207.46.13.39 - - [10/Aug/2021:21:03:55 +0200] "GET /petit-prince-exupry-collection-p-51371.html HTTP/1.0" 200 73006 "-" "Mozilla/5.0 (compatible; bingbot/2.0; +http://www.bing.com/bingbot.htm)"
64.62.252.176 - - [10/Aug/2021:21:04:02 +0200] "GET /ceramic-chouchou-collection-p-54604.html HTTP/1.0" 200 72872 "-" "The Knowledge AI"
54.36.148.242 - - [10/Aug/2021:21:04:18 +0200] "GET /mobile-tealight-brown-patinated-metal-butterfly-heart-p-37208.html HTTP/1.0" 200 73143 "-" "Mozilla/5.0 (compatible; AhrefsBot/7.0; +http://ahrefs.com/robot/)"
185.191.171.3 - - [10/Aug/2021:21:04:23 +0200] "GET /umbrella-shaped-surfing-style-p-46508.html?action=add_product HTTP/1.0" 302 476 "-" "Mozilla/5.0 (compatible; SemrushBot/7~bl; +http://www.semrush.com/bot.html)"
207.46.13.127 - - [10/Aug/2021:21:04:24 +0200] "GET /kimmidoll-airi-canvas-wallet-p-31939.html HTTP/1.0" 200 72985 "-" "Mozilla/5.0 (compatible; bingbot/2.0; +http://www.bing.com/bingbot.htm)"
64.62.252.176 - - [10/Aug/2021:21:04:39 +0200] "GET /ceramic-henette-collection-p-54468.html HTTP/1.0" 200 72865 "-" "The Knowledge AI"
157.55.39.122 - - [10/Aug/2021:21:04:47 +0200] "GET /bmw-service-moneybox-p-37053.html HTTP/1.0" 301 72914 "-" "Mozilla/5.0 (compatible; bingbot/2.0; +http://www.bing.com/bingbot.htm)"
207.46.13.39 - - [10/Aug/2021:21:05:05 +0200] "GET /-p-35638.html HTTP/1.0" 200 70200 "-" "Mozilla/5.0 (compatible; bingbot/2.0; +http://www.bing.com/bingbot.htm)"
64.62.252.176 - - [10/Aug/2021:21:05:07 +0200] "GET /ceramic-paula-collection-p-54470.html HTTP/1.0" 200 72852 "-" "The Knowledge AI"
207.46.13.175 - - [10/Aug/2021:21:05:21 +0200] "GET /-p-22818.html HTTP/1.0" 200 70200 "-" "Mozilla/5.0 (compatible; bingbot/2.0; +http://www.bing.com/bingbot.htm)"
185.191.171.38 - - [10/Aug/2021:21:05:26 +0200] "GET /brass-compass-ornament-efiltower-france-p-47452.html HTTP/1.0" 200 73594 "-" "Mozilla/5.0 (compatible; SemrushBot/7~bl; +http://www.semrush.com/bot.html)"
64.62.252.176 - - [10/Aug/2021:21:05:30 +0200] "GET /egg-cup-p-40823.html HTTP/1.0" 200 72680 "-" "The Knowledge AI"
54.36.148.242 - - [10/Aug/2021:21:05:42 +0200] "GET /areu-table-lamp-gold-metal-p-54594.html HTTP/1.0" 200 73644 "-" "Mozilla/5.0 (compatible; AhrefsBot/7.0; +http://ahrefs.com/robot/)"
64.62.252.176 - - [10/Aug/2021:21:05:50 +0200] "GET /egg-cup-p-40824.html HTTP/1.0" 200 72680 "-" "The Knowledge AI"
157.55.39.51 - - [10/Aug/2021:21:06:07 +0200] "GET /images/big_prod/1328399219629.jpg HTTP/1.0" 200 268 "-" "Mozilla/5.0 (compatible; bingbot/2.0; +http://www.bing.com/bingbot.htm)"
64.62.252.176 - - [10/Aug/2021:21:06:09 +0200] "GET /egg-cup-p-40825.html HTTP/1.0" 200 72681 "-" "The Knowledge AI"
207.46.13.127 - - [10/Aug/2021:21:06:24 +0200] "GET /-p-22835.html HTTP/1.0" 200 70200 "-" "Mozilla/5.0 (compatible; bingbot/2.0; +http://www.bing.com/bingbot.htm)"
185.191.171.23 - - [10/Aug/2021:21:06:53 +0200] "GET /little-buddha-collection-keychain-green-p-46073.html?action=add_product HTTP/1.0" 302 476 "-" "Mozilla/5.0 (compatible; SemrushBot/7~bl; +http://www.semrush.com/bot.html)"
54.36.148.242 - - [10/Aug/2021:21:07:09 +0200] "GET /petit-akio-night-light-tree-p-46404.html HTTP/1.0" 200 73982 "-" "Mozilla/5.0 (compatible; AhrefsBot/7.0; +http://ahrefs.com/robot/)"
185.191.171.12 - - [10/Aug/2021:21:07:15 +0200] "GET /louise-flower-p-51555.html HTTP/1.0" 200 70250 "-" "Mozilla/5.0 (compatible; SemrushBot/7~bl; +http://www.semrush.com/bot.html)"
54.36.148.250 - - [10/Aug/2021:21:07:22 +0200] "GET /transformers-bumblebee-robot-p-29869.html HTTP/1.0" 301 70267 "-" "Mozilla/5.0 (compatible; AhrefsBot/7.0; +http://ahrefs.com/robot/)"
157.55.39.156 - - [10/Aug/2021:21:07:43 +0200] "GET /resin-skull-ashtray-p-30011.html HTTP/1.0" 200 72781 "-" "Mozilla/5.0 (compatible; bingbot/2.0; +http://www.bing.com/bingbot.htm)"
207.46.13.127 - - [10/Aug/2021:21:07:45 +0200] "GET /feng-shui-flower-life-champagne-coloured-p-53469.html HTTP/1.0" 200 73793 "-" "Mozilla/5.0 (compatible; bingbot/2.0; +http://www.bing.com/bingbot.htm)"
207.46.13.101 - - [10/Aug/2021:21:07:47 +0200] "GET /funky-dolls-small-jewelry-box-p-18878.html HTTP/1.0" 301 70420 "-" "Mozilla/5.0 (compatible; bingbot/2.0; +http://www.bing.com/bingbot.htm)"
185.191.171.43 - - [10/Aug/2021:21:07:51 +0200] "GET /home-decoration-c-13.html?page=88 HTTP/1.0" 200 93813 "-" "Mozilla/5.0 (compatible; SemrushBot/7~bl; +http://www.semrush.com/bot.html)"
157.55.39.122 - - [10/Aug/2021:21:07:57 +0200] "GET /-p-31797.html HTTP/1.0" 200 70200 "-" "Mozilla/5.0 (compatible; bingbot/2.0; +http://www.bing.com/bingbot.htm)"
185.191.171.20 - - [10/Aug/2021:21:07:58 +0200] "GET /gaston-kitchen-towel-45-60-cm-p-52683.html HTTP/1.0" 301 72952 "-" "Mozilla/5.0 (compatible; SemrushBot/7~bl; +http://www.semrush.com/bot.html)"
185.191.171.4 - - [10/Aug/2021:21:08:00 +0200] "GET /gaston-kitchen-towel-p-52683.html HTTP/1.0" 200 72865 "-" "Mozilla/5.0 (compatible; SemrushBot/7~bl; +http://www.semrush.com/bot.html)"
157.55.39.51 - - [10/Aug/2021:21:08:01 +0200] "GET /stop-sign-metal-plate-deco-p-35654.html HTTP/1.0" 200 72880 "-" "Mozilla/5.0 (compatible; bingbot/2.0; +http://www.bing.com/bingbot.htm)"
51.68.224.127 - - [10/Aug/2021:21:08:18 +0200] "GET /adminweb/export_orders_xml.php?token=256de2z6edz6ed2z6DFSFsed2zed6zeDSFDSGdzedezfzf&maxorders=10&orderstart=1&status=14&start_date=2018-10-01 HTTP/1.0" 200 285 "-" "GesCom CharlotteBoutik Serveur"
51.68.224.127 - - [10/Aug/2021:21:08:18 +0200] "GET /adminweb/export_orders_xml.php?token=256de2z6edz6ed2z6DFSFsed2zed6zeDSFDSGdzedezfzf&maxorders=10&orderstart=1&status=6&start_date=2018-10-01 HTTP/1.0" 200 28601 "-" "GesCom CharlotteBoutik Serveur"
207.46.13.175 - - [10/Aug/2021:21:08:21 +0200] "GET /clapper-clock-p-32612.html HTTP/1.0" 200 72888 "-" "Mozilla/5.0 (compatible; bingbot/2.0; +http://www.bing.com/bingbot.htm)"
64.62.252.176 - - [10/Aug/2021:21:08:21 +0200] "GET /robots.txt HTTP/1.0" 200 245 "-" "The Knowledge AI"
54.36.148.242 - - [10/Aug/2021:21:08:29 +0200] "GET /angel-rose-quartz-p-45474.html HTTP/1.0" 200 73602 "-" "Mozilla/5.0 (compatible; AhrefsBot/7.0; +http://ahrefs.com/robot/)"
64.62.252.176 - - [10/Aug/2021:21:08:34 +0200] "GET /egg-cup-p-40826.html HTTP/1.0" 200 72680 "-" "The Knowledge AI"
157.55.39.51 - - [10/Aug/2021:21:08:38 +0200] "GET /johnny-hallyday-zippo-lighter-p-49856.html HTTP/1.0" 200 73963 "-" "Mozilla/5.0 (compatible; bingbot/2.0; +http://www.bing.com/bingbot.htm)"
66.249.66.220 - - [10/Aug/2021:21:08:44 +0200] "GET /specials.php?page=17 HTTP/1.0" 200 125990 "-" "Mozilla/5.0 (compatible; Googlebot/2.1; +http://www.google.com/bot.html)"
64.62.252.176 - - [10/Aug/2021:21:08:50 +0200] "GET /ceramic-meow-collection-p-54473.html HTTP/1.0" 200 72852 "-" "The Knowledge AI"
110.249.202.223 - - [10/Aug/2021:21:08:57 +0200] "GET /glass-lamp-p-53104.html HTTP/1.0" 200 73514 "-" "Mozilla/5.0 (Linux; Android 5.0) AppleWebKit/537.36 (KHTML, like Gecko) Mobile Safari/537.36 (compatible; Bytespider; https://zhanzhang.toutiao.com/)"
110.249.202.225 - - [10/Aug/2021:21:08:58 +0200] "GET /swfobject.js HTTP/1.0" 404 1308 "http://www.wonder-geek.com/glass-lamp-p-53104.html" "Mozilla/5.0 (Linux; Android 5.0) AppleWebKit/537.36 (KHTML, like Gecko) Mobile Safari/537.36 (compatible; Bytespider; https://zhanzhang.toutiao.com/)"
110.249.202.228 - - [10/Aug/2021:21:09:00 +0200] "GET /images/big_prod_2/8424346356560C.jpg HTTP/1.0" 200 271 "http://www.wonder-geek.com/glass-lamp-p-53104.html" "Mozilla/5.0 (Linux; Android 5.0) AppleWebKit/537.36 (KHTML, like Gecko) Mobile Safari/537.36 (compatible; Bytespider; https://zhanzhang.toutiao.com/)"
110.249.202.220 - - [10/Aug/2021:21:09:00 +0200] "GET /images/big_prod_1/8424346356560B.jpg HTTP/1.0" 200 271 "http://www.wonder-geek.com/glass-lamp-p-53104.html" "Mozilla/5.0 (Linux; Android 5.0) AppleWebKit/537.36 (KHTML, like Gecko) Mobile Safari/537.36 (compatible; Bytespider; https://zhanzhang.toutiao.com/)"
110.249.202.210 - - [10/Aug/2021:21:09:01 +0200] "GET /images/big_prod/8424346356560.jpg HTTP/1.0" 200 268 "http://www.wonder-geek.com/glass-lamp-p-53104.html" "Mozilla/5.0 (Linux; Android 5.0) AppleWebKit/537.36 (KHTML, like Gecko) Mobile Safari/537.36 (compatible; Bytespider; https://zhanzhang.toutiao.com/)"
110.249.202.220 - - [10/Aug/2021:21:09:01 +0200] "GET /highslide/graphics/zoomout.cur HTTP/1.0" 200 614 "http://www.wonder-geek.com/glass-lamp-p-53104.html" "Mozilla/5.0 (Linux; Android 5.0) AppleWebKit/537.36 (KHTML, like Gecko) Mobile Safari/537.36 (compatible; Bytespider; https://zhanzhang.toutiao.com/)"
64.62.252.176 - - [10/Aug/2021:21:09:14 +0200] "GET /ceramic-meow-collection-p-54475.html HTTP/1.0" 200 72852 "-" "The Knowledge AI"
185.191.171.26 - - [10/Aug/2021:21:09:14 +0200] "GET /robots.txt HTTP/1.0" 200 245 "-" "Mozilla/5.0 (compatible; SemrushBot/7~bl; +http://www.semrush.com/bot.html)"
185.191.171.19 - - [10/Aug/2021:21:09:15 +0200] "GET /bedspread-boutis-pillowcases-p-53278.html?action=add_product HTTP/1.0" 302 476 "-" "Mozilla/5.0 (compatible; SemrushBot/7~bl; +http://www.semrush.com/bot.html)"
207.46.13.39 - - [10/Aug/2021:21:09:16 +0200] "GET /-p-13174.html HTTP/1.0" 200 70200 "-" "Mozilla/5.0 (compatible; bingbot/2.0; +http://www.bing.com/bingbot.htm)"
157.55.39.44 - - [10/Aug/2021:21:09:22 +0200] "GET /camargue-potholder-p-43820.html HTTP/1.0" 200 72838 "-" "Mozilla/5.0 (compatible; bingbot/2.0; +http://www.bing.com/bingbot.htm)"
64.62.252.176 - - [10/Aug/2021:21:09:26 +0200] "GET /ceramic-with-spoon-gisele-collection-p-52666.html HTTP/1.0" 200 72935 "-" "The Knowledge AI"
54.36.148.139 - - [10/Aug/2021:21:09:36 +0200] "GET /tinted-candle-in-the-mass-brown-color-p-48923.html HTTP/1.0" 301 73020 "-" "Mozilla/5.0 (compatible; AhrefsBot/7.0; +http://ahrefs.com/robot/)"
185.191.171.13 - - [10/Aug/2021:21:09:36 +0200] "GET /wood-light-wood-p-55053.html HTTP/1.0" 200 75144 "-" "Mozilla/5.0 (compatible; SemrushBot/7~bl; +http://www.semrush.com/bot.html)"
64.62.252.176 - - [10/Aug/2021:21:09:39 +0200] "GET /ceramic-with-spoon-magalli-collection-p-52667.html HTTP/1.0" 200 72942 "-" "The Knowledge AI"
64.62.252.176 - - [10/Aug/2021:21:09:53 +0200] "GET /ceramic-with-spoon-melanie-collection-p-54469.html HTTP/1.0" 200 72942 "-" "The Knowledge AI"
54.36.148.242 - - [10/Aug/2021:21:09:56 +0200] "GET /angel-zebra-amethyst-p-47527.html HTTP/1.0" 200 73630 "-" "Mozilla/5.0 (compatible; AhrefsBot/7.0; +http://ahrefs.com/robot/)"
64.62.252.176 - - [10/Aug/2021:21:10:05 +0200] "GET /ceramic-with-spoon-simone-collection-p-54471.html HTTP/1.0" 200 72935 "-" "The Knowledge AI"
207.46.13.175 - - [10/Aug/2021:21:10:11 +0200] "GET /rhum-metal-plate-deco-p-51753.html HTTP/1.0" 200 73397 "-" "Mozilla/5.0 (compatible; bingbot/2.0; +http://www.bing.com/bingbot.htm)"
157.55.39.51 - - [10/Aug/2021:21:10:18 +0200] "GET /-p-35289.html HTTP/1.0" 200 70200 "-" "Mozilla/5.0 (compatible; bingbot/2.0; +http://www.bing.com/bingbot.htm)"
64.62.252.176 - - [10/Aug/2021:21:10:18 +0200] "GET /ceramic-with-spoon-pachat-collection-p-54477.html HTTP/1.0" 200 72935 "-" "The Knowledge AI"
185.191.171.34 - - [10/Aug/2021:21:10:19 +0200] "GET /wyatt-gund-plush-p-34523.html HTTP/1.0" 200 73189 "-" "Mozilla/5.0 (compatible; SemrushBot/7~bl; +http://www.semrush.com/bot.html)"
207.46.13.175 - - [10/Aug/2021:21:10:22 +0200] "GET /fine-porcelain-saucer-p-55477.html HTTP/1.0" 200 73116 "-" "Mozilla/5.0 (compatible; bingbot/2.0; +http://www.bing.com/bingbot.htm)"
64.62.252.176 - - [10/Aug/2021:21:10:31 +0200] "GET /french-bulldog-eggcup-p-33470.html HTTP/1.0" 200 72779 "-" "The Knowledge AI"
64.62.252.176 - - [10/Aug/2021:21:10:43 +0200] "GET /retro-coffee-ceramic-cups-p-55440.html HTTP/1.0" 200 73655 "-" "The Knowledge AI"
64.62.252.176 - - [10/Aug/2021:21:10:54 +0200] "GET /eggcups-made-germany-tassen-p-43319.html HTTP/1.0" 200 72999 "-" "The Knowledge AI"
64.62.252.176 - - [10/Aug/2021:21:11:07 +0200] "GET /gray-metal-flask-p-54983.html HTTP/1.0" 200 73408 "-" "The Knowledge AI"
54.36.148.242 - - [10/Aug/2021:21:11:10 +0200] "GET /despecable-keyring-p-33477.html HTTP/1.0" 200 72912 "-" "Mozilla/5.0 (compatible; AhrefsBot/7.0; +http://ahrefs.com/robot/)"
66.249.66.216 - - [10/Aug/2021:21:11:16 +0200] "GET /decorations-and-furnishings/mouse-pad/calimero-virus-mouse-pad-p-10929.html HTTP/1.0" 301 72879 "-" "Mozilla/5.0 (Linux; Android 6.0.1; Nexus 5X Build/MMB29P) AppleWebKit/537.36 (KHTML, like Gecko) Chrome/92.0.4515.119 Mobile Safari/537.36 (compatible; Googlebot/2.1; +http://www.google.com/bot.html)"
157.55.39.51 - - [10/Aug/2021:21:11:16 +0200] "GET /-p-12860.html HTTP/1.0" 200 70200 "-" "Mozilla/5.0 (compatible; bingbot/2.0; +http://www.bing.com/bingbot.htm)"
66.249.66.216 - - [10/Aug/2021:21:11:16 +0200] "GET /calimero-mousepad-p-10929.html HTTP/1.0" 200 72795 "-" "Mozilla/5.0 (Linux; Android 6.0.1; Nexus 5X Build/MMB29P) AppleWebKit/537.36 (KHTML, like Gecko) Chrome/92.0.4515.119 Mobile Safari/537.36 (compatible; Googlebot/2.1; +http://www.google.com/bot.html)"
64.62.252.176 - - [10/Aug/2021:21:11:20 +0200] "GET /black-metal-flask-bourbon-p-37761.html HTTP/1.0" 200 72864 "-" "The Knowledge AI"
185.191.171.23 - - [10/Aug/2021:21:11:25 +0200] "GET /arabica-oven-mitt-p-52682.html?action=add_product HTTP/1.0" 302 476 "-" "Mozilla/5.0 (compatible; SemrushBot/7~bl; +http://www.semrush.com/bot.html)"
64.62.252.176 - - [10/Aug/2021:21:11:33 +0200] "GET /black-metal-flask-scotch-p-37759.html HTTP/1.0" 200 72856 "-" "The Knowledge AI"
64.62.252.176 - - [10/Aug/2021:21:11:52 +0200] "GET /black-metal-flask-whiskey-p-37762.html HTTP/1.0" 200 72864 "-" "The Knowledge AI"
64.62.252.176 - - [10/Aug/2021:21:12:05 +0200] "GET /flask-metal-cork-p-46677.html HTTP/1.0" 200 73405 "-" "The Knowledge AI"
64.62.252.176 - - [10/Aug/2021:21:12:17 +0200] "GET /gray-metal-flask-p-54982.html HTTP/1.0" 200 73358 "-" "The Knowledge AI"
185.191.171.8 - - [10/Aug/2021:21:12:20 +0200] "GET /-p-33087.html?action=add_product HTTP/1.0" 302 476 "-" "Mozilla/5.0 (compatible; SemrushBot/7~bl; +http://www.semrush.com/bot.html)"
64.62.252.176 - - [10/Aug/2021:21:12:28 +0200] "GET /metal-flask-aperophiles-p-48468.html HTTP/1.0" 200 73467 "-" "The Knowledge AI"
157.55.39.156 - - [10/Aug/2021:21:12:34 +0200] "GET /-p-22543.html HTTP/1.0" 200 70200 "-" "Mozilla/5.0 (compatible; bingbot/2.0; +http://www.bing.com/bingbot.htm)"
157.55.39.156 - - [10/Aug/2021:21:12:36 +0200] "GET /-p-15456.html HTTP/1.0" 200 70200 "-" "Mozilla/5.0 (compatible; bingbot/2.0; +http://www.bing.com/bingbot.htm)"
54.36.148.242 - - [10/Aug/2021:21:12:38 +0200] "GET /decorative-pelican-statue-p-53810.html HTTP/1.0" 200 72932 "-" "Mozilla/5.0 (compatible; AhrefsBot/7.0; +http://ahrefs.com/robot/)"
64.62.252.176 - - [10/Aug/2021:21:12:41 +0200] "GET /metal-flask-whisky-p-48469.html HTTP/1.0" 200 73394 "-" "The Knowledge AI"
207.46.13.175 - - [10/Aug/2021:21:12:41 +0200] "GET /mini-notebook-white-brown-horse-p-26211.html HTTP/1.0" 200 72934 "-" "Mozilla/5.0 (compatible; bingbot/2.0; +http://www.bing.com/bingbot.htm)"
157.55.39.122 - - [10/Aug/2021:21:12:46 +0200] "GET /chairs-and-stools-c-13_207.html HTTP/1.0" 301 79611 "-" "Mozilla/5.0 (compatible; bingbot/2.0; +http://www.bing.com/bingbot.htm)"
157.55.39.122 - - [10/Aug/2021:21:12:47 +0200] "GET /-p-4176.html HTTP/1.0" 200 70198 "-" "Mozilla/5.0 (compatible; bingbot/2.0; +http://www.bing.com/bingbot.htm)"
157.55.39.122 - - [10/Aug/2021:21:12:48 +0200] "GET /-p-15534.html HTTP/1.0" 200 70200 "-" "Mozilla/5.0 (compatible; bingbot/2.0; +http://www.bing.com/bingbot.htm)"
64.62.252.176 - - [10/Aug/2021:21:12:54 +0200] "GET /flatwares-c-12_63.html?page=2 HTTP/1.0" 200 79793 "-" "The Knowledge AI"
185.191.171.33 - - [10/Aug/2021:21:12:57 +0200] "GET /wise-wings-glasses-case-p-51857.html HTTP/1.0" 200 73241 "-" "Mozilla/5.0 (compatible; SemrushBot/7~bl; +http://www.semrush.com/bot.html)"
157.55.39.44 - - [10/Aug/2021:21:13:02 +0200] "GET /-p-23391.html HTTP/1.0" 200 70200 "-" "Mozilla/5.0 (compatible; bingbot/2.0; +http://www.bing.com/bingbot.htm)"
185.191.171.34 - - [10/Aug/2021:21:13:03 +0200] "GET /super-pusheenicorn-33-cm-p-44589.html HTTP/1.0" 301 73271 "-" "Mozilla/5.0 (compatible; SemrushBot/7~bl; +http://www.semrush.com/bot.html)"
185.191.171.14 - - [10/Aug/2021:21:13:05 +0200] "GET /super-pusheenicorn-p-44589.html HTTP/1.0" 200 73186 "-" "Mozilla/5.0 (compatible; SemrushBot/7~bl; +http://www.semrush.com/bot.html)"
64.62.252.176 - - [10/Aug/2021:21:13:06 +0200] "GET /jasmin-dessert-spoon-p-32024.html HTTP/1.0" 200 72805 "-" "The Knowledge AI"
185.191.171.36 - - [10/Aug/2021:21:13:08 +0200] "GET /large-candle-hours-simply-mulberry-p-53883.html?action=add_product HTTP/1.0" 302 476 "-" "Mozilla/5.0 (compatible; SemrushBot/7~bl; +http://www.semrush.com/bot.html)"
54.36.148.243 - - [10/Aug/2021:21:13:09 +0200] "GET /monkey-velvet-cushion-cover-45-45-cm-safran-p-48734.html HTTP/1.0" 301 70267 "-" "Mozilla/5.0 (compatible; AhrefsBot/7.0; +http://ahrefs.com/robot/)"
207.46.13.175 - - [10/Aug/2021:21:13:11 +0200] "GET /-p-12831.html HTTP/1.0" 200 70200 "-" "Mozilla/5.0 (compatible; bingbot/2.0; +http://www.bing.com/bingbot.htm)"
64.62.252.176 - - [10/Aug/2021:21:13:18 +0200] "GET /birds-palette-knife-p-41593.html HTTP/1.0" 200 72766 "-" "The Knowledge AI"
64.62.252.176 - - [10/Aug/2021:21:13:30 +0200] "GET /palette-knife-p-41592.html HTTP/1.0" 200 72742 "-" "The Knowledge AI"
185.191.171.9 - - [10/Aug/2021:21:13:35 +0200] "GET /the-lion-king-bedclothes-140-200-cm-p-49666.html HTTP/1.0" 301 70267 "-" "Mozilla/5.0 (compatible; SemrushBot/7~bl; +http://www.semrush.com/bot.html)"
185.191.171.14 - - [10/Aug/2021:21:13:38 +0200] "GET /-p-49666.html HTTP/1.0" 200 70200 "-" "Mozilla/5.0 (compatible; SemrushBot/7~bl; +http://www.semrush.com/bot.html)"
64.62.252.176 - - [10/Aug/2021:21:13:43 +0200] "GET /pineapple-palette-knife-p-41594.html HTTP/1.0" 200 72798 "-" "The Knowledge AI"
64.62.252.176 - - [10/Aug/2021:21:13:55 +0200] "GET /jake-never-land-pirates-toddler-flatware-p-27545.html HTTP/1.0" 200 73081 "-" "The Knowledge AI"
64.62.252.176 - - [10/Aug/2021:21:14:07 +0200] "GET /planes-toddler-flatware-p-25914.html HTTP/1.0" 200 72844 "-" "The Knowledge AI"
157.55.39.156 - - [10/Aug/2021:21:14:14 +0200] "GET /-p-34583.html HTTP/1.0" 200 70200 "-" "Mozilla/5.0 (compatible; bingbot/2.0; +http://www.bing.com/bingbot.htm)"
54.36.148.242 - - [10/Aug/2021:21:14:15 +0200] "GET /microfibre-base-cover-light-brown-p-47979.html HTTP/1.0" 200 73040 "-" "Mozilla/5.0 (compatible; AhrefsBot/7.0; +http://ahrefs.com/robot/)"
64.62.252.176 - - [10/Aug/2021:21:14:19 +0200] "GET /smurf-toddler-flatware-p-27536.html HTTP/1.0" 200 72857 "-" "The Knowledge AI"
185.191.171.36 - - [10/Aug/2021:21:14:21 +0200] "GET /zodiac-high-ceramic-p-30784.html HTTP/1.0" 200 72792 "-" "Mozilla/5.0 (compatible; SemrushBot/7~bl; +http://www.semrush.com/bot.html)"
64.62.252.176 - - [10/Aug/2021:21:14:31 +0200] "GET /spongebob-toddler-flatware-p-231.html HTTP/1.0" 200 72869 "-" "The Knowledge AI"
66.249.66.218 - - [10/Aug/2021:21:14:36 +0200] "GET /array-m-7.html?page=2 HTTP/1.0" 200 88306 "-" "Mozilla/5.0 (Linux; Android 6.0.1; Nexus 5X Build/MMB29P) AppleWebKit/537.36 (KHTML, like Gecko) Chrome/92.0.4515.119 Mobile Safari/537.36 (compatible; Googlebot/2.1; +http://www.google.com/bot.html)"
64.62.252.176 - - [10/Aug/2021:21:14:43 +0200] "GET /hello-kitty-flatware-p-259.html HTTP/1.0" 200 72801 "-" "The Knowledge AI"
157.55.39.5 - - [10/Aug/2021:21:15:11 +0200] "GET /frida-khalo-round-presentation-dish-model-p-49541.html HTTP/1.0" 200 73113 "-" "Mozilla/5.0 (compatible; bingbot/2.0; +http://www.bing.com/bingbot.htm)"
207.46.13.39 - - [10/Aug/2021:21:15:37 +0200] "GET /fiers-etre-marseillais-blue-track-jacket-p-29914.html HTTP/1.0" 200 74295 "-" "Mozilla/5.0 (compatible; bingbot/2.0; +http://www.bing.com/bingbot.htm)"
54.36.148.242 - - [10/Aug/2021:21:15:39 +0200] "GET /deco-soapstone-tree-life-green-p-53787.html HTTP/1.0" 200 73776 "-" "Mozilla/5.0 (compatible; AhrefsBot/7.0; +http://ahrefs.com/robot/)"
157.55.39.156 - - [10/Aug/2021:21:15:54 +0200] "GET /cats-shadow-door-plate-toilet-p-46411.html HTTP/1.0" 200 72921 "-" "Mozilla/5.0 (compatible; bingbot/2.0; +http://www.bing.com/bingbot.htm)"
66.249.66.216 - - [10/Aug/2021:21:16:14 +0200] "GET /winnie-toddler-flatware-p-20354.html HTTP/1.0" 200 72818 "-" "Mozilla/5.0 (compatible; Googlebot/2.1; +http://www.google.com/bot.html)"
185.191.171.37 - - [10/Aug/2021:21:16:17 +0200] "GET /blue-brown-cement-lamp-p-55603.html?action=add_product HTTP/1.0" 302 476 "-" "Mozilla/5.0 (compatible; SemrushBot/7~bl; +http://www.semrush.com/bot.html)"
157.55.39.51 - - [10/Aug/2021:21:16:18 +0200] "GET /lois-jean-manufacturer-wallet-p-38161.html HTTP/1.0" 200 73655 "-" "Mozilla/5.0 (compatible; bingbot/2.0; +http://www.bing.com/bingbot.htm)"
207.46.13.127 - - [10/Aug/2021:21:16:25 +0200] "GET /-p-26061.html HTTP/1.0" 200 70200 "-" "Mozilla/5.0 (compatible; bingbot/2.0; +http://www.bing.com/bingbot.htm)"
157.55.39.156 - - [10/Aug/2021:21:16:36 +0200] "GET /-p-44341.html HTTP/1.0" 200 70200 "-" "Mozilla/5.0 (compatible; bingbot/2.0; +http://www.bing.com/bingbot.htm)"
157.55.39.51 - - [10/Aug/2021:21:16:40 +0200] "GET /acdc-covers-poster-p-36700.html HTTP/1.0" 200 72821 "-" "Mozilla/5.0 (compatible; bingbot/2.0; +http://www.bing.com/bingbot.htm)"
54.36.148.242 - - [10/Aug/2021:21:17:16 +0200] "GET /petit-akio-night-light-dino-p-46407.html HTTP/1.0" 200 73982 "-" "Mozilla/5.0 (compatible; AhrefsBot/7.0; +http://ahrefs.com/robot/)"
185.191.171.4 - - [10/Aug/2021:21:18:04 +0200] "GET /mandala-sun-key-box-in-white-stained-wood-20-26-cm-p-49119.html HTTP/1.0" 301 70447 "-" "Mozilla/5.0 (compatible; SemrushBot/7~bl; +http://www.semrush.com/bot.html)"
185.191.171.11 - - [10/Aug/2021:21:18:06 +0200] "GET /mandala-white-stained-wood-p-49119.html HTTP/1.0" 200 70354 "-" "Mozilla/5.0 (compatible; SemrushBot/7~bl; +http://www.semrush.com/bot.html)"
147.92.153.7 - - [10/Aug/2021:21:18:08 +0200] "GET /jackets-coats-parkas-c-1_27.html HTTP/1.0" 200 83441 "-" "Mozilla/5.0 (compatible; Linespider/1.1; +https://lin.ee/4dwXkTH)"
207.46.13.175 - - [10/Aug/2021:21:18:22 +0200] "GET /blue-distributor-p-50101.html HTTP/1.0" 200 72954 "-" "Mozilla/5.0 (compatible; bingbot/2.0; +http://www.bing.com/bingbot.htm)"
185.191.171.26 - - [10/Aug/2021:21:18:22 +0200] "GET /metal-beer-bucket-p-44738.html HTTP/1.0" 200 72793 "-" "Mozilla/5.0 (compatible; SemrushBot/7~bl; +http://www.semrush.com/bot.html)"
185.191.171.39 - - [10/Aug/2021:21:18:25 +0200] "GET /home-and-decoration-c-13.html?page=206 HTTP/1.0" 301 92556 "-" "Mozilla/5.0 (compatible; SemrushBot/7~bl; +http://www.semrush.com/bot.html)"
185.191.171.18 - - [10/Aug/2021:21:18:28 +0200] "GET /home-decoration-c-13.html?page=206 HTTP/1.0" 200 92468 "-" "Mozilla/5.0 (compatible; SemrushBot/7~bl; +http://www.semrush.com/bot.html)"
157.55.39.122 - - [10/Aug/2021:21:18:37 +0200] "GET /coca-cola-small-metal-plate-p-27978.html HTTP/1.0" 200 72901 "-" "Mozilla/5.0 (compatible; bingbot/2.0; +http://www.bing.com/bingbot.htm)"
54.36.148.57 - - [10/Aug/2021:21:18:40 +0200] "GET /horse-jewelry-box-p-49356.html HTTP/1.0" 301 73040 "-" "Mozilla/5.0 (compatible; AhrefsBot/7.0; +http://ahrefs.com/robot/)"
54.36.148.242 - - [10/Aug/2021:21:18:41 +0200] "GET /good-morning-ceramic-breakfast-bowl-brown-p-55022.html HTTP/1.0" 200 73513 "-" "Mozilla/5.0 (compatible; AhrefsBot/7.0; +http://ahrefs.com/robot/)"
64.62.252.176 - - [10/Aug/2021:21:18:48 +0200] "GET /winx-club-toddler-flatware-p-17136.html HTTP/1.0" 200 74125 "-" "The Knowledge AI"
110.249.202.196 - - [10/Aug/2021:21:18:52 +0200] "GET /ceramic-lamp-p-52409.html HTTP/1.0" 200 73615 "-" "Mozilla/5.0 (Linux; Android 5.0) AppleWebKit/537.36 (KHTML, like Gecko) Mobile Safari/537.36 (compatible; Bytespider; https://zhanzhang.toutiao.com/)"
110.249.202.192 - - [10/Aug/2021:21:18:53 +0200] "GET /swfobject.js HTTP/1.0" 404 1308 "http://www.wonder-geek.com/ceramic-lamp-p-52409.html" "Mozilla/5.0 (Linux; Android 5.0) AppleWebKit/537.36 (KHTML, like Gecko) Mobile Safari/537.36 (compatible; Bytespider; https://zhanzhang.toutiao.com/)"
110.249.202.192 - - [10/Aug/2021:21:18:53 +0200] "GET /images/big_prod_2/8424345292722C.jpg HTTP/1.0" 200 271 "http://www.wonder-geek.com/ceramic-lamp-p-52409.html" "Mozilla/5.0 (Linux; Android 5.0) AppleWebKit/537.36 (KHTML, like Gecko) Mobile Safari/537.36 (compatible; Bytespider; https://zhanzhang.toutiao.com/)"
110.249.202.203 - - [10/Aug/2021:21:18:53 +0200] "GET /images/big_prod_1/8424345292722B.jpg HTTP/1.0" 200 271 "http://www.wonder-geek.com/ceramic-lamp-p-52409.html" "Mozilla/5.0 (Linux; Android 5.0) AppleWebKit/537.36 (KHTML, like Gecko) Mobile Safari/537.36 (compatible; Bytespider; https://zhanzhang.toutiao.com/)"
110.249.202.198 - - [10/Aug/2021:21:18:54 +0200] "GET /highslide/graphics/zoomout.cur HTTP/1.0" 200 614 "http://www.wonder-geek.com/ceramic-lamp-p-52409.html" "Mozilla/5.0 (Linux; Android 5.0) AppleWebKit/537.36 (KHTML, like Gecko) Mobile Safari/537.36 (compatible; Bytespider; https://zhanzhang.toutiao.com/)"
110.249.202.193 - - [10/Aug/2021:21:18:54 +0200] "GET /images/big_prod/8424345292722.jpg HTTP/1.0" 200 268 "http://www.wonder-geek.com/ceramic-lamp-p-52409.html" "Mozilla/5.0 (Linux; Android 5.0) AppleWebKit/537.36 (KHTML, like Gecko) Mobile Safari/537.36 (compatible; Bytespider; https://zhanzhang.toutiao.com/)"
64.62.252.176 - - [10/Aug/2021:21:19:01 +0200] "GET /motorcycle-pizza-wheel-p-55607.html HTTP/1.0" 200 73668 "-" "The Knowledge AI"
64.62.252.176 - - [10/Aug/2021:21:19:19 +0200] "GET /cars-toddler-flatware-p-20357.html HTTP/1.0" 200 72783 "-" "The Knowledge AI"
64.62.252.176 - - [10/Aug/2021:21:19:31 +0200] "GET /jerry-toddler-flatware-p-14878.html HTTP/1.0" 200 73319 "-" "The Knowledge AI"
64.62.252.176 - - [10/Aug/2021:21:19:43 +0200] "GET /winnie-toddler-flatware-p-20354.html HTTP/1.0" 200 72818 "-" "The Knowledge AI"
207.46.13.39 - - [10/Aug/2021:21:19:47 +0200] "GET /-p-16820.html HTTP/1.0" 200 70200 "-" "Mozilla/5.0 (compatible; bingbot/2.0; +http://www.bing.com/bingbot.htm)"
64.62.252.176 - - [10/Aug/2021:21:19:55 +0200] "GET /bamboo-salad-servers-colibri-p-49564.html HTTP/1.0" 200 72916 "-" "The Knowledge AI"
93.158.161.67 - - [10/Aug/2021:21:20:07 +0200] "GET /images/med_prod/1384010184240.jpg HTTP/1.0" 200 268 "-" "Mozilla/5.0 (compatible; YandexImages/3.0; +http://yandex.com/bots)"
54.36.148.242 - - [10/Aug/2021:21:20:09 +0200] "GET /mini-earth-globe-decoration-p-50873.html HTTP/1.0" 200 73735 "-" "Mozilla/5.0 (compatible; AhrefsBot/7.0; +http://ahrefs.com/robot/)"
64.62.252.176 - - [10/Aug/2021:21:20:10 +0200] "GET /chocolates-spoons-p-24880.html HTTP/1.0" 200 74450 "-" "The Knowledge AI"
64.62.252.176 - - [10/Aug/2021:21:20:22 +0200] "GET /pizza-scooter-p-37829.html HTTP/1.0" 200 73363 "-" "The Knowledge AI"
207.46.13.175 - - [10/Aug/2021:21:20:32 +0200] "GET /-p-18667.html HTTP/1.0" 200 70200 "-" "Mozilla/5.0 (compatible; bingbot/2.0; +http://www.bing.com/bingbot.htm)"
216.244.66.242 - - [10/Aug/2021:21:20:33 +0200] "GET /robots.txt HTTP/1.0" 200 245 "-" "Mozilla/5.0 (compatible; DotBot/1.2; +https://opensiteexplorer.org/dotbot; help@moz.com)"
207.46.13.175 - - [10/Aug/2021:21:20:34 +0200] "GET /lavender-soap-dispenser-p-51395.html HTTP/1.0" 200 72881 "-" "Mozilla/5.0 (compatible; bingbot/2.0; +http://www.bing.com/bingbot.htm)"
64.62.252.176 - - [10/Aug/2021:21:20:36 +0200] "GET /stainless-steel-knife-secured-rescue-p-37495.html HTTP/1.0" 200 73701 "-" "The Knowledge AI"
64.62.252.176 - - [10/Aug/2021:21:20:49 +0200] "GET /elmer-toddler-flatware-p-4016.html HTTP/1.0" 200 72849 "-" "The Knowledge AI"
64.62.252.176 - - [10/Aug/2021:21:21:02 +0200] "GET /gardener-stainless-steel-knife-p-37496.html HTTP/1.0" 200 73578 "-" "The Knowledge AI"
66.249.66.216 - - [10/Aug/2021:21:21:13 +0200] "GET /images/big_prod/3609810057685.jpg HTTP/1.0" 200 268 "-" "Googlebot-Image/1.0"
64.62.252.176 - - [10/Aug/2021:21:21:16 +0200] "GET /glasses-drinking-c-12_62.html?page=2 HTTP/1.0" 200 91314 "-" "The Knowledge AI"
207.46.13.175 - - [10/Aug/2021:21:21:21 +0200] "GET /jasmin-large-cabas-rockabilly-p-39275.html HTTP/1.0" 200 70292 "-" "Mozilla/5.0 (compatible; bingbot/2.0; +http://www.bing.com/bingbot.htm)"
185.191.171.19 - - [10/Aug/2021:21:21:24 +0200] "GET /kimmidoll-vanity-collection-p-44105.html?action=add_product HTTP/1.0" 302 476 "-" "Mozilla/5.0 (compatible; SemrushBot/7~bl; +http://www.semrush.com/bot.html)"
207.46.13.101 - - [10/Aug/2021:21:21:26 +0200] "GET /disney-m-20.html HTTP/1.0" 200 89790 "-" "Mozilla/5.0 (compatible; bingbot/2.0; +http://www.bing.com/bingbot.htm)"
207.46.13.101 - - [10/Aug/2021:21:21:28 +0200] "GET /-p-37770.html HTTP/1.0" 200 70200 "-" "Mozilla/5.0 (compatible; bingbot/2.0; +http://www.bing.com/bingbot.htm)"
64.62.252.176 - - [10/Aug/2021:21:21:30 +0200] "GET /glasses-drinking-c-12_62.html?page=3 HTTP/1.0" 200 91187 "-" "The Knowledge AI"
54.36.148.242 - - [10/Aug/2021:21:21:31 +0200] "GET /bookmark-lenticular-p-19156.html HTTP/1.0" 200 72991 "-" "Mozilla/5.0 (compatible; AhrefsBot/7.0; +http://ahrefs.com/robot/)"
185.191.171.5 - - [10/Aug/2021:21:21:44 +0200] "GET /support-metal-bottle-guitarist-p-41012.html HTTP/1.0" 200 73003 "-" "Mozilla/5.0 (compatible; SemrushBot/7~bl; +http://www.semrush.com/bot.html)"
64.62.252.176 - - [10/Aug/2021:21:21:56 +0200] "GET /glasses-drinking-c-12_62.html?page=4 HTTP/1.0" 200 81291 "-" "The Knowledge AI"
64.62.252.176 - - [10/Aug/2021:21:22:07 +0200] "GET /corsica-shooter-p-48510.html HTTP/1.0" 200 72756 "-" "The Knowledge AI"
64.62.252.176 - - [10/Aug/2021:21:22:19 +0200] "GET /corsica-shooter-p-48511.html HTTP/1.0" 200 72756 "-" "The Knowledge AI"
185.191.171.3 - - [10/Aug/2021:21:22:24 +0200] "GET /volkswagen-coccinelles-large-metal-plate-p-15206.html?action=add_product HTTP/1.0" 302 476 "-" "Mozilla/5.0 (compatible; SemrushBot/7~bl; +http://www.semrush.com/bot.html)"
64.62.252.176 - - [10/Aug/2021:21:22:31 +0200] "GET /corsica-shooter-p-48512.html HTTP/1.0" 200 72757 "-" "The Knowledge AI"
64.62.252.176 - - [10/Aug/2021:21:22:45 +0200] "GET /disney-mcstuffins-fruit-juice-glass-p-28183.html HTTP/1.0" 200 72981 "-" "The Knowledge AI"
64.62.252.176 - - [10/Aug/2021:21:22:57 +0200] "GET /disney-planes-fruit-juice-glasses-p-24533.html HTTP/1.0" 200 72922 "-" "The Knowledge AI"
54.36.148.242 - - [10/Aug/2021:21:22:58 +0200] "GET /rectangular-signboard-arrow-wood-model-p-45478.html HTTP/1.0" 200 73017 "-" "Mozilla/5.0 (compatible; AhrefsBot/7.0; +http://ahrefs.com/robot/)"
207.46.13.127 - - [10/Aug/2021:21:23:05 +0200] "GET /frozen-flat-pocket-p-34132.html HTTP/1.0" 200 72903 "-" "Mozilla/5.0 (compatible; bingbot/2.0; +http://www.bing.com/bingbot.htm)"
64.62.252.176 - - [10/Aug/2021:21:23:09 +0200] "GET /paris-shooter-p-30710.html HTTP/1.0" 200 72771 "-" "The Knowledge AI"
64.62.252.176 - - [10/Aug/2021:21:23:20 +0200] "GET /triskel-shooter-p-46326.html HTTP/1.0" 200 72757 "-" "The Knowledge AI"
157.55.39.44 - - [10/Aug/2021:21:23:23 +0200] "GET /-p-3608.html HTTP/1.0" 200 70198 "-" "Mozilla/5.0 (compatible; bingbot/2.0; +http://www.bing.com/bingbot.htm)"
64.62.252.176 - - [10/Aug/2021:21:23:33 +0200] "GET /triskel-shooter-p-46327.html HTTP/1.0" 200 72757 "-" "The Knowledge AI"
66.249.66.216 - - [10/Aug/2021:21:23:44 +0200] "GET /caramel-double-pencil-case-blue-wolf-p-55646.html HTTP/1.0" 200 73795 "-" "Mozilla/5.0 (compatible; Googlebot/2.1; +http://www.google.com/bot.html)"
64.62.252.176 - - [10/Aug/2021:21:23:46 +0200] "GET /triskel-shooter-p-46328.html HTTP/1.0" 200 72756 "-" "The Knowledge AI"
64.62.252.176 - - [10/Aug/2021:21:23:58 +0200] "GET /shooter-mona-lisa-p-38614.html HTTP/1.0" 200 72789 "-" "The Knowledge AI"
66.249.93.25 - - [10/Aug/2021:21:24:04 +0200] "GET /images/big_prod_4/1328399282500a.jpg HTTP/1.0" 200 271 "-" "Mozilla/5.0 (Windows NT 5.1; rv:11.0) Gecko Firefox/11.0 (via ggpht.com GoogleImageProxy)"
157.55.39.122 - - [10/Aug/2021:21:24:18 +0200] "GET /walking-dead-shirt-p-29584.html HTTP/1.0" 200 73974 "-" "Mozilla/5.0 (compatible; bingbot/2.0; +http://www.bing.com/bingbot.htm)"
64.62.252.176 - - [10/Aug/2021:21:24:20 +0200] "GET /kimmi-junior-glass-p-11840.html HTTP/1.0" 200 72744 "-" "The Knowledge AI"
54.36.148.242 - - [10/Aug/2021:21:24:20 +0200] "GET /melt-warmer-moroccan-lattice-p-48096.html HTTP/1.0" 200 73572 "-" "Mozilla/5.0 (compatible; AhrefsBot/7.0; +http://ahrefs.com/robot/)"
185.191.171.1 - - [10/Aug/2021:21:24:24 +0200] "GET /teapot-graphic-variations-p-45331.html?action=add_product HTTP/1.0" 302 476 "-" "Mozilla/5.0 (compatible; SemrushBot/7~bl; +http://www.semrush.com/bot.html)"
185.191.171.22 - - [10/Aug/2021:21:24:25 +0200] "GET /york-yankees-retro-black-shoulder-p-22238.html HTTP/1.0" 200 73236 "-" "Mozilla/5.0 (compatible; SemrushBot/7~bl; +http://www.semrush.com/bot.html)"
119.8.43.30 - - [10/Aug/2021:21:24:30 +0200] "GET /images/mini_prod/3565750040319.jpg HTTP/1.0" 200 269 "-" "Python/3.7 aiohttp/3.7.4.post0"
64.62.252.176 - - [10/Aug/2021:21:24:34 +0200] "GET /spiderman-glasses-p-2388.html HTTP/1.0" 200 72848 "-" "The Knowledge AI"
51.68.224.127 - - [10/Aug/2021:21:24:36 +0200] "GET /adminweb/export_orders_xml.php?token=256de2z6edz6ed2z6DFSFsed2zed6zeDSFDSGdzedezfzf&maxorders=10&orderstart=1&status=14&start_date=2018-10-01 HTTP/1.0" 200 285 "-" "GesCom CharlotteBoutik Serveur"
51.68.224.127 - - [10/Aug/2021:21:24:36 +0200] "GET /adminweb/export_orders_xml.php?token=256de2z6edz6ed2z6DFSFsed2zed6zeDSFDSGdzedezfzf&maxorders=10&orderstart=1&status=6&start_date=2018-10-01 HTTP/1.0" 200 28601 "-" "GesCom CharlotteBoutik Serveur"
207.46.13.39 - - [10/Aug/2021:21:24:37 +0200] "GET /disney-princess-bathrobe-years-p-7915.html HTTP/1.0" 301 70264 "-" "Mozilla/5.0 (compatible; bingbot/2.0; +http://www.bing.com/bingbot.htm)"
40.77.167.106 - - [10/Aug/2021:21:24:42 +0200] "GET /-p-18408.html HTTP/1.0" 200 70200 "-" "Mozilla/5.0 (compatible; bingbot/2.0; +http://www.bing.com/bingbot.htm)"
64.62.252.176 - - [10/Aug/2021:21:24:46 +0200] "GET /turtles-ninja-glass-p-21407.html HTTP/1.0" 200 72873 "-" "The Knowledge AI"
62.210.188.218 - - [10/Aug/2021:21:24:52 +0200] "GET /windchime-wood-five-chimes-p-43517.html HTTP/1.0" 200 73498 "-" "Mozilla/5.0 (compatible; Barkrowler/0.9; +https://babbar.tech/crawler)"
64.62.252.176 - - [10/Aug/2021:21:25:01 +0200] "GET /turtles-ninja-glass-p-21408.html HTTP/1.0" 200 72872 "-" "The Knowledge AI"
62.210.188.218 - - [10/Aug/2021:21:25:07 +0200] "GET /wind-butterflies-stickers-20-70-cm-p-36142.html HTTP/1.0" 301 73031 "-" "Mozilla/5.0 (compatible; Barkrowler/0.9; +https://babbar.tech/crawler)"
40.77.167.106 - - [10/Aug/2021:21:25:13 +0200] "GET /-p-6633.html HTTP/1.0" 200 70198 "-" "Mozilla/5.0 (compatible; bingbot/2.0; +http://www.bing.com/bingbot.htm)"
64.62.252.176 - - [10/Aug/2021:21:25:15 +0200] "GET /turtles-ninja-glass-p-21409.html HTTP/1.0" 200 72891 "-" "The Knowledge AI"
62.210.188.218 - - [10/Aug/2021:21:25:24 +0200] "GET /shiva-mug-by-cbkreation-p-37854.html HTTP/1.0" 301 72949 "-" "Mozilla/5.0 (compatible; Barkrowler/0.9; +https://babbar.tech/crawler)"
54.36.148.232 - - [10/Aug/2021:21:25:25 +0200] "GET /statue-empty-pocket-monkey-in-resin-p-50388.html HTTP/1.0" 301 73080 "-" "Mozilla/5.0 (compatible; AhrefsBot/7.0; +http://ahrefs.com/robot/)"
66.249.66.220 - - [10/Aug/2021:21:25:36 +0200] "GET /love-peace-grey-shirt-p-30147.html HTTP/1.0" 200 74309 "-" "Mozilla/5.0 (compatible; Googlebot/2.1; +http://www.google.com/bot.html)"
54.36.148.197 - - [10/Aug/2021:21:25:36 +0200] "GET /cats-by-dubout-large-bowl-p-40054.html HTTP/1.0" 301 72924 "-" "Mozilla/5.0 (compatible; AhrefsBot/7.0; +http://ahrefs.com/robot/)"
66.249.66.218 - - [10/Aug/2021:21:25:37 +0200] "GET /maisy-oilcloth-p-20825.html HTTP/1.0" 200 73248 "-" "Mozilla/5.0 (compatible; Googlebot/2.1; +http://www.google.com/bot.html)"
66.249.66.220 - - [10/Aug/2021:21:25:39 +0200] "GET /specials.php?page=20 HTTP/1.0" 200 125568 "-" "Mozilla/5.0 (compatible; Googlebot/2.1; +http://www.google.com/bot.html)"
62.210.188.218 - - [10/Aug/2021:21:25:40 +0200] "GET /ferrari-f50-race-and-play-124-red-p-37809.html HTTP/1.0" 301 70267 "-" "Mozilla/5.0 (compatible; Barkrowler/0.9; +https://babbar.tech/crawler)"
66.249.66.216 - - [10/Aug/2021:21:25:41 +0200] "GET /love-peace-pink-shirt-p-30150.html HTTP/1.0" 200 74307 "-" "Mozilla/5.0 (compatible; Googlebot/2.1; +http://www.google.com/bot.html)"
66.249.66.218 - - [10/Aug/2021:21:25:42 +0200] "GET /js/jquery.min.js HTTP/1.0" 404 1308 "http://www.wonder-geek.com/specials.php?page=20" "Mozilla/5.0 AppleWebKit/537.36 (KHTML, like Gecko; compatible; Googlebot/2.1; +http://www.google.com/bot.html) Chrome/92.0.4515.119 Safari/537.36"
66.249.66.216 - - [10/Aug/2021:21:25:43 +0200] "GET /js/jquery.masonry.min.js HTTP/1.0" 200 264 "http://www.wonder-geek.com/specials.php?page=20" "Mozilla/5.0 AppleWebKit/537.36 (KHTML, like Gecko; compatible; Googlebot/2.1; +http://www.google.com/bot.html) Chrome/92.0.4515.119 Safari/537.36"
66.249.66.216 - - [10/Aug/2021:21:25:43 +0200] "GET /specials.php?page=12 HTTP/1.0" 200 125568 "-" "Mozilla/5.0 (compatible; Googlebot/2.1; +http://www.google.com/bot.html)"
66.249.66.216 - - [10/Aug/2021:21:25:46 +0200] "GET /love-peace-purple-shirt-p-30152.html HTTP/1.0" 200 74603 "-" "Mozilla/5.0 (compatible; Googlebot/2.1; +http://www.google.com/bot.html)"
66.249.66.216 - - [10/Aug/2021:21:25:48 +0200] "GET /street-fighter-mousepad-p-16003.html HTTP/1.0" 200 72983 "-" "Mozilla/5.0 (compatible; Googlebot/2.1; +http://www.google.com/bot.html)"
66.249.66.216 - - [10/Aug/2021:21:25:53 +0200] "GET /iphone-case-bump-silicone-p-25376.html HTTP/1.0" 200 73113 "-" "Mozilla/5.0 (compatible; Googlebot/2.1; +http://www.google.com/bot.html)"
54.36.148.242 - - [10/Aug/2021:21:25:55 +0200] "GET /weenicons-talking-shirt-p-29585.html HTTP/1.0" 200 74078 "-" "Mozilla/5.0 (compatible; AhrefsBot/7.0; +http://ahrefs.com/robot/)"
66.249.66.216 - - [10/Aug/2021:21:25:58 +0200] "GET /specials.php?page=21 HTTP/1.0" 200 125583 "-" "Mozilla/5.0 (compatible; Googlebot/2.1; +http://www.google.com/bot.html)"
62.210.188.218 - - [10/Aug/2021:21:25:59 +0200] "GET /incense-lphant-rose-natural-p-41804.html HTTP/1.0" 200 73088 "-" "Mozilla/5.0 (compatible; Barkrowler/0.9; +https://babbar.tech/crawler)"
66.249.66.216 - - [10/Aug/2021:21:26:03 +0200] "GET /disney-princess-snow-white-parka-p-31246.html HTTP/1.0" 200 74110 "-" "Mozilla/5.0 (compatible; Googlebot/2.1; +http://www.google.com/bot.html)"
66.249.66.216 - - [10/Aug/2021:21:26:07 +0200] "GET /specials.php?page=15 HTTP/1.0" 200 125831 "-" "Mozilla/5.0 (compatible; Googlebot/2.1; +http://www.google.com/bot.html)"
185.191.171.1 - - [10/Aug/2021:21:26:13 +0200] "GET /stone-polychrome-jasper-grams-p-46582.html HTTP/1.0" 200 74164 "-" "Mozilla/5.0 (compatible; SemrushBot/7~bl; +http://www.semrush.com/bot.html)"
66.249.66.216 - - [10/Aug/2021:21:26:13 +0200] "GET /specials.php?page=16 HTTP/1.0" 200 125427 "-" "Mozilla/5.0 (compatible; Googlebot/2.1; +http://www.google.com/bot.html)"
62.210.188.218 - - [10/Aug/2021:21:26:13 +0200] "GET /anti-rfid-card-holder-cards-anthracite-p-50172.html HTTP/1.0" 200 74205 "-" "Mozilla/5.0 (compatible; Barkrowler/0.9; +https://babbar.tech/crawler)"
52.143.241.111 - - [10/Aug/2021:21:26:15 +0200] "GET /images/1399984246979.gif HTTP/1.0" 200 258 "-" "DuckDuckBot/1.1; (+http://duckduckgo.com/duckduckbot.html)"
157.55.39.122 - - [10/Aug/2021:21:26:28 +0200] "GET /images/8009233802384.jpg HTTP/1.0" 200 259 "-" "Mozilla/5.0 (compatible; bingbot/2.0; +http://www.bing.com/bingbot.htm)"
62.210.188.218 - - [10/Aug/2021:21:26:30 +0200] "GET /nici-porcupine-plush-keyring-p-35203.html HTTP/1.0" 200 72889 "-" "Mozilla/5.0 (compatible; Barkrowler/0.9; +https://babbar.tech/crawler)"
185.191.171.2 - - [10/Aug/2021:21:26:38 +0200] "GET /large-sandstone-vase-p-52300.html?action=add_product HTTP/1.0" 302 476 "-" "Mozilla/5.0 (compatible; SemrushBot/7~bl; +http://www.semrush.com/bot.html)"
62.210.188.218 - - [10/Aug/2021:21:26:48 +0200] "GET /nici-jolly-sheep-pen-colors-p-20579.html HTTP/1.0" 301 72954 "-" "Mozilla/5.0 (compatible; Barkrowler/0.9; +https://babbar.tech/crawler)"
64.62.252.176 - - [10/Aug/2021:21:26:51 +0200] "GET /spiderman-melamine-glass-p-17156.html HTTP/1.0" 200 72855 "-" "The Knowledge AI"
64.62.252.176 - - [10/Aug/2021:21:27:06 +0200] "GET /bird-origami-verrine-single-p-43300.html HTTP/1.0" 200 72969 "-" "The Knowledge AI"
62.210.188.218 - - [10/Aug/2021:21:27:11 +0200] "GET /nintendo-1up-mushroom-red-shirt-p-29608.html HTTP/1.0" 301 70267 "-" "Mozilla/5.0 (compatible; Barkrowler/0.9; +https://babbar.tech/crawler)"
207.46.13.175 - - [10/Aug/2021:21:27:12 +0200] "GET /yuna-kimmidoll-necklace-swarovski-p-15877.html HTTP/1.0" 301 70267 "-" "Mozilla/5.0 (compatible; bingbot/2.0; +http://www.bing.com/bingbot.htm)"
64.62.252.176 - - [10/Aug/2021:21:27:22 +0200] "GET /candy-cloud-bamboo-cake-p-51809.html HTTP/1.0" 200 72840 "-" "The Knowledge AI"
54.36.148.242 - - [10/Aug/2021:21:27:22 +0200] "GET /retro-phone-clock-p-35679.html HTTP/1.0" 200 72945 "-" "Mozilla/5.0 (compatible; AhrefsBot/7.0; +http://ahrefs.com/robot/)"
62.210.188.218 - - [10/Aug/2021:21:27:28 +0200] "GET /little-peach-color-purse-le-petit-prince-p-47476.html HTTP/1.0" 301 73122 "-" "Mozilla/5.0 (compatible; Barkrowler/0.9; +https://babbar.tech/crawler)"
54.36.149.32 - - [10/Aug/2021:21:27:35 +0200] "GET /pusheen-the-grey-cat-with-cookie-soft-toy-24-cm-p-32810.html HTTP/1.0" 301 70267 "-" "Mozilla/5.0 (compatible; AhrefsBot/7.0; +http://ahrefs.com/robot/)"
64.62.252.176 - - [10/Aug/2021:21:27:39 +0200] "GET /with-infuser-c-12_221.html?page=2 HTTP/1.0" 200 90806 "-" "The Knowledge AI"
62.210.188.218 - - [10/Aug/2021:21:27:43 +0200] "GET /parci-bedclothes-220-240-cm-p-49134.html HTTP/1.0" 301 72954 "-" "Mozilla/5.0 (compatible; Barkrowler/0.9; +https://babbar.tech/crawler)"
40.77.167.106 - - [10/Aug/2021:21:27:53 +0200] "GET /gormiti-backpack-p-13942.html HTTP/1.0" 200 70264 "-" "Mozilla/5.0 (compatible; bingbot/2.0; +http://www.bing.com/bingbot.htm)"
62.210.188.218 - - [10/Aug/2021:21:28:01 +0200] "GET /hexagon-tile-stickers-15-13-cm-p-51950.html HTTP/1.0" 301 73661 "-" "Mozilla/5.0 (compatible; Barkrowler/0.9; +https://babbar.tech/crawler)"
64.62.252.176 - - [10/Aug/2021:21:28:06 +0200] "GET /with-infuser-c-12_221.html?page=3 HTTP/1.0" 200 91567 "-" "The Knowledge AI"
62.210.188.218 - - [10/Aug/2021:21:28:20 +0200] "GET /lion-pot-cookware-cbkreation-p-43273.html HTTP/1.0" 301 73013 "-" "Mozilla/5.0 (compatible; Barkrowler/0.9; +https://babbar.tech/crawler)"
64.62.252.176 - - [10/Aug/2021:21:28:27 +0200] "GET /with-infuser-c-12_221.html?page=4 HTTP/1.0" 200 90949 "-" "The Knowledge AI"
54.36.148.77 - - [10/Aug/2021:21:28:36 +0200] "GET /gwenaelle-trolez-creation-cat-set-cup-and-saucer-p-16799.html HTTP/1.0" 301 70267 "-" "Mozilla/5.0 (compatible; AhrefsBot/7.0; +http://ahrefs.com/robot/)"
62.210.188.218 - - [10/Aug/2021:21:28:37 +0200] "GET /headrest-cushion-blue-50-70-cm-p-44365.html HTTP/1.0" 301 73579 "-" "Mozilla/5.0 (compatible; Barkrowler/0.9; +https://babbar.tech/crawler)"
54.36.148.242 - - [10/Aug/2021:21:28:38 +0200] "GET /stars-wars-darth-vader-phone-cover-iphone-p-16767.html HTTP/1.0" 200 73691 "-" "Mozilla/5.0 (compatible; AhrefsBot/7.0; +http://ahrefs.com/robot/)"
110.44.117.70 - - [10/Aug/2021:21:28:40 +0200] "GET /contact_us.php HTTP/1.0" 200 26241 "http://www.wonder-geek.com/contact_us.php" "Mozilla/5.0 (Windows NT 10.0; Win64; x64) AppleWebKit/537.36 (KHTML, like Gecko) Chrome/83.0.4099.2 Safari/537.36"
110.44.117.70 - - [10/Aug/2021:21:28:42 +0200] "POST /contact_us.php?action=send HTTP/1.0" 200 26470 "http://www.wonder-geek.com/contact_us.php" "Mozilla/5.0 (Windows NT 10.0; Win64; x64) AppleWebKit/537.36 (KHTML, like Gecko) Chrome/83.0.4099.2 Safari/537.36"
207.46.13.175 - - [10/Aug/2021:21:28:42 +0200] "GET /betty-boop-magnet-p-12510.html HTTP/1.0" 200 70276 "-" "Mozilla/5.0 (compatible; bingbot/2.0; +http://www.bing.com/bingbot.htm)"
64.62.252.176 - - [10/Aug/2021:21:28:44 +0200] "GET /with-infuser-c-12_221.html?page=5 HTTP/1.0" 200 85886 "-" "The Knowledge AI"
157.55.39.51 - - [10/Aug/2021:21:28:50 +0200] "GET /monster-high-companion-wallet-p-15502.html HTTP/1.0" 200 73685 "-" "Mozilla/5.0 (compatible; bingbot/2.0; +http://www.bing.com/bingbot.htm)"
111.225.149.66 - - [10/Aug/2021:21:28:52 +0200] "GET /ceramic-lamp-p-52603.html HTTP/1.0" 200 73778 "-" "Mozilla/5.0 (Linux; Android 5.0) AppleWebKit/537.36 (KHTML, like Gecko) Mobile Safari/537.36 (compatible; Bytespider; https://zhanzhang.toutiao.com/)"
111.225.149.70 - - [10/Aug/2021:21:28:53 +0200] "GET /swfobject.js HTTP/1.0" 404 1308 "http://www.wonder-geek.com/ceramic-lamp-p-52603.html" "Mozilla/5.0 (Linux; Android 5.0) AppleWebKit/537.36 (KHTML, like Gecko) Mobile Safari/537.36 (compatible; Bytespider; https://zhanzhang.toutiao.com/)"
62.210.188.218 - - [10/Aug/2021:21:28:53 +0200] "GET /always-fresh-little-metal-cigarettes-box-p-33111.html HTTP/1.0" 301 73071 "-" "Mozilla/5.0 (compatible; Barkrowler/0.9; +https://babbar.tech/crawler)"
157.55.39.44 - - [10/Aug/2021:21:28:54 +0200] "GET /images/scanserviettechf.jpg HTTP/1.0" 200 262 "-" "Mozilla/5.0 (compatible; bingbot/2.0; +http://www.bing.com/bingbot.htm)"
111.225.149.63 - - [10/Aug/2021:21:28:54 +0200] "GET /images/big_prod_2/8424345986089C.jpg HTTP/1.0" 200 271 "http://www.wonder-geek.com/ceramic-lamp-p-52603.html" "Mozilla/5.0 (Linux; Android 5.0) AppleWebKit/537.36 (KHTML, like Gecko) Mobile Safari/537.36 (compatible; Bytespider; https://zhanzhang.toutiao.com/)"
111.225.149.70 - - [10/Aug/2021:21:28:54 +0200] "GET /images/big_prod_1/8424345986089B.jpg HTTP/1.0" 200 271 "http://www.wonder-geek.com/ceramic-lamp-p-52603.html" "Mozilla/5.0 (Linux; Android 5.0) AppleWebKit/537.36 (KHTML, like Gecko) Mobile Safari/537.36 (compatible; Bytespider; https://zhanzhang.toutiao.com/)"
111.225.149.66 - - [10/Aug/2021:21:28:54 +0200] "GET /images/big_prod_3/8424345986089D.jpg HTTP/1.0" 200 271 "http://www.wonder-geek.com/ceramic-lamp-p-52603.html" "Mozilla/5.0 (Linux; Android 5.0) AppleWebKit/537.36 (KHTML, like Gecko) Mobile Safari/537.36 (compatible; Bytespider; https://zhanzhang.toutiao.com/)"
111.225.149.78 - - [10/Aug/2021:21:28:55 +0200] "GET /highslide/graphics/zoomout.cur HTTP/1.0" 200 614 "http://www.wonder-geek.com/ceramic-lamp-p-52603.html" "Mozilla/5.0 (Linux; Android 5.0) AppleWebKit/537.36 (KHTML, like Gecko) Mobile Safari/537.36 (compatible; Bytespider; https://zhanzhang.toutiao.com/)"
111.225.149.78 - - [10/Aug/2021:21:28:55 +0200] "GET /images/big_prod/8424345986089.jpg HTTP/1.0" 200 268 "http://www.wonder-geek.com/ceramic-lamp-p-52603.html" "Mozilla/5.0 (Linux; Android 5.0) AppleWebKit/537.36 (KHTML, like Gecko) Mobile Safari/537.36 (compatible; Bytespider; https://zhanzhang.toutiao.com/)"
64.62.252.176 - - [10/Aug/2021:21:29:02 +0200] "GET /frida-with-infuser-blue-p-52861.html HTTP/1.0" 200 72869 "-" "The Knowledge AI"
185.191.171.4 - - [10/Aug/2021:21:29:04 +0200] "GET /english-bulldog-salt-and-pepper-p-35406.html HTTP/1.0" 301 73020 "-" "Mozilla/5.0 (compatible; SemrushBot/7~bl; +http://www.semrush.com/bot.html)"
185.191.171.9 - - [10/Aug/2021:21:29:06 +0200] "GET /english-bulldog-salt-pepper-p-35406.html HTTP/1.0" 200 72926 "-" "Mozilla/5.0 (compatible; SemrushBot/7~bl; +http://www.semrush.com/bot.html)"
62.210.188.218 - - [10/Aug/2021:21:29:16 +0200] "GET /zen-french-quote-stickers-20-70-cm-p-39330.html HTTP/1.0" 301 73145 "-" "Mozilla/5.0 (compatible; Barkrowler/0.9; +https://babbar.tech/crawler)"
64.62.252.176 - - [10/Aug/2021:21:29:21 +0200] "GET /frida-with-infuser-pink-p-52863.html HTTP/1.0" 200 72869 "-" "The Knowledge AI"
62.210.188.218 - - [10/Aug/2021:21:29:37 +0200] "GET /glitter-adhesive-roll-45-150-cm-blue-p-47295.html HTTP/1.0" 301 73863 "-" "Mozilla/5.0 (compatible; Barkrowler/0.9; +https://babbar.tech/crawler)"
207.46.13.39 - - [10/Aug/2021:21:29:38 +0200] "GET /images/4036113261294.jpg HTTP/1.0" 200 259 "-" "Mozilla/5.0 (compatible; bingbot/2.0; +http://www.bing.com/bingbot.htm)"
185.191.171.7 - - [10/Aug/2021:21:29:40 +0200] "GET /-p-49999.html?action=add_product HTTP/1.0" 302 476 "-" "Mozilla/5.0 (compatible; SemrushBot/7~bl; +http://www.semrush.com/bot.html)"
64.62.252.176 - - [10/Aug/2021:21:29:42 +0200] "GET /frida-with-infuser-pink-blue-p-52862.html HTTP/1.0" 200 72924 "-" "The Knowledge AI"
62.210.188.218 - - [10/Aug/2021:21:29:55 +0200] "GET /bahamas-mousepad-by-cbkreation-p-36713.html HTTP/1.0" 301 72730 "-" "Mozilla/5.0 (compatible; Barkrowler/0.9; +https://babbar.tech/crawler)"
64.62.252.176 - - [10/Aug/2021:21:30:02 +0200] "GET /frida-with-pink-blue-infuser-p-52860.html HTTP/1.0" 200 72924 "-" "The Knowledge AI"
185.191.171.7 - - [10/Aug/2021:21:30:04 +0200] "GET /little-miss-super-cawaii-cosmetic-p-21781.html HTTP/1.0" 200 72958 "-" "Mozilla/5.0 (compatible; SemrushBot/7~bl; +http://www.semrush.com/bot.html)"
54.36.148.242 - - [10/Aug/2021:21:30:11 +0200] "GET /gray-polyester-round-chair-cushion-p-47031.html HTTP/1.0" 200 73586 "-" "Mozilla/5.0 (compatible; AhrefsBot/7.0; +http://ahrefs.com/robot/)"
62.210.188.218 - - [10/Aug/2021:21:30:12 +0200] "GET /salt-and-pepper-pot-henette-collection-p-52670.html HTTP/1.0" 301 73042 "-" "Mozilla/5.0 (compatible; Barkrowler/0.9; +https://babbar.tech/crawler)"
185.191.171.3 - - [10/Aug/2021:21:30:15 +0200] "GET /small-box-for-baby-teeth-fir-light-green-p-42380.html HTTP/1.0" 301 70267 "-" "Mozilla/5.0 (compatible; SemrushBot/7~bl; +http://www.semrush.com/bot.html)"
185.191.171.2 - - [10/Aug/2021:21:30:16 +0200] "GET /-p-42380.html HTTP/1.0" 200 70200 "-" "Mozilla/5.0 (compatible; SemrushBot/7~bl; +http://www.semrush.com/bot.html)"
207.46.13.101 - - [10/Aug/2021:21:30:25 +0200] "GET /cars-disney-children-stool-p-18808.html HTTP/1.0" 200 73115 "-" "Mozilla/5.0 (compatible; bingbot/2.0; +http://www.bing.com/bingbot.htm)"
62.210.188.218 - - [10/Aug/2021:21:30:29 +0200] "GET /diffuser-of-perfume-and-essential-oils-c-231_162.html HTTP/1.0" 301 90244 "-" "Mozilla/5.0 (compatible; Barkrowler/0.9; +https://babbar.tech/crawler)"
