62.210.188.218 - - [10/Aug/2021:18:06:08 +0200] "GET /furnishings-c-13_87.html HTTP/1.0" 200 90660 "-" "Mozilla/5.0 (compatible; Barkrowler/0.9; +https://babbar.tech/crawler)"
5.188.48.10 - - [10/Aug/2021:18:06:08 +0200] "GET /cushion-headboard-c-11_173.html HTTP/1.0" 200 88965 "http://www.wonder-geek.com/cushion-headboard-c-11_173.html" "Mozilla/5.0 (Windows NT 10.0; ) AppleWebKit/537.36 (KHTML, like Gecko) Chrome/83.0.4086.0 Safari/537.36"
5.188.48.10 - - [10/Aug/2021:18:06:09 +0200] "GET /board-games-c-4_47.html HTTP/1.0" 200 75538 "http://www.wonder-geek.com/board-games-c-4_47.html" "Mozilla/5.0 (Windows NT 10.0; ) AppleWebKit/537.36 (KHTML, like Gecko) Chrome/83.0.4086.0 Safari/537.36"
207.46.13.175 - - [10/Aug/2021:18:06:42 +0200] "GET /-p-14557.html HTTP/1.0" 200 70200 "-" "Mozilla/5.0 (compatible; bingbot/2.0; +http://www.bing.com/bingbot.htm)"
185.191.171.36 - - [10/Aug/2021:18:06:43 +0200] "GET /robots.txt HTTP/1.0" 200 245 "-" "Mozilla/5.0 (compatible; SemrushBot/7~bl; +http://www.semrush.com/bot.html)"
185.191.171.33 - - [10/Aug/2021:18:06:43 +0200] "GET /rendez-vous-bons-amis-clock-p-45025.html?action=add_product HTTP/1.0" 302 476 "-" "Mozilla/5.0 (compatible; SemrushBot/7~bl; +http://www.semrush.com/bot.html)"
40.77.167.106 - - [10/Aug/2021:18:06:53 +0200] "GET /-p-7291.html HTTP/1.0" 200 70198 "-" "Mozilla/5.0 (compatible; bingbot/2.0; +http://www.bing.com/bingbot.htm)"
66.249.66.220 - - [10/Aug/2021:18:07:13 +0200] "GET /golden-brass-round-ashtray-p-46442.html HTTP/1.0" 200 75235 "-" "Mozilla/5.0 (Linux; Android 6.0.1; Nexus 5X Build/MMB29P) AppleWebKit/537.36 (KHTML, like Gecko) Chrome/92.0.4515.119 Mobile Safari/537.36 (compatible; Googlebot/2.1; +http://www.google.com/bot.html)"
54.36.148.242 - - [10/Aug/2021:18:07:15 +0200] "GET /cotton-floor-cushion-grey-p-43507.html HTTP/1.0" 200 73490 "-" "Mozilla/5.0 (compatible; AhrefsBot/7.0; +http://ahrefs.com/robot/)"
157.55.39.51 - - [10/Aug/2021:18:08:11 +0200] "GET /school-trolley-c-31_169.html HTTP/1.0" 200 82473 "-" "Mozilla/5.0 (compatible; bingbot/2.0; +http://www.bing.com/bingbot.htm)"
51.68.224.127 - - [10/Aug/2021:18:08:11 +0200] "GET /adminweb/export_orders_xml.php?token=256de2z6edz6ed2z6DFSFsed2zed6zeDSFDSGdzedezfzf&maxorders=10&orderstart=1&status=14&start_date=2018-10-01 HTTP/1.0" 200 285 "-" "GesCom CharlotteBoutik Serveur"
51.68.224.127 - - [10/Aug/2021:18:08:12 +0200] "GET /adminweb/export_orders_xml.php?token=256de2z6edz6ed2z6DFSFsed2zed6zeDSFDSGdzedezfzf&maxorders=10&orderstart=1&status=6&start_date=2018-10-01 HTTP/1.0" 200 28601 "-" "GesCom CharlotteBoutik Serveur"
157.55.39.51 - - [10/Aug/2021:18:08:27 +0200] "GET /highslide/graphics/zoomout.cur HTTP/1.0" 200 614 "-" "Mozilla/5.0 (compatible; bingbot/2.0; +http://www.bing.com/bingbot.htm)"
54.36.148.242 - - [10/Aug/2021:18:08:39 +0200] "GET /chess-glass-p-50659.html HTTP/1.0" 200 73557 "-" "Mozilla/5.0 (compatible; AhrefsBot/7.0; +http://ahrefs.com/robot/)"
157.55.39.5 - - [10/Aug/2021:18:08:43 +0200] "GET /gift-infuser-mandala-green-p-46302.html HTTP/1.0" 200 74268 "-" "Mozilla/5.0 (compatible; bingbot/2.0; +http://www.bing.com/bingbot.htm)"
185.191.171.20 - - [10/Aug/2021:18:08:47 +0200] "GET /disney-princess-belle-metal-p-26698.html?action=add_product HTTP/1.0" 302 476 "-" "Mozilla/5.0 (compatible; SemrushBot/7~bl; +http://www.semrush.com/bot.html)"
54.36.149.80 - - [10/Aug/2021:18:08:54 +0200] "GET /cotton-floor-cushion-niro-blue-45-cm-p-52502.html HTTP/1.0" 301 70267 "-" "Mozilla/5.0 (compatible; AhrefsBot/7.0; +http://ahrefs.com/robot/)"
207.46.13.39 - - [10/Aug/2021:18:09:08 +0200] "GET /pokemon-shirt-p-31060.html HTTP/1.0" 200 74516 "-" "Mozilla/5.0 (compatible; bingbot/2.0; +http://www.bing.com/bingbot.htm)"
207.46.13.127 - - [10/Aug/2021:18:09:16 +0200] "GET /britto-flowers-folding-umbrella-p-38857.html HTTP/1.0" 200 70314 "-" "Mozilla/5.0 (compatible; bingbot/2.0; +http://www.bing.com/bingbot.htm)"
207.46.13.101 - - [10/Aug/2021:18:09:34 +0200] "GET /long-sleeves-shirts-c-1_21.html HTTP/1.0" 200 77648 "-" "Mozilla/5.0 (compatible; bingbot/2.0; +http://www.bing.com/bingbot.htm)"
185.191.171.15 - - [10/Aug/2021:18:10:04 +0200] "GET /-p-37532.html?action=add_product HTTP/1.0" 302 476 "-" "Mozilla/5.0 (compatible; SemrushBot/7~bl; +http://www.semrush.com/bot.html)"
54.36.148.242 - - [10/Aug/2021:18:10:08 +0200] "GET /indigo-adult-japenese-apron-p-45908.html HTTP/1.0" 200 73475 "-" "Mozilla/5.0 (compatible; AhrefsBot/7.0; +http://ahrefs.com/robot/)"
157.55.39.156 - - [10/Aug/2021:18:10:36 +0200] "GET /-p-16159.html HTTP/1.0" 200 70200 "-" "Mozilla/5.0 (compatible; bingbot/2.0; +http://www.bing.com/bingbot.htm)"
207.46.13.175 - - [10/Aug/2021:18:10:51 +0200] "GET /swfobject.js HTTP/1.0" 404 1308 "-" "Mozilla/5.0 (compatible; bingbot/2.0; +http://www.bing.com/bingbot.htm)"
66.249.66.220 - - [10/Aug/2021:18:11:16 +0200] "GET /geisha-metal-keychain-cbkreation-p-23495.html HTTP/1.0" 200 74427 "-" "Mozilla/5.0 (Linux; Android 6.0.1; Nexus 5X Build/MMB29P) AppleWebKit/537.36 (KHTML, like Gecko) Chrome/92.0.4515.119 Mobile Safari/537.36 (compatible; Googlebot/2.1; +http://www.google.com/bot.html)"
66.249.66.220 - - [10/Aug/2021:18:11:18 +0200] "GET /retro-style-sugar-saveurs-traditions-franaises-p-55519.html HTTP/1.0" 200 73793 "-" "Mozilla/5.0 (compatible; Googlebot/2.1; +http://www.google.com/bot.html)"
54.36.148.242 - - [10/Aug/2021:18:11:37 +0200] "GET /harley-davidson-zippo-lighter-p-42863.html HTTP/1.0" 200 73352 "-" "Mozilla/5.0 (compatible; AhrefsBot/7.0; +http://ahrefs.com/robot/)"
185.191.171.9 - - [10/Aug/2021:18:11:57 +0200] "GET /kothai-small-p-26705.html?action=add_product HTTP/1.0" 302 476 "-" "Mozilla/5.0 (compatible; SemrushBot/7~bl; +http://www.semrush.com/bot.html)"
207.46.13.175 - - [10/Aug/2021:18:12:13 +0200] "GET /christmas-2015-figurine-sonny-angel-p-32515.html HTTP/1.0" 200 70372 "-" "Mozilla/5.0 (compatible; bingbot/2.0; +http://www.bing.com/bingbot.htm)"
207.46.13.175 - - [10/Aug/2021:18:12:53 +0200] "GET /-p-48221.html HTTP/1.0" 200 70200 "-" "Mozilla/5.0 (compatible; bingbot/2.0; +http://www.bing.com/bingbot.htm)"
157.55.39.5 - - [10/Aug/2021:18:13:12 +0200] "GET /js/jquery.jqzoom.js HTTP/1.0" 200 259 "-" "Mozilla/5.0 (compatible; bingbot/2.0; +http://www.bing.com/bingbot.htm)"
54.36.148.242 - - [10/Aug/2021:18:13:14 +0200] "GET /bedclothes-gomix-p-51702.html HTTP/1.0" 200 72980 "-" "Mozilla/5.0 (compatible; AhrefsBot/7.0; +http://ahrefs.com/robot/)"
207.46.13.39 - - [10/Aug/2021:18:13:19 +0200] "GET /little-prince-sugar-p-55414.html HTTP/1.0" 200 73800 "-" "Mozilla/5.0 (compatible; bingbot/2.0; +http://www.bing.com/bingbot.htm)"
185.191.171.7 - - [10/Aug/2021:18:14:19 +0200] "GET /cats-ground-sheet-p-52148.html?action=add_product HTTP/1.0" 302 476 "-" "Mozilla/5.0 (compatible; SemrushBot/7~bl; +http://www.semrush.com/bot.html)"
185.191.171.8 - - [10/Aug/2021:18:14:25 +0200] "GET /avengers-marvel-large-weekend-p-35541.html?action=add_product HTTP/1.0" 302 476 "-" "Mozilla/5.0 (compatible; SemrushBot/7~bl; +http://www.semrush.com/bot.html)"
66.249.66.220 - - [10/Aug/2021:18:14:36 +0200] "GET /small-blue-ceramic-lamp-p-54853.html HTTP/1.0" 200 73650 "-" "Mozilla/5.0 (Linux; Android 6.0.1; Nexus 5X Build/MMB29P) AppleWebKit/537.36 (KHTML, like Gecko) Chrome/92.0.4515.119 Mobile Safari/537.36 (compatible; Googlebot/2.1; +http://www.google.com/bot.html)"
54.36.148.242 - - [10/Aug/2021:18:14:43 +0200] "GET /vespa-perpetual-calendar-p-11796.html HTTP/1.0" 200 72868 "-" "Mozilla/5.0 (compatible; AhrefsBot/7.0; +http://ahrefs.com/robot/)"
207.46.13.39 - - [10/Aug/2021:18:14:49 +0200] "GET /minnie-umbrella-p-6094.html HTTP/1.0" 200 72970 "-" "Mozilla/5.0 (compatible; bingbot/2.0; +http://www.bing.com/bingbot.htm)"
157.55.39.44 - - [10/Aug/2021:18:14:56 +0200] "GET /luna-desk-blotter-p-37821.html HTTP/1.0" 200 70266 "-" "Mozilla/5.0 (compatible; bingbot/2.0; +http://www.bing.com/bingbot.htm)"
185.191.171.14 - - [10/Aug/2021:18:15:21 +0200] "GET /chakra-relief-aromatic-light-candles-p-35501.html?action=add_product HTTP/1.0" 302 476 "-" "Mozilla/5.0 (compatible; SemrushBot/7~bl; +http://www.semrush.com/bot.html)"
207.46.13.39 - - [10/Aug/2021:18:15:49 +0200] "GET /tealight-metal-p-31497.html HTTP/1.0" 200 72909 "-" "Mozilla/5.0 (compatible; bingbot/2.0; +http://www.bing.com/bingbot.htm)"
157.55.39.44 - - [10/Aug/2021:18:16:05 +0200] "GET /peanuts-bowl-p-13459.html HTTP/1.0" 200 70251 "-" "Mozilla/5.0 (compatible; bingbot/2.0; +http://www.bing.com/bingbot.htm)"
157.55.39.5 - - [10/Aug/2021:18:16:23 +0200] "GET /lagoona-blue-monster-high-p-17500.html HTTP/1.0" 200 72973 "-" "Mozilla/5.0 (compatible; bingbot/2.0; +http://www.bing.com/bingbot.htm)"
54.36.148.242 - - [10/Aug/2021:18:16:25 +0200] "GET /dishes-c-12.html?page=112 HTTP/1.0" 200 92080 "-" "Mozilla/5.0 (compatible; AhrefsBot/7.0; +http://ahrefs.com/robot/)"
207.46.13.39 - - [10/Aug/2021:18:16:29 +0200] "GET /salamander-wall-decoration-p-47400.html HTTP/1.0" 200 72952 "-" "Mozilla/5.0 (compatible; bingbot/2.0; +http://www.bing.com/bingbot.htm)"
157.55.39.122 - - [10/Aug/2021:18:16:34 +0200] "GET /crayola-chalk-duster-p-16607.html HTTP/1.0" 200 70282 "-" "Mozilla/5.0 (compatible; bingbot/2.0; +http://www.bing.com/bingbot.htm)"
207.46.13.127 - - [10/Aug/2021:18:16:39 +0200] "GET /harley-davidson-zippo-lighter-p-43717.html HTTP/1.0" 200 73352 "-" "Mozilla/5.0 (compatible; bingbot/2.0; +http://www.bing.com/bingbot.htm)"
207.46.13.175 - - [10/Aug/2021:18:17:34 +0200] "GET /-p-31328.html HTTP/1.0" 200 70200 "-" "Mozilla/5.0 (compatible; bingbot/2.0; +http://www.bing.com/bingbot.htm)"
23.100.232.233 - - [10/Aug/2021:18:17:39 +0200] "GET /games-and-toys/soft-toys-security-blanket/barbapapa-family-soft-toy-box-p-25786.html HTTP/1.0" 301 679 "-" "Mozilla/5.0 (compatible; MSIE 9.0; Windows NT 6.0; Trident/5.0;  Trident/5.0)"
23.100.232.233 - - [10/Aug/2021:18:17:39 +0200] "GET /games-and-toys/soft-toys-security-blanket/barbapapa-family-soft-toy-box-p-25786.html HTTP/1.0" 301 70267 "-" "Mozilla/5.0 (compatible; MSIE 9.0; Windows NT 6.0; Trident/5.0;  Trident/5.0)"
23.100.232.233 - - [10/Aug/2021:18:17:40 +0200] "GET /-p-25786.html HTTP/1.0" 200 70200 "-" "Mozilla/5.0 (compatible; MSIE 9.0; Windows NT 6.0; Trident/5.0;  Trident/5.0)"
23.100.232.233 - - [10/Aug/2021:18:17:41 +0200] "GET /templates/Pixame_v1/stylesheet.css HTTP/1.0" 200 267 "http://www.wonder-geek.com/-p-25786.html" "Mozilla/5.0 (compatible; MSIE 9.0; Windows NT 6.0; Trident/5.0;  Trident/5.0)"
23.100.232.233 - - [10/Aug/2021:18:17:41 +0200] "GET /js/jquery.js HTTP/1.0" 200 252 "http://www.wonder-geek.com/-p-25786.html" "Mozilla/5.0 (compatible; MSIE 9.0; Windows NT 6.0; Trident/5.0;  Trident/5.0)"
23.100.232.233 - - [10/Aug/2021:18:17:41 +0200] "GET /highslide/highslide.js HTTP/1.0" 200 262 "http://www.wonder-geek.com/-p-25786.html" "Mozilla/5.0 (compatible; MSIE 9.0; Windows NT 6.0; Trident/5.0;  Trident/5.0)"
23.100.232.233 - - [10/Aug/2021:18:17:42 +0200] "GET /mondial_relay/js/jquery-1.3.2.min.js HTTP/1.0" 200 276 "http://www.wonder-geek.com/-p-25786.html" "Mozilla/5.0 (compatible; MSIE 9.0; Windows NT 6.0; Trident/5.0;  Trident/5.0)"
23.100.232.233 - - [10/Aug/2021:18:17:42 +0200] "GET /swfobject.js HTTP/1.0" 404 1308 "http://www.wonder-geek.com/-p-25786.html" "Mozilla/5.0 (compatible; MSIE 9.0; Windows NT 6.0; Trident/5.0;  Trident/5.0)"
23.100.232.233 - - [10/Aug/2021:18:17:42 +0200] "GET /js/jquery.jqzoom.js HTTP/1.0" 200 259 "http://www.wonder-geek.com/-p-25786.html" "Mozilla/5.0 (compatible; MSIE 9.0; Windows NT 6.0; Trident/5.0;  Trident/5.0)"
23.100.232.233 - - [10/Aug/2021:18:17:42 +0200] "GET /style.ie7.css HTTP/1.0" 404 1308 "http://www.wonder-geek.com/-p-25786.html" "Mozilla/5.0 (compatible; MSIE 9.0; Windows NT 6.0; Trident/5.0;  Trident/5.0)"
23.100.232.233 - - [10/Aug/2021:18:17:43 +0200] "GET /templates/Pixame_v1/images/flash.swf HTTP/1.0" 200 290 "http://www.wonder-geek.com/-p-25786.html" "Mozilla/5.0 (compatible; MSIE 9.0; Windows NT 6.0; Trident/5.0;  Trident/5.0)"
23.100.232.233 - - [10/Aug/2021:18:17:43 +0200] "GET /highslide/graphics/zoomout.cur HTTP/1.0" 200 614 "http://www.wonder-geek.com/-p-25786.html" "Mozilla/5.0 (compatible; MSIE 9.0; Windows NT 6.0; Trident/5.0;  Trident/5.0)"
54.36.148.242 - - [10/Aug/2021:18:17:49 +0200] "GET /cups-kothai-p-49660.html HTTP/1.0" 200 72808 "-" "Mozilla/5.0 (compatible; AhrefsBot/7.0; +http://ahrefs.com/robot/)"
157.55.39.5 - - [10/Aug/2021:18:17:53 +0200] "GET /js/jquery.jqzoom.js HTTP/1.0" 200 259 "-" "Mozilla/5.0 (compatible; bingbot/2.0; +http://www.bing.com/bingbot.htm)"
157.55.39.5 - - [10/Aug/2021:18:17:54 +0200] "GET /-p-22631.html HTTP/1.0" 200 70200 "-" "Mozilla/5.0 (compatible; bingbot/2.0; +http://www.bing.com/bingbot.htm)"
207.46.13.101 - - [10/Aug/2021:18:18:05 +0200] "GET /barbapapa-large-coin-purse-p-5345.html HTTP/1.0" 200 73021 "-" "Mozilla/5.0 (compatible; bingbot/2.0; +http://www.bing.com/bingbot.htm)"
207.46.13.175 - - [10/Aug/2021:18:18:22 +0200] "GET /swfobject.js HTTP/1.0" 404 1308 "-" "Mozilla/5.0 (compatible; bingbot/2.0; +http://www.bing.com/bingbot.htm)"
185.191.171.36 - - [10/Aug/2021:18:18:28 +0200] "GET /cushion-upholstery-cover-p-55055.html HTTP/1.0" 200 73051 "-" "Mozilla/5.0 (compatible; SemrushBot/7~bl; +http://www.semrush.com/bot.html)"
157.55.39.5 - - [10/Aug/2021:18:18:35 +0200] "GET /-p-33678.html HTTP/1.0" 200 70200 "-" "Mozilla/5.0 (compatible; bingbot/2.0; +http://www.bing.com/bingbot.htm)"
66.249.66.216 - - [10/Aug/2021:18:19:15 +0200] "GET /pusheen-pencil-topper-random-model-p-41959.html HTTP/1.0" 200 73104 "-" "Mozilla/5.0 (Linux; Android 6.0.1; Nexus 5X Build/MMB29P) AppleWebKit/537.36 (KHTML, like Gecko) Chrome/92.0.4515.119 Mobile Safari/537.36 (compatible; Googlebot/2.1; +http://www.google.com/bot.html)"
54.36.148.242 - - [10/Aug/2021:18:19:25 +0200] "GET /travel-documents-passport-boarding-pass-p-47347.html HTTP/1.0" 200 73861 "-" "Mozilla/5.0 (compatible; AhrefsBot/7.0; +http://ahrefs.com/robot/)"
54.36.148.70 - - [10/Aug/2021:18:19:35 +0200] "GET /paris-shopping-eyeglass-case-p-34965.html HTTP/1.0" 301 70267 "-" "Mozilla/5.0 (compatible; AhrefsBot/7.0; +http://ahrefs.com/robot/)"
54.36.149.61 - - [10/Aug/2021:18:19:38 +0200] "GET /violetta-badges-set-p-28293.html HTTP/1.0" 301 72885 "-" "Mozilla/5.0 (compatible; AhrefsBot/7.0; +http://ahrefs.com/robot/)"
157.55.39.51 - - [10/Aug/2021:18:19:41 +0200] "GET /russian-doll-kitchen-towel-p-38778.html HTTP/1.0" 200 72861 "-" "Mozilla/5.0 (compatible; bingbot/2.0; +http://www.bing.com/bingbot.htm)"
157.55.39.156 - - [10/Aug/2021:18:19:57 +0200] "GET /-p-32738.html HTTP/1.0" 200 70200 "-" "Mozilla/5.0 (compatible; bingbot/2.0; +http://www.bing.com/bingbot.htm)"
185.191.171.38 - - [10/Aug/2021:18:20:01 +0200] "GET /yoga-cats-balancing-stick-posture-statuette-p-55069.html?action=add_product HTTP/1.0" 302 476 "-" "Mozilla/5.0 (compatible; SemrushBot/7~bl; +http://www.semrush.com/bot.html)"
207.46.13.127 - - [10/Aug/2021:18:20:02 +0200] "GET /-p-32866.html HTTP/1.0" 200 70200 "-" "Mozilla/5.0 (compatible; bingbot/2.0; +http://www.bing.com/bingbot.htm)"
185.191.171.43 - - [10/Aug/2021:18:20:26 +0200] "GET /vinci-joconde-purse-made-france-p-47461.html?action=add_product HTTP/1.0" 302 476 "-" "Mozilla/5.0 (compatible; SemrushBot/7~bl; +http://www.semrush.com/bot.html)"
54.36.148.242 - - [10/Aug/2021:18:20:52 +0200] "GET /pink-flamingos-shower-curtain-p-50730.html HTTP/1.0" 200 73633 "-" "Mozilla/5.0 (compatible; AhrefsBot/7.0; +http://ahrefs.com/robot/)"
185.191.171.24 - - [10/Aug/2021:18:21:10 +0200] "GET /burlap-round-table-bistrot-p-51526.html HTTP/1.0" 200 73449 "-" "Mozilla/5.0 (compatible; SemrushBot/7~bl; +http://www.semrush.com/bot.html)"
157.55.39.156 - - [10/Aug/2021:18:21:37 +0200] "GET /mister-bump-photo-frame-p-5142.html HTTP/1.0" 200 72878 "-" "Mozilla/5.0 (compatible; bingbot/2.0; +http://www.bing.com/bingbot.htm)"
185.191.171.44 - - [10/Aug/2021:18:22:09 +0200] "GET /mani-lucky-brush-p-44110.html?action=add_product HTTP/1.0" 302 476 "-" "Mozilla/5.0 (compatible; SemrushBot/7~bl; +http://www.semrush.com/bot.html)"
54.36.149.19 - - [10/Aug/2021:18:22:11 +0200] "GET /barbabeau-alarm-clock-p-26499.html HTTP/1.0" 301 70267 "-" "Mozilla/5.0 (compatible; AhrefsBot/7.0; +http://ahrefs.com/robot/)"
54.36.148.242 - - [10/Aug/2021:18:22:16 +0200] "GET /bamboo-fiber-plant-cover-p-54400.html HTTP/1.0" 200 73474 "-" "Mozilla/5.0 (compatible; AhrefsBot/7.0; +http://ahrefs.com/robot/)"
157.55.39.51 - - [10/Aug/2021:18:22:21 +0200] "GET /-p-19234.html HTTP/1.0" 200 70200 "-" "Mozilla/5.0 (compatible; bingbot/2.0; +http://www.bing.com/bingbot.htm)"
157.55.39.51 - - [10/Aug/2021:18:23:21 +0200] "GET /microfibre-base-cover-black-p-47980.html HTTP/1.0" 200 73013 "-" "Mozilla/5.0 (compatible; bingbot/2.0; +http://www.bing.com/bingbot.htm)"
157.55.39.5 - - [10/Aug/2021:18:23:35 +0200] "GET /play-pots-modeling-clay-p-21644.html HTTP/1.0" 301 70267 "-" "Mozilla/5.0 (compatible; bingbot/2.0; +http://www.bing.com/bingbot.htm)"
54.36.148.242 - - [10/Aug/2021:18:23:46 +0200] "GET /mobile-tealight-brown-patinated-metal-butterfly-p-37207.html HTTP/1.0" 200 73096 "-" "Mozilla/5.0 (compatible; AhrefsBot/7.0; +http://ahrefs.com/robot/)"
185.191.171.4 - - [10/Aug/2021:18:23:55 +0200] "GET /pineapple-monkey-candle-holder-resin-p-48020.html?action=add_product HTTP/1.0" 302 476 "-" "Mozilla/5.0 (compatible; SemrushBot/7~bl; +http://www.semrush.com/bot.html)"
185.191.171.45 - - [10/Aug/2021:18:24:21 +0200] "GET /collectible-figurines-decorative-c-13_135.html?page=70 HTTP/1.0" 200 96558 "-" "Mozilla/5.0 (compatible; SemrushBot/7~bl; +http://www.semrush.com/bot.html)"
51.68.224.127 - - [10/Aug/2021:18:24:29 +0200] "GET /adminweb/export_orders_xml.php?token=256de2z6edz6ed2z6DFSFsed2zed6zeDSFDSGdzedezfzf&maxorders=10&orderstart=1&status=14&start_date=2018-10-01 HTTP/1.0" 200 285 "-" "GesCom CharlotteBoutik Serveur"
51.68.224.127 - - [10/Aug/2021:18:24:29 +0200] "GET /adminweb/export_orders_xml.php?token=256de2z6edz6ed2z6DFSFsed2zed6zeDSFDSGdzedezfzf&maxorders=10&orderstart=1&status=6&start_date=2018-10-01 HTTP/1.0" 200 28601 "-" "GesCom CharlotteBoutik Serveur"
185.191.171.7 - - [10/Aug/2021:18:24:59 +0200] "GET /pack-of-20-napkins-paper-bistrot-de-paris-p-48098.html HTTP/1.0" 301 70267 "-" "Mozilla/5.0 (compatible; SemrushBot/7~bl; +http://www.semrush.com/bot.html)"
157.55.39.51 - - [10/Aug/2021:18:25:00 +0200] "GET /bugs-bunny-clock-p-3755.html HTTP/1.0" 200 72884 "-" "Mozilla/5.0 (compatible; bingbot/2.0; +http://www.bing.com/bingbot.htm)"
185.191.171.5 - - [10/Aug/2021:18:25:01 +0200] "GET /-p-48098.html HTTP/1.0" 200 70200 "-" "Mozilla/5.0 (compatible; SemrushBot/7~bl; +http://www.semrush.com/bot.html)"
54.36.148.242 - - [10/Aug/2021:18:25:22 +0200] "GET /forest-friends-glasses-case-fennec-p-51864.html HTTP/1.0" 200 74337 "-" "Mozilla/5.0 (compatible; AhrefsBot/7.0; +http://ahrefs.com/robot/)"
54.236.1.13 - - [10/Aug/2021:18:25:33 +0200] "GET /robots.txt HTTP/1.0" 301 531 "-" "Mozilla/5.0 (compatible; Pinterestbot/1.0; +http://www.pinterest.com/bot.html)"
54.236.1.13 - - [10/Aug/2021:18:25:33 +0200] "GET /robots.txt HTTP/1.0" 200 245 "-" "Mozilla/5.0 (compatible; Pinterestbot/1.0; +http://www.pinterest.com/bot.html)"
54.236.1.13 - - [10/Aug/2021:18:25:33 +0200] "GET / HTTP/1.0" 301 511 "-" "Mozilla/5.0 (compatible; Pinterestbot/1.0; +http://www.pinterest.com/bot.html)"
54.236.1.13 - - [10/Aug/2021:18:25:33 +0200] "GET / HTTP/1.0" 200 151278 "-" "Mozilla/5.0 (compatible; Pinterestbot/1.0; +http://www.pinterest.com/bot.html)"
185.191.171.43 - - [10/Aug/2021:18:25:35 +0200] "GET /plush-unicorn-glitter-motsu-keel-toys-p-54195.html HTTP/1.0" 200 73089 "-" "Mozilla/5.0 (compatible; SemrushBot/7~bl; +http://www.semrush.com/bot.html)"
207.46.13.101 - - [10/Aug/2021:18:25:36 +0200] "GET /-p-13891.html HTTP/1.0" 200 70200 "-" "Mozilla/5.0 (compatible; bingbot/2.0; +http://www.bing.com/bingbot.htm)"
157.55.39.156 - - [10/Aug/2021:18:25:37 +0200] "GET /ceramic-salt-with-spoon-inaya-color-p-50603.html HTTP/1.0" 200 72921 "-" "Mozilla/5.0 (compatible; bingbot/2.0; +http://www.bing.com/bingbot.htm)"
157.55.39.122 - - [10/Aug/2021:18:25:40 +0200] "GET /cork-stopper-collector-p-55555.html HTTP/1.0" 200 73888 "-" "Mozilla/5.0 (compatible; bingbot/2.0; +http://www.bing.com/bingbot.htm)"
207.46.13.175 - - [10/Aug/2021:18:25:53 +0200] "GET /swfobject.js HTTP/1.0" 404 1308 "-" "Mozilla/5.0 (compatible; bingbot/2.0; +http://www.bing.com/bingbot.htm)"
185.191.171.14 - - [10/Aug/2021:18:26:22 +0200] "GET /garage-service-and-repair-wodden-frame-148-cm-342-cm-p-39969.html HTTP/1.0" 301 70473 "-" "Mozilla/5.0 (compatible; SemrushBot/7~bl; +http://www.semrush.com/bot.html)"
185.191.171.45 - - [10/Aug/2021:18:26:24 +0200] "GET /garage-service-repair-wodden-frame-p-39969.html HTTP/1.0" 200 70372 "-" "Mozilla/5.0 (compatible; SemrushBot/7~bl; +http://www.semrush.com/bot.html)"
157.55.39.44 - - [10/Aug/2021:18:26:36 +0200] "GET /luggages-schoolbags-leather-shop-c-31.html HTTP/1.0" 200 92201 "-" "Mozilla/5.0 (compatible; bingbot/2.0; +http://www.bing.com/bingbot.htm)"
185.191.171.15 - - [10/Aug/2021:18:26:49 +0200] "GET /furniture-knob-sold-individually-p-55678.html?action=add_product HTTP/1.0" 302 476 "-" "Mozilla/5.0 (compatible; SemrushBot/7~bl; +http://www.semrush.com/bot.html)"
54.36.148.242 - - [10/Aug/2021:18:26:57 +0200] "GET /deco-soapstone-tree-life-purple-p-53790.html HTTP/1.0" 200 73785 "-" "Mozilla/5.0 (compatible; AhrefsBot/7.0; +http://ahrefs.com/robot/)"
185.191.171.45 - - [10/Aug/2021:18:27:01 +0200] "GET /figurine-skull-army-resin-p-42905.html HTTP/1.0" 200 72895 "-" "Mozilla/5.0 (compatible; SemrushBot/7~bl; +http://www.semrush.com/bot.html)"
185.191.171.13 - - [10/Aug/2021:18:27:18 +0200] "GET /postcard-with-envelope-anniversary-years-p-48851.html HTTP/1.0" 200 73051 "-" "Mozilla/5.0 (compatible; SemrushBot/7~bl; +http://www.semrush.com/bot.html)"
207.46.13.101 - - [10/Aug/2021:18:27:25 +0200] "GET /marvel-avengers-clock-p-31607.html HTTP/1.0" 200 70274 "-" "Mozilla/5.0 (compatible; bingbot/2.0; +http://www.bing.com/bingbot.htm)"
207.46.13.127 - - [10/Aug/2021:18:27:30 +0200] "GET /klimt-tote-p-51201.html HTTP/1.0" 200 73395 "-" "Mozilla/5.0 (compatible; bingbot/2.0; +http://www.bing.com/bingbot.htm)"
40.77.167.106 - - [10/Aug/2021:18:27:36 +0200] "GET /mini-luxy-ceramic-planter-p-55330.html HTTP/1.0" 200 72992 "-" "Mozilla/5.0 (compatible; bingbot/2.0; +http://www.bing.com/bingbot.htm)"
157.55.39.5 - - [10/Aug/2021:18:27:55 +0200] "GET /-p-22457.html HTTP/1.0" 200 70200 "-" "Mozilla/5.0 (compatible; bingbot/2.0; +http://www.bing.com/bingbot.htm)"
54.36.148.242 - - [10/Aug/2021:18:28:19 +0200] "GET /marshall-backpack-p-26525.html HTTP/1.0" 200 73218 "-" "Mozilla/5.0 (compatible; AhrefsBot/7.0; +http://ahrefs.com/robot/)"
157.55.39.44 - - [10/Aug/2021:18:28:36 +0200] "GET /court-sleeves-shirts-c-1_22.html HTTP/1.0" 200 69192 "-" "Mozilla/5.0 (compatible; bingbot/2.0; +http://www.bing.com/bingbot.htm)"
207.46.13.175 - - [10/Aug/2021:18:28:55 +0200] "GET /small-tinbox-rtro-motorcycle-p-41353.html HTTP/1.0" 200 70334 "-" "Mozilla/5.0 (compatible; bingbot/2.0; +http://www.bing.com/bingbot.htm)"
54.36.148.242 - - [10/Aug/2021:18:29:42 +0200] "GET /rectangular-indoor-carpet-p-53973.html HTTP/1.0" 200 73689 "-" "Mozilla/5.0 (compatible; AhrefsBot/7.0; +http://ahrefs.com/robot/)"
62.210.188.218 - - [10/Aug/2021:18:29:43 +0200] "GET /peugeot-magnet-p-15273.html HTTP/1.0" 200 72793 "-" "Mozilla/5.0 (compatible; Barkrowler/0.9; +https://babbar.tech/crawler)"
62.210.188.218 - - [10/Aug/2021:18:29:59 +0200] "GET /mango-board-p-47439.html HTTP/1.0" 200 73535 "-" "Mozilla/5.0 (compatible; Barkrowler/0.9; +https://babbar.tech/crawler)"
207.46.13.101 - - [10/Aug/2021:18:30:16 +0200] "GET /barbabright-magnet-p-6013.html HTTP/1.0" 200 72771 "-" "Mozilla/5.0 (compatible; bingbot/2.0; +http://www.bing.com/bingbot.htm)"
62.210.188.218 - - [10/Aug/2021:18:30:18 +0200] "GET /mister-beauty-p-3321.html HTTP/1.0" 200 73018 "-" "Mozilla/5.0 (compatible; Barkrowler/0.9; +https://babbar.tech/crawler)"
62.210.188.218 - - [10/Aug/2021:18:30:36 +0200] "GET /sparks-plate-p-2165.html HTTP/1.0" 301 70264 "-" "Mozilla/5.0 (compatible; Barkrowler/0.9; +https://babbar.tech/crawler)"
157.55.39.122 - - [10/Aug/2021:18:30:47 +0200] "GET /-p-920.html HTTP/1.0" 200 70196 "-" "Mozilla/5.0 (compatible; bingbot/2.0; +http://www.bing.com/bingbot.htm)"
74.125.210.52 - - [10/Aug/2021:18:30:55 +0200] "GET /images/med_prod/4891813832744.jpg HTTP/1.0" 200 268 "-" "Mozilla/5.0 (Windows NT 5.1; rv:11.0) Gecko Firefox/11.0 (via ggpht.com GoogleImageProxy)"
62.210.188.218 - - [10/Aug/2021:18:30:55 +0200] "GET /backpacks-c-31_77.html HTTP/1.0" 200 93843 "-" "Mozilla/5.0 (compatible; Barkrowler/0.9; +https://babbar.tech/crawler)"
54.36.148.242 - - [10/Aug/2021:18:31:01 +0200] "GET /calimro-ashtray-p-24162.html HTTP/1.0" 200 72728 "-" "Mozilla/5.0 (compatible; AhrefsBot/7.0; +http://ahrefs.com/robot/)"
54.36.148.103 - - [10/Aug/2021:18:31:06 +0200] "GET /stationery-school-supplies-c-129_30.html?page=26 HTTP/1.0" 301 78146 "-" "Mozilla/5.0 (compatible; AhrefsBot/7.0; +http://ahrefs.com/robot/)"
66.249.66.218 - - [10/Aug/2021:18:31:13 +0200] "GET /golden-brass-round-ashtray-p-46442.html HTTP/1.0" 200 75235 "-" "Mozilla/5.0 (compatible; Googlebot/2.1; +http://www.google.com/bot.html)"
62.210.188.218 - - [10/Aug/2021:18:31:15 +0200] "GET /flower-cover-p-52424.html HTTP/1.0" 200 70246 "-" "Mozilla/5.0 (compatible; Barkrowler/0.9; +https://babbar.tech/crawler)"
40.77.167.106 - - [10/Aug/2021:18:31:15 +0200] "GET /harley-davidson-zippo-lighter-p-42863.html HTTP/1.0" 200 73352 "-" "Mozilla/5.0 (compatible; bingbot/2.0; +http://www.bing.com/bingbot.htm)"
40.77.167.106 - - [10/Aug/2021:18:31:16 +0200] "GET /clocks-c-13_67.html?page=4 HTTP/1.0" 200 94743 "-" "Mozilla/5.0 (compatible; bingbot/2.0; +http://www.bing.com/bingbot.htm)"
62.210.188.218 - - [10/Aug/2021:18:31:31 +0200] "GET /flower-cover-p-52422.html HTTP/1.0" 200 70246 "-" "Mozilla/5.0 (compatible; Barkrowler/0.9; +https://babbar.tech/crawler)"
185.191.171.43 - - [10/Aug/2021:18:31:33 +0200] "GET /writing-correction-c-129_186.html?page=6 HTTP/1.0" 200 87345 "-" "Mozilla/5.0 (compatible; SemrushBot/7~bl; +http://www.semrush.com/bot.html)"
207.46.13.127 - - [10/Aug/2021:18:31:39 +0200] "GET /-p-22634.html HTTP/1.0" 200 70200 "-" "Mozilla/5.0 (compatible; bingbot/2.0; +http://www.bing.com/bingbot.htm)"
157.55.39.44 - - [10/Aug/2021:18:31:47 +0200] "GET /glass-cutting-board-cbkreation-p-51304.html HTTP/1.0" 200 72906 "-" "Mozilla/5.0 (compatible; bingbot/2.0; +http://www.bing.com/bingbot.htm)"
62.210.188.218 - - [10/Aug/2021:18:31:49 +0200] "GET /flower-life-p-49359.html HTTP/1.0" 200 74154 "-" "Mozilla/5.0 (compatible; Barkrowler/0.9; +https://babbar.tech/crawler)"
207.46.13.101 - - [10/Aug/2021:18:31:56 +0200] "GET /-p-17335.html HTTP/1.0" 200 70200 "-" "Mozilla/5.0 (compatible; bingbot/2.0; +http://www.bing.com/bingbot.htm)"
62.210.188.218 - - [10/Aug/2021:18:32:21 +0200] "GET /flower-pot-p-52423.html HTTP/1.0" 301 70307 "-" "Mozilla/5.0 (compatible; Barkrowler/0.9; +https://babbar.tech/crawler)"
54.36.148.242 - - [10/Aug/2021:18:32:21 +0200] "GET /ethnic-style-burlap-table-p-48450.html HTTP/1.0" 200 70290 "-" "Mozilla/5.0 (compatible; AhrefsBot/7.0; +http://ahrefs.com/robot/)"
62.210.188.218 - - [10/Aug/2021:18:32:40 +0200] "GET /chin-card-p-20033.html HTTP/1.0" 200 72822 "-" "Mozilla/5.0 (compatible; Barkrowler/0.9; +https://babbar.tech/crawler)"
40.77.167.106 - - [10/Aug/2021:18:32:46 +0200] "GET /-p-25054.html HTTP/1.0" 200 70200 "-" "Mozilla/5.0 (compatible; bingbot/2.0; +http://www.bing.com/bingbot.htm)"
207.46.13.39 - - [10/Aug/2021:18:32:50 +0200] "GET /large-bowl-p-53014.html HTTP/1.0" 200 72700 "-" "Mozilla/5.0 (compatible; bingbot/2.0; +http://www.bing.com/bingbot.htm)"
157.55.39.51 - - [10/Aug/2021:18:32:56 +0200] "GET /-p-16227.html HTTP/1.0" 200 70200 "-" "Mozilla/5.0 (compatible; bingbot/2.0; +http://www.bing.com/bingbot.htm)"
62.210.188.218 - - [10/Aug/2021:18:32:58 +0200] "GET /tablet-cover-p-25016.html HTTP/1.0" 200 72960 "-" "Mozilla/5.0 (compatible; Barkrowler/0.9; +https://babbar.tech/crawler)"
62.210.188.218 - - [10/Aug/2021:18:33:15 +0200] "GET /large-bowl-p-53014.html HTTP/1.0" 200 72700 "-" "Mozilla/5.0 (compatible; Barkrowler/0.9; +https://babbar.tech/crawler)"
207.46.13.175 - - [10/Aug/2021:18:33:16 +0200] "GET /bowls-c-12_60.html?page=5 HTTP/1.0" 200 91715 "-" "Mozilla/5.0 (compatible; bingbot/2.0; +http://www.bing.com/bingbot.htm)"
62.210.188.218 - - [10/Aug/2021:18:33:33 +0200] "GET /large-bowl-p-53015.html HTTP/1.0" 200 72701 "-" "Mozilla/5.0 (compatible; Barkrowler/0.9; +https://babbar.tech/crawler)"
54.36.148.242 - - [10/Aug/2021:18:33:37 +0200] "GET /statuette-torero-bronze-aspect-p-53059.html HTTP/1.0" 200 73572 "-" "Mozilla/5.0 (compatible; AhrefsBot/7.0; +http://ahrefs.com/robot/)"
157.55.39.51 - - [10/Aug/2021:18:33:42 +0200] "GET /adults-c-53.html HTTP/1.0" 200 92895 "-" "Mozilla/5.0 (compatible; bingbot/2.0; +http://www.bing.com/bingbot.htm)"
62.210.188.218 - - [10/Aug/2021:18:33:51 +0200] "GET /white-wooden-p-42204.html HTTP/1.0" 200 72934 "-" "Mozilla/5.0 (compatible; Barkrowler/0.9; +https://babbar.tech/crawler)"
185.191.171.42 - - [10/Aug/2021:18:33:53 +0200] "GET /strawberry-shortcake-pink-blue-swimsuit-p-30246.html?action=add_product HTTP/1.0" 302 476 "-" "Mozilla/5.0 (compatible; SemrushBot/7~bl; +http://www.semrush.com/bot.html)"
62.210.188.218 - - [10/Aug/2021:18:34:09 +0200] "GET /white-ceramic-p-50009.html HTTP/1.0" 200 72805 "-" "Mozilla/5.0 (compatible; Barkrowler/0.9; +https://babbar.tech/crawler)"
157.55.39.156 - - [10/Aug/2021:18:34:28 +0200] "GET /-p-23260.html HTTP/1.0" 200 70200 "-" "Mozilla/5.0 (compatible; bingbot/2.0; +http://www.bing.com/bingbot.htm)"
62.210.188.218 - - [10/Aug/2021:18:34:29 +0200] "GET /white-wood-p-45693.html HTTP/1.0" 200 73032 "-" "Mozilla/5.0 (compatible; Barkrowler/0.9; +https://babbar.tech/crawler)"
66.249.66.220 - - [10/Aug/2021:18:34:30 +0200] "GET /set-of-bed-linen-c-11_68.html?page=4 HTTP/1.0" 301 91461 "-" "Mozilla/5.0 (Linux; Android 6.0.1; Nexus 5X Build/MMB29P) AppleWebKit/537.36 (KHTML, like Gecko) Chrome/92.0.4515.119 Mobile Safari/537.36 (compatible; Googlebot/2.1; +http://www.google.com/bot.html)"
66.249.66.216 - - [10/Aug/2021:18:34:31 +0200] "GET /linen-c-68.html?page=4 HTTP/1.0" 301 91342 "-" "Mozilla/5.0 (Linux; Android 6.0.1; Nexus 5X Build/MMB29P) AppleWebKit/537.36 (KHTML, like Gecko) Chrome/92.0.4515.119 Mobile Safari/537.36 (compatible; Googlebot/2.1; +http://www.google.com/bot.html)"
62.210.188.218 - - [10/Aug/2021:18:34:48 +0200] "GET /saucer-p-40670.html HTTP/1.0" 200 72742 "-" "Mozilla/5.0 (compatible; Barkrowler/0.9; +https://babbar.tech/crawler)"
54.36.148.242 - - [10/Aug/2021:18:34:55 +0200] "GET /rtro-ashtray-p-47259.html HTTP/1.0" 200 72743 "-" "Mozilla/5.0 (compatible; AhrefsBot/7.0; +http://ahrefs.com/robot/)"
157.55.39.122 - - [10/Aug/2021:18:34:58 +0200] "GET /sleepwear-c-2_42.html HTTP/1.0" 200 69115 "-" "Mozilla/5.0 (compatible; bingbot/2.0; +http://www.bing.com/bingbot.htm)"
62.210.188.218 - - [10/Aug/2021:18:35:07 +0200] "GET /glasses-p-44953.html HTTP/1.0" 200 72778 "-" "Mozilla/5.0 (compatible; Barkrowler/0.9; +https://babbar.tech/crawler)"
185.191.171.12 - - [10/Aug/2021:18:35:17 +0200] "GET /new-york-yankees-retro-black-shoulder-bag-p-22238.html HTTP/1.0" 301 73336 "-" "Mozilla/5.0 (compatible; SemrushBot/7~bl; +http://www.semrush.com/bot.html)"
185.191.171.7 - - [10/Aug/2021:18:35:19 +0200] "GET /york-yankees-retro-black-shoulder-p-22238.html HTTP/1.0" 200 73236 "-" "Mozilla/5.0 (compatible; SemrushBot/7~bl; +http://www.semrush.com/bot.html)"
62.210.188.218 - - [10/Aug/2021:18:35:26 +0200] "GET /york-shirt-p-30909.html HTTP/1.0" 200 74722 "-" "Mozilla/5.0 (compatible; Barkrowler/0.9; +https://babbar.tech/crawler)"
66.249.66.218 - - [10/Aug/2021:18:35:30 +0200] "GET /set-of-bed-linen-c-11_68.html?page=5 HTTP/1.0" 301 91483 "-" "Mozilla/5.0 (Linux; Android 6.0.1; Nexus 5X Build/MMB29P) AppleWebKit/537.36 (KHTML, like Gecko) Chrome/92.0.4515.119 Mobile Safari/537.36 (compatible; Googlebot/2.1; +http://www.google.com/bot.html)"
66.249.66.220 - - [10/Aug/2021:18:35:30 +0200] "GET /linen-c-68.html?page=5 HTTP/1.0" 301 91364 "-" "Mozilla/5.0 (Linux; Android 6.0.1; Nexus 5X Build/MMB29P) AppleWebKit/537.36 (KHTML, like Gecko) Chrome/92.0.4515.119 Mobile Safari/537.36 (compatible; Googlebot/2.1; +http://www.google.com/bot.html)"
66.249.66.220 - - [10/Aug/2021:18:35:31 +0200] "GET /linen-c-11_68.html?page=5 HTTP/1.0" 200 91407 "-" "Mozilla/5.0 (Linux; Android 6.0.1; Nexus 5X Build/MMB29P) AppleWebKit/537.36 (KHTML, like Gecko) Chrome/92.0.4515.119 Mobile Safari/537.36 (compatible; Googlebot/2.1; +http://www.google.com/bot.html)"
62.210.188.218 - - [10/Aug/2021:18:35:44 +0200] "GET /paperweight-p-23095.html HTTP/1.0" 200 72746 "-" "Mozilla/5.0 (compatible; Barkrowler/0.9; +https://babbar.tech/crawler)"
54.36.148.120 - - [10/Aug/2021:18:35:51 +0200] "GET /ethnic-decorative-tray-38-cm-p-46090.html HTTP/1.0" 301 73835 "-" "Mozilla/5.0 (compatible; AhrefsBot/7.0; +http://ahrefs.com/robot/)"
157.55.39.122 - - [10/Aug/2021:18:35:58 +0200] "GET /incense-stick-holder-buddha-p-35504.html HTTP/1.0" 200 73028 "-" "Mozilla/5.0 (compatible; bingbot/2.0; +http://www.bing.com/bingbot.htm)"
62.210.188.218 - - [10/Aug/2021:18:36:01 +0200] "GET /adults-c-53.html?page=13 HTTP/1.0" 200 86747 "-" "Mozilla/5.0 (compatible; Barkrowler/0.9; +https://babbar.tech/crawler)"
157.55.39.51 - - [10/Aug/2021:18:36:03 +0200] "GET /mercedes-benz-large-metal-plate-deco-p-45960.html HTTP/1.0" 200 72942 "-" "Mozilla/5.0 (compatible; bingbot/2.0; +http://www.bing.com/bingbot.htm)"
54.36.148.242 - - [10/Aug/2021:18:36:10 +0200] "GET /ceramic-planter-night-p-55308.html HTTP/1.0" 200 73507 "-" "Mozilla/5.0 (compatible; AhrefsBot/7.0; +http://ahrefs.com/robot/)"
62.210.188.218 - - [10/Aug/2021:18:36:18 +0200] "GET /adults-c-53.html?page=7 HTTP/1.0" 200 91657 "-" "Mozilla/5.0 (compatible; Barkrowler/0.9; +https://babbar.tech/crawler)"
157.55.39.156 - - [10/Aug/2021:18:36:19 +0200] "GET /images/3438100339879.jpg HTTP/1.0" 200 259 "-" "Mozilla/5.0 (compatible; bingbot/2.0; +http://www.bing.com/bingbot.htm)"
66.249.66.220 - - [10/Aug/2021:18:36:34 +0200] "GET /set-of-bed-linen-c-11_68.html?page=2 HTTP/1.0" 301 91226 "-" "Mozilla/5.0 (Linux; Android 6.0.1; Nexus 5X Build/MMB29P) AppleWebKit/537.36 (KHTML, like Gecko) Chrome/92.0.4515.119 Mobile Safari/537.36 (compatible; Googlebot/2.1; +http://www.google.com/bot.html)"
66.249.66.216 - - [10/Aug/2021:18:36:35 +0200] "GET /linen-c-68.html?page=2 HTTP/1.0" 301 91107 "-" "Mozilla/5.0 (Linux; Android 6.0.1; Nexus 5X Build/MMB29P) AppleWebKit/537.36 (KHTML, like Gecko) Chrome/92.0.4515.119 Mobile Safari/537.36 (compatible; Googlebot/2.1; +http://www.google.com/bot.html)"
66.249.66.216 - - [10/Aug/2021:18:36:36 +0200] "GET /linen-c-11_68.html?page=2 HTTP/1.0" 200 91150 "-" "Mozilla/5.0 (Linux; Android 6.0.1; Nexus 5X Build/MMB29P) AppleWebKit/537.36 (KHTML, like Gecko) Chrome/92.0.4515.119 Mobile Safari/537.36 (compatible; Googlebot/2.1; +http://www.google.com/bot.html)"
62.210.188.218 - - [10/Aug/2021:18:36:36 +0200] "GET /dog-lighting-p-31491.html HTTP/1.0" 301 72756 "-" "Mozilla/5.0 (compatible; Barkrowler/0.9; +https://babbar.tech/crawler)"
185.191.171.20 - - [10/Aug/2021:18:36:46 +0200] "GET /hanging-metal-structure-butterfly-50-33-cm-p-46788.html HTTP/1.0" 301 73125 "-" "Mozilla/5.0 (compatible; SemrushBot/7~bl; +http://www.semrush.com/bot.html)"
185.191.171.25 - - [10/Aug/2021:18:36:48 +0200] "GET /hanging-metal-structure-butterfly-p-46788.html HTTP/1.0" 200 73025 "-" "Mozilla/5.0 (compatible; SemrushBot/7~bl; +http://www.semrush.com/bot.html)"
207.46.13.39 - - [10/Aug/2021:18:36:51 +0200] "GET /-p-32888.html HTTP/1.0" 200 70200 "-" "Mozilla/5.0 (compatible; bingbot/2.0; +http://www.bing.com/bingbot.htm)"
62.210.188.218 - - [10/Aug/2021:18:36:55 +0200] "GET /glitters-p-53394.html HTTP/1.0" 200 72779 "-" "Mozilla/5.0 (compatible; Barkrowler/0.9; +https://babbar.tech/crawler)"
157.55.39.5 - - [10/Aug/2021:18:36:55 +0200] "GET /-p-30181.html HTTP/1.0" 200 70200 "-" "Mozilla/5.0 (compatible; bingbot/2.0; +http://www.bing.com/bingbot.htm)"
66.249.66.220 - - [10/Aug/2021:18:37:06 +0200] "GET /coconut-fibers-doormat-arborvitae-p-52458.html HTTP/1.0" 200 73816 "-" "Mozilla/5.0 (Linux; Android 6.0.1; Nexus 5X Build/MMB29P) AppleWebKit/537.36 (KHTML, like Gecko) Chrome/92.0.4515.119 Mobile Safari/537.36 (compatible; Googlebot/2.1; +http://www.google.com/bot.html)"
207.46.13.101 - - [10/Aug/2021:18:37:06 +0200] "GET /vase-buddha-head-p-51572.html HTTP/1.0" 200 70254 "-" "Mozilla/5.0 (compatible; bingbot/2.0; +http://www.bing.com/bingbot.htm)"
62.210.188.218 - - [10/Aug/2021:18:37:12 +0200] "GET /placemat-p-53603.html HTTP/1.0" 200 73309 "-" "Mozilla/5.0 (compatible; Barkrowler/0.9; +https://babbar.tech/crawler)"
62.210.188.218 - - [10/Aug/2021:18:37:34 +0200] "GET /british-round-p-15933.html HTTP/1.0" 200 72920 "-" "Mozilla/5.0 (compatible; Barkrowler/0.9; +https://babbar.tech/crawler)"
54.36.148.242 - - [10/Aug/2021:18:37:36 +0200] "GET /brass-patinated-handing-bells-ganesh-p-37218.html HTTP/1.0" 200 73602 "-" "Mozilla/5.0 (compatible; AhrefsBot/7.0; +http://ahrefs.com/robot/)"
157.55.39.5 - - [10/Aug/2021:18:37:36 +0200] "GET /bamboo-tray-spicy-p-46452.html HTTP/1.0" 200 72815 "-" "Mozilla/5.0 (compatible; bingbot/2.0; +http://www.bing.com/bingbot.htm)"
40.77.167.106 - - [10/Aug/2021:18:37:46 +0200] "GET /crayola-supertips-washable-lavable-p-16585.html HTTP/1.0" 200 70346 "-" "Mozilla/5.0 (compatible; bingbot/2.0; +http://www.bing.com/bingbot.htm)"
62.210.188.218 - - [10/Aug/2021:18:37:52 +0200] "GET /french-flag-p-38273.html HTTP/1.0" 200 72809 "-" "Mozilla/5.0 (compatible; Barkrowler/0.9; +https://babbar.tech/crawler)"
157.55.39.51 - - [10/Aug/2021:18:38:02 +0200] "GET /-p-13281.html HTTP/1.0" 200 70200 "-" "Mozilla/5.0 (compatible; bingbot/2.0; +http://www.bing.com/bingbot.htm)"
66.249.66.216 - - [10/Aug/2021:18:38:07 +0200] "GET /linen-c-11_68.html?page=4 HTTP/1.0" 200 91385 "-" "Mozilla/5.0 (Linux; Android 6.0.1; Nexus 5X Build/MMB29P) AppleWebKit/537.36 (KHTML, like Gecko) Chrome/92.0.4515.119 Mobile Safari/537.36 (compatible; Googlebot/2.1; +http://www.google.com/bot.html)"
147.92.153.10 - - [10/Aug/2021:18:38:08 +0200] "GET /mini-melamine-tray-p-55846.html HTTP/1.0" 200 72894 "-" "Mozilla/5.0 (compatible; Linespider/1.1; +https://lin.ee/4dwXkTH)"
185.191.171.20 - - [10/Aug/2021:18:38:12 +0200] "GET /fragrance-sachet-simply-p-40561.html?action=add_product HTTP/1.0" 302 476 "-" "Mozilla/5.0 (compatible; SemrushBot/7~bl; +http://www.semrush.com/bot.html)"
62.210.188.218 - - [10/Aug/2021:18:38:13 +0200] "GET /wooden-dish-p-46492.html HTTP/1.0" 200 72963 "-" "Mozilla/5.0 (compatible; Barkrowler/0.9; +https://babbar.tech/crawler)"
62.210.188.218 - - [10/Aug/2021:18:38:33 +0200] "GET /cushions-c-11_71.html?page=11 HTTP/1.0" 200 89516 "-" "Mozilla/5.0 (compatible; Barkrowler/0.9; +https://babbar.tech/crawler)"
54.36.148.242 - - [10/Aug/2021:18:38:54 +0200] "GET /harley-davidson-large-metal-plate-deco-p-28079.html HTTP/1.0" 200 72933 "-" "Mozilla/5.0 (compatible; AhrefsBot/7.0; +http://ahrefs.com/robot/)"
185.191.171.9 - - [10/Aug/2021:18:38:55 +0200] "GET /bires-coasters-p-50290.html HTTP/1.0" 200 72861 "-" "Mozilla/5.0 (compatible; SemrushBot/7~bl; +http://www.semrush.com/bot.html)"
62.210.188.218 - - [10/Aug/2021:18:38:58 +0200] "GET /cushion-cover-p-52123.html HTTP/1.0" 200 72988 "-" "Mozilla/5.0 (compatible; Barkrowler/0.9; +https://babbar.tech/crawler)"
54.36.148.65 - - [10/Aug/2021:18:38:59 +0200] "GET /owl-by-allen-mini-oddments-p-30695.html HTTP/1.0" 301 70267 "-" "Mozilla/5.0 (compatible; AhrefsBot/7.0; +http://ahrefs.com/robot/)"
111.225.149.78 - - [10/Aug/2021:18:39:13 +0200] "GET /toiletry-p-41059.html HTTP/1.0" 200 72869 "-" "Mozilla/5.0 (Linux; Android 5.0) AppleWebKit/537.36 (KHTML, like Gecko) Mobile Safari/537.36 (compatible; Bytespider; https://zhanzhang.toutiao.com/)"
111.225.149.76 - - [10/Aug/2021:18:39:14 +0200] "GET /swfobject.js HTTP/1.0" 404 1308 "http://www.wonder-geek.com/toiletry-p-41059.html" "Mozilla/5.0 (Linux; Android 5.0) AppleWebKit/537.36 (KHTML, like Gecko) Mobile Safari/537.36 (compatible; Bytespider; https://zhanzhang.toutiao.com/)"
62.210.188.218 - - [10/Aug/2021:18:39:15 +0200] "GET /ceramic-lamp-p-51781.html HTTP/1.0" 200 73397 "-" "Mozilla/5.0 (compatible; Barkrowler/0.9; +https://babbar.tech/crawler)"
111.225.149.70 - - [10/Aug/2021:18:39:18 +0200] "GET /highslide/graphics/zoomout.cur HTTP/1.0" 200 614 "http://www.wonder-geek.com/toiletry-p-41059.html" "Mozilla/5.0 (Linux; Android 5.0) AppleWebKit/537.36 (KHTML, like Gecko) Mobile Safari/537.36 (compatible; Bytespider; https://zhanzhang.toutiao.com/)"
111.225.149.72 - - [10/Aug/2021:18:39:18 +0200] "GET /images/big_prod/1399986100293.jpg HTTP/1.0" 200 268 "http://www.wonder-geek.com/toiletry-p-41059.html" "Mozilla/5.0 (Linux; Android 5.0) AppleWebKit/537.36 (KHTML, like Gecko) Mobile Safari/537.36 (compatible; Bytespider; https://zhanzhang.toutiao.com/)"
62.210.188.218 - - [10/Aug/2021:18:39:33 +0200] "GET /mobile-metal-bells-tree-p-50380.html HTTP/1.0" 200 73483 "-" "Mozilla/5.0 (compatible; Barkrowler/0.9; +https://babbar.tech/crawler)"
111.225.149.192 - - [10/Aug/2021:18:39:37 +0200] "GET /toiletry-p-41060.html HTTP/1.0" 200 72869 "-" "Mozilla/5.0 (Linux; Android 5.0) AppleWebKit/537.36 (KHTML, like Gecko) Mobile Safari/537.36 (compatible; Bytespider; https://zhanzhang.toutiao.com/)"
111.225.149.209 - - [10/Aug/2021:18:39:39 +0200] "GET /swfobject.js HTTP/1.0" 404 1308 "http://www.wonder-geek.com/toiletry-p-41060.html" "Mozilla/5.0 (Linux; Android 5.0) AppleWebKit/537.36 (KHTML, like Gecko) Mobile Safari/537.36 (compatible; Bytespider; https://zhanzhang.toutiao.com/)"
111.225.149.208 - - [10/Aug/2021:18:39:42 +0200] "GET /highslide/graphics/zoomout.cur HTTP/1.0" 200 614 "http://www.wonder-geek.com/toiletry-p-41060.html" "Mozilla/5.0 (Linux; Android 5.0) AppleWebKit/537.36 (KHTML, like Gecko) Mobile Safari/537.36 (compatible; Bytespider; https://zhanzhang.toutiao.com/)"
62.210.188.218 - - [10/Aug/2021:18:39:53 +0200] "GET /bird-feeder-cement-p-45089.html HTTP/1.0" 200 72657 "-" "Mozilla/5.0 (compatible; Barkrowler/0.9; +https://babbar.tech/crawler)"
220.243.136.133 - - [10/Aug/2021:18:40:02 +0200] "GET /ceramic-lamp-p-51792.html HTTP/1.0" 200 73538 "-" "Mozilla/5.0 (Linux; Android 5.0) AppleWebKit/537.36 (KHTML, like Gecko) Mobile Safari/537.36 (compatible; Bytespider; https://zhanzhang.toutiao.com/)"
220.243.136.138 - - [10/Aug/2021:18:40:03 +0200] "GET /swfobject.js HTTP/1.0" 404 1308 "http://www.wonder-geek.com/ceramic-lamp-p-51792.html" "Mozilla/5.0 (Linux; Android 5.0) AppleWebKit/537.36 (KHTML, like Gecko) Mobile Safari/537.36 (compatible; Bytespider; https://zhanzhang.toutiao.com/)"
220.243.136.139 - - [10/Aug/2021:18:40:04 +0200] "GET /images/big_prod_2/8424345932482C.jpg HTTP/1.0" 200 271 "http://www.wonder-geek.com/ceramic-lamp-p-51792.html" "Mozilla/5.0 (Linux; Android 5.0) AppleWebKit/537.36 (KHTML, like Gecko) Mobile Safari/537.36 (compatible; Bytespider; https://zhanzhang.toutiao.com/)"
220.243.136.154 - - [10/Aug/2021:18:40:04 +0200] "GET /images/big_prod_1/8424345932482B.jpg HTTP/1.0" 200 271 "http://www.wonder-geek.com/ceramic-lamp-p-51792.html" "Mozilla/5.0 (Linux; Android 5.0) AppleWebKit/537.36 (KHTML, like Gecko) Mobile Safari/537.36 (compatible; Bytespider; https://zhanzhang.toutiao.com/)"
220.243.136.143 - - [10/Aug/2021:18:40:05 +0200] "GET /highslide/graphics/zoomout.cur HTTP/1.0" 200 614 "http://www.wonder-geek.com/ceramic-lamp-p-51792.html" "Mozilla/5.0 (Linux; Android 5.0) AppleWebKit/537.36 (KHTML, like Gecko) Mobile Safari/537.36 (compatible; Bytespider; https://zhanzhang.toutiao.com/)"
220.243.136.134 - - [10/Aug/2021:18:40:05 +0200] "GET /images/big_prod/8424345932482.jpg HTTP/1.0" 200 268 "http://www.wonder-geek.com/ceramic-lamp-p-51792.html" "Mozilla/5.0 (Linux; Android 5.0) AppleWebKit/537.36 (KHTML, like Gecko) Mobile Safari/537.36 (compatible; Bytespider; https://zhanzhang.toutiao.com/)"
62.210.188.218 - - [10/Aug/2021:18:40:11 +0200] "GET /set-espresso-sakura-p-22324.html HTTP/1.0" 301 73054 "-" "Mozilla/5.0 (compatible; Barkrowler/0.9; +https://babbar.tech/crawler)"
54.36.148.242 - - [10/Aug/2021:18:40:14 +0200] "GET /anna-frozen-figure-collection-p-30721.html HTTP/1.0" 200 72967 "-" "Mozilla/5.0 (compatible; AhrefsBot/7.0; +http://ahrefs.com/robot/)"
185.191.171.7 - - [10/Aug/2021:18:40:22 +0200] "GET /sonny-angel-elephant-lace-phone-cover-iphone-p-17274.html?action=add_product HTTP/1.0" 302 476 "-" "Mozilla/5.0 (compatible; SemrushBot/7~bl; +http://www.semrush.com/bot.html)"
220.243.135.21 - - [10/Aug/2021:18:40:27 +0200] "GET /ceramic-lamp-p-52767.html HTTP/1.0" 200 73576 "-" "Mozilla/5.0 (Linux; Android 5.0) AppleWebKit/537.36 (KHTML, like Gecko) Mobile Safari/537.36 (compatible; Bytespider; https://zhanzhang.toutiao.com/)"
157.55.39.5 - - [10/Aug/2021:18:40:28 +0200] "GET /dragon-ball-goku-freezer-p-30217.html HTTP/1.0" 200 72942 "-" "Mozilla/5.0 (compatible; bingbot/2.0; +http://www.bing.com/bingbot.htm)"
220.243.135.13 - - [10/Aug/2021:18:40:28 +0200] "GET /swfobject.js HTTP/1.0" 404 1308 "http://www.wonder-geek.com/ceramic-lamp-p-52767.html" "Mozilla/5.0 (Linux; Android 5.0) AppleWebKit/537.36 (KHTML, like Gecko) Mobile Safari/537.36 (compatible; Bytespider; https://zhanzhang.toutiao.com/)"
220.243.135.6 - - [10/Aug/2021:18:40:29 +0200] "GET /images/big_prod_1/8424346234011B.jpg HTTP/1.0" 200 271 "http://www.wonder-geek.com/ceramic-lamp-p-52767.html" "Mozilla/5.0 (Linux; Android 5.0) AppleWebKit/537.36 (KHTML, like Gecko) Mobile Safari/537.36 (compatible; Bytespider; https://zhanzhang.toutiao.com/)"
220.243.135.24 - - [10/Aug/2021:18:40:30 +0200] "GET /highslide/graphics/zoomout.cur HTTP/1.0" 200 614 "http://www.wonder-geek.com/ceramic-lamp-p-52767.html" "Mozilla/5.0 (Linux; Android 5.0) AppleWebKit/537.36 (KHTML, like Gecko) Mobile Safari/537.36 (compatible; Bytespider; https://zhanzhang.toutiao.com/)"
220.243.135.27 - - [10/Aug/2021:18:40:30 +0200] "GET /images/big_prod/8424346234011.jpg HTTP/1.0" 200 268 "http://www.wonder-geek.com/ceramic-lamp-p-52767.html" "Mozilla/5.0 (Linux; Android 5.0) AppleWebKit/537.36 (KHTML, like Gecko) Mobile Safari/537.36 (compatible; Bytespider; https://zhanzhang.toutiao.com/)"
220.243.135.8 - - [10/Aug/2021:18:40:30 +0200] "GET /images/big_prod_2/8424346234011C.jpg HTTP/1.0" 200 271 "http://www.wonder-geek.com/ceramic-lamp-p-52767.html" "Mozilla/5.0 (Linux; Android 5.0) AppleWebKit/537.36 (KHTML, like Gecko) Mobile Safari/537.36 (compatible; Bytespider; https://zhanzhang.toutiao.com/)"
62.210.188.218 - - [10/Aug/2021:18:40:31 +0200] "GET /eyelet-curtain-p-52387.html HTTP/1.0" 200 75625 "-" "Mozilla/5.0 (compatible; Barkrowler/0.9; +https://babbar.tech/crawler)"
207.46.13.101 - - [10/Aug/2021:18:40:47 +0200] "GET /beatles-story-notebook-p-17105.html HTTP/1.0" 200 74602 "-" "Mozilla/5.0 (compatible; bingbot/2.0; +http://www.bing.com/bingbot.htm)"
111.225.149.237 - - [10/Aug/2021:18:40:50 +0200] "GET /ceramic-lamp-p-52280.html HTTP/1.0" 200 73538 "-" "Mozilla/5.0 (Linux; Android 5.0) AppleWebKit/537.36 (KHTML, like Gecko) Mobile Safari/537.36 (compatible; Bytespider; https://zhanzhang.toutiao.com/)"
62.210.188.218 - - [10/Aug/2021:18:40:50 +0200] "GET /household-linen-c-11.html?page=8 HTTP/1.0" 200 91538 "-" "Mozilla/5.0 (compatible; Barkrowler/0.9; +https://babbar.tech/crawler)"
111.225.149.237 - - [10/Aug/2021:18:40:51 +0200] "GET /swfobject.js HTTP/1.0" 404 1308 "http://www.wonder-geek.com/ceramic-lamp-p-52280.html" "Mozilla/5.0 (Linux; Android 5.0) AppleWebKit/537.36 (KHTML, like Gecko) Mobile Safari/537.36 (compatible; Bytespider; https://zhanzhang.toutiao.com/)"
111.225.149.234 - - [10/Aug/2021:18:40:54 +0200] "GET /images/big_prod_2/8424345932413C.jpg HTTP/1.0" 200 271 "http://www.wonder-geek.com/ceramic-lamp-p-52280.html" "Mozilla/5.0 (Linux; Android 5.0) AppleWebKit/537.36 (KHTML, like Gecko) Mobile Safari/537.36 (compatible; Bytespider; https://zhanzhang.toutiao.com/)"
111.225.149.247 - - [10/Aug/2021:18:40:54 +0200] "GET /images/big_prod_1/8424345932413B.jpg HTTP/1.0" 200 271 "http://www.wonder-geek.com/ceramic-lamp-p-52280.html" "Mozilla/5.0 (Linux; Android 5.0) AppleWebKit/537.36 (KHTML, like Gecko) Mobile Safari/537.36 (compatible; Bytespider; https://zhanzhang.toutiao.com/)"
111.225.149.237 - - [10/Aug/2021:18:40:54 +0200] "GET /images/big_prod/8424345932413.jpg HTTP/1.0" 200 268 "http://www.wonder-geek.com/ceramic-lamp-p-52280.html" "Mozilla/5.0 (Linux; Android 5.0) AppleWebKit/537.36 (KHTML, like Gecko) Mobile Safari/537.36 (compatible; Bytespider; https://zhanzhang.toutiao.com/)"
111.225.149.243 - - [10/Aug/2021:18:40:54 +0200] "GET /highslide/graphics/zoomout.cur HTTP/1.0" 200 614 "http://www.wonder-geek.com/ceramic-lamp-p-52280.html" "Mozilla/5.0 (Linux; Android 5.0) AppleWebKit/537.36 (KHTML, like Gecko) Mobile Safari/537.36 (compatible; Bytespider; https://zhanzhang.toutiao.com/)"
51.68.224.127 - - [10/Aug/2021:18:40:55 +0200] "GET /adminweb/export_orders_xml.php?token=256de2z6edz6ed2z6DFSFsed2zed6zeDSFDSGdzedezfzf&maxorders=10&orderstart=1&status=14&start_date=2018-10-01 HTTP/1.0" 200 285 "-" "GesCom CharlotteBoutik Serveur"
51.68.224.127 - - [10/Aug/2021:18:40:55 +0200] "GET /adminweb/export_orders_xml.php?token=256de2z6edz6ed2z6DFSFsed2zed6zeDSFDSGdzedezfzf&maxorders=10&orderstart=1&status=6&start_date=2018-10-01 HTTP/1.0" 200 28601 "-" "GesCom CharlotteBoutik Serveur"
185.191.171.15 - - [10/Aug/2021:18:41:03 +0200] "GET /caramel-double-pencil-case-blue-wolf-p-55646.html HTTP/1.0" 200 73795 "-" "Mozilla/5.0 (compatible; SemrushBot/7~bl; +http://www.semrush.com/bot.html)"
62.210.188.218 - - [10/Aug/2021:18:41:08 +0200] "GET /paris-black-shoulder-bag-p-32256.html HTTP/1.0" 301 73245 "-" "Mozilla/5.0 (compatible; Barkrowler/0.9; +https://babbar.tech/crawler)"
