207.46.13.175 - - [10/Aug/2021:19:51:42 +0200] "GET /little-kitchen-ceramic-with-infuser-p-41631.html HTTP/1.0" 200 72964 "-" "Mozilla/5.0 (compatible; bingbot/2.0; +http://www.bing.com/bingbot.htm)"
40.77.167.106 - - [10/Aug/2021:19:51:54 +0200] "GET /butter-dish-c-12_222.html HTTP/1.0" 200 77396 "-" "Mozilla/5.0 (compatible; bingbot/2.0; +http://www.bing.com/bingbot.htm)"
157.55.39.51 - - [10/Aug/2021:19:51:59 +0200] "GET /decorative-sundial-compass-brass-gilbert-sons-p-52859.html HTTP/1.0" 200 73082 "-" "Mozilla/5.0 (compatible; bingbot/2.0; +http://www.bing.com/bingbot.htm)"
54.36.148.242 - - [10/Aug/2021:19:52:04 +0200] "GET /small-akio-night-light-hello-kitty-p-51498.html HTTP/1.0" 200 73837 "-" "Mozilla/5.0 (compatible; AhrefsBot/7.0; +http://ahrefs.com/robot/)"
40.77.167.106 - - [10/Aug/2021:19:53:04 +0200] "GET /-p-38719.html HTTP/1.0" 200 70200 "-" "Mozilla/5.0 (compatible; bingbot/2.0; +http://www.bing.com/bingbot.htm)"
40.77.167.106 - - [10/Aug/2021:19:53:05 +0200] "GET /melt-lemon-amalfi-p-47628.html HTTP/1.0" 200 73459 "-" "Mozilla/5.0 (compatible; bingbot/2.0; +http://www.bing.com/bingbot.htm)"
40.77.167.106 - - [10/Aug/2021:19:53:14 +0200] "GET /lotus-candleholder-chakra-blue-goldlining-p-35520.html HTTP/1.0" 200 74434 "-" "Mozilla/5.0 (compatible; bingbot/2.0; +http://www.bing.com/bingbot.htm)"
185.191.171.22 - - [10/Aug/2021:19:53:14 +0200] "GET /enjoy-your-life-p-40462.html HTTP/1.0" 200 72801 "-" "Mozilla/5.0 (compatible; SemrushBot/7~bl; +http://www.semrush.com/bot.html)"
207.46.13.175 - - [10/Aug/2021:19:53:21 +0200] "GET /swfobject.js HTTP/1.0" 404 1308 "-" "Mozilla/5.0 (compatible; bingbot/2.0; +http://www.bing.com/bingbot.htm)"
54.36.148.242 - - [10/Aug/2021:19:53:30 +0200] "GET /harley-davidson-large-metal-plate-p-40292.html HTTP/1.0" 200 72923 "-" "Mozilla/5.0 (compatible; AhrefsBot/7.0; +http://ahrefs.com/robot/)"
54.36.149.17 - - [10/Aug/2021:19:53:49 +0200] "GET /silver-and-gold-owl-statuette-15-cm-p-47377.html HTTP/1.0" 301 73025 "-" "Mozilla/5.0 (compatible; AhrefsBot/7.0; +http://ahrefs.com/robot/)"
185.191.171.42 - - [10/Aug/2021:19:54:12 +0200] "GET /embossed-metal-frame-motorcycle-80-58-cm-p-37506.html HTTP/1.0" 301 73109 "-" "Mozilla/5.0 (compatible; SemrushBot/7~bl; +http://www.semrush.com/bot.html)"
185.191.171.25 - - [10/Aug/2021:19:54:14 +0200] "GET /embossed-metal-frame-motorcycle-p-37506.html HTTP/1.0" 200 73011 "-" "Mozilla/5.0 (compatible; SemrushBot/7~bl; +http://www.semrush.com/bot.html)"
157.55.39.122 - - [10/Aug/2021:19:54:15 +0200] "GET /beautiful-babushka-kimmidoll-black-notebook-p-33221.html HTTP/1.0" 200 73130 "-" "Mozilla/5.0 (compatible; bingbot/2.0; +http://www.bing.com/bingbot.htm)"
207.46.13.39 - - [10/Aug/2021:19:54:20 +0200] "GET /pink-distributor-p-50100.html HTTP/1.0" 200 72954 "-" "Mozilla/5.0 (compatible; bingbot/2.0; +http://www.bing.com/bingbot.htm)"
157.55.39.51 - - [10/Aug/2021:19:54:30 +0200] "GET /typewriter-wooden-frame-p-31875.html HTTP/1.0" 200 74540 "-" "Mozilla/5.0 (compatible; bingbot/2.0; +http://www.bing.com/bingbot.htm)"
185.191.171.36 - - [10/Aug/2021:19:54:36 +0200] "GET /jack-daniel-rectangular-mirror-p-10869.html HTTP/1.0" 200 72883 "-" "Mozilla/5.0 (compatible; SemrushBot/7~bl; +http://www.semrush.com/bot.html)"
54.36.148.242 - - [10/Aug/2021:19:54:54 +0200] "GET /titanic-bell-wall-p-47447.html HTTP/1.0" 200 72875 "-" "Mozilla/5.0 (compatible; AhrefsBot/7.0; +http://ahrefs.com/robot/)"
157.55.39.156 - - [10/Aug/2021:19:54:57 +0200] "GET /gormiti-swimming-armband-p-9112.html HTTP/1.0" 200 72727 "-" "Mozilla/5.0 (compatible; bingbot/2.0; +http://www.bing.com/bingbot.htm)"
66.249.66.220 - - [10/Aug/2021:19:55:13 +0200] "GET /moroccan-ashtray-p-40649.html HTTP/1.0" 200 72807 "-" "Mozilla/5.0 (compatible; Googlebot/2.1; +http://www.google.com/bot.html)"
207.46.13.127 - - [10/Aug/2021:19:55:16 +0200] "GET /saint-joan-prayer-candle-novena-p-51637.html HTTP/1.0" 200 73712 "-" "Mozilla/5.0 (compatible; bingbot/2.0; +http://www.bing.com/bingbot.htm)"
185.191.171.15 - - [10/Aug/2021:19:55:25 +0200] "GET /carp-koi-bath-towel-p-40756.html HTTP/1.0" 301 70340 "-" "Mozilla/5.0 (compatible; SemrushBot/7~bl; +http://www.semrush.com/bot.html)"
185.191.171.23 - - [10/Aug/2021:19:55:27 +0200] "GET /carp-bath-towel-p-40756.html HTTP/1.0" 200 70258 "-" "Mozilla/5.0 (compatible; SemrushBot/7~bl; +http://www.semrush.com/bot.html)"
157.55.39.44 - - [10/Aug/2021:19:55:55 +0200] "GET /keith-haring-tote-p-29252.html HTTP/1.0" 200 72849 "-" "Mozilla/5.0 (compatible; bingbot/2.0; +http://www.bing.com/bingbot.htm)"
54.36.148.242 - - [10/Aug/2021:19:56:11 +0200] "GET /gourmandise-joli-dfaut-little-tray-p-42088.html HTTP/1.0" 200 73088 "-" "Mozilla/5.0 (compatible; AhrefsBot/7.0; +http://ahrefs.com/robot/)"
185.191.171.41 - - [10/Aug/2021:19:56:34 +0200] "GET /tweety-gift-package-money-p-24160.html?action=add_product HTTP/1.0" 302 476 "-" "Mozilla/5.0 (compatible; SemrushBot/7~bl; +http://www.semrush.com/bot.html)"
207.46.13.39 - - [10/Aug/2021:19:56:49 +0200] "GET /-p-33075.html HTTP/1.0" 200 70200 "-" "Mozilla/5.0 (compatible; bingbot/2.0; +http://www.bing.com/bingbot.htm)"
157.55.39.44 - - [10/Aug/2021:19:57:25 +0200] "GET /colourful-count-mickey-mouse-figurine-p-45970.html HTTP/1.0" 200 74647 "-" "Mozilla/5.0 (compatible; bingbot/2.0; +http://www.bing.com/bingbot.htm)"
54.36.148.242 - - [10/Aug/2021:19:57:32 +0200] "GET /r2d2-hobo-p-29265.html HTTP/1.0" 200 73059 "-" "Mozilla/5.0 (compatible; AhrefsBot/7.0; +http://ahrefs.com/robot/)"
207.46.13.127 - - [10/Aug/2021:19:57:37 +0200] "GET /transformers-soundwave-figure-to-build-p-21602.html HTTP/1.0" 301 70267 "-" "Mozilla/5.0 (compatible; bingbot/2.0; +http://www.bing.com/bingbot.htm)"
185.191.171.33 - - [10/Aug/2021:19:58:07 +0200] "GET /kori-kumi-horizontal-shoulder-p-30501.html?action=add_product HTTP/1.0" 302 476 "-" "Mozilla/5.0 (compatible; SemrushBot/7~bl; +http://www.semrush.com/bot.html)"
147.92.153.18 - - [10/Aug/2021:19:58:08 +0200] "GET /court-sleeves-shirts-c-1_22.html HTTP/1.0" 200 69192 "-" "Mozilla/5.0 (compatible; Linespider/1.1; +https://lin.ee/4dwXkTH)"
54.36.148.89 - - [10/Aug/2021:19:58:12 +0200] "GET /kimmidoll-mizuyo-cosmetic-case-p-28685.html HTTP/1.0" 301 70267 "-" "Mozilla/5.0 (compatible; AhrefsBot/7.0; +http://ahrefs.com/robot/)"
157.55.39.44 - - [10/Aug/2021:19:58:15 +0200] "GET /cats-ground-sheet-p-52148.html HTTP/1.0" 200 73651 "-" "Mozilla/5.0 (compatible; bingbot/2.0; +http://www.bing.com/bingbot.htm)"
185.191.171.17 - - [10/Aug/2021:19:58:35 +0200] "GET /frozen-disney-glitter-globe-p-34084.html?action=add_product HTTP/1.0" 302 476 "-" "Mozilla/5.0 (compatible; SemrushBot/7~bl; +http://www.semrush.com/bot.html)"
54.36.148.242 - - [10/Aug/2021:19:58:51 +0200] "GET /pillow-case-p-33865.html HTTP/1.0" 200 73050 "-" "Mozilla/5.0 (compatible; AhrefsBot/7.0; +http://ahrefs.com/robot/)"
185.191.171.37 - - [10/Aug/2021:19:58:51 +0200] "GET /zodiac-sign-training-bottle-cbkreation-p-43351.html HTTP/1.0" 200 73248 "-" "Mozilla/5.0 (compatible; SemrushBot/7~bl; +http://www.semrush.com/bot.html)"
111.225.148.121 - - [10/Aug/2021:19:58:53 +0200] "GET /lamp-buddha-pink-p-44891.html HTTP/1.0" 200 72799 "-" "Mozilla/5.0 (Linux; Android 5.0) AppleWebKit/537.36 (KHTML, like Gecko) Mobile Safari/537.36 (compatible; Bytespider; https://zhanzhang.toutiao.com/)"
111.225.148.118 - - [10/Aug/2021:19:58:54 +0200] "GET /swfobject.js HTTP/1.0" 404 1308 "http://www.wonder-geek.com/lamp-buddha-pink-p-44891.html" "Mozilla/5.0 (Linux; Android 5.0) AppleWebKit/537.36 (KHTML, like Gecko) Mobile Safari/537.36 (compatible; Bytespider; https://zhanzhang.toutiao.com/)"
111.225.148.114 - - [10/Aug/2021:19:58:56 +0200] "GET /highslide/graphics/zoomout.cur HTTP/1.0" 200 614 "http://www.wonder-geek.com/lamp-buddha-pink-p-44891.html" "Mozilla/5.0 (Linux; Android 5.0) AppleWebKit/537.36 (KHTML, like Gecko) Mobile Safari/537.36 (compatible; Bytespider; https://zhanzhang.toutiao.com/)"
111.225.148.107 - - [10/Aug/2021:19:58:57 +0200] "GET /images/big_prod/1384220390806.jpg HTTP/1.0" 200 268 "http://www.wonder-geek.com/lamp-buddha-pink-p-44891.html" "Mozilla/5.0 (Linux; Android 5.0) AppleWebKit/537.36 (KHTML, like Gecko) Mobile Safari/537.36 (compatible; Bytespider; https://zhanzhang.toutiao.com/)"
157.55.39.5 - - [10/Aug/2021:19:59:03 +0200] "GET /-p-39591.html HTTP/1.0" 200 70200 "-" "Mozilla/5.0 (compatible; bingbot/2.0; +http://www.bing.com/bingbot.htm)"
157.55.39.122 - - [10/Aug/2021:19:59:09 +0200] "GET /titanic-small-metal-plate-p-15217.html HTTP/1.0" 200 70316 "-" "Mozilla/5.0 (compatible; bingbot/2.0; +http://www.bing.com/bingbot.htm)"
185.191.171.37 - - [10/Aug/2021:19:59:16 +0200] "GET /fashioned-biscuit-p-38660.html?action=add_product HTTP/1.0" 302 476 "-" "Mozilla/5.0 (compatible; SemrushBot/7~bl; +http://www.semrush.com/bot.html)"
185.191.171.37 - - [10/Aug/2021:19:59:23 +0200] "GET /wooden-calendar-p-49194.html HTTP/1.0" 200 73368 "-" "Mozilla/5.0 (compatible; SemrushBot/7~bl; +http://www.semrush.com/bot.html)"
185.191.171.26 - - [10/Aug/2021:19:59:25 +0200] "GET /paris-bistro-black-p-47473.html?action=add_product HTTP/1.0" 302 476 "-" "Mozilla/5.0 (compatible; SemrushBot/7~bl; +http://www.semrush.com/bot.html)"
207.46.13.127 - - [10/Aug/2021:19:59:27 +0200] "GET /-p-20150.html HTTP/1.0" 200 70200 "-" "Mozilla/5.0 (compatible; bingbot/2.0; +http://www.bing.com/bingbot.htm)"
207.46.13.175 - - [10/Aug/2021:19:59:42 +0200] "GET /swfobject.js HTTP/1.0" 404 1308 "-" "Mozilla/5.0 (compatible; bingbot/2.0; +http://www.bing.com/bingbot.htm)"
207.46.13.175 - - [10/Aug/2021:19:59:43 +0200] "GET /nice-flag-p-38276.html HTTP/1.0" 200 70248 "-" "Mozilla/5.0 (compatible; bingbot/2.0; +http://www.bing.com/bingbot.htm)"
207.46.13.175 - - [10/Aug/2021:19:59:44 +0200] "GET /strawberry-shortcake-pink-swimsuit-p-30284.html HTTP/1.0" 200 74101 "-" "Mozilla/5.0 (compatible; bingbot/2.0; +http://www.bing.com/bingbot.htm)"
54.36.149.106 - - [10/Aug/2021:20:00:02 +0200] "GET /green-littlest-petshop-mug-p-20055.html HTTP/1.0" 301 70267 "-" "Mozilla/5.0 (compatible; AhrefsBot/7.0; +http://ahrefs.com/robot/)"
157.55.39.44 - - [10/Aug/2021:20:00:05 +0200] "GET /-p-14962.html HTTP/1.0" 200 70200 "-" "Mozilla/5.0 (compatible; bingbot/2.0; +http://www.bing.com/bingbot.htm)"
54.36.148.242 - - [10/Aug/2021:20:00:05 +0200] "GET /pillow-case-white-p-31983.html HTTP/1.0" 200 73075 "-" "Mozilla/5.0 (compatible; AhrefsBot/7.0; +http://ahrefs.com/robot/)"
119.8.236.217 - - [10/Aug/2021:20:00:26 +0200] "GET /images/mini_prod/8427787039313.jpg HTTP/1.0" 200 269 "-" "Python/3.7 aiohttp/3.7.4.post0"
17.121.115.188 - - [10/Aug/2021:20:01:01 +0200] "GET /weight-of-tablecloth-cicada-in-pack-of-p-48624.html HTTP/1.0" 301 70267 "-" "Mozilla/5.0 (Macintosh; Intel Mac OS X 10_15_5) AppleWebKit/605.1.15 (KHTML, like Gecko) Version/13.1.1 Safari/605.1.15 (Applebot/0.1; +http://www.apple.com/go/applebot)"
17.121.115.188 - - [10/Aug/2021:20:01:03 +0200] "GET /-p-48624.html HTTP/1.0" 200 70200 "-" "Mozilla/5.0 (Macintosh; Intel Mac OS X 10_15_5) AppleWebKit/605.1.15 (KHTML, like Gecko) Version/13.1.1 Safari/605.1.15 (Applebot/0.1; +http://www.apple.com/go/applebot)"
207.46.13.127 - - [10/Aug/2021:20:01:10 +0200] "GET /-p-9272.html HTTP/1.0" 200 70198 "-" "Mozilla/5.0 (compatible; bingbot/2.0; +http://www.bing.com/bingbot.htm)"
54.36.148.242 - - [10/Aug/2021:20:01:22 +0200] "GET /fcb-mug-3d-p-52117.html HTTP/1.0" 200 72718 "-" "Mozilla/5.0 (compatible; AhrefsBot/7.0; +http://ahrefs.com/robot/)"
157.55.39.51 - - [10/Aug/2021:20:01:31 +0200] "GET /lotus-candleholder-light-black-silverlining-p-38923.html HTTP/1.0" 200 74440 "-" "Mozilla/5.0 (compatible; bingbot/2.0; +http://www.bing.com/bingbot.htm)"
216.244.66.242 - - [10/Aug/2021:20:01:54 +0200] "GET /cars-metal-clock-p-12527.html HTTP/1.0" 200 72800 "-" "Mozilla/5.0 (compatible; DotBot/1.2; +https://opensiteexplorer.org/dotbot; help@moz.com)"
157.55.39.44 - - [10/Aug/2021:20:01:55 +0200] "GET /-p-29696.html HTTP/1.0" 200 70200 "-" "Mozilla/5.0 (compatible; bingbot/2.0; +http://www.bing.com/bingbot.htm)"
157.55.39.5 - - [10/Aug/2021:20:02:04 +0200] "GET /-p-24635.html HTTP/1.0" 200 70200 "-" "Mozilla/5.0 (compatible; bingbot/2.0; +http://www.bing.com/bingbot.htm)"
157.55.39.122 - - [10/Aug/2021:20:02:09 +0200] "GET /hourglass-decoration-glass-sand-glitter-p-51969.html HTTP/1.0" 200 73002 "-" "Mozilla/5.0 (compatible; bingbot/2.0; +http://www.bing.com/bingbot.htm)"
54.36.148.242 - - [10/Aug/2021:20:02:41 +0200] "GET /pillow-case-white-p-39126.html HTTP/1.0" 200 73080 "-" "Mozilla/5.0 (compatible; AhrefsBot/7.0; +http://ahrefs.com/robot/)"
51.68.224.127 - - [10/Aug/2021:20:02:49 +0200] "GET /adminweb/export_orders_xml.php?token=256de2z6edz6ed2z6DFSFsed2zed6zeDSFDSGdzedezfzf&maxorders=10&orderstart=1&status=14&start_date=2018-10-01 HTTP/1.0" 200 285 "-" "GesCom CharlotteBoutik Serveur"
51.68.224.127 - - [10/Aug/2021:20:02:49 +0200] "GET /adminweb/export_orders_xml.php?token=256de2z6edz6ed2z6DFSFsed2zed6zeDSFDSGdzedezfzf&maxorders=10&orderstart=1&status=6&start_date=2018-10-01 HTTP/1.0" 200 28601 "-" "GesCom CharlotteBoutik Serveur"
207.46.13.101 - - [10/Aug/2021:20:03:06 +0200] "GET /-p-29955.html HTTP/1.0" 200 70200 "-" "Mozilla/5.0 (compatible; bingbot/2.0; +http://www.bing.com/bingbot.htm)"
185.191.171.2 - - [10/Aug/2021:20:03:06 +0200] "GET /felt-pens-p-40835.html?action=add_product HTTP/1.0" 302 476 "-" "Mozilla/5.0 (compatible; SemrushBot/7~bl; +http://www.semrush.com/bot.html)"
207.46.13.127 - - [10/Aug/2021:20:03:18 +0200] "GET /verity-rose-gift-card-p-29165.html HTTP/1.0" 200 70296 "-" "Mozilla/5.0 (compatible; bingbot/2.0; +http://www.bing.com/bingbot.htm)"
207.46.13.101 - - [10/Aug/2021:20:03:46 +0200] "GET /-p-22027.html HTTP/1.0" 200 70200 "-" "Mozilla/5.0 (compatible; bingbot/2.0; +http://www.bing.com/bingbot.htm)"
185.191.171.5 - - [10/Aug/2021:20:03:56 +0200] "GET /scent-heart-home-welcoming-fire-p-53328.html?action=add_product HTTP/1.0" 302 476 "-" "Mozilla/5.0 (compatible; SemrushBot/7~bl; +http://www.semrush.com/bot.html)"
54.36.148.242 - - [10/Aug/2021:20:04:11 +0200] "GET /zippo-tobacco-pouch-double-textured-leather-p-49094.html HTTP/1.0" 200 74136 "-" "Mozilla/5.0 (compatible; AhrefsBot/7.0; +http://ahrefs.com/robot/)"
157.55.39.44 - - [10/Aug/2021:20:04:26 +0200] "GET /-p-31601.html HTTP/1.0" 200 70200 "-" "Mozilla/5.0 (compatible; bingbot/2.0; +http://www.bing.com/bingbot.htm)"
207.46.13.175 - - [10/Aug/2021:20:04:43 +0200] "GET /personalized-photo-album-kimmidoll-love-p-21751.html HTTP/1.0" 200 73347 "-" "Mozilla/5.0 (compatible; bingbot/2.0; +http://www.bing.com/bingbot.htm)"
207.46.13.39 - - [10/Aug/2021:20:05:30 +0200] "GET /johnny-hallyday-zippo-lighter-p-49850.html HTTP/1.0" 200 73960 "-" "Mozilla/5.0 (compatible; bingbot/2.0; +http://www.bing.com/bingbot.htm)"
216.244.66.242 - - [10/Aug/2021:20:05:31 +0200] "GET /openwork-tubular-table-lamp-p-52905.html HTTP/1.0" 200 73445 "-" "Mozilla/5.0 (compatible; DotBot/1.2; +https://opensiteexplorer.org/dotbot; help@moz.com)"
54.36.148.242 - - [10/Aug/2021:20:05:32 +0200] "GET /united-states-marshall-cover-iphone-p-19395.html HTTP/1.0" 200 73231 "-" "Mozilla/5.0 (compatible; AhrefsBot/7.0; +http://ahrefs.com/robot/)"
185.191.171.26 - - [10/Aug/2021:20:05:36 +0200] "GET /wall-decoration-pump-gasoline-metal-p-44743.html HTTP/1.0" 200 73038 "-" "Mozilla/5.0 (compatible; SemrushBot/7~bl; +http://www.semrush.com/bot.html)"
216.244.66.242 - - [10/Aug/2021:20:05:37 +0200] "GET /resin-ninja-skull-statuette-p-48767.html HTTP/1.0" 200 73538 "-" "Mozilla/5.0 (compatible; DotBot/1.2; +https://opensiteexplorer.org/dotbot; help@moz.com)"
216.244.66.242 - - [10/Aug/2021:20:05:42 +0200] "GET /singe-table-lamp-base-p-50810.html HTTP/1.0" 200 73370 "-" "Mozilla/5.0 (compatible; DotBot/1.2; +https://opensiteexplorer.org/dotbot; help@moz.com)"
40.77.167.106 - - [10/Aug/2021:20:05:45 +0200] "GET /toucan-round-side-table-p-48994.html HTTP/1.0" 200 72824 "-" "Mozilla/5.0 (compatible; bingbot/2.0; +http://www.bing.com/bingbot.htm)"
185.191.171.42 - - [10/Aug/2021:20:06:44 +0200] "GET /phone-cover-iphone-cbkreation-p-13939.html?action=add_product HTTP/1.0" 302 476 "-" "Mozilla/5.0 (compatible; SemrushBot/7~bl; +http://www.semrush.com/bot.html)"
54.36.148.242 - - [10/Aug/2021:20:06:47 +0200] "GET /tropical-home-tray-p-45515.html HTTP/1.0" 200 72982 "-" "Mozilla/5.0 (compatible; AhrefsBot/7.0; +http://ahrefs.com/robot/)"
66.249.66.220 - - [10/Aug/2021:20:07:06 +0200] "GET /arlsienne-metal-rests-flat-p-43892.html HTTP/1.0" 200 72858 "-" "Mozilla/5.0 (Linux; Android 6.0.1; Nexus 5X Build/MMB29P) AppleWebKit/537.36 (KHTML, like Gecko) Chrome/92.0.4515.119 Mobile Safari/537.36 (compatible; Googlebot/2.1; +http://www.google.com/bot.html)"
66.249.66.218 - - [10/Aug/2021:20:07:13 +0200] "GET /glass-cutting-board-cbkreation-p-51281.html HTTP/1.0" 200 72906 "-" "Mozilla/5.0 (compatible; Googlebot/2.1; +http://www.google.com/bot.html)"
157.55.39.51 - - [10/Aug/2021:20:07:32 +0200] "GET /essuie-shirt-p-29577.html HTTP/1.0" 200 70290 "-" "Mozilla/5.0 (compatible; bingbot/2.0; +http://www.bing.com/bingbot.htm)"
157.55.39.156 - - [10/Aug/2021:20:07:58 +0200] "GET /-p-51390.html HTTP/1.0" 200 70200 "-" "Mozilla/5.0 (compatible; bingbot/2.0; +http://www.bing.com/bingbot.htm)"
54.36.148.242 - - [10/Aug/2021:20:08:03 +0200] "GET /espresso-cups-paris-p-52012.html HTTP/1.0" 200 73476 "-" "Mozilla/5.0 (compatible; AhrefsBot/7.0; +http://ahrefs.com/robot/)"
207.46.13.101 - - [10/Aug/2021:20:08:06 +0200] "GET /souls-heart-mickey-mouse-minnie-mouse-figurine-p-45975.html HTTP/1.0" 200 74294 "-" "Mozilla/5.0 (compatible; bingbot/2.0; +http://www.bing.com/bingbot.htm)"
40.77.167.106 - - [10/Aug/2021:20:08:15 +0200] "GET /bottle-opener-corsica-p-48339.html HTTP/1.0" 200 72848 "-" "Mozilla/5.0 (compatible; bingbot/2.0; +http://www.bing.com/bingbot.htm)"
207.46.13.39 - - [10/Aug/2021:20:08:30 +0200] "GET /windchime-wood-five-chimes-p-43517.html HTTP/1.0" 200 73498 "-" "Mozilla/5.0 (compatible; bingbot/2.0; +http://www.bing.com/bingbot.htm)"
110.249.201.175 - - [10/Aug/2021:20:08:51 +0200] "GET /toiletry-p-41057.html HTTP/1.0" 200 72869 "-" "Mozilla/5.0 (Linux; Android 5.0) AppleWebKit/537.36 (KHTML, like Gecko) Mobile Safari/537.36 (compatible; Bytespider; https://zhanzhang.toutiao.com/)"
110.249.201.188 - - [10/Aug/2021:20:08:53 +0200] "GET /swfobject.js HTTP/1.0" 404 1308 "http://www.wonder-geek.com/toiletry-p-41057.html" "Mozilla/5.0 (Linux; Android 5.0) AppleWebKit/537.36 (KHTML, like Gecko) Mobile Safari/537.36 (compatible; Bytespider; https://zhanzhang.toutiao.com/)"
110.249.201.174 - - [10/Aug/2021:20:08:54 +0200] "GET /highslide/graphics/zoomout.cur HTTP/1.0" 200 614 "http://www.wonder-geek.com/toiletry-p-41057.html" "Mozilla/5.0 (Linux; Android 5.0) AppleWebKit/537.36 (KHTML, like Gecko) Mobile Safari/537.36 (compatible; Bytespider; https://zhanzhang.toutiao.com/)"
110.249.201.171 - - [10/Aug/2021:20:08:54 +0200] "GET /images/big_prod/1399986100279.jpg HTTP/1.0" 200 268 "http://www.wonder-geek.com/toiletry-p-41057.html" "Mozilla/5.0 (Linux; Android 5.0) AppleWebKit/537.36 (KHTML, like Gecko) Mobile Safari/537.36 (compatible; Bytespider; https://zhanzhang.toutiao.com/)"
157.55.39.44 - - [10/Aug/2021:20:09:06 +0200] "GET /pucca-mobile-sock-p-24398.html HTTP/1.0" 200 72683 "-" "Mozilla/5.0 (compatible; bingbot/2.0; +http://www.bing.com/bingbot.htm)"
185.191.171.18 - - [10/Aug/2021:20:09:09 +0200] "GET /robots.txt HTTP/1.0" 200 245 "-" "Mozilla/5.0 (compatible; SemrushBot/7~bl; +http://www.semrush.com/bot.html)"
185.191.171.9 - - [10/Aug/2021:20:09:10 +0200] "GET /lotus-candleholder-lilac-p-42873.html HTTP/1.0" 200 74254 "-" "Mozilla/5.0 (compatible; SemrushBot/7~bl; +http://www.semrush.com/bot.html)"
54.36.148.242 - - [10/Aug/2021:20:09:12 +0200] "GET /-c-97_196.html HTTP/1.0" 200 76946 "-" "Mozilla/5.0 (compatible; AhrefsBot/7.0; +http://ahrefs.com/robot/)"
185.191.171.24 - - [10/Aug/2021:20:09:15 +0200] "GET /cats-flowers-teapot-with-metal-infuser-p-45613.html HTTP/1.0" 200 72957 "-" "Mozilla/5.0 (compatible; SemrushBot/7~bl; +http://www.semrush.com/bot.html)"
207.46.13.127 - - [10/Aug/2021:20:09:20 +0200] "GET /fashioned-biscuit-p-38660.html HTTP/1.0" 200 72890 "-" "Mozilla/5.0 (compatible; bingbot/2.0; +http://www.bing.com/bingbot.htm)"
185.191.171.45 - - [10/Aug/2021:20:09:22 +0200] "GET /mini-magnetic-plate-rtro-wine-lovers-gracefully-p-34407.html?action=add_product HTTP/1.0" 302 476 "-" "Mozilla/5.0 (compatible; SemrushBot/7~bl; +http://www.semrush.com/bot.html)"
40.77.167.106 - - [10/Aug/2021:20:09:55 +0200] "GET /tea-pot-c-12_175.html HTTP/1.0" 200 90342 "-" "Mozilla/5.0 (compatible; bingbot/2.0; +http://www.bing.com/bingbot.htm)"
54.36.149.37 - - [10/Aug/2021:20:10:02 +0200] "GET /london-metal-keyring-bus-p-35352.html HTTP/1.0" 301 72964 "-" "Mozilla/5.0 (compatible; AhrefsBot/7.0; +http://ahrefs.com/robot/)"
157.55.39.5 - - [10/Aug/2021:20:10:05 +0200] "GET /-p-32105.html HTTP/1.0" 200 70200 "-" "Mozilla/5.0 (compatible; bingbot/2.0; +http://www.bing.com/bingbot.htm)"
157.55.39.156 - - [10/Aug/2021:20:10:09 +0200] "GET /stitch-laying-down-collection-statuette-p-47679.html HTTP/1.0" 200 74632 "-" "Mozilla/5.0 (compatible; bingbot/2.0; +http://www.bing.com/bingbot.htm)"
54.36.148.242 - - [10/Aug/2021:20:10:27 +0200] "GET /decorative-cotton-heart-hang-blue-p-55796.html HTTP/1.0" 200 73747 "-" "Mozilla/5.0 (compatible; AhrefsBot/7.0; +http://ahrefs.com/robot/)"
207.46.13.101 - - [10/Aug/2021:20:10:37 +0200] "GET /barbamama-melamine-plate-p-9351.html HTTP/1.0" 200 70284 "-" "Mozilla/5.0 (compatible; bingbot/2.0; +http://www.bing.com/bingbot.htm)"
207.46.13.39 - - [10/Aug/2021:20:10:50 +0200] "GET /angry-birds-beach-towel-p-29468.html HTTP/1.0" 301 70267 "-" "Mozilla/5.0 (compatible; bingbot/2.0; +http://www.bing.com/bingbot.htm)"
207.46.13.175 - - [10/Aug/2021:20:10:55 +0200] "GET /-p-32799.html HTTP/1.0" 200 70200 "-" "Mozilla/5.0 (compatible; bingbot/2.0; +http://www.bing.com/bingbot.htm)"
207.46.13.101 - - [10/Aug/2021:20:11:06 +0200] "GET /-p-34776.html HTTP/1.0" 200 70200 "-" "Mozilla/5.0 (compatible; bingbot/2.0; +http://www.bing.com/bingbot.htm)"
144.86.173.74 - - [10/Aug/2021:20:11:13 +0200] "GET / HTTP/1.0" 301 511 "-" "Expanse, a Palo Alto Networks company, searches across the global IPv4 space multiple times per day to identify customers&#39; presences on the Internet. If you would like to be excluded from our scans, please send IP addresses/domains to: scaninfo@paloaltonetworks.com"
40.77.167.106 - - [10/Aug/2021:20:11:25 +0200] "GET /large-candle-ruby-pomegranate-p-51060.html HTTP/1.0" 200 73391 "-" "Mozilla/5.0 (compatible; bingbot/2.0; +http://www.bing.com/bingbot.htm)"
207.46.13.39 - - [10/Aug/2021:20:11:29 +0200] "GET /decorations-and-furnishings/boxes-and-storage-box/minnie-mouse-storage-box-p-13567.html HTTP/1.0" 301 70267 "-" "Mozilla/5.0 (compatible; bingbot/2.0; +http://www.bing.com/bingbot.htm)"
54.236.1.11 - - [10/Aug/2021:20:11:30 +0200] "GET /swing-map-collection-gorjuss-p-23145.html HTTP/1.0" 301 70414 "-" "Mozilla/5.0 (compatible; Pinterestbot/1.0; +http://www.pinterest.com/bot.html)"
54.236.1.11 - - [10/Aug/2021:20:11:31 +0200] "GET /swing-collection-gorjuss-p-23145.html HTTP/1.0" 200 70323 "-" "Mozilla/5.0 (compatible; Pinterestbot/1.0; +http://www.pinterest.com/bot.html)"
54.36.148.242 - - [10/Aug/2021:20:11:43 +0200] "GET /bart-simpsons-motors-large-backpack-p-20801.html HTTP/1.0" 200 73187 "-" "Mozilla/5.0 (compatible; AhrefsBot/7.0; +http://ahrefs.com/robot/)"
207.46.13.101 - - [10/Aug/2021:20:11:47 +0200] "GET /marseille-soap-soap-dish-p-34848.html HTTP/1.0" 200 72874 "-" "Mozilla/5.0 (compatible; bingbot/2.0; +http://www.bing.com/bingbot.htm)"
185.191.171.5 - - [10/Aug/2021:20:11:54 +0200] "GET /figurine-buddhist-little-monk-seeing-nothing-p-46817.html HTTP/1.0" 200 73133 "-" "Mozilla/5.0 (compatible; SemrushBot/7~bl; +http://www.semrush.com/bot.html)"
207.46.13.39 - - [10/Aug/2021:20:12:20 +0200] "GET /images/big_prod/1332202662281NN.jpg HTTP/1.0" 200 270 "-" "Mozilla/5.0 (compatible; bingbot/2.0; +http://www.bing.com/bingbot.htm)"
207.46.13.39 - - [10/Aug/2021:20:12:21 +0200] "GET /-p-39372.html HTTP/1.0" 200 70200 "-" "Mozilla/5.0 (compatible; bingbot/2.0; +http://www.bing.com/bingbot.htm)"
157.55.39.51 - - [10/Aug/2021:20:12:52 +0200] "GET /league-passport-case-p-24992.html HTTP/1.0" 200 73509 "-" "Mozilla/5.0 (compatible; bingbot/2.0; +http://www.bing.com/bingbot.htm)"
54.36.148.242 - - [10/Aug/2021:20:12:56 +0200] "GET /placemat-kiub-collection-jewels-humming-bird-p-55918.html HTTP/1.0" 200 73048 "-" "Mozilla/5.0 (compatible; AhrefsBot/7.0; +http://ahrefs.com/robot/)"
185.191.171.25 - - [10/Aug/2021:20:13:03 +0200] "GET /multicolored-bull-money-p-54869.html?action=add_product HTTP/1.0" 302 476 "-" "Mozilla/5.0 (compatible; SemrushBot/7~bl; +http://www.semrush.com/bot.html)"
157.55.39.5 - - [10/Aug/2021:20:13:26 +0200] "GET /johnny-hallyday-zippo-lighter-p-49852.html HTTP/1.0" 200 73960 "-" "Mozilla/5.0 (compatible; bingbot/2.0; +http://www.bing.com/bingbot.htm)"
207.46.13.175 - - [10/Aug/2021:20:13:43 +0200] "GET /swfobject.js HTTP/1.0" 404 1308 "-" "Mozilla/5.0 (compatible; bingbot/2.0; +http://www.bing.com/bingbot.htm)"
207.46.13.175 - - [10/Aug/2021:20:14:05 +0200] "GET /-p-31304.html HTTP/1.0" 200 70200 "-" "Mozilla/5.0 (compatible; bingbot/2.0; +http://www.bing.com/bingbot.htm)"
54.36.148.242 - - [10/Aug/2021:20:14:10 +0200] "GET /placemat-kiub-collection-butterflies-p-55902.html HTTP/1.0" 200 72957 "-" "Mozilla/5.0 (compatible; AhrefsBot/7.0; +http://ahrefs.com/robot/)"
54.36.149.14 - - [10/Aug/2021:20:14:22 +0200] "GET /gift-box-cat-bowl-and-plaid-p-31525.html HTTP/1.0" 301 73238 "-" "Mozilla/5.0 (compatible; AhrefsBot/7.0; +http://ahrefs.com/robot/)"
157.55.39.5 - - [10/Aug/2021:20:14:35 +0200] "GET /js/jquery.jqzoom.js HTTP/1.0" 200 259 "-" "Mozilla/5.0 (compatible; bingbot/2.0; +http://www.bing.com/bingbot.htm)"
157.55.39.5 - - [10/Aug/2021:20:14:36 +0200] "GET /-p-18040.html HTTP/1.0" 200 70200 "-" "Mozilla/5.0 (compatible; bingbot/2.0; +http://www.bing.com/bingbot.htm)"
54.36.148.28 - - [10/Aug/2021:20:14:41 +0200] "GET /black-mug-russian-dolls-by-cbkreation-p-18743.html HTTP/1.0" 301 73019 "-" "Mozilla/5.0 (compatible; AhrefsBot/7.0; +http://ahrefs.com/robot/)"
54.36.148.245 - - [10/Aug/2021:20:14:48 +0200] "GET /zodiac-high-ceramic-mug-cbkreation-p-30791.html HTTP/1.0" 301 72944 "-" "Mozilla/5.0 (compatible; AhrefsBot/7.0; +http://ahrefs.com/robot/)"
185.191.171.41 - - [10/Aug/2021:20:15:03 +0200] "GET /planes-toddler-flatware-p-25914.html HTTP/1.0" 200 72844 "-" "Mozilla/5.0 (compatible; SemrushBot/7~bl; +http://www.semrush.com/bot.html)"
62.210.188.218 - - [10/Aug/2021:20:15:16 +0200] "GET /lyon-pot-cookware-cbkreation-p-31271.html HTTP/1.0" 301 72967 "-" "Mozilla/5.0 (compatible; Barkrowler/0.9; +https://babbar.tech/crawler)"
54.36.148.242 - - [10/Aug/2021:20:15:29 +0200] "GET /mickey-mouse-green-swimsuit-p-30577.html HTTP/1.0" 200 74024 "-" "Mozilla/5.0 (compatible; AhrefsBot/7.0; +http://ahrefs.com/robot/)"
185.191.171.4 - - [10/Aug/2021:20:15:33 +0200] "GET /ac-dc-grey-and-black-mug-p-20599.html HTTP/1.0" 301 70267 "-" "Mozilla/5.0 (compatible; SemrushBot/7~bl; +http://www.semrush.com/bot.html)"
62.210.188.218 - - [10/Aug/2021:20:15:33 +0200] "GET /set-of-beer-glasses-stade-toulousain-p-52739.html HTTP/1.0" 301 70422 "-" "Mozilla/5.0 (compatible; Barkrowler/0.9; +https://babbar.tech/crawler)"
185.191.171.18 - - [10/Aug/2021:20:15:35 +0200] "GET /-p-20599.html HTTP/1.0" 200 70200 "-" "Mozilla/5.0 (compatible; SemrushBot/7~bl; +http://www.semrush.com/bot.html)"
207.46.13.127 - - [10/Aug/2021:20:15:49 +0200] "GET /-p-21440.html HTTP/1.0" 200 70200 "-" "Mozilla/5.0 (compatible; bingbot/2.0; +http://www.bing.com/bingbot.htm)"
62.210.188.218 - - [10/Aug/2021:20:15:50 +0200] "GET /set-of-star-mandala-pattern-coasters-p-47455.html HTTP/1.0" 301 73641 "-" "Mozilla/5.0 (compatible; Barkrowler/0.9; +https://babbar.tech/crawler)"
66.249.84.148 - - [10/Aug/2021:20:16:03 +0200] "GET /images/big_prod/1300000022972.jpg HTTP/1.0" 200 268 "-" "Mozilla/5.0 (Windows NT 5.1; rv:11.0) Gecko Firefox/11.0 (via ggpht.com GoogleImageProxy)"
62.210.188.218 - - [10/Aug/2021:20:16:07 +0200] "GET /plush-keeleco-friendly-squirrel-p-55370.html HTTP/1.0" 200 73770 "-" "Mozilla/5.0 (compatible; Barkrowler/0.9; +https://babbar.tech/crawler)"
207.46.13.175 - - [10/Aug/2021:20:16:15 +0200] "GET /beauty-beast-deluxe-figurine-p-53353.html HTTP/1.0" 200 74858 "-" "Mozilla/5.0 (compatible; bingbot/2.0; +http://www.bing.com/bingbot.htm)"
185.191.171.23 - - [10/Aug/2021:20:16:20 +0200] "GET /portfolio-pepe-jeans-pina-p-38140.html?action=add_product HTTP/1.0" 302 476 "-" "Mozilla/5.0 (compatible; SemrushBot/7~bl; +http://www.semrush.com/bot.html)"
62.210.188.218 - - [10/Aug/2021:20:16:22 +0200] "GET /ceramic-and-wooden-coffee-pot-14-cm-p-42167.html HTTP/1.0" 301 70390 "-" "Mozilla/5.0 (compatible; Barkrowler/0.9; +https://babbar.tech/crawler)"
62.210.188.218 - - [10/Aug/2021:20:16:34 +0200] "GET /ceramic-salt-box-with-spoon-sardy-p-50605.html HTTP/1.0" 301 72987 "-" "Mozilla/5.0 (compatible; Barkrowler/0.9; +https://babbar.tech/crawler)"
185.191.171.36 - - [10/Aug/2021:20:16:37 +0200] "GET /small-white-corsican-money-p-54518.html HTTP/1.0" 200 72955 "-" "Mozilla/5.0 (compatible; SemrushBot/7~bl; +http://www.semrush.com/bot.html)"
54.36.148.242 - - [10/Aug/2021:20:16:48 +0200] "GET /barbapapa-cupcake-metal-magnet-p-8800.html HTTP/1.0" 200 72999 "-" "Mozilla/5.0 (compatible; AhrefsBot/7.0; +http://ahrefs.com/robot/)"
54.36.148.175 - - [10/Aug/2021:20:17:20 +0200] "GET /les-plus-grandes-joies-stickers-20-70-cm-p-39322.html HTTP/1.0" 301 73115 "-" "Mozilla/5.0 (compatible; AhrefsBot/7.0; +http://ahrefs.com/robot/)"
62.210.188.218 - - [10/Aug/2021:20:17:24 +0200] "GET /ceramic-salt-pot-with-spoon-dory-p-51426.html HTTP/1.0" 301 72981 "-" "Mozilla/5.0 (compatible; Barkrowler/0.9; +https://babbar.tech/crawler)"
62.210.188.218 - - [10/Aug/2021:20:17:42 +0200] "GET /je-ne-vieillis-pas-adult-apron-p-53178.html HTTP/1.0" 301 72908 "-" "Mozilla/5.0 (compatible; Barkrowler/0.9; +https://babbar.tech/crawler)"
185.191.171.20 - - [10/Aug/2021:20:17:43 +0200] "GET /gorjuss-handbag-little-wings-p-52362.html?action=add_product HTTP/1.0" 302 476 "-" "Mozilla/5.0 (compatible; SemrushBot/7~bl; +http://www.semrush.com/bot.html)"
207.46.13.127 - - [10/Aug/2021:20:17:50 +0200] "GET /lego-star-wars-polar-blanket-p-49677.html HTTP/1.0" 200 73531 "-" "Mozilla/5.0 (compatible; bingbot/2.0; +http://www.bing.com/bingbot.htm)"
62.210.188.218 - - [10/Aug/2021:20:17:57 +0200] "GET /eyelet-curtain-135-240-cm-p-52380.html HTTP/1.0" 301 75099 "-" "Mozilla/5.0 (compatible; Barkrowler/0.9; +https://babbar.tech/crawler)"
54.36.148.242 - - [10/Aug/2021:20:18:06 +0200] "GET /amazon-love-cosmetic-purse-sloths-p-50281.html HTTP/1.0" 200 73310 "-" "Mozilla/5.0 (compatible; AhrefsBot/7.0; +http://ahrefs.com/robot/)"
62.210.188.218 - - [10/Aug/2021:20:18:15 +0200] "GET /squirrel-soup-bowl-with-spoon-p-45192.html HTTP/1.0" 200 70336 "-" "Mozilla/5.0 (compatible; Barkrowler/0.9; +https://babbar.tech/crawler)"
40.77.167.106 - - [10/Aug/2021:20:18:26 +0200] "GET /tinkerbell-round-pencil-case-p-19637.html HTTP/1.0" 200 73075 "-" "Mozilla/5.0 (compatible; bingbot/2.0; +http://www.bing.com/bingbot.htm)"
62.210.188.218 - - [10/Aug/2021:20:18:31 +0200] "GET /candy-cloud-hair-brush-pistachio-p-46654.html HTTP/1.0" 200 73540 "-" "Mozilla/5.0 (compatible; Barkrowler/0.9; +https://babbar.tech/crawler)"
185.191.171.23 - - [10/Aug/2021:20:18:43 +0200] "GET /wall-sticker-meilleur-cafe-p-53957.html HTTP/1.0" 200 73774 "-" "Mozilla/5.0 (compatible; SemrushBot/7~bl; +http://www.semrush.com/bot.html)"
62.210.188.218 - - [10/Aug/2021:20:18:48 +0200] "GET /retro-sugar-bowl-with-metal-spout-p-45508.html HTTP/1.0" 200 70322 "-" "Mozilla/5.0 (compatible; Barkrowler/0.9; +https://babbar.tech/crawler)"
110.249.202.154 - - [10/Aug/2021:20:18:51 +0200] "GET /robots.txt HTTP/1.0" 301 531 "-" "Mozilla/5.0 (Linux; Android 5.0) AppleWebKit/537.36 (KHTML, like Gecko) Mobile Safari/537.36 (compatible; Bytespider; https://zhanzhang.toutiao.com/)"
110.249.202.165 - - [10/Aug/2021:20:18:52 +0200] "GET /robots.txt HTTP/1.0" 200 245 "-" "Mozilla/5.0 (Linux; Android 5.0) AppleWebKit/537.36 (KHTML, like Gecko) Mobile Safari/537.36 (compatible; Bytespider; https://zhanzhang.toutiao.com/)"
62.210.188.218 - - [10/Aug/2021:20:19:04 +0200] "GET /blue-pot-with-reliefs-earthenware-p-52449.html HTTP/1.0" 301 70410 "-" "Mozilla/5.0 (compatible; Barkrowler/0.9; +https://babbar.tech/crawler)"
51.68.224.127 - - [10/Aug/2021:20:19:04 +0200] "GET /adminweb/export_orders_xml.php?token=256de2z6edz6ed2z6DFSFsed2zed6zeDSFDSGdzedezfzf&maxorders=10&orderstart=1&status=14&start_date=2018-10-01 HTTP/1.0" 200 285 "-" "GesCom CharlotteBoutik Serveur"
51.68.224.127 - - [10/Aug/2021:20:19:05 +0200] "GET /adminweb/export_orders_xml.php?token=256de2z6edz6ed2z6DFSFsed2zed6zeDSFDSGdzedezfzf&maxorders=10&orderstart=1&status=6&start_date=2018-10-01 HTTP/1.0" 200 28601 "-" "GesCom CharlotteBoutik Serveur"
185.191.171.45 - - [10/Aug/2021:20:19:11 +0200] "GET /round-transparent-plastic-tablecloth-140-cm-p-52027.html HTTP/1.0" 301 73086 "-" "Mozilla/5.0 (compatible; SemrushBot/7~bl; +http://www.semrush.com/bot.html)"
185.191.171.9 - - [10/Aug/2021:20:19:13 +0200] "GET /round-transparent-plastic-tablecloth-p-52027.html HTTP/1.0" 200 72983 "-" "Mozilla/5.0 (compatible; SemrushBot/7~bl; +http://www.semrush.com/bot.html)"
66.249.66.220 - - [10/Aug/2021:20:19:14 +0200] "GET /sonny-angel-flowers-series-p-27664.html HTTP/1.0" 200 70294 "-" "Mozilla/5.0 (compatible; Googlebot/2.1; +http://www.google.com/bot.html)"
62.210.188.218 - - [10/Aug/2021:20:19:18 +0200] "GET /harley-davidson-the-first-zippo-lighter-p-29785.html HTTP/1.0" 301 73551 "-" "Mozilla/5.0 (compatible; Barkrowler/0.9; +https://babbar.tech/crawler)"
207.46.13.127 - - [10/Aug/2021:20:19:19 +0200] "GET /-p-14657.html HTTP/1.0" 200 70200 "-" "Mozilla/5.0 (compatible; bingbot/2.0; +http://www.bing.com/bingbot.htm)"
207.46.13.175 - - [10/Aug/2021:20:19:26 +0200] "GET /resin-skull-ashtray-p-52999.html HTTP/1.0" 200 72792 "-" "Mozilla/5.0 (compatible; bingbot/2.0; +http://www.bing.com/bingbot.htm)"
54.36.148.242 - - [10/Aug/2021:20:19:27 +0200] "GET /love-peace-black-shirt-p-30149.html HTTP/1.0" 200 74049 "-" "Mozilla/5.0 (compatible; AhrefsBot/7.0; +http://ahrefs.com/robot/)"
62.210.188.218 - - [10/Aug/2021:20:19:34 +0200] "GET /egyptian-money-box-by-cbkreation-p-24147.html HTTP/1.0" 301 73019 "-" "Mozilla/5.0 (compatible; Barkrowler/0.9; +https://babbar.tech/crawler)"
54.36.148.151 - - [10/Aug/2021:20:19:43 +0200] "GET /salt-and-pepper-pot-gaston-collection-p-52665.html HTTP/1.0" 301 73040 "-" "Mozilla/5.0 (compatible; AhrefsBot/7.0; +http://ahrefs.com/robot/)"
62.210.188.218 - - [10/Aug/2021:20:19:51 +0200] "GET /love-personnalized-white-shell-samsung-s2-p-17691.html HTTP/1.0" 301 73363 "-" "Mozilla/5.0 (compatible; Barkrowler/0.9; +https://babbar.tech/crawler)"
207.46.13.101 - - [10/Aug/2021:20:19:56 +0200] "GET /games-and-toys/toys/barbapapa-nesting-dolls-p-17283.html HTTP/1.0" 301 70267 "-" "Mozilla/5.0 (compatible; bingbot/2.0; +http://www.bing.com/bingbot.htm)"
207.46.13.101 - - [10/Aug/2021:20:19:58 +0200] "GET /-p-14444.html HTTP/1.0" 200 70200 "-" "Mozilla/5.0 (compatible; bingbot/2.0; +http://www.bing.com/bingbot.htm)"
207.46.13.175 - - [10/Aug/2021:20:20:06 +0200] "GET /swfobject.js HTTP/1.0" 404 1308 "-" "Mozilla/5.0 (compatible; bingbot/2.0; +http://www.bing.com/bingbot.htm)"
185.191.171.25 - - [10/Aug/2021:20:20:09 +0200] "GET /paris-bistro-white-mug-p-47474.html HTTP/1.0" 301 72883 "-" "Mozilla/5.0 (compatible; SemrushBot/7~bl; +http://www.semrush.com/bot.html)"
62.210.188.218 - - [10/Aug/2021:20:20:09 +0200] "GET /mani-the-lucky-cat-charm-size-reussite-p-33285.html HTTP/1.0" 301 73278 "-" "Mozilla/5.0 (compatible; Barkrowler/0.9; +https://babbar.tech/crawler)"
185.191.171.42 - - [10/Aug/2021:20:20:11 +0200] "GET /paris-bistro-white-p-47474.html HTTP/1.0" 200 72798 "-" "Mozilla/5.0 (compatible; SemrushBot/7~bl; +http://www.semrush.com/bot.html)"
207.46.13.39 - - [10/Aug/2021:20:20:11 +0200] "GET /-p-3611.html HTTP/1.0" 200 70198 "-" "Mozilla/5.0 (compatible; bingbot/2.0; +http://www.bing.com/bingbot.htm)"
62.210.188.218 - - [10/Aug/2021:20:20:26 +0200] "GET /mani-the-lucky-cat-charm-size-amitie-p-33282.html HTTP/1.0" 301 73265 "-" "Mozilla/5.0 (compatible; Barkrowler/0.9; +https://babbar.tech/crawler)"
62.210.188.218 - - [10/Aug/2021:20:20:42 +0200] "GET /mire-alarm-clock-cbkreation-p-25011.html HTTP/1.0" 200 72931 "-" "Mozilla/5.0 (compatible; Barkrowler/0.9; +https://babbar.tech/crawler)"
54.36.148.242 - - [10/Aug/2021:20:20:42 +0200] "GET /suitcaselittle-suitcase-trolley-c-31_79.html HTTP/1.0" 200 77783 "-" "Mozilla/5.0 (compatible; AhrefsBot/7.0; +http://ahrefs.com/robot/)"
157.55.39.122 - - [10/Aug/2021:20:20:51 +0200] "GET /beige-metal-table-lamp-p-50112.html HTTP/1.0" 200 72752 "-" "Mozilla/5.0 (compatible; bingbot/2.0; +http://www.bing.com/bingbot.htm)"
157.55.39.51 - - [10/Aug/2021:20:20:56 +0200] "GET /disney-princess-personal-diary-p-17198.html HTTP/1.0" 200 70310 "-" "Mozilla/5.0 (compatible; bingbot/2.0; +http://www.bing.com/bingbot.htm)"
62.210.188.218 - - [10/Aug/2021:20:21:06 +0200] "GET /unicorn-plush-silver-and-white-20-cm-p-49625.html HTTP/1.0" 301 73045 "-" "Mozilla/5.0 (compatible; Barkrowler/0.9; +https://babbar.tech/crawler)"
157.55.39.44 - - [10/Aug/2021:20:21:07 +0200] "GET /cats-dubout-figurine-siesta-p-33345.html HTTP/1.0" 200 73312 "-" "Mozilla/5.0 (compatible; bingbot/2.0; +http://www.bing.com/bingbot.htm)"
66.249.66.220 - - [10/Aug/2021:20:21:12 +0200] "GET /images/big_prod/4029811320004.jpg HTTP/1.0" 200 268 "-" "Googlebot-Image/1.0"
62.210.188.218 - - [10/Aug/2021:20:21:23 +0200] "GET /quebec-pot-cookware-cbkreation-p-29711.html HTTP/1.0" 301 72965 "-" "Mozilla/5.0 (compatible; Barkrowler/0.9; +https://babbar.tech/crawler)"
207.46.13.175 - - [10/Aug/2021:20:21:26 +0200] "GET /disney-princess-aurora-jacket-p-31248.html HTTP/1.0" 200 74225 "-" "Mozilla/5.0 (compatible; bingbot/2.0; +http://www.bing.com/bingbot.htm)"
62.210.188.218 - - [10/Aug/2021:20:21:39 +0200] "GET /scorpio-mousepad-by-cbkreation-p-43310.html HTTP/1.0" 301 73006 "-" "Mozilla/5.0 (compatible; Barkrowler/0.9; +https://babbar.tech/crawler)"
157.55.39.44 - - [10/Aug/2021:20:21:47 +0200] "GET /-p-17537.html HTTP/1.0" 200 70200 "-" "Mozilla/5.0 (compatible; bingbot/2.0; +http://www.bing.com/bingbot.htm)"
40.77.167.106 - - [10/Aug/2021:20:21:51 +0200] "GET /array-m-180.html HTTP/1.0" 200 75549 "-" "Mozilla/5.0 (compatible; bingbot/2.0; +http://www.bing.com/bingbot.htm)"
54.36.148.242 - - [10/Aug/2021:20:21:54 +0200] "GET /beyblade-inflatable-boat-p-14361.html HTTP/1.0" 200 73239 "-" "Mozilla/5.0 (compatible; AhrefsBot/7.0; +http://ahrefs.com/robot/)"
62.210.188.218 - - [10/Aug/2021:20:21:55 +0200] "GET /industrial-retro-clock-aged-metal-p-48587.html HTTP/1.0" 200 73848 "-" "Mozilla/5.0 (compatible; Barkrowler/0.9; +https://babbar.tech/crawler)"
62.210.188.218 - - [10/Aug/2021:20:22:11 +0200] "GET /pastis-olive-placemat-45-30-cm-p-49718.html HTTP/1.0" 301 72932 "-" "Mozilla/5.0 (compatible; Barkrowler/0.9; +https://babbar.tech/crawler)"
62.210.188.218 - - [10/Aug/2021:20:22:28 +0200] "GET /pet-rug-60-40-cm-hotel-cat-stars-p-49537.html HTTP/1.0" 301 70267 "-" "Mozilla/5.0 (compatible; Barkrowler/0.9; +https://babbar.tech/crawler)"
157.55.39.156 - - [10/Aug/2021:20:22:50 +0200] "GET /tasty-road-tray-p-24902.html HTTP/1.0" 200 72836 "-" "Mozilla/5.0 (compatible; bingbot/2.0; +http://www.bing.com/bingbot.htm)"
62.210.188.218 - - [10/Aug/2021:20:22:56 +0200] "GET /wax-melt-sandalwood-and-vanilla-p-39004.html HTTP/1.0" 301 73609 "-" "Mozilla/5.0 (compatible; Barkrowler/0.9; +https://babbar.tech/crawler)"
185.191.171.43 - - [10/Aug/2021:20:22:58 +0200] "GET /protects-mattress-fleece-cotton-p-39149.html?action=add_product HTTP/1.0" 302 476 "-" "Mozilla/5.0 (compatible; SemrushBot/7~bl; +http://www.semrush.com/bot.html)"
54.36.148.242 - - [10/Aug/2021:20:23:12 +0200] "GET /beige-lampshade-p-55938.html HTTP/1.0" 200 72936 "-" "Mozilla/5.0 (compatible; AhrefsBot/7.0; +http://ahrefs.com/robot/)"
62.210.188.218 - - [10/Aug/2021:20:23:13 +0200] "GET /beatles-union-jack-black-cover-ipad-tablets-p-17619.html HTTP/1.0" 200 72988 "-" "Mozilla/5.0 (compatible; Barkrowler/0.9; +https://babbar.tech/crawler)"
157.55.39.51 - - [10/Aug/2021:20:23:13 +0200] "GET /beige-adult-cotton-apron-p-44362.html HTTP/1.0" 200 72825 "-" "Mozilla/5.0 (compatible; bingbot/2.0; +http://www.bing.com/bingbot.htm)"
62.210.188.218 - - [10/Aug/2021:20:23:30 +0200] "GET /tour-eiffel-pencil-pot-cbkreation-p-29708.html HTTP/1.0" 301 73006 "-" "Mozilla/5.0 (compatible; Barkrowler/0.9; +https://babbar.tech/crawler)"
207.46.13.39 - - [10/Aug/2021:20:23:32 +0200] "GET /zippo-outdoor-utility-lighter-p-29793.html HTTP/1.0" 200 73363 "-" "Mozilla/5.0 (compatible; bingbot/2.0; +http://www.bing.com/bingbot.htm)"
62.210.188.218 - - [10/Aug/2021:20:23:49 +0200] "GET /mirror-to-hang-mosaics-butterfly-p-46422.html HTTP/1.0" 301 72995 "-" "Mozilla/5.0 (compatible; Barkrowler/0.9; +https://babbar.tech/crawler)"
207.46.13.127 - - [10/Aug/2021:20:23:50 +0200] "GET /candy-cloud-hair-brush-pistachio-p-46654.html HTTP/1.0" 200 73540 "-" "Mozilla/5.0 (compatible; bingbot/2.0; +http://www.bing.com/bingbot.htm)"
62.210.188.218 - - [10/Aug/2021:20:24:05 +0200] "GET /mulan-coutue-de-force-figurine-p-53356.html HTTP/1.0" 301 74286 "-" "Mozilla/5.0 (compatible; Barkrowler/0.9; +https://babbar.tech/crawler)"
185.191.171.40 - - [10/Aug/2021:20:24:18 +0200] "GET /uk-carlin-phone-cover-for-iphone-by-cbkreation-p-20741.html HTTP/1.0" 301 70513 "-" "Mozilla/5.0 (compatible; SemrushBot/7~bl; +http://www.semrush.com/bot.html)"
185.191.171.25 - - [10/Aug/2021:20:24:20 +0200] "GET /carlin-phone-cover-iphone-cbkreation-p-20741.html HTTP/1.0" 200 70410 "-" "Mozilla/5.0 (compatible; SemrushBot/7~bl; +http://www.semrush.com/bot.html)"
62.210.188.218 - - [10/Aug/2021:20:24:21 +0200] "GET /tour-de-france-little-tray-21-14-cm-p-51674.html HTTP/1.0" 301 73033 "-" "Mozilla/5.0 (compatible; Barkrowler/0.9; +https://babbar.tech/crawler)"
54.36.149.107 - - [10/Aug/2021:20:24:27 +0200] "GET /my-little-pony-sports-bottle-p-28099.html HTTP/1.0" 301 70267 "-" "Mozilla/5.0 (compatible; AhrefsBot/7.0; +http://ahrefs.com/robot/)"
157.55.39.156 - - [10/Aug/2021:20:24:29 +0200] "GET /black-metal-lamp-p-51788.html HTTP/1.0" 200 73707 "-" "Mozilla/5.0 (compatible; bingbot/2.0; +http://www.bing.com/bingbot.htm)"
54.36.148.242 - - [10/Aug/2021:20:24:30 +0200] "GET /little-prince-exupery-little-tray-p-55867.html HTTP/1.0" 200 73212 "-" "Mozilla/5.0 (compatible; AhrefsBot/7.0; +http://ahrefs.com/robot/)"
207.46.13.127 - - [10/Aug/2021:20:24:34 +0200] "GET /black-metal-table-lamp-p-52984.html HTTP/1.0" 200 72800 "-" "Mozilla/5.0 (compatible; bingbot/2.0; +http://www.bing.com/bingbot.htm)"
185.191.171.34 - - [10/Aug/2021:20:24:41 +0200] "GET /klimt-little-tray-p-51678.html?action=add_product HTTP/1.0" 302 476 "-" "Mozilla/5.0 (compatible; SemrushBot/7~bl; +http://www.semrush.com/bot.html)"
62.210.188.218 - - [10/Aug/2021:20:24:53 +0200] "GET /tour-de-france-little-tray-21-14-cm-p-51673.html HTTP/1.0" 301 73032 "-" "Mozilla/5.0 (compatible; Barkrowler/0.9; +https://babbar.tech/crawler)"
62.210.188.218 - - [10/Aug/2021:20:25:07 +0200] "GET /basket-rattan-end-braided-30-cm-p-48060.html HTTP/1.0" 301 70382 "-" "Mozilla/5.0 (compatible; Barkrowler/0.9; +https://babbar.tech/crawler)"
157.55.39.44 - - [10/Aug/2021:20:25:18 +0200] "GET /minions-swimming-armband-p-35064.html HTTP/1.0" 200 72997 "-" "Mozilla/5.0 (compatible; bingbot/2.0; +http://www.bing.com/bingbot.htm)"
62.210.188.218 - - [10/Aug/2021:20:25:28 +0200] "GET /sons-of-anarchy-zippo-lighter-p-30268.html HTTP/1.0" 301 74919 "-" "Mozilla/5.0 (compatible; Barkrowler/0.9; +https://babbar.tech/crawler)"
157.55.39.51 - - [10/Aug/2021:20:25:35 +0200] "GET /coca-cola-university-cosmetic-bag-p-18868.html HTTP/1.0" 301 73287 "-" "Mozilla/5.0 (compatible; bingbot/2.0; +http://www.bing.com/bingbot.htm)"
207.46.13.127 - - [10/Aug/2021:20:25:40 +0200] "GET /-p-16587.html HTTP/1.0" 200 70200 "-" "Mozilla/5.0 (compatible; bingbot/2.0; +http://www.bing.com/bingbot.htm)"
62.210.188.218 - - [10/Aug/2021:20:25:49 +0200] "GET /green-polyester-round-chair-cushion-p-51499.html HTTP/1.0" 200 73574 "-" "Mozilla/5.0 (compatible; Barkrowler/0.9; +https://babbar.tech/crawler)"
54.36.148.242 - - [10/Aug/2021:20:25:53 +0200] "GET /humming-bird-mini-melamine-tray-p-55850.html HTTP/1.0" 200 72974 "-" "Mozilla/5.0 (compatible; AhrefsBot/7.0; +http://ahrefs.com/robot/)"
62.210.188.218 - - [10/Aug/2021:20:26:03 +0200] "GET /cambodge-clock-by-cbkreation-p-36831.html HTTP/1.0" 301 72951 "-" "Mozilla/5.0 (compatible; Barkrowler/0.9; +https://babbar.tech/crawler)"
185.191.171.8 - - [10/Aug/2021:20:26:15 +0200] "GET /figurine-skull-indiana-resin-p-42903.html HTTP/1.0" 200 70302 "-" "Mozilla/5.0 (compatible; SemrushBot/7~bl; +http://www.semrush.com/bot.html)"
54.36.148.15 - - [10/Aug/2021:20:26:15 +0200] "GET /vintage-pin-up-cola-cola-canvas-frame-35-35-cm-p-33386.html HTTP/1.0" 301 73190 "-" "Mozilla/5.0 (compatible; AhrefsBot/7.0; +http://ahrefs.com/robot/)"
62.210.188.218 - - [10/Aug/2021:20:26:21 +0200] "GET /zodiac-sign-training-bottle-cbkreation-p-43351.html HTTP/1.0" 200 73248 "-" "Mozilla/5.0 (compatible; Barkrowler/0.9; +https://babbar.tech/crawler)"
157.55.39.122 - - [10/Aug/2021:20:26:31 +0200] "GET /medusa-glass-paperweight-p-47403.html HTTP/1.0" 200 70286 "-" "Mozilla/5.0 (compatible; bingbot/2.0; +http://www.bing.com/bingbot.htm)"
207.46.13.39 - - [10/Aug/2021:20:26:36 +0200] "GET /-p-15882.html HTTP/1.0" 200 70200 "-" "Mozilla/5.0 (compatible; bingbot/2.0; +http://www.bing.com/bingbot.htm)"
207.46.13.39 - - [10/Aug/2021:20:26:52 +0200] "GET /charmmy-kitty-dress-p-31105.html HTTP/1.0" 200 73951 "-" "Mozilla/5.0 (compatible; bingbot/2.0; +http://www.bing.com/bingbot.htm)"
54.36.148.242 - - [10/Aug/2021:20:27:11 +0200] "GET /board-games-c-4_47.html HTTP/1.0" 200 75538 "-" "Mozilla/5.0 (compatible; AhrefsBot/7.0; +http://ahrefs.com/robot/)"
185.191.171.1 - - [10/Aug/2021:20:27:22 +0200] "GET /wood-cactus-neon-ornament-p-45692.html HTTP/1.0" 200 72952 "-" "Mozilla/5.0 (compatible; SemrushBot/7~bl; +http://www.semrush.com/bot.html)"
157.55.39.156 - - [10/Aug/2021:20:27:51 +0200] "GET /little-miss-sunshine-bag-p-16879.html HTTP/1.0" 301 70390 "-" "Mozilla/5.0 (compatible; bingbot/2.0; +http://www.bing.com/bingbot.htm)"
157.55.39.156 - - [10/Aug/2021:20:27:52 +0200] "GET /freegun-polar-plaid-p-29089.html HTTP/1.0" 200 72972 "-" "Mozilla/5.0 (compatible; bingbot/2.0; +http://www.bing.com/bingbot.htm)"
185.191.171.20 - - [10/Aug/2021:20:28:17 +0200] "GET /industrial-medium-model-only-p-48569.html?action=add_product HTTP/1.0" 302 476 "-" "Mozilla/5.0 (compatible; SemrushBot/7~bl; +http://www.semrush.com/bot.html)"
54.36.148.242 - - [10/Aug/2021:20:28:31 +0200] "GET /utensil-cutlery-c-12_244.html HTTP/1.0" 200 89692 "-" "Mozilla/5.0 (compatible; AhrefsBot/7.0; +http://ahrefs.com/robot/)"
185.191.171.35 - - [10/Aug/2021:20:28:39 +0200] "GET /saffron-kitchen-towel-p-44423.html?action=add_product HTTP/1.0" 302 476 "-" "Mozilla/5.0 (compatible; SemrushBot/7~bl; +http://www.semrush.com/bot.html)"
110.249.201.134 - - [10/Aug/2021:20:29:02 +0200] "GET /toiletry-p-41058.html HTTP/1.0" 200 72869 "-" "Mozilla/5.0 (Linux; Android 5.0) AppleWebKit/537.36 (KHTML, like Gecko) Mobile Safari/537.36 (compatible; Bytespider; https://zhanzhang.toutiao.com/)"
110.249.201.140 - - [10/Aug/2021:20:29:04 +0200] "GET /swfobject.js HTTP/1.0" 404 1308 "http://www.wonder-geek.com/toiletry-p-41058.html" "Mozilla/5.0 (Linux; Android 5.0) AppleWebKit/537.36 (KHTML, like Gecko) Mobile Safari/537.36 (compatible; Bytespider; https://zhanzhang.toutiao.com/)"
110.249.201.148 - - [10/Aug/2021:20:29:04 +0200] "GET /templates/Pixame_v1/images/icon_accueil2.png HTTP/1.0" 200 278 "http://www.wonder-geek.com/toiletry-p-41058.html" "Mozilla/5.0 (Linux; Android 5.0) AppleWebKit/537.36 (KHTML, like Gecko) Mobile Safari/537.36 (compatible; Bytespider; https://zhanzhang.toutiao.com/)"
110.249.201.133 - - [10/Aug/2021:20:29:05 +0200] "GET /highslide/graphics/zoomout.cur HTTP/1.0" 200 614 "http://www.wonder-geek.com/toiletry-p-41058.html" "Mozilla/5.0 (Linux; Android 5.0) AppleWebKit/537.36 (KHTML, like Gecko) Mobile Safari/537.36 (compatible; Bytespider; https://zhanzhang.toutiao.com/)"
110.249.201.141 - - [10/Aug/2021:20:29:05 +0200] "GET /images/big_prod/1399986100286.jpg HTTP/1.0" 200 268 "http://www.wonder-geek.com/toiletry-p-41058.html" "Mozilla/5.0 (Linux; Android 5.0) AppleWebKit/537.36 (KHTML, like Gecko) Mobile Safari/537.36 (compatible; Bytespider; https://zhanzhang.toutiao.com/)"
185.191.171.16 - - [10/Aug/2021:20:29:23 +0200] "GET /cake-dish-morello-cherries-p-54512.html?action=add_product HTTP/1.0" 302 476 "-" "Mozilla/5.0 (compatible; SemrushBot/7~bl; +http://www.semrush.com/bot.html)"
207.46.13.39 - - [10/Aug/2021:20:29:32 +0200] "GET /tealight-holders-and-candle-holders-c-231_230.html HTTP/1.0" 301 91986 "-" "Mozilla/5.0 (compatible; bingbot/2.0; +http://www.bing.com/bingbot.htm)"
66.249.66.216 - - [10/Aug/2021:20:29:36 +0200] "GET /lucky-girl-by-etienne-boyer-tee-shirt-p-30978.html HTTP/1.0" 301 74974 "-" "Mozilla/5.0 (Linux; Android 6.0.1; Nexus 5X Build/MMB29P) AppleWebKit/537.36 (KHTML, like Gecko) Chrome/92.0.4515.119 Mobile Safari/537.36 (compatible; Googlebot/2.1; +http://www.google.com/bot.html)"
66.249.66.216 - - [10/Aug/2021:20:29:37 +0200] "GET /lucky-girl-etienne-boyer-shirt-p-30978.html HTTP/1.0" 200 74877 "-" "Mozilla/5.0 (Linux; Android 6.0.1; Nexus 5X Build/MMB29P) AppleWebKit/537.36 (KHTML, like Gecko) Chrome/92.0.4515.119 Mobile Safari/537.36 (compatible; Googlebot/2.1; +http://www.google.com/bot.html)"
