207.46.13.39 - - [10/Aug/2021:14:52:19 +0200] "GET /-p-26115.html HTTP/1.0" 200 70200 "-" "Mozilla/5.0 (compatible; bingbot/2.0; +http://www.bing.com/bingbot.htm)"
185.191.171.17 - - [10/Aug/2021:14:52:23 +0200] "GET /provence-soap-dish-p-51393.html HTTP/1.0" 200 72823 "-" "Mozilla/5.0 (compatible; SemrushBot/7~bl; +http://www.semrush.com/bot.html)"
157.55.39.51 - - [10/Aug/2021:14:52:24 +0200] "GET /calimero-m-15.html HTTP/1.0" 200 83615 "-" "Mozilla/5.0 (compatible; bingbot/2.0; +http://www.bing.com/bingbot.htm)"
51.68.224.127 - - [10/Aug/2021:14:52:34 +0200] "GET /adminweb/export_orders_xml.php?token=256de2z6edz6ed2z6DFSFsed2zed6zeDSFDSGdzedezfzf&maxorders=10&orderstart=1&status=14&start_date=2018-10-01 HTTP/1.0" 200 285 "-" "GesCom CharlotteBoutik Serveur"
51.68.224.127 - - [10/Aug/2021:14:52:34 +0200] "GET /adminweb/export_orders_xml.php?token=256de2z6edz6ed2z6DFSFsed2zed6zeDSFDSGdzedezfzf&maxorders=10&orderstart=1&status=6&start_date=2018-10-01 HTTP/1.0" 200 28601 "-" "GesCom CharlotteBoutik Serveur"
64.62.252.176 - - [10/Aug/2021:14:52:35 +0200] "GET /bowls-c-12_60.html?page=6 HTTP/1.0" 200 91885 "-" "The Knowledge AI"
207.46.13.101 - - [10/Aug/2021:14:52:42 +0200] "GET /vanellope-britto-figurine-p-48463.html HTTP/1.0" 200 73801 "-" "Mozilla/5.0 (compatible; bingbot/2.0; +http://www.bing.com/bingbot.htm)"
54.36.148.242 - - [10/Aug/2021:14:52:43 +0200] "GET /shell-collection-large-metal-plate-deco-p-38625.html HTTP/1.0" 200 72960 "-" "Mozilla/5.0 (compatible; AhrefsBot/7.0; +http://ahrefs.com/robot/)"
192.99.5.228 - - [10/Aug/2021:14:52:54 +0200] "GET /stars-phosphorescent-polar-plaid-p-45223.html HTTP/1.0" 301 70267 "-" "Mozilla/5.0 (compatible; MJ12bot/v1.4.8; http://mj12bot.com/)"
64.62.252.176 - - [10/Aug/2021:14:52:54 +0200] "GET /bowls-c-12_60.html?page=7 HTTP/1.0" 200 93471 "-" "The Knowledge AI"
207.46.13.39 - - [10/Aug/2021:14:53:09 +0200] "GET /canard-duck-night-light-blue-p-39606.html HTTP/1.0" 200 70349 "-" "Mozilla/5.0 (compatible; bingbot/2.0; +http://www.bing.com/bingbot.htm)"
207.46.13.175 - - [10/Aug/2021:14:53:13 +0200] "GET /-p-35201.html HTTP/1.0" 200 70200 "-" "Mozilla/5.0 (compatible; bingbot/2.0; +http://www.bing.com/bingbot.htm)"
64.62.252.176 - - [10/Aug/2021:14:53:15 +0200] "GET /bowls-c-12_60.html?page=8 HTTP/1.0" 200 92216 "-" "The Knowledge AI"
185.191.171.16 - - [10/Aug/2021:14:53:24 +0200] "GET /gekoa-salt-pepper-p-37400.html HTTP/1.0" 200 72929 "-" "Mozilla/5.0 (compatible; SemrushBot/7~bl; +http://www.semrush.com/bot.html)"
40.77.167.106 - - [10/Aug/2021:14:53:24 +0200] "GET /-p-27787.html HTTP/1.0" 200 70200 "-" "Mozilla/5.0 (compatible; bingbot/2.0; +http://www.bing.com/bingbot.htm)"
192.99.5.228 - - [10/Aug/2021:14:53:26 +0200] "GET /-p-45223.html HTTP/1.0" 200 70200 "-" "Mozilla/5.0 (compatible; MJ12bot/v1.4.8; http://mj12bot.com/)"
64.62.252.176 - - [10/Aug/2021:14:53:34 +0200] "GET /brave-merida-melamine-bowl-p-17122.html HTTP/1.0" 200 72957 "-" "The Knowledge AI"
64.62.252.176 - - [10/Aug/2021:14:53:54 +0200] "GET /hello-kitty-melamine-bowl-p-17118.html HTTP/1.0" 200 72949 "-" "The Knowledge AI"
192.99.5.228 - - [10/Aug/2021:14:53:55 +0200] "GET /stars-teapot-p-55245.html HTTP/1.0" 200 73627 "-" "Mozilla/5.0 (compatible; MJ12bot/v1.4.8; http://mj12bot.com/)"
54.36.148.242 - - [10/Aug/2021:14:53:55 +0200] "GET /coca-cola-large-metal-plate-deco-p-35213.html HTTP/1.0" 200 72936 "-" "Mozilla/5.0 (compatible; AhrefsBot/7.0; +http://ahrefs.com/robot/)"
64.62.252.176 - - [10/Aug/2021:14:54:13 +0200] "GET /spiderman-melamine-bowl-p-17119.html HTTP/1.0" 200 72933 "-" "The Knowledge AI"
192.99.5.228 - - [10/Aug/2021:14:54:24 +0200] "GET /stars-wars-darth-vader-figure-79-cm-p-21809.html HTTP/1.0" 301 70267 "-" "Mozilla/5.0 (compatible; MJ12bot/v1.4.8; http://mj12bot.com/)"
64.62.252.176 - - [10/Aug/2021:14:54:32 +0200] "GET /mickey-club-house-melamine-bowl-p-20359.html HTTP/1.0" 200 72967 "-" "The Knowledge AI"
157.55.39.5 - - [10/Aug/2021:14:54:44 +0200] "GET /-p-7913.html HTTP/1.0" 200 70198 "-" "Mozilla/5.0 (compatible; bingbot/2.0; +http://www.bing.com/bingbot.htm)"
192.99.5.228 - - [10/Aug/2021:14:54:48 +0200] "GET /-p-21809.html HTTP/1.0" 200 70200 "-" "Mozilla/5.0 (compatible; MJ12bot/v1.4.8; http://mj12bot.com/)"
64.62.252.176 - - [10/Aug/2021:14:54:50 +0200] "GET /cars-melamine-bowl-p-20355.html HTTP/1.0" 200 72876 "-" "The Knowledge AI"
54.36.148.242 - - [10/Aug/2021:14:55:04 +0200] "GET /monaco-1930-vintage-poster-p-44868.html HTTP/1.0" 200 72907 "-" "Mozilla/5.0 (compatible; AhrefsBot/7.0; +http://ahrefs.com/robot/)"
106.38.241.171 - - [10/Aug/2021:14:55:07 +0200] "GET / HTTP/1.0" 200 151263 "-" "Sogou web spider/4.0(+http://www.sogou.com/docs/help/webmasters.htm#07)"
64.62.252.176 - - [10/Aug/2021:14:55:09 +0200] "GET /good-morning-ceramic-breakfast-bowl-brown-p-55021.html HTTP/1.0" 200 73513 "-" "The Knowledge AI"
192.99.5.228 - - [10/Aug/2021:14:55:20 +0200] "GET /starwars-your-father-cosmetic-bag-p-16888.html HTTP/1.0" 301 70267 "-" "Mozilla/5.0 (compatible; MJ12bot/v1.4.8; http://mj12bot.com/)"
64.62.252.176 - - [10/Aug/2021:14:55:29 +0200] "GET /good-morning-ceramic-breakfast-bowl-brown-p-55022.html HTTP/1.0" 200 73513 "-" "The Knowledge AI"
157.55.39.156 - - [10/Aug/2021:14:55:47 +0200] "GET /-p-34031.html HTTP/1.0" 200 70200 "-" "Mozilla/5.0 (compatible; bingbot/2.0; +http://www.bing.com/bingbot.htm)"
64.62.252.176 - - [10/Aug/2021:14:55:49 +0200] "GET /good-morning-ceramic-breakfast-bowl-brown-p-55023.html HTTP/1.0" 200 73513 "-" "The Knowledge AI"
192.99.5.228 - - [10/Aug/2021:14:55:50 +0200] "GET /-p-16888.html HTTP/1.0" 200 70200 "-" "Mozilla/5.0 (compatible; MJ12bot/v1.4.8; http://mj12bot.com/)"
207.46.13.127 - - [10/Aug/2021:14:55:56 +0200] "GET /images/big_prod_1/5404006047550a.jpg HTTP/1.0" 200 271 "-" "Mozilla/5.0 (compatible; bingbot/2.0; +http://www.bing.com/bingbot.htm)"
64.62.252.176 - - [10/Aug/2021:14:56:08 +0200] "GET /large-bowl-p-53012.html HTTP/1.0" 200 72700 "-" "The Knowledge AI"
54.36.148.242 - - [10/Aug/2021:14:56:14 +0200] "GET /pendulum-selenite-drop-shaped-with-chakra-chain-p-45032.html HTTP/1.0" 200 74321 "-" "Mozilla/5.0 (compatible; AhrefsBot/7.0; +http://ahrefs.com/robot/)"
192.99.5.228 - - [10/Aug/2021:14:56:19 +0200] "GET /stationery-and-cardmaking-c-129.html?page=12 HTTP/1.0" 301 91983 "-" "Mozilla/5.0 (compatible; MJ12bot/v1.4.8; http://mj12bot.com/)"
207.46.13.39 - - [10/Aug/2021:14:56:19 +0200] "GET /clocks-c-13_67.html HTTP/1.0" 200 93104 "-" "Mozilla/5.0 (compatible; bingbot/2.0; +http://www.bing.com/bingbot.htm)"
207.46.13.175 - - [10/Aug/2021:14:56:24 +0200] "GET /nici-plush-collection-bubble-bunny-p-35157.html HTTP/1.0" 200 79782 "-" "Mozilla/5.0 (compatible; bingbot/2.0; +http://www.bing.com/bingbot.htm)"
185.191.171.9 - - [10/Aug/2021:14:56:26 +0200] "GET /washed-linen-skirt-white-p-48117.html?action=add_product HTTP/1.0" 302 476 "-" "Mozilla/5.0 (compatible; SemrushBot/7~bl; +http://www.semrush.com/bot.html)"
64.62.252.176 - - [10/Aug/2021:14:56:29 +0200] "GET /large-bowl-p-53013.html HTTP/1.0" 200 72700 "-" "The Knowledge AI"
207.46.13.39 - - [10/Aug/2021:14:56:29 +0200] "GET /decorative-faces-with-varied-expressions-p-50612.html HTTP/1.0" 200 73932 "-" "Mozilla/5.0 (compatible; bingbot/2.0; +http://www.bing.com/bingbot.htm)"
192.99.5.228 - - [10/Aug/2021:14:56:48 +0200] "GET /stationery-cardmaking-c-129.html?page=12 HTTP/1.0" 200 91889 "-" "Mozilla/5.0 (compatible; MJ12bot/v1.4.8; http://mj12bot.com/)"
64.62.252.176 - - [10/Aug/2021:14:56:58 +0200] "GET /large-bowl-p-53014.html HTTP/1.0" 200 72700 "-" "The Knowledge AI"
66.249.66.220 - - [10/Aug/2021:14:57:04 +0200] "GET /bamboo-fiber-plant-cover-p-55173.html HTTP/1.0" 200 73473 "-" "Mozilla/5.0 (Linux; Android 6.0.1; Nexus 5X Build/MMB29P) AppleWebKit/537.36 (KHTML, like Gecko) Chrome/92.0.4515.119 Mobile Safari/537.36 (compatible; Googlebot/2.1; +http://www.google.com/bot.html)"
157.55.39.5 - - [10/Aug/2021:14:57:14 +0200] "GET /-p-15707.html HTTP/1.0" 200 70200 "-" "Mozilla/5.0 (compatible; bingbot/2.0; +http://www.bing.com/bingbot.htm)"
54.36.148.99 - - [10/Aug/2021:14:57:15 +0200] "GET /pusheen-surprise-plush-mystery-box-series-p-38720.html HTTP/1.0" 301 70267 "-" "Mozilla/5.0 (compatible; AhrefsBot/7.0; +http://ahrefs.com/robot/)"
64.62.252.176 - - [10/Aug/2021:14:57:17 +0200] "GET /large-bowl-p-53015.html HTTP/1.0" 200 72701 "-" "The Knowledge AI"
54.36.148.242 - - [10/Aug/2021:14:57:18 +0200] "GET /placemat-p-49103.html HTTP/1.0" 200 70222 "-" "Mozilla/5.0 (compatible; AhrefsBot/7.0; +http://ahrefs.com/robot/)"
192.99.5.228 - - [10/Aug/2021:14:57:27 +0200] "GET /stationery-and-cardmaking-c-129.html?page=13 HTTP/1.0" 301 92339 "-" "Mozilla/5.0 (compatible; MJ12bot/v1.4.8; http://mj12bot.com/)"
157.55.39.51 - - [10/Aug/2021:14:57:30 +0200] "GET /caps-and-scarfs-adults-c-53_138.html HTTP/1.0" 301 87505 "-" "Mozilla/5.0 (compatible; bingbot/2.0; +http://www.bing.com/bingbot.htm)"
54.36.148.38 - - [10/Aug/2021:14:57:31 +0200] "GET /marie-figure-collection-by-romero-britto-p-13947.html HTTP/1.0" 301 77352 "-" "Mozilla/5.0 (compatible; AhrefsBot/7.0; +http://ahrefs.com/robot/)"
54.36.148.25 - - [10/Aug/2021:14:57:32 +0200] "GET /johnny-hallyday-bowl-p-6839.html HTTP/1.0" 301 70264 "-" "Mozilla/5.0 (compatible; AhrefsBot/7.0; +http://ahrefs.com/robot/)"
64.62.252.176 - - [10/Aug/2021:14:57:37 +0200] "GET /large-bowl-p-53016.html HTTP/1.0" 200 72706 "-" "The Knowledge AI"
185.191.171.38 - - [10/Aug/2021:14:57:42 +0200] "GET /baskets-with-handles-p-50701.html?action=add_product HTTP/1.0" 302 476 "-" "Mozilla/5.0 (compatible; SemrushBot/7~bl; +http://www.semrush.com/bot.html)"
157.55.39.156 - - [10/Aug/2021:14:57:47 +0200] "GET /merci-gustave-eiffel-tower-samba-brazil-minigus-p-31380.html HTTP/1.0" 200 70426 "-" "Mozilla/5.0 (compatible; bingbot/2.0; +http://www.bing.com/bingbot.htm)"
192.99.5.228 - - [10/Aug/2021:14:57:49 +0200] "GET /stationery-cardmaking-c-129.html?page=13 HTTP/1.0" 200 92245 "-" "Mozilla/5.0 (compatible; MJ12bot/v1.4.8; http://mj12bot.com/)"
64.62.252.176 - - [10/Aug/2021:14:57:57 +0200] "GET /large-bowl-p-53017.html HTTP/1.0" 200 72700 "-" "The Knowledge AI"
66.249.66.218 - - [10/Aug/2021:14:58:07 +0200] "GET /dishes/mugs-and-mazagrans/nici-rabbit-little-mug-p-9487.html HTTP/1.0" 301 70264 "-" "Mozilla/5.0 (compatible; Googlebot/2.1; +http://www.google.com/bot.html)"
66.249.66.218 - - [10/Aug/2021:14:58:08 +0200] "GET /-p-9487.html HTTP/1.0" 200 70198 "-" "Mozilla/5.0 (compatible; Googlebot/2.1; +http://www.google.com/bot.html)"
64.62.252.176 - - [10/Aug/2021:14:58:16 +0200] "GET /small-ceramic-starfish-bowl-p-54823.html HTTP/1.0" 200 72860 "-" "The Knowledge AI"
157.55.39.51 - - [10/Aug/2021:14:58:20 +0200] "GET /lamp-buddha-pink-p-44891.html HTTP/1.0" 200 72799 "-" "Mozilla/5.0 (compatible; bingbot/2.0; +http://www.bing.com/bingbot.htm)"
192.99.5.228 - - [10/Aug/2021:14:58:24 +0200] "GET /stationery-and-cardmaking-c-129.html?page=14 HTTP/1.0" 301 92236 "-" "Mozilla/5.0 (compatible; MJ12bot/v1.4.8; http://mj12bot.com/)"
64.62.252.176 - - [10/Aug/2021:14:58:35 +0200] "GET /luna-blue-bowl-p-37513.html HTTP/1.0" 200 72761 "-" "The Knowledge AI"
185.191.171.45 - - [10/Aug/2021:14:58:40 +0200] "GET /violetta-apron-chef-p-29524.html?action=add_product HTTP/1.0" 302 476 "-" "Mozilla/5.0 (compatible; SemrushBot/7~bl; +http://www.semrush.com/bot.html)"
54.36.148.242 - - [10/Aug/2021:14:58:40 +0200] "GET /indian-motor-large-metal-plate-deco-p-27970.html HTTP/1.0" 200 72909 "-" "Mozilla/5.0 (compatible; AhrefsBot/7.0; +http://ahrefs.com/robot/)"
192.99.5.228 - - [10/Aug/2021:14:58:54 +0200] "GET /stationery-cardmaking-c-129.html?page=14 HTTP/1.0" 200 92142 "-" "Mozilla/5.0 (compatible; MJ12bot/v1.4.8; http://mj12bot.com/)"
64.62.252.176 - - [10/Aug/2021:14:58:54 +0200] "GET /darth-vader-star-wars-jumbo-p-15964.html HTTP/1.0" 200 72960 "-" "The Knowledge AI"
192.99.5.228 - - [10/Aug/2021:14:59:11 +0200] "GET /stationery-and-cardmaking-c-129.html?page=15 HTTP/1.0" 301 92627 "-" "Mozilla/5.0 (compatible; MJ12bot/v1.4.8; http://mj12bot.com/)"
64.62.252.176 - - [10/Aug/2021:14:59:14 +0200] "GET /flower-bowl-model-p-49586.html HTTP/1.0" 200 72823 "-" "The Knowledge AI"
64.62.252.176 - - [10/Aug/2021:14:59:34 +0200] "GET /boudoir-bowl-white-taupe-p-52649.html HTTP/1.0" 200 72842 "-" "The Knowledge AI"
192.99.5.228 - - [10/Aug/2021:14:59:51 +0200] "GET /stationery-cardmaking-c-129.html?page=15 HTTP/1.0" 200 92533 "-" "Mozilla/5.0 (compatible; MJ12bot/v1.4.8; http://mj12bot.com/)"
54.36.148.242 - - [10/Aug/2021:14:59:51 +0200] "GET /dasha-candy-cloud-keychain-p-49749.html HTTP/1.0" 200 72872 "-" "Mozilla/5.0 (compatible; AhrefsBot/7.0; +http://ahrefs.com/robot/)"
64.62.252.176 - - [10/Aug/2021:14:59:54 +0200] "GET /small-bamboo-salad-bowl-with-hummingbirds-p-49513.html HTTP/1.0" 200 72959 "-" "The Knowledge AI"
192.99.5.228 - - [10/Aug/2021:15:00:06 +0200] "GET /stationery-and-cardmaking-c-129.html?page=16 HTTP/1.0" 301 92961 "-" "Mozilla/5.0 (compatible; MJ12bot/v1.4.8; http://mj12bot.com/)"
157.55.39.156 - - [10/Aug/2021:15:00:09 +0200] "GET /mugs-mazagrans-c-12_57.html HTTP/1.0" 200 96571 "-" "Mozilla/5.0 (compatible; bingbot/2.0; +http://www.bing.com/bingbot.htm)"
64.62.252.176 - - [10/Aug/2021:15:00:13 +0200] "GET /dubout-cats-large-round-flat-p-40060.html HTTP/1.0" 200 72867 "-" "The Knowledge AI"
64.62.252.176 - - [10/Aug/2021:15:00:33 +0200] "GET /salad-bowl-bowls-bamboo-cutlery-p-47785.html HTTP/1.0" 200 73063 "-" "The Knowledge AI"
66.249.66.220 - - [10/Aug/2021:15:00:40 +0200] "GET /images/big_prod/3503420076466.jpg HTTP/1.0" 200 268 "-" "Googlebot-Image/1.0"
192.99.5.228 - - [10/Aug/2021:15:00:51 +0200] "GET /stationery-cardmaking-c-129.html?page=16 HTTP/1.0" 200 92867 "-" "Mozilla/5.0 (compatible; MJ12bot/v1.4.8; http://mj12bot.com/)"
64.62.252.176 - - [10/Aug/2021:15:00:53 +0200] "GET /beautiful-tassen-salad-bowl-made-germany-p-43296.html HTTP/1.0" 200 73118 "-" "The Knowledge AI"
157.55.39.5 - - [10/Aug/2021:15:01:04 +0200] "GET /deer-wall-stickers-p-51127.html HTTP/1.0" 200 73684 "-" "Mozilla/5.0 (compatible; bingbot/2.0; +http://www.bing.com/bingbot.htm)"
54.36.148.242 - - [10/Aug/2021:15:01:05 +0200] "GET /quote-from-jean-louis-auguste-commerson-wall-sticker-p-39604.html HTTP/1.0" 200 73944 "-" "Mozilla/5.0 (compatible; AhrefsBot/7.0; +http://ahrefs.com/robot/)"
64.62.252.176 - - [10/Aug/2021:15:01:15 +0200] "GET /cherries-butter-dish-p-38023.html HTTP/1.0" 200 72815 "-" "The Knowledge AI"
207.46.13.39 - - [10/Aug/2021:15:01:20 +0200] "GET /charmmy-kitty-backpack-p-14542.html HTTP/1.0" 200 70286 "-" "Mozilla/5.0 (compatible; bingbot/2.0; +http://www.bing.com/bingbot.htm)"
64.62.252.176 - - [10/Aug/2021:15:01:36 +0200] "GET /melanie-ceramic-butter-dish-p-47864.html HTTP/1.0" 200 72848 "-" "The Knowledge AI"
192.99.5.228 - - [10/Aug/2021:15:01:58 +0200] "GET /stationery-and-cardmaking-c-129.html?page=17 HTTP/1.0" 301 92631 "-" "Mozilla/5.0 (compatible; MJ12bot/v1.4.8; http://mj12bot.com/)"
64.62.252.176 - - [10/Aug/2021:15:02:06 +0200] "GET /barnyard-ceramic-butter-dish-p-51418.html HTTP/1.0" 200 72883 "-" "The Knowledge AI"
54.36.148.242 - - [10/Aug/2021:15:02:13 +0200] "GET /cuba-large-metal-plate-deco-p-33727.html HTTP/1.0" 200 72870 "-" "Mozilla/5.0 (compatible; AhrefsBot/7.0; +http://ahrefs.com/robot/)"
192.99.5.228 - - [10/Aug/2021:15:02:17 +0200] "GET /stationery-cardmaking-c-129.html?page=17 HTTP/1.0" 200 92537 "-" "Mozilla/5.0 (compatible; MJ12bot/v1.4.8; http://mj12bot.com/)"
207.46.13.175 - - [10/Aug/2021:15:02:23 +0200] "GET /images/big_prod/8717202557585.jpg HTTP/1.0" 200 268 "-" "Mozilla/5.0 (compatible; bingbot/2.0; +http://www.bing.com/bingbot.htm)"
64.62.252.176 - - [10/Aug/2021:15:02:25 +0200] "GET /ananas-cube-p-42517.html HTTP/1.0" 200 72812 "-" "The Knowledge AI"
192.99.5.228 - - [10/Aug/2021:15:02:32 +0200] "GET /stationery-and-cardmaking-c-129.html?page=18 HTTP/1.0" 301 92447 "-" "Mozilla/5.0 (compatible; MJ12bot/v1.4.8; http://mj12bot.com/)"
185.191.171.18 - - [10/Aug/2021:15:02:36 +0200] "GET /small-sommelier-shape-book-p-54552.html HTTP/1.0" 200 73895 "-" "Mozilla/5.0 (compatible; SemrushBot/7~bl; +http://www.semrush.com/bot.html)"
64.62.252.176 - - [10/Aug/2021:15:02:44 +0200] "GET /aurora-small-flexible-molds-p-28215.html HTTP/1.0" 200 73055 "-" "The Knowledge AI"
64.62.252.176 - - [10/Aug/2021:15:03:03 +0200] "GET /belle-small-flexible-molds-p-28217.html HTTP/1.0" 200 73050 "-" "The Knowledge AI"
62.210.188.218 - - [10/Aug/2021:15:03:04 +0200] "GET /mdite-p-49538.html HTTP/1.0" 200 72704 "-" "Mozilla/5.0 (compatible; Barkrowler/0.9; +https://babbar.tech/crawler)"
192.99.5.228 - - [10/Aug/2021:15:03:07 +0200] "GET /stationery-cardmaking-c-129.html?page=18 HTTP/1.0" 200 92353 "-" "Mozilla/5.0 (compatible; MJ12bot/v1.4.8; http://mj12bot.com/)"
185.191.171.1 - - [10/Aug/2021:15:03:15 +0200] "GET /saucer-p-55882.html?action=add_product HTTP/1.0" 302 476 "-" "Mozilla/5.0 (compatible; SemrushBot/7~bl; +http://www.semrush.com/bot.html)"
157.55.39.51 - - [10/Aug/2021:15:03:20 +0200] "GET /-p-19847.html HTTP/1.0" 200 70200 "-" "Mozilla/5.0 (compatible; bingbot/2.0; +http://www.bing.com/bingbot.htm)"
54.36.148.242 - - [10/Aug/2021:15:03:22 +0200] "GET /kimmidoll-keyring-satomi-p-49772.html HTTP/1.0" 200 72861 "-" "Mozilla/5.0 (compatible; AhrefsBot/7.0; +http://ahrefs.com/robot/)"
64.62.252.176 - - [10/Aug/2021:15:03:23 +0200] "GET /mickey-small-flexible-molds-blue-model-p-28214.html HTTP/1.0" 200 72966 "-" "The Knowledge AI"
62.210.188.218 - - [10/Aug/2021:15:03:27 +0200] "GET /lyon-shirt-p-31274.html HTTP/1.0" 200 74710 "-" "Mozilla/5.0 (compatible; Barkrowler/0.9; +https://babbar.tech/crawler)"
185.191.171.5 - - [10/Aug/2021:15:03:28 +0200] "GET /-p-36410.html?action=add_product HTTP/1.0" 302 476 "-" "Mozilla/5.0 (compatible; SemrushBot/7~bl; +http://www.semrush.com/bot.html)"
40.77.167.106 - - [10/Aug/2021:15:03:36 +0200] "GET /little-prince-navy-blue-jewelry-phosphorescent-p-16447.html HTTP/1.0" 200 74353 "-" "Mozilla/5.0 (compatible; bingbot/2.0; +http://www.bing.com/bingbot.htm)"
192.99.5.228 - - [10/Aug/2021:15:03:41 +0200] "GET /stationery-and-cardmaking-c-129.html?page=19 HTTP/1.0" 301 92679 "-" "Mozilla/5.0 (compatible; MJ12bot/v1.4.8; http://mj12bot.com/)"
64.62.252.176 - - [10/Aug/2021:15:03:42 +0200] "GET /mickey-small-flexible-molds-model-p-28211.html HTTP/1.0" 200 72950 "-" "The Knowledge AI"
62.210.188.218 - - [10/Aug/2021:15:03:45 +0200] "GET /trivet-p-27387.html HTTP/1.0" 200 72677 "-" "Mozilla/5.0 (compatible; Barkrowler/0.9; +https://babbar.tech/crawler)"
66.249.66.216 - - [10/Aug/2021:15:04:01 +0200] "GET /images/4891813832799.jpg HTTP/1.0" 200 259 "-" "Googlebot-Image/1.0"
64.62.252.176 - - [10/Aug/2021:15:04:01 +0200] "GET /mickey-small-flexible-molds-yellow-model-p-28210.html HTTP/1.0" 200 72970 "-" "The Knowledge AI"
62.210.188.218 - - [10/Aug/2021:15:04:04 +0200] "GET /radio-clock-p-38429.html HTTP/1.0" 200 70242 "-" "Mozilla/5.0 (compatible; Barkrowler/0.9; +https://babbar.tech/crawler)"
192.99.5.228 - - [10/Aug/2021:15:04:04 +0200] "GET /stationery-cardmaking-c-129.html?page=19 HTTP/1.0" 200 92585 "-" "Mozilla/5.0 (compatible; MJ12bot/v1.4.8; http://mj12bot.com/)"
64.62.252.176 - - [10/Aug/2021:15:04:20 +0200] "GET /spiderman-small-flexible-molds-model-blue-p-28218.html HTTP/1.0" 200 73127 "-" "The Knowledge AI"
62.210.188.218 - - [10/Aug/2021:15:04:22 +0200] "GET /om-mug-p-47390.html HTTP/1.0" 200 73231 "-" "Mozilla/5.0 (compatible; Barkrowler/0.9; +https://babbar.tech/crawler)"
157.55.39.156 - - [10/Aug/2021:15:04:28 +0200] "GET /harley-davidson-zippo-lighter-p-43708.html HTTP/1.0" 200 73352 "-" "Mozilla/5.0 (compatible; bingbot/2.0; +http://www.bing.com/bingbot.htm)"
207.46.13.127 - - [10/Aug/2021:15:04:36 +0200] "GET /luggages-schoolbags-leather-shop/pencil-case/funny-pets-triangular-pencil-case-p-18776.html HTTP/1.0" 301 73183 "-" "Mozilla/5.0 (compatible; bingbot/2.0; +http://www.bing.com/bingbot.htm)"
64.62.252.176 - - [10/Aug/2021:15:04:39 +0200] "GET /spiderman-small-flexible-molds-model-p-28219.html HTTP/1.0" 200 73110 "-" "The Knowledge AI"
54.36.148.242 - - [10/Aug/2021:15:04:42 +0200] "GET /johnny-hallyday-blue-neon-wall-clock-p-24167.html HTTP/1.0" 200 72977 "-" "Mozilla/5.0 (compatible; AhrefsBot/7.0; +http://ahrefs.com/robot/)"
62.210.188.218 - - [10/Aug/2021:15:04:46 +0200] "GET /om-mug-p-52127.html HTTP/1.0" 200 72665 "-" "Mozilla/5.0 (compatible; Barkrowler/0.9; +https://babbar.tech/crawler)"
192.99.5.228 - - [10/Aug/2021:15:04:46 +0200] "GET /stationery-and-cardmaking-c-129.html?page=20 HTTP/1.0" 301 92561 "-" "Mozilla/5.0 (compatible; MJ12bot/v1.4.8; http://mj12bot.com/)"
64.62.252.176 - - [10/Aug/2021:15:04:57 +0200] "GET /spiderman-small-flexible-molds-model-yellow-p-28220.html HTTP/1.0" 200 73145 "-" "The Knowledge AI"
62.210.188.218 - - [10/Aug/2021:15:05:04 +0200] "GET /om-mug-p-54143.html HTTP/1.0" 200 73393 "-" "Mozilla/5.0 (compatible; Barkrowler/0.9; +https://babbar.tech/crawler)"
185.191.171.39 - - [10/Aug/2021:15:05:07 +0200] "GET /robots.txt HTTP/1.0" 200 245 "-" "Mozilla/5.0 (compatible; SemrushBot/7~bl; +http://www.semrush.com/bot.html)"
185.191.171.39 - - [10/Aug/2021:15:05:07 +0200] "GET /acdc-back-in-black-shirt-p-29540.html HTTP/1.0" 301 74749 "-" "Mozilla/5.0 (compatible; SemrushBot/7~bl; +http://www.semrush.com/bot.html)"
185.191.171.36 - - [10/Aug/2021:15:05:09 +0200] "GET /acdc-back-black-shirt-p-29540.html HTTP/1.0" 200 74661 "-" "Mozilla/5.0 (compatible; SemrushBot/7~bl; +http://www.semrush.com/bot.html)"
64.62.252.176 - - [10/Aug/2021:15:05:16 +0200] "GET /winnie-pooh-mini-silicone-p-17924.html HTTP/1.0" 200 72983 "-" "The Knowledge AI"
62.210.188.218 - - [10/Aug/2021:15:05:24 +0200] "GET /om-mug-p-54142.html HTTP/1.0" 200 73230 "-" "Mozilla/5.0 (compatible; Barkrowler/0.9; +https://babbar.tech/crawler)"
185.191.171.13 - - [10/Aug/2021:15:05:30 +0200] "GET /princesse-sofia-rabbit-figure-p-23408.html HTTP/1.0" 301 70267 "-" "Mozilla/5.0 (compatible; SemrushBot/7~bl; +http://www.semrush.com/bot.html)"
192.99.5.228 - - [10/Aug/2021:15:05:30 +0200] "GET /stationery-cardmaking-c-129.html?page=20 HTTP/1.0" 200 92467 "-" "Mozilla/5.0 (compatible; MJ12bot/v1.4.8; http://mj12bot.com/)"
185.191.171.10 - - [10/Aug/2021:15:05:32 +0200] "GET /-p-23408.html HTTP/1.0" 200 70200 "-" "Mozilla/5.0 (compatible; SemrushBot/7~bl; +http://www.semrush.com/bot.html)"
64.62.252.176 - - [10/Aug/2021:15:05:35 +0200] "GET /aurora-silicone-mold-pink-model-p-28235.html HTTP/1.0" 200 72947 "-" "The Knowledge AI"
62.210.188.218 - - [10/Aug/2021:15:05:45 +0200] "GET /om-mug-p-43115.html HTTP/1.0" 200 72674 "-" "Mozilla/5.0 (compatible; Barkrowler/0.9; +https://babbar.tech/crawler)"
54.36.148.242 - - [10/Aug/2021:15:05:49 +0200] "GET /spectra-vondergeist-figure-p-22567.html HTTP/1.0" 200 72939 "-" "Mozilla/5.0 (compatible; AhrefsBot/7.0; +http://ahrefs.com/robot/)"
64.62.252.176 - - [10/Aug/2021:15:05:53 +0200] "GET /belle-silicone-mold-yellow-model-p-28233.html HTTP/1.0" 200 72948 "-" "The Knowledge AI"
93.158.161.67 - - [10/Aug/2021:15:05:54 +0200] "GET /images/8435306246500bis.jpg HTTP/1.0" 200 262 "-" "Mozilla/5.0 (compatible; YandexImages/3.0; +http://yandex.com/bots)"
192.99.5.228 - - [10/Aug/2021:15:06:01 +0200] "GET /stationery-and-cardmaking-c-129.html?page=21 HTTP/1.0" 301 92434 "-" "Mozilla/5.0 (compatible; MJ12bot/v1.4.8; http://mj12bot.com/)"
62.210.188.218 - - [10/Aug/2021:15:06:07 +0200] "GET /om-mug-p-43212.html HTTP/1.0" 200 72674 "-" "Mozilla/5.0 (compatible; Barkrowler/0.9; +https://babbar.tech/crawler)"
64.62.252.176 - - [10/Aug/2021:15:06:12 +0200] "GET /keyboard-cube-p-27590.html HTTP/1.0" 200 72759 "-" "The Knowledge AI"
62.210.188.218 - - [10/Aug/2021:15:06:28 +0200] "GET /plastic-glass-p-17153.html HTTP/1.0" 200 72957 "-" "Mozilla/5.0 (compatible; Barkrowler/0.9; +https://babbar.tech/crawler)"
64.62.252.176 - - [10/Aug/2021:15:06:30 +0200] "GET /keyboard-cube-p-24899.html HTTP/1.0" 200 72807 "-" "The Knowledge AI"
157.55.39.122 - - [10/Aug/2021:15:06:36 +0200] "GET /-p-34271.html HTTP/1.0" 200 70200 "-" "Mozilla/5.0 (compatible; bingbot/2.0; +http://www.bing.com/bingbot.htm)"
157.55.39.156 - - [10/Aug/2021:15:06:48 +0200] "GET /-p-27710.html HTTP/1.0" 200 70200 "-" "Mozilla/5.0 (compatible; bingbot/2.0; +http://www.bing.com/bingbot.htm)"
192.99.5.228 - - [10/Aug/2021:15:06:48 +0200] "GET /stationery-cardmaking-c-129.html?page=21 HTTP/1.0" 200 92340 "-" "Mozilla/5.0 (compatible; MJ12bot/v1.4.8; http://mj12bot.com/)"
62.210.188.218 - - [10/Aug/2021:15:06:48 +0200] "GET /boys-cover-p-24673.html HTTP/1.0" 200 72590 "-" "Mozilla/5.0 (compatible; Barkrowler/0.9; +https://babbar.tech/crawler)"
157.55.39.156 - - [10/Aug/2021:15:06:49 +0200] "GET /littlest-petshop-white-swimsuit-p-30316.html HTTP/1.0" 200 74327 "-" "Mozilla/5.0 (compatible; bingbot/2.0; +http://www.bing.com/bingbot.htm)"
64.62.252.176 - - [10/Aug/2021:15:06:50 +0200] "GET /sausage-with-knife-bodega-p-47319.html HTTP/1.0" 200 72890 "-" "The Knowledge AI"
157.55.39.51 - - [10/Aug/2021:15:06:52 +0200] "GET /minions-poster-p-30940.html HTTP/1.0" 200 70261 "-" "Mozilla/5.0 (compatible; bingbot/2.0; +http://www.bing.com/bingbot.htm)"
54.36.148.242 - - [10/Aug/2021:15:06:59 +0200] "GET /rings-c-3_257.html HTTP/1.0" 200 84559 "-" "Mozilla/5.0 (compatible; AhrefsBot/7.0; +http://ahrefs.com/robot/)"
64.62.252.176 - - [10/Aug/2021:15:07:09 +0200] "GET /sausage-with-knife-boucherie-charcuterie-p-47323.html HTTP/1.0" 200 73824 "-" "The Knowledge AI"
62.210.188.218 - - [10/Aug/2021:15:07:20 +0200] "GET /watches-c-3_66.html?page=1 HTTP/1.0" 200 90945 "-" "Mozilla/5.0 (compatible; Barkrowler/0.9; +https://babbar.tech/crawler)"
64.62.252.176 - - [10/Aug/2021:15:07:28 +0200] "GET /sausage-with-knife-excuse-french-p-47322.html HTTP/1.0" 200 73565 "-" "The Knowledge AI"
192.99.5.228 - - [10/Aug/2021:15:07:32 +0200] "GET /stationery-cardmaking-c-129.html?page=12 HTTP/1.0" 200 91889 "-" "Mozilla/5.0 (compatible; MJ12bot/v1.4.8; http://mj12bot.com/)"
62.210.188.218 - - [10/Aug/2021:15:07:40 +0200] "GET /watches-c-3_66.html?page=2 HTTP/1.0" 200 84531 "-" "Mozilla/5.0 (compatible; Barkrowler/0.9; +https://babbar.tech/crawler)"
185.191.171.43 - - [10/Aug/2021:15:07:44 +0200] "GET /paris-saint-germain-backpack-p-52187.html?action=add_product HTTP/1.0" 302 476 "-" "Mozilla/5.0 (compatible; SemrushBot/7~bl; +http://www.semrush.com/bot.html)"
64.62.252.176 - - [10/Aug/2021:15:07:46 +0200] "GET /sausage-with-knife-happy-thrapie-p-47686.html HTTP/1.0" 200 72924 "-" "The Knowledge AI"
185.191.171.4 - - [10/Aug/2021:15:07:57 +0200] "GET /dishes-c-12.html?page=39 HTTP/1.0" 200 91699 "-" "Mozilla/5.0 (compatible; SemrushBot/7~bl; +http://www.semrush.com/bot.html)"
62.210.188.218 - - [10/Aug/2021:15:08:04 +0200] "GET /keyring-p-38017.html HTTP/1.0" 200 72768 "-" "Mozilla/5.0 (compatible; Barkrowler/0.9; +https://babbar.tech/crawler)"
54.36.148.242 - - [10/Aug/2021:15:08:14 +0200] "GET /klimt-cotton-pouch-p-51203.html HTTP/1.0" 200 72859 "-" "Mozilla/5.0 (compatible; AhrefsBot/7.0; +http://ahrefs.com/robot/)"
192.99.5.228 - - [10/Aug/2021:15:08:17 +0200] "GET /stationery-cardmaking-c-129.html?page=13 HTTP/1.0" 200 92245 "-" "Mozilla/5.0 (compatible; MJ12bot/v1.4.8; http://mj12bot.com/)"
64.62.252.176 - - [10/Aug/2021:15:08:18 +0200] "GET /sausage-with-knife-paris-p-47324.html HTTP/1.0" 200 72881 "-" "The Knowledge AI"
64.62.252.176 - - [10/Aug/2021:15:08:36 +0200] "GET /slicer-sausage-p-39699.html HTTP/1.0" 200 72978 "-" "The Knowledge AI"
185.191.171.19 - - [10/Aug/2021:15:08:38 +0200] "GET /boxes-incense-champa-satya-argabatti-classic-p-54221.html?action=add_product HTTP/1.0" 302 476 "-" "Mozilla/5.0 (compatible; SemrushBot/7~bl; +http://www.semrush.com/bot.html)"
62.210.188.218 - - [10/Aug/2021:15:08:43 +0200] "GET /keyrings-c-31_52.html HTTP/1.0" 200 93948 "-" "Mozilla/5.0 (compatible; Barkrowler/0.9; +https://babbar.tech/crawler)"
207.46.13.127 - - [10/Aug/2021:15:08:48 +0200] "GET /frankie-stein-figure-p-22565.html HTTP/1.0" 200 72897 "-" "Mozilla/5.0 (compatible; bingbot/2.0; +http://www.bing.com/bingbot.htm)"
51.68.224.127 - - [10/Aug/2021:15:08:48 +0200] "GET /adminweb/export_orders_xml.php?token=256de2z6edz6ed2z6DFSFsed2zed6zeDSFDSGdzedezfzf&maxorders=10&orderstart=1&status=14&start_date=2018-10-01 HTTP/1.0" 200 285 "-" "GesCom CharlotteBoutik Serveur"
51.68.224.127 - - [10/Aug/2021:15:08:48 +0200] "GET /adminweb/export_orders_xml.php?token=256de2z6edz6ed2z6DFSFsed2zed6zeDSFDSGdzedezfzf&maxorders=10&orderstart=1&status=6&start_date=2018-10-01 HTTP/1.0" 200 28601 "-" "GesCom CharlotteBoutik Serveur"
192.99.5.228 - - [10/Aug/2021:15:08:52 +0200] "GET /stationery-cardmaking-c-129.html?page=14 HTTP/1.0" 200 92142 "-" "Mozilla/5.0 (compatible; MJ12bot/v1.4.8; http://mj12bot.com/)"
64.62.252.176 - - [10/Aug/2021:15:08:55 +0200] "GET /coasters-c-12_157.html?page=2 HTTP/1.0" 200 92320 "-" "The Knowledge AI"
62.210.188.218 - - [10/Aug/2021:15:09:03 +0200] "GET /chat-noir-p-18948.html HTTP/1.0" 200 70240 "-" "Mozilla/5.0 (compatible; Barkrowler/0.9; +https://babbar.tech/crawler)"
207.46.13.175 - - [10/Aug/2021:15:09:05 +0200] "GET /hats-and-caps-c-1_44.html HTTP/1.0" 301 91512 "-" "Mozilla/5.0 (compatible; bingbot/2.0; +http://www.bing.com/bingbot.htm)"
64.62.252.176 - - [10/Aug/2021:15:09:14 +0200] "GET /coasters-c-12_157.html?page=3 HTTP/1.0" 200 92695 "-" "The Knowledge AI"
207.46.13.101 - - [10/Aug/2021:15:09:14 +0200] "GET /-p-33831.html HTTP/1.0" 200 70200 "-" "Mozilla/5.0 (compatible; bingbot/2.0; +http://www.bing.com/bingbot.htm)"
192.99.5.228 - - [10/Aug/2021:15:09:18 +0200] "GET /stationery-cardmaking-c-129.html?page=15 HTTP/1.0" 200 92533 "-" "Mozilla/5.0 (compatible; MJ12bot/v1.4.8; http://mj12bot.com/)"
62.210.188.218 - - [10/Aug/2021:15:09:23 +0200] "GET /ceramic-flower-p-53369.html HTTP/1.0" 200 72797 "-" "Mozilla/5.0 (compatible; Barkrowler/0.9; +https://babbar.tech/crawler)"
54.36.148.242 - - [10/Aug/2021:15:09:28 +0200] "GET /fluorite-massage-stick-peace-harmony-creativity-p-47223.html HTTP/1.0" 200 74185 "-" "Mozilla/5.0 (compatible; AhrefsBot/7.0; +http://ahrefs.com/robot/)"
185.191.171.21 - - [10/Aug/2021:15:09:32 +0200] "GET /funky-dolls-lola-cocoa-p-18855.html?action=add_product HTTP/1.0" 302 476 "-" "Mozilla/5.0 (compatible; SemrushBot/7~bl; +http://www.semrush.com/bot.html)"
64.62.252.176 - - [10/Aug/2021:15:09:32 +0200] "GET /coasters-c-12_157.html?page=4 HTTP/1.0" 200 92765 "-" "The Knowledge AI"
192.99.5.228 - - [10/Aug/2021:15:09:40 +0200] "GET /stationery-cardmaking-c-129.html?page=16 HTTP/1.0" 200 92867 "-" "Mozilla/5.0 (compatible; MJ12bot/v1.4.8; http://mj12bot.com/)"
62.210.188.218 - - [10/Aug/2021:15:09:43 +0200] "GET /ceramic-flower-p-53371.html HTTP/1.0" 200 72800 "-" "Mozilla/5.0 (compatible; Barkrowler/0.9; +https://babbar.tech/crawler)"
64.62.252.176 - - [10/Aug/2021:15:09:53 +0200] "GET /coasters-c-12_157.html?page=5 HTTP/1.0" 200 92870 "-" "The Knowledge AI"
62.210.188.218 - - [10/Aug/2021:15:10:03 +0200] "GET /ceramic-flower-p-53367.html HTTP/1.0" 200 72796 "-" "Mozilla/5.0 (compatible; Barkrowler/0.9; +https://babbar.tech/crawler)"
192.99.5.228 - - [10/Aug/2021:15:10:06 +0200] "GET /stationery-cardmaking-c-129.html?page=17 HTTP/1.0" 200 92537 "-" "Mozilla/5.0 (compatible; MJ12bot/v1.4.8; http://mj12bot.com/)"
64.62.252.176 - - [10/Aug/2021:15:10:11 +0200] "GET /coasters-c-12_157.html?page=6 HTTP/1.0" 200 93233 "-" "The Knowledge AI"
207.46.13.39 - - [10/Aug/2021:15:10:21 +0200] "GET /-p-16096.html HTTP/1.0" 200 70200 "-" "Mozilla/5.0 (compatible; bingbot/2.0; +http://www.bing.com/bingbot.htm)"
62.210.188.218 - - [10/Aug/2021:15:10:28 +0200] "GET /ceramic-flower-p-53368.html HTTP/1.0" 200 73386 "-" "Mozilla/5.0 (compatible; Barkrowler/0.9; +https://babbar.tech/crawler)"
64.62.252.176 - - [10/Aug/2021:15:10:30 +0200] "GET /coasters-c-12_157.html?page=7 HTTP/1.0" 200 94252 "-" "The Knowledge AI"
157.55.39.51 - - [10/Aug/2021:15:10:31 +0200] "GET /-p-6232.html HTTP/1.0" 200 70198 "-" "Mozilla/5.0 (compatible; bingbot/2.0; +http://www.bing.com/bingbot.htm)"
192.99.5.228 - - [10/Aug/2021:15:10:39 +0200] "GET /stationery-cardmaking-c-129.html?page=18 HTTP/1.0" 200 92353 "-" "Mozilla/5.0 (compatible; MJ12bot/v1.4.8; http://mj12bot.com/)"
54.36.148.242 - - [10/Aug/2021:15:10:42 +0200] "GET /coca-cola-metal-plate-p-40286.html HTTP/1.0" 200 72961 "-" "Mozilla/5.0 (compatible; AhrefsBot/7.0; +http://ahrefs.com/robot/)"
62.210.188.218 - - [10/Aug/2021:15:10:46 +0200] "GET /ceramic-flower-p-53370.html HTTP/1.0" 200 72800 "-" "Mozilla/5.0 (compatible; Barkrowler/0.9; +https://babbar.tech/crawler)"
64.62.252.176 - - [10/Aug/2021:15:10:48 +0200] "GET /coasters-c-12_157.html?page=8 HTTP/1.0" 200 93299 "-" "The Knowledge AI"
185.191.171.26 - - [10/Aug/2021:15:10:52 +0200] "GET /hermetic-salt-with-wooden-spoon-sardy-p-54526.html?action=add_product HTTP/1.0" 302 476 "-" "Mozilla/5.0 (compatible; SemrushBot/7~bl; +http://www.semrush.com/bot.html)"
62.210.188.218 - - [10/Aug/2021:15:11:03 +0200] "GET /ceramic-lamp-p-52415.html HTTP/1.0" 200 73516 "-" "Mozilla/5.0 (compatible; Barkrowler/0.9; +https://babbar.tech/crawler)"
64.62.252.176 - - [10/Aug/2021:15:11:07 +0200] "GET /coasters-c-12_157.html?page=9 HTTP/1.0" 200 91155 "-" "The Knowledge AI"
192.99.5.228 - - [10/Aug/2021:15:11:10 +0200] "GET /stationery-cardmaking-c-129.html?page=19 HTTP/1.0" 200 92585 "-" "Mozilla/5.0 (compatible; MJ12bot/v1.4.8; http://mj12bot.com/)"
62.210.188.218 - - [10/Aug/2021:15:11:22 +0200] "GET /ceramic-lamp-p-52407.html HTTP/1.0" 200 73415 "-" "Mozilla/5.0 (compatible; Barkrowler/0.9; +https://babbar.tech/crawler)"
64.62.252.176 - - [10/Aug/2021:15:11:25 +0200] "GET /cork-coaster-p-37068.html HTTP/1.0" 200 72772 "-" "The Knowledge AI"
157.55.39.5 - - [10/Aug/2021:15:11:36 +0200] "GET /images/3521320605098.jpg HTTP/1.0" 200 259 "-" "Mozilla/5.0 (compatible; bingbot/2.0; +http://www.bing.com/bingbot.htm)"
192.99.5.228 - - [10/Aug/2021:15:11:41 +0200] "GET /stationery-cardmaking-c-129.html?page=20 HTTP/1.0" 200 92467 "-" "Mozilla/5.0 (compatible; MJ12bot/v1.4.8; http://mj12bot.com/)"
62.210.188.218 - - [10/Aug/2021:15:11:43 +0200] "GET /ceramic-lamp-p-52408.html HTTP/1.0" 200 73778 "-" "Mozilla/5.0 (compatible; Barkrowler/0.9; +https://babbar.tech/crawler)"
64.62.252.176 - - [10/Aug/2021:15:11:44 +0200] "GET /coasters-mandala-p-50117.html HTTP/1.0" 200 72758 "-" "The Knowledge AI"
54.36.148.230 - - [10/Aug/2021:15:11:47 +0200] "GET /bratz-backpack-p-1378.html HTTP/1.0" 301 70264 "-" "Mozilla/5.0 (compatible; AhrefsBot/7.0; +http://ahrefs.com/robot/)"
54.36.148.242 - - [10/Aug/2021:15:11:56 +0200] "GET /ceramic-lamp-beige-background-p-54585.html HTTP/1.0" 200 74029 "-" "Mozilla/5.0 (compatible; AhrefsBot/7.0; +http://ahrefs.com/robot/)"
64.62.252.176 - - [10/Aug/2021:15:12:03 +0200] "GET /coasters-mandala-p-50119.html HTTP/1.0" 200 72758 "-" "The Knowledge AI"
66.249.66.216 - - [10/Aug/2021:15:12:04 +0200] "GET /vent-bathrobe-size-p-45904.html HTTP/1.0" 200 72879 "-" "Mozilla/5.0 (compatible; Googlebot/2.1; +http://www.google.com/bot.html)"
62.210.188.218 - - [10/Aug/2021:15:12:04 +0200] "GET /ceramic-lamp-p-52602.html HTTP/1.0" 200 73516 "-" "Mozilla/5.0 (compatible; Barkrowler/0.9; +https://babbar.tech/crawler)"
64.62.252.176 - - [10/Aug/2021:15:12:22 +0200] "GET /coasters-mandala-p-50120.html HTTP/1.0" 200 72758 "-" "The Knowledge AI"
207.46.13.175 - - [10/Aug/2021:15:12:25 +0200] "GET /noddy-bingo-p-2579.html HTTP/1.0" 301 70264 "-" "Mozilla/5.0 (compatible; bingbot/2.0; +http://www.bing.com/bingbot.htm)"
192.99.5.228 - - [10/Aug/2021:15:12:26 +0200] "GET /stationery-cardmaking-c-129.html?page=21 HTTP/1.0" 200 92340 "-" "Mozilla/5.0 (compatible; MJ12bot/v1.4.8; http://mj12bot.com/)"
157.55.39.122 - - [10/Aug/2021:15:12:29 +0200] "GET /mandala-p-43383.html HTTP/1.0" 200 73885 "-" "Mozilla/5.0 (compatible; bingbot/2.0; +http://www.bing.com/bingbot.htm)"
62.210.188.218 - - [10/Aug/2021:15:12:35 +0200] "GET /ceramic-lamp-p-52608.html HTTP/1.0" 200 73516 "-" "Mozilla/5.0 (compatible; Barkrowler/0.9; +https://babbar.tech/crawler)"
64.62.252.176 - - [10/Aug/2021:15:12:41 +0200] "GET /cuba-cork-coaster-p-40268.html HTTP/1.0" 200 72769 "-" "The Knowledge AI"
62.210.188.218 - - [10/Aug/2021:15:12:56 +0200] "GET /ceramic-lamp-p-52413.html HTTP/1.0" 200 73516 "-" "Mozilla/5.0 (compatible; Barkrowler/0.9; +https://babbar.tech/crawler)"
157.55.39.122 - - [10/Aug/2021:15:12:56 +0200] "GET /-p-20663.html HTTP/1.0" 200 70200 "-" "Mozilla/5.0 (compatible; bingbot/2.0; +http://www.bing.com/bingbot.htm)"
192.99.5.228 - - [10/Aug/2021:15:12:58 +0200] "GET /stationery-school-supplies-c-129_30.html?page=13 HTTP/1.0" 301 78146 "-" "Mozilla/5.0 (compatible; MJ12bot/v1.4.8; http://mj12bot.com/)"
64.62.252.176 - - [10/Aug/2021:15:12:58 +0200] "GET /corsica-coasters-p-50947.html HTTP/1.0" 200 73389 "-" "The Knowledge AI"
185.191.171.41 - - [10/Aug/2021:15:13:00 +0200] "GET /canvas-frame-p-38504.html HTTP/1.0" 200 72905 "-" "Mozilla/5.0 (compatible; SemrushBot/7~bl; +http://www.semrush.com/bot.html)"
40.77.167.106 - - [10/Aug/2021:15:13:06 +0200] "GET /-p-7308.html HTTP/1.0" 200 70198 "-" "Mozilla/5.0 (compatible; bingbot/2.0; +http://www.bing.com/bingbot.htm)"
157.55.39.44 - - [10/Aug/2021:15:13:11 +0200] "GET /-p-4800.html HTTP/1.0" 200 70198 "-" "Mozilla/5.0 (compatible; bingbot/2.0; +http://www.bing.com/bingbot.htm)"
192.99.5.228 - - [10/Aug/2021:15:13:13 +0200] "GET /creative-hobbies-coloring-c-30.html?page=13 HTTP/1.0" 301 78010 "-" "Mozilla/5.0 (compatible; MJ12bot/v1.4.8; http://mj12bot.com/)"
54.36.148.242 - - [10/Aug/2021:15:13:13 +0200] "GET /statuette-jesus-christ-sacred-heart-beige-p-47134.html HTTP/1.0" 200 73682 "-" "Mozilla/5.0 (compatible; AhrefsBot/7.0; +http://ahrefs.com/robot/)"
64.62.252.176 - - [10/Aug/2021:15:13:17 +0200] "GET /bistrot-coasters-p-55054.html HTTP/1.0" 200 73428 "-" "The Knowledge AI"
157.55.39.51 - - [10/Aug/2021:15:13:20 +0200] "GET /accessories/accessories-mobiles/beatles-paris-phone-cover-for-iphone-and-p-14159.html HTTP/1.0" 301 73899 "-" "Mozilla/5.0 (compatible; bingbot/2.0; +http://www.bing.com/bingbot.htm)"
185.191.171.42 - - [10/Aug/2021:15:13:21 +0200] "GET /route-metal-plate-p-37075.html HTTP/1.0" 200 72925 "-" "Mozilla/5.0 (compatible; SemrushBot/7~bl; +http://www.semrush.com/bot.html)"
62.210.188.218 - - [10/Aug/2021:15:13:25 +0200] "GET /ceramic-lamp-p-52409.html HTTP/1.0" 200 73615 "-" "Mozilla/5.0 (compatible; Barkrowler/0.9; +https://babbar.tech/crawler)"
64.62.252.176 - - [10/Aug/2021:15:13:36 +0200] "GET /mappemonde-coasters-p-52604.html HTTP/1.0" 200 72818 "-" "The Knowledge AI"
192.99.5.228 - - [10/Aug/2021:15:13:39 +0200] "GET /creative-hobbies-coloring-c-129_30.html?page=13 HTTP/1.0" 200 78049 "-" "Mozilla/5.0 (compatible; MJ12bot/v1.4.8; http://mj12bot.com/)"
62.210.188.218 - - [10/Aug/2021:15:13:46 +0200] "GET /ceramic-lamp-p-52174.html HTTP/1.0" 200 73593 "-" "Mozilla/5.0 (compatible; Barkrowler/0.9; +https://babbar.tech/crawler)"
64.62.252.176 - - [10/Aug/2021:15:13:54 +0200] "GET /mappemonde-coasters-p-52605.html HTTP/1.0" 200 72818 "-" "The Knowledge AI"
157.55.39.51 - - [10/Aug/2021:15:14:01 +0200] "GET /bohemian-ethnic-lirette-carpet-p-50876.html HTTP/1.0" 200 73644 "-" "Mozilla/5.0 (compatible; bingbot/2.0; +http://www.bing.com/bingbot.htm)"
62.210.188.218 - - [10/Aug/2021:15:14:10 +0200] "GET /ceramic-lamp-p-52280.html HTTP/1.0" 200 73538 "-" "Mozilla/5.0 (compatible; Barkrowler/0.9; +https://babbar.tech/crawler)"
64.62.252.176 - - [10/Aug/2021:15:14:13 +0200] "GET /mappemonde-coasters-p-53476.html HTTP/1.0" 200 72821 "-" "The Knowledge AI"
54.36.148.242 - - [10/Aug/2021:15:14:21 +0200] "GET /collectible-figurines-decorative-c-13_135.html?page=29 HTTP/1.0" 200 96905 "-" "Mozilla/5.0 (compatible; AhrefsBot/7.0; +http://ahrefs.com/robot/)"
17.121.113.168 - - [10/Aug/2021:15:14:22 +0200] "GET /glass-lamp-p-47226.html HTTP/1.0" 200 70271 "-" "Mozilla/5.0 (Macintosh; Intel Mac OS X 10_15_5) AppleWebKit/605.1.15 (KHTML, like Gecko) Version/13.1.1 Safari/605.1.15 (Applebot/0.1; +http://www.apple.com/go/applebot)"
64.62.252.176 - - [10/Aug/2021:15:14:31 +0200] "GET /mappemonde-coasters-p-53477.html HTTP/1.0" 200 72820 "-" "The Knowledge AI"
62.210.188.218 - - [10/Aug/2021:15:14:31 +0200] "GET /ceramic-lamp-p-52406.html HTTP/1.0" 200 73398 "-" "Mozilla/5.0 (compatible; Barkrowler/0.9; +https://babbar.tech/crawler)"
66.249.66.218 - - [10/Aug/2021:15:14:36 +0200] "GET /notebook-notebook-diary-c-129_185.html HTTP/1.0" 200 91658 "-" "Mozilla/5.0 (Linux; Android 6.0.1; Nexus 5X Build/MMB29P) AppleWebKit/537.36 (KHTML, like Gecko) Chrome/92.0.4515.119 Mobile Safari/537.36 (compatible; Googlebot/2.1; +http://www.google.com/bot.html)"
192.99.5.228 - - [10/Aug/2021:15:14:39 +0200] "GET /stationery-school-supplies-c-129_30.html?page=14 HTTP/1.0" 301 78146 "-" "Mozilla/5.0 (compatible; MJ12bot/v1.4.8; http://mj12bot.com/)"
64.62.252.176 - - [10/Aug/2021:15:14:49 +0200] "GET /jamaica-coasters-p-24228.html HTTP/1.0" 200 72767 "-" "The Knowledge AI"
62.210.188.218 - - [10/Aug/2021:15:14:50 +0200] "GET /ceramic-lamp-p-52277.html HTTP/1.0" 200 73582 "-" "Mozilla/5.0 (compatible; Barkrowler/0.9; +https://babbar.tech/crawler)"
207.46.13.101 - - [10/Aug/2021:15:14:54 +0200] "GET /pencil-case-c-31_75.html?page=7 HTTP/1.0" 200 94478 "-" "Mozilla/5.0 (compatible; bingbot/2.0; +http://www.bing.com/bingbot.htm)"
66.249.93.26 - - [10/Aug/2021:15:14:59 +0200] "GET /images/big_prod/3503420021480.jpg HTTP/1.0" 200 268 "-" "Mozilla/5.0 (Windows NT 5.1; rv:11.0) Gecko Firefox/11.0 (via ggpht.com GoogleImageProxy)"
157.55.39.122 - - [10/Aug/2021:15:14:59 +0200] "GET /-p-39056.html HTTP/1.0" 200 70200 "-" "Mozilla/5.0 (compatible; bingbot/2.0; +http://www.bing.com/bingbot.htm)"
66.249.66.216 - - [10/Aug/2021:15:15:02 +0200] "GET /images/big_prod/3560600297721.jpg HTTP/1.0" 200 268 "-" "Googlebot-Image/1.0"
64.62.252.176 - - [10/Aug/2021:15:15:08 +0200] "GET /gorjuss-coaster-loved-p-47742.html HTTP/1.0" 200 73000 "-" "The Knowledge AI"
62.210.188.218 - - [10/Aug/2021:15:15:08 +0200] "GET /ceramic-lamp-p-52412.html HTTP/1.0" 200 73516 "-" "Mozilla/5.0 (compatible; Barkrowler/0.9; +https://babbar.tech/crawler)"
207.46.13.39 - - [10/Aug/2021:15:15:12 +0200] "GET /resin-statue-p-51234.html HTTP/1.0" 200 74085 "-" "Mozilla/5.0 (compatible; bingbot/2.0; +http://www.bing.com/bingbot.htm)"
40.77.167.106 - - [10/Aug/2021:15:15:16 +0200] "GET /-p-24404.html HTTP/1.0" 200 70200 "-" "Mozilla/5.0 (compatible; bingbot/2.0; +http://www.bing.com/bingbot.htm)"
185.191.171.38 - - [10/Aug/2021:15:15:20 +0200] "GET /russian-doll-figurine-jewelry-p-27613.html HTTP/1.0" 200 73106 "-" "Mozilla/5.0 (compatible; SemrushBot/7~bl; +http://www.semrush.com/bot.html)"
185.191.171.25 - - [10/Aug/2021:15:15:23 +0200] "GET /mug-with-infuser-for-tea-tiny-p-47842.html HTTP/1.0" 301 70381 "-" "Mozilla/5.0 (compatible; SemrushBot/7~bl; +http://www.semrush.com/bot.html)"
185.191.171.22 - - [10/Aug/2021:15:15:25 +0200] "GET /with-infuser-tiny-p-47842.html HTTP/1.0" 200 70297 "-" "Mozilla/5.0 (compatible; SemrushBot/7~bl; +http://www.semrush.com/bot.html)"
64.62.252.176 - - [10/Aug/2021:15:15:27 +0200] "GET /robots.txt HTTP/1.0" 200 245 "-" "The Knowledge AI"
64.62.252.176 - - [10/Aug/2021:15:15:27 +0200] "GET /gorjuss-coaster-forget-p-46920.html HTTP/1.0" 200 73014 "-" "The Knowledge AI"
62.210.188.218 - - [10/Aug/2021:15:15:28 +0200] "GET /ceramic-fish-p-48610.html HTTP/1.0" 200 72795 "-" "Mozilla/5.0 (compatible; Barkrowler/0.9; +https://babbar.tech/crawler)"
192.99.5.228 - - [10/Aug/2021:15:15:29 +0200] "GET /creative-hobbies-coloring-c-30.html?page=14 HTTP/1.0" 301 78010 "-" "Mozilla/5.0 (compatible; MJ12bot/v1.4.8; http://mj12bot.com/)"
54.36.148.242 - - [10/Aug/2021:15:15:36 +0200] "GET /fantasy-watch-women-fowers-p-49960.html HTTP/1.0" 200 73540 "-" "Mozilla/5.0 (compatible; AhrefsBot/7.0; +http://ahrefs.com/robot/)"
88.126.43.46 - - [10/Aug/2021:15:15:44 +0200] "GET /templates/Pixame_v1/stylesheet.css HTTP/1.0" 200 267 "http://www.wonder-geek.com/" "Mozilla/5.0 (Windows NT 10.0; Win64; x64) AppleWebKit/537.36 (KHTML, like Gecko) Chrome/92.0.4515.131 Safari/537.36"
88.126.43.46 - - [10/Aug/2021:15:15:44 +0200] "GET /highslide/highslide.js HTTP/1.0" 200 262 "http://www.wonder-geek.com/" "Mozilla/5.0 (Windows NT 10.0; Win64; x64) AppleWebKit/537.36 (KHTML, like Gecko) Chrome/92.0.4515.131 Safari/537.36"
88.126.43.46 - - [10/Aug/2021:15:15:44 +0200] "GET /js/jquery.js HTTP/1.0" 200 252 "http://www.wonder-geek.com/" "Mozilla/5.0 (Windows NT 10.0; Win64; x64) AppleWebKit/537.36 (KHTML, like Gecko) Chrome/92.0.4515.131 Safari/537.36"
88.126.43.46 - - [10/Aug/2021:15:15:44 +0200] "GET /mondial_relay/js/jquery-1.3.2.min.js HTTP/1.0" 200 276 "http://www.wonder-geek.com/" "Mozilla/5.0 (Windows NT 10.0; Win64; x64) AppleWebKit/537.36 (KHTML, like Gecko) Chrome/92.0.4515.131 Safari/537.36"
88.126.43.46 - - [10/Aug/2021:15:15:44 +0200] "GET /js/jquery.jqzoom.js HTTP/1.0" 200 259 "http://www.wonder-geek.com/" "Mozilla/5.0 (Windows NT 10.0; Win64; x64) AppleWebKit/537.36 (KHTML, like Gecko) Chrome/92.0.4515.131 Safari/537.36"
88.126.43.46 - - [10/Aug/2021:15:15:44 +0200] "GET /swfobject.js HTTP/1.0" 404 1308 "http://www.wonder-geek.com/" "Mozilla/5.0 (Windows NT 10.0; Win64; x64) AppleWebKit/537.36 (KHTML, like Gecko) Chrome/92.0.4515.131 Safari/537.36"
88.126.43.46 - - [10/Aug/2021:15:15:44 +0200] "GET /js/jquery.min.js HTTP/1.0" 404 1308 "http://www.wonder-geek.com/" "Mozilla/5.0 (Windows NT 10.0; Win64; x64) AppleWebKit/537.36 (KHTML, like Gecko) Chrome/92.0.4515.131 Safari/537.36"
88.126.43.46 - - [10/Aug/2021:15:15:44 +0200] "GET /js/jquery.masonry.min.js HTTP/1.0" 200 264 "http://www.wonder-geek.com/" "Mozilla/5.0 (Windows NT 10.0; Win64; x64) AppleWebKit/537.36 (KHTML, like Gecko) Chrome/92.0.4515.131 Safari/537.36"
88.126.43.46 - - [10/Aug/2021:15:15:44 +0200] "GET /js/modernizr-transitions.js HTTP/1.0" 200 267 "http://www.wonder-geek.com/" "Mozilla/5.0 (Windows NT 10.0; Win64; x64) AppleWebKit/537.36 (KHTML, like Gecko) Chrome/92.0.4515.131 Safari/537.36"
88.126.43.46 - - [10/Aug/2021:15:15:44 +0200] "GET /templates/Pixame_v1/images/icon_accueil2.png HTTP/1.0" 200 278 "http://www.wonder-geek.com/" "Mozilla/5.0 (Windows NT 10.0; Win64; x64) AppleWebKit/537.36 (KHTML, like Gecko) Chrome/92.0.4515.131 Safari/537.36"
88.126.43.46 - - [10/Aug/2021:15:15:44 +0200] "GET /templates/Pixame_v1/images/infobox/pixel_trans.gif HTTP/1.0" 200 328 "http://www.wonder-geek.com/" "Mozilla/5.0 (Windows NT 10.0; Win64; x64) AppleWebKit/537.36 (KHTML, like Gecko) Chrome/92.0.4515.131 Safari/537.36"
88.126.43.46 - - [10/Aug/2021:15:15:44 +0200] "GET /templates/Pixame_v1/images/header.png HTTP/1.0" 200 271 "http://www.wonder-geek.com/templates/Pixame_v1/stylesheet.css" "Mozilla/5.0 (Windows NT 10.0; Win64; x64) AppleWebKit/537.36 (KHTML, like Gecko) Chrome/92.0.4515.131 Safari/537.36"
88.126.43.46 - - [10/Aug/2021:15:15:44 +0200] "GET /templates/Pixame_v1/images/Bottom_texture.jpg HTTP/1.0" 200 280 "http://www.wonder-geek.com/templates/Pixame_v1/stylesheet.css" "Mozilla/5.0 (Windows NT 10.0; Win64; x64) AppleWebKit/537.36 (KHTML, like Gecko) Chrome/92.0.4515.131 Safari/537.36"
88.126.43.46 - - [10/Aug/2021:15:15:44 +0200] "GET /templates/Pixame_v1/images/Middle_texture.jpg HTTP/1.0" 200 280 "http://www.wonder-geek.com/templates/Pixame_v1/stylesheet.css" "Mozilla/5.0 (Windows NT 10.0; Win64; x64) AppleWebKit/537.36 (KHTML, like Gecko) Chrome/92.0.4515.131 Safari/537.36"
88.126.43.46 - - [10/Aug/2021:15:15:44 +0200] "GET /templates/Pixame_v1/images/nav.png HTTP/1.0" 200 268 "http://www.wonder-geek.com/templates/Pixame_v1/stylesheet.css" "Mozilla/5.0 (Windows NT 10.0; Win64; x64) AppleWebKit/537.36 (KHTML, like Gecko) Chrome/92.0.4515.131 Safari/537.36"
88.126.43.46 - - [10/Aug/2021:15:15:44 +0200] "GET /templates/Pixame_v1/images/header-object.png HTTP/1.0" 200 278 "http://www.wonder-geek.com/templates/Pixame_v1/stylesheet.css" "Mozilla/5.0 (Windows NT 10.0; Win64; x64) AppleWebKit/537.36 (KHTML, like Gecko) Chrome/92.0.4515.131 Safari/537.36"
88.126.43.46 - - [10/Aug/2021:15:15:44 +0200] "GET /templates/Pixame_v1/images/pixel_trans.gif HTTP/1.0" 200 328 "http://www.wonder-geek.com/" "Mozilla/5.0 (Windows NT 10.0; Win64; x64) AppleWebKit/537.36 (KHTML, like Gecko) Chrome/92.0.4515.131 Safari/537.36"
88.126.43.46 - - [10/Aug/2021:15:15:44 +0200] "GET /design/productsenstock.png HTTP/1.0" 200 260 "http://www.wonder-geek.com/templates/Pixame_v1/stylesheet.css" "Mozilla/5.0 (Windows NT 10.0; Win64; x64) AppleWebKit/537.36 (KHTML, like Gecko) Chrome/92.0.4515.131 Safari/537.36"
88.126.43.46 - - [10/Aug/2021:15:15:44 +0200] "GET /templates/Pixame_v1/images/infobox/infobox_footer_middle.gif HTTP/1.0" 200 357 "http://www.wonder-geek.com/" "Mozilla/5.0 (Windows NT 10.0; Win64; x64) AppleWebKit/537.36 (KHTML, like Gecko) Chrome/92.0.4515.131 Safari/537.36"
88.126.43.46 - - [10/Aug/2021:15:15:44 +0200] "GET /js/jquery.min.js HTTP/1.0" 404 1308 "http://www.wonder-geek.com/" "Mozilla/5.0 (Windows NT 10.0; Win64; x64) AppleWebKit/537.36 (KHTML, like Gecko) Chrome/92.0.4515.131 Safari/537.36"
88.126.43.46 - - [10/Aug/2021:15:15:43 +0200] "GET / HTTP/1.0" 200 151127 "https://fr-fr.facebook.com/" "Mozilla/5.0 (Windows NT 10.0; Win64; x64) AppleWebKit/537.36 (KHTML, like Gecko) Chrome/92.0.4515.131 Safari/537.36"
88.126.43.46 - - [10/Aug/2021:15:15:44 +0200] "GET /images/pixel_trans.gif HTTP/1.0" 200 328 "http://www.wonder-geek.com/" "Mozilla/5.0 (Windows NT 10.0; Win64; x64) AppleWebKit/537.36 (KHTML, like Gecko) Chrome/92.0.4515.131 Safari/537.36"
88.126.43.46 - - [10/Aug/2021:15:15:44 +0200] "GET /images/mini_prod/8422069057597.jpg HTTP/1.0" 200 269 "http://www.wonder-geek.com/" "Mozilla/5.0 (Windows NT 10.0; Win64; x64) AppleWebKit/537.36 (KHTML, like Gecko) Chrome/92.0.4515.131 Safari/537.36"
