167.114.159.99 - - [11/Aug/2021:00:38:53 +0200] "GET /creative-hobbies-coloring-c-30.html?page=16 HTTP/1.0" 301 78010 "-" "Mozilla/5.0 (compatible; MJ12bot/v1.4.8; http://mj12bot.com/)"
167.114.159.99 - - [11/Aug/2021:00:38:55 +0200] "GET /creative-hobbies-coloring-c-129_30.html?page=16 HTTP/1.0" 200 78049 "-" "Mozilla/5.0 (compatible; MJ12bot/v1.4.8; http://mj12bot.com/)"
110.249.202.102 - - [11/Aug/2021:00:38:55 +0200] "GET /glass-lamp-p-53105.html HTTP/1.0" 200 73514 "-" "Mozilla/5.0 (Linux; Android 5.0) AppleWebKit/537.36 (KHTML, like Gecko) Mobile Safari/537.36 (compatible; Bytespider; https://zhanzhang.toutiao.com/)"
110.249.202.121 - - [11/Aug/2021:00:38:57 +0200] "GET /swfobject.js HTTP/1.0" 404 1308 "http://www.wonder-geek.com/glass-lamp-p-53105.html" "Mozilla/5.0 (Linux; Android 5.0) AppleWebKit/537.36 (KHTML, like Gecko) Mobile Safari/537.36 (compatible; Bytespider; https://zhanzhang.toutiao.com/)"
167.114.159.99 - - [11/Aug/2021:00:38:57 +0200] "GET /creative-hobbies-and-coloring-c-129_30.html?page=17 HTTP/1.0" 301 78146 "-" "Mozilla/5.0 (compatible; MJ12bot/v1.4.8; http://mj12bot.com/)"
64.62.252.176 - - [11/Aug/2021:00:38:57 +0200] "GET /incense-burner-sticks-cones-flower-life-p-53440.html HTTP/1.0" 200 73013 "-" "The Knowledge AI"
110.249.202.121 - - [11/Aug/2021:00:38:59 +0200] "GET /images/big_prod_1/8424346356584B.jpg HTTP/1.0" 200 271 "http://www.wonder-geek.com/glass-lamp-p-53105.html" "Mozilla/5.0 (Linux; Android 5.0) AppleWebKit/537.36 (KHTML, like Gecko) Mobile Safari/537.36 (compatible; Bytespider; https://zhanzhang.toutiao.com/)"
110.249.202.120 - - [11/Aug/2021:00:38:59 +0200] "GET /images/big_prod_2/8424346356584C.jpg HTTP/1.0" 200 271 "http://www.wonder-geek.com/glass-lamp-p-53105.html" "Mozilla/5.0 (Linux; Android 5.0) AppleWebKit/537.36 (KHTML, like Gecko) Mobile Safari/537.36 (compatible; Bytespider; https://zhanzhang.toutiao.com/)"
167.114.159.99 - - [11/Aug/2021:00:38:59 +0200] "GET /creative-hobbies-coloring-c-30.html?page=17 HTTP/1.0" 301 78010 "-" "Mozilla/5.0 (compatible; MJ12bot/v1.4.8; http://mj12bot.com/)"
110.249.202.102 - - [11/Aug/2021:00:38:59 +0200] "GET /highslide/graphics/zoomout.cur HTTP/1.0" 200 614 "http://www.wonder-geek.com/glass-lamp-p-53105.html" "Mozilla/5.0 (Linux; Android 5.0) AppleWebKit/537.36 (KHTML, like Gecko) Mobile Safari/537.36 (compatible; Bytespider; https://zhanzhang.toutiao.com/)"
110.249.202.117 - - [11/Aug/2021:00:38:59 +0200] "GET /images/big_prod/8424346356584.jpg HTTP/1.0" 200 268 "http://www.wonder-geek.com/glass-lamp-p-53105.html" "Mozilla/5.0 (Linux; Android 5.0) AppleWebKit/537.36 (KHTML, like Gecko) Mobile Safari/537.36 (compatible; Bytespider; https://zhanzhang.toutiao.com/)"
167.114.159.99 - - [11/Aug/2021:00:39:01 +0200] "GET /creative-hobbies-coloring-c-129_30.html?page=17 HTTP/1.0" 200 78049 "-" "Mozilla/5.0 (compatible; MJ12bot/v1.4.8; http://mj12bot.com/)"
167.114.159.99 - - [11/Aug/2021:00:39:03 +0200] "GET /creative-hobbies-and-coloring-c-129_30.html?page=18 HTTP/1.0" 301 78146 "-" "Mozilla/5.0 (compatible; MJ12bot/v1.4.8; http://mj12bot.com/)"
167.114.159.99 - - [11/Aug/2021:00:39:05 +0200] "GET /creative-hobbies-coloring-c-30.html?page=18 HTTP/1.0" 301 78010 "-" "Mozilla/5.0 (compatible; MJ12bot/v1.4.8; http://mj12bot.com/)"
167.114.159.99 - - [11/Aug/2021:00:39:07 +0200] "GET /creative-hobbies-coloring-c-129_30.html?page=18 HTTP/1.0" 200 78049 "-" "Mozilla/5.0 (compatible; MJ12bot/v1.4.8; http://mj12bot.com/)"
167.114.159.99 - - [11/Aug/2021:00:39:09 +0200] "GET /creative-hobbies-and-coloring-c-129_30.html?page=19 HTTP/1.0" 301 78146 "-" "Mozilla/5.0 (compatible; MJ12bot/v1.4.8; http://mj12bot.com/)"
207.46.13.175 - - [11/Aug/2021:00:39:09 +0200] "GET /-p-23051.html HTTP/1.0" 200 70200 "-" "Mozilla/5.0 (compatible; bingbot/2.0; +http://www.bing.com/bingbot.htm)"
167.114.159.99 - - [11/Aug/2021:00:39:11 +0200] "GET /creative-hobbies-coloring-c-30.html?page=19 HTTP/1.0" 301 78010 "-" "Mozilla/5.0 (compatible; MJ12bot/v1.4.8; http://mj12bot.com/)"
64.62.252.176 - - [11/Aug/2021:00:39:11 +0200] "GET /incense-stick-holder-flower-life-p-54081.html HTTP/1.0" 200 73007 "-" "The Knowledge AI"
167.114.159.99 - - [11/Aug/2021:00:39:13 +0200] "GET /creative-hobbies-coloring-c-129_30.html?page=19 HTTP/1.0" 200 78049 "-" "Mozilla/5.0 (compatible; MJ12bot/v1.4.8; http://mj12bot.com/)"
167.114.159.99 - - [11/Aug/2021:00:39:15 +0200] "GET /creative-hobbies-and-coloring-c-129_30.html?page=20 HTTP/1.0" 301 78146 "-" "Mozilla/5.0 (compatible; MJ12bot/v1.4.8; http://mj12bot.com/)"
167.114.159.99 - - [11/Aug/2021:00:39:16 +0200] "GET /creative-hobbies-coloring-c-30.html?page=20 HTTP/1.0" 301 78010 "-" "Mozilla/5.0 (compatible; MJ12bot/v1.4.8; http://mj12bot.com/)"
167.114.159.99 - - [11/Aug/2021:00:39:18 +0200] "GET /creative-hobbies-coloring-c-129_30.html?page=20 HTTP/1.0" 200 78049 "-" "Mozilla/5.0 (compatible; MJ12bot/v1.4.8; http://mj12bot.com/)"
167.114.159.99 - - [11/Aug/2021:00:39:21 +0200] "GET /creative-hobbies-and-coloring-c-129_30.html?page=21 HTTP/1.0" 301 78146 "-" "Mozilla/5.0 (compatible; MJ12bot/v1.4.8; http://mj12bot.com/)"
167.114.159.99 - - [11/Aug/2021:00:39:23 +0200] "GET /creative-hobbies-coloring-c-30.html?page=21 HTTP/1.0" 301 78010 "-" "Mozilla/5.0 (compatible; MJ12bot/v1.4.8; http://mj12bot.com/)"
167.114.159.99 - - [11/Aug/2021:00:39:25 +0200] "GET /creative-hobbies-coloring-c-129_30.html?page=21 HTTP/1.0" 200 78049 "-" "Mozilla/5.0 (compatible; MJ12bot/v1.4.8; http://mj12bot.com/)"
64.62.252.176 - - [11/Aug/2021:00:39:26 +0200] "GET /incense-burner-sticks-cones-ganesh-p-44271.html HTTP/1.0" 200 72991 "-" "The Knowledge AI"
167.114.159.99 - - [11/Aug/2021:00:39:27 +0200] "GET /creative-hobbies-and-coloring-c-30.html?page=13 HTTP/1.0" 301 78010 "-" "Mozilla/5.0 (compatible; MJ12bot/v1.4.8; http://mj12bot.com/)"
167.114.159.99 - - [11/Aug/2021:00:39:29 +0200] "GET /creative-hobbies-coloring-c-129_30.html?page=13 HTTP/1.0" 200 78049 "-" "Mozilla/5.0 (compatible; MJ12bot/v1.4.8; http://mj12bot.com/)"
54.36.148.242 - - [11/Aug/2021:00:39:29 +0200] "GET /petit-akio-night-light-cloud-p-46403.html HTTP/1.0" 200 70298 "-" "Mozilla/5.0 (compatible; AhrefsBot/7.0; +http://ahrefs.com/robot/)"
167.114.159.99 - - [11/Aug/2021:00:39:31 +0200] "GET /creative-hobbies-and-coloring-c-30.html?page=14 HTTP/1.0" 301 78010 "-" "Mozilla/5.0 (compatible; MJ12bot/v1.4.8; http://mj12bot.com/)"
167.114.159.99 - - [11/Aug/2021:00:39:33 +0200] "GET /creative-hobbies-coloring-c-129_30.html?page=14 HTTP/1.0" 200 78049 "-" "Mozilla/5.0 (compatible; MJ12bot/v1.4.8; http://mj12bot.com/)"
167.114.159.99 - - [11/Aug/2021:00:39:35 +0200] "GET /creative-hobbies-and-coloring-c-30.html?page=15 HTTP/1.0" 301 78010 "-" "Mozilla/5.0 (compatible; MJ12bot/v1.4.8; http://mj12bot.com/)"
167.114.159.99 - - [11/Aug/2021:00:39:37 +0200] "GET /creative-hobbies-coloring-c-129_30.html?page=15 HTTP/1.0" 200 78049 "-" "Mozilla/5.0 (compatible; MJ12bot/v1.4.8; http://mj12bot.com/)"
17.121.114.32 - - [11/Aug/2021:00:39:38 +0200] "GET /door-plate-bedroom-p-52417.html HTTP/1.0" 200 73470 "-" "Mozilla/5.0 (Macintosh; Intel Mac OS X 10_15_5) AppleWebKit/605.1.15 (KHTML, like Gecko) Version/13.1.1 Safari/605.1.15 (Applebot/0.1; +http://www.apple.com/go/applebot)"
167.114.159.99 - - [11/Aug/2021:00:39:39 +0200] "GET /creative-hobbies-and-coloring-c-30.html?page=16 HTTP/1.0" 301 78010 "-" "Mozilla/5.0 (compatible; MJ12bot/v1.4.8; http://mj12bot.com/)"
167.114.159.99 - - [11/Aug/2021:00:39:41 +0200] "GET /creative-hobbies-coloring-c-129_30.html?page=16 HTTP/1.0" 200 78049 "-" "Mozilla/5.0 (compatible; MJ12bot/v1.4.8; http://mj12bot.com/)"
167.114.159.99 - - [11/Aug/2021:00:39:43 +0200] "GET /creative-hobbies-and-coloring-c-30.html?page=17 HTTP/1.0" 301 78010 "-" "Mozilla/5.0 (compatible; MJ12bot/v1.4.8; http://mj12bot.com/)"
64.62.252.176 - - [11/Aug/2021:00:39:44 +0200] "GET /incense-burner-sticks-cones-hebru-hand-soapstone-p-44275.html HTTP/1.0" 200 73774 "-" "The Knowledge AI"
167.114.159.99 - - [11/Aug/2021:00:39:45 +0200] "GET /creative-hobbies-coloring-c-129_30.html?page=17 HTTP/1.0" 200 78049 "-" "Mozilla/5.0 (compatible; MJ12bot/v1.4.8; http://mj12bot.com/)"
167.114.159.99 - - [11/Aug/2021:00:39:47 +0200] "GET /creative-hobbies-and-coloring-c-30.html?page=18 HTTP/1.0" 301 78010 "-" "Mozilla/5.0 (compatible; MJ12bot/v1.4.8; http://mj12bot.com/)"
167.114.159.99 - - [11/Aug/2021:00:39:49 +0200] "GET /creative-hobbies-coloring-c-129_30.html?page=18 HTTP/1.0" 200 78049 "-" "Mozilla/5.0 (compatible; MJ12bot/v1.4.8; http://mj12bot.com/)"
167.114.159.99 - - [11/Aug/2021:00:39:51 +0200] "GET /creative-hobbies-and-coloring-c-30.html?page=19 HTTP/1.0" 301 78010 "-" "Mozilla/5.0 (compatible; MJ12bot/v1.4.8; http://mj12bot.com/)"
167.114.159.99 - - [11/Aug/2021:00:39:53 +0200] "GET /creative-hobbies-coloring-c-129_30.html?page=19 HTTP/1.0" 200 78049 "-" "Mozilla/5.0 (compatible; MJ12bot/v1.4.8; http://mj12bot.com/)"
167.114.159.99 - - [11/Aug/2021:00:39:55 +0200] "GET /creative-hobbies-and-coloring-c-30.html?page=20 HTTP/1.0" 301 78010 "-" "Mozilla/5.0 (compatible; MJ12bot/v1.4.8; http://mj12bot.com/)"
157.55.39.51 - - [11/Aug/2021:00:39:56 +0200] "GET /-m-79.html HTTP/1.0" 200 91568 "-" "Mozilla/5.0 (compatible; bingbot/2.0; +http://www.bing.com/bingbot.htm)"
167.114.159.99 - - [11/Aug/2021:00:39:57 +0200] "GET /creative-hobbies-coloring-c-129_30.html?page=20 HTTP/1.0" 200 78049 "-" "Mozilla/5.0 (compatible; MJ12bot/v1.4.8; http://mj12bot.com/)"
64.62.252.176 - - [11/Aug/2021:00:39:58 +0200] "GET /incense-burner-sticks-cones-lotus-p-44273.html HTTP/1.0" 200 73652 "-" "The Knowledge AI"
167.114.159.99 - - [11/Aug/2021:00:40:00 +0200] "GET /creative-hobbies-and-coloring-c-30.html?page=21 HTTP/1.0" 301 78010 "-" "Mozilla/5.0 (compatible; MJ12bot/v1.4.8; http://mj12bot.com/)"
167.114.159.99 - - [11/Aug/2021:00:40:01 +0200] "GET /creative-hobbies-coloring-c-129_30.html?page=21 HTTP/1.0" 200 78049 "-" "Mozilla/5.0 (compatible; MJ12bot/v1.4.8; http://mj12bot.com/)"
157.55.39.156 - - [11/Aug/2021:00:40:02 +0200] "GET /harley-davidson-genuine-metal-plate-p-23294.html HTTP/1.0" 200 73036 "-" "Mozilla/5.0 (compatible; bingbot/2.0; +http://www.bing.com/bingbot.htm)"
167.114.159.99 - - [11/Aug/2021:00:40:04 +0200] "GET /creative-hobbies-coloring-c-129_30.html?page=13 HTTP/1.0" 200 78049 "-" "Mozilla/5.0 (compatible; MJ12bot/v1.4.8; http://mj12bot.com/)"
167.114.159.99 - - [11/Aug/2021:00:40:06 +0200] "GET /creative-hobbies-coloring-c-129_30.html?page=14 HTTP/1.0" 200 78049 "-" "Mozilla/5.0 (compatible; MJ12bot/v1.4.8; http://mj12bot.com/)"
167.114.159.99 - - [11/Aug/2021:00:40:08 +0200] "GET /creative-hobbies-coloring-c-129_30.html?page=15 HTTP/1.0" 200 78049 "-" "Mozilla/5.0 (compatible; MJ12bot/v1.4.8; http://mj12bot.com/)"
185.191.171.12 - - [11/Aug/2021:00:40:08 +0200] "GET /lotus-canvas-frame-p-33992.html HTTP/1.0" 200 72953 "-" "Mozilla/5.0 (compatible; SemrushBot/7~bl; +http://www.semrush.com/bot.html)"
167.114.159.99 - - [11/Aug/2021:00:40:10 +0200] "GET /creative-hobbies-coloring-c-129_30.html?page=16 HTTP/1.0" 200 78049 "-" "Mozilla/5.0 (compatible; MJ12bot/v1.4.8; http://mj12bot.com/)"
167.114.159.99 - - [11/Aug/2021:00:40:12 +0200] "GET /creative-hobbies-coloring-c-129_30.html?page=17 HTTP/1.0" 200 78049 "-" "Mozilla/5.0 (compatible; MJ12bot/v1.4.8; http://mj12bot.com/)"
167.114.159.99 - - [11/Aug/2021:00:40:14 +0200] "GET /creative-hobbies-coloring-c-129_30.html?page=18 HTTP/1.0" 200 78049 "-" "Mozilla/5.0 (compatible; MJ12bot/v1.4.8; http://mj12bot.com/)"
64.62.252.176 - - [11/Aug/2021:00:40:14 +0200] "GET /incense-burner-sticks-cones-p-44274.html HTTP/1.0" 200 72948 "-" "The Knowledge AI"
167.114.159.99 - - [11/Aug/2021:00:40:16 +0200] "GET /creative-hobbies-coloring-c-129_30.html?page=19 HTTP/1.0" 200 78049 "-" "Mozilla/5.0 (compatible; MJ12bot/v1.4.8; http://mj12bot.com/)"
157.55.39.122 - - [11/Aug/2021:00:40:17 +0200] "GET /queen-kitchen-towel-p-38808.html HTTP/1.0" 200 72798 "-" "Mozilla/5.0 (compatible; bingbot/2.0; +http://www.bing.com/bingbot.htm)"
167.114.159.99 - - [11/Aug/2021:00:40:18 +0200] "GET /creative-hobbies-coloring-c-129_30.html?page=20 HTTP/1.0" 200 78049 "-" "Mozilla/5.0 (compatible; MJ12bot/v1.4.8; http://mj12bot.com/)"
167.114.159.99 - - [11/Aug/2021:00:40:20 +0200] "GET /creative-hobbies-coloring-c-129_30.html?page=21 HTTP/1.0" 200 78049 "-" "Mozilla/5.0 (compatible; MJ12bot/v1.4.8; http://mj12bot.com/)"
167.114.159.99 - - [11/Aug/2021:00:40:22 +0200] "GET /creative-hobbies-coloring-c-30.html?page=13 HTTP/1.0" 301 78010 "-" "Mozilla/5.0 (compatible; MJ12bot/v1.4.8; http://mj12bot.com/)"
167.114.159.99 - - [11/Aug/2021:00:40:24 +0200] "GET /creative-hobbies-coloring-c-129_30.html?page=13 HTTP/1.0" 200 78049 "-" "Mozilla/5.0 (compatible; MJ12bot/v1.4.8; http://mj12bot.com/)"
167.114.159.99 - - [11/Aug/2021:00:40:26 +0200] "GET /creative-hobbies-coloring-c-30.html?page=14 HTTP/1.0" 301 78010 "-" "Mozilla/5.0 (compatible; MJ12bot/v1.4.8; http://mj12bot.com/)"
167.114.159.99 - - [11/Aug/2021:00:40:28 +0200] "GET /creative-hobbies-coloring-c-129_30.html?page=14 HTTP/1.0" 200 78049 "-" "Mozilla/5.0 (compatible; MJ12bot/v1.4.8; http://mj12bot.com/)"
35.237.42.19 - - [11/Aug/2021:00:40:29 +0200] "GET /bowls-c-12_255.html HTTP/1.0" 200 78310 "-" "ZoominfoBot (zoominfobot at zoominfo dot com)"
167.114.159.99 - - [11/Aug/2021:00:40:30 +0200] "GET /creative-hobbies-coloring-c-30.html?page=15 HTTP/1.0" 301 78010 "-" "Mozilla/5.0 (compatible; MJ12bot/v1.4.8; http://mj12bot.com/)"
167.114.159.99 - - [11/Aug/2021:00:40:32 +0200] "GET /creative-hobbies-coloring-c-129_30.html?page=15 HTTP/1.0" 200 78049 "-" "Mozilla/5.0 (compatible; MJ12bot/v1.4.8; http://mj12bot.com/)"
64.62.252.176 - - [11/Aug/2021:00:40:33 +0200] "GET /incense-burner-sticks-cones-yoga-tree-p-44270.html HTTP/1.0" 200 73004 "-" "The Knowledge AI"
167.114.159.99 - - [11/Aug/2021:00:40:34 +0200] "GET /creative-hobbies-coloring-c-30.html?page=16 HTTP/1.0" 301 78010 "-" "Mozilla/5.0 (compatible; MJ12bot/v1.4.8; http://mj12bot.com/)"
167.114.159.99 - - [11/Aug/2021:00:40:36 +0200] "GET /creative-hobbies-coloring-c-129_30.html?page=16 HTTP/1.0" 200 78049 "-" "Mozilla/5.0 (compatible; MJ12bot/v1.4.8; http://mj12bot.com/)"
167.114.159.99 - - [11/Aug/2021:00:40:38 +0200] "GET /creative-hobbies-coloring-c-30.html?page=17 HTTP/1.0" 301 78010 "-" "Mozilla/5.0 (compatible; MJ12bot/v1.4.8; http://mj12bot.com/)"
51.68.224.127 - - [11/Aug/2021:00:40:39 +0200] "GET /adminweb/export_orders_xml.php?token=256de2z6edz6ed2z6DFSFsed2zed6zeDSFDSGdzedezfzf&maxorders=10&orderstart=1&status=14&start_date=2018-10-01 HTTP/1.0" 200 285 "-" "GesCom CharlotteBoutik Serveur"
51.68.224.127 - - [11/Aug/2021:00:40:39 +0200] "GET /adminweb/export_orders_xml.php?token=256de2z6edz6ed2z6DFSFsed2zed6zeDSFDSGdzedezfzf&maxorders=10&orderstart=1&status=6&start_date=2018-10-01 HTTP/1.0" 200 28601 "-" "GesCom CharlotteBoutik Serveur"
167.114.159.99 - - [11/Aug/2021:00:40:40 +0200] "GET /creative-hobbies-coloring-c-129_30.html?page=17 HTTP/1.0" 200 78049 "-" "Mozilla/5.0 (compatible; MJ12bot/v1.4.8; http://mj12bot.com/)"
54.36.148.162 - - [11/Aug/2021:00:40:42 +0200] "GET /espresso-set-salvador-dali-extravaganza-p-39721.html HTTP/1.0" 301 73171 "-" "Mozilla/5.0 (compatible; AhrefsBot/7.0; +http://ahrefs.com/robot/)"
167.114.159.99 - - [11/Aug/2021:00:40:42 +0200] "GET /creative-hobbies-coloring-c-30.html?page=18 HTTP/1.0" 301 78010 "-" "Mozilla/5.0 (compatible; MJ12bot/v1.4.8; http://mj12bot.com/)"
167.114.159.99 - - [11/Aug/2021:00:40:44 +0200] "GET /creative-hobbies-coloring-c-129_30.html?page=18 HTTP/1.0" 200 78049 "-" "Mozilla/5.0 (compatible; MJ12bot/v1.4.8; http://mj12bot.com/)"
167.114.159.99 - - [11/Aug/2021:00:40:46 +0200] "GET /creative-hobbies-coloring-c-30.html?page=19 HTTP/1.0" 301 78010 "-" "Mozilla/5.0 (compatible; MJ12bot/v1.4.8; http://mj12bot.com/)"
167.114.159.99 - - [11/Aug/2021:00:40:48 +0200] "GET /creative-hobbies-coloring-c-129_30.html?page=19 HTTP/1.0" 200 78049 "-" "Mozilla/5.0 (compatible; MJ12bot/v1.4.8; http://mj12bot.com/)"
64.62.252.176 - - [11/Aug/2021:00:40:49 +0200] "GET /incense-burner-sticks-p-49360.html HTTP/1.0" 200 73491 "-" "The Knowledge AI"
40.77.167.106 - - [11/Aug/2021:00:40:48 +0200] "GET /barbabright-marine-figure-p-468.html HTTP/1.0" 301 70261 "-" "Mozilla/5.0 (compatible; bingbot/2.0; +http://www.bing.com/bingbot.htm)"
167.114.159.99 - - [11/Aug/2021:00:40:50 +0200] "GET /creative-hobbies-coloring-c-30.html?page=20 HTTP/1.0" 301 78010 "-" "Mozilla/5.0 (compatible; MJ12bot/v1.4.8; http://mj12bot.com/)"
167.114.159.99 - - [11/Aug/2021:00:40:52 +0200] "GET /creative-hobbies-coloring-c-129_30.html?page=20 HTTP/1.0" 200 78049 "-" "Mozilla/5.0 (compatible; MJ12bot/v1.4.8; http://mj12bot.com/)"
167.114.159.99 - - [11/Aug/2021:00:40:54 +0200] "GET /creative-hobbies-coloring-c-30.html?page=21 HTTP/1.0" 301 78010 "-" "Mozilla/5.0 (compatible; MJ12bot/v1.4.8; http://mj12bot.com/)"
167.114.159.99 - - [11/Aug/2021:00:40:56 +0200] "GET /creative-hobbies-coloring-c-129_30.html?page=21 HTTP/1.0" 200 78049 "-" "Mozilla/5.0 (compatible; MJ12bot/v1.4.8; http://mj12bot.com/)"
54.36.148.242 - - [11/Aug/2021:00:40:57 +0200] "GET /travel-documents-passport-boarding-pass-p-47344.html HTTP/1.0" 200 73861 "-" "Mozilla/5.0 (compatible; AhrefsBot/7.0; +http://ahrefs.com/robot/)"
167.114.159.99 - - [11/Aug/2021:00:40:58 +0200] "GET /crusader-knights-salt-and-pepper-p-28861.html HTTP/1.0" 301 70405 "-" "Mozilla/5.0 (compatible; MJ12bot/v1.4.8; http://mj12bot.com/)"
185.191.171.16 - - [11/Aug/2021:00:41:00 +0200] "GET /invaders-cbkreation-p-14179.html?action=add_product HTTP/1.0" 302 476 "-" "Mozilla/5.0 (compatible; SemrushBot/7~bl; +http://www.semrush.com/bot.html)"
167.114.159.99 - - [11/Aug/2021:00:41:00 +0200] "GET /crusader-knights-salt-pepper-p-28861.html HTTP/1.0" 200 70310 "-" "Mozilla/5.0 (compatible; MJ12bot/v1.4.8; http://mj12bot.com/)"
167.114.159.99 - - [11/Aug/2021:00:41:02 +0200] "GET /crusader-knights-salt-pepper-p-28861.html HTTP/1.0" 200 70310 "-" "Mozilla/5.0 (compatible; MJ12bot/v1.4.8; http://mj12bot.com/)"
64.62.252.176 - - [11/Aug/2021:00:41:03 +0200] "GET /incense-stick-holder-ganesha-p-50381.html HTTP/1.0" 200 72970 "-" "The Knowledge AI"
167.114.159.99 - - [11/Aug/2021:00:41:05 +0200] "GET /cuba-cbkreation-p-29814.html HTTP/1.0" 200 72824 "-" "Mozilla/5.0 (compatible; MJ12bot/v1.4.8; http://mj12bot.com/)"
157.55.39.51 - - [11/Aug/2021:00:41:06 +0200] "GET /-p-28642.html HTTP/1.0" 200 70200 "-" "Mozilla/5.0 (compatible; bingbot/2.0; +http://www.bing.com/bingbot.htm)"
167.114.159.99 - - [11/Aug/2021:00:41:07 +0200] "GET /cuba-coasters-cbkreation-p-33848.html HTTP/1.0" 200 72873 "-" "Mozilla/5.0 (compatible; MJ12bot/v1.4.8; http://mj12bot.com/)"
167.114.159.99 - - [11/Aug/2021:00:41:09 +0200] "GET /cuba-keyring-by-cbkreation-p-43236.html HTTP/1.0" 301 73003 "-" "Mozilla/5.0 (compatible; MJ12bot/v1.4.8; http://mj12bot.com/)"
167.114.159.99 - - [11/Aug/2021:00:41:11 +0200] "GET /cuba-keyring-cbkreation-p-43236.html HTTP/1.0" 200 72913 "-" "Mozilla/5.0 (compatible; MJ12bot/v1.4.8; http://mj12bot.com/)"
167.114.159.99 - - [11/Aug/2021:00:41:13 +0200] "GET /cuba-keyring-cbkreation-p-43236.html HTTP/1.0" 200 72913 "-" "Mozilla/5.0 (compatible; MJ12bot/v1.4.8; http://mj12bot.com/)"
167.114.159.99 - - [11/Aug/2021:00:41:16 +0200] "GET /cuba-large-metal-plate-deco-p-33727.html HTTP/1.0" 200 72870 "-" "Mozilla/5.0 (compatible; MJ12bot/v1.4.8; http://mj12bot.com/)"
64.62.252.176 - - [11/Aug/2021:00:41:17 +0200] "GET /florialys-fragrance-provence-bergamot-p-48500.html HTTP/1.0" 200 73119 "-" "The Knowledge AI"
167.114.159.99 - - [11/Aug/2021:00:41:18 +0200] "GET /cuba-mug-by-cbk-p-29814.html HTTP/1.0" 301 72906 "-" "Mozilla/5.0 (compatible; MJ12bot/v1.4.8; http://mj12bot.com/)"
167.114.159.99 - - [11/Aug/2021:00:41:20 +0200] "GET /cuba-cbkreation-p-29814.html HTTP/1.0" 200 72824 "-" "Mozilla/5.0 (compatible; MJ12bot/v1.4.8; http://mj12bot.com/)"
167.114.159.99 - - [11/Aug/2021:00:41:22 +0200] "GET /cuba-mug-by-cbkreation-p-29814.html HTTP/1.0" 301 72906 "-" "Mozilla/5.0 (compatible; MJ12bot/v1.4.8; http://mj12bot.com/)"
167.114.159.99 - - [11/Aug/2021:00:41:24 +0200] "GET /cuba-cbkreation-p-29814.html HTTP/1.0" 200 72824 "-" "Mozilla/5.0 (compatible; MJ12bot/v1.4.8; http://mj12bot.com/)"
167.114.159.99 - - [11/Aug/2021:00:41:27 +0200] "GET /cuba-napkins-dispenser-p-39505.html HTTP/1.0" 200 70301 "-" "Mozilla/5.0 (compatible; MJ12bot/v1.4.8; http://mj12bot.com/)"
167.114.159.99 - - [11/Aug/2021:00:41:29 +0200] "GET /cuban-mojito-bar-gift-box-p-42670.html HTTP/1.0" 301 70358 "-" "Mozilla/5.0 (compatible; MJ12bot/v1.4.8; http://mj12bot.com/)"
167.114.159.99 - - [11/Aug/2021:00:41:31 +0200] "GET /cuban-mojito-gift-p-42670.html HTTP/1.0" 200 70274 "-" "Mozilla/5.0 (compatible; MJ12bot/v1.4.8; http://mj12bot.com/)"
167.114.159.99 - - [11/Aug/2021:00:41:33 +0200] "GET /cuban-mojito-gift-p-42670.html HTTP/1.0" 200 70274 "-" "Mozilla/5.0 (compatible; MJ12bot/v1.4.8; http://mj12bot.com/)"
64.62.252.176 - - [11/Aug/2021:00:41:33 +0200] "GET /florialys-fragrance-provence-divine-rose-p-48504.html HTTP/1.0" 200 73153 "-" "The Knowledge AI"
167.114.159.99 - - [11/Aug/2021:00:41:35 +0200] "GET /cup-cake-keyring-by-cbkreation-p-43226.html HTTP/1.0" 301 73026 "-" "Mozilla/5.0 (compatible; MJ12bot/v1.4.8; http://mj12bot.com/)"
167.114.159.99 - - [11/Aug/2021:00:41:37 +0200] "GET /cake-keyring-cbkreation-p-43226.html HTTP/1.0" 200 72936 "-" "Mozilla/5.0 (compatible; MJ12bot/v1.4.8; http://mj12bot.com/)"
167.114.159.99 - - [11/Aug/2021:00:41:39 +0200] "GET /cup-cakes-tray-p-28411.html HTTP/1.0" 301 70267 "-" "Mozilla/5.0 (compatible; MJ12bot/v1.4.8; http://mj12bot.com/)"
167.114.159.99 - - [11/Aug/2021:00:41:41 +0200] "GET /-p-28411.html HTTP/1.0" 200 70200 "-" "Mozilla/5.0 (compatible; MJ12bot/v1.4.8; http://mj12bot.com/)"
167.114.159.99 - - [11/Aug/2021:00:41:43 +0200] "GET /cupcake-and-cupcake-display-gold-table-decoration-p-42208.html HTTP/1.0" 301 73285 "-" "Mozilla/5.0 (compatible; MJ12bot/v1.4.8; http://mj12bot.com/)"
167.114.159.99 - - [11/Aug/2021:00:41:45 +0200] "GET /cupcake-cupcake-display-gold-table-decoration-p-42208.html HTTP/1.0" 200 73173 "-" "Mozilla/5.0 (compatible; MJ12bot/v1.4.8; http://mj12bot.com/)"
167.114.159.99 - - [11/Aug/2021:00:41:47 +0200] "GET /cupcake-cupcake-display-gold-table-decoration-p-42208.html HTTP/1.0" 200 73173 "-" "Mozilla/5.0 (compatible; MJ12bot/v1.4.8; http://mj12bot.com/)"
64.62.252.176 - - [11/Aug/2021:00:41:48 +0200] "GET /florialys-fragrance-provence-flower-p-48505.html HTTP/1.0" 200 73107 "-" "The Knowledge AI"
40.77.167.106 - - [11/Aug/2021:00:41:49 +0200] "GET /angry-birds-pencil-p-19131.html HTTP/1.0" 200 73034 "-" "Mozilla/5.0 (compatible; bingbot/2.0; +http://www.bing.com/bingbot.htm)"
167.114.159.99 - - [11/Aug/2021:00:41:49 +0200] "GET /cupcakes-salt-and-pepper-p-28849.html HTTP/1.0" 301 70390 "-" "Mozilla/5.0 (compatible; MJ12bot/v1.4.8; http://mj12bot.com/)"
167.114.159.99 - - [11/Aug/2021:00:41:52 +0200] "GET /cupcakes-salt-pepper-p-28849.html HTTP/1.0" 200 70303 "-" "Mozilla/5.0 (compatible; MJ12bot/v1.4.8; http://mj12bot.com/)"
167.114.159.99 - - [11/Aug/2021:00:41:55 +0200] "GET /cupcakes-salt-pepper-p-28849.html HTTP/1.0" 200 70303 "-" "Mozilla/5.0 (compatible; MJ12bot/v1.4.8; http://mj12bot.com/)"
167.114.159.99 - - [11/Aug/2021:00:41:57 +0200] "GET /cushion-cover-40-40-cm-p-52125.html HTTP/1.0" 301 73067 "-" "Mozilla/5.0 (compatible; MJ12bot/v1.4.8; http://mj12bot.com/)"
167.114.159.99 - - [11/Aug/2021:00:41:59 +0200] "GET /cushion-cover-p-52125.html HTTP/1.0" 200 72987 "-" "Mozilla/5.0 (compatible; MJ12bot/v1.4.8; http://mj12bot.com/)"
167.114.159.99 - - [11/Aug/2021:00:42:01 +0200] "GET /cushion-cover-40-40-cm-p-52128.html HTTP/1.0" 301 70344 "-" "Mozilla/5.0 (compatible; MJ12bot/v1.4.8; http://mj12bot.com/)"
167.114.159.99 - - [11/Aug/2021:00:42:03 +0200] "GET /cushion-cover-p-52128.html HTTP/1.0" 200 70264 "-" "Mozilla/5.0 (compatible; MJ12bot/v1.4.8; http://mj12bot.com/)"
64.62.252.176 - - [11/Aug/2021:00:42:03 +0200] "GET /florialys-fragrance-provence-golden-jasmine-p-48498.html HTTP/1.0" 200 73139 "-" "The Knowledge AI"
167.114.159.99 - - [11/Aug/2021:00:42:05 +0200] "GET /cushion-cover-p-52125.html HTTP/1.0" 200 72987 "-" "Mozilla/5.0 (compatible; MJ12bot/v1.4.8; http://mj12bot.com/)"
167.114.159.99 - - [11/Aug/2021:00:42:07 +0200] "GET /cushion-cover-p-52128.html HTTP/1.0" 200 70264 "-" "Mozilla/5.0 (compatible; MJ12bot/v1.4.8; http://mj12bot.com/)"
167.114.159.99 - - [11/Aug/2021:00:42:09 +0200] "GET /cyborg-skull-figurine-p-45242.html HTTP/1.0" 301 70267 "-" "Mozilla/5.0 (compatible; MJ12bot/v1.4.8; http://mj12bot.com/)"
167.114.159.99 - - [11/Aug/2021:00:42:11 +0200] "GET /-p-45242.html HTTP/1.0" 200 70200 "-" "Mozilla/5.0 (compatible; MJ12bot/v1.4.8; http://mj12bot.com/)"
167.114.159.99 - - [11/Aug/2021:00:42:13 +0200] "GET /dandy-mug-p-17855.html HTTP/1.0" 301 72881 "-" "Mozilla/5.0 (compatible; MJ12bot/v1.4.8; http://mj12bot.com/)"
167.114.159.99 - - [11/Aug/2021:00:42:16 +0200] "GET /dandy-p-17855.html HTTP/1.0" 200 72809 "-" "Mozilla/5.0 (compatible; MJ12bot/v1.4.8; http://mj12bot.com/)"
167.114.159.99 - - [11/Aug/2021:00:42:18 +0200] "GET /dandy-p-17855.html HTTP/1.0" 200 72809 "-" "Mozilla/5.0 (compatible; MJ12bot/v1.4.8; http://mj12bot.com/)"
64.62.252.176 - - [11/Aug/2021:00:42:19 +0200] "GET /florialys-fragrance-provence-heart-peony-p-48506.html HTTP/1.0" 200 73133 "-" "The Knowledge AI"
167.114.159.99 - - [11/Aug/2021:00:42:20 +0200] "GET /dangerous-small-cbkreation-p-17546.html HTTP/1.0" 200 72953 "-" "Mozilla/5.0 (compatible; MJ12bot/v1.4.8; http://mj12bot.com/)"
167.114.159.99 - - [11/Aug/2021:00:42:23 +0200] "GET /dangerous-small-mug-by-cbk-p-17546.html HTTP/1.0" 301 73046 "-" "Mozilla/5.0 (compatible; MJ12bot/v1.4.8; http://mj12bot.com/)"
167.114.159.99 - - [11/Aug/2021:00:42:25 +0200] "GET /dangerous-small-cbkreation-p-17546.html HTTP/1.0" 200 72953 "-" "Mozilla/5.0 (compatible; MJ12bot/v1.4.8; http://mj12bot.com/)"
54.36.148.242 - - [11/Aug/2021:00:42:26 +0200] "GET /pillow-case-black-p-34836.html HTTP/1.0" 200 73080 "-" "Mozilla/5.0 (compatible; AhrefsBot/7.0; +http://ahrefs.com/robot/)"
167.114.159.99 - - [11/Aug/2021:00:42:27 +0200] "GET /dangerous-small-mug-by-cbkreation-p-17546.html HTTP/1.0" 301 73046 "-" "Mozilla/5.0 (compatible; MJ12bot/v1.4.8; http://mj12bot.com/)"
167.114.159.99 - - [11/Aug/2021:00:42:29 +0200] "GET /dangerous-small-cbkreation-p-17546.html HTTP/1.0" 200 72953 "-" "Mozilla/5.0 (compatible; MJ12bot/v1.4.8; http://mj12bot.com/)"
167.114.159.99 - - [11/Aug/2021:00:42:31 +0200] "GET /darth-vader-miniature-figure-p-29893.html HTTP/1.0" 301 70267 "-" "Mozilla/5.0 (compatible; MJ12bot/v1.4.8; http://mj12bot.com/)"
167.114.159.99 - - [11/Aug/2021:00:42:33 +0200] "GET /-p-29893.html HTTP/1.0" 200 70200 "-" "Mozilla/5.0 (compatible; MJ12bot/v1.4.8; http://mj12bot.com/)"
64.62.252.176 - - [11/Aug/2021:00:42:34 +0200] "GET /florialys-fragrance-provence-imperial-lavender-p-48502.html HTTP/1.0" 200 73157 "-" "The Knowledge AI"
167.114.159.99 - - [11/Aug/2021:00:42:35 +0200] "GET /de-la-muerte-by-cbk-shirt-size-p-21717.html HTTP/1.0" 301 70267 "-" "Mozilla/5.0 (compatible; MJ12bot/v1.4.8; http://mj12bot.com/)"
167.114.159.99 - - [11/Aug/2021:00:42:37 +0200] "GET /-p-21717.html HTTP/1.0" 200 70200 "-" "Mozilla/5.0 (compatible; MJ12bot/v1.4.8; http://mj12bot.com/)"
167.114.159.99 - - [11/Aug/2021:00:42:39 +0200] "GET /de-la-muerte-by-cbk-shirt-size-xs-p-21706.html HTTP/1.0" 301 70267 "-" "Mozilla/5.0 (compatible; MJ12bot/v1.4.8; http://mj12bot.com/)"
167.114.159.99 - - [11/Aug/2021:00:42:41 +0200] "GET /-p-21706.html HTTP/1.0" 200 70200 "-" "Mozilla/5.0 (compatible; MJ12bot/v1.4.8; http://mj12bot.com/)"
167.114.159.99 - - [11/Aug/2021:00:42:43 +0200] "GET /death-note-poster-p-16004.html HTTP/1.0" 301 70267 "-" "Mozilla/5.0 (compatible; MJ12bot/v1.4.8; http://mj12bot.com/)"
167.114.159.99 - - [11/Aug/2021:00:42:45 +0200] "GET /-p-16004.html HTTP/1.0" 200 70200 "-" "Mozilla/5.0 (compatible; MJ12bot/v1.4.8; http://mj12bot.com/)"
167.114.159.99 - - [11/Aug/2021:00:42:47 +0200] "GET /deco-kit-sommelier-p-36822.html HTTP/1.0" 301 70267 "-" "Mozilla/5.0 (compatible; MJ12bot/v1.4.8; http://mj12bot.com/)"
167.114.159.99 - - [11/Aug/2021:00:42:49 +0200] "GET /-p-36822.html HTTP/1.0" 200 70200 "-" "Mozilla/5.0 (compatible; MJ12bot/v1.4.8; http://mj12bot.com/)"
64.62.252.176 - - [11/Aug/2021:00:42:50 +0200] "GET /florialys-fragrance-provence-musk-woody-p-48499.html HTTP/1.0" 200 73115 "-" "The Knowledge AI"
167.114.159.99 - - [11/Aug/2021:00:42:51 +0200] "GET /deco-kit-sommelier-p-42127.html HTTP/1.0" 301 73733 "-" "Mozilla/5.0 (compatible; MJ12bot/v1.4.8; http://mj12bot.com/)"
167.114.159.99 - - [11/Aug/2021:00:42:53 +0200] "GET /deco-sommelier-p-42127.html HTTP/1.0" 200 73652 "-" "Mozilla/5.0 (compatible; MJ12bot/v1.4.8; http://mj12bot.com/)"
167.114.159.99 - - [11/Aug/2021:00:42:55 +0200] "GET /deco-sommelier-p-42127.html HTTP/1.0" 200 73652 "-" "Mozilla/5.0 (compatible; MJ12bot/v1.4.8; http://mj12bot.com/)"
167.114.159.99 - - [11/Aug/2021:00:42:58 +0200] "GET /decor-balls-cushion-40-40-cm-p-36894.html HTTP/1.0" 301 70267 "-" "Mozilla/5.0 (compatible; MJ12bot/v1.4.8; http://mj12bot.com/)"
167.114.159.99 - - [11/Aug/2021:00:43:00 +0200] "GET /-p-36894.html HTTP/1.0" 200 70200 "-" "Mozilla/5.0 (compatible; MJ12bot/v1.4.8; http://mj12bot.com/)"
167.114.159.99 - - [11/Aug/2021:00:43:02 +0200] "GET /decor-wooden-heart-cushion-40-40-cm-p-36896.html HTTP/1.0" 301 70267 "-" "Mozilla/5.0 (compatible; MJ12bot/v1.4.8; http://mj12bot.com/)"
167.114.159.99 - - [11/Aug/2021:00:43:04 +0200] "GET /-p-36896.html HTTP/1.0" 200 70200 "-" "Mozilla/5.0 (compatible; MJ12bot/v1.4.8; http://mj12bot.com/)"
64.62.252.176 - - [11/Aug/2021:00:43:06 +0200] "GET /florialys-fragrance-provence-orange-blossom-p-48503.html HTTP/1.0" 200 73139 "-" "The Knowledge AI"
167.114.159.99 - - [11/Aug/2021:00:43:06 +0200] "GET /decoration-mask-ethnic-aspect-aged-metal-p-49874.html HTTP/1.0" 200 73739 "-" "Mozilla/5.0 (compatible; MJ12bot/v1.4.8; http://mj12bot.com/)"
167.114.159.99 - - [11/Aug/2021:00:43:09 +0200] "GET /decoration-to-put-on-mask-ethnic-aspect-aged-metal-p-49874.html HTTP/1.0" 301 73846 "-" "Mozilla/5.0 (compatible; MJ12bot/v1.4.8; http://mj12bot.com/)"
185.191.171.24 - - [11/Aug/2021:00:43:10 +0200] "GET /cotton-floor-cushion-alabama-p-55454.html?action=add_product HTTP/1.0" 302 476 "-" "Mozilla/5.0 (compatible; SemrushBot/7~bl; +http://www.semrush.com/bot.html)"
167.114.159.99 - - [11/Aug/2021:00:43:11 +0200] "GET /decoration-mask-ethnic-aspect-aged-metal-p-49874.html HTTP/1.0" 200 73739 "-" "Mozilla/5.0 (compatible; MJ12bot/v1.4.8; http://mj12bot.com/)"
167.114.159.99 - - [11/Aug/2021:00:43:13 +0200] "GET /decoration-wooden-elephant-head-54-cm-p-46681.html HTTP/1.0" 301 73745 "-" "Mozilla/5.0 (compatible; MJ12bot/v1.4.8; http://mj12bot.com/)"
157.55.39.156 - - [11/Aug/2021:00:43:14 +0200] "GET /pink-flamingos-placemat-p-43015.html HTTP/1.0" 200 72819 "-" "Mozilla/5.0 (compatible; bingbot/2.0; +http://www.bing.com/bingbot.htm)"
167.114.159.99 - - [11/Aug/2021:00:43:15 +0200] "GET /decoration-wooden-elephant-head-p-46681.html HTTP/1.0" 200 73647 "-" "Mozilla/5.0 (compatible; MJ12bot/v1.4.8; http://mj12bot.com/)"
185.191.171.18 - - [11/Aug/2021:00:43:16 +0200] "GET /ceramic-cork-trivet-beer-capsule-blue-p-54091.html?action=add_product HTTP/1.0" 302 476 "-" "Mozilla/5.0 (compatible; SemrushBot/7~bl; +http://www.semrush.com/bot.html)"
167.114.159.99 - - [11/Aug/2021:00:43:18 +0200] "GET /decoration-wooden-elephant-head-p-46681.html HTTP/1.0" 200 73647 "-" "Mozilla/5.0 (compatible; MJ12bot/v1.4.8; http://mj12bot.com/)"
64.62.252.176 - - [11/Aug/2021:00:43:20 +0200] "GET /florialys-fragrance-provence-tiare-flower-p-48501.html HTTP/1.0" 200 73159 "-" "The Knowledge AI"
167.114.159.99 - - [11/Aug/2021:00:43:20 +0200] "GET /decorative-globe-p-49402.html HTTP/1.0" 200 70254 "-" "Mozilla/5.0 (compatible; MJ12bot/v1.4.8; http://mj12bot.com/)"
167.114.159.99 - - [11/Aug/2021:00:43:23 +0200] "GET /decorative-horse-statue-25-cm-p-46675.html HTTP/1.0" 301 73002 "-" "Mozilla/5.0 (compatible; MJ12bot/v1.4.8; http://mj12bot.com/)"
167.114.159.99 - - [11/Aug/2021:00:43:25 +0200] "GET /decorative-horse-statue-p-46675.html HTTP/1.0" 200 72912 "-" "Mozilla/5.0 (compatible; MJ12bot/v1.4.8; http://mj12bot.com/)"
185.191.171.11 - - [11/Aug/2021:00:43:26 +0200] "GET /penguin-money-p-54816.html?action=add_product HTTP/1.0" 302 476 "-" "Mozilla/5.0 (compatible; SemrushBot/7~bl; +http://www.semrush.com/bot.html)"
54.36.148.34 - - [11/Aug/2021:00:43:27 +0200] "GET /home-and-decoration-c-13.html?page=191 HTTP/1.0" 301 93358 "-" "Mozilla/5.0 (compatible; AhrefsBot/7.0; +http://ahrefs.com/robot/)"
167.114.159.99 - - [11/Aug/2021:00:43:27 +0200] "GET /decorative-horse-statue-p-46675.html HTTP/1.0" 200 72912 "-" "Mozilla/5.0 (compatible; MJ12bot/v1.4.8; http://mj12bot.com/)"
167.114.159.99 - - [11/Aug/2021:00:43:30 +0200] "GET /decorative-statuette-winged-pig-aged-material-21-cm-p-35664.html HTTP/1.0" 301 70267 "-" "Mozilla/5.0 (compatible; MJ12bot/v1.4.8; http://mj12bot.com/)"
167.114.159.99 - - [11/Aug/2021:00:43:32 +0200] "GET /-p-35664.html HTTP/1.0" 200 70200 "-" "Mozilla/5.0 (compatible; MJ12bot/v1.4.8; http://mj12bot.com/)"
64.62.252.176 - - [11/Aug/2021:00:43:34 +0200] "GET /home-fragrance-heart-home-bamboo-ginger-p-52817.html HTTP/1.0" 200 74213 "-" "The Knowledge AI"
167.114.159.99 - - [11/Aug/2021:00:43:34 +0200] "GET /decorative-statuette-winged-pig-aged-material-medium-p-35661.html HTTP/1.0" 301 70267 "-" "Mozilla/5.0 (compatible; MJ12bot/v1.4.8; http://mj12bot.com/)"
167.114.159.99 - - [11/Aug/2021:00:43:36 +0200] "GET /-p-35661.html HTTP/1.0" 200 70200 "-" "Mozilla/5.0 (compatible; MJ12bot/v1.4.8; http://mj12bot.com/)"
185.191.171.6 - - [11/Aug/2021:00:43:37 +0200] "GET /fishes-ceramic-butter-dish-p-51420.html HTTP/1.0" 200 70294 "-" "Mozilla/5.0 (compatible; SemrushBot/7~bl; +http://www.semrush.com/bot.html)"
167.114.159.99 - - [11/Aug/2021:00:43:39 +0200] "GET /decorative-statuette-winged-pig-aged-material-medium-p-35662.html HTTP/1.0" 301 70267 "-" "Mozilla/5.0 (compatible; MJ12bot/v1.4.8; http://mj12bot.com/)"
167.114.159.99 - - [11/Aug/2021:00:43:40 +0200] "GET /-p-35662.html HTTP/1.0" 200 70200 "-" "Mozilla/5.0 (compatible; MJ12bot/v1.4.8; http://mj12bot.com/)"
167.114.159.99 - - [11/Aug/2021:00:43:43 +0200] "GET /decret-diary-chica-vampiro-p-37643.html HTTP/1.0" 301 70267 "-" "Mozilla/5.0 (compatible; MJ12bot/v1.4.8; http://mj12bot.com/)"
167.114.159.99 - - [11/Aug/2021:00:43:44 +0200] "GET /-p-37643.html HTTP/1.0" 200 70200 "-" "Mozilla/5.0 (compatible; MJ12bot/v1.4.8; http://mj12bot.com/)"
54.36.148.242 - - [11/Aug/2021:00:43:46 +0200] "GET /candys-clock-cbkreation-p-24405.html HTTP/1.0" 200 72963 "-" "Mozilla/5.0 (compatible; AhrefsBot/7.0; +http://ahrefs.com/robot/)"
167.114.159.99 - - [11/Aug/2021:00:43:47 +0200] "GET /default-aspect-kimmidoll-mihoko-jewelry-box-p-33844.html HTTP/1.0" 301 70267 "-" "Mozilla/5.0 (compatible; MJ12bot/v1.4.8; http://mj12bot.com/)"
64.62.252.176 - - [11/Aug/2021:00:43:48 +0200] "GET /home-fragrance-heart-home-bergamot-marine-musk-p-55307.html HTTP/1.0" 200 74064 "-" "The Knowledge AI"
167.114.159.99 - - [11/Aug/2021:00:43:49 +0200] "GET /-p-33844.html HTTP/1.0" 200 70200 "-" "Mozilla/5.0 (compatible; MJ12bot/v1.4.8; http://mj12bot.com/)"
167.114.159.99 - - [11/Aug/2021:00:43:52 +0200] "GET /delonghi-juicer-for-children-p-17804.html HTTP/1.0" 301 70267 "-" "Mozilla/5.0 (compatible; MJ12bot/v1.4.8; http://mj12bot.com/)"
167.114.159.99 - - [11/Aug/2021:00:43:53 +0200] "GET /-p-17804.html HTTP/1.0" 200 70200 "-" "Mozilla/5.0 (compatible; MJ12bot/v1.4.8; http://mj12bot.com/)"
167.114.159.99 - - [11/Aug/2021:00:43:55 +0200] "GET /descendants-disney-large-suitcase-p-33686.html HTTP/1.0" 301 70267 "-" "Mozilla/5.0 (compatible; MJ12bot/v1.4.8; http://mj12bot.com/)"
167.114.159.99 - - [11/Aug/2021:00:43:57 +0200] "GET /-p-33686.html HTTP/1.0" 200 70200 "-" "Mozilla/5.0 (compatible; MJ12bot/v1.4.8; http://mj12bot.com/)"
167.114.159.99 - - [11/Aug/2021:00:44:00 +0200] "GET /despicable-me-clock-p-31876.html HTTP/1.0" 301 70267 "-" "Mozilla/5.0 (compatible; MJ12bot/v1.4.8; http://mj12bot.com/)"
167.114.159.99 - - [11/Aug/2021:00:44:02 +0200] "GET /-p-31876.html HTTP/1.0" 200 70200 "-" "Mozilla/5.0 (compatible; MJ12bot/v1.4.8; http://mj12bot.com/)"
167.114.159.99 - - [11/Aug/2021:00:44:04 +0200] "GET /despicable-me-pencil-case-p-35773.html HTTP/1.0" 301 72962 "-" "Mozilla/5.0 (compatible; MJ12bot/v1.4.8; http://mj12bot.com/)"
64.62.252.176 - - [11/Aug/2021:00:44:06 +0200] "GET /home-fragrance-heart-home-patchouli-gaac-wood-p-55306.html HTTP/1.0" 200 74062 "-" "The Knowledge AI"
167.114.159.99 - - [11/Aug/2021:00:44:06 +0200] "GET /despicable-pencil-case-p-35773.html HTTP/1.0" 200 72873 "-" "Mozilla/5.0 (compatible; MJ12bot/v1.4.8; http://mj12bot.com/)"
167.114.159.99 - - [11/Aug/2021:00:44:09 +0200] "GET /despicable-me-wastebasket-p-32908.html HTTP/1.0" 301 70267 "-" "Mozilla/5.0 (compatible; MJ12bot/v1.4.8; http://mj12bot.com/)"
167.114.159.99 - - [11/Aug/2021:00:44:11 +0200] "GET /-p-32908.html HTTP/1.0" 200 70200 "-" "Mozilla/5.0 (compatible; MJ12bot/v1.4.8; http://mj12bot.com/)"
167.114.159.99 - - [11/Aug/2021:00:44:13 +0200] "GET /despicable-pencil-case-p-35773.html HTTP/1.0" 200 72873 "-" "Mozilla/5.0 (compatible; MJ12bot/v1.4.8; http://mj12bot.com/)"
167.114.159.99 - - [11/Aug/2021:00:44:15 +0200] "GET /devilish-dognapper-cruella-p-39599.html HTTP/1.0" 200 73533 "-" "Mozilla/5.0 (compatible; MJ12bot/v1.4.8; http://mj12bot.com/)"
66.249.66.220 - - [11/Aug/2021:00:44:17 +0200] "GET /lotus-wall-sticker-p-52223.html HTTP/1.0" 200 73514 "-" "Mozilla/5.0 (compatible; Googlebot/2.1; +http://www.google.com/bot.html)"
167.114.159.99 - - [11/Aug/2021:00:44:17 +0200] "GET /dexter-am-good-person-post-p-14811.html HTTP/1.0" 301 70267 "-" "Mozilla/5.0 (compatible; MJ12bot/v1.4.8; http://mj12bot.com/)"
167.114.159.99 - - [11/Aug/2021:00:44:19 +0200] "GET /-p-14811.html HTTP/1.0" 200 70200 "-" "Mozilla/5.0 (compatible; MJ12bot/v1.4.8; http://mj12bot.com/)"
64.62.252.176 - - [11/Aug/2021:00:44:21 +0200] "GET /home-fragrance-heart-home-rosewood-vanilla-p-52816.html HTTP/1.0" 200 74258 "-" "The Knowledge AI"
167.114.159.99 - - [11/Aug/2021:00:44:21 +0200] "GET /dexter-exactly-post-p-14813.html HTTP/1.0" 200 72881 "-" "Mozilla/5.0 (compatible; MJ12bot/v1.4.8; http://mj12bot.com/)"
167.114.159.99 - - [11/Aug/2021:00:44:24 +0200] "GET /dexter-not-exactly-post-p-14813.html HTTP/1.0" 301 72967 "-" "Mozilla/5.0 (compatible; MJ12bot/v1.4.8; http://mj12bot.com/)"
66.249.66.218 - - [11/Aug/2021:00:44:25 +0200] "GET /chutje-wall-sticker-p-48980.html HTTP/1.0" 200 73565 "-" "Mozilla/5.0 (compatible; Googlebot/2.1; +http://www.google.com/bot.html)"
167.114.159.99 - - [11/Aug/2021:00:44:26 +0200] "GET /dexter-exactly-post-p-14813.html HTTP/1.0" 200 72881 "-" "Mozilla/5.0 (compatible; MJ12bot/v1.4.8; http://mj12bot.com/)"
167.114.159.99 - - [11/Aug/2021:00:44:29 +0200] "GET /dexter-poster-p-22650.html HTTP/1.0" 301 70267 "-" "Mozilla/5.0 (compatible; MJ12bot/v1.4.8; http://mj12bot.com/)"
167.114.159.99 - - [11/Aug/2021:00:44:31 +0200] "GET /-p-22650.html HTTP/1.0" 200 70200 "-" "Mozilla/5.0 (compatible; MJ12bot/v1.4.8; http://mj12bot.com/)"
167.114.159.99 - - [11/Aug/2021:00:44:33 +0200] "GET /digital-alarm-clock-12-cm-p-41220.html HTTP/1.0" 301 70390 "-" "Mozilla/5.0 (compatible; MJ12bot/v1.4.8; http://mj12bot.com/)"
64.62.252.176 - - [11/Aug/2021:00:44:34 +0200] "GET /home-fragrance-heart-home-vanilla-rosewood-p-52819.html HTTP/1.0" 200 74259 "-" "The Knowledge AI"
167.114.159.99 - - [11/Aug/2021:00:44:35 +0200] "GET /digital-alarm-clock-p-41220.html HTTP/1.0" 200 70304 "-" "Mozilla/5.0 (compatible; MJ12bot/v1.4.8; http://mj12bot.com/)"
157.55.39.134 - - [11/Aug/2021:00:44:37 +0200] "GET /robots.txt HTTP/1.0" 200 245 "-" "Mozilla/5.0 (compatible; bingbot/2.0; +http://www.bing.com/bingbot.htm)"
167.114.159.99 - - [11/Aug/2021:00:44:37 +0200] "GET /digital-alarm-clock-p-41220.html HTTP/1.0" 200 70304 "-" "Mozilla/5.0 (compatible; MJ12bot/v1.4.8; http://mj12bot.com/)"
167.114.159.99 - - [11/Aug/2021:00:44:39 +0200] "GET /disco-fever-party-hen-figurine-decorative-p-32102.html HTTP/1.0" 301 70267 "-" "Mozilla/5.0 (compatible; MJ12bot/v1.4.8; http://mj12bot.com/)"
167.114.159.99 - - [11/Aug/2021:00:44:41 +0200] "GET /-p-32102.html HTTP/1.0" 200 70200 "-" "Mozilla/5.0 (compatible; MJ12bot/v1.4.8; http://mj12bot.com/)"
167.114.159.99 - - [11/Aug/2021:00:44:43 +0200] "GET /disney-doc-mcstuffins-fruit-juice-glass-p-28183.html HTTP/1.0" 301 73083 "-" "Mozilla/5.0 (compatible; MJ12bot/v1.4.8; http://mj12bot.com/)"
167.114.159.99 - - [11/Aug/2021:00:44:45 +0200] "GET /disney-mcstuffins-fruit-juice-glass-p-28183.html HTTP/1.0" 200 72981 "-" "Mozilla/5.0 (compatible; MJ12bot/v1.4.8; http://mj12bot.com/)"
167.114.159.99 - - [11/Aug/2021:00:44:48 +0200] "GET /disney-doc-mcstuffins-lunchbox-p-37035.html HTTP/1.0" 301 70267 "-" "Mozilla/5.0 (compatible; MJ12bot/v1.4.8; http://mj12bot.com/)"
64.62.252.176 - - [11/Aug/2021:00:44:49 +0200] "GET /home-fragrance-heart-home-white-musk-cedarwood-p-52818.html HTTP/1.0" 200 74304 "-" "The Knowledge AI"
167.114.159.99 - - [11/Aug/2021:00:44:50 +0200] "GET /-p-37035.html HTTP/1.0" 200 70200 "-" "Mozilla/5.0 (compatible; MJ12bot/v1.4.8; http://mj12bot.com/)"
167.114.159.99 - - [11/Aug/2021:00:44:52 +0200] "GET /disney-frozen-lunchbox-p-37036.html HTTP/1.0" 200 72838 "-" "Mozilla/5.0 (compatible; MJ12bot/v1.4.8; http://mj12bot.com/)"
157.55.39.156 - - [11/Aug/2021:00:44:53 +0200] "GET /-p-25281.html HTTP/1.0" 200 70200 "-" "Mozilla/5.0 (compatible; bingbot/2.0; +http://www.bing.com/bingbot.htm)"
167.114.159.99 - - [11/Aug/2021:00:44:54 +0200] "GET /disney-mcstuffins-fruit-juice-glass-p-28183.html HTTP/1.0" 200 72981 "-" "Mozilla/5.0 (compatible; MJ12bot/v1.4.8; http://mj12bot.com/)"
207.46.13.39 - - [11/Aug/2021:00:44:54 +0200] "GET /accessories-mobiles-c-3_17.html?page=4 HTTP/1.0" 200 94597 "-" "Mozilla/5.0 (compatible; bingbot/2.0; +http://www.bing.com/bingbot.htm)"
167.114.159.99 - - [11/Aug/2021:00:44:56 +0200] "GET /disney-planes-small-box-p-26795.html HTTP/1.0" 301 70384 "-" "Mozilla/5.0 (compatible; MJ12bot/v1.4.8; http://mj12bot.com/)"
207.46.13.127 - - [11/Aug/2021:00:44:57 +0200] "GET /-p-10015.html HTTP/1.0" 200 70200 "-" "Mozilla/5.0 (compatible; bingbot/2.0; +http://www.bing.com/bingbot.htm)"
167.114.159.99 - - [11/Aug/2021:00:44:58 +0200] "GET /disney-planes-small-p-26795.html HTTP/1.0" 200 70298 "-" "Mozilla/5.0 (compatible; MJ12bot/v1.4.8; http://mj12bot.com/)"
167.114.159.99 - - [11/Aug/2021:00:45:00 +0200] "GET /disney-planes-small-p-26795.html HTTP/1.0" 200 70298 "-" "Mozilla/5.0 (compatible; MJ12bot/v1.4.8; http://mj12bot.com/)"
167.114.159.99 - - [11/Aug/2021:00:45:02 +0200] "GET /disney-princess-aurora-parka-p-31245.html HTTP/1.0" 200 70331 "-" "Mozilla/5.0 (compatible; MJ12bot/v1.4.8; http://mj12bot.com/)"
64.62.252.176 - - [11/Aug/2021:00:45:03 +0200] "GET /heart-home-friendly-stick-diffuser-bamboo-ginger-p-52804.html HTTP/1.0" 200 74048 "-" "The Knowledge AI"
167.114.159.99 - - [11/Aug/2021:00:45:05 +0200] "GET /disney-princess-birthday-3d-card-with-envelope-p-34452.html HTTP/1.0" 301 70525 "-" "Mozilla/5.0 (compatible; MJ12bot/v1.4.8; http://mj12bot.com/)"
167.114.159.99 - - [11/Aug/2021:00:45:07 +0200] "GET /disney-princess-birthday-card-with-envelope-p-34452.html HTTP/1.0" 200 70415 "-" "Mozilla/5.0 (compatible; MJ12bot/v1.4.8; http://mj12bot.com/)"
185.191.171.13 - - [11/Aug/2021:00:45:08 +0200] "GET /indian-metal-plate-p-47171.html HTTP/1.0" 200 72843 "-" "Mozilla/5.0 (compatible; SemrushBot/7~bl; +http://www.semrush.com/bot.html)"
167.114.159.99 - - [11/Aug/2021:00:45:09 +0200] "GET /disney-princess-birthday-3d-card-with-envelope-p-34453.html HTTP/1.0" 301 70525 "-" "Mozilla/5.0 (compatible; MJ12bot/v1.4.8; http://mj12bot.com/)"
167.114.159.99 - - [11/Aug/2021:00:45:11 +0200] "GET /disney-princess-birthday-card-with-envelope-p-34453.html HTTP/1.0" 200 70415 "-" "Mozilla/5.0 (compatible; MJ12bot/v1.4.8; http://mj12bot.com/)"
167.114.159.99 - - [11/Aug/2021:00:45:14 +0200] "GET /disney-princess-birthday-3d-card-with-envelope-p-34454.html HTTP/1.0" 301 70267 "-" "Mozilla/5.0 (compatible; MJ12bot/v1.4.8; http://mj12bot.com/)"
54.36.148.242 - - [11/Aug/2021:00:45:15 +0200] "GET /beauty-terracotta-cache-white-p-55339.html HTTP/1.0" 200 72986 "-" "Mozilla/5.0 (compatible; AhrefsBot/7.0; +http://ahrefs.com/robot/)"
167.114.159.99 - - [11/Aug/2021:00:45:16 +0200] "GET /-p-34454.html HTTP/1.0" 200 70200 "-" "Mozilla/5.0 (compatible; MJ12bot/v1.4.8; http://mj12bot.com/)"
66.249.66.218 - - [11/Aug/2021:00:45:16 +0200] "GET /london-ashtray-p-36625.html HTTP/1.0" 200 72794 "-" "Mozilla/5.0 (compatible; Googlebot/2.1; +http://www.google.com/bot.html)"
167.114.159.99 - - [11/Aug/2021:00:45:19 +0200] "GET /disney-princess-birthday-3d-card-with-envelope-p-34455.html HTTP/1.0" 301 70525 "-" "Mozilla/5.0 (compatible; MJ12bot/v1.4.8; http://mj12bot.com/)"
64.62.252.176 - - [11/Aug/2021:00:45:20 +0200] "GET /heart-home-friendly-stick-diffuser-geranium-wood-p-52808.html HTTP/1.0" 200 74084 "-" "The Knowledge AI"
167.114.159.99 - - [11/Aug/2021:00:45:21 +0200] "GET /disney-princess-birthday-card-with-envelope-p-34455.html HTTP/1.0" 200 70415 "-" "Mozilla/5.0 (compatible; MJ12bot/v1.4.8; http://mj12bot.com/)"
35.237.42.19 - - [11/Aug/2021:00:45:21 +0200] "GET /products_new.php HTTP/1.0" 200 93569 "-" "ZoominfoBot (zoominfobot at zoominfo dot com)"
207.46.13.127 - - [11/Aug/2021:00:45:33 +0200] "GET /pascal-figure-p-15665.html HTTP/1.0" 200 70256 "-" "Mozilla/5.0 (compatible; bingbot/2.0; +http://www.bing.com/bingbot.htm)"
64.62.252.176 - - [11/Aug/2021:00:45:37 +0200] "GET /heart-home-friendly-stick-diffuser-vanilla-rosewood-p-52807.html HTTP/1.0" 200 74084 "-" "The Knowledge AI"
157.55.39.156 - - [11/Aug/2021:00:45:38 +0200] "GET /-p-24471.html HTTP/1.0" 200 70200 "-" "Mozilla/5.0 (compatible; bingbot/2.0; +http://www.bing.com/bingbot.htm)"
207.46.13.175 - - [11/Aug/2021:00:45:43 +0200] "GET /-p-17974.html HTTP/1.0" 200 70200 "-" "Mozilla/5.0 (compatible; bingbot/2.0; +http://www.bing.com/bingbot.htm)"
35.237.42.19 - - [11/Aug/2021:00:45:43 +0200] "GET /checkout_shipping.php HTTP/1.0" 302 468 "-" "ZoominfoBot (zoominfobot at zoominfo dot com)"
185.191.171.39 - - [11/Aug/2021:00:45:52 +0200] "GET /little-geisha-p-50780.html?action=add_product HTTP/1.0" 302 476 "-" "Mozilla/5.0 (compatible; SemrushBot/7~bl; +http://www.semrush.com/bot.html)"
64.62.252.176 - - [11/Aug/2021:00:45:53 +0200] "GET /heart-home-friendly-stick-diffuser-white-musk-p-52806.html HTTP/1.0" 200 74017 "-" "The Knowledge AI"
207.46.13.127 - - [11/Aug/2021:00:45:55 +0200] "GET /-p-35706.html HTTP/1.0" 200 70200 "-" "Mozilla/5.0 (compatible; bingbot/2.0; +http://www.bing.com/bingbot.htm)"
207.46.13.101 - - [11/Aug/2021:00:46:02 +0200] "GET /-p-26607.html HTTP/1.0" 200 70200 "-" "Mozilla/5.0 (compatible; bingbot/2.0; +http://www.bing.com/bingbot.htm)"
64.62.252.176 - - [11/Aug/2021:00:46:09 +0200] "GET /scented-candles-novenas-c-231_227.html?page=2 HTTP/1.0" 200 92778 "-" "The Knowledge AI"
66.249.66.220 - - [11/Aug/2021:00:46:11 +0200] "GET /buddha-wall-stickers-p-51128.html HTTP/1.0" 200 73111 "-" "Mozilla/5.0 (compatible; Googlebot/2.1; +http://www.google.com/bot.html)"
66.249.66.216 - - [11/Aug/2021:00:46:23 +0200] "GET /buddha-wall-stickers-p-51128.html HTTP/1.0" 200 73111 "-" "Mozilla/5.0 (Linux; Android 6.0.1; Nexus 5X Build/MMB29P) AppleWebKit/537.36 (KHTML, like Gecko) Chrome/92.0.4515.119 Mobile Safari/537.36 (compatible; Googlebot/2.1; +http://www.google.com/bot.html)"
35.237.42.19 - - [11/Aug/2021:00:46:24 +0200] "GET /bottle-holder-beer-bucket-c-12_224.html HTTP/1.0" 200 89633 "-" "ZoominfoBot (zoominfobot at zoominfo dot com)"
64.62.252.176 - - [11/Aug/2021:00:46:25 +0200] "GET /scented-candles-novenas-c-231_227.html?page=3 HTTP/1.0" 200 92762 "-" "The Knowledge AI"
40.77.167.106 - - [11/Aug/2021:00:46:30 +0200] "GET /-p-14733.html HTTP/1.0" 200 70200 "-" "Mozilla/5.0 (compatible; bingbot/2.0; +http://www.bing.com/bingbot.htm)"
64.62.252.176 - - [11/Aug/2021:00:46:39 +0200] "GET /scented-candles-novenas-c-231_227.html?page=4 HTTP/1.0" 200 93519 "-" "The Knowledge AI"
54.36.148.242 - - [11/Aug/2021:00:46:41 +0200] "GET /travel-documents-passport-boarding-pass-p-47345.html HTTP/1.0" 200 73861 "-" "Mozilla/5.0 (compatible; AhrefsBot/7.0; +http://ahrefs.com/robot/)"
185.191.171.34 - - [11/Aug/2021:00:46:49 +0200] "GET /wears-helmet-coat-rack-p-55946.html HTTP/1.0" 200 73514 "-" "Mozilla/5.0 (compatible; SemrushBot/7~bl; +http://www.semrush.com/bot.html)"
185.191.171.42 - - [11/Aug/2021:00:46:51 +0200] "GET /quebec-keyring-by-cbkreation-p-43235.html HTTP/1.0" 301 73020 "-" "Mozilla/5.0 (compatible; SemrushBot/7~bl; +http://www.semrush.com/bot.html)"
207.46.13.39 - - [11/Aug/2021:00:46:54 +0200] "GET /mister-beauty-p-3321.html HTTP/1.0" 200 73018 "-" "Mozilla/5.0 (compatible; bingbot/2.0; +http://www.bing.com/bingbot.htm)"
185.191.171.24 - - [11/Aug/2021:00:46:55 +0200] "GET /quebec-keyring-cbkreation-p-43235.html HTTP/1.0" 200 72928 "-" "Mozilla/5.0 (compatible; SemrushBot/7~bl; +http://www.semrush.com/bot.html)"
64.62.252.176 - - [11/Aug/2021:00:46:55 +0200] "GET /scented-candles-novenas-c-231_227.html?page=5 HTTP/1.0" 200 93990 "-" "The Knowledge AI"
35.237.42.19 - - [11/Aug/2021:00:47:09 +0200] "GET /manicure-articles-c-31_204.html HTTP/1.0" 200 89439 "-" "ZoominfoBot (zoominfobot at zoominfo dot com)"
64.62.252.176 - - [11/Aug/2021:00:47:10 +0200] "GET /scented-candles-novenas-c-231_227.html?page=6 HTTP/1.0" 200 93697 "-" "The Knowledge AI"
66.249.66.216 - - [11/Aug/2021:00:47:11 +0200] "GET /bonheur-stickers-p-39317.html HTTP/1.0" 200 72894 "-" "Mozilla/5.0 (compatible; Googlebot/2.1; +http://www.google.com/bot.html)"
