207.46.13.101 - - [10/Aug/2021:18:41:17 +0200] "GET /betty-boop-beach-towel-p-14858.html HTTP/1.0" 301 70267 "-" "Mozilla/5.0 (compatible; bingbot/2.0; +http://www.bing.com/bingbot.htm)"
54.36.148.242 - - [10/Aug/2021:18:41:34 +0200] "GET /lumpy-birthday-card-with-envelope-p-25262.html HTTP/1.0" 200 72900 "-" "Mozilla/5.0 (compatible; AhrefsBot/7.0; +http://ahrefs.com/robot/)"
185.191.171.44 - - [10/Aug/2021:18:41:38 +0200] "GET /pillow-case-cotton-percale-threads-p-53223.html?action=add_product HTTP/1.0" 302 476 "-" "Mozilla/5.0 (compatible; SemrushBot/7~bl; +http://www.semrush.com/bot.html)"
185.191.171.37 - - [10/Aug/2021:18:41:51 +0200] "GET /cotton-floor-cushion-navy-blue-45-cm-p-48315.html HTTP/1.0" 301 73622 "-" "Mozilla/5.0 (compatible; SemrushBot/7~bl; +http://www.semrush.com/bot.html)"
185.191.171.13 - - [10/Aug/2021:18:41:53 +0200] "GET /cotton-floor-cushion-navy-blue-p-48315.html HTTP/1.0" 200 73525 "-" "Mozilla/5.0 (compatible; SemrushBot/7~bl; +http://www.semrush.com/bot.html)"
207.46.13.175 - - [10/Aug/2021:18:41:56 +0200] "GET /vintage-hook-bolt-hole-p-48555.html HTTP/1.0" 200 70278 "-" "Mozilla/5.0 (compatible; bingbot/2.0; +http://www.bing.com/bingbot.htm)"
207.46.13.175 - - [10/Aug/2021:18:41:58 +0200] "GET /hello-kitty-flower-ceiling-light-glass-p-16149.html HTTP/1.0" 200 70342 "-" "Mozilla/5.0 (compatible; bingbot/2.0; +http://www.bing.com/bingbot.htm)"
157.55.39.44 - - [10/Aug/2021:18:42:18 +0200] "GET /images/1300010238158.jpg HTTP/1.0" 200 259 "-" "Mozilla/5.0 (compatible; bingbot/2.0; +http://www.bing.com/bingbot.htm)"
54.36.148.246 - - [10/Aug/2021:18:42:32 +0200] "GET /branch-of-pink-orchid-wall-sticker-p-39306.html HTTP/1.0" 301 73048 "-" "Mozilla/5.0 (compatible; AhrefsBot/7.0; +http://ahrefs.com/robot/)"
207.46.13.39 - - [10/Aug/2021:18:42:41 +0200] "GET /-p-3982.html HTTP/1.0" 200 70198 "-" "Mozilla/5.0 (compatible; bingbot/2.0; +http://www.bing.com/bingbot.htm)"
54.36.148.242 - - [10/Aug/2021:18:42:50 +0200] "GET /bedclothes-parma-striped-p-44344.html HTTP/1.0" 200 73009 "-" "Mozilla/5.0 (compatible; AhrefsBot/7.0; +http://ahrefs.com/robot/)"
207.46.13.175 - - [10/Aug/2021:18:42:57 +0200] "GET /decorative-wooden-plate-habite-chez-chien-light-brown-p-47829.html HTTP/1.0" 200 73347 "-" "Mozilla/5.0 (compatible; bingbot/2.0; +http://www.bing.com/bingbot.htm)"
207.46.13.39 - - [10/Aug/2021:18:43:12 +0200] "GET /boxers-c-53_139.html HTTP/1.0" 200 69091 "-" "Mozilla/5.0 (compatible; bingbot/2.0; +http://www.bing.com/bingbot.htm)"
66.249.66.218 - - [10/Aug/2021:18:43:13 +0200] "GET /money-boxes-c-13_83.html?page=13 HTTP/1.0" 200 84603 "-" "Mozilla/5.0 (compatible; Googlebot/2.1; +http://www.google.com/bot.html)"
157.55.39.122 - - [10/Aug/2021:18:43:27 +0200] "GET /poppies-small-ashtray-p-49154.html HTTP/1.0" 200 72820 "-" "Mozilla/5.0 (compatible; bingbot/2.0; +http://www.bing.com/bingbot.htm)"
157.55.39.122 - - [10/Aug/2021:18:43:40 +0200] "GET /advent-calendar-woods-snowman-p-35644.html HTTP/1.0" 200 72920 "-" "Mozilla/5.0 (compatible; bingbot/2.0; +http://www.bing.com/bingbot.htm)"
207.46.13.127 - - [10/Aug/2021:18:43:43 +0200] "GET /-p-17483.html HTTP/1.0" 200 70200 "-" "Mozilla/5.0 (compatible; bingbot/2.0; +http://www.bing.com/bingbot.htm)"
207.46.13.175 - - [10/Aug/2021:18:43:58 +0200] "GET /-p-24193.html HTTP/1.0" 200 70200 "-" "Mozilla/5.0 (compatible; bingbot/2.0; +http://www.bing.com/bingbot.htm)"
207.46.13.175 - - [10/Aug/2021:18:44:00 +0200] "GET /images/big_prod/1384010204481.jpg HTTP/1.0" 200 268 "-" "Mozilla/5.0 (compatible; bingbot/2.0; +http://www.bing.com/bingbot.htm)"
185.191.171.5 - - [10/Aug/2021:18:44:05 +0200] "GET /adhesive-wall-decoration-dreamcatcher-p-53781.html?action=add_product HTTP/1.0" 302 476 "-" "Mozilla/5.0 (compatible; SemrushBot/7~bl; +http://www.semrush.com/bot.html)"
54.36.148.242 - - [10/Aug/2021:18:44:08 +0200] "GET /jimi-hendrix-large-metal-plate-deco-p-34122.html HTTP/1.0" 200 72928 "-" "Mozilla/5.0 (compatible; AhrefsBot/7.0; +http://ahrefs.com/robot/)"
185.191.171.39 - - [10/Aug/2021:18:44:14 +0200] "GET /small-box-for-baby-teeth-pineapple-orange-p-42378.html HTTP/1.0" 301 70267 "-" "Mozilla/5.0 (compatible; SemrushBot/7~bl; +http://www.semrush.com/bot.html)"
207.46.13.175 - - [10/Aug/2021:18:44:15 +0200] "GET /-p-34312.html HTTP/1.0" 200 70200 "-" "Mozilla/5.0 (compatible; bingbot/2.0; +http://www.bing.com/bingbot.htm)"
185.191.171.39 - - [10/Aug/2021:18:44:16 +0200] "GET /-p-42378.html HTTP/1.0" 200 70200 "-" "Mozilla/5.0 (compatible; SemrushBot/7~bl; +http://www.semrush.com/bot.html)"
157.55.39.122 - - [10/Aug/2021:18:44:20 +0200] "GET /-p-32055.html HTTP/1.0" 200 70200 "-" "Mozilla/5.0 (compatible; bingbot/2.0; +http://www.bing.com/bingbot.htm)"
207.46.13.39 - - [10/Aug/2021:18:44:42 +0200] "GET /-p-31218.html HTTP/1.0" 200 70200 "-" "Mozilla/5.0 (compatible; bingbot/2.0; +http://www.bing.com/bingbot.htm)"
207.46.13.101 - - [10/Aug/2021:18:44:47 +0200] "GET /-p-38829.html HTTP/1.0" 200 70200 "-" "Mozilla/5.0 (compatible; bingbot/2.0; +http://www.bing.com/bingbot.htm)"
157.55.39.51 - - [10/Aug/2021:18:45:03 +0200] "GET /transistor-metal-tin-box-p-22551.html HTTP/1.0" 301 73163 "-" "Mozilla/5.0 (compatible; bingbot/2.0; +http://www.bing.com/bingbot.htm)"
157.55.39.51 - - [10/Aug/2021:18:45:05 +0200] "GET /-p-1378.html HTTP/1.0" 200 70198 "-" "Mozilla/5.0 (compatible; bingbot/2.0; +http://www.bing.com/bingbot.htm)"
185.191.171.15 - - [10/Aug/2021:18:45:12 +0200] "GET /metal-pendant-lamp-p-54878.html HTTP/1.0" 200 73737 "-" "Mozilla/5.0 (compatible; SemrushBot/7~bl; +http://www.semrush.com/bot.html)"
207.46.13.127 - - [10/Aug/2021:18:45:20 +0200] "GET /-p-39366.html HTTP/1.0" 200 70200 "-" "Mozilla/5.0 (compatible; bingbot/2.0; +http://www.bing.com/bingbot.htm)"
54.36.148.242 - - [10/Aug/2021:18:45:36 +0200] "GET /bread-bags-c-11_179.html HTTP/1.0" 200 81374 "-" "Mozilla/5.0 (compatible; AhrefsBot/7.0; +http://ahrefs.com/robot/)"
185.191.171.45 - - [10/Aug/2021:18:46:00 +0200] "GET /large-metal-plate-deco-p-38402.html HTTP/1.0" 200 72847 "-" "Mozilla/5.0 (compatible; SemrushBot/7~bl; +http://www.semrush.com/bot.html)"
185.191.171.5 - - [10/Aug/2021:18:46:04 +0200] "GET /tweety-hawa-figurine-p-42738.html?action=add_product HTTP/1.0" 302 476 "-" "Mozilla/5.0 (compatible; SemrushBot/7~bl; +http://www.semrush.com/bot.html)"
185.191.171.41 - - [10/Aug/2021:18:46:29 +0200] "GET /palette-knife-p-41592.html HTTP/1.0" 200 72742 "-" "Mozilla/5.0 (compatible; SemrushBot/7~bl; +http://www.semrush.com/bot.html)"
54.36.148.242 - - [10/Aug/2021:18:47:02 +0200] "GET /ethnic-decorative-tray-p-48801.html HTTP/1.0" 200 73558 "-" "Mozilla/5.0 (compatible; AhrefsBot/7.0; +http://ahrefs.com/robot/)"
207.46.13.101 - - [10/Aug/2021:18:47:18 +0200] "GET /-p-2927.html HTTP/1.0" 200 70198 "-" "Mozilla/5.0 (compatible; bingbot/2.0; +http://www.bing.com/bingbot.htm)"
207.46.13.101 - - [10/Aug/2021:18:47:20 +0200] "GET /-p-18126.html HTTP/1.0" 200 70200 "-" "Mozilla/5.0 (compatible; bingbot/2.0; +http://www.bing.com/bingbot.htm)"
157.55.39.44 - - [10/Aug/2021:18:47:38 +0200] "GET /plush-keeleco-eco-friendly-snow-leopard-p-51850.html HTTP/1.0" 301 74244 "-" "Mozilla/5.0 (compatible; bingbot/2.0; +http://www.bing.com/bingbot.htm)"
40.77.167.106 - - [10/Aug/2021:18:47:47 +0200] "GET /home-decoration-c-13.html?page=1 HTTP/1.0" 200 91572 "-" "Mozilla/5.0 (compatible; bingbot/2.0; +http://www.bing.com/bingbot.htm)"
40.77.167.106 - - [10/Aug/2021:18:47:48 +0200] "GET /cotton-floor-cushion-green-p-47894.html HTTP/1.0" 200 73497 "-" "Mozilla/5.0 (compatible; bingbot/2.0; +http://www.bing.com/bingbot.htm)"
207.46.13.101 - - [10/Aug/2021:18:47:51 +0200] "GET /mickey-figure-collection-romero-britto-p-51458.html HTTP/1.0" 200 74266 "-" "Mozilla/5.0 (compatible; bingbot/2.0; +http://www.bing.com/bingbot.htm)"
185.191.171.42 - - [10/Aug/2021:18:47:51 +0200] "GET /-p-17535.html?action=add_product HTTP/1.0" 302 476 "-" "Mozilla/5.0 (compatible; SemrushBot/7~bl; +http://www.semrush.com/bot.html)"
185.191.171.8 - - [10/Aug/2021:18:48:14 +0200] "GET /umbrella-holders-follow-your-dreams-p-46915.html HTTP/1.0" 200 73024 "-" "Mozilla/5.0 (compatible; SemrushBot/7~bl; +http://www.semrush.com/bot.html)"
54.36.148.242 - - [10/Aug/2021:18:48:32 +0200] "GET /cotton-floor-cushion-beige-p-38997.html HTTP/1.0" 200 73579 "-" "Mozilla/5.0 (compatible; AhrefsBot/7.0; +http://ahrefs.com/robot/)"
157.55.39.122 - - [10/Aug/2021:18:48:38 +0200] "GET /-p-24883.html HTTP/1.0" 200 70200 "-" "Mozilla/5.0 (compatible; bingbot/2.0; +http://www.bing.com/bingbot.htm)"
185.191.171.24 - - [10/Aug/2021:18:48:46 +0200] "GET /lyon-white-shirt-p-31276.html?action=add_product HTTP/1.0" 302 476 "-" "Mozilla/5.0 (compatible; SemrushBot/7~bl; +http://www.semrush.com/bot.html)"
207.46.13.175 - - [10/Aug/2021:18:48:47 +0200] "GET /-p-9327.html HTTP/1.0" 200 70198 "-" "Mozilla/5.0 (compatible; bingbot/2.0; +http://www.bing.com/bingbot.htm)"
47.57.2.35 - - [10/Aug/2021:18:49:07 +0200] "GET /images/med_prod/5055071705359.jpg HTTP/1.0" 200 268 "-" "python-requests/2.25.1"
157.55.39.5 - - [10/Aug/2021:18:49:37 +0200] "GET /brass-compass-ornament-p-36668.html HTTP/1.0" 200 72821 "-" "Mozilla/5.0 (compatible; bingbot/2.0; +http://www.bing.com/bingbot.htm)"
157.55.39.156 - - [10/Aug/2021:18:49:41 +0200] "GET /-p-23458.html HTTP/1.0" 200 70200 "-" "Mozilla/5.0 (compatible; bingbot/2.0; +http://www.bing.com/bingbot.htm)"
185.191.171.43 - - [10/Aug/2021:18:49:56 +0200] "GET /london-dream-metal-plate-p-27584.html HTTP/1.0" 200 72907 "-" "Mozilla/5.0 (compatible; SemrushBot/7~bl; +http://www.semrush.com/bot.html)"
54.36.148.242 - - [10/Aug/2021:18:49:58 +0200] "GET /kimmidoll-love-elle-cover-iphone-p-17931.html HTTP/1.0" 200 73252 "-" "Mozilla/5.0 (compatible; AhrefsBot/7.0; +http://ahrefs.com/robot/)"
40.77.167.106 - - [10/Aug/2021:18:50:08 +0200] "GET /mickey-collection-romano-britto-p-20288.html HTTP/1.0" 200 73109 "-" "Mozilla/5.0 (compatible; bingbot/2.0; +http://www.bing.com/bingbot.htm)"
157.55.39.5 - - [10/Aug/2021:18:50:18 +0200] "GET /sleepy-figure-collection-disney-tired-dwarf-p-23122.html HTTP/1.0" 200 73062 "-" "Mozilla/5.0 (compatible; bingbot/2.0; +http://www.bing.com/bingbot.htm)"
185.191.171.14 - - [10/Aug/2021:18:50:22 +0200] "GET /monks-sheet-p-48286.html HTTP/1.0" 200 72865 "-" "Mozilla/5.0 (compatible; SemrushBot/7~bl; +http://www.semrush.com/bot.html)"
157.55.39.122 - - [10/Aug/2021:18:50:23 +0200] "GET /kyoto-black-p-39303.html HTTP/1.0" 200 72973 "-" "Mozilla/5.0 (compatible; bingbot/2.0; +http://www.bing.com/bingbot.htm)"
185.191.171.7 - - [10/Aug/2021:18:50:38 +0200] "GET /accessories-c-3.html?page=33 HTTP/1.0" 200 81259 "-" "Mozilla/5.0 (compatible; SemrushBot/7~bl; +http://www.semrush.com/bot.html)"
185.191.171.42 - - [10/Aug/2021:18:50:44 +0200] "GET /love-pink-fountain-pen-p-26301.html HTTP/1.0" 301 72973 "-" "Mozilla/5.0 (compatible; SemrushBot/7~bl; +http://www.semrush.com/bot.html)"
185.191.171.39 - - [10/Aug/2021:18:50:46 +0200] "GET /love-pink-fountain-p-26301.html HTTP/1.0" 200 72888 "-" "Mozilla/5.0 (compatible; SemrushBot/7~bl; +http://www.semrush.com/bot.html)"
157.55.39.44 - - [10/Aug/2021:18:50:49 +0200] "GET /heart-home-friendly-stick-diffuser-vanilla-rosewood-p-52807.html HTTP/1.0" 200 74084 "-" "Mozilla/5.0 (compatible; bingbot/2.0; +http://www.bing.com/bingbot.htm)"
157.55.39.51 - - [10/Aug/2021:18:51:13 +0200] "GET /star-wars-rectangular-mirror-p-31609.html HTTP/1.0" 200 72895 "-" "Mozilla/5.0 (compatible; bingbot/2.0; +http://www.bing.com/bingbot.htm)"
40.77.167.106 - - [10/Aug/2021:18:51:17 +0200] "GET /-p-22234.html HTTP/1.0" 200 70200 "-" "Mozilla/5.0 (compatible; bingbot/2.0; +http://www.bing.com/bingbot.htm)"
54.36.148.242 - - [10/Aug/2021:18:51:19 +0200] "GET /furniture-knob-sold-individually-p-55730.html HTTP/1.0" 200 73830 "-" "Mozilla/5.0 (compatible; AhrefsBot/7.0; +http://ahrefs.com/robot/)"
207.46.13.127 - - [10/Aug/2021:18:51:22 +0200] "GET /-p-3359.html HTTP/1.0" 200 70198 "-" "Mozilla/5.0 (compatible; bingbot/2.0; +http://www.bing.com/bingbot.htm)"
207.46.13.39 - - [10/Aug/2021:18:52:22 +0200] "GET /-p-34820.html HTTP/1.0" 200 70200 "-" "Mozilla/5.0 (compatible; bingbot/2.0; +http://www.bing.com/bingbot.htm)"
185.191.171.9 - - [10/Aug/2021:18:52:30 +0200] "GET /duvet-cover-side-linen-side-washed-cotton-p-54391.html?action=add_product HTTP/1.0" 302 476 "-" "Mozilla/5.0 (compatible; SemrushBot/7~bl; +http://www.semrush.com/bot.html)"
54.36.148.242 - - [10/Aug/2021:18:52:40 +0200] "GET /frozen-elsa-anna-jewelry-p-37027.html HTTP/1.0" 200 73767 "-" "Mozilla/5.0 (compatible; AhrefsBot/7.0; +http://ahrefs.com/robot/)"
207.46.13.175 - - [10/Aug/2021:18:53:07 +0200] "GET /austin-mini-metal-plate-p-33711.html HTTP/1.0" 200 72898 "-" "Mozilla/5.0 (compatible; bingbot/2.0; +http://www.bing.com/bingbot.htm)"
207.46.13.101 - - [10/Aug/2021:18:53:08 +0200] "GET /violetta-apron-chef-p-29524.html HTTP/1.0" 200 72980 "-" "Mozilla/5.0 (compatible; bingbot/2.0; +http://www.bing.com/bingbot.htm)"
157.55.39.5 - - [10/Aug/2021:18:53:12 +0200] "GET /-p-32185.html HTTP/1.0" 200 70200 "-" "Mozilla/5.0 (compatible; bingbot/2.0; +http://www.bing.com/bingbot.htm)"
207.46.13.127 - - [10/Aug/2021:18:53:31 +0200] "GET /-p-38497.html HTTP/1.0" 200 70200 "-" "Mozilla/5.0 (compatible; bingbot/2.0; +http://www.bing.com/bingbot.htm)"
185.191.171.5 - - [10/Aug/2021:18:53:50 +0200] "GET /finlande-clock-cbkreation-p-36918.html?action=add_product HTTP/1.0" 302 476 "-" "Mozilla/5.0 (compatible; SemrushBot/7~bl; +http://www.semrush.com/bot.html)"
54.36.148.115 - - [10/Aug/2021:18:53:50 +0200] "GET /us-route-66-adult-cap-by-cbk-p-29958.html HTTP/1.0" 301 70267 "-" "Mozilla/5.0 (compatible; AhrefsBot/7.0; +http://ahrefs.com/robot/)"
54.36.148.242 - - [10/Aug/2021:18:53:57 +0200] "GET /papers-holder-indian-spirit-dark-brown-p-42943.html HTTP/1.0" 200 73097 "-" "Mozilla/5.0 (compatible; AhrefsBot/7.0; +http://ahrefs.com/robot/)"
157.55.39.122 - - [10/Aug/2021:18:54:30 +0200] "GET /-p-37035.html HTTP/1.0" 200 70200 "-" "Mozilla/5.0 (compatible; bingbot/2.0; +http://www.bing.com/bingbot.htm)"
207.46.13.39 - - [10/Aug/2021:18:54:34 +0200] "GET /piggy-bank-with-small-hammer-years-p-38525.html HTTP/1.0" 200 70340 "-" "Mozilla/5.0 (compatible; bingbot/2.0; +http://www.bing.com/bingbot.htm)"
185.191.171.16 - - [10/Aug/2021:18:54:51 +0200] "GET /white-natural-wooden-p-55027.html HTTP/1.0" 301 73741 "-" "Mozilla/5.0 (compatible; SemrushBot/7~bl; +http://www.semrush.com/bot.html)"
185.191.171.4 - - [10/Aug/2021:18:54:53 +0200] "GET /white-natural-mini-wooden-p-55027.html HTTP/1.0" 200 73649 "-" "Mozilla/5.0 (compatible; SemrushBot/7~bl; +http://www.semrush.com/bot.html)"
54.36.148.141 - - [10/Aug/2021:18:54:55 +0200] "GET /mani-the-lucky-cat-pink-notebook-p-37344.html HTTP/1.0" 301 73141 "-" "Mozilla/5.0 (compatible; AhrefsBot/7.0; +http://ahrefs.com/robot/)"
185.191.171.21 - - [10/Aug/2021:18:54:57 +0200] "GET /small-baby-teeth-p-53347.html?action=add_product HTTP/1.0" 302 476 "-" "Mozilla/5.0 (compatible; SemrushBot/7~bl; +http://www.semrush.com/bot.html)"
185.191.171.16 - - [10/Aug/2021:18:54:59 +0200] "GET /bowls-mini-melamine-tray-p-55860.html HTTP/1.0" 200 72942 "-" "Mozilla/5.0 (compatible; SemrushBot/7~bl; +http://www.semrush.com/bot.html)"
66.249.66.218 - - [10/Aug/2021:18:55:14 +0200] "GET /eeyore-lost-without-you-figure-collection-p-20472.html HTTP/1.0" 301 70267 "-" "Mozilla/5.0 (compatible; Googlebot/2.1; +http://www.google.com/bot.html)"
66.249.66.216 - - [10/Aug/2021:18:55:15 +0200] "GET /-p-20472.html HTTP/1.0" 200 70200 "-" "Mozilla/5.0 (compatible; Googlebot/2.1; +http://www.google.com/bot.html)"
207.46.13.175 - - [10/Aug/2021:18:55:17 +0200] "GET /tin-and-metal-signs-c-13_130.html?page=2 HTTP/1.0" 301 93875 "-" "Mozilla/5.0 (compatible; bingbot/2.0; +http://www.bing.com/bingbot.htm)"
54.36.148.242 - - [10/Aug/2021:18:55:17 +0200] "GET /frozen-elsa-anna-jewelry-p-37028.html HTTP/1.0" 200 73767 "-" "Mozilla/5.0 (compatible; AhrefsBot/7.0; +http://ahrefs.com/robot/)"
157.55.39.122 - - [10/Aug/2021:18:55:29 +0200] "GET /hello-kitty-kiss-purple-suitcase-p-18398.html HTTP/1.0" 200 70351 "-" "Mozilla/5.0 (compatible; bingbot/2.0; +http://www.bing.com/bingbot.htm)"
157.55.39.51 - - [10/Aug/2021:18:55:35 +0200] "GET /moroccan-ashtray-flowers-p-52628.html HTTP/1.0" 200 72816 "-" "Mozilla/5.0 (compatible; bingbot/2.0; +http://www.bing.com/bingbot.htm)"
157.55.39.156 - - [10/Aug/2021:18:55:41 +0200] "GET /-p-28590.html HTTP/1.0" 200 70200 "-" "Mozilla/5.0 (compatible; bingbot/2.0; +http://www.bing.com/bingbot.htm)"
185.191.171.38 - - [10/Aug/2021:18:55:52 +0200] "GET /bell-golden-brass-wood-table-p-52805.html?action=add_product HTTP/1.0" 302 476 "-" "Mozilla/5.0 (compatible; SemrushBot/7~bl; +http://www.semrush.com/bot.html)"
207.46.13.39 - - [10/Aug/2021:18:56:23 +0200] "GET /images/mini_prod/5025123890029.jpg HTTP/1.0" 200 269 "-" "Mozilla/5.0 (compatible; bingbot/2.0; +http://www.bing.com/bingbot.htm)"
178.159.37.182 - - [10/Aug/2021:18:56:27 +0200] "GET / HTTP/1.0" 301 511 "http://wonder-geek.com/" "Mozilla/5.0 (Windows NT 6.1; WOW64) AppleWebKit/537.36 (KHTML, like Gecko) Chrome/90.0.4430.85 Safari/537.36"
178.159.37.182 - - [10/Aug/2021:18:56:27 +0200] "GET / HTTP/1.0" 200 151321 "http://www.wonder-geek.com/" "Mozilla/5.0 (Windows NT 6.1; WOW64) AppleWebKit/537.36 (KHTML, like Gecko) Chrome/90.0.4430.85 Safari/537.36"
178.159.37.182 - - [10/Aug/2021:18:56:28 +0200] "GET /trivet-boards-c-12_158.html HTTP/1.0" 200 94011 "http://www.wonder-geek.com/trivet-boards-c-12_158.html" "Mozilla/5.0 (Windows NT 6.1; WOW64) AppleWebKit/537.36 (KHTML, like Gecko) Chrome/90.0.4430.85 Safari/537.36"
178.159.37.182 - - [10/Aug/2021:18:56:29 +0200] "GET /cardboard-boxes-storage-c-13_150_216.html HTTP/1.0" 200 77640 "http://www.wonder-geek.com/cardboard-boxes-storage-c-13_150_216.html" "Mozilla/5.0 (Windows NT 6.1; WOW64) AppleWebKit/537.36 (KHTML, like Gecko) Chrome/90.0.4430.85 Safari/537.36"
178.159.37.182 - - [10/Aug/2021:18:56:29 +0200] "GET /cushion-headboard-c-11_173.html HTTP/1.0" 200 88965 "http://www.wonder-geek.com/cushion-headboard-c-11_173.html" "Mozilla/5.0 (Windows NT 6.1; WOW64) AppleWebKit/537.36 (KHTML, like Gecko) Chrome/90.0.4430.85 Safari/537.36"
178.159.37.182 - - [10/Aug/2021:18:56:30 +0200] "GET /contact_us.php HTTP/1.0" 200 26241 "http://www.wonder-geek.com/contact_us.php" "Mozilla/5.0 (Windows NT 6.1; WOW64) AppleWebKit/537.36 (KHTML, like Gecko) Chrome/90.0.4430.85 Safari/537.36"
54.36.148.242 - - [10/Aug/2021:18:56:32 +0200] "GET /skull-sailor-moneybox-brown-p-32592.html HTTP/1.0" 200 72859 "-" "Mozilla/5.0 (compatible; AhrefsBot/7.0; +http://ahrefs.com/robot/)"
185.191.171.11 - - [10/Aug/2021:18:57:00 +0200] "GET /toucan-money-p-47936.html?action=add_product HTTP/1.0" 302 476 "-" "Mozilla/5.0 (compatible; SemrushBot/7~bl; +http://www.semrush.com/bot.html)"
207.46.13.127 - - [10/Aug/2021:18:57:01 +0200] "GET /elvis-lighter-p-22420.html HTTP/1.0" 200 75080 "-" "Mozilla/5.0 (compatible; bingbot/2.0; +http://www.bing.com/bingbot.htm)"
185.191.171.44 - - [10/Aug/2021:18:57:02 +0200] "GET /lighting-c-13_86.html?page=22 HTTP/1.0" 200 93610 "-" "Mozilla/5.0 (compatible; SemrushBot/7~bl; +http://www.semrush.com/bot.html)"
51.68.224.127 - - [10/Aug/2021:18:57:11 +0200] "GET /adminweb/export_orders_xml.php?token=256de2z6edz6ed2z6DFSFsed2zed6zeDSFDSGdzedezfzf&maxorders=10&orderstart=1&status=14&start_date=2018-10-01 HTTP/1.0" 200 285 "-" "GesCom CharlotteBoutik Serveur"
51.68.224.127 - - [10/Aug/2021:18:57:11 +0200] "GET /adminweb/export_orders_xml.php?token=256de2z6edz6ed2z6DFSFsed2zed6zeDSFDSGdzedezfzf&maxorders=10&orderstart=1&status=6&start_date=2018-10-01 HTTP/1.0" 200 28601 "-" "GesCom CharlotteBoutik Serveur"
185.191.171.36 - - [10/Aug/2021:18:57:14 +0200] "GET /ecru-curtain-eyelets-angele-135-260-cm-p-39885.html HTTP/1.0" 301 70267 "-" "Mozilla/5.0 (compatible; SemrushBot/7~bl; +http://www.semrush.com/bot.html)"
185.191.171.24 - - [10/Aug/2021:18:57:16 +0200] "GET /-p-39885.html HTTP/1.0" 200 70200 "-" "Mozilla/5.0 (compatible; SemrushBot/7~bl; +http://www.semrush.com/bot.html)"
207.46.13.101 - - [10/Aug/2021:18:57:19 +0200] "GET /-p-30765.html HTTP/1.0" 200 70200 "-" "Mozilla/5.0 (compatible; bingbot/2.0; +http://www.bing.com/bingbot.htm)"
54.36.148.242 - - [10/Aug/2021:18:57:57 +0200] "GET /monaco-1912-vintage-poster-p-42504.html HTTP/1.0" 200 72912 "-" "Mozilla/5.0 (compatible; AhrefsBot/7.0; +http://ahrefs.com/robot/)"
185.191.171.25 - - [10/Aug/2021:18:58:07 +0200] "GET /tibetan-treasure-hand-painted-flowers-p-54965.html?action=add_product HTTP/1.0" 302 476 "-" "Mozilla/5.0 (compatible; SemrushBot/7~bl; +http://www.semrush.com/bot.html)"
178.159.37.182 - - [10/Aug/2021:18:58:08 +0200] "POST /contact_us.php?action=send HTTP/1.0" 302 488 "http://www.wonder-geek.com/contact_us.php" "Mozilla/5.0 (Windows NT 6.1; WOW64) AppleWebKit/537.36 (KHTML, like Gecko) Chrome/90.0.4430.85 Safari/537.36"
178.159.37.182 - - [10/Aug/2021:18:58:09 +0200] "GET /contact_us.php?action=success HTTP/1.0" 200 13477 "http://www.wonder-geek.com/contact_us.php?action=success" "Mozilla/5.0 (Windows NT 6.1; WOW64) AppleWebKit/537.36 (KHTML, like Gecko) Chrome/90.0.4430.85 Safari/537.36"
185.191.171.37 - - [10/Aug/2021:18:58:09 +0200] "GET /bowl-french-kiss-paris-p-37291.html?action=add_product HTTP/1.0" 302 476 "-" "Mozilla/5.0 (compatible; SemrushBot/7~bl; +http://www.semrush.com/bot.html)"
157.55.39.156 - - [10/Aug/2021:18:58:12 +0200] "GET /retro-soccer-ball-p-26892.html HTTP/1.0" 200 72789 "-" "Mozilla/5.0 (compatible; bingbot/2.0; +http://www.bing.com/bingbot.htm)"
157.55.39.44 - - [10/Aug/2021:18:58:40 +0200] "GET /football-clock-cbkreation-p-24709.html HTTP/1.0" 200 72978 "-" "Mozilla/5.0 (compatible; bingbot/2.0; +http://www.bing.com/bingbot.htm)"
157.55.39.51 - - [10/Aug/2021:18:58:45 +0200] "GET /-p-11973.html HTTP/1.0" 200 70200 "-" "Mozilla/5.0 (compatible; bingbot/2.0; +http://www.bing.com/bingbot.htm)"
207.46.13.101 - - [10/Aug/2021:18:58:49 +0200] "GET /heart-home-friendly-stick-diffuser-bamboo-ginger-p-52804.html HTTP/1.0" 200 74048 "-" "Mozilla/5.0 (compatible; bingbot/2.0; +http://www.bing.com/bingbot.htm)"
54.36.148.64 - - [10/Aug/2021:18:59:11 +0200] "GET /fragrance-case-for-cabinet-and-diffuser-car-c-231_228.html?page=2 HTTP/1.0" 301 84982 "-" "Mozilla/5.0 (compatible; AhrefsBot/7.0; +http://ahrefs.com/robot/)"
40.77.167.106 - - [10/Aug/2021:18:59:18 +0200] "GET /littlest-petshop-tights-p-31089.html HTTP/1.0" 200 74274 "-" "Mozilla/5.0 (compatible; bingbot/2.0; +http://www.bing.com/bingbot.htm)"
54.36.148.242 - - [10/Aug/2021:18:59:19 +0200] "GET /bedclothes-pink-striped-p-44345.html HTTP/1.0" 200 73002 "-" "Mozilla/5.0 (compatible; AhrefsBot/7.0; +http://ahrefs.com/robot/)"
157.55.39.44 - - [10/Aug/2021:18:59:23 +0200] "GET /gorjuss-deluxe-journal-autumn-leaves-p-50957.html HTTP/1.0" 200 74603 "-" "Mozilla/5.0 (compatible; bingbot/2.0; +http://www.bing.com/bingbot.htm)"
66.249.66.218 - - [10/Aug/2021:18:59:36 +0200] "GET /carlin-keychains-p-26280.html HTTP/1.0" 200 72819 "-" "Mozilla/5.0 (Linux; Android 6.0.1; Nexus 5X Build/MMB29P) AppleWebKit/537.36 (KHTML, like Gecko) Chrome/92.0.4515.119 Mobile Safari/537.36 (compatible; Googlebot/2.1; +http://www.google.com/bot.html)"
157.55.39.51 - - [10/Aug/2021:18:59:45 +0200] "GET /-p-33310.html HTTP/1.0" 200 70200 "-" "Mozilla/5.0 (compatible; bingbot/2.0; +http://www.bing.com/bingbot.htm)"
157.55.39.122 - - [10/Aug/2021:18:59:50 +0200] "GET /horses-stickers-p-19590.html HTTP/1.0" 200 72826 "-" "Mozilla/5.0 (compatible; bingbot/2.0; +http://www.bing.com/bingbot.htm)"
185.191.171.4 - - [10/Aug/2021:19:00:16 +0200] "GET /heart-and-home-eco-friendly-stick-diffuser-geranium-oud-wood-p-52808.html HTTP/1.0" 301 74199 "-" "Mozilla/5.0 (compatible; SemrushBot/7~bl; +http://www.semrush.com/bot.html)"
185.191.171.39 - - [10/Aug/2021:19:00:19 +0200] "GET /heart-home-friendly-stick-diffuser-geranium-wood-p-52808.html HTTP/1.0" 200 74084 "-" "Mozilla/5.0 (compatible; SemrushBot/7~bl; +http://www.semrush.com/bot.html)"
185.191.171.14 - - [10/Aug/2021:19:00:21 +0200] "GET /diffuser-perfume-essential-oils-c-231_162.html?page=1 HTTP/1.0" 200 90159 "-" "Mozilla/5.0 (compatible; SemrushBot/7~bl; +http://www.semrush.com/bot.html)"
157.55.39.51 - - [10/Aug/2021:19:00:34 +0200] "GET /guardian-angel-statuette-saint-michael-p-51141.html HTTP/1.0" 200 73008 "-" "Mozilla/5.0 (compatible; bingbot/2.0; +http://www.bing.com/bingbot.htm)"
54.36.148.242 - - [10/Aug/2021:19:00:41 +0200] "GET /butterfly-headboard-wall-sticker-p-39182.html HTTP/1.0" 200 73649 "-" "Mozilla/5.0 (compatible; AhrefsBot/7.0; +http://ahrefs.com/robot/)"
95.163.255.129 - - [10/Aug/2021:19:00:47 +0200] "GET /robots.txt HTTP/1.0" 301 531 "-" "Mozilla/5.0 (compatible; Linux x86_64; Mail.RU_Bot/Img/2.0; +http://go.mail.ru/help/robots)"
157.55.39.44 - - [10/Aug/2021:19:00:50 +0200] "GET /-p-24291.html HTTP/1.0" 200 70200 "-" "Mozilla/5.0 (compatible; bingbot/2.0; +http://www.bing.com/bingbot.htm)"
95.163.255.138 - - [10/Aug/2021:19:01:06 +0200] "GET /images/b4010070188108.jpg HTTP/1.0" 301 561 "http://go.mail.ru/search_images" "Mozilla/5.0 (compatible; Linux x86_64; Mail.RU_Bot/Img/2.0; +http://go.mail.ru/help/robots)"
54.36.148.91 - - [10/Aug/2021:19:01:11 +0200] "GET /tea-bag-saucer-p-40672.html HTTP/1.0" 301 72816 "-" "Mozilla/5.0 (compatible; AhrefsBot/7.0; +http://ahrefs.com/robot/)"
95.163.255.198 - - [10/Aug/2021:19:01:21 +0200] "GET /images/med_prod/4029811336296.jpg HTTP/1.0" 301 577 "http://go.mail.ru/search_images" "Mozilla/5.0 (compatible; Linux x86_64; Mail.RU_Bot/Img/2.0; +http://go.mail.ru/help/robots)"
157.55.39.156 - - [10/Aug/2021:19:01:21 +0200] "GET /hello-kitty-mirror-p-20731.html HTTP/1.0" 200 72903 "-" "Mozilla/5.0 (compatible; bingbot/2.0; +http://www.bing.com/bingbot.htm)"
185.191.171.38 - - [10/Aug/2021:19:01:34 +0200] "GET /large-dark-gray-porcelain-lamp-p-55235.html?action=add_product HTTP/1.0" 302 476 "-" "Mozilla/5.0 (compatible; SemrushBot/7~bl; +http://www.semrush.com/bot.html)"
95.163.255.140 - - [10/Aug/2021:19:01:35 +0200] "GET /robots.txt HTTP/1.0" 200 245 "-" "Mozilla/5.0 (compatible; Linux x86_64; Mail.RU_Bot/Img/2.0; +http://go.mail.ru/help/robots)"
216.244.66.242 - - [10/Aug/2021:19:01:45 +0200] "GET /robots.txt HTTP/1.0" 200 245 "-" "Mozilla/5.0 (compatible; DotBot/1.2; +https://opensiteexplorer.org/dotbot; help@moz.com)"
95.163.255.120 - - [10/Aug/2021:19:01:51 +0200] "GET /images/b4010070188108.jpg HTTP/1.0" 200 260 "http://wonder-geek.com/images/b4010070188108.jpg" "Mozilla/5.0 (compatible; Linux x86_64; Mail.RU_Bot/Img/2.0; +http://go.mail.ru/help/robots)"
95.163.255.121 - - [10/Aug/2021:19:02:02 +0200] "GET /images/med_prod/4029811336296.jpg HTTP/1.0" 200 268 "http://wonder-geek.com/images/med_prod/4029811336296.jpg" "Mozilla/5.0 (compatible; Linux x86_64; Mail.RU_Bot/Img/2.0; +http://go.mail.ru/help/robots)"
54.36.148.242 - - [10/Aug/2021:19:02:05 +0200] "GET /retro-ottoman-storage-p-40326.html HTTP/1.0" 200 73053 "-" "Mozilla/5.0 (compatible; AhrefsBot/7.0; +http://ahrefs.com/robot/)"
66.249.66.7 - - [10/Aug/2021:19:02:09 +0200] "GET /ads.txt HTTP/1.0" 301 525 "-" "Mozilla/5.0 (compatible; Googlebot/2.1; +http://www.google.com/bot.html)"
66.249.66.216 - - [10/Aug/2021:19:02:10 +0200] "GET /ads.txt HTTP/1.0" 404 1308 "-" "Mozilla/5.0 (compatible; Googlebot/2.1; +http://www.google.com/bot.html)"
157.55.39.122 - - [10/Aug/2021:19:02:41 +0200] "GET /nici-ayumi-pink-brown-shoulder-p-33440.html HTTP/1.0" 200 73342 "-" "Mozilla/5.0 (compatible; bingbot/2.0; +http://www.bing.com/bingbot.htm)"
54.36.148.191 - - [10/Aug/2021:19:03:21 +0200] "GET /20-black-madonna-aromatika-incense-sticks-p-53428.html HTTP/1.0" 301 73099 "-" "Mozilla/5.0 (compatible; AhrefsBot/7.0; +http://ahrefs.com/robot/)"
185.191.171.12 - - [10/Aug/2021:19:03:24 +0200] "GET /tour-france-p-53978.html?action=add_product HTTP/1.0" 302 476 "-" "Mozilla/5.0 (compatible; SemrushBot/7~bl; +http://www.semrush.com/bot.html)"
54.36.148.242 - - [10/Aug/2021:19:03:24 +0200] "GET /little-prince-green-jewelry-p-53235.html HTTP/1.0" 200 73926 "-" "Mozilla/5.0 (compatible; AhrefsBot/7.0; +http://ahrefs.com/robot/)"
66.249.66.218 - - [10/Aug/2021:19:03:40 +0200] "GET /piggy-bank-p-54810.html HTTP/1.0" 200 72950 "-" "Mozilla/5.0 (compatible; Googlebot/2.1; +http://www.google.com/bot.html)"
185.191.171.36 - - [10/Aug/2021:19:03:46 +0200] "GET /tattooed-sailor-beer-mug-33-cl-p-42675.html HTTP/1.0" 301 70377 "-" "Mozilla/5.0 (compatible; SemrushBot/7~bl; +http://www.semrush.com/bot.html)"
185.191.171.36 - - [10/Aug/2021:19:03:47 +0200] "GET /tattooed-sailor-beer-p-42675.html HTTP/1.0" 200 70290 "-" "Mozilla/5.0 (compatible; SemrushBot/7~bl; +http://www.semrush.com/bot.html)"
185.191.171.10 - - [10/Aug/2021:19:03:49 +0200] "GET /key-holders-c-13_201.html HTTP/1.0" 301 85548 "-" "Mozilla/5.0 (compatible; SemrushBot/7~bl; +http://www.semrush.com/bot.html)"
185.191.171.15 - - [10/Aug/2021:19:03:52 +0200] "GET /holders-c-201.html HTTP/1.0" 301 85437 "-" "Mozilla/5.0 (compatible; SemrushBot/7~bl; +http://www.semrush.com/bot.html)"
185.191.171.2 - - [10/Aug/2021:19:03:55 +0200] "GET /holders-c-13_150_201.html HTTP/1.0" 200 85611 "-" "Mozilla/5.0 (compatible; SemrushBot/7~bl; +http://www.semrush.com/bot.html)"
207.46.13.175 - - [10/Aug/2021:19:03:58 +0200] "GET /-p-14332.html HTTP/1.0" 200 70200 "-" "Mozilla/5.0 (compatible; bingbot/2.0; +http://www.bing.com/bingbot.htm)"
40.77.167.106 - - [10/Aug/2021:19:04:03 +0200] "GET /lotus-candleholder-chakra-orange-pink-goldlining-p-37128.html HTTP/1.0" 200 74506 "-" "Mozilla/5.0 (compatible; bingbot/2.0; +http://www.bing.com/bingbot.htm)"
40.77.167.106 - - [10/Aug/2021:19:04:05 +0200] "GET /littlest-petshop-padded-jacket-p-31266.html HTTP/1.0" 200 74169 "-" "Mozilla/5.0 (compatible; bingbot/2.0; +http://www.bing.com/bingbot.htm)"
157.55.39.156 - - [10/Aug/2021:19:04:21 +0200] "GET /gaming-master-yoda-shirt-p-29575.html HTTP/1.0" 200 74300 "-" "Mozilla/5.0 (compatible; bingbot/2.0; +http://www.bing.com/bingbot.htm)"
54.36.148.242 - - [10/Aug/2021:19:04:42 +0200] "GET /white-lampshade-p-55523.html HTTP/1.0" 200 72801 "-" "Mozilla/5.0 (compatible; AhrefsBot/7.0; +http://ahrefs.com/robot/)"
157.55.39.44 - - [10/Aug/2021:19:04:51 +0200] "GET /chouchou-potholder-p-54732.html HTTP/1.0" 200 72829 "-" "Mozilla/5.0 (compatible; bingbot/2.0; +http://www.bing.com/bingbot.htm)"
40.77.167.106 - - [10/Aug/2021:19:04:59 +0200] "GET /towel-bath-towels-c-11_70.html HTTP/1.0" 200 90723 "-" "Mozilla/5.0 (compatible; bingbot/2.0; +http://www.bing.com/bingbot.htm)"
66.249.66.216 - - [10/Aug/2021:19:05:00 +0200] "GET /sound-money-p-29260.html HTTP/1.0" 200 72849 "-" "Mozilla/5.0 (compatible; Googlebot/2.1; +http://www.google.com/bot.html)"
54.36.149.75 - - [10/Aug/2021:19:05:26 +0200] "GET /decorative-statuette-monkeys-of-wisdom-yellow-30-cm-p-53624.html HTTP/1.0" 301 73230 "-" "Mozilla/5.0 (compatible; AhrefsBot/7.0; +http://ahrefs.com/robot/)"
62.210.188.218 - - [10/Aug/2021:19:05:39 +0200] "GET /paris-metal-large-clock-p-40699.html HTTP/1.0" 200 70282 "-" "Mozilla/5.0 (compatible; Barkrowler/0.9; +https://babbar.tech/crawler)"
54.36.148.242 - - [10/Aug/2021:19:05:56 +0200] "GET /strawberry-shortcake-p-22140.html HTTP/1.0" 200 72974 "-" "Mozilla/5.0 (compatible; AhrefsBot/7.0; +http://ahrefs.com/robot/)"
207.46.13.101 - - [10/Aug/2021:19:06:00 +0200] "GET /london-coldstream-guard-cushion-p-26111.html HTTP/1.0" 200 73158 "-" "Mozilla/5.0 (compatible; bingbot/2.0; +http://www.bing.com/bingbot.htm)"
62.210.188.218 - - [10/Aug/2021:19:06:02 +0200] "GET /tea-bag-saucer-p-40672.html HTTP/1.0" 301 72816 "-" "Mozilla/5.0 (compatible; Barkrowler/0.9; +https://babbar.tech/crawler)"
157.55.39.5 - - [10/Aug/2021:19:06:08 +0200] "GET /-p-25237.html HTTP/1.0" 200 70200 "-" "Mozilla/5.0 (compatible; bingbot/2.0; +http://www.bing.com/bingbot.htm)"
62.210.188.218 - - [10/Aug/2021:19:06:15 +0200] "GET /cars-mug-milk-p-27658.html HTTP/1.0" 301 72840 "-" "Mozilla/5.0 (compatible; Barkrowler/0.9; +https://babbar.tech/crawler)"
157.55.39.5 - - [10/Aug/2021:19:06:19 +0200] "GET /falbala-figure-p-4587.html HTTP/1.0" 200 70259 "-" "Mozilla/5.0 (compatible; bingbot/2.0; +http://www.bing.com/bingbot.htm)"
54.36.149.41 - - [10/Aug/2021:19:06:28 +0200] "GET /superman-mug-and-plate-box-p-16430.html HTTP/1.0" 301 73373 "-" "Mozilla/5.0 (compatible; AhrefsBot/7.0; +http://ahrefs.com/robot/)"
62.210.188.218 - - [10/Aug/2021:19:06:29 +0200] "GET /kothai-large-box-p-26707.html HTTP/1.0" 301 72980 "-" "Mozilla/5.0 (compatible; Barkrowler/0.9; +https://babbar.tech/crawler)"
157.55.39.156 - - [10/Aug/2021:19:06:32 +0200] "GET /giraffe-statuette-giraffe-p-52880.html HTTP/1.0" 200 72989 "-" "Mozilla/5.0 (compatible; bingbot/2.0; +http://www.bing.com/bingbot.htm)"
62.210.188.218 - - [10/Aug/2021:19:06:44 +0200] "GET /parrots-wall-stickers-p-51120.html HTTP/1.0" 200 73747 "-" "Mozilla/5.0 (compatible; Barkrowler/0.9; +https://babbar.tech/crawler)"
185.191.171.17 - - [10/Aug/2021:19:06:48 +0200] "GET /robots.txt HTTP/1.0" 200 245 "-" "Mozilla/5.0 (compatible; SemrushBot/7~bl; +http://www.semrush.com/bot.html)"
207.46.13.175 - - [10/Aug/2021:19:06:48 +0200] "GET /jimi-hendrix-large-metal-plate-deco-p-34122.html HTTP/1.0" 200 72928 "-" "Mozilla/5.0 (compatible; bingbot/2.0; +http://www.bing.com/bingbot.htm)"
185.191.171.38 - - [10/Aug/2021:19:06:48 +0200] "GET /betty-boop-pencil-case-p-33583.html HTTP/1.0" 200 72846 "-" "Mozilla/5.0 (compatible; SemrushBot/7~bl; +http://www.semrush.com/bot.html)"
62.210.188.218 - - [10/Aug/2021:19:06:57 +0200] "GET /cold-beer-here-wooden-frame-p-34874.html HTTP/1.0" 200 72912 "-" "Mozilla/5.0 (compatible; Barkrowler/0.9; +https://babbar.tech/crawler)"
62.210.188.218 - - [10/Aug/2021:19:07:12 +0200] "GET /cushion-cover-40-40-cm-white-p-43148.html HTTP/1.0" 301 73826 "-" "Mozilla/5.0 (compatible; Barkrowler/0.9; +https://babbar.tech/crawler)"
54.36.148.242 - - [10/Aug/2021:19:07:13 +0200] "GET /diddlina-milimit-rule-p-14300.html HTTP/1.0" 200 72939 "-" "Mozilla/5.0 (compatible; AhrefsBot/7.0; +http://ahrefs.com/robot/)"
66.249.66.218 - - [10/Aug/2021:19:07:13 +0200] "GET /moroccan-green-ashtray-p-31884.html HTTP/1.0" 200 72846 "-" "Mozilla/5.0 (Linux; Android 6.0.1; Nexus 5X Build/MMB29P) AppleWebKit/537.36 (KHTML, like Gecko) Chrome/92.0.4515.119 Mobile Safari/537.36 (compatible; Googlebot/2.1; +http://www.google.com/bot.html)"
62.210.188.218 - - [10/Aug/2021:19:07:26 +0200] "GET /bird-origami-verrine-cm-single-p-43300.html HTTP/1.0" 301 73063 "-" "Mozilla/5.0 (compatible; Barkrowler/0.9; +https://babbar.tech/crawler)"
157.55.39.5 - - [10/Aug/2021:19:07:29 +0200] "GET /images/mini_prod/3453131138819.jpg HTTP/1.0" 404 1308 "-" "Mozilla/5.0 (compatible; bingbot/2.0; +http://www.bing.com/bingbot.htm)"
66.249.66.218 - - [10/Aug/2021:19:07:40 +0200] "GET /multicolored-bull-money-p-54869.html HTTP/1.0" 200 73712 "-" "Mozilla/5.0 (compatible; Googlebot/2.1; +http://www.google.com/bot.html)"
62.210.188.218 - - [10/Aug/2021:19:07:42 +0200] "GET /strawberry-shortcake-tights-p-50919.html HTTP/1.0" 200 72877 "-" "Mozilla/5.0 (compatible; Barkrowler/0.9; +https://babbar.tech/crawler)"
62.210.188.218 - - [10/Aug/2021:19:08:02 +0200] "GET /set-of-christmas-balls-paris-p-52589.html HTTP/1.0" 301 70380 "-" "Mozilla/5.0 (compatible; Barkrowler/0.9; +https://babbar.tech/crawler)"
185.191.171.4 - - [10/Aug/2021:19:08:08 +0200] "GET /old-fashioned-owl-biscuit-jar-p-38660.html HTTP/1.0" 301 72974 "-" "Mozilla/5.0 (compatible; SemrushBot/7~bl; +http://www.semrush.com/bot.html)"
185.191.171.41 - - [10/Aug/2021:19:08:11 +0200] "GET /fashioned-biscuit-p-38660.html HTTP/1.0" 200 72890 "-" "Mozilla/5.0 (compatible; SemrushBot/7~bl; +http://www.semrush.com/bot.html)"
62.210.188.218 - - [10/Aug/2021:19:08:17 +0200] "GET /amazon-love-tote-bag-butterflies-p-50285.html HTTP/1.0" 301 74058 "-" "Mozilla/5.0 (compatible; Barkrowler/0.9; +https://babbar.tech/crawler)"
157.55.39.156 - - [10/Aug/2021:19:08:24 +0200] "GET /hats-caps-c-44.html HTTP/1.0" 301 91414 "-" "Mozilla/5.0 (compatible; bingbot/2.0; +http://www.bing.com/bingbot.htm)"
185.191.171.39 - - [10/Aug/2021:19:08:24 +0200] "GET /cbkreation-toiletry-bag-p-40652.html HTTP/1.0" 301 74298 "-" "Mozilla/5.0 (compatible; SemrushBot/7~bl; +http://www.semrush.com/bot.html)"
54.36.148.242 - - [10/Aug/2021:19:08:24 +0200] "GET /chime-bird-metal-patinated-p-39984.html HTTP/1.0" 200 73484 "-" "Mozilla/5.0 (compatible; AhrefsBot/7.0; +http://ahrefs.com/robot/)"
185.191.171.15 - - [10/Aug/2021:19:08:27 +0200] "GET /cbkration-toiletry-p-40652.html HTTP/1.0" 200 74213 "-" "Mozilla/5.0 (compatible; SemrushBot/7~bl; +http://www.semrush.com/bot.html)"
157.55.39.51 - - [10/Aug/2021:19:08:28 +0200] "GET /-p-13883.html HTTP/1.0" 200 70200 "-" "Mozilla/5.0 (compatible; bingbot/2.0; +http://www.bing.com/bingbot.htm)"
62.210.188.218 - - [10/Aug/2021:19:08:32 +0200] "GET /amazon-love-mug-tamarins-p-50278.html HTTP/1.0" 301 73783 "-" "Mozilla/5.0 (compatible; Barkrowler/0.9; +https://babbar.tech/crawler)"
54.36.148.199 - - [10/Aug/2021:19:08:39 +0200] "GET /polar-blanket-beige-130-160-cm-p-39014.html HTTP/1.0" 301 70267 "-" "Mozilla/5.0 (compatible; AhrefsBot/7.0; +http://ahrefs.com/robot/)"
185.191.171.11 - - [10/Aug/2021:19:08:43 +0200] "GET /galileo-thermometer-indoors-p-50140.html?action=add_product HTTP/1.0" 302 476 "-" "Mozilla/5.0 (compatible; SemrushBot/7~bl; +http://www.semrush.com/bot.html)"
207.46.13.175 - - [10/Aug/2021:19:08:48 +0200] "GET /-p-23170.html HTTP/1.0" 200 70200 "-" "Mozilla/5.0 (compatible; bingbot/2.0; +http://www.bing.com/bingbot.htm)"
62.210.188.218 - - [10/Aug/2021:19:08:50 +0200] "GET /ceramic-lamb-bank-13-cm-p-49169.html HTTP/1.0" 301 70354 "-" "Mozilla/5.0 (compatible; Barkrowler/0.9; +https://babbar.tech/crawler)"
62.210.188.218 - - [10/Aug/2021:19:09:05 +0200] "GET /zebra-clock-by-allen-p-31431.html HTTP/1.0" 301 70348 "-" "Mozilla/5.0 (compatible; Barkrowler/0.9; +https://babbar.tech/crawler)"
157.55.39.51 - - [10/Aug/2021:19:09:05 +0200] "GET /angel-wings-black-shirt-cbkreation-p-30122.html HTTP/1.0" 200 73948 "-" "Mozilla/5.0 (compatible; bingbot/2.0; +http://www.bing.com/bingbot.htm)"
62.210.188.218 - - [10/Aug/2021:19:09:21 +0200] "GET /harley-davidson-cork-coaster-p-40267.html HTTP/1.0" 200 70302 "-" "Mozilla/5.0 (compatible; Barkrowler/0.9; +https://babbar.tech/crawler)"
62.210.188.218 - - [10/Aug/2021:19:09:40 +0200] "GET /pill-box-marseille-soap-p-51389.html HTTP/1.0" 301 70267 "-" "Mozilla/5.0 (compatible; Barkrowler/0.9; +https://babbar.tech/crawler)"
54.36.148.242 - - [10/Aug/2021:19:09:46 +0200] "GET /good-year-large-metal-plate-deco-p-43527.html HTTP/1.0" 200 72936 "-" "Mozilla/5.0 (compatible; AhrefsBot/7.0; +http://ahrefs.com/robot/)"
66.249.66.216 - - [10/Aug/2021:19:09:54 +0200] "GET /cake-stand-with-cakes-money-bank-collection-p-17640.html HTTP/1.0" 200 73035 "-" "Mozilla/5.0 (compatible; Googlebot/2.1; +http://www.google.com/bot.html)"
62.210.188.218 - - [10/Aug/2021:19:09:57 +0200] "GET /california-khaki-shoulder-bag-p-37121.html HTTP/1.0" 301 73320 "-" "Mozilla/5.0 (compatible; Barkrowler/0.9; +https://babbar.tech/crawler)"
207.46.13.175 - - [10/Aug/2021:19:10:09 +0200] "GET /-p-22588.html HTTP/1.0" 200 70200 "-" "Mozilla/5.0 (compatible; bingbot/2.0; +http://www.bing.com/bingbot.htm)"
62.210.188.218 - - [10/Aug/2021:19:10:12 +0200] "GET /resin-boxes-storage-c-13_150_84.html HTTP/1.0" 301 84075 "-" "Mozilla/5.0 (compatible; Barkrowler/0.9; +https://babbar.tech/crawler)"
207.46.13.175 - - [10/Aug/2021:19:10:19 +0200] "GET /volkswagen-bully-rectangular-mirror-p-29010.html HTTP/1.0" 200 72907 "-" "Mozilla/5.0 (compatible; bingbot/2.0; +http://www.bing.com/bingbot.htm)"
62.210.188.218 - - [10/Aug/2021:19:10:31 +0200] "GET /tinkerbell-stationery-p-4492.html HTTP/1.0" 200 72964 "-" "Mozilla/5.0 (compatible; Barkrowler/0.9; +https://babbar.tech/crawler)"
40.77.167.106 - - [10/Aug/2021:19:10:50 +0200] "GET /set-of-glitter-glue-washable-crayola-p-19380.html HTTP/1.0" 301 70459 "-" "Mozilla/5.0 (compatible; bingbot/2.0; +http://www.bing.com/bingbot.htm)"
62.210.188.218 - - [10/Aug/2021:19:10:53 +0200] "GET /zen-lotus-canvas-frame-20-20-cm-p-33992.html HTTP/1.0" 301 73038 "-" "Mozilla/5.0 (compatible; Barkrowler/0.9; +https://babbar.tech/crawler)"
157.55.39.51 - - [10/Aug/2021:19:10:56 +0200] "GET /-p-28642.html HTTP/1.0" 200 70200 "-" "Mozilla/5.0 (compatible; bingbot/2.0; +http://www.bing.com/bingbot.htm)"
54.36.148.242 - - [10/Aug/2021:19:11:04 +0200] "GET /papers-holder-indian-spirit-light-brown-p-42942.html HTTP/1.0" 200 73102 "-" "Mozilla/5.0 (compatible; AhrefsBot/7.0; +http://ahrefs.com/robot/)"
185.191.171.10 - - [10/Aug/2021:19:11:04 +0200] "GET /eccentric-zebra-bowl-p-41834.html HTTP/1.0" 200 70291 "-" "Mozilla/5.0 (compatible; SemrushBot/7~bl; +http://www.semrush.com/bot.html)"
62.210.188.218 - - [10/Aug/2021:19:11:09 +0200] "GET /doc-mc-stuffins-small-satchel-p-30352.html HTTP/1.0" 301 73261 "-" "Mozilla/5.0 (compatible; Barkrowler/0.9; +https://babbar.tech/crawler)"
62.210.188.218 - - [10/Aug/2021:19:11:23 +0200] "GET /christmas-tree-ornament-christmas-balls-c-13_271.html HTTP/1.0" 200 90484 "-" "Mozilla/5.0 (compatible; Barkrowler/0.9; +https://babbar.tech/crawler)"
62.210.188.218 - - [10/Aug/2021:19:11:37 +0200] "GET /gund-mini-cat-sound-plush-beige-p-36874.html HTTP/1.0" 301 73101 "-" "Mozilla/5.0 (compatible; Barkrowler/0.9; +https://babbar.tech/crawler)"
207.46.13.175 - - [10/Aug/2021:19:11:39 +0200] "GET /solar-powered-sunflower-dancing-p-33553.html HTTP/1.0" 301 70267 "-" "Mozilla/5.0 (compatible; bingbot/2.0; +http://www.bing.com/bingbot.htm)"
157.55.39.122 - - [10/Aug/2021:19:11:42 +0200] "GET /grey-home-sweet-home-perfume-diffuser-p-40552.html HTTP/1.0" 200 73074 "-" "Mozilla/5.0 (compatible; bingbot/2.0; +http://www.bing.com/bingbot.htm)"
207.46.13.127 - - [10/Aug/2021:19:11:43 +0200] "GET /jewelry-holder-flower-dress-p-47489.html HTTP/1.0" 200 72989 "-" "Mozilla/5.0 (compatible; bingbot/2.0; +http://www.bing.com/bingbot.htm)"
40.77.167.106 - - [10/Aug/2021:19:11:43 +0200] "GET /frozen-rectangular-mirror-p-31611.html HTTP/1.0" 200 72868 "-" "Mozilla/5.0 (compatible; bingbot/2.0; +http://www.bing.com/bingbot.htm)"
40.77.167.106 - - [10/Aug/2021:19:11:46 +0200] "GET /lotus-atmospheric-light-colours-goldrim-p-43209.html HTTP/1.0" 200 74397 "-" "Mozilla/5.0 (compatible; bingbot/2.0; +http://www.bing.com/bingbot.htm)"
62.210.188.218 - - [10/Aug/2021:19:11:52 +0200] "GET /kimmidoll-keyring-miwa-p-49769.html HTTP/1.0" 200 72852 "-" "Mozilla/5.0 (compatible; Barkrowler/0.9; +https://babbar.tech/crawler)"
54.36.148.44 - - [10/Aug/2021:19:12:03 +0200] "GET /provence-little-tray-20-14-cm-p-44549.html HTTP/1.0" 301 73006 "-" "Mozilla/5.0 (compatible; AhrefsBot/7.0; +http://ahrefs.com/robot/)"
62.210.188.218 - - [10/Aug/2021:19:12:09 +0200] "GET /burlap-round-table-set-love-p-47321.html HTTP/1.0" 301 70267 "-" "Mozilla/5.0 (compatible; Barkrowler/0.9; +https://babbar.tech/crawler)"
185.191.171.24 - - [10/Aug/2021:19:12:14 +0200] "GET /industrial-storage-box-medium-size-47-cm-only-p-45109.html HTTP/1.0" 301 73950 "-" "Mozilla/5.0 (compatible; SemrushBot/7~bl; +http://www.semrush.com/bot.html)"
185.191.171.4 - - [10/Aug/2021:19:12:17 +0200] "GET /industrial-storage-medium-size-only-p-45109.html HTTP/1.0" 200 73848 "-" "Mozilla/5.0 (compatible; SemrushBot/7~bl; +http://www.semrush.com/bot.html)"
54.36.148.242 - - [10/Aug/2021:19:12:20 +0200] "GET /shell-collection-large-metal-plate-deco-p-37113.html HTTP/1.0" 200 73000 "-" "Mozilla/5.0 (compatible; AhrefsBot/7.0; +http://ahrefs.com/robot/)"
157.55.39.156 - - [10/Aug/2021:19:12:22 +0200] "GET /verity-rose-moonstruck-emery-board-p-29144.html HTTP/1.0" 200 73007 "-" "Mozilla/5.0 (compatible; bingbot/2.0; +http://www.bing.com/bingbot.htm)"
157.55.39.44 - - [10/Aug/2021:19:12:31 +0200] "GET /-p-11188.html HTTP/1.0" 200 70200 "-" "Mozilla/5.0 (compatible; bingbot/2.0; +http://www.bing.com/bingbot.htm)"
157.55.39.44 - - [10/Aug/2021:19:12:51 +0200] "GET /candytuft-flower-fairies-teapot-p-40075.html HTTP/1.0" 200 74578 "-" "Mozilla/5.0 (compatible; bingbot/2.0; +http://www.bing.com/bingbot.htm)"
62.210.188.218 - - [10/Aug/2021:19:12:54 +0200] "GET /burlap-round-table-set-love-p-51117.html HTTP/1.0" 301 73518 "-" "Mozilla/5.0 (compatible; Barkrowler/0.9; +https://babbar.tech/crawler)"
207.46.13.127 - - [10/Aug/2021:19:12:55 +0200] "GET /wunzees-doll-series-lulu-panther-p-45118.html HTTP/1.0" 200 73706 "-" "Mozilla/5.0 (compatible; bingbot/2.0; +http://www.bing.com/bingbot.htm)"
216.244.66.242 - - [10/Aug/2021:19:13:02 +0200] "GET /violetta-badges-p-28293.html HTTP/1.0" 200 72803 "-" "Mozilla/5.0 (compatible; DotBot/1.2; +https://opensiteexplorer.org/dotbot; help@moz.com)"
62.210.188.218 - - [10/Aug/2021:19:13:07 +0200] "GET /toy-story-mr-prickles-figure-p-6754.html HTTP/1.0" 301 73061 "-" "Mozilla/5.0 (compatible; Barkrowler/0.9; +https://babbar.tech/crawler)"
185.191.171.35 - - [10/Aug/2021:19:13:07 +0200] "GET /medusa-glass-paperweight-p-49430.html HTTP/1.0" 200 70286 "-" "Mozilla/5.0 (compatible; SemrushBot/7~bl; +http://www.semrush.com/bot.html)"
185.191.171.22 - - [10/Aug/2021:19:13:21 +0200] "GET /blue-gold-statuette-p-48306.html?action=add_product HTTP/1.0" 302 476 "-" "Mozilla/5.0 (compatible; SemrushBot/7~bl; +http://www.semrush.com/bot.html)"
62.210.188.218 - - [10/Aug/2021:19:13:23 +0200] "GET /meditation-cushion-yoga-bolster-black-p-45364.html HTTP/1.0" 200 74596 "-" "Mozilla/5.0 (compatible; Barkrowler/0.9; +https://babbar.tech/crawler)"
51.68.224.127 - - [10/Aug/2021:19:13:27 +0200] "GET /adminweb/export_orders_xml.php?token=256de2z6edz6ed2z6DFSFsed2zed6zeDSFDSGdzedezfzf&maxorders=10&orderstart=1&status=14&start_date=2018-10-01 HTTP/1.0" 200 285 "-" "GesCom CharlotteBoutik Serveur"
51.68.224.127 - - [10/Aug/2021:19:13:27 +0200] "GET /adminweb/export_orders_xml.php?token=256de2z6edz6ed2z6DFSFsed2zed6zeDSFDSGdzedezfzf&maxorders=10&orderstart=1&status=6&start_date=2018-10-01 HTTP/1.0" 200 28601 "-" "GesCom CharlotteBoutik Serveur"
62.210.188.218 - - [10/Aug/2021:19:13:37 +0200] "GET /senteurs-moroccan-ashtray-p-47859.html HTTP/1.0" 200 72814 "-" "Mozilla/5.0 (compatible; Barkrowler/0.9; +https://babbar.tech/crawler)"
54.36.148.242 - - [10/Aug/2021:19:13:42 +0200] "GET /back-black-acdc-zippo-lighter-p-51918.html HTTP/1.0" 200 73903 "-" "Mozilla/5.0 (compatible; AhrefsBot/7.0; +http://ahrefs.com/robot/)"
185.191.171.35 - - [10/Aug/2021:19:13:51 +0200] "GET /corset-black-shirt-p-30121.html?action=add_product HTTP/1.0" 302 476 "-" "Mozilla/5.0 (compatible; SemrushBot/7~bl; +http://www.semrush.com/bot.html)"
62.210.188.218 - - [10/Aug/2021:19:13:52 +0200] "GET /exotic-spirit-tray-tropical-flowers-p-49320.html HTTP/1.0" 200 73028 "-" "Mozilla/5.0 (compatible; Barkrowler/0.9; +https://babbar.tech/crawler)"
40.77.167.106 - - [10/Aug/2021:19:14:00 +0200] "GET /guardian-angel-statue-angel-baptism-p-51132.html HTTP/1.0" 200 73025 "-" "Mozilla/5.0 (compatible; bingbot/2.0; +http://www.bing.com/bingbot.htm)"
62.210.188.218 - - [10/Aug/2021:19:14:07 +0200] "GET /transportable-and-rechargeable-radio-p-52632.html HTTP/1.0" 301 73930 "-" "Mozilla/5.0 (compatible; Barkrowler/0.9; +https://babbar.tech/crawler)"
62.210.188.218 - - [10/Aug/2021:19:14:22 +0200] "GET /les-tits-mots-humour-butter-dish-p-42690.html HTTP/1.0" 301 70450 "-" "Mozilla/5.0 (compatible; Barkrowler/0.9; +https://babbar.tech/crawler)"
62.210.188.218 - - [10/Aug/2021:19:14:39 +0200] "GET /cats-by-dubout-large-bowl-p-40051.html HTTP/1.0" 301 72923 "-" "Mozilla/5.0 (compatible; Barkrowler/0.9; +https://babbar.tech/crawler)"
62.210.188.218 - - [10/Aug/2021:19:14:56 +0200] "GET /handy-manny-disney-night-light-p-24751.html HTTP/1.0" 200 73216 "-" "Mozilla/5.0 (compatible; Barkrowler/0.9; +https://babbar.tech/crawler)"
54.36.148.242 - - [10/Aug/2021:19:14:57 +0200] "GET /happy-colors-phone-cover-iphone-p-18969.html HTTP/1.0" 200 75650 "-" "Mozilla/5.0 (compatible; AhrefsBot/7.0; +http://ahrefs.com/robot/)"
185.191.171.19 - - [10/Aug/2021:19:15:02 +0200] "GET /ford-mustang-1967-metal-plate-p-52952.html HTTP/1.0" 200 72929 "-" "Mozilla/5.0 (compatible; SemrushBot/7~bl; +http://www.semrush.com/bot.html)"
62.210.188.218 - - [10/Aug/2021:19:15:11 +0200] "GET /cement-tile-stickers-15-15-cm-p-50328.html HTTP/1.0" 301 73235 "-" "Mozilla/5.0 (compatible; Barkrowler/0.9; +https://babbar.tech/crawler)"
185.191.171.36 - - [10/Aug/2021:19:15:25 +0200] "GET /pendulum-rose-quartz-drop-shaped-with-flower-life-p-43797.html?action=add_product HTTP/1.0" 302 476 "-" "Mozilla/5.0 (compatible; SemrushBot/7~bl; +http://www.semrush.com/bot.html)"
62.210.188.218 - - [10/Aug/2021:19:15:27 +0200] "GET /cement-tile-stickers-15-15-cm-p-50345.html HTTP/1.0" 301 73855 "-" "Mozilla/5.0 (compatible; Barkrowler/0.9; +https://babbar.tech/crawler)"
62.210.188.218 - - [10/Aug/2021:19:15:41 +0200] "GET /cement-tile-stickers-15-15-cm-p-50338.html HTTP/1.0" 301 73855 "-" "Mozilla/5.0 (compatible; Barkrowler/0.9; +https://babbar.tech/crawler)"
185.191.171.23 - - [10/Aug/2021:19:15:42 +0200] "GET /soup-bowl-with-spoon-p-45599.html?action=add_product HTTP/1.0" 302 476 "-" "Mozilla/5.0 (compatible; SemrushBot/7~bl; +http://www.semrush.com/bot.html)"
157.55.39.44 - - [10/Aug/2021:19:16:01 +0200] "GET /-p-18313.html HTTP/1.0" 200 70200 "-" "Mozilla/5.0 (compatible; bingbot/2.0; +http://www.bing.com/bingbot.htm)"
54.36.148.242 - - [10/Aug/2021:19:16:20 +0200] "GET /shower-curtain-p-50727.html HTTP/1.0" 200 73727 "-" "Mozilla/5.0 (compatible; AhrefsBot/7.0; +http://ahrefs.com/robot/)"
40.77.167.106 - - [10/Aug/2021:19:16:20 +0200] "GET /small-boxes-pill-c-13_150_154.html HTTP/1.0" 200 90095 "-" "Mozilla/5.0 (compatible; bingbot/2.0; +http://www.bing.com/bingbot.htm)"
216.244.66.242 - - [10/Aug/2021:19:16:32 +0200] "GET /clock-p-24301.html HTTP/1.0" 200 72832 "-" "Mozilla/5.0 (compatible; DotBot/1.2; +https://opensiteexplorer.org/dotbot; help@moz.com)"
