185.191.171.24 - - [11/Aug/2021:00:47:15 +0200] "GET /black-ball-p-54492.html?action=add_product HTTP/1.0" 302 476 "-" "Mozilla/5.0 (compatible; SemrushBot/7~bl; +http://www.semrush.com/bot.html)"
66.249.93.24 - - [11/Aug/2021:00:47:18 +0200] "GET /images/big_prod_1/22888a.jpg HTTP/1.0" 200 263 "-" "Mozilla/5.0 (Windows NT 5.1; rv:11.0) Gecko Firefox/11.0 (via ggpht.com GoogleImageProxy)"
81.109.42.231 - - [11/Aug/2021:00:47:19 +0200] "GET /japanese-blue-cast-iron-teapot-liter-p-54891.html HTTP/1.0" 200 73753 "-" "Mozilla/5.0 (Macintosh; Intel Mac OS X 10_15_7) AppleWebKit/605.1.15 (KHTML, like Gecko) Version/14.1.1 Safari/605.1.15"
81.109.42.231 - - [11/Aug/2021:00:47:20 +0200] "GET /templates/Pixame_v1/stylesheet.css HTTP/1.0" 200 267 "http://www.wonder-geek.com/japanese-blue-cast-iron-teapot-liter-p-54891.html" "Mozilla/5.0 (Macintosh; Intel Mac OS X 10_15_7) AppleWebKit/605.1.15 (KHTML, like Gecko) Version/14.1.1 Safari/605.1.15"
81.109.42.231 - - [11/Aug/2021:00:47:20 +0200] "GET /highslide/highslide.js HTTP/1.0" 200 262 "http://www.wonder-geek.com/japanese-blue-cast-iron-teapot-liter-p-54891.html" "Mozilla/5.0 (Macintosh; Intel Mac OS X 10_15_7) AppleWebKit/605.1.15 (KHTML, like Gecko) Version/14.1.1 Safari/605.1.15"
81.109.42.231 - - [11/Aug/2021:00:47:20 +0200] "GET /js/jquery.js HTTP/1.0" 200 252 "http://www.wonder-geek.com/japanese-blue-cast-iron-teapot-liter-p-54891.html" "Mozilla/5.0 (Macintosh; Intel Mac OS X 10_15_7) AppleWebKit/605.1.15 (KHTML, like Gecko) Version/14.1.1 Safari/605.1.15"
81.109.42.231 - - [11/Aug/2021:00:47:20 +0200] "GET /mondial_relay/js/jquery-1.3.2.min.js HTTP/1.0" 200 276 "http://www.wonder-geek.com/japanese-blue-cast-iron-teapot-liter-p-54891.html" "Mozilla/5.0 (Macintosh; Intel Mac OS X 10_15_7) AppleWebKit/605.1.15 (KHTML, like Gecko) Version/14.1.1 Safari/605.1.15"
81.109.42.231 - - [11/Aug/2021:00:47:20 +0200] "GET /js/jquery.jqzoom.js HTTP/1.0" 200 259 "http://www.wonder-geek.com/japanese-blue-cast-iron-teapot-liter-p-54891.html" "Mozilla/5.0 (Macintosh; Intel Mac OS X 10_15_7) AppleWebKit/605.1.15 (KHTML, like Gecko) Version/14.1.1 Safari/605.1.15"
81.109.42.231 - - [11/Aug/2021:00:47:21 +0200] "GET /swfobject.js HTTP/1.0" 404 1308 "http://www.wonder-geek.com/japanese-blue-cast-iron-teapot-liter-p-54891.html" "Mozilla/5.0 (Macintosh; Intel Mac OS X 10_15_7) AppleWebKit/605.1.15 (KHTML, like Gecko) Version/14.1.1 Safari/605.1.15"
81.109.42.231 - - [11/Aug/2021:00:47:21 +0200] "GET /templates/Pixame_v1/images/icon_accueil2.png HTTP/1.0" 200 278 "http://www.wonder-geek.com/japanese-blue-cast-iron-teapot-liter-p-54891.html" "Mozilla/5.0 (Macintosh; Intel Mac OS X 10_15_7) AppleWebKit/605.1.15 (KHTML, like Gecko) Version/14.1.1 Safari/605.1.15"
81.109.42.231 - - [11/Aug/2021:00:47:21 +0200] "GET /templates/Pixame_v1/images/infobox/pixel_trans.gif HTTP/1.0" 200 328 "http://www.wonder-geek.com/japanese-blue-cast-iron-teapot-liter-p-54891.html" "Mozilla/5.0 (Macintosh; Intel Mac OS X 10_15_7) AppleWebKit/605.1.15 (KHTML, like Gecko) Version/14.1.1 Safari/605.1.15"
81.109.42.231 - - [11/Aug/2021:00:47:21 +0200] "GET /images/pixel_trans.gif HTTP/1.0" 200 328 "http://www.wonder-geek.com/japanese-blue-cast-iron-teapot-liter-p-54891.html" "Mozilla/5.0 (Macintosh; Intel Mac OS X 10_15_7) AppleWebKit/605.1.15 (KHTML, like Gecko) Version/14.1.1 Safari/605.1.15"
81.109.42.231 - - [11/Aug/2021:00:47:21 +0200] "GET /templates/Pixame_v1/images/pixel_trans.gif HTTP/1.0" 200 328 "http://www.wonder-geek.com/japanese-blue-cast-iron-teapot-liter-p-54891.html" "Mozilla/5.0 (Macintosh; Intel Mac OS X 10_15_7) AppleWebKit/605.1.15 (KHTML, like Gecko) Version/14.1.1 Safari/605.1.15"
81.109.42.231 - - [11/Aug/2021:00:47:21 +0200] "GET /images/big_prod/22888signes.jpg HTTP/1.0" 200 266 "http://www.wonder-geek.com/japanese-blue-cast-iron-teapot-liter-p-54891.html" "Mozilla/5.0 (Macintosh; Intel Mac OS X 10_15_7) AppleWebKit/605.1.15 (KHTML, like Gecko) Version/14.1.1 Safari/605.1.15"
81.109.42.231 - - [11/Aug/2021:00:47:21 +0200] "GET /images/big_prod_1/22888a.jpg HTTP/1.0" 200 263 "http://www.wonder-geek.com/japanese-blue-cast-iron-teapot-liter-p-54891.html" "Mozilla/5.0 (Macintosh; Intel Mac OS X 10_15_7) AppleWebKit/605.1.15 (KHTML, like Gecko) Version/14.1.1 Safari/605.1.15"
81.109.42.231 - - [11/Aug/2021:00:47:22 +0200] "GET /templates/Pixame_v1/images/buttons/english/button_in_cart.gif HTTP/1.0" 200 295 "http://www.wonder-geek.com/japanese-blue-cast-iron-teapot-liter-p-54891.html" "Mozilla/5.0 (Macintosh; Intel Mac OS X 10_15_7) AppleWebKit/605.1.15 (KHTML, like Gecko) Version/14.1.1 Safari/605.1.15"
81.109.42.231 - - [11/Aug/2021:00:47:22 +0200] "GET /templates/Pixame_v1/images/Bottom_texture.jpg HTTP/1.0" 200 280 "http://www.wonder-geek.com/japanese-blue-cast-iron-teapot-liter-p-54891.html" "Mozilla/5.0 (Macintosh; Intel Mac OS X 10_15_7) AppleWebKit/605.1.15 (KHTML, like Gecko) Version/14.1.1 Safari/605.1.15"
81.109.42.231 - - [11/Aug/2021:00:47:22 +0200] "GET /templates/Pixame_v1/images/Middle_texture.jpg HTTP/1.0" 200 280 "http://www.wonder-geek.com/japanese-blue-cast-iron-teapot-liter-p-54891.html" "Mozilla/5.0 (Macintosh; Intel Mac OS X 10_15_7) AppleWebKit/605.1.15 (KHTML, like Gecko) Version/14.1.1 Safari/605.1.15"
81.109.42.231 - - [11/Aug/2021:00:47:23 +0200] "GET /templates/Pixame_v1/images/header.png HTTP/1.0" 200 271 "http://www.wonder-geek.com/japanese-blue-cast-iron-teapot-liter-p-54891.html" "Mozilla/5.0 (Macintosh; Intel Mac OS X 10_15_7) AppleWebKit/605.1.15 (KHTML, like Gecko) Version/14.1.1 Safari/605.1.15"
81.109.42.231 - - [11/Aug/2021:00:47:24 +0200] "GET /templates/Pixame_v1/images/nav.png HTTP/1.0" 200 268 "http://www.wonder-geek.com/japanese-blue-cast-iron-teapot-liter-p-54891.html" "Mozilla/5.0 (Macintosh; Intel Mac OS X 10_15_7) AppleWebKit/605.1.15 (KHTML, like Gecko) Version/14.1.1 Safari/605.1.15"
64.62.252.176 - - [11/Aug/2021:00:47:26 +0200] "GET /scented-candles-novenas-c-231_227.html?page=7 HTTP/1.0" 200 93789 "-" "The Knowledge AI"
207.46.13.127 - - [11/Aug/2021:00:47:33 +0200] "GET /caps-scarfs-adults-c-53_138.html HTTP/1.0" 200 87422 "-" "Mozilla/5.0 (compatible; bingbot/2.0; +http://www.bing.com/bingbot.htm)"
81.109.42.231 - - [11/Aug/2021:00:47:35 +0200] "GET /templates/Pixame_v1/images/header-object.png HTTP/1.0" 200 278 "http://www.wonder-geek.com/japanese-blue-cast-iron-teapot-liter-p-54891.html" "Mozilla/5.0 (Macintosh; Intel Mac OS X 10_15_7) AppleWebKit/605.1.15 (KHTML, like Gecko) Version/14.1.1 Safari/605.1.15"
81.109.42.231 - - [11/Aug/2021:00:47:36 +0200] "GET /design/productsenstock.png HTTP/1.0" 200 260 "http://www.wonder-geek.com/japanese-blue-cast-iron-teapot-liter-p-54891.html" "Mozilla/5.0 (Macintosh; Intel Mac OS X 10_15_7) AppleWebKit/605.1.15 (KHTML, like Gecko) Version/14.1.1 Safari/605.1.15"
81.109.42.231 - - [11/Aug/2021:00:47:37 +0200] "GET /templates/Pixame_v1/images/infobox/infobox_footer_middle.gif HTTP/1.0" 200 357 "http://www.wonder-geek.com/japanese-blue-cast-iron-teapot-liter-p-54891.html" "Mozilla/5.0 (Macintosh; Intel Mac OS X 10_15_7) AppleWebKit/605.1.15 (KHTML, like Gecko) Version/14.1.1 Safari/605.1.15"
81.109.42.231 - - [11/Aug/2021:00:47:37 +0200] "GET /highslide/graphics/zoomin.cur HTTP/1.0" 200 614 "http://www.wonder-geek.com/japanese-blue-cast-iron-teapot-liter-p-54891.html" "Mozilla/5.0 (Macintosh; Intel Mac OS X 10_15_7) AppleWebKit/605.1.15 (KHTML, like Gecko) Version/14.1.1 Safari/605.1.15"
64.62.252.176 - - [11/Aug/2021:00:47:42 +0200] "GET /scented-candles-novenas-c-231_227.html?page=8 HTTP/1.0" 200 93790 "-" "The Knowledge AI"
81.109.42.231 - - [11/Aug/2021:00:47:45 +0200] "GET /highslide/graphics/outlines/drop-shadow.png HTTP/1.0" 200 277 "http://www.wonder-geek.com/japanese-blue-cast-iron-teapot-liter-p-54891.html" "Mozilla/5.0 (Macintosh; Intel Mac OS X 10_15_7) AppleWebKit/605.1.15 (KHTML, like Gecko) Version/14.1.1 Safari/605.1.15"
81.109.42.231 - - [11/Aug/2021:00:47:45 +0200] "GET /highslide/graphics/zoomout.cur HTTP/1.0" 200 614 "http://www.wonder-geek.com/japanese-blue-cast-iron-teapot-liter-p-54891.html" "Mozilla/5.0 (Macintosh; Intel Mac OS X 10_15_7) AppleWebKit/605.1.15 (KHTML, like Gecko) Version/14.1.1 Safari/605.1.15"
81.109.42.231 - - [11/Aug/2021:00:47:45 +0200] "GET /highslide/graphics/loader.white.gif HTTP/1.0" 200 960 "http://www.wonder-geek.com/japanese-blue-cast-iron-teapot-liter-p-54891.html" "Mozilla/5.0 (Macintosh; Intel Mac OS X 10_15_7) AppleWebKit/605.1.15 (KHTML, like Gecko) Version/14.1.1 Safari/605.1.15"
81.109.42.231 - - [11/Aug/2021:00:47:45 +0200] "GET /favicon.ico HTTP/1.0" 200 260 "http://www.wonder-geek.com/japanese-blue-cast-iron-teapot-liter-p-54891.html" "Mozilla/5.0 (Macintosh; Intel Mac OS X 10_15_7) AppleWebKit/605.1.15 (KHTML, like Gecko) Version/14.1.1 Safari/605.1.15"
216.244.66.242 - - [11/Aug/2021:00:47:48 +0200] "GET /small-box-for-baby-teeth-p-53344.html HTTP/1.0" 301 73032 "-" "Mozilla/5.0 (compatible; DotBot/1.2; +https://opensiteexplorer.org/dotbot; help@moz.com)"
64.62.252.176 - - [11/Aug/2021:00:47:57 +0200] "GET /scented-candles-novenas-c-231_227.html?page=9 HTTP/1.0" 200 94086 "-" "The Knowledge AI"
54.36.148.242 - - [11/Aug/2021:00:48:06 +0200] "GET /vintage-clock-victorian-station-p-32123.html HTTP/1.0" 200 73044 "-" "Mozilla/5.0 (compatible; AhrefsBot/7.0; +http://ahrefs.com/robot/)"
35.237.42.19 - - [11/Aug/2021:00:48:12 +0200] "GET /with-infuser-c-12_221.html HTTP/1.0" 200 90839 "-" "ZoominfoBot (zoominfobot at zoominfo dot com)"
64.62.252.176 - - [11/Aug/2021:00:48:13 +0200] "GET /scented-candles-novenas-c-231_227.html?page=10 HTTP/1.0" 200 94019 "-" "The Knowledge AI"
66.249.66.216 - - [11/Aug/2021:00:48:18 +0200] "GET /cats-dubout-metal-plate-p-30397.html HTTP/1.0" 200 72930 "-" "Mozilla/5.0 (compatible; Googlebot/2.1; +http://www.google.com/bot.html)"
207.46.13.127 - - [11/Aug/2021:00:48:24 +0200] "GET /-p-38385.html HTTP/1.0" 200 70200 "-" "Mozilla/5.0 (compatible; bingbot/2.0; +http://www.bing.com/bingbot.htm)"
64.62.252.176 - - [11/Aug/2021:00:48:30 +0200] "GET /scented-candles-novenas-c-231_227.html?page=11 HTTP/1.0" 200 94369 "-" "The Knowledge AI"
64.62.252.176 - - [11/Aug/2021:00:48:46 +0200] "GET /tinted-candle-mass-purple-color-p-48930.html HTTP/1.0" 200 72661 "-" "The Knowledge AI"
111.225.148.226 - - [11/Aug/2021:00:48:48 +0200] "GET /lamp-spirit-charger-p-34692.html HTTP/1.0" 200 72919 "-" "Mozilla/5.0 (Linux; Android 5.0) AppleWebKit/537.36 (KHTML, like Gecko) Mobile Safari/537.36 (compatible; Bytespider; https://zhanzhang.toutiao.com/)"
111.225.148.213 - - [11/Aug/2021:00:48:49 +0200] "GET /swfobject.js HTTP/1.0" 404 1308 "http://www.wonder-geek.com/lamp-spirit-charger-p-34692.html" "Mozilla/5.0 (Linux; Android 5.0) AppleWebKit/537.36 (KHTML, like Gecko) Mobile Safari/537.36 (compatible; Bytespider; https://zhanzhang.toutiao.com/)"
111.225.148.216 - - [11/Aug/2021:00:48:50 +0200] "GET /highslide/graphics/zoomout.cur HTTP/1.0" 200 614 "http://www.wonder-geek.com/lamp-spirit-charger-p-34692.html" "Mozilla/5.0 (Linux; Android 5.0) AppleWebKit/537.36 (KHTML, like Gecko) Mobile Safari/537.36 (compatible; Bytespider; https://zhanzhang.toutiao.com/)"
111.225.148.210 - - [11/Aug/2021:00:48:50 +0200] "GET /images/med_prod/5415203623164.jpg HTTP/1.0" 200 268 "http://www.wonder-geek.com/lamp-spirit-charger-p-34692.html" "Mozilla/5.0 (Linux; Android 5.0) AppleWebKit/537.36 (KHTML, like Gecko) Mobile Safari/537.36 (compatible; Bytespider; https://zhanzhang.toutiao.com/)"
185.191.171.42 - - [11/Aug/2021:00:48:57 +0200] "GET /barbapapa-pink-kids-school-p-14471.html?action=add_product HTTP/1.0" 302 476 "-" "Mozilla/5.0 (compatible; SemrushBot/7~bl; +http://www.semrush.com/bot.html)"
64.62.252.176 - - [11/Aug/2021:00:49:01 +0200] "GET /tinted-candle-mass-p-48912.html HTTP/1.0" 200 72875 "-" "The Knowledge AI"
157.55.39.51 - - [11/Aug/2021:00:49:16 +0200] "GET /top-model-brush-p-37164.html HTTP/1.0" 301 70336 "-" "Mozilla/5.0 (compatible; bingbot/2.0; +http://www.bing.com/bingbot.htm)"
64.62.252.176 - - [11/Aug/2021:00:49:18 +0200] "GET /tealight-holders-candle-holders-c-231_230.html?page=2 HTTP/1.0" 200 93224 "-" "The Knowledge AI"
157.55.39.51 - - [11/Aug/2021:00:49:18 +0200] "GET /-p-13602.html HTTP/1.0" 200 70200 "-" "Mozilla/5.0 (compatible; bingbot/2.0; +http://www.bing.com/bingbot.htm)"
207.46.13.175 - - [11/Aug/2021:00:49:20 +0200] "GET /littlest-petshop-backpack-p-6365.html HTTP/1.0" 200 73112 "-" "Mozilla/5.0 (compatible; bingbot/2.0; +http://www.bing.com/bingbot.htm)"
54.36.148.107 - - [11/Aug/2021:00:49:21 +0200] "GET /decorative-statuette-monkeys-of-wisdom-orange-30-cm-p-52735.html HTTP/1.0" 301 73901 "-" "Mozilla/5.0 (compatible; AhrefsBot/7.0; +http://ahrefs.com/robot/)"
185.191.171.24 - - [11/Aug/2021:00:49:23 +0200] "GET /jasmin-large-cabas-jasmine-p-44159.html?action=add_product HTTP/1.0" 302 476 "-" "Mozilla/5.0 (compatible; SemrushBot/7~bl; +http://www.semrush.com/bot.html)"
207.46.13.175 - - [11/Aug/2021:00:49:30 +0200] "GET /-p-24011.html HTTP/1.0" 200 70200 "-" "Mozilla/5.0 (compatible; bingbot/2.0; +http://www.bing.com/bingbot.htm)"
64.62.252.176 - - [11/Aug/2021:00:49:34 +0200] "GET /tealight-holders-candle-holders-c-231_230.html?page=3 HTTP/1.0" 200 93127 "-" "The Knowledge AI"
54.36.148.242 - - [11/Aug/2021:00:49:36 +0200] "GET /headrest-cushion-emeraude-p-51963.html HTTP/1.0" 200 73519 "-" "Mozilla/5.0 (compatible; AhrefsBot/7.0; +http://ahrefs.com/robot/)"
157.55.39.44 - - [11/Aug/2021:00:49:41 +0200] "GET /calm-serenity-large-lamp-p-35764.html HTTP/1.0" 200 72872 "-" "Mozilla/5.0 (compatible; bingbot/2.0; +http://www.bing.com/bingbot.htm)"
66.249.66.218 - - [11/Aug/2021:00:49:51 +0200] "GET /betty-boop-ashtray-p-15468.html HTTP/1.0" 200 72747 "-" "Mozilla/5.0 (compatible; Googlebot/2.1; +http://www.google.com/bot.html)"
64.62.252.176 - - [11/Aug/2021:00:49:51 +0200] "GET /tealight-holders-candle-holders-c-231_230.html?page=4 HTTP/1.0" 200 92546 "-" "The Knowledge AI"
35.237.42.19 - - [11/Aug/2021:00:49:54 +0200] "GET /dishes-dishes-c-12_251.html HTTP/1.0" 200 89417 "-" "ZoominfoBot (zoominfobot at zoominfo dot com)"
216.244.66.242 - - [11/Aug/2021:00:49:56 +0200] "GET /circles-openwork-red-velvet-table-lamp-63-cm-p-49890.html HTTP/1.0" 301 73052 "-" "Mozilla/5.0 (compatible; DotBot/1.2; +https://opensiteexplorer.org/dotbot; help@moz.com)"
64.62.252.176 - - [11/Aug/2021:00:50:06 +0200] "GET /tealight-holders-candle-holders-c-231_230.html?page=5 HTTP/1.0" 200 92449 "-" "The Knowledge AI"
103.12.151.6 - - [11/Aug/2021:00:50:15 +0200] "GET /contact_us.php HTTP/1.0" 200 26241 "http://www.wonder-geek.com/contact_us.php" "Mozilla/5.0 (Windows NT 6.1; Win64; x64) AppleWebKit/537.36 (KHTML, like Gecko) Chrome/83.0.4103.24 Safari/537.36 Edg/83.0.478.18"
66.249.66.218 - - [11/Aug/2021:00:50:17 +0200] "GET /vronse-body-talk-resin-statuette-naked-p-54715.html HTTP/1.0" 200 74044 "-" "Mozilla/5.0 (Linux; Android 6.0.1; Nexus 5X Build/MMB29P) AppleWebKit/537.36 (KHTML, like Gecko) Chrome/92.0.4515.119 Mobile Safari/537.36 (compatible; Googlebot/2.1; +http://www.google.com/bot.html)"
64.62.252.176 - - [11/Aug/2021:00:50:21 +0200] "GET /tealight-holders-candle-holders-c-231_230.html?page=6 HTTP/1.0" 200 92312 "-" "The Knowledge AI"
103.12.151.6 - - [11/Aug/2021:00:50:23 +0200] "POST /contact_us.php?action=send HTTP/1.0" 200 26486 "http://www.wonder-geek.com/contact_us.php" "Mozilla/5.0 (Windows NT 6.1; Win64; x64) AppleWebKit/537.36 (KHTML, like Gecko) Chrome/83.0.4103.24 Safari/537.36 Edg/83.0.478.18"
64.62.252.176 - - [11/Aug/2021:00:50:37 +0200] "GET /tealight-holders-candle-holders-c-231_230.html?page=7 HTTP/1.0" 200 80941 "-" "The Knowledge AI"
64.62.252.176 - - [11/Aug/2021:00:50:54 +0200] "GET /heart-home-votive-holder-p-53431.html HTTP/1.0" 200 72912 "-" "The Knowledge AI"
54.36.148.242 - - [11/Aug/2021:00:50:59 +0200] "GET /ninja-turtles-large-sticker-p-27890.html HTTP/1.0" 200 72903 "-" "Mozilla/5.0 (compatible; AhrefsBot/7.0; +http://ahrefs.com/robot/)"
185.191.171.42 - - [11/Aug/2021:00:51:06 +0200] "GET /degas-etoile-make-up-pencil-case-made-in-france-p-47450.html HTTP/1.0" 301 73991 "-" "Mozilla/5.0 (compatible; SemrushBot/7~bl; +http://www.semrush.com/bot.html)"
64.62.252.176 - - [11/Aug/2021:00:51:07 +0200] "GET /candle-light-holder-wicca-fairy-p-45034.html HTTP/1.0" 200 73635 "-" "The Knowledge AI"
185.191.171.10 - - [11/Aug/2021:00:51:08 +0200] "GET /degas-etoile-make-pencil-case-made-france-p-47450.html HTTP/1.0" 200 73883 "-" "Mozilla/5.0 (compatible; SemrushBot/7~bl; +http://www.semrush.com/bot.html)"
207.46.13.127 - - [11/Aug/2021:00:51:15 +0200] "GET /guevara-hasta-victoria-siempre-zippo-lighter-p-37645.html HTTP/1.0" 200 73492 "-" "Mozilla/5.0 (compatible; bingbot/2.0; +http://www.bing.com/bingbot.htm)"
157.55.39.5 - - [11/Aug/2021:00:51:19 +0200] "GET / HTTP/1.0" 200 150726 "-" "Mozilla/5.0 (compatible; bingbot/2.0; +http://www.bing.com/bingbot.htm)"
17.121.112.108 - - [11/Aug/2021:00:51:23 +0200] "GET /carved-chest-mango-wood-malle-p-45996.html HTTP/1.0" 200 70304 "-" "Mozilla/5.0 (Macintosh; Intel Mac OS X 10_15_5) AppleWebKit/605.1.15 (KHTML, like Gecko) Version/13.1.1 Safari/605.1.15 (Applebot/0.1; +http://www.apple.com/go/applebot)"
64.62.252.176 - - [11/Aug/2021:00:51:34 +0200] "GET /glass-votive-candles-holder-arrows-p-42177.html HTTP/1.0" 200 73027 "-" "The Knowledge AI"
64.62.252.176 - - [11/Aug/2021:00:51:49 +0200] "GET /glass-votive-candles-holder-feather-with-love-p-42176.html HTTP/1.0" 200 73114 "-" "The Knowledge AI"
54.36.148.143 - - [11/Aug/2021:00:51:57 +0200] "GET /plus-plus-600-pieces-neon-set-p-19755.html HTTP/1.0" 301 70267 "-" "Mozilla/5.0 (compatible; AhrefsBot/7.0; +http://ahrefs.com/robot/)"
64.62.252.176 - - [11/Aug/2021:00:52:05 +0200] "GET /glass-votive-candles-holder-silver-feather-p-42175.html HTTP/1.0" 200 73135 "-" "The Knowledge AI"
64.62.252.176 - - [11/Aug/2021:00:52:20 +0200] "GET /glass-votive-holder-gold-p-42646.html HTTP/1.0" 200 73035 "-" "The Knowledge AI"
54.36.148.242 - - [11/Aug/2021:00:52:26 +0200] "GET /cats-dubout-dish-p-40058.html HTTP/1.0" 200 72808 "-" "Mozilla/5.0 (compatible; AhrefsBot/7.0; +http://ahrefs.com/robot/)"
66.249.66.218 - - [11/Aug/2021:00:52:31 +0200] "GET /cats-dubout-metal-plate-p-30394.html HTTP/1.0" 200 72903 "-" "Mozilla/5.0 (compatible; Googlebot/2.1; +http://www.google.com/bot.html)"
64.62.252.176 - - [11/Aug/2021:00:52:34 +0200] "GET /resin-buddha-candle-holder-p-50121.html HTTP/1.0" 200 73704 "-" "The Knowledge AI"
40.77.167.106 - - [11/Aug/2021:00:52:41 +0200] "GET /small-white-cushion-with-personalized-picture-p-16257.html HTTP/1.0" 200 73491 "-" "Mozilla/5.0 (compatible; bingbot/2.0; +http://www.bing.com/bingbot.htm)"
64.62.252.176 - - [11/Aug/2021:00:52:49 +0200] "GET /candle-holder-crown-chakra-p-48643.html HTTP/1.0" 200 72952 "-" "The Knowledge AI"
157.55.39.5 - - [11/Aug/2021:00:53:00 +0200] "GET /candle-holder-crown-chakra-p-48643.html HTTP/1.0" 200 72952 "-" "Mozilla/5.0 (compatible; bingbot/2.0; +http://www.bing.com/bingbot.htm)"
64.62.252.176 - - [11/Aug/2021:00:53:03 +0200] "GET /candle-holder-flower-life-p-48490.html HTTP/1.0" 200 72962 "-" "The Knowledge AI"
157.55.39.44 - - [11/Aug/2021:00:53:11 +0200] "GET /marseille-little-tray-p-47718.html HTTP/1.0" 200 72923 "-" "Mozilla/5.0 (compatible; bingbot/2.0; +http://www.bing.com/bingbot.htm)"
157.55.39.44 - - [11/Aug/2021:00:53:14 +0200] "GET /batman-polar-blanket-p-31997.html HTTP/1.0" 200 73006 "-" "Mozilla/5.0 (compatible; bingbot/2.0; +http://www.bing.com/bingbot.htm)"
64.62.252.176 - - [11/Aug/2021:00:53:16 +0200] "GET /lotus-candle-holder-glass-p-42826.html HTTP/1.0" 200 73980 "-" "The Knowledge AI"
64.62.252.176 - - [11/Aug/2021:00:53:30 +0200] "GET /lotus-candle-holder-glass-p-42827.html HTTP/1.0" 200 73980 "-" "The Knowledge AI"
185.191.171.14 - - [11/Aug/2021:00:53:36 +0200] "GET /rectangular-kitchen-linen-cotton-p-45481.html?action=add_product HTTP/1.0" 302 476 "-" "Mozilla/5.0 (compatible; SemrushBot/7~bl; +http://www.semrush.com/bot.html)"
64.62.252.176 - - [11/Aug/2021:00:53:45 +0200] "GET /lotus-candle-holder-glass-p-42828.html HTTP/1.0" 200 73980 "-" "The Knowledge AI"
40.77.167.106 - - [11/Aug/2021:00:53:51 +0200] "GET /-p-8473.html HTTP/1.0" 200 70198 "-" "Mozilla/5.0 (compatible; bingbot/2.0; +http://www.bing.com/bingbot.htm)"
54.36.148.242 - - [11/Aug/2021:00:53:53 +0200] "GET /jasmin-large-round-melamine-plate-p-37912.html HTTP/1.0" 200 72927 "-" "Mozilla/5.0 (compatible; AhrefsBot/7.0; +http://ahrefs.com/robot/)"
207.46.13.101 - - [11/Aug/2021:00:53:55 +0200] "GET /-p-17914.html HTTP/1.0" 200 70200 "-" "Mozilla/5.0 (compatible; bingbot/2.0; +http://www.bing.com/bingbot.htm)"
64.62.252.176 - - [11/Aug/2021:00:54:00 +0200] "GET /lotus-candle-holder-glass-p-42829.html HTTP/1.0" 200 73980 "-" "The Knowledge AI"
64.62.252.176 - - [11/Aug/2021:00:54:14 +0200] "GET /lotus-candle-holder-glass-p-42830.html HTTP/1.0" 200 73980 "-" "The Knowledge AI"
64.62.252.176 - - [11/Aug/2021:00:54:30 +0200] "GET /lotus-candle-holder-glass-p-42831.html HTTP/1.0" 200 74009 "-" "The Knowledge AI"
157.55.39.122 - - [11/Aug/2021:00:54:38 +0200] "GET /dubout-cats-white-ceramic-plate-p-41049.html HTTP/1.0" 200 70314 "-" "Mozilla/5.0 (compatible; bingbot/2.0; +http://www.bing.com/bingbot.htm)"
64.62.252.176 - - [11/Aug/2021:00:54:45 +0200] "GET /lotus-candle-holder-glass-p-42832.html HTTP/1.0" 200 74009 "-" "The Knowledge AI"
66.249.66.218 - - [11/Aug/2021:00:54:52 +0200] "GET /cappuccino-retro-deco-thermometer-p-27630.html HTTP/1.0" 200 72992 "-" "Mozilla/5.0 (compatible; Googlebot/2.1; +http://www.google.com/bot.html)"
207.46.13.127 - - [11/Aug/2021:00:54:54 +0200] "GET /frozen-elsa-anna-jewelry-p-37026.html HTTP/1.0" 200 73768 "-" "Mozilla/5.0 (compatible; bingbot/2.0; +http://www.bing.com/bingbot.htm)"
64.62.252.176 - - [11/Aug/2021:00:55:00 +0200] "GET /glass-votive-holder-heart-home-metallic-blue-p-39903.html HTTP/1.0" 200 74053 "-" "The Knowledge AI"
185.191.171.33 - - [11/Aug/2021:00:55:13 +0200] "GET /wooden-box-hand-of-fatima-wood-blue-aged-and-brass-255-cm-p-46079.html HTTP/1.0" 301 74267 "-" "Mozilla/5.0 (compatible; SemrushBot/7~bl; +http://www.semrush.com/bot.html)"
64.62.252.176 - - [11/Aug/2021:00:55:14 +0200] "GET /glass-votive-holder-heart-home-metallic-pink-p-39904.html HTTP/1.0" 200 74053 "-" "The Knowledge AI"
207.46.13.39 - - [11/Aug/2021:00:55:15 +0200] "GET /small-moto-guzzi-metal-collection-plate-p-35026.html HTTP/1.0" 200 73393 "-" "Mozilla/5.0 (compatible; bingbot/2.0; +http://www.bing.com/bingbot.htm)"
185.191.171.13 - - [11/Aug/2021:00:55:15 +0200] "GET /wooden-hand-fatima-wood-blue-aged-brass-p-46079.html HTTP/1.0" 200 74161 "-" "Mozilla/5.0 (compatible; SemrushBot/7~bl; +http://www.semrush.com/bot.html)"
54.36.148.242 - - [11/Aug/2021:00:55:15 +0200] "GET /pencil-cbkreation-p-43449.html HTTP/1.0" 200 72831 "-" "Mozilla/5.0 (compatible; AhrefsBot/7.0; +http://ahrefs.com/robot/)"
40.77.167.106 - - [11/Aug/2021:00:55:20 +0200] "GET /-p-27872.html HTTP/1.0" 200 70200 "-" "Mozilla/5.0 (compatible; bingbot/2.0; +http://www.bing.com/bingbot.htm)"
207.46.13.175 - - [11/Aug/2021:00:55:25 +0200] "GET /-p-10531.html HTTP/1.0" 200 70200 "-" "Mozilla/5.0 (compatible; bingbot/2.0; +http://www.bing.com/bingbot.htm)"
64.62.252.176 - - [11/Aug/2021:00:55:30 +0200] "GET /glass-votive-holder-heart-home-metallic-yellow-p-39905.html HTTP/1.0" 200 74073 "-" "The Knowledge AI"
54.36.148.68 - - [11/Aug/2021:00:55:33 +0200] "GET /box-good-point-c-13_150_151.html HTTP/1.0" 301 79432 "-" "Mozilla/5.0 (compatible; AhrefsBot/7.0; +http://ahrefs.com/robot/)"
64.62.252.176 - - [11/Aug/2021:00:55:44 +0200] "GET /hand-fatima-candle-holder-p-48032.html HTTP/1.0" 200 72959 "-" "The Knowledge AI"
185.191.171.4 - - [11/Aug/2021:00:55:45 +0200] "GET /flowers-boho-p-50800.html HTTP/1.0" 200 73446 "-" "Mozilla/5.0 (compatible; SemrushBot/7~bl; +http://www.semrush.com/bot.html)"
157.55.39.5 - - [11/Aug/2021:00:55:50 +0200] "GET /-p-31670.html HTTP/1.0" 200 70200 "-" "Mozilla/5.0 (compatible; bingbot/2.0; +http://www.bing.com/bingbot.htm)"
64.62.252.176 - - [11/Aug/2021:00:55:59 +0200] "GET /home-decoration-c-13.html?page=2 HTTP/1.0" 200 91753 "-" "The Knowledge AI"
207.46.13.101 - - [11/Aug/2021:00:56:12 +0200] "GET /triskel-wooden-decoration-clip-p-46490.html HTTP/1.0" 200 70310 "-" "Mozilla/5.0 (compatible; bingbot/2.0; +http://www.bing.com/bingbot.htm)"
66.249.66.218 - - [11/Aug/2021:00:56:17 +0200] "GET /retro-sugar-matte-black-metal-p-37706.html HTTP/1.0" 200 73019 "-" "Mozilla/5.0 (compatible; Googlebot/2.1; +http://www.google.com/bot.html)"
64.62.252.176 - - [11/Aug/2021:00:56:17 +0200] "GET /home-decoration-c-13.html?page=3 HTTP/1.0" 200 91393 "-" "The Knowledge AI"
64.62.252.176 - - [11/Aug/2021:00:56:33 +0200] "GET /home-decoration-c-13.html?page=4 HTTP/1.0" 200 91806 "-" "The Knowledge AI"
207.46.13.175 - - [11/Aug/2021:00:56:41 +0200] "GET /harley-davidson-lighter-p-41025.html HTTP/1.0" 200 73284 "-" "Mozilla/5.0 (compatible; bingbot/2.0; +http://www.bing.com/bingbot.htm)"
54.36.148.242 - - [11/Aug/2021:00:56:42 +0200] "GET /furnishings-c-13_87.html?page=1 HTTP/1.0" 200 90671 "-" "Mozilla/5.0 (compatible; AhrefsBot/7.0; +http://ahrefs.com/robot/)"
64.62.252.176 - - [11/Aug/2021:00:56:48 +0200] "GET /home-decoration-c-13.html?page=5 HTTP/1.0" 200 91841 "-" "The Knowledge AI"
52.146.59.12 - - [11/Aug/2021:00:56:50 +0200] "GET /images/med_prod/8435306285783.jpg HTTP/1.0" 200 268 "-" "DuckDuckBot/1.1; (+http://duckduckgo.com/duckduckbot.html)"
121.100.16.171 - - [11/Aug/2021:00:56:51 +0200] "GET /contact_us.php HTTP/1.0" 200 26241 "http://www.wonder-geek.com/contact_us.php" "Mozilla/5.0 (Windows NT 10.0; Win64; x64) AppleWebKit/537.36 (KHTML, like Gecko) Chrome/83.0.4100.3 Safari/537.36"
52.146.59.12 - - [11/Aug/2021:00:56:52 +0200] "GET /images/med_prod/8435306285295.jpg HTTP/1.0" 200 268 "-" "DuckDuckBot/1.1; (+http://duckduckgo.com/duckduckbot.html)"
121.100.16.171 - - [11/Aug/2021:00:56:55 +0200] "POST /contact_us.php?action=send HTTP/1.0" 200 26477 "http://www.wonder-geek.com/contact_us.php" "Mozilla/5.0 (Windows NT 10.0; Win64; x64) AppleWebKit/537.36 (KHTML, like Gecko) Chrome/83.0.4100.3 Safari/537.36"
51.68.224.127 - - [11/Aug/2021:00:56:55 +0200] "GET /adminweb/export_orders_xml.php?token=256de2z6edz6ed2z6DFSFsed2zed6zeDSFDSGdzedezfzf&maxorders=10&orderstart=1&status=14&start_date=2018-10-01 HTTP/1.0" 200 285 "-" "GesCom CharlotteBoutik Serveur"
51.68.224.127 - - [11/Aug/2021:00:56:55 +0200] "GET /adminweb/export_orders_xml.php?token=256de2z6edz6ed2z6DFSFsed2zed6zeDSFDSGdzedezfzf&maxorders=10&orderstart=1&status=6&start_date=2018-10-01 HTTP/1.0" 200 28601 "-" "GesCom CharlotteBoutik Serveur"
64.62.252.176 - - [11/Aug/2021:00:57:05 +0200] "GET /home-decoration-c-13.html?page=6 HTTP/1.0" 200 92689 "-" "The Knowledge AI"
64.62.252.176 - - [11/Aug/2021:00:57:21 +0200] "GET /home-decoration-c-13.html?page=7 HTTP/1.0" 200 91382 "-" "The Knowledge AI"
54.36.148.39 - - [11/Aug/2021:00:57:28 +0200] "GET /daisy-and-minnie-bag-lunch-box-and-bottle-p-31685.html HTTP/1.0" 301 73180 "-" "Mozilla/5.0 (compatible; AhrefsBot/7.0; +http://ahrefs.com/robot/)"
64.62.252.176 - - [11/Aug/2021:00:57:38 +0200] "GET /home-decoration-c-13.html?page=8 HTTP/1.0" 200 92645 "-" "The Knowledge AI"
40.77.167.106 - - [11/Aug/2021:00:57:40 +0200] "GET /herbarium-frames-wall-sticker-p-52220.html HTTP/1.0" 200 73611 "-" "Mozilla/5.0 (compatible; bingbot/2.0; +http://www.bing.com/bingbot.htm)"
157.55.39.5 - - [11/Aug/2021:00:57:45 +0200] "GET /js/jquery.jqzoom.js HTTP/1.0" 200 259 "-" "Mozilla/5.0 (compatible; bingbot/2.0; +http://www.bing.com/bingbot.htm)"
157.55.39.5 - - [11/Aug/2021:00:57:45 +0200] "GET /-p-29695.html HTTP/1.0" 200 70200 "-" "Mozilla/5.0 (compatible; bingbot/2.0; +http://www.bing.com/bingbot.htm)"
207.46.13.39 - - [11/Aug/2021:00:57:50 +0200] "GET /gorjuss-deluxe-journal-little-wings-p-50956.html HTTP/1.0" 200 74360 "-" "Mozilla/5.0 (compatible; bingbot/2.0; +http://www.bing.com/bingbot.htm)"
64.62.252.176 - - [11/Aug/2021:00:57:53 +0200] "GET /home-decoration-c-13.html?page=9 HTTP/1.0" 200 92003 "-" "The Knowledge AI"
147.92.153.20 - - [11/Aug/2021:00:58:02 +0200] "GET /robots.txt HTTP/1.0" 200 245 "-" "Mozilla/5.0 (compatible; Linespider/1.1; +https://lin.ee/4dwXkTH)"
147.92.153.17 - - [11/Aug/2021:00:58:06 +0200] "GET /court-sleeves-shirts-c-2_39.html HTTP/1.0" 200 76415 "-" "Mozilla/5.0 (compatible; Linespider/1.1; +https://lin.ee/4dwXkTH)"
64.62.252.176 - - [11/Aug/2021:00:58:09 +0200] "GET /home-decoration-c-13.html?page=10 HTTP/1.0" 200 92599 "-" "The Knowledge AI"
54.36.148.242 - - [11/Aug/2021:00:58:10 +0200] "GET /pillow-case-blue-jean-p-36885.html HTTP/1.0" 200 73112 "-" "Mozilla/5.0 (compatible; AhrefsBot/7.0; +http://ahrefs.com/robot/)"
207.46.13.127 - - [11/Aug/2021:00:58:15 +0200] "GET /wind-chime-angel-blue-p-40217.html HTTP/1.0" 200 73745 "-" "Mozilla/5.0 (compatible; bingbot/2.0; +http://www.bing.com/bingbot.htm)"
64.62.252.176 - - [11/Aug/2021:00:58:24 +0200] "GET /home-decoration-c-13.html?page=11 HTTP/1.0" 200 92251 "-" "The Knowledge AI"
157.55.39.5 - - [11/Aug/2021:00:58:30 +0200] "GET /-p-17044.html HTTP/1.0" 200 70200 "-" "Mozilla/5.0 (compatible; bingbot/2.0; +http://www.bing.com/bingbot.htm)"
157.55.39.5 - - [11/Aug/2021:00:58:31 +0200] "GET /-p-32069.html HTTP/1.0" 200 70200 "-" "Mozilla/5.0 (compatible; bingbot/2.0; +http://www.bing.com/bingbot.htm)"
64.62.252.176 - - [11/Aug/2021:00:58:39 +0200] "GET /winnie-pooh-wall-storage-p-1207.html HTTP/1.0" 200 73157 "-" "The Knowledge AI"
64.62.252.176 - - [11/Aug/2021:00:58:54 +0200] "GET /birds-small-ashtray-p-45762.html HTTP/1.0" 200 72857 "-" "The Knowledge AI"
220.243.135.29 - - [11/Aug/2021:00:58:56 +0200] "GET /ceramic-lamp-p-52174.html HTTP/1.0" 200 73593 "-" "Mozilla/5.0 (Linux; Android 5.0) AppleWebKit/537.36 (KHTML, like Gecko) Mobile Safari/537.36 (compatible; Bytespider; https://zhanzhang.toutiao.com/)"
220.243.135.27 - - [11/Aug/2021:00:58:57 +0200] "GET /swfobject.js HTTP/1.0" 404 1308 "http://www.wonder-geek.com/ceramic-lamp-p-52174.html" "Mozilla/5.0 (Linux; Android 5.0) AppleWebKit/537.36 (KHTML, like Gecko) Mobile Safari/537.36 (compatible; Bytespider; https://zhanzhang.toutiao.com/)"
220.243.135.2 - - [11/Aug/2021:00:58:59 +0200] "GET /images/big_prod_1/8424345986102B.jpg HTTP/1.0" 200 271 "http://www.wonder-geek.com/ceramic-lamp-p-52174.html" "Mozilla/5.0 (Linux; Android 5.0) AppleWebKit/537.36 (KHTML, like Gecko) Mobile Safari/537.36 (compatible; Bytespider; https://zhanzhang.toutiao.com/)"
220.243.135.25 - - [11/Aug/2021:00:58:59 +0200] "GET /images/big_prod_2/8424345986102C.jpg HTTP/1.0" 200 271 "http://www.wonder-geek.com/ceramic-lamp-p-52174.html" "Mozilla/5.0 (Linux; Android 5.0) AppleWebKit/537.36 (KHTML, like Gecko) Mobile Safari/537.36 (compatible; Bytespider; https://zhanzhang.toutiao.com/)"
220.243.135.14 - - [11/Aug/2021:00:58:59 +0200] "GET /highslide/graphics/zoomout.cur HTTP/1.0" 200 614 "http://www.wonder-geek.com/ceramic-lamp-p-52174.html" "Mozilla/5.0 (Linux; Android 5.0) AppleWebKit/537.36 (KHTML, like Gecko) Mobile Safari/537.36 (compatible; Bytespider; https://zhanzhang.toutiao.com/)"
220.243.135.2 - - [11/Aug/2021:00:58:59 +0200] "GET /images/big_prod/8424345986102.jpg HTTP/1.0" 200 268 "http://www.wonder-geek.com/ceramic-lamp-p-52174.html" "Mozilla/5.0 (Linux; Android 5.0) AppleWebKit/537.36 (KHTML, like Gecko) Mobile Safari/537.36 (compatible; Bytespider; https://zhanzhang.toutiao.com/)"
207.46.13.175 - - [11/Aug/2021:00:59:01 +0200] "GET /decorative-bird-figurine-blown-glass-p-55482.html HTTP/1.0" 200 73650 "-" "Mozilla/5.0 (compatible; bingbot/2.0; +http://www.bing.com/bingbot.htm)"
64.62.252.176 - - [11/Aug/2021:00:59:08 +0200] "GET /savonnette-provence-made-france-sweet-almond-milk-p-44883.html HTTP/1.0" 200 73499 "-" "The Knowledge AI"
185.191.171.6 - - [11/Aug/2021:00:59:10 +0200] "GET /hello-kitty-sanrio-jean-p-30236.html?action=add_product HTTP/1.0" 302 476 "-" "Mozilla/5.0 (compatible; SemrushBot/7~bl; +http://www.semrush.com/bot.html)"
207.46.13.39 - - [11/Aug/2021:00:59:16 +0200] "GET /games-and-toys/toys/robocar-poli-poli-radio-control-and-convertible-vehicle-p-17888.html HTTP/1.0" 301 70267 "-" "Mozilla/5.0 (compatible; bingbot/2.0; +http://www.bing.com/bingbot.htm)"
40.77.167.106 - - [11/Aug/2021:00:59:21 +0200] "GET /-p-3095.html HTTP/1.0" 200 70198 "-" "Mozilla/5.0 (compatible; bingbot/2.0; +http://www.bing.com/bingbot.htm)"
64.62.252.176 - - [11/Aug/2021:00:59:22 +0200] "GET /small-tinbox-rtro-motorcycle-p-41341.html HTTP/1.0" 200 73134 "-" "The Knowledge AI"
40.77.167.106 - - [11/Aug/2021:00:59:22 +0200] "GET /hello-kitty-swimming-armband-p-20701.html HTTP/1.0" 200 70331 "-" "Mozilla/5.0 (compatible; bingbot/2.0; +http://www.bing.com/bingbot.htm)"
185.191.171.12 - - [11/Aug/2021:00:59:29 +0200] "GET /incense-sticks-burner-storage-p-53556.html HTTP/1.0" 200 73887 "-" "Mozilla/5.0 (compatible; SemrushBot/7~bl; +http://www.semrush.com/bot.html)"
207.46.13.101 - - [11/Aug/2021:00:59:32 +0200] "GET /domo-black-shirt-p-30048.html HTTP/1.0" 200 73966 "-" "Mozilla/5.0 (compatible; bingbot/2.0; +http://www.bing.com/bingbot.htm)"
54.36.148.242 - - [11/Aug/2021:00:59:35 +0200] "GET /volkswagen-metal-plate-p-37080.html HTTP/1.0" 200 72947 "-" "Mozilla/5.0 (compatible; AhrefsBot/7.0; +http://ahrefs.com/robot/)"
64.62.252.176 - - [11/Aug/2021:00:59:35 +0200] "GET /bamboo-fiber-plant-cover-p-53412.html HTTP/1.0" 200 73453 "-" "The Knowledge AI"
185.191.171.45 - - [11/Aug/2021:00:59:37 +0200] "GET /caribea-sheet-p-51590.html?action=add_product HTTP/1.0" 302 476 "-" "Mozilla/5.0 (compatible; SemrushBot/7~bl; +http://www.semrush.com/bot.html)"
185.191.171.37 - - [11/Aug/2021:00:59:46 +0200] "GET /metal-beer-bucket-p-55613.html HTTP/1.0" 200 72799 "-" "Mozilla/5.0 (compatible; SemrushBot/7~bl; +http://www.semrush.com/bot.html)"
64.62.252.176 - - [11/Aug/2021:00:59:54 +0200] "GET /bamboo-fiber-plant-cover-p-53413.html HTTP/1.0" 200 73453 "-" "The Knowledge AI"
64.62.252.176 - - [11/Aug/2021:01:00:18 +0200] "GET /bamboo-fiber-plant-cover-p-54399.html HTTP/1.0" 200 73477 "-" "The Knowledge AI"
64.62.252.176 - - [11/Aug/2021:01:00:32 +0200] "GET /bamboo-fiber-plant-cover-p-54400.html HTTP/1.0" 200 73474 "-" "The Knowledge AI"
64.62.252.176 - - [11/Aug/2021:01:00:47 +0200] "GET /bamboo-flower-cover-p-55091.html HTTP/1.0" 200 73445 "-" "The Knowledge AI"
54.36.148.242 - - [11/Aug/2021:01:00:59 +0200] "GET /cotton-floor-cushion-yellow-p-44044.html HTTP/1.0" 200 73504 "-" "Mozilla/5.0 (compatible; AhrefsBot/7.0; +http://ahrefs.com/robot/)"
64.62.252.176 - - [11/Aug/2021:01:01:15 +0200] "GET /bamboo-flower-cover-p-55090.html HTTP/1.0" 200 73445 "-" "The Knowledge AI"
64.62.252.176 - - [11/Aug/2021:01:01:40 +0200] "GET /kitten-cardboard-p-27643.html HTTP/1.0" 200 73045 "-" "The Knowledge AI"
207.46.13.101 - - [11/Aug/2021:01:01:43 +0200] "GET /candy-cloud-hair-brush-bubblegum-p-49779.html HTTP/1.0" 200 72917 "-" "Mozilla/5.0 (compatible; bingbot/2.0; +http://www.bing.com/bingbot.htm)"
159.138.142.30 - - [11/Aug/2021:01:01:55 +0200] "GET /images/big_prod_1/3442440105940B.jpg HTTP/1.0" 200 271 "-" "Python/3.7 aiohttp/3.7.4.post0"
64.62.252.176 - - [11/Aug/2021:01:01:54 +0200] "GET /magnet-decoration-p-47526.html HTTP/1.0" 200 72845 "-" "The Knowledge AI"
157.55.39.44 - - [11/Aug/2021:01:02:01 +0200] "GET /gormiti-bike-helmet-p-8327.html HTTP/1.0" 200 72707 "-" "Mozilla/5.0 (compatible; bingbot/2.0; +http://www.bing.com/bingbot.htm)"
64.62.252.176 - - [11/Aug/2021:01:02:07 +0200] "GET /magnet-decoration-flower-life-p-44406.html HTTP/1.0" 200 72913 "-" "The Knowledge AI"
185.191.171.42 - - [11/Aug/2021:01:02:08 +0200] "GET /spanish-kitchen-towel-p-38868.html HTTP/1.0" 200 72813 "-" "Mozilla/5.0 (compatible; SemrushBot/7~bl; +http://www.semrush.com/bot.html)"
62.210.188.218 - - [11/Aug/2021:01:02:09 +0200] "GET /chair-cushion-42-42-cm-cedar-green-p-45929.html HTTP/1.0" 301 73051 "-" "Mozilla/5.0 (compatible; Barkrowler/0.9; +https://babbar.tech/crawler)"
157.55.39.5 - - [11/Aug/2021:01:02:10 +0200] "GET /-p-6384.html HTTP/1.0" 200 70198 "-" "Mozilla/5.0 (compatible; bingbot/2.0; +http://www.bing.com/bingbot.htm)"
66.249.66.216 - - [11/Aug/2021:01:02:17 +0200] "GET /specials.php?page=17 HTTP/1.0" 200 125990 "-" "Mozilla/5.0 (Linux; Android 6.0.1; Nexus 5X Build/MMB29P) AppleWebKit/537.36 (KHTML, like Gecko) Chrome/92.0.4515.119 Mobile Safari/537.36 (compatible; Googlebot/2.1; +http://www.google.com/bot.html)"
64.62.252.176 - - [11/Aug/2021:01:02:20 +0200] "GET /paris-tree-decoration-hanging-p-31812.html HTTP/1.0" 200 72954 "-" "The Knowledge AI"
185.191.171.7 - - [11/Aug/2021:01:02:22 +0200] "GET /rolling-stones-love-rock-roll-zippo-lighter-p-32570.html?action=add_product HTTP/1.0" 302 476 "-" "Mozilla/5.0 (compatible; SemrushBot/7~bl; +http://www.semrush.com/bot.html)"
62.210.188.218 - - [11/Aug/2021:01:02:23 +0200] "GET /tikal-bedclothes-220-240-cm-p-42856.html HTTP/1.0" 301 72954 "-" "Mozilla/5.0 (compatible; Barkrowler/0.9; +https://babbar.tech/crawler)"
54.36.148.242 - - [11/Aug/2021:01:02:23 +0200] "GET /terracotta-ginkgo-cover-yellow-p-55528.html HTTP/1.0" 200 73626 "-" "Mozilla/5.0 (compatible; AhrefsBot/7.0; +http://ahrefs.com/robot/)"
64.62.252.176 - - [11/Aug/2021:01:02:33 +0200] "GET /russian-doll-blue-figure-p-27616.html HTTP/1.0" 200 72901 "-" "The Knowledge AI"
62.210.188.218 - - [11/Aug/2021:01:02:34 +0200] "GET /nitro-backpack-nyc-black-denim-44-cm-p-35707.html HTTP/1.0" 301 73327 "-" "Mozilla/5.0 (compatible; Barkrowler/0.9; +https://babbar.tech/crawler)"
62.210.188.218 - - [11/Aug/2021:01:02:48 +0200] "GET /scented-candles-and-novenas-c-231_227.html?page=1 HTTP/1.0" 301 93453 "-" "Mozilla/5.0 (compatible; Barkrowler/0.9; +https://babbar.tech/crawler)"
64.62.252.176 - - [11/Aug/2021:01:02:50 +0200] "GET /russian-doll-green-figure-p-27615.html HTTP/1.0" 200 72910 "-" "The Knowledge AI"
62.210.188.218 - - [11/Aug/2021:01:03:00 +0200] "GET /scented-candles-and-novenas-c-231_227.html?page=11 HTTP/1.0" 301 94465 "-" "Mozilla/5.0 (compatible; Barkrowler/0.9; +https://babbar.tech/crawler)"
157.55.39.5 - - [11/Aug/2021:01:03:01 +0200] "GET /-p-19914.html HTTP/1.0" 200 70200 "-" "Mozilla/5.0 (compatible; bingbot/2.0; +http://www.bing.com/bingbot.htm)"
64.62.252.176 - - [11/Aug/2021:01:03:02 +0200] "GET /russian-doll-pink-figure-p-27614.html HTTP/1.0" 200 72902 "-" "The Knowledge AI"
185.191.171.21 - - [11/Aug/2021:01:03:05 +0200] "GET /-p-49146.html?action=add_product HTTP/1.0" 302 476 "-" "Mozilla/5.0 (compatible; SemrushBot/7~bl; +http://www.semrush.com/bot.html)"
40.77.167.106 - - [11/Aug/2021:01:03:06 +0200] "GET /charline-lampshade-p-51598.html HTTP/1.0" 200 73639 "-" "Mozilla/5.0 (compatible; bingbot/2.0; +http://www.bing.com/bingbot.htm)"
64.62.252.176 - - [11/Aug/2021:01:03:14 +0200] "GET /beyblade-p-27883.html HTTP/1.0" 200 72926 "-" "The Knowledge AI"
62.210.188.218 - - [11/Aug/2021:01:03:14 +0200] "GET /scented-candles-and-novenas-c-231_227.html?page=7 HTTP/1.0" 301 93884 "-" "Mozilla/5.0 (compatible; Barkrowler/0.9; +https://babbar.tech/crawler)"
64.62.252.176 - - [11/Aug/2021:01:03:26 +0200] "GET /door-plate-p-53153.html HTTP/1.0" 200 73327 "-" "The Knowledge AI"
62.210.188.218 - - [11/Aug/2021:01:03:28 +0200] "GET /white-and-blue-decorative-vase-aged-aspect-p-52430.html HTTP/1.0" 301 70459 "-" "Mozilla/5.0 (compatible; Barkrowler/0.9; +https://babbar.tech/crawler)"
207.46.13.127 - - [11/Aug/2021:01:03:35 +0200] "GET /hello-kitty-mattress-swimming-pool-p-14356.html HTTP/1.0" 200 70361 "-" "Mozilla/5.0 (compatible; bingbot/2.0; +http://www.bing.com/bingbot.htm)"
64.62.252.176 - - [11/Aug/2021:01:03:38 +0200] "GET /solar-powered-sunflower-dancing-p-33552.html HTTP/1.0" 200 73152 "-" "The Knowledge AI"
207.46.13.175 - - [11/Aug/2021:01:03:41 +0200] "GET /yuna-kimmidoll-necklace-swarovski-p-15877.html HTTP/1.0" 301 70267 "-" "Mozilla/5.0 (compatible; bingbot/2.0; +http://www.bing.com/bingbot.htm)"
64.62.252.176 - - [11/Aug/2021:01:03:50 +0200] "GET /santa-claus-solar-powered-dancing-p-33073.html HTTP/1.0" 200 73176 "-" "The Knowledge AI"
54.36.148.242 - - [11/Aug/2021:01:03:53 +0200] "GET /panther-trophy-statuette-p-54209.html HTTP/1.0" 200 73488 "-" "Mozilla/5.0 (compatible; AhrefsBot/7.0; +http://ahrefs.com/robot/)"
157.55.39.5 - - [11/Aug/2021:01:04:01 +0200] "GET /wall-stickers-indian-style-dream-catcher-p-39243.html HTTP/1.0" 200 73024 "-" "Mozilla/5.0 (compatible; bingbot/2.0; +http://www.bing.com/bingbot.htm)"
157.55.39.156 - - [11/Aug/2021:01:04:05 +0200] "GET /-p-21779.html HTTP/1.0" 200 70200 "-" "Mozilla/5.0 (compatible; bingbot/2.0; +http://www.bing.com/bingbot.htm)"
64.62.252.176 - - [11/Aug/2021:01:04:08 +0200] "GET /snowman-solar-powered-dancing-p-34143.html HTTP/1.0" 200 73140 "-" "The Knowledge AI"
62.210.188.218 - - [11/Aug/2021:01:04:12 +0200] "GET /laissez-lucie-faire-small-wallet-tino-p-49015.html HTTP/1.0" 200 73690 "-" "Mozilla/5.0 (compatible; Barkrowler/0.9; +https://babbar.tech/crawler)"
64.62.252.176 - - [11/Aug/2021:01:04:21 +0200] "GET /solar-powered-dancing-angel-p-34859.html HTTP/1.0" 200 73122 "-" "The Knowledge AI"
62.210.188.218 - - [11/Aug/2021:01:04:25 +0200] "GET /laissez-lucie-faire-pencil-case-olga-p-38975.html HTTP/1.0" 200 73716 "-" "Mozilla/5.0 (compatible; Barkrowler/0.9; +https://babbar.tech/crawler)"
64.62.252.176 - - [11/Aug/2021:01:04:33 +0200] "GET /solar-powered-dancing-flamingo-p-39449.html HTTP/1.0" 200 73145 "-" "The Knowledge AI"
62.210.188.218 - - [11/Aug/2021:01:04:37 +0200] "GET /laissez-lucie-faire-liberty-placemat-p-39849.html HTTP/1.0" 200 70371 "-" "Mozilla/5.0 (compatible; Barkrowler/0.9; +https://babbar.tech/crawler)"
157.55.39.44 - - [11/Aug/2021:01:04:42 +0200] "GET /-p-29842.html HTTP/1.0" 200 70200 "-" "Mozilla/5.0 (compatible; bingbot/2.0; +http://www.bing.com/bingbot.htm)"
64.62.252.176 - - [11/Aug/2021:01:04:46 +0200] "GET /solar-powered-shark-dancing-p-38828.html HTTP/1.0" 200 73121 "-" "The Knowledge AI"
62.210.188.218 - - [11/Aug/2021:01:04:49 +0200] "GET /minnie-mouse-large-expandable-backpack-p-19678.html HTTP/1.0" 200 73179 "-" "Mozilla/5.0 (compatible; Barkrowler/0.9; +https://babbar.tech/crawler)"
64.62.252.176 - - [11/Aug/2021:01:04:59 +0200] "GET /sumo-solar-powered-dancing-p-33550.html HTTP/1.0" 200 73116 "-" "The Knowledge AI"
62.210.188.218 - - [11/Aug/2021:01:05:01 +0200] "GET /incense-stick-holder-moon-little-buddha-p-53630.html HTTP/1.0" 200 73662 "-" "Mozilla/5.0 (compatible; Barkrowler/0.9; +https://babbar.tech/crawler)"
62.210.188.218 - - [11/Aug/2021:01:05:15 +0200] "GET /bohemian-ethnic-lirette-carpet-p-50876.html HTTP/1.0" 200 73644 "-" "Mozilla/5.0 (compatible; Barkrowler/0.9; +https://babbar.tech/crawler)"
185.191.171.44 - - [11/Aug/2021:01:05:19 +0200] "GET /-p-43122.html?action=add_product HTTP/1.0" 302 476 "-" "Mozilla/5.0 (compatible; SemrushBot/7~bl; +http://www.semrush.com/bot.html)"
64.62.252.176 - - [11/Aug/2021:01:05:19 +0200] "GET /ashtrays-c-13_240.html?page=2 HTTP/1.0" 200 91053 "-" "The Knowledge AI"
54.36.148.242 - - [11/Aug/2021:01:05:20 +0200] "GET /rectangular-serving-tray-frida-khalo-model-p-49549.html HTTP/1.0" 200 73128 "-" "Mozilla/5.0 (compatible; AhrefsBot/7.0; +http://ahrefs.com/robot/)"
62.210.188.218 - - [11/Aug/2021:01:05:27 +0200] "GET /flamingo-cushion-by-cbkreation-p-43238.html HTTP/1.0" 301 70398 "-" "Mozilla/5.0 (compatible; Barkrowler/0.9; +https://babbar.tech/crawler)"
64.62.252.176 - - [11/Aug/2021:01:05:31 +0200] "GET /ashtrays-c-13_240.html?page=3 HTTP/1.0" 200 91518 "-" "The Knowledge AI"
62.210.188.218 - - [11/Aug/2021:01:05:40 +0200] "GET /nici-horse-miracle-plush-35-cm-p-35171.html HTTP/1.0" 301 70389 "-" "Mozilla/5.0 (compatible; Barkrowler/0.9; +https://babbar.tech/crawler)"
185.191.171.21 - - [11/Aug/2021:01:05:43 +0200] "GET /florialys-fragrance-provence-flower-p-48505.html?action=add_product HTTP/1.0" 302 476 "-" "Mozilla/5.0 (compatible; SemrushBot/7~bl; +http://www.semrush.com/bot.html)"
64.62.252.176 - - [11/Aug/2021:01:05:43 +0200] "GET /ashtrays-c-13_240.html?page=4 HTTP/1.0" 200 91306 "-" "The Knowledge AI"
62.210.188.218 - - [11/Aug/2021:01:05:53 +0200] "GET /poster-la-vache-qui-rit-50-70-cm-p-43709.html HTTP/1.0" 301 72957 "-" "Mozilla/5.0 (compatible; Barkrowler/0.9; +https://babbar.tech/crawler)"
64.62.252.176 - - [11/Aug/2021:01:05:55 +0200] "GET /ashtrays-c-13_240.html?page=5 HTTP/1.0" 200 91275 "-" "The Knowledge AI"
62.210.188.218 - - [11/Aug/2021:01:06:06 +0200] "GET /poster-from-strauss-corsica-50-70-cm-p-42442.html HTTP/1.0" 301 73037 "-" "Mozilla/5.0 (compatible; Barkrowler/0.9; +https://babbar.tech/crawler)"
64.62.252.176 - - [11/Aug/2021:01:06:08 +0200] "GET /ashtrays-c-13_240.html?page=6 HTTP/1.0" 200 91680 "-" "The Knowledge AI"
207.46.13.101 - - [11/Aug/2021:01:06:13 +0200] "GET /-p-36303.html HTTP/1.0" 200 70200 "-" "Mozilla/5.0 (compatible; bingbot/2.0; +http://www.bing.com/bingbot.htm)"
66.249.66.220 - - [11/Aug/2021:01:06:16 +0200] "GET /images/big_prod_1/3609810065529e.jpg HTTP/1.0" 200 271 "-" "Googlebot-Image/1.0"
185.191.171.11 - - [11/Aug/2021:01:06:18 +0200] "GET /-p-28918.html?action=add_product HTTP/1.0" 302 476 "-" "Mozilla/5.0 (compatible; SemrushBot/7~bl; +http://www.semrush.com/bot.html)"
157.55.39.51 - - [11/Aug/2021:01:06:19 +0200] "GET /horses-keyring-p-33559.html HTTP/1.0" 200 74013 "-" "Mozilla/5.0 (compatible; bingbot/2.0; +http://www.bing.com/bingbot.htm)"
62.210.188.218 - - [11/Aug/2021:01:06:19 +0200] "GET /stars-wars-darth-vader-figure-50-cm-p-29566.html HTTP/1.0" 301 70267 "-" "Mozilla/5.0 (compatible; Barkrowler/0.9; +https://babbar.tech/crawler)"
64.62.252.176 - - [11/Aug/2021:01:06:21 +0200] "GET /ashtrays-c-13_240.html?page=7 HTTP/1.0" 200 91611 "-" "The Knowledge AI"
207.46.13.127 - - [11/Aug/2021:01:06:24 +0200] "GET /-p-12862.html HTTP/1.0" 200 70200 "-" "Mozilla/5.0 (compatible; bingbot/2.0; +http://www.bing.com/bingbot.htm)"
62.210.188.218 - - [11/Aug/2021:01:06:33 +0200] "GET /simpsons-pairs-of-socks-size-27-30-p-25502.html HTTP/1.0" 301 72879 "-" "Mozilla/5.0 (compatible; Barkrowler/0.9; +https://babbar.tech/crawler)"
207.46.13.175 - - [11/Aug/2021:01:06:40 +0200] "GET /swfobject.js HTTP/1.0" 404 1308 "-" "Mozilla/5.0 (compatible; bingbot/2.0; +http://www.bing.com/bingbot.htm)"
54.36.148.242 - - [11/Aug/2021:01:06:41 +0200] "GET /feng-shui-seven-chakra-decoration-with-seven-chakra-colors-p-42836.html HTTP/1.0" 200 73395 "-" "Mozilla/5.0 (compatible; AhrefsBot/7.0; +http://ahrefs.com/robot/)"
64.62.252.176 - - [11/Aug/2021:01:06:41 +0200] "GET /ashtrays-c-13_240.html?page=8 HTTP/1.0" 200 91347 "-" "The Knowledge AI"
157.55.39.122 - - [11/Aug/2021:01:06:49 +0200] "GET /-p-19170.html HTTP/1.0" 200 70200 "-" "Mozilla/5.0 (compatible; bingbot/2.0; +http://www.bing.com/bingbot.htm)"
64.62.252.176 - - [11/Aug/2021:01:06:54 +0200] "GET /betty-boop-ashtray-p-27177.html HTTP/1.0" 200 72815 "-" "The Knowledge AI"
62.210.188.218 - - [11/Aug/2021:01:07:00 +0200] "GET /bilbao-coated-tablecloth-yellow-p-51233.html HTTP/1.0" 200 72964 "-" "Mozilla/5.0 (compatible; Barkrowler/0.9; +https://babbar.tech/crawler)"
64.62.252.176 - - [11/Aug/2021:01:07:07 +0200] "GET /betty-boop-ashtray-p-27178.html HTTP/1.0" 200 72815 "-" "The Knowledge AI"
62.210.188.218 - - [11/Aug/2021:01:07:13 +0200] "GET /tibetan-style-bracelet-for-men-in-lava-stone-p-43739.html HTTP/1.0" 301 73141 "-" "Mozilla/5.0 (compatible; Barkrowler/0.9; +https://babbar.tech/crawler)"
157.55.39.51 - - [11/Aug/2021:01:07:18 +0200] "GET /cats-dubout-salt-pepper-p-32697.html HTTP/1.0" 200 72866 "-" "Mozilla/5.0 (compatible; bingbot/2.0; +http://www.bing.com/bingbot.htm)"
64.62.252.176 - - [11/Aug/2021:01:07:19 +0200] "GET /betty-boop-ashtray-p-27179.html HTTP/1.0" 200 72815 "-" "The Knowledge AI"
62.210.188.218 - - [11/Aug/2021:01:07:27 +0200] "GET /fitted-sheet-cotton-percale-threads-p-52131.html HTTP/1.0" 200 73171 "-" "Mozilla/5.0 (compatible; Barkrowler/0.9; +https://babbar.tech/crawler)"
64.62.252.176 - - [11/Aug/2021:01:07:32 +0200] "GET /betty-boop-ashtray-p-27180.html HTTP/1.0" 200 74060 "-" "The Knowledge AI"
62.210.188.218 - - [11/Aug/2021:01:07:40 +0200] "GET /fitted-sheet-cotton-percale-threads-p-48199.html HTTP/1.0" 200 73155 "-" "Mozilla/5.0 (compatible; Barkrowler/0.9; +https://babbar.tech/crawler)"
157.55.39.51 - - [11/Aug/2021:01:07:49 +0200] "GET /grey-sloth-jewelry-holder-p-48885.html HTTP/1.0" 200 73011 "-" "Mozilla/5.0 (compatible; bingbot/2.0; +http://www.bing.com/bingbot.htm)"
54.36.148.76 - - [11/Aug/2021:01:07:50 +0200] "GET /bas-relief-panel-of-elephants-carved-on-raw-wood-45-15-cm-p-47213.html HTTP/1.0" 301 74409 "-" "Mozilla/5.0 (compatible; AhrefsBot/7.0; +http://ahrefs.com/robot/)"
62.210.188.218 - - [11/Aug/2021:01:07:52 +0200] "GET /miss-miew-pinky-pink-tea-box-p-42845.html HTTP/1.0" 301 73084 "-" "Mozilla/5.0 (compatible; Barkrowler/0.9; +https://babbar.tech/crawler)"
64.62.252.176 - - [11/Aug/2021:01:07:51 +0200] "GET /betty-boop-mtal-ashtray-p-36134.html HTTP/1.0" 200 72867 "-" "The Knowledge AI"
185.191.171.24 - - [11/Aug/2021:01:07:55 +0200] "GET /cat-saucer-for-tea-bag-p-38449.html HTTP/1.0" 301 70267 "-" "Mozilla/5.0 (compatible; SemrushBot/7~bl; +http://www.semrush.com/bot.html)"
185.191.171.42 - - [11/Aug/2021:01:07:57 +0200] "GET /-p-38449.html HTTP/1.0" 200 70200 "-" "Mozilla/5.0 (compatible; SemrushBot/7~bl; +http://www.semrush.com/bot.html)"
54.36.148.242 - - [11/Aug/2021:01:08:04 +0200] "GET /rebelle-mrida-training-bottle-p-17163.html HTTP/1.0" 200 73022 "-" "Mozilla/5.0 (compatible; AhrefsBot/7.0; +http://ahrefs.com/robot/)"
64.62.252.176 - - [11/Aug/2021:01:08:04 +0200] "GET /betty-boop-mtal-ashtray-biker-p-36139.html HTTP/1.0" 200 72927 "-" "The Knowledge AI"
185.191.171.17 - - [11/Aug/2021:01:08:10 +0200] "GET /-p-47583.html?action=add_product HTTP/1.0" 302 476 "-" "Mozilla/5.0 (compatible; SemrushBot/7~bl; +http://www.semrush.com/bot.html)"
