110.249.202.91 - - [10/Aug/2021:22:29:01 +0200] "GET /images/big_prod/8422018278004.jpg HTTP/1.0" 200 268 "http://www.wonder-geek.com/stoneware-lamp-p-55632.html" "Mozilla/5.0 (Linux; Android 5.0) AppleWebKit/537.36 (KHTML, like Gecko) Mobile Safari/537.36 (compatible; Bytespider; https://zhanzhang.toutiao.com/)"
110.249.202.89 - - [10/Aug/2021:22:29:01 +0200] "GET /highslide/graphics/zoomout.cur HTTP/1.0" 200 614 "http://www.wonder-geek.com/stoneware-lamp-p-55632.html" "Mozilla/5.0 (Linux; Android 5.0) AppleWebKit/537.36 (KHTML, like Gecko) Mobile Safari/537.36 (compatible; Bytespider; https://zhanzhang.toutiao.com/)"
207.46.13.127 - - [10/Aug/2021:22:29:03 +0200] "GET /-p-19741.html HTTP/1.0" 200 70200 "-" "Mozilla/5.0 (compatible; bingbot/2.0; +http://www.bing.com/bingbot.htm)"
185.191.171.36 - - [10/Aug/2021:22:29:10 +0200] "GET /small-candle-bergamot-moss-white-musk-p-46872.html?action=add_product HTTP/1.0" 302 476 "-" "Mozilla/5.0 (compatible; SemrushBot/7~bl; +http://www.semrush.com/bot.html)"
64.62.252.176 - - [10/Aug/2021:22:29:13 +0200] "GET /espresso-eccentric-p-39753.html HTTP/1.0" 200 72945 "-" "The Knowledge AI"
40.77.191.150 - - [10/Aug/2021:22:29:31 +0200] "GET /js/jquery.jqzoom.js HTTP/1.0" 200 259 "-" "Mozilla/5.0 (Windows NT 6.1; WOW64) AppleWebKit/534+ (KHTML, like Gecko) BingPreview/1.0b"
93.158.161.67 - - [10/Aug/2021:22:29:33 +0200] "GET /card-holders-passport-cases-c-31_236.html HTTP/1.0" 200 91034 "-" "Mozilla/5.0 (compatible; YandexBot/3.0; +http://yandex.com/bots)"
64.62.252.176 - - [10/Aug/2021:22:29:34 +0200] "GET /espresso-eccentric-p-39754.html HTTP/1.0" 200 72951 "-" "The Knowledge AI"
93.158.161.67 - - [10/Aug/2021:22:29:36 +0200] "GET /placemats-c-12_156.html HTTP/1.0" 200 91435 "-" "Mozilla/5.0 (compatible; YandexBot/3.0; +http://yandex.com/bots)"
93.158.161.67 - - [10/Aug/2021:22:29:39 +0200] "GET /small-appliances-hifi-c-13_88.html HTTP/1.0" 200 89644 "-" "Mozilla/5.0 (compatible; YandexBot/3.0; +http://yandex.com/bots)"
93.158.161.67 - - [10/Aug/2021:22:29:43 +0200] "GET /coffee-c-13_150_153.html HTTP/1.0" 200 90183 "-" "Mozilla/5.0 (compatible; YandexBot/3.0; +http://yandex.com/bots)"
207.46.13.39 - - [10/Aug/2021:22:29:43 +0200] "GET /angel-glitter-ball-p-27611.html HTTP/1.0" 200 73046 "-" "Mozilla/5.0 (compatible; bingbot/2.0; +http://www.bing.com/bingbot.htm)"
93.158.161.67 - - [10/Aug/2021:22:29:46 +0200] "GET /home-decoration-c-13.html HTTP/1.0" 200 91561 "-" "Mozilla/5.0 (compatible; YandexBot/3.0; +http://yandex.com/bots)"
64.62.252.176 - - [10/Aug/2021:22:29:53 +0200] "GET /klimt-coffee-p-51379.html HTTP/1.0" 200 72876 "-" "The Knowledge AI"
51.68.224.127 - - [10/Aug/2021:22:29:53 +0200] "GET /adminweb/export_orders_xml.php?token=256de2z6edz6ed2z6DFSFsed2zed6zeDSFDSGdzedezfzf&maxorders=10&orderstart=1&status=14&start_date=2018-10-01 HTTP/1.0" 200 285 "-" "GesCom CharlotteBoutik Serveur"
51.68.224.127 - - [10/Aug/2021:22:29:54 +0200] "GET /adminweb/export_orders_xml.php?token=256de2z6edz6ed2z6DFSFsed2zed6zeDSFDSGdzedezfzf&maxorders=10&orderstart=1&status=6&start_date=2018-10-01 HTTP/1.0" 200 28601 "-" "GesCom CharlotteBoutik Serveur"
64.62.252.176 - - [10/Aug/2021:22:30:10 +0200] "GET /klimt-coffee-tumbler-spoon-p-51381.html HTTP/1.0" 200 73564 "-" "The Knowledge AI"
185.191.171.11 - - [10/Aug/2021:22:30:25 +0200] "GET /plaid-sofa-throw-portofino-with-fringes-125-150-cm-p-47922.html HTTP/1.0" 301 73851 "-" "Mozilla/5.0 (compatible; SemrushBot/7~bl; +http://www.semrush.com/bot.html)"
185.191.171.24 - - [10/Aug/2021:22:30:27 +0200] "GET /plaid-sofa-throw-portofino-with-fringes-p-47922.html HTTP/1.0" 200 73745 "-" "Mozilla/5.0 (compatible; SemrushBot/7~bl; +http://www.semrush.com/bot.html)"
54.36.148.242 - - [10/Aug/2021:22:30:30 +0200] "GET /ceramic-lamp-p-55788.html HTTP/1.0" 200 73370 "-" "Mozilla/5.0 (compatible; AhrefsBot/7.0; +http://ahrefs.com/robot/)"
64.62.252.176 - - [10/Aug/2021:22:30:30 +0200] "GET /gogh-coffee-p-48226.html HTTP/1.0" 200 73497 "-" "The Knowledge AI"
157.55.39.122 - - [10/Aug/2021:22:30:35 +0200] "GET /tetsubin-black-teapot-japanese-liter-p-41375.html HTTP/1.0" 200 73179 "-" "Mozilla/5.0 (compatible; bingbot/2.0; +http://www.bing.com/bingbot.htm)"
207.46.13.175 - - [10/Aug/2021:22:30:40 +0200] "GET /swfobject.js HTTP/1.0" 404 1308 "-" "Mozilla/5.0 (compatible; bingbot/2.0; +http://www.bing.com/bingbot.htm)"
207.46.13.175 - - [10/Aug/2021:22:30:41 +0200] "GET /-p-39595.html HTTP/1.0" 200 70200 "-" "Mozilla/5.0 (compatible; bingbot/2.0; +http://www.bing.com/bingbot.htm)"
64.62.252.176 - - [10/Aug/2021:22:30:49 +0200] "GET /espresso-museum-collection-p-39755.html HTTP/1.0" 200 72985 "-" "The Knowledge AI"
64.62.252.176 - - [10/Aug/2021:22:31:08 +0200] "GET /petit-prince-exupry-sets-cups-p-44600.html HTTP/1.0" 200 73034 "-" "The Knowledge AI"
66.249.66.220 - - [10/Aug/2021:22:31:14 +0200] "GET /accessories/accessories-mobiles/milan-noire-phone-cover-for-iphone-and-p-13213.html HTTP/1.0" 301 70267 "-" "Mozilla/5.0 (compatible; Googlebot/2.1; +http://www.google.com/bot.html)"
66.249.66.218 - - [10/Aug/2021:22:31:15 +0200] "GET /-p-13213.html HTTP/1.0" 200 70200 "-" "Mozilla/5.0 (compatible; Googlebot/2.1; +http://www.google.com/bot.html)"
64.62.252.176 - - [10/Aug/2021:22:31:26 +0200] "GET /cherries-sponge-holder-p-34500.html HTTP/1.0" 200 72831 "-" "The Knowledge AI"
54.36.148.182 - - [10/Aug/2021:22:31:36 +0200] "GET /pucca-pairs-of-socks-size-31-34-p-25715.html HTTP/1.0" 301 70267 "-" "Mozilla/5.0 (compatible; AhrefsBot/7.0; +http://ahrefs.com/robot/)"
54.36.148.242 - - [10/Aug/2021:22:31:44 +0200] "GET /renault-alpine-large-metal-plate-deco-p-26448.html HTTP/1.0" 200 72925 "-" "Mozilla/5.0 (compatible; AhrefsBot/7.0; +http://ahrefs.com/robot/)"
64.62.252.176 - - [10/Aug/2021:22:31:46 +0200] "GET /bodega-sponge-holder-p-37395.html HTTP/1.0" 200 72793 "-" "The Knowledge AI"
157.55.39.5 - - [10/Aug/2021:22:32:09 +0200] "GET /nici-bear-phone-case-p-23181.html HTTP/1.0" 200 72925 "-" "Mozilla/5.0 (compatible; bingbot/2.0; +http://www.bing.com/bingbot.htm)"
64.62.252.176 - - [10/Aug/2021:22:32:16 +0200] "GET /minions-lunchbox-p-33060.html HTTP/1.0" 200 70254 "-" "The Knowledge AI"
54.36.149.5 - - [10/Aug/2021:22:32:20 +0200] "GET /kimmidoll-collection-mug-haruyo-p-28669.html HTTP/1.0" 301 72988 "-" "Mozilla/5.0 (compatible; AhrefsBot/7.0; +http://ahrefs.com/robot/)"
64.62.252.176 - - [10/Aug/2021:22:32:34 +0200] "GET /winx-picnic-p-17167.html HTTP/1.0" 200 73680 "-" "The Knowledge AI"
207.46.13.175 - - [10/Aug/2021:22:32:38 +0200] "GET /-p-30280.html HTTP/1.0" 200 70200 "-" "Mozilla/5.0 (compatible; bingbot/2.0; +http://www.bing.com/bingbot.htm)"
207.46.13.39 - - [10/Aug/2021:22:32:44 +0200] "GET /provence-moroccan-ashtray-p-37378.html HTTP/1.0" 200 70316 "-" "Mozilla/5.0 (compatible; bingbot/2.0; +http://www.bing.com/bingbot.htm)"
207.46.13.101 - - [10/Aug/2021:22:32:50 +0200] "GET /-p-31848.html HTTP/1.0" 200 70200 "-" "Mozilla/5.0 (compatible; bingbot/2.0; +http://www.bing.com/bingbot.htm)"
64.62.252.176 - - [10/Aug/2021:22:32:52 +0200] "GET /winx-picnic-p-17168.html HTTP/1.0" 200 73681 "-" "The Knowledge AI"
54.36.148.242 - - [10/Aug/2021:22:33:00 +0200] "GET /british-phone-cover-iphone-p-12676.html HTTP/1.0" 200 73017 "-" "Mozilla/5.0 (compatible; AhrefsBot/7.0; +http://ahrefs.com/robot/)"
64.62.252.176 - - [10/Aug/2021:22:33:09 +0200] "GET /article-classified-spongebob-metal-suitcase-p-47968.html HTTP/1.0" 200 73749 "-" "The Knowledge AI"
207.46.13.39 - - [10/Aug/2021:22:33:14 +0200] "GET /shirts-and-sweatshirts-women-c-53_55.html HTTP/1.0" 301 94206 "-" "Mozilla/5.0 (compatible; bingbot/2.0; +http://www.bing.com/bingbot.htm)"
64.62.252.176 - - [10/Aug/2021:22:33:28 +0200] "GET /maya-bees-suitcase-lunch-p-14417.html HTTP/1.0" 200 73201 "-" "The Knowledge AI"
54.36.148.45 - - [10/Aug/2021:22:33:43 +0200] "GET /usa-flag-compact-mirror-p-26192.html HTTP/1.0" 301 73033 "-" "Mozilla/5.0 (compatible; AhrefsBot/7.0; +http://ahrefs.com/robot/)"
64.62.252.176 - - [10/Aug/2021:22:33:45 +0200] "GET /avengers-lunchbox-p-37539.html HTTP/1.0" 200 70258 "-" "The Knowledge AI"
185.191.171.9 - - [10/Aug/2021:22:33:47 +0200] "GET /native-spirits-incense-p-55342.html?action=add_product HTTP/1.0" 302 476 "-" "Mozilla/5.0 (compatible; SemrushBot/7~bl; +http://www.semrush.com/bot.html)"
64.62.252.176 - - [10/Aug/2021:22:34:03 +0200] "GET /disney-frozen-lunchbox-p-37036.html HTTP/1.0" 200 72838 "-" "The Knowledge AI"
157.55.39.51 - - [10/Aug/2021:22:34:06 +0200] "GET /horses-dreams-stickerbook-p-9606.html HTTP/1.0" 200 72620 "-" "Mozilla/5.0 (compatible; bingbot/2.0; +http://www.bing.com/bingbot.htm)"
54.36.148.242 - - [10/Aug/2021:22:34:10 +0200] "GET /cappuccino-retro-deco-thermometer-p-27630.html HTTP/1.0" 200 72992 "-" "Mozilla/5.0 (compatible; AhrefsBot/7.0; +http://ahrefs.com/robot/)"
64.62.252.176 - - [10/Aug/2021:22:34:20 +0200] "GET /frozen-lunchbox-p-31746.html HTTP/1.0" 200 70250 "-" "The Knowledge AI"
157.55.39.44 - - [10/Aug/2021:22:34:20 +0200] "GET /mikado-game-p-28502.html HTTP/1.0" 200 70246 "-" "Mozilla/5.0 (compatible; bingbot/2.0; +http://www.bing.com/bingbot.htm)"
207.46.13.175 - - [10/Aug/2021:22:34:37 +0200] "GET /swfobject.js HTTP/1.0" 404 1308 "-" "Mozilla/5.0 (compatible; bingbot/2.0; +http://www.bing.com/bingbot.htm)"
64.62.252.176 - - [10/Aug/2021:22:34:37 +0200] "GET /hello-kitty-picnic-p-17166.html HTTP/1.0" 200 73242 "-" "The Knowledge AI"
40.77.167.106 - - [10/Aug/2021:22:34:49 +0200] "GET /provence-soap-dish-p-51394.html HTTP/1.0" 200 72824 "-" "Mozilla/5.0 (compatible; bingbot/2.0; +http://www.bing.com/bingbot.htm)"
64.62.252.176 - - [10/Aug/2021:22:34:56 +0200] "GET /white-tigers-blue-lunch-p-40958.html HTTP/1.0" 200 70290 "-" "The Knowledge AI"
64.62.252.176 - - [10/Aug/2021:22:35:14 +0200] "GET /winnie-pooh-lunch-p-18796.html HTTP/1.0" 200 70274 "-" "The Knowledge AI"
207.46.13.39 - - [10/Aug/2021:22:35:15 +0200] "GET /nba-mug-p-44956.html HTTP/1.0" 200 72730 "-" "Mozilla/5.0 (compatible; bingbot/2.0; +http://www.bing.com/bingbot.htm)"
54.36.148.242 - - [10/Aug/2021:22:35:23 +0200] "GET /light-wood-table-lamp-scandinavian-spirit-p-55543.html HTTP/1.0" 200 73583 "-" "Mozilla/5.0 (compatible; AhrefsBot/7.0; +http://ahrefs.com/robot/)"
64.62.252.176 - - [10/Aug/2021:22:35:31 +0200] "GET /dora-explorer-picnic-p-16808.html HTTP/1.0" 200 74078 "-" "The Knowledge AI"
64.62.252.176 - - [10/Aug/2021:22:35:49 +0200] "GET /daisy-minnie-lunch-bottle-p-31685.html HTTP/1.0" 200 73088 "-" "The Knowledge AI"
207.46.13.39 - - [10/Aug/2021:22:35:54 +0200] "GET /gorjuss-glass-frame-print-20-20-cm-p-29671.html HTTP/1.0" 301 70441 "-" "Mozilla/5.0 (compatible; bingbot/2.0; +http://www.bing.com/bingbot.htm)"
207.46.13.39 - - [10/Aug/2021:22:35:56 +0200] "GET /-p-29836.html HTTP/1.0" 200 70200 "-" "Mozilla/5.0 (compatible; bingbot/2.0; +http://www.bing.com/bingbot.htm)"
64.62.252.176 - - [10/Aug/2021:22:36:08 +0200] "GET /frozen-lunch-bottle-p-31687.html HTTP/1.0" 200 70292 "-" "The Knowledge AI"
157.55.39.44 - - [10/Aug/2021:22:36:10 +0200] "GET /cuba-large-metal-plate-deco-p-33727.html HTTP/1.0" 200 72870 "-" "Mozilla/5.0 (compatible; bingbot/2.0; +http://www.bing.com/bingbot.htm)"
157.55.39.51 - - [10/Aug/2021:22:36:26 +0200] "GET /mickey-mouse-figurine-ornement-collection-disney-traditions-p-12114.html HTTP/1.0" 200 73263 "-" "Mozilla/5.0 (compatible; bingbot/2.0; +http://www.bing.com/bingbot.htm)"
64.62.252.176 - - [10/Aug/2021:22:36:27 +0200] "GET /spiderman-lunch-bottle-p-31684.html HTTP/1.0" 200 70304 "-" "The Knowledge AI"
54.36.148.242 - - [10/Aug/2021:22:36:39 +0200] "GET /gaston-potholder-camargua-collection-p-54748.html HTTP/1.0" 200 72965 "-" "Mozilla/5.0 (compatible; AhrefsBot/7.0; +http://ahrefs.com/robot/)"
64.62.252.176 - - [10/Aug/2021:22:36:44 +0200] "GET /spongebob-picnic-p-54627.html HTTP/1.0" 200 73906 "-" "The Knowledge AI"
157.55.39.122 - - [10/Aug/2021:22:37:05 +0200] "GET /captain-hook-figure-p-2870.html HTTP/1.0" 200 70284 "-" "Mozilla/5.0 (compatible; bingbot/2.0; +http://www.bing.com/bingbot.htm)"
66.249.70.42 - - [10/Aug/2021:22:37:10 +0200] "GET /cars-toddler-flatware-p-20357.html HTTP/1.0" 200 72783 "-" "Mozilla/5.0 (compatible; Googlebot/2.1; +http://www.google.com/bot.html)"
64.62.252.176 - - [10/Aug/2021:22:37:13 +0200] "GET /wicker-picnic-basket-with-dishes-p-42062.html HTTP/1.0" 200 70330 "-" "The Knowledge AI"
157.55.39.44 - - [10/Aug/2021:22:37:20 +0200] "GET /rhum-metal-plate-deco-p-51750.html HTTP/1.0" 200 73381 "-" "Mozilla/5.0 (compatible; bingbot/2.0; +http://www.bing.com/bingbot.htm)"
64.62.252.176 - - [10/Aug/2021:22:37:29 +0200] "GET /infuser-rest-c-12_247.html?page=2 HTTP/1.0" 200 88979 "-" "The Knowledge AI"
157.55.39.5 - - [10/Aug/2021:22:37:29 +0200] "GET /-p-30181.html HTTP/1.0" 200 70200 "-" "Mozilla/5.0 (compatible; bingbot/2.0; +http://www.bing.com/bingbot.htm)"
207.46.13.175 - - [10/Aug/2021:22:37:39 +0200] "GET /sonny-angel-animals-series-figure-p-53434.html HTTP/1.0" 200 73156 "-" "Mozilla/5.0 (compatible; bingbot/2.0; +http://www.bing.com/bingbot.htm)"
185.191.171.34 - - [10/Aug/2021:22:37:41 +0200] "GET /st-michel-statue-11-cm-p-53049.html HTTP/1.0" 301 72968 "-" "Mozilla/5.0 (compatible; SemrushBot/7~bl; +http://www.semrush.com/bot.html)"
185.191.171.26 - - [10/Aug/2021:22:37:43 +0200] "GET /michel-statue-p-53049.html HTTP/1.0" 200 72888 "-" "Mozilla/5.0 (compatible; SemrushBot/7~bl; +http://www.semrush.com/bot.html)"
64.62.252.176 - - [10/Aug/2021:22:37:45 +0200] "GET /frida-khalo-saucer-p-50156.html HTTP/1.0" 200 72858 "-" "The Knowledge AI"
185.191.171.42 - - [10/Aug/2021:22:37:47 +0200] "GET /-p-38523.html?action=add_product HTTP/1.0" 302 476 "-" "Mozilla/5.0 (compatible; SemrushBot/7~bl; +http://www.semrush.com/bot.html)"
40.77.167.106 - - [10/Aug/2021:22:37:50 +0200] "GET /-p-24881.html HTTP/1.0" 200 70200 "-" "Mozilla/5.0 (compatible; bingbot/2.0; +http://www.bing.com/bingbot.htm)"
207.46.13.101 - - [10/Aug/2021:22:38:01 +0200] "GET /heart-home-friendly-stick-diffuser-bamboo-ginger-p-52804.html HTTP/1.0" 200 74048 "-" "Mozilla/5.0 (compatible; bingbot/2.0; +http://www.bing.com/bingbot.htm)"
54.36.148.242 - - [10/Aug/2021:22:38:01 +0200] "GET /boho-buffalo-head-plaid-p-42909.html HTTP/1.0" 200 72937 "-" "Mozilla/5.0 (compatible; AhrefsBot/7.0; +http://ahrefs.com/robot/)"
64.62.252.176 - - [10/Aug/2021:22:38:03 +0200] "GET /frida-khalo-saucer-p-50157.html HTTP/1.0" 200 72858 "-" "The Knowledge AI"
147.92.153.11 - - [10/Aug/2021:22:38:08 +0200] "GET /stationery-cardmaking-c-129.html HTTP/1.0" 200 92254 "-" "Mozilla/5.0 (compatible; Linespider/1.1; +https://lin.ee/4dwXkTH)"
207.46.13.101 - - [10/Aug/2021:22:38:11 +0200] "GET /iron-statue-candy-p-30912.html HTTP/1.0" 200 72927 "-" "Mozilla/5.0 (compatible; bingbot/2.0; +http://www.bing.com/bingbot.htm)"
207.46.13.101 - - [10/Aug/2021:22:38:12 +0200] "GET /braided-straw-basket-with-black-straps-p-52282.html HTTP/1.0" 200 73819 "-" "Mozilla/5.0 (compatible; bingbot/2.0; +http://www.bing.com/bingbot.htm)"
62.210.188.218 - - [10/Aug/2021:22:38:15 +0200] "GET /plush-christmas-tree-decoration-10-cm-p-49653.html HTTP/1.0" 301 70424 "-" "Mozilla/5.0 (compatible; Barkrowler/0.9; +https://babbar.tech/crawler)"
157.55.39.156 - - [10/Aug/2021:22:38:15 +0200] "GET /-p-21576.html HTTP/1.0" 200 70200 "-" "Mozilla/5.0 (compatible; bingbot/2.0; +http://www.bing.com/bingbot.htm)"
122.186.159.166 - - [10/Aug/2021:22:38:21 +0200] "GET /wp-login.php HTTP/1.0" 404 1308 "-" "Mozilla/5.0 (Windows NT 10.0; WOW64; Trident/7.0; rv:11.0) like Gecko"
157.55.39.5 - - [10/Aug/2021:22:38:21 +0200] "GET /-p-51873.html HTTP/1.0" 200 70200 "-" "Mozilla/5.0 (compatible; bingbot/2.0; +http://www.bing.com/bingbot.htm)"
122.186.159.166 - - [10/Aug/2021:22:38:21 +0200] "GET /xmlrpc.php HTTP/1.0" 404 1308 "-" "Mozilla/5.0 (Windows NT 10.0; WOW64; Trident/7.0; rv:11.0) like Gecko"
64.62.252.176 - - [10/Aug/2021:22:38:21 +0200] "GET /frida-khalo-saucer-p-50158.html HTTP/1.0" 200 72860 "-" "The Knowledge AI"
207.46.13.127 - - [10/Aug/2021:22:38:26 +0200] "GET /-p-13951.html HTTP/1.0" 200 70200 "-" "Mozilla/5.0 (compatible; bingbot/2.0; +http://www.bing.com/bingbot.htm)"
62.210.188.218 - - [10/Aug/2021:22:38:28 +0200] "GET /jolly-mah-nici-charm-phone-charm-p-33460.html HTTP/1.0" 301 73020 "-" "Mozilla/5.0 (compatible; Barkrowler/0.9; +https://babbar.tech/crawler)"
62.210.188.218 - - [10/Aug/2021:22:38:38 +0200] "GET /hourglass-retro-metal-and-glass-24-cm-p-52210.html HTTP/1.0" 301 73901 "-" "Mozilla/5.0 (compatible; Barkrowler/0.9; +https://babbar.tech/crawler)"
64.62.252.176 - - [10/Aug/2021:22:38:39 +0200] "GET /frida-khalo-saucer-p-50159.html HTTP/1.0" 200 72858 "-" "The Knowledge AI"
62.210.188.218 - - [10/Aug/2021:22:38:51 +0200] "GET /doormats-and-entrance-carpets-c-11_269_266.html?page=2 HTTP/1.0" 301 88668 "-" "Mozilla/5.0 (compatible; Barkrowler/0.9; +https://babbar.tech/crawler)"
185.191.171.38 - - [10/Aug/2021:22:38:55 +0200] "GET /cotton-floor-cushion-chrysler-40-40-30-cm-p-49128.html HTTP/1.0" 301 70267 "-" "Mozilla/5.0 (compatible; SemrushBot/7~bl; +http://www.semrush.com/bot.html)"
64.62.252.176 - - [10/Aug/2021:22:38:57 +0200] "GET /frida-khalo-saucer-p-50160.html HTTP/1.0" 200 72860 "-" "The Knowledge AI"
185.191.171.23 - - [10/Aug/2021:22:38:57 +0200] "GET /-p-49128.html HTTP/1.0" 200 70200 "-" "Mozilla/5.0 (compatible; SemrushBot/7~bl; +http://www.semrush.com/bot.html)"
110.249.201.18 - - [10/Aug/2021:22:39:02 +0200] "GET /cbkration-toiletry-p-41044.html HTTP/1.0" 200 72949 "-" "Mozilla/5.0 (Linux; Android 5.0) AppleWebKit/537.36 (KHTML, like Gecko) Mobile Safari/537.36 (compatible; Bytespider; https://zhanzhang.toutiao.com/)"
62.210.188.218 - - [10/Aug/2021:22:39:02 +0200] "GET /andorra-mousepad-by-cbkreation-p-36709.html HTTP/1.0" 301 73010 "-" "Mozilla/5.0 (compatible; Barkrowler/0.9; +https://babbar.tech/crawler)"
110.249.201.5 - - [10/Aug/2021:22:39:03 +0200] "GET /swfobject.js HTTP/1.0" 404 1308 "http://www.wonder-geek.com/cbkration-toiletry-p-41044.html" "Mozilla/5.0 (Linux; Android 5.0) AppleWebKit/537.36 (KHTML, like Gecko) Mobile Safari/537.36 (compatible; Bytespider; https://zhanzhang.toutiao.com/)"
110.249.201.17 - - [10/Aug/2021:22:39:05 +0200] "GET /highslide/graphics/zoomout.cur HTTP/1.0" 200 614 "http://www.wonder-geek.com/cbkration-toiletry-p-41044.html" "Mozilla/5.0 (Linux; Android 5.0) AppleWebKit/537.36 (KHTML, like Gecko) Mobile Safari/537.36 (compatible; Bytespider; https://zhanzhang.toutiao.com/)"
110.249.201.7 - - [10/Aug/2021:22:39:05 +0200] "GET /images/big_prod/1399986100248.jpg HTTP/1.0" 200 268 "http://www.wonder-geek.com/cbkration-toiletry-p-41044.html" "Mozilla/5.0 (Linux; Android 5.0) AppleWebKit/537.36 (KHTML, like Gecko) Mobile Safari/537.36 (compatible; Bytespider; https://zhanzhang.toutiao.com/)"
64.62.252.176 - - [10/Aug/2021:22:39:15 +0200] "GET /frida-khalo-saucer-p-50161.html HTTP/1.0" 200 72858 "-" "The Knowledge AI"
54.36.148.242 - - [10/Aug/2021:22:39:16 +0200] "GET /citron-large-metal-plate-deco-p-26443.html HTTP/1.0" 200 72872 "-" "Mozilla/5.0 (compatible; AhrefsBot/7.0; +http://ahrefs.com/robot/)"
62.210.188.218 - - [10/Aug/2021:22:39:17 +0200] "GET /retro-wooden-motorcycle-frame-to-hard-game-p-46417.html HTTP/1.0" 301 70458 "-" "Mozilla/5.0 (compatible; Barkrowler/0.9; +https://babbar.tech/crawler)"
62.210.188.218 - - [10/Aug/2021:22:39:27 +0200] "GET /liechtenstein-clock-by-cbkreation-p-36928.html HTTP/1.0" 301 72992 "-" "Mozilla/5.0 (compatible; Barkrowler/0.9; +https://babbar.tech/crawler)"
64.62.252.176 - - [10/Aug/2021:22:39:33 +0200] "GET /frida-khalo-saucer-p-50162.html HTTP/1.0" 200 72858 "-" "The Knowledge AI"
62.210.188.218 - - [10/Aug/2021:22:39:41 +0200] "GET /great-wallet-pocket-pepe-jeans-bohemian-p-38580.html HTTP/1.0" 200 73781 "-" "Mozilla/5.0 (compatible; Barkrowler/0.9; +https://babbar.tech/crawler)"
54.36.148.94 - - [10/Aug/2021:22:39:43 +0200] "GET /peace-clock-by-cbk-p-24375.html HTTP/1.0" 301 73043 "-" "Mozilla/5.0 (compatible; AhrefsBot/7.0; +http://ahrefs.com/robot/)"
64.62.252.176 - - [10/Aug/2021:22:39:50 +0200] "GET /frida-khalo-saucer-p-50163.html HTTP/1.0" 200 72858 "-" "The Knowledge AI"
185.191.171.38 - - [10/Aug/2021:22:40:05 +0200] "GET /adhesive-roll-wood-p-53551.html?action=add_product HTTP/1.0" 302 476 "-" "Mozilla/5.0 (compatible; SemrushBot/7~bl; +http://www.semrush.com/bot.html)"
64.62.252.176 - - [10/Aug/2021:22:40:09 +0200] "GET /frida-khalo-saucer-p-50164.html HTTP/1.0" 200 72858 "-" "The Knowledge AI"
185.191.171.8 - - [10/Aug/2021:22:40:12 +0200] "GET /perfumes-interior-c-231_234.html HTTP/1.0" 200 90004 "-" "Mozilla/5.0 (compatible; SemrushBot/7~bl; +http://www.semrush.com/bot.html)"
62.210.188.218 - - [10/Aug/2021:22:40:14 +0200] "GET /harley-davidson-2011-xr1200x-118-p-37782.html HTTP/1.0" 301 70267 "-" "Mozilla/5.0 (compatible; Barkrowler/0.9; +https://babbar.tech/crawler)"
64.62.252.176 - - [10/Aug/2021:22:40:26 +0200] "GET /jasmin-saucer-p-37959.html HTTP/1.0" 200 72849 "-" "The Knowledge AI"
62.210.188.218 - - [10/Aug/2021:22:40:31 +0200] "GET /small-box-for-baby-teeth-pink-p-36446.html HTTP/1.0" 301 73078 "-" "Mozilla/5.0 (compatible; Barkrowler/0.9; +https://babbar.tech/crawler)"
54.36.148.242 - - [10/Aug/2021:22:40:37 +0200] "GET /studio-pets-plush-kitten-p-54200.html HTTP/1.0" 200 73671 "-" "Mozilla/5.0 (compatible; AhrefsBot/7.0; +http://ahrefs.com/robot/)"
62.210.188.218 - - [10/Aug/2021:22:40:44 +0200] "GET /small-box-for-baby-teeth-gold-p-36445.html HTTP/1.0" 301 73079 "-" "Mozilla/5.0 (compatible; Barkrowler/0.9; +https://babbar.tech/crawler)"
207.46.13.101 - - [10/Aug/2021:22:40:52 +0200] "GET /-p-24933.html HTTP/1.0" 200 70200 "-" "Mozilla/5.0 (compatible; bingbot/2.0; +http://www.bing.com/bingbot.htm)"
62.210.188.218 - - [10/Aug/2021:22:41:01 +0200] "GET /surf-welcome-wooden-wall-decoration-to-hang-p-41391.html HTTP/1.0" 301 73201 "-" "Mozilla/5.0 (compatible; Barkrowler/0.9; +https://babbar.tech/crawler)"
64.62.252.176 - - [10/Aug/2021:22:41:02 +0200] "GET /saucer-p-40670.html HTTP/1.0" 200 72742 "-" "The Knowledge AI"
157.55.39.44 - - [10/Aug/2021:22:41:11 +0200] "GET /fragrance-sachet-sweet-black-cherries-p-40543.html HTTP/1.0" 200 70296 "-" "Mozilla/5.0 (compatible; bingbot/2.0; +http://www.bing.com/bingbot.htm)"
62.210.188.218 - - [10/Aug/2021:22:41:15 +0200] "GET /pet-rug-60-80-cm-chien-lechant-p-49543.html HTTP/1.0" 301 72801 "-" "Mozilla/5.0 (compatible; Barkrowler/0.9; +https://babbar.tech/crawler)"
207.46.13.101 - - [10/Aug/2021:22:41:15 +0200] "GET /princess-sofia-chair-p-28198.html HTTP/1.0" 200 72820 "-" "Mozilla/5.0 (compatible; bingbot/2.0; +http://www.bing.com/bingbot.htm)"
66.249.66.218 - - [10/Aug/2021:22:41:16 +0200] "GET /norton-manx-large-metal-plate-deco-p-34121.html HTTP/1.0" 200 70326 "-" "Mozilla/5.0 (Linux; Android 6.0.1; Nexus 5X Build/MMB29P) AppleWebKit/537.36 (KHTML, like Gecko) Chrome/92.0.4515.119 Mobile Safari/537.36 (compatible; Googlebot/2.1; +http://www.google.com/bot.html)"
64.62.252.176 - - [10/Aug/2021:22:41:20 +0200] "GET /saucer-p-40671.html HTTP/1.0" 200 72743 "-" "The Knowledge AI"
185.191.171.20 - - [10/Aug/2021:22:41:21 +0200] "GET /rattan-tealight-p-45379.html HTTP/1.0" 200 72904 "-" "Mozilla/5.0 (compatible; SemrushBot/7~bl; +http://www.semrush.com/bot.html)"
62.210.188.218 - - [10/Aug/2021:22:41:34 +0200] "GET /beatles-back-in-the-ussr-large-coin-purse-p-8092.html HTTP/1.0" 301 73224 "-" "Mozilla/5.0 (compatible; Barkrowler/0.9; +https://babbar.tech/crawler)"
64.62.252.176 - - [10/Aug/2021:22:41:39 +0200] "GET /saucer-p-40672.html HTTP/1.0" 200 72743 "-" "The Knowledge AI"
62.210.188.218 - - [10/Aug/2021:22:41:47 +0200] "GET /cinderella-peel-and-stick-wall-decals-p-14428.html HTTP/1.0" 301 73196 "-" "Mozilla/5.0 (compatible; Barkrowler/0.9; +https://babbar.tech/crawler)"
54.36.148.242 - - [10/Aug/2021:22:41:56 +0200] "GET /tetsubin-plum-teapot-japanese-liter-p-40901.html HTTP/1.0" 200 73160 "-" "Mozilla/5.0 (compatible; AhrefsBot/7.0; +http://ahrefs.com/robot/)"
185.191.171.44 - - [10/Aug/2021:22:41:56 +0200] "GET /rococo-pink-retro-clock-p-34239.html HTTP/1.0" 301 70267 "-" "Mozilla/5.0 (compatible; SemrushBot/7~bl; +http://www.semrush.com/bot.html)"
185.191.171.45 - - [10/Aug/2021:22:41:58 +0200] "GET /-p-34239.html HTTP/1.0" 200 70200 "-" "Mozilla/5.0 (compatible; SemrushBot/7~bl; +http://www.semrush.com/bot.html)"
64.62.252.176 - - [10/Aug/2021:22:41:59 +0200] "GET /saucer-p-40673.html HTTP/1.0" 200 72742 "-" "The Knowledge AI"
62.210.188.218 - - [10/Aug/2021:22:42:01 +0200] "GET /dora-the-explorater-ceiling-light-glass-p-18758.html HTTP/1.0" 301 70440 "-" "Mozilla/5.0 (compatible; Barkrowler/0.9; +https://babbar.tech/crawler)"
66.249.66.220 - - [10/Aug/2021:22:42:08 +0200] "GET /minions-poster-p-30932.html HTTP/1.0" 200 72787 "-" "Mozilla/5.0 (compatible; Googlebot/2.1; +http://www.google.com/bot.html)"
157.55.39.156 - - [10/Aug/2021:22:42:13 +0200] "GET /rolling-stones-black-zippo-lighter-p-32569.html HTTP/1.0" 200 75399 "-" "Mozilla/5.0 (compatible; bingbot/2.0; +http://www.bing.com/bingbot.htm)"
17.121.113.208 - - [10/Aug/2021:22:42:16 +0200] "GET /led-lamp-spirit-70-green-p-41938.html HTTP/1.0" 301 70267 "-" "Mozilla/5.0 (Macintosh; Intel Mac OS X 10_15_5) AppleWebKit/605.1.15 (KHTML, like Gecko) Version/13.1.1 Safari/605.1.15 (Applebot/0.1; +http://www.apple.com/go/applebot)"
17.121.113.208 - - [10/Aug/2021:22:42:17 +0200] "GET /-p-41938.html HTTP/1.0" 200 70200 "-" "Mozilla/5.0 (Macintosh; Intel Mac OS X 10_15_5) AppleWebKit/605.1.15 (KHTML, like Gecko) Version/13.1.1 Safari/605.1.15 (Applebot/0.1; +http://www.apple.com/go/applebot)"
62.210.188.218 - - [10/Aug/2021:22:42:16 +0200] "GET /paris-cafe-de-la-gare-vintage-clock-70-cm-p-50367.html HTTP/1.0" 301 70411 "-" "Mozilla/5.0 (compatible; Barkrowler/0.9; +https://babbar.tech/crawler)"
64.62.252.176 - - [10/Aug/2021:22:42:16 +0200] "GET /saucer-p-53817.html HTTP/1.0" 200 72786 "-" "The Knowledge AI"
54.36.148.133 - - [10/Aug/2021:22:42:25 +0200] "GET /cotton-floor-cushion-43-cm-nelia-p-53917.html HTTP/1.0" 301 73623 "-" "Mozilla/5.0 (compatible; AhrefsBot/7.0; +http://ahrefs.com/robot/)"
62.210.188.218 - - [10/Aug/2021:22:42:30 +0200] "GET /teapot-with-stainless-steel-infuser-p-48246.html HTTP/1.0" 200 72970 "-" "Mozilla/5.0 (compatible; Barkrowler/0.9; +https://babbar.tech/crawler)"
64.62.252.176 - - [10/Aug/2021:22:42:34 +0200] "GET /saucer-p-53819.html HTTP/1.0" 200 72786 "-" "The Knowledge AI"
157.55.39.51 - - [10/Aug/2021:22:42:37 +0200] "GET /-p-32223.html HTTP/1.0" 200 70200 "-" "Mozilla/5.0 (compatible; bingbot/2.0; +http://www.bing.com/bingbot.htm)"
157.55.39.51 - - [10/Aug/2021:22:42:38 +0200] "GET /-p-18556.html HTTP/1.0" 200 70200 "-" "Mozilla/5.0 (compatible; bingbot/2.0; +http://www.bing.com/bingbot.htm)"
62.210.188.218 - - [10/Aug/2021:22:42:44 +0200] "GET /tea-and-coffee-box-aluminum-look-p-52209.html HTTP/1.0" 301 70381 "-" "Mozilla/5.0 (compatible; Barkrowler/0.9; +https://babbar.tech/crawler)"
64.62.252.176 - - [10/Aug/2021:22:42:51 +0200] "GET /saucer-p-53820.html HTTP/1.0" 200 72785 "-" "The Knowledge AI"
66.249.66.216 - - [10/Aug/2021:22:42:57 +0200] "GET /-p-13213.html HTTP/1.0" 200 70200 "-" "Mozilla/5.0 (Linux; Android 6.0.1; Nexus 5X Build/MMB29P) AppleWebKit/537.36 (KHTML, like Gecko) Chrome/92.0.4515.119 Mobile Safari/537.36 (compatible; Googlebot/2.1; +http://www.google.com/bot.html)"
62.210.188.218 - - [10/Aug/2021:22:42:57 +0200] "GET /tealight-holders-and-candle-holders-c-231_230.html?page=1 HTTP/1.0" 301 92004 "-" "Mozilla/5.0 (compatible; Barkrowler/0.9; +https://babbar.tech/crawler)"
54.36.148.176 - - [10/Aug/2021:22:43:09 +0200] "GET /grill-menu-wooden-wall-decoration-to-hang-p-44742.html HTTP/1.0" 301 73190 "-" "Mozilla/5.0 (compatible; AhrefsBot/7.0; +http://ahrefs.com/robot/)"
64.62.252.176 - - [10/Aug/2021:22:43:09 +0200] "GET /saucer-p-53821.html HTTP/1.0" 200 72786 "-" "The Knowledge AI"
62.210.188.218 - - [10/Aug/2021:22:43:11 +0200] "GET /tealight-holders-and-candle-holders-c-231_230.html?page=5 HTTP/1.0" 301 92552 "-" "Mozilla/5.0 (compatible; Barkrowler/0.9; +https://babbar.tech/crawler)"
54.36.148.242 - - [10/Aug/2021:22:43:11 +0200] "GET /boho-dream-catches-pink-plaid-p-42907.html HTTP/1.0" 200 72985 "-" "Mozilla/5.0 (compatible; AhrefsBot/7.0; +http://ahrefs.com/robot/)"
62.210.188.218 - - [10/Aug/2021:22:43:25 +0200] "GET /tealight-holders-and-candle-holders-c-231_230.html?page=2 HTTP/1.0" 301 93327 "-" "Mozilla/5.0 (compatible; Barkrowler/0.9; +https://babbar.tech/crawler)"
64.62.252.176 - - [10/Aug/2021:22:43:26 +0200] "GET /saucer-p-53823.html HTTP/1.0" 200 72786 "-" "The Knowledge AI"
157.55.39.156 - - [10/Aug/2021:22:43:33 +0200] "GET /-p-29829.html HTTP/1.0" 200 70200 "-" "Mozilla/5.0 (compatible; bingbot/2.0; +http://www.bing.com/bingbot.htm)"
185.191.171.25 - - [10/Aug/2021:22:43:35 +0200] "GET /kimmi-junior-glass-p-11840.html HTTP/1.0" 200 72744 "-" "Mozilla/5.0 (compatible; SemrushBot/7~bl; +http://www.semrush.com/bot.html)"
64.62.252.176 - - [10/Aug/2021:22:43:45 +0200] "GET /jane-crowther-ziggy-saucer-p-54267.html HTTP/1.0" 200 72910 "-" "The Knowledge AI"
157.55.39.122 - - [10/Aug/2021:22:43:45 +0200] "GET /-p-49112.html HTTP/1.0" 200 70200 "-" "Mozilla/5.0 (compatible; bingbot/2.0; +http://www.bing.com/bingbot.htm)"
62.210.188.218 - - [10/Aug/2021:22:43:46 +0200] "GET /miso-cute-kimmidoll-love-pen-p-21767.html HTTP/1.0" 301 77385 "-" "Mozilla/5.0 (compatible; Barkrowler/0.9; +https://babbar.tech/crawler)"
64.62.252.176 - - [10/Aug/2021:22:44:01 +0200] "GET /tea-pot-c-12_175.html?page=2 HTTP/1.0" 200 92247 "-" "The Knowledge AI"
62.210.188.218 - - [10/Aug/2021:22:44:02 +0200] "GET /marseille-little-tray-20-14-cm-p-47718.html HTTP/1.0" 301 73011 "-" "Mozilla/5.0 (compatible; Barkrowler/0.9; +https://babbar.tech/crawler)"
58.96.152.98 - - [10/Aug/2021:22:44:14 +0200] "GET /contact_us.php HTTP/1.0" 200 26241 "http://www.wonder-geek.com/contact_us.php" "Mozilla/5.0 (Windows NT 10.0; ) AppleWebKit/537.36 (KHTML, like Gecko) Chrome/83.0.4103.34 Safari/537.36 Edg/83.0.478.25"
62.210.188.218 - - [10/Aug/2021:22:44:16 +0200] "GET /disney-princesses-peel-and-stick-wall-decals-p-18814.html HTTP/1.0" 301 73095 "-" "Mozilla/5.0 (compatible; Barkrowler/0.9; +https://babbar.tech/crawler)"
64.62.252.176 - - [10/Aug/2021:22:44:18 +0200] "GET /tea-pot-c-12_175.html?page=3 HTTP/1.0" 200 92712 "-" "The Knowledge AI"
66.249.66.216 - - [10/Aug/2021:22:44:19 +0200] "GET /favourite-friends-puppy-kids-school-backpack-p-41086.html HTTP/1.0" 200 73111 "-" "Mozilla/5.0 (compatible; Googlebot/2.1; +http://www.google.com/bot.html)"
207.46.13.127 - - [10/Aug/2021:22:44:24 +0200] "GET /milk-large-bowl-p-51424.html HTTP/1.0" 200 70250 "-" "Mozilla/5.0 (compatible; bingbot/2.0; +http://www.bing.com/bingbot.htm)"
54.36.148.242 - - [10/Aug/2021:22:44:29 +0200] "GET /boho-wolf-head-plaid-p-42908.html HTTP/1.0" 200 72938 "-" "Mozilla/5.0 (compatible; AhrefsBot/7.0; +http://ahrefs.com/robot/)"
62.210.188.218 - - [10/Aug/2021:22:44:29 +0200] "GET /bolster-case-45-185-cm-brown-p-36587.html HTTP/1.0" 301 73182 "-" "Mozilla/5.0 (compatible; Barkrowler/0.9; +https://babbar.tech/crawler)"
157.55.39.156 - - [10/Aug/2021:22:44:34 +0200] "GET /suitcaselittle-suitcase-trolley-c-31_79.html?page=6 HTTP/1.0" 200 77794 "-" "Mozilla/5.0 (compatible; bingbot/2.0; +http://www.bing.com/bingbot.htm)"
66.249.66.218 - - [10/Aug/2021:22:44:36 +0200] "GET /cake-stand-with-cakes-money-bank-collection-p-17640.html HTTP/1.0" 200 73035 "-" "Mozilla/5.0 (Linux; Android 6.0.1; Nexus 5X Build/MMB29P) AppleWebKit/537.36 (KHTML, like Gecko) Chrome/92.0.4515.119 Mobile Safari/537.36 (compatible; Googlebot/2.1; +http://www.google.com/bot.html)"
64.62.252.176 - - [10/Aug/2021:22:44:38 +0200] "GET /tea-pot-c-12_175.html?page=4 HTTP/1.0" 200 92297 "-" "The Knowledge AI"
185.191.171.24 - - [10/Aug/2021:22:44:39 +0200] "GET /figurine-ursula-disney-traditions-deep-trouble-p-54996.html HTTP/1.0" 200 74481 "-" "Mozilla/5.0 (compatible; SemrushBot/7~bl; +http://www.semrush.com/bot.html)"
207.46.13.127 - - [10/Aug/2021:22:44:44 +0200] "GET /-p-11466.html HTTP/1.0" 200 70200 "-" "Mozilla/5.0 (compatible; bingbot/2.0; +http://www.bing.com/bingbot.htm)"
62.210.188.218 - - [10/Aug/2021:22:44:46 +0200] "GET /travel-documents-set-cb-passport-and-boarding-pass-p-47347.html HTTP/1.0" 301 73967 "-" "Mozilla/5.0 (compatible; Barkrowler/0.9; +https://babbar.tech/crawler)"
64.62.252.176 - - [10/Aug/2021:22:44:55 +0200] "GET /tea-pot-c-12_175.html?page=5 HTTP/1.0" 200 92930 "-" "The Knowledge AI"
62.210.188.218 - - [10/Aug/2021:22:44:59 +0200] "GET /home-fragrance-heart-and-home-rosewood-vanilla-p-52816.html HTTP/1.0" 301 74367 "-" "Mozilla/5.0 (compatible; Barkrowler/0.9; +https://babbar.tech/crawler)"
62.210.188.218 - - [10/Aug/2021:22:45:14 +0200] "GET /iphone-black-shell-44s-with-personalized-picture-p-16338.html HTTP/1.0" 301 73402 "-" "Mozilla/5.0 (compatible; Barkrowler/0.9; +https://babbar.tech/crawler)"
64.62.252.176 - - [10/Aug/2021:22:45:15 +0200] "GET /tea-pot-c-12_175.html?page=6 HTTP/1.0" 200 92652 "-" "The Knowledge AI"
62.210.188.218 - - [10/Aug/2021:22:45:29 +0200] "GET /tania-velvet-chair-cushion-beige-40-cm-p-49352.html HTTP/1.0" 301 73912 "-" "Mozilla/5.0 (compatible; Barkrowler/0.9; +https://babbar.tech/crawler)"
64.62.252.176 - - [10/Aug/2021:22:45:36 +0200] "GET /tea-pot-c-12_175.html?page=7 HTTP/1.0" 200 92568 "-" "The Knowledge AI"
157.55.39.51 - - [10/Aug/2021:22:45:37 +0200] "GET /-p-14097.html HTTP/1.0" 200 70200 "-" "Mozilla/5.0 (compatible; bingbot/2.0; +http://www.bing.com/bingbot.htm)"
54.36.148.242 - - [10/Aug/2021:22:45:41 +0200] "GET /large-metal-plate-collection-vespa-epoca-p-35022.html HTTP/1.0" 200 73442 "-" "Mozilla/5.0 (compatible; AhrefsBot/7.0; +http://ahrefs.com/robot/)"
157.55.39.122 - - [10/Aug/2021:22:45:42 +0200] "GET /black-horse-moneybox-p-25021.html HTTP/1.0" 200 73427 "-" "Mozilla/5.0 (compatible; bingbot/2.0; +http://www.bing.com/bingbot.htm)"
157.55.39.122 - - [10/Aug/2021:22:45:45 +0200] "GET /chouchou-ceramic-solitary-teapot-p-52663.html HTTP/1.0" 200 72893 "-" "Mozilla/5.0 (compatible; bingbot/2.0; +http://www.bing.com/bingbot.htm)"
185.191.171.17 - - [10/Aug/2021:22:45:46 +0200] "GET /cotton-floor-cushion-red-45-cm-darla-p-43218.html HTTP/1.0" 301 70267 "-" "Mozilla/5.0 (compatible; SemrushBot/7~bl; +http://www.semrush.com/bot.html)"
62.210.188.218 - - [10/Aug/2021:22:45:46 +0200] "GET /god-save-the-queen-cushion-cbkreation-p-20699.html HTTP/1.0" 301 70396 "-" "Mozilla/5.0 (compatible; Barkrowler/0.9; +https://babbar.tech/crawler)"
185.191.171.25 - - [10/Aug/2021:22:45:49 +0200] "GET /-p-43218.html HTTP/1.0" 200 70200 "-" "Mozilla/5.0 (compatible; SemrushBot/7~bl; +http://www.semrush.com/bot.html)"
40.77.167.106 - - [10/Aug/2021:22:45:50 +0200] "GET /-p-37600.html HTTP/1.0" 200 70200 "-" "Mozilla/5.0 (compatible; bingbot/2.0; +http://www.bing.com/bingbot.htm)"
64.62.252.176 - - [10/Aug/2021:22:45:53 +0200] "GET /tea-pot-c-12_175.html?page=8 HTTP/1.0" 200 83959 "-" "The Knowledge AI"
185.191.171.4 - - [10/Aug/2021:22:45:59 +0200] "GET /tree-of-life-side-tables-p-53061.html HTTP/1.0" 301 72979 "-" "Mozilla/5.0 (compatible; SemrushBot/7~bl; +http://www.semrush.com/bot.html)"
185.191.171.45 - - [10/Aug/2021:22:46:02 +0200] "GET /tree-life-side-tables-p-53061.html HTTP/1.0" 200 72891 "-" "Mozilla/5.0 (compatible; SemrushBot/7~bl; +http://www.semrush.com/bot.html)"
62.210.188.218 - - [10/Aug/2021:22:46:07 +0200] "GET /magnet-resin-plaisirs-de-france-made-in-france-p-39447.html HTTP/1.0" 301 73202 "-" "Mozilla/5.0 (compatible; Barkrowler/0.9; +https://babbar.tech/crawler)"
64.62.252.176 - - [10/Aug/2021:22:46:10 +0200] "GET /flamingo-teapot-p-48244.html HTTP/1.0" 200 73418 "-" "The Knowledge AI"
185.191.171.33 - - [10/Aug/2021:22:46:19 +0200] "GET /little-prince-night-light-stars-projector-musical-p-36926.html HTTP/1.0" 200 70394 "-" "Mozilla/5.0 (compatible; SemrushBot/7~bl; +http://www.semrush.com/bot.html)"
62.210.188.218 - - [10/Aug/2021:22:46:22 +0200] "GET /magnet-camembert-prsident-made-france-p-51747.html HTTP/1.0" 200 73053 "-" "Mozilla/5.0 (compatible; Barkrowler/0.9; +https://babbar.tech/crawler)"
64.62.252.176 - - [10/Aug/2021:22:46:29 +0200] "GET /green-teapot-p-54061.html HTTP/1.0" 200 73473 "-" "The Knowledge AI"
51.68.224.127 - - [10/Aug/2021:22:46:31 +0200] "GET /adminweb/export_orders_xml.php?token=256de2z6edz6ed2z6DFSFsed2zed6zeDSFDSGdzedezfzf&maxorders=10&orderstart=1&status=14&start_date=2018-10-01 HTTP/1.0" 200 285 "-" "GesCom CharlotteBoutik Serveur"
51.68.224.127 - - [10/Aug/2021:22:46:31 +0200] "GET /adminweb/export_orders_xml.php?token=256de2z6edz6ed2z6DFSFsed2zed6zeDSFDSGdzedezfzf&maxorders=10&orderstart=1&status=6&start_date=2018-10-01 HTTP/1.0" 200 28601 "-" "GesCom CharlotteBoutik Serveur"
62.210.188.218 - - [10/Aug/2021:22:46:37 +0200] "GET /multifunctional-clamp-stainless-steel-p-37497.html HTTP/1.0" 200 73055 "-" "Mozilla/5.0 (compatible; Barkrowler/0.9; +https://babbar.tech/crawler)"
64.62.252.176 - - [10/Aug/2021:22:46:47 +0200] "GET /teapot-p-52205.html HTTP/1.0" 200 73733 "-" "The Knowledge AI"
62.210.188.218 - - [10/Aug/2021:22:46:52 +0200] "GET /star-wars-tie-ship-vehicle-miniature-p-33426.html HTTP/1.0" 301 70267 "-" "Mozilla/5.0 (compatible; Barkrowler/0.9; +https://babbar.tech/crawler)"
54.36.148.242 - - [10/Aug/2021:22:46:54 +0200] "GET /espresso-cups-marseille-p-51374.html HTTP/1.0" 200 72858 "-" "Mozilla/5.0 (compatible; AhrefsBot/7.0; +http://ahrefs.com/robot/)"
62.210.188.218 - - [10/Aug/2021:22:47:07 +0200] "GET /resin-statue-little-monk-in-blue-dress-p-52809.html HTTP/1.0" 301 73093 "-" "Mozilla/5.0 (compatible; Barkrowler/0.9; +https://babbar.tech/crawler)"
64.62.252.176 - - [10/Aug/2021:22:47:18 +0200] "GET /cats-ceramic-teapot-p-45925.html HTTP/1.0" 200 72817 "-" "The Knowledge AI"
62.210.188.218 - - [10/Aug/2021:22:47:22 +0200] "GET /nasa-bedclothes-140-200-cm-p-49668.html HTTP/1.0" 301 73923 "-" "Mozilla/5.0 (compatible; Barkrowler/0.9; +https://babbar.tech/crawler)"
185.191.171.5 - - [10/Aug/2021:22:47:33 +0200] "GET /retro-coffee-cups-p-47780.html?action=add_product HTTP/1.0" 302 476 "-" "Mozilla/5.0 (compatible; SemrushBot/7~bl; +http://www.semrush.com/bot.html)"
64.62.252.176 - - [10/Aug/2021:22:47:33 +0200] "GET /little-hearts-p-52284.html HTTP/1.0" 200 73855 "-" "The Knowledge AI"
66.249.66.218 - - [10/Aug/2021:22:47:36 +0200] "GET /strawberry-shortcake-poncho-years-p-31119.html HTTP/1.0" 200 74100 "-" "Mozilla/5.0 (Linux; Android 6.0.1; Nexus 5X Build/MMB29P) AppleWebKit/537.36 (KHTML, like Gecko) Chrome/92.0.4515.119 Mobile Safari/537.36 (compatible; Googlebot/2.1; +http://www.google.com/bot.html)"
64.62.252.176 - - [10/Aug/2021:22:47:50 +0200] "GET /little-hearts-p-52286.html HTTP/1.0" 200 72842 "-" "The Knowledge AI"
64.62.252.176 - - [10/Aug/2021:22:48:08 +0200] "GET /little-hearts-p-52287.html HTTP/1.0" 200 73449 "-" "The Knowledge AI"
54.36.148.242 - - [10/Aug/2021:22:48:09 +0200] "GET /john-deere-large-metal-plate-deco-p-33726.html HTTP/1.0" 200 72918 "-" "Mozilla/5.0 (compatible; AhrefsBot/7.0; +http://ahrefs.com/robot/)"
64.62.252.176 - - [10/Aug/2021:22:48:25 +0200] "GET /little-hearts-p-52288.html HTTP/1.0" 200 73449 "-" "The Knowledge AI"
64.62.252.176 - - [10/Aug/2021:22:48:42 +0200] "GET /fishes-teapot-p-48245.html HTTP/1.0" 200 73425 "-" "The Knowledge AI"
64.62.252.176 - - [10/Aug/2021:22:48:59 +0200] "GET /cats-love-teapot-p-37392.html HTTP/1.0" 200 72814 "-" "The Knowledge AI"
207.46.13.127 - - [10/Aug/2021:22:49:05 +0200] "GET /transformers-soundwave-figure-to-build-p-21602.html HTTP/1.0" 301 70267 "-" "Mozilla/5.0 (compatible; bingbot/2.0; +http://www.bing.com/bingbot.htm)"
185.191.171.9 - - [10/Aug/2021:22:49:09 +0200] "GET /white-fitted-sheet-p-27506.html HTTP/1.0" 200 72761 "-" "Mozilla/5.0 (compatible; SemrushBot/7~bl; +http://www.semrush.com/bot.html)"
64.62.252.176 - - [10/Aug/2021:22:49:15 +0200] "GET /chabada-cats-teapot-p-44487.html HTTP/1.0" 200 72820 "-" "The Knowledge AI"
111.225.149.182 - - [10/Aug/2021:22:49:29 +0200] "GET /cbkration-toiletry-p-41043.html HTTP/1.0" 200 72949 "-" "Mozilla/5.0 (Linux; Android 5.0) AppleWebKit/537.36 (KHTML, like Gecko) Mobile Safari/537.36 (compatible; Bytespider; https://zhanzhang.toutiao.com/)"
111.225.149.182 - - [10/Aug/2021:22:49:30 +0200] "GET /swfobject.js HTTP/1.0" 404 1308 "http://www.wonder-geek.com/cbkration-toiletry-p-41043.html" "Mozilla/5.0 (Linux; Android 5.0) AppleWebKit/537.36 (KHTML, like Gecko) Mobile Safari/537.36 (compatible; Bytespider; https://zhanzhang.toutiao.com/)"
54.36.148.242 - - [10/Aug/2021:22:49:29 +0200] "GET /mugs-mazagrans-c-12_57.html?page=26 HTTP/1.0" 200 96922 "-" "Mozilla/5.0 (compatible; AhrefsBot/7.0; +http://ahrefs.com/robot/)"
64.62.252.176 - - [10/Aug/2021:22:49:31 +0200] "GET /scents-provence-teapot-p-52686.html HTTP/1.0" 200 72842 "-" "The Knowledge AI"
111.225.149.186 - - [10/Aug/2021:22:49:32 +0200] "GET /highslide/graphics/zoomout.cur HTTP/1.0" 200 614 "http://www.wonder-geek.com/cbkration-toiletry-p-41043.html" "Mozilla/5.0 (Linux; Android 5.0) AppleWebKit/537.36 (KHTML, like Gecko) Mobile Safari/537.36 (compatible; Bytespider; https://zhanzhang.toutiao.com/)"
157.55.39.156 - - [10/Aug/2021:22:49:44 +0200] "GET /-p-22633.html HTTP/1.0" 200 70200 "-" "Mozilla/5.0 (compatible; bingbot/2.0; +http://www.bing.com/bingbot.htm)"
157.55.39.122 - - [10/Aug/2021:22:49:47 +0200] "GET /harley-davidson-large-metal-plate-deco-p-38395.html HTTP/1.0" 200 72997 "-" "Mozilla/5.0 (compatible; bingbot/2.0; +http://www.bing.com/bingbot.htm)"
185.191.171.13 - - [10/Aug/2021:22:49:47 +0200] "GET /bucolic-atmosphere-rectangulary-cushion-cbkreation-p-49144.html HTTP/1.0" 200 70398 "-" "Mozilla/5.0 (compatible; SemrushBot/7~bl; +http://www.semrush.com/bot.html)"
64.62.252.176 - - [10/Aug/2021:22:49:48 +0200] "GET /lisboa-p-47119.html HTTP/1.0" 200 73516 "-" "The Knowledge AI"
207.46.13.127 - - [10/Aug/2021:22:49:48 +0200] "GET /caramel-butterfly-p-55642.html HTTP/1.0" 200 73694 "-" "Mozilla/5.0 (compatible; bingbot/2.0; +http://www.bing.com/bingbot.htm)"
185.191.171.9 - - [10/Aug/2021:22:49:50 +0200] "GET /merci-gustave-eiffel-tower-minnie-mouse-pink-p-32822.html HTTP/1.0" 200 70411 "-" "Mozilla/5.0 (compatible; SemrushBot/7~bl; +http://www.semrush.com/bot.html)"
185.191.171.37 - - [10/Aug/2021:22:49:52 +0200] "GET /valencia-bedclothes-p-43659.html HTTP/1.0" 301 70267 "-" "Mozilla/5.0 (compatible; SemrushBot/7~bl; +http://www.semrush.com/bot.html)"
185.191.171.14 - - [10/Aug/2021:22:49:55 +0200] "GET /-p-43659.html HTTP/1.0" 200 70200 "-" "Mozilla/5.0 (compatible; SemrushBot/7~bl; +http://www.semrush.com/bot.html)"
40.77.167.106 - - [10/Aug/2021:22:50:02 +0200] "GET /-p-16657.html HTTP/1.0" 200 70200 "-" "Mozilla/5.0 (compatible; bingbot/2.0; +http://www.bing.com/bingbot.htm)"
64.62.252.176 - - [10/Aug/2021:22:50:07 +0200] "GET /stars-teapot-p-55245.html HTTP/1.0" 200 73627 "-" "The Knowledge AI"
207.46.13.39 - - [10/Aug/2021:22:50:26 +0200] "GET /decoration-vase-silver-glass-p-52548.html HTTP/1.0" 200 70306 "-" "Mozilla/5.0 (compatible; bingbot/2.0; +http://www.bing.com/bingbot.htm)"
64.62.252.176 - - [10/Aug/2021:22:50:27 +0200] "GET /flowers-p-46833.html HTTP/1.0" 200 72773 "-" "The Knowledge AI"
64.62.252.176 - - [10/Aug/2021:22:50:43 +0200] "GET /lisboa-p-47118.html HTTP/1.0" 200 73598 "-" "The Knowledge AI"
54.36.148.242 - - [10/Aug/2021:22:50:46 +0200] "GET /harley-davidson-large-metal-plate-p-40291.html HTTP/1.0" 200 72969 "-" "Mozilla/5.0 (compatible; AhrefsBot/7.0; +http://ahrefs.com/robot/)"
64.62.252.176 - - [10/Aug/2021:22:51:00 +0200] "GET /mandala-p-43383.html HTTP/1.0" 200 73885 "-" "The Knowledge AI"
66.249.66.218 - - [10/Aug/2021:22:51:13 +0200] "GET /images/mini_prod/3609810025448a.jpg HTTP/1.0" 200 270 "-" "Googlebot-Image/1.0"
64.62.252.176 - - [10/Aug/2021:22:51:17 +0200] "GET /mandala-p-43384.html HTTP/1.0" 200 73885 "-" "The Knowledge AI"
157.55.39.5 - - [10/Aug/2021:22:51:21 +0200] "GET /purple-elephant-piggy-bank-p-47730.html HTTP/1.0" 200 72862 "-" "Mozilla/5.0 (compatible; bingbot/2.0; +http://www.bing.com/bingbot.htm)"
64.62.252.176 - - [10/Aug/2021:22:51:35 +0200] "GET /mandala-p-44263.html HTTP/1.0" 200 74064 "-" "The Knowledge AI"
207.46.13.39 - - [10/Aug/2021:22:51:36 +0200] "GET /images/big_prod/3700344871713.jpg HTTP/1.0" 200 268 "-" "Mozilla/5.0 (compatible; bingbot/2.0; +http://www.bing.com/bingbot.htm)"
207.46.13.39 - - [10/Aug/2021:22:51:37 +0200] "GET /vintage-adult-apron-p-38481.html HTTP/1.0" 200 72807 "-" "Mozilla/5.0 (compatible; bingbot/2.0; +http://www.bing.com/bingbot.htm)"
64.62.252.176 - - [10/Aug/2021:22:51:51 +0200] "GET /mandala-p-44264.html HTTP/1.0" 200 73280 "-" "The Knowledge AI"
66.249.66.216 - - [10/Aug/2021:22:51:55 +0200] "GET /boxes-storage-c-13_150.html?page=20 HTTP/1.0" 200 94790 "-" "Mozilla/5.0 (Linux; Android 6.0.1; Nexus 5X Build/MMB29P) AppleWebKit/537.36 (KHTML, like Gecko) Chrome/92.0.4515.119 Mobile Safari/537.36 (compatible; Googlebot/2.1; +http://www.google.com/bot.html)"
54.36.148.242 - - [10/Aug/2021:22:52:01 +0200] "GET /pink-wooden-money-p-54355.html HTTP/1.0" 200 72852 "-" "Mozilla/5.0 (compatible; AhrefsBot/7.0; +http://ahrefs.com/robot/)"
64.62.252.176 - - [10/Aug/2021:22:52:06 +0200] "GET /chacha-paper-towel-dispenser-p-52662.html HTTP/1.0" 200 72837 "-" "The Knowledge AI"
157.55.39.5 - - [10/Aug/2021:22:52:21 +0200] "GET /small-pucca-alarm-clock-p-15438.html HTTP/1.0" 200 73036 "-" "Mozilla/5.0 (compatible; bingbot/2.0; +http://www.bing.com/bingbot.htm)"
64.62.252.176 - - [10/Aug/2021:22:52:28 +0200] "GET /diner-paper-towel-dispenser-p-48688.html HTTP/1.0" 200 73450 "-" "The Knowledge AI"
64.62.252.176 - - [10/Aug/2021:22:52:46 +0200] "GET /paper-towel-rack-delicious-p-49592.html HTTP/1.0" 200 72877 "-" "The Knowledge AI"
185.191.171.33 - - [10/Aug/2021:22:52:55 +0200] "GET /olaf-placemat-p-31706.html HTTP/1.0" 200 72848 "-" "Mozilla/5.0 (compatible; SemrushBot/7~bl; +http://www.semrush.com/bot.html)"
207.46.13.39 - - [10/Aug/2021:22:52:56 +0200] "GET /images/1399984259825.jpg HTTP/1.0" 200 259 "-" "Mozilla/5.0 (compatible; bingbot/2.0; +http://www.bing.com/bingbot.htm)"
185.191.171.8 - - [10/Aug/2021:22:53:00 +0200] "GET /nici-hippopotamus-plush-15-cm-p-35172.html HTTP/1.0" 301 70384 "-" "Mozilla/5.0 (compatible; SemrushBot/7~bl; +http://www.semrush.com/bot.html)"
64.62.252.176 - - [10/Aug/2021:22:53:02 +0200] "GET /cats-dubout-paper-towel-dispenser-p-40039.html HTTP/1.0" 200 72910 "-" "The Knowledge AI"
66.249.66.218 - - [10/Aug/2021:22:53:03 +0200] "GET /array-m-428.html HTTP/1.0" 200 75474 "-" "Mozilla/5.0 (compatible; Googlebot/2.1; +http://www.google.com/bot.html)"
185.191.171.33 - - [10/Aug/2021:22:53:02 +0200] "GET /nici-hippopotamus-plush-p-35172.html HTTP/1.0" 200 70294 "-" "Mozilla/5.0 (compatible; SemrushBot/7~bl; +http://www.semrush.com/bot.html)"
54.36.148.242 - - [10/Aug/2021:22:53:16 +0200] "GET /vintage-cooper-clock-p-46777.html HTTP/1.0" 200 72960 "-" "Mozilla/5.0 (compatible; AhrefsBot/7.0; +http://ahrefs.com/robot/)"
207.46.13.39 - - [10/Aug/2021:22:53:16 +0200] "GET /johnny-hallyday-glass-wall-clock-p-9324.html HTTP/1.0" 200 72934 "-" "Mozilla/5.0 (compatible; bingbot/2.0; +http://www.bing.com/bingbot.htm)"
64.62.252.176 - - [10/Aug/2021:22:53:18 +0200] "GET /corsica-paper-towel-dispenser-p-42332.html HTTP/1.0" 200 72858 "-" "The Knowledge AI"
40.77.167.106 - - [10/Aug/2021:22:53:22 +0200] "GET /-p-11177.html HTTP/1.0" 200 70200 "-" "Mozilla/5.0 (compatible; bingbot/2.0; +http://www.bing.com/bingbot.htm)"
157.55.39.156 - - [10/Aug/2021:22:53:24 +0200] "GET /images/med_prod/00000esp.jpg HTTP/1.0" 200 263 "-" "Mozilla/5.0 (compatible; bingbot/2.0; +http://www.bing.com/bingbot.htm)"
207.46.13.127 - - [10/Aug/2021:22:53:26 +0200] "GET /pulp-fiction-pencil-case-p-36356.html HTTP/1.0" 200 72899 "-" "Mozilla/5.0 (compatible; bingbot/2.0; +http://www.bing.com/bingbot.htm)"
185.191.171.24 - - [10/Aug/2021:22:53:28 +0200] "GET /cats-dubout-trivet-p-27384.html HTTP/1.0" 200 72780 "-" "Mozilla/5.0 (compatible; SemrushBot/7~bl; +http://www.semrush.com/bot.html)"
64.62.252.176 - - [10/Aug/2021:22:53:37 +0200] "GET /corsica-paper-towel-dispenser-p-42542.html HTTP/1.0" 200 72860 "-" "The Knowledge AI"
157.55.39.51 - - [10/Aug/2021:22:53:48 +0200] "GET /boho-decorative-metal-plate-p-52886.html HTTP/1.0" 200 72913 "-" "Mozilla/5.0 (compatible; bingbot/2.0; +http://www.bing.com/bingbot.htm)"
64.62.252.176 - - [10/Aug/2021:22:53:56 +0200] "GET /little-prince-flowers-paper-towel-dispenser-p-35242.html HTTP/1.0" 200 72996 "-" "The Knowledge AI"
185.191.171.12 - - [10/Aug/2021:22:53:57 +0200] "GET /ceramic-flower-p-55822.html?action=add_product HTTP/1.0" 302 476 "-" "Mozilla/5.0 (compatible; SemrushBot/7~bl; +http://www.semrush.com/bot.html)"
64.62.252.176 - - [10/Aug/2021:22:54:14 +0200] "GET /little-prince-paper-towel-dispenser-p-28596.html HTTP/1.0" 200 72932 "-" "The Knowledge AI"
157.55.39.5 - - [10/Aug/2021:22:54:21 +0200] "GET /minions-cushion-p-31201.html HTTP/1.0" 301 70267 "-" "Mozilla/5.0 (compatible; bingbot/2.0; +http://www.bing.com/bingbot.htm)"
54.36.148.242 - - [10/Aug/2021:22:54:24 +0200] "GET /incense-stick-holder-buddha-p-35504.html HTTP/1.0" 200 73028 "-" "Mozilla/5.0 (compatible; AhrefsBot/7.0; +http://ahrefs.com/robot/)"
64.62.252.176 - - [10/Aug/2021:22:54:31 +0200] "GET /jamaica-paper-towel-dispenser-p-17439.html HTTP/1.0" 200 72858 "-" "The Knowledge AI"
17.121.115.188 - - [10/Aug/2021:22:54:45 +0200] "GET /school-trolley-c-31_169.html HTTP/1.0" 200 82473 "-" "Mozilla/5.0 (Macintosh; Intel Mac OS X 10_15_5) AppleWebKit/605.1.15 (KHTML, like Gecko) Version/13.1.1 Safari/605.1.15 (Applebot/0.1; +http://www.apple.com/go/applebot)"
64.62.252.176 - - [10/Aug/2021:22:54:46 +0200] "GET /yellow-peace-love-paper-towel-dispenser-p-17438.html HTTP/1.0" 200 72966 "-" "The Knowledge AI"
216.244.66.242 - - [10/Aug/2021:22:54:58 +0200] "GET /robots.txt HTTP/1.0" 200 245 "-" "Mozilla/5.0 (compatible; DotBot/1.2; +https://opensiteexplorer.org/dotbot; help@moz.com)"
