51.68.224.127 - - [10/Aug/2021:14:20:02 +0200] "GET /adminweb/export_orders_xml.php?token=256de2z6edz6ed2z6DFSFsed2zed6zeDSFDSGdzedezfzf&maxorders=10&orderstart=1&status=14&start_date=2018-10-01 HTTP/1.0" 200 285 "-" "GesCom CharlotteBoutik Serveur"
51.68.224.127 - - [10/Aug/2021:14:20:02 +0200] "GET /adminweb/export_orders_xml.php?token=256de2z6edz6ed2z6DFSFsed2zed6zeDSFDSGdzedezfzf&maxorders=10&orderstart=1&status=6&start_date=2018-10-01 HTTP/1.0" 200 28601 "-" "GesCom CharlotteBoutik Serveur"
192.99.5.228 - - [10/Aug/2021:14:20:17 +0200] "GET /soft-rattle-gund-orange-p-21365.html HTTP/1.0" 200 73117 "-" "Mozilla/5.0 (compatible; MJ12bot/v1.4.8; http://mj12bot.com/)"
64.62.252.176 - - [10/Aug/2021:14:20:20 +0200] "GET /resin-magnet-tour-france-blanc-p-55498.html HTTP/1.0" 200 72987 "-" "The Knowledge AI"
64.62.252.176 - - [10/Aug/2021:14:20:40 +0200] "GET /resin-magnet-tour-france-yellow-p-55497.html HTTP/1.0" 200 72997 "-" "The Knowledge AI"
54.36.148.242 - - [10/Aug/2021:14:20:49 +0200] "GET /mini-glitter-ball-p-33558.html HTTP/1.0" 200 72866 "-" "Mozilla/5.0 (compatible; AhrefsBot/7.0; +http://ahrefs.com/robot/)"
64.62.252.176 - - [10/Aug/2021:14:20:58 +0200] "GET /decorative-cotton-heart-hang-blue-p-55796.html HTTP/1.0" 200 73747 "-" "The Knowledge AI"
192.99.5.228 - - [10/Aug/2021:14:20:59 +0200] "GET /sommelier-accessories-box-p-46564.html HTTP/1.0" 301 73735 "-" "Mozilla/5.0 (compatible; MJ12bot/v1.4.8; http://mj12bot.com/)"
207.46.13.101 - - [10/Aug/2021:14:21:09 +0200] "GET /crme-adult-apron-p-51195.html HTTP/1.0" 200 72789 "-" "Mozilla/5.0 (compatible; bingbot/2.0; +http://www.bing.com/bingbot.htm)"
64.62.252.176 - - [10/Aug/2021:14:21:18 +0200] "GET /decorative-cotton-heart-hang-home-p-55795.html HTTP/1.0" 200 73984 "-" "The Knowledge AI"
192.99.5.228 - - [10/Aug/2021:14:21:25 +0200] "GET /sommelier-accessories-p-46564.html HTTP/1.0" 200 73647 "-" "Mozilla/5.0 (compatible; MJ12bot/v1.4.8; http://mj12bot.com/)"
64.62.252.176 - - [10/Aug/2021:14:21:36 +0200] "GET /zinc-look-metal-flowerpot-cover-pumpkin-beige-p-55456.html HTTP/1.0" 200 73673 "-" "The Knowledge AI"
66.249.66.216 - - [10/Aug/2021:14:21:42 +0200] "GET /images/big_prod/3503420053658.jpg HTTP/1.0" 200 268 "-" "Googlebot-Image/1.0"
157.55.39.122 - - [10/Aug/2021:14:21:52 +0200] "GET /morgan-paris-watch-p-38193.html HTTP/1.0" 200 73065 "-" "Mozilla/5.0 (compatible; bingbot/2.0; +http://www.bing.com/bingbot.htm)"
64.62.252.176 - - [10/Aug/2021:14:21:53 +0200] "GET /zinc-look-metal-flowerpot-cover-pumpkin-green-p-55458.html HTTP/1.0" 200 73673 "-" "The Knowledge AI"
192.99.5.228 - - [10/Aug/2021:14:22:07 +0200] "GET /sommelier-accessories-box-p-46614.html HTTP/1.0" 301 70267 "-" "Mozilla/5.0 (compatible; MJ12bot/v1.4.8; http://mj12bot.com/)"
54.36.148.200 - - [10/Aug/2021:14:22:08 +0200] "GET /nici-bubble-bat-keyring-plush-p-35199.html HTTP/1.0" 301 72979 "-" "Mozilla/5.0 (compatible; AhrefsBot/7.0; +http://ahrefs.com/robot/)"
185.191.171.33 - - [10/Aug/2021:14:22:11 +0200] "GET /cotton-floor-cushion-julie-naturel-p-49386.html HTTP/1.0" 200 73796 "-" "Mozilla/5.0 (compatible; SemrushBot/7~bl; +http://www.semrush.com/bot.html)"
64.62.252.176 - - [10/Aug/2021:14:22:11 +0200] "GET /zinc-look-metal-flowerpot-cover-pumpkin-yellow-p-55459.html HTTP/1.0" 200 73680 "-" "The Knowledge AI"
40.77.167.106 - - [10/Aug/2021:14:22:11 +0200] "GET /wooden-boxes-and-storage-c-13_150_220.html HTTP/1.0" 301 90111 "-" "Mozilla/5.0 (compatible; bingbot/2.0; +http://www.bing.com/bingbot.htm)"
185.191.171.23 - - [10/Aug/2021:14:22:17 +0200] "GET /harry-potter-mug-p-52299.html HTTP/1.0" 301 73882 "-" "Mozilla/5.0 (compatible; SemrushBot/7~bl; +http://www.semrush.com/bot.html)"
185.191.171.6 - - [10/Aug/2021:14:22:20 +0200] "GET /harry-potter-p-52299.html HTTP/1.0" 200 73803 "-" "Mozilla/5.0 (compatible; SemrushBot/7~bl; +http://www.semrush.com/bot.html)"
64.62.252.176 - - [10/Aug/2021:14:22:30 +0200] "GET /retro-style-sugar-saveurs-traditions-franaises-p-55519.html HTTP/1.0" 200 73793 "-" "The Knowledge AI"
66.249.82.112 - - [10/Aug/2021:14:22:34 +0200] "GET /images/8422001017634.jpg HTTP/1.0" 200 259 "-" "Mozilla/5.0 (Windows NT 5.1; rv:11.0) Gecko Firefox/11.0 (via ggpht.com GoogleImageProxy)"
54.36.149.0 - - [10/Aug/2021:14:22:41 +0200] "GET /vespa-bag-for-sports-khaki-p-32644.html HTTP/1.0" 301 73357 "-" "Mozilla/5.0 (compatible; AhrefsBot/7.0; +http://ahrefs.com/robot/)"
157.55.39.51 - - [10/Aug/2021:14:22:46 +0200] "GET /crystal-salt-lamp-sphere-grey-p-48663.html HTTP/1.0" 200 74379 "-" "Mozilla/5.0 (compatible; bingbot/2.0; +http://www.bing.com/bingbot.htm)"
64.62.252.176 - - [10/Aug/2021:14:22:47 +0200] "GET /white-lampshade-p-55696.html HTTP/1.0" 200 72848 "-" "The Knowledge AI"
123.243.154.226 - - [10/Aug/2021:14:22:59 +0200] "GET /domo-frankunstein-shirt-p-29504.html HTTP/1.0" 200 74528 "https://www.google.com/" "Mozilla/5.0 (Windows NT 6.1; Win64; x64) AppleWebKit/537.36 (KHTML, like Gecko) Chrome/91.0.4472.101 Safari/537.36"
123.243.154.226 - - [10/Aug/2021:14:23:00 +0200] "GET /templates/Pixame_v1/stylesheet.css HTTP/1.0" 200 267 "http://www.wonder-geek.com/domo-frankunstein-shirt-p-29504.html" "Mozilla/5.0 (Windows NT 6.1; Win64; x64) AppleWebKit/537.36 (KHTML, like Gecko) Chrome/91.0.4472.101 Safari/537.36"
123.243.154.226 - - [10/Aug/2021:14:23:01 +0200] "GET /highslide/highslide.js HTTP/1.0" 200 262 "http://www.wonder-geek.com/domo-frankunstein-shirt-p-29504.html" "Mozilla/5.0 (Windows NT 6.1; Win64; x64) AppleWebKit/537.36 (KHTML, like Gecko) Chrome/91.0.4472.101 Safari/537.36"
123.243.154.226 - - [10/Aug/2021:14:23:01 +0200] "GET /js/jquery.js HTTP/1.0" 200 252 "http://www.wonder-geek.com/domo-frankunstein-shirt-p-29504.html" "Mozilla/5.0 (Windows NT 6.1; Win64; x64) AppleWebKit/537.36 (KHTML, like Gecko) Chrome/91.0.4472.101 Safari/537.36"
123.243.154.226 - - [10/Aug/2021:14:23:01 +0200] "GET /js/jquery.jqzoom.js HTTP/1.0" 200 259 "http://www.wonder-geek.com/domo-frankunstein-shirt-p-29504.html" "Mozilla/5.0 (Windows NT 6.1; Win64; x64) AppleWebKit/537.36 (KHTML, like Gecko) Chrome/91.0.4472.101 Safari/537.36"
123.243.154.226 - - [10/Aug/2021:14:23:02 +0200] "GET /mondial_relay/js/jquery-1.3.2.min.js HTTP/1.0" 200 276 "http://www.wonder-geek.com/domo-frankunstein-shirt-p-29504.html" "Mozilla/5.0 (Windows NT 6.1; Win64; x64) AppleWebKit/537.36 (KHTML, like Gecko) Chrome/91.0.4472.101 Safari/537.36"
123.243.154.226 - - [10/Aug/2021:14:23:02 +0200] "GET /swfobject.js HTTP/1.0" 404 1308 "http://www.wonder-geek.com/domo-frankunstein-shirt-p-29504.html" "Mozilla/5.0 (Windows NT 6.1; Win64; x64) AppleWebKit/537.36 (KHTML, like Gecko) Chrome/91.0.4472.101 Safari/537.36"
123.243.154.226 - - [10/Aug/2021:14:23:02 +0200] "GET /design/fond_header2.png HTTP/1.0" 200 257 "http://www.wonder-geek.com/domo-frankunstein-shirt-p-29504.html" "Mozilla/5.0 (Windows NT 6.1; Win64; x64) AppleWebKit/537.36 (KHTML, like Gecko) Chrome/91.0.4472.101 Safari/537.36"
123.243.154.226 - - [10/Aug/2021:14:23:02 +0200] "GET /design/header_bar1__centre.png HTTP/1.0" 200 1282 "http://www.wonder-geek.com/domo-frankunstein-shirt-p-29504.html" "Mozilla/5.0 (Windows NT 6.1; Win64; x64) AppleWebKit/537.36 (KHTML, like Gecko) Chrome/91.0.4472.101 Safari/537.36"
123.243.154.226 - - [10/Aug/2021:14:23:02 +0200] "GET /design/articlesenstock.png HTTP/1.0" 200 260 "http://www.wonder-geek.com/domo-frankunstein-shirt-p-29504.html" "Mozilla/5.0 (Windows NT 6.1; Win64; x64) AppleWebKit/537.36 (KHTML, like Gecko) Chrome/91.0.4472.101 Safari/537.36"
123.243.154.226 - - [10/Aug/2021:14:23:02 +0200] "GET /design/productsenstock.png HTTP/1.0" 200 260 "http://www.wonder-geek.com/domo-frankunstein-shirt-p-29504.html" "Mozilla/5.0 (Windows NT 6.1; Win64; x64) AppleWebKit/537.36 (KHTML, like Gecko) Chrome/91.0.4472.101 Safari/537.36"
123.243.154.226 - - [10/Aug/2021:14:23:02 +0200] "GET /design/header_bar1__droite.png HTTP/1.0" 200 264 "http://www.wonder-geek.com/domo-frankunstein-shirt-p-29504.html" "Mozilla/5.0 (Windows NT 6.1; Win64; x64) AppleWebKit/537.36 (KHTML, like Gecko) Chrome/91.0.4472.101 Safari/537.36"
123.243.154.226 - - [10/Aug/2021:14:23:02 +0200] "GET /design/bas-cameleon.png HTTP/1.0" 200 257 "http://www.wonder-geek.com/domo-frankunstein-shirt-p-29504.html" "Mozilla/5.0 (Windows NT 6.1; Win64; x64) AppleWebKit/537.36 (KHTML, like Gecko) Chrome/91.0.4472.101 Safari/537.36"
123.243.154.226 - - [10/Aug/2021:14:23:02 +0200] "GET /images/header.png HTTP/1.0" 200 251 "http://www.wonder-geek.com/domo-frankunstein-shirt-p-29504.html" "Mozilla/5.0 (Windows NT 6.1; Win64; x64) AppleWebKit/537.36 (KHTML, like Gecko) Chrome/91.0.4472.101 Safari/537.36"
123.243.154.226 - - [10/Aug/2021:14:23:02 +0200] "GET /images/nav.png HTTP/1.0" 404 1308 "http://www.wonder-geek.com/domo-frankunstein-shirt-p-29504.html" "Mozilla/5.0 (Windows NT 6.1; Win64; x64) AppleWebKit/537.36 (KHTML, like Gecko) Chrome/91.0.4472.101 Safari/537.36"
123.243.154.226 - - [10/Aug/2021:14:23:02 +0200] "GET /images/Bottom_texture.jpg HTTP/1.0" 404 1308 "http://www.wonder-geek.com/domo-frankunstein-shirt-p-29504.html" "Mozilla/5.0 (Windows NT 6.1; Win64; x64) AppleWebKit/537.36 (KHTML, like Gecko) Chrome/91.0.4472.101 Safari/537.36"
123.243.154.226 - - [10/Aug/2021:14:23:02 +0200] "GET /images/header-object.png HTTP/1.0" 404 1308 "http://www.wonder-geek.com/domo-frankunstein-shirt-p-29504.html" "Mozilla/5.0 (Windows NT 6.1; Win64; x64) AppleWebKit/537.36 (KHTML, like Gecko) Chrome/91.0.4472.101 Safari/537.36"
123.243.154.226 - - [10/Aug/2021:14:23:02 +0200] "GET /templates/Pixame_v1/images/Middle_texture.jpg HTTP/1.0" 200 280 "http://www.wonder-geek.com/domo-frankunstein-shirt-p-29504.html" "Mozilla/5.0 (Windows NT 6.1; Win64; x64) AppleWebKit/537.36 (KHTML, like Gecko) Chrome/91.0.4472.101 Safari/537.36"
123.243.154.226 - - [10/Aug/2021:14:23:02 +0200] "GET /templates/Pixame_v1/images/spacer.gif HTTP/1.0" 200 328 "http://www.wonder-geek.com/domo-frankunstein-shirt-p-29504.html" "Mozilla/5.0 (Windows NT 6.1; Win64; x64) AppleWebKit/537.36 (KHTML, like Gecko) Chrome/91.0.4472.101 Safari/537.36"
123.243.154.226 - - [10/Aug/2021:14:23:02 +0200] "GET /templates/Pixame_v1/images/Bottom_texture.jpg HTTP/1.0" 200 280 "http://www.wonder-geek.com/domo-frankunstein-shirt-p-29504.html" "Mozilla/5.0 (Windows NT 6.1; Win64; x64) AppleWebKit/537.36 (KHTML, like Gecko) Chrome/91.0.4472.101 Safari/537.36"
123.243.154.226 - - [10/Aug/2021:14:23:02 +0200] "GET /templates/Pixame_v1/images/nav.png HTTP/1.0" 200 268 "http://www.wonder-geek.com/domo-frankunstein-shirt-p-29504.html" "Mozilla/5.0 (Windows NT 6.1; Win64; x64) AppleWebKit/537.36 (KHTML, like Gecko) Chrome/91.0.4472.101 Safari/537.36"
123.243.154.226 - - [10/Aug/2021:14:23:03 +0200] "GET /templates/Pixame_v1/images/icon_accueil2.png HTTP/1.0" 200 278 "http://www.wonder-geek.com/domo-frankunstein-shirt-p-29504.html" "Mozilla/5.0 (Windows NT 6.1; Win64; x64) AppleWebKit/537.36 (KHTML, like Gecko) Chrome/91.0.4472.101 Safari/537.36"
123.243.154.226 - - [10/Aug/2021:14:23:03 +0200] "GET /images/Middle_texture.jpg HTTP/1.0" 404 1308 "http://www.wonder-geek.com/domo-frankunstein-shirt-p-29504.html" "Mozilla/5.0 (Windows NT 6.1; Win64; x64) AppleWebKit/537.36 (KHTML, like Gecko) Chrome/91.0.4472.101 Safari/537.36"
123.243.154.226 - - [10/Aug/2021:14:23:03 +0200] "GET /swfobject.js HTTP/1.0" 404 1308 "http://www.wonder-geek.com/domo-frankunstein-shirt-p-29504.html" "Mozilla/5.0 (Windows NT 6.1; Win64; x64) AppleWebKit/537.36 (KHTML, like Gecko) Chrome/91.0.4472.101 Safari/537.36"
123.243.154.226 - - [10/Aug/2021:14:23:03 +0200] "GET /templates/Pixame_v1/images/menuitem.png HTTP/1.0" 200 273 "http://www.wonder-geek.com/domo-frankunstein-shirt-p-29504.html" "Mozilla/5.0 (Windows NT 6.1; Win64; x64) AppleWebKit/537.36 (KHTML, like Gecko) Chrome/91.0.4472.101 Safari/537.36"
123.243.154.226 - - [10/Aug/2021:14:23:03 +0200] "GET /templates/Pixame_v1/images/menuseparator.png HTTP/1.0" 200 384 "http://www.wonder-geek.com/domo-frankunstein-shirt-p-29504.html" "Mozilla/5.0 (Windows NT 6.1; Win64; x64) AppleWebKit/537.36 (KHTML, like Gecko) Chrome/91.0.4472.101 Safari/537.36"
123.243.154.226 - - [10/Aug/2021:14:23:03 +0200] "GET /templates/Pixame_v1/images/subitem.png HTTP/1.0" 200 387 "http://www.wonder-geek.com/domo-frankunstein-shirt-p-29504.html" "Mozilla/5.0 (Windows NT 6.1; Win64; x64) AppleWebKit/537.36 (KHTML, like Gecko) Chrome/91.0.4472.101 Safari/537.36"
123.243.154.226 - - [10/Aug/2021:14:23:03 +0200] "GET /templates/Pixame_v1/images/header.png HTTP/1.0" 200 271 "http://www.wonder-geek.com/domo-frankunstein-shirt-p-29504.html" "Mozilla/5.0 (Windows NT 6.1; Win64; x64) AppleWebKit/537.36 (KHTML, like Gecko) Chrome/91.0.4472.101 Safari/537.36"
123.243.154.226 - - [10/Aug/2021:14:23:03 +0200] "GET /templates/Pixame_v1/images/header-object.png HTTP/1.0" 200 278 "http://www.wonder-geek.com/domo-frankunstein-shirt-p-29504.html" "Mozilla/5.0 (Windows NT 6.1; Win64; x64) AppleWebKit/537.36 (KHTML, like Gecko) Chrome/91.0.4472.101 Safari/537.36"
123.243.154.226 - - [10/Aug/2021:14:23:03 +0200] "GET /templates/Pixame_v1/images/vmenuitem.png HTTP/1.0" 200 274 "http://www.wonder-geek.com/domo-frankunstein-shirt-p-29504.html" "Mozilla/5.0 (Windows NT 6.1; Win64; x64) AppleWebKit/537.36 (KHTML, like Gecko) Chrome/91.0.4472.101 Safari/537.36"
123.243.154.226 - - [10/Aug/2021:14:23:03 +0200] "GET /images/8422001017634.jpg HTTP/1.0" 200 259 "http://www.wonder-geek.com/domo-frankunstein-shirt-p-29504.html" "Mozilla/5.0 (Windows NT 6.1; Win64; x64) AppleWebKit/537.36 (KHTML, like Gecko) Chrome/91.0.4472.101 Safari/537.36"
123.243.154.226 - - [10/Aug/2021:14:23:03 +0200] "GET /highslide/graphics/zoomin.cur HTTP/1.0" 200 614 "http://www.wonder-geek.com/templates/Pixame_v1/stylesheet.css" "Mozilla/5.0 (Windows NT 6.1; Win64; x64) AppleWebKit/537.36 (KHTML, like Gecko) Chrome/91.0.4472.101 Safari/537.36"
123.243.154.226 - - [10/Aug/2021:14:23:03 +0200] "GET /images/pixel_trans.gif HTTP/1.0" 200 328 "http://www.wonder-geek.com/domo-frankunstein-shirt-p-29504.html" "Mozilla/5.0 (Windows NT 6.1; Win64; x64) AppleWebKit/537.36 (KHTML, like Gecko) Chrome/91.0.4472.101 Safari/537.36"
123.243.154.226 - - [10/Aug/2021:14:23:03 +0200] "GET /templates/Pixame_v1/images/pixel_trans.gif HTTP/1.0" 200 328 "http://www.wonder-geek.com/domo-frankunstein-shirt-p-29504.html" "Mozilla/5.0 (Windows NT 6.1; Win64; x64) AppleWebKit/537.36 (KHTML, like Gecko) Chrome/91.0.4472.101 Safari/537.36"
123.243.154.226 - - [10/Aug/2021:14:23:03 +0200] "GET /templates/Pixame_v1/images/infobox/pixel_trans.gif HTTP/1.0" 200 328 "http://www.wonder-geek.com/domo-frankunstein-shirt-p-29504.html" "Mozilla/5.0 (Windows NT 6.1; Win64; x64) AppleWebKit/537.36 (KHTML, like Gecko) Chrome/91.0.4472.101 Safari/537.36"
123.243.154.226 - - [10/Aug/2021:14:23:03 +0200] "GET /templates/Pixame_v1/images/infobox/infobox_footer_middle.gif HTTP/1.0" 200 357 "http://www.wonder-geek.com/domo-frankunstein-shirt-p-29504.html" "Mozilla/5.0 (Windows NT 6.1; Win64; x64) AppleWebKit/537.36 (KHTML, like Gecko) Chrome/91.0.4472.101 Safari/537.36"
123.243.154.226 - - [10/Aug/2021:14:23:03 +0200] "GET /templates/Pixame_v1/images/button.png HTTP/1.0" 200 271 "http://www.wonder-geek.com/domo-frankunstein-shirt-p-29504.html" "Mozilla/5.0 (Windows NT 6.1; Win64; x64) AppleWebKit/537.36 (KHTML, like Gecko) Chrome/91.0.4472.101 Safari/537.36"
123.243.154.226 - - [10/Aug/2021:14:23:03 +0200] "GET /templates/Pixame_v1/images/postbullets.png HTTP/1.0" 200 397 "http://www.wonder-geek.com/domo-frankunstein-shirt-p-29504.html" "Mozilla/5.0 (Windows NT 6.1; Win64; x64) AppleWebKit/537.36 (KHTML, like Gecko) Chrome/91.0.4472.101 Safari/537.36"
123.243.154.226 - - [10/Aug/2021:14:23:04 +0200] "GET /templates/Pixame_v1/images/postquote.png HTTP/1.0" 200 634 "http://www.wonder-geek.com/domo-frankunstein-shirt-p-29504.html" "Mozilla/5.0 (Windows NT 6.1; Win64; x64) AppleWebKit/537.36 (KHTML, like Gecko) Chrome/91.0.4472.101 Safari/537.36"
123.243.154.226 - - [10/Aug/2021:14:23:04 +0200] "GET /templates/Pixame_v1/images/footer_b.png HTTP/1.0" 200 592 "http://www.wonder-geek.com/domo-frankunstein-shirt-p-29504.html" "Mozilla/5.0 (Windows NT 6.1; Win64; x64) AppleWebKit/537.36 (KHTML, like Gecko) Chrome/91.0.4472.101 Safari/537.36"
123.243.154.226 - - [10/Aug/2021:14:23:04 +0200] "GET /templates/Pixame_v1/images/rssicon.png HTTP/1.0" 200 272 "http://www.wonder-geek.com/domo-frankunstein-shirt-p-29504.html" "Mozilla/5.0 (Windows NT 6.1; Win64; x64) AppleWebKit/537.36 (KHTML, like Gecko) Chrome/91.0.4472.101 Safari/537.36"
123.243.154.226 - - [10/Aug/2021:14:23:04 +0200] "GET /img-site/pucca1.jpg HTTP/1.0" 200 254 "http://www.wonder-geek.com/domo-frankunstein-shirt-p-29504.html" "Mozilla/5.0 (Windows NT 6.1; Win64; x64) AppleWebKit/537.36 (KHTML, like Gecko) Chrome/91.0.4472.101 Safari/537.36"
123.243.154.226 - - [10/Aug/2021:14:23:04 +0200] "GET /templates/Pixame_v1/images/button_blank_left.gif HTTP/1.0" 404 1308 "http://www.wonder-geek.com/domo-frankunstein-shirt-p-29504.html" "Mozilla/5.0 (Windows NT 6.1; Win64; x64) AppleWebKit/537.36 (KHTML, like Gecko) Chrome/91.0.4472.101 Safari/537.36"
123.243.154.226 - - [10/Aug/2021:14:23:04 +0200] "GET /templates/Pixame_v1/images/button_blank_right.gif HTTP/1.0" 404 1308 "http://www.wonder-geek.com/domo-frankunstein-shirt-p-29504.html" "Mozilla/5.0 (Windows NT 6.1; Win64; x64) AppleWebKit/537.36 (KHTML, like Gecko) Chrome/91.0.4472.101 Safari/537.36"
123.243.154.226 - - [10/Aug/2021:14:23:04 +0200] "GET /templates/Pixame_v1/images/button_blank_middle.gif HTTP/1.0" 404 1308 "http://www.wonder-geek.com/domo-frankunstein-shirt-p-29504.html" "Mozilla/5.0 (Windows NT 6.1; Win64; x64) AppleWebKit/537.36 (KHTML, like Gecko) Chrome/91.0.4472.101 Safari/537.36"
123.243.154.226 - - [10/Aug/2021:14:23:04 +0200] "GET /highslide/graphics/loader.white.gif HTTP/1.0" 200 960 "http://www.wonder-geek.com/domo-frankunstein-shirt-p-29504.html" "Mozilla/5.0 (Windows NT 6.1; Win64; x64) AppleWebKit/537.36 (KHTML, like Gecko) Chrome/91.0.4472.101 Safari/537.36"
123.243.154.226 - - [10/Aug/2021:14:23:04 +0200] "GET /highslide/graphics/fullexpand.gif HTTP/1.0" 200 495 "http://www.wonder-geek.com/domo-frankunstein-shirt-p-29504.html" "Mozilla/5.0 (Windows NT 6.1; Win64; x64) AppleWebKit/537.36 (KHTML, like Gecko) Chrome/91.0.4472.101 Safari/537.36"
54.36.148.242 - - [10/Aug/2021:14:23:04 +0200] "GET /little-pony-mini-glitter-shake-shine-p-31921.html HTTP/1.0" 200 73351 "-" "Mozilla/5.0 (compatible; AhrefsBot/7.0; +http://ahrefs.com/robot/)"
123.243.154.226 - - [10/Aug/2021:14:23:04 +0200] "GET /images/zoom.gif HTTP/1.0" 200 249 "http://www.wonder-geek.com/domo-frankunstein-shirt-p-29504.html" "Mozilla/5.0 (Windows NT 6.1; Win64; x64) AppleWebKit/537.36 (KHTML, like Gecko) Chrome/91.0.4472.101 Safari/537.36"
123.243.154.226 - - [10/Aug/2021:14:23:05 +0200] "GET /design/fondcurrent.jpg HTTP/1.0" 200 683 "http://www.wonder-geek.com/domo-frankunstein-shirt-p-29504.html" "Mozilla/5.0 (Windows NT 6.1; Win64; x64) AppleWebKit/537.36 (KHTML, like Gecko) Chrome/91.0.4472.101 Safari/537.36"
123.243.154.226 - - [10/Aug/2021:14:23:05 +0200] "GET /design/fondothers.jpg HTTP/1.0" 200 667 "http://www.wonder-geek.com/domo-frankunstein-shirt-p-29504.html" "Mozilla/5.0 (Windows NT 6.1; Win64; x64) AppleWebKit/537.36 (KHTML, like Gecko) Chrome/91.0.4472.101 Safari/537.36"
123.243.154.226 - - [10/Aug/2021:14:23:05 +0200] "GET /design/bubble.gif HTTP/1.0" 200 251 "http://www.wonder-geek.com/domo-frankunstein-shirt-p-29504.html" "Mozilla/5.0 (Windows NT 6.1; Win64; x64) AppleWebKit/537.36 (KHTML, like Gecko) Chrome/91.0.4472.101 Safari/537.36"
123.243.154.226 - - [10/Aug/2021:14:23:05 +0200] "GET /design/bubble_filler.gif HTTP/1.0" 200 356 "http://www.wonder-geek.com/domo-frankunstein-shirt-p-29504.html" "Mozilla/5.0 (Windows NT 6.1; Win64; x64) AppleWebKit/537.36 (KHTML, like Gecko) Chrome/91.0.4472.101 Safari/537.36"
123.243.154.226 - - [10/Aug/2021:14:23:05 +0200] "GET /templates/Pixame_v1/images/buttons/english/button_in_cart.gif HTTP/1.0" 200 295 "http://www.wonder-geek.com/domo-frankunstein-shirt-p-29504.html" "Mozilla/5.0 (Windows NT 6.1; Win64; x64) AppleWebKit/537.36 (KHTML, like Gecko) Chrome/91.0.4472.101 Safari/537.36"
123.243.154.226 - - [10/Aug/2021:14:23:05 +0200] "GET /highslide/graphics/outlines/drop-shadow.png HTTP/1.0" 200 277 "http://www.wonder-geek.com/domo-frankunstein-shirt-p-29504.html" "Mozilla/5.0 (Windows NT 6.1; Win64; x64) AppleWebKit/537.36 (KHTML, like Gecko) Chrome/91.0.4472.101 Safari/537.36"
123.243.154.226 - - [10/Aug/2021:14:23:05 +0200] "GET /highslide/graphics/zoomout.cur HTTP/1.0" 200 614 "http://www.wonder-geek.com/domo-frankunstein-shirt-p-29504.html" "Mozilla/5.0 (Windows NT 6.1; Win64; x64) AppleWebKit/537.36 (KHTML, like Gecko) Chrome/91.0.4472.101 Safari/537.36"
123.243.154.226 - - [10/Aug/2021:14:23:05 +0200] "GET /favicon.ico HTTP/1.0" 200 260 "http://www.wonder-geek.com/domo-frankunstein-shirt-p-29504.html" "Mozilla/5.0 (Windows NT 6.1; Win64; x64) AppleWebKit/537.36 (KHTML, like Gecko) Chrome/91.0.4472.101 Safari/537.36"
64.62.252.176 - - [10/Aug/2021:14:23:05 +0200] "GET /furniture-knob-sold-individually-p-55678.html HTTP/1.0" 200 73829 "-" "The Knowledge AI"
66.249.82.112 - - [10/Aug/2021:14:23:06 +0200] "GET /images/big_prod/3520071802824B.jpg HTTP/1.0" 200 269 "-" "Mozilla/5.0 (Windows NT 5.1; rv:11.0) Gecko Firefox/11.0 (via ggpht.com GoogleImageProxy)"
192.99.5.228 - - [10/Aug/2021:14:23:09 +0200] "GET /-p-46614.html HTTP/1.0" 200 70200 "-" "Mozilla/5.0 (compatible; MJ12bot/v1.4.8; http://mj12bot.com/)"
64.62.252.176 - - [10/Aug/2021:14:23:23 +0200] "GET /furniture-knob-sold-individually-p-55701.html HTTP/1.0" 200 73829 "-" "The Knowledge AI"
64.62.252.176 - - [10/Aug/2021:14:23:41 +0200] "GET /furniture-knob-sold-individually-p-55702.html HTTP/1.0" 200 73829 "-" "The Knowledge AI"
185.191.171.21 - - [10/Aug/2021:14:23:48 +0200] "GET /double-walled-porcelain-with-infuser-p-53002.html?action=add_product HTTP/1.0" 302 476 "-" "Mozilla/5.0 (compatible; SemrushBot/7~bl; +http://www.semrush.com/bot.html)"
185.191.171.43 - - [10/Aug/2021:14:23:51 +0200] "GET /morgan-paris-watch-p-38193.html HTTP/1.0" 200 73065 "-" "Mozilla/5.0 (compatible; SemrushBot/7~bl; +http://www.semrush.com/bot.html)"
192.99.5.228 - - [10/Aug/2021:14:23:52 +0200] "GET /sommelier-accessories-p-46564.html HTTP/1.0" 200 73647 "-" "Mozilla/5.0 (compatible; MJ12bot/v1.4.8; http://mj12bot.com/)"
185.191.171.45 - - [10/Aug/2021:14:24:04 +0200] "GET /-p-18146.html?action=add_product HTTP/1.0" 302 476 "-" "Mozilla/5.0 (compatible; SemrushBot/7~bl; +http://www.semrush.com/bot.html)"
54.36.149.43 - - [10/Aug/2021:14:24:07 +0200] "GET /home-and-decoration/jewelry-boxes-and-music-boxes/doc-mcstuffins-musical-jewelry-box-p-26783.html HTTP/1.0" 301 73142 "-" "Mozilla/5.0 (compatible; AhrefsBot/7.0; +http://ahrefs.com/robot/)"
64.62.252.176 - - [10/Aug/2021:14:24:09 +0200] "GET /furniture-knob-sold-individually-p-55703.html HTTP/1.0" 200 73829 "-" "The Knowledge AI"
192.99.5.228 - - [10/Aug/2021:14:24:24 +0200] "GET /sorcerer-mickey-figure-collection-britto-p-18000.html HTTP/1.0" 200 74985 "-" "Mozilla/5.0 (compatible; MJ12bot/v1.4.8; http://mj12bot.com/)"
64.62.252.176 - - [10/Aug/2021:14:24:28 +0200] "GET /furniture-knob-sold-individually-p-55704.html HTTP/1.0" 200 73829 "-" "The Knowledge AI"
64.62.252.176 - - [10/Aug/2021:14:24:47 +0200] "GET /furniture-knob-sold-individually-p-55725.html HTTP/1.0" 200 73830 "-" "The Knowledge AI"
192.99.5.228 - - [10/Aug/2021:14:24:57 +0200] "GET /sorcerer-mickey-figure-collection-by-britto-p-18000.html HTTP/1.0" 301 75092 "-" "Mozilla/5.0 (compatible; MJ12bot/v1.4.8; http://mj12bot.com/)"
64.62.252.176 - - [10/Aug/2021:14:25:05 +0200] "GET /furniture-knob-sold-individually-p-55726.html HTTP/1.0" 200 73830 "-" "The Knowledge AI"
207.46.13.175 - - [10/Aug/2021:14:25:09 +0200] "GET /-p-25410.html HTTP/1.0" 200 70200 "-" "Mozilla/5.0 (compatible; bingbot/2.0; +http://www.bing.com/bingbot.htm)"
207.46.13.175 - - [10/Aug/2021:14:25:10 +0200] "GET /marilyn-monroe-rectangular-mirror-p-48303.html HTTP/1.0" 200 72894 "-" "Mozilla/5.0 (compatible; bingbot/2.0; +http://www.bing.com/bingbot.htm)"
64.62.252.176 - - [10/Aug/2021:14:25:24 +0200] "GET /furniture-knob-sold-individually-p-55727.html HTTP/1.0" 200 73830 "-" "The Knowledge AI"
54.36.148.242 - - [10/Aug/2021:14:25:24 +0200] "GET /pillow-case-light-brown-p-51988.html HTTP/1.0" 200 73148 "-" "Mozilla/5.0 (compatible; AhrefsBot/7.0; +http://ahrefs.com/robot/)"
192.99.5.228 - - [10/Aug/2021:14:25:26 +0200] "GET /sorcerer-mickey-figure-collection-britto-p-18000.html HTTP/1.0" 200 74985 "-" "Mozilla/5.0 (compatible; MJ12bot/v1.4.8; http://mj12bot.com/)"
64.62.252.176 - - [10/Aug/2021:14:25:42 +0200] "GET /dishes-c-12.html?page=2 HTTP/1.0" 200 91605 "-" "The Knowledge AI"
192.99.5.228 - - [10/Aug/2021:14:25:55 +0200] "GET /sound-chamboul-tout-maximouss-p-19894.html HTTP/1.0" 200 70336 "-" "Mozilla/5.0 (compatible; MJ12bot/v1.4.8; http://mj12bot.com/)"
64.62.252.176 - - [10/Aug/2021:14:26:00 +0200] "GET /dishes-c-12.html?page=3 HTTP/1.0" 200 90871 "-" "The Knowledge AI"
64.62.252.176 - - [10/Aug/2021:14:26:19 +0200] "GET /dishes-c-12.html?page=4 HTTP/1.0" 200 90954 "-" "The Knowledge AI"
157.55.39.44 - - [10/Aug/2021:14:26:23 +0200] "GET /-p-16148.html HTTP/1.0" 200 70200 "-" "Mozilla/5.0 (compatible; bingbot/2.0; +http://www.bing.com/bingbot.htm)"
157.55.39.5 - - [10/Aug/2021:14:26:31 +0200] "GET /-p-5101.html HTTP/1.0" 200 70198 "-" "Mozilla/5.0 (compatible; bingbot/2.0; +http://www.bing.com/bingbot.htm)"
192.99.5.228 - - [10/Aug/2021:14:26:46 +0200] "GET /soy-luna-small-box-p-44806.html HTTP/1.0" 301 73543 "-" "Mozilla/5.0 (compatible; MJ12bot/v1.4.8; http://mj12bot.com/)"
157.55.39.51 - - [10/Aug/2021:14:26:47 +0200] "GET /paris-magnetic-memo-board-p-30033.html HTTP/1.0" 200 72928 "-" "Mozilla/5.0 (compatible; bingbot/2.0; +http://www.bing.com/bingbot.htm)"
64.62.252.176 - - [10/Aug/2021:14:27:04 +0200] "GET /dishes-c-12.html?page=5 HTTP/1.0" 200 91336 "-" "The Knowledge AI"
66.249.66.216 - - [10/Aug/2021:14:27:06 +0200] "GET /marseille-soap-soap-p-40115.html HTTP/1.0" 200 73138 "-" "Mozilla/5.0 (compatible; Googlebot/2.1; +http://www.google.com/bot.html)"
64.62.252.176 - - [10/Aug/2021:14:27:23 +0200] "GET /dishes-c-12.html?page=6 HTTP/1.0" 200 92840 "-" "The Knowledge AI"
192.99.5.228 - - [10/Aug/2021:14:27:40 +0200] "GET /luna-small-p-44806.html HTTP/1.0" 200 73466 "-" "Mozilla/5.0 (compatible; MJ12bot/v1.4.8; http://mj12bot.com/)"
64.62.252.176 - - [10/Aug/2021:14:27:42 +0200] "GET /dishes-c-12.html?page=7 HTTP/1.0" 200 91390 "-" "The Knowledge AI"
207.46.13.127 - - [10/Aug/2021:14:27:54 +0200] "GET /educational-watch-children-football-star-p-51493.html HTTP/1.0" 200 74503 "-" "Mozilla/5.0 (compatible; bingbot/2.0; +http://www.bing.com/bingbot.htm)"
207.46.13.127 - - [10/Aug/2021:14:27:56 +0200] "GET /-p-24449.html HTTP/1.0" 200 70200 "-" "Mozilla/5.0 (compatible; bingbot/2.0; +http://www.bing.com/bingbot.htm)"
185.191.171.6 - - [10/Aug/2021:14:27:57 +0200] "GET /ceramic-lamp-p-52412.html?action=add_product HTTP/1.0" 302 476 "-" "Mozilla/5.0 (compatible; SemrushBot/7~bl; +http://www.semrush.com/bot.html)"
54.36.148.24 - - [10/Aug/2021:14:27:59 +0200] "GET /marseille-lamp-p-14922.html HTTP/1.0" 301 70267 "-" "Mozilla/5.0 (compatible; AhrefsBot/7.0; +http://ahrefs.com/robot/)"
54.36.148.242 - - [10/Aug/2021:14:28:00 +0200] "GET /since-1960-small-clock-p-55074.html HTTP/1.0" 200 72919 "-" "Mozilla/5.0 (compatible; AhrefsBot/7.0; +http://ahrefs.com/robot/)"
64.62.252.176 - - [10/Aug/2021:14:28:01 +0200] "GET /dishes-c-12.html?page=8 HTTP/1.0" 200 92055 "-" "The Knowledge AI"
40.77.167.106 - - [10/Aug/2021:14:28:02 +0200] "GET /kimmidoll-love-miso-cute-earrings-p-21707.html HTTP/1.0" 200 72919 "-" "Mozilla/5.0 (compatible; bingbot/2.0; +http://www.bing.com/bingbot.htm)"
66.249.66.220 - - [10/Aug/2021:14:28:07 +0200] "GET /luggages-schoolbags-leather-shop-c-31.html?page=53 HTTP/1.0" 200 93390 "-" "Mozilla/5.0 (Linux; Android 6.0.1; Nexus 5X Build/MMB29P) AppleWebKit/537.36 (KHTML, like Gecko) Chrome/92.0.4515.119 Mobile Safari/537.36 (compatible; Googlebot/2.1; +http://www.google.com/bot.html)"
62.210.188.218 - - [10/Aug/2021:14:28:10 +0200] "GET /mexican-food-p-19041.html HTTP/1.0" 200 72757 "-" "Mozilla/5.0 (compatible; Barkrowler/0.9; +https://babbar.tech/crawler)"
64.62.252.176 - - [10/Aug/2021:14:28:19 +0200] "GET /dishes-c-12.html?page=9 HTTP/1.0" 200 91327 "-" "The Knowledge AI"
192.99.5.228 - - [10/Aug/2021:14:28:21 +0200] "GET /specials.php?page=7 HTTP/1.0" 200 125343 "-" "Mozilla/5.0 (compatible; MJ12bot/v1.4.8; http://mj12bot.com/)"
62.210.188.218 - - [10/Aug/2021:14:28:32 +0200] "GET /wall-sticker-p-51939.html HTTP/1.0" 200 73449 "-" "Mozilla/5.0 (compatible; Barkrowler/0.9; +https://babbar.tech/crawler)"
64.62.252.176 - - [10/Aug/2021:14:28:38 +0200] "GET /dishes-c-12.html?page=10 HTTP/1.0" 200 90917 "-" "The Knowledge AI"
192.99.5.228 - - [10/Aug/2021:14:28:44 +0200] "GET /spice-furniture-wooden-retro-turnstile-30-17-cm-p-40688.html HTTP/1.0" 301 70469 "-" "Mozilla/5.0 (compatible; MJ12bot/v1.4.8; http://mj12bot.com/)"
106.38.241.171 - - [10/Aug/2021:14:28:51 +0200] "GET / HTTP/1.0" 200 151188 "-" "Sogou web spider/4.0(+http://www.sogou.com/docs/help/webmasters.htm#07)"
62.210.188.218 - - [10/Aug/2021:14:28:52 +0200] "GET /wall-sticker-p-43090.html HTTP/1.0" 200 72809 "-" "Mozilla/5.0 (compatible; Barkrowler/0.9; +https://babbar.tech/crawler)"
207.46.13.39 - - [10/Aug/2021:14:28:57 +0200] "GET /mini-stickers-animals-p-22597.html HTTP/1.0" 200 72849 "-" "Mozilla/5.0 (compatible; bingbot/2.0; +http://www.bing.com/bingbot.htm)"
64.62.252.176 - - [10/Aug/2021:14:29:06 +0200] "GET /dishes-c-12.html?page=11 HTTP/1.0" 200 91387 "-" "The Knowledge AI"
62.210.188.218 - - [10/Aug/2021:14:29:11 +0200] "GET /wall-sticker-c-13_187.html HTTP/1.0" 200 93133 "-" "Mozilla/5.0 (compatible; Barkrowler/0.9; +https://babbar.tech/crawler)"
54.36.148.242 - - [10/Aug/2021:14:29:19 +0200] "GET /pillow-case-mustard-yellow-p-51990.html HTTP/1.0" 200 73152 "-" "Mozilla/5.0 (compatible; AhrefsBot/7.0; +http://ahrefs.com/robot/)"
192.99.5.228 - - [10/Aug/2021:14:29:19 +0200] "GET /spice-furniture-wooden-retro-turnstile-p-40688.html HTTP/1.0" 200 70364 "-" "Mozilla/5.0 (compatible; MJ12bot/v1.4.8; http://mj12bot.com/)"
64.62.252.176 - - [10/Aug/2021:14:29:25 +0200] "GET /small-oval-placemat-p-17138.html HTTP/1.0" 200 73213 "-" "The Knowledge AI"
157.55.39.5 - - [10/Aug/2021:14:29:31 +0200] "GET /archangel-michael-statuette-p-48908.html HTTP/1.0" 200 73559 "-" "Mozilla/5.0 (compatible; bingbot/2.0; +http://www.bing.com/bingbot.htm)"
62.210.188.218 - - [10/Aug/2021:14:29:32 +0200] "GET /wall-decal-p-52320.html HTTP/1.0" 200 73449 "-" "Mozilla/5.0 (compatible; Barkrowler/0.9; +https://babbar.tech/crawler)"
66.249.66.220 - - [10/Aug/2021:14:29:35 +0200] "GET /paris-money-box-by-cbkreation-p-17249.html HTTP/1.0" 301 73054 "-" "Mozilla/5.0 (compatible; Googlebot/2.1; +http://www.google.com/bot.html)"
207.46.13.127 - - [10/Aug/2021:14:29:36 +0200] "GET /-p-23188.html HTTP/1.0" 200 70200 "-" "Mozilla/5.0 (compatible; bingbot/2.0; +http://www.bing.com/bingbot.htm)"
66.249.66.218 - - [10/Aug/2021:14:29:36 +0200] "GET /paris-money-cbkreation-p-17249.html HTTP/1.0" 200 72965 "-" "Mozilla/5.0 (compatible; Googlebot/2.1; +http://www.google.com/bot.html)"
64.62.252.176 - - [10/Aug/2021:14:29:43 +0200] "GET /bakugan-placemat-p-17143.html HTTP/1.0" 200 72870 "-" "The Knowledge AI"
62.210.188.218 - - [10/Aug/2021:14:29:53 +0200] "GET /tights-c-1_48.html HTTP/1.0" 200 79144 "-" "Mozilla/5.0 (compatible; Barkrowler/0.9; +https://babbar.tech/crawler)"
192.99.5.228 - - [10/Aug/2021:14:29:58 +0200] "GET /spice-furniture-wooden-retro-turnstile-30-17-cm-p-45511.html HTTP/1.0" 301 73259 "-" "Mozilla/5.0 (compatible; MJ12bot/v1.4.8; http://mj12bot.com/)"
64.62.252.176 - - [10/Aug/2021:14:30:02 +0200] "GET /burlap-round-table-free-p-48453.html HTTP/1.0" 200 70280 "-" "The Knowledge AI"
207.46.13.39 - - [10/Aug/2021:14:30:07 +0200] "GET /london-rectangular-mirror-p-37758.html HTTP/1.0" 200 72871 "-" "Mozilla/5.0 (compatible; bingbot/2.0; +http://www.bing.com/bingbot.htm)"
62.210.188.218 - - [10/Aug/2021:14:30:13 +0200] "GET /route-flag-p-24169.html HTTP/1.0" 200 72819 "-" "Mozilla/5.0 (compatible; Barkrowler/0.9; +https://babbar.tech/crawler)"
64.62.252.176 - - [10/Aug/2021:14:30:21 +0200] "GET /burlap-round-table-sweet-p-48454.html HTTP/1.0" 200 70282 "-" "The Knowledge AI"
54.36.148.242 - - [10/Aug/2021:14:30:34 +0200] "GET /damask-shower-curtain-p-52460.html HTTP/1.0" 200 73553 "-" "Mozilla/5.0 (compatible; AhrefsBot/7.0; +http://ahrefs.com/robot/)"
62.210.188.218 - - [10/Aug/2021:14:30:34 +0200] "GET /route-mirror-p-37752.html HTTP/1.0" 200 72797 "-" "Mozilla/5.0 (compatible; Barkrowler/0.9; +https://babbar.tech/crawler)"
64.62.252.176 - - [10/Aug/2021:14:30:40 +0200] "GET /french-delicacies-glass-coaster-p-32861.html HTTP/1.0" 200 72864 "-" "The Knowledge AI"
157.55.39.156 - - [10/Aug/2021:14:30:44 +0200] "GET /-p-23813.html HTTP/1.0" 200 70200 "-" "Mozilla/5.0 (compatible; bingbot/2.0; +http://www.bing.com/bingbot.htm)"
62.210.188.218 - - [10/Aug/2021:14:30:55 +0200] "GET /route-mirror-p-32544.html HTTP/1.0" 200 72780 "-" "Mozilla/5.0 (compatible; Barkrowler/0.9; +https://babbar.tech/crawler)"
64.62.252.176 - - [10/Aug/2021:14:30:59 +0200] "GET /pink-flamingos-placemat-p-43014.html HTTP/1.0" 200 72819 "-" "The Knowledge AI"
157.55.39.5 - - [10/Aug/2021:14:31:02 +0200] "GET /mojito-metal-plate-deco-p-50003.html HTTP/1.0" 200 72809 "-" "Mozilla/5.0 (compatible; bingbot/2.0; +http://www.bing.com/bingbot.htm)"
157.55.39.5 - - [10/Aug/2021:14:31:04 +0200] "GET /morgan-black-watch-p-38191.html HTTP/1.0" 200 70281 "-" "Mozilla/5.0 (compatible; bingbot/2.0; +http://www.bing.com/bingbot.htm)"
192.99.5.228 - - [10/Aug/2021:14:31:05 +0200] "GET /spice-furniture-wooden-retro-turnstile-p-45511.html HTTP/1.0" 200 73154 "-" "Mozilla/5.0 (compatible; MJ12bot/v1.4.8; http://mj12bot.com/)"
207.46.13.175 - - [10/Aug/2021:14:31:10 +0200] "GET /decorative-door-sticker-p-51531.html HTTP/1.0" 200 73701 "-" "Mozilla/5.0 (compatible; bingbot/2.0; +http://www.bing.com/bingbot.htm)"
62.210.188.218 - - [10/Aug/2021:14:31:18 +0200] "GET /route-shoulder-p-7845.html HTTP/1.0" 200 73051 "-" "Mozilla/5.0 (compatible; Barkrowler/0.9; +https://babbar.tech/crawler)"
64.62.252.176 - - [10/Aug/2021:14:31:18 +0200] "GET /pink-flamingos-placemat-p-43015.html HTTP/1.0" 200 72819 "-" "The Knowledge AI"
64.62.252.176 - - [10/Aug/2021:14:31:38 +0200] "GET /bakugan-acrylic-glass-p-14011.html HTTP/1.0" 200 73017 "-" "The Knowledge AI"
62.210.188.218 - - [10/Aug/2021:14:31:43 +0200] "GET /route-pencil-p-24212.html HTTP/1.0" 200 72803 "-" "Mozilla/5.0 (compatible; Barkrowler/0.9; +https://babbar.tech/crawler)"
185.191.171.35 - - [10/Aug/2021:14:31:45 +0200] "GET /plaid-sofa-throw-portofino-with-fringes-grey-p-47921.html?action=add_product HTTP/1.0" 302 476 "-" "Mozilla/5.0 (compatible; SemrushBot/7~bl; +http://www.semrush.com/bot.html)"
54.36.148.242 - - [10/Aug/2021:14:31:46 +0200] "GET /kimmidoll-saya-phone-cover-iphone-p-18047.html HTTP/1.0" 200 75704 "-" "Mozilla/5.0 (compatible; AhrefsBot/7.0; +http://ahrefs.com/robot/)"
192.99.5.228 - - [10/Aug/2021:14:31:57 +0200] "GET /spice-furniture-wooden-retro-turnstile-p-40688.html HTTP/1.0" 200 70364 "-" "Mozilla/5.0 (compatible; MJ12bot/v1.4.8; http://mj12bot.com/)"
64.62.252.176 - - [10/Aug/2021:14:31:58 +0200] "GET /plastic-glass-p-17153.html HTTP/1.0" 200 72957 "-" "The Knowledge AI"
62.210.188.218 - - [10/Aug/2021:14:32:01 +0200] "GET /wooden-calendar-p-49194.html HTTP/1.0" 200 73368 "-" "Mozilla/5.0 (compatible; Barkrowler/0.9; +https://babbar.tech/crawler)"
185.191.171.43 - - [10/Aug/2021:14:32:13 +0200] "GET /deco-statuette-wooden-cats-p-46478.html?action=add_product HTTP/1.0" 302 476 "-" "Mozilla/5.0 (compatible; SemrushBot/7~bl; +http://www.semrush.com/bot.html)"
64.62.252.176 - - [10/Aug/2021:14:32:16 +0200] "GET /sponge-melamine-bowl-p-17120.html HTTP/1.0" 200 72933 "-" "The Knowledge AI"
64.62.252.176 - - [10/Aug/2021:14:32:35 +0200] "GET /ethnic-style-burlap-table-p-48440.html HTTP/1.0" 200 72823 "-" "The Knowledge AI"
192.99.5.228 - - [10/Aug/2021:14:32:44 +0200] "GET /spice-furniture-wooden-retro-turnstile-p-45511.html HTTP/1.0" 200 73154 "-" "Mozilla/5.0 (compatible; MJ12bot/v1.4.8; http://mj12bot.com/)"
157.55.39.156 - - [10/Aug/2021:14:32:44 +0200] "GET /-p-30846.html HTTP/1.0" 200 70200 "-" "Mozilla/5.0 (compatible; bingbot/2.0; +http://www.bing.com/bingbot.htm)"
62.210.188.218 - - [10/Aug/2021:14:32:51 +0200] "GET /wooden-calendar-p-48672.html HTTP/1.0" 200 72772 "-" "Mozilla/5.0 (compatible; Barkrowler/0.9; +https://babbar.tech/crawler)"
185.191.171.18 - - [10/Aug/2021:14:32:56 +0200] "GET /earth-globe-decoration-p-54102.html?action=add_product HTTP/1.0" 302 476 "-" "Mozilla/5.0 (compatible; SemrushBot/7~bl; +http://www.semrush.com/bot.html)"
54.36.148.242 - - [10/Aug/2021:14:32:59 +0200] "GET /butterfly-hanging-decoration-p-50488.html HTTP/1.0" 200 72928 "-" "Mozilla/5.0 (compatible; AhrefsBot/7.0; +http://ahrefs.com/robot/)"
64.62.252.176 - - [10/Aug/2021:14:33:02 +0200] "GET /ethnic-style-burlap-table-p-48442.html HTTP/1.0" 200 72823 "-" "The Knowledge AI"
207.46.13.127 - - [10/Aug/2021:14:33:04 +0200] "GET /-p-17140.html HTTP/1.0" 200 70200 "-" "Mozilla/5.0 (compatible; bingbot/2.0; +http://www.bing.com/bingbot.htm)"
62.210.188.218 - - [10/Aug/2021:14:33:09 +0200] "GET /kids-school-p-18788.html HTTP/1.0" 200 73216 "-" "Mozilla/5.0 (compatible; Barkrowler/0.9; +https://babbar.tech/crawler)"
192.99.5.228 - - [10/Aug/2021:14:33:21 +0200] "GET /spice-furniture-wooden-turnstile-30-17-cm-p-47326.html HTTP/1.0" 301 73844 "-" "Mozilla/5.0 (compatible; MJ12bot/v1.4.8; http://mj12bot.com/)"
64.62.252.176 - - [10/Aug/2021:14:33:22 +0200] "GET /ethnic-style-burlap-table-p-48445.html HTTP/1.0" 200 70290 "-" "The Knowledge AI"
62.210.188.218 - - [10/Aug/2021:14:33:29 +0200] "GET /kids-school-p-52080.html HTTP/1.0" 200 73682 "-" "Mozilla/5.0 (compatible; Barkrowler/0.9; +https://babbar.tech/crawler)"
185.191.171.9 - - [10/Aug/2021:14:33:41 +0200] "GET /incense-c-231_226.html?page=4 HTTP/1.0" 200 91401 "-" "Mozilla/5.0 (compatible; SemrushBot/7~bl; +http://www.semrush.com/bot.html)"
64.62.252.176 - - [10/Aug/2021:14:33:41 +0200] "GET /ethnic-style-burlap-table-p-48447.html HTTP/1.0" 200 70290 "-" "The Knowledge AI"
54.36.149.83 - - [10/Aug/2021:14:33:45 +0200] "GET /owl-pink-led-keychains-p-32586.html HTTP/1.0" 301 72909 "-" "Mozilla/5.0 (compatible; AhrefsBot/7.0; +http://ahrefs.com/robot/)"
62.210.188.218 - - [10/Aug/2021:14:33:50 +0200] "GET /metal-lamp-p-53106.html HTTP/1.0" 200 73619 "-" "Mozilla/5.0 (compatible; Barkrowler/0.9; +https://babbar.tech/crawler)"
54.179.145.204 - - [10/Aug/2021:14:33:56 +0200] "GET //_profiler/phpinfo HTTP/1.0" 404 1308 "-" "Mozlila/5.0 (Linux; Android 7.0; SM-G892A Bulid/NRD90M; wv) AppleWebKit/537.36 (KHTML, like Gecko) Version/4.0 Chrome/60.0.3112.107 Moblie Safari/537.36"
54.179.145.204 - - [10/Aug/2021:14:33:56 +0200] "GET //phpinfo.php HTTP/1.0" 404 1308 "-" "Mozlila/5.0 (Linux; Android 7.0; SM-G892A Bulid/NRD90M; wv) AppleWebKit/537.36 (KHTML, like Gecko) Version/4.0 Chrome/60.0.3112.107 Moblie Safari/537.36"
54.179.145.204 - - [10/Aug/2021:14:33:57 +0200] "GET //phpinfo HTTP/1.0" 301 531 "-" "Mozlila/5.0 (Linux; Android 7.0; SM-G892A Bulid/NRD90M; wv) AppleWebKit/537.36 (KHTML, like Gecko) Version/4.0 Chrome/60.0.3112.107 Moblie Safari/537.36"
54.179.145.204 - - [10/Aug/2021:14:33:57 +0200] "GET //info.php HTTP/1.0" 404 1308 "-" "Mozlila/5.0 (Linux; Android 7.0; SM-G892A Bulid/NRD90M; wv) AppleWebKit/537.36 (KHTML, like Gecko) Version/4.0 Chrome/60.0.3112.107 Moblie Safari/537.36"
54.179.145.204 - - [10/Aug/2021:14:33:58 +0200] "GET //php.ini HTTP/1.0" 404 1308 "-" "Mozlila/5.0 (Linux; Android 7.0; SM-G892A Bulid/NRD90M; wv) AppleWebKit/537.36 (KHTML, like Gecko) Version/4.0 Chrome/60.0.3112.107 Moblie Safari/537.36"
54.179.145.204 - - [10/Aug/2021:14:33:58 +0200] "GET //.aws/credentials HTTP/1.0" 404 1308 "-" "Mozlila/5.0 (Linux; Android 7.0; SM-G892A Bulid/NRD90M; wv) AppleWebKit/537.36 (KHTML, like Gecko) Version/4.0 Chrome/60.0.3112.107 Moblie Safari/537.36"
157.55.39.51 - - [10/Aug/2021:14:33:58 +0200] "GET /cocacola-m-190.html HTTP/1.0" 200 89837 "-" "Mozilla/5.0 (compatible; bingbot/2.0; +http://www.bing.com/bingbot.htm)"
54.179.145.204 - - [10/Aug/2021:14:33:59 +0200] "GET //aws.yml HTTP/1.0" 404 1308 "-" "Mozlila/5.0 (Linux; Android 7.0; SM-G892A Bulid/NRD90M; wv) AppleWebKit/537.36 (KHTML, like Gecko) Version/4.0 Chrome/60.0.3112.107 Moblie Safari/537.36"
54.179.145.204 - - [10/Aug/2021:14:34:00 +0200] "GET //config/aws.yml HTTP/1.0" 404 1308 "-" "Mozlila/5.0 (Linux; Android 7.0; SM-G892A Bulid/NRD90M; wv) AppleWebKit/537.36 (KHTML, like Gecko) Version/4.0 Chrome/60.0.3112.107 Moblie Safari/537.36"
66.249.66.220 - - [10/Aug/2021:14:34:01 +0200] "GET /images/big_prod_1/3453131158978a.jpg HTTP/1.0" 200 271 "-" "Googlebot-Image/1.0"
54.179.145.204 - - [10/Aug/2021:14:34:01 +0200] "GET //config.js HTTP/1.0" 404 1308 "-" "Mozlila/5.0 (Linux; Android 7.0; SM-G892A Bulid/NRD90M; wv) AppleWebKit/537.36 (KHTML, like Gecko) Version/4.0 Chrome/60.0.3112.107 Moblie Safari/537.36"
54.179.145.204 - - [10/Aug/2021:14:34:01 +0200] "GET //.env.bak HTTP/1.0" 404 1308 "-" "Mozlila/5.0 (Linux; Android 7.0; SM-G892A Bulid/NRD90M; wv) AppleWebKit/537.36 (KHTML, like Gecko) Version/4.0 Chrome/60.0.3112.107 Moblie Safari/537.36"
64.62.252.176 - - [10/Aug/2021:14:34:01 +0200] "GET /ethnic-style-burlap-table-p-48449.html HTTP/1.0" 200 72823 "-" "The Knowledge AI"
62.210.188.218 - - [10/Aug/2021:14:34:11 +0200] "GET /metal-lamp-p-53381.html HTTP/1.0" 200 73619 "-" "Mozilla/5.0 (compatible; Barkrowler/0.9; +https://babbar.tech/crawler)"
54.36.148.242 - - [10/Aug/2021:14:34:13 +0200] "GET /pillow-case-pink-light-p-33864.html HTTP/1.0" 200 73114 "-" "Mozilla/5.0 (compatible; AhrefsBot/7.0; +http://ahrefs.com/robot/)"
64.62.252.176 - - [10/Aug/2021:14:34:19 +0200] "GET /ethnic-style-burlap-table-p-48450.html HTTP/1.0" 200 70290 "-" "The Knowledge AI"
157.55.39.156 - - [10/Aug/2021:14:34:25 +0200] "GET /-p-19146.html HTTP/1.0" 200 70200 "-" "Mozilla/5.0 (compatible; bingbot/2.0; +http://www.bing.com/bingbot.htm)"
192.99.5.228 - - [10/Aug/2021:14:34:26 +0200] "GET /spice-furniture-wooden-turnstile-p-47326.html HTTP/1.0" 200 73745 "-" "Mozilla/5.0 (compatible; MJ12bot/v1.4.8; http://mj12bot.com/)"
62.210.188.218 - - [10/Aug/2021:14:34:33 +0200] "GET /metal-lamp-p-53380.html HTTP/1.0" 200 73619 "-" "Mozilla/5.0 (compatible; Barkrowler/0.9; +https://babbar.tech/crawler)"
157.55.39.156 - - [10/Aug/2021:14:34:35 +0200] "GET /dessert-dish-glass-with-anti-slip-feet-p-47332.html HTTP/1.0" 200 72928 "-" "Mozilla/5.0 (compatible; bingbot/2.0; +http://www.bing.com/bingbot.htm)"
64.62.252.176 - - [10/Aug/2021:14:34:37 +0200] "GET /placemat-appetit-p-53596.html HTTP/1.0" 200 73389 "-" "The Knowledge AI"
192.99.18.136 - - [10/Aug/2021:14:34:39 +0200] "GET / HTTP/1.0" 301 511 "https://www.google.com" "Mozilla/5.0 (X11; Ubuntu; Linux x86_64; rv:72.0) Gecko/20100101 Firefox/72.0"
192.99.18.136 - - [10/Aug/2021:14:34:40 +0200] "GET / HTTP/1.0" 200 150932 "http://wonder-geek.com/" "Mozilla/5.0 (X11; Ubuntu; Linux x86_64; rv:72.0) Gecko/20100101 Firefox/72.0"
157.55.39.122 - - [10/Aug/2021:14:34:42 +0200] "GET /weenicons-east-cost-shirt-p-29582.html HTTP/1.0" 200 74287 "-" "Mozilla/5.0 (compatible; bingbot/2.0; +http://www.bing.com/bingbot.htm)"
192.99.18.136 - - [10/Aug/2021:14:34:43 +0200] "GET /login.php HTTP/1.0" 200 17155 "https://www.google.com" "Mozilla/5.0 (X11; Ubuntu; Linux x86_64; rv:72.0) Gecko/20100101 Firefox/72.0"
192.99.18.136 - - [10/Aug/2021:14:34:44 +0200] "GET /bookend-c-13_202.html HTTP/1.0" 200 88853 "https://www.google.com" "Mozilla/5.0 (X11; Ubuntu; Linux x86_64; rv:72.0) Gecko/20100101 Firefox/72.0"
192.99.18.136 - - [10/Aug/2021:14:34:45 +0200] "GET /contact_us.php HTTP/1.0" 200 26241 "https://www.google.com" "Mozilla/5.0 (X11; Ubuntu; Linux x86_64; rv:72.0) Gecko/20100101 Firefox/72.0"
192.99.18.136 - - [10/Aug/2021:14:34:45 +0200] "GET /create_account.php HTTP/1.0" 200 33633 "https://www.google.com" "Mozilla/5.0 (X11; Ubuntu; Linux x86_64; rv:72.0) Gecko/20100101 Firefox/72.0"
192.99.18.136 - - [10/Aug/2021:14:34:45 +0200] "GET /shopping_cart.php HTTP/1.0" 200 13298 "https://www.google.com" "Mozilla/5.0 (X11; Ubuntu; Linux x86_64; rv:72.0) Gecko/20100101 Firefox/72.0"
192.99.18.136 - - [10/Aug/2021:14:34:45 +0200] "GET / HTTP/1.0" 200 151327 "https://www.google.com" "Mozilla/5.0 (X11; Ubuntu; Linux x86_64; rv:72.0) Gecko/20100101 Firefox/72.0"
192.99.18.136 - - [10/Aug/2021:14:34:46 +0200] "GET /specials.php HTTP/1.0" 200 125683 "https://www.google.com" "Mozilla/5.0 (X11; Ubuntu; Linux x86_64; rv:72.0) Gecko/20100101 Firefox/72.0"
192.99.18.136 - - [10/Aug/2021:14:34:47 +0200] "GET /checkout_shipping.php HTTP/1.0" 302 468 "https://www.google.com" "Mozilla/5.0 (X11; Ubuntu; Linux x86_64; rv:72.0) Gecko/20100101 Firefox/72.0"
192.99.18.136 - - [10/Aug/2021:14:34:47 +0200] "GET /login.php HTTP/1.0" 200 17155 "http://www.wonder-geek.com/checkout_shipping.php" "Mozilla/5.0 (X11; Ubuntu; Linux x86_64; rv:72.0) Gecko/20100101 Firefox/72.0"
192.99.18.136 - - [10/Aug/2021:14:34:47 +0200] "GET /school-trolley-c-31_169.html HTTP/1.0" 200 82473 "https://www.google.com" "Mozilla/5.0 (X11; Ubuntu; Linux x86_64; rv:72.0) Gecko/20100101 Firefox/72.0"
192.99.18.136 - - [10/Aug/2021:14:34:48 +0200] "GET /wastebasket-c-129_184.html HTTP/1.0" 200 84317 "https://www.google.com" "Mozilla/5.0 (X11; Ubuntu; Linux x86_64; rv:72.0) Gecko/20100101 Firefox/72.0"
192.99.18.136 - - [10/Aug/2021:14:34:49 +0200] "GET /olaf-disney-trolley-p-30351.html HTTP/1.0" 200 73131 "https://www.google.com" "Mozilla/5.0 (X11; Ubuntu; Linux x86_64; rv:72.0) Gecko/20100101 Firefox/72.0"
192.99.18.136 - - [10/Aug/2021:14:34:51 +0200] "GET /trays-medium-size-c-12_159_265.html HTTP/1.0" 200 90421 "https://www.google.com" "Mozilla/5.0 (X11; Ubuntu; Linux x86_64; rv:72.0) Gecko/20100101 Firefox/72.0"
192.99.18.136 - - [10/Aug/2021:14:34:52 +0200] "GET /bottle-holder-beer-bucket-c-12_224.html HTTP/1.0" 200 89633 "https://www.google.com" "Mozilla/5.0 (X11; Ubuntu; Linux x86_64; rv:72.0) Gecko/20100101 Firefox/72.0"
157.55.39.5 - - [10/Aug/2021:14:34:52 +0200] "GET /-p-30154.html HTTP/1.0" 200 70200 "-" "Mozilla/5.0 (compatible; bingbot/2.0; +http://www.bing.com/bingbot.htm)"
62.210.188.218 - - [10/Aug/2021:14:34:54 +0200] "GET /metal-lamp-p-53382.html HTTP/1.0" 200 73619 "-" "Mozilla/5.0 (compatible; Barkrowler/0.9; +https://babbar.tech/crawler)"
64.62.252.176 - - [10/Aug/2021:14:34:55 +0200] "GET /placemat-brasserie-familiale-p-53595.html HTTP/1.0" 200 73478 "-" "The Knowledge AI"
185.191.171.1 - - [10/Aug/2021:14:34:56 +0200] "GET /clock-cbkreation-p-24710.html HTTP/1.0" 200 72931 "-" "Mozilla/5.0 (compatible; SemrushBot/7~bl; +http://www.semrush.com/bot.html)"
157.55.39.44 - - [10/Aug/2021:14:34:57 +0200] "GET /little-londoner-payphone-sticker-photo-frame-p-26133.html HTTP/1.0" 200 73045 "-" "Mozilla/5.0 (compatible; bingbot/2.0; +http://www.bing.com/bingbot.htm)"
185.191.171.6 - - [10/Aug/2021:14:35:10 +0200] "GET /incense-satya-myrrh-grams-about-sticks-p-54219.html?action=add_product HTTP/1.0" 302 476 "-" "Mozilla/5.0 (compatible; SemrushBot/7~bl; +http://www.semrush.com/bot.html)"
62.210.188.218 - - [10/Aug/2021:14:35:13 +0200] "GET /metal-clock-p-47984.html HTTP/1.0" 200 73689 "-" "Mozilla/5.0 (compatible; Barkrowler/0.9; +https://babbar.tech/crawler)"
64.62.252.176 - - [10/Aug/2021:14:35:14 +0200] "GET /placemat-carreaux-ciment-p-53650.html HTTP/1.0" 200 73461 "-" "The Knowledge AI"
192.99.5.228 - - [10/Aug/2021:14:35:19 +0200] "GET /spice-furniture-wooden-turnstile-p-47326.html HTTP/1.0" 200 73745 "-" "Mozilla/5.0 (compatible; MJ12bot/v1.4.8; http://mj12bot.com/)"
185.191.171.19 - - [10/Aug/2021:14:35:28 +0200] "GET /versailles-flower-pot-grey-p-51544.html HTTP/1.0" 301 73820 "-" "Mozilla/5.0 (compatible; SemrushBot/7~bl; +http://www.semrush.com/bot.html)"
62.210.188.218 - - [10/Aug/2021:14:35:30 +0200] "GET /metal-plate-p-34881.html HTTP/1.0" 200 72857 "-" "Mozilla/5.0 (compatible; Barkrowler/0.9; +https://babbar.tech/crawler)"
207.46.13.101 - - [10/Aug/2021:14:35:30 +0200] "GET /burlap-round-table-p-53151.html HTTP/1.0" 200 73383 "-" "Mozilla/5.0 (compatible; bingbot/2.0; +http://www.bing.com/bingbot.htm)"
64.62.252.176 - - [10/Aug/2021:14:35:31 +0200] "GET /placemat-exotique-p-53600.html HTTP/1.0" 200 73367 "-" "The Knowledge AI"
54.36.148.242 - - [10/Aug/2021:14:35:31 +0200] "GET /beach-shower-curtain-p-37701.html HTTP/1.0" 200 72925 "-" "Mozilla/5.0 (compatible; AhrefsBot/7.0; +http://ahrefs.com/robot/)"
185.191.171.43 - - [10/Aug/2021:14:35:32 +0200] "GET /versailles-flower-grey-p-51544.html HTTP/1.0" 200 73731 "-" "Mozilla/5.0 (compatible; SemrushBot/7~bl; +http://www.semrush.com/bot.html)"
64.62.252.176 - - [10/Aug/2021:14:35:50 +0200] "GET /paris-bottle-p-30714.html HTTP/1.0" 200 72878 "-" "The Knowledge AI"
62.210.188.218 - - [10/Aug/2021:14:35:51 +0200] "GET /metal-plate-p-41515.html HTTP/1.0" 200 72825 "-" "Mozilla/5.0 (compatible; Barkrowler/0.9; +https://babbar.tech/crawler)"
192.99.5.228 - - [10/Aug/2021:14:35:57 +0200] "GET /spice-jar-with-sprinkler-escale-aux-delices-p-46513.html HTTP/1.0" 301 70432 "-" "Mozilla/5.0 (compatible; MJ12bot/v1.4.8; http://mj12bot.com/)"
64.62.252.176 - - [10/Aug/2021:14:36:08 +0200] "GET /bodega-bottle-stoppers-p-39485.html HTTP/1.0" 200 72819 "-" "The Knowledge AI"
62.210.188.218 - - [10/Aug/2021:14:36:11 +0200] "GET /metal-capacity-p-52989.html HTTP/1.0" 200 73671 "-" "Mozilla/5.0 (compatible; Barkrowler/0.9; +https://babbar.tech/crawler)"
