185.191.171.45 - - [10/Aug/2021:21:30:37 +0200] "GET /-p-42080.html?action=add_product HTTP/1.0" 302 476 "-" "Mozilla/5.0 (compatible; SemrushBot/7~bl; +http://www.semrush.com/bot.html)"
64.62.252.176 - - [10/Aug/2021:21:30:38 +0200] "GET /porcelain-with-infuser-p-48050.html HTTP/1.0" 200 72862 "-" "The Knowledge AI"
185.191.171.14 - - [10/Aug/2021:21:30:43 +0200] "GET /owls-large-glass-sold-individually-p-37867.html?action=add_product HTTP/1.0" 302 476 "-" "Mozilla/5.0 (compatible; SemrushBot/7~bl; +http://www.semrush.com/bot.html)"
157.55.39.156 - - [10/Aug/2021:21:30:45 +0200] "GET /luggages-schoolbags-leather-shop/vanity-beauty-bags/gorjuss-beauty-bag-p-28496.html HTTP/1.0" 301 70267 "-" "Mozilla/5.0 (compatible; bingbot/2.0; +http://www.bing.com/bingbot.htm)"
62.210.188.218 - - [10/Aug/2021:21:30:47 +0200] "GET /tree-of-life-incense-stick-holder-p-53795.html HTTP/1.0" 301 73683 "-" "Mozilla/5.0 (compatible; Barkrowler/0.9; +https://babbar.tech/crawler)"
66.249.66.216 - - [10/Aug/2021:21:30:51 +0200] "GET /images/mini_prod/88157signes.jpg HTTP/1.0" 200 267 "-" "Googlebot-Image/1.0"
64.62.252.176 - - [10/Aug/2021:21:31:00 +0200] "GET /porcelain-with-infuser-p-48052.html HTTP/1.0" 200 72862 "-" "The Knowledge AI"
62.210.188.218 - - [10/Aug/2021:21:31:04 +0200] "GET /doc-mcstuffins-musical-jewelry-box-p-26783.html HTTP/1.0" 301 73142 "-" "Mozilla/5.0 (compatible; Barkrowler/0.9; +https://babbar.tech/crawler)"
207.46.13.101 - - [10/Aug/2021:21:31:04 +0200] "GET /images/big_prod_1/3442440300093a.jpg HTTP/1.0" 200 271 "-" "Mozilla/5.0 (compatible; bingbot/2.0; +http://www.bing.com/bingbot.htm)"
66.249.66.220 - - [10/Aug/2021:21:31:14 +0200] "GET /glass-cutting-board-cbkreation-p-51288.html HTTP/1.0" 200 72906 "-" "Mozilla/5.0 (Linux; Android 6.0.1; Nexus 5X Build/MMB29P) AppleWebKit/537.36 (KHTML, like Gecko) Chrome/92.0.4515.119 Mobile Safari/537.36 (compatible; Googlebot/2.1; +http://www.google.com/bot.html)"
64.62.252.176 - - [10/Aug/2021:21:31:19 +0200] "GET /porcelain-with-infuser-p-48053.html HTTP/1.0" 200 72862 "-" "The Knowledge AI"
62.210.188.218 - - [10/Aug/2021:21:31:22 +0200] "GET /zombiesniper-mug-by-cbkreation-p-30050.html HTTP/1.0" 301 72987 "-" "Mozilla/5.0 (compatible; Barkrowler/0.9; +https://babbar.tech/crawler)"
185.191.171.45 - - [10/Aug/2021:21:31:32 +0200] "GET /figurine-caricature-in-polyresine-145-cm-the-judge-p-41145.html HTTP/1.0" 301 73218 "-" "Mozilla/5.0 (compatible; SemrushBot/7~bl; +http://www.semrush.com/bot.html)"
54.36.148.242 - - [10/Aug/2021:21:31:32 +0200] "GET /nomad-glass-teapot-p-54548.html HTTP/1.0" 200 73749 "-" "Mozilla/5.0 (compatible; AhrefsBot/7.0; +http://ahrefs.com/robot/)"
185.191.171.36 - - [10/Aug/2021:21:31:34 +0200] "GET /figurine-caricature-polyrsine-judge-p-41145.html HTTP/1.0" 200 73116 "-" "Mozilla/5.0 (compatible; SemrushBot/7~bl; +http://www.semrush.com/bot.html)"
62.210.188.218 - - [10/Aug/2021:21:31:40 +0200] "GET /raving-rabbids-beer-glasses-p-24545.html HTTP/1.0" 200 70298 "-" "Mozilla/5.0 (compatible; Barkrowler/0.9; +https://babbar.tech/crawler)"
64.62.252.176 - - [10/Aug/2021:21:31:40 +0200] "GET /porcelain-with-infuser-p-48054.html HTTP/1.0" 200 72862 "-" "The Knowledge AI"
54.36.149.24 - - [10/Aug/2021:21:31:40 +0200] "GET /russian-dolls-silvery-mug-by-cbk-p-18738.html HTTP/1.0" 301 73006 "-" "Mozilla/5.0 (compatible; AhrefsBot/7.0; +http://ahrefs.com/robot/)"
157.55.39.5 - - [10/Aug/2021:21:31:43 +0200] "GET /dinosaur-nightlight-p-53143.html HTTP/1.0" 200 70274 "-" "Mozilla/5.0 (compatible; bingbot/2.0; +http://www.bing.com/bingbot.htm)"
185.191.171.45 - - [10/Aug/2021:21:31:47 +0200] "GET /horses-training-bottle-cbkreation-p-29795.html HTTP/1.0" 200 73163 "-" "Mozilla/5.0 (compatible; SemrushBot/7~bl; +http://www.semrush.com/bot.html)"
185.191.171.45 - - [10/Aug/2021:21:31:49 +0200] "GET /ceramic-metal-lamp-p-52768.html HTTP/1.0" 200 72818 "-" "Mozilla/5.0 (compatible; SemrushBot/7~bl; +http://www.semrush.com/bot.html)"
62.210.188.218 - - [10/Aug/2021:21:31:59 +0200] "GET /aurora-silicone-mold-pink-model-p-28235.html HTTP/1.0" 200 72947 "-" "Mozilla/5.0 (compatible; Barkrowler/0.9; +https://babbar.tech/crawler)"
64.62.252.176 - - [10/Aug/2021:21:32:00 +0200] "GET /tisanire-cement-tiles-blue-p-52871.html HTTP/1.0" 200 72885 "-" "The Knowledge AI"
207.46.13.101 - - [10/Aug/2021:21:32:05 +0200] "GET /plush-froggy-yoopy-star-p-42702.html HTTP/1.0" 200 70324 "-" "Mozilla/5.0 (compatible; bingbot/2.0; +http://www.bing.com/bingbot.htm)"
64.62.252.176 - - [10/Aug/2021:21:32:19 +0200] "GET /tisanire-cement-tiles-blue-beige-p-52870.html HTTP/1.0" 200 72947 "-" "The Knowledge AI"
62.210.188.218 - - [10/Aug/2021:21:32:21 +0200] "GET /weapon-metal-keyring-thompson-m1928-p-31985.html HTTP/1.0" 301 73058 "-" "Mozilla/5.0 (compatible; Barkrowler/0.9; +https://babbar.tech/crawler)"
185.191.171.23 - - [10/Aug/2021:21:32:32 +0200] "GET /corsica-calanche-piana-placemat-p-49720.html HTTP/1.0" 200 72973 "-" "Mozilla/5.0 (compatible; SemrushBot/7~bl; +http://www.semrush.com/bot.html)"
62.210.188.218 - - [10/Aug/2021:21:32:39 +0200] "GET /gund-kalidou-lavender-teddy-bear-p-44325.html HTTP/1.0" 200 77531 "-" "Mozilla/5.0 (compatible; Barkrowler/0.9; +https://babbar.tech/crawler)"
64.62.252.176 - - [10/Aug/2021:21:32:39 +0200] "GET /tisanire-cement-tiles-multicolor-p-52873.html HTTP/1.0" 200 72927 "-" "The Knowledge AI"
54.36.148.242 - - [10/Aug/2021:21:32:50 +0200] "GET /daisy-duck-great-wall-sticker-repositionable-p-18829.html HTTP/1.0" 200 73221 "-" "Mozilla/5.0 (compatible; AhrefsBot/7.0; +http://ahrefs.com/robot/)"
64.62.252.176 - - [10/Aug/2021:21:33:02 +0200] "GET /tisanire-cement-tiles-yellow-p-52872.html HTTP/1.0" 200 72899 "-" "The Knowledge AI"
62.210.188.218 - - [10/Aug/2021:21:33:02 +0200] "GET /gund-boo-plush-13-cm-prince-p-44584.html HTTP/1.0" 301 72995 "-" "Mozilla/5.0 (compatible; Barkrowler/0.9; +https://babbar.tech/crawler)"
54.36.148.30 - - [10/Aug/2021:21:33:16 +0200] "GET /jack-daniel-metal-plate-deco-405-215-cm-p-50980.html HTTP/1.0" 301 73092 "-" "Mozilla/5.0 (compatible; AhrefsBot/7.0; +http://ahrefs.com/robot/)"
64.62.252.176 - - [10/Aug/2021:21:33:22 +0200] "GET /tisanire-cement-tiles-gray-p-55750.html HTTP/1.0" 200 72879 "-" "The Knowledge AI"
62.210.188.218 - - [10/Aug/2021:21:33:23 +0200] "GET /sixtine-bedspread-240-260-cm-p-51290.html HTTP/1.0" 301 73028 "-" "Mozilla/5.0 (compatible; Barkrowler/0.9; +https://babbar.tech/crawler)"
64.62.252.176 - - [10/Aug/2021:21:33:41 +0200] "GET /city-with-infuser-model-p-54149.html HTTP/1.0" 200 72912 "-" "The Knowledge AI"
62.210.188.218 - - [10/Aug/2021:21:33:42 +0200] "GET /kimmidoll-airi-nail-files-p-31933.html HTTP/1.0" 200 72922 "-" "Mozilla/5.0 (compatible; Barkrowler/0.9; +https://babbar.tech/crawler)"
167.99.195.42 - - [10/Aug/2021:21:34:01 +0200] "GET /.env HTTP/1.0" 404 1308 "-" "Mozilla/5.0 (X11; Linux x86_64) AppleWebKit/537.36 (KHTML, like Gecko) Chrome/81.0.4044.129 Safari/537.36"
62.210.188.218 - - [10/Aug/2021:21:34:01 +0200] "GET /winnie-the-pooh-mini-silicone-pan-p-17924.html HTTP/1.0" 301 73075 "-" "Mozilla/5.0 (compatible; Barkrowler/0.9; +https://babbar.tech/crawler)"
64.62.252.176 - - [10/Aug/2021:21:34:01 +0200] "GET /city-with-infuser-model-p-54154.html HTTP/1.0" 200 72907 "-" "The Knowledge AI"
167.99.195.42 - - [10/Aug/2021:21:34:01 +0200] "POST / HTTP/1.0" 200 151338 "-" "Mozilla/5.0 (X11; Linux x86_64) AppleWebKit/537.36 (KHTML, like Gecko) Chrome/81.0.4044.129 Safari/537.36"
185.191.171.11 - - [10/Aug/2021:21:34:05 +0200] "GET /boho-terracotta-p-51887.html?action=add_product HTTP/1.0" 302 476 "-" "Mozilla/5.0 (compatible; SemrushBot/7~bl; +http://www.semrush.com/bot.html)"
54.36.148.242 - - [10/Aug/2021:21:34:08 +0200] "GET /om-mug-p-43212.html HTTP/1.0" 200 72674 "-" "Mozilla/5.0 (compatible; AhrefsBot/7.0; +http://ahrefs.com/robot/)"
62.210.188.218 - - [10/Aug/2021:21:34:22 +0200] "GET /crayola-best-friends-diary-set-p-16632.html HTTP/1.0" 301 73483 "-" "Mozilla/5.0 (compatible; Barkrowler/0.9; +https://babbar.tech/crawler)"
64.62.252.176 - - [10/Aug/2021:21:34:28 +0200] "GET /petit-bonheur-ceramic-with-infuser-p-32210.html HTTP/1.0" 200 72960 "-" "The Knowledge AI"
157.55.39.51 - - [10/Aug/2021:21:34:40 +0200] "GET /-p-12218.html HTTP/1.0" 200 70200 "-" "Mozilla/5.0 (compatible; bingbot/2.0; +http://www.bing.com/bingbot.htm)"
62.210.188.218 - - [10/Aug/2021:21:34:43 +0200] "GET /aries-classic-mug-cbkreation-p-29026.html HTTP/1.0" 301 72925 "-" "Mozilla/5.0 (compatible; Barkrowler/0.9; +https://babbar.tech/crawler)"
64.62.252.176 - - [10/Aug/2021:21:34:49 +0200] "GET /glass-with-porcelain-infuser-p-41870.html HTTP/1.0" 200 72926 "-" "The Knowledge AI"
157.55.39.122 - - [10/Aug/2021:21:34:49 +0200] "GET /-p-22043.html HTTP/1.0" 200 70200 "-" "Mozilla/5.0 (compatible; bingbot/2.0; +http://www.bing.com/bingbot.htm)"
62.210.188.218 - - [10/Aug/2021:21:35:04 +0200] "GET /colorblock-bedclothes-220-240-cm-p-52072.html HTTP/1.0" 301 70267 "-" "Mozilla/5.0 (compatible; Barkrowler/0.9; +https://babbar.tech/crawler)"
185.191.171.16 - - [10/Aug/2021:21:35:07 +0200] "GET /retro-placemat-p-48103.html HTTP/1.0" 200 70246 "-" "Mozilla/5.0 (compatible; SemrushBot/7~bl; +http://www.semrush.com/bot.html)"
64.62.252.176 - - [10/Aug/2021:21:35:10 +0200] "GET /glass-with-porcelain-infuser-p-41871.html HTTP/1.0" 200 72926 "-" "The Knowledge AI"
185.191.171.37 - - [10/Aug/2021:21:35:18 +0200] "GET /little-prince-navy-blue-jewelry-phosphorescent-p-16447.html?action=add_product HTTP/1.0" 302 476 "-" "Mozilla/5.0 (compatible; SemrushBot/7~bl; +http://www.semrush.com/bot.html)"
157.55.39.122 - - [10/Aug/2021:21:35:19 +0200] "GET /placemats-c-12_156.html HTTP/1.0" 200 91435 "-" "Mozilla/5.0 (compatible; bingbot/2.0; +http://www.bing.com/bingbot.htm)"
62.210.188.218 - - [10/Aug/2021:21:35:24 +0200] "GET /bamboo-pot-exotic-spirit-tropical-flowers-p-49322.html HTTP/1.0" 301 73116 "-" "Mozilla/5.0 (compatible; Barkrowler/0.9; +https://babbar.tech/crawler)"
54.36.148.242 - - [10/Aug/2021:21:35:27 +0200] "GET /studio-pets-plush-p-54203.html HTTP/1.0" 200 73633 "-" "Mozilla/5.0 (compatible; AhrefsBot/7.0; +http://ahrefs.com/robot/)"
64.62.252.176 - - [10/Aug/2021:21:35:30 +0200] "GET /glass-with-porcelain-infuser-p-41872.html HTTP/1.0" 200 72926 "-" "The Knowledge AI"
74.125.210.50 - - [10/Aug/2021:21:35:33 +0200] "GET /images/8412906996714.jpg HTTP/1.0" 200 259 "-" "Mozilla/5.0 (Windows NT 5.1; rv:11.0) Gecko Firefox/11.0 (via ggpht.com GoogleImageProxy)"
157.55.39.5 - - [10/Aug/2021:21:35:43 +0200] "GET /butterflies-makeup-accessories-p-28913.html HTTP/1.0" 200 72974 "-" "Mozilla/5.0 (compatible; bingbot/2.0; +http://www.bing.com/bingbot.htm)"
62.210.188.218 - - [10/Aug/2021:21:35:45 +0200] "GET /tinted-candle-in-the-mass-purple-color-p-48930.html HTTP/1.0" 301 72759 "-" "Mozilla/5.0 (compatible; Barkrowler/0.9; +https://babbar.tech/crawler)"
185.191.171.25 - - [10/Aug/2021:21:35:50 +0200] "GET /canvas-frame-p-38318.html HTTP/1.0" 200 72837 "-" "Mozilla/5.0 (compatible; SemrushBot/7~bl; +http://www.semrush.com/bot.html)"
54.36.148.157 - - [10/Aug/2021:21:35:52 +0200] "GET /cushion-cover-40-40-cm-cement-tiles-p-49958.html HTTP/1.0" 301 73820 "-" "Mozilla/5.0 (compatible; AhrefsBot/7.0; +http://ahrefs.com/robot/)"
64.62.252.176 - - [10/Aug/2021:21:35:59 +0200] "GET /little-kitchen-ceramic-with-infuser-p-41631.html HTTP/1.0" 200 72964 "-" "The Knowledge AI"
62.210.188.218 - - [10/Aug/2021:21:36:03 +0200] "GET /tinted-candle-in-the-mass-ivory-color-p-48915.html HTTP/1.0" 301 73031 "-" "Mozilla/5.0 (compatible; Barkrowler/0.9; +https://babbar.tech/crawler)"
185.191.171.34 - - [10/Aug/2021:21:36:13 +0200] "GET /cats-by-dubout-photo-frame-threesome-p-36716.html HTTP/1.0" 301 74090 "-" "Mozilla/5.0 (compatible; SemrushBot/7~bl; +http://www.semrush.com/bot.html)"
185.191.171.11 - - [10/Aug/2021:21:36:15 +0200] "GET /cats-dubout-photo-frame-threesome-p-36716.html HTTP/1.0" 200 73990 "-" "Mozilla/5.0 (compatible; SemrushBot/7~bl; +http://www.semrush.com/bot.html)"
64.62.252.176 - - [10/Aug/2021:21:36:19 +0200] "GET /mugs-mazagrans-c-12_57.html?page=2 HTTP/1.0" 200 96104 "-" "The Knowledge AI"
185.191.171.20 - - [10/Aug/2021:21:36:33 +0200] "GET /sonny-angel-figure-easter-series-p-34302.html HTTP/1.0" 200 70322 "-" "Mozilla/5.0 (compatible; SemrushBot/7~bl; +http://www.semrush.com/bot.html)"
40.77.167.106 - - [10/Aug/2021:21:36:43 +0200] "GET /tweety-glitter-globe-p-5207.html HTTP/1.0" 200 72855 "-" "Mozilla/5.0 (compatible; bingbot/2.0; +http://www.bing.com/bingbot.htm)"
54.36.148.242 - - [10/Aug/2021:21:36:45 +0200] "GET /minion-placemat-p-31847.html HTTP/1.0" 200 70266 "-" "Mozilla/5.0 (compatible; AhrefsBot/7.0; +http://ahrefs.com/robot/)"
207.46.13.175 - - [10/Aug/2021:21:36:48 +0200] "GET /angel-glitter-ball-p-27610.html HTTP/1.0" 200 73056 "-" "Mozilla/5.0 (compatible; bingbot/2.0; +http://www.bing.com/bingbot.htm)"
64.62.252.176 - - [10/Aug/2021:21:36:52 +0200] "GET /mugs-mazagrans-c-12_57.html?page=3 HTTP/1.0" 200 96279 "-" "The Knowledge AI"
66.249.66.216 - - [10/Aug/2021:21:37:06 +0200] "GET /salt-pepper-cordelia-p-47915.html HTTP/1.0" 200 72871 "-" "Mozilla/5.0 (Linux; Android 6.0.1; Nexus 5X Build/MMB29P) AppleWebKit/537.36 (KHTML, like Gecko) Chrome/92.0.4515.119 Mobile Safari/537.36 (compatible; Googlebot/2.1; +http://www.google.com/bot.html)"
64.62.252.176 - - [10/Aug/2021:21:37:14 +0200] "GET /mugs-mazagrans-c-12_57.html?page=4 HTTP/1.0" 200 96246 "-" "The Knowledge AI"
216.244.66.242 - - [10/Aug/2021:21:37:26 +0200] "GET /crystal-glass-metal-lamp-p-50714.html HTTP/1.0" 200 73617 "-" "Mozilla/5.0 (compatible; DotBot/1.2; +https://opensiteexplorer.org/dotbot; help@moz.com)"
64.62.252.176 - - [10/Aug/2021:21:37:31 +0200] "GET /mugs-mazagrans-c-12_57.html?page=5 HTTP/1.0" 200 95981 "-" "The Knowledge AI"
216.244.66.242 - - [10/Aug/2021:21:37:32 +0200] "GET /industrial-box-small-model-only-p-48570.html HTTP/1.0" 301 70404 "-" "Mozilla/5.0 (compatible; DotBot/1.2; +https://opensiteexplorer.org/dotbot; help@moz.com)"
216.244.66.242 - - [10/Aug/2021:21:37:41 +0200] "GET /johnny-hallyday-ceramic-mug-p-52961.html HTTP/1.0" 301 72949 "-" "Mozilla/5.0 (compatible; DotBot/1.2; +https://opensiteexplorer.org/dotbot; help@moz.com)"
216.244.66.242 - - [10/Aug/2021:21:37:45 +0200] "GET /kimmidoll-collection-mug-p-47566.html HTTP/1.0" 301 73526 "-" "Mozilla/5.0 (compatible; DotBot/1.2; +https://opensiteexplorer.org/dotbot; help@moz.com)"
157.55.39.156 - - [10/Aug/2021:21:37:46 +0200] "GET /wicker-picnic-basket-with-dishes-p-42062.html HTTP/1.0" 200 70330 "-" "Mozilla/5.0 (compatible; bingbot/2.0; +http://www.bing.com/bingbot.htm)"
216.244.66.242 - - [10/Aug/2021:21:37:49 +0200] "GET /mala-amethyst-108-beads-p-51005.html HTTP/1.0" 301 75574 "-" "Mozilla/5.0 (compatible; DotBot/1.2; +https://opensiteexplorer.org/dotbot; help@moz.com)"
216.244.66.242 - - [10/Aug/2021:21:37:52 +0200] "GET /statuette-yoga-or-p-53031.html HTTP/1.0" 301 72929 "-" "Mozilla/5.0 (compatible; DotBot/1.2; +https://opensiteexplorer.org/dotbot; help@moz.com)"
64.62.252.176 - - [10/Aug/2021:21:37:52 +0200] "GET /mugs-mazagrans-c-12_57.html?page=6 HTTP/1.0" 200 95840 "-" "The Knowledge AI"
54.36.148.242 - - [10/Aug/2021:21:38:02 +0200] "GET /shower-curtain-p-50725.html HTTP/1.0" 200 73515 "-" "Mozilla/5.0 (compatible; AhrefsBot/7.0; +http://ahrefs.com/robot/)"
207.46.13.39 - - [10/Aug/2021:21:38:09 +0200] "GET /-p-21419.html HTTP/1.0" 200 70200 "-" "Mozilla/5.0 (compatible; bingbot/2.0; +http://www.bing.com/bingbot.htm)"
64.62.252.176 - - [10/Aug/2021:21:38:13 +0200] "GET /mugs-mazagrans-c-12_57.html?page=7 HTTP/1.0" 200 96580 "-" "The Knowledge AI"
40.77.167.106 - - [10/Aug/2021:21:38:24 +0200] "GET /-p-18122.html HTTP/1.0" 200 70200 "-" "Mozilla/5.0 (compatible; bingbot/2.0; +http://www.bing.com/bingbot.htm)"
64.62.252.176 - - [10/Aug/2021:21:38:34 +0200] "GET /mugs-mazagrans-c-12_57.html?page=8 HTTP/1.0" 200 96252 "-" "The Knowledge AI"
157.55.39.51 - - [10/Aug/2021:21:38:41 +0200] "GET /-p-12903.html HTTP/1.0" 200 70200 "-" "Mozilla/5.0 (compatible; bingbot/2.0; +http://www.bing.com/bingbot.htm)"
185.191.171.39 - - [10/Aug/2021:21:38:43 +0200] "GET /penguin-money-p-54816.html HTTP/1.0" 200 72841 "-" "Mozilla/5.0 (compatible; SemrushBot/7~bl; +http://www.semrush.com/bot.html)"
66.249.66.216 - - [10/Aug/2021:21:38:44 +0200] "GET /indian-boho-wolf-wall-sticker-p-45019.html HTTP/1.0" 200 72984 "-" "Mozilla/5.0 (compatible; Googlebot/2.1; +http://www.google.com/bot.html)"
207.46.13.101 - - [10/Aug/2021:21:38:45 +0200] "GET /provence-potholder-p-51446.html HTTP/1.0" 200 72859 "-" "Mozilla/5.0 (compatible; bingbot/2.0; +http://www.bing.com/bingbot.htm)"
64.62.252.176 - - [10/Aug/2021:21:38:53 +0200] "GET /mugs-mazagrans-c-12_57.html?page=9 HTTP/1.0" 200 96306 "-" "The Knowledge AI"
111.225.149.117 - - [10/Aug/2021:21:38:57 +0200] "GET /grey-ceramic-lamp-p-52594.html HTTP/1.0" 200 73593 "-" "Mozilla/5.0 (Linux; Android 5.0) AppleWebKit/537.36 (KHTML, like Gecko) Mobile Safari/537.36 (compatible; Bytespider; https://zhanzhang.toutiao.com/)"
111.225.149.107 - - [10/Aug/2021:21:39:00 +0200] "GET /swfobject.js HTTP/1.0" 404 1308 "http://www.wonder-geek.com/grey-ceramic-lamp-p-52594.html" "Mozilla/5.0 (Linux; Android 5.0) AppleWebKit/537.36 (KHTML, like Gecko) Mobile Safari/537.36 (compatible; Bytespider; https://zhanzhang.toutiao.com/)"
111.225.149.120 - - [10/Aug/2021:21:39:01 +0200] "GET /images/big_prod_1/8424345932369B.jpg HTTP/1.0" 200 271 "http://www.wonder-geek.com/grey-ceramic-lamp-p-52594.html" "Mozilla/5.0 (Linux; Android 5.0) AppleWebKit/537.36 (KHTML, like Gecko) Mobile Safari/537.36 (compatible; Bytespider; https://zhanzhang.toutiao.com/)"
111.225.149.111 - - [10/Aug/2021:21:39:01 +0200] "GET /images/big_prod_2/8424345932369C.jpg HTTP/1.0" 200 271 "http://www.wonder-geek.com/grey-ceramic-lamp-p-52594.html" "Mozilla/5.0 (Linux; Android 5.0) AppleWebKit/537.36 (KHTML, like Gecko) Mobile Safari/537.36 (compatible; Bytespider; https://zhanzhang.toutiao.com/)"
111.225.149.102 - - [10/Aug/2021:21:39:02 +0200] "GET /highslide/graphics/zoomout.cur HTTP/1.0" 200 614 "http://www.wonder-geek.com/grey-ceramic-lamp-p-52594.html" "Mozilla/5.0 (Linux; Android 5.0) AppleWebKit/537.36 (KHTML, like Gecko) Mobile Safari/537.36 (compatible; Bytespider; https://zhanzhang.toutiao.com/)"
111.225.149.104 - - [10/Aug/2021:21:39:02 +0200] "GET /images/big_prod/8424345932369.jpg HTTP/1.0" 200 268 "http://www.wonder-geek.com/grey-ceramic-lamp-p-52594.html" "Mozilla/5.0 (Linux; Android 5.0) AppleWebKit/537.36 (KHTML, like Gecko) Mobile Safari/537.36 (compatible; Bytespider; https://zhanzhang.toutiao.com/)"
185.191.171.35 - - [10/Aug/2021:21:39:05 +0200] "GET /stop-door-p-46282.html?action=add_product HTTP/1.0" 302 476 "-" "Mozilla/5.0 (compatible; SemrushBot/7~bl; +http://www.semrush.com/bot.html)"
157.55.39.156 - - [10/Aug/2021:21:39:07 +0200] "GET /kimmidoll-kazumi-canvas-wallet-p-31938.html HTTP/1.0" 200 73618 "-" "Mozilla/5.0 (compatible; bingbot/2.0; +http://www.bing.com/bingbot.htm)"
17.121.115.112 - - [10/Aug/2021:21:39:11 +0200] "GET /writing-correction-c-129_186.html HTTP/1.0" 200 93287 "-" "Mozilla/5.0 (Macintosh; Intel Mac OS X 10_15_5) AppleWebKit/605.1.15 (KHTML, like Gecko) Version/13.1.1 Safari/605.1.15 (Applebot/0.1; +http://www.apple.com/go/applebot)"
64.62.252.176 - - [10/Aug/2021:21:39:18 +0200] "GET /mugs-mazagrans-c-12_57.html?page=10 HTTP/1.0" 200 96635 "-" "The Knowledge AI"
54.36.148.242 - - [10/Aug/2021:21:39:23 +0200] "GET /decorative-wooden-plate-chiens-bienvenus-light-brown-p-47806.html HTTP/1.0" 200 73290 "-" "Mozilla/5.0 (compatible; AhrefsBot/7.0; +http://ahrefs.com/robot/)"
207.46.13.101 - - [10/Aug/2021:21:39:24 +0200] "GET /highslide/highslide.js HTTP/1.0" 200 262 "-" "Mozilla/5.0 (compatible; bingbot/2.0; +http://www.bing.com/bingbot.htm)"
64.62.252.176 - - [10/Aug/2021:21:39:44 +0200] "GET /mugs-mazagrans-c-12_57.html?page=11 HTTP/1.0" 200 96949 "-" "The Knowledge AI"
185.191.171.11 - - [10/Aug/2021:21:39:47 +0200] "GET /resin-bear-teddy-bear-decorative-statuette-p-53681.html?action=add_product HTTP/1.0" 302 476 "-" "Mozilla/5.0 (compatible; SemrushBot/7~bl; +http://www.semrush.com/bot.html)"
185.191.171.7 - - [10/Aug/2021:21:39:56 +0200] "GET /small-school-caramel-p-55814.html HTTP/1.0" 200 73943 "-" "Mozilla/5.0 (compatible; SemrushBot/7~bl; +http://www.semrush.com/bot.html)"
64.62.252.176 - - [10/Aug/2021:21:40:04 +0200] "GET /white-ceramic-p-50009.html HTTP/1.0" 200 72805 "-" "The Knowledge AI"
185.191.171.10 - - [10/Aug/2021:21:40:13 +0200] "GET /flowers-boho-p-50798.html HTTP/1.0" 200 73440 "-" "Mozilla/5.0 (compatible; SemrushBot/7~bl; +http://www.semrush.com/bot.html)"
207.46.13.39 - - [10/Aug/2021:21:40:19 +0200] "GET /cars-small-silicone-mold-orange-model-p-28240.html HTTP/1.0" 200 70342 "-" "Mozilla/5.0 (compatible; bingbot/2.0; +http://www.bing.com/bingbot.htm)"
40.77.167.106 - - [10/Aug/2021:21:40:24 +0200] "GET /-p-14330.html HTTP/1.0" 200 70200 "-" "Mozilla/5.0 (compatible; bingbot/2.0; +http://www.bing.com/bingbot.htm)"
157.55.39.122 - - [10/Aug/2021:21:40:31 +0200] "GET /-p-20663.html HTTP/1.0" 200 70200 "-" "Mozilla/5.0 (compatible; bingbot/2.0; +http://www.bing.com/bingbot.htm)"
64.62.252.176 - - [10/Aug/2021:21:40:33 +0200] "GET /frankie-stein-monster-high-p-17501.html HTTP/1.0" 200 72981 "-" "The Knowledge AI"
157.55.39.5 - - [10/Aug/2021:21:40:35 +0200] "GET /finding-dory-disney-backpack-p-35793.html HTTP/1.0" 200 73118 "-" "Mozilla/5.0 (compatible; bingbot/2.0; +http://www.bing.com/bingbot.htm)"
54.36.148.242 - - [10/Aug/2021:21:40:40 +0200] "GET /paris-small-snow-globe-p-39571.html HTTP/1.0" 200 72909 "-" "Mozilla/5.0 (compatible; AhrefsBot/7.0; +http://ahrefs.com/robot/)"
157.55.39.51 - - [10/Aug/2021:21:40:51 +0200] "GET /kids-school-bag-c-31_80.html HTTP/1.0" 301 90363 "-" "Mozilla/5.0 (compatible; bingbot/2.0; +http://www.bing.com/bingbot.htm)"
64.62.252.176 - - [10/Aug/2021:21:40:52 +0200] "GET /lagoona-blue-monster-high-p-17500.html HTTP/1.0" 200 72973 "-" "The Knowledge AI"
51.68.224.127 - - [10/Aug/2021:21:41:06 +0200] "GET /adminweb/export_orders_xml.php?token=256de2z6edz6ed2z6DFSFsed2zed6zeDSFDSGdzedezfzf&maxorders=10&orderstart=1&status=14&start_date=2018-10-01 HTTP/1.0" 200 285 "-" "GesCom CharlotteBoutik Serveur"
51.68.224.127 - - [10/Aug/2021:21:41:06 +0200] "GET /adminweb/export_orders_xml.php?token=256de2z6edz6ed2z6DFSFsed2zed6zeDSFDSGdzedezfzf&maxorders=10&orderstart=1&status=6&start_date=2018-10-01 HTTP/1.0" 200 28601 "-" "GesCom CharlotteBoutik Serveur"
185.191.171.33 - - [10/Aug/2021:21:41:09 +0200] "GET /indian-fancy-bracelet-finish-golden-color-p-43741.html?action=add_product HTTP/1.0" 302 476 "-" "Mozilla/5.0 (compatible; SemrushBot/7~bl; +http://www.semrush.com/bot.html)"
64.62.252.176 - - [10/Aug/2021:21:41:11 +0200] "GET /fashioned-ceramic-espresso-blue-p-41676.html HTTP/1.0" 200 72952 "-" "The Knowledge AI"
66.249.66.216 - - [10/Aug/2021:21:41:16 +0200] "GET /bedside-lamp-copper-35-cm-p-52455.html HTTP/1.0" 301 73762 "-" "Mozilla/5.0 (compatible; Googlebot/2.1; +http://www.google.com/bot.html)"
66.249.66.220 - - [10/Aug/2021:21:41:17 +0200] "GET /bedside-lamp-copper-p-52455.html HTTP/1.0" 200 73676 "-" "Mozilla/5.0 (compatible; Googlebot/2.1; +http://www.google.com/bot.html)"
66.249.93.26 - - [10/Aug/2021:21:41:17 +0200] "GET /images/big_prod_2/6970204135645C.jpg HTTP/1.0" 200 271 "-" "Mozilla/5.0 (Windows NT 5.1; rv:11.0) Gecko Firefox/11.0 (via ggpht.com GoogleImageProxy)"
207.46.13.39 - - [10/Aug/2021:21:41:19 +0200] "GET /backpacks-c-31_77.html HTTP/1.0" 200 93843 "-" "Mozilla/5.0 (compatible; bingbot/2.0; +http://www.bing.com/bingbot.htm)"
40.77.167.106 - - [10/Aug/2021:21:41:24 +0200] "GET /harley-davidson-skull-lighter-p-45316.html HTTP/1.0" 200 73934 "-" "Mozilla/5.0 (compatible; bingbot/2.0; +http://www.bing.com/bingbot.htm)"
64.62.252.176 - - [10/Aug/2021:21:41:30 +0200] "GET /fashioned-ceramic-espresso-green-p-41672.html HTTP/1.0" 200 72957 "-" "The Knowledge AI"
64.62.252.176 - - [10/Aug/2021:21:41:49 +0200] "GET /butterfly-coffee-with-saucer-blue-p-40632.html HTTP/1.0" 200 72966 "-" "The Knowledge AI"
185.191.171.37 - - [10/Aug/2021:21:42:00 +0200] "GET /marsupilami-soft-20cm-p-14378.html?action=add_product HTTP/1.0" 302 476 "-" "Mozilla/5.0 (compatible; SemrushBot/7~bl; +http://www.semrush.com/bot.html)"
54.36.148.242 - - [10/Aug/2021:21:42:03 +0200] "GET /retro-glass-housewife-life-small-model-p-41247.html HTTP/1.0" 200 73033 "-" "Mozilla/5.0 (compatible; AhrefsBot/7.0; +http://ahrefs.com/robot/)"
207.46.13.127 - - [10/Aug/2021:21:42:08 +0200] "GET /tinkerbell-fairy-figurine-periwinkle-p-19377.html HTTP/1.0" 200 70371 "-" "Mozilla/5.0 (compatible; bingbot/2.0; +http://www.bing.com/bingbot.htm)"
64.62.252.176 - - [10/Aug/2021:21:42:10 +0200] "GET /cactus-theme-indian-espresso-p-39625.html HTTP/1.0" 200 72935 "-" "The Knowledge AI"
185.191.171.15 - - [10/Aug/2021:21:42:25 +0200] "GET /cushion-cover-anthracite-p-50049.html?action=add_product HTTP/1.0" 302 476 "-" "Mozilla/5.0 (compatible; SemrushBot/7~bl; +http://www.semrush.com/bot.html)"
64.62.252.176 - - [10/Aug/2021:21:42:29 +0200] "GET /cars-milk-p-27658.html HTTP/1.0" 200 72764 "-" "The Knowledge AI"
54.36.148.42 - - [10/Aug/2021:21:42:54 +0200] "GET /mani-the-lucky-cat-keychain-p-49906.html HTTP/1.0" 301 73207 "-" "Mozilla/5.0 (compatible; AhrefsBot/7.0; +http://ahrefs.com/robot/)"
64.62.252.176 - - [10/Aug/2021:21:43:02 +0200] "GET /cherry-grey-espresso-p-35147.html HTTP/1.0" 200 72849 "-" "The Knowledge AI"
40.77.167.106 - - [10/Aug/2021:21:43:04 +0200] "GET /mickey-wastebasket-p-31189.html HTTP/1.0" 200 72832 "-" "Mozilla/5.0 (compatible; bingbot/2.0; +http://www.bing.com/bingbot.htm)"
64.62.252.176 - - [10/Aug/2021:21:43:22 +0200] "GET /feathers-espresso-p-45763.html HTTP/1.0" 200 72822 "-" "The Knowledge AI"
54.36.148.242 - - [10/Aug/2021:21:43:26 +0200] "GET /paris-eiffel-tower-spray-p-8644.html HTTP/1.0" 200 72845 "-" "Mozilla/5.0 (compatible; AhrefsBot/7.0; +http://ahrefs.com/robot/)"
64.62.252.176 - - [10/Aug/2021:21:43:46 +0200] "GET /feathers-theme-indian-espresso-p-39626.html HTTP/1.0" 200 72953 "-" "The Knowledge AI"
64.62.252.176 - - [10/Aug/2021:21:44:05 +0200] "GET /fresh-brewed-coffee-retro-yellow-p-26695.html HTTP/1.0" 200 72924 "-" "The Knowledge AI"
64.62.252.176 - - [10/Aug/2021:21:44:26 +0200] "GET /minnie-mouse-milk-p-27655.html HTTP/1.0" 200 72828 "-" "The Knowledge AI"
40.77.167.106 - - [10/Aug/2021:21:44:35 +0200] "GET /harley-quinn-poster-p-30901.html HTTP/1.0" 200 72829 "-" "Mozilla/5.0 (compatible; bingbot/2.0; +http://www.bing.com/bingbot.htm)"
185.191.171.3 - - [10/Aug/2021:21:44:38 +0200] "GET /scotty-clock-allen-p-44573.html HTTP/1.0" 200 73524 "-" "Mozilla/5.0 (compatible; SemrushBot/7~bl; +http://www.semrush.com/bot.html)"
54.36.148.242 - - [10/Aug/2021:21:44:41 +0200] "GET /transparent-rectangular-plastic-tablecloth-p-52777.html HTTP/1.0" 200 73071 "-" "Mozilla/5.0 (compatible; AhrefsBot/7.0; +http://ahrefs.com/robot/)"
207.46.13.39 - - [10/Aug/2021:21:44:49 +0200] "GET /pretty-doe-glass-clock-p-34007.html HTTP/1.0" 301 70267 "-" "Mozilla/5.0 (compatible; bingbot/2.0; +http://www.bing.com/bingbot.htm)"
64.62.252.176 - - [10/Aug/2021:21:44:51 +0200] "GET /cats-espresso-p-45721.html HTTP/1.0" 200 72775 "-" "The Knowledge AI"
207.46.13.39 - - [10/Aug/2021:21:45:09 +0200] "GET /-p-51654.html HTTP/1.0" 200 70200 "-" "Mozilla/5.0 (compatible; bingbot/2.0; +http://www.bing.com/bingbot.htm)"
64.62.252.176 - - [10/Aug/2021:21:45:14 +0200] "GET /american-blue-p-33082.html HTTP/1.0" 200 72854 "-" "The Knowledge AI"
54.36.149.51 - - [10/Aug/2021:21:45:25 +0200] "GET /gorjuss-classic-stripe-organiser-journal-the-hatter-p-43172.html HTTP/1.0" 301 75164 "-" "Mozilla/5.0 (compatible; AhrefsBot/7.0; +http://ahrefs.com/robot/)"
161.69.122.14 - - [10/Aug/2021:21:45:32 +0200] "GET /images/big_prod/3609810045163.jpg HTTP/1.0" 200 268 "https://www.bing.com/" "Mozilla/5.0 (Windows NT 10.0; Win64; x64) AppleWebKit/537.36 (KHTML, like Gecko) Chrome/91.0.4472.124 Safari/537.36"
161.69.122.14 - - [10/Aug/2021:21:45:33 +0200] "GET /favicon.ico HTTP/1.0" 200 260 "http://www.wonder-geek.com/images/big_prod/3609810045163.jpg" "Mozilla/5.0 (Windows NT 10.0; Win64; x64) AppleWebKit/537.36 (KHTML, like Gecko) Chrome/91.0.4472.124 Safari/537.36"
64.62.252.176 - - [10/Aug/2021:21:45:42 +0200] "GET /american-green-p-33081.html HTTP/1.0" 200 72863 "-" "The Knowledge AI"
157.55.39.156 - - [10/Aug/2021:21:45:48 +0200] "GET /-p-10523.html HTTP/1.0" 200 70200 "-" "Mozilla/5.0 (compatible; bingbot/2.0; +http://www.bing.com/bingbot.htm)"
64.62.252.176 - - [10/Aug/2021:21:46:00 +0200] "GET /american-orange-p-33102.html HTTP/1.0" 200 72872 "-" "The Knowledge AI"
54.36.148.242 - - [10/Aug/2021:21:46:02 +0200] "GET /furby-pencil-case-p-20237.html HTTP/1.0" 200 73010 "-" "Mozilla/5.0 (compatible; AhrefsBot/7.0; +http://ahrefs.com/robot/)"
207.46.13.101 - - [10/Aug/2021:21:46:06 +0200] "GET /mickey-birthday-card-with-envelope-p-25257.html HTTP/1.0" 200 72899 "-" "Mozilla/5.0 (compatible; bingbot/2.0; +http://www.bing.com/bingbot.htm)"
66.249.66.220 - - [10/Aug/2021:21:46:14 +0200] "GET /teo-jasmin-small-cabas-p-33696.html HTTP/1.0" 301 70378 "-" "Mozilla/5.0 (compatible; Googlebot/2.1; +http://www.google.com/bot.html)"
66.249.66.220 - - [10/Aug/2021:21:46:15 +0200] "GET /jasmin-small-cabas-p-33696.html HTTP/1.0" 200 70293 "-" "Mozilla/5.0 (compatible; Googlebot/2.1; +http://www.google.com/bot.html)"
207.46.13.127 - - [10/Aug/2021:21:46:17 +0200] "GET /images/big_prod/3520071433530b.jpg HTTP/1.0" 200 269 "-" "Mozilla/5.0 (compatible; bingbot/2.0; +http://www.bing.com/bingbot.htm)"
54.36.148.232 - - [10/Aug/2021:21:46:19 +0200] "GET /baltique-bedclothes-220-240-cm-p-42857.html HTTP/1.0" 301 72972 "-" "Mozilla/5.0 (compatible; AhrefsBot/7.0; +http://ahrefs.com/robot/)"
64.62.252.176 - - [10/Aug/2021:21:46:23 +0200] "GET /american-p-33079.html HTTP/1.0" 200 72812 "-" "The Knowledge AI"
64.62.252.176 - - [10/Aug/2021:21:46:42 +0200] "GET /arabica-espresso-p-54464.html HTTP/1.0" 200 72817 "-" "The Knowledge AI"
64.62.252.176 - - [10/Aug/2021:21:47:02 +0200] "GET /avengers-marvel-p-31619.html HTTP/1.0" 200 73062 "-" "The Knowledge AI"
157.55.39.5 - - [10/Aug/2021:21:47:04 +0200] "GET /-p-9859.html HTTP/1.0" 200 70198 "-" "Mozilla/5.0 (compatible; bingbot/2.0; +http://www.bing.com/bingbot.htm)"
54.36.148.242 - - [10/Aug/2021:21:47:19 +0200] "GET /luggages-schoolbags-leather-shop-c-31.html?page=74 HTTP/1.0" 200 91740 "-" "Mozilla/5.0 (compatible; AhrefsBot/7.0; +http://ahrefs.com/robot/)"
64.62.252.176 - - [10/Aug/2021:21:47:23 +0200] "GET /camargue-metal-paper-towel-dispenser-p-43910.html HTTP/1.0" 200 72937 "-" "The Knowledge AI"
64.62.252.176 - - [10/Aug/2021:21:47:43 +0200] "GET /metal-metal-paper-reel-p-42682.html HTTP/1.0" 200 72967 "-" "The Knowledge AI"
185.191.171.15 - - [10/Aug/2021:21:47:47 +0200] "GET /decorations-three-monkeys-secret-happiness-p-49193.html?action=add_product HTTP/1.0" 302 476 "-" "Mozilla/5.0 (compatible; SemrushBot/7~bl; +http://www.semrush.com/bot.html)"
157.55.39.122 - - [10/Aug/2021:21:47:51 +0200] "GET /-p-23153.html HTTP/1.0" 200 70200 "-" "Mozilla/5.0 (compatible; bingbot/2.0; +http://www.bing.com/bingbot.htm)"
157.55.39.51 - - [10/Aug/2021:21:48:12 +0200] "GET /-p-11783.html HTTP/1.0" 200 70200 "-" "Mozilla/5.0 (compatible; bingbot/2.0; +http://www.bing.com/bingbot.htm)"
64.62.252.176 - - [10/Aug/2021:21:48:14 +0200] "GET /croissant-metal-metal-paper-reel-p-42683.html HTTP/1.0" 200 72973 "-" "The Knowledge AI"
157.55.39.44 - - [10/Aug/2021:21:48:16 +0200] "GET /miracle-tattoos-augmented-reality-p-30661.html HTTP/1.0" 200 73685 "-" "Mozilla/5.0 (compatible; bingbot/2.0; +http://www.bing.com/bingbot.htm)"
64.62.252.176 - - [10/Aug/2021:21:48:34 +0200] "GET /fabrique-bonheurs-metal-metal-paper-reel-p-42684.html HTTP/1.0" 200 73066 "-" "The Knowledge AI"
54.36.148.242 - - [10/Aug/2021:21:48:39 +0200] "GET /wooden-bedhead-wall-sticker-p-42900.html HTTP/1.0" 200 73624 "-" "Mozilla/5.0 (compatible; AhrefsBot/7.0; +http://ahrefs.com/robot/)"
110.249.202.151 - - [10/Aug/2021:21:48:54 +0200] "GET /cbkration-toiletry-p-41269.html HTTP/1.0" 200 72949 "-" "Mozilla/5.0 (Linux; Android 5.0) AppleWebKit/537.36 (KHTML, like Gecko) Mobile Safari/537.36 (compatible; Bytespider; https://zhanzhang.toutiao.com/)"
157.55.39.44 - - [10/Aug/2021:21:48:56 +0200] "GET /-p-17808.html HTTP/1.0" 200 70200 "-" "Mozilla/5.0 (compatible; bingbot/2.0; +http://www.bing.com/bingbot.htm)"
110.249.202.155 - - [10/Aug/2021:21:48:57 +0200] "GET /swfobject.js HTTP/1.0" 404 1308 "http://www.wonder-geek.com/cbkration-toiletry-p-41269.html" "Mozilla/5.0 (Linux; Android 5.0) AppleWebKit/537.36 (KHTML, like Gecko) Mobile Safari/537.36 (compatible; Bytespider; https://zhanzhang.toutiao.com/)"
64.62.252.176 - - [10/Aug/2021:21:48:56 +0200] "GET /pitchers-drink-dispensers-c-12_243.html?page=2 HTTP/1.0" 200 84770 "-" "The Knowledge AI"
110.249.202.164 - - [10/Aug/2021:21:48:57 +0200] "GET /highslide/graphics/zoomout.cur HTTP/1.0" 200 614 "http://www.wonder-geek.com/cbkration-toiletry-p-41269.html" "Mozilla/5.0 (Linux; Android 5.0) AppleWebKit/537.36 (KHTML, like Gecko) Mobile Safari/537.36 (compatible; Bytespider; https://zhanzhang.toutiao.com/)"
185.191.171.35 - - [10/Aug/2021:21:49:02 +0200] "GET /pusheen-grey-soft-p-34845.html HTTP/1.0" 200 73080 "-" "Mozilla/5.0 (compatible; SemrushBot/7~bl; +http://www.semrush.com/bot.html)"
207.46.13.175 - - [10/Aug/2021:21:49:04 +0200] "GET /-p-28812.html HTTP/1.0" 200 70200 "-" "Mozilla/5.0 (compatible; bingbot/2.0; +http://www.bing.com/bingbot.htm)"
64.62.252.176 - - [10/Aug/2021:21:49:17 +0200] "GET /skull-bottle-p-42717.html HTTP/1.0" 200 72757 "-" "The Knowledge AI"
207.46.13.127 - - [10/Aug/2021:21:49:27 +0200] "GET /images/big_prod/3665269058871.jpg HTTP/1.0" 200 268 "-" "Mozilla/5.0 (compatible; bingbot/2.0; +http://www.bing.com/bingbot.htm)"
64.62.252.176 - - [10/Aug/2021:21:49:36 +0200] "GET /barbapapa-barbabravo-bottle-p-18846.html HTTP/1.0" 200 72867 "-" "The Knowledge AI"
54.36.148.242 - - [10/Aug/2021:21:49:55 +0200] "GET /wooden-ethnic-bedhead-wall-sticker-p-42898.html HTTP/1.0" 200 73075 "-" "Mozilla/5.0 (compatible; AhrefsBot/7.0; +http://ahrefs.com/robot/)"
64.62.252.176 - - [10/Aug/2021:21:49:56 +0200] "GET /barbapapa-barbamama-bottle-p-18844.html HTTP/1.0" 200 72862 "-" "The Knowledge AI"
207.46.13.175 - - [10/Aug/2021:21:50:05 +0200] "GET /cats-dubout-figurine-p-33745.html HTTP/1.0" 200 73933 "-" "Mozilla/5.0 (compatible; bingbot/2.0; +http://www.bing.com/bingbot.htm)"
64.62.252.176 - - [10/Aug/2021:21:50:15 +0200] "GET /bamboo-pitcher-veux-soleil-liter-p-45484.html HTTP/1.0" 200 73118 "-" "The Knowledge AI"
157.55.39.5 - - [10/Aug/2021:21:50:25 +0200] "GET /-p-38169.html HTTP/1.0" 200 70200 "-" "Mozilla/5.0 (compatible; bingbot/2.0; +http://www.bing.com/bingbot.htm)"
64.62.252.176 - - [10/Aug/2021:21:50:44 +0200] "GET /bamboo-pitcher-sont-faits-liter-p-45483.html HTTP/1.0" 200 73163 "-" "The Knowledge AI"
207.46.13.175 - - [10/Aug/2021:21:50:45 +0200] "GET /-p-35281.html HTTP/1.0" 200 70200 "-" "Mozilla/5.0 (compatible; bingbot/2.0; +http://www.bing.com/bingbot.htm)"
64.62.252.176 - - [10/Aug/2021:21:51:05 +0200] "GET /milk-fine-bone-china-p-54933.html HTTP/1.0" 200 73009 "-" "The Knowledge AI"
66.249.66.218 - - [10/Aug/2021:21:51:10 +0200] "GET /-p-31065.html HTTP/1.0" 200 70200 "-" "Mozilla/5.0 (Linux; Android 6.0.1; Nexus 5X Build/MMB29P) AppleWebKit/537.36 (KHTML, like Gecko) Chrome/92.0.4515.119 Mobile Safari/537.36 (compatible; Googlebot/2.1; +http://www.google.com/bot.html)"
66.249.66.220 - - [10/Aug/2021:21:51:13 +0200] "GET /images/3438100340202.jpg HTTP/1.0" 200 259 "-" "Googlebot-Image/1.0"
54.36.148.242 - - [10/Aug/2021:21:51:17 +0200] "GET /quote-from-musset-wall-sticker-p-39186.html HTTP/1.0" 200 73098 "-" "Mozilla/5.0 (compatible; AhrefsBot/7.0; +http://ahrefs.com/robot/)"
64.62.252.176 - - [10/Aug/2021:21:51:25 +0200] "GET /melamine-pitcher-hello-wild-p-52675.html HTTP/1.0" 200 72897 "-" "The Knowledge AI"
54.36.149.46 - - [10/Aug/2021:21:51:36 +0200] "GET /my-little-poney-pairs-of-socks-size-24-26-p-25386.html HTTP/1.0" 301 70267 "-" "Mozilla/5.0 (compatible; AhrefsBot/7.0; +http://ahrefs.com/robot/)"
64.62.252.176 - - [10/Aug/2021:21:51:43 +0200] "GET /vache-pitcher-p-44861.html HTTP/1.0" 200 72832 "-" "The Knowledge AI"
40.77.167.106 - - [10/Aug/2021:21:51:55 +0200] "GET /-p-35000.html HTTP/1.0" 200 70200 "-" "Mozilla/5.0 (compatible; bingbot/2.0; +http://www.bing.com/bingbot.htm)"
157.55.39.44 - - [10/Aug/2021:21:52:00 +0200] "GET /kimmi-junior-polar-plaid-p-13087.html HTTP/1.0" 200 73003 "-" "Mozilla/5.0 (compatible; bingbot/2.0; +http://www.bing.com/bingbot.htm)"
64.62.252.176 - - [10/Aug/2021:21:52:02 +0200] "GET /blacks-litre-p-31417.html HTTP/1.0" 200 72819 "-" "The Knowledge AI"
64.62.252.176 - - [10/Aug/2021:21:52:23 +0200] "GET /tapas-pitcher-sangria-p-37402.html HTTP/1.0" 200 72853 "-" "The Knowledge AI"
54.36.149.9 - - [10/Aug/2021:21:52:33 +0200] "GET /deco-squirrel-statue-20-cm-p-45406.html HTTP/1.0" 301 72975 "-" "Mozilla/5.0 (compatible; AhrefsBot/7.0; +http://ahrefs.com/robot/)"
54.36.148.242 - - [10/Aug/2021:21:52:35 +0200] "GET /bowls-c-12_255.html HTTP/1.0" 200 78310 "-" "Mozilla/5.0 (compatible; AhrefsBot/7.0; +http://ahrefs.com/robot/)"
64.62.252.176 - - [10/Aug/2021:21:52:43 +0200] "GET /bistrot-ceramic-pitcher-p-45678.html HTTP/1.0" 200 72908 "-" "The Knowledge AI"
157.55.39.44 - - [10/Aug/2021:21:52:46 +0200] "GET /unicorn-nightlight-p-53119.html HTTP/1.0" 200 74008 "-" "Mozilla/5.0 (compatible; bingbot/2.0; +http://www.bing.com/bingbot.htm)"
64.62.252.176 - - [10/Aug/2021:21:53:03 +0200] "GET /milk-ceramic-pitcher-p-45724.html HTTP/1.0" 200 72866 "-" "The Knowledge AI"
207.46.13.127 - - [10/Aug/2021:21:53:08 +0200] "GET /earrings-c-3_242.html HTTP/1.0" 200 83136 "-" "Mozilla/5.0 (compatible; bingbot/2.0; +http://www.bing.com/bingbot.htm)"
66.249.66.216 - - [10/Aug/2021:21:53:14 +0200] "GET /jasmin-small-cabas-p-33696.html HTTP/1.0" 200 70293 "-" "Mozilla/5.0 (Linux; Android 6.0.1; Nexus 5X Build/MMB29P) AppleWebKit/537.36 (KHTML, like Gecko) Chrome/92.0.4515.119 Mobile Safari/537.36 (compatible; Googlebot/2.1; +http://www.google.com/bot.html)"
185.191.171.44 - - [10/Aug/2021:21:53:16 +0200] "GET /boxes-storage-c-13_150.html?page=5 HTTP/1.0" 200 94025 "-" "Mozilla/5.0 (compatible; SemrushBot/7~bl; +http://www.semrush.com/bot.html)"
64.62.252.176 - - [10/Aug/2021:21:53:27 +0200] "GET /shadow-ceramic-pitcher-p-46408.html HTTP/1.0" 200 72858 "-" "The Knowledge AI"
66.249.66.216 - - [10/Aug/2021:21:53:44 +0200] "GET /mini-white-natural-wooden-p-55035.html HTTP/1.0" 200 73731 "-" "Mozilla/5.0 (compatible; Googlebot/2.1; +http://www.google.com/bot.html)"
64.62.252.176 - - [10/Aug/2021:21:53:47 +0200] "GET /bamboo-fiber-cats-p-49560.html HTTP/1.0" 200 72868 "-" "The Knowledge AI"
54.36.148.242 - - [10/Aug/2021:21:53:50 +0200] "GET /stuffins-disney-polar-plaid-p-26913.html HTTP/1.0" 200 73058 "-" "Mozilla/5.0 (compatible; AhrefsBot/7.0; +http://ahrefs.com/robot/)"
185.191.171.2 - - [10/Aug/2021:21:53:57 +0200] "GET /buddha-canvas-frame-20-20-cm-p-33993.html HTTP/1.0" 301 73024 "-" "Mozilla/5.0 (compatible; SemrushBot/7~bl; +http://www.semrush.com/bot.html)"
185.191.171.15 - - [10/Aug/2021:21:53:59 +0200] "GET /buddha-canvas-frame-p-33993.html HTTP/1.0" 200 72938 "-" "Mozilla/5.0 (compatible; SemrushBot/7~bl; +http://www.semrush.com/bot.html)"
64.62.252.176 - - [10/Aug/2021:21:54:06 +0200] "GET /bamboo-fiber-folk-p-49559.html HTTP/1.0" 200 72912 "-" "The Knowledge AI"
64.62.252.176 - - [10/Aug/2021:21:54:36 +0200] "GET /camargua-ceramic-pitcher-p-55001.html HTTP/1.0" 200 72855 "-" "The Knowledge AI"
207.46.13.39 - - [10/Aug/2021:21:54:40 +0200] "GET /saint-seiya-stickers-p-15397.html HTTP/1.0" 200 72779 "-" "Mozilla/5.0 (compatible; bingbot/2.0; +http://www.bing.com/bingbot.htm)"
157.55.39.5 - - [10/Aug/2021:21:54:46 +0200] "GET /carpe-diem-wall-sticker-p-38337.html HTTP/1.0" 200 72984 "-" "Mozilla/5.0 (compatible; bingbot/2.0; +http://www.bing.com/bingbot.htm)"
185.191.171.22 - - [10/Aug/2021:21:54:57 +0200] "GET /niro-bedclothes-p-51601.html HTTP/1.0" 200 72866 "-" "Mozilla/5.0 (compatible; SemrushBot/7~bl; +http://www.semrush.com/bot.html)"
64.62.252.176 - - [10/Aug/2021:21:55:00 +0200] "GET /cactus-drink-dispenser-p-48687.html HTTP/1.0" 200 73484 "-" "The Knowledge AI"
17.121.113.246 - - [10/Aug/2021:21:55:05 +0200] "GET /pitchers-drink-dispensers-c-12_243.html HTTP/1.0" 200 89641 "-" "Mozilla/5.0 (Macintosh; Intel Mac OS X 10_15_5) AppleWebKit/605.1.15 (KHTML, like Gecko) Version/13.1.1 Safari/605.1.15 (Applebot/0.1; +http://www.apple.com/go/applebot)"
54.36.148.242 - - [10/Aug/2021:21:55:06 +0200] "GET /pillowcase-color-lila-powder-p-46740.html HTTP/1.0" 200 73635 "-" "Mozilla/5.0 (compatible; AhrefsBot/7.0; +http://ahrefs.com/robot/)"
40.77.167.106 - - [10/Aug/2021:21:55:05 +0200] "GET /-p-14036.html HTTP/1.0" 200 70200 "-" "Mozilla/5.0 (compatible; bingbot/2.0; +http://www.bing.com/bingbot.htm)"
64.62.252.176 - - [10/Aug/2021:21:55:19 +0200] "GET /drink-dispenser-p-49663.html HTTP/1.0" 200 72818 "-" "The Knowledge AI"
157.55.39.44 - - [10/Aug/2021:21:55:37 +0200] "GET /black-fancy-elastic-bracelet-p-43729.html HTTP/1.0" 200 72840 "-" "Mozilla/5.0 (compatible; bingbot/2.0; +http://www.bing.com/bingbot.htm)"
64.62.252.176 - - [10/Aug/2021:21:55:39 +0200] "GET /drink-dispenser-p-49664.html HTTP/1.0" 200 72818 "-" "The Knowledge AI"
64.62.252.176 - - [10/Aug/2021:21:55:57 +0200] "GET /litre-p-33908.html HTTP/1.0" 200 72806 "-" "The Knowledge AI"
13.66.139.0 - - [10/Aug/2021:21:56:07 +0200] "GET /-p-34770.html HTTP/1.0" 200 70200 "-" "Mozilla/5.0 (compatible; bingbot/2.0; +http://www.bing.com/bingbot.htm)"
185.191.171.8 - - [10/Aug/2021:21:56:09 +0200] "GET /blue-bamboo-bowl-p-54152.html?action=add_product HTTP/1.0" 302 476 "-" "Mozilla/5.0 (compatible; SemrushBot/7~bl; +http://www.semrush.com/bot.html)"
64.62.252.176 - - [10/Aug/2021:21:56:17 +0200] "GET /placemats-c-12_156.html?page=2 HTTP/1.0" 200 91986 "-" "The Knowledge AI"
54.36.148.242 - - [10/Aug/2021:21:56:23 +0200] "GET /large-metal-plate-collection-vespa-piaggio-p-35023.html HTTP/1.0" 200 73417 "-" "Mozilla/5.0 (compatible; AhrefsBot/7.0; +http://ahrefs.com/robot/)"
185.191.171.37 - - [10/Aug/2021:21:56:32 +0200] "GET /brazil-mouse-cbkreation-p-13983.html HTTP/1.0" 200 72823 "-" "Mozilla/5.0 (compatible; SemrushBot/7~bl; +http://www.semrush.com/bot.html)"
64.62.252.176 - - [10/Aug/2021:21:56:38 +0200] "GET /placemats-c-12_156.html?page=3 HTTP/1.0" 200 91515 "-" "The Knowledge AI"
207.46.13.127 - - [10/Aug/2021:21:56:49 +0200] "GET /glasses-case-c-31_164.html?page=2 HTTP/1.0" 200 90835 "-" "Mozilla/5.0 (compatible; bingbot/2.0; +http://www.bing.com/bingbot.htm)"
157.55.39.156 - - [10/Aug/2021:21:56:53 +0200] "GET /-p-6455.html HTTP/1.0" 200 70198 "-" "Mozilla/5.0 (compatible; bingbot/2.0; +http://www.bing.com/bingbot.htm)"
64.62.252.176 - - [10/Aug/2021:21:56:58 +0200] "GET /placemats-c-12_156.html?page=4 HTTP/1.0" 200 93649 "-" "The Knowledge AI"
64.62.252.176 - - [10/Aug/2021:21:57:17 +0200] "GET /placemats-c-12_156.html?page=5 HTTP/1.0" 200 92275 "-" "The Knowledge AI"
51.68.224.127 - - [10/Aug/2021:21:57:21 +0200] "GET /adminweb/export_orders_xml.php?token=256de2z6edz6ed2z6DFSFsed2zed6zeDSFDSGdzedezfzf&maxorders=10&orderstart=1&status=14&start_date=2018-10-01 HTTP/1.0" 200 285 "-" "GesCom CharlotteBoutik Serveur"
51.68.224.127 - - [10/Aug/2021:21:57:21 +0200] "GET /adminweb/export_orders_xml.php?token=256de2z6edz6ed2z6DFSFsed2zed6zeDSFDSGdzedezfzf&maxorders=10&orderstart=1&status=6&start_date=2018-10-01 HTTP/1.0" 200 28601 "-" "GesCom CharlotteBoutik Serveur"
64.62.252.176 - - [10/Aug/2021:21:57:37 +0200] "GET /placemats-c-12_156.html?page=6 HTTP/1.0" 200 91946 "-" "The Knowledge AI"
54.36.148.242 - - [10/Aug/2021:21:57:38 +0200] "GET /elmer-jewelry-p-16451.html HTTP/1.0" 200 73110 "-" "Mozilla/5.0 (compatible; AhrefsBot/7.0; +http://ahrefs.com/robot/)"
185.191.171.1 - - [10/Aug/2021:21:57:58 +0200] "GET /-p-37782.html?action=add_product HTTP/1.0" 302 476 "-" "Mozilla/5.0 (compatible; SemrushBot/7~bl; +http://www.semrush.com/bot.html)"
147.92.153.5 - - [10/Aug/2021:21:58:08 +0200] "GET /chimes-suspensions-c-13_241.html HTTP/1.0" 200 90563 "-" "Mozilla/5.0 (compatible; Linespider/1.1; +https://lin.ee/4dwXkTH)"
64.62.252.176 - - [10/Aug/2021:21:58:11 +0200] "GET /placemats-c-12_156.html?page=7 HTTP/1.0" 200 89612 "-" "The Knowledge AI"
64.62.252.176 - - [10/Aug/2021:21:58:28 +0200] "GET /placemats-c-12_156.html?page=8 HTTP/1.0" 200 89612 "-" "The Knowledge AI"
185.191.171.42 - - [10/Aug/2021:21:58:45 +0200] "GET /prose-gourmande-wall-decoration-p-42708.html HTTP/1.0" 200 72921 "-" "Mozilla/5.0 (compatible; SemrushBot/7~bl; +http://www.semrush.com/bot.html)"
185.191.171.12 - - [10/Aug/2021:21:58:47 +0200] "GET /exit-decorative-metal-plate-20-50-cm-p-47953.html HTTP/1.0" 301 70405 "-" "Mozilla/5.0 (compatible; SemrushBot/7~bl; +http://www.semrush.com/bot.html)"
64.62.252.176 - - [10/Aug/2021:21:58:48 +0200] "GET /placemat-exotique-p-53601.html HTTP/1.0" 200 73368 "-" "The Knowledge AI"
185.191.171.9 - - [10/Aug/2021:21:58:49 +0200] "GET /exit-decorative-metal-plate-p-47953.html HTTP/1.0" 200 70311 "-" "Mozilla/5.0 (compatible; SemrushBot/7~bl; +http://www.semrush.com/bot.html)"
111.225.149.69 - - [10/Aug/2021:21:58:50 +0200] "GET /highslide/graphics/zoomout.cur HTTP/1.0" 200 614 "http://www.wonder-geek.com/pairs-socks-peanuts-p-50911.html" "Mozilla/5.0 (Linux; Android 5.0) AppleWebKit/537.36 (KHTML, like Gecko) Mobile Safari/537.36 (compatible; Bytespider; https://zhanzhang.toutiao.com/)"
54.36.148.242 - - [10/Aug/2021:21:58:56 +0200] "GET /noel-gourmand-little-tray-p-30689.html HTTP/1.0" 200 72932 "-" "Mozilla/5.0 (compatible; AhrefsBot/7.0; +http://ahrefs.com/robot/)"
64.62.252.176 - - [10/Aug/2021:21:59:05 +0200] "GET /placemat-p-53603.html HTTP/1.0" 200 73309 "-" "The Knowledge AI"
207.46.13.39 - - [10/Aug/2021:21:59:20 +0200] "GET /minnie-mouse-milk-p-27655.html HTTP/1.0" 200 72828 "-" "Mozilla/5.0 (compatible; bingbot/2.0; +http://www.bing.com/bingbot.htm)"
64.62.252.176 - - [10/Aug/2021:21:59:25 +0200] "GET /placemat-bonne-franquette-p-53599.html HTTP/1.0" 200 73471 "-" "The Knowledge AI"
66.249.66.216 - - [10/Aug/2021:21:59:36 +0200] "GET /small-candle-ruby-pomegranate-p-51061.html HTTP/1.0" 200 73378 "-" "Mozilla/5.0 (Linux; Android 6.0.1; Nexus 5X Build/MMB29P) AppleWebKit/537.36 (KHTML, like Gecko) Chrome/92.0.4515.119 Mobile Safari/537.36 (compatible; Googlebot/2.1; +http://www.google.com/bot.html)"
64.62.252.176 - - [10/Aug/2021:21:59:44 +0200] "GET /placemat-guinguette-p-53597.html HTTP/1.0" 200 73412 "-" "The Knowledge AI"
64.62.252.176 - - [10/Aug/2021:22:00:02 +0200] "GET /tessie-bear-plate-p-2168.html HTTP/1.0" 200 72968 "-" "The Knowledge AI"
207.46.13.175 - - [10/Aug/2021:22:00:05 +0200] "GET /socks-adults-c-53_137.html HTTP/1.0" 200 69264 "-" "Mozilla/5.0 (compatible; bingbot/2.0; +http://www.bing.com/bingbot.htm)"
207.46.13.101 - - [10/Aug/2021:22:00:09 +0200] "GET /-p-22630.html HTTP/1.0" 200 70200 "-" "Mozilla/5.0 (compatible; bingbot/2.0; +http://www.bing.com/bingbot.htm)"
54.36.148.242 - - [10/Aug/2021:22:00:12 +0200] "GET /fantasy-watch-women-fowers-p-49962.html HTTP/1.0" 200 72923 "-" "Mozilla/5.0 (compatible; AhrefsBot/7.0; +http://ahrefs.com/robot/)"
64.62.252.176 - - [10/Aug/2021:22:00:21 +0200] "GET /maisy-melamine-plate-p-15249.html HTTP/1.0" 200 72935 "-" "The Knowledge AI"
64.62.252.176 - - [10/Aug/2021:22:00:46 +0200] "GET /spongebob-food-melamine-plate-p-54787.html HTTP/1.0" 200 72863 "-" "The Knowledge AI"
207.46.13.101 - - [10/Aug/2021:22:00:48 +0200] "GET /-p-20697.html HTTP/1.0" 200 70200 "-" "Mozilla/5.0 (compatible; bingbot/2.0; +http://www.bing.com/bingbot.htm)"
207.46.13.175 - - [10/Aug/2021:22:00:56 +0200] "GET /-p-35491.html HTTP/1.0" 200 70200 "-" "Mozilla/5.0 (compatible; bingbot/2.0; +http://www.bing.com/bingbot.htm)"
66.249.66.218 - - [10/Aug/2021:22:00:50 +0200] "GET /suns-moons-metal-suspension-blue-p-42810.html HTTP/1.0" 200 73019 "-" "Mozilla/5.0 (Linux; Android 6.0.1; Nexus 5X Build/MMB29P) AppleWebKit/537.36 (KHTML, like Gecko) Chrome/92.0.4515.119 Mobile Safari/537.36 (compatible; Googlebot/2.1; +http://www.google.com/bot.html)"
40.77.167.106 - - [10/Aug/2021:22:01:06 +0200] "GET /cats-cookware-p-39647.html HTTP/1.0" 200 72830 "-" "Mozilla/5.0 (compatible; bingbot/2.0; +http://www.bing.com/bingbot.htm)"
64.62.252.176 - - [10/Aug/2021:22:01:07 +0200] "GET /large-bamboo-humming-bird-p-49568.html HTTP/1.0" 200 72842 "-" "The Knowledge AI"
66.249.66.216 - - [10/Aug/2021:22:01:14 +0200] "GET /cars-tokyo-mater-round-pencil-case-p-13351.html HTTP/1.0" 200 73482 "-" "Mozilla/5.0 (compatible; Googlebot/2.1; +http://www.google.com/bot.html)"
157.55.39.5 - - [10/Aug/2021:22:01:16 +0200] "GET /-p-26510.html HTTP/1.0" 200 70200 "-" "Mozilla/5.0 (compatible; bingbot/2.0; +http://www.bing.com/bingbot.htm)"
62.210.188.218 - - [10/Aug/2021:22:01:16 +0200] "GET /moki-bedspread-220-240-cm-p-53241.html HTTP/1.0" 301 70357 "-" "Mozilla/5.0 (compatible; Barkrowler/0.9; +https://babbar.tech/crawler)"
157.55.39.5 - - [10/Aug/2021:22:01:17 +0200] "GET /-p-18803.html HTTP/1.0" 200 70200 "-" "Mozilla/5.0 (compatible; bingbot/2.0; +http://www.bing.com/bingbot.htm)"
64.62.252.176 - - [10/Aug/2021:22:01:25 +0200] "GET /michelle-allen-glass-p-24318.html HTTP/1.0" 200 72830 "-" "The Knowledge AI"
54.36.148.242 - - [10/Aug/2021:22:01:27 +0200] "GET /wooden-keyrings-with-mirror-p-52597.html HTTP/1.0" 200 73694 "-" "Mozilla/5.0 (compatible; AhrefsBot/7.0; +http://ahrefs.com/robot/)"
62.210.188.218 - - [10/Aug/2021:22:01:28 +0200] "GET /moki-bedspread-240-260-cm-p-53242.html HTTP/1.0" 301 73699 "-" "Mozilla/5.0 (compatible; Barkrowler/0.9; +https://babbar.tech/crawler)"
