95.163.255.131 - - [10/Aug/2021:15:38:58 +0200] "GET /robots.txt HTTP/1.0" 200 245 "-" "Mozilla/5.0 (compatible; Linux x86_64; Mail.RU_Bot/Img/2.0; +http://go.mail.ru/help/robots)"
157.55.39.5 - - [10/Aug/2021:15:38:59 +0200] "GET /disney-princess-cushion-p-6763.html HTTP/1.0" 301 70264 "-" "Mozilla/5.0 (compatible; bingbot/2.0; +http://www.bing.com/bingbot.htm)"
62.210.188.218 - - [10/Aug/2021:15:39:00 +0200] "GET /door-plate-p-53154.html HTTP/1.0" 200 73327 "-" "Mozilla/5.0 (compatible; Barkrowler/0.9; +https://babbar.tech/crawler)"
95.163.255.140 - - [10/Aug/2021:15:39:12 +0200] "GET /images/med_prod/8435107811938.jpg HTTP/1.0" 200 268 "http://wonder-geek.com/images/med_prod/8435107811938.jpg" "Mozilla/5.0 (compatible; Linux x86_64; Mail.RU_Bot/Img/2.0; +http://go.mail.ru/help/robots)"
95.163.255.130 - - [10/Aug/2021:15:39:21 +0200] "GET /images/1300010240281.jpg HTTP/1.0" 200 259 "http://wonder-geek.com/images/1300010240281.jpg" "Mozilla/5.0 (compatible; Linux x86_64; Mail.RU_Bot/Img/2.0; +http://go.mail.ru/help/robots)"
185.191.171.44 - - [10/Aug/2021:15:39:20 +0200] "GET /good-morning-ceramic-breakfast-bowl-brown-p-55021.html HTTP/1.0" 200 73513 "-" "Mozilla/5.0 (compatible; SemrushBot/7~bl; +http://www.semrush.com/bot.html)"
62.210.188.218 - - [10/Aug/2021:15:39:24 +0200] "GET /door-plate-p-53153.html HTTP/1.0" 200 73327 "-" "Mozilla/5.0 (compatible; Barkrowler/0.9; +https://babbar.tech/crawler)"
54.36.148.242 - - [10/Aug/2021:15:39:27 +0200] "GET /nici-lucy-clock-p-11436.html HTTP/1.0" 200 72758 "-" "Mozilla/5.0 (compatible; AhrefsBot/7.0; +http://ahrefs.com/robot/)"
95.163.255.130 - - [10/Aug/2021:15:39:29 +0200] "GET /images/3438100333747.jpg HTTP/1.0" 200 259 "http://wonder-geek.com/images/3438100333747.jpg" "Mozilla/5.0 (compatible; Linux x86_64; Mail.RU_Bot/Img/2.0; +http://go.mail.ru/help/robots)"
95.163.255.138 - - [10/Aug/2021:15:39:36 +0200] "GET /images/med_prod/4012390370454.jpg HTTP/1.0" 200 268 "http://wonder-geek.com/images/med_prod/4012390370454.jpg" "Mozilla/5.0 (compatible; Linux x86_64; Mail.RU_Bot/Img/2.0; +http://go.mail.ru/help/robots)"
62.210.188.218 - - [10/Aug/2021:15:39:40 +0200] "GET /bruce-figure-p-2896.html HTTP/1.0" 301 70264 "-" "Mozilla/5.0 (compatible; Barkrowler/0.9; +https://babbar.tech/crawler)"
207.46.13.127 - - [10/Aug/2021:15:39:42 +0200] "GET /amethyst-druse-pendant-balance-body-spirit-p-47231.html HTTP/1.0" 200 73757 "-" "Mozilla/5.0 (compatible; bingbot/2.0; +http://www.bing.com/bingbot.htm)"
95.163.255.120 - - [10/Aug/2021:15:39:44 +0200] "GET /images/4008421369287.jpg HTTP/1.0" 200 259 "http://wonder-geek.com/images/4008421369287.jpg" "Mozilla/5.0 (compatible; Linux x86_64; Mail.RU_Bot/Img/2.0; +http://go.mail.ru/help/robots)"
62.210.188.218 - - [10/Aug/2021:15:39:56 +0200] "GET /fiat-white-p-11776.html HTTP/1.0" 200 72745 "-" "Mozilla/5.0 (compatible; Barkrowler/0.9; +https://babbar.tech/crawler)"
157.55.39.156 - - [10/Aug/2021:15:40:01 +0200] "GET /small-oval-placemat-p-17138.html HTTP/1.0" 200 73213 "-" "Mozilla/5.0 (compatible; bingbot/2.0; +http://www.bing.com/bingbot.htm)"
17.121.112.185 - - [10/Aug/2021:15:40:07 +0200] "GET /purse-leather-purse-navy-anchor-graypurse-leather-wallet-p-47353.html HTTP/1.0" 200 74043 "-" "Mozilla/5.0 (Macintosh; Intel Mac OS X 10_15_5) AppleWebKit/605.1.15 (KHTML, like Gecko) Version/13.1.1 Safari/605.1.15 (Applebot/0.1; +http://www.apple.com/go/applebot)"
185.191.171.16 - - [10/Aug/2021:15:40:11 +0200] "GET /tray-wood-p-45091.html?action=add_product HTTP/1.0" 302 476 "-" "Mozilla/5.0 (compatible; SemrushBot/7~bl; +http://www.semrush.com/bot.html)"
62.210.188.218 - - [10/Aug/2021:15:40:12 +0200] "GET /amys-p-54273.html HTTP/1.0" 200 72748 "-" "Mozilla/5.0 (compatible; Barkrowler/0.9; +https://babbar.tech/crawler)"
62.210.188.218 - - [10/Aug/2021:15:40:31 +0200] "GET /amys-p-54751.html HTTP/1.0" 200 73611 "-" "Mozilla/5.0 (compatible; Barkrowler/0.9; +https://babbar.tech/crawler)"
54.36.148.242 - - [10/Aug/2021:15:40:42 +0200] "GET /skull-music-moneybox-p-37731.html HTTP/1.0" 200 72853 "-" "Mozilla/5.0 (compatible; AhrefsBot/7.0; +http://ahrefs.com/robot/)"
62.210.188.218 - - [10/Aug/2021:15:40:49 +0200] "GET /amys-p-54230.html HTTP/1.0" 200 73540 "-" "Mozilla/5.0 (compatible; Barkrowler/0.9; +https://babbar.tech/crawler)"
62.210.188.218 - - [10/Aug/2021:15:41:14 +0200] "GET /amys-p-54272.html HTTP/1.0" 200 72748 "-" "Mozilla/5.0 (compatible; Barkrowler/0.9; +https://babbar.tech/crawler)"
51.68.224.127 - - [10/Aug/2021:15:41:25 +0200] "GET /adminweb/export_orders_xml.php?token=256de2z6edz6ed2z6DFSFsed2zed6zeDSFDSGdzedezfzf&maxorders=10&orderstart=1&status=14&start_date=2018-10-01 HTTP/1.0" 200 285 "-" "GesCom CharlotteBoutik Serveur"
51.68.224.127 - - [10/Aug/2021:15:41:25 +0200] "GET /adminweb/export_orders_xml.php?token=256de2z6edz6ed2z6DFSFsed2zed6zeDSFDSGdzedezfzf&maxorders=10&orderstart=1&status=6&start_date=2018-10-01 HTTP/1.0" 200 28601 "-" "GesCom CharlotteBoutik Serveur"
62.210.188.218 - - [10/Aug/2021:15:41:32 +0200] "GET /amys-p-54236.html HTTP/1.0" 200 73611 "-" "Mozilla/5.0 (compatible; Barkrowler/0.9; +https://babbar.tech/crawler)"
207.46.13.101 - - [10/Aug/2021:15:41:37 +0200] "GET /pencil-case-c-31_75.html?page=7 HTTP/1.0" 200 94478 "-" "Mozilla/5.0 (compatible; bingbot/2.0; +http://www.bing.com/bingbot.htm)"
62.210.188.218 - - [10/Aug/2021:15:41:51 +0200] "GET /amys-p-54238.html HTTP/1.0" 200 73538 "-" "Mozilla/5.0 (compatible; Barkrowler/0.9; +https://babbar.tech/crawler)"
54.36.148.242 - - [10/Aug/2021:15:41:58 +0200] "GET /volkwagen-blue-power-bank-3000mah-p-35061.html HTTP/1.0" 200 75587 "-" "Mozilla/5.0 (compatible; AhrefsBot/7.0; +http://ahrefs.com/robot/)"
66.249.66.218 - - [10/Aug/2021:15:42:04 +0200] "GET /moto-guzzi-metal-collection-hanging-plate-p-45986.html HTTP/1.0" 200 73347 "-" "Mozilla/5.0 (compatible; Googlebot/2.1; +http://www.google.com/bot.html)"
207.46.13.101 - - [10/Aug/2021:15:42:07 +0200] "GET /js/jquery.min.js HTTP/1.0" 404 1308 "-" "Mozilla/5.0 (compatible; bingbot/2.0; +http://www.bing.com/bingbot.htm)"
62.210.188.218 - - [10/Aug/2021:15:42:10 +0200] "GET /amys-p-54232.html HTTP/1.0" 200 73540 "-" "Mozilla/5.0 (compatible; Barkrowler/0.9; +https://babbar.tech/crawler)"
157.55.39.5 - - [10/Aug/2021:15:42:19 +0200] "GET /bakugan-placemat-p-17143.html HTTP/1.0" 200 72870 "-" "Mozilla/5.0 (compatible; bingbot/2.0; +http://www.bing.com/bingbot.htm)"
157.55.39.44 - - [10/Aug/2021:15:42:23 +0200] "GET /-p-24485.html HTTP/1.0" 200 70200 "-" "Mozilla/5.0 (compatible; bingbot/2.0; +http://www.bing.com/bingbot.htm)"
207.46.13.175 - - [10/Aug/2021:15:42:28 +0200] "GET /grey-soliflore-birds-p-36487.html HTTP/1.0" 200 70270 "-" "Mozilla/5.0 (compatible; bingbot/2.0; +http://www.bing.com/bingbot.htm)"
62.210.188.218 - - [10/Aug/2021:15:42:28 +0200] "GET /round-mirror-p-49271.html HTTP/1.0" 200 72860 "-" "Mozilla/5.0 (compatible; Barkrowler/0.9; +https://babbar.tech/crawler)"
62.210.188.218 - - [10/Aug/2021:15:42:47 +0200] "GET /round-mirror-p-48538.html HTTP/1.0" 200 72819 "-" "Mozilla/5.0 (compatible; Barkrowler/0.9; +https://babbar.tech/crawler)"
185.191.171.9 - - [10/Aug/2021:15:42:48 +0200] "GET /small-bleu-money-p-54832.html HTTP/1.0" 200 72862 "-" "Mozilla/5.0 (compatible; SemrushBot/7~bl; +http://www.semrush.com/bot.html)"
62.210.188.218 - - [10/Aug/2021:15:43:05 +0200] "GET /retro-garage-p-35734.html HTTP/1.0" 200 72869 "-" "Mozilla/5.0 (compatible; Barkrowler/0.9; +https://babbar.tech/crawler)"
54.36.148.242 - - [10/Aug/2021:15:43:08 +0200] "GET /flower-cover-p-55343.html HTTP/1.0" 200 73461 "-" "Mozilla/5.0 (compatible; AhrefsBot/7.0; +http://ahrefs.com/robot/)"
157.55.39.5 - - [10/Aug/2021:15:43:08 +0200] "GET /images/big_prod_1/3701206603565C.jpg HTTP/1.0" 200 271 "-" "Mozilla/5.0 (compatible; bingbot/2.0; +http://www.bing.com/bingbot.htm)"
62.210.188.218 - - [10/Aug/2021:15:43:23 +0200] "GET /retro-shoulder-p-18991.html HTTP/1.0" 200 73140 "-" "Mozilla/5.0 (compatible; Barkrowler/0.9; +https://babbar.tech/crawler)"
207.46.13.101 - - [10/Aug/2021:15:43:27 +0200] "GET /salt-pepper-shaker-p-40795.html HTTP/1.0" 200 72948 "-" "Mozilla/5.0 (compatible; bingbot/2.0; +http://www.bing.com/bingbot.htm)"
62.210.188.218 - - [10/Aug/2021:15:43:43 +0200] "GET /retro-sugar-p-40717.html HTTP/1.0" 200 70250 "-" "Mozilla/5.0 (compatible; Barkrowler/0.9; +https://babbar.tech/crawler)"
185.191.171.44 - - [10/Aug/2021:15:43:45 +0200] "GET /products_new.php?page=20 HTTP/1.0" 200 91205 "-" "Mozilla/5.0 (compatible; SemrushBot/7~bl; +http://www.semrush.com/bot.html)"
62.210.188.218 - - [10/Aug/2021:15:44:01 +0200] "GET /retro-sugar-p-40719.html HTTP/1.0" 200 70250 "-" "Mozilla/5.0 (compatible; Barkrowler/0.9; +https://babbar.tech/crawler)"
54.36.148.242 - - [10/Aug/2021:15:44:16 +0200] "GET /bedclothes-gomix-p-51703.html HTTP/1.0" 200 72980 "-" "Mozilla/5.0 (compatible; AhrefsBot/7.0; +http://ahrefs.com/robot/)"
62.210.188.218 - - [10/Aug/2021:15:44:17 +0200] "GET /breakfast-c-12_61.html HTTP/1.0" 200 90772 "-" "Mozilla/5.0 (compatible; Barkrowler/0.9; +https://babbar.tech/crawler)"
207.46.13.127 - - [10/Aug/2021:15:44:33 +0200] "GET /fiat-protective-case-iphone-p-13029.html HTTP/1.0" 200 73106 "-" "Mozilla/5.0 (compatible; bingbot/2.0; +http://www.bing.com/bingbot.htm)"
185.191.171.22 - - [10/Aug/2021:15:44:34 +0200] "GET /cement-tile-stickers-gray-brown-p-43008.html HTTP/1.0" 200 73248 "-" "Mozilla/5.0 (compatible; SemrushBot/7~bl; +http://www.semrush.com/bot.html)"
62.210.188.218 - - [10/Aug/2021:15:44:36 +0200] "GET /chairs-stools-c-207.html HTTP/1.0" 301 79488 "-" "Mozilla/5.0 (compatible; Barkrowler/0.9; +https://babbar.tech/crawler)"
62.210.188.218 - - [10/Aug/2021:15:44:53 +0200] "GET /chairs-stools-c-13_207.html HTTP/1.0" 200 79533 "-" "Mozilla/5.0 (compatible; Barkrowler/0.9; +https://babbar.tech/crawler)"
106.38.241.171 - - [10/Aug/2021:15:45:03 +0200] "GET / HTTP/1.0" 200 151370 "-" "Sogou web spider/4.0(+http://www.sogou.com/docs/help/webmasters.htm#07)"
62.210.188.218 - - [10/Aug/2021:15:45:11 +0200] "GET /chairs-cushion-c-11_165.html HTTP/1.0" 200 90982 "-" "Mozilla/5.0 (compatible; Barkrowler/0.9; +https://babbar.tech/crawler)"
54.36.148.242 - - [10/Aug/2021:15:45:27 +0200] "GET /decorative-rack-with-wooden-rings-p-46820.html HTTP/1.0" 200 73074 "-" "Mozilla/5.0 (compatible; AhrefsBot/7.0; +http://ahrefs.com/robot/)"
62.210.188.218 - - [10/Aug/2021:15:45:29 +0200] "GET /happy-reporter-p-21802.html HTTP/1.0" 200 73185 "-" "Mozilla/5.0 (compatible; Barkrowler/0.9; +https://babbar.tech/crawler)"
157.55.39.5 - - [10/Aug/2021:15:45:49 +0200] "GET /images/1300010237526.jpg HTTP/1.0" 200 259 "-" "Mozilla/5.0 (compatible; bingbot/2.0; +http://www.bing.com/bingbot.htm)"
62.210.188.218 - - [10/Aug/2021:15:45:52 +0200] "GET /happy-hobo-p-5336.html HTTP/1.0" 200 73047 "-" "Mozilla/5.0 (compatible; Barkrowler/0.9; +https://babbar.tech/crawler)"
62.210.188.218 - - [10/Aug/2021:15:46:11 +0200] "GET /tablecloths-c-11_176.html HTTP/1.0" 200 91543 "-" "Mozilla/5.0 (compatible; Barkrowler/0.9; +https://babbar.tech/crawler)"
207.46.13.39 - - [10/Aug/2021:15:46:14 +0200] "GET /-p-29126.html HTTP/1.0" 200 70200 "-" "Mozilla/5.0 (compatible; bingbot/2.0; +http://www.bing.com/bingbot.htm)"
185.191.171.43 - - [10/Aug/2021:15:46:23 +0200] "GET /fitted-sheet-cotton-percale-threads-p-52131.html?action=add_product HTTP/1.0" 302 476 "-" "Mozilla/5.0 (compatible; SemrushBot/7~bl; +http://www.semrush.com/bot.html)"
62.210.188.218 - - [10/Aug/2021:15:46:31 +0200] "GET /blue-ceramic-p-53010.html HTTP/1.0" 200 72759 "-" "Mozilla/5.0 (compatible; Barkrowler/0.9; +https://babbar.tech/crawler)"
54.36.148.242 - - [10/Aug/2021:15:46:40 +0200] "GET /volkswagen-large-metal-plate-p-12556.html HTTP/1.0" 200 72848 "-" "Mozilla/5.0 (compatible; AhrefsBot/7.0; +http://ahrefs.com/robot/)"
207.46.13.127 - - [10/Aug/2021:15:46:42 +0200] "GET /dragon-ball-shenron-shirt-p-29561.html HTTP/1.0" 200 74209 "-" "Mozilla/5.0 (compatible; bingbot/2.0; +http://www.bing.com/bingbot.htm)"
185.191.171.3 - - [10/Aug/2021:15:46:42 +0200] "GET /zodiac-black-women-tee-shirt-p-30807.html HTTP/1.0" 301 74921 "-" "Mozilla/5.0 (compatible; SemrushBot/7~bl; +http://www.semrush.com/bot.html)"
185.191.171.13 - - [10/Aug/2021:15:46:45 +0200] "GET /zodiac-black-women-shirt-p-30807.html HTTP/1.0" 200 74830 "-" "Mozilla/5.0 (compatible; SemrushBot/7~bl; +http://www.semrush.com/bot.html)"
185.191.171.24 - - [10/Aug/2021:15:46:47 +0200] "GET /small-cupcakes-mug-by-cbkreation-p-17351.html HTTP/1.0" 301 73053 "-" "Mozilla/5.0 (compatible; SemrushBot/7~bl; +http://www.semrush.com/bot.html)"
62.210.188.218 - - [10/Aug/2021:15:46:48 +0200] "GET /blue-ceramic-p-53009.html HTTP/1.0" 200 72759 "-" "Mozilla/5.0 (compatible; Barkrowler/0.9; +https://babbar.tech/crawler)"
185.191.171.43 - - [10/Aug/2021:15:46:49 +0200] "GET /small-cupcakes-cbkreation-p-17351.html HTTP/1.0" 200 72961 "-" "Mozilla/5.0 (compatible; SemrushBot/7~bl; +http://www.semrush.com/bot.html)"
157.55.39.51 - - [10/Aug/2021:15:46:55 +0200] "GET /soap-holder-sandstone-beige-p-47019.html HTTP/1.0" 200 73557 "-" "Mozilla/5.0 (compatible; bingbot/2.0; +http://www.bing.com/bingbot.htm)"
207.46.13.175 - - [10/Aug/2021:15:47:00 +0200] "GET /asterix-and-obelix-m-108.html HTTP/1.0" 200 76517 "-" "Mozilla/5.0 (compatible; bingbot/2.0; +http://www.bing.com/bingbot.htm)"
62.210.188.218 - - [10/Aug/2021:15:47:06 +0200] "GET /blue-ceramic-p-53011.html HTTP/1.0" 200 72759 "-" "Mozilla/5.0 (compatible; Barkrowler/0.9; +https://babbar.tech/crawler)"
62.210.188.218 - - [10/Aug/2021:15:47:23 +0200] "GET /blue-bowl-p-38005.html HTTP/1.0" 200 70248 "-" "Mozilla/5.0 (compatible; Barkrowler/0.9; +https://babbar.tech/crawler)"
185.191.171.39 - - [10/Aug/2021:15:47:40 +0200] "GET /blue-with-reliefs-earthenware-p-52449.html HTTP/1.0" 200 70314 "-" "Mozilla/5.0 (compatible; SemrushBot/7~bl; +http://www.semrush.com/bot.html)"
62.210.188.218 - - [10/Aug/2021:15:47:43 +0200] "GET /blue-bowl-p-33915.html HTTP/1.0" 200 72754 "-" "Mozilla/5.0 (compatible; Barkrowler/0.9; +https://babbar.tech/crawler)"
54.36.148.242 - - [10/Aug/2021:15:47:47 +0200] "GET /treasure-tibetan-p-54963.html HTTP/1.0" 200 73842 "-" "Mozilla/5.0 (compatible; AhrefsBot/7.0; +http://ahrefs.com/robot/)"
62.210.188.218 - - [10/Aug/2021:15:48:01 +0200] "GET /blue-wood-p-40637.html HTTP/1.0" 200 70242 "-" "Mozilla/5.0 (compatible; Barkrowler/0.9; +https://babbar.tech/crawler)"
62.210.188.218 - - [10/Aug/2021:15:48:17 +0200] "GET /bread-bags-c-11_179.html HTTP/1.0" 200 81374 "-" "Mozilla/5.0 (compatible; Barkrowler/0.9; +https://babbar.tech/crawler)"
207.46.13.101 - - [10/Aug/2021:15:48:27 +0200] "GET /-p-34776.html HTTP/1.0" 200 70200 "-" "Mozilla/5.0 (compatible; bingbot/2.0; +http://www.bing.com/bingbot.htm)"
62.210.188.218 - - [10/Aug/2021:15:48:34 +0200] "GET /bread-c-13_150_211.html HTTP/1.0" 200 77776 "-" "Mozilla/5.0 (compatible; Barkrowler/0.9; +https://babbar.tech/crawler)"
40.77.167.106 - - [10/Aug/2021:15:48:39 +0200] "GET /-p-34048.html HTTP/1.0" 200 70200 "-" "Mozilla/5.0 (compatible; bingbot/2.0; +http://www.bing.com/bingbot.htm)"
54.36.148.44 - - [10/Aug/2021:15:48:47 +0200] "GET /minako-kimmidoll-portable-or-bag-pendant-p-9998.html HTTP/1.0" 301 70264 "-" "Mozilla/5.0 (compatible; AhrefsBot/7.0; +http://ahrefs.com/robot/)"
62.210.188.218 - - [10/Aug/2021:15:48:53 +0200] "GET /gingerbread-p-30682.html HTTP/1.0" 200 72744 "-" "Mozilla/5.0 (compatible; Barkrowler/0.9; +https://babbar.tech/crawler)"
54.36.148.242 - - [10/Aug/2021:15:48:58 +0200] "GET /mobile-tealight-brown-patinated-metal-flower-heart-p-37209.html HTTP/1.0" 200 73119 "-" "Mozilla/5.0 (compatible; AhrefsBot/7.0; +http://ahrefs.com/robot/)"
185.191.171.22 - - [10/Aug/2021:15:49:00 +0200] "GET /small-candle-home-christmas-p-46034.html?action=add_product HTTP/1.0" 302 476 "-" "Mozilla/5.0 (compatible; SemrushBot/7~bl; +http://www.semrush.com/bot.html)"
66.249.66.220 - - [10/Aug/2021:15:49:01 +0200] "GET /images/big_prod_1/1399184100187.jpg HTTP/1.0" 200 270 "-" "Googlebot-Image/1.0"
54.36.148.30 - - [10/Aug/2021:15:49:03 +0200] "GET /retro-so-vintage-chocolate-bowling-bag-p-19013.html HTTP/1.0" 301 70426 "-" "Mozilla/5.0 (compatible; AhrefsBot/7.0; +http://ahrefs.com/robot/)"
62.210.188.218 - - [10/Aug/2021:15:49:12 +0200] "GET /natural-wood-p-54954.html HTTP/1.0" 200 73539 "-" "Mozilla/5.0 (compatible; Barkrowler/0.9; +https://babbar.tech/crawler)"
157.55.39.156 - - [10/Aug/2021:15:49:22 +0200] "GET /images/big_prod/4029811370900.jpg HTTP/1.0" 200 268 "-" "Mozilla/5.0 (compatible; bingbot/2.0; +http://www.bing.com/bingbot.htm)"
62.210.188.218 - - [10/Aug/2021:15:49:28 +0200] "GET /bookend-c-13_202.html HTTP/1.0" 200 88853 "-" "Mozilla/5.0 (compatible; Barkrowler/0.9; +https://babbar.tech/crawler)"
207.46.13.39 - - [10/Aug/2021:15:49:34 +0200] "GET /hanna-barbera-black-shirt-p-29597.html HTTP/1.0" 200 74271 "-" "Mozilla/5.0 (compatible; bingbot/2.0; +http://www.bing.com/bingbot.htm)"
157.55.39.44 - - [10/Aug/2021:15:49:41 +0200] "GET /marilyn-monroe-little-storage-p-5115.html HTTP/1.0" 200 73071 "-" "Mozilla/5.0 (compatible; bingbot/2.0; +http://www.bing.com/bingbot.htm)"
62.210.188.218 - - [10/Aug/2021:15:49:44 +0200] "GET /love-paris-p-39709.html HTTP/1.0" 200 72783 "-" "Mozilla/5.0 (compatible; Barkrowler/0.9; +https://babbar.tech/crawler)"
207.46.13.101 - - [10/Aug/2021:15:49:48 +0200] "GET /-p-30632.html HTTP/1.0" 200 70200 "-" "Mozilla/5.0 (compatible; bingbot/2.0; +http://www.bing.com/bingbot.htm)"
207.46.13.175 - - [10/Aug/2021:15:49:59 +0200] "GET /-p-27585.html HTTP/1.0" 200 70200 "-" "Mozilla/5.0 (compatible; bingbot/2.0; +http://www.bing.com/bingbot.htm)"
54.36.148.242 - - [10/Aug/2021:15:50:04 +0200] "GET /monaco-vintage-poster-p-42523.html HTTP/1.0" 200 72816 "-" "Mozilla/5.0 (compatible; AhrefsBot/7.0; +http://ahrefs.com/robot/)"
54.36.149.85 - - [10/Aug/2021:15:50:15 +0200] "GET /wild-about-words-chihuahua-mug-p-31969.html HTTP/1.0" 301 72971 "-" "Mozilla/5.0 (compatible; AhrefsBot/7.0; +http://ahrefs.com/robot/)"
207.46.13.175 - - [10/Aug/2021:15:50:19 +0200] "GET /ceramic-table-lamp-silver-p-52775.html HTTP/1.0" 200 73639 "-" "Mozilla/5.0 (compatible; bingbot/2.0; +http://www.bing.com/bingbot.htm)"
185.191.171.7 - - [10/Aug/2021:15:50:21 +0200] "GET /straw-basket-20-33-cm-p-40137.html HTTP/1.0" 301 70339 "-" "Mozilla/5.0 (compatible; SemrushBot/7~bl; +http://www.semrush.com/bot.html)"
185.191.171.3 - - [10/Aug/2021:15:50:24 +0200] "GET /straw-basket-p-40137.html HTTP/1.0" 200 70260 "-" "Mozilla/5.0 (compatible; SemrushBot/7~bl; +http://www.semrush.com/bot.html)"
207.46.13.175 - - [10/Aug/2021:15:50:29 +0200] "GET /cars-m-14.html HTTP/1.0" 200 89527 "-" "Mozilla/5.0 (compatible; bingbot/2.0; +http://www.bing.com/bingbot.htm)"
157.55.39.44 - - [10/Aug/2021:15:50:33 +0200] "GET /paris-embroidered-adult-size-p-38606.html HTTP/1.0" 200 75895 "-" "Mozilla/5.0 (compatible; bingbot/2.0; +http://www.bing.com/bingbot.htm)"
185.191.171.19 - - [10/Aug/2021:15:50:42 +0200] "GET /boho-indian-pouch-spirit-p-42921.html HTTP/1.0" 200 72996 "-" "Mozilla/5.0 (compatible; SemrushBot/7~bl; +http://www.semrush.com/bot.html)"
207.46.13.127 - - [10/Aug/2021:15:50:43 +0200] "GET /jamaica-paper-towel-dispenser-p-17439.html HTTP/1.0" 200 72858 "-" "Mozilla/5.0 (compatible; bingbot/2.0; +http://www.bing.com/bingbot.htm)"
207.46.13.127 - - [10/Aug/2021:15:50:46 +0200] "GET /eiffel-tower-paris-glass-ashtray-p-48206.html HTTP/1.0" 200 74679 "-" "Mozilla/5.0 (compatible; bingbot/2.0; +http://www.bing.com/bingbot.htm)"
157.55.39.5 - - [10/Aug/2021:15:50:50 +0200] "GET /-p-19701.html HTTP/1.0" 200 70200 "-" "Mozilla/5.0 (compatible; bingbot/2.0; +http://www.bing.com/bingbot.htm)"
207.46.13.127 - - [10/Aug/2021:15:51:00 +0200] "GET /resin-statue-monks-hear-seeing-p-50026.html HTTP/1.0" 200 74062 "-" "Mozilla/5.0 (compatible; bingbot/2.0; +http://www.bing.com/bingbot.htm)"
40.77.167.106 - - [10/Aug/2021:15:51:10 +0200] "GET /chabada-cats-teapot-p-44487.html HTTP/1.0" 200 72820 "-" "Mozilla/5.0 (compatible; bingbot/2.0; +http://www.bing.com/bingbot.htm)"
185.191.171.6 - - [10/Aug/2021:15:51:15 +0200] "GET /retro-p-40723.html HTTP/1.0" 200 70226 "-" "Mozilla/5.0 (compatible; SemrushBot/7~bl; +http://www.semrush.com/bot.html)"
54.36.148.242 - - [10/Aug/2021:15:51:16 +0200] "GET /forest-shower-curtain-p-39389.html HTTP/1.0" 200 72934 "-" "Mozilla/5.0 (compatible; AhrefsBot/7.0; +http://ahrefs.com/robot/)"
40.77.167.106 - - [10/Aug/2021:15:52:09 +0200] "GET /-p-6907.html HTTP/1.0" 200 70198 "-" "Mozilla/5.0 (compatible; bingbot/2.0; +http://www.bing.com/bingbot.htm)"
54.36.148.242 - - [10/Aug/2021:15:52:29 +0200] "GET /good-year-tires-large-p-45948.html HTTP/1.0" 200 72991 "-" "Mozilla/5.0 (compatible; AhrefsBot/7.0; +http://ahrefs.com/robot/)"
157.55.39.5 - - [10/Aug/2021:15:52:31 +0200] "GET /-p-48146.html HTTP/1.0" 200 70200 "-" "Mozilla/5.0 (compatible; bingbot/2.0; +http://www.bing.com/bingbot.htm)"
207.46.13.39 - - [10/Aug/2021:15:52:36 +0200] "GET /decorations-and-furnishings/boxes-and-storage-box/the-little-prince-animated-music-box-p-16467.html HTTP/1.0" 301 73406 "-" "Mozilla/5.0 (compatible; bingbot/2.0; +http://www.bing.com/bingbot.htm)"
185.191.171.24 - - [10/Aug/2021:15:52:54 +0200] "GET /military-ambulance-truck-metal-p-48884.html HTTP/1.0" 200 73883 "-" "Mozilla/5.0 (compatible; SemrushBot/7~bl; +http://www.semrush.com/bot.html)"
157.55.39.51 - - [10/Aug/2021:15:52:56 +0200] "GET /-p-22939.html HTTP/1.0" 200 70200 "-" "Mozilla/5.0 (compatible; bingbot/2.0; +http://www.bing.com/bingbot.htm)"
54.36.148.242 - - [10/Aug/2021:15:53:39 +0200] "GET /glasses-case-c-31_164.html HTTP/1.0" 200 90571 "-" "Mozilla/5.0 (compatible; AhrefsBot/7.0; +http://ahrefs.com/robot/)"
207.46.13.127 - - [10/Aug/2021:15:54:03 +0200] "GET /-p-33410.html HTTP/1.0" 200 70200 "-" "Mozilla/5.0 (compatible; bingbot/2.0; +http://www.bing.com/bingbot.htm)"
185.191.171.13 - - [10/Aug/2021:15:54:37 +0200] "GET /-p-43297.html?action=add_product HTTP/1.0" 302 476 "-" "Mozilla/5.0 (compatible; SemrushBot/7~bl; +http://www.semrush.com/bot.html)"
207.46.13.175 - - [10/Aug/2021:15:54:39 +0200] "GET /london-sticker-p-35393.html HTTP/1.0" 200 72880 "-" "Mozilla/5.0 (compatible; bingbot/2.0; +http://www.bing.com/bingbot.htm)"
185.191.171.33 - - [10/Aug/2021:15:54:48 +0200] "GET /wall-decoration-music-p-43871.html?action=add_product HTTP/1.0" 302 476 "-" "Mozilla/5.0 (compatible; SemrushBot/7~bl; +http://www.semrush.com/bot.html)"
54.36.148.242 - - [10/Aug/2021:15:54:54 +0200] "GET /volkswagen-large-metal-plate-deco-p-32224.html HTTP/1.0" 200 72911 "-" "Mozilla/5.0 (compatible; AhrefsBot/7.0; +http://ahrefs.com/robot/)"
157.55.39.51 - - [10/Aug/2021:15:54:55 +0200] "GET /images/med_prod/8435306281037.jpg HTTP/1.0" 200 268 "-" "Mozilla/5.0 (compatible; bingbot/2.0; +http://www.bing.com/bingbot.htm)"
207.46.13.101 - - [10/Aug/2021:15:55:09 +0200] "GET /chakra-wooden-crown-chakra-p-46561.html HTTP/1.0" 200 70276 "-" "Mozilla/5.0 (compatible; bingbot/2.0; +http://www.bing.com/bingbot.htm)"
185.191.171.37 - - [10/Aug/2021:15:55:18 +0200] "GET /scooby-p-27884.html HTTP/1.0" 200 72981 "-" "Mozilla/5.0 (compatible; SemrushBot/7~bl; +http://www.semrush.com/bot.html)"
207.46.13.175 - - [10/Aug/2021:15:55:20 +0200] "GET /minnie-mouse-figure-collection-romero-britto-p-53507.html HTTP/1.0" 200 73146 "-" "Mozilla/5.0 (compatible; bingbot/2.0; +http://www.bing.com/bingbot.htm)"
54.36.148.92 - - [10/Aug/2021:15:55:20 +0200] "GET /jungle-shower-curtain-180-200-cm-p-52461.html HTTP/1.0" 301 73673 "-" "Mozilla/5.0 (compatible; AhrefsBot/7.0; +http://ahrefs.com/robot/)"
54.36.149.85 - - [10/Aug/2021:15:55:40 +0200] "GET /disney-planes-little-suitcase-p-26476.html HTTP/1.0" 301 70267 "-" "Mozilla/5.0 (compatible; AhrefsBot/7.0; +http://ahrefs.com/robot/)"
207.46.13.127 - - [10/Aug/2021:15:55:53 +0200] "GET /-p-2370.html HTTP/1.0" 200 70198 "-" "Mozilla/5.0 (compatible; bingbot/2.0; +http://www.bing.com/bingbot.htm)"
54.36.148.242 - - [10/Aug/2021:15:55:59 +0200] "GET /fantasy-watch-women-fowers-p-49961.html HTTP/1.0" 200 72923 "-" "Mozilla/5.0 (compatible; AhrefsBot/7.0; +http://ahrefs.com/robot/)"
157.55.39.156 - - [10/Aug/2021:15:56:33 +0200] "GET /-p-16508.html HTTP/1.0" 200 70200 "-" "Mozilla/5.0 (compatible; bingbot/2.0; +http://www.bing.com/bingbot.htm)"
157.55.39.51 - - [10/Aug/2021:15:56:36 +0200] "GET /hello-kitty-flowers-glitter-lamp-p-12833.html HTTP/1.0" 301 70267 "-" "Mozilla/5.0 (compatible; bingbot/2.0; +http://www.bing.com/bingbot.htm)"
17.121.115.171 - - [10/Aug/2021:15:56:37 +0200] "GET /copains-abord-metal-plate-deco-p-51898.html HTTP/1.0" 200 73503 "-" "Mozilla/5.0 (Macintosh; Intel Mac OS X 10_15_5) AppleWebKit/605.1.15 (KHTML, like Gecko) Version/13.1.1 Safari/605.1.15 (Applebot/0.1; +http://www.apple.com/go/applebot)"
207.46.13.39 - - [10/Aug/2021:15:56:38 +0200] "GET /round-tablecloth-azulejos-treated-anti-stain-blue-p-51351.html HTTP/1.0" 200 73842 "-" "Mozilla/5.0 (compatible; bingbot/2.0; +http://www.bing.com/bingbot.htm)"
207.46.13.175 - - [10/Aug/2021:15:56:57 +0200] "GET /swfobject.js HTTP/1.0" 404 1308 "-" "Mozilla/5.0 (compatible; bingbot/2.0; +http://www.bing.com/bingbot.htm)"
66.249.66.216 - - [10/Aug/2021:15:57:04 +0200] "GET /ottomans-storage-ottomans-c-13_209.html HTTP/1.0" 200 90463 "-" "Mozilla/5.0 (compatible; Googlebot/2.1; +http://www.google.com/bot.html)"
54.36.148.242 - - [10/Aug/2021:15:57:05 +0200] "GET /flower-fairies-jewelry-p-53246.html HTTP/1.0" 200 73827 "-" "Mozilla/5.0 (compatible; AhrefsBot/7.0; +http://ahrefs.com/robot/)"
207.46.13.175 - - [10/Aug/2021:15:57:09 +0200] "GET /small-baby-teeth-p-53347.html HTTP/1.0" 200 72948 "-" "Mozilla/5.0 (compatible; bingbot/2.0; +http://www.bing.com/bingbot.htm)"
157.55.39.44 - - [10/Aug/2021:15:57:14 +0200] "GET /provence-opener-p-44555.html HTTP/1.0" 200 72840 "-" "Mozilla/5.0 (compatible; bingbot/2.0; +http://www.bing.com/bingbot.htm)"
157.55.39.5 - - [10/Aug/2021:15:57:30 +0200] "GET /lotus-candleholder-chakra-blue-silverlining-p-35521.html HTTP/1.0" 200 74456 "-" "Mozilla/5.0 (compatible; bingbot/2.0; +http://www.bing.com/bingbot.htm)"
157.55.39.156 - - [10/Aug/2021:15:57:33 +0200] "GET /disney-princess-little-backpack-p-20330.html HTTP/1.0" 200 73119 "-" "Mozilla/5.0 (compatible; bingbot/2.0; +http://www.bing.com/bingbot.htm)"
40.77.167.106 - - [10/Aug/2021:15:57:34 +0200] "GET /-p-23834.html HTTP/1.0" 200 70200 "-" "Mozilla/5.0 (compatible; bingbot/2.0; +http://www.bing.com/bingbot.htm)"
40.77.167.106 - - [10/Aug/2021:15:57:34 +0200] "GET /-p-22585.html HTTP/1.0" 200 70200 "-" "Mozilla/5.0 (compatible; bingbot/2.0; +http://www.bing.com/bingbot.htm)"
207.46.13.101 - - [10/Aug/2021:15:57:39 +0200] "GET /fuel-pump-clock-p-38093.html HTTP/1.0" 200 70266 "-" "Mozilla/5.0 (compatible; bingbot/2.0; +http://www.bing.com/bingbot.htm)"
51.68.224.127 - - [10/Aug/2021:15:57:39 +0200] "GET /adminweb/export_orders_xml.php?token=256de2z6edz6ed2z6DFSFsed2zed6zeDSFDSGdzedezfzf&maxorders=10&orderstart=1&status=14&start_date=2018-10-01 HTTP/1.0" 200 285 "-" "GesCom CharlotteBoutik Serveur"
51.68.224.127 - - [10/Aug/2021:15:57:40 +0200] "GET /adminweb/export_orders_xml.php?token=256de2z6edz6ed2z6DFSFsed2zed6zeDSFDSGdzedezfzf&maxorders=10&orderstart=1&status=6&start_date=2018-10-01 HTTP/1.0" 200 28601 "-" "GesCom CharlotteBoutik Serveur"
207.46.13.175 - - [10/Aug/2021:15:57:44 +0200] "GET /angry-birds-wallet-p-19173.html HTTP/1.0" 200 73052 "-" "Mozilla/5.0 (compatible; bingbot/2.0; +http://www.bing.com/bingbot.htm)"
185.191.171.19 - - [10/Aug/2021:15:57:55 +0200] "GET /fishes-teapot-p-48245.html?action=add_product HTTP/1.0" 302 476 "-" "Mozilla/5.0 (compatible; SemrushBot/7~bl; +http://www.semrush.com/bot.html)"
157.55.39.5 - - [10/Aug/2021:15:58:00 +0200] "GET /figure-finding-dory-collectible-surprise-p-35273.html HTTP/1.0" 200 70397 "-" "Mozilla/5.0 (compatible; bingbot/2.0; +http://www.bing.com/bingbot.htm)"
66.249.66.218 - - [10/Aug/2021:15:58:07 +0200] "GET /bratz-scarf-glove-p-22129.html HTTP/1.0" 200 73060 "-" "Mozilla/5.0 (compatible; Googlebot/2.1; +http://www.google.com/bot.html)"
147.92.153.20 - - [10/Aug/2021:15:58:08 +0200] "GET /snow-glitter-ball-c-13_259.html HTTP/1.0" 200 90022 "-" "Mozilla/5.0 (compatible; Linespider/1.1; +https://lin.ee/4dwXkTH)"
54.36.148.242 - - [10/Aug/2021:15:58:11 +0200] "GET /francesco-wall-sticker-p-22531.html HTTP/1.0" 200 73008 "-" "Mozilla/5.0 (compatible; AhrefsBot/7.0; +http://ahrefs.com/robot/)"
185.191.171.39 - - [10/Aug/2021:15:58:17 +0200] "GET /brown-leather-retro-typing-p-48714.html?action=add_product HTTP/1.0" 302 476 "-" "Mozilla/5.0 (compatible; SemrushBot/7~bl; +http://www.semrush.com/bot.html)"
207.46.13.127 - - [10/Aug/2021:15:58:33 +0200] "GET /cats-shadow-door-plate-bedroom-p-46410.html HTTP/1.0" 200 72926 "-" "Mozilla/5.0 (compatible; bingbot/2.0; +http://www.bing.com/bingbot.htm)"
157.55.39.51 - - [10/Aug/2021:15:58:37 +0200] "GET /boho-decorative-metal-plate-p-52886.html HTTP/1.0" 200 72913 "-" "Mozilla/5.0 (compatible; bingbot/2.0; +http://www.bing.com/bingbot.htm)"
157.55.39.44 - - [10/Aug/2021:15:58:51 +0200] "GET /images/4007176129043.jpg HTTP/1.0" 200 259 "-" "Mozilla/5.0 (compatible; bingbot/2.0; +http://www.bing.com/bingbot.htm)"
157.55.39.51 - - [10/Aug/2021:15:58:56 +0200] "GET /dora-explorer-baby-p-2403.html HTTP/1.0" 200 72736 "-" "Mozilla/5.0 (compatible; bingbot/2.0; +http://www.bing.com/bingbot.htm)"
185.191.171.26 - - [10/Aug/2021:15:59:14 +0200] "GET /nuova-fiat-blue-shoulder-p-17078.html?action=add_product HTTP/1.0" 302 476 "-" "Mozilla/5.0 (compatible; SemrushBot/7~bl; +http://www.semrush.com/bot.html)"
54.36.148.242 - - [10/Aug/2021:15:59:16 +0200] "GET /teal-blue-adult-japenese-apron-p-45911.html HTTP/1.0" 200 73489 "-" "Mozilla/5.0 (compatible; AhrefsBot/7.0; +http://ahrefs.com/robot/)"
40.77.167.106 - - [10/Aug/2021:15:59:29 +0200] "GET /captain-america-m-118.html HTTP/1.0" 200 75439 "-" "Mozilla/5.0 (compatible; bingbot/2.0; +http://www.bing.com/bingbot.htm)"
157.55.39.156 - - [10/Aug/2021:15:59:33 +0200] "GET /-p-50907.html HTTP/1.0" 200 70200 "-" "Mozilla/5.0 (compatible; bingbot/2.0; +http://www.bing.com/bingbot.htm)"
66.249.66.218 - - [10/Aug/2021:15:59:36 +0200] "GET /straw-basket-p-40134.html HTTP/1.0" 200 72823 "-" "Mozilla/5.0 (Linux; Android 6.0.1; Nexus 5X Build/MMB29P) AppleWebKit/537.36 (KHTML, like Gecko) Chrome/92.0.4515.119 Mobile Safari/537.36 (compatible; Googlebot/2.1; +http://www.google.com/bot.html)"
157.55.39.122 - - [10/Aug/2021:16:00:02 +0200] "GET /rabbit-mini-p-28260.html HTTP/1.0" 200 72899 "-" "Mozilla/5.0 (compatible; bingbot/2.0; +http://www.bing.com/bingbot.htm)"
207.46.13.39 - - [10/Aug/2021:16:00:26 +0200] "GET /games-toys-c-4.html HTTP/1.0" 200 92741 "-" "Mozilla/5.0 (compatible; bingbot/2.0; +http://www.bing.com/bingbot.htm)"
157.55.39.51 - - [10/Aug/2021:16:00:30 +0200] "GET /-p-31817.html HTTP/1.0" 200 70200 "-" "Mozilla/5.0 (compatible; bingbot/2.0; +http://www.bing.com/bingbot.htm)"
54.36.148.242 - - [10/Aug/2021:16:00:30 +0200] "GET /trays-medium-size-c-12_159_265.html?page=1 HTTP/1.0" 200 90432 "-" "Mozilla/5.0 (compatible; AhrefsBot/7.0; +http://ahrefs.com/robot/)"
157.55.39.122 - - [10/Aug/2021:16:00:35 +0200] "GET /kimmidoll-wastebasket-p-27442.html HTTP/1.0" 200 72833 "-" "Mozilla/5.0 (compatible; bingbot/2.0; +http://www.bing.com/bingbot.htm)"
157.55.39.51 - - [10/Aug/2021:16:01:06 +0200] "GET /-p-22489.html HTTP/1.0" 200 70200 "-" "Mozilla/5.0 (compatible; bingbot/2.0; +http://www.bing.com/bingbot.htm)"
185.191.171.43 - - [10/Aug/2021:16:01:25 +0200] "GET /large-triptych-hanging-clock-airplane-metal-wood-p-51998.html?action=add_product HTTP/1.0" 302 476 "-" "Mozilla/5.0 (compatible; SemrushBot/7~bl; +http://www.semrush.com/bot.html)"
54.36.148.242 - - [10/Aug/2021:16:01:45 +0200] "GET /earth-globe-decoration-p-50902.html HTTP/1.0" 200 72893 "-" "Mozilla/5.0 (compatible; AhrefsBot/7.0; +http://ahrefs.com/robot/)"
207.46.13.101 - - [10/Aug/2021:16:01:49 +0200] "GET /dubout-cats-compact-mirror-p-32233.html HTTP/1.0" 200 72910 "-" "Mozilla/5.0 (compatible; bingbot/2.0; +http://www.bing.com/bingbot.htm)"
185.191.171.14 - - [10/Aug/2021:16:01:59 +0200] "GET /incense-holder-selenite-with-flower-life-p-47675.html?action=add_product HTTP/1.0" 302 476 "-" "Mozilla/5.0 (compatible; SemrushBot/7~bl; +http://www.semrush.com/bot.html)"
157.55.39.122 - - [10/Aug/2021:16:02:41 +0200] "GET /-p-31215.html HTTP/1.0" 200 70200 "-" "Mozilla/5.0 (compatible; bingbot/2.0; +http://www.bing.com/bingbot.htm)"
54.36.148.242 - - [10/Aug/2021:16:02:55 +0200] "GET /love-kids-school-p-44923.html HTTP/1.0" 200 73056 "-" "Mozilla/5.0 (compatible; AhrefsBot/7.0; +http://ahrefs.com/robot/)"
207.46.13.101 - - [10/Aug/2021:16:03:09 +0200] "GET /-p-18316.html HTTP/1.0" 200 70200 "-" "Mozilla/5.0 (compatible; bingbot/2.0; +http://www.bing.com/bingbot.htm)"
207.46.13.39 - - [10/Aug/2021:16:03:36 +0200] "GET /cotton-floor-cushion-albertine-p-51082.html HTTP/1.0" 200 70302 "-" "Mozilla/5.0 (compatible; bingbot/2.0; +http://www.bing.com/bingbot.htm)"
207.46.13.127 - - [10/Aug/2021:16:03:44 +0200] "GET /light-garland-collection-canar-girly-p-39463.html HTTP/1.0" 200 73874 "-" "Mozilla/5.0 (compatible; bingbot/2.0; +http://www.bing.com/bingbot.htm)"
66.249.66.220 - - [10/Aug/2021:16:04:01 +0200] "GET /images/big_prod_1/8718969170567B.jpg HTTP/1.0" 200 271 "-" "Googlebot-Image/1.0"
54.36.148.242 - - [10/Aug/2021:16:04:07 +0200] "GET /salt-with-spoon-camargua-p-54571.html HTTP/1.0" 200 72881 "-" "Mozilla/5.0 (compatible; AhrefsBot/7.0; +http://ahrefs.com/robot/)"
207.46.13.127 - - [10/Aug/2021:16:04:13 +0200] "GET /decoration-african-woman-p-55280.html HTTP/1.0" 200 73662 "-" "Mozilla/5.0 (compatible; bingbot/2.0; +http://www.bing.com/bingbot.htm)"
207.46.13.127 - - [10/Aug/2021:16:04:15 +0200] "GET /lotus-candleholder-chakra-green-goldlining-p-35523.html HTTP/1.0" 200 74444 "-" "Mozilla/5.0 (compatible; bingbot/2.0; +http://www.bing.com/bingbot.htm)"
157.55.39.44 - - [10/Aug/2021:16:04:22 +0200] "GET /high-school-musical-handbag-p-6466.html HTTP/1.0" 200 75437 "-" "Mozilla/5.0 (compatible; bingbot/2.0; +http://www.bing.com/bingbot.htm)"
157.55.39.122 - - [10/Aug/2021:16:04:34 +0200] "GET /white-natural-wooden-mini-p-55033.html HTTP/1.0" 200 73731 "-" "Mozilla/5.0 (compatible; bingbot/2.0; +http://www.bing.com/bingbot.htm)"
207.46.13.175 - - [10/Aug/2021:16:05:01 +0200] "GET /incense-namaste-grams-about-sticks-p-45147.html HTTP/1.0" 200 73379 "-" "Mozilla/5.0 (compatible; bingbot/2.0; +http://www.bing.com/bingbot.htm)"
54.36.148.242 - - [10/Aug/2021:16:05:23 +0200] "GET /tray-wood-p-45091.html HTTP/1.0" 200 72919 "-" "Mozilla/5.0 (compatible; AhrefsBot/7.0; +http://ahrefs.com/robot/)"
185.191.171.22 - - [10/Aug/2021:16:05:35 +0200] "GET /robots.txt HTTP/1.0" 200 245 "-" "Mozilla/5.0 (compatible; SemrushBot/7~bl; +http://www.semrush.com/bot.html)"
185.191.171.4 - - [10/Aug/2021:16:05:35 +0200] "GET /stone-septarian-60-70-grams-p-46597.html HTTP/1.0" 301 74254 "-" "Mozilla/5.0 (compatible; SemrushBot/7~bl; +http://www.semrush.com/bot.html)"
185.191.171.15 - - [10/Aug/2021:16:05:37 +0200] "GET /stone-septarian-grams-p-46597.html HTTP/1.0" 200 74166 "-" "Mozilla/5.0 (compatible; SemrushBot/7~bl; +http://www.semrush.com/bot.html)"
54.36.149.1 - - [10/Aug/2021:16:05:42 +0200] "GET /ballooning-by-allen-mug-p-35106.html HTTP/1.0" 301 70267 "-" "Mozilla/5.0 (compatible; AhrefsBot/7.0; +http://ahrefs.com/robot/)"
185.191.171.5 - - [10/Aug/2021:16:05:43 +0200] "GET /sagittarus-clasic-keyring-cbkreation-p-43252.html?action=add_product HTTP/1.0" 302 476 "-" "Mozilla/5.0 (compatible; SemrushBot/7~bl; +http://www.semrush.com/bot.html)"
54.36.148.242 - - [10/Aug/2021:16:06:31 +0200] "GET /om-mug-p-47390.html HTTP/1.0" 200 73231 "-" "Mozilla/5.0 (compatible; AhrefsBot/7.0; +http://ahrefs.com/robot/)"
157.55.39.5 - - [10/Aug/2021:16:06:41 +0200] "GET /coca-cola-cherry-coke-pink-shirt-p-30045.html HTTP/1.0" 200 74097 "-" "Mozilla/5.0 (compatible; bingbot/2.0; +http://www.bing.com/bingbot.htm)"
207.46.13.39 - - [10/Aug/2021:16:06:46 +0200] "GET /-p-51412.html HTTP/1.0" 200 70200 "-" "Mozilla/5.0 (compatible; bingbot/2.0; +http://www.bing.com/bingbot.htm)"
207.46.13.175 - - [10/Aug/2021:16:06:50 +0200] "GET /-p-35551.html HTTP/1.0" 200 70200 "-" "Mozilla/5.0 (compatible; bingbot/2.0; +http://www.bing.com/bingbot.htm)"
185.191.171.5 - - [10/Aug/2021:16:07:10 +0200] "GET /poster-corsica-p-43705.html?action=add_product HTTP/1.0" 302 476 "-" "Mozilla/5.0 (compatible; SemrushBot/7~bl; +http://www.semrush.com/bot.html)"
157.55.39.51 - - [10/Aug/2021:16:07:26 +0200] "GET /images/big_prod/5415203535177.jpg HTTP/1.0" 200 268 "-" "Mozilla/5.0 (compatible; bingbot/2.0; +http://www.bing.com/bingbot.htm)"
54.36.148.242 - - [10/Aug/2021:16:07:28 +0200] "GET /cars-ball-filled-p-11526.html HTTP/1.0" 200 73226 "-" "Mozilla/5.0 (compatible; AhrefsBot/7.0; +http://ahrefs.com/robot/)"
207.46.13.127 - - [10/Aug/2021:16:07:44 +0200] "GET /disney-universe-suitcase-p-17270.html HTTP/1.0" 200 70311 "-" "Mozilla/5.0 (compatible; bingbot/2.0; +http://www.bing.com/bingbot.htm)"
66.249.66.216 - - [10/Aug/2021:16:07:56 +0200] "GET /industrial-pouf-storage-medium-size-only-p-48581.html HTTP/1.0" 200 73810 "-" "Mozilla/5.0 (compatible; Googlebot/2.1; +http://www.google.com/bot.html)"
207.46.13.39 - - [10/Aug/2021:16:07:56 +0200] "GET /beyblade-bookends-p-18659.html HTTP/1.0" 200 70258 "-" "Mozilla/5.0 (compatible; bingbot/2.0; +http://www.bing.com/bingbot.htm)"
66.249.66.218 - - [10/Aug/2021:16:08:10 +0200] "GET /motor-ottoman-storage-p-47385.html HTTP/1.0" 200 72993 "-" "Mozilla/5.0 (compatible; Googlebot/2.1; +http://www.google.com/bot.html)"
23.254.87.21 - - [10/Aug/2021:16:08:19 +0200] "GET /images/med_prod/4029811281688.jpg HTTP/1.0" 200 268 "-" "Mozilla/5.0 (Windows NT 6.3; Win64; x64) AppleWebKit/537.36 (KHTML, like Gecko) Chrome/90.0.4430.93 Safari/537.36"
66.249.66.216 - - [10/Aug/2021:16:08:25 +0200] "GET /ninja-turtles-storage-stool-p-27533.html HTTP/1.0" 200 72724 "-" "Mozilla/5.0 (compatible; Googlebot/2.1; +http://www.google.com/bot.html)"
157.55.39.44 - - [10/Aug/2021:16:08:32 +0200] "GET /-p-15631.html HTTP/1.0" 200 70200 "-" "Mozilla/5.0 (compatible; bingbot/2.0; +http://www.bing.com/bingbot.htm)"
54.36.148.242 - - [10/Aug/2021:16:08:35 +0200] "GET /flower-fairies-jewelry-p-53247.html HTTP/1.0" 200 73819 "-" "Mozilla/5.0 (compatible; AhrefsBot/7.0; +http://ahrefs.com/robot/)"
54.36.148.34 - - [10/Aug/2021:16:08:38 +0200] "GET /odin-resin-figure-21-cm-p-47483.html HTTP/1.0" 301 72984 "-" "Mozilla/5.0 (compatible; AhrefsBot/7.0; +http://ahrefs.com/robot/)"
66.249.66.216 - - [10/Aug/2021:16:08:42 +0200] "GET /pouf-covered-with-beige-velvet-p-46353.html HTTP/1.0" 200 74288 "-" "Mozilla/5.0 (compatible; Googlebot/2.1; +http://www.google.com/bot.html)"
185.191.171.41 - - [10/Aug/2021:16:09:06 +0200] "GET /stade-toulousain-beer-glass-p-52181.html?action=add_product HTTP/1.0" 302 476 "-" "Mozilla/5.0 (compatible; SemrushBot/7~bl; +http://www.semrush.com/bot.html)"
66.249.66.218 - - [10/Aug/2021:16:09:11 +0200] "GET /angeles-retro-ottoman-storage-p-50178.html HTTP/1.0" 200 73733 "-" "Mozilla/5.0 (compatible; Googlebot/2.1; +http://www.google.com/bot.html)"
40.77.167.106 - - [10/Aug/2021:16:09:21 +0200] "GET /tweety-golfer-figurine-p-35356.html HTTP/1.0" 200 72838 "-" "Mozilla/5.0 (compatible; bingbot/2.0; +http://www.bing.com/bingbot.htm)"
54.36.148.242 - - [10/Aug/2021:16:09:38 +0200] "GET /peugeot-large-metal-plate-deco-p-26442.html HTTP/1.0" 200 72869 "-" "Mozilla/5.0 (compatible; AhrefsBot/7.0; +http://ahrefs.com/robot/)"
66.249.66.218 - - [10/Aug/2021:16:09:45 +0200] "GET /chicago-retro-ottoman-storage-p-50175.html HTTP/1.0" 200 73691 "-" "Mozilla/5.0 (compatible; Googlebot/2.1; +http://www.google.com/bot.html)"
157.55.39.5 - - [10/Aug/2021:16:09:51 +0200] "GET /-p-39316.html HTTP/1.0" 200 70200 "-" "Mozilla/5.0 (compatible; bingbot/2.0; +http://www.bing.com/bingbot.htm)"
54.36.149.37 - - [10/Aug/2021:16:10:05 +0200] "GET /wooden-tray-with-handles-40-cm-p-49701.html HTTP/1.0" 301 73105 "-" "Mozilla/5.0 (compatible; AhrefsBot/7.0; +http://ahrefs.com/robot/)"
106.38.241.171 - - [10/Aug/2021:16:10:14 +0200] "GET / HTTP/1.0" 200 150894 "-" "Sogou web spider/4.0(+http://www.sogou.com/docs/help/webmasters.htm#07)"
66.249.66.218 - - [10/Aug/2021:16:10:18 +0200] "GET /cold-beer-retro-ottoman-storage-p-40927.html HTTP/1.0" 200 73078 "-" "Mozilla/5.0 (compatible; Googlebot/2.1; +http://www.google.com/bot.html)"
54.36.148.242 - - [10/Aug/2021:16:10:47 +0200] "GET /cast-iron-wall-bell-p-46494.html HTTP/1.0" 200 72883 "-" "Mozilla/5.0 (compatible; AhrefsBot/7.0; +http://ahrefs.com/robot/)"
40.77.167.106 - - [10/Aug/2021:16:10:52 +0200] "GET /-p-18144.html HTTP/1.0" 200 70200 "-" "Mozilla/5.0 (compatible; bingbot/2.0; +http://www.bing.com/bingbot.htm)"
66.249.66.216 - - [10/Aug/2021:16:10:56 +0200] "GET /industrial-pouf-storage-large-size-only-p-48579.html HTTP/1.0" 200 73804 "-" "Mozilla/5.0 (compatible; Googlebot/2.1; +http://www.google.com/bot.html)"
157.55.39.5 - - [10/Aug/2021:16:11:01 +0200] "GET /images/big_prod/3609810063228.jpg HTTP/1.0" 200 268 "-" "Mozilla/5.0 (compatible; bingbot/2.0; +http://www.bing.com/bingbot.htm)"
157.55.39.5 - - [10/Aug/2021:16:11:12 +0200] "GET /strawberry-shortcake-embroidered-vest-p-36364.html HTTP/1.0" 200 74214 "-" "Mozilla/5.0 (compatible; bingbot/2.0; +http://www.bing.com/bingbot.htm)"
207.46.13.175 - - [10/Aug/2021:16:11:39 +0200] "GET /swfobject.js HTTP/1.0" 404 1308 "-" "Mozilla/5.0 (compatible; bingbot/2.0; +http://www.bing.com/bingbot.htm)"
207.46.13.175 - - [10/Aug/2021:16:11:40 +0200] "GET /amazon-love-glasses-case-light-pink-p-50268.html HTTP/1.0" 200 73971 "-" "Mozilla/5.0 (compatible; bingbot/2.0; +http://www.bing.com/bingbot.htm)"
157.55.39.122 - - [10/Aug/2021:16:11:43 +0200] "GET /beyblade-blue-swimsuit-p-30445.html HTTP/1.0" 200 73997 "-" "Mozilla/5.0 (compatible; bingbot/2.0; +http://www.bing.com/bingbot.htm)"
185.191.171.5 - - [10/Aug/2021:16:11:51 +0200] "GET /glass-cutting-board-cbkreation-p-51286.html?action=add_product HTTP/1.0" 302 476 "-" "Mozilla/5.0 (compatible; SemrushBot/7~bl; +http://www.semrush.com/bot.html)"
54.36.148.242 - - [10/Aug/2021:16:11:54 +0200] "GET /alarm-clock-dubout-cats-alignement-p-38716.html HTTP/1.0" 200 73104 "-" "Mozilla/5.0 (compatible; AhrefsBot/7.0; +http://ahrefs.com/robot/)"
157.55.39.44 - - [10/Aug/2021:16:12:03 +0200] "GET /-p-32148.html HTTP/1.0" 200 70200 "-" "Mozilla/5.0 (compatible; bingbot/2.0; +http://www.bing.com/bingbot.htm)"
66.249.66.216 - - [10/Aug/2021:16:12:04 +0200] "GET /decoration-hippos-p-21332.html HTTP/1.0" 200 72995 "-" "Mozilla/5.0 (compatible; Googlebot/2.1; +http://www.google.com/bot.html)"
205.175.118.47 - - [10/Aug/2021:16:12:10 +0200] "GET /images/mini_prod/3661443611184.jpg HTTP/1.0" 200 269 "-" "python-requests/2.25.1"
157.55.39.51 - - [10/Aug/2021:16:12:18 +0200] "GET /winx-oval-placemat-p-17121.html HTTP/1.0" 200 70281 "-" "Mozilla/5.0 (compatible; bingbot/2.0; +http://www.bing.com/bingbot.htm)"
66.249.66.216 - - [10/Aug/2021:16:12:29 +0200] "GET /marseille-large-cabas-p-39397.html HTTP/1.0" 200 72877 "-" "Mozilla/5.0 (Linux; Android 6.0.1; Nexus 5X Build/MMB29P) AppleWebKit/537.36 (KHTML, like Gecko) Chrome/92.0.4515.119 Mobile Safari/537.36 (compatible; Googlebot/2.1; +http://www.google.com/bot.html)"
157.55.39.122 - - [10/Aug/2021:16:12:43 +0200] "GET /kimmijunior-charly-girly-p-17994.html HTTP/1.0" 200 73229 "-" "Mozilla/5.0 (compatible; bingbot/2.0; +http://www.bing.com/bingbot.htm)"
207.46.13.175 - - [10/Aug/2021:16:12:51 +0200] "GET /-p-14858.html HTTP/1.0" 200 70200 "-" "Mozilla/5.0 (compatible; bingbot/2.0; +http://www.bing.com/bingbot.htm)"
62.210.188.218 - - [10/Aug/2021:16:12:55 +0200] "GET /mater-money-p-15642.html HTTP/1.0" 200 73086 "-" "Mozilla/5.0 (compatible; Barkrowler/0.9; +https://babbar.tech/crawler)"
40.77.167.106 - - [10/Aug/2021:16:12:55 +0200] "GET /peugeot-large-metal-plate-deco-p-34123.html HTTP/1.0" 200 70310 "-" "Mozilla/5.0 (compatible; bingbot/2.0; +http://www.bing.com/bingbot.htm)"
54.36.148.242 - - [10/Aug/2021:16:13:02 +0200] "GET /monster-high-hair-clips-p-19418.html HTTP/1.0" 200 75610 "-" "Mozilla/5.0 (compatible; AhrefsBot/7.0; +http://ahrefs.com/robot/)"
157.55.39.122 - - [10/Aug/2021:16:13:22 +0200] "GET /mickey-mouse-disney-small-suitcase-p-31217.html HTTP/1.0" 200 70361 "-" "Mozilla/5.0 (compatible; bingbot/2.0; +http://www.bing.com/bingbot.htm)"
62.210.188.218 - - [10/Aug/2021:16:13:29 +0200] "GET /egg-cups-c-12_248.html HTTP/1.0" 301 89260 "-" "Mozilla/5.0 (compatible; Barkrowler/0.9; +https://babbar.tech/crawler)"
157.55.39.156 - - [10/Aug/2021:16:13:45 +0200] "GET /-p-35826.html HTTP/1.0" 200 70200 "-" "Mozilla/5.0 (compatible; bingbot/2.0; +http://www.bing.com/bingbot.htm)"
62.210.188.218 - - [10/Aug/2021:16:13:49 +0200] "GET /coasters-p-45664.html HTTP/1.0" 200 70258 "-" "Mozilla/5.0 (compatible; Barkrowler/0.9; +https://babbar.tech/crawler)"
51.68.224.127 - - [10/Aug/2021:16:13:54 +0200] "GET /adminweb/export_orders_xml.php?token=256de2z6edz6ed2z6DFSFsed2zed6zeDSFDSGdzedezfzf&maxorders=10&orderstart=1&status=14&start_date=2018-10-01 HTTP/1.0" 200 285 "-" "GesCom CharlotteBoutik Serveur"
51.68.224.127 - - [10/Aug/2021:16:13:54 +0200] "GET /adminweb/export_orders_xml.php?token=256de2z6edz6ed2z6DFSFsed2zed6zeDSFDSGdzedezfzf&maxorders=10&orderstart=1&status=6&start_date=2018-10-01 HTTP/1.0" 200 28601 "-" "GesCom CharlotteBoutik Serveur"
54.36.148.242 - - [10/Aug/2021:16:14:09 +0200] "GET /bear-laissez-lucie-faire-cushion-cherry-pits-p-42215.html HTTP/1.0" 200 72989 "-" "Mozilla/5.0 (compatible; AhrefsBot/7.0; +http://ahrefs.com/robot/)"
62.210.188.218 - - [10/Aug/2021:16:14:15 +0200] "GET /coasters-p-45665.html HTTP/1.0" 200 72745 "-" "Mozilla/5.0 (compatible; Barkrowler/0.9; +https://babbar.tech/crawler)"
54.36.149.99 - - [10/Aug/2021:16:14:28 +0200] "GET /bunny-night-light-p-50820.html HTTP/1.0" 301 70367 "-" "Mozilla/5.0 (compatible; AhrefsBot/7.0; +http://ahrefs.com/robot/)"
45.164.44.14 - - [10/Aug/2021:16:14:35 +0200] "GET /wp-login.php HTTP/1.0" 404 1308 "-" "Mozilla/5.0 (Windows NT 10.0; WOW64; Trident/7.0; rv:11.0) like Gecko"
62.210.188.218 - - [10/Aug/2021:16:14:35 +0200] "GET /coasters-p-45662.html HTTP/1.0" 200 72745 "-" "Mozilla/5.0 (compatible; Barkrowler/0.9; +https://babbar.tech/crawler)"
45.164.44.14 - - [10/Aug/2021:16:14:36 +0200] "GET /xmlrpc.php HTTP/1.0" 404 1308 "-" "Mozilla/5.0 (Windows NT 10.0; WOW64; Trident/7.0; rv:11.0) like Gecko"
207.46.13.127 - - [10/Aug/2021:16:14:44 +0200] "GET /images/big_prod/3700516272690.jpg HTTP/1.0" 200 268 "-" "Mozilla/5.0 (compatible; bingbot/2.0; +http://www.bing.com/bingbot.htm)"
185.191.171.45 - - [10/Aug/2021:16:14:52 +0200] "GET /scented-candle-rainbow-waves-p-53629.html HTTP/1.0" 200 74139 "-" "Mozilla/5.0 (compatible; SemrushBot/7~bl; +http://www.semrush.com/bot.html)"
62.210.188.218 - - [10/Aug/2021:16:14:54 +0200] "GET /coasters-p-45663.html HTTP/1.0" 200 70258 "-" "Mozilla/5.0 (compatible; Barkrowler/0.9; +https://babbar.tech/crawler)"
157.55.39.44 - - [10/Aug/2021:16:14:54 +0200] "GET /-p-22636.html HTTP/1.0" 200 70200 "-" "Mozilla/5.0 (compatible; bingbot/2.0; +http://www.bing.com/bingbot.htm)"
54.36.148.207 - - [10/Aug/2021:16:15:02 +0200] "GET /decorative-and-useful-fan-little-buddha-p-53309.html HTTP/1.0" 301 73058 "-" "Mozilla/5.0 (compatible; AhrefsBot/7.0; +http://ahrefs.com/robot/)"
62.210.188.218 - - [10/Aug/2021:16:15:13 +0200] "GET /coasters-p-42563.html HTTP/1.0" 200 70258 "-" "Mozilla/5.0 (compatible; Barkrowler/0.9; +https://babbar.tech/crawler)"
207.46.13.127 - - [10/Aug/2021:16:15:14 +0200] "GET /narwhal-nightlight-p-53135.html HTTP/1.0" 200 70270 "-" "Mozilla/5.0 (compatible; bingbot/2.0; +http://www.bing.com/bingbot.htm)"
54.36.148.242 - - [10/Aug/2021:16:15:19 +0200] "GET /adaptable-decorative-caps-c-12_249.html HTTP/1.0" 200 78159 "-" "Mozilla/5.0 (compatible; AhrefsBot/7.0; +http://ahrefs.com/robot/)"
62.210.188.218 - - [10/Aug/2021:16:15:31 +0200] "GET /coasters-p-42564.html HTTP/1.0" 200 72811 "-" "Mozilla/5.0 (compatible; Barkrowler/0.9; +https://babbar.tech/crawler)"
62.210.188.218 - - [10/Aug/2021:16:15:50 +0200] "GET /coasters-c-12_157.html HTTP/1.0" 200 91823 "-" "Mozilla/5.0 (compatible; Barkrowler/0.9; +https://babbar.tech/crawler)"
62.210.188.218 - - [10/Aug/2021:16:16:10 +0200] "GET /studio-pets-p-54197.html HTTP/1.0" 200 73440 "-" "Mozilla/5.0 (compatible; Barkrowler/0.9; +https://babbar.tech/crawler)"
54.36.148.242 - - [10/Aug/2021:16:16:31 +0200] "GET /decorative-pear-resin-p-54037.html HTTP/1.0" 200 73538 "-" "Mozilla/5.0 (compatible; AhrefsBot/7.0; +http://ahrefs.com/robot/)"
62.210.188.218 - - [10/Aug/2021:16:16:32 +0200] "GET /mercedes-benz-p-27592.html HTTP/1.0" 200 72792 "-" "Mozilla/5.0 (compatible; Barkrowler/0.9; +https://babbar.tech/crawler)"
54.36.148.194 - - [10/Aug/2021:16:16:44 +0200] "GET /charmmy-kitty-kids-school-bag-p-14487.html HTTP/1.0" 301 70267 "-" "Mozilla/5.0 (compatible; AhrefsBot/7.0; +http://ahrefs.com/robot/)"
62.210.188.218 - - [10/Aug/2021:16:16:52 +0200] "GET /mercedes-benz-p-27594.html HTTP/1.0" 200 72518 "-" "Mozilla/5.0 (compatible; Barkrowler/0.9; +https://babbar.tech/crawler)"
185.191.171.14 - - [10/Aug/2021:16:16:59 +0200] "GET /retro-blue-eyeglass-case-p-30016.html HTTP/1.0" 200 70286 "-" "Mozilla/5.0 (compatible; SemrushBot/7~bl; +http://www.semrush.com/bot.html)"
185.191.171.26 - - [10/Aug/2021:16:17:03 +0200] "GET /bucolic-atmosphere-rectangulary-cushion-by-cbkreation-p-49144.html HTTP/1.0" 301 70515 "-" "Mozilla/5.0 (compatible; SemrushBot/7~bl; +http://www.semrush.com/bot.html)"
185.191.171.44 - - [10/Aug/2021:16:17:06 +0200] "GET /bucolic-atmosphere-rectangulary-cushion-cbkreation-p-49144.html HTTP/1.0" 200 70398 "-" "Mozilla/5.0 (compatible; SemrushBot/7~bl; +http://www.semrush.com/bot.html)"
