157.55.39.122 - - [10/Aug/2021:13:54:59 +0200] "GET /rectangular-indoor-carpet-p-43511.html HTTP/1.0" 200 73660 "-" "Mozilla/5.0 (compatible; bingbot/2.0; +http://www.bing.com/bingbot.htm)"
66.249.66.220 - - [10/Aug/2021:13:55:02 +0200] "GET /images/big_prod/3453131158978.jpg HTTP/1.0" 200 268 "-" "Googlebot-Image/1.0"
62.210.188.218 - - [10/Aug/2021:13:55:11 +0200] "GET /towel-p-6174.html HTTP/1.0" 200 70222 "-" "Mozilla/5.0 (compatible; Barkrowler/0.9; +https://babbar.tech/crawler)"
192.99.5.228 - - [10/Aug/2021:13:55:29 +0200] "GET /-p-41775.html HTTP/1.0" 200 70200 "-" "Mozilla/5.0 (compatible; MJ12bot/v1.4.8; http://mj12bot.com/)"
62.210.188.218 - - [10/Aug/2021:13:55:29 +0200] "GET /underclothes-c-1_25.html HTTP/1.0" 200 69126 "-" "Mozilla/5.0 (compatible; Barkrowler/0.9; +https://babbar.tech/crawler)"
62.210.188.218 - - [10/Aug/2021:13:55:48 +0200] "GET /shop-c-155.html?page=3 HTTP/1.0" 200 78759 "-" "Mozilla/5.0 (compatible; Barkrowler/0.9; +https://babbar.tech/crawler)"
62.210.188.218 - - [10/Aug/2021:13:56:05 +0200] "GET /shop-c-155.html?page=2 HTTP/1.0" 200 89460 "-" "Mozilla/5.0 (compatible; Barkrowler/0.9; +https://babbar.tech/crawler)"
207.46.13.175 - - [10/Aug/2021:13:56:16 +0200] "GET /bohemian-ethnic-style-burlap-table-p-47329.html HTTP/1.0" 200 73516 "-" "Mozilla/5.0 (compatible; bingbot/2.0; +http://www.bing.com/bingbot.htm)"
62.210.188.218 - - [10/Aug/2021:13:56:23 +0200] "GET /shop-c-155.html?page=1 HTTP/1.0" 200 88938 "-" "Mozilla/5.0 (compatible; Barkrowler/0.9; +https://babbar.tech/crawler)"
192.99.5.228 - - [10/Aug/2021:13:56:24 +0200] "GET /sexy-bob-pink-cover-ipad-and-tablets-p-17614.html HTTP/1.0" 301 75753 "-" "Mozilla/5.0 (compatible; MJ12bot/v1.4.8; http://mj12bot.com/)"
207.46.13.127 - - [10/Aug/2021:13:56:41 +0200] "GET /white-bird-table-lamp-p-38248.html HTTP/1.0" 200 70296 "-" "Mozilla/5.0 (compatible; bingbot/2.0; +http://www.bing.com/bingbot.htm)"
62.210.188.218 - - [10/Aug/2021:13:56:49 +0200] "GET /plates-cups-c-58.html HTTP/1.0" 301 79672 "-" "Mozilla/5.0 (compatible; Barkrowler/0.9; +https://babbar.tech/crawler)"
207.46.13.175 - - [10/Aug/2021:13:56:58 +0200] "GET /finding-dory-homework-notebooks-p-40846.html HTTP/1.0" 200 73226 "-" "Mozilla/5.0 (compatible; bingbot/2.0; +http://www.bing.com/bingbot.htm)"
62.210.188.218 - - [10/Aug/2021:13:57:07 +0200] "GET /boxes-storage-c-150.html HTTP/1.0" 301 94498 "-" "Mozilla/5.0 (compatible; Barkrowler/0.9; +https://babbar.tech/crawler)"
157.55.39.122 - - [10/Aug/2021:13:57:09 +0200] "GET /images/med_prod/1300010241196.jpg HTTP/1.0" 200 268 "-" "Mozilla/5.0 (compatible; bingbot/2.0; +http://www.bing.com/bingbot.htm)"
192.99.5.228 - - [10/Aug/2021:13:57:10 +0200] "GET /sexy-pink-cover-ipad-tablets-p-17614.html HTTP/1.0" 200 75658 "-" "Mozilla/5.0 (compatible; MJ12bot/v1.4.8; http://mj12bot.com/)"
66.249.66.216 - - [10/Aug/2021:13:57:15 +0200] "GET /minions-all-naturel-poster-p-32315.html HTTP/1.0" 301 72968 "-" "Mozilla/5.0 (compatible; Googlebot/2.1; +http://www.google.com/bot.html)"
66.249.66.218 - - [10/Aug/2021:13:57:16 +0200] "GET /minions-naturel-poster-p-32315.html HTTP/1.0" 200 72879 "-" "Mozilla/5.0 (compatible; Googlebot/2.1; +http://www.google.com/bot.html)"
185.191.171.1 - - [10/Aug/2021:13:57:17 +0200] "GET /incense-satya-myrrh-grams-about-sticks-p-54219.html HTTP/1.0" 200 73382 "-" "Mozilla/5.0 (compatible; SemrushBot/7~bl; +http://www.semrush.com/bot.html)"
62.210.188.218 - - [10/Aug/2021:13:57:25 +0200] "GET /american-p-33079.html HTTP/1.0" 200 72812 "-" "Mozilla/5.0 (compatible; Barkrowler/0.9; +https://babbar.tech/crawler)"
192.99.5.228 - - [10/Aug/2021:13:57:36 +0200] "GET /sexy-pink-cover-ipad-tablets-p-17614.html HTTP/1.0" 200 75658 "-" "Mozilla/5.0 (compatible; MJ12bot/v1.4.8; http://mj12bot.com/)"
62.210.188.218 - - [10/Aug/2021:13:57:44 +0200] "GET /hairbrushes-c-3_203.html HTTP/1.0" 200 89084 "-" "Mozilla/5.0 (compatible; Barkrowler/0.9; +https://babbar.tech/crawler)"
157.55.39.5 - - [10/Aug/2021:13:57:49 +0200] "GET /-p-30844.html HTTP/1.0" 200 70200 "-" "Mozilla/5.0 (compatible; bingbot/2.0; +http://www.bing.com/bingbot.htm)"
185.191.171.13 - - [10/Aug/2021:13:57:51 +0200] "GET /holders-c-13_150_201.html HTTP/1.0" 200 85611 "-" "Mozilla/5.0 (compatible; SemrushBot/7~bl; +http://www.semrush.com/bot.html)"
103.159.163.4 - - [10/Aug/2021:13:57:58 +0200] "GET /contact_us.php HTTP/1.0" 200 26241 "http://www.wonder-geek.com/contact_us.php" "Mozilla/5.0 (Windows NT 10.0; Win64; x64) AppleWebKit/537.36 (KHTML, like Gecko) Chrome/83.0.4103.44 Safari/537.36 OPR/69.0.3686.7 (Edition beta)"
54.36.148.149 - - [10/Aug/2021:13:57:59 +0200] "GET /turn-table-recorder-p-24895.html HTTP/1.0" 301 70267 "-" "Mozilla/5.0 (compatible; AhrefsBot/7.0; +http://ahrefs.com/robot/)"
62.210.188.218 - - [10/Aug/2021:13:58:03 +0200] "GET /rubbers-p-13881.html HTTP/1.0" 200 73161 "-" "Mozilla/5.0 (compatible; Barkrowler/0.9; +https://babbar.tech/crawler)"
103.159.163.4 - - [10/Aug/2021:13:58:03 +0200] "POST /contact_us.php?action=send HTTP/1.0" 200 26479 "http://www.wonder-geek.com/contact_us.php" "Mozilla/5.0 (Windows NT 10.0; Win64; x64) AppleWebKit/537.36 (KHTML, like Gecko) Chrome/83.0.4103.44 Safari/537.36 OPR/69.0.3686.7 (Edition beta)"
207.46.13.101 - - [10/Aug/2021:13:58:06 +0200] "GET /dragon-ball-photo-frame-canvas-p-2373.html HTTP/1.0" 200 72915 "-" "Mozilla/5.0 (compatible; bingbot/2.0; +http://www.bing.com/bingbot.htm)"
147.92.153.3 - - [10/Aug/2021:13:58:07 +0200] "GET /mini-melamine-tray-p-55847.html HTTP/1.0" 200 72894 "-" "Mozilla/5.0 (compatible; Linespider/1.1; +https://lin.ee/4dwXkTH)"
192.99.5.228 - - [10/Aug/2021:13:58:11 +0200] "GET /shell-coffee-box-p-39713.html HTTP/1.0" 301 70342 "-" "Mozilla/5.0 (compatible; MJ12bot/v1.4.8; http://mj12bot.com/)"
157.55.39.122 - - [10/Aug/2021:13:58:11 +0200] "GET /unicorns-light-garland-p-53144.html HTTP/1.0" 301 70267 "-" "Mozilla/5.0 (compatible; bingbot/2.0; +http://www.bing.com/bingbot.htm)"
157.55.39.122 - - [10/Aug/2021:13:58:13 +0200] "GET /mini-metal-tray-citron-type-p-35255.html HTTP/1.0" 200 72994 "-" "Mozilla/5.0 (compatible; bingbot/2.0; +http://www.bing.com/bingbot.htm)"
207.46.13.175 - - [10/Aug/2021:13:58:16 +0200] "GET /images/big_prod_1/4250255859472a.jpg HTTP/1.0" 200 271 "-" "Mozilla/5.0 (compatible; bingbot/2.0; +http://www.bing.com/bingbot.htm)"
62.210.188.218 - - [10/Aug/2021:13:58:21 +0200] "GET /flatwares-c-12_63.html HTTP/1.0" 200 89454 "-" "Mozilla/5.0 (compatible; Barkrowler/0.9; +https://babbar.tech/crawler)"
207.46.13.127 - - [10/Aug/2021:13:58:21 +0200] "GET /gorjuss-heart-shaped-walk-together-p-49475.html HTTP/1.0" 200 73878 "-" "Mozilla/5.0 (compatible; bingbot/2.0; +http://www.bing.com/bingbot.htm)"
185.191.171.1 - - [10/Aug/2021:13:58:28 +0200] "GET /vase-dolomite-ocher-yellow-finish-p-55115.html HTTP/1.0" 200 73915 "-" "Mozilla/5.0 (compatible; SemrushBot/7~bl; +http://www.semrush.com/bot.html)"
62.210.188.218 - - [10/Aug/2021:13:58:39 +0200] "GET /saucer-p-53821.html HTTP/1.0" 200 72786 "-" "Mozilla/5.0 (compatible; Barkrowler/0.9; +https://babbar.tech/crawler)"
192.99.5.228 - - [10/Aug/2021:13:58:54 +0200] "GET /shell-coffee-p-39713.html HTTP/1.0" 200 70263 "-" "Mozilla/5.0 (compatible; MJ12bot/v1.4.8; http://mj12bot.com/)"
185.191.171.12 - - [10/Aug/2021:13:58:58 +0200] "GET /jack-daniel-rectangular-mirror-p-37743.html?action=add_product HTTP/1.0" 302 476 "-" "Mozilla/5.0 (compatible; SemrushBot/7~bl; +http://www.semrush.com/bot.html)"
62.210.188.218 - - [10/Aug/2021:13:58:59 +0200] "GET /saucer-p-53819.html HTTP/1.0" 200 72786 "-" "Mozilla/5.0 (compatible; Barkrowler/0.9; +https://babbar.tech/crawler)"
185.191.171.19 - - [10/Aug/2021:13:59:10 +0200] "GET /cement-tile-stickers-p-50328.html?action=add_product HTTP/1.0" 302 476 "-" "Mozilla/5.0 (compatible; SemrushBot/7~bl; +http://www.semrush.com/bot.html)"
62.210.188.218 - - [10/Aug/2021:13:59:17 +0200] "GET /saucer-p-53823.html HTTP/1.0" 200 72786 "-" "Mozilla/5.0 (compatible; Barkrowler/0.9; +https://babbar.tech/crawler)"
192.99.5.228 - - [10/Aug/2021:13:59:28 +0200] "GET /shell-coffee-p-39713.html HTTP/1.0" 200 70263 "-" "Mozilla/5.0 (compatible; MJ12bot/v1.4.8; http://mj12bot.com/)"
62.210.188.218 - - [10/Aug/2021:13:59:34 +0200] "GET /saucer-p-53820.html HTTP/1.0" 200 72785 "-" "Mozilla/5.0 (compatible; Barkrowler/0.9; +https://babbar.tech/crawler)"
157.55.39.5 - - [10/Aug/2021:13:59:39 +0200] "GET /huey-figurine-p-20561.html HTTP/1.0" 200 72863 "-" "Mozilla/5.0 (compatible; bingbot/2.0; +http://www.bing.com/bingbot.htm)"
185.191.171.24 - - [10/Aug/2021:13:59:43 +0200] "GET /monster-high-mini-led-keychain-flashlight-white-p-17848.html HTTP/1.0" 301 73244 "-" "Mozilla/5.0 (compatible; SemrushBot/7~bl; +http://www.semrush.com/bot.html)"
185.191.171.15 - - [10/Aug/2021:13:59:46 +0200] "GET /monster-high-mini-keychain-flashlight-white-p-17848.html HTTP/1.0" 200 73134 "-" "Mozilla/5.0 (compatible; SemrushBot/7~bl; +http://www.semrush.com/bot.html)"
54.36.148.242 - - [10/Aug/2021:13:59:57 +0200] "GET /cushion-headboard-c-11_173.html?page=2 HTTP/1.0" 200 79241 "-" "Mozilla/5.0 (compatible; AhrefsBot/7.0; +http://ahrefs.com/robot/)"
157.55.39.156 - - [10/Aug/2021:14:00:01 +0200] "GET /daisy-duck-small-cosmetic-pouch-p-28835.html HTTP/1.0" 200 72984 "-" "Mozilla/5.0 (compatible; bingbot/2.0; +http://www.bing.com/bingbot.htm)"
62.210.188.218 - - [10/Aug/2021:14:00:03 +0200] "GET /sleepwear-c-2_42.html HTTP/1.0" 200 69115 "-" "Mozilla/5.0 (compatible; Barkrowler/0.9; +https://babbar.tech/crawler)"
157.55.39.44 - - [10/Aug/2021:14:00:10 +0200] "GET /-p-9387.html HTTP/1.0" 200 70198 "-" "Mozilla/5.0 (compatible; bingbot/2.0; +http://www.bing.com/bingbot.htm)"
192.99.5.228 - - [10/Aug/2021:14:00:11 +0200] "GET /shiny-skull-moneybox-p-45237.html HTTP/1.0" 200 72811 "-" "Mozilla/5.0 (compatible; MJ12bot/v1.4.8; http://mj12bot.com/)"
62.210.188.218 - - [10/Aug/2021:14:00:22 +0200] "GET /simpsons-p-27551.html HTTP/1.0" 200 72805 "-" "Mozilla/5.0 (compatible; Barkrowler/0.9; +https://babbar.tech/crawler)"
62.210.188.218 - - [10/Aug/2021:14:00:44 +0200] "GET /simpsons-p-27555.html HTTP/1.0" 200 72788 "-" "Mozilla/5.0 (compatible; Barkrowler/0.9; +https://babbar.tech/crawler)"
192.99.5.228 - - [10/Aug/2021:14:00:58 +0200] "GET /shiny-skull-moneybox-p-45238.html HTTP/1.0" 200 72834 "-" "Mozilla/5.0 (compatible; MJ12bot/v1.4.8; http://mj12bot.com/)"
62.210.188.218 - - [10/Aug/2021:14:01:05 +0200] "GET /simpsons-p-27554.html HTTP/1.0" 200 72805 "-" "Mozilla/5.0 (compatible; Barkrowler/0.9; +https://babbar.tech/crawler)"
62.210.188.218 - - [10/Aug/2021:14:01:23 +0200] "GET /simpsons-p-27553.html HTTP/1.0" 200 72805 "-" "Mozilla/5.0 (compatible; Barkrowler/0.9; +https://babbar.tech/crawler)"
185.191.171.23 - - [10/Aug/2021:14:01:27 +0200] "GET /metal-rests-flat-p-43894.html?action=add_product HTTP/1.0" 302 476 "-" "Mozilla/5.0 (compatible; SemrushBot/7~bl; +http://www.semrush.com/bot.html)"
192.99.5.228 - - [10/Aug/2021:14:01:28 +0200] "GET /shooters-and-their-resin-display-stand-p-42771.html HTTP/1.0" 301 73093 "-" "Mozilla/5.0 (compatible; MJ12bot/v1.4.8; http://mj12bot.com/)"
40.77.167.106 - - [10/Aug/2021:14:01:39 +0200] "GET /-p-7324.html HTTP/1.0" 200 70198 "-" "Mozilla/5.0 (compatible; bingbot/2.0; +http://www.bing.com/bingbot.htm)"
62.210.188.218 - - [10/Aug/2021:14:01:42 +0200] "GET /smiley-p-16722.html HTTP/1.0" 200 72709 "-" "Mozilla/5.0 (compatible; Barkrowler/0.9; +https://babbar.tech/crawler)"
62.210.188.218 - - [10/Aug/2021:14:02:01 +0200] "GET /flin-p-49539.html HTTP/1.0" 200 72684 "-" "Mozilla/5.0 (compatible; Barkrowler/0.9; +https://babbar.tech/crawler)"
192.99.5.228 - - [10/Aug/2021:14:02:16 +0200] "GET /shooters-their-resin-display-stand-p-42771.html HTTP/1.0" 200 72992 "-" "Mozilla/5.0 (compatible; MJ12bot/v1.4.8; http://mj12bot.com/)"
62.210.188.218 - - [10/Aug/2021:14:02:20 +0200] "GET /owls-p-27605.html HTTP/1.0" 200 70223 "-" "Mozilla/5.0 (compatible; Barkrowler/0.9; +https://babbar.tech/crawler)"
157.55.39.156 - - [10/Aug/2021:14:02:41 +0200] "GET /playboy-glitter-cherry-berry-towel-p-18301.html HTTP/1.0" 301 70267 "-" "Mozilla/5.0 (compatible; bingbot/2.0; +http://www.bing.com/bingbot.htm)"
62.210.188.218 - - [10/Aug/2021:14:02:41 +0200] "GET /owls-p-27633.html HTTP/1.0" 200 72675 "-" "Mozilla/5.0 (compatible; Barkrowler/0.9; +https://babbar.tech/crawler)"
40.77.167.106 - - [10/Aug/2021:14:03:00 +0200] "GET /plush-keeleco-eco-friendly-panda-p-51846.html HTTP/1.0" 301 74188 "-" "Mozilla/5.0 (compatible; bingbot/2.0; +http://www.bing.com/bingbot.htm)"
40.77.167.106 - - [10/Aug/2021:14:03:01 +0200] "GET /-p-16212.html HTTP/1.0" 200 70200 "-" "Mozilla/5.0 (compatible; bingbot/2.0; +http://www.bing.com/bingbot.htm)"
17.121.114.146 - - [10/Aug/2021:14:03:03 +0200] "GET /photo-frames-and-memo-clips-c-13_132.html HTTP/1.0" 301 90712 "-" "Mozilla/5.0 (Macintosh; Intel Mac OS X 10_15_5) AppleWebKit/605.1.15 (KHTML, like Gecko) Version/13.1.1 Safari/605.1.15 (Applebot/0.1; +http://www.apple.com/go/applebot)"
17.121.114.146 - - [10/Aug/2021:14:03:04 +0200] "GET /photo-frames-memo-clips-c-132.html HTTP/1.0" 301 90589 "-" "Mozilla/5.0 (Macintosh; Intel Mac OS X 10_15_5) AppleWebKit/605.1.15 (KHTML, like Gecko) Version/13.1.1 Safari/605.1.15 (Applebot/0.1; +http://www.apple.com/go/applebot)"
62.210.188.218 - - [10/Aug/2021:14:03:03 +0200] "GET /owls-p-27604.html HTTP/1.0" 200 70214 "-" "Mozilla/5.0 (compatible; Barkrowler/0.9; +https://babbar.tech/crawler)"
17.121.114.146 - - [10/Aug/2021:14:03:05 +0200] "GET /photo-frames-memo-clips-c-13_132.html HTTP/1.0" 200 90624 "-" "Mozilla/5.0 (Macintosh; Intel Mac OS X 10_15_5) AppleWebKit/605.1.15 (KHTML, like Gecko) Version/13.1.1 Safari/605.1.15 (Applebot/0.1; +http://www.apple.com/go/applebot)"
192.99.5.228 - - [10/Aug/2021:14:03:05 +0200] "GET /shooters-their-resin-display-stand-p-42771.html HTTP/1.0" 200 72992 "-" "Mozilla/5.0 (compatible; MJ12bot/v1.4.8; http://mj12bot.com/)"
62.210.188.218 - - [10/Aug/2021:14:03:27 +0200] "GET /owls-p-27606.html HTTP/1.0" 200 72685 "-" "Mozilla/5.0 (compatible; Barkrowler/0.9; +https://babbar.tech/crawler)"
157.55.39.156 - - [10/Aug/2021:14:03:31 +0200] "GET /-p-18059.html HTTP/1.0" 200 70200 "-" "Mozilla/5.0 (compatible; bingbot/2.0; +http://www.bing.com/bingbot.htm)"
40.77.167.106 - - [10/Aug/2021:14:03:39 +0200] "GET /corsica-large-cabas-p-39319.html HTTP/1.0" 200 72857 "-" "Mozilla/5.0 (compatible; bingbot/2.0; +http://www.bing.com/bingbot.htm)"
207.46.13.101 - - [10/Aug/2021:14:03:48 +0200] "GET /totally-spies-swimsuit-p-30420.html HTTP/1.0" 200 73996 "-" "Mozilla/5.0 (compatible; bingbot/2.0; +http://www.bing.com/bingbot.htm)"
62.210.188.218 - - [10/Aug/2021:14:03:49 +0200] "GET /statue-p-42280.html HTTP/1.0" 200 72826 "-" "Mozilla/5.0 (compatible; Barkrowler/0.9; +https://babbar.tech/crawler)"
51.68.224.127 - - [10/Aug/2021:14:03:50 +0200] "GET /adminweb/export_orders_xml.php?token=256de2z6edz6ed2z6DFSFsed2zed6zeDSFDSGdzedezfzf&maxorders=10&orderstart=1&status=14&start_date=2018-10-01 HTTP/1.0" 200 285 "-" "GesCom CharlotteBoutik Serveur"
51.68.224.127 - - [10/Aug/2021:14:03:50 +0200] "GET /adminweb/export_orders_xml.php?token=256de2z6edz6ed2z6DFSFsed2zed6zeDSFDSGdzedezfzf&maxorders=10&orderstart=1&status=6&start_date=2018-10-01 HTTP/1.0" 200 28601 "-" "GesCom CharlotteBoutik Serveur"
185.191.171.6 - - [10/Aug/2021:14:03:52 +0200] "GET /robots.txt HTTP/1.0" 200 245 "-" "Mozilla/5.0 (compatible; SemrushBot/7~bl; +http://www.semrush.com/bot.html)"
185.191.171.39 - - [10/Aug/2021:14:03:52 +0200] "GET /petsy-terracotta-planter-grey-p-55324.html HTTP/1.0" 200 73604 "-" "Mozilla/5.0 (compatible; SemrushBot/7~bl; +http://www.semrush.com/bot.html)"
66.249.66.218 - - [10/Aug/2021:14:04:03 +0200] "GET /pencil-case-turning-into-pencil-bear-p-49226.html HTTP/1.0" 200 74111 "-" "Mozilla/5.0 (compatible; Googlebot/2.1; +http://www.google.com/bot.html)"
157.55.39.44 - - [10/Aug/2021:14:04:10 +0200] "GET /-p-8028.html HTTP/1.0" 200 70198 "-" "Mozilla/5.0 (compatible; bingbot/2.0; +http://www.bing.com/bingbot.htm)"
185.191.171.14 - - [10/Aug/2021:14:04:11 +0200] "GET /apro-recrute-coasters-p-54549.html HTTP/1.0" 200 73487 "-" "Mozilla/5.0 (compatible; SemrushBot/7~bl; +http://www.semrush.com/bot.html)"
62.210.188.218 - - [10/Aug/2021:14:04:10 +0200] "GET /tray-p-45566.html HTTP/1.0" 200 72788 "-" "Mozilla/5.0 (compatible; Barkrowler/0.9; +https://babbar.tech/crawler)"
192.99.5.228 - - [10/Aug/2021:14:04:16 +0200] "GET /shopping-bag-mani-the-lucky-cat-black-p-37347.html HTTP/1.0" 301 70267 "-" "Mozilla/5.0 (compatible; MJ12bot/v1.4.8; http://mj12bot.com/)"
185.191.171.44 - - [10/Aug/2021:14:04:26 +0200] "GET /le-rendez-vous-des-bons-amis-clock-28-cm-p-45025.html HTTP/1.0" 301 73063 "-" "Mozilla/5.0 (compatible; SemrushBot/7~bl; +http://www.semrush.com/bot.html)"
185.191.171.26 - - [10/Aug/2021:14:04:28 +0200] "GET /rendez-vous-bons-amis-clock-p-45025.html HTTP/1.0" 200 72969 "-" "Mozilla/5.0 (compatible; SemrushBot/7~bl; +http://www.semrush.com/bot.html)"
62.210.188.218 - - [10/Aug/2021:14:04:31 +0200] "GET /bamboo-p-49517.html HTTP/1.0" 200 70234 "-" "Mozilla/5.0 (compatible; Barkrowler/0.9; +https://babbar.tech/crawler)"
185.191.171.18 - - [10/Aug/2021:14:04:36 +0200] "GET /breakfast-c-12_61.html?page=7 HTTP/1.0" 200 83303 "-" "Mozilla/5.0 (compatible; SemrushBot/7~bl; +http://www.semrush.com/bot.html)"
207.46.13.175 - - [10/Aug/2021:14:04:48 +0200] "GET /-p-24517.html HTTP/1.0" 200 70200 "-" "Mozilla/5.0 (compatible; bingbot/2.0; +http://www.bing.com/bingbot.htm)"
62.210.188.218 - - [10/Aug/2021:14:04:51 +0200] "GET /cats-p-48609.html HTTP/1.0" 200 72705 "-" "Mozilla/5.0 (compatible; Barkrowler/0.9; +https://babbar.tech/crawler)"
192.99.5.228 - - [10/Aug/2021:14:04:53 +0200] "GET /-p-37347.html HTTP/1.0" 200 70200 "-" "Mozilla/5.0 (compatible; MJ12bot/v1.4.8; http://mj12bot.com/)"
207.46.13.127 - - [10/Aug/2021:14:05:01 +0200] "GET /harley-davidson-small-metal-plate-p-29712.html HTTP/1.0" 200 70322 "-" "Mozilla/5.0 (compatible; bingbot/2.0; +http://www.bing.com/bingbot.htm)"
62.210.188.218 - - [10/Aug/2021:14:05:10 +0200] "GET /provence-p-44539.html HTTP/1.0" 200 72751 "-" "Mozilla/5.0 (compatible; Barkrowler/0.9; +https://babbar.tech/crawler)"
207.46.13.127 - - [10/Aug/2021:14:05:11 +0200] "GET /hello-kitty-turquoise-magnet-p-9458.html HTTP/1.0" 200 72821 "-" "Mozilla/5.0 (compatible; bingbot/2.0; +http://www.bing.com/bingbot.htm)"
207.46.13.175 - - [10/Aug/2021:14:05:17 +0200] "GET /swfobject.js HTTP/1.0" 404 1308 "-" "Mozilla/5.0 (compatible; bingbot/2.0; +http://www.bing.com/bingbot.htm)"
54.36.148.242 - - [10/Aug/2021:14:05:18 +0200] "GET /volkswagen-bulli-large-metal-plate-deco-p-33722.html HTTP/1.0" 200 72967 "-" "Mozilla/5.0 (compatible; AhrefsBot/7.0; +http://ahrefs.com/robot/)"
207.46.13.101 - - [10/Aug/2021:14:05:21 +0200] "GET /gorjuss-awashed-mousepad-p-24486.html HTTP/1.0" 200 70497 "-" "Mozilla/5.0 (compatible; bingbot/2.0; +http://www.bing.com/bingbot.htm)"
62.210.188.218 - - [10/Aug/2021:14:05:31 +0200] "GET /provence-p-29474.html HTTP/1.0" 200 72714 "-" "Mozilla/5.0 (compatible; Barkrowler/0.9; +https://babbar.tech/crawler)"
192.99.5.228 - - [10/Aug/2021:14:05:33 +0200] "GET /shopping-bag-mani-the-lucky-cat-fuchsia-p-37346.html HTTP/1.0" 301 70267 "-" "Mozilla/5.0 (compatible; MJ12bot/v1.4.8; http://mj12bot.com/)"
40.77.167.106 - - [10/Aug/2021:14:05:49 +0200] "GET /-p-23714.html HTTP/1.0" 200 70200 "-" "Mozilla/5.0 (compatible; bingbot/2.0; +http://www.bing.com/bingbot.htm)"
62.210.188.218 - - [10/Aug/2021:14:05:50 +0200] "GET /stickers-p-32990.html HTTP/1.0" 200 72766 "-" "Mozilla/5.0 (compatible; Barkrowler/0.9; +https://babbar.tech/crawler)"
185.191.171.36 - - [10/Aug/2021:14:05:53 +0200] "GET /zen-wooden-wall-decoration-to-hang-30-40-cm-p-41532.html HTTP/1.0" 301 73174 "-" "Mozilla/5.0 (compatible; SemrushBot/7~bl; +http://www.semrush.com/bot.html)"
185.191.171.20 - - [10/Aug/2021:14:05:56 +0200] "GET /wooden-wall-decoration-hang-p-41532.html HTTP/1.0" 200 73080 "-" "Mozilla/5.0 (compatible; SemrushBot/7~bl; +http://www.semrush.com/bot.html)"
192.99.5.228 - - [10/Aug/2021:14:06:08 +0200] "GET /-p-37346.html HTTP/1.0" 200 70200 "-" "Mozilla/5.0 (compatible; MJ12bot/v1.4.8; http://mj12bot.com/)"
106.38.241.171 - - [10/Aug/2021:14:06:14 +0200] "GET / HTTP/1.0" 200 151362 "-" "Sogou web spider/4.0(+http://www.sogou.com/docs/help/webmasters.htm#07)"
62.210.188.218 - - [10/Aug/2021:14:06:20 +0200] "GET /stickers-p-35379.html HTTP/1.0" 200 73558 "-" "Mozilla/5.0 (compatible; Barkrowler/0.9; +https://babbar.tech/crawler)"
157.55.39.44 - - [10/Aug/2021:14:06:30 +0200] "GET /light-holder-pentacle-black-soapstone-wicca-p-44680.html HTTP/1.0" 200 74565 "-" "Mozilla/5.0 (compatible; bingbot/2.0; +http://www.bing.com/bingbot.htm)"
207.46.13.39 - - [10/Aug/2021:14:06:35 +0200] "GET /-p-10235.html HTTP/1.0" 200 70200 "-" "Mozilla/5.0 (compatible; bingbot/2.0; +http://www.bing.com/bingbot.htm)"
192.99.5.228 - - [10/Aug/2021:14:06:36 +0200] "GET /shopping-bag-mani-the-lucky-cat-pink-p-37349.html HTTP/1.0" 301 70267 "-" "Mozilla/5.0 (compatible; MJ12bot/v1.4.8; http://mj12bot.com/)"
62.210.188.218 - - [10/Aug/2021:14:06:41 +0200] "GET /stickers-c-129_50.html HTTP/1.0" 200 87294 "-" "Mozilla/5.0 (compatible; Barkrowler/0.9; +https://babbar.tech/crawler)"
185.191.171.34 - - [10/Aug/2021:14:06:44 +0200] "GET /light-grey-fitted-sheet-p-41413.html HTTP/1.0" 200 72944 "-" "Mozilla/5.0 (compatible; SemrushBot/7~bl; +http://www.semrush.com/bot.html)"
185.191.171.20 - - [10/Aug/2021:14:06:58 +0200] "GET /little-prince-money-p-45850.html HTTP/1.0" 200 72905 "-" "Mozilla/5.0 (compatible; SemrushBot/7~bl; +http://www.semrush.com/bot.html)"
66.249.66.218 - - [10/Aug/2021:14:07:05 +0200] "GET /home-decoration-c-13.html?page=238 HTTP/1.0" 200 93283 "-" "Mozilla/5.0 (Linux; Android 6.0.1; Nexus 5X Build/MMB29P) AppleWebKit/537.36 (KHTML, like Gecko) Chrome/92.0.4515.119 Mobile Safari/537.36 (compatible; Googlebot/2.1; +http://www.google.com/bot.html)"
207.46.13.101 - - [10/Aug/2021:14:07:07 +0200] "GET /images/big_prod/1345544554305.jpg HTTP/1.0" 200 268 "-" "Mozilla/5.0 (compatible; bingbot/2.0; +http://www.bing.com/bingbot.htm)"
54.36.148.178 - - [10/Aug/2021:14:07:16 +0200] "GET /jolly-jiminy-jiminy-cricket-figurine-p-36420.html HTTP/1.0" 301 70267 "-" "Mozilla/5.0 (compatible; AhrefsBot/7.0; +http://ahrefs.com/robot/)"
64.62.252.176 - - [10/Aug/2021:14:07:27 +0200] "GET /robots.txt HTTP/1.0" 200 245 "-" "The Knowledge AI"
64.62.252.176 - - [10/Aug/2021:14:07:28 +0200] "GET /specials.php?page=2 HTTP/1.0" 200 125351 "-" "The Knowledge AI"
185.191.171.10 - - [10/Aug/2021:14:07:28 +0200] "GET /small-box-for-baby-teeth-gold-p-36445.html HTTP/1.0" 301 73079 "-" "Mozilla/5.0 (compatible; SemrushBot/7~bl; +http://www.semrush.com/bot.html)"
185.191.171.37 - - [10/Aug/2021:14:07:30 +0200] "GET /small-baby-teeth-gold-p-36445.html HTTP/1.0" 200 72991 "-" "Mozilla/5.0 (compatible; SemrushBot/7~bl; +http://www.semrush.com/bot.html)"
207.46.13.127 - - [10/Aug/2021:14:07:42 +0200] "GET /-p-19571.html HTTP/1.0" 200 70200 "-" "Mozilla/5.0 (compatible; bingbot/2.0; +http://www.bing.com/bingbot.htm)"
192.99.5.228 - - [10/Aug/2021:14:07:52 +0200] "GET /-p-37349.html HTTP/1.0" 200 70200 "-" "Mozilla/5.0 (compatible; MJ12bot/v1.4.8; http://mj12bot.com/)"
185.191.171.18 - - [10/Aug/2021:14:07:59 +0200] "GET /tetsubin-purple-teapot-sheet-below-p-40238.html?action=add_product HTTP/1.0" 302 476 "-" "Mozilla/5.0 (compatible; SemrushBot/7~bl; +http://www.semrush.com/bot.html)"
207.46.13.127 - - [10/Aug/2021:14:08:02 +0200] "GET /-p-24305.html HTTP/1.0" 200 70200 "-" "Mozilla/5.0 (compatible; bingbot/2.0; +http://www.bing.com/bingbot.htm)"
64.62.252.176 - - [10/Aug/2021:14:08:02 +0200] "GET /specials.php?page=3 HTTP/1.0" 200 124890 "-" "The Knowledge AI"
157.55.39.51 - - [10/Aug/2021:14:08:07 +0200] "GET /images/big_prod/8422001701410.jpg HTTP/1.0" 200 268 "-" "Mozilla/5.0 (compatible; bingbot/2.0; +http://www.bing.com/bingbot.htm)"
185.191.171.34 - - [10/Aug/2021:14:08:14 +0200] "GET /fish-wooden-p-35652.html?action=add_product HTTP/1.0" 302 476 "-" "Mozilla/5.0 (compatible; SemrushBot/7~bl; +http://www.semrush.com/bot.html)"
185.191.171.20 - - [10/Aug/2021:14:08:17 +0200] "GET /fitted-sheet-turquoise-140-190-cm-p-36584.html HTTP/1.0" 301 72984 "-" "Mozilla/5.0 (compatible; SemrushBot/7~bl; +http://www.semrush.com/bot.html)"
185.191.171.45 - - [10/Aug/2021:14:08:19 +0200] "GET /fitted-sheet-turquoise-p-36584.html HTTP/1.0" 200 72895 "-" "Mozilla/5.0 (compatible; SemrushBot/7~bl; +http://www.semrush.com/bot.html)"
64.62.252.176 - - [10/Aug/2021:14:08:22 +0200] "GET /specials.php?page=4 HTTP/1.0" 200 125270 "-" "The Knowledge AI"
207.46.13.175 - - [10/Aug/2021:14:08:28 +0200] "GET /-p-14836.html HTTP/1.0" 200 70200 "-" "Mozilla/5.0 (compatible; bingbot/2.0; +http://www.bing.com/bingbot.htm)"
64.62.252.176 - - [10/Aug/2021:14:08:41 +0200] "GET /specials.php?page=5 HTTP/1.0" 200 125292 "-" "The Knowledge AI"
207.46.13.39 - - [10/Aug/2021:14:08:45 +0200] "GET /toro-tapas-feria-little-tray-p-34395.html HTTP/1.0" 200 72935 "-" "Mozilla/5.0 (compatible; bingbot/2.0; +http://www.bing.com/bingbot.htm)"
192.99.5.228 - - [10/Aug/2021:14:08:52 +0200] "GET /slipknot-zippo-lighter-p-42882.html HTTP/1.0" 301 70267 "-" "Mozilla/5.0 (compatible; MJ12bot/v1.4.8; http://mj12bot.com/)"
64.62.252.176 - - [10/Aug/2021:14:08:58 +0200] "GET /specials.php?page=6 HTTP/1.0" 200 125204 "-" "The Knowledge AI"
157.55.39.51 - - [10/Aug/2021:14:09:14 +0200] "GET /images/big_prod/8499132034977.jpg HTTP/1.0" 200 268 "-" "Mozilla/5.0 (compatible; bingbot/2.0; +http://www.bing.com/bingbot.htm)"
64.62.252.176 - - [10/Aug/2021:14:09:16 +0200] "GET /specials.php?page=7 HTTP/1.0" 200 125343 "-" "The Knowledge AI"
40.77.167.106 - - [10/Aug/2021:14:09:19 +0200] "GET /beyond-charms-keychain-elephant-p-51831.html HTTP/1.0" 200 74124 "-" "Mozilla/5.0 (compatible; bingbot/2.0; +http://www.bing.com/bingbot.htm)"
157.55.39.44 - - [10/Aug/2021:14:09:24 +0200] "GET /images/mini_prod/8717318201136.jpg HTTP/1.0" 200 269 "-" "Mozilla/5.0 (compatible; bingbot/2.0; +http://www.bing.com/bingbot.htm)"
192.99.5.228 - - [10/Aug/2021:14:09:31 +0200] "GET /-p-42882.html HTTP/1.0" 200 70200 "-" "Mozilla/5.0 (compatible; MJ12bot/v1.4.8; http://mj12bot.com/)"
64.62.252.176 - - [10/Aug/2021:14:09:33 +0200] "GET /specials.php?page=8 HTTP/1.0" 200 125747 "-" "The Knowledge AI"
207.46.13.127 - - [10/Aug/2021:14:09:43 +0200] "GET /-p-17785.html HTTP/1.0" 200 70200 "-" "Mozilla/5.0 (compatible; bingbot/2.0; +http://www.bing.com/bingbot.htm)"
64.62.252.176 - - [10/Aug/2021:14:09:51 +0200] "GET /specials.php?page=9 HTTP/1.0" 200 125044 "-" "The Knowledge AI"
64.62.252.176 - - [10/Aug/2021:14:10:17 +0200] "GET /specials.php?page=10 HTTP/1.0" 200 126071 "-" "The Knowledge AI"
40.77.167.106 - - [10/Aug/2021:14:10:21 +0200] "GET /-p-33959.html HTTP/1.0" 200 70200 "-" "Mozilla/5.0 (compatible; bingbot/2.0; +http://www.bing.com/bingbot.htm)"
192.99.5.228 - - [10/Aug/2021:14:10:24 +0200] "GET /small-tins-box-gorjuss-sugar-and-spice-p-48406.html HTTP/1.0" 301 70391 "-" "Mozilla/5.0 (compatible; MJ12bot/v1.4.8; http://mj12bot.com/)"
185.191.171.18 - - [10/Aug/2021:14:10:35 +0200] "GET /large-candle-sweet-apple-treat-p-42615.html?action=add_product HTTP/1.0" 302 476 "-" "Mozilla/5.0 (compatible; SemrushBot/7~bl; +http://www.semrush.com/bot.html)"
64.62.252.176 - - [10/Aug/2021:14:10:36 +0200] "GET /specials.php?page=11 HTTP/1.0" 200 125392 "-" "The Knowledge AI"
54.36.148.242 - - [10/Aug/2021:14:10:44 +0200] "GET /doormats-entrance-carpets-c-11_269_266.html HTTP/1.0" 200 90147 "-" "Mozilla/5.0 (compatible; AhrefsBot/7.0; +http://ahrefs.com/robot/)"
64.62.252.176 - - [10/Aug/2021:14:10:53 +0200] "GET /open-your-heart-phone-cover-iphone-p-17817.html HTTP/1.0" 200 73454 "-" "The Knowledge AI"
157.55.39.51 - - [10/Aug/2021:14:10:55 +0200] "GET /wile-coyote-keyring-p-12745.html HTTP/1.0" 200 70292 "-" "Mozilla/5.0 (compatible; bingbot/2.0; +http://www.bing.com/bingbot.htm)"
157.55.39.5 - - [10/Aug/2021:14:11:00 +0200] "GET /transformers-prime-optimus-prime-figure-p-21596.html HTTP/1.0" 301 70267 "-" "Mozilla/5.0 (compatible; bingbot/2.0; +http://www.bing.com/bingbot.htm)"
64.62.252.176 - - [10/Aug/2021:14:11:11 +0200] "GET /phone-cover-iphone-p-20609.html HTTP/1.0" 200 73633 "-" "The Knowledge AI"
185.191.171.43 - - [10/Aug/2021:14:11:12 +0200] "GET /hello-ketty-round-pencil-case-p-19910.html?action=add_product HTTP/1.0" 302 476 "-" "Mozilla/5.0 (compatible; SemrushBot/7~bl; +http://www.semrush.com/bot.html)"
192.99.5.228 - - [10/Aug/2021:14:11:12 +0200] "GET /small-tins-gorjuss-sugar-spice-p-48406.html HTTP/1.0" 200 70294 "-" "Mozilla/5.0 (compatible; MJ12bot/v1.4.8; http://mj12bot.com/)"
64.62.252.176 - - [10/Aug/2021:14:11:28 +0200] "GET /black-silicon-phone-cover-iphone-p-13830.html HTTP/1.0" 200 73712 "-" "The Knowledge AI"
64.62.252.176 - - [10/Aug/2021:14:11:45 +0200] "GET /checked-phone-cover-iphone-p-14634.html HTTP/1.0" 200 73679 "-" "The Knowledge AI"
40.77.167.106 - - [10/Aug/2021:14:11:50 +0200] "GET /coca-cola-pencil-case-p-31798.html HTTP/1.0" 200 72864 "-" "Mozilla/5.0 (compatible; bingbot/2.0; +http://www.bing.com/bingbot.htm)"
192.99.5.228 - - [10/Aug/2021:14:11:50 +0200] "GET /small-tins-gorjuss-sugar-spice-p-48406.html HTTP/1.0" 200 70294 "-" "Mozilla/5.0 (compatible; MJ12bot/v1.4.8; http://mj12bot.com/)"
64.62.252.176 - - [10/Aug/2021:14:12:02 +0200] "GET /focus-phone-cover-iphone-p-17818.html HTTP/1.0" 200 73681 "-" "The Knowledge AI"
185.191.171.45 - - [10/Aug/2021:14:12:03 +0200] "GET /aquaruis-clasic-keyring-cbkreation-p-43256.html HTTP/1.0" 200 73000 "-" "Mozilla/5.0 (compatible; SemrushBot/7~bl; +http://www.semrush.com/bot.html)"
64.62.252.176 - - [10/Aug/2021:14:12:20 +0200] "GET /line-phone-cover-iphone-p-14763.html HTTP/1.0" 200 73655 "-" "The Knowledge AI"
192.99.5.228 - - [10/Aug/2021:14:12:29 +0200] "GET /smiley-wastebasket-p-24669.html HTTP/1.0" 301 70267 "-" "Mozilla/5.0 (compatible; MJ12bot/v1.4.8; http://mj12bot.com/)"
64.62.252.176 - - [10/Aug/2021:14:12:37 +0200] "GET /urban-culture-phone-cover-iphone-p-14764.html HTTP/1.0" 200 73727 "-" "The Knowledge AI"
185.191.171.5 - - [10/Aug/2021:14:12:43 +0200] "GET /vintage-grey-metal-clock-40-cm-p-42196.html HTTP/1.0" 301 73098 "-" "Mozilla/5.0 (compatible; SemrushBot/7~bl; +http://www.semrush.com/bot.html)"
185.191.171.43 - - [10/Aug/2021:14:12:45 +0200] "GET /vintage-grey-metal-clock-p-42196.html HTTP/1.0" 200 73007 "-" "Mozilla/5.0 (compatible; SemrushBot/7~bl; +http://www.semrush.com/bot.html)"
64.62.252.176 - - [10/Aug/2021:14:12:55 +0200] "GET /barbabeau-postcard-p-19475.html HTTP/1.0" 200 72905 "-" "The Knowledge AI"
192.99.5.228 - - [10/Aug/2021:14:13:10 +0200] "GET /-p-24669.html HTTP/1.0" 200 70200 "-" "Mozilla/5.0 (compatible; MJ12bot/v1.4.8; http://mj12bot.com/)"
64.62.252.176 - - [10/Aug/2021:14:13:12 +0200] "GET /barbapapa-postcard-p-19476.html HTTP/1.0" 200 72904 "-" "The Knowledge AI"
64.62.252.176 - - [10/Aug/2021:14:13:29 +0200] "GET /funny-little-bugs-pairs-socks-size-p-25323.html HTTP/1.0" 200 72849 "-" "The Knowledge AI"
157.55.39.122 - - [10/Aug/2021:14:13:40 +0200] "GET /bagshandbags-shoulder-bags-c-31_81.html HTTP/1.0" 200 96663 "-" "Mozilla/5.0 (compatible; bingbot/2.0; +http://www.bing.com/bingbot.htm)"
64.62.252.176 - - [10/Aug/2021:14:13:46 +0200] "GET /funny-little-bugs-pairs-socks-size-p-25322.html HTTP/1.0" 200 72849 "-" "The Knowledge AI"
192.99.5.228 - - [10/Aug/2021:14:13:56 +0200] "GET /smurf-polar-blanket-p-10425.html HTTP/1.0" 301 70267 "-" "Mozilla/5.0 (compatible; MJ12bot/v1.4.8; http://mj12bot.com/)"
185.191.171.38 - - [10/Aug/2021:14:13:56 +0200] "GET /the-simpsons-duff-beer-glass-p-39351.html HTTP/1.0" 301 70267 "-" "Mozilla/5.0 (compatible; SemrushBot/7~bl; +http://www.semrush.com/bot.html)"
185.191.171.6 - - [10/Aug/2021:14:13:59 +0200] "GET /-p-39351.html HTTP/1.0" 200 70200 "-" "Mozilla/5.0 (compatible; SemrushBot/7~bl; +http://www.semrush.com/bot.html)"
64.62.252.176 - - [10/Aug/2021:14:14:04 +0200] "GET /funny-little-bugs-pairs-socks-size-p-25326.html HTTP/1.0" 200 72847 "-" "The Knowledge AI"
157.55.39.51 - - [10/Aug/2021:14:14:15 +0200] "GET /-p-8585.html HTTP/1.0" 200 70198 "-" "Mozilla/5.0 (compatible; bingbot/2.0; +http://www.bing.com/bingbot.htm)"
64.62.252.176 - - [10/Aug/2021:14:14:21 +0200] "GET /handy-manny-pairs-socks-size-p-25206.html HTTP/1.0" 200 72805 "-" "The Knowledge AI"
185.191.171.12 - - [10/Aug/2021:14:14:23 +0200] "GET /violetta-apron-chef-p-29524.html HTTP/1.0" 200 72980 "-" "Mozilla/5.0 (compatible; SemrushBot/7~bl; +http://www.semrush.com/bot.html)"
207.46.13.39 - - [10/Aug/2021:14:14:25 +0200] "GET /lama-mania-cups-espresso-p-53414.html HTTP/1.0" 200 72841 "-" "Mozilla/5.0 (compatible; bingbot/2.0; +http://www.bing.com/bingbot.htm)"
192.99.5.228 - - [10/Aug/2021:14:14:35 +0200] "GET /-p-10425.html HTTP/1.0" 200 70200 "-" "Mozilla/5.0 (compatible; MJ12bot/v1.4.8; http://mj12bot.com/)"
64.62.252.176 - - [10/Aug/2021:14:14:40 +0200] "GET /pairs-mickey-mouse-socks-size-p-25177.html HTTP/1.0" 200 72922 "-" "The Knowledge AI"
157.55.39.5 - - [10/Aug/2021:14:14:51 +0200] "GET /bracelet-chakra-chips-p-45454.html HTTP/1.0" 200 72951 "-" "Mozilla/5.0 (compatible; bingbot/2.0; +http://www.bing.com/bingbot.htm)"
157.55.39.5 - - [10/Aug/2021:14:14:53 +0200] "GET /bamboo-fiber-plant-cover-p-51945.html HTTP/1.0" 200 73455 "-" "Mozilla/5.0 (compatible; bingbot/2.0; +http://www.bing.com/bingbot.htm)"
66.249.81.160 - - [10/Aug/2021:14:14:58 +0200] "GET /images/big_prod_1/8424001424788N.jpg HTTP/1.0" 200 271 "-" "Mozilla/5.0 (Windows NT 5.1; rv:11.0) Gecko Firefox/11.0 (via ggpht.com GoogleImageProxy)"
88.103.229.218 - - [10/Aug/2021:14:15:01 +0200] "GET /empty-tray-pocket-oriental-pattern-carved-wood-p-46384.html HTTP/1.0" 200 73759 "https://www.google.com/" "Mozilla/5.0 (Windows NT 10.0; Win64; x64) AppleWebKit/537.36 (KHTML, like Gecko) Chrome/91.0.4472.124 Safari/537.36 Edg/91.0.864.70"
88.103.229.218 - - [10/Aug/2021:14:15:01 +0200] "GET /templates/Pixame_v1/stylesheet.css HTTP/1.0" 200 267 "http://www.wonder-geek.com/empty-tray-pocket-oriental-pattern-carved-wood-p-46384.html" "Mozilla/5.0 (Windows NT 10.0; Win64; x64) AppleWebKit/537.36 (KHTML, like Gecko) Chrome/91.0.4472.124 Safari/537.36 Edg/91.0.864.70"
88.103.229.218 - - [10/Aug/2021:14:15:01 +0200] "GET /highslide/highslide.js HTTP/1.0" 200 262 "http://www.wonder-geek.com/empty-tray-pocket-oriental-pattern-carved-wood-p-46384.html" "Mozilla/5.0 (Windows NT 10.0; Win64; x64) AppleWebKit/537.36 (KHTML, like Gecko) Chrome/91.0.4472.124 Safari/537.36 Edg/91.0.864.70"
88.103.229.218 - - [10/Aug/2021:14:15:01 +0200] "GET /js/jquery.js HTTP/1.0" 200 252 "http://www.wonder-geek.com/empty-tray-pocket-oriental-pattern-carved-wood-p-46384.html" "Mozilla/5.0 (Windows NT 10.0; Win64; x64) AppleWebKit/537.36 (KHTML, like Gecko) Chrome/91.0.4472.124 Safari/537.36 Edg/91.0.864.70"
88.103.229.218 - - [10/Aug/2021:14:15:01 +0200] "GET /js/jquery.jqzoom.js HTTP/1.0" 200 259 "http://www.wonder-geek.com/empty-tray-pocket-oriental-pattern-carved-wood-p-46384.html" "Mozilla/5.0 (Windows NT 10.0; Win64; x64) AppleWebKit/537.36 (KHTML, like Gecko) Chrome/91.0.4472.124 Safari/537.36 Edg/91.0.864.70"
88.103.229.218 - - [10/Aug/2021:14:15:01 +0200] "GET /mondial_relay/js/jquery-1.3.2.min.js HTTP/1.0" 200 276 "http://www.wonder-geek.com/empty-tray-pocket-oriental-pattern-carved-wood-p-46384.html" "Mozilla/5.0 (Windows NT 10.0; Win64; x64) AppleWebKit/537.36 (KHTML, like Gecko) Chrome/91.0.4472.124 Safari/537.36 Edg/91.0.864.70"
88.103.229.218 - - [10/Aug/2021:14:15:01 +0200] "GET /swfobject.js HTTP/1.0" 404 1308 "http://www.wonder-geek.com/empty-tray-pocket-oriental-pattern-carved-wood-p-46384.html" "Mozilla/5.0 (Windows NT 10.0; Win64; x64) AppleWebKit/537.36 (KHTML, like Gecko) Chrome/91.0.4472.124 Safari/537.36 Edg/91.0.864.70"
88.103.229.218 - - [10/Aug/2021:14:15:01 +0200] "GET /templates/Pixame_v1/images/icon_accueil2.png HTTP/1.0" 200 278 "http://www.wonder-geek.com/empty-tray-pocket-oriental-pattern-carved-wood-p-46384.html" "Mozilla/5.0 (Windows NT 10.0; Win64; x64) AppleWebKit/537.36 (KHTML, like Gecko) Chrome/91.0.4472.124 Safari/537.36 Edg/91.0.864.70"
88.103.229.218 - - [10/Aug/2021:14:15:01 +0200] "GET /templates/Pixame_v1/images/infobox/pixel_trans.gif HTTP/1.0" 200 328 "http://www.wonder-geek.com/empty-tray-pocket-oriental-pattern-carved-wood-p-46384.html" "Mozilla/5.0 (Windows NT 10.0; Win64; x64) AppleWebKit/537.36 (KHTML, like Gecko) Chrome/91.0.4472.124 Safari/537.36 Edg/91.0.864.70"
88.103.229.218 - - [10/Aug/2021:14:15:01 +0200] "GET /images/pixel_trans.gif HTTP/1.0" 200 328 "http://www.wonder-geek.com/empty-tray-pocket-oriental-pattern-carved-wood-p-46384.html" "Mozilla/5.0 (Windows NT 10.0; Win64; x64) AppleWebKit/537.36 (KHTML, like Gecko) Chrome/91.0.4472.124 Safari/537.36 Edg/91.0.864.70"
88.103.229.218 - - [10/Aug/2021:14:15:01 +0200] "GET /templates/Pixame_v1/images/pixel_trans.gif HTTP/1.0" 200 328 "http://www.wonder-geek.com/empty-tray-pocket-oriental-pattern-carved-wood-p-46384.html" "Mozilla/5.0 (Windows NT 10.0; Win64; x64) AppleWebKit/537.36 (KHTML, like Gecko) Chrome/91.0.4472.124 Safari/537.36 Edg/91.0.864.70"
88.103.229.218 - - [10/Aug/2021:14:15:01 +0200] "GET /images/big_prod/8424001424788.jpg HTTP/1.0" 200 268 "http://www.wonder-geek.com/empty-tray-pocket-oriental-pattern-carved-wood-p-46384.html" "Mozilla/5.0 (Windows NT 10.0; Win64; x64) AppleWebKit/537.36 (KHTML, like Gecko) Chrome/91.0.4472.124 Safari/537.36 Edg/91.0.864.70"
88.103.229.218 - - [10/Aug/2021:14:15:01 +0200] "GET /images/big_prod_1/8424001424788N.jpg HTTP/1.0" 200 271 "http://www.wonder-geek.com/empty-tray-pocket-oriental-pattern-carved-wood-p-46384.html" "Mozilla/5.0 (Windows NT 10.0; Win64; x64) AppleWebKit/537.36 (KHTML, like Gecko) Chrome/91.0.4472.124 Safari/537.36 Edg/91.0.864.70"
88.103.229.218 - - [10/Aug/2021:14:15:01 +0200] "GET /templates/Pixame_v1/images/buttons/english/button_in_cart.gif HTTP/1.0" 200 295 "http://www.wonder-geek.com/empty-tray-pocket-oriental-pattern-carved-wood-p-46384.html" "Mozilla/5.0 (Windows NT 10.0; Win64; x64) AppleWebKit/537.36 (KHTML, like Gecko) Chrome/91.0.4472.124 Safari/537.36 Edg/91.0.864.70"
88.103.229.218 - - [10/Aug/2021:14:15:01 +0200] "GET /templates/Pixame_v1/images/Middle_texture.jpg HTTP/1.0" 200 280 "http://www.wonder-geek.com/templates/Pixame_v1/stylesheet.css" "Mozilla/5.0 (Windows NT 10.0; Win64; x64) AppleWebKit/537.36 (KHTML, like Gecko) Chrome/91.0.4472.124 Safari/537.36 Edg/91.0.864.70"
88.103.229.218 - - [10/Aug/2021:14:15:01 +0200] "GET /templates/Pixame_v1/images/Bottom_texture.jpg HTTP/1.0" 200 280 "http://www.wonder-geek.com/templates/Pixame_v1/stylesheet.css" "Mozilla/5.0 (Windows NT 10.0; Win64; x64) AppleWebKit/537.36 (KHTML, like Gecko) Chrome/91.0.4472.124 Safari/537.36 Edg/91.0.864.70"
88.103.229.218 - - [10/Aug/2021:14:15:01 +0200] "GET /templates/Pixame_v1/images/nav.png HTTP/1.0" 200 268 "http://www.wonder-geek.com/templates/Pixame_v1/stylesheet.css" "Mozilla/5.0 (Windows NT 10.0; Win64; x64) AppleWebKit/537.36 (KHTML, like Gecko) Chrome/91.0.4472.124 Safari/537.36 Edg/91.0.864.70"
88.103.229.218 - - [10/Aug/2021:14:15:01 +0200] "GET /templates/Pixame_v1/images/header.png HTTP/1.0" 200 271 "http://www.wonder-geek.com/templates/Pixame_v1/stylesheet.css" "Mozilla/5.0 (Windows NT 10.0; Win64; x64) AppleWebKit/537.36 (KHTML, like Gecko) Chrome/91.0.4472.124 Safari/537.36 Edg/91.0.864.70"
88.103.229.218 - - [10/Aug/2021:14:15:01 +0200] "GET /templates/Pixame_v1/images/header-object.png HTTP/1.0" 200 278 "http://www.wonder-geek.com/templates/Pixame_v1/stylesheet.css" "Mozilla/5.0 (Windows NT 10.0; Win64; x64) AppleWebKit/537.36 (KHTML, like Gecko) Chrome/91.0.4472.124 Safari/537.36 Edg/91.0.864.70"
88.103.229.218 - - [10/Aug/2021:14:15:01 +0200] "GET /design/productsenstock.png HTTP/1.0" 200 260 "http://www.wonder-geek.com/templates/Pixame_v1/stylesheet.css" "Mozilla/5.0 (Windows NT 10.0; Win64; x64) AppleWebKit/537.36 (KHTML, like Gecko) Chrome/91.0.4472.124 Safari/537.36 Edg/91.0.864.70"
88.103.229.218 - - [10/Aug/2021:14:15:01 +0200] "GET /templates/Pixame_v1/images/infobox/infobox_footer_middle.gif HTTP/1.0" 200 357 "http://www.wonder-geek.com/empty-tray-pocket-oriental-pattern-carved-wood-p-46384.html" "Mozilla/5.0 (Windows NT 10.0; Win64; x64) AppleWebKit/537.36 (KHTML, like Gecko) Chrome/91.0.4472.124 Safari/537.36 Edg/91.0.864.70"
88.103.229.218 - - [10/Aug/2021:14:15:01 +0200] "GET /highslide/graphics/zoomin.cur HTTP/1.0" 200 614 "http://www.wonder-geek.com/templates/Pixame_v1/stylesheet.css" "Mozilla/5.0 (Windows NT 10.0; Win64; x64) AppleWebKit/537.36 (KHTML, like Gecko) Chrome/91.0.4472.124 Safari/537.36 Edg/91.0.864.70"
88.103.229.218 - - [10/Aug/2021:14:15:02 +0200] "GET /highslide/graphics/outlines/drop-shadow.png HTTP/1.0" 200 277 "http://www.wonder-geek.com/empty-tray-pocket-oriental-pattern-carved-wood-p-46384.html" "Mozilla/5.0 (Windows NT 10.0; Win64; x64) AppleWebKit/537.36 (KHTML, like Gecko) Chrome/91.0.4472.124 Safari/537.36 Edg/91.0.864.70"
88.103.229.218 - - [10/Aug/2021:14:15:02 +0200] "GET /highslide/graphics/zoomout.cur HTTP/1.0" 200 614 "http://www.wonder-geek.com/empty-tray-pocket-oriental-pattern-carved-wood-p-46384.html" "Mozilla/5.0 (Windows NT 10.0; Win64; x64) AppleWebKit/537.36 (KHTML, like Gecko) Chrome/91.0.4472.124 Safari/537.36 Edg/91.0.864.70"
88.103.229.218 - - [10/Aug/2021:14:15:02 +0200] "GET /highslide/graphics/loader.white.gif HTTP/1.0" 200 960 "http://www.wonder-geek.com/templates/Pixame_v1/stylesheet.css" "Mozilla/5.0 (Windows NT 10.0; Win64; x64) AppleWebKit/537.36 (KHTML, like Gecko) Chrome/91.0.4472.124 Safari/537.36 Edg/91.0.864.70"
88.103.229.218 - - [10/Aug/2021:14:15:02 +0200] "GET /favicon.ico HTTP/1.0" 200 260 "http://www.wonder-geek.com/empty-tray-pocket-oriental-pattern-carved-wood-p-46384.html" "Mozilla/5.0 (Windows NT 10.0; Win64; x64) AppleWebKit/537.36 (KHTML, like Gecko) Chrome/91.0.4472.124 Safari/537.36 Edg/91.0.864.70"
17.121.115.126 - - [10/Aug/2021:14:15:08 +0200] "GET /soapstone-candle-holder-hand-fatma-p-50153.html HTTP/1.0" 200 73003 "-" "Mozilla/5.0 (Macintosh; Intel Mac OS X 10_15_5) AppleWebKit/605.1.15 (KHTML, like Gecko) Version/13.1.1 Safari/605.1.15 (Applebot/0.1; +http://www.apple.com/go/applebot)"
64.62.252.176 - - [10/Aug/2021:14:15:10 +0200] "GET /simpsons-pairs-socks-size-p-25502.html HTTP/1.0" 200 72787 "-" "The Knowledge AI"
192.99.5.228 - - [10/Aug/2021:14:15:24 +0200] "GET /sofia-first-little-backpack-p-30375.html HTTP/1.0" 200 70306 "-" "Mozilla/5.0 (compatible; MJ12bot/v1.4.8; http://mj12bot.com/)"
64.62.252.176 - - [10/Aug/2021:14:15:27 +0200] "GET /school-gorjuss-sugar-spice-agenda-year-2017-2018-p-39785.html HTTP/1.0" 200 73344 "-" "The Knowledge AI"
66.249.66.218 - - [10/Aug/2021:14:15:34 +0200] "GET /home-decoration-c-13.html?page=37 HTTP/1.0" 200 92690 "-" "Mozilla/5.0 (Linux; Android 6.0.1; Nexus 5X Build/MMB29P) AppleWebKit/537.36 (KHTML, like Gecko) Chrome/92.0.4515.119 Mobile Safari/537.36 (compatible; Googlebot/2.1; +http://www.google.com/bot.html)"
66.249.66.220 - - [10/Aug/2021:14:15:36 +0200] "GET /js/jquery.min.js HTTP/1.0" 404 1308 "http://www.wonder-geek.com/home-decoration-c-13.html?page=37" "Mozilla/5.0 (Linux; Android 6.0.1; Nexus 5X Build/MMB29P) AppleWebKit/537.36 (KHTML, like Gecko) Chrome/92.0.4515.119 Mobile Safari/537.36 (compatible; Googlebot/2.1; +http://www.google.com/bot.html)"
64.62.252.176 - - [10/Aug/2021:14:15:46 +0200] "GET /invitation-cards-envelopes-p-2101.html HTTP/1.0" 200 73043 "-" "The Knowledge AI"
54.36.148.242 - - [10/Aug/2021:14:15:55 +0200] "GET /gray-lampshade-p-55534.html HTTP/1.0" 200 72793 "-" "Mozilla/5.0 (compatible; AhrefsBot/7.0; +http://ahrefs.com/robot/)"
207.46.13.175 - - [10/Aug/2021:14:16:00 +0200] "GET /minnie-mouse-large-metal-p-26704.html HTTP/1.0" 200 72982 "-" "Mozilla/5.0 (compatible; bingbot/2.0; +http://www.bing.com/bingbot.htm)"
64.62.252.176 - - [10/Aug/2021:14:16:04 +0200] "GET /littlest-petshop-p-1192.html HTTP/1.0" 200 73106 "-" "The Knowledge AI"
192.99.5.228 - - [10/Aug/2021:14:16:14 +0200] "GET /sofia-the-first-little-backpack-p-30375.html HTTP/1.0" 301 70400 "-" "Mozilla/5.0 (compatible; MJ12bot/v1.4.8; http://mj12bot.com/)"
64.62.252.176 - - [10/Aug/2021:14:16:22 +0200] "GET /products_new.php?page=2 HTTP/1.0" 200 92325 "-" "The Knowledge AI"
185.191.171.42 - - [10/Aug/2021:14:16:23 +0200] "GET /little-prince-snow-globe-p-53856.html HTTP/1.0" 200 72929 "-" "Mozilla/5.0 (compatible; SemrushBot/7~bl; +http://www.semrush.com/bot.html)"
64.62.252.176 - - [10/Aug/2021:14:16:39 +0200] "GET /products_new.php?page=3 HTTP/1.0" 200 92648 "-" "The Knowledge AI"
157.55.39.5 - - [10/Aug/2021:14:16:40 +0200] "GET /harley-davidson-small-metal-plate-p-12505.html HTTP/1.0" 200 72985 "-" "Mozilla/5.0 (compatible; bingbot/2.0; +http://www.bing.com/bingbot.htm)"
192.99.5.228 - - [10/Aug/2021:14:16:46 +0200] "GET /sofia-first-little-backpack-p-30375.html HTTP/1.0" 200 70306 "-" "Mozilla/5.0 (compatible; MJ12bot/v1.4.8; http://mj12bot.com/)"
207.46.13.175 - - [10/Aug/2021:14:17:00 +0200] "GET /strawberry-shortcake-raincoat-p-31187.html HTTP/1.0" 200 74126 "-" "Mozilla/5.0 (compatible; bingbot/2.0; +http://www.bing.com/bingbot.htm)"
192.99.5.228 - - [10/Aug/2021:14:17:10 +0200] "GET /soft-rattle-gund-beige-p-21368.html HTTP/1.0" 200 73108 "-" "Mozilla/5.0 (compatible; MJ12bot/v1.4.8; http://mj12bot.com/)"
40.77.167.106 - - [10/Aug/2021:14:17:11 +0200] "GET /buddha-fiberglass-gray-statue-p-38747.html HTTP/1.0" 200 70357 "-" "Mozilla/5.0 (compatible; bingbot/2.0; +http://www.bing.com/bingbot.htm)"
157.55.39.44 - - [10/Aug/2021:14:17:22 +0200] "GET /paris-bath-soap-dish-p-34851.html HTTP/1.0" 200 72841 "-" "Mozilla/5.0 (compatible; bingbot/2.0; +http://www.bing.com/bingbot.htm)"
64.62.252.176 - - [10/Aug/2021:14:17:27 +0200] "GET /products_new.php?page=4 HTTP/1.0" 200 92820 "-" "The Knowledge AI"
192.99.5.228 - - [10/Aug/2021:14:17:41 +0200] "GET /soft-rattle-gund-orange-p-21365.html HTTP/1.0" 200 73117 "-" "Mozilla/5.0 (compatible; MJ12bot/v1.4.8; http://mj12bot.com/)"
157.55.39.122 - - [10/Aug/2021:14:17:41 +0200] "GET /trolley-backpack-oops-daisy-gorjuss-p-35556.html HTTP/1.0" 200 70384 "-" "Mozilla/5.0 (compatible; bingbot/2.0; +http://www.bing.com/bingbot.htm)"
64.62.252.176 - - [10/Aug/2021:14:17:46 +0200] "GET /products_new.php?page=5 HTTP/1.0" 200 93252 "-" "The Knowledge AI"
207.46.13.39 - - [10/Aug/2021:14:17:56 +0200] "GET /orange-kimmidoll-cardboard-boxe-small-p-47962.html HTTP/1.0" 200 70342 "-" "Mozilla/5.0 (compatible; bingbot/2.0; +http://www.bing.com/bingbot.htm)"
64.62.252.176 - - [10/Aug/2021:14:18:04 +0200] "GET /products_new.php?page=6 HTTP/1.0" 200 92951 "-" "The Knowledge AI"
192.99.5.228 - - [10/Aug/2021:14:18:16 +0200] "GET /soft-toy-rattle-gund-beige-dog-p-21368.html HTTP/1.0" 301 73197 "-" "Mozilla/5.0 (compatible; MJ12bot/v1.4.8; http://mj12bot.com/)"
64.62.252.176 - - [10/Aug/2021:14:18:22 +0200] "GET /products_new.php?page=7 HTTP/1.0" 200 91204 "-" "The Knowledge AI"
185.191.171.25 - - [10/Aug/2021:14:18:24 +0200] "GET /gendarme-saint-tropez-poster-p-35259.html?action=add_product HTTP/1.0" 302 476 "-" "Mozilla/5.0 (compatible; SemrushBot/7~bl; +http://www.semrush.com/bot.html)"
54.36.148.242 - - [10/Aug/2021:14:18:24 +0200] "GET /stars-wars-galaxy-phone-cover-iphone-p-16766.html HTTP/1.0" 200 73716 "-" "Mozilla/5.0 (compatible; AhrefsBot/7.0; +http://ahrefs.com/robot/)"
66.249.66.220 - - [10/Aug/2021:14:18:33 +0200] "GET /paris-saint-germain-psg-beer-glass-p-46524.html HTTP/1.0" 301 73032 "-" "Mozilla/5.0 (compatible; Googlebot/2.1; +http://www.google.com/bot.html)"
66.249.66.220 - - [10/Aug/2021:14:18:34 +0200] "GET /paris-saint-germain-beer-glass-p-46524.html HTTP/1.0" 200 72935 "-" "Mozilla/5.0 (compatible; Googlebot/2.1; +http://www.google.com/bot.html)"
64.62.252.176 - - [10/Aug/2021:14:18:40 +0200] "GET /products_new.php?page=8 HTTP/1.0" 200 91204 "-" "The Knowledge AI"
54.36.148.53 - - [10/Aug/2021:14:18:42 +0200] "GET /mickey-mouse-tools-by-play-doh-p-21614.html HTTP/1.0" 301 70267 "-" "Mozilla/5.0 (compatible; AhrefsBot/7.0; +http://ahrefs.com/robot/)"
207.46.13.127 - - [10/Aug/2021:14:18:43 +0200] "GET /double-round-mirror-stand-p-53680.html HTTP/1.0" 200 73833 "-" "Mozilla/5.0 (compatible; bingbot/2.0; +http://www.bing.com/bingbot.htm)"
52.90.255.211 - - [10/Aug/2021:14:18:49 +0200] "GET /empty-tray-pocket-oriental-pattern-carved-wood-p-46384.html HTTP/1.0" 200 73759 "-" "Mozilla/5.0 (Windows NT 6.1; Win64; x64) AppleWebKit/537.36 (KHTML, like Gecko) Chrome/72.0.3626.109 Safari/537.36"
185.191.171.45 - - [10/Aug/2021:14:18:54 +0200] "GET /protective-cover-cotton-fleece-p-39152.html?action=add_product HTTP/1.0" 302 476 "-" "Mozilla/5.0 (compatible; SemrushBot/7~bl; +http://www.semrush.com/bot.html)"
64.62.252.176 - - [10/Aug/2021:14:18:58 +0200] "GET /products_new.php?page=9 HTTP/1.0" 200 91204 "-" "The Knowledge AI"
192.99.5.228 - - [10/Aug/2021:14:19:03 +0200] "GET /soft-rattle-gund-beige-p-21368.html HTTP/1.0" 200 73108 "-" "Mozilla/5.0 (compatible; MJ12bot/v1.4.8; http://mj12bot.com/)"
64.62.252.176 - - [10/Aug/2021:14:19:17 +0200] "GET /products_new.php?page=10 HTTP/1.0" 200 91205 "-" "The Knowledge AI"
157.55.39.156 - - [10/Aug/2021:14:19:23 +0200] "GET /images/mini_prod/8422836098105.jpg HTTP/1.0" 200 269 "-" "Mozilla/5.0 (compatible; bingbot/2.0; +http://www.bing.com/bingbot.htm)"
64.62.252.176 - - [10/Aug/2021:14:19:35 +0200] "GET /products_new.php?page=11 HTTP/1.0" 200 91205 "-" "The Knowledge AI"
192.99.5.228 - - [10/Aug/2021:14:19:37 +0200] "GET /soft-toy-rattle-gund-orange-dog-p-21365.html HTTP/1.0" 301 73207 "-" "Mozilla/5.0 (compatible; MJ12bot/v1.4.8; http://mj12bot.com/)"
64.62.252.176 - - [10/Aug/2021:14:19:54 +0200] "GET /placemat-marble-p-55700.html HTTP/1.0" 200 73355 "-" "The Knowledge AI"
