207.46.13.101 - - [10/Aug/2021:14:36:12 +0200] "GET /jane-crowther-cats-p-54763.html HTTP/1.0" 200 73542 "-" "Mozilla/5.0 (compatible; bingbot/2.0; +http://www.bing.com/bingbot.htm)"
51.68.224.127 - - [10/Aug/2021:14:36:15 +0200] "GET /adminweb/export_orders_xml.php?token=256de2z6edz6ed2z6DFSFsed2zed6zeDSFDSGdzedezfzf&maxorders=10&orderstart=1&status=14&start_date=2018-10-01 HTTP/1.0" 200 285 "-" "GesCom CharlotteBoutik Serveur"
51.68.224.127 - - [10/Aug/2021:14:36:15 +0200] "GET /adminweb/export_orders_xml.php?token=256de2z6edz6ed2z6DFSFsed2zed6zeDSFDSGdzedezfzf&maxorders=10&orderstart=1&status=6&start_date=2018-10-01 HTTP/1.0" 200 28601 "-" "GesCom CharlotteBoutik Serveur"
207.46.13.175 - - [10/Aug/2021:14:36:21 +0200] "GET /gorjuss-chronicles-wooden-brooch-ruby8203-p-38198.html HTTP/1.0" 200 74436 "-" "Mozilla/5.0 (compatible; bingbot/2.0; +http://www.bing.com/bingbot.htm)"
40.77.167.106 - - [10/Aug/2021:14:36:26 +0200] "GET /lotus-candleholder-chakra-indigo-silverlining-p-35518.html HTTP/1.0" 200 74476 "-" "Mozilla/5.0 (compatible; bingbot/2.0; +http://www.bing.com/bingbot.htm)"
192.99.5.228 - - [10/Aug/2021:14:36:30 +0200] "GET /spice-with-sprinkler-escale-dlices-p-46513.html HTTP/1.0" 200 70331 "-" "Mozilla/5.0 (compatible; MJ12bot/v1.4.8; http://mj12bot.com/)"
62.210.188.218 - - [10/Aug/2021:14:36:31 +0200] "GET /metal-capacity-p-52986.html HTTP/1.0" 200 73671 "-" "Mozilla/5.0 (compatible; Barkrowler/0.9; +https://babbar.tech/crawler)"
157.55.39.122 - - [10/Aug/2021:14:36:33 +0200] "GET /images/big_prod/8422017143211.jpg HTTP/1.0" 200 268 "-" "Mozilla/5.0 (compatible; bingbot/2.0; +http://www.bing.com/bingbot.htm)"
157.55.39.51 - - [10/Aug/2021:14:36:47 +0200] "GET /jamaican-clock-p-24958.html HTTP/1.0" 200 72765 "-" "Mozilla/5.0 (compatible; bingbot/2.0; +http://www.bing.com/bingbot.htm)"
207.46.13.175 - - [10/Aug/2021:14:37:00 +0200] "GET /kimmidoll-brush-p-44882.html HTTP/1.0" 200 72829 "-" "Mozilla/5.0 (compatible; bingbot/2.0; +http://www.bing.com/bingbot.htm)"
54.36.148.242 - - [10/Aug/2021:14:37:00 +0200] "GET /hand-fatma-acrylic-magnet-p-52885.html HTTP/1.0" 200 72871 "-" "Mozilla/5.0 (compatible; AhrefsBot/7.0; +http://ahrefs.com/robot/)"
64.62.252.176 - - [10/Aug/2021:14:37:03 +0200] "GET /copains-abord-bottle-stoppers-p-39486.html HTTP/1.0" 200 72924 "-" "The Knowledge AI"
62.210.188.218 - - [10/Aug/2021:14:37:13 +0200] "GET /metal-bell-p-32128.html HTTP/1.0" 200 72776 "-" "Mozilla/5.0 (compatible; Barkrowler/0.9; +https://babbar.tech/crawler)"
192.99.5.228 - - [10/Aug/2021:14:37:15 +0200] "GET /spiderman-jacket-p-32689.html HTTP/1.0" 301 70267 "-" "Mozilla/5.0 (compatible; MJ12bot/v1.4.8; http://mj12bot.com/)"
185.191.171.14 - - [10/Aug/2021:14:37:17 +0200] "GET /indoor-buddha-fountain-p-46663.html HTTP/1.0" 200 73026 "-" "Mozilla/5.0 (compatible; SemrushBot/7~bl; +http://www.semrush.com/bot.html)"
64.62.252.176 - - [10/Aug/2021:14:37:21 +0200] "GET /replacement-caps-aperophiles-p-48467.html HTTP/1.0" 200 72972 "-" "The Knowledge AI"
62.210.188.218 - - [10/Aug/2021:14:37:38 +0200] "GET /gift-towels-p-52068.html HTTP/1.0" 200 72957 "-" "Mozilla/5.0 (compatible; Barkrowler/0.9; +https://babbar.tech/crawler)"
64.62.252.176 - - [10/Aug/2021:14:37:40 +0200] "GET /salsa-ramekin-p-37453.html HTTP/1.0" 200 72778 "-" "The Knowledge AI"
192.99.5.228 - - [10/Aug/2021:14:37:42 +0200] "GET /-p-32689.html HTTP/1.0" 200 70200 "-" "Mozilla/5.0 (compatible; MJ12bot/v1.4.8; http://mj12bot.com/)"
157.55.39.156 - - [10/Aug/2021:14:37:45 +0200] "GET /-p-22633.html HTTP/1.0" 200 70200 "-" "Mozilla/5.0 (compatible; bingbot/2.0; +http://www.bing.com/bingbot.htm)"
62.210.188.218 - - [10/Aug/2021:14:37:59 +0200] "GET /gift-bowl-p-31526.html HTTP/1.0" 200 72976 "-" "Mozilla/5.0 (compatible; Barkrowler/0.9; +https://babbar.tech/crawler)"
185.191.171.42 - - [10/Aug/2021:14:37:59 +0200] "GET /masha-bear-doll-sled-p-36999.html HTTP/1.0" 200 73601 "-" "Mozilla/5.0 (compatible; SemrushBot/7~bl; +http://www.semrush.com/bot.html)"
64.62.252.176 - - [10/Aug/2021:14:38:00 +0200] "GET /cocktail-sticks-amis-p-47138.html HTTP/1.0" 200 73010 "-" "The Knowledge AI"
147.92.153.15 - - [10/Aug/2021:14:38:07 +0200] "GET /accessories-mobiles-c-3_17.html HTTP/1.0" 200 94335 "-" "Mozilla/5.0 (compatible; Linespider/1.1; +https://lin.ee/4dwXkTH)"
192.99.5.228 - - [10/Aug/2021:14:38:15 +0200] "GET /spiderman-jacket-p-32691.html HTTP/1.0" 301 70267 "-" "Mozilla/5.0 (compatible; MJ12bot/v1.4.8; http://mj12bot.com/)"
62.210.188.218 - - [10/Aug/2021:14:38:18 +0200] "GET /grand-hotel-p-53183.html HTTP/1.0" 200 70242 "-" "Mozilla/5.0 (compatible; Barkrowler/0.9; +https://babbar.tech/crawler)"
64.62.252.176 - - [10/Aug/2021:14:38:20 +0200] "GET /bistrot-amis-toothpick-display-p-53464.html HTTP/1.0" 200 72910 "-" "The Knowledge AI"
54.36.148.242 - - [10/Aug/2021:14:38:22 +0200] "GET /boxes-textile-storage-c-13_150_215.html HTTP/1.0" 200 78038 "-" "Mozilla/5.0 (compatible; AhrefsBot/7.0; +http://ahrefs.com/robot/)"
62.210.188.218 - - [10/Aug/2021:14:38:37 +0200] "GET /personalized-products-c-97.html HTTP/1.0" 200 90624 "-" "Mozilla/5.0 (compatible; Barkrowler/0.9; +https://babbar.tech/crawler)"
64.62.252.176 - - [10/Aug/2021:14:38:39 +0200] "GET /bodega-toothpick-display-p-53465.html HTTP/1.0" 200 72838 "-" "The Knowledge AI"
192.99.5.228 - - [10/Aug/2021:14:38:56 +0200] "GET /-p-32691.html HTTP/1.0" 200 70200 "-" "Mozilla/5.0 (compatible; MJ12bot/v1.4.8; http://mj12bot.com/)"
64.62.252.176 - - [10/Aug/2021:14:38:57 +0200] "GET /cocktail-sticks-peux-apro-p-47141.html HTTP/1.0" 200 73048 "-" "The Knowledge AI"
62.210.188.218 - - [10/Aug/2021:14:38:58 +0200] "GET /swimsuit-c-1_18.html HTTP/1.0" 200 91885 "-" "Mozilla/5.0 (compatible; Barkrowler/0.9; +https://babbar.tech/crawler)"
185.191.171.11 - - [10/Aug/2021:14:39:05 +0200] "GET /mustache-black-shirt-p-31177.html HTTP/1.0" 200 75344 "-" "Mozilla/5.0 (compatible; SemrushBot/7~bl; +http://www.semrush.com/bot.html)"
64.62.252.176 - - [10/Aug/2021:14:39:16 +0200] "GET /cuba-toothpick-display-p-53466.html HTTP/1.0" 200 72807 "-" "The Knowledge AI"
62.210.188.218 - - [10/Aug/2021:14:39:19 +0200] "GET /black-wallet-p-37137.html HTTP/1.0" 200 74340 "-" "Mozilla/5.0 (compatible; Barkrowler/0.9; +https://babbar.tech/crawler)"
185.191.171.11 - - [10/Aug/2021:14:39:32 +0200] "GET /corsica-metal-plate-p-52510.html?action=add_product HTTP/1.0" 302 476 "-" "Mozilla/5.0 (compatible; SemrushBot/7~bl; +http://www.semrush.com/bot.html)"
192.99.5.228 - - [10/Aug/2021:14:39:35 +0200] "GET /spiderman-little-backpack-p-26408.html HTTP/1.0" 301 70267 "-" "Mozilla/5.0 (compatible; MJ12bot/v1.4.8; http://mj12bot.com/)"
64.62.252.176 - - [10/Aug/2021:14:39:36 +0200] "GET /paris-toothpick-display-p-53463.html HTTP/1.0" 200 72812 "-" "The Knowledge AI"
54.36.148.242 - - [10/Aug/2021:14:39:42 +0200] "GET /cars-lunch-p-10147.html HTTP/1.0" 200 72889 "-" "Mozilla/5.0 (compatible; AhrefsBot/7.0; +http://ahrefs.com/robot/)"
62.210.188.218 - - [10/Aug/2021:14:39:43 +0200] "GET /black-shirt-p-33743.html HTTP/1.0" 200 74760 "-" "Mozilla/5.0 (compatible; Barkrowler/0.9; +https://babbar.tech/crawler)"
64.62.252.176 - - [10/Aug/2021:14:39:55 +0200] "GET /wooden-aperitif-board-cups-spoons-p-55441.html HTTP/1.0" 200 73932 "-" "The Knowledge AI"
62.210.188.218 - - [10/Aug/2021:14:40:05 +0200] "GET /black-bamboo-p-48023.html HTTP/1.0" 200 70234 "-" "Mozilla/5.0 (compatible; Barkrowler/0.9; +https://babbar.tech/crawler)"
64.62.252.176 - - [10/Aug/2021:14:40:14 +0200] "GET /bamboo-tray-tous-mayo-p-46453.html HTTP/1.0" 200 73434 "-" "The Knowledge AI"
62.210.188.218 - - [10/Aug/2021:14:40:26 +0200] "GET /black-bamboo-p-48024.html HTTP/1.0" 200 70234 "-" "Mozilla/5.0 (compatible; Barkrowler/0.9; +https://babbar.tech/crawler)"
192.99.5.228 - - [10/Aug/2021:14:40:27 +0200] "GET /-p-26408.html HTTP/1.0" 200 70200 "-" "Mozilla/5.0 (compatible; MJ12bot/v1.4.8; http://mj12bot.com/)"
64.62.252.176 - - [10/Aug/2021:14:40:39 +0200] "GET /bamboo-tray-spicy-p-46452.html HTTP/1.0" 200 72815 "-" "The Knowledge AI"
157.55.39.5 - - [10/Aug/2021:14:40:43 +0200] "GET /spiderman-large-trolley-p-15135.html HTTP/1.0" 200 70282 "-" "Mozilla/5.0 (compatible; bingbot/2.0; +http://www.bing.com/bingbot.htm)"
62.210.188.218 - - [10/Aug/2021:14:40:47 +0200] "GET /musical-c-13_150_149.html HTTP/1.0" 200 90669 "-" "Mozilla/5.0 (compatible; Barkrowler/0.9; +https://babbar.tech/crawler)"
207.46.13.39 - - [10/Aug/2021:14:40:48 +0200] "GET /-p-17283.html HTTP/1.0" 200 70200 "-" "Mozilla/5.0 (compatible; bingbot/2.0; +http://www.bing.com/bingbot.htm)"
64.62.252.176 - - [10/Aug/2021:14:40:58 +0200] "GET /tasting-pieces-p-45736.html HTTP/1.0" 200 72851 "-" "The Knowledge AI"
54.36.148.242 - - [10/Aug/2021:14:41:05 +0200] "GET /dancer-ballerina-jewelry-phosphorescent-p-50834.html HTTP/1.0" 200 74460 "-" "Mozilla/5.0 (compatible; AhrefsBot/7.0; +http://ahrefs.com/robot/)"
62.210.188.218 - - [10/Aug/2021:14:41:07 +0200] "GET /musical-jewelry-p-42719.html HTTP/1.0" 200 72942 "-" "Mozilla/5.0 (compatible; Barkrowler/0.9; +https://babbar.tech/crawler)"
192.99.5.228 - - [10/Aug/2021:14:41:11 +0200] "GET /spiderman-small-plush-backpack-p-18835.html HTTP/1.0" 301 70267 "-" "Mozilla/5.0 (compatible; MJ12bot/v1.4.8; http://mj12bot.com/)"
64.62.252.176 - - [10/Aug/2021:14:41:17 +0200] "GET /stainless-steel-piece-barbecue-p-41218.html HTTP/1.0" 200 72979 "-" "The Knowledge AI"
207.46.13.39 - - [10/Aug/2021:14:41:18 +0200] "GET /-p-28523.html HTTP/1.0" 200 70200 "-" "Mozilla/5.0 (compatible; bingbot/2.0; +http://www.bing.com/bingbot.htm)"
62.210.188.218 - - [10/Aug/2021:14:41:29 +0200] "GET /duvet-cover-c-11_195.html HTTP/1.0" 200 91371 "-" "Mozilla/5.0 (compatible; Barkrowler/0.9; +https://babbar.tech/crawler)"
207.46.13.175 - - [10/Aug/2021:14:41:32 +0200] "GET /-p-22194.html HTTP/1.0" 200 70200 "-" "Mozilla/5.0 (compatible; bingbot/2.0; +http://www.bing.com/bingbot.htm)"
64.62.252.176 - - [10/Aug/2021:14:41:36 +0200] "GET /stainless-steel-piece-barbecue-p-48878.html HTTP/1.0" 200 73867 "-" "The Knowledge AI"
157.55.39.44 - - [10/Aug/2021:14:41:44 +0200] "GET /colourful-count-mickey-mouse-figurine-p-45970.html HTTP/1.0" 200 74647 "-" "Mozilla/5.0 (compatible; bingbot/2.0; +http://www.bing.com/bingbot.htm)"
192.99.5.228 - - [10/Aug/2021:14:41:46 +0200] "GET /-p-18835.html HTTP/1.0" 200 70200 "-" "Mozilla/5.0 (compatible; MJ12bot/v1.4.8; http://mj12bot.com/)"
64.62.252.176 - - [10/Aug/2021:14:41:56 +0200] "GET /stainless-steel-piece-barbecue-p-41219.html HTTP/1.0" 200 73010 "-" "The Knowledge AI"
66.249.66.216 - - [10/Aug/2021:14:42:04 +0200] "GET /cushion-cover-p-52123.html HTTP/1.0" 200 72988 "-" "Mozilla/5.0 (compatible; Googlebot/2.1; +http://www.google.com/bot.html)"
64.62.252.176 - - [10/Aug/2021:14:42:15 +0200] "GET /aprophiles-cubis-door-wood-liters-p-47688.html HTTP/1.0" 200 72971 "-" "The Knowledge AI"
192.99.5.228 - - [10/Aug/2021:14:42:17 +0200] "GET /spiderman-trolley-bag-p-30363.html HTTP/1.0" 301 70350 "-" "Mozilla/5.0 (compatible; MJ12bot/v1.4.8; http://mj12bot.com/)"
54.36.148.242 - - [10/Aug/2021:14:42:25 +0200] "GET /bolster-case-beige-p-55449.html HTTP/1.0" 200 73757 "-" "Mozilla/5.0 (compatible; AhrefsBot/7.0; +http://ahrefs.com/robot/)"
64.62.252.176 - - [10/Aug/2021:14:42:33 +0200] "GET /bamboo-stainless-steel-piece-barbecue-p-48876.html HTTP/1.0" 200 73950 "-" "The Knowledge AI"
157.55.39.5 - - [10/Aug/2021:14:42:33 +0200] "GET /coca-cola-wallet-p-31804.html HTTP/1.0" 200 70271 "-" "Mozilla/5.0 (compatible; bingbot/2.0; +http://www.bing.com/bingbot.htm)"
157.55.39.5 - - [10/Aug/2021:14:42:36 +0200] "GET /metal-beer-bucket-p-44738.html HTTP/1.0" 200 72793 "-" "Mozilla/5.0 (compatible; bingbot/2.0; +http://www.bing.com/bingbot.htm)"
185.191.171.7 - - [10/Aug/2021:14:42:37 +0200] "GET /decorative-cotton-hearts-hang-daphne-p-55649.html HTTP/1.0" 200 74100 "-" "Mozilla/5.0 (compatible; SemrushBot/7~bl; +http://www.semrush.com/bot.html)"
192.99.5.228 - - [10/Aug/2021:14:42:43 +0200] "GET /spiderman-trolley-p-30363.html HTTP/1.0" 200 70266 "-" "Mozilla/5.0 (compatible; MJ12bot/v1.4.8; http://mj12bot.com/)"
64.62.252.176 - - [10/Aug/2021:14:42:51 +0200] "GET /stainless-steel-piece-barbecue-p-55107.html HTTP/1.0" 200 74511 "-" "The Knowledge AI"
207.46.13.175 - - [10/Aug/2021:14:43:01 +0200] "GET /swfobject.js HTTP/1.0" 404 1308 "-" "Mozilla/5.0 (compatible; bingbot/2.0; +http://www.bing.com/bingbot.htm)"
64.62.252.176 - - [10/Aug/2021:14:43:10 +0200] "GET /bamboo-stainless-steel-piece-barbecue-p-48877.html HTTP/1.0" 200 73950 "-" "The Knowledge AI"
157.55.39.44 - - [10/Aug/2021:14:43:14 +0200] "GET /-p-3608.html HTTP/1.0" 200 70198 "-" "Mozilla/5.0 (compatible; bingbot/2.0; +http://www.bing.com/bingbot.htm)"
81.185.34.87 - - [10/Aug/2021:14:43:15 +0200] "GET / HTTP/1.0" 200 151448 "-" "Mozilla/5.0 (Windows NT 10.0; Win64; x64) AppleWebKit/537.36 (KHTML, like Gecko) Chrome/92.0.4515.131 Safari/537.36/IycUCowR-11"
81.185.34.87 - - [10/Aug/2021:14:43:16 +0200] "GET /templates/Pixame_v1/stylesheet.css HTTP/1.0" 200 267 "http://www.wonder-geek.com/" "Mozilla/5.0 (Windows NT 10.0; Win64; x64) AppleWebKit/537.36 (KHTML, like Gecko) Chrome/92.0.4515.131 Safari/537.36/IycUCowR-11"
81.185.34.87 - - [10/Aug/2021:14:43:17 +0200] "GET /highslide/highslide.js HTTP/1.0" 200 262 "http://www.wonder-geek.com/" "Mozilla/5.0 (Windows NT 10.0; Win64; x64) AppleWebKit/537.36 (KHTML, like Gecko) Chrome/92.0.4515.131 Safari/537.36/IycUCowR-11"
81.185.34.87 - - [10/Aug/2021:14:43:17 +0200] "GET /js/jquery.jqzoom.js HTTP/1.0" 200 259 "http://www.wonder-geek.com/" "Mozilla/5.0 (Windows NT 10.0; Win64; x64) AppleWebKit/537.36 (KHTML, like Gecko) Chrome/92.0.4515.131 Safari/537.36/IycUCowR-11"
81.185.34.87 - - [10/Aug/2021:14:43:17 +0200] "GET /js/jquery.js HTTP/1.0" 200 252 "http://www.wonder-geek.com/" "Mozilla/5.0 (Windows NT 10.0; Win64; x64) AppleWebKit/537.36 (KHTML, like Gecko) Chrome/92.0.4515.131 Safari/537.36/IycUCowR-11"
81.185.34.87 - - [10/Aug/2021:14:43:17 +0200] "GET /mondial_relay/js/jquery-1.3.2.min.js HTTP/1.0" 200 276 "http://www.wonder-geek.com/" "Mozilla/5.0 (Windows NT 10.0; Win64; x64) AppleWebKit/537.36 (KHTML, like Gecko) Chrome/92.0.4515.131 Safari/537.36/IycUCowR-11"
81.185.34.87 - - [10/Aug/2021:14:43:17 +0200] "GET /swfobject.js HTTP/1.0" 404 1308 "http://www.wonder-geek.com/" "Mozilla/5.0 (Windows NT 10.0; Win64; x64) AppleWebKit/537.36 (KHTML, like Gecko) Chrome/92.0.4515.131 Safari/537.36/IycUCowR-11"
81.185.34.87 - - [10/Aug/2021:14:43:17 +0200] "GET /js/jquery.min.js HTTP/1.0" 404 1308 "http://www.wonder-geek.com/" "Mozilla/5.0 (Windows NT 10.0; Win64; x64) AppleWebKit/537.36 (KHTML, like Gecko) Chrome/92.0.4515.131 Safari/537.36/IycUCowR-11"
81.185.34.87 - - [10/Aug/2021:14:43:17 +0200] "GET /js/jquery.masonry.min.js HTTP/1.0" 200 264 "http://www.wonder-geek.com/" "Mozilla/5.0 (Windows NT 10.0; Win64; x64) AppleWebKit/537.36 (KHTML, like Gecko) Chrome/92.0.4515.131 Safari/537.36/IycUCowR-11"
81.185.34.87 - - [10/Aug/2021:14:43:17 +0200] "GET /js/modernizr-transitions.js HTTP/1.0" 200 267 "http://www.wonder-geek.com/" "Mozilla/5.0 (Windows NT 10.0; Win64; x64) AppleWebKit/537.36 (KHTML, like Gecko) Chrome/92.0.4515.131 Safari/537.36/IycUCowR-11"
81.185.34.87 - - [10/Aug/2021:14:43:17 +0200] "GET /templates/Pixame_v1/images/icon_accueil2.png HTTP/1.0" 200 278 "http://www.wonder-geek.com/" "Mozilla/5.0 (Windows NT 10.0; Win64; x64) AppleWebKit/537.36 (KHTML, like Gecko) Chrome/92.0.4515.131 Safari/537.36/IycUCowR-11"
192.99.5.228 - - [10/Aug/2021:14:43:16 +0200] "GET /spiderman-trolley-p-30363.html HTTP/1.0" 200 70266 "-" "Mozilla/5.0 (compatible; MJ12bot/v1.4.8; http://mj12bot.com/)"
81.185.34.87 - - [10/Aug/2021:14:43:17 +0200] "GET /templates/Pixame_v1/images/Middle_texture.jpg HTTP/1.0" 200 280 "http://www.wonder-geek.com/templates/Pixame_v1/stylesheet.css" "Mozilla/5.0 (Windows NT 10.0; Win64; x64) AppleWebKit/537.36 (KHTML, like Gecko) Chrome/92.0.4515.131 Safari/537.36/IycUCowR-11"
81.185.34.87 - - [10/Aug/2021:14:43:17 +0200] "GET /templates/Pixame_v1/images/Bottom_texture.jpg HTTP/1.0" 200 280 "http://www.wonder-geek.com/templates/Pixame_v1/stylesheet.css" "Mozilla/5.0 (Windows NT 10.0; Win64; x64) AppleWebKit/537.36 (KHTML, like Gecko) Chrome/92.0.4515.131 Safari/537.36/IycUCowR-11"
81.185.34.87 - - [10/Aug/2021:14:43:17 +0200] "GET /templates/Pixame_v1/images/header.png HTTP/1.0" 200 271 "http://www.wonder-geek.com/templates/Pixame_v1/stylesheet.css" "Mozilla/5.0 (Windows NT 10.0; Win64; x64) AppleWebKit/537.36 (KHTML, like Gecko) Chrome/92.0.4515.131 Safari/537.36/IycUCowR-11"
81.185.34.87 - - [10/Aug/2021:14:43:17 +0200] "GET /templates/Pixame_v1/images/nav.png HTTP/1.0" 200 268 "http://www.wonder-geek.com/templates/Pixame_v1/stylesheet.css" "Mozilla/5.0 (Windows NT 10.0; Win64; x64) AppleWebKit/537.36 (KHTML, like Gecko) Chrome/92.0.4515.131 Safari/537.36/IycUCowR-11"
81.185.34.87 - - [10/Aug/2021:14:43:17 +0200] "GET /templates/Pixame_v1/images/header-object.png HTTP/1.0" 200 278 "http://www.wonder-geek.com/templates/Pixame_v1/stylesheet.css" "Mozilla/5.0 (Windows NT 10.0; Win64; x64) AppleWebKit/537.36 (KHTML, like Gecko) Chrome/92.0.4515.131 Safari/537.36/IycUCowR-11"
81.185.34.87 - - [10/Aug/2021:14:43:17 +0200] "GET /templates/Pixame_v1/images/pixel_trans.gif HTTP/1.0" 200 328 "http://www.wonder-geek.com/" "Mozilla/5.0 (Windows NT 10.0; Win64; x64) AppleWebKit/537.36 (KHTML, like Gecko) Chrome/92.0.4515.131 Safari/537.36/IycUCowR-11"
81.185.34.87 - - [10/Aug/2021:14:43:18 +0200] "GET /images/pixel_trans.gif HTTP/1.0" 200 328 "http://www.wonder-geek.com/" "Mozilla/5.0 (Windows NT 10.0; Win64; x64) AppleWebKit/537.36 (KHTML, like Gecko) Chrome/92.0.4515.131 Safari/537.36/IycUCowR-11"
81.185.34.87 - - [10/Aug/2021:14:43:18 +0200] "GET /design/productsenstock.png HTTP/1.0" 200 260 "http://www.wonder-geek.com/templates/Pixame_v1/stylesheet.css" "Mozilla/5.0 (Windows NT 10.0; Win64; x64) AppleWebKit/537.36 (KHTML, like Gecko) Chrome/92.0.4515.131 Safari/537.36/IycUCowR-11"
81.185.34.87 - - [10/Aug/2021:14:43:18 +0200] "GET /templates/Pixame_v1/images/infobox/infobox_footer_middle.gif HTTP/1.0" 200 357 "http://www.wonder-geek.com/" "Mozilla/5.0 (Windows NT 10.0; Win64; x64) AppleWebKit/537.36 (KHTML, like Gecko) Chrome/92.0.4515.131 Safari/537.36/IycUCowR-11"
81.185.34.87 - - [10/Aug/2021:14:43:18 +0200] "GET /images/mini_prod/3700572716312.jpg HTTP/1.0" 200 269 "http://www.wonder-geek.com/" "Mozilla/5.0 (Windows NT 10.0; Win64; x64) AppleWebKit/537.36 (KHTML, like Gecko) Chrome/92.0.4515.131 Safari/537.36/IycUCowR-11"
81.185.34.87 - - [10/Aug/2021:14:43:18 +0200] "GET /images/mini_prod/3700572739625.jpg HTTP/1.0" 200 269 "http://www.wonder-geek.com/" "Mozilla/5.0 (Windows NT 10.0; Win64; x64) AppleWebKit/537.36 (KHTML, like Gecko) Chrome/92.0.4515.131 Safari/537.36/IycUCowR-11"
81.185.34.87 - - [10/Aug/2021:14:43:18 +0200] "GET /images/mini_prod/3700572716305.jpg HTTP/1.0" 200 269 "http://www.wonder-geek.com/" "Mozilla/5.0 (Windows NT 10.0; Win64; x64) AppleWebKit/537.36 (KHTML, like Gecko) Chrome/92.0.4515.131 Safari/537.36/IycUCowR-11"
157.55.39.51 - - [10/Aug/2021:14:43:18 +0200] "GET /images/med_prod/8435107822583.jpg HTTP/1.0" 200 268 "-" "Mozilla/5.0 (compatible; bingbot/2.0; +http://www.bing.com/bingbot.htm)"
81.185.34.87 - - [10/Aug/2021:14:43:19 +0200] "GET /images/mini_prod/3700572739465.jpg HTTP/1.0" 200 269 "http://www.wonder-geek.com/" "Mozilla/5.0 (Windows NT 10.0; Win64; x64) AppleWebKit/537.36 (KHTML, like Gecko) Chrome/92.0.4515.131 Safari/537.36/IycUCowR-11"
81.185.34.87 - - [10/Aug/2021:14:43:19 +0200] "GET /images/mini_prod/3700572739168.jpg HTTP/1.0" 200 269 "http://www.wonder-geek.com/" "Mozilla/5.0 (Windows NT 10.0; Win64; x64) AppleWebKit/537.36 (KHTML, like Gecko) Chrome/92.0.4515.131 Safari/537.36/IycUCowR-11"
81.185.34.87 - - [10/Aug/2021:14:43:19 +0200] "GET /images/mini_prod/3520071792569.jpg HTTP/1.0" 200 269 "http://www.wonder-geek.com/" "Mozilla/5.0 (Windows NT 10.0; Win64; x64) AppleWebKit/537.36 (KHTML, like Gecko) Chrome/92.0.4515.131 Safari/537.36/IycUCowR-11"
81.185.34.87 - - [10/Aug/2021:14:43:19 +0200] "GET /images/mini_prod/4542202662700.jpg HTTP/1.0" 200 269 "http://www.wonder-geek.com/" "Mozilla/5.0 (Windows NT 10.0; Win64; x64) AppleWebKit/537.36 (KHTML, like Gecko) Chrome/92.0.4515.131 Safari/537.36/IycUCowR-11"
81.185.34.87 - - [10/Aug/2021:14:43:19 +0200] "GET /images/mini_prod/3700572738994.jpg HTTP/1.0" 200 269 "http://www.wonder-geek.com/" "Mozilla/5.0 (Windows NT 10.0; Win64; x64) AppleWebKit/537.36 (KHTML, like Gecko) Chrome/92.0.4515.131 Safari/537.36/IycUCowR-11"
81.185.34.87 - - [10/Aug/2021:14:43:19 +0200] "GET /images/mini_prod/3700572731711.jpg HTTP/1.0" 200 269 "http://www.wonder-geek.com/" "Mozilla/5.0 (Windows NT 10.0; Win64; x64) AppleWebKit/537.36 (KHTML, like Gecko) Chrome/92.0.4515.131 Safari/537.36/IycUCowR-11"
81.185.34.87 - - [10/Aug/2021:14:43:20 +0200] "GET /images/mini_prod/8422002416016.jpg HTTP/1.0" 200 269 "http://www.wonder-geek.com/" "Mozilla/5.0 (Windows NT 10.0; Win64; x64) AppleWebKit/537.36 (KHTML, like Gecko) Chrome/92.0.4515.131 Safari/537.36/IycUCowR-11"
81.185.34.87 - - [10/Aug/2021:14:43:20 +0200] "GET /images/mini_prod/3520071755465.jpg HTTP/1.0" 200 269 "http://www.wonder-geek.com/" "Mozilla/5.0 (Windows NT 10.0; Win64; x64) AppleWebKit/537.36 (KHTML, like Gecko) Chrome/92.0.4515.131 Safari/537.36/IycUCowR-11"
81.185.34.87 - - [10/Aug/2021:14:43:20 +0200] "GET /images/mini_prod/3520071792231.jpg HTTP/1.0" 200 269 "http://www.wonder-geek.com/" "Mozilla/5.0 (Windows NT 10.0; Win64; x64) AppleWebKit/537.36 (KHTML, like Gecko) Chrome/92.0.4515.131 Safari/537.36/IycUCowR-11"
81.185.34.87 - - [10/Aug/2021:14:43:20 +0200] "GET /images/mini_prod/3700572739021.jpg HTTP/1.0" 200 269 "http://www.wonder-geek.com/" "Mozilla/5.0 (Windows NT 10.0; Win64; x64) AppleWebKit/537.36 (KHTML, like Gecko) Chrome/92.0.4515.131 Safari/537.36/IycUCowR-11"
81.185.34.87 - - [10/Aug/2021:14:43:20 +0200] "GET /images/mini_prod/3700281647440.jpg HTTP/1.0" 200 269 "http://www.wonder-geek.com/" "Mozilla/5.0 (Windows NT 10.0; Win64; x64) AppleWebKit/537.36 (KHTML, like Gecko) Chrome/92.0.4515.131 Safari/537.36/IycUCowR-11"
81.185.34.87 - - [10/Aug/2021:14:43:20 +0200] "GET /images/mini_prod/3700572739120.jpg HTTP/1.0" 200 269 "http://www.wonder-geek.com/" "Mozilla/5.0 (Windows NT 10.0; Win64; x64) AppleWebKit/537.36 (KHTML, like Gecko) Chrome/92.0.4515.131 Safari/537.36/IycUCowR-11"
81.185.34.87 - - [10/Aug/2021:14:43:20 +0200] "GET /images/mini_prod/8422069058877.jpg HTTP/1.0" 200 269 "http://www.wonder-geek.com/" "Mozilla/5.0 (Windows NT 10.0; Win64; x64) AppleWebKit/537.36 (KHTML, like Gecko) Chrome/92.0.4515.131 Safari/537.36/IycUCowR-11"
81.185.34.87 - - [10/Aug/2021:14:43:20 +0200] "GET /images/mini_prod/3700572739588.jpg HTTP/1.0" 200 269 "http://www.wonder-geek.com/" "Mozilla/5.0 (Windows NT 10.0; Win64; x64) AppleWebKit/537.36 (KHTML, like Gecko) Chrome/92.0.4515.131 Safari/537.36/IycUCowR-11"
81.185.34.87 - - [10/Aug/2021:14:43:20 +0200] "GET /images/mini_prod/3700572739441.jpg HTTP/1.0" 200 269 "http://www.wonder-geek.com/" "Mozilla/5.0 (Windows NT 10.0; Win64; x64) AppleWebKit/537.36 (KHTML, like Gecko) Chrome/92.0.4515.131 Safari/537.36/IycUCowR-11"
81.185.34.87 - - [10/Aug/2021:14:43:20 +0200] "GET /images/mini_prod/3700572722238.jpg HTTP/1.0" 200 269 "http://www.wonder-geek.com/" "Mozilla/5.0 (Windows NT 10.0; Win64; x64) AppleWebKit/537.36 (KHTML, like Gecko) Chrome/92.0.4515.131 Safari/537.36/IycUCowR-11"
81.185.34.87 - - [10/Aug/2021:14:43:20 +0200] "GET /images/mini_prod/3453131158992.jpg HTTP/1.0" 200 269 "http://www.wonder-geek.com/" "Mozilla/5.0 (Windows NT 10.0; Win64; x64) AppleWebKit/537.36 (KHTML, like Gecko) Chrome/92.0.4515.131 Safari/537.36/IycUCowR-11"
81.185.34.87 - - [10/Aug/2021:14:43:20 +0200] "GET /images/mini_prod/3665269060157c.jpg HTTP/1.0" 200 270 "http://www.wonder-geek.com/" "Mozilla/5.0 (Windows NT 10.0; Win64; x64) AppleWebKit/537.36 (KHTML, like Gecko) Chrome/92.0.4515.131 Safari/537.36/IycUCowR-11"
81.185.34.87 - - [10/Aug/2021:14:43:21 +0200] "GET /images/mini_prod/3520071808031.jpg HTTP/1.0" 200 269 "http://www.wonder-geek.com/" "Mozilla/5.0 (Windows NT 10.0; Win64; x64) AppleWebKit/537.36 (KHTML, like Gecko) Chrome/92.0.4515.131 Safari/537.36/IycUCowR-11"
81.185.34.87 - - [10/Aug/2021:14:43:21 +0200] "GET /images/mini_prod/3700572739014.jpg HTTP/1.0" 200 269 "http://www.wonder-geek.com/" "Mozilla/5.0 (Windows NT 10.0; Win64; x64) AppleWebKit/537.36 (KHTML, like Gecko) Chrome/92.0.4515.131 Safari/537.36/IycUCowR-11"
81.185.34.87 - - [10/Aug/2021:14:43:21 +0200] "GET /images/mini_prod/3700572739328.jpg HTTP/1.0" 200 269 "http://www.wonder-geek.com/" "Mozilla/5.0 (Windows NT 10.0; Win64; x64) AppleWebKit/537.36 (KHTML, like Gecko) Chrome/92.0.4515.131 Safari/537.36/IycUCowR-11"
81.185.34.87 - - [10/Aug/2021:14:43:21 +0200] "GET /images/mini_prod/3520071792576D.jpg HTTP/1.0" 200 270 "http://www.wonder-geek.com/" "Mozilla/5.0 (Windows NT 10.0; Win64; x64) AppleWebKit/537.36 (KHTML, like Gecko) Chrome/92.0.4515.131 Safari/537.36/IycUCowR-11"
81.185.34.87 - - [10/Aug/2021:14:43:21 +0200] "GET /images/mini_prod/3701206600106.jpg HTTP/1.0" 200 269 "http://www.wonder-geek.com/" "Mozilla/5.0 (Windows NT 10.0; Win64; x64) AppleWebKit/537.36 (KHTML, like Gecko) Chrome/92.0.4515.131 Safari/537.36/IycUCowR-11"
81.185.34.87 - - [10/Aug/2021:14:43:21 +0200] "GET /images/mini_prod/3700572739601.jpg HTTP/1.0" 200 269 "http://www.wonder-geek.com/" "Mozilla/5.0 (Windows NT 10.0; Win64; x64) AppleWebKit/537.36 (KHTML, like Gecko) Chrome/92.0.4515.131 Safari/537.36/IycUCowR-11"
81.185.34.87 - - [10/Aug/2021:14:43:21 +0200] "GET /images/mini_prod/3700572730721.jpg HTTP/1.0" 200 269 "http://www.wonder-geek.com/" "Mozilla/5.0 (Windows NT 10.0; Win64; x64) AppleWebKit/537.36 (KHTML, like Gecko) Chrome/92.0.4515.131 Safari/537.36/IycUCowR-11"
81.185.34.87 - - [10/Aug/2021:14:43:21 +0200] "GET /images/mini_prod/b720322305378.jpg HTTP/1.0" 200 269 "http://www.wonder-geek.com/" "Mozilla/5.0 (Windows NT 10.0; Win64; x64) AppleWebKit/537.36 (KHTML, like Gecko) Chrome/92.0.4515.131 Safari/537.36/IycUCowR-11"
81.185.34.87 - - [10/Aug/2021:14:43:21 +0200] "GET /images/mini_prod/3700572739632.jpg HTTP/1.0" 200 269 "http://www.wonder-geek.com/" "Mozilla/5.0 (Windows NT 10.0; Win64; x64) AppleWebKit/537.36 (KHTML, like Gecko) Chrome/92.0.4515.131 Safari/537.36/IycUCowR-11"
81.185.34.87 - - [10/Aug/2021:14:43:21 +0200] "GET /images/mini_prod/3700572737140.jpg HTTP/1.0" 200 269 "http://www.wonder-geek.com/" "Mozilla/5.0 (Windows NT 10.0; Win64; x64) AppleWebKit/537.36 (KHTML, like Gecko) Chrome/92.0.4515.131 Safari/537.36/IycUCowR-11"
81.185.34.87 - - [10/Aug/2021:14:43:22 +0200] "GET /images/mini_prod/3453131158978.jpg HTTP/1.0" 200 269 "http://www.wonder-geek.com/" "Mozilla/5.0 (Windows NT 10.0; Win64; x64) AppleWebKit/537.36 (KHTML, like Gecko) Chrome/92.0.4515.131 Safari/537.36/IycUCowR-11"
81.185.34.87 - - [10/Aug/2021:14:43:22 +0200] "GET /images/mini_prod/3700572730936.jpg HTTP/1.0" 200 269 "http://www.wonder-geek.com/" "Mozilla/5.0 (Windows NT 10.0; Win64; x64) AppleWebKit/537.36 (KHTML, like Gecko) Chrome/92.0.4515.131 Safari/537.36/IycUCowR-11"
81.185.34.87 - - [10/Aug/2021:14:43:22 +0200] "GET /images/mini_prod/8424345650386.jpg HTTP/1.0" 200 269 "http://www.wonder-geek.com/" "Mozilla/5.0 (Windows NT 10.0; Win64; x64) AppleWebKit/537.36 (KHTML, like Gecko) Chrome/92.0.4515.131 Safari/537.36/IycUCowR-11"
81.185.34.87 - - [10/Aug/2021:14:43:22 +0200] "GET /images/mini_prod/3503420080289.jpg HTTP/1.0" 200 269 "http://www.wonder-geek.com/" "Mozilla/5.0 (Windows NT 10.0; Win64; x64) AppleWebKit/537.36 (KHTML, like Gecko) Chrome/92.0.4515.131 Safari/537.36/IycUCowR-11"
81.185.34.87 - - [10/Aug/2021:14:43:22 +0200] "GET /images/mini_prod/3520071757377.jpg HTTP/1.0" 200 269 "http://www.wonder-geek.com/" "Mozilla/5.0 (Windows NT 10.0; Win64; x64) AppleWebKit/537.36 (KHTML, like Gecko) Chrome/92.0.4515.131 Safari/537.36/IycUCowR-11"
81.185.34.87 - - [10/Aug/2021:14:43:22 +0200] "GET /images/mini_prod/3700572716329.jpg HTTP/1.0" 200 269 "http://www.wonder-geek.com/" "Mozilla/5.0 (Windows NT 10.0; Win64; x64) AppleWebKit/537.36 (KHTML, like Gecko) Chrome/92.0.4515.131 Safari/537.36/IycUCowR-11"
81.185.34.87 - - [10/Aug/2021:14:43:22 +0200] "GET /images/mini_prod/3609810060999.jpg HTTP/1.0" 200 269 "http://www.wonder-geek.com/" "Mozilla/5.0 (Windows NT 10.0; Win64; x64) AppleWebKit/537.36 (KHTML, like Gecko) Chrome/92.0.4515.131 Safari/537.36/IycUCowR-11"
81.185.34.87 - - [10/Aug/2021:14:43:22 +0200] "GET /images/mini_prod/8422069058464.jpg HTTP/1.0" 200 269 "http://www.wonder-geek.com/" "Mozilla/5.0 (Windows NT 10.0; Win64; x64) AppleWebKit/537.36 (KHTML, like Gecko) Chrome/92.0.4515.131 Safari/537.36/IycUCowR-11"
81.185.34.87 - - [10/Aug/2021:14:43:22 +0200] "GET /images/mini_prod/3700572739366.jpg HTTP/1.0" 200 269 "http://www.wonder-geek.com/" "Mozilla/5.0 (Windows NT 10.0; Win64; x64) AppleWebKit/537.36 (KHTML, like Gecko) Chrome/92.0.4515.131 Safari/537.36/IycUCowR-11"
81.185.34.87 - - [10/Aug/2021:14:43:22 +0200] "GET /images/mini_prod/6941448608196c.jpg HTTP/1.0" 200 270 "http://www.wonder-geek.com/" "Mozilla/5.0 (Windows NT 10.0; Win64; x64) AppleWebKit/537.36 (KHTML, like Gecko) Chrome/92.0.4515.131 Safari/537.36/IycUCowR-11"
81.185.34.87 - - [10/Aug/2021:14:43:23 +0200] "GET /images/mini_prod/3760233683483.jpg HTTP/1.0" 200 269 "http://www.wonder-geek.com/" "Mozilla/5.0 (Windows NT 10.0; Win64; x64) AppleWebKit/537.36 (KHTML, like Gecko) Chrome/92.0.4515.131 Safari/537.36/IycUCowR-11"
81.185.34.87 - - [10/Aug/2021:14:43:23 +0200] "GET /images/mini_prod/3520071803913.jpg HTTP/1.0" 200 269 "http://www.wonder-geek.com/" "Mozilla/5.0 (Windows NT 10.0; Win64; x64) AppleWebKit/537.36 (KHTML, like Gecko) Chrome/92.0.4515.131 Safari/537.36/IycUCowR-11"
81.185.34.87 - - [10/Aug/2021:14:43:23 +0200] "GET /images/mini_prod/8422069057597.jpg HTTP/1.0" 200 269 "http://www.wonder-geek.com/" "Mozilla/5.0 (Windows NT 10.0; Win64; x64) AppleWebKit/537.36 (KHTML, like Gecko) Chrome/92.0.4515.131 Safari/537.36/IycUCowR-11"
81.185.34.87 - - [10/Aug/2021:14:43:23 +0200] "GET /images/mini_prod/3700572722504.jpg HTTP/1.0" 200 269 "http://www.wonder-geek.com/" "Mozilla/5.0 (Windows NT 10.0; Win64; x64) AppleWebKit/537.36 (KHTML, like Gecko) Chrome/92.0.4515.131 Safari/537.36/IycUCowR-11"
81.185.34.87 - - [10/Aug/2021:14:43:23 +0200] "GET /images/mini_prod/8717202557042.jpg HTTP/1.0" 200 269 "http://www.wonder-geek.com/" "Mozilla/5.0 (Windows NT 10.0; Win64; x64) AppleWebKit/537.36 (KHTML, like Gecko) Chrome/92.0.4515.131 Safari/537.36/IycUCowR-11"
81.185.34.87 - - [10/Aug/2021:14:43:23 +0200] "GET /images/mini_prod/3700572754444.jpg HTTP/1.0" 200 269 "http://www.wonder-geek.com/" "Mozilla/5.0 (Windows NT 10.0; Win64; x64) AppleWebKit/537.36 (KHTML, like Gecko) Chrome/92.0.4515.131 Safari/537.36/IycUCowR-11"
81.185.34.87 - - [10/Aug/2021:14:43:23 +0200] "GET /images/mini_prod/3700572715797.jpg HTTP/1.0" 200 269 "http://www.wonder-geek.com/" "Mozilla/5.0 (Windows NT 10.0; Win64; x64) AppleWebKit/537.36 (KHTML, like Gecko) Chrome/92.0.4515.131 Safari/537.36/IycUCowR-11"
81.185.34.87 - - [10/Aug/2021:14:43:23 +0200] "GET /images/mini_prod/3700572739083.jpg HTTP/1.0" 200 269 "http://www.wonder-geek.com/" "Mozilla/5.0 (Windows NT 10.0; Win64; x64) AppleWebKit/537.36 (KHTML, like Gecko) Chrome/92.0.4515.131 Safari/537.36/IycUCowR-11"
81.185.34.87 - - [10/Aug/2021:14:43:23 +0200] "GET /images/mini_prod/3520071820224.jpg HTTP/1.0" 200 269 "http://www.wonder-geek.com/" "Mozilla/5.0 (Windows NT 10.0; Win64; x64) AppleWebKit/537.36 (KHTML, like Gecko) Chrome/92.0.4515.131 Safari/537.36/IycUCowR-11"
81.185.34.87 - - [10/Aug/2021:14:43:23 +0200] "GET /images/mini_prod/3760233683506.jpg HTTP/1.0" 200 269 "http://www.wonder-geek.com/" "Mozilla/5.0 (Windows NT 10.0; Win64; x64) AppleWebKit/537.36 (KHTML, like Gecko) Chrome/92.0.4515.131 Safari/537.36/IycUCowR-11"
81.185.34.87 - - [10/Aug/2021:14:43:23 +0200] "GET /images/mini_prod/3700572722481.jpg HTTP/1.0" 200 269 "http://www.wonder-geek.com/" "Mozilla/5.0 (Windows NT 10.0; Win64; x64) AppleWebKit/537.36 (KHTML, like Gecko) Chrome/92.0.4515.131 Safari/537.36/IycUCowR-11"
81.185.34.87 - - [10/Aug/2021:14:43:24 +0200] "GET /images/mini_prod/3520071686417.jpg HTTP/1.0" 200 269 "http://www.wonder-geek.com/" "Mozilla/5.0 (Windows NT 10.0; Win64; x64) AppleWebKit/537.36 (KHTML, like Gecko) Chrome/92.0.4515.131 Safari/537.36/IycUCowR-11"
81.185.34.87 - - [10/Aug/2021:14:43:24 +0200] "GET /images/mini_prod/3700572715803.jpg HTTP/1.0" 200 269 "http://www.wonder-geek.com/" "Mozilla/5.0 (Windows NT 10.0; Win64; x64) AppleWebKit/537.36 (KHTML, like Gecko) Chrome/92.0.4515.131 Safari/537.36/IycUCowR-11"
81.185.34.87 - - [10/Aug/2021:14:43:24 +0200] "GET /images/mini_prod/8422015291419.jpg HTTP/1.0" 200 269 "http://www.wonder-geek.com/" "Mozilla/5.0 (Windows NT 10.0; Win64; x64) AppleWebKit/537.36 (KHTML, like Gecko) Chrome/92.0.4515.131 Safari/537.36/IycUCowR-11"
81.185.34.87 - - [10/Aug/2021:14:43:24 +0200] "GET /images/mini_prod/4542202662724.jpg HTTP/1.0" 200 269 "http://www.wonder-geek.com/" "Mozilla/5.0 (Windows NT 10.0; Win64; x64) AppleWebKit/537.36 (KHTML, like Gecko) Chrome/92.0.4515.131 Safari/537.36/IycUCowR-11"
81.185.34.87 - - [10/Aug/2021:14:43:24 +0200] "GET /images/mini_prod/3453131153485.jpg HTTP/1.0" 200 269 "http://www.wonder-geek.com/" "Mozilla/5.0 (Windows NT 10.0; Win64; x64) AppleWebKit/537.36 (KHTML, like Gecko) Chrome/92.0.4515.131 Safari/537.36/IycUCowR-11"
81.185.34.87 - - [10/Aug/2021:14:43:24 +0200] "GET /images/mini_prod/3700572739496.jpg HTTP/1.0" 200 269 "http://www.wonder-geek.com/" "Mozilla/5.0 (Windows NT 10.0; Win64; x64) AppleWebKit/537.36 (KHTML, like Gecko) Chrome/92.0.4515.131 Safari/537.36/IycUCowR-11"
81.185.34.87 - - [10/Aug/2021:14:43:24 +0200] "GET /images/mini_prod/3700572722368.jpg HTTP/1.0" 200 269 "http://www.wonder-geek.com/" "Mozilla/5.0 (Windows NT 10.0; Win64; x64) AppleWebKit/537.36 (KHTML, like Gecko) Chrome/92.0.4515.131 Safari/537.36/IycUCowR-11"
81.185.34.87 - - [10/Aug/2021:14:43:24 +0200] "GET /images/mini_prod/3453131156646.jpg HTTP/1.0" 200 269 "http://www.wonder-geek.com/" "Mozilla/5.0 (Windows NT 10.0; Win64; x64) AppleWebKit/537.36 (KHTML, like Gecko) Chrome/92.0.4515.131 Safari/537.36/IycUCowR-11"
81.185.34.87 - - [10/Aug/2021:14:43:24 +0200] "GET /images/mini_prod/3700572739137.jpg HTTP/1.0" 200 269 "http://www.wonder-geek.com/" "Mozilla/5.0 (Windows NT 10.0; Win64; x64) AppleWebKit/537.36 (KHTML, like Gecko) Chrome/92.0.4515.131 Safari/537.36/IycUCowR-11"
81.185.34.87 - - [10/Aug/2021:14:43:24 +0200] "GET /images/mini_prod/8422026571807.jpg HTTP/1.0" 200 269 "http://www.wonder-geek.com/" "Mozilla/5.0 (Windows NT 10.0; Win64; x64) AppleWebKit/537.36 (KHTML, like Gecko) Chrome/92.0.4515.131 Safari/537.36/IycUCowR-11"
81.185.34.87 - - [10/Aug/2021:14:43:24 +0200] "GET /images/mini_prod/3760233682929a.jpg HTTP/1.0" 200 270 "http://www.wonder-geek.com/" "Mozilla/5.0 (Windows NT 10.0; Win64; x64) AppleWebKit/537.36 (KHTML, like Gecko) Chrome/92.0.4515.131 Safari/537.36/IycUCowR-11"
81.185.34.87 - - [10/Aug/2021:14:43:25 +0200] "GET /images/mini_prod/3700572739038.jpg HTTP/1.0" 200 269 "http://www.wonder-geek.com/" "Mozilla/5.0 (Windows NT 10.0; Win64; x64) AppleWebKit/537.36 (KHTML, like Gecko) Chrome/92.0.4515.131 Safari/537.36/IycUCowR-11"
81.185.34.87 - - [10/Aug/2021:14:43:25 +0200] "GET /images/mini_prod/3700572730585.jpg HTTP/1.0" 200 269 "http://www.wonder-geek.com/" "Mozilla/5.0 (Windows NT 10.0; Win64; x64) AppleWebKit/537.36 (KHTML, like Gecko) Chrome/92.0.4515.131 Safari/537.36/IycUCowR-11"
81.185.34.87 - - [10/Aug/2021:14:43:25 +0200] "GET /templates/Pixame_v1/images/infobox/pixel_trans.gif HTTP/1.0" 200 328 "http://www.wonder-geek.com/" "Mozilla/5.0 (Windows NT 10.0; Win64; x64) AppleWebKit/537.36 (KHTML, like Gecko) Chrome/92.0.4515.131 Safari/537.36/IycUCowR-11"
81.185.34.87 - - [10/Aug/2021:14:43:25 +0200] "GET /highslide/graphics/outlines/drop-shadow.png HTTP/1.0" 200 277 "http://www.wonder-geek.com/" "Mozilla/5.0 (Windows NT 10.0; Win64; x64) AppleWebKit/537.36 (KHTML, like Gecko) Chrome/92.0.4515.131 Safari/537.36/IycUCowR-11"
81.185.34.87 - - [10/Aug/2021:14:43:25 +0200] "GET /highslide/graphics/zoomout.cur HTTP/1.0" 200 614 "http://www.wonder-geek.com/" "Mozilla/5.0 (Windows NT 10.0; Win64; x64) AppleWebKit/537.36 (KHTML, like Gecko) Chrome/92.0.4515.131 Safari/537.36/IycUCowR-11"
81.185.34.87 - - [10/Aug/2021:14:43:25 +0200] "GET /highslide/graphics/loader.white.gif HTTP/1.0" 200 960 "http://www.wonder-geek.com/templates/Pixame_v1/stylesheet.css" "Mozilla/5.0 (Windows NT 10.0; Win64; x64) AppleWebKit/537.36 (KHTML, like Gecko) Chrome/92.0.4515.131 Safari/537.36/IycUCowR-11"
81.185.34.87 - - [10/Aug/2021:14:43:25 +0200] "GET /favicon.ico HTTP/1.0" 200 260 "http://www.wonder-geek.com/" "Mozilla/5.0 (Windows NT 10.0; Win64; x64) AppleWebKit/537.36 (KHTML, like Gecko) Chrome/92.0.4515.131 Safari/537.36/IycUCowR-11"
64.62.252.176 - - [10/Aug/2021:14:43:28 +0200] "GET /bottle-holder-beer-bucket-c-12_224.html?page=2 HTTP/1.0" 200 90768 "-" "The Knowledge AI"
54.36.148.242 - - [10/Aug/2021:14:43:38 +0200] "GET /high-school-musical-picnic-p-3538.html HTTP/1.0" 200 75247 "-" "Mozilla/5.0 (compatible; AhrefsBot/7.0; +http://ahrefs.com/robot/)"
64.62.252.176 - - [10/Aug/2021:14:43:47 +0200] "GET /bottle-holder-beer-bucket-c-12_224.html?page=3 HTTP/1.0" 200 88902 "-" "The Knowledge AI"
54.36.148.155 - - [10/Aug/2021:14:43:50 +0200] "GET /deco-kit-sommelier-p-43916.html HTTP/1.0" 301 73104 "-" "Mozilla/5.0 (compatible; AhrefsBot/7.0; +http://ahrefs.com/robot/)"
192.99.5.228 - - [10/Aug/2021:14:43:54 +0200] "GET /spongebob-ceiling-light-p-16142.html HTTP/1.0" 301 70267 "-" "Mozilla/5.0 (compatible; MJ12bot/v1.4.8; http://mj12bot.com/)"
185.191.171.4 - - [10/Aug/2021:14:43:54 +0200] "GET /horses-cbkreation-p-28499.html?action=add_product HTTP/1.0" 302 476 "-" "Mozilla/5.0 (compatible; SemrushBot/7~bl; +http://www.semrush.com/bot.html)"
185.191.171.42 - - [10/Aug/2021:14:44:11 +0200] "GET /-p-53783.html?action=add_product HTTP/1.0" 302 476 "-" "Mozilla/5.0 (compatible; SemrushBot/7~bl; +http://www.semrush.com/bot.html)"
64.62.252.176 - - [10/Aug/2021:14:44:18 +0200] "GET /small-metal-beer-bucket-barbecue-p-41207.html HTTP/1.0" 200 72972 "-" "The Knowledge AI"
157.55.39.122 - - [10/Aug/2021:14:44:24 +0200] "GET /mini-motsu-keel-toys-plush-p-46184.html HTTP/1.0" 200 70294 "-" "Mozilla/5.0 (compatible; bingbot/2.0; +http://www.bing.com/bingbot.htm)"
207.46.13.101 - - [10/Aug/2021:14:44:31 +0200] "GET /horse-cushion-cbkreation-p-28498.html HTTP/1.0" 200 70264 "-" "Mozilla/5.0 (compatible; bingbot/2.0; +http://www.bing.com/bingbot.htm)"
192.99.5.228 - - [10/Aug/2021:14:44:32 +0200] "GET /-p-16142.html HTTP/1.0" 200 70200 "-" "Mozilla/5.0 (compatible; MJ12bot/v1.4.8; http://mj12bot.com/)"
207.46.13.101 - - [10/Aug/2021:14:44:33 +0200] "GET /mini-cooper-union-jack-figurine-p-26256.html HTTP/1.0" 301 70267 "-" "Mozilla/5.0 (compatible; bingbot/2.0; +http://www.bing.com/bingbot.htm)"
64.62.252.176 - - [10/Aug/2021:14:44:37 +0200] "GET /small-metal-beer-bucket-cocktail-lounge-p-41208.html HTTP/1.0" 200 73075 "-" "The Knowledge AI"
54.36.148.242 - - [10/Aug/2021:14:44:53 +0200] "GET /placemat-kiub-collection-cats-piano-p-55906.html HTTP/1.0" 200 72993 "-" "Mozilla/5.0 (compatible; AhrefsBot/7.0; +http://ahrefs.com/robot/)"
64.62.252.176 - - [10/Aug/2021:14:44:55 +0200] "GET /metal-beer-bucket-pizza-bire-foot-p-53421.html HTTP/1.0" 200 72874 "-" "The Knowledge AI"
157.55.39.5 - - [10/Aug/2021:14:45:04 +0200] "GET /-p-21265.html HTTP/1.0" 200 70200 "-" "Mozilla/5.0 (compatible; bingbot/2.0; +http://www.bing.com/bingbot.htm)"
185.191.171.2 - - [10/Aug/2021:14:45:04 +0200] "GET /merci-gustave-mickey-and-minnie-big-ben-mug-p-34904.html HTTP/1.0" 301 73136 "-" "Mozilla/5.0 (compatible; SemrushBot/7~bl; +http://www.semrush.com/bot.html)"
185.191.171.10 - - [10/Aug/2021:14:45:08 +0200] "GET /merci-gustave-mickey-minnie-p-34904.html HTTP/1.0" 200 73042 "-" "Mozilla/5.0 (compatible; SemrushBot/7~bl; +http://www.semrush.com/bot.html)"
40.77.167.106 - - [10/Aug/2021:14:45:14 +0200] "GET /minnie-mouse-surprise-collection-figure-p-17337.html HTTP/1.0" 200 70346 "-" "Mozilla/5.0 (compatible; bingbot/2.0; +http://www.bing.com/bingbot.htm)"
64.62.252.176 - - [10/Aug/2021:14:45:15 +0200] "GET /metal-beer-bucket-p-44738.html HTTP/1.0" 200 72793 "-" "The Knowledge AI"
157.55.39.5 - - [10/Aug/2021:14:45:23 +0200] "GET /-p-17746.html HTTP/1.0" 200 70200 "-" "Mozilla/5.0 (compatible; bingbot/2.0; +http://www.bing.com/bingbot.htm)"
192.99.5.228 - - [10/Aug/2021:14:45:24 +0200] "GET /spongebob-metal-suitcase-p-22472.html HTTP/1.0" 200 70294 "-" "Mozilla/5.0 (compatible; MJ12bot/v1.4.8; http://mj12bot.com/)"
157.55.39.156 - - [10/Aug/2021:14:45:27 +0200] "GET /empire-taxi-cushion-p-27466.html HTTP/1.0" 200 73042 "-" "Mozilla/5.0 (compatible; bingbot/2.0; +http://www.bing.com/bingbot.htm)"
93.158.161.67 - - [10/Aug/2021:14:45:29 +0200] "GET /robots.txt HTTP/1.0" 200 245 "-" "Mozilla/5.0 (compatible; YandexBot/3.0; +http://yandex.com/bots)"
207.46.13.175 - - [10/Aug/2021:14:45:32 +0200] "GET /-p-24184.html HTTP/1.0" 200 70200 "-" "Mozilla/5.0 (compatible; bingbot/2.0; +http://www.bing.com/bingbot.htm)"
93.158.161.67 - - [10/Aug/2021:14:45:33 +0200] "GET /images/big_prod/1300000019972.jpg HTTP/1.0" 200 268 "-" "Mozilla/5.0 (compatible; YandexImages/3.0; +http://yandex.com/bots)"
64.62.252.176 - - [10/Aug/2021:14:45:34 +0200] "GET /metal-beer-bucket-p-55612.html HTTP/1.0" 200 72801 "-" "The Knowledge AI"
64.62.252.176 - - [10/Aug/2021:14:45:54 +0200] "GET /metal-beer-bucket-p-55613.html HTTP/1.0" 200 72799 "-" "The Knowledge AI"
54.36.148.242 - - [10/Aug/2021:14:46:08 +0200] "GET /frozen-elsa-anna-jewelry-p-37026.html HTTP/1.0" 200 73768 "-" "Mozilla/5.0 (compatible; AhrefsBot/7.0; +http://ahrefs.com/robot/)"
192.99.5.228 - - [10/Aug/2021:14:46:11 +0200] "GET /star-wars-kylo-ren-backpack-p-34777.html HTTP/1.0" 301 70267 "-" "Mozilla/5.0 (compatible; MJ12bot/v1.4.8; http://mj12bot.com/)"
64.62.252.176 - - [10/Aug/2021:14:46:13 +0200] "GET /metal-beer-bucket-p-55614.html HTTP/1.0" 200 72799 "-" "The Knowledge AI"
157.55.39.51 - - [10/Aug/2021:14:46:38 +0200] "GET /monchhichi-bebichhichi-plush-p-30282.html HTTP/1.0" 200 70331 "-" "Mozilla/5.0 (compatible; bingbot/2.0; +http://www.bing.com/bingbot.htm)"
157.55.39.122 - - [10/Aug/2021:14:46:44 +0200] "GET /pineapple-mirror-wall-sticker-p-48769.html HTTP/1.0" 200 72921 "-" "Mozilla/5.0 (compatible; bingbot/2.0; +http://www.bing.com/bingbot.htm)"
64.62.252.176 - - [10/Aug/2021:14:46:46 +0200] "GET /metal-beer-bucket-p-55615.html HTTP/1.0" 200 72799 "-" "The Knowledge AI"
157.55.39.44 - - [10/Aug/2021:14:46:48 +0200] "GET /bowls-c-12_60.html?page=4 HTTP/1.0" 200 91424 "-" "Mozilla/5.0 (compatible; bingbot/2.0; +http://www.bing.com/bingbot.htm)"
192.99.5.228 - - [10/Aug/2021:14:46:49 +0200] "GET /-p-34777.html HTTP/1.0" 200 70200 "-" "Mozilla/5.0 (compatible; MJ12bot/v1.4.8; http://mj12bot.com/)"
207.46.13.101 - - [10/Aug/2021:14:46:53 +0200] "GET /-p-15287.html HTTP/1.0" 200 70200 "-" "Mozilla/5.0 (compatible; bingbot/2.0; +http://www.bing.com/bingbot.htm)"
64.62.252.176 - - [10/Aug/2021:14:47:05 +0200] "GET /metal-beer-bucket-p-54342.html HTTP/1.0" 200 73402 "-" "The Knowledge AI"
207.46.13.175 - - [10/Aug/2021:14:47:11 +0200] "GET /hanging-wooden-wall-decoration-merveilleux-p-53378.html HTTP/1.0" 200 73053 "-" "Mozilla/5.0 (compatible; bingbot/2.0; +http://www.bing.com/bingbot.htm)"
64.62.252.176 - - [10/Aug/2021:14:47:24 +0200] "GET /metal-beer-bucket-p-54343.html HTTP/1.0" 200 73407 "-" "The Knowledge AI"
54.36.148.242 - - [10/Aug/2021:14:47:26 +0200] "GET /snowman-decoration-p-49646.html HTTP/1.0" 200 72907 "-" "Mozilla/5.0 (compatible; AhrefsBot/7.0; +http://ahrefs.com/robot/)"
192.99.5.228 - - [10/Aug/2021:14:47:37 +0200] "GET /star-wars-large-backpack-with-wheels-p-30765.html HTTP/1.0" 301 70267 "-" "Mozilla/5.0 (compatible; MJ12bot/v1.4.8; http://mj12bot.com/)"
64.62.252.176 - - [10/Aug/2021:14:47:43 +0200] "GET /metal-beer-bucket-p-54344.html HTTP/1.0" 200 73402 "-" "The Knowledge AI"
207.46.13.39 - - [10/Aug/2021:14:47:49 +0200] "GET /purse-leather-purse-navy-anchor-gray-p-47352.html HTTP/1.0" 200 73601 "-" "Mozilla/5.0 (compatible; bingbot/2.0; +http://www.bing.com/bingbot.htm)"
64.62.252.176 - - [10/Aug/2021:14:48:12 +0200] "GET /metal-beer-bucket-p-54345.html HTTP/1.0" 200 73402 "-" "The Knowledge AI"
66.249.66.220 - - [10/Aug/2021:14:48:22 +0200] "GET /images/3521320605012b.jpg HTTP/1.0" 200 260 "-" "Googlebot-Image/1.0"
192.99.5.228 - - [10/Aug/2021:14:48:27 +0200] "GET /-p-30765.html HTTP/1.0" 200 70200 "-" "Mozilla/5.0 (compatible; MJ12bot/v1.4.8; http://mj12bot.com/)"
64.62.252.176 - - [10/Aug/2021:14:48:31 +0200] "GET /metal-beer-bucket-blue-p-44737.html HTTP/1.0" 200 72841 "-" "The Knowledge AI"
64.62.252.176 - - [10/Aug/2021:14:48:50 +0200] "GET /metal-beer-bucket-bistrot-amis-p-42680.html HTTP/1.0" 200 72964 "-" "The Knowledge AI"
54.36.148.242 - - [10/Aug/2021:14:48:54 +0200] "GET /unicorn-nightlight-pink-p-55361.html HTTP/1.0" 200 74497 "-" "Mozilla/5.0 (compatible; AhrefsBot/7.0; +http://ahrefs.com/robot/)"
66.249.66.218 - - [10/Aug/2021:14:49:01 +0200] "GET /images/big_prod_1/3014627981274.jpg HTTP/1.0" 404 1308 "-" "Googlebot-Image/1.0"
192.99.5.228 - - [10/Aug/2021:14:49:01 +0200] "GET /star-wars-shirt-p-29590.html HTTP/1.0" 200 70258 "-" "Mozilla/5.0 (compatible; MJ12bot/v1.4.8; http://mj12bot.com/)"
64.62.252.176 - - [10/Aug/2021:14:49:10 +0200] "GET /metal-beer-bucket-tattooed-sailor-p-42681.html HTTP/1.0" 200 72982 "-" "The Knowledge AI"
64.62.252.176 - - [10/Aug/2021:14:49:29 +0200] "GET /wooden-range-bottle-style-p-40213.html HTTP/1.0" 200 72951 "-" "The Knowledge AI"
192.99.5.228 - - [10/Aug/2021:14:49:40 +0200] "GET /star-wars-tee-shirt-p-29590.html HTTP/1.0" 301 70340 "-" "Mozilla/5.0 (compatible; MJ12bot/v1.4.8; http://mj12bot.com/)"
64.62.252.176 - - [10/Aug/2021:14:49:47 +0200] "GET /support-metal-bottle-p-47885.html HTTP/1.0" 200 72878 "-" "The Knowledge AI"
64.62.252.176 - - [10/Aug/2021:14:50:07 +0200] "GET /support-metal-bottle-guitarist-p-41012.html HTTP/1.0" 200 73003 "-" "The Knowledge AI"
157.55.39.51 - - [10/Aug/2021:14:50:09 +0200] "GET /glass-votive-holder-gold-p-42646.html HTTP/1.0" 200 73035 "-" "Mozilla/5.0 (compatible; bingbot/2.0; +http://www.bing.com/bingbot.htm)"
54.36.148.242 - - [10/Aug/2021:14:50:14 +0200] "GET /russian-doll-cookware-cbkreation-p-29703.html HTTP/1.0" 200 72921 "-" "Mozilla/5.0 (compatible; AhrefsBot/7.0; +http://ahrefs.com/robot/)"
192.99.5.228 - - [10/Aug/2021:14:50:35 +0200] "GET /star-wars-shirt-p-29590.html HTTP/1.0" 200 70258 "-" "Mozilla/5.0 (compatible; MJ12bot/v1.4.8; http://mj12bot.com/)"
64.62.252.176 - - [10/Aug/2021:14:50:36 +0200] "GET /wooden-range-bottle-with-bottle-opener-style-p-40214.html HTTP/1.0" 200 73101 "-" "The Knowledge AI"
185.191.171.37 - - [10/Aug/2021:14:50:39 +0200] "GET /olympique-marseille-ashtray-p-54145.html HTTP/1.0" 301 70267 "-" "Mozilla/5.0 (compatible; SemrushBot/7~bl; +http://www.semrush.com/bot.html)"
185.191.171.37 - - [10/Aug/2021:14:50:41 +0200] "GET /-p-54145.html HTTP/1.0" 200 70200 "-" "Mozilla/5.0 (compatible; SemrushBot/7~bl; +http://www.semrush.com/bot.html)"
185.191.171.38 - - [10/Aug/2021:14:50:55 +0200] "GET /saucer-p-55881.html?action=add_product HTTP/1.0" 302 476 "-" "Mozilla/5.0 (compatible; SemrushBot/7~bl; +http://www.semrush.com/bot.html)"
64.62.252.176 - - [10/Aug/2021:14:50:56 +0200] "GET /bucket-with-shovel-p-48471.html HTTP/1.0" 200 73613 "-" "The Knowledge AI"
185.191.171.39 - - [10/Aug/2021:14:51:09 +0200] "GET /cbkration-toiletry-p-40656.html?action=add_product HTTP/1.0" 302 476 "-" "Mozilla/5.0 (compatible; SemrushBot/7~bl; +http://www.semrush.com/bot.html)"
192.99.5.228 - - [10/Aug/2021:14:51:13 +0200] "GET /star-wars-the-black-series-snowtrooper-figure-p-34592.html HTTP/1.0" 301 70513 "-" "Mozilla/5.0 (compatible; MJ12bot/v1.4.8; http://mj12bot.com/)"
64.62.252.176 - - [10/Aug/2021:14:51:16 +0200] "GET /bowls-c-12_60.html?page=2 HTTP/1.0" 200 91791 "-" "The Knowledge AI"
54.36.148.242 - - [10/Aug/2021:14:51:30 +0200] "GET /michelle-allen-glass-p-24318.html HTTP/1.0" 200 72830 "-" "Mozilla/5.0 (compatible; AhrefsBot/7.0; +http://ahrefs.com/robot/)"
64.62.252.176 - - [10/Aug/2021:14:51:35 +0200] "GET /bowls-c-12_60.html?page=3 HTTP/1.0" 200 91920 "-" "The Knowledge AI"
40.77.167.106 - - [10/Aug/2021:14:51:44 +0200] "GET /images/big_prod/1384010188392.jpg HTTP/1.0" 200 268 "-" "Mozilla/5.0 (compatible; bingbot/2.0; +http://www.bing.com/bingbot.htm)"
157.55.39.122 - - [10/Aug/2021:14:51:48 +0200] "GET /dora-explorer-picnic-p-16808.html HTTP/1.0" 200 74078 "-" "Mozilla/5.0 (compatible; bingbot/2.0; +http://www.bing.com/bingbot.htm)"
157.55.39.122 - - [10/Aug/2021:14:51:50 +0200] "GET /lion-shirt-p-31151.html HTTP/1.0" 200 74724 "-" "Mozilla/5.0 (compatible; bingbot/2.0; +http://www.bing.com/bingbot.htm)"
64.62.252.176 - - [10/Aug/2021:14:51:56 +0200] "GET /bowls-c-12_60.html?page=4 HTTP/1.0" 200 91424 "-" "The Knowledge AI"
192.99.5.228 - - [10/Aug/2021:14:52:05 +0200] "GET /star-wars-black-sries-snowtrooper-figure-p-34592.html HTTP/1.0" 200 70406 "-" "Mozilla/5.0 (compatible; MJ12bot/v1.4.8; http://mj12bot.com/)"
66.249.66.216 - - [10/Aug/2021:14:52:06 +0200] "GET /paperweight-great-wave-kanagawa-hokusai-p-53518.html HTTP/1.0" 200 74005 "-" "Mozilla/5.0 (Linux; Android 6.0.1; Nexus 5X Build/MMB29P) AppleWebKit/537.36 (KHTML, like Gecko) Chrome/92.0.4515.119 Mobile Safari/537.36 (compatible; Googlebot/2.1; +http://www.google.com/bot.html)"
64.62.252.176 - - [10/Aug/2021:14:52:15 +0200] "GET /bowls-c-12_60.html?page=5 HTTP/1.0" 200 91715 "-" "The Knowledge AI"
