187.72.216.177 - - [11/Aug/2021:00:13:11 +0200] "GET /contact_us.php HTTP/1.0" 200 26241 "http://www.wonder-geek.com/contact_us.php" "Mozilla/5.0 (Windows NT 10.0; Win64; x64) AppleWebKit/537.36 (KHTML, like Gecko) Chrome/83.0.4103.0 Safari/537.36"
187.72.216.177 - - [11/Aug/2021:00:13:12 +0200] "POST /contact_us.php?action=send HTTP/1.0" 200 26476 "http://www.wonder-geek.com/contact_us.php" "Mozilla/5.0 (Windows NT 10.0; Win64; x64) AppleWebKit/537.36 (KHTML, like Gecko) Chrome/83.0.4103.0 Safari/537.36"
64.62.252.176 - - [11/Aug/2021:00:13:14 +0200] "GET /tinted-candle-mass-beige-p-48917.html HTTP/1.0" 200 72911 "-" "The Knowledge AI"
64.62.252.176 - - [11/Aug/2021:00:13:28 +0200] "GET /tinted-candle-mass-black-color-p-48929.html HTTP/1.0" 200 72933 "-" "The Knowledge AI"
64.62.252.176 - - [11/Aug/2021:00:13:42 +0200] "GET /tinted-candle-mass-blue-color-p-48924.html HTTP/1.0" 200 72645 "-" "The Knowledge AI"
66.249.66.216 - - [11/Aug/2021:00:13:54 +0200] "GET /white-queen-chess-piece-p-51212.html HTTP/1.0" 200 72879 "-" "Mozilla/5.0 (Linux; Android 6.0.1; Nexus 5X Build/MMB29P) AppleWebKit/537.36 (KHTML, like Gecko) Chrome/92.0.4515.119 Mobile Safari/537.36 (compatible; Googlebot/2.1; +http://www.google.com/bot.html)"
64.62.252.176 - - [11/Aug/2021:00:13:57 +0200] "GET /tinted-candle-mass-brown-color-p-48923.html HTTP/1.0" 200 72923 "-" "The Knowledge AI"
157.55.39.5 - - [11/Aug/2021:00:14:06 +0200] "GET /money-boxes-c-13_83.html?page=5 HTTP/1.0" 200 93538 "-" "Mozilla/5.0 (compatible; bingbot/2.0; +http://www.bing.com/bingbot.htm)"
64.62.252.176 - - [11/Aug/2021:00:14:12 +0200] "GET /tinted-candle-mass-burgundy-p-48918.html HTTP/1.0" 200 72919 "-" "The Knowledge AI"
54.36.148.242 - - [11/Aug/2021:00:14:12 +0200] "GET /bamboo-salt-sugar-p-50752.html HTTP/1.0" 200 73617 "-" "Mozilla/5.0 (compatible; AhrefsBot/7.0; +http://ahrefs.com/robot/)"
207.46.13.101 - - [11/Aug/2021:00:14:27 +0200] "GET /js/jquery.min.js HTTP/1.0" 404 1308 "-" "Mozilla/5.0 (compatible; bingbot/2.0; +http://www.bing.com/bingbot.htm)"
64.62.252.176 - - [11/Aug/2021:00:14:30 +0200] "GET /tinted-candle-mass-dark-blue-color-p-48926.html HTTP/1.0" 200 72953 "-" "The Knowledge AI"
185.191.171.16 - - [11/Aug/2021:00:14:32 +0200] "GET /-p-20150.html?action=add_product HTTP/1.0" 302 476 "-" "Mozilla/5.0 (compatible; SemrushBot/7~bl; +http://www.semrush.com/bot.html)"
64.62.252.176 - - [11/Aug/2021:00:14:47 +0200] "GET /tinted-candle-mass-dark-green-p-48920.html HTTP/1.0" 200 72928 "-" "The Knowledge AI"
157.55.39.44 - - [11/Aug/2021:00:14:48 +0200] "GET /-p-9188.html HTTP/1.0" 200 70198 "-" "Mozilla/5.0 (compatible; bingbot/2.0; +http://www.bing.com/bingbot.htm)"
66.249.66.218 - - [11/Aug/2021:00:14:49 +0200] "GET /money-boxes-c-13_83.html?page=8 HTTP/1.0" 200 93433 "-" "Mozilla/5.0 (compatible; Googlebot/2.1; +http://www.google.com/bot.html)"
185.191.171.38 - - [11/Aug/2021:00:14:50 +0200] "GET /double-walled-porcelain-with-infuser-p-52994.html?action=add_product HTTP/1.0" 302 476 "-" "Mozilla/5.0 (compatible; SemrushBot/7~bl; +http://www.semrush.com/bot.html)"
64.62.252.176 - - [11/Aug/2021:00:15:02 +0200] "GET /tinted-candle-mass-green-p-52038.html HTTP/1.0" 200 72893 "-" "The Knowledge AI"
185.191.171.5 - - [11/Aug/2021:00:15:03 +0200] "GET /eyeglass-case-p-30557.html HTTP/1.0" 200 72841 "-" "Mozilla/5.0 (compatible; SemrushBot/7~bl; +http://www.semrush.com/bot.html)"
64.62.252.176 - - [11/Aug/2021:00:15:17 +0200] "GET /tinted-candle-mass-grey-color-p-48927.html HTTP/1.0" 200 72928 "-" "The Knowledge AI"
66.249.66.218 - - [11/Aug/2021:00:15:26 +0200] "GET /white-knight-chess-piece-p-51210.html HTTP/1.0" 200 72893 "-" "Mozilla/5.0 (Linux; Android 6.0.1; Nexus 5X Build/MMB29P) AppleWebKit/537.36 (KHTML, like Gecko) Chrome/92.0.4515.119 Mobile Safari/537.36 (compatible; Googlebot/2.1; +http://www.google.com/bot.html)"
64.62.252.176 - - [11/Aug/2021:00:15:34 +0200] "GET /tinted-candle-mass-honey-color-p-48914.html HTTP/1.0" 200 72923 "-" "The Knowledge AI"
54.36.148.31 - - [11/Aug/2021:00:15:39 +0200] "GET /east-asian-god-statuette-p-50072.html HTTP/1.0" 301 73777 "-" "Mozilla/5.0 (compatible; AhrefsBot/7.0; +http://ahrefs.com/robot/)"
35.237.42.19 - - [11/Aug/2021:00:15:42 +0200] "GET /wastebasket-c-129_184.html HTTP/1.0" 200 84317 "-" "ZoominfoBot (zoominfobot at zoominfo dot com)"
54.36.148.242 - - [11/Aug/2021:00:15:43 +0200] "GET /squirrel-jewelry-support-statuette-p-47111.html HTTP/1.0" 200 73083 "-" "Mozilla/5.0 (compatible; AhrefsBot/7.0; +http://ahrefs.com/robot/)"
64.62.252.176 - - [11/Aug/2021:00:15:48 +0200] "GET /tinted-candle-mass-ivory-color-p-48915.html HTTP/1.0" 200 72934 "-" "The Knowledge AI"
64.62.252.176 - - [11/Aug/2021:00:16:02 +0200] "GET /tinted-candle-mass-light-blue-color-p-48925.html HTTP/1.0" 200 72958 "-" "The Knowledge AI"
185.191.171.43 - - [11/Aug/2021:00:16:14 +0200] "GET /wood-keychains-p-26076.html?action=add_product HTTP/1.0" 302 476 "-" "Mozilla/5.0 (compatible; SemrushBot/7~bl; +http://www.semrush.com/bot.html)"
40.77.167.106 - - [11/Aug/2021:00:16:17 +0200] "GET /-p-29056.html HTTP/1.0" 200 70200 "-" "Mozilla/5.0 (compatible; bingbot/2.0; +http://www.bing.com/bingbot.htm)"
64.62.252.176 - - [11/Aug/2021:00:16:17 +0200] "GET /tinted-candle-mass-lilac-p-53427.html HTTP/1.0" 200 72621 "-" "The Knowledge AI"
5.188.48.10 - - [11/Aug/2021:00:16:27 +0200] "GET /photo-frames-and-memo-clips-c-13_132.html HTTP/1.0" 301 90712 "http://www.wonder-geek.com/photo-frames-and-memo-clips-c-13_132.html" "Mozilla/5.0 (Windows NT 6.1; WOW64) AppleWebKit/537.36 (KHTML, like Gecko) Chrome/83.0.4103.61 Safari/537.36"
5.188.48.10 - - [11/Aug/2021:00:16:28 +0200] "GET /photo-frames-memo-clips-c-132.html HTTP/1.0" 301 90589 "http://www.wonder-geek.com/photo-frames-memo-clips-c-132.html" "Mozilla/5.0 (Windows NT 6.1; WOW64) AppleWebKit/537.36 (KHTML, like Gecko) Chrome/83.0.4103.61 Safari/537.36"
5.188.48.10 - - [11/Aug/2021:00:16:28 +0200] "GET /photo-frames-memo-clips-c-13_132.html HTTP/1.0" 200 90624 "http://www.wonder-geek.com/photo-frames-memo-clips-c-13_132.html" "Mozilla/5.0 (Windows NT 6.1; WOW64) AppleWebKit/537.36 (KHTML, like Gecko) Chrome/83.0.4103.61 Safari/537.36"
5.188.48.10 - - [11/Aug/2021:00:16:29 +0200] "GET /trivet-boards-c-12_158.html HTTP/1.0" 200 94011 "http://www.wonder-geek.com/trivet-boards-c-12_158.html" "Mozilla/5.0 (Windows NT 6.1; WOW64) AppleWebKit/537.36 (KHTML, like Gecko) Chrome/83.0.4103.61 Safari/537.36"
5.188.48.10 - - [11/Aug/2021:00:16:30 +0200] "GET /cardboard-boxes-storage-c-13_150_216.html HTTP/1.0" 200 77640 "http://www.wonder-geek.com/cardboard-boxes-storage-c-13_150_216.html" "Mozilla/5.0 (Windows NT 6.1; WOW64) AppleWebKit/537.36 (KHTML, like Gecko) Chrome/83.0.4103.61 Safari/537.36"
5.188.48.10 - - [11/Aug/2021:00:16:31 +0200] "GET /cushion-headboard-c-11_173.html HTTP/1.0" 200 88965 "http://www.wonder-geek.com/cushion-headboard-c-11_173.html" "Mozilla/5.0 (Windows NT 6.1; WOW64) AppleWebKit/537.36 (KHTML, like Gecko) Chrome/83.0.4103.61 Safari/537.36"
5.188.48.10 - - [11/Aug/2021:00:16:31 +0200] "GET /board-games-c-4_47.html HTTP/1.0" 200 75538 "http://www.wonder-geek.com/board-games-c-4_47.html" "Mozilla/5.0 (Windows NT 6.1; WOW64) AppleWebKit/537.36 (KHTML, like Gecko) Chrome/83.0.4103.61 Safari/537.36"
64.62.252.176 - - [11/Aug/2021:00:16:33 +0200] "GET /tinted-candle-mass-ocher-color-p-48916.html HTTP/1.0" 200 72925 "-" "The Knowledge AI"
157.55.39.5 - - [11/Aug/2021:00:16:36 +0200] "GET /images/med_prod/3453131121392.jpg HTTP/1.0" 200 268 "-" "Mozilla/5.0 (compatible; bingbot/2.0; +http://www.bing.com/bingbot.htm)"
40.77.167.106 - - [11/Aug/2021:00:16:46 +0200] "GET /gogh-nuit-toile-tote-p-47659.html HTTP/1.0" 200 73572 "-" "Mozilla/5.0 (compatible; bingbot/2.0; +http://www.bing.com/bingbot.htm)"
64.62.252.176 - - [11/Aug/2021:00:16:47 +0200] "GET /tinted-candle-mass-orange-color-p-48932.html HTTP/1.0" 200 72656 "-" "The Knowledge AI"
64.62.252.176 - - [11/Aug/2021:00:17:02 +0200] "GET /tinted-candle-mass-pink-color-p-48928.html HTTP/1.0" 200 72918 "-" "The Knowledge AI"
54.36.148.242 - - [11/Aug/2021:00:17:17 +0200] "GET /london-shower-curtain-p-34867.html HTTP/1.0" 200 72957 "-" "Mozilla/5.0 (compatible; AhrefsBot/7.0; +http://ahrefs.com/robot/)"
64.62.252.176 - - [11/Aug/2021:00:17:18 +0200] "GET /tinted-candle-mass-pink-color-p-52036.html HTTP/1.0" 200 72919 "-" "The Knowledge AI"
64.62.252.176 - - [11/Aug/2021:00:17:32 +0200] "GET /diffuser-perfume-essential-oils-c-231_162.html?page=2 HTTP/1.0" 200 83229 "-" "The Knowledge AI"
35.237.42.19 - - [11/Aug/2021:00:17:43 +0200] "GET /cups-c-12_248.html HTTP/1.0" 200 89191 "-" "ZoominfoBot (zoominfobot at zoominfo dot com)"
185.191.171.37 - - [11/Aug/2021:00:17:44 +0200] "GET /dishes-c-13_12.html?page=62 HTTP/1.0" 200 91896 "-" "Mozilla/5.0 (compatible; SemrushBot/7~bl; +http://www.semrush.com/bot.html)"
64.62.252.176 - - [11/Aug/2021:00:17:47 +0200] "GET /chinese-ceramic-perfume-diffuser-beige-p-47197.html HTTP/1.0" 200 73687 "-" "The Knowledge AI"
40.77.167.106 - - [11/Aug/2021:00:17:56 +0200] "GET /massai-round-side-table-p-51938.html HTTP/1.0" 200 70282 "-" "Mozilla/5.0 (compatible; bingbot/2.0; +http://www.bing.com/bingbot.htm)"
64.62.252.176 - - [11/Aug/2021:00:18:02 +0200] "GET /grey-home-sweet-home-perfume-diffuser-p-40552.html HTTP/1.0" 200 73074 "-" "The Knowledge AI"
185.191.171.18 - - [11/Aug/2021:00:18:08 +0200] "GET /plush-keel-toys-chimpanzee-p-50302.html?action=add_product HTTP/1.0" 302 476 "-" "Mozilla/5.0 (compatible; SemrushBot/7~bl; +http://www.semrush.com/bot.html)"
207.46.13.127 - - [11/Aug/2021:00:18:12 +0200] "GET /-p-23703.html HTTP/1.0" 200 70200 "-" "Mozilla/5.0 (compatible; bingbot/2.0; +http://www.bing.com/bingbot.htm)"
185.191.171.44 - - [11/Aug/2021:00:18:12 +0200] "GET /marilyn-monroe-airlines-blue-cosmetic-p-7116.html?action=add_product HTTP/1.0" 302 476 "-" "Mozilla/5.0 (compatible; SemrushBot/7~bl; +http://www.semrush.com/bot.html)"
207.46.13.127 - - [11/Aug/2021:00:18:14 +0200] "GET /industrial-decorative-chest-p-48074.html HTTP/1.0" 200 73874 "-" "Mozilla/5.0 (compatible; bingbot/2.0; +http://www.bing.com/bingbot.htm)"
64.62.252.176 - - [11/Aug/2021:00:18:17 +0200] "GET /white-home-sweet-home-perfume-diffuser-p-52227.html HTTP/1.0" 200 73711 "-" "The Knowledge AI"
64.62.252.176 - - [11/Aug/2021:00:18:33 +0200] "GET /decoration-suspend-plaster-scented-lavender-p-39278.html HTTP/1.0" 200 73137 "-" "The Knowledge AI"
66.249.66.220 - - [11/Aug/2021:00:18:33 +0200] "GET /samurai-ukiyo-mase-chudayu-masa-statue-resin-p-35581.html HTTP/1.0" 200 70438 "-" "Mozilla/5.0 (Linux; Android 6.0.1; Nexus 5X Build/MMB29P) AppleWebKit/537.36 (KHTML, like Gecko) Chrome/92.0.4515.119 Mobile Safari/537.36 (compatible; Googlebot/2.1; +http://www.google.com/bot.html)"
185.191.171.35 - - [11/Aug/2021:00:18:34 +0200] "GET /decorative-statuettes-bear-brown-nothing-hear-nothin-p-52743.html?action=add_product HTTP/1.0" 302 476 "-" "Mozilla/5.0 (compatible; SemrushBot/7~bl; +http://www.semrush.com/bot.html)"
54.36.148.242 - - [11/Aug/2021:00:18:45 +0200] "GET /shell-collection-large-metal-plate-deco-p-38626.html HTTP/1.0" 200 72960 "-" "Mozilla/5.0 (compatible; AhrefsBot/7.0; +http://ahrefs.com/robot/)"
157.55.39.5 - - [11/Aug/2021:00:18:46 +0200] "GET /minions-aluminum-sports-bottle-p-31755.html HTTP/1.0" 200 72931 "-" "Mozilla/5.0 (compatible; bingbot/2.0; +http://www.bing.com/bingbot.htm)"
64.62.252.176 - - [11/Aug/2021:00:18:48 +0200] "GET /blue-perfume-diffuser-p-35888.html HTTP/1.0" 200 72947 "-" "The Knowledge AI"
157.55.39.156 - - [11/Aug/2021:00:18:51 +0200] "GET /candy-cloud-notepad-candy-p-49833.html HTTP/1.0" 200 72883 "-" "Mozilla/5.0 (compatible; bingbot/2.0; +http://www.bing.com/bingbot.htm)"
157.55.39.156 - - [11/Aug/2021:00:18:54 +0200] "GET /-p-29679.html HTTP/1.0" 200 70200 "-" "Mozilla/5.0 (compatible; bingbot/2.0; +http://www.bing.com/bingbot.htm)"
40.77.167.106 - - [11/Aug/2021:00:18:56 +0200] "GET /-p-30240.html HTTP/1.0" 200 70200 "-" "Mozilla/5.0 (compatible; bingbot/2.0; +http://www.bing.com/bingbot.htm)"
110.249.201.108 - - [11/Aug/2021:00:18:57 +0200] "GET /unicorn-nightlight-p-48723.html HTTP/1.0" 200 74019 "-" "Mozilla/5.0 (Linux; Android 5.0) AppleWebKit/537.36 (KHTML, like Gecko) Mobile Safari/537.36 (compatible; Bytespider; https://zhanzhang.toutiao.com/)"
110.249.201.119 - - [11/Aug/2021:00:18:58 +0200] "GET /swfobject.js HTTP/1.0" 404 1308 "http://www.wonder-geek.com/unicorn-nightlight-p-48723.html" "Mozilla/5.0 (Linux; Android 5.0) AppleWebKit/537.36 (KHTML, like Gecko) Mobile Safari/537.36 (compatible; Bytespider; https://zhanzhang.toutiao.com/)"
110.249.201.104 - - [11/Aug/2021:00:18:58 +0200] "GET /templates/Pixame_v1/images/icon_accueil2.png HTTP/1.0" 200 278 "http://www.wonder-geek.com/unicorn-nightlight-p-48723.html" "Mozilla/5.0 (Linux; Android 5.0) AppleWebKit/537.36 (KHTML, like Gecko) Mobile Safari/537.36 (compatible; Bytespider; https://zhanzhang.toutiao.com/)"
110.249.201.118 - - [11/Aug/2021:00:18:59 +0200] "GET /images/big_prod_1/3660173199337a.jpg HTTP/1.0" 200 271 "http://www.wonder-geek.com/unicorn-nightlight-p-48723.html" "Mozilla/5.0 (Linux; Android 5.0) AppleWebKit/537.36 (KHTML, like Gecko) Mobile Safari/537.36 (compatible; Bytespider; https://zhanzhang.toutiao.com/)"
110.249.201.120 - - [11/Aug/2021:00:19:00 +0200] "GET /images/big_prod_3/3660173199337c.jpg HTTP/1.0" 200 271 "http://www.wonder-geek.com/unicorn-nightlight-p-48723.html" "Mozilla/5.0 (Linux; Android 5.0) AppleWebKit/537.36 (KHTML, like Gecko) Mobile Safari/537.36 (compatible; Bytespider; https://zhanzhang.toutiao.com/)"
110.249.201.102 - - [11/Aug/2021:00:19:01 +0200] "GET /highslide/graphics/zoomout.cur HTTP/1.0" 200 614 "http://www.wonder-geek.com/unicorn-nightlight-p-48723.html" "Mozilla/5.0 (Linux; Android 5.0) AppleWebKit/537.36 (KHTML, like Gecko) Mobile Safari/537.36 (compatible; Bytespider; https://zhanzhang.toutiao.com/)"
110.249.201.109 - - [11/Aug/2021:00:19:01 +0200] "GET /images/big_prod/3660173199337.jpg HTTP/1.0" 200 268 "http://www.wonder-geek.com/unicorn-nightlight-p-48723.html" "Mozilla/5.0 (Linux; Android 5.0) AppleWebKit/537.36 (KHTML, like Gecko) Mobile Safari/537.36 (compatible; Bytespider; https://zhanzhang.toutiao.com/)"
64.62.252.176 - - [11/Aug/2021:00:19:06 +0200] "GET /green-perfume-diffuser-p-35889.html HTTP/1.0" 200 72955 "-" "The Knowledge AI"
157.55.39.122 - - [11/Aug/2021:00:19:13 +0200] "GET /disney-princess-table-p-12245.html HTTP/1.0" 200 73003 "-" "Mozilla/5.0 (compatible; bingbot/2.0; +http://www.bing.com/bingbot.htm)"
64.62.252.176 - - [11/Aug/2021:00:19:20 +0200] "GET /parma-perfume-diffuser-p-35891.html HTTP/1.0" 200 72955 "-" "The Knowledge AI"
157.55.39.44 - - [11/Aug/2021:00:19:28 +0200] "GET /jacquard-anti-stain-tablecloth-charcoal-grey-p-34054.html HTTP/1.0" 200 73114 "-" "Mozilla/5.0 (compatible; bingbot/2.0; +http://www.bing.com/bingbot.htm)"
64.62.252.176 - - [11/Aug/2021:00:19:35 +0200] "GET /buddha-perfume-diffuser-p-31887.html HTTP/1.0" 200 72961 "-" "The Knowledge AI"
64.62.252.176 - - [11/Aug/2021:00:19:49 +0200] "GET /buddha-perfume-diffuser-p-52260.html HTTP/1.0" 200 72965 "-" "The Knowledge AI"
157.55.39.156 - - [11/Aug/2021:00:20:00 +0200] "GET /hello-kitty-adult-umbrella-p-20510.html HTTP/1.0" 200 70321 "-" "Mozilla/5.0 (compatible; bingbot/2.0; +http://www.bing.com/bingbot.htm)"
64.62.252.176 - - [11/Aug/2021:00:20:04 +0200] "GET /buddha-perfume-diffuser-p-52261.html HTTP/1.0" 200 73560 "-" "The Knowledge AI"
54.36.148.242 - - [11/Aug/2021:00:20:16 +0200] "GET /green-polyester-round-chair-cushion-p-47039.html HTTP/1.0" 200 73578 "-" "Mozilla/5.0 (compatible; AhrefsBot/7.0; +http://ahrefs.com/robot/)"
66.249.66.218 - - [11/Aug/2021:00:20:17 +0200] "GET /charcoal-tablets-golden-temple-tablets-p-48788.html HTTP/1.0" 200 73977 "-" "Mozilla/5.0 (Linux; Android 6.0.1; Nexus 5X Build/MMB29P) AppleWebKit/537.36 (KHTML, like Gecko) Chrome/92.0.4515.119 Mobile Safari/537.36 (compatible; Googlebot/2.1; +http://www.google.com/bot.html)"
64.62.252.176 - - [11/Aug/2021:00:20:20 +0200] "GET /elephants-ceramic-perfume-diffuser-cream-p-47206.html HTTP/1.0" 200 73709 "-" "The Knowledge AI"
207.46.13.175 - - [11/Aug/2021:00:20:27 +0200] "GET /fiat-yellow-pencil-case-p-17069.html HTTP/1.0" 200 73092 "-" "Mozilla/5.0 (compatible; bingbot/2.0; +http://www.bing.com/bingbot.htm)"
64.62.252.176 - - [11/Aug/2021:00:20:34 +0200] "GET /fudge-buddha-perfume-diffuser-cracked-ceramic-p-36552.html HTTP/1.0" 200 73166 "-" "The Knowledge AI"
157.55.39.156 - - [11/Aug/2021:00:20:51 +0200] "GET /brass-patinated-handing-bells-ganesh-p-37219.html HTTP/1.0" 200 73596 "-" "Mozilla/5.0 (compatible; bingbot/2.0; +http://www.bing.com/bingbot.htm)"
64.62.252.176 - - [11/Aug/2021:00:20:51 +0200] "GET /grey-buddha-perfume-diffuser-cracked-ceramic-p-36551.html HTTP/1.0" 200 73159 "-" "The Knowledge AI"
64.62.252.176 - - [11/Aug/2021:00:21:09 +0200] "GET /marseille-soaps-scented-plaster-p-31280.html HTTP/1.0" 200 73065 "-" "The Knowledge AI"
157.55.39.156 - - [11/Aug/2021:00:21:21 +0200] "GET /littlest-petshop-white-swimsuit-p-30316.html HTTP/1.0" 200 74327 "-" "Mozilla/5.0 (compatible; bingbot/2.0; +http://www.bing.com/bingbot.htm)"
64.62.252.176 - - [11/Aug/2021:00:21:27 +0200] "GET /melt-warmer-p-46882.html HTTP/1.0" 200 73447 "-" "The Knowledge AI"
64.62.252.176 - - [11/Aug/2021:00:21:42 +0200] "GET /burner-soapstone-flower-life-p-48789.html HTTP/1.0" 200 73084 "-" "The Knowledge AI"
54.36.148.21 - - [11/Aug/2021:00:21:43 +0200] "GET /cats-by-dubout-salt-and-pepper-p-32698.html HTTP/1.0" 301 72975 "-" "Mozilla/5.0 (compatible; AhrefsBot/7.0; +http://ahrefs.com/robot/)"
64.62.252.176 - - [11/Aug/2021:00:21:55 +0200] "GET /bouddha-perfume-diffuser-p-38530.html HTTP/1.0" 200 72943 "-" "The Knowledge AI"
54.36.148.242 - - [11/Aug/2021:00:22:00 +0200] "GET /unicorn-nightlight-p-55359.html HTTP/1.0" 200 74013 "-" "Mozilla/5.0 (compatible; AhrefsBot/7.0; +http://ahrefs.com/robot/)"
64.62.252.176 - - [11/Aug/2021:00:22:09 +0200] "GET /robots.txt HTTP/1.0" 200 245 "-" "The Knowledge AI"
64.62.252.176 - - [11/Aug/2021:00:22:10 +0200] "GET /melt-warmer-moroccan-lattice-p-48096.html HTTP/1.0" 200 73572 "-" "The Knowledge AI"
40.84.168.100 - - [11/Aug/2021:00:22:12 +0200] "GET /images/med_prod/00039897677330.jpg HTTP/1.0" 200 269 "-" "Mozilla/5.0 (X11; Linux i686) AppleWebKit/537.17 (KHTML, like Gecko) Chrome/24.0.1312.27 Safari/537.17"
64.62.252.176 - - [11/Aug/2021:00:22:28 +0200] "GET /heart-home-gold-taper-crackle-mosaic-warmer-p-46875.html HTTP/1.0" 200 73654 "-" "The Knowledge AI"
185.191.171.23 - - [11/Aug/2021:00:22:36 +0200] "GET /jane-crowther-bowl-p-54777.html HTTP/1.0" 200 73558 "-" "Mozilla/5.0 (compatible; SemrushBot/7~bl; +http://www.semrush.com/bot.html)"
64.62.252.176 - - [11/Aug/2021:00:22:45 +0200] "GET /heart-home-bamboo-diffuser-p-52822.html HTTP/1.0" 200 73917 "-" "The Knowledge AI"
64.62.252.176 - - [11/Aug/2021:00:23:00 +0200] "GET /fragrance-case-cabinet-diffuser-c-231_228.html?page=2 HTTP/1.0" 200 84879 "-" "The Knowledge AI"
207.46.13.39 - - [11/Aug/2021:00:23:12 +0200] "GET /cement-tile-stickers-p-50341.html HTTP/1.0" 200 73148 "-" "Mozilla/5.0 (compatible; bingbot/2.0; +http://www.bing.com/bingbot.htm)"
54.36.148.242 - - [11/Aug/2021:00:23:15 +0200] "GET /shower-curtain-p-39391.html HTTP/1.0" 200 72901 "-" "Mozilla/5.0 (compatible; AhrefsBot/7.0; +http://ahrefs.com/robot/)"
64.62.252.176 - - [11/Aug/2021:00:23:17 +0200] "GET /freshener-heart-home-cerulean-p-40605.html HTTP/1.0" 200 73201 "-" "The Knowledge AI"
157.55.39.122 - - [11/Aug/2021:00:23:34 +0200] "GET /tables-c-13_206.html HTTP/1.0" 200 89364 "-" "Mozilla/5.0 (compatible; bingbot/2.0; +http://www.bing.com/bingbot.htm)"
64.62.252.176 - - [11/Aug/2021:00:23:35 +0200] "GET /freshener-heart-home-french-vanilla-p-40603.html HTTP/1.0" 200 73213 "-" "The Knowledge AI"
54.36.149.33 - - [11/Aug/2021:00:23:37 +0200] "GET /veronese-design-vitruvian-man-figurine-22-cm-p-34249.html HTTP/1.0" 301 73471 "-" "Mozilla/5.0 (compatible; AhrefsBot/7.0; +http://ahrefs.com/robot/)"
207.46.13.101 - - [11/Aug/2021:00:23:48 +0200] "GET /js/jquery.min.js HTTP/1.0" 404 1308 "-" "Mozilla/5.0 (compatible; bingbot/2.0; +http://www.bing.com/bingbot.htm)"
207.46.13.175 - - [11/Aug/2021:00:23:55 +0200] "GET /swfobject.js HTTP/1.0" 404 1308 "-" "Mozilla/5.0 (compatible; bingbot/2.0; +http://www.bing.com/bingbot.htm)"
64.62.252.176 - - [11/Aug/2021:00:23:59 +0200] "GET /freshener-heart-home-intense-p-40600.html HTTP/1.0" 200 73178 "-" "The Knowledge AI"
51.68.224.127 - - [11/Aug/2021:00:24:10 +0200] "GET /adminweb/export_orders_xml.php?token=256de2z6edz6ed2z6DFSFsed2zed6zeDSFDSGdzedezfzf&maxorders=10&orderstart=1&status=14&start_date=2018-10-01 HTTP/1.0" 200 285 "-" "GesCom CharlotteBoutik Serveur"
51.68.224.127 - - [11/Aug/2021:00:24:10 +0200] "GET /adminweb/export_orders_xml.php?token=256de2z6edz6ed2z6DFSFsed2zed6zeDSFDSGdzedezfzf&maxorders=10&orderstart=1&status=6&start_date=2018-10-01 HTTP/1.0" 200 28601 "-" "GesCom CharlotteBoutik Serveur"
64.62.252.176 - - [11/Aug/2021:00:24:14 +0200] "GET /freshener-heart-home-lavender-sage-p-40602.html HTTP/1.0" 200 73213 "-" "The Knowledge AI"
64.62.252.176 - - [11/Aug/2021:00:24:28 +0200] "GET /freshener-heart-home-paradise-sunset-p-40601.html HTTP/1.0" 200 73224 "-" "The Knowledge AI"
54.36.148.242 - - [11/Aug/2021:00:24:43 +0200] "GET /harley-davidson-large-metal-plate-p-40294.html HTTP/1.0" 200 72958 "-" "Mozilla/5.0 (compatible; AhrefsBot/7.0; +http://ahrefs.com/robot/)"
64.62.252.176 - - [11/Aug/2021:00:24:43 +0200] "GET /freshener-heart-home-rambling-rose-p-40604.html HTTP/1.0" 200 73206 "-" "The Knowledge AI"
207.46.13.175 - - [11/Aug/2021:00:24:47 +0200] "GET /tin-and-metal-signs-c-13_130.html?page=2 HTTP/1.0" 301 93875 "-" "Mozilla/5.0 (compatible; bingbot/2.0; +http://www.bing.com/bingbot.htm)"
64.62.252.176 - - [11/Aug/2021:00:25:00 +0200] "GET /freshener-heart-home-sweet-p-40565.html HTTP/1.0" 200 73203 "-" "The Knowledge AI"
207.46.13.39 - - [11/Aug/2021:00:25:02 +0200] "GET /bamboo-flat-plate-lama-p-49584.html HTTP/1.0" 200 70268 "-" "Mozilla/5.0 (compatible; bingbot/2.0; +http://www.bing.com/bingbot.htm)"
35.237.42.19 - - [11/Aug/2021:00:25:05 +0200] "GET /butter-dish-c-12_222.html HTTP/1.0" 200 77396 "-" "ZoominfoBot (zoominfobot at zoominfo dot com)"
66.249.66.216 - - [11/Aug/2021:00:25:09 +0200] "GET /tour-france-ceramic-money-p-52191.html HTTP/1.0" 200 72948 "-" "Mozilla/5.0 (compatible; Googlebot/2.1; +http://www.google.com/bot.html)"
64.62.252.176 - - [11/Aug/2021:00:25:14 +0200] "GET /freshener-heart-home-welcome-home-p-40609.html HTTP/1.0" 200 73193 "-" "The Knowledge AI"
185.191.171.3 - - [11/Aug/2021:00:25:16 +0200] "GET /vespa-perpetual-calendar-p-11796.html HTTP/1.0" 200 72868 "-" "Mozilla/5.0 (compatible; SemrushBot/7~bl; +http://www.semrush.com/bot.html)"
66.249.66.218 - - [11/Aug/2021:00:25:16 +0200] "GET /shiny-skull-moneybox-p-45236.html HTTP/1.0" 200 72834 "-" "Mozilla/5.0 (compatible; Googlebot/2.1; +http://www.google.com/bot.html)"
66.249.66.216 - - [11/Aug/2021:00:25:23 +0200] "GET /small-pink-money-p-54805.html HTTP/1.0" 200 72875 "-" "Mozilla/5.0 (compatible; Googlebot/2.1; +http://www.google.com/bot.html)"
64.62.252.176 - - [11/Aug/2021:00:25:29 +0200] "GET /freshener-heart-home-white-jasmine-freesia-p-40598.html HTTP/1.0" 200 73276 "-" "The Knowledge AI"
66.249.66.216 - - [11/Aug/2021:00:25:30 +0200] "GET /shiny-skull-moneybox-p-45238.html HTTP/1.0" 200 72834 "-" "Mozilla/5.0 (compatible; Googlebot/2.1; +http://www.google.com/bot.html)"
207.46.13.127 - - [11/Aug/2021:00:25:33 +0200] "GET /beatles-face-large-coin-purse-p-8091.html HTTP/1.0" 200 70334 "-" "Mozilla/5.0 (compatible; bingbot/2.0; +http://www.bing.com/bingbot.htm)"
66.249.66.216 - - [11/Aug/2021:00:25:38 +0200] "GET /small-piggy-bank-beige-p-55214.html HTTP/1.0" 200 73473 "-" "Mozilla/5.0 (compatible; Googlebot/2.1; +http://www.google.com/bot.html)"
62.210.188.218 - - [11/Aug/2021:00:25:38 +0200] "GET /us-eagle-adult-cap-by-cbkreation-p-36537.html HTTP/1.0" 301 70267 "-" "Mozilla/5.0 (compatible; Barkrowler/0.9; +https://babbar.tech/crawler)"
64.62.252.176 - - [11/Aug/2021:00:25:44 +0200] "GET /fragrance-sachet-baked-apple-p-40548.html HTTP/1.0" 200 73540 "-" "The Knowledge AI"
66.249.66.216 - - [11/Aug/2021:00:25:45 +0200] "GET /blue-piggy-bank-premire-tirelire-p-55716.html HTTP/1.0" 200 73571 "-" "Mozilla/5.0 (compatible; Googlebot/2.1; +http://www.google.com/bot.html)"
207.46.13.127 - - [11/Aug/2021:00:25:51 +0200] "GET /-p-15157.html HTTP/1.0" 200 70200 "-" "Mozilla/5.0 (compatible; bingbot/2.0; +http://www.bing.com/bingbot.htm)"
66.249.66.216 - - [11/Aug/2021:00:25:52 +0200] "GET /shiny-skull-moneybox-p-45239.html HTTP/1.0" 200 72834 "-" "Mozilla/5.0 (compatible; Googlebot/2.1; +http://www.google.com/bot.html)"
64.62.252.176 - - [11/Aug/2021:00:25:59 +0200] "GET /fragrance-sachet-cerulean-p-40546.html HTTP/1.0" 200 73557 "-" "The Knowledge AI"
66.249.66.220 - - [11/Aug/2021:00:26:00 +0200] "GET /small-piggy-bank-pink-p-55215.html HTTP/1.0" 200 73466 "-" "Mozilla/5.0 (compatible; Googlebot/2.1; +http://www.google.com/bot.html)"
62.210.188.218 - - [11/Aug/2021:00:26:04 +0200] "GET /us-eagle-adult-cap-by-cbkreation-p-36536.html HTTP/1.0" 301 70267 "-" "Mozilla/5.0 (compatible; Barkrowler/0.9; +https://babbar.tech/crawler)"
66.249.66.218 - - [11/Aug/2021:00:26:08 +0200] "GET /small-blue-crocodile-money-p-54812.html HTTP/1.0" 200 72934 "-" "Mozilla/5.0 (compatible; Googlebot/2.1; +http://www.google.com/bot.html)"
54.36.148.242 - - [11/Aug/2021:00:26:12 +0200] "GET /star-wars-darth-vader-gobelet-p-15965.html HTTP/1.0" 200 73389 "-" "Mozilla/5.0 (compatible; AhrefsBot/7.0; +http://ahrefs.com/robot/)"
185.191.171.22 - - [11/Aug/2021:00:26:16 +0200] "GET /glam-cbkreation-p-17530.html HTTP/1.0" 200 72811 "-" "Mozilla/5.0 (compatible; SemrushBot/7~bl; +http://www.semrush.com/bot.html)"
64.62.252.176 - - [11/Aug/2021:00:26:17 +0200] "GET /fragrance-sachet-cinnamon-spice-p-40559.html HTTP/1.0" 200 73578 "-" "The Knowledge AI"
66.249.66.216 - - [11/Aug/2021:00:26:17 +0200] "GET /indian-boho-dream-catcher-wall-sticker-p-45018.html HTTP/1.0" 200 73029 "-" "Mozilla/5.0 (Linux; Android 6.0.1; Nexus 5X Build/MMB29P) AppleWebKit/537.36 (KHTML, like Gecko) Chrome/92.0.4515.119 Mobile Safari/537.36 (compatible; Googlebot/2.1; +http://www.google.com/bot.html)"
54.36.149.5 - - [11/Aug/2021:00:26:19 +0200] "GET /find-your-own-way-moana-figurine-p-42107.html HTTP/1.0" 301 73519 "-" "Mozilla/5.0 (compatible; AhrefsBot/7.0; +http://ahrefs.com/robot/)"
62.210.188.218 - - [11/Aug/2021:00:26:21 +0200] "GET /set-of-bears-fir-decoration-75-cm-p-52397.html HTTP/1.0" 301 73033 "-" "Mozilla/5.0 (compatible; Barkrowler/0.9; +https://babbar.tech/crawler)"
64.62.252.176 - - [11/Aug/2021:00:26:32 +0200] "GET /fragrance-sachet-coconut-escape-p-40535.html HTTP/1.0" 200 73572 "-" "The Knowledge AI"
207.46.13.175 - - [11/Aug/2021:00:26:38 +0200] "GET /franklin-purple-swimsuit-p-30244.html HTTP/1.0" 200 74845 "-" "Mozilla/5.0 (compatible; bingbot/2.0; +http://www.bing.com/bingbot.htm)"
62.210.188.218 - - [11/Aug/2021:00:26:39 +0200] "GET /set-of-circle-coasters-with-personalized-pictures-p-16334.html HTTP/1.0" 301 73649 "-" "Mozilla/5.0 (compatible; Barkrowler/0.9; +https://babbar.tech/crawler)"
64.62.252.176 - - [11/Aug/2021:00:26:50 +0200] "GET /fragrance-sachet-dawn-mist-p-40562.html HTTP/1.0" 200 73542 "-" "The Knowledge AI"
62.210.188.218 - - [11/Aug/2021:00:26:55 +0200] "GET /plush-keel-toys-parrot-23-cm-p-50306.html HTTP/1.0" 301 70383 "-" "Mozilla/5.0 (compatible; Barkrowler/0.9; +https://babbar.tech/crawler)"
64.62.252.176 - - [11/Aug/2021:00:27:05 +0200] "GET /fragrance-sachet-french-vanilla-p-40550.html HTTP/1.0" 200 73590 "-" "The Knowledge AI"
62.210.188.218 - - [11/Aug/2021:00:27:11 +0200] "GET /plush-keeleco-friendly-orangutan-p-51841.html HTTP/1.0" 200 74121 "-" "Mozilla/5.0 (compatible; Barkrowler/0.9; +https://babbar.tech/crawler)"
64.62.252.176 - - [11/Aug/2021:00:27:20 +0200] "GET /fragrance-sachet-fresh-linen-p-40545.html HTTP/1.0" 200 73571 "-" "The Knowledge AI"
62.210.188.218 - - [11/Aug/2021:00:27:28 +0200] "GET /yin-et-yang-clock-by-cbkreation-p-24708.html HTTP/1.0" 301 73076 "-" "Mozilla/5.0 (compatible; Barkrowler/0.9; +https://babbar.tech/crawler)"
64.62.252.176 - - [11/Aug/2021:00:27:35 +0200] "GET /fragrance-sachet-intense-p-40547.html HTTP/1.0" 200 73530 "-" "The Knowledge AI"
185.191.171.21 - - [11/Aug/2021:00:27:38 +0200] "GET /statuette-yoga-p-53031.html?action=add_product HTTP/1.0" 302 476 "-" "Mozilla/5.0 (compatible; SemrushBot/7~bl; +http://www.semrush.com/bot.html)"
54.36.148.242 - - [11/Aug/2021:00:27:48 +0200] "GET /coca-cola-large-metal-plate-deco-p-27969.html HTTP/1.0" 200 72885 "-" "Mozilla/5.0 (compatible; AhrefsBot/7.0; +http://ahrefs.com/robot/)"
64.62.252.176 - - [11/Aug/2021:00:27:51 +0200] "GET /fragrance-sachet-lavender-sage-p-40542.html HTTP/1.0" 200 73596 "-" "The Knowledge AI"
157.55.39.156 - - [11/Aug/2021:00:27:51 +0200] "GET /harley-davidson-genuine-logo-stripes-lighter-p-45313.html HTTP/1.0" 200 74069 "-" "Mozilla/5.0 (compatible; bingbot/2.0; +http://www.bing.com/bingbot.htm)"
207.46.13.127 - - [11/Aug/2021:00:27:56 +0200] "GET /-p-14960.html HTTP/1.0" 200 70200 "-" "Mozilla/5.0 (compatible; bingbot/2.0; +http://www.bing.com/bingbot.htm)"
185.191.171.44 - - [11/Aug/2021:00:27:59 +0200] "GET /star-wars-blue-training-bottle-p-29945.html HTTP/1.0" 200 72956 "-" "Mozilla/5.0 (compatible; SemrushBot/7~bl; +http://www.semrush.com/bot.html)"
62.210.188.218 - - [11/Aug/2021:00:28:00 +0200] "GET /ceramic-vase-gray-aged-look-with-handle-p-52426.html HTTP/1.0" 200 70366 "-" "Mozilla/5.0 (compatible; Barkrowler/0.9; +https://babbar.tech/crawler)"
64.62.252.176 - - [11/Aug/2021:00:28:07 +0200] "GET /fragrance-sachet-lily-valley-p-40555.html HTTP/1.0" 200 73595 "-" "The Knowledge AI"
62.210.188.218 - - [11/Aug/2021:00:28:17 +0200] "GET /piggy-bank-with-small-hammer-40-years-p-38524.html HTTP/1.0" 301 70267 "-" "Mozilla/5.0 (compatible; Barkrowler/0.9; +https://babbar.tech/crawler)"
40.77.167.106 - - [11/Aug/2021:00:28:18 +0200] "GET /-p-38509.html HTTP/1.0" 200 70200 "-" "Mozilla/5.0 (compatible; bingbot/2.0; +http://www.bing.com/bingbot.htm)"
64.62.252.176 - - [11/Aug/2021:00:28:23 +0200] "GET /fragrance-sachet-magnolia-blossom-p-40537.html HTTP/1.0" 200 73577 "-" "The Knowledge AI"
185.191.171.6 - - [11/Aug/2021:00:28:26 +0200] "GET /pillow-case-p-33865.html HTTP/1.0" 200 73050 "-" "Mozilla/5.0 (compatible; SemrushBot/7~bl; +http://www.semrush.com/bot.html)"
62.210.188.218 - - [11/Aug/2021:00:28:33 +0200] "GET /transparent-plastic-tablecloth-180-180-cm-p-52781.html HTTP/1.0" 301 73073 "-" "Mozilla/5.0 (compatible; Barkrowler/0.9; +https://babbar.tech/crawler)"
64.62.252.176 - - [11/Aug/2021:00:28:39 +0200] "GET /incense-c-231_226.html?page=2 HTTP/1.0" 200 91716 "-" "The Knowledge AI"
185.191.171.20 - - [11/Aug/2021:00:28:45 +0200] "GET /italia-tablecloth-anti-stain-p-34994.html?action=add_product HTTP/1.0" 302 476 "-" "Mozilla/5.0 (compatible; SemrushBot/7~bl; +http://www.semrush.com/bot.html)"
62.210.188.218 - - [11/Aug/2021:00:28:48 +0200] "GET /pusheen-surprise-plush-mystery-box-series-p-53399.html HTTP/1.0" 301 73492 "-" "Mozilla/5.0 (compatible; Barkrowler/0.9; +https://babbar.tech/crawler)"
185.191.171.8 - - [11/Aug/2021:00:28:53 +0200] "GET /promise-willow-tree-figurine-p-36265.html?action=add_product HTTP/1.0" 302 476 "-" "Mozilla/5.0 (compatible; SemrushBot/7~bl; +http://www.semrush.com/bot.html)"
64.62.252.176 - - [11/Aug/2021:00:28:57 +0200] "GET /incense-c-231_226.html?page=3 HTTP/1.0" 200 90939 "-" "The Knowledge AI"
185.191.171.39 - - [11/Aug/2021:00:28:58 +0200] "GET /gustav-klimt-three-ages-woman-figurine-p-55507.html HTTP/1.0" 200 74487 "-" "Mozilla/5.0 (compatible; SemrushBot/7~bl; +http://www.semrush.com/bot.html)"
167.114.159.99 - - [11/Aug/2021:00:29:04 +0200] "GET /robots.txt HTTP/1.0" 200 245 "-" "Mozilla/5.0 (compatible; MJ12bot/v1.4.8; http://mj12bot.com/)"
62.210.188.218 - - [11/Aug/2021:00:29:04 +0200] "GET /petit-akio-led-night-light-unicorn-p-50036.html HTTP/1.0" 301 70267 "-" "Mozilla/5.0 (compatible; Barkrowler/0.9; +https://babbar.tech/crawler)"
111.225.149.136 - - [11/Aug/2021:00:29:05 +0200] "GET /cbkration-toiletry-p-41152.html HTTP/1.0" 200 72949 "-" "Mozilla/5.0 (Linux; Android 5.0) AppleWebKit/537.36 (KHTML, like Gecko) Mobile Safari/537.36 (compatible; Bytespider; https://zhanzhang.toutiao.com/)"
167.114.159.99 - - [11/Aug/2021:00:29:05 +0200] "GET /-p-42696.html HTTP/1.0" 200 70200 "-" "Mozilla/5.0 (compatible; MJ12bot/v1.4.8; http://mj12bot.com/)"
111.225.149.143 - - [11/Aug/2021:00:29:06 +0200] "GET /swfobject.js HTTP/1.0" 404 1308 "http://www.wonder-geek.com/cbkration-toiletry-p-41152.html" "Mozilla/5.0 (Linux; Android 5.0) AppleWebKit/537.36 (KHTML, like Gecko) Mobile Safari/537.36 (compatible; Bytespider; https://zhanzhang.toutiao.com/)"
111.225.149.146 - - [11/Aug/2021:00:29:07 +0200] "GET /highslide/graphics/zoomout.cur HTTP/1.0" 200 614 "http://www.wonder-geek.com/cbkration-toiletry-p-41152.html" "Mozilla/5.0 (Linux; Android 5.0) AppleWebKit/537.36 (KHTML, like Gecko) Mobile Safari/537.36 (compatible; Bytespider; https://zhanzhang.toutiao.com/)"
111.225.149.140 - - [11/Aug/2021:00:29:08 +0200] "GET /images/big_prod/1399986100354.jpg HTTP/1.0" 200 268 "http://www.wonder-geek.com/cbkration-toiletry-p-41152.html" "Mozilla/5.0 (Linux; Android 5.0) AppleWebKit/537.36 (KHTML, like Gecko) Mobile Safari/537.36 (compatible; Bytespider; https://zhanzhang.toutiao.com/)"
167.114.159.99 - - [11/Aug/2021:00:29:07 +0200] "GET /-p-42882.html HTTP/1.0" 200 70200 "-" "Mozilla/5.0 (compatible; MJ12bot/v1.4.8; http://mj12bot.com/)"
167.114.159.99 - - [11/Aug/2021:00:29:09 +0200] "GET /-p-42896.html HTTP/1.0" 200 70200 "-" "Mozilla/5.0 (compatible; MJ12bot/v1.4.8; http://mj12bot.com/)"
167.114.159.99 - - [11/Aug/2021:00:29:12 +0200] "GET /-p-42932.html HTTP/1.0" 200 70200 "-" "Mozilla/5.0 (compatible; MJ12bot/v1.4.8; http://mj12bot.com/)"
167.114.159.99 - - [11/Aug/2021:00:29:14 +0200] "GET /-p-42935.html HTTP/1.0" 200 70200 "-" "Mozilla/5.0 (compatible; MJ12bot/v1.4.8; http://mj12bot.com/)"
64.62.252.176 - - [11/Aug/2021:00:29:15 +0200] "GET /incense-c-231_226.html?page=4 HTTP/1.0" 200 91401 "-" "The Knowledge AI"
167.114.159.99 - - [11/Aug/2021:00:29:16 +0200] "GET /-p-43135.html HTTP/1.0" 200 70200 "-" "Mozilla/5.0 (compatible; MJ12bot/v1.4.8; http://mj12bot.com/)"
54.36.148.242 - - [11/Aug/2021:00:29:16 +0200] "GET /headrest-cushion-blue-p-44365.html HTTP/1.0" 200 73491 "-" "Mozilla/5.0 (compatible; AhrefsBot/7.0; +http://ahrefs.com/robot/)"
167.114.159.99 - - [11/Aug/2021:00:29:18 +0200] "GET /-p-43255.html HTTP/1.0" 200 70200 "-" "Mozilla/5.0 (compatible; MJ12bot/v1.4.8; http://mj12bot.com/)"
167.114.159.99 - - [11/Aug/2021:00:29:20 +0200] "GET /-p-43303.html HTTP/1.0" 200 70200 "-" "Mozilla/5.0 (compatible; MJ12bot/v1.4.8; http://mj12bot.com/)"
167.114.159.99 - - [11/Aug/2021:00:29:22 +0200] "GET /-p-43432.html HTTP/1.0" 200 70200 "-" "Mozilla/5.0 (compatible; MJ12bot/v1.4.8; http://mj12bot.com/)"
62.210.188.218 - - [11/Aug/2021:00:29:23 +0200] "GET /sacred-heart-jesus-aromatika-incense-sticks-p-47133.html HTTP/1.0" 200 73029 "-" "Mozilla/5.0 (compatible; Barkrowler/0.9; +https://babbar.tech/crawler)"
167.114.159.99 - - [11/Aug/2021:00:29:24 +0200] "GET /-p-43433.html HTTP/1.0" 200 70200 "-" "Mozilla/5.0 (compatible; MJ12bot/v1.4.8; http://mj12bot.com/)"
167.114.159.99 - - [11/Aug/2021:00:29:27 +0200] "GET /-p-43434.html HTTP/1.0" 200 70200 "-" "Mozilla/5.0 (compatible; MJ12bot/v1.4.8; http://mj12bot.com/)"
167.114.159.99 - - [11/Aug/2021:00:29:29 +0200] "GET /-p-43506.html HTTP/1.0" 200 70200 "-" "Mozilla/5.0 (compatible; MJ12bot/v1.4.8; http://mj12bot.com/)"
167.114.159.99 - - [11/Aug/2021:00:29:31 +0200] "GET /-p-43510.html HTTP/1.0" 200 70200 "-" "Mozilla/5.0 (compatible; MJ12bot/v1.4.8; http://mj12bot.com/)"
64.62.252.176 - - [11/Aug/2021:00:29:31 +0200] "GET /incense-c-231_226.html?page=5 HTTP/1.0" 200 90600 "-" "The Knowledge AI"
167.114.159.99 - - [11/Aug/2021:00:29:33 +0200] "GET /-p-4370.html HTTP/1.0" 200 70198 "-" "Mozilla/5.0 (compatible; MJ12bot/v1.4.8; http://mj12bot.com/)"
178.159.37.142 - - [11/Aug/2021:00:29:35 +0200] "GET /create_account.php HTTP/1.0" 301 547 "-" "Mozilla/4.0 (compatible; MSIE 6.0; Windows NT 5.1; SV1)"
167.114.159.99 - - [11/Aug/2021:00:29:35 +0200] "GET /-p-45197.html HTTP/1.0" 200 70200 "-" "Mozilla/5.0 (compatible; MJ12bot/v1.4.8; http://mj12bot.com/)"
167.114.159.99 - - [11/Aug/2021:00:29:37 +0200] "GET /-p-45223.html HTTP/1.0" 200 70200 "-" "Mozilla/5.0 (compatible; MJ12bot/v1.4.8; http://mj12bot.com/)"
62.210.188.218 - - [11/Aug/2021:00:29:39 +0200] "GET /hedgehog-pencil-pot-cbkreation-p-43438.html HTTP/1.0" 301 73002 "-" "Mozilla/5.0 (compatible; Barkrowler/0.9; +https://babbar.tech/crawler)"
167.114.159.99 - - [11/Aug/2021:00:29:39 +0200] "GET /-p-45243.html HTTP/1.0" 200 70200 "-" "Mozilla/5.0 (compatible; MJ12bot/v1.4.8; http://mj12bot.com/)"
167.114.159.99 - - [11/Aug/2021:00:29:41 +0200] "GET /-p-45246.html HTTP/1.0" 200 70200 "-" "Mozilla/5.0 (compatible; MJ12bot/v1.4.8; http://mj12bot.com/)"
167.114.159.99 - - [11/Aug/2021:00:29:44 +0200] "GET /-p-45249.html HTTP/1.0" 200 70200 "-" "Mozilla/5.0 (compatible; MJ12bot/v1.4.8; http://mj12bot.com/)"
185.191.171.39 - - [11/Aug/2021:00:29:45 +0200] "GET /windchime-yang-five-chimes-p-40513.html?action=add_product HTTP/1.0" 302 476 "-" "Mozilla/5.0 (compatible; SemrushBot/7~bl; +http://www.semrush.com/bot.html)"
167.114.159.99 - - [11/Aug/2021:00:29:46 +0200] "GET /-p-45250.html HTTP/1.0" 200 70200 "-" "Mozilla/5.0 (compatible; MJ12bot/v1.4.8; http://mj12bot.com/)"
167.114.159.99 - - [11/Aug/2021:00:29:48 +0200] "GET /-p-45273.html HTTP/1.0" 200 70200 "-" "Mozilla/5.0 (compatible; MJ12bot/v1.4.8; http://mj12bot.com/)"
167.114.159.99 - - [11/Aug/2021:00:29:50 +0200] "GET /-p-46558.html HTTP/1.0" 200 70200 "-" "Mozilla/5.0 (compatible; MJ12bot/v1.4.8; http://mj12bot.com/)"
178.159.37.142 - - [11/Aug/2021:00:29:50 +0200] "GET /create_account.php HTTP/1.0" 200 33633 "-" "Mozilla/4.0 (compatible; MSIE 6.0; Windows NT 5.1; SV1)"
178.159.37.142 - - [11/Aug/2021:00:29:51 +0200] "POST /create_account.php HTTP/1.0" 200 34546 "http://wonder-geek.com/create_account.php" "Mozilla/4.0 (compatible; MSIE 6.0; Windows NT 5.1; SV1)"
167.114.159.99 - - [11/Aug/2021:00:29:52 +0200] "GET /-p-46614.html HTTP/1.0" 200 70200 "-" "Mozilla/5.0 (compatible; MJ12bot/v1.4.8; http://mj12bot.com/)"
62.210.188.218 - - [11/Aug/2021:00:29:54 +0200] "GET /paris-decorative-metal-plate-cbkreation-p-52887.html HTTP/1.0" 200 72985 "-" "Mozilla/5.0 (compatible; Barkrowler/0.9; +https://babbar.tech/crawler)"
167.114.159.99 - - [11/Aug/2021:00:29:54 +0200] "GET /-p-47325.html HTTP/1.0" 200 70200 "-" "Mozilla/5.0 (compatible; MJ12bot/v1.4.8; http://mj12bot.com/)"
167.114.159.99 - - [11/Aug/2021:00:29:56 +0200] "GET /-p-47456.html HTTP/1.0" 200 70200 "-" "Mozilla/5.0 (compatible; MJ12bot/v1.4.8; http://mj12bot.com/)"
167.114.159.99 - - [11/Aug/2021:00:29:58 +0200] "GET /-p-47513.html HTTP/1.0" 200 70200 "-" "Mozilla/5.0 (compatible; MJ12bot/v1.4.8; http://mj12bot.com/)"
64.62.252.176 - - [11/Aug/2021:00:29:59 +0200] "GET /white-sage-california-incense-p-48492.html HTTP/1.0" 200 72905 "-" "The Knowledge AI"
167.114.159.99 - - [11/Aug/2021:00:30:00 +0200] "GET /-p-48551.html HTTP/1.0" 200 70200 "-" "Mozilla/5.0 (compatible; MJ12bot/v1.4.8; http://mj12bot.com/)"
167.114.159.99 - - [11/Aug/2021:00:30:02 +0200] "GET /-p-48686.html HTTP/1.0" 200 70200 "-" "Mozilla/5.0 (compatible; MJ12bot/v1.4.8; http://mj12bot.com/)"
167.114.159.99 - - [11/Aug/2021:00:30:05 +0200] "GET /-p-49293.html HTTP/1.0" 200 70200 "-" "Mozilla/5.0 (compatible; MJ12bot/v1.4.8; http://mj12bot.com/)"
167.114.159.99 - - [11/Aug/2021:00:30:07 +0200] "GET /-p-49295.html HTTP/1.0" 200 70200 "-" "Mozilla/5.0 (compatible; MJ12bot/v1.4.8; http://mj12bot.com/)"
62.210.188.218 - - [11/Aug/2021:00:30:08 +0200] "GET /paris-mug-with-spoon-vintage-four-color-process-p-38589.html HTTP/1.0" 301 73164 "-" "Mozilla/5.0 (compatible; Barkrowler/0.9; +https://babbar.tech/crawler)"
167.114.159.99 - - [11/Aug/2021:00:30:10 +0200] "GET /-p-49296.html HTTP/1.0" 200 70200 "-" "Mozilla/5.0 (compatible; MJ12bot/v1.4.8; http://mj12bot.com/)"
167.114.159.99 - - [11/Aug/2021:00:30:13 +0200] "GET /-p-49298.html HTTP/1.0" 200 70200 "-" "Mozilla/5.0 (compatible; MJ12bot/v1.4.8; http://mj12bot.com/)"
157.55.39.122 - - [11/Aug/2021:00:30:16 +0200] "GET /-p-22936.html HTTP/1.0" 200 70200 "-" "Mozilla/5.0 (compatible; bingbot/2.0; +http://www.bing.com/bingbot.htm)"
167.114.159.99 - - [11/Aug/2021:00:30:16 +0200] "GET /-p-49299.html HTTP/1.0" 200 70200 "-" "Mozilla/5.0 (compatible; MJ12bot/v1.4.8; http://mj12bot.com/)"
64.62.252.176 - - [11/Aug/2021:00:30:16 +0200] "GET /incense-champa-super-grams-about-sticks-p-48090.html HTTP/1.0" 200 73420 "-" "The Knowledge AI"
167.114.159.99 - - [11/Aug/2021:00:30:19 +0200] "GET /-p-49368.html HTTP/1.0" 200 70200 "-" "Mozilla/5.0 (compatible; MJ12bot/v1.4.8; http://mj12bot.com/)"
167.114.159.99 - - [11/Aug/2021:00:30:22 +0200] "GET /-p-49408.html HTTP/1.0" 200 70200 "-" "Mozilla/5.0 (compatible; MJ12bot/v1.4.8; http://mj12bot.com/)"
167.114.159.99 - - [11/Aug/2021:00:30:24 +0200] "GET /-p-50036.html HTTP/1.0" 200 70200 "-" "Mozilla/5.0 (compatible; MJ12bot/v1.4.8; http://mj12bot.com/)"
62.210.188.218 - - [11/Aug/2021:00:30:25 +0200] "GET /paris-enjoy-vintage-bedclothes-220-240-cm-p-31138.html HTTP/1.0" 301 73153 "-" "Mozilla/5.0 (compatible; Barkrowler/0.9; +https://babbar.tech/crawler)"
185.191.171.14 - - [11/Aug/2021:00:30:25 +0200] "GET /wunzees-doll-65-cm-series-rainbow-the-unicorn-p-45116.html HTTP/1.0" 301 70453 "-" "Mozilla/5.0 (compatible; SemrushBot/7~bl; +http://www.semrush.com/bot.html)"
167.114.159.99 - - [11/Aug/2021:00:30:26 +0200] "GET /-p-50210.html HTTP/1.0" 200 70200 "-" "Mozilla/5.0 (compatible; MJ12bot/v1.4.8; http://mj12bot.com/)"
185.191.171.18 - - [11/Aug/2021:00:30:28 +0200] "GET /wunzees-doll-series-rainbow-unicorn-p-45116.html HTTP/1.0" 200 70351 "-" "Mozilla/5.0 (compatible; SemrushBot/7~bl; +http://www.semrush.com/bot.html)"
167.114.159.99 - - [11/Aug/2021:00:30:29 +0200] "GET /-p-52028.html HTTP/1.0" 200 70200 "-" "Mozilla/5.0 (compatible; MJ12bot/v1.4.8; http://mj12bot.com/)"
207.46.13.101 - - [11/Aug/2021:00:30:30 +0200] "GET /africa-metal-capacity-p-55186.html HTTP/1.0" 200 73766 "-" "Mozilla/5.0 (compatible; bingbot/2.0; +http://www.bing.com/bingbot.htm)"
167.114.159.99 - - [11/Aug/2021:00:30:31 +0200] "GET /-p-52029.html HTTP/1.0" 200 70200 "-" "Mozilla/5.0 (compatible; MJ12bot/v1.4.8; http://mj12bot.com/)"
167.114.159.99 - - [11/Aug/2021:00:30:33 +0200] "GET /-p-5252.html HTTP/1.0" 200 70198 "-" "Mozilla/5.0 (compatible; MJ12bot/v1.4.8; http://mj12bot.com/)"
64.62.252.176 - - [11/Aug/2021:00:30:35 +0200] "GET /golden-buddha-incense-grams-about-sticks-p-35493.html HTTP/1.0" 200 73321 "-" "The Knowledge AI"
157.55.39.51 - - [11/Aug/2021:00:30:35 +0200] "GET /slicer-sausage-p-39699.html HTTP/1.0" 200 72978 "-" "Mozilla/5.0 (compatible; bingbot/2.0; +http://www.bing.com/bingbot.htm)"
167.114.159.99 - - [11/Aug/2021:00:30:36 +0200] "GET /-p-7719.html HTTP/1.0" 200 70198 "-" "Mozilla/5.0 (compatible; MJ12bot/v1.4.8; http://mj12bot.com/)"
167.114.159.99 - - [11/Aug/2021:00:30:38 +0200] "GET /-p-7777.html HTTP/1.0" 200 70198 "-" "Mozilla/5.0 (compatible; MJ12bot/v1.4.8; http://mj12bot.com/)"
62.210.188.218 - - [11/Aug/2021:00:30:40 +0200] "GET /cars-pairs-of-socks-size-19-22-p-25731.html HTTP/1.0" 301 70267 "-" "Mozilla/5.0 (compatible; Barkrowler/0.9; +https://babbar.tech/crawler)"
167.114.159.99 - - [11/Aug/2021:00:30:40 +0200] "GET /-p-8086.html HTTP/1.0" 200 70198 "-" "Mozilla/5.0 (compatible; MJ12bot/v1.4.8; http://mj12bot.com/)"
54.36.148.242 - - [11/Aug/2021:00:30:40 +0200] "GET /bonheur-dans-dish-cake-p-38243.html HTTP/1.0" 200 72916 "-" "Mozilla/5.0 (compatible; AhrefsBot/7.0; +http://ahrefs.com/robot/)"
167.114.159.99 - - [11/Aug/2021:00:30:43 +0200] "GET /-p-8151.html HTTP/1.0" 200 70198 "-" "Mozilla/5.0 (compatible; MJ12bot/v1.4.8; http://mj12bot.com/)"
167.114.159.99 - - [11/Aug/2021:00:30:45 +0200] "GET /-p-8241.html HTTP/1.0" 200 70198 "-" "Mozilla/5.0 (compatible; MJ12bot/v1.4.8; http://mj12bot.com/)"
167.114.159.99 - - [11/Aug/2021:00:30:47 +0200] "GET /-p-8351.html HTTP/1.0" 200 70198 "-" "Mozilla/5.0 (compatible; MJ12bot/v1.4.8; http://mj12bot.com/)"
167.114.159.99 - - [11/Aug/2021:00:30:50 +0200] "GET /-p-8525.html HTTP/1.0" 200 70198 "-" "Mozilla/5.0 (compatible; MJ12bot/v1.4.8; http://mj12bot.com/)"
64.62.252.176 - - [11/Aug/2021:00:30:50 +0200] "GET /incense-aura-cleansing-grams-about-sticks-p-52435.html HTTP/1.0" 200 73366 "-" "The Knowledge AI"
167.114.159.99 - - [11/Aug/2021:00:30:52 +0200] "GET /-p-8913.html HTTP/1.0" 200 70198 "-" "Mozilla/5.0 (compatible; MJ12bot/v1.4.8; http://mj12bot.com/)"
167.114.159.99 - - [11/Aug/2021:00:30:54 +0200] "GET /-p-9556.html HTTP/1.0" 200 70198 "-" "Mozilla/5.0 (compatible; MJ12bot/v1.4.8; http://mj12bot.com/)"
62.210.188.218 - - [11/Aug/2021:00:30:56 +0200] "GET /carlin-pink-woven-cool-bag-lunch-box-p-34158.html HTTP/1.0" 301 73081 "-" "Mozilla/5.0 (compatible; Barkrowler/0.9; +https://babbar.tech/crawler)"
167.114.159.99 - - [11/Aug/2021:00:30:57 +0200] "GET /-p-9652.html HTTP/1.0" 200 70198 "-" "Mozilla/5.0 (compatible; MJ12bot/v1.4.8; http://mj12bot.com/)"
167.114.159.99 - - [11/Aug/2021:00:31:00 +0200] "GET /american-revival-kennedy-suitcase-p-25127.html HTTP/1.0" 200 70374 "-" "Mozilla/5.0 (compatible; MJ12bot/v1.4.8; http://mj12bot.com/)"
167.114.159.99 - - [11/Aug/2021:00:31:02 +0200] "GET /american-revival-suitcase-p-25122.html HTTP/1.0" 200 70346 "-" "Mozilla/5.0 (compatible; MJ12bot/v1.4.8; http://mj12bot.com/)"
167.114.159.99 - - [11/Aug/2021:00:31:04 +0200] "GET /angry-birds-stickers-stationery-p-22218.html HTTP/1.0" 200 73146 "-" "Mozilla/5.0 (compatible; MJ12bot/v1.4.8; http://mj12bot.com/)"
64.62.252.176 - - [11/Aug/2021:00:31:06 +0200] "GET /incense-meditation-grams-about-sticks-p-45149.html HTTP/1.0" 200 73359 "-" "The Knowledge AI"
167.114.159.99 - - [11/Aug/2021:00:31:07 +0200] "GET /bamboo-fiber-jars-roule-pour-p-46516.html HTTP/1.0" 200 74222 "-" "Mozilla/5.0 (compatible; MJ12bot/v1.4.8; http://mj12bot.com/)"
167.114.159.99 - - [11/Aug/2021:00:31:09 +0200] "GET /barbabelle-beauty-p-16774.html HTTP/1.0" 200 70288 "-" "Mozilla/5.0 (compatible; MJ12bot/v1.4.8; http://mj12bot.com/)"
207.46.13.101 - - [11/Aug/2021:00:31:10 +0200] "GET /-p-34605.html HTTP/1.0" 200 70200 "-" "Mozilla/5.0 (compatible; bingbot/2.0; +http://www.bing.com/bingbot.htm)"
167.114.159.99 - - [11/Aug/2021:00:31:11 +0200] "GET /barbapapa-cosmetic-p-7716.html HTTP/1.0" 200 73060 "-" "Mozilla/5.0 (compatible; MJ12bot/v1.4.8; http://mj12bot.com/)"
62.210.188.218 - - [11/Aug/2021:00:31:12 +0200] "GET /wyatt-pig-gund-plush-28-cm-p-34523.html HTTP/1.0" 301 73272 "-" "Mozilla/5.0 (compatible; Barkrowler/0.9; +https://babbar.tech/crawler)"
167.114.159.99 - - [11/Aug/2021:00:31:13 +0200] "GET /barbapapa-large-coin-purse-p-5345.html HTTP/1.0" 200 73021 "-" "Mozilla/5.0 (compatible; MJ12bot/v1.4.8; http://mj12bot.com/)"
167.114.159.99 - - [11/Aug/2021:00:31:16 +0200] "GET /barcelona-clock-p-27268.html HTTP/1.0" 200 70275 "-" "Mozilla/5.0 (compatible; MJ12bot/v1.4.8; http://mj12bot.com/)"
167.114.159.99 - - [11/Aug/2021:00:31:18 +0200] "GET /basket-pencil-case-p-19068.html HTTP/1.0" 200 70281 "-" "Mozilla/5.0 (compatible; MJ12bot/v1.4.8; http://mj12bot.com/)"
157.55.39.44 - - [11/Aug/2021:00:31:19 +0200] "GET /high-school-musical-waterproof-parka-p-31265.html HTTP/1.0" 200 74761 "-" "Mozilla/5.0 (compatible; bingbot/2.0; +http://www.bing.com/bingbot.htm)"
167.114.159.99 - - [11/Aug/2021:00:31:20 +0200] "GET /beatles-abbey-road-carry-calling-cards-p-19517.html HTTP/1.0" 200 73229 "-" "Mozilla/5.0 (compatible; MJ12bot/v1.4.8; http://mj12bot.com/)"
64.62.252.176 - - [11/Aug/2021:00:31:21 +0200] "GET /incense-namaste-grams-about-sticks-p-45147.html HTTP/1.0" 200 73379 "-" "The Knowledge AI"
167.114.159.99 - - [11/Aug/2021:00:31:22 +0200] "GET /beatles-back-ussr-coin-purse-p-8087.html HTTP/1.0" 200 73069 "-" "Mozilla/5.0 (compatible; MJ12bot/v1.4.8; http://mj12bot.com/)"
167.114.159.99 - - [11/Aug/2021:00:31:25 +0200] "GET /beatles-back-ussr-large-coin-purse-p-8092.html HTTP/1.0" 200 73124 "-" "Mozilla/5.0 (compatible; MJ12bot/v1.4.8; http://mj12bot.com/)"
167.114.159.99 - - [11/Aug/2021:00:31:27 +0200] "GET /beatles-face-large-coin-purse-p-8091.html HTTP/1.0" 200 70334 "-" "Mozilla/5.0 (compatible; MJ12bot/v1.4.8; http://mj12bot.com/)"
157.55.39.5 - - [11/Aug/2021:00:31:28 +0200] "GET /london-stamp-cushion-p-26110.html HTTP/1.0" 200 73075 "-" "Mozilla/5.0 (compatible; bingbot/2.0; +http://www.bing.com/bingbot.htm)"
167.114.159.99 - - [11/Aug/2021:00:31:29 +0200] "GET /beatles-multifunction-p-7756.html HTTP/1.0" 200 73077 "-" "Mozilla/5.0 (compatible; MJ12bot/v1.4.8; http://mj12bot.com/)"
167.114.159.99 - - [11/Aug/2021:00:31:31 +0200] "GET /beatles-shirt-p-29552.html HTTP/1.0" 200 70274 "-" "Mozilla/5.0 (compatible; MJ12bot/v1.4.8; http://mj12bot.com/)"
167.114.159.99 - - [11/Aug/2021:00:31:33 +0200] "GET /bedspread-boutis-pillowcases-p-52163.html HTTP/1.0" 200 73745 "-" "Mozilla/5.0 (compatible; MJ12bot/v1.4.8; http://mj12bot.com/)"
185.191.171.41 - - [11/Aug/2021:00:31:35 +0200] "GET /hexagon-tile-stickers-p-51953.html?action=add_product HTTP/1.0" 302 476 "-" "Mozilla/5.0 (compatible; SemrushBot/7~bl; +http://www.semrush.com/bot.html)"
62.210.188.218 - - [11/Aug/2021:00:31:36 +0200] "GET /crasy-cat-by-allen-cotton-pouch-p-53176.html HTTP/1.0" 301 73028 "-" "Mozilla/5.0 (compatible; Barkrowler/0.9; +https://babbar.tech/crawler)"
