40.77.167.106 - - [10/Aug/2021:16:17:13 +0200] "GET /transformers-wheeljack-figure-build-p-21603.html HTTP/1.0" 301 70267 "-" "Mozilla/5.0 (compatible; bingbot/2.0; +http://www.bing.com/bingbot.htm)"
62.210.188.218 - - [10/Aug/2021:16:17:13 +0200] "GET /mercedes-benz-p-27597.html HTTP/1.0" 200 72518 "-" "Mozilla/5.0 (compatible; Barkrowler/0.9; +https://babbar.tech/crawler)"
207.46.13.175 - - [10/Aug/2021:16:17:21 +0200] "GET /bakugan-clock-p-6179.html HTTP/1.0" 200 70240 "-" "Mozilla/5.0 (compatible; bingbot/2.0; +http://www.bing.com/bingbot.htm)"
62.210.188.218 - - [10/Aug/2021:16:17:31 +0200] "GET /corse-adult-p-29936.html HTTP/1.0" 200 72879 "-" "Mozilla/5.0 (compatible; Barkrowler/0.9; +https://babbar.tech/crawler)"
54.36.148.33 - - [10/Aug/2021:16:17:33 +0200] "GET /powder-candle-250-grs-la-bougie-autrement-star-blue-p-53076.html HTTP/1.0" 301 74031 "-" "Mozilla/5.0 (compatible; AhrefsBot/7.0; +http://ahrefs.com/robot/)"
157.55.39.156 - - [10/Aug/2021:16:17:34 +0200] "GET /yellow-cocci-metal-plate-deco-p-34331.html HTTP/1.0" 200 72886 "-" "Mozilla/5.0 (compatible; bingbot/2.0; +http://www.bing.com/bingbot.htm)"
157.55.39.156 - - [10/Aug/2021:16:17:36 +0200] "GET /long-lady-umbrella-gorjuss-hush-little-bunny-p-48411.html HTTP/1.0" 200 74190 "-" "Mozilla/5.0 (compatible; bingbot/2.0; +http://www.bing.com/bingbot.htm)"
54.36.148.242 - - [10/Aug/2021:16:17:42 +0200] "GET /canvas-frame-rgles-toilettes-p-52177.html HTTP/1.0" 200 73607 "-" "Mozilla/5.0 (compatible; AhrefsBot/7.0; +http://ahrefs.com/robot/)"
62.210.188.218 - - [10/Aug/2021:16:17:50 +0200] "GET /insulated-p-10128.html HTTP/1.0" 200 72820 "-" "Mozilla/5.0 (compatible; Barkrowler/0.9; +https://babbar.tech/crawler)"
185.191.171.18 - - [10/Aug/2021:16:17:59 +0200] "GET /minnie-mouse-cookie-britto-p-49508.html?action=add_product HTTP/1.0" 302 476 "-" "Mozilla/5.0 (compatible; SemrushBot/7~bl; +http://www.semrush.com/bot.html)"
62.210.188.218 - - [10/Aug/2021:16:18:10 +0200] "GET /digipenguin-p-30677.html HTTP/1.0" 200 73432 "-" "Mozilla/5.0 (compatible; Barkrowler/0.9; +https://babbar.tech/crawler)"
207.46.13.127 - - [10/Aug/2021:16:18:16 +0200] "GET /dragonfly-wall-decoration-blue-model-p-55403.html HTTP/1.0" 200 73787 "-" "Mozilla/5.0 (compatible; bingbot/2.0; +http://www.bing.com/bingbot.htm)"
207.46.13.39 - - [10/Aug/2021:16:18:21 +0200] "GET /-p-44342.html HTTP/1.0" 200 70200 "-" "Mozilla/5.0 (compatible; bingbot/2.0; +http://www.bing.com/bingbot.htm)"
207.46.13.39 - - [10/Aug/2021:16:18:23 +0200] "GET /sonny-angel-figure-easter-series-p-34302.html HTTP/1.0" 200 70322 "-" "Mozilla/5.0 (compatible; bingbot/2.0; +http://www.bing.com/bingbot.htm)"
62.210.188.218 - - [10/Aug/2021:16:18:28 +0200] "GET /beatles-travel-p-12698.html HTTP/1.0" 200 72733 "-" "Mozilla/5.0 (compatible; Barkrowler/0.9; +https://babbar.tech/crawler)"
157.55.39.156 - - [10/Aug/2021:16:18:45 +0200] "GET /-p-25797.html HTTP/1.0" 200 70200 "-" "Mozilla/5.0 (compatible; bingbot/2.0; +http://www.bing.com/bingbot.htm)"
62.210.188.218 - - [10/Aug/2021:16:18:48 +0200] "GET /beatles-storage-p-5111.html HTTP/1.0" 200 70256 "-" "Mozilla/5.0 (compatible; Barkrowler/0.9; +https://babbar.tech/crawler)"
54.36.148.242 - - [10/Aug/2021:16:18:53 +0200] "GET /bell-wall-bell-c-13_270.html HTTP/1.0" 200 89256 "-" "Mozilla/5.0 (compatible; AhrefsBot/7.0; +http://ahrefs.com/robot/)"
54.36.148.118 - - [10/Aug/2021:16:18:54 +0200] "GET /treasure-box-tibetan-with-double-dorje-p-53340.html HTTP/1.0" 301 74405 "-" "Mozilla/5.0 (compatible; AhrefsBot/7.0; +http://ahrefs.com/robot/)"
62.210.188.218 - - [10/Aug/2021:16:19:05 +0200] "GET /beatles-storage-p-8262.html HTTP/1.0" 200 70256 "-" "Mozilla/5.0 (compatible; Barkrowler/0.9; +https://babbar.tech/crawler)"
207.46.13.101 - - [10/Aug/2021:16:19:11 +0200] "GET /solar-powered-dancing-angel-p-34859.html HTTP/1.0" 200 73122 "-" "Mozilla/5.0 (compatible; bingbot/2.0; +http://www.bing.com/bingbot.htm)"
157.55.39.5 - - [10/Aug/2021:16:19:13 +0200] "GET /tinker-bell-figurine-collection-disney-crafty-tink-p-31423.html HTTP/1.0" 200 73294 "-" "Mozilla/5.0 (compatible; bingbot/2.0; +http://www.bing.com/bingbot.htm)"
40.77.167.106 - - [10/Aug/2021:16:19:15 +0200] "GET /-p-2452.html HTTP/1.0" 200 70198 "-" "Mozilla/5.0 (compatible; bingbot/2.0; +http://www.bing.com/bingbot.htm)"
62.210.188.218 - - [10/Aug/2021:16:19:24 +0200] "GET /beatles-box-p-8311.html HTTP/1.0" 301 70297 "-" "Mozilla/5.0 (compatible; Barkrowler/0.9; +https://babbar.tech/crawler)"
62.210.188.218 - - [10/Aug/2021:16:19:42 +0200] "GET /glass-lamp-p-53104.html HTTP/1.0" 200 73514 "-" "Mozilla/5.0 (compatible; Barkrowler/0.9; +https://babbar.tech/crawler)"
185.191.171.41 - - [10/Aug/2021:16:19:52 +0200] "GET /large-responsible-bamboo-ginger-candle-heart-home-p-52796.html?action=add_product HTTP/1.0" 302 476 "-" "Mozilla/5.0 (compatible; SemrushBot/7~bl; +http://www.semrush.com/bot.html)"
54.36.148.242 - - [10/Aug/2021:16:19:56 +0200] "GET /citron-collection-large-metal-plate-deco-p-40297.html HTTP/1.0" 200 73021 "-" "Mozilla/5.0 (compatible; AhrefsBot/7.0; +http://ahrefs.com/robot/)"
62.210.188.218 - - [10/Aug/2021:16:19:59 +0200] "GET /glass-lamp-p-53103.html HTTP/1.0" 200 73538 "-" "Mozilla/5.0 (compatible; Barkrowler/0.9; +https://babbar.tech/crawler)"
157.55.39.122 - - [10/Aug/2021:16:20:03 +0200] "GET /tablecloths-c-11_176.html HTTP/1.0" 200 91543 "-" "Mozilla/5.0 (compatible; bingbot/2.0; +http://www.bing.com/bingbot.htm)"
207.46.13.127 - - [10/Aug/2021:16:20:15 +0200] "GET /pink-elephant-piggy-bank-p-47728.html HTTP/1.0" 200 70286 "-" "Mozilla/5.0 (compatible; bingbot/2.0; +http://www.bing.com/bingbot.htm)"
62.210.188.218 - - [10/Aug/2021:16:20:17 +0200] "GET /glass-lamp-p-53383.html HTTP/1.0" 200 73695 "-" "Mozilla/5.0 (compatible; Barkrowler/0.9; +https://babbar.tech/crawler)"
54.36.148.162 - - [10/Aug/2021:16:20:35 +0200] "GET /postcard-with-envelope-anniversary-60-years-p-48848.html HTTP/1.0" 301 73158 "-" "Mozilla/5.0 (compatible; AhrefsBot/7.0; +http://ahrefs.com/robot/)"
66.249.66.220 - - [10/Aug/2021:16:20:36 +0200] "GET /nici-bubble-mouse-keyring-plush-p-35197.html HTTP/1.0" 200 72911 "-" "Mozilla/5.0 (Linux; Android 6.0.1; Nexus 5X Build/MMB29P) AppleWebKit/537.36 (KHTML, like Gecko) Chrome/92.0.4515.119 Mobile Safari/537.36 (compatible; Googlebot/2.1; +http://www.google.com/bot.html)"
62.210.188.218 - - [10/Aug/2021:16:20:38 +0200] "GET /glass-lamp-p-53105.html HTTP/1.0" 200 73514 "-" "Mozilla/5.0 (compatible; Barkrowler/0.9; +https://babbar.tech/crawler)"
54.36.148.56 - - [10/Aug/2021:16:20:42 +0200] "GET /ny-black-large-pencil-case-p-30536.html HTTP/1.0" 301 70267 "-" "Mozilla/5.0 (compatible; AhrefsBot/7.0; +http://ahrefs.com/robot/)"
207.46.13.127 - - [10/Aug/2021:16:20:47 +0200] "GET /large-maxi-trays-c-12_159_262.html HTTP/1.0" 200 89643 "-" "Mozilla/5.0 (compatible; bingbot/2.0; +http://www.bing.com/bingbot.htm)"
205.175.118.47 - - [10/Aug/2021:16:20:48 +0200] "GET /images/mini_prod/c8427787034837.jpg HTTP/1.0" 200 270 "-" "python-requests/2.25.1"
62.210.188.218 - - [10/Aug/2021:16:20:55 +0200] "GET /glass-lamp-p-47349.html HTTP/1.0" 200 73320 "-" "Mozilla/5.0 (compatible; Barkrowler/0.9; +https://babbar.tech/crawler)"
54.36.148.242 - - [10/Aug/2021:16:20:56 +0200] "GET /protective-cover-cotton-fleece-p-53660.html HTTP/1.0" 200 73035 "-" "Mozilla/5.0 (compatible; AhrefsBot/7.0; +http://ahrefs.com/robot/)"
157.55.39.156 - - [10/Aug/2021:16:20:55 +0200] "GET /-p-14602.html HTTP/1.0" 200 70200 "-" "Mozilla/5.0 (compatible; bingbot/2.0; +http://www.bing.com/bingbot.htm)"
207.46.13.39 - - [10/Aug/2021:16:20:59 +0200] "GET /london-plymouth-cushion-p-27469.html HTTP/1.0" 200 73204 "-" "Mozilla/5.0 (compatible; bingbot/2.0; +http://www.bing.com/bingbot.htm)"
62.210.188.218 - - [10/Aug/2021:16:21:15 +0200] "GET /glass-lamp-p-47224.html HTTP/1.0" 200 73324 "-" "Mozilla/5.0 (compatible; Barkrowler/0.9; +https://babbar.tech/crawler)"
185.191.171.2 - - [10/Aug/2021:16:21:23 +0200] "GET /emoticon-cushion-emoji-p-42816.html HTTP/1.0" 301 70267 "-" "Mozilla/5.0 (compatible; SemrushBot/7~bl; +http://www.semrush.com/bot.html)"
185.191.171.24 - - [10/Aug/2021:16:21:26 +0200] "GET /-p-42816.html HTTP/1.0" 200 70200 "-" "Mozilla/5.0 (compatible; SemrushBot/7~bl; +http://www.semrush.com/bot.html)"
62.210.188.218 - - [10/Aug/2021:16:21:31 +0200] "GET /coffee-c-13_150_153.html HTTP/1.0" 200 90183 "-" "Mozilla/5.0 (compatible; Barkrowler/0.9; +https://babbar.tech/crawler)"
54.36.149.105 - - [10/Aug/2021:16:21:44 +0200] "GET /simpsons-pairs-of-socks-size-27-30-p-25502.html HTTP/1.0" 301 72879 "-" "Mozilla/5.0 (compatible; AhrefsBot/7.0; +http://ahrefs.com/robot/)"
62.210.188.218 - - [10/Aug/2021:16:21:47 +0200] "GET /horse-clock-p-23446.html HTTP/1.0" 301 70267 "-" "Mozilla/5.0 (compatible; Barkrowler/0.9; +https://babbar.tech/crawler)"
54.36.148.242 - - [10/Aug/2021:16:22:01 +0200] "GET /harley-davidson-metal-plate-p-37074.html HTTP/1.0" 200 73003 "-" "Mozilla/5.0 (compatible; AhrefsBot/7.0; +http://ahrefs.com/robot/)"
66.249.66.220 - - [10/Aug/2021:16:22:06 +0200] "GET /saddle-club-pieces-puzzle-p-27690.html HTTP/1.0" 200 73071 "-" "Mozilla/5.0 (Linux; Android 6.0.1; Nexus 5X Build/MMB29P) AppleWebKit/537.36 (KHTML, like Gecko) Chrome/92.0.4515.119 Mobile Safari/537.36 (compatible; Googlebot/2.1; +http://www.google.com/bot.html)"
62.210.188.218 - - [10/Aug/2021:16:22:09 +0200] "GET /horse-mouse-p-24680.html HTTP/1.0" 200 72721 "-" "Mozilla/5.0 (compatible; Barkrowler/0.9; +https://babbar.tech/crawler)"
157.55.39.156 - - [10/Aug/2021:16:22:15 +0200] "GET /fragrance-sachet-lavender-sage-p-40542.html HTTP/1.0" 200 73596 "-" "Mozilla/5.0 (compatible; bingbot/2.0; +http://www.bing.com/bingbot.htm)"
207.46.13.39 - - [10/Aug/2021:16:22:20 +0200] "GET /strawberry-shortcake-tights-model-p-34656.html HTTP/1.0" 200 74066 "-" "Mozilla/5.0 (compatible; bingbot/2.0; +http://www.bing.com/bingbot.htm)"
207.46.13.175 - - [10/Aug/2021:16:22:25 +0200] "GET /disney-princess-blue-swimsuit-p-30309.html HTTP/1.0" 200 74615 "-" "Mozilla/5.0 (compatible; bingbot/2.0; +http://www.bing.com/bingbot.htm)"
62.210.188.218 - - [10/Aug/2021:16:22:28 +0200] "GET /horse-backpack-p-23430.html HTTP/1.0" 200 72835 "-" "Mozilla/5.0 (compatible; Barkrowler/0.9; +https://babbar.tech/crawler)"
207.46.13.101 - - [10/Aug/2021:16:22:41 +0200] "GET /-p-4348.html HTTP/1.0" 200 70198 "-" "Mozilla/5.0 (compatible; bingbot/2.0; +http://www.bing.com/bingbot.htm)"
185.191.171.2 - - [10/Aug/2021:16:22:46 +0200] "GET /green-salt-pepper-p-34485.html?action=add_product HTTP/1.0" 302 476 "-" "Mozilla/5.0 (compatible; SemrushBot/7~bl; +http://www.semrush.com/bot.html)"
62.210.188.218 - - [10/Aug/2021:16:22:47 +0200] "GET /horse-jewelry-p-49356.html HTTP/1.0" 200 72960 "-" "Mozilla/5.0 (compatible; Barkrowler/0.9; +https://babbar.tech/crawler)"
157.55.39.51 - - [10/Aug/2021:16:22:49 +0200] "GET /cats-dubout-metal-plate-p-30398.html HTTP/1.0" 200 72930 "-" "Mozilla/5.0 (compatible; bingbot/2.0; +http://www.bing.com/bingbot.htm)"
62.210.188.218 - - [10/Aug/2021:16:23:03 +0200] "GET /antique-wooden-p-36485.html HTTP/1.0" 200 70254 "-" "Mozilla/5.0 (compatible; Barkrowler/0.9; +https://babbar.tech/crawler)"
207.46.13.127 - - [10/Aug/2021:16:23:06 +0200] "GET /-p-21362.html HTTP/1.0" 200 70200 "-" "Mozilla/5.0 (compatible; bingbot/2.0; +http://www.bing.com/bingbot.htm)"
54.36.148.242 - - [10/Aug/2021:16:23:07 +0200] "GET /home-decoration-c-13.html?page=24 HTTP/1.0" 200 91543 "-" "Mozilla/5.0 (compatible; AhrefsBot/7.0; +http://ahrefs.com/robot/)"
207.46.13.127 - - [10/Aug/2021:16:23:16 +0200] "GET /-p-11976.html HTTP/1.0" 200 70200 "-" "Mozilla/5.0 (compatible; bingbot/2.0; +http://www.bing.com/bingbot.htm)"
62.210.188.218 - - [10/Aug/2021:16:23:19 +0200] "GET /tour-france-p-53977.html HTTP/1.0" 200 72761 "-" "Mozilla/5.0 (compatible; Barkrowler/0.9; +https://babbar.tech/crawler)"
157.55.39.5 - - [10/Aug/2021:16:23:33 +0200] "GET /-p-17183.html HTTP/1.0" 200 70200 "-" "Mozilla/5.0 (compatible; bingbot/2.0; +http://www.bing.com/bingbot.htm)"
66.249.66.220 - - [10/Aug/2021:16:23:35 +0200] "GET /looney-toons-stationery-holder-p-6401.html HTTP/1.0" 200 72937 "-" "Mozilla/5.0 (compatible; Googlebot/2.1; +http://www.google.com/bot.html)"
62.210.188.218 - - [10/Aug/2021:16:23:38 +0200] "GET /tour-france-p-53978.html HTTP/1.0" 200 72762 "-" "Mozilla/5.0 (compatible; Barkrowler/0.9; +https://babbar.tech/crawler)"
62.210.188.218 - - [10/Aug/2021:16:23:56 +0200] "GET /tour-france-p-53979.html HTTP/1.0" 200 72761 "-" "Mozilla/5.0 (compatible; Barkrowler/0.9; +https://babbar.tech/crawler)"
185.191.171.3 - - [10/Aug/2021:16:24:00 +0200] "GET /pillow-case-65-65-cm-olive-green-p-51991.html HTTP/1.0" 301 70267 "-" "Mozilla/5.0 (compatible; SemrushBot/7~bl; +http://www.semrush.com/bot.html)"
62.210.188.218 - - [10/Aug/2021:16:24:12 +0200] "GET /tour-france-p-51222.html HTTP/1.0" 200 72762 "-" "Mozilla/5.0 (compatible; Barkrowler/0.9; +https://babbar.tech/crawler)"
54.36.148.242 - - [10/Aug/2021:16:24:14 +0200] "GET /heart-home-small-candle-freesia-white-jasmine-p-55377.html HTTP/1.0" 200 74208 "-" "Mozilla/5.0 (compatible; AhrefsBot/7.0; +http://ahrefs.com/robot/)"
185.191.171.34 - - [10/Aug/2021:16:24:22 +0200] "GET /cotton-bath-p-55258.html HTTP/1.0" 200 73739 "-" "Mozilla/5.0 (compatible; SemrushBot/7~bl; +http://www.semrush.com/bot.html)"
62.210.188.218 - - [10/Aug/2021:16:24:29 +0200] "GET /stop-door-p-46282.html HTTP/1.0" 200 72781 "-" "Mozilla/5.0 (compatible; Barkrowler/0.9; +https://babbar.tech/crawler)"
157.55.39.122 - - [10/Aug/2021:16:24:54 +0200] "GET /minecraft-shirt-p-29611.html HTTP/1.0" 200 70254 "-" "Mozilla/5.0 (compatible; bingbot/2.0; +http://www.bing.com/bingbot.htm)"
157.55.39.156 - - [10/Aug/2021:16:24:58 +0200] "GET /mani-lucky-black-keychain-p-37421.html HTTP/1.0" 200 70340 "-" "Mozilla/5.0 (compatible; bingbot/2.0; +http://www.bing.com/bingbot.htm)"
40.77.167.106 - - [10/Aug/2021:16:25:03 +0200] "GET /-p-22487.html HTTP/1.0" 200 70200 "-" "Mozilla/5.0 (compatible; bingbot/2.0; +http://www.bing.com/bingbot.htm)"
186.236.4.97 - - [10/Aug/2021:16:25:03 +0200] "GET /contact_us.php HTTP/1.0" 200 26241 "http://www.wonder-geek.com/contact_us.php" "Mozilla/5.0 (Windows NT 10.0; ) AppleWebKit/537.36 (KHTML, like Gecko) Chrome/83.0.4103.61 Safari/537.36"
186.236.4.97 - - [10/Aug/2021:16:25:06 +0200] "POST /contact_us.php?action=send HTTP/1.0" 200 26496 "http://www.wonder-geek.com/contact_us.php" "Mozilla/5.0 (Windows NT 10.0; ) AppleWebKit/537.36 (KHTML, like Gecko) Chrome/83.0.4103.61 Safari/537.36"
157.55.39.44 - - [10/Aug/2021:16:25:24 +0200] "GET /images/big_prod/3032160044089.jpg HTTP/1.0" 200 268 "-" "Mozilla/5.0 (compatible; bingbot/2.0; +http://www.bing.com/bingbot.htm)"
54.36.148.242 - - [10/Aug/2021:16:25:27 +0200] "GET /kimmidoll-keyring-miwa-p-49769.html HTTP/1.0" 200 72852 "-" "Mozilla/5.0 (compatible; AhrefsBot/7.0; +http://ahrefs.com/robot/)"
40.77.167.106 - - [10/Aug/2021:16:25:43 +0200] "GET /gogh-terrasse-soir-little-cord-made-france-p-47444.html HTTP/1.0" 200 73286 "-" "Mozilla/5.0 (compatible; bingbot/2.0; +http://www.bing.com/bingbot.htm)"
185.191.171.35 - - [10/Aug/2021:16:25:53 +0200] "GET /-p-49128.html?action=add_product HTTP/1.0" 302 476 "-" "Mozilla/5.0 (compatible; SemrushBot/7~bl; +http://www.semrush.com/bot.html)"
54.36.148.242 - - [10/Aug/2021:16:26:32 +0200] "GET /barbapapa-black-shirt-p-29636.html HTTP/1.0" 200 73997 "-" "Mozilla/5.0 (compatible; AhrefsBot/7.0; +http://ahrefs.com/robot/)"
207.46.13.101 - - [10/Aug/2021:16:26:52 +0200] "GET /disney-beauty-beast-belle-jewelry-p-49748.html HTTP/1.0" 200 74151 "-" "Mozilla/5.0 (compatible; bingbot/2.0; +http://www.bing.com/bingbot.htm)"
207.46.13.39 - - [10/Aug/2021:16:27:39 +0200] "GET /-p-5794.html HTTP/1.0" 200 70198 "-" "Mozilla/5.0 (compatible; bingbot/2.0; +http://www.bing.com/bingbot.htm)"
54.36.148.242 - - [10/Aug/2021:16:27:39 +0200] "GET /home-decoration-c-13.html?page=29 HTTP/1.0" 200 92630 "-" "Mozilla/5.0 (compatible; AhrefsBot/7.0; +http://ahrefs.com/robot/)"
157.55.39.51 - - [10/Aug/2021:16:27:43 +0200] "GET /marley-pencil-p-5064.html HTTP/1.0" 200 72883 "-" "Mozilla/5.0 (compatible; bingbot/2.0; +http://www.bing.com/bingbot.htm)"
157.55.39.44 - - [10/Aug/2021:16:28:35 +0200] "GET /candy-cloud-pencil-case-bella-p-49847.html HTTP/1.0" 200 72906 "-" "Mozilla/5.0 (compatible; bingbot/2.0; +http://www.bing.com/bingbot.htm)"
17.121.114.61 - - [10/Aug/2021:16:28:41 +0200] "GET /ball-grey-p-38026.html HTTP/1.0" 200 72803 "-" "Mozilla/5.0 (Macintosh; Intel Mac OS X 10_15_5) AppleWebKit/605.1.15 (KHTML, like Gecko) Version/13.1.1 Safari/605.1.15 (Applebot/0.1; +http://www.apple.com/go/applebot)"
66.249.66.218 - - [10/Aug/2021:16:28:43 +0200] "GET /paris-saint-germain-psg-beer-glass-p-46524.html HTTP/1.0" 301 73032 "-" "Mozilla/5.0 (Linux; Android 6.0.1; Nexus 5X Build/MMB29P) AppleWebKit/537.36 (KHTML, like Gecko) Chrome/92.0.4515.119 Mobile Safari/537.36 (compatible; Googlebot/2.1; +http://www.google.com/bot.html)"
66.249.66.216 - - [10/Aug/2021:16:28:44 +0200] "GET /paris-saint-germain-beer-glass-p-46524.html HTTP/1.0" 200 72935 "-" "Mozilla/5.0 (Linux; Android 6.0.1; Nexus 5X Build/MMB29P) AppleWebKit/537.36 (KHTML, like Gecko) Chrome/92.0.4515.119 Mobile Safari/537.36 (compatible; Googlebot/2.1; +http://www.google.com/bot.html)"
54.36.148.242 - - [10/Aug/2021:16:28:48 +0200] "GET /set-c-1_8.html HTTP/1.0" 200 69061 "-" "Mozilla/5.0 (compatible; AhrefsBot/7.0; +http://ahrefs.com/robot/)"
17.121.113.36 - - [10/Aug/2021:16:29:00 +0200] "GET /sardines-grey-metal-clock-p-48599.html HTTP/1.0" 200 70316 "-" "Mozilla/5.0 (Macintosh; Intel Mac OS X 10_15_5) AppleWebKit/605.1.15 (KHTML, like Gecko) Version/13.1.1 Safari/605.1.15 (Applebot/0.1; +http://www.apple.com/go/applebot)"
40.77.167.106 - - [10/Aug/2021:16:29:24 +0200] "GET /dessert-dish-glass-with-anti-slip-feet-p-47331.html HTTP/1.0" 200 72928 "-" "Mozilla/5.0 (compatible; bingbot/2.0; +http://www.bing.com/bingbot.htm)"
54.36.148.153 - - [10/Aug/2021:16:29:29 +0200] "GET /blue-turquoise-fitted-sheet-140-190-cm-p-36444.html HTTP/1.0" 301 70267 "-" "Mozilla/5.0 (compatible; AhrefsBot/7.0; +http://ahrefs.com/robot/)"
54.36.148.95 - - [10/Aug/2021:16:29:39 +0200] "GET /buddha-statue-polyresin-21-cm-p-40355.html HTTP/1.0" 301 73008 "-" "Mozilla/5.0 (compatible; AhrefsBot/7.0; +http://ahrefs.com/robot/)"
54.36.148.242 - - [10/Aug/2021:16:29:52 +0200] "GET /collectible-figurines-decorative-c-13_135.html?page=27 HTTP/1.0" 200 96267 "-" "Mozilla/5.0 (compatible; AhrefsBot/7.0; +http://ahrefs.com/robot/)"
51.68.224.127 - - [10/Aug/2021:16:30:22 +0200] "GET /adminweb/export_orders_xml.php?token=256de2z6edz6ed2z6DFSFsed2zed6zeDSFDSGdzedezfzf&maxorders=10&orderstart=1&status=14&start_date=2018-10-01 HTTP/1.0" 200 285 "-" "GesCom CharlotteBoutik Serveur"
51.68.224.127 - - [10/Aug/2021:16:30:22 +0200] "GET /adminweb/export_orders_xml.php?token=256de2z6edz6ed2z6DFSFsed2zed6zeDSFDSGdzedezfzf&maxorders=10&orderstart=1&status=6&start_date=2018-10-01 HTTP/1.0" 200 28601 "-" "GesCom CharlotteBoutik Serveur"
207.46.13.127 - - [10/Aug/2021:16:30:37 +0200] "GET /littlest-petshop-multicolour-swimsuit-p-30265.html HTTP/1.0" 200 74383 "-" "Mozilla/5.0 (compatible; bingbot/2.0; +http://www.bing.com/bingbot.htm)"
185.191.171.2 - - [10/Aug/2021:16:30:42 +0200] "GET /aurora-silicone-mold-pink-model-p-28235.html?action=add_product HTTP/1.0" 302 476 "-" "Mozilla/5.0 (compatible; SemrushBot/7~bl; +http://www.semrush.com/bot.html)"
54.36.148.242 - - [10/Aug/2021:16:31:03 +0200] "GET /hello-kitty-camomilla-handbag-p-4409.html HTTP/1.0" 200 75439 "-" "Mozilla/5.0 (compatible; AhrefsBot/7.0; +http://ahrefs.com/robot/)"
54.36.149.21 - - [10/Aug/2021:16:31:16 +0200] "GET /us-marshall-pink-pencil-case-p-36508.html HTTP/1.0" 301 70267 "-" "Mozilla/5.0 (compatible; AhrefsBot/7.0; +http://ahrefs.com/robot/)"
185.191.171.26 - - [10/Aug/2021:16:31:17 +0200] "GET /pendants-and-necklaces-c-3_214.html HTTP/1.0" 301 90394 "-" "Mozilla/5.0 (compatible; SemrushBot/7~bl; +http://www.semrush.com/bot.html)"
185.191.171.45 - - [10/Aug/2021:16:31:19 +0200] "GET /pendants-necklaces-c-214.html HTTP/1.0" 301 90284 "-" "Mozilla/5.0 (compatible; SemrushBot/7~bl; +http://www.semrush.com/bot.html)"
185.191.171.45 - - [10/Aug/2021:16:31:21 +0200] "GET /pendants-necklaces-c-3_214.html HTTP/1.0" 200 90311 "-" "Mozilla/5.0 (compatible; SemrushBot/7~bl; +http://www.semrush.com/bot.html)"
40.77.167.106 - - [10/Aug/2021:16:31:54 +0200] "GET /buddha-small-notebook-model-p-38471.html HTTP/1.0" 200 72993 "-" "Mozilla/5.0 (compatible; bingbot/2.0; +http://www.bing.com/bingbot.htm)"
207.46.13.101 - - [10/Aug/2021:16:32:03 +0200] "GET /-p-17637.html HTTP/1.0" 200 70200 "-" "Mozilla/5.0 (compatible; bingbot/2.0; +http://www.bing.com/bingbot.htm)"
207.46.13.39 - - [10/Aug/2021:16:32:09 +0200] "GET /horse-portrait-canvas-frame-p-31842.html HTTP/1.0" 200 72951 "-" "Mozilla/5.0 (compatible; bingbot/2.0; +http://www.bing.com/bingbot.htm)"
54.36.148.242 - - [10/Aug/2021:16:32:14 +0200] "GET /home-decoration-c-13.html?page=23 HTTP/1.0" 200 92908 "-" "Mozilla/5.0 (compatible; AhrefsBot/7.0; +http://ahrefs.com/robot/)"
157.55.39.122 - - [10/Aug/2021:16:32:25 +0200] "GET /bilbao-coated-tablecloth-yellow-p-51229.html HTTP/1.0" 200 73578 "-" "Mozilla/5.0 (compatible; bingbot/2.0; +http://www.bing.com/bingbot.htm)"
199.249.230.144 - - [10/Aug/2021:16:33:09 +0200] "GET /contact_us.php HTTP/1.0" 200 26241 "http://www.wonder-geek.com/contact_us.php" "Mozilla/5.0 (Windows NT 6.1; Win64; x64) AppleWebKit/537.36 (KHTML, like Gecko) Chrome/90.0.4430.85 Safari/537.36"
157.55.39.51 - - [10/Aug/2021:16:33:10 +0200] "GET /blue-polyester-round-chair-cushion-p-47038.html HTTP/1.0" 200 73567 "-" "Mozilla/5.0 (compatible; bingbot/2.0; +http://www.bing.com/bingbot.htm)"
157.55.39.5 - - [10/Aug/2021:16:33:15 +0200] "GET /with-infuser-cutty-p-47847.html HTTP/1.0" 200 70274 "-" "Mozilla/5.0 (compatible; bingbot/2.0; +http://www.bing.com/bingbot.htm)"
195.176.3.24 - - [10/Aug/2021:16:33:16 +0200] "POST /contact_us.php?action=send HTTP/1.0" 200 26680 "http://www.wonder-geek.com/contact_us.php" "Mozilla/5.0 (Windows NT 6.1; Win64; x64) AppleWebKit/537.36 (KHTML, like Gecko) Chrome/90.0.4430.85 Safari/537.36"
157.55.39.5 - - [10/Aug/2021:16:33:17 +0200] "GET /-p-11128.html HTTP/1.0" 200 70200 "-" "Mozilla/5.0 (compatible; bingbot/2.0; +http://www.bing.com/bingbot.htm)"
195.176.3.24 - - [10/Aug/2021:16:33:24 +0200] "GET /contact_us.php HTTP/1.0" 200 26241 "http://www.wonder-geek.com/contact_us.php" "Mozilla/5.0 (Windows NT 6.1; Win64; x64) AppleWebKit/537.36 (KHTML, like Gecko) Chrome/90.0.4430.85 Safari/537.36"
54.36.148.242 - - [10/Aug/2021:16:33:26 +0200] "GET /collectible-figurines-decorative-c-13_135.html?page=28 HTTP/1.0" 200 96669 "-" "Mozilla/5.0 (compatible; AhrefsBot/7.0; +http://ahrefs.com/robot/)"
207.46.13.127 - - [10/Aug/2021:16:33:26 +0200] "GET /-p-20344.html HTTP/1.0" 200 70200 "-" "Mozilla/5.0 (compatible; bingbot/2.0; +http://www.bing.com/bingbot.htm)"
207.46.13.101 - - [10/Aug/2021:16:33:32 +0200] "GET /-p-36303.html HTTP/1.0" 200 70200 "-" "Mozilla/5.0 (compatible; bingbot/2.0; +http://www.bing.com/bingbot.htm)"
205.175.118.47 - - [10/Aug/2021:16:33:33 +0200] "GET /images/mini_prod/3700653501219.jpg HTTP/1.0" 200 269 "-" "python-requests/2.25.1"
207.46.13.39 - - [10/Aug/2021:16:33:39 +0200] "GET /strawberry-shortcake-poncho-years-p-31119.html HTTP/1.0" 200 74100 "-" "Mozilla/5.0 (compatible; bingbot/2.0; +http://www.bing.com/bingbot.htm)"
66.249.66.220 - - [10/Aug/2021:16:34:01 +0200] "GET /images/big_prod/3453131147187.jpg HTTP/1.0" 200 268 "-" "Googlebot-Image/1.0"
106.38.241.171 - - [10/Aug/2021:16:34:10 +0200] "GET / HTTP/1.0" 200 151030 "-" "Sogou web spider/4.0(+http://www.sogou.com/docs/help/webmasters.htm#07)"
54.36.148.242 - - [10/Aug/2021:16:34:32 +0200] "GET /home-decoration-c-13.html?page=22 HTTP/1.0" 200 92302 "-" "Mozilla/5.0 (compatible; AhrefsBot/7.0; +http://ahrefs.com/robot/)"
66.249.66.220 - - [10/Aug/2021:16:35:06 +0200] "GET /office-items-c-97_100.html HTTP/1.0" 200 90260 "-" "Mozilla/5.0 (compatible; Googlebot/2.1; +http://www.google.com/bot.html)"
54.36.148.255 - - [10/Aug/2021:16:35:09 +0200] "GET /polypropylene-green-and-grey-outdoor-carpet-120-180-cm-p-44048.html HTTP/1.0" 301 73285 "-" "Mozilla/5.0 (compatible; AhrefsBot/7.0; +http://ahrefs.com/robot/)"
157.55.39.122 - - [10/Aug/2021:16:35:14 +0200] "GET /plush-penguin-yoopy-star-p-42701.html HTTP/1.0" 200 72995 "-" "Mozilla/5.0 (compatible; bingbot/2.0; +http://www.bing.com/bingbot.htm)"
207.46.13.101 - - [10/Aug/2021:16:35:33 +0200] "GET /gorjuss-trinket-beeloved-just-beecause-p-46931.html HTTP/1.0" 200 74290 "-" "Mozilla/5.0 (compatible; bingbot/2.0; +http://www.bing.com/bingbot.htm)"
54.36.148.242 - - [10/Aug/2021:16:35:34 +0200] "GET /harley-davidson-grey-dusk-zippo-lighter-p-52760.html HTTP/1.0" 200 76142 "-" "Mozilla/5.0 (compatible; AhrefsBot/7.0; +http://ahrefs.com/robot/)"
207.46.13.101 - - [10/Aug/2021:16:35:52 +0200] "GET /looney-toons-soup-plate-p-14843.html HTTP/1.0" 200 70282 "-" "Mozilla/5.0 (compatible; bingbot/2.0; +http://www.bing.com/bingbot.htm)"
54.36.148.138 - - [10/Aug/2021:16:36:06 +0200] "GET /dogs-rectangulary-cushion-by-cbkreation-p-26406.html HTTP/1.0" 301 70429 "-" "Mozilla/5.0 (compatible; AhrefsBot/7.0; +http://ahrefs.com/robot/)"
207.46.13.39 - - [10/Aug/2021:16:36:20 +0200] "GET /fiers-etre-marseillais-orange-black-track-jacket-p-29984.html HTTP/1.0" 200 74373 "-" "Mozilla/5.0 (compatible; bingbot/2.0; +http://www.bing.com/bingbot.htm)"
207.46.13.175 - - [10/Aug/2021:16:36:41 +0200] "GET /swfobject.js HTTP/1.0" 404 1308 "-" "Mozilla/5.0 (compatible; bingbot/2.0; +http://www.bing.com/bingbot.htm)"
54.36.148.242 - - [10/Aug/2021:16:36:41 +0200] "GET /vintage-pink-phone-cover-iphone-p-20214.html HTTP/1.0" 200 75270 "-" "Mozilla/5.0 (compatible; AhrefsBot/7.0; +http://ahrefs.com/robot/)"
66.249.66.220 - - [10/Aug/2021:16:36:50 +0200] "GET /chimes-and-suspensions-c-13_241.html HTTP/1.0" 301 90646 "-" "Mozilla/5.0 (compatible; Googlebot/2.1; +http://www.google.com/bot.html)"
66.249.66.218 - - [10/Aug/2021:16:36:51 +0200] "GET /chimes-suspensions-c-241.html HTTP/1.0" 301 90523 "-" "Mozilla/5.0 (compatible; Googlebot/2.1; +http://www.google.com/bot.html)"
66.249.66.216 - - [10/Aug/2021:16:36:52 +0200] "GET /chimes-suspensions-c-13_241.html HTTP/1.0" 200 90563 "-" "Mozilla/5.0 (compatible; Googlebot/2.1; +http://www.google.com/bot.html)"
185.191.171.43 - - [10/Aug/2021:16:37:24 +0200] "GET /-p-27646.html?action=add_product HTTP/1.0" 302 476 "-" "Mozilla/5.0 (compatible; SemrushBot/7~bl; +http://www.semrush.com/bot.html)"
157.55.39.122 - - [10/Aug/2021:16:37:24 +0200] "GET /smokers-items-c-3_112.html HTTP/1.0" 200 91720 "-" "Mozilla/5.0 (compatible; bingbot/2.0; +http://www.bing.com/bingbot.htm)"
54.36.148.242 - - [10/Aug/2021:16:37:47 +0200] "GET /help-shower-curtain-p-39388.html HTTP/1.0" 200 72922 "-" "Mozilla/5.0 (compatible; AhrefsBot/7.0; +http://ahrefs.com/robot/)"
185.191.171.11 - - [10/Aug/2021:16:37:56 +0200] "GET /the-little-prince-white-ceramic-plate-p-52498.html HTTP/1.0" 301 70430 "-" "Mozilla/5.0 (compatible; SemrushBot/7~bl; +http://www.semrush.com/bot.html)"
157.55.39.44 - - [10/Aug/2021:16:37:56 +0200] "GET /-p-10297.html HTTP/1.0" 200 70200 "-" "Mozilla/5.0 (compatible; bingbot/2.0; +http://www.bing.com/bingbot.htm)"
185.191.171.38 - - [10/Aug/2021:16:37:58 +0200] "GET /little-prince-white-ceramic-plate-p-52498.html HTTP/1.0" 200 70330 "-" "Mozilla/5.0 (compatible; SemrushBot/7~bl; +http://www.semrush.com/bot.html)"
157.55.39.122 - - [10/Aug/2021:16:38:06 +0200] "GET /-p-36836.html HTTP/1.0" 200 70200 "-" "Mozilla/5.0 (compatible; bingbot/2.0; +http://www.bing.com/bingbot.htm)"
147.92.153.6 - - [10/Aug/2021:16:38:07 +0200] "GET /long-sleeves-shirts-c-2_40.html HTTP/1.0" 200 69183 "-" "Mozilla/5.0 (compatible; Linespider/1.1; +https://lin.ee/4dwXkTH)"
157.55.39.156 - - [10/Aug/2021:16:38:16 +0200] "GET /buddha-candle-holder-gold-patina-resin-p-47988.html HTTP/1.0" 200 73931 "-" "Mozilla/5.0 (compatible; bingbot/2.0; +http://www.bing.com/bingbot.htm)"
185.191.171.22 - - [10/Aug/2021:16:38:27 +0200] "GET /magnet-citron-p-40121.html?action=add_product HTTP/1.0" 302 476 "-" "Mozilla/5.0 (compatible; SemrushBot/7~bl; +http://www.semrush.com/bot.html)"
54.36.148.242 - - [10/Aug/2021:16:38:49 +0200] "GET /wooden-heart-bedhead-wall-sticker-p-42897.html HTTP/1.0" 200 73686 "-" "Mozilla/5.0 (compatible; AhrefsBot/7.0; +http://ahrefs.com/robot/)"
207.46.13.175 - - [10/Aug/2021:16:39:04 +0200] "GET /hello-kitty-adult-umbrella-p-20509.html HTTP/1.0" 200 73725 "-" "Mozilla/5.0 (compatible; bingbot/2.0; +http://www.bing.com/bingbot.htm)"
54.36.148.120 - - [10/Aug/2021:16:39:04 +0200] "GET /coca-cola-straws-box-p-28482.html HTTP/1.0" 301 70267 "-" "Mozilla/5.0 (compatible; AhrefsBot/7.0; +http://ahrefs.com/robot/)"
185.191.171.38 - - [10/Aug/2021:16:39:25 +0200] "GET /tree-life-mirror-wood-p-53756.html HTTP/1.0" 200 73661 "-" "Mozilla/5.0 (compatible; SemrushBot/7~bl; +http://www.semrush.com/bot.html)"
157.55.39.44 - - [10/Aug/2021:16:39:45 +0200] "GET /melt-winter-wonderland-p-51054.html HTTP/1.0" 200 73610 "-" "Mozilla/5.0 (compatible; bingbot/2.0; +http://www.bing.com/bingbot.htm)"
54.36.148.242 - - [10/Aug/2021:16:39:54 +0200] "GET /white-natural-mini-wooden-p-55036.html HTTP/1.0" 200 73731 "-" "Mozilla/5.0 (compatible; AhrefsBot/7.0; +http://ahrefs.com/robot/)"
185.191.171.14 - - [10/Aug/2021:16:40:16 +0200] "GET /little-buddha-retractable-ballpoint-pen-blue-p-43063.html HTTP/1.0" 301 70455 "-" "Mozilla/5.0 (compatible; SemrushBot/7~bl; +http://www.semrush.com/bot.html)"
185.191.171.38 - - [10/Aug/2021:16:40:18 +0200] "GET /little-buddha-retractable-ballpoint-blue-p-43063.html HTTP/1.0" 200 70348 "-" "Mozilla/5.0 (compatible; SemrushBot/7~bl; +http://www.semrush.com/bot.html)"
185.191.171.15 - - [10/Aug/2021:16:40:20 +0200] "GET /viking-warrior-figurine-24-cm-p-51520.html HTTP/1.0" 301 73623 "-" "Mozilla/5.0 (compatible; SemrushBot/7~bl; +http://www.semrush.com/bot.html)"
185.191.171.33 - - [10/Aug/2021:16:40:22 +0200] "GET /viking-warrior-figurine-p-51520.html HTTP/1.0" 200 73533 "-" "Mozilla/5.0 (compatible; SemrushBot/7~bl; +http://www.semrush.com/bot.html)"
17.121.114.22 - - [10/Aug/2021:16:40:35 +0200] "GET /skaar-marvel-super-hero-mashers-articulate-figurine-p-29854.html HTTP/1.0" 200 70446 "-" "Mozilla/5.0 (Macintosh; Intel Mac OS X 10_15_5) AppleWebKit/605.1.15 (KHTML, like Gecko) Version/13.1.1 Safari/605.1.15 (Applebot/0.1; +http://www.apple.com/go/applebot)"
40.77.167.106 - - [10/Aug/2021:16:41:05 +0200] "GET /-p-17874.html HTTP/1.0" 200 70200 "-" "Mozilla/5.0 (compatible; bingbot/2.0; +http://www.bing.com/bingbot.htm)"
54.36.148.242 - - [10/Aug/2021:16:41:10 +0200] "GET /kimmidoll-honoka-bangle-p-15852.html HTTP/1.0" 200 73864 "-" "Mozilla/5.0 (compatible; AhrefsBot/7.0; +http://ahrefs.com/robot/)"
185.191.171.34 - - [10/Aug/2021:16:41:10 +0200] "GET /hand-fatma-acrylic-magnet-p-52884.html HTTP/1.0" 200 72871 "-" "Mozilla/5.0 (compatible; SemrushBot/7~bl; +http://www.semrush.com/bot.html)"
207.46.13.175 - - [10/Aug/2021:16:41:14 +0200] "GET /ethnic-style-burlap-table-p-48441.html HTTP/1.0" 200 73426 "-" "Mozilla/5.0 (compatible; bingbot/2.0; +http://www.bing.com/bingbot.htm)"
157.55.39.156 - - [10/Aug/2021:16:41:28 +0200] "GET /chimes-and-suspensions-c-13_241.html HTTP/1.0" 301 90646 "-" "Mozilla/5.0 (compatible; bingbot/2.0; +http://www.bing.com/bingbot.htm)"
157.55.39.122 - - [10/Aug/2021:16:41:45 +0200] "GET /planes-disney-little-backpack-p-30385.html HTTP/1.0" 200 70306 "-" "Mozilla/5.0 (compatible; bingbot/2.0; +http://www.bing.com/bingbot.htm)"
40.77.167.106 - - [10/Aug/2021:16:42:06 +0200] "GET /silhouette-ceramic-vase-composition-mondrian-p-55508.html HTTP/1.0" 200 74716 "-" "Mozilla/5.0 (compatible; bingbot/2.0; +http://www.bing.com/bingbot.htm)"
207.46.13.101 - - [10/Aug/2021:16:42:13 +0200] "GET /-p-26607.html HTTP/1.0" 200 70200 "-" "Mozilla/5.0 (compatible; bingbot/2.0; +http://www.bing.com/bingbot.htm)"
54.36.148.242 - - [10/Aug/2021:16:42:13 +0200] "GET /round-chair-cushion-reversible-ecru-linen-p-54649.html HTTP/1.0" 200 73911 "-" "Mozilla/5.0 (compatible; AhrefsBot/7.0; +http://ahrefs.com/robot/)"
157.55.39.44 - - [10/Aug/2021:16:42:27 +0200] "GET /images/big_prod/8424345491002.jpg HTTP/1.0" 200 268 "-" "Mozilla/5.0 (compatible; bingbot/2.0; +http://www.bing.com/bingbot.htm)"
157.55.39.44 - - [10/Aug/2021:16:42:30 +0200] "GET /horses-dreams-dotted-notebook-ballpoint-p-21480.html HTTP/1.0" 200 73045 "-" "Mozilla/5.0 (compatible; bingbot/2.0; +http://www.bing.com/bingbot.htm)"
157.55.39.156 - - [10/Aug/2021:16:42:31 +0200] "GET /images/big_prod/4029811313877.jpg HTTP/1.0" 200 268 "-" "Mozilla/5.0 (compatible; bingbot/2.0; +http://www.bing.com/bingbot.htm)"
207.46.13.39 - - [10/Aug/2021:16:42:50 +0200] "GET /-p-18288.html HTTP/1.0" 200 70200 "-" "Mozilla/5.0 (compatible; bingbot/2.0; +http://www.bing.com/bingbot.htm)"
157.55.39.156 - - [10/Aug/2021:16:43:08 +0200] "GET /world-map-shower-curtain-180-180-cm-p-39392.html HTTP/1.0" 301 73036 "-" "Mozilla/5.0 (compatible; bingbot/2.0; +http://www.bing.com/bingbot.htm)"
157.55.39.156 - - [10/Aug/2021:16:43:10 +0200] "GET /jasmin-pencil-case-p-31570.html HTTP/1.0" 200 72909 "-" "Mozilla/5.0 (compatible; bingbot/2.0; +http://www.bing.com/bingbot.htm)"
157.55.39.156 - - [10/Aug/2021:16:43:11 +0200] "GET /-p-26782.html HTTP/1.0" 200 70200 "-" "Mozilla/5.0 (compatible; bingbot/2.0; +http://www.bing.com/bingbot.htm)"
157.55.39.51 - - [10/Aug/2021:16:43:12 +0200] "GET /decorative-useful-little-buddha-p-53311.html HTTP/1.0" 200 72960 "-" "Mozilla/5.0 (compatible; bingbot/2.0; +http://www.bing.com/bingbot.htm)"
54.36.148.242 - - [10/Aug/2021:16:43:19 +0200] "GET /collectible-figurines-decorative-c-13_135.html?page=24 HTTP/1.0" 200 96337 "-" "Mozilla/5.0 (compatible; AhrefsBot/7.0; +http://ahrefs.com/robot/)"
185.191.171.19 - - [10/Aug/2021:16:43:38 +0200] "GET /wall-decoration-tropic-collection-parrots-p-46710.html?action=add_product HTTP/1.0" 302 476 "-" "Mozilla/5.0 (compatible; SemrushBot/7~bl; +http://www.semrush.com/bot.html)"
185.191.171.40 - - [10/Aug/2021:16:43:45 +0200] "GET /polar-blankets-blankets-c-11_73.html?page=1 HTTP/1.0" 200 91243 "-" "Mozilla/5.0 (compatible; SemrushBot/7~bl; +http://www.semrush.com/bot.html)"
207.46.13.175 - - [10/Aug/2021:16:43:54 +0200] "GET /-p-1848.html HTTP/1.0" 200 70198 "-" "Mozilla/5.0 (compatible; bingbot/2.0; +http://www.bing.com/bingbot.htm)"
157.55.39.5 - - [10/Aug/2021:16:44:05 +0200] "GET /simpsons-tray-p-27368.html HTTP/1.0" 200 72802 "-" "Mozilla/5.0 (compatible; bingbot/2.0; +http://www.bing.com/bingbot.htm)"
54.36.148.242 - - [10/Aug/2021:16:44:23 +0200] "GET /austin-mini-cooper-large-metal-plate-deco-p-37104.html HTTP/1.0" 200 72975 "-" "Mozilla/5.0 (compatible; AhrefsBot/7.0; +http://ahrefs.com/robot/)"
66.249.66.218 - - [10/Aug/2021:16:44:36 +0200] "GET /lighting-c-13_86.html?page=26 HTTP/1.0" 200 93736 "-" "Mozilla/5.0 (Linux; Android 6.0.1; Nexus 5X Build/MMB29P) AppleWebKit/537.36 (KHTML, like Gecko) Chrome/92.0.4515.119 Mobile Safari/537.36 (compatible; Googlebot/2.1; +http://www.google.com/bot.html)"
157.55.39.44 - - [10/Aug/2021:16:44:46 +0200] "GET /matriochka-white-women-shirt-p-30984.html HTTP/1.0" 200 74881 "-" "Mozilla/5.0 (compatible; bingbot/2.0; +http://www.bing.com/bingbot.htm)"
40.77.167.106 - - [10/Aug/2021:16:44:55 +0200] "GET /charmmy-kitty-pink-patch-p-19253.html HTTP/1.0" 200 70311 "-" "Mozilla/5.0 (compatible; bingbot/2.0; +http://www.bing.com/bingbot.htm)"
66.249.66.218 - - [10/Aug/2021:16:44:57 +0200] "GET /crystal-salt-lamp-p-46309.html HTTP/1.0" 200 70258 "-" "Mozilla/5.0 (Linux; Android 6.0.1; Nexus 5X Build/MMB29P) AppleWebKit/537.36 (KHTML, like Gecko) Chrome/92.0.4515.119 Mobile Safari/537.36 (compatible; Googlebot/2.1; +http://www.google.com/bot.html)"
157.55.39.156 - - [10/Aug/2021:16:45:00 +0200] "GET /-p-8124.html HTTP/1.0" 200 70198 "-" "Mozilla/5.0 (compatible; bingbot/2.0; +http://www.bing.com/bingbot.htm)"
185.191.171.7 - - [10/Aug/2021:16:45:23 +0200] "GET /newspaper-porcelain-bowl-p-31535.html HTTP/1.0" 200 70294 "-" "Mozilla/5.0 (compatible; SemrushBot/7~bl; +http://www.semrush.com/bot.html)"
54.36.148.242 - - [10/Aug/2021:16:45:28 +0200] "GET /dream-catcher-shower-curtain-p-50728.html HTTP/1.0" 200 73624 "-" "Mozilla/5.0 (compatible; AhrefsBot/7.0; +http://ahrefs.com/robot/)"
157.55.39.51 - - [10/Aug/2021:16:46:02 +0200] "GET /white-stained-pine-wood-chest-p-53540.html HTTP/1.0" 200 73525 "-" "Mozilla/5.0 (compatible; bingbot/2.0; +http://www.bing.com/bingbot.htm)"
185.191.171.25 - - [10/Aug/2021:16:46:08 +0200] "GET /jerrican-wall-decor-p-51438.html?action=add_product HTTP/1.0" 302 476 "-" "Mozilla/5.0 (compatible; SemrushBot/7~bl; +http://www.semrush.com/bot.html)"
207.46.13.127 - - [10/Aug/2021:16:46:17 +0200] "GET /baloo-figure-p-2872.html HTTP/1.0" 200 70249 "-" "Mozilla/5.0 (compatible; bingbot/2.0; +http://www.bing.com/bingbot.htm)"
207.46.13.39 - - [10/Aug/2021:16:46:30 +0200] "GET /vintage-navigation-theme-suitcase-p-49617.html HTTP/1.0" 200 72978 "-" "Mozilla/5.0 (compatible; bingbot/2.0; +http://www.bing.com/bingbot.htm)"
54.36.148.242 - - [10/Aug/2021:16:46:37 +0200] "GET /-c-95.html HTTP/1.0" 200 75420 "-" "Mozilla/5.0 (compatible; AhrefsBot/7.0; +http://ahrefs.com/robot/)"
51.68.224.127 - - [10/Aug/2021:16:46:37 +0200] "GET /adminweb/export_orders_xml.php?token=256de2z6edz6ed2z6DFSFsed2zed6zeDSFDSGdzedezfzf&maxorders=10&orderstart=1&status=14&start_date=2018-10-01 HTTP/1.0" 200 285 "-" "GesCom CharlotteBoutik Serveur"
51.68.224.127 - - [10/Aug/2021:16:46:38 +0200] "GET /adminweb/export_orders_xml.php?token=256de2z6edz6ed2z6DFSFsed2zed6zeDSFDSGdzedezfzf&maxorders=10&orderstart=1&status=6&start_date=2018-10-01 HTTP/1.0" 200 28601 "-" "GesCom CharlotteBoutik Serveur"
66.249.66.220 - - [10/Aug/2021:16:46:37 +0200] "GET /cement-tile-stickers-gray-p-45001.html HTTP/1.0" 200 73841 "-" "Mozilla/5.0 (compatible; Googlebot/2.1; +http://www.google.com/bot.html)"
62.210.188.218 - - [10/Aug/2021:16:46:37 +0200] "GET /paris-adore-p-44940.html HTTP/1.0" 200 72788 "-" "Mozilla/5.0 (compatible; Barkrowler/0.9; +https://babbar.tech/crawler)"
157.55.39.5 - - [10/Aug/2021:16:46:45 +0200] "GET /vive-paris-hairbrush-p-20208.html HTTP/1.0" 200 72827 "-" "Mozilla/5.0 (compatible; bingbot/2.0; +http://www.bing.com/bingbot.htm)"
62.210.188.218 - - [10/Aug/2021:16:46:58 +0200] "GET /paris-mug-p-30431.html HTTP/1.0" 301 72767 "-" "Mozilla/5.0 (compatible; Barkrowler/0.9; +https://babbar.tech/crawler)"
62.210.188.218 - - [10/Aug/2021:16:47:18 +0200] "GET /paris-mug-p-25807.html HTTP/1.0" 301 72767 "-" "Mozilla/5.0 (compatible; Barkrowler/0.9; +https://babbar.tech/crawler)"
185.191.171.13 - - [10/Aug/2021:16:47:23 +0200] "GET /white-porcelain-lamp-p-55608.html HTTP/1.0" 200 73420 "-" "Mozilla/5.0 (compatible; SemrushBot/7~bl; +http://www.semrush.com/bot.html)"
62.210.188.218 - - [10/Aug/2021:16:47:37 +0200] "GET /paris-mouse-p-14082.html HTTP/1.0" 200 72759 "-" "Mozilla/5.0 (compatible; Barkrowler/0.9; +https://babbar.tech/crawler)"
54.36.148.242 - - [10/Aug/2021:16:47:45 +0200] "GET /marseille-black-money-p-24221.html HTTP/1.0" 200 72818 "-" "Mozilla/5.0 (compatible; AhrefsBot/7.0; +http://ahrefs.com/robot/)"
62.210.188.218 - - [10/Aug/2021:16:47:57 +0200] "GET /paris-pill-p-52010.html HTTP/1.0" 200 73482 "-" "Mozilla/5.0 (compatible; Barkrowler/0.9; +https://babbar.tech/crawler)"
62.210.188.218 - - [10/Aug/2021:16:48:17 +0200] "GET /paris-pill-p-52009.html HTTP/1.0" 200 73483 "-" "Mozilla/5.0 (compatible; Barkrowler/0.9; +https://babbar.tech/crawler)"
62.210.188.218 - - [10/Aug/2021:16:48:38 +0200] "GET /paris-pill-p-52011.html HTTP/1.0" 200 73482 "-" "Mozilla/5.0 (compatible; Barkrowler/0.9; +https://babbar.tech/crawler)"
54.36.148.242 - - [10/Aug/2021:16:48:49 +0200] "GET /deco-soapstone-tree-life-orange-p-53791.html HTTP/1.0" 200 73785 "-" "Mozilla/5.0 (compatible; AhrefsBot/7.0; +http://ahrefs.com/robot/)"
62.210.188.218 - - [10/Aug/2021:16:48:57 +0200] "GET /paris-cushion-p-24499.html HTTP/1.0" 200 70242 "-" "Mozilla/5.0 (compatible; Barkrowler/0.9; +https://babbar.tech/crawler)"
40.77.167.106 - - [10/Aug/2021:16:49:05 +0200] "GET /harley-davidson-slim-lighter-p-37650.html HTTP/1.0" 200 73320 "-" "Mozilla/5.0 (compatible; bingbot/2.0; +http://www.bing.com/bingbot.htm)"
66.249.66.216 - - [10/Aug/2021:16:49:09 +0200] "GET /love-personnalized-black-shell-samsung-p-17689.html HTTP/1.0" 200 73260 "-" "Mozilla/5.0 (compatible; Googlebot/2.1; +http://www.google.com/bot.html)"
62.210.188.218 - - [10/Aug/2021:16:49:15 +0200] "GET /paris-cushion-p-24497.html HTTP/1.0" 200 70242 "-" "Mozilla/5.0 (compatible; Barkrowler/0.9; +https://babbar.tech/crawler)"
185.191.171.18 - - [10/Aug/2021:16:49:23 +0200] "GET /pig-cutting-board-p-39499.html HTTP/1.0" 301 70267 "-" "Mozilla/5.0 (compatible; SemrushBot/7~bl; +http://www.semrush.com/bot.html)"
185.191.171.43 - - [10/Aug/2021:16:49:26 +0200] "GET /-p-39499.html HTTP/1.0" 200 70200 "-" "Mozilla/5.0 (compatible; SemrushBot/7~bl; +http://www.semrush.com/bot.html)"
62.210.188.218 - - [10/Aug/2021:16:49:33 +0200] "GET /paris-cushion-p-24500.html HTTP/1.0" 200 70242 "-" "Mozilla/5.0 (compatible; Barkrowler/0.9; +https://babbar.tech/crawler)"
62.210.188.218 - - [10/Aug/2021:16:49:53 +0200] "GET /paris-cushion-p-38514.html HTTP/1.0" 200 72877 "-" "Mozilla/5.0 (compatible; Barkrowler/0.9; +https://babbar.tech/crawler)"
54.36.148.242 - - [10/Aug/2021:16:50:00 +0200] "GET /little-buddha-collection-keychain-blue-p-50244.html HTTP/1.0" 200 72973 "-" "Mozilla/5.0 (compatible; AhrefsBot/7.0; +http://ahrefs.com/robot/)"
66.249.66.220 - - [10/Aug/2021:16:50:08 +0200] "GET /love-personnalized-iphone-shell-p-17686.html HTTP/1.0" 200 73211 "-" "Mozilla/5.0 (compatible; Googlebot/2.1; +http://www.google.com/bot.html)"
62.210.188.218 - - [10/Aug/2021:16:50:13 +0200] "GET /paris-bottle-p-30714.html HTTP/1.0" 200 72878 "-" "Mozilla/5.0 (compatible; Barkrowler/0.9; +https://babbar.tech/crawler)"
207.46.13.175 - - [10/Aug/2021:16:50:14 +0200] "GET /heart-home-friendly-stick-diffuser-geranium-wood-p-52808.html HTTP/1.0" 200 74084 "-" "Mozilla/5.0 (compatible; bingbot/2.0; +http://www.bing.com/bingbot.htm)"
207.46.13.175 - - [10/Aug/2021:16:50:17 +0200] "GET /-p-34815.html HTTP/1.0" 200 70200 "-" "Mozilla/5.0 (compatible; bingbot/2.0; +http://www.bing.com/bingbot.htm)"
185.191.171.39 - - [10/Aug/2021:16:50:28 +0200] "GET /cotton-napkin-sold-individually-45-45-cm-p-52106.html HTTP/1.0" 301 73102 "-" "Mozilla/5.0 (compatible; SemrushBot/7~bl; +http://www.semrush.com/bot.html)"
185.191.171.26 - - [10/Aug/2021:16:50:30 +0200] "GET /cotton-napkin-sold-individually-p-52106.html HTTP/1.0" 200 73004 "-" "Mozilla/5.0 (compatible; SemrushBot/7~bl; +http://www.semrush.com/bot.html)"
62.210.188.218 - - [10/Aug/2021:16:50:34 +0200] "GET /paris-magnet-p-51207.html HTTP/1.0" 200 72747 "-" "Mozilla/5.0 (compatible; Barkrowler/0.9; +https://babbar.tech/crawler)"
207.46.13.127 - - [10/Aug/2021:16:50:39 +0200] "GET /decorations-and-furnishings/cigarettes-case-jamaica-p-14959.html HTTP/1.0" 301 70267 "-" "Mozilla/5.0 (compatible; bingbot/2.0; +http://www.bing.com/bingbot.htm)"
185.191.171.13 - - [10/Aug/2021:16:50:51 +0200] "GET /moon-star-small-carved-p-37139.html HTTP/1.0" 200 73153 "-" "Mozilla/5.0 (compatible; SemrushBot/7~bl; +http://www.semrush.com/bot.html)"
62.210.188.218 - - [10/Aug/2021:16:50:52 +0200] "GET /paris-gift-p-29571.html HTTP/1.0" 200 70238 "-" "Mozilla/5.0 (compatible; Barkrowler/0.9; +https://babbar.tech/crawler)"
157.55.39.5 - - [10/Aug/2021:16:50:56 +0200] "GET /london-stamp-cushion-p-26110.html HTTP/1.0" 200 73075 "-" "Mozilla/5.0 (compatible; bingbot/2.0; +http://www.bing.com/bingbot.htm)"
66.249.66.216 - - [10/Aug/2021:16:51:01 +0200] "GET /love-personnalized-ipad-white-shell-p-17684.html HTTP/1.0" 200 73207 "-" "Mozilla/5.0 (compatible; Googlebot/2.1; +http://www.google.com/bot.html)"
207.46.13.101 - - [10/Aug/2021:16:51:05 +0200] "GET /-p-15799.html HTTP/1.0" 200 70200 "-" "Mozilla/5.0 (compatible; bingbot/2.0; +http://www.bing.com/bingbot.htm)"
54.36.148.242 - - [10/Aug/2021:16:51:06 +0200] "GET /rtro-small-cool-lunch-p-47252.html HTTP/1.0" 200 73039 "-" "Mozilla/5.0 (compatible; AhrefsBot/7.0; +http://ahrefs.com/robot/)"
62.210.188.218 - - [10/Aug/2021:16:51:11 +0200] "GET /paris-gift-set-p-29571.html HTTP/1.0" 301 70315 "-" "Mozilla/5.0 (compatible; Barkrowler/0.9; +https://babbar.tech/crawler)"
185.191.171.35 - - [10/Aug/2021:16:51:11 +0200] "GET /cars-mattress-inflatable-surfboard-p-19985.html?action=add_product HTTP/1.0" 302 476 "-" "Mozilla/5.0 (compatible; SemrushBot/7~bl; +http://www.semrush.com/bot.html)"
157.55.39.44 - - [10/Aug/2021:16:51:17 +0200] "GET /-p-15820.html HTTP/1.0" 200 70200 "-" "Mozilla/5.0 (compatible; bingbot/2.0; +http://www.bing.com/bingbot.htm)"
62.210.188.218 - - [10/Aug/2021:16:51:33 +0200] "GET /paris-money-p-49153.html HTTP/1.0" 200 72757 "-" "Mozilla/5.0 (compatible; Barkrowler/0.9; +https://babbar.tech/crawler)"
207.46.13.101 - - [10/Aug/2021:16:51:35 +0200] "GET /-p-12031.html HTTP/1.0" 200 70200 "-" "Mozilla/5.0 (compatible; bingbot/2.0; +http://www.bing.com/bingbot.htm)"
207.46.13.175 - - [10/Aug/2021:16:51:39 +0200] "GET /rebecca-bonbon-credit-card-sticker-p-8821.html HTTP/1.0" 200 72754 "-" "Mozilla/5.0 (compatible; bingbot/2.0; +http://www.bing.com/bingbot.htm)"
62.210.188.218 - - [10/Aug/2021:16:51:53 +0200] "GET /paris-money-p-42893.html HTTP/1.0" 200 72769 "-" "Mozilla/5.0 (compatible; Barkrowler/0.9; +https://babbar.tech/crawler)"
66.249.66.216 - - [10/Aug/2021:16:51:55 +0200] "GET /ipad-pink-shell-with-personalized-picture-p-16336.html HTTP/1.0" 200 73229 "-" "Mozilla/5.0 (compatible; Googlebot/2.1; +http://www.google.com/bot.html)"
157.55.39.122 - - [10/Aug/2021:16:51:56 +0200] "GET /frozen-rubber-keychain-anna-p-34067.html HTTP/1.0" 200 72906 "-" "Mozilla/5.0 (compatible; bingbot/2.0; +http://www.bing.com/bingbot.htm)"
40.77.167.106 - - [10/Aug/2021:16:52:06 +0200] "GET /-p-31203.html HTTP/1.0" 200 70200 "-" "Mozilla/5.0 (compatible; bingbot/2.0; +http://www.bing.com/bingbot.htm)"
62.210.188.218 - - [10/Aug/2021:16:52:11 +0200] "GET /paris-macarons-p-44540.html HTTP/1.0" 200 72805 "-" "Mozilla/5.0 (compatible; Barkrowler/0.9; +https://babbar.tech/crawler)"
54.36.148.242 - - [10/Aug/2021:16:52:14 +0200] "GET /espresso-cups-bistro-p-49739.html HTTP/1.0" 200 72869 "-" "Mozilla/5.0 (compatible; AhrefsBot/7.0; +http://ahrefs.com/robot/)"
62.210.188.218 - - [10/Aug/2021:16:52:31 +0200] "GET /paris-retro-p-42555.html HTTP/1.0" 200 73321 "-" "Mozilla/5.0 (compatible; Barkrowler/0.9; +https://babbar.tech/crawler)"
66.249.66.216 - - [10/Aug/2021:16:52:49 +0200] "GET /pola-mouse-with-personalized-picture-p-16663.html HTTP/1.0" 200 73174 "-" "Mozilla/5.0 (compatible; Googlebot/2.1; +http://www.google.com/bot.html)"
62.210.188.218 - - [10/Aug/2021:16:52:59 +0200] "GET /paris-aime-p-47472.html HTTP/1.0" 200 72799 "-" "Mozilla/5.0 (compatible; Barkrowler/0.9; +https://babbar.tech/crawler)"
66.249.66.216 - - [10/Aug/2021:16:53:04 +0200] "GET /smiski-figure-series-bed-note-there-is-single-figure-p-50045.html HTTP/1.0" 301 74775 "-" "Mozilla/5.0 (Linux; Android 6.0.1; Nexus 5X Build/MMB29P) AppleWebKit/537.36 (KHTML, like Gecko) Chrome/92.0.4515.119 Mobile Safari/537.36 (compatible; Googlebot/2.1; +http://www.google.com/bot.html)"
66.249.66.216 - - [10/Aug/2021:16:53:05 +0200] "GET /smiski-figure-series-note-there-single-figure-p-50045.html HTTP/1.0" 200 74663 "-" "Mozilla/5.0 (Linux; Android 6.0.1; Nexus 5X Build/MMB29P) AppleWebKit/537.36 (KHTML, like Gecko) Chrome/92.0.4515.119 Mobile Safari/537.36 (compatible; Googlebot/2.1; +http://www.google.com/bot.html)"
185.191.171.4 - - [10/Aug/2021:16:53:19 +0200] "GET /rose-quartz-energy-care-stick-p-47217.html?action=add_product HTTP/1.0" 302 476 "-" "Mozilla/5.0 (compatible; SemrushBot/7~bl; +http://www.semrush.com/bot.html)"
207.46.13.127 - - [10/Aug/2021:16:53:19 +0200] "GET /-p-34015.html HTTP/1.0" 200 70200 "-" "Mozilla/5.0 (compatible; bingbot/2.0; +http://www.bing.com/bingbot.htm)"
62.210.188.218 - - [10/Aug/2021:16:53:22 +0200] "GET /paris-clock-p-8635.html HTTP/1.0" 200 70232 "-" "Mozilla/5.0 (compatible; Barkrowler/0.9; +https://babbar.tech/crawler)"
185.191.171.9 - - [10/Aug/2021:16:53:29 +0200] "GET /turtles-ninja-glass-p-21407.html HTTP/1.0" 200 72873 "-" "Mozilla/5.0 (compatible; SemrushBot/7~bl; +http://www.semrush.com/bot.html)"
54.36.148.242 - - [10/Aug/2021:16:53:33 +0200] "GET /blue-shower-curtain-p-34865.html HTTP/1.0" 200 72941 "-" "Mozilla/5.0 (compatible; AhrefsBot/7.0; +http://ahrefs.com/robot/)"
62.210.188.218 - - [10/Aug/2021:16:53:41 +0200] "GET /paris-shooter-p-30710.html HTTP/1.0" 200 72771 "-" "Mozilla/5.0 (compatible; Barkrowler/0.9; +https://babbar.tech/crawler)"
66.249.66.218 - - [10/Aug/2021:16:53:44 +0200] "GET /black-shell-samsung-with-personalized-picture-p-16359.html HTTP/1.0" 200 73286 "-" "Mozilla/5.0 (compatible; Googlebot/2.1; +http://www.google.com/bot.html)"
62.210.188.218 - - [10/Aug/2021:16:54:02 +0200] "GET /paris-mini-p-34928.html HTTP/1.0" 200 72757 "-" "Mozilla/5.0 (compatible; Barkrowler/0.9; +https://babbar.tech/crawler)"
62.210.188.218 - - [10/Aug/2021:16:54:21 +0200] "GET /vintage-flag-p-38271.html HTTP/1.0" 200 72834 "-" "Mozilla/5.0 (compatible; Barkrowler/0.9; +https://babbar.tech/crawler)"
157.55.39.156 - - [10/Aug/2021:16:54:30 +0200] "GET /little-miss-sunshine-bag-p-16879.html HTTP/1.0" 301 70390 "-" "Mozilla/5.0 (compatible; bingbot/2.0; +http://www.bing.com/bingbot.htm)"
66.249.66.220 - - [10/Aug/2021:16:54:41 +0200] "GET /ipad-white-shell-with-personalized-picture-p-16337.html HTTP/1.0" 200 73238 "-" "Mozilla/5.0 (compatible; Googlebot/2.1; +http://www.google.com/bot.html)"
