66.249.66.218 - - [11/Aug/2021:01:08:17 +0200] "GET /money-boxes-c-13_83.html?page=8 HTTP/1.0" 200 93433 "-" "Mozilla/5.0 (Linux; Android 6.0.1; Nexus 5X Build/MMB29P) AppleWebKit/537.36 (KHTML, like Gecko) Chrome/92.0.4515.119 Mobile Safari/537.36 (compatible; Googlebot/2.1; +http://www.google.com/bot.html)"
64.62.252.176 - - [11/Aug/2021:01:08:17 +0200] "GET /betty-boop-mtal-ashtray-heartbreaker-p-36135.html HTTP/1.0" 200 72983 "-" "The Knowledge AI"
185.191.171.5 - - [11/Aug/2021:01:08:22 +0200] "GET /ball-zippo-lighter-p-39534.html HTTP/1.0" 200 75132 "-" "Mozilla/5.0 (compatible; SemrushBot/7~bl; +http://www.semrush.com/bot.html)"
64.62.252.176 - - [11/Aug/2021:01:08:29 +0200] "GET /betty-boop-mtal-ashtray-hussy-p-36136.html HTTP/1.0" 200 72927 "-" "The Knowledge AI"
62.210.188.218 - - [11/Aug/2021:01:08:32 +0200] "GET /kimmidoll-shopper-beige-satin-collection-p-13357.html HTTP/1.0" 200 73971 "-" "Mozilla/5.0 (compatible; Barkrowler/0.9; +https://babbar.tech/crawler)"
185.191.171.13 - - [11/Aug/2021:01:08:40 +0200] "GET /small-alarm-clock-p-39720.html HTTP/1.0" 200 72935 "-" "Mozilla/5.0 (compatible; SemrushBot/7~bl; +http://www.semrush.com/bot.html)"
64.62.252.176 - - [11/Aug/2021:01:08:42 +0200] "GET /betty-boop-mtal-ashtray-peace-p-36138.html HTTP/1.0" 200 72927 "-" "The Knowledge AI"
62.210.188.218 - - [11/Aug/2021:01:08:44 +0200] "GET /burlap-round-table-set-bistrot-p-50964.html HTTP/1.0" 301 73542 "-" "Mozilla/5.0 (compatible; Barkrowler/0.9; +https://babbar.tech/crawler)"
207.46.13.39 - - [11/Aug/2021:01:08:47 +0200] "GET /-p-17675.html HTTP/1.0" 200 70200 "-" "Mozilla/5.0 (compatible; bingbot/2.0; +http://www.bing.com/bingbot.htm)"
111.225.148.55 - - [11/Aug/2021:01:08:52 +0200] "GET /ceramic-lamp-p-52408.html HTTP/1.0" 200 73778 "-" "Mozilla/5.0 (Linux; Android 5.0) AppleWebKit/537.36 (KHTML, like Gecko) Mobile Safari/537.36 (compatible; Bytespider; https://zhanzhang.toutiao.com/)"
111.225.148.43 - - [11/Aug/2021:01:08:53 +0200] "GET /swfobject.js HTTP/1.0" 404 1308 "http://www.wonder-geek.com/ceramic-lamp-p-52408.html" "Mozilla/5.0 (Linux; Android 5.0) AppleWebKit/537.36 (KHTML, like Gecko) Mobile Safari/537.36 (compatible; Bytespider; https://zhanzhang.toutiao.com/)"
111.225.148.50 - - [11/Aug/2021:01:08:55 +0200] "GET /images/big_prod_1/8424345986119B.jpg HTTP/1.0" 200 271 "http://www.wonder-geek.com/ceramic-lamp-p-52408.html" "Mozilla/5.0 (Linux; Android 5.0) AppleWebKit/537.36 (KHTML, like Gecko) Mobile Safari/537.36 (compatible; Bytespider; https://zhanzhang.toutiao.com/)"
111.225.148.42 - - [11/Aug/2021:01:08:55 +0200] "GET /images/big_prod_2/8424345986119C.jpg HTTP/1.0" 200 271 "http://www.wonder-geek.com/ceramic-lamp-p-52408.html" "Mozilla/5.0 (Linux; Android 5.0) AppleWebKit/537.36 (KHTML, like Gecko) Mobile Safari/537.36 (compatible; Bytespider; https://zhanzhang.toutiao.com/)"
111.225.148.46 - - [11/Aug/2021:01:08:56 +0200] "GET /highslide/graphics/zoomout.cur HTTP/1.0" 200 614 "http://www.wonder-geek.com/ceramic-lamp-p-52408.html" "Mozilla/5.0 (Linux; Android 5.0) AppleWebKit/537.36 (KHTML, like Gecko) Mobile Safari/537.36 (compatible; Bytespider; https://zhanzhang.toutiao.com/)"
111.225.148.54 - - [11/Aug/2021:01:08:56 +0200] "GET /images/big_prod/8424345986119.jpg HTTP/1.0" 200 268 "http://www.wonder-geek.com/ceramic-lamp-p-52408.html" "Mozilla/5.0 (Linux; Android 5.0) AppleWebKit/537.36 (KHTML, like Gecko) Mobile Safari/537.36 (compatible; Bytespider; https://zhanzhang.toutiao.com/)"
111.225.148.53 - - [11/Aug/2021:01:08:56 +0200] "GET /images/big_prod_3/8424345986119D.jpg HTTP/1.0" 200 271 "http://www.wonder-geek.com/ceramic-lamp-p-52408.html" "Mozilla/5.0 (Linux; Android 5.0) AppleWebKit/537.36 (KHTML, like Gecko) Mobile Safari/537.36 (compatible; Bytespider; https://zhanzhang.toutiao.com/)"
62.210.188.218 - - [11/Aug/2021:01:08:56 +0200] "GET /burlap-round-table-set-moor-head-p-50935.html HTTP/1.0" 301 72997 "-" "Mozilla/5.0 (compatible; Barkrowler/0.9; +https://babbar.tech/crawler)"
185.191.171.39 - - [11/Aug/2021:01:08:58 +0200] "GET /blue-piggy-bank-premire-tirelire-p-55716.html?action=add_product HTTP/1.0" 302 476 "-" "Mozilla/5.0 (compatible; SemrushBot/7~bl; +http://www.semrush.com/bot.html)"
157.55.39.51 - - [11/Aug/2021:01:08:59 +0200] "GET /-p-46839.html HTTP/1.0" 200 70200 "-" "Mozilla/5.0 (compatible; bingbot/2.0; +http://www.bing.com/bingbot.htm)"
64.62.252.176 - - [11/Aug/2021:01:09:04 +0200] "GET /betty-boop-mtal-ashtray-stars-p-36137.html HTTP/1.0" 200 72927 "-" "The Knowledge AI"
62.210.188.218 - - [11/Aug/2021:01:09:08 +0200] "GET /mattress-protector-tray-shape-single-p-44815.html HTTP/1.0" 200 73111 "-" "Mozilla/5.0 (compatible; Barkrowler/0.9; +https://babbar.tech/crawler)"
64.62.252.176 - - [11/Aug/2021:01:09:16 +0200] "GET /rtro-ashtray-p-47259.html HTTP/1.0" 200 72743 "-" "The Knowledge AI"
62.210.188.218 - - [11/Aug/2021:01:09:21 +0200] "GET /bamboo-laundry-basket-black-and-white-34-cm-p-50132.html HTTP/1.0" 301 73700 "-" "Mozilla/5.0 (compatible; Barkrowler/0.9; +https://babbar.tech/crawler)"
64.62.252.176 - - [11/Aug/2021:01:09:28 +0200] "GET /black-wood-craft-ashtray-with-mother-pearl-inclusions-p-50592.html HTTP/1.0" 200 73890 "-" "The Knowledge AI"
54.36.148.242 - - [11/Aug/2021:01:09:29 +0200] "GET /gorjuss-keyring-autumn-leaves-p-51402.html HTTP/1.0" 200 72913 "-" "Mozilla/5.0 (compatible; AhrefsBot/7.0; +http://ahrefs.com/robot/)"
62.210.188.218 - - [11/Aug/2021:01:09:34 +0200] "GET /bicycles-pattern-woven-cool-bag-lunch-box-p-34159.html HTTP/1.0" 301 73126 "-" "Mozilla/5.0 (compatible; Barkrowler/0.9; +https://babbar.tech/crawler)"
54.36.148.75 - - [11/Aug/2021:01:09:37 +0200] "GET /scooter-photo-frame-p-26897.html HTTP/1.0" 301 70267 "-" "Mozilla/5.0 (compatible; AhrefsBot/7.0; +http://ahrefs.com/robot/)"
64.62.252.176 - - [11/Aug/2021:01:09:41 +0200] "GET /brown-wood-craft-ashtray-with-mother-pearl-inclusions-p-50594.html HTTP/1.0" 200 73895 "-" "The Knowledge AI"
54.36.149.62 - - [11/Aug/2021:01:09:50 +0200] "GET /sun-mug-illustrated-by-etienne-boyer-p-29203.html HTTP/1.0" 301 73057 "-" "Mozilla/5.0 (compatible; AhrefsBot/7.0; +http://ahrefs.com/robot/)"
62.210.188.218 - - [11/Aug/2021:01:09:50 +0200] "GET /cats-by-dubout-paperweight-gros-dodo-p-33347.html HTTP/1.0" 301 73429 "-" "Mozilla/5.0 (compatible; Barkrowler/0.9; +https://babbar.tech/crawler)"
64.62.252.176 - - [11/Aug/2021:01:09:54 +0200] "GET /burger-ceramic-ashtray-p-42866.html HTTP/1.0" 200 72825 "-" "The Knowledge AI"
185.191.171.33 - - [11/Aug/2021:01:09:58 +0200] "GET /ethan-table-lamp-silver-beige-p-54612.html HTTP/1.0" 200 73655 "-" "Mozilla/5.0 (compatible; SemrushBot/7~bl; +http://www.semrush.com/bot.html)"
207.46.13.101 - - [11/Aug/2021:01:10:04 +0200] "GET /alpine-metal-plate-p-38392.html HTTP/1.0" 200 70281 "-" "Mozilla/5.0 (compatible; bingbot/2.0; +http://www.bing.com/bingbot.htm)"
62.210.188.218 - - [11/Aug/2021:01:10:05 +0200] "GET /cats-by-dubout-paper-towel-dispenser-p-26829.html HTTP/1.0" 301 70428 "-" "Mozilla/5.0 (compatible; Barkrowler/0.9; +https://babbar.tech/crawler)"
64.62.252.176 - - [11/Aug/2021:01:10:06 +0200] "GET /calimro-ashtray-p-24159.html HTTP/1.0" 200 72728 "-" "The Knowledge AI"
157.55.39.5 - - [11/Aug/2021:01:10:12 +0200] "GET /zinc-office-organizer-small-p-48049.html HTTP/1.0" 200 73516 "-" "Mozilla/5.0 (compatible; bingbot/2.0; +http://www.bing.com/bingbot.htm)"
62.210.188.218 - - [11/Aug/2021:01:10:17 +0200] "GET /olivier-soap-box-soap-10-65-28-cm-p-40112.html HTTP/1.0" 301 73231 "-" "Mozilla/5.0 (compatible; Barkrowler/0.9; +https://babbar.tech/crawler)"
207.46.13.101 - - [11/Aug/2021:01:10:23 +0200] "GET /pencil-case-c-31_75.html?page=6 HTTP/1.0" 200 94083 "-" "Mozilla/5.0 (compatible; bingbot/2.0; +http://www.bing.com/bingbot.htm)"
64.62.252.176 - - [11/Aug/2021:01:10:24 +0200] "GET /calimro-ashtray-p-24162.html HTTP/1.0" 200 72728 "-" "The Knowledge AI"
185.191.171.44 - - [11/Aug/2021:01:10:28 +0200] "GET /compass-paperweight-diver-p-51519.html HTTP/1.0" 200 72871 "-" "Mozilla/5.0 (compatible; SemrushBot/7~bl; +http://www.semrush.com/bot.html)"
62.210.188.218 - - [11/Aug/2021:01:10:28 +0200] "GET /cement-tile-stickers-15-15-cm-gray-p-43005.html HTTP/1.0" 301 73297 "-" "Mozilla/5.0 (compatible; Barkrowler/0.9; +https://babbar.tech/crawler)"
207.46.13.39 - - [11/Aug/2021:01:10:37 +0200] "GET /-p-10496.html HTTP/1.0" 200 70200 "-" "Mozilla/5.0 (compatible; bingbot/2.0; +http://www.bing.com/bingbot.htm)"
64.62.252.176 - - [11/Aug/2021:01:10:37 +0200] "GET /calimro-ashtray-p-24163.html HTTP/1.0" 200 72728 "-" "The Knowledge AI"
207.46.13.39 - - [11/Aug/2021:01:10:38 +0200] "GET /kimmidoll-brush-p-44813.html HTTP/1.0" 200 72829 "-" "Mozilla/5.0 (compatible; bingbot/2.0; +http://www.bing.com/bingbot.htm)"
62.210.188.218 - - [11/Aug/2021:01:10:40 +0200] "GET /pink-and-grey-eyelets-sheer-curtain-p-36969.html HTTP/1.0" 301 75820 "-" "Mozilla/5.0 (compatible; Barkrowler/0.9; +https://babbar.tech/crawler)"
207.46.13.127 - - [11/Aug/2021:01:10:46 +0200] "GET /-p-23085.html HTTP/1.0" 200 70200 "-" "Mozilla/5.0 (compatible; bingbot/2.0; +http://www.bing.com/bingbot.htm)"
157.55.39.122 - - [11/Aug/2021:01:10:50 +0200] "GET /nintendo-logo-hooded-jacket-p-30199.html HTTP/1.0" 200 70298 "-" "Mozilla/5.0 (compatible; bingbot/2.0; +http://www.bing.com/bingbot.htm)"
64.62.252.176 - - [11/Aug/2021:01:10:52 +0200] "GET /calimro-ashtray-p-24164.html HTTP/1.0" 200 72728 "-" "The Knowledge AI"
62.210.188.218 - - [11/Aug/2021:01:10:52 +0200] "GET /frosted-glass-betty-boop-quarantine-p-15441.html HTTP/1.0" 200 72693 "-" "Mozilla/5.0 (compatible; Barkrowler/0.9; +https://babbar.tech/crawler)"
54.36.148.242 - - [11/Aug/2021:01:10:53 +0200] "GET /musical-jewelery-tutu-dancer-p-50833.html HTTP/1.0" 200 74000 "-" "Mozilla/5.0 (compatible; AhrefsBot/7.0; +http://ahrefs.com/robot/)"
64.62.252.176 - - [11/Aug/2021:01:11:05 +0200] "GET /moroccan-ashtray-p-40617.html HTTP/1.0" 200 72806 "-" "The Knowledge AI"
45.129.56.200 - - [11/Aug/2021:01:11:17 +0200] "GET /contact_us.php HTTP/1.0" 200 26241 "http://www.wonder-geek.com/contact_us.php" "Mozilla/5.0 (Windows NT 10.0; WOW64) AppleWebKit/537.36 (KHTML, like Gecko) Chrome/90.0.4400.8 Safari/537.36"
64.62.252.176 - - [11/Aug/2021:01:11:18 +0200] "GET /bathroom-accessories-c-13_172.html?page=2 HTTP/1.0" 200 91740 "-" "The Knowledge AI"
45.129.56.200 - - [11/Aug/2021:01:11:19 +0200] "POST /contact_us.php?action=send HTTP/1.0" 200 26438 "http://www.wonder-geek.com/contact_us.php" "Mozilla/5.0 (Windows NT 10.0; WOW64) AppleWebKit/537.36 (KHTML, like Gecko) Chrome/90.0.4400.8 Safari/537.36"
62.210.188.218 - - [11/Aug/2021:01:11:18 +0200] "GET /gorilla-teapot-by-paul-cardew-p-35268.html HTTP/1.0" 301 72966 "-" "Mozilla/5.0 (compatible; Barkrowler/0.9; +https://babbar.tech/crawler)"
64.62.252.176 - - [11/Aug/2021:01:11:37 +0200] "GET /bathroom-accessories-c-13_172.html?page=3 HTTP/1.0" 200 91875 "-" "The Knowledge AI"
157.55.39.122 - - [11/Aug/2021:01:11:41 +0200] "GET /mini-flashlight-light-minnie-mouse-pink-p-35786.html HTTP/1.0" 301 70267 "-" "Mozilla/5.0 (compatible; bingbot/2.0; +http://www.bing.com/bingbot.htm)"
64.62.252.176 - - [11/Aug/2021:01:11:50 +0200] "GET /bathroom-accessories-c-13_172.html?page=4 HTTP/1.0" 200 91422 "-" "The Knowledge AI"
54.36.149.97 - - [11/Aug/2021:01:11:53 +0200] "GET /bowl-laughing-mint-made-in-germany-p-53825.html HTTP/1.0" 301 73640 "-" "Mozilla/5.0 (compatible; AhrefsBot/7.0; +http://ahrefs.com/robot/)"
157.55.39.5 - - [11/Aug/2021:01:12:01 +0200] "GET /happy-colours-spiritual-vinyl-beauty-p-19868.html HTTP/1.0" 200 72922 "-" "Mozilla/5.0 (compatible; bingbot/2.0; +http://www.bing.com/bingbot.htm)"
64.62.252.176 - - [11/Aug/2021:01:12:02 +0200] "GET /bathroom-accessories-c-13_172.html?page=5 HTTP/1.0" 200 92080 "-" "The Knowledge AI"
185.191.171.7 - - [11/Aug/2021:01:12:07 +0200] "GET /robots.txt HTTP/1.0" 200 245 "-" "Mozilla/5.0 (compatible; SemrushBot/7~bl; +http://www.semrush.com/bot.html)"
185.191.171.24 - - [11/Aug/2021:01:12:07 +0200] "GET /oriental-chandelier-openwork-metal-p-49880.html?action=add_product HTTP/1.0" 302 476 "-" "Mozilla/5.0 (compatible; SemrushBot/7~bl; +http://www.semrush.com/bot.html)"
64.62.252.176 - - [11/Aug/2021:01:12:15 +0200] "GET /bathroom-accessories-c-13_172.html?page=6 HTTP/1.0" 200 91977 "-" "The Knowledge AI"
54.36.148.242 - - [11/Aug/2021:01:12:22 +0200] "GET /candle-light-holder-wicca-fairy-p-45034.html HTTP/1.0" 200 73635 "-" "Mozilla/5.0 (compatible; AhrefsBot/7.0; +http://ahrefs.com/robot/)"
64.62.252.176 - - [11/Aug/2021:01:12:28 +0200] "GET /bathroom-accessories-c-13_172.html?page=7 HTTP/1.0" 200 79087 "-" "The Knowledge AI"
64.62.252.176 - - [11/Aug/2021:01:12:40 +0200] "GET /soap-olive-cube-cotton-flower-p-37478.html HTTP/1.0" 200 73124 "-" "The Knowledge AI"
154.6.18.144 - - [11/Aug/2021:01:12:47 +0200] "GET /jim-shore-time-for-joy-10-piece-nativity-set-limited-p-52197.html HTTP/1.0" 301 74242 "https://www.google.com/" "Mozilla/5.0 (Linux; Android 11; Pixel 2) AppleWebKit/537.36 (KHTML, like Gecko) Chrome/92.0.4515.131 Mobile Safari/537.36"
154.6.18.144 - - [11/Aug/2021:01:12:48 +0200] "GET /shore-time-piece-nativity-limited-p-52197.html HTTP/1.0" 200 74142 "https://www.google.com/" "Mozilla/5.0 (Linux; Android 11; Pixel 2) AppleWebKit/537.36 (KHTML, like Gecko) Chrome/92.0.4515.131 Mobile Safari/537.36"
154.6.18.144 - - [11/Aug/2021:01:12:49 +0200] "GET /templates/Pixame_v1/stylesheet.css HTTP/1.0" 200 267 "http://www.wonder-geek.com/shore-time-piece-nativity-limited-p-52197.html" "Mozilla/5.0 (Linux; Android 11; Pixel 2) AppleWebKit/537.36 (KHTML, like Gecko) Chrome/92.0.4515.131 Mobile Safari/537.36"
154.6.18.144 - - [11/Aug/2021:01:12:49 +0200] "GET /mondial_relay/js/jquery-1.3.2.min.js HTTP/1.0" 200 276 "http://www.wonder-geek.com/shore-time-piece-nativity-limited-p-52197.html" "Mozilla/5.0 (Linux; Android 11; Pixel 2) AppleWebKit/537.36 (KHTML, like Gecko) Chrome/92.0.4515.131 Mobile Safari/537.36"
154.6.18.144 - - [11/Aug/2021:01:12:49 +0200] "GET /js/jquery.js HTTP/1.0" 200 252 "http://www.wonder-geek.com/shore-time-piece-nativity-limited-p-52197.html" "Mozilla/5.0 (Linux; Android 11; Pixel 2) AppleWebKit/537.36 (KHTML, like Gecko) Chrome/92.0.4515.131 Mobile Safari/537.36"
154.6.18.144 - - [11/Aug/2021:01:12:49 +0200] "GET /highslide/highslide.js HTTP/1.0" 200 262 "http://www.wonder-geek.com/shore-time-piece-nativity-limited-p-52197.html" "Mozilla/5.0 (Linux; Android 11; Pixel 2) AppleWebKit/537.36 (KHTML, like Gecko) Chrome/92.0.4515.131 Mobile Safari/537.36"
154.6.18.144 - - [11/Aug/2021:01:12:49 +0200] "GET /js/jquery.jqzoom.js HTTP/1.0" 200 259 "http://www.wonder-geek.com/shore-time-piece-nativity-limited-p-52197.html" "Mozilla/5.0 (Linux; Android 11; Pixel 2) AppleWebKit/537.36 (KHTML, like Gecko) Chrome/92.0.4515.131 Mobile Safari/537.36"
154.6.18.144 - - [11/Aug/2021:01:12:49 +0200] "GET /swfobject.js HTTP/1.0" 404 1308 "http://www.wonder-geek.com/shore-time-piece-nativity-limited-p-52197.html" "Mozilla/5.0 (Linux; Android 11; Pixel 2) AppleWebKit/537.36 (KHTML, like Gecko) Chrome/92.0.4515.131 Mobile Safari/537.36"
154.6.18.144 - - [11/Aug/2021:01:12:49 +0200] "GET /images/pixel_trans.gif HTTP/1.0" 200 328 "http://www.wonder-geek.com/shore-time-piece-nativity-limited-p-52197.html" "Mozilla/5.0 (Linux; Android 11; Pixel 2) AppleWebKit/537.36 (KHTML, like Gecko) Chrome/92.0.4515.131 Mobile Safari/537.36"
154.6.18.144 - - [11/Aug/2021:01:12:49 +0200] "GET /templates/Pixame_v1/images/buttons/english/button_in_cart.gif HTTP/1.0" 200 295 "http://www.wonder-geek.com/shore-time-piece-nativity-limited-p-52197.html" "Mozilla/5.0 (Linux; Android 11; Pixel 2) AppleWebKit/537.36 (KHTML, like Gecko) Chrome/92.0.4515.131 Mobile Safari/537.36"
154.6.18.144 - - [11/Aug/2021:01:12:49 +0200] "GET /swfobject.js HTTP/1.0" 404 1308 "http://www.wonder-geek.com/shore-time-piece-nativity-limited-p-52197.html" "Mozilla/5.0 (Linux; Android 11; Pixel 2) AppleWebKit/537.36 (KHTML, like Gecko) Chrome/92.0.4515.131 Mobile Safari/537.36"
154.6.18.144 - - [11/Aug/2021:01:12:49 +0200] "GET /templates/Pixame_v1/images/icon_accueil2.png HTTP/1.0" 200 278 "http://www.wonder-geek.com/shore-time-piece-nativity-limited-p-52197.html" "Mozilla/5.0 (Linux; Android 11; Pixel 2) AppleWebKit/537.36 (KHTML, like Gecko) Chrome/92.0.4515.131 Mobile Safari/537.36"
154.6.18.144 - - [11/Aug/2021:01:12:49 +0200] "GET /templates/Pixame_v1/images/nav.png HTTP/1.0" 200 268 "http://www.wonder-geek.com/templates/Pixame_v1/stylesheet.css" "Mozilla/5.0 (Linux; Android 11; Pixel 2) AppleWebKit/537.36 (KHTML, like Gecko) Chrome/92.0.4515.131 Mobile Safari/537.36"
154.6.18.144 - - [11/Aug/2021:01:12:49 +0200] "GET /templates/Pixame_v1/images/Middle_texture.jpg HTTP/1.0" 200 280 "http://www.wonder-geek.com/templates/Pixame_v1/stylesheet.css" "Mozilla/5.0 (Linux; Android 11; Pixel 2) AppleWebKit/537.36 (KHTML, like Gecko) Chrome/92.0.4515.131 Mobile Safari/537.36"
154.6.18.144 - - [11/Aug/2021:01:12:49 +0200] "GET /templates/Pixame_v1/images/Bottom_texture.jpg HTTP/1.0" 200 280 "http://www.wonder-geek.com/templates/Pixame_v1/stylesheet.css" "Mozilla/5.0 (Linux; Android 11; Pixel 2) AppleWebKit/537.36 (KHTML, like Gecko) Chrome/92.0.4515.131 Mobile Safari/537.36"
154.6.18.144 - - [11/Aug/2021:01:12:49 +0200] "GET /templates/Pixame_v1/images/header.png HTTP/1.0" 200 271 "http://www.wonder-geek.com/templates/Pixame_v1/stylesheet.css" "Mozilla/5.0 (Linux; Android 11; Pixel 2) AppleWebKit/537.36 (KHTML, like Gecko) Chrome/92.0.4515.131 Mobile Safari/537.36"
154.6.18.144 - - [11/Aug/2021:01:12:49 +0200] "GET /templates/Pixame_v1/images/header-object.png HTTP/1.0" 200 278 "http://www.wonder-geek.com/templates/Pixame_v1/stylesheet.css" "Mozilla/5.0 (Linux; Android 11; Pixel 2) AppleWebKit/537.36 (KHTML, like Gecko) Chrome/92.0.4515.131 Mobile Safari/537.36"
154.6.18.144 - - [11/Aug/2021:01:12:50 +0200] "GET /highslide/graphics/zoomin.cur HTTP/1.0" 200 614 "http://www.wonder-geek.com/templates/Pixame_v1/stylesheet.css" "Mozilla/5.0 (Linux; Android 11; Pixel 2) AppleWebKit/537.36 (KHTML, like Gecko) Chrome/92.0.4515.131 Mobile Safari/537.36"
154.6.18.144 - - [11/Aug/2021:01:12:50 +0200] "GET /design/productsenstock.png HTTP/1.0" 200 260 "http://www.wonder-geek.com/templates/Pixame_v1/stylesheet.css" "Mozilla/5.0 (Linux; Android 11; Pixel 2) AppleWebKit/537.36 (KHTML, like Gecko) Chrome/92.0.4515.131 Mobile Safari/537.36"
154.6.18.144 - - [11/Aug/2021:01:12:50 +0200] "GET /templates/Pixame_v1/images/pixel_trans.gif HTTP/1.0" 200 328 "http://www.wonder-geek.com/shore-time-piece-nativity-limited-p-52197.html" "Mozilla/5.0 (Linux; Android 11; Pixel 2) AppleWebKit/537.36 (KHTML, like Gecko) Chrome/92.0.4515.131 Mobile Safari/537.36"
154.6.18.144 - - [11/Aug/2021:01:12:50 +0200] "GET /images/big_prod_1/b028399134441.jpg HTTP/1.0" 200 270 "http://www.wonder-geek.com/shore-time-piece-nativity-limited-p-52197.html" "Mozilla/5.0 (Linux; Android 11; Pixel 2) AppleWebKit/537.36 (KHTML, like Gecko) Chrome/92.0.4515.131 Mobile Safari/537.36"
154.6.18.144 - - [11/Aug/2021:01:12:50 +0200] "GET /images/big_prod/028399134441.jpg HTTP/1.0" 200 267 "http://www.wonder-geek.com/shore-time-piece-nativity-limited-p-52197.html" "Mozilla/5.0 (Linux; Android 11; Pixel 2) AppleWebKit/537.36 (KHTML, like Gecko) Chrome/92.0.4515.131 Mobile Safari/537.36"
154.6.18.144 - - [11/Aug/2021:01:12:50 +0200] "GET /templates/Pixame_v1/images/infobox/infobox_footer_middle.gif HTTP/1.0" 200 357 "http://www.wonder-geek.com/shore-time-piece-nativity-limited-p-52197.html" "Mozilla/5.0 (Linux; Android 11; Pixel 2) AppleWebKit/537.36 (KHTML, like Gecko) Chrome/92.0.4515.131 Mobile Safari/537.36"
154.6.18.144 - - [11/Aug/2021:01:12:50 +0200] "GET /templates/Pixame_v1/images/infobox/pixel_trans.gif HTTP/1.0" 200 328 "http://www.wonder-geek.com/shore-time-piece-nativity-limited-p-52197.html" "Mozilla/5.0 (Linux; Android 11; Pixel 2) AppleWebKit/537.36 (KHTML, like Gecko) Chrome/92.0.4515.131 Mobile Safari/537.36"
154.6.18.144 - - [11/Aug/2021:01:12:51 +0200] "GET /highslide/graphics/zoomout.cur HTTP/1.0" 200 614 "http://www.wonder-geek.com/shore-time-piece-nativity-limited-p-52197.html" "Mozilla/5.0 (Linux; Android 11; Pixel 2) AppleWebKit/537.36 (KHTML, like Gecko) Chrome/92.0.4515.131 Mobile Safari/537.36"
154.6.18.144 - - [11/Aug/2021:01:12:51 +0200] "GET /highslide/graphics/loader.white.gif HTTP/1.0" 200 960 "http://www.wonder-geek.com/templates/Pixame_v1/stylesheet.css" "Mozilla/5.0 (Linux; Android 11; Pixel 2) AppleWebKit/537.36 (KHTML, like Gecko) Chrome/92.0.4515.131 Mobile Safari/537.36"
154.6.18.144 - - [11/Aug/2021:01:12:51 +0200] "GET /highslide/graphics/outlines/drop-shadow.png HTTP/1.0" 200 277 "http://www.wonder-geek.com/shore-time-piece-nativity-limited-p-52197.html" "Mozilla/5.0 (Linux; Android 11; Pixel 2) AppleWebKit/537.36 (KHTML, like Gecko) Chrome/92.0.4515.131 Mobile Safari/537.36"
154.6.18.144 - - [11/Aug/2021:01:12:51 +0200] "GET /favicon.ico HTTP/1.0" 200 260 "http://www.wonder-geek.com/shore-time-piece-nativity-limited-p-52197.html" "Mozilla/5.0 (Linux; Android 11; Pixel 2) AppleWebKit/537.36 (KHTML, like Gecko) Chrome/92.0.4515.131 Mobile Safari/537.36"
157.55.39.44 - - [11/Aug/2021:01:12:53 +0200] "GET /dubout-cats-white-p-55483.html HTTP/1.0" 200 72799 "-" "Mozilla/5.0 (compatible; bingbot/2.0; +http://www.bing.com/bingbot.htm)"
64.62.252.176 - - [11/Aug/2021:01:12:59 +0200] "GET /soap-olive-cube-olivier-p-37477.html HTTP/1.0" 200 73076 "-" "The Knowledge AI"
185.191.171.19 - - [11/Aug/2021:01:13:09 +0200] "GET /retro-pillbox-p-40715.html?action=add_product HTTP/1.0" 302 476 "-" "Mozilla/5.0 (compatible; SemrushBot/7~bl; +http://www.semrush.com/bot.html)"
64.62.252.176 - - [11/Aug/2021:01:13:12 +0200] "GET /blue-wink-panda-pocket-warmer-p-55002.html HTTP/1.0" 200 74326 "-" "The Knowledge AI"
51.68.224.127 - - [11/Aug/2021:01:13:14 +0200] "GET /adminweb/export_orders_xml.php?token=256de2z6edz6ed2z6DFSFsed2zed6zeDSFDSGdzedezfzf&maxorders=10&orderstart=1&status=14&start_date=2018-10-01 HTTP/1.0" 200 285 "-" "GesCom CharlotteBoutik Serveur"
51.68.224.127 - - [11/Aug/2021:01:13:14 +0200] "GET /adminweb/export_orders_xml.php?token=256de2z6edz6ed2z6DFSFsed2zed6zeDSFDSGdzedezfzf&maxorders=10&orderstart=1&status=6&start_date=2018-10-01 HTTP/1.0" 200 28601 "-" "GesCom CharlotteBoutik Serveur"
64.62.252.176 - - [11/Aug/2021:01:13:24 +0200] "GET /pocket-warmer-little-panda-p-54998.html HTTP/1.0" 200 74104 "-" "The Knowledge AI"
207.46.13.101 - - [11/Aug/2021:01:13:34 +0200] "GET /collectible-statuette-mickey-britto-p-51923.html HTTP/1.0" 200 74451 "-" "Mozilla/5.0 (compatible; bingbot/2.0; +http://www.bing.com/bingbot.htm)"
64.62.252.176 - - [11/Aug/2021:01:13:37 +0200] "GET /pocket-warmer-panda-wink-gray-p-55004.html HTTP/1.0" 200 74132 "-" "The Knowledge AI"
54.36.148.242 - - [11/Aug/2021:01:13:49 +0200] "GET /little-buddha-collection-keychain-yellow-p-50246.html HTTP/1.0" 200 72984 "-" "Mozilla/5.0 (compatible; AhrefsBot/7.0; +http://ahrefs.com/robot/)"
64.62.252.176 - - [11/Aug/2021:01:13:50 +0200] "GET /sleeping-panda-pocket-warmer-p-55006.html HTTP/1.0" 200 74124 "-" "The Knowledge AI"
211.249.246.147 - - [11/Aug/2021:01:13:58 +0200] "GET /robots.txt HTTP/1.0" 200 245 "-" "Mozilla/5.0 (compatible; Daum/4.1; +http://cs.daum.net/faq/15/4118.html?faqId=28966)"
211.249.246.147 - - [11/Aug/2021:01:13:58 +0200] "GET /pusheen-magical-unicorn-ornament-p-41644.html HTTP/1.0" 200 73918 "-" "Mozilla/5.0 (compatible; Daum/4.1; +http://cs.daum.net/faq/15/4118.html?faqId=28966)"
211.249.246.147 - - [11/Aug/2021:01:14:05 +0200] "GET /superman-batman-blue-training-bottle-p-35779.html HTTP/1.0" 200 70371 "-" "Mozilla/5.0 (compatible; Daum/4.1; +http://cs.daum.net/faq/15/4118.html?faqId=28966)"
64.62.252.176 - - [11/Aug/2021:01:14:08 +0200] "GET /dressings-metal-p-48326.html HTTP/1.0" 200 72874 "-" "The Knowledge AI"
211.249.246.147 - - [11/Aug/2021:01:14:12 +0200] "GET /cushions-c-11_71.html?page=8 HTTP/1.0" 200 89515 "-" "Mozilla/5.0 (compatible; Daum/4.1; +http://cs.daum.net/faq/15/4118.html?faqId=28966)"
40.77.167.106 - - [11/Aug/2021:01:14:12 +0200] "GET /-p-4997.html HTTP/1.0" 200 70198 "-" "Mozilla/5.0 (compatible; bingbot/2.0; +http://www.bing.com/bingbot.htm)"
66.249.66.216 - - [11/Aug/2021:01:14:17 +0200] "GET /peugeot-magnet-p-15273.html HTTP/1.0" 200 72793 "-" "Mozilla/5.0 (compatible; Googlebot/2.1; +http://www.google.com/bot.html)"
64.62.252.176 - - [11/Aug/2021:01:14:21 +0200] "GET /provence-toothbrush-holder-p-44569.html HTTP/1.0" 200 72873 "-" "The Knowledge AI"
64.62.252.176 - - [11/Aug/2021:01:14:33 +0200] "GET /paris-tour-eiffel-soap-dish-p-8642.html HTTP/1.0" 200 72866 "-" "The Knowledge AI"
54.36.148.133 - - [11/Aug/2021:01:14:36 +0200] "GET /flamingo-set-cup-and-teapot-p-48244.html HTTP/1.0" 301 73500 "-" "Mozilla/5.0 (compatible; AhrefsBot/7.0; +http://ahrefs.com/robot/)"
64.62.252.176 - - [11/Aug/2021:01:14:46 +0200] "GET /provence-soap-dish-p-44566.html HTTP/1.0" 200 72812 "-" "The Knowledge AI"
185.191.171.24 - - [11/Aug/2021:01:14:56 +0200] "GET /winnie-pooh-birthday-card-with-envelope-p-25259.html HTTP/1.0" 200 72944 "-" "Mozilla/5.0 (compatible; SemrushBot/7~bl; +http://www.semrush.com/bot.html)"
64.62.252.176 - - [11/Aug/2021:01:14:58 +0200] "GET /provence-soap-dish-p-44974.html HTTP/1.0" 200 72808 "-" "The Knowledge AI"
64.62.252.176 - - [11/Aug/2021:01:15:11 +0200] "GET /provence-soap-dish-p-51393.html HTTP/1.0" 200 72823 "-" "The Knowledge AI"
54.36.148.242 - - [11/Aug/2021:01:15:16 +0200] "GET /white-small-baby-teeth-dentino-latte-p-35470.html HTTP/1.0" 200 73132 "-" "Mozilla/5.0 (compatible; AhrefsBot/7.0; +http://ahrefs.com/robot/)"
207.46.13.127 - - [11/Aug/2021:01:15:26 +0200] "GET /coca-cola-pink-swimsuit-p-30308.html HTTP/1.0" 200 70306 "-" "Mozilla/5.0 (compatible; bingbot/2.0; +http://www.bing.com/bingbot.htm)"
64.62.252.176 - - [11/Aug/2021:01:15:32 +0200] "GET /provence-soap-dish-p-51394.html HTTP/1.0" 200 72824 "-" "The Knowledge AI"
207.46.13.175 - - [11/Aug/2021:01:15:42 +0200] "GET /-p-24216.html HTTP/1.0" 200 70200 "-" "Mozilla/5.0 (compatible; bingbot/2.0; +http://www.bing.com/bingbot.htm)"
64.62.252.176 - - [11/Aug/2021:01:15:44 +0200] "GET /soap-dish-provence-p-44491.html HTTP/1.0" 200 72806 "-" "The Knowledge AI"
185.191.171.34 - - [11/Aug/2021:01:15:46 +0200] "GET /rattan-cover-medium-model-p-49857.html?action=add_product HTTP/1.0" 302 476 "-" "Mozilla/5.0 (compatible; SemrushBot/7~bl; +http://www.semrush.com/bot.html)"
185.191.171.22 - - [11/Aug/2021:01:15:55 +0200] "GET /figurine-resin-gold-parrot-p-54277.html?action=add_product HTTP/1.0" 302 476 "-" "Mozilla/5.0 (compatible; SemrushBot/7~bl; +http://www.semrush.com/bot.html)"
64.62.252.176 - - [11/Aug/2021:01:15:57 +0200] "GET /tooth-glass-paris-parfum-p-37460.html HTTP/1.0" 200 72923 "-" "The Knowledge AI"
185.192.70.98 - - [11/Aug/2021:01:16:05 +0200] "GET /snowman-solar-powered-dancing-p-34143.html]Test HTTP/1.0" 301 609 "http://wonder-geek.com/snowman-solar-powered-dancing-p-34143.html]Test" "Mozilla/5.0 (Windows NT 10.0; WOW64) AppleWebKit/537.36 (KHTML, like Gecko) Chrome/90.0.4400.8 Safari/537.36"
185.192.70.98 - - [11/Aug/2021:01:16:05 +0200] "GET /snowman-solar-powered-dancing-p-34143.html%5dTest HTTP/1.0" 404 1308 "http://www.wonder-geek.com/snowman-solar-powered-dancing-p-34143.html%5dTest" "Mozilla/5.0 (Windows NT 10.0; WOW64) AppleWebKit/537.36 (KHTML, like Gecko) Chrome/90.0.4400.8 Safari/537.36"
185.192.70.98 - - [11/Aug/2021:01:16:06 +0200] "GET / HTTP/1.0" 301 511 "http://wonder-geek.com/" "Mozilla/5.0 (Windows NT 10.0; WOW64) AppleWebKit/537.36 (KHTML, like Gecko) Chrome/90.0.4400.8 Safari/537.36"
185.192.70.98 - - [11/Aug/2021:01:16:06 +0200] "GET / HTTP/1.0" 200 151050 "http://www.wonder-geek.com/" "Mozilla/5.0 (Windows NT 10.0; WOW64) AppleWebKit/537.36 (KHTML, like Gecko) Chrome/90.0.4400.8 Safari/537.36"
185.192.70.98 - - [11/Aug/2021:01:16:06 +0200] "GET /create_account.php HTTP/1.0" 200 33633 "http://www.wonder-geek.com/create_account.php" "Mozilla/5.0 (Windows NT 10.0; WOW64) AppleWebKit/537.36 (KHTML, like Gecko) Chrome/90.0.4400.8 Safari/537.36"
185.192.70.98 - - [11/Aug/2021:01:16:07 +0200] "POST /create_account.php HTTP/1.0" 200 34304 "http://www.wonder-geek.com/create_account.php" "Mozilla/5.0 (Windows NT 10.0; WOW64) AppleWebKit/537.36 (KHTML, like Gecko) Chrome/90.0.4400.8 Safari/537.36"
185.192.70.98 - - [11/Aug/2021:01:16:07 +0200] "GET /login.php HTTP/1.0" 200 17155 "http://www.wonder-geek.com/login.php" "Mozilla/5.0 (Windows NT 10.0; WOW64) AppleWebKit/537.36 (KHTML, like Gecko) Chrome/90.0.4400.8 Safari/537.36"
185.192.70.98 - - [11/Aug/2021:01:16:07 +0200] "POST /login.php?action=process HTTP/1.0" 200 17657 "http://www.wonder-geek.com/login.php" "Mozilla/5.0 (Windows NT 10.0; WOW64) AppleWebKit/537.36 (KHTML, like Gecko) Chrome/90.0.4400.8 Safari/537.36"
185.192.70.98 - - [11/Aug/2021:01:16:08 +0200] "GET / HTTP/1.0" 200 151144 "http://www.wonder-geek.com/" "Mozilla/5.0 (Windows NT 10.0; WOW64) AppleWebKit/537.36 (KHTML, like Gecko) Chrome/90.0.4400.8 Safari/537.36"
64.62.252.176 - - [11/Aug/2021:01:16:10 +0200] "GET /parfum-provence-soap-dish-p-47698.html HTTP/1.0" 200 72856 "-" "The Knowledge AI"
64.62.252.176 - - [11/Aug/2021:01:16:23 +0200] "GET /provence-marseille-soapdish-p-36613.html HTTP/1.0" 200 72901 "-" "The Knowledge AI"
54.36.148.242 - - [11/Aug/2021:01:16:39 +0200] "GET /sponge-training-bottle-p-17161.html HTTP/1.0" 200 73002 "-" "Mozilla/5.0 (compatible; AhrefsBot/7.0; +http://ahrefs.com/robot/)"
64.62.252.176 - - [11/Aug/2021:01:16:41 +0200] "GET /marseille-soap-soap-dish-p-34848.html HTTP/1.0" 200 72874 "-" "The Knowledge AI"
207.46.13.127 - - [11/Aug/2021:01:16:45 +0200] "GET /images/041689210595.jpg HTTP/1.0" 200 258 "-" "Mozilla/5.0 (compatible; bingbot/2.0; +http://www.bing.com/bingbot.htm)"
157.55.39.51 - - [11/Aug/2021:01:16:48 +0200] "GET /chikako-kimmidoll-necklace-swarovski-p-16765.html HTTP/1.0" 301 70267 "-" "Mozilla/5.0 (compatible; bingbot/2.0; +http://www.bing.com/bingbot.htm)"
207.46.13.39 - - [11/Aug/2021:01:16:50 +0200] "GET /british-guard-moneybox-p-34170.html HTTP/1.0" 200 70278 "-" "Mozilla/5.0 (compatible; bingbot/2.0; +http://www.bing.com/bingbot.htm)"
64.62.252.176 - - [11/Aug/2021:01:16:55 +0200] "GET /cologne-soap-dish-p-36618.html HTTP/1.0" 200 72877 "-" "The Knowledge AI"
157.55.39.156 - - [11/Aug/2021:01:16:57 +0200] "GET /-p-29843.html HTTP/1.0" 200 70200 "-" "Mozilla/5.0 (compatible; bingbot/2.0; +http://www.bing.com/bingbot.htm)"
64.62.252.176 - - [11/Aug/2021:01:17:09 +0200] "GET /bell-wall-bell-c-13_270.html?page=2 HTTP/1.0" 200 80376 "-" "The Knowledge AI"
207.46.13.39 - - [11/Aug/2021:01:17:17 +0200] "GET /pencil-loola-ylvi-and-the-minimoomis-p-33974.html HTTP/1.0" 301 74882 "-" "Mozilla/5.0 (compatible; bingbot/2.0; +http://www.bing.com/bingbot.htm)"
64.62.252.176 - - [11/Aug/2021:01:17:22 +0200] "GET /angel-bell-metal-p-38732.html HTTP/1.0" 200 72829 "-" "The Knowledge AI"
64.62.252.176 - - [11/Aug/2021:01:17:34 +0200] "GET /cast-iron-wall-bell-p-46494.html HTTP/1.0" 200 72883 "-" "The Knowledge AI"
91.123.176.30 - - [11/Aug/2021:01:17:36 +0200] "GET /contact_us.php HTTP/1.0" 200 26241 "http://www.wonder-geek.com/contact_us.php" "Mozilla/5.0 (Windows NT 10.0; Win64; x64) AppleWebKit/537.36 (KHTML, like Gecko) Chrome/83.0.4103.0 Safari/537.36"
91.123.176.30 - - [11/Aug/2021:01:17:38 +0200] "POST /contact_us.php?action=send HTTP/1.0" 200 26502 "http://www.wonder-geek.com/contact_us.php" "Mozilla/5.0 (Windows NT 10.0; Win64; x64) AppleWebKit/537.36 (KHTML, like Gecko) Chrome/83.0.4103.0 Safari/537.36"
64.62.252.176 - - [11/Aug/2021:01:17:54 +0200] "GET /parrot-cast-iron-wall-bell-p-46493.html HTTP/1.0" 200 73532 "-" "The Knowledge AI"
54.36.148.242 - - [11/Aug/2021:01:17:59 +0200] "GET /photo-frames-memo-clips-c-13_132.html?page=3 HTTP/1.0" 200 80049 "-" "Mozilla/5.0 (compatible; AhrefsBot/7.0; +http://ahrefs.com/robot/)"
66.249.82.180 - - [11/Aug/2021:01:18:00 +0200] "GET /images/big_prod_1/3457019601501a.jpg HTTP/1.0" 200 271 "-" "Mozilla/5.0 (Windows NT 5.1; rv:11.0) Gecko Firefox/11.0 (via ggpht.com GoogleImageProxy)"
207.46.13.127 - - [11/Aug/2021:01:18:07 +0200] "GET /-p-24472.html HTTP/1.0" 200 70200 "-" "Mozilla/5.0 (compatible; bingbot/2.0; +http://www.bing.com/bingbot.htm)"
64.62.252.176 - - [11/Aug/2021:01:18:07 +0200] "GET /small-brass-bell-p-46616.html HTTP/1.0" 200 72806 "-" "The Knowledge AI"
64.62.252.176 - - [11/Aug/2021:01:18:22 +0200] "GET /yang-cast-iron-wall-bell-p-47230.html HTTP/1.0" 200 72947 "-" "The Knowledge AI"
54.36.148.80 - - [11/Aug/2021:01:18:34 +0200] "GET /disney-mickey-mouse-sports-bottle-p-26811.html HTTP/1.0" 301 70267 "-" "Mozilla/5.0 (compatible; AhrefsBot/7.0; +http://ahrefs.com/robot/)"
64.62.252.176 - - [11/Aug/2021:01:18:36 +0200] "GET /kwan-metal-bell-p-47242.html HTTP/1.0" 200 73393 "-" "The Knowledge AI"
185.191.171.20 - - [11/Aug/2021:01:18:36 +0200] "GET /wooden-wall-decor-twin-flames-p-46238.html HTTP/1.0" 200 72935 "-" "Mozilla/5.0 (compatible; SemrushBot/7~bl; +http://www.semrush.com/bot.html)"
54.36.148.161 - - [11/Aug/2021:01:18:41 +0200] "GET /decoration-african-woman-33-cm-p-53032.html HTTP/1.0" 301 73025 "-" "Mozilla/5.0 (compatible; AhrefsBot/7.0; +http://ahrefs.com/robot/)"
64.62.252.176 - - [11/Aug/2021:01:18:48 +0200] "GET /buddha-metal-bell-p-42073.html HTTP/1.0" 200 72806 "-" "The Knowledge AI"
207.46.13.175 - - [11/Aug/2021:01:18:53 +0200] "GET /raving-rabbids-brown-large-cereal-bowl-p-31748.html HTTP/1.0" 200 70381 "-" "Mozilla/5.0 (compatible; bingbot/2.0; +http://www.bing.com/bingbot.htm)"
64.62.252.176 - - [11/Aug/2021:01:19:08 +0200] "GET /horse-cast-iron-wall-bell-p-51564.html HTTP/1.0" 200 72908 "-" "The Knowledge AI"
110.249.201.24 - - [11/Aug/2021:01:19:10 +0200] "GET /cbkration-toiletry-p-41156.html HTTP/1.0" 200 72949 "-" "Mozilla/5.0 (Linux; Android 5.0) AppleWebKit/537.36 (KHTML, like Gecko) Mobile Safari/537.36 (compatible; Bytespider; https://zhanzhang.toutiao.com/)"
157.55.39.122 - - [11/Aug/2021:01:19:11 +0200] "GET /kimmidoll-storage-cardboard-boxes-p-31956.html HTTP/1.0" 301 70267 "-" "Mozilla/5.0 (compatible; bingbot/2.0; +http://www.bing.com/bingbot.htm)"
110.249.201.31 - - [11/Aug/2021:01:19:12 +0200] "GET /swfobject.js HTTP/1.0" 404 1308 "http://www.wonder-geek.com/cbkration-toiletry-p-41156.html" "Mozilla/5.0 (Linux; Android 5.0) AppleWebKit/537.36 (KHTML, like Gecko) Mobile Safari/537.36 (compatible; Bytespider; https://zhanzhang.toutiao.com/)"
110.249.201.37 - - [11/Aug/2021:01:19:13 +0200] "GET /highslide/graphics/zoomout.cur HTTP/1.0" 200 614 "http://www.wonder-geek.com/cbkration-toiletry-p-41156.html" "Mozilla/5.0 (Linux; Android 5.0) AppleWebKit/537.36 (KHTML, like Gecko) Mobile Safari/537.36 (compatible; Bytespider; https://zhanzhang.toutiao.com/)"
157.55.39.122 - - [11/Aug/2021:01:19:13 +0200] "GET /-p-34729.html HTTP/1.0" 200 70200 "-" "Mozilla/5.0 (compatible; bingbot/2.0; +http://www.bing.com/bingbot.htm)"
64.62.252.176 - - [11/Aug/2021:01:19:20 +0200] "GET /rooster-cast-iron-wall-bell-p-51563.html HTTP/1.0" 200 72924 "-" "The Knowledge AI"
54.36.148.242 - - [11/Aug/2021:01:19:30 +0200] "GET /real-madrid-phone-cover-iphone-p-13208.html HTTP/1.0" 200 73037 "-" "Mozilla/5.0 (compatible; AhrefsBot/7.0; +http://ahrefs.com/robot/)"
64.62.252.176 - - [11/Aug/2021:01:19:33 +0200] "GET /bell-witch-cast-iron-p-49199.html HTTP/1.0" 200 73487 "-" "The Knowledge AI"
64.62.252.176 - - [11/Aug/2021:01:19:45 +0200] "GET /titanic-bell-wall-p-47447.html HTTP/1.0" 200 72875 "-" "The Knowledge AI"
207.46.13.101 - - [11/Aug/2021:01:19:55 +0200] "GET /-p-38854.html HTTP/1.0" 200 70200 "-" "Mozilla/5.0 (compatible; bingbot/2.0; +http://www.bing.com/bingbot.htm)"
64.62.252.176 - - [11/Aug/2021:01:19:57 +0200] "GET /bell-golden-brass-wood-table-p-49428.html HTTP/1.0" 200 72948 "-" "The Knowledge AI"
64.62.252.176 - - [11/Aug/2021:01:20:10 +0200] "GET /cast-salamander-wall-bell-p-45760.html HTTP/1.0" 200 72914 "-" "The Knowledge AI"
66.249.66.218 - - [11/Aug/2021:01:20:17 +0200] "GET /rhum-metal-plate-deco-p-51752.html HTTP/1.0" 200 72799 "-" "Mozilla/5.0 (Linux; Android 6.0.1; Nexus 5X Build/MMB29P) AppleWebKit/537.36 (KHTML, like Gecko) Chrome/92.0.4515.119 Mobile Safari/537.36 (compatible; Googlebot/2.1; +http://www.google.com/bot.html)"
185.191.171.3 - - [11/Aug/2021:01:20:21 +0200] "GET /vespa-small-bag-khaki-p-18591.html HTTP/1.0" 301 70350 "-" "Mozilla/5.0 (compatible; SemrushBot/7~bl; +http://www.semrush.com/bot.html)"
185.191.171.41 - - [11/Aug/2021:01:20:23 +0200] "GET /vespa-small-khaki-p-18591.html HTTP/1.0" 200 70266 "-" "Mozilla/5.0 (compatible; SemrushBot/7~bl; +http://www.semrush.com/bot.html)"
64.62.252.176 - - [11/Aug/2021:01:20:28 +0200] "GET /countertop-bell-p-52795.html HTTP/1.0" 200 72835 "-" "The Knowledge AI"
64.62.252.176 - - [11/Aug/2021:01:20:43 +0200] "GET /metal-bell-p-32128.html HTTP/1.0" 200 72776 "-" "The Knowledge AI"
157.55.39.122 - - [11/Aug/2021:01:20:52 +0200] "GET /-p-38765.html HTTP/1.0" 200 70200 "-" "Mozilla/5.0 (compatible; bingbot/2.0; +http://www.bing.com/bingbot.htm)"
54.36.148.242 - - [11/Aug/2021:01:20:53 +0200] "GET /rooster-cast-iron-wall-bell-p-51563.html HTTP/1.0" 200 72924 "-" "Mozilla/5.0 (compatible; AhrefsBot/7.0; +http://ahrefs.com/robot/)"
64.62.252.176 - - [11/Aug/2021:01:20:56 +0200] "GET /bell-golden-brass-wood-table-p-52805.html HTTP/1.0" 200 72954 "-" "The Knowledge AI"
157.55.39.51 - - [11/Aug/2021:01:21:00 +0200] "GET /cars-blue-pencil-case-p-19645.html HTTP/1.0" 200 73018 "-" "Mozilla/5.0 (compatible; bingbot/2.0; +http://www.bing.com/bingbot.htm)"
64.62.252.176 - - [11/Aug/2021:01:21:08 +0200] "GET /bronze-countertop-bell-p-53023.html HTTP/1.0" 200 72883 "-" "The Knowledge AI"
157.55.39.122 - - [11/Aug/2021:01:21:21 +0200] "GET /images/big_prod_1/5055321765379a.jpg HTTP/1.0" 200 271 "-" "Mozilla/5.0 (compatible; bingbot/2.0; +http://www.bing.com/bingbot.htm)"
64.62.252.176 - - [11/Aug/2021:01:21:21 +0200] "GET /decorative-metal-bell-with-rope-p-41463.html HTTP/1.0" 200 72920 "-" "The Knowledge AI"
64.62.252.176 - - [11/Aug/2021:01:21:40 +0200] "GET /bell-brass-buddha-p-46810.html HTTP/1.0" 200 72861 "-" "The Knowledge AI"
157.55.39.122 - - [11/Aug/2021:01:21:43 +0200] "GET /-p-26788.html HTTP/1.0" 200 70200 "-" "Mozilla/5.0 (compatible; bingbot/2.0; +http://www.bing.com/bingbot.htm)"
64.62.252.176 - - [11/Aug/2021:01:21:53 +0200] "GET /bell-golden-brass-wood-table-p-51224.html HTTP/1.0" 200 72978 "-" "The Knowledge AI"
207.46.13.101 - - [11/Aug/2021:01:21:55 +0200] "GET /-p-36425.html HTTP/1.0" 200 70200 "-" "Mozilla/5.0 (compatible; bingbot/2.0; +http://www.bing.com/bingbot.htm)"
66.249.66.220 - - [11/Aug/2021:01:22:04 +0200] "GET /dora-explorer-bathrobe-size-years-p-12639.html HTTP/1.0" 200 73116 "-" "Mozilla/5.0 (Linux; Android 6.0.1; Nexus 5X Build/MMB29P) AppleWebKit/537.36 (KHTML, like Gecko) Chrome/92.0.4515.119 Mobile Safari/537.36 (compatible; Googlebot/2.1; +http://www.google.com/bot.html)"
64.62.252.176 - - [11/Aug/2021:01:22:06 +0200] "GET /bookend-c-13_202.html?page=2 HTTP/1.0" 200 83797 "-" "The Knowledge AI"
54.36.148.242 - - [11/Aug/2021:01:22:13 +0200] "GET /ceramic-dish-p-45516.html HTTP/1.0" 200 72780 "-" "Mozilla/5.0 (compatible; AhrefsBot/7.0; +http://ahrefs.com/robot/)"
185.191.171.45 - - [11/Aug/2021:01:22:17 +0200] "GET /lighting-c-86.html?page=22 HTTP/1.0" 200 93400 "-" "Mozilla/5.0 (compatible; SemrushBot/7~bl; +http://www.semrush.com/bot.html)"
64.62.252.176 - - [11/Aug/2021:01:22:18 +0200] "GET /moon-bookends-p-50758.html HTTP/1.0" 200 73317 "-" "The Knowledge AI"
64.62.252.176 - - [11/Aug/2021:01:22:31 +0200] "GET /rainbow-bookends-p-50759.html HTTP/1.0" 200 73341 "-" "The Knowledge AI"
185.191.171.21 - - [11/Aug/2021:01:22:34 +0200] "GET /gray-porcelain-bowl-with-small-gold-hearts-p-53701.html HTTP/1.0" 200 73613 "-" "Mozilla/5.0 (compatible; SemrushBot/7~bl; +http://www.semrush.com/bot.html)"
207.46.13.39 - - [11/Aug/2021:01:22:48 +0200] "GET /harley-davidson-cross-lighter-p-45323.html HTTP/1.0" 200 73937 "-" "Mozilla/5.0 (compatible; bingbot/2.0; +http://www.bing.com/bingbot.htm)"
64.62.252.176 - - [11/Aug/2021:01:22:53 +0200] "GET /unicorn-bookends-p-50755.html HTTP/1.0" 200 73347 "-" "The Knowledge AI"
157.55.39.51 - - [11/Aug/2021:01:23:00 +0200] "GET /mickey-club-house-umbrella-p-20499.html HTTP/1.0" 200 73090 "-" "Mozilla/5.0 (compatible; bingbot/2.0; +http://www.bing.com/bingbot.htm)"
64.62.252.176 - - [11/Aug/2021:01:23:04 +0200] "GET /unicorn-bookends-p-50756.html HTTP/1.0" 200 73347 "-" "The Knowledge AI"
64.62.252.176 - - [11/Aug/2021:01:23:17 +0200] "GET /unicorn-bookends-p-50757.html HTTP/1.0" 200 74236 "-" "The Knowledge AI"
157.55.39.122 - - [11/Aug/2021:01:23:23 +0200] "GET /-p-10548.html HTTP/1.0" 200 70200 "-" "Mozilla/5.0 (compatible; bingbot/2.0; +http://www.bing.com/bingbot.htm)"
64.62.252.176 - - [11/Aug/2021:01:23:29 +0200] "GET /antique-blue-wood-magazine-rack-model-p-44785.html HTTP/1.0" 200 73028 "-" "The Knowledge AI"
54.36.148.242 - - [11/Aug/2021:01:23:38 +0200] "GET /cotton-floor-cushion-blue-p-49313.html HTTP/1.0" 200 73500 "-" "Mozilla/5.0 (compatible; AhrefsBot/7.0; +http://ahrefs.com/robot/)"
157.55.39.51 - - [11/Aug/2021:01:23:41 +0200] "GET /gold-wall-mirror-p-53691.html HTTP/1.0" 200 72808 "-" "Mozilla/5.0 (compatible; bingbot/2.0; +http://www.bing.com/bingbot.htm)"
157.55.39.51 - - [11/Aug/2021:01:23:42 +0200] "GET /-p-19683.html HTTP/1.0" 200 70200 "-" "Mozilla/5.0 (compatible; bingbot/2.0; +http://www.bing.com/bingbot.htm)"
64.62.252.176 - - [11/Aug/2021:01:23:41 +0200] "GET /retro-wooden-courier-furniture-23cm-patine-p-46386.html HTTP/1.0" 200 70358 "-" "The Knowledge AI"
64.62.252.176 - - [11/Aug/2021:01:23:55 +0200] "GET /tweety-bookends-p-6399.html HTTP/1.0" 200 72732 "-" "The Knowledge AI"
54.36.148.186 - - [11/Aug/2021:01:24:01 +0200] "GET /jiminy-cricket-figure-collection-by-romero-britto-p-49209.html HTTP/1.0" 301 70267 "-" "Mozilla/5.0 (compatible; AhrefsBot/7.0; +http://ahrefs.com/robot/)"
64.62.252.176 - - [11/Aug/2021:01:24:13 +0200] "GET /bookend-wood-petit-prince-exupry-p-47768.html HTTP/1.0" 200 73003 "-" "The Knowledge AI"
54.36.149.82 - - [11/Aug/2021:01:24:23 +0200] "GET /bodega-mug-p-39533.html HTTP/1.0" 301 72782 "-" "Mozilla/5.0 (compatible; AhrefsBot/7.0; +http://ahrefs.com/robot/)"
40.77.167.106 - - [11/Aug/2021:01:24:24 +0200] "GET /espresso-retro-deco-thermometer-p-27631.html HTTP/1.0" 200 72974 "-" "Mozilla/5.0 (compatible; bingbot/2.0; +http://www.bing.com/bingbot.htm)"
64.62.252.176 - - [11/Aug/2021:01:24:26 +0200] "GET /bookend-wood-petit-prince-exupry-p-54551.html HTTP/1.0" 200 73003 "-" "The Knowledge AI"
157.55.39.51 - - [11/Aug/2021:01:24:29 +0200] "GET /images/big_prod/76000210FB.jpg HTTP/1.0" 200 265 "-" "Mozilla/5.0 (compatible; bingbot/2.0; +http://www.bing.com/bingbot.htm)"
64.62.252.176 - - [11/Aug/2021:01:24:39 +0200] "GET /bookend-golden-cats-p-44632.html HTTP/1.0" 200 72823 "-" "The Knowledge AI"
64.62.252.176 - - [11/Aug/2021:01:24:52 +0200] "GET /stop-shaped-books-p-30440.html HTTP/1.0" 200 72816 "-" "The Knowledge AI"
207.46.13.101 - - [11/Aug/2021:01:24:55 +0200] "GET /elmer-apron-p-41572.html HTTP/1.0" 200 73018 "-" "Mozilla/5.0 (compatible; bingbot/2.0; +http://www.bing.com/bingbot.htm)"
54.36.148.242 - - [11/Aug/2021:01:24:59 +0200] "GET /wooden-tray-metal-legs-p-49697.html HTTP/1.0" 200 73023 "-" "Mozilla/5.0 (compatible; AhrefsBot/7.0; +http://ahrefs.com/robot/)"
185.191.171.24 - - [11/Aug/2021:01:25:01 +0200] "GET /figure-collection-romero-britto-p-53510.html?action=add_product HTTP/1.0" 302 476 "-" "Mozilla/5.0 (compatible; SemrushBot/7~bl; +http://www.semrush.com/bot.html)"
64.62.252.176 - - [11/Aug/2021:01:25:05 +0200] "GET /stop-shaped-books-p-41577.html HTTP/1.0" 200 72819 "-" "The Knowledge AI"
207.46.13.127 - - [11/Aug/2021:01:25:07 +0200] "GET /piggy-bank-with-chalk-p-37722.html HTTP/1.0" 200 72945 "-" "Mozilla/5.0 (compatible; bingbot/2.0; +http://www.bing.com/bingbot.htm)"
185.191.171.35 - - [11/Aug/2021:01:25:15 +0200] "GET /mobile-bells-metal-elephants-80-cm-p-42074.html HTTP/1.0" 301 73689 "-" "Mozilla/5.0 (compatible; SemrushBot/7~bl; +http://www.semrush.com/bot.html)"
185.191.171.6 - - [11/Aug/2021:01:25:18 +0200] "GET /mobile-bells-metal-elephants-p-42074.html HTTP/1.0" 200 73594 "-" "Mozilla/5.0 (compatible; SemrushBot/7~bl; +http://www.semrush.com/bot.html)"
64.62.252.176 - - [11/Aug/2021:01:25:27 +0200] "GET /achshund-bookend-p-51892.html HTTP/1.0" 200 73576 "-" "The Knowledge AI"
207.46.13.101 - - [11/Aug/2021:01:25:35 +0200] "GET /salt-boxes-and-jars-c-12_223.html HTTP/1.0" 301 90236 "-" "Mozilla/5.0 (compatible; bingbot/2.0; +http://www.bing.com/bingbot.htm)"
64.62.252.176 - - [11/Aug/2021:01:25:39 +0200] "GET /elephants-resin-bookends-p-54153.html HTTP/1.0" 200 73678 "-" "The Knowledge AI"
207.46.13.175 - - [11/Aug/2021:01:25:44 +0200] "GET /money-boxes-c-13_83.html HTTP/1.0" 200 92572 "-" "Mozilla/5.0 (compatible; bingbot/2.0; +http://www.bing.com/bingbot.htm)"
207.46.13.39 - - [11/Aug/2021:01:25:48 +0200] "GET /-p-29805.html HTTP/1.0" 200 70200 "-" "Mozilla/5.0 (compatible; bingbot/2.0; +http://www.bing.com/bingbot.htm)"
64.62.252.176 - - [11/Aug/2021:01:25:52 +0200] "GET /london-magazines-holder-p-39355.html HTTP/1.0" 200 72863 "-" "The Knowledge AI"
64.62.252.176 - - [11/Aug/2021:01:26:04 +0200] "GET /bookends-hands-asian-spirit-p-50011.html HTTP/1.0" 200 73887 "-" "The Knowledge AI"
14.163.48.160 - - [11/Aug/2021:01:26:05 +0200] "GET /contact_us.php HTTP/1.0" 200 26241 "http://www.wonder-geek.com/contact_us.php" "Mozilla/5.0 (Windows NT 10.0; Win64; x64) AppleWebKit/537.36 (KHTML, like Gecko) Chrome/83.0.4103.44 Safari/537.36 OPR/69.0.3686.7 (Edition beta)"
14.163.48.160 - - [11/Aug/2021:01:26:06 +0200] "POST /contact_us.php?action=send HTTP/1.0" 200 26480 "http://www.wonder-geek.com/contact_us.php" "Mozilla/5.0 (Windows NT 10.0; Win64; x64) AppleWebKit/537.36 (KHTML, like Gecko) Chrome/83.0.4103.44 Safari/537.36 OPR/69.0.3686.7 (Edition beta)"
185.191.171.19 - - [11/Aug/2021:01:26:15 +0200] "GET /transportable-metal-lamp-p-55139.html?action=add_product HTTP/1.0" 302 476 "-" "Mozilla/5.0 (compatible; SemrushBot/7~bl; +http://www.semrush.com/bot.html)"
66.249.66.216 - - [11/Aug/2021:01:26:17 +0200] "GET /brown-ceramic-lamp-leaf-pattern-p-55249.html HTTP/1.0" 200 73739 "-" "Mozilla/5.0 (compatible; Googlebot/2.1; +http://www.google.com/bot.html)"
64.62.252.176 - - [11/Aug/2021:01:26:17 +0200] "GET /flag-door-journals-p-29732.html HTTP/1.0" 200 72797 "-" "The Knowledge AI"
54.36.148.242 - - [11/Aug/2021:01:26:21 +0200] "GET /jasmin-dessert-spoon-p-32024.html HTTP/1.0" 200 72805 "-" "Mozilla/5.0 (compatible; AhrefsBot/7.0; +http://ahrefs.com/robot/)"
157.55.39.44 - - [11/Aug/2021:01:26:24 +0200] "GET /-p-33664.html HTTP/1.0" 200 70200 "-" "Mozilla/5.0 (compatible; bingbot/2.0; +http://www.bing.com/bingbot.htm)"
207.46.13.127 - - [11/Aug/2021:01:26:28 +0200] "GET /mcstuffins-poster-p-30882.html HTTP/1.0" 200 72839 "-" "Mozilla/5.0 (compatible; bingbot/2.0; +http://www.bing.com/bingbot.htm)"
64.62.252.176 - - [11/Aug/2021:01:26:39 +0200] "GET /bookend-monkeys-p-51565.html HTTP/1.0" 200 72778 "-" "The Knowledge AI"
207.46.13.127 - - [11/Aug/2021:01:26:48 +0200] "GET /-p-24832.html HTTP/1.0" 200 70200 "-" "Mozilla/5.0 (compatible; bingbot/2.0; +http://www.bing.com/bingbot.htm)"
185.191.171.36 - - [11/Aug/2021:01:26:50 +0200] "GET /potholder-glove-p-54124.html?action=add_product HTTP/1.0" 302 476 "-" "Mozilla/5.0 (compatible; SemrushBot/7~bl; +http://www.semrush.com/bot.html)"
64.62.252.176 - - [11/Aug/2021:01:26:51 +0200] "GET /bookend-pigs-p-44630.html HTTP/1.0" 200 72789 "-" "The Knowledge AI"
64.62.252.176 - - [11/Aug/2021:01:27:03 +0200] "GET /boxes-storage-c-13_150.html?page=2 HTTP/1.0" 200 94137 "-" "The Knowledge AI"
23.96.54.64 - - [11/Aug/2021:01:27:09 +0200] "GET /images/5410994579614b.jpg HTTP/1.0" 200 260 "-" "Mozilla/5.0 (X11; Linux i686) AppleWebKit/537.17 (KHTML, like Gecko) Chrome/24.0.1312.27 Safari/537.17"
64.62.252.176 - - [11/Aug/2021:01:27:16 +0200] "GET /boxes-storage-c-13_150.html?page=3 HTTP/1.0" 200 93331 "-" "The Knowledge AI"
207.46.13.39 - - [11/Aug/2021:01:27:28 +0200] "GET /little-buddha-collection-keychain-p-53300.html HTTP/1.0" 200 72923 "-" "Mozilla/5.0 (compatible; bingbot/2.0; +http://www.bing.com/bingbot.htm)"
64.62.252.176 - - [11/Aug/2021:01:27:29 +0200] "GET /boxes-storage-c-13_150.html?page=4 HTTP/1.0" 200 93504 "-" "The Knowledge AI"
54.36.148.242 - - [11/Aug/2021:01:27:38 +0200] "GET /incense-stick-holder-elephant-p-35503.html HTTP/1.0" 200 73043 "-" "Mozilla/5.0 (compatible; AhrefsBot/7.0; +http://ahrefs.com/robot/)"
192.0.101.58 - - [11/Aug/2021:01:27:39 +0200] "GET /images/big_prod_1/1345544936668N.jpg HTTP/1.0" 301 583 "-" "Photon/1.0"
192.0.101.58 - - [11/Aug/2021:01:27:39 +0200] "GET /images/big_prod_1/1345544936668N.jpg HTTP/1.0" 200 271 "-" "Photon/1.0"
64.62.252.176 - - [11/Aug/2021:01:27:41 +0200] "GET /boxes-storage-c-13_150.html?page=5 HTTP/1.0" 200 94025 "-" "The Knowledge AI"
64.62.252.176 - - [11/Aug/2021:01:28:00 +0200] "GET /boxes-storage-c-13_150.html?page=6 HTTP/1.0" 200 93934 "-" "The Knowledge AI"
64.62.252.176 - - [11/Aug/2021:01:28:13 +0200] "GET /robots.txt HTTP/1.0" 200 245 "-" "The Knowledge AI"
64.62.252.176 - - [11/Aug/2021:01:28:14 +0200] "GET /boxes-storage-c-13_150.html?page=7 HTTP/1.0" 200 94025 "-" "The Knowledge AI"
64.62.252.176 - - [11/Aug/2021:01:28:28 +0200] "GET /boxes-storage-c-13_150.html?page=8 HTTP/1.0" 200 92864 "-" "The Knowledge AI"
64.62.252.176 - - [11/Aug/2021:01:28:41 +0200] "GET /boxes-storage-c-13_150.html?page=9 HTTP/1.0" 200 93786 "-" "The Knowledge AI"
185.191.171.36 - - [11/Aug/2021:01:28:44 +0200] "GET /pink-flamingo-night-light-with-p-48680.html HTTP/1.0" 200 72937 "-" "Mozilla/5.0 (compatible; SemrushBot/7~bl; +http://www.semrush.com/bot.html)"
