192.99.5.228 - - [10/Aug/2021:11:55:14 +0200] "GET /pvc-table-protector-under-tablecloth-140-240-cm-p-48562.html HTTP/1.0" 301 73230 "-" "Mozilla/5.0 (compatible; MJ12bot/v1.4.8; http://mj12bot.com/)"
54.36.148.242 - - [10/Aug/2021:11:55:22 +0200] "GET /night-lights-c-86_278.html HTTP/1.0" 200 91616 "-" "Mozilla/5.0 (compatible; AhrefsBot/7.0; +http://ahrefs.com/robot/)"
157.55.39.44 - - [10/Aug/2021:11:55:28 +0200] "GET /images/med_prod/00000000000000000000000pandi.jpg HTTP/1.0" 200 283 "-" "Mozilla/5.0 (compatible; bingbot/2.0; +http://www.bing.com/bingbot.htm)"
192.99.37.138 - - [10/Aug/2021:11:55:28 +0200] "GET /paris-saint-germain-organiser-file-p-52048.html HTTP/1.0" 200 73573 "-" "Mozilla/5.0 (compatible; MJ12bot/v1.4.8; http://mj12bot.com/)"
192.99.5.228 - - [10/Aug/2021:11:55:47 +0200] "GET /table-protector-under-tablecloth-p-48562.html HTTP/1.0" 200 73131 "-" "Mozilla/5.0 (compatible; MJ12bot/v1.4.8; http://mj12bot.com/)"
192.99.37.138 - - [10/Aug/2021:11:55:59 +0200] "GET /paris-saint-germain-organiser-file-p-52049.html HTTP/1.0" 200 73573 "-" "Mozilla/5.0 (compatible; MJ12bot/v1.4.8; http://mj12bot.com/)"
207.46.13.39 - - [10/Aug/2021:11:56:01 +0200] "GET /images/big_prod_2/3665284220659b.jpg HTTP/1.0" 200 271 "-" "Mozilla/5.0 (compatible; bingbot/2.0; +http://www.bing.com/bingbot.htm)"
185.191.171.21 - - [10/Aug/2021:11:56:04 +0200] "GET /round-mirror-suspend-rope-p-50004.html?action=add_product HTTP/1.0" 302 476 "-" "Mozilla/5.0 (compatible; SemrushBot/7~bl; +http://www.semrush.com/bot.html)"
192.99.37.138 - - [10/Aug/2021:11:56:33 +0200] "GET /paris-saint-germain-pencil-case-p-26580.html HTTP/1.0" 301 70267 "-" "Mozilla/5.0 (compatible; MJ12bot/v1.4.8; http://mj12bot.com/)"
192.99.5.228 - - [10/Aug/2021:11:56:33 +0200] "GET /rapunzel-adventurous-princess-figure-collection-p-36956.html HTTP/1.0" 200 73127 "-" "Mozilla/5.0 (compatible; MJ12bot/v1.4.8; http://mj12bot.com/)"
54.36.148.242 - - [10/Aug/2021:11:56:52 +0200] "GET /notebook-notebook-diary-c-129_185.html HTTP/1.0" 200 91658 "-" "Mozilla/5.0 (compatible; AhrefsBot/7.0; +http://ahrefs.com/robot/)"
106.38.241.156 - - [10/Aug/2021:11:56:57 +0200] "GET / HTTP/1.0" 200 151272 "-" "Sogou web spider/4.0(+http://www.sogou.com/docs/help/webmasters.htm#07)"
207.46.13.175 - - [10/Aug/2021:11:57:16 +0200] "GET /-p-48221.html HTTP/1.0" 200 70200 "-" "Mozilla/5.0 (compatible; bingbot/2.0; +http://www.bing.com/bingbot.htm)"
192.99.37.138 - - [10/Aug/2021:11:57:19 +0200] "GET /-p-26580.html HTTP/1.0" 200 70200 "-" "Mozilla/5.0 (compatible; MJ12bot/v1.4.8; http://mj12bot.com/)"
192.99.5.228 - - [10/Aug/2021:11:57:21 +0200] "GET /rapunzel-and-pascal-figure-p-8562.html HTTP/1.0" 301 70399 "-" "Mozilla/5.0 (compatible; MJ12bot/v1.4.8; http://mj12bot.com/)"
54.36.148.54 - - [10/Aug/2021:11:57:26 +0200] "GET /gothic-pink-and-green-lamp-p-23015.html HTTP/1.0" 301 70267 "-" "Mozilla/5.0 (compatible; AhrefsBot/7.0; +http://ahrefs.com/robot/)"
157.55.39.122 - - [10/Aug/2021:11:57:27 +0200] "GET /tinted-candle-gold-color-p-48933.html HTTP/1.0" 200 72590 "-" "Mozilla/5.0 (compatible; bingbot/2.0; +http://www.bing.com/bingbot.htm)"
66.249.66.218 - - [10/Aug/2021:11:57:34 +0200] "GET /kori-kumi-blue-wallet-p-30490.html HTTP/1.0" 200 72852 "-" "Mozilla/5.0 (compatible; Googlebot/2.1; +http://www.google.com/bot.html)"
66.249.66.220 - - [10/Aug/2021:11:57:36 +0200] "GET /swfobject.js HTTP/1.0" 404 1308 "http://www.wonder-geek.com/kori-kumi-blue-wallet-p-30490.html" "Mozilla/5.0 AppleWebKit/537.36 (KHTML, like Gecko; compatible; Googlebot/2.1; +http://www.google.com/bot.html) Chrome/92.0.4515.119 Safari/537.36"
185.191.171.6 - - [10/Aug/2021:11:57:41 +0200] "GET /home-and-decoration-c-13.html?page=62 HTTP/1.0" 301 92665 "-" "Mozilla/5.0 (compatible; SemrushBot/7~bl; +http://www.semrush.com/bot.html)"
207.46.13.175 - - [10/Aug/2021:11:57:43 +0200] "GET /swfobject.js HTTP/1.0" 404 1308 "-" "Mozilla/5.0 (compatible; bingbot/2.0; +http://www.bing.com/bingbot.htm)"
185.191.171.8 - - [10/Aug/2021:11:57:44 +0200] "GET /home-decoration-c-13.html?page=62 HTTP/1.0" 200 92578 "-" "Mozilla/5.0 (compatible; SemrushBot/7~bl; +http://www.semrush.com/bot.html)"
185.191.171.24 - - [10/Aug/2021:11:57:48 +0200] "GET /forest-shower-curtain-p-39389.html?action=add_product HTTP/1.0" 302 476 "-" "Mozilla/5.0 (compatible; SemrushBot/7~bl; +http://www.semrush.com/bot.html)"
192.99.5.228 - - [10/Aug/2021:11:57:50 +0200] "GET /rapunzel-pascal-figure-p-8562.html HTTP/1.0" 200 70311 "-" "Mozilla/5.0 (compatible; MJ12bot/v1.4.8; http://mj12bot.com/)"
192.99.37.138 - - [10/Aug/2021:11:57:59 +0200] "GET /paris-saint-germain-psg-beer-glass-p-46524.html HTTP/1.0" 301 73032 "-" "Mozilla/5.0 (compatible; MJ12bot/v1.4.8; http://mj12bot.com/)"
103.126.151.114 - - [10/Aug/2021:11:58:00 +0200] "GET /contact_us.php HTTP/1.0" 200 26241 "http://www.wonder-geek.com/contact_us.php" "Mozilla/5.0 (Windows NT 10.0; Win64; x64) AppleWebKit/537.36 (KHTML, like Gecko) Chrome/83.0.4096.0 Safari/537.36"
103.126.151.114 - - [10/Aug/2021:11:58:04 +0200] "POST /contact_us.php?action=send HTTP/1.0" 200 26500 "http://www.wonder-geek.com/contact_us.php" "Mozilla/5.0 (Windows NT 10.0; Win64; x64) AppleWebKit/537.36 (KHTML, like Gecko) Chrome/83.0.4096.0 Safari/537.36"
147.92.153.6 - - [10/Aug/2021:11:58:07 +0200] "GET /manicure-articles-c-31_204.html HTTP/1.0" 200 89439 "-" "Mozilla/5.0 (compatible; Linespider/1.1; +https://lin.ee/4dwXkTH)"
185.191.171.35 - - [10/Aug/2021:11:58:19 +0200] "GET /glass-cutting-board-cbkreation-p-51316.html?action=add_product HTTP/1.0" 302 476 "-" "Mozilla/5.0 (compatible; SemrushBot/7~bl; +http://www.semrush.com/bot.html)"
54.36.148.242 - - [10/Aug/2021:11:58:21 +0200] "GET /wall-lights-c-86_281.html HTTP/1.0" 200 79409 "-" "Mozilla/5.0 (compatible; AhrefsBot/7.0; +http://ahrefs.com/robot/)"
192.99.37.138 - - [10/Aug/2021:11:58:23 +0200] "GET /paris-saint-germain-beer-glass-p-46524.html HTTP/1.0" 200 72935 "-" "Mozilla/5.0 (compatible; MJ12bot/v1.4.8; http://mj12bot.com/)"
192.99.5.228 - - [10/Aug/2021:11:58:26 +0200] "GET /rapunzel-daring-heights-figure-collection-p-29064.html HTTP/1.0" 301 70267 "-" "Mozilla/5.0 (compatible; MJ12bot/v1.4.8; http://mj12bot.com/)"
216.244.66.242 - - [10/Aug/2021:11:58:26 +0200] "GET /bamboo-floor-lamp-p-52785.html HTTP/1.0" 200 73527 "-" "Mozilla/5.0 (compatible; DotBot/1.2; +https://opensiteexplorer.org/dotbot; help@moz.com)"
216.244.66.242 - - [10/Aug/2021:11:58:33 +0200] "GET /butterfly-hanging-decoration-p-50488.html HTTP/1.0" 200 72928 "-" "Mozilla/5.0 (compatible; DotBot/1.2; +https://opensiteexplorer.org/dotbot; help@moz.com)"
216.244.66.242 - - [10/Aug/2021:11:58:38 +0200] "GET /old-tv-pendulum-and-key-box-p-35413.html HTTP/1.0" 301 73091 "-" "Mozilla/5.0 (compatible; DotBot/1.2; +https://opensiteexplorer.org/dotbot; help@moz.com)"
192.99.37.138 - - [10/Aug/2021:11:58:43 +0200] "GET /paris-saint-germain-stationery-set-p-26589.html HTTP/1.0" 301 70267 "-" "Mozilla/5.0 (compatible; MJ12bot/v1.4.8; http://mj12bot.com/)"
192.99.5.228 - - [10/Aug/2021:11:59:06 +0200] "GET /-p-29064.html HTTP/1.0" 200 70200 "-" "Mozilla/5.0 (compatible; MJ12bot/v1.4.8; http://mj12bot.com/)"
157.55.39.5 - - [10/Aug/2021:11:59:07 +0200] "GET /mini-metal-tray-banania-p-33322.html HTTP/1.0" 200 72919 "-" "Mozilla/5.0 (compatible; bingbot/2.0; +http://www.bing.com/bingbot.htm)"
192.99.37.138 - - [10/Aug/2021:11:59:07 +0200] "GET /-p-26589.html HTTP/1.0" 200 70200 "-" "Mozilla/5.0 (compatible; MJ12bot/v1.4.8; http://mj12bot.com/)"
192.99.5.228 - - [10/Aug/2021:11:59:39 +0200] "GET /rapunzel-figure-p-8563.html HTTP/1.0" 200 70264 "-" "Mozilla/5.0 (compatible; MJ12bot/v1.4.8; http://mj12bot.com/)"
185.191.171.40 - - [10/Aug/2021:11:59:51 +0200] "GET /standing-flower-p-51970.html?action=add_product HTTP/1.0" 302 476 "-" "Mozilla/5.0 (compatible; SemrushBot/7~bl; +http://www.semrush.com/bot.html)"
54.36.148.242 - - [10/Aug/2021:11:59:52 +0200] "GET / HTTP/1.0" 200 151356 "-" "Mozilla/5.0 (compatible; AhrefsBot/7.0; +http://ahrefs.com/robot/)"
192.99.37.138 - - [10/Aug/2021:11:59:56 +0200] "GET /paris-shopping-eyeglass-case-p-34965.html HTTP/1.0" 301 70267 "-" "Mozilla/5.0 (compatible; MJ12bot/v1.4.8; http://mj12bot.com/)"
192.99.5.228 - - [10/Aug/2021:12:00:05 +0200] "GET /rapunzel-pascal-figure-p-8562.html HTTP/1.0" 200 70311 "-" "Mozilla/5.0 (compatible; MJ12bot/v1.4.8; http://mj12bot.com/)"
157.55.39.122 - - [10/Aug/2021:12:00:07 +0200] "GET /cars-backpack-p-13339.html HTTP/1.0" 200 73154 "-" "Mozilla/5.0 (compatible; bingbot/2.0; +http://www.bing.com/bingbot.htm)"
157.55.39.44 - - [10/Aug/2021:12:00:12 +0200] "GET /schleich-peanuts-sally-p-35078.html HTTP/1.0" 200 70301 "-" "Mozilla/5.0 (compatible; bingbot/2.0; +http://www.bing.com/bingbot.htm)"
207.46.13.39 - - [10/Aug/2021:12:00:16 +0200] "GET /-m-25.html HTTP/1.0" 200 80054 "-" "Mozilla/5.0 (compatible; bingbot/2.0; +http://www.bing.com/bingbot.htm)"
207.46.13.39 - - [10/Aug/2021:12:00:19 +0200] "GET /decorations-and-furnishings/furnishings/spiderman-toy-box-p-18805.html HTTP/1.0" 301 70267 "-" "Mozilla/5.0 (compatible; bingbot/2.0; +http://www.bing.com/bingbot.htm)"
192.99.37.138 - - [10/Aug/2021:12:00:33 +0200] "GET /-p-34965.html HTTP/1.0" 200 70200 "-" "Mozilla/5.0 (compatible; MJ12bot/v1.4.8; http://mj12bot.com/)"
192.99.37.138 - - [10/Aug/2021:12:00:54 +0200] "GET /robots.txt HTTP/1.0" 200 245 "-" "Mozilla/5.0 (compatible; MJ12bot/v1.4.8; http://mj12bot.com/)"
192.99.5.228 - - [10/Aug/2021:12:00:55 +0200] "GET /raving-rabbids-adult-apron-p-27577.html HTTP/1.0" 200 70321 "-" "Mozilla/5.0 (compatible; MJ12bot/v1.4.8; http://mj12bot.com/)"
157.55.39.122 - - [10/Aug/2021:12:00:58 +0200] "GET /-p-24682.html HTTP/1.0" 200 70200 "-" "Mozilla/5.0 (compatible; bingbot/2.0; +http://www.bing.com/bingbot.htm)"
157.55.39.51 - - [10/Aug/2021:12:01:13 +0200] "GET /geishas-cushion-cbkreation-p-23254.html HTTP/1.0" 200 70272 "-" "Mozilla/5.0 (compatible; bingbot/2.0; +http://www.bing.com/bingbot.htm)"
192.99.37.138 - - [10/Aug/2021:12:01:17 +0200] "GET /paris-shower-curtain-180-200-cm-p-52156.html HTTP/1.0" 301 73631 "-" "Mozilla/5.0 (compatible; MJ12bot/v1.4.8; http://mj12bot.com/)"
54.36.148.242 - - [10/Aug/2021:12:01:18 +0200] "GET /welcome-motunui-moana-with-figurine-p-53999.html HTTP/1.0" 200 74816 "-" "Mozilla/5.0 (compatible; AhrefsBot/7.0; +http://ahrefs.com/robot/)"
185.191.171.12 - - [10/Aug/2021:12:01:24 +0200] "GET /robots.txt HTTP/1.0" 200 245 "-" "Mozilla/5.0 (compatible; SemrushBot/7~bl; +http://www.semrush.com/bot.html)"
185.191.171.18 - - [10/Aug/2021:12:01:24 +0200] "GET /-p-43501.html?action=add_product HTTP/1.0" 302 476 "-" "Mozilla/5.0 (compatible; SemrushBot/7~bl; +http://www.semrush.com/bot.html)"
157.55.39.156 - - [10/Aug/2021:12:01:39 +0200] "GET /-p-11413.html HTTP/1.0" 200 70200 "-" "Mozilla/5.0 (compatible; bingbot/2.0; +http://www.bing.com/bingbot.htm)"
192.99.5.228 - - [10/Aug/2021:12:01:39 +0200] "GET /raving-rabbids-apron-p-16510.html HTTP/1.0" 200 70291 "-" "Mozilla/5.0 (compatible; MJ12bot/v1.4.8; http://mj12bot.com/)"
192.99.37.138 - - [10/Aug/2021:12:01:51 +0200] "GET /paris-shower-curtain-p-52156.html HTTP/1.0" 200 73544 "-" "Mozilla/5.0 (compatible; MJ12bot/v1.4.8; http://mj12bot.com/)"
185.191.171.17 - - [10/Aug/2021:12:02:07 +0200] "GET /monkey-statue-resin-anything-p-46701.html?action=add_product HTTP/1.0" 302 476 "-" "Mozilla/5.0 (compatible; SemrushBot/7~bl; +http://www.semrush.com/bot.html)"
192.99.5.228 - - [10/Aug/2021:12:02:07 +0200] "GET /raving-rabbids-ballpoint-footballer-p-38029.html HTTP/1.0" 200 70316 "-" "Mozilla/5.0 (compatible; MJ12bot/v1.4.8; http://mj12bot.com/)"
40.77.167.106 - - [10/Aug/2021:12:02:18 +0200] "GET /anjali-mudra-yoga-statue-p-50992.html HTTP/1.0" 200 73511 "-" "Mozilla/5.0 (compatible; bingbot/2.0; +http://www.bing.com/bingbot.htm)"
192.99.37.138 - - [10/Aug/2021:12:02:18 +0200] "GET /paris-shower-curtain-p-52156.html HTTP/1.0" 200 73544 "-" "Mozilla/5.0 (compatible; MJ12bot/v1.4.8; http://mj12bot.com/)"
106.38.241.171 - - [10/Aug/2021:12:02:31 +0200] "GET / HTTP/1.0" 200 150878 "-" "Sogou web spider/4.0(+http://www.sogou.com/docs/help/webmasters.htm#07)"
157.55.39.5 - - [10/Aug/2021:12:02:37 +0200] "GET / HTTP/1.0" 200 151628 "-" "Mozilla/5.0 (compatible; bingbot/2.0; +http://www.bing.com/bingbot.htm)"
192.99.5.228 - - [10/Aug/2021:12:02:41 +0200] "GET /raving-rabbids-ballpoint-pen-footballer-p-38029.html HTTP/1.0" 301 70418 "-" "Mozilla/5.0 (compatible; MJ12bot/v1.4.8; http://mj12bot.com/)"
192.99.37.138 - - [10/Aug/2021:12:02:42 +0200] "GET /paris-vintage-clock-p-50366.html HTTP/1.0" 200 72959 "-" "Mozilla/5.0 (compatible; MJ12bot/v1.4.8; http://mj12bot.com/)"
5.255.231.249 - - [10/Aug/2021:12:02:46 +0200] "GET /robots.txt HTTP/1.0" 200 245 "-" "Mozilla/5.0 (compatible; YandexBot/3.0; +http://yandex.com/bots)"
5.255.231.249 - - [10/Aug/2021:12:02:50 +0200] "GET /images/3565750123142.jpg HTTP/1.0" 200 259 "-" "Mozilla/5.0 (compatible; YandexImages/3.0; +http://yandex.com/bots)"
54.36.148.242 - - [10/Aug/2021:12:02:56 +0200] "GET /bookend-c-13_202.html?page=2 HTTP/1.0" 200 83797 "-" "Mozilla/5.0 (compatible; AhrefsBot/7.0; +http://ahrefs.com/robot/)"
192.99.37.138 - - [10/Aug/2021:12:03:09 +0200] "GET /paris-white-shopping-bag-p-32258.html HTTP/1.0" 301 70390 "-" "Mozilla/5.0 (compatible; MJ12bot/v1.4.8; http://mj12bot.com/)"
192.99.5.228 - - [10/Aug/2021:12:03:18 +0200] "GET /raving-rabbids-ballpoint-footballer-p-38029.html HTTP/1.0" 200 70316 "-" "Mozilla/5.0 (compatible; MJ12bot/v1.4.8; http://mj12bot.com/)"
192.99.37.138 - - [10/Aug/2021:12:03:25 +0200] "GET /paris-white-shopping-p-32258.html HTTP/1.0" 200 70303 "-" "Mozilla/5.0 (compatible; MJ12bot/v1.4.8; http://mj12bot.com/)"
23.100.232.233 - - [10/Aug/2021:12:03:25 +0200] "GET /decorations-and-furnishings/decorations/betty-boop-movie-large-mirror-p-18313.html HTTP/1.0" 301 70267 "-" "Mozilla/5.0 (compatible; MSIE 9.0; Windows NT 6.1; Trident/5.0;  Trident/5.0)"
23.100.232.233 - - [10/Aug/2021:12:03:27 +0200] "GET /-p-18313.html HTTP/1.0" 200 70200 "-" "Mozilla/5.0 (compatible; MSIE 9.0; Windows NT 6.1; Trident/5.0;  Trident/5.0)"
23.100.232.233 - - [10/Aug/2021:12:03:27 +0200] "GET /highslide/highslide.js HTTP/1.0" 200 262 "http://www.wonder-geek.com/-p-18313.html" "Mozilla/5.0 (compatible; MSIE 9.0; Windows NT 6.1; Trident/5.0;  Trident/5.0)"
23.100.232.233 - - [10/Aug/2021:12:03:28 +0200] "GET /templates/Pixame_v1/stylesheet.css HTTP/1.0" 200 267 "http://www.wonder-geek.com/-p-18313.html" "Mozilla/5.0 (compatible; MSIE 9.0; Windows NT 6.1; Trident/5.0;  Trident/5.0)"
23.100.232.233 - - [10/Aug/2021:12:03:28 +0200] "GET /js/jquery.js HTTP/1.0" 200 252 "http://www.wonder-geek.com/-p-18313.html" "Mozilla/5.0 (compatible; MSIE 9.0; Windows NT 6.1; Trident/5.0;  Trident/5.0)"
23.100.232.233 - - [10/Aug/2021:12:03:28 +0200] "GET /js/jquery.jqzoom.js HTTP/1.0" 200 259 "http://www.wonder-geek.com/-p-18313.html" "Mozilla/5.0 (compatible; MSIE 9.0; Windows NT 6.1; Trident/5.0;  Trident/5.0)"
23.100.232.233 - - [10/Aug/2021:12:03:28 +0200] "GET /mondial_relay/js/jquery-1.3.2.min.js HTTP/1.0" 200 276 "http://www.wonder-geek.com/-p-18313.html" "Mozilla/5.0 (compatible; MSIE 9.0; Windows NT 6.1; Trident/5.0;  Trident/5.0)"
23.100.232.233 - - [10/Aug/2021:12:03:28 +0200] "GET /swfobject.js HTTP/1.0" 404 1308 "http://www.wonder-geek.com/-p-18313.html" "Mozilla/5.0 (compatible; MSIE 9.0; Windows NT 6.1; Trident/5.0;  Trident/5.0)"
23.100.232.233 - - [10/Aug/2021:12:03:28 +0200] "GET /style.ie7.css HTTP/1.0" 404 1308 "http://www.wonder-geek.com/-p-18313.html" "Mozilla/5.0 (compatible; MSIE 9.0; Windows NT 6.1; Trident/5.0;  Trident/5.0)"
23.100.232.233 - - [10/Aug/2021:12:03:28 +0200] "GET /templates/Pixame_v1/images/flash.swf HTTP/1.0" 200 290 "http://www.wonder-geek.com/-p-18313.html" "Mozilla/5.0 (compatible; MSIE 9.0; Windows NT 6.1; Trident/5.0;  Trident/5.0)"
23.100.232.233 - - [10/Aug/2021:12:03:29 +0200] "GET /highslide/graphics/zoomout.cur HTTP/1.0" 200 614 "http://www.wonder-geek.com/-p-18313.html" "Mozilla/5.0 (compatible; MSIE 9.0; Windows NT 6.1; Trident/5.0;  Trident/5.0)"
157.55.39.51 - - [10/Aug/2021:12:03:42 +0200] "GET /-p-29478.html HTTP/1.0" 200 70200 "-" "Mozilla/5.0 (compatible; bingbot/2.0; +http://www.bing.com/bingbot.htm)"
40.77.167.106 - - [10/Aug/2021:12:03:58 +0200] "GET /gogh-magnet-p-51215.html HTTP/1.0" 200 72763 "-" "Mozilla/5.0 (compatible; bingbot/2.0; +http://www.bing.com/bingbot.htm)"
192.99.5.228 - - [10/Aug/2021:12:04:07 +0200] "GET /raving-rabbids-computer-bag-p-12167.html HTTP/1.0" 301 70267 "-" "Mozilla/5.0 (compatible; MJ12bot/v1.4.8; http://mj12bot.com/)"
54.36.148.242 - - [10/Aug/2021:12:04:22 +0200] "GET /pillowcases-bolstercases-c-11_166.html?page=4 HTTP/1.0" 200 92558 "-" "Mozilla/5.0 (compatible; AhrefsBot/7.0; +http://ahrefs.com/robot/)"
157.55.39.44 - - [10/Aug/2021:12:04:28 +0200] "GET /jasmin-orange-book-directory-p-30140.html HTTP/1.0" 200 72962 "-" "Mozilla/5.0 (compatible; bingbot/2.0; +http://www.bing.com/bingbot.htm)"
207.46.13.101 - - [10/Aug/2021:12:04:35 +0200] "GET /-p-3063.html HTTP/1.0" 200 70198 "-" "Mozilla/5.0 (compatible; bingbot/2.0; +http://www.bing.com/bingbot.htm)"
207.46.13.175 - - [10/Aug/2021:12:04:40 +0200] "GET /teapot-with-stainless-steel-infuser-p-48246.html HTTP/1.0" 200 72970 "-" "Mozilla/5.0 (compatible; bingbot/2.0; +http://www.bing.com/bingbot.htm)"
185.191.171.5 - - [10/Aug/2021:12:04:55 +0200] "GET /kitten-p-26481.html?action=add_product HTTP/1.0" 302 476 "-" "Mozilla/5.0 (compatible; SemrushBot/7~bl; +http://www.semrush.com/bot.html)"
207.46.13.127 - - [10/Aug/2021:12:05:00 +0200] "GET /halloween-figurine-sonny-p-31807.html HTTP/1.0" 200 70290 "-" "Mozilla/5.0 (compatible; bingbot/2.0; +http://www.bing.com/bingbot.htm)"
185.191.171.15 - - [10/Aug/2021:12:05:02 +0200] "GET /real-madrid-fountain-p-36244.html HTTP/1.0" 200 72954 "-" "Mozilla/5.0 (compatible; SemrushBot/7~bl; +http://www.semrush.com/bot.html)"
192.99.5.228 - - [10/Aug/2021:12:05:09 +0200] "GET /-p-12167.html HTTP/1.0" 200 70200 "-" "Mozilla/5.0 (compatible; MJ12bot/v1.4.8; http://mj12bot.com/)"
157.55.39.5 - - [10/Aug/2021:12:05:38 +0200] "GET /-p-33970.html HTTP/1.0" 200 70200 "-" "Mozilla/5.0 (compatible; bingbot/2.0; +http://www.bing.com/bingbot.htm)"
192.99.5.228 - - [10/Aug/2021:12:05:44 +0200] "GET /raving-rabbids-cushion-p-27534.html HTTP/1.0" 200 73066 "-" "Mozilla/5.0 (compatible; MJ12bot/v1.4.8; http://mj12bot.com/)"
54.36.148.242 - - [10/Aug/2021:12:05:50 +0200] "GET /hand-fatma-acrylic-magnet-p-52884.html HTTP/1.0" 200 72871 "-" "Mozilla/5.0 (compatible; AhrefsBot/7.0; +http://ahrefs.com/robot/)"
192.99.5.228 - - [10/Aug/2021:12:06:28 +0200] "GET /rebecca-bonbon-cupcakes-suitcase-p-18521.html HTTP/1.0" 301 70267 "-" "Mozilla/5.0 (compatible; MJ12bot/v1.4.8; http://mj12bot.com/)"
207.46.13.101 - - [10/Aug/2021:12:06:35 +0200] "GET /-p-34593.html HTTP/1.0" 200 70200 "-" "Mozilla/5.0 (compatible; bingbot/2.0; +http://www.bing.com/bingbot.htm)"
192.99.5.228 - - [10/Aug/2021:12:07:07 +0200] "GET /-p-18521.html HTTP/1.0" 200 70200 "-" "Mozilla/5.0 (compatible; MJ12bot/v1.4.8; http://mj12bot.com/)"
185.191.171.20 - - [10/Aug/2021:12:07:13 +0200] "GET /fantasy-watch-women-fowers-p-49960.html?action=add_product HTTP/1.0" 302 476 "-" "Mozilla/5.0 (compatible; SemrushBot/7~bl; +http://www.semrush.com/bot.html)"
54.36.148.127 - - [10/Aug/2021:12:07:18 +0200] "GET /robots.txt HTTP/1.0" 200 245 "-" "Mozilla/5.0 (compatible; AhrefsBot/7.0; +http://ahrefs.com/robot/)"
54.36.148.242 - - [10/Aug/2021:12:07:19 +0200] "GET /small-boxes-pill-c-13_150_154.html HTTP/1.0" 200 90095 "-" "Mozilla/5.0 (compatible; AhrefsBot/7.0; +http://ahrefs.com/robot/)"
192.99.5.228 - - [10/Aug/2021:12:07:43 +0200] "GET /rebecca-bonbon-little-mirror-p-8843.html HTTP/1.0" 301 70264 "-" "Mozilla/5.0 (compatible; MJ12bot/v1.4.8; http://mj12bot.com/)"
185.191.171.42 - - [10/Aug/2021:12:08:09 +0200] "GET /owl-figure-p-15663.html HTTP/1.0" 301 70306 "-" "Mozilla/5.0 (compatible; SemrushBot/7~bl; +http://www.semrush.com/bot.html)"
185.191.171.25 - - [10/Aug/2021:12:08:11 +0200] "GET /figure-p-15663.html HTTP/1.0" 200 70233 "-" "Mozilla/5.0 (compatible; SemrushBot/7~bl; +http://www.semrush.com/bot.html)"
192.99.5.228 - - [10/Aug/2021:12:08:24 +0200] "GET /-p-8843.html HTTP/1.0" 200 70198 "-" "Mozilla/5.0 (compatible; MJ12bot/v1.4.8; http://mj12bot.com/)"
40.77.167.106 - - [10/Aug/2021:12:08:28 +0200] "GET /resin-pendulum-allen-p-44572.html HTTP/1.0" 200 72925 "-" "Mozilla/5.0 (compatible; bingbot/2.0; +http://www.bing.com/bingbot.htm)"
192.99.5.228 - - [10/Aug/2021:12:08:51 +0200] "GET /rebecca-bonbon-paris-compact-mirror-p-8842.html HTTP/1.0" 301 70264 "-" "Mozilla/5.0 (compatible; MJ12bot/v1.4.8; http://mj12bot.com/)"
54.36.148.242 - - [10/Aug/2021:12:08:52 +0200] "GET /large-maxi-trays-c-12_159_262.html HTTP/1.0" 200 89643 "-" "Mozilla/5.0 (compatible; AhrefsBot/7.0; +http://ahrefs.com/robot/)"
66.249.66.220 - - [10/Aug/2021:12:09:03 +0200] "GET /home-decoration-c-13.html?page=39 HTTP/1.0" 200 91964 "-" "Mozilla/5.0 (compatible; Googlebot/2.1; +http://www.google.com/bot.html)"
54.36.149.60 - - [10/Aug/2021:12:09:11 +0200] "GET /headboard-cushion-with-padded-effect-70-50-cm-blue-duck-p-42534.html HTTP/1.0" 301 70267 "-" "Mozilla/5.0 (compatible; AhrefsBot/7.0; +http://ahrefs.com/robot/)"
185.191.171.45 - - [10/Aug/2021:12:09:16 +0200] "GET /kitchen-towel-brown-p-54118.html?action=add_product HTTP/1.0" 302 476 "-" "Mozilla/5.0 (compatible; SemrushBot/7~bl; +http://www.semrush.com/bot.html)"
157.55.39.51 - - [10/Aug/2021:12:09:33 +0200] "GET /cats-dubout-metal-plate-p-30398.html HTTP/1.0" 200 72930 "-" "Mozilla/5.0 (compatible; bingbot/2.0; +http://www.bing.com/bingbot.htm)"
192.99.5.228 - - [10/Aug/2021:12:09:38 +0200] "GET /-p-8842.html HTTP/1.0" 200 70198 "-" "Mozilla/5.0 (compatible; MJ12bot/v1.4.8; http://mj12bot.com/)"
51.68.224.127 - - [10/Aug/2021:12:09:58 +0200] "GET /adminweb/export_orders_xml.php?token=256de2z6edz6ed2z6DFSFsed2zed6zeDSFDSGdzedezfzf&maxorders=10&orderstart=1&status=14&start_date=2018-10-01 HTTP/1.0" 200 285 "-" "GesCom CharlotteBoutik Serveur"
51.68.224.127 - - [10/Aug/2021:12:09:58 +0200] "GET /adminweb/export_orders_xml.php?token=256de2z6edz6ed2z6DFSFsed2zed6zeDSFDSGdzedezfzf&maxorders=10&orderstart=1&status=6&start_date=2018-10-01 HTTP/1.0" 200 28601 "-" "GesCom CharlotteBoutik Serveur"
185.191.171.39 - - [10/Aug/2021:12:10:05 +0200] "GET /alarm-clock-sixtine-madonna-rafaello-p-46910.html HTTP/1.0" 200 73118 "-" "Mozilla/5.0 (compatible; SemrushBot/7~bl; +http://www.semrush.com/bot.html)"
185.191.171.4 - - [10/Aug/2021:12:10:08 +0200] "GET /flower-wood-p-46371.html HTTP/1.0" 200 70254 "-" "Mozilla/5.0 (compatible; SemrushBot/7~bl; +http://www.semrush.com/bot.html)"
40.77.167.106 - - [10/Aug/2021:12:10:18 +0200] "GET /jackets-coats-parkas-c-1_27.html HTTP/1.0" 200 83441 "-" "Mozilla/5.0 (compatible; bingbot/2.0; +http://www.bing.com/bingbot.htm)"
192.99.5.228 - - [10/Aug/2021:12:10:20 +0200] "GET /rebecca-bonbon-print-bedclothes-240-p-18193.html HTTP/1.0" 301 70267 "-" "Mozilla/5.0 (compatible; MJ12bot/v1.4.8; http://mj12bot.com/)"
157.55.39.122 - - [10/Aug/2021:12:10:38 +0200] "GET /chair-cushion-cock-p-39289.html HTTP/1.0" 301 70267 "-" "Mozilla/5.0 (compatible; bingbot/2.0; +http://www.bing.com/bingbot.htm)"
54.36.148.242 - - [10/Aug/2021:12:10:38 +0200] "GET /boxes-storage-c-13_150.html HTTP/1.0" 200 94540 "-" "Mozilla/5.0 (compatible; AhrefsBot/7.0; +http://ahrefs.com/robot/)"
157.55.39.44 - - [10/Aug/2021:12:10:42 +0200] "GET /luggages-schoolbags-leather-shop-c-31.html HTTP/1.0" 200 92201 "-" "Mozilla/5.0 (compatible; bingbot/2.0; +http://www.bing.com/bingbot.htm)"
185.191.171.10 - - [10/Aug/2021:12:10:47 +0200] "GET /wall-decoration-home-p-52202.html HTTP/1.0" 200 72943 "-" "Mozilla/5.0 (compatible; SemrushBot/7~bl; +http://www.semrush.com/bot.html)"
192.99.5.228 - - [10/Aug/2021:12:10:52 +0200] "GET /-p-18193.html HTTP/1.0" 200 70200 "-" "Mozilla/5.0 (compatible; MJ12bot/v1.4.8; http://mj12bot.com/)"
62.210.188.218 - - [10/Aug/2021:12:11:07 +0200] "GET /specials.php?page=45 HTTP/1.0" 200 126092 "-" "Mozilla/5.0 (compatible; Barkrowler/0.9; +https://babbar.tech/crawler)"
207.46.13.39 - - [10/Aug/2021:12:11:13 +0200] "GET /cats-bowl-p-45494.html HTTP/1.0" 200 72706 "-" "Mozilla/5.0 (compatible; bingbot/2.0; +http://www.bing.com/bingbot.htm)"
192.99.5.228 - - [10/Aug/2021:12:11:19 +0200] "GET /record-alarm-clock-by-cbk-p-25000.html HTTP/1.0" 301 73039 "-" "Mozilla/5.0 (compatible; MJ12bot/v1.4.8; http://mj12bot.com/)"
62.210.188.218 - - [10/Aug/2021:12:11:20 +0200] "GET /specials.php?page=38 HTTP/1.0" 200 125566 "-" "Mozilla/5.0 (compatible; Barkrowler/0.9; +https://babbar.tech/crawler)"
207.46.13.101 - - [10/Aug/2021:12:11:36 +0200] "GET /marvel-avengers-clock-p-31607.html HTTP/1.0" 200 70274 "-" "Mozilla/5.0 (compatible; bingbot/2.0; +http://www.bing.com/bingbot.htm)"
62.210.188.218 - - [10/Aug/2021:12:11:38 +0200] "GET /specials.php?page=54 HTTP/1.0" 200 122110 "-" "Mozilla/5.0 (compatible; Barkrowler/0.9; +https://babbar.tech/crawler)"
157.55.39.122 - - [10/Aug/2021:12:11:48 +0200] "GET /lighting-c-13_86.html?page=10 HTTP/1.0" 200 92838 "-" "Mozilla/5.0 (compatible; bingbot/2.0; +http://www.bing.com/bingbot.htm)"
157.55.39.51 - - [10/Aug/2021:12:11:53 +0200] "GET /images/big_prod/8422022523022.jpg HTTP/1.0" 200 268 "-" "Mozilla/5.0 (compatible; bingbot/2.0; +http://www.bing.com/bingbot.htm)"
62.210.188.218 - - [10/Aug/2021:12:11:53 +0200] "GET /specials.php?page=36 HTTP/1.0" 200 125664 "-" "Mozilla/5.0 (compatible; Barkrowler/0.9; +https://babbar.tech/crawler)"
192.99.5.228 - - [10/Aug/2021:12:12:05 +0200] "GET /record-alarm-clock-cbkreation-p-25000.html HTTP/1.0" 200 72943 "-" "Mozilla/5.0 (compatible; MJ12bot/v1.4.8; http://mj12bot.com/)"
62.210.188.218 - - [10/Aug/2021:12:12:06 +0200] "GET /specials.php?page=40 HTTP/1.0" 200 125503 "-" "Mozilla/5.0 (compatible; Barkrowler/0.9; +https://babbar.tech/crawler)"
54.36.148.242 - - [10/Aug/2021:12:12:08 +0200] "GET /shop-c-155.html HTTP/1.0" 200 88927 "-" "Mozilla/5.0 (compatible; AhrefsBot/7.0; +http://ahrefs.com/robot/)"
185.191.171.40 - - [10/Aug/2021:12:12:20 +0200] "GET /galileo-thermometer-indoors-p-53640.html HTTP/1.0" 200 72958 "-" "Mozilla/5.0 (compatible; SemrushBot/7~bl; +http://www.semrush.com/bot.html)"
62.210.188.218 - - [10/Aug/2021:12:12:20 +0200] "GET /specials.php?page=55 HTTP/1.0" 200 122110 "-" "Mozilla/5.0 (compatible; Barkrowler/0.9; +https://babbar.tech/crawler)"
62.210.188.218 - - [10/Aug/2021:12:12:37 +0200] "GET /specials.php?page=49 HTTP/1.0" 200 125585 "-" "Mozilla/5.0 (compatible; Barkrowler/0.9; +https://babbar.tech/crawler)"
192.99.5.228 - - [10/Aug/2021:12:12:47 +0200] "GET /rectangular-clock-indian-spirit-50-cm-p-42934.html HTTP/1.0" 301 73071 "-" "Mozilla/5.0 (compatible; MJ12bot/v1.4.8; http://mj12bot.com/)"
62.210.188.218 - - [10/Aug/2021:12:12:52 +0200] "GET /specials.php?page=47 HTTP/1.0" 200 125867 "-" "Mozilla/5.0 (compatible; Barkrowler/0.9; +https://babbar.tech/crawler)"
207.46.13.101 - - [10/Aug/2021:12:12:56 +0200] "GET /betty-boop-pencil-case-p-33583.html HTTP/1.0" 200 72846 "-" "Mozilla/5.0 (compatible; bingbot/2.0; +http://www.bing.com/bingbot.htm)"
62.210.188.218 - - [10/Aug/2021:12:13:06 +0200] "GET /specials.php?page=32 HTTP/1.0" 200 125763 "-" "Mozilla/5.0 (compatible; Barkrowler/0.9; +https://babbar.tech/crawler)"
157.55.39.122 - - [10/Aug/2021:12:13:19 +0200] "GET /unicorn-voucher-p-53366.html HTTP/1.0" 200 73505 "-" "Mozilla/5.0 (compatible; bingbot/2.0; +http://www.bing.com/bingbot.htm)"
62.210.188.218 - - [10/Aug/2021:12:13:21 +0200] "GET /specials.php?page=33 HTTP/1.0" 200 126316 "-" "Mozilla/5.0 (compatible; Barkrowler/0.9; +https://babbar.tech/crawler)"
192.99.5.228 - - [10/Aug/2021:12:13:29 +0200] "GET /rectangular-clock-indian-spirit-p-42934.html HTTP/1.0" 200 72973 "-" "Mozilla/5.0 (compatible; MJ12bot/v1.4.8; http://mj12bot.com/)"
54.36.148.242 - - [10/Aug/2021:12:13:31 +0200] "GET /snack-cooler-c-31_235.html HTTP/1.0" 200 90486 "-" "Mozilla/5.0 (compatible; AhrefsBot/7.0; +http://ahrefs.com/robot/)"
185.191.171.12 - - [10/Aug/2021:12:13:38 +0200] "GET /home-and-decoration-c-13.html?page=165 HTTP/1.0" 301 92918 "-" "Mozilla/5.0 (compatible; SemrushBot/7~bl; +http://www.semrush.com/bot.html)"
185.191.171.34 - - [10/Aug/2021:12:13:40 +0200] "GET /home-decoration-c-13.html?page=165 HTTP/1.0" 200 92830 "-" "Mozilla/5.0 (compatible; SemrushBot/7~bl; +http://www.semrush.com/bot.html)"
62.210.188.218 - - [10/Aug/2021:12:14:04 +0200] "GET /specials.php?page=39 HTTP/1.0" 200 125894 "-" "Mozilla/5.0 (compatible; Barkrowler/0.9; +https://babbar.tech/crawler)"
192.99.5.228 - - [10/Aug/2021:12:14:07 +0200] "GET /rectangular-clock-indian-spirit-50-cm-p-42935.html HTTP/1.0" 301 70267 "-" "Mozilla/5.0 (compatible; MJ12bot/v1.4.8; http://mj12bot.com/)"
62.210.188.218 - - [10/Aug/2021:12:14:18 +0200] "GET /specials.php?page=35 HTTP/1.0" 200 125911 "-" "Mozilla/5.0 (compatible; Barkrowler/0.9; +https://babbar.tech/crawler)"
62.210.188.218 - - [10/Aug/2021:12:14:33 +0200] "GET /specials.php?page=41 HTTP/1.0" 200 125048 "-" "Mozilla/5.0 (compatible; Barkrowler/0.9; +https://babbar.tech/crawler)"
107.172.131.216 - - [10/Aug/2021:12:14:34 +0200] "GET /contact_us.php HTTP/1.0" 200 26241 "-" "Mozilla/5.0 (Windows NT 5.1; Win64; x64) AppleWebKit/537.36 (KHTML, like Gecko) Chrome/52.0.2758.29 Safari/537.36"
66.249.66.218 - - [10/Aug/2021:12:14:35 +0200] "GET /poncho-towel-p-5729.html HTTP/1.0" 200 72919 "-" "Mozilla/5.0 (Linux; Android 6.0.1; Nexus 5X Build/MMB29P) AppleWebKit/537.36 (KHTML, like Gecko) Chrome/92.0.4515.119 Mobile Safari/537.36 (compatible; Googlebot/2.1; +http://www.google.com/bot.html)"
62.210.188.218 - - [10/Aug/2021:12:14:48 +0200] "GET /specials.php?page=34 HTTP/1.0" 200 126104 "-" "Mozilla/5.0 (compatible; Barkrowler/0.9; +https://babbar.tech/crawler)"
54.36.148.242 - - [10/Aug/2021:12:14:54 +0200] "GET /skull-moneybox-p-37730.html HTTP/1.0" 200 72780 "-" "Mozilla/5.0 (compatible; AhrefsBot/7.0; +http://ahrefs.com/robot/)"
192.99.5.228 - - [10/Aug/2021:12:14:56 +0200] "GET /-p-42935.html HTTP/1.0" 200 70200 "-" "Mozilla/5.0 (compatible; MJ12bot/v1.4.8; http://mj12bot.com/)"
62.210.188.218 - - [10/Aug/2021:12:15:02 +0200] "GET /specials.php?page=43 HTTP/1.0" 200 125403 "-" "Mozilla/5.0 (compatible; Barkrowler/0.9; +https://babbar.tech/crawler)"
207.46.13.101 - - [10/Aug/2021:12:15:06 +0200] "GET /danger-metal-plate-deco-p-37608.html HTTP/1.0" 200 70306 "-" "Mozilla/5.0 (compatible; bingbot/2.0; +http://www.bing.com/bingbot.htm)"
157.55.39.156 - - [10/Aug/2021:12:15:10 +0200] "GET /laissez-lucie-faire-byako-card-holders-p-38966.html HTTP/1.0" 200 70363 "-" "Mozilla/5.0 (compatible; bingbot/2.0; +http://www.bing.com/bingbot.htm)"
62.210.188.218 - - [10/Aug/2021:12:15:17 +0200] "GET /specials.php?page=50 HTTP/1.0" 200 122110 "-" "Mozilla/5.0 (compatible; Barkrowler/0.9; +https://babbar.tech/crawler)"
185.191.171.24 - - [10/Aug/2021:12:15:17 +0200] "GET /pig-mac-metal-all-metal-paper-reel-p-42682.html HTTP/1.0" 301 73056 "-" "Mozilla/5.0 (compatible; SemrushBot/7~bl; +http://www.semrush.com/bot.html)"
185.191.171.39 - - [10/Aug/2021:12:15:21 +0200] "GET /metal-metal-paper-reel-p-42682.html HTTP/1.0" 200 72967 "-" "Mozilla/5.0 (compatible; SemrushBot/7~bl; +http://www.semrush.com/bot.html)"
62.210.188.218 - - [10/Aug/2021:12:15:32 +0200] "GET /specials.php?page=61 HTTP/1.0" 200 122110 "-" "Mozilla/5.0 (compatible; Barkrowler/0.9; +https://babbar.tech/crawler)"
207.46.13.127 - - [10/Aug/2021:12:15:41 +0200] "GET /-p-3950.html HTTP/1.0" 200 70198 "-" "Mozilla/5.0 (compatible; bingbot/2.0; +http://www.bing.com/bingbot.htm)"
192.99.5.228 - - [10/Aug/2021:12:15:47 +0200] "GET /rectangular-clock-indian-spirit-50-cm-p-42936.html HTTP/1.0" 301 73071 "-" "Mozilla/5.0 (compatible; MJ12bot/v1.4.8; http://mj12bot.com/)"
62.210.188.218 - - [10/Aug/2021:12:15:48 +0200] "GET /specials.php?page=59 HTTP/1.0" 200 122110 "-" "Mozilla/5.0 (compatible; Barkrowler/0.9; +https://babbar.tech/crawler)"
207.46.13.101 - - [10/Aug/2021:12:15:57 +0200] "GET /isothermic-stainless-steel-bottle-corsica-cbkreation-p-51048.html HTTP/1.0" 200 73781 "-" "Mozilla/5.0 (compatible; bingbot/2.0; +http://www.bing.com/bingbot.htm)"
62.210.188.218 - - [10/Aug/2021:12:16:04 +0200] "GET /specials.php?page=58 HTTP/1.0" 200 122110 "-" "Mozilla/5.0 (compatible; Barkrowler/0.9; +https://babbar.tech/crawler)"
54.36.148.242 - - [10/Aug/2021:12:16:17 +0200] "GET /leopard-shower-curtain-p-55301.html HTTP/1.0" 200 73564 "-" "Mozilla/5.0 (compatible; AhrefsBot/7.0; +http://ahrefs.com/robot/)"
157.55.39.156 - - [10/Aug/2021:12:16:19 +0200] "GET /-p-14602.html HTTP/1.0" 200 70200 "-" "Mozilla/5.0 (compatible; bingbot/2.0; +http://www.bing.com/bingbot.htm)"
62.210.188.218 - - [10/Aug/2021:12:16:20 +0200] "GET /specials.php?page=48 HTTP/1.0" 200 125486 "-" "Mozilla/5.0 (compatible; Barkrowler/0.9; +https://babbar.tech/crawler)"
40.77.167.106 - - [10/Aug/2021:12:16:29 +0200] "GET /white-natural-mini-wooden-p-55032.html HTTP/1.0" 200 73731 "-" "Mozilla/5.0 (compatible; bingbot/2.0; +http://www.bing.com/bingbot.htm)"
62.210.188.218 - - [10/Aug/2021:12:16:35 +0200] "GET /specials.php?page=44 HTTP/1.0" 200 125255 "-" "Mozilla/5.0 (compatible; Barkrowler/0.9; +https://babbar.tech/crawler)"
207.46.13.101 - - [10/Aug/2021:12:16:37 +0200] "GET /hanging-decoration-tour-france-p-52271.html HTTP/1.0" 200 72961 "-" "Mozilla/5.0 (compatible; bingbot/2.0; +http://www.bing.com/bingbot.htm)"
54.36.149.10 - - [10/Aug/2021:12:16:43 +0200] "GET /cotton-cushion-storm-blue-120-80-cm-p-45940.html HTTP/1.0" 301 70406 "-" "Mozilla/5.0 (compatible; AhrefsBot/7.0; +http://ahrefs.com/robot/)"
66.249.66.216 - - [10/Aug/2021:12:16:45 +0200] "GET /parrots-wall-stickers-p-51120.html HTTP/1.0" 200 73747 "-" "Mozilla/5.0 (Linux; Android 6.0.1; Nexus 5X Build/MMB29P) AppleWebKit/537.36 (KHTML, like Gecko) Chrome/92.0.4515.119 Mobile Safari/537.36 (compatible; Googlebot/2.1; +http://www.google.com/bot.html)"
192.99.5.228 - - [10/Aug/2021:12:16:45 +0200] "GET /rectangular-clock-indian-spirit-p-42936.html HTTP/1.0" 200 72973 "-" "Mozilla/5.0 (compatible; MJ12bot/v1.4.8; http://mj12bot.com/)"
62.210.188.218 - - [10/Aug/2021:12:16:49 +0200] "GET /specials.php?page=37 HTTP/1.0" 200 125757 "-" "Mozilla/5.0 (compatible; Barkrowler/0.9; +https://babbar.tech/crawler)"
207.46.13.39 - - [10/Aug/2021:12:16:55 +0200] "GET /large-bowl-p-53014.html HTTP/1.0" 200 72700 "-" "Mozilla/5.0 (compatible; bingbot/2.0; +http://www.bing.com/bingbot.htm)"
157.55.39.5 - - [10/Aug/2021:12:16:58 +0200] "GET /play-pots-modeling-clay-p-21644.html HTTP/1.0" 301 70267 "-" "Mozilla/5.0 (compatible; bingbot/2.0; +http://www.bing.com/bingbot.htm)"
207.46.13.101 - - [10/Aug/2021:12:16:59 +0200] "GET /-p-48729.html HTTP/1.0" 200 70200 "-" "Mozilla/5.0 (compatible; bingbot/2.0; +http://www.bing.com/bingbot.htm)"
62.210.188.218 - - [10/Aug/2021:12:17:03 +0200] "GET /specials.php?page=30 HTTP/1.0" 200 125897 "-" "Mozilla/5.0 (compatible; Barkrowler/0.9; +https://babbar.tech/crawler)"
185.191.171.15 - - [10/Aug/2021:12:17:11 +0200] "GET /despecable-keyring-p-33100.html HTTP/1.0" 200 73541 "-" "Mozilla/5.0 (compatible; SemrushBot/7~bl; +http://www.semrush.com/bot.html)"
62.210.188.218 - - [10/Aug/2021:12:17:19 +0200] "GET /specials.php?page=60 HTTP/1.0" 200 122110 "-" "Mozilla/5.0 (compatible; Barkrowler/0.9; +https://babbar.tech/crawler)"
192.99.5.228 - - [10/Aug/2021:12:17:23 +0200] "GET /rectangular-clock-indian-spirit-70-cm-p-42947.html HTTP/1.0" 301 73069 "-" "Mozilla/5.0 (compatible; MJ12bot/v1.4.8; http://mj12bot.com/)"
185.191.171.13 - - [10/Aug/2021:12:17:31 +0200] "GET /rectangular-ceramic-oven-dish-hens-laurine-p-45673.html?action=add_product HTTP/1.0" 302 476 "-" "Mozilla/5.0 (compatible; SemrushBot/7~bl; +http://www.semrush.com/bot.html)"
62.210.188.218 - - [10/Aug/2021:12:17:35 +0200] "GET /specials.php?page=57 HTTP/1.0" 200 122110 "-" "Mozilla/5.0 (compatible; Barkrowler/0.9; +https://babbar.tech/crawler)"
54.36.148.242 - - [10/Aug/2021:12:17:37 +0200] "GET /harley-davidson-genuine-large-metal-plate-p-12549.html HTTP/1.0" 200 72968 "-" "Mozilla/5.0 (compatible; AhrefsBot/7.0; +http://ahrefs.com/robot/)"
157.55.39.122 - - [10/Aug/2021:12:17:39 +0200] "GET /-p-49112.html HTTP/1.0" 200 70200 "-" "Mozilla/5.0 (compatible; bingbot/2.0; +http://www.bing.com/bingbot.htm)"
192.99.5.228 - - [10/Aug/2021:12:17:46 +0200] "GET /rectangular-clock-indian-spirit-p-42947.html HTTP/1.0" 200 72971 "-" "Mozilla/5.0 (compatible; MJ12bot/v1.4.8; http://mj12bot.com/)"
62.210.188.218 - - [10/Aug/2021:12:17:51 +0200] "GET /specials.php?page=56 HTTP/1.0" 200 122110 "-" "Mozilla/5.0 (compatible; Barkrowler/0.9; +https://babbar.tech/crawler)"
62.210.188.218 - - [10/Aug/2021:12:18:06 +0200] "GET /specials.php?page=53 HTTP/1.0" 200 122110 "-" "Mozilla/5.0 (compatible; Barkrowler/0.9; +https://babbar.tech/crawler)"
207.46.13.175 - - [10/Aug/2021:12:18:06 +0200] "GET /-p-26960.html HTTP/1.0" 200 70200 "-" "Mozilla/5.0 (compatible; bingbot/2.0; +http://www.bing.com/bingbot.htm)"
192.99.5.228 - - [10/Aug/2021:12:18:07 +0200] "GET /rectangular-clock-indian-spirit-70-cm-p-42948.html HTTP/1.0" 301 73696 "-" "Mozilla/5.0 (compatible; MJ12bot/v1.4.8; http://mj12bot.com/)"
62.210.188.218 - - [10/Aug/2021:12:18:27 +0200] "GET /carpet-p-52811.html HTTP/1.0" 200 72925 "-" "Mozilla/5.0 (compatible; Barkrowler/0.9; +https://babbar.tech/crawler)"
62.210.188.218 - - [10/Aug/2021:12:18:44 +0200] "GET /carpet-p-48080.html HTTP/1.0" 200 73692 "-" "Mozilla/5.0 (compatible; Barkrowler/0.9; +https://babbar.tech/crawler)"
54.36.148.204 - - [10/Aug/2021:12:18:55 +0200] "GET /tetsubin-dark-red-teapots-japanese-p-36060.html HTTP/1.0" 301 70486 "-" "Mozilla/5.0 (compatible; AhrefsBot/7.0; +http://ahrefs.com/robot/)"
192.99.5.228 - - [10/Aug/2021:12:18:56 +0200] "GET /rectangular-clock-indian-spirit-p-42948.html HTTP/1.0" 200 73598 "-" "Mozilla/5.0 (compatible; MJ12bot/v1.4.8; http://mj12bot.com/)"
185.191.171.2 - - [10/Aug/2021:12:18:58 +0200] "GET /fitted-sheet-turquoise-p-36582.html HTTP/1.0" 200 72902 "-" "Mozilla/5.0 (compatible; SemrushBot/7~bl; +http://www.semrush.com/bot.html)"
54.36.148.242 - - [10/Aug/2021:12:18:59 +0200] "GET /placemat-kiub-collection-jungle-toucan-p-55914.html HTTP/1.0" 200 72951 "-" "Mozilla/5.0 (compatible; AhrefsBot/7.0; +http://ahrefs.com/robot/)"
62.210.188.218 - - [10/Aug/2021:12:19:05 +0200] "GET /flag-p-29111.html HTTP/1.0" 200 72854 "-" "Mozilla/5.0 (compatible; Barkrowler/0.9; +https://babbar.tech/crawler)"
157.55.39.51 - - [10/Aug/2021:12:19:14 +0200] "GET /-p-33612.html HTTP/1.0" 200 70200 "-" "Mozilla/5.0 (compatible; bingbot/2.0; +http://www.bing.com/bingbot.htm)"
106.38.241.156 - - [10/Aug/2021:12:19:21 +0200] "GET / HTTP/1.0" 200 151124 "-" "Sogou web spider/4.0(+http://www.sogou.com/docs/help/webmasters.htm#07)"
62.210.188.218 - - [10/Aug/2021:12:19:22 +0200] "GET /cups-c-12_248.html HTTP/1.0" 200 89191 "-" "Mozilla/5.0 (compatible; Barkrowler/0.9; +https://babbar.tech/crawler)"
62.210.188.218 - - [10/Aug/2021:12:19:41 +0200] "GET /linen-c-11_68.html HTTP/1.0" 200 91338 "-" "Mozilla/5.0 (compatible; Barkrowler/0.9; +https://babbar.tech/crawler)"
192.99.5.228 - - [10/Aug/2021:12:19:43 +0200] "GET /rectangular-clock-indian-spirit-p-42934.html HTTP/1.0" 200 72973 "-" "Mozilla/5.0 (compatible; MJ12bot/v1.4.8; http://mj12bot.com/)"
157.55.39.122 - - [10/Aug/2021:12:19:50 +0200] "GET /psg-poster-p-26593.html HTTP/1.0" 301 70306 "-" "Mozilla/5.0 (compatible; bingbot/2.0; +http://www.bing.com/bingbot.htm)"
62.210.188.218 - - [10/Aug/2021:12:19:58 +0200] "GET /chic-p-33819.html HTTP/1.0" 200 72756 "-" "Mozilla/5.0 (compatible; Barkrowler/0.9; +https://babbar.tech/crawler)"
54.36.148.242 - - [10/Aug/2021:12:20:12 +0200] "GET /clocks-c-13_67.html?page=2 HTTP/1.0" 200 93101 "-" "Mozilla/5.0 (compatible; AhrefsBot/7.0; +http://ahrefs.com/robot/)"
62.210.188.218 - - [10/Aug/2021:12:20:15 +0200] "GET /products_new.php?page=19 HTTP/1.0" 200 91205 "-" "Mozilla/5.0 (compatible; Barkrowler/0.9; +https://babbar.tech/crawler)"
192.99.5.228 - - [10/Aug/2021:12:20:19 +0200] "GET /rectangular-clock-indian-spirit-p-42936.html HTTP/1.0" 200 72973 "-" "Mozilla/5.0 (compatible; MJ12bot/v1.4.8; http://mj12bot.com/)"
207.46.13.39 - - [10/Aug/2021:12:20:25 +0200] "GET /-p-32888.html HTTP/1.0" 200 70200 "-" "Mozilla/5.0 (compatible; bingbot/2.0; +http://www.bing.com/bingbot.htm)"
62.210.188.218 - - [10/Aug/2021:12:20:31 +0200] "GET /products_new.php?page=24 HTTP/1.0" 200 91205 "-" "Mozilla/5.0 (compatible; Barkrowler/0.9; +https://babbar.tech/crawler)"
66.249.66.220 - - [10/Aug/2021:12:20:31 +0200] "GET /rolling-stones-love-rock-roll-zippo-lighter-p-32570.html HTTP/1.0" 200 75521 "-" "Mozilla/5.0 (Linux; Android 6.0.1; Nexus 5X Build/MMB29P) AppleWebKit/537.36 (KHTML, like Gecko) Chrome/92.0.4515.119 Mobile Safari/537.36 (compatible; Googlebot/2.1; +http://www.google.com/bot.html)"
157.55.39.156 - - [10/Aug/2021:12:20:41 +0200] "GET /flower-bowl-model-p-49589.html HTTP/1.0" 200 70266 "-" "Mozilla/5.0 (compatible; bingbot/2.0; +http://www.bing.com/bingbot.htm)"
192.99.5.228 - - [10/Aug/2021:12:20:48 +0200] "GET /rectangular-clock-indian-spirit-p-42947.html HTTP/1.0" 200 72971 "-" "Mozilla/5.0 (compatible; MJ12bot/v1.4.8; http://mj12bot.com/)"
40.77.167.106 - - [10/Aug/2021:12:20:49 +0200] "GET /-p-4701.html HTTP/1.0" 200 70198 "-" "Mozilla/5.0 (compatible; bingbot/2.0; +http://www.bing.com/bingbot.htm)"
62.210.188.218 - - [10/Aug/2021:12:20:48 +0200] "GET /products_new.php?page=12 HTTP/1.0" 200 91205 "-" "Mozilla/5.0 (compatible; Barkrowler/0.9; +https://babbar.tech/crawler)"
66.249.66.218 - - [10/Aug/2021:12:20:54 +0200] "GET /quote-wall-stickers-jules-renard-p-42988.html HTTP/1.0" 200 72992 "-" "Mozilla/5.0 (compatible; Googlebot/2.1; +http://www.google.com/bot.html)"
157.55.39.5 - - [10/Aug/2021:12:20:59 +0200] "GET /barbapapa-phone-cover-iphone-p-14167.html HTTP/1.0" 200 73272 "-" "Mozilla/5.0 (compatible; bingbot/2.0; +http://www.bing.com/bingbot.htm)"
62.210.188.218 - - [10/Aug/2021:12:21:06 +0200] "GET /products_new.php?page=10 HTTP/1.0" 200 91205 "-" "Mozilla/5.0 (compatible; Barkrowler/0.9; +https://babbar.tech/crawler)"
66.249.66.216 - - [10/Aug/2021:12:21:10 +0200] "GET /moroccan-ashtray-p-31882.html HTTP/1.0" 200 72822 "-" "Mozilla/5.0 (compatible; Googlebot/2.1; +http://www.google.com/bot.html)"
157.55.39.5 - - [10/Aug/2021:12:21:19 +0200] "GET /bamboo-tray-spicy-p-46452.html HTTP/1.0" 200 72815 "-" "Mozilla/5.0 (compatible; bingbot/2.0; +http://www.bing.com/bingbot.htm)"
192.99.5.228 - - [10/Aug/2021:12:21:28 +0200] "GET /rectangular-clock-indian-spirit-p-42948.html HTTP/1.0" 200 73598 "-" "Mozilla/5.0 (compatible; MJ12bot/v1.4.8; http://mj12bot.com/)"
66.249.66.218 - - [10/Aug/2021:12:21:30 +0200] "GET /pill-sweet-things-p-34376.html HTTP/1.0" 200 73043 "-" "Mozilla/5.0 (compatible; Googlebot/2.1; +http://www.google.com/bot.html)"
54.36.148.101 - - [10/Aug/2021:12:21:35 +0200] "GET /blue-piggy-bank-p-33578.html HTTP/1.0" 301 70267 "-" "Mozilla/5.0 (compatible; AhrefsBot/7.0; +http://ahrefs.com/robot/)"
54.36.148.242 - - [10/Aug/2021:12:21:42 +0200] "GET /surfer-statuette-p-53056.html HTTP/1.0" 200 72829 "-" "Mozilla/5.0 (compatible; AhrefsBot/7.0; +http://ahrefs.com/robot/)"
207.46.13.101 - - [10/Aug/2021:12:21:58 +0200] "GET /-p-33955.html HTTP/1.0" 200 70200 "-" "Mozilla/5.0 (compatible; bingbot/2.0; +http://www.bing.com/bingbot.htm)"
66.249.66.216 - - [10/Aug/2021:12:22:03 +0200] "GET /quote-wall-stickers-p-42990.html HTTP/1.0" 200 72890 "-" "Mozilla/5.0 (compatible; Googlebot/2.1; +http://www.google.com/bot.html)"
192.99.5.228 - - [10/Aug/2021:12:22:13 +0200] "GET /rectangular-clock-quote-50-cm-p-42929.html HTTP/1.0" 301 70384 "-" "Mozilla/5.0 (compatible; MJ12bot/v1.4.8; http://mj12bot.com/)"
157.55.39.44 - - [10/Aug/2021:12:22:21 +0200] "GET /disney-thumper-figurine-collection-celebrates-spring-p-18511.html HTTP/1.0" 200 73134 "-" "Mozilla/5.0 (compatible; bingbot/2.0; +http://www.bing.com/bingbot.htm)"
185.191.171.20 - - [10/Aug/2021:12:22:23 +0200] "GET /poster-corsica-p-43685.html?action=add_product HTTP/1.0" 302 476 "-" "Mozilla/5.0 (compatible; SemrushBot/7~bl; +http://www.semrush.com/bot.html)"
66.249.66.216 - - [10/Aug/2021:12:22:35 +0200] "GET /decoration-statuette-p-47104.html HTTP/1.0" 200 72879 "-" "Mozilla/5.0 (compatible; Googlebot/2.1; +http://www.google.com/bot.html)"
192.99.5.228 - - [10/Aug/2021:12:22:54 +0200] "GET /rectangular-clock-quote-p-42929.html HTTP/1.0" 200 70294 "-" "Mozilla/5.0 (compatible; MJ12bot/v1.4.8; http://mj12bot.com/)"
54.36.148.242 - - [10/Aug/2021:12:23:00 +0200] "GET /agostini-large-metal-plate-deco-p-27967.html HTTP/1.0" 200 72899 "-" "Mozilla/5.0 (compatible; AhrefsBot/7.0; +http://ahrefs.com/robot/)"
157.55.39.51 - - [10/Aug/2021:12:23:04 +0200] "GET /-p-11992.html HTTP/1.0" 200 70200 "-" "Mozilla/5.0 (compatible; bingbot/2.0; +http://www.bing.com/bingbot.htm)"
66.249.66.216 - - [10/Aug/2021:12:23:07 +0200] "GET /smoking-metal-plate-deco-p-46331.html HTTP/1.0" 200 72891 "-" "Mozilla/5.0 (compatible; Googlebot/2.1; +http://www.google.com/bot.html)"
207.46.13.39 - - [10/Aug/2021:12:23:08 +0200] "GET /-p-19507.html HTTP/1.0" 200 70200 "-" "Mozilla/5.0 (compatible; bingbot/2.0; +http://www.bing.com/bingbot.htm)"
185.191.171.7 - - [10/Aug/2021:12:23:14 +0200] "GET /horses-cbkreation-p-25999.html HTTP/1.0" 200 72841 "-" "Mozilla/5.0 (compatible; SemrushBot/7~bl; +http://www.semrush.com/bot.html)"
157.55.39.122 - - [10/Aug/2021:12:23:20 +0200] "GET /-p-21920.html HTTP/1.0" 200 70200 "-" "Mozilla/5.0 (compatible; bingbot/2.0; +http://www.bing.com/bingbot.htm)"
192.99.5.228 - - [10/Aug/2021:12:23:33 +0200] "GET /rectangular-clock-quote-50-cm-p-42930.html HTTP/1.0" 301 72999 "-" "Mozilla/5.0 (compatible; MJ12bot/v1.4.8; http://mj12bot.com/)"
66.249.66.216 - - [10/Aug/2021:12:23:39 +0200] "GET /paris-magnetic-memo-board-p-30033.html HTTP/1.0" 200 72928 "-" "Mozilla/5.0 (compatible; Googlebot/2.1; +http://www.google.com/bot.html)"
20.191.45.212 - - [10/Aug/2021:12:23:40 +0200] "GET / HTTP/1.0" 301 511 "http://wonder-geek.com/" "Mozilla/5.0 (compatible; DuckDuckGo-Favicons-Bot/1.0; +http://duckduckgo.com)"
20.191.45.212 - - [10/Aug/2021:12:23:40 +0200] "GET / HTTP/1.0" 200 151040 "http://www.wonder-geek.com/" "Mozilla/5.0 (compatible; DuckDuckGo-Favicons-Bot/1.0; +http://duckduckgo.com)"
20.191.45.212 - - [10/Aug/2021:12:23:41 +0200] "GET /favicon.ico HTTP/1.0" 200 260 "http://www.wonder-geek.com/favicon.ico" "Mozilla/5.0 (compatible; DuckDuckGo-Favicons-Bot/1.0; +http://duckduckgo.com)"
66.249.93.25 - - [10/Aug/2021:12:23:42 +0200] "GET /images/big_prod/3665269132038.jpg HTTP/1.0" 200 268 "-" "Mozilla/5.0 (Windows NT 5.1; rv:11.0) Gecko Firefox/11.0 (via ggpht.com GoogleImageProxy)"
185.191.171.11 - - [10/Aug/2021:12:23:53 +0200] "GET /beatles-cover-smartphone-p-8883.html HTTP/1.0" 200 73137 "-" "Mozilla/5.0 (compatible; SemrushBot/7~bl; +http://www.semrush.com/bot.html)"
192.99.5.228 - - [10/Aug/2021:12:24:09 +0200] "GET /rectangular-clock-quote-p-42930.html HTTP/1.0" 200 72909 "-" "Mozilla/5.0 (compatible; MJ12bot/v1.4.8; http://mj12bot.com/)"
66.249.66.216 - - [10/Aug/2021:12:24:12 +0200] "GET /parrots-wall-stickers-p-51120.html HTTP/1.0" 200 73747 "-" "Mozilla/5.0 (compatible; Googlebot/2.1; +http://www.google.com/bot.html)"
54.36.148.242 - - [10/Aug/2021:12:24:31 +0200] "GET /ceramic-luxy-cache-green-p-55328.html HTTP/1.0" 200 73567 "-" "Mozilla/5.0 (compatible; AhrefsBot/7.0; +http://ahrefs.com/robot/)"
185.191.171.22 - - [10/Aug/2021:12:24:37 +0200] "GET /dog-bowl-french-kiss-paris-p-37291.html HTTP/1.0" 301 72929 "-" "Mozilla/5.0 (compatible; SemrushBot/7~bl; +http://www.semrush.com/bot.html)"
185.191.171.3 - - [10/Aug/2021:12:24:40 +0200] "GET /bowl-french-kiss-paris-p-37291.html HTTP/1.0" 200 72840 "-" "Mozilla/5.0 (compatible; SemrushBot/7~bl; +http://www.semrush.com/bot.html)"
40.77.167.106 - - [10/Aug/2021:12:24:41 +0200] "GET /provence-soap-dish-p-51394.html HTTP/1.0" 200 72824 "-" "Mozilla/5.0 (compatible; bingbot/2.0; +http://www.bing.com/bingbot.htm)"
192.99.5.228 - - [10/Aug/2021:12:24:42 +0200] "GET /rectangular-clock-quote-50-cm-p-42932.html HTTP/1.0" 301 70267 "-" "Mozilla/5.0 (compatible; MJ12bot/v1.4.8; http://mj12bot.com/)"
40.77.167.106 - - [10/Aug/2021:12:24:44 +0200] "GET /scent-heart-home-ruby-pomegranate-p-51058.html HTTP/1.0" 200 73280 "-" "Mozilla/5.0 (compatible; bingbot/2.0; +http://www.bing.com/bingbot.htm)"
40.77.167.106 - - [10/Aug/2021:12:24:45 +0200] "GET /-p-33548.html HTTP/1.0" 200 70200 "-" "Mozilla/5.0 (compatible; bingbot/2.0; +http://www.bing.com/bingbot.htm)"
66.249.66.218 - - [10/Aug/2021:12:24:45 +0200] "GET /moroccan-orange-ashtray-p-31883.html HTTP/1.0" 200 72854 "-" "Mozilla/5.0 (compatible; Googlebot/2.1; +http://www.google.com/bot.html)"
207.46.13.101 - - [10/Aug/2021:12:24:57 +0200] "GET /powder-candle-bougie-autrement-glitter-green-p-53080.html HTTP/1.0" 200 73952 "-" "Mozilla/5.0 (compatible; bingbot/2.0; +http://www.bing.com/bingbot.htm)"
185.191.171.21 - - [10/Aug/2021:12:25:08 +0200] "GET /home-and-decoration-c-13.html?page=259 HTTP/1.0" 301 92989 "-" "Mozilla/5.0 (compatible; SemrushBot/7~bl; +http://www.semrush.com/bot.html)"
185.191.171.17 - - [10/Aug/2021:12:25:10 +0200] "GET /home-decoration-c-13.html?page=259 HTTP/1.0" 200 92901 "-" "Mozilla/5.0 (compatible; SemrushBot/7~bl; +http://www.semrush.com/bot.html)"
66.249.66.218 - - [10/Aug/2021:12:25:18 +0200] "GET /hanbag-diva-metal-plate-deco-p-34293.html HTTP/1.0" 200 72919 "-" "Mozilla/5.0 (compatible; Googlebot/2.1; +http://www.google.com/bot.html)"
192.99.5.228 - - [10/Aug/2021:12:25:27 +0200] "GET /-p-42932.html HTTP/1.0" 200 70200 "-" "Mozilla/5.0 (compatible; MJ12bot/v1.4.8; http://mj12bot.com/)"
207.46.13.127 - - [10/Aug/2021:12:25:32 +0200] "GET /corset-black-shirt-p-30121.html HTTP/1.0" 200 74003 "-" "Mozilla/5.0 (compatible; bingbot/2.0; +http://www.bing.com/bingbot.htm)"
