54.36.148.242 - - [10/Aug/2021:13:22:35 +0200] "GET /protects-plastic-mattress-p-44346.html HTTP/1.0" 200 72980 "-" "Mozilla/5.0 (compatible; AhrefsBot/7.0; +http://ahrefs.com/robot/)"
192.99.5.228 - - [10/Aug/2021:13:22:37 +0200] "GET /russian-dolls-pink-cover-ipad-cbkreation-p-18752.html HTTP/1.0" 200 70391 "-" "Mozilla/5.0 (compatible; MJ12bot/v1.4.8; http://mj12bot.com/)"
62.210.188.218 - - [10/Aug/2021:13:22:55 +0200] "GET /bowl-p-50785.html HTTP/1.0" 200 73279 "-" "Mozilla/5.0 (compatible; Barkrowler/0.9; +https://babbar.tech/crawler)"
62.210.188.218 - - [10/Aug/2021:13:23:17 +0200] "GET /cushion-p-49535.html HTTP/1.0" 200 73353 "-" "Mozilla/5.0 (compatible; Barkrowler/0.9; +https://babbar.tech/crawler)"
17.121.115.227 - - [10/Aug/2021:13:23:25 +0200] "GET /fragrance-case-for-cabinet-and-diffuser-car-c-231_228.html HTTP/1.0" 301 90124 "-" "Mozilla/5.0 (Macintosh; Intel Mac OS X 10_15_5) AppleWebKit/605.1.15 (KHTML, like Gecko) Version/13.1.1 Safari/605.1.15 (Applebot/0.1; +http://www.apple.com/go/applebot)"
17.121.115.227 - - [10/Aug/2021:13:23:26 +0200] "GET /fragrance-case-cabinet-diffuser-c-228.html HTTP/1.0" 301 89997 "-" "Mozilla/5.0 (Macintosh; Intel Mac OS X 10_15_5) AppleWebKit/605.1.15 (KHTML, like Gecko) Version/13.1.1 Safari/605.1.15 (Applebot/0.1; +http://www.apple.com/go/applebot)"
207.46.13.127 - - [10/Aug/2021:13:23:27 +0200] "GET /images/mini_prod/3665269123920.jpg HTTP/1.0" 200 269 "-" "Mozilla/5.0 (compatible; bingbot/2.0; +http://www.bing.com/bingbot.htm)"
17.121.115.227 - - [10/Aug/2021:13:23:27 +0200] "GET /fragrance-case-cabinet-diffuser-c-231_228.html HTTP/1.0" 200 90028 "-" "Mozilla/5.0 (Macintosh; Intel Mac OS X 10_15_5) AppleWebKit/605.1.15 (KHTML, like Gecko) Version/13.1.1 Safari/605.1.15 (Applebot/0.1; +http://www.apple.com/go/applebot)"
192.99.5.228 - - [10/Aug/2021:13:23:30 +0200] "GET /russian-dolls-pink-cover-ipad-cbkreation-p-18752.html HTTP/1.0" 200 70391 "-" "Mozilla/5.0 (compatible; MJ12bot/v1.4.8; http://mj12bot.com/)"
62.210.188.218 - - [10/Aug/2021:13:23:40 +0200] "GET /boys-c-2.html?page=1 HTTP/1.0" 200 90651 "-" "Mozilla/5.0 (compatible; Barkrowler/0.9; +https://babbar.tech/crawler)"
62.210.188.218 - - [10/Aug/2021:13:24:05 +0200] "GET /skulls-p-39403.html HTTP/1.0" 200 72740 "-" "Mozilla/5.0 (compatible; Barkrowler/0.9; +https://babbar.tech/crawler)"
54.36.149.70 - - [10/Aug/2021:13:24:13 +0200] "GET /pucca-cap-54-cm-p-22264.html HTTP/1.0" 301 72909 "-" "Mozilla/5.0 (compatible; AhrefsBot/7.0; +http://ahrefs.com/robot/)"
207.46.13.175 - - [10/Aug/2021:13:24:14 +0200] "GET /lotus-candleholder-chakra-indigo-goldlining-p-35519.html HTTP/1.0" 200 74456 "-" "Mozilla/5.0 (compatible; bingbot/2.0; +http://www.bing.com/bingbot.htm)"
54.36.148.240 - - [10/Aug/2021:13:24:22 +0200] "GET /high-cup-steinlen-le-chat-noir-p-47904.html HTTP/1.0" 301 73587 "-" "Mozilla/5.0 (compatible; AhrefsBot/7.0; +http://ahrefs.com/robot/)"
185.191.171.10 - - [10/Aug/2021:13:24:26 +0200] "GET /take-cake-pies-p-39860.html?action=add_product HTTP/1.0" 302 476 "-" "Mozilla/5.0 (compatible; SemrushBot/7~bl; +http://www.semrush.com/bot.html)"
192.99.5.228 - - [10/Aug/2021:13:24:34 +0200] "GET /scooter-wiper-coconut-fibers-p-46220.html HTTP/1.0" 200 73047 "-" "Mozilla/5.0 (compatible; MJ12bot/v1.4.8; http://mj12bot.com/)"
62.210.188.218 - - [10/Aug/2021:13:24:36 +0200] "GET /games-and-toys-c-4.html HTTP/1.0" 301 92814 "-" "Mozilla/5.0 (compatible; Barkrowler/0.9; +https://babbar.tech/crawler)"
185.191.171.37 - - [10/Aug/2021:13:24:38 +0200] "GET /barbapapa-travel-heat-insulating-p-11715.html HTTP/1.0" 200 70363 "-" "Mozilla/5.0 (compatible; SemrushBot/7~bl; +http://www.semrush.com/bot.html)"
207.46.13.101 - - [10/Aug/2021:13:24:54 +0200] "GET /-p-24493.html HTTP/1.0" 200 70200 "-" "Mozilla/5.0 (compatible; bingbot/2.0; +http://www.bing.com/bingbot.htm)"
62.210.188.218 - - [10/Aug/2021:13:24:56 +0200] "GET /home-decoration-c-13.html HTTP/1.0" 200 91561 "-" "Mozilla/5.0 (compatible; Barkrowler/0.9; +https://babbar.tech/crawler)"
66.249.81.187 - - [10/Aug/2021:13:25:06 +0200] "GET /images/big_prod/3612875113425.jpg HTTP/1.0" 200 268 "-" "Mozilla/5.0 (Windows NT 5.1; rv:11.0) Gecko Firefox/11.0 (via ggpht.com GoogleImageProxy)"
157.55.39.5 - - [10/Aug/2021:13:25:06 +0200] "GET /stone-labradorite-grams-p-46590.html HTTP/1.0" 200 74495 "-" "Mozilla/5.0 (compatible; bingbot/2.0; +http://www.bing.com/bingbot.htm)"
66.249.81.187 - - [10/Aug/2021:13:25:08 +0200] "GET /images/big_prod_2/8720088299487b.jpg HTTP/1.0" 200 271 "-" "Mozilla/5.0 (Windows NT 5.1; rv:11.0) Gecko Firefox/11.0 (via ggpht.com GoogleImageProxy)"
94.142.239.19 - - [10/Aug/2021:13:25:09 +0200] "GET /native-spirits-incense-p-55342.html HTTP/1.0" 200 74844 "https://www.google.com/" "Mozilla/5.0 (Windows NT 10.0; Win64; x64; rv:90.0) Gecko/20100101 Firefox/90.0"
94.142.239.19 - - [10/Aug/2021:13:25:10 +0200] "GET /swfobject.js HTTP/1.0" 404 1308 "http://www.wonder-geek.com/native-spirits-incense-p-55342.html" "Mozilla/5.0 (Windows NT 10.0; Win64; x64; rv:90.0) Gecko/20100101 Firefox/90.0"
94.142.239.19 - - [10/Aug/2021:13:25:10 +0200] "GET /swfobject.js HTTP/1.0" 404 1308 "http://www.wonder-geek.com/native-spirits-incense-p-55342.html" "Mozilla/5.0 (Windows NT 10.0; Win64; x64; rv:90.0) Gecko/20100101 Firefox/90.0"
62.210.188.218 - - [10/Aug/2021:13:25:15 +0200] "GET /models-replicas-c-140.html HTTP/1.0" 301 85437 "-" "Mozilla/5.0 (compatible; Barkrowler/0.9; +https://babbar.tech/crawler)"
192.99.5.228 - - [10/Aug/2021:13:25:23 +0200] "GET /scooters-saltshaker-and-pepper-pot-p-27737.html HTTP/1.0" 301 72979 "-" "Mozilla/5.0 (compatible; MJ12bot/v1.4.8; http://mj12bot.com/)"
62.210.188.218 - - [10/Aug/2021:13:25:36 +0200] "GET /models-replicas-c-4_140.html HTTP/1.0" 200 85469 "-" "Mozilla/5.0 (compatible; Barkrowler/0.9; +https://babbar.tech/crawler)"
62.210.188.218 - - [10/Aug/2021:13:25:56 +0200] "GET /pet-shop-c-155.html HTTP/1.0" 301 88996 "-" "Mozilla/5.0 (compatible; Barkrowler/0.9; +https://babbar.tech/crawler)"
77.163.131.66 - - [10/Aug/2021:13:26:05 +0200] "GET /bistrot-rendez-vous-amis-retro-p-42558.html HTTP/1.0" 200 72857 "https://www.google.com/" "Mozilla/5.0 (Windows NT 10.0; Win64; x64) AppleWebKit/537.36 (KHTML, like Gecko) Chrome/92.0.4515.131 Safari/537.36"
77.163.131.66 - - [10/Aug/2021:13:26:05 +0200] "GET /templates/Pixame_v1/stylesheet.css HTTP/1.0" 200 267 "http://www.wonder-geek.com/bistrot-rendez-vous-amis-retro-p-42558.html" "Mozilla/5.0 (Windows NT 10.0; Win64; x64) AppleWebKit/537.36 (KHTML, like Gecko) Chrome/92.0.4515.131 Safari/537.36"
77.163.131.66 - - [10/Aug/2021:13:26:05 +0200] "GET /highslide/highslide.js HTTP/1.0" 200 262 "http://www.wonder-geek.com/bistrot-rendez-vous-amis-retro-p-42558.html" "Mozilla/5.0 (Windows NT 10.0; Win64; x64) AppleWebKit/537.36 (KHTML, like Gecko) Chrome/92.0.4515.131 Safari/537.36"
77.163.131.66 - - [10/Aug/2021:13:26:05 +0200] "GET /js/jquery.js HTTP/1.0" 200 252 "http://www.wonder-geek.com/bistrot-rendez-vous-amis-retro-p-42558.html" "Mozilla/5.0 (Windows NT 10.0; Win64; x64) AppleWebKit/537.36 (KHTML, like Gecko) Chrome/92.0.4515.131 Safari/537.36"
77.163.131.66 - - [10/Aug/2021:13:26:05 +0200] "GET /js/jquery.jqzoom.js HTTP/1.0" 200 259 "http://www.wonder-geek.com/bistrot-rendez-vous-amis-retro-p-42558.html" "Mozilla/5.0 (Windows NT 10.0; Win64; x64) AppleWebKit/537.36 (KHTML, like Gecko) Chrome/92.0.4515.131 Safari/537.36"
77.163.131.66 - - [10/Aug/2021:13:26:05 +0200] "GET /mondial_relay/js/jquery-1.3.2.min.js HTTP/1.0" 200 276 "http://www.wonder-geek.com/bistrot-rendez-vous-amis-retro-p-42558.html" "Mozilla/5.0 (Windows NT 10.0; Win64; x64) AppleWebKit/537.36 (KHTML, like Gecko) Chrome/92.0.4515.131 Safari/537.36"
77.163.131.66 - - [10/Aug/2021:13:26:05 +0200] "GET /swfobject.js HTTP/1.0" 404 1308 "http://www.wonder-geek.com/bistrot-rendez-vous-amis-retro-p-42558.html" "Mozilla/5.0 (Windows NT 10.0; Win64; x64) AppleWebKit/537.36 (KHTML, like Gecko) Chrome/92.0.4515.131 Safari/537.36"
77.163.131.66 - - [10/Aug/2021:13:26:05 +0200] "GET /templates/Pixame_v1/images/icon_accueil2.png HTTP/1.0" 200 278 "http://www.wonder-geek.com/bistrot-rendez-vous-amis-retro-p-42558.html" "Mozilla/5.0 (Windows NT 10.0; Win64; x64) AppleWebKit/537.36 (KHTML, like Gecko) Chrome/92.0.4515.131 Safari/537.36"
77.163.131.66 - - [10/Aug/2021:13:26:05 +0200] "GET /templates/Pixame_v1/images/infobox/pixel_trans.gif HTTP/1.0" 200 328 "http://www.wonder-geek.com/bistrot-rendez-vous-amis-retro-p-42558.html" "Mozilla/5.0 (Windows NT 10.0; Win64; x64) AppleWebKit/537.36 (KHTML, like Gecko) Chrome/92.0.4515.131 Safari/537.36"
77.163.131.66 - - [10/Aug/2021:13:26:05 +0200] "GET /images/pixel_trans.gif HTTP/1.0" 200 328 "http://www.wonder-geek.com/bistrot-rendez-vous-amis-retro-p-42558.html" "Mozilla/5.0 (Windows NT 10.0; Win64; x64) AppleWebKit/537.36 (KHTML, like Gecko) Chrome/92.0.4515.131 Safari/537.36"
77.163.131.66 - - [10/Aug/2021:13:26:05 +0200] "GET /templates/Pixame_v1/images/pixel_trans.gif HTTP/1.0" 200 328 "http://www.wonder-geek.com/bistrot-rendez-vous-amis-retro-p-42558.html" "Mozilla/5.0 (Windows NT 10.0; Win64; x64) AppleWebKit/537.36 (KHTML, like Gecko) Chrome/92.0.4515.131 Safari/537.36"
77.163.131.66 - - [10/Aug/2021:13:26:05 +0200] "GET /images/big_prod/3612875113425.jpg HTTP/1.0" 200 268 "http://www.wonder-geek.com/bistrot-rendez-vous-amis-retro-p-42558.html" "Mozilla/5.0 (Windows NT 10.0; Win64; x64) AppleWebKit/537.36 (KHTML, like Gecko) Chrome/92.0.4515.131 Safari/537.36"
77.163.131.66 - - [10/Aug/2021:13:26:05 +0200] "GET /templates/Pixame_v1/images/buttons/english/button_in_cart.gif HTTP/1.0" 200 295 "http://www.wonder-geek.com/bistrot-rendez-vous-amis-retro-p-42558.html" "Mozilla/5.0 (Windows NT 10.0; Win64; x64) AppleWebKit/537.36 (KHTML, like Gecko) Chrome/92.0.4515.131 Safari/537.36"
77.163.131.66 - - [10/Aug/2021:13:26:05 +0200] "GET /templates/Pixame_v1/images/Bottom_texture.jpg HTTP/1.0" 200 280 "http://www.wonder-geek.com/templates/Pixame_v1/stylesheet.css" "Mozilla/5.0 (Windows NT 10.0; Win64; x64) AppleWebKit/537.36 (KHTML, like Gecko) Chrome/92.0.4515.131 Safari/537.36"
77.163.131.66 - - [10/Aug/2021:13:26:05 +0200] "GET /templates/Pixame_v1/images/Middle_texture.jpg HTTP/1.0" 200 280 "http://www.wonder-geek.com/templates/Pixame_v1/stylesheet.css" "Mozilla/5.0 (Windows NT 10.0; Win64; x64) AppleWebKit/537.36 (KHTML, like Gecko) Chrome/92.0.4515.131 Safari/537.36"
77.163.131.66 - - [10/Aug/2021:13:26:05 +0200] "GET /templates/Pixame_v1/images/nav.png HTTP/1.0" 200 268 "http://www.wonder-geek.com/templates/Pixame_v1/stylesheet.css" "Mozilla/5.0 (Windows NT 10.0; Win64; x64) AppleWebKit/537.36 (KHTML, like Gecko) Chrome/92.0.4515.131 Safari/537.36"
77.163.131.66 - - [10/Aug/2021:13:26:06 +0200] "GET /templates/Pixame_v1/images/header.png HTTP/1.0" 200 271 "http://www.wonder-geek.com/templates/Pixame_v1/stylesheet.css" "Mozilla/5.0 (Windows NT 10.0; Win64; x64) AppleWebKit/537.36 (KHTML, like Gecko) Chrome/92.0.4515.131 Safari/537.36"
77.163.131.66 - - [10/Aug/2021:13:26:06 +0200] "GET /templates/Pixame_v1/images/header-object.png HTTP/1.0" 200 278 "http://www.wonder-geek.com/templates/Pixame_v1/stylesheet.css" "Mozilla/5.0 (Windows NT 10.0; Win64; x64) AppleWebKit/537.36 (KHTML, like Gecko) Chrome/92.0.4515.131 Safari/537.36"
77.163.131.66 - - [10/Aug/2021:13:26:06 +0200] "GET /swfobject.js HTTP/1.0" 404 1308 "http://www.wonder-geek.com/bistrot-rendez-vous-amis-retro-p-42558.html" "Mozilla/5.0 (Windows NT 10.0; Win64; x64) AppleWebKit/537.36 (KHTML, like Gecko) Chrome/92.0.4515.131 Safari/537.36"
77.163.131.66 - - [10/Aug/2021:13:26:06 +0200] "GET /design/productsenstock.png HTTP/1.0" 200 260 "http://www.wonder-geek.com/templates/Pixame_v1/stylesheet.css" "Mozilla/5.0 (Windows NT 10.0; Win64; x64) AppleWebKit/537.36 (KHTML, like Gecko) Chrome/92.0.4515.131 Safari/537.36"
77.163.131.66 - - [10/Aug/2021:13:26:06 +0200] "GET /templates/Pixame_v1/images/infobox/infobox_footer_middle.gif HTTP/1.0" 200 357 "http://www.wonder-geek.com/bistrot-rendez-vous-amis-retro-p-42558.html" "Mozilla/5.0 (Windows NT 10.0; Win64; x64) AppleWebKit/537.36 (KHTML, like Gecko) Chrome/92.0.4515.131 Safari/537.36"
77.163.131.66 - - [10/Aug/2021:13:26:06 +0200] "GET /highslide/graphics/zoomin.cur HTTP/1.0" 200 614 "http://www.wonder-geek.com/templates/Pixame_v1/stylesheet.css" "Mozilla/5.0 (Windows NT 10.0; Win64; x64) AppleWebKit/537.36 (KHTML, like Gecko) Chrome/92.0.4515.131 Safari/537.36"
77.163.131.66 - - [10/Aug/2021:13:26:06 +0200] "GET /highslide/graphics/outlines/drop-shadow.png HTTP/1.0" 200 277 "http://www.wonder-geek.com/bistrot-rendez-vous-amis-retro-p-42558.html" "Mozilla/5.0 (Windows NT 10.0; Win64; x64) AppleWebKit/537.36 (KHTML, like Gecko) Chrome/92.0.4515.131 Safari/537.36"
77.163.131.66 - - [10/Aug/2021:13:26:06 +0200] "GET /highslide/graphics/zoomout.cur HTTP/1.0" 200 614 "http://www.wonder-geek.com/bistrot-rendez-vous-amis-retro-p-42558.html" "Mozilla/5.0 (Windows NT 10.0; Win64; x64) AppleWebKit/537.36 (KHTML, like Gecko) Chrome/92.0.4515.131 Safari/537.36"
77.163.131.66 - - [10/Aug/2021:13:26:06 +0200] "GET /highslide/graphics/loader.white.gif HTTP/1.0" 200 960 "http://www.wonder-geek.com/templates/Pixame_v1/stylesheet.css" "Mozilla/5.0 (Windows NT 10.0; Win64; x64) AppleWebKit/537.36 (KHTML, like Gecko) Chrome/92.0.4515.131 Safari/537.36"
77.163.131.66 - - [10/Aug/2021:13:26:06 +0200] "GET /favicon.ico HTTP/1.0" 200 260 "http://www.wonder-geek.com/bistrot-rendez-vous-amis-retro-p-42558.html" "Mozilla/5.0 (Windows NT 10.0; Win64; x64) AppleWebKit/537.36 (KHTML, like Gecko) Chrome/92.0.4515.131 Safari/537.36"
192.99.5.228 - - [10/Aug/2021:13:26:12 +0200] "GET /scooters-saltshaker-pepper-p-27737.html HTTP/1.0" 200 72886 "-" "Mozilla/5.0 (compatible; MJ12bot/v1.4.8; http://mj12bot.com/)"
185.191.171.21 - - [10/Aug/2021:13:26:25 +0200] "GET /flasks-c-12_245.html HTTP/1.0" 200 80035 "-" "Mozilla/5.0 (compatible; SemrushBot/7~bl; +http://www.semrush.com/bot.html)"
185.191.171.37 - - [10/Aug/2021:13:26:38 +0200] "GET /mattress-protector-tray-shape-single-p-44815.html?action=add_product HTTP/1.0" 302 476 "-" "Mozilla/5.0 (compatible; SemrushBot/7~bl; +http://www.semrush.com/bot.html)"
157.55.39.5 - - [10/Aug/2021:13:26:45 +0200] "GET /-p-43362.html HTTP/1.0" 200 70200 "-" "Mozilla/5.0 (compatible; bingbot/2.0; +http://www.bing.com/bingbot.htm)"
62.210.188.218 - - [10/Aug/2021:13:26:57 +0200] "GET /allen-p-25809.html HTTP/1.0" 200 72738 "-" "Mozilla/5.0 (compatible; Barkrowler/0.9; +https://babbar.tech/crawler)"
192.99.5.228 - - [10/Aug/2021:13:27:04 +0200] "GET /scooters-saltshaker-pepper-p-27737.html HTTP/1.0" 200 72886 "-" "Mozilla/5.0 (compatible; MJ12bot/v1.4.8; http://mj12bot.com/)"
62.210.188.218 - - [10/Aug/2021:13:27:19 +0200] "GET /allen-p-25808.html HTTP/1.0" 200 72737 "-" "Mozilla/5.0 (compatible; Barkrowler/0.9; +https://babbar.tech/crawler)"
54.36.149.86 - - [10/Aug/2021:13:27:28 +0200] "GET /cement-tile-stickers-15-15-cm-p-50344.html HTTP/1.0" 301 73855 "-" "Mozilla/5.0 (compatible; AhrefsBot/7.0; +http://ahrefs.com/robot/)"
192.99.5.228 - - [10/Aug/2021:13:27:32 +0200] "GET /scottish-dog-tray-p-28867.html HTTP/1.0" 301 70330 "-" "Mozilla/5.0 (compatible; MJ12bot/v1.4.8; http://mj12bot.com/)"
62.210.188.218 - - [10/Aug/2021:13:27:39 +0200] "GET /marseille-p-14931.html HTTP/1.0" 200 73601 "-" "Mozilla/5.0 (compatible; Barkrowler/0.9; +https://babbar.tech/crawler)"
54.36.148.242 - - [10/Aug/2021:13:27:41 +0200] "GET /kimmi-junior-picnic-p-19837.html HTTP/1.0" 200 77333 "-" "Mozilla/5.0 (compatible; AhrefsBot/7.0; +http://ahrefs.com/robot/)"
207.46.13.39 - - [10/Aug/2021:13:27:41 +0200] "GET /gorjuss-large-satchel-autumn-leaves-p-50970.html HTTP/1.0" 200 70338 "-" "Mozilla/5.0 (compatible; bingbot/2.0; +http://www.bing.com/bingbot.htm)"
62.210.188.218 - - [10/Aug/2021:13:27:58 +0200] "GET /lighting-p-31491.html HTTP/1.0" 200 72681 "-" "Mozilla/5.0 (compatible; Barkrowler/0.9; +https://babbar.tech/crawler)"
192.99.5.228 - - [10/Aug/2021:13:28:01 +0200] "GET /scottish-tray-p-28867.html HTTP/1.0" 200 70250 "-" "Mozilla/5.0 (compatible; MJ12bot/v1.4.8; http://mj12bot.com/)"
66.249.66.216 - - [10/Aug/2021:13:28:10 +0200] "GET /images/big_prod_1/3700281645842a.jpg HTTP/1.0" 200 271 "-" "Googlebot-Image/1.0"
157.55.39.51 - - [10/Aug/2021:13:28:11 +0200] "GET /dora-explorer-ceiling-light-p-18707.html HTTP/1.0" 200 73145 "-" "Mozilla/5.0 (compatible; bingbot/2.0; +http://www.bing.com/bingbot.htm)"
62.210.188.218 - - [10/Aug/2021:13:28:18 +0200] "GET /lighting-c-13_86.html HTTP/1.0" 200 93270 "-" "Mozilla/5.0 (compatible; Barkrowler/0.9; +https://babbar.tech/crawler)"
185.191.171.41 - - [10/Aug/2021:13:28:19 +0200] "GET /windchime-wood-p-55835.html HTTP/1.0" 200 73437 "-" "Mozilla/5.0 (compatible; SemrushBot/7~bl; +http://www.semrush.com/bot.html)"
157.55.39.156 - - [10/Aug/2021:13:28:18 +0200] "GET /placemat-exotique-p-53601.html HTTP/1.0" 200 73368 "-" "Mozilla/5.0 (compatible; bingbot/2.0; +http://www.bing.com/bingbot.htm)"
207.46.13.39 - - [10/Aug/2021:13:28:31 +0200] "GET /incense-stick-holder-ganesh-p-35506.html HTTP/1.0" 200 73639 "-" "Mozilla/5.0 (compatible; bingbot/2.0; +http://www.bing.com/bingbot.htm)"
157.55.39.44 - - [10/Aug/2021:13:28:37 +0200] "GET /gorjuss-chronicles-wooden-brooch-rapunzel-p-38199.html HTTP/1.0" 200 74418 "-" "Mozilla/5.0 (compatible; bingbot/2.0; +http://www.bing.com/bingbot.htm)"
62.210.188.218 - - [10/Aug/2021:13:28:38 +0200] "GET /pacha-p-49540.html HTTP/1.0" 200 72686 "-" "Mozilla/5.0 (compatible; Barkrowler/0.9; +https://babbar.tech/crawler)"
192.99.5.228 - - [10/Aug/2021:13:28:49 +0200] "GET /scottish-tray-p-28867.html HTTP/1.0" 200 70250 "-" "Mozilla/5.0 (compatible; MJ12bot/v1.4.8; http://mj12bot.com/)"
62.210.188.218 - - [10/Aug/2021:13:28:58 +0200] "GET /accessories-c-3.html?page=7 HTTP/1.0" 200 91744 "-" "Mozilla/5.0 (compatible; Barkrowler/0.9; +https://babbar.tech/crawler)"
62.210.188.218 - - [10/Aug/2021:13:29:17 +0200] "GET /accessories-c-3.html?page=3 HTTP/1.0" 200 93329 "-" "Mozilla/5.0 (compatible; Barkrowler/0.9; +https://babbar.tech/crawler)"
192.99.5.228 - - [10/Aug/2021:13:29:20 +0200] "GET /scotty-dogs-salt-and-pepper-p-29271.html HTTP/1.0" 301 72932 "-" "Mozilla/5.0 (compatible; MJ12bot/v1.4.8; http://mj12bot.com/)"
66.249.66.216 - - [10/Aug/2021:13:29:32 +0200] "GET /london-piggy-moneybox-p-27853.html HTTP/1.0" 200 72803 "-" "Mozilla/5.0 (compatible; Googlebot/2.1; +http://www.google.com/bot.html)"
62.210.188.218 - - [10/Aug/2021:13:29:38 +0200] "GET /accessories-c-3.html?page=2 HTTP/1.0" 200 92980 "-" "Mozilla/5.0 (compatible; Barkrowler/0.9; +https://babbar.tech/crawler)"
62.210.188.218 - - [10/Aug/2021:13:29:59 +0200] "GET /accessories-c-3.html?page=1 HTTP/1.0" 200 93233 "-" "Mozilla/5.0 (compatible; Barkrowler/0.9; +https://babbar.tech/crawler)"
54.36.149.84 - - [10/Aug/2021:13:30:06 +0200] "GET /white-natural-wooden-p-55028.html HTTP/1.0" 301 73823 "-" "Mozilla/5.0 (compatible; AhrefsBot/7.0; +http://ahrefs.com/robot/)"
192.99.5.228 - - [10/Aug/2021:13:30:14 +0200] "GET /scotty-dogs-salt-pepper-p-29271.html HTTP/1.0" 200 72842 "-" "Mozilla/5.0 (compatible; MJ12bot/v1.4.8; http://mj12bot.com/)"
62.210.188.218 - - [10/Aug/2021:13:30:17 +0200] "GET /accessories-c-3.html?page=5 HTTP/1.0" 200 91992 "-" "Mozilla/5.0 (compatible; Barkrowler/0.9; +https://babbar.tech/crawler)"
62.210.188.218 - - [10/Aug/2021:13:30:37 +0200] "GET /accessories-c-3.html?page=4 HTTP/1.0" 200 91935 "-" "Mozilla/5.0 (compatible; Barkrowler/0.9; +https://babbar.tech/crawler)"
192.99.5.228 - - [10/Aug/2021:13:30:52 +0200] "GET /scotty-dogs-salt-pepper-p-29271.html HTTP/1.0" 200 72842 "-" "Mozilla/5.0 (compatible; MJ12bot/v1.4.8; http://mj12bot.com/)"
207.46.13.101 - - [10/Aug/2021:13:30:54 +0200] "GET /-p-21270.html HTTP/1.0" 200 70200 "-" "Mozilla/5.0 (compatible; bingbot/2.0; +http://www.bing.com/bingbot.htm)"
62.210.188.218 - - [10/Aug/2021:13:30:57 +0200] "GET /accessories-c-3.html?page=6 HTTP/1.0" 200 92518 "-" "Mozilla/5.0 (compatible; Barkrowler/0.9; +https://babbar.tech/crawler)"
185.191.171.25 - - [10/Aug/2021:13:31:13 +0200] "GET /stone-amethyst-sold-weight-grams-p-46547.html HTTP/1.0" 200 73873 "-" "Mozilla/5.0 (compatible; SemrushBot/7~bl; +http://www.semrush.com/bot.html)"
157.55.39.156 - - [10/Aug/2021:13:31:18 +0200] "GET /snow-white-swimsuit-p-30313.html HTTP/1.0" 200 73936 "-" "Mozilla/5.0 (compatible; bingbot/2.0; +http://www.bing.com/bingbot.htm)"
157.55.39.156 - - [10/Aug/2021:13:31:19 +0200] "GET /-p-12658.html HTTP/1.0" 200 70200 "-" "Mozilla/5.0 (compatible; bingbot/2.0; +http://www.bing.com/bingbot.htm)"
62.210.188.218 - - [10/Aug/2021:13:31:20 +0200] "GET /accessories-c-3.html?page=9 HTTP/1.0" 200 93043 "-" "Mozilla/5.0 (compatible; Barkrowler/0.9; +https://babbar.tech/crawler)"
51.68.224.127 - - [10/Aug/2021:13:31:28 +0200] "GET /adminweb/export_orders_xml.php?token=256de2z6edz6ed2z6DFSFsed2zed6zeDSFDSGdzedezfzf&maxorders=10&orderstart=1&status=14&start_date=2018-10-01 HTTP/1.0" 200 285 "-" "GesCom CharlotteBoutik Serveur"
51.68.224.127 - - [10/Aug/2021:13:31:28 +0200] "GET /adminweb/export_orders_xml.php?token=256de2z6edz6ed2z6DFSFsed2zed6zeDSFDSGdzedezfzf&maxorders=10&orderstart=1&status=6&start_date=2018-10-01 HTTP/1.0" 200 28601 "-" "GesCom CharlotteBoutik Serveur"
192.99.5.228 - - [10/Aug/2021:13:31:32 +0200] "GET /screaming-skulls-zippo-lighter-p-30274.html HTTP/1.0" 200 70341 "-" "Mozilla/5.0 (compatible; MJ12bot/v1.4.8; http://mj12bot.com/)"
62.210.188.218 - - [10/Aug/2021:13:31:42 +0200] "GET /accessories-c-3.html?page=8 HTTP/1.0" 200 92863 "-" "Mozilla/5.0 (compatible; Barkrowler/0.9; +https://babbar.tech/crawler)"
207.46.13.39 - - [10/Aug/2021:13:31:51 +0200] "GET /star-wars-inflatable-swimming-ring-p-34885.html HTTP/1.0" 200 73181 "-" "Mozilla/5.0 (compatible; bingbot/2.0; +http://www.bing.com/bingbot.htm)"
185.191.171.11 - - [10/Aug/2021:13:31:52 +0200] "GET /tinker-bell-mini-figurine-romero-britto-p-32583.html HTTP/1.0" 200 73947 "-" "Mozilla/5.0 (compatible; SemrushBot/7~bl; +http://www.semrush.com/bot.html)"
157.55.39.51 - - [10/Aug/2021:13:31:55 +0200] "GET /corsica-mini-metal-tray-p-44856.html HTTP/1.0" 200 72943 "-" "Mozilla/5.0 (compatible; bingbot/2.0; +http://www.bing.com/bingbot.htm)"
185.191.171.8 - - [10/Aug/2021:13:31:58 +0200] "GET /large-mango-wood-white-paint-rhinestones-25cm-p-46736.html?action=add_product HTTP/1.0" 302 476 "-" "Mozilla/5.0 (compatible; SemrushBot/7~bl; +http://www.semrush.com/bot.html)"
62.210.188.218 - - [10/Aug/2021:13:32:01 +0200] "GET /accessories-c-97_98.html HTTP/1.0" 200 84135 "-" "Mozilla/5.0 (compatible; Barkrowler/0.9; +https://babbar.tech/crawler)"
157.55.39.122 - - [10/Aug/2021:13:32:07 +0200] "GET /soft-toys-security-blanket-c-4_46.html?page=8 HTTP/1.0" 200 91111 "-" "Mozilla/5.0 (compatible; bingbot/2.0; +http://www.bing.com/bingbot.htm)"
185.191.171.37 - - [10/Aug/2021:13:32:11 +0200] "GET /tetsubin-yellow-teapot-sheet-below-p-40239.html?action=add_product HTTP/1.0" 302 476 "-" "Mozilla/5.0 (compatible; SemrushBot/7~bl; +http://www.semrush.com/bot.html)"
192.99.5.228 - - [10/Aug/2021:13:32:12 +0200] "GET /seraphin-charming-dekor-bedclothes-220-240-cm-p-41771.html HTTP/1.0" 301 70267 "-" "Mozilla/5.0 (compatible; MJ12bot/v1.4.8; http://mj12bot.com/)"
185.191.171.40 - - [10/Aug/2021:13:32:18 +0200] "GET /amys-p-54238.html HTTP/1.0" 200 73538 "-" "Mozilla/5.0 (compatible; SemrushBot/7~bl; +http://www.semrush.com/bot.html)"
192.99.5.228 - - [10/Aug/2021:13:32:52 +0200] "GET /-p-41771.html HTTP/1.0" 200 70200 "-" "Mozilla/5.0 (compatible; MJ12bot/v1.4.8; http://mj12bot.com/)"
157.55.39.156 - - [10/Aug/2021:13:33:28 +0200] "GET /jasmin-medium-cabas-jasmine-p-43474.html HTTP/1.0" 200 73834 "-" "Mozilla/5.0 (compatible; bingbot/2.0; +http://www.bing.com/bingbot.htm)"
54.36.148.237 - - [10/Aug/2021:13:33:35 +0200] "GET /wax-melt-snow-angel-p-39003.html HTTP/1.0" 301 73515 "-" "Mozilla/5.0 (compatible; AhrefsBot/7.0; +http://ahrefs.com/robot/)"
192.99.5.228 - - [10/Aug/2021:13:33:49 +0200] "GET /seraphin-charming-dekor-bedclothes-260-240-cm-p-41772.html HTTP/1.0" 301 70267 "-" "Mozilla/5.0 (compatible; MJ12bot/v1.4.8; http://mj12bot.com/)"
54.36.148.230 - - [10/Aug/2021:13:33:54 +0200] "GET /adhesive-roll-45-150-cm-wood-p-53553.html HTTP/1.0" 301 73778 "-" "Mozilla/5.0 (compatible; AhrefsBot/7.0; +http://ahrefs.com/robot/)"
185.191.171.13 - - [10/Aug/2021:13:34:08 +0200] "GET /coca-cola-multicolor-lamp-p-23269.html HTTP/1.0" 301 70267 "-" "Mozilla/5.0 (compatible; SemrushBot/7~bl; +http://www.semrush.com/bot.html)"
185.191.171.37 - - [10/Aug/2021:13:34:10 +0200] "GET /-p-23269.html HTTP/1.0" 200 70200 "-" "Mozilla/5.0 (compatible; SemrushBot/7~bl; +http://www.semrush.com/bot.html)"
178.159.37.60 - - [10/Aug/2021:13:34:23 +0200] "GET /create_account.php HTTP/1.0" 301 547 "-" "Mozilla/4.0 (compatible; MSIE 6.0; Windows NT 5.1; SV1)"
178.159.37.60 - - [10/Aug/2021:13:34:23 +0200] "GET /create_account.php HTTP/1.0" 200 33633 "-" "Mozilla/4.0 (compatible; MSIE 6.0; Windows NT 5.1; SV1)"
178.159.37.60 - - [10/Aug/2021:13:34:23 +0200] "POST /create_account.php HTTP/1.0" 200 34545 "http://wonder-geek.com/create_account.php" "Mozilla/4.0 (compatible; MSIE 6.0; Windows NT 5.1; SV1)"
207.46.13.101 - - [10/Aug/2021:13:34:35 +0200] "GET /pokemon-umbrella-p-29469.html HTTP/1.0" 200 70271 "-" "Mozilla/5.0 (compatible; bingbot/2.0; +http://www.bing.com/bingbot.htm)"
157.55.39.122 - - [10/Aug/2021:13:34:40 +0200] "GET /kyoto-black-p-39303.html HTTP/1.0" 200 72973 "-" "Mozilla/5.0 (compatible; bingbot/2.0; +http://www.bing.com/bingbot.htm)"
192.99.5.228 - - [10/Aug/2021:13:34:45 +0200] "GET /-p-41772.html HTTP/1.0" 200 70200 "-" "Mozilla/5.0 (compatible; MJ12bot/v1.4.8; http://mj12bot.com/)"
192.99.5.228 - - [10/Aug/2021:13:35:24 +0200] "GET /sesame-street-elmo-mug-p-19269.html HTTP/1.0" 301 72869 "-" "Mozilla/5.0 (compatible; MJ12bot/v1.4.8; http://mj12bot.com/)"
66.249.66.220 - - [10/Aug/2021:13:35:57 +0200] "GET /cats-dubout-placemat-p-47082.html HTTP/1.0" 200 70270 "-" "Mozilla/5.0 (compatible; Googlebot/2.1; +http://www.google.com/bot.html)"
185.191.171.41 - - [10/Aug/2021:13:36:04 +0200] "GET /waxed-concrete-tile-stickers-p-51949.html?action=add_product HTTP/1.0" 302 476 "-" "Mozilla/5.0 (compatible; SemrushBot/7~bl; +http://www.semrush.com/bot.html)"
192.99.5.228 - - [10/Aug/2021:13:36:05 +0200] "GET /sesame-street-elmo-p-19269.html HTTP/1.0" 200 72784 "-" "Mozilla/5.0 (compatible; MJ12bot/v1.4.8; http://mj12bot.com/)"
157.55.39.44 - - [10/Aug/2021:13:36:08 +0200] "GET /-p-17338.html HTTP/1.0" 200 70200 "-" "Mozilla/5.0 (compatible; bingbot/2.0; +http://www.bing.com/bingbot.htm)"
207.46.13.39 - - [10/Aug/2021:13:36:32 +0200] "GET /-p-15698.html HTTP/1.0" 200 70200 "-" "Mozilla/5.0 (compatible; bingbot/2.0; +http://www.bing.com/bingbot.htm)"
192.99.5.228 - - [10/Aug/2021:13:36:50 +0200] "GET /sesame-street-elmo-p-19269.html HTTP/1.0" 200 72784 "-" "Mozilla/5.0 (compatible; MJ12bot/v1.4.8; http://mj12bot.com/)"
54.36.148.244 - - [10/Aug/2021:13:36:56 +0200] "GET /humor-color-ashtray-p-47370.html HTTP/1.0" 301 70267 "-" "Mozilla/5.0 (compatible; AhrefsBot/7.0; +http://ahrefs.com/robot/)"
66.249.66.218 - - [10/Aug/2021:13:37:10 +0200] "GET /spiderman-lunch-bottle-p-31684.html HTTP/1.0" 200 70304 "-" "Mozilla/5.0 (compatible; Googlebot/2.1; +http://www.google.com/bot.html)"
192.99.5.228 - - [10/Aug/2021:13:37:41 +0200] "GET /set-angry-birds-stickers-and-stationery-p-22218.html HTTP/1.0" 301 73244 "-" "Mozilla/5.0 (compatible; MJ12bot/v1.4.8; http://mj12bot.com/)"
54.36.148.242 - - [10/Aug/2021:13:38:05 +0200] "GET /volkswagen-large-metal-plate-deco-p-37084.html HTTP/1.0" 200 72918 "-" "Mozilla/5.0 (compatible; AhrefsBot/7.0; +http://ahrefs.com/robot/)"
185.191.171.16 - - [10/Aug/2021:13:38:16 +0200] "GET /gorjuss-tartan-suitcase-boxes-p-48415.html?action=add_product HTTP/1.0" 302 476 "-" "Mozilla/5.0 (compatible; SemrushBot/7~bl; +http://www.semrush.com/bot.html)"
192.99.5.228 - - [10/Aug/2021:13:38:18 +0200] "GET /angry-birds-stickers-stationery-p-22218.html HTTP/1.0" 200 73146 "-" "Mozilla/5.0 (compatible; MJ12bot/v1.4.8; http://mj12bot.com/)"
185.191.171.18 - - [10/Aug/2021:13:38:27 +0200] "GET /giraffe-figurine-golden-resin-p-53648.html HTTP/1.0" 200 72975 "-" "Mozilla/5.0 (compatible; SemrushBot/7~bl; +http://www.semrush.com/bot.html)"
207.46.13.127 - - [10/Aug/2021:13:38:49 +0200] "GET /paris-soap-dispenser-p-13953.html HTTP/1.0" 200 72907 "-" "Mozilla/5.0 (compatible; bingbot/2.0; +http://www.bing.com/bingbot.htm)"
192.99.5.228 - - [10/Aug/2021:13:38:58 +0200] "GET /set-bedspread-boutis-and-pillowcases-250-230-cm-p-52163.html HTTP/1.0" 301 73840 "-" "Mozilla/5.0 (compatible; MJ12bot/v1.4.8; http://mj12bot.com/)"
17.121.114.118 - - [10/Aug/2021:13:39:30 +0200] "GET /bread-box-c-13_150_211.html HTTP/1.0" 301 77846 "-" "Mozilla/5.0 (Macintosh; Intel Mac OS X 10_15_5) AppleWebKit/605.1.15 (KHTML, like Gecko) Version/13.1.1 Safari/605.1.15 (Applebot/0.1; +http://www.apple.com/go/applebot)"
17.121.114.118 - - [10/Aug/2021:13:39:32 +0200] "GET /bread-c-211.html HTTP/1.0" 301 77607 "-" "Mozilla/5.0 (Macintosh; Intel Mac OS X 10_15_5) AppleWebKit/605.1.15 (KHTML, like Gecko) Version/13.1.1 Safari/605.1.15 (Applebot/0.1; +http://www.apple.com/go/applebot)"
17.121.114.118 - - [10/Aug/2021:13:39:35 +0200] "GET /bread-c-13_150_211.html HTTP/1.0" 200 77776 "-" "Mozilla/5.0 (Macintosh; Intel Mac OS X 10_15_5) AppleWebKit/605.1.15 (KHTML, like Gecko) Version/13.1.1 Safari/605.1.15 (Applebot/0.1; +http://www.apple.com/go/applebot)"
192.99.5.228 - - [10/Aug/2021:13:39:47 +0200] "GET /bedspread-boutis-pillowcases-p-52163.html HTTP/1.0" 200 73745 "-" "Mozilla/5.0 (compatible; MJ12bot/v1.4.8; http://mj12bot.com/)"
207.46.13.101 - - [10/Aug/2021:13:40:15 +0200] "GET /-p-32103.html HTTP/1.0" 200 70200 "-" "Mozilla/5.0 (compatible; bingbot/2.0; +http://www.bing.com/bingbot.htm)"
192.99.5.228 - - [10/Aug/2021:13:40:22 +0200] "GET /set-bedspread-boutis-and-pillowcases-yellow-curry-250x230-p-48181.html HTTP/1.0" 301 70530 "-" "Mozilla/5.0 (compatible; MJ12bot/v1.4.8; http://mj12bot.com/)"
157.55.39.5 - - [10/Aug/2021:13:40:47 +0200] "GET /-p-32882.html HTTP/1.0" 200 70200 "-" "Mozilla/5.0 (compatible; bingbot/2.0; +http://www.bing.com/bingbot.htm)"
106.38.241.171 - - [10/Aug/2021:13:40:52 +0200] "GET / HTTP/1.0" 200 150549 "-" "Sogou web spider/4.0(+http://www.sogou.com/docs/help/webmasters.htm#07)"
66.249.66.220 - - [10/Aug/2021:13:41:03 +0200] "GET /le-reve-est-le-luxe-de-la-pensee-wall-sticker-p-39313.html HTTP/1.0" 301 73836 "-" "Mozilla/5.0 (Linux; Android 6.0.1; Nexus 5X Build/MMB29P) AppleWebKit/537.36 (KHTML, like Gecko) Chrome/92.0.4515.119 Mobile Safari/537.36 (compatible; Googlebot/2.1; +http://www.google.com/bot.html)"
66.249.66.220 - - [10/Aug/2021:13:41:03 +0200] "GET /luxe-pense-wall-sticker-p-39313.html HTTP/1.0" 200 73746 "-" "Mozilla/5.0 (Linux; Android 6.0.1; Nexus 5X Build/MMB29P) AppleWebKit/537.36 (KHTML, like Gecko) Chrome/92.0.4515.119 Mobile Safari/537.36 (compatible; Googlebot/2.1; +http://www.google.com/bot.html)"
207.46.13.101 - - [10/Aug/2021:13:41:15 +0200] "GET /betty-boop-photo-frame-p-17823.html HTTP/1.0" 200 72872 "-" "Mozilla/5.0 (compatible; bingbot/2.0; +http://www.bing.com/bingbot.htm)"
192.99.5.228 - - [10/Aug/2021:13:41:18 +0200] "GET /bedspread-boutis-pillowcases-yellow-curry-250x230-p-48181.html HTTP/1.0" 200 70414 "-" "Mozilla/5.0 (compatible; MJ12bot/v1.4.8; http://mj12bot.com/)"
207.46.13.175 - - [10/Aug/2021:13:41:25 +0200] "GET /-p-22643.html HTTP/1.0" 200 70200 "-" "Mozilla/5.0 (compatible; bingbot/2.0; +http://www.bing.com/bingbot.htm)"
17.121.115.174 - - [10/Aug/2021:13:41:54 +0200] "GET /french-flag-p-38273.html HTTP/1.0" 200 72809 "-" "Mozilla/5.0 (Macintosh; Intel Mac OS X 10_15_5) AppleWebKit/605.1.15 (KHTML, like Gecko) Version/13.1.1 Safari/605.1.15 (Applebot/0.1; +http://www.apple.com/go/applebot)"
185.191.171.19 - - [10/Aug/2021:13:41:56 +0200] "GET /ceramic-vase-gray-aged-look-with-handle-p-52426.html?action=add_product HTTP/1.0" 302 476 "-" "Mozilla/5.0 (compatible; SemrushBot/7~bl; +http://www.semrush.com/bot.html)"
185.191.171.5 - - [10/Aug/2021:13:41:58 +0200] "GET /dishes-c-12.html?page=46 HTTP/1.0" 200 91933 "-" "Mozilla/5.0 (compatible; SemrushBot/7~bl; +http://www.semrush.com/bot.html)"
157.55.39.51 - - [10/Aug/2021:13:42:02 +0200] "GET /-p-21344.html HTTP/1.0" 200 70200 "-" "Mozilla/5.0 (compatible; bingbot/2.0; +http://www.bing.com/bingbot.htm)"
192.99.5.228 - - [10/Aug/2021:13:42:07 +0200] "GET /set-c-2_34.html?page=1 HTTP/1.0" 200 76531 "-" "Mozilla/5.0 (compatible; MJ12bot/v1.4.8; http://mj12bot.com/)"
207.46.13.127 - - [10/Aug/2021:13:42:09 +0200] "GET /-p-19145.html HTTP/1.0" 200 70200 "-" "Mozilla/5.0 (compatible; bingbot/2.0; +http://www.bing.com/bingbot.htm)"
207.46.13.127 - - [10/Aug/2021:13:42:11 +0200] "GET /-p-34394.html HTTP/1.0" 200 70200 "-" "Mozilla/5.0 (compatible; bingbot/2.0; +http://www.bing.com/bingbot.htm)"
104.254.92.187 - - [10/Aug/2021:13:42:43 +0200] "GET /contact_us.php HTTP/1.0" 200 26241 "-" "Mozilla/5.0 (Windows NT 10.0; WOW64) AppleWebKit/537.36 (KHTML, like Gecko) Chrome/53.0.2785.104 Safari/537.36 Core/1.53.5155.400 QQBrowser/9.7.13231.400"
104.254.92.187 - - [10/Aug/2021:13:42:44 +0200] "GET /images/pixel_trans.gif HTTP/1.0" 200 328 "http://www.wonder-geek.com/contact_us.php?action=send" "Mozilla/5.0 (Windows NT 10.0; WOW64) AppleWebKit/537.36 (KHTML, like Gecko) Chrome/53.0.2785.104 Safari/537.36 Core/1.53.5155.400 QQBrowser/9.7.13231.400"
185.191.171.21 - - [10/Aug/2021:13:42:46 +0200] "GET /home-sweet-home-wooden-plate-p-40918.html HTTP/1.0" 200 72900 "-" "Mozilla/5.0 (compatible; SemrushBot/7~bl; +http://www.semrush.com/bot.html)"
192.99.5.228 - - [10/Aug/2021:13:43:03 +0200] "GET /set-flat-sheet-cover-sheet-two-pillowcases-tropia-p-41768.html HTTP/1.0" 301 70267 "-" "Mozilla/5.0 (compatible; MJ12bot/v1.4.8; http://mj12bot.com/)"
207.46.13.175 - - [10/Aug/2021:13:43:15 +0200] "GET /betty-boop-rectangular-metal-plate-p-12383.html HTTP/1.0" 200 70361 "-" "Mozilla/5.0 (compatible; bingbot/2.0; +http://www.bing.com/bingbot.htm)"
157.55.39.156 - - [10/Aug/2021:13:43:19 +0200] "GET /-p-20881.html HTTP/1.0" 200 70200 "-" "Mozilla/5.0 (compatible; bingbot/2.0; +http://www.bing.com/bingbot.htm)"
104.254.92.187 - - [10/Aug/2021:13:43:29 +0200] "GET /images/pixel_trans.gif HTTP/1.0" 200 328 "http://www.wonder-geek.com/contact_us.php?action=send" "Mozilla/5.0 (Windows NT 10.0; WOW64) AppleWebKit/537.36 (KHTML, like Gecko) Chrome/53.0.2785.104 Safari/537.36 Core/1.53.5155.400 QQBrowser/9.7.13231.400"
157.55.39.122 - - [10/Aug/2021:13:43:37 +0200] "GET /cars-small-satchel-p-19688.html HTTP/1.0" 200 70262 "-" "Mozilla/5.0 (compatible; bingbot/2.0; +http://www.bing.com/bingbot.htm)"
192.99.5.228 - - [10/Aug/2021:13:43:54 +0200] "GET /-p-41768.html HTTP/1.0" 200 70200 "-" "Mozilla/5.0 (compatible; MJ12bot/v1.4.8; http://mj12bot.com/)"
66.249.82.114 - - [10/Aug/2021:13:43:55 +0200] "GET /images/big_prod/9316188078047.jpg HTTP/1.0" 200 268 "-" "Mozilla/5.0 (Windows NT 5.1; rv:11.0) Gecko Firefox/11.0 (via ggpht.com GoogleImageProxy)"
66.249.82.114 - - [10/Aug/2021:13:43:57 +0200] "GET /images/big_prod/9316188078153.jpg HTTP/1.0" 200 268 "-" "Mozilla/5.0 (Windows NT 5.1; rv:11.0) Gecko Firefox/11.0 (via ggpht.com GoogleImageProxy)"
40.77.167.106 - - [10/Aug/2021:13:44:17 +0200] "GET /images/med_prod/8435306290596.jpg HTTP/1.0" 200 268 "-" "Mozilla/5.0 (compatible; bingbot/2.0; +http://www.bing.com/bingbot.htm)"
192.99.5.228 - - [10/Aug/2021:13:44:24 +0200] "GET /robots.txt HTTP/1.0" 200 245 "-" "Mozilla/5.0 (compatible; MJ12bot/v1.4.8; http://mj12bot.com/)"
66.249.66.220 - - [10/Aug/2021:13:44:35 +0200] "GET /collectible-figurines-decorative-c-13_135.html?page=7 HTTP/1.0" 200 96675 "-" "Mozilla/5.0 (Linux; Android 6.0.1; Nexus 5X Build/MMB29P) AppleWebKit/537.36 (KHTML, like Gecko) Chrome/92.0.4515.119 Mobile Safari/537.36 (compatible; Googlebot/2.1; +http://www.google.com/bot.html)"
66.249.66.220 - - [10/Aug/2021:13:44:39 +0200] "GET /js/jquery.min.js HTTP/1.0" 404 1308 "http://www.wonder-geek.com/collectible-figurines-decorative-c-13_135.html?page=7" "Mozilla/5.0 (Linux; Android 6.0.1; Nexus 5X Build/MMB29P) AppleWebKit/537.36 (KHTML, like Gecko) Chrome/92.0.4515.119 Mobile Safari/537.36 (compatible; Googlebot/2.1; +http://www.google.com/bot.html)"
185.191.171.14 - - [10/Aug/2021:13:45:10 +0200] "GET /candy-cloud-unicorn-bubbles-p-49792.html HTTP/1.0" 200 73377 "-" "Mozilla/5.0 (compatible; SemrushBot/7~bl; +http://www.semrush.com/bot.html)"
192.99.5.228 - - [10/Aug/2021:13:45:11 +0200] "GET /set-of-bamboo-fiber-jars-roule-pour-moi-p-46516.html HTTP/1.0" 301 74317 "-" "Mozilla/5.0 (compatible; MJ12bot/v1.4.8; http://mj12bot.com/)"
207.46.13.39 - - [10/Aug/2021:13:45:12 +0200] "GET /-p-19026.html HTTP/1.0" 200 70200 "-" "Mozilla/5.0 (compatible; bingbot/2.0; +http://www.bing.com/bingbot.htm)"
185.191.171.40 - - [10/Aug/2021:13:45:47 +0200] "GET /home-decoration-c-13.html?page=107 HTTP/1.0" 200 92900 "-" "Mozilla/5.0 (compatible; SemrushBot/7~bl; +http://www.semrush.com/bot.html)"
192.99.5.228 - - [10/Aug/2021:13:45:53 +0200] "GET /bamboo-fiber-jars-roule-pour-p-46516.html HTTP/1.0" 200 74222 "-" "Mozilla/5.0 (compatible; MJ12bot/v1.4.8; http://mj12bot.com/)"
207.46.13.127 - - [10/Aug/2021:13:45:55 +0200] "GET /images/big_prod/3560600301985.jpg HTTP/1.0" 200 268 "-" "Mozilla/5.0 (Windows NT 6.1; WOW64) AppleWebKit/534+ (KHTML, like Gecko) BingPreview/1.0b"
157.55.39.5 - - [10/Aug/2021:13:46:07 +0200] "GET /-p-28826.html HTTP/1.0" 200 70200 "-" "Mozilla/5.0 (compatible; bingbot/2.0; +http://www.bing.com/bingbot.htm)"
157.55.39.122 - - [10/Aug/2021:13:46:28 +0200] "GET /-p-51428.html HTTP/1.0" 200 70200 "-" "Mozilla/5.0 (compatible; bingbot/2.0; +http://www.bing.com/bingbot.htm)"
192.99.5.228 - - [10/Aug/2021:13:46:36 +0200] "GET /set-of-beer-glasses-olympique-de-marseille-p-46526.html HTTP/1.0" 301 73711 "-" "Mozilla/5.0 (compatible; MJ12bot/v1.4.8; http://mj12bot.com/)"
157.55.39.44 - - [10/Aug/2021:13:46:49 +0200] "GET /-p-15820.html HTTP/1.0" 200 70200 "-" "Mozilla/5.0 (compatible; bingbot/2.0; +http://www.bing.com/bingbot.htm)"
157.55.39.156 - - [10/Aug/2021:13:47:00 +0200] "GET /-p-35459.html HTTP/1.0" 200 70200 "-" "Mozilla/5.0 (compatible; bingbot/2.0; +http://www.bing.com/bingbot.htm)"
192.99.5.228 - - [10/Aug/2021:13:47:19 +0200] "GET /beer-glasses-olympique-marseille-p-46526.html HTTP/1.0" 200 73612 "-" "Mozilla/5.0 (compatible; MJ12bot/v1.4.8; http://mj12bot.com/)"
157.55.39.51 - - [10/Aug/2021:13:47:22 +0200] "GET /buster-figure-p-8557.html HTTP/1.0" 200 72870 "-" "Mozilla/5.0 (compatible; bingbot/2.0; +http://www.bing.com/bingbot.htm)"
80.253.235.74 - - [10/Aug/2021:13:47:24 +0200] "GET /contact_us.php HTTP/1.0" 301 539 "-" "Mozilla/5.0 (Windows NT 6.3; Win64; x64) AppleWebKit/537.36 (KHTML, like Gecko) Chrome/75.0.3770.100 Safari/537.36"
80.253.235.74 - - [10/Aug/2021:13:47:24 +0200] "GET /contact_us.php HTTP/1.0" 200 26241 "-" "Mozilla/5.0 (Windows NT 6.3; Win64; x64) AppleWebKit/537.36 (KHTML, like Gecko) Chrome/75.0.3770.100 Safari/537.36"
51.68.224.127 - - [10/Aug/2021:13:47:39 +0200] "GET /adminweb/export_orders_xml.php?token=256de2z6edz6ed2z6DFSFsed2zed6zeDSFDSGdzedezfzf&maxorders=10&orderstart=1&status=14&start_date=2018-10-01 HTTP/1.0" 200 285 "-" "GesCom CharlotteBoutik Serveur"
51.68.224.127 - - [10/Aug/2021:13:47:39 +0200] "GET /adminweb/export_orders_xml.php?token=256de2z6edz6ed2z6DFSFsed2zed6zeDSFDSGdzedezfzf&maxorders=10&orderstart=1&status=6&start_date=2018-10-01 HTTP/1.0" 200 28601 "-" "GesCom CharlotteBoutik Serveur"
157.55.39.51 - - [10/Aug/2021:13:47:43 +0200] "GET /hello-kitty-figure-p-2906.html HTTP/1.0" 200 72900 "-" "Mozilla/5.0 (compatible; bingbot/2.0; +http://www.bing.com/bingbot.htm)"
192.99.5.228 - - [10/Aug/2021:13:48:06 +0200] "GET /set-of-coaster-retro-70-p-42012.html HTTP/1.0" 301 70350 "-" "Mozilla/5.0 (compatible; MJ12bot/v1.4.8; http://mj12bot.com/)"
207.46.13.101 - - [10/Aug/2021:13:48:06 +0200] "GET /solar-powered-shark-dancing-p-38828.html HTTP/1.0" 200 73121 "-" "Mozilla/5.0 (compatible; bingbot/2.0; +http://www.bing.com/bingbot.htm)"
192.99.5.228 - - [10/Aug/2021:13:48:34 +0200] "GET /coaster-retro-p-42012.html HTTP/1.0" 200 70270 "-" "Mozilla/5.0 (compatible; MJ12bot/v1.4.8; http://mj12bot.com/)"
157.55.39.156 - - [10/Aug/2021:13:48:40 +0200] "GET /klimt-little-tray-p-51680.html HTTP/1.0" 200 72862 "-" "Mozilla/5.0 (compatible; bingbot/2.0; +http://www.bing.com/bingbot.htm)"
185.191.171.2 - - [10/Aug/2021:13:48:49 +0200] "GET /waterproof-polyester-mattress-protector-90-190-cm-p-49341.html HTTP/1.0" 301 73180 "-" "Mozilla/5.0 (compatible; SemrushBot/7~bl; +http://www.semrush.com/bot.html)"
185.191.171.4 - - [10/Aug/2021:13:48:52 +0200] "GET /waterproof-polyester-mattress-protector-p-49341.html HTTP/1.0" 200 73074 "-" "Mozilla/5.0 (compatible; SemrushBot/7~bl; +http://www.semrush.com/bot.html)"
185.191.171.17 - - [10/Aug/2021:13:48:54 +0200] "GET /betty-boop-pink-vinyl-beauty-p-16551.html?action=add_product HTTP/1.0" 302 476 "-" "Mozilla/5.0 (compatible; SemrushBot/7~bl; +http://www.semrush.com/bot.html)"
207.46.13.175 - - [10/Aug/2021:13:48:56 +0200] "GET /playmobil-rule-p-13387.html HTTP/1.0" 200 72757 "-" "Mozilla/5.0 (compatible; bingbot/2.0; +http://www.bing.com/bingbot.htm)"
54.36.149.46 - - [10/Aug/2021:13:49:02 +0200] "GET /large-clock-retro-clock-50-cm-black-p-44780.html HTTP/1.0" 301 70402 "-" "Mozilla/5.0 (compatible; AhrefsBot/7.0; +http://ahrefs.com/robot/)"
192.99.5.228 - - [10/Aug/2021:13:49:13 +0200] "GET /set-of-coasters-bucolic-atmosphere-by-cbkreation-p-49145.html HTTP/1.0" 301 73210 "-" "Mozilla/5.0 (compatible; MJ12bot/v1.4.8; http://mj12bot.com/)"
54.36.148.242 - - [10/Aug/2021:13:49:14 +0200] "GET /pillow-case-light-brown-color-p-39686.html HTTP/1.0" 200 73176 "-" "Mozilla/5.0 (compatible; AhrefsBot/7.0; +http://ahrefs.com/robot/)"
207.46.13.175 - - [10/Aug/2021:13:49:16 +0200] "GET /-p-23938.html HTTP/1.0" 200 70200 "-" "Mozilla/5.0 (compatible; bingbot/2.0; +http://www.bing.com/bingbot.htm)"
40.77.167.106 - - [10/Aug/2021:13:49:20 +0200] "GET /hero-little-backpack-p-30377.html HTTP/1.0" 200 70282 "-" "Mozilla/5.0 (compatible; bingbot/2.0; +http://www.bing.com/bingbot.htm)"
185.191.171.33 - - [10/Aug/2021:13:49:31 +0200] "GET /fragrances-ambiance-c-231.html?page=18 HTTP/1.0" 200 93375 "-" "Mozilla/5.0 (compatible; SemrushBot/7~bl; +http://www.semrush.com/bot.html)"
207.46.13.101 - - [10/Aug/2021:13:49:36 +0200] "GET /kimmidoll-shopper-beige-satin-collection-p-13363.html HTTP/1.0" 200 70403 "-" "Mozilla/5.0 (compatible; bingbot/2.0; +http://www.bing.com/bingbot.htm)"
185.191.171.25 - - [10/Aug/2021:13:49:41 +0200] "GET /adult-apron-springy-collection-p-54746.html HTTP/1.0" 200 72883 "-" "Mozilla/5.0 (compatible; SemrushBot/7~bl; +http://www.semrush.com/bot.html)"
192.99.5.228 - - [10/Aug/2021:13:49:47 +0200] "GET /coasters-bucolic-atmosphere-cbkreation-p-49145.html HTTP/1.0" 200 73105 "-" "Mozilla/5.0 (compatible; MJ12bot/v1.4.8; http://mj12bot.com/)"
192.99.5.228 - - [10/Aug/2021:13:50:18 +0200] "GET /set-of-mini-glasses-betty-boop-p-17457.html HTTP/1.0" 301 70267 "-" "Mozilla/5.0 (compatible; MJ12bot/v1.4.8; http://mj12bot.com/)"
20.53.92.211 - - [10/Aug/2021:13:50:22 +0200] "GET /images/8421440012309.jpg HTTP/1.0" 200 259 "-" "DuckDuckBot/1.1; (+http://duckduckgo.com/duckduckbot.html)"
54.36.149.69 - - [10/Aug/2021:13:50:42 +0200] "GET /100-paris-mug-p-23507.html HTTP/1.0" 301 70267 "-" "Mozilla/5.0 (compatible; AhrefsBot/7.0; +http://ahrefs.com/robot/)"
192.99.5.228 - - [10/Aug/2021:13:50:59 +0200] "GET /-p-17457.html HTTP/1.0" 200 70200 "-" "Mozilla/5.0 (compatible; MJ12bot/v1.4.8; http://mj12bot.com/)"
207.46.13.127 - - [10/Aug/2021:13:51:00 +0200] "GET /-p-28572.html HTTP/1.0" 200 70200 "-" "Mozilla/5.0 (compatible; bingbot/2.0; +http://www.bing.com/bingbot.htm)"
207.46.13.127 - - [10/Aug/2021:13:51:01 +0200] "GET /-p-21939.html HTTP/1.0" 200 70200 "-" "Mozilla/5.0 (compatible; bingbot/2.0; +http://www.bing.com/bingbot.htm)"
157.55.39.44 - - [10/Aug/2021:13:51:09 +0200] "GET /hello-kitty-sports-bottle-p-25066.html HTTP/1.0" 200 72852 "-" "Mozilla/5.0 (compatible; bingbot/2.0; +http://www.bing.com/bingbot.htm)"
157.55.39.44 - - [10/Aug/2021:13:51:10 +0200] "GET /specials.php HTTP/1.0" 200 125683 "-" "Mozilla/5.0 (compatible; bingbot/2.0; +http://www.bing.com/bingbot.htm)"
157.55.39.5 - - [10/Aug/2021:13:51:28 +0200] "GET /-p-18040.html HTTP/1.0" 200 70200 "-" "Mozilla/5.0 (compatible; bingbot/2.0; +http://www.bing.com/bingbot.htm)"
207.46.13.101 - - [10/Aug/2021:13:51:36 +0200] "GET /large-and-maxi-trays-c-12_159_262.html HTTP/1.0" 301 89724 "-" "Mozilla/5.0 (compatible; bingbot/2.0; +http://www.bing.com/bingbot.htm)"
185.191.171.23 - - [10/Aug/2021:13:51:39 +0200] "GET /fireflower-metal-capacity-p-55184.html?action=add_product HTTP/1.0" 302 476 "-" "Mozilla/5.0 (compatible; SemrushBot/7~bl; +http://www.semrush.com/bot.html)"
52.188.161.244 - - [10/Aug/2021:13:51:49 +0200] "GET /images/DSCN4046.jpg HTTP/1.0" 200 254 "-" "Mozilla/5.0 (X11; Linux i686) AppleWebKit/537.17 (KHTML, like Gecko) Chrome/24.0.1312.27 Safari/537.17"
192.99.5.228 - - [10/Aug/2021:13:51:50 +0200] "GET /set-of-star-mandala-pattern-coasters-p-47455.html HTTP/1.0" 301 73641 "-" "Mozilla/5.0 (compatible; MJ12bot/v1.4.8; http://mj12bot.com/)"
207.46.13.39 - - [10/Aug/2021:13:52:04 +0200] "GET /walking-dead-shirt-p-29586.html HTTP/1.0" 200 74490 "-" "Mozilla/5.0 (compatible; bingbot/2.0; +http://www.bing.com/bingbot.htm)"
185.191.171.6 - - [10/Aug/2021:13:52:23 +0200] "GET /rectangular-clock-quote-p-42929.html?action=add_product HTTP/1.0" 302 476 "-" "Mozilla/5.0 (compatible; SemrushBot/7~bl; +http://www.semrush.com/bot.html)"
185.191.171.33 - - [10/Aug/2021:13:52:24 +0200] "GET /glass-cutting-board-cbkreation-p-51314.html HTTP/1.0" 200 72906 "-" "Mozilla/5.0 (compatible; SemrushBot/7~bl; +http://www.semrush.com/bot.html)"
157.55.39.122 - - [10/Aug/2021:13:52:29 +0200] "GET /-p-24016.html HTTP/1.0" 200 70200 "-" "Mozilla/5.0 (compatible; bingbot/2.0; +http://www.bing.com/bingbot.htm)"
192.99.5.228 - - [10/Aug/2021:13:52:31 +0200] "GET /star-mandala-pattern-coasters-p-47455.html HTTP/1.0" 200 73545 "-" "Mozilla/5.0 (compatible; MJ12bot/v1.4.8; http://mj12bot.com/)"
66.249.66.218 - - [10/Aug/2021:13:52:33 +0200] "GET /dubout-cats-large-portfolio-p-32246.html HTTP/1.0" 200 73054 "-" "Mozilla/5.0 (compatible; Googlebot/2.1; +http://www.google.com/bot.html)"
207.46.13.101 - - [10/Aug/2021:13:52:48 +0200] "GET /headrest-cushion-blue-50-70-cm-p-44365.html HTTP/1.0" 301 73579 "-" "Mozilla/5.0 (compatible; bingbot/2.0; +http://www.bing.com/bingbot.htm)"
207.46.13.175 - - [10/Aug/2021:13:52:57 +0200] "GET /-p-33450.html HTTP/1.0" 200 70200 "-" "Mozilla/5.0 (compatible; bingbot/2.0; +http://www.bing.com/bingbot.htm)"
54.36.148.44 - - [10/Aug/2021:13:52:59 +0200] "GET /isothermic-stainless-steel-bottle-corsica-by-cbkreation-p-51048.html HTTP/1.0" 301 73900 "-" "Mozilla/5.0 (compatible; AhrefsBot/7.0; +http://ahrefs.com/robot/)"
157.55.39.156 - - [10/Aug/2021:13:53:02 +0200] "GET /-p-23264.html HTTP/1.0" 200 70200 "-" "Mozilla/5.0 (compatible; bingbot/2.0; +http://www.bing.com/bingbot.htm)"
192.99.5.228 - - [10/Aug/2021:13:53:09 +0200] "GET /sevan-bedclothes-220-240-cm-p-41774.html HTTP/1.0" 301 70267 "-" "Mozilla/5.0 (compatible; MJ12bot/v1.4.8; http://mj12bot.com/)"
185.191.171.6 - - [10/Aug/2021:13:53:11 +0200] "GET /rapunzel-pascal-figure-p-8562.html?action=add_product HTTP/1.0" 302 476 "-" "Mozilla/5.0 (compatible; SemrushBot/7~bl; +http://www.semrush.com/bot.html)"
185.191.171.45 - - [10/Aug/2021:13:53:29 +0200] "GET /corsica-mini-metal-tray-p-44857.html HTTP/1.0" 200 72919 "-" "Mozilla/5.0 (compatible; SemrushBot/7~bl; +http://www.semrush.com/bot.html)"
185.191.171.5 - - [10/Aug/2021:13:53:36 +0200] "GET /bistrot-amis-retro-verrines-p-42677.html?action=add_product HTTP/1.0" 302 476 "-" "Mozilla/5.0 (compatible; SemrushBot/7~bl; +http://www.semrush.com/bot.html)"
192.99.5.228 - - [10/Aug/2021:13:53:49 +0200] "GET /-p-41774.html HTTP/1.0" 200 70200 "-" "Mozilla/5.0 (compatible; MJ12bot/v1.4.8; http://mj12bot.com/)"
182.160.6.224 - - [10/Aug/2021:13:54:11 +0200] "GET /images/mini_prod/8433934003595.jpg HTTP/1.0" 200 269 "-" "Python/3.7 aiohttp/3.7.4.post0"
66.249.82.114 - - [10/Aug/2021:13:54:20 +0200] "GET /images/big_prod/4010229021300.jpg HTTP/1.0" 200 268 "-" "Mozilla/5.0 (Windows NT 5.1; rv:11.0) Gecko Firefox/11.0 (via ggpht.com GoogleImageProxy)"
157.55.39.51 - - [10/Aug/2021:13:54:33 +0200] "GET /mini-metal-tray-banania-patchwork-p-35252.html HTTP/1.0" 200 73019 "-" "Mozilla/5.0 (compatible; bingbot/2.0; +http://www.bing.com/bingbot.htm)"
157.55.39.51 - - [10/Aug/2021:13:54:35 +0200] "GET /daffy-duck-figure-p-3620.html HTTP/1.0" 200 70256 "-" "Mozilla/5.0 (compatible; bingbot/2.0; +http://www.bing.com/bingbot.htm)"
54.36.148.217 - - [10/Aug/2021:13:54:35 +0200] "GET /so-vintage-pink-phone-cover-for-iphone-p-20214.html HTTP/1.0" 301 75368 "-" "Mozilla/5.0 (compatible; AhrefsBot/7.0; +http://ahrefs.com/robot/)"
62.210.188.218 - - [10/Aug/2021:13:54:37 +0200] "GET /wallet-c-31_237.html HTTP/1.0" 200 91467 "-" "Mozilla/5.0 (compatible; Barkrowler/0.9; +https://babbar.tech/crawler)"
185.191.171.19 - - [10/Aug/2021:13:54:42 +0200] "GET /luggages-schoolbags-leather-shop-c-31.html HTTP/1.0" 200 92201 "-" "Mozilla/5.0 (compatible; SemrushBot/7~bl; +http://www.semrush.com/bot.html)"
192.99.5.228 - - [10/Aug/2021:13:54:43 +0200] "GET /sevan-bedclothes-260-240-cm-p-41775.html HTTP/1.0" 301 70267 "-" "Mozilla/5.0 (compatible; MJ12bot/v1.4.8; http://mj12bot.com/)"
62.210.188.218 - - [10/Aug/2021:13:54:53 +0200] "GET /towel-p-5735.html HTTP/1.0" 200 72870 "-" "Mozilla/5.0 (compatible; Barkrowler/0.9; +https://babbar.tech/crawler)"
