66.249.66.216 - - [11/Aug/2021:01:49:58 +0200] "GET /mani-lucky-white-keychain-p-42477.html HTTP/1.0" 200 70322 "-" "Mozilla/5.0 (Linux; Android 6.0.1; Nexus 5X Build/MMB29P) AppleWebKit/537.36 (KHTML, like Gecko) Chrome/92.0.4515.119 Mobile Safari/537.36 (compatible; Googlebot/2.1; +http://www.google.com/bot.html)"
64.62.252.176 - - [11/Aug/2021:01:50:09 +0200] "GET /disney-princess-belle-metal-p-26698.html HTTP/1.0" 200 72996 "-" "The Knowledge AI"
66.249.66.218 - - [11/Aug/2021:01:50:17 +0200] "GET /beautiful-ladybug-figure-p-3943.html HTTP/1.0" 200 73691 "-" "Mozilla/5.0 (compatible; Googlebot/2.1; +http://www.google.com/bot.html)"
54.36.148.84 - - [11/Aug/2021:01:50:18 +0200] "GET /gund-boo-plush-13-cm-p-44581.html HTTP/1.0" 301 72947 "-" "Mozilla/5.0 (compatible; AhrefsBot/7.0; +http://ahrefs.com/robot/)"
54.36.148.242 - - [11/Aug/2021:01:50:21 +0200] "GET /frida-with-infuser-blue-p-52861.html HTTP/1.0" 200 72869 "-" "Mozilla/5.0 (compatible; AhrefsBot/7.0; +http://ahrefs.com/robot/)"
64.62.252.176 - - [11/Aug/2021:01:50:30 +0200] "GET /disney-princess-large-metal-p-26701.html HTTP/1.0" 200 72995 "-" "The Knowledge AI"
64.62.252.176 - - [11/Aug/2021:01:50:42 +0200] "GET /minnie-mouse-metal-p-26703.html HTTP/1.0" 200 72927 "-" "The Knowledge AI"
54.36.148.41 - - [11/Aug/2021:01:50:52 +0200] "GET /large-pendulum-to-hang-chef-le-normand-p-53210.html HTTP/1.0" 301 70433 "-" "Mozilla/5.0 (compatible; AhrefsBot/7.0; +http://ahrefs.com/robot/)"
185.191.171.33 - - [11/Aug/2021:01:50:52 +0200] "GET /yuna-phone-cover-iphone-p-18005.html?action=add_product HTTP/1.0" 302 476 "-" "Mozilla/5.0 (compatible; SemrushBot/7~bl; +http://www.semrush.com/bot.html)"
64.62.252.176 - - [11/Aug/2021:01:50:56 +0200] "GET /london-metal-p-35933.html HTTP/1.0" 200 72907 "-" "The Knowledge AI"
64.62.252.176 - - [11/Aug/2021:01:51:09 +0200] "GET /blue-distributor-p-50101.html HTTP/1.0" 200 72954 "-" "The Knowledge AI"
64.62.252.176 - - [11/Aug/2021:01:51:21 +0200] "GET /pink-distributor-p-50100.html HTTP/1.0" 200 72954 "-" "The Knowledge AI"
185.191.171.20 - - [11/Aug/2021:01:51:22 +0200] "GET /archangels-aromatika-incense-sticks-p-53447.html HTTP/1.0" 200 72997 "-" "Mozilla/5.0 (compatible; SemrushBot/7~bl; +http://www.semrush.com/bot.html)"
157.55.39.122 - - [11/Aug/2021:01:51:26 +0200] "GET /candy-cloud-notepad-bella-p-49841.html HTTP/1.0" 200 72886 "-" "Mozilla/5.0 (compatible; bingbot/2.0; +http://www.bing.com/bingbot.htm)"
64.62.252.176 - - [11/Aug/2021:01:51:35 +0200] "GET /minnie-mouse-large-metal-p-26704.html HTTP/1.0" 200 72982 "-" "The Knowledge AI"
54.36.148.242 - - [11/Aug/2021:01:51:48 +0200] "GET /headrest-cushion-blue-p-43996.html HTTP/1.0" 200 72884 "-" "Mozilla/5.0 (compatible; AhrefsBot/7.0; +http://ahrefs.com/robot/)"
64.62.252.176 - - [11/Aug/2021:01:51:52 +0200] "GET /british-round-p-15931.html HTTP/1.0" 200 72928 "-" "The Knowledge AI"
64.62.252.176 - - [11/Aug/2021:01:52:05 +0200] "GET /british-round-p-15933.html HTTP/1.0" 200 72920 "-" "The Knowledge AI"
157.55.39.44 - - [11/Aug/2021:01:52:07 +0200] "GET /johnny-hallyday-cigarettes-case-p-51147.html HTTP/1.0" 200 73754 "-" "Mozilla/5.0 (compatible; bingbot/2.0; +http://www.bing.com/bingbot.htm)"
64.62.252.176 - - [11/Aug/2021:01:52:18 +0200] "GET /funky-dolls-round-p-18851.html HTTP/1.0" 200 72936 "-" "The Knowledge AI"
157.55.39.51 - - [11/Aug/2021:01:52:23 +0200] "GET /cats-teapot-with-metal-infuser-p-37903.html HTTP/1.0" 200 70347 "-" "Mozilla/5.0 (compatible; bingbot/2.0; +http://www.bing.com/bingbot.htm)"
157.55.39.44 - - [11/Aug/2021:01:52:28 +0200] "GET /wall-decoration-in-wood-and-mdf-c-13_274.html HTTP/1.0" 301 92674 "-" "Mozilla/5.0 (compatible; bingbot/2.0; +http://www.bing.com/bingbot.htm)"
207.46.13.127 - - [11/Aug/2021:01:52:30 +0200] "GET /beyblade-mattress-swimming-pool-p-14358.html HTTP/1.0" 200 73031 "-" "Mozilla/5.0 (compatible; bingbot/2.0; +http://www.bing.com/bingbot.htm)"
64.62.252.176 - - [11/Aug/2021:01:52:31 +0200] "GET /cars-straws-p-16548.html HTTP/1.0" 200 72947 "-" "The Knowledge AI"
207.46.13.101 - - [11/Aug/2021:01:52:33 +0200] "GET /ogc-nice-towel-p-38279.html HTTP/1.0" 301 70267 "-" "Mozilla/5.0 (compatible; bingbot/2.0; +http://www.bing.com/bingbot.htm)"
207.46.13.175 - - [11/Aug/2021:01:52:38 +0200] "GET /sonny-angel-figure-series-hawaii-beach-p-30967.html HTTP/1.0" 200 73181 "-" "Mozilla/5.0 (compatible; bingbot/2.0; +http://www.bing.com/bingbot.htm)"
64.62.252.176 - - [11/Aug/2021:01:52:44 +0200] "GET /spiderman-straws-p-16546.html HTTP/1.0" 200 73014 "-" "The Knowledge AI"
157.55.39.5 - - [11/Aug/2021:01:52:45 +0200] "GET /helia-small-ashtray-p-47852.html HTTP/1.0" 200 72786 "-" "Mozilla/5.0 (compatible; bingbot/2.0; +http://www.bing.com/bingbot.htm)"
185.191.171.23 - - [11/Aug/2021:01:52:51 +0200] "GET /ceramic-salt-box-aderne-p-47879.html HTTP/1.0" 301 72956 "-" "Mozilla/5.0 (compatible; SemrushBot/7~bl; +http://www.semrush.com/bot.html)"
185.191.171.45 - - [11/Aug/2021:01:52:53 +0200] "GET /ceramic-salt-aderne-p-47879.html HTTP/1.0" 200 72870 "-" "Mozilla/5.0 (compatible; SemrushBot/7~bl; +http://www.semrush.com/bot.html)"
185.191.171.38 - - [11/Aug/2021:01:52:57 +0200] "GET /round-chair-cushion-reversible-linen-p-54654.html?action=add_product HTTP/1.0" 302 476 "-" "Mozilla/5.0 (compatible; SemrushBot/7~bl; +http://www.semrush.com/bot.html)"
64.62.252.176 - - [11/Aug/2021:01:53:04 +0200] "GET /gorjuss-trinket-beeloved-just-beecause-p-46931.html HTTP/1.0" 200 74290 "-" "The Knowledge AI"
54.36.148.242 - - [11/Aug/2021:01:53:16 +0200] "GET /frida-with-infuser-pink-p-52863.html HTTP/1.0" 200 72869 "-" "Mozilla/5.0 (compatible; AhrefsBot/7.0; +http://ahrefs.com/robot/)"
64.62.252.176 - - [11/Aug/2021:01:53:16 +0200] "GET /gorjuss-trinket-ladybird-p-49465.html HTTP/1.0" 200 73941 "-" "The Knowledge AI"
64.62.252.176 - - [11/Aug/2021:01:53:29 +0200] "GET /gorjuss-trinket-hatter-p-49469.html HTTP/1.0" 200 73951 "-" "The Knowledge AI"
54.36.148.251 - - [11/Aug/2021:01:53:36 +0200] "GET /set-of-pair-of-socks-strawberry-shortcake-size-27-30-p-25283.html HTTP/1.0" 301 70267 "-" "Mozilla/5.0 (compatible; AhrefsBot/7.0; +http://ahrefs.com/robot/)"
64.62.252.176 - - [11/Aug/2021:01:53:42 +0200] "GET /kothai-small-p-26705.html HTTP/1.0" 200 72900 "-" "The Knowledge AI"
157.55.39.51 - - [11/Aug/2021:01:53:54 +0200] "GET /stationery-and-cardmaking-c-129.html HTTP/1.0" 301 92340 "-" "Mozilla/5.0 (compatible; bingbot/2.0; +http://www.bing.com/bingbot.htm)"
64.62.252.176 - - [11/Aug/2021:01:53:55 +0200] "GET /amys-p-54236.html HTTP/1.0" 200 73611 "-" "The Knowledge AI"
64.62.252.176 - - [11/Aug/2021:01:54:16 +0200] "GET /amys-p-54751.html HTTP/1.0" 200 73611 "-" "The Knowledge AI"
207.46.13.175 - - [11/Aug/2021:01:54:26 +0200] "GET /-p-24784.html HTTP/1.0" 200 70200 "-" "Mozilla/5.0 (compatible; bingbot/2.0; +http://www.bing.com/bingbot.htm)"
64.62.252.176 - - [11/Aug/2021:01:54:28 +0200] "GET /musical-c-13_150_149.html?page=2 HTTP/1.0" 200 85983 "-" "The Knowledge AI"
207.46.13.101 - - [11/Aug/2021:01:54:38 +0200] "GET /blue-moneybox-safe-p-40191.html HTTP/1.0" 301 70267 "-" "Mozilla/5.0 (compatible; bingbot/2.0; +http://www.bing.com/bingbot.htm)"
54.36.148.242 - - [11/Aug/2021:01:54:41 +0200] "GET /african-woman-decoration-p-55583.html HTTP/1.0" 200 73959 "-" "Mozilla/5.0 (compatible; AhrefsBot/7.0; +http://ahrefs.com/robot/)"
64.62.252.176 - - [11/Aug/2021:01:54:42 +0200] "GET /musical-jewelry-p-42719.html HTTP/1.0" 200 72942 "-" "The Knowledge AI"
185.191.171.11 - - [11/Aug/2021:01:54:45 +0200] "GET /kimmidoll-haruyo-magnets-p-31960.html?action=add_product HTTP/1.0" 302 476 "-" "Mozilla/5.0 (compatible; SemrushBot/7~bl; +http://www.semrush.com/bot.html)"
54.36.149.24 - - [11/Aug/2021:01:54:49 +0200] "GET /grumpy-figure-collection-by-romero-britto-p-53508.html HTTP/1.0" 301 74077 "-" "Mozilla/5.0 (compatible; AhrefsBot/7.0; +http://ahrefs.com/robot/)"
64.62.252.176 - - [11/Aug/2021:01:54:55 +0200] "GET /mcstuffins-musical-jewelry-p-26783.html HTTP/1.0" 200 73049 "-" "The Knowledge AI"
157.55.39.156 - - [11/Aug/2021:01:54:59 +0200] "GET /-p-9452.html HTTP/1.0" 200 70198 "-" "Mozilla/5.0 (compatible; bingbot/2.0; +http://www.bing.com/bingbot.htm)"
185.191.171.18 - - [11/Aug/2021:01:55:01 +0200] "GET /nici-bubble-keyring-plush-p-35195.html?action=add_product HTTP/1.0" 302 476 "-" "Mozilla/5.0 (compatible; SemrushBot/7~bl; +http://www.semrush.com/bot.html)"
40.77.167.106 - - [11/Aug/2021:01:55:06 +0200] "GET /-p-29858.html HTTP/1.0" 200 70200 "-" "Mozilla/5.0 (compatible; bingbot/2.0; +http://www.bing.com/bingbot.htm)"
64.62.252.176 - - [11/Aug/2021:01:55:07 +0200] "GET /disney-princess-jewelry-p-37039.html HTTP/1.0" 200 73750 "-" "The Knowledge AI"
64.62.252.176 - - [11/Aug/2021:01:55:21 +0200] "GET /ballerina-jewelry-p-36933.html HTTP/1.0" 200 73802 "-" "The Knowledge AI"
157.55.39.156 - - [11/Aug/2021:01:55:21 +0200] "GET /vespa-keychain-knife-p-23067.html HTTP/1.0" 200 70291 "-" "Mozilla/5.0 (compatible; bingbot/2.0; +http://www.bing.com/bingbot.htm)"
64.62.252.176 - - [11/Aug/2021:01:55:41 +0200] "GET /ballerina-musical-jewelry-glow-dark-p-53237.html HTTP/1.0" 200 74419 "-" "The Knowledge AI"
64.62.252.176 - - [11/Aug/2021:01:55:54 +0200] "GET /ballerina-musical-jewelry-glow-dark-p-53239.html HTTP/1.0" 200 74179 "-" "The Knowledge AI"
207.46.13.175 - - [11/Aug/2021:01:55:55 +0200] "GET /swfobject.js HTTP/1.0" 404 1308 "-" "Mozilla/5.0 (compatible; bingbot/2.0; +http://www.bing.com/bingbot.htm)"
207.46.13.101 - - [11/Aug/2021:01:55:59 +0200] "GET /ethnic-style-burlap-table-p-48450.html HTTP/1.0" 200 70290 "-" "Mozilla/5.0 (compatible; bingbot/2.0; +http://www.bing.com/bingbot.htm)"
64.62.252.176 - - [11/Aug/2021:01:56:07 +0200] "GET /dancer-ballerina-jewelry-phosphorescent-p-50832.html HTTP/1.0" 200 74219 "-" "The Knowledge AI"
54.36.148.242 - - [11/Aug/2021:01:56:15 +0200] "GET /slate-baseball-helmet-metal-black-p-45432.html HTTP/1.0" 200 72961 "-" "Mozilla/5.0 (compatible; AhrefsBot/7.0; +http://ahrefs.com/robot/)"
66.249.66.218 - - [11/Aug/2021:01:56:17 +0200] "GET /beyblade-mattress-swimming-pool-p-14358.html HTTP/1.0" 200 73031 "-" "Mozilla/5.0 (Linux; Android 6.0.1; Nexus 5X Build/MMB29P) AppleWebKit/537.36 (KHTML, like Gecko) Chrome/92.0.4515.119 Mobile Safari/537.36 (compatible; Googlebot/2.1; +http://www.google.com/bot.html)"
54.36.148.69 - - [11/Aug/2021:01:56:19 +0200] "GET /fitted-sheet-90-190-cm-color-anise-p-38876.html HTTP/1.0" 301 70267 "-" "Mozilla/5.0 (compatible; AhrefsBot/7.0; +http://ahrefs.com/robot/)"
64.62.252.176 - - [11/Aug/2021:01:56:19 +0200] "GET /dancer-ballerina-jewelry-phosphorescent-p-50834.html HTTP/1.0" 200 74460 "-" "The Knowledge AI"
40.77.167.106 - - [11/Aug/2021:01:56:26 +0200] "GET /despicable-large-flat-pocket-p-34125.html HTTP/1.0" 200 73002 "-" "Mozilla/5.0 (compatible; bingbot/2.0; +http://www.bing.com/bingbot.htm)"
64.62.252.176 - - [11/Aug/2021:01:56:32 +0200] "GET /musical-jewelery-tutu-dancer-p-50833.html HTTP/1.0" 200 74000 "-" "The Knowledge AI"
64.62.252.176 - - [11/Aug/2021:01:56:51 +0200] "GET /flower-fairies-jewelry-p-53246.html HTTP/1.0" 200 73827 "-" "The Knowledge AI"
64.62.252.176 - - [11/Aug/2021:01:57:04 +0200] "GET /flower-fairies-jewelry-p-53247.html HTTP/1.0" 200 73819 "-" "The Knowledge AI"
185.191.171.15 - - [11/Aug/2021:01:57:09 +0200] "GET /adhesive-roll-unicorns-p-55773.html?action=add_product HTTP/1.0" 302 476 "-" "Mozilla/5.0 (compatible; SemrushBot/7~bl; +http://www.semrush.com/bot.html)"
5.29.43.34 - - [11/Aug/2021:01:57:15 +0200] "GET /images/3298061509113.jpg HTTP/1.0" 404 1308 "-" "Mozilla/5.0 (Linux; Android 10; SAMSUNG SM-G960F) AppleWebKit/537.36 (KHTML, like Gecko) SamsungBrowser/14.2 Chrome/87.0.4280.141 Mobile Safari/537.36"
64.62.252.176 - - [11/Aug/2021:01:57:17 +0200] "GET /disney-princess-jewelry-p-37038.html HTTP/1.0" 200 73752 "-" "The Knowledge AI"
64.62.252.176 - - [11/Aug/2021:01:57:30 +0200] "GET /frozen-elsa-anna-jewelry-p-37026.html HTTP/1.0" 200 73768 "-" "The Knowledge AI"
54.36.148.242 - - [11/Aug/2021:01:57:38 +0200] "GET /handy-manny-pencil-case-p-13370.html HTTP/1.0" 200 73224 "-" "Mozilla/5.0 (compatible; AhrefsBot/7.0; +http://ahrefs.com/robot/)"
64.62.252.176 - - [11/Aug/2021:01:57:43 +0200] "GET /frozen-elsa-anna-jewelry-p-37027.html HTTP/1.0" 200 73767 "-" "The Knowledge AI"
207.46.13.101 - - [11/Aug/2021:01:57:48 +0200] "GET /clocks-c-13_67.html?page=11 HTTP/1.0" 200 91780 "-" "Mozilla/5.0 (compatible; bingbot/2.0; +http://www.bing.com/bingbot.htm)"
54.36.148.16 - - [11/Aug/2021:01:57:51 +0200] "GET /porcelain-mug-set-grumpy-and-impish-tassen-made-in-germany-p-48479.html HTTP/1.0" 301 75081 "-" "Mozilla/5.0 (compatible; AhrefsBot/7.0; +http://ahrefs.com/robot/)"
64.62.252.176 - - [11/Aug/2021:01:58:04 +0200] "GET /frozen-elsa-anna-jewelry-p-37028.html HTTP/1.0" 200 73767 "-" "The Knowledge AI"
147.92.153.19 - - [11/Aug/2021:01:58:06 +0200] "GET /suitcase-lunch-lunch-c-12_64.html HTTP/1.0" 200 82015 "-" "Mozilla/5.0 (compatible; Linespider/1.1; +https://lin.ee/4dwXkTH)"
64.62.252.176 - - [11/Aug/2021:01:58:15 +0200] "GET /phosphorescent-musical-jewelry-dancer-p-41992.html HTTP/1.0" 200 74218 "-" "The Knowledge AI"
64.62.252.176 - - [11/Aug/2021:01:58:29 +0200] "GET /little-prince-green-jewelry-p-53235.html HTTP/1.0" 200 73926 "-" "The Knowledge AI"
185.191.171.2 - - [11/Aug/2021:01:58:36 +0200] "GET /decorative-statuettes-monkeys-wisdom-orange-p-52731.html HTTP/1.0" 200 73110 "-" "Mozilla/5.0 (compatible; SemrushBot/7~bl; +http://www.semrush.com/bot.html)"
64.62.252.176 - - [11/Aug/2021:01:58:42 +0200] "GET /little-prince-jewelry-p-51620.html HTTP/1.0" 200 74256 "-" "The Knowledge AI"
185.191.171.5 - - [11/Aug/2021:01:58:49 +0200] "GET /transparent-gemstone-holder-spheres-eggs-or-lingams-p-46292.html HTTP/1.0" 301 70509 "-" "Mozilla/5.0 (compatible; SemrushBot/7~bl; +http://www.semrush.com/bot.html)"
111.225.148.103 - - [11/Aug/2021:01:58:49 +0200] "GET /silver-ceramic-lamp-p-52783.html HTTP/1.0" 200 73430 "-" "Mozilla/5.0 (Linux; Android 5.0) AppleWebKit/537.36 (KHTML, like Gecko) Mobile Safari/537.36 (compatible; Bytespider; https://zhanzhang.toutiao.com/)"
111.225.148.105 - - [11/Aug/2021:01:58:52 +0200] "GET /swfobject.js HTTP/1.0" 404 1308 "http://www.wonder-geek.com/silver-ceramic-lamp-p-52783.html" "Mozilla/5.0 (Linux; Android 5.0) AppleWebKit/537.36 (KHTML, like Gecko) Mobile Safari/537.36 (compatible; Bytespider; https://zhanzhang.toutiao.com/)"
185.191.171.45 - - [11/Aug/2021:01:58:53 +0200] "GET /transparent-gemstone-holder-spheres-eggs-lingams-p-46292.html HTTP/1.0" 200 70394 "-" "Mozilla/5.0 (compatible; SemrushBot/7~bl; +http://www.semrush.com/bot.html)"
111.225.148.102 - - [11/Aug/2021:01:58:55 +0200] "GET /images/big_prod_1/8424345302629B.jpg HTTP/1.0" 200 271 "http://www.wonder-geek.com/silver-ceramic-lamp-p-52783.html" "Mozilla/5.0 (Linux; Android 5.0) AppleWebKit/537.36 (KHTML, like Gecko) Mobile Safari/537.36 (compatible; Bytespider; https://zhanzhang.toutiao.com/)"
111.225.148.102 - - [11/Aug/2021:01:58:55 +0200] "GET /highslide/graphics/zoomout.cur HTTP/1.0" 200 614 "http://www.wonder-geek.com/silver-ceramic-lamp-p-52783.html" "Mozilla/5.0 (Linux; Android 5.0) AppleWebKit/537.36 (KHTML, like Gecko) Mobile Safari/537.36 (compatible; Bytespider; https://zhanzhang.toutiao.com/)"
111.225.148.115 - - [11/Aug/2021:01:58:56 +0200] "GET /images/big_prod/8424345302629.jpg HTTP/1.0" 200 268 "http://www.wonder-geek.com/silver-ceramic-lamp-p-52783.html" "Mozilla/5.0 (Linux; Android 5.0) AppleWebKit/537.36 (KHTML, like Gecko) Mobile Safari/537.36 (compatible; Bytespider; https://zhanzhang.toutiao.com/)"
64.62.252.176 - - [11/Aug/2021:01:58:55 +0200] "GET /little-prince-pink-jewelry-p-41994.html HTTP/1.0" 200 73892 "-" "The Knowledge AI"
54.36.148.242 - - [11/Aug/2021:01:59:00 +0200] "GET /vintage-phone-cover-iphone-p-20216.html HTTP/1.0" 200 75528 "-" "Mozilla/5.0 (compatible; AhrefsBot/7.0; +http://ahrefs.com/robot/)"
157.55.39.156 - - [11/Aug/2021:01:59:00 +0200] "GET /dollar-money-cbkreation-p-24136.html HTTP/1.0" 200 72911 "-" "Mozilla/5.0 (compatible; bingbot/2.0; +http://www.bing.com/bingbot.htm)"
64.62.252.176 - - [11/Aug/2021:01:59:08 +0200] "GET /elmer-jewelry-p-16451.html HTTP/1.0" 200 73110 "-" "The Knowledge AI"
207.46.13.39 - - [11/Aug/2021:01:59:11 +0200] "GET /retro-flip-alarm-clock-verdigris-p-53139.html HTTP/1.0" 200 73060 "-" "Mozilla/5.0 (compatible; bingbot/2.0; +http://www.bing.com/bingbot.htm)"
64.62.252.176 - - [11/Aug/2021:01:59:25 +0200] "GET /marilyn-monroe-little-storage-p-5115.html HTTP/1.0" 200 73071 "-" "The Knowledge AI"
64.62.252.176 - - [11/Aug/2021:01:59:39 +0200] "GET /buddha-resin-p-38536.html HTTP/1.0" 200 72972 "-" "The Knowledge AI"
64.62.252.176 - - [11/Aug/2021:01:59:51 +0200] "GET /deco-soapstone-tree-life-blue-p-53789.html HTTP/1.0" 200 73767 "-" "The Knowledge AI"
64.62.252.176 - - [11/Aug/2021:02:00:04 +0200] "GET /deco-soapstone-tree-life-green-p-53787.html HTTP/1.0" 200 73776 "-" "The Knowledge AI"
207.46.13.101 - - [11/Aug/2021:02:00:18 +0200] "GET /princess-disney-pink-swimsuit-p-30310.html HTTP/1.0" 200 74334 "-" "Mozilla/5.0 (compatible; bingbot/2.0; +http://www.bing.com/bingbot.htm)"
185.191.171.1 - - [11/Aug/2021:02:00:19 +0200] "GET /challenger-attack-products-p-29390.html?action=add_product HTTP/1.0" 302 476 "-" "Mozilla/5.0 (compatible; SemrushBot/7~bl; +http://www.semrush.com/bot.html)"
54.36.148.242 - - [11/Aug/2021:02:00:24 +0200] "GET /electric-bulb-illuminated-sign-never-stop-believing-p-46279.html HTTP/1.0" 200 74177 "-" "Mozilla/5.0 (compatible; AhrefsBot/7.0; +http://ahrefs.com/robot/)"
54.36.148.72 - - [11/Aug/2021:02:00:30 +0200] "GET /hello-kitty-chalkboard-giant-wall-sticker-p-3804.html HTTP/1.0" 301 70264 "-" "Mozilla/5.0 (compatible; AhrefsBot/7.0; +http://ahrefs.com/robot/)"
64.62.252.176 - - [11/Aug/2021:02:00:25 +0200] "GET /deco-soapstone-tree-life-orange-p-53791.html HTTP/1.0" 200 73785 "-" "The Knowledge AI"
185.191.171.25 - - [11/Aug/2021:02:00:51 +0200] "GET /snow-white-evil-queen-disney-traditions-p-55220.html?action=add_product HTTP/1.0" 302 476 "-" "Mozilla/5.0 (compatible; SemrushBot/7~bl; +http://www.semrush.com/bot.html)"
54.36.149.3 - - [11/Aug/2021:02:00:47 +0200] "GET /set-of-bears-fir-decoration-10-cm-p-49238.html HTTP/1.0" 301 70373 "-" "Mozilla/5.0 (compatible; AhrefsBot/7.0; +http://ahrefs.com/robot/)"
64.62.252.176 - - [11/Aug/2021:02:00:53 +0200] "GET /deco-soapstone-tree-life-purple-p-53790.html HTTP/1.0" 200 73785 "-" "The Knowledge AI"
54.36.148.154 - - [11/Aug/2021:02:01:08 +0200] "GET /mickey-pvc-led-ceiling-light-p-33145.html HTTP/1.0" 301 70267 "-" "Mozilla/5.0 (compatible; AhrefsBot/7.0; +http://ahrefs.com/robot/)"
64.62.252.176 - - [11/Aug/2021:02:01:10 +0200] "GET /mickey-minnie-collection-romano-britto-p-20751.html HTTP/1.0" 200 75256 "-" "The Knowledge AI"
157.55.39.44 - - [11/Aug/2021:02:01:17 +0200] "GET /merci-gustave-eiffel-tower-usa-minigus-p-31375.html HTTP/1.0" 301 70474 "-" "Mozilla/5.0 (compatible; bingbot/2.0; +http://www.bing.com/bingbot.htm)"
64.62.252.176 - - [11/Aug/2021:02:01:24 +0200] "GET /mickey-collection-romano-britto-p-20288.html HTTP/1.0" 200 73109 "-" "The Knowledge AI"
64.62.252.176 - - [11/Aug/2021:02:01:38 +0200] "GET /willow-tree-collection-tree-player-p-55499.html HTTP/1.0" 200 74758 "-" "The Knowledge AI"
54.36.148.242 - - [11/Aug/2021:02:01:45 +0200] "GET /petit-prince-exupry-collection-p-55420.html HTTP/1.0" 200 72981 "-" "Mozilla/5.0 (compatible; AhrefsBot/7.0; +http://ahrefs.com/robot/)"
185.191.171.9 - - [11/Aug/2021:02:01:50 +0200] "GET /pokemon-pikachu-school-p-55756.html?action=add_product HTTP/1.0" 302 476 "-" "Mozilla/5.0 (compatible; SemrushBot/7~bl; +http://www.semrush.com/bot.html)"
64.62.252.176 - - [11/Aug/2021:02:01:55 +0200] "GET /willow-tree-collection-mother-daughter-p-55500.html HTTP/1.0" 200 74576 "-" "The Knowledge AI"
64.62.252.176 - - [11/Aug/2021:02:02:17 +0200] "GET /small-boxes-pill-c-13_150_154.html?page=2 HTTP/1.0" 200 90363 "-" "The Knowledge AI"
66.249.66.220 - - [11/Aug/2021:02:02:18 +0200] "GET /horse-small-lamp-p-28107.html HTTP/1.0" 200 72732 "-" "Mozilla/5.0 (Linux; Android 6.0.1; Nexus 5X Build/MMB29P) AppleWebKit/537.36 (KHTML, like Gecko) Chrome/92.0.4515.119 Mobile Safari/537.36 (compatible; Googlebot/2.1; +http://www.google.com/bot.html)"
157.55.39.51 - - [11/Aug/2021:02:02:25 +0200] "GET /emotion-phantom-ceramic-moneybox-p-48760.html HTTP/1.0" 200 73544 "-" "Mozilla/5.0 (compatible; bingbot/2.0; +http://www.bing.com/bingbot.htm)"
157.55.39.51 - - [11/Aug/2021:02:02:28 +0200] "GET /dessert-dish-glass-with-anti-slip-feet-p-47333.html HTTP/1.0" 200 72928 "-" "Mozilla/5.0 (compatible; bingbot/2.0; +http://www.bing.com/bingbot.htm)"
64.62.252.176 - - [11/Aug/2021:02:02:41 +0200] "GET /small-boxes-pill-c-13_150_154.html?page=3 HTTP/1.0" 200 90363 "-" "The Knowledge AI"
157.55.39.5 - - [11/Aug/2021:02:02:41 +0200] "GET /sleepy-figure-collection-disney-tired-dwarf-p-23122.html HTTP/1.0" 200 73062 "-" "Mozilla/5.0 (compatible; bingbot/2.0; +http://www.bing.com/bingbot.htm)"
207.46.13.101 - - [11/Aug/2021:02:02:49 +0200] "GET /cogsworth-figure-p-4051.html HTTP/1.0" 200 70269 "-" "Mozilla/5.0 (compatible; bingbot/2.0; +http://www.bing.com/bingbot.htm)"
185.191.171.2 - - [11/Aug/2021:02:03:03 +0200] "GET /usb-night-light-shaped-bear-26-cm-p-47516.html HTTP/1.0" 301 70267 "-" "Mozilla/5.0 (compatible; SemrushBot/7~bl; +http://www.semrush.com/bot.html)"
54.36.148.242 - - [11/Aug/2021:02:03:03 +0200] "GET /smoking-wooden-frame-p-46086.html HTTP/1.0" 200 73807 "-" "Mozilla/5.0 (compatible; AhrefsBot/7.0; +http://ahrefs.com/robot/)"
64.62.252.176 - - [11/Aug/2021:02:03:04 +0200] "GET /gorjuss-heart-shaped-story-p-49476.html HTTP/1.0" 200 73798 "-" "The Knowledge AI"
185.191.171.25 - - [11/Aug/2021:02:03:05 +0200] "GET /-p-47516.html HTTP/1.0" 200 70200 "-" "Mozilla/5.0 (compatible; SemrushBot/7~bl; +http://www.semrush.com/bot.html)"
185.191.171.15 - - [11/Aug/2021:02:03:08 +0200] "GET /frida-with-pink-blue-infuser-p-52860.html?action=add_product HTTP/1.0" 302 476 "-" "Mozilla/5.0 (compatible; SemrushBot/7~bl; +http://www.semrush.com/bot.html)"
64.62.252.176 - - [11/Aug/2021:02:03:23 +0200] "GET /gorjuss-heart-shaped-rosebud-p-49474.html HTTP/1.0" 200 73794 "-" "The Knowledge AI"
185.191.171.25 - - [11/Aug/2021:02:03:27 +0200] "GET /giraffe-decorative-statue-p-46791.html?action=add_product HTTP/1.0" 302 476 "-" "Mozilla/5.0 (compatible; SemrushBot/7~bl; +http://www.semrush.com/bot.html)"
23.100.232.233 - - [11/Aug/2021:02:03:40 +0200] "GET /marvel-avengers-clock-p-31607.html HTTP/1.0" 200 70274 "-" "Mozilla/5.0 (compatible; MSIE 9.0; Windows NT 6.0; Trident/5.0;  Trident/5.0)"
23.100.232.233 - - [11/Aug/2021:02:03:41 +0200] "GET /templates/Pixame_v1/stylesheet.css HTTP/1.0" 200 267 "http://www.wonder-geek.com/marvel-avengers-clock-p-31607.html" "Mozilla/5.0 (compatible; MSIE 9.0; Windows NT 6.0; Trident/5.0;  Trident/5.0)"
23.100.232.233 - - [11/Aug/2021:02:03:41 +0200] "GET /highslide/highslide.js HTTP/1.0" 200 262 "http://www.wonder-geek.com/marvel-avengers-clock-p-31607.html" "Mozilla/5.0 (compatible; MSIE 9.0; Windows NT 6.0; Trident/5.0;  Trident/5.0)"
23.100.232.233 - - [11/Aug/2021:02:03:41 +0200] "GET /js/jquery.js HTTP/1.0" 200 252 "http://www.wonder-geek.com/marvel-avengers-clock-p-31607.html" "Mozilla/5.0 (compatible; MSIE 9.0; Windows NT 6.0; Trident/5.0;  Trident/5.0)"
64.62.252.176 - - [11/Aug/2021:02:03:40 +0200] "GET /gorjuss-heart-shaped-time-p-49472.html HTTP/1.0" 200 73820 "-" "The Knowledge AI"
23.100.232.233 - - [11/Aug/2021:02:03:42 +0200] "GET /mondial_relay/js/jquery-1.3.2.min.js HTTP/1.0" 200 276 "http://www.wonder-geek.com/marvel-avengers-clock-p-31607.html" "Mozilla/5.0 (compatible; MSIE 9.0; Windows NT 6.0; Trident/5.0;  Trident/5.0)"
23.100.232.233 - - [11/Aug/2021:02:03:42 +0200] "GET /js/jquery.jqzoom.js HTTP/1.0" 200 259 "http://www.wonder-geek.com/marvel-avengers-clock-p-31607.html" "Mozilla/5.0 (compatible; MSIE 9.0; Windows NT 6.0; Trident/5.0;  Trident/5.0)"
23.100.232.233 - - [11/Aug/2021:02:03:42 +0200] "GET /swfobject.js HTTP/1.0" 404 1308 "http://www.wonder-geek.com/marvel-avengers-clock-p-31607.html" "Mozilla/5.0 (compatible; MSIE 9.0; Windows NT 6.0; Trident/5.0;  Trident/5.0)"
23.100.232.233 - - [11/Aug/2021:02:03:42 +0200] "GET /style.ie7.css HTTP/1.0" 404 1308 "http://www.wonder-geek.com/marvel-avengers-clock-p-31607.html" "Mozilla/5.0 (compatible; MSIE 9.0; Windows NT 6.0; Trident/5.0;  Trident/5.0)"
23.100.232.233 - - [11/Aug/2021:02:03:44 +0200] "GET /templates/Pixame_v1/images/flash.swf HTTP/1.0" 200 290 "http://www.wonder-geek.com/marvel-avengers-clock-p-31607.html" "Mozilla/5.0 (compatible; MSIE 9.0; Windows NT 6.0; Trident/5.0;  Trident/5.0)"
23.100.232.233 - - [11/Aug/2021:02:03:45 +0200] "GET /highslide/graphics/zoomout.cur HTTP/1.0" 200 614 "http://www.wonder-geek.com/marvel-avengers-clock-p-31607.html" "Mozilla/5.0 (compatible; MSIE 9.0; Windows NT 6.0; Trident/5.0;  Trident/5.0)"
185.191.171.24 - - [11/Aug/2021:02:03:59 +0200] "GET /hanging-board-buddha-quote-raise-your-words-your-voice-p-49493.html?action=add_product HTTP/1.0" 302 476 "-" "Mozilla/5.0 (compatible; SemrushBot/7~bl; +http://www.semrush.com/bot.html)"
64.62.252.176 - - [11/Aug/2021:02:03:59 +0200] "GET /gorjuss-heart-shaped-walk-together-p-49475.html HTTP/1.0" 200 73878 "-" "The Knowledge AI"
64.62.252.176 - - [11/Aug/2021:02:04:22 +0200] "GET /allen-pill-p-51382.html HTTP/1.0" 200 73483 "-" "The Knowledge AI"
40.77.167.106 - - [11/Aug/2021:02:04:28 +0200] "GET /pitchers-and-drink-dispensers-c-12_243.html HTTP/1.0" 301 89731 "-" "Mozilla/5.0 (compatible; bingbot/2.0; +http://www.bing.com/bingbot.htm)"
54.36.148.242 - - [11/Aug/2021:02:04:29 +0200] "GET /little-prince-pink-apron-p-10315.html HTTP/1.0" 200 72982 "-" "Mozilla/5.0 (compatible; AhrefsBot/7.0; +http://ahrefs.com/robot/)"
64.62.252.176 - - [11/Aug/2021:02:04:38 +0200] "GET /allen-pill-flowers-p-51384.html HTTP/1.0" 200 73578 "-" "The Knowledge AI"
207.46.13.127 - - [11/Aug/2021:02:04:38 +0200] "GET /waltz-statue-camille-claudel-p-55512.html HTTP/1.0" 200 73904 "-" "Mozilla/5.0 (compatible; bingbot/2.0; +http://www.bing.com/bingbot.htm)"
185.191.171.12 - - [11/Aug/2021:02:04:38 +0200] "GET /adhesive-roll-velvet-pattern-p-55809.html HTTP/1.0" 200 74033 "-" "Mozilla/5.0 (compatible; SemrushBot/7~bl; +http://www.semrush.com/bot.html)"
64.62.252.176 - - [11/Aug/2021:02:04:52 +0200] "GET /allen-pill-make-happen-p-51385.html HTTP/1.0" 200 73642 "-" "The Knowledge AI"
157.55.39.51 - - [11/Aug/2021:02:04:55 +0200] "GET /nici-sweet-hearts-green-turtle-plush-25-cm-p-35178.html HTTP/1.0" 301 70449 "-" "Mozilla/5.0 (compatible; bingbot/2.0; +http://www.bing.com/bingbot.htm)"
40.77.167.106 - - [11/Aug/2021:02:05:12 +0200] "GET /hello-kitty-stripes-bellows-purse-p-9664.html HTTP/1.0" 200 73288 "-" "Mozilla/5.0 (compatible; bingbot/2.0; +http://www.bing.com/bingbot.htm)"
64.62.252.176 - - [11/Aug/2021:02:05:12 +0200] "GET /flamingo-allen-pill-p-51383.html HTTP/1.0" 200 73545 "-" "The Knowledge AI"
51.68.224.127 - - [11/Aug/2021:02:05:16 +0200] "GET /adminweb/export_orders_xml.php?token=256de2z6edz6ed2z6DFSFsed2zed6zeDSFDSGdzedezfzf&maxorders=10&orderstart=1&status=14&start_date=2018-10-01 HTTP/1.0" 200 285 "-" "GesCom CharlotteBoutik Serveur"
51.68.224.127 - - [11/Aug/2021:02:05:16 +0200] "GET /adminweb/export_orders_xml.php?token=256de2z6edz6ed2z6DFSFsed2zed6zeDSFDSGdzedezfzf&maxorders=10&orderstart=1&status=6&start_date=2018-10-01 HTTP/1.0" 200 28601 "-" "GesCom CharlotteBoutik Serveur"
185.191.171.41 - - [11/Aug/2021:02:05:23 +0200] "GET /flamingo-trivet-p-43942.html?action=add_product HTTP/1.0" 302 476 "-" "Mozilla/5.0 (compatible; SemrushBot/7~bl; +http://www.semrush.com/bot.html)"
64.62.252.176 - - [11/Aug/2021:02:05:36 +0200] "GET /harley-davidson-mini-p-31640.html HTTP/1.0" 200 73000 "-" "The Knowledge AI"
17.121.112.249 - - [11/Aug/2021:02:05:37 +0200] "GET /bamboo-stainless-steel-piece-barbecue-p-48876.html HTTP/1.0" 200 73950 "-" "Mozilla/5.0 (Macintosh; Intel Mac OS X 10_15_5) AppleWebKit/605.1.15 (KHTML, like Gecko) Version/13.1.1 Safari/605.1.15 (Applebot/0.1; +http://www.apple.com/go/applebot)"
64.62.252.176 - - [11/Aug/2021:02:05:48 +0200] "GET /marseille-pill-p-52008.html HTTP/1.0" 200 73522 "-" "The Knowledge AI"
54.36.148.242 - - [11/Aug/2021:02:05:52 +0200] "GET /protects-plastic-mattress-p-39027.html HTTP/1.0" 200 73647 "-" "Mozilla/5.0 (compatible; AhrefsBot/7.0; +http://ahrefs.com/robot/)"
64.62.252.176 - - [11/Aug/2021:02:06:02 +0200] "GET /paris-pill-p-52009.html HTTP/1.0" 200 73483 "-" "The Knowledge AI"
64.62.252.176 - - [11/Aug/2021:02:06:15 +0200] "GET /paris-pill-p-52010.html HTTP/1.0" 200 73482 "-" "The Knowledge AI"
66.249.66.218 - - [11/Aug/2021:02:06:16 +0200] "GET /images/big_prod/028399102822.jpg HTTP/1.0" 200 267 "-" "Googlebot-Image/1.0"
157.55.39.51 - - [11/Aug/2021:02:06:24 +0200] "GET /aztec-mini-ceramic-flower-p-55313.html HTTP/1.0" 200 73711 "-" "Mozilla/5.0 (compatible; bingbot/2.0; +http://www.bing.com/bingbot.htm)"
64.62.252.176 - - [11/Aug/2021:02:06:28 +0200] "GET /paris-pill-p-52011.html HTTP/1.0" 200 73482 "-" "The Knowledge AI"
64.62.252.176 - - [11/Aug/2021:02:06:41 +0200] "GET /pill-lavande-p-51388.html HTTP/1.0" 200 73524 "-" "The Knowledge AI"
185.191.171.6 - - [11/Aug/2021:02:06:47 +0200] "GET /-p-48426.html?action=add_product HTTP/1.0" 302 476 "-" "Mozilla/5.0 (compatible; SemrushBot/7~bl; +http://www.semrush.com/bot.html)"
157.55.39.156 - - [11/Aug/2021:02:06:50 +0200] "GET /leopard-table-lamp-resin-silver-p-52750.html HTTP/1.0" 200 73587 "-" "Mozilla/5.0 (compatible; bingbot/2.0; +http://www.bing.com/bingbot.htm)"
64.62.252.176 - - [11/Aug/2021:02:07:00 +0200] "GET /pill-provence-p-54011.html HTTP/1.0" 200 73528 "-" "The Knowledge AI"
54.36.148.39 - - [11/Aug/2021:02:07:01 +0200] "GET /hello-kitty-dressing-table-with-stool-p-7860.html?action=add_product HTTP/1.0" 302 476 "-" "Mozilla/5.0 (compatible; AhrefsBot/7.0; +http://ahrefs.com/robot/)"
201.217.245.229 - - [11/Aug/2021:02:07:04 +0200] "GET /contact_us.php HTTP/1.0" 200 26241 "http://www.wonder-geek.com/contact_us.php" "Mozilla/5.0 (Windows NT 10.0; Win64; x64) AppleWebKit/537.36 (KHTML, like Gecko) Chrome/83.0.4103.44 Safari/537.36 OPR/69.0.3686.7 (Edition beta)"
66.249.66.218 - - [11/Aug/2021:02:07:04 +0200] "GET /canvas-frame-p-38504.html HTTP/1.0" 200 72905 "-" "Mozilla/5.0 (Linux; Android 6.0.1; Nexus 5X Build/MMB29P) AppleWebKit/537.36 (KHTML, like Gecko) Chrome/92.0.4515.119 Mobile Safari/537.36 (compatible; Googlebot/2.1; +http://www.google.com/bot.html)"
17.121.112.64 - - [11/Aug/2021:02:07:04 +0200] "GET /andalusia-p-50766.html HTTP/1.0" 200 73596 "-" "Mozilla/5.0 (Macintosh; Intel Mac OS X 10_15_5) AppleWebKit/605.1.15 (KHTML, like Gecko) Version/13.1.1 Safari/605.1.15 (Applebot/0.1; +http://www.apple.com/go/applebot)"
54.36.148.242 - - [11/Aug/2021:02:07:12 +0200] "GET /baroque-bedhead-wall-sticker-p-38330.html HTTP/1.0" 200 73000 "-" "Mozilla/5.0 (compatible; AhrefsBot/7.0; +http://ahrefs.com/robot/)"
64.62.252.176 - - [11/Aug/2021:02:07:13 +0200] "GET /pill-provence-p-54012.html HTTP/1.0" 200 73528 "-" "The Knowledge AI"
64.62.252.176 - - [11/Aug/2021:02:07:26 +0200] "GET /pill-provence-p-54013.html HTTP/1.0" 200 73528 "-" "The Knowledge AI"
64.62.252.176 - - [11/Aug/2021:02:07:39 +0200] "GET /gorjuss-ruby-tartan-heart-shaped-metal-p-46938.html HTTP/1.0" 200 70350 "-" "The Knowledge AI"
64.62.252.176 - - [11/Aug/2021:02:07:52 +0200] "GET /soap-c-13_150_171.html?page=2 HTTP/1.0" 200 77033 "-" "The Knowledge AI"
64.62.252.176 - - [11/Aug/2021:02:08:11 +0200] "GET /olivier-soap-soap-p-40112.html HTTP/1.0" 200 73147 "-" "The Knowledge AI"
66.249.66.216 - - [11/Aug/2021:02:08:17 +0200] "GET /moroccan-ashtray-p-40628.html HTTP/1.0" 200 72808 "-" "Mozilla/5.0 (compatible; Googlebot/2.1; +http://www.google.com/bot.html)"
201.217.245.229 - - [11/Aug/2021:02:08:24 +0200] "GET / HTTP/1.0" 200 150627 "http://www.wonder-geek.com/" "Mozilla/5.0 (Windows NT 10.0; Win64; x64) AppleWebKit/537.36 (KHTML, like Gecko) Chrome/83.0.4103.44 Safari/537.36 OPR/69.0.3686.7 (Edition beta)"
64.62.252.176 - - [11/Aug/2021:02:08:25 +0200] "GET /lavande-soap-soap-p-40113.html HTTP/1.0" 200 73122 "-" "The Knowledge AI"
54.36.148.242 - - [11/Aug/2021:02:08:38 +0200] "GET /strawberries-oilcloth-p-48559.html HTTP/1.0" 200 72930 "-" "Mozilla/5.0 (compatible; AhrefsBot/7.0; +http://ahrefs.com/robot/)"
64.62.252.176 - - [11/Aug/2021:02:08:38 +0200] "GET /marseille-soap-soap-p-40115.html HTTP/1.0" 200 73138 "-" "The Knowledge AI"
64.62.252.176 - - [11/Aug/2021:02:08:52 +0200] "GET /corsica-soap-soap-p-52465.html HTTP/1.0" 200 73119 "-" "The Knowledge AI"
157.55.39.5 - - [11/Aug/2021:02:08:57 +0200] "GET /magnets-c-13_134.html HTTP/1.0" 200 91268 "-" "Mozilla/5.0 (compatible; bingbot/2.0; +http://www.bing.com/bingbot.htm)"
17.121.112.69 - - [11/Aug/2021:02:08:58 +0200] "GET /decorative-useful-little-buddha-p-53309.html HTTP/1.0" 200 72960 "-" "Mozilla/5.0 (Macintosh; Intel Mac OS X 10_15_5) AppleWebKit/605.1.15 (KHTML, like Gecko) Version/13.1.1 Safari/605.1.15 (Applebot/0.1; +http://www.apple.com/go/applebot)"
64.62.252.176 - - [11/Aug/2021:02:09:04 +0200] "GET /corsica-soap-soap-p-52466.html HTTP/1.0" 200 73118 "-" "The Knowledge AI"
207.46.13.101 - - [11/Aug/2021:02:09:10 +0200] "GET /-p-16594.html HTTP/1.0" 200 70200 "-" "Mozilla/5.0 (compatible; bingbot/2.0; +http://www.bing.com/bingbot.htm)"
111.225.148.210 - - [11/Aug/2021:02:09:13 +0200] "GET /ceramic-lamp-p-53932.html HTTP/1.0" 200 73594 "-" "Mozilla/5.0 (Linux; Android 5.0) AppleWebKit/537.36 (KHTML, like Gecko) Mobile Safari/537.36 (compatible; Bytespider; https://zhanzhang.toutiao.com/)"
111.225.148.212 - - [11/Aug/2021:02:09:14 +0200] "GET /swfobject.js HTTP/1.0" 404 1308 "http://www.wonder-geek.com/ceramic-lamp-p-53932.html" "Mozilla/5.0 (Linux; Android 5.0) AppleWebKit/537.36 (KHTML, like Gecko) Mobile Safari/537.36 (compatible; Bytespider; https://zhanzhang.toutiao.com/)"
157.55.39.156 - - [11/Aug/2021:02:09:14 +0200] "GET /wrap-stitch-with-santa-figurine-p-49215.html HTTP/1.0" 200 73984 "-" "Mozilla/5.0 (compatible; bingbot/2.0; +http://www.bing.com/bingbot.htm)"
111.225.148.218 - - [11/Aug/2021:02:09:15 +0200] "GET /images/big_prod_1/8424345986096a.jpg HTTP/1.0" 200 271 "http://www.wonder-geek.com/ceramic-lamp-p-53932.html" "Mozilla/5.0 (Linux; Android 5.0) AppleWebKit/537.36 (KHTML, like Gecko) Mobile Safari/537.36 (compatible; Bytespider; https://zhanzhang.toutiao.com/)"
111.225.148.212 - - [11/Aug/2021:02:09:15 +0200] "GET /images/big_prod_2/8424345986096b.jpg HTTP/1.0" 200 271 "http://www.wonder-geek.com/ceramic-lamp-p-53932.html" "Mozilla/5.0 (Linux; Android 5.0) AppleWebKit/537.36 (KHTML, like Gecko) Mobile Safari/537.36 (compatible; Bytespider; https://zhanzhang.toutiao.com/)"
111.225.148.228 - - [11/Aug/2021:02:09:16 +0200] "GET /highslide/graphics/zoomout.cur HTTP/1.0" 200 614 "http://www.wonder-geek.com/ceramic-lamp-p-53932.html" "Mozilla/5.0 (Linux; Android 5.0) AppleWebKit/537.36 (KHTML, like Gecko) Mobile Safari/537.36 (compatible; Bytespider; https://zhanzhang.toutiao.com/)"
111.225.148.219 - - [11/Aug/2021:02:09:16 +0200] "GET /images/big_prod/8424345986096.jpg HTTP/1.0" 200 268 "http://www.wonder-geek.com/ceramic-lamp-p-53932.html" "Mozilla/5.0 (Linux; Android 5.0) AppleWebKit/537.36 (KHTML, like Gecko) Mobile Safari/537.36 (compatible; Bytespider; https://zhanzhang.toutiao.com/)"
207.46.13.101 - - [11/Aug/2021:02:09:20 +0200] "GET /yogi-yogini-yogamat-pink-p-48360.html HTTP/1.0" 200 73463 "-" "Mozilla/5.0 (compatible; bingbot/2.0; +http://www.bing.com/bingbot.htm)"
64.62.252.176 - - [11/Aug/2021:02:09:30 +0200] "GET /dubout-cats-soap-p-40103.html HTTP/1.0" 200 73127 "-" "The Knowledge AI"
64.62.252.176 - - [11/Aug/2021:02:09:42 +0200] "GET /dubout-cats-soap-p-40104.html HTTP/1.0" 200 73127 "-" "The Knowledge AI"
64.62.252.176 - - [11/Aug/2021:02:09:55 +0200] "GET /dubout-cats-soap-p-40107.html HTTP/1.0" 200 73127 "-" "The Knowledge AI"
54.36.148.242 - - [11/Aug/2021:02:09:58 +0200] "GET /headrest-cushion-diabolo-menthe-p-51964.html HTTP/1.0" 200 73561 "-" "Mozilla/5.0 (compatible; AhrefsBot/7.0; +http://ahrefs.com/robot/)"
64.62.252.176 - - [11/Aug/2021:02:10:07 +0200] "GET /dubout-cats-soap-p-40108.html HTTP/1.0" 200 73127 "-" "The Knowledge AI"
64.62.252.176 - - [11/Aug/2021:02:10:20 +0200] "GET /marseille-soap-soap-p-40114.html HTTP/1.0" 200 73139 "-" "The Knowledge AI"
64.62.252.176 - - [11/Aug/2021:02:10:36 +0200] "GET /little-prince-soap-p-40109.html HTTP/1.0" 200 73142 "-" "The Knowledge AI"
64.62.252.176 - - [11/Aug/2021:02:10:48 +0200] "GET /little-prince-soap-p-40111.html HTTP/1.0" 200 73142 "-" "The Knowledge AI"
207.46.13.101 - - [11/Aug/2021:02:10:50 +0200] "GET /monster-high-creative-killer-phone-accessories-p-15914.html HTTP/1.0" 200 73895 "-" "Mozilla/5.0 (compatible; bingbot/2.0; +http://www.bing.com/bingbot.htm)"
185.191.171.23 - - [11/Aug/2021:02:11:00 +0200] "GET /buddhist-statue-in-resin-do-not-say-evil-p-34570.html HTTP/1.0" 301 70419 "-" "Mozilla/5.0 (compatible; SemrushBot/7~bl; +http://www.semrush.com/bot.html)"
64.62.252.176 - - [11/Aug/2021:02:11:01 +0200] "GET /retro-sugar-matte-black-metal-p-37706.html HTTP/1.0" 200 73019 "-" "The Knowledge AI"
185.191.171.44 - - [11/Aug/2021:02:11:02 +0200] "GET /buddhist-statue-resin-evil-p-34570.html HTTP/1.0" 200 70326 "-" "Mozilla/5.0 (compatible; SemrushBot/7~bl; +http://www.semrush.com/bot.html)"
207.46.13.39 - - [11/Aug/2021:02:11:02 +0200] "GET /gorjuss-heart-shaped-time-p-49472.html HTTP/1.0" 200 73820 "-" "Mozilla/5.0 (compatible; bingbot/2.0; +http://www.bing.com/bingbot.htm)"
64.62.252.176 - - [11/Aug/2021:02:11:14 +0200] "GET /metal-cylindrical-p-52612.html HTTP/1.0" 200 72945 "-" "The Knowledge AI"
54.36.148.242 - - [11/Aug/2021:02:11:19 +0200] "GET /kimmijunior-charly-girly-p-17994.html HTTP/1.0" 200 73229 "-" "Mozilla/5.0 (compatible; AhrefsBot/7.0; +http://ahrefs.com/robot/)"
207.46.13.101 - - [11/Aug/2021:02:11:19 +0200] "GET /therese-aromatika-incense-sticks-p-53452.html HTTP/1.0" 200 72976 "-" "Mozilla/5.0 (compatible; bingbot/2.0; +http://www.bing.com/bingbot.htm)"
64.62.252.176 - - [11/Aug/2021:02:11:27 +0200] "GET /cats-dubout-sugar-p-40099.html HTTP/1.0" 200 72928 "-" "The Knowledge AI"
64.62.252.176 - - [11/Aug/2021:02:11:41 +0200] "GET /cats-dubout-sugar-p-26839.html HTTP/1.0" 200 72969 "-" "The Knowledge AI"
64.62.252.176 - - [11/Aug/2021:02:11:58 +0200] "GET /cats-dubout-sugar-p-26840.html HTTP/1.0" 200 72971 "-" "The Knowledge AI"
185.191.171.23 - - [11/Aug/2021:02:11:58 +0200] "GET /smurf-toddler-flatware-p-27536.html?action=add_product HTTP/1.0" 302 476 "-" "Mozilla/5.0 (compatible; SemrushBot/7~bl; +http://www.semrush.com/bot.html)"
64.62.252.176 - - [11/Aug/2021:02:12:11 +0200] "GET /cats-dubout-sugar-p-28594.html HTTP/1.0" 200 72910 "-" "The Knowledge AI"
66.249.66.216 - - [11/Aug/2021:02:12:11 +0200] "GET /petit-akio-led-night-light-chick-p-46402.html HTTP/1.0" 301 74086 "-" "Mozilla/5.0 (Linux; Android 6.0.1; Nexus 5X Build/MMB29P) AppleWebKit/537.36 (KHTML, like Gecko) Chrome/92.0.4515.119 Mobile Safari/537.36 (compatible; Googlebot/2.1; +http://www.google.com/bot.html)"
66.249.66.216 - - [11/Aug/2021:02:12:14 +0200] "GET /petit-akio-night-light-chick-p-46402.html HTTP/1.0" 200 73991 "-" "Mozilla/5.0 (Linux; Android 6.0.1; Nexus 5X Build/MMB29P) AppleWebKit/537.36 (KHTML, like Gecko) Chrome/92.0.4515.119 Mobile Safari/537.36 (compatible; Googlebot/2.1; +http://www.google.com/bot.html)"
64.62.252.176 - - [11/Aug/2021:02:12:24 +0200] "GET /cats-dubout-sugar-p-55416.html HTTP/1.0" 200 72969 "-" "The Knowledge AI"
64.62.252.176 - - [11/Aug/2021:02:12:37 +0200] "GET /little-prince-sugar-p-52469.html HTTP/1.0" 200 72990 "-" "The Knowledge AI"
54.36.148.242 - - [11/Aug/2021:02:12:42 +0200] "GET /rabbit-shaped-night-light-p-55542.html HTTP/1.0" 200 73746 "-" "Mozilla/5.0 (compatible; AhrefsBot/7.0; +http://ahrefs.com/robot/)"
40.77.167.106 - - [11/Aug/2021:02:12:48 +0200] "GET /white-fitted-sheet-p-27506.html HTTP/1.0" 200 72761 "-" "Mozilla/5.0 (compatible; bingbot/2.0; +http://www.bing.com/bingbot.htm)"
64.62.252.176 - - [11/Aug/2021:02:12:50 +0200] "GET /little-prince-sugar-p-55414.html HTTP/1.0" 200 73800 "-" "The Knowledge AI"
157.55.39.156 - - [11/Aug/2021:02:13:01 +0200] "GET /-p-14216.html HTTP/1.0" 200 70200 "-" "Mozilla/5.0 (compatible; bingbot/2.0; +http://www.bing.com/bingbot.htm)"
64.62.252.176 - - [11/Aug/2021:02:13:11 +0200] "GET /harley-davidson-large-p-37071.html HTTP/1.0" 200 72963 "-" "The Knowledge AI"
64.62.252.176 - - [11/Aug/2021:02:13:24 +0200] "GET /kawasaki-sugar-p-51154.html HTTP/1.0" 200 73497 "-" "The Knowledge AI"
185.191.171.23 - - [11/Aug/2021:02:13:35 +0200] "GET /robots.txt HTTP/1.0" 200 245 "-" "Mozilla/5.0 (compatible; SemrushBot/7~bl; +http://www.semrush.com/bot.html)"
185.191.171.38 - - [11/Aug/2021:02:13:35 +0200] "GET /yuna-kimmidoll-necklace-swarovski-p-15877.html HTTP/1.0" 301 70267 "-" "Mozilla/5.0 (compatible; SemrushBot/7~bl; +http://www.semrush.com/bot.html)"
64.62.252.176 - - [11/Aug/2021:02:13:37 +0200] "GET /large-moto-guzzi-sugar-p-52958.html HTTP/1.0" 200 72960 "-" "The Knowledge AI"
185.191.171.38 - - [11/Aug/2021:02:13:37 +0200] "GET /-p-15877.html HTTP/1.0" 200 70200 "-" "Mozilla/5.0 (compatible; SemrushBot/7~bl; +http://www.semrush.com/bot.html)"
157.55.39.122 - - [11/Aug/2021:02:13:49 +0200] "GET /ty-rainbow-dash-pluch-keyring-p-32127.html HTTP/1.0" 301 70423 "-" "Mozilla/5.0 (compatible; bingbot/2.0; +http://www.bing.com/bingbot.htm)"
64.62.252.176 - - [11/Aug/2021:02:13:49 +0200] "GET /retro-sugar-bowl-chats-dubout-p-43603.html HTTP/1.0" 200 72991 "-" "The Knowledge AI"
64.62.252.176 - - [11/Aug/2021:02:14:03 +0200] "GET /retro-sugar-bowl-little-prince-p-52472.html HTTP/1.0" 200 73612 "-" "The Knowledge AI"
54.36.148.242 - - [11/Aug/2021:02:14:05 +0200] "GET /soft-toys-security-blanket-c-4_46.html HTTP/1.0" 200 91923 "-" "Mozilla/5.0 (compatible; AhrefsBot/7.0; +http://ahrefs.com/robot/)"
64.62.252.176 - - [11/Aug/2021:02:14:23 +0200] "GET /toothbox-c-13_150_170.html?page=2 HTTP/1.0" 200 90496 "-" "The Knowledge AI"
64.62.252.176 - - [11/Aug/2021:02:14:35 +0200] "GET /toothbox-c-13_150_170.html?page=3 HTTP/1.0" 200 90100 "-" "The Knowledge AI"
185.191.171.6 - - [11/Aug/2021:02:14:41 +0200] "GET /duvet-cover-cotton-percale-threads-p-48210.html?action=add_product HTTP/1.0" 302 476 "-" "Mozilla/5.0 (compatible; SemrushBot/7~bl; +http://www.semrush.com/bot.html)"
64.62.252.176 - - [11/Aug/2021:02:14:48 +0200] "GET /toothbox-c-13_150_170.html?page=4 HTTP/1.0" 200 86482 "-" "The Knowledge AI"
157.55.39.122 - - [11/Aug/2021:02:14:58 +0200] "GET /images/big_prod_1/4029811313877a.jpg HTTP/1.0" 200 271 "-" "Mozilla/5.0 (compatible; bingbot/2.0; +http://www.bing.com/bingbot.htm)"
64.62.252.176 - - [11/Aug/2021:02:15:00 +0200] "GET /small-baby-teeth-small-mouse-p-42384.html HTTP/1.0" 200 73074 "-" "The Knowledge AI"
207.46.13.39 - - [11/Aug/2021:02:15:04 +0200] "GET /che-guevara-zippo-lighter-p-29759.html HTTP/1.0" 301 73388 "-" "Mozilla/5.0 (compatible; bingbot/2.0; +http://www.bing.com/bingbot.htm)"
185.191.171.35 - - [11/Aug/2021:02:15:12 +0200] "GET /star-wars-inflatable-swimming-ring-p-34885.html HTTP/1.0" 200 73181 "-" "Mozilla/5.0 (compatible; SemrushBot/7~bl; +http://www.semrush.com/bot.html)"
64.62.252.176 - - [11/Aug/2021:02:15:13 +0200] "GET /small-baby-teeth-small-mouse-p-49164.html HTTP/1.0" 200 73074 "-" "The Knowledge AI"
64.62.252.176 - - [11/Aug/2021:02:15:27 +0200] "GET /small-baby-teeth-small-mouse-p-49165.html HTTP/1.0" 200 73074 "-" "The Knowledge AI"
54.36.148.242 - - [11/Aug/2021:02:15:29 +0200] "GET /furniture-knob-sold-individually-p-55727.html HTTP/1.0" 200 73830 "-" "Mozilla/5.0 (compatible; AhrefsBot/7.0; +http://ahrefs.com/robot/)"
62.210.188.218 - - [11/Aug/2021:02:15:33 +0200] "GET /fdm-fiers-etre-marseillais-sweatsuit-p-29990.html HTTP/1.0" 301 74387 "-" "Mozilla/5.0 (compatible; Barkrowler/0.9; +https://babbar.tech/crawler)"
45.153.160.139 - - [11/Aug/2021:02:15:42 +0200] "GET /contact_us.php HTTP/1.0" 301 539 "http://wonder-geek.com/contact_us.php" "Mozilla/5.0 (Windows NT 10.0) AppleWebKit/537.36 (KHTML, like Gecko) Chrome/90.0.4430.93 Safari/537.36"
45.153.160.139 - - [11/Aug/2021:02:15:43 +0200] "GET /contact_us.php HTTP/1.0" 200 26241 "http://www.wonder-geek.com/contact_us.php" "Mozilla/5.0 (Windows NT 10.0) AppleWebKit/537.36 (KHTML, like Gecko) Chrome/90.0.4430.93 Safari/537.36"
45.153.160.139 - - [11/Aug/2021:02:15:43 +0200] "POST /contact_us.php?action=send HTTP/1.0" 200 26642 "http://www.wonder-geek.com/contact_us.php" "Mozilla/5.0 (Windows NT 10.0) AppleWebKit/537.36 (KHTML, like Gecko) Chrome/90.0.4430.93 Safari/537.36"
64.62.252.176 - - [11/Aug/2021:02:15:45 +0200] "GET /small-baby-teeth-small-mouse-p-51597.html HTTP/1.0" 200 73074 "-" "The Knowledge AI"
62.210.188.218 - - [11/Aug/2021:02:15:46 +0200] "GET /de-vinci-la-joconde-zip-purse-made-in-france-p-47461.html HTTP/1.0" 301 73237 "-" "Mozilla/5.0 (compatible; Barkrowler/0.9; +https://babbar.tech/crawler)"
157.55.39.156 - - [11/Aug/2021:02:15:52 +0200] "GET /raving-rabbids-eeerz-figure-serie-p-18097.html HTTP/1.0" 200 70330 "-" "Mozilla/5.0 (compatible; bingbot/2.0; +http://www.bing.com/bingbot.htm)"
64.62.252.176 - - [11/Aug/2021:02:15:58 +0200] "GET /small-baby-teeth-beige-small-mouse-p-44658.html HTTP/1.0" 200 73106 "-" "The Knowledge AI"
62.210.188.218 - - [11/Aug/2021:02:16:00 +0200] "GET /protects-mattress-fleece-cotton-90-190-cm-p-39147.html HTTP/1.0" 301 73729 "-" "Mozilla/5.0 (compatible; Barkrowler/0.9; +https://babbar.tech/crawler)"
66.249.66.220 - - [11/Aug/2021:02:16:04 +0200] "GET /walking-dead-daryl-poster-p-30895.html HTTP/1.0" 200 72857 "-" "Mozilla/5.0 (compatible; Googlebot/2.1; +http://www.google.com/bot.html)"
2.188.216.148 - - [11/Aug/2021:02:16:10 +0200] "GET /contact_us.php HTTP/1.0" 200 26241 "http://www.wonder-geek.com/contact_us.php" "Mozilla/5.0 (Windows NT 6.1; Win64; x64) AppleWebKit/537.36 (KHTML, like Gecko) Chrome/83.0.4103.24 Safari/537.36 Edg/83.0.478.18"
64.62.252.176 - - [11/Aug/2021:02:16:11 +0200] "GET /white-small-baby-teeth-dentino-latte-p-35470.html HTTP/1.0" 200 73132 "-" "The Knowledge AI"
2.188.216.148 - - [11/Aug/2021:02:16:13 +0200] "POST /contact_us.php?action=send HTTP/1.0" 200 26463 "http://www.wonder-geek.com/contact_us.php" "Mozilla/5.0 (Windows NT 6.1; Win64; x64) AppleWebKit/537.36 (KHTML, like Gecko) Chrome/83.0.4103.24 Safari/537.36 Edg/83.0.478.18"
62.210.188.218 - - [11/Aug/2021:02:16:13 +0200] "GET /protects-mattress-fleece-cotton-90-190-cm-p-43570.html HTTP/1.0" 301 73093 "-" "Mozilla/5.0 (compatible; Barkrowler/0.9; +https://babbar.tech/crawler)"
64.62.252.176 - - [11/Aug/2021:02:16:24 +0200] "GET /small-baby-teeth-p-31539.html HTTP/1.0" 200 72967 "-" "The Knowledge AI"
62.210.188.218 - - [11/Aug/2021:02:16:25 +0200] "GET /protects-mattress-fleece-cotton-160-200-cm-p-39149.html HTTP/1.0" 301 73741 "-" "Mozilla/5.0 (compatible; Barkrowler/0.9; +https://babbar.tech/crawler)"
64.62.252.176 - - [11/Aug/2021:02:16:37 +0200] "GET /small-girl-baby-teeth-p-31538.html HTTP/1.0" 200 72982 "-" "The Knowledge AI"
62.210.188.218 - - [11/Aug/2021:02:16:39 +0200] "GET /protective-cover-for-cotton-fleece-90-70-cm-p-41126.html HTTP/1.0" 301 70437 "-" "Mozilla/5.0 (compatible; Barkrowler/0.9; +https://babbar.tech/crawler)"
157.55.39.156 - - [11/Aug/2021:02:16:41 +0200] "GET /-p-34070.html HTTP/1.0" 200 70200 "-" "Mozilla/5.0 (compatible; bingbot/2.0; +http://www.bing.com/bingbot.htm)"
54.36.148.242 - - [11/Aug/2021:02:16:42 +0200] "GET /toothbox-c-13_150_170.html HTTP/1.0" 200 90514 "-" "Mozilla/5.0 (compatible; AhrefsBot/7.0; +http://ahrefs.com/robot/)"
62.210.188.218 - - [11/Aug/2021:02:16:51 +0200] "GET /protective-cover-for-cotton-fleece-140-70-cm-p-42595.html HTTP/1.0" 301 70439 "-" "Mozilla/5.0 (compatible; Barkrowler/0.9; +https://babbar.tech/crawler)"
64.62.252.176 - - [11/Aug/2021:02:16:58 +0200] "GET /beige-small-baby-teeth-p-33507.html HTTP/1.0" 200 72991 "-" "The Knowledge AI"
207.46.13.175 - - [11/Aug/2021:02:16:58 +0200] "GET /elmer-lunchbox-p-19443.html HTTP/1.0" 200 70264 "-" "Mozilla/5.0 (compatible; bingbot/2.0; +http://www.bing.com/bingbot.htm)"
62.210.188.218 - - [11/Aug/2021:02:17:05 +0200] "GET /protective-cover-for-cotton-fleece-43-180-cm-p-39152.html HTTP/1.0" 301 73131 "-" "Mozilla/5.0 (compatible; Barkrowler/0.9; +https://babbar.tech/crawler)"
64.62.252.176 - - [11/Aug/2021:02:17:10 +0200] "GET /mtal-small-baby-teeth-p-50821.html HTTP/1.0" 200 72994 "-" "The Knowledge AI"
62.210.188.218 - - [11/Aug/2021:02:17:17 +0200] "GET /marilyn-monroe-carrying-case-25-cm-p-29443.html HTTP/1.0" 301 73045 "-" "Mozilla/5.0 (compatible; Barkrowler/0.9; +https://babbar.tech/crawler)"
17.121.115.111 - - [11/Aug/2021:02:17:23 +0200] "GET /provencal-boutis-with-pillowcases-color-saffron-p-48534.html HTTP/1.0" 200 73220 "-" "Mozilla/5.0 (Macintosh; Intel Mac OS X 10_15_5) AppleWebKit/605.1.15 (KHTML, like Gecko) Version/13.1.1 Safari/605.1.15 (Applebot/0.1; +http://www.apple.com/go/applebot)"
64.62.252.176 - - [11/Aug/2021:02:17:23 +0200] "GET /mtal-small-baby-teeth-p-50822.html HTTP/1.0" 200 72993 "-" "The Knowledge AI"
