157.55.39.44 - - [10/Aug/2021:19:16:41 +0200] "GET /beyblade-beach-towel-p-14851.html HTTP/1.0" 301 70267 "-" "Mozilla/5.0 (compatible; bingbot/2.0; +http://www.bing.com/bingbot.htm)"
54.36.149.22 - - [10/Aug/2021:19:17:08 +0200] "GET /wicker-basket-20-cm-p-48603.html HTTP/1.0" 301 72886 "-" "Mozilla/5.0 (compatible; AhrefsBot/7.0; +http://ahrefs.com/robot/)"
54.36.148.242 - - [10/Aug/2021:19:17:37 +0200] "GET /andalusia-p-50768.html HTTP/1.0" 200 75268 "-" "Mozilla/5.0 (compatible; AhrefsBot/7.0; +http://ahrefs.com/robot/)"
185.191.171.24 - - [10/Aug/2021:19:17:37 +0200] "GET /-p-30678.html?action=add_product HTTP/1.0" 302 476 "-" "Mozilla/5.0 (compatible; SemrushBot/7~bl; +http://www.semrush.com/bot.html)"
157.55.39.51 - - [10/Aug/2021:19:17:56 +0200] "GET /support-metal-bottle-long-live-the-newlyweds-p-45838.html HTTP/1.0" 301 73190 "-" "Mozilla/5.0 (compatible; bingbot/2.0; +http://www.bing.com/bingbot.htm)"
185.191.171.6 - - [10/Aug/2021:19:17:59 +0200] "GET /owl-bowl-mod-p-36518.html HTTP/1.0" 301 70318 "-" "Mozilla/5.0 (compatible; SemrushBot/7~bl; +http://www.semrush.com/bot.html)"
185.191.171.3 - - [10/Aug/2021:19:18:01 +0200] "GET /bowl-p-36518.html HTTP/1.0" 200 70247 "-" "Mozilla/5.0 (compatible; SemrushBot/7~bl; +http://www.semrush.com/bot.html)"
147.92.153.1 - - [10/Aug/2021:19:18:08 +0200] "GET /water-outdoor-games-c-4_143.html HTTP/1.0" 200 91935 "-" "Mozilla/5.0 (compatible; Linespider/1.1; +https://lin.ee/4dwXkTH)"
157.55.39.122 - - [10/Aug/2021:19:18:12 +0200] "GET /bell-and-wall-bell-c-13_270.html HTTP/1.0" 301 89335 "-" "Mozilla/5.0 (compatible; bingbot/2.0; +http://www.bing.com/bingbot.htm)"
207.46.13.175 - - [10/Aug/2021:19:18:19 +0200] "GET /swfobject.js HTTP/1.0" 404 1308 "-" "Mozilla/5.0 (compatible; bingbot/2.0; +http://www.bing.com/bingbot.htm)"
207.46.13.175 - - [10/Aug/2021:19:18:20 +0200] "GET /globe-tripod-p-51548.html HTTP/1.0" 200 73494 "-" "Mozilla/5.0 (compatible; bingbot/2.0; +http://www.bing.com/bingbot.htm)"
40.77.167.106 - - [10/Aug/2021:19:18:40 +0200] "GET /decorative-wooden-plate-attention-chat-lunatique-white-p-47795.html HTTP/1.0" 200 73354 "-" "Mozilla/5.0 (compatible; bingbot/2.0; +http://www.bing.com/bingbot.htm)"
54.36.148.242 - - [10/Aug/2021:19:18:52 +0200] "GET /saint-peregrine-prayer-candle-novena-p-48895.html HTTP/1.0" 200 73706 "-" "Mozilla/5.0 (compatible; AhrefsBot/7.0; +http://ahrefs.com/robot/)"
185.191.171.24 - - [10/Aug/2021:19:19:05 +0200] "GET /small-piggy-bank-pink-p-55215.html?action=add_product HTTP/1.0" 302 476 "-" "Mozilla/5.0 (compatible; SemrushBot/7~bl; +http://www.semrush.com/bot.html)"
66.249.66.220 - - [10/Aug/2021:19:19:13 +0200] "GET /indian-boho-dream-catcher-wall-sticker-p-45018.html HTTP/1.0" 200 73029 "-" "Mozilla/5.0 (compatible; Googlebot/2.1; +http://www.google.com/bot.html)"
207.46.13.127 - - [10/Aug/2021:19:20:03 +0200] "GET /-p-31186.html HTTP/1.0" 200 70200 "-" "Mozilla/5.0 (compatible; bingbot/2.0; +http://www.bing.com/bingbot.htm)"
157.55.39.5 - - [10/Aug/2021:19:20:10 +0200] "GET /mickey-club-house-umbrella-p-20500.html HTTP/1.0" 200 73077 "-" "Mozilla/5.0 (compatible; bingbot/2.0; +http://www.bing.com/bingbot.htm)"
185.191.171.23 - - [10/Aug/2021:19:20:12 +0200] "GET /-p-15676.html?action=add_product HTTP/1.0" 302 476 "-" "Mozilla/5.0 (compatible; SemrushBot/7~bl; +http://www.semrush.com/bot.html)"
54.36.148.242 - - [10/Aug/2021:19:20:18 +0200] "GET /golden-waves-bedhead-wall-sticker-p-39184.html HTTP/1.0" 200 73063 "-" "Mozilla/5.0 (compatible; AhrefsBot/7.0; +http://ahrefs.com/robot/)"
157.55.39.156 - - [10/Aug/2021:19:20:23 +0200] "GET /bookmark-lenticular-horses-p-19159.html HTTP/1.0" 200 73019 "-" "Mozilla/5.0 (compatible; bingbot/2.0; +http://www.bing.com/bingbot.htm)"
54.36.148.85 - - [10/Aug/2021:19:20:34 +0200] "GET /mani-the-lucky-cat-mug-p-42777.html HTTP/1.0" 301 72896 "-" "Mozilla/5.0 (compatible; AhrefsBot/7.0; +http://ahrefs.com/robot/)"
157.55.39.5 - - [10/Aug/2021:19:21:10 +0200] "GET /little-buddha-glasses-case-p-53306.html HTTP/1.0" 200 72934 "-" "Mozilla/5.0 (compatible; bingbot/2.0; +http://www.bing.com/bingbot.htm)"
185.191.171.18 - - [10/Aug/2021:19:21:16 +0200] "GET /pucca-cap-52-cm-p-22265.html HTTP/1.0" 301 72932 "-" "Mozilla/5.0 (compatible; SemrushBot/7~bl; +http://www.semrush.com/bot.html)"
185.191.171.8 - - [10/Aug/2021:19:21:18 +0200] "GET /pucca-p-22265.html HTTP/1.0" 200 72860 "-" "Mozilla/5.0 (compatible; SemrushBot/7~bl; +http://www.semrush.com/bot.html)"
157.55.39.122 - - [10/Aug/2021:19:21:23 +0200] "GET /paris-paperweight-p-32049.html HTTP/1.0" 200 70258 "-" "Mozilla/5.0 (compatible; bingbot/2.0; +http://www.bing.com/bingbot.htm)"
157.55.39.156 - - [10/Aug/2021:19:21:27 +0200] "GET /-p-14718.html HTTP/1.0" 200 70200 "-" "Mozilla/5.0 (compatible; bingbot/2.0; +http://www.bing.com/bingbot.htm)"
54.36.148.242 - - [10/Aug/2021:19:21:35 +0200] "GET /cream-bracelet-p-50795.html HTTP/1.0" 200 73015 "-" "Mozilla/5.0 (compatible; AhrefsBot/7.0; +http://ahrefs.com/robot/)"
185.191.171.12 - - [10/Aug/2021:19:21:37 +0200] "GET /pink-p-45708.html?action=add_product HTTP/1.0" 302 476 "-" "Mozilla/5.0 (compatible; SemrushBot/7~bl; +http://www.semrush.com/bot.html)"
185.191.171.1 - - [10/Aug/2021:19:21:41 +0200] "GET /mala-rose-quartz-stone-quality-beads-p-51003.html HTTP/1.0" 200 76533 "-" "Mozilla/5.0 (compatible; SemrushBot/7~bl; +http://www.semrush.com/bot.html)"
157.55.39.44 - - [10/Aug/2021:19:21:51 +0200] "GET /-p-13824.html HTTP/1.0" 200 70200 "-" "Mozilla/5.0 (compatible; bingbot/2.0; +http://www.bing.com/bingbot.htm)"
66.249.66.216 - - [10/Aug/2021:19:22:06 +0200] "GET /cars-pairs-of-bobby-socks-size-19-22-p-25691.html HTTP/1.0" 301 70267 "-" "Mozilla/5.0 (Linux; Android 6.0.1; Nexus 5X Build/MMB29P) AppleWebKit/537.36 (KHTML, like Gecko) Chrome/92.0.4515.119 Mobile Safari/537.36 (compatible; Googlebot/2.1; +http://www.google.com/bot.html)"
66.249.66.220 - - [10/Aug/2021:19:22:07 +0200] "GET /-p-25691.html HTTP/1.0" 200 70200 "-" "Mozilla/5.0 (Linux; Android 6.0.1; Nexus 5X Build/MMB29P) AppleWebKit/537.36 (KHTML, like Gecko) Chrome/92.0.4515.119 Mobile Safari/537.36 (compatible; Googlebot/2.1; +http://www.google.com/bot.html)"
157.55.39.122 - - [10/Aug/2021:19:22:11 +0200] "GET /images/8028501269568.jpg HTTP/1.0" 200 259 "-" "Mozilla/5.0 (compatible; bingbot/2.0; +http://www.bing.com/bingbot.htm)"
157.55.39.122 - - [10/Aug/2021:19:22:12 +0200] "GET /minnie-mouse-sports-bottle-p-25064.html HTTP/1.0" 200 72859 "-" "Mozilla/5.0 (compatible; bingbot/2.0; +http://www.bing.com/bingbot.htm)"
157.55.39.44 - - [10/Aug/2021:19:22:22 +0200] "GET /harley-davidson-genuine-logo-tyre-lighter-p-45315.html HTTP/1.0" 200 74042 "-" "Mozilla/5.0 (compatible; bingbot/2.0; +http://www.bing.com/bingbot.htm)"
207.46.13.101 - - [10/Aug/2021:19:22:27 +0200] "GET /plush-froggy-yoopy-star-p-42702.html HTTP/1.0" 200 70324 "-" "Mozilla/5.0 (compatible; bingbot/2.0; +http://www.bing.com/bingbot.htm)"
54.36.148.242 - - [10/Aug/2021:19:22:53 +0200] "GET /horse-photo-frame-p-26645.html HTTP/1.0" 200 72833 "-" "Mozilla/5.0 (compatible; AhrefsBot/7.0; +http://ahrefs.com/robot/)"
185.191.171.6 - - [10/Aug/2021:19:23:01 +0200] "GET /liberty-small-large-bowl-p-41636.html?action=add_product HTTP/1.0" 302 476 "-" "Mozilla/5.0 (compatible; SemrushBot/7~bl; +http://www.semrush.com/bot.html)"
185.191.171.17 - - [10/Aug/2021:19:23:06 +0200] "GET /fitted-sheet-160-200-cm-orange-color-p-39691.html HTTP/1.0" 301 70267 "-" "Mozilla/5.0 (compatible; SemrushBot/7~bl; +http://www.semrush.com/bot.html)"
185.191.171.6 - - [10/Aug/2021:19:23:09 +0200] "GET /-p-39691.html HTTP/1.0" 200 70200 "-" "Mozilla/5.0 (compatible; SemrushBot/7~bl; +http://www.semrush.com/bot.html)"
157.55.39.5 - - [10/Aug/2021:19:23:42 +0200] "GET /-p-11128.html HTTP/1.0" 200 70200 "-" "Mozilla/5.0 (compatible; bingbot/2.0; +http://www.bing.com/bingbot.htm)"
185.191.171.15 - - [10/Aug/2021:19:23:44 +0200] "GET /sweet-lily-mini-rectangular-tray-p-54916.html HTTP/1.0" 200 72971 "-" "Mozilla/5.0 (compatible; SemrushBot/7~bl; +http://www.semrush.com/bot.html)"
157.55.39.51 - - [10/Aug/2021:19:23:47 +0200] "GET /-p-29762.html HTTP/1.0" 200 70200 "-" "Mozilla/5.0 (compatible; bingbot/2.0; +http://www.bing.com/bingbot.htm)"
157.55.39.51 - - [10/Aug/2021:19:23:56 +0200] "GET /-p-14223.html HTTP/1.0" 200 70200 "-" "Mozilla/5.0 (compatible; bingbot/2.0; +http://www.bing.com/bingbot.htm)"
185.191.171.13 - - [10/Aug/2021:19:23:59 +0200] "GET /blue-globe-decoration-p-52916.html?action=add_product HTTP/1.0" 302 476 "-" "Mozilla/5.0 (compatible; SemrushBot/7~bl; +http://www.semrush.com/bot.html)"
207.46.13.127 - - [10/Aug/2021:19:24:04 +0200] "GET /batman-silver-p-48296.html HTTP/1.0" 200 73729 "-" "Mozilla/5.0 (compatible; bingbot/2.0; +http://www.bing.com/bingbot.htm)"
54.36.148.242 - - [10/Aug/2021:19:24:14 +0200] "GET /stitch-doll-collection-statuette-p-47677.html HTTP/1.0" 200 74328 "-" "Mozilla/5.0 (compatible; AhrefsBot/7.0; +http://ahrefs.com/robot/)"
207.46.13.127 - - [10/Aug/2021:19:24:34 +0200] "GET /underwear-c-2_38.html HTTP/1.0" 200 75496 "-" "Mozilla/5.0 (compatible; bingbot/2.0; +http://www.bing.com/bingbot.htm)"
185.191.171.17 - - [10/Aug/2021:19:24:39 +0200] "GET /sacred-heart-jesus-prayer-candle-novena-p-44450.html?action=add_product HTTP/1.0" 302 476 "-" "Mozilla/5.0 (compatible; SemrushBot/7~bl; +http://www.semrush.com/bot.html)"
207.46.13.101 - - [10/Aug/2021:19:24:42 +0200] "GET /verity-rose-moonstruck-photo-frame-p-29148.html HTTP/1.0" 200 72962 "-" "Mozilla/5.0 (compatible; bingbot/2.0; +http://www.bing.com/bingbot.htm)"
157.55.39.51 - - [10/Aug/2021:19:25:07 +0200] "GET /gorjuss-large-coated-accessory-case-pastel-pattern-print-toads-p-34746.html HTTP/1.0" 200 73946 "-" "Mozilla/5.0 (compatible; bingbot/2.0; +http://www.bing.com/bingbot.htm)"
185.191.171.39 - - [10/Aug/2021:19:25:22 +0200] "GET /joyeux-anniversaire-amuse-bien-card-p-20041.html?action=add_product HTTP/1.0" 302 476 "-" "Mozilla/5.0 (compatible; SemrushBot/7~bl; +http://www.semrush.com/bot.html)"
54.36.148.242 - - [10/Aug/2021:19:25:31 +0200] "GET /volkwagen-power-bank-3000mah-p-35060.html HTTP/1.0" 200 75571 "-" "Mozilla/5.0 (compatible; AhrefsBot/7.0; +http://ahrefs.com/robot/)"
207.46.13.175 - - [10/Aug/2021:19:26:01 +0200] "GET /small-white-torn-paper-cushion-with-personalized-picture-p-16615.html HTTP/1.0" 200 73605 "-" "Mozilla/5.0 (compatible; bingbot/2.0; +http://www.bing.com/bingbot.htm)"
207.46.13.127 - - [10/Aug/2021:19:26:05 +0200] "GET /-p-33395.html HTTP/1.0" 200 70200 "-" "Mozilla/5.0 (compatible; bingbot/2.0; +http://www.bing.com/bingbot.htm)"
157.55.39.51 - - [10/Aug/2021:19:26:48 +0200] "GET /juventus-alarm-clock-p-30636.html HTTP/1.0" 200 70291 "-" "Mozilla/5.0 (compatible; bingbot/2.0; +http://www.bing.com/bingbot.htm)"
54.36.148.242 - - [10/Aug/2021:19:26:54 +0200] "GET /chakra-mini-worry-stones-p-53740.html HTTP/1.0" 200 74664 "-" "Mozilla/5.0 (compatible; AhrefsBot/7.0; +http://ahrefs.com/robot/)"
185.191.171.12 - - [10/Aug/2021:19:27:04 +0200] "GET /amazonite-obelisk-p-54370.html?action=add_product HTTP/1.0" 302 476 "-" "Mozilla/5.0 (compatible; SemrushBot/7~bl; +http://www.semrush.com/bot.html)"
157.55.39.156 - - [10/Aug/2021:19:27:04 +0200] "GET /-p-44931.html HTTP/1.0" 200 70200 "-" "Mozilla/5.0 (compatible; bingbot/2.0; +http://www.bing.com/bingbot.htm)"
207.46.13.101 - - [10/Aug/2021:19:27:31 +0200] "GET /images/big_prod/3701206603565B.jpg HTTP/1.0" 200 269 "-" "Mozilla/5.0 (compatible; bingbot/2.0; +http://www.bing.com/bingbot.htm)"
157.55.39.122 - - [10/Aug/2021:19:27:42 +0200] "GET /images/big_prod/3700344876626.jpg HTTP/1.0" 200 268 "-" "Mozilla/5.0 (compatible; bingbot/2.0; +http://www.bing.com/bingbot.htm)"
207.46.13.39 - - [10/Aug/2021:19:27:47 +0200] "GET /microfibre-base-cover-brown-p-43763.html HTTP/1.0" 200 70336 "-" "Mozilla/5.0 (compatible; bingbot/2.0; +http://www.bing.com/bingbot.htm)"
185.191.171.23 - - [10/Aug/2021:19:28:04 +0200] "GET /paris-germain-soccer-jersey-keyring-p-52035.html?action=add_product HTTP/1.0" 302 476 "-" "Mozilla/5.0 (compatible; SemrushBot/7~bl; +http://www.semrush.com/bot.html)"
54.36.148.242 - - [10/Aug/2021:19:28:07 +0200] "GET /bottle-opener-bistrot-p-45614.html HTTP/1.0" 200 72886 "-" "Mozilla/5.0 (compatible; AhrefsBot/7.0; +http://ahrefs.com/robot/)"
157.55.39.51 - - [10/Aug/2021:19:28:27 +0200] "GET /-p-10475.html HTTP/1.0" 200 70200 "-" "Mozilla/5.0 (compatible; bingbot/2.0; +http://www.bing.com/bingbot.htm)"
40.77.167.106 - - [10/Aug/2021:19:28:41 +0200] "GET /collectible-figurines-and-decorative-c-13_135.html HTTP/1.0" 301 96199 "-" "Mozilla/5.0 (compatible; bingbot/2.0; +http://www.bing.com/bingbot.htm)"
111.225.149.20 - - [10/Aug/2021:19:29:01 +0200] "GET / HTTP/1.0" 301 511 "-" "Mozilla/5.0 (Linux; Android 5.0) AppleWebKit/537.36 (KHTML, like Gecko) Mobile Safari/537.36 (compatible; Bytespider; https://zhanzhang.toutiao.com/)"
111.225.149.20 - - [10/Aug/2021:19:29:03 +0200] "GET / HTTP/1.0" 200 150309 "-" "Mozilla/5.0 (Linux; Android 5.0) AppleWebKit/537.36 (KHTML, like Gecko) Mobile Safari/537.36 (compatible; Bytespider; https://zhanzhang.toutiao.com/)"
111.225.149.13 - - [10/Aug/2021:19:29:04 +0200] "GET /mondial_relay/js/jquery-1.3.2.min.js HTTP/1.0" 200 276 "http://www.wonder-geek.com/" "Mozilla/5.0 (Linux; Android 5.0) AppleWebKit/537.36 (KHTML, like Gecko) Mobile Safari/537.36 (compatible; Bytespider; https://zhanzhang.toutiao.com/)"
111.225.149.9 - - [10/Aug/2021:19:29:05 +0200] "GET /highslide/highslide.js HTTP/1.0" 200 262 "http://www.wonder-geek.com/" "Mozilla/5.0 (Linux; Android 5.0) AppleWebKit/537.36 (KHTML, like Gecko) Mobile Safari/537.36 (compatible; Bytespider; https://zhanzhang.toutiao.com/)"
111.225.149.16 - - [10/Aug/2021:19:29:05 +0200] "GET /js/jquery.js HTTP/1.0" 200 252 "http://www.wonder-geek.com/" "Mozilla/5.0 (Linux; Android 5.0) AppleWebKit/537.36 (KHTML, like Gecko) Mobile Safari/537.36 (compatible; Bytespider; https://zhanzhang.toutiao.com/)"
111.225.149.7 - - [10/Aug/2021:19:29:06 +0200] "GET /swfobject.js HTTP/1.0" 404 1308 "http://www.wonder-geek.com/" "Mozilla/5.0 (Linux; Android 5.0) AppleWebKit/537.36 (KHTML, like Gecko) Mobile Safari/537.36 (compatible; Bytespider; https://zhanzhang.toutiao.com/)"
111.225.149.3 - - [10/Aug/2021:19:29:06 +0200] "GET /js/jquery.jqzoom.js HTTP/1.0" 200 259 "http://www.wonder-geek.com/" "Mozilla/5.0 (Linux; Android 5.0) AppleWebKit/537.36 (KHTML, like Gecko) Mobile Safari/537.36 (compatible; Bytespider; https://zhanzhang.toutiao.com/)"
111.225.149.5 - - [10/Aug/2021:19:29:12 +0200] "GET /js/jquery.min.js HTTP/1.0" 404 1308 "http://www.wonder-geek.com/" "Mozilla/5.0 (Linux; Android 5.0) AppleWebKit/537.36 (KHTML, like Gecko) Mobile Safari/537.36 (compatible; Bytespider; https://zhanzhang.toutiao.com/)"
111.225.149.11 - - [10/Aug/2021:19:29:13 +0200] "GET /js/jquery.masonry.min.js HTTP/1.0" 200 264 "http://www.wonder-geek.com/" "Mozilla/5.0 (Linux; Android 5.0) AppleWebKit/537.36 (KHTML, like Gecko) Mobile Safari/537.36 (compatible; Bytespider; https://zhanzhang.toutiao.com/)"
111.225.149.20 - - [10/Aug/2021:19:29:14 +0200] "GET /js/modernizr-transitions.js HTTP/1.0" 200 267 "http://www.wonder-geek.com/" "Mozilla/5.0 (Linux; Android 5.0) AppleWebKit/537.36 (KHTML, like Gecko) Mobile Safari/537.36 (compatible; Bytespider; https://zhanzhang.toutiao.com/)"
111.225.149.21 - - [10/Aug/2021:19:29:16 +0200] "GET /swfobject.js HTTP/1.0" 404 1308 "http://www.wonder-geek.com/" "Mozilla/5.0 (Linux; Android 5.0) AppleWebKit/537.36 (KHTML, like Gecko) Mobile Safari/537.36 (compatible; Bytespider; https://zhanzhang.toutiao.com/)"
111.225.149.19 - - [10/Aug/2021:19:29:19 +0200] "GET /js/jquery.min.js HTTP/1.0" 404 1308 "http://www.wonder-geek.com/" "Mozilla/5.0 (Linux; Android 5.0) AppleWebKit/537.36 (KHTML, like Gecko) Mobile Safari/537.36 (compatible; Bytespider; https://zhanzhang.toutiao.com/)"
111.225.149.16 - - [10/Aug/2021:19:29:21 +0200] "GET /highslide/graphics/zoomout.cur HTTP/1.0" 200 614 "http://www.wonder-geek.com/" "Mozilla/5.0 (Linux; Android 5.0) AppleWebKit/537.36 (KHTML, like Gecko) Mobile Safari/537.36 (compatible; Bytespider; https://zhanzhang.toutiao.com/)"
54.36.148.242 - - [10/Aug/2021:19:29:29 +0200] "GET /saucer-p-40670.html HTTP/1.0" 200 72742 "-" "Mozilla/5.0 (compatible; AhrefsBot/7.0; +http://ahrefs.com/robot/)"
51.68.224.127 - - [10/Aug/2021:19:29:44 +0200] "GET /adminweb/export_orders_xml.php?token=256de2z6edz6ed2z6DFSFsed2zed6zeDSFDSGdzedezfzf&maxorders=10&orderstart=1&status=14&start_date=2018-10-01 HTTP/1.0" 200 285 "-" "GesCom CharlotteBoutik Serveur"
51.68.224.127 - - [10/Aug/2021:19:29:44 +0200] "GET /adminweb/export_orders_xml.php?token=256de2z6edz6ed2z6DFSFsed2zed6zeDSFDSGdzedezfzf&maxorders=10&orderstart=1&status=6&start_date=2018-10-01 HTTP/1.0" 200 28601 "-" "GesCom CharlotteBoutik Serveur"
54.36.148.161 - - [10/Aug/2021:19:29:53 +0200] "GET /london-eyelets-blackout-curtain-p-27462.html HTTP/1.0" 301 70267 "-" "Mozilla/5.0 (compatible; AhrefsBot/7.0; +http://ahrefs.com/robot/)"
185.191.171.38 - - [10/Aug/2021:19:30:16 +0200] "GET /leonard-de-vinci-vitruvian-man-figurine-42-cm-p-44145.html HTTP/1.0" 301 74135 "-" "Mozilla/5.0 (compatible; SemrushBot/7~bl; +http://www.semrush.com/bot.html)"
185.191.171.1 - - [10/Aug/2021:19:30:18 +0200] "GET /lonard-vinci-vitruvian-figurine-p-44145.html HTTP/1.0" 200 74037 "-" "Mozilla/5.0 (compatible; SemrushBot/7~bl; +http://www.semrush.com/bot.html)"
157.55.39.44 - - [10/Aug/2021:19:30:22 +0200] "GET /digipenguin-p-30674.html HTTP/1.0" 200 70234 "-" "Mozilla/5.0 (compatible; bingbot/2.0; +http://www.bing.com/bingbot.htm)"
54.36.148.242 - - [10/Aug/2021:19:30:49 +0200] "GET /mcstuffins-musical-jewelry-p-26783.html HTTP/1.0" 200 73049 "-" "Mozilla/5.0 (compatible; AhrefsBot/7.0; +http://ahrefs.com/robot/)"
157.55.39.5 - - [10/Aug/2021:19:30:51 +0200] "GET /star-wars-stormtroopers-vehicle-p-29851.html HTTP/1.0" 200 70346 "-" "Mozilla/5.0 (compatible; bingbot/2.0; +http://www.bing.com/bingbot.htm)"
40.77.167.106 - - [10/Aug/2021:19:31:12 +0200] "GET /-p-12371.html HTTP/1.0" 200 70200 "-" "Mozilla/5.0 (compatible; bingbot/2.0; +http://www.bing.com/bingbot.htm)"
66.249.66.218 - - [10/Aug/2021:19:31:13 +0200] "GET /small-ceramic-ashtray-gourmet-bistro-p-50647.html HTTP/1.0" 200 72964 "-" "Mozilla/5.0 (compatible; Googlebot/2.1; +http://www.google.com/bot.html)"
17.121.112.91 - - [10/Aug/2021:19:31:15 +0200] "GET /barbecue-aperitif-c-12_254.html HTTP/1.0" 200 87608 "-" "Mozilla/5.0 (Macintosh; Intel Mac OS X 10_15_5) AppleWebKit/605.1.15 (KHTML, like Gecko) Version/13.1.1 Safari/605.1.15 (Applebot/0.1; +http://www.apple.com/go/applebot)"
207.46.13.175 - - [10/Aug/2021:19:31:41 +0200] "GET /-p-29925.html HTTP/1.0" 200 70200 "-" "Mozilla/5.0 (compatible; bingbot/2.0; +http://www.bing.com/bingbot.htm)"
157.55.39.122 - - [10/Aug/2021:19:31:45 +0200] "GET /-p-14614.html HTTP/1.0" 200 70200 "-" "Mozilla/5.0 (compatible; bingbot/2.0; +http://www.bing.com/bingbot.htm)"
40.77.167.106 - - [10/Aug/2021:19:31:52 +0200] "GET /tann-kids-school-bag-purple-p-44873.html HTTP/1.0" 301 74456 "-" "Mozilla/5.0 (compatible; bingbot/2.0; +http://www.bing.com/bingbot.htm)"
185.191.171.38 - - [10/Aug/2021:19:32:02 +0200] "GET /gare-wood-large-clock-p-38436.html?action=add_product HTTP/1.0" 302 476 "-" "Mozilla/5.0 (compatible; SemrushBot/7~bl; +http://www.semrush.com/bot.html)"
207.46.13.39 - - [10/Aug/2021:19:32:06 +0200] "GET /toucan-money-green-p-47935.html HTTP/1.0" 200 72884 "-" "Mozilla/5.0 (compatible; bingbot/2.0; +http://www.bing.com/bingbot.htm)"
54.36.148.242 - - [10/Aug/2021:19:32:07 +0200] "GET /nippon-doll-portfolio-p-26864.html HTTP/1.0" 200 73141 "-" "Mozilla/5.0 (compatible; AhrefsBot/7.0; +http://ahrefs.com/robot/)"
185.191.171.15 - - [10/Aug/2021:19:33:10 +0200] "GET /candy-cloud-compact-mirror-bella-p-49891.html HTTP/1.0" 200 74093 "-" "Mozilla/5.0 (compatible; SemrushBot/7~bl; +http://www.semrush.com/bot.html)"
185.191.171.22 - - [10/Aug/2021:19:33:14 +0200] "GET /lola-candy-cloud-keychain-p-49755.html HTTP/1.0" 200 72867 "-" "Mozilla/5.0 (compatible; SemrushBot/7~bl; +http://www.semrush.com/bot.html)"
54.36.148.242 - - [10/Aug/2021:19:33:20 +0200] "GET /small-postcard-plate-with-envelope-p-40126.html HTTP/1.0" 200 73077 "-" "Mozilla/5.0 (compatible; AhrefsBot/7.0; +http://ahrefs.com/robot/)"
185.191.171.41 - - [10/Aug/2021:19:33:41 +0200] "GET /gogh-wall-decoration-p-54009.html HTTP/1.0" 200 72919 "-" "Mozilla/5.0 (compatible; SemrushBot/7~bl; +http://www.semrush.com/bot.html)"
157.55.39.44 - - [10/Aug/2021:19:34:03 +0200] "GET /camorra-white-shirt-p-30679.html HTTP/1.0" 200 74770 "-" "Mozilla/5.0 (compatible; bingbot/2.0; +http://www.bing.com/bingbot.htm)"
54.36.148.242 - - [10/Aug/2021:19:34:38 +0200] "GET /saucer-p-40671.html HTTP/1.0" 200 72743 "-" "Mozilla/5.0 (compatible; AhrefsBot/7.0; +http://ahrefs.com/robot/)"
157.55.39.51 - - [10/Aug/2021:19:34:48 +0200] "GET /barbapapa-bath-toys-p-918.html HTTP/1.0" 301 70261 "-" "Mozilla/5.0 (compatible; bingbot/2.0; +http://www.bing.com/bingbot.htm)"
157.55.39.122 - - [10/Aug/2021:19:34:53 +0200] "GET /-p-12106.html HTTP/1.0" 200 70200 "-" "Mozilla/5.0 (compatible; bingbot/2.0; +http://www.bing.com/bingbot.htm)"
185.191.171.4 - - [10/Aug/2021:19:34:53 +0200] "GET /shoulder-bordeaux-with-embroidered-chakra-symbols-p-45363.html HTTP/1.0" 200 70394 "-" "Mozilla/5.0 (compatible; SemrushBot/7~bl; +http://www.semrush.com/bot.html)"
185.191.171.7 - - [10/Aug/2021:19:35:28 +0200] "GET /cats-dubout-coasters-p-40038.html?action=add_product HTTP/1.0" 302 476 "-" "Mozilla/5.0 (compatible; SemrushBot/7~bl; +http://www.semrush.com/bot.html)"
54.36.148.242 - - [10/Aug/2021:19:35:54 +0200] "GET /petit-akio-night-light-rabbit-p-47267.html HTTP/1.0" 200 74287 "-" "Mozilla/5.0 (compatible; AhrefsBot/7.0; +http://ahrefs.com/robot/)"
207.46.13.39 - - [10/Aug/2021:19:36:17 +0200] "GET /unicorn-nightlight-blue-p-55362.html HTTP/1.0" 200 74291 "-" "Mozilla/5.0 (compatible; bingbot/2.0; +http://www.bing.com/bingbot.htm)"
207.46.13.175 - - [10/Aug/2021:19:36:21 +0200] "GET /gorjuss-heart-shaped-little-song-p-34736.html HTTP/1.0" 200 70330 "-" "Mozilla/5.0 (compatible; bingbot/2.0; +http://www.bing.com/bingbot.htm)"
185.191.171.10 - - [10/Aug/2021:19:36:39 +0200] "GET /emily-strange-round-p-15088.html?action=add_product HTTP/1.0" 302 476 "-" "Mozilla/5.0 (compatible; SemrushBot/7~bl; +http://www.semrush.com/bot.html)"
157.55.39.51 - - [10/Aug/2021:19:36:48 +0200] "GET /peanuts-linus-figure-p-11180.html HTTP/1.0" 200 72926 "-" "Mozilla/5.0 (compatible; bingbot/2.0; +http://www.bing.com/bingbot.htm)"
185.191.171.41 - - [10/Aug/2021:19:36:57 +0200] "GET /rhinoceros-resin-lamp-p-54155.html?action=add_product HTTP/1.0" 302 476 "-" "Mozilla/5.0 (compatible; SemrushBot/7~bl; +http://www.semrush.com/bot.html)"
54.36.148.242 - - [10/Aug/2021:19:37:08 +0200] "GET /austin-mini-cooper-large-metal-plate-deco-p-37105.html HTTP/1.0" 200 72975 "-" "Mozilla/5.0 (compatible; AhrefsBot/7.0; +http://ahrefs.com/robot/)"
207.46.13.101 - - [10/Aug/2021:19:37:23 +0200] "GET /merryweather-figure-p-15680.html HTTP/1.0" 200 70286 "-" "Mozilla/5.0 (compatible; bingbot/2.0; +http://www.bing.com/bingbot.htm)"
207.46.13.127 - - [10/Aug/2021:19:37:35 +0200] "GET /-p-31238.html HTTP/1.0" 200 70200 "-" "Mozilla/5.0 (compatible; bingbot/2.0; +http://www.bing.com/bingbot.htm)"
157.55.39.44 - - [10/Aug/2021:19:37:43 +0200] "GET /-p-19132.html HTTP/1.0" 200 70200 "-" "Mozilla/5.0 (compatible; bingbot/2.0; +http://www.bing.com/bingbot.htm)"
207.46.13.39 - - [10/Aug/2021:19:37:47 +0200] "GET /liberty-russian-doll-black-cbkreation-p-18489.html HTTP/1.0" 200 72939 "-" "Mozilla/5.0 (compatible; bingbot/2.0; +http://www.bing.com/bingbot.htm)"
185.191.171.43 - - [10/Aug/2021:19:38:21 +0200] "GET /jasmin-companion-portfolio-p-38837.html HTTP/1.0" 200 74301 "-" "Mozilla/5.0 (compatible; SemrushBot/7~bl; +http://www.semrush.com/bot.html)"
54.36.148.242 - - [10/Aug/2021:19:38:23 +0200] "GET /flower-life-earrings-brass-golden-p-39340.html HTTP/1.0" 200 72912 "-" "Mozilla/5.0 (compatible; AhrefsBot/7.0; +http://ahrefs.com/robot/)"
207.46.13.127 - - [10/Aug/2021:19:38:25 +0200] "GET /betty-boop-mobile-sock-p-32844.html HTTP/1.0" 200 73026 "-" "Mozilla/5.0 (compatible; bingbot/2.0; +http://www.bing.com/bingbot.htm)"
157.55.39.5 - - [10/Aug/2021:19:38:52 +0200] "GET /captain-america-bust-bank-p-30234.html HTTP/1.0" 200 70316 "-" "Mozilla/5.0 (compatible; bingbot/2.0; +http://www.bing.com/bingbot.htm)"
110.249.201.60 - - [10/Aug/2021:19:38:53 +0200] "GET /blue-earthenware-lamp-p-55609.html HTTP/1.0" 200 73461 "-" "Mozilla/5.0 (Linux; Android 5.0) AppleWebKit/537.36 (KHTML, like Gecko) Mobile Safari/537.36 (compatible; Bytespider; https://zhanzhang.toutiao.com/)"
110.249.201.46 - - [10/Aug/2021:19:38:54 +0200] "GET /swfobject.js HTTP/1.0" 404 1308 "http://www.wonder-geek.com/blue-earthenware-lamp-p-55609.html" "Mozilla/5.0 (Linux; Android 5.0) AppleWebKit/537.36 (KHTML, like Gecko) Mobile Safari/537.36 (compatible; Bytespider; https://zhanzhang.toutiao.com/)"
110.249.201.60 - - [10/Aug/2021:19:38:54 +0200] "GET /images/big_prod_1/8422018278301B.jpg HTTP/1.0" 200 271 "http://www.wonder-geek.com/blue-earthenware-lamp-p-55609.html" "Mozilla/5.0 (Linux; Android 5.0) AppleWebKit/537.36 (KHTML, like Gecko) Mobile Safari/537.36 (compatible; Bytespider; https://zhanzhang.toutiao.com/)"
110.249.201.46 - - [10/Aug/2021:19:38:55 +0200] "GET /highslide/graphics/zoomout.cur HTTP/1.0" 200 614 "http://www.wonder-geek.com/blue-earthenware-lamp-p-55609.html" "Mozilla/5.0 (Linux; Android 5.0) AppleWebKit/537.36 (KHTML, like Gecko) Mobile Safari/537.36 (compatible; Bytespider; https://zhanzhang.toutiao.com/)"
110.249.201.43 - - [10/Aug/2021:19:38:55 +0200] "GET /images/big_prod/8422018278301.jpg HTTP/1.0" 200 268 "http://www.wonder-geek.com/blue-earthenware-lamp-p-55609.html" "Mozilla/5.0 (Linux; Android 5.0) AppleWebKit/537.36 (KHTML, like Gecko) Mobile Safari/537.36 (compatible; Bytespider; https://zhanzhang.toutiao.com/)"
185.191.171.12 - - [10/Aug/2021:19:38:58 +0200] "GET /-p-49115.html?action=add_product HTTP/1.0" 302 476 "-" "Mozilla/5.0 (compatible; SemrushBot/7~bl; +http://www.semrush.com/bot.html)"
207.46.13.101 - - [10/Aug/2021:19:39:03 +0200] "GET /three-little-pigs-figurine-silly-symphonies-p-51187.html HTTP/1.0" 200 74467 "-" "Mozilla/5.0 (compatible; bingbot/2.0; +http://www.bing.com/bingbot.htm)"
157.55.39.122 - - [10/Aug/2021:19:39:07 +0200] "GET /metal-lamp-black-p-48266.html HTTP/1.0" 200 73325 "-" "Mozilla/5.0 (compatible; bingbot/2.0; +http://www.bing.com/bingbot.htm)"
17.121.112.44 - - [10/Aug/2021:19:39:11 +0200] "GET /boxes-textile-storage-c-13_150_215.html HTTP/1.0" 200 78038 "-" "Mozilla/5.0 (Macintosh; Intel Mac OS X 10_15_5) AppleWebKit/605.1.15 (KHTML, like Gecko) Version/13.1.1 Safari/605.1.15 (Applebot/0.1; +http://www.apple.com/go/applebot)"
207.46.13.127 - - [10/Aug/2021:19:39:25 +0200] "GET /beyblade-blue-swimsuit-p-30447.html HTTP/1.0" 200 74578 "-" "Mozilla/5.0 (compatible; bingbot/2.0; +http://www.bing.com/bingbot.htm)"
54.36.148.187 - - [10/Aug/2021:19:39:28 +0200] "GET /pusheen-the-cat-magical-mug-p-43120.html HTTP/1.0" 301 70267 "-" "Mozilla/5.0 (compatible; AhrefsBot/7.0; +http://ahrefs.com/robot/)"
207.46.13.175 - - [10/Aug/2021:19:39:32 +0200] "GET /blue-sloth-moneybox-p-52237.html HTTP/1.0" 200 73423 "-" "Mozilla/5.0 (compatible; bingbot/2.0; +http://www.bing.com/bingbot.htm)"
54.36.148.242 - - [10/Aug/2021:19:39:38 +0200] "GET /assassin-creed-zippo-lighter-p-45296.html HTTP/1.0" 200 75842 "-" "Mozilla/5.0 (compatible; AhrefsBot/7.0; +http://ahrefs.com/robot/)"
185.191.171.43 - - [10/Aug/2021:19:40:05 +0200] "GET /parci-bedclothes-p-49134.html?action=add_product HTTP/1.0" 302 476 "-" "Mozilla/5.0 (compatible; SemrushBot/7~bl; +http://www.semrush.com/bot.html)"
185.191.171.16 - - [10/Aug/2021:19:40:18 +0200] "GET /ceramic-cork-trivet-cement-tiles-p-53066.html HTTP/1.0" 200 72979 "-" "Mozilla/5.0 (compatible; SemrushBot/7~bl; +http://www.semrush.com/bot.html)"
62.210.188.218 - - [10/Aug/2021:19:40:22 +0200] "GET /cement-tile-stickers-15-15-cm-p-50336.html HTTP/1.0" 301 73855 "-" "Mozilla/5.0 (compatible; Barkrowler/0.9; +https://babbar.tech/crawler)"
157.55.39.156 - - [10/Aug/2021:19:40:36 +0200] "GET /flufflings-interactive-plush-okki-p-16578.html HTTP/1.0" 200 70362 "-" "Mozilla/5.0 (compatible; bingbot/2.0; +http://www.bing.com/bingbot.htm)"
62.210.188.218 - - [10/Aug/2021:19:40:38 +0200] "GET /cement-tile-stickers-15-15-cm-p-50329.html HTTP/1.0" 301 73235 "-" "Mozilla/5.0 (compatible; Barkrowler/0.9; +https://babbar.tech/crawler)"
62.210.188.218 - - [10/Aug/2021:19:40:52 +0200] "GET /nippon-doll-cosmetic-pouch-p-26867.html HTTP/1.0" 200 73758 "-" "Mozilla/5.0 (compatible; Barkrowler/0.9; +https://babbar.tech/crawler)"
207.46.13.101 - - [10/Aug/2021:19:40:53 +0200] "GET /verity-rose-gift-card-p-29166.html HTTP/1.0" 200 70274 "-" "Mozilla/5.0 (compatible; bingbot/2.0; +http://www.bing.com/bingbot.htm)"
54.36.148.242 - - [10/Aug/2021:19:41:01 +0200] "GET /rhinoceros-utensil-cbkreation-p-33799.html HTTP/1.0" 200 72917 "-" "Mozilla/5.0 (compatible; AhrefsBot/7.0; +http://ahrefs.com/robot/)"
62.210.188.218 - - [10/Aug/2021:19:41:07 +0200] "GET /nippon-doll-cosmetic-pouch-p-26866.html HTTP/1.0" 200 73115 "-" "Mozilla/5.0 (compatible; Barkrowler/0.9; +https://babbar.tech/crawler)"
157.55.39.5 - - [10/Aug/2021:19:41:12 +0200] "GET /nightmare-street-freddy-krueger-shot-glass-p-30975.html HTTP/1.0" 200 70380 "-" "Mozilla/5.0 (compatible; bingbot/2.0; +http://www.bing.com/bingbot.htm)"
62.210.188.218 - - [10/Aug/2021:19:41:21 +0200] "GET /nippon-doll-shoulder-bag-p-27009.html HTTP/1.0" 301 73320 "-" "Mozilla/5.0 (compatible; Barkrowler/0.9; +https://babbar.tech/crawler)"
62.210.188.218 - - [10/Aug/2021:19:41:34 +0200] "GET /barbapapa-baroque-striped-canvas-totes-p-5788.html HTTP/1.0" 200 73215 "-" "Mozilla/5.0 (compatible; Barkrowler/0.9; +https://babbar.tech/crawler)"
62.210.188.218 - - [10/Aug/2021:19:41:51 +0200] "GET /barbapapa-barbabeau-pencil-case-p-19619.html HTTP/1.0" 200 73095 "-" "Mozilla/5.0 (compatible; Barkrowler/0.9; +https://babbar.tech/crawler)"
185.191.171.26 - - [10/Aug/2021:19:41:51 +0200] "GET /home-decoration-c-13.html?page=184 HTTP/1.0" 200 92322 "-" "Mozilla/5.0 (compatible; SemrushBot/7~bl; +http://www.semrush.com/bot.html)"
119.8.236.217 - - [10/Aug/2021:19:42:05 +0200] "GET /images/mini_prod/8427787038118.jpg HTTP/1.0" 200 269 "-" "Python/3.7 aiohttp/3.7.4.post0"
62.210.188.218 - - [10/Aug/2021:19:42:06 +0200] "GET /provence-small-ceramic-ashtray-p-52635.html HTTP/1.0" 200 72897 "-" "Mozilla/5.0 (compatible; Barkrowler/0.9; +https://babbar.tech/crawler)"
54.36.148.242 - - [10/Aug/2021:19:42:17 +0200] "GET /espresso-cups-dogs-p-49737.html HTTP/1.0" 200 72840 "-" "Mozilla/5.0 (compatible; AhrefsBot/7.0; +http://ahrefs.com/robot/)"
62.210.188.218 - - [10/Aug/2021:19:42:21 +0200] "GET /provencal-cicadas-mini-mug-p-37895.html HTTP/1.0" 301 72922 "-" "Mozilla/5.0 (compatible; Barkrowler/0.9; +https://babbar.tech/crawler)"
157.55.39.51 - - [10/Aug/2021:19:42:29 +0200] "GET /donkey-kong-shirt-p-29598.html HTTP/1.0" 200 74224 "-" "Mozilla/5.0 (compatible; bingbot/2.0; +http://www.bing.com/bingbot.htm)"
62.210.188.218 - - [10/Aug/2021:19:42:36 +0200] "GET /coated-placemat-coustellet-p-51359.html HTTP/1.0" 200 70294 "-" "Mozilla/5.0 (compatible; Barkrowler/0.9; +https://babbar.tech/crawler)"
185.191.171.11 - - [10/Aug/2021:19:42:47 +0200] "GET /jasmin-black-note-book-pages-p-30137.html?action=add_product HTTP/1.0" 302 476 "-" "Mozilla/5.0 (compatible; SemrushBot/7~bl; +http://www.semrush.com/bot.html)"
157.55.39.44 - - [10/Aug/2021:19:42:54 +0200] "GET /olaf-placemat-p-31706.html HTTP/1.0" 200 72848 "-" "Mozilla/5.0 (compatible; bingbot/2.0; +http://www.bing.com/bingbot.htm)"
157.55.39.122 - - [10/Aug/2021:19:42:58 +0200] "GET /finn-miniature-character-p-32473.html HTTP/1.0" 200 73035 "-" "Mozilla/5.0 (compatible; bingbot/2.0; +http://www.bing.com/bingbot.htm)"
62.210.188.218 - - [10/Aug/2021:19:43:02 +0200] "GET /corsica-mug-by-cbkreation-p-43144.html HTTP/1.0" 301 72931 "-" "Mozilla/5.0 (compatible; Barkrowler/0.9; +https://babbar.tech/crawler)"
207.46.13.175 - - [10/Aug/2021:19:43:10 +0200] "GET /swfobject.js HTTP/1.0" 404 1308 "-" "Mozilla/5.0 (compatible; bingbot/2.0; +http://www.bing.com/bingbot.htm)"
66.249.66.216 - - [10/Aug/2021:19:43:13 +0200] "GET /statue-fiberglass-buddha-77-cm-p-44725.html HTTP/1.0" 301 73014 "-" "Mozilla/5.0 (compatible; Googlebot/2.1; +http://www.google.com/bot.html)"
66.249.66.216 - - [10/Aug/2021:19:43:15 +0200] "GET /statue-fiberglass-buddha-p-44725.html HTTP/1.0" 200 72923 "-" "Mozilla/5.0 (compatible; Googlebot/2.1; +http://www.google.com/bot.html)"
62.210.188.218 - - [10/Aug/2021:19:43:19 +0200] "GET /corsica-mug-by-cbkreation-p-30665.html HTTP/1.0" 301 72936 "-" "Mozilla/5.0 (compatible; Barkrowler/0.9; +https://babbar.tech/crawler)"
62.210.188.218 - - [10/Aug/2021:19:43:34 +0200] "GET /animals-alarm-clock-cbkreation-p-43812.html HTTP/1.0" 200 72989 "-" "Mozilla/5.0 (compatible; Barkrowler/0.9; +https://babbar.tech/crawler)"
54.36.148.242 - - [10/Aug/2021:19:43:36 +0200] "GET /bear-cushion-cherry-pits-p-46530.html HTTP/1.0" 200 72889 "-" "Mozilla/5.0 (compatible; AhrefsBot/7.0; +http://ahrefs.com/robot/)"
209.62.199.116 - - [10/Aug/2021:19:43:47 +0200] "GET /images/1300010240281.jpg HTTP/1.0" 200 259 "-" "Mozilla/5.0 (iPad; CPU OS 12_5_4 like Mac OS X) AppleWebKit/605.1.15 (KHTML, like Gecko) Version/12.1.2 Mobile/15E148 Safari/604.1"
62.210.188.218 - - [10/Aug/2021:19:43:51 +0200] "GET /french-wine-metal-plate-30-15-cm-p-47640.html HTTP/1.0" 301 72935 "-" "Mozilla/5.0 (compatible; Barkrowler/0.9; +https://babbar.tech/crawler)"
185.191.171.6 - - [10/Aug/2021:19:43:58 +0200] "GET /votive-candle-hours-pearl-bouquet-p-34629.html?action=add_product HTTP/1.0" 302 476 "-" "Mozilla/5.0 (compatible; SemrushBot/7~bl; +http://www.semrush.com/bot.html)"
40.77.167.106 - - [10/Aug/2021:19:44:02 +0200] "GET /-p-12916.html HTTP/1.0" 200 70200 "-" "Mozilla/5.0 (compatible; bingbot/2.0; +http://www.bing.com/bingbot.htm)"
185.191.171.7 - - [10/Aug/2021:19:44:05 +0200] "GET /kandinsky-silhouette-ceramic-vase-composition-viii-p-55059.html HTTP/1.0" 200 74240 "-" "Mozilla/5.0 (compatible; SemrushBot/7~bl; +http://www.semrush.com/bot.html)"
62.210.188.218 - - [10/Aug/2021:19:44:06 +0200] "GET /london-carlin-pencil-cbkreation-p-23971.html HTTP/1.0" 200 72929 "-" "Mozilla/5.0 (compatible; Barkrowler/0.9; +https://babbar.tech/crawler)"
157.55.39.44 - - [10/Aug/2021:19:44:14 +0200] "GET /-p-15120.html HTTP/1.0" 200 70200 "-" "Mozilla/5.0 (compatible; bingbot/2.0; +http://www.bing.com/bingbot.htm)"
62.210.188.218 - - [10/Aug/2021:19:44:21 +0200] "GET /london-metal-keyring-welsh-guard-p-35353.html HTTP/1.0" 200 72936 "-" "Mozilla/5.0 (compatible; Barkrowler/0.9; +https://babbar.tech/crawler)"
66.249.66.220 - - [10/Aug/2021:19:44:36 +0200] "GET /small-white-cushion-with-personalized-picture-p-16257.html HTTP/1.0" 200 73491 "-" "Mozilla/5.0 (Linux; Android 6.0.1; Nexus 5X Build/MMB29P) AppleWebKit/537.36 (KHTML, like Gecko) Chrome/92.0.4515.119 Mobile Safari/537.36 (compatible; Googlebot/2.1; +http://www.google.com/bot.html)"
62.210.188.218 - - [10/Aug/2021:19:44:38 +0200] "GET /mini-motsu-keel-toys-plush-p-46205.html HTTP/1.0" 200 70321 "-" "Mozilla/5.0 (compatible; Barkrowler/0.9; +https://babbar.tech/crawler)"
62.210.188.218 - - [10/Aug/2021:19:44:54 +0200] "GET /charmmy-kitty-mattress-swimming-pool-p-5990.html HTTP/1.0" 200 72830 "-" "Mozilla/5.0 (compatible; Barkrowler/0.9; +https://babbar.tech/crawler)"
54.36.148.242 - - [10/Aug/2021:19:44:59 +0200] "GET /stickers-volkswagen-beetle-blue-wall-decoration-p-35554.html HTTP/1.0" 200 73189 "-" "Mozilla/5.0 (compatible; AhrefsBot/7.0; +http://ahrefs.com/robot/)"
62.210.188.218 - - [10/Aug/2021:19:45:08 +0200] "GET /charmmy-kitty-red-round-pencil-case-p-14521.html HTTP/1.0" 301 73332 "-" "Mozilla/5.0 (compatible; Barkrowler/0.9; +https://babbar.tech/crawler)"
54.36.148.220 - - [10/Aug/2021:19:45:16 +0200] "GET /new-york-tee-shirt-p-29599.html HTTP/1.0" 301 74115 "-" "Mozilla/5.0 (compatible; AhrefsBot/7.0; +http://ahrefs.com/robot/)"
62.210.188.218 - - [10/Aug/2021:19:45:24 +0200] "GET /gorjuss-heart-shaped-tin-my-story-p-49476.html HTTP/1.0" 301 73891 "-" "Mozilla/5.0 (compatible; Barkrowler/0.9; +https://babbar.tech/crawler)"
40.77.167.106 - - [10/Aug/2021:19:45:33 +0200] "GET /games-and-toys/figures/daisy-duck-figure-p-2857.html HTTP/1.0" 301 72703 "-" "Mozilla/5.0 (compatible; bingbot/2.0; +http://www.bing.com/bingbot.htm)"
185.191.171.20 - - [10/Aug/2021:19:45:36 +0200] "GET /sandstone-flower-p-50812.html HTTP/1.0" 200 72807 "-" "Mozilla/5.0 (compatible; SemrushBot/7~bl; +http://www.semrush.com/bot.html)"
62.210.188.218 - - [10/Aug/2021:19:45:41 +0200] "GET /gorjuss-trinket-autumn-leaves-p-51405.html HTTP/1.0" 200 74164 "-" "Mozilla/5.0 (compatible; Barkrowler/0.9; +https://babbar.tech/crawler)"
207.46.13.127 - - [10/Aug/2021:19:45:46 +0200] "GET /-p-23263.html HTTP/1.0" 200 70200 "-" "Mozilla/5.0 (compatible; bingbot/2.0; +http://www.bing.com/bingbot.htm)"
62.210.188.218 - - [10/Aug/2021:19:45:57 +0200] "GET /hot-water-bottle-and-night-mask-set-p-52646.html HTTP/1.0" 301 73090 "-" "Mozilla/5.0 (compatible; Barkrowler/0.9; +https://babbar.tech/crawler)"
62.210.188.218 - - [10/Aug/2021:19:46:14 +0200] "GET /wall-decoration-in-wood-and-mdf-c-13_274.html?page=7 HTTP/1.0" 301 94419 "-" "Mozilla/5.0 (compatible; Barkrowler/0.9; +https://babbar.tech/crawler)"
51.68.224.127 - - [10/Aug/2021:19:46:23 +0200] "GET /adminweb/export_orders_xml.php?token=256de2z6edz6ed2z6DFSFsed2zed6zeDSFDSGdzedezfzf&maxorders=10&orderstart=1&status=14&start_date=2018-10-01 HTTP/1.0" 200 285 "-" "GesCom CharlotteBoutik Serveur"
51.68.224.127 - - [10/Aug/2021:19:46:23 +0200] "GET /adminweb/export_orders_xml.php?token=256de2z6edz6ed2z6DFSFsed2zed6zeDSFDSGdzedezfzf&maxorders=10&orderstart=1&status=6&start_date=2018-10-01 HTTP/1.0" 200 28601 "-" "GesCom CharlotteBoutik Serveur"
207.46.13.101 - - [10/Aug/2021:19:46:24 +0200] "GET /images/big_prod/35444.jpg HTTP/1.0" 200 260 "-" "Mozilla/5.0 (compatible; bingbot/2.0; +http://www.bing.com/bingbot.htm)"
54.36.148.242 - - [10/Aug/2021:19:46:23 +0200] "GET /luna-bath-towel-p-40757.html HTTP/1.0" 200 72810 "-" "Mozilla/5.0 (compatible; AhrefsBot/7.0; +http://ahrefs.com/robot/)"
93.158.161.67 - - [10/Aug/2021:19:46:26 +0200] "GET /robots.txt HTTP/1.0" 200 245 "-" "Mozilla/5.0 (compatible; YandexBot/3.0; +http://yandex.com/bots)"
185.191.171.18 - - [10/Aug/2021:19:46:27 +0200] "GET /dolce-vita-black-women-shirt-p-30955.html?action=add_product HTTP/1.0" 302 476 "-" "Mozilla/5.0 (compatible; SemrushBot/7~bl; +http://www.semrush.com/bot.html)"
62.210.188.218 - - [10/Aug/2021:19:46:30 +0200] "GET /wall-stickers-indian-style-dream-catcher-p-39243.html HTTP/1.0" 200 73024 "-" "Mozilla/5.0 (compatible; Barkrowler/0.9; +https://babbar.tech/crawler)"
93.158.161.67 - - [10/Aug/2021:19:46:30 +0200] "GET /winx-picnic-p-17168.html HTTP/1.0" 200 73681 "-" "Mozilla/5.0 (compatible; YandexBot/3.0; +http://yandex.com/bots)"
62.210.188.218 - - [10/Aug/2021:19:46:46 +0200] "GET /good-smile-bedclothes-220-240-cm-p-41440.html HTTP/1.0" 301 73061 "-" "Mozilla/5.0 (compatible; Barkrowler/0.9; +https://babbar.tech/crawler)"
62.210.188.218 - - [10/Aug/2021:19:47:04 +0200] "GET /verity-rose-set-of-hair-clips-retro-p-29184.html HTTP/1.0" 301 72981 "-" "Mozilla/5.0 (compatible; Barkrowler/0.9; +https://babbar.tech/crawler)"
157.55.39.44 - - [10/Aug/2021:19:47:14 +0200] "GET /ring-hooks-p-45743.html HTTP/1.0" 200 70266 "-" "Mozilla/5.0 (compatible; bingbot/2.0; +http://www.bing.com/bingbot.htm)"
62.210.188.218 - - [10/Aug/2021:19:47:22 +0200] "GET /wooden-and-zinc-tray-chez-claude-p-52673.html HTTP/1.0" 301 73102 "-" "Mozilla/5.0 (compatible; Barkrowler/0.9; +https://babbar.tech/crawler)"
157.55.39.5 - - [10/Aug/2021:19:47:33 +0200] "GET /-p-29890.html HTTP/1.0" 200 70200 "-" "Mozilla/5.0 (compatible; bingbot/2.0; +http://www.bing.com/bingbot.htm)"
13.66.139.0 - - [10/Aug/2021:19:47:34 +0200] "GET /tinted-candle-mass-grey-color-p-48927.html HTTP/1.0" 200 72928 "-" "Mozilla/5.0 (compatible; bingbot/2.0; +http://www.bing.com/bingbot.htm)"
62.210.188.218 - - [10/Aug/2021:19:47:38 +0200] "GET /wooden-windchime-chimes-75-cm-p-43534.html HTTP/1.0" 301 73640 "-" "Mozilla/5.0 (compatible; Barkrowler/0.9; +https://babbar.tech/crawler)"
54.36.148.242 - - [10/Aug/2021:19:47:41 +0200] "GET /harley-davidson-large-metal-plate-deco-p-43528.html HTTP/1.0" 200 72990 "-" "Mozilla/5.0 (compatible; AhrefsBot/7.0; +http://ahrefs.com/robot/)"
185.191.171.6 - - [10/Aug/2021:19:47:44 +0200] "GET /round-clock-copains-abord-p-55666.html?action=add_product HTTP/1.0" 302 476 "-" "Mozilla/5.0 (compatible; SemrushBot/7~bl; +http://www.semrush.com/bot.html)"
216.244.66.242 - - [10/Aug/2021:19:47:46 +0200] "GET /robots.txt HTTP/1.0" 200 245 "-" "Mozilla/5.0 (compatible; DotBot/1.2; +https://opensiteexplorer.org/dotbot; help@moz.com)"
40.77.167.106 - - [10/Aug/2021:19:47:53 +0200] "GET /clocks-c-13_67.html?page=3 HTTP/1.0" 200 93105 "-" "Mozilla/5.0 (compatible; bingbot/2.0; +http://www.bing.com/bingbot.htm)"
62.210.188.218 - - [10/Aug/2021:19:47:53 +0200] "GET /the-little-prince-wallet-french-manufacturing-p-52350.html HTTP/1.0" 301 73895 "-" "Mozilla/5.0 (compatible; Barkrowler/0.9; +https://babbar.tech/crawler)"
62.210.188.218 - - [10/Aug/2021:19:48:11 +0200] "GET /the-little-prince-paper-towel-dispenser-p-28596.html HTTP/1.0" 301 73034 "-" "Mozilla/5.0 (compatible; Barkrowler/0.9; +https://babbar.tech/crawler)"
157.55.39.5 - - [10/Aug/2021:19:48:12 +0200] "GET /white-moustache-ring-p-18243.html HTTP/1.0" 200 72991 "-" "Mozilla/5.0 (compatible; bingbot/2.0; +http://www.bing.com/bingbot.htm)"
62.210.188.218 - - [10/Aug/2021:19:48:28 +0200] "GET /pesos-money-box-by-cbkreation-p-24144.html HTTP/1.0" 301 72992 "-" "Mozilla/5.0 (compatible; Barkrowler/0.9; +https://babbar.tech/crawler)"
185.191.171.17 - - [10/Aug/2021:19:48:32 +0200] "GET /paris-saint-germain-football-boot-money-p-52183.html?action=add_product HTTP/1.0" 302 476 "-" "Mozilla/5.0 (compatible; SemrushBot/7~bl; +http://www.semrush.com/bot.html)"
185.191.171.5 - - [10/Aug/2021:19:48:36 +0200] "GET /incense-burner-sticks-cones-ganesh-p-44271.html?action=add_product HTTP/1.0" 302 476 "-" "Mozilla/5.0 (compatible; SemrushBot/7~bl; +http://www.semrush.com/bot.html)"
62.210.188.218 - - [10/Aug/2021:19:48:45 +0200] "GET /pedestal-elephant-ethnic-resin-p-44910.html HTTP/1.0" 200 72978 "-" "Mozilla/5.0 (compatible; Barkrowler/0.9; +https://babbar.tech/crawler)"
157.55.39.122 - - [10/Aug/2021:19:48:46 +0200] "GET /mug-with-infuser-for-tea-cutty-p-47847.html HTTP/1.0" 301 70359 "-" "Mozilla/5.0 (compatible; bingbot/2.0; +http://www.bing.com/bingbot.htm)"
111.225.148.169 - - [10/Aug/2021:19:48:53 +0200] "GET /glass-lamp-p-53383.html HTTP/1.0" 200 73695 "-" "Mozilla/5.0 (Linux; Android 5.0) AppleWebKit/537.36 (KHTML, like Gecko) Mobile Safari/537.36 (compatible; Bytespider; https://zhanzhang.toutiao.com/)"
111.225.148.169 - - [10/Aug/2021:19:48:55 +0200] "GET /swfobject.js HTTP/1.0" 404 1308 "http://www.wonder-geek.com/glass-lamp-p-53383.html" "Mozilla/5.0 (Linux; Android 5.0) AppleWebKit/537.36 (KHTML, like Gecko) Mobile Safari/537.36 (compatible; Bytespider; https://zhanzhang.toutiao.com/)"
111.225.148.159 - - [10/Aug/2021:19:48:56 +0200] "GET /images/big_prod_2/8424346356577C.jpg HTTP/1.0" 200 271 "http://www.wonder-geek.com/glass-lamp-p-53383.html" "Mozilla/5.0 (Linux; Android 5.0) AppleWebKit/537.36 (KHTML, like Gecko) Mobile Safari/537.36 (compatible; Bytespider; https://zhanzhang.toutiao.com/)"
111.225.148.168 - - [10/Aug/2021:19:48:56 +0200] "GET /images/big_prod_3/8424346356577D.jpg HTTP/1.0" 200 271 "http://www.wonder-geek.com/glass-lamp-p-53383.html" "Mozilla/5.0 (Linux; Android 5.0) AppleWebKit/537.36 (KHTML, like Gecko) Mobile Safari/537.36 (compatible; Bytespider; https://zhanzhang.toutiao.com/)"
111.225.148.166 - - [10/Aug/2021:19:48:56 +0200] "GET /images/big_prod_1/8424346356577B.jpg HTTP/1.0" 200 271 "http://www.wonder-geek.com/glass-lamp-p-53383.html" "Mozilla/5.0 (Linux; Android 5.0) AppleWebKit/537.36 (KHTML, like Gecko) Mobile Safari/537.36 (compatible; Bytespider; https://zhanzhang.toutiao.com/)"
111.225.148.151 - - [10/Aug/2021:19:48:57 +0200] "GET /highslide/graphics/zoomout.cur HTTP/1.0" 200 614 "http://www.wonder-geek.com/glass-lamp-p-53383.html" "Mozilla/5.0 (Linux; Android 5.0) AppleWebKit/537.36 (KHTML, like Gecko) Mobile Safari/537.36 (compatible; Bytespider; https://zhanzhang.toutiao.com/)"
111.225.148.152 - - [10/Aug/2021:19:48:57 +0200] "GET /images/big_prod/8424346356577.jpg HTTP/1.0" 200 268 "http://www.wonder-geek.com/glass-lamp-p-53383.html" "Mozilla/5.0 (Linux; Android 5.0) AppleWebKit/537.36 (KHTML, like Gecko) Mobile Safari/537.36 (compatible; Bytespider; https://zhanzhang.toutiao.com/)"
54.36.148.242 - - [10/Aug/2021:19:49:07 +0200] "GET /small-akio-night-light-hello-kitty-cloud-p-51497.html HTTP/1.0" 200 73897 "-" "Mozilla/5.0 (compatible; AhrefsBot/7.0; +http://ahrefs.com/robot/)"
185.191.171.19 - - [10/Aug/2021:19:49:14 +0200] "GET /craft-attack-allen-clock-p-49500.html?action=add_product HTTP/1.0" 302 476 "-" "Mozilla/5.0 (compatible; SemrushBot/7~bl; +http://www.semrush.com/bot.html)"
62.210.188.218 - - [10/Aug/2021:19:49:19 +0200] "GET /black-industrial-retro-metal-key-box-p-52596.html HTTP/1.0" 301 73820 "-" "Mozilla/5.0 (compatible; Barkrowler/0.9; +https://babbar.tech/crawler)"
93.158.161.67 - - [10/Aug/2021:19:49:32 +0200] "GET /skeleton-black-shirt-p-30128.html HTTP/1.0" 200 74019 "-" "Mozilla/5.0 (compatible; YandexBot/3.0; +http://yandex.com/bots)"
157.55.39.44 - - [10/Aug/2021:19:49:34 +0200] "GET /green-globe-decoration-p-52917.html HTTP/1.0" 200 72901 "-" "Mozilla/5.0 (compatible; bingbot/2.0; +http://www.bing.com/bingbot.htm)"
62.210.188.218 - - [10/Aug/2021:19:49:38 +0200] "GET /bratz-cap-scarf-and-glove-set-p-22129.html HTTP/1.0" 301 73144 "-" "Mozilla/5.0 (compatible; Barkrowler/0.9; +https://babbar.tech/crawler)"
62.210.188.218 - - [10/Aug/2021:19:50:05 +0200] "GET /dancer-ballerina-jewelry-phosphorescent-p-50832.html HTTP/1.0" 200 74219 "-" "Mozilla/5.0 (compatible; Barkrowler/0.9; +https://babbar.tech/crawler)"
62.210.188.218 - - [10/Aug/2021:19:50:23 +0200] "GET /musical-jewelery-box-tutu-dancer-p-50833.html HTTP/1.0" 301 74095 "-" "Mozilla/5.0 (compatible; Barkrowler/0.9; +https://babbar.tech/crawler)"
157.55.39.5 - - [10/Aug/2021:19:50:23 +0200] "GET /-p-25806.html HTTP/1.0" 200 70200 "-" "Mozilla/5.0 (compatible; bingbot/2.0; +http://www.bing.com/bingbot.htm)"
62.210.188.218 - - [10/Aug/2021:19:50:37 +0200] "GET /cushion-cover-blue-duck-60-60-cm-p-50050.html HTTP/1.0" 301 73719 "-" "Mozilla/5.0 (compatible; Barkrowler/0.9; +https://babbar.tech/crawler)"
54.36.148.242 - - [10/Aug/2021:19:50:38 +0200] "GET /travel-yoga-gray-p-51588.html HTTP/1.0" 200 73862 "-" "Mozilla/5.0 (compatible; AhrefsBot/7.0; +http://ahrefs.com/robot/)"
40.77.167.106 - - [10/Aug/2021:19:50:53 +0200] "GET /-p-12894.html HTTP/1.0" 200 70200 "-" "Mozilla/5.0 (compatible; bingbot/2.0; +http://www.bing.com/bingbot.htm)"
185.191.171.6 - - [10/Aug/2021:19:50:57 +0200] "GET /handy-manny-pencil-case-p-19646.html HTTP/1.0" 200 73017 "-" "Mozilla/5.0 (compatible; SemrushBot/7~bl; +http://www.semrush.com/bot.html)"
207.46.13.175 - - [10/Aug/2021:19:51:02 +0200] "GET /-p-22834.html HTTP/1.0" 200 70200 "-" "Mozilla/5.0 (compatible; bingbot/2.0; +http://www.bing.com/bingbot.htm)"
139.228.48.241 - - [10/Aug/2021:19:51:09 +0200] "GET /rectangular-indoor-carpet-p-54543.html HTTP/1.0" 200 73678 "-" "Mozilla/5.0 (Windows NT 10.0; WOW64) AppleWebKit/537.36 (KHTML, like Gecko) Chrome/53.0.2785.104 Safari/537.36 Core/1.53.5155.400 QQBrowser/9.7.13231.400"
157.55.39.51 - - [10/Aug/2021:19:51:10 +0200] "GET /-p-24798.html HTTP/1.0" 200 70200 "-" "Mozilla/5.0 (compatible; bingbot/2.0; +http://www.bing.com/bingbot.htm)"
139.228.48.241 - - [10/Aug/2021:19:51:12 +0200] "GET /contact_us.php HTTP/1.0" 200 26241 "http://www.wonder-geek.com/rectangular-indoor-carpet-p-54543.html" "Mozilla/5.0 (Windows NT 10.0; WOW64) AppleWebKit/537.36 (KHTML, like Gecko) Chrome/53.0.2785.104 Safari/537.36 Core/1.53.5155.400 QQBrowser/9.7.13231.400"
139.228.48.241 - - [10/Aug/2021:19:51:14 +0200] "GET /images/pixel_trans.gif HTTP/1.0" 200 328 "http://www.wonder-geek.com/contact_us.php?action=send" "Mozilla/5.0 (Windows NT 10.0; WOW64) AppleWebKit/537.36 (KHTML, like Gecko) Chrome/53.0.2785.104 Safari/537.36 Core/1.53.5155.400 QQBrowser/9.7.13231.400"
139.228.48.241 - - [10/Aug/2021:19:51:15 +0200] "GET /images/pixel_trans.gif HTTP/1.0" 200 328 "http://www.wonder-geek.com/contact_us.php?action=send" "Mozilla/5.0 (Windows NT 10.0; WOW64) AppleWebKit/537.36 (KHTML, like Gecko) Chrome/53.0.2785.104 Safari/537.36 Core/1.53.5155.400 QQBrowser/9.7.13231.400"
185.191.171.8 - - [10/Aug/2021:19:51:21 +0200] "GET /gift-infuser-mandala-p-47159.html HTTP/1.0" 200 73976 "-" "Mozilla/5.0 (compatible; SemrushBot/7~bl; +http://www.semrush.com/bot.html)"
207.46.13.175 - - [10/Aug/2021:19:51:22 +0200] "GET /barbapapa-placemat-p-11714.html HTTP/1.0" 200 72741 "-" "Mozilla/5.0 (compatible; bingbot/2.0; +http://www.bing.com/bingbot.htm)"
117.1.113.180 - - [10/Aug/2021:19:51:38 +0200] "GET /contact_us.php HTTP/1.0" 200 26241 "http://www.wonder-geek.com/contact_us.php" "Mozilla/5.0 (Windows NT 10.0; Win64; x64) AppleWebKit/537.36 (KHTML, like Gecko) Chrome/83.0.4099.2 Safari/537.36"
117.1.113.180 - - [10/Aug/2021:19:51:39 +0200] "POST /contact_us.php?action=send HTTP/1.0" 200 26466 "http://www.wonder-geek.com/contact_us.php" "Mozilla/5.0 (Windows NT 10.0; Win64; x64) AppleWebKit/537.36 (KHTML, like Gecko) Chrome/83.0.4099.2 Safari/537.36"
