81.185.34.87 - - [10/Aug/2021:14:43:20 +0200] "GET /images/mini_prod/8422069058877.jpg HTTP/1.1" 200 7098 "http://www.wonder-geek.com/" "Mozilla/5.0 (Windows NT 10.0; Win64; x64) AppleWebKit/537.36 (KHTML, like Gecko) Chrome/92.0.4515.131 Safari/537.36/IycUCowR-11"
81.185.34.87 - - [10/Aug/2021:14:43:20 +0200] "GET /images/mini_prod/3700572739588.jpg HTTP/1.1" 200 4049 "http://www.wonder-geek.com/" "Mozilla/5.0 (Windows NT 10.0; Win64; x64) AppleWebKit/537.36 (KHTML, like Gecko) Chrome/92.0.4515.131 Safari/537.36/IycUCowR-11"
81.185.34.87 - - [10/Aug/2021:14:43:20 +0200] "GET /images/mini_prod/3700572739441.jpg HTTP/1.1" 200 6691 "http://www.wonder-geek.com/" "Mozilla/5.0 (Windows NT 10.0; Win64; x64) AppleWebKit/537.36 (KHTML, like Gecko) Chrome/92.0.4515.131 Safari/537.36/IycUCowR-11"
81.185.34.87 - - [10/Aug/2021:14:43:20 +0200] "GET /images/mini_prod/3700572722238.jpg HTTP/1.1" 200 7670 "http://www.wonder-geek.com/" "Mozilla/5.0 (Windows NT 10.0; Win64; x64) AppleWebKit/537.36 (KHTML, like Gecko) Chrome/92.0.4515.131 Safari/537.36/IycUCowR-11"
81.185.34.87 - - [10/Aug/2021:14:43:20 +0200] "GET /images/mini_prod/3453131158992.jpg HTTP/1.1" 200 4445 "http://www.wonder-geek.com/" "Mozilla/5.0 (Windows NT 10.0; Win64; x64) AppleWebKit/537.36 (KHTML, like Gecko) Chrome/92.0.4515.131 Safari/537.36/IycUCowR-11"
81.185.34.87 - - [10/Aug/2021:14:43:20 +0200] "GET /images/mini_prod/3665269060157c.jpg HTTP/1.1" 200 5692 "http://www.wonder-geek.com/" "Mozilla/5.0 (Windows NT 10.0; Win64; x64) AppleWebKit/537.36 (KHTML, like Gecko) Chrome/92.0.4515.131 Safari/537.36/IycUCowR-11"
81.185.34.87 - - [10/Aug/2021:14:43:21 +0200] "GET /images/mini_prod/3520071808031.jpg HTTP/1.1" 200 9146 "http://www.wonder-geek.com/" "Mozilla/5.0 (Windows NT 10.0; Win64; x64) AppleWebKit/537.36 (KHTML, like Gecko) Chrome/92.0.4515.131 Safari/537.36/IycUCowR-11"
81.185.34.87 - - [10/Aug/2021:14:43:21 +0200] "GET /images/mini_prod/3700572739014.jpg HTTP/1.1" 200 7745 "http://www.wonder-geek.com/" "Mozilla/5.0 (Windows NT 10.0; Win64; x64) AppleWebKit/537.36 (KHTML, like Gecko) Chrome/92.0.4515.131 Safari/537.36/IycUCowR-11"
81.185.34.87 - - [10/Aug/2021:14:43:21 +0200] "GET /images/mini_prod/3700572739328.jpg HTTP/1.1" 200 7068 "http://www.wonder-geek.com/" "Mozilla/5.0 (Windows NT 10.0; Win64; x64) AppleWebKit/537.36 (KHTML, like Gecko) Chrome/92.0.4515.131 Safari/537.36/IycUCowR-11"
81.185.34.87 - - [10/Aug/2021:14:43:21 +0200] "GET /images/mini_prod/3520071792576D.jpg HTTP/1.1" 200 3144 "http://www.wonder-geek.com/" "Mozilla/5.0 (Windows NT 10.0; Win64; x64) AppleWebKit/537.36 (KHTML, like Gecko) Chrome/92.0.4515.131 Safari/537.36/IycUCowR-11"
81.185.34.87 - - [10/Aug/2021:14:43:21 +0200] "GET /images/mini_prod/3701206600106.jpg HTTP/1.1" 200 5525 "http://www.wonder-geek.com/" "Mozilla/5.0 (Windows NT 10.0; Win64; x64) AppleWebKit/537.36 (KHTML, like Gecko) Chrome/92.0.4515.131 Safari/537.36/IycUCowR-11"
81.185.34.87 - - [10/Aug/2021:14:43:21 +0200] "GET /images/mini_prod/3700572739601.jpg HTTP/1.1" 200 4419 "http://www.wonder-geek.com/" "Mozilla/5.0 (Windows NT 10.0; Win64; x64) AppleWebKit/537.36 (KHTML, like Gecko) Chrome/92.0.4515.131 Safari/537.36/IycUCowR-11"
81.185.34.87 - - [10/Aug/2021:14:43:21 +0200] "GET /images/mini_prod/3700572730721.jpg HTTP/1.1" 200 9741 "http://www.wonder-geek.com/" "Mozilla/5.0 (Windows NT 10.0; Win64; x64) AppleWebKit/537.36 (KHTML, like Gecko) Chrome/92.0.4515.131 Safari/537.36/IycUCowR-11"
81.185.34.87 - - [10/Aug/2021:14:43:21 +0200] "GET /images/mini_prod/b720322305378.jpg HTTP/1.1" 200 5403 "http://www.wonder-geek.com/" "Mozilla/5.0 (Windows NT 10.0; Win64; x64) AppleWebKit/537.36 (KHTML, like Gecko) Chrome/92.0.4515.131 Safari/537.36/IycUCowR-11"
81.185.34.87 - - [10/Aug/2021:14:43:21 +0200] "GET /images/mini_prod/3700572739632.jpg HTTP/1.1" 200 4644 "http://www.wonder-geek.com/" "Mozilla/5.0 (Windows NT 10.0; Win64; x64) AppleWebKit/537.36 (KHTML, like Gecko) Chrome/92.0.4515.131 Safari/537.36/IycUCowR-11"
81.185.34.87 - - [10/Aug/2021:14:43:21 +0200] "GET /images/mini_prod/3700572737140.jpg HTTP/1.1" 200 5086 "http://www.wonder-geek.com/" "Mozilla/5.0 (Windows NT 10.0; Win64; x64) AppleWebKit/537.36 (KHTML, like Gecko) Chrome/92.0.4515.131 Safari/537.36/IycUCowR-11"
81.185.34.87 - - [10/Aug/2021:14:43:22 +0200] "GET /images/mini_prod/3453131158978.jpg HTTP/1.1" 200 4890 "http://www.wonder-geek.com/" "Mozilla/5.0 (Windows NT 10.0; Win64; x64) AppleWebKit/537.36 (KHTML, like Gecko) Chrome/92.0.4515.131 Safari/537.36/IycUCowR-11"
81.185.34.87 - - [10/Aug/2021:14:43:22 +0200] "GET /images/mini_prod/3700572730936.jpg HTTP/1.1" 200 7003 "http://www.wonder-geek.com/" "Mozilla/5.0 (Windows NT 10.0; Win64; x64) AppleWebKit/537.36 (KHTML, like Gecko) Chrome/92.0.4515.131 Safari/537.36/IycUCowR-11"
81.185.34.87 - - [10/Aug/2021:14:43:22 +0200] "GET /images/mini_prod/8424345650386.jpg HTTP/1.1" 200 3904 "http://www.wonder-geek.com/" "Mozilla/5.0 (Windows NT 10.0; Win64; x64) AppleWebKit/537.36 (KHTML, like Gecko) Chrome/92.0.4515.131 Safari/537.36/IycUCowR-11"
81.185.34.87 - - [10/Aug/2021:14:43:22 +0200] "GET /images/mini_prod/3503420080289.jpg HTTP/1.1" 200 5793 "http://www.wonder-geek.com/" "Mozilla/5.0 (Windows NT 10.0; Win64; x64) AppleWebKit/537.36 (KHTML, like Gecko) Chrome/92.0.4515.131 Safari/537.36/IycUCowR-11"
81.185.34.87 - - [10/Aug/2021:14:43:22 +0200] "GET /images/mini_prod/3520071757377.jpg HTTP/1.1" 200 3802 "http://www.wonder-geek.com/" "Mozilla/5.0 (Windows NT 10.0; Win64; x64) AppleWebKit/537.36 (KHTML, like Gecko) Chrome/92.0.4515.131 Safari/537.36/IycUCowR-11"
81.185.34.87 - - [10/Aug/2021:14:43:22 +0200] "GET /images/mini_prod/3700572716329.jpg HTTP/1.1" 200 5792 "http://www.wonder-geek.com/" "Mozilla/5.0 (Windows NT 10.0; Win64; x64) AppleWebKit/537.36 (KHTML, like Gecko) Chrome/92.0.4515.131 Safari/537.36/IycUCowR-11"
81.185.34.87 - - [10/Aug/2021:14:43:22 +0200] "GET /images/mini_prod/3609810060999.jpg HTTP/1.1" 200 2726 "http://www.wonder-geek.com/" "Mozilla/5.0 (Windows NT 10.0; Win64; x64) AppleWebKit/537.36 (KHTML, like Gecko) Chrome/92.0.4515.131 Safari/537.36/IycUCowR-11"
81.185.34.87 - - [10/Aug/2021:14:43:22 +0200] "GET /images/mini_prod/8422069058464.jpg HTTP/1.1" 200 5813 "http://www.wonder-geek.com/" "Mozilla/5.0 (Windows NT 10.0; Win64; x64) AppleWebKit/537.36 (KHTML, like Gecko) Chrome/92.0.4515.131 Safari/537.36/IycUCowR-11"
81.185.34.87 - - [10/Aug/2021:14:43:22 +0200] "GET /images/mini_prod/3700572739366.jpg HTTP/1.1" 200 5829 "http://www.wonder-geek.com/" "Mozilla/5.0 (Windows NT 10.0; Win64; x64) AppleWebKit/537.36 (KHTML, like Gecko) Chrome/92.0.4515.131 Safari/537.36/IycUCowR-11"
81.185.34.87 - - [10/Aug/2021:14:43:22 +0200] "GET /images/mini_prod/6941448608196c.jpg HTTP/1.1" 200 8128 "http://www.wonder-geek.com/" "Mozilla/5.0 (Windows NT 10.0; Win64; x64) AppleWebKit/537.36 (KHTML, like Gecko) Chrome/92.0.4515.131 Safari/537.36/IycUCowR-11"
81.185.34.87 - - [10/Aug/2021:14:43:23 +0200] "GET /images/mini_prod/3760233683483.jpg HTTP/1.1" 200 5948 "http://www.wonder-geek.com/" "Mozilla/5.0 (Windows NT 10.0; Win64; x64) AppleWebKit/537.36 (KHTML, like Gecko) Chrome/92.0.4515.131 Safari/537.36/IycUCowR-11"
81.185.34.87 - - [10/Aug/2021:14:43:23 +0200] "GET /images/mini_prod/3520071803913.jpg HTTP/1.1" 200 6926 "http://www.wonder-geek.com/" "Mozilla/5.0 (Windows NT 10.0; Win64; x64) AppleWebKit/537.36 (KHTML, like Gecko) Chrome/92.0.4515.131 Safari/537.36/IycUCowR-11"
81.185.34.87 - - [10/Aug/2021:14:43:23 +0200] "GET /images/mini_prod/8422069057597.jpg HTTP/1.1" 200 7560 "http://www.wonder-geek.com/" "Mozilla/5.0 (Windows NT 10.0; Win64; x64) AppleWebKit/537.36 (KHTML, like Gecko) Chrome/92.0.4515.131 Safari/537.36/IycUCowR-11"
81.185.34.87 - - [10/Aug/2021:14:43:23 +0200] "GET /images/mini_prod/3700572722504.jpg HTTP/1.1" 200 9986 "http://www.wonder-geek.com/" "Mozilla/5.0 (Windows NT 10.0; Win64; x64) AppleWebKit/537.36 (KHTML, like Gecko) Chrome/92.0.4515.131 Safari/537.36/IycUCowR-11"
81.185.34.87 - - [10/Aug/2021:14:43:23 +0200] "GET /images/mini_prod/8717202557042.jpg HTTP/1.1" 200 4473 "http://www.wonder-geek.com/" "Mozilla/5.0 (Windows NT 10.0; Win64; x64) AppleWebKit/537.36 (KHTML, like Gecko) Chrome/92.0.4515.131 Safari/537.36/IycUCowR-11"
81.185.34.87 - - [10/Aug/2021:14:43:23 +0200] "GET /images/mini_prod/3700572754444.jpg HTTP/1.1" 200 6568 "http://www.wonder-geek.com/" "Mozilla/5.0 (Windows NT 10.0; Win64; x64) AppleWebKit/537.36 (KHTML, like Gecko) Chrome/92.0.4515.131 Safari/537.36/IycUCowR-11"
81.185.34.87 - - [10/Aug/2021:14:43:23 +0200] "GET /images/mini_prod/3700572715797.jpg HTTP/1.1" 200 8247 "http://www.wonder-geek.com/" "Mozilla/5.0 (Windows NT 10.0; Win64; x64) AppleWebKit/537.36 (KHTML, like Gecko) Chrome/92.0.4515.131 Safari/537.36/IycUCowR-11"
81.185.34.87 - - [10/Aug/2021:14:43:23 +0200] "GET /images/mini_prod/3700572739083.jpg HTTP/1.1" 200 4977 "http://www.wonder-geek.com/" "Mozilla/5.0 (Windows NT 10.0; Win64; x64) AppleWebKit/537.36 (KHTML, like Gecko) Chrome/92.0.4515.131 Safari/537.36/IycUCowR-11"
81.185.34.87 - - [10/Aug/2021:14:43:23 +0200] "GET /images/mini_prod/3520071820224.jpg HTTP/1.1" 200 5974 "http://www.wonder-geek.com/" "Mozilla/5.0 (Windows NT 10.0; Win64; x64) AppleWebKit/537.36 (KHTML, like Gecko) Chrome/92.0.4515.131 Safari/537.36/IycUCowR-11"
81.185.34.87 - - [10/Aug/2021:14:43:23 +0200] "GET /images/mini_prod/3760233683506.jpg HTTP/1.1" 200 6634 "http://www.wonder-geek.com/" "Mozilla/5.0 (Windows NT 10.0; Win64; x64) AppleWebKit/537.36 (KHTML, like Gecko) Chrome/92.0.4515.131 Safari/537.36/IycUCowR-11"
81.185.34.87 - - [10/Aug/2021:14:43:23 +0200] "GET /images/mini_prod/3700572722481.jpg HTTP/1.1" 200 10220 "http://www.wonder-geek.com/" "Mozilla/5.0 (Windows NT 10.0; Win64; x64) AppleWebKit/537.36 (KHTML, like Gecko) Chrome/92.0.4515.131 Safari/537.36/IycUCowR-11"
81.185.34.87 - - [10/Aug/2021:14:43:24 +0200] "GET /images/mini_prod/3520071686417.jpg HTTP/1.1" 200 3588 "http://www.wonder-geek.com/" "Mozilla/5.0 (Windows NT 10.0; Win64; x64) AppleWebKit/537.36 (KHTML, like Gecko) Chrome/92.0.4515.131 Safari/537.36/IycUCowR-11"
81.185.34.87 - - [10/Aug/2021:14:43:24 +0200] "GET /images/mini_prod/3700572715803.jpg HTTP/1.1" 200 9073 "http://www.wonder-geek.com/" "Mozilla/5.0 (Windows NT 10.0; Win64; x64) AppleWebKit/537.36 (KHTML, like Gecko) Chrome/92.0.4515.131 Safari/537.36/IycUCowR-11"
81.185.34.87 - - [10/Aug/2021:14:43:24 +0200] "GET /images/mini_prod/8422015291419.jpg HTTP/1.1" 200 3517 "http://www.wonder-geek.com/" "Mozilla/5.0 (Windows NT 10.0; Win64; x64) AppleWebKit/537.36 (KHTML, like Gecko) Chrome/92.0.4515.131 Safari/537.36/IycUCowR-11"
81.185.34.87 - - [10/Aug/2021:14:43:24 +0200] "GET /images/mini_prod/4542202662724.jpg HTTP/1.1" 200 2889 "http://www.wonder-geek.com/" "Mozilla/5.0 (Windows NT 10.0; Win64; x64) AppleWebKit/537.36 (KHTML, like Gecko) Chrome/92.0.4515.131 Safari/537.36/IycUCowR-11"
81.185.34.87 - - [10/Aug/2021:14:43:24 +0200] "GET /images/mini_prod/3453131153485.jpg HTTP/1.1" 200 7000 "http://www.wonder-geek.com/" "Mozilla/5.0 (Windows NT 10.0; Win64; x64) AppleWebKit/537.36 (KHTML, like Gecko) Chrome/92.0.4515.131 Safari/537.36/IycUCowR-11"
81.185.34.87 - - [10/Aug/2021:14:43:24 +0200] "GET /images/mini_prod/3700572739496.jpg HTTP/1.1" 200 7300 "http://www.wonder-geek.com/" "Mozilla/5.0 (Windows NT 10.0; Win64; x64) AppleWebKit/537.36 (KHTML, like Gecko) Chrome/92.0.4515.131 Safari/537.36/IycUCowR-11"
81.185.34.87 - - [10/Aug/2021:14:43:24 +0200] "GET /images/mini_prod/3700572722368.jpg HTTP/1.1" 200 6302 "http://www.wonder-geek.com/" "Mozilla/5.0 (Windows NT 10.0; Win64; x64) AppleWebKit/537.36 (KHTML, like Gecko) Chrome/92.0.4515.131 Safari/537.36/IycUCowR-11"
81.185.34.87 - - [10/Aug/2021:14:43:24 +0200] "GET /images/mini_prod/3453131156646.jpg HTTP/1.1" 200 6061 "http://www.wonder-geek.com/" "Mozilla/5.0 (Windows NT 10.0; Win64; x64) AppleWebKit/537.36 (KHTML, like Gecko) Chrome/92.0.4515.131 Safari/537.36/IycUCowR-11"
81.185.34.87 - - [10/Aug/2021:14:43:24 +0200] "GET /images/mini_prod/3700572739137.jpg HTTP/1.1" 200 7356 "http://www.wonder-geek.com/" "Mozilla/5.0 (Windows NT 10.0; Win64; x64) AppleWebKit/537.36 (KHTML, like Gecko) Chrome/92.0.4515.131 Safari/537.36/IycUCowR-11"
81.185.34.87 - - [10/Aug/2021:14:43:24 +0200] "GET /images/mini_prod/8422026571807.jpg HTTP/1.1" 200 12799 "http://www.wonder-geek.com/" "Mozilla/5.0 (Windows NT 10.0; Win64; x64) AppleWebKit/537.36 (KHTML, like Gecko) Chrome/92.0.4515.131 Safari/537.36/IycUCowR-11"
81.185.34.87 - - [10/Aug/2021:14:43:24 +0200] "GET /images/mini_prod/3760233682929a.jpg HTTP/1.1" 200 5515 "http://www.wonder-geek.com/" "Mozilla/5.0 (Windows NT 10.0; Win64; x64) AppleWebKit/537.36 (KHTML, like Gecko) Chrome/92.0.4515.131 Safari/537.36/IycUCowR-11"
81.185.34.87 - - [10/Aug/2021:14:43:25 +0200] "GET /images/mini_prod/3700572739038.jpg HTTP/1.1" 200 7841 "http://www.wonder-geek.com/" "Mozilla/5.0 (Windows NT 10.0; Win64; x64) AppleWebKit/537.36 (KHTML, like Gecko) Chrome/92.0.4515.131 Safari/537.36/IycUCowR-11"
81.185.34.87 - - [10/Aug/2021:14:43:25 +0200] "GET /images/mini_prod/3700572730585.jpg HTTP/1.1" 200 6759 "http://www.wonder-geek.com/" "Mozilla/5.0 (Windows NT 10.0; Win64; x64) AppleWebKit/537.36 (KHTML, like Gecko) Chrome/92.0.4515.131 Safari/537.36/IycUCowR-11"
81.185.34.87 - - [10/Aug/2021:14:43:25 +0200] "GET /highslide/graphics/outlines/drop-shadow.png HTTP/1.1" 200 2022 "http://www.wonder-geek.com/" "Mozilla/5.0 (Windows NT 10.0; Win64; x64) AppleWebKit/537.36 (KHTML, like Gecko) Chrome/92.0.4515.131 Safari/537.36/IycUCowR-11"
81.185.34.87 - - [10/Aug/2021:14:43:25 +0200] "GET /favicon.ico HTTP/1.1" 200 1591 "http://www.wonder-geek.com/" "Mozilla/5.0 (Windows NT 10.0; Win64; x64) AppleWebKit/537.36 (KHTML, like Gecko) Chrome/92.0.4515.131 Safari/537.36/IycUCowR-11"
93.158.161.67 - - [10/Aug/2021:14:45:29 +0200] "GET /robots.txt HTTP/1.1" 200 2438 "-" "Mozilla/5.0 (compatible; YandexBot/3.0; +http://yandex.com/bots)"
93.158.161.67 - - [10/Aug/2021:14:45:33 +0200] "GET /images/big_prod/1300000019972.jpg HTTP/1.1" 304 0 "-" "Mozilla/5.0 (compatible; YandexImages/3.0; +http://yandex.com/bots)"
66.249.66.220 - - [10/Aug/2021:14:48:22 +0200] "GET /images/3521320605012b.jpg HTTP/1.1" 200 27253 "-" "Googlebot-Image/1.0"
40.77.167.106 - - [10/Aug/2021:14:51:44 +0200] "GET /images/big_prod/1384010188392.jpg HTTP/1.1" 200 91687 "-" "Mozilla/5.0 (compatible; bingbot/2.0; +http://www.bing.com/bingbot.htm)"
207.46.13.127 - - [10/Aug/2021:14:55:56 +0200] "GET /images/big_prod_1/5404006047550a.jpg HTTP/1.1" 200 45924 "-" "Mozilla/5.0 (compatible; bingbot/2.0; +http://www.bing.com/bingbot.htm)"
66.249.66.220 - - [10/Aug/2021:15:00:41 +0200] "GET /images/big_prod/3503420076466.jpg HTTP/1.1" 200 194259 "-" "Googlebot-Image/1.0"
207.46.13.175 - - [10/Aug/2021:15:02:23 +0200] "GET /images/big_prod/8717202557585.jpg HTTP/1.1" 200 79871 "-" "Mozilla/5.0 (compatible; bingbot/2.0; +http://www.bing.com/bingbot.htm)"
66.249.66.216 - - [10/Aug/2021:15:04:01 +0200] "GET /images/4891813832799.jpg HTTP/1.1" 200 75285 "-" "Googlebot-Image/1.0"
185.191.171.39 - - [10/Aug/2021:15:05:07 +0200] "GET /robots.txt HTTP/1.1" 200 2438 "-" "Mozilla/5.0 (compatible; SemrushBot/7~bl; +http://www.semrush.com/bot.html)"
93.158.161.67 - - [10/Aug/2021:15:05:54 +0200] "GET /images/8435306246500bis.jpg HTTP/1.1" 200 111310 "-" "Mozilla/5.0 (compatible; YandexImages/3.0; +http://yandex.com/bots)"
157.55.39.5 - - [10/Aug/2021:15:11:37 +0200] "GET /images/3521320605098.jpg HTTP/1.1" 200 35289 "-" "Mozilla/5.0 (compatible; bingbot/2.0; +http://www.bing.com/bingbot.htm)"
66.249.93.26 - - [10/Aug/2021:15:14:59 +0200] "GET /images/big_prod/3503420021480.jpg HTTP/1.1" 200 263074 "-" "Mozilla/5.0 (Windows NT 5.1; rv:11.0) Gecko Firefox/11.0 (via ggpht.com GoogleImageProxy)"
66.249.66.216 - - [10/Aug/2021:15:15:02 +0200] "GET /images/big_prod/3560600297721.jpg HTTP/1.1" 200 136463 "-" "Googlebot-Image/1.0"
64.62.252.176 - - [10/Aug/2021:15:15:27 +0200] "GET /robots.txt HTTP/1.1" 200 2438 "-" "The Knowledge AI"
88.126.43.46 - - [10/Aug/2021:15:15:44 +0200] "GET /js/jquery.jqzoom.js HTTP/1.1" 200 4761 "http://www.wonder-geek.com/" "Mozilla/5.0 (Windows NT 10.0; Win64; x64) AppleWebKit/537.36 (KHTML, like Gecko) Chrome/92.0.4515.131 Safari/537.36"
88.126.43.46 - - [10/Aug/2021:15:15:44 +0200] "GET /highslide/highslide.js HTTP/1.1" 200 42909 "http://www.wonder-geek.com/" "Mozilla/5.0 (Windows NT 10.0; Win64; x64) AppleWebKit/537.36 (KHTML, like Gecko) Chrome/92.0.4515.131 Safari/537.36"
88.126.43.46 - - [10/Aug/2021:15:15:44 +0200] "GET /js/jquery.js HTTP/1.1" 200 54075 "http://www.wonder-geek.com/" "Mozilla/5.0 (Windows NT 10.0; Win64; x64) AppleWebKit/537.36 (KHTML, like Gecko) Chrome/92.0.4515.131 Safari/537.36"
88.126.43.46 - - [10/Aug/2021:15:15:44 +0200] "GET /templates/Pixame_v1/stylesheet.css HTTP/1.1" 200 56057 "http://www.wonder-geek.com/" "Mozilla/5.0 (Windows NT 10.0; Win64; x64) AppleWebKit/537.36 (KHTML, like Gecko) Chrome/92.0.4515.131 Safari/537.36"
88.126.43.46 - - [10/Aug/2021:15:15:44 +0200] "GET /mondial_relay/js/jquery-1.3.2.min.js HTTP/1.1" 200 57254 "http://www.wonder-geek.com/" "Mozilla/5.0 (Windows NT 10.0; Win64; x64) AppleWebKit/537.36 (KHTML, like Gecko) Chrome/92.0.4515.131 Safari/537.36"
88.126.43.46 - - [10/Aug/2021:15:15:44 +0200] "GET /js/jquery.masonry.min.js HTTP/1.1" 200 5392 "http://www.wonder-geek.com/" "Mozilla/5.0 (Windows NT 10.0; Win64; x64) AppleWebKit/537.36 (KHTML, like Gecko) Chrome/92.0.4515.131 Safari/537.36"
88.126.43.46 - - [10/Aug/2021:15:15:44 +0200] "GET /js/modernizr-transitions.js HTTP/1.1" 200 2026 "http://www.wonder-geek.com/" "Mozilla/5.0 (Windows NT 10.0; Win64; x64) AppleWebKit/537.36 (KHTML, like Gecko) Chrome/92.0.4515.131 Safari/537.36"
88.126.43.46 - - [10/Aug/2021:15:15:44 +0200] "GET /templates/Pixame_v1/images/icon_accueil2.png HTTP/1.1" 200 1137 "http://www.wonder-geek.com/" "Mozilla/5.0 (Windows NT 10.0; Win64; x64) AppleWebKit/537.36 (KHTML, like Gecko) Chrome/92.0.4515.131 Safari/537.36"
88.126.43.46 - - [10/Aug/2021:15:15:44 +0200] "GET /templates/Pixame_v1/images/nav.png HTTP/1.1" 200 1283 "http://www.wonder-geek.com/templates/Pixame_v1/stylesheet.css" "Mozilla/5.0 (Windows NT 10.0; Win64; x64) AppleWebKit/537.36 (KHTML, like Gecko) Chrome/92.0.4515.131 Safari/537.36"
88.126.43.46 - - [10/Aug/2021:15:15:44 +0200] "GET /templates/Pixame_v1/images/Bottom_texture.jpg HTTP/1.1" 200 56290 "http://www.wonder-geek.com/templates/Pixame_v1/stylesheet.css" "Mozilla/5.0 (Windows NT 10.0; Win64; x64) AppleWebKit/537.36 (KHTML, like Gecko) Chrome/92.0.4515.131 Safari/537.36"
88.126.43.46 - - [10/Aug/2021:15:15:44 +0200] "GET /design/productsenstock.png HTTP/1.1" 200 4743 "http://www.wonder-geek.com/templates/Pixame_v1/stylesheet.css" "Mozilla/5.0 (Windows NT 10.0; Win64; x64) AppleWebKit/537.36 (KHTML, like Gecko) Chrome/92.0.4515.131 Safari/537.36"
88.126.43.46 - - [10/Aug/2021:15:15:44 +0200] "GET /templates/Pixame_v1/images/header.png HTTP/1.1" 200 70245 "http://www.wonder-geek.com/templates/Pixame_v1/stylesheet.css" "Mozilla/5.0 (Windows NT 10.0; Win64; x64) AppleWebKit/537.36 (KHTML, like Gecko) Chrome/92.0.4515.131 Safari/537.36"
88.126.43.46 - - [10/Aug/2021:15:15:44 +0200] "GET /images/mini_prod/8422069057597.jpg HTTP/1.1" 200 7560 "http://www.wonder-geek.com/" "Mozilla/5.0 (Windows NT 10.0; Win64; x64) AppleWebKit/537.36 (KHTML, like Gecko) Chrome/92.0.4515.131 Safari/537.36"
88.126.43.46 - - [10/Aug/2021:15:15:44 +0200] "GET /images/mini_prod/8422069058464.jpg HTTP/1.1" 200 5813 "http://www.wonder-geek.com/" "Mozilla/5.0 (Windows NT 10.0; Win64; x64) AppleWebKit/537.36 (KHTML, like Gecko) Chrome/92.0.4515.131 Safari/537.36"
88.126.43.46 - - [10/Aug/2021:15:15:44 +0200] "GET /images/mini_prod/3700572716350.jpg HTTP/1.1" 200 5550 "http://www.wonder-geek.com/" "Mozilla/5.0 (Windows NT 10.0; Win64; x64) AppleWebKit/537.36 (KHTML, like Gecko) Chrome/92.0.4515.131 Safari/537.36"
88.126.43.46 - - [10/Aug/2021:15:15:44 +0200] "GET /templates/Pixame_v1/images/header-object.png HTTP/1.1" 200 106050 "http://www.wonder-geek.com/templates/Pixame_v1/stylesheet.css" "Mozilla/5.0 (Windows NT 10.0; Win64; x64) AppleWebKit/537.36 (KHTML, like Gecko) Chrome/92.0.4515.131 Safari/537.36"
88.126.43.46 - - [10/Aug/2021:15:15:44 +0200] "GET /images/mini_prod/3453131151382.jpg HTTP/1.1" 200 7493 "http://www.wonder-geek.com/" "Mozilla/5.0 (Windows NT 10.0; Win64; x64) AppleWebKit/537.36 (KHTML, like Gecko) Chrome/92.0.4515.131 Safari/537.36"
88.126.43.46 - - [10/Aug/2021:15:15:44 +0200] "GET /images/mini_prod/3609810060999.jpg HTTP/1.1" 200 2726 "http://www.wonder-geek.com/" "Mozilla/5.0 (Windows NT 10.0; Win64; x64) AppleWebKit/537.36 (KHTML, like Gecko) Chrome/92.0.4515.131 Safari/537.36"
88.126.43.46 - - [10/Aug/2021:15:15:44 +0200] "GET /images/mini_prod/3700572739625.jpg HTTP/1.1" 200 4354 "http://www.wonder-geek.com/" "Mozilla/5.0 (Windows NT 10.0; Win64; x64) AppleWebKit/537.36 (KHTML, like Gecko) Chrome/92.0.4515.131 Safari/537.36"
88.126.43.46 - - [10/Aug/2021:15:15:44 +0200] "GET /images/mini_prod/3453131158978.jpg HTTP/1.1" 200 4890 "http://www.wonder-geek.com/" "Mozilla/5.0 (Windows NT 10.0; Win64; x64) AppleWebKit/537.36 (KHTML, like Gecko) Chrome/92.0.4515.131 Safari/537.36"
88.126.43.46 - - [10/Aug/2021:15:15:44 +0200] "GET /images/mini_prod/3700281647440.jpg HTTP/1.1" 200 4177 "http://www.wonder-geek.com/" "Mozilla/5.0 (Windows NT 10.0; Win64; x64) AppleWebKit/537.36 (KHTML, like Gecko) Chrome/92.0.4515.131 Safari/537.36"
88.126.43.46 - - [10/Aug/2021:15:15:44 +0200] "GET /images/mini_prod/3701206603794.jpg HTTP/1.1" 200 5215 "http://www.wonder-geek.com/" "Mozilla/5.0 (Windows NT 10.0; Win64; x64) AppleWebKit/537.36 (KHTML, like Gecko) Chrome/92.0.4515.131 Safari/537.36"
88.126.43.46 - - [10/Aug/2021:15:15:44 +0200] "GET /images/mini_prod/3700572739205.jpg HTTP/1.1" 200 8623 "http://www.wonder-geek.com/" "Mozilla/5.0 (Windows NT 10.0; Win64; x64) AppleWebKit/537.36 (KHTML, like Gecko) Chrome/92.0.4515.131 Safari/537.36"
88.126.43.46 - - [10/Aug/2021:15:15:44 +0200] "GET /images/mini_prod/3453131158985.jpg HTTP/1.1" 200 5157 "http://www.wonder-geek.com/" "Mozilla/5.0 (Windows NT 10.0; Win64; x64) AppleWebKit/537.36 (KHTML, like Gecko) Chrome/92.0.4515.131 Safari/537.36"
88.126.43.46 - - [10/Aug/2021:15:15:44 +0200] "GET /images/mini_prod/3609810059801.jpg HTTP/1.1" 200 8475 "http://www.wonder-geek.com/" "Mozilla/5.0 (Windows NT 10.0; Win64; x64) AppleWebKit/537.36 (KHTML, like Gecko) Chrome/92.0.4515.131 Safari/537.36"
88.126.43.46 - - [10/Aug/2021:15:15:44 +0200] "GET /images/mini_prod/3700572739113.jpg HTTP/1.1" 200 7105 "http://www.wonder-geek.com/" "Mozilla/5.0 (Windows NT 10.0; Win64; x64) AppleWebKit/537.36 (KHTML, like Gecko) Chrome/92.0.4515.131 Safari/537.36"
88.126.43.46 - - [10/Aug/2021:15:15:44 +0200] "GET /images/mini_prod/3700572716329.jpg HTTP/1.1" 200 5792 "http://www.wonder-geek.com/" "Mozilla/5.0 (Windows NT 10.0; Win64; x64) AppleWebKit/537.36 (KHTML, like Gecko) Chrome/92.0.4515.131 Safari/537.36"
88.126.43.46 - - [10/Aug/2021:15:15:44 +0200] "GET /images/mini_prod/3700572739632.jpg HTTP/1.1" 200 4644 "http://www.wonder-geek.com/" "Mozilla/5.0 (Windows NT 10.0; Win64; x64) AppleWebKit/537.36 (KHTML, like Gecko) Chrome/92.0.4515.131 Safari/537.36"
88.126.43.46 - - [10/Aug/2021:15:15:44 +0200] "GET /images/mini_prod/3700572739298.jpg HTTP/1.1" 200 6879 "http://www.wonder-geek.com/" "Mozilla/5.0 (Windows NT 10.0; Win64; x64) AppleWebKit/537.36 (KHTML, like Gecko) Chrome/92.0.4515.131 Safari/537.36"
88.126.43.46 - - [10/Aug/2021:15:15:44 +0200] "GET /images/mini_prod/3520071808031.jpg HTTP/1.1" 200 9146 "http://www.wonder-geek.com/" "Mozilla/5.0 (Windows NT 10.0; Win64; x64) AppleWebKit/537.36 (KHTML, like Gecko) Chrome/92.0.4515.131 Safari/537.36"
88.126.43.46 - - [10/Aug/2021:15:15:44 +0200] "GET /images/mini_prod/3701206600106.jpg HTTP/1.1" 200 5525 "http://www.wonder-geek.com/" "Mozilla/5.0 (Windows NT 10.0; Win64; x64) AppleWebKit/537.36 (KHTML, like Gecko) Chrome/92.0.4515.131 Safari/537.36"
88.126.43.46 - - [10/Aug/2021:15:15:44 +0200] "GET /templates/Pixame_v1/images/Middle_texture.jpg HTTP/1.1" 200 249620 "http://www.wonder-geek.com/templates/Pixame_v1/stylesheet.css" "Mozilla/5.0 (Windows NT 10.0; Win64; x64) AppleWebKit/537.36 (KHTML, like Gecko) Chrome/92.0.4515.131 Safari/537.36"
88.126.43.46 - - [10/Aug/2021:15:15:44 +0200] "GET /images/mini_prod/3700572739021.jpg HTTP/1.1" 200 6156 "http://www.wonder-geek.com/" "Mozilla/5.0 (Windows NT 10.0; Win64; x64) AppleWebKit/537.36 (KHTML, like Gecko) Chrome/92.0.4515.131 Safari/537.36"
88.126.43.46 - - [10/Aug/2021:15:15:44 +0200] "GET /images/mini_prod/3700572739144.jpg HTTP/1.1" 200 8078 "http://www.wonder-geek.com/" "Mozilla/5.0 (Windows NT 10.0; Win64; x64) AppleWebKit/537.36 (KHTML, like Gecko) Chrome/92.0.4515.131 Safari/537.36"
88.126.43.46 - - [10/Aug/2021:15:15:44 +0200] "GET /images/mini_prod/3520071757377.jpg HTTP/1.1" 200 3802 "http://www.wonder-geek.com/" "Mozilla/5.0 (Windows NT 10.0; Win64; x64) AppleWebKit/537.36 (KHTML, like Gecko) Chrome/92.0.4515.131 Safari/537.36"
88.126.43.46 - - [10/Aug/2021:15:15:44 +0200] "GET /images/mini_prod/8422026571807.jpg HTTP/1.1" 200 12799 "http://www.wonder-geek.com/" "Mozilla/5.0 (Windows NT 10.0; Win64; x64) AppleWebKit/537.36 (KHTML, like Gecko) Chrome/92.0.4515.131 Safari/537.36"
88.126.43.46 - - [10/Aug/2021:15:15:45 +0200] "GET /images/mini_prod/3609810092518.jpg HTTP/1.1" 200 11955 "http://www.wonder-geek.com/" "Mozilla/5.0 (Windows NT 10.0; Win64; x64) AppleWebKit/537.36 (KHTML, like Gecko) Chrome/92.0.4515.131 Safari/537.36"
88.126.43.46 - - [10/Aug/2021:15:15:45 +0200] "GET /images/mini_prod/3700572739038.jpg HTTP/1.1" 200 7841 "http://www.wonder-geek.com/" "Mozilla/5.0 (Windows NT 10.0; Win64; x64) AppleWebKit/537.36 (KHTML, like Gecko) Chrome/92.0.4515.131 Safari/537.36"
88.126.43.46 - - [10/Aug/2021:15:15:45 +0200] "GET /images/mini_prod/3520071755465.jpg HTTP/1.1" 200 5732 "http://www.wonder-geek.com/" "Mozilla/5.0 (Windows NT 10.0; Win64; x64) AppleWebKit/537.36 (KHTML, like Gecko) Chrome/92.0.4515.131 Safari/537.36"
88.126.43.46 - - [10/Aug/2021:15:15:45 +0200] "GET /images/mini_prod/3760233683254.jpg HTTP/1.1" 200 5496 "http://www.wonder-geek.com/" "Mozilla/5.0 (Windows NT 10.0; Win64; x64) AppleWebKit/537.36 (KHTML, like Gecko) Chrome/92.0.4515.131 Safari/537.36"
88.126.43.46 - - [10/Aug/2021:15:15:45 +0200] "GET /images/mini_prod/3700572739083.jpg HTTP/1.1" 200 4977 "http://www.wonder-geek.com/" "Mozilla/5.0 (Windows NT 10.0; Win64; x64) AppleWebKit/537.36 (KHTML, like Gecko) Chrome/92.0.4515.131 Safari/537.36"
88.126.43.46 - - [10/Aug/2021:15:15:45 +0200] "GET /images/mini_prod/3700572722481.jpg HTTP/1.1" 200 10220 "http://www.wonder-geek.com/" "Mozilla/5.0 (Windows NT 10.0; Win64; x64) AppleWebKit/537.36 (KHTML, like Gecko) Chrome/92.0.4515.131 Safari/537.36"
88.126.43.46 - - [10/Aug/2021:15:15:45 +0200] "GET /images/mini_prod/3700572715766.jpg HTTP/1.1" 200 10427 "http://www.wonder-geek.com/" "Mozilla/5.0 (Windows NT 10.0; Win64; x64) AppleWebKit/537.36 (KHTML, like Gecko) Chrome/92.0.4515.131 Safari/537.36"
88.126.43.46 - - [10/Aug/2021:15:15:45 +0200] "GET /images/mini_prod/8422010059816.jpg HTTP/1.1" 200 9616 "http://www.wonder-geek.com/" "Mozilla/5.0 (Windows NT 10.0; Win64; x64) AppleWebKit/537.36 (KHTML, like Gecko) Chrome/92.0.4515.131 Safari/537.36"
88.126.43.46 - - [10/Aug/2021:15:15:45 +0200] "GET /images/mini_prod/3700572739427.jpg HTTP/1.1" 200 6464 "http://www.wonder-geek.com/" "Mozilla/5.0 (Windows NT 10.0; Win64; x64) AppleWebKit/537.36 (KHTML, like Gecko) Chrome/92.0.4515.131 Safari/537.36"
88.126.43.46 - - [10/Aug/2021:15:15:45 +0200] "GET /images/mini_prod/3700572739328.jpg HTTP/1.1" 200 7068 "http://www.wonder-geek.com/" "Mozilla/5.0 (Windows NT 10.0; Win64; x64) AppleWebKit/537.36 (KHTML, like Gecko) Chrome/92.0.4515.131 Safari/537.36"
88.126.43.46 - - [10/Aug/2021:15:15:45 +0200] "GET /images/mini_prod/3700572739175.jpg HTTP/1.1" 200 7510 "http://www.wonder-geek.com/" "Mozilla/5.0 (Windows NT 10.0; Win64; x64) AppleWebKit/537.36 (KHTML, like Gecko) Chrome/92.0.4515.131 Safari/537.36"
88.126.43.46 - - [10/Aug/2021:15:15:45 +0200] "GET /images/mini_prod/3700572739441.jpg HTTP/1.1" 200 6691 "http://www.wonder-geek.com/" "Mozilla/5.0 (Windows NT 10.0; Win64; x64) AppleWebKit/537.36 (KHTML, like Gecko) Chrome/92.0.4515.131 Safari/537.36"
88.126.43.46 - - [10/Aug/2021:15:15:45 +0200] "GET /images/mini_prod/3700572715797.jpg HTTP/1.1" 200 8247 "http://www.wonder-geek.com/" "Mozilla/5.0 (Windows NT 10.0; Win64; x64) AppleWebKit/537.36 (KHTML, like Gecko) Chrome/92.0.4515.131 Safari/537.36"
88.126.43.46 - - [10/Aug/2021:15:15:45 +0200] "GET /images/mini_prod/3700572730585.jpg HTTP/1.1" 200 6759 "http://www.wonder-geek.com/" "Mozilla/5.0 (Windows NT 10.0; Win64; x64) AppleWebKit/537.36 (KHTML, like Gecko) Chrome/92.0.4515.131 Safari/537.36"
88.126.43.46 - - [10/Aug/2021:15:15:45 +0200] "GET /images/mini_prod/8422002416023.jpg HTTP/1.1" 200 8402 "http://www.wonder-geek.com/" "Mozilla/5.0 (Windows NT 10.0; Win64; x64) AppleWebKit/537.36 (KHTML, like Gecko) Chrome/92.0.4515.131 Safari/537.36"
88.126.43.46 - - [10/Aug/2021:15:15:45 +0200] "GET /images/mini_prod/3700572730653.jpg HTTP/1.1" 200 6286 "http://www.wonder-geek.com/" "Mozilla/5.0 (Windows NT 10.0; Win64; x64) AppleWebKit/537.36 (KHTML, like Gecko) Chrome/92.0.4515.131 Safari/537.36"
88.126.43.46 - - [10/Aug/2021:15:15:45 +0200] "GET /images/mini_prod/3701206604142.jpg HTTP/1.1" 200 8840 "http://www.wonder-geek.com/" "Mozilla/5.0 (Windows NT 10.0; Win64; x64) AppleWebKit/537.36 (KHTML, like Gecko) Chrome/92.0.4515.131 Safari/537.36"
88.126.43.46 - - [10/Aug/2021:15:15:45 +0200] "GET /images/mini_prod/3520071782256.jpg HTTP/1.1" 200 4197 "http://www.wonder-geek.com/" "Mozilla/5.0 (Windows NT 10.0; Win64; x64) AppleWebKit/537.36 (KHTML, like Gecko) Chrome/92.0.4515.131 Safari/537.36"
88.126.43.46 - - [10/Aug/2021:15:15:45 +0200] "GET /images/mini_prod/3520071820224.jpg HTTP/1.1" 200 5974 "http://www.wonder-geek.com/" "Mozilla/5.0 (Windows NT 10.0; Win64; x64) AppleWebKit/537.36 (KHTML, like Gecko) Chrome/92.0.4515.131 Safari/537.36"
88.126.43.46 - - [10/Aug/2021:15:15:45 +0200] "GET /images/mini_prod/3700572715315.jpg HTTP/1.1" 200 7274 "http://www.wonder-geek.com/" "Mozilla/5.0 (Windows NT 10.0; Win64; x64) AppleWebKit/537.36 (KHTML, like Gecko) Chrome/92.0.4515.131 Safari/537.36"
88.126.43.46 - - [10/Aug/2021:15:15:45 +0200] "GET /images/mini_prod/8424345650386.jpg HTTP/1.1" 200 3904 "http://www.wonder-geek.com/" "Mozilla/5.0 (Windows NT 10.0; Win64; x64) AppleWebKit/537.36 (KHTML, like Gecko) Chrome/92.0.4515.131 Safari/537.36"
88.126.43.46 - - [10/Aug/2021:15:15:45 +0200] "GET /images/mini_prod/3700572750743.jpg HTTP/1.1" 200 7618 "http://www.wonder-geek.com/" "Mozilla/5.0 (Windows NT 10.0; Win64; x64) AppleWebKit/537.36 (KHTML, like Gecko) Chrome/92.0.4515.131 Safari/537.36"
88.126.43.46 - - [10/Aug/2021:15:15:45 +0200] "GET /images/mini_prod/4542202662717.jpg HTTP/1.1" 200 3876 "http://www.wonder-geek.com/" "Mozilla/5.0 (Windows NT 10.0; Win64; x64) AppleWebKit/537.36 (KHTML, like Gecko) Chrome/92.0.4515.131 Safari/537.36"
88.126.43.46 - - [10/Aug/2021:15:15:45 +0200] "GET /images/mini_prod/3700572716312.jpg HTTP/1.1" 200 5247 "http://www.wonder-geek.com/" "Mozilla/5.0 (Windows NT 10.0; Win64; x64) AppleWebKit/537.36 (KHTML, like Gecko) Chrome/92.0.4515.131 Safari/537.36"
88.126.43.46 - - [10/Aug/2021:15:15:45 +0200] "GET /images/mini_prod/3700572754444.jpg HTTP/1.1" 200 6568 "http://www.wonder-geek.com/" "Mozilla/5.0 (Windows NT 10.0; Win64; x64) AppleWebKit/537.36 (KHTML, like Gecko) Chrome/92.0.4515.131 Safari/537.36"
88.126.43.46 - - [10/Aug/2021:15:15:45 +0200] "GET /images/mini_prod/3701206604265.jpg HTTP/1.1" 200 7663 "http://www.wonder-geek.com/" "Mozilla/5.0 (Windows NT 10.0; Win64; x64) AppleWebKit/537.36 (KHTML, like Gecko) Chrome/92.0.4515.131 Safari/537.36"
88.126.43.46 - - [10/Aug/2021:15:15:45 +0200] "GET /images/mini_prod/8422002416016.jpg HTTP/1.1" 200 7944 "http://www.wonder-geek.com/" "Mozilla/5.0 (Windows NT 10.0; Win64; x64) AppleWebKit/537.36 (KHTML, like Gecko) Chrome/92.0.4515.131 Safari/537.36"
88.126.43.46 - - [10/Aug/2021:15:15:45 +0200] "GET /images/mini_prod/3700572739458.jpg HTTP/1.1" 200 6847 "http://www.wonder-geek.com/" "Mozilla/5.0 (Windows NT 10.0; Win64; x64) AppleWebKit/537.36 (KHTML, like Gecko) Chrome/92.0.4515.131 Safari/537.36"
88.126.43.46 - - [10/Aug/2021:15:15:45 +0200] "GET /images/mini_prod/3760233683261.jpg HTTP/1.1" 200 5431 "http://www.wonder-geek.com/" "Mozilla/5.0 (Windows NT 10.0; Win64; x64) AppleWebKit/537.36 (KHTML, like Gecko) Chrome/92.0.4515.131 Safari/537.36"
88.126.43.46 - - [10/Aug/2021:15:15:45 +0200] "GET /images/mini_prod/3700572741376.jpg HTTP/1.1" 200 9587 "http://www.wonder-geek.com/" "Mozilla/5.0 (Windows NT 10.0; Win64; x64) AppleWebKit/537.36 (KHTML, like Gecko) Chrome/92.0.4515.131 Safari/537.36"
88.126.43.46 - - [10/Aug/2021:15:15:45 +0200] "GET /images/mini_prod/8422015291419.jpg HTTP/1.1" 200 3517 "http://www.wonder-geek.com/" "Mozilla/5.0 (Windows NT 10.0; Win64; x64) AppleWebKit/537.36 (KHTML, like Gecko) Chrome/92.0.4515.131 Safari/537.36"
88.126.43.46 - - [10/Aug/2021:15:15:45 +0200] "GET /images/mini_prod/8422069058877.jpg HTTP/1.1" 200 7098 "http://www.wonder-geek.com/" "Mozilla/5.0 (Windows NT 10.0; Win64; x64) AppleWebKit/537.36 (KHTML, like Gecko) Chrome/92.0.4515.131 Safari/537.36"
88.126.43.46 - - [10/Aug/2021:15:15:45 +0200] "GET /images/mini_prod/3520071792576D.jpg HTTP/1.1" 200 3144 "http://www.wonder-geek.com/" "Mozilla/5.0 (Windows NT 10.0; Win64; x64) AppleWebKit/537.36 (KHTML, like Gecko) Chrome/92.0.4515.131 Safari/537.36"
88.126.43.46 - - [10/Aug/2021:15:15:45 +0200] "GET /images/mini_prod/3700572722368.jpg HTTP/1.1" 200 6302 "http://www.wonder-geek.com/" "Mozilla/5.0 (Windows NT 10.0; Win64; x64) AppleWebKit/537.36 (KHTML, like Gecko) Chrome/92.0.4515.131 Safari/537.36"
88.126.43.46 - - [10/Aug/2021:15:15:45 +0200] "GET /images/mini_prod/3700572739410.jpg HTTP/1.1" 200 7242 "http://www.wonder-geek.com/" "Mozilla/5.0 (Windows NT 10.0; Win64; x64) AppleWebKit/537.36 (KHTML, like Gecko) Chrome/92.0.4515.131 Safari/537.36"
88.126.43.46 - - [10/Aug/2021:15:15:45 +0200] "GET /images/mini_prod/3760233682929a.jpg HTTP/1.1" 200 5515 "http://www.wonder-geek.com/" "Mozilla/5.0 (Windows NT 10.0; Win64; x64) AppleWebKit/537.36 (KHTML, like Gecko) Chrome/92.0.4515.131 Safari/537.36"
88.126.43.46 - - [10/Aug/2021:15:15:45 +0200] "GET /images/mini_prod/4542202662724.jpg HTTP/1.1" 200 2889 "http://www.wonder-geek.com/" "Mozilla/5.0 (Windows NT 10.0; Win64; x64) AppleWebKit/537.36 (KHTML, like Gecko) Chrome/92.0.4515.131 Safari/537.36"
88.126.43.46 - - [10/Aug/2021:15:15:45 +0200] "GET /images/mini_prod/3520071803913.jpg HTTP/1.1" 200 6926 "http://www.wonder-geek.com/" "Mozilla/5.0 (Windows NT 10.0; Win64; x64) AppleWebKit/537.36 (KHTML, like Gecko) Chrome/92.0.4515.131 Safari/537.36"
88.126.43.46 - - [10/Aug/2021:15:15:45 +0200] "GET /images/mini_prod/3700572738994.jpg HTTP/1.1" 200 7111 "http://www.wonder-geek.com/" "Mozilla/5.0 (Windows NT 10.0; Win64; x64) AppleWebKit/537.36 (KHTML, like Gecko) Chrome/92.0.4515.131 Safari/537.36"
88.126.43.46 - - [10/Aug/2021:15:15:45 +0200] "GET /images/mini_prod/8422014804511.jpg HTTP/1.1" 200 2898 "http://www.wonder-geek.com/" "Mozilla/5.0 (Windows NT 10.0; Win64; x64) AppleWebKit/537.36 (KHTML, like Gecko) Chrome/92.0.4515.131 Safari/537.36"
88.126.43.46 - - [10/Aug/2021:15:15:45 +0200] "GET /images/mini_prod/3700572750675.jpg HTTP/1.1" 200 5720 "http://www.wonder-geek.com/" "Mozilla/5.0 (Windows NT 10.0; Win64; x64) AppleWebKit/537.36 (KHTML, like Gecko) Chrome/92.0.4515.131 Safari/537.36"
88.126.43.46 - - [10/Aug/2021:15:15:45 +0200] "GET /images/mini_prod/3700572739489.jpg HTTP/1.1" 200 5813 "http://www.wonder-geek.com/" "Mozilla/5.0 (Windows NT 10.0; Win64; x64) AppleWebKit/537.36 (KHTML, like Gecko) Chrome/92.0.4515.131 Safari/537.36"
88.126.43.46 - - [10/Aug/2021:15:15:45 +0200] "GET /images/mini_prod/8422046534646.jpg HTTP/1.1" 200 4012 "http://www.wonder-geek.com/" "Mozilla/5.0 (Windows NT 10.0; Win64; x64) AppleWebKit/537.36 (KHTML, like Gecko) Chrome/92.0.4515.131 Safari/537.36"
88.126.43.46 - - [10/Aug/2021:15:15:45 +0200] "GET /highslide/graphics/outlines/drop-shadow.png HTTP/1.1" 200 2022 "http://www.wonder-geek.com/" "Mozilla/5.0 (Windows NT 10.0; Win64; x64) AppleWebKit/537.36 (KHTML, like Gecko) Chrome/92.0.4515.131 Safari/537.36"
88.126.43.46 - - [10/Aug/2021:15:15:45 +0200] "GET /favicon.ico HTTP/1.1" 200 1591 "http://www.wonder-geek.com/" "Mozilla/5.0 (Windows NT 10.0; Win64; x64) AppleWebKit/537.36 (KHTML, like Gecko) Chrome/92.0.4515.131 Safari/537.36"
66.249.66.218 - - [10/Aug/2021:15:19:01 +0200] "GET /images/big_prod_1/3574642579806.jpg HTTP/1.1" 200 149812 "-" "Googlebot-Image/1.0"
157.55.39.122 - - [10/Aug/2021:15:24:18 +0200] "GET /images/3700653500830.jpg HTTP/1.1" 200 44434 "-" "Mozilla/5.0 (compatible; bingbot/2.0; +http://www.bing.com/bingbot.htm)"
119.8.236.217 - - [10/Aug/2021:15:27:31 +0200] "GET /images/mini_prod/8427787034769.jpg HTTP/1.1" 200 7500 "-" "Python/3.7 aiohttp/3.7.4.post0"
66.249.66.218 - - [10/Aug/2021:15:34:01 +0200] "GET /images/big_prod_1/8422023017896D.jpg HTTP/1.1" 200 292715 "-" "Googlebot-Image/1.0"
157.55.39.156 - - [10/Aug/2021:15:35:52 +0200] "GET /images/4008789052636.jpg HTTP/1.1" 200 163996 "-" "Mozilla/5.0 (compatible; bingbot/2.0; +http://www.bing.com/bingbot.htm)"
95.163.255.131 - - [10/Aug/2021:15:38:58 +0200] "GET /robots.txt HTTP/1.0" 200 2438 "-" "Mozilla/5.0 (compatible; Linux x86_64; Mail.RU_Bot/Img/2.0; +http://go.mail.ru/help/robots)"
95.163.255.140 - - [10/Aug/2021:15:39:15 +0200] "GET /images/med_prod/8435107811938.jpg HTTP/1.1" 200 116809 "http://wonder-geek.com/images/med_prod/8435107811938.jpg" "Mozilla/5.0 (compatible; Linux x86_64; Mail.RU_Bot/Img/2.0; +http://go.mail.ru/help/robots)"
95.163.255.130 - - [10/Aug/2021:15:39:23 +0200] "GET /images/1300010240281.jpg HTTP/1.1" 200 104017 "http://wonder-geek.com/images/1300010240281.jpg" "Mozilla/5.0 (compatible; Linux x86_64; Mail.RU_Bot/Img/2.0; +http://go.mail.ru/help/robots)"
95.163.255.130 - - [10/Aug/2021:15:39:29 +0200] "GET /images/3438100333747.jpg HTTP/1.1" 200 29368 "http://wonder-geek.com/images/3438100333747.jpg" "Mozilla/5.0 (compatible; Linux x86_64; Mail.RU_Bot/Img/2.0; +http://go.mail.ru/help/robots)"
95.163.255.138 - - [10/Aug/2021:15:39:40 +0200] "GET /images/med_prod/4012390370454.jpg HTTP/1.1" 200 92585 "http://wonder-geek.com/images/med_prod/4012390370454.jpg" "Mozilla/5.0 (compatible; Linux x86_64; Mail.RU_Bot/Img/2.0; +http://go.mail.ru/help/robots)"
95.163.255.120 - - [10/Aug/2021:15:39:46 +0200] "GET /images/4008421369287.jpg HTTP/1.1" 200 34306 "http://wonder-geek.com/images/4008421369287.jpg" "Mozilla/5.0 (compatible; Linux x86_64; Mail.RU_Bot/Img/2.0; +http://go.mail.ru/help/robots)"
157.55.39.5 - - [10/Aug/2021:15:43:11 +0200] "GET /images/big_prod_1/3701206603565C.jpg HTTP/1.1" 200 351036 "-" "Mozilla/5.0 (compatible; bingbot/2.0; +http://www.bing.com/bingbot.htm)"
157.55.39.5 - - [10/Aug/2021:15:45:50 +0200] "GET /images/1300010237526.jpg HTTP/1.1" 200 92988 "-" "Mozilla/5.0 (compatible; bingbot/2.0; +http://www.bing.com/bingbot.htm)"
66.249.66.220 - - [10/Aug/2021:15:49:01 +0200] "GET /images/big_prod_1/1399184100187.jpg HTTP/1.1" 200 196763 "-" "Googlebot-Image/1.0"
157.55.39.156 - - [10/Aug/2021:15:49:23 +0200] "GET /images/big_prod/4029811370900.jpg HTTP/1.1" 200 65630 "-" "Mozilla/5.0 (compatible; bingbot/2.0; +http://www.bing.com/bingbot.htm)"
157.55.39.51 - - [10/Aug/2021:15:54:57 +0200] "GET /images/med_prod/8435306281037.jpg HTTP/1.1" 200 162331 "-" "Mozilla/5.0 (compatible; bingbot/2.0; +http://www.bing.com/bingbot.htm)"
157.55.39.44 - - [10/Aug/2021:15:58:52 +0200] "GET /images/4007176129043.jpg HTTP/1.1" 200 49703 "-" "Mozilla/5.0 (compatible; bingbot/2.0; +http://www.bing.com/bingbot.htm)"
66.249.66.220 - - [10/Aug/2021:16:04:01 +0200] "GET /images/big_prod_1/8718969170567B.jpg HTTP/1.1" 200 88290 "-" "Googlebot-Image/1.0"
185.191.171.22 - - [10/Aug/2021:16:05:35 +0200] "GET /robots.txt HTTP/1.1" 200 2438 "-" "Mozilla/5.0 (compatible; SemrushBot/7~bl; +http://www.semrush.com/bot.html)"
157.55.39.51 - - [10/Aug/2021:16:07:26 +0200] "GET /images/big_prod/5415203535177.jpg HTTP/1.1" 200 28242 "-" "Mozilla/5.0 (compatible; bingbot/2.0; +http://www.bing.com/bingbot.htm)"
23.254.87.21 - - [10/Aug/2021:16:08:19 +0200] "GET /images/med_prod/4029811281688.jpg HTTP/1.0" 200 111264 "-" "Mozilla/5.0 (Windows NT 6.3; Win64; x64) AppleWebKit/537.36 (KHTML, like Gecko) Chrome/90.0.4430.93 Safari/537.36"
157.55.39.5 - - [10/Aug/2021:16:11:02 +0200] "GET /images/big_prod/3609810063228.jpg HTTP/1.1" 200 113626 "-" "Mozilla/5.0 (compatible; bingbot/2.0; +http://www.bing.com/bingbot.htm)"
205.175.118.47 - - [10/Aug/2021:16:12:10 +0200] "GET /images/mini_prod/3661443611184.jpg HTTP/1.1" 200 6428 "-" "python-requests/2.25.1"
207.46.13.127 - - [10/Aug/2021:16:14:45 +0200] "GET /images/big_prod/3700516272690.jpg HTTP/1.1" 200 118200 "-" "Mozilla/5.0 (compatible; bingbot/2.0; +http://www.bing.com/bingbot.htm)"
205.175.118.47 - - [10/Aug/2021:16:20:48 +0200] "GET /images/mini_prod/c8427787034837.jpg HTTP/1.1" 200 8743 "-" "python-requests/2.25.1"
157.55.39.44 - - [10/Aug/2021:16:25:25 +0200] "GET /images/big_prod/3032160044089.jpg HTTP/1.1" 200 81116 "-" "Mozilla/5.0 (compatible; bingbot/2.0; +http://www.bing.com/bingbot.htm)"
205.175.118.47 - - [10/Aug/2021:16:33:33 +0200] "GET /images/mini_prod/3700653501219.jpg HTTP/1.1" 200 5781 "-" "python-requests/2.25.1"
66.249.66.220 - - [10/Aug/2021:16:34:01 +0200] "GET /images/big_prod/3453131147187.jpg HTTP/1.1" 200 141097 "-" "Googlebot-Image/1.0"
157.55.39.44 - - [10/Aug/2021:16:42:29 +0200] "GET /images/big_prod/8424345491002.jpg HTTP/1.1" 200 245935 "-" "Mozilla/5.0 (compatible; bingbot/2.0; +http://www.bing.com/bingbot.htm)"
157.55.39.156 - - [10/Aug/2021:16:42:32 +0200] "GET /images/big_prod/4029811313877.jpg HTTP/1.1" 200 101765 "-" "Mozilla/5.0 (compatible; bingbot/2.0; +http://www.bing.com/bingbot.htm)"
5.189.161.234 - - [10/Aug/2021:16:54:50 +0200] "GET /robots.txt HTTP/1.1" 200 2438 "-" "Mozilla/5.0 (compatible; MJ12bot/v1.4.8; http://mj12bot.com/)"
66.249.66.216 - - [10/Aug/2021:17:04:01 +0200] "GET /images/big_prod_1/3453131138994a.jpg HTTP/1.1" 200 234699 "-" "Googlebot-Image/1.0"
119.8.236.217 - - [10/Aug/2021:17:04:45 +0200] "GET /images/mini_prod/8427787047523.jpg HTTP/1.1" 200 7353 "-" "Python/3.7 aiohttp/3.7.4.post0"
185.191.171.16 - - [10/Aug/2021:17:06:25 +0200] "GET /robots.txt HTTP/1.1" 200 2438 "-" "Mozilla/5.0 (compatible; SemrushBot/7~bl; +http://www.semrush.com/bot.html)"
66.249.66.220 - - [10/Aug/2021:17:13:49 +0200] "GET /images/big_prod_1/5051276416847a.jpg HTTP/1.1" 200 245533 "-" "Googlebot-Image/1.0"
66.249.66.218 - - [10/Aug/2021:17:16:59 +0200] "GET /robots.txt HTTP/1.1" 200 2438 "-" "Mozilla/5.0 (compatible; Googlebot/2.1; +http://www.google.com/bot.html)"
95.163.255.111 - - [10/Aug/2021:17:21:10 +0200] "GET /robots.txt HTTP/1.0" 200 2438 "-" "Mozilla/5.0 (compatible; Linux x86_64; Mail.RU_Bot/Img/2.0; +http://go.mail.ru/help/robots)"
95.163.255.129 - - [10/Aug/2021:17:21:26 +0200] "GET /images/big_prod/4056996.jpg HTTP/1.1" 200 110741 "http://wonder-geek.com/images/big_prod/4056996.jpg" "Mozilla/5.0 (compatible; Linux x86_64; Mail.RU_Bot/Img/2.0; +http://go.mail.ru/help/robots)"
157.55.39.156 - - [10/Aug/2021:17:21:33 +0200] "GET /images/med_prod/5018997611975.jpg HTTP/1.1" 200 113229 "-" "Mozilla/5.0 (compatible; bingbot/2.0; +http://www.bing.com/bingbot.htm)"
95.163.255.131 - - [10/Aug/2021:17:21:36 +0200] "GET /images/med_prod/1399984285046.jpg HTTP/1.1" 200 127583 "http://wonder-geek.com/images/med_prod/1399984285046.jpg" "Mozilla/5.0 (compatible; Linux x86_64; Mail.RU_Bot/Img/2.0; +http://go.mail.ru/help/robots)"
95.163.255.198 - - [10/Aug/2021:17:21:45 +0200] "GET /images/med_prod/5028486253456.jpg HTTP/1.1" 200 93497 "http://wonder-geek.com/images/med_prod/5028486253456.jpg" "Mozilla/5.0 (compatible; Linux x86_64; Mail.RU_Bot/Img/2.0; +http://go.mail.ru/help/robots)"
95.163.255.120 - - [10/Aug/2021:17:21:54 +0200] "GET /images/4007176129333.jpg HTTP/1.1" 200 64290 "http://wonder-geek.com/images/4007176129333.jpg" "Mozilla/5.0 (compatible; Linux x86_64; Mail.RU_Bot/Img/2.0; +http://go.mail.ru/help/robots)"
207.46.13.175 - - [10/Aug/2021:17:22:19 +0200] "GET /images/big_prod_1/8422061509872B.jpg HTTP/1.1" 200 308937 "-" "Mozilla/5.0 (compatible; bingbot/2.0; +http://www.bing.com/bingbot.htm)"
13.66.139.1 - - [10/Aug/2021:17:23:08 +0200] "GET /robots.txt HTTP/1.1" 200 2438 "-" "Mozilla/5.0 (compatible; bingbot/2.0; +http://www.bing.com/bingbot.htm)"
66.249.66.216 - - [10/Aug/2021:17:26:30 +0200] "GET /images/big_prod/8435465018543.jpg HTTP/1.1" 200 121673 "-" "Googlebot-Image/1.0"
66.249.66.216 - - [10/Aug/2021:17:34:01 +0200] "GET /images/big_prod/1399184100187N.jpg HTTP/1.1" 200 89362 "-" "Googlebot-Image/1.0"
157.55.39.5 - - [10/Aug/2021:17:34:39 +0200] "GET /js/jquery.jqzoom.js HTTP/1.1" 200 4761 "-" "Mozilla/5.0 (compatible; bingbot/2.0; +http://www.bing.com/bingbot.htm)"
192.0.102.118 - - [10/Aug/2021:17:43:07 +0200] "GET /images/big_prod/3660173213934.jpg HTTP/1.1" 200 60890 "-" "Photon/1.0"
66.249.66.216 - - [10/Aug/2021:17:44:23 +0200] "GET /images/mini_prod/8719075395370a.jpg HTTP/1.1" 200 4176 "-" "Googlebot-Image/1.0"
157.55.39.122 - - [10/Aug/2021:17:48:14 +0200] "GET /js/modernizr-transitions.js HTTP/1.1" 200 2026 "-" "Mozilla/5.0 (compatible; MSIE 9.0; Windows NT 6.1; Trident/5.0)"
51.143.6.137 - - [10/Aug/2021:18:00:02 +0200] "GET /images/big_prod_1/b4010070323318.jpg HTTP/1.1" 200 98703 "-" "Mozilla/5.0 (X11; Linux i686) AppleWebKit/537.17 (KHTML, like Gecko) Chrome/24.0.1312.27 Safari/537.17"
185.191.171.36 - - [10/Aug/2021:18:06:43 +0200] "GET /robots.txt HTTP/1.1" 200 2438 "-" "Mozilla/5.0 (compatible; SemrushBot/7~bl; +http://www.semrush.com/bot.html)"
157.55.39.5 - - [10/Aug/2021:18:13:12 +0200] "GET /js/jquery.jqzoom.js HTTP/1.1" 200 4761 "-" "Mozilla/5.0 (compatible; bingbot/2.0; +http://www.bing.com/bingbot.htm)"
23.100.232.233 - - [10/Aug/2021:18:17:41 +0200] "GET /templates/Pixame_v1/stylesheet.css HTTP/1.1" 200 56057 "http://www.wonder-geek.com/-p-25786.html" "Mozilla/5.0 (compatible; MSIE 9.0; Windows NT 6.0; Trident/5.0;  Trident/5.0)"
23.100.232.233 - - [10/Aug/2021:18:17:41 +0200] "GET /highslide/highslide.js HTTP/1.1" 200 42909 "http://www.wonder-geek.com/-p-25786.html" "Mozilla/5.0 (compatible; MSIE 9.0; Windows NT 6.0; Trident/5.0;  Trident/5.0)"
23.100.232.233 - - [10/Aug/2021:18:17:41 +0200] "GET /js/jquery.js HTTP/1.1" 200 54075 "http://www.wonder-geek.com/-p-25786.html" "Mozilla/5.0 (compatible; MSIE 9.0; Windows NT 6.0; Trident/5.0;  Trident/5.0)"
23.100.232.233 - - [10/Aug/2021:18:17:42 +0200] "GET /mondial_relay/js/jquery-1.3.2.min.js HTTP/1.1" 200 57254 "http://www.wonder-geek.com/-p-25786.html" "Mozilla/5.0 (compatible; MSIE 9.0; Windows NT 6.0; Trident/5.0;  Trident/5.0)"
23.100.232.233 - - [10/Aug/2021:18:17:42 +0200] "GET /js/jquery.jqzoom.js HTTP/1.1" 200 4761 "http://www.wonder-geek.com/-p-25786.html" "Mozilla/5.0 (compatible; MSIE 9.0; Windows NT 6.0; Trident/5.0;  Trident/5.0)"
23.100.232.233 - - [10/Aug/2021:18:17:43 +0200] "GET /templates/Pixame_v1/images/flash.swf HTTP/1.1" 200 2868 "http://www.wonder-geek.com/-p-25786.html" "Mozilla/5.0 (compatible; MSIE 9.0; Windows NT 6.0; Trident/5.0;  Trident/5.0)"
157.55.39.5 - - [10/Aug/2021:18:17:53 +0200] "GET /js/jquery.jqzoom.js HTTP/1.1" 200 4761 "-" "Mozilla/5.0 (compatible; bingbot/2.0; +http://www.bing.com/bingbot.htm)"
54.236.1.13 - - [10/Aug/2021:18:25:33 +0200] "GET /robots.txt HTTP/1.1" 200 2438 "-" "Mozilla/5.0 (compatible; Pinterestbot/1.0; +http://www.pinterest.com/bot.html)"
74.125.210.52 - - [10/Aug/2021:18:30:55 +0200] "GET /images/med_prod/4891813832744.jpg HTTP/1.1" 200 118996 "-" "Mozilla/5.0 (Windows NT 5.1; rv:11.0) Gecko Firefox/11.0 (via ggpht.com GoogleImageProxy)"
157.55.39.156 - - [10/Aug/2021:18:36:19 +0200] "GET /images/3438100339879.jpg HTTP/1.1" 200 23159 "-" "Mozilla/5.0 (compatible; bingbot/2.0; +http://www.bing.com/bingbot.htm)"
111.225.149.72 - - [10/Aug/2021:18:39:20 +0200] "GET /images/big_prod/1399986100293.jpg HTTP/1.1" 200 15928 "http://www.wonder-geek.com/toiletry-p-41059.html" "Mozilla/5.0 (Linux; Android 5.0) AppleWebKit/537.36 (KHTML, like Gecko) Mobile Safari/537.36 (compatible; Bytespider; https://zhanzhang.toutiao.com/)"
220.243.136.154 - - [10/Aug/2021:18:40:04 +0200] "GET /images/big_prod_1/8424345932482B.jpg HTTP/1.1" 200 46485 "http://www.wonder-geek.com/ceramic-lamp-p-51792.html" "Mozilla/5.0 (Linux; Android 5.0) AppleWebKit/537.36 (KHTML, like Gecko) Mobile Safari/537.36 (compatible; Bytespider; https://zhanzhang.toutiao.com/)"
220.243.136.139 - - [10/Aug/2021:18:40:05 +0200] "GET /images/big_prod_2/8424345932482C.jpg HTTP/1.1" 200 48019 "http://www.wonder-geek.com/ceramic-lamp-p-51792.html" "Mozilla/5.0 (Linux; Android 5.0) AppleWebKit/537.36 (KHTML, like Gecko) Mobile Safari/537.36 (compatible; Bytespider; https://zhanzhang.toutiao.com/)"
220.243.136.134 - - [10/Aug/2021:18:40:05 +0200] "GET /images/big_prod/8424345932482.jpg HTTP/1.1" 200 43009 "http://www.wonder-geek.com/ceramic-lamp-p-51792.html" "Mozilla/5.0 (Linux; Android 5.0) AppleWebKit/537.36 (KHTML, like Gecko) Mobile Safari/537.36 (compatible; Bytespider; https://zhanzhang.toutiao.com/)"
220.243.135.6 - - [10/Aug/2021:18:40:29 +0200] "GET /images/big_prod_1/8424346234011B.jpg HTTP/1.1" 200 52490 "http://www.wonder-geek.com/ceramic-lamp-p-52767.html" "Mozilla/5.0 (Linux; Android 5.0) AppleWebKit/537.36 (KHTML, like Gecko) Mobile Safari/537.36 (compatible; Bytespider; https://zhanzhang.toutiao.com/)"
