114.119.128.40 - - [20/Sep/2021:17:06:42 +0200] "GET /nightlight-shaped-swan-led-p-51770.html HTTP/1.0" 301 73818 "-" "Mozilla/5.0 (Linux; Android 7.0;) AppleWebKit/537.36 (KHTML, like Gecko) Mobile Safari/537.36 (compatible; PetalBot;+https://webmaster.petalsearch.com/site/petalbot)"
114.119.128.40 - - [20/Sep/2021:17:06:43 +0200] "GET /nightlight-shaped-swan-p-51770.html HTTP/1.0" 200 73729 "-" "Mozilla/5.0 (Linux; Android 7.0;) AppleWebKit/537.36 (KHTML, like Gecko) Mobile Safari/537.36 (compatible; PetalBot;+https://webmaster.petalsearch.com/site/petalbot)"
65.153.43.107 - - [20/Sep/2021:17:06:58 +0200] "GET /images/big_prod/161208_073637_PEEL_nmWY2P.jpg HTTP/1.0" 200 280 "-" "Mozilla/5.0 (iPhone; CPU iPhone OS 14_7_1 like Mac OS X) AppleWebKit/605.1.15 (KHTML, like Gecko) Version/14.1.2 Mobile/15E148 Safari/604.1"
185.191.171.44 - - [20/Sep/2021:17:07:18 +0200] "GET /moustache-training-bottle-cbkreation-p-26753.html HTTP/1.0" 200 73429 "-" "Mozilla/5.0 (compatible; SemrushBot/7~bl; +http://www.semrush.com/bot.html)"
54.36.148.170 - - [20/Sep/2021:17:07:29 +0200] "GET /headrest-cushion-zinc-p-51961.html HTTP/1.0" 200 73711 "-" "Mozilla/5.0 (compatible; AhrefsBot/7.0; +http://ahrefs.com/robot/)"
185.191.171.24 - - [20/Sep/2021:17:07:47 +0200] "GET /scented-candles-and-novenas-c-13_227.html?page=18 HTTP/1.0" 301 94918 "-" "Mozilla/5.0 (compatible; SemrushBot/7~bl; +http://www.semrush.com/bot.html)"
185.191.171.45 - - [20/Sep/2021:17:07:51 +0200] "GET /scented-candles-novenas-c-227.html?page=18 HTTP/1.0" 301 94824 "-" "Mozilla/5.0 (compatible; SemrushBot/7~bl; +http://www.semrush.com/bot.html)"
185.191.171.23 - - [20/Sep/2021:17:07:53 +0200] "GET /scented-candles-novenas-c-231_227.html?page=18 HTTP/1.0" 200 94859 "-" "Mozilla/5.0 (compatible; SemrushBot/7~bl; +http://www.semrush.com/bot.html)"
185.191.171.12 - - [20/Sep/2021:17:08:17 +0200] "GET /espresso-cups-corsica-p-54764.html HTTP/1.0" 200 73697 "-" "Mozilla/5.0 (compatible; SemrushBot/7~bl; +http://www.semrush.com/bot.html)"
185.191.171.5 - - [20/Sep/2021:17:08:20 +0200] "GET /london-mg-gb-notebook-p-18866.html HTTP/1.0" 301 75399 "-" "Mozilla/5.0 (compatible; SemrushBot/7~bl; +http://www.semrush.com/bot.html)"
185.191.171.17 - - [20/Sep/2021:17:08:23 +0200] "GET /london-notebook-p-18866.html HTTP/1.0" 200 75317 "-" "Mozilla/5.0 (compatible; SemrushBot/7~bl; +http://www.semrush.com/bot.html)"
185.191.171.37 - - [20/Sep/2021:17:08:35 +0200] "GET /-p-39882.html?action=add_product HTTP/1.0" 302 476 "-" "Mozilla/5.0 (compatible; SemrushBot/7~bl; +http://www.semrush.com/bot.html)"
51.68.224.127 - - [20/Sep/2021:17:08:42 +0200] "GET /adminweb/export_orders_xml.php?token=256de2z6edz6ed2z6DFSFsed2zed6zeDSFDSGdzedezfzf&maxorders=10&orderstart=1&status=14&start_date=2018-10-01 HTTP/1.0" 200 285 "-" "GesCom CharlotteBoutik Serveur"
51.68.224.127 - - [20/Sep/2021:17:08:42 +0200] "GET /adminweb/export_orders_xml.php?token=256de2z6edz6ed2z6DFSFsed2zed6zeDSFDSGdzedezfzf&maxorders=10&orderstart=1&status=6&start_date=2018-10-01 HTTP/1.0" 200 32290 "-" "GesCom CharlotteBoutik Serveur"
54.36.148.253 - - [20/Sep/2021:17:08:53 +0200] "GET /bamboo-fiber-plant-cover-p-54399.html HTTP/1.0" 200 73697 "-" "Mozilla/5.0 (compatible; AhrefsBot/7.0; +http://ahrefs.com/robot/)"
185.191.171.36 - - [20/Sep/2021:17:09:10 +0200] "GET /drawstring-yoga-black-chakras-p-45283.html?action=add_product HTTP/1.0" 302 476 "-" "Mozilla/5.0 (compatible; SemrushBot/7~bl; +http://www.semrush.com/bot.html)"
114.119.128.40 - - [20/Sep/2021:17:09:14 +0200] "GET /notebook-notebook-diary-c-129_185.html?page=3 HTTP/1.0" 200 92326 "-" "Mozilla/5.0 (Linux; Android 7.0;) AppleWebKit/537.36 (KHTML, like Gecko) Mobile Safari/537.36 (compatible; PetalBot;+https://webmaster.petalsearch.com/site/petalbot)"
185.191.171.17 - - [20/Sep/2021:17:09:15 +0200] "GET /just-the-right-shoe-ballerina-by-raine-p-38933.html HTTP/1.0" 301 73312 "-" "Mozilla/5.0 (compatible; SemrushBot/7~bl; +http://www.semrush.com/bot.html)"
185.191.171.9 - - [20/Sep/2021:17:09:17 +0200] "GET /just-right-shoe-ballerina-raine-p-38933.html HTTP/1.0" 200 73214 "-" "Mozilla/5.0 (compatible; SemrushBot/7~bl; +http://www.semrush.com/bot.html)"
66.249.75.168 - - [20/Sep/2021:17:10:13 +0200] "GET /humming-bird-mini-melamine-tray-p-55850.html HTTP/1.0" 200 73194 "-" "Mozilla/5.0 (compatible; Googlebot/2.1; +http://www.google.com/bot.html)"
54.36.148.7 - - [20/Sep/2021:17:10:18 +0200] "GET /metal-plate-deco-p-56118.html HTTP/1.0" 200 73580 "-" "Mozilla/5.0 (compatible; AhrefsBot/7.0; +http://ahrefs.com/robot/)"
185.191.171.45 - - [20/Sep/2021:17:11:31 +0200] "GET /pillow-case-light-brown-p-51988.html HTTP/1.0" 200 73368 "-" "Mozilla/5.0 (compatible; SemrushBot/7~bl; +http://www.semrush.com/bot.html)"
114.119.128.44 - - [20/Sep/2021:17:11:46 +0200] "GET /leopard-clutch-purse-made-france-p-52752.html HTTP/1.0" 200 73948 "-" "Mozilla/5.0 (Linux; Android 7.0;) AppleWebKit/537.36 (KHTML, like Gecko) Mobile Safari/537.36 (compatible; PetalBot;+https://webmaster.petalsearch.com/site/petalbot)"
54.36.149.76 - - [20/Sep/2021:17:11:52 +0200] "GET /companion-wallet-c-31_238.html HTTP/1.0" 200 91089 "-" "Mozilla/5.0 (compatible; AhrefsBot/7.0; +http://ahrefs.com/robot/)"
185.191.171.45 - - [20/Sep/2021:17:11:54 +0200] "GET /kimmi-junior-bella-coin-purse-p-8737.html?action=add_product HTTP/1.0" 302 476 "-" "Mozilla/5.0 (compatible; SemrushBot/7~bl; +http://www.semrush.com/bot.html)"
54.36.149.60 - - [20/Sep/2021:17:12:08 +0200] "GET /skyline-new-york-memo-p-50667.html HTTP/1.0" 301 73894 "-" "Mozilla/5.0 (compatible; AhrefsBot/7.0; +http://ahrefs.com/robot/)"
66.249.88.44 - - [20/Sep/2021:17:12:35 +0200] "GET /images/big_prod/028399294879.jpg HTTP/1.0" 200 267 "-" "Mozilla/5.0 (Windows NT 5.1; rv:11.0) Gecko Firefox/11.0 (via ggpht.com GoogleImageProxy)"
185.191.171.13 - - [20/Sep/2021:17:12:36 +0200] "GET /zodiac-high-ceramic-mug-p-30784.html HTTP/1.0" 301 73098 "-" "Mozilla/5.0 (compatible; SemrushBot/7~bl; +http://www.semrush.com/bot.html)"
185.191.171.41 - - [20/Sep/2021:17:12:38 +0200] "GET /zodiac-high-ceramic-p-30784.html HTTP/1.0" 200 73012 "-" "Mozilla/5.0 (compatible; SemrushBot/7~bl; +http://www.semrush.com/bot.html)"
185.191.171.3 - - [20/Sep/2021:17:12:47 +0200] "GET /tweety-large-postbag-p-577.html HTTP/1.0" 301 70481 "-" "Mozilla/5.0 (compatible; SemrushBot/7~bl; +http://www.semrush.com/bot.html)"
185.191.171.24 - - [20/Sep/2021:17:12:48 +0200] "GET /-p-577.html HTTP/1.0" 200 70416 "-" "Mozilla/5.0 (compatible; SemrushBot/7~bl; +http://www.semrush.com/bot.html)"
185.191.171.3 - - [20/Sep/2021:17:12:51 +0200] "GET /loola-ylvi-and-the-minimoomis-keyring-p-33978.html HTTP/1.0" 301 73270 "-" "Mozilla/5.0 (compatible; SemrushBot/7~bl; +http://www.semrush.com/bot.html)"
185.191.171.20 - - [20/Sep/2021:17:12:53 +0200] "GET /loola-ylvi-minimoomis-keyring-p-33978.html HTTP/1.0" 200 73174 "-" "Mozilla/5.0 (compatible; SemrushBot/7~bl; +http://www.semrush.com/bot.html)"
54.36.148.218 - - [20/Sep/2021:17:13:20 +0200] "GET /gogh-magnet-p-56229.html HTTP/1.0" 200 72988 "-" "Mozilla/5.0 (compatible; AhrefsBot/7.0; +http://ahrefs.com/robot/)"
54.36.149.83 - - [20/Sep/2021:17:13:37 +0200] "GET /wiccan-pagan-symbol-stones-black-agate-set-p-47024.html HTTP/1.0" 301 77109 "-" "Mozilla/5.0 (compatible; AhrefsBot/7.0; +http://ahrefs.com/robot/)"
114.119.128.39 - - [20/Sep/2021:17:14:21 +0200] "GET /jasmin-make-nova-p-43162.html HTTP/1.0" 200 73231 "-" "Mozilla/5.0 (Linux; Android 7.0;) AppleWebKit/537.36 (KHTML, like Gecko) Mobile Safari/537.36 (compatible; PetalBot;+https://webmaster.petalsearch.com/site/petalbot)"
216.244.66.242 - - [20/Sep/2021:17:14:22 +0200] "GET /robots.txt HTTP/1.0" 200 245 "-" "Mozilla/5.0 (compatible; DotBot/1.2; +https://opensiteexplorer.org/dotbot; help@moz.com)"
207.46.13.3 - - [20/Sep/2021:17:14:32 +0200] "GET /flatwares-c-12_63.html HTTP/1.0" 200 89574 "-" "Mozilla/5.0 (compatible; bingbot/2.0; +http://www.bing.com/bingbot.htm)"
185.191.171.5 - - [20/Sep/2021:17:14:37 +0200] "GET /saint-therese-statue-p-40233.html HTTP/1.0" 200 73136 "-" "Mozilla/5.0 (compatible; SemrushBot/7~bl; +http://www.semrush.com/bot.html)"
54.36.148.239 - - [20/Sep/2021:17:14:42 +0200] "GET /little-prince-saint-exupery-bowl-p-56231.html HTTP/1.0" 200 74014 "-" "Mozilla/5.0 (compatible; AhrefsBot/7.0; +http://ahrefs.com/robot/)"
185.191.171.41 - - [20/Sep/2021:17:14:43 +0200] "GET /mini-cork-notes-dartboard-target-p-54990.html HTTP/1.0" 200 73751 "-" "Mozilla/5.0 (compatible; SemrushBot/7~bl; +http://www.semrush.com/bot.html)"
185.191.171.39 - - [20/Sep/2021:17:15:01 +0200] "GET /wall-sticker-buddha-p-53960.html?action=add_product HTTP/1.0" 302 476 "-" "Mozilla/5.0 (compatible; SemrushBot/7~bl; +http://www.semrush.com/bot.html)"
185.191.171.14 - - [20/Sep/2021:17:15:32 +0200] "GET /furnishings-c-13_87.html?page=5 HTTP/1.0" 200 83048 "-" "Mozilla/5.0 (compatible; SemrushBot/7~bl; +http://www.semrush.com/bot.html)"
40.77.167.24 - - [20/Sep/2021:17:16:00 +0200] "GET /love-collection-gorjuss-p-23144.html HTTP/1.0" 200 70538 "-" "Mozilla/5.0 (compatible; bingbot/2.0; +http://www.bing.com/bingbot.htm)"
54.36.148.163 - - [20/Sep/2021:17:16:03 +0200] "GET /little-prince-saint-exupery-bowl-p-56232.html HTTP/1.0" 200 74241 "-" "Mozilla/5.0 (compatible; AhrefsBot/7.0; +http://ahrefs.com/robot/)"
185.191.171.37 - - [20/Sep/2021:17:16:30 +0200] "GET /collectible-figurines-decorative-c-13_135.html HTTP/1.0" 200 96322 "-" "Mozilla/5.0 (compatible; SemrushBot/7~bl; +http://www.semrush.com/bot.html)"
114.119.128.50 - - [20/Sep/2021:17:16:54 +0200] "GET /images/big_prod_1/8718375752890.jpg HTTP/1.0" 200 270 "-" "Mozilla/5.0 (Linux; Android 7.0;) AppleWebKit/537.36 (KHTML, like Gecko) Mobile Safari/537.36 (compatible; PetalBot;+https://webmaster.petalsearch.com/site/petalbot)"
77.88.5.71 - - [20/Sep/2021:17:16:59 +0200] "GET /images/140209_162618_PEEL_xV3tPj.jpg HTTP/1.0" 200 271 "-" "Mozilla/5.0 (compatible; YandexImages/3.0; +http://yandex.com/bots)"
185.191.171.41 - - [20/Sep/2021:17:17:21 +0200] "GET /chair-cushion-velcro-blue-and-lin-38-cm-p-43501.html HTTP/1.0" 301 70487 "-" "Mozilla/5.0 (compatible; SemrushBot/7~bl; +http://www.semrush.com/bot.html)"
185.191.171.9 - - [20/Sep/2021:17:17:23 +0200] "GET /-p-43501.html HTTP/1.0" 200 70420 "-" "Mozilla/5.0 (compatible; SemrushBot/7~bl; +http://www.semrush.com/bot.html)"
54.36.148.131 - - [20/Sep/2021:17:17:28 +0200] "GET /placemat-little-prince-p-56244.html HTTP/1.0" 200 73067 "-" "Mozilla/5.0 (compatible; AhrefsBot/7.0; +http://ahrefs.com/robot/)"
54.36.149.96 - - [20/Sep/2021:17:17:45 +0200] "GET /johnny-hallyday-cushion-p-7857.html HTTP/1.0" 301 70484 "-" "Mozilla/5.0 (compatible; AhrefsBot/7.0; +http://ahrefs.com/robot/)"
188.34.191.201 - - [20/Sep/2021:17:18:00 +0200] "GET /images/big_prod/1384010205525.jpg HTTP/1.0" 200 268 "https://google.com" "Mozilla/5.0 (X11; Linux x86_64) AppleWebKit/537.36 (KHTML, like Gecko) Chrome/72.0.3614.0 Safari/537.36"
157.55.39.150 - - [20/Sep/2021:17:18:16 +0200] "GET /decorations-c-13_89.html HTTP/1.0" 200 91391 "-" "Mozilla/5.0 (compatible; bingbot/2.0; +http://www.bing.com/bingbot.htm)"
66.249.72.36 - - [20/Sep/2021:17:18:33 +0200] "GET /plush-keeleco-friendly-chimpanzee-p-51818.html HTTP/1.0" 200 70532 "-" "Mozilla/5.0 (Linux; Android 6.0.1; Nexus 5X Build/MMB29P) AppleWebKit/537.36 (KHTML, like Gecko) Chrome/93.0.4577.82 Mobile Safari/537.36 (compatible; Googlebot/2.1; +http://www.google.com/bot.html)"
54.36.149.86 - - [20/Sep/2021:17:18:47 +0200] "GET /placemat-little-prince-p-56245.html HTTP/1.0" 200 73067 "-" "Mozilla/5.0 (compatible; AhrefsBot/7.0; +http://ahrefs.com/robot/)"
216.244.66.242 - - [20/Sep/2021:17:18:51 +0200] "GET /glamour-canvas-frame-p-36675.html HTTP/1.0" 301 70487 "-" "Mozilla/5.0 (compatible; DotBot/1.2; +https://opensiteexplorer.org/dotbot; help@moz.com)"
216.244.66.242 - - [20/Sep/2021:17:18:58 +0200] "GET /papers-holder-indian-spirit-light-pink-p-42940.html HTTP/1.0" 301 70487 "-" "Mozilla/5.0 (compatible; DotBot/1.2; +https://opensiteexplorer.org/dotbot; help@moz.com)"
185.191.171.37 - - [20/Sep/2021:17:19:01 +0200] "GET /black-mustache-circle-coasters-cbkreation-p-16702.html HTTP/1.0" 200 73314 "-" "Mozilla/5.0 (compatible; SemrushBot/7~bl; +http://www.semrush.com/bot.html)"
114.119.128.56 - - [20/Sep/2021:17:19:27 +0200] "GET /retro-industriel-small-lighting-p-41453.html HTTP/1.0" 200 70550 "-" "Mozilla/5.0 (Linux; Android 7.0;) AppleWebKit/537.36 (KHTML, like Gecko) Mobile Safari/537.36 (compatible; PetalBot;+https://webmaster.petalsearch.com/site/petalbot)"
40.77.167.4 - - [20/Sep/2021:17:19:27 +0200] "GET /mtal-signs-c-13_130.html HTTP/1.0" 200 94370 "-" "Mozilla/5.0 (compatible; bingbot/2.0; +http://www.bing.com/bingbot.htm)"
54.36.148.173 - - [20/Sep/2021:17:20:05 +0200] "GET /placemat-little-prince-p-56250.html HTTP/1.0" 200 73067 "-" "Mozilla/5.0 (compatible; AhrefsBot/7.0; +http://ahrefs.com/robot/)"
185.191.171.36 - - [20/Sep/2021:17:20:26 +0200] "GET /-p-44352.html?action=add_product HTTP/1.0" 302 476 "-" "Mozilla/5.0 (compatible; SemrushBot/7~bl; +http://www.semrush.com/bot.html)"
130.255.162.159 - - [20/Sep/2021:17:20:54 +0200] "GET /pucca-jean-travel-bag-p-3332.html HTTP/1.0" 301 70567 "-" "Mozilla/5.0 (Macintosh; Intel Mac OS X 11.1; rv:84.0) Gecko/20100101 Firefox/84.0"
130.255.162.159 - - [20/Sep/2021:17:20:55 +0200] "GET /pucca-jean-travel-p-3332.html HTTP/1.0" 200 70484 "-" "Mozilla/5.0 (Macintosh; Intel Mac OS X 11.1; rv:84.0) Gecko/20100101 Firefox/84.0"
130.255.162.159 - - [20/Sep/2021:17:21:06 +0200] "GET /pucca-cap-54-cm-p-22266.html HTTP/1.0" 301 73134 "-" "Mozilla/5.0 (Macintosh; Intel Mac OS X 11.1; rv:84.0) Gecko/20100101 Firefox/84.0"
130.255.162.159 - - [20/Sep/2021:17:21:07 +0200] "GET /pucca-p-22266.html HTTP/1.0" 200 73062 "-" "Mozilla/5.0 (Macintosh; Intel Mac OS X 11.1; rv:84.0) Gecko/20100101 Firefox/84.0"
178.57.100.192 - - [20/Sep/2021:17:21:10 +0200] "GET /images/big_prod/8006180200577.jpg HTTP/1.0" 200 268 "-" "Mozilla/5.0 (Windows NT 6.1; Win64; x64) AppleWebKit/537.36 (KHTML, like Gecko) Chrome/92.0.4515.159 YaBrowser/21.8.3.614 Yowser/2.5 Safari/537.36"
130.255.162.159 - - [20/Sep/2021:17:21:18 +0200] "GET /pucca-cap-54-cm-p-22264.html HTTP/1.0" 301 73129 "-" "Mozilla/5.0 (Macintosh; Intel Mac OS X 11.1; rv:84.0) Gecko/20100101 Firefox/84.0"
130.255.162.159 - - [20/Sep/2021:17:21:18 +0200] "GET /pucca-p-22264.html HTTP/1.0" 200 73057 "-" "Mozilla/5.0 (Macintosh; Intel Mac OS X 11.1; rv:84.0) Gecko/20100101 Firefox/84.0"
130.255.162.159 - - [20/Sep/2021:17:21:29 +0200] "GET /pucca-cap-52-cm-p-22265.html HTTP/1.0" 301 73152 "-" "Mozilla/5.0 (Macintosh; Intel Mac OS X 11.1; rv:84.0) Gecko/20100101 Firefox/84.0"
130.255.162.159 - - [20/Sep/2021:17:21:30 +0200] "GET /pucca-p-22265.html HTTP/1.0" 200 73080 "-" "Mozilla/5.0 (Macintosh; Intel Mac OS X 11.1; rv:84.0) Gecko/20100101 Firefox/84.0"
54.36.148.46 - - [20/Sep/2021:17:21:33 +0200] "GET /placemat-little-prince-p-56251.html HTTP/1.0" 200 73067 "-" "Mozilla/5.0 (compatible; AhrefsBot/7.0; +http://ahrefs.com/robot/)"
130.255.162.159 - - [20/Sep/2021:17:21:42 +0200] "GET /pucca-cap-52-cm-p-22263.html HTTP/1.0" 301 73129 "-" "Mozilla/5.0 (Macintosh; Intel Mac OS X 11.1; rv:84.0) Gecko/20100101 Firefox/84.0"
130.255.162.159 - - [20/Sep/2021:17:21:42 +0200] "GET /pucca-p-22263.html HTTP/1.0" 200 73057 "-" "Mozilla/5.0 (Macintosh; Intel Mac OS X 11.1; rv:84.0) Gecko/20100101 Firefox/84.0"
130.255.162.159 - - [20/Sep/2021:17:21:53 +0200] "GET /pu-leather-cigar-box-p-49245.html HTTP/1.0" 301 73690 "-" "Mozilla/5.0 (Macintosh; Intel Mac OS X 11.1; rv:84.0) Gecko/20100101 Firefox/84.0"
130.255.162.159 - - [20/Sep/2021:17:21:54 +0200] "GET /leather-cigar-p-49245.html HTTP/1.0" 200 73610 "-" "Mozilla/5.0 (Macintosh; Intel Mac OS X 11.1; rv:84.0) Gecko/20100101 Firefox/84.0"
185.191.171.4 - - [20/Sep/2021:17:22:00 +0200] "GET /grey-eyelets-blackout-curtain-p-35113.html HTTP/1.0" 301 70487 "-" "Mozilla/5.0 (compatible; SemrushBot/7~bl; +http://www.semrush.com/bot.html)"
185.191.171.20 - - [20/Sep/2021:17:22:03 +0200] "GET /-p-35113.html HTTP/1.0" 200 70420 "-" "Mozilla/5.0 (compatible; SemrushBot/7~bl; +http://www.semrush.com/bot.html)"
130.255.162.159 - - [20/Sep/2021:17:22:05 +0200] "GET /psg-lighter-p-43718.html HTTP/1.0" 301 70520 "-" "Mozilla/5.0 (Macintosh; Intel Mac OS X 11.1; rv:84.0) Gecko/20100101 Firefox/84.0"
130.255.162.159 - - [20/Sep/2021:17:22:06 +0200] "GET /lighter-p-43718.html HTTP/1.0" 200 70446 "-" "Mozilla/5.0 (Macintosh; Intel Mac OS X 11.1; rv:84.0) Gecko/20100101 Firefox/84.0"
147.92.153.9 - - [20/Sep/2021:17:22:14 +0200] "GET /placemat-little-prince-p-56256.html HTTP/1.0" 200 73055 "-" "Mozilla/5.0 (compatible; Linespider/1.1; +https://lin.ee/4dwXkTH)"
130.255.162.159 - - [20/Sep/2021:17:22:16 +0200] "GET /provence-tray-41-29-cm-p-45513.html HTTP/1.0" 301 73213 "-" "Mozilla/5.0 (Macintosh; Intel Mac OS X 11.1; rv:84.0) Gecko/20100101 Firefox/84.0"
130.255.162.159 - - [20/Sep/2021:17:22:17 +0200] "GET /provence-tray-p-45513.html HTTP/1.0" 200 73133 "-" "Mozilla/5.0 (Macintosh; Intel Mac OS X 11.1; rv:84.0) Gecko/20100101 Firefox/84.0"
130.255.162.159 - - [20/Sep/2021:17:22:28 +0200] "GET /provence-soap-dispenser-as-soap-p-45126.html HTTP/1.0" 301 73240 "-" "Mozilla/5.0 (Macintosh; Intel Mac OS X 11.1; rv:84.0) Gecko/20100101 Firefox/84.0"
130.255.162.159 - - [20/Sep/2021:17:22:28 +0200] "GET /provence-soap-dispenser-soap-p-45126.html HTTP/1.0" 200 73145 "-" "Mozilla/5.0 (Macintosh; Intel Mac OS X 11.1; rv:84.0) Gecko/20100101 Firefox/84.0"
207.46.13.85 - - [20/Sep/2021:17:22:34 +0200] "GET /-p-24008.html HTTP/1.0" 200 70420 "-" "Mozilla/5.0 (compatible; bingbot/2.0; +http://www.bing.com/bingbot.htm)"
130.255.162.159 - - [20/Sep/2021:17:22:39 +0200] "GET /provence-soap-box-marseille-soap-10-65-35-cm-p-39424.html HTTP/1.0" 301 73525 "-" "Mozilla/5.0 (Macintosh; Intel Mac OS X 11.1; rv:84.0) Gecko/20100101 Firefox/84.0"
130.255.162.159 - - [20/Sep/2021:17:22:40 +0200] "GET /provence-soap-marseille-soap-p-39424.html HTTP/1.0" 200 73430 "-" "Mozilla/5.0 (Macintosh; Intel Mac OS X 11.1; rv:84.0) Gecko/20100101 Firefox/84.0"
130.255.162.159 - - [20/Sep/2021:17:22:50 +0200] "GET /provence-soap-box-marseille-soap-10-65-35-cm-p-39423.html HTTP/1.0" 301 73526 "-" "Mozilla/5.0 (Macintosh; Intel Mac OS X 11.1; rv:84.0) Gecko/20100101 Firefox/84.0"
130.255.162.159 - - [20/Sep/2021:17:22:51 +0200] "GET /provence-soap-marseille-soap-p-39423.html HTTP/1.0" 200 73431 "-" "Mozilla/5.0 (Macintosh; Intel Mac OS X 11.1; rv:84.0) Gecko/20100101 Firefox/84.0"
54.36.149.10 - - [20/Sep/2021:17:22:55 +0200] "GET /santa-sleigh-saucer-p-56236.html HTTP/1.0" 200 73110 "-" "Mozilla/5.0 (compatible; AhrefsBot/7.0; +http://ahrefs.com/robot/)"
130.255.162.159 - - [20/Sep/2021:17:23:03 +0200] "GET /provence-soap-box-marseille-soap-10-65-35-cm-p-39422.html HTTP/1.0" 301 73526 "-" "Mozilla/5.0 (Macintosh; Intel Mac OS X 11.1; rv:84.0) Gecko/20100101 Firefox/84.0"
207.46.13.8 - - [20/Sep/2021:17:23:03 +0200] "GET /robots.txt HTTP/1.0" 200 245 "-" "Mozilla/5.0 (compatible; bingbot/2.0; +http://www.bing.com/bingbot.htm)"
130.255.162.159 - - [20/Sep/2021:17:23:03 +0200] "GET /provence-soap-marseille-soap-p-39422.html HTTP/1.0" 200 73431 "-" "Mozilla/5.0 (Macintosh; Intel Mac OS X 11.1; rv:84.0) Gecko/20100101 Firefox/84.0"
130.255.162.159 - - [20/Sep/2021:17:23:14 +0200] "GET /provence-soap-box-marseille-soap-10-65-35-cm-p-39421.html HTTP/1.0" 301 70487 "-" "Mozilla/5.0 (Macintosh; Intel Mac OS X 11.1; rv:84.0) Gecko/20100101 Firefox/84.0"
130.255.162.159 - - [20/Sep/2021:17:23:15 +0200] "GET /-p-39421.html HTTP/1.0" 200 70420 "-" "Mozilla/5.0 (Macintosh; Intel Mac OS X 11.1; rv:84.0) Gecko/20100101 Firefox/84.0"
216.244.66.242 - - [20/Sep/2021:17:23:17 +0200] "GET /mouse-c-129_85.html?page=4 HTTP/1.0" 200 91375 "-" "Mozilla/5.0 (compatible; DotBot/1.2; +https://opensiteexplorer.org/dotbot; help@moz.com)"
130.255.162.159 - - [20/Sep/2021:17:23:25 +0200] "GET /provence-soap-box-marseille-soap-10-65-35-cm-p-39122.html HTTP/1.0" 301 73526 "-" "Mozilla/5.0 (Macintosh; Intel Mac OS X 11.1; rv:84.0) Gecko/20100101 Firefox/84.0"
130.255.162.159 - - [20/Sep/2021:17:23:25 +0200] "GET /provence-soap-marseille-soap-p-39122.html HTTP/1.0" 200 73431 "-" "Mozilla/5.0 (Macintosh; Intel Mac OS X 11.1; rv:84.0) Gecko/20100101 Firefox/84.0"
220.230.168.3 - - [20/Sep/2021:17:23:27 +0200] "GET /images/mini_prod/1399984241820.jpg HTTP/1.0" 200 269 "-" "Mozilla/5.0 (X11; Ubuntu; Linux x86_64; rv:72.0) Gecko/20100101 Firefox/72.0"
114.119.128.40 - - [20/Sep/2021:17:23:29 +0200] "GET /mugs-mazagrans-c-12_57.html?page=2 HTTP/1.0" 200 96110 "-" "Mozilla/5.0 (Linux; Android 7.0;) AppleWebKit/537.36 (KHTML, like Gecko) Mobile Safari/537.36 (compatible; PetalBot;+https://webmaster.petalsearch.com/site/petalbot)"
130.255.162.159 - - [20/Sep/2021:17:23:37 +0200] "GET /provence-soap-box-marseille-soap-10-65-35-cm-p-39121.html HTTP/1.0" 301 73525 "-" "Mozilla/5.0 (Macintosh; Intel Mac OS X 11.1; rv:84.0) Gecko/20100101 Firefox/84.0"
130.255.162.159 - - [20/Sep/2021:17:23:37 +0200] "GET /provence-soap-marseille-soap-p-39121.html HTTP/1.0" 200 73430 "-" "Mozilla/5.0 (Macintosh; Intel Mac OS X 11.1; rv:84.0) Gecko/20100101 Firefox/84.0"
130.255.162.159 - - [20/Sep/2021:17:23:49 +0200] "GET /provence-soap-box-lavander-10-65-35-cm-p-39124.html HTTP/1.0" 301 73471 "-" "Mozilla/5.0 (Macintosh; Intel Mac OS X 11.1; rv:84.0) Gecko/20100101 Firefox/84.0"
130.255.162.159 - - [20/Sep/2021:17:23:49 +0200] "GET /provence-soap-lavander-p-39124.html HTTP/1.0" 200 73382 "-" "Mozilla/5.0 (Macintosh; Intel Mac OS X 11.1; rv:84.0) Gecko/20100101 Firefox/84.0"
185.191.171.14 - - [20/Sep/2021:17:23:56 +0200] "GET /medusa-glass-paperweight-p-51094.html HTTP/1.0" 200 73062 "-" "Mozilla/5.0 (compatible; SemrushBot/7~bl; +http://www.semrush.com/bot.html)"
130.255.162.159 - - [20/Sep/2021:17:24:00 +0200] "GET /provence-soap-box-lavander-10-65-35-cm-p-39123.html HTTP/1.0" 301 73472 "-" "Mozilla/5.0 (Macintosh; Intel Mac OS X 11.1; rv:84.0) Gecko/20100101 Firefox/84.0"
130.255.162.159 - - [20/Sep/2021:17:24:00 +0200] "GET /provence-soap-lavander-p-39123.html HTTP/1.0" 200 73383 "-" "Mozilla/5.0 (Macintosh; Intel Mac OS X 11.1; rv:84.0) Gecko/20100101 Firefox/84.0"
130.255.162.159 - - [20/Sep/2021:17:24:11 +0200] "GET /provence-oven-mitt-p-34542.html HTTP/1.0" 200 73056 "-" "Mozilla/5.0 (Macintosh; Intel Mac OS X 11.1; rv:84.0) Gecko/20100101 Firefox/84.0"
54.36.148.132 - - [20/Sep/2021:17:24:19 +0200] "GET /cardmaking-c-129_128.html?page=7 HTTP/1.0" 200 79624 "-" "Mozilla/5.0 (compatible; AhrefsBot/7.0; +http://ahrefs.com/robot/)"
130.255.162.159 - - [20/Sep/2021:17:24:21 +0200] "GET /provence-mug-p-44539.html HTTP/1.0" 301 73046 "-" "Mozilla/5.0 (Macintosh; Intel Mac OS X 11.1; rv:84.0) Gecko/20100101 Firefox/84.0"
130.255.162.159 - - [20/Sep/2021:17:24:22 +0200] "GET /provence-p-44539.html HTTP/1.0" 200 72971 "-" "Mozilla/5.0 (Macintosh; Intel Mac OS X 11.1; rv:84.0) Gecko/20100101 Firefox/84.0"
185.191.171.22 - - [20/Sep/2021:17:24:25 +0200] "GET /metal-shaped-radio-clock-p-51432.html?action=add_product HTTP/1.0" 302 476 "-" "Mozilla/5.0 (compatible; SemrushBot/7~bl; +http://www.semrush.com/bot.html)"
130.255.162.159 - - [20/Sep/2021:17:24:33 +0200] "GET /provence-kitchen-towels-45-60-cm-p-44528.html HTTP/1.0" 301 73206 "-" "Mozilla/5.0 (Macintosh; Intel Mac OS X 11.1; rv:84.0) Gecko/20100101 Firefox/84.0"
130.255.162.159 - - [20/Sep/2021:17:24:33 +0200] "GET /provence-kitchen-towels-p-44528.html HTTP/1.0" 200 73116 "-" "Mozilla/5.0 (Macintosh; Intel Mac OS X 11.1; rv:84.0) Gecko/20100101 Firefox/84.0"
130.255.162.159 - - [20/Sep/2021:17:24:44 +0200] "GET /provence-bath-soap-dish-p-44567.html HTTP/1.0" 200 73070 "-" "Mozilla/5.0 (Macintosh; Intel Mac OS X 11.1; rv:84.0) Gecko/20100101 Firefox/84.0"
130.255.162.159 - - [20/Sep/2021:17:24:53 +0200] "GET /provence-adult-apron-p-44529.html HTTP/1.0" 200 73059 "-" "Mozilla/5.0 (Macintosh; Intel Mac OS X 11.1; rv:84.0) Gecko/20100101 Firefox/84.0"
51.68.224.127 - - [20/Sep/2021:17:24:56 +0200] "GET /adminweb/export_orders_xml.php?token=256de2z6edz6ed2z6DFSFsed2zed6zeDSFDSGdzedezfzf&maxorders=10&orderstart=1&status=14&start_date=2018-10-01 HTTP/1.0" 200 285 "-" "GesCom CharlotteBoutik Serveur"
51.68.224.127 - - [20/Sep/2021:17:24:56 +0200] "GET /adminweb/export_orders_xml.php?token=256de2z6edz6ed2z6DFSFsed2zed6zeDSFDSGdzedezfzf&maxorders=10&orderstart=1&status=6&start_date=2018-10-01 HTTP/1.0" 200 32290 "-" "GesCom CharlotteBoutik Serveur"
130.255.162.159 - - [20/Sep/2021:17:25:03 +0200] "GET /provencal-boutis-240-260-cm-with-pillowcases-color-green-p-48533.html HTTP/1.0" 301 70732 "-" "Mozilla/5.0 (Macintosh; Intel Mac OS X 11.1; rv:84.0) Gecko/20100101 Firefox/84.0"
130.255.162.159 - - [20/Sep/2021:17:25:03 +0200] "GET /provencal-boutis-with-pillowcases-color-green-p-48533.html HTTP/1.0" 200 70620 "-" "Mozilla/5.0 (Macintosh; Intel Mac OS X 11.1; rv:84.0) Gecko/20100101 Firefox/84.0"
130.255.162.159 - - [20/Sep/2021:17:25:13 +0200] "GET /provencal-boutis-230-250-cm-with-pillowcases-color-linen-p-48531.html HTTP/1.0" 301 70728 "-" "Mozilla/5.0 (Macintosh; Intel Mac OS X 11.1; rv:84.0) Gecko/20100101 Firefox/84.0"
130.255.162.159 - - [20/Sep/2021:17:25:13 +0200] "GET /provencal-boutis-with-pillowcases-color-linen-p-48531.html HTTP/1.0" 200 70616 "-" "Mozilla/5.0 (Macintosh; Intel Mac OS X 11.1; rv:84.0) Gecko/20100101 Firefox/84.0"
185.191.171.2 - - [20/Sep/2021:17:25:22 +0200] "GET /taipei-ottoman-storage-nesting-p-55831.html HTTP/1.0" 200 73897 "-" "Mozilla/5.0 (compatible; SemrushBot/7~bl; +http://www.semrush.com/bot.html)"
130.255.162.159 - - [20/Sep/2021:17:25:24 +0200] "GET /provencal-arabesques-carpet-60-90-cm-p-48576.html HTTP/1.0" 301 70487 "-" "Mozilla/5.0 (Macintosh; Intel Mac OS X 11.1; rv:84.0) Gecko/20100101 Firefox/84.0"
130.255.162.159 - - [20/Sep/2021:17:25:24 +0200] "GET /-p-48576.html HTTP/1.0" 200 70420 "-" "Mozilla/5.0 (Macintosh; Intel Mac OS X 11.1; rv:84.0) Gecko/20100101 Firefox/84.0"
130.255.162.159 - - [20/Sep/2021:17:25:35 +0200] "GET /provencal-arabesques-carpet-60-90-cm-p-48574.html HTTP/1.0" 301 74066 "-" "Mozilla/5.0 (Macintosh; Intel Mac OS X 11.1; rv:84.0) Gecko/20100101 Firefox/84.0"
130.255.162.159 - - [20/Sep/2021:17:25:35 +0200] "GET /provencal-arabesques-carpet-p-48574.html HTTP/1.0" 200 73972 "-" "Mozilla/5.0 (Macintosh; Intel Mac OS X 11.1; rv:84.0) Gecko/20100101 Firefox/84.0"
185.191.171.35 - - [20/Sep/2021:17:25:43 +0200] "GET /fitted-sheet-cotton-percale-threads-p-48200.html HTTP/1.0" 200 73375 "-" "Mozilla/5.0 (compatible; SemrushBot/7~bl; +http://www.semrush.com/bot.html)"
54.36.148.52 - - [20/Sep/2021:17:25:43 +0200] "GET /london-companion-wallet-p-33088.html HTTP/1.0" 301 70487 "-" "Mozilla/5.0 (compatible; AhrefsBot/7.0; +http://ahrefs.com/robot/)"
130.255.162.159 - - [20/Sep/2021:17:25:46 +0200] "GET /protects-mattress-fleece-180-200-30-cm-p-49204.html HTTP/1.0" 301 73460 "-" "Mozilla/5.0 (Macintosh; Intel Mac OS X 11.1; rv:84.0) Gecko/20100101 Firefox/84.0"
130.255.162.159 - - [20/Sep/2021:17:25:46 +0200] "GET /protects-mattress-fleece-p-49204.html HTTP/1.0" 200 73369 "-" "Mozilla/5.0 (Macintosh; Intel Mac OS X 11.1; rv:84.0) Gecko/20100101 Firefox/84.0"
54.36.149.87 - - [20/Sep/2021:17:25:55 +0200] "GET /postcard-with-envelope-rhinoceros-p-48861.html HTTP/1.0" 200 73245 "-" "Mozilla/5.0 (compatible; AhrefsBot/7.0; +http://ahrefs.com/robot/)"
130.255.162.159 - - [20/Sep/2021:17:25:57 +0200] "GET /protects-mattress-fleece-180-200-30-cm-p-43827.html HTTP/1.0" 301 70487 "-" "Mozilla/5.0 (Macintosh; Intel Mac OS X 11.1; rv:84.0) Gecko/20100101 Firefox/84.0"
130.255.162.159 - - [20/Sep/2021:17:25:57 +0200] "GET /-p-43827.html HTTP/1.0" 200 70420 "-" "Mozilla/5.0 (Macintosh; Intel Mac OS X 11.1; rv:84.0) Gecko/20100101 Firefox/84.0"
114.119.128.57 - - [20/Sep/2021:17:26:00 +0200] "GET /wall-decoration-hang-p-42749.html HTTP/1.0" 200 73191 "-" "Mozilla/5.0 (Linux; Android 7.0;) AppleWebKit/537.36 (KHTML, like Gecko) Mobile Safari/537.36 (compatible; PetalBot;+https://webmaster.petalsearch.com/site/petalbot)"
185.191.171.42 - - [20/Sep/2021:17:26:01 +0200] "GET /-p-46886.html?action=add_product HTTP/1.0" 302 476 "-" "Mozilla/5.0 (compatible; SemrushBot/7~bl; +http://www.semrush.com/bot.html)"
130.255.162.159 - - [20/Sep/2021:17:26:07 +0200] "GET /protects-mattress-fleece-140-190-30-cm-p-49203.html HTTP/1.0" 301 70633 "-" "Mozilla/5.0 (Macintosh; Intel Mac OS X 11.1; rv:84.0) Gecko/20100101 Firefox/84.0"
130.255.162.159 - - [20/Sep/2021:17:26:08 +0200] "GET /protects-mattress-fleece-p-49203.html HTTP/1.0" 200 70542 "-" "Mozilla/5.0 (Macintosh; Intel Mac OS X 11.1; rv:84.0) Gecko/20100101 Firefox/84.0"
130.255.162.159 - - [20/Sep/2021:17:26:18 +0200] "GET /products_new.php HTTP/1.0" 200 95074 "-" "Mozilla/5.0 (Macintosh; Intel Mac OS X 11.1; rv:84.0) Gecko/20100101 Firefox/84.0"
72.79.45.44 - - [20/Sep/2021:17:26:25 +0200] "GET /robots.txt HTTP/1.0" 200 245 "-" "panscient.com"
72.79.45.44 - - [20/Sep/2021:17:26:25 +0200] "GET /bamboo-fiber-jug-hummingbird-p-49561.html HTTP/1.0" 301 70639 "-" "panscient.com"
72.79.45.44 - - [20/Sep/2021:17:26:25 +0200] "GET /bamboo-fiber-hummingbird-p-49561.html HTTP/1.0" 200 70548 "-" "panscient.com"
185.191.171.5 - - [20/Sep/2021:17:26:26 +0200] "GET /buddha-in-lotus-flower-incense-stick-holder-p-50383.html HTTP/1.0" 301 73391 "-" "Mozilla/5.0 (compatible; SemrushBot/7~bl; +http://www.semrush.com/bot.html)"
72.79.45.44 - - [20/Sep/2021:17:26:28 +0200] "GET /partys-decoration-c-12_51.html HTTP/1.0" 200 69391 "-" "panscient.com"
185.191.171.5 - - [20/Sep/2021:17:26:28 +0200] "GET /buddha-lotus-flower-incense-stick-holder-p-50383.html HTTP/1.0" 200 73284 "-" "Mozilla/5.0 (compatible; SemrushBot/7~bl; +http://www.semrush.com/bot.html)"
130.255.162.159 - - [20/Sep/2021:17:26:30 +0200] "GET /princess-mini-melamine-tray-p-45139.html HTTP/1.0" 200 73161 "-" "Mozilla/5.0 (Macintosh; Intel Mac OS X 11.1; rv:84.0) Gecko/20100101 Firefox/84.0"
72.79.45.44 - - [20/Sep/2021:17:26:31 +0200] "GET /set-c-1_8.html HTTP/1.0" 200 69281 "-" "panscient.com"
72.79.45.44 - - [20/Sep/2021:17:26:32 +0200] "GET /small-jar-candle-ginger-and-lemongrass-p-53337.html HTTP/1.0" 301 73831 "-" "panscient.com"
72.79.45.44 - - [20/Sep/2021:17:26:33 +0200] "GET /small-candle-ginger-lemongrass-p-53337.html HTTP/1.0" 200 73734 "-" "panscient.com"
185.191.171.42 - - [20/Sep/2021:17:26:33 +0200] "GET /black-vintage-alarm-clock-p-38260.html HTTP/1.0" 200 73142 "-" "Mozilla/5.0 (compatible; SemrushBot/7~bl; +http://www.semrush.com/bot.html)"
72.79.45.44 - - [20/Sep/2021:17:26:35 +0200] "GET /keyrings-c-31_52.html HTTP/1.0" 200 94168 "-" "panscient.com"
72.79.45.44 - - [20/Sep/2021:17:26:39 +0200] "GET /underclothes-c-1_25.html HTTP/1.0" 200 69346 "-" "panscient.com"
130.255.162.159 - - [20/Sep/2021:17:26:39 +0200] "GET /pourquoi-tant-de-haine-shirt-p-29580.html HTTP/1.0" 301 74374 "-" "Mozilla/5.0 (Macintosh; Intel Mac OS X 11.1; rv:84.0) Gecko/20100101 Firefox/84.0"
77.88.5.71 - - [20/Sep/2021:17:26:40 +0200] "GET /images/3609810027596.jpg HTTP/1.0" 200 259 "-" "Mozilla/5.0 (compatible; YandexImages/3.0; +http://yandex.com/bots)"
130.255.162.159 - - [20/Sep/2021:17:26:40 +0200] "GET /pourquoi-tant-haine-shirt-p-29580.html HTTP/1.0" 200 74282 "-" "Mozilla/5.0 (Macintosh; Intel Mac OS X 11.1; rv:84.0) Gecko/20100101 Firefox/84.0"
72.79.45.44 - - [20/Sep/2021:17:26:43 +0200] "GET /small-bamboo-tray-humming-bird-p-49573.html HTTP/1.0" 200 73170 "-" "panscient.com"
72.79.45.44 - - [20/Sep/2021:17:26:44 +0200] "GET /cosmetic-bags-flat-purse-c-31_239.html HTTP/1.0" 200 95320 "-" "panscient.com"
54.36.149.37 - - [20/Sep/2021:17:26:46 +0200] "GET /mini-figurine-britto-cat-cm-p-44393.html HTTP/1.0" 301 73201 "-" "Mozilla/5.0 (compatible; AhrefsBot/7.0; +http://ahrefs.com/robot/)"
72.79.45.44 - - [20/Sep/2021:17:26:49 +0200] "GET /jar-candle-heart-and-home-tuscan-fig-p-53333.html HTTP/1.0" 301 73793 "-" "panscient.com"
72.79.45.44 - - [20/Sep/2021:17:26:50 +0200] "GET /candle-heart-home-tuscan-p-53333.html HTTP/1.0" 200 73702 "-" "panscient.com"
130.255.162.159 - - [20/Sep/2021:17:26:50 +0200] "GET /pots-and-cookie-jars-c-12_250.html HTTP/1.0" 301 90209 "-" "Mozilla/5.0 (Macintosh; Intel Mac OS X 11.1; rv:84.0) Gecko/20100101 Firefox/84.0"
130.255.162.159 - - [20/Sep/2021:17:26:51 +0200] "GET /pots-cookie-jars-c-250.html HTTP/1.0" 301 90108 "-" "Mozilla/5.0 (Macintosh; Intel Mac OS X 11.1; rv:84.0) Gecko/20100101 Firefox/84.0"
130.255.162.159 - - [20/Sep/2021:17:26:51 +0200] "GET /pots-cookie-jars-c-12_250.html HTTP/1.0" 200 90128 "-" "Mozilla/5.0 (Macintosh; Intel Mac OS X 11.1; rv:84.0) Gecko/20100101 Firefox/84.0"
72.79.45.44 - - [20/Sep/2021:17:26:52 +0200] "GET /bamboo-fiber-plant-cover-hummingbird-p-49555.html HTTP/1.0" 200 70530 "-" "panscient.com"
72.79.45.44 - - [20/Sep/2021:17:26:55 +0200] "GET /keyrings-c-3_52.html HTTP/1.0" 200 94098 "-" "panscient.com"
130.255.162.159 - - [20/Sep/2021:17:27:03 +0200] "GET /pot-wine-bar-with-cookware-p-45711.html HTTP/1.0" 301 73221 "-" "Mozilla/5.0 (Macintosh; Intel Mac OS X 11.1; rv:84.0) Gecko/20100101 Firefox/84.0"
130.255.162.159 - - [20/Sep/2021:17:27:03 +0200] "GET /wine-with-cookware-p-45711.html HTTP/1.0" 200 73136 "-" "Mozilla/5.0 (Macintosh; Intel Mac OS X 11.1; rv:84.0) Gecko/20100101 Firefox/84.0"
37.144.244.243 - - [20/Sep/2021:17:27:05 +0200] "GET /images/med_prod/4891813832744.jpg HTTP/1.0" 200 268 "-" "Mozilla/5.0 (Linux; Android 6.0; Lenovo K52e78) AppleWebKit/537.36 (KHTML, like Gecko) Chrome/81.0.4044.117 Mobile Safari/537.36"
130.255.162.159 - - [20/Sep/2021:17:27:14 +0200] "GET /pot-retro-glass-waiting-is-happy-take-your-small-model-12-cm-p-41249.html HTTP/1.0" 301 70746 "-" "Mozilla/5.0 (Macintosh; Intel Mac OS X 11.1; rv:84.0) Gecko/20100101 Firefox/84.0"
130.255.162.159 - - [20/Sep/2021:17:27:15 +0200] "GET /retro-glass-waiting-happy-take-your-small-model-p-41249.html HTTP/1.0" 200 70632 "-" "Mozilla/5.0 (Macintosh; Intel Mac OS X 11.1; rv:84.0) Gecko/20100101 Firefox/84.0"
185.191.171.13 - - [20/Sep/2021:17:27:15 +0200] "GET /bambi-figure-collection-p-29066.html HTTP/1.0" 301 70487 "-" "Mozilla/5.0 (compatible; SemrushBot/7~bl; +http://www.semrush.com/bot.html)"
54.36.148.9 - - [20/Sep/2021:17:27:15 +0200] "GET /tour-france-snow-globe-p-52188.html HTTP/1.0" 200 73096 "-" "Mozilla/5.0 (compatible; AhrefsBot/7.0; +http://ahrefs.com/robot/)"
185.191.171.2 - - [20/Sep/2021:17:27:17 +0200] "GET /-p-29066.html HTTP/1.0" 200 70420 "-" "Mozilla/5.0 (compatible; SemrushBot/7~bl; +http://www.semrush.com/bot.html)"
130.255.162.159 - - [20/Sep/2021:17:27:26 +0200] "GET /pot-retro-glass-housewife-life-small-model-12-cm-p-41247.html HTTP/1.0" 301 73358 "-" "Mozilla/5.0 (Macintosh; Intel Mac OS X 11.1; rv:84.0) Gecko/20100101 Firefox/84.0"
130.255.162.159 - - [20/Sep/2021:17:27:26 +0200] "GET /retro-glass-housewife-life-small-model-p-41247.html HTTP/1.0" 200 73253 "-" "Mozilla/5.0 (Macintosh; Intel Mac OS X 11.1; rv:84.0) Gecko/20100101 Firefox/84.0"
130.255.162.159 - - [20/Sep/2021:17:27:37 +0200] "GET /pot-retro-glass-cleaning-day-happy-time-small-model-12-cm-p-41248.html HTTP/1.0" 301 70728 "-" "Mozilla/5.0 (Macintosh; Intel Mac OS X 11.1; rv:84.0) Gecko/20100101 Firefox/84.0"
130.255.162.159 - - [20/Sep/2021:17:27:38 +0200] "GET /retro-glass-cleaning-happy-time-small-model-p-41248.html HTTP/1.0" 200 70618 "-" "Mozilla/5.0 (Macintosh; Intel Mac OS X 11.1; rv:84.0) Gecko/20100101 Firefox/84.0"
72.79.45.44 - - [20/Sep/2021:17:27:40 +0200] "GET / HTTP/1.0" 200 150135 "-" "panscient.com"
185.191.171.39 - - [20/Sep/2021:17:27:41 +0200] "GET /the-crow-by-neko-black-shirt-p-30191.html HTTP/1.0" 301 74447 "-" "Mozilla/5.0 (compatible; SemrushBot/7~bl; +http://www.semrush.com/bot.html)"
185.191.171.17 - - [20/Sep/2021:17:27:43 +0200] "GET /crow-neko-black-shirt-p-30191.html HTTP/1.0" 200 74359 "-" "Mozilla/5.0 (compatible; SemrushBot/7~bl; +http://www.semrush.com/bot.html)"
207.46.13.164 - - [20/Sep/2021:17:27:46 +0200] "GET /glass-cutting-board-cbkreation-p-51293.html HTTP/1.0" 200 73126 "-" "Mozilla/5.0 (compatible; bingbot/2.0; +http://www.bing.com/bingbot.htm)"
130.255.162.159 - - [20/Sep/2021:17:27:48 +0200] "GET /pot-kidcat-with-cookware-p-45726.html HTTP/1.0" 301 73268 "-" "Mozilla/5.0 (Macintosh; Intel Mac OS X 11.1; rv:84.0) Gecko/20100101 Firefox/84.0"
130.255.162.159 - - [20/Sep/2021:17:27:48 +0200] "GET /kidcat-with-cookware-p-45726.html HTTP/1.0" 200 73181 "-" "Mozilla/5.0 (Macintosh; Intel Mac OS X 11.1; rv:84.0) Gecko/20100101 Firefox/84.0"
130.255.162.159 - - [20/Sep/2021:17:28:00 +0200] "GET /pot-cookware-yellow-p-41841.html HTTP/1.0" 301 73115 "-" "Mozilla/5.0 (Macintosh; Intel Mac OS X 11.1; rv:84.0) Gecko/20100101 Firefox/84.0"
130.255.162.159 - - [20/Sep/2021:17:28:01 +0200] "GET /cookware-yellow-p-41841.html HTTP/1.0" 200 73033 "-" "Mozilla/5.0 (Macintosh; Intel Mac OS X 11.1; rv:84.0) Gecko/20100101 Firefox/84.0"
130.255.162.159 - - [20/Sep/2021:17:28:13 +0200] "GET /pot-cookware-orange-p-41669.html HTTP/1.0" 301 73117 "-" "Mozilla/5.0 (Macintosh; Intel Mac OS X 11.1; rv:84.0) Gecko/20100101 Firefox/84.0"
66.249.72.40 - - [20/Sep/2021:17:28:14 +0200] "GET /images/big_prod/9316188070454.jpg HTTP/1.0" 200 268 "-" "Googlebot-Image/1.0"
130.255.162.159 - - [20/Sep/2021:17:28:13 +0200] "GET /cookware-orange-p-41669.html HTTP/1.0" 200 73035 "-" "Mozilla/5.0 (Macintosh; Intel Mac OS X 11.1; rv:84.0) Gecko/20100101 Firefox/84.0"
130.255.162.159 - - [20/Sep/2021:17:28:24 +0200] "GET /pot-cookware-green-p-41670.html HTTP/1.0" 301 73106 "-" "Mozilla/5.0 (Macintosh; Intel Mac OS X 11.1; rv:84.0) Gecko/20100101 Firefox/84.0"
130.255.162.159 - - [20/Sep/2021:17:28:24 +0200] "GET /cookware-green-p-41670.html HTTP/1.0" 200 73025 "-" "Mozilla/5.0 (Macintosh; Intel Mac OS X 11.1; rv:84.0) Gecko/20100101 Firefox/84.0"
114.119.128.5 - - [20/Sep/2021:17:28:31 +0200] "GET /101-dalmatians-cruella-devil-figure-p-4704.html HTTP/1.0" 301 70676 "-" "Mozilla/5.0 (Linux; Android 7.0;) AppleWebKit/537.36 (KHTML, like Gecko) Mobile Safari/537.36 (compatible; PetalBot;+https://webmaster.petalsearch.com/site/petalbot)"
114.119.128.5 - - [20/Sep/2021:17:28:32 +0200] "GET /dalmatians-cruella-devil-figure-p-4704.html HTTP/1.0" 200 70579 "-" "Mozilla/5.0 (Linux; Android 7.0;) AppleWebKit/537.36 (KHTML, like Gecko) Mobile Safari/537.36 (compatible; PetalBot;+https://webmaster.petalsearch.com/site/petalbot)"
130.255.162.159 - - [20/Sep/2021:17:28:35 +0200] "GET /pot-cookware-blue-p-41840.html HTTP/1.0" 301 73099 "-" "Mozilla/5.0 (Macintosh; Intel Mac OS X 11.1; rv:84.0) Gecko/20100101 Firefox/84.0"
130.255.162.159 - - [20/Sep/2021:17:28:36 +0200] "GET /cookware-blue-p-41840.html HTTP/1.0" 200 73019 "-" "Mozilla/5.0 (Macintosh; Intel Mac OS X 11.1; rv:84.0) Gecko/20100101 Firefox/84.0"
54.36.148.202 - - [20/Sep/2021:17:28:39 +0200] "GET /joyeux-anniversaire-card-p-20024.html HTTP/1.0" 200 73137 "-" "Mozilla/5.0 (compatible; AhrefsBot/7.0; +http://ahrefs.com/robot/)"
185.191.171.42 - - [20/Sep/2021:17:28:41 +0200] "GET /quebec-cookware-cbkreation-p-29711.html HTTP/1.0" 200 73092 "-" "Mozilla/5.0 (compatible; SemrushBot/7~bl; +http://www.semrush.com/bot.html)"
130.255.162.159 - - [20/Sep/2021:17:28:47 +0200] "GET /posters-and-stickers-wall-c-13_147.html?page=2 HTTP/1.0" 301 90692 "-" "Mozilla/5.0 (Macintosh; Intel Mac OS X 11.1; rv:84.0) Gecko/20100101 Firefox/84.0"
130.255.162.159 - - [20/Sep/2021:17:28:48 +0200] "GET /posters-stickers-wall-c-147.html?page=2 HTTP/1.0" 301 90569 "-" "Mozilla/5.0 (Macintosh; Intel Mac OS X 11.1; rv:84.0) Gecko/20100101 Firefox/84.0"
130.255.162.159 - - [20/Sep/2021:17:28:48 +0200] "GET /posters-stickers-wall-c-13_147.html?page=2 HTTP/1.0" 200 90599 "-" "Mozilla/5.0 (Macintosh; Intel Mac OS X 11.1; rv:84.0) Gecko/20100101 Firefox/84.0"
185.191.171.33 - - [20/Sep/2021:17:28:58 +0200] "GET /gorjuss-storage-case-oops-daisy-p-48093.html?action=add_product HTTP/1.0" 302 476 "-" "Mozilla/5.0 (compatible; SemrushBot/7~bl; +http://www.semrush.com/bot.html)"
130.255.162.159 - - [20/Sep/2021:17:29:00 +0200] "GET /posters-and-stickers-wall-c-13_147.html HTTP/1.0" 301 90460 "-" "Mozilla/5.0 (Macintosh; Intel Mac OS X 11.1; rv:84.0) Gecko/20100101 Firefox/84.0"
130.255.162.159 - - [20/Sep/2021:17:29:00 +0200] "GET /posters-stickers-wall-c-147.html HTTP/1.0" 301 90337 "-" "Mozilla/5.0 (Macintosh; Intel Mac OS X 11.1; rv:84.0) Gecko/20100101 Firefox/84.0"
130.255.162.159 - - [20/Sep/2021:17:29:01 +0200] "GET /posters-stickers-wall-c-13_147.html HTTP/1.0" 200 90374 "-" "Mozilla/5.0 (Macintosh; Intel Mac OS X 11.1; rv:84.0) Gecko/20100101 Firefox/84.0"
130.255.162.159 - - [20/Sep/2021:17:29:12 +0200] "GET /poster-corsica-50-70-cm-p-43691.html HTTP/1.0" 301 70571 "-" "Mozilla/5.0 (Macintosh; Intel Mac OS X 11.1; rv:84.0) Gecko/20100101 Firefox/84.0"
130.255.162.159 - - [20/Sep/2021:17:29:13 +0200] "GET /poster-corsica-p-43691.html HTTP/1.0" 200 70490 "-" "Mozilla/5.0 (Macintosh; Intel Mac OS X 11.1; rv:84.0) Gecko/20100101 Firefox/84.0"
66.249.72.36 - - [20/Sep/2021:17:29:22 +0200] "GET /images/big_prod_1/028399295623a.jpg HTTP/1.0" 200 270 "-" "Googlebot-Image/1.0"
130.255.162.159 - - [20/Sep/2021:17:29:23 +0200] "GET /poster-corsica-50-70-cm-p-43687.html HTTP/1.0" 301 73143 "-" "Mozilla/5.0 (Macintosh; Intel Mac OS X 11.1; rv:84.0) Gecko/20100101 Firefox/84.0"
130.255.162.159 - - [20/Sep/2021:17:29:24 +0200] "GET /poster-corsica-p-43687.html HTTP/1.0" 200 73062 "-" "Mozilla/5.0 (Macintosh; Intel Mac OS X 11.1; rv:84.0) Gecko/20100101 Firefox/84.0"
130.255.162.159 - - [20/Sep/2021:17:29:35 +0200] "GET /poster-corsica-50-70-cm-p-43684.html HTTP/1.0" 301 70571 "-" "Mozilla/5.0 (Macintosh; Intel Mac OS X 11.1; rv:84.0) Gecko/20100101 Firefox/84.0"
130.255.162.159 - - [20/Sep/2021:17:29:35 +0200] "GET /poster-corsica-p-43684.html HTTP/1.0" 200 70490 "-" "Mozilla/5.0 (Macintosh; Intel Mac OS X 11.1; rv:84.0) Gecko/20100101 Firefox/84.0"
185.191.171.18 - - [20/Sep/2021:17:29:36 +0200] "GET /pure-washed-linen-cushion-cover-p-54371.html?action=add_product HTTP/1.0" 302 476 "-" "Mozilla/5.0 (compatible; SemrushBot/7~bl; +http://www.semrush.com/bot.html)"
185.191.171.38 - - [20/Sep/2021:17:29:39 +0200] "GET /temps-cerises-fountain-p-26308.html HTTP/1.0" 200 73182 "-" "Mozilla/5.0 (compatible; SemrushBot/7~bl; +http://www.semrush.com/bot.html)"
68.183.111.220 - - [20/Sep/2021:17:29:41 +0200] "GET /contact_us.php HTTP/1.0" 200 26241 "http://www.wonder-geek.com/contact_us.php" "Mozilla/5.0 (Windows NT 6.1; WOW64) AppleWebKit/537.36 (KHTML, like Gecko) Chrome/83.0.4102.0 Safari/537.36"
130.255.162.159 - - [20/Sep/2021:17:29:45 +0200] "GET /postcard-with-envelope-tortoise-p-49156.html HTTP/1.0" 200 73236 "-" "Mozilla/5.0 (Macintosh; Intel Mac OS X 11.1; rv:84.0) Gecko/20100101 Firefox/84.0"
54.36.148.202 - - [20/Sep/2021:17:29:49 +0200] "GET /ariel-santuary-by-the-sea-figure-collection-p-29065.html HTTP/1.0" 301 73543 "-" "Mozilla/5.0 (compatible; AhrefsBot/7.0; +http://ahrefs.com/robot/)"
130.255.162.159 - - [20/Sep/2021:17:29:55 +0200] "GET /porcelain-mug-with-infuser-p-48054.html HTTP/1.0" 301 73171 "-" "Mozilla/5.0 (Macintosh; Intel Mac OS X 11.1; rv:84.0) Gecko/20100101 Firefox/84.0"
130.255.162.159 - - [20/Sep/2021:17:29:56 +0200] "GET /porcelain-with-infuser-p-48054.html HTTP/1.0" 200 73082 "-" "Mozilla/5.0 (Macintosh; Intel Mac OS X 11.1; rv:84.0) Gecko/20100101 Firefox/84.0"
130.255.162.159 - - [20/Sep/2021:17:30:07 +0200] "GET /porcelain-mug-with-infuser-p-48053.html HTTP/1.0" 301 73171 "-" "Mozilla/5.0 (Macintosh; Intel Mac OS X 11.1; rv:84.0) Gecko/20100101 Firefox/84.0"
130.255.162.159 - - [20/Sep/2021:17:30:08 +0200] "GET /porcelain-with-infuser-p-48053.html HTTP/1.0" 200 73082 "-" "Mozilla/5.0 (Macintosh; Intel Mac OS X 11.1; rv:84.0) Gecko/20100101 Firefox/84.0"
54.36.149.93 - - [20/Sep/2021:17:30:08 +0200] "GET /flower-pots-c-13_275.html?page=2 HTTP/1.0" 200 93179 "-" "Mozilla/5.0 (compatible; AhrefsBot/7.0; +http://ahrefs.com/robot/)"
130.255.162.159 - - [20/Sep/2021:17:30:19 +0200] "GET /porcelain-mug-with-infuser-p-48052.html HTTP/1.0" 301 73171 "-" "Mozilla/5.0 (Macintosh; Intel Mac OS X 11.1; rv:84.0) Gecko/20100101 Firefox/84.0"
130.255.162.159 - - [20/Sep/2021:17:30:20 +0200] "GET /porcelain-with-infuser-p-48052.html HTTP/1.0" 200 73082 "-" "Mozilla/5.0 (Macintosh; Intel Mac OS X 11.1; rv:84.0) Gecko/20100101 Firefox/84.0"
54.36.148.24 - - [20/Sep/2021:17:30:25 +0200] "GET /masha-and-bear-doll-masha-playset-bears-house-p-37000.html HTTP/1.0" 301 70487 "-" "Mozilla/5.0 (compatible; AhrefsBot/7.0; +http://ahrefs.com/robot/)"
130.255.162.159 - - [20/Sep/2021:17:30:32 +0200] "GET /porcelain-britto-mini-dog-figurine-pendant-p-49260.html HTTP/1.0" 301 70675 "-" "Mozilla/5.0 (Macintosh; Intel Mac OS X 11.1; rv:84.0) Gecko/20100101 Firefox/84.0"
130.255.162.159 - - [20/Sep/2021:17:30:32 +0200] "GET /porcelain-britto-mini-figurine-pendant-p-49260.html HTTP/1.0" 200 70570 "-" "Mozilla/5.0 (Macintosh; Intel Mac OS X 11.1; rv:84.0) Gecko/20100101 Firefox/84.0"
130.255.162.159 - - [20/Sep/2021:17:30:43 +0200] "GET /popcorn-maker-p-45372.html HTTP/1.0" 200 73176 "-" "Mozilla/5.0 (Macintosh; Intel Mac OS X 11.1; rv:84.0) Gecko/20100101 Firefox/84.0"
40.77.167.4 - - [20/Sep/2021:17:30:49 +0200] "GET /vintage-christmas-christmas-sonny-angel-figurines-p-53391.html HTTP/1.0" 200 75159 "-" "Mozilla/5.0 (compatible; bingbot/2.0; +http://www.bing.com/bingbot.htm)"
185.191.171.8 - - [20/Sep/2021:17:30:52 +0200] "GET /glass-cutting-board-cbkreation-p-51184.html HTTP/1.0" 200 73130 "-" "Mozilla/5.0 (compatible; SemrushBot/7~bl; +http://www.semrush.com/bot.html)"
130.255.162.159 - - [20/Sep/2021:17:30:53 +0200] "GET /poncho-towels-and-bathrobes-c-11_72.html HTTP/1.0" 301 81601 "-" "Mozilla/5.0 (Macintosh; Intel Mac OS X 11.1; rv:84.0) Gecko/20100101 Firefox/84.0"
130.255.162.159 - - [20/Sep/2021:17:30:54 +0200] "GET /poncho-towels-bathrobes-c-72.html HTTP/1.0" 301 81482 "-" "Mozilla/5.0 (Macintosh; Intel Mac OS X 11.1; rv:84.0) Gecko/20100101 Firefox/84.0"
130.255.162.159 - - [20/Sep/2021:17:30:54 +0200] "GET /poncho-towels-bathrobes-c-11_72.html HTTP/1.0" 200 81514 "-" "Mozilla/5.0 (Macintosh; Intel Mac OS X 11.1; rv:84.0) Gecko/20100101 Firefox/84.0"
114.119.128.56 - - [20/Sep/2021:17:31:04 +0200] "GET /candle-heart-home-ginger-lemongrass-p-53336.html HTTP/1.0" 200 73788 "-" "Mozilla/5.0 (Linux; Android 7.0;) AppleWebKit/537.36 (KHTML, like Gecko) Mobile Safari/537.36 (compatible; PetalBot;+https://webmaster.petalsearch.com/site/petalbot)"
130.255.162.159 - - [20/Sep/2021:17:31:06 +0200] "GET /polypropylene-black-and-gray-outdoor-carpet-120-180-cm-p-49665.html HTTP/1.0" 301 70487 "-" "Mozilla/5.0 (Macintosh; Intel Mac OS X 11.1; rv:84.0) Gecko/20100101 Firefox/84.0"
130.255.162.159 - - [20/Sep/2021:17:31:06 +0200] "GET /-p-49665.html HTTP/1.0" 200 70420 "-" "Mozilla/5.0 (Macintosh; Intel Mac OS X 11.1; rv:84.0) Gecko/20100101 Firefox/84.0"
130.255.162.159 - - [20/Sep/2021:17:31:16 +0200] "GET /polyester-today-chair-cushion-beige-p-49344.html HTTP/1.0" 200 73821 "-" "Mozilla/5.0 (Macintosh; Intel Mac OS X 11.1; rv:84.0) Gecko/20100101 Firefox/84.0"
130.255.162.159 - - [20/Sep/2021:17:31:26 +0200] "GET /polly-parrot-clock-by-allen-p-49497.html HTTP/1.0" 301 70487 "-" "Mozilla/5.0 (Macintosh; Intel Mac OS X 11.1; rv:84.0) Gecko/20100101 Firefox/84.0"
130.255.162.159 - - [20/Sep/2021:17:31:26 +0200] "GET /-p-49497.html HTTP/1.0" 200 70420 "-" "Mozilla/5.0 (Macintosh; Intel Mac OS X 11.1; rv:84.0) Gecko/20100101 Firefox/84.0"
130.255.162.159 - - [20/Sep/2021:17:31:37 +0200] "GET /polaroid-rectangulary-cushion-with-personalized-picture-p-16682.html HTTP/1.0" 200 70783 "-" "Mozilla/5.0 (Macintosh; Intel Mac OS X 11.1; rv:84.0) Gecko/20100101 Firefox/84.0"
54.36.148.71 - - [20/Sep/2021:17:31:38 +0200] "GET /postcard-with-envelope-tortoise-p-49156.html HTTP/1.0" 200 73236 "-" "Mozilla/5.0 (compatible; AhrefsBot/7.0; +http://ahrefs.com/robot/)"
130.255.162.159 - - [20/Sep/2021:17:31:46 +0200] "GET /polar-blankets-blankets-c-11_73.html HTTP/1.0" 200 91453 "-" "Mozilla/5.0 (Macintosh; Intel Mac OS X 11.1; rv:84.0) Gecko/20100101 Firefox/84.0"
130.255.162.159 - - [20/Sep/2021:17:31:55 +0200] "GET /pokemon-tee-shirt-p-31060.html HTTP/1.0" 301 74816 "-" "Mozilla/5.0 (Macintosh; Intel Mac OS X 11.1; rv:84.0) Gecko/20100101 Firefox/84.0"
130.255.162.159 - - [20/Sep/2021:17:31:56 +0200] "GET /pokemon-shirt-p-31060.html HTTP/1.0" 200 74736 "-" "Mozilla/5.0 (Macintosh; Intel Mac OS X 11.1; rv:84.0) Gecko/20100101 Firefox/84.0"
130.255.162.159 - - [20/Sep/2021:17:32:10 +0200] "GET /poison-pumpkin-evil-queen-figurine-p-49396.html HTTP/1.0" 200 74389 "-" "Mozilla/5.0 (Macintosh; Intel Mac OS X 11.1; rv:84.0) Gecko/20100101 Firefox/84.0"
185.191.171.45 - - [20/Sep/2021:17:32:15 +0200] "GET /torch-vespa-grey-p-17080.html HTTP/1.0" 301 70487 "-" "Mozilla/5.0 (compatible; SemrushBot/7~bl; +http://www.semrush.com/bot.html)"
185.191.171.14 - - [20/Sep/2021:17:32:17 +0200] "GET /-p-17080.html HTTP/1.0" 200 70420 "-" "Mozilla/5.0 (compatible; SemrushBot/7~bl; +http://www.semrush.com/bot.html)"
185.191.171.8 - - [20/Sep/2021:17:32:18 +0200] "GET /small-postcard-plate-with-envelope-15-105-cm-p-40127.html HTTP/1.0" 301 73398 "-" "Mozilla/5.0 (compatible; SemrushBot/7~bl; +http://www.semrush.com/bot.html)"
185.191.171.13 - - [20/Sep/2021:17:32:21 +0200] "GET /small-postcard-plate-with-envelope-p-40127.html HTTP/1.0" 200 73297 "-" "Mozilla/5.0 (compatible; SemrushBot/7~bl; +http://www.semrush.com/bot.html)"
130.255.162.159 - - [20/Sep/2021:17:32:23 +0200] "GET /poe-dameron-miniature-character-p-32466.html HTTP/1.0" 301 73398 "-" "Mozilla/5.0 (Macintosh; Intel Mac OS X 11.1; rv:84.0) Gecko/20100101 Firefox/84.0"
130.255.162.159 - - [20/Sep/2021:17:32:23 +0200] "GET /dameron-miniature-character-p-32466.html HTTP/1.0" 200 73304 "-" "Mozilla/5.0 (Macintosh; Intel Mac OS X 11.1; rv:84.0) Gecko/20100101 Firefox/84.0"
