185.191.171.33 - - [20/Sep/2021:17:32:29 +0200] "GET /cars-large-expandable-backpack-p-19750.html HTTP/1.0" 200 73534 "-" "Mozilla/5.0 (compatible; SemrushBot/7~bl; +http://www.semrush.com/bot.html)"
130.255.162.159 - - [20/Sep/2021:17:32:36 +0200] "GET /pluto-figurine-collection-by-britto-p-45543.html HTTP/1.0" 301 70487 "-" "Mozilla/5.0 (Macintosh; Intel Mac OS X 11.1; rv:84.0) Gecko/20100101 Firefox/84.0"
130.255.162.159 - - [20/Sep/2021:17:32:36 +0200] "GET /-p-45543.html HTTP/1.0" 200 70420 "-" "Mozilla/5.0 (Macintosh; Intel Mac OS X 11.1; rv:84.0) Gecko/20100101 Firefox/84.0"
130.255.162.159 - - [20/Sep/2021:17:32:47 +0200] "GET /plush-christmas-tree-decoration-12-cm-p-49648.html HTTP/1.0" 301 73287 "-" "Mozilla/5.0 (Macintosh; Intel Mac OS X 11.1; rv:84.0) Gecko/20100101 Firefox/84.0"
130.255.162.159 - - [20/Sep/2021:17:32:48 +0200] "GET /plush-christmas-tree-decoration-p-49648.html HTTP/1.0" 200 73189 "-" "Mozilla/5.0 (Macintosh; Intel Mac OS X 11.1; rv:84.0) Gecko/20100101 Firefox/84.0"
216.244.66.242 - - [20/Sep/2021:17:32:57 +0200] "GET /casino-clock-cbkreation-p-28519.html HTTP/1.0" 200 73049 "-" "Mozilla/5.0 (compatible; DotBot/1.2; +https://opensiteexplorer.org/dotbot; help@moz.com)"
130.255.162.159 - - [20/Sep/2021:17:32:59 +0200] "GET /plush-christmas-tree-decoration-11-cm-p-49649.html HTTP/1.0" 301 73287 "-" "Mozilla/5.0 (Macintosh; Intel Mac OS X 11.1; rv:84.0) Gecko/20100101 Firefox/84.0"
130.255.162.159 - - [20/Sep/2021:17:33:00 +0200] "GET /plush-christmas-tree-decoration-p-49649.html HTTP/1.0" 200 73189 "-" "Mozilla/5.0 (Macintosh; Intel Mac OS X 11.1; rv:84.0) Gecko/20100101 Firefox/84.0"
54.36.149.31 - - [20/Sep/2021:17:33:02 +0200] "GET /postcard-with-envelope-flamingos-p-48867.html HTTP/1.0" 200 73240 "-" "Mozilla/5.0 (compatible; AhrefsBot/7.0; +http://ahrefs.com/robot/)"
54.36.149.52 - - [20/Sep/2021:17:33:05 +0200] "GET /pastis-potholder-and-glove-set-p-44194.html HTTP/1.0" 301 70487 "-" "Mozilla/5.0 (compatible; AhrefsBot/7.0; +http://ahrefs.com/robot/)"
216.244.66.242 - - [20/Sep/2021:17:33:05 +0200] "GET /crme-adult-apron-p-51195.html HTTP/1.0" 200 73009 "-" "Mozilla/5.0 (compatible; DotBot/1.2; +https://opensiteexplorer.org/dotbot; help@moz.com)"
130.255.162.159 - - [20/Sep/2021:17:33:10 +0200] "GET /plus-plus-20-pieces-midi-basic-set-p-19762.html HTTP/1.0" 301 74068 "-" "Mozilla/5.0 (Macintosh; Intel Mac OS X 11.1; rv:84.0) Gecko/20100101 Firefox/84.0"
130.255.162.159 - - [20/Sep/2021:17:33:11 +0200] "GET /plus-plus-pieces-midi-basic-p-19762.html HTTP/1.0" 200 73974 "-" "Mozilla/5.0 (Macintosh; Intel Mac OS X 11.1; rv:84.0) Gecko/20100101 Firefox/84.0"
216.244.66.242 - - [20/Sep/2021:17:33:12 +0200] "GET /gorjuss-weekender-little-wings-p-50972.html HTTP/1.0" 200 74515 "-" "Mozilla/5.0 (compatible; DotBot/1.2; +https://opensiteexplorer.org/dotbot; help@moz.com)"
185.191.171.38 - - [20/Sep/2021:17:33:15 +0200] "GET /games-and-toys-c-4.html?page=9 HTTP/1.0" 301 91920 "-" "Mozilla/5.0 (compatible; SemrushBot/7~bl; +http://www.semrush.com/bot.html)"
185.191.171.25 - - [20/Sep/2021:17:33:17 +0200] "GET /games-toys-c-4.html?page=9 HTTP/1.0" 200 91840 "-" "Mozilla/5.0 (compatible; SemrushBot/7~bl; +http://www.semrush.com/bot.html)"
216.244.66.242 - - [20/Sep/2021:17:33:18 +0200] "GET /harley-davidson-magnets-p-31621.html HTTP/1.0" 200 73159 "-" "Mozilla/5.0 (compatible; DotBot/1.2; +https://opensiteexplorer.org/dotbot; help@moz.com)"
130.255.162.159 - - [20/Sep/2021:17:33:21 +0200] "GET /playmobil-rule-p-13388.html HTTP/1.0" 200 72979 "-" "Mozilla/5.0 (Macintosh; Intel Mac OS X 11.1; rv:84.0) Gecko/20100101 Firefox/84.0"
216.244.66.242 - - [20/Sep/2021:17:33:23 +0200] "GET /little-pony-rainbow-dash-jewelry-p-33625.html HTTP/1.0" 301 70487 "-" "Mozilla/5.0 (compatible; DotBot/1.2; +https://opensiteexplorer.org/dotbot; help@moz.com)"
130.255.162.159 - - [20/Sep/2021:17:33:30 +0200] "GET /playmobil-rule-p-13387.html HTTP/1.0" 200 72977 "-" "Mozilla/5.0 (Macintosh; Intel Mac OS X 11.1; rv:84.0) Gecko/20100101 Firefox/84.0"
114.119.128.56 - - [20/Sep/2021:17:33:37 +0200] "GET /collection-plate-metal-vespa-best-p-35030.html HTTP/1.0" 200 73340 "-" "Mozilla/5.0 (Linux; Android 7.0;) AppleWebKit/537.36 (KHTML, like Gecko) Mobile Safari/537.36 (compatible; PetalBot;+https://webmaster.petalsearch.com/site/petalbot)"
130.255.162.159 - - [20/Sep/2021:17:33:40 +0200] "GET /playboy-pink-ashtray-p-49300.html HTTP/1.0" 200 73013 "-" "Mozilla/5.0 (Macintosh; Intel Mac OS X 11.1; rv:84.0) Gecko/20100101 Firefox/84.0"
130.255.162.159 - - [20/Sep/2021:17:33:50 +0200] "GET /plates-c-12_58.html HTTP/1.0" 301 79993 "-" "Mozilla/5.0 (Macintosh; Intel Mac OS X 11.1; rv:84.0) Gecko/20100101 Firefox/84.0"
130.255.162.159 - - [20/Sep/2021:17:33:50 +0200] "GET /plates-cups-c-58.html HTTP/1.0" 301 79892 "-" "Mozilla/5.0 (Macintosh; Intel Mac OS X 11.1; rv:84.0) Gecko/20100101 Firefox/84.0"
130.255.162.159 - - [20/Sep/2021:17:33:51 +0200] "GET /plates-cups-c-12_58.html HTTP/1.0" 200 79918 "-" "Mozilla/5.0 (Macintosh; Intel Mac OS X 11.1; rv:84.0) Gecko/20100101 Firefox/84.0"
54.36.148.56 - - [20/Sep/2021:17:33:59 +0200] "GET /indian-craft-box-drawers-p-37261.html HTTP/1.0" 301 70585 "-" "Mozilla/5.0 (compatible; AhrefsBot/7.0; +http://ahrefs.com/robot/)"
130.255.162.159 - - [20/Sep/2021:17:34:03 +0200] "GET /plates-and-cups-c-12_58.html HTTP/1.0" 301 79993 "-" "Mozilla/5.0 (Macintosh; Intel Mac OS X 11.1; rv:84.0) Gecko/20100101 Firefox/84.0"
130.255.162.159 - - [20/Sep/2021:17:34:03 +0200] "GET /plates-cups-c-58.html HTTP/1.0" 301 79892 "-" "Mozilla/5.0 (Macintosh; Intel Mac OS X 11.1; rv:84.0) Gecko/20100101 Firefox/84.0"
130.255.162.159 - - [20/Sep/2021:17:34:04 +0200] "GET /plates-cups-c-12_58.html HTTP/1.0" 200 79918 "-" "Mozilla/5.0 (Macintosh; Intel Mac OS X 11.1; rv:84.0) Gecko/20100101 Firefox/84.0"
66.249.72.38 - - [20/Sep/2021:17:34:06 +0200] "GET /-p-29856.html HTTP/1.0" 200 70420 "-" "Mozilla/5.0 (Linux; Android 6.0.1; Nexus 5X Build/MMB29P) AppleWebKit/537.36 (KHTML, like Gecko) Chrome/93.0.4577.83 Mobile Safari/537.36 (compatible; Googlebot/2.1; +http://www.google.com/bot.html)"
130.255.162.159 - - [20/Sep/2021:17:34:15 +0200] "GET /plastic-boxes-and-storage-c-13_150_217.html HTTP/1.0" 301 76256 "-" "Mozilla/5.0 (Macintosh; Intel Mac OS X 11.1; rv:84.0) Gecko/20100101 Firefox/84.0"
130.255.162.159 - - [20/Sep/2021:17:34:16 +0200] "GET /plastic-boxes-storage-c-217.html HTTP/1.0" 301 76017 "-" "Mozilla/5.0 (Macintosh; Intel Mac OS X 11.1; rv:84.0) Gecko/20100101 Firefox/84.0"
130.255.162.159 - - [20/Sep/2021:17:34:16 +0200] "GET /plastic-boxes-storage-c-13_150_217.html HTTP/1.0" 200 76170 "-" "Mozilla/5.0 (Macintosh; Intel Mac OS X 11.1; rv:84.0) Gecko/20100101 Firefox/84.0"
130.255.162.159 - - [20/Sep/2021:17:34:28 +0200] "GET /planes-toddler-flatware-set-p-25914.html HTTP/1.0" 301 73154 "-" "Mozilla/5.0 (Macintosh; Intel Mac OS X 11.1; rv:84.0) Gecko/20100101 Firefox/84.0"
130.255.162.159 - - [20/Sep/2021:17:34:28 +0200] "GET /planes-toddler-flatware-p-25914.html HTTP/1.0" 200 73064 "-" "Mozilla/5.0 (Macintosh; Intel Mac OS X 11.1; rv:84.0) Gecko/20100101 Firefox/84.0"
54.36.148.147 - - [20/Sep/2021:17:34:32 +0200] "GET /postcard-with-envelope-happy-birthday-p-48869.html HTTP/1.0" 200 73266 "-" "Mozilla/5.0 (compatible; AhrefsBot/7.0; +http://ahrefs.com/robot/)"
130.255.162.159 - - [20/Sep/2021:17:34:39 +0200] "GET /planes-disney-little-backpack-p-30385.html HTTP/1.0" 200 70526 "-" "Mozilla/5.0 (Macintosh; Intel Mac OS X 11.1; rv:84.0) Gecko/20100101 Firefox/84.0"
185.191.171.25 - - [20/Sep/2021:17:34:42 +0200] "GET /snowman-decoration-p-49646.html HTTP/1.0" 200 73127 "-" "Mozilla/5.0 (compatible; SemrushBot/7~bl; +http://www.semrush.com/bot.html)"
130.255.162.159 - - [20/Sep/2021:17:34:48 +0200] "GET /planes-bath-towel-p-24585.html HTTP/1.0" 200 75250 "-" "Mozilla/5.0 (Macintosh; Intel Mac OS X 11.1; rv:84.0) Gecko/20100101 Firefox/84.0"
130.255.162.159 - - [20/Sep/2021:17:34:58 +0200] "GET /plaid-elisa-130-150-cm-p-49364.html HTTP/1.0" 301 70487 "-" "Mozilla/5.0 (Macintosh; Intel Mac OS X 11.1; rv:84.0) Gecko/20100101 Firefox/84.0"
130.255.162.159 - - [20/Sep/2021:17:34:59 +0200] "GET /-p-49364.html HTTP/1.0" 200 70420 "-" "Mozilla/5.0 (Macintosh; Intel Mac OS X 11.1; rv:84.0) Gecko/20100101 Firefox/84.0"
130.255.162.159 - - [20/Sep/2021:17:35:09 +0200] "GET /placemats-c-12_156.html HTTP/1.0" 200 91938 "-" "Mozilla/5.0 (Macintosh; Intel Mac OS X 11.1; rv:84.0) Gecko/20100101 Firefox/84.0"
130.255.162.159 - - [20/Sep/2021:17:35:19 +0200] "GET /pizza-biere-foot-beer-mug-33-cl-p-45482.html HTTP/1.0" 301 70599 "-" "Mozilla/5.0 (Macintosh; Intel Mac OS X 11.1; rv:84.0) Gecko/20100101 Firefox/84.0"
130.255.162.159 - - [20/Sep/2021:17:35:19 +0200] "GET /pizza-bire-foot-beer-p-45482.html HTTP/1.0" 200 70512 "-" "Mozilla/5.0 (Macintosh; Intel Mac OS X 11.1; rv:84.0) Gecko/20100101 Firefox/84.0"
185.191.171.5 - - [20/Sep/2021:17:35:22 +0200] "GET /henri-pepper-salt-and-mustard-pot-set-p-43907.html HTTP/1.0" 301 73367 "-" "Mozilla/5.0 (compatible; SemrushBot/7~bl; +http://www.semrush.com/bot.html)"
20.73.202.147 - - [20/Sep/2021:17:35:23 +0200] "GET /images/5702015121026.jpg HTTP/1.0" 200 259 "-" "DuckDuckBot/1.1; (+http://duckduckgo.com/duckduckbot.html)"
176.187.212.138 - - [20/Sep/2021:17:35:24 +0200] "GET /images/5702015121026.jpg HTTP/1.0" 200 259 "https://duckduckgo.com/" "Mozilla/5.0 (X11; Ubuntu; Linux x86_64; rv:74.0) Gecko/20100101 Firefox/74.0"
185.191.171.24 - - [20/Sep/2021:17:35:24 +0200] "GET /henri-pepper-salt-mustard-p-43907.html HTTP/1.0" 200 73275 "-" "Mozilla/5.0 (compatible; SemrushBot/7~bl; +http://www.semrush.com/bot.html)"
176.187.212.138 - - [20/Sep/2021:17:35:25 +0200] "GET /favicon.ico HTTP/1.0" 200 260 "-" "Mozilla/5.0 (X11; Ubuntu; Linux x86_64; rv:74.0) Gecko/20100101 Firefox/74.0"
130.255.162.159 - - [20/Sep/2021:17:35:30 +0200] "GET /pitchers-and-drink-dispensers-c-12_243.html HTTP/1.0" 301 89866 "-" "Mozilla/5.0 (Macintosh; Intel Mac OS X 11.1; rv:84.0) Gecko/20100101 Firefox/84.0"
130.255.162.159 - - [20/Sep/2021:17:35:30 +0200] "GET /pitchers-drink-dispensers-c-243.html HTTP/1.0" 301 89765 "-" "Mozilla/5.0 (Macintosh; Intel Mac OS X 11.1; rv:84.0) Gecko/20100101 Firefox/84.0"
130.255.162.159 - - [20/Sep/2021:17:35:32 +0200] "GET /pitchers-drink-dispensers-c-12_243.html HTTP/1.0" 200 89776 "-" "Mozilla/5.0 (Macintosh; Intel Mac OS X 11.1; rv:84.0) Gecko/20100101 Firefox/84.0"
130.255.162.159 - - [20/Sep/2021:17:35:45 +0200] "GET /piston-coffee-maker-600-ml-p-41737.html HTTP/1.0" 301 73203 "-" "Mozilla/5.0 (Macintosh; Intel Mac OS X 11.1; rv:84.0) Gecko/20100101 Firefox/84.0"
130.255.162.159 - - [20/Sep/2021:17:35:46 +0200] "GET /piston-coffee-maker-p-41737.html HTTP/1.0" 200 73117 "-" "Mozilla/5.0 (Macintosh; Intel Mac OS X 11.1; rv:84.0) Gecko/20100101 Firefox/84.0"
185.191.171.45 - - [20/Sep/2021:17:36:02 +0200] "GET /poetic-cups-espresso-p-45269.html?action=add_product HTTP/1.0" 302 476 "-" "Mozilla/5.0 (compatible; SemrushBot/7~bl; +http://www.semrush.com/bot.html)"
54.36.148.174 - - [20/Sep/2021:17:36:04 +0200] "GET /postcard-with-envelope-russian-doll-p-48859.html HTTP/1.0" 200 73255 "-" "Mozilla/5.0 (compatible; AhrefsBot/7.0; +http://ahrefs.com/robot/)"
114.119.128.57 - - [20/Sep/2021:17:36:10 +0200] "GET /sentiment-towel-kitchen-towel-p-43624.html HTTP/1.0" 200 73837 "-" "Mozilla/5.0 (Linux; Android 7.0;) AppleWebKit/537.36 (KHTML, like Gecko) Mobile Safari/537.36 (compatible; PetalBot;+https://webmaster.petalsearch.com/site/petalbot)"
185.191.171.40 - - [20/Sep/2021:17:36:11 +0200] "GET /burlap-round-table-brasserie-p-50963.html?action=add_product HTTP/1.0" 302 476 "-" "Mozilla/5.0 (compatible; SemrushBot/7~bl; +http://www.semrush.com/bot.html)"
185.191.171.45 - - [20/Sep/2021:17:36:15 +0200] "GET /keychain-jewel-tree-life-beige-p-40751.html HTTP/1.0" 200 73208 "-" "Mozilla/5.0 (compatible; SemrushBot/7~bl; +http://www.semrush.com/bot.html)"
130.255.162.159 - - [20/Sep/2021:17:36:24 +0200] "GET /piston-coffee-maker-350-ml-p-41736.html HTTP/1.0" 301 73211 "-" "Mozilla/5.0 (Macintosh; Intel Mac OS X 11.1; rv:84.0) Gecko/20100101 Firefox/84.0"
130.255.162.159 - - [20/Sep/2021:17:36:25 +0200] "GET /piston-coffee-maker-p-41736.html HTTP/1.0" 200 73125 "-" "Mozilla/5.0 (Macintosh; Intel Mac OS X 11.1; rv:84.0) Gecko/20100101 Firefox/84.0"
54.36.148.12 - - [20/Sep/2021:17:36:38 +0200] "GET /tea-infuser-tea-bag-rest-c-12_247.html?page=2 HTTP/1.0" 301 89923 "-" "Mozilla/5.0 (compatible; AhrefsBot/7.0; +http://ahrefs.com/robot/)"
130.255.162.159 - - [20/Sep/2021:17:36:41 +0200] "GET /pirate-skull-ashtray-p-49213.html HTTP/1.0" 200 73616 "-" "Mozilla/5.0 (Macintosh; Intel Mac OS X 11.1; rv:84.0) Gecko/20100101 Firefox/84.0"
185.191.171.40 - - [20/Sep/2021:17:36:49 +0200] "GET /robots.txt HTTP/1.0" 200 245 "-" "Mozilla/5.0 (compatible; SemrushBot/7~bl; +http://www.semrush.com/bot.html)"
185.191.171.23 - - [20/Sep/2021:17:36:50 +0200] "GET /pokemon-blue-swimsuit-p-30589.html HTTP/1.0" 200 74186 "-" "Mozilla/5.0 (compatible; SemrushBot/7~bl; +http://www.semrush.com/bot.html)"
130.255.162.159 - - [20/Sep/2021:17:36:50 +0200] "GET /pirate-skull-ashtray-p-49195.html HTTP/1.0" 200 70490 "-" "Mozilla/5.0 (Macintosh; Intel Mac OS X 11.1; rv:84.0) Gecko/20100101 Firefox/84.0"
185.191.171.6 - - [20/Sep/2021:17:36:56 +0200] "GET /gorjuss-the-scarf-glasses-box-p-43166.html HTTP/1.0" 301 73850 "-" "Mozilla/5.0 (compatible; SemrushBot/7~bl; +http://www.semrush.com/bot.html)"
185.191.171.4 - - [20/Sep/2021:17:36:58 +0200] "GET /gorjuss-scarf-glasses-p-43166.html HTTP/1.0" 200 73762 "-" "Mozilla/5.0 (compatible; SemrushBot/7~bl; +http://www.semrush.com/bot.html)"
130.255.162.159 - - [20/Sep/2021:17:37:02 +0200] "GET /pink-piggy-bank-p-49220.html HTTP/1.0" 200 73037 "-" "Mozilla/5.0 (Macintosh; Intel Mac OS X 11.1; rv:84.0) Gecko/20100101 Firefox/84.0"
130.255.162.159 - - [20/Sep/2021:17:37:13 +0200] "GET /pink-piggy-bank-p-34860.html HTTP/1.0" 200 73012 "-" "Mozilla/5.0 (Macintosh; Intel Mac OS X 11.1; rv:84.0) Gecko/20100101 Firefox/84.0"
54.36.148.221 - - [20/Sep/2021:17:37:15 +0200] "GET /bouddha-bedclothes-240-220-cm-p-34463.html HTTP/1.0" 301 70487 "-" "Mozilla/5.0 (compatible; AhrefsBot/7.0; +http://ahrefs.com/robot/)"
130.255.162.159 - - [20/Sep/2021:17:37:22 +0200] "GET /pink-owl-statuette-10-cm-p-44500.html HTTP/1.0" 301 73162 "-" "Mozilla/5.0 (Macintosh; Intel Mac OS X 11.1; rv:84.0) Gecko/20100101 Firefox/84.0"
130.255.162.159 - - [20/Sep/2021:17:37:23 +0200] "GET /pink-statuette-p-44500.html HTTP/1.0" 200 73081 "-" "Mozilla/5.0 (Macintosh; Intel Mac OS X 11.1; rv:84.0) Gecko/20100101 Firefox/84.0"
54.36.148.95 - - [20/Sep/2021:17:37:26 +0200] "GET /postcard-with-envelope-raccoon-p-48866.html HTTP/1.0" 200 73230 "-" "Mozilla/5.0 (compatible; AhrefsBot/7.0; +http://ahrefs.com/robot/)"
130.255.162.159 - - [20/Sep/2021:17:37:33 +0200] "GET /pink-flamingos-placemat-p-43015.html HTTP/1.0" 200 73039 "-" "Mozilla/5.0 (Macintosh; Intel Mac OS X 11.1; rv:84.0) Gecko/20100101 Firefox/84.0"
130.255.162.159 - - [20/Sep/2021:17:37:45 +0200] "GET /pink-flamingos-placemat-p-43014.html HTTP/1.0" 200 73039 "-" "Mozilla/5.0 (Macintosh; Intel Mac OS X 11.1; rv:84.0) Gecko/20100101 Firefox/84.0"
130.255.162.159 - - [20/Sep/2021:17:37:54 +0200] "GET /pink-cat-with-glitter-money-box-p-48230.html HTTP/1.0" 301 73236 "-" "Mozilla/5.0 (Macintosh; Intel Mac OS X 11.1; rv:84.0) Gecko/20100101 Firefox/84.0"
130.255.162.159 - - [20/Sep/2021:17:37:54 +0200] "GET /pink-with-glitter-money-p-48230.html HTTP/1.0" 200 73146 "-" "Mozilla/5.0 (Macintosh; Intel Mac OS X 11.1; rv:84.0) Gecko/20100101 Firefox/84.0"
130.255.162.159 - - [20/Sep/2021:17:38:05 +0200] "GET /pink-aquaducks-duck-bath-swims-and-quacks-p-34990.html HTTP/1.0" 301 73801 "-" "Mozilla/5.0 (Macintosh; Intel Mac OS X 11.1; rv:84.0) Gecko/20100101 Firefox/84.0"
130.255.162.159 - - [20/Sep/2021:17:38:05 +0200] "GET /pink-aquaducks-duck-bath-swims-quacks-p-34990.html HTTP/1.0" 200 73697 "-" "Mozilla/5.0 (Macintosh; Intel Mac OS X 11.1; rv:84.0) Gecko/20100101 Firefox/84.0"
130.255.162.159 - - [20/Sep/2021:17:38:18 +0200] "GET /pineapple-palette-knife-p-41594.html HTTP/1.0" 200 73018 "-" "Mozilla/5.0 (Macintosh; Intel Mac OS X 11.1; rv:84.0) Gecko/20100101 Firefox/84.0"
130.255.162.159 - - [20/Sep/2021:17:38:27 +0200] "GET /pineapple-deco-box-31-cm-p-42301.html HTTP/1.0" 301 70487 "-" "Mozilla/5.0 (Macintosh; Intel Mac OS X 11.1; rv:84.0) Gecko/20100101 Firefox/84.0"
130.255.162.159 - - [20/Sep/2021:17:38:28 +0200] "GET /-p-42301.html HTTP/1.0" 200 70420 "-" "Mozilla/5.0 (Macintosh; Intel Mac OS X 11.1; rv:84.0) Gecko/20100101 Firefox/84.0"
130.255.162.159 - - [20/Sep/2021:17:38:38 +0200] "GET /pin-up-small-steel-fridge-magnets-p-31632.html HTTP/1.0" 301 73316 "-" "Mozilla/5.0 (Macintosh; Intel Mac OS X 11.1; rv:84.0) Gecko/20100101 Firefox/84.0"
130.255.162.159 - - [20/Sep/2021:17:38:39 +0200] "GET /small-steel-fridge-magnets-p-31632.html HTTP/1.0" 200 73223 "-" "Mozilla/5.0 (Macintosh; Intel Mac OS X 11.1; rv:84.0) Gecko/20100101 Firefox/84.0"
159.226.19.165 - - [20/Sep/2021:17:38:44 +0200] "GET /images/mini_prod/1399984241790.jpg HTTP/1.0" 200 269 "-" "Googlebot-Image/1.0"
114.119.128.56 - - [20/Sep/2021:17:38:44 +0200] "GET /money-boxes-c-13_83.html?page=12 HTTP/1.0" 200 91517 "-" "Mozilla/5.0 (Linux; Android 7.0;) AppleWebKit/537.36 (KHTML, like Gecko) Mobile Safari/537.36 (compatible; PetalBot;+https://webmaster.petalsearch.com/site/petalbot)"
54.36.148.226 - - [20/Sep/2021:17:38:47 +0200] "GET /flower-pots-c-13_275.html?page=7 HTTP/1.0" 200 92905 "-" "Mozilla/5.0 (compatible; AhrefsBot/7.0; +http://ahrefs.com/robot/)"
130.255.162.159 - - [20/Sep/2021:17:38:50 +0200] "GET /pin-up-service-station-metal-wall-decoration-60-cm-p-44804.html HTTP/1.0" 301 73424 "-" "Mozilla/5.0 (Macintosh; Intel Mac OS X 11.1; rv:84.0) Gecko/20100101 Firefox/84.0"
130.255.162.159 - - [20/Sep/2021:17:38:51 +0200] "GET /service-station-metal-wall-decoration-p-44804.html HTTP/1.0" 200 73320 "-" "Mozilla/5.0 (Macintosh; Intel Mac OS X 11.1; rv:84.0) Gecko/20100101 Firefox/84.0"
130.255.162.159 - - [20/Sep/2021:17:39:03 +0200] "GET /pillowcases-bolstercases-c-11_166.html HTTP/1.0" 200 90756 "-" "Mozilla/5.0 (Macintosh; Intel Mac OS X 11.1; rv:84.0) Gecko/20100101 Firefox/84.0"
185.191.171.45 - - [20/Sep/2021:17:39:06 +0200] "GET /plush-keel-toys-parrot-23-cm-p-50305.html HTTP/1.0" 301 70603 "-" "Mozilla/5.0 (compatible; SemrushBot/7~bl; +http://www.semrush.com/bot.html)"
185.191.171.4 - - [20/Sep/2021:17:39:08 +0200] "GET /plush-keel-toys-parrot-p-50305.html HTTP/1.0" 200 70514 "-" "Mozilla/5.0 (compatible; SemrushBot/7~bl; +http://www.semrush.com/bot.html)"
185.191.171.7 - - [20/Sep/2021:17:39:11 +0200] "GET /headrest-cushion-diabolo-menthe-50-70-cm-p-51964.html HTTP/1.0" 301 73879 "-" "Mozilla/5.0 (compatible; SemrushBot/7~bl; +http://www.semrush.com/bot.html)"
185.191.171.14 - - [20/Sep/2021:17:39:13 +0200] "GET /headrest-cushion-diabolo-menthe-p-51964.html HTTP/1.0" 200 73781 "-" "Mozilla/5.0 (compatible; SemrushBot/7~bl; +http://www.semrush.com/bot.html)"
130.255.162.159 - - [20/Sep/2021:17:39:13 +0200] "GET /pillow-case-75-75-cm-red-p-33865.html HTTP/1.0" 301 73348 "-" "Mozilla/5.0 (Macintosh; Intel Mac OS X 11.1; rv:84.0) Gecko/20100101 Firefox/84.0"
130.255.162.159 - - [20/Sep/2021:17:39:14 +0200] "GET /pillow-case-p-33865.html HTTP/1.0" 200 73270 "-" "Mozilla/5.0 (Macintosh; Intel Mac OS X 11.1; rv:84.0) Gecko/20100101 Firefox/84.0"
130.255.162.159 - - [20/Sep/2021:17:39:25 +0200] "GET /pillow-bolster-c-11_199.html HTTP/1.0" 200 83530 "-" "Mozilla/5.0 (Macintosh; Intel Mac OS X 11.1; rv:84.0) Gecko/20100101 Firefox/84.0"
130.255.162.159 - - [20/Sep/2021:17:39:34 +0200] "GET /pikaly-bedclothes-240-220-cm-p-45418.html HTTP/1.0" 301 73316 "-" "Mozilla/5.0 (Macintosh; Intel Mac OS X 11.1; rv:84.0) Gecko/20100101 Firefox/84.0"
130.255.162.159 - - [20/Sep/2021:17:39:34 +0200] "GET /pikaly-bedclothes-p-45418.html HTTP/1.0" 200 73232 "-" "Mozilla/5.0 (Macintosh; Intel Mac OS X 11.1; rv:84.0) Gecko/20100101 Firefox/84.0"
130.255.162.159 - - [20/Sep/2021:17:39:46 +0200] "GET /piggy-bank-with-small-hammer-vive-les-maries-p-38529.html HTTP/1.0" 301 73418 "-" "Mozilla/5.0 (Macintosh; Intel Mac OS X 11.1; rv:84.0) Gecko/20100101 Firefox/84.0"
130.255.162.159 - - [20/Sep/2021:17:39:47 +0200] "GET /piggy-bank-with-small-hammer-vive-maris-p-38529.html HTTP/1.0" 200 73312 "-" "Mozilla/5.0 (Macintosh; Intel Mac OS X 11.1; rv:84.0) Gecko/20100101 Firefox/84.0"
185.191.171.7 - - [20/Sep/2021:17:39:54 +0200] "GET /paris-macarons-p-44540.html?action=add_product HTTP/1.0" 302 476 "-" "Mozilla/5.0 (compatible; SemrushBot/7~bl; +http://www.semrush.com/bot.html)"
130.255.162.159 - - [20/Sep/2021:17:39:58 +0200] "GET /piggy-bank-with-small-hammer-joyeux-anniversaire-p-45012.html HTTP/1.0" 301 70487 "-" "Mozilla/5.0 (Macintosh; Intel Mac OS X 11.1; rv:84.0) Gecko/20100101 Firefox/84.0"
130.255.162.159 - - [20/Sep/2021:17:39:59 +0200] "GET /-p-45012.html HTTP/1.0" 200 70420 "-" "Mozilla/5.0 (Macintosh; Intel Mac OS X 11.1; rv:84.0) Gecko/20100101 Firefox/84.0"
185.191.171.7 - - [20/Sep/2021:17:40:07 +0200] "GET /gemini-clasic-keyring-cbkreation-p-43249.html?action=add_product HTTP/1.0" 302 476 "-" "Mozilla/5.0 (compatible; SemrushBot/7~bl; +http://www.semrush.com/bot.html)"
130.255.162.159 - - [20/Sep/2021:17:40:09 +0200] "GET /piggy-bank-with-small-hammer-40-years-p-38524.html HTTP/1.0" 301 70487 "-" "Mozilla/5.0 (Macintosh; Intel Mac OS X 11.1; rv:84.0) Gecko/20100101 Firefox/84.0"
130.255.162.159 - - [20/Sep/2021:17:40:10 +0200] "GET /-p-38524.html HTTP/1.0" 200 70420 "-" "Mozilla/5.0 (Macintosh; Intel Mac OS X 11.1; rv:84.0) Gecko/20100101 Firefox/84.0"
54.36.148.163 - - [20/Sep/2021:17:40:12 +0200] "GET /collectible-figurines-decorative-c-13_135.html?page=39 HTTP/1.0" 200 96552 "-" "Mozilla/5.0 (compatible; AhrefsBot/7.0; +http://ahrefs.com/robot/)"
54.36.149.13 - - [20/Sep/2021:17:40:22 +0200] "GET /large-sport-bag-all-blacks-p-26592.html HTTP/1.0" 301 70487 "-" "Mozilla/5.0 (compatible; AhrefsBot/7.0; +http://ahrefs.com/robot/)"
130.255.162.159 - - [20/Sep/2021:17:40:23 +0200] "GET /piggy-bank-with-small-hammer-30-years-p-38523.html HTTP/1.0" 301 70487 "-" "Mozilla/5.0 (Macintosh; Intel Mac OS X 11.1; rv:84.0) Gecko/20100101 Firefox/84.0"
130.255.162.159 - - [20/Sep/2021:17:40:23 +0200] "GET /-p-38523.html HTTP/1.0" 200 70420 "-" "Mozilla/5.0 (Macintosh; Intel Mac OS X 11.1; rv:84.0) Gecko/20100101 Firefox/84.0"
104.200.20.46 - - [20/Sep/2021:17:40:27 +0200] "GET /contact_us.php HTTP/1.0" 200 26241 "http://www.wonder-geek.com/contact_us.php" "Mozilla/5.0 (Windows NT 6.1; WOW64) AppleWebKit/537.36 (KHTML, like Gecko) Chrome/90.0.4430.72 Safari/537.36"
130.255.162.159 - - [20/Sep/2021:17:40:33 +0200] "GET /piggy-bank-with-small-hammer-20-years-p-38522.html HTTP/1.0" 301 70487 "-" "Mozilla/5.0 (Macintosh; Intel Mac OS X 11.1; rv:84.0) Gecko/20100101 Firefox/84.0"
130.255.162.159 - - [20/Sep/2021:17:40:33 +0200] "GET /-p-38522.html HTTP/1.0" 200 70420 "-" "Mozilla/5.0 (Macintosh; Intel Mac OS X 11.1; rv:84.0) Gecko/20100101 Firefox/84.0"
104.200.20.46 - - [20/Sep/2021:17:40:33 +0200] "POST /contact_us.php?action=send HTTP/1.0" 200 26639 "http://www.wonder-geek.com/contact_us.php" "Mozilla/5.0 (Windows NT 6.1; WOW64) AppleWebKit/537.36 (KHTML, like Gecko) Chrome/90.0.4430.72 Safari/537.36"
104.200.20.46 - - [20/Sep/2021:17:40:36 +0200] "GET /contact_us.php HTTP/1.0" 200 26241 "http://www.wonder-geek.com/contact_us.php" "Mozilla/5.0 (Windows NT 6.1; WOW64) AppleWebKit/537.36 (KHTML, like Gecko) Chrome/90.0.4430.72 Safari/537.36"
185.191.171.44 - - [20/Sep/2021:17:40:38 +0200] "GET /ceramic-lamp-22-cm-p-52406.html HTTP/1.0" 301 70549 "-" "Mozilla/5.0 (compatible; SemrushBot/7~bl; +http://www.semrush.com/bot.html)"
185.191.171.24 - - [20/Sep/2021:17:40:41 +0200] "GET /ceramic-lamp-p-52406.html HTTP/1.0" 200 70470 "-" "Mozilla/5.0 (compatible; SemrushBot/7~bl; +http://www.semrush.com/bot.html)"
130.255.162.159 - - [20/Sep/2021:17:40:43 +0200] "GET /piggy-bank-with-small-hammer-18-ans-p-45013.html HTTP/1.0" 301 70487 "-" "Mozilla/5.0 (Macintosh; Intel Mac OS X 11.1; rv:84.0) Gecko/20100101 Firefox/84.0"
130.255.162.159 - - [20/Sep/2021:17:40:44 +0200] "GET /-p-45013.html HTTP/1.0" 200 70420 "-" "Mozilla/5.0 (Macintosh; Intel Mac OS X 11.1; rv:84.0) Gecko/20100101 Firefox/84.0"
54.36.149.51 - - [20/Sep/2021:17:40:47 +0200] "GET /mini-kimmi-and-their-friends-ava-and-chu-chu-p-11393.html HTTP/1.0" 301 70487 "-" "Mozilla/5.0 (compatible; AhrefsBot/7.0; +http://ahrefs.com/robot/)"
185.191.171.35 - - [20/Sep/2021:17:40:48 +0200] "GET /marseille-white-tee-shirt-p-31255.html HTTP/1.0" 301 74855 "-" "Mozilla/5.0 (compatible; SemrushBot/7~bl; +http://www.semrush.com/bot.html)"
185.191.171.24 - - [20/Sep/2021:17:40:50 +0200] "GET /marseille-white-shirt-p-31255.html HTTP/1.0" 200 74767 "-" "Mozilla/5.0 (compatible; SemrushBot/7~bl; +http://www.semrush.com/bot.html)"
130.255.162.159 - - [20/Sep/2021:17:40:55 +0200] "GET /pig-stop-door-p-46282.html HTTP/1.0" 301 73077 "-" "Mozilla/5.0 (Macintosh; Intel Mac OS X 11.1; rv:84.0) Gecko/20100101 Firefox/84.0"
130.255.162.159 - - [20/Sep/2021:17:40:55 +0200] "GET /stop-door-p-46282.html HTTP/1.0" 200 73001 "-" "Mozilla/5.0 (Macintosh; Intel Mac OS X 11.1; rv:84.0) Gecko/20100101 Firefox/84.0"
130.255.162.159 - - [20/Sep/2021:17:41:06 +0200] "GET /pig-coat-rack-wooden-supports-p-46728.html HTTP/1.0" 301 73218 "-" "Mozilla/5.0 (Macintosh; Intel Mac OS X 11.1; rv:84.0) Gecko/20100101 Firefox/84.0"
130.255.162.159 - - [20/Sep/2021:17:41:06 +0200] "GET /coat-rack-wooden-supports-p-46728.html HTTP/1.0" 200 73126 "-" "Mozilla/5.0 (Macintosh; Intel Mac OS X 11.1; rv:84.0) Gecko/20100101 Firefox/84.0"
185.191.171.10 - - [20/Sep/2021:17:41:13 +0200] "GET /retro-sign-p-42689.html?action=add_product HTTP/1.0" 302 476 "-" "Mozilla/5.0 (compatible; SemrushBot/7~bl; +http://www.semrush.com/bot.html)"
54.36.148.153 - - [20/Sep/2021:17:41:15 +0200] "GET /wooden-plaque-regles-pour-sortir-avec-ma-fille-p-34947.html HTTP/1.0" 301 70487 "-" "Mozilla/5.0 (compatible; AhrefsBot/7.0; +http://ahrefs.com/robot/)"
114.119.128.39 - - [20/Sep/2021:17:41:17 +0200] "GET /small-turtle-aged-bleached-wood-p-54506.html HTTP/1.0" 200 73203 "-" "Mozilla/5.0 (Linux; Android 7.0;) AppleWebKit/537.36 (KHTML, like Gecko) Mobile Safari/537.36 (compatible; PetalBot;+https://webmaster.petalsearch.com/site/petalbot)"
130.255.162.159 - - [20/Sep/2021:17:41:18 +0200] "GET /pig-coat-rack-wooden-supports-p-46727.html HTTP/1.0" 301 73218 "-" "Mozilla/5.0 (Macintosh; Intel Mac OS X 11.1; rv:84.0) Gecko/20100101 Firefox/84.0"
130.255.162.159 - - [20/Sep/2021:17:41:19 +0200] "GET /coat-rack-wooden-supports-p-46727.html HTTP/1.0" 200 73126 "-" "Mozilla/5.0 (Macintosh; Intel Mac OS X 11.1; rv:84.0) Gecko/20100101 Firefox/84.0"
51.68.224.127 - - [20/Sep/2021:17:41:22 +0200] "GET /adminweb/export_orders_xml.php?token=256de2z6edz6ed2z6DFSFsed2zed6zeDSFDSGdzedezfzf&maxorders=10&orderstart=1&status=14&start_date=2018-10-01 HTTP/1.0" 200 285 "-" "GesCom CharlotteBoutik Serveur"
51.68.224.127 - - [20/Sep/2021:17:41:22 +0200] "GET /adminweb/export_orders_xml.php?token=256de2z6edz6ed2z6DFSFsed2zed6zeDSFDSGdzedezfzf&maxorders=10&orderstart=1&status=6&start_date=2018-10-01 HTTP/1.0" 200 32290 "-" "GesCom CharlotteBoutik Serveur"
130.255.162.159 - - [20/Sep/2021:17:41:31 +0200] "GET /picchu-door-mat-coconut-fiber-p-45689.html HTTP/1.0" 301 70487 "-" "Mozilla/5.0 (Macintosh; Intel Mac OS X 11.1; rv:84.0) Gecko/20100101 Firefox/84.0"
130.255.162.159 - - [20/Sep/2021:17:41:31 +0200] "GET /-p-45689.html HTTP/1.0" 200 70420 "-" "Mozilla/5.0 (Macintosh; Intel Mac OS X 11.1; rv:84.0) Gecko/20100101 Firefox/84.0"
54.36.148.29 - - [20/Sep/2021:17:41:36 +0200] "GET /tinted-candle-mass-pink-p-56094.html HTTP/1.0" 200 73109 "-" "Mozilla/5.0 (compatible; AhrefsBot/7.0; +http://ahrefs.com/robot/)"
130.255.162.159 - - [20/Sep/2021:17:41:42 +0200] "GET /photo-frames-and-memo-clips-c-13_132.html HTTP/1.0" 301 90992 "-" "Mozilla/5.0 (Macintosh; Intel Mac OS X 11.1; rv:84.0) Gecko/20100101 Firefox/84.0"
130.255.162.159 - - [20/Sep/2021:17:41:42 +0200] "GET /photo-frames-memo-clips-c-132.html HTTP/1.0" 301 90869 "-" "Mozilla/5.0 (Macintosh; Intel Mac OS X 11.1; rv:84.0) Gecko/20100101 Firefox/84.0"
130.255.162.159 - - [20/Sep/2021:17:41:42 +0200] "GET /photo-frames-memo-clips-c-13_132.html HTTP/1.0" 200 90904 "-" "Mozilla/5.0 (Macintosh; Intel Mac OS X 11.1; rv:84.0) Gecko/20100101 Firefox/84.0"
185.191.171.17 - - [20/Sep/2021:17:41:45 +0200] "GET /handy-manny-small-p-19689.html?action=add_product HTTP/1.0" 302 476 "-" "Mozilla/5.0 (compatible; SemrushBot/7~bl; +http://www.semrush.com/bot.html)"
130.255.162.159 - - [20/Sep/2021:17:41:57 +0200] "GET /phone-cover-for-iphone-3g-3gs-p-20609.html HTTP/1.0" 301 73938 "-" "Mozilla/5.0 (Macintosh; Intel Mac OS X 11.1; rv:84.0) Gecko/20100101 Firefox/84.0"
130.255.162.159 - - [20/Sep/2021:17:41:57 +0200] "GET /phone-cover-iphone-p-20609.html HTTP/1.0" 200 73853 "-" "Mozilla/5.0 (Macintosh; Intel Mac OS X 11.1; rv:84.0) Gecko/20100101 Firefox/84.0"
40.77.167.4 - - [20/Sep/2021:17:42:00 +0200] "GET /-p-24449.html HTTP/1.0" 200 70420 "-" "Mozilla/5.0 (compatible; bingbot/2.0; +http://www.bing.com/bingbot.htm)"
130.255.162.159 - - [20/Sep/2021:17:42:09 +0200] "GET /peugeot-magnets-58-78-cm-p-49373.html HTTP/1.0" 301 73168 "-" "Mozilla/5.0 (Macintosh; Intel Mac OS X 11.1; rv:84.0) Gecko/20100101 Firefox/84.0"
130.255.162.159 - - [20/Sep/2021:17:42:09 +0200] "GET /peugeot-magnets-p-49373.html HTTP/1.0" 200 73086 "-" "Mozilla/5.0 (Macintosh; Intel Mac OS X 11.1; rv:84.0) Gecko/20100101 Firefox/84.0"
130.255.162.159 - - [20/Sep/2021:17:42:20 +0200] "GET /petit-akio-led-night-light-unicorn-p-50036.html HTTP/1.0" 301 70487 "-" "Mozilla/5.0 (Macintosh; Intel Mac OS X 11.1; rv:84.0) Gecko/20100101 Firefox/84.0"
130.255.162.159 - - [20/Sep/2021:17:42:21 +0200] "GET /-p-50036.html HTTP/1.0" 200 70420 "-" "Mozilla/5.0 (Macintosh; Intel Mac OS X 11.1; rv:84.0) Gecko/20100101 Firefox/84.0"
185.191.171.43 - - [20/Sep/2021:17:42:23 +0200] "GET /-p-17538.html?action=add_product HTTP/1.0" 302 476 "-" "Mozilla/5.0 (compatible; SemrushBot/7~bl; +http://www.semrush.com/bot.html)"
130.255.162.159 - - [20/Sep/2021:17:42:32 +0200] "GET /petit-akio-led-night-light-dino-p-46407.html HTTP/1.0" 301 74296 "-" "Mozilla/5.0 (Macintosh; Intel Mac OS X 11.1; rv:84.0) Gecko/20100101 Firefox/84.0"
130.255.162.159 - - [20/Sep/2021:17:42:32 +0200] "GET /petit-akio-night-light-dino-p-46407.html HTTP/1.0" 200 74202 "-" "Mozilla/5.0 (Macintosh; Intel Mac OS X 11.1; rv:84.0) Gecko/20100101 Firefox/84.0"
40.77.167.67 - - [20/Sep/2021:17:42:42 +0200] "GET /draculaura-figure-p-22564.html HTTP/1.0" 200 73098 "-" "Mozilla/5.0 (compatible; bingbot/2.0; +http://www.bing.com/bingbot.htm)"
130.255.162.159 - - [20/Sep/2021:17:42:43 +0200] "GET /petit-akio-led-night-light-cloud-p-50035.html HTTP/1.0" 301 74434 "-" "Mozilla/5.0 (Macintosh; Intel Mac OS X 11.1; rv:84.0) Gecko/20100101 Firefox/84.0"
130.255.162.159 - - [20/Sep/2021:17:42:45 +0200] "GET /petit-akio-night-light-cloud-p-50035.html HTTP/1.0" 200 74339 "-" "Mozilla/5.0 (Macintosh; Intel Mac OS X 11.1; rv:84.0) Gecko/20100101 Firefox/84.0"
185.191.171.15 - - [20/Sep/2021:17:42:51 +0200] "GET /disney-cars-flash-mcqueen-backpack-p-35549.html?action=add_product HTTP/1.0" 302 476 "-" "Mozilla/5.0 (compatible; SemrushBot/7~bl; +http://www.semrush.com/bot.html)"
130.255.162.159 - - [20/Sep/2021:17:42:58 +0200] "GET /petit-akio-led-night-light-cloud-p-46403.html HTTP/1.0" 301 74306 "-" "Mozilla/5.0 (Macintosh; Intel Mac OS X 11.1; rv:84.0) Gecko/20100101 Firefox/84.0"
130.255.162.159 - - [20/Sep/2021:17:42:58 +0200] "GET /petit-akio-night-light-cloud-p-46403.html HTTP/1.0" 200 74211 "-" "Mozilla/5.0 (Macintosh; Intel Mac OS X 11.1; rv:84.0) Gecko/20100101 Firefox/84.0"
54.36.148.210 - - [20/Sep/2021:17:43:03 +0200] "GET /embroidered-rectangular-tablecloth-kolam-p-43666.html HTTP/1.0" 200 73927 "-" "Mozilla/5.0 (compatible; AhrefsBot/7.0; +http://ahrefs.com/robot/)"
185.191.171.11 - - [20/Sep/2021:17:43:06 +0200] "GET /bamboo-fiber-plant-cover-p-55179.html HTTP/1.0" 200 73693 "-" "Mozilla/5.0 (compatible; SemrushBot/7~bl; +http://www.semrush.com/bot.html)"
130.255.162.159 - - [20/Sep/2021:17:43:09 +0200] "GET /petit-akio-led-night-light-bear-p-46405.html HTTP/1.0" 301 70610 "-" "Mozilla/5.0 (Macintosh; Intel Mac OS X 11.1; rv:84.0) Gecko/20100101 Firefox/84.0"
130.255.162.159 - - [20/Sep/2021:17:43:10 +0200] "GET /petit-akio-night-light-bear-p-46405.html HTTP/1.0" 200 70516 "-" "Mozilla/5.0 (Macintosh; Intel Mac OS X 11.1; rv:84.0) Gecko/20100101 Firefox/84.0"
130.255.162.159 - - [20/Sep/2021:17:43:20 +0200] "GET /pet-shop-c-155.html HTTP/1.0" 301 89216 "-" "Mozilla/5.0 (Macintosh; Intel Mac OS X 11.1; rv:84.0) Gecko/20100101 Firefox/84.0"
130.255.162.159 - - [20/Sep/2021:17:43:20 +0200] "GET /shop-c-155.html HTTP/1.0" 200 89147 "-" "Mozilla/5.0 (Macintosh; Intel Mac OS X 11.1; rv:84.0) Gecko/20100101 Firefox/84.0"
130.255.162.159 - - [20/Sep/2021:17:43:32 +0200] "GET /pet-rug-60-80-cm-je-suis-au-poil-p-49542.html HTTP/1.0" 301 73018 "-" "Mozilla/5.0 (Macintosh; Intel Mac OS X 11.1; rv:84.0) Gecko/20100101 Firefox/84.0"
130.255.162.159 - - [20/Sep/2021:17:43:32 +0200] "GET /suis-poil-p-49542.html HTTP/1.0" 200 72942 "-" "Mozilla/5.0 (Macintosh; Intel Mac OS X 11.1; rv:84.0) Gecko/20100101 Firefox/84.0"
130.255.162.159 - - [20/Sep/2021:17:43:43 +0200] "GET /pet-rug-60-40-cm-pacha-p-49540.html HTTP/1.0" 301 72978 "-" "Mozilla/5.0 (Macintosh; Intel Mac OS X 11.1; rv:84.0) Gecko/20100101 Firefox/84.0"
130.255.162.159 - - [20/Sep/2021:17:43:44 +0200] "GET /pacha-p-49540.html HTTP/1.0" 200 72906 "-" "Mozilla/5.0 (Macintosh; Intel Mac OS X 11.1; rv:84.0) Gecko/20100101 Firefox/84.0"
114.119.128.44 - - [20/Sep/2021:17:43:51 +0200] "GET /great-amethyst-geode-brazil-p-47191.html HTTP/1.0" 200 73977 "-" "Mozilla/5.0 (Linux; Android 7.0;) AppleWebKit/537.36 (KHTML, like Gecko) Mobile Safari/537.36 (compatible; PetalBot;+https://webmaster.petalsearch.com/site/petalbot)"
130.255.162.159 - - [20/Sep/2021:17:43:55 +0200] "GET /pet-rug-60-40-cm-je-medite-p-49538.html HTTP/1.0" 301 72996 "-" "Mozilla/5.0 (Macintosh; Intel Mac OS X 11.1; rv:84.0) Gecko/20100101 Firefox/84.0"
130.255.162.159 - - [20/Sep/2021:17:43:55 +0200] "GET /mdite-p-49538.html HTTP/1.0" 200 72924 "-" "Mozilla/5.0 (Macintosh; Intel Mac OS X 11.1; rv:84.0) Gecko/20100101 Firefox/84.0"
130.255.162.159 - - [20/Sep/2021:17:44:06 +0200] "GET /pet-rug-60-40-cm-hotel-cat-stars-p-49537.html HTTP/1.0" 301 70487 "-" "Mozilla/5.0 (Macintosh; Intel Mac OS X 11.1; rv:84.0) Gecko/20100101 Firefox/84.0"
130.255.162.159 - - [20/Sep/2021:17:44:07 +0200] "GET /-p-49537.html HTTP/1.0" 200 70420 "-" "Mozilla/5.0 (Macintosh; Intel Mac OS X 11.1; rv:84.0) Gecko/20100101 Firefox/84.0"
185.191.171.10 - - [20/Sep/2021:17:44:09 +0200] "GET /yoga-bolster-meditation-cushion-chakra-manipura-p-45367.html HTTP/1.0" 200 75132 "-" "Mozilla/5.0 (compatible; SemrushBot/7~bl; +http://www.semrush.com/bot.html)"
130.255.162.159 - - [20/Sep/2021:17:44:17 +0200] "GET /pet-rug-60-40-cm-felin-p-49539.html HTTP/1.0" 301 72975 "-" "Mozilla/5.0 (Macintosh; Intel Mac OS X 11.1; rv:84.0) Gecko/20100101 Firefox/84.0"
130.255.162.159 - - [20/Sep/2021:17:44:18 +0200] "GET /flin-p-49539.html HTTP/1.0" 200 72904 "-" "Mozilla/5.0 (Macintosh; Intel Mac OS X 11.1; rv:84.0) Gecko/20100101 Firefox/84.0"
54.36.148.28 - - [20/Sep/2021:17:44:19 +0200] "GET /duvet-cover-c-11_195.html HTTP/1.0" 200 91591 "-" "Mozilla/5.0 (compatible; AhrefsBot/7.0; +http://ahrefs.com/robot/)"
130.255.162.159 - - [20/Sep/2021:17:44:29 +0200] "GET /personalized-products-c-97.html HTTP/1.0" 200 90687 "-" "Mozilla/5.0 (Macintosh; Intel Mac OS X 11.1; rv:84.0) Gecko/20100101 Firefox/84.0"
130.255.162.159 - - [20/Sep/2021:17:44:39 +0200] "GET /perpetual-calendar-with-memo-board-p-44991.html HTTP/1.0" 200 73173 "-" "Mozilla/5.0 (Macintosh; Intel Mac OS X 11.1; rv:84.0) Gecko/20100101 Firefox/84.0"
130.255.162.159 - - [20/Sep/2021:17:44:48 +0200] "GET /perfumes-of-interior-c-231_234.html HTTP/1.0" 301 90306 "-" "Mozilla/5.0 (Macintosh; Intel Mac OS X 11.1; rv:84.0) Gecko/20100101 Firefox/84.0"
130.255.162.159 - - [20/Sep/2021:17:44:49 +0200] "GET /perfumes-interior-c-234.html HTTP/1.0" 301 90175 "-" "Mozilla/5.0 (Macintosh; Intel Mac OS X 11.1; rv:84.0) Gecko/20100101 Firefox/84.0"
130.255.162.159 - - [20/Sep/2021:17:44:49 +0200] "GET /perfumes-interior-c-231_234.html HTTP/1.0" 200 90224 "-" "Mozilla/5.0 (Macintosh; Intel Mac OS X 11.1; rv:84.0) Gecko/20100101 Firefox/84.0"
185.191.171.43 - - [20/Sep/2021:17:44:51 +0200] "GET /gorjuss-cards-supplied-with-an-envelope-lost-for-words-p-48371.html HTTP/1.0" 301 73505 "-" "Mozilla/5.0 (compatible; SemrushBot/7~bl; +http://www.semrush.com/bot.html)"
185.191.171.9 - - [20/Sep/2021:17:44:53 +0200] "GET /gorjuss-cards-supplied-with-envelope-lost-words-p-48371.html HTTP/1.0" 200 73391 "-" "Mozilla/5.0 (compatible; SemrushBot/7~bl; +http://www.semrush.com/bot.html)"
130.255.162.159 - - [20/Sep/2021:17:45:01 +0200] "GET /peppa-pig-little-backpack-p-30389.html HTTP/1.0" 301 70590 "-" "Mozilla/5.0 (Macintosh; Intel Mac OS X 11.1; rv:84.0) Gecko/20100101 Firefox/84.0"
130.255.162.159 - - [20/Sep/2021:17:45:02 +0200] "GET /peppa-little-backpack-p-30389.html HTTP/1.0" 200 70502 "-" "Mozilla/5.0 (Macintosh; Intel Mac OS X 11.1; rv:84.0) Gecko/20100101 Firefox/84.0"
185.191.171.37 - - [20/Sep/2021:17:45:05 +0200] "GET /fish-lips-clock-by-allen-p-44574.html HTTP/1.0" 301 73759 "-" "Mozilla/5.0 (compatible; SemrushBot/7~bl; +http://www.semrush.com/bot.html)"
185.191.171.34 - - [20/Sep/2021:17:45:07 +0200] "GET /fish-lips-clock-allen-p-44574.html HTTP/1.0" 200 73671 "-" "Mozilla/5.0 (compatible; SemrushBot/7~bl; +http://www.semrush.com/bot.html)"
130.255.162.159 - - [20/Sep/2021:17:45:12 +0200] "GET /pepe-jeans-suitcase-61-cm-p-38102.html HTTP/1.0" 301 73550 "-" "Mozilla/5.0 (Macintosh; Intel Mac OS X 11.1; rv:84.0) Gecko/20100101 Firefox/84.0"
130.255.162.159 - - [20/Sep/2021:17:45:13 +0200] "GET /jeans-suitcase-p-38102.html HTTP/1.0" 200 73469 "-" "Mozilla/5.0 (Macintosh; Intel Mac OS X 11.1; rv:84.0) Gecko/20100101 Firefox/84.0"
66.249.72.38 - - [20/Sep/2021:17:45:21 +0200] "GET /white-and-red-skull-keyrings-sound-and-light-p-40193.html HTTP/1.0" 301 73364 "-" "Mozilla/5.0 (compatible; Googlebot/2.1; +http://www.google.com/bot.html)"
66.249.72.38 - - [20/Sep/2021:17:45:22 +0200] "GET /white-skull-keyrings-sound-light-p-40193.html HTTP/1.0" 200 73265 "-" "Mozilla/5.0 (compatible; Googlebot/2.1; +http://www.google.com/bot.html)"
130.255.162.159 - - [20/Sep/2021:17:45:24 +0200] "GET /pepe-jeans-suitcase-61-cm-p-33482.html HTTP/1.0" 301 73581 "-" "Mozilla/5.0 (Macintosh; Intel Mac OS X 11.1; rv:84.0) Gecko/20100101 Firefox/84.0"
130.255.162.159 - - [20/Sep/2021:17:45:25 +0200] "GET /jeans-suitcase-p-33482.html HTTP/1.0" 200 73500 "-" "Mozilla/5.0 (Macintosh; Intel Mac OS X 11.1; rv:84.0) Gecko/20100101 Firefox/84.0"
54.36.148.243 - - [20/Sep/2021:17:45:35 +0200] "GET /incense-stick-holder-elephant-p-54222.html HTTP/1.0" 200 74333 "-" "Mozilla/5.0 (compatible; AhrefsBot/7.0; +http://ahrefs.com/robot/)"
130.255.162.159 - - [20/Sep/2021:17:45:37 +0200] "GET /pepe-jeans-suitcase-48-cm-p-33484.html HTTP/1.0" 301 70620 "-" "Mozilla/5.0 (Macintosh; Intel Mac OS X 11.1; rv:84.0) Gecko/20100101 Firefox/84.0"
130.255.162.159 - - [20/Sep/2021:17:45:37 +0200] "GET /jeans-suitcase-p-33484.html HTTP/1.0" 200 70539 "-" "Mozilla/5.0 (Macintosh; Intel Mac OS X 11.1; rv:84.0) Gecko/20100101 Firefox/84.0"
77.88.5.71 - - [20/Sep/2021:17:45:43 +0200] "GET /mickey-mouse-christmas-ball-filled-p-11524.html HTTP/1.0" 200 70581 "-" "Mozilla/5.0 (compatible; YandexBot/3.0; +http://yandex.com/bots)"
130.255.162.159 - - [20/Sep/2021:17:45:48 +0200] "GET /pendulum-with-amethyst-tip-and-chakra-chain-p-44962.html HTTP/1.0" 301 74507 "-" "Mozilla/5.0 (Macintosh; Intel Mac OS X 11.1; rv:84.0) Gecko/20100101 Firefox/84.0"
130.255.162.159 - - [20/Sep/2021:17:45:49 +0200] "GET /pendulum-with-amethyst-chakra-chain-p-44962.html HTTP/1.0" 200 74405 "-" "Mozilla/5.0 (Macintosh; Intel Mac OS X 11.1; rv:84.0) Gecko/20100101 Firefox/84.0"
130.255.162.159 - - [20/Sep/2021:17:45:59 +0200] "GET /pendulum-rose-quartz-drop-shaped-with-flower-of-life-p-43797.html HTTP/1.0" 301 74471 "-" "Mozilla/5.0 (Macintosh; Intel Mac OS X 11.1; rv:84.0) Gecko/20100101 Firefox/84.0"
130.255.162.159 - - [20/Sep/2021:17:46:00 +0200] "GET /pendulum-rose-quartz-drop-shaped-with-flower-life-p-43797.html HTTP/1.0" 200 74355 "-" "Mozilla/5.0 (Macintosh; Intel Mac OS X 11.1; rv:84.0) Gecko/20100101 Firefox/84.0"
130.255.162.159 - - [20/Sep/2021:17:46:11 +0200] "GET /pendulum-rock-crystal-facet-cut-pointed-tip-p-45031.html HTTP/1.0" 301 73715 "-" "Mozilla/5.0 (Macintosh; Intel Mac OS X 11.1; rv:84.0) Gecko/20100101 Firefox/84.0"
130.255.162.159 - - [20/Sep/2021:17:46:12 +0200] "GET /pendulum-rock-crystal-facet-pointed-p-45031.html HTTP/1.0" 200 73613 "-" "Mozilla/5.0 (Macintosh; Intel Mac OS X 11.1; rv:84.0) Gecko/20100101 Firefox/84.0"
114.119.128.5 - - [20/Sep/2021:17:46:22 +0200] "GET /king-lion-remember-storybook-p-47007.html HTTP/1.0" 200 75094 "-" "Mozilla/5.0 (Linux; Android 7.0;) AppleWebKit/537.36 (KHTML, like Gecko) Mobile Safari/537.36 (compatible; PetalBot;+https://webmaster.petalsearch.com/site/petalbot)"
130.255.162.159 - - [20/Sep/2021:17:46:22 +0200] "GET /pendulum-ohm-polished-black-agate-p-45154.html HTTP/1.0" 301 74288 "-" "Mozilla/5.0 (Macintosh; Intel Mac OS X 11.1; rv:84.0) Gecko/20100101 Firefox/84.0"
130.255.162.159 - - [20/Sep/2021:17:46:24 +0200] "GET /pendulum-polished-black-agate-p-45154.html HTTP/1.0" 200 74192 "-" "Mozilla/5.0 (Macintosh; Intel Mac OS X 11.1; rv:84.0) Gecko/20100101 Firefox/84.0"
130.255.162.159 - - [20/Sep/2021:17:46:37 +0200] "GET /pendants-and-necklaces-c-3_214.html HTTP/1.0" 301 90614 "-" "Mozilla/5.0 (Macintosh; Intel Mac OS X 11.1; rv:84.0) Gecko/20100101 Firefox/84.0"
130.255.162.159 - - [20/Sep/2021:17:46:38 +0200] "GET /pendants-necklaces-c-214.html HTTP/1.0" 301 90504 "-" "Mozilla/5.0 (Macintosh; Intel Mac OS X 11.1; rv:84.0) Gecko/20100101 Firefox/84.0"
130.255.162.159 - - [20/Sep/2021:17:46:39 +0200] "GET /pendants-necklaces-c-3_214.html HTTP/1.0" 200 90531 "-" "Mozilla/5.0 (Macintosh; Intel Mac OS X 11.1; rv:84.0) Gecko/20100101 Firefox/84.0"
130.255.162.159 - - [20/Sep/2021:17:46:52 +0200] "GET /pencil-pot-c-129_183.html HTTP/1.0" 301 90706 "-" "Mozilla/5.0 (Macintosh; Intel Mac OS X 11.1; rv:84.0) Gecko/20100101 Firefox/84.0"
54.36.148.126 - - [20/Sep/2021:17:46:54 +0200] "GET /adhesive-roll-velvet-pattern-p-55810.html HTTP/1.0" 200 74253 "-" "Mozilla/5.0 (compatible; AhrefsBot/7.0; +http://ahrefs.com/robot/)"
130.255.162.159 - - [20/Sep/2021:17:46:53 +0200] "GET /pencil-c-183.html HTTP/1.0" 301 90570 "-" "Mozilla/5.0 (Macintosh; Intel Mac OS X 11.1; rv:84.0) Gecko/20100101 Firefox/84.0"
130.255.162.159 - - [20/Sep/2021:17:46:54 +0200] "GET /pencil-c-129_183.html HTTP/1.0" 200 90635 "-" "Mozilla/5.0 (Macintosh; Intel Mac OS X 11.1; rv:84.0) Gecko/20100101 Firefox/84.0"
130.255.162.159 - - [20/Sep/2021:17:47:07 +0200] "GET /pencil-pooby-ylvi-and-the-minimoomis-p-33972.html HTTP/1.0" 301 75101 "-" "Mozilla/5.0 (Macintosh; Intel Mac OS X 11.1; rv:84.0) Gecko/20100101 Firefox/84.0"
130.255.162.159 - - [20/Sep/2021:17:47:07 +0200] "GET /pencil-pooby-ylvi-minimoomis-p-33972.html HTTP/1.0" 200 75006 "-" "Mozilla/5.0 (Macintosh; Intel Mac OS X 11.1; rv:84.0) Gecko/20100101 Firefox/84.0"
130.255.162.159 - - [20/Sep/2021:17:47:19 +0200] "GET /pencil-loola-ylvi-and-the-minimoomis-p-33974.html HTTP/1.0" 301 75102 "-" "Mozilla/5.0 (Macintosh; Intel Mac OS X 11.1; rv:84.0) Gecko/20100101 Firefox/84.0"
130.255.162.159 - - [20/Sep/2021:17:47:19 +0200] "GET /pencil-loola-ylvi-minimoomis-p-33974.html HTTP/1.0" 200 75007 "-" "Mozilla/5.0 (Macintosh; Intel Mac OS X 11.1; rv:84.0) Gecko/20100101 Firefox/84.0"
185.191.171.43 - - [20/Sep/2021:17:47:19 +0200] "GET /bohemian-ethnic-carpet-p-50880.html HTTP/1.0" 200 73762 "-" "Mozilla/5.0 (compatible; SemrushBot/7~bl; +http://www.semrush.com/bot.html)"
130.255.162.159 - - [20/Sep/2021:17:47:30 +0200] "GET /pencil-case-turning-into-pencil-pot-panda-p-49231.html HTTP/1.0" 301 70662 "-" "Mozilla/5.0 (Macintosh; Intel Mac OS X 11.1; rv:84.0) Gecko/20100101 Firefox/84.0"
130.255.162.159 - - [20/Sep/2021:17:47:31 +0200] "GET /pencil-case-turning-into-pencil-panda-p-49231.html HTTP/1.0" 200 70558 "-" "Mozilla/5.0 (Macintosh; Intel Mac OS X 11.1; rv:84.0) Gecko/20100101 Firefox/84.0"
130.255.162.159 - - [20/Sep/2021:17:47:41 +0200] "GET /pencil-case-turning-into-pencil-pot-grey-cat-p-49229.html HTTP/1.0" 301 70659 "-" "Mozilla/5.0 (Macintosh; Intel Mac OS X 11.1; rv:84.0) Gecko/20100101 Firefox/84.0"
130.255.162.159 - - [20/Sep/2021:17:47:41 +0200] "GET /pencil-case-turning-into-pencil-grey-p-49229.html HTTP/1.0" 200 70556 "-" "Mozilla/5.0 (Macintosh; Intel Mac OS X 11.1; rv:84.0) Gecko/20100101 Firefox/84.0"
185.191.171.12 - - [20/Sep/2021:17:47:43 +0200] "GET /wooden-tray-on-metal-legs-395-cm-p-49697.html HTTP/1.0" 301 73332 "-" "Mozilla/5.0 (compatible; SemrushBot/7~bl; +http://www.semrush.com/bot.html)"
185.191.171.45 - - [20/Sep/2021:17:47:45 +0200] "GET /wooden-tray-metal-legs-p-49697.html HTTP/1.0" 200 73243 "-" "Mozilla/5.0 (compatible; SemrushBot/7~bl; +http://www.semrush.com/bot.html)"
130.255.162.159 - - [20/Sep/2021:17:47:51 +0200] "GET /pencil-case-turning-into-pencil-pot-dog-p-49227.html HTTP/1.0" 301 70644 "-" "Mozilla/5.0 (Macintosh; Intel Mac OS X 11.1; rv:84.0) Gecko/20100101 Firefox/84.0"
130.255.162.159 - - [20/Sep/2021:17:47:51 +0200] "GET /pencil-case-turning-into-pencil-p-49227.html HTTP/1.0" 200 70546 "-" "Mozilla/5.0 (Macintosh; Intel Mac OS X 11.1; rv:84.0) Gecko/20100101 Firefox/84.0"
130.255.162.159 - - [20/Sep/2021:17:48:02 +0200] "GET /pencil-case-turning-into-pencil-pot-bear-p-49226.html HTTP/1.0" 301 74434 "-" "Mozilla/5.0 (Macintosh; Intel Mac OS X 11.1; rv:84.0) Gecko/20100101 Firefox/84.0"
130.255.162.159 - - [20/Sep/2021:17:48:03 +0200] "GET /pencil-case-turning-into-pencil-bear-p-49226.html HTTP/1.0" 200 74331 "-" "Mozilla/5.0 (Macintosh; Intel Mac OS X 11.1; rv:84.0) Gecko/20100101 Firefox/84.0"
54.36.148.121 - - [20/Sep/2021:17:48:04 +0200] "GET /jasmin-racing-scarf-p-35979.html HTTP/1.0" 200 73054 "-" "Mozilla/5.0 (compatible; AhrefsBot/7.0; +http://ahrefs.com/robot/)"
130.255.162.159 - - [20/Sep/2021:17:48:14 +0200] "GET /pencil-case-c-31_75.html?page=8 HTTP/1.0" 200 92109 "-" "Mozilla/5.0 (Macintosh; Intel Mac OS X 11.1; rv:84.0) Gecko/20100101 Firefox/84.0"
185.191.171.38 - - [20/Sep/2021:17:48:23 +0200] "GET /calavera-blue-beauty-nail-p-29314.html?action=add_product HTTP/1.0" 302 476 "-" "Mozilla/5.0 (compatible; SemrushBot/7~bl; +http://www.semrush.com/bot.html)"
130.255.162.159 - - [20/Sep/2021:17:48:24 +0200] "GET /pencil-case-c-31_75.html?page=7 HTTP/1.0" 200 94698 "-" "Mozilla/5.0 (Macintosh; Intel Mac OS X 11.1; rv:84.0) Gecko/20100101 Firefox/84.0"
130.255.162.159 - - [20/Sep/2021:17:48:32 +0200] "GET /pencil-case-c-31_75.html?page=6 HTTP/1.0" 200 94303 "-" "Mozilla/5.0 (Macintosh; Intel Mac OS X 11.1; rv:84.0) Gecko/20100101 Firefox/84.0"
130.255.162.159 - - [20/Sep/2021:17:48:41 +0200] "GET /pencil-case-c-31_75.html?page=5 HTTP/1.0" 200 94367 "-" "Mozilla/5.0 (Macintosh; Intel Mac OS X 11.1; rv:84.0) Gecko/20100101 Firefox/84.0"
130.255.162.159 - - [20/Sep/2021:17:48:51 +0200] "GET /pencil-case-c-31_75.html?page=4 HTTP/1.0" 200 94882 "-" "Mozilla/5.0 (Macintosh; Intel Mac OS X 11.1; rv:84.0) Gecko/20100101 Firefox/84.0"
114.119.128.56 - - [20/Sep/2021:17:48:55 +0200] "GET /rectangular-carved-box-symbol-om-p-47383.html HTTP/1.0" 301 70620 "-" "Mozilla/5.0 (Linux; Android 7.0;) AppleWebKit/537.36 (KHTML, like Gecko) Mobile Safari/537.36 (compatible; PetalBot;+https://webmaster.petalsearch.com/site/petalbot)"
114.119.128.56 - - [20/Sep/2021:17:48:55 +0200] "GET /rectangular-carved-symbol-p-47383.html HTTP/1.0" 200 70528 "-" "Mozilla/5.0 (Linux; Android 7.0;) AppleWebKit/537.36 (KHTML, like Gecko) Mobile Safari/537.36 (compatible; PetalBot;+https://webmaster.petalsearch.com/site/petalbot)"
130.255.162.159 - - [20/Sep/2021:17:49:01 +0200] "GET /pencil-case-c-31_75.html?page=3 HTTP/1.0" 200 94380 "-" "Mozilla/5.0 (Macintosh; Intel Mac OS X 11.1; rv:84.0) Gecko/20100101 Firefox/84.0"
130.255.162.159 - - [20/Sep/2021:17:49:10 +0200] "GET /pencil-case-c-31_75.html?page=2 HTTP/1.0" 200 95005 "-" "Mozilla/5.0 (Macintosh; Intel Mac OS X 11.1; rv:84.0) Gecko/20100101 Firefox/84.0"
130.255.162.159 - - [20/Sep/2021:17:49:19 +0200] "GET /pencil-case-c-31_75.html HTTP/1.0" 200 94440 "-" "Mozilla/5.0 (Macintosh; Intel Mac OS X 11.1; rv:84.0) Gecko/20100101 Firefox/84.0"
54.36.149.62 - - [20/Sep/2021:17:49:29 +0200] "GET /moai-statue-p-54266.html HTTP/1.0" 200 73602 "-" "Mozilla/5.0 (compatible; AhrefsBot/7.0; +http://ahrefs.com/robot/)"
130.255.162.159 - - [20/Sep/2021:17:49:30 +0200] "GET /pegasus-mini-figurine-p-45992.html HTTP/1.0" 200 74259 "-" "Mozilla/5.0 (Macintosh; Intel Mac OS X 11.1; rv:84.0) Gecko/20100101 Firefox/84.0"
185.191.171.25 - - [20/Sep/2021:17:49:36 +0200] "GET /geishas-cushion-cbkreation-p-23254.html HTTP/1.0" 200 70492 "-" "Mozilla/5.0 (compatible; SemrushBot/7~bl; +http://www.semrush.com/bot.html)"
130.255.162.159 - - [20/Sep/2021:17:49:43 +0200] "GET /peg-and-coat-hook-c-13_198.html HTTP/1.0" 301 90730 "-" "Mozilla/5.0 (Macintosh; Intel Mac OS X 11.1; rv:84.0) Gecko/20100101 Firefox/84.0"
130.255.162.159 - - [20/Sep/2021:17:49:44 +0200] "GET /coat-hook-c-198.html HTTP/1.0" 301 90607 "-" "Mozilla/5.0 (Macintosh; Intel Mac OS X 11.1; rv:84.0) Gecko/20100101 Firefox/84.0"
130.255.162.159 - - [20/Sep/2021:17:49:45 +0200] "GET /coat-hook-c-13_198.html HTTP/1.0" 200 90656 "-" "Mozilla/5.0 (Macintosh; Intel Mac OS X 11.1; rv:84.0) Gecko/20100101 Firefox/84.0"
