130.255.162.159 - - [20/Sep/2021:17:49:59 +0200] "GET /pedestal-or-stool-elephant-ethnic-wooden-p-46419.html HTTP/1.0" 301 70668 "-" "Mozilla/5.0 (Macintosh; Intel Mac OS X 11.1; rv:84.0) Gecko/20100101 Firefox/84.0"
130.255.162.159 - - [20/Sep/2021:17:50:00 +0200] "GET /pedestal-stool-elephant-ethnic-wooden-p-46419.html HTTP/1.0" 200 70564 "-" "Mozilla/5.0 (Macintosh; Intel Mac OS X 11.1; rv:84.0) Gecko/20100101 Firefox/84.0"
130.255.162.159 - - [20/Sep/2021:17:50:10 +0200] "GET /peanuts-wallet-p-3546.html HTTP/1.0" 200 73226 "-" "Mozilla/5.0 (Macintosh; Intel Mac OS X 11.1; rv:84.0) Gecko/20100101 Firefox/84.0"
130.255.162.159 - - [20/Sep/2021:17:50:20 +0200] "GET /peanuts-lucy-figure-p-11181.html HTTP/1.0" 200 73117 "-" "Mozilla/5.0 (Macintosh; Intel Mac OS X 11.1; rv:84.0) Gecko/20100101 Firefox/84.0"
130.255.162.159 - - [20/Sep/2021:17:50:30 +0200] "GET /peanuts-figure-p-11179.html HTTP/1.0" 200 73090 "-" "Mozilla/5.0 (Macintosh; Intel Mac OS X 11.1; rv:84.0) Gecko/20100101 Firefox/84.0"
185.191.171.1 - - [20/Sep/2021:17:50:34 +0200] "GET /game-thrones-p-26015.html HTTP/1.0" 200 73041 "-" "Mozilla/5.0 (compatible; SemrushBot/7~bl; +http://www.semrush.com/bot.html)"
185.191.171.24 - - [20/Sep/2021:17:50:37 +0200] "GET /white-rabbit-gorjuss-p-48410.html HTTP/1.0" 200 70472 "-" "Mozilla/5.0 (compatible; SemrushBot/7~bl; +http://www.semrush.com/bot.html)"
130.255.162.159 - - [20/Sep/2021:17:50:39 +0200] "GET /peacock-velvet-cushion-40-40-cm-p-48465.html HTTP/1.0" 301 70487 "-" "Mozilla/5.0 (Macintosh; Intel Mac OS X 11.1; rv:84.0) Gecko/20100101 Firefox/84.0"
130.255.162.159 - - [20/Sep/2021:17:50:40 +0200] "GET /-p-48465.html HTTP/1.0" 200 70420 "-" "Mozilla/5.0 (Macintosh; Intel Mac OS X 11.1; rv:84.0) Gecko/20100101 Firefox/84.0"
130.255.162.159 - - [20/Sep/2021:17:50:49 +0200] "GET /peacock-ceramic-table-center-33-cm-p-49615.html HTTP/1.0" 301 73315 "-" "Mozilla/5.0 (Macintosh; Intel Mac OS X 11.1; rv:84.0) Gecko/20100101 Firefox/84.0"
54.36.148.140 - - [20/Sep/2021:17:50:50 +0200] "GET /trays-medium-size-c-12_159_265.html?page=2 HTTP/1.0" 200 90810 "-" "Mozilla/5.0 (compatible; AhrefsBot/7.0; +http://ahrefs.com/robot/)"
130.255.162.159 - - [20/Sep/2021:17:50:50 +0200] "GET /peacock-ceramic-table-center-p-49615.html HTTP/1.0" 200 73220 "-" "Mozilla/5.0 (Macintosh; Intel Mac OS X 11.1; rv:84.0) Gecko/20100101 Firefox/84.0"
185.191.171.22 - - [20/Sep/2021:17:50:57 +0200] "GET /provencal-arabesques-carpet-130-180-cm-p-48573.html HTTP/1.0" 301 74082 "-" "Mozilla/5.0 (compatible; SemrushBot/7~bl; +http://www.semrush.com/bot.html)"
185.191.171.14 - - [20/Sep/2021:17:50:59 +0200] "GET /provencal-arabesques-carpet-p-48573.html HTTP/1.0" 200 73988 "-" "Mozilla/5.0 (compatible; SemrushBot/7~bl; +http://www.semrush.com/bot.html)"
130.255.162.159 - - [20/Sep/2021:17:51:05 +0200] "GET /peace-and-love-adult-cap-by-cbkreation-p-36538.html HTTP/1.0" 301 70487 "-" "Mozilla/5.0 (Macintosh; Intel Mac OS X 11.1; rv:84.0) Gecko/20100101 Firefox/84.0"
130.255.162.159 - - [20/Sep/2021:17:51:05 +0200] "GET /-p-36538.html HTTP/1.0" 200 70420 "-" "Mozilla/5.0 (Macintosh; Intel Mac OS X 11.1; rv:84.0) Gecko/20100101 Firefox/84.0"
185.191.171.2 - - [20/Sep/2021:17:51:15 +0200] "GET /merci-steel-sign-p-47049.html?action=add_product HTTP/1.0" 302 476 "-" "Mozilla/5.0 (compatible; SemrushBot/7~bl; +http://www.semrush.com/bot.html)"
130.255.162.159 - - [20/Sep/2021:17:51:16 +0200] "GET /paul-frank-striped-large-shopping-bag-p-5654.html HTTP/1.0" 301 73483 "-" "Mozilla/5.0 (Macintosh; Intel Mac OS X 11.1; rv:84.0) Gecko/20100101 Firefox/84.0"
130.255.162.159 - - [20/Sep/2021:17:51:16 +0200] "GET /paul-frank-striped-large-shopping-p-5654.html HTTP/1.0" 200 73384 "-" "Mozilla/5.0 (Macintosh; Intel Mac OS X 11.1; rv:84.0) Gecko/20100101 Firefox/84.0"
114.119.128.50 - - [20/Sep/2021:17:51:27 +0200] "GET /vespa-pink-pencil-case-p-15585.html HTTP/1.0" 200 73108 "-" "Mozilla/5.0 (Linux; Android 7.0;) AppleWebKit/537.36 (KHTML, like Gecko) Mobile Safari/537.36 (compatible; PetalBot;+https://webmaster.petalsearch.com/site/petalbot)"
130.255.162.159 - - [20/Sep/2021:17:51:28 +0200] "GET /paul-frank-black-briefcase-p-7068.html HTTP/1.0" 200 73302 "-" "Mozilla/5.0 (Macintosh; Intel Mac OS X 11.1; rv:84.0) Gecko/20100101 Firefox/84.0"
130.255.162.159 - - [20/Sep/2021:17:51:41 +0200] "GET /patinated-white-square-wooden-wall-decoration-40-40-cm-p-45943.html HTTP/1.0" 301 70781 "-" "Mozilla/5.0 (Macintosh; Intel Mac OS X 11.1; rv:84.0) Gecko/20100101 Firefox/84.0"
130.255.162.159 - - [20/Sep/2021:17:51:41 +0200] "GET /patinated-white-square-wooden-wall-decoration-p-45943.html HTTP/1.0" 200 70669 "-" "Mozilla/5.0 (Macintosh; Intel Mac OS X 11.1; rv:84.0) Gecko/20100101 Firefox/84.0"
185.191.171.16 - - [20/Sep/2021:17:51:45 +0200] "GET /little-toiletry-bag-p-43409.html HTTP/1.0" 301 73213 "-" "Mozilla/5.0 (compatible; SemrushBot/7~bl; +http://www.semrush.com/bot.html)"
185.191.171.36 - - [20/Sep/2021:17:51:48 +0200] "GET /little-toiletry-p-43409.html HTTP/1.0" 200 73131 "-" "Mozilla/5.0 (compatible; SemrushBot/7~bl; +http://www.semrush.com/bot.html)"
66.249.72.36 - - [20/Sep/2021:17:51:52 +0200] "GET /images/big_prod_1/8718657460659b.jpg HTTP/1.0" 200 271 "-" "Googlebot-Image/1.0"
130.255.162.159 - - [20/Sep/2021:17:51:55 +0200] "GET /patinated-metal-headlight-clock-p-45706.html HTTP/1.0" 301 70487 "-" "Mozilla/5.0 (Macintosh; Intel Mac OS X 11.1; rv:84.0) Gecko/20100101 Firefox/84.0"
130.255.162.159 - - [20/Sep/2021:17:51:56 +0200] "GET /-p-45706.html HTTP/1.0" 200 70420 "-" "Mozilla/5.0 (Macintosh; Intel Mac OS X 11.1; rv:84.0) Gecko/20100101 Firefox/84.0"
130.255.162.159 - - [20/Sep/2021:17:52:06 +0200] "GET /patinated-metal-boat-clock-p-45712.html HTTP/1.0" 200 73117 "-" "Mozilla/5.0 (Macintosh; Intel Mac OS X 11.1; rv:84.0) Gecko/20100101 Firefox/84.0"
54.36.148.206 - - [20/Sep/2021:17:52:13 +0200] "GET /bedclothes-gomix-p-53458.html HTTP/1.0" 200 73200 "-" "Mozilla/5.0 (compatible; AhrefsBot/7.0; +http://ahrefs.com/robot/)"
130.255.162.159 - - [20/Sep/2021:17:52:17 +0200] "GET /patina-elephant-statuette-24-cm-p-44703.html HTTP/1.0" 301 70614 "-" "Mozilla/5.0 (Macintosh; Intel Mac OS X 11.1; rv:84.0) Gecko/20100101 Firefox/84.0"
130.255.162.159 - - [20/Sep/2021:17:52:17 +0200] "GET /patina-elephant-statuette-p-44703.html HTTP/1.0" 200 70522 "-" "Mozilla/5.0 (Macintosh; Intel Mac OS X 11.1; rv:84.0) Gecko/20100101 Firefox/84.0"
130.255.162.159 - - [20/Sep/2021:17:52:27 +0200] "GET /pastis-olive-placemat-45-30-cm-p-49718.html HTTP/1.0" 301 73152 "-" "Mozilla/5.0 (Macintosh; Intel Mac OS X 11.1; rv:84.0) Gecko/20100101 Firefox/84.0"
130.255.162.159 - - [20/Sep/2021:17:52:28 +0200] "GET /pastis-olive-placemat-p-49718.html HTTP/1.0" 200 73064 "-" "Mozilla/5.0 (Macintosh; Intel Mac OS X 11.1; rv:84.0) Gecko/20100101 Firefox/84.0"
130.255.162.159 - - [20/Sep/2021:17:52:39 +0200] "GET /partys-decoration-c-12_51.html HTTP/1.0" 200 69391 "-" "Mozilla/5.0 (Macintosh; Intel Mac OS X 11.1; rv:84.0) Gecko/20100101 Firefox/84.0"
130.255.162.159 - - [20/Sep/2021:17:52:48 +0200] "GET /parma-perfume-diffuser-p-35891.html HTTP/1.0" 200 73175 "-" "Mozilla/5.0 (Macintosh; Intel Mac OS X 11.1; rv:84.0) Gecko/20100101 Firefox/84.0"
130.255.162.159 - - [20/Sep/2021:17:52:58 +0200] "GET /paris-saint-germain-backpack-p-44944.html HTTP/1.0" 301 70487 "-" "Mozilla/5.0 (Macintosh; Intel Mac OS X 11.1; rv:84.0) Gecko/20100101 Firefox/84.0"
130.255.162.159 - - [20/Sep/2021:17:52:58 +0200] "GET /-p-44944.html HTTP/1.0" 200 70420 "-" "Mozilla/5.0 (Macintosh; Intel Mac OS X 11.1; rv:84.0) Gecko/20100101 Firefox/84.0"
130.255.162.159 - - [20/Sep/2021:17:53:09 +0200] "GET /paris-round-tray-43-cm-p-44933.html HTTP/1.0" 301 73195 "-" "Mozilla/5.0 (Macintosh; Intel Mac OS X 11.1; rv:84.0) Gecko/20100101 Firefox/84.0"
130.255.162.159 - - [20/Sep/2021:17:53:10 +0200] "GET /paris-round-tray-p-44933.html HTTP/1.0" 200 73112 "-" "Mozilla/5.0 (Macintosh; Intel Mac OS X 11.1; rv:84.0) Gecko/20100101 Firefox/84.0"
130.255.162.159 - - [20/Sep/2021:17:53:21 +0200] "GET /paris-money-box-p-49153.html HTTP/1.0" 301 73055 "-" "Mozilla/5.0 (Macintosh; Intel Mac OS X 11.1; rv:84.0) Gecko/20100101 Firefox/84.0"
130.255.162.159 - - [20/Sep/2021:17:53:22 +0200] "GET /paris-money-p-49153.html HTTP/1.0" 200 72977 "-" "Mozilla/5.0 (Macintosh; Intel Mac OS X 11.1; rv:84.0) Gecko/20100101 Firefox/84.0"
54.36.148.200 - - [20/Sep/2021:17:53:30 +0200] "GET /klimt-coffee-tumbler-spoon-p-51381.html HTTP/1.0" 200 73784 "-" "Mozilla/5.0 (compatible; AhrefsBot/7.0; +http://ahrefs.com/robot/)"
130.255.162.159 - - [20/Sep/2021:17:53:32 +0200] "GET /paris-little-tray-p-49207.html HTTP/1.0" 200 73090 "-" "Mozilla/5.0 (Macintosh; Intel Mac OS X 11.1; rv:84.0) Gecko/20100101 Firefox/84.0"
130.255.162.159 - - [20/Sep/2021:17:53:42 +0200] "GET /paris-glass-clock-p-29214.html HTTP/1.0" 301 70487 "-" "Mozilla/5.0 (Macintosh; Intel Mac OS X 11.1; rv:84.0) Gecko/20100101 Firefox/84.0"
130.255.162.159 - - [20/Sep/2021:17:53:42 +0200] "GET /-p-29214.html HTTP/1.0" 200 70420 "-" "Mozilla/5.0 (Macintosh; Intel Mac OS X 11.1; rv:84.0) Gecko/20100101 Firefox/84.0"
130.255.162.159 - - [20/Sep/2021:17:53:52 +0200] "GET /paris-cv-shooter-p-30710.html HTTP/1.0" 301 73071 "-" "Mozilla/5.0 (Macintosh; Intel Mac OS X 11.1; rv:84.0) Gecko/20100101 Firefox/84.0"
130.255.162.159 - - [20/Sep/2021:17:53:53 +0200] "GET /paris-shooter-p-30710.html HTTP/1.0" 200 72991 "-" "Mozilla/5.0 (Macintosh; Intel Mac OS X 11.1; rv:84.0) Gecko/20100101 Firefox/84.0"
114.119.128.40 - - [20/Sep/2021:17:53:59 +0200] "GET /mickey-and-minnie-wedding-figurine-disney-traditions-p-47685.html HTTP/1.0" 301 74523 "-" "Mozilla/5.0 (Linux; Android 7.0;) AppleWebKit/537.36 (KHTML, like Gecko) Mobile Safari/537.36 (compatible; PetalBot;+https://webmaster.petalsearch.com/site/petalbot)"
114.119.128.40 - - [20/Sep/2021:17:54:00 +0200] "GET /mickey-minnie-wedding-figurine-disney-traditions-p-47685.html HTTP/1.0" 200 74408 "-" "Mozilla/5.0 (Linux; Android 7.0;) AppleWebKit/537.36 (KHTML, like Gecko) Mobile Safari/537.36 (compatible; PetalBot;+https://webmaster.petalsearch.com/site/petalbot)"
130.255.162.159 - - [20/Sep/2021:17:54:04 +0200] "GET /paris-cotton-adult-black-and-gold-apron-p-45549.html HTTP/1.0" 301 73258 "-" "Mozilla/5.0 (Macintosh; Intel Mac OS X 11.1; rv:84.0) Gecko/20100101 Firefox/84.0"
130.255.162.159 - - [20/Sep/2021:17:54:05 +0200] "GET /paris-cotton-adult-black-gold-apron-p-45549.html HTTP/1.0" 200 73156 "-" "Mozilla/5.0 (Macintosh; Intel Mac OS X 11.1; rv:84.0) Gecko/20100101 Firefox/84.0"
185.191.171.41 - - [20/Sep/2021:17:54:11 +0200] "GET /home-and-decoration-c-13.html?page=32 HTTP/1.0" 301 92470 "-" "Mozilla/5.0 (compatible; SemrushBot/7~bl; +http://www.semrush.com/bot.html)"
185.191.171.1 - - [20/Sep/2021:17:54:13 +0200] "GET /home-decoration-c-13.html?page=32 HTTP/1.0" 200 92383 "-" "Mozilla/5.0 (compatible; SemrushBot/7~bl; +http://www.semrush.com/bot.html)"
130.255.162.159 - - [20/Sep/2021:17:54:16 +0200] "GET /paris-adore-mug-p-44940.html HTTP/1.0" 301 73086 "-" "Mozilla/5.0 (Macintosh; Intel Mac OS X 11.1; rv:84.0) Gecko/20100101 Firefox/84.0"
130.255.162.159 - - [20/Sep/2021:17:54:17 +0200] "GET /paris-adore-p-44940.html HTTP/1.0" 200 73008 "-" "Mozilla/5.0 (Macintosh; Intel Mac OS X 11.1; rv:84.0) Gecko/20100101 Firefox/84.0"
130.255.162.159 - - [20/Sep/2021:17:54:27 +0200] "GET /paris-adore-mini-mug-p-44935.html HTTP/1.0" 301 73114 "-" "Mozilla/5.0 (Macintosh; Intel Mac OS X 11.1; rv:84.0) Gecko/20100101 Firefox/84.0"
130.255.162.159 - - [20/Sep/2021:17:54:28 +0200] "GET /paris-adore-mini-p-44935.html HTTP/1.0" 200 73031 "-" "Mozilla/5.0 (Macintosh; Intel Mac OS X 11.1; rv:84.0) Gecko/20100101 Firefox/84.0"
130.255.162.159 - - [20/Sep/2021:17:54:40 +0200] "GET /paris-adore-cotton-adult-apron-p-45251.html HTTP/1.0" 200 73071 "-" "Mozilla/5.0 (Macintosh; Intel Mac OS X 11.1; rv:84.0) Gecko/20100101 Firefox/84.0"
185.191.171.18 - - [20/Sep/2021:17:54:45 +0200] "GET /schoolbag-caramel-and-cie-les-dinos-p-48778.html HTTP/1.0" 301 70596 "-" "Mozilla/5.0 (compatible; SemrushBot/7~bl; +http://www.semrush.com/bot.html)"
185.191.171.34 - - [20/Sep/2021:17:54:47 +0200] "GET /schoolbag-caramel-dinos-p-48778.html HTTP/1.0" 200 70506 "-" "Mozilla/5.0 (compatible; SemrushBot/7~bl; +http://www.semrush.com/bot.html)"
130.255.162.159 - - [20/Sep/2021:17:54:49 +0200] "GET /paperweight-jellyfish-10-cm-p-49434.html HTTP/1.0" 301 70594 "-" "Mozilla/5.0 (Macintosh; Intel Mac OS X 11.1; rv:84.0) Gecko/20100101 Firefox/84.0"
130.255.162.159 - - [20/Sep/2021:17:54:50 +0200] "GET /paperweight-jellyfish-p-49434.html HTTP/1.0" 200 70506 "-" "Mozilla/5.0 (Macintosh; Intel Mac OS X 11.1; rv:84.0) Gecko/20100101 Firefox/84.0"
54.36.148.189 - - [20/Sep/2021:17:54:51 +0200] "GET /pencil-cbkreation-p-43447.html HTTP/1.0" 200 70464 "-" "Mozilla/5.0 (compatible; AhrefsBot/7.0; +http://ahrefs.com/robot/)"
130.255.162.159 - - [20/Sep/2021:17:55:00 +0200] "GET /paperweight-c-129_188.html HTTP/1.0" 200 90710 "-" "Mozilla/5.0 (Macintosh; Intel Mac OS X 11.1; rv:84.0) Gecko/20100101 Firefox/84.0"
185.191.171.17 - - [20/Sep/2021:17:55:02 +0200] "GET /palace-duvet-cover-cotton-threads-p-45350.html?action=add_product HTTP/1.0" 302 476 "-" "Mozilla/5.0 (compatible; SemrushBot/7~bl; +http://www.semrush.com/bot.html)"
130.255.162.159 - - [20/Sep/2021:17:55:09 +0200] "GET /paperweight-birth-of-venus-by-botticelli-p-46903.html HTTP/1.0" 301 74596 "-" "Mozilla/5.0 (Macintosh; Intel Mac OS X 11.1; rv:84.0) Gecko/20100101 Firefox/84.0"
130.255.162.159 - - [20/Sep/2021:17:55:10 +0200] "GET /paperweight-birth-venus-botticelli-p-46903.html HTTP/1.0" 200 74495 "-" "Mozilla/5.0 (Macintosh; Intel Mac OS X 11.1; rv:84.0) Gecko/20100101 Firefox/84.0"
207.46.13.85 - - [20/Sep/2021:17:55:17 +0200] "GET /yoda-stickers-p-15396.html HTTP/1.0" 200 70462 "-" "Mozilla/5.0 (compatible; bingbot/2.0; +http://www.bing.com/bingbot.htm)"
130.255.162.159 - - [20/Sep/2021:17:55:20 +0200] "GET /paper-towel-dispenser-c-12_253.html HTTP/1.0" 200 78559 "-" "Mozilla/5.0 (Macintosh; Intel Mac OS X 11.1; rv:84.0) Gecko/20100101 Firefox/84.0"
130.255.162.159 - - [20/Sep/2021:17:55:29 +0200] "GET /pants-capri-pants-c-1_20.html HTTP/1.0" 200 79313 "-" "Mozilla/5.0 (Macintosh; Intel Mac OS X 11.1; rv:84.0) Gecko/20100101 Firefox/84.0"
130.255.162.159 - - [20/Sep/2021:17:55:39 +0200] "GET /panda-tray-paris-p-45561.html HTTP/1.0" 200 73076 "-" "Mozilla/5.0 (Macintosh; Intel Mac OS X 11.1; rv:84.0) Gecko/20100101 Firefox/84.0"
185.191.171.16 - - [20/Sep/2021:17:55:46 +0200] "GET /strawberry-kitchen-towel-p-47132.html HTTP/1.0" 200 73054 "-" "Mozilla/5.0 (compatible; SemrushBot/7~bl; +http://www.semrush.com/bot.html)"
130.255.162.159 - - [20/Sep/2021:17:55:48 +0200] "GET /panda-little-cover-p-44017.html HTTP/1.0" 301 70487 "-" "Mozilla/5.0 (Macintosh; Intel Mac OS X 11.1; rv:84.0) Gecko/20100101 Firefox/84.0"
130.255.162.159 - - [20/Sep/2021:17:55:48 +0200] "GET /-p-44017.html HTTP/1.0" 200 70420 "-" "Mozilla/5.0 (Macintosh; Intel Mac OS X 11.1; rv:84.0) Gecko/20100101 Firefox/84.0"
130.255.162.159 - - [20/Sep/2021:17:55:59 +0200] "GET /panda-in-paris-mug-p-45625.html HTTP/1.0" 301 73081 "-" "Mozilla/5.0 (Macintosh; Intel Mac OS X 11.1; rv:84.0) Gecko/20100101 Firefox/84.0"
130.255.162.159 - - [20/Sep/2021:17:56:00 +0200] "GET /panda-paris-p-45625.html HTTP/1.0" 200 73003 "-" "Mozilla/5.0 (Macintosh; Intel Mac OS X 11.1; rv:84.0) Gecko/20100101 Firefox/84.0"
130.255.162.159 - - [20/Sep/2021:17:56:11 +0200] "GET /panda-hot-water-bottle-p-48677.html HTTP/1.0" 301 73742 "-" "Mozilla/5.0 (Macintosh; Intel Mac OS X 11.1; rv:84.0) Gecko/20100101 Firefox/84.0"
130.255.162.159 - - [20/Sep/2021:17:56:11 +0200] "GET /panda-water-bottle-p-48677.html HTTP/1.0" 200 73657 "-" "Mozilla/5.0 (Macintosh; Intel Mac OS X 11.1; rv:84.0) Gecko/20100101 Firefox/84.0"
54.36.148.92 - - [20/Sep/2021:17:56:14 +0200] "GET /betty-boop-pencil-case-p-33583.html HTTP/1.0" 200 73066 "-" "Mozilla/5.0 (compatible; AhrefsBot/7.0; +http://ahrefs.com/robot/)"
130.255.162.159 - - [20/Sep/2021:17:56:22 +0200] "GET /panda-head-clock-30-cm-p-49251.html HTTP/1.0" 301 73143 "-" "Mozilla/5.0 (Macintosh; Intel Mac OS X 11.1; rv:84.0) Gecko/20100101 Firefox/84.0"
130.255.162.159 - - [20/Sep/2021:17:56:23 +0200] "GET /panda-head-clock-p-49251.html HTTP/1.0" 200 73060 "-" "Mozilla/5.0 (Macintosh; Intel Mac OS X 11.1; rv:84.0) Gecko/20100101 Firefox/84.0"
114.119.128.55 - - [20/Sep/2021:17:56:32 +0200] "GET /happy-therapie-adult-apron-p-45520.html HTTP/1.0" 301 73183 "-" "Mozilla/5.0 (Linux; Android 7.0;) AppleWebKit/537.36 (KHTML, like Gecko) Mobile Safari/537.36 (compatible; PetalBot;+https://webmaster.petalsearch.com/site/petalbot)"
114.119.128.55 - - [20/Sep/2021:17:56:33 +0200] "GET /happy-thrapie-adult-apron-p-45520.html HTTP/1.0" 200 73091 "-" "Mozilla/5.0 (Linux; Android 7.0;) AppleWebKit/537.36 (KHTML, like Gecko) Mobile Safari/537.36 (compatible; PetalBot;+https://webmaster.petalsearch.com/site/petalbot)"
130.255.162.159 - - [20/Sep/2021:17:56:34 +0200] "GET /palace-duvet-cover-in-cotton-63-threads-240-220-cm-p-45350.html HTTP/1.0" 301 73452 "-" "Mozilla/5.0 (Macintosh; Intel Mac OS X 11.1; rv:84.0) Gecko/20100101 Firefox/84.0"
130.255.162.159 - - [20/Sep/2021:17:56:35 +0200] "GET /palace-duvet-cover-cotton-threads-p-45350.html HTTP/1.0" 200 73352 "-" "Mozilla/5.0 (Macintosh; Intel Mac OS X 11.1; rv:84.0) Gecko/20100101 Firefox/84.0"
66.249.72.40 - - [20/Sep/2021:17:56:36 +0200] "GET /marguerite-table-lamp-p-56070.html HTTP/1.0" 200 73748 "-" "Mozilla/5.0 (compatible; Googlebot/2.1; +http://www.google.com/bot.html)"
130.255.162.159 - - [20/Sep/2021:17:56:48 +0200] "GET /owls-table-set-p-45289.html HTTP/1.0" 301 70550 "-" "Mozilla/5.0 (Macintosh; Intel Mac OS X 11.1; rv:84.0) Gecko/20100101 Firefox/84.0"
130.255.162.159 - - [20/Sep/2021:17:56:48 +0200] "GET /owls-table-p-45289.html HTTP/1.0" 200 70473 "-" "Mozilla/5.0 (Macintosh; Intel Mac OS X 11.1; rv:84.0) Gecko/20100101 Firefox/84.0"
130.255.162.159 - - [20/Sep/2021:17:56:58 +0200] "GET /owls-on-tree-white-wooden-box-355-cm-p-46107.html HTTP/1.0" 301 70617 "-" "Mozilla/5.0 (Macintosh; Intel Mac OS X 11.1; rv:84.0) Gecko/20100101 Firefox/84.0"
130.255.162.159 - - [20/Sep/2021:17:56:58 +0200] "GET /owls-tree-white-wooden-p-46107.html HTTP/1.0" 200 70528 "-" "Mozilla/5.0 (Macintosh; Intel Mac OS X 11.1; rv:84.0) Gecko/20100101 Firefox/84.0"
40.77.167.24 - - [20/Sep/2021:17:57:03 +0200] "GET /happy-colors-kitchen-scale-p-24656.html HTTP/1.0" 200 73310 "-" "Mozilla/5.0 (compatible; bingbot/2.0; +http://www.bing.com/bingbot.htm)"
130.255.162.159 - - [20/Sep/2021:17:57:09 +0200] "GET /owl-porcelain-coffee-table-p-49329.html HTTP/1.0" 301 70595 "-" "Mozilla/5.0 (Macintosh; Intel Mac OS X 11.1; rv:84.0) Gecko/20100101 Firefox/84.0"
130.255.162.159 - - [20/Sep/2021:17:57:10 +0200] "GET /porcelain-coffee-table-p-49329.html HTTP/1.0" 200 70506 "-" "Mozilla/5.0 (Macintosh; Intel Mac OS X 11.1; rv:84.0) Gecko/20100101 Firefox/84.0"
130.255.162.159 - - [20/Sep/2021:17:57:20 +0200] "GET /owl-palette-knife-p-41592.html HTTP/1.0" 301 73042 "-" "Mozilla/5.0 (Macintosh; Intel Mac OS X 11.1; rv:84.0) Gecko/20100101 Firefox/84.0"
130.255.162.159 - - [20/Sep/2021:17:57:21 +0200] "GET /palette-knife-p-41592.html HTTP/1.0" 200 72962 "-" "Mozilla/5.0 (Macintosh; Intel Mac OS X 11.1; rv:84.0) Gecko/20100101 Firefox/84.0"
130.255.162.159 - - [20/Sep/2021:17:57:31 +0200] "GET /owl-melamine-tray-36-cm-p-45128.html HTTP/1.0" 301 73128 "-" "Mozilla/5.0 (Macintosh; Intel Mac OS X 11.1; rv:84.0) Gecko/20100101 Firefox/84.0"
130.255.162.159 - - [20/Sep/2021:17:57:32 +0200] "GET /melamine-dish-cake-p-45128.html HTTP/1.0" 200 73043 "-" "Mozilla/5.0 (Macintosh; Intel Mac OS X 11.1; rv:84.0) Gecko/20100101 Firefox/84.0"
51.68.224.127 - - [20/Sep/2021:17:57:36 +0200] "GET /adminweb/export_orders_xml.php?token=256de2z6edz6ed2z6DFSFsed2zed6zeDSFDSGdzedezfzf&maxorders=10&orderstart=1&status=14&start_date=2018-10-01 HTTP/1.0" 200 285 "-" "GesCom CharlotteBoutik Serveur"
51.68.224.127 - - [20/Sep/2021:17:57:36 +0200] "GET /adminweb/export_orders_xml.php?token=256de2z6edz6ed2z6DFSFsed2zed6zeDSFDSGdzedezfzf&maxorders=10&orderstart=1&status=6&start_date=2018-10-01 HTTP/1.0" 200 32290 "-" "GesCom CharlotteBoutik Serveur"
54.36.149.102 - - [20/Sep/2021:17:57:39 +0200] "GET /daisy-duck-hair-ornements-p-19277.html HTTP/1.0" 200 75668 "-" "Mozilla/5.0 (compatible; AhrefsBot/7.0; +http://ahrefs.com/robot/)"
130.255.162.159 - - [20/Sep/2021:17:57:42 +0200] "GET /owl-hanging-metal-structure-32-44-cm-p-49426.html HTTP/1.0" 301 70622 "-" "Mozilla/5.0 (Macintosh; Intel Mac OS X 11.1; rv:84.0) Gecko/20100101 Firefox/84.0"
130.255.162.159 - - [20/Sep/2021:17:57:43 +0200] "GET /hanging-metal-structure-p-49426.html HTTP/1.0" 200 70532 "-" "Mozilla/5.0 (Macintosh; Intel Mac OS X 11.1; rv:84.0) Gecko/20100101 Firefox/84.0"
185.191.171.4 - - [20/Sep/2021:17:57:43 +0200] "GET /cbkration-toiletry-p-40655.html?action=add_product HTTP/1.0" 302 476 "-" "Mozilla/5.0 (compatible; SemrushBot/7~bl; +http://www.semrush.com/bot.html)"
130.255.162.159 - - [20/Sep/2021:17:57:52 +0200] "GET /oval-lamp-in-multicolored-glass-p-49595.html HTTP/1.0" 301 70487 "-" "Mozilla/5.0 (Macintosh; Intel Mac OS X 11.1; rv:84.0) Gecko/20100101 Firefox/84.0"
130.255.162.159 - - [20/Sep/2021:17:57:53 +0200] "GET /-p-49595.html HTTP/1.0" 200 70420 "-" "Mozilla/5.0 (Macintosh; Intel Mac OS X 11.1; rv:84.0) Gecko/20100101 Firefox/84.0"
185.191.171.1 - - [20/Sep/2021:17:57:54 +0200] "GET /postcard-with-envelope-anniversary-60-years-p-48848.html HTTP/1.0" 301 73378 "-" "Mozilla/5.0 (compatible; SemrushBot/7~bl; +http://www.semrush.com/bot.html)"
185.191.171.33 - - [20/Sep/2021:17:57:56 +0200] "GET /postcard-with-envelope-anniversary-years-p-48848.html HTTP/1.0" 200 73271 "-" "Mozilla/5.0 (compatible; SemrushBot/7~bl; +http://www.semrush.com/bot.html)"
130.255.162.159 - - [20/Sep/2021:17:58:03 +0200] "GET /ours-tray-in-melamine-p-45555.html HTTP/1.0" 301 73229 "-" "Mozilla/5.0 (Macintosh; Intel Mac OS X 11.1; rv:84.0) Gecko/20100101 Firefox/84.0"
130.255.162.159 - - [20/Sep/2021:17:58:04 +0200] "GET /ours-tray-melamine-p-45555.html HTTP/1.0" 200 73144 "-" "Mozilla/5.0 (Macintosh; Intel Mac OS X 11.1; rv:84.0) Gecko/20100101 Firefox/84.0"
130.255.162.159 - - [20/Sep/2021:17:58:15 +0200] "GET /ottomans-and-storage-ottomans-c-13_209.html HTTP/1.0" 301 90773 "-" "Mozilla/5.0 (Macintosh; Intel Mac OS X 11.1; rv:84.0) Gecko/20100101 Firefox/84.0"
130.255.162.159 - - [20/Sep/2021:17:58:15 +0200] "GET /ottomans-storage-ottomans-c-209.html HTTP/1.0" 301 90650 "-" "Mozilla/5.0 (Macintosh; Intel Mac OS X 11.1; rv:84.0) Gecko/20100101 Firefox/84.0"
130.255.162.159 - - [20/Sep/2021:17:58:15 +0200] "GET /ottomans-storage-ottomans-c-13_209.html HTTP/1.0" 200 90683 "-" "Mozilla/5.0 (Macintosh; Intel Mac OS X 11.1; rv:84.0) Gecko/20100101 Firefox/84.0"
130.255.162.159 - - [20/Sep/2021:17:58:30 +0200] "GET /orange-kitchen-towel-50-70-cm-p-44418.html HTTP/1.0" 301 73164 "-" "Mozilla/5.0 (Macintosh; Intel Mac OS X 11.1; rv:84.0) Gecko/20100101 Firefox/84.0"
130.255.162.159 - - [20/Sep/2021:17:58:31 +0200] "GET /orange-kitchen-towel-p-44418.html HTTP/1.0" 200 73077 "-" "Mozilla/5.0 (Macintosh; Intel Mac OS X 11.1; rv:84.0) Gecko/20100101 Firefox/84.0"
130.255.162.159 - - [20/Sep/2021:17:58:42 +0200] "GET /olivier-soap-box-soap-10-65-28-cm-p-40112.html HTTP/1.0" 301 73451 "-" "Mozilla/5.0 (Macintosh; Intel Mac OS X 11.1; rv:84.0) Gecko/20100101 Firefox/84.0"
130.255.162.159 - - [20/Sep/2021:17:58:42 +0200] "GET /olivier-soap-soap-p-40112.html HTTP/1.0" 200 73367 "-" "Mozilla/5.0 (Macintosh; Intel Mac OS X 11.1; rv:84.0) Gecko/20100101 Firefox/84.0"
130.255.162.159 - - [20/Sep/2021:17:58:52 +0200] "GET /old-red-radio-moneybox-p-41305.html HTTP/1.0" 301 70563 "-" "Mozilla/5.0 (Macintosh; Intel Mac OS X 11.1; rv:84.0) Gecko/20100101 Firefox/84.0"
130.255.162.159 - - [20/Sep/2021:17:58:53 +0200] "GET /radio-moneybox-p-41305.html HTTP/1.0" 200 70482 "-" "Mozilla/5.0 (Macintosh; Intel Mac OS X 11.1; rv:84.0) Gecko/20100101 Firefox/84.0"
54.36.148.81 - - [20/Sep/2021:17:59:03 +0200] "GET /postcard-with-envelope-elephant-p-48857.html HTTP/1.0" 200 73235 "-" "Mozilla/5.0 (compatible; AhrefsBot/7.0; +http://ahrefs.com/robot/)"
130.255.162.159 - - [20/Sep/2021:17:59:03 +0200] "GET /old-black-radio-moneybox-p-41306.html HTTP/1.0" 301 70487 "-" "Mozilla/5.0 (Macintosh; Intel Mac OS X 11.1; rv:84.0) Gecko/20100101 Firefox/84.0"
130.255.162.159 - - [20/Sep/2021:17:59:04 +0200] "GET /-p-41306.html HTTP/1.0" 200 70420 "-" "Mozilla/5.0 (Macintosh; Intel Mac OS X 11.1; rv:84.0) Gecko/20100101 Firefox/84.0"
114.119.128.40 - - [20/Sep/2021:17:59:04 +0200] "GET /mditation-black-purple-p-53674.html HTTP/1.0" 200 74576 "-" "Mozilla/5.0 (Linux; Android 7.0;) AppleWebKit/537.36 (KHTML, like Gecko) Mobile Safari/537.36 (compatible; PetalBot;+https://webmaster.petalsearch.com/site/petalbot)"
130.255.162.159 - - [20/Sep/2021:17:59:15 +0200] "GET /olaf-little-backpack-p-30378.html HTTP/1.0" 200 73368 "-" "Mozilla/5.0 (Macintosh; Intel Mac OS X 11.1; rv:84.0) Gecko/20100101 Firefox/84.0"
130.255.162.159 - - [20/Sep/2021:17:59:24 +0200] "GET /olaf-fruit-juice-glasses-p-31751.html HTTP/1.0" 200 70531 "-" "Mozilla/5.0 (Macintosh; Intel Mac OS X 11.1; rv:84.0) Gecko/20100101 Firefox/84.0"
130.255.162.159 - - [20/Sep/2021:17:59:33 +0200] "GET /oiler-and-vinegar-in-metal-basket-p-45617.html HTTP/1.0" 301 73291 "-" "Mozilla/5.0 (Macintosh; Intel Mac OS X 11.1; rv:84.0) Gecko/20100101 Firefox/84.0"
130.255.162.159 - - [20/Sep/2021:17:59:34 +0200] "GET /oiler-vinegar-metal-basket-p-45617.html HTTP/1.0" 200 73198 "-" "Mozilla/5.0 (Macintosh; Intel Mac OS X 11.1; rv:84.0) Gecko/20100101 Firefox/84.0"
185.191.171.42 - - [20/Sep/2021:17:59:44 +0200] "GET /velvet-purse-black-white-p-49964.html HTTP/1.0" 200 73718 "-" "Mozilla/5.0 (compatible; SemrushBot/7~bl; +http://www.semrush.com/bot.html)"
130.255.162.159 - - [20/Sep/2021:17:59:44 +0200] "GET /office-items-c-97_100.html HTTP/1.0" 200 90480 "-" "Mozilla/5.0 (Macintosh; Intel Mac OS X 11.1; rv:84.0) Gecko/20100101 Firefox/84.0"
185.191.171.43 - - [20/Sep/2021:17:59:49 +0200] "GET /frida-khalo-saucer-p-50160.html HTTP/1.0" 200 73080 "-" "Mozilla/5.0 (compatible; SemrushBot/7~bl; +http://www.semrush.com/bot.html)"
130.255.162.159 - - [20/Sep/2021:17:59:57 +0200] "GET /ny-statue-of-liberty-pot-cookware-cbkreation-p-23969.html HTTP/1.0" 301 73287 "-" "Mozilla/5.0 (Macintosh; Intel Mac OS X 11.1; rv:84.0) Gecko/20100101 Firefox/84.0"
130.255.162.159 - - [20/Sep/2021:17:59:57 +0200] "GET /statue-liberty-cookware-cbkreation-p-23969.html HTTP/1.0" 200 73186 "-" "Mozilla/5.0 (Macintosh; Intel Mac OS X 11.1; rv:84.0) Gecko/20100101 Firefox/84.0"
130.255.162.159 - - [20/Sep/2021:18:00:09 +0200] "GET /nutcracker-musical-waterball-p-45571.html HTTP/1.0" 301 70487 "-" "Mozilla/5.0 (Macintosh; Intel Mac OS X 11.1; rv:84.0) Gecko/20100101 Firefox/84.0"
130.255.162.159 - - [20/Sep/2021:18:00:10 +0200] "GET /-p-45571.html HTTP/1.0" 200 70420 "-" "Mozilla/5.0 (Macintosh; Intel Mac OS X 11.1; rv:84.0) Gecko/20100101 Firefox/84.0"
130.255.162.159 - - [20/Sep/2021:18:00:23 +0200] "GET /notebook-notebook-diary-c-129_185.html HTTP/1.0" 200 91878 "-" "Mozilla/5.0 (Macintosh; Intel Mac OS X 11.1; rv:84.0) Gecko/20100101 Firefox/84.0"
54.36.148.145 - - [20/Sep/2021:18:00:30 +0200] "GET /betty-boop-mobile-sock-p-32844.html HTTP/1.0" 200 73246 "-" "Mozilla/5.0 (compatible; AhrefsBot/7.0; +http://ahrefs.com/robot/)"
130.255.162.159 - - [20/Sep/2021:18:00:34 +0200] "GET /nomadic-brazier-p-48109.html HTTP/1.0" 200 70486 "-" "Mozilla/5.0 (Macintosh; Intel Mac OS X 11.1; rv:84.0) Gecko/20100101 Firefox/84.0"
130.255.162.159 - - [20/Sep/2021:18:00:44 +0200] "GET /noddy-red-swimsuit-p-30585.html HTTP/1.0" 301 74231 "-" "Mozilla/5.0 (Macintosh; Intel Mac OS X 11.1; rv:84.0) Gecko/20100101 Firefox/84.0"
130.255.162.159 - - [20/Sep/2021:18:00:46 +0200] "GET /noddy-swimsuit-p-30585.html HTTP/1.0" 200 74150 "-" "Mozilla/5.0 (Macintosh; Intel Mac OS X 11.1; rv:84.0) Gecko/20100101 Firefox/84.0"
54.36.148.193 - - [20/Sep/2021:18:00:48 +0200] "GET /home-and-decoration-c-13.html?page=242 HTTP/1.0" 301 93602 "-" "Mozilla/5.0 (compatible; AhrefsBot/7.0; +http://ahrefs.com/robot/)"
130.255.162.159 - - [20/Sep/2021:18:00:59 +0200] "GET /noddy-pairs-of-socks-size-19-22-p-25612.html HTTP/1.0" 301 70487 "-" "Mozilla/5.0 (Macintosh; Intel Mac OS X 11.1; rv:84.0) Gecko/20100101 Firefox/84.0"
130.255.162.159 - - [20/Sep/2021:18:01:00 +0200] "GET /-p-25612.html HTTP/1.0" 200 70420 "-" "Mozilla/5.0 (Macintosh; Intel Mac OS X 11.1; rv:84.0) Gecko/20100101 Firefox/84.0"
130.255.162.159 - - [20/Sep/2021:18:01:11 +0200] "GET /noddy-pairs-of-socks-size-19-22-p-25611.html HTTP/1.0" 301 70487 "-" "Mozilla/5.0 (Macintosh; Intel Mac OS X 11.1; rv:84.0) Gecko/20100101 Firefox/84.0"
130.255.162.159 - - [20/Sep/2021:18:01:13 +0200] "GET /-p-25611.html HTTP/1.0" 200 70420 "-" "Mozilla/5.0 (Macintosh; Intel Mac OS X 11.1; rv:84.0) Gecko/20100101 Firefox/84.0"
216.244.66.242 - - [20/Sep/2021:18:01:21 +0200] "GET /robots.txt HTTP/1.0" 200 245 "-" "Mozilla/5.0 (compatible; DotBot/1.2; +https://opensiteexplorer.org/dotbot; help@moz.com)"
130.255.162.159 - - [20/Sep/2021:18:01:27 +0200] "GET /noddy-melamine-bowl-p-12425.html HTTP/1.0" 200 70486 "-" "Mozilla/5.0 (Macintosh; Intel Mac OS X 11.1; rv:84.0) Gecko/20100101 Firefox/84.0"
114.119.128.40 - - [20/Sep/2021:18:01:36 +0200] "GET /images/big_prod_1/8433933138359B.jpg HTTP/1.0" 200 271 "-" "Mozilla/5.0 (Linux; Android 7.0;) AppleWebKit/537.36 (KHTML, like Gecko) Mobile Safari/537.36 (compatible; PetalBot;+https://webmaster.petalsearch.com/site/petalbot)"
200.6.175.10 - - [20/Sep/2021:18:01:36 +0200] "GET /contact_us.php HTTP/1.0" 200 26241 "http://www.wonder-geek.com/contact_us.php" "Mozilla/5.0 (Windows NT 10.0; Win64; x64) AppleWebKit/537.36 (KHTML, like Gecko) Chrome/83.0.4096.0 Safari/537.36"
130.255.162.159 - - [20/Sep/2021:18:01:38 +0200] "GET /noddy-domino-p-27745.html HTTP/1.0" 200 70471 "-" "Mozilla/5.0 (Macintosh; Intel Mac OS X 11.1; rv:84.0) Gecko/20100101 Firefox/84.0"
77.88.5.71 - - [20/Sep/2021:18:01:47 +0200] "GET /tropical-white-porcelain-bowl-p-56182.html HTTP/1.0" 200 73685 "-" "Mozilla/5.0 (compatible; YandexBot/3.0; +http://yandex.com/bots)"
130.255.162.159 - - [20/Sep/2021:18:01:48 +0200] "GET /nippon-doll-cosmetic-pouch-p-26873.html HTTP/1.0" 200 73337 "-" "Mozilla/5.0 (Macintosh; Intel Mac OS X 11.1; rv:84.0) Gecko/20100101 Firefox/84.0"
200.6.175.10 - - [20/Sep/2021:18:01:49 +0200] "POST /contact_us.php?action=send HTTP/1.0" 200 26482 "http://www.wonder-geek.com/contact_us.php" "Mozilla/5.0 (Windows NT 10.0; Win64; x64) AppleWebKit/537.36 (KHTML, like Gecko) Chrome/83.0.4096.0 Safari/537.36"
54.36.148.97 - - [20/Sep/2021:18:01:58 +0200] "GET /pucca-shopping-p-12826.html HTTP/1.0" 200 73207 "-" "Mozilla/5.0 (compatible; AhrefsBot/7.0; +http://ahrefs.com/robot/)"
185.191.171.1 - - [20/Sep/2021:18:01:59 +0200] "GET /paris-germain-litre-p-33907.html?action=add_product HTTP/1.0" 302 476 "-" "Mozilla/5.0 (compatible; SemrushBot/7~bl; +http://www.semrush.com/bot.html)"
130.255.162.159 - - [20/Sep/2021:18:02:01 +0200] "GET /nintendo-black-shirt-p-30195.html HTTP/1.0" 200 74457 "-" "Mozilla/5.0 (Macintosh; Intel Mac OS X 11.1; rv:84.0) Gecko/20100101 Firefox/84.0"
185.191.171.14 - - [20/Sep/2021:18:02:02 +0200] "GET /uk-storage-stool-p-31860.html HTTP/1.0" 301 70487 "-" "Mozilla/5.0 (compatible; SemrushBot/7~bl; +http://www.semrush.com/bot.html)"
185.191.171.14 - - [20/Sep/2021:18:02:04 +0200] "GET /-p-31860.html HTTP/1.0" 200 70420 "-" "Mozilla/5.0 (compatible; SemrushBot/7~bl; +http://www.semrush.com/bot.html)"
130.255.162.159 - - [20/Sep/2021:18:02:12 +0200] "GET /nightmare-before-xmas-mayor-car-p-49394.html HTTP/1.0" 301 74481 "-" "Mozilla/5.0 (Macintosh; Intel Mac OS X 11.1; rv:84.0) Gecko/20100101 Firefox/84.0"
130.255.162.159 - - [20/Sep/2021:18:02:12 +0200] "GET /nightmare-before-xmas-mayor-p-49394.html HTTP/1.0" 200 74387 "-" "Mozilla/5.0 (Macintosh; Intel Mac OS X 11.1; rv:84.0) Gecko/20100101 Firefox/84.0"
147.92.153.6 - - [20/Sep/2021:18:02:14 +0200] "GET /placemat-little-prince-p-56247.html HTTP/1.0" 200 73067 "-" "Mozilla/5.0 (compatible; Linespider/1.1; +https://lin.ee/4dwXkTH)"
130.255.162.159 - - [20/Sep/2021:18:02:25 +0200] "GET /nightlight-shaped-ice-cream-led-p-44647.html HTTP/1.0" 301 73228 "-" "Mozilla/5.0 (Macintosh; Intel Mac OS X 11.1; rv:84.0) Gecko/20100101 Firefox/84.0"
130.255.162.159 - - [20/Sep/2021:18:02:25 +0200] "GET /nightlight-shaped-cream-p-44647.html HTTP/1.0" 200 73138 "-" "Mozilla/5.0 (Macintosh; Intel Mac OS X 11.1; rv:84.0) Gecko/20100101 Firefox/84.0"
66.249.72.40 - - [20/Sep/2021:18:02:31 +0200] "GET /images/big_prod/3520071824659.jpg HTTP/1.0" 200 268 "-" "Googlebot-Image/1.0"
130.255.162.159 - - [20/Sep/2021:18:02:37 +0200] "GET /nightlight-shaped-ice-cream-led-p-44646.html HTTP/1.0" 301 73236 "-" "Mozilla/5.0 (Macintosh; Intel Mac OS X 11.1; rv:84.0) Gecko/20100101 Firefox/84.0"
130.255.162.159 - - [20/Sep/2021:18:02:38 +0200] "GET /nightlight-shaped-cream-p-44646.html HTTP/1.0" 200 73146 "-" "Mozilla/5.0 (Macintosh; Intel Mac OS X 11.1; rv:84.0) Gecko/20100101 Firefox/84.0"
185.191.171.14 - - [20/Sep/2021:18:02:43 +0200] "GET /sonny-angel-christmas-series-2016-figurines-p-47268.html?action=add_product HTTP/1.0" 302 476 "-" "Mozilla/5.0 (compatible; SemrushBot/7~bl; +http://www.semrush.com/bot.html)"
104.42.24.253 - - [20/Sep/2021:18:02:47 +0200] "GET /images/med_prod/5060275045248.jpg HTTP/1.0" 200 268 "-" "Mozilla/5.0 (X11; Linux x86_64) AppleWebKit/537.36 (KHTML, like Gecko) Chrome/51.0.2704.103 Safari/537.36"
130.255.162.159 - - [20/Sep/2021:18:02:49 +0200] "GET /nightlight-shaped-bear-led-p-49218.html HTTP/1.0" 301 73182 "-" "Mozilla/5.0 (Macintosh; Intel Mac OS X 11.1; rv:84.0) Gecko/20100101 Firefox/84.0"
130.255.162.159 - - [20/Sep/2021:18:02:50 +0200] "GET /nightlight-shaped-bear-p-49218.html HTTP/1.0" 200 73093 "-" "Mozilla/5.0 (Macintosh; Intel Mac OS X 11.1; rv:84.0) Gecko/20100101 Firefox/84.0"
130.255.162.159 - - [20/Sep/2021:18:03:01 +0200] "GET /nightlight-shaped-angel-multicolor-led-p-42890.html HTTP/1.0" 301 70487 "-" "Mozilla/5.0 (Macintosh; Intel Mac OS X 11.1; rv:84.0) Gecko/20100101 Firefox/84.0"
130.255.162.159 - - [20/Sep/2021:18:03:02 +0200] "GET /-p-42890.html HTTP/1.0" 200 70420 "-" "Mozilla/5.0 (Macintosh; Intel Mac OS X 11.1; rv:84.0) Gecko/20100101 Firefox/84.0"
54.36.149.32 - - [20/Sep/2021:18:03:15 +0200] "GET /jimi-hendrix-lighter-p-41033.html HTTP/1.0" 200 73480 "-" "Mozilla/5.0 (compatible; AhrefsBot/7.0; +http://ahrefs.com/robot/)"
185.191.171.41 - - [20/Sep/2021:18:03:16 +0200] "GET /provence-enamelled-ring-p-43606.html?action=add_product HTTP/1.0" 302 476 "-" "Mozilla/5.0 (compatible; SemrushBot/7~bl; +http://www.semrush.com/bot.html)"
185.191.171.33 - - [20/Sep/2021:18:03:53 +0200] "GET /-c-11_269.html HTTP/1.0" 301 91318 "-" "Mozilla/5.0 (compatible; SemrushBot/7~bl; +http://www.semrush.com/bot.html)"
185.191.171.16 - - [20/Sep/2021:18:03:55 +0200] "GET /rugs-c-269.html HTTP/1.0" 200 91130 "-" "Mozilla/5.0 (compatible; SemrushBot/7~bl; +http://www.semrush.com/bot.html)"
185.191.171.39 - - [20/Sep/2021:18:04:09 +0200] "GET /chair-cushion-in-pink-cotton-p-47759.html HTTP/1.0" 301 73178 "-" "Mozilla/5.0 (compatible; SemrushBot/7~bl; +http://www.semrush.com/bot.html)"
114.119.128.55 - - [20/Sep/2021:18:04:10 +0200] "GET /metal-retro-calendar-decorated-with-bird-p-40400.html HTTP/1.0" 200 73241 "-" "Mozilla/5.0 (Linux; Android 7.0;) AppleWebKit/537.36 (KHTML, like Gecko) Mobile Safari/537.36 (compatible; PetalBot;+https://webmaster.petalsearch.com/site/petalbot)"
185.191.171.6 - - [20/Sep/2021:18:04:12 +0200] "GET /chair-cushion-pink-cotton-p-47759.html HTTP/1.0" 200 73086 "-" "Mozilla/5.0 (compatible; SemrushBot/7~bl; +http://www.semrush.com/bot.html)"
54.36.148.228 - - [20/Sep/2021:18:04:41 +0200] "GET /moroccan-ashtray-p-40650.html HTTP/1.0" 200 73027 "-" "Mozilla/5.0 (compatible; AhrefsBot/7.0; +http://ahrefs.com/robot/)"
185.191.171.21 - - [20/Sep/2021:18:05:02 +0200] "GET /frosted-glass-betty-boop-thirties-p-13084.html?action=add_product HTTP/1.0" 302 476 "-" "Mozilla/5.0 (compatible; SemrushBot/7~bl; +http://www.semrush.com/bot.html)"
185.191.171.42 - - [20/Sep/2021:18:05:25 +0200] "GET /home-and-decoration-c-13.html?page=272 HTTP/1.0" 301 92958 "-" "Mozilla/5.0 (compatible; SemrushBot/7~bl; +http://www.semrush.com/bot.html)"
185.191.171.33 - - [20/Sep/2021:18:05:27 +0200] "GET /home-decoration-c-13.html?page=272 HTTP/1.0" 200 92870 "-" "Mozilla/5.0 (compatible; SemrushBot/7~bl; +http://www.semrush.com/bot.html)"
185.191.171.36 - - [20/Sep/2021:18:05:30 +0200] "GET /tetsubin-black-cast-iron-flat-heater-p-47456.html HTTP/1.0" 301 70487 "-" "Mozilla/5.0 (compatible; SemrushBot/7~bl; +http://www.semrush.com/bot.html)"
185.191.171.34 - - [20/Sep/2021:18:05:32 +0200] "GET /-p-47456.html HTTP/1.0" 200 70420 "-" "Mozilla/5.0 (compatible; SemrushBot/7~bl; +http://www.semrush.com/bot.html)"
185.191.171.5 - - [20/Sep/2021:18:05:45 +0200] "GET /bowl-white-porcelain-chouchou-p-52620.html HTTP/1.0" 301 73280 "-" "Mozilla/5.0 (compatible; SemrushBot/7~bl; +http://www.semrush.com/bot.html)"
185.191.171.12 - - [20/Sep/2021:18:05:47 +0200] "GET /bowl-white-porcelain-chouchou-collection-p-52620.html HTTP/1.0" 200 73173 "-" "Mozilla/5.0 (compatible; SemrushBot/7~bl; +http://www.semrush.com/bot.html)"
54.36.149.2 - - [20/Sep/2021:18:06:03 +0200] "GET /darth-vader-star-wars-moneybox-p-29270.html HTTP/1.0" 200 73123 "-" "Mozilla/5.0 (compatible; AhrefsBot/7.0; +http://ahrefs.com/robot/)"
114.119.128.44 - - [20/Sep/2021:18:06:43 +0200] "GET /toucan-money-box-12-cm-black-p-47934.html HTTP/1.0" 301 73212 "-" "Mozilla/5.0 (Linux; Android 7.0;) AppleWebKit/537.36 (KHTML, like Gecko) Mobile Safari/537.36 (compatible; PetalBot;+https://webmaster.petalsearch.com/site/petalbot)"
114.119.128.44 - - [20/Sep/2021:18:06:45 +0200] "GET /toucan-money-black-p-47934.html HTTP/1.0" 200 73127 "-" "Mozilla/5.0 (Linux; Android 7.0;) AppleWebKit/537.36 (KHTML, like Gecko) Mobile Safari/537.36 (compatible; PetalBot;+https://webmaster.petalsearch.com/site/petalbot)"
54.36.148.72 - - [20/Sep/2021:18:07:26 +0200] "GET /rectangular-wooden-tray-avocado-large-p-47697.html HTTP/1.0" 200 73282 "-" "Mozilla/5.0 (compatible; AhrefsBot/7.0; +http://ahrefs.com/robot/)"
185.191.171.26 - - [20/Sep/2021:18:07:27 +0200] "GET /it-is-right-time-metal-plate-deco-p-38372.html HTTP/1.0" 301 73212 "-" "Mozilla/5.0 (compatible; SemrushBot/7~bl; +http://www.semrush.com/bot.html)"
185.191.171.12 - - [20/Sep/2021:18:07:30 +0200] "GET /right-time-metal-plate-deco-p-38372.html HTTP/1.0" 200 73118 "-" "Mozilla/5.0 (compatible; SemrushBot/7~bl; +http://www.semrush.com/bot.html)"
66.249.72.40 - - [20/Sep/2021:18:07:51 +0200] "GET /teo-jasmin-small-cabas-jasmine-tiffany-beige-p-38673.html HTTP/1.0" 301 70487 "-" "Mozilla/5.0 (compatible; Googlebot/2.1; +http://www.google.com/bot.html)"
66.249.72.38 - - [20/Sep/2021:18:07:52 +0200] "GET /-p-38673.html HTTP/1.0" 200 70420 "-" "Mozilla/5.0 (compatible; Googlebot/2.1; +http://www.google.com/bot.html)"
77.88.5.71 - - [20/Sep/2021:18:08:39 +0200] "GET /vespa-scooter-mug-p-11769.html HTTP/1.0" 301 70568 "-" "Mozilla/5.0 (compatible; YandexBot/3.0; +http://yandex.com/bots)"
93.158.161.76 - - [20/Sep/2021:18:08:40 +0200] "GET /vespa-scooter-p-11769.html HTTP/1.0" 200 70488 "-" "Mozilla/5.0 (compatible; YandexBot/3.0; +http://yandex.com/bots)"
157.55.39.150 - - [20/Sep/2021:18:08:51 +0200] "GET /decorations-c-13_89.html HTTP/1.0" 200 91391 "-" "Mozilla/5.0 (compatible; bingbot/2.0; +http://www.bing.com/bingbot.htm)"
54.36.148.185 - - [20/Sep/2021:18:08:52 +0200] "GET /collectible-figurines-decorative-c-13_135.html?page=34 HTTP/1.0" 200 96329 "-" "Mozilla/5.0 (compatible; AhrefsBot/7.0; +http://ahrefs.com/robot/)"
114.119.128.44 - - [20/Sep/2021:18:09:10 +0200] "GET /star-wars-darth-vader-stickers-p-15394.html HTTP/1.0" 200 70530 "-" "Mozilla/5.0 (Linux; Android 7.0;) AppleWebKit/537.36 (KHTML, like Gecko) Mobile Safari/537.36 (compatible; PetalBot;+https://webmaster.petalsearch.com/site/petalbot)"
40.77.167.4 - - [20/Sep/2021:18:09:23 +0200] "GET /mtal-signs-c-13_130.html HTTP/1.0" 200 94370 "-" "Mozilla/5.0 (compatible; bingbot/2.0; +http://www.bing.com/bingbot.htm)"
185.191.171.18 - - [20/Sep/2021:18:09:44 +0200] "GET /jewel-box-om-p-48485.html HTTP/1.0" 301 73771 "-" "Mozilla/5.0 (compatible; SemrushBot/7~bl; +http://www.semrush.com/bot.html)"
185.191.171.43 - - [20/Sep/2021:18:09:46 +0200] "GET /jewel-p-48485.html HTTP/1.0" 200 73699 "-" "Mozilla/5.0 (compatible; SemrushBot/7~bl; +http://www.semrush.com/bot.html)"
185.191.171.13 - - [20/Sep/2021:18:10:08 +0200] "GET /rabab-porcelain-bowl-480-ml-p-47863.html HTTP/1.0" 301 73135 "-" "Mozilla/5.0 (compatible; SemrushBot/7~bl; +http://www.semrush.com/bot.html)"
185.191.171.23 - - [20/Sep/2021:18:10:10 +0200] "GET /rabab-porcelain-bowl-p-47863.html HTTP/1.0" 200 73048 "-" "Mozilla/5.0 (compatible; SemrushBot/7~bl; +http://www.semrush.com/bot.html)"
54.36.148.70 - - [20/Sep/2021:18:10:17 +0200] "GET /collectible-figurines-decorative-c-13_135.html?page=38 HTTP/1.0" 200 96325 "-" "Mozilla/5.0 (compatible; AhrefsBot/7.0; +http://ahrefs.com/robot/)"
54.36.148.122 - - [20/Sep/2021:18:10:18 +0200] "GET /volt-pairs-of-socks-size-27-30-p-25599.html HTTP/1.0" 301 70487 "-" "Mozilla/5.0 (compatible; AhrefsBot/7.0; +http://ahrefs.com/robot/)"
40.77.167.4 - - [20/Sep/2021:18:11:12 +0200] "GET /coated-placemat-coustellet-p-51359.html HTTP/1.0" 200 70514 "-" "Mozilla/5.0 (compatible; bingbot/2.0; +http://www.bing.com/bingbot.htm)"
5.166.5.85 - - [20/Sep/2021:18:11:22 +0200] "GET /images/3700235441681.jpg HTTP/1.0" 200 259 "http://quoizeltableslamps.blogspot.com/" "Mozilla/5.0 (Windows NT 5.1; rv:52.0) Gecko/20100101 Firefox/52.0"
54.36.148.163 - - [20/Sep/2021:18:11:49 +0200] "GET /saint-anthony-prayer-candle-novena-p-44453.html HTTP/1.0" 200 73916 "-" "Mozilla/5.0 (compatible; AhrefsBot/7.0; +http://ahrefs.com/robot/)"
114.119.128.56 - - [20/Sep/2021:18:11:50 +0200] "GET /scent-heart-home-simply-p-53877.html HTTP/1.0" 200 73688 "-" "Mozilla/5.0 (Linux; Android 7.0;) AppleWebKit/537.36 (KHTML, like Gecko) Mobile Safari/537.36 (compatible; PetalBot;+https://webmaster.petalsearch.com/site/petalbot)"
185.191.171.1 - - [20/Sep/2021:18:12:07 +0200] "GET /london-westminster-rectangular-mirror-p-29009.html HTTP/1.0" 200 73143 "-" "Mozilla/5.0 (compatible; SemrushBot/7~bl; +http://www.semrush.com/bot.html)"
185.191.171.38 - - [20/Sep/2021:18:12:09 +0200] "GET /frida-khalo-round-presentation-dish-model-p-49547.html HTTP/1.0" 200 73344 "-" "Mozilla/5.0 (compatible; SemrushBot/7~bl; +http://www.semrush.com/bot.html)"
216.244.66.242 - - [20/Sep/2021:18:12:24 +0200] "GET /frosted-glass-betty-boop-eighteen-p-15440.html HTTP/1.0" 301 70487 "-" "Mozilla/5.0 (compatible; DotBot/1.2; +https://opensiteexplorer.org/dotbot; help@moz.com)"
216.244.66.242 - - [20/Sep/2021:18:12:30 +0200] "GET /polar-blanket-red-130-160-cm-p-43660.html HTTP/1.0" 301 70487 "-" "Mozilla/5.0 (compatible; DotBot/1.2; +https://opensiteexplorer.org/dotbot; help@moz.com)"
54.36.149.52 - - [20/Sep/2021:18:12:45 +0200] "GET /set-of-pair-of-socks-betty-boop-size-31-34-p-24776.html HTTP/1.0" 301 70487 "-" "Mozilla/5.0 (compatible; AhrefsBot/7.0; +http://ahrefs.com/robot/)"
185.191.171.35 - - [20/Sep/2021:18:12:52 +0200] "GET /polar-bear-pocket-warmer-p-56147.html HTTP/1.0" 200 73959 "-" "Mozilla/5.0 (compatible; SemrushBot/7~bl; +http://www.semrush.com/bot.html)"
157.55.39.87 - - [20/Sep/2021:18:12:54 +0200] "GET /customized-decorative-metal-plate-cbkration-p-51480.html HTTP/1.0" 200 73255 "-" "Mozilla/5.0 (compatible; bingbot/2.0; +http://www.bing.com/bingbot.htm)"
40.77.167.65 - - [20/Sep/2021:18:12:59 +0200] "GET /capsule-coffee-p-31506.html HTTP/1.0" 200 73730 "-" "Mozilla/5.0 (compatible; bingbot/2.0; +http://www.bing.com/bingbot.htm)"
54.36.148.166 - - [20/Sep/2021:18:13:11 +0200] "GET /postcard-with-envelope-happy-birthday-p-48868.html HTTP/1.0" 200 73266 "-" "Mozilla/5.0 (compatible; AhrefsBot/7.0; +http://ahrefs.com/robot/)"
66.249.72.36 - - [20/Sep/2021:18:13:15 +0200] "GET /-p-38673.html HTTP/1.0" 200 70420 "-" "Mozilla/5.0 (Linux; Android 6.0.1; Nexus 5X Build/MMB29P) AppleWebKit/537.36 (KHTML, like Gecko) Chrome/93.0.4577.82 Mobile Safari/537.36 (compatible; Googlebot/2.1; +http://www.google.com/bot.html)"
51.68.224.127 - - [20/Sep/2021:18:13:51 +0200] "GET /adminweb/export_orders_xml.php?token=256de2z6edz6ed2z6DFSFsed2zed6zeDSFDSGdzedezfzf&maxorders=10&orderstart=1&status=14&start_date=2018-10-01 HTTP/1.0" 200 285 "-" "GesCom CharlotteBoutik Serveur"
51.68.224.127 - - [20/Sep/2021:18:13:51 +0200] "GET /adminweb/export_orders_xml.php?token=256de2z6edz6ed2z6DFSFsed2zed6zeDSFDSGdzedezfzf&maxorders=10&orderstart=1&status=6&start_date=2018-10-01 HTTP/1.0" 200 32290 "-" "GesCom CharlotteBoutik Serveur"
114.119.128.57 - - [20/Sep/2021:18:14:17 +0200] "GET /laundry-baskets-p-44778.html HTTP/1.0" 200 73092 "-" "Mozilla/5.0 (Linux; Android 7.0;) AppleWebKit/537.36 (KHTML, like Gecko) Mobile Safari/537.36 (compatible; PetalBot;+https://webmaster.petalsearch.com/site/petalbot)"
54.36.148.139 - - [20/Sep/2021:18:14:32 +0200] "GET /glass-with-porcelain-infuser-p-41871.html HTTP/1.0" 200 73146 "-" "Mozilla/5.0 (compatible; AhrefsBot/7.0; +http://ahrefs.com/robot/)"
185.191.171.39 - - [20/Sep/2021:18:15:34 +0200] "GET /jerrican-american-flag-wall-decor-p-51440.html HTTP/1.0" 200 73199 "-" "Mozilla/5.0 (compatible; SemrushBot/7~bl; +http://www.semrush.com/bot.html)"
185.191.171.3 - - [20/Sep/2021:18:15:37 +0200] "GET /fragrances-of-ambiance-c-231.html?page=28 HTTP/1.0" 301 93741 "-" "Mozilla/5.0 (compatible; SemrushBot/7~bl; +http://www.semrush.com/bot.html)"
185.191.171.35 - - [20/Sep/2021:18:15:39 +0200] "GET /fragrances-ambiance-c-231.html?page=28 HTTP/1.0" 200 93649 "-" "Mozilla/5.0 (compatible; SemrushBot/7~bl; +http://www.semrush.com/bot.html)"
77.88.5.71 - - [20/Sep/2021:18:15:40 +0200] "GET /gift-box-tea-infuser-mug-mandala-pink-p-43794.html HTTP/1.0" 301 74376 "-" "Mozilla/5.0 (compatible; YandexBot/3.0; +http://yandex.com/bots)"
93.158.161.76 - - [20/Sep/2021:18:15:41 +0200] "GET /gift-infuser-mandala-pink-p-43794.html HTTP/1.0" 200 74284 "-" "Mozilla/5.0 (compatible; YandexBot/3.0; +http://yandex.com/bots)"
54.36.149.66 - - [20/Sep/2021:18:15:58 +0200] "GET /flower-life-earrings-silver-p-44403.html HTTP/1.0" 200 73104 "-" "Mozilla/5.0 (compatible; AhrefsBot/7.0; +http://ahrefs.com/robot/)"
207.46.13.85 - - [20/Sep/2021:18:16:01 +0200] "GET /mini-magnetic-plate-rtro-cant-cook-cares-p-34414.html HTTP/1.0" 200 70641 "-" "Mozilla/5.0 (compatible; bingbot/2.0; +http://www.bing.com/bingbot.htm)"
185.191.171.38 - - [20/Sep/2021:18:16:09 +0200] "GET /monk-buddhist-lotus-candle-holder-p-50390.html HTTP/1.0" 200 73291 "-" "Mozilla/5.0 (compatible; SemrushBot/7~bl; +http://www.semrush.com/bot.html)"
185.191.171.6 - - [20/Sep/2021:18:16:34 +0200] "GET /disney-princess-little-backpack-p-20330.html HTTP/1.0" 200 73339 "-" "Mozilla/5.0 (compatible; SemrushBot/7~bl; +http://www.semrush.com/bot.html)"
114.119.128.56 - - [20/Sep/2021:18:16:48 +0200] "GET /le-bonheur-est-dans-le-pre-ceramic-mug-with-infuser-p-31534.html HTTP/1.0" 301 70678 "-" "Mozilla/5.0 (Linux; Android 7.0;) AppleWebKit/537.36 (KHTML, like Gecko) Mobile Safari/537.36 (compatible; PetalBot;+https://webmaster.petalsearch.com/site/petalbot)"
114.119.128.56 - - [20/Sep/2021:18:16:49 +0200] "GET /bonheur-dans-ceramic-with-infuser-p-31534.html HTTP/1.0" 200 70578 "-" "Mozilla/5.0 (Linux; Android 7.0;) AppleWebKit/537.36 (KHTML, like Gecko) Mobile Safari/537.36 (compatible; PetalBot;+https://webmaster.petalsearch.com/site/petalbot)"
54.36.148.23 - - [20/Sep/2021:18:17:18 +0200] "GET /vent-bathrobe-size-p-45899.html HTTP/1.0" 200 73099 "-" "Mozilla/5.0 (compatible; AhrefsBot/7.0; +http://ahrefs.com/robot/)"
185.191.171.42 - - [20/Sep/2021:18:17:59 +0200] "GET /home-and-decoration-c-13.html?page=106 HTTP/1.0" 301 92826 "-" "Mozilla/5.0 (compatible; SemrushBot/7~bl; +http://www.semrush.com/bot.html)"
185.191.171.25 - - [20/Sep/2021:18:18:02 +0200] "GET /home-decoration-c-13.html?page=106 HTTP/1.0" 200 92738 "-" "Mozilla/5.0 (compatible; SemrushBot/7~bl; +http://www.semrush.com/bot.html)"
207.46.13.85 - - [20/Sep/2021:18:18:10 +0200] "GET /hello-kitty-stripes-bellows-purse-p-9664.html HTTP/1.0" 200 73508 "-" "Mozilla/5.0 (compatible; bingbot/2.0; +http://www.bing.com/bingbot.htm)"
54.36.148.29 - - [20/Sep/2021:18:18:36 +0200] "GET /hello-kitty-hair-clips-p-13576.html HTTP/1.0" 200 73190 "-" "Mozilla/5.0 (compatible; AhrefsBot/7.0; +http://ahrefs.com/robot/)"
185.191.171.20 - - [20/Sep/2021:18:19:04 +0200] "GET /coconut-fibers-doormat-albor-p-54565.html?action=add_product HTTP/1.0" 302 476 "-" "Mozilla/5.0 (compatible; SemrushBot/7~bl; +http://www.semrush.com/bot.html)"
66.249.72.36 - - [20/Sep/2021:18:19:06 +0200] "GET /natural-floor-carpet-p-52149.html HTTP/1.0" 200 73866 "-" "Mozilla/5.0 (Linux; Android 6.0.1; Nexus 5X Build/MMB29P) AppleWebKit/537.36 (KHTML, like Gecko) Chrome/93.0.4577.83 Mobile Safari/537.36 (compatible; Googlebot/2.1; +http://www.google.com/bot.html)"
185.191.171.24 - - [20/Sep/2021:18:19:13 +0200] "GET /harley-davidson-2004-electa-glide-pickup-ford-super-duty-p-30396.html?action=add_product HTTP/1.0" 302 476 "-" "Mozilla/5.0 (compatible; SemrushBot/7~bl; +http://www.semrush.com/bot.html)"
212.102.33.87 - - [20/Sep/2021:18:19:21 +0200] "GET /contact_us.php HTTP/1.0" 200 26241 "-" "Mozilla/5.0 (Windows NT 10.0; WOW64) AppleWebKit/537.36 (KHTML, like Gecko) Chrome/53.0.2785.104 Safari/537.36 Core/1.53.5155.400 QQBrowser/9.7.13231.400"
