66.249.64.82 - - [20/Sep/2021:06:45:47 +0200] "GET /crystal-salt-lamp-sphere-grey-p-48663.html HTTP/1.0" 200 74710 "-" "Mozilla/5.0 (Linux; Android 6.0.1; Nexus 5X Build/MMB29P) AppleWebKit/537.36 (KHTML, like Gecko) Chrome/93.0.4577.83 Mobile Safari/537.36 (compatible; Googlebot/2.1; +http://www.google.com/bot.html)"
144.76.120.197 - - [20/Sep/2021:06:45:54 +0200] "GET /-p-7089.html HTTP/1.0" 200 70418 "-" "Mozilla/5.0 (compatible; MJ12bot/v1.4.8; http://mj12bot.com/)"
54.36.148.219 - - [20/Sep/2021:06:45:44 +0200] "GET /household-linen-c-11.html?page=55 HTTP/1.0" 200 92856 "-" "Mozilla/5.0 (compatible; AhrefsBot/7.0; +http://ahrefs.com/robot/)"
13.66.139.0 - - [20/Sep/2021:06:45:59 +0200] "GET /cement-tile-coasters-p-53111.html HTTP/1.0" 200 73068 "-" "Mozilla/5.0 (compatible; bingbot/2.0; +http://www.bing.com/bingbot.htm)"
144.76.120.197 - - [20/Sep/2021:06:46:00 +0200] "GET /games-and-toys/soft-toys-security-blanket/diddl-pimboli-baby-soft-toy-p-7090.html HTTP/1.0" 301 70484 "-" "Mozilla/5.0 (compatible; MJ12bot/v1.4.8; http://mj12bot.com/)"
144.76.120.197 - - [20/Sep/2021:06:46:04 +0200] "GET /-p-7090.html HTTP/1.0" 200 70418 "-" "Mozilla/5.0 (compatible; MJ12bot/v1.4.8; http://mj12bot.com/)"
144.76.120.197 - - [20/Sep/2021:06:46:10 +0200] "GET /games-and-toys/soft-toys-security-blanket/dog-pop-plush-britto-p-11219.html HTTP/1.0" 301 70487 "-" "Mozilla/5.0 (compatible; MJ12bot/v1.4.8; http://mj12bot.com/)"
144.76.120.197 - - [20/Sep/2021:06:46:16 +0200] "GET /-p-11219.html HTTP/1.0" 200 70420 "-" "Mozilla/5.0 (compatible; MJ12bot/v1.4.8; http://mj12bot.com/)"
144.76.120.197 - - [20/Sep/2021:06:46:21 +0200] "GET /games-and-toys/soft-toys-security-blanket/dog-pop-plush-britto-p-13009.html HTTP/1.0" 301 70487 "-" "Mozilla/5.0 (compatible; MJ12bot/v1.4.8; http://mj12bot.com/)"
144.76.120.197 - - [20/Sep/2021:06:46:26 +0200] "GET /-p-13009.html HTTP/1.0" 200 70420 "-" "Mozilla/5.0 (compatible; MJ12bot/v1.4.8; http://mj12bot.com/)"
144.76.120.197 - - [20/Sep/2021:06:46:30 +0200] "GET /games-and-toys/soft-toys-security-blanket/dog-pop-plush-britto-p-25928.html HTTP/1.0" 301 70487 "-" "Mozilla/5.0 (compatible; MJ12bot/v1.4.8; http://mj12bot.com/)"
144.76.120.197 - - [20/Sep/2021:06:46:35 +0200] "GET /-p-25928.html HTTP/1.0" 200 70420 "-" "Mozilla/5.0 (compatible; MJ12bot/v1.4.8; http://mj12bot.com/)"
144.76.120.197 - - [20/Sep/2021:06:46:42 +0200] "GET /games-and-toys/soft-toys-security-blanket/dog-pop-puppet-britto-p-15445.html HTTP/1.0" 301 73233 "-" "Mozilla/5.0 (compatible; MJ12bot/v1.4.8; http://mj12bot.com/)"
66.249.64.82 - - [20/Sep/2021:06:46:48 +0200] "GET /bowl-grinning-purple-made-in-germany-p-52577.html HTTP/1.0" 301 74103 "-" "Mozilla/5.0 (compatible; Googlebot/2.1; +http://www.google.com/bot.html)"
144.76.120.197 - - [20/Sep/2021:06:46:49 +0200] "GET /puppet-britto-p-15445.html HTTP/1.0" 200 73153 "-" "Mozilla/5.0 (compatible; MJ12bot/v1.4.8; http://mj12bot.com/)"
66.249.64.84 - - [20/Sep/2021:06:46:51 +0200] "GET /bowl-grinning-purple-made-germany-p-52577.html HTTP/1.0" 200 74003 "-" "Mozilla/5.0 (compatible; Googlebot/2.1; +http://www.google.com/bot.html)"
144.76.120.197 - - [20/Sep/2021:06:46:56 +0200] "GET /games-and-toys/soft-toys-security-blanket/doudou-bear-knots-boy-kaloo-zen-p-19237.html HTTP/1.0" 301 70487 "-" "Mozilla/5.0 (compatible; MJ12bot/v1.4.8; http://mj12bot.com/)"
144.76.120.197 - - [20/Sep/2021:06:47:00 +0200] "GET /-p-19237.html HTTP/1.0" 200 70420 "-" "Mozilla/5.0 (compatible; MJ12bot/v1.4.8; http://mj12bot.com/)"
144.76.120.197 - - [20/Sep/2021:06:47:06 +0200] "GET /games-and-toys/soft-toys-security-blanket/doudou-carillon-lelly-p-17705.html HTTP/1.0" 301 70487 "-" "Mozilla/5.0 (compatible; MJ12bot/v1.4.8; http://mj12bot.com/)"
144.76.120.197 - - [20/Sep/2021:06:47:11 +0200] "GET /-p-17705.html HTTP/1.0" 200 70420 "-" "Mozilla/5.0 (compatible; MJ12bot/v1.4.8; http://mj12bot.com/)"
144.76.120.197 - - [20/Sep/2021:06:47:16 +0200] "GET /games-and-toys/soft-toys-security-blanket/doudou-ranks-pajamas-lelly-p-17708.html HTTP/1.0" 301 70487 "-" "Mozilla/5.0 (compatible; MJ12bot/v1.4.8; http://mj12bot.com/)"
144.76.120.197 - - [20/Sep/2021:06:47:21 +0200] "GET /-p-17708.html HTTP/1.0" 200 70420 "-" "Mozilla/5.0 (compatible; MJ12bot/v1.4.8; http://mj12bot.com/)"
144.76.120.197 - - [20/Sep/2021:06:47:27 +0200] "GET /games-and-toys/soft-toys-security-blanket/dressing-plush-tchoupi-p-27483.html HTTP/1.0" 301 70487 "-" "Mozilla/5.0 (compatible; MJ12bot/v1.4.8; http://mj12bot.com/)"
144.76.120.197 - - [20/Sep/2021:06:47:32 +0200] "GET /-p-27483.html HTTP/1.0" 200 70420 "-" "Mozilla/5.0 (compatible; MJ12bot/v1.4.8; http://mj12bot.com/)"
144.76.120.197 - - [20/Sep/2021:06:47:37 +0200] "GET /games-and-toys/soft-toys-security-blanket/elephant-pop-plush-britto-p-20471.html HTTP/1.0" 301 70487 "-" "Mozilla/5.0 (compatible; MJ12bot/v1.4.8; http://mj12bot.com/)"
185.191.171.22 - - [20/Sep/2021:06:47:42 +0200] "GET /usa-cushion-p-32882.html HTTP/1.0" 301 70487 "-" "Mozilla/5.0 (compatible; SemrushBot/7~bl; +http://www.semrush.com/bot.html)"
144.76.120.197 - - [20/Sep/2021:06:47:42 +0200] "GET /-p-20471.html HTTP/1.0" 200 70420 "-" "Mozilla/5.0 (compatible; MJ12bot/v1.4.8; http://mj12bot.com/)"
185.191.171.42 - - [20/Sep/2021:06:47:46 +0200] "GET /-p-32882.html HTTP/1.0" 200 70420 "-" "Mozilla/5.0 (compatible; SemrushBot/7~bl; +http://www.semrush.com/bot.html)"
54.36.148.149 - - [20/Sep/2021:06:47:38 +0200] "GET /household-linen-c-11.html?page=56 HTTP/1.0" 200 93161 "-" "Mozilla/5.0 (compatible; AhrefsBot/7.0; +http://ahrefs.com/robot/)"
144.76.120.197 - - [20/Sep/2021:06:47:50 +0200] "GET /games-and-toys/soft-toys-security-blanket/elephant-pop-plush-britto-p-21367.html HTTP/1.0" 301 70487 "-" "Mozilla/5.0 (compatible; MJ12bot/v1.4.8; http://mj12bot.com/)"
144.76.120.197 - - [20/Sep/2021:06:47:56 +0200] "GET /-p-21367.html HTTP/1.0" 200 70420 "-" "Mozilla/5.0 (compatible; MJ12bot/v1.4.8; http://mj12bot.com/)"
40.77.167.24 - - [20/Sep/2021:06:47:57 +0200] "GET /princess-disney-pink-swimsuit-p-30310.html HTTP/1.0" 200 74554 "-" "Mozilla/5.0 (compatible; bingbot/2.0; +http://www.bing.com/bingbot.htm)"
144.76.120.197 - - [20/Sep/2021:06:48:03 +0200] "GET /games-and-toys/soft-toys-security-blanket/flufflings-interactive-plush-mindy-p-16581.html HTTP/1.0" 301 70487 "-" "Mozilla/5.0 (compatible; MJ12bot/v1.4.8; http://mj12bot.com/)"
66.249.64.82 - - [20/Sep/2021:06:48:06 +0200] "GET /images/big_prod/8422015450816.jpg HTTP/1.0" 200 268 "-" "Googlebot-Image/1.0"
144.76.120.197 - - [20/Sep/2021:06:48:08 +0200] "GET /-p-16581.html HTTP/1.0" 200 70420 "-" "Mozilla/5.0 (compatible; MJ12bot/v1.4.8; http://mj12bot.com/)"
144.76.120.197 - - [20/Sep/2021:06:48:15 +0200] "GET /games-and-toys/soft-toys-security-blanket/furby-boom-pink-p-27910.html HTTP/1.0" 301 70487 "-" "Mozilla/5.0 (compatible; MJ12bot/v1.4.8; http://mj12bot.com/)"
144.76.120.197 - - [20/Sep/2021:06:48:20 +0200] "GET /-p-27910.html HTTP/1.0" 200 70420 "-" "Mozilla/5.0 (compatible; MJ12bot/v1.4.8; http://mj12bot.com/)"
114.119.128.56 - - [20/Sep/2021:06:48:24 +0200] "GET /sloth-baby-moneybox-p-46775.html HTTP/1.0" 200 73125 "-" "Mozilla/5.0 (Linux; Android 7.0;) AppleWebKit/537.36 (KHTML, like Gecko) Mobile Safari/537.36 (compatible; PetalBot;+https://webmaster.petalsearch.com/site/petalbot)"
144.76.120.197 - - [20/Sep/2021:06:48:26 +0200] "GET /games-and-toys/soft-toys-security-blanket/furby-boom-pink-p-27911.html HTTP/1.0" 301 70487 "-" "Mozilla/5.0 (compatible; MJ12bot/v1.4.8; http://mj12bot.com/)"
144.76.120.197 - - [20/Sep/2021:06:48:31 +0200] "GET /-p-27911.html HTTP/1.0" 200 70420 "-" "Mozilla/5.0 (compatible; MJ12bot/v1.4.8; http://mj12bot.com/)"
144.76.120.197 - - [20/Sep/2021:06:48:37 +0200] "GET /games-and-toys/soft-toys-security-blanket/furby-famosa-plush-p-20332.html HTTP/1.0" 301 70487 "-" "Mozilla/5.0 (compatible; MJ12bot/v1.4.8; http://mj12bot.com/)"
144.76.120.197 - - [20/Sep/2021:06:48:42 +0200] "GET /-p-20332.html HTTP/1.0" 200 70420 "-" "Mozilla/5.0 (compatible; MJ12bot/v1.4.8; http://mj12bot.com/)"
66.249.64.84 - - [20/Sep/2021:06:48:44 +0200] "GET /images/mini_prod/3503420033971.jpg HTTP/1.0" 200 269 "-" "Googlebot-Image/1.0"
178.63.51.106 - - [20/Sep/2021:06:48:44 +0200] "GET /patrick-sponge-bob-memo-clip-p-3695.html HTTP/1.0" 301 73192 "-" "Mozilla/5.0 (Macintosh; Intel Mac OS X 10_15_7) AppleWebKit/605.1.15 (KHTML, like Gecko) Version/14.0.1 Safari/605.1.15"
178.63.51.106 - - [20/Sep/2021:06:48:47 +0200] "GET /patrick-sponge-memo-clip-p-3695.html HTTP/1.0" 200 73102 "-" "Mozilla/5.0 (Macintosh; Intel Mac OS X 10_15_7) AppleWebKit/605.1.15 (KHTML, like Gecko) Version/14.0.1 Safari/605.1.15"
144.76.120.197 - - [20/Sep/2021:06:48:50 +0200] "GET /games-and-toys/soft-toys-security-blanket/gund-bear-little-buddy-plush-p-14597.html HTTP/1.0" 301 70487 "-" "Mozilla/5.0 (compatible; MJ12bot/v1.4.8; http://mj12bot.com/)"
185.191.171.8 - - [20/Sep/2021:06:48:53 +0200] "GET /glitter-adhesive-roll-45-150-cm-turquoise-p-50483.html HTTP/1.0" 301 70487 "-" "Mozilla/5.0 (compatible; SemrushBot/7~bl; +http://www.semrush.com/bot.html)"
185.191.171.9 - - [20/Sep/2021:06:48:56 +0200] "GET /-p-50483.html HTTP/1.0" 200 70420 "-" "Mozilla/5.0 (compatible; SemrushBot/7~bl; +http://www.semrush.com/bot.html)"
144.76.120.197 - - [20/Sep/2021:06:48:56 +0200] "GET /-p-14597.html HTTP/1.0" 200 70420 "-" "Mozilla/5.0 (compatible; MJ12bot/v1.4.8; http://mj12bot.com/)"
144.76.120.197 - - [20/Sep/2021:06:49:01 +0200] "GET /games-and-toys/soft-toys-security-blanket/gund-boo-cowboy-plush-p-25425.html HTTP/1.0" 301 70487 "-" "Mozilla/5.0 (compatible; MJ12bot/v1.4.8; http://mj12bot.com/)"
159.226.19.169 - - [20/Sep/2021:06:49:04 +0200] "GET /images/mini_prod/8435306269776.jpg HTTP/1.0" 200 269 "-" "Googlebot-Image/1.0"
166.137.244.86 - - [20/Sep/2021:06:49:05 +0200] "GET /images/8435339303133.jpg HTTP/1.0" 200 259 "https://www.bing.com/" "Mozilla/5.0 (X11; CrOS x86_64 12739.94.0) AppleWebKit/537.36 (KHTML, like Gecko) Chrome/80.0.3987.137 Safari/537.36"
166.137.244.86 - - [20/Sep/2021:06:49:06 +0200] "GET /favicon.ico HTTP/1.0" 200 260 "http://www.wonder-geek.com/images/8435339303133.jpg" "Mozilla/5.0 (X11; CrOS x86_64 12739.94.0) AppleWebKit/537.36 (KHTML, like Gecko) Chrome/80.0.3987.137 Safari/537.36"
144.76.120.197 - - [20/Sep/2021:06:49:05 +0200] "GET /-p-25425.html HTTP/1.0" 200 70420 "-" "Mozilla/5.0 (compatible; MJ12bot/v1.4.8; http://mj12bot.com/)"
144.76.120.197 - - [20/Sep/2021:06:49:10 +0200] "GET /games-and-toys/soft-toys-security-blanket/gund-boo-heros-plush-p-28645.html HTTP/1.0" 301 73199 "-" "Mozilla/5.0 (compatible; MJ12bot/v1.4.8; http://mj12bot.com/)"
144.76.120.197 - - [20/Sep/2021:06:49:15 +0200] "GET /gund-heros-plush-p-28645.html HTTP/1.0" 200 73116 "-" "Mozilla/5.0 (compatible; MJ12bot/v1.4.8; http://mj12bot.com/)"
144.76.120.197 - - [20/Sep/2021:06:49:23 +0200] "GET /games-and-toys/soft-toys-security-blanket/gund-boo-plush-p-14610.html HTTP/1.0" 301 70487 "-" "Mozilla/5.0 (compatible; MJ12bot/v1.4.8; http://mj12bot.com/)"
144.76.120.197 - - [20/Sep/2021:06:49:28 +0200] "GET /-p-14610.html HTTP/1.0" 200 70420 "-" "Mozilla/5.0 (compatible; MJ12bot/v1.4.8; http://mj12bot.com/)"
144.76.120.197 - - [20/Sep/2021:06:49:33 +0200] "GET /games-and-toys/soft-toys-security-blanket/gund-boo-plush-p-22166.html HTTP/1.0" 301 70573 "-" "Mozilla/5.0 (compatible; MJ12bot/v1.4.8; http://mj12bot.com/)"
144.76.120.197 - - [20/Sep/2021:06:49:38 +0200] "GET /gund-small-plush-p-22166.html HTTP/1.0" 200 70490 "-" "Mozilla/5.0 (compatible; MJ12bot/v1.4.8; http://mj12bot.com/)"
144.76.120.197 - - [20/Sep/2021:06:49:47 +0200] "GET /games-and-toys/soft-toys-security-blanket/gund-brushin39-buddy-bear-p-24298.html HTTP/1.0" 301 70487 "-" "Mozilla/5.0 (compatible; MJ12bot/v1.4.8; http://mj12bot.com/)"
54.36.148.203 - - [20/Sep/2021:06:49:38 +0200] "GET /household-linen-c-11.html?page=54 HTTP/1.0" 200 93174 "-" "Mozilla/5.0 (compatible; AhrefsBot/7.0; +http://ahrefs.com/robot/)"
157.55.39.150 - - [20/Sep/2021:06:49:47 +0200] "GET /disney-princesses-cardigan-p-31129.html HTTP/1.0" 200 74554 "-" "Mozilla/5.0 (compatible; bingbot/2.0; +http://www.bing.com/bingbot.htm)"
144.76.120.197 - - [20/Sep/2021:06:49:51 +0200] "GET /-p-24298.html HTTP/1.0" 200 70420 "-" "Mozilla/5.0 (compatible; MJ12bot/v1.4.8; http://mj12bot.com/)"
144.76.120.197 - - [20/Sep/2021:06:49:55 +0200] "GET /games-and-toys/soft-toys-security-blanket/gund-first-pig-small-pink-p-21382.html HTTP/1.0" 301 70487 "-" "Mozilla/5.0 (compatible; MJ12bot/v1.4.8; http://mj12bot.com/)"
144.76.120.197 - - [20/Sep/2021:06:50:00 +0200] "GET /-p-21382.html HTTP/1.0" 200 70420 "-" "Mozilla/5.0 (compatible; MJ12bot/v1.4.8; http://mj12bot.com/)"
144.76.120.197 - - [20/Sep/2021:06:50:09 +0200] "GET /games-and-toys/soft-toys-security-blanket/gund-first-teddy-bear-boy-small-blue-p-14593.html HTTP/1.0" 301 70487 "-" "Mozilla/5.0 (compatible; MJ12bot/v1.4.8; http://mj12bot.com/)"
185.191.171.44 - - [20/Sep/2021:06:50:13 +0200] "GET /mattress-protector-tray-shape-140-190-cm-p-44816.html HTTP/1.0" 301 73342 "-" "Mozilla/5.0 (compatible; SemrushBot/7~bl; +http://www.semrush.com/bot.html)"
144.76.120.197 - - [20/Sep/2021:06:50:14 +0200] "GET /-p-14593.html HTTP/1.0" 200 70420 "-" "Mozilla/5.0 (compatible; MJ12bot/v1.4.8; http://mj12bot.com/)"
185.191.171.11 - - [20/Sep/2021:06:50:18 +0200] "GET /mattress-protector-tray-shape-p-44816.html HTTP/1.0" 200 73246 "-" "Mozilla/5.0 (compatible; SemrushBot/7~bl; +http://www.semrush.com/bot.html)"
144.76.120.197 - - [20/Sep/2021:06:50:22 +0200] "GET /games-and-toys/soft-toys-security-blanket/gund-first-teddy-bear-girl-small-pink-p-14595.html HTTP/1.0" 301 70487 "-" "Mozilla/5.0 (compatible; MJ12bot/v1.4.8; http://mj12bot.com/)"
144.76.120.197 - - [20/Sep/2021:06:50:27 +0200] "GET /-p-14595.html HTTP/1.0" 200 70420 "-" "Mozilla/5.0 (compatible; MJ12bot/v1.4.8; http://mj12bot.com/)"
144.76.120.197 - - [20/Sep/2021:06:50:31 +0200] "GET /games-and-toys/soft-toys-security-blanket/gund-first-teddy-bear-small-beige-p-27740.html HTTP/1.0" 301 70487 "-" "Mozilla/5.0 (compatible; MJ12bot/v1.4.8; http://mj12bot.com/)"
157.55.39.138 - - [20/Sep/2021:06:50:34 +0200] "GET /gorjuss-handbag-autumn-leaves-p-50966.html HTTP/1.0" 200 70540 "-" "Mozilla/5.0 (compatible; bingbot/2.0; +http://www.bing.com/bingbot.htm)"
144.76.120.197 - - [20/Sep/2021:06:50:36 +0200] "GET /-p-27740.html HTTP/1.0" 200 70420 "-" "Mozilla/5.0 (compatible; MJ12bot/v1.4.8; http://mj12bot.com/)"
144.76.120.197 - - [20/Sep/2021:06:50:41 +0200] "GET /games-and-toys/soft-toys-security-blanket/gund-fuzzy-chocolat-teddy-bear-p-20449.html HTTP/1.0" 301 70487 "-" "Mozilla/5.0 (compatible; MJ12bot/v1.4.8; http://mj12bot.com/)"
144.76.120.197 - - [20/Sep/2021:06:50:46 +0200] "GET /-p-20449.html HTTP/1.0" 200 70420 "-" "Mozilla/5.0 (compatible; MJ12bot/v1.4.8; http://mj12bot.com/)"
144.76.120.197 - - [20/Sep/2021:06:50:50 +0200] "GET /games-and-toys/soft-toys-security-blanket/gund-ganley-hedgehog-beige-soft-toy-16cm-p-13202.html HTTP/1.0" 301 70487 "-" "Mozilla/5.0 (compatible; MJ12bot/v1.4.8; http://mj12bot.com/)"
144.76.120.197 - - [20/Sep/2021:06:50:57 +0200] "GET /-p-13202.html HTTP/1.0" 200 70420 "-" "Mozilla/5.0 (compatible; MJ12bot/v1.4.8; http://mj12bot.com/)"
144.76.120.197 - - [20/Sep/2021:06:51:03 +0200] "GET /games-and-toys/soft-toys-security-blanket/gund-ganley-hedgehog-brown-soft-toy-16cm-p-13203.html HTTP/1.0" 301 70487 "-" "Mozilla/5.0 (compatible; MJ12bot/v1.4.8; http://mj12bot.com/)"
144.76.120.197 - - [20/Sep/2021:06:51:08 +0200] "GET /-p-13203.html HTTP/1.0" 200 70420 "-" "Mozilla/5.0 (compatible; MJ12bot/v1.4.8; http://mj12bot.com/)"
144.76.120.197 - - [20/Sep/2021:06:51:13 +0200] "GET /games-and-toys/soft-toys-security-blanket/gund-gorgeous-cuddly-swingsley-caramel-monkey-plush-p-13215.html HTTP/1.0" 301 70487 "-" "Mozilla/5.0 (compatible; MJ12bot/v1.4.8; http://mj12bot.com/)"
144.76.120.197 - - [20/Sep/2021:06:51:17 +0200] "GET /-p-13215.html HTTP/1.0" 200 70420 "-" "Mozilla/5.0 (compatible; MJ12bot/v1.4.8; http://mj12bot.com/)"
185.191.171.42 - - [20/Sep/2021:06:51:18 +0200] "GET /the-dubout-cats-large-round-flat-p-40061.html HTTP/1.0" 301 70625 "-" "Mozilla/5.0 (compatible; SemrushBot/7~bl; +http://www.semrush.com/bot.html)"
185.191.171.20 - - [20/Sep/2021:06:51:22 +0200] "GET /dubout-cats-large-round-flat-p-40061.html HTTP/1.0" 200 70530 "-" "Mozilla/5.0 (compatible; SemrushBot/7~bl; +http://www.semrush.com/bot.html)"
144.76.120.197 - - [20/Sep/2021:06:51:22 +0200] "GET /games-and-toys/soft-toys-security-blanket/gund-grumpy-cat-soft-toy-p-25936.html HTTP/1.0" 301 70487 "-" "Mozilla/5.0 (compatible; MJ12bot/v1.4.8; http://mj12bot.com/)"
144.76.120.197 - - [20/Sep/2021:06:51:29 +0200] "GET /-p-25936.html HTTP/1.0" 200 70420 "-" "Mozilla/5.0 (compatible; MJ12bot/v1.4.8; http://mj12bot.com/)"
144.76.120.197 - - [20/Sep/2021:06:51:35 +0200] "GET /games-and-toys/soft-toys-security-blanket/gund-hedgehog-beige-p-26675.html HTTP/1.0" 301 70487 "-" "Mozilla/5.0 (compatible; MJ12bot/v1.4.8; http://mj12bot.com/)"
144.76.120.197 - - [20/Sep/2021:06:51:40 +0200] "GET /-p-26675.html HTTP/1.0" 200 70420 "-" "Mozilla/5.0 (compatible; MJ12bot/v1.4.8; http://mj12bot.com/)"
54.36.148.169 - - [20/Sep/2021:06:51:29 +0200] "GET /household-linen-c-11.html?page=58 HTTP/1.0" 200 93362 "-" "Mozilla/5.0 (compatible; AhrefsBot/7.0; +http://ahrefs.com/robot/)"
144.76.120.197 - - [20/Sep/2021:06:51:46 +0200] "GET /games-and-toys/soft-toys-security-blanket/gund-hedgehog-fudge-p-26677.html HTTP/1.0" 301 70487 "-" "Mozilla/5.0 (compatible; MJ12bot/v1.4.8; http://mj12bot.com/)"
144.76.120.197 - - [20/Sep/2021:06:51:51 +0200] "GET /-p-26677.html HTTP/1.0" 200 70420 "-" "Mozilla/5.0 (compatible; MJ12bot/v1.4.8; http://mj12bot.com/)"
77.88.5.71 - - [20/Sep/2021:06:51:55 +0200] "GET /pusheen-the-grey-cat-pip-soft-toy-17-cm-p-44586.html HTTP/1.0" 301 70487 "-" "Mozilla/5.0 (compatible; YandexBot/3.0; +http://yandex.com/bots)"
54.36.148.21 - - [20/Sep/2021:06:51:55 +0200] "GET /new-york-pot-cookware-cbkreation-p-29700.html HTTP/1.0" 301 73191 "-" "Mozilla/5.0 (compatible; AhrefsBot/7.0; +http://ahrefs.com/robot/)"
144.76.120.197 - - [20/Sep/2021:06:51:57 +0200] "GET /games-and-toys/soft-toys-security-blanket/gund-matisse-teddy-bear-p-20451.html HTTP/1.0" 301 70487 "-" "Mozilla/5.0 (compatible; MJ12bot/v1.4.8; http://mj12bot.com/)"
77.88.5.71 - - [20/Sep/2021:06:51:58 +0200] "GET /-p-44586.html HTTP/1.0" 200 70420 "-" "Mozilla/5.0 (compatible; YandexBot/3.0; +http://yandex.com/bots)"
144.76.120.197 - - [20/Sep/2021:06:52:02 +0200] "GET /-p-20451.html HTTP/1.0" 200 70420 "-" "Mozilla/5.0 (compatible; MJ12bot/v1.4.8; http://mj12bot.com/)"
144.76.120.197 - - [20/Sep/2021:06:52:10 +0200] "GET /games-and-toys/soft-toys-security-blanket/gund-panda-snuffles-p-25427.html HTTP/1.0" 301 70487 "-" "Mozilla/5.0 (compatible; MJ12bot/v1.4.8; http://mj12bot.com/)"
185.191.171.10 - - [20/Sep/2021:06:52:11 +0200] "GET /feng-shui-flower-of-life-champagne-coloured-p-53468.html HTTP/1.0" 301 74758 "-" "Mozilla/5.0 (compatible; SemrushBot/7~bl; +http://www.semrush.com/bot.html)"
144.76.120.197 - - [20/Sep/2021:06:52:14 +0200] "GET /-p-25427.html HTTP/1.0" 200 70420 "-" "Mozilla/5.0 (compatible; MJ12bot/v1.4.8; http://mj12bot.com/)"
185.191.171.10 - - [20/Sep/2021:06:52:15 +0200] "GET /feng-shui-flower-life-champagne-coloured-p-53468.html HTTP/1.0" 200 74651 "-" "Mozilla/5.0 (compatible; SemrushBot/7~bl; +http://www.semrush.com/bot.html)"
144.76.120.197 - - [20/Sep/2021:06:52:19 +0200] "GET /games-and-toys/soft-toys-security-blanket/gund-philbin-chocolate-teddy-bear-p-20447.html HTTP/1.0" 301 70487 "-" "Mozilla/5.0 (compatible; MJ12bot/v1.4.8; http://mj12bot.com/)"
114.119.128.40 - - [20/Sep/2021:06:52:21 +0200] "GET /small-box-for-baby-teeth-gold-p-36445.html HTTP/1.0" 301 73299 "-" "Mozilla/5.0 (Linux; Android 7.0;) AppleWebKit/537.36 (KHTML, like Gecko) Mobile Safari/537.36 (compatible; PetalBot;+https://webmaster.petalsearch.com/site/petalbot)"
114.119.128.40 - - [20/Sep/2021:06:52:24 +0200] "GET /small-baby-teeth-gold-p-36445.html HTTP/1.0" 200 73211 "-" "Mozilla/5.0 (Linux; Android 7.0;) AppleWebKit/537.36 (KHTML, like Gecko) Mobile Safari/537.36 (compatible; PetalBot;+https://webmaster.petalsearch.com/site/petalbot)"
144.76.120.197 - - [20/Sep/2021:06:52:25 +0200] "GET /-p-20447.html HTTP/1.0" 200 70420 "-" "Mozilla/5.0 (compatible; MJ12bot/v1.4.8; http://mj12bot.com/)"
144.76.120.197 - - [20/Sep/2021:06:52:30 +0200] "GET /games-and-toys/soft-toys-security-blanket/gund-philbin-heart-teddy-bear-p-25426.html HTTP/1.0" 301 70487 "-" "Mozilla/5.0 (compatible; MJ12bot/v1.4.8; http://mj12bot.com/)"
144.76.120.197 - - [20/Sep/2021:06:52:36 +0200] "GET /-p-25426.html HTTP/1.0" 200 70420 "-" "Mozilla/5.0 (compatible; MJ12bot/v1.4.8; http://mj12bot.com/)"
144.76.120.197 - - [20/Sep/2021:06:52:43 +0200] "GET /games-and-toys/soft-toys-security-blanket/gund-philbin-teddy-bear-p-20473.html HTTP/1.0" 301 70487 "-" "Mozilla/5.0 (compatible; MJ12bot/v1.4.8; http://mj12bot.com/)"
144.76.120.197 - - [20/Sep/2021:06:52:47 +0200] "GET /-p-20473.html HTTP/1.0" 200 70420 "-" "Mozilla/5.0 (compatible; MJ12bot/v1.4.8; http://mj12bot.com/)"
144.76.120.197 - - [20/Sep/2021:06:52:52 +0200] "GET /games-and-toys/soft-toys-security-blanket/gund-plush-bear-caramel-alfie-p-20455.html HTTP/1.0" 301 70487 "-" "Mozilla/5.0 (compatible; MJ12bot/v1.4.8; http://mj12bot.com/)"
144.76.120.197 - - [20/Sep/2021:06:52:57 +0200] "GET /-p-20455.html HTTP/1.0" 200 70420 "-" "Mozilla/5.0 (compatible; MJ12bot/v1.4.8; http://mj12bot.com/)"
144.76.120.197 - - [20/Sep/2021:06:53:01 +0200] "GET /games-and-toys/soft-toys-security-blanket/gund-plush-honey-bear-gordy-p-20456.html HTTP/1.0" 301 70487 "-" "Mozilla/5.0 (compatible; MJ12bot/v1.4.8; http://mj12bot.com/)"
144.76.120.197 - - [20/Sep/2021:06:53:06 +0200] "GET /-p-20456.html HTTP/1.0" 200 70420 "-" "Mozilla/5.0 (compatible; MJ12bot/v1.4.8; http://mj12bot.com/)"
66.249.64.86 - - [20/Sep/2021:06:53:05 +0200] "GET /array-m-289.html?page=7 HTTP/1.0" 200 93366 "-" "Mozilla/5.0 (Linux; Android 6.0.1; Nexus 5X Build/MMB29P) AppleWebKit/537.36 (KHTML, like Gecko) Chrome/93.0.4577.83 Mobile Safari/537.36 (compatible; Googlebot/2.1; +http://www.google.com/bot.html)"
144.76.120.197 - - [20/Sep/2021:06:53:12 +0200] "GET /games-and-toys/soft-toys-security-blanket/gund-plush-rusty-orangutan-p-20452.html HTTP/1.0" 301 70487 "-" "Mozilla/5.0 (compatible; MJ12bot/v1.4.8; http://mj12bot.com/)"
144.76.120.197 - - [20/Sep/2021:06:53:16 +0200] "GET /-p-20452.html HTTP/1.0" 200 70420 "-" "Mozilla/5.0 (compatible; MJ12bot/v1.4.8; http://mj12bot.com/)"
207.46.13.85 - - [20/Sep/2021:06:53:20 +0200] "GET /anthracite-fitted-sheet-p-51987.html HTTP/1.0" 200 73085 "-" "Mozilla/5.0 (compatible; bingbot/2.0; +http://www.bing.com/bingbot.htm)"
144.76.120.197 - - [20/Sep/2021:06:53:22 +0200] "GET /games-and-toys/soft-toys-security-blanket/gund-plush-tiger-nolan-p-20445.html HTTP/1.0" 301 70487 "-" "Mozilla/5.0 (compatible; MJ12bot/v1.4.8; http://mj12bot.com/)"
54.36.149.76 - - [20/Sep/2021:06:53:17 +0200] "GET /keyrings-c-31_52.html?page=3 HTTP/1.0" 200 94467 "-" "Mozilla/5.0 (compatible; AhrefsBot/7.0; +http://ahrefs.com/robot/)"
144.76.120.197 - - [20/Sep/2021:06:53:28 +0200] "GET /-p-20445.html HTTP/1.0" 200 70420 "-" "Mozilla/5.0 (compatible; MJ12bot/v1.4.8; http://mj12bot.com/)"
144.76.120.197 - - [20/Sep/2021:06:53:34 +0200] "GET /games-and-toys/soft-toys-security-blanket/gund-thomas-the-old-macdonald-bear-plush-p-24300.html HTTP/1.0" 301 78303 "-" "Mozilla/5.0 (compatible; MJ12bot/v1.4.8; http://mj12bot.com/)"
144.76.120.197 - - [20/Sep/2021:06:53:39 +0200] "GET /gund-thomas-macdonald-bear-plush-p-24300.html HTTP/1.0" 200 78204 "-" "Mozilla/5.0 (compatible; MJ12bot/v1.4.8; http://mj12bot.com/)"
144.76.120.197 - - [20/Sep/2021:06:53:45 +0200] "GET /games-and-toys/soft-toys-security-blanket/horse-pop-plush-britto-p-20469.html HTTP/1.0" 301 70487 "-" "Mozilla/5.0 (compatible; MJ12bot/v1.4.8; http://mj12bot.com/)"
93.158.161.76 - - [20/Sep/2021:06:53:50 +0200] "GET /images/big_prod/8422001017757.jpg HTTP/1.0" 200 268 "-" "Mozilla/5.0 (compatible; YandexImages/3.0; +http://yandex.com/bots)"
144.76.120.197 - - [20/Sep/2021:06:53:50 +0200] "GET /-p-20469.html HTTP/1.0" 200 70420 "-" "Mozilla/5.0 (compatible; MJ12bot/v1.4.8; http://mj12bot.com/)"
144.76.120.197 - - [20/Sep/2021:06:53:55 +0200] "GET /games-and-toys/soft-toys-security-blanket/kaloo-chubby-rabbit-lilirose-soft-toy-p-20324.html HTTP/1.0" 301 70487 "-" "Mozilla/5.0 (compatible; MJ12bot/v1.4.8; http://mj12bot.com/)"
144.76.120.197 - - [20/Sep/2021:06:54:00 +0200] "GET /-p-20324.html HTTP/1.0" 200 70420 "-" "Mozilla/5.0 (compatible; MJ12bot/v1.4.8; http://mj12bot.com/)"
144.76.120.197 - - [20/Sep/2021:06:54:07 +0200] "GET /games-and-toys/soft-toys-security-blanket/large-plush-tchoupi-p-27481.html HTTP/1.0" 301 72993 "-" "Mozilla/5.0 (compatible; MJ12bot/v1.4.8; http://mj12bot.com/)"
185.191.171.2 - - [20/Sep/2021:06:54:11 +0200] "GET /statuette-jesus-christ-sacred-heart-p-47136.html?action=add_product HTTP/1.0" 302 476 "-" "Mozilla/5.0 (compatible; SemrushBot/7~bl; +http://www.semrush.com/bot.html)"
144.76.120.197 - - [20/Sep/2021:06:54:11 +0200] "GET /large-plush-tchoupi-p-27481.html HTTP/1.0" 200 72907 "-" "Mozilla/5.0 (compatible; MJ12bot/v1.4.8; http://mj12bot.com/)"
185.191.171.34 - - [20/Sep/2021:06:54:12 +0200] "GET /tetsubin-teapot-japanese-liter-p-54015.html HTTP/1.0" 200 73473 "-" "Mozilla/5.0 (compatible; SemrushBot/7~bl; +http://www.semrush.com/bot.html)"
144.76.120.197 - - [20/Sep/2021:06:54:17 +0200] "GET /games-and-toys/soft-toys-security-blanket/large-plush-tchoupi-p-27482.html HTTP/1.0" 301 72967 "-" "Mozilla/5.0 (compatible; MJ12bot/v1.4.8; http://mj12bot.com/)"
144.76.120.197 - - [20/Sep/2021:06:54:22 +0200] "GET /large-plush-tchoupi-p-27482.html HTTP/1.0" 200 72881 "-" "Mozilla/5.0 (compatible; MJ12bot/v1.4.8; http://mj12bot.com/)"
144.76.120.197 - - [20/Sep/2021:06:54:28 +0200] "GET /games-and-toys/soft-toys-security-blanket/lion-pop-plush-britto-p-20478.html HTTP/1.0" 301 70487 "-" "Mozilla/5.0 (compatible; MJ12bot/v1.4.8; http://mj12bot.com/)"
144.76.120.197 - - [20/Sep/2021:06:54:33 +0200] "GET /-p-20478.html HTTP/1.0" 200 70420 "-" "Mozilla/5.0 (compatible; MJ12bot/v1.4.8; http://mj12bot.com/)"
144.76.120.197 - - [20/Sep/2021:06:54:39 +0200] "GET /games-and-toys/soft-toys-security-blanket/little-brown-bear-soft-toy-p-22534.html HTTP/1.0" 301 70487 "-" "Mozilla/5.0 (compatible; MJ12bot/v1.4.8; http://mj12bot.com/)"
144.76.120.197 - - [20/Sep/2021:06:54:44 +0200] "GET /-p-22534.html HTTP/1.0" 200 70420 "-" "Mozilla/5.0 (compatible; MJ12bot/v1.4.8; http://mj12bot.com/)"
144.76.120.197 - - [20/Sep/2021:06:54:50 +0200] "GET /games-and-toys/soft-toys-security-blanket/marsupilami-plush-velcro-and-piranha-p-25785.html HTTP/1.0" 301 70487 "-" "Mozilla/5.0 (compatible; MJ12bot/v1.4.8; http://mj12bot.com/)"
144.76.120.197 - - [20/Sep/2021:06:54:55 +0200] "GET /-p-25785.html HTTP/1.0" 200 70420 "-" "Mozilla/5.0 (compatible; MJ12bot/v1.4.8; http://mj12bot.com/)"
144.76.120.197 - - [20/Sep/2021:06:54:59 +0200] "GET /games-and-toys/soft-toys-security-blanket/marsupilami-sonique-soft-toy-p-25784.html HTTP/1.0" 301 70487 "-" "Mozilla/5.0 (compatible; MJ12bot/v1.4.8; http://mj12bot.com/)"
144.76.120.197 - - [20/Sep/2021:06:55:05 +0200] "GET /-p-25784.html HTTP/1.0" 200 70420 "-" "Mozilla/5.0 (compatible; MJ12bot/v1.4.8; http://mj12bot.com/)"
144.76.120.197 - - [20/Sep/2021:06:55:09 +0200] "GET /games-and-toys/soft-toys-security-blanket/mickey-mouse-plush-britto-p-24315.html HTTP/1.0" 301 70487 "-" "Mozilla/5.0 (compatible; MJ12bot/v1.4.8; http://mj12bot.com/)"
144.76.120.197 - - [20/Sep/2021:06:55:14 +0200] "GET /-p-24315.html HTTP/1.0" 200 70420 "-" "Mozilla/5.0 (compatible; MJ12bot/v1.4.8; http://mj12bot.com/)"
54.36.148.18 - - [20/Sep/2021:06:55:15 +0200] "GET /baskets-with-water-hyacinth-handles-p-56041.html HTTP/1.0" 200 74231 "-" "Mozilla/5.0 (compatible; AhrefsBot/7.0; +http://ahrefs.com/robot/)"
144.76.120.197 - - [20/Sep/2021:06:55:19 +0200] "GET /games-and-toys/soft-toys-security-blanket/monstaz-talking-plush-rocko-p-20540.html HTTP/1.0" 301 70487 "-" "Mozilla/5.0 (compatible; MJ12bot/v1.4.8; http://mj12bot.com/)"
144.76.120.197 - - [20/Sep/2021:06:55:23 +0200] "GET /-p-20540.html HTTP/1.0" 200 70420 "-" "Mozilla/5.0 (compatible; MJ12bot/v1.4.8; http://mj12bot.com/)"
185.191.171.7 - - [20/Sep/2021:06:55:24 +0200] "GET /saint-therese-statue-205-cm-p-40233.html HTTP/1.0" 301 73223 "-" "Mozilla/5.0 (compatible; SemrushBot/7~bl; +http://www.semrush.com/bot.html)"
185.191.171.5 - - [20/Sep/2021:06:55:29 +0200] "GET /saint-therese-statue-p-40233.html HTTP/1.0" 200 73136 "-" "Mozilla/5.0 (compatible; SemrushBot/7~bl; +http://www.semrush.com/bot.html)"
144.76.120.197 - - [20/Sep/2021:06:55:30 +0200] "GET /games-and-toys/soft-toys-security-blanket/nici-bear-plush-p-22808.html HTTP/1.0" 301 70487 "-" "Mozilla/5.0 (compatible; MJ12bot/v1.4.8; http://mj12bot.com/)"
185.191.171.33 - - [20/Sep/2021:06:55:33 +0200] "GET /-p-44532.html?action=add_product HTTP/1.0" 302 476 "-" "Mozilla/5.0 (compatible; SemrushBot/7~bl; +http://www.semrush.com/bot.html)"
144.76.120.197 - - [20/Sep/2021:06:55:35 +0200] "GET /-p-22808.html HTTP/1.0" 200 70420 "-" "Mozilla/5.0 (compatible; MJ12bot/v1.4.8; http://mj12bot.com/)"
185.191.171.43 - - [20/Sep/2021:06:55:35 +0200] "GET /carafe-with-multi-function-infuser-cherry-blossom-p-51733.html?action=add_product HTTP/1.0" 302 476 "-" "Mozilla/5.0 (compatible; SemrushBot/7~bl; +http://www.semrush.com/bot.html)"
66.249.64.86 - - [20/Sep/2021:06:55:38 +0200] "GET /circle-coasters-cupcakes-cbkreation-p-17349.html HTTP/1.0" 200 73331 "-" "Mozilla/5.0 (Linux; Android 6.0.1; Nexus 5X Build/MMB29P) AppleWebKit/537.36 (KHTML, like Gecko) Chrome/93.0.4577.82 Mobile Safari/537.36 (compatible; Googlebot/2.1; +http://www.google.com/bot.html)"
144.76.120.197 - - [20/Sep/2021:06:55:40 +0200] "GET /games-and-toys/soft-toys-security-blanket/nici-bear-plush-p-23188.html HTTP/1.0" 301 70487 "-" "Mozilla/5.0 (compatible; MJ12bot/v1.4.8; http://mj12bot.com/)"
144.76.120.197 - - [20/Sep/2021:06:55:45 +0200] "GET /-p-23188.html HTTP/1.0" 200 70420 "-" "Mozilla/5.0 (compatible; MJ12bot/v1.4.8; http://mj12bot.com/)"
185.191.171.35 - - [20/Sep/2021:06:55:50 +0200] "GET /archangel-michael-statuette-p-48909.html?action=add_product HTTP/1.0" 302 476 "-" "Mozilla/5.0 (compatible; SemrushBot/7~bl; +http://www.semrush.com/bot.html)"
144.76.120.197 - - [20/Sep/2021:06:55:50 +0200] "GET /games-and-toys/soft-toys-security-blanket/nici-brown-sheep-soft-toy-p-13828.html HTTP/1.0" 301 70487 "-" "Mozilla/5.0 (compatible; MJ12bot/v1.4.8; http://mj12bot.com/)"
144.76.120.197 - - [20/Sep/2021:06:55:54 +0200] "GET /-p-13828.html HTTP/1.0" 200 70420 "-" "Mozilla/5.0 (compatible; MJ12bot/v1.4.8; http://mj12bot.com/)"
144.76.120.197 - - [20/Sep/2021:06:55:58 +0200] "GET /games-and-toys/soft-toys-security-blanket/nici-dinos-stegos-soft-toy-p-11452.html HTTP/1.0" 301 70487 "-" "Mozilla/5.0 (compatible; MJ12bot/v1.4.8; http://mj12bot.com/)"
144.76.120.197 - - [20/Sep/2021:06:56:02 +0200] "GET /-p-11452.html HTTP/1.0" 200 70420 "-" "Mozilla/5.0 (compatible; MJ12bot/v1.4.8; http://mj12bot.com/)"
144.76.120.197 - - [20/Sep/2021:06:56:06 +0200] "GET /games-and-toys/soft-toys-security-blanket/nici-dinos-trices-soft-toy-p-11453.html HTTP/1.0" 301 70487 "-" "Mozilla/5.0 (compatible; MJ12bot/v1.4.8; http://mj12bot.com/)"
66.249.64.82 - - [20/Sep/2021:06:56:08 +0200] "GET /coasters-candy-cbkreation-p-15014.html HTTP/1.0" 200 73217 "-" "Mozilla/5.0 (Linux; Android 6.0.1; Nexus 5X Build/MMB29P) AppleWebKit/537.36 (KHTML, like Gecko) Chrome/93.0.4577.82 Mobile Safari/537.36 (compatible; Googlebot/2.1; +http://www.google.com/bot.html)"
144.76.120.197 - - [20/Sep/2021:06:56:11 +0200] "GET /-p-11453.html HTTP/1.0" 200 70420 "-" "Mozilla/5.0 (compatible; MJ12bot/v1.4.8; http://mj12bot.com/)"
144.76.120.197 - - [20/Sep/2021:06:56:14 +0200] "GET /games-and-toys/soft-toys-security-blanket/nici-dragonfly-plush-p-22345.html HTTP/1.0" 301 70487 "-" "Mozilla/5.0 (compatible; MJ12bot/v1.4.8; http://mj12bot.com/)"
144.76.120.197 - - [20/Sep/2021:06:56:19 +0200] "GET /-p-22345.html HTTP/1.0" 200 70420 "-" "Mozilla/5.0 (compatible; MJ12bot/v1.4.8; http://mj12bot.com/)"
144.76.120.197 - - [20/Sep/2021:06:56:23 +0200] "GET /games-and-toys/soft-toys-security-blanket/nici-giraffe-plush-p-22291.html HTTP/1.0" 301 70487 "-" "Mozilla/5.0 (compatible; MJ12bot/v1.4.8; http://mj12bot.com/)"
144.76.120.197 - - [20/Sep/2021:06:56:28 +0200] "GET /-p-22291.html HTTP/1.0" 200 70420 "-" "Mozilla/5.0 (compatible; MJ12bot/v1.4.8; http://mj12bot.com/)"
144.76.120.197 - - [20/Sep/2021:06:56:34 +0200] "GET /games-and-toys/soft-toys-security-blanket/nici-horse-plush-p-22800.html HTTP/1.0" 301 70487 "-" "Mozilla/5.0 (compatible; MJ12bot/v1.4.8; http://mj12bot.com/)"
114.119.128.44 - - [20/Sep/2021:06:56:35 +0200] "GET /candle-virgin-child-p-48670.html HTTP/1.0" 200 73112 "-" "Mozilla/5.0 (Linux; Android 7.0;) AppleWebKit/537.36 (KHTML, like Gecko) Mobile Safari/537.36 (compatible; PetalBot;+https://webmaster.petalsearch.com/site/petalbot)"
144.76.120.197 - - [20/Sep/2021:06:56:39 +0200] "GET /-p-22800.html HTTP/1.0" 200 70420 "-" "Mozilla/5.0 (compatible; MJ12bot/v1.4.8; http://mj12bot.com/)"
144.76.120.197 - - [20/Sep/2021:06:56:44 +0200] "GET /games-and-toys/toys-c-4_45.html HTTP/1.0" 301 89968 "-" "Mozilla/5.0 (compatible; MJ12bot/v1.4.8; http://mj12bot.com/)"
144.76.120.197 - - [20/Sep/2021:06:56:52 +0200] "GET /toys-c-45.html HTTP/1.0" 200 89786 "-" "Mozilla/5.0 (compatible; MJ12bot/v1.4.8; http://mj12bot.com/)"
144.76.120.197 - - [20/Sep/2021:06:57:02 +0200] "GET /games-and-toys/toys-c-4_45.html?page=12 HTTP/1.0" 301 89988 "-" "Mozilla/5.0 (compatible; MJ12bot/v1.4.8; http://mj12bot.com/)"
54.36.148.103 - - [20/Sep/2021:06:57:10 +0200] "GET /mandala-coasters-purple-p-54077.html HTTP/1.0" 200 73087 "-" "Mozilla/5.0 (compatible; AhrefsBot/7.0; +http://ahrefs.com/robot/)"
144.76.120.197 - - [20/Sep/2021:06:57:09 +0200] "GET /toys-c-45.html?page=12 HTTP/1.0" 200 89798 "-" "Mozilla/5.0 (compatible; MJ12bot/v1.4.8; http://mj12bot.com/)"
144.76.120.197 - - [20/Sep/2021:06:57:22 +0200] "GET /games-and-toys/toys/sam-fireman-and-officer-steele-figurine-p-18384.html HTTP/1.0" 301 70487 "-" "Mozilla/5.0 (compatible; MJ12bot/v1.4.8; http://mj12bot.com/)"
207.46.13.85 - - [20/Sep/2021:06:57:26 +0200] "GET /crayola-supertips-washable-lavable-p-16585.html HTTP/1.0" 200 70566 "-" "Mozilla/5.0 (compatible; bingbot/2.0; +http://www.bing.com/bingbot.htm)"
144.76.120.197 - - [20/Sep/2021:06:57:27 +0200] "GET /-p-18384.html HTTP/1.0" 200 70420 "-" "Mozilla/5.0 (compatible; MJ12bot/v1.4.8; http://mj12bot.com/)"
144.76.120.197 - - [20/Sep/2021:06:57:33 +0200] "GET /garde-and-hallebardier-salt-and-pepper-p-28855.html HTTP/1.0" 301 70643 "-" "Mozilla/5.0 (compatible; MJ12bot/v1.4.8; http://mj12bot.com/)"
144.76.120.197 - - [20/Sep/2021:06:57:38 +0200] "GET /garde-hallebardier-salt-pepper-p-28855.html HTTP/1.0" 200 70546 "-" "Mozilla/5.0 (compatible; MJ12bot/v1.4.8; http://mj12bot.com/)"
144.76.120.197 - - [20/Sep/2021:06:57:42 +0200] "GET /garde-hallebardier-salt-pepper-p-28855.html HTTP/1.0" 200 70546 "-" "Mozilla/5.0 (compatible; MJ12bot/v1.4.8; http://mj12bot.com/)"
144.76.120.197 - - [20/Sep/2021:06:57:47 +0200] "GET /gato-bedclothes-260-240-cm-p-44052.html HTTP/1.0" 301 70487 "-" "Mozilla/5.0 (compatible; MJ12bot/v1.4.8; http://mj12bot.com/)"
144.76.120.197 - - [20/Sep/2021:06:57:51 +0200] "GET /-p-44052.html HTTP/1.0" 200 70420 "-" "Mozilla/5.0 (compatible; MJ12bot/v1.4.8; http://mj12bot.com/)"
144.76.120.197 - - [20/Sep/2021:06:57:55 +0200] "GET /gift-box-tetsubin-black-and-gold-teapot-japanese-08-liter-p-38420.html HTTP/1.0" 301 70733 "-" "Mozilla/5.0 (compatible; MJ12bot/v1.4.8; http://mj12bot.com/)"
144.76.120.197 - - [20/Sep/2021:06:57:59 +0200] "GET /gift-tetsubin-black-gold-teapot-japanese-liter-p-38420.html HTTP/1.0" 200 70620 "-" "Mozilla/5.0 (compatible; MJ12bot/v1.4.8; http://mj12bot.com/)"
185.191.171.9 - - [20/Sep/2021:06:58:04 +0200] "GET /betty-boop-bunny-coin-purse-p-13694.html HTTP/1.0" 200 73357 "-" "Mozilla/5.0 (compatible; SemrushBot/7~bl; +http://www.semrush.com/bot.html)"
144.76.120.197 - - [20/Sep/2021:06:58:04 +0200] "GET /gift-box-tetsubin-light-green-teapot-japanese-06-liter-p-38418.html HTTP/1.0" 301 73686 "-" "Mozilla/5.0 (compatible; MJ12bot/v1.4.8; http://mj12bot.com/)"
185.191.171.8 - - [20/Sep/2021:06:58:07 +0200] "GET /zodiac-black-women-shirt-p-30806.html HTTP/1.0" 200 75050 "-" "Mozilla/5.0 (compatible; SemrushBot/7~bl; +http://www.semrush.com/bot.html)"
144.76.120.197 - - [20/Sep/2021:06:58:11 +0200] "GET /gift-tetsubin-light-green-teapot-japanese-liter-p-38418.html HTTP/1.0" 200 73572 "-" "Mozilla/5.0 (compatible; MJ12bot/v1.4.8; http://mj12bot.com/)"
144.76.120.197 - - [20/Sep/2021:06:58:16 +0200] "GET /gift-tetsubin-black-gold-teapot-japanese-liter-p-38420.html HTTP/1.0" 200 70620 "-" "Mozilla/5.0 (compatible; MJ12bot/v1.4.8; http://mj12bot.com/)"
144.76.120.197 - - [20/Sep/2021:06:58:21 +0200] "GET /gift-tetsubin-light-green-teapot-japanese-liter-p-38418.html HTTP/1.0" 200 73572 "-" "Mozilla/5.0 (compatible; MJ12bot/v1.4.8; http://mj12bot.com/)"
144.76.120.197 - - [20/Sep/2021:06:58:27 +0200] "GET /giraffe-decorative-statue-385-cm-p-38559.html HTTP/1.0" 301 70487 "-" "Mozilla/5.0 (compatible; MJ12bot/v1.4.8; http://mj12bot.com/)"
144.76.120.197 - - [20/Sep/2021:06:58:32 +0200] "GET /-p-38559.html HTTP/1.0" 200 70420 "-" "Mozilla/5.0 (compatible; MJ12bot/v1.4.8; http://mj12bot.com/)"
144.76.120.197 - - [20/Sep/2021:06:58:39 +0200] "GET /girls/socks/set-pair-socks-barbie-size-3134-p-24741.html HTTP/1.0" 301 70487 "-" "Mozilla/5.0 (compatible; MJ12bot/v1.4.8; http://mj12bot.com/)"
144.76.120.197 - - [20/Sep/2021:06:58:44 +0200] "GET /-p-24741.html HTTP/1.0" 200 70420 "-" "Mozilla/5.0 (compatible; MJ12bot/v1.4.8; http://mj12bot.com/)"
144.76.120.197 - - [20/Sep/2021:06:58:48 +0200] "GET /glass-bell-with-resin-rifle-p-42304.html HTTP/1.0" 301 70487 "-" "Mozilla/5.0 (compatible; MJ12bot/v1.4.8; http://mj12bot.com/)"
144.76.120.197 - - [20/Sep/2021:06:58:51 +0200] "GET /-p-42304.html HTTP/1.0" 200 70420 "-" "Mozilla/5.0 (compatible; MJ12bot/v1.4.8; http://mj12bot.com/)"
54.36.148.206 - - [20/Sep/2021:06:58:52 +0200] "GET /decorative-hanging-plate-p-55514.html HTTP/1.0" 200 73733 "-" "Mozilla/5.0 (compatible; AhrefsBot/7.0; +http://ahrefs.com/robot/)"
144.76.120.197 - - [20/Sep/2021:06:58:57 +0200] "GET /gorjuss-a5-stitched-notebook-with-cover-heartfelt-p-38207.html HTTP/1.0" 301 70717 "-" "Mozilla/5.0 (compatible; MJ12bot/v1.4.8; http://mj12bot.com/)"
144.76.120.197 - - [20/Sep/2021:06:59:00 +0200] "GET /gorjuss-stitched-notebook-with-cover-heartfelt-p-38207.html HTTP/1.0" 200 70604 "-" "Mozilla/5.0 (compatible; MJ12bot/v1.4.8; http://mj12bot.com/)"
185.191.171.2 - - [20/Sep/2021:06:59:01 +0200] "GET /britto-yellow-ceramic-mug-p-32641.html HTTP/1.0" 301 70616 "-" "Mozilla/5.0 (compatible; SemrushBot/7~bl; +http://www.semrush.com/bot.html)"
144.76.120.197 - - [20/Sep/2021:06:59:05 +0200] "GET /gorjuss-heartfelt-pencil-case-p-38215.html HTTP/1.0" 200 70526 "-" "Mozilla/5.0 (compatible; MJ12bot/v1.4.8; http://mj12bot.com/)"
185.191.171.1 - - [20/Sep/2021:06:59:05 +0200] "GET /britto-yellow-ceramic-p-32641.html HTTP/1.0" 200 70528 "-" "Mozilla/5.0 (compatible; SemrushBot/7~bl; +http://www.semrush.com/bot.html)"
144.76.120.197 - - [20/Sep/2021:06:59:08 +0200] "GET /gorjuss-new-heights-calendar-year-2017-p-36746.html HTTP/1.0" 301 70670 "-" "Mozilla/5.0 (compatible; MJ12bot/v1.4.8; http://mj12bot.com/)"
185.191.171.20 - - [20/Sep/2021:06:59:09 +0200] "GET /corsica-poster-50-70-cm-p-42445.html HTTP/1.0" 301 70569 "-" "Mozilla/5.0 (compatible; SemrushBot/7~bl; +http://www.semrush.com/bot.html)"
185.191.171.38 - - [20/Sep/2021:06:59:12 +0200] "GET /corsica-poster-p-42445.html HTTP/1.0" 200 70488 "-" "Mozilla/5.0 (compatible; SemrushBot/7~bl; +http://www.semrush.com/bot.html)"
144.76.120.197 - - [20/Sep/2021:06:59:13 +0200] "GET /gorjuss-rosie-calendar-year-2018-p-36746.html HTTP/1.0" 200 70571 "-" "Mozilla/5.0 (compatible; MJ12bot/v1.4.8; http://mj12bot.com/)"
144.76.120.197 - - [20/Sep/2021:06:59:17 +0200] "GET /gorjuss-oops-daisy-beauty-bag-p-38217.html HTTP/1.0" 301 70646 "-" "Mozilla/5.0 (compatible; MJ12bot/v1.4.8; http://mj12bot.com/)"
144.76.120.197 - - [20/Sep/2021:06:59:22 +0200] "GET /gorjuss-oops-daisy-beauty-p-38217.html HTTP/1.0" 200 70554 "-" "Mozilla/5.0 (compatible; MJ12bot/v1.4.8; http://mj12bot.com/)"
216.244.66.242 - - [20/Sep/2021:06:59:25 +0200] "GET /robots.txt HTTP/1.0" 200 245 "-" "Mozilla/5.0 (compatible; DotBot/1.2; +https://opensiteexplorer.org/dotbot; help@moz.com)"
144.76.120.197 - - [20/Sep/2021:06:59:26 +0200] "GET /gorjuss-oops-daisy-beauty-p-38217.html HTTP/1.0" 200 70554 "-" "Mozilla/5.0 (compatible; MJ12bot/v1.4.8; http://mj12bot.com/)"
51.68.224.127 - - [20/Sep/2021:06:59:31 +0200] "GET /adminweb/export_orders_xml.php?token=256de2z6edz6ed2z6DFSFsed2zed6zeDSFDSGdzedezfzf&maxorders=10&orderstart=1&status=14&start_date=2018-10-01 HTTP/1.0" 200 285 "-" "GesCom CharlotteBoutik Serveur"
144.76.120.197 - - [20/Sep/2021:06:59:31 +0200] "GET /gorjuss-oops-daisy-large-pink-backpack-p-35559.html HTTP/1.0" 301 70487 "-" "Mozilla/5.0 (compatible; MJ12bot/v1.4.8; http://mj12bot.com/)"
51.68.224.127 - - [20/Sep/2021:06:59:31 +0200] "GET /adminweb/export_orders_xml.php?token=256de2z6edz6ed2z6DFSFsed2zed6zeDSFDSGdzedezfzf&maxorders=10&orderstart=1&status=6&start_date=2018-10-01 HTTP/1.0" 200 32290 "-" "GesCom CharlotteBoutik Serveur"
144.76.120.197 - - [20/Sep/2021:06:59:36 +0200] "GET /-p-35559.html HTTP/1.0" 200 70420 "-" "Mozilla/5.0 (compatible; MJ12bot/v1.4.8; http://mj12bot.com/)"
144.76.120.197 - - [20/Sep/2021:06:59:41 +0200] "GET /gorjuss-poppy-wood-glasses-box-p-24483.html HTTP/1.0" 301 70487 "-" "Mozilla/5.0 (compatible; MJ12bot/v1.4.8; http://mj12bot.com/)"
144.76.120.197 - - [20/Sep/2021:06:59:45 +0200] "GET /-p-24483.html HTTP/1.0" 200 70420 "-" "Mozilla/5.0 (compatible; MJ12bot/v1.4.8; http://mj12bot.com/)"
144.76.120.197 - - [20/Sep/2021:06:59:49 +0200] "GET /gorjuss-purrrrrfect-love-small-cardboard-suitcase-p-28044.html HTTP/1.0" 301 70487 "-" "Mozilla/5.0 (compatible; MJ12bot/v1.4.8; http://mj12bot.com/)"
144.76.120.197 - - [20/Sep/2021:06:59:54 +0200] "GET /-p-28044.html HTTP/1.0" 200 70420 "-" "Mozilla/5.0 (compatible; MJ12bot/v1.4.8; http://mj12bot.com/)"
144.76.120.197 - - [20/Sep/2021:06:59:58 +0200] "GET /gorjuss-rosie-calendar-year-2018-p-36746.html HTTP/1.0" 200 70571 "-" "Mozilla/5.0 (compatible; MJ12bot/v1.4.8; http://mj12bot.com/)"
144.76.120.197 - - [20/Sep/2021:07:00:02 +0200] "GET /gorjuss-ruby-coin-purse-p-19307.html HTTP/1.0" 301 70487 "-" "Mozilla/5.0 (compatible; MJ12bot/v1.4.8; http://mj12bot.com/)"
207.46.13.85 - - [20/Sep/2021:07:00:04 +0200] "GET /harley-davidson-zippo-lighter-p-42863.html HTTP/1.0" 200 73572 "-" "Mozilla/5.0 (compatible; bingbot/2.0; +http://www.bing.com/bingbot.htm)"
144.76.120.197 - - [20/Sep/2021:07:00:09 +0200] "GET /-p-19307.html HTTP/1.0" 200 70420 "-" "Mozilla/5.0 (compatible; MJ12bot/v1.4.8; http://mj12bot.com/)"
144.76.120.197 - - [20/Sep/2021:07:00:15 +0200] "GET /gorjuss-ruby-cookie-tin-p-19964.html HTTP/1.0" 301 70487 "-" "Mozilla/5.0 (compatible; MJ12bot/v1.4.8; http://mj12bot.com/)"
144.76.120.197 - - [20/Sep/2021:07:00:18 +0200] "GET /-p-19964.html HTTP/1.0" 200 70420 "-" "Mozilla/5.0 (compatible; MJ12bot/v1.4.8; http://mj12bot.com/)"
185.191.171.38 - - [20/Sep/2021:07:00:24 +0200] "GET /angry-birds-messenger-p-26357.html HTTP/1.0" 200 73369 "-" "Mozilla/5.0 (compatible; SemrushBot/7~bl; +http://www.semrush.com/bot.html)"
144.76.120.197 - - [20/Sep/2021:07:00:26 +0200] "GET /gorjuss-ruby-large-shopping-bag-p-26611.html HTTP/1.0" 301 70487 "-" "Mozilla/5.0 (compatible; MJ12bot/v1.4.8; http://mj12bot.com/)"
144.76.120.197 - - [20/Sep/2021:07:00:33 +0200] "GET /-p-26611.html HTTP/1.0" 200 70420 "-" "Mozilla/5.0 (compatible; MJ12bot/v1.4.8; http://mj12bot.com/)"
144.76.120.197 - - [20/Sep/2021:07:00:38 +0200] "GET /gorjuss-ruby-money-bank-collection-p-28068.html HTTP/1.0" 301 70487 "-" "Mozilla/5.0 (compatible; MJ12bot/v1.4.8; http://mj12bot.com/)"
114.119.128.50 - - [20/Sep/2021:07:00:33 +0200] "GET /household-linen-c-11.html?page=72 HTTP/1.0" 200 92022 "-" "Mozilla/5.0 (Linux; Android 7.0;) AppleWebKit/537.36 (KHTML, like Gecko) Mobile Safari/537.36 (compatible; PetalBot;+https://webmaster.petalsearch.com/site/petalbot)"
144.76.120.197 - - [20/Sep/2021:07:00:42 +0200] "GET /-p-28068.html HTTP/1.0" 200 70420 "-" "Mozilla/5.0 (compatible; MJ12bot/v1.4.8; http://mj12bot.com/)"
144.76.120.197 - - [20/Sep/2021:07:00:48 +0200] "GET /gorjuss-ruby-suitcase-p-29818.html HTTP/1.0" 301 70487 "-" "Mozilla/5.0 (compatible; MJ12bot/v1.4.8; http://mj12bot.com/)"
54.36.149.98 - - [20/Sep/2021:07:00:49 +0200] "GET /peugeot-magnet-p-15273.html HTTP/1.0" 200 73013 "-" "Mozilla/5.0 (compatible; AhrefsBot/7.0; +http://ahrefs.com/robot/)"
144.76.120.197 - - [20/Sep/2021:07:00:52 +0200] "GET /-p-29818.html HTTP/1.0" 200 70420 "-" "Mozilla/5.0 (compatible; MJ12bot/v1.4.8; http://mj12bot.com/)"
144.76.120.197 - - [20/Sep/2021:07:00:58 +0200] "GET /gorjuss-sparkle-an-bloom-zip-rucksack-cherry-blossom-p-52375.html HTTP/1.0" 301 74421 "-" "Mozilla/5.0 (compatible; MJ12bot/v1.4.8; http://mj12bot.com/)"
144.76.120.197 - - [20/Sep/2021:07:01:07 +0200] "GET /gorjuss-sparkle-bloom-rucksack-cherry-blossom-p-52375.html HTTP/1.0" 200 74309 "-" "Mozilla/5.0 (compatible; MJ12bot/v1.4.8; http://mj12bot.com/)"
66.249.64.84 - - [20/Sep/2021:07:01:10 +0200] "GET /guillermo-forchino-collection-doctor-p-40342.html HTTP/1.0" 200 73221 "-" "Mozilla/5.0 (Linux; Android 6.0.1; Nexus 5X Build/MMB29P) AppleWebKit/537.36 (KHTML, like Gecko) Chrome/93.0.4577.83 Mobile Safari/537.36 (compatible; Googlebot/2.1; +http://www.google.com/bot.html)"
144.76.120.197 - - [20/Sep/2021:07:01:14 +0200] "GET /gorjuss-sparkle-bloom-rucksack-cherry-blossom-p-52375.html HTTP/1.0" 200 74309 "-" "Mozilla/5.0 (compatible; MJ12bot/v1.4.8; http://mj12bot.com/)"
144.76.120.197 - - [20/Sep/2021:07:01:21 +0200] "GET /gorjuss-stitched-notebook-with-cover-heartfelt-p-38207.html HTTP/1.0" 200 70604 "-" "Mozilla/5.0 (compatible; MJ12bot/v1.4.8; http://mj12bot.com/)"
144.76.120.197 - - [20/Sep/2021:07:01:25 +0200] "GET /gorjuss-sugar-and-spice-fontain-pen-p-48094.html HTTP/1.0" 301 70628 "-" "Mozilla/5.0 (compatible; MJ12bot/v1.4.8; http://mj12bot.com/)"
144.76.120.197 - - [20/Sep/2021:07:01:30 +0200] "GET /gorjuss-sugar-spice-fontain-p-48094.html HTTP/1.0" 200 70534 "-" "Mozilla/5.0 (compatible; MJ12bot/v1.4.8; http://mj12bot.com/)"
144.76.120.197 - - [20/Sep/2021:07:01:43 +0200] "GET /gorjuss-sugar-spice-fontain-p-48094.html HTTP/1.0" 200 70534 "-" "Mozilla/5.0 (compatible; MJ12bot/v1.4.8; http://mj12bot.com/)"
185.191.171.44 - - [20/Sep/2021:07:01:44 +0200] "GET /amethyst-salt-lamp-p-50903.html HTTP/1.0" 200 74912 "-" "Mozilla/5.0 (compatible; SemrushBot/7~bl; +http://www.semrush.com/bot.html)"
144.76.120.197 - - [20/Sep/2021:07:01:49 +0200] "GET /great-patina-orangutan-anything-statuette-p-45978.html HTTP/1.0" 200 73333 "-" "Mozilla/5.0 (compatible; MJ12bot/v1.4.8; http://mj12bot.com/)"
144.76.120.197 - - [20/Sep/2021:07:01:56 +0200] "GET /great-patina-orangutan-don-say-anything-statuette-p-45978.html HTTP/1.0" 301 73441 "-" "Mozilla/5.0 (compatible; MJ12bot/v1.4.8; http://mj12bot.com/)"
144.76.120.197 - - [20/Sep/2021:07:02:03 +0200] "GET /great-patina-orangutan-anything-statuette-p-45978.html HTTP/1.0" 200 73333 "-" "Mozilla/5.0 (compatible; MJ12bot/v1.4.8; http://mj12bot.com/)"
144.76.120.197 - - [20/Sep/2021:07:02:10 +0200] "GET /greec-rectangulary-cushion-by-cbkreation-p-36757.html HTTP/1.0" 301 70668 "-" "Mozilla/5.0 (compatible; MJ12bot/v1.4.8; http://mj12bot.com/)"
144.76.120.197 - - [20/Sep/2021:07:02:16 +0200] "GET /greec-rectangulary-cushion-cbkreation-p-36757.html HTTP/1.0" 200 70564 "-" "Mozilla/5.0 (compatible; MJ12bot/v1.4.8; http://mj12bot.com/)"
144.76.120.197 - - [20/Sep/2021:07:02:20 +0200] "GET /greec-rectangulary-cushion-cbkreation-p-36757.html HTTP/1.0" 200 70564 "-" "Mozilla/5.0 (compatible; MJ12bot/v1.4.8; http://mj12bot.com/)"
77.88.5.71 - - [20/Sep/2021:07:02:24 +0200] "GET /peace-small-mug-by-cbkreation-p-15046.html HTTP/1.0" 301 73198 "-" "Mozilla/5.0 (compatible; YandexBot/3.0; +http://yandex.com/bots)"
144.76.120.197 - - [20/Sep/2021:07:02:24 +0200] "GET /grenade-mug-p-38482.html HTTP/1.0" 301 73044 "-" "Mozilla/5.0 (compatible; MJ12bot/v1.4.8; http://mj12bot.com/)"
77.88.5.71 - - [20/Sep/2021:07:02:27 +0200] "GET /peace-small-cbkreation-p-15046.html HTTP/1.0" 200 73109 "-" "Mozilla/5.0 (compatible; YandexBot/3.0; +http://yandex.com/bots)"
144.76.120.197 - - [20/Sep/2021:07:02:31 +0200] "GET /grenade-p-38482.html HTTP/1.0" 200 72970 "-" "Mozilla/5.0 (compatible; MJ12bot/v1.4.8; http://mj12bot.com/)"
54.36.149.19 - - [20/Sep/2021:07:02:31 +0200] "GET /plaid-sofa-throw-portofino-with-fringes-p-47922.html HTTP/1.0" 200 73965 "-" "Mozilla/5.0 (compatible; AhrefsBot/7.0; +http://ahrefs.com/robot/)"
77.88.5.71 - - [20/Sep/2021:07:02:36 +0200] "GET /cafe-gourmand-little-tray-p-39090.html HTTP/1.0" 301 73243 "-" "Mozilla/5.0 (compatible; YandexBot/3.0; +http://yandex.com/bots)"
144.76.120.197 - - [20/Sep/2021:07:02:38 +0200] "GET /grenade-mug-p-38483.html HTTP/1.0" 301 70532 "-" "Mozilla/5.0 (compatible; MJ12bot/v1.4.8; http://mj12bot.com/)"
77.88.5.71 - - [20/Sep/2021:07:02:39 +0200] "GET /gourmand-little-tray-p-39090.html HTTP/1.0" 200 73156 "-" "Mozilla/5.0 (compatible; YandexBot/3.0; +http://yandex.com/bots)"
144.76.120.197 - - [20/Sep/2021:07:02:42 +0200] "GET /grenade-p-38483.html HTTP/1.0" 200 70458 "-" "Mozilla/5.0 (compatible; MJ12bot/v1.4.8; http://mj12bot.com/)"
