54.36.148.79 - - [20/Sep/2021:06:26:30 +0200] "GET /hello-kitty-pink-wristband-p-11966.html HTTP/1.0" 200 73059 "-" "Mozilla/5.0 (compatible; AhrefsBot/7.0; +http://ahrefs.com/robot/)"
144.76.120.197 - - [20/Sep/2021:06:26:35 +0200] "GET /-p-29818.html HTTP/1.0" 200 70420 "-" "Mozilla/5.0 (compatible; MJ12bot/v1.4.8; http://mj12bot.com/)"
144.76.120.197 - - [20/Sep/2021:06:26:39 +0200] "GET /-p-29843.html HTTP/1.0" 200 70420 "-" "Mozilla/5.0 (compatible; MJ12bot/v1.4.8; http://mj12bot.com/)"
144.76.120.197 - - [20/Sep/2021:06:26:44 +0200] "GET /-p-32801.html HTTP/1.0" 200 70420 "-" "Mozilla/5.0 (compatible; MJ12bot/v1.4.8; http://mj12bot.com/)"
144.76.120.197 - - [20/Sep/2021:06:26:49 +0200] "GET /-p-32803.html HTTP/1.0" 200 70420 "-" "Mozilla/5.0 (compatible; MJ12bot/v1.4.8; http://mj12bot.com/)"
144.76.120.197 - - [20/Sep/2021:06:26:55 +0200] "GET /-p-32806.html HTTP/1.0" 200 70420 "-" "Mozilla/5.0 (compatible; MJ12bot/v1.4.8; http://mj12bot.com/)"
144.76.120.197 - - [20/Sep/2021:06:27:01 +0200] "GET /-p-32808.html HTTP/1.0" 200 70420 "-" "Mozilla/5.0 (compatible; MJ12bot/v1.4.8; http://mj12bot.com/)"
144.76.120.197 - - [20/Sep/2021:06:27:06 +0200] "GET /-p-33822.html HTTP/1.0" 200 70420 "-" "Mozilla/5.0 (compatible; MJ12bot/v1.4.8; http://mj12bot.com/)"
144.76.120.197 - - [20/Sep/2021:06:27:11 +0200] "GET /-p-34344.html HTTP/1.0" 200 70420 "-" "Mozilla/5.0 (compatible; MJ12bot/v1.4.8; http://mj12bot.com/)"
144.76.120.197 - - [20/Sep/2021:06:27:15 +0200] "GET /-p-34388.html HTTP/1.0" 200 70420 "-" "Mozilla/5.0 (compatible; MJ12bot/v1.4.8; http://mj12bot.com/)"
144.76.120.197 - - [20/Sep/2021:06:27:20 +0200] "GET /-p-34856.html HTTP/1.0" 200 70420 "-" "Mozilla/5.0 (compatible; MJ12bot/v1.4.8; http://mj12bot.com/)"
144.76.120.197 - - [20/Sep/2021:06:27:26 +0200] "GET /-p-35559.html HTTP/1.0" 200 70420 "-" "Mozilla/5.0 (compatible; MJ12bot/v1.4.8; http://mj12bot.com/)"
144.76.120.197 - - [20/Sep/2021:06:27:30 +0200] "GET /-p-36872.html HTTP/1.0" 200 70420 "-" "Mozilla/5.0 (compatible; MJ12bot/v1.4.8; http://mj12bot.com/)"
144.76.120.197 - - [20/Sep/2021:06:27:34 +0200] "GET /-p-36873.html HTTP/1.0" 200 70420 "-" "Mozilla/5.0 (compatible; MJ12bot/v1.4.8; http://mj12bot.com/)"
144.76.120.197 - - [20/Sep/2021:06:27:39 +0200] "GET /-p-38312.html HTTP/1.0" 200 70420 "-" "Mozilla/5.0 (compatible; MJ12bot/v1.4.8; http://mj12bot.com/)"
144.76.120.197 - - [20/Sep/2021:06:27:43 +0200] "GET /-p-38548.html HTTP/1.0" 200 70420 "-" "Mozilla/5.0 (compatible; MJ12bot/v1.4.8; http://mj12bot.com/)"
144.76.120.197 - - [20/Sep/2021:06:27:46 +0200] "GET /-p-38549.html HTTP/1.0" 200 70420 "-" "Mozilla/5.0 (compatible; MJ12bot/v1.4.8; http://mj12bot.com/)"
114.119.128.40 - - [20/Sep/2021:06:27:52 +0200] "GET /tarot-dreamcatcher-p-43802.html HTTP/1.0" 200 73366 "-" "Mozilla/5.0 (Linux; Android 7.0;) AppleWebKit/537.36 (KHTML, like Gecko) Mobile Safari/537.36 (compatible; PetalBot;+https://webmaster.petalsearch.com/site/petalbot)"
185.191.171.20 - - [20/Sep/2021:06:27:53 +0200] "GET /paperweight-c-129_188.html?page=5 HTTP/1.0" 200 82640 "-" "Mozilla/5.0 (compatible; SemrushBot/7~bl; +http://www.semrush.com/bot.html)"
144.76.120.197 - - [20/Sep/2021:06:27:52 +0200] "GET /-p-38559.html HTTP/1.0" 200 70420 "-" "Mozilla/5.0 (compatible; MJ12bot/v1.4.8; http://mj12bot.com/)"
40.77.167.24 - - [20/Sep/2021:06:27:55 +0200] "GET /franklin-green-swimsuit-p-30241.html HTTP/1.0" 200 74777 "-" "Mozilla/5.0 (compatible; bingbot/2.0; +http://www.bing.com/bingbot.htm)"
144.76.120.197 - - [20/Sep/2021:06:27:57 +0200] "GET /-p-38928.html HTTP/1.0" 200 70420 "-" "Mozilla/5.0 (compatible; MJ12bot/v1.4.8; http://mj12bot.com/)"
144.76.120.197 - - [20/Sep/2021:06:28:01 +0200] "GET /-p-38929.html HTTP/1.0" 200 70420 "-" "Mozilla/5.0 (compatible; MJ12bot/v1.4.8; http://mj12bot.com/)"
144.76.120.197 - - [20/Sep/2021:06:28:08 +0200] "GET /-p-40163.html HTTP/1.0" 200 70420 "-" "Mozilla/5.0 (compatible; MJ12bot/v1.4.8; http://mj12bot.com/)"
144.76.120.197 - - [20/Sep/2021:06:28:14 +0200] "GET /-p-41292.html HTTP/1.0" 200 70420 "-" "Mozilla/5.0 (compatible; MJ12bot/v1.4.8; http://mj12bot.com/)"
144.76.120.197 - - [20/Sep/2021:06:28:18 +0200] "GET /-p-42304.html HTTP/1.0" 200 70420 "-" "Mozilla/5.0 (compatible; MJ12bot/v1.4.8; http://mj12bot.com/)"
144.76.120.197 - - [20/Sep/2021:06:28:23 +0200] "GET /-p-44052.html HTTP/1.0" 200 70420 "-" "Mozilla/5.0 (compatible; MJ12bot/v1.4.8; http://mj12bot.com/)"
144.76.120.197 - - [20/Sep/2021:06:28:28 +0200] "GET /-p-44582.html HTTP/1.0" 200 70420 "-" "Mozilla/5.0 (compatible; MJ12bot/v1.4.8; http://mj12bot.com/)"
144.76.120.197 - - [20/Sep/2021:06:28:33 +0200] "GET /-p-44583.html HTTP/1.0" 200 70420 "-" "Mozilla/5.0 (compatible; MJ12bot/v1.4.8; http://mj12bot.com/)"
144.76.120.197 - - [20/Sep/2021:06:28:39 +0200] "GET /-p-44585.html HTTP/1.0" 200 70420 "-" "Mozilla/5.0 (compatible; MJ12bot/v1.4.8; http://mj12bot.com/)"
144.76.120.197 - - [20/Sep/2021:06:28:44 +0200] "GET /-p-46760.html HTTP/1.0" 200 70420 "-" "Mozilla/5.0 (compatible; MJ12bot/v1.4.8; http://mj12bot.com/)"
144.76.120.197 - - [20/Sep/2021:06:28:50 +0200] "GET /-p-49112.html HTTP/1.0" 200 70420 "-" "Mozilla/5.0 (compatible; MJ12bot/v1.4.8; http://mj12bot.com/)"
185.191.171.34 - - [20/Sep/2021:06:28:54 +0200] "GET /rectangular-indoor-carpet-p-54543.html HTTP/1.0" 200 73898 "-" "Mozilla/5.0 (compatible; SemrushBot/7~bl; +http://www.semrush.com/bot.html)"
144.76.120.197 - - [20/Sep/2021:06:28:54 +0200] "GET /-p-6216.html HTTP/1.0" 200 70418 "-" "Mozilla/5.0 (compatible; MJ12bot/v1.4.8; http://mj12bot.com/)"
144.76.120.197 - - [20/Sep/2021:06:28:58 +0200] "GET /-p-7089.html HTTP/1.0" 200 70418 "-" "Mozilla/5.0 (compatible; MJ12bot/v1.4.8; http://mj12bot.com/)"
185.191.171.33 - - [20/Sep/2021:06:29:02 +0200] "GET /deco-thermometer-gas-pump-47-cm-orange-p-50186.html HTTP/1.0" 301 73255 "-" "Mozilla/5.0 (compatible; SemrushBot/7~bl; +http://www.semrush.com/bot.html)"
144.76.120.197 - - [20/Sep/2021:06:29:03 +0200] "GET /-p-7090.html HTTP/1.0" 200 70418 "-" "Mozilla/5.0 (compatible; MJ12bot/v1.4.8; http://mj12bot.com/)"
185.191.171.43 - - [20/Sep/2021:06:29:04 +0200] "GET /deco-thermometer-pump-orange-p-50186.html HTTP/1.0" 200 73160 "-" "Mozilla/5.0 (compatible; SemrushBot/7~bl; +http://www.semrush.com/bot.html)"
144.76.120.197 - - [20/Sep/2021:06:29:07 +0200] "GET /-p-7091.html HTTP/1.0" 200 70418 "-" "Mozilla/5.0 (compatible; MJ12bot/v1.4.8; http://mj12bot.com/)"
144.76.120.197 - - [20/Sep/2021:06:29:11 +0200] "GET /amys-elephant-p-54773.html HTTP/1.0" 200 73018 "-" "Mozilla/5.0 (compatible; MJ12bot/v1.4.8; http://mj12bot.com/)"
144.76.120.197 - - [20/Sep/2021:06:29:18 +0200] "GET /ariel-princess-passion-figurine-p-52403.html HTTP/1.0" 200 74267 "-" "Mozilla/5.0 (compatible; MJ12bot/v1.4.8; http://mj12bot.com/)"
144.76.120.197 - - [20/Sep/2021:06:29:23 +0200] "GET /avengers-thor-helmet-p-29843.html HTTP/1.0" 301 70487 "-" "Mozilla/5.0 (compatible; MJ12bot/v1.4.8; http://mj12bot.com/)"
144.76.120.197 - - [20/Sep/2021:06:29:27 +0200] "GET /-p-29843.html HTTP/1.0" 200 70420 "-" "Mozilla/5.0 (compatible; MJ12bot/v1.4.8; http://mj12bot.com/)"
144.76.120.197 - - [20/Sep/2021:06:29:30 +0200] "GET /ball-plush-kaloo-bliss-p-19234.html HTTP/1.0" 301 70487 "-" "Mozilla/5.0 (compatible; MJ12bot/v1.4.8; http://mj12bot.com/)"
144.76.120.197 - - [20/Sep/2021:06:29:35 +0200] "GET /-p-19234.html HTTP/1.0" 200 70420 "-" "Mozilla/5.0 (compatible; MJ12bot/v1.4.8; http://mj12bot.com/)"
144.76.120.197 - - [20/Sep/2021:06:29:39 +0200] "GET /ballerina-musical-jewelry-box-glow-in-the-dark-p-53237.html HTTP/1.0" 301 74741 "-" "Mozilla/5.0 (compatible; MJ12bot/v1.4.8; http://mj12bot.com/)"
54.36.148.186 - - [20/Sep/2021:06:29:40 +0200] "GET /barbecue-aperitif-c-12_254.html HTTP/1.0" 200 89796 "-" "Mozilla/5.0 (compatible; AhrefsBot/7.0; +http://ahrefs.com/robot/)"
144.76.120.197 - - [20/Sep/2021:06:29:42 +0200] "GET /ballerina-musical-jewelry-glow-dark-p-53237.html HTTP/1.0" 200 74639 "-" "Mozilla/5.0 (compatible; MJ12bot/v1.4.8; http://mj12bot.com/)"
185.191.171.3 - - [20/Sep/2021:06:29:45 +0200] "GET /croissant-metal-metal-paper-reel-p-42683.html?action=add_product HTTP/1.0" 302 476 "-" "Mozilla/5.0 (compatible; SemrushBot/7~bl; +http://www.semrush.com/bot.html)"
144.76.120.197 - - [20/Sep/2021:06:29:46 +0200] "GET /ballerina-musical-jewelry-glow-dark-p-53237.html HTTP/1.0" 200 74639 "-" "Mozilla/5.0 (compatible; MJ12bot/v1.4.8; http://mj12bot.com/)"
54.36.148.45 - - [20/Sep/2021:06:29:50 +0200] "GET /rapunzel-daring-heights-figure-collection-p-29064.html HTTP/1.0" 301 70487 "-" "Mozilla/5.0 (compatible; AhrefsBot/7.0; +http://ahrefs.com/robot/)"
144.76.120.197 - - [20/Sep/2021:06:29:54 +0200] "GET /barbabright-hochet-soft-toy-p-18896.html HTTP/1.0" 301 70487 "-" "Mozilla/5.0 (compatible; MJ12bot/v1.4.8; http://mj12bot.com/)"
144.76.120.197 - - [20/Sep/2021:06:29:59 +0200] "GET /-p-18896.html HTTP/1.0" 200 70420 "-" "Mozilla/5.0 (compatible; MJ12bot/v1.4.8; http://mj12bot.com/)"
144.76.120.197 - - [20/Sep/2021:06:30:03 +0200] "GET /barbapapa-soft-p-48936.html HTTP/1.0" 200 72844 "-" "Mozilla/5.0 (compatible; MJ12bot/v1.4.8; http://mj12bot.com/)"
144.76.120.197 - - [20/Sep/2021:06:30:07 +0200] "GET /barbapapa-soft-toy-14-cm-p-48936.html HTTP/1.0" 301 72925 "-" "Mozilla/5.0 (compatible; MJ12bot/v1.4.8; http://mj12bot.com/)"
185.191.171.17 - - [20/Sep/2021:06:30:10 +0200] "GET /cacao-large-bowl-p-50613.html HTTP/1.0" 200 72982 "-" "Mozilla/5.0 (compatible; SemrushBot/7~bl; +http://www.semrush.com/bot.html)"
144.76.120.197 - - [20/Sep/2021:06:30:12 +0200] "GET /barbapapa-soft-p-48936.html HTTP/1.0" 200 72844 "-" "Mozilla/5.0 (compatible; MJ12bot/v1.4.8; http://mj12bot.com/)"
144.76.120.197 - - [20/Sep/2021:06:30:16 +0200] "GET /barbapapa-soft-toy-14-cm-p-6216.html HTTP/1.0" 301 70484 "-" "Mozilla/5.0 (compatible; MJ12bot/v1.4.8; http://mj12bot.com/)"
144.76.120.197 - - [20/Sep/2021:06:30:20 +0200] "GET /-p-6216.html HTTP/1.0" 200 70418 "-" "Mozilla/5.0 (compatible; MJ12bot/v1.4.8; http://mj12bot.com/)"
157.55.39.172 - - [20/Sep/2021:06:30:24 +0200] "GET /gund-mini-tiger-sound-plush-p-34854.html HTTP/1.0" 200 73191 "-" "Mozilla/5.0 (compatible; bingbot/2.0; +http://www.bing.com/bingbot.htm)"
144.76.120.197 - - [20/Sep/2021:06:30:25 +0200] "GET /basket-rattan-braided-p-48060.html HTTP/1.0" 200 70514 "-" "Mozilla/5.0 (compatible; MJ12bot/v1.4.8; http://mj12bot.com/)"
144.76.120.197 - - [20/Sep/2021:06:30:31 +0200] "GET /basket-rattan-end-braided-30-cm-p-48060.html HTTP/1.0" 301 70602 "-" "Mozilla/5.0 (compatible; MJ12bot/v1.4.8; http://mj12bot.com/)"
144.76.120.197 - - [20/Sep/2021:06:30:37 +0200] "GET /basket-rattan-braided-p-48060.html HTTP/1.0" 200 70514 "-" "Mozilla/5.0 (compatible; MJ12bot/v1.4.8; http://mj12bot.com/)"
144.76.120.197 - - [20/Sep/2021:06:30:42 +0200] "GET /bears-decoration-p-52397.html HTTP/1.0" 200 73170 "-" "Mozilla/5.0 (compatible; MJ12bot/v1.4.8; http://mj12bot.com/)"
144.76.120.197 - - [20/Sep/2021:06:30:51 +0200] "GET /belle-figure-collection-book-smart-beauty-p-52402.html HTTP/1.0" 200 74248 "-" "Mozilla/5.0 (compatible; MJ12bot/v1.4.8; http://mj12bot.com/)"
144.76.120.197 - - [20/Sep/2021:06:30:57 +0200] "GET /black-metal-lamp-p-51788.html HTTP/1.0" 200 70474 "-" "Mozilla/5.0 (compatible; MJ12bot/v1.4.8; http://mj12bot.com/)"
144.76.120.197 - - [20/Sep/2021:06:31:05 +0200] "GET /bottle-rack-best-wine-p-53207.html HTTP/1.0" 200 73143 "-" "Mozilla/5.0 (compatible; MJ12bot/v1.4.8; http://mj12bot.com/)"
216.244.66.242 - - [20/Sep/2021:06:31:08 +0200] "GET /espresso-cups-bistro-p-49738.html HTTP/1.0" 200 73069 "-" "Mozilla/5.0 (compatible; DotBot/1.2; +https://opensiteexplorer.org/dotbot; help@moz.com)"
144.76.120.197 - - [20/Sep/2021:06:31:13 +0200] "GET /bottle-rack-the-best-wine-p-53207.html HTTP/1.0" 301 73231 "-" "Mozilla/5.0 (compatible; MJ12bot/v1.4.8; http://mj12bot.com/)"
216.244.66.242 - - [20/Sep/2021:06:31:14 +0200] "GET /memo-clip-p-47106.html HTTP/1.0" 200 72988 "-" "Mozilla/5.0 (compatible; DotBot/1.2; +https://opensiteexplorer.org/dotbot; help@moz.com)"
216.244.66.242 - - [20/Sep/2021:06:31:18 +0200] "GET /metal-hook-support-p-41213.html HTTP/1.0" 200 73122 "-" "Mozilla/5.0 (compatible; DotBot/1.2; +https://opensiteexplorer.org/dotbot; help@moz.com)"
144.76.120.197 - - [20/Sep/2021:06:31:21 +0200] "GET /bottle-rack-best-wine-p-53207.html HTTP/1.0" 200 73143 "-" "Mozilla/5.0 (compatible; MJ12bot/v1.4.8; http://mj12bot.com/)"
144.76.120.197 - - [20/Sep/2021:06:31:25 +0200] "GET /candle-hours-black-p-42092.html HTTP/1.0" 200 73188 "-" "Mozilla/5.0 (compatible; MJ12bot/v1.4.8; http://mj12bot.com/)"
144.76.120.197 - - [20/Sep/2021:06:31:31 +0200] "GET /candy-cloud-coin-purse-dasha-p-49865.html HTTP/1.0" 200 73123 "-" "Mozilla/5.0 (compatible; MJ12bot/v1.4.8; http://mj12bot.com/)"
144.76.120.197 - - [20/Sep/2021:06:31:37 +0200] "GET /candy-cloud-dasha-p-49876.html HTTP/1.0" 200 73397 "-" "Mozilla/5.0 (compatible; MJ12bot/v1.4.8; http://mj12bot.com/)"
144.76.120.197 - - [20/Sep/2021:06:31:45 +0200] "GET /candy-cloud-pen-dasha-p-49876.html HTTP/1.0" 301 73481 "-" "Mozilla/5.0 (compatible; MJ12bot/v1.4.8; http://mj12bot.com/)"
185.191.171.9 - - [20/Sep/2021:06:31:51 +0200] "GET /large-seahorse-statue-wooden-66-cm-p-48278.html HTTP/1.0" 301 70487 "-" "Mozilla/5.0 (compatible; SemrushBot/7~bl; +http://www.semrush.com/bot.html)"
144.76.120.197 - - [20/Sep/2021:06:31:52 +0200] "GET /candy-cloud-dasha-p-49876.html HTTP/1.0" 200 73397 "-" "Mozilla/5.0 (compatible; MJ12bot/v1.4.8; http://mj12bot.com/)"
185.191.171.42 - - [20/Sep/2021:06:31:53 +0200] "GET /-p-48278.html HTTP/1.0" 200 70420 "-" "Mozilla/5.0 (compatible; SemrushBot/7~bl; +http://www.semrush.com/bot.html)"
114.119.128.44 - - [20/Sep/2021:06:31:56 +0200] "GET /galileo-thermometer-indoors-p-55398.html HTTP/1.0" 200 73814 "-" "Mozilla/5.0 (Linux; Android 7.0;) AppleWebKit/537.36 (KHTML, like Gecko) Mobile Safari/537.36 (compatible; PetalBot;+https://webmaster.petalsearch.com/site/petalbot)"
144.76.120.197 - - [20/Sep/2021:06:31:59 +0200] "GET /carpet-and-doormat-c-11_167.html?page=1 HTTP/1.0" 301 90744 "-" "Mozilla/5.0 (compatible; MJ12bot/v1.4.8; http://mj12bot.com/)"
144.76.120.197 - - [20/Sep/2021:06:32:07 +0200] "GET /decorative-carpets-c-167.html?page=1 HTTP/1.0" 301 90677 "-" "Mozilla/5.0 (compatible; MJ12bot/v1.4.8; http://mj12bot.com/)"
144.76.120.197 - - [20/Sep/2021:06:32:15 +0200] "GET /decorative-carpets-c-11_269_167.html?page=1 HTTP/1.0" 200 90807 "-" "Mozilla/5.0 (compatible; MJ12bot/v1.4.8; http://mj12bot.com/)"
144.76.120.197 - - [20/Sep/2021:06:32:22 +0200] "GET /carpet-imitation-cowhide-140-195-cm-p-46760.html HTTP/1.0" 301 70487 "-" "Mozilla/5.0 (compatible; MJ12bot/v1.4.8; http://mj12bot.com/)"
144.76.120.197 - - [20/Sep/2021:06:32:28 +0200] "GET /-p-46760.html HTTP/1.0" 200 70420 "-" "Mozilla/5.0 (compatible; MJ12bot/v1.4.8; http://mj12bot.com/)"
144.76.120.197 - - [20/Sep/2021:06:32:33 +0200] "GET /carved-chest-mango-wood-malle-p-45996.html HTTP/1.0" 200 70524 "-" "Mozilla/5.0 (compatible; MJ12bot/v1.4.8; http://mj12bot.com/)"
54.36.149.16 - - [20/Sep/2021:06:32:38 +0200] "GET /cats-dubout-dish-p-42361.html HTTP/1.0" 200 73028 "-" "Mozilla/5.0 (compatible; AhrefsBot/7.0; +http://ahrefs.com/robot/)"
185.191.171.6 - - [20/Sep/2021:06:32:38 +0200] "GET /clocks-c-13_67.html?page=3 HTTP/1.0" 200 93325 "-" "Mozilla/5.0 (compatible; SemrushBot/7~bl; +http://www.semrush.com/bot.html)"
144.76.120.197 - - [20/Sep/2021:06:32:40 +0200] "GET /carved-chest-of-mango-wood-malle-37-cm-p-45996.html HTTP/1.0" 301 70620 "-" "Mozilla/5.0 (compatible; MJ12bot/v1.4.8; http://mj12bot.com/)"
144.76.120.197 - - [20/Sep/2021:06:32:46 +0200] "GET /carved-chest-mango-wood-malle-p-45996.html HTTP/1.0" 200 70524 "-" "Mozilla/5.0 (compatible; MJ12bot/v1.4.8; http://mj12bot.com/)"
144.76.120.197 - - [20/Sep/2021:06:32:53 +0200] "GET /cats-mini-rectangular-tray-p-54908.html HTTP/1.0" 200 73200 "-" "Mozilla/5.0 (compatible; MJ12bot/v1.4.8; http://mj12bot.com/)"
185.191.171.12 - - [20/Sep/2021:06:32:59 +0200] "GET /cbkreation-p-40960.html?action=add_product HTTP/1.0" 302 476 "-" "Mozilla/5.0 (compatible; SemrushBot/7~bl; +http://www.semrush.com/bot.html)"
144.76.120.197 - - [20/Sep/2021:06:33:01 +0200] "GET /ceramic-lamp-235-cm-p-51791.html HTTP/1.0" 301 70553 "-" "Mozilla/5.0 (compatible; MJ12bot/v1.4.8; http://mj12bot.com/)"
66.249.64.84 - - [20/Sep/2021:06:33:05 +0200] "GET /small-baby-teeth-eliot-p-56212.html HTTP/1.0" 200 73249 "-" "Mozilla/5.0 (Linux; Android 6.0.1; Nexus 5X Build/MMB29P) AppleWebKit/537.36 (KHTML, like Gecko) Chrome/93.0.4577.82 Mobile Safari/537.36 (compatible; Googlebot/2.1; +http://www.google.com/bot.html)"
66.249.64.86 - - [20/Sep/2021:06:33:06 +0200] "GET /images/mini_prod/5415203601537.jpg HTTP/1.0" 200 269 "-" "Googlebot-Image/1.0"
144.76.120.197 - - [20/Sep/2021:06:33:07 +0200] "GET /ceramic-lamp-p-51791.html HTTP/1.0" 200 70474 "-" "Mozilla/5.0 (compatible; MJ12bot/v1.4.8; http://mj12bot.com/)"
144.76.120.197 - - [20/Sep/2021:06:33:14 +0200] "GET /ceramic-lamp-p-51791.html HTTP/1.0" 200 70474 "-" "Mozilla/5.0 (compatible; MJ12bot/v1.4.8; http://mj12bot.com/)"
144.76.120.197 - - [20/Sep/2021:06:33:22 +0200] "GET /chihuahua-white-mug-p-49733.html HTTP/1.0" 301 73047 "-" "Mozilla/5.0 (compatible; MJ12bot/v1.4.8; http://mj12bot.com/)"
144.76.120.197 - - [20/Sep/2021:06:33:30 +0200] "GET /chihuahua-white-p-49733.html HTTP/1.0" 200 72965 "-" "Mozilla/5.0 (compatible; MJ12bot/v1.4.8; http://mj12bot.com/)"
144.76.120.197 - - [20/Sep/2021:06:33:37 +0200] "GET /chihuahua-white-p-49733.html HTTP/1.0" 200 72965 "-" "Mozilla/5.0 (compatible; MJ12bot/v1.4.8; http://mj12bot.com/)"
185.191.171.34 - - [20/Sep/2021:06:33:44 +0200] "GET /-p-46502.html?action=add_product HTTP/1.0" 302 476 "-" "Mozilla/5.0 (compatible; SemrushBot/7~bl; +http://www.semrush.com/bot.html)"
144.76.120.197 - - [20/Sep/2021:06:33:44 +0200] "GET /coffee-rtro-perpetual-calendar-p-28414.html HTTP/1.0" 200 72889 "-" "Mozilla/5.0 (compatible; MJ12bot/v1.4.8; http://mj12bot.com/)"
144.76.120.197 - - [20/Sep/2021:06:33:51 +0200] "GET /cuddly-bath-toy-elmer-p-2236.html HTTP/1.0" 301 70484 "-" "Mozilla/5.0 (compatible; MJ12bot/v1.4.8; http://mj12bot.com/)"
54.36.148.103 - - [20/Sep/2021:06:33:57 +0200] "GET /cotton-floor-cushion-charline-p-51084.html HTTP/1.0" 301 70487 "-" "Mozilla/5.0 (compatible; AhrefsBot/7.0; +http://ahrefs.com/robot/)"
185.191.171.39 - - [20/Sep/2021:06:33:59 +0200] "GET /darling-bedclothes-p-51592.html HTTP/1.0" 200 73101 "-" "Mozilla/5.0 (compatible; SemrushBot/7~bl; +http://www.semrush.com/bot.html)"
144.76.120.197 - - [20/Sep/2021:06:34:00 +0200] "GET /-p-2236.html HTTP/1.0" 200 70418 "-" "Mozilla/5.0 (compatible; MJ12bot/v1.4.8; http://mj12bot.com/)"
144.76.120.197 - - [20/Sep/2021:06:34:05 +0200] "GET /decorative-carpets-c-167.html?page=1 HTTP/1.0" 301 90677 "-" "Mozilla/5.0 (compatible; MJ12bot/v1.4.8; http://mj12bot.com/)"
66.249.64.82 - - [20/Sep/2021:06:34:09 +0200] "GET /coasters-silicone-p-38020.html HTTP/1.0" 200 73083 "-" "Mozilla/5.0 (Linux; Android 6.0.1; Nexus 5X Build/MMB29P) AppleWebKit/537.36 (KHTML, like Gecko) Chrome/93.0.4577.83 Mobile Safari/537.36 (compatible; Googlebot/2.1; +http://www.google.com/bot.html)"
144.76.120.197 - - [20/Sep/2021:06:34:13 +0200] "GET /decorative-carpets-c-11_269_167.html?page=1 HTTP/1.0" 200 90807 "-" "Mozilla/5.0 (compatible; MJ12bot/v1.4.8; http://mj12bot.com/)"
144.76.120.197 - - [20/Sep/2021:06:34:20 +0200] "GET /earth-globe-moneybox-p-52309.html HTTP/1.0" 200 73017 "-" "Mozilla/5.0 (compatible; MJ12bot/v1.4.8; http://mj12bot.com/)"
144.76.120.197 - - [20/Sep/2021:06:34:26 +0200] "GET /ethnic-wooden-shelf-cabinet-white-patina-p-45818.html HTTP/1.0" 200 73278 "-" "Mozilla/5.0 (compatible; MJ12bot/v1.4.8; http://mj12bot.com/)"
144.76.120.197 - - [20/Sep/2021:06:34:32 +0200] "GET /figurines-fireman-nicolas-p-55656.html HTTP/1.0" 200 73236 "-" "Mozilla/5.0 (compatible; MJ12bot/v1.4.8; http://mj12bot.com/)"
144.76.120.197 - - [20/Sep/2021:06:34:39 +0200] "GET /flamingo-floor-mat-45-75-cm-p-49112.html HTTP/1.0" 301 70487 "-" "Mozilla/5.0 (compatible; MJ12bot/v1.4.8; http://mj12bot.com/)"
74.125.209.48 - - [20/Sep/2021:06:34:48 +0200] "GET /images/3519570005560.jpg HTTP/1.0" 200 259 "-" "Mozilla/5.0 (Windows NT 5.1; rv:11.0) Gecko Firefox/11.0 (via ggpht.com GoogleImageProxy)"
144.76.120.197 - - [20/Sep/2021:06:34:49 +0200] "GET /-p-49112.html HTTP/1.0" 200 70420 "-" "Mozilla/5.0 (compatible; MJ12bot/v1.4.8; http://mj12bot.com/)"
144.76.120.197 - - [20/Sep/2021:06:34:55 +0200] "GET /forest-friends-snow-white-figurine-p-45968.html HTTP/1.0" 200 74817 "-" "Mozilla/5.0 (compatible; MJ12bot/v1.4.8; http://mj12bot.com/)"
144.76.120.197 - - [20/Sep/2021:06:35:02 +0200] "GET /games-and-toys/soft-toys-security-blanket-c-4_46.html?page=2 HTTP/1.0" 301 92518 "-" "Mozilla/5.0 (compatible; MJ12bot/v1.4.8; http://mj12bot.com/)"
144.76.120.197 - - [20/Sep/2021:06:35:08 +0200] "GET /soft-toys-security-blanket-c-46.html?page=2 HTTP/1.0" 301 92406 "-" "Mozilla/5.0 (compatible; MJ12bot/v1.4.8; http://mj12bot.com/)"
144.76.120.197 - - [20/Sep/2021:06:35:14 +0200] "GET /soft-toys-security-blanket-c-4_46.html?page=2 HTTP/1.0" 200 92421 "-" "Mozilla/5.0 (compatible; MJ12bot/v1.4.8; http://mj12bot.com/)"
144.76.120.197 - - [20/Sep/2021:06:35:22 +0200] "GET /games-and-toys/soft-toys-security-blanket-c-4_46.html?page=3 HTTP/1.0" 301 92828 "-" "Mozilla/5.0 (compatible; MJ12bot/v1.4.8; http://mj12bot.com/)"
185.191.171.25 - - [20/Sep/2021:06:35:27 +0200] "GET /home-decoration-c-13.html?page=75 HTTP/1.0" 200 92685 "-" "Mozilla/5.0 (compatible; SemrushBot/7~bl; +http://www.semrush.com/bot.html)"
144.76.120.197 - - [20/Sep/2021:06:35:27 +0200] "GET /soft-toys-security-blanket-c-46.html?page=3 HTTP/1.0" 301 92716 "-" "Mozilla/5.0 (compatible; MJ12bot/v1.4.8; http://mj12bot.com/)"
54.36.148.170 - - [20/Sep/2021:06:35:33 +0200] "GET /household-linen-c-11.html?page=59 HTTP/1.0" 200 93073 "-" "Mozilla/5.0 (compatible; AhrefsBot/7.0; +http://ahrefs.com/robot/)"
95.163.255.141 - - [20/Sep/2021:06:35:35 +0200] "GET /robots.txt HTTP/1.0" 200 245 "-" "Mozilla/5.0 (compatible; Linux x86_64; Mail.RU_Bot/Img/2.0; +http://go.mail.ru/help/robots)"
95.163.255.140 - - [20/Sep/2021:06:35:37 +0200] "GET /images/1399984227237.jpg HTTP/1.0" 200 259 "http://go.mail.ru/search_images" "Mozilla/5.0 (compatible; Linux x86_64; Mail.RU_Bot/Img/2.0; +http://go.mail.ru/help/robots)"
144.76.120.197 - - [20/Sep/2021:06:35:36 +0200] "GET /soft-toys-security-blanket-c-4_46.html?page=3 HTTP/1.0" 200 92731 "-" "Mozilla/5.0 (compatible; MJ12bot/v1.4.8; http://mj12bot.com/)"
144.76.120.197 - - [20/Sep/2021:06:35:44 +0200] "GET /games-and-toys/soft-toys-security-blanket-c-4_46.html?page=4 HTTP/1.0" 301 92496 "-" "Mozilla/5.0 (compatible; MJ12bot/v1.4.8; http://mj12bot.com/)"
144.76.120.197 - - [20/Sep/2021:06:35:50 +0200] "GET /soft-toys-security-blanket-c-46.html?page=4 HTTP/1.0" 301 92384 "-" "Mozilla/5.0 (compatible; MJ12bot/v1.4.8; http://mj12bot.com/)"
144.76.120.197 - - [20/Sep/2021:06:35:59 +0200] "GET /soft-toys-security-blanket-c-4_46.html?page=4 HTTP/1.0" 200 92399 "-" "Mozilla/5.0 (compatible; MJ12bot/v1.4.8; http://mj12bot.com/)"
144.76.120.197 - - [20/Sep/2021:06:36:04 +0200] "GET /games-and-toys/soft-toys-security-blanket-c-4_46.html?page=5 HTTP/1.0" 301 92692 "-" "Mozilla/5.0 (compatible; MJ12bot/v1.4.8; http://mj12bot.com/)"
144.76.120.197 - - [20/Sep/2021:06:36:09 +0200] "GET /soft-toys-security-blanket-c-46.html?page=5 HTTP/1.0" 301 92580 "-" "Mozilla/5.0 (compatible; MJ12bot/v1.4.8; http://mj12bot.com/)"
144.76.120.197 - - [20/Sep/2021:06:36:14 +0200] "GET /soft-toys-security-blanket-c-4_46.html?page=5 HTTP/1.0" 200 92595 "-" "Mozilla/5.0 (compatible; MJ12bot/v1.4.8; http://mj12bot.com/)"
144.76.120.197 - - [20/Sep/2021:06:36:21 +0200] "GET /games-and-toys/soft-toys-security-blanket-c-4_46.html?page=6 HTTP/1.0" 301 92240 "-" "Mozilla/5.0 (compatible; MJ12bot/v1.4.8; http://mj12bot.com/)"
144.76.120.197 - - [20/Sep/2021:06:36:27 +0200] "GET /soft-toys-security-blanket-c-46.html?page=6 HTTP/1.0" 301 92128 "-" "Mozilla/5.0 (compatible; MJ12bot/v1.4.8; http://mj12bot.com/)"
144.76.120.197 - - [20/Sep/2021:06:36:32 +0200] "GET /soft-toys-security-blanket-c-4_46.html?page=6 HTTP/1.0" 200 92143 "-" "Mozilla/5.0 (compatible; MJ12bot/v1.4.8; http://mj12bot.com/)"
144.76.120.197 - - [20/Sep/2021:06:36:36 +0200] "GET /games-and-toys/soft-toys-security-blanket-c-4_46.html?page=7 HTTP/1.0" 301 91078 "-" "Mozilla/5.0 (compatible; MJ12bot/v1.4.8; http://mj12bot.com/)"
185.191.171.17 - - [20/Sep/2021:06:36:40 +0200] "GET /hippocrate-statuette-bronze-aspect-resin-p-53644.html HTTP/1.0" 200 73263 "-" "Mozilla/5.0 (compatible; SemrushBot/7~bl; +http://www.semrush.com/bot.html)"
144.76.120.197 - - [20/Sep/2021:06:36:42 +0200] "GET /soft-toys-security-blanket-c-46.html?page=7 HTTP/1.0" 301 90966 "-" "Mozilla/5.0 (compatible; MJ12bot/v1.4.8; http://mj12bot.com/)"
144.76.120.197 - - [20/Sep/2021:06:36:47 +0200] "GET /soft-toys-security-blanket-c-4_46.html?page=7 HTTP/1.0" 200 90981 "-" "Mozilla/5.0 (compatible; MJ12bot/v1.4.8; http://mj12bot.com/)"
144.76.120.197 - - [20/Sep/2021:06:36:53 +0200] "GET /games-and-toys/soft-toys-security-blanket-c-4_46.html?page=8 HTTP/1.0" 301 91078 "-" "Mozilla/5.0 (compatible; MJ12bot/v1.4.8; http://mj12bot.com/)"
144.76.120.197 - - [20/Sep/2021:06:36:58 +0200] "GET /soft-toys-security-blanket-c-46.html?page=8 HTTP/1.0" 301 90966 "-" "Mozilla/5.0 (compatible; MJ12bot/v1.4.8; http://mj12bot.com/)"
144.76.120.197 - - [20/Sep/2021:06:37:04 +0200] "GET /soft-toys-security-blanket-c-4_46.html?page=8 HTTP/1.0" 200 90981 "-" "Mozilla/5.0 (compatible; MJ12bot/v1.4.8; http://mj12bot.com/)"
40.77.167.24 - - [20/Sep/2021:06:37:06 +0200] "GET /scrooge-duck-tales-disney-traditions-p-47125.html HTTP/1.0" 200 74618 "-" "Mozilla/5.0 (compatible; bingbot/2.0; +http://www.bing.com/bingbot.htm)"
144.76.120.197 - - [20/Sep/2021:06:37:07 +0200] "GET /games-and-toys/soft-toys-security-blanket-c-4_46.html?page=9 HTTP/1.0" 301 91078 "-" "Mozilla/5.0 (compatible; MJ12bot/v1.4.8; http://mj12bot.com/)"
144.76.120.197 - - [20/Sep/2021:06:37:13 +0200] "GET /soft-toys-security-blanket-c-46.html?page=9 HTTP/1.0" 301 90966 "-" "Mozilla/5.0 (compatible; MJ12bot/v1.4.8; http://mj12bot.com/)"
144.76.120.197 - - [20/Sep/2021:06:37:18 +0200] "GET /soft-toys-security-blanket-c-4_46.html?page=9 HTTP/1.0" 200 90981 "-" "Mozilla/5.0 (compatible; MJ12bot/v1.4.8; http://mj12bot.com/)"
144.76.120.197 - - [20/Sep/2021:06:37:23 +0200] "GET /games-and-toys/soft-toys-security-blanket/ball-plush-kaloo-bliss-p-19234.html HTTP/1.0" 301 70487 "-" "Mozilla/5.0 (compatible; MJ12bot/v1.4.8; http://mj12bot.com/)"
185.191.171.40 - - [20/Sep/2021:06:37:25 +0200] "GET /bottle-despicable-p-36838.html?action=add_product HTTP/1.0" 302 476 "-" "Mozilla/5.0 (compatible; SemrushBot/7~bl; +http://www.semrush.com/bot.html)"
144.76.120.197 - - [20/Sep/2021:06:37:28 +0200] "GET /-p-19234.html HTTP/1.0" 200 70420 "-" "Mozilla/5.0 (compatible; MJ12bot/v1.4.8; http://mj12bot.com/)"
144.76.120.197 - - [20/Sep/2021:06:37:33 +0200] "GET /games-and-toys/soft-toys-security-blanket/barbabeau-soft-toy-p-14331.html HTTP/1.0" 301 70487 "-" "Mozilla/5.0 (compatible; MJ12bot/v1.4.8; http://mj12bot.com/)"
144.76.120.197 - - [20/Sep/2021:06:37:39 +0200] "GET /-p-14331.html HTTP/1.0" 200 70420 "-" "Mozilla/5.0 (compatible; MJ12bot/v1.4.8; http://mj12bot.com/)"
144.76.120.197 - - [20/Sep/2021:06:37:46 +0200] "GET /games-and-toys/soft-toys-security-blanket/barbabelle-soft-toy-135-p-14333.html HTTP/1.0" 301 70487 "-" "Mozilla/5.0 (compatible; MJ12bot/v1.4.8; http://mj12bot.com/)"
144.76.120.197 - - [20/Sep/2021:06:37:52 +0200] "GET /-p-14333.html HTTP/1.0" 200 70420 "-" "Mozilla/5.0 (compatible; MJ12bot/v1.4.8; http://mj12bot.com/)"
144.76.120.197 - - [20/Sep/2021:06:37:57 +0200] "GET /games-and-toys/soft-toys-security-blanket/barbabelle-soft-toy-p-14333.html HTTP/1.0" 301 70487 "-" "Mozilla/5.0 (compatible; MJ12bot/v1.4.8; http://mj12bot.com/)"
144.76.120.197 - - [20/Sep/2021:06:38:01 +0200] "GET /-p-14333.html HTTP/1.0" 200 70420 "-" "Mozilla/5.0 (compatible; MJ12bot/v1.4.8; http://mj12bot.com/)"
66.249.64.82 - - [20/Sep/2021:06:38:05 +0200] "GET /home/stationery-school-supplies/kimmidoll-chichiro-notepad-set-p-11323.html HTTP/1.0" 301 73382 "-" "Mozilla/5.0 (compatible; Googlebot/2.1; +http://www.google.com/bot.html)"
66.249.64.82 - - [20/Sep/2021:06:38:06 +0200] "GET /kimmidoll-notepad-p-11323.html HTTP/1.0" 200 73298 "-" "Mozilla/5.0 (compatible; Googlebot/2.1; +http://www.google.com/bot.html)"
144.76.120.197 - - [20/Sep/2021:06:38:06 +0200] "GET /games-and-toys/soft-toys-security-blanket/barbabo-hochet-soft-toy-p-18895.html HTTP/1.0" 301 70487 "-" "Mozilla/5.0 (compatible; MJ12bot/v1.4.8; http://mj12bot.com/)"
144.76.120.197 - - [20/Sep/2021:06:38:12 +0200] "GET /-p-18895.html HTTP/1.0" 200 70420 "-" "Mozilla/5.0 (compatible; MJ12bot/v1.4.8; http://mj12bot.com/)"
144.76.120.197 - - [20/Sep/2021:06:38:16 +0200] "GET /games-and-toys/soft-toys-security-blanket/barbabravo-soft-toy-p-14328.html HTTP/1.0" 301 70487 "-" "Mozilla/5.0 (compatible; MJ12bot/v1.4.8; http://mj12bot.com/)"
54.36.149.89 - - [20/Sep/2021:06:38:18 +0200] "GET /plaid-sofa-throw-portofino-with-fringes-beige-p-47923.html HTTP/1.0" 200 74005 "-" "Mozilla/5.0 (compatible; AhrefsBot/7.0; +http://ahrefs.com/robot/)"
144.76.120.197 - - [20/Sep/2021:06:38:23 +0200] "GET /-p-14328.html HTTP/1.0" 200 70420 "-" "Mozilla/5.0 (compatible; MJ12bot/v1.4.8; http://mj12bot.com/)"
144.76.120.197 - - [20/Sep/2021:06:38:27 +0200] "GET /games-and-toys/soft-toys-security-blanket/barbabravo-soft-toy-p-27912.html HTTP/1.0" 301 70487 "-" "Mozilla/5.0 (compatible; MJ12bot/v1.4.8; http://mj12bot.com/)"
144.76.120.197 - - [20/Sep/2021:06:38:31 +0200] "GET /-p-27912.html HTTP/1.0" 200 70420 "-" "Mozilla/5.0 (compatible; MJ12bot/v1.4.8; http://mj12bot.com/)"
144.76.120.197 - - [20/Sep/2021:06:38:38 +0200] "GET /games-and-toys/soft-toys-security-blanket/barbabright-barbapapa-soft-toy-125-p-14334.html HTTP/1.0" 301 70487 "-" "Mozilla/5.0 (compatible; MJ12bot/v1.4.8; http://mj12bot.com/)"
144.76.120.197 - - [20/Sep/2021:06:38:45 +0200] "GET /-p-14334.html HTTP/1.0" 200 70420 "-" "Mozilla/5.0 (compatible; MJ12bot/v1.4.8; http://mj12bot.com/)"
144.76.120.197 - - [20/Sep/2021:06:38:52 +0200] "GET /games-and-toys/soft-toys-security-blanket/barbabright-hochet-soft-toy-p-18896.html HTTP/1.0" 301 70487 "-" "Mozilla/5.0 (compatible; MJ12bot/v1.4.8; http://mj12bot.com/)"
144.76.120.197 - - [20/Sep/2021:06:38:59 +0200] "GET /-p-18896.html HTTP/1.0" 200 70420 "-" "Mozilla/5.0 (compatible; MJ12bot/v1.4.8; http://mj12bot.com/)"
144.76.120.197 - - [20/Sep/2021:06:39:07 +0200] "GET /games-and-toys/soft-toys-security-blanket/barbabright-security-blanket-p-14336.html HTTP/1.0" 301 70487 "-" "Mozilla/5.0 (compatible; MJ12bot/v1.4.8; http://mj12bot.com/)"
144.76.120.197 - - [20/Sep/2021:06:39:15 +0200] "GET /-p-14336.html HTTP/1.0" 200 70420 "-" "Mozilla/5.0 (compatible; MJ12bot/v1.4.8; http://mj12bot.com/)"
144.76.120.197 - - [20/Sep/2021:06:39:22 +0200] "GET /games-and-toys/soft-toys-security-blanket/barbalala-soft-toy-p-11135.html HTTP/1.0" 301 70487 "-" "Mozilla/5.0 (compatible; MJ12bot/v1.4.8; http://mj12bot.com/)"
144.76.120.197 - - [20/Sep/2021:06:39:30 +0200] "GET /-p-11135.html HTTP/1.0" 200 70420 "-" "Mozilla/5.0 (compatible; MJ12bot/v1.4.8; http://mj12bot.com/)"
144.76.120.197 - - [20/Sep/2021:06:39:36 +0200] "GET /games-and-toys/soft-toys-security-blanket/barbalib-soft-toy-p-11142.html HTTP/1.0" 301 70487 "-" "Mozilla/5.0 (compatible; MJ12bot/v1.4.8; http://mj12bot.com/)"
144.76.120.197 - - [20/Sep/2021:06:39:43 +0200] "GET /-p-11142.html HTTP/1.0" 200 70420 "-" "Mozilla/5.0 (compatible; MJ12bot/v1.4.8; http://mj12bot.com/)"
144.76.120.197 - - [20/Sep/2021:06:39:49 +0200] "GET /games-and-toys/soft-toys-security-blanket/barbalib-soft-toy-p-14329.html HTTP/1.0" 301 70487 "-" "Mozilla/5.0 (compatible; MJ12bot/v1.4.8; http://mj12bot.com/)"
144.76.120.197 - - [20/Sep/2021:06:39:57 +0200] "GET /-p-14329.html HTTP/1.0" 200 70420 "-" "Mozilla/5.0 (compatible; MJ12bot/v1.4.8; http://mj12bot.com/)"
185.191.171.24 - - [20/Sep/2021:06:40:00 +0200] "GET /service-moneybox-p-37053.html HTTP/1.0" 200 73051 "-" "Mozilla/5.0 (compatible; SemrushBot/7~bl; +http://www.semrush.com/bot.html)"
185.191.171.9 - - [20/Sep/2021:06:40:03 +0200] "GET /petit-prince-exupry-collection-p-55418.html?action=add_product HTTP/1.0" 302 476 "-" "Mozilla/5.0 (compatible; SemrushBot/7~bl; +http://www.semrush.com/bot.html)"
144.76.120.197 - - [20/Sep/2021:06:40:05 +0200] "GET /games-and-toys/soft-toys-security-blanket/barbamama-plush-p-18884.html HTTP/1.0" 301 70487 "-" "Mozilla/5.0 (compatible; MJ12bot/v1.4.8; http://mj12bot.com/)"
114.119.128.40 - - [20/Sep/2021:06:40:07 +0200] "GET /happy-figure-collection-romero-britto-p-53438.html HTTP/1.0" 200 74663 "-" "Mozilla/5.0 (Linux; Android 7.0;) AppleWebKit/537.36 (KHTML, like Gecko) Mobile Safari/537.36 (compatible; PetalBot;+https://webmaster.petalsearch.com/site/petalbot)"
40.77.167.67 - - [20/Sep/2021:06:40:08 +0200] "GET /bottle-holder-beer-bucket-c-12_224.html HTTP/1.0" 200 89853 "-" "Mozilla/5.0 (compatible; bingbot/2.0; +http://www.bing.com/bingbot.htm)"
185.191.171.6 - - [20/Sep/2021:06:40:10 +0200] "GET /vespa-blue-pocket-keychain-p-32658.html HTTP/1.0" 200 73754 "-" "Mozilla/5.0 (compatible; SemrushBot/7~bl; +http://www.semrush.com/bot.html)"
144.76.120.197 - - [20/Sep/2021:06:40:11 +0200] "GET /-p-18884.html HTTP/1.0" 200 70420 "-" "Mozilla/5.0 (compatible; MJ12bot/v1.4.8; http://mj12bot.com/)"
144.76.120.197 - - [20/Sep/2021:06:40:21 +0200] "GET /games-and-toys/soft-toys-security-blanket/barbapapa-family-soft-toy-box-p-25786.html HTTP/1.0" 301 70487 "-" "Mozilla/5.0 (compatible; MJ12bot/v1.4.8; http://mj12bot.com/)"
144.76.120.197 - - [20/Sep/2021:06:40:28 +0200] "GET /-p-25786.html HTTP/1.0" 200 70420 "-" "Mozilla/5.0 (compatible; MJ12bot/v1.4.8; http://mj12bot.com/)"
144.76.120.197 - - [20/Sep/2021:06:40:33 +0200] "GET /games-and-toys/soft-toys-security-blanket/barbapapa-soft-toy-p-6216.html HTTP/1.0" 301 70484 "-" "Mozilla/5.0 (compatible; MJ12bot/v1.4.8; http://mj12bot.com/)"
144.76.120.197 - - [20/Sep/2021:06:40:39 +0200] "GET /-p-6216.html HTTP/1.0" 200 70418 "-" "Mozilla/5.0 (compatible; MJ12bot/v1.4.8; http://mj12bot.com/)"
144.76.120.197 - - [20/Sep/2021:06:40:46 +0200] "GET /games-and-toys/soft-toys-security-blanket/barbazoo-barbapapa-soft-toy-p-14332.html HTTP/1.0" 301 70487 "-" "Mozilla/5.0 (compatible; MJ12bot/v1.4.8; http://mj12bot.com/)"
144.76.120.197 - - [20/Sep/2021:06:40:51 +0200] "GET /-p-14332.html HTTP/1.0" 200 70420 "-" "Mozilla/5.0 (compatible; MJ12bot/v1.4.8; http://mj12bot.com/)"
144.76.120.197 - - [20/Sep/2021:06:40:57 +0200] "GET /games-and-toys/soft-toys-security-blanket/barbazoo-soft-toy-p-11141.html HTTP/1.0" 301 70487 "-" "Mozilla/5.0 (compatible; MJ12bot/v1.4.8; http://mj12bot.com/)"
144.76.120.197 - - [20/Sep/2021:06:41:01 +0200] "GET /-p-11141.html HTTP/1.0" 200 70420 "-" "Mozilla/5.0 (compatible; MJ12bot/v1.4.8; http://mj12bot.com/)"
54.36.148.170 - - [20/Sep/2021:06:41:04 +0200] "GET /mirror-c-13_133.html HTTP/1.0" 200 92137 "-" "Mozilla/5.0 (compatible; AhrefsBot/7.0; +http://ahrefs.com/robot/)"
144.76.120.197 - - [20/Sep/2021:06:41:07 +0200] "GET /games-and-toys/soft-toys-security-blanket/beanie-boos-bugsy-the-ladybug-p-15636.html HTTP/1.0" 301 70487 "-" "Mozilla/5.0 (compatible; MJ12bot/v1.4.8; http://mj12bot.com/)"
144.76.120.197 - - [20/Sep/2021:06:41:13 +0200] "GET /-p-15636.html HTTP/1.0" 200 70420 "-" "Mozilla/5.0 (compatible; MJ12bot/v1.4.8; http://mj12bot.com/)"
51.68.224.127 - - [20/Sep/2021:06:41:16 +0200] "GET /adminweb/export_orders_xml.php?token=256de2z6edz6ed2z6DFSFsed2zed6zeDSFDSGdzedezfzf&maxorders=10&orderstart=1&status=14&start_date=2018-10-01 HTTP/1.0" 200 285 "-" "GesCom CharlotteBoutik Serveur"
51.68.224.127 - - [20/Sep/2021:06:41:16 +0200] "GET /adminweb/export_orders_xml.php?token=256de2z6edz6ed2z6DFSFsed2zed6zeDSFDSGdzedezfzf&maxorders=10&orderstart=1&status=6&start_date=2018-10-01 HTTP/1.0" 200 32290 "-" "GesCom CharlotteBoutik Serveur"
144.76.120.197 - - [20/Sep/2021:06:41:18 +0200] "GET /games-and-toys/soft-toys-security-blanket/beanie-boos-fetch-the-dalmatian-p-11973.html HTTP/1.0" 301 70487 "-" "Mozilla/5.0 (compatible; MJ12bot/v1.4.8; http://mj12bot.com/)"
144.76.120.197 - - [20/Sep/2021:06:41:22 +0200] "GET /-p-11973.html HTTP/1.0" 200 70420 "-" "Mozilla/5.0 (compatible; MJ12bot/v1.4.8; http://mj12bot.com/)"
144.76.120.197 - - [20/Sep/2021:06:41:25 +0200] "GET /games-and-toys/soft-toys-security-blanket/beanie-boos-penguin-waddles-p-19342.html HTTP/1.0" 301 70487 "-" "Mozilla/5.0 (compatible; MJ12bot/v1.4.8; http://mj12bot.com/)"
144.76.120.197 - - [20/Sep/2021:06:41:30 +0200] "GET /-p-19342.html HTTP/1.0" 200 70420 "-" "Mozilla/5.0 (compatible; MJ12bot/v1.4.8; http://mj12bot.com/)"
144.76.120.197 - - [20/Sep/2021:06:41:35 +0200] "GET /games-and-toys/soft-toys-security-blanket/beanie-boos-princess-the-pink-poodle-p-15641.html HTTP/1.0" 301 70487 "-" "Mozilla/5.0 (compatible; MJ12bot/v1.4.8; http://mj12bot.com/)"
144.76.120.197 - - [20/Sep/2021:06:41:39 +0200] "GET /-p-15641.html HTTP/1.0" 200 70420 "-" "Mozilla/5.0 (compatible; MJ12bot/v1.4.8; http://mj12bot.com/)"
144.76.120.197 - - [20/Sep/2021:06:41:44 +0200] "GET /games-and-toys/soft-toys-security-blanket/beanie-boos-rainbow-the-unicorn-p-20541.html HTTP/1.0" 301 70487 "-" "Mozilla/5.0 (compatible; MJ12bot/v1.4.8; http://mj12bot.com/)"
144.76.120.197 - - [20/Sep/2021:06:41:50 +0200] "GET /-p-20541.html HTTP/1.0" 200 70420 "-" "Mozilla/5.0 (compatible; MJ12bot/v1.4.8; http://mj12bot.com/)"
144.76.120.197 - - [20/Sep/2021:06:41:55 +0200] "GET /games-and-toys/soft-toys-security-blanket/beanie-boos-turtle-sandy-p-19338.html HTTP/1.0" 301 70487 "-" "Mozilla/5.0 (compatible; MJ12bot/v1.4.8; http://mj12bot.com/)"
144.76.120.197 - - [20/Sep/2021:06:42:00 +0200] "GET /-p-19338.html HTTP/1.0" 200 70420 "-" "Mozilla/5.0 (compatible; MJ12bot/v1.4.8; http://mj12bot.com/)"
144.76.120.197 - - [20/Sep/2021:06:42:06 +0200] "GET /games-and-toys/soft-toys-security-blanket/beanie-buddy-hello-kitty-baby-p-15625.html HTTP/1.0" 301 70487 "-" "Mozilla/5.0 (compatible; MJ12bot/v1.4.8; http://mj12bot.com/)"
144.76.120.197 - - [20/Sep/2021:06:42:10 +0200] "GET /-p-15625.html HTTP/1.0" 200 70420 "-" "Mozilla/5.0 (compatible; MJ12bot/v1.4.8; http://mj12bot.com/)"
144.76.120.197 - - [20/Sep/2021:06:42:15 +0200] "GET /games-and-toys/soft-toys-security-blanket/bear-pompons-doudou-kaloo-bliss-p-19216.html HTTP/1.0" 301 70487 "-" "Mozilla/5.0 (compatible; MJ12bot/v1.4.8; http://mj12bot.com/)"
144.76.120.197 - - [20/Sep/2021:06:42:20 +0200] "GET /-p-19216.html HTTP/1.0" 200 70420 "-" "Mozilla/5.0 (compatible; MJ12bot/v1.4.8; http://mj12bot.com/)"
144.76.120.197 - - [20/Sep/2021:06:42:25 +0200] "GET /games-and-toys/soft-toys-security-blanket/bear-pop-plush-britto-p-13016.html HTTP/1.0" 301 70487 "-" "Mozilla/5.0 (compatible; MJ12bot/v1.4.8; http://mj12bot.com/)"
144.76.120.197 - - [20/Sep/2021:06:42:31 +0200] "GET /-p-13016.html HTTP/1.0" 200 70420 "-" "Mozilla/5.0 (compatible; MJ12bot/v1.4.8; http://mj12bot.com/)"
144.76.120.197 - - [20/Sep/2021:06:42:35 +0200] "GET /games-and-toys/soft-toys-security-blanket/bear-pop-puppet-britto-p-15447.html HTTP/1.0" 301 70487 "-" "Mozilla/5.0 (compatible; MJ12bot/v1.4.8; http://mj12bot.com/)"
144.76.120.197 - - [20/Sep/2021:06:42:40 +0200] "GET /-p-15447.html HTTP/1.0" 200 70420 "-" "Mozilla/5.0 (compatible; MJ12bot/v1.4.8; http://mj12bot.com/)"
95.163.255.129 - - [20/Sep/2021:06:42:42 +0200] "GET /robots.txt HTTP/1.0" 301 531 "-" "Mozilla/5.0 (compatible; Linux x86_64; Mail.RU_Bot/Img/2.0; +http://go.mail.ru/help/robots)"
144.76.120.197 - - [20/Sep/2021:06:42:45 +0200] "GET /games-and-toys/soft-toys-security-blanket/bip-bip-plush-p-24122.html HTTP/1.0" 301 70487 "-" "Mozilla/5.0 (compatible; MJ12bot/v1.4.8; http://mj12bot.com/)"
95.163.255.131 - - [20/Sep/2021:06:42:47 +0200] "GET /images/5018997516607.jpg HTTP/1.0" 301 559 "http://go.mail.ru/search_images" "Mozilla/5.0 (compatible; Linux x86_64; Mail.RU_Bot/Img/2.0; +http://go.mail.ru/help/robots)"
95.163.255.129 - - [20/Sep/2021:06:42:49 +0200] "GET /images/5018997516607.jpg HTTP/1.0" 200 259 "http://wonder-geek.com/images/5018997516607.jpg" "Mozilla/5.0 (compatible; Linux x86_64; Mail.RU_Bot/Img/2.0; +http://go.mail.ru/help/robots)"
144.76.120.197 - - [20/Sep/2021:06:42:49 +0200] "GET /-p-24122.html HTTP/1.0" 200 70420 "-" "Mozilla/5.0 (compatible; MJ12bot/v1.4.8; http://mj12bot.com/)"
54.36.148.122 - - [20/Sep/2021:06:42:52 +0200] "GET /teo-jasmin-grey-mini-mug-p-34923.html HTTP/1.0" 301 70487 "-" "Mozilla/5.0 (compatible; AhrefsBot/7.0; +http://ahrefs.com/robot/)"
144.76.120.197 - - [20/Sep/2021:06:42:53 +0200] "GET /games-and-toys/soft-toys-security-blanket/bip-bip-plush-p-24125.html HTTP/1.0" 301 70487 "-" "Mozilla/5.0 (compatible; MJ12bot/v1.4.8; http://mj12bot.com/)"
144.76.120.197 - - [20/Sep/2021:06:42:57 +0200] "GET /-p-24125.html HTTP/1.0" 200 70420 "-" "Mozilla/5.0 (compatible; MJ12bot/v1.4.8; http://mj12bot.com/)"
144.76.120.197 - - [20/Sep/2021:06:43:02 +0200] "GET /games-and-toys/soft-toys-security-blanket/cape-baby-lelly-p-17721.html HTTP/1.0" 301 70487 "-" "Mozilla/5.0 (compatible; MJ12bot/v1.4.8; http://mj12bot.com/)"
144.76.120.197 - - [20/Sep/2021:06:43:08 +0200] "GET /-p-17721.html HTTP/1.0" 200 70420 "-" "Mozilla/5.0 (compatible; MJ12bot/v1.4.8; http://mj12bot.com/)"
144.76.120.197 - - [20/Sep/2021:06:43:14 +0200] "GET /games-and-toys/soft-toys-security-blanket/captain-haddock-tintin-soft-toy-p-12001.html HTTP/1.0" 301 70487 "-" "Mozilla/5.0 (compatible; MJ12bot/v1.4.8; http://mj12bot.com/)"
144.76.120.197 - - [20/Sep/2021:06:43:19 +0200] "GET /-p-12001.html HTTP/1.0" 200 70420 "-" "Mozilla/5.0 (compatible; MJ12bot/v1.4.8; http://mj12bot.com/)"
185.191.171.25 - - [20/Sep/2021:06:43:20 +0200] "GET /support-metal-bottle-the-cyclist-p-44915.html HTTP/1.0" 301 73270 "-" "Mozilla/5.0 (compatible; SemrushBot/7~bl; +http://www.semrush.com/bot.html)"
144.76.120.197 - - [20/Sep/2021:06:43:24 +0200] "GET /games-and-toys/soft-toys-security-blanket/cat-pop-plush-britto-p-11220.html HTTP/1.0" 301 70487 "-" "Mozilla/5.0 (compatible; MJ12bot/v1.4.8; http://mj12bot.com/)"
185.191.171.6 - - [20/Sep/2021:06:43:24 +0200] "GET /support-metal-bottle-cyclist-p-44915.html HTTP/1.0" 200 73175 "-" "Mozilla/5.0 (compatible; SemrushBot/7~bl; +http://www.semrush.com/bot.html)"
144.76.120.197 - - [20/Sep/2021:06:43:30 +0200] "GET /-p-11220.html HTTP/1.0" 200 70420 "-" "Mozilla/5.0 (compatible; MJ12bot/v1.4.8; http://mj12bot.com/)"
144.76.120.197 - - [20/Sep/2021:06:43:35 +0200] "GET /games-and-toys/soft-toys-security-blanket/cat-with-hat-doudou-kaloo-bliss-p-19217.html HTTP/1.0" 301 70487 "-" "Mozilla/5.0 (compatible; MJ12bot/v1.4.8; http://mj12bot.com/)"
185.191.171.36 - - [20/Sep/2021:06:43:38 +0200] "GET /small-statuette-marie-dore-p-55485.html HTTP/1.0" 200 73777 "-" "Mozilla/5.0 (compatible; SemrushBot/7~bl; +http://www.semrush.com/bot.html)"
144.76.120.197 - - [20/Sep/2021:06:43:40 +0200] "GET /-p-19217.html HTTP/1.0" 200 70420 "-" "Mozilla/5.0 (compatible; MJ12bot/v1.4.8; http://mj12bot.com/)"
144.76.120.197 - - [20/Sep/2021:06:43:45 +0200] "GET /games-and-toys/soft-toys-security-blanket/charmmy-kitty-and-his-hamster-soft-toy-p-11200.html HTTP/1.0" 301 70487 "-" "Mozilla/5.0 (compatible; MJ12bot/v1.4.8; http://mj12bot.com/)"
144.76.120.197 - - [20/Sep/2021:06:43:52 +0200] "GET /-p-11200.html HTTP/1.0" 200 70420 "-" "Mozilla/5.0 (compatible; MJ12bot/v1.4.8; http://mj12bot.com/)"
54.36.148.152 - - [20/Sep/2021:06:43:54 +0200] "GET /kiub-collection-cats-cool-p-56238.html HTTP/1.0" 200 73882 "-" "Mozilla/5.0 (compatible; AhrefsBot/7.0; +http://ahrefs.com/robot/)"
144.76.120.197 - - [20/Sep/2021:06:43:57 +0200] "GET /games-and-toys/soft-toys-security-blanket/charmmy-kitty-soft-toy-p-12224.html HTTP/1.0" 301 70487 "-" "Mozilla/5.0 (compatible; MJ12bot/v1.4.8; http://mj12bot.com/)"
144.76.120.197 - - [20/Sep/2021:06:44:02 +0200] "GET /-p-12224.html HTTP/1.0" 200 70420 "-" "Mozilla/5.0 (compatible; MJ12bot/v1.4.8; http://mj12bot.com/)"
144.76.120.197 - - [20/Sep/2021:06:44:07 +0200] "GET /games-and-toys/soft-toys-security-blanket/chubby-bear-kaloo-moonlight-soft-toy-p-15718.html HTTP/1.0" 301 70487 "-" "Mozilla/5.0 (compatible; MJ12bot/v1.4.8; http://mj12bot.com/)"
144.76.120.197 - - [20/Sep/2021:06:44:12 +0200] "GET /-p-15718.html HTTP/1.0" 200 70420 "-" "Mozilla/5.0 (compatible; MJ12bot/v1.4.8; http://mj12bot.com/)"
144.76.120.197 - - [20/Sep/2021:06:44:15 +0200] "GET /games-and-toys/soft-toys-security-blanket/classic-blue-rabbit-doudou-kaloo-plume-p-15717.html HTTP/1.0" 301 70487 "-" "Mozilla/5.0 (compatible; MJ12bot/v1.4.8; http://mj12bot.com/)"
114.119.128.5 - - [20/Sep/2021:06:44:16 +0200] "GET /wicker-basket-20-cm-p-48603.html HTTP/1.0" 301 73106 "-" "Mozilla/5.0 (Linux; Android 7.0;) AppleWebKit/537.36 (KHTML, like Gecko) Mobile Safari/537.36 (compatible; PetalBot;+https://webmaster.petalsearch.com/site/petalbot)"
114.119.128.5 - - [20/Sep/2021:06:44:18 +0200] "GET /wicker-basket-p-48603.html HTTP/1.0" 200 73026 "-" "Mozilla/5.0 (Linux; Android 7.0;) AppleWebKit/537.36 (KHTML, like Gecko) Mobile Safari/537.36 (compatible; PetalBot;+https://webmaster.petalsearch.com/site/petalbot)"
144.76.120.197 - - [20/Sep/2021:06:44:21 +0200] "GET /-p-15717.html HTTP/1.0" 200 70420 "-" "Mozilla/5.0 (compatible; MJ12bot/v1.4.8; http://mj12bot.com/)"
144.76.120.197 - - [20/Sep/2021:06:44:26 +0200] "GET /games-and-toys/soft-toys-security-blanket/classic-plush-wild-wild-best-brownie-the-monkey-p-11125.html HTTP/1.0" 301 70487 "-" "Mozilla/5.0 (compatible; MJ12bot/v1.4.8; http://mj12bot.com/)"
17.121.113.37 - - [20/Sep/2021:06:44:27 +0200] "GET /elephants-ceramic-perfume-diffuser-cream-p-47206.html HTTP/1.0" 200 73929 "-" "Mozilla/5.0 (Macintosh; Intel Mac OS X 10_15_5) AppleWebKit/605.1.15 (KHTML, like Gecko) Version/13.1.1 Safari/605.1.15 (Applebot/0.1; +http://www.apple.com/go/applebot)"
144.76.120.197 - - [20/Sep/2021:06:44:30 +0200] "GET /-p-11125.html HTTP/1.0" 200 70420 "-" "Mozilla/5.0 (compatible; MJ12bot/v1.4.8; http://mj12bot.com/)"
144.76.120.197 - - [20/Sep/2021:06:44:35 +0200] "GET /games-and-toys/soft-toys-security-blanket/classic-plush-wild-wild-best-coconut-the-monkey-p-11996.html HTTP/1.0" 301 70487 "-" "Mozilla/5.0 (compatible; MJ12bot/v1.4.8; http://mj12bot.com/)"
144.76.120.197 - - [20/Sep/2021:06:44:41 +0200] "GET /-p-11996.html HTTP/1.0" 200 70420 "-" "Mozilla/5.0 (compatible; MJ12bot/v1.4.8; http://mj12bot.com/)"
144.76.120.197 - - [20/Sep/2021:06:44:46 +0200] "GET /games-and-toys/soft-toys-security-blanket/classic-plush-wild-wild-best-coconut-the-monkey-p-20714.html HTTP/1.0" 301 70487 "-" "Mozilla/5.0 (compatible; MJ12bot/v1.4.8; http://mj12bot.com/)"
144.76.120.197 - - [20/Sep/2021:06:44:51 +0200] "GET /-p-20714.html HTTP/1.0" 200 70420 "-" "Mozilla/5.0 (compatible; MJ12bot/v1.4.8; http://mj12bot.com/)"
144.76.120.197 - - [20/Sep/2021:06:44:55 +0200] "GET /games-and-toys/soft-toys-security-blanket/classic-plush-wild-wild-best-iceberg-the-polar-bear-p-11123.html HTTP/1.0" 301 70487 "-" "Mozilla/5.0 (compatible; MJ12bot/v1.4.8; http://mj12bot.com/)"
144.76.120.197 - - [20/Sep/2021:06:45:01 +0200] "GET /-p-11123.html HTTP/1.0" 200 70420 "-" "Mozilla/5.0 (compatible; MJ12bot/v1.4.8; http://mj12bot.com/)"
144.76.120.197 - - [20/Sep/2021:06:45:06 +0200] "GET /games-and-toys/soft-toys-security-blanket/classic-plush-wild-wild-best-india-the-white-tiger-p-11128.html HTTP/1.0" 301 70487 "-" "Mozilla/5.0 (compatible; MJ12bot/v1.4.8; http://mj12bot.com/)"
144.76.120.197 - - [20/Sep/2021:06:45:11 +0200] "GET /-p-11128.html HTTP/1.0" 200 70420 "-" "Mozilla/5.0 (compatible; MJ12bot/v1.4.8; http://mj12bot.com/)"
54.162.102.36 - - [20/Sep/2021:06:45:12 +0200] "GET /robots.txt HTTP/1.0" 301 531 "-" "MixnodeCache/1.8(+https://cache.mixnode.com/)"
54.162.102.36 - - [20/Sep/2021:06:45:13 +0200] "GET /robots.txt HTTP/1.0" 200 245 "-" "MixnodeCache/1.8(+https://cache.mixnode.com/)"
54.162.102.36 - - [20/Sep/2021:06:45:13 +0200] "GET /ads.txt HTTP/1.0" 301 525 "-" "MixnodeCache/1.8(+https://cache.mixnode.com/)"
144.76.120.197 - - [20/Sep/2021:06:45:15 +0200] "GET /games-and-toys/soft-toys-security-blanket/cuddly-bath-toy-elmer-p-2236.html HTTP/1.0" 301 70484 "-" "Mozilla/5.0 (compatible; MJ12bot/v1.4.8; http://mj12bot.com/)"
144.76.120.197 - - [20/Sep/2021:06:45:20 +0200] "GET /-p-2236.html HTTP/1.0" 200 70418 "-" "Mozilla/5.0 (compatible; MJ12bot/v1.4.8; http://mj12bot.com/)"
185.191.171.8 - - [20/Sep/2021:06:45:20 +0200] "GET /small-tinbox-rtro-motorcycle-p-41353.html HTTP/1.0" 200 70554 "-" "Mozilla/5.0 (compatible; SemrushBot/7~bl; +http://www.semrush.com/bot.html)"
144.76.120.197 - - [20/Sep/2021:06:45:25 +0200] "GET /games-and-toys/soft-toys-security-blanket/cushion-plush-teddy-elmer-p-13316.html HTTP/1.0" 301 70487 "-" "Mozilla/5.0 (compatible; MJ12bot/v1.4.8; http://mj12bot.com/)"
144.76.120.197 - - [20/Sep/2021:06:45:30 +0200] "GET /-p-13316.html HTTP/1.0" 200 70420 "-" "Mozilla/5.0 (compatible; MJ12bot/v1.4.8; http://mj12bot.com/)"
144.76.120.197 - - [20/Sep/2021:06:45:37 +0200] "GET /games-and-toys/soft-toys-security-blanket/diddl-bibombl-soft-toy-p-7091.html HTTP/1.0" 301 70484 "-" "Mozilla/5.0 (compatible; MJ12bot/v1.4.8; http://mj12bot.com/)"
144.76.120.197 - - [20/Sep/2021:06:45:42 +0200] "GET /-p-7091.html HTTP/1.0" 200 70418 "-" "Mozilla/5.0 (compatible; MJ12bot/v1.4.8; http://mj12bot.com/)"
144.76.120.197 - - [20/Sep/2021:06:45:48 +0200] "GET /games-and-toys/soft-toys-security-blanket/diddl-milimits-soft-toy-p-7089.html HTTP/1.0" 301 70484 "-" "Mozilla/5.0 (compatible; MJ12bot/v1.4.8; http://mj12bot.com/)"
