35.243.252.220 - - [20/Sep/2021:03:51:26 +0200] "GET /robots.txt HTTP/1.0" 200 2438 "-" "ZoominfoBot (zoominfobot at zoominfo dot com)"
77.88.5.71 - - [20/Sep/2021:03:51:53 +0200] "GET /images/mini_prod/8422019440745.jpg HTTP/1.1" 200 6876 "-" "Mozilla/5.0 (compatible; YandexImages/3.0; +http://yandex.com/bots)"
216.244.66.242 - - [20/Sep/2021:03:56:57 +0200] "GET /robots.txt HTTP/1.1" 200 2438 "-" "Mozilla/5.0 (compatible; DotBot/1.2; +https://opensiteexplorer.org/dotbot; help@moz.com)"
176.210.104.102 - - [20/Sep/2021:03:57:25 +0200] "GET /images/big_prod/8006180200577.jpg HTTP/1.1" 200 106884 "-" "Mozilla/5.0 (Windows NT 10.0; Win64; x64; rv:92.0) Gecko/20100101 Firefox/92.0"
77.88.5.71 - - [20/Sep/2021:04:00:58 +0200] "GET /images/mini_prod/3520071821382B.jpg HTTP/1.1" 200 5832 "-" "Mozilla/5.0 (compatible; YandexImages/3.0; +http://yandex.com/bots)"
66.249.64.84 - - [20/Sep/2021:04:03:45 +0200] "GET /images/big_prod/8421693061970.jpg HTTP/1.1" 200 652124 "-" "Googlebot-Image/1.0"
77.88.5.71 - - [20/Sep/2021:04:04:09 +0200] "GET /images/mini_prod/8433933249116.jpg HTTP/1.1" 200 10483 "-" "Mozilla/5.0 (compatible; YandexImages/3.0; +http://yandex.com/bots)"
66.249.64.82 - - [20/Sep/2021:04:07:55 +0200] "GET /images/big_prod/3700572737072.jpg HTTP/1.1" 200 98955 "-" "Googlebot-Image/1.0"
167.220.233.194 - - [20/Sep/2021:04:12:17 +0200] "GET /images/mini_prod/3281099993733.jpg HTTP/1.1" 200 6009 "-" "Mozilla/5.0 (X11; Ubuntu; Linux x86_64; rv:72.0) Gecko/20100101 Firefox/72.0"
185.191.171.34 - - [20/Sep/2021:04:15:16 +0200] "GET /robots.txt HTTP/1.1" 200 2438 "-" "Mozilla/5.0 (compatible; SemrushBot/7~bl; +http://www.semrush.com/bot.html)"
66.249.64.84 - - [20/Sep/2021:04:18:45 +0200] "GET /images/big_prod_2/8421693061970b.jpg HTTP/1.1" 200 571683 "-" "Googlebot-Image/1.0"
34.219.116.38 - - [20/Sep/2021:04:21:19 +0200] "GET /favicon.ico HTTP/1.1" 200 1591 "http://wonder-geek.com/favicon.ico" "Mozilla/5.0 (X11; Linux x86_64) AppleWebKit/537.36 (KHTML, like Gecko) Chrome/83.0.4103.97 Safari/537.36"
77.88.5.71 - - [20/Sep/2021:04:21:27 +0200] "GET /images/mini_prod/5400924033286.jpg HTTP/1.1" 200 5030 "-" "Mozilla/5.0 (compatible; YandexImages/3.0; +http://yandex.com/bots)"
17.121.115.158 - - [20/Sep/2021:04:26:08 +0200] "GET /images/big_prod/1300000024204.jpg HTTP/1.1" 200 63611 "-" "Mozilla/5.0 (Macintosh; Intel Mac OS X 10_15_5) AppleWebKit/605.1.15 (KHTML, like Gecko) Version/13.1.1 Safari/605.1.15 (Applebot/0.1; +http://www.apple.com/go/applebot)"
167.220.233.194 - - [20/Sep/2021:04:26:16 +0200] "GET /images/mini_prod/5036278061066.jpg HTTP/1.1" 200 9007 "-" "Mozilla/5.0 (X11; Ubuntu; Linux x86_64; rv:72.0) Gecko/20100101 Firefox/72.0"
77.88.5.71 - - [20/Sep/2021:04:30:43 +0200] "GET /robots.txt HTTP/1.1" 200 2438 "-" "Mozilla/5.0 (compatible; YandexBot/3.0; +http://yandex.com/bots)"
77.88.5.71 - - [20/Sep/2021:04:30:47 +0200] "GET /images/mini_prod/8445146027979.jpg HTTP/1.1" 200 4035 "-" "Mozilla/5.0 (compatible; YandexImages/3.0; +http://yandex.com/bots)"
66.249.64.82 - - [20/Sep/2021:04:30:57 +0200] "GET /images/big_prod_1/8718375750391a.jpg HTTP/1.1" 200 74839 "-" "Googlebot-Image/1.0"
66.249.64.82 - - [20/Sep/2021:04:33:44 +0200] "GET /images/med_prod/1341689801502.jpg HTTP/1.1" 200 129026 "-" "Googlebot-Image/1.0"
17.121.113.254 - - [20/Sep/2021:04:36:54 +0200] "GET /images/mini_prod/3442440279900.jpg HTTP/1.1" 200 6981 "-" "Mozilla/5.0 (Macintosh; Intel Mac OS X 10_15_5) AppleWebKit/605.1.15 (KHTML, like Gecko) Version/13.1.1 Safari/605.1.15 (Applebot/0.1; +http://www.apple.com/go/applebot)"
17.121.113.241 - - [20/Sep/2021:04:41:22 +0200] "GET /images/big_prod_1/4542202662595b.jpg HTTP/1.1" 200 207837 "-" "Mozilla/5.0 (Macintosh; Intel Mac OS X 10_15_5) AppleWebKit/605.1.15 (KHTML, like Gecko) Version/13.1.1 Safari/605.1.15 (Applebot/0.1; +http://www.apple.com/go/applebot)"
216.244.66.242 - - [20/Sep/2021:04:42:04 +0200] "GET /robots.txt HTTP/1.1" 200 2438 "-" "Mozilla/5.0 (compatible; DotBot/1.2; +https://opensiteexplorer.org/dotbot; help@moz.com)"
51.104.180.26 - - [20/Sep/2021:04:44:53 +0200] "GET /images/med_prod/8435107823979.jpg HTTP/1.1" 200 166533 "-" "DuckDuckBot/1.1; (+http://duckduckgo.com/duckduckbot.html)"
66.249.64.82 - - [20/Sep/2021:04:52:58 +0200] "GET /images/mini_prod/3700344910399.jpg HTTP/1.1" 200 2422 "-" "Googlebot-Image/1.0"
66.249.64.82 - - [20/Sep/2021:04:59:23 +0200] "GET /images/big_prod/9316188070454.jpg HTTP/1.1" 200 45952 "-" "Googlebot-Image/1.0"
167.220.232.21 - - [20/Sep/2021:05:08:00 +0200] "GET /images/mini_prod/1384010202890.jpg HTTP/1.1" 200 5068 "-" "Mozilla/5.0 (X11; Ubuntu; Linux x86_64; rv:72.0) Gecko/20100101 Firefox/72.0"
66.249.64.82 - - [20/Sep/2021:05:09:32 +0200] "GET /images/big_prod_1/8433933194782B.jpg HTTP/1.1" 200 619104 "-" "Googlebot-Image/1.0"
95.163.255.141 - - [20/Sep/2021:05:11:11 +0200] "GET /robots.txt HTTP/1.0" 200 2438 "-" "Mozilla/5.0 (compatible; Linux x86_64; Mail.RU_Bot/Img/2.0; +http://go.mail.ru/help/robots)"
95.163.255.198 - - [20/Sep/2021:05:11:14 +0200] "GET /images/med_prod/1345544755825.jpg HTTP/1.1" 200 86800 "http://wonder-geek.com/images/med_prod/1345544755825.jpg" "Mozilla/5.0 (compatible; Linux x86_64; Mail.RU_Bot/Img/2.0; +http://go.mail.ru/help/robots)"
95.163.255.111 - - [20/Sep/2021:05:11:15 +0200] "GET /images/5018997516614.jpg HTTP/1.1" 200 131425 "http://wonder-geek.com/images/5018997516614.jpg" "Mozilla/5.0 (compatible; Linux x86_64; Mail.RU_Bot/Img/2.0; +http://go.mail.ru/help/robots)"
185.191.171.40 - - [20/Sep/2021:05:15:59 +0200] "GET /robots.txt HTTP/1.1" 200 2438 "-" "Mozilla/5.0 (compatible; SemrushBot/7~bl; +http://www.semrush.com/bot.html)"
167.220.233.194 - - [20/Sep/2021:05:17:15 +0200] "GET /images/mini_prod/1367103265774.jpg HTTP/1.1" 200 10495 "-" "Mozilla/5.0 (X11; Ubuntu; Linux x86_64; rv:72.0) Gecko/20100101 Firefox/72.0"
66.249.64.86 - - [20/Sep/2021:05:18:45 +0200] "GET /images/big_prod/8424346259984.jpg HTTP/1.1" 200 221211 "-" "Googlebot-Image/1.0"
74.125.209.50 - - [20/Sep/2021:05:21:49 +0200] "GET /images/big_prod_3/d1300000019972.jpg HTTP/1.1" 200 123666 "-" "Mozilla/5.0 (Windows NT 5.1; rv:11.0) Gecko Firefox/11.0 (via ggpht.com GoogleImageProxy)"
98.255.252.213 - - [20/Sep/2021:05:21:52 +0200] "GET /highslide/highslide.js HTTP/1.1" 200 42909 "http://www.wonder-geek.com/sigil-lucifer-satatic-book-handbag-shape-book-p-40613.html" "Mozilla/5.0 (Windows NT 10.0; Win64; x64) AppleWebKit/537.36 (KHTML, like Gecko) Chrome/93.0.4577.82 Safari/537.36 Edg/93.0.961.52"
98.255.252.213 - - [20/Sep/2021:05:21:52 +0200] "GET /templates/Pixame_v1/stylesheet.css HTTP/1.1" 200 56057 "http://www.wonder-geek.com/sigil-lucifer-satatic-book-handbag-shape-book-p-40613.html" "Mozilla/5.0 (Windows NT 10.0; Win64; x64) AppleWebKit/537.36 (KHTML, like Gecko) Chrome/93.0.4577.82 Safari/537.36 Edg/93.0.961.52"
98.255.252.213 - - [20/Sep/2021:05:21:53 +0200] "GET /js/jquery.js HTTP/1.1" 200 54075 "http://www.wonder-geek.com/sigil-lucifer-satatic-book-handbag-shape-book-p-40613.html" "Mozilla/5.0 (Windows NT 10.0; Win64; x64) AppleWebKit/537.36 (KHTML, like Gecko) Chrome/93.0.4577.82 Safari/537.36 Edg/93.0.961.52"
98.255.252.213 - - [20/Sep/2021:05:21:53 +0200] "GET /js/jquery.jqzoom.js HTTP/1.1" 200 4761 "http://www.wonder-geek.com/sigil-lucifer-satatic-book-handbag-shape-book-p-40613.html" "Mozilla/5.0 (Windows NT 10.0; Win64; x64) AppleWebKit/537.36 (KHTML, like Gecko) Chrome/93.0.4577.82 Safari/537.36 Edg/93.0.961.52"
98.255.252.213 - - [20/Sep/2021:05:21:53 +0200] "GET /mondial_relay/js/jquery-1.3.2.min.js HTTP/1.1" 200 57254 "http://www.wonder-geek.com/sigil-lucifer-satatic-book-handbag-shape-book-p-40613.html" "Mozilla/5.0 (Windows NT 10.0; Win64; x64) AppleWebKit/537.36 (KHTML, like Gecko) Chrome/93.0.4577.82 Safari/537.36 Edg/93.0.961.52"
98.255.252.213 - - [20/Sep/2021:05:21:53 +0200] "GET /templates/Pixame_v1/images/icon_accueil2.png HTTP/1.1" 200 1137 "http://www.wonder-geek.com/sigil-lucifer-satatic-book-handbag-shape-book-p-40613.html" "Mozilla/5.0 (Windows NT 10.0; Win64; x64) AppleWebKit/537.36 (KHTML, like Gecko) Chrome/93.0.4577.82 Safari/537.36 Edg/93.0.961.52"
98.255.252.213 - - [20/Sep/2021:05:21:54 +0200] "GET /templates/Pixame_v1/images/Bottom_texture.jpg HTTP/1.1" 200 56290 "http://www.wonder-geek.com/templates/Pixame_v1/stylesheet.css" "Mozilla/5.0 (Windows NT 10.0; Win64; x64) AppleWebKit/537.36 (KHTML, like Gecko) Chrome/93.0.4577.82 Safari/537.36 Edg/93.0.961.52"
98.255.252.213 - - [20/Sep/2021:05:21:54 +0200] "GET /templates/Pixame_v1/images/header.png HTTP/1.1" 200 70245 "http://www.wonder-geek.com/templates/Pixame_v1/stylesheet.css" "Mozilla/5.0 (Windows NT 10.0; Win64; x64) AppleWebKit/537.36 (KHTML, like Gecko) Chrome/93.0.4577.82 Safari/537.36 Edg/93.0.961.52"
98.255.252.213 - - [20/Sep/2021:05:21:54 +0200] "GET /templates/Pixame_v1/images/header-object.png HTTP/1.1" 200 106050 "http://www.wonder-geek.com/templates/Pixame_v1/stylesheet.css" "Mozilla/5.0 (Windows NT 10.0; Win64; x64) AppleWebKit/537.36 (KHTML, like Gecko) Chrome/93.0.4577.82 Safari/537.36 Edg/93.0.961.52"
98.255.252.213 - - [20/Sep/2021:05:21:54 +0200] "GET /templates/Pixame_v1/images/nav.png HTTP/1.1" 200 1283 "http://www.wonder-geek.com/templates/Pixame_v1/stylesheet.css" "Mozilla/5.0 (Windows NT 10.0; Win64; x64) AppleWebKit/537.36 (KHTML, like Gecko) Chrome/93.0.4577.82 Safari/537.36 Edg/93.0.961.52"
98.255.252.213 - - [20/Sep/2021:05:21:55 +0200] "GET /templates/Pixame_v1/images/Middle_texture.jpg HTTP/1.1" 200 249620 "http://www.wonder-geek.com/templates/Pixame_v1/stylesheet.css" "Mozilla/5.0 (Windows NT 10.0; Win64; x64) AppleWebKit/537.36 (KHTML, like Gecko) Chrome/93.0.4577.82 Safari/537.36 Edg/93.0.961.52"
98.255.252.213 - - [20/Sep/2021:05:21:55 +0200] "GET /design/productsenstock.png HTTP/1.1" 200 4743 "http://www.wonder-geek.com/templates/Pixame_v1/stylesheet.css" "Mozilla/5.0 (Windows NT 10.0; Win64; x64) AppleWebKit/537.36 (KHTML, like Gecko) Chrome/93.0.4577.82 Safari/537.36 Edg/93.0.961.52"
98.255.252.213 - - [20/Sep/2021:05:21:55 +0200] "GET /images/big_prod_1/b1300000019972.jpg HTTP/1.1" 200 76171 "http://www.wonder-geek.com/sigil-lucifer-satatic-book-handbag-shape-book-p-40613.html" "Mozilla/5.0 (Windows NT 10.0; Win64; x64) AppleWebKit/537.36 (KHTML, like Gecko) Chrome/93.0.4577.82 Safari/537.36 Edg/93.0.961.52"
98.255.252.213 - - [20/Sep/2021:05:21:55 +0200] "GET /images/big_prod/1300000019972.jpg HTTP/1.1" 200 162015 "http://www.wonder-geek.com/sigil-lucifer-satatic-book-handbag-shape-book-p-40613.html" "Mozilla/5.0 (Windows NT 10.0; Win64; x64) AppleWebKit/537.36 (KHTML, like Gecko) Chrome/93.0.4577.82 Safari/537.36 Edg/93.0.961.52"
98.255.252.213 - - [20/Sep/2021:05:21:56 +0200] "GET /templates/Pixame_v1/images/buttons/english/button_in_cart.gif HTTP/1.1" 200 1212 "http://www.wonder-geek.com/sigil-lucifer-satatic-book-handbag-shape-book-p-40613.html" "Mozilla/5.0 (Windows NT 10.0; Win64; x64) AppleWebKit/537.36 (KHTML, like Gecko) Chrome/93.0.4577.82 Safari/537.36 Edg/93.0.961.52"
98.255.252.213 - - [20/Sep/2021:05:21:56 +0200] "GET /images/big_prod_3/d1300000019972.jpg HTTP/1.1" 200 123666 "http://www.wonder-geek.com/sigil-lucifer-satatic-book-handbag-shape-book-p-40613.html" "Mozilla/5.0 (Windows NT 10.0; Win64; x64) AppleWebKit/537.36 (KHTML, like Gecko) Chrome/93.0.4577.82 Safari/537.36 Edg/93.0.961.52"
98.255.252.213 - - [20/Sep/2021:05:21:56 +0200] "GET /images/big_prod_2/c1300000019972.jpg HTTP/1.1" 200 123131 "http://www.wonder-geek.com/sigil-lucifer-satatic-book-handbag-shape-book-p-40613.html" "Mozilla/5.0 (Windows NT 10.0; Win64; x64) AppleWebKit/537.36 (KHTML, like Gecko) Chrome/93.0.4577.82 Safari/537.36 Edg/93.0.961.52"
98.255.252.213 - - [20/Sep/2021:05:21:56 +0200] "GET /highslide/graphics/outlines/drop-shadow.png HTTP/1.1" 200 2022 "http://www.wonder-geek.com/sigil-lucifer-satatic-book-handbag-shape-book-p-40613.html" "Mozilla/5.0 (Windows NT 10.0; Win64; x64) AppleWebKit/537.36 (KHTML, like Gecko) Chrome/93.0.4577.82 Safari/537.36 Edg/93.0.961.52"
98.255.252.213 - - [20/Sep/2021:05:21:57 +0200] "GET /favicon.ico HTTP/1.1" 200 1591 "http://www.wonder-geek.com/sigil-lucifer-satatic-book-handbag-shape-book-p-40613.html" "Mozilla/5.0 (Windows NT 10.0; Win64; x64) AppleWebKit/537.36 (KHTML, like Gecko) Chrome/93.0.4577.82 Safari/537.36 Edg/93.0.961.52"
66.249.64.86 - - [20/Sep/2021:05:22:23 +0200] "GET /images/med_prod/1384010179680N.jpg HTTP/1.1" 200 164812 "-" "Googlebot-Image/1.0"
216.244.66.242 - - [20/Sep/2021:05:27:45 +0200] "GET /robots.txt HTTP/1.1" 200 2438 "-" "Mozilla/5.0 (compatible; DotBot/1.2; +https://opensiteexplorer.org/dotbot; help@moz.com)"
167.220.232.21 - - [20/Sep/2021:05:28:24 +0200] "GET /images/mini_prod/3585190668607.jpg HTTP/1.1" 200 5789 "-" "Mozilla/5.0 (X11; Ubuntu; Linux x86_64; rv:72.0) Gecko/20100101 Firefox/72.0"
167.220.232.21 - - [20/Sep/2021:05:36:34 +0200] "GET /images/mini_prod/3660173163628.jpg HTTP/1.1" 200 7781 "-" "Mozilla/5.0 (X11; Ubuntu; Linux x86_64; rv:72.0) Gecko/20100101 Firefox/72.0"
77.88.5.71 - - [20/Sep/2021:05:45:45 +0200] "GET /images/mini_prod/1328399270187.jpg HTTP/1.1" 200 7509 "-" "Mozilla/5.0 (compatible; YandexImages/3.0; +http://yandex.com/bots)"
66.249.64.86 - - [20/Sep/2021:05:48:06 +0200] "GET /images/big_prod/3700572730684.jpg HTTP/1.1" 200 143820 "-" "Googlebot-Image/1.0"
66.249.64.84 - - [20/Sep/2021:05:48:45 +0200] "GET /images/big_prod/8422015449810.jpg HTTP/1.1" 200 45165 "-" "Googlebot-Image/1.0"
37.57.218.243 - - [20/Sep/2021:05:49:44 +0200] "GET /robots.txt HTTP/1.1" 200 2438 "-" "Mozilla/5.0 (compatible; MJ12bot/v1.4.8; http://mj12bot.com/)"
64.233.173.122 - - [20/Sep/2021:05:50:17 +0200] "GET /images/big_prod/8422142192443.jpg HTTP/1.1" 200 86244 "-" "Mozilla/5.0 (Windows NT 5.1; rv:11.0) Gecko Firefox/11.0 (via ggpht.com GoogleImageProxy)"
167.220.232.21 - - [20/Sep/2021:05:56:04 +0200] "GET /images/mini_prod/8422000053541.jpg HTTP/1.1" 200 5558 "-" "Mozilla/5.0 (X11; Ubuntu; Linux x86_64; rv:72.0) Gecko/20100101 Firefox/72.0"
185.191.171.16 - - [20/Sep/2021:05:58:34 +0200] "GET /robots.txt HTTP/1.1" 200 2438 "-" "Mozilla/5.0 (compatible; SemrushBot/7~bl; +http://www.semrush.com/bot.html)"
66.249.64.82 - - [20/Sep/2021:06:00:45 +0200] "GET /images/big_prod_2/1491693047073C.jpg HTTP/1.1" 200 106144 "-" "Googlebot-Image/1.0"
66.249.64.84 - - [20/Sep/2021:06:03:06 +0200] "GET /images/big_prod_1/9316188082167a.jpg HTTP/1.1" 200 54669 "-" "Googlebot-Image/1.0"
66.102.8.194 - - [20/Sep/2021:06:06:09 +0200] "GET /images/3453131053549.jpg HTTP/1.1" 200 32835 "-" "Mozilla/5.0 (Windows NT 5.1; rv:11.0) Gecko Firefox/11.0 (via ggpht.com GoogleImageProxy)"
77.75.79.17 - - [20/Sep/2021:06:10:03 +0200] "GET /robots.txt HTTP/1.1" 200 2438 "-" "Mozilla/5.0 (compatible; SeznamBot/3.2; +http://napoveda.seznam.cz/en/seznambot-intro/)"
220.230.168.3 - - [20/Sep/2021:06:12:34 +0200] "GET /images/mini_prod/3014627769278.jpg HTTP/1.1" 200 6606 "-" "Mozilla/5.0 (X11; Ubuntu; Linux x86_64; rv:72.0) Gecko/20100101 Firefox/72.0"
216.244.66.242 - - [20/Sep/2021:06:12:53 +0200] "GET /robots.txt HTTP/1.1" 200 2438 "-" "Mozilla/5.0 (compatible; DotBot/1.2; +https://opensiteexplorer.org/dotbot; help@moz.com)"
220.230.168.3 - - [20/Sep/2021:06:13:53 +0200] "GET /images/mini_prod/8435306215780.jpg HTTP/1.1" 200 6366 "-" "Mozilla/5.0 (X11; Ubuntu; Linux x86_64; rv:72.0) Gecko/20100101 Firefox/72.0"
77.88.5.71 - - [20/Sep/2021:06:13:59 +0200] "GET /images/mini_prod/842201545050.jpg HTTP/1.1" 200 4797 "-" "Mozilla/5.0 (compatible; YandexImages/3.0; +http://yandex.com/bots)"
185.191.171.16 - - [20/Sep/2021:06:16:04 +0200] "GET /robots.txt HTTP/1.1" 200 2438 "-" "Mozilla/5.0 (compatible; SemrushBot/7~bl; +http://www.semrush.com/bot.html)"
66.249.64.82 - - [20/Sep/2021:06:18:06 +0200] "GET /images/big_prod_1/8424346353835B.jpg HTTP/1.1" 200 124469 "-" "Googlebot-Image/1.0"
66.249.64.82 - - [20/Sep/2021:06:18:44 +0200] "GET /images/big_prod/1399985100430.jpg HTTP/1.1" 200 58184 "-" "Googlebot-Image/1.0"
93.158.161.76 - - [20/Sep/2021:06:19:36 +0200] "GET /robots.txt HTTP/1.1" 200 2438 "-" "Mozilla/5.0 (compatible; YandexBot/3.0; +http://yandex.com/bots)"
77.88.5.71 - - [20/Sep/2021:06:19:40 +0200] "GET /images/mini_prod/8433933238134.jpg HTTP/1.1" 200 6976 "-" "Mozilla/5.0 (compatible; YandexImages/3.0; +http://yandex.com/bots)"
144.76.120.197 - - [20/Sep/2021:06:21:36 +0200] "GET /robots.txt HTTP/1.1" 200 2438 "-" "Mozilla/5.0 (compatible; MJ12bot/v1.4.8; http://mj12bot.com/)"
66.249.64.86 - - [20/Sep/2021:06:33:06 +0200] "GET /images/mini_prod/5415203601537.jpg HTTP/1.1" 200 3573 "-" "Googlebot-Image/1.0"
74.125.209.48 - - [20/Sep/2021:06:34:49 +0200] "GET /images/3519570005560.jpg HTTP/1.1" 200 154883 "-" "Mozilla/5.0 (Windows NT 5.1; rv:11.0) Gecko Firefox/11.0 (via ggpht.com GoogleImageProxy)"
95.163.255.140 - - [20/Sep/2021:06:35:37 +0200] "GET /images/1399984227237.jpg HTTP/1.1" 200 50917 "http://go.mail.ru/search_images" "Mozilla/5.0 (compatible; Linux x86_64; Mail.RU_Bot/Img/2.0; +http://go.mail.ru/help/robots)"
95.163.255.141 - - [20/Sep/2021:06:35:39 +0200] "GET /robots.txt HTTP/1.0" 200 2438 "-" "Mozilla/5.0 (compatible; Linux x86_64; Mail.RU_Bot/Img/2.0; +http://go.mail.ru/help/robots)"
95.163.255.129 - - [20/Sep/2021:06:42:50 +0200] "GET /images/5018997516607.jpg HTTP/1.1" 200 101116 "http://wonder-geek.com/images/5018997516607.jpg" "Mozilla/5.0 (compatible; Linux x86_64; Mail.RU_Bot/Img/2.0; +http://go.mail.ru/help/robots)"
54.162.102.36 - - [20/Sep/2021:06:45:13 +0200] "GET /robots.txt HTTP/1.1" 200 2438 "-" "MixnodeCache/1.8(+https://cache.mixnode.com/)"
66.249.64.82 - - [20/Sep/2021:06:48:06 +0200] "GET /images/big_prod/8422015450816.jpg HTTP/1.1" 200 68040 "-" "Googlebot-Image/1.0"
66.249.64.84 - - [20/Sep/2021:06:48:44 +0200] "GET /images/mini_prod/3503420033971.jpg HTTP/1.1" 200 6371 "-" "Googlebot-Image/1.0"
159.226.19.169 - - [20/Sep/2021:06:49:04 +0200] "GET /images/mini_prod/8435306269776.jpg HTTP/1.1" 200 7537 "-" "Googlebot-Image/1.0"
166.137.244.86 - - [20/Sep/2021:06:49:06 +0200] "GET /images/8435339303133.jpg HTTP/1.1" 200 38279 "https://www.bing.com/" "Mozilla/5.0 (X11; CrOS x86_64 12739.94.0) AppleWebKit/537.36 (KHTML, like Gecko) Chrome/80.0.3987.137 Safari/537.36"
166.137.244.86 - - [20/Sep/2021:06:49:06 +0200] "GET /favicon.ico HTTP/1.1" 200 1591 "http://www.wonder-geek.com/images/8435339303133.jpg" "Mozilla/5.0 (X11; CrOS x86_64 12739.94.0) AppleWebKit/537.36 (KHTML, like Gecko) Chrome/80.0.3987.137 Safari/537.36"
93.158.161.76 - - [20/Sep/2021:06:53:50 +0200] "GET /images/big_prod/8422001017757.jpg HTTP/1.1" 200 59738 "-" "Mozilla/5.0 (compatible; YandexImages/3.0; +http://yandex.com/bots)"
216.244.66.242 - - [20/Sep/2021:06:59:25 +0200] "GET /robots.txt HTTP/1.1" 200 2438 "-" "Mozilla/5.0 (compatible; DotBot/1.2; +https://opensiteexplorer.org/dotbot; help@moz.com)"
66.249.64.86 - - [20/Sep/2021:07:03:07 +0200] "GET /images/mini_prod/3700572730684.jpg HTTP/1.1" 200 7349 "-" "Googlebot-Image/1.0"
220.230.168.3 - - [20/Sep/2021:07:07:04 +0200] "GET /images/mini_prod/9316188029582.jpg HTTP/1.1" 200 5972 "-" "Mozilla/5.0 (X11; Ubuntu; Linux x86_64; rv:72.0) Gecko/20100101 Firefox/72.0"
70.95.68.140 - - [20/Sep/2021:07:07:44 +0200] "GET /images/big_prod/3503420102554.jpg HTTP/1.1" 200 101611 "-" "Mozilla/5.0 (Macintosh; Intel Mac OS X 10_15_6) AppleWebKit/605.1.15 (KHTML, like Gecko) Version/14.1.2 Safari/605.1.15"
77.75.78.170 - - [20/Sep/2021:07:16:01 +0200] "GET /robots.txt HTTP/1.1" 200 2438 "-" "Mozilla/5.0 (compatible; SeznamBot/3.2; +http://napoveda.seznam.cz/en/seznambot-intro/)"
64.233.172.82 - - [20/Sep/2021:07:16:54 +0200] "GET /images/big_prod/3503420076510.jpg HTTP/1.1" 200 238848 "-" "Mozilla/5.0 (Windows NT 5.1; rv:11.0) Gecko Firefox/11.0 (via ggpht.com GoogleImageProxy)"
66.249.64.84 - - [20/Sep/2021:07:18:06 +0200] "GET /images/big_prod_1/1328399219544a.jpg HTTP/1.1" 200 76267 "-" "Googlebot-Image/1.0"
66.249.64.84 - - [20/Sep/2021:07:18:44 +0200] "GET /images/mini_prod/3609810062283A.jpg HTTP/1.1" 200 7728 "-" "Googlebot-Image/1.0"
185.191.171.21 - - [20/Sep/2021:07:18:52 +0200] "GET /robots.txt HTTP/1.1" 200 2438 "-" "Mozilla/5.0 (compatible; SemrushBot/7~bl; +http://www.semrush.com/bot.html)"
157.55.39.150 - - [20/Sep/2021:07:20:37 +0200] "GET /js/jquery.jqzoom.js HTTP/1.1" 200 4761 "-" "Mozilla/5.0 (compatible; bingbot/2.0; +http://www.bing.com/bingbot.htm)"
66.249.64.84 - - [20/Sep/2021:07:33:06 +0200] "GET /images/big_prod/4012390387520.jpg HTTP/1.1" 200 100929 "-" "Googlebot-Image/1.0"
54.236.1.11 - - [20/Sep/2021:07:35:35 +0200] "GET /images/1399984234846.jpg HTTP/1.1" 200 170240 "-" "Mozilla/5.0 (compatible; Pinterestbot/1.0; +http://www.pinterest.com/bot.html)"
93.158.161.76 - - [20/Sep/2021:07:42:17 +0200] "GET /images/big_prod/4025055987645.jpg HTTP/1.1" 200 151374 "-" "Mozilla/5.0 (compatible; YandexImages/3.0; +http://yandex.com/bots)"
64.233.172.80 - - [20/Sep/2021:07:46:35 +0200] "GET /images/big_prod/028399294879.jpg HTTP/1.1" 200 132819 "-" "Mozilla/5.0 (Windows NT 5.1; rv:11.0) Gecko Firefox/11.0 (via ggpht.com GoogleImageProxy)"
216.244.66.242 - - [20/Sep/2021:07:47:37 +0200] "GET /robots.txt HTTP/1.1" 200 2438 "-" "Mozilla/5.0 (compatible; DotBot/1.2; +https://opensiteexplorer.org/dotbot; help@moz.com)"
66.249.64.86 - - [20/Sep/2021:07:48:06 +0200] "GET /images/mini_prod/8482013122047.jpg HTTP/1.1" 200 8907 "-" "Googlebot-Image/1.0"
66.249.64.82 - - [20/Sep/2021:07:48:45 +0200] "GET /images/mini_prod/9316188086783.jpg HTTP/1.1" 200 4601 "-" "Googlebot-Image/1.0"
121.37.50.58 - - [20/Sep/2021:07:53:39 +0200] "GET /images/mini_prod/MISES-EN-SITUATION-04.jpg HTTP/1.1" 200 7628 "-" "Mozilla/5.0 (X11; Ubuntu; Linux x86_64; rv:72.0) Gecko/20100101 Firefox/72.0"
77.88.5.71 - - [20/Sep/2021:07:54:15 +0200] "GET /images/med_prod/4036113301310N.jpg HTTP/1.1" 200 122812 "-" "Mozilla/5.0 (compatible; YandexImages/3.0; +http://yandex.com/bots)"
216.244.66.242 - - [20/Sep/2021:07:54:27 +0200] "GET /images/5411854135438b.jpg HTTP/1.1" 200 60453 "-" "Mozilla/5.0 (compatible; DotBot/1.2; +https://opensiteexplorer.org/dotbot; help@moz.com)"
77.88.5.71 - - [20/Sep/2021:08:00:55 +0200] "GET /images/7316191480150.jpg HTTP/1.1" 200 31193 "-" "Mozilla/5.0 (compatible; YandexImages/3.0; +http://yandex.com/bots)"
66.249.64.84 - - [20/Sep/2021:08:03:06 +0200] "GET /images/big_prod/8445146023933.jpg HTTP/1.1" 200 176476 "-" "Googlebot-Image/1.0"
77.75.76.172 - - [20/Sep/2021:08:12:38 +0200] "GET /robots.txt HTTP/1.1" 200 2438 "-" "Mozilla/5.0 (compatible; SeznamBot/3.2; +http://napoveda.seznam.cz/en/seznambot-intro/)"
77.75.76.172 - - [20/Sep/2021:08:12:40 +0200] "GET /images/big_prod/1300000022446NN.jpg HTTP/1.1" 200 224746 "-" "Mozilla/5.0 (compatible; SeznamBot/3.2; +http://napoveda.seznam.cz/en/seznambot-intro/)"
77.88.5.71 - - [20/Sep/2021:08:12:45 +0200] "GET /robots.txt HTTP/1.1" 200 2438 "-" "Mozilla/5.0 (compatible; YandexBot/3.0; +http://yandex.com/bots)"
95.163.255.140 - - [20/Sep/2021:08:15:11 +0200] "GET /images/5050293382746.jpg HTTP/1.1" 200 68270 "http://wonder-geek.com/images/5050293382746.jpg" "Mozilla/5.0 (compatible; Linux x86_64; Mail.RU_Bot/Img/2.0; +http://go.mail.ru/help/robots)"
95.163.255.129 - - [20/Sep/2021:08:15:13 +0200] "GET /robots.txt HTTP/1.0" 200 2438 "-" "Mozilla/5.0 (compatible; Linux x86_64; Mail.RU_Bot/Img/2.0; +http://go.mail.ru/help/robots)"
185.191.171.15 - - [20/Sep/2021:08:15:32 +0200] "GET /robots.txt HTTP/1.1" 200 2438 "-" "Mozilla/5.0 (compatible; SemrushBot/7~bl; +http://www.semrush.com/bot.html)"
66.249.64.86 - - [20/Sep/2021:08:18:06 +0200] "GET /images/big_prod_3/8424346520435D.jpg HTTP/1.1" 200 128809 "-" "Googlebot-Image/1.0"
66.249.64.82 - - [20/Sep/2021:08:18:45 +0200] "GET /images/big_prod_2/8433933240700b.jpg HTTP/1.1" 200 194186 "-" "Googlebot-Image/1.0"
66.249.64.82 - - [20/Sep/2021:08:33:06 +0200] "GET /images/big_prod_1/3609810083318a.jpg HTTP/1.1" 200 268361 "-" "Googlebot-Image/1.0"
66.249.64.82 - - [20/Sep/2021:08:48:06 +0200] "GET /images/Soustassebonbon4.jpg HTTP/1.1" 200 49274 "-" "Googlebot-Image/1.0"
66.249.64.82 - - [20/Sep/2021:08:48:45 +0200] "GET /images/mini_prod/8424001613007.jpg HTTP/1.1" 200 6089 "-" "Googlebot-Image/1.0"
17.121.113.14 - - [20/Sep/2021:08:58:52 +0200] "GET /images/mini_prod/1399984236628.jpg HTTP/1.1" 200 3800 "-" "Mozilla/5.0 (Macintosh; Intel Mac OS X 10_15_5) AppleWebKit/605.1.15 (KHTML, like Gecko) Version/13.1.1 Safari/605.1.15 (Applebot/0.1; +http://www.apple.com/go/applebot)"
66.249.64.86 - - [20/Sep/2021:09:03:06 +0200] "GET /images/mini_prod/1399986106899.jpg HTTP/1.1" 200 7290 "-" "Googlebot-Image/1.0"
17.121.114.9 - - [20/Sep/2021:09:10:42 +0200] "GET /images/big_prod/5018997753354.jpg HTTP/1.1" 200 160386 "-" "Mozilla/5.0 (Macintosh; Intel Mac OS X 10_15_5) AppleWebKit/605.1.15 (KHTML, like Gecko) Version/13.1.1 Safari/605.1.15 (Applebot/0.1; +http://www.apple.com/go/applebot)"
77.75.78.171 - - [20/Sep/2021:09:12:44 +0200] "GET /robots.txt HTTP/1.1" 200 2438 "-" "Mozilla/5.0 (compatible; SeznamBot/3.2; +http://napoveda.seznam.cz/en/seznambot-intro/)"
185.191.171.33 - - [20/Sep/2021:09:12:58 +0200] "GET /robots.txt HTTP/1.1" 200 2438 "-" "Mozilla/5.0 (compatible; SemrushBot/7~bl; +http://www.semrush.com/bot.html)"
104.42.24.238 - - [20/Sep/2021:09:14:24 +0200] "GET /images/big_prod/3503420157110.jpg HTTP/1.1" 200 73690 "-" "Mozilla/5.0 (X11; Linux x86_64) AppleWebKit/537.36 (KHTML, like Gecko) Chrome/51.0.2704.103 Safari/537.36"
185.191.171.18 - - [20/Sep/2021:09:15:42 +0200] "GET /robots.txt HTTP/1.1" 200 2438 "-" "Mozilla/5.0 (compatible; SemrushBot/7~bl; +http://www.semrush.com/bot.html)"
66.249.64.84 - - [20/Sep/2021:09:18:06 +0200] "GET /images/big_prod_1/5415203966902b.jpg HTTP/1.1" 200 457722 "-" "Googlebot-Image/1.0"
54.36.149.102 - - [20/Sep/2021:09:18:51 +0200] "GET /robots.txt HTTP/1.1" 200 2438 "-" "Mozilla/5.0 (compatible; AhrefsBot/7.0; +http://ahrefs.com/robot/)"
114.119.128.50 - - [20/Sep/2021:09:20:31 +0200] "GET /images/big_prod/8433933031476.jpg HTTP/1.1" 200 111867 "-" "Mozilla/5.0 (Linux; Android 7.0;) AppleWebKit/537.36 (KHTML, like Gecko) Mobile Safari/537.36 (compatible; PetalBot;+https://webmaster.petalsearch.com/site/petalbot)"
77.88.5.71 - - [20/Sep/2021:09:20:39 +0200] "GET /images/B2807201314024.jpg HTTP/1.1" 200 26606 "-" "Mozilla/5.0 (compatible; YandexImages/3.0; +http://yandex.com/bots)"
216.244.66.242 - - [20/Sep/2021:09:21:02 +0200] "GET /robots.txt HTTP/1.1" 200 2438 "-" "Mozilla/5.0 (compatible; DotBot/1.2; +https://opensiteexplorer.org/dotbot; help@moz.com)"
66.249.64.82 - - [20/Sep/2021:09:28:45 +0200] "GET /images/mini_prod/3700281646665.jpg HTTP/1.1" 200 4776 "-" "Googlebot-Image/1.0"
66.249.64.84 - - [20/Sep/2021:09:33:06 +0200] "GET /images/big_prod/3700572750484.jpg HTTP/1.1" 200 75071 "-" "Googlebot-Image/1.0"
66.249.64.82 - - [20/Sep/2021:09:38:06 +0200] "GET /robots.txt HTTP/1.1" 200 2438 "-" "Mozilla/5.0 (compatible; Googlebot/2.1; +http://www.google.com/bot.html)"
167.220.233.194 - - [20/Sep/2021:09:40:33 +0200] "GET /images/mini_prod/4007176122563.jpg HTTP/1.1" 200 5087 "-" "Mozilla/5.0 (X11; Ubuntu; Linux x86_64; rv:72.0) Gecko/20100101 Firefox/72.0"
77.88.5.71 - - [20/Sep/2021:09:45:02 +0200] "GET /images/5010994693749.jpg HTTP/1.1" 200 48281 "-" "Mozilla/5.0 (compatible; YandexImages/3.0; +http://yandex.com/bots)"
66.102.9.114 - - [20/Sep/2021:09:45:11 +0200] "GET /images/big_prod/8717318201136.jpg HTTP/1.1" 200 69446 "-" "Mozilla/5.0 (Windows NT 5.1; rv:11.0) Gecko Firefox/11.0 (via ggpht.com GoogleImageProxy)"
84.15.188.18 - - [20/Sep/2021:09:45:13 +0200] "GET /js/jquery.jqzoom.js HTTP/1.1" 200 4761 "http://www.wonder-geek.com/peacock-ceramic-table-center-p-49615.html" "Mozilla/5.0 (iPhone; CPU iPhone OS 14_7_1 like Mac OS X) AppleWebKit/605.1.15 (KHTML, like Gecko) Mobile/15E148"
84.15.188.18 - - [20/Sep/2021:09:45:13 +0200] "GET /highslide/highslide.js HTTP/1.1" 200 42909 "http://www.wonder-geek.com/peacock-ceramic-table-center-p-49615.html" "Mozilla/5.0 (iPhone; CPU iPhone OS 14_7_1 like Mac OS X) AppleWebKit/605.1.15 (KHTML, like Gecko) Mobile/15E148"
84.15.188.18 - - [20/Sep/2021:09:45:13 +0200] "GET /js/jquery.js HTTP/1.1" 200 54075 "http://www.wonder-geek.com/peacock-ceramic-table-center-p-49615.html" "Mozilla/5.0 (iPhone; CPU iPhone OS 14_7_1 like Mac OS X) AppleWebKit/605.1.15 (KHTML, like Gecko) Mobile/15E148"
84.15.188.18 - - [20/Sep/2021:09:45:13 +0200] "GET /templates/Pixame_v1/stylesheet.css HTTP/1.1" 200 56057 "http://www.wonder-geek.com/peacock-ceramic-table-center-p-49615.html" "Mozilla/5.0 (iPhone; CPU iPhone OS 14_7_1 like Mac OS X) AppleWebKit/605.1.15 (KHTML, like Gecko) Mobile/15E148"
84.15.188.18 - - [20/Sep/2021:09:45:13 +0200] "GET /mondial_relay/js/jquery-1.3.2.min.js HTTP/1.1" 200 57254 "http://www.wonder-geek.com/peacock-ceramic-table-center-p-49615.html" "Mozilla/5.0 (iPhone; CPU iPhone OS 14_7_1 like Mac OS X) AppleWebKit/605.1.15 (KHTML, like Gecko) Mobile/15E148"
84.15.188.18 - - [20/Sep/2021:09:45:13 +0200] "GET /templates/Pixame_v1/images/icon_accueil2.png HTTP/1.1" 200 1137 "http://www.wonder-geek.com/peacock-ceramic-table-center-p-49615.html" "Mozilla/5.0 (iPhone; CPU iPhone OS 14_7_1 like Mac OS X) AppleWebKit/605.1.15 (KHTML, like Gecko) Mobile/15E148"
84.15.188.18 - - [20/Sep/2021:09:45:13 +0200] "GET /templates/Pixame_v1/images/buttons/english/button_in_cart.gif HTTP/1.1" 200 1212 "http://www.wonder-geek.com/peacock-ceramic-table-center-p-49615.html" "Mozilla/5.0 (iPhone; CPU iPhone OS 14_7_1 like Mac OS X) AppleWebKit/605.1.15 (KHTML, like Gecko) Mobile/15E148"
84.15.188.18 - - [20/Sep/2021:09:45:13 +0200] "GET /templates/Pixame_v1/images/Bottom_texture.jpg HTTP/1.1" 200 56290 "http://www.wonder-geek.com/peacock-ceramic-table-center-p-49615.html" "Mozilla/5.0 (iPhone; CPU iPhone OS 14_7_1 like Mac OS X) AppleWebKit/605.1.15 (KHTML, like Gecko) Mobile/15E148"
84.15.188.18 - - [20/Sep/2021:09:45:13 +0200] "GET /images/big_prod/8717318201136.jpg HTTP/1.1" 200 69446 "http://www.wonder-geek.com/peacock-ceramic-table-center-p-49615.html" "Mozilla/5.0 (iPhone; CPU iPhone OS 14_7_1 like Mac OS X) AppleWebKit/605.1.15 (KHTML, like Gecko) Mobile/15E148"
84.15.188.18 - - [20/Sep/2021:09:45:13 +0200] "GET /templates/Pixame_v1/images/nav.png HTTP/1.1" 200 1283 "http://www.wonder-geek.com/peacock-ceramic-table-center-p-49615.html" "Mozilla/5.0 (iPhone; CPU iPhone OS 14_7_1 like Mac OS X) AppleWebKit/605.1.15 (KHTML, like Gecko) Mobile/15E148"
84.15.188.18 - - [20/Sep/2021:09:45:13 +0200] "GET /templates/Pixame_v1/images/header.png HTTP/1.1" 200 70245 "http://www.wonder-geek.com/peacock-ceramic-table-center-p-49615.html" "Mozilla/5.0 (iPhone; CPU iPhone OS 14_7_1 like Mac OS X) AppleWebKit/605.1.15 (KHTML, like Gecko) Mobile/15E148"
84.15.188.18 - - [20/Sep/2021:09:45:14 +0200] "GET /design/productsenstock.png HTTP/1.1" 200 4743 "http://www.wonder-geek.com/peacock-ceramic-table-center-p-49615.html" "Mozilla/5.0 (iPhone; CPU iPhone OS 14_7_1 like Mac OS X) AppleWebKit/605.1.15 (KHTML, like Gecko) Mobile/15E148"
84.15.188.18 - - [20/Sep/2021:09:45:14 +0200] "GET /templates/Pixame_v1/images/header-object.png HTTP/1.1" 200 106050 "http://www.wonder-geek.com/peacock-ceramic-table-center-p-49615.html" "Mozilla/5.0 (iPhone; CPU iPhone OS 14_7_1 like Mac OS X) AppleWebKit/605.1.15 (KHTML, like Gecko) Mobile/15E148"
84.15.188.18 - - [20/Sep/2021:09:45:14 +0200] "GET /templates/Pixame_v1/images/Middle_texture.jpg HTTP/1.1" 200 249620 "http://www.wonder-geek.com/peacock-ceramic-table-center-p-49615.html" "Mozilla/5.0 (iPhone; CPU iPhone OS 14_7_1 like Mac OS X) AppleWebKit/605.1.15 (KHTML, like Gecko) Mobile/15E148"
84.15.188.18 - - [20/Sep/2021:09:45:14 +0200] "GET /highslide/graphics/outlines/drop-shadow.png HTTP/1.1" 200 2022 "http://www.wonder-geek.com/peacock-ceramic-table-center-p-49615.html" "Mozilla/5.0 (iPhone; CPU iPhone OS 14_7_1 like Mac OS X) AppleWebKit/605.1.15 (KHTML, like Gecko) Mobile/15E148"
66.249.64.82 - - [20/Sep/2021:09:48:06 +0200] "GET /images/big_prod_1/8424015226477B.jpg HTTP/1.1" 200 120259 "-" "Googlebot-Image/1.0"
167.220.233.194 - - [20/Sep/2021:09:49:27 +0200] "GET /images/mini_prod/78-4153.jpg HTTP/1.1" 200 7250 "-" "Mozilla/5.0 (X11; Ubuntu; Linux x86_64; rv:72.0) Gecko/20100101 Firefox/72.0"
77.75.76.169 - - [20/Sep/2021:09:56:05 +0200] "GET /robots.txt HTTP/1.1" 200 2438 "-" "Mozilla/5.0 (compatible; SeznamBot/3.2; +http://napoveda.seznam.cz/en/seznambot-intro/)"
220.230.168.3 - - [20/Sep/2021:09:56:21 +0200] "GET /images/mini_prod/5050293803197.jpg HTTP/1.1" 200 9360 "-" "Mozilla/5.0 (X11; Ubuntu; Linux x86_64; rv:72.0) Gecko/20100101 Firefox/72.0"
220.230.168.3 - - [20/Sep/2021:09:58:26 +0200] "GET /images/mini_prod/b8012052011455.jpg HTTP/1.1" 200 7581 "-" "Mozilla/5.0 (X11; Ubuntu; Linux x86_64; rv:72.0) Gecko/20100101 Firefox/72.0"
93.158.161.76 - - [20/Sep/2021:10:02:37 +0200] "GET /robots.txt HTTP/1.1" 200 2438 "-" "Mozilla/5.0 (compatible; YandexBot/3.0; +http://yandex.com/bots)"
93.158.161.76 - - [20/Sep/2021:10:02:41 +0200] "GET /images/big_prod/5025123432113.jpg HTTP/1.1" 200 141054 "-" "Mozilla/5.0 (compatible; YandexImages/3.0; +http://yandex.com/bots)"
66.249.64.86 - - [20/Sep/2021:10:03:06 +0200] "GET /images/8999991018472.jpg HTTP/1.1" 200 33825 "-" "Googlebot-Image/1.0"
192.99.15.29 - - [20/Sep/2021:10:03:57 +0200] "GET /robots.txt HTTP/1.1" 200 2438 "-" "Mozilla/5.0 (compatible; MJ12bot/v1.4.8; http://mj12bot.com/)"
220.230.168.3 - - [20/Sep/2021:10:05:03 +0200] "GET /images/mini_prod/8430957052104.jpg HTTP/1.1" 200 7397 "-" "Mozilla/5.0 (X11; Ubuntu; Linux x86_64; rv:72.0) Gecko/20100101 Firefox/72.0"
66.249.81.128 - - [20/Sep/2021:10:05:57 +0200] "GET /images/big_prod/3565750306989.jpg HTTP/1.1" 200 65193 "-" "Mozilla/5.0 (Windows NT 5.1; rv:11.0) Gecko Firefox/11.0 (via ggpht.com GoogleImageProxy)"
66.249.64.82 - - [20/Sep/2021:10:08:45 +0200] "GET /images/big_prod/1302125000002.jpg HTTP/1.1" 200 84054 "-" "Googlebot-Image/1.0"
183.239.162.232 - - [20/Sep/2021:10:09:21 +0200] "GET /images/mini_prod/MISES-EN-SITUATION-04.jpg HTTP/1.1" 200 7628 "-" "Mozilla/5.0 (X11; Ubuntu; Linux x86_64; rv:72.0) Gecko/20100101 Firefox/72.0"
167.220.233.194 - - [20/Sep/2021:10:10:51 +0200] "GET /images/mini_prod/3660173148601.jpg HTTP/1.1" 200 9291 "-" "Mozilla/5.0 (X11; Ubuntu; Linux x86_64; rv:72.0) Gecko/20100101 Firefox/72.0"
77.88.5.71 - - [20/Sep/2021:10:11:16 +0200] "GET /images/big_prod/3453131132459.jpg HTTP/1.1" 200 70154 "-" "Mozilla/5.0 (compatible; YandexImages/3.0; +http://yandex.com/bots)"
185.191.171.26 - - [20/Sep/2021:10:15:44 +0200] "GET /robots.txt HTTP/1.1" 200 2438 "-" "Mozilla/5.0 (compatible; SemrushBot/7~bl; +http://www.semrush.com/bot.html)"
66.249.64.86 - - [20/Sep/2021:10:18:06 +0200] "GET /images/mini_prod/3665269057621.jpg HTTP/1.1" 200 5973 "-" "Googlebot-Image/1.0"
66.249.64.82 - - [20/Sep/2021:10:19:12 +0200] "GET /mondial_relay/js/jquery-1.3.2.min.js HTTP/1.1" 200 57254 "http://www.wonder-geek.com/piston-coffee-maker-p-41736.html" "Mozilla/5.0 (Linux; Android 6.0.1; Nexus 5X Build/MMB29P) AppleWebKit/537.36 (KHTML, like Gecko) Chrome/93.0.4577.83 Mobile Safari/537.36 (compatible; Googlebot/2.1; +http://www.google.com/bot.html)"
77.88.5.71 - - [20/Sep/2021:10:31:06 +0200] "GET /images/pantacourt-charlotte.jpg HTTP/1.1" 200 46562 "-" "Mozilla/5.0 (compatible; YandexImages/3.0; +http://yandex.com/bots)"
123.125.109.80 - - [20/Sep/2021:10:32:21 +0200] "GET /images/mini_prod/1384010203149.jpg HTTP/1.1" 200 6818 "-" "Mozilla/5.0 (Windows NT 5.1) AppleWebKit/534.30 (KHTML, like Gecko) Chrome/12.0.742.122 Safari/534.30"
123.125.109.67 - - [20/Sep/2021:10:32:22 +0200] "GET /images/mini_prod/1384010203149.jpg HTTP/1.1" 200 6818 "-" "Mozilla/5.0 (Windows NT 5.1) AppleWebKit/534.30 (KHTML, like Gecko) Chrome/12.0.742.122 Safari/534.30"
66.249.64.84 - - [20/Sep/2021:10:33:06 +0200] "GET /images/big_prod/1300000012935.jpg HTTP/1.1" 200 73514 "-" "Googlebot-Image/1.0"
66.249.64.84 - - [20/Sep/2021:10:48:06 +0200] "GET /images/big_prod/5051276388649.jpg HTTP/1.1" 200 351407 "-" "Googlebot-Image/1.0"
66.249.64.84 - - [20/Sep/2021:10:48:45 +0200] "GET /images/1399984263877.jpg HTTP/1.1" 200 92502 "-" "Googlebot-Image/1.0"
77.75.77.101 - - [20/Sep/2021:10:49:21 +0200] "GET /robots.txt HTTP/1.1" 200 2438 "-" "Mozilla/5.0 (compatible; SeznamBot/3.2; +http://napoveda.seznam.cz/en/seznambot-intro/)"
114.119.128.39 - - [20/Sep/2021:10:51:58 +0200] "GET /images/mini_prod/5051276182773.jpg HTTP/1.1" 200 6348 "-" "Mozilla/5.0 (Linux; Android 7.0;) AppleWebKit/537.36 (KHTML, like Gecko) Mobile Safari/537.36 (compatible; PetalBot;+https://webmaster.petalsearch.com/site/petalbot)"
216.244.66.242 - - [20/Sep/2021:10:55:00 +0200] "GET /robots.txt HTTP/1.1" 200 2438 "-" "Mozilla/5.0 (compatible; DotBot/1.2; +https://opensiteexplorer.org/dotbot; help@moz.com)"
167.220.233.194 - - [20/Sep/2021:10:55:23 +0200] "GET /images/mini_prod/3503420107825.jpg HTTP/1.1" 200 7188 "-" "Mozilla/5.0 (X11; Ubuntu; Linux x86_64; rv:72.0) Gecko/20100101 Firefox/72.0"
66.249.64.84 - - [20/Sep/2021:10:55:36 +0200] "GET /images/big_prod_1/3609810059986a.jpg HTTP/1.1" 200 76772 "-" "Googlebot-Image/1.0"
167.220.232.21 - - [20/Sep/2021:11:00:26 +0200] "GET /images/mini_prod/8003990630525.jpg HTTP/1.1" 200 6211 "-" "Mozilla/5.0 (X11; Ubuntu; Linux x86_64; rv:72.0) Gecko/20100101 Firefox/72.0"
66.249.64.82 - - [20/Sep/2021:11:06:51 +0200] "GET /images/big_prod_1/3453131144940N.jpg HTTP/1.1" 200 311268 "-" "Googlebot-Image/1.0"
167.220.233.194 - - [20/Sep/2021:11:10:51 +0200] "GET /images/mini_prod/3079091105175.jpg HTTP/1.1" 200 5577 "-" "Mozilla/5.0 (X11; Ubuntu; Linux x86_64; rv:72.0) Gecko/20100101 Firefox/72.0"
220.230.168.3 - - [20/Sep/2021:11:12:18 +0200] "GET /images/mini_prod/5203199036064.jpg HTTP/1.1" 200 8070 "-" "Mozilla/5.0 (X11; Ubuntu; Linux x86_64; rv:72.0) Gecko/20100101 Firefox/72.0"
103.131.71.20 - - [20/Sep/2021:11:14:37 +0200] "GET /robots.txt HTTP/1.1" 200 2438 "-" "Mozilla/5.0 (compatible; coccocbot-image/1.0; +http://help.coccoc.com/searchengine)"
103.131.71.52 - - [20/Sep/2021:11:15:09 +0200] "GET /images/big_prod/3700281647808.jpg HTTP/1.1" 304 0 "-" "Mozilla/5.0 (compatible; coccocbot-image/1.0; +http://help.coccoc.com/searchengine)"
185.191.171.41 - - [20/Sep/2021:11:16:16 +0200] "GET /robots.txt HTTP/1.1" 200 2438 "-" "Mozilla/5.0 (compatible; SemrushBot/7~bl; +http://www.semrush.com/bot.html)"
66.249.64.82 - - [20/Sep/2021:11:18:06 +0200] "GET /images/big_prod/3453131158756.jpg HTTP/1.1" 200 141411 "-" "Googlebot-Image/1.0"
95.163.255.141 - - [20/Sep/2021:11:19:12 +0200] "GET /robots.txt HTTP/1.0" 200 2438 "-" "Mozilla/5.0 (compatible; Linux x86_64; Mail.RU_Bot/Img/2.0; +http://go.mail.ru/help/robots)"
95.163.255.121 - - [20/Sep/2021:11:19:16 +0200] "GET /images/med_prod/1341689287320.jpg HTTP/1.1" 200 201194 "http://wonder-geek.com/images/med_prod/1341689287320.jpg" "Mozilla/5.0 (compatible; Linux x86_64; Mail.RU_Bot/Img/2.0; +http://go.mail.ru/help/robots)"
167.220.232.21 - - [20/Sep/2021:11:19:48 +0200] "GET /images/mini_prod/1399984241806.jpg HTTP/1.1" 200 5984 "-" "Mozilla/5.0 (X11; Ubuntu; Linux x86_64; rv:72.0) Gecko/20100101 Firefox/72.0"
167.220.233.194 - - [20/Sep/2021:11:25:10 +0200] "GET /images/mini_prod/3700653593320.jpg HTTP/1.1" 200 5267 "-" "Mozilla/5.0 (X11; Ubuntu; Linux x86_64; rv:72.0) Gecko/20100101 Firefox/72.0"
77.88.5.71 - - [20/Sep/2021:11:26:01 +0200] "GET /images/mini_prod/3700344910467.jpg HTTP/1.1" 200 2382 "-" "Mozilla/5.0 (compatible; YandexImages/3.0; +http://yandex.com/bots)"
167.220.233.194 - - [20/Sep/2021:11:27:47 +0200] "GET /images/mini_prod/8718375756041.jpg HTTP/1.1" 200 6216 "-" "Mozilla/5.0 (X11; Ubuntu; Linux x86_64; rv:72.0) Gecko/20100101 Firefox/72.0"
66.249.64.84 - - [20/Sep/2021:11:28:45 +0200] "GET /images/big_prod/8422020166351.jpg HTTP/1.1" 200 50401 "-" "Googlebot-Image/1.0"
66.249.64.82 - - [20/Sep/2021:11:29:21 +0200] "GET /images/mini_prod/3520071708737.jpg HTTP/1.1" 200 4056 "-" "Googlebot-Image/1.0"
167.220.232.21 - - [20/Sep/2021:11:34:04 +0200] "GET /images/med_prod/3662468004678.jpg HTTP/1.1" 200 73082 "-" "Mozilla/5.0 (X11; Ubuntu; Linux x86_64; rv:72.0) Gecko/20100101 Firefox/72.0"
66.249.64.84 - - [20/Sep/2021:11:40:36 +0200] "GET /images/mini_prod/3760233683377.jpg HTTP/1.1" 200 5384 "-" "Googlebot-Image/1.0"
216.244.66.242 - - [20/Sep/2021:11:42:46 +0200] "GET /robots.txt HTTP/1.1" 200 2438 "-" "Mozilla/5.0 (compatible; DotBot/1.2; +https://opensiteexplorer.org/dotbot; help@moz.com)"
17.121.113.109 - - [20/Sep/2021:11:45:02 +0200] "GET /images/big_prod/NN8422836098136.jpg HTTP/1.1" 200 184253 "-" "Mozilla/5.0 (Macintosh; Intel Mac OS X 10_15_5) AppleWebKit/605.1.15 (KHTML, like Gecko) Version/13.1.1 Safari/605.1.15 (Applebot/0.1; +http://www.apple.com/go/applebot)"
167.220.232.21 - - [20/Sep/2021:11:47:33 +0200] "GET /images/big_prod/3014627830404.jpg HTTP/1.1" 200 104584 "-" "Mozilla/5.0 (X11; Ubuntu; Linux x86_64; rv:72.0) Gecko/20100101 Firefox/72.0"
77.75.77.32 - - [20/Sep/2021:11:50:49 +0200] "GET /robots.txt HTTP/1.1" 200 2438 "-" "Mozilla/5.0 (compatible; SeznamBot/3.2; +http://napoveda.seznam.cz/en/seznambot-intro/)"
66.249.64.84 - - [20/Sep/2021:11:51:51 +0200] "GET /images/big_prod_1/3760233683377b.jpg HTTP/1.1" 200 49459 "-" "Googlebot-Image/1.0"
220.230.168.3 - - [20/Sep/2021:11:55:33 +0200] "GET /images/mini_prod/Image17.jpg HTTP/1.1" 200 24072 "-" "Mozilla/5.0 (X11; Ubuntu; Linux x86_64; rv:72.0) Gecko/20100101 Firefox/72.0"
17.121.115.44 - - [20/Sep/2021:12:05:49 +0200] "GET /images/med_prod/0pou.jpg HTTP/1.1" 200 65858 "-" "Mozilla/5.0 (Macintosh; Intel Mac OS X 10_15_5) AppleWebKit/605.1.15 (KHTML, like Gecko) Version/13.1.1 Safari/605.1.15 (Applebot/0.1; +http://www.apple.com/go/applebot)"
40.88.21.235 - - [20/Sep/2021:12:07:10 +0200] "GET /favicon.ico HTTP/1.1" 200 1591 "http://www.wonder-geek.com/favicon.ico" "Mozilla/5.0 (compatible; DuckDuckGo-Favicons-Bot/1.0; +http://duckduckgo.com)"
66.249.64.86 - - [20/Sep/2021:12:08:45 +0200] "GET /images/big_prod_2/3520071592442c.jpg HTTP/1.1" 200 120268 "-" "Googlebot-Image/1.0"
185.191.171.4 - - [20/Sep/2021:12:17:00 +0200] "GET /robots.txt HTTP/1.1" 200 2438 "-" "Mozilla/5.0 (compatible; SemrushBot/7~bl; +http://www.semrush.com/bot.html)"
93.158.161.76 - - [20/Sep/2021:12:18:53 +0200] "GET /robots.txt HTTP/1.1" 200 2438 "-" "Mozilla/5.0 (compatible; YandexBot/3.0; +http://yandex.com/bots)"
77.88.5.71 - - [20/Sep/2021:12:22:59 +0200] "GET /images/8430269357751.jpg HTTP/1.1" 200 42345 "-" "Mozilla/5.0 (compatible; YandexImages/3.0; +http://yandex.com/bots)"
220.230.168.3 - - [20/Sep/2021:12:27:24 +0200] "GET /images/mini_prod/5213199036063.jpg HTTP/1.1" 200 7655 "-" "Mozilla/5.0 (X11; Ubuntu; Linux x86_64; rv:72.0) Gecko/20100101 Firefox/72.0"
202.172.115.118 - - [20/Sep/2021:12:28:23 +0200] "GET /js/jquery.jqzoom.js HTTP/1.1" 200 4761 "http://www.wonder-geek.com/-p-17646.html" "Mozilla/5.0 (Windows NT 6.1; Win64; x64) AppleWebKit/537.36 (KHTML, like Gecko) Chrome/93.0.4577.82 Safari/537.36"
202.172.115.118 - - [20/Sep/2021:12:28:23 +0200] "GET /js/jquery.js HTTP/1.1" 200 54075 "http://www.wonder-geek.com/-p-17646.html" "Mozilla/5.0 (Windows NT 6.1; Win64; x64) AppleWebKit/537.36 (KHTML, like Gecko) Chrome/93.0.4577.82 Safari/537.36"
202.172.115.118 - - [20/Sep/2021:12:28:24 +0200] "GET /templates/Pixame_v1/stylesheet.css HTTP/1.1" 200 56057 "http://www.wonder-geek.com/-p-17646.html" "Mozilla/5.0 (Windows NT 6.1; Win64; x64) AppleWebKit/537.36 (KHTML, like Gecko) Chrome/93.0.4577.82 Safari/537.36"
202.172.115.118 - - [20/Sep/2021:12:28:24 +0200] "GET /highslide/highslide.js HTTP/1.1" 200 42909 "http://www.wonder-geek.com/-p-17646.html" "Mozilla/5.0 (Windows NT 6.1; Win64; x64) AppleWebKit/537.36 (KHTML, like Gecko) Chrome/93.0.4577.82 Safari/537.36"
202.172.115.118 - - [20/Sep/2021:12:28:24 +0200] "GET /mondial_relay/js/jquery-1.3.2.min.js HTTP/1.1" 200 57254 "http://www.wonder-geek.com/-p-17646.html" "Mozilla/5.0 (Windows NT 6.1; Win64; x64) AppleWebKit/537.36 (KHTML, like Gecko) Chrome/93.0.4577.82 Safari/537.36"
202.172.115.118 - - [20/Sep/2021:12:28:24 +0200] "GET /templates/Pixame_v1/images/icon_accueil2.png HTTP/1.1" 200 1137 "http://www.wonder-geek.com/-p-17646.html" "Mozilla/5.0 (Windows NT 6.1; Win64; x64) AppleWebKit/537.36 (KHTML, like Gecko) Chrome/93.0.4577.82 Safari/537.36"
202.172.115.118 - - [20/Sep/2021:12:28:24 +0200] "GET /templates/Pixame_v1/images/nav.png HTTP/1.1" 200 1283 "http://www.wonder-geek.com/templates/Pixame_v1/stylesheet.css" "Mozilla/5.0 (Windows NT 6.1; Win64; x64) AppleWebKit/537.36 (KHTML, like Gecko) Chrome/93.0.4577.82 Safari/537.36"
202.172.115.118 - - [20/Sep/2021:12:28:24 +0200] "GET /design/productsenstock.png HTTP/1.1" 200 4743 "http://www.wonder-geek.com/templates/Pixame_v1/stylesheet.css" "Mozilla/5.0 (Windows NT 6.1; Win64; x64) AppleWebKit/537.36 (KHTML, like Gecko) Chrome/93.0.4577.82 Safari/537.36"
202.172.115.118 - - [20/Sep/2021:12:28:25 +0200] "GET /templates/Pixame_v1/images/Bottom_texture.jpg HTTP/1.1" 200 56290 "http://www.wonder-geek.com/templates/Pixame_v1/stylesheet.css" "Mozilla/5.0 (Windows NT 6.1; Win64; x64) AppleWebKit/537.36 (KHTML, like Gecko) Chrome/93.0.4577.82 Safari/537.36"
202.172.115.118 - - [20/Sep/2021:12:28:25 +0200] "GET /templates/Pixame_v1/images/header.png HTTP/1.1" 200 70245 "http://www.wonder-geek.com/templates/Pixame_v1/stylesheet.css" "Mozilla/5.0 (Windows NT 6.1; Win64; x64) AppleWebKit/537.36 (KHTML, like Gecko) Chrome/93.0.4577.82 Safari/537.36"
202.172.115.118 - - [20/Sep/2021:12:28:25 +0200] "GET /templates/Pixame_v1/images/header-object.png HTTP/1.1" 200 106050 "http://www.wonder-geek.com/templates/Pixame_v1/stylesheet.css" "Mozilla/5.0 (Windows NT 6.1; Win64; x64) AppleWebKit/537.36 (KHTML, like Gecko) Chrome/93.0.4577.82 Safari/537.36"
202.172.115.118 - - [20/Sep/2021:12:28:25 +0200] "GET /templates/Pixame_v1/images/Middle_texture.jpg HTTP/1.1" 200 249620 "http://www.wonder-geek.com/templates/Pixame_v1/stylesheet.css" "Mozilla/5.0 (Windows NT 6.1; Win64; x64) AppleWebKit/537.36 (KHTML, like Gecko) Chrome/93.0.4577.82 Safari/537.36"
202.172.115.118 - - [20/Sep/2021:12:28:26 +0200] "GET /highslide/graphics/outlines/drop-shadow.png HTTP/1.1" 200 2022 "http://www.wonder-geek.com/-p-17646.html" "Mozilla/5.0 (Windows NT 6.1; Win64; x64) AppleWebKit/537.36 (KHTML, like Gecko) Chrome/93.0.4577.82 Safari/537.36"
202.172.115.118 - - [20/Sep/2021:12:28:26 +0200] "GET /favicon.ico HTTP/1.1" 200 1591 "http://www.wonder-geek.com/-p-17646.html" "Mozilla/5.0 (Windows NT 6.1; Win64; x64) AppleWebKit/537.36 (KHTML, like Gecko) Chrome/93.0.4577.82 Safari/537.36"
64.62.252.162 - - [20/Sep/2021:12:30:21 +0200] "GET /robots.txt HTTP/1.1" 200 2438 "-" "The Knowledge AI"
216.244.66.242 - - [20/Sep/2021:12:30:40 +0200] "GET /robots.txt HTTP/1.1" 200 2438 "-" "Mozilla/5.0 (compatible; DotBot/1.2; +https://opensiteexplorer.org/dotbot; help@moz.com)"
167.220.233.194 - - [20/Sep/2021:12:35:06 +0200] "GET /images/mini_prod/DSCN6253.jpg HTTP/1.1" 200 5623 "-" "Mozilla/5.0 (X11; Ubuntu; Linux x86_64; rv:72.0) Gecko/20100101 Firefox/72.0"
202.172.115.118 - - [20/Sep/2021:12:40:45 +0200] "GET /images/8435333848159.jpg HTTP/1.1" 200 33425 "https://www.bing.com/" "Mozilla/5.0 (Windows NT 6.1; Win64; x64) AppleWebKit/537.36 (KHTML, like Gecko) Chrome/93.0.4577.82 Safari/537.36"
17.121.114.240 - - [20/Sep/2021:12:47:14 +0200] "GET /robots.txt HTTP/1.1" 200 2438 "-" "Mozilla/5.0 (Macintosh; Intel Mac OS X 10_15_5) AppleWebKit/605.1.15 (KHTML, like Gecko) Version/13.1.1 Safari/605.1.15 (Applebot/0.1; +http://www.apple.com/go/applebot)"
66.249.82.148 - - [20/Sep/2021:12:50:03 +0200] "GET /images/big_prod/8718375756041.jpg HTTP/1.1" 200 111445 "-" "Mozilla/5.0 (Windows NT 5.1; rv:11.0) Gecko Firefox/11.0 (via ggpht.com GoogleImageProxy)"
95.163.255.138 - - [20/Sep/2021:12:50:59 +0200] "GET /robots.txt HTTP/1.0" 200 2438 "-" "Mozilla/5.0 (compatible; Linux x86_64; Mail.RU_Bot/Img/2.0; +http://go.mail.ru/help/robots)"
95.163.255.141 - - [20/Sep/2021:12:51:05 +0200] "GET /images/med_prod/DUB61.jpg HTTP/1.1" 200 72846 "http://wonder-geek.com/images/med_prod/DUB61.jpg" "Mozilla/5.0 (compatible; Linux x86_64; Mail.RU_Bot/Img/2.0; +http://go.mail.ru/help/robots)"
95.163.255.121 - - [20/Sep/2021:12:51:08 +0200] "GET /images/3298060223751.jpg HTTP/1.1" 200 65888 "http://wonder-geek.com/images/3298060223751.jpg" "Mozilla/5.0 (compatible; Linux x86_64; Mail.RU_Bot/Img/2.0; +http://go.mail.ru/help/robots)"
66.102.8.192 - - [20/Sep/2021:12:54:51 +0200] "GET /images/med_prod/3520071345581.jpg HTTP/1.1" 200 135255 "-" "Mozilla/5.0 (Windows NT 5.1; rv:11.0) Gecko Firefox/11.0 (via ggpht.com GoogleImageProxy)"
114.119.128.50 - - [20/Sep/2021:13:00:46 +0200] "GET /images/mini_prod/3453131158626.jpg HTTP/1.1" 200 6197 "-" "Mozilla/5.0 (Linux; Android 7.0;) AppleWebKit/537.36 (KHTML, like Gecko) Mobile Safari/537.36 (compatible; PetalBot;+https://webmaster.petalsearch.com/site/petalbot)"
220.230.168.3 - - [20/Sep/2021:13:02:12 +0200] "GET /images/mini_prod/3700276874486.jpg HTTP/1.1" 200 8884 "-" "Mozilla/5.0 (X11; Ubuntu; Linux x86_64; rv:72.0) Gecko/20100101 Firefox/72.0"
66.102.9.114 - - [20/Sep/2021:13:05:11 +0200] "GET /images/big_prod_2/c1020322287292.jpg HTTP/1.1" 200 57414 "-" "Mozilla/5.0 (Windows NT 5.1; rv:11.0) Gecko Firefox/11.0 (via ggpht.com GoogleImageProxy)"
185.191.171.15 - - [20/Sep/2021:13:12:33 +0200] "GET /robots.txt HTTP/1.1" 200 2438 "-" "Mozilla/5.0 (compatible; SemrushBot/7~bl; +http://www.semrush.com/bot.html)"
66.249.64.82 - - [20/Sep/2021:13:16:47 +0200] "GET /images/mini_prod/3760116310499.jpg HTTP/1.1" 200 7560 "-" "Googlebot-Image/1.0"
66.249.93.249 - - [20/Sep/2021:13:17:21 +0200] "GET /images/big_prod_1/3453131158992a.jpg HTTP/1.1" 200 173075 "-" "Mozilla/5.0 (Windows NT 5.1; rv:11.0) Gecko Firefox/11.0 (via ggpht.com GoogleImageProxy)"
216.244.66.242 - - [20/Sep/2021:13:18:12 +0200] "GET /robots.txt HTTP/1.1" 200 2438 "-" "Mozilla/5.0 (compatible; DotBot/1.2; +https://opensiteexplorer.org/dotbot; help@moz.com)"
