66.249.64.82 - - [01/Oct/2021:03:25:35 +0200] "GET /images/big_prod_3/3660173242422c.jpg HTTP/1.1" 200 186491 "-" "Googlebot-Image/1.0"
114.119.128.253 - - [01/Oct/2021:03:27:01 +0200] "GET /images/mini_prod/3560600309585.jpg HTTP/1.1" 200 9588 "-" "Mozilla/5.0 (Linux; Android 7.0;) AppleWebKit/537.36 (KHTML, like Gecko) Mobile Safari/537.36 (compatible; PetalBot;+https://webmaster.petalsearch.com/site/petalbot)"
17.121.112.146 - - [01/Oct/2021:03:28:27 +0200] "GET /images/mini_prod/3609810028876.jpg HTTP/1.1" 200 6337 "-" "Mozilla/5.0 (Macintosh; Intel Mac OS X 10_15_5) AppleWebKit/605.1.15 (KHTML, like Gecko) Version/13.1.1 Safari/605.1.15 (Applebot/0.1; +http://www.apple.com/go/applebot)"
114.119.128.34 - - [01/Oct/2021:03:29:36 +0200] "GET /images/big_prod/1399984231258.jpg HTTP/1.1" 200 78582 "-" "Mozilla/5.0 (Linux; Android 7.0;) AppleWebKit/537.36 (KHTML, like Gecko) Mobile Safari/537.36 (compatible; PetalBot;+https://webmaster.petalsearch.com/site/petalbot)"
207.46.13.54 - - [01/Oct/2021:03:30:20 +0200] "GET /images/big_prod/1384010208373.jpg HTTP/1.1" 200 75166 "-" "Mozilla/5.0 (compatible; bingbot/2.0; +http://www.bing.com/bingbot.htm)"
157.90.177.217 - - [01/Oct/2021:03:30:31 +0200] "GET /robots.txt HTTP/1.1" 304 0 "-" "Mozilla/5.0 (compatible; BLEXBot/1.0; +http://webmeup-crawler.com/)"
40.77.167.79 - - [01/Oct/2021:03:30:42 +0200] "GET /images/102_4711.jpg HTTP/1.1" 200 15625 "-" "Mozilla/5.0 (compatible; bingbot/2.0; +http://www.bing.com/bingbot.htm)"
114.119.128.39 - - [01/Oct/2021:03:32:08 +0200] "GET /images/big_prod_1/1367103634433a.jpg HTTP/1.1" 200 82660 "-" "Mozilla/5.0 (Linux; Android 7.0;) AppleWebKit/537.36 (KHTML, like Gecko) Mobile Safari/537.36 (compatible; PetalBot;+https://webmaster.petalsearch.com/site/petalbot)"
3.234.226.228 - - [01/Oct/2021:03:34:59 +0200] "GET /images/mini_prod/DSCN7544.jpg HTTP/1.1" 200 6368 "-" "Mozilla/5.0 (X11; Ubuntu; Linux x86_64; rv:72.0) Gecko/20100101 Firefox/72.0"
114.119.128.39 - - [01/Oct/2021:03:35:03 +0200] "GET /images/big_prod/3503420218194.jpg HTTP/1.1" 200 397949 "-" "Mozilla/5.0 (Linux; Android 7.0;) AppleWebKit/537.36 (KHTML, like Gecko) Mobile Safari/537.36 (compatible; PetalBot;+https://webmaster.petalsearch.com/site/petalbot)"
207.46.13.162 - - [01/Oct/2021:03:36:42 +0200] "GET /images/big_prod/1341689464257.jpg HTTP/1.1" 200 202048 "-" "Mozilla/5.0 (compatible; bingbot/2.0; +http://www.bing.com/bingbot.htm)"
40.77.167.10 - - [01/Oct/2021:03:36:44 +0200] "GET /images/big_prod_2/c045544939850.jpg HTTP/1.1" 200 68627 "-" "Mozilla/5.0 (compatible; bingbot/2.0; +http://www.bing.com/bingbot.htm)"
3.234.226.228 - - [01/Oct/2021:03:37:36 +0200] "GET /images/mini_prod/3438100336533.jpg HTTP/1.1" 200 8041 "-" "Mozilla/5.0 (X11; Ubuntu; Linux x86_64; rv:72.0) Gecko/20100101 Firefox/72.0"
207.46.13.3 - - [01/Oct/2021:03:38:08 +0200] "GET /images/B12359.jpg HTTP/1.1" 200 14816 "-" "Mozilla/5.0 (compatible; bingbot/2.0; +http://www.bing.com/bingbot.htm)"
216.244.66.242 - - [01/Oct/2021:03:38:39 +0200] "GET /robots.txt HTTP/1.1" 200 2438 "-" "Mozilla/5.0 (compatible; DotBot/1.2; +https://opensiteexplorer.org/dotbot; help@moz.com)"
207.46.13.59 - - [01/Oct/2021:03:39:03 +0200] "GET /images/big_prod/3700653511607.jpg HTTP/1.1" 200 97605 "-" "Mozilla/5.0 (compatible; bingbot/2.0; +http://www.bing.com/bingbot.htm)"
207.46.13.44 - - [01/Oct/2021:03:39:12 +0200] "GET /robots.txt HTTP/1.1" 200 2438 "-" "Mozilla/5.0 (compatible; bingbot/2.0; +http://www.bing.com/bingbot.htm)"
114.119.128.39 - - [01/Oct/2021:03:39:55 +0200] "GET /images/big_prod_1/8424001704484a.jpg HTTP/1.1" 200 254799 "-" "Mozilla/5.0 (Linux; Android 7.0;) AppleWebKit/537.36 (KHTML, like Gecko) Mobile Safari/537.36 (compatible; PetalBot;+https://webmaster.petalsearch.com/site/petalbot)"
207.46.13.59 - - [01/Oct/2021:03:40:32 +0200] "GET /images/med_prod/00000000000000000marsei.jpg HTTP/1.1" 200 57063 "-" "Mozilla/5.0 (compatible; bingbot/2.0; +http://www.bing.com/bingbot.htm)"
157.90.177.217 - - [01/Oct/2021:03:40:33 +0200] "GET /robots.txt HTTP/1.1" 304 0 "-" "Mozilla/5.0 (compatible; BLEXBot/1.0; +http://webmeup-crawler.com/)"
66.249.64.83 - - [01/Oct/2021:03:40:35 +0200] "GET /images/8028501269438.jpg HTTP/1.1" 200 31955 "-" "Googlebot-Image/1.0"
207.46.13.3 - - [01/Oct/2021:03:41:43 +0200] "GET /images/mini_prod/8422063500020.jpg HTTP/1.1" 200 4295 "-" "Mozilla/5.0 (compatible; bingbot/2.0; +http://www.bing.com/bingbot.htm)"
114.119.128.40 - - [01/Oct/2021:03:42:22 +0200] "GET /images/big_prod/3665269069587.jpg HTTP/1.1" 200 128839 "-" "Mozilla/5.0 (Linux; Android 7.0;) AppleWebKit/537.36 (KHTML, like Gecko) Mobile Safari/537.36 (compatible; PetalBot;+https://webmaster.petalsearch.com/site/petalbot)"
93.158.161.65 - - [01/Oct/2021:03:45:15 +0200] "GET /images/big_prod/1384010204870.jpg HTTP/1.1" 200 94707 "-" "Mozilla/5.0 (compatible; YandexImages/3.0; +http://yandex.com/bots)"
207.46.13.58 - - [01/Oct/2021:03:48:47 +0200] "GET /images/big_prod/4012390386356.jpg HTTP/1.1" 200 91348 "-" "Mozilla/5.0 (compatible; bingbot/2.0; +http://www.bing.com/bingbot.htm)"
157.90.177.217 - - [01/Oct/2021:03:50:34 +0200] "GET /robots.txt HTTP/1.1" 304 0 "-" "Mozilla/5.0 (compatible; BLEXBot/1.0; +http://webmeup-crawler.com/)"
207.46.13.59 - - [01/Oct/2021:03:51:54 +0200] "GET /images/big_prod/8419810095007.jpg HTTP/1.1" 200 76721 "-" "Mozilla/5.0 (compatible; bingbot/2.0; +http://www.bing.com/bingbot.htm)"
40.77.167.10 - - [01/Oct/2021:03:53:11 +0200] "GET /images/big_prod/1345544973366.jpg HTTP/1.1" 200 118930 "-" "Mozilla/5.0 (compatible; bingbot/2.0; +http://www.bing.com/bingbot.htm)"
207.46.13.54 - - [01/Oct/2021:03:54:22 +0200] "GET /images/mini_prod/5027148033696.jpg HTTP/1.1" 200 5005 "-" "Mozilla/5.0 (compatible; bingbot/2.0; +http://www.bing.com/bingbot.htm)"
66.249.64.83 - - [01/Oct/2021:03:55:35 +0200] "GET /images/big_prod/1905279114634.jpg HTTP/1.1" 200 110964 "-" "Googlebot-Image/1.0"
3.234.226.228 - - [01/Oct/2021:03:56:04 +0200] "GET /images/mini_prod/5036278051203.jpg HTTP/1.1" 200 10437 "-" "Mozilla/5.0 (X11; Ubuntu; Linux x86_64; rv:72.0) Gecko/20100101 Firefox/72.0"
40.77.167.79 - - [01/Oct/2021:03:56:48 +0200] "GET /images/big_prod_3/b5018997632260.jpg HTTP/1.1" 200 96980 "-" "Mozilla/5.0 (compatible; bingbot/2.0; +http://www.bing.com/bingbot.htm)"
114.119.128.253 - - [01/Oct/2021:03:59:30 +0200] "GET /images/big_prod/1399980109025.jpg HTTP/1.1" 200 72643 "-" "Mozilla/5.0 (Linux; Android 7.0;) AppleWebKit/537.36 (KHTML, like Gecko) Mobile Safari/537.36 (compatible; PetalBot;+https://webmaster.petalsearch.com/site/petalbot)"
52.91.95.0 - - [01/Oct/2021:04:00:19 +0200] "GET /images/mini_prod/DSCN7550.jpg HTTP/1.1" 200 5109 "-" "Mozilla/5.0 (X11; Ubuntu; Linux x86_64; rv:72.0) Gecko/20100101 Firefox/72.0"
157.90.177.217 - - [01/Oct/2021:04:00:37 +0200] "GET /robots.txt HTTP/1.1" 304 0 "-" "Mozilla/5.0 (compatible; BLEXBot/1.0; +http://webmeup-crawler.com/)"
114.119.128.39 - - [01/Oct/2021:04:04:17 +0200] "GET /images/big_prod/5415203108937.jpg HTTP/1.1" 200 445446 "-" "Mozilla/5.0 (Linux; Android 7.0;) AppleWebKit/537.36 (KHTML, like Gecko) Mobile Safari/537.36 (compatible; PetalBot;+https://webmaster.petalsearch.com/site/petalbot)"
40.77.167.10 - - [01/Oct/2021:04:08:32 +0200] "GET /images/big_prod/verityB1186747041830.jpg HTTP/1.1" 200 127909 "-" "Mozilla/5.0 (compatible; bingbot/2.0; +http://www.bing.com/bingbot.htm)"
54.221.188.176 - - [01/Oct/2021:04:08:44 +0200] "GET /images/mini_prod/3661443611191.jpg HTTP/1.1" 200 6471 "-" "Mozilla/5.0 (X11; Ubuntu; Linux x86_64; rv:72.0) Gecko/20100101 Firefox/72.0"
66.249.64.83 - - [01/Oct/2021:04:10:35 +0200] "GET /images/mini_prod/8430269349879.jpg HTTP/1.1" 200 6722 "-" "Googlebot-Image/1.0"
157.90.177.217 - - [01/Oct/2021:04:10:38 +0200] "GET /robots.txt HTTP/1.1" 304 0 "-" "Mozilla/5.0 (compatible; BLEXBot/1.0; +http://webmeup-crawler.com/)"
77.88.5.17 - - [01/Oct/2021:04:10:51 +0200] "GET /robots.txt HTTP/1.1" 200 2438 "-" "Mozilla/5.0 (compatible; YandexBot/3.0; +http://yandex.com/bots)"
114.119.128.39 - - [01/Oct/2021:04:11:36 +0200] "GET /images/big_prod_1/8422013559306a.jpg HTTP/1.1" 200 68666 "-" "Mozilla/5.0 (Linux; Android 7.0;) AppleWebKit/537.36 (KHTML, like Gecko) Mobile Safari/537.36 (compatible; PetalBot;+https://webmaster.petalsearch.com/site/petalbot)"
207.46.13.3 - - [01/Oct/2021:04:11:36 +0200] "GET /images/big_prod_2/c8717202557592.jpg HTTP/1.1" 200 65068 "-" "Mozilla/5.0 (compatible; bingbot/2.0; +http://www.bing.com/bingbot.htm)"
185.191.171.25 - - [01/Oct/2021:04:11:58 +0200] "GET /robots.txt HTTP/1.1" 200 2438 "-" "Mozilla/5.0 (compatible; SemrushBot/7~bl; +http://www.semrush.com/bot.html)"
34.219.220.254 - - [01/Oct/2021:04:15:22 +0200] "GET /favicon.ico HTTP/1.1" 200 1591 "http://wonder-geek.com/favicon.ico" "Mozilla/5.0 (X11; Linux x86_64) AppleWebKit/537.36 (KHTML, like Gecko) Chrome/83.0.4103.97 Safari/537.36"
54.188.11.101 - - [01/Oct/2021:04:15:31 +0200] "GET /favicon.ico HTTP/1.1" 200 1591 "http://wonder-geek.com/favicon.ico" "Mozilla/5.0 (X11; Linux x86_64) AppleWebKit/537.36 (KHTML, like Gecko) Chrome/83.0.4103.97 Safari/537.36"
114.119.128.26 - - [01/Oct/2021:04:16:43 +0200] "GET /images/big_prod/3453131157773.jpg HTTP/1.1" 200 105848 "-" "Mozilla/5.0 (Linux; Android 7.0;) AppleWebKit/537.36 (KHTML, like Gecko) Mobile Safari/537.36 (compatible; PetalBot;+https://webmaster.petalsearch.com/site/petalbot)"
54.221.188.176 - - [01/Oct/2021:04:16:45 +0200] "GET /images/big_prod_2/c5018997632079.jpg HTTP/1.1" 200 101129 "-" "Mozilla/5.0 (X11; Ubuntu; Linux x86_64; rv:72.0) Gecko/20100101 Firefox/72.0"
54.149.144.147 - - [01/Oct/2021:04:17:08 +0200] "GET /favicon.ico HTTP/1.1" 200 1591 "http://wonder-geek.com/favicon.ico" "Mozilla/5.0 (X11; Linux x86_64) AppleWebKit/537.36 (KHTML, like Gecko) Chrome/83.0.4103.97 Safari/537.36"
157.90.177.217 - - [01/Oct/2021:04:20:42 +0200] "GET /robots.txt HTTP/1.1" 304 0 "-" "Mozilla/5.0 (compatible; BLEXBot/1.0; +http://webmeup-crawler.com/)"
66.249.64.83 - - [01/Oct/2021:04:21:17 +0200] "GET /images/big_prod/3612872114272.jpg HTTP/1.1" 200 88215 "-" "Googlebot-Image/1.0"
66.249.64.83 - - [01/Oct/2021:04:21:27 +0200] "GET /images/big_prod_1/8435153868382D.jpg HTTP/1.1" 200 315476 "-" "Googlebot-Image/1.0"
114.119.128.39 - - [01/Oct/2021:04:21:37 +0200] "GET /images/big_prod_1/8719497610259a.jpg HTTP/1.1" 200 50369 "-" "Mozilla/5.0 (Linux; Android 7.0;) AppleWebKit/537.36 (KHTML, like Gecko) Mobile Safari/537.36 (compatible; PetalBot;+https://webmaster.petalsearch.com/site/petalbot)"
162.224.82.17 - - [01/Oct/2021:04:22:18 +0200] "GET /images/big_prod/8904245400477.jpg HTTP/1.1" 200 89677 "http://pos.kit-systems.com/?display=dual" "Mozilla/5.0 (Windows NT 6.2; WOW64) AppleWebKit/537.36 (KHTML, like Gecko) (KioWare Client Platform r3023) Chrome/70.0.3538.102 Safari/537.36"
157.55.39.110 - - [01/Oct/2021:04:22:21 +0200] "GET /images/6953270921336.jpg HTTP/1.1" 200 21788 "-" "Mozilla/5.0 (compatible; bingbot/2.0; +http://www.bing.com/bingbot.htm)"
40.77.167.79 - - [01/Oct/2021:04:23:07 +0200] "GET /images/big_prod_1/3609810099616a.jpg HTTP/1.1" 200 252135 "-" "Mozilla/5.0 (compatible; bingbot/2.0; +http://www.bing.com/bingbot.htm)"
207.46.13.58 - - [01/Oct/2021:04:24:43 +0200] "GET /images/big_prod_1/8718375750865a.jpg HTTP/1.1" 200 51034 "-" "Mozilla/5.0 (compatible; bingbot/2.0; +http://www.bing.com/bingbot.htm)"
216.244.66.242 - - [01/Oct/2021:04:24:54 +0200] "GET /robots.txt HTTP/1.1" 200 2438 "-" "Mozilla/5.0 (compatible; DotBot/1.2; +https://opensiteexplorer.org/dotbot; help@moz.com)"
66.249.64.84 - - [01/Oct/2021:04:25:35 +0200] "GET /images/mini_prod/7601020000143.jpg HTTP/1.1" 200 7758 "-" "Googlebot-Image/1.0"
74.125.212.50 - - [01/Oct/2021:04:25:35 +0200] "GET /images/med_prod/tscomorrab.jpg HTTP/1.1" 200 106497 "-" "Mozilla/5.0 (Windows NT 5.1; rv:11.0) Gecko Firefox/11.0 (via ggpht.com GoogleImageProxy)"
192.99.15.29 - - [01/Oct/2021:04:25:54 +0200] "GET /robots.txt HTTP/1.1" 200 2438 "-" "Mozilla/5.0 (compatible; MJ12bot/v1.4.8; http://mj12bot.com/)"
40.77.167.10 - - [01/Oct/2021:04:25:54 +0200] "GET /images/med_prod/1399984284360.jpg HTTP/1.1" 200 151991 "-" "Mozilla/5.0 (compatible; bingbot/2.0; +http://www.bing.com/bingbot.htm)"
54.201.68.36 - - [01/Oct/2021:04:27:04 +0200] "GET /favicon.ico HTTP/1.1" 200 1591 "http://wonder-geek.com/favicon.ico" "Mozilla/5.0 (X11; Linux x86_64) AppleWebKit/537.36 (KHTML, like Gecko) Chrome/83.0.4103.97 Safari/537.36"
52.27.61.220 - - [01/Oct/2021:04:27:33 +0200] "GET /favicon.ico HTTP/1.1" 200 1591 "http://wonder-geek.com/favicon.ico" "Mozilla/5.0 (X11; Linux x86_64) AppleWebKit/537.36 (KHTML, like Gecko) Chrome/83.0.4103.97 Safari/537.36"
157.90.177.217 - - [01/Oct/2021:04:30:45 +0200] "GET /robots.txt HTTP/1.1" 304 0 "-" "Mozilla/5.0 (compatible; BLEXBot/1.0; +http://webmeup-crawler.com/)"
207.46.13.58 - - [01/Oct/2021:04:30:55 +0200] "GET /images/med_prod/1399984284285N.jpg HTTP/1.1" 200 81979 "-" "Mozilla/5.0 (compatible; bingbot/2.0; +http://www.bing.com/bingbot.htm)"
54.188.11.101 - - [01/Oct/2021:04:31:09 +0200] "GET /favicon.ico HTTP/1.1" 200 1591 "http://wonder-geek.com/favicon.ico" "Mozilla/5.0 (X11; Linux x86_64) AppleWebKit/537.36 (KHTML, like Gecko) Chrome/83.0.4103.97 Safari/537.36"
44.192.45.143 - - [01/Oct/2021:04:33:11 +0200] "GET /images/mini_prod/8718375756041.jpg HTTP/1.1" 200 6216 "-" "Mozilla/5.0 (X11; Ubuntu; Linux x86_64; rv:72.0) Gecko/20100101 Firefox/72.0"
40.77.167.10 - - [01/Oct/2021:04:33:35 +0200] "GET /images/big_prod/8422014433100.jpg HTTP/1.1" 200 180019 "-" "Mozilla/5.0 (compatible; bingbot/2.0; +http://www.bing.com/bingbot.htm)"
114.119.128.40 - - [01/Oct/2021:04:34:02 +0200] "GET /images/big_prod/8720088299593.jpg HTTP/1.1" 200 205450 "-" "Mozilla/5.0 (Linux; Android 7.0;) AppleWebKit/537.36 (KHTML, like Gecko) Mobile Safari/537.36 (compatible; PetalBot;+https://webmaster.petalsearch.com/site/petalbot)"
66.102.8.220 - - [01/Oct/2021:04:37:24 +0200] "GET /images/big_prod_1/8904245400118a.jpg HTTP/1.1" 200 70456 "-" "Mozilla/5.0 (Windows NT 5.1; rv:11.0) Gecko Firefox/11.0 (via ggpht.com GoogleImageProxy)"
207.46.13.59 - - [01/Oct/2021:04:38:29 +0200] "GET /images/big_prod/842203315859.jpg HTTP/1.1" 200 86279 "-" "Mozilla/5.0 (compatible; bingbot/2.0; +http://www.bing.com/bingbot.htm)"
114.119.128.40 - - [01/Oct/2021:04:39:02 +0200] "GET /images/mini_prod/3700516262103.jpg HTTP/1.1" 200 11883 "-" "Mozilla/5.0 (Linux; Android 7.0;) AppleWebKit/537.36 (KHTML, like Gecko) Mobile Safari/537.36 (compatible; PetalBot;+https://webmaster.petalsearch.com/site/petalbot)"
207.46.13.54 - - [01/Oct/2021:04:40:06 +0200] "GET /images/mini_prod/3760049594577.jpg HTTP/1.1" 200 7775 "-" "Mozilla/5.0 (compatible; bingbot/2.0; +http://www.bing.com/bingbot.htm)"
66.249.64.84 - - [01/Oct/2021:04:40:35 +0200] "GET /images/mini_prod/3609810043138.jpg HTTP/1.1" 200 9114 "-" "Googlebot-Image/1.0"
157.90.177.217 - - [01/Oct/2021:04:40:46 +0200] "GET /robots.txt HTTP/1.1" 304 0 "-" "Mozilla/5.0 (compatible; BLEXBot/1.0; +http://webmeup-crawler.com/)"
114.119.128.26 - - [01/Oct/2021:04:41:28 +0200] "GET /images/big_prod/8719172832136b.jpg HTTP/1.1" 200 81491 "-" "Mozilla/5.0 (Linux; Android 7.0;) AppleWebKit/537.36 (KHTML, like Gecko) Mobile Safari/537.36 (compatible; PetalBot;+https://webmaster.petalsearch.com/site/petalbot)"
114.119.128.39 - - [01/Oct/2021:04:43:55 +0200] "GET /images/big_prod/3503420076466.jpg HTTP/1.1" 200 194259 "-" "Mozilla/5.0 (Linux; Android 7.0;) AppleWebKit/537.36 (KHTML, like Gecko) Mobile Safari/537.36 (compatible; PetalBot;+https://webmaster.petalsearch.com/site/petalbot)"
157.55.39.110 - - [01/Oct/2021:04:44:03 +0200] "GET /images/big_prod_1/8720088291832a.jpg HTTP/1.1" 200 64451 "-" "Mozilla/5.0 (compatible; bingbot/2.0; +http://www.bing.com/bingbot.htm)"
157.230.80.85 - - [01/Oct/2021:04:44:52 +0200] "GET /robots.txt HTTP/1.1" 200 2438 "-" "Mozilla/5.0 (compatible; MJ12bot/v1.4.8; http://www.majestic12.co.uk/bot.php?+)"
207.46.13.162 - - [01/Oct/2021:04:49:07 +0200] "GET /images/3760194799919.jpg HTTP/1.1" 200 44076 "-" "Mozilla/5.0 (compatible; bingbot/2.0; +http://www.bing.com/bingbot.htm)"
157.90.177.217 - - [01/Oct/2021:04:50:49 +0200] "GET /robots.txt HTTP/1.1" 304 0 "-" "Mozilla/5.0 (compatible; BLEXBot/1.0; +http://webmeup-crawler.com/)"
207.46.13.44 - - [01/Oct/2021:04:51:44 +0200] "GET /robots.txt HTTP/1.1" 200 2438 "-" "Mozilla/5.0 (compatible; bingbot/2.0; +http://www.bing.com/bingbot.htm)"
159.138.102.98 - - [01/Oct/2021:04:54:00 +0200] "GET /images/mini_prod/8433833240152.jpg HTTP/1.1" 200 5762 "-" "Mozilla/5.0 (Linux; Android 7.0;) AppleWebKit/537.36 (KHTML, like Gecko) Mobile Safari/537.36 (compatible; PetalBot;+https://webmaster.petalsearch.com/site/petalbot)"
207.46.13.58 - - [01/Oct/2021:04:55:12 +0200] "GET /images/big_prod_4/8422830606153b.jpg HTTP/1.1" 200 159961 "-" "Mozilla/5.0 (compatible; bingbot/2.0; +http://www.bing.com/bingbot.htm)"
66.249.64.83 - - [01/Oct/2021:04:55:35 +0200] "GET /images/mini_prod/7601020000136.jpg HTTP/1.1" 200 6558 "-" "Googlebot-Image/1.0"
40.77.167.65 - - [01/Oct/2021:04:56:06 +0200] "GET /images/big_prod_1/b1384010201138.jpg HTTP/1.1" 200 90329 "-" "Mozilla/5.0 (compatible; bingbot/2.0; +http://www.bing.com/bingbot.htm)"
185.191.171.21 - - [01/Oct/2021:04:56:07 +0200] "GET /robots.txt HTTP/1.1" 200 2438 "-" "Mozilla/5.0 (compatible; SemrushBot/7~bl; +http://www.semrush.com/bot.html)"
207.46.13.162 - - [01/Oct/2021:04:57:27 +0200] "GET /images/7316191480150.jpg HTTP/1.1" 200 31193 "-" "Mozilla/5.0 (compatible; bingbot/2.0; +http://www.bing.com/bingbot.htm)"
207.46.13.162 - - [01/Oct/2021:04:59:17 +0200] "GET /images/DSCN3969.jpg HTTP/1.1" 200 14818 "-" "Mozilla/5.0 (compatible; bingbot/2.0; +http://www.bing.com/bingbot.htm)"
114.119.128.39 - - [01/Oct/2021:04:59:18 +0200] "GET /images/mini_prod/3760233683506.jpg HTTP/1.1" 200 6634 "-" "Mozilla/5.0 (Linux; Android 7.0;) AppleWebKit/537.36 (KHTML, like Gecko) Mobile Safari/537.36 (compatible; PetalBot;+https://webmaster.petalsearch.com/site/petalbot)"
66.249.64.82 - - [01/Oct/2021:04:59:24 +0200] "GET /images/mini_prod/1384010181683.jpg HTTP/1.1" 200 8294 "-" "Googlebot-Image/1.0"
17.121.113.169 - - [01/Oct/2021:04:59:53 +0200] "GET /images/mini_prod/3612875114019.jpg HTTP/1.1" 200 9962 "-" "Mozilla/5.0 (Macintosh; Intel Mac OS X 10_15_5) AppleWebKit/605.1.15 (KHTML, like Gecko) Version/13.1.1 Safari/605.1.15 (Applebot/0.1; +http://www.apple.com/go/applebot)"
157.90.177.217 - - [01/Oct/2021:05:00:50 +0200] "GET /robots.txt HTTP/1.1" 304 0 "-" "Mozilla/5.0 (compatible; BLEXBot/1.0; +http://webmeup-crawler.com/)"
207.46.13.58 - - [01/Oct/2021:05:01:16 +0200] "GET /images/big_prod/3503420190414N.jpg HTTP/1.1" 200 61587 "-" "Mozilla/5.0 (compatible; bingbot/2.0; +http://www.bing.com/bingbot.htm)"
40.77.167.79 - - [01/Oct/2021:05:02:00 +0200] "GET /images/big_prod/3560600313780.jpg HTTP/1.1" 200 41774 "-" "Mozilla/5.0 (compatible; bingbot/2.0; +http://www.bing.com/bingbot.htm)"
40.77.167.10 - - [01/Oct/2021:05:03:28 +0200] "GET /images/med_prod/8435333834480.jpg HTTP/1.1" 200 54561 "-" "Mozilla/5.0 (compatible; bingbot/2.0; +http://www.bing.com/bingbot.htm)"
207.46.13.162 - - [01/Oct/2021:05:03:38 +0200] "GET /images/1308421410057.jpg HTTP/1.1" 200 103632 "-" "Mozilla/5.0 (compatible; bingbot/2.0; +http://www.bing.com/bingbot.htm)"
207.46.13.54 - - [01/Oct/2021:05:08:39 +0200] "GET /images/mini_prod/1341689182328.jpg HTTP/1.1" 200 3111 "-" "Mozilla/5.0 (compatible; bingbot/2.0; +http://www.bing.com/bingbot.htm)"
66.249.64.82 - - [01/Oct/2021:05:10:35 +0200] "GET /images/mini_prod/3520071823614.jpg HTTP/1.1" 200 6550 "-" "Googlebot-Image/1.0"
157.90.177.217 - - [01/Oct/2021:05:10:52 +0200] "GET /robots.txt HTTP/1.1" 304 0 "-" "Mozilla/5.0 (compatible; BLEXBot/1.0; +http://webmeup-crawler.com/)"
216.244.66.242 - - [01/Oct/2021:05:11:12 +0200] "GET /robots.txt HTTP/1.1" 200 2438 "-" "Mozilla/5.0 (compatible; DotBot/1.2; +https://opensiteexplorer.org/dotbot; help@moz.com)"
40.77.167.79 - - [01/Oct/2021:05:12:52 +0200] "GET /images/big_prod_1/b1098890726284.jpg HTTP/1.1" 200 83100 "-" "Mozilla/5.0 (compatible; bingbot/2.0; +http://www.bing.com/bingbot.htm)"
17.121.115.176 - - [01/Oct/2021:05:17:39 +0200] "GET /images/big_prod/3442449973540BN.jpg HTTP/1.1" 200 62274 "-" "Mozilla/5.0 (Macintosh; Intel Mac OS X 10_15_5) AppleWebKit/605.1.15 (KHTML, like Gecko) Version/13.1.1 Safari/605.1.15 (Applebot/0.1; +http://www.apple.com/go/applebot)"
54.236.1.11 - - [01/Oct/2021:05:18:11 +0200] "GET /images/1399984234846.jpg HTTP/1.1" 200 170240 "-" "Mozilla/5.0 (compatible; Pinterestbot/1.0; +http://www.pinterest.com/bot.html)"
114.119.128.37 - - [01/Oct/2021:05:18:52 +0200] "GET /images/big_prod_1/3453131155069B.jpg HTTP/1.1" 200 303223 "-" "Mozilla/5.0 (Linux; Android 7.0;) AppleWebKit/537.36 (KHTML, like Gecko) Mobile Safari/537.36 (compatible; PetalBot;+https://webmaster.petalsearch.com/site/petalbot)"
157.90.177.217 - - [01/Oct/2021:05:21:18 +0200] "GET /robots.txt HTTP/1.1" 304 0 "-" "Mozilla/5.0 (compatible; BLEXBot/1.0; +http://webmeup-crawler.com/)"
66.249.64.84 - - [01/Oct/2021:05:21:19 +0200] "GET /js/jquery.jqzoom.js HTTP/1.1" 200 4761 "http://www.wonder-geek.com/sugar-c-13_150_152.html" "Mozilla/5.0 (Linux; Android 6.0.1; Nexus 5X Build/MMB29P) AppleWebKit/537.36 (KHTML, like Gecko) Chrome/94.0.4606.61 Mobile Safari/537.36 (compatible; Googlebot/2.1; +http://www.google.com/bot.html)"
66.249.64.83 - - [01/Oct/2021:05:21:27 +0200] "GET /images/big_prod/8718375753729.jpg HTTP/1.1" 200 128184 "-" "Googlebot-Image/1.0"
114.119.128.34 - - [01/Oct/2021:05:23:58 +0200] "GET /images/big_prod/8422048821201.jpg HTTP/1.1" 200 127946 "-" "Mozilla/5.0 (Linux; Android 7.0;) AppleWebKit/537.36 (KHTML, like Gecko) Mobile Safari/537.36 (compatible; PetalBot;+https://webmaster.petalsearch.com/site/petalbot)"
66.249.64.82 - - [01/Oct/2021:05:24:33 +0200] "GET /js/jquery.masonry.min.js HTTP/1.1" 200 5392 "http://www.wonder-geek.com/poncho-towels-bathrobes-c-11_72.html" "Mozilla/5.0 (Linux; Android 6.0.1; Nexus 5X Build/MMB29P) AppleWebKit/537.36 (KHTML, like Gecko) Chrome/94.0.4606.61 Mobile Safari/537.36 (compatible; Googlebot/2.1; +http://www.google.com/bot.html)"
108.249.130.230 - - [01/Oct/2021:05:24:53 +0200] "GET /images/big_prod/8904245400477.jpg HTTP/1.1" 200 89677 "http://pos.kit-systems.com/" "Mozilla/5.0 (Windows NT 6.3; rv:92.0) Gecko/20100101 Firefox/92.0"
66.249.64.82 - - [01/Oct/2021:05:25:35 +0200] "GET /images/mini_prod/B8422017231703A.jpg HTTP/1.1" 200 5388 "-" "Googlebot-Image/1.0"
114.119.128.34 - - [01/Oct/2021:05:29:06 +0200] "GET /images/big_prod/3665269057591.jpg HTTP/1.1" 200 230869 "-" "Mozilla/5.0 (Linux; Android 7.0;) AppleWebKit/537.36 (KHTML, like Gecko) Mobile Safari/537.36 (compatible; PetalBot;+https://webmaster.petalsearch.com/site/petalbot)"
207.46.13.59 - - [01/Oct/2021:05:29:55 +0200] "GET /images/big_prod/1345544973496.jpg HTTP/1.1" 200 105144 "-" "Mozilla/5.0 (compatible; bingbot/2.0; +http://www.bing.com/bingbot.htm)"
54.36.148.68 - - [01/Oct/2021:05:30:36 +0200] "GET /robots.txt HTTP/1.1" 200 2438 "-" "Mozilla/5.0 (compatible; AhrefsBot/7.0; +http://ahrefs.com/robot/)"
40.77.167.79 - - [01/Oct/2021:05:31:03 +0200] "GET /images/big_prod/3560600313780.jpg HTTP/1.1" 200 41774 "-" "Mozilla/5.0 (compatible; bingbot/2.0; +http://www.bing.com/bingbot.htm)"
17.121.115.179 - - [01/Oct/2021:05:31:17 +0200] "GET /images/mini_prod/8435333807705.jpg HTTP/1.1" 200 8612 "-" "Mozilla/5.0 (Macintosh; Intel Mac OS X 10_15_5) AppleWebKit/605.1.15 (KHTML, like Gecko) Version/13.1.1 Safari/605.1.15 (Applebot/0.1; +http://www.apple.com/go/applebot)"
207.46.13.81 - - [01/Oct/2021:05:31:42 +0200] "GET /images/3700276232675.jpg HTTP/1.1" 200 129617 "-" "Mozilla/5.0 (compatible; bingbot/2.0; +http://www.bing.com/bingbot.htm)"
44.192.45.143 - - [01/Oct/2021:05:33:00 +0200] "GET /images/mini_prod/DSCN6253.jpg HTTP/1.1" 200 5623 "-" "Mozilla/5.0 (X11; Ubuntu; Linux x86_64; rv:72.0) Gecko/20100101 Firefox/72.0"
157.55.39.110 - - [01/Oct/2021:05:36:58 +0200] "GET /images/big_prod/1341689654566.jpg HTTP/1.1" 200 100741 "-" "Mozilla/5.0 (compatible; bingbot/2.0; +http://www.bing.com/bingbot.htm)"
100.26.40.16 - - [01/Oct/2021:05:37:06 +0200] "GET /images/mini_prod/8424001278909.jpg HTTP/1.1" 200 5619 "-" "Mozilla/5.0 (X11; Ubuntu; Linux x86_64; rv:72.0) Gecko/20100101 Firefox/72.0"
100.26.40.16 - - [01/Oct/2021:05:37:20 +0200] "GET /images/mini_prod/5051265800374.jpg HTTP/1.1" 200 11574 "-" "Mozilla/5.0 (X11; Ubuntu; Linux x86_64; rv:72.0) Gecko/20100101 Firefox/72.0"
100.26.40.16 - - [01/Oct/2021:05:40:00 +0200] "GET /images/mini_prod/9316188013291.jpg HTTP/1.1" 200 5782 "-" "Mozilla/5.0 (X11; Ubuntu; Linux x86_64; rv:72.0) Gecko/20100101 Firefox/72.0"
207.46.13.81 - - [01/Oct/2021:05:40:13 +0200] "GET /images/big_prod/1004038301008.jpg HTTP/1.1" 200 93297 "-" "Mozilla/5.0 (compatible; bingbot/2.0; +http://www.bing.com/bingbot.htm)"
207.46.13.54 - - [01/Oct/2021:05:40:23 +0200] "GET /images/big_prod/3281640395405.jpg HTTP/1.1" 200 61937 "-" "Mozilla/5.0 (compatible; bingbot/2.0; +http://www.bing.com/bingbot.htm)"
66.249.64.82 - - [01/Oct/2021:05:40:36 +0200] "GET /images/1328399038268.jpg HTTP/1.1" 200 137274 "-" "Googlebot-Image/1.0"
114.119.128.253 - - [01/Oct/2021:05:41:01 +0200] "GET /images/big_prod_1/8424001615155a.jpg HTTP/1.1" 200 244333 "-" "Mozilla/5.0 (Linux; Android 7.0;) AppleWebKit/537.36 (KHTML, like Gecko) Mobile Safari/537.36 (compatible; PetalBot;+https://webmaster.petalsearch.com/site/petalbot)"
98.240.173.231 - - [01/Oct/2021:05:42:12 +0200] "GET /favicon.ico HTTP/1.1" 200 1591 "http://www.wonder-geek.com/gift-infuser-tree-life-p-51474.html" "Mozilla/5.0 (Linux; Android 11; SM-A505U) AppleWebKit/537.36 (KHTML, like Gecko) Chrome/94.0.4606.61 Mobile Safari/537.36"
18.234.200.195 - - [01/Oct/2021:05:42:31 +0200] "GET /images/mini_prod/1399984241806.jpg HTTP/1.1" 200 5984 "-" "Mozilla/5.0 (X11; Ubuntu; Linux x86_64; rv:72.0) Gecko/20100101 Firefox/72.0"
54.221.188.176 - - [01/Oct/2021:05:43:04 +0200] "GET /images/mini_prod/3760054863347.jpg HTTP/1.1" 200 9931 "-" "Mozilla/5.0 (X11; Ubuntu; Linux x86_64; rv:72.0) Gecko/20100101 Firefox/72.0"
98.240.173.231 - - [01/Oct/2021:05:43:10 +0200] "GET /images/mini_prod/3713572731681a.jpg HTTP/1.1" 200 4716 "http://www.wonder-geek.com/products_new.php" "Mozilla/5.0 (Linux; Android 11; SM-A505U) AppleWebKit/537.36 (KHTML, like Gecko) Chrome/94.0.4606.61 Mobile Safari/537.36"
98.240.173.231 - - [01/Oct/2021:05:43:10 +0200] "GET /images/mini_prod/3713572731704.jpg HTTP/1.1" 200 7330 "http://www.wonder-geek.com/products_new.php" "Mozilla/5.0 (Linux; Android 11; SM-A505U) AppleWebKit/537.36 (KHTML, like Gecko) Chrome/94.0.4606.61 Mobile Safari/537.36"
98.240.173.231 - - [01/Oct/2021:05:43:10 +0200] "GET /images/mini_prod/3713572731728a.jpg HTTP/1.1" 200 5174 "http://www.wonder-geek.com/products_new.php" "Mozilla/5.0 (Linux; Android 11; SM-A505U) AppleWebKit/537.36 (KHTML, like Gecko) Chrome/94.0.4606.61 Mobile Safari/537.36"
98.240.173.231 - - [01/Oct/2021:05:43:10 +0200] "GET /images/mini_prod/3713572754635a.jpg HTTP/1.1" 200 5535 "http://www.wonder-geek.com/products_new.php" "Mozilla/5.0 (Linux; Android 11; SM-A505U) AppleWebKit/537.36 (KHTML, like Gecko) Chrome/94.0.4606.61 Mobile Safari/537.36"
98.240.173.231 - - [01/Oct/2021:05:43:10 +0200] "GET /images/mini_prod/3713572754659a.jpg HTTP/1.1" 200 4841 "http://www.wonder-geek.com/products_new.php" "Mozilla/5.0 (Linux; Android 11; SM-A505U) AppleWebKit/537.36 (KHTML, like Gecko) Chrome/94.0.4606.61 Mobile Safari/537.36"
98.240.173.231 - - [01/Oct/2021:05:43:10 +0200] "GET /images/mini_prod/3713572754642a.jpg HTTP/1.1" 200 6301 "http://www.wonder-geek.com/products_new.php" "Mozilla/5.0 (Linux; Android 11; SM-A505U) AppleWebKit/537.36 (KHTML, like Gecko) Chrome/94.0.4606.61 Mobile Safari/537.36"
98.240.173.231 - - [01/Oct/2021:05:43:10 +0200] "GET /images/mini_prod/3713572754680a.jpg HTTP/1.1" 200 6116 "http://www.wonder-geek.com/products_new.php" "Mozilla/5.0 (Linux; Android 11; SM-A505U) AppleWebKit/537.36 (KHTML, like Gecko) Chrome/94.0.4606.61 Mobile Safari/537.36"
98.240.173.231 - - [01/Oct/2021:05:43:10 +0200] "GET /images/mini_prod/3713572754703a.jpg HTTP/1.1" 200 6133 "http://www.wonder-geek.com/products_new.php" "Mozilla/5.0 (Linux; Android 11; SM-A505U) AppleWebKit/537.36 (KHTML, like Gecko) Chrome/94.0.4606.61 Mobile Safari/537.36"
98.240.173.231 - - [01/Oct/2021:05:43:10 +0200] "GET /images/mini_prod/3760233681656a.jpg HTTP/1.1" 200 6036 "http://www.wonder-geek.com/products_new.php" "Mozilla/5.0 (Linux; Android 11; SM-A505U) AppleWebKit/537.36 (KHTML, like Gecko) Chrome/94.0.4606.61 Mobile Safari/537.36"
98.240.173.231 - - [01/Oct/2021:05:43:10 +0200] "GET /images/mini_prod/3760233681625a.jpg HTTP/1.1" 200 5808 "http://www.wonder-geek.com/products_new.php" "Mozilla/5.0 (Linux; Android 11; SM-A505U) AppleWebKit/537.36 (KHTML, like Gecko) Chrome/94.0.4606.61 Mobile Safari/537.36"
98.240.173.231 - - [01/Oct/2021:05:43:10 +0200] "GET /images/mini_prod/3713572754697a.jpg HTTP/1.1" 200 11078 "http://www.wonder-geek.com/products_new.php" "Mozilla/5.0 (Linux; Android 11; SM-A505U) AppleWebKit/537.36 (KHTML, like Gecko) Chrome/94.0.4606.61 Mobile Safari/537.36"
98.240.173.231 - - [01/Oct/2021:05:43:10 +0200] "GET /images/mini_prod/3713572754741a.jpg HTTP/1.1" 200 4828 "http://www.wonder-geek.com/products_new.php" "Mozilla/5.0 (Linux; Android 11; SM-A505U) AppleWebKit/537.36 (KHTML, like Gecko) Chrome/94.0.4606.61 Mobile Safari/537.36"
98.240.173.231 - - [01/Oct/2021:05:43:10 +0200] "GET /images/mini_prod/3713572754666a.jpg HTTP/1.1" 200 6496 "http://www.wonder-geek.com/products_new.php" "Mozilla/5.0 (Linux; Android 11; SM-A505U) AppleWebKit/537.36 (KHTML, like Gecko) Chrome/94.0.4606.61 Mobile Safari/537.36"
98.240.173.231 - - [01/Oct/2021:05:43:10 +0200] "GET /images/mini_prod/3760233681663a.jpg HTTP/1.1" 200 9711 "http://www.wonder-geek.com/products_new.php" "Mozilla/5.0 (Linux; Android 11; SM-A505U) AppleWebKit/537.36 (KHTML, like Gecko) Chrome/94.0.4606.61 Mobile Safari/537.36"
98.240.173.231 - - [01/Oct/2021:05:43:10 +0200] "GET /images/mini_prod/3520071651347B.jpg HTTP/1.1" 200 4731 "http://www.wonder-geek.com/products_new.php" "Mozilla/5.0 (Linux; Android 11; SM-A505U) AppleWebKit/537.36 (KHTML, like Gecko) Chrome/94.0.4606.61 Mobile Safari/537.36"
98.240.173.231 - - [01/Oct/2021:05:43:10 +0200] "GET /images/mini_prod/3760233681632a.jpg HTTP/1.1" 200 6333 "http://www.wonder-geek.com/products_new.php" "Mozilla/5.0 (Linux; Android 11; SM-A505U) AppleWebKit/537.36 (KHTML, like Gecko) Chrome/94.0.4606.61 Mobile Safari/537.36"
98.240.173.231 - - [01/Oct/2021:05:43:10 +0200] "GET /images/mini_prod/3713572754673a.jpg HTTP/1.1" 200 6565 "http://www.wonder-geek.com/products_new.php" "Mozilla/5.0 (Linux; Android 11; SM-A505U) AppleWebKit/537.36 (KHTML, like Gecko) Chrome/94.0.4606.61 Mobile Safari/537.36"
98.240.173.231 - - [01/Oct/2021:05:43:10 +0200] "GET /images/mini_prod/3760233681649a.jpg HTTP/1.1" 200 4726 "http://www.wonder-geek.com/products_new.php" "Mozilla/5.0 (Linux; Android 11; SM-A505U) AppleWebKit/537.36 (KHTML, like Gecko) Chrome/94.0.4606.61 Mobile Safari/537.36"
98.240.173.231 - - [01/Oct/2021:05:43:10 +0200] "GET /js/jquery.masonry.min.js HTTP/1.1" 200 5392 "http://www.wonder-geek.com/products_new.php" "Mozilla/5.0 (Linux; Android 11; SM-A505U) AppleWebKit/537.36 (KHTML, like Gecko) Chrome/94.0.4606.61 Mobile Safari/537.36"
98.240.173.231 - - [01/Oct/2021:05:43:10 +0200] "GET /js/modernizr-transitions.js HTTP/1.1" 200 2026 "http://www.wonder-geek.com/products_new.php" "Mozilla/5.0 (Linux; Android 11; SM-A505U) AppleWebKit/537.36 (KHTML, like Gecko) Chrome/94.0.4606.61 Mobile Safari/537.36"
98.240.173.231 - - [01/Oct/2021:05:43:10 +0200] "GET /images/mini_prod/3520071651323B.jpg HTTP/1.1" 200 4997 "http://www.wonder-geek.com/products_new.php" "Mozilla/5.0 (Linux; Android 11; SM-A505U) AppleWebKit/537.36 (KHTML, like Gecko) Chrome/94.0.4606.61 Mobile Safari/537.36"
98.240.173.231 - - [01/Oct/2021:05:43:10 +0200] "GET /images/mini_prod/8422034611311.jpg HTTP/1.1" 200 10161 "http://www.wonder-geek.com/products_new.php" "Mozilla/5.0 (Linux; Android 11; SM-A505U) AppleWebKit/537.36 (KHTML, like Gecko) Chrome/94.0.4606.61 Mobile Safari/537.36"
40.77.167.10 - - [01/Oct/2021:05:44:52 +0200] "GET /images/big_prod/1328399144969.jpg HTTP/1.1" 200 45981 "-" "Mozilla/5.0 (compatible; bingbot/2.0; +http://www.bing.com/bingbot.htm)"
207.46.13.162 - - [01/Oct/2021:05:45:11 +0200] "GET /images/3681643301715.jpg HTTP/1.1" 200 22050 "-" "Mozilla/5.0 (compatible; bingbot/2.0; +http://www.bing.com/bingbot.htm)"
207.46.13.81 - - [01/Oct/2021:05:45:33 +0200] "GET /images/big_prod/1384000000772.jpg HTTP/1.1" 200 132311 "-" "Mozilla/5.0 (compatible; bingbot/2.0; +http://www.bing.com/bingbot.htm)"
207.46.13.3 - - [01/Oct/2021:05:46:40 +0200] "GET /images/4007176125823.jpg HTTP/1.1" 200 59724 "-" "Mozilla/5.0 (compatible; bingbot/2.0; +http://www.bing.com/bingbot.htm)"
185.191.171.35 - - [01/Oct/2021:05:46:46 +0200] "GET /robots.txt HTTP/1.1" 200 2438 "-" "Mozilla/5.0 (compatible; SemrushBot/7~bl; +http://www.semrush.com/bot.html)"
207.46.13.54 - - [01/Oct/2021:05:49:24 +0200] "GET /images/big_prod_2/6970204135645C.jpg HTTP/1.1" 200 141400 "-" "Mozilla/5.0 (compatible; bingbot/2.0; +http://www.bing.com/bingbot.htm)"
98.240.173.231 - - [01/Oct/2021:05:51:22 +0200] "GET /favicon.ico HTTP/1.1" 200 1591 "http://www.wonder-geek.com/gift-infuser-tree-life-p-51474.html" "Mozilla/5.0 (Linux; Android 11; SM-A505U) AppleWebKit/537.36 (KHTML, like Gecko) Chrome/94.0.4606.61 Mobile Safari/537.36"
66.249.64.83 - - [01/Oct/2021:05:51:28 +0200] "GET /images/big_prod_1/1328399284191C.jpg HTTP/1.1" 200 259532 "-" "Googlebot-Image/1.0"
98.240.173.231 - - [01/Oct/2021:05:51:46 +0200] "GET /images/mini_prod/8003990623473.jpg HTTP/1.1" 200 7056 "http://www.wonder-geek.com/glasses-drinking-c-12_62.html" "Mozilla/5.0 (Linux; Android 11; SM-A505U) AppleWebKit/537.36 (KHTML, like Gecko) Chrome/94.0.4606.61 Mobile Safari/537.36"
98.240.173.231 - - [01/Oct/2021:05:51:46 +0200] "GET /images/mini_prod/3453131148245.jpg HTTP/1.1" 200 6754 "http://www.wonder-geek.com/glasses-drinking-c-12_62.html" "Mozilla/5.0 (Linux; Android 11; SM-A505U) AppleWebKit/537.36 (KHTML, like Gecko) Chrome/94.0.4606.61 Mobile Safari/537.36"
98.240.173.231 - - [01/Oct/2021:05:51:46 +0200] "GET /images/mini_prod/3453131148221.jpg HTTP/1.1" 200 6003 "http://www.wonder-geek.com/glasses-drinking-c-12_62.html" "Mozilla/5.0 (Linux; Android 11; SM-A505U) AppleWebKit/537.36 (KHTML, like Gecko) Chrome/94.0.4606.61 Mobile Safari/537.36"
98.240.173.231 - - [01/Oct/2021:05:51:46 +0200] "GET /images/mini_prod/3453131148238.jpg HTTP/1.1" 200 6441 "http://www.wonder-geek.com/glasses-drinking-c-12_62.html" "Mozilla/5.0 (Linux; Android 11; SM-A505U) AppleWebKit/537.36 (KHTML, like Gecko) Chrome/94.0.4606.61 Mobile Safari/537.36"
98.240.173.231 - - [01/Oct/2021:05:51:46 +0200] "GET /images/mini_prod/1399984265451.jpg HTTP/1.1" 200 4764 "http://www.wonder-geek.com/glasses-drinking-c-12_62.html" "Mozilla/5.0 (Linux; Android 11; SM-A505U) AppleWebKit/537.36 (KHTML, like Gecko) Chrome/94.0.4606.61 Mobile Safari/537.36"
98.240.173.231 - - [01/Oct/2021:05:51:46 +0200] "GET /images/mini_prod/1399984241813.jpg HTTP/1.1" 200 6456 "http://www.wonder-geek.com/glasses-drinking-c-12_62.html" "Mozilla/5.0 (Linux; Android 11; SM-A505U) AppleWebKit/537.36 (KHTML, like Gecko) Chrome/94.0.4606.61 Mobile Safari/537.36"
98.240.173.231 - - [01/Oct/2021:05:51:46 +0200] "GET /images/mini_prod/3453131122429.jpg HTTP/1.1" 200 5704 "http://www.wonder-geek.com/glasses-drinking-c-12_62.html" "Mozilla/5.0 (Linux; Android 11; SM-A505U) AppleWebKit/537.36 (KHTML, like Gecko) Chrome/94.0.4606.61 Mobile Safari/537.36"
98.240.173.231 - - [01/Oct/2021:05:51:46 +0200] "GET /images/mini_prod/4425055184981.jpg HTTP/1.1" 200 5948 "http://www.wonder-geek.com/glasses-drinking-c-12_62.html" "Mozilla/5.0 (Linux; Android 11; SM-A505U) AppleWebKit/537.36 (KHTML, like Gecko) Chrome/94.0.4606.61 Mobile Safari/537.36"
98.240.173.231 - - [01/Oct/2021:05:51:46 +0200] "GET /images/mini_prod/4225055184987.jpg HTTP/1.1" 200 6250 "http://www.wonder-geek.com/glasses-drinking-c-12_62.html" "Mozilla/5.0 (Linux; Android 11; SM-A505U) AppleWebKit/537.36 (KHTML, like Gecko) Chrome/94.0.4606.61 Mobile Safari/537.36"
98.240.173.231 - - [01/Oct/2021:05:51:46 +0200] "GET /images/mini_prod/4325055184984.jpg HTTP/1.1" 200 6386 "http://www.wonder-geek.com/glasses-drinking-c-12_62.html" "Mozilla/5.0 (Linux; Android 11; SM-A505U) AppleWebKit/537.36 (KHTML, like Gecko) Chrome/94.0.4606.61 Mobile Safari/537.36"
98.240.173.231 - - [01/Oct/2021:05:51:46 +0200] "GET /images/mini_prod/8422010439281.jpg HTTP/1.1" 200 8644 "http://www.wonder-geek.com/glasses-drinking-c-12_62.html" "Mozilla/5.0 (Linux; Android 11; SM-A505U) AppleWebKit/537.36 (KHTML, like Gecko) Chrome/94.0.4606.61 Mobile Safari/537.36"
98.240.173.231 - - [01/Oct/2021:05:51:46 +0200] "GET /images/mini_prod/1384010205013.jpg HTTP/1.1" 200 7484 "http://www.wonder-geek.com/glasses-drinking-c-12_62.html" "Mozilla/5.0 (Linux; Android 11; SM-A505U) AppleWebKit/537.36 (KHTML, like Gecko) Chrome/94.0.4606.61 Mobile Safari/537.36"
98.240.173.231 - - [01/Oct/2021:05:51:47 +0200] "GET /images/mini_prod/9316188029582.jpg HTTP/1.1" 200 5972 "http://www.wonder-geek.com/glasses-drinking-c-12_62.html" "Mozilla/5.0 (Linux; Android 11; SM-A505U) AppleWebKit/537.36 (KHTML, like Gecko) Chrome/94.0.4606.61 Mobile Safari/537.36"
98.240.173.231 - - [01/Oct/2021:05:51:47 +0200] "GET /images/mini_prod/8422010439274.jpg HTTP/1.1" 200 9077 "http://www.wonder-geek.com/glasses-drinking-c-12_62.html" "Mozilla/5.0 (Linux; Android 11; SM-A505U) AppleWebKit/537.36 (KHTML, like Gecko) Chrome/94.0.4606.61 Mobile Safari/537.36"
98.240.173.231 - - [01/Oct/2021:05:51:47 +0200] "GET /images/mini_prod/8422010439298.jpg HTTP/1.1" 200 8536 "http://www.wonder-geek.com/glasses-drinking-c-12_62.html" "Mozilla/5.0 (Linux; Android 11; SM-A505U) AppleWebKit/537.36 (KHTML, like Gecko) Chrome/94.0.4606.61 Mobile Safari/537.36"
98.240.173.231 - - [01/Oct/2021:05:51:47 +0200] "GET /images/mini_prod/8003990631300.jpg HTTP/1.1" 200 7670 "http://www.wonder-geek.com/glasses-drinking-c-12_62.html" "Mozilla/5.0 (Linux; Android 11; SM-A505U) AppleWebKit/537.36 (KHTML, like Gecko) Chrome/94.0.4606.61 Mobile Safari/537.36"
98.240.173.231 - - [01/Oct/2021:05:51:47 +0200] "GET /images/mini_prod/3560600292184.jpg HTTP/1.1" 200 5764 "http://www.wonder-geek.com/glasses-drinking-c-12_62.html" "Mozilla/5.0 (Linux; Android 11; SM-A505U) AppleWebKit/537.36 (KHTML, like Gecko) Chrome/94.0.4606.61 Mobile Safari/537.36"
98.240.173.231 - - [01/Oct/2021:05:51:47 +0200] "GET /images/mini_prod/090309_162614_PEEL_BWfDnQ.jpg HTTP/1.1" 200 24597 "http://www.wonder-geek.com/glasses-drinking-c-12_62.html" "Mozilla/5.0 (Linux; Android 11; SM-A505U) AppleWebKit/537.36 (KHTML, like Gecko) Chrome/94.0.4606.61 Mobile Safari/537.36"
98.240.173.231 - - [01/Oct/2021:05:51:47 +0200] "GET /images/mini_prod/B6575E40.jpg HTTP/1.1" 200 8089 "http://www.wonder-geek.com/glasses-drinking-c-12_62.html" "Mozilla/5.0 (Linux; Android 11; SM-A505U) AppleWebKit/537.36 (KHTML, like Gecko) Chrome/94.0.4606.61 Mobile Safari/537.36"
98.240.173.231 - - [01/Oct/2021:05:51:47 +0200] "GET /images/mini_prod/1399985000372.jpg HTTP/1.1" 200 5934 "http://www.wonder-geek.com/glasses-drinking-c-12_62.html" "Mozilla/5.0 (Linux; Android 11; SM-A505U) AppleWebKit/537.36 (KHTML, like Gecko) Chrome/94.0.4606.61 Mobile Safari/537.36"
98.240.173.231 - - [01/Oct/2021:05:51:55 +0200] "GET /images/mini_prod/8422002209410.jpg HTTP/1.1" 200 8296 "http://www.wonder-geek.com/with-infuser-c-12_221.html" "Mozilla/5.0 (Linux; Android 11; SM-A505U) AppleWebKit/537.36 (KHTML, like Gecko) Chrome/94.0.4606.61 Mobile Safari/537.36"
98.240.173.231 - - [01/Oct/2021:05:51:55 +0200] "GET /images/mini_prod/8422002209434.jpg HTTP/1.1" 200 7101 "http://www.wonder-geek.com/with-infuser-c-12_221.html" "Mozilla/5.0 (Linux; Android 11; SM-A505U) AppleWebKit/537.36 (KHTML, like Gecko) Chrome/94.0.4606.61 Mobile Safari/537.36"
98.240.173.231 - - [01/Oct/2021:05:51:55 +0200] "GET /images/mini_prod/8422002209403.jpg HTTP/1.1" 200 7596 "http://www.wonder-geek.com/with-infuser-c-12_221.html" "Mozilla/5.0 (Linux; Android 11; SM-A505U) AppleWebKit/537.36 (KHTML, like Gecko) Chrome/94.0.4606.61 Mobile Safari/537.36"
98.240.173.231 - - [01/Oct/2021:05:51:55 +0200] "GET /images/mini_prod/8422002209427.jpg HTTP/1.1" 200 7647 "http://www.wonder-geek.com/with-infuser-c-12_221.html" "Mozilla/5.0 (Linux; Android 11; SM-A505U) AppleWebKit/537.36 (KHTML, like Gecko) Chrome/94.0.4606.61 Mobile Safari/537.36"
98.240.173.231 - - [01/Oct/2021:05:51:55 +0200] "GET /images/mini_prod/8422033176583.jpg HTTP/1.1" 200 7958 "http://www.wonder-geek.com/with-infuser-c-12_221.html" "Mozilla/5.0 (Linux; Android 11; SM-A505U) AppleWebKit/537.36 (KHTML, like Gecko) Chrome/94.0.4606.61 Mobile Safari/537.36"
98.240.173.231 - - [01/Oct/2021:05:51:55 +0200] "GET /images/mini_prod/8422033176590.jpg HTTP/1.1" 200 6504 "http://www.wonder-geek.com/with-infuser-c-12_221.html" "Mozilla/5.0 (Linux; Android 11; SM-A505U) AppleWebKit/537.36 (KHTML, like Gecko) Chrome/94.0.4606.61 Mobile Safari/537.36"
98.240.173.231 - - [01/Oct/2021:05:51:55 +0200] "GET /images/mini_prod/8422033176606.jpg HTTP/1.1" 200 8253 "http://www.wonder-geek.com/with-infuser-c-12_221.html" "Mozilla/5.0 (Linux; Android 11; SM-A505U) AppleWebKit/537.36 (KHTML, like Gecko) Chrome/94.0.4606.61 Mobile Safari/537.36"
98.240.173.231 - - [01/Oct/2021:05:51:55 +0200] "GET /images/mini_prod/8422033176613.jpg HTTP/1.1" 200 9294 "http://www.wonder-geek.com/with-infuser-c-12_221.html" "Mozilla/5.0 (Linux; Android 11; SM-A505U) AppleWebKit/537.36 (KHTML, like Gecko) Chrome/94.0.4606.61 Mobile Safari/537.36"
98.240.173.231 - - [01/Oct/2021:05:51:55 +0200] "GET /images/mini_prod/8422002209816.jpg HTTP/1.1" 200 8268 "http://www.wonder-geek.com/with-infuser-c-12_221.html" "Mozilla/5.0 (Linux; Android 11; SM-A505U) AppleWebKit/537.36 (KHTML, like Gecko) Chrome/94.0.4606.61 Mobile Safari/537.36"
98.240.173.231 - - [01/Oct/2021:05:51:55 +0200] "GET /images/mini_prod/8422002209809.jpg HTTP/1.1" 200 9191 "http://www.wonder-geek.com/with-infuser-c-12_221.html" "Mozilla/5.0 (Linux; Android 11; SM-A505U) AppleWebKit/537.36 (KHTML, like Gecko) Chrome/94.0.4606.61 Mobile Safari/537.36"
98.240.173.231 - - [01/Oct/2021:05:51:55 +0200] "GET /images/mini_prod/8422002209830.jpg HTTP/1.1" 200 7574 "http://www.wonder-geek.com/with-infuser-c-12_221.html" "Mozilla/5.0 (Linux; Android 11; SM-A505U) AppleWebKit/537.36 (KHTML, like Gecko) Chrome/94.0.4606.61 Mobile Safari/537.36"
98.240.173.231 - - [01/Oct/2021:05:51:55 +0200] "GET /images/mini_prod/8424017389309.jpg HTTP/1.1" 200 5419 "http://www.wonder-geek.com/with-infuser-c-12_221.html" "Mozilla/5.0 (Linux; Android 11; SM-A505U) AppleWebKit/537.36 (KHTML, like Gecko) Chrome/94.0.4606.61 Mobile Safari/537.36"
98.240.173.231 - - [01/Oct/2021:05:51:55 +0200] "GET /images/mini_prod/8420327418289.jpg HTTP/1.1" 200 5737 "http://www.wonder-geek.com/with-infuser-c-12_221.html" "Mozilla/5.0 (Linux; Android 11; SM-A505U) AppleWebKit/537.36 (KHTML, like Gecko) Chrome/94.0.4606.61 Mobile Safari/537.36"
98.240.173.231 - - [01/Oct/2021:05:51:55 +0200] "GET /images/mini_prod/1300000020305.jpg HTTP/1.1" 200 5254 "http://www.wonder-geek.com/with-infuser-c-12_221.html" "Mozilla/5.0 (Linux; Android 11; SM-A505U) AppleWebKit/537.36 (KHTML, like Gecko) Chrome/94.0.4606.61 Mobile Safari/537.36"
98.240.173.231 - - [01/Oct/2021:05:51:55 +0200] "GET /images/mini_prod/8422002209823.jpg HTTP/1.1" 200 9156 "http://www.wonder-geek.com/with-infuser-c-12_221.html" "Mozilla/5.0 (Linux; Android 11; SM-A505U) AppleWebKit/537.36 (KHTML, like Gecko) Chrome/94.0.4606.61 Mobile Safari/537.36"
98.240.173.231 - - [01/Oct/2021:05:51:55 +0200] "GET /images/mini_prod/3520071445625.jpg HTTP/1.1" 200 7288 "http://www.wonder-geek.com/with-infuser-c-12_221.html" "Mozilla/5.0 (Linux; Android 11; SM-A505U) AppleWebKit/537.36 (KHTML, like Gecko) Chrome/94.0.4606.61 Mobile Safari/537.36"
98.240.173.231 - - [01/Oct/2021:05:51:55 +0200] "GET /images/mini_prod/8424017389316.jpg HTTP/1.1" 200 5827 "http://www.wonder-geek.com/with-infuser-c-12_221.html" "Mozilla/5.0 (Linux; Android 11; SM-A505U) AppleWebKit/537.36 (KHTML, like Gecko) Chrome/94.0.4606.61 Mobile Safari/537.36"
98.240.173.231 - - [01/Oct/2021:05:51:55 +0200] "GET /images/mini_prod/1300000020299.jpg HTTP/1.1" 200 4930 "http://www.wonder-geek.com/with-infuser-c-12_221.html" "Mozilla/5.0 (Linux; Android 11; SM-A505U) AppleWebKit/537.36 (KHTML, like Gecko) Chrome/94.0.4606.61 Mobile Safari/537.36"
98.240.173.231 - - [01/Oct/2021:05:51:56 +0200] "GET /images/mini_prod/1300000020282.jpg HTTP/1.1" 200 5902 "http://www.wonder-geek.com/with-infuser-c-12_221.html" "Mozilla/5.0 (Linux; Android 11; SM-A505U) AppleWebKit/537.36 (KHTML, like Gecko) Chrome/94.0.4606.61 Mobile Safari/537.36"
98.240.173.231 - - [01/Oct/2021:05:51:56 +0200] "GET /images/mini_prod/3560600293587.jpg HTTP/1.1" 200 8426 "http://www.wonder-geek.com/with-infuser-c-12_221.html" "Mozilla/5.0 (Linux; Android 11; SM-A505U) AppleWebKit/537.36 (KHTML, like Gecko) Chrome/94.0.4606.61 Mobile Safari/537.36"
100.26.40.16 - - [01/Oct/2021:05:51:56 +0200] "GET /images/mini_prod/3585190854208.jpg HTTP/1.1" 200 6791 "-" "Mozilla/5.0 (X11; Ubuntu; Linux x86_64; rv:72.0) Gecko/20100101 Firefox/72.0"
98.240.173.231 - - [01/Oct/2021:05:52:16 +0200] "GET /images/mini_prod/8720088294208.jpg HTTP/1.1" 200 9812 "http://www.wonder-geek.com/with-infuser-c-12_221.html?page=2" "Mozilla/5.0 (Linux; Android 11; SM-A505U) AppleWebKit/537.36 (KHTML, like Gecko) Chrome/94.0.4606.61 Mobile Safari/537.36"
98.240.173.231 - - [01/Oct/2021:05:52:16 +0200] "GET /images/mini_prod/8719497617487.jpg HTTP/1.1" 200 11235 "http://www.wonder-geek.com/with-infuser-c-12_221.html?page=2" "Mozilla/5.0 (Linux; Android 11; SM-A505U) AppleWebKit/537.36 (KHTML, like Gecko) Chrome/94.0.4606.61 Mobile Safari/537.36"
98.240.173.231 - - [01/Oct/2021:05:52:16 +0200] "GET /images/mini_prod/3560600291552.jpg HTTP/1.1" 200 8002 "http://www.wonder-geek.com/with-infuser-c-12_221.html?page=2" "Mozilla/5.0 (Linux; Android 11; SM-A505U) AppleWebKit/537.36 (KHTML, like Gecko) Chrome/94.0.4606.61 Mobile Safari/537.36"
98.240.173.231 - - [01/Oct/2021:05:52:16 +0200] "GET /images/mini_prod/8420327436566.jpg HTTP/1.1" 200 5416 "http://www.wonder-geek.com/with-infuser-c-12_221.html?page=2" "Mozilla/5.0 (Linux; Android 11; SM-A505U) AppleWebKit/537.36 (KHTML, like Gecko) Chrome/94.0.4606.61 Mobile Safari/537.36"
98.240.173.231 - - [01/Oct/2021:05:52:16 +0200] "GET /images/mini_prod/3503420083914.jpg HTTP/1.1" 200 5118 "http://www.wonder-geek.com/with-infuser-c-12_221.html?page=2" "Mozilla/5.0 (Linux; Android 11; SM-A505U) AppleWebKit/537.36 (KHTML, like Gecko) Chrome/94.0.4606.61 Mobile Safari/537.36"
98.240.173.231 - - [01/Oct/2021:05:52:16 +0200] "GET /images/mini_prod/3503420152344.jpg HTTP/1.1" 200 6820 "http://www.wonder-geek.com/with-infuser-c-12_221.html?page=2" "Mozilla/5.0 (Linux; Android 11; SM-A505U) AppleWebKit/537.36 (KHTML, like Gecko) Chrome/94.0.4606.61 Mobile Safari/537.36"
98.240.173.231 - - [01/Oct/2021:05:52:16 +0200] "GET /images/mini_prod/3503420086281.jpg HTTP/1.1" 200 5810 "http://www.wonder-geek.com/with-infuser-c-12_221.html?page=2" "Mozilla/5.0 (Linux; Android 11; SM-A505U) AppleWebKit/537.36 (KHTML, like Gecko) Chrome/94.0.4606.61 Mobile Safari/537.36"
98.240.173.231 - - [01/Oct/2021:05:52:16 +0200] "GET /images/mini_prod/1384010207468.jpg HTTP/1.1" 200 5868 "http://www.wonder-geek.com/with-infuser-c-12_221.html?page=2" "Mozilla/5.0 (Linux; Android 11; SM-A505U) AppleWebKit/537.36 (KHTML, like Gecko) Chrome/94.0.4606.61 Mobile Safari/537.36"
98.240.173.231 - - [01/Oct/2021:05:52:17 +0200] "GET /images/mini_prod/1384010207475.jpg HTTP/1.1" 200 5402 "http://www.wonder-geek.com/with-infuser-c-12_221.html?page=2" "Mozilla/5.0 (Linux; Android 11; SM-A505U) AppleWebKit/537.36 (KHTML, like Gecko) Chrome/94.0.4606.61 Mobile Safari/537.36"
98.240.173.231 - - [01/Oct/2021:05:52:17 +0200] "GET /images/mini_prod/3503420050435.jpg HTTP/1.1" 200 6132 "http://www.wonder-geek.com/with-infuser-c-12_221.html?page=2" "Mozilla/5.0 (Linux; Android 11; SM-A505U) AppleWebKit/537.36 (KHTML, like Gecko) Chrome/94.0.4606.61 Mobile Safari/537.36"
98.240.173.231 - - [01/Oct/2021:05:52:17 +0200] "GET /images/mini_prod/3503420059926.jpg HTTP/1.1" 200 7955 "http://www.wonder-geek.com/with-infuser-c-12_221.html?page=2" "Mozilla/5.0 (Linux; Android 11; SM-A505U) AppleWebKit/537.36 (KHTML, like Gecko) Chrome/94.0.4606.61 Mobile Safari/537.36"
98.240.173.231 - - [01/Oct/2021:05:52:17 +0200] "GET /images/mini_prod/3503420026652.jpg HTTP/1.1" 200 5598 "http://www.wonder-geek.com/with-infuser-c-12_221.html?page=2" "Mozilla/5.0 (Linux; Android 11; SM-A505U) AppleWebKit/537.36 (KHTML, like Gecko) Chrome/94.0.4606.61 Mobile Safari/537.36"
98.240.173.231 - - [01/Oct/2021:05:52:17 +0200] "GET /images/mini_prod/3503420077869.jpg HTTP/1.1" 200 6751 "http://www.wonder-geek.com/with-infuser-c-12_221.html?page=2" "Mozilla/5.0 (Linux; Android 11; SM-A505U) AppleWebKit/537.36 (KHTML, like Gecko) Chrome/94.0.4606.61 Mobile Safari/537.36"
98.240.173.231 - - [01/Oct/2021:05:52:17 +0200] "GET /images/mini_prod/3503420028342.jpg HTTP/1.1" 200 6875 "http://www.wonder-geek.com/with-infuser-c-12_221.html?page=2" "Mozilla/5.0 (Linux; Android 11; SM-A505U) AppleWebKit/537.36 (KHTML, like Gecko) Chrome/94.0.4606.61 Mobile Safari/537.36"
98.240.173.231 - - [01/Oct/2021:05:52:17 +0200] "GET /images/mini_prod/3503420062124.jpg HTTP/1.1" 200 8656 "http://www.wonder-geek.com/with-infuser-c-12_221.html?page=2" "Mozilla/5.0 (Linux; Android 11; SM-A505U) AppleWebKit/537.36 (KHTML, like Gecko) Chrome/94.0.4606.61 Mobile Safari/537.36"
