98.240.173.231 - - [01/Oct/2021:05:52:17 +0200] "GET /images/mini_prod/3503420027284.jpg HTTP/1.1" 200 6237 "http://www.wonder-geek.com/with-infuser-c-12_221.html?page=2" "Mozilla/5.0 (Linux; Android 11; SM-A505U) AppleWebKit/537.36 (KHTML, like Gecko) Chrome/94.0.4606.61 Mobile Safari/537.36"
98.240.173.231 - - [01/Oct/2021:05:52:17 +0200] "GET /images/mini_prod/3503420030291.jpg HTTP/1.1" 200 5522 "http://www.wonder-geek.com/with-infuser-c-12_221.html?page=2" "Mozilla/5.0 (Linux; Android 11; SM-A505U) AppleWebKit/537.36 (KHTML, like Gecko) Chrome/94.0.4606.61 Mobile Safari/537.36"
98.240.173.231 - - [01/Oct/2021:05:52:17 +0200] "GET /images/mini_prod/3503420047213.jpg HTTP/1.1" 200 8570 "http://www.wonder-geek.com/with-infuser-c-12_221.html?page=2" "Mozilla/5.0 (Linux; Android 11; SM-A505U) AppleWebKit/537.36 (KHTML, like Gecko) Chrome/94.0.4606.61 Mobile Safari/537.36"
98.240.173.231 - - [01/Oct/2021:05:52:17 +0200] "GET /images/mini_prod/3503420058356.jpg HTTP/1.1" 200 8501 "http://www.wonder-geek.com/with-infuser-c-12_221.html?page=2" "Mozilla/5.0 (Linux; Android 11; SM-A505U) AppleWebKit/537.36 (KHTML, like Gecko) Chrome/94.0.4606.61 Mobile Safari/537.36"
98.240.173.231 - - [01/Oct/2021:05:52:17 +0200] "GET /images/mini_prod/8422020048305.jpg HTTP/1.1" 200 8063 "http://www.wonder-geek.com/with-infuser-c-12_221.html?page=2" "Mozilla/5.0 (Linux; Android 11; SM-A505U) AppleWebKit/537.36 (KHTML, like Gecko) Chrome/94.0.4606.61 Mobile Safari/537.36"
40.77.167.10 - - [01/Oct/2021:05:52:22 +0200] "GET /images/big_prod/8422014028610.jpg HTTP/1.1" 200 43430 "-" "Mozilla/5.0 (compatible; bingbot/2.0; +http://www.bing.com/bingbot.htm)"
98.240.173.231 - - [01/Oct/2021:05:52:26 +0200] "GET /images/mini_prod/8422020048299.jpg HTTP/1.1" 200 7671 "http://www.wonder-geek.com/with-infuser-c-12_221.html?page=3" "Mozilla/5.0 (Linux; Android 11; SM-A505U) AppleWebKit/537.36 (KHTML, like Gecko) Chrome/94.0.4606.61 Mobile Safari/537.36"
98.240.173.231 - - [01/Oct/2021:05:52:26 +0200] "GET /images/mini_prod/3503420065163.jpg HTTP/1.1" 200 7722 "http://www.wonder-geek.com/with-infuser-c-12_221.html?page=3" "Mozilla/5.0 (Linux; Android 11; SM-A505U) AppleWebKit/537.36 (KHTML, like Gecko) Chrome/94.0.4606.61 Mobile Safari/537.36"
98.240.173.231 - - [01/Oct/2021:05:52:26 +0200] "GET /images/mini_prod/3503420033810.jpg HTTP/1.1" 200 7230 "http://www.wonder-geek.com/with-infuser-c-12_221.html?page=3" "Mozilla/5.0 (Linux; Android 11; SM-A505U) AppleWebKit/537.36 (KHTML, like Gecko) Chrome/94.0.4606.61 Mobile Safari/537.36"
98.240.173.231 - - [01/Oct/2021:05:52:26 +0200] "GET /images/mini_prod/3503420046278.jpg HTTP/1.1" 200 5851 "http://www.wonder-geek.com/with-infuser-c-12_221.html?page=3" "Mozilla/5.0 (Linux; Android 11; SM-A505U) AppleWebKit/537.36 (KHTML, like Gecko) Chrome/94.0.4606.61 Mobile Safari/537.36"
98.240.173.231 - - [01/Oct/2021:05:52:26 +0200] "GET /images/mini_prod/3503420101182.jpg HTTP/1.1" 200 7716 "http://www.wonder-geek.com/with-infuser-c-12_221.html?page=3" "Mozilla/5.0 (Linux; Android 11; SM-A505U) AppleWebKit/537.36 (KHTML, like Gecko) Chrome/94.0.4606.61 Mobile Safari/537.36"
98.240.173.231 - - [01/Oct/2021:05:52:26 +0200] "GET /images/mini_prod/3503420059414.jpg HTTP/1.1" 200 3748 "http://www.wonder-geek.com/with-infuser-c-12_221.html?page=3" "Mozilla/5.0 (Linux; Android 11; SM-A505U) AppleWebKit/537.36 (KHTML, like Gecko) Chrome/94.0.4606.61 Mobile Safari/537.36"
98.240.173.231 - - [01/Oct/2021:05:52:26 +0200] "GET /images/mini_prod/3503420038518.jpg HTTP/1.1" 200 3763 "http://www.wonder-geek.com/with-infuser-c-12_221.html?page=3" "Mozilla/5.0 (Linux; Android 11; SM-A505U) AppleWebKit/537.36 (KHTML, like Gecko) Chrome/94.0.4606.61 Mobile Safari/537.36"
98.240.173.231 - - [01/Oct/2021:05:52:26 +0200] "GET /images/mini_prod/3503420074905.jpg HTTP/1.1" 200 5294 "http://www.wonder-geek.com/with-infuser-c-12_221.html?page=3" "Mozilla/5.0 (Linux; Android 11; SM-A505U) AppleWebKit/537.36 (KHTML, like Gecko) Chrome/94.0.4606.61 Mobile Safari/537.36"
98.240.173.231 - - [01/Oct/2021:05:52:26 +0200] "GET /images/mini_prod/3503420073212.jpg HTTP/1.1" 200 5636 "http://www.wonder-geek.com/with-infuser-c-12_221.html?page=3" "Mozilla/5.0 (Linux; Android 11; SM-A505U) AppleWebKit/537.36 (KHTML, like Gecko) Chrome/94.0.4606.61 Mobile Safari/537.36"
98.240.173.231 - - [01/Oct/2021:05:52:26 +0200] "GET /images/mini_prod/3503420066597.jpg HTTP/1.1" 200 3786 "http://www.wonder-geek.com/with-infuser-c-12_221.html?page=3" "Mozilla/5.0 (Linux; Android 11; SM-A505U) AppleWebKit/537.36 (KHTML, like Gecko) Chrome/94.0.4606.61 Mobile Safari/537.36"
98.240.173.231 - - [01/Oct/2021:05:52:26 +0200] "GET /images/mini_prod/8719497611096.jpg HTTP/1.1" 200 11096 "http://www.wonder-geek.com/with-infuser-c-12_221.html?page=3" "Mozilla/5.0 (Linux; Android 11; SM-A505U) AppleWebKit/537.36 (KHTML, like Gecko) Chrome/94.0.4606.61 Mobile Safari/537.36"
98.240.173.231 - - [01/Oct/2021:05:52:26 +0200] "GET /images/mini_prod/b8719497611119.jpg HTTP/1.1" 200 5864 "http://www.wonder-geek.com/with-infuser-c-12_221.html?page=3" "Mozilla/5.0 (Linux; Android 11; SM-A505U) AppleWebKit/537.36 (KHTML, like Gecko) Chrome/94.0.4606.61 Mobile Safari/537.36"
98.240.173.231 - - [01/Oct/2021:05:52:26 +0200] "GET /images/mini_prod/8719497611041.jpg HTTP/1.1" 200 9696 "http://www.wonder-geek.com/with-infuser-c-12_221.html?page=3" "Mozilla/5.0 (Linux; Android 11; SM-A505U) AppleWebKit/537.36 (KHTML, like Gecko) Chrome/94.0.4606.61 Mobile Safari/537.36"
98.240.173.231 - - [01/Oct/2021:05:52:26 +0200] "GET /images/mini_prod/b8719497611102.jpg HTTP/1.1" 200 7068 "http://www.wonder-geek.com/with-infuser-c-12_221.html?page=3" "Mozilla/5.0 (Linux; Android 11; SM-A505U) AppleWebKit/537.36 (KHTML, like Gecko) Chrome/94.0.4606.61 Mobile Safari/537.36"
98.240.173.231 - - [01/Oct/2021:05:52:26 +0200] "GET /images/mini_prod/3560600297721.jpg HTTP/1.1" 200 8922 "http://www.wonder-geek.com/with-infuser-c-12_221.html?page=3" "Mozilla/5.0 (Linux; Android 11; SM-A505U) AppleWebKit/537.36 (KHTML, like Gecko) Chrome/94.0.4606.61 Mobile Safari/537.36"
98.240.173.231 - - [01/Oct/2021:05:52:26 +0200] "GET /images/mini_prod/8719497611072.jpg HTTP/1.1" 200 10210 "http://www.wonder-geek.com/with-infuser-c-12_221.html?page=3" "Mozilla/5.0 (Linux; Android 11; SM-A505U) AppleWebKit/537.36 (KHTML, like Gecko) Chrome/94.0.4606.61 Mobile Safari/537.36"
98.240.173.231 - - [01/Oct/2021:05:52:26 +0200] "GET /images/mini_prod/3560600293594.jpg HTTP/1.1" 200 7707 "http://www.wonder-geek.com/with-infuser-c-12_221.html?page=3" "Mozilla/5.0 (Linux; Android 11; SM-A505U) AppleWebKit/537.36 (KHTML, like Gecko) Chrome/94.0.4606.61 Mobile Safari/537.36"
98.240.173.231 - - [01/Oct/2021:05:52:26 +0200] "GET /images/mini_prod/3560600293624.jpg HTTP/1.1" 200 6667 "http://www.wonder-geek.com/with-infuser-c-12_221.html?page=3" "Mozilla/5.0 (Linux; Android 11; SM-A505U) AppleWebKit/537.36 (KHTML, like Gecko) Chrome/94.0.4606.61 Mobile Safari/537.36"
98.240.173.231 - - [01/Oct/2021:05:52:26 +0200] "GET /images/mini_prod/3560600290265.jpg HTTP/1.1" 200 8321 "http://www.wonder-geek.com/with-infuser-c-12_221.html?page=3" "Mozilla/5.0 (Linux; Android 11; SM-A505U) AppleWebKit/537.36 (KHTML, like Gecko) Chrome/94.0.4606.61 Mobile Safari/537.36"
98.240.173.231 - - [01/Oct/2021:05:52:26 +0200] "GET /images/mini_prod/3560600301978.jpg HTTP/1.1" 200 9459 "http://www.wonder-geek.com/with-infuser-c-12_221.html?page=3" "Mozilla/5.0 (Linux; Android 11; SM-A505U) AppleWebKit/537.36 (KHTML, like Gecko) Chrome/94.0.4606.61 Mobile Safari/537.36"
98.240.173.231 - - [01/Oct/2021:05:52:38 +0200] "GET /images/mini_prod/3560600301640.jpg HTTP/1.1" 200 9791 "http://www.wonder-geek.com/with-infuser-c-12_221.html?page=4" "Mozilla/5.0 (Linux; Android 11; SM-A505U) AppleWebKit/537.36 (KHTML, like Gecko) Chrome/94.0.4606.61 Mobile Safari/537.36"
98.240.173.231 - - [01/Oct/2021:05:52:38 +0200] "GET /images/mini_prod/8719497617425.jpg HTTP/1.1" 200 10037 "http://www.wonder-geek.com/with-infuser-c-12_221.html?page=4" "Mozilla/5.0 (Linux; Android 11; SM-A505U) AppleWebKit/537.36 (KHTML, like Gecko) Chrome/94.0.4606.61 Mobile Safari/537.36"
98.240.173.231 - - [01/Oct/2021:05:52:38 +0200] "GET /images/mini_prod/3560600303262.jpg HTTP/1.1" 200 8788 "http://www.wonder-geek.com/with-infuser-c-12_221.html?page=4" "Mozilla/5.0 (Linux; Android 11; SM-A505U) AppleWebKit/537.36 (KHTML, like Gecko) Chrome/94.0.4606.61 Mobile Safari/537.36"
98.240.173.231 - - [01/Oct/2021:05:52:38 +0200] "GET /images/mini_prod/3503420065460.jpg HTTP/1.1" 200 7682 "http://www.wonder-geek.com/with-infuser-c-12_221.html?page=4" "Mozilla/5.0 (Linux; Android 11; SM-A505U) AppleWebKit/537.36 (KHTML, like Gecko) Chrome/94.0.4606.61 Mobile Safari/537.36"
98.240.173.231 - - [01/Oct/2021:05:52:38 +0200] "GET /images/mini_prod/3503420087769.jpg HTTP/1.1" 200 5108 "http://www.wonder-geek.com/with-infuser-c-12_221.html?page=4" "Mozilla/5.0 (Linux; Android 11; SM-A505U) AppleWebKit/537.36 (KHTML, like Gecko) Chrome/94.0.4606.61 Mobile Safari/537.36"
98.240.173.231 - - [01/Oct/2021:05:52:38 +0200] "GET /images/mini_prod/3560600312233.jpg HTTP/1.1" 200 7228 "http://www.wonder-geek.com/with-infuser-c-12_221.html?page=4" "Mozilla/5.0 (Linux; Android 11; SM-A505U) AppleWebKit/537.36 (KHTML, like Gecko) Chrome/94.0.4606.61 Mobile Safari/537.36"
98.240.173.231 - - [01/Oct/2021:05:52:38 +0200] "GET /images/mini_prod/3560600315005.jpg HTTP/1.1" 200 5205 "http://www.wonder-geek.com/with-infuser-c-12_221.html?page=4" "Mozilla/5.0 (Linux; Android 11; SM-A505U) AppleWebKit/537.36 (KHTML, like Gecko) Chrome/94.0.4606.61 Mobile Safari/537.36"
98.240.173.231 - - [01/Oct/2021:05:52:38 +0200] "GET /images/mini_prod/8720088299708.jpg HTTP/1.1" 200 5662 "http://www.wonder-geek.com/with-infuser-c-12_221.html?page=4" "Mozilla/5.0 (Linux; Android 11; SM-A505U) AppleWebKit/537.36 (KHTML, like Gecko) Chrome/94.0.4606.61 Mobile Safari/537.36"
98.240.173.231 - - [01/Oct/2021:05:52:38 +0200] "GET /images/mini_prod/8720088299746.jpg HTTP/1.1" 200 7327 "http://www.wonder-geek.com/with-infuser-c-12_221.html?page=4" "Mozilla/5.0 (Linux; Android 11; SM-A505U) AppleWebKit/537.36 (KHTML, like Gecko) Chrome/94.0.4606.61 Mobile Safari/537.36"
98.240.173.231 - - [01/Oct/2021:05:52:38 +0200] "GET /images/mini_prod/3560600312240.jpg HTTP/1.1" 200 7453 "http://www.wonder-geek.com/with-infuser-c-12_221.html?page=4" "Mozilla/5.0 (Linux; Android 11; SM-A505U) AppleWebKit/537.36 (KHTML, like Gecko) Chrome/94.0.4606.61 Mobile Safari/537.36"
98.240.173.231 - - [01/Oct/2021:05:52:38 +0200] "GET /images/mini_prod/3503420066207.jpg HTTP/1.1" 200 6128 "http://www.wonder-geek.com/with-infuser-c-12_221.html?page=4" "Mozilla/5.0 (Linux; Android 11; SM-A505U) AppleWebKit/537.36 (KHTML, like Gecko) Chrome/94.0.4606.61 Mobile Safari/537.36"
98.240.173.231 - - [01/Oct/2021:05:52:39 +0200] "GET /images/mini_prod/3503420067662.jpg HTTP/1.1" 200 5305 "http://www.wonder-geek.com/with-infuser-c-12_221.html?page=4" "Mozilla/5.0 (Linux; Android 11; SM-A505U) AppleWebKit/537.36 (KHTML, like Gecko) Chrome/94.0.4606.61 Mobile Safari/537.36"
98.240.173.231 - - [01/Oct/2021:05:52:39 +0200] "GET /images/mini_prod/8719497617449b.jpg HTTP/1.1" 200 9332 "http://www.wonder-geek.com/with-infuser-c-12_221.html?page=4" "Mozilla/5.0 (Linux; Android 11; SM-A505U) AppleWebKit/537.36 (KHTML, like Gecko) Chrome/94.0.4606.61 Mobile Safari/537.36"
98.240.173.231 - - [01/Oct/2021:05:52:39 +0200] "GET /images/mini_prod/8720088299722.jpg HTTP/1.1" 200 7826 "http://www.wonder-geek.com/with-infuser-c-12_221.html?page=4" "Mozilla/5.0 (Linux; Android 11; SM-A505U) AppleWebKit/537.36 (KHTML, like Gecko) Chrome/94.0.4606.61 Mobile Safari/537.36"
98.240.173.231 - - [01/Oct/2021:05:52:39 +0200] "GET /images/mini_prod/8719497613106c.jpg HTTP/1.1" 200 5597 "http://www.wonder-geek.com/with-infuser-c-12_221.html?page=4" "Mozilla/5.0 (Linux; Android 11; SM-A505U) AppleWebKit/537.36 (KHTML, like Gecko) Chrome/94.0.4606.61 Mobile Safari/537.36"
98.240.173.231 - - [01/Oct/2021:05:52:39 +0200] "GET /images/mini_prod/3503420067259.jpg HTTP/1.1" 200 5193 "http://www.wonder-geek.com/with-infuser-c-12_221.html?page=4" "Mozilla/5.0 (Linux; Android 11; SM-A505U) AppleWebKit/537.36 (KHTML, like Gecko) Chrome/94.0.4606.61 Mobile Safari/537.36"
98.240.173.231 - - [01/Oct/2021:05:52:39 +0200] "GET /images/mini_prod/8720088299760.jpg HTTP/1.1" 200 5469 "http://www.wonder-geek.com/with-infuser-c-12_221.html?page=4" "Mozilla/5.0 (Linux; Android 11; SM-A505U) AppleWebKit/537.36 (KHTML, like Gecko) Chrome/94.0.4606.61 Mobile Safari/537.36"
98.240.173.231 - - [01/Oct/2021:05:52:39 +0200] "GET /images/mini_prod/8720088292488.jpg HTTP/1.1" 200 7864 "http://www.wonder-geek.com/with-infuser-c-12_221.html?page=4" "Mozilla/5.0 (Linux; Android 11; SM-A505U) AppleWebKit/537.36 (KHTML, like Gecko) Chrome/94.0.4606.61 Mobile Safari/537.36"
98.240.173.231 - - [01/Oct/2021:05:52:39 +0200] "GET /images/mini_prod/3503420025273.jpg HTTP/1.1" 200 7924 "http://www.wonder-geek.com/with-infuser-c-12_221.html?page=4" "Mozilla/5.0 (Linux; Android 11; SM-A505U) AppleWebKit/537.36 (KHTML, like Gecko) Chrome/94.0.4606.61 Mobile Safari/537.36"
98.240.173.231 - - [01/Oct/2021:05:52:39 +0200] "GET /images/mini_prod/3503420127571.jpg HTTP/1.1" 200 6168 "http://www.wonder-geek.com/with-infuser-c-12_221.html?page=4" "Mozilla/5.0 (Linux; Android 11; SM-A505U) AppleWebKit/537.36 (KHTML, like Gecko) Chrome/94.0.4606.61 Mobile Safari/537.36"
98.240.173.231 - - [01/Oct/2021:05:53:05 +0200] "GET /templates/Pixame_v1/images/buttons/english/button_update_cart.gif HTTP/1.1" 200 1223 "http://www.wonder-geek.com/shopping_cart.php" "Mozilla/5.0 (Linux; Android 11; SM-A505U) AppleWebKit/537.36 (KHTML, like Gecko) Chrome/94.0.4606.61 Mobile Safari/537.36"
98.240.173.231 - - [01/Oct/2021:05:53:05 +0200] "GET /templates/Pixame_v1/images/buttons/english/button_continue_shopping.gif HTTP/1.1" 200 1413 "http://www.wonder-geek.com/shopping_cart.php" "Mozilla/5.0 (Linux; Android 11; SM-A505U) AppleWebKit/537.36 (KHTML, like Gecko) Chrome/94.0.4606.61 Mobile Safari/537.36"
98.240.173.231 - - [01/Oct/2021:05:53:05 +0200] "GET /templates/Pixame_v1/images/buttons/english/button_checkout.gif HTTP/1.1" 200 1039 "http://www.wonder-geek.com/shopping_cart.php" "Mozilla/5.0 (Linux; Android 11; SM-A505U) AppleWebKit/537.36 (KHTML, like Gecko) Chrome/94.0.4606.61 Mobile Safari/537.36"
98.240.173.231 - - [01/Oct/2021:05:53:06 +0200] "GET /images/icons/colissimo.gif HTTP/1.1" 200 2712 "http://www.wonder-geek.com/shopping_cart.php" "Mozilla/5.0 (Linux; Android 11; SM-A505U) AppleWebKit/537.36 (KHTML, like Gecko) Chrome/94.0.4606.61 Mobile Safari/537.36"
98.240.173.231 - - [01/Oct/2021:05:53:39 +0200] "GET /templates/Pixame_v1/images/buttons/english/button_create_account.gif HTTP/1.1" 200 1232 "http://www.wonder-geek.com/login.php" "Mozilla/5.0 (Linux; Android 11; SM-A505U) AppleWebKit/537.36 (KHTML, like Gecko) Chrome/94.0.4606.61 Mobile Safari/537.36"
17.121.115.52 - - [01/Oct/2021:05:55:14 +0200] "GET /images/mini_prod/4029811405305.jpg HTTP/1.1" 200 5311 "-" "Mozilla/5.0 (Macintosh; Intel Mac OS X 10_15_5) AppleWebKit/605.1.15 (KHTML, like Gecko) Version/13.1.1 Safari/605.1.15 (Applebot/0.1; +http://www.apple.com/go/applebot)"
18.234.200.195 - - [01/Oct/2021:05:55:26 +0200] "GET /images/med_prod/3662468004678.jpg HTTP/1.1" 200 73082 "-" "Mozilla/5.0 (X11; Ubuntu; Linux x86_64; rv:72.0) Gecko/20100101 Firefox/72.0"
66.249.64.84 - - [01/Oct/2021:05:55:36 +0200] "GET /images/5055071696190.jpg HTTP/1.1" 200 48015 "-" "Googlebot-Image/1.0"
98.240.173.231 - - [01/Oct/2021:05:55:46 +0200] "GET /templates/Pixame_v1/images/buttons/english/button_change_address.gif HTTP/1.1" 200 1393 "http://www.wonder-geek.com/checkout_shipping.php" "Mozilla/5.0 (Linux; Android 11; SM-A505U) AppleWebKit/537.36 (KHTML, like Gecko) Chrome/94.0.4606.61 Mobile Safari/537.36"
98.240.173.231 - - [01/Oct/2021:05:55:46 +0200] "GET /images/arrow_south_east.gif HTTP/1.1" 200 2779 "http://www.wonder-geek.com/checkout_shipping.php" "Mozilla/5.0 (Linux; Android 11; SM-A505U) AppleWebKit/537.36 (KHTML, like Gecko) Chrome/94.0.4606.61 Mobile Safari/537.36"
98.240.173.231 - - [01/Oct/2021:05:55:46 +0200] "GET /images/icons/expertINT.gif HTTP/1.1" 200 1699 "http://www.wonder-geek.com/checkout_shipping.php" "Mozilla/5.0 (Linux; Android 11; SM-A505U) AppleWebKit/537.36 (KHTML, like Gecko) Chrome/94.0.4606.61 Mobile Safari/537.36"
40.77.167.10 - - [01/Oct/2021:05:57:43 +0200] "GET /images/big_prod/3609810065048.jpg HTTP/1.1" 200 75981 "-" "Mozilla/5.0 (compatible; bingbot/2.0; +http://www.bing.com/bingbot.htm)"
216.244.66.242 - - [01/Oct/2021:05:57:49 +0200] "GET /robots.txt HTTP/1.1" 200 2438 "-" "Mozilla/5.0 (compatible; DotBot/1.2; +https://opensiteexplorer.org/dotbot; help@moz.com)"
40.77.167.65 - - [01/Oct/2021:05:57:52 +0200] "GET /images/med_prod/1384010177709.jpg HTTP/1.1" 200 134529 "-" "Mozilla/5.0 (compatible; bingbot/2.0; +http://www.bing.com/bingbot.htm)"
161.97.91.204 - - [01/Oct/2021:05:58:14 +0200] "GET /robots.txt HTTP/1.1" 200 2438 "-" "Mozilla/5.0 (compatible; MJ12bot/v1.4.8; http://mj12bot.com/)"
98.240.173.231 - - [01/Oct/2021:05:58:25 +0200] "GET /images/arrow_east_south.gif HTTP/1.1" 200 2847 "http://www.wonder-geek.com/checkout_payment.php" "Mozilla/5.0 (Linux; Android 11; SM-A505U) AppleWebKit/537.36 (KHTML, like Gecko) Chrome/94.0.4606.61 Mobile Safari/537.36"
98.240.173.231 - - [01/Oct/2021:05:58:25 +0200] "GET /images/icons/spplus_50.gif HTTP/1.1" 200 5147 "http://www.wonder-geek.com/checkout_payment.php" "Mozilla/5.0 (Linux; Android 11; SM-A505U) AppleWebKit/537.36 (KHTML, like Gecko) Chrome/94.0.4606.61 Mobile Safari/537.36"
98.240.173.231 - - [01/Oct/2021:05:58:25 +0200] "GET /templates/Pixame_v1/images/buttons/english/button_redeem.gif HTTP/1.1" 200 1029 "http://www.wonder-geek.com/checkout_payment.php" "Mozilla/5.0 (Linux; Android 11; SM-A505U) AppleWebKit/537.36 (KHTML, like Gecko) Chrome/94.0.4606.61 Mobile Safari/537.36"
98.240.173.231 - - [01/Oct/2021:05:58:44 +0200] "GET /templates/Pixame_v1/images/buttons/english/button_confirm_order.gif HTTP/1.1" 200 1280 "http://www.wonder-geek.com/checkout_confirmation.php" "Mozilla/5.0 (Linux; Android 11; SM-A505U) AppleWebKit/537.36 (KHTML, like Gecko) Chrome/94.0.4606.61 Mobile Safari/537.36"
98.240.173.231 - - [01/Oct/2021:06:00:55 +0200] "GET /templates/Pixame_v1/images/buttons/english/button_ppcheckout.gif HTTP/1.1" 200 2373 "http://www.wonder-geek.com/checkout_process.php" "Mozilla/5.0 (Linux; Android 11; SM-A505U) AppleWebKit/537.36 (KHTML, like Gecko) Chrome/94.0.4606.61 Mobile Safari/537.36"
77.88.5.17 - - [01/Oct/2021:06:01:58 +0200] "GET /robots.txt HTTP/1.1" 200 2438 "-" "Mozilla/5.0 (compatible; YandexBot/3.0; +http://yandex.com/bots)"
207.46.13.3 - - [01/Oct/2021:06:02:31 +0200] "GET /images/9316188050197.jpg HTTP/1.1" 200 109470 "-" "Mozilla/5.0 (compatible; bingbot/2.0; +http://www.bing.com/bingbot.htm)"
114.119.128.253 - - [01/Oct/2021:06:05:11 +0200] "GET /images/big_prod_1/843393320375B.jpg HTTP/1.1" 200 52350 "-" "Mozilla/5.0 (Linux; Android 7.0;) AppleWebKit/537.36 (KHTML, like Gecko) Mobile Safari/537.36 (compatible; PetalBot;+https://webmaster.petalsearch.com/site/petalbot)"
100.26.40.16 - - [01/Oct/2021:06:05:24 +0200] "GET /images/mini_prod/34DSCN8154.jpg HTTP/1.1" 200 6798 "-" "Mozilla/5.0 (X11; Ubuntu; Linux x86_64; rv:72.0) Gecko/20100101 Firefox/72.0"
114.119.128.253 - - [01/Oct/2021:06:07:31 +0200] "GET /images/big_prod/8424001251889.jpg HTTP/1.1" 200 38076 "-" "Mozilla/5.0 (Linux; Android 7.0;) AppleWebKit/537.36 (KHTML, like Gecko) Mobile Safari/537.36 (compatible; PetalBot;+https://webmaster.petalsearch.com/site/petalbot)"
40.77.167.10 - - [01/Oct/2021:06:08:24 +0200] "GET /images/1399984249734.jpg HTTP/1.1" 200 71259 "-" "Mozilla/5.0 (compatible; bingbot/2.0; +http://www.bing.com/bingbot.htm)"
40.77.167.79 - - [01/Oct/2021:06:09:37 +0200] "GET /images/4895005802003.jpg HTTP/1.1" 200 23351 "-" "Mozilla/5.0 (compatible; bingbot/2.0; +http://www.bing.com/bingbot.htm)"
66.249.64.84 - - [01/Oct/2021:06:10:35 +0200] "GET /images/mini_prod/3560600310604B.jpg HTTP/1.1" 200 7211 "-" "Googlebot-Image/1.0"
207.46.13.3 - - [01/Oct/2021:06:12:23 +0200] "GET /images/3438100273920.jpg HTTP/1.1" 200 52928 "-" "Mozilla/5.0 (compatible; bingbot/2.0; +http://www.bing.com/bingbot.htm)"
114.119.128.26 - - [01/Oct/2021:06:14:25 +0200] "GET /images/mini_prod/8712159167528.jpg HTTP/1.1" 200 5143 "-" "Mozilla/5.0 (Linux; Android 7.0;) AppleWebKit/537.36 (KHTML, like Gecko) Mobile Safari/537.36 (compatible; PetalBot;+https://webmaster.petalsearch.com/site/petalbot)"
207.46.13.3 - - [01/Oct/2021:06:16:53 +0200] "GET /images/big_prod_1/8422012530214B.jpg HTTP/1.1" 200 109176 "-" "Mozilla/5.0 (compatible; bingbot/2.0; +http://www.bing.com/bingbot.htm)"
207.46.13.59 - - [01/Oct/2021:06:18:08 +0200] "GET /images/mini_prod/4260082935706.jpg HTTP/1.1" 200 8083 "-" "Mozilla/5.0 (compatible; bingbot/2.0; +http://www.bing.com/bingbot.htm)"
66.249.64.82 - - [01/Oct/2021:06:21:27 +0200] "GET /images/big_prod/1384010190586.jpg HTTP/1.1" 200 40483 "-" "Googlebot-Image/1.0"
207.46.13.58 - - [01/Oct/2021:06:21:40 +0200] "GET /images/big_prod/8422000971012.jpg HTTP/1.1" 200 50540 "-" "Mozilla/5.0 (compatible; bingbot/2.0; +http://www.bing.com/bingbot.htm)"
207.46.13.58 - - [01/Oct/2021:06:24:39 +0200] "GET /images/big_prod/5051276225661.jpg HTTP/1.1" 200 89241 "-" "Mozilla/5.0 (compatible; bingbot/2.0; +http://www.bing.com/bingbot.htm)"
66.249.64.83 - - [01/Oct/2021:06:25:36 +0200] "GET /images/big_prod_2/8421693061970b.jpg HTTP/1.1" 200 571683 "-" "Googlebot-Image/1.0"
54.221.188.176 - - [01/Oct/2021:06:25:47 +0200] "GET /images/mini_prod/5036278052262.jpg HTTP/1.1" 200 7778 "-" "Mozilla/5.0 (X11; Ubuntu; Linux x86_64; rv:72.0) Gecko/20100101 Firefox/72.0"
100.26.40.16 - - [01/Oct/2021:06:28:07 +0200] "GET /images/mini_prod/8482013122047.jpg HTTP/1.1" 200 8907 "-" "Mozilla/5.0 (X11; Ubuntu; Linux x86_64; rv:72.0) Gecko/20100101 Firefox/72.0"
40.77.167.10 - - [01/Oct/2021:06:29:46 +0200] "GET /images/EL916N.jpg HTTP/1.1" 200 61562 "-" "Mozilla/5.0 (compatible; bingbot/2.0; +http://www.bing.com/bingbot.htm)"
207.46.13.44 - - [01/Oct/2021:06:30:39 +0200] "GET /robots.txt HTTP/1.1" 200 2438 "-" "Mozilla/5.0 (compatible; bingbot/2.0; +http://www.bing.com/bingbot.htm)"
40.77.167.10 - - [01/Oct/2021:06:32:26 +0200] "GET /images/mini_prod/134168916107.jpg HTTP/1.1" 200 5540 "-" "Mozilla/5.0 (compatible; bingbot/2.0; +http://www.bing.com/bingbot.htm)"
54.221.188.176 - - [01/Oct/2021:06:35:01 +0200] "GET /images/mini_prod/3660173176314.jpg HTTP/1.1" 200 5875 "-" "Mozilla/5.0 (X11; Ubuntu; Linux x86_64; rv:72.0) Gecko/20100101 Firefox/72.0"
114.119.128.253 - - [01/Oct/2021:06:37:01 +0200] "GET /images/big_prod/3700407620098.jpg HTTP/1.1" 200 74449 "-" "Mozilla/5.0 (Linux; Android 7.0;) AppleWebKit/537.36 (KHTML, like Gecko) Mobile Safari/537.36 (compatible; PetalBot;+https://webmaster.petalsearch.com/site/petalbot)"
185.191.171.14 - - [01/Oct/2021:06:37:40 +0200] "GET /robots.txt HTTP/1.1" 200 2438 "-" "Mozilla/5.0 (compatible; SemrushBot/7~bl; +http://www.semrush.com/bot.html)"
207.46.13.3 - - [01/Oct/2021:06:38:35 +0200] "GET /images/med_prod/3565750037616.jpg HTTP/1.1" 200 82814 "-" "Mozilla/5.0 (compatible; bingbot/2.0; +http://www.bing.com/bingbot.htm)"
66.249.64.83 - - [01/Oct/2021:06:40:36 +0200] "GET /images/mini_prod/8445146023933.jpg HTTP/1.1" 200 4462 "-" "Googlebot-Image/1.0"
17.121.115.187 - - [01/Oct/2021:06:40:46 +0200] "GET /images/big_prod_1/8422000353542N.jpg HTTP/1.1" 200 144629 "-" "Mozilla/5.0 (Macintosh; Intel Mac OS X 10_15_5) AppleWebKit/605.1.15 (KHTML, like Gecko) Version/13.1.1 Safari/605.1.15 (Applebot/0.1; +http://www.apple.com/go/applebot)"
207.46.13.59 - - [01/Oct/2021:06:41:40 +0200] "GET /images/a3700653503657.jpg HTTP/1.1" 200 82130 "-" "Mozilla/5.0 (compatible; bingbot/2.0; +http://www.bing.com/bingbot.htm)"
114.119.128.40 - - [01/Oct/2021:06:42:00 +0200] "GET /images/3438100354780.jpg HTTP/1.1" 200 104100 "-" "Mozilla/5.0 (Linux; Android 7.0;) AppleWebKit/537.36 (KHTML, like Gecko) Mobile Safari/537.36 (compatible; PetalBot;+https://webmaster.petalsearch.com/site/petalbot)"
54.78.65.141 - - [01/Oct/2021:06:42:10 +0200] "GET /robots.txt HTTP/1.1" 200 2438 "-" "webprosbot/2.0 (+mailto:abuse-6337@webpros.com)"
216.244.66.242 - - [01/Oct/2021:06:44:19 +0200] "GET /robots.txt HTTP/1.1" 200 2438 "-" "Mozilla/5.0 (compatible; DotBot/1.2; +https://opensiteexplorer.org/dotbot; help@moz.com)"
52.91.95.0 - - [01/Oct/2021:06:44:19 +0200] "GET /images/mini_prod/3700653501219.jpg HTTP/1.1" 200 5781 "-" "Mozilla/5.0 (X11; Ubuntu; Linux x86_64; rv:72.0) Gecko/20100101 Firefox/72.0"
114.119.128.40 - - [01/Oct/2021:06:44:31 +0200] "GET /images/big_prod/5051276405001.jpg HTTP/1.1" 200 80625 "-" "Mozilla/5.0 (Linux; Android 7.0;) AppleWebKit/537.36 (KHTML, like Gecko) Mobile Safari/537.36 (compatible; PetalBot;+https://webmaster.petalsearch.com/site/petalbot)"
64.233.173.253 - - [01/Oct/2021:06:44:47 +0200] "GET /images/big_prod_1/1328399282524b.jpg HTTP/1.1" 200 236232 "-" "Mozilla/5.0 (Windows NT 5.1; rv:11.0) Gecko Firefox/11.0 (via ggpht.com GoogleImageProxy)"
207.46.13.3 - - [01/Oct/2021:06:46:37 +0200] "GET /images/big_prod_1/3609810027572.jpg HTTP/1.1" 200 90764 "-" "Mozilla/5.0 (compatible; bingbot/2.0; +http://www.bing.com/bingbot.htm)"
44.195.32.186 - - [01/Oct/2021:06:47:55 +0200] "GET /images/mini_prod/8003990630525.jpg HTTP/1.1" 200 6211 "-" "Mozilla/5.0 (X11; Ubuntu; Linux x86_64; rv:72.0) Gecko/20100101 Firefox/72.0"
207.46.13.81 - - [01/Oct/2021:06:48:49 +0200] "GET /images/4025055902754.jpg HTTP/1.1" 200 38656 "-" "Mozilla/5.0 (compatible; bingbot/2.0; +http://www.bing.com/bingbot.htm)"
159.138.102.98 - - [01/Oct/2021:06:49:20 +0200] "GET /images/big_prod/3453131156936.jpg HTTP/1.1" 200 256389 "-" "Mozilla/5.0 (Linux; Android 7.0;) AppleWebKit/537.36 (KHTML, like Gecko) Mobile Safari/537.36 (compatible; PetalBot;+https://webmaster.petalsearch.com/site/petalbot)"
66.249.64.83 - - [01/Oct/2021:06:50:23 +0200] "GET /images/4036113102689.jpg HTTP/1.1" 200 138306 "-" "Googlebot-Image/1.0"
66.249.64.84 - - [01/Oct/2021:06:51:28 +0200] "GET /images/big_prod/5051276424101.jpg HTTP/1.1" 200 110400 "-" "Googlebot-Image/1.0"
54.36.148.154 - - [01/Oct/2021:06:51:51 +0200] "GET /robots.txt HTTP/1.1" 200 2438 "-" "Mozilla/5.0 (compatible; AhrefsBot/7.0; +http://ahrefs.com/robot/)"
207.46.13.59 - - [01/Oct/2021:06:51:52 +0200] "GET /images/big_prod_1/8424346227204B.jpg HTTP/1.1" 200 129044 "-" "Mozilla/5.0 (compatible; bingbot/2.0; +http://www.bing.com/bingbot.htm)"
216.244.66.242 - - [01/Oct/2021:06:56:41 +0200] "GET /images/3521320608709.jpg HTTP/1.1" 200 34469 "-" "Mozilla/5.0 (compatible; DotBot/1.2; +https://opensiteexplorer.org/dotbot; help@moz.com)"
114.119.128.37 - - [01/Oct/2021:06:58:00 +0200] "GET /images/big_prod/8718657460765.jpg HTTP/1.1" 200 60561 "-" "Mozilla/5.0 (Linux; Android 7.0;) AppleWebKit/537.36 (KHTML, like Gecko) Mobile Safari/537.36 (compatible; PetalBot;+https://webmaster.petalsearch.com/site/petalbot)"
3.128.199.14 - - [01/Oct/2021:07:03:36 +0200] "GET /js/jquery.jqzoom.js HTTP/1.1" 200 4761 "http://www.wonder-geek.com/" "Mozilla/5.0 (Macintosh; Intel Mac OS X 10_15_7) AppleWebKit/537.36 (KHTML, like Gecko) Chrome/91.0.4472.114 Safari/537.36"
3.128.199.14 - - [01/Oct/2021:07:03:36 +0200] "GET /highslide/highslide.js HTTP/1.1" 200 42909 "http://www.wonder-geek.com/" "Mozilla/5.0 (Macintosh; Intel Mac OS X 10_15_7) AppleWebKit/537.36 (KHTML, like Gecko) Chrome/91.0.4472.114 Safari/537.36"
3.128.199.14 - - [01/Oct/2021:07:03:36 +0200] "GET /js/jquery.js HTTP/1.1" 200 54075 "http://www.wonder-geek.com/" "Mozilla/5.0 (Macintosh; Intel Mac OS X 10_15_7) AppleWebKit/537.36 (KHTML, like Gecko) Chrome/91.0.4472.114 Safari/537.36"
3.128.199.14 - - [01/Oct/2021:07:03:36 +0200] "GET /templates/Pixame_v1/stylesheet.css HTTP/1.1" 200 56057 "http://www.wonder-geek.com/" "Mozilla/5.0 (Macintosh; Intel Mac OS X 10_15_7) AppleWebKit/537.36 (KHTML, like Gecko) Chrome/91.0.4472.114 Safari/537.36"
3.128.199.14 - - [01/Oct/2021:07:03:36 +0200] "GET /mondial_relay/js/jquery-1.3.2.min.js HTTP/1.1" 200 57254 "http://www.wonder-geek.com/" "Mozilla/5.0 (Macintosh; Intel Mac OS X 10_15_7) AppleWebKit/537.36 (KHTML, like Gecko) Chrome/91.0.4472.114 Safari/537.36"
3.128.199.14 - - [01/Oct/2021:07:03:36 +0200] "GET /js/jquery.masonry.min.js HTTP/1.1" 200 5392 "http://www.wonder-geek.com/" "Mozilla/5.0 (Macintosh; Intel Mac OS X 10_15_7) AppleWebKit/537.36 (KHTML, like Gecko) Chrome/91.0.4472.114 Safari/537.36"
3.128.199.14 - - [01/Oct/2021:07:03:36 +0200] "GET /js/modernizr-transitions.js HTTP/1.1" 200 2026 "http://www.wonder-geek.com/" "Mozilla/5.0 (Macintosh; Intel Mac OS X 10_15_7) AppleWebKit/537.36 (KHTML, like Gecko) Chrome/91.0.4472.114 Safari/537.36"
3.128.199.14 - - [01/Oct/2021:07:03:38 +0200] "GET /favicon.ico HTTP/1.1" 200 1591 "http://www.wonder-geek.com/" "Mozilla/5.0 (Macintosh; Intel Mac OS X 10_15_7) AppleWebKit/537.36 (KHTML, like Gecko) Chrome/91.0.4472.114 Safari/537.36"
3.128.199.14 - - [01/Oct/2021:07:03:38 +0200] "GET /favicon.ico HTTP/1.1" 200 1591 "http://www.wonder-geek.com/" "Mozilla/5.0 (Macintosh; Intel Mac OS X 10_15_7) AppleWebKit/537.36 (KHTML, like Gecko) Chrome/91.0.4472.114 Safari/537.36"
3.128.199.14 - - [01/Oct/2021:07:03:39 +0200] "GET /robots.txt HTTP/1.1" 200 2438 "-" "Python-urllib/3.7"
3.128.199.14 - - [01/Oct/2021:07:03:40 +0200] "GET /js/jquery.jqzoom.js HTTP/1.1" 200 4761 "http://www.wonder-geek.com/contact_us.php" "Mozilla/5.0 (Macintosh; Intel Mac OS X 10_15_7) AppleWebKit/537.36 (KHTML, like Gecko) Chrome/91.0.4472.114 Safari/537.36"
3.128.199.14 - - [01/Oct/2021:07:03:40 +0200] "GET /templates/Pixame_v1/stylesheet.css HTTP/1.1" 200 56057 "http://www.wonder-geek.com/contact_us.php" "Mozilla/5.0 (Macintosh; Intel Mac OS X 10_15_7) AppleWebKit/537.36 (KHTML, like Gecko) Chrome/91.0.4472.114 Safari/537.36"
3.128.199.14 - - [01/Oct/2021:07:03:40 +0200] "GET /highslide/highslide.js HTTP/1.1" 200 42909 "http://www.wonder-geek.com/contact_us.php" "Mozilla/5.0 (Macintosh; Intel Mac OS X 10_15_7) AppleWebKit/537.36 (KHTML, like Gecko) Chrome/91.0.4472.114 Safari/537.36"
3.128.199.14 - - [01/Oct/2021:07:03:40 +0200] "GET /js/jquery.js HTTP/1.1" 200 54075 "http://www.wonder-geek.com/contact_us.php" "Mozilla/5.0 (Macintosh; Intel Mac OS X 10_15_7) AppleWebKit/537.36 (KHTML, like Gecko) Chrome/91.0.4472.114 Safari/537.36"
3.128.199.14 - - [01/Oct/2021:07:03:40 +0200] "GET /mondial_relay/js/jquery-1.3.2.min.js HTTP/1.1" 200 57254 "http://www.wonder-geek.com/contact_us.php" "Mozilla/5.0 (Macintosh; Intel Mac OS X 10_15_7) AppleWebKit/537.36 (KHTML, like Gecko) Chrome/91.0.4472.114 Safari/537.36"
3.128.199.14 - - [01/Oct/2021:07:03:42 +0200] "GET /js/jquery.jqzoom.js HTTP/1.1" 200 4761 "http://www.wonder-geek.com/home-decoration-c-13.html" "Mozilla/5.0 (Macintosh; Intel Mac OS X 10_15_7) AppleWebKit/537.36 (KHTML, like Gecko) Chrome/91.0.4472.114 Safari/537.36"
3.128.199.14 - - [01/Oct/2021:07:03:42 +0200] "GET /highslide/highslide.js HTTP/1.1" 200 42909 "http://www.wonder-geek.com/home-decoration-c-13.html" "Mozilla/5.0 (Macintosh; Intel Mac OS X 10_15_7) AppleWebKit/537.36 (KHTML, like Gecko) Chrome/91.0.4472.114 Safari/537.36"
3.128.199.14 - - [01/Oct/2021:07:03:42 +0200] "GET /templates/Pixame_v1/stylesheet.css HTTP/1.1" 200 56057 "http://www.wonder-geek.com/home-decoration-c-13.html" "Mozilla/5.0 (Macintosh; Intel Mac OS X 10_15_7) AppleWebKit/537.36 (KHTML, like Gecko) Chrome/91.0.4472.114 Safari/537.36"
3.128.199.14 - - [01/Oct/2021:07:03:42 +0200] "GET /js/jquery.js HTTP/1.1" 200 54075 "http://www.wonder-geek.com/home-decoration-c-13.html" "Mozilla/5.0 (Macintosh; Intel Mac OS X 10_15_7) AppleWebKit/537.36 (KHTML, like Gecko) Chrome/91.0.4472.114 Safari/537.36"
3.128.199.14 - - [01/Oct/2021:07:03:42 +0200] "GET /mondial_relay/js/jquery-1.3.2.min.js HTTP/1.1" 200 57254 "http://www.wonder-geek.com/home-decoration-c-13.html" "Mozilla/5.0 (Macintosh; Intel Mac OS X 10_15_7) AppleWebKit/537.36 (KHTML, like Gecko) Chrome/91.0.4472.114 Safari/537.36"
3.128.199.14 - - [01/Oct/2021:07:03:43 +0200] "GET /js/jquery.masonry.min.js HTTP/1.1" 200 5392 "http://www.wonder-geek.com/home-decoration-c-13.html" "Mozilla/5.0 (Macintosh; Intel Mac OS X 10_15_7) AppleWebKit/537.36 (KHTML, like Gecko) Chrome/91.0.4472.114 Safari/537.36"
3.128.199.14 - - [01/Oct/2021:07:03:43 +0200] "GET /js/modernizr-transitions.js HTTP/1.1" 200 2026 "http://www.wonder-geek.com/home-decoration-c-13.html" "Mozilla/5.0 (Macintosh; Intel Mac OS X 10_15_7) AppleWebKit/537.36 (KHTML, like Gecko) Chrome/91.0.4472.114 Safari/537.36"
3.128.199.14 - - [01/Oct/2021:07:03:45 +0200] "GET /templates/Pixame_v1/stylesheet.css HTTP/1.1" 200 56057 "http://www.wonder-geek.com/heart-home-pebbles-melt-shape-stars-p-56298.html" "Mozilla/5.0 (Macintosh; Intel Mac OS X 10_15_7) AppleWebKit/537.36 (KHTML, like Gecko) Chrome/91.0.4472.114 Safari/537.36"
3.128.199.14 - - [01/Oct/2021:07:03:45 +0200] "GET /js/jquery.jqzoom.js HTTP/1.1" 200 4761 "http://www.wonder-geek.com/heart-home-pebbles-melt-shape-stars-p-56298.html" "Mozilla/5.0 (Macintosh; Intel Mac OS X 10_15_7) AppleWebKit/537.36 (KHTML, like Gecko) Chrome/91.0.4472.114 Safari/537.36"
3.128.199.14 - - [01/Oct/2021:07:03:45 +0200] "GET /highslide/highslide.js HTTP/1.1" 200 42909 "http://www.wonder-geek.com/heart-home-pebbles-melt-shape-stars-p-56298.html" "Mozilla/5.0 (Macintosh; Intel Mac OS X 10_15_7) AppleWebKit/537.36 (KHTML, like Gecko) Chrome/91.0.4472.114 Safari/537.36"
3.128.199.14 - - [01/Oct/2021:07:03:45 +0200] "GET /js/jquery.js HTTP/1.1" 200 54075 "http://www.wonder-geek.com/heart-home-pebbles-melt-shape-stars-p-56298.html" "Mozilla/5.0 (Macintosh; Intel Mac OS X 10_15_7) AppleWebKit/537.36 (KHTML, like Gecko) Chrome/91.0.4472.114 Safari/537.36"
3.128.199.14 - - [01/Oct/2021:07:03:45 +0200] "GET /mondial_relay/js/jquery-1.3.2.min.js HTTP/1.1" 200 57254 "http://www.wonder-geek.com/heart-home-pebbles-melt-shape-stars-p-56298.html" "Mozilla/5.0 (Macintosh; Intel Mac OS X 10_15_7) AppleWebKit/537.36 (KHTML, like Gecko) Chrome/91.0.4472.114 Safari/537.36"
3.128.199.14 - - [01/Oct/2021:07:03:47 +0200] "GET /js/jquery.jqzoom.js HTTP/1.1" 200 4761 "http://www.wonder-geek.com/candle-hours-black-vanilla-heart-home-p-56291.html" "Mozilla/5.0 (Macintosh; Intel Mac OS X 10_15_7) AppleWebKit/537.36 (KHTML, like Gecko) Chrome/91.0.4472.114 Safari/537.36"
3.128.199.14 - - [01/Oct/2021:07:03:47 +0200] "GET /templates/Pixame_v1/stylesheet.css HTTP/1.1" 200 56057 "http://www.wonder-geek.com/candle-hours-black-vanilla-heart-home-p-56291.html" "Mozilla/5.0 (Macintosh; Intel Mac OS X 10_15_7) AppleWebKit/537.36 (KHTML, like Gecko) Chrome/91.0.4472.114 Safari/537.36"
3.128.199.14 - - [01/Oct/2021:07:03:47 +0200] "GET /js/jquery.js HTTP/1.1" 200 54075 "http://www.wonder-geek.com/candle-hours-black-vanilla-heart-home-p-56291.html" "Mozilla/5.0 (Macintosh; Intel Mac OS X 10_15_7) AppleWebKit/537.36 (KHTML, like Gecko) Chrome/91.0.4472.114 Safari/537.36"
3.128.199.14 - - [01/Oct/2021:07:03:47 +0200] "GET /mondial_relay/js/jquery-1.3.2.min.js HTTP/1.1" 200 57254 "http://www.wonder-geek.com/candle-hours-black-vanilla-heart-home-p-56291.html" "Mozilla/5.0 (Macintosh; Intel Mac OS X 10_15_7) AppleWebKit/537.36 (KHTML, like Gecko) Chrome/91.0.4472.114 Safari/537.36"
3.128.199.14 - - [01/Oct/2021:07:03:47 +0200] "GET /highslide/highslide.js HTTP/1.1" 200 42909 "http://www.wonder-geek.com/candle-hours-black-vanilla-heart-home-p-56291.html" "Mozilla/5.0 (Macintosh; Intel Mac OS X 10_15_7) AppleWebKit/537.36 (KHTML, like Gecko) Chrome/91.0.4472.114 Safari/537.36"
3.128.199.14 - - [01/Oct/2021:07:03:49 +0200] "GET /js/jquery.jqzoom.js HTTP/1.1" 200 4761 "http://www.wonder-geek.com/wick-ellipse-candle-heart-home-black-vanilla-p-56297.html" "Mozilla/5.0 (Macintosh; Intel Mac OS X 10_15_7) AppleWebKit/537.36 (KHTML, like Gecko) Chrome/91.0.4472.114 Safari/537.36"
3.128.199.14 - - [01/Oct/2021:07:03:49 +0200] "GET /highslide/highslide.js HTTP/1.1" 200 42909 "http://www.wonder-geek.com/wick-ellipse-candle-heart-home-black-vanilla-p-56297.html" "Mozilla/5.0 (Macintosh; Intel Mac OS X 10_15_7) AppleWebKit/537.36 (KHTML, like Gecko) Chrome/91.0.4472.114 Safari/537.36"
3.128.199.14 - - [01/Oct/2021:07:03:49 +0200] "GET /mondial_relay/js/jquery-1.3.2.min.js HTTP/1.1" 200 57254 "http://www.wonder-geek.com/wick-ellipse-candle-heart-home-black-vanilla-p-56297.html" "Mozilla/5.0 (Macintosh; Intel Mac OS X 10_15_7) AppleWebKit/537.36 (KHTML, like Gecko) Chrome/91.0.4472.114 Safari/537.36"
3.128.199.14 - - [01/Oct/2021:07:03:49 +0200] "GET /js/jquery.js HTTP/1.1" 200 54075 "http://www.wonder-geek.com/wick-ellipse-candle-heart-home-black-vanilla-p-56297.html" "Mozilla/5.0 (Macintosh; Intel Mac OS X 10_15_7) AppleWebKit/537.36 (KHTML, like Gecko) Chrome/91.0.4472.114 Safari/537.36"
3.128.199.14 - - [01/Oct/2021:07:03:49 +0200] "GET /templates/Pixame_v1/stylesheet.css HTTP/1.1" 200 56057 "http://www.wonder-geek.com/wick-ellipse-candle-heart-home-black-vanilla-p-56297.html" "Mozilla/5.0 (Macintosh; Intel Mac OS X 10_15_7) AppleWebKit/537.36 (KHTML, like Gecko) Chrome/91.0.4472.114 Safari/537.36"
3.128.199.14 - - [01/Oct/2021:07:03:51 +0200] "GET /js/jquery.jqzoom.js HTTP/1.1" 200 4761 "http://www.wonder-geek.com/login.php" "Mozilla/5.0 (Macintosh; Intel Mac OS X 10_15_7) AppleWebKit/537.36 (KHTML, like Gecko) Chrome/91.0.4472.114 Safari/537.36"
3.128.199.14 - - [01/Oct/2021:07:03:51 +0200] "GET /highslide/highslide.js HTTP/1.1" 200 42909 "http://www.wonder-geek.com/login.php" "Mozilla/5.0 (Macintosh; Intel Mac OS X 10_15_7) AppleWebKit/537.36 (KHTML, like Gecko) Chrome/91.0.4472.114 Safari/537.36"
3.128.199.14 - - [01/Oct/2021:07:03:51 +0200] "GET /templates/Pixame_v1/stylesheet.css HTTP/1.1" 200 56057 "http://www.wonder-geek.com/login.php" "Mozilla/5.0 (Macintosh; Intel Mac OS X 10_15_7) AppleWebKit/537.36 (KHTML, like Gecko) Chrome/91.0.4472.114 Safari/537.36"
3.128.199.14 - - [01/Oct/2021:07:03:51 +0200] "GET /js/jquery.js HTTP/1.1" 200 54075 "http://www.wonder-geek.com/login.php" "Mozilla/5.0 (Macintosh; Intel Mac OS X 10_15_7) AppleWebKit/537.36 (KHTML, like Gecko) Chrome/91.0.4472.114 Safari/537.36"
3.128.199.14 - - [01/Oct/2021:07:03:51 +0200] "GET /mondial_relay/js/jquery-1.3.2.min.js HTTP/1.1" 200 57254 "http://www.wonder-geek.com/login.php" "Mozilla/5.0 (Macintosh; Intel Mac OS X 10_15_7) AppleWebKit/537.36 (KHTML, like Gecko) Chrome/91.0.4472.114 Safari/537.36"
3.128.199.14 - - [01/Oct/2021:07:03:53 +0200] "GET /js/jquery.jqzoom.js HTTP/1.1" 200 4761 "http://www.wonder-geek.com/create_account.php" "Mozilla/5.0 (Macintosh; Intel Mac OS X 10_15_7) AppleWebKit/537.36 (KHTML, like Gecko) Chrome/91.0.4472.114 Safari/537.36"
3.128.199.14 - - [01/Oct/2021:07:03:53 +0200] "GET /highslide/highslide.js HTTP/1.1" 200 42909 "http://www.wonder-geek.com/create_account.php" "Mozilla/5.0 (Macintosh; Intel Mac OS X 10_15_7) AppleWebKit/537.36 (KHTML, like Gecko) Chrome/91.0.4472.114 Safari/537.36"
3.128.199.14 - - [01/Oct/2021:07:03:53 +0200] "GET /templates/Pixame_v1/stylesheet.css HTTP/1.1" 200 56057 "http://www.wonder-geek.com/create_account.php" "Mozilla/5.0 (Macintosh; Intel Mac OS X 10_15_7) AppleWebKit/537.36 (KHTML, like Gecko) Chrome/91.0.4472.114 Safari/537.36"
3.128.199.14 - - [01/Oct/2021:07:03:53 +0200] "GET /js/jquery.js HTTP/1.1" 200 54075 "http://www.wonder-geek.com/create_account.php" "Mozilla/5.0 (Macintosh; Intel Mac OS X 10_15_7) AppleWebKit/537.36 (KHTML, like Gecko) Chrome/91.0.4472.114 Safari/537.36"
3.128.199.14 - - [01/Oct/2021:07:03:53 +0200] "GET /mondial_relay/js/jquery-1.3.2.min.js HTTP/1.1" 200 57254 "http://www.wonder-geek.com/create_account.php" "Mozilla/5.0 (Macintosh; Intel Mac OS X 10_15_7) AppleWebKit/537.36 (KHTML, like Gecko) Chrome/91.0.4472.114 Safari/537.36"
3.128.199.14 - - [01/Oct/2021:07:03:55 +0200] "GET /js/jquery.jqzoom.js HTTP/1.1" 200 4761 "http://www.wonder-geek.com/login.php" "Mozilla/5.0 (Macintosh; Intel Mac OS X 10_15_7) AppleWebKit/537.36 (KHTML, like Gecko) Chrome/91.0.4472.114 Safari/537.36"
3.128.199.14 - - [01/Oct/2021:07:03:55 +0200] "GET /highslide/highslide.js HTTP/1.1" 200 42909 "http://www.wonder-geek.com/login.php" "Mozilla/5.0 (Macintosh; Intel Mac OS X 10_15_7) AppleWebKit/537.36 (KHTML, like Gecko) Chrome/91.0.4472.114 Safari/537.36"
3.128.199.14 - - [01/Oct/2021:07:03:55 +0200] "GET /templates/Pixame_v1/stylesheet.css HTTP/1.1" 200 56057 "http://www.wonder-geek.com/login.php" "Mozilla/5.0 (Macintosh; Intel Mac OS X 10_15_7) AppleWebKit/537.36 (KHTML, like Gecko) Chrome/91.0.4472.114 Safari/537.36"
3.128.199.14 - - [01/Oct/2021:07:03:55 +0200] "GET /js/jquery.js HTTP/1.1" 200 54075 "http://www.wonder-geek.com/login.php" "Mozilla/5.0 (Macintosh; Intel Mac OS X 10_15_7) AppleWebKit/537.36 (KHTML, like Gecko) Chrome/91.0.4472.114 Safari/537.36"
3.128.199.14 - - [01/Oct/2021:07:03:55 +0200] "GET /mondial_relay/js/jquery-1.3.2.min.js HTTP/1.1" 200 57254 "http://www.wonder-geek.com/login.php" "Mozilla/5.0 (Macintosh; Intel Mac OS X 10_15_7) AppleWebKit/537.36 (KHTML, like Gecko) Chrome/91.0.4472.114 Safari/537.36"
52.91.95.0 - - [01/Oct/2021:07:05:09 +0200] "GET /images/mini_prod/060207_230354_PEEL_eb7VzU.jpg HTTP/1.1" 200 10490 "-" "Mozilla/5.0 (X11; Ubuntu; Linux x86_64; rv:72.0) Gecko/20100101 Firefox/72.0"
159.138.102.98 - - [01/Oct/2021:07:05:09 +0200] "GET /images/big_prod/8717202557516.jpg HTTP/1.1" 200 63959 "-" "Mozilla/5.0 (Linux; Android 7.0;) AppleWebKit/537.36 (KHTML, like Gecko) Mobile Safari/537.36 (compatible; PetalBot;+https://webmaster.petalsearch.com/site/petalbot)"
100.26.40.16 - - [01/Oct/2021:07:06:13 +0200] "GET /images/mini_prod/1384010183571BB.jpg HTTP/1.1" 200 7286 "-" "Mozilla/5.0 (X11; Ubuntu; Linux x86_64; rv:72.0) Gecko/20100101 Firefox/72.0"
40.77.167.65 - - [01/Oct/2021:07:07:28 +0200] "GET /images/mini_prod/3700344910382.jpg HTTP/1.1" 200 2524 "-" "Mozilla/5.0 (compatible; bingbot/2.0; +http://www.bing.com/bingbot.htm)"
66.249.64.84 - - [01/Oct/2021:07:07:48 +0200] "GET /images/big_prod_1/1328399219544a.jpg HTTP/1.1" 200 76267 "-" "Googlebot-Image/1.0"
114.119.128.34 - - [01/Oct/2021:07:10:03 +0200] "GET /images/big_prod/3442440262650.jpg HTTP/1.1" 200 87592 "-" "Mozilla/5.0 (Linux; Android 7.0;) AppleWebKit/537.36 (KHTML, like Gecko) Mobile Safari/537.36 (compatible; PetalBot;+https://webmaster.petalsearch.com/site/petalbot)"
207.46.13.54 - - [01/Oct/2021:07:12:42 +0200] "GET /images/big_prod/a4542202656297.jpg HTTP/1.1" 200 64486 "-" "Mozilla/5.0 (compatible; bingbot/2.0; +http://www.bing.com/bingbot.htm)"
157.55.39.110 - - [01/Oct/2021:07:14:08 +0200] "GET /images/big_prod/1345544960069.jpg HTTP/1.1" 200 82581 "-" "Mozilla/5.0 (compatible; bingbot/2.0; +http://www.bing.com/bingbot.htm)"
40.77.167.10 - - [01/Oct/2021:07:15:50 +0200] "GET /images/FB53550.jpg HTTP/1.1" 200 19321 "-" "Mozilla/5.0 (compatible; bingbot/2.0; +http://www.bing.com/bingbot.htm)"
66.249.64.83 - - [01/Oct/2021:07:17:31 +0200] "GET /images/big_prod/3700572754659.jpg HTTP/1.1" 200 86263 "-" "Googlebot-Image/1.0"
52.91.95.0 - - [01/Oct/2021:07:18:33 +0200] "GET /images/mini_prod/3661611901550.jpg HTTP/1.1" 200 7714 "-" "Mozilla/5.0 (X11; Ubuntu; Linux x86_64; rv:72.0) Gecko/20100101 Firefox/72.0"
207.46.13.54 - - [01/Oct/2021:07:19:53 +0200] "GET /images/med_prod/3609810034013.jpg HTTP/1.1" 200 98094 "-" "Mozilla/5.0 (compatible; bingbot/2.0; +http://www.bing.com/bingbot.htm)"
44.195.32.186 - - [01/Oct/2021:07:20:03 +0200] "GET /images/mini_prod/1399984241806.jpg HTTP/1.1" 200 5984 "-" "Mozilla/5.0 (X11; Ubuntu; Linux x86_64; rv:72.0) Gecko/20100101 Firefox/72.0"
40.77.167.65 - - [01/Oct/2021:07:21:20 +0200] "GET /images/big_prod/4029811369379B.jpg HTTP/1.1" 200 59042 "-" "Mozilla/5.0 (compatible; bingbot/2.0; +http://www.bing.com/bingbot.htm)"
66.249.64.83 - - [01/Oct/2021:07:21:27 +0200] "GET /images/mini_prod/3700281645453z.jpg HTTP/1.1" 200 10811 "-" "Googlebot-Image/1.0"
114.119.128.253 - - [01/Oct/2021:07:21:55 +0200] "GET /images/big_prod_1/3453131155731b.jpg HTTP/1.1" 200 165990 "-" "Mozilla/5.0 (Linux; Android 7.0;) AppleWebKit/537.36 (KHTML, like Gecko) Mobile Safari/537.36 (compatible; PetalBot;+https://webmaster.petalsearch.com/site/petalbot)"
17.121.112.15 - - [01/Oct/2021:07:24:32 +0200] "GET /images/big_prod_2/c3662498031859.jpg HTTP/1.1" 200 109597 "-" "Mozilla/5.0 (Macintosh; Intel Mac OS X 10_15_5) AppleWebKit/605.1.15 (KHTML, like Gecko) Version/13.1.1 Safari/605.1.15 (Applebot/0.1; +http://www.apple.com/go/applebot)"
3.234.226.228 - - [01/Oct/2021:07:25:56 +0200] "GET /images/mini_prod/4717115143022.jpg HTTP/1.1" 200 5268 "-" "Mozilla/5.0 (X11; Ubuntu; Linux x86_64; rv:72.0) Gecko/20100101 Firefox/72.0"
17.121.115.169 - - [01/Oct/2021:07:26:14 +0200] "GET /images/mini_prod/3609810022287.jpg HTTP/1.1" 200 9769 "-" "Mozilla/5.0 (Macintosh; Intel Mac OS X 10_15_5) AppleWebKit/605.1.15 (KHTML, like Gecko) Version/13.1.1 Safari/605.1.15 (Applebot/0.1; +http://www.apple.com/go/applebot)"
207.46.13.54 - - [01/Oct/2021:07:29:14 +0200] "GET /images/big_prod_1/8719497617616a.jpg HTTP/1.1" 200 77787 "-" "Mozilla/5.0 (compatible; bingbot/2.0; +http://www.bing.com/bingbot.htm)"
17.121.112.119 - - [01/Oct/2021:07:31:23 +0200] "GET /images/mini_prod/76001110TF.jpg HTTP/1.1" 200 5477 "-" "Mozilla/5.0 (Macintosh; Intel Mac OS X 10_15_5) AppleWebKit/605.1.15 (KHTML, like Gecko) Version/13.1.1 Safari/605.1.15 (Applebot/0.1; +http://www.apple.com/go/applebot)"
114.119.128.37 - - [01/Oct/2021:07:31:51 +0200] "GET /images/big_prod/8422001898820.jpg HTTP/1.1" 200 485127 "-" "Mozilla/5.0 (Linux; Android 7.0;) AppleWebKit/537.36 (KHTML, like Gecko) Mobile Safari/537.36 (compatible; PetalBot;+https://webmaster.petalsearch.com/site/petalbot)"
40.77.167.65 - - [01/Oct/2021:07:31:51 +0200] "GET /images/big_prod/3665269061055z.jpg HTTP/1.1" 200 208563 "-" "Mozilla/5.0 (compatible; bingbot/2.0; +http://www.bing.com/bingbot.htm)"
216.244.66.242 - - [01/Oct/2021:07:31:53 +0200] "GET /robots.txt HTTP/1.1" 200 2438 "-" "Mozilla/5.0 (compatible; DotBot/1.2; +https://opensiteexplorer.org/dotbot; help@moz.com)"
185.191.171.12 - - [01/Oct/2021:07:34:09 +0200] "GET /robots.txt HTTP/1.1" 200 2438 "-" "Mozilla/5.0 (compatible; SemrushBot/7~bl; +http://www.semrush.com/bot.html)"
66.249.64.83 - - [01/Oct/2021:07:35:59 +0200] "GET /images/mini_prod/1399984242711.jpg HTTP/1.1" 200 8123 "-" "Googlebot-Image/1.0"
114.119.157.231 - - [01/Oct/2021:07:36:36 +0200] "GET /js/jquery.jqzoom.js HTTP/1.1" 200 4761 "http://www.wonder-geek.com/pucca-towel-p-2355.html" "Mozilla/5.0 (Linux; Android 7.0;) AppleWebKit/537.36 (KHTML, like Gecko) Mobile Safari/537.36 (compatible; PetalBot;+https://webmaster.petalsearch.com/site/petalbot)"
114.119.157.231 - - [01/Oct/2021:07:36:36 +0200] "GET /mondial_relay/js/jquery-1.3.2.min.js HTTP/1.1" 200 57254 "http://www.wonder-geek.com/pucca-towel-p-2355.html" "Mozilla/5.0 (Linux; Android 7.0;) AppleWebKit/537.36 (KHTML, like Gecko) Mobile Safari/537.36 (compatible; PetalBot;+https://webmaster.petalsearch.com/site/petalbot)"
114.119.157.231 - - [01/Oct/2021:07:36:36 +0200] "GET /highslide/highslide.js HTTP/1.1" 200 42909 "http://www.wonder-geek.com/pucca-towel-p-2355.html" "Mozilla/5.0 (Linux; Android 7.0;) AppleWebKit/537.36 (KHTML, like Gecko) Mobile Safari/537.36 (compatible; PetalBot;+https://webmaster.petalsearch.com/site/petalbot)"
114.119.157.231 - - [01/Oct/2021:07:36:36 +0200] "GET /templates/Pixame_v1/stylesheet.css HTTP/1.1" 200 56057 "http://www.wonder-geek.com/pucca-towel-p-2355.html" "Mozilla/5.0 (Linux; Android 7.0;) AppleWebKit/537.36 (KHTML, like Gecko) Mobile Safari/537.36 (compatible; PetalBot;+https://webmaster.petalsearch.com/site/petalbot)"
114.119.157.231 - - [01/Oct/2021:07:36:37 +0200] "GET /js/jquery.js HTTP/1.1" 200 54075 "http://www.wonder-geek.com/pucca-towel-p-2355.html" "Mozilla/5.0 (Linux; Android 7.0;) AppleWebKit/537.36 (KHTML, like Gecko) Mobile Safari/537.36 (compatible; PetalBot;+https://webmaster.petalsearch.com/site/petalbot)"
52.91.95.0 - - [01/Oct/2021:07:39:43 +0200] "GET /images/mini_prod/1399984257043.jpg HTTP/1.1" 200 5962 "-" "Mozilla/5.0 (X11; Ubuntu; Linux x86_64; rv:72.0) Gecko/20100101 Firefox/72.0"
207.46.13.59 - - [01/Oct/2021:07:40:17 +0200] "GET /images/big_prod/8433933434178.jpg HTTP/1.1" 200 143823 "-" "Mozilla/5.0 (compatible; bingbot/2.0; +http://www.bing.com/bingbot.htm)"
40.77.167.65 - - [01/Oct/2021:07:41:22 +0200] "GET /images/big_prod/1384010184943.jpg HTTP/1.1" 200 93155 "-" "Mozilla/5.0 (compatible; bingbot/2.0; +http://www.bing.com/bingbot.htm)"
74.125.208.112 - - [01/Oct/2021:07:42:16 +0200] "GET /images/big_prod_1/8718375756010a.jpg HTTP/1.1" 200 125493 "-" "Mozilla/5.0 (Windows NT 5.1; rv:11.0) Gecko Firefox/11.0 (via ggpht.com GoogleImageProxy)"
77.88.5.17 - - [01/Oct/2021:07:44:13 +0200] "GET /images/big_prod/3521320631127.jpg HTTP/1.1" 200 58683 "-" "Mozilla/5.0 (compatible; YandexImages/3.0; +http://yandex.com/bots)"
66.249.64.82 - - [01/Oct/2021:07:44:23 +0200] "GET /images/big_prod/3565750290028.jpg HTTP/1.1" 200 40073 "-" "Googlebot-Image/1.0"
207.46.13.81 - - [01/Oct/2021:07:46:14 +0200] "GET /images/mini_prod/1300000022569.jpg HTTP/1.1" 200 6890 "-" "Mozilla/5.0 (compatible; bingbot/2.0; +http://www.bing.com/bingbot.htm)"
44.195.32.186 - - [01/Oct/2021:07:46:32 +0200] "GET /images/med_prod/3662468004678.jpg HTTP/1.1" 200 73082 "-" "Mozilla/5.0 (X11; Ubuntu; Linux x86_64; rv:72.0) Gecko/20100101 Firefox/72.0"
74.125.208.112 - - [01/Oct/2021:07:47:35 +0200] "GET /images/big_prod_1/3457010500704.jpg HTTP/1.1" 200 168041 "-" "Mozilla/5.0 (Windows NT 5.1; rv:11.0) Gecko Firefox/11.0 (via ggpht.com GoogleImageProxy)"
80.11.253.192 - - [01/Oct/2021:07:48:30 +0200] "GET /adminweb/includes/index.css HTTP/1.1" 200 1318 "http://www.wonder-geek.com/adminweb/login.php" "Mozilla/5.0 (Windows NT 10.0; Win64; x64; rv:92.0) Gecko/20100101 Firefox/92.0"
