80.11.253.192 - - [01/Oct/2021:07:48:30 +0200] "GET /adminweb/includes/stylesheet.css HTTP/1.1" 200 21750 "http://www.wonder-geek.com/adminweb/login.php" "Mozilla/5.0 (Windows NT 10.0; Win64; x64; rv:92.0) Gecko/20100101 Firefox/92.0"
80.11.253.192 - - [01/Oct/2021:07:48:30 +0200] "GET /adminweb/includes/javascript/helptip.js HTTP/1.1" 200 2949 "http://www.wonder-geek.com/adminweb/login.php" "Mozilla/5.0 (Windows NT 10.0; Win64; x64; rv:92.0) Gecko/20100101 Firefox/92.0"
80.11.253.192 - - [01/Oct/2021:07:48:30 +0200] "GET /adminweb/includes/languages/french/images/buttons/button_confirm.gif HTTP/1.1" 200 1090 "http://www.wonder-geek.com/adminweb/login.php" "Mozilla/5.0 (Windows NT 10.0; Win64; x64; rv:92.0) Gecko/20100101 Firefox/92.0"
80.11.253.192 - - [01/Oct/2021:07:48:30 +0200] "GET /adminweb/images/artoisweb.jpg HTTP/1.1" 200 38128 "http://www.wonder-geek.com/adminweb/login.php" "Mozilla/5.0 (Windows NT 10.0; Win64; x64; rv:92.0) Gecko/20100101 Firefox/92.0"
80.11.253.192 - - [01/Oct/2021:07:48:30 +0200] "GET /adminweb/images/logo_mini.png HTTP/1.1" 200 47706 "http://www.wonder-geek.com/adminweb/login.php" "Mozilla/5.0 (Windows NT 10.0; Win64; x64; rv:92.0) Gecko/20100101 Firefox/92.0"
80.11.253.192 - - [01/Oct/2021:07:48:30 +0200] "GET /favicon.ico HTTP/1.1" 200 1591 "http://www.wonder-geek.com/adminweb/login.php" "Mozilla/5.0 (Windows NT 10.0; Win64; x64; rv:92.0) Gecko/20100101 Firefox/92.0"
80.11.253.192 - - [01/Oct/2021:07:48:34 +0200] "GET /adminweb/includes/menu.js HTTP/1.1" 200 14657 "http://www.wonder-geek.com/adminweb/index.php" "Mozilla/5.0 (Windows NT 10.0; Win64; x64; rv:92.0) Gecko/20100101 Firefox/92.0"
80.11.253.192 - - [01/Oct/2021:07:48:34 +0200] "GET /adminweb/images/cre_header_slice.gif HTTP/1.1" 200 2862 "http://www.wonder-geek.com/adminweb/index.php" "Mozilla/5.0 (Windows NT 10.0; Win64; x64; rv:92.0) Gecko/20100101 Firefox/92.0"
80.11.253.192 - - [01/Oct/2021:07:48:37 +0200] "GET /adminweb/images/icons/icon_status_ok_colissimo.jpg HTTP/1.1" 200 2300 "http://www.wonder-geek.com/adminweb/orders.php" "Mozilla/5.0 (Windows NT 10.0; Win64; x64; rv:92.0) Gecko/20100101 Firefox/92.0"
80.11.253.192 - - [01/Oct/2021:07:48:37 +0200] "GET /adminweb/includes/languages/french/images/buttons/button_delete.gif HTTP/1.1" 200 1031 "http://www.wonder-geek.com/adminweb/orders.php" "Mozilla/5.0 (Windows NT 10.0; Win64; x64; rv:92.0) Gecko/20100101 Firefox/92.0"
80.11.253.192 - - [01/Oct/2021:07:48:37 +0200] "GET /adminweb/includes/languages/french/images/buttons/button_edit_status.gif HTTP/1.1" 200 1398 "http://www.wonder-geek.com/adminweb/orders.php" "Mozilla/5.0 (Windows NT 10.0; Win64; x64; rv:92.0) Gecko/20100101 Firefox/92.0"
80.11.253.192 - - [01/Oct/2021:07:48:37 +0200] "GET /adminweb/includes/languages/french/images/buttons/button_edit_order.gif HTTP/1.1" 200 1428 "http://www.wonder-geek.com/adminweb/orders.php" "Mozilla/5.0 (Windows NT 10.0; Win64; x64; rv:92.0) Gecko/20100101 Firefox/92.0"
80.11.253.192 - - [01/Oct/2021:07:48:37 +0200] "GET /adminweb/includes/languages/french/images/buttons/button_invoice.gif HTTP/1.1" 200 1398 "http://www.wonder-geek.com/adminweb/orders.php" "Mozilla/5.0 (Windows NT 10.0; Win64; x64; rv:92.0) Gecko/20100101 Firefox/92.0"
80.11.253.192 - - [01/Oct/2021:07:48:39 +0200] "GET /includes/modules/payment/paypal/images/paypal_logo.gif HTTP/1.1" 200 1180 "http://www.wonder-geek.com/adminweb/orders.php?page=1&oID=684&action=edit" "Mozilla/5.0 (Windows NT 10.0; Win64; x64; rv:92.0) Gecko/20100101 Firefox/92.0"
40.77.167.79 - - [01/Oct/2021:07:48:47 +0200] "GET /images/1399984220351.jpg HTTP/1.1" 200 21801 "-" "Mozilla/5.0 (compatible; bingbot/2.0; +http://www.bing.com/bingbot.htm)"
114.119.128.34 - - [01/Oct/2021:07:48:53 +0200] "GET /images/mini_prod/8422000089014B.jpg HTTP/1.1" 200 5418 "-" "Mozilla/5.0 (Linux; Android 7.0;) AppleWebKit/537.36 (KHTML, like Gecko) Mobile Safari/537.36 (compatible; PetalBot;+https://webmaster.petalsearch.com/site/petalbot)"
79.131.56.250 - - [01/Oct/2021:07:49:43 +0200] "GET /templates/Pixame_v1/stylesheet.css HTTP/1.1" 200 56057 "http://www.wonder-geek.com/dancer-ballerina-jewelry-phosphorescent-p-50832.html" "Mozilla/5.0 (Windows NT 6.1; Win64; x64) AppleWebKit/537.36 (KHTML, like Gecko) Chrome/94.0.4606.61 Safari/537.36"
79.131.56.250 - - [01/Oct/2021:07:49:43 +0200] "GET /highslide/highslide.js HTTP/1.1" 200 42909 "http://www.wonder-geek.com/dancer-ballerina-jewelry-phosphorescent-p-50832.html" "Mozilla/5.0 (Windows NT 6.1; Win64; x64) AppleWebKit/537.36 (KHTML, like Gecko) Chrome/94.0.4606.61 Safari/537.36"
79.131.56.250 - - [01/Oct/2021:07:49:43 +0200] "GET /js/jquery.jqzoom.js HTTP/1.1" 200 4761 "http://www.wonder-geek.com/dancer-ballerina-jewelry-phosphorescent-p-50832.html" "Mozilla/5.0 (Windows NT 6.1; Win64; x64) AppleWebKit/537.36 (KHTML, like Gecko) Chrome/94.0.4606.61 Safari/537.36"
79.131.56.250 - - [01/Oct/2021:07:49:43 +0200] "GET /js/jquery.js HTTP/1.1" 200 54075 "http://www.wonder-geek.com/dancer-ballerina-jewelry-phosphorescent-p-50832.html" "Mozilla/5.0 (Windows NT 6.1; Win64; x64) AppleWebKit/537.36 (KHTML, like Gecko) Chrome/94.0.4606.61 Safari/537.36"
79.131.56.250 - - [01/Oct/2021:07:49:43 +0200] "GET /mondial_relay/js/jquery-1.3.2.min.js HTTP/1.1" 200 57254 "http://www.wonder-geek.com/dancer-ballerina-jewelry-phosphorescent-p-50832.html" "Mozilla/5.0 (Windows NT 6.1; Win64; x64) AppleWebKit/537.36 (KHTML, like Gecko) Chrome/94.0.4606.61 Safari/537.36"
79.131.56.250 - - [01/Oct/2021:07:49:43 +0200] "GET /templates/Pixame_v1/images/icon_accueil2.png HTTP/1.1" 200 1137 "http://www.wonder-geek.com/dancer-ballerina-jewelry-phosphorescent-p-50832.html" "Mozilla/5.0 (Windows NT 6.1; Win64; x64) AppleWebKit/537.36 (KHTML, like Gecko) Chrome/94.0.4606.61 Safari/537.36"
79.131.56.250 - - [01/Oct/2021:07:49:43 +0200] "GET /images/big_prod/3457010500704a.jpg HTTP/1.1" 200 176692 "http://www.wonder-geek.com/dancer-ballerina-jewelry-phosphorescent-p-50832.html" "Mozilla/5.0 (Windows NT 6.1; Win64; x64) AppleWebKit/537.36 (KHTML, like Gecko) Chrome/94.0.4606.61 Safari/537.36"
79.131.56.250 - - [01/Oct/2021:07:49:43 +0200] "GET /templates/Pixame_v1/images/Bottom_texture.jpg HTTP/1.1" 200 56290 "http://www.wonder-geek.com/templates/Pixame_v1/stylesheet.css" "Mozilla/5.0 (Windows NT 6.1; Win64; x64) AppleWebKit/537.36 (KHTML, like Gecko) Chrome/94.0.4606.61 Safari/537.36"
79.131.56.250 - - [01/Oct/2021:07:49:44 +0200] "GET /templates/Pixame_v1/images/nav.png HTTP/1.1" 200 1283 "http://www.wonder-geek.com/templates/Pixame_v1/stylesheet.css" "Mozilla/5.0 (Windows NT 6.1; Win64; x64) AppleWebKit/537.36 (KHTML, like Gecko) Chrome/94.0.4606.61 Safari/537.36"
79.131.56.250 - - [01/Oct/2021:07:49:44 +0200] "GET /templates/Pixame_v1/images/header.png HTTP/1.1" 200 70245 "http://www.wonder-geek.com/templates/Pixame_v1/stylesheet.css" "Mozilla/5.0 (Windows NT 6.1; Win64; x64) AppleWebKit/537.36 (KHTML, like Gecko) Chrome/94.0.4606.61 Safari/537.36"
79.131.56.250 - - [01/Oct/2021:07:49:44 +0200] "GET /templates/Pixame_v1/images/header-object.png HTTP/1.1" 200 106050 "http://www.wonder-geek.com/templates/Pixame_v1/stylesheet.css" "Mozilla/5.0 (Windows NT 6.1; Win64; x64) AppleWebKit/537.36 (KHTML, like Gecko) Chrome/94.0.4606.61 Safari/537.36"
79.131.56.250 - - [01/Oct/2021:07:49:44 +0200] "GET /design/productsenstock.png HTTP/1.1" 200 4743 "http://www.wonder-geek.com/templates/Pixame_v1/stylesheet.css" "Mozilla/5.0 (Windows NT 6.1; Win64; x64) AppleWebKit/537.36 (KHTML, like Gecko) Chrome/94.0.4606.61 Safari/537.36"
79.131.56.250 - - [01/Oct/2021:07:49:44 +0200] "GET /templates/Pixame_v1/images/Middle_texture.jpg HTTP/1.1" 200 249620 "http://www.wonder-geek.com/templates/Pixame_v1/stylesheet.css" "Mozilla/5.0 (Windows NT 6.1; Win64; x64) AppleWebKit/537.36 (KHTML, like Gecko) Chrome/94.0.4606.61 Safari/537.36"
79.131.56.250 - - [01/Oct/2021:07:49:44 +0200] "GET /images/big_prod_1/3457010500704.jpg HTTP/1.1" 200 168041 "http://www.wonder-geek.com/dancer-ballerina-jewelry-phosphorescent-p-50832.html" "Mozilla/5.0 (Windows NT 6.1; Win64; x64) AppleWebKit/537.36 (KHTML, like Gecko) Chrome/94.0.4606.61 Safari/537.36"
79.131.56.250 - - [01/Oct/2021:07:49:44 +0200] "GET /templates/Pixame_v1/images/buttons/english/button_in_cart.gif HTTP/1.1" 200 1212 "http://www.wonder-geek.com/dancer-ballerina-jewelry-phosphorescent-p-50832.html" "Mozilla/5.0 (Windows NT 6.1; Win64; x64) AppleWebKit/537.36 (KHTML, like Gecko) Chrome/94.0.4606.61 Safari/537.36"
79.131.56.250 - - [01/Oct/2021:07:49:44 +0200] "GET /images/big_prod_2/3457010500704b.jpg HTTP/1.1" 200 138847 "http://www.wonder-geek.com/dancer-ballerina-jewelry-phosphorescent-p-50832.html" "Mozilla/5.0 (Windows NT 6.1; Win64; x64) AppleWebKit/537.36 (KHTML, like Gecko) Chrome/94.0.4606.61 Safari/537.36"
79.131.56.250 - - [01/Oct/2021:07:49:44 +0200] "GET /highslide/graphics/outlines/drop-shadow.png HTTP/1.1" 200 2022 "http://www.wonder-geek.com/dancer-ballerina-jewelry-phosphorescent-p-50832.html" "Mozilla/5.0 (Windows NT 6.1; Win64; x64) AppleWebKit/537.36 (KHTML, like Gecko) Chrome/94.0.4606.61 Safari/537.36"
79.131.56.250 - - [01/Oct/2021:07:49:44 +0200] "GET /favicon.ico HTTP/1.1" 200 1591 "http://www.wonder-geek.com/dancer-ballerina-jewelry-phosphorescent-p-50832.html" "Mozilla/5.0 (Windows NT 6.1; Win64; x64) AppleWebKit/537.36 (KHTML, like Gecko) Chrome/94.0.4606.61 Safari/537.36"
17.121.115.234 - - [01/Oct/2021:07:50:24 +0200] "GET /images/3619810008679.jpg HTTP/1.1" 200 40582 "-" "Mozilla/5.0 (Macintosh; Intel Mac OS X 10_15_5) AppleWebKit/605.1.15 (KHTML, like Gecko) Version/13.1.1 Safari/605.1.15 (Applebot/0.1; +http://www.apple.com/go/applebot)"
17.121.115.63 - - [01/Oct/2021:07:51:05 +0200] "GET /images/big_prod_1/8719497617777b.jpg HTTP/1.1" 200 67479 "-" "Mozilla/5.0 (Macintosh; Intel Mac OS X 10_15_5) AppleWebKit/605.1.15 (KHTML, like Gecko) Version/13.1.1 Safari/605.1.15 (Applebot/0.1; +http://www.apple.com/go/applebot)"
216.244.66.242 - - [01/Oct/2021:07:51:11 +0200] "GET /images/big_prod/chakra1.jpg HTTP/1.1" 200 112177 "-" "Mozilla/5.0 (compatible; DotBot/1.2; +https://opensiteexplorer.org/dotbot; help@moz.com)"
100.26.40.16 - - [01/Oct/2021:07:53:07 +0200] "GET /images/mini_prod/4895029627446.jpg HTTP/1.1" 200 5086 "-" "Mozilla/5.0 (X11; Ubuntu; Linux x86_64; rv:72.0) Gecko/20100101 Firefox/72.0"
114.119.128.37 - - [01/Oct/2021:07:54:10 +0200] "GET /images/mini_prod/3565750294019.jpg HTTP/1.1" 200 4564 "-" "Mozilla/5.0 (Linux; Android 7.0;) AppleWebKit/537.36 (KHTML, like Gecko) Mobile Safari/537.36 (compatible; PetalBot;+https://webmaster.petalsearch.com/site/petalbot)"
66.249.64.84 - - [01/Oct/2021:07:54:27 +0200] "GET /images/big_prod/3760233681632.jpg HTTP/1.1" 200 133220 "-" "Googlebot-Image/1.0"
40.77.167.79 - - [01/Oct/2021:07:55:59 +0200] "GET /images/4012390337143.jpg HTTP/1.1" 200 32260 "-" "Mozilla/5.0 (compatible; bingbot/2.0; +http://www.bing.com/bingbot.htm)"
207.46.13.3 - - [01/Oct/2021:07:56:34 +0200] "GET /images/big_prod/1328399139910.jpg HTTP/1.1" 200 67687 "-" "Mozilla/5.0 (compatible; bingbot/2.0; +http://www.bing.com/bingbot.htm)"
17.121.114.101 - - [01/Oct/2021:07:58:36 +0200] "GET /images/mini_prod/3609810071711.jpg HTTP/1.1" 200 8615 "-" "Mozilla/5.0 (Macintosh; Intel Mac OS X 10_15_5) AppleWebKit/605.1.15 (KHTML, like Gecko) Version/13.1.1 Safari/605.1.15 (Applebot/0.1; +http://www.apple.com/go/applebot)"
52.91.95.0 - - [01/Oct/2021:07:58:42 +0200] "GET /images/mini_prod/3438100326046.jpg HTTP/1.1" 200 5744 "-" "Mozilla/5.0 (X11; Ubuntu; Linux x86_64; rv:72.0) Gecko/20100101 Firefox/72.0"
77.88.5.17 - - [01/Oct/2021:07:59:34 +0200] "GET /robots.txt HTTP/1.1" 200 2438 "-" "Mozilla/5.0 (compatible; YandexBot/3.0; +http://yandex.com/bots)"
207.46.13.162 - - [01/Oct/2021:08:05:07 +0200] "GET /images/big_prod_1/8424346357284B.jpg HTTP/1.1" 200 359007 "-" "Mozilla/5.0 (compatible; bingbot/2.0; +http://www.bing.com/bingbot.htm)"
207.46.13.59 - - [01/Oct/2021:08:05:39 +0200] "GET /images/big_prod/8433933445907.jpg HTTP/1.1" 200 73641 "-" "Mozilla/5.0 (compatible; bingbot/2.0; +http://www.bing.com/bingbot.htm)"
3.234.226.228 - - [01/Oct/2021:08:05:57 +0200] "GET /images/mini_prod/8435306281082.jpg HTTP/1.1" 200 8278 "-" "Mozilla/5.0 (X11; Ubuntu; Linux x86_64; rv:72.0) Gecko/20100101 Firefox/72.0"
17.121.113.18 - - [01/Oct/2021:08:07:40 +0200] "GET /images/mini_prod/MUGBLANC010176.jpg HTTP/1.1" 200 3334 "-" "Mozilla/5.0 (Macintosh; Intel Mac OS X 10_15_5) AppleWebKit/605.1.15 (KHTML, like Gecko) Version/13.1.1 Safari/605.1.15 (Applebot/0.1; +http://www.apple.com/go/applebot)"
66.249.64.83 - - [01/Oct/2021:08:12:54 +0200] "GET /images/mini_prod/B8422017231710.jpg HTTP/1.1" 200 5640 "-" "Googlebot-Image/1.0"
66.249.85.122 - - [01/Oct/2021:08:15:14 +0200] "GET /images/big_prod/8718375756041.jpg HTTP/1.1" 200 111445 "-" "Mozilla/5.0 (Windows NT 5.1; rv:11.0) Gecko Firefox/11.0 (via ggpht.com GoogleImageProxy)"
44.195.32.186 - - [01/Oct/2021:08:15:35 +0200] "GET /images/big_prod/3014627830404.jpg HTTP/1.1" 200 104584 "-" "Mozilla/5.0 (X11; Ubuntu; Linux x86_64; rv:72.0) Gecko/20100101 Firefox/72.0"
52.91.95.0 - - [01/Oct/2021:08:16:32 +0200] "GET /images/mini_prod/3453131150064.jpg HTTP/1.1" 200 7303 "-" "Mozilla/5.0 (X11; Ubuntu; Linux x86_64; rv:72.0) Gecko/20100101 Firefox/72.0"
216.244.66.242 - - [01/Oct/2021:08:18:50 +0200] "GET /robots.txt HTTP/1.1" 200 2438 "-" "Mozilla/5.0 (compatible; DotBot/1.2; +https://opensiteexplorer.org/dotbot; help@moz.com)"
103.131.71.28 - - [01/Oct/2021:08:19:06 +0200] "GET /robots.txt HTTP/1.1" 200 2438 "-" "Mozilla/5.0 (compatible; coccocbot-image/1.0; +http://help.coccoc.com/searchengine)"
103.131.71.22 - - [01/Oct/2021:08:19:21 +0200] "GET /images/big_prod/4025055910704.jpg HTTP/1.1" 304 0 "-" "Mozilla/5.0 (compatible; coccocbot-image/1.0; +http://help.coccoc.com/searchengine)"
100.26.40.16 - - [01/Oct/2021:08:21:42 +0200] "GET /images/mini_prod/MUG-BLC-POLAROID.jpg HTTP/1.1" 200 6578 "-" "Mozilla/5.0 (X11; Ubuntu; Linux x86_64; rv:72.0) Gecko/20100101 Firefox/72.0"
3.234.226.228 - - [01/Oct/2021:08:25:00 +0200] "GET /images/mini_prod/8422702358005.jpg HTTP/1.1" 200 7233 "-" "Mozilla/5.0 (X11; Ubuntu; Linux x86_64; rv:72.0) Gecko/20100101 Firefox/72.0"
207.46.13.54 - - [01/Oct/2021:08:26:19 +0200] "GET /images/big_prod/8422092340062.jpg HTTP/1.1" 200 77738 "-" "Mozilla/5.0 (compatible; bingbot/2.0; +http://www.bing.com/bingbot.htm)"
185.191.171.21 - - [01/Oct/2021:08:28:00 +0200] "GET /robots.txt HTTP/1.1" 200 2438 "-" "Mozilla/5.0 (compatible; SemrushBot/7~bl; +http://www.semrush.com/bot.html)"
103.131.71.66 - - [01/Oct/2021:08:28:40 +0200] "GET /robots.txt HTTP/1.1" 200 2438 "-" "Mozilla/5.0 (compatible; coccocbot-web/1.0; +http://help.coccoc.com/searchengine)"
103.131.71.181 - - [01/Oct/2021:08:28:42 +0200] "GET /robots.txt HTTP/1.1" 200 2438 "-" "Mozilla/5.0 (compatible; coccocbot-web/1.0; +http://help.coccoc.com/searchengine)"
207.46.13.44 - - [01/Oct/2021:08:29:34 +0200] "GET /robots.txt HTTP/1.1" 200 2438 "-" "Mozilla/5.0 (compatible; bingbot/2.0; +http://www.bing.com/bingbot.htm)"
207.46.13.54 - - [01/Oct/2021:08:30:10 +0200] "GET /images/4029811317363.jpg HTTP/1.1" 200 136907 "-" "Mozilla/5.0 (compatible; bingbot/2.0; +http://www.bing.com/bingbot.htm)"
207.46.13.54 - - [01/Oct/2021:08:30:11 +0200] "GET /images/mini_prod/DSCN4075.gif HTTP/1.1" 200 5191 "-" "Mozilla/5.0 (compatible; bingbot/2.0; +http://www.bing.com/bingbot.htm)"
84.167.219.90 - - [01/Oct/2021:08:34:44 +0200] "GET /js/jquery.jqzoom.js HTTP/1.1" 200 4761 "http://www.wonder-geek.com/characters-sculpture-natural-wood-aluminum-p-55478.html" "Mozilla/5.0 (Linux; Android 11; SM-G998B Build/RP1A.200720.012; wv) AppleWebKit/537.36 (KHTML, like Gecko) Version/4.0 Chrome/94.0.4606.61 Mobile Safari/537.36"
84.167.219.90 - - [01/Oct/2021:08:34:44 +0200] "GET /templates/Pixame_v1/stylesheet.css HTTP/1.1" 200 56057 "http://www.wonder-geek.com/characters-sculpture-natural-wood-aluminum-p-55478.html" "Mozilla/5.0 (Linux; Android 11; SM-G998B Build/RP1A.200720.012; wv) AppleWebKit/537.36 (KHTML, like Gecko) Version/4.0 Chrome/94.0.4606.61 Mobile Safari/537.36"
84.167.219.90 - - [01/Oct/2021:08:34:44 +0200] "GET /highslide/highslide.js HTTP/1.1" 200 42909 "http://www.wonder-geek.com/characters-sculpture-natural-wood-aluminum-p-55478.html" "Mozilla/5.0 (Linux; Android 11; SM-G998B Build/RP1A.200720.012; wv) AppleWebKit/537.36 (KHTML, like Gecko) Version/4.0 Chrome/94.0.4606.61 Mobile Safari/537.36"
84.167.219.90 - - [01/Oct/2021:08:34:44 +0200] "GET /mondial_relay/js/jquery-1.3.2.min.js HTTP/1.1" 200 57254 "http://www.wonder-geek.com/characters-sculpture-natural-wood-aluminum-p-55478.html" "Mozilla/5.0 (Linux; Android 11; SM-G998B Build/RP1A.200720.012; wv) AppleWebKit/537.36 (KHTML, like Gecko) Version/4.0 Chrome/94.0.4606.61 Mobile Safari/537.36"
84.167.219.90 - - [01/Oct/2021:08:34:44 +0200] "GET /js/jquery.js HTTP/1.1" 200 54075 "http://www.wonder-geek.com/characters-sculpture-natural-wood-aluminum-p-55478.html" "Mozilla/5.0 (Linux; Android 11; SM-G998B Build/RP1A.200720.012; wv) AppleWebKit/537.36 (KHTML, like Gecko) Version/4.0 Chrome/94.0.4606.61 Mobile Safari/537.36"
84.167.219.90 - - [01/Oct/2021:08:34:44 +0200] "GET /templates/Pixame_v1/images/icon_accueil2.png HTTP/1.1" 200 1137 "http://www.wonder-geek.com/characters-sculpture-natural-wood-aluminum-p-55478.html" "Mozilla/5.0 (Linux; Android 11; SM-G998B Build/RP1A.200720.012; wv) AppleWebKit/537.36 (KHTML, like Gecko) Version/4.0 Chrome/94.0.4606.61 Mobile Safari/537.36"
84.167.219.90 - - [01/Oct/2021:08:34:44 +0200] "GET /templates/Pixame_v1/images/buttons/english/button_in_cart.gif HTTP/1.1" 200 1212 "http://www.wonder-geek.com/characters-sculpture-natural-wood-aluminum-p-55478.html" "Mozilla/5.0 (Linux; Android 11; SM-G998B Build/RP1A.200720.012; wv) AppleWebKit/537.36 (KHTML, like Gecko) Version/4.0 Chrome/94.0.4606.61 Mobile Safari/537.36"
84.167.219.90 - - [01/Oct/2021:08:34:44 +0200] "GET /templates/Pixame_v1/images/nav.png HTTP/1.1" 200 1283 "http://www.wonder-geek.com/templates/Pixame_v1/stylesheet.css" "Mozilla/5.0 (Linux; Android 11; SM-G998B Build/RP1A.200720.012; wv) AppleWebKit/537.36 (KHTML, like Gecko) Version/4.0 Chrome/94.0.4606.61 Mobile Safari/537.36"
84.167.219.90 - - [01/Oct/2021:08:34:44 +0200] "GET /templates/Pixame_v1/images/header.png HTTP/1.1" 200 70245 "http://www.wonder-geek.com/templates/Pixame_v1/stylesheet.css" "Mozilla/5.0 (Linux; Android 11; SM-G998B Build/RP1A.200720.012; wv) AppleWebKit/537.36 (KHTML, like Gecko) Version/4.0 Chrome/94.0.4606.61 Mobile Safari/537.36"
84.167.219.90 - - [01/Oct/2021:08:34:44 +0200] "GET /templates/Pixame_v1/images/header-object.png HTTP/1.1" 200 106050 "http://www.wonder-geek.com/templates/Pixame_v1/stylesheet.css" "Mozilla/5.0 (Linux; Android 11; SM-G998B Build/RP1A.200720.012; wv) AppleWebKit/537.36 (KHTML, like Gecko) Version/4.0 Chrome/94.0.4606.61 Mobile Safari/537.36"
84.167.219.90 - - [01/Oct/2021:08:34:44 +0200] "GET /design/productsenstock.png HTTP/1.1" 200 4743 "http://www.wonder-geek.com/templates/Pixame_v1/stylesheet.css" "Mozilla/5.0 (Linux; Android 11; SM-G998B Build/RP1A.200720.012; wv) AppleWebKit/537.36 (KHTML, like Gecko) Version/4.0 Chrome/94.0.4606.61 Mobile Safari/537.36"
84.167.219.90 - - [01/Oct/2021:08:34:44 +0200] "GET /templates/Pixame_v1/images/Bottom_texture.jpg HTTP/1.1" 200 56290 "http://www.wonder-geek.com/templates/Pixame_v1/stylesheet.css" "Mozilla/5.0 (Linux; Android 11; SM-G998B Build/RP1A.200720.012; wv) AppleWebKit/537.36 (KHTML, like Gecko) Version/4.0 Chrome/94.0.4606.61 Mobile Safari/537.36"
84.167.219.90 - - [01/Oct/2021:08:34:45 +0200] "GET /templates/Pixame_v1/images/Middle_texture.jpg HTTP/1.1" 200 249620 "http://www.wonder-geek.com/templates/Pixame_v1/stylesheet.css" "Mozilla/5.0 (Linux; Android 11; SM-G998B Build/RP1A.200720.012; wv) AppleWebKit/537.36 (KHTML, like Gecko) Version/4.0 Chrome/94.0.4606.61 Mobile Safari/537.36"
84.167.219.90 - - [01/Oct/2021:08:34:45 +0200] "GET /images/big_prod/5415203108999.jpg HTTP/1.1" 200 512176 "http://www.wonder-geek.com/characters-sculpture-natural-wood-aluminum-p-55478.html" "Mozilla/5.0 (Linux; Android 11; SM-G998B Build/RP1A.200720.012; wv) AppleWebKit/537.36 (KHTML, like Gecko) Version/4.0 Chrome/94.0.4606.61 Mobile Safari/537.36"
84.167.219.90 - - [01/Oct/2021:08:34:45 +0200] "GET /highslide/graphics/outlines/drop-shadow.png HTTP/1.1" 200 2022 "http://www.wonder-geek.com/characters-sculpture-natural-wood-aluminum-p-55478.html" "Mozilla/5.0 (Linux; Android 11; SM-G998B Build/RP1A.200720.012; wv) AppleWebKit/537.36 (KHTML, like Gecko) Version/4.0 Chrome/94.0.4606.61 Mobile Safari/537.36"
84.167.219.90 - - [01/Oct/2021:08:34:45 +0200] "GET /favicon.ico HTTP/1.1" 200 1591 "http://www.wonder-geek.com/characters-sculpture-natural-wood-aluminum-p-55478.html" "Mozilla/5.0 (Linux; Android 11; SM-G998B Build/RP1A.200720.012; wv) AppleWebKit/537.36 (KHTML, like Gecko) Version/4.0 Chrome/94.0.4606.61 Mobile Safari/537.36"
159.138.102.98 - - [01/Oct/2021:08:35:08 +0200] "GET /images/mini_prod/3665284220604.jpg HTTP/1.1" 200 6792 "-" "Mozilla/5.0 (Linux; Android 7.0;) AppleWebKit/537.36 (KHTML, like Gecko) Mobile Safari/537.36 (compatible; PetalBot;+https://webmaster.petalsearch.com/site/petalbot)"
207.46.13.54 - - [01/Oct/2021:08:35:20 +0200] "GET /images/med_prod/6942138911398.jpg HTTP/1.1" 200 104132 "-" "Mozilla/5.0 (compatible; bingbot/2.0; +http://www.bing.com/bingbot.htm)"
216.244.66.242 - - [01/Oct/2021:08:37:28 +0200] "GET /images/big_prod/7chakras.jpg HTTP/1.1" 200 102742 "-" "Mozilla/5.0 (compatible; DotBot/1.2; +https://opensiteexplorer.org/dotbot; help@moz.com)"
18.234.200.195 - - [01/Oct/2021:08:37:48 +0200] "GET /images/mini_prod/MISES-EN-SITUATION-03.jpg HTTP/1.1" 200 7442 "-" "Mozilla/5.0 (X11; Ubuntu; Linux x86_64; rv:72.0) Gecko/20100101 Firefox/72.0"
207.46.13.58 - - [01/Oct/2021:08:38:03 +0200] "GET /images/mini_prod/WD5549.gif HTTP/1.1" 200 9919 "-" "Mozilla/5.0 (compatible; bingbot/2.0; +http://www.bing.com/bingbot.htm)"
207.46.13.162 - - [01/Oct/2021:08:38:39 +0200] "GET /images/big_prod/3457019600023.jpg HTTP/1.1" 200 67615 "-" "Mozilla/5.0 (compatible; bingbot/2.0; +http://www.bing.com/bingbot.htm)"
114.119.128.40 - - [01/Oct/2021:08:40:24 +0200] "GET /images/big_prod_1/1367103004083a.jpg HTTP/1.1" 200 119714 "-" "Mozilla/5.0 (Linux; Android 7.0;) AppleWebKit/537.36 (KHTML, like Gecko) Mobile Safari/537.36 (compatible; PetalBot;+https://webmaster.petalsearch.com/site/petalbot)"
114.119.128.37 - - [01/Oct/2021:08:43:06 +0200] "GET /images/mini_prod/3453131148931.jpg HTTP/1.1" 200 4540 "-" "Mozilla/5.0 (Linux; Android 7.0;) AppleWebKit/537.36 (KHTML, like Gecko) Mobile Safari/537.36 (compatible; PetalBot;+https://webmaster.petalsearch.com/site/petalbot)"
18.234.200.195 - - [01/Oct/2021:08:43:32 +0200] "GET /images/mini_prod/3661443279476.jpg HTTP/1.1" 200 6434 "-" "Mozilla/5.0 (X11; Ubuntu; Linux x86_64; rv:72.0) Gecko/20100101 Firefox/72.0"
40.77.167.79 - - [01/Oct/2021:08:44:53 +0200] "GET /images/big_prod/4012390327366.jpg HTTP/1.1" 200 134672 "-" "Mozilla/5.0 (compatible; bingbot/2.0; +http://www.bing.com/bingbot.htm)"
207.46.13.54 - - [01/Oct/2021:08:45:11 +0200] "GET /images/DSCN4025n.jpg HTTP/1.1" 200 26476 "-" "Mozilla/5.0 (compatible; bingbot/2.0; +http://www.bing.com/bingbot.htm)"
40.77.167.65 - - [01/Oct/2021:08:46:09 +0200] "GET /images/big_prod/8433933220627.jpg HTTP/1.1" 200 140738 "-" "Mozilla/5.0 (compatible; bingbot/2.0; +http://www.bing.com/bingbot.htm)"
17.121.113.116 - - [01/Oct/2021:08:46:25 +0200] "GET /images/big_prod/8422002383769.jpg HTTP/1.1" 200 47763 "-" "Mozilla/5.0 (Macintosh; Intel Mac OS X 10_15_5) AppleWebKit/605.1.15 (KHTML, like Gecko) Version/13.1.1 Safari/605.1.15 (Applebot/0.1; +http://www.apple.com/go/applebot)"
44.192.45.143 - - [01/Oct/2021:08:46:42 +0200] "GET /images/1399984260098.jpg HTTP/1.1" 200 71517 "-" "Mozilla/5.0 (X11; Ubuntu; Linux x86_64; rv:72.0) Gecko/20100101 Firefox/72.0"
114.119.128.26 - - [01/Oct/2021:08:47:59 +0200] "GET /images/mini_prod/3503420095665.jpg HTTP/1.1" 200 4475 "-" "Mozilla/5.0 (Linux; Android 7.0;) AppleWebKit/537.36 (KHTML, like Gecko) Mobile Safari/537.36 (compatible; PetalBot;+https://webmaster.petalsearch.com/site/petalbot)"
114.119.128.39 - - [01/Oct/2021:08:50:39 +0200] "GET /images/big_prod/3700281647273.jpg HTTP/1.1" 200 130683 "-" "Mozilla/5.0 (Linux; Android 7.0;) AppleWebKit/537.36 (KHTML, like Gecko) Mobile Safari/537.36 (compatible; PetalBot;+https://webmaster.petalsearch.com/site/petalbot)"
207.46.13.162 - - [01/Oct/2021:08:52:20 +0200] "GET /images/DSCN3871chf.jpg HTTP/1.1" 200 47078 "-" "Mozilla/5.0 (compatible; bingbot/2.0; +http://www.bing.com/bingbot.htm)"
40.77.167.65 - - [01/Oct/2021:08:52:49 +0200] "GET /images/med_prod/8412906996820.jpg HTTP/1.1" 200 48418 "-" "Mozilla/5.0 (compatible; bingbot/2.0; +http://www.bing.com/bingbot.htm)"
159.138.102.98 - - [01/Oct/2021:08:53:11 +0200] "GET /images/mini_prod/3700572750583.jpg HTTP/1.1" 200 5725 "-" "Mozilla/5.0 (Linux; Android 7.0;) AppleWebKit/537.36 (KHTML, like Gecko) Mobile Safari/537.36 (compatible; PetalBot;+https://webmaster.petalsearch.com/site/petalbot)"
207.46.13.59 - - [01/Oct/2021:08:54:54 +0200] "GET /images/big_prod_1/3700230606221a.jpg HTTP/1.1" 200 101206 "-" "Mozilla/5.0 (compatible; bingbot/2.0; +http://www.bing.com/bingbot.htm)"
54.221.188.176 - - [01/Oct/2021:08:58:55 +0200] "GET /images/mini_prod/3014627830152.jpg HTTP/1.1" 200 5652 "-" "Mozilla/5.0 (X11; Ubuntu; Linux x86_64; rv:72.0) Gecko/20100101 Firefox/72.0"
80.11.253.192 - - [01/Oct/2021:09:03:31 +0200] "GET /adminweb/images/logo_mini.png HTTP/1.1" 200 47706 "http://www.wonder-geek.com/adminweb/login.php" "Mozilla/5.0 (Windows NT 10.0; Win64; x64; rv:92.0) Gecko/20100101 Firefox/92.0"
80.11.253.192 - - [01/Oct/2021:09:03:31 +0200] "GET /adminweb/images/artoisweb.jpg HTTP/1.1" 200 38128 "http://www.wonder-geek.com/adminweb/login.php" "Mozilla/5.0 (Windows NT 10.0; Win64; x64; rv:92.0) Gecko/20100101 Firefox/92.0"
80.11.253.192 - - [01/Oct/2021:09:03:31 +0200] "GET /adminweb/includes/languages/french/images/buttons/button_confirm.gif HTTP/1.1" 200 1090 "http://www.wonder-geek.com/adminweb/login.php" "Mozilla/5.0 (Windows NT 10.0; Win64; x64; rv:92.0) Gecko/20100101 Firefox/92.0"
80.11.253.192 - - [01/Oct/2021:09:03:34 +0200] "GET /adminweb/images/cre_header_slice.gif HTTP/1.1" 200 2862 "http://www.wonder-geek.com/adminweb/index.php" "Mozilla/5.0 (Windows NT 10.0; Win64; x64; rv:92.0) Gecko/20100101 Firefox/92.0"
80.11.253.192 - - [01/Oct/2021:09:03:44 +0200] "GET /adminweb/images/icons/icon_status_ok_colissimo.jpg HTTP/1.1" 200 2300 "http://www.wonder-geek.com/adminweb/orders.php" "Mozilla/5.0 (Windows NT 10.0; Win64; x64; rv:92.0) Gecko/20100101 Firefox/92.0"
80.11.253.192 - - [01/Oct/2021:09:03:44 +0200] "GET /adminweb/includes/languages/french/images/buttons/button_edit_status.gif HTTP/1.1" 200 1398 "http://www.wonder-geek.com/adminweb/orders.php" "Mozilla/5.0 (Windows NT 10.0; Win64; x64; rv:92.0) Gecko/20100101 Firefox/92.0"
80.11.253.192 - - [01/Oct/2021:09:03:44 +0200] "GET /adminweb/includes/languages/french/images/buttons/button_delete.gif HTTP/1.1" 200 1031 "http://www.wonder-geek.com/adminweb/orders.php" "Mozilla/5.0 (Windows NT 10.0; Win64; x64; rv:92.0) Gecko/20100101 Firefox/92.0"
80.11.253.192 - - [01/Oct/2021:09:03:44 +0200] "GET /adminweb/includes/languages/french/images/buttons/button_edit_order.gif HTTP/1.1" 200 1428 "http://www.wonder-geek.com/adminweb/orders.php" "Mozilla/5.0 (Windows NT 10.0; Win64; x64; rv:92.0) Gecko/20100101 Firefox/92.0"
80.11.253.192 - - [01/Oct/2021:09:03:44 +0200] "GET /adminweb/includes/languages/french/images/buttons/button_invoice.gif HTTP/1.1" 200 1398 "http://www.wonder-geek.com/adminweb/orders.php" "Mozilla/5.0 (Windows NT 10.0; Win64; x64; rv:92.0) Gecko/20100101 Firefox/92.0"
80.11.253.192 - - [01/Oct/2021:09:03:46 +0200] "GET /adminweb/print.css HTTP/1.1" 200 1565 "http://www.wonder-geek.com/adminweb/packingslip.php?oID=684" "Mozilla/5.0 (Windows NT 10.0; Win64; x64; rv:92.0) Gecko/20100101 Firefox/92.0"
80.11.253.192 - - [01/Oct/2021:09:03:46 +0200] "GET /images/mini_prod/8720088292488.jpg HTTP/1.1" 200 7864 "http://www.wonder-geek.com/adminweb/packingslip.php?oID=684" "Mozilla/5.0 (Windows NT 10.0; Win64; x64; rv:92.0) Gecko/20100101 Firefox/92.0"
80.11.253.192 - - [01/Oct/2021:09:03:46 +0200] "GET /adminweb/images/logo.gif HTTP/1.1" 200 17207 "http://www.wonder-geek.com/adminweb/packingslip.php?oID=684" "Mozilla/5.0 (Windows NT 10.0; Win64; x64; rv:92.0) Gecko/20100101 Firefox/92.0"
216.244.66.242 - - [01/Oct/2021:09:05:12 +0200] "GET /robots.txt HTTP/1.1" 200 2438 "-" "Mozilla/5.0 (compatible; DotBot/1.2; +https://opensiteexplorer.org/dotbot; help@moz.com)"
114.119.128.253 - - [01/Oct/2021:09:05:52 +0200] "GET /images/mini_prod/1399984235652.jpg HTTP/1.1" 200 13776 "-" "Mozilla/5.0 (Linux; Android 7.0;) AppleWebKit/537.36 (KHTML, like Gecko) Mobile Safari/537.36 (compatible; PetalBot;+https://webmaster.petalsearch.com/site/petalbot)"
54.221.188.176 - - [01/Oct/2021:09:06:46 +0200] "GET /images/mini_prod/3453131122429.jpg HTTP/1.1" 200 5704 "-" "Mozilla/5.0 (X11; Ubuntu; Linux x86_64; rv:72.0) Gecko/20100101 Firefox/72.0"
40.77.167.79 - - [01/Oct/2021:09:06:55 +0200] "GET /images/big_prod/8422057160018.jpg HTTP/1.1" 200 193054 "-" "Mozilla/5.0 (compatible; bingbot/2.0; +http://www.bing.com/bingbot.htm)"
207.46.13.3 - - [01/Oct/2021:09:08:30 +0200] "GET /images/5010065075092.jpg HTTP/1.1" 200 53154 "-" "Mozilla/5.0 (compatible; bingbot/2.0; +http://www.bing.com/bingbot.htm)"
207.46.13.3 - - [01/Oct/2021:09:08:31 +0200] "GET /images/big_prod/3700230605972.jpg HTTP/1.1" 200 83633 "-" "Mozilla/5.0 (compatible; bingbot/2.0; +http://www.bing.com/bingbot.htm)"
100.26.40.16 - - [01/Oct/2021:09:09:49 +0200] "GET /images/mini_prod/3457019600474a.jpg HTTP/1.1" 200 6540 "-" "Mozilla/5.0 (X11; Ubuntu; Linux x86_64; rv:72.0) Gecko/20100101 Firefox/72.0"
52.91.95.0 - - [01/Oct/2021:09:09:59 +0200] "GET /images/mini_prod/3457019604168.jpg HTTP/1.1" 200 9175 "-" "Mozilla/5.0 (X11; Ubuntu; Linux x86_64; rv:72.0) Gecko/20100101 Firefox/72.0"
77.88.5.17 - - [01/Oct/2021:09:10:08 +0200] "GET /images/mini_prod/8424346367368.jpg HTTP/1.1" 200 3966 "-" "Mozilla/5.0 (compatible; YandexImages/3.0; +http://yandex.com/bots)"
77.88.5.17 - - [01/Oct/2021:09:10:11 +0200] "GET /images/mini_prod/3760233683377.jpg HTTP/1.1" 200 5384 "-" "Mozilla/5.0 (compatible; YandexImages/3.0; +http://yandex.com/bots)"
77.88.5.17 - - [01/Oct/2021:09:10:13 +0200] "GET /images/mini_prod/8422015450816A.jpg HTTP/1.1" 200 5986 "-" "Mozilla/5.0 (compatible; YandexImages/3.0; +http://yandex.com/bots)"
77.88.5.17 - - [01/Oct/2021:09:10:15 +0200] "GET /images/mini_prod/1020322298564.jpg HTTP/1.1" 200 5937 "-" "Mozilla/5.0 (compatible; YandexImages/3.0; +http://yandex.com/bots)"
77.88.5.17 - - [01/Oct/2021:09:10:18 +0200] "GET /images/mini_prod/1491693217513.jpg HTTP/1.1" 200 7805 "-" "Mozilla/5.0 (compatible; YandexImages/3.0; +http://yandex.com/bots)"
77.88.5.17 - - [01/Oct/2021:09:10:20 +0200] "GET /images/mini_prod/8422015450502.jpg HTTP/1.1" 200 5985 "-" "Mozilla/5.0 (compatible; YandexImages/3.0; +http://yandex.com/bots)"
77.88.5.17 - - [01/Oct/2021:09:10:22 +0200] "GET /images/mini_prod/1491693170498.jpg HTTP/1.1" 200 8246 "-" "Mozilla/5.0 (compatible; YandexImages/3.0; +http://yandex.com/bots)"
17.121.112.196 - - [01/Oct/2021:09:10:34 +0200] "GET /images/med_prod/9316188046213.jpg HTTP/1.1" 200 58378 "-" "Mozilla/5.0 (Macintosh; Intel Mac OS X 10_15_5) AppleWebKit/605.1.15 (KHTML, like Gecko) Version/13.1.1 Safari/605.1.15 (Applebot/0.1; +http://www.apple.com/go/applebot)"
66.249.64.83 - - [01/Oct/2021:09:10:47 +0200] "GET /images/5702015124881.jpg HTTP/1.1" 200 187710 "-" "Googlebot-Image/1.0"
77.88.5.17 - - [01/Oct/2021:09:11:31 +0200] "GET /images/big_prod_4/8445146027979D.jpg HTTP/1.1" 200 255661 "-" "Mozilla/5.0 (compatible; YandexImages/3.0; +http://yandex.com/bots)"
77.88.5.234 - - [01/Oct/2021:09:11:33 +0200] "GET /images/big_prod_3/8445146027979C.jpg HTTP/1.1" 200 274993 "-" "Mozilla/5.0 (compatible; YandexImages/3.0; +http://yandex.com/bots)"
77.88.5.17 - - [01/Oct/2021:09:11:35 +0200] "GET /images/big_prod_2/8445146027979B.jpg HTTP/1.1" 200 319397 "-" "Mozilla/5.0 (compatible; YandexImages/3.0; +http://yandex.com/bots)"
77.88.5.234 - - [01/Oct/2021:09:11:36 +0200] "GET /images/big_prod/8445146027979.jpg HTTP/1.1" 200 123352 "-" "Mozilla/5.0 (compatible; YandexImages/3.0; +http://yandex.com/bots)"
77.88.5.17 - - [01/Oct/2021:09:11:38 +0200] "GET /images/big_prod_1/8445146027979A.jpg HTTP/1.1" 200 332241 "-" "Mozilla/5.0 (compatible; YandexImages/3.0; +http://yandex.com/bots)"
66.249.64.84 - - [01/Oct/2021:09:11:42 +0200] "GET /images/3453131053549.jpg HTTP/1.1" 200 32835 "-" "Googlebot-Image/1.0"
114.119.128.40 - - [01/Oct/2021:09:13:47 +0200] "GET /images/big_prod_1/1328399138975B.jpg HTTP/1.1" 200 49625 "-" "Mozilla/5.0 (Linux; Android 7.0;) AppleWebKit/537.36 (KHTML, like Gecko) Mobile Safari/537.36 (compatible; PetalBot;+https://webmaster.petalsearch.com/site/petalbot)"
114.119.128.26 - - [01/Oct/2021:09:16:24 +0200] "GET /images/big_prod/3540945601933.jpg HTTP/1.1" 200 121275 "-" "Mozilla/5.0 (Linux; Android 7.0;) AppleWebKit/537.36 (KHTML, like Gecko) Mobile Safari/537.36 (compatible; PetalBot;+https://webmaster.petalsearch.com/site/petalbot)"
17.121.114.216 - - [01/Oct/2021:09:17:33 +0200] "GET /images/1399984241462.jpg HTTP/1.1" 200 92158 "-" "Mozilla/5.0 (Macintosh; Intel Mac OS X 10_15_5) AppleWebKit/605.1.15 (KHTML, like Gecko) Version/13.1.1 Safari/605.1.15 (Applebot/0.1; +http://www.apple.com/go/applebot)"
114.119.128.26 - - [01/Oct/2021:09:19:19 +0200] "GET /images/mini_prod/8424346258154.jpg HTTP/1.1" 200 4913 "-" "Mozilla/5.0 (Linux; Android 7.0;) AppleWebKit/537.36 (KHTML, like Gecko) Mobile Safari/537.36 (compatible; PetalBot;+https://webmaster.petalsearch.com/site/petalbot)"
77.88.5.234 - - [01/Oct/2021:09:19:28 +0200] "GET /images/big_prod_1/1491693170498B.jpg HTTP/1.1" 200 426061 "-" "Mozilla/5.0 (compatible; YandexImages/3.0; +http://yandex.com/bots)"
77.88.5.17 - - [01/Oct/2021:09:19:29 +0200] "GET /images/big_prod_2/1491693170498C.jpg HTTP/1.1" 200 260111 "-" "Mozilla/5.0 (compatible; YandexImages/3.0; +http://yandex.com/bots)"
77.88.5.234 - - [01/Oct/2021:09:19:30 +0200] "GET /images/big_prod/1491693170498.jpg HTTP/1.1" 200 372890 "-" "Mozilla/5.0 (compatible; YandexImages/3.0; +http://yandex.com/bots)"
207.46.13.81 - - [01/Oct/2021:09:23:35 +0200] "GET /images/mini_prod/1384010204962.jpg HTTP/1.1" 200 4278 "-" "Mozilla/5.0 (compatible; bingbot/2.0; +http://www.bing.com/bingbot.htm)"
207.46.13.58 - - [01/Oct/2021:09:24:20 +0200] "GET /images/big_prod/8435337081958.jpg HTTP/1.1" 200 229083 "-" "Mozilla/5.0 (compatible; bingbot/2.0; +http://www.bing.com/bingbot.htm)"
18.234.200.195 - - [01/Oct/2021:09:25:13 +0200] "GET /images/mini_prod/3700276265598.jpg HTTP/1.1" 200 6925 "-" "Mozilla/5.0 (X11; Ubuntu; Linux x86_64; rv:72.0) Gecko/20100101 Firefox/72.0"
185.191.171.41 - - [01/Oct/2021:09:27:25 +0200] "GET /robots.txt HTTP/1.1" 200 2438 "-" "Mozilla/5.0 (compatible; SemrushBot/7~bl; +http://www.semrush.com/bot.html)"
92.154.31.53 - - [01/Oct/2021:09:30:08 +0200] "GET /images/mini_prod/8720088292488.jpg HTTP/1.1" 200 7864 "http://www.wonder-geek.com/adminweb/packingslip.php?page=1&action=edit&oID=684" "Mozilla/5.0 (Windows NT 6.1) AppleWebKit/537.36 (KHTML, like Gecko) Chrome/94.0.4606.61 Safari/537.36"
114.119.128.37 - - [01/Oct/2021:09:31:50 +0200] "GET /images/mini_prod/8435153884627.jpg HTTP/1.1" 200 3682 "-" "Mozilla/5.0 (Linux; Android 7.0;) AppleWebKit/537.36 (KHTML, like Gecko) Mobile Safari/537.36 (compatible; PetalBot;+https://webmaster.petalsearch.com/site/petalbot)"
40.77.167.10 - - [01/Oct/2021:09:38:24 +0200] "GET /images/mini_prod/4029811392605.jpg HTTP/1.1" 200 5161 "-" "Mozilla/5.0 (compatible; bingbot/2.0; +http://www.bing.com/bingbot.htm)"
40.77.167.79 - - [01/Oct/2021:09:40:08 +0200] "GET /images/big_prod/5415203926425.jpg HTTP/1.1" 200 47496 "-" "Mozilla/5.0 (compatible; bingbot/2.0; +http://www.bing.com/bingbot.htm)"
95.108.142.123 - - [01/Oct/2021:09:43:05 +0200] "GET /images/mini_prod/4007176122563.jpg HTTP/1.1" 200 5087 "-" "Mozilla/5.0 (X11; Ubuntu; Linux x86_64; rv:72.0) Gecko/20100101 Firefox/72.0"
64.233.173.253 - - [01/Oct/2021:09:43:43 +0200] "GET /images/big_prod_1/9316188076500N.jpg HTTP/1.1" 200 73286 "-" "Mozilla/5.0 (Windows NT 5.1; rv:11.0) Gecko Firefox/11.0 (via ggpht.com GoogleImageProxy)"
40.77.167.10 - - [01/Oct/2021:09:44:14 +0200] "GET /images/mini_prod/045544173797.gif HTTP/1.1" 200 8779 "-" "Mozilla/5.0 (compatible; bingbot/2.0; +http://www.bing.com/bingbot.htm)"
114.119.128.39 - - [01/Oct/2021:09:47:37 +0200] "GET /images/big_prod_1/3457019600498a.jpg HTTP/1.1" 200 122852 "-" "Mozilla/5.0 (Linux; Android 7.0;) AppleWebKit/537.36 (KHTML, like Gecko) Mobile Safari/537.36 (compatible; PetalBot;+https://webmaster.petalsearch.com/site/petalbot)"
74.125.208.112 - - [01/Oct/2021:09:48:22 +0200] "GET /images/big_prod/8422274804603B.jpg HTTP/1.1" 200 358101 "-" "Mozilla/5.0 (Windows NT 5.1; rv:11.0) Gecko Firefox/11.0 (via ggpht.com GoogleImageProxy)"
17.121.112.245 - - [01/Oct/2021:09:49:33 +0200] "GET /images/mini_prod/6953270923989.jpg HTTP/1.1" 200 6507 "-" "Mozilla/5.0 (Macintosh; Intel Mac OS X 10_15_5) AppleWebKit/605.1.15 (KHTML, like Gecko) Version/13.1.1 Safari/605.1.15 (Applebot/0.1; +http://www.apple.com/go/applebot)"
216.244.66.242 - - [01/Oct/2021:09:52:01 +0200] "GET /robots.txt HTTP/1.1" 200 2438 "-" "Mozilla/5.0 (compatible; DotBot/1.2; +https://opensiteexplorer.org/dotbot; help@moz.com)"
100.26.40.16 - - [01/Oct/2021:09:53:19 +0200] "GET /images/mini_prod/3700653593269.jpg HTTP/1.1" 200 6857 "-" "Mozilla/5.0 (X11; Ubuntu; Linux x86_64; rv:72.0) Gecko/20100101 Firefox/72.0"
95.108.142.123 - - [01/Oct/2021:09:54:27 +0200] "GET /images/mini_prod/78-4153.jpg HTTP/1.1" 200 7250 "-" "Mozilla/5.0 (X11; Ubuntu; Linux x86_64; rv:72.0) Gecko/20100101 Firefox/72.0"
114.119.128.26 - - [01/Oct/2021:09:57:20 +0200] "GET /images/big_prod_1/8424345302278D.jpg HTTP/1.1" 200 420093 "-" "Mozilla/5.0 (Linux; Android 7.0;) AppleWebKit/537.36 (KHTML, like Gecko) Mobile Safari/537.36 (compatible; PetalBot;+https://webmaster.petalsearch.com/site/petalbot)"
40.77.167.10 - - [01/Oct/2021:10:01:27 +0200] "GET /images/big_prod/8422065650020.jpg HTTP/1.1" 200 82661 "-" "Mozilla/5.0 (compatible; bingbot/2.0; +http://www.bing.com/bingbot.htm)"
207.46.13.3 - - [01/Oct/2021:10:02:25 +0200] "GET /images/med_prod/1645973339802.jpg HTTP/1.1" 200 55209 "-" "Mozilla/5.0 (compatible; bingbot/2.0; +http://www.bing.com/bingbot.htm)"
80.112.165.73 - - [01/Oct/2021:10:06:31 +0200] "GET /images/mini_prod/3520071651323B.jpg HTTP/1.1" 304 0 "http://www.wonder-geek.com/" "Mozilla/5.0 (iPhone; CPU iPhone OS 15_0 like Mac OS X) AppleWebKit/605.1.15 (KHTML, like Gecko) Version/15.0 Mobile/15E148 Safari/604.1"
80.112.165.73 - - [01/Oct/2021:10:06:31 +0200] "GET /images/mini_prod/3713572754666a.jpg HTTP/1.1" 304 0 "http://www.wonder-geek.com/" "Mozilla/5.0 (iPhone; CPU iPhone OS 15_0 like Mac OS X) AppleWebKit/605.1.15 (KHTML, like Gecko) Version/15.0 Mobile/15E148 Safari/604.1"
80.112.165.73 - - [01/Oct/2021:10:06:31 +0200] "GET /images/mini_prod/8718969178020.jpg HTTP/1.1" 304 0 "http://www.wonder-geek.com/" "Mozilla/5.0 (iPhone; CPU iPhone OS 15_0 like Mac OS X) AppleWebKit/605.1.15 (KHTML, like Gecko) Version/15.0 Mobile/15E148 Safari/604.1"
80.112.165.73 - - [01/Oct/2021:10:06:31 +0200] "GET /images/mini_prod/8422015449803C.jpg HTTP/1.1" 304 0 "http://www.wonder-geek.com/" "Mozilla/5.0 (iPhone; CPU iPhone OS 15_0 like Mac OS X) AppleWebKit/605.1.15 (KHTML, like Gecko) Version/15.0 Mobile/15E148 Safari/604.1"
80.112.165.73 - - [01/Oct/2021:10:06:31 +0200] "GET /images/mini_prod/8445148004770.jpg HTTP/1.1" 304 0 "http://www.wonder-geek.com/" "Mozilla/5.0 (iPhone; CPU iPhone OS 15_0 like Mac OS X) AppleWebKit/605.1.15 (KHTML, like Gecko) Version/15.0 Mobile/15E148 Safari/604.1"
80.112.165.73 - - [01/Oct/2021:10:06:31 +0200] "GET /images/mini_prod/3520071710631.jpg HTTP/1.1" 304 0 "http://www.wonder-geek.com/" "Mozilla/5.0 (iPhone; CPU iPhone OS 15_0 like Mac OS X) AppleWebKit/605.1.15 (KHTML, like Gecko) Version/15.0 Mobile/15E148 Safari/604.1"
80.112.165.73 - - [01/Oct/2021:10:06:31 +0200] "GET /images/mini_prod/8422015450809B.jpg HTTP/1.1" 304 0 "http://www.wonder-geek.com/" "Mozilla/5.0 (iPhone; CPU iPhone OS 15_0 like Mac OS X) AppleWebKit/605.1.15 (KHTML, like Gecko) Version/15.0 Mobile/15E148 Safari/604.1"
80.112.165.73 - - [01/Oct/2021:10:06:31 +0200] "GET /images/mini_prod/3700281653250.jpg HTTP/1.1" 304 0 "http://www.wonder-geek.com/" "Mozilla/5.0 (iPhone; CPU iPhone OS 15_0 like Mac OS X) AppleWebKit/605.1.15 (KHTML, like Gecko) Version/15.0 Mobile/15E148 Safari/604.1"
80.112.165.73 - - [01/Oct/2021:10:06:31 +0200] "GET /images/mini_prod/5415203864352.jpg HTTP/1.1" 304 0 "http://www.wonder-geek.com/" "Mozilla/5.0 (iPhone; CPU iPhone OS 15_0 like Mac OS X) AppleWebKit/605.1.15 (KHTML, like Gecko) Version/15.0 Mobile/15E148 Safari/604.1"
80.112.165.73 - - [01/Oct/2021:10:06:31 +0200] "GET /images/mini_prod/4250255840173.jpg HTTP/1.1" 304 0 "http://www.wonder-geek.com/" "Mozilla/5.0 (iPhone; CPU iPhone OS 15_0 like Mac OS X) AppleWebKit/605.1.15 (KHTML, like Gecko) Version/15.0 Mobile/15E148 Safari/604.1"
80.112.165.73 - - [01/Oct/2021:10:06:31 +0200] "GET /images/mini_prod/5400924108809.jpg HTTP/1.1" 304 0 "http://www.wonder-geek.com/" "Mozilla/5.0 (iPhone; CPU iPhone OS 15_0 like Mac OS X) AppleWebKit/605.1.15 (KHTML, like Gecko) Version/15.0 Mobile/15E148 Safari/604.1"
80.112.165.73 - - [01/Oct/2021:10:06:31 +0200] "GET /images/mini_prod/3713572754659a.jpg HTTP/1.1" 304 0 "http://www.wonder-geek.com/" "Mozilla/5.0 (iPhone; CPU iPhone OS 15_0 like Mac OS X) AppleWebKit/605.1.15 (KHTML, like Gecko) Version/15.0 Mobile/15E148 Safari/604.1"
80.112.165.73 - - [01/Oct/2021:10:06:31 +0200] "GET /images/mini_prod/8422015450816A.jpg HTTP/1.1" 304 0 "http://www.wonder-geek.com/" "Mozilla/5.0 (iPhone; CPU iPhone OS 15_0 like Mac OS X) AppleWebKit/605.1.15 (KHTML, like Gecko) Version/15.0 Mobile/15E148 Safari/604.1"
80.112.165.73 - - [01/Oct/2021:10:06:31 +0200] "GET /images/mini_prod/5400924016203.jpg HTTP/1.1" 304 0 "http://www.wonder-geek.com/" "Mozilla/5.0 (iPhone; CPU iPhone OS 15_0 like Mac OS X) AppleWebKit/605.1.15 (KHTML, like Gecko) Version/15.0 Mobile/15E148 Safari/604.1"
80.112.165.73 - - [01/Oct/2021:10:06:31 +0200] "GET /images/mini_prod/8445148011921.jpg HTTP/1.1" 304 0 "http://www.wonder-geek.com/" "Mozilla/5.0 (iPhone; CPU iPhone OS 15_0 like Mac OS X) AppleWebKit/605.1.15 (KHTML, like Gecko) Version/15.0 Mobile/15E148 Safari/604.1"
80.112.165.73 - - [01/Oct/2021:10:06:31 +0200] "GET /images/mini_prod/028399294886b.jpg HTTP/1.1" 304 0 "http://www.wonder-geek.com/" "Mozilla/5.0 (iPhone; CPU iPhone OS 15_0 like Mac OS X) AppleWebKit/605.1.15 (KHTML, like Gecko) Version/15.0 Mobile/15E148 Safari/604.1"
80.112.165.73 - - [01/Oct/2021:10:06:31 +0200] "GET /images/mini_prod/3760233681656a.jpg HTTP/1.1" 304 0 "http://www.wonder-geek.com/" "Mozilla/5.0 (iPhone; CPU iPhone OS 15_0 like Mac OS X) AppleWebKit/605.1.15 (KHTML, like Gecko) Version/15.0 Mobile/15E148 Safari/604.1"
80.112.165.73 - - [01/Oct/2021:10:06:31 +0200] "GET /images/mini_prod/3700572750415.jpg HTTP/1.1" 304 0 "http://www.wonder-geek.com/" "Mozilla/5.0 (iPhone; CPU iPhone OS 15_0 like Mac OS X) AppleWebKit/605.1.15 (KHTML, like Gecko) Version/15.0 Mobile/15E148 Safari/604.1"
80.112.165.73 - - [01/Oct/2021:10:06:31 +0200] "GET /images/mini_prod/8422015450526A.jpg HTTP/1.1" 304 0 "http://www.wonder-geek.com/" "Mozilla/5.0 (iPhone; CPU iPhone OS 15_0 like Mac OS X) AppleWebKit/605.1.15 (KHTML, like Gecko) Version/15.0 Mobile/15E148 Safari/604.1"
80.112.165.73 - - [01/Oct/2021:10:06:31 +0200] "GET /images/mini_prod/3760233682899.jpg HTTP/1.1" 304 0 "http://www.wonder-geek.com/" "Mozilla/5.0 (iPhone; CPU iPhone OS 15_0 like Mac OS X) AppleWebKit/605.1.15 (KHTML, like Gecko) Version/15.0 Mobile/15E148 Safari/604.1"
80.112.165.73 - - [01/Oct/2021:10:06:31 +0200] "GET /images/mini_prod/8424345987123.jpg HTTP/1.1" 304 0 "http://www.wonder-geek.com/" "Mozilla/5.0 (iPhone; CPU iPhone OS 15_0 like Mac OS X) AppleWebKit/605.1.15 (KHTML, like Gecko) Version/15.0 Mobile/15E148 Safari/604.1"
80.112.165.73 - - [01/Oct/2021:10:06:31 +0200] "GET /images/mini_prod/1491693171181.jpg HTTP/1.1" 304 0 "http://www.wonder-geek.com/" "Mozilla/5.0 (iPhone; CPU iPhone OS 15_0 like Mac OS X) AppleWebKit/605.1.15 (KHTML, like Gecko) Version/15.0 Mobile/15E148 Safari/604.1"
80.112.165.73 - - [01/Oct/2021:10:06:31 +0200] "GET /images/mini_prod/1328399138425.jpg HTTP/1.1" 304 0 "http://www.wonder-geek.com/" "Mozilla/5.0 (iPhone; CPU iPhone OS 15_0 like Mac OS X) AppleWebKit/605.1.15 (KHTML, like Gecko) Version/15.0 Mobile/15E148 Safari/604.1"
80.112.165.73 - - [01/Oct/2021:10:06:31 +0200] "GET /images/mini_prod/8719497617739.jpg HTTP/1.1" 304 0 "http://www.wonder-geek.com/" "Mozilla/5.0 (iPhone; CPU iPhone OS 15_0 like Mac OS X) AppleWebKit/605.1.15 (KHTML, like Gecko) Version/15.0 Mobile/15E148 Safari/604.1"
80.112.165.73 - - [01/Oct/2021:10:06:31 +0200] "GET /images/mini_prod/3520071821351.jpg HTTP/1.1" 304 0 "http://www.wonder-geek.com/" "Mozilla/5.0 (iPhone; CPU iPhone OS 15_0 like Mac OS X) AppleWebKit/605.1.15 (KHTML, like Gecko) Version/15.0 Mobile/15E148 Safari/604.1"
80.112.165.73 - - [01/Oct/2021:10:06:31 +0200] "GET /images/mini_prod/8424346225088.jpg HTTP/1.1" 304 0 "http://www.wonder-geek.com/" "Mozilla/5.0 (iPhone; CPU iPhone OS 15_0 like Mac OS X) AppleWebKit/605.1.15 (KHTML, like Gecko) Version/15.0 Mobile/15E148 Safari/604.1"
80.112.165.73 - - [01/Oct/2021:10:06:31 +0200] "GET /images/mini_prod/3520071777153.jpg HTTP/1.1" 304 0 "http://www.wonder-geek.com/" "Mozilla/5.0 (iPhone; CPU iPhone OS 15_0 like Mac OS X) AppleWebKit/605.1.15 (KHTML, like Gecko) Version/15.0 Mobile/15E148 Safari/604.1"
80.112.165.73 - - [01/Oct/2021:10:06:31 +0200] "GET /images/mini_prod/3713572754697a.jpg HTTP/1.1" 304 0 "http://www.wonder-geek.com/" "Mozilla/5.0 (iPhone; CPU iPhone OS 15_0 like Mac OS X) AppleWebKit/605.1.15 (KHTML, like Gecko) Version/15.0 Mobile/15E148 Safari/604.1"
80.112.165.73 - - [01/Oct/2021:10:06:31 +0200] "GET /images/mini_prod/3700281656459.jpg HTTP/1.1" 304 0 "http://www.wonder-geek.com/" "Mozilla/5.0 (iPhone; CPU iPhone OS 15_0 like Mac OS X) AppleWebKit/605.1.15 (KHTML, like Gecko) Version/15.0 Mobile/15E148 Safari/604.1"
80.112.165.73 - - [01/Oct/2021:10:06:31 +0200] "GET /images/mini_prod/8422018390614.jpg HTTP/1.1" 304 0 "http://www.wonder-geek.com/" "Mozilla/5.0 (iPhone; CPU iPhone OS 15_0 like Mac OS X) AppleWebKit/605.1.15 (KHTML, like Gecko) Version/15.0 Mobile/15E148 Safari/604.1"
80.112.165.73 - - [01/Oct/2021:10:06:31 +0200] "GET /images/mini_prod/8422015450519A.jpg HTTP/1.1" 304 0 "http://www.wonder-geek.com/" "Mozilla/5.0 (iPhone; CPU iPhone OS 15_0 like Mac OS X) AppleWebKit/605.1.15 (KHTML, like Gecko) Version/15.0 Mobile/15E148 Safari/604.1"
80.112.165.73 - - [01/Oct/2021:10:06:31 +0200] "GET /images/mini_prod/8445148004916.jpg HTTP/1.1" 304 0 "http://www.wonder-geek.com/" "Mozilla/5.0 (iPhone; CPU iPhone OS 15_0 like Mac OS X) AppleWebKit/605.1.15 (KHTML, like Gecko) Version/15.0 Mobile/15E148 Safari/604.1"
80.112.165.73 - - [01/Oct/2021:10:06:31 +0200] "GET /images/mini_prod/5400924162481.jpg HTTP/1.1" 304 0 "http://www.wonder-geek.com/" "Mozilla/5.0 (iPhone; CPU iPhone OS 15_0 like Mac OS X) AppleWebKit/605.1.15 (KHTML, like Gecko) Version/15.0 Mobile/15E148 Safari/604.1"
80.112.165.73 - - [01/Oct/2021:10:06:31 +0200] "GET /images/mini_prod/8422019441414.jpg HTTP/1.1" 304 0 "http://www.wonder-geek.com/" "Mozilla/5.0 (iPhone; CPU iPhone OS 15_0 like Mac OS X) AppleWebKit/605.1.15 (KHTML, like Gecko) Version/15.0 Mobile/15E148 Safari/604.1"
80.112.165.73 - - [01/Oct/2021:10:06:31 +0200] "GET /images/mini_prod/8720088297070.jpg HTTP/1.1" 304 0 "http://www.wonder-geek.com/" "Mozilla/5.0 (iPhone; CPU iPhone OS 15_0 like Mac OS X) AppleWebKit/605.1.15 (KHTML, like Gecko) Version/15.0 Mobile/15E148 Safari/604.1"
80.112.165.73 - - [01/Oct/2021:10:06:31 +0200] "GET /images/mini_prod/8422034611311.jpg HTTP/1.1" 304 0 "http://www.wonder-geek.com/" "Mozilla/5.0 (iPhone; CPU iPhone OS 15_0 like Mac OS X) AppleWebKit/605.1.15 (KHTML, like Gecko) Version/15.0 Mobile/15E148 Safari/604.1"
80.112.165.73 - - [01/Oct/2021:10:06:31 +0200] "GET /images/mini_prod/3520071824635.jpg HTTP/1.1" 304 0 "http://www.wonder-geek.com/" "Mozilla/5.0 (iPhone; CPU iPhone OS 15_0 like Mac OS X) AppleWebKit/605.1.15 (KHTML, like Gecko) Version/15.0 Mobile/15E148 Safari/604.1"
80.112.165.73 - - [01/Oct/2021:10:06:31 +0200] "GET /images/mini_prod/5400924159160.jpg HTTP/1.1" 304 0 "http://www.wonder-geek.com/" "Mozilla/5.0 (iPhone; CPU iPhone OS 15_0 like Mac OS X) AppleWebKit/605.1.15 (KHTML, like Gecko) Version/15.0 Mobile/15E148 Safari/604.1"
80.112.165.73 - - [01/Oct/2021:10:06:31 +0200] "GET /images/mini_prod/8422034611434b.jpg HTTP/1.1" 304 0 "http://www.wonder-geek.com/" "Mozilla/5.0 (iPhone; CPU iPhone OS 15_0 like Mac OS X) AppleWebKit/605.1.15 (KHTML, like Gecko) Version/15.0 Mobile/15E148 Safari/604.1"
80.112.165.73 - - [01/Oct/2021:10:06:31 +0200] "GET /images/mini_prod/8422015450502.jpg HTTP/1.1" 304 0 "http://www.wonder-geek.com/" "Mozilla/5.0 (iPhone; CPU iPhone OS 15_0 like Mac OS X) AppleWebKit/605.1.15 (KHTML, like Gecko) Version/15.0 Mobile/15E148 Safari/604.1"
80.112.165.73 - - [01/Oct/2021:10:06:31 +0200] "GET /images/mini_prod/5400924016197.jpg HTTP/1.1" 304 0 "http://www.wonder-geek.com/" "Mozilla/5.0 (iPhone; CPU iPhone OS 15_0 like Mac OS X) AppleWebKit/605.1.15 (KHTML, like Gecko) Version/15.0 Mobile/15E148 Safari/604.1"
