144.76.118.82 - - [06/Oct/2021:09:19:43 +0200] "GET /new-york-yankees-hobo-bag-p-26543.html HTTP/1.0" 301 70487 "-" "Mozilla/5.0 (compatible; MJ12bot/v1.4.8; http://mj12bot.com/)"
54.36.148.52 - - [06/Oct/2021:09:19:23 +0200] "GET /dishes-c-12.html HTTP/1.0" 200 91211 "-" "Mozilla/5.0 (compatible; AhrefsBot/7.0; +http://ahrefs.com/robot/)"
144.76.118.82 - - [06/Oct/2021:09:19:48 +0200] "GET /-p-26543.html HTTP/1.0" 200 70420 "-" "Mozilla/5.0 (compatible; MJ12bot/v1.4.8; http://mj12bot.com/)"
144.76.118.82 - - [06/Oct/2021:09:19:53 +0200] "GET /new-york-yankees-navy-bowling-bag-p-11594.html HTTP/1.0" 301 73574 "-" "Mozilla/5.0 (compatible; MJ12bot/v1.4.8; http://mj12bot.com/)"
144.76.118.82 - - [06/Oct/2021:09:20:01 +0200] "GET /york-yankees-navy-bowling-p-11594.html HTTP/1.0" 200 73482 "-" "Mozilla/5.0 (compatible; MJ12bot/v1.4.8; http://mj12bot.com/)"
144.76.118.82 - - [06/Oct/2021:09:20:07 +0200] "GET /new-york-yankees-retro-black-shoulder-bag-p-22238.html HTTP/1.0" 301 73556 "-" "Mozilla/5.0 (compatible; MJ12bot/v1.4.8; http://mj12bot.com/)"
40.77.167.10 - - [06/Oct/2021:09:20:12 +0200] "GET /images/big_prod/2791693067392.jpg HTTP/1.0" 200 268 "-" "Mozilla/5.0 (compatible; bingbot/2.0; +http://www.bing.com/bingbot.htm)"
144.76.118.82 - - [06/Oct/2021:09:20:14 +0200] "GET /york-yankees-retro-black-shoulder-p-22238.html HTTP/1.0" 200 73456 "-" "Mozilla/5.0 (compatible; MJ12bot/v1.4.8; http://mj12bot.com/)"
144.76.118.82 - - [06/Oct/2021:09:20:21 +0200] "GET /new-york-yankees-retro-black-shoulder-bag-p-22239.html HTTP/1.0" 301 70487 "-" "Mozilla/5.0 (compatible; MJ12bot/v1.4.8; http://mj12bot.com/)"
144.76.118.82 - - [06/Oct/2021:09:20:29 +0200] "GET /-p-22239.html HTTP/1.0" 200 70420 "-" "Mozilla/5.0 (compatible; MJ12bot/v1.4.8; http://mj12bot.com/)"
144.76.118.82 - - [06/Oct/2021:09:20:36 +0200] "GET /nici-horse-moon-plush-25-cm-p-35165.html HTTP/1.0" 301 70487 "-" "Mozilla/5.0 (compatible; MJ12bot/v1.4.8; http://mj12bot.com/)"
54.36.148.91 - - [06/Oct/2021:09:20:38 +0200] "GET /spiderman-straws-p-16546.html HTTP/1.0" 200 73234 "-" "Mozilla/5.0 (compatible; AhrefsBot/7.0; +http://ahrefs.com/robot/)"
144.76.118.82 - - [06/Oct/2021:09:20:43 +0200] "GET /-p-35165.html HTTP/1.0" 200 70420 "-" "Mozilla/5.0 (compatible; MJ12bot/v1.4.8; http://mj12bot.com/)"
144.76.118.82 - - [06/Oct/2021:09:20:48 +0200] "GET /nici-jolly-lynn-butterfly-plush-25-cm-p-35182.html HTTP/1.0" 301 70682 "-" "Mozilla/5.0 (compatible; MJ12bot/v1.4.8; http://mj12bot.com/)"
144.76.118.82 - - [06/Oct/2021:09:20:55 +0200] "GET /nici-jolly-lynn-butterfly-plush-p-35182.html HTTP/1.0" 200 70584 "-" "Mozilla/5.0 (compatible; MJ12bot/v1.4.8; http://mj12bot.com/)"
144.76.118.82 - - [06/Oct/2021:09:21:01 +0200] "GET /nici-jolly-lynn-butterfly-plush-p-35182.html HTTP/1.0" 200 70584 "-" "Mozilla/5.0 (compatible; MJ12bot/v1.4.8; http://mj12bot.com/)"
17.121.113.247 - - [06/Oct/2021:09:21:07 +0200] "GET /images/mini_prod/1384000000758.jpg HTTP/1.0" 200 269 "-" "Mozilla/5.0 (Macintosh; Intel Mac OS X 10_15_5) AppleWebKit/605.1.15 (KHTML, like Gecko) Version/13.1.1 Safari/605.1.15 (Applebot/0.1; +http://www.apple.com/go/applebot)"
144.76.118.82 - - [06/Oct/2021:09:21:07 +0200] "GET /nintendo-1up-mushroom-red-shirt-p-29608.html HTTP/1.0" 301 70487 "-" "Mozilla/5.0 (compatible; MJ12bot/v1.4.8; http://mj12bot.com/)"
144.76.118.82 - - [06/Oct/2021:09:21:13 +0200] "GET /-p-29608.html HTTP/1.0" 200 70420 "-" "Mozilla/5.0 (compatible; MJ12bot/v1.4.8; http://mj12bot.com/)"
144.76.118.82 - - [06/Oct/2021:09:21:19 +0200] "GET /nintendo-black-shirt-p-30197.html HTTP/1.0" 301 70487 "-" "Mozilla/5.0 (compatible; MJ12bot/v1.4.8; http://mj12bot.com/)"
144.76.118.82 - - [06/Oct/2021:09:21:26 +0200] "GET /-p-30197.html HTTP/1.0" 200 70420 "-" "Mozilla/5.0 (compatible; MJ12bot/v1.4.8; http://mj12bot.com/)"
216.244.66.242 - - [06/Oct/2021:09:21:31 +0200] "GET /robots.txt HTTP/1.0" 200 245 "-" "Mozilla/5.0 (compatible; DotBot/1.2; +https://opensiteexplorer.org/dotbot; help@moz.com)"
144.76.118.82 - - [06/Oct/2021:09:21:32 +0200] "GET /nintendo-black-shirt-p-30198.html HTTP/1.0" 301 70487 "-" "Mozilla/5.0 (compatible; MJ12bot/v1.4.8; http://mj12bot.com/)"
144.76.118.82 - - [06/Oct/2021:09:21:38 +0200] "GET /-p-30198.html HTTP/1.0" 200 70420 "-" "Mozilla/5.0 (compatible; MJ12bot/v1.4.8; http://mj12bot.com/)"
114.119.128.26 - - [06/Oct/2021:09:21:39 +0200] "GET /dancer-ballerina-jewelry-phosphorescent-p-50832.html HTTP/1.0" 200 74439 "-" "Mozilla/5.0 (Linux; Android 7.0;) AppleWebKit/537.36 (KHTML, like Gecko) Mobile Safari/537.36 (compatible; PetalBot;+https://webmaster.petalsearch.com/site/petalbot)"
144.76.118.82 - - [06/Oct/2021:09:21:44 +0200] "GET /nintendo-navy-blue-sports-bag-p-15823.html HTTP/1.0" 301 70487 "-" "Mozilla/5.0 (compatible; MJ12bot/v1.4.8; http://mj12bot.com/)"
144.76.118.82 - - [06/Oct/2021:09:21:49 +0200] "GET /-p-15823.html HTTP/1.0" 200 70420 "-" "Mozilla/5.0 (compatible; MJ12bot/v1.4.8; http://mj12bot.com/)"
54.36.149.50 - - [06/Oct/2021:09:21:54 +0200] "GET /burlap-round-table-love-p-51117.html HTTP/1.0" 200 73648 "-" "Mozilla/5.0 (compatible; AhrefsBot/7.0; +http://ahrefs.com/robot/)"
144.76.118.82 - - [06/Oct/2021:09:21:55 +0200] "GET /nintendo-power-up-sports-bag-p-10512.html HTTP/1.0" 301 70487 "-" "Mozilla/5.0 (compatible; MJ12bot/v1.4.8; http://mj12bot.com/)"
35.185.214.157 - - [06/Oct/2021:09:21:57 +0200] "GET /images/mini_prod/3660173176314.jpg HTTP/1.0" 200 269 "-" "Mozilla/5.0 (X11; Ubuntu; Linux x86_64; rv:72.0) Gecko/20100101 Firefox/72.0"
144.76.118.82 - - [06/Oct/2021:09:22:01 +0200] "GET /-p-10512.html HTTP/1.0" 200 70420 "-" "Mozilla/5.0 (compatible; MJ12bot/v1.4.8; http://mj12bot.com/)"
147.92.153.19 - - [06/Oct/2021:09:22:01 +0200] "GET /images/big_prod/1491693707748.jpg HTTP/1.0" 200 268 "-" "Mozilla/5.0 (compatible; Linespider/1.1; +https://lin.ee/4dwXkTH)"
144.76.118.82 - - [06/Oct/2021:09:22:07 +0200] "GET /nintendo-power-up-sports-bag-p-10513.html HTTP/1.0" 301 70487 "-" "Mozilla/5.0 (compatible; MJ12bot/v1.4.8; http://mj12bot.com/)"
185.191.171.38 - - [06/Oct/2021:09:22:12 +0200] "GET /jasmin-small-p-32293.html?action=add_product HTTP/1.0" 302 476 "-" "Mozilla/5.0 (compatible; SemrushBot/7~bl; +http://www.semrush.com/bot.html)"
144.76.118.82 - - [06/Oct/2021:09:22:12 +0200] "GET /-p-10513.html HTTP/1.0" 200 70420 "-" "Mozilla/5.0 (compatible; MJ12bot/v1.4.8; http://mj12bot.com/)"
144.76.118.82 - - [06/Oct/2021:09:22:18 +0200] "GET /nintendo-shirt-p-29600.html HTTP/1.0" 200 70487 "-" "Mozilla/5.0 (compatible; MJ12bot/v1.4.8; http://mj12bot.com/)"
101.33.33.164 - - [06/Oct/2021:09:22:21 +0200] "GET /images/mini_prod/8422666661500.jpg HTTP/1.0" 200 269 "-" "Mozilla/5.0 (X11; Ubuntu; Linux x86_64; rv:72.0) Gecko/20100101 Firefox/72.0"
144.76.118.82 - - [06/Oct/2021:09:22:23 +0200] "GET /nippon-doll-portfolio-p-27069.html HTTP/1.0" 200 73363 "-" "Mozilla/5.0 (compatible; MJ12bot/v1.4.8; http://mj12bot.com/)"
144.76.118.82 - - [06/Oct/2021:09:22:27 +0200] "GET /nitro-backpack-urban-classic-p-35709.html HTTP/1.0" 200 73470 "-" "Mozilla/5.0 (compatible; MJ12bot/v1.4.8; http://mj12bot.com/)"
144.76.118.82 - - [06/Oct/2021:09:22:33 +0200] "GET /nitro-backpack-urban-classic-red-40-cm-p-35709.html HTTP/1.0" 301 73565 "-" "Mozilla/5.0 (compatible; MJ12bot/v1.4.8; http://mj12bot.com/)"
144.76.118.82 - - [06/Oct/2021:09:22:39 +0200] "GET /nitro-backpack-urban-classic-p-35709.html HTTP/1.0" 200 73470 "-" "Mozilla/5.0 (compatible; MJ12bot/v1.4.8; http://mj12bot.com/)"
144.76.118.82 - - [06/Oct/2021:09:22:44 +0200] "GET /nodding-dog-p-28319.html HTTP/1.0" 301 70487 "-" "Mozilla/5.0 (compatible; MJ12bot/v1.4.8; http://mj12bot.com/)"
144.76.118.82 - - [06/Oct/2021:09:22:50 +0200] "GET /-p-28319.html HTTP/1.0" 200 70420 "-" "Mozilla/5.0 (compatible; MJ12bot/v1.4.8; http://mj12bot.com/)"
144.76.118.82 - - [06/Oct/2021:09:22:56 +0200] "GET /nodding-p-28319.html HTTP/1.0" 301 70487 "-" "Mozilla/5.0 (compatible; MJ12bot/v1.4.8; http://mj12bot.com/)"
144.76.118.82 - - [06/Oct/2021:09:23:02 +0200] "GET /-p-28319.html HTTP/1.0" 200 70420 "-" "Mozilla/5.0 (compatible; MJ12bot/v1.4.8; http://mj12bot.com/)"
185.191.171.2 - - [06/Oct/2021:09:23:03 +0200] "GET /home-decoration-c-13.html?page=60 HTTP/1.0" 200 92342 "-" "Mozilla/5.0 (compatible; SemrushBot/7~bl; +http://www.semrush.com/bot.html)"
144.76.118.82 - - [06/Oct/2021:09:23:07 +0200] "GET /noddy-stackable-wooden-toy-p-6657.html HTTP/1.0" 301 70484 "-" "Mozilla/5.0 (compatible; MJ12bot/v1.4.8; http://mj12bot.com/)"
54.36.148.18 - - [06/Oct/2021:09:23:10 +0200] "GET /brown-wood-p-55746.html HTTP/1.0" 200 73737 "-" "Mozilla/5.0 (compatible; AhrefsBot/7.0; +http://ahrefs.com/robot/)"
144.76.118.82 - - [06/Oct/2021:09:23:14 +0200] "GET /-p-6657.html HTTP/1.0" 200 70418 "-" "Mozilla/5.0 (compatible; MJ12bot/v1.4.8; http://mj12bot.com/)"
144.76.118.82 - - [06/Oct/2021:09:23:20 +0200] "GET /noddy-wooden-taxi-car-p-6639.html HTTP/1.0" 301 70484 "-" "Mozilla/5.0 (compatible; MJ12bot/v1.4.8; http://mj12bot.com/)"
144.76.118.82 - - [06/Oct/2021:09:23:27 +0200] "GET /-p-6639.html HTTP/1.0" 200 70418 "-" "Mozilla/5.0 (compatible; MJ12bot/v1.4.8; http://mj12bot.com/)"
144.76.118.82 - - [06/Oct/2021:09:23:33 +0200] "GET /obelisk-salt-lamp-p-53716.html HTTP/1.0" 200 74167 "-" "Mozilla/5.0 (compatible; MJ12bot/v1.4.8; http://mj12bot.com/)"
144.76.118.82 - - [06/Oct/2021:09:23:39 +0200] "GET /oceans-song-tinker-bell-figurine-collection-p-51406.html HTTP/1.0" 301 70487 "-" "Mozilla/5.0 (compatible; MJ12bot/v1.4.8; http://mj12bot.com/)"
144.76.118.82 - - [06/Oct/2021:09:23:46 +0200] "GET /-p-51406.html HTTP/1.0" 200 70420 "-" "Mozilla/5.0 (compatible; MJ12bot/v1.4.8; http://mj12bot.com/)"
54.36.148.241 - - [06/Oct/2021:09:23:47 +0200] "GET /mickey-mousse-marionette-figure-p-13010.html HTTP/1.0" 301 70487 "-" "Mozilla/5.0 (compatible; AhrefsBot/7.0; +http://ahrefs.com/robot/)"
144.76.118.82 - - [06/Oct/2021:09:23:52 +0200] "GET /olympique-de-marseille-pencil-case-p-36273.html HTTP/1.0" 301 70673 "-" "Mozilla/5.0 (compatible; MJ12bot/v1.4.8; http://mj12bot.com/)"
144.76.118.82 - - [06/Oct/2021:09:23:59 +0200] "GET /olympique-marseille-pencil-case-p-36273.html HTTP/1.0" 200 70575 "-" "Mozilla/5.0 (compatible; MJ12bot/v1.4.8; http://mj12bot.com/)"
66.249.64.84 - - [06/Oct/2021:09:24:04 +0200] "GET /sonny-angel-valentine-2020-series-figure-p-50987.html HTTP/1.0" 200 74698 "-" "Mozilla/5.0 (Linux; Android 6.0.1; Nexus 5X Build/MMB29P) AppleWebKit/537.36 (KHTML, like Gecko) Chrome/94.0.4606.61 Mobile Safari/537.36 (compatible; Googlebot/2.1; +http://www.google.com/bot.html)"
144.76.118.82 - - [06/Oct/2021:09:24:05 +0200] "GET /olympique-marseille-pencil-case-p-36273.html HTTP/1.0" 200 70575 "-" "Mozilla/5.0 (compatible; MJ12bot/v1.4.8; http://mj12bot.com/)"
144.76.118.82 - - [06/Oct/2021:09:24:11 +0200] "GET /orgone-pyramid-chakras-p-44267.html HTTP/1.0" 200 70502 "-" "Mozilla/5.0 (compatible; MJ12bot/v1.4.8; http://mj12bot.com/)"
144.76.118.82 - - [06/Oct/2021:09:24:18 +0200] "GET /orgone-pyramid-selenite-flower-life-p-44268.html HTTP/1.0" 200 74360 "-" "Mozilla/5.0 (compatible; MJ12bot/v1.4.8; http://mj12bot.com/)"
54.36.149.99 - - [06/Oct/2021:09:24:21 +0200] "GET /home-decoration-c-13.html?page=114 HTTP/1.0" 200 92912 "-" "Mozilla/5.0 (compatible; AhrefsBot/7.0; +http://ahrefs.com/robot/)"
144.76.118.82 - - [06/Oct/2021:09:24:24 +0200] "GET /orgone-pyramid-selenite-flower-of-life-p-44268.html HTTP/1.0" 301 74462 "-" "Mozilla/5.0 (compatible; MJ12bot/v1.4.8; http://mj12bot.com/)"
144.76.118.82 - - [06/Oct/2021:09:24:30 +0200] "GET /orgone-pyramid-selenite-flower-life-p-44268.html HTTP/1.0" 200 74360 "-" "Mozilla/5.0 (compatible; MJ12bot/v1.4.8; http://mj12bot.com/)"
207.46.13.54 - - [06/Oct/2021:09:24:35 +0200] "GET /images/mini_prod/8422101017602.jpg HTTP/1.0" 200 269 "-" "Mozilla/5.0 (compatible; bingbot/2.0; +http://www.bing.com/bingbot.htm)"
144.76.118.82 - - [06/Oct/2021:09:24:38 +0200] "GET /oval-carpet-90-cm-p-52537.html HTTP/1.0" 301 74039 "-" "Mozilla/5.0 (compatible; MJ12bot/v1.4.8; http://mj12bot.com/)"
144.76.118.82 - - [06/Oct/2021:09:24:45 +0200] "GET /oval-carpet-p-52537.html HTTP/1.0" 200 73961 "-" "Mozilla/5.0 (compatible; MJ12bot/v1.4.8; http://mj12bot.com/)"
185.191.171.26 - - [06/Oct/2021:09:24:45 +0200] "GET /little-prince-exupery-figurine-p-47471.html?action=add_product HTTP/1.0" 302 476 "-" "Mozilla/5.0 (compatible; SemrushBot/7~bl; +http://www.semrush.com/bot.html)"
144.76.118.82 - - [06/Oct/2021:09:24:52 +0200] "GET /oval-carpet-p-52537.html HTTP/1.0" 200 73961 "-" "Mozilla/5.0 (compatible; MJ12bot/v1.4.8; http://mj12bot.com/)"
144.76.118.82 - - [06/Oct/2021:09:24:59 +0200] "GET /owl-glass-lamp-33-cm-p-47224.html HTTP/1.0" 301 73732 "-" "Mozilla/5.0 (compatible; MJ12bot/v1.4.8; http://mj12bot.com/)"
144.76.118.82 - - [06/Oct/2021:09:25:05 +0200] "GET /glass-lamp-p-47224.html HTTP/1.0" 200 73655 "-" "Mozilla/5.0 (compatible; MJ12bot/v1.4.8; http://mj12bot.com/)"
144.76.118.82 - - [06/Oct/2021:09:25:13 +0200] "GET /owl-green-cushion-p-36804.html HTTP/1.0" 301 73177 "-" "Mozilla/5.0 (compatible; MJ12bot/v1.4.8; http://mj12bot.com/)"
114.119.128.26 - - [06/Oct/2021:09:25:15 +0200] "GET /dollar-by-cbkreation-mug-p-14046.html HTTP/1.0" 301 73127 "-" "Mozilla/5.0 (Linux; Android 7.0;) AppleWebKit/537.36 (KHTML, like Gecko) Mobile Safari/537.36 (compatible; PetalBot;+https://webmaster.petalsearch.com/site/petalbot)"
114.119.128.26 - - [06/Oct/2021:09:25:16 +0200] "GET /dollar-cbkreation-p-14046.html HTTP/1.0" 200 73043 "-" "Mozilla/5.0 (Linux; Android 7.0;) AppleWebKit/537.36 (KHTML, like Gecko) Mobile Safari/537.36 (compatible; PetalBot;+https://webmaster.petalsearch.com/site/petalbot)"
144.76.118.82 - - [06/Oct/2021:09:25:19 +0200] "GET /green-cushion-p-36804.html HTTP/1.0" 200 73097 "-" "Mozilla/5.0 (compatible; MJ12bot/v1.4.8; http://mj12bot.com/)"
144.76.118.82 - - [06/Oct/2021:09:25:25 +0200] "GET /owl-grey-led-keychains-p-32588.html HTTP/1.0" 301 73128 "-" "Mozilla/5.0 (compatible; MJ12bot/v1.4.8; http://mj12bot.com/)"
144.76.118.82 - - [06/Oct/2021:09:25:33 +0200] "GET /grey-keychains-p-32588.html HTTP/1.0" 200 73047 "-" "Mozilla/5.0 (compatible; MJ12bot/v1.4.8; http://mj12bot.com/)"
144.76.118.82 - - [06/Oct/2021:09:25:40 +0200] "GET /owl-saltshaker-and-pepper-pot-p-32784.html HTTP/1.0" 301 70616 "-" "Mozilla/5.0 (compatible; MJ12bot/v1.4.8; http://mj12bot.com/)"
185.191.171.10 - - [06/Oct/2021:09:25:43 +0200] "GET /treasure-box-tibetan-with-lotus-p-53341.html HTTP/1.0" 301 74769 "-" "Mozilla/5.0 (compatible; SemrushBot/7~bl; +http://www.semrush.com/bot.html)"
185.191.171.37 - - [06/Oct/2021:09:25:46 +0200] "GET /treasure-tibetan-with-lotus-p-53341.html HTTP/1.0" 200 74675 "-" "Mozilla/5.0 (compatible; SemrushBot/7~bl; +http://www.semrush.com/bot.html)"
54.36.148.196 - - [06/Oct/2021:09:25:47 +0200] "GET /decorative-cotton-heart-hang-home-p-55795.html HTTP/1.0" 200 74204 "-" "Mozilla/5.0 (compatible; AhrefsBot/7.0; +http://ahrefs.com/robot/)"
144.76.118.82 - - [06/Oct/2021:09:25:46 +0200] "GET /saltshaker-pepper-p-32784.html HTTP/1.0" 200 70532 "-" "Mozilla/5.0 (compatible; MJ12bot/v1.4.8; http://mj12bot.com/)"
144.76.118.82 - - [06/Oct/2021:09:25:52 +0200] "GET /owl-silver-statue-125-cm-p-35373.html HTTP/1.0" 301 70566 "-" "Mozilla/5.0 (compatible; MJ12bot/v1.4.8; http://mj12bot.com/)"
185.191.171.7 - - [06/Oct/2021:09:25:55 +0200] "GET /stones-rock-crystal-100-110-grams-p-46609.html HTTP/1.0" 301 74563 "-" "Mozilla/5.0 (compatible; SemrushBot/7~bl; +http://www.semrush.com/bot.html)"
185.191.171.4 - - [06/Oct/2021:09:25:58 +0200] "GET /stones-rock-crystal-grams-p-46609.html HTTP/1.0" 200 74471 "-" "Mozilla/5.0 (compatible; SemrushBot/7~bl; +http://www.semrush.com/bot.html)"
144.76.118.82 - - [06/Oct/2021:09:25:58 +0200] "GET /silver-statue-p-35373.html HTTP/1.0" 200 70486 "-" "Mozilla/5.0 (compatible; MJ12bot/v1.4.8; http://mj12bot.com/)"
144.76.118.82 - - [06/Oct/2021:09:26:04 +0200] "GET /owl-tisaniere-with-metal-infuser-mod-p-36546.html HTTP/1.0" 301 70487 "-" "Mozilla/5.0 (compatible; MJ12bot/v1.4.8; http://mj12bot.com/)"
144.76.118.82 - - [06/Oct/2021:09:26:10 +0200] "GET /-p-36546.html HTTP/1.0" 200 70420 "-" "Mozilla/5.0 (compatible; MJ12bot/v1.4.8; http://mj12bot.com/)"
144.76.118.82 - - [06/Oct/2021:09:26:16 +0200] "GET /owls-mug-p-27604.html HTTP/1.0" 301 70505 "-" "Mozilla/5.0 (compatible; MJ12bot/v1.4.8; http://mj12bot.com/)"
144.76.118.82 - - [06/Oct/2021:09:26:23 +0200] "GET /owls-p-27604.html HTTP/1.0" 200 70434 "-" "Mozilla/5.0 (compatible; MJ12bot/v1.4.8; http://mj12bot.com/)"
185.191.171.6 - - [06/Oct/2021:09:26:27 +0200] "GET /resin-buddha-candle-holder-p-50121.html?action=add_product HTTP/1.0" 302 476 "-" "Mozilla/5.0 (compatible; SemrushBot/7~bl; +http://www.semrush.com/bot.html)"
144.76.118.82 - - [06/Oct/2021:09:26:30 +0200] "GET /owls-mug-p-27605.html HTTP/1.0" 301 70514 "-" "Mozilla/5.0 (compatible; MJ12bot/v1.4.8; http://mj12bot.com/)"
144.76.118.82 - - [06/Oct/2021:09:26:38 +0200] "GET /owls-p-27605.html HTTP/1.0" 200 70443 "-" "Mozilla/5.0 (compatible; MJ12bot/v1.4.8; http://mj12bot.com/)"
144.76.118.82 - - [06/Oct/2021:09:26:44 +0200] "GET /owls-mug-p-27606.html HTTP/1.0" 301 72976 "-" "Mozilla/5.0 (compatible; MJ12bot/v1.4.8; http://mj12bot.com/)"
144.76.118.82 - - [06/Oct/2021:09:26:49 +0200] "GET /owls-p-27606.html HTTP/1.0" 200 72905 "-" "Mozilla/5.0 (compatible; MJ12bot/v1.4.8; http://mj12bot.com/)"
144.76.118.82 - - [06/Oct/2021:09:26:55 +0200] "GET /owls-p-27604.html HTTP/1.0" 200 70434 "-" "Mozilla/5.0 (compatible; MJ12bot/v1.4.8; http://mj12bot.com/)"
144.76.118.82 - - [06/Oct/2021:09:27:01 +0200] "GET /owls-p-27605.html HTTP/1.0" 200 70443 "-" "Mozilla/5.0 (compatible; MJ12bot/v1.4.8; http://mj12bot.com/)"
185.191.171.45 - - [06/Oct/2021:09:27:06 +0200] "GET /ethnic-style-burlap-table-p-48447.html HTTP/1.0" 200 70510 "-" "Mozilla/5.0 (compatible; SemrushBot/7~bl; +http://www.semrush.com/bot.html)"
144.76.118.82 - - [06/Oct/2021:09:27:08 +0200] "GET /owls-p-27606.html HTTP/1.0" 200 72905 "-" "Mozilla/5.0 (compatible; MJ12bot/v1.4.8; http://mj12bot.com/)"
144.76.118.82 - - [06/Oct/2021:09:27:12 +0200] "GET /pairs-socks-size-p-25679.html HTTP/1.0" 200 70545 "-" "Mozilla/5.0 (compatible; MJ12bot/v1.4.8; http://mj12bot.com/)"
66.249.64.83 - - [06/Oct/2021:09:27:14 +0200] "GET /cobra-resin-decoration-statuette-p-53683.html HTTP/1.0" 200 73220 "-" "Mozilla/5.0 (Linux; Android 6.0.1; Nexus 5X Build/MMB29P) AppleWebKit/537.36 (KHTML, like Gecko) Chrome/94.0.4606.61 Mobile Safari/537.36 (compatible; Googlebot/2.1; +http://www.google.com/bot.html)"
40.77.167.77 - - [06/Oct/2021:09:27:15 +0200] "GET /images/mini_prod/3574640159659.jpg HTTP/1.0" 200 269 "-" "Mozilla/5.0 (compatible; bingbot/2.0; +http://www.bing.com/bingbot.htm)"
144.76.118.82 - - [06/Oct/2021:09:27:17 +0200] "GET /panther-silver-lamp-53-cm-p-46372.html HTTP/1.0" 301 70584 "-" "Mozilla/5.0 (compatible; MJ12bot/v1.4.8; http://mj12bot.com/)"
144.76.118.82 - - [06/Oct/2021:09:27:25 +0200] "GET /panther-silver-lamp-p-46372.html HTTP/1.0" 200 70498 "-" "Mozilla/5.0 (compatible; MJ12bot/v1.4.8; http://mj12bot.com/)"
54.36.148.151 - - [06/Oct/2021:09:27:25 +0200] "GET /santa-sleigh-saucer-p-56236.html HTTP/1.0" 200 73112 "-" "Mozilla/5.0 (compatible; AhrefsBot/7.0; +http://ahrefs.com/robot/)"
144.76.118.82 - - [06/Oct/2021:09:27:31 +0200] "GET /panther-silver-lamp-57-cm-p-46372.html HTTP/1.0" 301 70584 "-" "Mozilla/5.0 (compatible; MJ12bot/v1.4.8; http://mj12bot.com/)"
144.76.118.82 - - [06/Oct/2021:09:27:36 +0200] "GET /panther-silver-lamp-p-46372.html HTTP/1.0" 200 70498 "-" "Mozilla/5.0 (compatible; MJ12bot/v1.4.8; http://mj12bot.com/)"
144.76.118.82 - - [06/Oct/2021:09:27:41 +0200] "GET /panther-silver-lamp-p-46372.html HTTP/1.0" 200 70498 "-" "Mozilla/5.0 (compatible; MJ12bot/v1.4.8; http://mj12bot.com/)"
144.76.118.82 - - [06/Oct/2021:09:27:46 +0200] "GET /paper-fiber-table-lamp-p-53920.html HTTP/1.0" 200 73934 "-" "Mozilla/5.0 (compatible; MJ12bot/v1.4.8; http://mj12bot.com/)"
185.191.171.21 - - [06/Oct/2021:09:27:52 +0200] "GET /owl-gold-statue-15-cm-p-40200.html HTTP/1.0" 301 70552 "-" "Mozilla/5.0 (compatible; SemrushBot/7~bl; +http://www.semrush.com/bot.html)"
144.76.118.82 - - [06/Oct/2021:09:27:53 +0200] "GET /paris-aime-small-tray-p-18985.html HTTP/1.0" 200 73272 "-" "Mozilla/5.0 (compatible; MJ12bot/v1.4.8; http://mj12bot.com/)"
5.255.253.134 - - [06/Oct/2021:09:27:53 +0200] "GET /images/mini_prod/3760233681625a.jpg HTTP/1.0" 200 270 "-" "Mozilla/5.0 (compatible; YandexImages/3.0; +http://yandex.com/bots)"
185.191.171.37 - - [06/Oct/2021:09:27:54 +0200] "GET /gold-statue-p-40200.html HTTP/1.0" 200 70474 "-" "Mozilla/5.0 (compatible; SemrushBot/7~bl; +http://www.semrush.com/bot.html)"
144.76.118.82 - - [06/Oct/2021:09:27:58 +0200] "GET /paris-cushion-p-24499.html HTTP/1.0" 200 70462 "-" "Mozilla/5.0 (compatible; MJ12bot/v1.4.8; http://mj12bot.com/)"
144.76.118.82 - - [06/Oct/2021:09:28:04 +0200] "GET /paris-je-aime-small-tray-p-18985.html HTTP/1.0" 301 73360 "-" "Mozilla/5.0 (compatible; MJ12bot/v1.4.8; http://mj12bot.com/)"
51.68.224.127 - - [06/Oct/2021:09:28:08 +0200] "GET /adminweb/export_orders_xml.php?token=256de2z6edz6ed2z6DFSFsed2zed6zeDSFDSGdzedezfzf&maxorders=10&orderstart=1&status=14&start_date=2018-10-01 HTTP/1.0" 200 285 "-" "GesCom CharlotteBoutik Serveur"
51.68.224.127 - - [06/Oct/2021:09:28:08 +0200] "GET /adminweb/export_orders_xml.php?token=256de2z6edz6ed2z6DFSFsed2zed6zeDSFDSGdzedezfzf&maxorders=10&orderstart=1&status=6&start_date=2018-10-01 HTTP/1.0" 200 32573 "-" "GesCom CharlotteBoutik Serveur"
144.76.118.82 - - [06/Oct/2021:09:28:09 +0200] "GET /paris-aime-small-tray-p-18985.html HTTP/1.0" 200 73272 "-" "Mozilla/5.0 (compatible; MJ12bot/v1.4.8; http://mj12bot.com/)"
144.76.118.82 - - [06/Oct/2021:09:28:14 +0200] "GET /paris-pink-companion-wallet-p-38622.html HTTP/1.0" 200 73806 "-" "Mozilla/5.0 (compatible; MJ12bot/v1.4.8; http://mj12bot.com/)"
144.76.118.82 - - [06/Oct/2021:09:28:19 +0200] "GET /paris-red-cushion-40-40-cm-p-36899.html HTTP/1.0" 301 70487 "-" "Mozilla/5.0 (compatible; MJ12bot/v1.4.8; http://mj12bot.com/)"
144.76.118.82 - - [06/Oct/2021:09:28:26 +0200] "GET /-p-36899.html HTTP/1.0" 200 70420 "-" "Mozilla/5.0 (compatible; MJ12bot/v1.4.8; http://mj12bot.com/)"
144.76.118.82 - - [06/Oct/2021:09:28:32 +0200] "GET /paris-tour-eiffel-signature-by-cbk-small-cushion-30-cm-p-17240.html HTTP/1.0" 301 70487 "-" "Mozilla/5.0 (compatible; MJ12bot/v1.4.8; http://mj12bot.com/)"
144.76.118.82 - - [06/Oct/2021:09:28:38 +0200] "GET /-p-17240.html HTTP/1.0" 200 70420 "-" "Mozilla/5.0 (compatible; MJ12bot/v1.4.8; http://mj12bot.com/)"
144.76.118.82 - - [06/Oct/2021:09:28:44 +0200] "GET /paris-tour-eiffel-signature-by-cbkreation-small-cushion-30-cm-p-17240.html HTTP/1.0" 301 70487 "-" "Mozilla/5.0 (compatible; MJ12bot/v1.4.8; http://mj12bot.com/)"
144.76.118.82 - - [06/Oct/2021:09:28:50 +0200] "GET /-p-17240.html HTTP/1.0" 200 70420 "-" "Mozilla/5.0 (compatible; MJ12bot/v1.4.8; http://mj12bot.com/)"
185.191.171.45 - - [06/Oct/2021:09:28:51 +0200] "GET /backpack-p-55759.html HTTP/1.0" 200 73905 "-" "Mozilla/5.0 (compatible; SemrushBot/7~bl; +http://www.semrush.com/bot.html)"
54.36.148.13 - - [06/Oct/2021:09:28:53 +0200] "GET /corsica-tour-placemat-p-49722.html HTTP/1.0" 200 73221 "-" "Mozilla/5.0 (compatible; AhrefsBot/7.0; +http://ahrefs.com/robot/)"
144.76.118.82 - - [06/Oct/2021:09:28:55 +0200] "GET /paris-tray-p-17225.html HTTP/1.0" 200 70461 "-" "Mozilla/5.0 (compatible; MJ12bot/v1.4.8; http://mj12bot.com/)"
114.119.128.40 - - [06/Oct/2021:09:28:56 +0200] "GET /images/big_prod/8422013545408.jpg HTTP/1.0" 200 268 "-" "Mozilla/5.0 (Linux; Android 7.0;) AppleWebKit/537.36 (KHTML, like Gecko) Mobile Safari/537.36 (compatible; PetalBot;+https://webmaster.petalsearch.com/site/petalbot)"
185.191.171.16 - - [06/Oct/2021:09:28:57 +0200] "GET /rectangular-clock-quote-50-cm-p-42930.html HTTP/1.0" 301 73219 "-" "Mozilla/5.0 (compatible; SemrushBot/7~bl; +http://www.semrush.com/bot.html)"
185.191.171.11 - - [06/Oct/2021:09:28:59 +0200] "GET /rectangular-clock-quote-p-42930.html HTTP/1.0" 200 73129 "-" "Mozilla/5.0 (compatible; SemrushBot/7~bl; +http://www.semrush.com/bot.html)"
144.76.118.82 - - [06/Oct/2021:09:29:01 +0200] "GET /paulownia-ball-lantern-p-45415.html HTTP/1.0" 200 73147 "-" "Mozilla/5.0 (compatible; MJ12bot/v1.4.8; http://mj12bot.com/)"
144.76.118.82 - - [06/Oct/2021:09:29:05 +0200] "GET /peanuts-figure-p-11179.html HTTP/1.0" 200 73090 "-" "Mozilla/5.0 (compatible; MJ12bot/v1.4.8; http://mj12bot.com/)"
144.76.118.82 - - [06/Oct/2021:09:29:11 +0200] "GET /peanuts-linus-figure-p-11180.html HTTP/1.0" 200 73146 "-" "Mozilla/5.0 (compatible; MJ12bot/v1.4.8; http://mj12bot.com/)"
185.191.171.21 - - [06/Oct/2021:09:29:15 +0200] "GET /cement-tile-stickers-gray-p-43004.html HTTP/1.0" 200 73426 "-" "Mozilla/5.0 (compatible; SemrushBot/7~bl; +http://www.semrush.com/bot.html)"
144.76.118.82 - - [06/Oct/2021:09:29:17 +0200] "GET /peg-wooden-antique-white-p-45830.html HTTP/1.0" 301 73953 "-" "Mozilla/5.0 (compatible; MJ12bot/v1.4.8; http://mj12bot.com/)"
144.76.118.82 - - [06/Oct/2021:09:29:24 +0200] "GET /wooden-antique-white-p-45830.html HTTP/1.0" 200 73866 "-" "Mozilla/5.0 (compatible; MJ12bot/v1.4.8; http://mj12bot.com/)"
144.76.118.82 - - [06/Oct/2021:09:29:30 +0200] "GET /pennie-grey-bedclothes-240-220-cm-p-39288.html HTTP/1.0" 301 70487 "-" "Mozilla/5.0 (compatible; MJ12bot/v1.4.8; http://mj12bot.com/)"
144.76.118.82 - - [06/Oct/2021:09:29:37 +0200] "GET /-p-39288.html HTTP/1.0" 200 70420 "-" "Mozilla/5.0 (compatible; MJ12bot/v1.4.8; http://mj12bot.com/)"
185.191.171.25 - - [06/Oct/2021:09:29:40 +0200] "GET /la-vache-qui-rit-paper-towel-dispenser-p-26827.html HTTP/1.0" 301 70634 "-" "Mozilla/5.0 (compatible; SemrushBot/7~bl; +http://www.semrush.com/bot.html)"
185.191.171.25 - - [06/Oct/2021:09:29:42 +0200] "GET /vache-paper-towel-dispenser-p-26827.html HTTP/1.0" 200 70540 "-" "Mozilla/5.0 (compatible; SemrushBot/7~bl; +http://www.semrush.com/bot.html)"
144.76.118.82 - - [06/Oct/2021:09:29:43 +0200] "GET /peter-figure-p-2879.html HTTP/1.0" 200 70481 "-" "Mozilla/5.0 (compatible; MJ12bot/v1.4.8; http://mj12bot.com/)"
144.76.118.82 - - [06/Oct/2021:09:29:49 +0200] "GET /peter-pan-figure-p-2879.html HTTP/1.0" 301 70559 "-" "Mozilla/5.0 (compatible; MJ12bot/v1.4.8; http://mj12bot.com/)"
144.76.118.82 - - [06/Oct/2021:09:29:54 +0200] "GET /peter-figure-p-2879.html HTTP/1.0" 200 70481 "-" "Mozilla/5.0 (compatible; MJ12bot/v1.4.8; http://mj12bot.com/)"
144.76.118.82 - - [06/Oct/2021:09:30:00 +0200] "GET /peter-pan-wendy-figure-p-2886.html HTTP/1.0" 301 70565 "-" "Mozilla/5.0 (compatible; MJ12bot/v1.4.8; http://mj12bot.com/)"
54.36.148.226 - - [06/Oct/2021:09:30:05 +0200] "GET /crystal-salt-night-light-p-52242.html HTTP/1.0" 200 74712 "-" "Mozilla/5.0 (compatible; AhrefsBot/7.0; +http://ahrefs.com/robot/)"
144.76.118.82 - - [06/Oct/2021:09:30:05 +0200] "GET /peter-wendy-figure-p-2886.html HTTP/1.0" 200 70481 "-" "Mozilla/5.0 (compatible; MJ12bot/v1.4.8; http://mj12bot.com/)"
144.76.118.82 - - [06/Oct/2021:09:30:11 +0200] "GET /peter-wendy-figure-p-2886.html HTTP/1.0" 200 70481 "-" "Mozilla/5.0 (compatible; MJ12bot/v1.4.8; http://mj12bot.com/)"
144.76.118.82 - - [06/Oct/2021:09:30:17 +0200] "GET /petit-akio-led-night-light-unicorn-p-46401.html HTTP/1.0" 301 70487 "-" "Mozilla/5.0 (compatible; MJ12bot/v1.4.8; http://mj12bot.com/)"
144.76.118.82 - - [06/Oct/2021:09:30:24 +0200] "GET /-p-46401.html HTTP/1.0" 200 70420 "-" "Mozilla/5.0 (compatible; MJ12bot/v1.4.8; http://mj12bot.com/)"
144.76.118.82 - - [06/Oct/2021:09:30:30 +0200] "GET /piggy-bank-premire-tirelire-p-55717.html HTTP/1.0" 200 73773 "-" "Mozilla/5.0 (compatible; MJ12bot/v1.4.8; http://mj12bot.com/)"
144.76.118.82 - - [06/Oct/2021:09:30:36 +0200] "GET /piglet-figure-p-2919.html HTTP/1.0" 200 70474 "-" "Mozilla/5.0 (compatible; MJ12bot/v1.4.8; http://mj12bot.com/)"
144.76.118.82 - - [06/Oct/2021:09:30:43 +0200] "GET /piglet-with-paper-figure-p-4717.html HTTP/1.0" 200 70512 "-" "Mozilla/5.0 (compatible; MJ12bot/v1.4.8; http://mj12bot.com/)"
144.76.118.82 - - [06/Oct/2021:09:30:50 +0200] "GET /piglet-with-paper-hat-figure-p-4717.html HTTP/1.0" 301 70602 "-" "Mozilla/5.0 (compatible; MJ12bot/v1.4.8; http://mj12bot.com/)"
144.76.118.82 - - [06/Oct/2021:09:30:55 +0200] "GET /piglet-with-paper-figure-p-4717.html HTTP/1.0" 200 70512 "-" "Mozilla/5.0 (compatible; MJ12bot/v1.4.8; http://mj12bot.com/)"
144.76.118.82 - - [06/Oct/2021:09:31:00 +0200] "GET /pillow-case-65-65-cm-red-p-39127.html HTTP/1.0" 301 73354 "-" "Mozilla/5.0 (compatible; MJ12bot/v1.4.8; http://mj12bot.com/)"
144.76.118.82 - - [06/Oct/2021:09:31:06 +0200] "GET /pillow-case-p-39127.html HTTP/1.0" 200 73276 "-" "Mozilla/5.0 (compatible; MJ12bot/v1.4.8; http://mj12bot.com/)"
144.76.118.82 - - [06/Oct/2021:09:31:11 +0200] "GET /pillow-case-p-39127.html HTTP/1.0" 200 73276 "-" "Mozilla/5.0 (compatible; MJ12bot/v1.4.8; http://mj12bot.com/)"
144.76.118.82 - - [06/Oct/2021:09:31:18 +0200] "GET /pink-flamingo-white-women-shirt-p-34207.html HTTP/1.0" 200 75363 "-" "Mozilla/5.0 (compatible; MJ12bot/v1.4.8; http://mj12bot.com/)"
144.76.118.82 - - [06/Oct/2021:09:31:24 +0200] "GET /pink-flamingo-white-women-tee-shirt-p-34207.html HTTP/1.0" 301 75461 "-" "Mozilla/5.0 (compatible; MJ12bot/v1.4.8; http://mj12bot.com/)"
54.36.148.70 - - [06/Oct/2021:09:31:26 +0200] "GET /gardena-ethnic-p-45414.html HTTP/1.0" 200 74216 "-" "Mozilla/5.0 (compatible; AhrefsBot/7.0; +http://ahrefs.com/robot/)"
144.76.118.82 - - [06/Oct/2021:09:31:29 +0200] "GET /pink-flamingo-white-women-shirt-p-34207.html HTTP/1.0" 200 75363 "-" "Mozilla/5.0 (compatible; MJ12bot/v1.4.8; http://mj12bot.com/)"
144.76.118.82 - - [06/Oct/2021:09:31:34 +0200] "GET /pink-floyd-back-catalogue-poster-p-32281.html HTTP/1.0" 200 70571 "-" "Mozilla/5.0 (compatible; MJ12bot/v1.4.8; http://mj12bot.com/)"
144.76.118.82 - - [06/Oct/2021:09:31:40 +0200] "GET /pink-floyd-prism-poster-p-15742.html HTTP/1.0" 200 70526 "-" "Mozilla/5.0 (compatible; MJ12bot/v1.4.8; http://mj12bot.com/)"
144.76.118.82 - - [06/Oct/2021:09:31:46 +0200] "GET /pink-mini-glitter-ball-p-33557.html HTTP/1.0" 200 73125 "-" "Mozilla/5.0 (compatible; MJ12bot/v1.4.8; http://mj12bot.com/)"
144.76.118.82 - - [06/Oct/2021:09:31:52 +0200] "GET /pink-pig-mini-glitter-ball-p-33557.html HTTP/1.0" 301 73214 "-" "Mozilla/5.0 (compatible; MJ12bot/v1.4.8; http://mj12bot.com/)"
144.76.118.82 - - [06/Oct/2021:09:31:58 +0200] "GET /pink-mini-glitter-ball-p-33557.html HTTP/1.0" 200 73125 "-" "Mozilla/5.0 (compatible; MJ12bot/v1.4.8; http://mj12bot.com/)"
144.76.118.82 - - [06/Oct/2021:09:32:04 +0200] "GET /pinocchio-75th-anniversary-figure-collection-p-29069.html HTTP/1.0" 200 73563 "-" "Mozilla/5.0 (compatible; MJ12bot/v1.4.8; http://mj12bot.com/)"
123.125.109.110 - - [06/Oct/2021:09:32:08 +0200] "GET / HTTP/1.0" 301 511 "-" "Sogou web spider/4.0(+http://www.sogou.com/docs/help/webmasters.htm#07)"
144.76.118.82 - - [06/Oct/2021:09:32:09 +0200] "GET /pinocchio-figure-p-4712.html HTTP/1.0" 200 70489 "-" "Mozilla/5.0 (compatible; MJ12bot/v1.4.8; http://mj12bot.com/)"
40.77.167.65 - - [06/Oct/2021:09:32:13 +0200] "GET /images/big_prod/8717318130825.jpg HTTP/1.0" 200 268 "-" "Mozilla/5.0 (compatible; bingbot/2.0; +http://www.bing.com/bingbot.htm)"
144.76.118.82 - - [06/Oct/2021:09:32:16 +0200] "GET /pokemon-pikachu-school-p-55005.html HTTP/1.0" 200 73915 "-" "Mozilla/5.0 (compatible; MJ12bot/v1.4.8; http://mj12bot.com/)"
144.76.118.82 - - [06/Oct/2021:09:32:23 +0200] "GET /polar-blanket-purple-220-240-cm-p-34642.html HTTP/1.0" 301 73221 "-" "Mozilla/5.0 (compatible; MJ12bot/v1.4.8; http://mj12bot.com/)"
185.191.171.42 - - [06/Oct/2021:09:32:27 +0200] "GET /johnny-hallyday-mouse-p-6836.html HTTP/1.0" 200 73032 "-" "Mozilla/5.0 (compatible; SemrushBot/7~bl; +http://www.semrush.com/bot.html)"
17.121.114.58 - - [06/Oct/2021:09:32:29 +0200] "GET /unicorn-jewelry-holder-black-p-48881.html HTTP/1.0" 200 73254 "-" "Mozilla/5.0 (Macintosh; Intel Mac OS X 10_15_5) AppleWebKit/605.1.15 (KHTML, like Gecko) Version/13.1.1 Safari/605.1.15 (Applebot/0.1; +http://www.apple.com/go/applebot)"
144.76.118.82 - - [06/Oct/2021:09:32:29 +0200] "GET /polar-blanket-purple-p-34642.html HTTP/1.0" 200 73134 "-" "Mozilla/5.0 (compatible; MJ12bot/v1.4.8; http://mj12bot.com/)"
114.119.128.39 - - [06/Oct/2021:09:32:33 +0200] "GET /decorative-magnifying-glass-with-wooden-handle-p-52844.html HTTP/1.0" 200 73265 "-" "Mozilla/5.0 (Linux; Android 7.0;) AppleWebKit/537.36 (KHTML, like Gecko) Mobile Safari/537.36 (compatible; PetalBot;+https://webmaster.petalsearch.com/site/petalbot)"
144.76.118.82 - - [06/Oct/2021:09:32:36 +0200] "GET /polar-blanket-purple-p-34642.html HTTP/1.0" 200 73134 "-" "Mozilla/5.0 (compatible; MJ12bot/v1.4.8; http://mj12bot.com/)"
144.76.118.82 - - [06/Oct/2021:09:32:41 +0200] "GET /polar-cover-jacquie-and-michel-150-130-cm-p-39084.html HTTP/1.0" 301 70685 "-" "Mozilla/5.0 (compatible; MJ12bot/v1.4.8; http://mj12bot.com/)"
54.36.149.58 - - [06/Oct/2021:09:32:44 +0200] "GET /bottle-holder-beer-bucket-c-12_224.html HTTP/1.0" 200 89853 "-" "Mozilla/5.0 (compatible; AhrefsBot/7.0; +http://ahrefs.com/robot/)"
144.76.118.82 - - [06/Oct/2021:09:32:47 +0200] "GET /polar-cover-jacquie-michel-p-39084.html HTTP/1.0" 200 70592 "-" "Mozilla/5.0 (compatible; MJ12bot/v1.4.8; http://mj12bot.com/)"
144.76.118.82 - - [06/Oct/2021:09:32:53 +0200] "GET /polar-cover-jacquie-michel-p-39084.html HTTP/1.0" 200 70592 "-" "Mozilla/5.0 (compatible; MJ12bot/v1.4.8; http://mj12bot.com/)"
144.76.118.82 - - [06/Oct/2021:09:32:58 +0200] "GET /popi-figure-p-4603.html HTTP/1.0" 301 70484 "-" "Mozilla/5.0 (compatible; MJ12bot/v1.4.8; http://mj12bot.com/)"
144.76.118.82 - - [06/Oct/2021:09:33:05 +0200] "GET /-p-4603.html HTTP/1.0" 200 70418 "-" "Mozilla/5.0 (compatible; MJ12bot/v1.4.8; http://mj12bot.com/)"
144.76.118.82 - - [06/Oct/2021:09:33:11 +0200] "GET /porcelain-ball-wall-lamp-27-cm-p-42373.html HTTP/1.0" 301 70487 "-" "Mozilla/5.0 (compatible; MJ12bot/v1.4.8; http://mj12bot.com/)"
185.191.171.26 - - [06/Oct/2021:09:33:13 +0200] "GET /stone-petrified-wood-grams-p-46568.html HTTP/1.0" 200 74356 "-" "Mozilla/5.0 (compatible; SemrushBot/7~bl; +http://www.semrush.com/bot.html)"
144.76.118.82 - - [06/Oct/2021:09:33:17 +0200] "GET /-p-42373.html HTTP/1.0" 200 70420 "-" "Mozilla/5.0 (compatible; MJ12bot/v1.4.8; http://mj12bot.com/)"
144.76.118.82 - - [06/Oct/2021:09:33:23 +0200] "GET /porcelain-ball-wall-lamp-p-42373.html HTTP/1.0" 301 70487 "-" "Mozilla/5.0 (compatible; MJ12bot/v1.4.8; http://mj12bot.com/)"
144.76.118.82 - - [06/Oct/2021:09:33:30 +0200] "GET /-p-42373.html HTTP/1.0" 200 70420 "-" "Mozilla/5.0 (compatible; MJ12bot/v1.4.8; http://mj12bot.com/)"
144.76.118.82 - - [06/Oct/2021:09:33:35 +0200] "GET /porcelain-mood-espresso-cup-tassen-made-in-germany-p-46339.html HTTP/1.0" 301 75133 "-" "Mozilla/5.0 (compatible; MJ12bot/v1.4.8; http://mj12bot.com/)"
144.76.118.82 - - [06/Oct/2021:09:33:43 +0200] "GET /porcelain-mood-espresso-tassen-made-germany-p-46339.html HTTP/1.0" 200 75023 "-" "Mozilla/5.0 (compatible; MJ12bot/v1.4.8; http://mj12bot.com/)"
123.125.109.110 - - [06/Oct/2021:09:33:45 +0200] "GET / HTTP/1.0" 200 150204 "-" "Sogou web spider/4.0(+http://www.sogou.com/docs/help/webmasters.htm#07)"
144.76.118.82 - - [06/Oct/2021:09:33:49 +0200] "GET /porcelain-mood-espresso-tassen-made-germany-p-46339.html HTTP/1.0" 200 75023 "-" "Mozilla/5.0 (compatible; MJ12bot/v1.4.8; http://mj12bot.com/)"
144.76.118.82 - - [06/Oct/2021:09:33:54 +0200] "GET /portable-luminous-decorative-lantern-p-55144.html HTTP/1.0" 200 74403 "-" "Mozilla/5.0 (compatible; MJ12bot/v1.4.8; http://mj12bot.com/)"
144.76.118.82 - - [06/Oct/2021:09:34:00 +0200] "GET /poseidon-statue-21-cm-p-50200.html HTTP/1.0" 301 73197 "-" "Mozilla/5.0 (compatible; MJ12bot/v1.4.8; http://mj12bot.com/)"
144.76.118.82 - - [06/Oct/2021:09:34:08 +0200] "GET /poseidon-statue-p-50200.html HTTP/1.0" 200 73115 "-" "Mozilla/5.0 (compatible; MJ12bot/v1.4.8; http://mj12bot.com/)"
185.191.171.2 - - [06/Oct/2021:09:34:09 +0200] "GET /italy-hoodies-p-31778.html HTTP/1.0" 200 70462 "-" "Mozilla/5.0 (compatible; SemrushBot/7~bl; +http://www.semrush.com/bot.html)"
54.36.148.252 - - [06/Oct/2021:09:34:10 +0200] "GET /fitted-sheet-c-11_193.html HTTP/1.0" 200 91009 "-" "Mozilla/5.0 (compatible; AhrefsBot/7.0; +http://ahrefs.com/robot/)"
144.76.118.82 - - [06/Oct/2021:09:34:12 +0200] "GET /poseidon-statue-31-cm-p-50200.html HTTP/1.0" 301 73197 "-" "Mozilla/5.0 (compatible; MJ12bot/v1.4.8; http://mj12bot.com/)"
144.76.118.82 - - [06/Oct/2021:09:34:19 +0200] "GET /poseidon-statue-p-50200.html HTTP/1.0" 200 73115 "-" "Mozilla/5.0 (compatible; MJ12bot/v1.4.8; http://mj12bot.com/)"
144.76.118.82 - - [06/Oct/2021:09:34:26 +0200] "GET /poseidon-statue-p-50200.html HTTP/1.0" 200 73115 "-" "Mozilla/5.0 (compatible; MJ12bot/v1.4.8; http://mj12bot.com/)"
216.244.66.242 - - [06/Oct/2021:09:34:29 +0200] "GET /barbabelle-small-coin-purse-p-16803.html HTTP/1.0" 200 73218 "-" "Mozilla/5.0 (compatible; DotBot/1.2; +https://opensiteexplorer.org/dotbot; help@moz.com)"
144.76.118.82 - - [06/Oct/2021:09:34:31 +0200] "GET /poster-from-jacquelin-corsica-50-70-cm-p-40158.html HTTP/1.0" 301 70646 "-" "Mozilla/5.0 (compatible; MJ12bot/v1.4.8; http://mj12bot.com/)"
216.244.66.242 - - [06/Oct/2021:09:34:37 +0200] "GET /breton-clock-cbkreation-p-24413.html HTTP/1.0" 200 73034 "-" "Mozilla/5.0 (compatible; DotBot/1.2; +https://opensiteexplorer.org/dotbot; help@moz.com)"
144.76.118.82 - - [06/Oct/2021:09:34:37 +0200] "GET /poster-from-jacquelin-corsica-p-40158.html HTTP/1.0" 200 70550 "-" "Mozilla/5.0 (compatible; MJ12bot/v1.4.8; http://mj12bot.com/)"
144.76.118.82 - - [06/Oct/2021:09:34:42 +0200] "GET /poster-from-jacquelin-corsica-p-40158.html HTTP/1.0" 200 70550 "-" "Mozilla/5.0 (compatible; MJ12bot/v1.4.8; http://mj12bot.com/)"
144.76.118.82 - - [06/Oct/2021:09:34:47 +0200] "GET /princess-ceiling-light-p-29408.html HTTP/1.0" 301 70487 "-" "Mozilla/5.0 (compatible; MJ12bot/v1.4.8; http://mj12bot.com/)"
144.76.118.82 - - [06/Oct/2021:09:34:54 +0200] "GET /-p-29408.html HTTP/1.0" 200 70420 "-" "Mozilla/5.0 (compatible; MJ12bot/v1.4.8; http://mj12bot.com/)"
216.244.66.242 - - [06/Oct/2021:09:34:57 +0200] "GET /coasters-silicone-p-38018.html HTTP/1.0" 200 73052 "-" "Mozilla/5.0 (compatible; DotBot/1.2; +https://opensiteexplorer.org/dotbot; help@moz.com)"
144.76.118.82 - - [06/Oct/2021:09:35:00 +0200] "GET /psg-grey-backpack-p-35223.html HTTP/1.0" 301 70487 "-" "Mozilla/5.0 (compatible; MJ12bot/v1.4.8; http://mj12bot.com/)"
144.76.118.82 - - [06/Oct/2021:09:35:06 +0200] "GET /-p-35223.html HTTP/1.0" 200 70420 "-" "Mozilla/5.0 (compatible; MJ12bot/v1.4.8; http://mj12bot.com/)"
144.76.118.82 - - [06/Oct/2021:09:35:13 +0200] "GET /psg-grey-horizontal-bag-p-35224.html HTTP/1.0" 301 70487 "-" "Mozilla/5.0 (compatible; MJ12bot/v1.4.8; http://mj12bot.com/)"
216.244.66.242 - - [06/Oct/2021:09:35:13 +0200] "GET /coasters-silicone-p-38019.html HTTP/1.0" 200 73052 "-" "Mozilla/5.0 (compatible; DotBot/1.2; +https://opensiteexplorer.org/dotbot; help@moz.com)"
144.76.118.82 - - [06/Oct/2021:09:35:20 +0200] "GET /-p-35224.html HTTP/1.0" 200 70420 "-" "Mozilla/5.0 (compatible; MJ12bot/v1.4.8; http://mj12bot.com/)"
144.76.118.82 - - [06/Oct/2021:09:35:27 +0200] "GET /psg-lamp-p-28404.html HTTP/1.0" 301 70487 "-" "Mozilla/5.0 (compatible; MJ12bot/v1.4.8; http://mj12bot.com/)"
54.36.148.148 - - [06/Oct/2021:09:35:27 +0200] "GET /large-statue-venus-p-56075.html HTTP/1.0" 200 73973 "-" "Mozilla/5.0 (compatible; AhrefsBot/7.0; +http://ahrefs.com/robot/)"
216.244.66.242 - - [06/Oct/2021:09:35:29 +0200] "GET /green-alarm-clock-p-38266.html HTTP/1.0" 200 73086 "-" "Mozilla/5.0 (compatible; DotBot/1.2; +https://opensiteexplorer.org/dotbot; help@moz.com)"
17.121.114.189 - - [06/Oct/2021:09:35:30 +0200] "GET /images/big_prod/3700276288900BB.jpg HTTP/1.0" 200 270 "-" "Mozilla/5.0 (Macintosh; Intel Mac OS X 10_15_5) AppleWebKit/605.1.15 (KHTML, like Gecko) Version/13.1.1 Safari/605.1.15 (Applebot/0.1; +http://www.apple.com/go/applebot)"
144.76.118.82 - - [06/Oct/2021:09:35:34 +0200] "GET /-p-28404.html HTTP/1.0" 200 70420 "-" "Mozilla/5.0 (compatible; MJ12bot/v1.4.8; http://mj12bot.com/)"
185.191.171.33 - - [06/Oct/2021:09:35:38 +0200] "GET /bamboo-fiber-plant-cover-p-51944.html HTTP/1.0" 200 70506 "-" "Mozilla/5.0 (compatible; SemrushBot/7~bl; +http://www.semrush.com/bot.html)"
144.76.118.82 - - [06/Oct/2021:09:35:39 +0200] "GET /psg-red-horizontal-bag-p-35225.html HTTP/1.0" 301 70487 "-" "Mozilla/5.0 (compatible; MJ12bot/v1.4.8; http://mj12bot.com/)"
40.77.167.65 - - [06/Oct/2021:09:35:43 +0200] "GET /images/big_prod/3014627909995.jpg HTTP/1.0" 200 268 "-" "Mozilla/5.0 (compatible; bingbot/2.0; +http://www.bing.com/bingbot.htm)"
216.244.66.242 - - [06/Oct/2021:09:35:42 +0200] "GET /kori-kumi-glasses-p-30482.html HTTP/1.0" 200 73691 "-" "Mozilla/5.0 (compatible; DotBot/1.2; +https://opensiteexplorer.org/dotbot; help@moz.com)"
144.76.118.82 - - [06/Oct/2021:09:35:45 +0200] "GET /-p-35225.html HTTP/1.0" 200 70420 "-" "Mozilla/5.0 (compatible; MJ12bot/v1.4.8; http://mj12bot.com/)"
144.76.118.82 - - [06/Oct/2021:09:35:51 +0200] "GET /psg-red-large-sports-bag-61-cm-p-35231.html HTTP/1.0" 301 70487 "-" "Mozilla/5.0 (compatible; MJ12bot/v1.4.8; http://mj12bot.com/)"
216.244.66.242 - - [06/Oct/2021:09:35:55 +0200] "GET /lion-shirt-p-31151.html HTTP/1.0" 200 74944 "-" "Mozilla/5.0 (compatible; DotBot/1.2; +https://opensiteexplorer.org/dotbot; help@moz.com)"
144.76.118.82 - - [06/Oct/2021:09:35:57 +0200] "GET /-p-35231.html HTTP/1.0" 200 70420 "-" "Mozilla/5.0 (compatible; MJ12bot/v1.4.8; http://mj12bot.com/)"
185.191.171.19 - - [06/Oct/2021:09:36:01 +0200] "GET /lady-cupcake-compartments-p-49107.html?action=add_product HTTP/1.0" 302 476 "-" "Mozilla/5.0 (compatible; SemrushBot/7~bl; +http://www.semrush.com/bot.html)"
144.76.118.82 - - [06/Oct/2021:09:36:04 +0200] "GET /psg-small-red-bag-p-35228.html HTTP/1.0" 301 70487 "-" "Mozilla/5.0 (compatible; MJ12bot/v1.4.8; http://mj12bot.com/)"
114.119.128.34 - - [06/Oct/2021:09:36:07 +0200] "GET /images/big_prod/8424001641178.jpg HTTP/1.0" 200 268 "-" "Mozilla/5.0 (Linux; Android 7.0;) AppleWebKit/537.36 (KHTML, like Gecko) Mobile Safari/537.36 (compatible; PetalBot;+https://webmaster.petalsearch.com/site/petalbot)"
185.191.171.10 - - [06/Oct/2021:09:36:07 +0200] "GET /fairies-fairy-lights-p-24738.html?action=add_product HTTP/1.0" 302 476 "-" "Mozilla/5.0 (compatible; SemrushBot/7~bl; +http://www.semrush.com/bot.html)"
216.244.66.242 - - [06/Oct/2021:09:36:07 +0200] "GET /marseille-coasters-p-44318.html HTTP/1.0" 200 73033 "-" "Mozilla/5.0 (compatible; DotBot/1.2; +https://opensiteexplorer.org/dotbot; help@moz.com)"
144.76.118.82 - - [06/Oct/2021:09:36:10 +0200] "GET /-p-35228.html HTTP/1.0" 200 70420 "-" "Mozilla/5.0 (compatible; MJ12bot/v1.4.8; http://mj12bot.com/)"
144.76.118.82 - - [06/Oct/2021:09:36:16 +0200] "GET /psg-small-watch-p-28405.html HTTP/1.0" 301 70556 "-" "Mozilla/5.0 (compatible; MJ12bot/v1.4.8; http://mj12bot.com/)"
216.244.66.242 - - [06/Oct/2021:09:36:19 +0200] "GET /round-stones-chakra-p-42875.html HTTP/1.0" 200 73173 "-" "Mozilla/5.0 (compatible; DotBot/1.2; +https://opensiteexplorer.org/dotbot; help@moz.com)"
207.46.13.162 - - [06/Oct/2021:09:36:20 +0200] "GET /loola-ylvi-minimoomis-keyring-p-33978.html HTTP/1.0" 200 73174 "-" "Mozilla/5.0 (compatible; bingbot/2.0; +http://www.bing.com/bingbot.htm)"
144.76.118.82 - - [06/Oct/2021:09:36:21 +0200] "GET /small-watch-p-28405.html HTTP/1.0" 200 70478 "-" "Mozilla/5.0 (compatible; MJ12bot/v1.4.8; http://mj12bot.com/)"
66.249.64.82 - - [06/Oct/2021:09:36:22 +0200] "GET /merci-gustave-eiffel-tower-disney-little-princess-minigus-p-31370.html HTTP/1.0" 301 70487 "-" "Mozilla/5.0 (compatible; Googlebot/2.1; +http://www.google.com/bot.html)"
66.249.66.86 - - [06/Oct/2021:09:36:23 +0200] "GET /-p-31370.html HTTP/1.0" 200 70420 "-" "Mozilla/5.0 (compatible; Googlebot/2.1; +http://www.google.com/bot.html)"
144.76.118.82 - - [06/Oct/2021:09:36:27 +0200] "GET /pucca-black-backpack-p-9928.html HTTP/1.0" 301 70484 "-" "Mozilla/5.0 (compatible; MJ12bot/v1.4.8; http://mj12bot.com/)"
216.244.66.242 - - [06/Oct/2021:09:36:28 +0200] "GET /urss-black-shirt-p-30594.html HTTP/1.0" 200 74974 "-" "Mozilla/5.0 (compatible; DotBot/1.2; +https://opensiteexplorer.org/dotbot; help@moz.com)"
144.76.118.82 - - [06/Oct/2021:09:36:34 +0200] "GET /-p-9928.html HTTP/1.0" 200 70418 "-" "Mozilla/5.0 (compatible; MJ12bot/v1.4.8; http://mj12bot.com/)"
35.185.214.157 - - [06/Oct/2021:09:36:38 +0200] "GET /images/mini_prod/3585190854208.jpg HTTP/1.0" 200 269 "-" "Mozilla/5.0 (X11; Ubuntu; Linux x86_64; rv:72.0) Gecko/20100101 Firefox/72.0"
144.76.118.82 - - [06/Oct/2021:09:36:40 +0200] "GET /pucca-jewelry-armoire-music-box-p-2449.html HTTP/1.0" 301 70484 "-" "Mozilla/5.0 (compatible; MJ12bot/v1.4.8; http://mj12bot.com/)"
144.76.118.82 - - [06/Oct/2021:09:36:46 +0200] "GET /-p-2449.html HTTP/1.0" 200 70418 "-" "Mozilla/5.0 (compatible; MJ12bot/v1.4.8; http://mj12bot.com/)"
185.191.171.40 - - [06/Oct/2021:09:36:50 +0200] "GET /delia-bedclothes-p-50786.html?action=add_product HTTP/1.0" 302 476 "-" "Mozilla/5.0 (compatible; SemrushBot/7~bl; +http://www.semrush.com/bot.html)"
144.76.118.82 - - [06/Oct/2021:09:36:52 +0200] "GET /pucca-metal-clock-p-348.html HTTP/1.0" 301 70481 "-" "Mozilla/5.0 (compatible; MJ12bot/v1.4.8; http://mj12bot.com/)"
54.36.148.164 - - [06/Oct/2021:09:36:53 +0200] "GET /toothbox-c-13_150_170.html HTTP/1.0" 200 91018 "-" "Mozilla/5.0 (compatible; AhrefsBot/7.0; +http://ahrefs.com/robot/)"
144.76.118.82 - - [06/Oct/2021:09:36:57 +0200] "GET /-p-348.html HTTP/1.0" 200 70416 "-" "Mozilla/5.0 (compatible; MJ12bot/v1.4.8; http://mj12bot.com/)"
144.76.118.82 - - [06/Oct/2021:09:37:02 +0200] "GET /pucca-pairs-of-bobby-socks-size-31-34-or-12-uk-p-25671.html HTTP/1.0" 301 70487 "-" "Mozilla/5.0 (compatible; MJ12bot/v1.4.8; http://mj12bot.com/)"
144.76.118.82 - - [06/Oct/2021:09:37:09 +0200] "GET /-p-25671.html HTTP/1.0" 200 70420 "-" "Mozilla/5.0 (compatible; MJ12bot/v1.4.8; http://mj12bot.com/)"
144.76.118.82 - - [06/Oct/2021:09:37:15 +0200] "GET /pucca-pairs-of-bobby-socks-size-35-38-p-25704.html HTTP/1.0" 301 70487 "-" "Mozilla/5.0 (compatible; MJ12bot/v1.4.8; http://mj12bot.com/)"
144.76.118.82 - - [06/Oct/2021:09:37:21 +0200] "GET /-p-25704.html HTTP/1.0" 200 70420 "-" "Mozilla/5.0 (compatible; MJ12bot/v1.4.8; http://mj12bot.com/)"
185.191.171.12 - - [06/Oct/2021:09:37:33 +0200] "GET /natural-floor-carpet-p-52149.html?action=add_product HTTP/1.0" 302 476 "-" "Mozilla/5.0 (compatible; SemrushBot/7~bl; +http://www.semrush.com/bot.html)"
144.76.118.82 - - [06/Oct/2021:09:37:34 +0200] "GET /pucca-pairs-of-socks-size-31-34-p-25727.html HTTP/1.0" 301 70487 "-" "Mozilla/5.0 (compatible; MJ12bot/v1.4.8; http://mj12bot.com/)"
144.76.118.82 - - [06/Oct/2021:09:37:40 +0200] "GET /-p-25727.html HTTP/1.0" 200 70420 "-" "Mozilla/5.0 (compatible; MJ12bot/v1.4.8; http://mj12bot.com/)"
144.76.118.82 - - [06/Oct/2021:09:37:45 +0200] "GET /quilted-floor-grey-blue-p-45104.html HTTP/1.0" 200 74079 "-" "Mozilla/5.0 (compatible; MJ12bot/v1.4.8; http://mj12bot.com/)"
144.76.118.82 - - [06/Oct/2021:09:37:52 +0200] "GET /quilted-floor-mat-65-165-cm-grey-and-blue-p-45104.html HTTP/1.0" 301 74169 "-" "Mozilla/5.0 (compatible; MJ12bot/v1.4.8; http://mj12bot.com/)"
103.131.71.60 - - [06/Oct/2021:09:37:52 +0200] "GET /robots.txt HTTP/1.0" 301 531 "-" "Mozilla/5.0 (compatible; coccocbot-web/1.0; +http://help.coccoc.com/searchengine)"
103.131.71.60 - - [06/Oct/2021:09:37:55 +0200] "GET /robots.txt HTTP/1.0" 200 245 "-" "Mozilla/5.0 (compatible; coccocbot-web/1.0; +http://help.coccoc.com/searchengine)"
103.131.71.181 - - [06/Oct/2021:09:37:57 +0200] "GET /robots.txt HTTP/1.0" 200 245 "-" "Mozilla/5.0 (compatible; coccocbot-web/1.0; +http://help.coccoc.com/searchengine)"
144.76.118.82 - - [06/Oct/2021:09:37:58 +0200] "GET /quilted-floor-grey-blue-p-45104.html HTTP/1.0" 200 74079 "-" "Mozilla/5.0 (compatible; MJ12bot/v1.4.8; http://mj12bot.com/)"
103.131.71.70 - - [06/Oct/2021:09:37:59 +0200] "GET /toucan-money-black-p-47934.html HTTP/1.0" 200 73127 "-" "Mozilla/5.0 (compatible; coccocbot-web/1.0; +http://help.coccoc.com/searchengine)"
144.76.118.82 - - [06/Oct/2021:09:38:04 +0200] "GET /quilted-floor-mat-65-165-cm-triangles-p-45106.html HTTP/1.0" 301 74373 "-" "Mozilla/5.0 (compatible; MJ12bot/v1.4.8; http://mj12bot.com/)"
144.76.118.82 - - [06/Oct/2021:09:38:10 +0200] "GET /quilted-floor-triangles-p-45106.html HTTP/1.0" 200 74283 "-" "Mozilla/5.0 (compatible; MJ12bot/v1.4.8; http://mj12bot.com/)"
144.76.118.82 - - [06/Oct/2021:09:38:17 +0200] "GET /quilted-floor-triangles-p-45106.html HTTP/1.0" 200 74283 "-" "Mozilla/5.0 (compatible; MJ12bot/v1.4.8; http://mj12bot.com/)"
144.76.118.82 - - [06/Oct/2021:09:38:23 +0200] "GET /quote-cutting-board-p-51901.html HTTP/1.0" 200 73032 "-" "Mozilla/5.0 (compatible; MJ12bot/v1.4.8; http://mj12bot.com/)"
54.36.148.46 - - [06/Oct/2021:09:38:24 +0200] "GET /salt-boxes-jars-c-12_223.html HTTP/1.0" 200 90319 "-" "Mozilla/5.0 (compatible; AhrefsBot/7.0; +http://ahrefs.com/robot/)"
144.76.118.82 - - [06/Oct/2021:09:38:30 +0200] "GET /quote-cutting-board-p-51902.html HTTP/1.0" 200 73032 "-" "Mozilla/5.0 (compatible; MJ12bot/v1.4.8; http://mj12bot.com/)"
144.76.118.82 - - [06/Oct/2021:09:38:37 +0200] "GET /quote-cutting-board-p-51904.html HTTP/1.0" 200 73032 "-" "Mozilla/5.0 (compatible; MJ12bot/v1.4.8; http://mj12bot.com/)"
144.76.118.82 - - [06/Oct/2021:09:38:43 +0200] "GET /rabbit-jewelry-holder-statuette-p-55825.html HTTP/1.0" 200 73281 "-" "Mozilla/5.0 (compatible; MJ12bot/v1.4.8; http://mj12bot.com/)"
144.76.118.82 - - [06/Oct/2021:09:38:49 +0200] "GET /rattan-table-lamp-p-53714.html HTTP/1.0" 200 70478 "-" "Mozilla/5.0 (compatible; MJ12bot/v1.4.8; http://mj12bot.com/)"
