92.220.10.100 - - [06/Oct/2021:05:17:17 +0200] "GET /-p-36978.html HTTP/1.0" 200 70420 "-" "Mozilla/5.0 (compatible; MJ12bot/v1.4.8; http://mj12bot.com/)"
92.220.10.100 - - [06/Oct/2021:05:17:20 +0200] "GET /-p-37245.html HTTP/1.0" 200 70420 "-" "Mozilla/5.0 (compatible; MJ12bot/v1.4.8; http://mj12bot.com/)"
92.220.10.100 - - [06/Oct/2021:05:17:24 +0200] "GET /-p-37270.html HTTP/1.0" 200 70420 "-" "Mozilla/5.0 (compatible; MJ12bot/v1.4.8; http://mj12bot.com/)"
92.220.10.100 - - [06/Oct/2021:05:17:26 +0200] "GET /-p-37322.html HTTP/1.0" 200 70420 "-" "Mozilla/5.0 (compatible; MJ12bot/v1.4.8; http://mj12bot.com/)"
92.220.10.100 - - [06/Oct/2021:05:17:29 +0200] "GET /-p-38711.html HTTP/1.0" 200 70420 "-" "Mozilla/5.0 (compatible; MJ12bot/v1.4.8; http://mj12bot.com/)"
92.220.10.100 - - [06/Oct/2021:05:17:32 +0200] "GET /-p-39065.html HTTP/1.0" 200 70420 "-" "Mozilla/5.0 (compatible; MJ12bot/v1.4.8; http://mj12bot.com/)"
92.220.10.100 - - [06/Oct/2021:05:17:36 +0200] "GET /-p-39264.html HTTP/1.0" 200 70420 "-" "Mozilla/5.0 (compatible; MJ12bot/v1.4.8; http://mj12bot.com/)"
92.220.10.100 - - [06/Oct/2021:05:17:38 +0200] "GET /-p-39288.html HTTP/1.0" 200 70420 "-" "Mozilla/5.0 (compatible; MJ12bot/v1.4.8; http://mj12bot.com/)"
92.220.10.100 - - [06/Oct/2021:05:17:41 +0200] "GET /-p-40191.html HTTP/1.0" 200 70420 "-" "Mozilla/5.0 (compatible; MJ12bot/v1.4.8; http://mj12bot.com/)"
92.220.10.100 - - [06/Oct/2021:05:17:44 +0200] "GET /-p-40242.html HTTP/1.0" 200 70420 "-" "Mozilla/5.0 (compatible; MJ12bot/v1.4.8; http://mj12bot.com/)"
92.220.10.100 - - [06/Oct/2021:05:17:46 +0200] "GET /-p-40282.html HTTP/1.0" 200 70420 "-" "Mozilla/5.0 (compatible; MJ12bot/v1.4.8; http://mj12bot.com/)"
92.220.10.100 - - [06/Oct/2021:05:17:49 +0200] "GET /-p-41403.html HTTP/1.0" 200 70420 "-" "Mozilla/5.0 (compatible; MJ12bot/v1.4.8; http://mj12bot.com/)"
92.220.10.100 - - [06/Oct/2021:05:17:52 +0200] "GET /-p-41404.html HTTP/1.0" 200 70420 "-" "Mozilla/5.0 (compatible; MJ12bot/v1.4.8; http://mj12bot.com/)"
92.220.10.100 - - [06/Oct/2021:05:17:55 +0200] "GET /-p-41454.html HTTP/1.0" 200 70420 "-" "Mozilla/5.0 (compatible; MJ12bot/v1.4.8; http://mj12bot.com/)"
92.220.10.100 - - [06/Oct/2021:05:17:58 +0200] "GET /-p-42339.html HTTP/1.0" 200 70420 "-" "Mozilla/5.0 (compatible; MJ12bot/v1.4.8; http://mj12bot.com/)"
92.220.10.100 - - [06/Oct/2021:05:18:02 +0200] "GET /-p-42373.html HTTP/1.0" 200 70420 "-" "Mozilla/5.0 (compatible; MJ12bot/v1.4.8; http://mj12bot.com/)"
92.220.10.100 - - [06/Oct/2021:05:18:04 +0200] "GET /-p-44201.html HTTP/1.0" 200 70420 "-" "Mozilla/5.0 (compatible; MJ12bot/v1.4.8; http://mj12bot.com/)"
92.220.10.100 - - [06/Oct/2021:05:18:08 +0200] "GET /-p-44280.html HTTP/1.0" 200 70420 "-" "Mozilla/5.0 (compatible; MJ12bot/v1.4.8; http://mj12bot.com/)"
92.220.10.100 - - [06/Oct/2021:05:18:10 +0200] "GET /-p-44282.html HTTP/1.0" 200 70420 "-" "Mozilla/5.0 (compatible; MJ12bot/v1.4.8; http://mj12bot.com/)"
92.220.10.100 - - [06/Oct/2021:05:18:13 +0200] "GET /-p-45088.html HTTP/1.0" 200 70420 "-" "Mozilla/5.0 (compatible; MJ12bot/v1.4.8; http://mj12bot.com/)"
92.220.10.100 - - [06/Oct/2021:05:18:15 +0200] "GET /-p-4603.html HTTP/1.0" 200 70418 "-" "Mozilla/5.0 (compatible; MJ12bot/v1.4.8; http://mj12bot.com/)"
92.220.10.100 - - [06/Oct/2021:05:18:18 +0200] "GET /-p-46316.html HTTP/1.0" 200 70420 "-" "Mozilla/5.0 (compatible; MJ12bot/v1.4.8; http://mj12bot.com/)"
92.220.10.100 - - [06/Oct/2021:05:18:20 +0200] "GET /-p-46401.html HTTP/1.0" 200 70420 "-" "Mozilla/5.0 (compatible; MJ12bot/v1.4.8; http://mj12bot.com/)"
54.36.148.88 - - [06/Oct/2021:05:18:21 +0200] "GET /accessories-mobiles-c-3_17.html?page=5 HTTP/1.0" 200 94381 "-" "Mozilla/5.0 (compatible; AhrefsBot/7.0; +http://ahrefs.com/robot/)"
92.220.10.100 - - [06/Oct/2021:05:18:23 +0200] "GET /-p-486.html HTTP/1.0" 200 70416 "-" "Mozilla/5.0 (compatible; MJ12bot/v1.4.8; http://mj12bot.com/)"
92.220.10.100 - - [06/Oct/2021:05:18:26 +0200] "GET /-p-51050.html HTTP/1.0" 200 70420 "-" "Mozilla/5.0 (compatible; MJ12bot/v1.4.8; http://mj12bot.com/)"
92.220.10.100 - - [06/Oct/2021:05:18:28 +0200] "GET /-p-51406.html HTTP/1.0" 200 70420 "-" "Mozilla/5.0 (compatible; MJ12bot/v1.4.8; http://mj12bot.com/)"
92.220.10.100 - - [06/Oct/2021:05:18:31 +0200] "GET /-p-6639.html HTTP/1.0" 200 70418 "-" "Mozilla/5.0 (compatible; MJ12bot/v1.4.8; http://mj12bot.com/)"
92.220.10.100 - - [06/Oct/2021:05:18:33 +0200] "GET /-p-6657.html HTTP/1.0" 200 70418 "-" "Mozilla/5.0 (compatible; MJ12bot/v1.4.8; http://mj12bot.com/)"
185.191.171.9 - - [06/Oct/2021:05:18:34 +0200] "GET /peanuts-wallet-p-3546.html?action=add_product HTTP/1.0" 302 476 "-" "Mozilla/5.0 (compatible; SemrushBot/7~bl; +http://www.semrush.com/bot.html)"
92.220.10.100 - - [06/Oct/2021:05:18:36 +0200] "GET /-p-9928.html HTTP/1.0" 200 70418 "-" "Mozilla/5.0 (compatible; MJ12bot/v1.4.8; http://mj12bot.com/)"
66.249.64.82 - - [06/Oct/2021:05:18:37 +0200] "GET /baskets-with-handles-p-50701.html HTTP/1.0" 200 74021 "-" "Mozilla/5.0 (Linux; Android 6.0.1; Nexus 5X Build/MMB29P) AppleWebKit/537.36 (KHTML, like Gecko) Chrome/94.0.4606.61 Mobile Safari/537.36 (compatible; Googlebot/2.1; +http://www.google.com/bot.html)"
17.121.115.164 - - [06/Oct/2021:05:18:39 +0200] "GET /images/mini_prod/3609810067066.jpg HTTP/1.0" 200 269 "-" "Mozilla/5.0 (Macintosh; Intel Mac OS X 10_15_5) AppleWebKit/605.1.15 (KHTML, like Gecko) Version/13.1.1 Safari/605.1.15 (Applebot/0.1; +http://www.apple.com/go/applebot)"
92.220.10.100 - - [06/Oct/2021:05:18:39 +0200] "GET /allen-designs-small-flowerpot-rikaro-baby-rose-p-51398.html HTTP/1.0" 200 70598 "-" "Mozilla/5.0 (compatible; MJ12bot/v1.4.8; http://mj12bot.com/)"
92.220.10.100 - - [06/Oct/2021:05:18:41 +0200] "GET /ananas-cube-p-42517.html HTTP/1.0" 200 73032 "-" "Mozilla/5.0 (compatible; MJ12bot/v1.4.8; http://mj12bot.com/)"
92.220.10.100 - - [06/Oct/2021:05:18:44 +0200] "GET /ananas-ice-cube-p-42517.html HTTP/1.0" 301 73110 "-" "Mozilla/5.0 (compatible; MJ12bot/v1.4.8; http://mj12bot.com/)"
20.191.45.212 - - [06/Oct/2021:05:18:45 +0200] "GET / HTTP/1.0" 200 150353 "http://www.wonder-geek.com/" "Mozilla/5.0 (compatible; DuckDuckGo-Favicons-Bot/1.0; +http://duckduckgo.com)"
20.191.45.212 - - [06/Oct/2021:05:18:46 +0200] "GET /favicon.ico HTTP/1.0" 200 260 "http://www.wonder-geek.com/favicon.ico" "Mozilla/5.0 (compatible; DuckDuckGo-Favicons-Bot/1.0; +http://duckduckgo.com)"
92.220.10.100 - - [06/Oct/2021:05:18:48 +0200] "GET /ananas-cube-p-42517.html HTTP/1.0" 200 73032 "-" "Mozilla/5.0 (compatible; MJ12bot/v1.4.8; http://mj12bot.com/)"
40.77.167.65 - - [06/Oct/2021:05:18:50 +0200] "GET /concrete-pencil-p-41579.html HTTP/1.0" 200 73040 "-" "Mozilla/5.0 (compatible; bingbot/2.0; +http://www.bing.com/bingbot.htm)"
92.220.10.100 - - [06/Oct/2021:05:18:51 +0200] "GET /athena-statue-30-cm-p-50203.html HTTP/1.0" 301 73170 "-" "Mozilla/5.0 (compatible; MJ12bot/v1.4.8; http://mj12bot.com/)"
92.220.10.100 - - [06/Oct/2021:05:18:54 +0200] "GET /athena-statue-p-50203.html HTTP/1.0" 200 73090 "-" "Mozilla/5.0 (compatible; MJ12bot/v1.4.8; http://mj12bot.com/)"
92.220.10.100 - - [06/Oct/2021:05:18:57 +0200] "GET /athena-statue-p-50203.html HTTP/1.0" 200 73090 "-" "Mozilla/5.0 (compatible; MJ12bot/v1.4.8; http://mj12bot.com/)"
185.191.171.18 - - [06/Oct/2021:05:18:57 +0200] "GET /gogh-little-tray-p-51671.html HTTP/1.0" 200 70486 "-" "Mozilla/5.0 (compatible; SemrushBot/7~bl; +http://www.semrush.com/bot.html)"
92.220.10.100 - - [06/Oct/2021:05:19:01 +0200] "GET /aurora-small-flexible-molds-p-28215.html HTTP/1.0" 200 73275 "-" "Mozilla/5.0 (compatible; MJ12bot/v1.4.8; http://mj12bot.com/)"
54.36.149.11 - - [06/Oct/2021:05:19:03 +0200] "GET /tinkerbell-figurine-ornement-collection-disney-traditions-p-12122.html HTTP/1.0" 301 70487 "-" "Mozilla/5.0 (compatible; AhrefsBot/7.0; +http://ahrefs.com/robot/)"
92.220.10.100 - - [06/Oct/2021:05:19:03 +0200] "GET /bamboo-basket-black-and-white-22-cm-p-50135.html HTTP/1.0" 301 73209 "-" "Mozilla/5.0 (compatible; MJ12bot/v1.4.8; http://mj12bot.com/)"
92.220.10.100 - - [06/Oct/2021:05:19:07 +0200] "GET /bamboo-basket-black-white-p-50135.html HTTP/1.0" 200 73117 "-" "Mozilla/5.0 (compatible; MJ12bot/v1.4.8; http://mj12bot.com/)"
92.220.10.100 - - [06/Oct/2021:05:19:10 +0200] "GET /bamboo-basket-black-white-p-50135.html HTTP/1.0" 200 73117 "-" "Mozilla/5.0 (compatible; MJ12bot/v1.4.8; http://mj12bot.com/)"
185.191.171.43 - - [06/Oct/2021:05:19:12 +0200] "GET /rainbow-bookends-p-50759.html?action=add_product HTTP/1.0" 302 476 "-" "Mozilla/5.0 (compatible; SemrushBot/7~bl; +http://www.semrush.com/bot.html)"
92.220.10.100 - - [06/Oct/2021:05:19:14 +0200] "GET /bamboo-flower-cover-p-55090.html HTTP/1.0" 200 73664 "-" "Mozilla/5.0 (compatible; MJ12bot/v1.4.8; http://mj12bot.com/)"
92.220.10.100 - - [06/Oct/2021:05:19:17 +0200] "GET /bamboo-laundry-basket-60-cm-p-52484.html HTTP/1.0" 301 73972 "-" "Mozilla/5.0 (compatible; MJ12bot/v1.4.8; http://mj12bot.com/)"
92.220.10.100 - - [06/Oct/2021:05:19:20 +0200] "GET /bamboo-laundry-basket-p-52484.html HTTP/1.0" 200 73884 "-" "Mozilla/5.0 (compatible; MJ12bot/v1.4.8; http://mj12bot.com/)"
92.220.10.100 - - [06/Oct/2021:05:19:23 +0200] "GET /bamboo-laundry-basket-p-52484.html HTTP/1.0" 200 73884 "-" "Mozilla/5.0 (compatible; MJ12bot/v1.4.8; http://mj12bot.com/)"
92.220.10.100 - - [06/Oct/2021:05:19:25 +0200] "GET /bamboo-table-lamp-p-53921.html HTTP/1.0" 200 74266 "-" "Mozilla/5.0 (compatible; MJ12bot/v1.4.8; http://mj12bot.com/)"
92.220.10.100 - - [06/Oct/2021:05:19:28 +0200] "GET /bamboo-table-lamp-p-53931.html HTTP/1.0" 200 70478 "-" "Mozilla/5.0 (compatible; MJ12bot/v1.4.8; http://mj12bot.com/)"
92.220.10.100 - - [06/Oct/2021:05:19:31 +0200] "GET /bamboo-vase-p-55110.html HTTP/1.0" 200 73833 "-" "Mozilla/5.0 (compatible; MJ12bot/v1.4.8; http://mj12bot.com/)"
92.220.10.100 - - [06/Oct/2021:05:19:33 +0200] "GET /beige-white-cement-lamp-p-55604.html HTTP/1.0" 200 73759 "-" "Mozilla/5.0 (compatible; MJ12bot/v1.4.8; http://mj12bot.com/)"
66.249.64.84 - - [06/Oct/2021:05:19:35 +0200] "GET /small-angel-heart-stitch-collectible-statuette-p-56318.html HTTP/1.0" 200 74432 "-" "Mozilla/5.0 (Linux; Android 6.0.1; Nexus 5X Build/MMB29P) AppleWebKit/537.36 (KHTML, like Gecko) Chrome/94.0.4606.61 Mobile Safari/537.36 (compatible; Googlebot/2.1; +http://www.google.com/bot.html)"
92.220.10.100 - - [06/Oct/2021:05:19:36 +0200] "GET /bell-golden-brass-and-wood-table-235-12-cm-p-41447.html HTTP/1.0" 301 73308 "-" "Mozilla/5.0 (compatible; MJ12bot/v1.4.8; http://mj12bot.com/)"
66.249.64.83 - - [06/Oct/2021:05:19:39 +0200] "GET /flamingo-metal-tray-33-cm-white-p-40181.html HTTP/1.0" 301 73262 "-" "Mozilla/5.0 (Linux; Android 6.0.1; Nexus 5X Build/MMB29P) AppleWebKit/537.36 (KHTML, like Gecko) Chrome/94.0.4606.61 Mobile Safari/537.36 (compatible; Googlebot/2.1; +http://www.google.com/bot.html)"
66.249.64.82 - - [06/Oct/2021:05:19:39 +0200] "GET /flamingo-metal-tray-white-p-40181.html HTTP/1.0" 200 73170 "-" "Mozilla/5.0 (Linux; Android 6.0.1; Nexus 5X Build/MMB29P) AppleWebKit/537.36 (KHTML, like Gecko) Chrome/94.0.4606.61 Mobile Safari/537.36 (compatible; Googlebot/2.1; +http://www.google.com/bot.html)"
5.255.253.134 - - [06/Oct/2021:05:19:40 +0200] "GET /images/big_prod/3612875115979.jpg HTTP/1.0" 200 268 "-" "Mozilla/5.0 (compatible; YandexImages/3.0; +http://yandex.com/bots)"
92.220.10.100 - - [06/Oct/2021:05:19:39 +0200] "GET /bell-golden-brass-wood-table-p-41447.html HTTP/1.0" 200 73213 "-" "Mozilla/5.0 (compatible; MJ12bot/v1.4.8; http://mj12bot.com/)"
92.220.10.100 - - [06/Oct/2021:05:19:43 +0200] "GET /bell-golden-brass-wood-table-p-41447.html HTTP/1.0" 200 73213 "-" "Mozilla/5.0 (compatible; MJ12bot/v1.4.8; http://mj12bot.com/)"
92.220.10.100 - - [06/Oct/2021:05:19:46 +0200] "GET /ben-10-pairs-of-socks-size-23-26-p-25679.html HTTP/1.0" 301 70628 "-" "Mozilla/5.0 (compatible; MJ12bot/v1.4.8; http://mj12bot.com/)"
92.220.10.100 - - [06/Oct/2021:05:19:48 +0200] "GET /pairs-socks-size-p-25679.html HTTP/1.0" 200 70545 "-" "Mozilla/5.0 (compatible; MJ12bot/v1.4.8; http://mj12bot.com/)"
54.36.149.7 - - [06/Oct/2021:05:19:49 +0200] "GET /home-decoration-c-13.html?page=103 HTTP/1.0" 200 92749 "-" "Mozilla/5.0 (compatible; AhrefsBot/7.0; +http://ahrefs.com/robot/)"
92.220.10.100 - - [06/Oct/2021:05:19:52 +0200] "GET /beyblade-blue-swimsuit-p-30447.html HTTP/1.0" 200 74798 "-" "Mozilla/5.0 (compatible; MJ12bot/v1.4.8; http://mj12bot.com/)"
92.220.10.100 - - [06/Oct/2021:05:19:56 +0200] "GET /blooming-garden-fine-bone-china-p-54924.html HTTP/1.0" 200 73265 "-" "Mozilla/5.0 (compatible; MJ12bot/v1.4.8; http://mj12bot.com/)"
92.220.10.100 - - [06/Oct/2021:05:19:59 +0200] "GET /blue-moneybox-safe-p-40191.html HTTP/1.0" 301 70487 "-" "Mozilla/5.0 (compatible; MJ12bot/v1.4.8; http://mj12bot.com/)"
92.220.10.100 - - [06/Oct/2021:05:20:02 +0200] "GET /-p-40191.html HTTP/1.0" 200 70420 "-" "Mozilla/5.0 (compatible; MJ12bot/v1.4.8; http://mj12bot.com/)"
92.220.10.100 - - [06/Oct/2021:05:20:05 +0200] "GET /blue-piggy-bank-p-55572.html HTTP/1.0" 200 73085 "-" "Mozilla/5.0 (compatible; MJ12bot/v1.4.8; http://mj12bot.com/)"
92.220.10.100 - - [06/Oct/2021:05:20:07 +0200] "GET /blue-piggy-bank-premire-tirelire-p-55716.html HTTP/1.0" 200 73791 "-" "Mozilla/5.0 (compatible; MJ12bot/v1.4.8; http://mj12bot.com/)"
92.220.10.100 - - [06/Oct/2021:05:20:10 +0200] "GET /bob-marley-mirror-p-49814.html HTTP/1.0" 301 73088 "-" "Mozilla/5.0 (compatible; MJ12bot/v1.4.8; http://mj12bot.com/)"
92.220.10.100 - - [06/Oct/2021:05:20:13 +0200] "GET /marley-mirror-p-49814.html HTTP/1.0" 200 73008 "-" "Mozilla/5.0 (compatible; MJ12bot/v1.4.8; http://mj12bot.com/)"
49.7.20.122 - - [06/Oct/2021:05:20:13 +0200] "GET / HTTP/1.0" 200 150334 "-" "Sogou web spider/4.0(+http://www.sogou.com/docs/help/webmasters.htm#07)"
92.220.10.100 - - [06/Oct/2021:05:20:16 +0200] "GET /bolster-case-cotton-percale-threads-p-51253.html HTTP/1.0" 200 74024 "-" "Mozilla/5.0 (compatible; MJ12bot/v1.4.8; http://mj12bot.com/)"
66.249.64.82 - - [06/Oct/2021:05:20:18 +0200] "GET /swfobject.js HTTP/1.0" 404 1308 "http://www.wonder-geek.com/small-angel-heart-stitch-collectible-statuette-p-56318.html" "Mozilla/5.0 (Linux; Android 6.0.1; Nexus 5X Build/MMB29P) AppleWebKit/537.36 (KHTML, like Gecko) Chrome/94.0.4606.61 Mobile Safari/537.36 (compatible; Googlebot/2.1; +http://www.google.com/bot.html)"
92.220.10.100 - - [06/Oct/2021:05:20:18 +0200] "GET /bolster-case-in-cotton-percale-80-threads-43-190-cm-p-51253.html HTTP/1.0" 301 74126 "-" "Mozilla/5.0 (compatible; MJ12bot/v1.4.8; http://mj12bot.com/)"
92.220.10.100 - - [06/Oct/2021:05:20:21 +0200] "GET /bolster-case-cotton-percale-threads-p-51253.html HTTP/1.0" 200 74024 "-" "Mozilla/5.0 (compatible; MJ12bot/v1.4.8; http://mj12bot.com/)"
92.220.10.100 - - [06/Oct/2021:05:20:25 +0200] "GET /book-rectangular-box-with-card-games-king-p-36765.html HTTP/1.0" 301 70487 "-" "Mozilla/5.0 (compatible; MJ12bot/v1.4.8; http://mj12bot.com/)"
92.220.10.100 - - [06/Oct/2021:05:20:27 +0200] "GET /-p-36765.html HTTP/1.0" 200 70420 "-" "Mozilla/5.0 (compatible; MJ12bot/v1.4.8; http://mj12bot.com/)"
92.220.10.100 - - [06/Oct/2021:05:20:31 +0200] "GET /book-rectangular-box-with-card-games-queen-p-36766.html HTTP/1.0" 301 70487 "-" "Mozilla/5.0 (compatible; MJ12bot/v1.4.8; http://mj12bot.com/)"
92.220.10.100 - - [06/Oct/2021:05:20:35 +0200] "GET /-p-36766.html HTTP/1.0" 200 70420 "-" "Mozilla/5.0 (compatible; MJ12bot/v1.4.8; http://mj12bot.com/)"
92.220.10.100 - - [06/Oct/2021:05:20:38 +0200] "GET /bord-de-mer-wall-hanger-p-53762.html HTTP/1.0" 301 73328 "-" "Mozilla/5.0 (compatible; MJ12bot/v1.4.8; http://mj12bot.com/)"
92.220.10.100 - - [06/Oct/2021:05:20:41 +0200] "GET /bord-wall-hanger-p-53762.html HTTP/1.0" 200 73245 "-" "Mozilla/5.0 (compatible; MJ12bot/v1.4.8; http://mj12bot.com/)"
92.220.10.100 - - [06/Oct/2021:05:20:44 +0200] "GET /bord-wall-hanger-p-53762.html HTTP/1.0" 200 73245 "-" "Mozilla/5.0 (compatible; MJ12bot/v1.4.8; http://mj12bot.com/)"
92.220.10.100 - - [06/Oct/2021:05:20:47 +0200] "GET /box-of-12-sonny-angel-christmas-limited-series-2020-p-53389.html HTTP/1.0" 301 74116 "-" "Mozilla/5.0 (compatible; MJ12bot/v1.4.8; http://mj12bot.com/)"
92.220.10.100 - - [06/Oct/2021:05:20:49 +0200] "GET /sonny-angel-christmas-limited-series-2020-p-53389.html HTTP/1.0" 200 74008 "-" "Mozilla/5.0 (compatible; MJ12bot/v1.4.8; http://mj12bot.com/)"
92.220.10.100 - - [06/Oct/2021:05:20:53 +0200] "GET /box-with-wooden-drawers-blush-p-53946.html HTTP/1.0" 301 73953 "-" "Mozilla/5.0 (compatible; MJ12bot/v1.4.8; http://mj12bot.com/)"
92.220.10.100 - - [06/Oct/2021:05:20:55 +0200] "GET /with-wooden-drawers-blush-p-53946.html HTTP/1.0" 200 73861 "-" "Mozilla/5.0 (compatible; MJ12bot/v1.4.8; http://mj12bot.com/)"
92.220.10.100 - - [06/Oct/2021:05:20:58 +0200] "GET /box-with-wooden-drawers-taipei-p-53913.html HTTP/1.0" 301 73347 "-" "Mozilla/5.0 (compatible; MJ12bot/v1.4.8; http://mj12bot.com/)"
92.220.10.100 - - [06/Oct/2021:05:21:01 +0200] "GET /with-wooden-drawers-taipei-p-53913.html HTTP/1.0" 200 73254 "-" "Mozilla/5.0 (compatible; MJ12bot/v1.4.8; http://mj12bot.com/)"
92.220.10.100 - - [06/Oct/2021:05:21:03 +0200] "GET /boys-c-2.html?page=2 HTTP/1.0" 200 85303 "-" "Mozilla/5.0 (compatible; MJ12bot/v1.4.8; http://mj12bot.com/)"
92.220.10.100 - - [06/Oct/2021:05:21:05 +0200] "GET /boys-c-2.html?page=3 HTTP/1.0" 200 85303 "-" "Mozilla/5.0 (compatible; MJ12bot/v1.4.8; http://mj12bot.com/)"
92.220.10.100 - - [06/Oct/2021:05:21:08 +0200] "GET /bronze-countertop-bell-14-cm-p-41502.html HTTP/1.0" 301 73183 "-" "Mozilla/5.0 (compatible; MJ12bot/v1.4.8; http://mj12bot.com/)"
92.220.10.100 - - [06/Oct/2021:05:21:11 +0200] "GET /bronze-countertop-bell-p-41502.html HTTP/1.0" 200 73094 "-" "Mozilla/5.0 (compatible; MJ12bot/v1.4.8; http://mj12bot.com/)"
185.191.171.11 - - [06/Oct/2021:05:21:11 +0200] "GET /glass-cutting-board-cbkreation-p-51334.html?action=add_product HTTP/1.0" 302 476 "-" "Mozilla/5.0 (compatible; SemrushBot/7~bl; +http://www.semrush.com/bot.html)"
92.220.10.100 - - [06/Oct/2021:05:21:14 +0200] "GET /bronze-countertop-bell-p-41502.html HTTP/1.0" 200 73094 "-" "Mozilla/5.0 (compatible; MJ12bot/v1.4.8; http://mj12bot.com/)"
5.188.211.13 - - [06/Oct/2021:05:21:16 +0200] "GET /piggy-bank-pig-in-coconut-p-50590.html HTTP/1.0" 301 73748 "-" "Mozilla/4.0 (compatible; MSIE 6.0; Windows NT 5.1; SV1)"
5.188.211.13 - - [06/Oct/2021:05:21:17 +0200] "GET /piggy-bank-coconut-p-50590.html HTTP/1.0" 200 73663 "-" "Mozilla/4.0 (compatible; MSIE 6.0; Windows NT 5.1; SV1)"
5.188.211.13 - - [06/Oct/2021:05:21:17 +0200] "GET /posters-stickers-wall-c-13_147.html HTTP/1.0" 200 90373 "-" "Mozilla/4.0 (compatible; MSIE 6.0; Windows NT 5.1; SV1)"
5.188.211.13 - - [06/Oct/2021:05:21:18 +0200] "GET /mtal-signs-c-13_130.html HTTP/1.0" 200 94370 "-" "Mozilla/4.0 (compatible; MSIE 6.0; Windows NT 5.1; SV1)"
5.188.211.13 - - [06/Oct/2021:05:21:19 +0200] "GET /contact_us.php HTTP/1.0" 200 26241 "-" "Mozilla/4.0 (compatible; MSIE 6.0; Windows NT 5.1; SV1)"
5.188.211.13 - - [06/Oct/2021:05:21:19 +0200] "POST /contact_us.php?action=send HTTP/1.0" 200 26653 "http://www.wonder-geek.com/contact_us.php" "Mozilla/4.0 (compatible; MSIE 6.0; Windows NT 5.1; SV1)"
92.220.10.100 - - [06/Oct/2021:05:21:18 +0200] "GET /cactus-lamp-in-white-porcelain-30-cm-p-46357.html HTTP/1.0" 301 70630 "-" "Mozilla/5.0 (compatible; MJ12bot/v1.4.8; http://mj12bot.com/)"
5.188.211.13 - - [06/Oct/2021:05:21:19 +0200] "POST /contact_us.php?action=send HTTP/1.0" 200 26653 "http://www.wonder-geek.com/" "Mozilla/4.0 (compatible; MSIE 6.0; Windows NT 5.1; SV1)"
5.188.211.13 - - [06/Oct/2021:05:21:20 +0200] "GET / HTTP/1.0" 200 150311 "-" "Mozilla/4.0 (compatible; MSIE 6.0; Windows NT 5.1; SV1)"
54.36.149.88 - - [06/Oct/2021:05:21:21 +0200] "GET /home-decoration-c-13.html?page=106 HTTP/1.0" 200 92872 "-" "Mozilla/5.0 (compatible; AhrefsBot/7.0; +http://ahrefs.com/robot/)"
92.220.10.100 - - [06/Oct/2021:05:21:22 +0200] "GET /cactus-lamp-white-porcelain-p-46357.html HTTP/1.0" 200 70536 "-" "Mozilla/5.0 (compatible; MJ12bot/v1.4.8; http://mj12bot.com/)"
5.188.211.13 - - [06/Oct/2021:05:21:22 +0200] "GET /piggy-bank-pig-in-coconut-p-50590.html HTTP/1.0" 301 73748 "-" "Mozilla/4.0 (compatible; MSIE 6.0; Windows NT 5.1; SV1)"
5.188.211.13 - - [06/Oct/2021:05:21:23 +0200] "GET /piggy-bank-coconut-p-50590.html HTTP/1.0" 200 73663 "-" "Mozilla/4.0 (compatible; MSIE 6.0; Windows NT 5.1; SV1)"
5.188.211.13 - - [06/Oct/2021:05:21:24 +0200] "GET /contact_us.php HTTP/1.0" 200 26241 "-" "Mozilla/4.0 (compatible; MSIE 6.0; Windows NT 5.1; SV1)"
5.188.211.13 - - [06/Oct/2021:05:21:24 +0200] "GET /create_account.php HTTP/1.0" 200 33633 "-" "Mozilla/4.0 (compatible; MSIE 6.0; Windows NT 5.1; SV1)"
5.188.211.13 - - [06/Oct/2021:05:21:24 +0200] "GET /checkout_shipping.php HTTP/1.0" 302 468 "-" "Mozilla/4.0 (compatible; MSIE 6.0; Windows NT 5.1; SV1)"
5.188.211.13 - - [06/Oct/2021:05:21:25 +0200] "GET /login.php HTTP/1.0" 200 17155 "-" "Mozilla/4.0 (compatible; MSIE 6.0; Windows NT 5.1; SV1)"
5.188.211.13 - - [06/Oct/2021:05:21:25 +0200] "GET /shopping_cart.php HTTP/1.0" 200 13298 "-" "Mozilla/4.0 (compatible; MSIE 6.0; Windows NT 5.1; SV1)"
5.188.211.13 - - [06/Oct/2021:05:21:25 +0200] "GET /login.php HTTP/1.0" 200 17155 "-" "Mozilla/4.0 (compatible; MSIE 6.0; Windows NT 5.1; SV1)"
5.188.211.13 - - [06/Oct/2021:05:21:25 +0200] "GET /specials.php HTTP/1.0" 200 125335 "-" "Mozilla/4.0 (compatible; MSIE 6.0; Windows NT 5.1; SV1)"
92.220.10.100 - - [06/Oct/2021:05:21:25 +0200] "GET /cactus-lamp-white-porcelain-p-46357.html HTTP/1.0" 200 70536 "-" "Mozilla/5.0 (compatible; MJ12bot/v1.4.8; http://mj12bot.com/)"
5.188.211.13 - - [06/Oct/2021:05:21:26 +0200] "GET /products_new.php HTTP/1.0" 200 94564 "-" "Mozilla/4.0 (compatible; MSIE 6.0; Windows NT 5.1; SV1)"
92.220.10.100 - - [06/Oct/2021:05:21:29 +0200] "GET /candy-cloud-unicorn-lola-p-49790.html HTTP/1.0" 200 73582 "-" "Mozilla/5.0 (compatible; MJ12bot/v1.4.8; http://mj12bot.com/)"
92.220.10.100 - - [06/Oct/2021:05:21:32 +0200] "GET /cars-light-p-33154.html HTTP/1.0" 301 70487 "-" "Mozilla/5.0 (compatible; MJ12bot/v1.4.8; http://mj12bot.com/)"
92.220.10.100 - - [06/Oct/2021:05:21:35 +0200] "GET /-p-33154.html HTTP/1.0" 200 70420 "-" "Mozilla/5.0 (compatible; MJ12bot/v1.4.8; http://mj12bot.com/)"
92.220.10.100 - - [06/Oct/2021:05:21:38 +0200] "GET /cars-light-up-led-p-33154.html HTTP/1.0" 301 70487 "-" "Mozilla/5.0 (compatible; MJ12bot/v1.4.8; http://mj12bot.com/)"
92.220.10.100 - - [06/Oct/2021:05:21:41 +0200] "GET /-p-33154.html HTTP/1.0" 200 70420 "-" "Mozilla/5.0 (compatible; MJ12bot/v1.4.8; http://mj12bot.com/)"
185.191.171.43 - - [06/Oct/2021:05:21:45 +0200] "GET /cushion-manoir-40-cm-p-39040.html HTTP/1.0" 301 70487 "-" "Mozilla/5.0 (compatible; SemrushBot/7~bl; +http://www.semrush.com/bot.html)"
92.220.10.100 - - [06/Oct/2021:05:21:45 +0200] "GET /cars-pairs-of-bobby-socks-size-19-22-p-25691.html HTTP/1.0" 301 70487 "-" "Mozilla/5.0 (compatible; MJ12bot/v1.4.8; http://mj12bot.com/)"
185.191.171.2 - - [06/Oct/2021:05:21:47 +0200] "GET /-p-39040.html HTTP/1.0" 200 70420 "-" "Mozilla/5.0 (compatible; SemrushBot/7~bl; +http://www.semrush.com/bot.html)"
92.220.10.100 - - [06/Oct/2021:05:21:48 +0200] "GET /-p-25691.html HTTP/1.0" 200 70420 "-" "Mozilla/5.0 (compatible; MJ12bot/v1.4.8; http://mj12bot.com/)"
92.220.10.100 - - [06/Oct/2021:05:21:51 +0200] "GET /cars-small-silicone-mold-orange-model-p-28240.html HTTP/1.0" 200 70562 "-" "Mozilla/5.0 (compatible; MJ12bot/v1.4.8; http://mj12bot.com/)"
92.220.10.100 - - [06/Oct/2021:05:21:53 +0200] "GET /cat-lighting-p-52564.html HTTP/1.0" 301 73984 "-" "Mozilla/5.0 (compatible; MJ12bot/v1.4.8; http://mj12bot.com/)"
92.220.10.100 - - [06/Oct/2021:05:21:55 +0200] "GET /lighting-p-52564.html HTTP/1.0" 200 73909 "-" "Mozilla/5.0 (compatible; MJ12bot/v1.4.8; http://mj12bot.com/)"
92.220.10.100 - - [06/Oct/2021:05:21:58 +0200] "GET /cats-in-love-egg-cup-p-39645.html HTTP/1.0" 301 70544 "-" "Mozilla/5.0 (compatible; MJ12bot/v1.4.8; http://mj12bot.com/)"
147.92.153.6 - - [06/Oct/2021:05:22:00 +0200] "GET /small-stick-stitch-collectible-statuette-p-56317.html HTTP/1.0" 200 74386 "-" "Mozilla/5.0 (compatible; Linespider/1.1; +https://lin.ee/4dwXkTH)"
92.220.10.100 - - [06/Oct/2021:05:22:00 +0200] "GET /cats-love-p-39645.html HTTP/1.0" 200 70468 "-" "Mozilla/5.0 (compatible; MJ12bot/v1.4.8; http://mj12bot.com/)"
185.191.171.22 - - [06/Oct/2021:05:22:01 +0200] "GET /strawberry-shortcake-scarf-years-p-22137.html HTTP/1.0" 200 73372 "-" "Mozilla/5.0 (compatible; SemrushBot/7~bl; +http://www.semrush.com/bot.html)"
92.220.10.100 - - [06/Oct/2021:05:22:04 +0200] "GET /cats-in-love-egg-cup-p-39646.html HTTP/1.0" 301 70544 "-" "Mozilla/5.0 (compatible; MJ12bot/v1.4.8; http://mj12bot.com/)"
51.68.224.127 - - [06/Oct/2021:05:22:05 +0200] "GET /adminweb/export_orders_xml.php?token=256de2z6edz6ed2z6DFSFsed2zed6zeDSFDSGdzedezfzf&maxorders=10&orderstart=1&status=14&start_date=2018-10-01 HTTP/1.0" 200 285 "-" "GesCom CharlotteBoutik Serveur"
51.68.224.127 - - [06/Oct/2021:05:22:05 +0200] "GET /adminweb/export_orders_xml.php?token=256de2z6edz6ed2z6DFSFsed2zed6zeDSFDSGdzedezfzf&maxorders=10&orderstart=1&status=6&start_date=2018-10-01 HTTP/1.0" 200 32573 "-" "GesCom CharlotteBoutik Serveur"
92.220.10.100 - - [06/Oct/2021:05:22:07 +0200] "GET /cats-love-p-39646.html HTTP/1.0" 200 70468 "-" "Mozilla/5.0 (compatible; MJ12bot/v1.4.8; http://mj12bot.com/)"
92.220.10.100 - - [06/Oct/2021:05:22:10 +0200] "GET /cats-love-p-39645.html HTTP/1.0" 200 70468 "-" "Mozilla/5.0 (compatible; MJ12bot/v1.4.8; http://mj12bot.com/)"
92.220.10.100 - - [06/Oct/2021:05:22:13 +0200] "GET /cats-love-p-39646.html HTTP/1.0" 200 70468 "-" "Mozilla/5.0 (compatible; MJ12bot/v1.4.8; http://mj12bot.com/)"
92.220.10.100 - - [06/Oct/2021:05:22:16 +0200] "GET /cats-saucer-for-tea-bag-p-48615.html HTTP/1.0" 301 70580 "-" "Mozilla/5.0 (compatible; MJ12bot/v1.4.8; http://mj12bot.com/)"
92.220.10.100 - - [06/Oct/2021:05:22:19 +0200] "GET /cats-saucer-p-48615.html HTTP/1.0" 200 70502 "-" "Mozilla/5.0 (compatible; MJ12bot/v1.4.8; http://mj12bot.com/)"
92.220.10.100 - - [06/Oct/2021:05:22:22 +0200] "GET /cats-saucer-p-48615.html HTTP/1.0" 200 70502 "-" "Mozilla/5.0 (compatible; MJ12bot/v1.4.8; http://mj12bot.com/)"
92.220.10.100 - - [06/Oct/2021:05:22:25 +0200] "GET /ceramic-flower-pots-lamp-28-cm-p-52531.html HTTP/1.0" 301 74317 "-" "Mozilla/5.0 (compatible; MJ12bot/v1.4.8; http://mj12bot.com/)"
185.191.171.11 - - [06/Oct/2021:05:22:25 +0200] "GET /hello-kitty-dressing-table-with-stool-p-7860.html HTTP/1.0" 200 70594 "-" "Mozilla/5.0 (compatible; SemrushBot/7~bl; +http://www.semrush.com/bot.html)"
92.220.10.100 - - [06/Oct/2021:05:22:28 +0200] "GET /ceramic-flower-pots-lamp-p-52531.html HTTP/1.0" 200 74226 "-" "Mozilla/5.0 (compatible; MJ12bot/v1.4.8; http://mj12bot.com/)"
92.220.10.100 - - [06/Oct/2021:05:22:31 +0200] "GET /ceramic-flower-pots-lamp-30-cm-p-52531.html HTTP/1.0" 301 74317 "-" "Mozilla/5.0 (compatible; MJ12bot/v1.4.8; http://mj12bot.com/)"
207.46.13.54 - - [06/Oct/2021:05:22:33 +0200] "GET /-p-49100.html HTTP/1.0" 200 70420 "-" "Mozilla/5.0 (compatible; bingbot/2.0; +http://www.bing.com/bingbot.htm)"
92.220.10.100 - - [06/Oct/2021:05:22:34 +0200] "GET /ceramic-flower-pots-lamp-p-52531.html HTTP/1.0" 200 74226 "-" "Mozilla/5.0 (compatible; MJ12bot/v1.4.8; http://mj12bot.com/)"
92.220.10.100 - - [06/Oct/2021:05:22:36 +0200] "GET /ceramic-lamp-24-cm-p-53715.html HTTP/1.0" 301 73926 "-" "Mozilla/5.0 (compatible; MJ12bot/v1.4.8; http://mj12bot.com/)"
92.220.10.100 - - [06/Oct/2021:05:22:39 +0200] "GET /ceramic-lamp-p-53715.html HTTP/1.0" 200 73847 "-" "Mozilla/5.0 (compatible; MJ12bot/v1.4.8; http://mj12bot.com/)"
54.36.148.191 - - [06/Oct/2021:05:22:39 +0200] "GET /johnny-hallyday-case-lenticulaire-for-iphone-series-p-20613.html HTTP/1.0" 301 70487 "-" "Mozilla/5.0 (compatible; AhrefsBot/7.0; +http://ahrefs.com/robot/)"
92.220.10.100 - - [06/Oct/2021:05:22:42 +0200] "GET /ceramic-lamp-26-cm-p-53741.html HTTP/1.0" 301 70549 "-" "Mozilla/5.0 (compatible; MJ12bot/v1.4.8; http://mj12bot.com/)"
54.36.148.174 - - [06/Oct/2021:05:22:43 +0200] "GET /home-decoration-c-13.html?page=107 HTTP/1.0" 200 92418 "-" "Mozilla/5.0 (compatible; AhrefsBot/7.0; +http://ahrefs.com/robot/)"
92.220.10.100 - - [06/Oct/2021:05:22:44 +0200] "GET /ceramic-lamp-p-53741.html HTTP/1.0" 200 70470 "-" "Mozilla/5.0 (compatible; MJ12bot/v1.4.8; http://mj12bot.com/)"
92.220.10.100 - - [06/Oct/2021:05:22:47 +0200] "GET /ceramic-lamp-27-cm-p-53932.html HTTP/1.0" 301 70549 "-" "Mozilla/5.0 (compatible; MJ12bot/v1.4.8; http://mj12bot.com/)"
92.220.10.100 - - [06/Oct/2021:05:22:49 +0200] "GET /ceramic-lamp-p-53932.html HTTP/1.0" 200 70470 "-" "Mozilla/5.0 (compatible; MJ12bot/v1.4.8; http://mj12bot.com/)"
92.220.10.100 - - [06/Oct/2021:05:22:52 +0200] "GET /ceramic-lamp-29-cm-p-53752.html HTTP/1.0" 301 73998 "-" "Mozilla/5.0 (compatible; MJ12bot/v1.4.8; http://mj12bot.com/)"
92.220.10.100 - - [06/Oct/2021:05:22:54 +0200] "GET /ceramic-lamp-p-53752.html HTTP/1.0" 200 73919 "-" "Mozilla/5.0 (compatible; MJ12bot/v1.4.8; http://mj12bot.com/)"
92.220.10.100 - - [06/Oct/2021:05:22:59 +0200] "GET /ceramic-lamp-p-53741.html HTTP/1.0" 200 70470 "-" "Mozilla/5.0 (compatible; MJ12bot/v1.4.8; http://mj12bot.com/)"
92.220.10.100 - - [06/Oct/2021:05:23:01 +0200] "GET /ceramic-lamp-p-53932.html HTTP/1.0" 200 70470 "-" "Mozilla/5.0 (compatible; MJ12bot/v1.4.8; http://mj12bot.com/)"
92.220.10.100 - - [06/Oct/2021:05:23:06 +0200] "GET /ceramic-lamp-p-55782.html HTTP/1.0" 200 73726 "-" "Mozilla/5.0 (compatible; MJ12bot/v1.4.8; http://mj12bot.com/)"
92.220.10.100 - - [06/Oct/2021:05:23:08 +0200] "GET /ceramic-lamp-p-55783.html HTTP/1.0" 200 73727 "-" "Mozilla/5.0 (compatible; MJ12bot/v1.4.8; http://mj12bot.com/)"
66.249.64.84 - - [06/Oct/2021:05:23:09 +0200] "GET /large-monkey-standing-lamp-p-48709.html HTTP/1.0" 200 73757 "-" "Mozilla/5.0 (Linux; Android 6.0.1; Nexus 5X Build/MMB29P) AppleWebKit/537.36 (KHTML, like Gecko) Chrome/94.0.4606.61 Mobile Safari/537.36 (compatible; Googlebot/2.1; +http://www.google.com/bot.html)"
92.220.10.100 - - [06/Oct/2021:05:23:11 +0200] "GET /ceramic-star-lamp-p-55784.html HTTP/1.0" 200 73772 "-" "Mozilla/5.0 (compatible; MJ12bot/v1.4.8; http://mj12bot.com/)"
216.244.66.242 - - [06/Oct/2021:05:23:13 +0200] "GET /robots.txt HTTP/1.0" 200 245 "-" "Mozilla/5.0 (compatible; DotBot/1.2; +https://opensiteexplorer.org/dotbot; help@moz.com)"
92.220.10.100 - - [06/Oct/2021:05:23:14 +0200] "GET /ceramic-star-lamp-p-55785.html HTTP/1.0" 200 73771 "-" "Mozilla/5.0 (compatible; MJ12bot/v1.4.8; http://mj12bot.com/)"
185.191.171.37 - - [06/Oct/2021:05:23:16 +0200] "GET /ethnic-mandala-decorative-tray-28-cm-p-48716.html HTTP/1.0" 301 70639 "-" "Mozilla/5.0 (compatible; SemrushBot/7~bl; +http://www.semrush.com/bot.html)"
92.220.10.100 - - [06/Oct/2021:05:23:17 +0200] "GET /children-coat-hooks-p-52562.html HTTP/1.0" 200 73952 "-" "Mozilla/5.0 (compatible; MJ12bot/v1.4.8; http://mj12bot.com/)"
185.191.171.26 - - [06/Oct/2021:05:23:19 +0200] "GET /ethnic-mandala-decorative-tray-p-48716.html HTTP/1.0" 200 70542 "-" "Mozilla/5.0 (compatible; SemrushBot/7~bl; +http://www.semrush.com/bot.html)"
92.220.10.100 - - [06/Oct/2021:05:23:21 +0200] "GET /chinese-guardian-lion-statue-his-left-leg-resting-on-globe-p-50091.html HTTP/1.0" 301 74514 "-" "Mozilla/5.0 (compatible; MJ12bot/v1.4.8; http://mj12bot.com/)"
92.220.10.100 - - [06/Oct/2021:05:23:23 +0200] "GET /chinese-guardian-lion-statue-left-resting-globe-p-50091.html HTTP/1.0" 200 74400 "-" "Mozilla/5.0 (compatible; MJ12bot/v1.4.8; http://mj12bot.com/)"
92.220.10.100 - - [06/Oct/2021:05:23:26 +0200] "GET /chinese-guardian-lion-statue-left-resting-globe-p-50091.html HTTP/1.0" 200 74400 "-" "Mozilla/5.0 (compatible; MJ12bot/v1.4.8; http://mj12bot.com/)"
92.220.10.100 - - [06/Oct/2021:05:23:30 +0200] "GET /chinese-guardian-statue-his-right-leg-resting-on-character-p-50092.html HTTP/1.0" 301 70738 "-" "Mozilla/5.0 (compatible; MJ12bot/v1.4.8; http://mj12bot.com/)"
92.220.10.100 - - [06/Oct/2021:05:23:33 +0200] "GET /chinese-guardian-statue-right-resting-character-p-50092.html HTTP/1.0" 200 70624 "-" "Mozilla/5.0 (compatible; MJ12bot/v1.4.8; http://mj12bot.com/)"
157.55.39.3 - - [06/Oct/2021:05:23:35 +0200] "GET /mani-lucky-p-51803.html HTTP/1.0" 200 73314 "-" "Mozilla/5.0 (compatible; bingbot/2.0; +http://www.bing.com/bingbot.htm)"
92.220.10.100 - - [06/Oct/2021:05:23:36 +0200] "GET /chinese-guardian-statue-right-resting-character-p-50092.html HTTP/1.0" 200 70624 "-" "Mozilla/5.0 (compatible; MJ12bot/v1.4.8; http://mj12bot.com/)"
44.195.32.186 - - [06/Oct/2021:05:23:38 +0200] "GET /images/mini_prod/5036278062209.jpg HTTP/1.0" 200 269 "-" "Mozilla/5.0 (X11; Ubuntu; Linux x86_64; rv:72.0) Gecko/20100101 Firefox/72.0"
92.220.10.100 - - [06/Oct/2021:05:23:40 +0200] "GET /coca-cola-metal-plate-20-15-cm-p-27973.html HTTP/1.0" 301 73169 "-" "Mozilla/5.0 (compatible; MJ12bot/v1.4.8; http://mj12bot.com/)"
92.220.10.100 - - [06/Oct/2021:05:23:43 +0200] "GET /coca-cola-metal-plate-p-27973.html HTTP/1.0" 200 73081 "-" "Mozilla/5.0 (compatible; MJ12bot/v1.4.8; http://mj12bot.com/)"
92.220.10.100 - - [06/Oct/2021:05:23:45 +0200] "GET /coca-cola-metal-plate-p-27973.html HTTP/1.0" 200 73081 "-" "Mozilla/5.0 (compatible; MJ12bot/v1.4.8; http://mj12bot.com/)"
92.220.10.100 - - [06/Oct/2021:05:23:48 +0200] "GET /coconut-fibers-doormat-koala-p-55108.html HTTP/1.0" 200 70542 "-" "Mozilla/5.0 (compatible; MJ12bot/v1.4.8; http://mj12bot.com/)"
92.220.10.100 - - [06/Oct/2021:05:23:51 +0200] "GET /coconut-fibers-doormat-koala-p-55109.html HTTP/1.0" 200 74184 "-" "Mozilla/5.0 (compatible; MJ12bot/v1.4.8; http://mj12bot.com/)"
92.220.10.100 - - [06/Oct/2021:05:23:54 +0200] "GET /coconut-fibers-doormat-mandala-p-55102.html HTTP/1.0" 200 74007 "-" "Mozilla/5.0 (compatible; MJ12bot/v1.4.8; http://mj12bot.com/)"
54.36.148.74 - - [06/Oct/2021:05:23:54 +0200] "GET /accessories-mobiles-c-3_17.html?page=4 HTTP/1.0" 200 94810 "-" "Mozilla/5.0 (compatible; AhrefsBot/7.0; +http://ahrefs.com/robot/)"
92.220.10.100 - - [06/Oct/2021:05:23:57 +0200] "GET /cold-beer-retro-ottoman-storage-box-40-cm-p-40927.html HTTP/1.0" 301 73396 "-" "Mozilla/5.0 (compatible; MJ12bot/v1.4.8; http://mj12bot.com/)"
92.220.10.100 - - [06/Oct/2021:05:24:00 +0200] "GET /cold-beer-retro-ottoman-storage-p-40927.html HTTP/1.0" 200 73298 "-" "Mozilla/5.0 (compatible; MJ12bot/v1.4.8; http://mj12bot.com/)"
92.220.10.100 - - [06/Oct/2021:05:24:02 +0200] "GET /cold-beer-retro-ottoman-storage-p-40927.html HTTP/1.0" 200 73298 "-" "Mozilla/5.0 (compatible; MJ12bot/v1.4.8; http://mj12bot.com/)"
92.220.10.100 - - [06/Oct/2021:05:24:06 +0200] "GET /collectible-figurines-and-decorative-c-13_135.html?page=50 HTTP/1.0" 301 96976 "-" "Mozilla/5.0 (compatible; MJ12bot/v1.4.8; http://mj12bot.com/)"
17.121.115.254 - - [06/Oct/2021:05:24:06 +0200] "GET /little-miss-sunshine-pink-wallet-p-2682.html HTTP/1.0" 200 73373 "-" "Mozilla/5.0 (Macintosh; Intel Mac OS X 10_15_5) AppleWebKit/605.1.15 (KHTML, like Gecko) Version/13.1.1 Safari/605.1.15 (Applebot/0.1; +http://www.apple.com/go/applebot)"
92.220.10.100 - - [06/Oct/2021:05:24:10 +0200] "GET /collectible-figurines-decorative-c-135.html?page=50 HTTP/1.0" 301 96853 "-" "Mozilla/5.0 (compatible; MJ12bot/v1.4.8; http://mj12bot.com/)"
54.36.149.23 - - [06/Oct/2021:05:24:11 +0200] "GET /mother-road-hoodies-p-33757.html HTTP/1.0" 301 70487 "-" "Mozilla/5.0 (compatible; AhrefsBot/7.0; +http://ahrefs.com/robot/)"
185.191.171.35 - - [06/Oct/2021:05:24:10 +0200] "GET /elmer-jewelry-p-16451.html HTTP/1.0" 200 73330 "-" "Mozilla/5.0 (compatible; SemrushBot/7~bl; +http://www.semrush.com/bot.html)"
92.220.10.100 - - [06/Oct/2021:05:24:13 +0200] "GET /collectible-figurines-decorative-c-13_135.html?page=50 HTTP/1.0" 200 96871 "-" "Mozilla/5.0 (compatible; MJ12bot/v1.4.8; http://mj12bot.com/)"
185.191.171.25 - - [06/Oct/2021:05:24:14 +0200] "GET /panther-bling-decorative-statue-30-cm-p-36845.html HTTP/1.0" 301 73295 "-" "Mozilla/5.0 (compatible; SemrushBot/7~bl; +http://www.semrush.com/bot.html)"
185.191.171.34 - - [06/Oct/2021:05:24:16 +0200] "GET /panther-bling-decorative-statue-p-36845.html HTTP/1.0" 200 73197 "-" "Mozilla/5.0 (compatible; SemrushBot/7~bl; +http://www.semrush.com/bot.html)"
92.220.10.100 - - [06/Oct/2021:05:24:16 +0200] "GET /collectible-figurines-decorative-c-135.html?page=50 HTTP/1.0" 301 96853 "-" "Mozilla/5.0 (compatible; MJ12bot/v1.4.8; http://mj12bot.com/)"
92.220.10.100 - - [06/Oct/2021:05:24:20 +0200] "GET /collectible-figurines-decorative-c-13_135.html?page=50 HTTP/1.0" 200 96871 "-" "Mozilla/5.0 (compatible; MJ12bot/v1.4.8; http://mj12bot.com/)"
92.220.10.100 - - [06/Oct/2021:05:24:23 +0200] "GET /collectible-figurines-decorative-c-13_135.html?page=50 HTTP/1.0" 200 96871 "-" "Mozilla/5.0 (compatible; MJ12bot/v1.4.8; http://mj12bot.com/)"
92.220.10.100 - - [06/Oct/2021:05:24:26 +0200] "GET /collector-artprint-albator-78-p-26020.html HTTP/1.0" 301 70643 "-" "Mozilla/5.0 (compatible; MJ12bot/v1.4.8; http://mj12bot.com/)"
92.220.10.100 - - [06/Oct/2021:05:24:28 +0200] "GET /collector-artprint-albator-p-26020.html HTTP/1.0" 200 70550 "-" "Mozilla/5.0 (compatible; MJ12bot/v1.4.8; http://mj12bot.com/)"
92.220.10.100 - - [06/Oct/2021:05:24:31 +0200] "GET /collector-artprint-albator-p-26020.html HTTP/1.0" 200 70550 "-" "Mozilla/5.0 (compatible; MJ12bot/v1.4.8; http://mj12bot.com/)"
92.220.10.100 - - [06/Oct/2021:05:24:34 +0200] "GET /cooking-hourglass-minutes-black-sand-p-53718.html HTTP/1.0" 200 73869 "-" "Mozilla/5.0 (compatible; MJ12bot/v1.4.8; http://mj12bot.com/)"
92.220.10.100 - - [06/Oct/2021:05:24:37 +0200] "GET /cooking-hourglass-minutes-white-sand-p-53717.html HTTP/1.0" 200 73869 "-" "Mozilla/5.0 (compatible; MJ12bot/v1.4.8; http://mj12bot.com/)"
92.220.10.100 - - [06/Oct/2021:05:24:41 +0200] "GET /corsica-soap-box-soap-10-65-28-cm-p-52465.html HTTP/1.0" 301 73423 "-" "Mozilla/5.0 (compatible; MJ12bot/v1.4.8; http://mj12bot.com/)"
5.188.211.21 - - [06/Oct/2021:05:24:41 +0200] "GET /mickey-mouse-mini-figurine-romero-britto-p-45799.html HTTP/1.0" 200 74139 "-" "Mozilla/4.0 (compatible; MSIE 6.0; Windows NT 5.1; SV1)"
5.188.211.21 - - [06/Oct/2021:05:24:43 +0200] "GET /posters-stickers-wall-c-13_147.html HTTP/1.0" 200 90373 "-" "Mozilla/4.0 (compatible; MSIE 6.0; Windows NT 5.1; SV1)"
92.220.10.100 - - [06/Oct/2021:05:24:44 +0200] "GET /corsica-soap-soap-p-52465.html HTTP/1.0" 200 73339 "-" "Mozilla/5.0 (compatible; MJ12bot/v1.4.8; http://mj12bot.com/)"
5.188.211.21 - - [06/Oct/2021:05:24:44 +0200] "GET /mtal-signs-c-13_130.html HTTP/1.0" 200 94370 "-" "Mozilla/4.0 (compatible; MSIE 6.0; Windows NT 5.1; SV1)"
5.188.211.21 - - [06/Oct/2021:05:24:46 +0200] "GET /contact_us.php HTTP/1.0" 200 26241 "-" "Mozilla/4.0 (compatible; MSIE 6.0; Windows NT 5.1; SV1)"
5.188.211.21 - - [06/Oct/2021:05:24:46 +0200] "POST /contact_us.php?action=send HTTP/1.0" 200 26653 "http://www.wonder-geek.com/contact_us.php" "Mozilla/4.0 (compatible; MSIE 6.0; Windows NT 5.1; SV1)"
5.188.211.21 - - [06/Oct/2021:05:24:46 +0200] "POST /contact_us.php?action=send HTTP/1.0" 200 26653 "http://www.wonder-geek.com/" "Mozilla/4.0 (compatible; MSIE 6.0; Windows NT 5.1; SV1)"
5.188.211.21 - - [06/Oct/2021:05:24:46 +0200] "GET / HTTP/1.0" 200 149633 "-" "Mozilla/4.0 (compatible; MSIE 6.0; Windows NT 5.1; SV1)"
92.220.10.100 - - [06/Oct/2021:05:24:47 +0200] "GET /corsica-soap-box-soap-10-65-28-cm-p-52466.html HTTP/1.0" 301 73422 "-" "Mozilla/5.0 (compatible; MJ12bot/v1.4.8; http://mj12bot.com/)"
5.188.211.21 - - [06/Oct/2021:05:24:47 +0200] "GET /mickey-mouse-mini-figurine-romero-britto-p-45799.html HTTP/1.0" 200 74139 "-" "Mozilla/4.0 (compatible; MSIE 6.0; Windows NT 5.1; SV1)"
5.188.211.21 - - [06/Oct/2021:05:24:49 +0200] "GET /contact_us.php HTTP/1.0" 200 26241 "-" "Mozilla/4.0 (compatible; MSIE 6.0; Windows NT 5.1; SV1)"
5.188.211.21 - - [06/Oct/2021:05:24:49 +0200] "GET /create_account.php HTTP/1.0" 200 33633 "-" "Mozilla/4.0 (compatible; MSIE 6.0; Windows NT 5.1; SV1)"
5.188.211.21 - - [06/Oct/2021:05:24:49 +0200] "GET /checkout_shipping.php HTTP/1.0" 302 468 "-" "Mozilla/4.0 (compatible; MSIE 6.0; Windows NT 5.1; SV1)"
5.188.211.21 - - [06/Oct/2021:05:24:50 +0200] "GET /login.php HTTP/1.0" 200 17155 "-" "Mozilla/4.0 (compatible; MSIE 6.0; Windows NT 5.1; SV1)"
5.188.211.21 - - [06/Oct/2021:05:24:50 +0200] "GET /shopping_cart.php HTTP/1.0" 200 13298 "-" "Mozilla/4.0 (compatible; MSIE 6.0; Windows NT 5.1; SV1)"
5.188.211.21 - - [06/Oct/2021:05:24:50 +0200] "GET /login.php HTTP/1.0" 200 17155 "-" "Mozilla/4.0 (compatible; MSIE 6.0; Windows NT 5.1; SV1)"
5.188.211.21 - - [06/Oct/2021:05:24:50 +0200] "GET /specials.php HTTP/1.0" 200 125335 "-" "Mozilla/4.0 (compatible; MSIE 6.0; Windows NT 5.1; SV1)"
92.220.10.100 - - [06/Oct/2021:05:24:50 +0200] "GET /corsica-soap-soap-p-52466.html HTTP/1.0" 200 73338 "-" "Mozilla/5.0 (compatible; MJ12bot/v1.4.8; http://mj12bot.com/)"
5.188.211.21 - - [06/Oct/2021:05:24:51 +0200] "GET /products_new.php HTTP/1.0" 200 94564 "-" "Mozilla/4.0 (compatible; MSIE 6.0; Windows NT 5.1; SV1)"
92.220.10.100 - - [06/Oct/2021:05:24:54 +0200] "GET /corsica-soap-soap-p-52465.html HTTP/1.0" 200 73339 "-" "Mozilla/5.0 (compatible; MJ12bot/v1.4.8; http://mj12bot.com/)"
92.220.10.100 - - [06/Oct/2021:05:24:58 +0200] "GET /corsica-soap-soap-p-52466.html HTTP/1.0" 200 73338 "-" "Mozilla/5.0 (compatible; MJ12bot/v1.4.8; http://mj12bot.com/)"
92.220.10.100 - - [06/Oct/2021:05:25:01 +0200] "GET /cotton-floor-cushion-45-cm-burundi-p-51050.html HTTP/1.0" 301 70487 "-" "Mozilla/5.0 (compatible; MJ12bot/v1.4.8; http://mj12bot.com/)"
92.220.10.100 - - [06/Oct/2021:05:25:05 +0200] "GET /-p-51050.html HTTP/1.0" 200 70420 "-" "Mozilla/5.0 (compatible; MJ12bot/v1.4.8; http://mj12bot.com/)"
92.220.10.100 - - [06/Oct/2021:05:25:07 +0200] "GET /cushion-cover-40-40-cm-toucan-p-51899.html HTTP/1.0" 301 73973 "-" "Mozilla/5.0 (compatible; MJ12bot/v1.4.8; http://mj12bot.com/)"
92.220.10.100 - - [06/Oct/2021:05:25:10 +0200] "GET /cushion-cover-toucan-p-51899.html HTTP/1.0" 200 73886 "-" "Mozilla/5.0 (compatible; MJ12bot/v1.4.8; http://mj12bot.com/)"
92.220.10.100 - - [06/Oct/2021:05:25:14 +0200] "GET /cushion-cover-toucan-p-51899.html HTTP/1.0" 200 73886 "-" "Mozilla/5.0 (compatible; MJ12bot/v1.4.8; http://mj12bot.com/)"
54.36.149.46 - - [06/Oct/2021:05:25:17 +0200] "GET /accessories-mobiles-c-3_17.html?page=2 HTTP/1.0" 200 95492 "-" "Mozilla/5.0 (compatible; AhrefsBot/7.0; +http://ahrefs.com/robot/)"
92.220.10.100 - - [06/Oct/2021:05:25:17 +0200] "GET /cushion-p-25128.html HTTP/1.0" 200 70446 "-" "Mozilla/5.0 (compatible; MJ12bot/v1.4.8; http://mj12bot.com/)"
92.220.10.100 - - [06/Oct/2021:05:25:21 +0200] "GET /cushion-p-25129.html HTTP/1.0" 200 70446 "-" "Mozilla/5.0 (compatible; MJ12bot/v1.4.8; http://mj12bot.com/)"
92.220.10.100 - - [06/Oct/2021:05:25:24 +0200] "GET /deco-thermometer-gas-pump-47-cm-grey-p-50187.html HTTP/1.0" 301 73243 "-" "Mozilla/5.0 (compatible; MJ12bot/v1.4.8; http://mj12bot.com/)"
92.220.10.100 - - [06/Oct/2021:05:25:26 +0200] "GET /deco-thermometer-pump-grey-p-50187.html HTTP/1.0" 200 73150 "-" "Mozilla/5.0 (compatible; MJ12bot/v1.4.8; http://mj12bot.com/)"
92.220.10.100 - - [06/Oct/2021:05:25:30 +0200] "GET /deco-thermometer-gas-pump-47-cm-orange-p-50186.html HTTP/1.0" 301 73255 "-" "Mozilla/5.0 (compatible; MJ12bot/v1.4.8; http://mj12bot.com/)"
92.220.10.100 - - [06/Oct/2021:05:25:33 +0200] "GET /deco-thermometer-pump-orange-p-50186.html HTTP/1.0" 200 73160 "-" "Mozilla/5.0 (compatible; MJ12bot/v1.4.8; http://mj12bot.com/)"
92.220.10.100 - - [06/Oct/2021:05:25:37 +0200] "GET /deco-thermometer-gas-pump-47-cm-red-p-50185.html HTTP/1.0" 301 73225 "-" "Mozilla/5.0 (compatible; MJ12bot/v1.4.8; http://mj12bot.com/)"
92.220.10.100 - - [06/Oct/2021:05:25:41 +0200] "GET /deco-thermometer-pump-p-50185.html HTTP/1.0" 200 73137 "-" "Mozilla/5.0 (compatible; MJ12bot/v1.4.8; http://mj12bot.com/)"
92.220.10.100 - - [06/Oct/2021:05:25:43 +0200] "GET /decoration-african-water-carrier-p-53806.html HTTP/1.0" 200 73207 "-" "Mozilla/5.0 (compatible; MJ12bot/v1.4.8; http://mj12bot.com/)"
92.220.10.100 - - [06/Oct/2021:05:25:47 +0200] "GET /decoration-the-african-water-carrier-p-53806.html HTTP/1.0" 301 73306 "-" "Mozilla/5.0 (compatible; MJ12bot/v1.4.8; http://mj12bot.com/)"
66.249.64.82 - - [06/Oct/2021:05:25:50 +0200] "GET /geishas-pot-cookware-cbkreation-p-29710.html HTTP/1.0" 301 73195 "-" "Mozilla/5.0 (Linux; Android 6.0.1; Nexus 5X Build/MMB29P) AppleWebKit/537.36 (KHTML, like Gecko) Chrome/94.0.4606.61 Mobile Safari/537.36 (compatible; Googlebot/2.1; +http://www.google.com/bot.html)"
92.220.10.100 - - [06/Oct/2021:05:25:51 +0200] "GET /decoration-african-water-carrier-p-53806.html HTTP/1.0" 200 73207 "-" "Mozilla/5.0 (compatible; MJ12bot/v1.4.8; http://mj12bot.com/)"
66.249.64.83 - - [06/Oct/2021:05:25:52 +0200] "GET /geishas-cookware-cbkreation-p-29710.html HTTP/1.0" 200 73101 "-" "Mozilla/5.0 (Linux; Android 6.0.1; Nexus 5X Build/MMB29P) AppleWebKit/537.36 (KHTML, like Gecko) Chrome/94.0.4606.61 Mobile Safari/537.36 (compatible; Googlebot/2.1; +http://www.google.com/bot.html)"
92.220.10.100 - - [06/Oct/2021:05:25:53 +0200] "GET /decoration-vase-bronze-aspect-p-52545.html HTTP/1.0" 200 70530 "-" "Mozilla/5.0 (compatible; MJ12bot/v1.4.8; http://mj12bot.com/)"
92.220.10.100 - - [06/Oct/2021:05:25:56 +0200] "GET /decorative-globe-p-49400.html HTTP/1.0" 200 70474 "-" "Mozilla/5.0 (compatible; MJ12bot/v1.4.8; http://mj12bot.com/)"
92.220.10.100 - - [06/Oct/2021:05:25:59 +0200] "GET /decorative-pelican-statue-p-53810.html HTTP/1.0" 200 73755 "-" "Mozilla/5.0 (compatible; MJ12bot/v1.4.8; http://mj12bot.com/)"
92.220.10.100 - - [06/Oct/2021:05:26:01 +0200] "GET /decorative-vase-black-and-gray-glass-p-52554.html HTTP/1.0" 301 70649 "-" "Mozilla/5.0 (compatible; MJ12bot/v1.4.8; http://mj12bot.com/)"
92.220.10.100 - - [06/Oct/2021:05:26:04 +0200] "GET /decorative-vase-black-gray-glass-p-52554.html HTTP/1.0" 200 70550 "-" "Mozilla/5.0 (compatible; MJ12bot/v1.4.8; http://mj12bot.com/)"
92.220.10.100 - - [06/Oct/2021:05:26:06 +0200] "GET /decorative-vase-black-gray-glass-p-52554.html HTTP/1.0" 200 70550 "-" "Mozilla/5.0 (compatible; MJ12bot/v1.4.8; http://mj12bot.com/)"
92.220.10.100 - - [06/Oct/2021:05:26:08 +0200] "GET /dewey-figurine-p-20547.html HTTP/1.0" 200 73095 "-" "Mozilla/5.0 (compatible; MJ12bot/v1.4.8; http://mj12bot.com/)"
92.220.10.100 - - [06/Oct/2021:05:26:11 +0200] "GET /difference-accessoriess-c-12_59.html?page=2 HTTP/1.0" 200 88235 "-" "Mozilla/5.0 (compatible; MJ12bot/v1.4.8; http://mj12bot.com/)"
92.220.10.100 - - [06/Oct/2021:05:26:14 +0200] "GET /difference-accessoriess-c-12_59.html?page=3 HTTP/1.0" 200 88235 "-" "Mozilla/5.0 (compatible; MJ12bot/v1.4.8; http://mj12bot.com/)"
92.220.10.100 - - [06/Oct/2021:05:26:16 +0200] "GET /difference-accessoriess-c-12_59.html?page=4 HTTP/1.0" 200 88235 "-" "Mozilla/5.0 (compatible; MJ12bot/v1.4.8; http://mj12bot.com/)"
92.220.10.100 - - [06/Oct/2021:05:26:19 +0200] "GET /difference-accessoriess-c-12_59.html?page=5 HTTP/1.0" 200 88235 "-" "Mozilla/5.0 (compatible; MJ12bot/v1.4.8; http://mj12bot.com/)"
92.220.10.100 - - [06/Oct/2021:05:26:22 +0200] "GET /difference-accessoriess-c-12_59.html?page=6 HTTP/1.0" 200 88235 "-" "Mozilla/5.0 (compatible; MJ12bot/v1.4.8; http://mj12bot.com/)"
92.220.10.100 - - [06/Oct/2021:05:26:25 +0200] "GET /difference-accessoriess-c-12_59.html?page=7 HTTP/1.0" 200 88235 "-" "Mozilla/5.0 (compatible; MJ12bot/v1.4.8; http://mj12bot.com/)"
92.220.10.100 - - [06/Oct/2021:05:26:28 +0200] "GET /difference-accessoriess-c-12_59.html?page=8 HTTP/1.0" 200 88235 "-" "Mozilla/5.0 (compatible; MJ12bot/v1.4.8; http://mj12bot.com/)"
92.220.10.100 - - [06/Oct/2021:05:26:32 +0200] "GET /difference-accessoriess-c-12_59.html?page=9 HTTP/1.0" 200 88235 "-" "Mozilla/5.0 (compatible; MJ12bot/v1.4.8; http://mj12bot.com/)"
92.220.10.100 - - [06/Oct/2021:05:26:34 +0200] "GET /dolphin-wall-sticker-p-36146.html HTTP/1.0" 200 73073 "-" "Mozilla/5.0 (compatible; MJ12bot/v1.4.8; http://mj12bot.com/)"
92.220.10.100 - - [06/Oct/2021:05:26:39 +0200] "GET /dora-explorer-mirror-p-12237.html HTTP/1.0" 200 73206 "-" "Mozilla/5.0 (compatible; MJ12bot/v1.4.8; http://mj12bot.com/)"
5.255.253.134 - - [06/Oct/2021:05:26:42 +0200] "GET /images/med_prod/1384010179550.jpg HTTP/1.0" 200 268 "-" "Mozilla/5.0 (compatible; YandexImages/3.0; +http://yandex.com/bots)"
54.36.148.246 - - [06/Oct/2021:05:26:42 +0200] "GET /wooden-navigation-p-56261.html HTTP/1.0" 200 73580 "-" "Mozilla/5.0 (compatible; AhrefsBot/7.0; +http://ahrefs.com/robot/)"
92.220.10.100 - - [06/Oct/2021:05:26:42 +0200] "GET /dora-the-explorer-mirror-p-12237.html HTTP/1.0" 301 73293 "-" "Mozilla/5.0 (compatible; MJ12bot/v1.4.8; http://mj12bot.com/)"
185.191.171.43 - - [06/Oct/2021:05:26:44 +0200] "GET /figurine-frog-water-lily-aged-effect-p-45641.html?action=add_product HTTP/1.0" 302 476 "-" "Mozilla/5.0 (compatible; SemrushBot/7~bl; +http://www.semrush.com/bot.html)"
92.220.10.100 - - [06/Oct/2021:05:26:46 +0200] "GET /dora-explorer-mirror-p-12237.html HTTP/1.0" 200 73206 "-" "Mozilla/5.0 (compatible; MJ12bot/v1.4.8; http://mj12bot.com/)"
92.220.10.100 - - [06/Oct/2021:05:26:48 +0200] "GET /double-bamboo-mirror-p-52470.html HTTP/1.0" 200 73837 "-" "Mozilla/5.0 (compatible; MJ12bot/v1.4.8; http://mj12bot.com/)"
92.220.10.100 - - [06/Oct/2021:05:26:51 +0200] "GET /double-round-metal-mirror-copper-look-p-52462.html HTTP/1.0" 200 74135 "-" "Mozilla/5.0 (compatible; MJ12bot/v1.4.8; http://mj12bot.com/)"
92.220.10.100 - - [06/Oct/2021:05:26:54 +0200] "GET /double-round-metal-mirror-golden-look-p-52463.html HTTP/1.0" 200 74134 "-" "Mozilla/5.0 (compatible; MJ12bot/v1.4.8; http://mj12bot.com/)"
92.220.10.100 - - [06/Oct/2021:05:26:58 +0200] "GET /double-round-metal-mirror-to-put-on-copper-look-p-52462.html HTTP/1.0" 301 74239 "-" "Mozilla/5.0 (compatible; MJ12bot/v1.4.8; http://mj12bot.com/)"
