66.249.64.82 - - [06/Oct/2021:08:20:02 +0200] "GET /spongebob-food-melamine-plate-p-54787.html HTTP/1.0" 200 73083 "-" "Mozilla/5.0 (Linux; Android 6.0.1; Nexus 5X Build/MMB29P) AppleWebKit/537.36 (KHTML, like Gecko) Chrome/94.0.4606.71 Mobile Safari/537.36 (compatible; Googlebot/2.1; +http://www.google.com/bot.html)"
54.36.148.28 - - [06/Oct/2021:08:20:10 +0200] "GET /home-decoration-c-13.html?page=117 HTTP/1.0" 200 92847 "-" "Mozilla/5.0 (compatible; AhrefsBot/7.0; +http://ahrefs.com/robot/)"
17.121.113.231 - - [06/Oct/2021:08:20:44 +0200] "GET /images/3700574900016.jpg HTTP/1.0" 200 259 "-" "Mozilla/5.0 (Macintosh; Intel Mac OS X 10_15_5) AppleWebKit/605.1.15 (KHTML, like Gecko) Version/13.1.1 Safari/605.1.15 (Applebot/0.1; +http://www.apple.com/go/applebot)"
185.191.171.23 - - [06/Oct/2021:08:20:51 +0200] "GET /large-jar-candle-70-hours-eastern-promise-p-38114.html HTTP/1.0" 301 70665 "-" "Mozilla/5.0 (compatible; SemrushBot/7~bl; +http://www.semrush.com/bot.html)"
66.249.64.82 - - [06/Oct/2021:08:20:52 +0200] "GET /fitted-sheet-cotton-percale-threads-p-52138.html HTTP/1.0" 200 74053 "-" "Mozilla/5.0 (Linux; Android 6.0.1; Nexus 5X Build/MMB29P) AppleWebKit/537.36 (KHTML, like Gecko) Chrome/94.0.4606.61 Mobile Safari/537.36 (compatible; Googlebot/2.1; +http://www.google.com/bot.html)"
185.191.171.9 - - [06/Oct/2021:08:20:53 +0200] "GET /large-candle-hours-eastern-promise-p-38114.html HTTP/1.0" 200 70564 "-" "Mozilla/5.0 (compatible; SemrushBot/7~bl; +http://www.semrush.com/bot.html)"
185.191.171.8 - - [06/Oct/2021:08:21:49 +0200] "GET /noddy-pairs-of-socks-size-19-22-p-25611.html HTTP/1.0" 301 70487 "-" "Mozilla/5.0 (compatible; SemrushBot/7~bl; +http://www.semrush.com/bot.html)"
185.191.171.34 - - [06/Oct/2021:08:21:52 +0200] "GET /-p-25611.html HTTP/1.0" 200 70420 "-" "Mozilla/5.0 (compatible; SemrushBot/7~bl; +http://www.semrush.com/bot.html)"
54.36.148.129 - - [06/Oct/2021:08:21:53 +0200] "GET /home-decoration-c-13.html?page=118 HTTP/1.0" 200 94985 "-" "Mozilla/5.0 (compatible; AhrefsBot/7.0; +http://ahrefs.com/robot/)"
95.108.213.76 - - [06/Oct/2021:08:21:56 +0200] "GET /angel-wings-black-shirt-cbkreation-p-30122.html HTTP/1.0" 200 74168 "-" "Mozilla/5.0 (compatible; YandexBot/3.0; +http://yandex.com/bots)"
147.92.153.9 - - [06/Oct/2021:08:21:57 +0200] "GET /robots.txt HTTP/1.0" 200 245 "-" "Mozilla/5.0 (compatible; Linespider/1.1; +https://lin.ee/4dwXkTH)"
147.92.153.5 - - [06/Oct/2021:08:22:01 +0200] "GET /images/big_prod/3609810076433.jpg HTTP/1.0" 200 268 "-" "Mozilla/5.0 (compatible; Linespider/1.1; +https://lin.ee/4dwXkTH)"
51.68.224.127 - - [06/Oct/2021:08:22:02 +0200] "GET /adminweb/export_orders_xml.php?token=256de2z6edz6ed2z6DFSFsed2zed6zeDSFDSGdzedezfzf&maxorders=10&orderstart=1&status=14&start_date=2018-10-01 HTTP/1.0" 200 285 "-" "GesCom CharlotteBoutik Serveur"
51.68.224.127 - - [06/Oct/2021:08:22:02 +0200] "GET /adminweb/export_orders_xml.php?token=256de2z6edz6ed2z6DFSFsed2zed6zeDSFDSGdzedezfzf&maxorders=10&orderstart=1&status=6&start_date=2018-10-01 HTTP/1.0" 200 32573 "-" "GesCom CharlotteBoutik Serveur"
114.119.128.34 - - [06/Oct/2021:08:22:06 +0200] "GET /images/big_prod/3574642579820B.jpg HTTP/1.0" 200 269 "-" "Mozilla/5.0 (Linux; Android 7.0;) AppleWebKit/537.36 (KHTML, like Gecko) Mobile Safari/537.36 (compatible; PetalBot;+https://webmaster.petalsearch.com/site/petalbot)"
157.55.39.3 - - [06/Oct/2021:08:23:02 +0200] "GET /images/med_prod/1399984284315N.jpg HTTP/1.0" 200 269 "-" "Mozilla/5.0 (compatible; bingbot/2.0; +http://www.bing.com/bingbot.htm)"
5.188.211.26 - - [06/Oct/2021:08:23:11 +0200] "GET /wooden-incense-holder-box-p-42764.html HTTP/1.0" 301 73322 "-" "Mozilla/4.0 (compatible; MSIE 6.0; Windows NT 5.1; SV1)"
5.188.211.26 - - [06/Oct/2021:08:23:11 +0200] "GET /wooden-incense-holder-p-42764.html HTTP/1.0" 200 73234 "-" "Mozilla/4.0 (compatible; MSIE 6.0; Windows NT 5.1; SV1)"
5.188.211.26 - - [06/Oct/2021:08:23:12 +0200] "GET /posters-stickers-wall-c-13_147.html HTTP/1.0" 200 90373 "-" "Mozilla/4.0 (compatible; MSIE 6.0; Windows NT 5.1; SV1)"
5.188.211.26 - - [06/Oct/2021:08:23:13 +0200] "GET /mtal-signs-c-13_130.html HTTP/1.0" 200 94370 "-" "Mozilla/4.0 (compatible; MSIE 6.0; Windows NT 5.1; SV1)"
5.188.211.26 - - [06/Oct/2021:08:23:13 +0200] "GET /contact_us.php HTTP/1.0" 200 26241 "-" "Mozilla/4.0 (compatible; MSIE 6.0; Windows NT 5.1; SV1)"
5.188.211.26 - - [06/Oct/2021:08:23:14 +0200] "POST /contact_us.php?action=send HTTP/1.0" 200 26640 "http://www.wonder-geek.com/contact_us.php" "Mozilla/4.0 (compatible; MSIE 6.0; Windows NT 5.1; SV1)"
5.188.211.26 - - [06/Oct/2021:08:23:14 +0200] "POST /contact_us.php?action=send HTTP/1.0" 200 26640 "http://www.wonder-geek.com/" "Mozilla/4.0 (compatible; MSIE 6.0; Windows NT 5.1; SV1)"
5.188.211.26 - - [06/Oct/2021:08:23:14 +0200] "GET / HTTP/1.0" 200 149976 "-" "Mozilla/4.0 (compatible; MSIE 6.0; Windows NT 5.1; SV1)"
5.188.211.26 - - [06/Oct/2021:08:23:15 +0200] "GET /wooden-incense-holder-box-p-42764.html HTTP/1.0" 301 73322 "-" "Mozilla/4.0 (compatible; MSIE 6.0; Windows NT 5.1; SV1)"
5.188.211.26 - - [06/Oct/2021:08:23:16 +0200] "GET /wooden-incense-holder-p-42764.html HTTP/1.0" 200 73234 "-" "Mozilla/4.0 (compatible; MSIE 6.0; Windows NT 5.1; SV1)"
5.188.211.26 - - [06/Oct/2021:08:23:16 +0200] "GET /contact_us.php HTTP/1.0" 200 26241 "-" "Mozilla/4.0 (compatible; MSIE 6.0; Windows NT 5.1; SV1)"
5.188.211.26 - - [06/Oct/2021:08:23:16 +0200] "GET /create_account.php HTTP/1.0" 200 33633 "-" "Mozilla/4.0 (compatible; MSIE 6.0; Windows NT 5.1; SV1)"
5.188.211.26 - - [06/Oct/2021:08:23:17 +0200] "GET /checkout_shipping.php HTTP/1.0" 302 468 "-" "Mozilla/4.0 (compatible; MSIE 6.0; Windows NT 5.1; SV1)"
5.188.211.26 - - [06/Oct/2021:08:23:17 +0200] "GET /login.php HTTP/1.0" 200 17155 "-" "Mozilla/4.0 (compatible; MSIE 6.0; Windows NT 5.1; SV1)"
5.188.211.26 - - [06/Oct/2021:08:23:17 +0200] "GET /shopping_cart.php HTTP/1.0" 200 13298 "-" "Mozilla/4.0 (compatible; MSIE 6.0; Windows NT 5.1; SV1)"
5.188.211.26 - - [06/Oct/2021:08:23:17 +0200] "GET /login.php HTTP/1.0" 200 17155 "-" "Mozilla/4.0 (compatible; MSIE 6.0; Windows NT 5.1; SV1)"
5.188.211.26 - - [06/Oct/2021:08:23:17 +0200] "GET /specials.php HTTP/1.0" 200 125335 "-" "Mozilla/4.0 (compatible; MSIE 6.0; Windows NT 5.1; SV1)"
5.188.211.26 - - [06/Oct/2021:08:23:18 +0200] "GET /products_new.php HTTP/1.0" 200 94564 "-" "Mozilla/4.0 (compatible; MSIE 6.0; Windows NT 5.1; SV1)"
185.191.171.34 - - [06/Oct/2021:08:23:19 +0200] "GET /rosebud-drinks-aluminium-bottle-gorjuss-p-46959.html?action=add_product HTTP/1.0" 302 476 "-" "Mozilla/5.0 (compatible; SemrushBot/7~bl; +http://www.semrush.com/bot.html)"
54.36.149.94 - - [06/Oct/2021:08:23:46 +0200] "GET /lilac-kitchen-towel-p-44422.html HTTP/1.0" 200 73073 "-" "Mozilla/5.0 (compatible; AhrefsBot/7.0; +http://ahrefs.com/robot/)"
185.191.171.35 - - [06/Oct/2021:08:23:56 +0200] "GET /deco-horse-head-statue-p-44643.html HTTP/1.0" 200 73104 "-" "Mozilla/5.0 (compatible; SemrushBot/7~bl; +http://www.semrush.com/bot.html)"
144.76.118.82 - - [06/Oct/2021:08:23:58 +0200] "GET /robots.txt HTTP/1.0" 200 245 "-" "Mozilla/5.0 (compatible; MJ12bot/v1.4.8; http://mj12bot.com/)"
185.191.171.25 - - [06/Oct/2021:08:23:58 +0200] "GET /bock-glass-mickey-p-7706.html HTTP/1.0" 200 70494 "-" "Mozilla/5.0 (compatible; SemrushBot/7~bl; +http://www.semrush.com/bot.html)"
144.76.118.82 - - [06/Oct/2021:08:24:01 +0200] "GET /mirror-hang-mosaics-butterfly-p-46422.html HTTP/1.0" 200 73119 "-" "Mozilla/5.0 (compatible; MJ12bot/v1.4.8; http://mj12bot.com/)"
144.76.118.82 - - [06/Oct/2021:08:24:09 +0200] "GET /mirror-to-hang-mosaics-butterfly-p-46422.html HTTP/1.0" 301 73215 "-" "Mozilla/5.0 (compatible; MJ12bot/v1.4.8; http://mj12bot.com/)"
190.3.35.41 - - [06/Oct/2021:08:24:11 +0200] "GET /contact_us.php HTTP/1.0" 200 26241 "http://www.wonder-geek.com/contact_us.php" "Mozilla/5.0 (Windows NT 10.0; Win64; x64) AppleWebKit/537.36 (KHTML, like Gecko) Chrome/83.0.4086.0 Safari/537.36"
144.76.118.82 - - [06/Oct/2021:08:24:16 +0200] "GET /mirror-hang-mosaics-butterfly-p-46422.html HTTP/1.0" 200 73119 "-" "Mozilla/5.0 (compatible; MJ12bot/v1.4.8; http://mj12bot.com/)"
190.3.35.41 - - [06/Oct/2021:08:24:17 +0200] "POST /contact_us.php?action=send HTTP/1.0" 200 26483 "http://www.wonder-geek.com/contact_us.php" "Mozilla/5.0 (Windows NT 10.0; Win64; x64) AppleWebKit/537.36 (KHTML, like Gecko) Chrome/83.0.4086.0 Safari/537.36"
144.76.118.82 - - [06/Oct/2021:08:24:21 +0200] "GET /mobil-gas-metal-plate-295-cm-p-47175.html HTTP/1.0" 301 73163 "-" "Mozilla/5.0 (compatible; MJ12bot/v1.4.8; http://mj12bot.com/)"
144.76.118.82 - - [06/Oct/2021:08:24:27 +0200] "GET /mobil-metal-plate-p-47175.html HTTP/1.0" 200 73079 "-" "Mozilla/5.0 (compatible; MJ12bot/v1.4.8; http://mj12bot.com/)"
185.191.171.43 - - [06/Oct/2021:08:24:29 +0200] "GET /incense-lphant-rose-patchouli-cleste-prema-p-40371.html HTTP/1.0" 200 73345 "-" "Mozilla/5.0 (compatible; SemrushBot/7~bl; +http://www.semrush.com/bot.html)"
144.76.118.82 - - [06/Oct/2021:08:24:32 +0200] "GET /mobil-metal-plate-p-47175.html HTTP/1.0" 200 73079 "-" "Mozilla/5.0 (compatible; MJ12bot/v1.4.8; http://mj12bot.com/)"
144.76.118.82 - - [06/Oct/2021:08:24:40 +0200] "GET /motocycle-and-more-red-tee-shirt-p-35447.html HTTP/1.0" 301 75103 "-" "Mozilla/5.0 (compatible; MJ12bot/v1.4.8; http://mj12bot.com/)"
185.191.171.35 - - [06/Oct/2021:08:24:41 +0200] "GET /home-and-decoration-c-13.html?page=140 HTTP/1.0" 301 92440 "-" "Mozilla/5.0 (compatible; SemrushBot/7~bl; +http://www.semrush.com/bot.html)"
185.191.171.8 - - [06/Oct/2021:08:24:43 +0200] "GET /home-decoration-c-13.html?page=140 HTTP/1.0" 200 92352 "-" "Mozilla/5.0 (compatible; SemrushBot/7~bl; +http://www.semrush.com/bot.html)"
144.76.118.82 - - [06/Oct/2021:08:24:46 +0200] "GET /motocycle-more-shirt-p-35447.html HTTP/1.0" 200 75016 "-" "Mozilla/5.0 (compatible; MJ12bot/v1.4.8; http://mj12bot.com/)"
185.191.171.35 - - [06/Oct/2021:08:24:47 +0200] "GET /support-metal-bottle-the-mechanic-p-39627.html HTTP/1.0" 301 70670 "-" "Mozilla/5.0 (compatible; SemrushBot/7~bl; +http://www.semrush.com/bot.html)"
185.191.171.42 - - [06/Oct/2021:08:24:49 +0200] "GET /support-metal-bottle-mechanic-p-39627.html HTTP/1.0" 200 70574 "-" "Mozilla/5.0 (compatible; SemrushBot/7~bl; +http://www.semrush.com/bot.html)"
144.76.118.82 - - [06/Oct/2021:08:24:50 +0200] "GET /motocycle-grey-shirt-p-35448.html HTTP/1.0" 200 74980 "-" "Mozilla/5.0 (compatible; MJ12bot/v1.4.8; http://mj12bot.com/)"
144.76.118.82 - - [06/Oct/2021:08:24:56 +0200] "GET /motocycle-grey-tee-shirt-p-35448.html HTTP/1.0" 301 75067 "-" "Mozilla/5.0 (compatible; MJ12bot/v1.4.8; http://mj12bot.com/)"
144.76.118.82 - - [06/Oct/2021:08:25:01 +0200] "GET /motocycle-grey-shirt-p-35448.html HTTP/1.0" 200 74980 "-" "Mozilla/5.0 (compatible; MJ12bot/v1.4.8; http://mj12bot.com/)"
144.76.118.82 - - [06/Oct/2021:08:25:08 +0200] "GET /motocycle-more-shirt-p-35447.html HTTP/1.0" 200 75016 "-" "Mozilla/5.0 (compatible; MJ12bot/v1.4.8; http://mj12bot.com/)"
144.76.118.82 - - [06/Oct/2021:08:25:13 +0200] "GET /mustang-35-th-anniversary-metal-plate-deco-405-215-cm-p-47179.html HTTP/1.0" 301 73395 "-" "Mozilla/5.0 (compatible; MJ12bot/v1.4.8; http://mj12bot.com/)"
95.108.213.76 - - [06/Oct/2021:08:25:20 +0200] "GET /images/mini_prod/3457010509172.jpg HTTP/1.0" 200 269 "-" "Mozilla/5.0 (compatible; YandexImages/3.0; +http://yandex.com/bots)"
144.76.118.82 - - [06/Oct/2021:08:25:19 +0200] "GET /mustang-anniversary-metal-plate-deco-p-47179.html HTTP/1.0" 200 73292 "-" "Mozilla/5.0 (compatible; MJ12bot/v1.4.8; http://mj12bot.com/)"
185.191.171.18 - - [06/Oct/2021:08:25:20 +0200] "GET /amazing-surfing-wooden-wall-decoration-to-hang-p-41387.html HTTP/1.0" 301 73448 "-" "Mozilla/5.0 (compatible; SemrushBot/7~bl; +http://www.semrush.com/bot.html)"
54.36.148.48 - - [06/Oct/2021:08:25:21 +0200] "GET /home-decoration-c-13.html?page=112 HTTP/1.0" 200 92679 "-" "Mozilla/5.0 (compatible; AhrefsBot/7.0; +http://ahrefs.com/robot/)"
185.191.171.11 - - [06/Oct/2021:08:25:24 +0200] "GET /amazing-surfing-wooden-wall-decoration-hang-p-41387.html HTTP/1.0" 200 73338 "-" "Mozilla/5.0 (compatible; SemrushBot/7~bl; +http://www.semrush.com/bot.html)"
144.76.118.82 - - [06/Oct/2021:08:25:25 +0200] "GET /mustang-anniversary-metal-plate-deco-p-47179.html HTTP/1.0" 200 73292 "-" "Mozilla/5.0 (compatible; MJ12bot/v1.4.8; http://mj12bot.com/)"
185.191.171.15 - - [06/Oct/2021:08:25:27 +0200] "GET /round-mirror-catches-golden-dreams-to-hang-38-cm-p-45740.html HTTP/1.0" 301 73323 "-" "Mozilla/5.0 (compatible; SemrushBot/7~bl; +http://www.semrush.com/bot.html)"
144.76.118.82 - - [06/Oct/2021:08:25:30 +0200] "GET /new-york-by-night-chandelier-p-35771.html HTTP/1.0" 301 70625 "-" "Mozilla/5.0 (compatible; MJ12bot/v1.4.8; http://mj12bot.com/)"
185.191.171.43 - - [06/Oct/2021:08:25:31 +0200] "GET /round-mirror-catches-golden-dreams-hang-p-45740.html HTTP/1.0" 200 73217 "-" "Mozilla/5.0 (compatible; SemrushBot/7~bl; +http://www.semrush.com/bot.html)"
144.76.118.82 - - [06/Oct/2021:08:25:37 +0200] "GET /york-night-chandelier-p-35771.html HTTP/1.0" 200 70537 "-" "Mozilla/5.0 (compatible; MJ12bot/v1.4.8; http://mj12bot.com/)"
144.76.118.82 - - [06/Oct/2021:08:25:43 +0200] "GET /new-york-city-frame-p-25032.html HTTP/1.0" 301 70487 "-" "Mozilla/5.0 (compatible; MJ12bot/v1.4.8; http://mj12bot.com/)"
144.76.118.82 - - [06/Oct/2021:08:25:49 +0200] "GET /-p-25032.html HTTP/1.0" 200 70420 "-" "Mozilla/5.0 (compatible; MJ12bot/v1.4.8; http://mj12bot.com/)"
144.76.118.82 - - [06/Oct/2021:08:25:54 +0200] "GET /new-york-duvet-220-240-cm-p-33877.html HTTP/1.0" 301 70487 "-" "Mozilla/5.0 (compatible; MJ12bot/v1.4.8; http://mj12bot.com/)"
114.119.128.40 - - [06/Oct/2021:08:25:55 +0200] "GET /rectangular-clock-entre-potes-p-55516.html HTTP/1.0" 200 73865 "-" "Mozilla/5.0 (Linux; Android 7.0;) AppleWebKit/537.36 (KHTML, like Gecko) Mobile Safari/537.36 (compatible; PetalBot;+https://webmaster.petalsearch.com/site/petalbot)"
144.76.118.82 - - [06/Oct/2021:08:26:00 +0200] "GET /-p-33877.html HTTP/1.0" 200 70420 "-" "Mozilla/5.0 (compatible; MJ12bot/v1.4.8; http://mj12bot.com/)"
54.36.148.119 - - [06/Oct/2021:08:26:03 +0200] "GET /salamander-wall-decoration-51-25-cm-p-44900.html HTTP/1.0" 301 73295 "-" "Mozilla/5.0 (compatible; AhrefsBot/7.0; +http://ahrefs.com/robot/)"
144.76.118.82 - - [06/Oct/2021:08:26:06 +0200] "GET /new-york-grey-dotty-bedclothes-220-240-cm-p-36599.html HTTP/1.0" 301 70487 "-" "Mozilla/5.0 (compatible; MJ12bot/v1.4.8; http://mj12bot.com/)"
144.76.118.82 - - [06/Oct/2021:08:26:12 +0200] "GET /-p-36599.html HTTP/1.0" 200 70420 "-" "Mozilla/5.0 (compatible; MJ12bot/v1.4.8; http://mj12bot.com/)"
185.191.171.11 - - [06/Oct/2021:08:26:14 +0200] "GET /notebook-a6-new-york-yankees-gray-p-37641.html HTTP/1.0" 301 73313 "-" "Mozilla/5.0 (compatible; SemrushBot/7~bl; +http://www.semrush.com/bot.html)"
185.191.171.4 - - [06/Oct/2021:08:26:18 +0200] "GET /notebook-york-yankees-gray-p-37641.html HTTP/1.0" 200 73220 "-" "Mozilla/5.0 (compatible; SemrushBot/7~bl; +http://www.semrush.com/bot.html)"
144.76.118.82 - - [06/Oct/2021:08:26:18 +0200] "GET /new-york-liberty-big-clock-p-26134.html HTTP/1.0" 301 70487 "-" "Mozilla/5.0 (compatible; MJ12bot/v1.4.8; http://mj12bot.com/)"
144.76.118.82 - - [06/Oct/2021:08:26:23 +0200] "GET /-p-26134.html HTTP/1.0" 200 70420 "-" "Mozilla/5.0 (compatible; MJ12bot/v1.4.8; http://mj12bot.com/)"
144.76.118.82 - - [06/Oct/2021:08:26:30 +0200] "GET /new-york-pot-cookware-cbkreation-p-29700.html HTTP/1.0" 301 73191 "-" "Mozilla/5.0 (compatible; MJ12bot/v1.4.8; http://mj12bot.com/)"
144.76.118.82 - - [06/Oct/2021:08:26:36 +0200] "GET /york-cookware-cbkreation-p-29700.html HTTP/1.0" 200 73100 "-" "Mozilla/5.0 (compatible; MJ12bot/v1.4.8; http://mj12bot.com/)"
144.76.118.82 - - [06/Oct/2021:08:26:41 +0200] "GET /new-york-pot-cookware-p-29700.html HTTP/1.0" 301 73191 "-" "Mozilla/5.0 (compatible; MJ12bot/v1.4.8; http://mj12bot.com/)"
144.76.118.82 - - [06/Oct/2021:08:26:48 +0200] "GET /york-cookware-cbkreation-p-29700.html HTTP/1.0" 200 73100 "-" "Mozilla/5.0 (compatible; MJ12bot/v1.4.8; http://mj12bot.com/)"
144.76.118.82 - - [06/Oct/2021:08:26:53 +0200] "GET /new-york-statue-of-liberty-bar-stool-p-12306.html HTTP/1.0" 301 70661 "-" "Mozilla/5.0 (compatible; MJ12bot/v1.4.8; http://mj12bot.com/)"
144.76.118.82 - - [06/Oct/2021:08:27:00 +0200] "GET /york-statue-liberty-stool-p-12306.html HTTP/1.0" 200 70569 "-" "Mozilla/5.0 (compatible; MJ12bot/v1.4.8; http://mj12bot.com/)"
54.36.148.26 - - [06/Oct/2021:08:27:04 +0200] "GET /despecable-keyring-p-33100.html HTTP/1.0" 200 73761 "-" "Mozilla/5.0 (compatible; AhrefsBot/7.0; +http://ahrefs.com/robot/)"
144.76.118.82 - - [06/Oct/2021:08:27:08 +0200] "GET /new-york-statue-of-liberty-big-clock-p-26140.html HTTP/1.0" 301 70487 "-" "Mozilla/5.0 (compatible; MJ12bot/v1.4.8; http://mj12bot.com/)"
144.76.118.82 - - [06/Oct/2021:08:27:13 +0200] "GET /-p-26140.html HTTP/1.0" 200 70420 "-" "Mozilla/5.0 (compatible; MJ12bot/v1.4.8; http://mj12bot.com/)"
185.191.171.9 - - [06/Oct/2021:08:27:16 +0200] "GET /laissez-lucie-faire-liberty-potholder-glove-p-39868.html?action=add_product HTTP/1.0" 302 476 "-" "Mozilla/5.0 (compatible; SemrushBot/7~bl; +http://www.semrush.com/bot.html)"
144.76.118.82 - - [06/Oct/2021:08:27:18 +0200] "GET /new-york-taxis-flag-sticker-p-35396.html HTTP/1.0" 301 70487 "-" "Mozilla/5.0 (compatible; MJ12bot/v1.4.8; http://mj12bot.com/)"
144.76.118.82 - - [06/Oct/2021:08:27:21 +0200] "GET /-p-35396.html HTTP/1.0" 200 70420 "-" "Mozilla/5.0 (compatible; MJ12bot/v1.4.8; http://mj12bot.com/)"
144.76.118.82 - - [06/Oct/2021:08:27:29 +0200] "GET /new-york-usa-flag-big-clock-p-26135.html HTTP/1.0" 301 70487 "-" "Mozilla/5.0 (compatible; MJ12bot/v1.4.8; http://mj12bot.com/)"
144.76.118.82 - - [06/Oct/2021:08:27:35 +0200] "GET /-p-26135.html HTTP/1.0" 200 70420 "-" "Mozilla/5.0 (compatible; MJ12bot/v1.4.8; http://mj12bot.com/)"
144.76.118.82 - - [06/Oct/2021:08:27:41 +0200] "GET /new-york-yankees-black-bowling-bag-p-11593.html HTTP/1.0" 301 73583 "-" "Mozilla/5.0 (compatible; MJ12bot/v1.4.8; http://mj12bot.com/)"
144.76.118.82 - - [06/Oct/2021:08:27:45 +0200] "GET /york-yankees-black-bowling-p-11593.html HTTP/1.0" 200 73490 "-" "Mozilla/5.0 (compatible; MJ12bot/v1.4.8; http://mj12bot.com/)"
144.76.118.82 - - [06/Oct/2021:08:27:51 +0200] "GET /new-york-yankees-calendar-school-year-2014-2015-p-26239.html HTTP/1.0" 301 70487 "-" "Mozilla/5.0 (compatible; MJ12bot/v1.4.8; http://mj12bot.com/)"
144.76.118.82 - - [06/Oct/2021:08:27:57 +0200] "GET /-p-26239.html HTTP/1.0" 200 70420 "-" "Mozilla/5.0 (compatible; MJ12bot/v1.4.8; http://mj12bot.com/)"
144.76.118.82 - - [06/Oct/2021:08:28:02 +0200] "GET /new-york-yankees-hobo-bag-p-26543.html HTTP/1.0" 301 70487 "-" "Mozilla/5.0 (compatible; MJ12bot/v1.4.8; http://mj12bot.com/)"
40.77.167.65 - - [06/Oct/2021:08:28:07 +0200] "GET /images/mini_prod/1399984260050.jpg HTTP/1.0" 404 1308 "-" "Mozilla/5.0 (compatible; bingbot/2.0; +http://www.bing.com/bingbot.htm)"
144.76.118.82 - - [06/Oct/2021:08:28:07 +0200] "GET /-p-26543.html HTTP/1.0" 200 70420 "-" "Mozilla/5.0 (compatible; MJ12bot/v1.4.8; http://mj12bot.com/)"
35.185.214.157 - - [06/Oct/2021:08:28:12 +0200] "GET /images/mini_prod/5051265800374.jpg HTTP/1.0" 200 269 "-" "Mozilla/5.0 (X11; Ubuntu; Linux x86_64; rv:72.0) Gecko/20100101 Firefox/72.0"
144.76.118.82 - - [06/Oct/2021:08:28:13 +0200] "GET /new-york-yankees-navy-bowling-bag-p-11594.html HTTP/1.0" 301 73574 "-" "Mozilla/5.0 (compatible; MJ12bot/v1.4.8; http://mj12bot.com/)"
144.76.118.82 - - [06/Oct/2021:08:28:18 +0200] "GET /york-yankees-navy-bowling-p-11594.html HTTP/1.0" 200 73482 "-" "Mozilla/5.0 (compatible; MJ12bot/v1.4.8; http://mj12bot.com/)"
185.191.171.18 - - [06/Oct/2021:08:28:18 +0200] "GET /double-walled-porcelain-mug-with-infuser-p-53002.html HTTP/1.0" 301 73311 "-" "Mozilla/5.0 (compatible; SemrushBot/7~bl; +http://www.semrush.com/bot.html)"
185.191.171.13 - - [06/Oct/2021:08:28:22 +0200] "GET /double-walled-porcelain-with-infuser-p-53002.html HTTP/1.0" 200 73208 "-" "Mozilla/5.0 (compatible; SemrushBot/7~bl; +http://www.semrush.com/bot.html)"
144.76.118.82 - - [06/Oct/2021:08:28:24 +0200] "GET /new-york-yankees-retro-black-shoulder-bag-p-22238.html HTTP/1.0" 301 73556 "-" "Mozilla/5.0 (compatible; MJ12bot/v1.4.8; http://mj12bot.com/)"
185.191.171.42 - - [06/Oct/2021:08:28:25 +0200] "GET /isis-statue-resin-p-48741.html?action=add_product HTTP/1.0" 302 476 "-" "Mozilla/5.0 (compatible; SemrushBot/7~bl; +http://www.semrush.com/bot.html)"
144.76.118.82 - - [06/Oct/2021:08:28:31 +0200] "GET /york-yankees-retro-black-shoulder-p-22238.html HTTP/1.0" 200 73456 "-" "Mozilla/5.0 (compatible; MJ12bot/v1.4.8; http://mj12bot.com/)"
144.76.118.82 - - [06/Oct/2021:08:28:37 +0200] "GET /new-york-yankees-retro-black-shoulder-bag-p-22239.html HTTP/1.0" 301 70487 "-" "Mozilla/5.0 (compatible; MJ12bot/v1.4.8; http://mj12bot.com/)"
54.36.149.9 - - [06/Oct/2021:08:28:37 +0200] "GET /despecable-keyring-p-33101.html HTTP/1.0" 200 73761 "-" "Mozilla/5.0 (compatible; AhrefsBot/7.0; +http://ahrefs.com/robot/)"
144.76.118.82 - - [06/Oct/2021:08:28:42 +0200] "GET /-p-22239.html HTTP/1.0" 200 70420 "-" "Mozilla/5.0 (compatible; MJ12bot/v1.4.8; http://mj12bot.com/)"
144.76.118.82 - - [06/Oct/2021:08:28:46 +0200] "GET /nici-horse-moon-plush-25-cm-p-35165.html HTTP/1.0" 301 70487 "-" "Mozilla/5.0 (compatible; MJ12bot/v1.4.8; http://mj12bot.com/)"
144.76.118.82 - - [06/Oct/2021:08:28:52 +0200] "GET /-p-35165.html HTTP/1.0" 200 70420 "-" "Mozilla/5.0 (compatible; MJ12bot/v1.4.8; http://mj12bot.com/)"
144.76.118.82 - - [06/Oct/2021:08:28:56 +0200] "GET /nici-jolly-lynn-butterfly-plush-25-cm-p-35182.html HTTP/1.0" 301 70682 "-" "Mozilla/5.0 (compatible; MJ12bot/v1.4.8; http://mj12bot.com/)"
144.76.118.82 - - [06/Oct/2021:08:29:04 +0200] "GET /nici-jolly-lynn-butterfly-plush-p-35182.html HTTP/1.0" 200 70584 "-" "Mozilla/5.0 (compatible; MJ12bot/v1.4.8; http://mj12bot.com/)"
144.76.118.82 - - [06/Oct/2021:08:29:09 +0200] "GET /nici-jolly-lynn-butterfly-plush-p-35182.html HTTP/1.0" 200 70584 "-" "Mozilla/5.0 (compatible; MJ12bot/v1.4.8; http://mj12bot.com/)"
144.76.118.82 - - [06/Oct/2021:08:29:16 +0200] "GET /nintendo-1up-mushroom-red-shirt-p-29608.html HTTP/1.0" 301 70487 "-" "Mozilla/5.0 (compatible; MJ12bot/v1.4.8; http://mj12bot.com/)"
144.76.118.82 - - [06/Oct/2021:08:29:22 +0200] "GET /-p-29608.html HTTP/1.0" 200 70420 "-" "Mozilla/5.0 (compatible; MJ12bot/v1.4.8; http://mj12bot.com/)"
185.191.171.6 - - [06/Oct/2021:08:29:25 +0200] "GET /lyon-black-shirt-p-31275.html?action=add_product HTTP/1.0" 302 476 "-" "Mozilla/5.0 (compatible; SemrushBot/7~bl; +http://www.semrush.com/bot.html)"
144.76.118.82 - - [06/Oct/2021:08:29:28 +0200] "GET /nintendo-black-shirt-p-30197.html HTTP/1.0" 301 70487 "-" "Mozilla/5.0 (compatible; MJ12bot/v1.4.8; http://mj12bot.com/)"
144.76.118.82 - - [06/Oct/2021:08:29:34 +0200] "GET /-p-30197.html HTTP/1.0" 200 70420 "-" "Mozilla/5.0 (compatible; MJ12bot/v1.4.8; http://mj12bot.com/)"
144.76.118.82 - - [06/Oct/2021:08:29:40 +0200] "GET /nintendo-black-shirt-p-30198.html HTTP/1.0" 301 70487 "-" "Mozilla/5.0 (compatible; MJ12bot/v1.4.8; http://mj12bot.com/)"
144.76.118.82 - - [06/Oct/2021:08:29:47 +0200] "GET /-p-30198.html HTTP/1.0" 200 70420 "-" "Mozilla/5.0 (compatible; MJ12bot/v1.4.8; http://mj12bot.com/)"
114.119.128.26 - - [06/Oct/2021:08:29:50 +0200] "GET /images/big_prod/8422018220607.jpg HTTP/1.0" 200 268 "-" "Mozilla/5.0 (Linux; Android 7.0;) AppleWebKit/537.36 (KHTML, like Gecko) Mobile Safari/537.36 (compatible; PetalBot;+https://webmaster.petalsearch.com/site/petalbot)"
144.76.118.82 - - [06/Oct/2021:08:29:52 +0200] "GET /nintendo-navy-blue-sports-bag-p-15823.html HTTP/1.0" 301 70487 "-" "Mozilla/5.0 (compatible; MJ12bot/v1.4.8; http://mj12bot.com/)"
185.191.171.18 - - [06/Oct/2021:08:29:56 +0200] "GET /renault-clock-p-23287.html HTTP/1.0" 200 70470 "-" "Mozilla/5.0 (compatible; SemrushBot/7~bl; +http://www.semrush.com/bot.html)"
144.76.118.82 - - [06/Oct/2021:08:29:58 +0200] "GET /-p-15823.html HTTP/1.0" 200 70420 "-" "Mozilla/5.0 (compatible; MJ12bot/v1.4.8; http://mj12bot.com/)"
144.76.118.82 - - [06/Oct/2021:08:30:03 +0200] "GET /nintendo-power-up-sports-bag-p-10512.html HTTP/1.0" 301 70487 "-" "Mozilla/5.0 (compatible; MJ12bot/v1.4.8; http://mj12bot.com/)"
144.76.118.82 - - [06/Oct/2021:08:30:09 +0200] "GET /-p-10512.html HTTP/1.0" 200 70420 "-" "Mozilla/5.0 (compatible; MJ12bot/v1.4.8; http://mj12bot.com/)"
144.76.118.82 - - [06/Oct/2021:08:30:16 +0200] "GET /nintendo-power-up-sports-bag-p-10513.html HTTP/1.0" 301 70487 "-" "Mozilla/5.0 (compatible; MJ12bot/v1.4.8; http://mj12bot.com/)"
54.36.149.78 - - [06/Oct/2021:08:30:18 +0200] "GET /despecable-keyring-p-33103.html HTTP/1.0" 200 73761 "-" "Mozilla/5.0 (compatible; AhrefsBot/7.0; +http://ahrefs.com/robot/)"
144.76.118.82 - - [06/Oct/2021:08:30:21 +0200] "GET /-p-10513.html HTTP/1.0" 200 70420 "-" "Mozilla/5.0 (compatible; MJ12bot/v1.4.8; http://mj12bot.com/)"
144.76.118.82 - - [06/Oct/2021:08:30:28 +0200] "GET /nintendo-shirt-p-29600.html HTTP/1.0" 200 70487 "-" "Mozilla/5.0 (compatible; MJ12bot/v1.4.8; http://mj12bot.com/)"
144.76.118.82 - - [06/Oct/2021:08:30:32 +0200] "GET /nippon-doll-portfolio-p-27069.html HTTP/1.0" 200 73363 "-" "Mozilla/5.0 (compatible; MJ12bot/v1.4.8; http://mj12bot.com/)"
144.76.118.82 - - [06/Oct/2021:08:30:37 +0200] "GET /nitro-backpack-urban-classic-p-35709.html HTTP/1.0" 200 73470 "-" "Mozilla/5.0 (compatible; MJ12bot/v1.4.8; http://mj12bot.com/)"
144.76.118.82 - - [06/Oct/2021:08:30:44 +0200] "GET /nitro-backpack-urban-classic-red-40-cm-p-35709.html HTTP/1.0" 301 73565 "-" "Mozilla/5.0 (compatible; MJ12bot/v1.4.8; http://mj12bot.com/)"
144.76.118.82 - - [06/Oct/2021:08:30:50 +0200] "GET /nitro-backpack-urban-classic-p-35709.html HTTP/1.0" 200 73470 "-" "Mozilla/5.0 (compatible; MJ12bot/v1.4.8; http://mj12bot.com/)"
144.76.118.82 - - [06/Oct/2021:08:30:56 +0200] "GET /nodding-dog-p-28319.html HTTP/1.0" 301 70487 "-" "Mozilla/5.0 (compatible; MJ12bot/v1.4.8; http://mj12bot.com/)"
185.191.171.2 - - [06/Oct/2021:08:30:56 +0200] "GET /justitia-thmis-statue-p-47906.html?action=add_product HTTP/1.0" 302 476 "-" "Mozilla/5.0 (compatible; SemrushBot/7~bl; +http://www.semrush.com/bot.html)"
144.76.118.82 - - [06/Oct/2021:08:31:02 +0200] "GET /-p-28319.html HTTP/1.0" 200 70420 "-" "Mozilla/5.0 (compatible; MJ12bot/v1.4.8; http://mj12bot.com/)"
144.76.118.82 - - [06/Oct/2021:08:31:09 +0200] "GET /nodding-p-28319.html HTTP/1.0" 301 70487 "-" "Mozilla/5.0 (compatible; MJ12bot/v1.4.8; http://mj12bot.com/)"
66.249.64.84 - - [06/Oct/2021:08:31:12 +0200] "GET /removable-cushion-coconut-ananas-40-40-cm-p-39207.html HTTP/1.0" 301 70487 "-" "Mozilla/5.0 (compatible; Googlebot/2.1; +http://www.google.com/bot.html)"
66.249.64.84 - - [06/Oct/2021:08:31:12 +0200] "GET /-p-39207.html HTTP/1.0" 200 70420 "-" "Mozilla/5.0 (compatible; Googlebot/2.1; +http://www.google.com/bot.html)"
144.76.118.82 - - [06/Oct/2021:08:31:15 +0200] "GET /-p-28319.html HTTP/1.0" 200 70420 "-" "Mozilla/5.0 (compatible; MJ12bot/v1.4.8; http://mj12bot.com/)"
185.191.171.22 - - [06/Oct/2021:08:31:16 +0200] "GET /buddha-head-decoration-p-45857.html HTTP/1.0" 200 73880 "-" "Mozilla/5.0 (compatible; SemrushBot/7~bl; +http://www.semrush.com/bot.html)"
144.76.118.82 - - [06/Oct/2021:08:31:20 +0200] "GET /noddy-stackable-wooden-toy-p-6657.html HTTP/1.0" 301 70484 "-" "Mozilla/5.0 (compatible; MJ12bot/v1.4.8; http://mj12bot.com/)"
144.76.118.82 - - [06/Oct/2021:08:31:26 +0200] "GET /-p-6657.html HTTP/1.0" 200 70418 "-" "Mozilla/5.0 (compatible; MJ12bot/v1.4.8; http://mj12bot.com/)"
144.76.118.82 - - [06/Oct/2021:08:31:32 +0200] "GET /noddy-wooden-taxi-car-p-6639.html HTTP/1.0" 301 70484 "-" "Mozilla/5.0 (compatible; MJ12bot/v1.4.8; http://mj12bot.com/)"
144.76.118.82 - - [06/Oct/2021:08:31:38 +0200] "GET /-p-6639.html HTTP/1.0" 200 70418 "-" "Mozilla/5.0 (compatible; MJ12bot/v1.4.8; http://mj12bot.com/)"
17.121.114.246 - - [06/Oct/2021:08:31:43 +0200] "GET /trolley-backpack-dreamer-gorjuss-p-47752.html HTTP/1.0" 200 70522 "-" "Mozilla/5.0 (Macintosh; Intel Mac OS X 10_15_5) AppleWebKit/605.1.15 (KHTML, like Gecko) Version/13.1.1 Safari/605.1.15 (Applebot/0.1; +http://www.apple.com/go/applebot)"
144.76.118.82 - - [06/Oct/2021:08:31:44 +0200] "GET /obelisk-salt-lamp-p-53716.html HTTP/1.0" 200 74167 "-" "Mozilla/5.0 (compatible; MJ12bot/v1.4.8; http://mj12bot.com/)"
144.76.118.82 - - [06/Oct/2021:08:31:49 +0200] "GET /oceans-song-tinker-bell-figurine-collection-p-51406.html HTTP/1.0" 301 70487 "-" "Mozilla/5.0 (compatible; MJ12bot/v1.4.8; http://mj12bot.com/)"
54.36.148.60 - - [06/Oct/2021:08:31:49 +0200] "GET /kimmidoll-airi-nail-files-p-31933.html HTTP/1.0" 200 73142 "-" "Mozilla/5.0 (compatible; AhrefsBot/7.0; +http://ahrefs.com/robot/)"
185.191.171.17 - - [06/Oct/2021:08:31:49 +0200] "GET /memory-bolster-140-38-cm-p-47975.html HTTP/1.0" 301 73818 "-" "Mozilla/5.0 (compatible; SemrushBot/7~bl; +http://www.semrush.com/bot.html)"
185.191.171.25 - - [06/Oct/2021:08:31:52 +0200] "GET /memory-bolster-p-47975.html HTTP/1.0" 200 73737 "-" "Mozilla/5.0 (compatible; SemrushBot/7~bl; +http://www.semrush.com/bot.html)"
144.76.118.82 - - [06/Oct/2021:08:31:54 +0200] "GET /-p-51406.html HTTP/1.0" 200 70420 "-" "Mozilla/5.0 (compatible; MJ12bot/v1.4.8; http://mj12bot.com/)"
144.76.118.82 - - [06/Oct/2021:08:32:00 +0200] "GET /olympique-de-marseille-pencil-case-p-36273.html HTTP/1.0" 301 70673 "-" "Mozilla/5.0 (compatible; MJ12bot/v1.4.8; http://mj12bot.com/)"
144.76.118.82 - - [06/Oct/2021:08:32:04 +0200] "GET /olympique-marseille-pencil-case-p-36273.html HTTP/1.0" 200 70575 "-" "Mozilla/5.0 (compatible; MJ12bot/v1.4.8; http://mj12bot.com/)"
185.191.171.23 - - [06/Oct/2021:08:32:07 +0200] "GET /salt-pepper-cote-p-47912.html HTTP/1.0" 200 73100 "-" "Mozilla/5.0 (compatible; SemrushBot/7~bl; +http://www.semrush.com/bot.html)"
144.76.118.82 - - [06/Oct/2021:08:32:11 +0200] "GET /olympique-marseille-pencil-case-p-36273.html HTTP/1.0" 200 70575 "-" "Mozilla/5.0 (compatible; MJ12bot/v1.4.8; http://mj12bot.com/)"
35.185.214.157 - - [06/Oct/2021:08:32:17 +0200] "GET /images/mini_prod/9316188013291.jpg HTTP/1.0" 200 269 "-" "Mozilla/5.0 (X11; Ubuntu; Linux x86_64; rv:72.0) Gecko/20100101 Firefox/72.0"
66.249.64.82 - - [06/Oct/2021:08:32:17 +0200] "GET /nautilus-moroccan-ashtray-p-47858.html HTTP/1.0" 200 73034 "-" "Mozilla/5.0 (compatible; Googlebot/2.1; +http://www.google.com/bot.html)"
144.76.118.82 - - [06/Oct/2021:08:32:17 +0200] "GET /orgone-pyramid-chakras-p-44267.html HTTP/1.0" 200 70502 "-" "Mozilla/5.0 (compatible; MJ12bot/v1.4.8; http://mj12bot.com/)"
144.76.118.82 - - [06/Oct/2021:08:32:21 +0200] "GET /orgone-pyramid-selenite-flower-life-p-44268.html HTTP/1.0" 200 74360 "-" "Mozilla/5.0 (compatible; MJ12bot/v1.4.8; http://mj12bot.com/)"
144.76.118.82 - - [06/Oct/2021:08:32:26 +0200] "GET /orgone-pyramid-selenite-flower-of-life-p-44268.html HTTP/1.0" 301 74462 "-" "Mozilla/5.0 (compatible; MJ12bot/v1.4.8; http://mj12bot.com/)"
144.76.118.82 - - [06/Oct/2021:08:32:32 +0200] "GET /orgone-pyramid-selenite-flower-life-p-44268.html HTTP/1.0" 200 74360 "-" "Mozilla/5.0 (compatible; MJ12bot/v1.4.8; http://mj12bot.com/)"
144.76.118.82 - - [06/Oct/2021:08:32:38 +0200] "GET /oval-carpet-90-cm-p-52537.html HTTP/1.0" 301 74039 "-" "Mozilla/5.0 (compatible; MJ12bot/v1.4.8; http://mj12bot.com/)"
144.76.118.82 - - [06/Oct/2021:08:32:44 +0200] "GET /oval-carpet-p-52537.html HTTP/1.0" 200 73961 "-" "Mozilla/5.0 (compatible; MJ12bot/v1.4.8; http://mj12bot.com/)"
144.76.118.82 - - [06/Oct/2021:08:32:50 +0200] "GET /oval-carpet-p-52537.html HTTP/1.0" 200 73961 "-" "Mozilla/5.0 (compatible; MJ12bot/v1.4.8; http://mj12bot.com/)"
144.76.118.82 - - [06/Oct/2021:08:32:56 +0200] "GET /owl-glass-lamp-33-cm-p-47224.html HTTP/1.0" 301 73732 "-" "Mozilla/5.0 (compatible; MJ12bot/v1.4.8; http://mj12bot.com/)"
144.76.118.82 - - [06/Oct/2021:08:33:03 +0200] "GET /glass-lamp-p-47224.html HTTP/1.0" 200 73655 "-" "Mozilla/5.0 (compatible; MJ12bot/v1.4.8; http://mj12bot.com/)"
17.121.112.79 - - [06/Oct/2021:08:33:05 +0200] "GET /images/mini_prod/524352%5B2%5D.jpg HTTP/1.0" 200 265 "-" "Mozilla/5.0 (Macintosh; Intel Mac OS X 10_15_5) AppleWebKit/605.1.15 (KHTML, like Gecko) Version/13.1.1 Safari/605.1.15 (Applebot/0.1; +http://www.apple.com/go/applebot)"
54.36.149.36 - - [06/Oct/2021:08:33:11 +0200] "GET /little-prince-cotton-pouch-p-50369.html HTTP/1.0" 200 73154 "-" "Mozilla/5.0 (compatible; AhrefsBot/7.0; +http://ahrefs.com/robot/)"
144.76.118.82 - - [06/Oct/2021:08:33:11 +0200] "GET /owl-green-cushion-p-36804.html HTTP/1.0" 301 73177 "-" "Mozilla/5.0 (compatible; MJ12bot/v1.4.8; http://mj12bot.com/)"
185.191.171.21 - - [06/Oct/2021:08:33:16 +0200] "GET /cotton-floor-cushion-niro-blue-40-cm-p-52503.html HTTP/1.0" 301 70487 "-" "Mozilla/5.0 (compatible; SemrushBot/7~bl; +http://www.semrush.com/bot.html)"
144.76.118.82 - - [06/Oct/2021:08:33:17 +0200] "GET /green-cushion-p-36804.html HTTP/1.0" 200 73097 "-" "Mozilla/5.0 (compatible; MJ12bot/v1.4.8; http://mj12bot.com/)"
185.191.171.15 - - [06/Oct/2021:08:33:18 +0200] "GET /-p-52503.html HTTP/1.0" 200 70420 "-" "Mozilla/5.0 (compatible; SemrushBot/7~bl; +http://www.semrush.com/bot.html)"
144.76.118.82 - - [06/Oct/2021:08:33:24 +0200] "GET /owl-grey-led-keychains-p-32588.html HTTP/1.0" 301 73128 "-" "Mozilla/5.0 (compatible; MJ12bot/v1.4.8; http://mj12bot.com/)"
144.76.118.82 - - [06/Oct/2021:08:33:29 +0200] "GET /grey-keychains-p-32588.html HTTP/1.0" 200 73047 "-" "Mozilla/5.0 (compatible; MJ12bot/v1.4.8; http://mj12bot.com/)"
144.76.118.82 - - [06/Oct/2021:08:33:37 +0200] "GET /owl-saltshaker-and-pepper-pot-p-32784.html HTTP/1.0" 301 70616 "-" "Mozilla/5.0 (compatible; MJ12bot/v1.4.8; http://mj12bot.com/)"
114.119.128.34 - - [06/Oct/2021:08:33:41 +0200] "GET /images/big_prod_2/8445148003292b.jpg HTTP/1.0" 200 271 "-" "Mozilla/5.0 (Linux; Android 7.0;) AppleWebKit/537.36 (KHTML, like Gecko) Mobile Safari/537.36 (compatible; PetalBot;+https://webmaster.petalsearch.com/site/petalbot)"
144.76.118.82 - - [06/Oct/2021:08:33:44 +0200] "GET /saltshaker-pepper-p-32784.html HTTP/1.0" 200 70532 "-" "Mozilla/5.0 (compatible; MJ12bot/v1.4.8; http://mj12bot.com/)"
144.76.118.82 - - [06/Oct/2021:08:33:50 +0200] "GET /owl-silver-statue-125-cm-p-35373.html HTTP/1.0" 301 70566 "-" "Mozilla/5.0 (compatible; MJ12bot/v1.4.8; http://mj12bot.com/)"
144.76.118.82 - - [06/Oct/2021:08:33:56 +0200] "GET /silver-statue-p-35373.html HTTP/1.0" 200 70486 "-" "Mozilla/5.0 (compatible; MJ12bot/v1.4.8; http://mj12bot.com/)"
66.249.64.84 - - [06/Oct/2021:08:34:02 +0200] "GET /robocar-poli-moving-p-32409.html HTTP/1.0" 200 73234 "-" "Mozilla/5.0 (Linux; Android 6.0.1; Nexus 5X Build/MMB29P) AppleWebKit/537.36 (KHTML, like Gecko) Chrome/94.0.4606.61 Mobile Safari/537.36 (compatible; Googlebot/2.1; +http://www.google.com/bot.html)"
144.76.118.82 - - [06/Oct/2021:08:34:05 +0200] "GET /owl-tisaniere-with-metal-infuser-mod-p-36546.html HTTP/1.0" 301 70487 "-" "Mozilla/5.0 (compatible; MJ12bot/v1.4.8; http://mj12bot.com/)"
144.76.118.82 - - [06/Oct/2021:08:34:11 +0200] "GET /-p-36546.html HTTP/1.0" 200 70420 "-" "Mozilla/5.0 (compatible; MJ12bot/v1.4.8; http://mj12bot.com/)"
144.76.118.82 - - [06/Oct/2021:08:34:18 +0200] "GET /owls-mug-p-27604.html HTTP/1.0" 301 70505 "-" "Mozilla/5.0 (compatible; MJ12bot/v1.4.8; http://mj12bot.com/)"
185.191.171.24 - - [06/Oct/2021:08:34:22 +0200] "GET /terrasses-parisiennes-tray-p-12439.html HTTP/1.0" 200 73308 "-" "Mozilla/5.0 (compatible; SemrushBot/7~bl; +http://www.semrush.com/bot.html)"
144.76.118.82 - - [06/Oct/2021:08:34:24 +0200] "GET /owls-p-27604.html HTTP/1.0" 200 70434 "-" "Mozilla/5.0 (compatible; MJ12bot/v1.4.8; http://mj12bot.com/)"
66.249.64.82 - - [06/Oct/2021:08:34:29 +0200] "GET /images/5702015124881.jpg HTTP/1.0" 200 259 "-" "Googlebot-Image/1.0"
144.76.118.82 - - [06/Oct/2021:08:34:30 +0200] "GET /owls-mug-p-27605.html HTTP/1.0" 301 70514 "-" "Mozilla/5.0 (compatible; MJ12bot/v1.4.8; http://mj12bot.com/)"
144.76.118.82 - - [06/Oct/2021:08:34:36 +0200] "GET /owls-p-27605.html HTTP/1.0" 200 70443 "-" "Mozilla/5.0 (compatible; MJ12bot/v1.4.8; http://mj12bot.com/)"
144.76.118.82 - - [06/Oct/2021:08:34:41 +0200] "GET /owls-mug-p-27606.html HTTP/1.0" 301 72976 "-" "Mozilla/5.0 (compatible; MJ12bot/v1.4.8; http://mj12bot.com/)"
54.36.149.49 - - [06/Oct/2021:08:34:43 +0200] "GET /light-garland-collection-canar-girly-p-39463.html HTTP/1.0" 200 74094 "-" "Mozilla/5.0 (compatible; AhrefsBot/7.0; +http://ahrefs.com/robot/)"
144.76.118.82 - - [06/Oct/2021:08:34:48 +0200] "GET /owls-p-27606.html HTTP/1.0" 200 72905 "-" "Mozilla/5.0 (compatible; MJ12bot/v1.4.8; http://mj12bot.com/)"
216.244.66.242 - - [06/Oct/2021:08:34:51 +0200] "GET /robots.txt HTTP/1.0" 200 245 "-" "Mozilla/5.0 (compatible; DotBot/1.2; +https://opensiteexplorer.org/dotbot; help@moz.com)"
144.76.118.82 - - [06/Oct/2021:08:34:55 +0200] "GET /owls-p-27604.html HTTP/1.0" 200 70434 "-" "Mozilla/5.0 (compatible; MJ12bot/v1.4.8; http://mj12bot.com/)"
144.76.118.82 - - [06/Oct/2021:08:35:01 +0200] "GET /owls-p-27605.html HTTP/1.0" 200 70443 "-" "Mozilla/5.0 (compatible; MJ12bot/v1.4.8; http://mj12bot.com/)"
144.76.118.82 - - [06/Oct/2021:08:35:07 +0200] "GET /owls-p-27606.html HTTP/1.0" 200 72905 "-" "Mozilla/5.0 (compatible; MJ12bot/v1.4.8; http://mj12bot.com/)"
144.76.118.82 - - [06/Oct/2021:08:35:14 +0200] "GET /pairs-socks-size-p-25679.html HTTP/1.0" 200 70545 "-" "Mozilla/5.0 (compatible; MJ12bot/v1.4.8; http://mj12bot.com/)"
144.76.118.82 - - [06/Oct/2021:08:35:20 +0200] "GET /panther-silver-lamp-53-cm-p-46372.html HTTP/1.0" 301 70584 "-" "Mozilla/5.0 (compatible; MJ12bot/v1.4.8; http://mj12bot.com/)"
144.76.118.82 - - [06/Oct/2021:08:35:28 +0200] "GET /panther-silver-lamp-p-46372.html HTTP/1.0" 200 70498 "-" "Mozilla/5.0 (compatible; MJ12bot/v1.4.8; http://mj12bot.com/)"
144.76.118.82 - - [06/Oct/2021:08:35:33 +0200] "GET /panther-silver-lamp-57-cm-p-46372.html HTTP/1.0" 301 70584 "-" "Mozilla/5.0 (compatible; MJ12bot/v1.4.8; http://mj12bot.com/)"
144.76.118.82 - - [06/Oct/2021:08:35:39 +0200] "GET /panther-silver-lamp-p-46372.html HTTP/1.0" 200 70498 "-" "Mozilla/5.0 (compatible; MJ12bot/v1.4.8; http://mj12bot.com/)"
144.76.118.82 - - [06/Oct/2021:08:35:47 +0200] "GET /panther-silver-lamp-p-46372.html HTTP/1.0" 200 70498 "-" "Mozilla/5.0 (compatible; MJ12bot/v1.4.8; http://mj12bot.com/)"
17.121.115.236 - - [06/Oct/2021:08:35:48 +0200] "GET /images/mini_prod/3760116310659.jpg HTTP/1.0" 200 269 "-" "Mozilla/5.0 (Macintosh; Intel Mac OS X 10_15_5) AppleWebKit/605.1.15 (KHTML, like Gecko) Version/13.1.1 Safari/605.1.15 (Applebot/0.1; +http://www.apple.com/go/applebot)"
185.191.171.43 - - [06/Oct/2021:08:35:50 +0200] "GET /smiley-reporter-p-16739.html?action=add_product HTTP/1.0" 302 476 "-" "Mozilla/5.0 (compatible; SemrushBot/7~bl; +http://www.semrush.com/bot.html)"
144.76.118.82 - - [06/Oct/2021:08:35:54 +0200] "GET /paper-fiber-table-lamp-p-53920.html HTTP/1.0" 200 73934 "-" "Mozilla/5.0 (compatible; MJ12bot/v1.4.8; http://mj12bot.com/)"
144.76.118.82 - - [06/Oct/2021:08:35:59 +0200] "GET /paris-aime-small-tray-p-18985.html HTTP/1.0" 200 73272 "-" "Mozilla/5.0 (compatible; MJ12bot/v1.4.8; http://mj12bot.com/)"
144.76.118.82 - - [06/Oct/2021:08:36:08 +0200] "GET /paris-cushion-p-24499.html HTTP/1.0" 200 70462 "-" "Mozilla/5.0 (compatible; MJ12bot/v1.4.8; http://mj12bot.com/)"
144.76.118.82 - - [06/Oct/2021:08:36:12 +0200] "GET /paris-je-aime-small-tray-p-18985.html HTTP/1.0" 301 73360 "-" "Mozilla/5.0 (compatible; MJ12bot/v1.4.8; http://mj12bot.com/)"
144.76.118.82 - - [06/Oct/2021:08:36:16 +0200] "GET /paris-aime-small-tray-p-18985.html HTTP/1.0" 200 73272 "-" "Mozilla/5.0 (compatible; MJ12bot/v1.4.8; http://mj12bot.com/)"
144.76.118.82 - - [06/Oct/2021:08:36:23 +0200] "GET /paris-pink-companion-wallet-p-38622.html HTTP/1.0" 200 73806 "-" "Mozilla/5.0 (compatible; MJ12bot/v1.4.8; http://mj12bot.com/)"
54.36.148.169 - - [06/Oct/2021:08:36:25 +0200] "GET /flowers-mini-melamine-tray-p-55857.html HTTP/1.0" 200 73196 "-" "Mozilla/5.0 (compatible; AhrefsBot/7.0; +http://ahrefs.com/robot/)"
17.121.115.122 - - [06/Oct/2021:08:36:27 +0200] "GET /personalized-products-c-97.html?page=2 HTTP/1.0" 200 91318 "-" "Mozilla/5.0 (Macintosh; Intel Mac OS X 10_15_5) AppleWebKit/605.1.15 (KHTML, like Gecko) Version/13.1.1 Safari/605.1.15 (Applebot/0.1; +http://www.apple.com/go/applebot)"
144.76.118.82 - - [06/Oct/2021:08:36:28 +0200] "GET /paris-red-cushion-40-40-cm-p-36899.html HTTP/1.0" 301 70487 "-" "Mozilla/5.0 (compatible; MJ12bot/v1.4.8; http://mj12bot.com/)"
144.76.118.82 - - [06/Oct/2021:08:36:34 +0200] "GET /-p-36899.html HTTP/1.0" 200 70420 "-" "Mozilla/5.0 (compatible; MJ12bot/v1.4.8; http://mj12bot.com/)"
144.76.118.82 - - [06/Oct/2021:08:36:42 +0200] "GET /paris-tour-eiffel-signature-by-cbk-small-cushion-30-cm-p-17240.html HTTP/1.0" 301 70487 "-" "Mozilla/5.0 (compatible; MJ12bot/v1.4.8; http://mj12bot.com/)"
144.76.118.82 - - [06/Oct/2021:08:36:49 +0200] "GET /-p-17240.html HTTP/1.0" 200 70420 "-" "Mozilla/5.0 (compatible; MJ12bot/v1.4.8; http://mj12bot.com/)"
144.76.118.82 - - [06/Oct/2021:08:36:56 +0200] "GET /paris-tour-eiffel-signature-by-cbkreation-small-cushion-30-cm-p-17240.html HTTP/1.0" 301 70487 "-" "Mozilla/5.0 (compatible; MJ12bot/v1.4.8; http://mj12bot.com/)"
144.76.118.82 - - [06/Oct/2021:08:37:02 +0200] "GET /-p-17240.html HTTP/1.0" 200 70420 "-" "Mozilla/5.0 (compatible; MJ12bot/v1.4.8; http://mj12bot.com/)"
185.191.171.36 - - [06/Oct/2021:08:37:04 +0200] "GET /lord-brian-london-tea-box-compartments-p-39521.html HTTP/1.0" 301 70651 "-" "Mozilla/5.0 (compatible; SemrushBot/7~bl; +http://www.semrush.com/bot.html)"
185.191.171.25 - - [06/Oct/2021:08:37:06 +0200] "GET /lord-brian-london-compartments-p-39521.html HTTP/1.0" 200 70554 "-" "Mozilla/5.0 (compatible; SemrushBot/7~bl; +http://www.semrush.com/bot.html)"
144.76.118.82 - - [06/Oct/2021:08:37:09 +0200] "GET /paris-tray-p-17225.html HTTP/1.0" 200 70461 "-" "Mozilla/5.0 (compatible; MJ12bot/v1.4.8; http://mj12bot.com/)"
144.76.118.82 - - [06/Oct/2021:08:37:15 +0200] "GET /paulownia-ball-lantern-p-45415.html HTTP/1.0" 200 73147 "-" "Mozilla/5.0 (compatible; MJ12bot/v1.4.8; http://mj12bot.com/)"
144.76.118.82 - - [06/Oct/2021:08:37:21 +0200] "GET /peanuts-figure-p-11179.html HTTP/1.0" 200 73090 "-" "Mozilla/5.0 (compatible; MJ12bot/v1.4.8; http://mj12bot.com/)"
144.76.118.82 - - [06/Oct/2021:08:37:27 +0200] "GET /peanuts-linus-figure-p-11180.html HTTP/1.0" 200 73146 "-" "Mozilla/5.0 (compatible; MJ12bot/v1.4.8; http://mj12bot.com/)"
144.76.118.82 - - [06/Oct/2021:08:37:34 +0200] "GET /peg-wooden-antique-white-p-45830.html HTTP/1.0" 301 73953 "-" "Mozilla/5.0 (compatible; MJ12bot/v1.4.8; http://mj12bot.com/)"
144.76.118.82 - - [06/Oct/2021:08:37:42 +0200] "GET /wooden-antique-white-p-45830.html HTTP/1.0" 200 73866 "-" "Mozilla/5.0 (compatible; MJ12bot/v1.4.8; http://mj12bot.com/)"
144.76.118.82 - - [06/Oct/2021:08:37:45 +0200] "GET /pennie-grey-bedclothes-240-220-cm-p-39288.html HTTP/1.0" 301 70487 "-" "Mozilla/5.0 (compatible; MJ12bot/v1.4.8; http://mj12bot.com/)"
144.76.118.82 - - [06/Oct/2021:08:37:51 +0200] "GET /-p-39288.html HTTP/1.0" 200 70420 "-" "Mozilla/5.0 (compatible; MJ12bot/v1.4.8; http://mj12bot.com/)"
185.191.171.25 - - [06/Oct/2021:08:37:52 +0200] "GET /bamboo-plates-p-47254.html?action=add_product HTTP/1.0" 302 476 "-" "Mozilla/5.0 (compatible; SemrushBot/7~bl; +http://www.semrush.com/bot.html)"
54.36.149.107 - - [06/Oct/2021:08:37:57 +0200] "GET /silver-leopard-statuette-p-54258.html HTTP/1.0" 200 73726 "-" "Mozilla/5.0 (compatible; AhrefsBot/7.0; +http://ahrefs.com/robot/)"
144.76.118.82 - - [06/Oct/2021:08:37:59 +0200] "GET /peter-figure-p-2879.html HTTP/1.0" 200 70481 "-" "Mozilla/5.0 (compatible; MJ12bot/v1.4.8; http://mj12bot.com/)"
144.76.118.82 - - [06/Oct/2021:08:38:04 +0200] "GET /peter-pan-figure-p-2879.html HTTP/1.0" 301 70559 "-" "Mozilla/5.0 (compatible; MJ12bot/v1.4.8; http://mj12bot.com/)"
185.191.171.7 - - [06/Oct/2021:08:38:09 +0200] "GET /minnie-mouse-disney-glitter-globe-p-33589.html HTTP/1.0" 200 73267 "-" "Mozilla/5.0 (compatible; SemrushBot/7~bl; +http://www.semrush.com/bot.html)"
144.76.118.82 - - [06/Oct/2021:08:38:10 +0200] "GET /peter-figure-p-2879.html HTTP/1.0" 200 70481 "-" "Mozilla/5.0 (compatible; MJ12bot/v1.4.8; http://mj12bot.com/)"
157.55.39.3 - - [06/Oct/2021:08:38:14 +0200] "GET /images/big_prod/4029811409068.jpg HTTP/1.0" 200 268 "-" "Mozilla/5.0 (compatible; bingbot/2.0; +http://www.bing.com/bingbot.htm)"
144.76.118.82 - - [06/Oct/2021:08:38:18 +0200] "GET /peter-pan-wendy-figure-p-2886.html HTTP/1.0" 301 70565 "-" "Mozilla/5.0 (compatible; MJ12bot/v1.4.8; http://mj12bot.com/)"
144.76.118.82 - - [06/Oct/2021:08:38:22 +0200] "GET /peter-wendy-figure-p-2886.html HTTP/1.0" 200 70481 "-" "Mozilla/5.0 (compatible; MJ12bot/v1.4.8; http://mj12bot.com/)"
51.68.224.127 - - [06/Oct/2021:08:38:22 +0200] "GET /adminweb/export_orders_xml.php?token=256de2z6edz6ed2z6DFSFsed2zed6zeDSFDSGdzedezfzf&maxorders=10&orderstart=1&status=14&start_date=2018-10-01 HTTP/1.0" 200 285 "-" "GesCom CharlotteBoutik Serveur"
51.68.224.127 - - [06/Oct/2021:08:38:24 +0200] "GET /adminweb/export_orders_xml.php?token=256de2z6edz6ed2z6DFSFsed2zed6zeDSFDSGdzedezfzf&maxorders=10&orderstart=1&status=6&start_date=2018-10-01 HTTP/1.0" 200 32573 "-" "GesCom CharlotteBoutik Serveur"
144.76.118.82 - - [06/Oct/2021:08:38:30 +0200] "GET /peter-wendy-figure-p-2886.html HTTP/1.0" 200 70481 "-" "Mozilla/5.0 (compatible; MJ12bot/v1.4.8; http://mj12bot.com/)"
144.76.118.82 - - [06/Oct/2021:08:38:35 +0200] "GET /petit-akio-led-night-light-unicorn-p-46401.html HTTP/1.0" 301 70487 "-" "Mozilla/5.0 (compatible; MJ12bot/v1.4.8; http://mj12bot.com/)"
144.76.118.82 - - [06/Oct/2021:08:38:42 +0200] "GET /-p-46401.html HTTP/1.0" 200 70420 "-" "Mozilla/5.0 (compatible; MJ12bot/v1.4.8; http://mj12bot.com/)"
144.76.118.82 - - [06/Oct/2021:08:38:47 +0200] "GET /piggy-bank-premire-tirelire-p-55717.html HTTP/1.0" 200 73773 "-" "Mozilla/5.0 (compatible; MJ12bot/v1.4.8; http://mj12bot.com/)"
66.249.64.83 - - [06/Oct/2021:08:38:52 +0200] "GET /pgase-training-bottle-p-33776.html HTTP/1.0" 200 73364 "-" "Mozilla/5.0 (Linux; Android 6.0.1; Nexus 5X Build/MMB29P) AppleWebKit/537.36 (KHTML, like Gecko) Chrome/94.0.4606.61 Mobile Safari/537.36 (compatible; Googlebot/2.1; +http://www.google.com/bot.html)"
144.76.118.82 - - [06/Oct/2021:08:38:53 +0200] "GET /piglet-figure-p-2919.html HTTP/1.0" 200 70474 "-" "Mozilla/5.0 (compatible; MJ12bot/v1.4.8; http://mj12bot.com/)"
144.76.118.82 - - [06/Oct/2021:08:38:59 +0200] "GET /piglet-with-paper-figure-p-4717.html HTTP/1.0" 200 70512 "-" "Mozilla/5.0 (compatible; MJ12bot/v1.4.8; http://mj12bot.com/)"
144.76.118.82 - - [06/Oct/2021:08:39:06 +0200] "GET /piglet-with-paper-hat-figure-p-4717.html HTTP/1.0" 301 70602 "-" "Mozilla/5.0 (compatible; MJ12bot/v1.4.8; http://mj12bot.com/)"
144.76.118.82 - - [06/Oct/2021:08:39:12 +0200] "GET /piglet-with-paper-figure-p-4717.html HTTP/1.0" 200 70512 "-" "Mozilla/5.0 (compatible; MJ12bot/v1.4.8; http://mj12bot.com/)"
144.76.118.82 - - [06/Oct/2021:08:39:18 +0200] "GET /pillow-case-65-65-cm-red-p-39127.html HTTP/1.0" 301 73354 "-" "Mozilla/5.0 (compatible; MJ12bot/v1.4.8; http://mj12bot.com/)"
66.249.64.83 - - [06/Oct/2021:08:39:24 +0200] "GET /placemat-kiub-collection-bike-p-55907.html HTTP/1.0" 200 73189 "-" "Mozilla/5.0 (Linux; Android 6.0.1; Nexus 5X Build/MMB29P) AppleWebKit/537.36 (KHTML, like Gecko) Chrome/94.0.4606.71 Mobile Safari/537.36 (compatible; Googlebot/2.1; +http://www.google.com/bot.html)"
144.76.118.82 - - [06/Oct/2021:08:39:24 +0200] "GET /pillow-case-p-39127.html HTTP/1.0" 200 73276 "-" "Mozilla/5.0 (compatible; MJ12bot/v1.4.8; http://mj12bot.com/)"
54.36.149.43 - - [06/Oct/2021:08:39:29 +0200] "GET /gorjuss-wallet-pastel-pattern-print-toadstools-p-34748.html HTTP/1.0" 200 74448 "-" "Mozilla/5.0 (compatible; AhrefsBot/7.0; +http://ahrefs.com/robot/)"
144.76.118.82 - - [06/Oct/2021:08:39:31 +0200] "GET /pillow-case-p-39127.html HTTP/1.0" 200 73276 "-" "Mozilla/5.0 (compatible; MJ12bot/v1.4.8; http://mj12bot.com/)"
8.209.71.148 - - [06/Oct/2021:08:39:33 +0200] "GET /%20images/big_prod/3503420080463.jpg HTTP/1.0" 404 1308 "https://google.com" "Mozilla/5.0 (X11; Linux x86_64) AppleWebKit/537.1 (KHTML, like Gecko) Chrome/21.0.1180.77 Safari/537.1"
144.76.118.82 - - [06/Oct/2021:08:39:40 +0200] "GET /pink-flamingo-white-women-shirt-p-34207.html HTTP/1.0" 200 75363 "-" "Mozilla/5.0 (compatible; MJ12bot/v1.4.8; http://mj12bot.com/)"
144.76.118.82 - - [06/Oct/2021:08:39:46 +0200] "GET /pink-flamingo-white-women-tee-shirt-p-34207.html HTTP/1.0" 301 75461 "-" "Mozilla/5.0 (compatible; MJ12bot/v1.4.8; http://mj12bot.com/)"
144.76.118.82 - - [06/Oct/2021:08:39:55 +0200] "GET /pink-flamingo-white-women-shirt-p-34207.html HTTP/1.0" 200 75363 "-" "Mozilla/5.0 (compatible; MJ12bot/v1.4.8; http://mj12bot.com/)"
144.76.118.82 - - [06/Oct/2021:08:40:01 +0200] "GET /pink-floyd-back-catalogue-poster-p-32281.html HTTP/1.0" 200 70571 "-" "Mozilla/5.0 (compatible; MJ12bot/v1.4.8; http://mj12bot.com/)"
144.76.118.82 - - [06/Oct/2021:08:40:07 +0200] "GET /pink-floyd-prism-poster-p-15742.html HTTP/1.0" 200 70526 "-" "Mozilla/5.0 (compatible; MJ12bot/v1.4.8; http://mj12bot.com/)"
144.76.118.82 - - [06/Oct/2021:08:40:12 +0200] "GET /pink-mini-glitter-ball-p-33557.html HTTP/1.0" 200 73125 "-" "Mozilla/5.0 (compatible; MJ12bot/v1.4.8; http://mj12bot.com/)"
144.76.118.82 - - [06/Oct/2021:08:40:17 +0200] "GET /pink-pig-mini-glitter-ball-p-33557.html HTTP/1.0" 301 73214 "-" "Mozilla/5.0 (compatible; MJ12bot/v1.4.8; http://mj12bot.com/)"
185.191.171.34 - - [06/Oct/2021:08:40:19 +0200] "GET /unicorne-small-bank-p-42514.html HTTP/1.0" 200 70486 "-" "Mozilla/5.0 (compatible; SemrushBot/7~bl; +http://www.semrush.com/bot.html)"
