148.251.120.201 - - [06/Oct/2021:05:42:45 +0200] "GET /kimmidoll-sora-metal-keyring-p-17491.html HTTP/1.0" 200 70551 "-" "Mozilla/5.0 (compatible; MJ12bot/v1.4.8; http://mj12bot.com/)"
157.55.39.68 - - [06/Oct/2021:05:43:12 +0200] "GET /images/8033842201160.jpg HTTP/1.0" 200 259 "-" "Mozilla/5.0 (compatible; bingbot/2.0; +http://www.bing.com/bingbot.htm)"
159.138.102.98 - - [06/Oct/2021:05:43:24 +0200] "GET /images/big_prod/8420327473493.jpg HTTP/1.0" 200 268 "-" "Mozilla/5.0 (Linux; Android 7.0;) AppleWebKit/537.36 (KHTML, like Gecko) Mobile Safari/537.36 (compatible; PetalBot;+https://webmaster.petalsearch.com/site/petalbot)"
66.249.64.83 - - [06/Oct/2021:05:43:39 +0200] "GET /lego-superman-lite-super-heroes-keychains-p-27072.html HTTP/1.0" 200 73391 "-" "Mozilla/5.0 (compatible; Googlebot/2.1; +http://www.google.com/bot.html)"
54.36.148.189 - - [06/Oct/2021:05:44:06 +0200] "GET /audi-barrel-moneybox-p-55662.html HTTP/1.0" 200 73640 "-" "Mozilla/5.0 (compatible; AhrefsBot/7.0; +http://ahrefs.com/robot/)"
66.249.64.83 - - [06/Oct/2021:05:44:45 +0200] "GET /images/big_prod/3014627949441.jpg HTTP/1.0" 200 268 "-" "Googlebot-Image/1.0"
185.191.171.21 - - [06/Oct/2021:05:44:46 +0200] "GET /cats-paris-glass-coasters-p-34898.html?action=add_product HTTP/1.0" 302 476 "-" "Mozilla/5.0 (compatible; SemrushBot/7~bl; +http://www.semrush.com/bot.html)"
34.231.151.19 - - [06/Oct/2021:05:44:55 +0200] "GET /images/mini_prod/3503420096426.jpg HTTP/1.0" 200 269 "-" "Mozilla/5.0 (X11; Ubuntu; Linux x86_64; rv:72.0) Gecko/20100101 Firefox/72.0"
185.191.171.36 - - [06/Oct/2021:05:44:57 +0200] "GET /cbkreation-p-33780.html?action=add_product HTTP/1.0" 302 476 "-" "Mozilla/5.0 (compatible; SemrushBot/7~bl; +http://www.semrush.com/bot.html)"
54.36.149.43 - - [06/Oct/2021:05:45:31 +0200] "GET /flamingo-metal-tray-green-p-40182.html HTTP/1.0" 200 73170 "-" "Mozilla/5.0 (compatible; AhrefsBot/7.0; +http://ahrefs.com/robot/)"
185.191.171.33 - - [06/Oct/2021:05:45:35 +0200] "GET /paperweight-birth-of-venus-by-botticelli-p-46903.html HTTP/1.0" 301 74596 "-" "Mozilla/5.0 (compatible; SemrushBot/7~bl; +http://www.semrush.com/bot.html)"
185.191.171.25 - - [06/Oct/2021:05:45:38 +0200] "GET /paperweight-birth-venus-botticelli-p-46903.html HTTP/1.0" 200 74495 "-" "Mozilla/5.0 (compatible; SemrushBot/7~bl; +http://www.semrush.com/bot.html)"
207.46.13.152 - - [06/Oct/2021:05:45:41 +0200] "GET /images/1345544316118.jpg HTTP/1.0" 200 259 "-" "Mozilla/5.0 (compatible; bingbot/2.0; +http://www.bing.com/bingbot.htm)"
185.191.171.36 - - [06/Oct/2021:05:45:48 +0200] "GET /nici-adventure-wild-friends-pen-colors-p-20580.html HTTP/1.0" 301 73280 "-" "Mozilla/5.0 (compatible; SemrushBot/7~bl; +http://www.semrush.com/bot.html)"
185.191.171.17 - - [06/Oct/2021:05:45:50 +0200] "GET /nici-adventure-wild-friends-colors-p-20580.html HTTP/1.0" 200 73179 "-" "Mozilla/5.0 (compatible; SemrushBot/7~bl; +http://www.semrush.com/bot.html)"
148.251.120.201 - - [06/Oct/2021:05:45:55 +0200] "GET /kimmidoll-storage-cardboard-boxes-p-31956.html HTTP/1.0" 301 70487 "-" "Mozilla/5.0 (compatible; MJ12bot/v1.4.8; http://mj12bot.com/)"
148.251.120.201 - - [06/Oct/2021:05:45:59 +0200] "GET /-p-31956.html HTTP/1.0" 200 70420 "-" "Mozilla/5.0 (compatible; MJ12bot/v1.4.8; http://mj12bot.com/)"
148.251.120.201 - - [06/Oct/2021:05:46:05 +0200] "GET /kimmidoll-tamaki-keyring-p-12982.html HTTP/1.0" 200 70531 "-" "Mozilla/5.0 (compatible; MJ12bot/v1.4.8; http://mj12bot.com/)"
148.251.120.201 - - [06/Oct/2021:05:46:11 +0200] "GET /kimmidoll-tamaki-keyring-p-12989.html HTTP/1.0" 200 70531 "-" "Mozilla/5.0 (compatible; MJ12bot/v1.4.8; http://mj12bot.com/)"
148.251.120.201 - - [06/Oct/2021:05:46:16 +0200] "GET /kimmidoll-tatsumi-notebook-with-p-21734.html HTTP/1.0" 301 70487 "-" "Mozilla/5.0 (compatible; MJ12bot/v1.4.8; http://mj12bot.com/)"
148.251.120.201 - - [06/Oct/2021:05:46:20 +0200] "GET /-p-21734.html HTTP/1.0" 200 70420 "-" "Mozilla/5.0 (compatible; MJ12bot/v1.4.8; http://mj12bot.com/)"
148.251.120.201 - - [06/Oct/2021:05:46:28 +0200] "GET /kimmidoll-tatsumi-notebook-with-pen-p-21734.html HTTP/1.0" 301 70487 "-" "Mozilla/5.0 (compatible; MJ12bot/v1.4.8; http://mj12bot.com/)"
148.251.120.201 - - [06/Oct/2021:05:46:33 +0200] "GET /-p-21734.html HTTP/1.0" 200 70420 "-" "Mozilla/5.0 (compatible; MJ12bot/v1.4.8; http://mj12bot.com/)"
54.36.148.206 - - [06/Oct/2021:05:46:39 +0200] "GET /ballerina-statue-collection-body-talk-p-46762.html HTTP/1.0" 200 73896 "-" "Mozilla/5.0 (compatible; AhrefsBot/7.0; +http://ahrefs.com/robot/)"
148.251.120.201 - - [06/Oct/2021:05:46:41 +0200] "GET /kimmidoll-tsukiko-metal-keyring-p-17490.html HTTP/1.0" 301 70487 "-" "Mozilla/5.0 (compatible; MJ12bot/v1.4.8; http://mj12bot.com/)"
148.251.120.201 - - [06/Oct/2021:05:46:47 +0200] "GET /-p-17490.html HTTP/1.0" 200 70420 "-" "Mozilla/5.0 (compatible; MJ12bot/v1.4.8; http://mj12bot.com/)"
148.251.120.201 - - [06/Oct/2021:05:46:54 +0200] "GET /kimmidoll-vanity-collection-p-44104.html HTTP/1.0" 200 70546 "-" "Mozilla/5.0 (compatible; MJ12bot/v1.4.8; http://mj12bot.com/)"
148.251.120.201 - - [06/Oct/2021:05:47:01 +0200] "GET /kimmidoll-vanity-collection-p-44106.html HTTP/1.0" 200 70546 "-" "Mozilla/5.0 (compatible; MJ12bot/v1.4.8; http://mj12bot.com/)"
148.251.120.201 - - [06/Oct/2021:05:47:07 +0200] "GET /kimmidoll-yasuyo-keychains-p-19752.html HTTP/1.0" 200 70541 "-" "Mozilla/5.0 (compatible; MJ12bot/v1.4.8; http://mj12bot.com/)"
185.191.171.19 - - [06/Oct/2021:05:47:09 +0200] "GET /golden-decorative-game-dice-p-49249.html?action=add_product HTTP/1.0" 302 476 "-" "Mozilla/5.0 (compatible; SemrushBot/7~bl; +http://www.semrush.com/bot.html)"
148.251.120.201 - - [06/Oct/2021:05:47:17 +0200] "GET /kimmidoll-yoka-compact-mirror-p-32408.html HTTP/1.0" 301 70487 "-" "Mozilla/5.0 (compatible; MJ12bot/v1.4.8; http://mj12bot.com/)"
148.251.120.201 - - [06/Oct/2021:05:47:21 +0200] "GET /-p-32408.html HTTP/1.0" 200 70420 "-" "Mozilla/5.0 (compatible; MJ12bot/v1.4.8; http://mj12bot.com/)"
148.251.120.201 - - [06/Oct/2021:05:47:26 +0200] "GET /kimmidoll-yoshiko-notepad-p-21728.html HTTP/1.0" 301 70487 "-" "Mozilla/5.0 (compatible; MJ12bot/v1.4.8; http://mj12bot.com/)"
148.251.120.201 - - [06/Oct/2021:05:47:32 +0200] "GET /-p-21728.html HTTP/1.0" 200 70420 "-" "Mozilla/5.0 (compatible; MJ12bot/v1.4.8; http://mj12bot.com/)"
114.119.128.34 - - [06/Oct/2021:05:47:34 +0200] "GET /white-natural-wooden-p-55027.html HTTP/1.0" 301 73961 "-" "Mozilla/5.0 (Linux; Android 7.0;) AppleWebKit/537.36 (KHTML, like Gecko) Mobile Safari/537.36 (compatible; PetalBot;+https://webmaster.petalsearch.com/site/petalbot)"
114.119.128.34 - - [06/Oct/2021:05:47:35 +0200] "GET /white-natural-mini-wooden-p-55027.html HTTP/1.0" 200 73869 "-" "Mozilla/5.0 (Linux; Android 7.0;) AppleWebKit/537.36 (KHTML, like Gecko) Mobile Safari/537.36 (compatible; PetalBot;+https://webmaster.petalsearch.com/site/petalbot)"
148.251.120.201 - - [06/Oct/2021:05:47:39 +0200] "GET /kimmidoll-yoshiko-notepad-set-p-21728.html HTTP/1.0" 301 70487 "-" "Mozilla/5.0 (compatible; MJ12bot/v1.4.8; http://mj12bot.com/)"
148.251.120.201 - - [06/Oct/2021:05:47:45 +0200] "GET /-p-21728.html HTTP/1.0" 200 70420 "-" "Mozilla/5.0 (compatible; MJ12bot/v1.4.8; http://mj12bot.com/)"
54.36.148.51 - - [06/Oct/2021:05:47:51 +0200] "GET /soft-silicon-case-yellow-for-iphone-and-series-p-18900.html HTTP/1.0" 301 70487 "-" "Mozilla/5.0 (compatible; AhrefsBot/7.0; +http://ahrefs.com/robot/)"
148.251.120.201 - - [06/Oct/2021:05:47:51 +0200] "GET /kimmidoll-yua-metal-keyring-p-17489.html HTTP/1.0" 301 70628 "-" "Mozilla/5.0 (compatible; MJ12bot/v1.4.8; http://mj12bot.com/)"
148.251.120.201 - - [06/Oct/2021:05:47:57 +0200] "GET /kimmidoll-metal-keyring-p-17489.html HTTP/1.0" 200 70538 "-" "Mozilla/5.0 (compatible; MJ12bot/v1.4.8; http://mj12bot.com/)"
54.36.148.37 - - [06/Oct/2021:05:48:00 +0200] "GET /luggages-schoolbags-leather-shop-c-31.html?page=62 HTTP/1.0" 200 94476 "-" "Mozilla/5.0 (compatible; AhrefsBot/7.0; +http://ahrefs.com/robot/)"
148.251.120.201 - - [06/Oct/2021:05:48:02 +0200] "GET /kimmidoll-yua-photos-album-p-14277.html HTTP/1.0" 301 70487 "-" "Mozilla/5.0 (compatible; MJ12bot/v1.4.8; http://mj12bot.com/)"
148.251.120.201 - - [06/Oct/2021:05:48:08 +0200] "GET /-p-14277.html HTTP/1.0" 200 70420 "-" "Mozilla/5.0 (compatible; MJ12bot/v1.4.8; http://mj12bot.com/)"
148.251.120.201 - - [06/Oct/2021:05:48:15 +0200] "GET /kimmidoll-yuka-jewelry-box-p-28737.html HTTP/1.0" 301 70487 "-" "Mozilla/5.0 (compatible; MJ12bot/v1.4.8; http://mj12bot.com/)"
148.251.120.201 - - [06/Oct/2021:05:48:22 +0200] "GET /-p-28737.html HTTP/1.0" 200 70420 "-" "Mozilla/5.0 (compatible; MJ12bot/v1.4.8; http://mj12bot.com/)"
148.251.120.201 - - [06/Oct/2021:05:48:28 +0200] "GET /kimmidoll-yuka-jewelry-box-p-28740.html HTTP/1.0" 301 70487 "-" "Mozilla/5.0 (compatible; MJ12bot/v1.4.8; http://mj12bot.com/)"
148.251.120.201 - - [06/Oct/2021:05:48:35 +0200] "GET /-p-28740.html HTTP/1.0" 200 70420 "-" "Mozilla/5.0 (compatible; MJ12bot/v1.4.8; http://mj12bot.com/)"
148.251.120.201 - - [06/Oct/2021:05:48:41 +0200] "GET /kimmidoll-yuka-keyring-p-28682.html HTTP/1.0" 200 70521 "-" "Mozilla/5.0 (compatible; MJ12bot/v1.4.8; http://mj12bot.com/)"
17.121.114.166 - - [06/Oct/2021:05:48:44 +0200] "GET /images/mini_prod/3272760389849.jpg HTTP/1.0" 200 269 "-" "Mozilla/5.0 (Macintosh; Intel Mac OS X 10_15_5) AppleWebKit/605.1.15 (KHTML, like Gecko) Version/13.1.1 Safari/605.1.15 (Applebot/0.1; +http://www.apple.com/go/applebot)"
34.77.162.14 - - [06/Oct/2021:05:48:47 +0200] "GET / HTTP/1.0" 200 150354 "-" "Expanse indexes the network perimeters of our customers. If you have any questions or concerns, please reach out to: scaninfo@expanseinc.com"
148.251.120.201 - - [06/Oct/2021:05:48:49 +0200] "GET /kimmidoll-yuka-set-of-magnets-p-31959.html HTTP/1.0" 301 70487 "-" "Mozilla/5.0 (compatible; MJ12bot/v1.4.8; http://mj12bot.com/)"
148.251.120.201 - - [06/Oct/2021:05:48:56 +0200] "GET /-p-31959.html HTTP/1.0" 200 70420 "-" "Mozilla/5.0 (compatible; MJ12bot/v1.4.8; http://mj12bot.com/)"
66.249.64.82 - - [06/Oct/2021:05:49:01 +0200] "GET /fitted-sheet-c-11_193.html?page=3 HTTP/1.0" 200 91669 "-" "Mozilla/5.0 (Linux; Android 6.0.1; Nexus 5X Build/MMB29P) AppleWebKit/537.36 (KHTML, like Gecko) Chrome/94.0.4606.61 Mobile Safari/537.36 (compatible; Googlebot/2.1; +http://www.google.com/bot.html)"
148.251.120.201 - - [06/Oct/2021:05:49:03 +0200] "GET /kimmidoll-yuna-bangle-p-15857.html HTTP/1.0" 301 70487 "-" "Mozilla/5.0 (compatible; MJ12bot/v1.4.8; http://mj12bot.com/)"
148.251.120.201 - - [06/Oct/2021:05:49:12 +0200] "GET /-p-15857.html HTTP/1.0" 200 70420 "-" "Mozilla/5.0 (compatible; MJ12bot/v1.4.8; http://mj12bot.com/)"
148.251.120.201 - - [06/Oct/2021:05:49:18 +0200] "GET /kimmidolls-love-miso-cute-beauty-bag-p-21764.html HTTP/1.0" 301 70487 "-" "Mozilla/5.0 (compatible; MJ12bot/v1.4.8; http://mj12bot.com/)"
66.249.64.82 - - [06/Oct/2021:05:49:19 +0200] "GET /poseidon-statue-p-50200.html HTTP/1.0" 200 73115 "-" "Mozilla/5.0 (Linux; Android 6.0.1; Nexus 5X Build/MMB29P) AppleWebKit/537.36 (KHTML, like Gecko) Chrome/94.0.4606.71 Mobile Safari/537.36 (compatible; Googlebot/2.1; +http://www.google.com/bot.html)"
54.36.149.41 - - [06/Oct/2021:05:49:20 +0200] "GET /household-linen-c-11.html?page=60 HTTP/1.0" 200 93695 "-" "Mozilla/5.0 (compatible; AhrefsBot/7.0; +http://ahrefs.com/robot/)"
74.125.209.50 - - [06/Oct/2021:05:49:25 +0200] "GET /images/big_prod_1/8718375756010a.jpg HTTP/1.0" 200 271 "-" "Mozilla/5.0 (Windows NT 5.1; rv:11.0) Gecko Firefox/11.0 (via ggpht.com GoogleImageProxy)"
148.251.120.201 - - [06/Oct/2021:05:49:24 +0200] "GET /-p-21764.html HTTP/1.0" 200 70420 "-" "Mozilla/5.0 (compatible; MJ12bot/v1.4.8; http://mj12bot.com/)"
148.251.120.201 - - [06/Oct/2021:05:49:30 +0200] "GET /kimmijunior-charly-diary-p-17963.html HTTP/1.0" 301 70487 "-" "Mozilla/5.0 (compatible; MJ12bot/v1.4.8; http://mj12bot.com/)"
148.251.120.201 - - [06/Oct/2021:05:49:36 +0200] "GET /-p-17963.html HTTP/1.0" 200 70420 "-" "Mozilla/5.0 (compatible; MJ12bot/v1.4.8; http://mj12bot.com/)"
148.251.120.201 - - [06/Oct/2021:05:49:42 +0200] "GET /kimmijunior-keyring-p-11330.html HTTP/1.0" 200 70506 "-" "Mozilla/5.0 (compatible; MJ12bot/v1.4.8; http://mj12bot.com/)"
66.249.64.82 - - [06/Oct/2021:05:49:44 +0200] "GET /images/big_prod_1/4250255858987a.jpg HTTP/1.0" 200 271 "-" "Googlebot-Image/1.0"
148.251.120.201 - - [06/Oct/2021:05:49:46 +0200] "GET /kimmijunior-keyring-p-11334.html HTTP/1.0" 200 70506 "-" "Mozilla/5.0 (compatible; MJ12bot/v1.4.8; http://mj12bot.com/)"
49.7.20.116 - - [06/Oct/2021:05:49:49 +0200] "GET / HTTP/1.0" 200 150371 "-" "Sogou web spider/4.0(+http://www.sogou.com/docs/help/webmasters.htm#07)"
148.251.120.201 - - [06/Oct/2021:05:49:51 +0200] "GET /kimmijunior-keyring-p-11338.html HTTP/1.0" 200 70485 "-" "Mozilla/5.0 (compatible; MJ12bot/v1.4.8; http://mj12bot.com/)"
148.251.120.201 - - [06/Oct/2021:05:49:57 +0200] "GET /king-lion-remember-storybook-p-47007.html HTTP/1.0" 200 75094 "-" "Mozilla/5.0 (compatible; MJ12bot/v1.4.8; http://mj12bot.com/)"
148.251.120.201 - - [06/Oct/2021:05:50:03 +0200] "GET /king-lion-remember-who-you-are-storybook-p-47007.html HTTP/1.0" 301 75189 "-" "Mozilla/5.0 (compatible; MJ12bot/v1.4.8; http://mj12bot.com/)"
148.251.120.201 - - [06/Oct/2021:05:50:10 +0200] "GET /king-lion-remember-storybook-p-47007.html HTTP/1.0" 200 75094 "-" "Mozilla/5.0 (compatible; MJ12bot/v1.4.8; http://mj12bot.com/)"
185.191.171.38 - - [06/Oct/2021:05:50:14 +0200] "GET /angry-white-women-shirt-p-33791.html HTTP/1.0" 200 75051 "-" "Mozilla/5.0 (compatible; SemrushBot/7~bl; +http://www.semrush.com/bot.html)"
148.251.120.201 - - [06/Oct/2021:05:50:16 +0200] "GET /kitten-cardboard-box-mod-p-27644.html HTTP/1.0" 301 73346 "-" "Mozilla/5.0 (compatible; MJ12bot/v1.4.8; http://mj12bot.com/)"
148.251.120.201 - - [06/Oct/2021:05:50:22 +0200] "GET /kitten-cardboard-p-27644.html HTTP/1.0" 200 73263 "-" "Mozilla/5.0 (compatible; MJ12bot/v1.4.8; http://mj12bot.com/)"
185.191.171.1 - - [06/Oct/2021:05:50:24 +0200] "GET /funny-pets-mobile-sock-p-33078.html?action=add_product HTTP/1.0" 302 476 "-" "Mozilla/5.0 (compatible; SemrushBot/7~bl; +http://www.semrush.com/bot.html)"
148.251.120.201 - - [06/Oct/2021:05:50:27 +0200] "GET /kitten-cardboard-box-mod-p-27645.html HTTP/1.0" 301 70487 "-" "Mozilla/5.0 (compatible; MJ12bot/v1.4.8; http://mj12bot.com/)"
185.191.171.9 - - [06/Oct/2021:05:50:29 +0200] "GET /ford-motors-since-1903-metal-plate-deco-p-44853.html?action=add_product HTTP/1.0" 302 476 "-" "Mozilla/5.0 (compatible; SemrushBot/7~bl; +http://www.semrush.com/bot.html)"
148.251.120.201 - - [06/Oct/2021:05:50:31 +0200] "GET /-p-27645.html HTTP/1.0" 200 70420 "-" "Mozilla/5.0 (compatible; MJ12bot/v1.4.8; http://mj12bot.com/)"
40.77.167.79 - - [06/Oct/2021:05:50:35 +0200] "GET /hannah-montana-stationery-p-19924.html HTTP/1.0" 200 73217 "-" "Mozilla/5.0 (compatible; bingbot/2.0; +http://www.bing.com/bingbot.htm)"
148.251.120.201 - - [06/Oct/2021:05:50:37 +0200] "GET /kitten-cardboard-p-27644.html HTTP/1.0" 200 73263 "-" "Mozilla/5.0 (compatible; MJ12bot/v1.4.8; http://mj12bot.com/)"
148.251.120.201 - - [06/Oct/2021:05:50:42 +0200] "GET /kitten-cosmetic-pouch-p-26878.html HTTP/1.0" 200 70516 "-" "Mozilla/5.0 (compatible; MJ12bot/v1.4.8; http://mj12bot.com/)"
54.36.148.35 - - [06/Oct/2021:05:50:42 +0200] "GET /skull-door-knocker-p-34183.html HTTP/1.0" 200 73039 "-" "Mozilla/5.0 (compatible; AhrefsBot/7.0; +http://ahrefs.com/robot/)"
148.251.120.201 - - [06/Oct/2021:05:50:47 +0200] "GET /kitten-embroidered-cushion-and-removable-40-40-cm-p-32875.html HTTP/1.0" 301 70487 "-" "Mozilla/5.0 (compatible; MJ12bot/v1.4.8; http://mj12bot.com/)"
148.251.120.201 - - [06/Oct/2021:05:50:54 +0200] "GET /-p-32875.html HTTP/1.0" 200 70420 "-" "Mozilla/5.0 (compatible; MJ12bot/v1.4.8; http://mj12bot.com/)"
148.251.120.201 - - [06/Oct/2021:05:51:00 +0200] "GET /kitten-mug-p-26481.html HTTP/1.0" 301 70526 "-" "Mozilla/5.0 (compatible; MJ12bot/v1.4.8; http://mj12bot.com/)"
148.251.120.201 - - [06/Oct/2021:05:51:05 +0200] "GET /kitten-p-26481.html HTTP/1.0" 200 70453 "-" "Mozilla/5.0 (compatible; MJ12bot/v1.4.8; http://mj12bot.com/)"
148.251.120.201 - - [06/Oct/2021:05:51:11 +0200] "GET /kitten-p-26481.html HTTP/1.0" 200 70453 "-" "Mozilla/5.0 (compatible; MJ12bot/v1.4.8; http://mj12bot.com/)"
148.251.120.201 - - [06/Oct/2021:05:51:17 +0200] "GET /kori-kumi-agenda-2017-p-36745.html HTTP/1.0" 200 70516 "-" "Mozilla/5.0 (compatible; MJ12bot/v1.4.8; http://mj12bot.com/)"
148.251.120.201 - - [06/Oct/2021:05:51:22 +0200] "GET /kori-kumi-calendar-year-2017-p-36750.html HTTP/1.0" 200 73287 "-" "Mozilla/5.0 (compatible; MJ12bot/v1.4.8; http://mj12bot.com/)"
148.251.120.201 - - [06/Oct/2021:05:51:27 +0200] "GET /kori-kumi-horizontal-shoulder-bag-p-30501.html HTTP/1.0" 301 73568 "-" "Mozilla/5.0 (compatible; MJ12bot/v1.4.8; http://mj12bot.com/)"
148.251.120.201 - - [06/Oct/2021:05:51:35 +0200] "GET /kori-kumi-horizontal-shoulder-p-30501.html HTTP/1.0" 200 73472 "-" "Mozilla/5.0 (compatible; MJ12bot/v1.4.8; http://mj12bot.com/)"
114.119.128.253 - - [06/Oct/2021:05:51:38 +0200] "GET /tropical-home-tray-41-29-cm-p-45515.html HTTP/1.0" 301 70619 "-" "Mozilla/5.0 (Linux; Android 7.0;) AppleWebKit/537.36 (KHTML, like Gecko) Mobile Safari/537.36 (compatible; PetalBot;+https://webmaster.petalsearch.com/site/petalbot)"
114.119.128.253 - - [06/Oct/2021:05:51:39 +0200] "GET /tropical-home-tray-p-45515.html HTTP/1.0" 200 70534 "-" "Mozilla/5.0 (Linux; Android 7.0;) AppleWebKit/537.36 (KHTML, like Gecko) Mobile Safari/537.36 (compatible; PetalBot;+https://webmaster.petalsearch.com/site/petalbot)"
5.255.253.134 - - [06/Oct/2021:05:51:40 +0200] "GET /kyoto-black-tea-box-p-39303.html HTTP/1.0" 301 73271 "-" "Mozilla/5.0 (compatible; YandexBot/3.0; +http://yandex.com/bots)"
148.251.120.201 - - [06/Oct/2021:05:51:41 +0200] "GET /kori-kumi-horizontal-shoulder-p-30501.html HTTP/1.0" 200 73472 "-" "Mozilla/5.0 (compatible; MJ12bot/v1.4.8; http://mj12bot.com/)"
5.255.253.134 - - [06/Oct/2021:05:51:43 +0200] "GET /kyoto-black-p-39303.html HTTP/1.0" 200 73193 "-" "Mozilla/5.0 (compatible; YandexBot/3.0; +http://yandex.com/bots)"
148.251.120.201 - - [06/Oct/2021:05:51:47 +0200] "GET /kung-fu-panda-pairs-of-socks-size-23-26-p-25620.html HTTP/1.0" 301 70487 "-" "Mozilla/5.0 (compatible; MJ12bot/v1.4.8; http://mj12bot.com/)"
148.251.120.201 - - [06/Oct/2021:05:51:52 +0200] "GET /-p-25620.html HTTP/1.0" 200 70420 "-" "Mozilla/5.0 (compatible; MJ12bot/v1.4.8; http://mj12bot.com/)"
148.251.120.201 - - [06/Oct/2021:05:51:57 +0200] "GET /kung-fu-panda-pairs-of-socks-size-23-26-p-25621.html HTTP/1.0" 301 70487 "-" "Mozilla/5.0 (compatible; MJ12bot/v1.4.8; http://mj12bot.com/)"
54.36.148.141 - - [06/Oct/2021:05:52:00 +0200] "GET /resin-statue-p-51237.html HTTP/1.0" 200 73919 "-" "Mozilla/5.0 (compatible; AhrefsBot/7.0; +http://ahrefs.com/robot/)"
148.251.120.201 - - [06/Oct/2021:05:52:04 +0200] "GET /-p-25621.html HTTP/1.0" 200 70420 "-" "Mozilla/5.0 (compatible; MJ12bot/v1.4.8; http://mj12bot.com/)"
148.251.120.201 - - [06/Oct/2021:05:52:08 +0200] "GET /laissez-lucie-faire-amadou-glasses-box-p-44821.html HTTP/1.0" 301 73335 "-" "Mozilla/5.0 (compatible; MJ12bot/v1.4.8; http://mj12bot.com/)"
148.251.120.201 - - [06/Oct/2021:05:52:14 +0200] "GET /laissez-lucie-faire-amadou-glasses-p-44821.html HTTP/1.0" 200 73234 "-" "Mozilla/5.0 (compatible; MJ12bot/v1.4.8; http://mj12bot.com/)"
148.251.120.201 - - [06/Oct/2021:05:52:20 +0200] "GET /laissez-lucie-faire-amadou-glasses-p-44821.html HTTP/1.0" 200 73234 "-" "Mozilla/5.0 (compatible; MJ12bot/v1.4.8; http://mj12bot.com/)"
148.251.120.201 - - [06/Oct/2021:05:52:25 +0200] "GET /laissez-lucie-faire-large-make-manu-p-44834.html HTTP/1.0" 200 73356 "-" "Mozilla/5.0 (compatible; MJ12bot/v1.4.8; http://mj12bot.com/)"
148.251.120.201 - - [06/Oct/2021:05:52:32 +0200] "GET /laissez-lucie-faire-large-make-up-kit-manu-p-44834.html HTTP/1.0" 301 73458 "-" "Mozilla/5.0 (compatible; MJ12bot/v1.4.8; http://mj12bot.com/)"
148.251.120.201 - - [06/Oct/2021:05:52:37 +0200] "GET /laissez-lucie-faire-large-make-manu-p-44834.html HTTP/1.0" 200 73356 "-" "Mozilla/5.0 (compatible; MJ12bot/v1.4.8; http://mj12bot.com/)"
185.191.171.17 - - [06/Oct/2021:05:52:44 +0200] "GET /buddha-canvas-frame-40-40-cm-p-34003.html HTTP/1.0" 301 73238 "-" "Mozilla/5.0 (compatible; SemrushBot/7~bl; +http://www.semrush.com/bot.html)"
148.251.120.201 - - [06/Oct/2021:05:52:45 +0200] "GET /laissez-lucie-faire-make-manu-p-44829.html HTTP/1.0" 200 70530 "-" "Mozilla/5.0 (compatible; MJ12bot/v1.4.8; http://mj12bot.com/)"
185.191.171.15 - - [06/Oct/2021:05:52:46 +0200] "GET /buddha-canvas-frame-p-34003.html HTTP/1.0" 200 73152 "-" "Mozilla/5.0 (compatible; SemrushBot/7~bl; +http://www.semrush.com/bot.html)"
185.191.171.6 - - [06/Oct/2021:05:52:48 +0200] "GET /mani-the-lucky-cat-glasses-case-p-42404.html HTTP/1.0" 301 73876 "-" "Mozilla/5.0 (compatible; SemrushBot/7~bl; +http://www.semrush.com/bot.html)"
185.191.171.45 - - [06/Oct/2021:05:52:50 +0200] "GET /mani-lucky-glasses-case-p-42404.html HTTP/1.0" 200 73786 "-" "Mozilla/5.0 (compatible; SemrushBot/7~bl; +http://www.semrush.com/bot.html)"
148.251.120.201 - - [06/Oct/2021:05:52:51 +0200] "GET /laissez-lucie-faire-make-roberto-p-44828.html HTTP/1.0" 200 70536 "-" "Mozilla/5.0 (compatible; MJ12bot/v1.4.8; http://mj12bot.com/)"
185.191.171.10 - - [06/Oct/2021:05:52:52 +0200] "GET /door-plate-for-the-bedroom-p-52419.html HTTP/1.0" 301 73170 "-" "Mozilla/5.0 (compatible; SemrushBot/7~bl; +http://www.semrush.com/bot.html)"
185.191.171.4 - - [06/Oct/2021:05:52:55 +0200] "GET /door-plate-bedroom-p-52419.html HTTP/1.0" 200 73085 "-" "Mozilla/5.0 (compatible; SemrushBot/7~bl; +http://www.semrush.com/bot.html)"
148.251.120.201 - - [06/Oct/2021:05:52:56 +0200] "GET /laissez-lucie-faire-make-up-kit-manu-p-44829.html HTTP/1.0" 301 70626 "-" "Mozilla/5.0 (compatible; MJ12bot/v1.4.8; http://mj12bot.com/)"
148.251.120.201 - - [06/Oct/2021:05:53:03 +0200] "GET /laissez-lucie-faire-make-manu-p-44829.html HTTP/1.0" 200 70530 "-" "Mozilla/5.0 (compatible; MJ12bot/v1.4.8; http://mj12bot.com/)"
148.251.120.201 - - [06/Oct/2021:05:53:08 +0200] "GET /laissez-lucie-faire-make-up-kit-roberto-p-44828.html HTTP/1.0" 301 70635 "-" "Mozilla/5.0 (compatible; MJ12bot/v1.4.8; http://mj12bot.com/)"
66.249.64.84 - - [06/Oct/2021:05:53:09 +0200] "GET /thread-count-cotton-percale-fitted-sheet-p-54445.html HTTP/1.0" 200 74201 "-" "Mozilla/5.0 (Linux; Android 6.0.1; Nexus 5X Build/MMB29P) AppleWebKit/537.36 (KHTML, like Gecko) Chrome/94.0.4606.61 Mobile Safari/537.36 (compatible; Googlebot/2.1; +http://www.google.com/bot.html)"
66.249.64.82 - - [06/Oct/2021:05:53:10 +0200] "GET /images/big_prod_1/3609810083318a.jpg HTTP/1.0" 200 271 "-" "Googlebot-Image/1.0"
148.251.120.201 - - [06/Oct/2021:05:53:15 +0200] "GET /laissez-lucie-faire-make-roberto-p-44828.html HTTP/1.0" 200 70536 "-" "Mozilla/5.0 (compatible; MJ12bot/v1.4.8; http://mj12bot.com/)"
54.36.149.90 - - [06/Oct/2021:05:53:19 +0200] "GET /tinted-candle-mass-orange-p-56098.html HTTP/1.0" 200 73119 "-" "Mozilla/5.0 (compatible; AhrefsBot/7.0; +http://ahrefs.com/robot/)"
148.251.120.201 - - [06/Oct/2021:05:53:19 +0200] "GET /laissez-lucie-faire-small-wallet-maria-p-44822.html HTTP/1.0" 200 73935 "-" "Mozilla/5.0 (compatible; MJ12bot/v1.4.8; http://mj12bot.com/)"
148.251.120.201 - - [06/Oct/2021:05:53:25 +0200] "GET /lama-wanted-cushion-p-36978.html HTTP/1.0" 301 70487 "-" "Mozilla/5.0 (compatible; MJ12bot/v1.4.8; http://mj12bot.com/)"
207.46.13.54 - - [06/Oct/2021:05:53:25 +0200] "GET /images/med_prod/6942138911398.jpg HTTP/1.0" 200 268 "-" "Mozilla/5.0 (compatible; bingbot/2.0; +http://www.bing.com/bingbot.htm)"
148.251.120.201 - - [06/Oct/2021:05:53:31 +0200] "GET /-p-36978.html HTTP/1.0" 200 70420 "-" "Mozilla/5.0 (compatible; MJ12bot/v1.4.8; http://mj12bot.com/)"
148.251.120.201 - - [06/Oct/2021:05:53:38 +0200] "GET /lamp-p-28404.html HTTP/1.0" 301 70487 "-" "Mozilla/5.0 (compatible; MJ12bot/v1.4.8; http://mj12bot.com/)"
148.251.120.201 - - [06/Oct/2021:05:53:42 +0200] "GET /-p-28404.html HTTP/1.0" 200 70420 "-" "Mozilla/5.0 (compatible; MJ12bot/v1.4.8; http://mj12bot.com/)"
148.251.120.201 - - [06/Oct/2021:05:53:49 +0200] "GET /large-black-clock-with-led-p-33359.html HTTP/1.0" 301 70622 "-" "Mozilla/5.0 (compatible; MJ12bot/v1.4.8; http://mj12bot.com/)"
148.251.120.201 - - [06/Oct/2021:05:53:55 +0200] "GET /large-black-clock-with-p-33359.html HTTP/1.0" 200 70533 "-" "Mozilla/5.0 (compatible; MJ12bot/v1.4.8; http://mj12bot.com/)"
148.251.120.201 - - [06/Oct/2021:05:54:02 +0200] "GET /large-black-clock-with-p-33358.html HTTP/1.0" 200 70545 "-" "Mozilla/5.0 (compatible; MJ12bot/v1.4.8; http://mj12bot.com/)"
185.191.171.4 - - [06/Oct/2021:05:54:06 +0200] "GET /tray-wood-p-45091.html HTTP/1.0" 200 70482 "-" "Mozilla/5.0 (compatible; SemrushBot/7~bl; +http://www.semrush.com/bot.html)"
148.251.120.201 - - [06/Oct/2021:05:54:07 +0200] "GET /large-black-clock-with-p-33359.html HTTP/1.0" 200 70533 "-" "Mozilla/5.0 (compatible; MJ12bot/v1.4.8; http://mj12bot.com/)"
148.251.120.201 - - [06/Oct/2021:05:54:14 +0200] "GET /large-black-clock-with-red-led-p-33358.html HTTP/1.0" 301 70634 "-" "Mozilla/5.0 (compatible; MJ12bot/v1.4.8; http://mj12bot.com/)"
148.251.120.201 - - [06/Oct/2021:05:54:19 +0200] "GET /large-black-clock-with-p-33358.html HTTP/1.0" 200 70545 "-" "Mozilla/5.0 (compatible; MJ12bot/v1.4.8; http://mj12bot.com/)"
148.251.120.201 - - [06/Oct/2021:05:54:24 +0200] "GET /large-candle-after-dark-p-44136.html HTTP/1.0" 200 70544 "-" "Mozilla/5.0 (compatible; MJ12bot/v1.4.8; http://mj12bot.com/)"
5.188.211.15 - - [06/Oct/2021:05:54:27 +0200] "GET /fiat-500-pen-and-keyring-box-p-24964.html HTTP/1.0" 301 73610 "-" "Mozilla/4.0 (compatible; MSIE 6.0; Windows NT 5.1; SV1)"
5.188.211.15 - - [06/Oct/2021:05:54:27 +0200] "GET /fiat-keyring-p-24964.html HTTP/1.0" 200 73531 "-" "Mozilla/4.0 (compatible; MSIE 6.0; Windows NT 5.1; SV1)"
5.188.211.15 - - [06/Oct/2021:05:54:28 +0200] "GET /posters-stickers-wall-c-13_147.html HTTP/1.0" 200 90373 "-" "Mozilla/4.0 (compatible; MSIE 6.0; Windows NT 5.1; SV1)"
5.188.211.15 - - [06/Oct/2021:05:54:29 +0200] "GET /mtal-signs-c-13_130.html HTTP/1.0" 200 94370 "-" "Mozilla/4.0 (compatible; MSIE 6.0; Windows NT 5.1; SV1)"
148.251.120.201 - - [06/Oct/2021:05:54:29 +0200] "GET /large-candle-cashmere-p-46016.html HTTP/1.0" 200 73513 "-" "Mozilla/5.0 (compatible; MJ12bot/v1.4.8; http://mj12bot.com/)"
5.188.211.15 - - [06/Oct/2021:05:54:29 +0200] "GET /contact_us.php HTTP/1.0" 200 26241 "-" "Mozilla/4.0 (compatible; MSIE 6.0; Windows NT 5.1; SV1)"
5.188.211.15 - - [06/Oct/2021:05:54:31 +0200] "POST /contact_us.php?action=send HTTP/1.0" 200 26644 "http://www.wonder-geek.com/contact_us.php" "Mozilla/4.0 (compatible; MSIE 6.0; Windows NT 5.1; SV1)"
5.188.211.15 - - [06/Oct/2021:05:54:31 +0200] "POST /contact_us.php?action=send HTTP/1.0" 200 26644 "http://www.wonder-geek.com/" "Mozilla/4.0 (compatible; MSIE 6.0; Windows NT 5.1; SV1)"
5.188.211.15 - - [06/Oct/2021:05:54:31 +0200] "GET / HTTP/1.0" 200 149576 "-" "Mozilla/4.0 (compatible; MSIE 6.0; Windows NT 5.1; SV1)"
5.188.211.15 - - [06/Oct/2021:05:54:32 +0200] "GET /fiat-500-pen-and-keyring-box-p-24964.html HTTP/1.0" 301 73610 "-" "Mozilla/4.0 (compatible; MSIE 6.0; Windows NT 5.1; SV1)"
5.188.211.15 - - [06/Oct/2021:05:54:32 +0200] "GET /fiat-keyring-p-24964.html HTTP/1.0" 200 73531 "-" "Mozilla/4.0 (compatible; MSIE 6.0; Windows NT 5.1; SV1)"
5.188.211.15 - - [06/Oct/2021:05:54:33 +0200] "GET /contact_us.php HTTP/1.0" 200 26241 "-" "Mozilla/4.0 (compatible; MSIE 6.0; Windows NT 5.1; SV1)"
5.188.211.15 - - [06/Oct/2021:05:54:33 +0200] "GET /create_account.php HTTP/1.0" 200 33633 "-" "Mozilla/4.0 (compatible; MSIE 6.0; Windows NT 5.1; SV1)"
5.188.211.15 - - [06/Oct/2021:05:54:34 +0200] "GET /checkout_shipping.php HTTP/1.0" 302 468 "-" "Mozilla/4.0 (compatible; MSIE 6.0; Windows NT 5.1; SV1)"
5.188.211.15 - - [06/Oct/2021:05:54:34 +0200] "GET /login.php HTTP/1.0" 200 17155 "-" "Mozilla/4.0 (compatible; MSIE 6.0; Windows NT 5.1; SV1)"
5.188.211.15 - - [06/Oct/2021:05:54:34 +0200] "GET /shopping_cart.php HTTP/1.0" 200 13298 "-" "Mozilla/4.0 (compatible; MSIE 6.0; Windows NT 5.1; SV1)"
5.188.211.15 - - [06/Oct/2021:05:54:34 +0200] "GET /login.php HTTP/1.0" 200 17155 "-" "Mozilla/4.0 (compatible; MSIE 6.0; Windows NT 5.1; SV1)"
5.188.211.15 - - [06/Oct/2021:05:54:34 +0200] "GET /specials.php HTTP/1.0" 200 125335 "-" "Mozilla/4.0 (compatible; MSIE 6.0; Windows NT 5.1; SV1)"
5.188.211.15 - - [06/Oct/2021:05:54:35 +0200] "GET /products_new.php HTTP/1.0" 200 94564 "-" "Mozilla/4.0 (compatible; MSIE 6.0; Windows NT 5.1; SV1)"
148.251.120.201 - - [06/Oct/2021:05:54:37 +0200] "GET /large-candle-damask-rose-arabian-jasmine-p-46868.html HTTP/1.0" 200 70641 "-" "Mozilla/5.0 (compatible; MJ12bot/v1.4.8; http://mj12bot.com/)"
54.36.148.51 - - [06/Oct/2021:05:54:38 +0200] "GET /disney-princess-mattress-swimming-pool-p-19982.html HTTP/1.0" 200 73264 "-" "Mozilla/5.0 (compatible; AhrefsBot/7.0; +http://ahrefs.com/robot/)"
51.68.224.127 - - [06/Oct/2021:05:54:40 +0200] "GET /adminweb/export_orders_xml.php?token=256de2z6edz6ed2z6DFSFsed2zed6zeDSFDSGdzedezfzf&maxorders=10&orderstart=1&status=14&start_date=2018-10-01 HTTP/1.0" 200 285 "-" "GesCom CharlotteBoutik Serveur"
51.68.224.127 - - [06/Oct/2021:05:54:40 +0200] "GET /adminweb/export_orders_xml.php?token=256de2z6edz6ed2z6DFSFsed2zed6zeDSFDSGdzedezfzf&maxorders=10&orderstart=1&status=6&start_date=2018-10-01 HTTP/1.0" 200 32573 "-" "GesCom CharlotteBoutik Serveur"
185.191.171.33 - - [06/Oct/2021:05:54:44 +0200] "GET /duvet-cover-cotton-percale-threads-p-43841.html?action=add_product HTTP/1.0" 302 476 "-" "Mozilla/5.0 (compatible; SemrushBot/7~bl; +http://www.semrush.com/bot.html)"
148.251.120.201 - - [06/Oct/2021:05:54:44 +0200] "GET /large-candle-home-christmas-p-46033.html HTTP/1.0" 200 70576 "-" "Mozilla/5.0 (compatible; MJ12bot/v1.4.8; http://mj12bot.com/)"
148.251.120.201 - - [06/Oct/2021:05:54:51 +0200] "GET /large-candle-hours-cerulean-p-38953.html HTTP/1.0" 200 70585 "-" "Mozilla/5.0 (compatible; MJ12bot/v1.4.8; http://mj12bot.com/)"
148.251.120.201 - - [06/Oct/2021:05:54:58 +0200] "GET /large-clock-retro-clock-50-cm-black-p-44780.html HTTP/1.0" 301 70622 "-" "Mozilla/5.0 (compatible; MJ12bot/v1.4.8; http://mj12bot.com/)"
148.251.120.201 - - [06/Oct/2021:05:55:03 +0200] "GET /large-clock-retro-clock-black-p-44780.html HTTP/1.0" 200 70526 "-" "Mozilla/5.0 (compatible; MJ12bot/v1.4.8; http://mj12bot.com/)"
148.251.120.201 - - [06/Oct/2021:05:55:10 +0200] "GET /large-clock-retro-clock-50-cm-blue-p-44779.html HTTP/1.0" 301 70619 "-" "Mozilla/5.0 (compatible; MJ12bot/v1.4.8; http://mj12bot.com/)"
148.251.120.201 - - [06/Oct/2021:05:55:15 +0200] "GET /large-clock-retro-clock-blue-p-44779.html HTTP/1.0" 200 70524 "-" "Mozilla/5.0 (compatible; MJ12bot/v1.4.8; http://mj12bot.com/)"
148.251.120.201 - - [06/Oct/2021:05:55:22 +0200] "GET /large-clock-retro-clock-black-p-44780.html HTTP/1.0" 200 70526 "-" "Mozilla/5.0 (compatible; MJ12bot/v1.4.8; http://mj12bot.com/)"
185.191.171.25 - - [06/Oct/2021:05:55:23 +0200] "GET /london-poster-p-14409.html?action=add_product HTTP/1.0" 302 476 "-" "Mozilla/5.0 (compatible; SemrushBot/7~bl; +http://www.semrush.com/bot.html)"
148.251.120.201 - - [06/Oct/2021:05:55:29 +0200] "GET /large-clock-retro-clock-blue-p-44779.html HTTP/1.0" 200 70524 "-" "Mozilla/5.0 (compatible; MJ12bot/v1.4.8; http://mj12bot.com/)"
148.251.120.201 - - [06/Oct/2021:05:55:37 +0200] "GET /large-dolphins-lamp-60-cm-p-48258.html HTTP/1.0" 301 74012 "-" "Mozilla/5.0 (compatible; MJ12bot/v1.4.8; http://mj12bot.com/)"
148.251.120.201 - - [06/Oct/2021:05:55:42 +0200] "GET /large-dolphins-lamp-p-48258.html HTTP/1.0" 200 73926 "-" "Mozilla/5.0 (compatible; MJ12bot/v1.4.8; http://mj12bot.com/)"
66.249.64.84 - - [06/Oct/2021:05:55:42 +0200] "GET /thread-count-cotton-percale-fitted-sheet-p-54439.html HTTP/1.0" 200 74201 "-" "Mozilla/5.0 (Linux; Android 6.0.1; Nexus 5X Build/MMB29P) AppleWebKit/537.36 (KHTML, like Gecko) Chrome/94.0.4606.61 Mobile Safari/537.36 (compatible; Googlebot/2.1; +http://www.google.com/bot.html)"
17.121.115.123 - - [06/Oct/2021:05:55:46 +0200] "GET /images/big_prod/3609810063174a.jpg HTTP/1.0" 200 269 "-" "Mozilla/5.0 (Macintosh; Intel Mac OS X 10_15_5) AppleWebKit/605.1.15 (KHTML, like Gecko) Version/13.1.1 Safari/605.1.15 (Applebot/0.1; +http://www.apple.com/go/applebot)"
148.251.120.201 - - [06/Oct/2021:05:55:49 +0200] "GET /large-dolphins-lamp-p-48258.html HTTP/1.0" 200 73926 "-" "Mozilla/5.0 (compatible; MJ12bot/v1.4.8; http://mj12bot.com/)"
114.119.128.39 - - [06/Oct/2021:05:55:55 +0200] "GET /%20images/8412193202789.jpg HTTP/1.0" 404 1308 "-" "Mozilla/5.0 (Linux; Android 7.0;) AppleWebKit/537.36 (KHTML, like Gecko) Mobile Safari/537.36 (compatible; PetalBot;+https://webmaster.petalsearch.com/site/petalbot)"
148.251.120.201 - - [06/Oct/2021:05:55:55 +0200] "GET /large-gray-and-blue-clay-vase-p-47114.html HTTP/1.0" 301 70610 "-" "Mozilla/5.0 (compatible; MJ12bot/v1.4.8; http://mj12bot.com/)"
54.36.149.89 - - [06/Oct/2021:05:55:58 +0200] "GET /coloring-book-pages-animals-cover-p-40840.html HTTP/1.0" 200 73294 "-" "Mozilla/5.0 (compatible; AhrefsBot/7.0; +http://ahrefs.com/robot/)"
148.251.120.201 - - [06/Oct/2021:05:56:01 +0200] "GET /large-gray-blue-clay-vase-p-47114.html HTTP/1.0" 200 70518 "-" "Mozilla/5.0 (compatible; MJ12bot/v1.4.8; http://mj12bot.com/)"
148.251.120.201 - - [06/Oct/2021:05:56:07 +0200] "GET /large-gray-blue-clay-vase-p-47114.html HTTP/1.0" 200 70518 "-" "Mozilla/5.0 (compatible; MJ12bot/v1.4.8; http://mj12bot.com/)"
148.251.120.201 - - [06/Oct/2021:05:56:12 +0200] "GET /large-industrial-hanging-pendulum-p-51369.html HTTP/1.0" 200 73256 "-" "Mozilla/5.0 (compatible; MJ12bot/v1.4.8; http://mj12bot.com/)"
95.108.213.76 - - [06/Oct/2021:05:56:15 +0200] "GET /images/mini_prod/5051276423913.jpg HTTP/1.0" 200 269 "-" "Mozilla/5.0 (compatible; YandexImages/3.0; +http://yandex.com/bots)"
148.251.120.201 - - [06/Oct/2021:05:56:19 +0200] "GET /large-jar-candle-70-hours-cerulean-sky-p-38953.html HTTP/1.0" 301 70679 "-" "Mozilla/5.0 (compatible; MJ12bot/v1.4.8; http://mj12bot.com/)"
148.251.120.201 - - [06/Oct/2021:05:56:26 +0200] "GET /large-candle-hours-cerulean-p-38953.html HTTP/1.0" 200 70585 "-" "Mozilla/5.0 (compatible; MJ12bot/v1.4.8; http://mj12bot.com/)"
148.251.120.201 - - [06/Oct/2021:05:56:32 +0200] "GET /large-jar-candle-after-dark-p-44136.html HTTP/1.0" 301 70634 "-" "Mozilla/5.0 (compatible; MJ12bot/v1.4.8; http://mj12bot.com/)"
148.251.120.201 - - [06/Oct/2021:05:56:37 +0200] "GET /large-candle-after-dark-p-44136.html HTTP/1.0" 200 70544 "-" "Mozilla/5.0 (compatible; MJ12bot/v1.4.8; http://mj12bot.com/)"
148.251.120.201 - - [06/Oct/2021:05:56:42 +0200] "GET /large-jar-candle-cashmere-p-46016.html HTTP/1.0" 301 73601 "-" "Mozilla/5.0 (compatible; MJ12bot/v1.4.8; http://mj12bot.com/)"
148.251.120.201 - - [06/Oct/2021:05:56:48 +0200] "GET /large-candle-cashmere-p-46016.html HTTP/1.0" 200 73513 "-" "Mozilla/5.0 (compatible; MJ12bot/v1.4.8; http://mj12bot.com/)"
148.251.120.201 - - [06/Oct/2021:05:56:54 +0200] "GET /large-jar-candle-damask-rose-and-arabian-jasmine-p-46868.html HTTP/1.0" 301 70748 "-" "Mozilla/5.0 (compatible; MJ12bot/v1.4.8; http://mj12bot.com/)"
148.251.120.201 - - [06/Oct/2021:05:57:00 +0200] "GET /large-candle-damask-rose-arabian-jasmine-p-46868.html HTTP/1.0" 200 70641 "-" "Mozilla/5.0 (compatible; MJ12bot/v1.4.8; http://mj12bot.com/)"
185.191.171.11 - - [06/Oct/2021:05:57:07 +0200] "GET /bamboo-table-lamp-p-52784.html?action=add_product HTTP/1.0" 302 476 "-" "Mozilla/5.0 (compatible; SemrushBot/7~bl; +http://www.semrush.com/bot.html)"
148.251.120.201 - - [06/Oct/2021:05:57:08 +0200] "GET /large-jar-candle-home-for-christmas-p-46033.html HTTP/1.0" 301 70670 "-" "Mozilla/5.0 (compatible; MJ12bot/v1.4.8; http://mj12bot.com/)"
148.251.120.201 - - [06/Oct/2021:05:57:14 +0200] "GET /large-candle-home-christmas-p-46033.html HTTP/1.0" 200 70576 "-" "Mozilla/5.0 (compatible; MJ12bot/v1.4.8; http://mj12bot.com/)"
54.36.148.192 - - [06/Oct/2021:05:57:16 +0200] "GET /coloring-book-pages-animals-horse-cover-p-40839.html HTTP/1.0" 200 73312 "-" "Mozilla/5.0 (compatible; AhrefsBot/7.0; +http://ahrefs.com/robot/)"
148.251.120.201 - - [06/Oct/2021:05:57:19 +0200] "GET /large-pink-bamboo-vase-45-cm-p-44793.html HTTP/1.0" 301 70628 "-" "Mozilla/5.0 (compatible; MJ12bot/v1.4.8; http://mj12bot.com/)"
148.251.120.201 - - [06/Oct/2021:05:57:22 +0200] "GET /large-pink-bamboo-vase-p-44793.html HTTP/1.0" 200 70539 "-" "Mozilla/5.0 (compatible; MJ12bot/v1.4.8; http://mj12bot.com/)"
148.251.120.201 - - [06/Oct/2021:05:57:29 +0200] "GET /large-pink-bamboo-vase-p-44793.html HTTP/1.0" 200 70539 "-" "Mozilla/5.0 (compatible; MJ12bot/v1.4.8; http://mj12bot.com/)"
148.251.120.201 - - [06/Oct/2021:05:57:36 +0200] "GET /large-pink-flamingo-lamp-pink-p-48260.html HTTP/1.0" 200 70516 "-" "Mozilla/5.0 (compatible; MJ12bot/v1.4.8; http://mj12bot.com/)"
148.251.120.201 - - [06/Oct/2021:05:57:41 +0200] "GET /large-rectangular-function-clock-calendar-p-33361.html HTTP/1.0" 200 70676 "-" "Mozilla/5.0 (compatible; MJ12bot/v1.4.8; http://mj12bot.com/)"
185.191.171.4 - - [06/Oct/2021:05:57:43 +0200] "GET /dessert-dish-glass-with-anti-slip-feet-p-47336.html?action=add_product HTTP/1.0" 302 476 "-" "Mozilla/5.0 (compatible; SemrushBot/7~bl; +http://www.semrush.com/bot.html)"
40.77.167.79 - - [06/Oct/2021:05:57:45 +0200] "GET /-p-11098.html HTTP/1.0" 200 70420 "-" "Mozilla/5.0 (compatible; bingbot/2.0; +http://www.bing.com/bingbot.htm)"
148.251.120.201 - - [06/Oct/2021:05:57:47 +0200] "GET /large-rectangular-led-function-clock-calendar-p-33361.html HTTP/1.0" 301 70784 "-" "Mozilla/5.0 (compatible; MJ12bot/v1.4.8; http://mj12bot.com/)"
185.191.171.21 - - [06/Oct/2021:05:57:53 +0200] "GET /back-black-acdc-zippo-lighter-p-56222.html HTTP/1.0" 200 73911 "-" "Mozilla/5.0 (compatible; SemrushBot/7~bl; +http://www.semrush.com/bot.html)"
148.251.120.201 - - [06/Oct/2021:05:57:53 +0200] "GET /large-rectangular-function-clock-calendar-p-33361.html HTTP/1.0" 200 70676 "-" "Mozilla/5.0 (compatible; MJ12bot/v1.4.8; http://mj12bot.com/)"
148.251.120.201 - - [06/Oct/2021:05:58:00 +0200] "GET /large-wooden-wall-decoration-orange-surf-board-108-cm-p-41404.html HTTP/1.0" 301 70487 "-" "Mozilla/5.0 (compatible; MJ12bot/v1.4.8; http://mj12bot.com/)"
207.46.13.152 - - [06/Oct/2021:05:58:01 +0200] "GET /images/mini_prod/8720088291092.jpg HTTP/1.0" 200 269 "-" "Mozilla/5.0 (compatible; bingbot/2.0; +http://www.bing.com/bingbot.htm)"
185.191.171.9 - - [06/Oct/2021:05:58:03 +0200] "GET /tinkerbell-round-pencil-case-p-19637.html HTTP/1.0" 200 73295 "-" "Mozilla/5.0 (compatible; SemrushBot/7~bl; +http://www.semrush.com/bot.html)"
148.251.120.201 - - [06/Oct/2021:05:58:06 +0200] "GET /-p-41404.html HTTP/1.0" 200 70420 "-" "Mozilla/5.0 (compatible; MJ12bot/v1.4.8; http://mj12bot.com/)"
148.251.120.201 - - [06/Oct/2021:05:58:13 +0200] "GET /large-wooden-wall-decoration-yellow-surf-board-108-cm-p-41403.html HTTP/1.0" 301 70487 "-" "Mozilla/5.0 (compatible; MJ12bot/v1.4.8; http://mj12bot.com/)"
148.251.120.201 - - [06/Oct/2021:05:58:21 +0200] "GET /-p-41403.html HTTP/1.0" 200 70420 "-" "Mozilla/5.0 (compatible; MJ12bot/v1.4.8; http://mj12bot.com/)"
148.251.120.201 - - [06/Oct/2021:05:58:27 +0200] "GET /large-york-wall-sticker-p-55653.html HTTP/1.0" 200 73880 "-" "Mozilla/5.0 (compatible; MJ12bot/v1.4.8; http://mj12bot.com/)"
54.36.149.16 - - [06/Oct/2021:05:58:29 +0200] "GET /gift-watch-vespa-women-keychain-p-18599.html HTTP/1.0" 200 73428 "-" "Mozilla/5.0 (compatible; AhrefsBot/7.0; +http://ahrefs.com/robot/)"
148.251.120.201 - - [06/Oct/2021:05:58:35 +0200] "GET /lavender-ground-sheet-45-75-cm-p-36696.html HTTP/1.0" 301 70487 "-" "Mozilla/5.0 (compatible; MJ12bot/v1.4.8; http://mj12bot.com/)"
148.251.120.201 - - [06/Oct/2021:05:58:40 +0200] "GET /-p-36696.html HTTP/1.0" 200 70420 "-" "Mozilla/5.0 (compatible; MJ12bot/v1.4.8; http://mj12bot.com/)"
148.251.120.201 - - [06/Oct/2021:05:58:48 +0200] "GET /led-retro-wall-lamp-in-brown-weathered-metal-p-44616.html HTTP/1.0" 301 70676 "-" "Mozilla/5.0 (compatible; MJ12bot/v1.4.8; http://mj12bot.com/)"
148.251.120.201 - - [06/Oct/2021:05:58:55 +0200] "GET /retro-wall-lamp-brown-weathered-metal-p-44616.html HTTP/1.0" 200 70572 "-" "Mozilla/5.0 (compatible; MJ12bot/v1.4.8; http://mj12bot.com/)"
148.251.120.201 - - [06/Oct/2021:05:59:01 +0200] "GET /led-retro-wall-lamp-in-white-weathered-metal-p-44615.html HTTP/1.0" 301 70676 "-" "Mozilla/5.0 (compatible; MJ12bot/v1.4.8; http://mj12bot.com/)"
148.251.120.201 - - [06/Oct/2021:05:59:06 +0200] "GET /retro-wall-lamp-white-weathered-metal-p-44615.html HTTP/1.0" 200 70572 "-" "Mozilla/5.0 (compatible; MJ12bot/v1.4.8; http://mj12bot.com/)"
157.55.39.3 - - [06/Oct/2021:05:59:07 +0200] "GET /images/5010065075092.jpg HTTP/1.0" 200 259 "-" "Mozilla/5.0 (compatible; bingbot/2.0; +http://www.bing.com/bingbot.htm)"
148.251.120.201 - - [06/Oct/2021:05:59:11 +0200] "GET /led-unicorn-nightlight-p-48723.html HTTP/1.0" 301 74324 "-" "Mozilla/5.0 (compatible; MJ12bot/v1.4.8; http://mj12bot.com/)"
148.251.120.201 - - [06/Oct/2021:05:59:19 +0200] "GET /unicorn-nightlight-p-48723.html HTTP/1.0" 200 74239 "-" "Mozilla/5.0 (compatible; MJ12bot/v1.4.8; http://mj12bot.com/)"
148.251.120.201 - - [06/Oct/2021:05:59:26 +0200] "GET /lego-led-lite-keychains-p-27078.html HTTP/1.0" 301 70604 "-" "Mozilla/5.0 (compatible; MJ12bot/v1.4.8; http://mj12bot.com/)"
148.251.120.201 - - [06/Oct/2021:05:59:28 +0200] "GET /lego-lite-keychains-p-27078.html HTTP/1.0" 200 70518 "-" "Mozilla/5.0 (compatible; MJ12bot/v1.4.8; http://mj12bot.com/)"
148.251.120.201 - - [06/Oct/2021:05:59:34 +0200] "GET /lego-led-lite-keychains-p-27081.html HTTP/1.0" 301 70604 "-" "Mozilla/5.0 (compatible; MJ12bot/v1.4.8; http://mj12bot.com/)"
148.251.120.201 - - [06/Oct/2021:05:59:40 +0200] "GET /lego-lite-keychains-p-27081.html HTTP/1.0" 200 70518 "-" "Mozilla/5.0 (compatible; MJ12bot/v1.4.8; http://mj12bot.com/)"
148.251.120.201 - - [06/Oct/2021:05:59:46 +0200] "GET /lego-lite-keychains-p-27078.html HTTP/1.0" 200 70518 "-" "Mozilla/5.0 (compatible; MJ12bot/v1.4.8; http://mj12bot.com/)"
185.191.171.40 - - [06/Oct/2021:05:59:49 +0200] "GET /little-toiletry-bag-p-43376.html HTTP/1.0" 301 73212 "-" "Mozilla/5.0 (compatible; SemrushBot/7~bl; +http://www.semrush.com/bot.html)"
185.191.171.38 - - [06/Oct/2021:05:59:51 +0200] "GET /little-toiletry-p-43376.html HTTP/1.0" 200 73130 "-" "Mozilla/5.0 (compatible; SemrushBot/7~bl; +http://www.semrush.com/bot.html)"
148.251.120.201 - - [06/Oct/2021:05:59:52 +0200] "GET /lego-lite-keychains-p-27081.html HTTP/1.0" 200 70518 "-" "Mozilla/5.0 (compatible; MJ12bot/v1.4.8; http://mj12bot.com/)"
54.36.148.186 - - [06/Oct/2021:05:59:53 +0200] "GET /mtal-small-baby-teeth-pink-p-47099.html HTTP/1.0" 200 73871 "-" "Mozilla/5.0 (compatible; AhrefsBot/7.0; +http://ahrefs.com/robot/)"
148.251.120.201 - - [06/Oct/2021:05:59:58 +0200] "GET /lego-woman-little-storage-box-p-12280.html HTTP/1.0" 301 70640 "-" "Mozilla/5.0 (compatible; MJ12bot/v1.4.8; http://mj12bot.com/)"
148.251.120.201 - - [06/Oct/2021:06:00:03 +0200] "GET /lego-woman-little-storage-p-12280.html HTTP/1.0" 200 70548 "-" "Mozilla/5.0 (compatible; MJ12bot/v1.4.8; http://mj12bot.com/)"
159.138.102.98 - - [06/Oct/2021:06:00:03 +0200] "GET /sentiment-towel-kitchen-towel-p-43634.html HTTP/1.0" 200 73837 "-" "Mozilla/5.0 (Linux; Android 7.0;) AppleWebKit/537.36 (KHTML, like Gecko) Mobile Safari/537.36 (compatible; PetalBot;+https://webmaster.petalsearch.com/site/petalbot)"
66.249.64.82 - - [06/Oct/2021:06:00:03 +0200] "GET /fitted-sheet-cotton-percale-threads-p-51242.html HTTP/1.0" 200 73390 "-" "Mozilla/5.0 (Linux; Android 6.0.1; Nexus 5X Build/MMB29P) AppleWebKit/537.36 (KHTML, like Gecko) Chrome/94.0.4606.61 Mobile Safari/537.36 (compatible; Googlebot/2.1; +http://www.google.com/bot.html)"
148.251.120.201 - - [06/Oct/2021:06:00:08 +0200] "GET /lego-woman-little-storage-p-12280.html HTTP/1.0" 200 70548 "-" "Mozilla/5.0 (compatible; MJ12bot/v1.4.8; http://mj12bot.com/)"
17.121.115.36 - - [06/Oct/2021:06:00:09 +0200] "GET /images/big_prod/3574641038373.jpg HTTP/1.0" 200 268 "-" "Mozilla/5.0 (Macintosh; Intel Mac OS X 10_15_5) AppleWebKit/605.1.15 (KHTML, like Gecko) Version/13.1.1 Safari/605.1.15 (Applebot/0.1; +http://www.apple.com/go/applebot)"
148.251.120.201 - - [06/Oct/2021:06:00:14 +0200] "GET /leonard-de-vinci-horse-figurine-24-22-cm-p-38939.html HTTP/1.0" 301 74221 "-" "Mozilla/5.0 (compatible; MJ12bot/v1.4.8; http://mj12bot.com/)"
66.249.64.82 - - [06/Oct/2021:06:00:17 +0200] "GET /swfobject.js HTTP/1.0" 404 1308 "http://www.wonder-geek.com/fitted-sheet-cotton-percale-threads-p-51242.html" "Mozilla/5.0 (Linux; Android 6.0.1; Nexus 5X Build/MMB29P) AppleWebKit/537.36 (KHTML, like Gecko) Chrome/94.0.4606.61 Mobile Safari/537.36 (compatible; Googlebot/2.1; +http://www.google.com/bot.html)"
148.251.120.201 - - [06/Oct/2021:06:00:20 +0200] "GET /lonard-vinci-horse-figurine-p-38939.html HTTP/1.0" 200 74127 "-" "Mozilla/5.0 (compatible; MJ12bot/v1.4.8; http://mj12bot.com/)"
148.251.120.201 - - [06/Oct/2021:06:00:26 +0200] "GET /leonard-de-vinci-vitruvian-man-figurine-42-cm-p-35043.html HTTP/1.0" 301 74343 "-" "Mozilla/5.0 (compatible; MJ12bot/v1.4.8; http://mj12bot.com/)"
148.251.120.201 - - [06/Oct/2021:06:00:30 +0200] "GET /lonard-vinci-vitruvian-figurine-p-35043.html HTTP/1.0" 200 74245 "-" "Mozilla/5.0 (compatible; MJ12bot/v1.4.8; http://mj12bot.com/)"
148.251.120.201 - - [06/Oct/2021:06:00:37 +0200] "GET /leonidas-statue-255-cm-p-40909.html HTTP/1.0" 301 73207 "-" "Mozilla/5.0 (compatible; MJ12bot/v1.4.8; http://mj12bot.com/)"
148.251.120.201 - - [06/Oct/2021:06:00:42 +0200] "GET /lonidas-statue-p-40909.html HTTP/1.0" 200 73126 "-" "Mozilla/5.0 (compatible; MJ12bot/v1.4.8; http://mj12bot.com/)"
148.251.120.201 - - [06/Oct/2021:06:00:48 +0200] "GET /leopard-bling-decorative-statue-57-cm-p-35416.html HTTP/1.0" 301 73295 "-" "Mozilla/5.0 (compatible; MJ12bot/v1.4.8; http://mj12bot.com/)"
148.251.120.201 - - [06/Oct/2021:06:00:54 +0200] "GET /leopard-bling-decorative-statue-p-35416.html HTTP/1.0" 200 73197 "-" "Mozilla/5.0 (compatible; MJ12bot/v1.4.8; http://mj12bot.com/)"
148.251.120.201 - - [06/Oct/2021:06:00:59 +0200] "GET /leopard-bling-decorative-statue-p-35416.html HTTP/1.0" 200 73197 "-" "Mozilla/5.0 (compatible; MJ12bot/v1.4.8; http://mj12bot.com/)"
148.251.120.201 - - [06/Oct/2021:06:01:04 +0200] "GET /leopard-decorative-statue-50-cm-p-37270.html HTTP/1.0" 301 70487 "-" "Mozilla/5.0 (compatible; MJ12bot/v1.4.8; http://mj12bot.com/)"
54.36.149.9 - - [06/Oct/2021:06:01:06 +0200] "GET /bakugan-child-umbrella-p-7881.html HTTP/1.0" 200 73211 "-" "Mozilla/5.0 (compatible; AhrefsBot/7.0; +http://ahrefs.com/robot/)"
148.251.120.201 - - [06/Oct/2021:06:01:11 +0200] "GET /-p-37270.html HTTP/1.0" 200 70420 "-" "Mozilla/5.0 (compatible; MJ12bot/v1.4.8; http://mj12bot.com/)"
66.249.64.82 - - [06/Oct/2021:06:01:17 +0200] "GET /baby-girl-angel-statue-angel-baptism-p-54306.html HTTP/1.0" 200 73886 "-" "Mozilla/5.0 (compatible; Googlebot/2.1; +http://www.google.com/bot.html)"
148.251.120.201 - - [06/Oct/2021:06:01:17 +0200] "GET /leopard-decorative-statue-65-cm-p-40364.html HTTP/1.0" 301 70614 "-" "Mozilla/5.0 (compatible; MJ12bot/v1.4.8; http://mj12bot.com/)"
148.251.120.201 - - [06/Oct/2021:06:01:23 +0200] "GET /leopard-decorative-statue-p-40364.html HTTP/1.0" 200 70522 "-" "Mozilla/5.0 (compatible; MJ12bot/v1.4.8; http://mj12bot.com/)"
148.251.120.201 - - [06/Oct/2021:06:01:27 +0200] "GET /leopard-decorative-statue-p-40364.html HTTP/1.0" 200 70522 "-" "Mozilla/5.0 (compatible; MJ12bot/v1.4.8; http://mj12bot.com/)"
148.251.120.201 - - [06/Oct/2021:06:01:32 +0200] "GET /les-petites-cocottes-ceramic-pie-dish-p-40242.html HTTP/1.0" 301 70487 "-" "Mozilla/5.0 (compatible; MJ12bot/v1.4.8; http://mj12bot.com/)"
185.191.171.14 - - [06/Oct/2021:06:01:35 +0200] "GET /metal-bell-hanging-lamp-p-45420.html?action=add_product HTTP/1.0" 302 476 "-" "Mozilla/5.0 (compatible; SemrushBot/7~bl; +http://www.semrush.com/bot.html)"
148.251.120.201 - - [06/Oct/2021:06:01:35 +0200] "GET /-p-40242.html HTTP/1.0" 200 70420 "-" "Mozilla/5.0 (compatible; MJ12bot/v1.4.8; http://mj12bot.com/)"
148.251.120.201 - - [06/Oct/2021:06:01:39 +0200] "GET /life-freedom-wooden-wall-hook-335-cm-p-41405.html HTTP/1.0" 301 70638 "-" "Mozilla/5.0 (compatible; MJ12bot/v1.4.8; http://mj12bot.com/)"
213.180.203.86 - - [06/Oct/2021:06:01:40 +0200] "GET /wood-key-box-p-43924.html HTTP/1.0" 301 70513 "-" "Mozilla/5.0 (compatible; YandexBot/3.0; +http://yandex.com/bots)"
5.255.253.134 - - [06/Oct/2021:06:01:43 +0200] "GET /wood-p-43924.html HTTP/1.0" 200 70442 "-" "Mozilla/5.0 (compatible; YandexBot/3.0; +http://yandex.com/bots)"
54.36.148.253 - - [06/Oct/2021:06:01:44 +0200] "GET /home-and-decoration-c-13.html?page=194 HTTP/1.0" 301 93425 "-" "Mozilla/5.0 (compatible; AhrefsBot/7.0; +http://ahrefs.com/robot/)"
148.251.120.201 - - [06/Oct/2021:06:01:44 +0200] "GET /life-freedom-wooden-wall-hook-p-41405.html HTTP/1.0" 200 70542 "-" "Mozilla/5.0 (compatible; MJ12bot/v1.4.8; http://mj12bot.com/)"
185.191.171.15 - - [06/Oct/2021:06:01:49 +0200] "GET /little-buddha-collection-keychain-p-53294.html HTTP/1.0" 200 73163 "-" "Mozilla/5.0 (compatible; SemrushBot/7~bl; +http://www.semrush.com/bot.html)"
148.251.120.201 - - [06/Oct/2021:06:01:51 +0200] "GET /life-freedom-wooden-wall-hook-p-41405.html HTTP/1.0" 200 70542 "-" "Mozilla/5.0 (compatible; MJ12bot/v1.4.8; http://mj12bot.com/)"
148.251.120.201 - - [06/Oct/2021:06:01:56 +0200] "GET /life-good-metal-plate-p-29228.html HTTP/1.0" 200 73084 "-" "Mozilla/5.0 (compatible; MJ12bot/v1.4.8; http://mj12bot.com/)"
147.92.153.10 - - [06/Oct/2021:06:02:00 +0200] "GET /small-dancing-stitch-collectible-statuette-p-56316.html HTTP/1.0" 200 74366 "-" "Mozilla/5.0 (compatible; Linespider/1.1; +https://lin.ee/4dwXkTH)"
