109.70.100.30 - - [06/Oct/2021:10:48:50 +0200] "GET /contact_us.php HTTP/1.0" 200 26241 "http://www.wonder-geek.com/contact_us.php" "Mozilla/5.0 (Windows NT 10.0) AppleWebKit/537.36 (KHTML, like Gecko) Chrome/90.0.4430.93 Safari/537.36"
109.70.100.30 - - [06/Oct/2021:10:48:51 +0200] "POST /contact_us.php?action=send HTTP/1.0" 200 26445 "http://www.wonder-geek.com/contact_us.php" "Mozilla/5.0 (Windows NT 10.0) AppleWebKit/537.36 (KHTML, like Gecko) Chrome/90.0.4430.93 Safari/537.36"
185.191.171.5 - - [06/Oct/2021:10:49:09 +0200] "GET /moki-bedspread-240-260-cm-p-53244.html HTTP/1.0" 301 70576 "-" "Mozilla/5.0 (compatible; SemrushBot/7~bl; +http://www.semrush.com/bot.html)"
192.99.6.226 - - [06/Oct/2021:10:49:11 +0200] "GET /musical-jewelry-white-horses-phosphorescent-p-16465.html HTTP/1.0" 200 74304 "-" "Mozilla/5.0 (compatible; MJ12bot/v1.4.8; http://mj12bot.com/)"
185.191.171.34 - - [06/Oct/2021:10:49:11 +0200] "GET /moki-bedspread-p-53244.html HTTP/1.0" 200 70495 "-" "Mozilla/5.0 (compatible; SemrushBot/7~bl; +http://www.semrush.com/bot.html)"
54.36.148.13 - - [06/Oct/2021:10:49:17 +0200] "GET /partys-decoration-c-12_51.html HTTP/1.0" 200 69391 "-" "Mozilla/5.0 (compatible; AhrefsBot/7.0; +http://ahrefs.com/robot/)"
192.99.6.226 - - [06/Oct/2021:10:49:29 +0200] "GET /white-stars-table-lamp-p-37278.html HTTP/1.0" 301 70487 "-" "Mozilla/5.0 (compatible; MJ12bot/v1.4.8; http://mj12bot.com/)"
185.191.171.9 - - [06/Oct/2021:10:49:42 +0200] "GET /disney-lion-king-glitter-ball-p-53159.html HTTP/1.0" 200 73879 "-" "Mozilla/5.0 (compatible; SemrushBot/7~bl; +http://www.semrush.com/bot.html)"
192.99.6.226 - - [06/Oct/2021:10:49:50 +0200] "GET /-p-37278.html HTTP/1.0" 200 70420 "-" "Mozilla/5.0 (compatible; MJ12bot/v1.4.8; http://mj12bot.com/)"
185.191.171.2 - - [06/Oct/2021:10:49:55 +0200] "GET /pepsi-metal-plate-p-40289.html HTTP/1.0" 200 73193 "-" "Mozilla/5.0 (compatible; SemrushBot/7~bl; +http://www.semrush.com/bot.html)"
192.99.6.226 - - [06/Oct/2021:10:50:10 +0200] "GET /winnie-pooh-bathrobe-size-years-p-7474.html HTTP/1.0" 301 70484 "-" "Mozilla/5.0 (compatible; MJ12bot/v1.4.8; http://mj12bot.com/)"
185.191.171.14 - - [06/Oct/2021:10:50:10 +0200] "GET /vintage-car-long-beach-wooden-wall-decoration-to-hang-p-36035.html HTTP/1.0" 301 73500 "-" "Mozilla/5.0 (compatible; SemrushBot/7~bl; +http://www.semrush.com/bot.html)"
185.191.171.38 - - [06/Oct/2021:10:50:12 +0200] "GET /vintage-long-beach-wooden-wall-decoration-hang-p-36035.html HTTP/1.0" 200 73387 "-" "Mozilla/5.0 (compatible; SemrushBot/7~bl; +http://www.semrush.com/bot.html)"
192.99.6.226 - - [06/Oct/2021:10:50:26 +0200] "GET /-p-7474.html HTTP/1.0" 200 70418 "-" "Mozilla/5.0 (compatible; MJ12bot/v1.4.8; http://mj12bot.com/)"
192.99.6.226 - - [06/Oct/2021:10:50:50 +0200] "GET /winnie-pooh-bedside-lamp-p-24761.html HTTP/1.0" 301 70487 "-" "Mozilla/5.0 (compatible; MJ12bot/v1.4.8; http://mj12bot.com/)"
185.191.171.45 - - [06/Oct/2021:10:51:02 +0200] "GET /mini-motsu-keel-toys-plush-p-46200.html HTTP/1.0" 200 70541 "-" "Mozilla/5.0 (compatible; SemrushBot/7~bl; +http://www.semrush.com/bot.html)"
192.99.6.226 - - [06/Oct/2021:10:51:18 +0200] "GET /-p-24761.html HTTP/1.0" 200 70420 "-" "Mozilla/5.0 (compatible; MJ12bot/v1.4.8; http://mj12bot.com/)"
185.191.171.12 - - [06/Oct/2021:10:51:28 +0200] "GET /princess-maxi-mirror-effect-wall-sticker-p-5947.html?action=add_product HTTP/1.0" 302 476 "-" "Mozilla/5.0 (compatible; SemrushBot/7~bl; +http://www.semrush.com/bot.html)"
54.36.148.29 - - [06/Oct/2021:10:51:29 +0200] "GET /furnishings-c-13_87.html HTTP/1.0" 200 90895 "-" "Mozilla/5.0 (compatible; AhrefsBot/7.0; +http://ahrefs.com/robot/)"
51.68.224.127 - - [06/Oct/2021:10:51:30 +0200] "GET /adminweb/export_orders_xml.php?token=256de2z6edz6ed2z6DFSFsed2zed6zeDSFDSGdzedezfzf&maxorders=10&orderstart=1&status=14&start_date=2018-10-01 HTTP/1.0" 200 285 "-" "GesCom CharlotteBoutik Serveur"
51.68.224.127 - - [06/Oct/2021:10:51:30 +0200] "GET /adminweb/export_orders_xml.php?token=256de2z6edz6ed2z6DFSFsed2zed6zeDSFDSGdzedezfzf&maxorders=10&orderstart=1&status=6&start_date=2018-10-01 HTTP/1.0" 200 32573 "-" "GesCom CharlotteBoutik Serveur"
192.99.6.226 - - [06/Oct/2021:10:51:46 +0200] "GET /winnie-pooh-jewelry-p-32415.html HTTP/1.0" 301 70487 "-" "Mozilla/5.0 (compatible; MJ12bot/v1.4.8; http://mj12bot.com/)"
159.138.102.98 - - [06/Oct/2021:10:51:52 +0200] "GET /images/mini_prod/8433933158098.jpg HTTP/1.0" 200 269 "-" "Mozilla/5.0 (Linux; Android 7.0;) AppleWebKit/537.36 (KHTML, like Gecko) Mobile Safari/537.36 (compatible; PetalBot;+https://webmaster.petalsearch.com/site/petalbot)"
192.99.6.226 - - [06/Oct/2021:10:52:04 +0200] "GET /-p-32415.html HTTP/1.0" 200 70420 "-" "Mozilla/5.0 (compatible; MJ12bot/v1.4.8; http://mj12bot.com/)"
185.191.171.35 - - [06/Oct/2021:10:52:27 +0200] "GET /japanese-plum-liter-cast-iron-teapot-p-54894.html HTTP/1.0" 200 73348 "-" "Mozilla/5.0 (compatible; SemrushBot/7~bl; +http://www.semrush.com/bot.html)"
192.99.6.226 - - [06/Oct/2021:10:52:34 +0200] "GET /winnie-pooh-night-light-p-24756.html HTTP/1.0" 301 70487 "-" "Mozilla/5.0 (compatible; MJ12bot/v1.4.8; http://mj12bot.com/)"
192.99.6.226 - - [06/Oct/2021:10:53:00 +0200] "GET /-p-24756.html HTTP/1.0" 200 70420 "-" "Mozilla/5.0 (compatible; MJ12bot/v1.4.8; http://mj12bot.com/)"
192.99.6.226 - - [06/Oct/2021:10:53:44 +0200] "GET /winnie-pooh-night-light-stars-projector-musical-p-41989.html HTTP/1.0" 301 70487 "-" "Mozilla/5.0 (compatible; MJ12bot/v1.4.8; http://mj12bot.com/)"
54.36.149.73 - - [06/Oct/2021:10:53:44 +0200] "GET /small-baby-teeth-p-56214.html HTTP/1.0" 200 73791 "-" "Mozilla/5.0 (compatible; AhrefsBot/7.0; +http://ahrefs.com/robot/)"
185.191.171.17 - - [06/Oct/2021:10:53:54 +0200] "GET /gingerbread-gingerbread-ball-p-22389.html?action=add_product HTTP/1.0" 302 476 "-" "Mozilla/5.0 (compatible; SemrushBot/7~bl; +http://www.semrush.com/bot.html)"
185.191.171.4 - - [06/Oct/2021:10:53:57 +0200] "GET /placemat-little-prince-p-56245.html?action=add_product HTTP/1.0" 302 476 "-" "Mozilla/5.0 (compatible; SemrushBot/7~bl; +http://www.semrush.com/bot.html)"
185.191.171.23 - - [06/Oct/2021:10:53:59 +0200] "GET /stade-toulousain-black-bowl-p-43110.html?action=add_product HTTP/1.0" 302 476 "-" "Mozilla/5.0 (compatible; SemrushBot/7~bl; +http://www.semrush.com/bot.html)"
207.46.13.162 - - [06/Oct/2021:10:54:08 +0200] "GET /coca-cola-small-steel-fridge-magnets-p-31625.html HTTP/1.0" 200 70554 "-" "Mozilla/5.0 (compatible; bingbot/2.0; +http://www.bing.com/bingbot.htm)"
17.121.112.124 - - [06/Oct/2021:10:54:10 +0200] "GET /images/mini_prod/8412497371747.jpg HTTP/1.0" 200 269 "-" "Mozilla/5.0 (Macintosh; Intel Mac OS X 10_15_5) AppleWebKit/605.1.15 (KHTML, like Gecko) Version/13.1.1 Safari/605.1.15 (Applebot/0.1; +http://www.apple.com/go/applebot)"
192.99.6.226 - - [06/Oct/2021:10:54:16 +0200] "GET /-p-41989.html HTTP/1.0" 200 70420 "-" "Mozilla/5.0 (compatible; MJ12bot/v1.4.8; http://mj12bot.com/)"
66.249.64.84 - - [06/Oct/2021:10:54:18 +0200] "GET /images/1341689387563.jpg HTTP/1.0" 200 259 "-" "Googlebot-Image/1.0"
185.191.171.43 - - [06/Oct/2021:10:54:28 +0200] "GET /fiat-500-orange-desk-lamp-p-17064.html HTTP/1.0" 301 73917 "-" "Mozilla/5.0 (compatible; SemrushBot/7~bl; +http://www.semrush.com/bot.html)"
185.191.171.6 - - [06/Oct/2021:10:54:30 +0200] "GET /fiat-orange-desk-lamp-p-17064.html HTTP/1.0" 200 73829 "-" "Mozilla/5.0 (compatible; SemrushBot/7~bl; +http://www.semrush.com/bot.html)"
192.99.6.226 - - [06/Oct/2021:10:54:49 +0200] "GET /winnie-pooh-towel-p-11622.html HTTP/1.0" 301 70487 "-" "Mozilla/5.0 (compatible; MJ12bot/v1.4.8; http://mj12bot.com/)"
185.191.171.43 - - [06/Oct/2021:10:54:58 +0200] "GET /italy-flag-90-150-cm-p-41520.html HTTP/1.0" 301 73153 "-" "Mozilla/5.0 (compatible; SemrushBot/7~bl; +http://www.semrush.com/bot.html)"
185.191.171.44 - - [06/Oct/2021:10:55:01 +0200] "GET /italy-flag-p-41520.html HTTP/1.0" 200 73076 "-" "Mozilla/5.0 (compatible; SemrushBot/7~bl; +http://www.semrush.com/bot.html)"
114.119.128.34 - - [06/Oct/2021:10:55:06 +0200] "GET /los-angeles-lakers-mug-p-44955.html HTTP/1.0" 301 73229 "-" "Mozilla/5.0 (Linux; Android 7.0;) AppleWebKit/537.36 (KHTML, like Gecko) Mobile Safari/537.36 (compatible; PetalBot;+https://webmaster.petalsearch.com/site/petalbot)"
114.119.128.34 - - [06/Oct/2021:10:55:07 +0200] "GET /angeles-lakers-p-44955.html HTTP/1.0" 200 73148 "-" "Mozilla/5.0 (Linux; Android 7.0;) AppleWebKit/537.36 (KHTML, like Gecko) Mobile Safari/537.36 (compatible; PetalBot;+https://webmaster.petalsearch.com/site/petalbot)"
192.99.6.226 - - [06/Oct/2021:10:55:20 +0200] "GET /-p-11622.html HTTP/1.0" 200 70420 "-" "Mozilla/5.0 (compatible; MJ12bot/v1.4.8; http://mj12bot.com/)"
66.249.64.83 - - [06/Oct/2021:10:55:46 +0200] "GET /images/big_prod_1/3453131144940N.jpg HTTP/1.0" 200 271 "-" "Googlebot-Image/1.0"
192.99.6.226 - - [06/Oct/2021:10:55:48 +0200] "GET /winnie-the-pooh-alarm-clock-p-1928.html HTTP/1.0" 301 70484 "-" "Mozilla/5.0 (compatible; MJ12bot/v1.4.8; http://mj12bot.com/)"
54.36.148.1 - - [06/Oct/2021:10:56:01 +0200] "GET /placemat-little-prince-p-56247.html HTTP/1.0" 200 73069 "-" "Mozilla/5.0 (compatible; AhrefsBot/7.0; +http://ahrefs.com/robot/)"
216.244.66.242 - - [06/Oct/2021:10:56:08 +0200] "GET /robots.txt HTTP/1.0" 200 245 "-" "Mozilla/5.0 (compatible; DotBot/1.2; +https://opensiteexplorer.org/dotbot; help@moz.com)"
192.99.6.226 - - [06/Oct/2021:10:56:33 +0200] "GET /-p-1928.html HTTP/1.0" 200 70418 "-" "Mozilla/5.0 (compatible; MJ12bot/v1.4.8; http://mj12bot.com/)"
192.99.6.226 - - [06/Oct/2021:10:57:02 +0200] "GET /winnie-the-pooh-alarm-clock-p-1930.html HTTP/1.0" 301 70484 "-" "Mozilla/5.0 (compatible; MJ12bot/v1.4.8; http://mj12bot.com/)"
17.121.112.104 - - [06/Oct/2021:10:57:05 +0200] "GET /mickey-club-house-umbrella-p-20500.html HTTP/1.0" 200 73297 "-" "Mozilla/5.0 (Macintosh; Intel Mac OS X 10_15_5) AppleWebKit/605.1.15 (KHTML, like Gecko) Version/13.1.1 Safari/605.1.15 (Applebot/0.1; +http://www.apple.com/go/applebot)"
192.99.6.226 - - [06/Oct/2021:10:57:26 +0200] "GET /-p-1930.html HTTP/1.0" 200 70418 "-" "Mozilla/5.0 (compatible; MJ12bot/v1.4.8; http://mj12bot.com/)"
54.36.149.74 - - [06/Oct/2021:10:57:30 +0200] "GET /african-statuette-34-cm-p-40421.html HTTP/1.0" 301 70487 "-" "Mozilla/5.0 (compatible; AhrefsBot/7.0; +http://ahrefs.com/robot/)"
185.191.171.41 - - [06/Oct/2021:10:57:34 +0200] "GET /paris-saint-germain-salt-pepper-p-52734.html HTTP/1.0" 200 73761 "-" "Mozilla/5.0 (compatible; SemrushBot/7~bl; +http://www.semrush.com/bot.html)"
185.191.171.9 - - [06/Oct/2021:10:57:46 +0200] "GET /ben-10-plastic-glass-p-17153.html HTTP/1.0" 301 73257 "-" "Mozilla/5.0 (compatible; SemrushBot/7~bl; +http://www.semrush.com/bot.html)"
185.191.171.15 - - [06/Oct/2021:10:57:48 +0200] "GET /plastic-glass-p-17153.html HTTP/1.0" 200 73177 "-" "Mozilla/5.0 (compatible; SemrushBot/7~bl; +http://www.semrush.com/bot.html)"
185.191.171.5 - - [06/Oct/2021:10:57:53 +0200] "GET /high-school-musical-sleeveless-padded-jacket-p-31264.html HTTP/1.0" 200 75162 "-" "Mozilla/5.0 (compatible; SemrushBot/7~bl; +http://www.semrush.com/bot.html)"
192.99.6.226 - - [06/Oct/2021:10:57:53 +0200] "GET /winnie-the-pooh-and-tigger-sticker-p-20477.html HTTP/1.0" 301 75437 "-" "Mozilla/5.0 (compatible; MJ12bot/v1.4.8; http://mj12bot.com/)"
192.99.6.226 - - [06/Oct/2021:10:58:14 +0200] "GET /winnie-pooh-tigger-sticker-p-20477.html HTTP/1.0" 200 75344 "-" "Mozilla/5.0 (compatible; MJ12bot/v1.4.8; http://mj12bot.com/)"
54.36.149.107 - - [06/Oct/2021:10:58:15 +0200] "GET /specials.php HTTP/1.0" 200 125335 "-" "Mozilla/5.0 (compatible; AhrefsBot/7.0; +http://ahrefs.com/robot/)"
114.119.128.37 - - [06/Oct/2021:10:58:20 +0200] "GET /london-dog-mug-p-20082.html HTTP/1.0" 301 72983 "-" "Mozilla/5.0 (Linux; Android 7.0;) AppleWebKit/537.36 (KHTML, like Gecko) Mobile Safari/537.36 (compatible; PetalBot;+https://webmaster.petalsearch.com/site/petalbot)"
114.119.128.37 - - [06/Oct/2021:10:58:22 +0200] "GET /london-p-20082.html HTTP/1.0" 200 72910 "-" "Mozilla/5.0 (Linux; Android 7.0;) AppleWebKit/537.36 (KHTML, like Gecko) Mobile Safari/537.36 (compatible; PetalBot;+https://webmaster.petalsearch.com/site/petalbot)"
192.99.6.226 - - [06/Oct/2021:10:58:34 +0200] "GET /winnie-the-pooh-and-tigger-swimming-armband-p-20364.html HTTP/1.0" 301 70487 "-" "Mozilla/5.0 (compatible; MJ12bot/v1.4.8; http://mj12bot.com/)"
192.99.6.226 - - [06/Oct/2021:10:58:50 +0200] "GET /-p-20364.html HTTP/1.0" 200 70420 "-" "Mozilla/5.0 (compatible; MJ12bot/v1.4.8; http://mj12bot.com/)"
192.99.6.226 - - [06/Oct/2021:10:59:08 +0200] "GET /winnie-the-pooh-ball-filled-p-11522.html HTTP/1.0" 301 73614 "-" "Mozilla/5.0 (compatible; MJ12bot/v1.4.8; http://mj12bot.com/)"
192.99.6.226 - - [06/Oct/2021:10:59:21 +0200] "GET /winnie-pooh-ball-filled-p-11522.html HTTP/1.0" 200 73524 "-" "Mozilla/5.0 (compatible; MJ12bot/v1.4.8; http://mj12bot.com/)"
5.255.253.134 - - [06/Oct/2021:10:59:25 +0200] "GET /robots.txt HTTP/1.0" 200 245 "-" "Mozilla/5.0 (compatible; YandexBot/3.0; +http://yandex.com/bots)"
5.255.253.134 - - [06/Oct/2021:10:59:29 +0200] "GET /images/mini_prod/8445148004916.jpg HTTP/1.0" 200 269 "-" "Mozilla/5.0 (compatible; YandexImages/3.0; +http://yandex.com/bots)"
185.191.171.35 - - [06/Oct/2021:10:59:50 +0200] "GET /monkey-statue-resin-nothing-p-37188.html HTTP/1.0" 200 73157 "-" "Mozilla/5.0 (compatible; SemrushBot/7~bl; +http://www.semrush.com/bot.html)"
192.99.6.226 - - [06/Oct/2021:10:59:56 +0200] "GET /winnie-the-pooh-ball-poncho-towel-p-12968.html HTTP/1.0" 301 70487 "-" "Mozilla/5.0 (compatible; MJ12bot/v1.4.8; http://mj12bot.com/)"
40.77.167.10 - - [06/Oct/2021:10:59:59 +0200] "GET /images/mini_prod/8422015291419.jpg HTTP/1.0" 200 269 "-" "Mozilla/5.0 (Windows NT 6.1; WOW64) AppleWebKit/534+ (KHTML, like Gecko) BingPreview/1.0b"
192.99.6.226 - - [06/Oct/2021:11:00:17 +0200] "GET /-p-12968.html HTTP/1.0" 200 70420 "-" "Mozilla/5.0 (compatible; MJ12bot/v1.4.8; http://mj12bot.com/)"
54.36.148.53 - - [06/Oct/2021:11:00:34 +0200] "GET /accessories-mobiles-c-3_17.html HTTP/1.0" 200 94555 "-" "Mozilla/5.0 (compatible; AhrefsBot/7.0; +http://ahrefs.com/robot/)"
192.99.6.226 - - [06/Oct/2021:11:00:38 +0200] "GET /winnie-the-pooh-bath-towel-p-10120.html HTTP/1.0" 301 70595 "-" "Mozilla/5.0 (compatible; MJ12bot/v1.4.8; http://mj12bot.com/)"
192.99.6.226 - - [06/Oct/2021:11:00:53 +0200] "GET /winnie-pooh-bath-towel-p-10120.html HTTP/1.0" 200 70506 "-" "Mozilla/5.0 (compatible; MJ12bot/v1.4.8; http://mj12bot.com/)"
185.191.171.12 - - [06/Oct/2021:11:01:00 +0200] "GET /indoor-buddha-fountain-25-cm-p-42032.html HTTP/1.0" 301 70599 "-" "Mozilla/5.0 (compatible; SemrushBot/7~bl; +http://www.semrush.com/bot.html)"
185.191.171.3 - - [06/Oct/2021:11:01:02 +0200] "GET /indoor-buddha-fountain-p-42032.html HTTP/1.0" 200 70510 "-" "Mozilla/5.0 (compatible; SemrushBot/7~bl; +http://www.semrush.com/bot.html)"
192.99.6.226 - - [06/Oct/2021:11:01:16 +0200] "GET /winnie-the-pooh-bathrobe-size-years-p-7473.html HTTP/1.0" 301 70484 "-" "Mozilla/5.0 (compatible; MJ12bot/v1.4.8; http://mj12bot.com/)"
185.191.171.36 - - [06/Oct/2021:11:01:21 +0200] "GET /design-globe-red-28-cm-p-49246.html HTTP/1.0" 301 70487 "-" "Mozilla/5.0 (compatible; SemrushBot/7~bl; +http://www.semrush.com/bot.html)"
185.191.171.41 - - [06/Oct/2021:11:01:23 +0200] "GET /-p-49246.html HTTP/1.0" 200 70420 "-" "Mozilla/5.0 (compatible; SemrushBot/7~bl; +http://www.semrush.com/bot.html)"
185.191.171.1 - - [06/Oct/2021:11:01:29 +0200] "GET /jewelry-with-mirror-drawers-p-48045.html?action=add_product HTTP/1.0" 302 476 "-" "Mozilla/5.0 (compatible; SemrushBot/7~bl; +http://www.semrush.com/bot.html)"
192.99.6.226 - - [06/Oct/2021:11:01:31 +0200] "GET /-p-7473.html HTTP/1.0" 200 70418 "-" "Mozilla/5.0 (compatible; MJ12bot/v1.4.8; http://mj12bot.com/)"
185.191.171.18 - - [06/Oct/2021:11:01:35 +0200] "GET /windchime-chimes-p-43532.html?action=add_product HTTP/1.0" 302 476 "-" "Mozilla/5.0 (compatible; SemrushBot/7~bl; +http://www.semrush.com/bot.html)"
114.119.128.40 - - [06/Oct/2021:11:01:36 +0200] "GET /sentiment-towel-kitchen-towel-p-43624.html HTTP/1.0" 200 73837 "-" "Mozilla/5.0 (Linux; Android 7.0;) AppleWebKit/537.36 (KHTML, like Gecko) Mobile Safari/537.36 (compatible; PetalBot;+https://webmaster.petalsearch.com/site/petalbot)"
192.99.6.226 - - [06/Oct/2021:11:01:37 +0200] "GET /winnie-the-pooh-bathrobe-size-years-p-7474.html HTTP/1.0" 301 70484 "-" "Mozilla/5.0 (compatible; MJ12bot/v1.4.8; http://mj12bot.com/)"
185.191.171.5 - - [06/Oct/2021:11:01:45 +0200] "GET /-p-33109.html?action=add_product HTTP/1.0" 302 476 "-" "Mozilla/5.0 (compatible; SemrushBot/7~bl; +http://www.semrush.com/bot.html)"
192.99.6.226 - - [06/Oct/2021:11:01:51 +0200] "GET /-p-7474.html HTTP/1.0" 200 70418 "-" "Mozilla/5.0 (compatible; MJ12bot/v1.4.8; http://mj12bot.com/)"
185.191.171.41 - - [06/Oct/2021:11:01:57 +0200] "GET /flower-pot-blue-on-stand-p-49411.html HTTP/1.0" 301 70487 "-" "Mozilla/5.0 (compatible; SemrushBot/7~bl; +http://www.semrush.com/bot.html)"
185.191.171.13 - - [06/Oct/2021:11:01:59 +0200] "GET /-p-49411.html HTTP/1.0" 200 70420 "-" "Mozilla/5.0 (compatible; SemrushBot/7~bl; +http://www.semrush.com/bot.html)"
192.99.6.226 - - [06/Oct/2021:11:02:17 +0200] "GET /winnie-the-pooh-bedside-lamp-p-24761.html HTTP/1.0" 301 70487 "-" "Mozilla/5.0 (compatible; MJ12bot/v1.4.8; http://mj12bot.com/)"
192.99.6.226 - - [06/Oct/2021:11:02:30 +0200] "GET /-p-24761.html HTTP/1.0" 200 70420 "-" "Mozilla/5.0 (compatible; MJ12bot/v1.4.8; http://mj12bot.com/)"
66.249.64.84 - - [06/Oct/2021:11:02:32 +0200] "GET /images/big_prod_1/1328399282524b.jpg HTTP/1.0" 200 271 "-" "Googlebot-Image/1.0"
192.99.6.226 - - [06/Oct/2021:11:02:44 +0200] "GET /winnie-the-pooh-blue-pinafore-apron-p-26680.html HTTP/1.0" 301 70487 "-" "Mozilla/5.0 (compatible; MJ12bot/v1.4.8; http://mj12bot.com/)"
216.244.66.242 - - [06/Oct/2021:11:02:48 +0200] "GET /miso-cute-kimmidoll-love-p-21767.html HTTP/1.0" 200 77514 "-" "Mozilla/5.0 (compatible; DotBot/1.2; +https://opensiteexplorer.org/dotbot; help@moz.com)"
54.36.148.139 - - [06/Oct/2021:11:02:51 +0200] "GET /statue-felines-lion-tiger-leopard-p-55996.html HTTP/1.0" 200 73875 "-" "Mozilla/5.0 (compatible; AhrefsBot/7.0; +http://ahrefs.com/robot/)"
192.99.6.226 - - [06/Oct/2021:11:03:00 +0200] "GET /-p-26680.html HTTP/1.0" 200 70420 "-" "Mozilla/5.0 (compatible; MJ12bot/v1.4.8; http://mj12bot.com/)"
185.191.171.43 - - [06/Oct/2021:11:03:14 +0200] "GET /glass-bird-paperweight-p-53621.html HTTP/1.0" 200 73086 "-" "Mozilla/5.0 (compatible; SemrushBot/7~bl; +http://www.semrush.com/bot.html)"
192.99.6.226 - - [06/Oct/2021:11:03:18 +0200] "GET /winnie-the-pooh-blue-swimming-trunks-size-years-p-23936.html HTTP/1.0" 301 70487 "-" "Mozilla/5.0 (compatible; MJ12bot/v1.4.8; http://mj12bot.com/)"
207.46.13.162 - - [06/Oct/2021:11:03:38 +0200] "GET /images/1308421410057.jpg HTTP/1.0" 200 259 "-" "Mozilla/5.0 (compatible; bingbot/2.0; +http://www.bing.com/bingbot.htm)"
185.191.171.5 - - [06/Oct/2021:11:03:40 +0200] "GET /microfibre-base-cover-light-brown-p-47977.html?action=add_product HTTP/1.0" 302 476 "-" "Mozilla/5.0 (compatible; SemrushBot/7~bl; +http://www.semrush.com/bot.html)"
192.99.6.226 - - [06/Oct/2021:11:03:44 +0200] "GET /-p-23936.html HTTP/1.0" 200 70420 "-" "Mozilla/5.0 (compatible; MJ12bot/v1.4.8; http://mj12bot.com/)"
66.249.64.84 - - [06/Oct/2021:11:03:56 +0200] "GET /garden-gnome-solar-p-29285.html HTTP/1.0" 200 70501 "-" "Mozilla/5.0 (Linux; Android 6.0.1; Nexus 5X Build/MMB29P) AppleWebKit/537.36 (KHTML, like Gecko) Chrome/94.0.4606.61 Mobile Safari/537.36 (compatible; Googlebot/2.1; +http://www.google.com/bot.html)"
192.99.6.226 - - [06/Oct/2021:11:04:02 +0200] "GET /winnie-the-pooh-blue-swimming-trunks-size-years-p-23937.html HTTP/1.0" 301 70487 "-" "Mozilla/5.0 (compatible; MJ12bot/v1.4.8; http://mj12bot.com/)"
192.99.6.226 - - [06/Oct/2021:11:04:27 +0200] "GET /-p-23937.html HTTP/1.0" 200 70420 "-" "Mozilla/5.0 (compatible; MJ12bot/v1.4.8; http://mj12bot.com/)"
192.99.6.226 - - [06/Oct/2021:11:04:54 +0200] "GET /winnie-the-pooh-blue-swimming-trunks-size-years-p-23939.html HTTP/1.0" 301 70487 "-" "Mozilla/5.0 (compatible; MJ12bot/v1.4.8; http://mj12bot.com/)"
114.119.128.34 - - [06/Oct/2021:11:04:57 +0200] "GET /brown-polyester-round-chair-cushion-p-47395.html HTTP/1.0" 301 70487 "-" "Mozilla/5.0 (Linux; Android 7.0;) AppleWebKit/537.36 (KHTML, like Gecko) Mobile Safari/537.36 (compatible; PetalBot;+https://webmaster.petalsearch.com/site/petalbot)"
114.119.128.34 - - [06/Oct/2021:11:04:58 +0200] "GET /-p-47395.html HTTP/1.0" 200 70420 "-" "Mozilla/5.0 (Linux; Android 7.0;) AppleWebKit/537.36 (KHTML, like Gecko) Mobile Safari/537.36 (compatible; PetalBot;+https://webmaster.petalsearch.com/site/petalbot)"
185.191.171.45 - - [06/Oct/2021:11:05:04 +0200] "GET /eivissa-bedclothes-p-52075.html HTTP/1.0" 200 73101 "-" "Mozilla/5.0 (compatible; SemrushBot/7~bl; +http://www.semrush.com/bot.html)"
54.36.148.76 - - [06/Oct/2021:11:05:05 +0200] "GET /placemat-little-prince-p-56253.html HTTP/1.0" 200 73057 "-" "Mozilla/5.0 (compatible; AhrefsBot/7.0; +http://ahrefs.com/robot/)"
216.244.66.242 - - [06/Oct/2021:11:05:07 +0200] "GET /bakugan-child-umbrella-p-7881.html HTTP/1.0" 200 73211 "-" "Mozilla/5.0 (compatible; DotBot/1.2; +https://opensiteexplorer.org/dotbot; help@moz.com)"
182.34.254.93 - - [06/Oct/2021:11:05:20 +0200] "GET /contact_us.php HTTP/1.0" 200 26241 "http://www.wonder-geek.com/contact_us.php" "Mozilla/5.0 (Windows NT 6.1; WOW64) AppleWebKit/537.36 (KHTML, like Gecko) Chrome/83.0.4103.61 Safari/537.36"
192.99.6.226 - - [06/Oct/2021:11:05:22 +0200] "GET /-p-23939.html HTTP/1.0" 200 70420 "-" "Mozilla/5.0 (compatible; MJ12bot/v1.4.8; http://mj12bot.com/)"
185.191.171.34 - - [06/Oct/2021:11:05:24 +0200] "GET /pink-piggy-bank-p-55570.html HTTP/1.0" 200 73085 "-" "Mozilla/5.0 (compatible; SemrushBot/7~bl; +http://www.semrush.com/bot.html)"
182.34.254.93 - - [06/Oct/2021:11:05:26 +0200] "POST /contact_us.php?action=send HTTP/1.0" 200 26469 "http://www.wonder-geek.com/contact_us.php" "Mozilla/5.0 (Windows NT 6.1; WOW64) AppleWebKit/537.36 (KHTML, like Gecko) Chrome/83.0.4103.61 Safari/537.36"
185.191.171.15 - - [06/Oct/2021:11:05:26 +0200] "GET /small-buddhist-monk-pink-dress-atmanjali-mudra-p-46799.html HTTP/1.0" 200 74045 "-" "Mozilla/5.0 (compatible; SemrushBot/7~bl; +http://www.semrush.com/bot.html)"
17.121.114.75 - - [06/Oct/2021:11:05:33 +0200] "GET /images/mini_prod/3660173148601.jpg HTTP/1.0" 200 269 "-" "Mozilla/5.0 (Macintosh; Intel Mac OS X 10_15_5) AppleWebKit/605.1.15 (KHTML, like Gecko) Version/13.1.1 Safari/605.1.15 (Applebot/0.1; +http://www.apple.com/go/applebot)"
185.191.171.45 - - [06/Oct/2021:11:05:33 +0200] "GET /olive-kitchen-towel-p-43088.html?action=add_product HTTP/1.0" 302 476 "-" "Mozilla/5.0 (compatible; SemrushBot/7~bl; +http://www.semrush.com/bot.html)"
54.36.148.148 - - [06/Oct/2021:11:05:35 +0200] "GET /nici-beige-bag-p-19247.html HTTP/1.0" 301 70487 "-" "Mozilla/5.0 (compatible; AhrefsBot/7.0; +http://ahrefs.com/robot/)"
185.191.171.7 - - [06/Oct/2021:11:05:46 +0200] "GET /kimmidoll-pen-yuna-p-15902.html HTTP/1.0" 301 70583 "-" "Mozilla/5.0 (compatible; SemrushBot/7~bl; +http://www.semrush.com/bot.html)"
192.99.6.226 - - [06/Oct/2021:11:05:48 +0200] "GET /winnie-the-pooh-blue-swimsuit-p-30831.html HTTP/1.0" 301 74929 "-" "Mozilla/5.0 (compatible; MJ12bot/v1.4.8; http://mj12bot.com/)"
185.191.171.5 - - [06/Oct/2021:11:05:49 +0200] "GET /kimmidoll-yuna-p-15902.html HTTP/1.0" 200 70502 "-" "Mozilla/5.0 (compatible; SemrushBot/7~bl; +http://www.semrush.com/bot.html)"
185.191.171.14 - - [06/Oct/2021:11:06:05 +0200] "GET /sweet-white-women-shirt-p-30996.html?action=add_product HTTP/1.0" 302 476 "-" "Mozilla/5.0 (compatible; SemrushBot/7~bl; +http://www.semrush.com/bot.html)"
192.99.6.226 - - [06/Oct/2021:11:06:11 +0200] "GET /winnie-pooh-blue-swimsuit-p-30831.html HTTP/1.0" 200 74837 "-" "Mozilla/5.0 (compatible; MJ12bot/v1.4.8; http://mj12bot.com/)"
54.36.148.149 - - [06/Oct/2021:11:06:13 +0200] "GET /linen-of-bed-c-11_68.html?page=1 HTTP/1.0" 301 91534 "-" "Mozilla/5.0 (compatible; AhrefsBot/7.0; +http://ahrefs.com/robot/)"
192.99.6.226 - - [06/Oct/2021:11:06:27 +0200] "GET /winnie-the-pooh-bock-glass-p-20720.html HTTP/1.0" 301 70595 "-" "Mozilla/5.0 (compatible; MJ12bot/v1.4.8; http://mj12bot.com/)"
192.99.6.226 - - [06/Oct/2021:11:06:43 +0200] "GET /winnie-pooh-bock-glass-p-20720.html HTTP/1.0" 200 70506 "-" "Mozilla/5.0 (compatible; MJ12bot/v1.4.8; http://mj12bot.com/)"
40.77.167.10 - - [06/Oct/2021:11:06:53 +0200] "GET /images/241008_174416_PEEL_AxJDcK.jpg HTTP/1.0" 200 271 "-" "Mozilla/5.0 (compatible; bingbot/2.0; +http://www.bing.com/bingbot.htm)"
192.99.6.226 - - [06/Oct/2021:11:06:55 +0200] "GET /winnie-the-pooh-chair-p-17598.html HTTP/1.0" 301 70487 "-" "Mozilla/5.0 (compatible; MJ12bot/v1.4.8; http://mj12bot.com/)"
40.77.167.77 - - [06/Oct/2021:11:07:15 +0200] "GET /images/big_prod/1341689464233.jpg HTTP/1.0" 200 268 "-" "Mozilla/5.0 (compatible; bingbot/2.0; +http://www.bing.com/bingbot.htm)"
54.36.149.9 - - [06/Oct/2021:11:07:14 +0200] "GET /rings-c-3_257.html HTTP/1.0" 200 84779 "-" "Mozilla/5.0 (compatible; AhrefsBot/7.0; +http://ahrefs.com/robot/)"
192.99.6.226 - - [06/Oct/2021:11:07:16 +0200] "GET /-p-17598.html HTTP/1.0" 200 70420 "-" "Mozilla/5.0 (compatible; MJ12bot/v1.4.8; http://mj12bot.com/)"
40.77.167.79 - - [06/Oct/2021:11:07:25 +0200] "GET /images/mini_prod/8719172831023.jpg HTTP/1.0" 200 269 "-" "Mozilla/5.0 (compatible; bingbot/2.0; +http://www.bing.com/bingbot.htm)"
51.68.224.127 - - [06/Oct/2021:11:07:43 +0200] "GET /adminweb/export_orders_xml.php?token=256de2z6edz6ed2z6DFSFsed2zed6zeDSFDSGdzedezfzf&maxorders=10&orderstart=1&status=14&start_date=2018-10-01 HTTP/1.0" 200 285 "-" "GesCom CharlotteBoutik Serveur"
51.68.224.127 - - [06/Oct/2021:11:07:44 +0200] "GET /adminweb/export_orders_xml.php?token=256de2z6edz6ed2z6DFSFsed2zed6zeDSFDSGdzedezfzf&maxorders=10&orderstart=1&status=6&start_date=2018-10-01 HTTP/1.0" 200 32573 "-" "GesCom CharlotteBoutik Serveur"
192.99.6.226 - - [06/Oct/2021:11:07:44 +0200] "GET /winnie-the-pooh-coat-rack-p-18813.html HTTP/1.0" 301 70487 "-" "Mozilla/5.0 (compatible; MJ12bot/v1.4.8; http://mj12bot.com/)"
185.191.171.10 - - [06/Oct/2021:11:07:48 +0200] "GET /small-gazelle-money-bank-p-56196.html HTTP/1.0" 200 73292 "-" "Mozilla/5.0 (compatible; SemrushBot/7~bl; +http://www.semrush.com/bot.html)"
185.191.171.3 - - [06/Oct/2021:11:08:03 +0200] "GET /london-phone-ashtray-p-40189.html?action=add_product HTTP/1.0" 302 476 "-" "Mozilla/5.0 (compatible; SemrushBot/7~bl; +http://www.semrush.com/bot.html)"
5.188.211.35 - - [06/Oct/2021:11:08:10 +0200] "GET /statue-p-41885.html HTTP/1.0" 200 73084 "-" "Mozilla/4.0 (compatible; MSIE 6.0; Windows NT 5.1; SV1)"
5.188.211.35 - - [06/Oct/2021:11:08:11 +0200] "GET /posters-stickers-wall-c-13_147.html HTTP/1.0" 200 90373 "-" "Mozilla/4.0 (compatible; MSIE 6.0; Windows NT 5.1; SV1)"
5.188.211.35 - - [06/Oct/2021:11:08:12 +0200] "GET /mtal-signs-c-13_130.html HTTP/1.0" 200 94370 "-" "Mozilla/4.0 (compatible; MSIE 6.0; Windows NT 5.1; SV1)"
5.188.211.35 - - [06/Oct/2021:11:08:13 +0200] "GET /contact_us.php HTTP/1.0" 200 26241 "-" "Mozilla/4.0 (compatible; MSIE 6.0; Windows NT 5.1; SV1)"
5.188.211.35 - - [06/Oct/2021:11:08:13 +0200] "POST /contact_us.php?action=send HTTP/1.0" 200 26642 "http://www.wonder-geek.com/contact_us.php" "Mozilla/4.0 (compatible; MSIE 6.0; Windows NT 5.1; SV1)"
5.188.211.35 - - [06/Oct/2021:11:08:14 +0200] "POST /contact_us.php?action=send HTTP/1.0" 200 26642 "http://www.wonder-geek.com/" "Mozilla/4.0 (compatible; MSIE 6.0; Windows NT 5.1; SV1)"
5.188.211.35 - - [06/Oct/2021:11:08:14 +0200] "GET / HTTP/1.0" 200 150320 "-" "Mozilla/4.0 (compatible; MSIE 6.0; Windows NT 5.1; SV1)"
5.188.211.35 - - [06/Oct/2021:11:08:15 +0200] "GET /statue-p-41885.html HTTP/1.0" 200 73084 "-" "Mozilla/4.0 (compatible; MSIE 6.0; Windows NT 5.1; SV1)"
5.188.211.35 - - [06/Oct/2021:11:08:15 +0200] "GET /contact_us.php HTTP/1.0" 200 26241 "-" "Mozilla/4.0 (compatible; MSIE 6.0; Windows NT 5.1; SV1)"
5.188.211.35 - - [06/Oct/2021:11:08:16 +0200] "GET /create_account.php HTTP/1.0" 200 33633 "-" "Mozilla/4.0 (compatible; MSIE 6.0; Windows NT 5.1; SV1)"
5.188.211.35 - - [06/Oct/2021:11:08:16 +0200] "GET /checkout_shipping.php HTTP/1.0" 302 468 "-" "Mozilla/4.0 (compatible; MSIE 6.0; Windows NT 5.1; SV1)"
5.188.211.35 - - [06/Oct/2021:11:08:16 +0200] "GET /login.php HTTP/1.0" 200 17155 "-" "Mozilla/4.0 (compatible; MSIE 6.0; Windows NT 5.1; SV1)"
5.188.211.35 - - [06/Oct/2021:11:08:17 +0200] "GET /shopping_cart.php HTTP/1.0" 200 13298 "-" "Mozilla/4.0 (compatible; MSIE 6.0; Windows NT 5.1; SV1)"
5.188.211.35 - - [06/Oct/2021:11:08:17 +0200] "GET /login.php HTTP/1.0" 200 17155 "-" "Mozilla/4.0 (compatible; MSIE 6.0; Windows NT 5.1; SV1)"
5.188.211.35 - - [06/Oct/2021:11:08:17 +0200] "GET /specials.php HTTP/1.0" 200 125335 "-" "Mozilla/4.0 (compatible; MSIE 6.0; Windows NT 5.1; SV1)"
5.188.211.35 - - [06/Oct/2021:11:08:18 +0200] "GET /products_new.php HTTP/1.0" 200 94564 "-" "Mozilla/4.0 (compatible; MSIE 6.0; Windows NT 5.1; SV1)"
192.99.6.226 - - [06/Oct/2021:11:08:21 +0200] "GET /-p-18813.html HTTP/1.0" 200 70420 "-" "Mozilla/5.0 (compatible; MJ12bot/v1.4.8; http://mj12bot.com/)"
54.36.148.138 - - [06/Oct/2021:11:08:21 +0200] "GET /plates-and-cups-c-58.html?page=3 HTTP/1.0" 301 79910 "-" "Mozilla/5.0 (compatible; AhrefsBot/7.0; +http://ahrefs.com/robot/)"
185.191.171.11 - - [06/Oct/2021:11:08:32 +0200] "GET /colt-metal-plate-deco-p-47182.html?action=add_product HTTP/1.0" 302 476 "-" "Mozilla/5.0 (compatible; SemrushBot/7~bl; +http://www.semrush.com/bot.html)"
176.105.219.2 - - [06/Oct/2021:11:08:36 +0200] "GET /contact_us.php HTTP/1.0" 200 26241 "http://www.wonder-geek.com/contact_us.php" "Mozilla/5.0 (Windows NT 6.1; Win64; x64) AppleWebKit/537.36 (KHTML, like Gecko) Chrome/83.0.4103.24 Safari/537.36 Edg/83.0.478.18"
176.105.219.2 - - [06/Oct/2021:11:08:40 +0200] "POST /contact_us.php?action=send HTTP/1.0" 200 26485 "http://www.wonder-geek.com/contact_us.php" "Mozilla/5.0 (Windows NT 6.1; Win64; x64) AppleWebKit/537.36 (KHTML, like Gecko) Chrome/83.0.4103.24 Safari/537.36 Edg/83.0.478.18"
192.99.6.226 - - [06/Oct/2021:11:08:54 +0200] "GET /winnie-the-pooh-coloring-pencil-p-10047.html HTTP/1.0" 301 70652 "-" "Mozilla/5.0 (compatible; MJ12bot/v1.4.8; http://mj12bot.com/)"
40.77.167.79 - - [06/Oct/2021:11:09:06 +0200] "GET /clocks-c-13_67.html HTTP/1.0" 200 93324 "-" "Mozilla/5.0 (compatible; bingbot/2.0; +http://www.bing.com/bingbot.htm)"
192.99.6.226 - - [06/Oct/2021:11:09:27 +0200] "GET /winnie-pooh-coloring-pencil-p-10047.html HTTP/1.0" 200 70558 "-" "Mozilla/5.0 (compatible; MJ12bot/v1.4.8; http://mj12bot.com/)"
54.36.148.119 - - [06/Oct/2021:11:09:39 +0200] "GET /good-point-c-13_150_151.html HTTP/1.0" 200 78925 "-" "Mozilla/5.0 (compatible; AhrefsBot/7.0; +http://ahrefs.com/robot/)"
17.121.112.160 - - [06/Oct/2021:11:09:41 +0200] "GET /images/mini_prod/3560600248556.jpg HTTP/1.0" 200 269 "-" "Mozilla/5.0 (Macintosh; Intel Mac OS X 10_15_5) AppleWebKit/605.1.15 (KHTML, like Gecko) Version/13.1.1 Safari/605.1.15 (Applebot/0.1; +http://www.apple.com/go/applebot)"
185.191.171.24 - - [06/Oct/2021:11:09:43 +0200] "GET /calendar-workbook-organizer-c-129_189.html HTTP/1.0" 200 91261 "-" "Mozilla/5.0 (compatible; SemrushBot/7~bl; +http://www.semrush.com/bot.html)"
192.99.6.226 - - [06/Oct/2021:11:09:53 +0200] "GET /winnie-the-pooh-coloring-pencil-set-p-10047.html HTTP/1.0" 301 70652 "-" "Mozilla/5.0 (compatible; MJ12bot/v1.4.8; http://mj12bot.com/)"
185.191.171.14 - - [06/Oct/2021:11:09:55 +0200] "GET /cats-mini-melamine-tray-p-45138.html HTTP/1.0" 200 73153 "-" "Mozilla/5.0 (compatible; SemrushBot/7~bl; +http://www.semrush.com/bot.html)"
185.191.171.12 - - [06/Oct/2021:11:10:03 +0200] "GET /phone-cover-for-iphone-cbkreation-p-14050.html HTTP/1.0" 301 70637 "-" "Mozilla/5.0 (compatible; SemrushBot/7~bl; +http://www.semrush.com/bot.html)"
185.191.171.1 - - [06/Oct/2021:11:10:07 +0200] "GET /phone-cover-iphone-cbkreation-p-14050.html HTTP/1.0" 200 70541 "-" "Mozilla/5.0 (compatible; SemrushBot/7~bl; +http://www.semrush.com/bot.html)"
192.99.6.226 - - [06/Oct/2021:11:10:08 +0200] "GET /winnie-pooh-coloring-pencil-p-10047.html HTTP/1.0" 200 70558 "-" "Mozilla/5.0 (compatible; MJ12bot/v1.4.8; http://mj12bot.com/)"
192.99.6.226 - - [06/Oct/2021:11:10:27 +0200] "GET /winnie-the-pooh-disney-birthday-3d-card-with-envelope-p-34440.html HTTP/1.0" 301 70775 "-" "Mozilla/5.0 (compatible; MJ12bot/v1.4.8; http://mj12bot.com/)"
185.191.171.9 - - [06/Oct/2021:11:10:29 +0200] "GET /pepsi-metal-plate-70-50-cm-p-40289.html HTTP/1.0" 301 73277 "-" "Mozilla/5.0 (compatible; SemrushBot/7~bl; +http://www.semrush.com/bot.html)"
185.191.171.13 - - [06/Oct/2021:11:10:31 +0200] "GET /pepsi-metal-plate-p-40289.html HTTP/1.0" 200 73193 "-" "Mozilla/5.0 (compatible; SemrushBot/7~bl; +http://www.semrush.com/bot.html)"
114.119.128.34 - - [06/Oct/2021:11:10:45 +0200] "GET /bamboo-fiber-plant-cover-p-54404.html HTTP/1.0" 200 73689 "-" "Mozilla/5.0 (Linux; Android 7.0;) AppleWebKit/537.36 (KHTML, like Gecko) Mobile Safari/537.36 (compatible; PetalBot;+https://webmaster.petalsearch.com/site/petalbot)"
192.99.6.226 - - [06/Oct/2021:11:10:54 +0200] "GET /winnie-pooh-disney-birthday-card-with-envelope-p-34440.html HTTP/1.0" 200 70662 "-" "Mozilla/5.0 (compatible; MJ12bot/v1.4.8; http://mj12bot.com/)"
216.244.66.242 - - [06/Oct/2021:11:10:57 +0200] "GET /cushion-cherry-pits-p-46531.html HTTP/1.0" 200 73093 "-" "Mozilla/5.0 (compatible; DotBot/1.2; +https://opensiteexplorer.org/dotbot; help@moz.com)"
216.244.66.242 - - [06/Oct/2021:11:11:06 +0200] "GET /jasmin-pencil-case-p-31570.html HTTP/1.0" 200 73129 "-" "Mozilla/5.0 (compatible; DotBot/1.2; +https://opensiteexplorer.org/dotbot; help@moz.com)"
216.244.66.242 - - [06/Oct/2021:11:11:11 +0200] "GET /lyon-black-shirt-p-31275.html HTTP/1.0" 200 74982 "-" "Mozilla/5.0 (compatible; DotBot/1.2; +https://opensiteexplorer.org/dotbot; help@moz.com)"
185.191.171.17 - - [06/Oct/2021:11:11:17 +0200] "GET /lavander-bath-soap-dish-p-51392.html?action=add_product HTTP/1.0" 302 476 "-" "Mozilla/5.0 (compatible; SemrushBot/7~bl; +http://www.semrush.com/bot.html)"
216.244.66.242 - - [06/Oct/2021:11:11:18 +0200] "GET /meilleur-coasters-p-50289.html HTTP/1.0" 200 73037 "-" "Mozilla/5.0 (compatible; DotBot/1.2; +https://opensiteexplorer.org/dotbot; help@moz.com)"
54.36.148.255 - - [06/Oct/2021:11:11:20 +0200] "GET /geishas-cushion-p-23254.html HTTP/1.0" 301 70585 "-" "Mozilla/5.0 (compatible; AhrefsBot/7.0; +http://ahrefs.com/robot/)"
216.244.66.242 - - [06/Oct/2021:11:11:23 +0200] "GET /rectangular-clock-quote-p-42933.html HTTP/1.0" 200 73133 "-" "Mozilla/5.0 (compatible; DotBot/1.2; +https://opensiteexplorer.org/dotbot; help@moz.com)"
192.99.6.226 - - [06/Oct/2021:11:11:25 +0200] "GET /winnie-the-pooh-figure-collection-p-20179.html HTTP/1.0" 301 70487 "-" "Mozilla/5.0 (compatible; MJ12bot/v1.4.8; http://mj12bot.com/)"
185.191.171.4 - - [06/Oct/2021:11:11:28 +0200] "GET /money-boxes-c-13_83.html?page=7 HTTP/1.0" 200 93859 "-" "Mozilla/5.0 (compatible; SemrushBot/7~bl; +http://www.semrush.com/bot.html)"
185.191.171.45 - - [06/Oct/2021:11:11:38 +0200] "GET /robots.txt HTTP/1.0" 200 245 "-" "Mozilla/5.0 (compatible; SemrushBot/7~bl; +http://www.semrush.com/bot.html)"
185.191.171.43 - - [06/Oct/2021:11:11:38 +0200] "GET /wooden-wall-decoration-60-20-cm-tahitian-theme-p-44040.html HTTP/1.0" 301 70487 "-" "Mozilla/5.0 (compatible; SemrushBot/7~bl; +http://www.semrush.com/bot.html)"
185.191.171.13 - - [06/Oct/2021:11:11:40 +0200] "GET /-p-44040.html HTTP/1.0" 200 70420 "-" "Mozilla/5.0 (compatible; SemrushBot/7~bl; +http://www.semrush.com/bot.html)"
192.99.6.226 - - [06/Oct/2021:11:11:42 +0200] "GET /-p-20179.html HTTP/1.0" 200 70420 "-" "Mozilla/5.0 (compatible; MJ12bot/v1.4.8; http://mj12bot.com/)"
192.99.6.226 - - [06/Oct/2021:11:11:50 +0200] "GET /winnie-the-pooh-figure-collection-p-20743.html HTTP/1.0" 301 70487 "-" "Mozilla/5.0 (compatible; MJ12bot/v1.4.8; http://mj12bot.com/)"
192.99.6.226 - - [06/Oct/2021:11:12:03 +0200] "GET /-p-20743.html HTTP/1.0" 200 70420 "-" "Mozilla/5.0 (compatible; MJ12bot/v1.4.8; http://mj12bot.com/)"
54.36.148.152 - - [06/Oct/2021:11:12:09 +0200] "GET /cushions-c-11_71.html HTTP/1.0" 200 90757 "-" "Mozilla/5.0 (compatible; AhrefsBot/7.0; +http://ahrefs.com/robot/)"
192.99.6.226 - - [06/Oct/2021:11:12:27 +0200] "GET /winnie-the-pooh-glass-clock-p-33738.html HTTP/1.0" 301 70487 "-" "Mozilla/5.0 (compatible; MJ12bot/v1.4.8; http://mj12bot.com/)"
157.55.39.68 - - [06/Oct/2021:11:12:54 +0200] "GET /images/8455297513634.jpg HTTP/1.0" 200 259 "-" "Mozilla/5.0 (compatible; bingbot/2.0; +http://www.bing.com/bingbot.htm)"
192.99.6.226 - - [06/Oct/2021:11:12:54 +0200] "GET /-p-33738.html HTTP/1.0" 200 70420 "-" "Mozilla/5.0 (compatible; MJ12bot/v1.4.8; http://mj12bot.com/)"
192.99.6.226 - - [06/Oct/2021:11:13:19 +0200] "GET /winnie-the-pooh-gripper-socks-15-18-p-25183.html HTTP/1.0" 301 70487 "-" "Mozilla/5.0 (compatible; MJ12bot/v1.4.8; http://mj12bot.com/)"
192.99.6.226 - - [06/Oct/2021:11:13:40 +0200] "GET /-p-25183.html HTTP/1.0" 200 70420 "-" "Mozilla/5.0 (compatible; MJ12bot/v1.4.8; http://mj12bot.com/)"
159.138.102.98 - - [06/Oct/2021:11:14:00 +0200] "GET /images/big_prod/3700572739496.jpg HTTP/1.0" 200 268 "-" "Mozilla/5.0 (Linux; Android 7.0;) AppleWebKit/537.36 (KHTML, like Gecko) Mobile Safari/537.36 (compatible; PetalBot;+https://webmaster.petalsearch.com/site/petalbot)"
185.191.171.41 - - [06/Oct/2021:11:14:03 +0200] "GET /gold-black-elephant-head-table-lamp-p-54688.html?action=add_product HTTP/1.0" 302 476 "-" "Mozilla/5.0 (compatible; SemrushBot/7~bl; +http://www.semrush.com/bot.html)"
192.99.6.226 - - [06/Oct/2021:11:14:08 +0200] "GET /winnie-the-pooh-gripper-socks-19-22-p-25184.html HTTP/1.0" 301 70487 "-" "Mozilla/5.0 (compatible; MJ12bot/v1.4.8; http://mj12bot.com/)"
54.36.148.180 - - [06/Oct/2021:11:14:23 +0200] "GET /water-outdoor-games-c-4_143.html HTTP/1.0" 200 92155 "-" "Mozilla/5.0 (compatible; AhrefsBot/7.0; +http://ahrefs.com/robot/)"
192.99.6.226 - - [06/Oct/2021:11:14:29 +0200] "GET /-p-25184.html HTTP/1.0" 200 70420 "-" "Mozilla/5.0 (compatible; MJ12bot/v1.4.8; http://mj12bot.com/)"
216.244.66.242 - - [06/Oct/2021:11:14:34 +0200] "GET /gorjuss-ladybird-hush-little-bunny-glasses-p-34720.html HTTP/1.0" 200 73318 "-" "Mozilla/5.0 (compatible; DotBot/1.2; +https://opensiteexplorer.org/dotbot; help@moz.com)"
17.121.113.188 - - [06/Oct/2021:11:14:39 +0200] "GET /images/big_prod/3453131135511B.jpg HTTP/1.0" 200 269 "-" "Mozilla/5.0 (Macintosh; Intel Mac OS X 10_15_5) AppleWebKit/605.1.15 (KHTML, like Gecko) Version/13.1.1 Safari/605.1.15 (Applebot/0.1; +http://www.apple.com/go/applebot)"
216.244.66.242 - - [06/Oct/2021:11:14:42 +0200] "GET /white-mustache-square-coasters-cbkreation-p-16700.html HTTP/1.0" 200 73370 "-" "Mozilla/5.0 (compatible; DotBot/1.2; +https://opensiteexplorer.org/dotbot; help@moz.com)"
192.99.6.226 - - [06/Oct/2021:11:14:47 +0200] "GET /winnie-the-pooh-honey-pot-lunch-bag-p-15990.html HTTP/1.0" 301 70487 "-" "Mozilla/5.0 (compatible; MJ12bot/v1.4.8; http://mj12bot.com/)"
66.249.64.83 - - [06/Oct/2021:11:14:57 +0200] "GET /bugs-bunny-power-coin-purse-p-5533.html HTTP/1.0" 200 70516 "-" "Mozilla/5.0 (Linux; Android 6.0.1; Nexus 5X Build/MMB29P) AppleWebKit/537.36 (KHTML, like Gecko) Chrome/94.0.4606.61 Mobile Safari/537.36 (compatible; Googlebot/2.1; +http://www.google.com/bot.html)"
192.99.6.226 - - [06/Oct/2021:11:15:05 +0200] "GET /-p-15990.html HTTP/1.0" 200 70420 "-" "Mozilla/5.0 (compatible; MJ12bot/v1.4.8; http://mj12bot.com/)"
5.255.253.134 - - [06/Oct/2021:11:15:13 +0200] "GET /images/big_prod/1020322287896.jpg HTTP/1.0" 200 268 "-" "Mozilla/5.0 (compatible; YandexImages/3.0; +http://yandex.com/bots)"
185.191.171.12 - - [06/Oct/2021:11:15:26 +0200] "GET /bamboo-tray-bird-p-56085.html?action=add_product HTTP/1.0" 302 476 "-" "Mozilla/5.0 (compatible; SemrushBot/7~bl; +http://www.semrush.com/bot.html)"
192.99.6.226 - - [06/Oct/2021:11:15:34 +0200] "GET /winnie-the-pooh-jewelry-box-p-32415.html HTTP/1.0" 301 70487 "-" "Mozilla/5.0 (compatible; MJ12bot/v1.4.8; http://mj12bot.com/)"
192.99.6.226 - - [06/Oct/2021:11:15:54 +0200] "GET /-p-32415.html HTTP/1.0" 200 70420 "-" "Mozilla/5.0 (compatible; MJ12bot/v1.4.8; http://mj12bot.com/)"
66.249.64.84 - - [06/Oct/2021:11:16:00 +0200] "GET /marshall-vertical-p-26538.html HTTP/1.0" 200 70492 "-" "Mozilla/5.0 (Linux; Android 6.0.1; Nexus 5X Build/MMB29P) AppleWebKit/537.36 (KHTML, like Gecko) Chrome/94.0.4606.61 Mobile Safari/537.36 (compatible; Googlebot/2.1; +http://www.google.com/bot.html)"
185.191.171.40 - - [06/Oct/2021:11:16:02 +0200] "GET /cupcakes-rectangulary-cushion-by-cbkreation-p-17365.html HTTP/1.0" 301 70487 "-" "Mozilla/5.0 (compatible; SemrushBot/7~bl; +http://www.semrush.com/bot.html)"
185.191.171.4 - - [06/Oct/2021:11:16:03 +0200] "GET /-p-17365.html HTTP/1.0" 200 70420 "-" "Mozilla/5.0 (compatible; SemrushBot/7~bl; +http://www.semrush.com/bot.html)"
185.191.171.21 - - [06/Oct/2021:11:16:08 +0200] "GET /pedestal-stool-elephant-ethnic-wooden-p-46419.html?action=add_product HTTP/1.0" 302 476 "-" "Mozilla/5.0 (compatible; SemrushBot/7~bl; +http://www.semrush.com/bot.html)"
192.99.6.226 - - [06/Oct/2021:11:16:20 +0200] "GET /winnie-the-pooh-large-metal-box-p-26700.html HTTP/1.0" 301 70622 "-" "Mozilla/5.0 (compatible; MJ12bot/v1.4.8; http://mj12bot.com/)"
54.36.148.138 - - [06/Oct/2021:11:16:35 +0200] "GET /frozen-disney-money-box-p-34090.html HTTP/1.0" 301 70487 "-" "Mozilla/5.0 (compatible; AhrefsBot/7.0; +http://ahrefs.com/robot/)"
192.99.6.226 - - [06/Oct/2021:11:16:42 +0200] "GET /winnie-pooh-large-metal-p-26700.html HTTP/1.0" 200 70532 "-" "Mozilla/5.0 (compatible; MJ12bot/v1.4.8; http://mj12bot.com/)"
54.36.148.16 - - [06/Oct/2021:11:16:48 +0200] "GET /mini-trays-c-12_159_260.html HTTP/1.0" 200 92470 "-" "Mozilla/5.0 (compatible; AhrefsBot/7.0; +http://ahrefs.com/robot/)"
192.99.6.226 - - [06/Oct/2021:11:17:00 +0200] "GET /winnie-the-pooh-letter-figure-p-8554.html HTTP/1.0" 301 70484 "-" "Mozilla/5.0 (compatible; MJ12bot/v1.4.8; http://mj12bot.com/)"
40.77.167.65 - - [06/Oct/2021:11:17:04 +0200] "GET /images/4007176129005.jpg HTTP/1.0" 200 259 "-" "Mozilla/5.0 (compatible; bingbot/2.0; +http://www.bing.com/bingbot.htm)"
192.99.6.226 - - [06/Oct/2021:11:17:14 +0200] "GET /-p-8554.html HTTP/1.0" 200 70418 "-" "Mozilla/5.0 (compatible; MJ12bot/v1.4.8; http://mj12bot.com/)"
114.119.128.37 - - [06/Oct/2021:11:17:15 +0200] "GET /images/big_prod/5415203966940.jpg HTTP/1.0" 200 268 "-" "Mozilla/5.0 (Linux; Android 7.0;) AppleWebKit/537.36 (KHTML, like Gecko) Mobile Safari/537.36 (compatible; PetalBot;+https://webmaster.petalsearch.com/site/petalbot)"
185.191.171.17 - - [06/Oct/2021:11:17:33 +0200] "GET /decorative-wooden-plate-princesse-p-49987.html?action=add_product HTTP/1.0" 302 476 "-" "Mozilla/5.0 (compatible; SemrushBot/7~bl; +http://www.semrush.com/bot.html)"
192.99.6.226 - - [06/Oct/2021:11:17:35 +0200] "GET /winnie-the-pooh-light-garland-p-22497.html HTTP/1.0" 301 70610 "-" "Mozilla/5.0 (compatible; MJ12bot/v1.4.8; http://mj12bot.com/)"
17.121.115.148 - - [06/Oct/2021:11:17:36 +0200] "GET /images/big_prod_1/b8717202551453.jpg HTTP/1.0" 200 271 "-" "Mozilla/5.0 (Macintosh; Intel Mac OS X 10_15_5) AppleWebKit/605.1.15 (KHTML, like Gecko) Version/13.1.1 Safari/605.1.15 (Applebot/0.1; +http://www.apple.com/go/applebot)"
192.99.6.226 - - [06/Oct/2021:11:17:57 +0200] "GET /winnie-pooh-light-garland-p-22497.html HTTP/1.0" 200 70518 "-" "Mozilla/5.0 (compatible; MJ12bot/v1.4.8; http://mj12bot.com/)"
192.99.6.226 - - [06/Oct/2021:11:18:26 +0200] "GET /winnie-the-pooh-long-sleeve-hooded-jacket-p-32560.html HTTP/1.0" 301 70712 "-" "Mozilla/5.0 (compatible; MJ12bot/v1.4.8; http://mj12bot.com/)"
185.191.171.33 - - [06/Oct/2021:11:18:31 +0200] "GET /carpet-p-52857.html?action=add_product HTTP/1.0" 302 476 "-" "Mozilla/5.0 (compatible; SemrushBot/7~bl; +http://www.semrush.com/bot.html)"
192.99.6.226 - - [06/Oct/2021:11:18:42 +0200] "GET /winnie-pooh-long-sleeve-hooded-jacket-p-32560.html HTTP/1.0" 200 70608 "-" "Mozilla/5.0 (compatible; MJ12bot/v1.4.8; http://mj12bot.com/)"
192.99.6.226 - - [06/Oct/2021:11:19:02 +0200] "GET /winnie-the-pooh-long-sleeve-hooded-jacket-p-32561.html HTTP/1.0" 301 70712 "-" "Mozilla/5.0 (compatible; MJ12bot/v1.4.8; http://mj12bot.com/)"
54.36.149.58 - - [06/Oct/2021:11:19:07 +0200] "GET / HTTP/1.0" 200 150233 "-" "Mozilla/5.0 (compatible; AhrefsBot/7.0; +http://ahrefs.com/robot/)"
34.231.151.19 - - [06/Oct/2021:11:19:10 +0200] "GET /images/mini_prod/5036278052262.jpg HTTP/1.0" 200 269 "-" "Mozilla/5.0 (X11; Ubuntu; Linux x86_64; rv:72.0) Gecko/20100101 Firefox/72.0"
192.99.6.226 - - [06/Oct/2021:11:19:21 +0200] "GET /winnie-pooh-long-sleeve-hooded-jacket-p-32561.html HTTP/1.0" 200 70608 "-" "Mozilla/5.0 (compatible; MJ12bot/v1.4.8; http://mj12bot.com/)"
192.99.6.226 - - [06/Oct/2021:11:19:36 +0200] "GET /winnie-the-pooh-lunch-box-p-17146.html HTTP/1.0" 301 70487 "-" "Mozilla/5.0 (compatible; MJ12bot/v1.4.8; http://mj12bot.com/)"
185.191.171.37 - - [06/Oct/2021:11:19:46 +0200] "GET /paris-mini-p-34928.html?action=add_product HTTP/1.0" 302 476 "-" "Mozilla/5.0 (compatible; SemrushBot/7~bl; +http://www.semrush.com/bot.html)"
192.99.6.226 - - [06/Oct/2021:11:20:00 +0200] "GET /-p-17146.html HTTP/1.0" 200 70420 "-" "Mozilla/5.0 (compatible; MJ12bot/v1.4.8; http://mj12bot.com/)"
192.99.6.226 - - [06/Oct/2021:11:20:27 +0200] "GET /winnie-the-pooh-lunch-box-p-18796.html HTTP/1.0" 301 70578 "-" "Mozilla/5.0 (compatible; MJ12bot/v1.4.8; http://mj12bot.com/)"
114.119.128.253 - - [06/Oct/2021:11:20:30 +0200] "GET /paris-p-38511.html HTTP/1.0" 200 72942 "-" "Mozilla/5.0 (Linux; Android 7.0;) AppleWebKit/537.36 (KHTML, like Gecko) Mobile Safari/537.36 (compatible; PetalBot;+https://webmaster.petalsearch.com/site/petalbot)"
185.191.171.8 - - [06/Oct/2021:11:20:54 +0200] "GET /dishes-c-13_12.html?page=16 HTTP/1.0" 200 91685 "-" "Mozilla/5.0 (compatible; SemrushBot/7~bl; +http://www.semrush.com/bot.html)"
185.191.171.33 - - [06/Oct/2021:11:20:56 +0200] "GET /square-coasters-cupcakes-cbkreation-p-17348.html?action=add_product HTTP/1.0" 302 476 "-" "Mozilla/5.0 (compatible; SemrushBot/7~bl; +http://www.semrush.com/bot.html)"
192.99.6.226 - - [06/Oct/2021:11:20:57 +0200] "GET /winnie-pooh-lunch-p-18796.html HTTP/1.0" 200 70494 "-" "Mozilla/5.0 (compatible; MJ12bot/v1.4.8; http://mj12bot.com/)"
192.99.6.226 - - [06/Oct/2021:11:21:23 +0200] "GET /winnie-the-pooh-melamine-bowl-p-20352.html HTTP/1.0" 301 70640 "-" "Mozilla/5.0 (compatible; MJ12bot/v1.4.8; http://mj12bot.com/)"
54.36.148.38 - - [06/Oct/2021:11:21:24 +0200] "GET /small-baby-teeth-small-mouse-p-49165.html HTTP/1.0" 200 73294 "-" "Mozilla/5.0 (compatible; AhrefsBot/7.0; +http://ahrefs.com/robot/)"
192.99.6.226 - - [06/Oct/2021:11:21:47 +0200] "GET /winnie-pooh-melamine-bowl-p-20352.html HTTP/1.0" 200 70548 "-" "Mozilla/5.0 (compatible; MJ12bot/v1.4.8; http://mj12bot.com/)"
185.191.171.44 - - [06/Oct/2021:11:21:56 +0200] "GET /plush-money-bank-for-children-the-dog-p-37213.html HTTP/1.0" 301 70487 "-" "Mozilla/5.0 (compatible; SemrushBot/7~bl; +http://www.semrush.com/bot.html)"
185.191.171.14 - - [06/Oct/2021:11:21:59 +0200] "GET /-p-37213.html HTTP/1.0" 200 70420 "-" "Mozilla/5.0 (compatible; SemrushBot/7~bl; +http://www.semrush.com/bot.html)"
147.92.153.20 - - [06/Oct/2021:11:22:02 +0200] "GET /images/big_prod/1328399299980.jpg HTTP/1.0" 200 268 "-" "Mozilla/5.0 (compatible; Linespider/1.1; +https://lin.ee/4dwXkTH)"
192.99.6.226 - - [06/Oct/2021:11:22:13 +0200] "GET /winnie-the-pooh-melamine-dinner-box-p-17169.html HTTP/1.0" 301 70487 "-" "Mozilla/5.0 (compatible; MJ12bot/v1.4.8; http://mj12bot.com/)"
54.36.148.39 - - [06/Oct/2021:11:22:17 +0200] "GET /minnie-mouse-photo-frame-collection-p-23163.html HTTP/1.0" 301 70487 "-" "Mozilla/5.0 (compatible; AhrefsBot/7.0; +http://ahrefs.com/robot/)"
185.191.171.16 - - [06/Oct/2021:11:22:35 +0200] "GET /japan-keyring-cbkreation-p-43241.html HTTP/1.0" 200 73140 "-" "Mozilla/5.0 (compatible; SemrushBot/7~bl; +http://www.semrush.com/bot.html)"
192.99.6.226 - - [06/Oct/2021:11:22:38 +0200] "GET /-p-17169.html HTTP/1.0" 200 70420 "-" "Mozilla/5.0 (compatible; MJ12bot/v1.4.8; http://mj12bot.com/)"
192.99.6.226 - - [06/Oct/2021:11:23:00 +0200] "GET /winnie-the-pooh-melamine-mug-p-20353.html HTTP/1.0" 301 70487 "-" "Mozilla/5.0 (compatible; MJ12bot/v1.4.8; http://mj12bot.com/)"
192.99.6.226 - - [06/Oct/2021:11:23:18 +0200] "GET /-p-20353.html HTTP/1.0" 200 70420 "-" "Mozilla/5.0 (compatible; MJ12bot/v1.4.8; http://mj12bot.com/)"
192.99.6.226 - - [06/Oct/2021:11:23:36 +0200] "GET /winnie-the-pooh-metal-box-p-18241.html HTTP/1.0" 301 70604 "-" "Mozilla/5.0 (compatible; MJ12bot/v1.4.8; http://mj12bot.com/)"
54.36.149.106 - - [06/Oct/2021:11:23:37 +0200] "GET /freshener-heart-home-intense-p-40600.html HTTP/1.0" 200 73398 "-" "Mozilla/5.0 (compatible; AhrefsBot/7.0; +http://ahrefs.com/robot/)"
192.99.6.226 - - [06/Oct/2021:11:23:48 +0200] "GET /winnie-pooh-metal-p-18241.html HTTP/1.0" 200 70520 "-" "Mozilla/5.0 (compatible; MJ12bot/v1.4.8; http://mj12bot.com/)"
51.68.224.127 - - [06/Oct/2021:11:23:58 +0200] "GET /adminweb/export_orders_xml.php?token=256de2z6edz6ed2z6DFSFsed2zed6zeDSFDSGdzedezfzf&maxorders=10&orderstart=1&status=14&start_date=2018-10-01 HTTP/1.0" 200 285 "-" "GesCom CharlotteBoutik Serveur"
51.68.224.127 - - [06/Oct/2021:11:23:58 +0200] "GET /adminweb/export_orders_xml.php?token=256de2z6edz6ed2z6DFSFsed2zed6zeDSFDSGdzedezfzf&maxorders=10&orderstart=1&status=6&start_date=2018-10-01 HTTP/1.0" 200 32573 "-" "GesCom CharlotteBoutik Serveur"
192.99.6.226 - - [06/Oct/2021:11:24:02 +0200] "GET /winnie-the-pooh-mini-silicone-pan-p-17924.html HTTP/1.0" 301 73295 "-" "Mozilla/5.0 (compatible; MJ12bot/v1.4.8; http://mj12bot.com/)"
