144.76.118.82 - - [06/Oct/2021:09:51:31 +0200] "GET /teo-jasmin-large-cabas-jasmine-p-44160.html HTTP/1.0" 301 70619 "-" "Mozilla/5.0 (compatible; MJ12bot/v1.4.8; http://mj12bot.com/)"
144.76.118.82 - - [06/Oct/2021:09:51:37 +0200] "GET /jasmin-large-cabas-jasmine-p-44160.html HTTP/1.0" 200 70526 "-" "Mozilla/5.0 (compatible; MJ12bot/v1.4.8; http://mj12bot.com/)"
144.76.118.82 - - [06/Oct/2021:09:51:42 +0200] "GET /teo-jasmin-large-make-up-pouch-p-44219.html HTTP/1.0" 301 70606 "-" "Mozilla/5.0 (compatible; MJ12bot/v1.4.8; http://mj12bot.com/)"
144.76.118.82 - - [06/Oct/2021:09:51:48 +0200] "GET /jasmin-large-make-pouch-p-44219.html HTTP/1.0" 200 70516 "-" "Mozilla/5.0 (compatible; MJ12bot/v1.4.8; http://mj12bot.com/)"
144.76.118.82 - - [06/Oct/2021:09:51:52 +0200] "GET /teo-jasmin-make-up-kit-nikko-p-44220.html HTTP/1.0" 301 70595 "-" "Mozilla/5.0 (compatible; MJ12bot/v1.4.8; http://mj12bot.com/)"
144.76.118.82 - - [06/Oct/2021:09:51:56 +0200] "GET /jasmin-make-nikko-p-44220.html HTTP/1.0" 200 70511 "-" "Mozilla/5.0 (compatible; MJ12bot/v1.4.8; http://mj12bot.com/)"
185.191.171.45 - - [06/Oct/2021:09:51:57 +0200] "GET /tetsubin-bleu-teapot-japanese-08-liter-p-41376.html HTTP/1.0" 301 73493 "-" "Mozilla/5.0 (compatible; SemrushBot/7~bl; +http://www.semrush.com/bot.html)"
185.191.171.10 - - [06/Oct/2021:09:51:59 +0200] "GET /tetsubin-bleu-teapot-japanese-liter-p-41376.html HTTP/1.0" 200 73391 "-" "Mozilla/5.0 (compatible; SemrushBot/7~bl; +http://www.semrush.com/bot.html)"
144.76.118.82 - - [06/Oct/2021:09:52:03 +0200] "GET /teo-jasmin-make-up-kit-teo-nova-p-43162.html HTTP/1.0" 301 73314 "-" "Mozilla/5.0 (compatible; MJ12bot/v1.4.8; http://mj12bot.com/)"
144.76.118.82 - - [06/Oct/2021:09:52:08 +0200] "GET /jasmin-make-nova-p-43162.html HTTP/1.0" 200 73231 "-" "Mozilla/5.0 (compatible; MJ12bot/v1.4.8; http://mj12bot.com/)"
144.76.118.82 - - [06/Oct/2021:09:52:13 +0200] "GET /teo-jasmin-make-up-pouch-nikko-p-44221.html HTTP/1.0" 301 73962 "-" "Mozilla/5.0 (compatible; MJ12bot/v1.4.8; http://mj12bot.com/)"
185.191.171.26 - - [06/Oct/2021:09:52:17 +0200] "GET /little-buddha-notebook-p-53279.html?action=add_product HTTP/1.0" 302 476 "-" "Mozilla/5.0 (compatible; SemrushBot/7~bl; +http://www.semrush.com/bot.html)"
144.76.118.82 - - [06/Oct/2021:09:52:17 +0200] "GET /jasmin-make-pouch-nikko-p-44221.html HTTP/1.0" 200 73872 "-" "Mozilla/5.0 (compatible; MJ12bot/v1.4.8; http://mj12bot.com/)"
144.76.118.82 - - [06/Oct/2021:09:52:21 +0200] "GET /teo-jasmin-make-up-pouch-p-44218.html HTTP/1.0" 301 70601 "-" "Mozilla/5.0 (compatible; MJ12bot/v1.4.8; http://mj12bot.com/)"
144.76.118.82 - - [06/Oct/2021:09:52:26 +0200] "GET /jasmin-make-pouch-p-44218.html HTTP/1.0" 200 70517 "-" "Mozilla/5.0 (compatible; MJ12bot/v1.4.8; http://mj12bot.com/)"
144.76.118.82 - - [06/Oct/2021:09:52:30 +0200] "GET /teo-jasmin-make-up-pouch-p-44799.html HTTP/1.0" 301 70601 "-" "Mozilla/5.0 (compatible; MJ12bot/v1.4.8; http://mj12bot.com/)"
144.76.118.82 - - [06/Oct/2021:09:52:34 +0200] "GET /jasmin-make-pouch-p-44799.html HTTP/1.0" 200 70517 "-" "Mozilla/5.0 (compatible; MJ12bot/v1.4.8; http://mj12bot.com/)"
144.76.118.82 - - [06/Oct/2021:09:52:39 +0200] "GET /teo-jasmin-medium-cabas-p-44167.html HTTP/1.0" 301 70604 "-" "Mozilla/5.0 (compatible; MJ12bot/v1.4.8; http://mj12bot.com/)"
144.76.118.82 - - [06/Oct/2021:09:52:42 +0200] "GET /jasmin-medium-cabas-p-44167.html HTTP/1.0" 200 70518 "-" "Mozilla/5.0 (compatible; MJ12bot/v1.4.8; http://mj12bot.com/)"
144.76.118.82 - - [06/Oct/2021:09:52:47 +0200] "GET /teo-jasmin-orange-salad-bowl-p-28937.html HTTP/1.0" 301 70487 "-" "Mozilla/5.0 (compatible; MJ12bot/v1.4.8; http://mj12bot.com/)"
144.76.118.82 - - [06/Oct/2021:09:52:51 +0200] "GET /-p-28937.html HTTP/1.0" 200 70420 "-" "Mozilla/5.0 (compatible; MJ12bot/v1.4.8; http://mj12bot.com/)"
144.76.118.82 - - [06/Oct/2021:09:52:56 +0200] "GET /teo-jasmin-pencil-case-p-34538.html HTTP/1.0" 301 70598 "-" "Mozilla/5.0 (compatible; MJ12bot/v1.4.8; http://mj12bot.com/)"
54.36.148.246 - - [06/Oct/2021:09:52:57 +0200] "GET /dresses-skirts-c-1_19.html HTTP/1.0" 200 79247 "-" "Mozilla/5.0 (compatible; AhrefsBot/7.0; +http://ahrefs.com/robot/)"
144.76.118.82 - - [06/Oct/2021:09:53:00 +0200] "GET /jasmin-pencil-case-p-34538.html HTTP/1.0" 200 70513 "-" "Mozilla/5.0 (compatible; MJ12bot/v1.4.8; http://mj12bot.com/)"
144.76.118.82 - - [06/Oct/2021:09:53:06 +0200] "GET /teo-jasmin-playa-beach-towel-p-35019.html HTTP/1.0" 301 70487 "-" "Mozilla/5.0 (compatible; MJ12bot/v1.4.8; http://mj12bot.com/)"
144.76.118.82 - - [06/Oct/2021:09:53:09 +0200] "GET /-p-35019.html HTTP/1.0" 200 70420 "-" "Mozilla/5.0 (compatible; MJ12bot/v1.4.8; http://mj12bot.com/)"
144.76.118.82 - - [06/Oct/2021:09:53:14 +0200] "GET /teo-jasmin-purse-teo-artiste-p-39136.html HTTP/1.0" 301 70628 "-" "Mozilla/5.0 (compatible; MJ12bot/v1.4.8; http://mj12bot.com/)"
144.76.118.82 - - [06/Oct/2021:09:53:18 +0200] "GET /jasmin-purse-artiste-p-39136.html HTTP/1.0" 200 70541 "-" "Mozilla/5.0 (compatible; MJ12bot/v1.4.8; http://mj12bot.com/)"
144.76.118.82 - - [06/Oct/2021:09:53:24 +0200] "GET /teo-jasmin-purse-teo-rockabilly-p-39134.html HTTP/1.0" 301 70646 "-" "Mozilla/5.0 (compatible; MJ12bot/v1.4.8; http://mj12bot.com/)"
144.76.118.82 - - [06/Oct/2021:09:53:29 +0200] "GET /jasmin-purse-rockabilly-p-39134.html HTTP/1.0" 200 70556 "-" "Mozilla/5.0 (compatible; MJ12bot/v1.4.8; http://mj12bot.com/)"
144.76.118.82 - - [06/Oct/2021:09:53:34 +0200] "GET /teo-jasmin-small-cabas-artiste-p-39264.html HTTP/1.0" 301 70487 "-" "Mozilla/5.0 (compatible; MJ12bot/v1.4.8; http://mj12bot.com/)"
144.76.118.82 - - [06/Oct/2021:09:53:39 +0200] "GET /-p-39264.html HTTP/1.0" 200 70420 "-" "Mozilla/5.0 (compatible; MJ12bot/v1.4.8; http://mj12bot.com/)"
144.76.118.82 - - [06/Oct/2021:09:53:43 +0200] "GET /teo-jasmin-teo-liberty-companion-portfolio-p-39132.html HTTP/1.0" 301 70706 "-" "Mozilla/5.0 (compatible; MJ12bot/v1.4.8; http://mj12bot.com/)"
114.119.128.40 - - [06/Oct/2021:09:53:46 +0200] "GET /memory-bolster-p-47973.html HTTP/1.0" 200 73729 "-" "Mozilla/5.0 (Linux; Android 7.0;) AppleWebKit/537.36 (KHTML, like Gecko) Mobile Safari/537.36 (compatible; PetalBot;+https://webmaster.petalsearch.com/site/petalbot)"
144.76.118.82 - - [06/Oct/2021:09:53:47 +0200] "GET /jasmin-liberty-companion-portfolio-p-39132.html HTTP/1.0" 200 70605 "-" "Mozilla/5.0 (compatible; MJ12bot/v1.4.8; http://mj12bot.com/)"
207.46.13.54 - - [06/Oct/2021:09:53:47 +0200] "GET /images/mini_prod/1300000020794.jpg HTTP/1.0" 200 269 "-" "Mozilla/5.0 (compatible; bingbot/2.0; +http://www.bing.com/bingbot.htm)"
144.76.118.82 - - [06/Oct/2021:09:53:51 +0200] "GET /the-little-prince-cushion-45-cm-navy-blue-p-44201.html HTTP/1.0" 301 70487 "-" "Mozilla/5.0 (compatible; MJ12bot/v1.4.8; http://mj12bot.com/)"
144.76.118.82 - - [06/Oct/2021:09:53:56 +0200] "GET /-p-44201.html HTTP/1.0" 200 70420 "-" "Mozilla/5.0 (compatible; MJ12bot/v1.4.8; http://mj12bot.com/)"
144.76.118.82 - - [06/Oct/2021:09:54:00 +0200] "GET /the-little-prince-cushion-cherry-pits-p-53843.html HTTP/1.0" 301 73940 "-" "Mozilla/5.0 (compatible; MJ12bot/v1.4.8; http://mj12bot.com/)"
66.249.64.84 - - [06/Oct/2021:09:54:08 +0200] "GET /statuette-african-bust-p-48017.html HTTP/1.0" 200 73968 "-" "Mozilla/5.0 (Linux; Android 6.0.1; Nexus 5X Build/MMB29P) AppleWebKit/537.36 (KHTML, like Gecko) Chrome/94.0.4606.61 Mobile Safari/537.36 (compatible; Googlebot/2.1; +http://www.google.com/bot.html)"
144.76.118.82 - - [06/Oct/2021:09:54:08 +0200] "GET /little-prince-cushion-cherry-pits-p-53843.html HTTP/1.0" 200 73840 "-" "Mozilla/5.0 (compatible; MJ12bot/v1.4.8; http://mj12bot.com/)"
144.76.118.82 - - [06/Oct/2021:09:54:13 +0200] "GET /the-little-prince-cushion-cherry-pits-p-53844.html HTTP/1.0" 301 73311 "-" "Mozilla/5.0 (compatible; MJ12bot/v1.4.8; http://mj12bot.com/)"
144.76.118.82 - - [06/Oct/2021:09:54:18 +0200] "GET /little-prince-cushion-cherry-pits-p-53844.html HTTP/1.0" 200 73211 "-" "Mozilla/5.0 (compatible; MJ12bot/v1.4.8; http://mj12bot.com/)"
144.76.118.82 - - [06/Oct/2021:09:54:21 +0200] "GET /the-little-prince-of-saint-exupery-bowl-p-44840.html HTTP/1.0" 301 73250 "-" "Mozilla/5.0 (compatible; MJ12bot/v1.4.8; http://mj12bot.com/)"
144.76.118.82 - - [06/Oct/2021:09:54:26 +0200] "GET /little-prince-saint-exupery-bowl-p-44840.html HTTP/1.0" 200 73151 "-" "Mozilla/5.0 (compatible; MJ12bot/v1.4.8; http://mj12bot.com/)"
144.76.118.82 - - [06/Oct/2021:09:54:31 +0200] "GET /the-little-prince-of-saint-exupery-bowl-p-44841.html HTTP/1.0" 301 73249 "-" "Mozilla/5.0 (compatible; MJ12bot/v1.4.8; http://mj12bot.com/)"
144.76.118.82 - - [06/Oct/2021:09:54:37 +0200] "GET /little-prince-saint-exupery-bowl-p-44841.html HTTP/1.0" 200 73150 "-" "Mozilla/5.0 (compatible; MJ12bot/v1.4.8; http://mj12bot.com/)"
144.76.118.82 - - [06/Oct/2021:09:54:42 +0200] "GET /the-little-prince-of-saint-exupery-cookie-jar-p-44862.html HTTP/1.0" 301 73316 "-" "Mozilla/5.0 (compatible; MJ12bot/v1.4.8; http://mj12bot.com/)"
185.191.171.37 - - [06/Oct/2021:09:54:44 +0200] "GET /dubout-cats-pouch-p-32244.html HTTP/1.0" 200 73128 "-" "Mozilla/5.0 (compatible; SemrushBot/7~bl; +http://www.semrush.com/bot.html)"
144.76.118.82 - - [06/Oct/2021:09:54:47 +0200] "GET /little-prince-saint-exupery-cookie-p-44862.html HTTP/1.0" 200 73215 "-" "Mozilla/5.0 (compatible; MJ12bot/v1.4.8; http://mj12bot.com/)"
144.76.118.82 - - [06/Oct/2021:09:54:52 +0200] "GET /the-little-prince-of-saint-exupery-white-ceramic-mug-and-cup-p-44846.html HTTP/1.0" 301 73477 "-" "Mozilla/5.0 (compatible; MJ12bot/v1.4.8; http://mj12bot.com/)"
144.76.118.82 - - [06/Oct/2021:09:54:56 +0200] "GET /little-prince-saint-exupery-white-ceramic-p-44846.html HTTP/1.0" 200 73369 "-" "Mozilla/5.0 (compatible; MJ12bot/v1.4.8; http://mj12bot.com/)"
144.76.118.82 - - [06/Oct/2021:09:55:00 +0200] "GET /the-little-prince-tote-bag-p-47143.html HTTP/1.0" 301 73207 "-" "Mozilla/5.0 (compatible; MJ12bot/v1.4.8; http://mj12bot.com/)"
144.76.118.82 - - [06/Oct/2021:09:55:05 +0200] "GET /little-prince-tote-p-47143.html HTTP/1.0" 200 73122 "-" "Mozilla/5.0 (compatible; MJ12bot/v1.4.8; http://mj12bot.com/)"
144.76.118.82 - - [06/Oct/2021:09:55:11 +0200] "GET /tinkerbell-round-pencil-case-p-36277.html HTTP/1.0" 200 70558 "-" "Mozilla/5.0 (compatible; MJ12bot/v1.4.8; http://mj12bot.com/)"
144.76.118.82 - - [06/Oct/2021:09:55:16 +0200] "GET /toiletbrush-bamboo-p-53708.html HTTP/1.0" 200 73855 "-" "Mozilla/5.0 (compatible; MJ12bot/v1.4.8; http://mj12bot.com/)"
185.191.171.19 - - [06/Oct/2021:09:55:17 +0200] "GET /peas-russian-doll-small-cushion-by-cbkreation-p-18571.html HTTP/1.0" 301 70679 "-" "Mozilla/5.0 (compatible; SemrushBot/7~bl; +http://www.semrush.com/bot.html)"
185.191.171.8 - - [06/Oct/2021:09:55:19 +0200] "GET /peas-russian-doll-small-cushion-cbkreation-p-18571.html HTTP/1.0" 200 70570 "-" "Mozilla/5.0 (compatible; SemrushBot/7~bl; +http://www.semrush.com/bot.html)"
144.76.118.82 - - [06/Oct/2021:09:55:20 +0200] "GET /transportable-iridescent-glass-lamp-p-55142.html HTTP/1.0" 200 74396 "-" "Mozilla/5.0 (compatible; MJ12bot/v1.4.8; http://mj12bot.com/)"
17.121.115.86 - - [06/Oct/2021:09:55:24 +0200] "GET /images/mini_prod/191108_162759_PEEL_7pQvMT.jpg HTTP/1.0" 200 281 "-" "Mozilla/5.0 (Macintosh; Intel Mac OS X 10_15_5) AppleWebKit/605.1.15 (KHTML, like Gecko) Version/13.1.1 Safari/605.1.15 (Applebot/0.1; +http://www.apple.com/go/applebot)"
144.76.118.82 - - [06/Oct/2021:09:55:25 +0200] "GET /tray-in-raw-wood-40-24-cm-p-45091.html HTTP/1.0" 301 70558 "-" "Mozilla/5.0 (compatible; MJ12bot/v1.4.8; http://mj12bot.com/)"
54.36.148.243 - - [06/Oct/2021:09:55:28 +0200] "GET /mani-lucky-glasses-case-p-42406.html HTTP/1.0" 200 73786 "-" "Mozilla/5.0 (compatible; AhrefsBot/7.0; +http://ahrefs.com/robot/)"
144.76.118.82 - - [06/Oct/2021:09:55:29 +0200] "GET /tray-wood-p-45091.html HTTP/1.0" 200 70482 "-" "Mozilla/5.0 (compatible; MJ12bot/v1.4.8; http://mj12bot.com/)"
144.76.118.82 - - [06/Oct/2021:09:55:33 +0200] "GET /tray-wood-p-45091.html HTTP/1.0" 200 70482 "-" "Mozilla/5.0 (compatible; MJ12bot/v1.4.8; http://mj12bot.com/)"
40.77.167.77 - - [06/Oct/2021:09:55:36 +0200] "GET /jack-daniel-rectangular-mirror-p-37743.html HTTP/1.0" 200 70534 "-" "Mozilla/5.0 (compatible; bingbot/2.0; +http://www.bing.com/bingbot.htm)"
144.76.118.82 - - [06/Oct/2021:09:55:37 +0200] "GET /triangular-vintage-alarm-clock-gray-green-p-55136.html HTTP/1.0" 301 74374 "-" "Mozilla/5.0 (compatible; MJ12bot/v1.4.8; http://mj12bot.com/)"
54.36.148.41 - - [06/Oct/2021:09:55:40 +0200] "GET /cars-orange-swimsuit-p-30474.html HTTP/1.0" 301 70487 "-" "Mozilla/5.0 (compatible; AhrefsBot/7.0; +http://ahrefs.com/robot/)"
144.76.118.82 - - [06/Oct/2021:09:55:41 +0200] "GET /triangular-vintage-alarm-clock-green-grey-p-55136.html HTTP/1.0" 200 74266 "-" "Mozilla/5.0 (compatible; MJ12bot/v1.4.8; http://mj12bot.com/)"
144.76.118.82 - - [06/Oct/2021:09:55:46 +0200] "GET /triangular-vintage-alarm-clock-gray-pink-p-55137.html HTTP/1.0" 200 74252 "-" "Mozilla/5.0 (compatible; MJ12bot/v1.4.8; http://mj12bot.com/)"
144.76.118.82 - - [06/Oct/2021:09:55:51 +0200] "GET /triangular-vintage-alarm-clock-green-grey-p-55136.html HTTP/1.0" 200 74266 "-" "Mozilla/5.0 (compatible; MJ12bot/v1.4.8; http://mj12bot.com/)"
144.76.118.82 - - [06/Oct/2021:09:55:55 +0200] "GET /tweety-cap-scarf-and-glove-set-p-22269.html HTTP/1.0" 301 70625 "-" "Mozilla/5.0 (compatible; MJ12bot/v1.4.8; http://mj12bot.com/)"
144.76.118.82 - - [06/Oct/2021:09:56:00 +0200] "GET /tweety-scarf-glove-p-22269.html HTTP/1.0" 200 70540 "-" "Mozilla/5.0 (compatible; MJ12bot/v1.4.8; http://mj12bot.com/)"
144.76.118.82 - - [06/Oct/2021:09:56:05 +0200] "GET /tweety-figurine-p-45066.html HTTP/1.0" 200 73028 "-" "Mozilla/5.0 (compatible; MJ12bot/v1.4.8; http://mj12bot.com/)"
144.76.118.82 - - [06/Oct/2021:09:56:09 +0200] "GET /tweety-scarf-glove-p-22269.html HTTP/1.0" 200 70540 "-" "Mozilla/5.0 (compatible; MJ12bot/v1.4.8; http://mj12bot.com/)"
144.76.118.82 - - [06/Oct/2021:09:56:14 +0200] "GET /verity-rose-cupcake-emery-board-p-29145.html HTTP/1.0" 200 73201 "-" "Mozilla/5.0 (compatible; MJ12bot/v1.4.8; http://mj12bot.com/)"
144.76.118.82 - - [06/Oct/2021:09:56:19 +0200] "GET /vintage-gasoline-effect-frame-in-wood-hanging-p-46295.html HTTP/1.0" 301 73439 "-" "Mozilla/5.0 (compatible; MJ12bot/v1.4.8; http://mj12bot.com/)"
144.76.118.82 - - [06/Oct/2021:09:56:24 +0200] "GET /vintage-gasoline-effect-frame-wood-hanging-p-46295.html HTTP/1.0" 200 73330 "-" "Mozilla/5.0 (compatible; MJ12bot/v1.4.8; http://mj12bot.com/)"
144.76.118.82 - - [06/Oct/2021:09:56:28 +0200] "GET /vintage-gasoline-effect-frame-wood-hanging-p-46295.html HTTP/1.0" 200 73330 "-" "Mozilla/5.0 (compatible; MJ12bot/v1.4.8; http://mj12bot.com/)"
144.76.118.82 - - [06/Oct/2021:09:56:33 +0200] "GET /volkswagen-mug-p-40282.html HTTP/1.0" 301 70487 "-" "Mozilla/5.0 (compatible; MJ12bot/v1.4.8; http://mj12bot.com/)"
144.76.118.82 - - [06/Oct/2021:09:56:38 +0200] "GET /-p-40282.html HTTP/1.0" 200 70420 "-" "Mozilla/5.0 (compatible; MJ12bot/v1.4.8; http://mj12bot.com/)"
144.76.118.82 - - [06/Oct/2021:09:56:42 +0200] "GET /wall-decoration-beer-capsule-collector-p-53784.html HTTP/1.0" 200 74075 "-" "Mozilla/5.0 (compatible; MJ12bot/v1.4.8; http://mj12bot.com/)"
144.76.118.82 - - [06/Oct/2021:09:56:48 +0200] "GET /want-mini-magnet-mirror-p-19664.html HTTP/1.0" 200 73058 "-" "Mozilla/5.0 (compatible; MJ12bot/v1.4.8; http://mj12bot.com/)"
185.191.171.44 - - [06/Oct/2021:09:56:52 +0200] "GET /charcoal-incense-burner-adjustable-brass-p-46807.html HTTP/1.0" 200 74000 "-" "Mozilla/5.0 (compatible; SemrushBot/7~bl; +http://www.semrush.com/bot.html)"
144.76.118.82 - - [06/Oct/2021:09:56:52 +0200] "GET /want-you-mini-magnet-mirror-p-19664.html HTTP/1.0" 301 73148 "-" "Mozilla/5.0 (compatible; MJ12bot/v1.4.8; http://mj12bot.com/)"
144.76.118.82 - - [06/Oct/2021:09:56:57 +0200] "GET /want-mini-magnet-mirror-p-19664.html HTTP/1.0" 200 73058 "-" "Mozilla/5.0 (compatible; MJ12bot/v1.4.8; http://mj12bot.com/)"
207.46.13.17 - - [06/Oct/2021:09:56:59 +0200] "GET /sonny-angel-flowers-series-version-p-51491.html HTTP/1.0" 200 74291 "-" "Mozilla/5.0 (compatible; bingbot/2.0; +http://www.bing.com/bingbot.htm)"
144.76.118.82 - - [06/Oct/2021:09:57:02 +0200] "GET /washed-dyed-cotton-tablecloth-p-55038.html HTTP/1.0" 200 74131 "-" "Mozilla/5.0 (compatible; MJ12bot/v1.4.8; http://mj12bot.com/)"
144.76.118.82 - - [06/Oct/2021:09:57:06 +0200] "GET /wax-melt-plum-and-orange-blossom-p-46023.html HTTP/1.0" 301 70652 "-" "Mozilla/5.0 (compatible; MJ12bot/v1.4.8; http://mj12bot.com/)"
54.36.149.50 - - [06/Oct/2021:09:57:09 +0200] "GET /playboy-pink-cushion-p-24195.html HTTP/1.0" 301 70487 "-" "Mozilla/5.0 (compatible; AhrefsBot/7.0; +http://ahrefs.com/robot/)"
144.76.118.82 - - [06/Oct/2021:09:57:11 +0200] "GET /melt-plum-orange-blossom-p-46023.html HTTP/1.0" 200 70561 "-" "Mozilla/5.0 (compatible; MJ12bot/v1.4.8; http://mj12bot.com/)"
144.76.118.82 - - [06/Oct/2021:09:57:16 +0200] "GET /white-black-gold-ginkgo-glass-paperweight-p-55123.html HTTP/1.0" 200 74264 "-" "Mozilla/5.0 (compatible; MJ12bot/v1.4.8; http://mj12bot.com/)"
66.249.64.84 - - [06/Oct/2021:09:57:18 +0200] "GET /golden-pentagon-mirror-p-48540.html HTTP/1.0" 200 73110 "-" "Mozilla/5.0 (compatible; Googlebot/2.1; +http://www.google.com/bot.html)"
144.76.118.82 - - [06/Oct/2021:09:57:20 +0200] "GET /white-cotton-kitchen-towel-45-70-cm-corsica-p-52485.html HTTP/1.0" 301 73307 "-" "Mozilla/5.0 (compatible; MJ12bot/v1.4.8; http://mj12bot.com/)"
114.119.128.37 - - [06/Oct/2021:09:57:21 +0200] "GET /van-gogh-iris-adult-apron-p-47667.html HTTP/1.0" 301 73122 "-" "Mozilla/5.0 (Linux; Android 7.0;) AppleWebKit/537.36 (KHTML, like Gecko) Mobile Safari/537.36 (compatible; PetalBot;+https://webmaster.petalsearch.com/site/petalbot)"
114.119.128.37 - - [06/Oct/2021:09:57:22 +0200] "GET /gogh-iris-adult-apron-p-47667.html HTTP/1.0" 200 73034 "-" "Mozilla/5.0 (Linux; Android 7.0;) AppleWebKit/537.36 (KHTML, like Gecko) Mobile Safari/537.36 (compatible; PetalBot;+https://webmaster.petalsearch.com/site/petalbot)"
144.76.118.82 - - [06/Oct/2021:09:57:25 +0200] "GET /white-cotton-kitchen-towel-corsica-p-52485.html HTTP/1.0" 200 73206 "-" "Mozilla/5.0 (compatible; MJ12bot/v1.4.8; http://mj12bot.com/)"
185.191.171.4 - - [06/Oct/2021:09:57:30 +0200] "GET /hello-bedclothes-240-220-cm-p-37969.html HTTP/1.0" 301 70487 "-" "Mozilla/5.0 (compatible; SemrushBot/7~bl; +http://www.semrush.com/bot.html)"
144.76.118.82 - - [06/Oct/2021:09:57:30 +0200] "GET /white-cotton-kitchen-towel-corsica-p-52485.html HTTP/1.0" 200 73206 "-" "Mozilla/5.0 (compatible; MJ12bot/v1.4.8; http://mj12bot.com/)"
185.191.171.34 - - [06/Oct/2021:09:57:33 +0200] "GET /-p-37969.html HTTP/1.0" 200 70420 "-" "Mozilla/5.0 (compatible; SemrushBot/7~bl; +http://www.semrush.com/bot.html)"
144.76.118.82 - - [06/Oct/2021:09:57:34 +0200] "GET /white-piggy-bank-p-55557.html HTTP/1.0" 200 73896 "-" "Mozilla/5.0 (compatible; MJ12bot/v1.4.8; http://mj12bot.com/)"
144.76.118.82 - - [06/Oct/2021:09:57:40 +0200] "GET /window-sticker-flower-life-gold-p-44278.html HTTP/1.0" 200 73142 "-" "Mozilla/5.0 (compatible; MJ12bot/v1.4.8; http://mj12bot.com/)"
144.76.118.82 - - [06/Oct/2021:09:57:46 +0200] "GET /window-sticker-flower-of-life-gold-p-44278.html HTTP/1.0" 301 73240 "-" "Mozilla/5.0 (compatible; MJ12bot/v1.4.8; http://mj12bot.com/)"
144.76.118.82 - - [06/Oct/2021:09:57:51 +0200] "GET /window-sticker-flower-life-gold-p-44278.html HTTP/1.0" 200 73142 "-" "Mozilla/5.0 (compatible; MJ12bot/v1.4.8; http://mj12bot.com/)"
54.36.148.181 - - [06/Oct/2021:09:57:53 +0200] "GET /flasks-c-12_245.html HTTP/1.0" 200 80255 "-" "Mozilla/5.0 (compatible; AhrefsBot/7.0; +http://ahrefs.com/robot/)"
144.76.118.82 - - [06/Oct/2021:09:57:55 +0200] "GET /wise-monkeys-gold-table-lamp-53-cm-p-52530.html HTTP/1.0" 301 74355 "-" "Mozilla/5.0 (compatible; MJ12bot/v1.4.8; http://mj12bot.com/)"
185.191.171.13 - - [06/Oct/2021:09:58:00 +0200] "GET /yellow-kitchen-timer-clock-p-40588.html HTTP/1.0" 200 70500 "-" "Mozilla/5.0 (compatible; SemrushBot/7~bl; +http://www.semrush.com/bot.html)"
144.76.118.82 - - [06/Oct/2021:09:58:00 +0200] "GET /wise-monkeys-gold-table-lamp-p-52530.html HTTP/1.0" 200 74260 "-" "Mozilla/5.0 (compatible; MJ12bot/v1.4.8; http://mj12bot.com/)"
144.76.118.82 - - [06/Oct/2021:09:58:05 +0200] "GET /wise-monkeys-gold-table-lamp-54-cm-p-52530.html HTTP/1.0" 301 74355 "-" "Mozilla/5.0 (compatible; MJ12bot/v1.4.8; http://mj12bot.com/)"
144.76.118.82 - - [06/Oct/2021:09:58:09 +0200] "GET /wise-monkeys-gold-table-lamp-p-52530.html HTTP/1.0" 200 74260 "-" "Mozilla/5.0 (compatible; MJ12bot/v1.4.8; http://mj12bot.com/)"
144.76.118.82 - - [06/Oct/2021:09:58:14 +0200] "GET /wise-monkeys-gold-table-lamp-p-52530.html HTTP/1.0" 200 74260 "-" "Mozilla/5.0 (compatible; MJ12bot/v1.4.8; http://mj12bot.com/)"
144.76.118.82 - - [06/Oct/2021:09:58:19 +0200] "GET /with-wooden-drawers-blush-p-53946.html HTTP/1.0" 200 73861 "-" "Mozilla/5.0 (compatible; MJ12bot/v1.4.8; http://mj12bot.com/)"
144.76.118.82 - - [06/Oct/2021:09:58:25 +0200] "GET /with-wooden-drawers-taipei-p-53913.html HTTP/1.0" 200 73254 "-" "Mozilla/5.0 (compatible; MJ12bot/v1.4.8; http://mj12bot.com/)"
144.76.118.82 - - [06/Oct/2021:09:58:30 +0200] "GET /wooden-antique-white-p-45830.html HTTP/1.0" 200 73866 "-" "Mozilla/5.0 (compatible; MJ12bot/v1.4.8; http://mj12bot.com/)"
144.76.118.82 - - [06/Oct/2021:09:58:34 +0200] "GET /wooden-p-31734.html HTTP/1.0" 200 70450 "-" "Mozilla/5.0 (compatible; MJ12bot/v1.4.8; http://mj12bot.com/)"
207.46.13.152 - - [06/Oct/2021:09:58:35 +0200] "GET /images/med_prod/8718375752265.jpg HTTP/1.0" 200 268 "-" "Mozilla/5.0 (compatible; bingbot/2.0; +http://www.bing.com/bingbot.htm)"
144.76.118.82 - - [06/Oct/2021:09:58:39 +0200] "GET /wooden-panels-holiday-83-cm-p-45088.html HTTP/1.0" 301 70487 "-" "Mozilla/5.0 (compatible; MJ12bot/v1.4.8; http://mj12bot.com/)"
144.76.118.82 - - [06/Oct/2021:09:58:43 +0200] "GET /-p-45088.html HTTP/1.0" 200 70420 "-" "Mozilla/5.0 (compatible; MJ12bot/v1.4.8; http://mj12bot.com/)"
144.76.118.82 - - [06/Oct/2021:09:58:47 +0200] "GET /wooden-panels-holiday-p-45088.html HTTP/1.0" 301 70487 "-" "Mozilla/5.0 (compatible; MJ12bot/v1.4.8; http://mj12bot.com/)"
144.76.118.82 - - [06/Oct/2021:09:58:52 +0200] "GET /-p-45088.html HTTP/1.0" 200 70420 "-" "Mozilla/5.0 (compatible; MJ12bot/v1.4.8; http://mj12bot.com/)"
144.76.118.82 - - [06/Oct/2021:09:58:57 +0200] "GET /wooden-wall-decoration-flamingo-p-44248.html HTTP/1.0" 200 70534 "-" "Mozilla/5.0 (compatible; MJ12bot/v1.4.8; http://mj12bot.com/)"
144.76.118.82 - - [06/Oct/2021:09:59:02 +0200] "GET /wooden-wall-decoration-flamingo-p-44249.html HTTP/1.0" 200 73137 "-" "Mozilla/5.0 (compatible; MJ12bot/v1.4.8; http://mj12bot.com/)"
144.76.118.82 - - [06/Oct/2021:09:59:07 +0200] "GET /york-cookware-cbkreation-p-29700.html HTTP/1.0" 200 73100 "-" "Mozilla/5.0 (compatible; MJ12bot/v1.4.8; http://mj12bot.com/)"
144.76.118.82 - - [06/Oct/2021:09:59:13 +0200] "GET /york-flag-clock-p-26135.html HTTP/1.0" 301 70487 "-" "Mozilla/5.0 (compatible; MJ12bot/v1.4.8; http://mj12bot.com/)"
144.76.118.82 - - [06/Oct/2021:09:59:17 +0200] "GET /-p-26135.html HTTP/1.0" 200 70420 "-" "Mozilla/5.0 (compatible; MJ12bot/v1.4.8; http://mj12bot.com/)"
185.191.171.24 - - [06/Oct/2021:09:59:18 +0200] "GET /smiski-figure-series-note-there-single-figure-p-48332.html?action=add_product HTTP/1.0" 302 476 "-" "Mozilla/5.0 (compatible; SemrushBot/7~bl; +http://www.semrush.com/bot.html)"
144.76.118.82 - - [06/Oct/2021:09:59:22 +0200] "GET /york-liberty-clock-p-26134.html HTTP/1.0" 301 70487 "-" "Mozilla/5.0 (compatible; MJ12bot/v1.4.8; http://mj12bot.com/)"
144.76.118.82 - - [06/Oct/2021:09:59:29 +0200] "GET /-p-26134.html HTTP/1.0" 200 70420 "-" "Mozilla/5.0 (compatible; MJ12bot/v1.4.8; http://mj12bot.com/)"
144.76.118.82 - - [06/Oct/2021:09:59:34 +0200] "GET /york-night-chandelier-p-35771.html HTTP/1.0" 200 70537 "-" "Mozilla/5.0 (compatible; MJ12bot/v1.4.8; http://mj12bot.com/)"
144.76.118.82 - - [06/Oct/2021:09:59:39 +0200] "GET /york-statue-liberty-clock-p-26140.html HTTP/1.0" 301 70487 "-" "Mozilla/5.0 (compatible; MJ12bot/v1.4.8; http://mj12bot.com/)"
144.76.118.82 - - [06/Oct/2021:09:59:44 +0200] "GET /-p-26140.html HTTP/1.0" 200 70420 "-" "Mozilla/5.0 (compatible; MJ12bot/v1.4.8; http://mj12bot.com/)"
144.76.118.82 - - [06/Oct/2021:09:59:49 +0200] "GET /york-statue-liberty-stool-p-12306.html HTTP/1.0" 200 70569 "-" "Mozilla/5.0 (compatible; MJ12bot/v1.4.8; http://mj12bot.com/)"
144.76.118.82 - - [06/Oct/2021:09:59:56 +0200] "GET /york-taxis-flag-sticker-p-35396.html HTTP/1.0" 301 70487 "-" "Mozilla/5.0 (compatible; MJ12bot/v1.4.8; http://mj12bot.com/)"
101.33.33.164 - - [06/Oct/2021:10:00:01 +0200] "GET /images/mini_prod/8424001528226.jpg HTTP/1.0" 200 269 "-" "Mozilla/5.0 (X11; Ubuntu; Linux x86_64; rv:72.0) Gecko/20100101 Firefox/72.0"
144.76.118.82 - - [06/Oct/2021:10:00:03 +0200] "GET /-p-35396.html HTTP/1.0" 200 70420 "-" "Mozilla/5.0 (compatible; MJ12bot/v1.4.8; http://mj12bot.com/)"
54.36.148.151 - - [06/Oct/2021:10:00:08 +0200] "GET /door-bell-wall-cast-iron-horse-p-56069.html HTTP/1.0" 200 73121 "-" "Mozilla/5.0 (compatible; AhrefsBot/7.0; +http://ahrefs.com/robot/)"
144.76.118.82 - - [06/Oct/2021:10:00:10 +0200] "GET /york-yankees-black-bowling-p-11593.html HTTP/1.0" 200 73490 "-" "Mozilla/5.0 (compatible; MJ12bot/v1.4.8; http://mj12bot.com/)"
144.76.118.82 - - [06/Oct/2021:10:00:17 +0200] "GET /york-yankees-navy-bowling-p-11594.html HTTP/1.0" 200 73482 "-" "Mozilla/5.0 (compatible; MJ12bot/v1.4.8; http://mj12bot.com/)"
144.76.118.82 - - [06/Oct/2021:10:00:25 +0200] "GET /york-yankees-retro-black-shoulder-p-22238.html HTTP/1.0" 200 73456 "-" "Mozilla/5.0 (compatible; MJ12bot/v1.4.8; http://mj12bot.com/)"
144.76.118.82 - - [06/Oct/2021:10:00:30 +0200] "GET /zebra-jewelry-holder-statuette-p-55823.html HTTP/1.0" 200 73266 "-" "Mozilla/5.0 (compatible; MJ12bot/v1.4.8; http://mj12bot.com/)"
207.46.13.54 - - [06/Oct/2021:10:00:39 +0200] "GET /images/DSCN4025n.jpg HTTP/1.0" 200 255 "-" "Mozilla/5.0 (compatible; bingbot/2.0; +http://www.bing.com/bingbot.htm)"
185.191.171.22 - - [06/Oct/2021:10:00:47 +0200] "GET /101-dalmatians-freckles-figure-p-19360.html HTTP/1.0" 301 70487 "-" "Mozilla/5.0 (compatible; SemrushBot/7~bl; +http://www.semrush.com/bot.html)"
114.119.128.39 - - [06/Oct/2021:10:00:49 +0200] "GET /images/mini_prod/9316188070317.jpg HTTP/1.0" 200 269 "-" "Mozilla/5.0 (Linux; Android 7.0;) AppleWebKit/537.36 (KHTML, like Gecko) Mobile Safari/537.36 (compatible; PetalBot;+https://webmaster.petalsearch.com/site/petalbot)"
185.191.171.17 - - [06/Oct/2021:10:00:49 +0200] "GET /-p-19360.html HTTP/1.0" 200 70420 "-" "Mozilla/5.0 (compatible; SemrushBot/7~bl; +http://www.semrush.com/bot.html)"
185.191.171.42 - - [06/Oct/2021:10:01:04 +0200] "GET /attention-chat-metal-plate-deco-p-45073.html?action=add_product HTTP/1.0" 302 476 "-" "Mozilla/5.0 (compatible; SemrushBot/7~bl; +http://www.semrush.com/bot.html)"
52.186.122.29 - - [06/Oct/2021:10:01:04 +0200] "GET /diffuser-perfume-essential-oils-c-231_162.html HTTP/1.0" 200 90368 "-" "Mozilla/5.0 (Windows NT 10.0; Win64; x64) AppleWebKit/537.36 (KHTML, like Gecko) Chrome/86.0.4240.75 Safari/537.36"
185.191.171.42 - - [06/Oct/2021:10:01:09 +0200] "GET /cats-dubout-large-bowl-p-45218.html HTTP/1.0" 200 73054 "-" "Mozilla/5.0 (compatible; SemrushBot/7~bl; +http://www.semrush.com/bot.html)"
192.99.6.226 - - [06/Oct/2021:10:01:21 +0200] "GET /robots.txt HTTP/1.0" 200 245 "-" "Mozilla/5.0 (compatible; MJ12bot/v1.4.8; http://mj12bot.com/)"
52.186.122.29 - - [06/Oct/2021:10:01:22 +0200] "GET /chimes-suspensions-c-13_241.html HTTP/1.0" 200 90783 "-" "Mozilla/5.0 (Windows NT 10.0; Win64; x64) AppleWebKit/537.36 (KHTML, like Gecko) Chrome/86.0.4240.75 Safari/537.36"
51.68.224.127 - - [06/Oct/2021:10:01:59 +0200] "GET /adminweb/export_orders_xml.php?token=256de2z6edz6ed2z6DFSFsed2zed6zeDSFDSGdzedezfzf&maxorders=10&orderstart=1&status=14&start_date=2018-10-01 HTTP/1.0" 200 285 "-" "GesCom CharlotteBoutik Serveur"
51.68.224.127 - - [06/Oct/2021:10:01:59 +0200] "GET /adminweb/export_orders_xml.php?token=256de2z6edz6ed2z6DFSFsed2zed6zeDSFDSGdzedezfzf&maxorders=10&orderstart=1&status=6&start_date=2018-10-01 HTTP/1.0" 200 32573 "-" "GesCom CharlotteBoutik Serveur"
147.92.153.2 - - [06/Oct/2021:10:02:00 +0200] "GET /images/big_prod/3520071653105.jpg HTTP/1.0" 200 268 "-" "Mozilla/5.0 (compatible; Linespider/1.1; +https://lin.ee/4dwXkTH)"
207.46.13.17 - - [06/Oct/2021:10:02:08 +0200] "GET /images/3585190589117.jpg HTTP/1.0" 200 259 "-" "Mozilla/5.0 (compatible; bingbot/2.0; +http://www.bing.com/bingbot.htm)"
192.99.6.226 - - [06/Oct/2021:10:02:09 +0200] "GET /union-jack-cosmetics-bag-p-30028.html HTTP/1.0" 301 73223 "-" "Mozilla/5.0 (compatible; MJ12bot/v1.4.8; http://mj12bot.com/)"
185.191.171.44 - - [06/Oct/2021:10:02:11 +0200] "GET /tarot-flower-life-engraved-p-48482.html?action=add_product HTTP/1.0" 302 476 "-" "Mozilla/5.0 (compatible; SemrushBot/7~bl; +http://www.semrush.com/bot.html)"
192.99.6.226 - - [06/Oct/2021:10:02:25 +0200] "GET /union-jack-cosmetics-p-30028.html HTTP/1.0" 200 73136 "-" "Mozilla/5.0 (compatible; MJ12bot/v1.4.8; http://mj12bot.com/)"
54.36.148.11 - - [06/Oct/2021:10:02:32 +0200] "GET /pulp-fiction-pencil-case-p-36356.html HTTP/1.0" 200 73119 "-" "Mozilla/5.0 (compatible; AhrefsBot/7.0; +http://ahrefs.com/robot/)"
192.99.6.226 - - [06/Oct/2021:10:03:05 +0200] "GET /usa-retro-ottoman-storage-box-35-cm-p-40328.html HTTP/1.0" 301 70646 "-" "Mozilla/5.0 (compatible; MJ12bot/v1.4.8; http://mj12bot.com/)"
192.99.6.226 - - [06/Oct/2021:10:03:38 +0200] "GET /retro-ottoman-storage-p-40328.html HTTP/1.0" 200 70558 "-" "Mozilla/5.0 (compatible; MJ12bot/v1.4.8; http://mj12bot.com/)"
192.99.6.226 - - [06/Oct/2021:10:04:01 +0200] "GET /usa-retro-ottoman-storage-box-40-cm-p-40326.html HTTP/1.0" 301 73361 "-" "Mozilla/5.0 (compatible; MJ12bot/v1.4.8; http://mj12bot.com/)"
114.119.128.253 - - [06/Oct/2021:10:04:17 +0200] "GET /small-baby-teeth-p-51557.html HTTP/1.0" 200 73176 "-" "Mozilla/5.0 (Linux; Android 7.0;) AppleWebKit/537.36 (KHTML, like Gecko) Mobile Safari/537.36 (compatible; PetalBot;+https://webmaster.petalsearch.com/site/petalbot)"
185.191.171.4 - - [06/Oct/2021:10:04:22 +0200] "GET /pulp-fiction-p-53478.html HTTP/1.0" 200 73257 "-" "Mozilla/5.0 (compatible; SemrushBot/7~bl; +http://www.semrush.com/bot.html)"
192.99.6.226 - - [06/Oct/2021:10:04:24 +0200] "GET /retro-ottoman-storage-p-40326.html HTTP/1.0" 200 73273 "-" "Mozilla/5.0 (compatible; MJ12bot/v1.4.8; http://mj12bot.com/)"
185.191.171.24 - - [06/Oct/2021:10:04:24 +0200] "GET /pendant-silver-with-amethyst-p-45458.html HTTP/1.0" 200 73192 "-" "Mozilla/5.0 (compatible; SemrushBot/7~bl; +http://www.semrush.com/bot.html)"
157.55.39.3 - - [06/Oct/2021:10:04:45 +0200] "GET /images/big_prod/8424346085446.jpg HTTP/1.0" 200 268 "-" "Mozilla/5.0 (compatible; bingbot/2.0; +http://www.bing.com/bingbot.htm)"
54.36.148.9 - - [06/Oct/2021:10:04:46 +0200] "GET /umbrellas-c-31_16.html?page=2 HTTP/1.0" 200 79013 "-" "Mozilla/5.0 (compatible; AhrefsBot/7.0; +http://ahrefs.com/robot/)"
192.99.6.226 - - [06/Oct/2021:10:04:49 +0200] "GET /vanity-by-teo-jasmin-jasmine-alaska-p-43158.html HTTP/1.0" 301 70646 "-" "Mozilla/5.0 (compatible; MJ12bot/v1.4.8; http://mj12bot.com/)"
207.46.13.17 - - [06/Oct/2021:10:04:50 +0200] "GET /images/3299738511446.jpg HTTP/1.0" 200 259 "-" "Mozilla/5.0 (compatible; bingbot/2.0; +http://www.bing.com/bingbot.htm)"
185.191.171.39 - - [06/Oct/2021:10:04:50 +0200] "GET /provence-lavender-provence-bath-soap-dish-p-35606.html HTTP/1.0" 301 70487 "-" "Mozilla/5.0 (compatible; SemrushBot/7~bl; +http://www.semrush.com/bot.html)"
185.191.171.20 - - [06/Oct/2021:10:04:52 +0200] "GET /-p-35606.html HTTP/1.0" 200 70420 "-" "Mozilla/5.0 (compatible; SemrushBot/7~bl; +http://www.semrush.com/bot.html)"
185.191.171.40 - - [06/Oct/2021:10:05:42 +0200] "GET /golden-snake-hourglass-p-48944.html HTTP/1.0" 200 70498 "-" "Mozilla/5.0 (compatible; SemrushBot/7~bl; +http://www.semrush.com/bot.html)"
192.99.6.226 - - [06/Oct/2021:10:05:46 +0200] "GET /vanity-jasmin-jasmine-alaska-p-43158.html HTTP/1.0" 200 70551 "-" "Mozilla/5.0 (compatible; MJ12bot/v1.4.8; http://mj12bot.com/)"
95.108.142.123 - - [06/Oct/2021:10:06:21 +0200] "GET /images/mini_prod/DSCN7544.jpg HTTP/1.0" 200 264 "-" "Mozilla/5.0 (X11; Ubuntu; Linux x86_64; rv:72.0) Gecko/20100101 Firefox/72.0"
192.99.6.226 - - [06/Oct/2021:10:06:28 +0200] "GET /vanity-by-teo-jasmin-jasmine-apache-p-43153.html HTTP/1.0" 301 70617 "-" "Mozilla/5.0 (compatible; MJ12bot/v1.4.8; http://mj12bot.com/)"
167.114.101.65 - - [06/Oct/2021:10:06:29 +0200] "GET /robots.txt HTTP/1.0" 200 245 "-" "Mozilla/5.0 (compatible; MJ12bot/v1.4.8; http://mj12bot.com/)"
185.191.171.23 - - [06/Oct/2021:10:06:35 +0200] "GET /buddha-feng-shui-tealight-porcelain-p-35500.html HTTP/1.0" 200 73224 "-" "Mozilla/5.0 (compatible; SemrushBot/7~bl; +http://www.semrush.com/bot.html)"
207.46.13.162 - - [06/Oct/2021:10:06:42 +0200] "GET /images/big_prod/3453131129657.jpg HTTP/1.0" 200 268 "-" "Mozilla/5.0 (compatible; bingbot/2.0; +http://www.bing.com/bingbot.htm)"
167.114.101.65 - - [06/Oct/2021:10:06:53 +0200] "GET /allen-designs-small-flowerpot-baby-birdie-p-51396.html HTTP/1.0" 200 73875 "-" "Mozilla/5.0 (compatible; MJ12bot/v1.4.8; http://mj12bot.com/)"
192.99.6.226 - - [06/Oct/2021:10:07:02 +0200] "GET /vanity-jasmin-jasmine-apache-p-43153.html HTTP/1.0" 200 70522 "-" "Mozilla/5.0 (compatible; MJ12bot/v1.4.8; http://mj12bot.com/)"
95.108.142.123 - - [06/Oct/2021:10:07:07 +0200] "GET /images/mini_prod/5027417019895.jpg HTTP/1.0" 200 269 "-" "Mozilla/5.0 (X11; Ubuntu; Linux x86_64; rv:72.0) Gecko/20100101 Firefox/72.0"
185.191.171.42 - - [06/Oct/2021:10:07:13 +0200] "GET /bob-marley-floor-standing-ashtray-p-20602.html HTTP/1.0" 301 70487 "-" "Mozilla/5.0 (compatible; SemrushBot/7~bl; +http://www.semrush.com/bot.html)"
185.191.171.8 - - [06/Oct/2021:10:07:16 +0200] "GET /-p-20602.html HTTP/1.0" 200 70420 "-" "Mozilla/5.0 (compatible; SemrushBot/7~bl; +http://www.semrush.com/bot.html)"
54.36.148.228 - - [06/Oct/2021:10:07:20 +0200] "GET /freshener-heart-home-cerulean-p-40605.html HTTP/1.0" 200 73421 "-" "Mozilla/5.0 (compatible; AhrefsBot/7.0; +http://ahrefs.com/robot/)"
167.114.101.65 - - [06/Oct/2021:10:07:26 +0200] "GET /hello-kitty-giant-wall-p-18109.html HTTP/1.0" 200 73047 "-" "Mozilla/5.0 (compatible; MJ12bot/v1.4.8; http://mj12bot.com/)"
192.99.6.226 - - [06/Oct/2021:10:07:36 +0200] "GET /vanity-by-teo-jasmin-jasmine-geisha-p-41010.html HTTP/1.0" 301 70487 "-" "Mozilla/5.0 (compatible; MJ12bot/v1.4.8; http://mj12bot.com/)"
159.65.184.79 - - [06/Oct/2021:10:07:39 +0200] "GET /wp-login.php HTTP/1.0" 301 535 "-" "Mozilla/5.0 (X11; Ubuntu; Linux x86_64; rv:62.0) Gecko/20100101 Firefox/62.0"
159.65.184.79 - - [06/Oct/2021:10:07:39 +0200] "GET /wp-login.php HTTP/1.0" 301 535 "-" "Mozilla/5.0 (X11; Ubuntu; Linux x86_64; rv:62.0) Gecko/20100101 Firefox/62.0"
159.65.184.79 - - [06/Oct/2021:10:07:39 +0200] "GET /wp-login.php HTTP/1.0" 404 1308 "http://wonder-geek.com/wp-login.php" "Mozilla/5.0 (X11; Ubuntu; Linux x86_64; rv:62.0) Gecko/20100101 Firefox/62.0"
159.65.184.79 - - [06/Oct/2021:10:07:39 +0200] "GET /wp-login.php HTTP/1.0" 404 1308 "http://wonder-geek.com/wp-login.php" "Mozilla/5.0 (X11; Ubuntu; Linux x86_64; rv:62.0) Gecko/20100101 Firefox/62.0"
167.114.101.65 - - [06/Oct/2021:10:07:44 +0200] "GET /hello-kitty-giant-wall-p-18110.html HTTP/1.0" 200 73053 "-" "Mozilla/5.0 (compatible; MJ12bot/v1.4.8; http://mj12bot.com/)"
114.119.128.253 - - [06/Oct/2021:10:07:46 +0200] "GET /fragrances-ambiance-c-231.html?page=9 HTTP/1.0" 200 93178 "-" "Mozilla/5.0 (Linux; Android 7.0;) AppleWebKit/537.36 (KHTML, like Gecko) Mobile Safari/537.36 (compatible; PetalBot;+https://webmaster.petalsearch.com/site/petalbot)"
185.191.171.43 - - [06/Oct/2021:10:08:01 +0200] "GET /avengers-blue-cushion-p-33182.html HTTP/1.0" 301 70487 "-" "Mozilla/5.0 (compatible; SemrushBot/7~bl; +http://www.semrush.com/bot.html)"
185.191.171.36 - - [06/Oct/2021:10:08:03 +0200] "GET /-p-33182.html HTTP/1.0" 200 70420 "-" "Mozilla/5.0 (compatible; SemrushBot/7~bl; +http://www.semrush.com/bot.html)"
192.99.6.226 - - [06/Oct/2021:10:08:13 +0200] "GET /-p-41010.html HTTP/1.0" 200 70420 "-" "Mozilla/5.0 (compatible; MJ12bot/v1.4.8; http://mj12bot.com/)"
216.244.66.242 - - [06/Oct/2021:10:08:16 +0200] "GET /robots.txt HTTP/1.0" 200 245 "-" "Mozilla/5.0 (compatible; DotBot/1.2; +https://opensiteexplorer.org/dotbot; help@moz.com)"
167.114.101.65 - - [06/Oct/2021:10:08:18 +0200] "GET /mushroom-shaped-night-light-p-56209.html HTTP/1.0" 200 73710 "-" "Mozilla/5.0 (compatible; MJ12bot/v1.4.8; http://mj12bot.com/)"
185.191.171.43 - - [06/Oct/2021:10:08:21 +0200] "GET /dubout-cats-cover-for-the-pillow-p-32249.html HTTP/1.0" 301 70613 "-" "Mozilla/5.0 (compatible; SemrushBot/7~bl; +http://www.semrush.com/bot.html)"
185.191.171.43 - - [06/Oct/2021:10:08:23 +0200] "GET /dubout-cats-cover-pillow-p-32249.html HTTP/1.0" 200 70522 "-" "Mozilla/5.0 (compatible; SemrushBot/7~bl; +http://www.semrush.com/bot.html)"
167.114.101.65 - - [06/Oct/2021:10:08:43 +0200] "GET /shaped-night-light-p-56208.html HTTP/1.0" 200 73858 "-" "Mozilla/5.0 (compatible; MJ12bot/v1.4.8; http://mj12bot.com/)"
192.99.6.226 - - [06/Oct/2021:10:08:45 +0200] "GET /vanity-by-teo-jasmin-jasmine-geisha-p-43186.html HTTP/1.0" 301 70646 "-" "Mozilla/5.0 (compatible; MJ12bot/v1.4.8; http://mj12bot.com/)"
167.114.101.65 - - [06/Oct/2021:10:09:17 +0200] "GET /small-angel-flower-stitch-collectible-statuette-p-56327.html HTTP/1.0" 200 74446 "-" "Mozilla/5.0 (compatible; MJ12bot/v1.4.8; http://mj12bot.com/)"
192.99.6.226 - - [06/Oct/2021:10:09:25 +0200] "GET /vanity-jasmin-jasmine-geisha-p-43186.html HTTP/1.0" 200 70551 "-" "Mozilla/5.0 (compatible; MJ12bot/v1.4.8; http://mj12bot.com/)"
54.36.149.93 - - [06/Oct/2021:10:09:36 +0200] "GET /childrens-beds-c-13_210.html HTTP/1.0" 200 75999 "-" "Mozilla/5.0 (compatible; AhrefsBot/7.0; +http://ahrefs.com/robot/)"
185.191.171.8 - - [06/Oct/2021:10:09:44 +0200] "GET /glass-votive-holder-heart-and-home-metallic-blue-p-39903.html HTTP/1.0" 301 74384 "-" "Mozilla/5.0 (compatible; SemrushBot/7~bl; +http://www.semrush.com/bot.html)"
185.191.171.3 - - [06/Oct/2021:10:09:47 +0200] "GET /glass-votive-holder-heart-home-metallic-blue-p-39903.html HTTP/1.0" 200 74273 "-" "Mozilla/5.0 (compatible; SemrushBot/7~bl; +http://www.semrush.com/bot.html)"
185.191.171.15 - - [06/Oct/2021:10:09:49 +0200] "GET /sentiment-tea-towel-kitchen-towel-70-35-cm-p-43635.html HTTP/1.0" 301 73933 "-" "Mozilla/5.0 (compatible; SemrushBot/7~bl; +http://www.semrush.com/bot.html)"
167.114.101.65 - - [06/Oct/2021:10:09:49 +0200] "GET /small-angel-heart-stitch-collectible-statuette-p-56318.html HTTP/1.0" 200 74432 "-" "Mozilla/5.0 (compatible; MJ12bot/v1.4.8; http://mj12bot.com/)"
185.191.171.36 - - [06/Oct/2021:10:09:51 +0200] "GET /sentiment-towel-kitchen-towel-p-43635.html HTTP/1.0" 200 73837 "-" "Mozilla/5.0 (compatible; SemrushBot/7~bl; +http://www.semrush.com/bot.html)"
192.99.6.226 - - [06/Oct/2021:10:09:55 +0200] "GET /vanity-by-teo-jasmin-jasmine-labaule-p-43154.html HTTP/1.0" 301 70620 "-" "Mozilla/5.0 (compatible; MJ12bot/v1.4.8; http://mj12bot.com/)"
5.188.211.10 - - [06/Oct/2021:10:10:01 +0200] "GET /mickey-mouse-greeting-from-england-figurine-collection-p-29068.html HTTP/1.0" 200 73595 "-" "Mozilla/4.0 (compatible; MSIE 6.0; Windows NT 5.1; SV1)"
5.188.211.10 - - [06/Oct/2021:10:10:02 +0200] "GET /posters-stickers-wall-c-13_147.html HTTP/1.0" 200 90373 "-" "Mozilla/4.0 (compatible; MSIE 6.0; Windows NT 5.1; SV1)"
5.188.211.10 - - [06/Oct/2021:10:10:03 +0200] "GET /mtal-signs-c-13_130.html HTTP/1.0" 200 94370 "-" "Mozilla/4.0 (compatible; MSIE 6.0; Windows NT 5.1; SV1)"
5.188.211.10 - - [06/Oct/2021:10:10:04 +0200] "GET /contact_us.php HTTP/1.0" 200 26241 "-" "Mozilla/4.0 (compatible; MSIE 6.0; Windows NT 5.1; SV1)"
5.188.211.10 - - [06/Oct/2021:10:10:04 +0200] "POST /contact_us.php?action=send HTTP/1.0" 200 26654 "http://www.wonder-geek.com/contact_us.php" "Mozilla/4.0 (compatible; MSIE 6.0; Windows NT 5.1; SV1)"
5.188.211.10 - - [06/Oct/2021:10:10:05 +0200] "POST /contact_us.php?action=send HTTP/1.0" 200 26654 "http://www.wonder-geek.com/" "Mozilla/4.0 (compatible; MSIE 6.0; Windows NT 5.1; SV1)"
5.188.211.10 - - [06/Oct/2021:10:10:05 +0200] "GET / HTTP/1.0" 200 150942 "-" "Mozilla/4.0 (compatible; MSIE 6.0; Windows NT 5.1; SV1)"
5.188.211.10 - - [06/Oct/2021:10:10:06 +0200] "GET /mickey-mouse-greeting-from-england-figurine-collection-p-29068.html HTTP/1.0" 200 73595 "-" "Mozilla/4.0 (compatible; MSIE 6.0; Windows NT 5.1; SV1)"
5.188.211.10 - - [06/Oct/2021:10:10:06 +0200] "GET /contact_us.php HTTP/1.0" 200 26241 "-" "Mozilla/4.0 (compatible; MSIE 6.0; Windows NT 5.1; SV1)"
5.188.211.10 - - [06/Oct/2021:10:10:07 +0200] "GET /create_account.php HTTP/1.0" 200 33633 "-" "Mozilla/4.0 (compatible; MSIE 6.0; Windows NT 5.1; SV1)"
5.188.211.10 - - [06/Oct/2021:10:10:07 +0200] "GET /checkout_shipping.php HTTP/1.0" 302 468 "-" "Mozilla/4.0 (compatible; MSIE 6.0; Windows NT 5.1; SV1)"
5.188.211.10 - - [06/Oct/2021:10:10:07 +0200] "GET /login.php HTTP/1.0" 200 17155 "-" "Mozilla/4.0 (compatible; MSIE 6.0; Windows NT 5.1; SV1)"
5.188.211.10 - - [06/Oct/2021:10:10:07 +0200] "GET /shopping_cart.php HTTP/1.0" 200 13298 "-" "Mozilla/4.0 (compatible; MSIE 6.0; Windows NT 5.1; SV1)"
5.188.211.10 - - [06/Oct/2021:10:10:07 +0200] "GET /login.php HTTP/1.0" 200 17155 "-" "Mozilla/4.0 (compatible; MSIE 6.0; Windows NT 5.1; SV1)"
5.188.211.10 - - [06/Oct/2021:10:10:08 +0200] "GET /specials.php HTTP/1.0" 200 125335 "-" "Mozilla/4.0 (compatible; MSIE 6.0; Windows NT 5.1; SV1)"
5.188.211.10 - - [06/Oct/2021:10:10:08 +0200] "GET /products_new.php HTTP/1.0" 200 94564 "-" "Mozilla/4.0 (compatible; MSIE 6.0; Windows NT 5.1; SV1)"
167.114.101.65 - - [06/Oct/2021:10:10:18 +0200] "GET /small-dancing-stitch-collectible-statuette-p-56316.html HTTP/1.0" 200 74366 "-" "Mozilla/5.0 (compatible; MJ12bot/v1.4.8; http://mj12bot.com/)"
185.191.171.37 - - [06/Oct/2021:10:10:25 +0200] "GET /bath-mat-c-11_267.html HTTP/1.0" 301 86026 "-" "Mozilla/5.0 (compatible; SemrushBot/7~bl; +http://www.semrush.com/bot.html)"
185.191.171.23 - - [06/Oct/2021:10:10:27 +0200] "GET /bath-c-267.html HTTP/1.0" 200 85843 "-" "Mozilla/5.0 (compatible; SemrushBot/7~bl; +http://www.semrush.com/bot.html)"
192.99.6.226 - - [06/Oct/2021:10:10:28 +0200] "GET /vanity-jasmin-jasmine-labaule-p-43154.html HTTP/1.0" 200 70524 "-" "Mozilla/5.0 (compatible; MJ12bot/v1.4.8; http://mj12bot.com/)"
95.108.142.123 - - [06/Oct/2021:10:10:31 +0200] "GET /images/mini_prod/5036278061592.jpg HTTP/1.0" 200 269 "-" "Mozilla/5.0 (X11; Ubuntu; Linux x86_64; rv:72.0) Gecko/20100101 Firefox/72.0"
167.114.101.65 - - [06/Oct/2021:10:10:44 +0200] "GET /small-stick-stitch-collectible-statuette-p-56317.html HTTP/1.0" 200 74386 "-" "Mozilla/5.0 (compatible; MJ12bot/v1.4.8; http://mj12bot.com/)"
95.108.142.123 - - [06/Oct/2021:10:10:57 +0200] "GET /images/mini_prod/3438100336533.jpg HTTP/1.0" 200 269 "-" "Mozilla/5.0 (X11; Ubuntu; Linux x86_64; rv:72.0) Gecko/20100101 Firefox/72.0"
192.99.6.226 - - [06/Oct/2021:10:11:06 +0200] "GET /vanity-by-teo-jasmin-jasmine-racing-p-43155.html HTTP/1.0" 301 70617 "-" "Mozilla/5.0 (compatible; MJ12bot/v1.4.8; http://mj12bot.com/)"
167.114.101.65 - - [06/Oct/2021:10:11:18 +0200] "GET /toiletbrush-p-56263.html HTTP/1.0" 200 73836 "-" "Mozilla/5.0 (compatible; MJ12bot/v1.4.8; http://mj12bot.com/)"
114.119.128.26 - - [06/Oct/2021:10:11:21 +0200] "GET /pastis-adult-apron-p-44191.html HTTP/1.0" 200 73001 "-" "Mozilla/5.0 (Linux; Android 7.0;) AppleWebKit/537.36 (KHTML, like Gecko) Mobile Safari/537.36 (compatible; PetalBot;+https://webmaster.petalsearch.com/site/petalbot)"
192.99.6.226 - - [06/Oct/2021:10:11:46 +0200] "GET /vanity-jasmin-jasmine-racing-p-43155.html HTTP/1.0" 200 70522 "-" "Mozilla/5.0 (compatible; MJ12bot/v1.4.8; http://mj12bot.com/)"
54.36.148.83 - - [06/Oct/2021:10:11:49 +0200] "GET /mandala-coasters-orange-p-54067.html HTTP/1.0" 200 73087 "-" "Mozilla/5.0 (compatible; AhrefsBot/7.0; +http://ahrefs.com/robot/)"
192.99.6.226 - - [06/Oct/2021:10:12:20 +0200] "GET /vanity-by-teo-jasmin-jasmine-rockabilly-p-43156.html HTTP/1.0" 301 70629 "-" "Mozilla/5.0 (compatible; MJ12bot/v1.4.8; http://mj12bot.com/)"
185.191.171.36 - - [06/Oct/2021:10:12:27 +0200] "GET /betty-boop-metal-ashtray-heartbreaker-p-36135.html HTTP/1.0" 301 73306 "-" "Mozilla/5.0 (compatible; SemrushBot/7~bl; +http://www.semrush.com/bot.html)"
185.191.171.2 - - [06/Oct/2021:10:12:29 +0200] "GET /betty-boop-mtal-ashtray-heartbreaker-p-36135.html HTTP/1.0" 200 73203 "-" "Mozilla/5.0 (compatible; SemrushBot/7~bl; +http://www.semrush.com/bot.html)"
192.99.6.226 - - [06/Oct/2021:10:12:46 +0200] "GET /vanity-jasmin-jasmine-rockabilly-p-43156.html HTTP/1.0" 200 70530 "-" "Mozilla/5.0 (compatible; MJ12bot/v1.4.8; http://mj12bot.com/)"
185.191.171.15 - - [06/Oct/2021:10:13:14 +0200] "GET /odin-resin-figure-p-47483.html?action=add_product HTTP/1.0" 302 476 "-" "Mozilla/5.0 (compatible; SemrushBot/7~bl; +http://www.semrush.com/bot.html)"
185.191.171.43 - - [06/Oct/2021:10:13:20 +0200] "GET /london-metal-keyring-mail-p-35350.html HTTP/1.0" 200 73123 "-" "Mozilla/5.0 (compatible; SemrushBot/7~bl; +http://www.semrush.com/bot.html)"
192.99.6.226 - - [06/Oct/2021:10:13:41 +0200] "GET /vanity-by-teo-jasmin-jasmine-tropical-p-43157.html HTTP/1.0" 301 70652 "-" "Mozilla/5.0 (compatible; MJ12bot/v1.4.8; http://mj12bot.com/)"
54.36.148.7 - - [06/Oct/2021:10:14:10 +0200] "GET /freshener-heart-home-french-vanilla-p-40603.html HTTP/1.0" 200 73433 "-" "Mozilla/5.0 (compatible; AhrefsBot/7.0; +http://ahrefs.com/robot/)"
216.244.66.242 - - [06/Oct/2021:10:14:18 +0200] "GET /raving-rabbits-bag-lunch-box-and-bottle-p-31688.html HTTP/1.0" 301 70679 "-" "Mozilla/5.0 (compatible; DotBot/1.2; +https://opensiteexplorer.org/dotbot; help@moz.com)"
192.99.6.226 - - [06/Oct/2021:10:14:22 +0200] "GET /vanity-jasmin-jasmine-tropical-p-43157.html HTTP/1.0" 200 70555 "-" "Mozilla/5.0 (compatible; MJ12bot/v1.4.8; http://mj12bot.com/)"
35.243.23.42 - - [06/Oct/2021:10:14:22 +0200] "GET /images/big_prod/4542202657140.jpg HTTP/1.0" 200 268 "-" "Mozilla/5.0 (Windows NT 6.1; WOW64) AppleWebKit/537.36 (KHTML, like Gecko) Chrome/43.0.2357.81 Safari/537.36 AppEngine-Google; (+http://code.google.com/appengine; appid: s~traffic-proxy)"
40.77.167.79 - - [06/Oct/2021:10:14:50 +0200] "GET /images/big_prod/3453131132015.jpg HTTP/1.0" 200 268 "-" "Mozilla/5.0 (compatible; bingbot/2.0; +http://www.bing.com/bingbot.htm)"
114.119.128.40 - - [06/Oct/2021:10:14:52 +0200] "GET /boho-terracotta-pot-17-cm-p-51887.html HTTP/1.0" 301 70572 "-" "Mozilla/5.0 (Linux; Android 7.0;) AppleWebKit/537.36 (KHTML, like Gecko) Mobile Safari/537.36 (compatible; PetalBot;+https://webmaster.petalsearch.com/site/petalbot)"
114.119.128.40 - - [06/Oct/2021:10:14:53 +0200] "GET /boho-terracotta-p-51887.html HTTP/1.0" 200 70490 "-" "Mozilla/5.0 (Linux; Android 7.0;) AppleWebKit/537.36 (KHTML, like Gecko) Mobile Safari/537.36 (compatible; PetalBot;+https://webmaster.petalsearch.com/site/petalbot)"
192.99.6.226 - - [06/Oct/2021:10:14:55 +0200] "GET /vanity-by-teo-jasmin-teo-apache-p-43150.html HTTP/1.0" 301 70577 "-" "Mozilla/5.0 (compatible; MJ12bot/v1.4.8; http://mj12bot.com/)"
207.46.13.152 - - [06/Oct/2021:10:15:06 +0200] "GET /candy-cloud-hair-brush-twinkles-p-46653.html HTTP/1.0" 200 73753 "-" "Mozilla/5.0 (compatible; bingbot/2.0; +http://www.bing.com/bingbot.htm)"
192.99.6.226 - - [06/Oct/2021:10:15:28 +0200] "GET /vanity-jasmin-apache-p-43150.html HTTP/1.0" 200 70490 "-" "Mozilla/5.0 (compatible; MJ12bot/v1.4.8; http://mj12bot.com/)"
185.191.171.22 - - [06/Oct/2021:10:15:57 +0200] "GET /medusa-glass-paperweight-p-53632.html HTTP/1.0" 200 73062 "-" "Mozilla/5.0 (compatible; SemrushBot/7~bl; +http://www.semrush.com/bot.html)"
185.191.171.45 - - [06/Oct/2021:10:15:59 +0200] "GET /pokemon-swimming-ring-p-19972.html?action=add_product HTTP/1.0" 302 476 "-" "Mozilla/5.0 (compatible; SemrushBot/7~bl; +http://www.semrush.com/bot.html)"
185.191.171.13 - - [06/Oct/2021:10:16:05 +0200] "GET /cats-with-spoon-p-48611.html?action=add_product HTTP/1.0" 302 476 "-" "Mozilla/5.0 (compatible; SemrushBot/7~bl; +http://www.semrush.com/bot.html)"
192.99.6.226 - - [06/Oct/2021:10:16:07 +0200] "GET /vanity-by-teo-jasmin-teo-labaule-p-43151.html HTTP/1.0" 301 70601 "-" "Mozilla/5.0 (compatible; MJ12bot/v1.4.8; http://mj12bot.com/)"
54.36.148.157 - - [06/Oct/2021:10:16:23 +0200] "GET /messenger-black-yellow-marshall-p-26345.html HTTP/1.0" 200 73501 "-" "Mozilla/5.0 (compatible; AhrefsBot/7.0; +http://ahrefs.com/robot/)"
192.99.6.226 - - [06/Oct/2021:10:16:34 +0200] "GET /vanity-jasmin-labaule-p-43151.html HTTP/1.0" 200 70513 "-" "Mozilla/5.0 (compatible; MJ12bot/v1.4.8; http://mj12bot.com/)"
185.191.171.18 - - [06/Oct/2021:10:16:35 +0200] "GET /marley-pencil-p-5063.html?action=add_product HTTP/1.0" 302 476 "-" "Mozilla/5.0 (compatible; SemrushBot/7~bl; +http://www.semrush.com/bot.html)"
207.46.13.54 - - [06/Oct/2021:10:16:41 +0200] "GET /images/1020322242390.jpg HTTP/1.0" 200 259 "-" "Mozilla/5.0 (compatible; bingbot/2.0; +http://www.bing.com/bingbot.htm)"
5.255.253.134 - - [06/Oct/2021:10:16:42 +0200] "GET /-p-16631.html HTTP/1.0" 200 70420 "-" "Mozilla/5.0 (compatible; YandexBot/3.0; +http://yandex.com/bots)"
54.36.148.231 - - [06/Oct/2021:10:16:54 +0200] "GET /avengers-marvel-large-weekend-bag-p-33673.html HTTP/1.0" 301 70487 "-" "Mozilla/5.0 (compatible; AhrefsBot/7.0; +http://ahrefs.com/robot/)"
192.99.6.226 - - [06/Oct/2021:10:17:13 +0200] "GET /vanity-by-teo-jasmin-teo-tropical-p-43152.html HTTP/1.0" 301 70604 "-" "Mozilla/5.0 (compatible; MJ12bot/v1.4.8; http://mj12bot.com/)"
192.99.6.226 - - [06/Oct/2021:10:17:50 +0200] "GET /vanity-jasmin-tropical-p-43152.html HTTP/1.0" 200 70515 "-" "Mozilla/5.0 (compatible; MJ12bot/v1.4.8; http://mj12bot.com/)"
