148.251.120.201 - - [06/Oct/2021:06:02:02 +0200] "GET /life-is-good-metal-plate-40-30-cm-p-29228.html HTTP/1.0" 301 73172 "-" "Mozilla/5.0 (compatible; MJ12bot/v1.4.8; http://mj12bot.com/)"
148.251.120.201 - - [06/Oct/2021:06:02:09 +0200] "GET /life-good-metal-plate-p-29228.html HTTP/1.0" 200 73084 "-" "Mozilla/5.0 (compatible; MJ12bot/v1.4.8; http://mj12bot.com/)"
148.251.120.201 - - [06/Oct/2021:06:02:15 +0200] "GET /life-is-like-bicycle-metal-plate-deco-p-36126.html HTTP/1.0" 301 73264 "-" "Mozilla/5.0 (compatible; MJ12bot/v1.4.8; http://mj12bot.com/)"
54.36.149.40 - - [06/Oct/2021:06:02:19 +0200] "GET /white-lampshade-p-56280.html HTTP/1.0" 200 73738 "-" "Mozilla/5.0 (compatible; AhrefsBot/7.0; +http://ahrefs.com/robot/)"
148.251.120.201 - - [06/Oct/2021:06:02:21 +0200] "GET /life-like-bicycle-metal-plate-deco-p-36126.html HTTP/1.0" 200 73163 "-" "Mozilla/5.0 (compatible; MJ12bot/v1.4.8; http://mj12bot.com/)"
148.251.120.201 - - [06/Oct/2021:06:02:29 +0200] "GET /life-like-bicycle-metal-plate-deco-p-36126.html HTTP/1.0" 200 73163 "-" "Mozilla/5.0 (compatible; MJ12bot/v1.4.8; http://mj12bot.com/)"
148.251.120.201 - - [06/Oct/2021:06:02:34 +0200] "GET /light-wood-table-lamp-scandinavian-spirit-p-55786.html HTTP/1.0" 200 73932 "-" "Mozilla/5.0 (compatible; MJ12bot/v1.4.8; http://mj12bot.com/)"
148.251.120.201 - - [06/Oct/2021:06:02:42 +0200] "GET /light-wood-table-lamp-scandinavian-spirit-p-55787.html HTTP/1.0" 200 73932 "-" "Mozilla/5.0 (compatible; MJ12bot/v1.4.8; http://mj12bot.com/)"
148.251.120.201 - - [06/Oct/2021:06:02:50 +0200] "GET /lighting-c-13_86.html?page=12 HTTP/1.0" 200 92817 "-" "Mozilla/5.0 (compatible; MJ12bot/v1.4.8; http://mj12bot.com/)"
148.251.120.201 - - [06/Oct/2021:06:02:57 +0200] "GET /lighting-c-13_86.html?page=13 HTTP/1.0" 200 92548 "-" "Mozilla/5.0 (compatible; MJ12bot/v1.4.8; http://mj12bot.com/)"
148.251.120.201 - - [06/Oct/2021:06:03:03 +0200] "GET /lighting-c-13_86.html?page=14 HTTP/1.0" 200 92332 "-" "Mozilla/5.0 (compatible; MJ12bot/v1.4.8; http://mj12bot.com/)"
148.251.120.201 - - [06/Oct/2021:06:03:11 +0200] "GET /lighting-c-13_86.html?page=16 HTTP/1.0" 200 92650 "-" "Mozilla/5.0 (compatible; MJ12bot/v1.4.8; http://mj12bot.com/)"
148.251.120.201 - - [06/Oct/2021:06:03:19 +0200] "GET /lighting-c-13_86.html?page=17 HTTP/1.0" 200 92024 "-" "Mozilla/5.0 (compatible; MJ12bot/v1.4.8; http://mj12bot.com/)"
148.251.120.201 - - [06/Oct/2021:06:03:23 +0200] "GET /lighting-c-13_86.html?page=18 HTTP/1.0" 200 92733 "-" "Mozilla/5.0 (compatible; MJ12bot/v1.4.8; http://mj12bot.com/)"
148.251.120.201 - - [06/Oct/2021:06:03:30 +0200] "GET /lighting-c-13_86.html?page=19 HTTP/1.0" 200 92365 "-" "Mozilla/5.0 (compatible; MJ12bot/v1.4.8; http://mj12bot.com/)"
148.251.120.201 - - [06/Oct/2021:06:03:37 +0200] "GET /lighting-c-13_86.html?page=20 HTTP/1.0" 200 92433 "-" "Mozilla/5.0 (compatible; MJ12bot/v1.4.8; http://mj12bot.com/)"
54.36.148.249 - - [06/Oct/2021:06:03:38 +0200] "GET /mickey-figure-collection-p-20167.html HTTP/1.0" 200 70506 "-" "Mozilla/5.0 (compatible; AhrefsBot/7.0; +http://ahrefs.com/robot/)"
148.251.120.201 - - [06/Oct/2021:06:03:42 +0200] "GET /lighting-p-52564.html HTTP/1.0" 200 73909 "-" "Mozilla/5.0 (compatible; MJ12bot/v1.4.8; http://mj12bot.com/)"
185.191.171.6 - - [06/Oct/2021:06:03:44 +0200] "GET /soap-olive-cube-olivier-p-37477.html?action=add_product HTTP/1.0" 302 476 "-" "Mozilla/5.0 (compatible; SemrushBot/7~bl; +http://www.semrush.com/bot.html)"
148.251.120.201 - - [06/Oct/2021:06:03:47 +0200] "GET /limited-edition-gorjuss-shoulder-bag-ladybird-p-35140.html HTTP/1.0" 301 74843 "-" "Mozilla/5.0 (compatible; MJ12bot/v1.4.8; http://mj12bot.com/)"
185.191.171.26 - - [06/Oct/2021:06:03:52 +0200] "GET /pusheen-pencil-topper-random-model-p-41959.html?action=add_product HTTP/1.0" 302 476 "-" "Mozilla/5.0 (compatible; SemrushBot/7~bl; +http://www.semrush.com/bot.html)"
148.251.120.201 - - [06/Oct/2021:06:03:54 +0200] "GET /limited-edition-gorjuss-shoulder-ladybird-p-35140.html HTTP/1.0" 200 74735 "-" "Mozilla/5.0 (compatible; MJ12bot/v1.4.8; http://mj12bot.com/)"
148.251.120.201 - - [06/Oct/2021:06:04:00 +0200] "GET /limited-edition-gorjuss-shoulder-ladybird-p-35140.html HTTP/1.0" 200 74735 "-" "Mozilla/5.0 (compatible; MJ12bot/v1.4.8; http://mj12bot.com/)"
185.191.171.23 - - [06/Oct/2021:06:04:01 +0200] "GET /rock-candle-hours-grey-p-42104.html?action=add_product HTTP/1.0" 302 476 "-" "Mozilla/5.0 (compatible; SemrushBot/7~bl; +http://www.semrush.com/bot.html)"
148.251.120.201 - - [06/Oct/2021:06:04:05 +0200] "GET /limited-edition-swarovski-kimmidoll-dolls-15-cm-p-46119.html HTTP/1.0" 301 70658 "-" "Mozilla/5.0 (compatible; MJ12bot/v1.4.8; http://mj12bot.com/)"
148.251.120.201 - - [06/Oct/2021:06:04:12 +0200] "GET /limited-edition-swarovski-kimmidoll-dolls-p-46119.html HTTP/1.0" 200 70550 "-" "Mozilla/5.0 (compatible; MJ12bot/v1.4.8; http://mj12bot.com/)"
114.119.128.26 - - [06/Oct/2021:06:04:14 +0200] "GET /mani-lucky-charm-size-anniversaire-p-33275.html HTTP/1.0" 200 73410 "-" "Mozilla/5.0 (Linux; Android 7.0;) AppleWebKit/537.36 (KHTML, like Gecko) Mobile Safari/537.36 (compatible; PetalBot;+https://webmaster.petalsearch.com/site/petalbot)"
148.251.120.201 - - [06/Oct/2021:06:04:17 +0200] "GET /limited-edition-swarovski-kimmidoll-dolls-p-46119.html HTTP/1.0" 200 70550 "-" "Mozilla/5.0 (compatible; MJ12bot/v1.4.8; http://mj12bot.com/)"
35.185.214.157 - - [06/Oct/2021:06:04:23 +0200] "GET /images/mini_prod/3457019600467.jpg HTTP/1.0" 200 269 "-" "Mozilla/5.0 (X11; Ubuntu; Linux x86_64; rv:72.0) Gecko/20100101 Firefox/72.0"
148.251.120.201 - - [06/Oct/2021:06:04:23 +0200] "GET /lion-cushion-p-34051.html HTTP/1.0" 301 70487 "-" "Mozilla/5.0 (compatible; MJ12bot/v1.4.8; http://mj12bot.com/)"
148.251.120.201 - - [06/Oct/2021:06:04:28 +0200] "GET /-p-34051.html HTTP/1.0" 200 70420 "-" "Mozilla/5.0 (compatible; MJ12bot/v1.4.8; http://mj12bot.com/)"
148.251.120.201 - - [06/Oct/2021:06:04:32 +0200] "GET /lip-gloss-duckling-random-color-according-to-arrival-p-31892.html HTTP/1.0" 301 73553 "-" "Mozilla/5.0 (compatible; MJ12bot/v1.4.8; http://mj12bot.com/)"
148.251.120.201 - - [06/Oct/2021:06:04:38 +0200] "GET /gloss-duckling-random-color-according-arrival-p-31892.html HTTP/1.0" 200 73441 "-" "Mozilla/5.0 (compatible; MJ12bot/v1.4.8; http://mj12bot.com/)"
148.251.120.201 - - [06/Oct/2021:06:04:44 +0200] "GET /little-buddha-collection-keychain-black-p-43056.html HTTP/1.0" 200 70588 "-" "Mozilla/5.0 (compatible; MJ12bot/v1.4.8; http://mj12bot.com/)"
185.191.171.18 - - [06/Oct/2021:06:04:44 +0200] "GET /jane-crowther-cats-p-54240.html HTTP/1.0" 200 73070 "-" "Mozilla/5.0 (compatible; SemrushBot/7~bl; +http://www.semrush.com/bot.html)"
148.251.120.201 - - [06/Oct/2021:06:04:50 +0200] "GET /little-buddha-collection-keychain-blue-p-43061.html HTTP/1.0" 200 70586 "-" "Mozilla/5.0 (compatible; MJ12bot/v1.4.8; http://mj12bot.com/)"
185.191.171.38 - - [06/Oct/2021:06:04:54 +0200] "GET /round-wooden-tray-267-cm-p-47705.html HTTP/1.0" 301 70604 "-" "Mozilla/5.0 (compatible; SemrushBot/7~bl; +http://www.semrush.com/bot.html)"
148.251.120.201 - - [06/Oct/2021:06:04:55 +0200] "GET /little-buddha-collection-keychain-pink-and-blue-p-43059.html HTTP/1.0" 301 70706 "-" "Mozilla/5.0 (compatible; MJ12bot/v1.4.8; http://mj12bot.com/)"
54.36.148.8 - - [06/Oct/2021:06:04:56 +0200] "GET /luggages-schoolbags-leather-shop-c-31.html?page=70 HTTP/1.0" 200 93406 "-" "Mozilla/5.0 (compatible; AhrefsBot/7.0; +http://ahrefs.com/robot/)"
185.191.171.1 - - [06/Oct/2021:06:04:56 +0200] "GET /round-wooden-tray-p-47705.html HTTP/1.0" 200 70520 "-" "Mozilla/5.0 (compatible; SemrushBot/7~bl; +http://www.semrush.com/bot.html)"
148.251.120.201 - - [06/Oct/2021:06:05:01 +0200] "GET /little-buddha-collection-keychain-pink-blue-p-43059.html HTTP/1.0" 200 70596 "-" "Mozilla/5.0 (compatible; MJ12bot/v1.4.8; http://mj12bot.com/)"
40.77.167.77 - - [06/Oct/2021:06:05:05 +0200] "GET /images/5411854144379.jpg HTTP/1.0" 200 259 "-" "Mozilla/5.0 (compatible; bingbot/2.0; +http://www.bing.com/bingbot.htm)"
148.251.120.201 - - [06/Oct/2021:06:05:08 +0200] "GET /little-buddha-collection-keychain-pink-blue-p-43059.html HTTP/1.0" 200 70596 "-" "Mozilla/5.0 (compatible; MJ12bot/v1.4.8; http://mj12bot.com/)"
148.251.120.201 - - [06/Oct/2021:06:05:13 +0200] "GET /little-buddha-collection-keychain-pink-p-43057.html HTTP/1.0" 200 70586 "-" "Mozilla/5.0 (compatible; MJ12bot/v1.4.8; http://mj12bot.com/)"
148.251.120.201 - - [06/Oct/2021:06:05:21 +0200] "GET /little-prince-cushion-cherry-pits-p-53843.html HTTP/1.0" 200 73840 "-" "Mozilla/5.0 (compatible; MJ12bot/v1.4.8; http://mj12bot.com/)"
17.121.113.125 - - [06/Oct/2021:06:05:26 +0200] "GET /images/mini_prod/DSCN7544.jpg HTTP/1.0" 200 264 "-" "Mozilla/5.0 (Macintosh; Intel Mac OS X 10_15_5) AppleWebKit/605.1.15 (KHTML, like Gecko) Version/13.1.1 Safari/605.1.15 (Applebot/0.1; +http://www.apple.com/go/applebot)"
148.251.120.201 - - [06/Oct/2021:06:05:27 +0200] "GET /little-prince-cushion-cherry-pits-p-53844.html HTTP/1.0" 200 73211 "-" "Mozilla/5.0 (compatible; MJ12bot/v1.4.8; http://mj12bot.com/)"
148.251.120.201 - - [06/Oct/2021:06:05:31 +0200] "GET /little-prince-saint-exupery-bowl-p-44840.html HTTP/1.0" 200 73151 "-" "Mozilla/5.0 (compatible; MJ12bot/v1.4.8; http://mj12bot.com/)"
148.251.120.201 - - [06/Oct/2021:06:05:38 +0200] "GET /little-prince-saint-exupery-bowl-p-44841.html HTTP/1.0" 200 73150 "-" "Mozilla/5.0 (compatible; MJ12bot/v1.4.8; http://mj12bot.com/)"
148.251.120.201 - - [06/Oct/2021:06:05:43 +0200] "GET /little-prince-saint-exupery-cookie-p-44862.html HTTP/1.0" 200 73215 "-" "Mozilla/5.0 (compatible; MJ12bot/v1.4.8; http://mj12bot.com/)"
185.191.171.6 - - [06/Oct/2021:06:05:46 +0200] "GET /metal-cookie-box-p-50900.html HTTP/1.0" 301 70545 "-" "Mozilla/5.0 (compatible; SemrushBot/7~bl; +http://www.semrush.com/bot.html)"
185.191.171.38 - - [06/Oct/2021:06:05:48 +0200] "GET /metal-cookie-p-50900.html HTTP/1.0" 200 70466 "-" "Mozilla/5.0 (compatible; SemrushBot/7~bl; +http://www.semrush.com/bot.html)"
148.251.120.201 - - [06/Oct/2021:06:05:48 +0200] "GET /little-prince-saint-exupery-white-ceramic-p-44846.html HTTP/1.0" 200 73369 "-" "Mozilla/5.0 (compatible; MJ12bot/v1.4.8; http://mj12bot.com/)"
148.251.120.201 - - [06/Oct/2021:06:05:55 +0200] "GET /little-prince-tote-p-47143.html HTTP/1.0" 200 73122 "-" "Mozilla/5.0 (compatible; MJ12bot/v1.4.8; http://mj12bot.com/)"
148.251.120.201 - - [06/Oct/2021:06:06:01 +0200] "GET /little-shiva-pink-p-39300.html HTTP/1.0" 200 70520 "-" "Mozilla/5.0 (compatible; MJ12bot/v1.4.8; http://mj12bot.com/)"
148.251.120.201 - - [06/Oct/2021:06:06:07 +0200] "GET /little-shiva-pink-tea-box-p-39300.html HTTP/1.0" 301 70604 "-" "Mozilla/5.0 (compatible; MJ12bot/v1.4.8; http://mj12bot.com/)"
148.251.120.201 - - [06/Oct/2021:06:06:14 +0200] "GET /little-shiva-pink-p-39300.html HTTP/1.0" 200 70520 "-" "Mozilla/5.0 (compatible; MJ12bot/v1.4.8; http://mj12bot.com/)"
148.251.120.201 - - [06/Oct/2021:06:06:19 +0200] "GET /llama-love-glasses-case-p-47579.html HTTP/1.0" 200 70502 "-" "Mozilla/5.0 (compatible; MJ12bot/v1.4.8; http://mj12bot.com/)"
54.36.148.184 - - [06/Oct/2021:06:06:22 +0200] "GET /aprons-c-11_74.html?page=4 HTTP/1.0" 200 92061 "-" "Mozilla/5.0 (compatible; AhrefsBot/7.0; +http://ahrefs.com/robot/)"
148.251.120.201 - - [06/Oct/2021:06:06:25 +0200] "GET /lois-pink-indian-wallet-for-women-p-38151.html HTTP/1.0" 301 70664 "-" "Mozilla/5.0 (compatible; MJ12bot/v1.4.8; http://mj12bot.com/)"
185.191.171.5 - - [06/Oct/2021:06:06:31 +0200] "GET /jasmin-pencil-case-marley-p-41282.html HTTP/1.0" 200 73806 "-" "Mozilla/5.0 (compatible; SemrushBot/7~bl; +http://www.semrush.com/bot.html)"
148.251.120.201 - - [06/Oct/2021:06:06:34 +0200] "GET /lois-pink-indian-wallet-women-p-38151.html HTTP/1.0" 200 70568 "-" "Mozilla/5.0 (compatible; MJ12bot/v1.4.8; http://mj12bot.com/)"
148.251.120.201 - - [06/Oct/2021:06:06:40 +0200] "GET /lois-pink-indian-wallet-women-p-38151.html HTTP/1.0" 200 70568 "-" "Mozilla/5.0 (compatible; MJ12bot/v1.4.8; http://mj12bot.com/)"
148.251.120.201 - - [06/Oct/2021:06:06:49 +0200] "GET /lonard-vinci-horse-figurine-p-38939.html HTTP/1.0" 200 74127 "-" "Mozilla/5.0 (compatible; MJ12bot/v1.4.8; http://mj12bot.com/)"
148.251.120.201 - - [06/Oct/2021:06:06:54 +0200] "GET /lonard-vinci-vitruvian-figurine-p-35043.html HTTP/1.0" 200 74245 "-" "Mozilla/5.0 (compatible; MJ12bot/v1.4.8; http://mj12bot.com/)"
185.191.171.19 - - [06/Oct/2021:06:06:55 +0200] "GET /woodlove-charming-dekor-bedclothes-p-36434.html?action=add_product HTTP/1.0" 302 476 "-" "Mozilla/5.0 (compatible; SemrushBot/7~bl; +http://www.semrush.com/bot.html)"
148.251.120.201 - - [06/Oct/2021:06:06:59 +0200] "GET /london-lord-brian-placemat-p-48333.html HTTP/1.0" 200 70541 "-" "Mozilla/5.0 (compatible; MJ12bot/v1.4.8; http://mj12bot.com/)"
148.251.120.201 - - [06/Oct/2021:06:07:06 +0200] "GET /london-neon-guitar-clock-p-23205.html HTTP/1.0" 301 70487 "-" "Mozilla/5.0 (compatible; MJ12bot/v1.4.8; http://mj12bot.com/)"
148.251.120.201 - - [06/Oct/2021:06:07:09 +0200] "GET /-p-23205.html HTTP/1.0" 200 70420 "-" "Mozilla/5.0 (compatible; MJ12bot/v1.4.8; http://mj12bot.com/)"
148.251.120.201 - - [06/Oct/2021:06:07:15 +0200] "GET /london-oilcloth-tablecloth-p-29438.html HTTP/1.0" 301 70487 "-" "Mozilla/5.0 (compatible; MJ12bot/v1.4.8; http://mj12bot.com/)"
148.251.120.201 - - [06/Oct/2021:06:07:19 +0200] "GET /-p-29438.html HTTP/1.0" 200 70420 "-" "Mozilla/5.0 (compatible; MJ12bot/v1.4.8; http://mj12bot.com/)"
148.251.120.201 - - [06/Oct/2021:06:07:24 +0200] "GET /london-phoneboxe-metal-clock-p-34301.html HTTP/1.0" 200 70522 "-" "Mozilla/5.0 (compatible; MJ12bot/v1.4.8; http://mj12bot.com/)"
148.251.120.201 - - [06/Oct/2021:06:07:30 +0200] "GET /london-poster-p-11061.html HTTP/1.0" 200 70500 "-" "Mozilla/5.0 (compatible; MJ12bot/v1.4.8; http://mj12bot.com/)"
148.251.120.201 - - [06/Oct/2021:06:07:37 +0200] "GET /london-queen-cushion-p-26109.html HTTP/1.0" 301 70487 "-" "Mozilla/5.0 (compatible; MJ12bot/v1.4.8; http://mj12bot.com/)"
54.36.148.246 - - [06/Oct/2021:06:07:39 +0200] "GET /comics-phone-cover-iphone-p-18864.html HTTP/1.0" 200 73904 "-" "Mozilla/5.0 (compatible; AhrefsBot/7.0; +http://ahrefs.com/robot/)"
148.251.120.201 - - [06/Oct/2021:06:07:42 +0200] "GET /-p-26109.html HTTP/1.0" 200 70420 "-" "Mozilla/5.0 (compatible; MJ12bot/v1.4.8; http://mj12bot.com/)"
148.251.120.201 - - [06/Oct/2021:06:07:48 +0200] "GET /london-red-bus-poster-p-11061.html HTTP/1.0" 301 70580 "-" "Mozilla/5.0 (compatible; MJ12bot/v1.4.8; http://mj12bot.com/)"
148.251.120.201 - - [06/Oct/2021:06:07:53 +0200] "GET /london-poster-p-11061.html HTTP/1.0" 200 70500 "-" "Mozilla/5.0 (compatible; MJ12bot/v1.4.8; http://mj12bot.com/)"
185.191.171.42 - - [06/Oct/2021:06:07:55 +0200] "GET /kimmidoll-dolls-p-47596.html?action=add_product HTTP/1.0" 302 476 "-" "Mozilla/5.0 (compatible; SemrushBot/7~bl; +http://www.semrush.com/bot.html)"
148.251.120.201 - - [06/Oct/2021:06:08:00 +0200] "GET /london-semi-sheer-voile-grommet-panel-p-26093.html HTTP/1.0" 301 70487 "-" "Mozilla/5.0 (compatible; MJ12bot/v1.4.8; http://mj12bot.com/)"
148.251.120.201 - - [06/Oct/2021:06:08:05 +0200] "GET /-p-26093.html HTTP/1.0" 200 70420 "-" "Mozilla/5.0 (compatible; MJ12bot/v1.4.8; http://mj12bot.com/)"
148.251.120.201 - - [06/Oct/2021:06:08:12 +0200] "GET /london-semi-sheer-voile-grommet-panel-p-27989.html HTTP/1.0" 301 70487 "-" "Mozilla/5.0 (compatible; MJ12bot/v1.4.8; http://mj12bot.com/)"
114.119.128.40 - - [06/Oct/2021:06:08:18 +0200] "GET /images/big_prod/3609810071674a.jpg HTTP/1.0" 200 269 "-" "Mozilla/5.0 (Linux; Android 7.0;) AppleWebKit/537.36 (KHTML, like Gecko) Mobile Safari/537.36 (compatible; PetalBot;+https://webmaster.petalsearch.com/site/petalbot)"
148.251.120.201 - - [06/Oct/2021:06:08:18 +0200] "GET /-p-27989.html HTTP/1.0" 200 70420 "-" "Mozilla/5.0 (compatible; MJ12bot/v1.4.8; http://mj12bot.com/)"
148.251.120.201 - - [06/Oct/2021:06:08:24 +0200] "GET /london-semi-sheer-voile-grommet-panel-p-27990.html HTTP/1.0" 301 70487 "-" "Mozilla/5.0 (compatible; MJ12bot/v1.4.8; http://mj12bot.com/)"
40.77.167.10 - - [06/Oct/2021:06:08:26 +0200] "GET /scented-votive-chakra-candles-p-55100.html HTTP/1.0" 200 76614 "-" "Mozilla/5.0 (compatible; bingbot/2.0; +http://www.bing.com/bingbot.htm)"
148.251.120.201 - - [06/Oct/2021:06:08:32 +0200] "GET /-p-27990.html HTTP/1.0" 200 70420 "-" "Mozilla/5.0 (compatible; MJ12bot/v1.4.8; http://mj12bot.com/)"
185.191.171.16 - - [06/Oct/2021:06:08:33 +0200] "GET /stone-polychrome-jasper-grams-p-46583.html HTTP/1.0" 200 74385 "-" "Mozilla/5.0 (compatible; SemrushBot/7~bl; +http://www.semrush.com/bot.html)"
162.247.74.217 - - [06/Oct/2021:06:08:40 +0200] "GET /contact_us.php HTTP/1.0" 200 26241 "http://www.wonder-geek.com/contact_us.php" "Mozilla/5.0 (Windows NT 6.1; Win64; x64) AppleWebKit/537.36 (KHTML, like Gecko) Chrome/90.0.4430.85 Safari/537.36 Edg/90.0.818.49"
148.251.120.201 - - [06/Oct/2021:06:08:41 +0200] "GET /london-stamp-cushion-p-26110.html HTTP/1.0" 200 73295 "-" "Mozilla/5.0 (compatible; MJ12bot/v1.4.8; http://mj12bot.com/)"
23.129.64.209 - - [06/Oct/2021:06:08:43 +0200] "POST /contact_us.php?action=send HTTP/1.0" 200 26663 "http://www.wonder-geek.com/contact_us.php" "Mozilla/5.0 (Windows NT 6.1; Win64; x64) AppleWebKit/537.36 (KHTML, like Gecko) Chrome/90.0.4430.85 Safari/537.36 Edg/90.0.818.49"
148.251.120.201 - - [06/Oct/2021:06:08:48 +0200] "GET /london-storage-box-p-20676.html HTTP/1.0" 301 70487 "-" "Mozilla/5.0 (compatible; MJ12bot/v1.4.8; http://mj12bot.com/)"
185.191.171.2 - - [06/Oct/2021:06:08:48 +0200] "GET /cuba-metal-tray-p-39516.html?action=add_product HTTP/1.0" 302 476 "-" "Mozilla/5.0 (compatible; SemrushBot/7~bl; +http://www.semrush.com/bot.html)"
148.251.120.201 - - [06/Oct/2021:06:08:54 +0200] "GET /-p-20676.html HTTP/1.0" 200 70420 "-" "Mozilla/5.0 (compatible; MJ12bot/v1.4.8; http://mj12bot.com/)"
148.251.120.201 - - [06/Oct/2021:06:09:00 +0200] "GET /london-telephone-table-lamp-p-55780.html HTTP/1.0" 200 73877 "-" "Mozilla/5.0 (compatible; MJ12bot/v1.4.8; http://mj12bot.com/)"
148.251.120.201 - - [06/Oct/2021:06:09:06 +0200] "GET /london-time-bedclothes-220-cm-p-30612.html HTTP/1.0" 301 70487 "-" "Mozilla/5.0 (compatible; MJ12bot/v1.4.8; http://mj12bot.com/)"
54.36.148.7 - - [06/Oct/2021:06:09:08 +0200] "GET /samurai-statue-resin-p-50898.html HTTP/1.0" 200 74078 "-" "Mozilla/5.0 (compatible; AhrefsBot/7.0; +http://ahrefs.com/robot/)"
148.251.120.201 - - [06/Oct/2021:06:09:12 +0200] "GET /-p-30612.html HTTP/1.0" 200 70420 "-" "Mozilla/5.0 (compatible; MJ12bot/v1.4.8; http://mj12bot.com/)"
101.33.33.164 - - [06/Oct/2021:06:09:17 +0200] "GET /images/mini_prod/3660173149899.jpg HTTP/1.0" 200 269 "-" "Mozilla/5.0 (X11; Ubuntu; Linux x86_64; rv:72.0) Gecko/20100101 Firefox/72.0"
148.251.120.201 - - [06/Oct/2021:06:09:18 +0200] "GET /london-triptych-frames-frames-20-20-cm-p-31055.html HTTP/1.0" 301 70487 "-" "Mozilla/5.0 (compatible; MJ12bot/v1.4.8; http://mj12bot.com/)"
185.191.171.5 - - [06/Oct/2021:06:09:21 +0200] "GET /-p-39316.html?action=add_product HTTP/1.0" 302 476 "-" "Mozilla/5.0 (compatible; SemrushBot/7~bl; +http://www.semrush.com/bot.html)"
148.251.120.201 - - [06/Oct/2021:06:09:26 +0200] "GET /-p-31055.html HTTP/1.0" 200 70420 "-" "Mozilla/5.0 (compatible; MJ12bot/v1.4.8; http://mj12bot.com/)"
148.251.120.201 - - [06/Oct/2021:06:09:32 +0200] "GET /london-union-jack-bedclothes-220-240-cm-p-36607.html HTTP/1.0" 301 70487 "-" "Mozilla/5.0 (compatible; MJ12bot/v1.4.8; http://mj12bot.com/)"
148.251.120.201 - - [06/Oct/2021:06:09:39 +0200] "GET /-p-36607.html HTTP/1.0" 200 70420 "-" "Mozilla/5.0 (compatible; MJ12bot/v1.4.8; http://mj12bot.com/)"
185.191.171.5 - - [06/Oct/2021:06:09:40 +0200] "GET /apron-wine-p-45718.html?action=add_product HTTP/1.0" 302 476 "-" "Mozilla/5.0 (compatible; SemrushBot/7~bl; +http://www.semrush.com/bot.html)"
148.251.120.201 - - [06/Oct/2021:06:09:45 +0200] "GET /london-union-jack-cushion-p-26107.html HTTP/1.0" 301 70487 "-" "Mozilla/5.0 (compatible; MJ12bot/v1.4.8; http://mj12bot.com/)"
148.251.120.201 - - [06/Oct/2021:06:09:53 +0200] "GET /-p-26107.html HTTP/1.0" 200 70420 "-" "Mozilla/5.0 (compatible; MJ12bot/v1.4.8; http://mj12bot.com/)"
185.191.171.42 - - [06/Oct/2021:06:09:54 +0200] "GET /tassen-mood-vase-made-in-germany-p-46335.html HTTP/1.0" 301 74165 "-" "Mozilla/5.0 (compatible; SemrushBot/7~bl; +http://www.semrush.com/bot.html)"
207.46.13.152 - - [06/Oct/2021:06:09:54 +0200] "GET /little-prince-white-ceramic-plate-p-52499.html HTTP/1.0" 200 70550 "-" "Mozilla/5.0 (compatible; bingbot/2.0; +http://www.bing.com/bingbot.htm)"
185.191.171.45 - - [06/Oct/2021:06:09:56 +0200] "GET /tassen-mood-vase-made-germany-p-46335.html HTTP/1.0" 200 74069 "-" "Mozilla/5.0 (compatible; SemrushBot/7~bl; +http://www.semrush.com/bot.html)"
148.251.120.201 - - [06/Oct/2021:06:09:57 +0200] "GET /london-union-jack-removable-cushion-p-28726.html HTTP/1.0" 301 70487 "-" "Mozilla/5.0 (compatible; MJ12bot/v1.4.8; http://mj12bot.com/)"
148.251.120.201 - - [06/Oct/2021:06:10:03 +0200] "GET /-p-28726.html HTTP/1.0" 200 70420 "-" "Mozilla/5.0 (compatible; MJ12bot/v1.4.8; http://mj12bot.com/)"
148.251.120.201 - - [06/Oct/2021:06:10:08 +0200] "GET /london-welcome-cushion-door-p-24932.html HTTP/1.0" 301 70487 "-" "Mozilla/5.0 (compatible; MJ12bot/v1.4.8; http://mj12bot.com/)"
148.251.120.201 - - [06/Oct/2021:06:10:14 +0200] "GET /-p-24932.html HTTP/1.0" 200 70420 "-" "Mozilla/5.0 (compatible; MJ12bot/v1.4.8; http://mj12bot.com/)"
148.251.120.201 - - [06/Oct/2021:06:10:19 +0200] "GET /lonidas-statue-p-40909.html HTTP/1.0" 200 73126 "-" "Mozilla/5.0 (compatible; MJ12bot/v1.4.8; http://mj12bot.com/)"
185.191.171.19 - - [06/Oct/2021:06:10:27 +0200] "GET /fitted-sheet-with-head-foot-lifting-p-42594.html?action=add_product HTTP/1.0" 302 476 "-" "Mozilla/5.0 (compatible; SemrushBot/7~bl; +http://www.semrush.com/bot.html)"
148.251.120.201 - - [06/Oct/2021:06:10:29 +0200] "GET /lot-totema-light-grey-napkins-p-34060.html HTTP/1.0" 301 70487 "-" "Mozilla/5.0 (compatible; MJ12bot/v1.4.8; http://mj12bot.com/)"
148.251.120.201 - - [06/Oct/2021:06:10:35 +0200] "GET /-p-34060.html HTTP/1.0" 200 70420 "-" "Mozilla/5.0 (compatible; MJ12bot/v1.4.8; http://mj12bot.com/)"
148.251.120.201 - - [06/Oct/2021:06:10:38 +0200] "GET /lotus-candlelight-holder-violet-blue-gold-trim-p-55097.html HTTP/1.0" 200 74582 "-" "Mozilla/5.0 (compatible; MJ12bot/v1.4.8; http://mj12bot.com/)"
54.36.148.111 - - [06/Oct/2021:06:10:40 +0200] "GET /domo-frankunstein-shirt-p-29504.html HTTP/1.0" 200 74478 "-" "Mozilla/5.0 (compatible; AhrefsBot/7.0; +http://ahrefs.com/robot/)"
148.251.120.201 - - [06/Oct/2021:06:10:46 +0200] "GET /love-bedclothes-220-240-cm-p-39065.html HTTP/1.0" 301 70487 "-" "Mozilla/5.0 (compatible; MJ12bot/v1.4.8; http://mj12bot.com/)"
148.251.120.201 - - [06/Oct/2021:06:10:52 +0200] "GET /-p-39065.html HTTP/1.0" 200 70420 "-" "Mozilla/5.0 (compatible; MJ12bot/v1.4.8; http://mj12bot.com/)"
148.251.120.201 - - [06/Oct/2021:06:10:58 +0200] "GET /love-nature-design-ground-sheet-45-75-cm-p-36886.html HTTP/1.0" 301 70487 "-" "Mozilla/5.0 (compatible; MJ12bot/v1.4.8; http://mj12bot.com/)"
148.251.120.201 - - [06/Oct/2021:06:11:03 +0200] "GET /-p-36886.html HTTP/1.0" 200 70420 "-" "Mozilla/5.0 (compatible; MJ12bot/v1.4.8; http://mj12bot.com/)"
51.68.224.127 - - [06/Oct/2021:06:11:08 +0200] "GET /adminweb/export_orders_xml.php?token=256de2z6edz6ed2z6DFSFsed2zed6zeDSFDSGdzedezfzf&maxorders=10&orderstart=1&status=14&start_date=2018-10-01 HTTP/1.0" 200 285 "-" "GesCom CharlotteBoutik Serveur"
51.68.224.127 - - [06/Oct/2021:06:11:08 +0200] "GET /adminweb/export_orders_xml.php?token=256de2z6edz6ed2z6DFSFsed2zed6zeDSFDSGdzedezfzf&maxorders=10&orderstart=1&status=6&start_date=2018-10-01 HTTP/1.0" 200 32573 "-" "GesCom CharlotteBoutik Serveur"
148.251.120.201 - - [06/Oct/2021:06:11:09 +0200] "GET /lu-metal-plate-p-27289.html HTTP/1.0" 301 70553 "-" "Mozilla/5.0 (compatible; MJ12bot/v1.4.8; http://mj12bot.com/)"
148.251.120.201 - - [06/Oct/2021:06:11:12 +0200] "GET /metal-plate-p-27289.html HTTP/1.0" 200 70475 "-" "Mozilla/5.0 (compatible; MJ12bot/v1.4.8; http://mj12bot.com/)"
148.251.120.201 - - [06/Oct/2021:06:11:18 +0200] "GET /lu-petit-beurre-mug-p-15061.html HTTP/1.0" 301 70487 "-" "Mozilla/5.0 (compatible; MJ12bot/v1.4.8; http://mj12bot.com/)"
148.251.120.201 - - [06/Oct/2021:06:11:26 +0200] "GET /-p-15061.html HTTP/1.0" 200 70420 "-" "Mozilla/5.0 (compatible; MJ12bot/v1.4.8; http://mj12bot.com/)"
185.191.171.44 - - [06/Oct/2021:06:11:28 +0200] "GET /keyrings-c-31_52.html?page=7 HTTP/1.0" 200 95110 "-" "Mozilla/5.0 (compatible; SemrushBot/7~bl; +http://www.semrush.com/bot.html)"
216.244.66.242 - - [06/Oct/2021:06:11:32 +0200] "GET /robots.txt HTTP/1.0" 200 245 "-" "Mozilla/5.0 (compatible; DotBot/1.2; +https://opensiteexplorer.org/dotbot; help@moz.com)"
17.121.115.166 - - [06/Oct/2021:06:11:32 +0200] "GET /water-bottles-and-flasks-c-12_161.html HTTP/1.0" 301 92538 "-" "Mozilla/5.0 (Macintosh; Intel Mac OS X 10_15_5) AppleWebKit/605.1.15 (KHTML, like Gecko) Version/13.1.1 Safari/605.1.15 (Applebot/0.1; +http://www.apple.com/go/applebot)"
17.121.115.166 - - [06/Oct/2021:06:11:33 +0200] "GET /water-bottles-sport-bottles-c-161.html HTTP/1.0" 301 92437 "-" "Mozilla/5.0 (Macintosh; Intel Mac OS X 10_15_5) AppleWebKit/605.1.15 (KHTML, like Gecko) Version/13.1.1 Safari/605.1.15 (Applebot/0.1; +http://www.apple.com/go/applebot)"
17.121.115.166 - - [06/Oct/2021:06:11:34 +0200] "GET /water-bottles-sport-bottles-c-12_161.html HTTP/1.0" 200 92446 "-" "Mozilla/5.0 (Macintosh; Intel Mac OS X 10_15_5) AppleWebKit/605.1.15 (KHTML, like Gecko) Version/13.1.1 Safari/605.1.15 (Applebot/0.1; +http://www.apple.com/go/applebot)"
148.251.120.201 - - [06/Oct/2021:06:11:37 +0200] "GET /lucky-mini-figurine-p-36912.html HTTP/1.0" 200 73640 "-" "Mozilla/5.0 (compatible; MJ12bot/v1.4.8; http://mj12bot.com/)"
148.251.120.201 - - [06/Oct/2021:06:11:44 +0200] "GET /luffy-pirates-one-piece-poster-p-15390.html HTTP/1.0" 301 70487 "-" "Mozilla/5.0 (compatible; MJ12bot/v1.4.8; http://mj12bot.com/)"
148.251.120.201 - - [06/Oct/2021:06:11:48 +0200] "GET /-p-15390.html HTTP/1.0" 200 70420 "-" "Mozilla/5.0 (compatible; MJ12bot/v1.4.8; http://mj12bot.com/)"
17.121.115.166 - - [06/Oct/2021:06:11:53 +0200] "GET /images/big_prod_2/251GJS12b.jpg HTTP/1.0" 200 266 "-" "Mozilla/5.0 (Macintosh; Intel Mac OS X 10_15_5) AppleWebKit/605.1.15 (KHTML, like Gecko) Version/13.1.1 Safari/605.1.15 (Applebot/0.1; +http://www.apple.com/go/applebot)"
148.251.120.201 - - [06/Oct/2021:06:11:54 +0200] "GET /luggages-schoolbags-leather-shop-c-31.html?page=10 HTTP/1.0" 200 92595 "-" "Mozilla/5.0 (compatible; MJ12bot/v1.4.8; http://mj12bot.com/)"
148.251.120.201 - - [06/Oct/2021:06:12:00 +0200] "GET /luggages-schoolbags-leather-shop-c-31.html?page=11 HTTP/1.0" 200 93239 "-" "Mozilla/5.0 (compatible; MJ12bot/v1.4.8; http://mj12bot.com/)"
148.251.120.201 - - [06/Oct/2021:06:12:04 +0200] "GET /luminous-globe-p-51891.html HTTP/1.0" 200 73716 "-" "Mozilla/5.0 (compatible; MJ12bot/v1.4.8; http://mj12bot.com/)"
54.36.148.72 - - [06/Oct/2021:06:12:09 +0200] "GET /luggages-schoolbags-leather-shop-c-31.html?page=11 HTTP/1.0" 200 93239 "-" "Mozilla/5.0 (compatible; AhrefsBot/7.0; +http://ahrefs.com/robot/)"
148.251.120.201 - - [06/Oct/2021:06:12:11 +0200] "GET /lyon-glass-ashtray-p-36626.html HTTP/1.0" 301 70487 "-" "Mozilla/5.0 (compatible; MJ12bot/v1.4.8; http://mj12bot.com/)"
40.77.167.10 - - [06/Oct/2021:06:12:14 +0200] "GET /images/8435306246555.jpg HTTP/1.0" 200 259 "-" "Mozilla/5.0 (compatible; bingbot/2.0; +http://www.bing.com/bingbot.htm)"
5.255.253.134 - - [06/Oct/2021:06:12:15 +0200] "GET /images/mini_prod/3453131158039.jpg HTTP/1.0" 200 269 "-" "Mozilla/5.0 (compatible; YandexImages/3.0; +http://yandex.com/bots)"
148.251.120.201 - - [06/Oct/2021:06:12:17 +0200] "GET /-p-36626.html HTTP/1.0" 200 70420 "-" "Mozilla/5.0 (compatible; MJ12bot/v1.4.8; http://mj12bot.com/)"
148.251.120.201 - - [06/Oct/2021:06:12:23 +0200] "GET /magritte-homme-au-chapeau-melon-15-cm-p-43673.html HTTP/1.0" 301 74226 "-" "Mozilla/5.0 (compatible; MJ12bot/v1.4.8; http://mj12bot.com/)"
148.251.120.201 - - [06/Oct/2021:06:12:29 +0200] "GET /magritte-homme-chapeau-melon-p-43673.html HTTP/1.0" 200 74131 "-" "Mozilla/5.0 (compatible; MJ12bot/v1.4.8; http://mj12bot.com/)"
114.119.128.253 - - [06/Oct/2021:06:12:32 +0200] "GET /gorjuss-cards-supplied-with-envelope-dear-alice-p-48374.html HTTP/1.0" 200 73379 "-" "Mozilla/5.0 (Linux; Android 7.0;) AppleWebKit/537.36 (KHTML, like Gecko) Mobile Safari/537.36 (compatible; PetalBot;+https://webmaster.petalsearch.com/site/petalbot)"
185.191.171.15 - - [06/Oct/2021:06:12:34 +0200] "GET /toiletry-p-43804.html HTTP/1.0" 200 73076 "-" "Mozilla/5.0 (compatible; SemrushBot/7~bl; +http://www.semrush.com/bot.html)"
148.251.120.201 - - [06/Oct/2021:06:12:35 +0200] "GET /magritte-homme-chapeau-melon-p-43673.html HTTP/1.0" 200 74131 "-" "Mozilla/5.0 (compatible; MJ12bot/v1.4.8; http://mj12bot.com/)"
148.251.120.201 - - [06/Oct/2021:06:12:40 +0200] "GET /maisy-small-backpack-p-30346.html HTTP/1.0" 301 70487 "-" "Mozilla/5.0 (compatible; MJ12bot/v1.4.8; http://mj12bot.com/)"
17.121.114.99 - - [06/Oct/2021:06:12:43 +0200] "GET /images/mini_prod/3503420096426.jpg HTTP/1.0" 200 269 "-" "Mozilla/5.0 (Macintosh; Intel Mac OS X 10_15_5) AppleWebKit/605.1.15 (KHTML, like Gecko) Version/13.1.1 Safari/605.1.15 (Applebot/0.1; +http://www.apple.com/go/applebot)"
148.251.120.201 - - [06/Oct/2021:06:12:46 +0200] "GET /-p-30346.html HTTP/1.0" 200 70420 "-" "Mozilla/5.0 (compatible; MJ12bot/v1.4.8; http://mj12bot.com/)"
148.251.120.201 - - [06/Oct/2021:06:12:54 +0200] "GET /man-resin-statue-22-cm-p-36376.html HTTP/1.0" 301 73207 "-" "Mozilla/5.0 (compatible; MJ12bot/v1.4.8; http://mj12bot.com/)"
148.251.120.201 - - [06/Oct/2021:06:13:02 +0200] "GET /resin-statue-p-36376.html HTTP/1.0" 200 73128 "-" "Mozilla/5.0 (compatible; MJ12bot/v1.4.8; http://mj12bot.com/)"
148.251.120.201 - - [06/Oct/2021:06:13:07 +0200] "GET /mandala-p-44263.html HTTP/1.0" 200 74284 "-" "Mozilla/5.0 (compatible; MJ12bot/v1.4.8; http://mj12bot.com/)"
185.191.171.41 - - [06/Oct/2021:06:13:10 +0200] "GET /kimmi-junior-yazzy-keychains-p-7413.html HTTP/1.0" 200 70549 "-" "Mozilla/5.0 (compatible; SemrushBot/7~bl; +http://www.semrush.com/bot.html)"
148.251.120.201 - - [06/Oct/2021:06:13:14 +0200] "GET /mandala-p-44264.html HTTP/1.0" 200 73500 "-" "Mozilla/5.0 (compatible; MJ12bot/v1.4.8; http://mj12bot.com/)"
157.55.39.68 - - [06/Oct/2021:06:13:15 +0200] "GET /zippo-lighter-belt-case-p-29790.html HTTP/1.0" 200 70526 "-" "Mozilla/5.0 (compatible; bingbot/2.0; +http://www.bing.com/bingbot.htm)"
148.251.120.201 - - [06/Oct/2021:06:13:19 +0200] "GET /mandala-p-44265.html HTTP/1.0" 200 73498 "-" "Mozilla/5.0 (compatible; MJ12bot/v1.4.8; http://mj12bot.com/)"
66.249.64.83 - - [06/Oct/2021:06:13:23 +0200] "GET /images/5018997518205.jpg HTTP/1.0" 200 259 "-" "Googlebot-Image/1.0"
148.251.120.201 - - [06/Oct/2021:06:13:25 +0200] "GET /mango-hand-of-fatma-ethnic-box-21-13-cm-p-44282.html HTTP/1.0" 301 70487 "-" "Mozilla/5.0 (compatible; MJ12bot/v1.4.8; http://mj12bot.com/)"
185.191.171.3 - - [06/Oct/2021:06:13:27 +0200] "GET /weapon-mtal-keyring-thompson-m1928-p-31985.html?action=add_product HTTP/1.0" 302 476 "-" "Mozilla/5.0 (compatible; SemrushBot/7~bl; +http://www.semrush.com/bot.html)"
148.251.120.201 - - [06/Oct/2021:06:13:32 +0200] "GET /-p-44282.html HTTP/1.0" 200 70420 "-" "Mozilla/5.0 (compatible; MJ12bot/v1.4.8; http://mj12bot.com/)"
148.251.120.201 - - [06/Oct/2021:06:13:37 +0200] "GET /mango-mandala-ethnic-box-215-14-cm-p-44280.html HTTP/1.0" 301 70487 "-" "Mozilla/5.0 (compatible; MJ12bot/v1.4.8; http://mj12bot.com/)"
148.251.120.201 - - [06/Oct/2021:06:13:40 +0200] "GET /-p-44280.html HTTP/1.0" 200 70420 "-" "Mozilla/5.0 (compatible; MJ12bot/v1.4.8; http://mj12bot.com/)"
54.36.148.112 - - [06/Oct/2021:06:13:43 +0200] "GET /fragrances-ambiance-c-231.html?page=19 HTTP/1.0" 200 93583 "-" "Mozilla/5.0 (compatible; AhrefsBot/7.0; +http://ahrefs.com/robot/)"
148.251.120.201 - - [06/Oct/2021:06:13:45 +0200] "GET /mani-lucky-black-keychain-p-33263.html HTTP/1.0" 200 70560 "-" "Mozilla/5.0 (compatible; MJ12bot/v1.4.8; http://mj12bot.com/)"
148.251.120.201 - - [06/Oct/2021:06:13:50 +0200] "GET /mani-lucky-black-p-33251.html HTTP/1.0" 200 70533 "-" "Mozilla/5.0 (compatible; MJ12bot/v1.4.8; http://mj12bot.com/)"
148.251.120.201 - - [06/Oct/2021:06:13:56 +0200] "GET /mani-lucky-charm-size-p-33283.html HTTP/1.0" 200 73351 "-" "Mozilla/5.0 (compatible; MJ12bot/v1.4.8; http://mj12bot.com/)"
148.251.120.201 - - [06/Oct/2021:06:14:02 +0200] "GET /mani-lucky-charm-size-shopping-p-33278.html HTTP/1.0" 200 73403 "-" "Mozilla/5.0 (compatible; MJ12bot/v1.4.8; http://mj12bot.com/)"
148.251.120.201 - - [06/Oct/2021:06:14:07 +0200] "GET /mani-lucky-glasses-case-p-44290.html HTTP/1.0" 200 70518 "-" "Mozilla/5.0 (compatible; MJ12bot/v1.4.8; http://mj12bot.com/)"
148.251.120.201 - - [06/Oct/2021:06:14:13 +0200] "GET /mani-lucky-glasses-case-p-44291.html HTTP/1.0" 200 70518 "-" "Mozilla/5.0 (compatible; MJ12bot/v1.4.8; http://mj12bot.com/)"
148.251.120.201 - - [06/Oct/2021:06:14:20 +0200] "GET /mani-lucky-gold-p-33252.html HTTP/1.0" 200 70528 "-" "Mozilla/5.0 (compatible; MJ12bot/v1.4.8; http://mj12bot.com/)"
148.251.120.201 - - [06/Oct/2021:06:14:25 +0200] "GET /mani-lucky-white-p-42461.html HTTP/1.0" 200 70512 "-" "Mozilla/5.0 (compatible; MJ12bot/v1.4.8; http://mj12bot.com/)"
185.191.171.41 - - [06/Oct/2021:06:14:30 +0200] "GET /cats-les-vilaines-filles-teapot-p-48612.html HTTP/1.0" 301 73888 "-" "Mozilla/5.0 (compatible; SemrushBot/7~bl; +http://www.semrush.com/bot.html)"
148.251.120.201 - - [06/Oct/2021:06:14:30 +0200] "GET /mani-the-lucky-cat-black-11-cm-p-33251.html HTTP/1.0" 301 70616 "-" "Mozilla/5.0 (compatible; MJ12bot/v1.4.8; http://mj12bot.com/)"
185.191.171.22 - - [06/Oct/2021:06:14:33 +0200] "GET /cats-vilaines-filles-teapot-p-48612.html HTTP/1.0" 200 73794 "-" "Mozilla/5.0 (compatible; SemrushBot/7~bl; +http://www.semrush.com/bot.html)"
148.251.120.201 - - [06/Oct/2021:06:14:39 +0200] "GET /mani-lucky-black-p-33251.html HTTP/1.0" 200 70533 "-" "Mozilla/5.0 (compatible; MJ12bot/v1.4.8; http://mj12bot.com/)"
148.251.120.201 - - [06/Oct/2021:06:14:45 +0200] "GET /mani-the-lucky-cat-black-keychain-p-33263.html HTTP/1.0" 301 70652 "-" "Mozilla/5.0 (compatible; MJ12bot/v1.4.8; http://mj12bot.com/)"
148.251.120.201 - - [06/Oct/2021:06:14:52 +0200] "GET /mani-lucky-black-keychain-p-33263.html HTTP/1.0" 200 70560 "-" "Mozilla/5.0 (compatible; MJ12bot/v1.4.8; http://mj12bot.com/)"
17.121.115.254 - - [06/Oct/2021:06:14:53 +0200] "GET /images/big_prod/8717202551453.jpg HTTP/1.0" 200 268 "-" "Mozilla/5.0 (Macintosh; Intel Mac OS X 10_15_5) AppleWebKit/605.1.15 (KHTML, like Gecko) Version/13.1.1 Safari/605.1.15 (Applebot/0.1; +http://www.apple.com/go/applebot)"
148.251.120.201 - - [06/Oct/2021:06:14:57 +0200] "GET /mani-the-lucky-cat-charm-size-shopping-p-33278.html HTTP/1.0" 301 73500 "-" "Mozilla/5.0 (compatible; MJ12bot/v1.4.8; http://mj12bot.com/)"
148.251.120.201 - - [06/Oct/2021:06:15:01 +0200] "GET /mani-lucky-charm-size-shopping-p-33278.html HTTP/1.0" 200 73403 "-" "Mozilla/5.0 (compatible; MJ12bot/v1.4.8; http://mj12bot.com/)"
157.55.39.3 - - [06/Oct/2021:06:15:09 +0200] "GET /images/8421440087406.jpg HTTP/1.0" 200 259 "-" "Mozilla/5.0 (compatible; bingbot/2.0; +http://www.bing.com/bingbot.htm)"
148.251.120.201 - - [06/Oct/2021:06:15:10 +0200] "GET /mani-the-lucky-cat-charm-size-zen-p-33283.html HTTP/1.0" 301 73439 "-" "Mozilla/5.0 (compatible; MJ12bot/v1.4.8; http://mj12bot.com/)"
185.191.171.6 - - [06/Oct/2021:06:15:14 +0200] "GET /dishes-c-12.html?page=66 HTTP/1.0" 200 91815 "-" "Mozilla/5.0 (compatible; SemrushBot/7~bl; +http://www.semrush.com/bot.html)"
148.251.120.201 - - [06/Oct/2021:06:15:15 +0200] "GET /mani-lucky-charm-size-p-33283.html HTTP/1.0" 200 73351 "-" "Mozilla/5.0 (compatible; MJ12bot/v1.4.8; http://mj12bot.com/)"
148.251.120.201 - - [06/Oct/2021:06:15:20 +0200] "GET /mani-the-lucky-cat-glasses-case-p-44290.html HTTP/1.0" 301 70608 "-" "Mozilla/5.0 (compatible; MJ12bot/v1.4.8; http://mj12bot.com/)"
54.36.149.96 - - [06/Oct/2021:06:15:23 +0200] "GET /bamboo-fiber-mattress-protector-p-52891.html HTTP/1.0" 200 73314 "-" "Mozilla/5.0 (compatible; AhrefsBot/7.0; +http://ahrefs.com/robot/)"
148.251.120.201 - - [06/Oct/2021:06:15:25 +0200] "GET /mani-lucky-glasses-case-p-44290.html HTTP/1.0" 200 70518 "-" "Mozilla/5.0 (compatible; MJ12bot/v1.4.8; http://mj12bot.com/)"
148.251.120.201 - - [06/Oct/2021:06:15:31 +0200] "GET /mani-the-lucky-cat-glasses-case-p-44291.html HTTP/1.0" 301 70608 "-" "Mozilla/5.0 (compatible; MJ12bot/v1.4.8; http://mj12bot.com/)"
148.251.120.201 - - [06/Oct/2021:06:15:37 +0200] "GET /mani-lucky-glasses-case-p-44291.html HTTP/1.0" 200 70518 "-" "Mozilla/5.0 (compatible; MJ12bot/v1.4.8; http://mj12bot.com/)"
148.251.120.201 - - [06/Oct/2021:06:15:44 +0200] "GET /mani-the-lucky-cat-gold-11-cm-p-33252.html HTTP/1.0" 301 70610 "-" "Mozilla/5.0 (compatible; MJ12bot/v1.4.8; http://mj12bot.com/)"
148.251.120.201 - - [06/Oct/2021:06:15:50 +0200] "GET /mani-lucky-gold-p-33252.html HTTP/1.0" 200 70528 "-" "Mozilla/5.0 (compatible; MJ12bot/v1.4.8; http://mj12bot.com/)"
148.251.120.201 - - [06/Oct/2021:06:15:55 +0200] "GET /mani-the-lucky-cat-gold-money-box-p-33248.html HTTP/1.0" 301 70487 "-" "Mozilla/5.0 (compatible; MJ12bot/v1.4.8; http://mj12bot.com/)"
185.191.171.34 - - [06/Oct/2021:06:15:58 +0200] "GET /bamboo-fiber-plant-cover-p-55349.html HTTP/1.0" 200 73666 "-" "Mozilla/5.0 (compatible; SemrushBot/7~bl; +http://www.semrush.com/bot.html)"
148.251.120.201 - - [06/Oct/2021:06:16:03 +0200] "GET /-p-33248.html HTTP/1.0" 200 70420 "-" "Mozilla/5.0 (compatible; MJ12bot/v1.4.8; http://mj12bot.com/)"
185.191.171.2 - - [06/Oct/2021:06:16:08 +0200] "GET /jasmin-companion-portfolio-p-33600.html HTTP/1.0" 200 73346 "-" "Mozilla/5.0 (compatible; SemrushBot/7~bl; +http://www.semrush.com/bot.html)"
148.251.120.201 - - [06/Oct/2021:06:16:08 +0200] "GET /mani-the-lucky-cat-pink-mug-p-37322.html HTTP/1.0" 301 70487 "-" "Mozilla/5.0 (compatible; MJ12bot/v1.4.8; http://mj12bot.com/)"
148.251.120.201 - - [06/Oct/2021:06:16:14 +0200] "GET /-p-37322.html HTTP/1.0" 200 70420 "-" "Mozilla/5.0 (compatible; MJ12bot/v1.4.8; http://mj12bot.com/)"
185.191.171.14 - - [06/Oct/2021:06:16:15 +0200] "GET /tour-de-france-adult-apron-p-51197.html HTTP/1.0" 301 73125 "-" "Mozilla/5.0 (compatible; SemrushBot/7~bl; +http://www.semrush.com/bot.html)"
185.191.171.26 - - [06/Oct/2021:06:16:18 +0200] "GET /tour-france-adult-apron-p-51197.html HTTP/1.0" 200 73035 "-" "Mozilla/5.0 (compatible; SemrushBot/7~bl; +http://www.semrush.com/bot.html)"
148.251.120.201 - - [06/Oct/2021:06:16:20 +0200] "GET /mani-the-lucky-cat-white-11-cm-p-42461.html HTTP/1.0" 301 70595 "-" "Mozilla/5.0 (compatible; MJ12bot/v1.4.8; http://mj12bot.com/)"
148.251.120.201 - - [06/Oct/2021:06:16:25 +0200] "GET /mani-lucky-white-p-42461.html HTTP/1.0" 200 70512 "-" "Mozilla/5.0 (compatible; MJ12bot/v1.4.8; http://mj12bot.com/)"
148.251.120.201 - - [06/Oct/2021:06:16:30 +0200] "GET /mani-the-lucky-cat-white-cm-p-42461.html HTTP/1.0" 301 70595 "-" "Mozilla/5.0 (compatible; MJ12bot/v1.4.8; http://mj12bot.com/)"
148.251.120.201 - - [06/Oct/2021:06:16:35 +0200] "GET /mani-lucky-white-p-42461.html HTTP/1.0" 200 70512 "-" "Mozilla/5.0 (compatible; MJ12bot/v1.4.8; http://mj12bot.com/)"
148.251.120.201 - - [06/Oct/2021:06:16:40 +0200] "GET /mareva-coated-tablecloth-grey-and-orange-p-51238.html HTTP/1.0" 301 73324 "-" "Mozilla/5.0 (compatible; MJ12bot/v1.4.8; http://mj12bot.com/)"
114.119.128.39 - - [06/Oct/2021:06:16:42 +0200] "GET /plush-elephant-glitter-motsu-keel-toys-p-54190.html HTTP/1.0" 200 73367 "-" "Mozilla/5.0 (Linux; Android 7.0;) AppleWebKit/537.36 (KHTML, like Gecko) Mobile Safari/537.36 (compatible; PetalBot;+https://webmaster.petalsearch.com/site/petalbot)"
148.251.120.201 - - [06/Oct/2021:06:16:45 +0200] "GET /mareva-coated-tablecloth-grey-orange-p-51238.html HTTP/1.0" 200 73221 "-" "Mozilla/5.0 (compatible; MJ12bot/v1.4.8; http://mj12bot.com/)"
148.251.120.201 - - [06/Oct/2021:06:16:53 +0200] "GET /mareva-coated-tablecloth-grey-orange-p-51238.html HTTP/1.0" 200 73221 "-" "Mozilla/5.0 (compatible; MJ12bot/v1.4.8; http://mj12bot.com/)"
185.191.171.14 - - [06/Oct/2021:06:16:54 +0200] "GET /hello-kitty-jean-p-30213.html HTTP/1.0" 200 74498 "-" "Mozilla/5.0 (compatible; SemrushBot/7~bl; +http://www.semrush.com/bot.html)"
185.191.171.18 - - [06/Oct/2021:06:16:57 +0200] "GET /-p-44326.html?action=add_product HTTP/1.0" 302 476 "-" "Mozilla/5.0 (compatible; SemrushBot/7~bl; +http://www.semrush.com/bot.html)"
148.251.120.201 - - [06/Oct/2021:06:16:59 +0200] "GET /marilyn-glass-wall-clock-p-53929.html HTTP/1.0" 200 73085 "-" "Mozilla/5.0 (compatible; MJ12bot/v1.4.8; http://mj12bot.com/)"
54.36.148.155 - - [06/Oct/2021:06:17:02 +0200] "GET /soft-toys-security-blanket-c-4_46.html?page=8 HTTP/1.0" 200 91014 "-" "Mozilla/5.0 (compatible; AhrefsBot/7.0; +http://ahrefs.com/robot/)"
40.77.167.10 - - [06/Oct/2021:06:17:04 +0200] "GET /images/1399984254950.jpg HTTP/1.0" 200 259 "-" "Mozilla/5.0 (compatible; bingbot/2.0; +http://www.bing.com/bingbot.htm)"
148.251.120.201 - - [06/Oct/2021:06:17:05 +0200] "GET /marilyn-monroe-rectangular-mirror-p-18036.html HTTP/1.0" 301 70487 "-" "Mozilla/5.0 (compatible; MJ12bot/v1.4.8; http://mj12bot.com/)"
148.251.120.201 - - [06/Oct/2021:06:17:10 +0200] "GET /-p-18036.html HTTP/1.0" 200 70420 "-" "Mozilla/5.0 (compatible; MJ12bot/v1.4.8; http://mj12bot.com/)"
148.251.120.201 - - [06/Oct/2021:06:17:13 +0200] "GET /marley-mirror-p-49814.html HTTP/1.0" 200 73008 "-" "Mozilla/5.0 (compatible; MJ12bot/v1.4.8; http://mj12bot.com/)"
148.251.120.201 - - [06/Oct/2021:06:17:20 +0200] "GET /marseille-cookware-cbkreation-p-31258.html HTTP/1.0" 200 73136 "-" "Mozilla/5.0 (compatible; MJ12bot/v1.4.8; http://mj12bot.com/)"
118.67.216.94 - - [06/Oct/2021:06:17:26 +0200] "GET /contact_us.php HTTP/1.0" 301 539 "http://wonder-geek.com/contact_us.php" "Mozilla/5.0 (Windows NT 6.1) AppleWebKit/537.36 (KHTML, like Gecko) Chrome/90.0.4430.93 Safari/537.36"
148.251.120.201 - - [06/Oct/2021:06:17:27 +0200] "GET /marseille-kitchen-apron-made-france-p-36646.html HTTP/1.0" 200 70601 "-" "Mozilla/5.0 (compatible; MJ12bot/v1.4.8; http://mj12bot.com/)"
148.251.120.201 - - [06/Oct/2021:06:17:32 +0200] "GET /marseille-kitchen-apron-made-in-france-p-36646.html HTTP/1.0" 301 70703 "-" "Mozilla/5.0 (compatible; MJ12bot/v1.4.8; http://mj12bot.com/)"
118.67.216.94 - - [06/Oct/2021:06:17:33 +0200] "GET /contact_us.php HTTP/1.0" 200 26241 "http://www.wonder-geek.com/contact_us.php" "Mozilla/5.0 (Windows NT 6.1) AppleWebKit/537.36 (KHTML, like Gecko) Chrome/90.0.4430.93 Safari/537.36"
148.251.120.201 - - [06/Oct/2021:06:17:39 +0200] "GET /marseille-kitchen-apron-made-france-p-36646.html HTTP/1.0" 200 70601 "-" "Mozilla/5.0 (compatible; MJ12bot/v1.4.8; http://mj12bot.com/)"
148.251.120.201 - - [06/Oct/2021:06:17:46 +0200] "GET /marseille-pot-cookware-cbkreation-p-31258.html HTTP/1.0" 301 73232 "-" "Mozilla/5.0 (compatible; MJ12bot/v1.4.8; http://mj12bot.com/)"
148.251.120.201 - - [06/Oct/2021:06:17:55 +0200] "GET /marseille-cookware-cbkreation-p-31258.html HTTP/1.0" 200 73136 "-" "Mozilla/5.0 (compatible; MJ12bot/v1.4.8; http://mj12bot.com/)"
185.191.171.43 - - [06/Oct/2021:06:18:00 +0200] "GET /robots.txt HTTP/1.0" 200 245 "-" "Mozilla/5.0 (compatible; SemrushBot/7~bl; +http://www.semrush.com/bot.html)"
185.191.171.3 - - [06/Oct/2021:06:18:00 +0200] "GET /coaster-retro-auto-p-42011.html?action=add_product HTTP/1.0" 302 476 "-" "Mozilla/5.0 (compatible; SemrushBot/7~bl; +http://www.semrush.com/bot.html)"
148.251.120.201 - - [06/Oct/2021:06:18:01 +0200] "GET /marseille-pot-cookware-p-31258.html HTTP/1.0" 301 73232 "-" "Mozilla/5.0 (compatible; MJ12bot/v1.4.8; http://mj12bot.com/)"
148.251.120.201 - - [06/Oct/2021:06:18:05 +0200] "GET /marseille-cookware-cbkreation-p-31258.html HTTP/1.0" 200 73136 "-" "Mozilla/5.0 (compatible; MJ12bot/v1.4.8; http://mj12bot.com/)"
148.251.120.201 - - [06/Oct/2021:06:18:11 +0200] "GET /marseille-saltshaker-and-pepper-pot-p-11935.html HTTP/1.0" 301 70487 "-" "Mozilla/5.0 (compatible; MJ12bot/v1.4.8; http://mj12bot.com/)"
148.251.120.201 - - [06/Oct/2021:06:18:16 +0200] "GET /-p-11935.html HTTP/1.0" 200 70420 "-" "Mozilla/5.0 (compatible; MJ12bot/v1.4.8; http://mj12bot.com/)"
148.251.120.201 - - [06/Oct/2021:06:18:22 +0200] "GET /marseille-saltshaker-and-pepper-pot-p-22215.html HTTP/1.0" 301 73207 "-" "Mozilla/5.0 (compatible; MJ12bot/v1.4.8; http://mj12bot.com/)"
148.251.120.201 - - [06/Oct/2021:06:18:28 +0200] "GET /marseille-saltshaker-pepper-p-22215.html HTTP/1.0" 200 73113 "-" "Mozilla/5.0 (compatible; MJ12bot/v1.4.8; http://mj12bot.com/)"
148.251.120.201 - - [06/Oct/2021:06:18:33 +0200] "GET /marseille-saltshaker-pepper-p-11935.html HTTP/1.0" 301 70487 "-" "Mozilla/5.0 (compatible; MJ12bot/v1.4.8; http://mj12bot.com/)"
54.36.148.247 - - [06/Oct/2021:06:18:34 +0200] "GET /laitiere-tablecloth-p-28546.html HTTP/1.0" 200 73066 "-" "Mozilla/5.0 (compatible; AhrefsBot/7.0; +http://ahrefs.com/robot/)"
54.36.148.231 - - [06/Oct/2021:06:18:34 +0200] "GET /dog-and-cat-shaped-cushion-p-39369.html HTTP/1.0" 301 70487 "-" "Mozilla/5.0 (compatible; AhrefsBot/7.0; +http://ahrefs.com/robot/)"
148.251.120.201 - - [06/Oct/2021:06:18:39 +0200] "GET /-p-11935.html HTTP/1.0" 200 70420 "-" "Mozilla/5.0 (compatible; MJ12bot/v1.4.8; http://mj12bot.com/)"
148.251.120.201 - - [06/Oct/2021:06:18:44 +0200] "GET /marseille-saltshaker-pepper-p-22215.html HTTP/1.0" 200 73113 "-" "Mozilla/5.0 (compatible; MJ12bot/v1.4.8; http://mj12bot.com/)"
185.191.171.36 - - [06/Oct/2021:06:18:48 +0200] "GET /peace-small-cbkreation-p-15046.html?action=add_product HTTP/1.0" 302 476 "-" "Mozilla/5.0 (compatible; SemrushBot/7~bl; +http://www.semrush.com/bot.html)"
148.251.120.201 - - [06/Oct/2021:06:18:49 +0200] "GET /marseille-smoker-set-p-14139.html HTTP/1.0" 301 70487 "-" "Mozilla/5.0 (compatible; MJ12bot/v1.4.8; http://mj12bot.com/)"
124.65.117.38 - - [06/Oct/2021:06:18:52 +0200] "GET /login.php HTTP/1.0" 200 17155 "http://www.wonder-geek.com/login.php" "Mozilla/5.0 (Windows NT 6.1) AppleWebKit/537.36 (KHTML, like Gecko) Chrome/90.0.4430.93 Safari/537.36"
148.251.120.201 - - [06/Oct/2021:06:18:58 +0200] "GET /-p-14139.html HTTP/1.0" 200 70420 "-" "Mozilla/5.0 (compatible; MJ12bot/v1.4.8; http://mj12bot.com/)"
148.251.120.201 - - [06/Oct/2021:06:19:03 +0200] "GET /marseille-sport-bag-p-9913.html HTTP/1.0" 301 70484 "-" "Mozilla/5.0 (compatible; MJ12bot/v1.4.8; http://mj12bot.com/)"
148.251.120.201 - - [06/Oct/2021:06:19:10 +0200] "GET /-p-9913.html HTTP/1.0" 200 70418 "-" "Mozilla/5.0 (compatible; MJ12bot/v1.4.8; http://mj12bot.com/)"
148.251.120.201 - - [06/Oct/2021:06:19:15 +0200] "GET /marseille-wastepaper-basket-p-15112.html HTTP/1.0" 301 70487 "-" "Mozilla/5.0 (compatible; MJ12bot/v1.4.8; http://mj12bot.com/)"
148.251.120.201 - - [06/Oct/2021:06:19:20 +0200] "GET /-p-15112.html HTTP/1.0" 200 70420 "-" "Mozilla/5.0 (compatible; MJ12bot/v1.4.8; http://mj12bot.com/)"
124.65.117.38 - - [06/Oct/2021:06:19:24 +0200] "GET /contact_us.php HTTP/1.0" 200 26241 "http://www.wonder-geek.com/contact_us.php" "Mozilla/5.0 (Windows NT 6.1) AppleWebKit/537.36 (KHTML, like Gecko) Chrome/90.0.4430.93 Safari/537.36"
148.251.120.201 - - [06/Oct/2021:06:19:27 +0200] "GET /marseille-white-pencil-case-p-26719.html HTTP/1.0" 301 70487 "-" "Mozilla/5.0 (compatible; MJ12bot/v1.4.8; http://mj12bot.com/)"
148.251.120.201 - - [06/Oct/2021:06:19:31 +0200] "GET /-p-26719.html HTTP/1.0" 200 70420 "-" "Mozilla/5.0 (compatible; MJ12bot/v1.4.8; http://mj12bot.com/)"
148.251.120.201 - - [06/Oct/2021:06:19:39 +0200] "GET /marseille-white-shirt-p-31255.html HTTP/1.0" 200 74767 "-" "Mozilla/5.0 (compatible; MJ12bot/v1.4.8; http://mj12bot.com/)"
148.251.120.201 - - [06/Oct/2021:06:19:45 +0200] "GET /marseille-white-tee-shirt-p-31255.html HTTP/1.0" 301 74855 "-" "Mozilla/5.0 (compatible; MJ12bot/v1.4.8; http://mj12bot.com/)"
148.251.120.201 - - [06/Oct/2021:06:19:50 +0200] "GET /marseille-white-shirt-p-31255.html HTTP/1.0" 200 74767 "-" "Mozilla/5.0 (compatible; MJ12bot/v1.4.8; http://mj12bot.com/)"
185.191.171.2 - - [06/Oct/2021:06:19:54 +0200] "GET /amys-p-54765.html?action=add_product HTTP/1.0" 302 476 "-" "Mozilla/5.0 (compatible; SemrushBot/7~bl; +http://www.semrush.com/bot.html)"
148.251.120.201 - - [06/Oct/2021:06:19:57 +0200] "GET /marseille-white-women-shirt-p-31250.html HTTP/1.0" 200 75128 "-" "Mozilla/5.0 (compatible; MJ12bot/v1.4.8; http://mj12bot.com/)"
148.251.120.201 - - [06/Oct/2021:06:20:04 +0200] "GET /marseille-white-women-tee-shirt-p-31250.html HTTP/1.0" 301 75222 "-" "Mozilla/5.0 (compatible; MJ12bot/v1.4.8; http://mj12bot.com/)"
148.251.120.201 - - [06/Oct/2021:06:20:10 +0200] "GET /marseille-white-women-shirt-p-31250.html HTTP/1.0" 200 75128 "-" "Mozilla/5.0 (compatible; MJ12bot/v1.4.8; http://mj12bot.com/)"
148.251.120.201 - - [06/Oct/2021:06:20:15 +0200] "GET /marseille-women-black-shirt-p-31251.html HTTP/1.0" 200 74817 "-" "Mozilla/5.0 (compatible; MJ12bot/v1.4.8; http://mj12bot.com/)"
54.36.148.128 - - [06/Oct/2021:06:20:16 +0200] "GET /elephant-small-melamine-tray-p-55877.html HTTP/1.0" 200 73197 "-" "Mozilla/5.0 (compatible; AhrefsBot/7.0; +http://ahrefs.com/robot/)"
148.251.120.201 - - [06/Oct/2021:06:20:20 +0200] "GET /marseille-women-black-tee-shirt-p-31251.html HTTP/1.0" 301 74911 "-" "Mozilla/5.0 (compatible; MJ12bot/v1.4.8; http://mj12bot.com/)"
148.251.120.201 - - [06/Oct/2021:06:20:24 +0200] "GET /marseille-women-black-shirt-p-31251.html HTTP/1.0" 200 74817 "-" "Mozilla/5.0 (compatible; MJ12bot/v1.4.8; http://mj12bot.com/)"
148.251.120.201 - - [06/Oct/2021:06:20:30 +0200] "GET /marshall-amplification-shoulder-bag-p-32344.html HTTP/1.0" 301 70676 "-" "Mozilla/5.0 (compatible; MJ12bot/v1.4.8; http://mj12bot.com/)"
