5.255.253.134 - - [06/Oct/2021:11:24:05 +0200] "GET /images/1399984280188.jpg HTTP/1.0" 200 259 "-" "Mozilla/5.0 (compatible; YandexImages/3.0; +http://yandex.com/bots)"
185.191.171.8 - - [06/Oct/2021:11:24:15 +0200] "GET /norton-manx-large-metal-plate-deco-p-34121.html HTTP/1.0" 200 70546 "-" "Mozilla/5.0 (compatible; SemrushBot/7~bl; +http://www.semrush.com/bot.html)"
192.99.6.226 - - [06/Oct/2021:11:24:23 +0200] "GET /winnie-pooh-mini-silicone-p-17924.html HTTP/1.0" 200 73203 "-" "Mozilla/5.0 (compatible; MJ12bot/v1.4.8; http://mj12bot.com/)"
185.191.171.7 - - [06/Oct/2021:11:24:27 +0200] "GET /white-cotton-kitchen-towel-45-70-cm-corsica-p-52483.html HTTP/1.0" 301 73307 "-" "Mozilla/5.0 (compatible; SemrushBot/7~bl; +http://www.semrush.com/bot.html)"
185.191.171.38 - - [06/Oct/2021:11:24:29 +0200] "GET /white-cotton-kitchen-towel-corsica-p-52483.html HTTP/1.0" 200 73206 "-" "Mozilla/5.0 (compatible; SemrushBot/7~bl; +http://www.semrush.com/bot.html)"
5.255.253.134 - - [06/Oct/2021:11:24:30 +0200] "GET /images/big_prod/1384010184493.jpg HTTP/1.0" 200 268 "-" "Mozilla/5.0 (compatible; YandexImages/3.0; +http://yandex.com/bots)"
54.36.148.234 - - [06/Oct/2021:11:24:33 +0200] "GET /peas-russian-doll-iphone-phone-black-cover-by-cbk-p-18550.html HTTP/1.0" 301 70811 "-" "Mozilla/5.0 (compatible; AhrefsBot/7.0; +http://ahrefs.com/robot/)"
192.99.6.226 - - [06/Oct/2021:11:24:44 +0200] "GET /winnie-the-pooh-money-box-p-5608.html HTTP/1.0" 301 70484 "-" "Mozilla/5.0 (compatible; MJ12bot/v1.4.8; http://mj12bot.com/)"
192.99.6.226 - - [06/Oct/2021:11:25:02 +0200] "GET /-p-5608.html HTTP/1.0" 200 70418 "-" "Mozilla/5.0 (compatible; MJ12bot/v1.4.8; http://mj12bot.com/)"
192.99.6.226 - - [06/Oct/2021:11:25:21 +0200] "GET /winnie-the-pooh-money-box-p-6905.html HTTP/1.0" 301 70601 "-" "Mozilla/5.0 (compatible; MJ12bot/v1.4.8; http://mj12bot.com/)"
192.99.6.226 - - [06/Oct/2021:11:25:33 +0200] "GET /winnie-pooh-money-p-6905.html HTTP/1.0" 200 70518 "-" "Mozilla/5.0 (compatible; MJ12bot/v1.4.8; http://mj12bot.com/)"
54.36.149.71 - - [06/Oct/2021:11:25:51 +0200] "GET /freshener-heart-home-lavender-sage-p-40602.html HTTP/1.0" 200 73433 "-" "Mozilla/5.0 (compatible; AhrefsBot/7.0; +http://ahrefs.com/robot/)"
192.99.6.226 - - [06/Oct/2021:11:26:04 +0200] "GET /winnie-the-pooh-mug-p-27659.html HTTP/1.0" 301 70487 "-" "Mozilla/5.0 (compatible; MJ12bot/v1.4.8; http://mj12bot.com/)"
185.191.171.33 - - [06/Oct/2021:11:26:15 +0200] "GET /coasters-c-12_157.html?page=10 HTTP/1.0" 200 88226 "-" "Mozilla/5.0 (compatible; SemrushBot/7~bl; +http://www.semrush.com/bot.html)"
40.77.167.79 - - [06/Oct/2021:11:26:26 +0200] "GET /images/mini_prod/8433933091913.jpg HTTP/1.0" 200 269 "-" "Mozilla/5.0 (compatible; bingbot/2.0; +http://www.bing.com/bingbot.htm)"
192.99.6.226 - - [06/Oct/2021:11:26:27 +0200] "GET /-p-27659.html HTTP/1.0" 200 70420 "-" "Mozilla/5.0 (compatible; MJ12bot/v1.4.8; http://mj12bot.com/)"
185.191.171.42 - - [06/Oct/2021:11:26:37 +0200] "GET /cotton-floor-cushion-pink-45-cm-p-47896.html HTTP/1.0" 301 73802 "-" "Mozilla/5.0 (compatible; SemrushBot/7~bl; +http://www.semrush.com/bot.html)"
192.99.6.226 - - [06/Oct/2021:11:26:38 +0200] "GET /winnie-the-pooh-mug-p-5403.html HTTP/1.0" 301 70484 "-" "Mozilla/5.0 (compatible; MJ12bot/v1.4.8; http://mj12bot.com/)"
185.191.171.45 - - [06/Oct/2021:11:26:39 +0200] "GET /cotton-floor-cushion-pink-p-47896.html HTTP/1.0" 200 73710 "-" "Mozilla/5.0 (compatible; SemrushBot/7~bl; +http://www.semrush.com/bot.html)"
114.119.128.34 - - [06/Oct/2021:11:26:44 +0200] "GET /fitted-sheet-turquoise-140-190-cm-p-36584.html HTTP/1.0" 301 73204 "-" "Mozilla/5.0 (Linux; Android 7.0;) AppleWebKit/537.36 (KHTML, like Gecko) Mobile Safari/537.36 (compatible; PetalBot;+https://webmaster.petalsearch.com/site/petalbot)"
114.119.128.34 - - [06/Oct/2021:11:26:45 +0200] "GET /fitted-sheet-turquoise-p-36584.html HTTP/1.0" 200 73115 "-" "Mozilla/5.0 (Linux; Android 7.0;) AppleWebKit/537.36 (KHTML, like Gecko) Mobile Safari/537.36 (compatible; PetalBot;+https://webmaster.petalsearch.com/site/petalbot)"
192.99.6.226 - - [06/Oct/2021:11:26:57 +0200] "GET /-p-5403.html HTTP/1.0" 200 70418 "-" "Mozilla/5.0 (compatible; MJ12bot/v1.4.8; http://mj12bot.com/)"
185.191.171.35 - - [06/Oct/2021:11:27:03 +0200] "GET /kimmidoll-shopper-pink-satin-collection-p-49118.html HTTP/1.0" 200 73882 "-" "Mozilla/5.0 (compatible; SemrushBot/7~bl; +http://www.semrush.com/bot.html)"
5.188.211.16 - - [06/Oct/2021:11:27:04 +0200] "GET /resin-bear-figurine-p-53623.html HTTP/1.0" 200 70486 "-" "Mozilla/4.0 (compatible; MSIE 6.0; Windows NT 5.1; SV1)"
5.188.211.16 - - [06/Oct/2021:11:27:05 +0200] "GET /posters-stickers-wall-c-13_147.html HTTP/1.0" 200 90373 "-" "Mozilla/4.0 (compatible; MSIE 6.0; Windows NT 5.1; SV1)"
5.188.211.16 - - [06/Oct/2021:11:27:06 +0200] "GET /mtal-signs-c-13_130.html HTTP/1.0" 200 94370 "-" "Mozilla/4.0 (compatible; MSIE 6.0; Windows NT 5.1; SV1)"
5.188.211.16 - - [06/Oct/2021:11:27:06 +0200] "GET /contact_us.php HTTP/1.0" 200 26241 "-" "Mozilla/4.0 (compatible; MSIE 6.0; Windows NT 5.1; SV1)"
5.188.211.16 - - [06/Oct/2021:11:27:07 +0200] "POST /contact_us.php?action=send HTTP/1.0" 200 26646 "http://www.wonder-geek.com/contact_us.php" "Mozilla/4.0 (compatible; MSIE 6.0; Windows NT 5.1; SV1)"
185.191.171.6 - - [06/Oct/2021:11:27:06 +0200] "GET /take-cake-hedgehogs-p-42235.html?action=add_product HTTP/1.0" 302 476 "-" "Mozilla/5.0 (compatible; SemrushBot/7~bl; +http://www.semrush.com/bot.html)"
5.188.211.16 - - [06/Oct/2021:11:27:07 +0200] "POST /contact_us.php?action=send HTTP/1.0" 200 26646 "http://www.wonder-geek.com/" "Mozilla/4.0 (compatible; MSIE 6.0; Windows NT 5.1; SV1)"
5.188.211.16 - - [06/Oct/2021:11:27:07 +0200] "GET / HTTP/1.0" 200 150003 "-" "Mozilla/4.0 (compatible; MSIE 6.0; Windows NT 5.1; SV1)"
5.188.211.16 - - [06/Oct/2021:11:27:08 +0200] "GET /resin-bear-figurine-p-53623.html HTTP/1.0" 200 70486 "-" "Mozilla/4.0 (compatible; MSIE 6.0; Windows NT 5.1; SV1)"
5.188.211.16 - - [06/Oct/2021:11:27:09 +0200] "GET /contact_us.php HTTP/1.0" 200 26241 "-" "Mozilla/4.0 (compatible; MSIE 6.0; Windows NT 5.1; SV1)"
5.188.211.16 - - [06/Oct/2021:11:27:09 +0200] "GET /create_account.php HTTP/1.0" 200 33633 "-" "Mozilla/4.0 (compatible; MSIE 6.0; Windows NT 5.1; SV1)"
5.188.211.16 - - [06/Oct/2021:11:27:09 +0200] "GET /checkout_shipping.php HTTP/1.0" 302 468 "-" "Mozilla/4.0 (compatible; MSIE 6.0; Windows NT 5.1; SV1)"
5.188.211.16 - - [06/Oct/2021:11:27:10 +0200] "GET /login.php HTTP/1.0" 200 17155 "-" "Mozilla/4.0 (compatible; MSIE 6.0; Windows NT 5.1; SV1)"
192.99.6.226 - - [06/Oct/2021:11:27:10 +0200] "GET /winnie-the-pooh-night-light-p-24756.html HTTP/1.0" 301 70487 "-" "Mozilla/5.0 (compatible; MJ12bot/v1.4.8; http://mj12bot.com/)"
5.188.211.16 - - [06/Oct/2021:11:27:10 +0200] "GET /shopping_cart.php HTTP/1.0" 200 13298 "-" "Mozilla/4.0 (compatible; MSIE 6.0; Windows NT 5.1; SV1)"
5.188.211.16 - - [06/Oct/2021:11:27:11 +0200] "GET /login.php HTTP/1.0" 200 17155 "-" "Mozilla/4.0 (compatible; MSIE 6.0; Windows NT 5.1; SV1)"
5.188.211.16 - - [06/Oct/2021:11:27:11 +0200] "GET /specials.php HTTP/1.0" 200 125335 "-" "Mozilla/4.0 (compatible; MSIE 6.0; Windows NT 5.1; SV1)"
5.188.211.16 - - [06/Oct/2021:11:27:12 +0200] "GET /products_new.php HTTP/1.0" 200 94564 "-" "Mozilla/4.0 (compatible; MSIE 6.0; Windows NT 5.1; SV1)"
54.36.148.238 - - [06/Oct/2021:11:27:13 +0200] "GET /pusheen-the-grey-cat-with-tomato-chips-soft-toy-24-cm-p-40019.html HTTP/1.0" 301 70487 "-" "Mozilla/5.0 (compatible; AhrefsBot/7.0; +http://ahrefs.com/robot/)"
66.249.64.82 - - [06/Oct/2021:11:27:25 +0200] "GET /ads.txt HTTP/1.0" 404 1308 "-" "Mozilla/5.0 (compatible; Googlebot/2.1; +http://www.google.com/bot.html)"
192.99.6.226 - - [06/Oct/2021:11:27:28 +0200] "GET /-p-24756.html HTTP/1.0" 200 70420 "-" "Mozilla/5.0 (compatible; MJ12bot/v1.4.8; http://mj12bot.com/)"
5.255.253.134 - - [06/Oct/2021:11:27:55 +0200] "GET /images/big_prod/8424001278886.jpg HTTP/1.0" 200 268 "-" "Mozilla/5.0 (compatible; YandexImages/3.0; +http://yandex.com/bots)"
192.99.6.226 - - [06/Oct/2021:11:27:54 +0200] "GET /winnie-the-pooh-night-light-stars-projector-musical-p-41989.html HTTP/1.0" 301 70487 "-" "Mozilla/5.0 (compatible; MJ12bot/v1.4.8; http://mj12bot.com/)"
118.184.177.84 - - [06/Oct/2021:11:27:59 +0200] "GET / HTTP/1.0" 301 511 "-" "Sogou web spider/4.0(+http://www.sogou.com/docs/help/webmasters.htm#07)"
54.36.148.43 - - [06/Oct/2021:11:28:02 +0200] "GET /freshener-heart-home-paradise-sunset-p-40601.html HTTP/1.0" 200 73444 "-" "Mozilla/5.0 (compatible; AhrefsBot/7.0; +http://ahrefs.com/robot/)"
118.184.177.82 - - [06/Oct/2021:11:28:05 +0200] "GET / HTTP/1.0" 200 150677 "-" "Sogou web spider/4.0(+http://www.sogou.com/docs/help/webmasters.htm#07)"
192.99.6.226 - - [06/Oct/2021:11:28:21 +0200] "GET /-p-41989.html HTTP/1.0" 200 70420 "-" "Mozilla/5.0 (compatible; MJ12bot/v1.4.8; http://mj12bot.com/)"
192.99.6.226 - - [06/Oct/2021:11:28:35 +0200] "GET /winnie-the-pooh-orange-apron-p-26682.html HTTP/1.0" 301 70487 "-" "Mozilla/5.0 (compatible; MJ12bot/v1.4.8; http://mj12bot.com/)"
192.99.6.226 - - [06/Oct/2021:11:28:58 +0200] "GET /-p-26682.html HTTP/1.0" 200 70420 "-" "Mozilla/5.0 (compatible; MJ12bot/v1.4.8; http://mj12bot.com/)"
185.191.171.33 - - [06/Oct/2021:11:29:26 +0200] "GET /paris-cushion-p-24499.html HTTP/1.0" 200 70462 "-" "Mozilla/5.0 (compatible; SemrushBot/7~bl; +http://www.semrush.com/bot.html)"
192.99.6.226 - - [06/Oct/2021:11:29:36 +0200] "GET /winnie-the-pooh-orange-swimming-trunks-size-years-p-23942.html HTTP/1.0" 301 70487 "-" "Mozilla/5.0 (compatible; MJ12bot/v1.4.8; http://mj12bot.com/)"
185.191.171.7 - - [06/Oct/2021:11:29:50 +0200] "GET /tinker-bell-figurine-collection-disney-crafty-tink-p-31423.html HTTP/1.0" 200 73514 "-" "Mozilla/5.0 (compatible; SemrushBot/7~bl; +http://www.semrush.com/bot.html)"
114.119.128.39 - - [06/Oct/2021:11:29:58 +0200] "GET /disney-princess-card-with-envelope-p-34457.html HTTP/1.0" 200 73799 "-" "Mozilla/5.0 (Linux; Android 7.0;) AppleWebKit/537.36 (KHTML, like Gecko) Mobile Safari/537.36 (compatible; PetalBot;+https://webmaster.petalsearch.com/site/petalbot)"
207.46.13.17 - - [06/Oct/2021:11:30:06 +0200] "GET /images/140209_162618_PEEL_xV3tPj.jpg HTTP/1.0" 200 271 "-" "Mozilla/5.0 (compatible; bingbot/2.0; +http://www.bing.com/bingbot.htm)"
54.36.149.87 - - [06/Oct/2021:11:30:09 +0200] "GET /coat-hook-c-13_198.html?page=2 HTTP/1.0" 200 90773 "-" "Mozilla/5.0 (compatible; AhrefsBot/7.0; +http://ahrefs.com/robot/)"
192.99.6.226 - - [06/Oct/2021:11:30:32 +0200] "GET /-p-23942.html HTTP/1.0" 200 70420 "-" "Mozilla/5.0 (compatible; MJ12bot/v1.4.8; http://mj12bot.com/)"
185.191.171.41 - - [06/Oct/2021:11:30:36 +0200] "GET /gorjuss-ladybird-saddle-bag-p-30848.html HTTP/1.0" 301 70600 "-" "Mozilla/5.0 (compatible; SemrushBot/7~bl; +http://www.semrush.com/bot.html)"
185.191.171.14 - - [06/Oct/2021:11:30:38 +0200] "GET /gorjuss-ladybird-saddle-p-30848.html HTTP/1.0" 200 70510 "-" "Mozilla/5.0 (compatible; SemrushBot/7~bl; +http://www.semrush.com/bot.html)"
54.36.149.19 - - [06/Oct/2021:11:30:38 +0200] "GET /grey-beige-eyelets-blackout-curtain-p-35113.html HTTP/1.0" 301 70487 "-" "Mozilla/5.0 (compatible; AhrefsBot/7.0; +http://ahrefs.com/robot/)"
185.191.171.41 - - [06/Oct/2021:11:30:45 +0200] "GET /retro-vintage-khaki-bowling-p-19011.html?action=add_product HTTP/1.0" 302 476 "-" "Mozilla/5.0 (compatible; SemrushBot/7~bl; +http://www.semrush.com/bot.html)"
185.191.171.33 - - [06/Oct/2021:11:30:46 +0200] "GET /small-tassen-porcelain-mood-bowls-made-germany-p-43293.html HTTP/1.0" 200 73389 "-" "Mozilla/5.0 (compatible; SemrushBot/7~bl; +http://www.semrush.com/bot.html)"
192.99.6.226 - - [06/Oct/2021:11:30:50 +0200] "GET /winnie-the-pooh-orange-swimming-trunks-size-years-p-23943.html HTTP/1.0" 301 70487 "-" "Mozilla/5.0 (compatible; MJ12bot/v1.4.8; http://mj12bot.com/)"
192.99.6.226 - - [06/Oct/2021:11:31:10 +0200] "GET /-p-23943.html HTTP/1.0" 200 70420 "-" "Mozilla/5.0 (compatible; MJ12bot/v1.4.8; http://mj12bot.com/)"
192.99.6.226 - - [06/Oct/2021:11:31:33 +0200] "GET /winnie-the-pooh-orange-swimsuit-p-30832.html HTTP/1.0" 301 74964 "-" "Mozilla/5.0 (compatible; MJ12bot/v1.4.8; http://mj12bot.com/)"
192.99.6.226 - - [06/Oct/2021:11:31:46 +0200] "GET /winnie-pooh-orange-swimsuit-p-30832.html HTTP/1.0" 200 74870 "-" "Mozilla/5.0 (compatible; MJ12bot/v1.4.8; http://mj12bot.com/)"
66.249.64.84 - - [06/Oct/2021:11:32:00 +0200] "GET /large-eco-responsible-white-musk-candle-heart-and-home-p-52797.html HTTP/1.0" 301 74488 "-" "Mozilla/5.0 (Linux; Android 6.0.1; Nexus 5X Build/MMB29P) AppleWebKit/537.36 (KHTML, like Gecko) Chrome/94.0.4606.61 Mobile Safari/537.36 (compatible; Googlebot/2.1; +http://www.google.com/bot.html)"
66.249.64.83 - - [06/Oct/2021:11:32:01 +0200] "GET /large-responsible-white-musk-candle-heart-home-p-52797.html HTTP/1.0" 200 74375 "-" "Mozilla/5.0 (Linux; Android 6.0.1; Nexus 5X Build/MMB29P) AppleWebKit/537.36 (KHTML, like Gecko) Chrome/94.0.4606.61 Mobile Safari/537.36 (compatible; Googlebot/2.1; +http://www.google.com/bot.html)"
54.36.149.33 - - [06/Oct/2021:11:32:01 +0200] "GET /lotus-candle-holder-glass-p-42826.html HTTP/1.0" 200 74200 "-" "Mozilla/5.0 (compatible; AhrefsBot/7.0; +http://ahrefs.com/robot/)"
8.209.116.131 - - [06/Oct/2021:11:32:07 +0200] "GET /images/mini_prod/3661443439436.jpg HTTP/1.0" 200 269 "https://google.com" "Mozilla/5.0 (X11; Linux i686 (x86_64)) AppleWebKit/537.11 (KHTML, like Gecko) Chrome/23.0.1271.97 Safari/537.11"
192.99.6.226 - - [06/Oct/2021:11:32:14 +0200] "GET /winnie-the-pooh-pack-of-briefs-p-32954.html HTTP/1.0" 301 70487 "-" "Mozilla/5.0 (compatible; MJ12bot/v1.4.8; http://mj12bot.com/)"
185.191.171.7 - - [06/Oct/2021:11:32:27 +0200] "GET /zippo-set-lighter-and-steel-flask-p-51934.html HTTP/1.0" 301 74518 "-" "Mozilla/5.0 (compatible; SemrushBot/7~bl; +http://www.semrush.com/bot.html)"
185.191.171.10 - - [06/Oct/2021:11:32:29 +0200] "GET /zippo-lighter-steel-flask-p-51934.html HTTP/1.0" 200 74426 "-" "Mozilla/5.0 (compatible; SemrushBot/7~bl; +http://www.semrush.com/bot.html)"
192.99.6.226 - - [06/Oct/2021:11:32:34 +0200] "GET /-p-32954.html HTTP/1.0" 200 70420 "-" "Mozilla/5.0 (compatible; MJ12bot/v1.4.8; http://mj12bot.com/)"
8.209.116.131 - - [06/Oct/2021:11:32:44 +0200] "GET /images/mini_prod/842218807859.jpg HTTP/1.0" 200 268 "https://google.com" "Mozilla/5.0 (X11; Linux i686 (x86_64)) AppleWebKit/537.11 (KHTML, like Gecko) Chrome/23.0.1271.97 Safari/537.11"
8.209.116.131 - - [06/Oct/2021:11:32:45 +0200] "GET /images/mini_prod/9316188078221.jpg HTTP/1.0" 200 269 "https://google.com" "Mozilla/5.0 (X11; Linux i686 (x86_64)) AppleWebKit/537.11 (KHTML, like Gecko) Chrome/23.0.1271.97 Safari/537.11"
192.99.6.226 - - [06/Oct/2021:11:32:49 +0200] "GET /winnie-the-pooh-pack-of-briefs-p-32955.html HTTP/1.0" 301 70487 "-" "Mozilla/5.0 (compatible; MJ12bot/v1.4.8; http://mj12bot.com/)"
185.191.171.15 - - [06/Oct/2021:11:32:55 +0200] "GET /lotus-candle-holder-in-glass-p-42827.html HTTP/1.0" 301 74292 "-" "Mozilla/5.0 (compatible; SemrushBot/7~bl; +http://www.semrush.com/bot.html)"
185.191.171.10 - - [06/Oct/2021:11:32:57 +0200] "GET /lotus-candle-holder-glass-p-42827.html HTTP/1.0" 200 74200 "-" "Mozilla/5.0 (compatible; SemrushBot/7~bl; +http://www.semrush.com/bot.html)"
8.209.116.131 - - [06/Oct/2021:11:32:57 +0200] "GET /images/mini_prod/1399984260005.jpg HTTP/1.0" 200 269 "https://google.com" "Mozilla/5.0 (X11; Linux i686 (x86_64)) AppleWebKit/537.11 (KHTML, like Gecko) Chrome/23.0.1271.97 Safari/537.11"
192.99.6.226 - - [06/Oct/2021:11:33:01 +0200] "GET /-p-32955.html HTTP/1.0" 200 70420 "-" "Mozilla/5.0 (compatible; MJ12bot/v1.4.8; http://mj12bot.com/)"
8.209.116.131 - - [06/Oct/2021:11:33:03 +0200] "GET /images/mini_prod/9316188078238.jpg HTTP/1.0" 200 269 "https://google.com" "Mozilla/5.0 (X11; Linux i686 (x86_64)) AppleWebKit/537.11 (KHTML, like Gecko) Chrome/23.0.1271.97 Safari/537.11"
185.191.171.15 - - [06/Oct/2021:11:33:04 +0200] "GET /kori-kumi-small-notepad-p-30497.html HTTP/1.0" 200 73108 "-" "Mozilla/5.0 (compatible; SemrushBot/7~bl; +http://www.semrush.com/bot.html)"
192.99.6.226 - - [06/Oct/2021:11:33:16 +0200] "GET /winnie-the-pooh-pairs-of-socks-size-19-22-p-25492.html HTTP/1.0" 301 70487 "-" "Mozilla/5.0 (compatible; MJ12bot/v1.4.8; http://mj12bot.com/)"
8.209.116.131 - - [06/Oct/2021:11:33:20 +0200] "GET /images/mini_prod/9316188078245.jpg HTTP/1.0" 200 269 "https://google.com" "Mozilla/5.0 (X11; Linux i686 (x86_64)) AppleWebKit/537.11 (KHTML, like Gecko) Chrome/23.0.1271.97 Safari/537.11"
192.99.6.226 - - [06/Oct/2021:11:33:29 +0200] "GET /-p-25492.html HTTP/1.0" 200 70420 "-" "Mozilla/5.0 (compatible; MJ12bot/v1.4.8; http://mj12bot.com/)"
185.191.171.36 - - [06/Oct/2021:11:33:31 +0200] "GET /laissez-lucie-faire-toiletry-bag-byako-p-38866.html HTTP/1.0" 301 70643 "-" "Mozilla/5.0 (compatible; SemrushBot/7~bl; +http://www.semrush.com/bot.html)"
185.191.171.22 - - [06/Oct/2021:11:33:33 +0200] "GET /laissez-lucie-faire-toiletry-byako-p-38866.html HTTP/1.0" 200 70542 "-" "Mozilla/5.0 (compatible; SemrushBot/7~bl; +http://www.semrush.com/bot.html)"
8.209.116.131 - - [06/Oct/2021:11:33:46 +0200] "GET /images/mini_prod/3438100333297.jpg HTTP/1.0" 200 269 "https://google.com" "Mozilla/5.0 (X11; Linux i686 (x86_64)) AppleWebKit/537.11 (KHTML, like Gecko) Chrome/23.0.1271.97 Safari/537.11"
8.209.116.131 - - [06/Oct/2021:11:33:46 +0200] "GET /images/mini_prod/9316188078214.jpg HTTP/1.0" 200 269 "https://google.com" "Mozilla/5.0 (X11; Linux i686 (x86_64)) AppleWebKit/537.11 (KHTML, like Gecko) Chrome/23.0.1271.97 Safari/537.11"
192.99.6.226 - - [06/Oct/2021:11:33:48 +0200] "GET /winnie-the-pooh-peel-and-stick-wall-decals-p-14425.html HTTP/1.0" 301 73346 "-" "Mozilla/5.0 (compatible; MJ12bot/v1.4.8; http://mj12bot.com/)"
207.46.13.152 - - [06/Oct/2021:11:33:54 +0200] "GET /images/mini_prod/3503420083914.jpg HTTP/1.0" 200 269 "-" "Mozilla/5.0 (compatible; bingbot/2.0; +http://www.bing.com/bingbot.htm)"
185.191.171.36 - - [06/Oct/2021:11:33:57 +0200] "GET /schoolbag-caramel-wolf-p-48783.html?action=add_product HTTP/1.0" 302 476 "-" "Mozilla/5.0 (compatible; SemrushBot/7~bl; +http://www.semrush.com/bot.html)"
207.46.13.17 - - [06/Oct/2021:11:33:58 +0200] "GET /images/3760054863347.jpg HTTP/1.0" 200 259 "-" "Mozilla/5.0 (compatible; bingbot/2.0; +http://www.bing.com/bingbot.htm)"
8.209.116.131 - - [06/Oct/2021:11:34:01 +0200] "GET /images/mini_prod/3438100333303.jpg HTTP/1.0" 200 269 "https://google.com" "Mozilla/5.0 (X11; Linux i686 (x86_64)) AppleWebKit/537.11 (KHTML, like Gecko) Chrome/23.0.1271.97 Safari/537.11"
8.209.116.131 - - [06/Oct/2021:11:34:11 +0200] "GET /images/mini_prod/9316188078252.jpg HTTP/1.0" 200 269 "https://google.com" "Mozilla/5.0 (X11; Linux i686 (x86_64)) AppleWebKit/537.11 (KHTML, like Gecko) Chrome/23.0.1271.97 Safari/537.11"
192.99.6.226 - - [06/Oct/2021:11:34:15 +0200] "GET /winnie-pooh-peel-stick-wall-decals-p-14425.html HTTP/1.0" 200 73245 "-" "Mozilla/5.0 (compatible; MJ12bot/v1.4.8; http://mj12bot.com/)"
54.36.148.95 - - [06/Oct/2021:11:34:15 +0200] "GET /freshener-heart-home-rambling-rose-p-40604.html HTTP/1.0" 200 73426 "-" "Mozilla/5.0 (compatible; AhrefsBot/7.0; +http://ahrefs.com/robot/)"
8.209.116.131 - - [06/Oct/2021:11:34:20 +0200] "GET /images/mini_prod/8422088078573.jpg HTTP/1.0" 200 269 "https://google.com" "Mozilla/5.0 (X11; Linux i686 (x86_64)) AppleWebKit/537.11 (KHTML, like Gecko) Chrome/23.0.1271.97 Safari/537.11"
185.191.171.13 - - [06/Oct/2021:11:34:20 +0200] "GET /london-wooden-frame-p-29225.html HTTP/1.0" 200 73023 "-" "Mozilla/5.0 (compatible; SemrushBot/7~bl; +http://www.semrush.com/bot.html)"
8.209.116.131 - - [06/Oct/2021:11:34:31 +0200] "GET /images/mini_prod/1384010204221.jpg HTTP/1.0" 200 269 "https://google.com" "Mozilla/5.0 (X11; Linux i686 (x86_64)) AppleWebKit/537.11 (KHTML, like Gecko) Chrome/23.0.1271.97 Safari/537.11"
192.99.6.226 - - [06/Oct/2021:11:34:34 +0200] "GET /winnie-the-pooh-peel-and-stick-wall-decals-p-22540.html HTTP/1.0" 301 70706 "-" "Mozilla/5.0 (compatible; MJ12bot/v1.4.8; http://mj12bot.com/)"
8.209.116.131 - - [06/Oct/2021:11:34:36 +0200] "GET /images/mini_prod/9316188078269.jpg HTTP/1.0" 200 269 "https://google.com" "Mozilla/5.0 (X11; Linux i686 (x86_64)) AppleWebKit/537.11 (KHTML, like Gecko) Chrome/23.0.1271.97 Safari/537.11"
192.99.6.226 - - [06/Oct/2021:11:34:43 +0200] "GET /winnie-pooh-peel-stick-wall-decals-p-22540.html HTTP/1.0" 200 70605 "-" "Mozilla/5.0 (compatible; MJ12bot/v1.4.8; http://mj12bot.com/)"
8.209.116.131 - - [06/Oct/2021:11:34:49 +0200] "GET /images/mini_prod/842218807857.jpg HTTP/1.0" 200 268 "https://google.com" "Mozilla/5.0 (X11; Linux i686 (x86_64)) AppleWebKit/537.11 (KHTML, like Gecko) Chrome/23.0.1271.97 Safari/537.11"
192.99.6.226 - - [06/Oct/2021:11:35:04 +0200] "GET /winnie-the-pooh-pink-apron-p-26681.html HTTP/1.0" 301 70487 "-" "Mozilla/5.0 (compatible; MJ12bot/v1.4.8; http://mj12bot.com/)"
8.209.116.131 - - [06/Oct/2021:11:35:08 +0200] "GET /images/mini_prod/1384010204238.jpg HTTP/1.0" 200 269 "https://google.com" "Mozilla/5.0 (X11; Linux i686 (x86_64)) AppleWebKit/537.11 (KHTML, like Gecko) Chrome/23.0.1271.97 Safari/537.11"
8.209.116.131 - - [06/Oct/2021:11:35:14 +0200] "GET /images/mini_prod/8422088078528.jpg HTTP/1.0" 200 269 "https://google.com" "Mozilla/5.0 (X11; Linux i686 (x86_64)) AppleWebKit/537.11 (KHTML, like Gecko) Chrome/23.0.1271.97 Safari/537.11"
192.99.6.226 - - [06/Oct/2021:11:35:23 +0200] "GET /-p-26681.html HTTP/1.0" 200 70420 "-" "Mozilla/5.0 (compatible; MJ12bot/v1.4.8; http://mj12bot.com/)"
8.209.116.131 - - [06/Oct/2021:11:35:27 +0200] "GET /images/mini_prod/8422188078589.jpg HTTP/1.0" 200 269 "https://google.com" "Mozilla/5.0 (X11; Linux i686 (x86_64)) AppleWebKit/537.11 (KHTML, like Gecko) Chrome/23.0.1271.97 Safari/537.11"
8.209.116.131 - - [06/Oct/2021:11:35:34 +0200] "GET /images/mini_prod/8422088078511.jpg HTTP/1.0" 200 269 "https://google.com" "Mozilla/5.0 (X11; Linux i686 (x86_64)) AppleWebKit/537.11 (KHTML, like Gecko) Chrome/23.0.1271.97 Safari/537.11"
192.99.6.226 - - [06/Oct/2021:11:35:36 +0200] "GET /winnie-the-pooh-pirate-figure-p-4716.html HTTP/1.0" 301 73297 "-" "Mozilla/5.0 (compatible; MJ12bot/v1.4.8; http://mj12bot.com/)"
8.209.116.131 - - [06/Oct/2021:11:35:38 +0200] "GET /images/mini_prod/1384010204245.jpg HTTP/1.0" 200 269 "https://google.com" "Mozilla/5.0 (X11; Linux i686 (x86_64)) AppleWebKit/537.11 (KHTML, like Gecko) Chrome/23.0.1271.97 Safari/537.11"
185.191.171.7 - - [06/Oct/2021:11:35:40 +0200] "GET /esmeralda-djali-shore-sculpt-p-55502.html HTTP/1.0" 200 74680 "-" "Mozilla/5.0 (compatible; SemrushBot/7~bl; +http://www.semrush.com/bot.html)"
192.99.6.226 - - [06/Oct/2021:11:35:55 +0200] "GET /winnie-pooh-pirate-figure-p-4716.html HTTP/1.0" 200 73206 "-" "Mozilla/5.0 (compatible; MJ12bot/v1.4.8; http://mj12bot.com/)"
185.191.171.24 - - [06/Oct/2021:11:36:11 +0200] "GET /-p-13777.html?action=add_product HTTP/1.0" 302 476 "-" "Mozilla/5.0 (compatible; SemrushBot/7~bl; +http://www.semrush.com/bot.html)"
5.255.253.134 - - [06/Oct/2021:11:36:12 +0200] "GET /ben-10-plastic-glass-p-17153.html HTTP/1.0" 301 73257 "-" "Mozilla/5.0 (compatible; YandexBot/3.0; +http://yandex.com/bots)"
5.255.253.134 - - [06/Oct/2021:11:36:16 +0200] "GET /plastic-glass-p-17153.html HTTP/1.0" 200 73177 "-" "Mozilla/5.0 (compatible; YandexBot/3.0; +http://yandex.com/bots)"
192.99.6.226 - - [06/Oct/2021:11:36:17 +0200] "GET /winnie-the-pooh-placemat-p-16822.html HTTP/1.0" 301 73360 "-" "Mozilla/5.0 (compatible; MJ12bot/v1.4.8; http://mj12bot.com/)"
185.191.171.9 - - [06/Oct/2021:11:36:16 +0200] "GET /catches-dreams-diameter-p-44676.html HTTP/1.0" 200 73179 "-" "Mozilla/5.0 (compatible; SemrushBot/7~bl; +http://www.semrush.com/bot.html)"
185.191.171.16 - - [06/Oct/2021:11:36:24 +0200] "GET /gogh-nuit-toile-adult-apron-p-47665.html?action=add_product HTTP/1.0" 302 476 "-" "Mozilla/5.0 (compatible; SemrushBot/7~bl; +http://www.semrush.com/bot.html)"
54.36.149.83 - - [06/Oct/2021:11:36:29 +0200] "GET /beer-capsule-coasters-p-52929.html HTTP/1.0" 200 73061 "-" "Mozilla/5.0 (compatible; AhrefsBot/7.0; +http://ahrefs.com/robot/)"
185.191.171.25 - - [06/Oct/2021:11:36:32 +0200] "GET /luminous-frame-with-color-variations-butterfly-p-39476.html?action=add_product HTTP/1.0" 302 476 "-" "Mozilla/5.0 (compatible; SemrushBot/7~bl; +http://www.semrush.com/bot.html)"
192.99.6.226 - - [06/Oct/2021:11:36:36 +0200] "GET /winnie-pooh-placemat-p-16822.html HTTP/1.0" 200 73273 "-" "Mozilla/5.0 (compatible; MJ12bot/v1.4.8; http://mj12bot.com/)"
40.77.167.79 - - [06/Oct/2021:11:36:48 +0200] "GET /images/big_prod/3560600312158.jpg HTTP/1.0" 200 268 "-" "Mozilla/5.0 (compatible; bingbot/2.0; +http://www.bing.com/bingbot.htm)"
185.191.171.5 - - [06/Oct/2021:11:36:48 +0200] "GET /large-porcelain-bowl-tropical-p-53700.html HTTP/1.0" 200 73099 "-" "Mozilla/5.0 (compatible; SemrushBot/7~bl; +http://www.semrush.com/bot.html)"
192.99.6.226 - - [06/Oct/2021:11:36:50 +0200] "GET /winnie-the-pooh-plastic-glass-p-14399.html HTTP/1.0" 301 70640 "-" "Mozilla/5.0 (compatible; MJ12bot/v1.4.8; http://mj12bot.com/)"
192.99.6.226 - - [06/Oct/2021:11:37:07 +0200] "GET /winnie-pooh-plastic-glass-p-14399.html HTTP/1.0" 200 70548 "-" "Mozilla/5.0 (compatible; MJ12bot/v1.4.8; http://mj12bot.com/)"
185.191.171.12 - - [06/Oct/2021:11:37:16 +0200] "GET /harley-davidson-vintage-logo-metal-plate-p-12546.html?action=add_product HTTP/1.0" 302 476 "-" "Mozilla/5.0 (compatible; SemrushBot/7~bl; +http://www.semrush.com/bot.html)"
192.99.6.226 - - [06/Oct/2021:11:37:23 +0200] "GET /winnie-the-pooh-plush-by-britto-20-cm-p-24309.html HTTP/1.0" 301 70487 "-" "Mozilla/5.0 (compatible; MJ12bot/v1.4.8; http://mj12bot.com/)"
17.121.115.207 - - [06/Oct/2021:11:37:32 +0200] "GET /images/big_prod_2/3609810065154.jpg HTTP/1.0" 200 270 "-" "Mozilla/5.0 (Macintosh; Intel Mac OS X 10_15_5) AppleWebKit/605.1.15 (KHTML, like Gecko) Version/13.1.1 Safari/605.1.15 (Applebot/0.1; +http://www.apple.com/go/applebot)"
161.35.13.253 - - [06/Oct/2021:11:37:44 +0200] "GET /wp-login.php HTTP/1.0" 404 1308 "-" "Mozilla/5.0 (X11; Ubuntu; Linux x86_64; rv:62.0) Gecko/20100101 Firefox/62.0"
161.35.13.253 - - [06/Oct/2021:11:37:44 +0200] "GET /wp-login.php HTTP/1.0" 404 1308 "-" "Mozilla/5.0 (X11; Ubuntu; Linux x86_64; rv:62.0) Gecko/20100101 Firefox/62.0"
192.99.6.226 - - [06/Oct/2021:11:37:55 +0200] "GET /-p-24309.html HTTP/1.0" 200 70420 "-" "Mozilla/5.0 (compatible; MJ12bot/v1.4.8; http://mj12bot.com/)"
192.99.6.226 - - [06/Oct/2021:11:38:12 +0200] "GET /winnie-the-pooh-poncho-towel-p-11624.html HTTP/1.0" 301 70487 "-" "Mozilla/5.0 (compatible; MJ12bot/v1.4.8; http://mj12bot.com/)"
54.36.149.44 - - [06/Oct/2021:11:38:27 +0200] "GET /marguerite-table-lamp-p-56070.html HTTP/1.0" 200 73748 "-" "Mozilla/5.0 (compatible; AhrefsBot/7.0; +http://ahrefs.com/robot/)"
192.99.6.226 - - [06/Oct/2021:11:38:28 +0200] "GET /-p-11624.html HTTP/1.0" 200 70420 "-" "Mozilla/5.0 (compatible; MJ12bot/v1.4.8; http://mj12bot.com/)"
185.191.171.12 - - [06/Oct/2021:11:38:43 +0200] "GET /blue-alveoli-flower-pot-125-cm-p-51109.html HTTP/1.0" 301 70596 "-" "Mozilla/5.0 (compatible; SemrushBot/7~bl; +http://www.semrush.com/bot.html)"
185.191.171.36 - - [06/Oct/2021:11:38:45 +0200] "GET /blue-alveoli-flower-p-51109.html HTTP/1.0" 200 70510 "-" "Mozilla/5.0 (compatible; SemrushBot/7~bl; +http://www.semrush.com/bot.html)"
192.99.6.226 - - [06/Oct/2021:11:38:45 +0200] "GET /winnie-the-pooh-pull-12-months-p-23529.html HTTP/1.0" 301 70487 "-" "Mozilla/5.0 (compatible; MJ12bot/v1.4.8; http://mj12bot.com/)"
185.191.171.22 - - [06/Oct/2021:11:38:54 +0200] "GET /banania-metal-plate-p-41064.html?action=add_product HTTP/1.0" 302 476 "-" "Mozilla/5.0 (compatible; SemrushBot/7~bl; +http://www.semrush.com/bot.html)"
192.99.6.226 - - [06/Oct/2021:11:39:02 +0200] "GET /-p-23529.html HTTP/1.0" 200 70420 "-" "Mozilla/5.0 (compatible; MJ12bot/v1.4.8; http://mj12bot.com/)"
185.191.171.36 - - [06/Oct/2021:11:39:03 +0200] "GET /spain-white-shirt-p-33755.html HTTP/1.0" 200 75014 "-" "Mozilla/5.0 (compatible; SemrushBot/7~bl; +http://www.semrush.com/bot.html)"
192.99.6.226 - - [06/Oct/2021:11:39:21 +0200] "GET /winnie-the-pooh-pull-12-months-p-23531.html HTTP/1.0" 301 70487 "-" "Mozilla/5.0 (compatible; MJ12bot/v1.4.8; http://mj12bot.com/)"
192.99.6.226 - - [06/Oct/2021:11:39:39 +0200] "GET /-p-23531.html HTTP/1.0" 200 70420 "-" "Mozilla/5.0 (compatible; MJ12bot/v1.4.8; http://mj12bot.com/)"
207.46.13.152 - - [06/Oct/2021:11:39:43 +0200] "GET /images/3521320605487.jpg HTTP/1.0" 200 259 "-" "Mozilla/5.0 (compatible; bingbot/2.0; +http://www.bing.com/bingbot.htm)"
185.191.171.10 - - [06/Oct/2021:11:39:51 +0200] "GET /-p-49312.html?action=add_product HTTP/1.0" 302 476 "-" "Mozilla/5.0 (compatible; SemrushBot/7~bl; +http://www.semrush.com/bot.html)"
192.99.6.226 - - [06/Oct/2021:11:39:52 +0200] "GET /winnie-the-pooh-pull-18-months-p-23530.html HTTP/1.0" 301 70487 "-" "Mozilla/5.0 (compatible; MJ12bot/v1.4.8; http://mj12bot.com/)"
207.46.13.162 - - [06/Oct/2021:11:39:52 +0200] "GET /pucca-tights-p-34658.html HTTP/1.0" 200 74115 "-" "Mozilla/5.0 (compatible; bingbot/2.0; +http://www.bing.com/bingbot.htm)"
192.99.6.226 - - [06/Oct/2021:11:40:12 +0200] "GET /-p-23530.html HTTP/1.0" 200 70420 "-" "Mozilla/5.0 (compatible; MJ12bot/v1.4.8; http://mj12bot.com/)"
51.68.224.127 - - [06/Oct/2021:11:40:21 +0200] "GET /adminweb/export_orders_xml.php?token=256de2z6edz6ed2z6DFSFsed2zed6zeDSFDSGdzedezfzf&maxorders=10&orderstart=1&status=14&start_date=2018-10-01 HTTP/1.0" 200 285 "-" "GesCom CharlotteBoutik Serveur"
51.68.224.127 - - [06/Oct/2021:11:40:21 +0200] "GET /adminweb/export_orders_xml.php?token=256de2z6edz6ed2z6DFSFsed2zed6zeDSFDSGdzedezfzf&maxorders=10&orderstart=1&status=6&start_date=2018-10-01 HTTP/1.0" 200 32573 "-" "GesCom CharlotteBoutik Serveur"
54.36.148.60 - - [06/Oct/2021:11:40:25 +0200] "GET /bilbao-coated-tablecloth-grey-orange-p-45343.html HTTP/1.0" 200 73221 "-" "Mozilla/5.0 (compatible; AhrefsBot/7.0; +http://ahrefs.com/robot/)"
185.191.171.22 - - [06/Oct/2021:11:40:28 +0200] "GET /watch-positive-people-sign-metal-plate-deco-p-42490.html HTTP/1.0" 200 73296 "-" "Mozilla/5.0 (compatible; SemrushBot/7~bl; +http://www.semrush.com/bot.html)"
185.191.171.15 - - [06/Oct/2021:11:40:31 +0200] "GET /tulip-white-table-lamp-p-52973.html?action=add_product HTTP/1.0" 302 476 "-" "Mozilla/5.0 (compatible; SemrushBot/7~bl; +http://www.semrush.com/bot.html)"
192.99.6.226 - - [06/Oct/2021:11:40:35 +0200] "GET /winnie-the-pooh-pull-months-p-23528.html HTTP/1.0" 301 70487 "-" "Mozilla/5.0 (compatible; MJ12bot/v1.4.8; http://mj12bot.com/)"
185.191.171.14 - - [06/Oct/2021:11:40:48 +0200] "GET /himalayan-mood-saltlamp-white-usb-leds-p-44960.html HTTP/1.0" 301 75843 "-" "Mozilla/5.0 (compatible; SemrushBot/7~bl; +http://www.semrush.com/bot.html)"
185.191.171.17 - - [06/Oct/2021:11:40:50 +0200] "GET /himalayan-mood-saltlamp-white-leds-p-44960.html HTTP/1.0" 200 75742 "-" "Mozilla/5.0 (compatible; SemrushBot/7~bl; +http://www.semrush.com/bot.html)"
192.99.6.226 - - [06/Oct/2021:11:40:57 +0200] "GET /-p-23528.html HTTP/1.0" 200 70420 "-" "Mozilla/5.0 (compatible; MJ12bot/v1.4.8; http://mj12bot.com/)"
185.191.171.24 - - [06/Oct/2021:11:41:03 +0200] "GET /gorjuss-holder-have-mine-p-52377.html HTTP/1.0" 200 73195 "-" "Mozilla/5.0 (compatible; SemrushBot/7~bl; +http://www.semrush.com/bot.html)"
185.191.171.4 - - [06/Oct/2021:11:41:07 +0200] "GET /-p-42958.html?action=add_product HTTP/1.0" 302 476 "-" "Mozilla/5.0 (compatible; SemrushBot/7~bl; +http://www.semrush.com/bot.html)"
192.99.6.226 - - [06/Oct/2021:11:41:19 +0200] "GET /winnie-the-pooh-pull-months-p-23532.html HTTP/1.0" 301 70487 "-" "Mozilla/5.0 (compatible; MJ12bot/v1.4.8; http://mj12bot.com/)"
192.99.6.226 - - [06/Oct/2021:11:41:37 +0200] "GET /-p-23532.html HTTP/1.0" 200 70420 "-" "Mozilla/5.0 (compatible; MJ12bot/v1.4.8; http://mj12bot.com/)"
154.6.26.22 - - [06/Oct/2021:11:41:54 +0200] "GET /create_account.php+++++++++++++++++++++++++++%28%22suburb:%22+=+Idaho+Springs%29;+chosen+nickname+%22StephenRof%22; HTTP/1.0" 301 741 "http://wonder-geek.com/create_account.php+++++++++++++++++++++++++++%28%22suburb:%22+=+Idaho+Springs%29;+chosen+nickname+%22StephenRof%22;" "Mozilla/5.0 (Windows NT 6.3; Win64; x64) AppleWebKit/537.36 (KHTML, like Gecko) Chrome/90.0.4430.85 Safari/537.36 Edg/90.0.818.46"
154.6.26.22 - - [06/Oct/2021:11:41:55 +0200] "GET /create_account.php+++++++++++++++++++++++++++(%22suburb:%22+=+Idaho+Springs)%3b+chosen+nickname+%22StephenRof%22%3b HTTP/1.0" 404 1308 "http://www.wonder-geek.com/create_account.php+++++++++++++++++++++++++++(%22suburb:%22+=+Idaho+Springs)%3b+chosen+nickname+%22StephenRof%22%3b" "Mozilla/5.0 (Windows NT 6.3; Win64; x64) AppleWebKit/537.36 (KHTML, like Gecko) Chrome/90.0.4430.85 Safari/537.36 Edg/90.0.818.46"
154.6.26.22 - - [06/Oct/2021:11:41:55 +0200] "GET / HTTP/1.0" 301 511 "http://wonder-geek.com/" "Mozilla/5.0 (Windows NT 6.3; Win64; x64) AppleWebKit/537.36 (KHTML, like Gecko) Chrome/90.0.4430.85 Safari/537.36 Edg/90.0.818.46"
154.6.26.22 - - [06/Oct/2021:11:41:55 +0200] "GET / HTTP/1.0" 200 150366 "http://www.wonder-geek.com/" "Mozilla/5.0 (Windows NT 6.3; Win64; x64) AppleWebKit/537.36 (KHTML, like Gecko) Chrome/90.0.4430.85 Safari/537.36 Edg/90.0.818.46"
192.99.6.226 - - [06/Oct/2021:11:41:57 +0200] "GET /winnie-the-pooh-pull-p-31342.html HTTP/1.0" 301 70586 "-" "Mozilla/5.0 (compatible; MJ12bot/v1.4.8; http://mj12bot.com/)"
154.6.26.22 - - [06/Oct/2021:11:41:57 +0200] "GET /create_account.php HTTP/1.0" 200 33633 "http://www.wonder-geek.com/create_account.php" "Mozilla/5.0 (Windows NT 6.3; Win64; x64) AppleWebKit/537.36 (KHTML, like Gecko) Chrome/90.0.4430.85 Safari/537.36 Edg/90.0.818.46"
154.6.26.22 - - [06/Oct/2021:11:41:59 +0200] "POST /create_account.php HTTP/1.0" 200 34309 "http://www.wonder-geek.com/create_account.php" "Mozilla/5.0 (Windows NT 6.3; Win64; x64) AppleWebKit/537.36 (KHTML, like Gecko) Chrome/90.0.4430.85 Safari/537.36 Edg/90.0.818.46"
154.6.26.22 - - [06/Oct/2021:11:42:00 +0200] "GET /login.php HTTP/1.0" 200 17155 "http://www.wonder-geek.com/login.php" "Mozilla/5.0 (Windows NT 6.3; Win64; x64) AppleWebKit/537.36 (KHTML, like Gecko) Chrome/90.0.4430.85 Safari/537.36 Edg/90.0.818.46"
154.6.26.22 - - [06/Oct/2021:11:42:00 +0200] "POST /login.php?action=process HTTP/1.0" 200 17661 "http://www.wonder-geek.com/login.php" "Mozilla/5.0 (Windows NT 6.3; Win64; x64) AppleWebKit/537.36 (KHTML, like Gecko) Chrome/90.0.4430.85 Safari/537.36 Edg/90.0.818.46"
154.6.26.22 - - [06/Oct/2021:11:42:01 +0200] "GET / HTTP/1.0" 200 150379 "http://www.wonder-geek.com/" "Mozilla/5.0 (Windows NT 6.3; Win64; x64) AppleWebKit/537.36 (KHTML, like Gecko) Chrome/90.0.4430.85 Safari/537.36 Edg/90.0.818.46"
185.191.171.8 - - [06/Oct/2021:11:42:20 +0200] "GET /storybook-alice-in-wonderland-tea-party-figure-collection-p-50674.html HTTP/1.0" 301 70705 "-" "Mozilla/5.0 (compatible; SemrushBot/7~bl; +http://www.semrush.com/bot.html)"
192.99.6.226 - - [06/Oct/2021:11:42:20 +0200] "GET /winnie-pooh-pull-p-31342.html HTTP/1.0" 200 70503 "-" "Mozilla/5.0 (compatible; MJ12bot/v1.4.8; http://mj12bot.com/)"
185.191.171.39 - - [06/Oct/2021:11:42:22 +0200] "GET /storybook-alice-wonderland-party-figure-collection-p-50674.html HTTP/1.0" 200 70588 "-" "Mozilla/5.0 (compatible; SemrushBot/7~bl; +http://www.semrush.com/bot.html)"
207.46.13.54 - - [06/Oct/2021:11:42:29 +0200] "GET /windchime-wood-chimes-p-43519.html HTTP/1.0" 200 73694 "-" "Mozilla/5.0 (compatible; bingbot/2.0; +http://www.bing.com/bingbot.htm)"
54.36.149.48 - - [06/Oct/2021:11:42:34 +0200] "GET /freshener-heart-home-sweet-p-40565.html HTTP/1.0" 200 73423 "-" "Mozilla/5.0 (compatible; AhrefsBot/7.0; +http://ahrefs.com/robot/)"
185.191.171.44 - - [06/Oct/2021:11:42:39 +0200] "GET /statue-fiberglass-buddha-p-44725.html?action=add_product HTTP/1.0" 302 476 "-" "Mozilla/5.0 (compatible; SemrushBot/7~bl; +http://www.semrush.com/bot.html)"
192.99.6.226 - - [06/Oct/2021:11:42:41 +0200] "GET /winnie-the-pooh-pull-p-31343.html HTTP/1.0" 301 70487 "-" "Mozilla/5.0 (compatible; MJ12bot/v1.4.8; http://mj12bot.com/)"
192.99.6.226 - - [06/Oct/2021:11:43:00 +0200] "GET /-p-31343.html HTTP/1.0" 200 70420 "-" "Mozilla/5.0 (compatible; MJ12bot/v1.4.8; http://mj12bot.com/)"
54.36.148.50 - - [06/Oct/2021:11:43:10 +0200] "GET /bucolic-atmosphere-training-bottle-by-cbkreation-p-49143.html HTTP/1.0" 301 73631 "-" "Mozilla/5.0 (compatible; AhrefsBot/7.0; +http://ahrefs.com/robot/)"
185.191.171.24 - - [06/Oct/2021:11:43:10 +0200] "GET /chairs-cushion-c-11_165.html?page=5 HTTP/1.0" 200 80038 "-" "Mozilla/5.0 (compatible; SemrushBot/7~bl; +http://www.semrush.com/bot.html)"
185.191.171.43 - - [06/Oct/2021:11:43:15 +0200] "GET /atol-moroccan-ashtray-p-54601.html?action=add_product HTTP/1.0" 302 476 "-" "Mozilla/5.0 (compatible; SemrushBot/7~bl; +http://www.semrush.com/bot.html)"
185.191.171.40 - - [06/Oct/2021:11:43:21 +0200] "GET /white-knight-chess-piece-p-51210.html HTTP/1.0" 200 73113 "-" "Mozilla/5.0 (compatible; SemrushBot/7~bl; +http://www.semrush.com/bot.html)"
192.99.6.226 - - [06/Oct/2021:11:43:21 +0200] "GET /winnie-the-pooh-set-of-briefs-size-10-years-p-23719.html HTTP/1.0" 301 70487 "-" "Mozilla/5.0 (compatible; MJ12bot/v1.4.8; http://mj12bot.com/)"
185.191.171.44 - - [06/Oct/2021:11:43:27 +0200] "GET /little-buddha-glasses-case-blue-p-50254.html HTTP/1.0" 200 70524 "-" "Mozilla/5.0 (compatible; SemrushBot/7~bl; +http://www.semrush.com/bot.html)"
185.191.171.4 - - [06/Oct/2021:11:43:40 +0200] "GET /kimmidoll-wastebasket-p-27443.html HTTP/1.0" 200 70494 "-" "Mozilla/5.0 (compatible; SemrushBot/7~bl; +http://www.semrush.com/bot.html)"
192.99.6.226 - - [06/Oct/2021:11:43:40 +0200] "GET /-p-23719.html HTTP/1.0" 200 70420 "-" "Mozilla/5.0 (compatible; MJ12bot/v1.4.8; http://mj12bot.com/)"
185.191.171.4 - - [06/Oct/2021:11:43:56 +0200] "GET /homelife-rules-wooden-wall-decoration-to-hang-p-46113.html HTTP/1.0" 301 70739 "-" "Mozilla/5.0 (compatible; SemrushBot/7~bl; +http://www.semrush.com/bot.html)"
216.244.66.242 - - [06/Oct/2021:11:44:00 +0200] "GET /robots.txt HTTP/1.0" 200 245 "-" "Mozilla/5.0 (compatible; DotBot/1.2; +https://opensiteexplorer.org/dotbot; help@moz.com)"
185.191.171.3 - - [06/Oct/2021:11:44:01 +0200] "GET /homelife-rules-wooden-wall-decoration-hang-p-46113.html HTTP/1.0" 200 70630 "-" "Mozilla/5.0 (compatible; SemrushBot/7~bl; +http://www.semrush.com/bot.html)"
192.99.6.226 - - [06/Oct/2021:11:44:02 +0200] "GET /winnie-the-pooh-set-of-briefs-size-years-p-23721.html HTTP/1.0" 301 70487 "-" "Mozilla/5.0 (compatible; MJ12bot/v1.4.8; http://mj12bot.com/)"
185.191.171.21 - - [06/Oct/2021:11:44:12 +0200] "GET /decorative-leaf-centerpiece-p-54588.html HTTP/1.0" 200 73958 "-" "Mozilla/5.0 (compatible; SemrushBot/7~bl; +http://www.semrush.com/bot.html)"
192.99.6.226 - - [06/Oct/2021:11:44:27 +0200] "GET /-p-23721.html HTTP/1.0" 200 70420 "-" "Mozilla/5.0 (compatible; MJ12bot/v1.4.8; http://mj12bot.com/)"
54.36.148.35 - - [06/Oct/2021:11:44:38 +0200] "GET /dexter-shirt-p-29489.html HTTP/1.0" 200 74403 "-" "Mozilla/5.0 (compatible; AhrefsBot/7.0; +http://ahrefs.com/robot/)"
185.191.171.8 - - [06/Oct/2021:11:44:40 +0200] "GET /fc-internazionale-fountain-pen-p-36941.html HTTP/1.0" 301 70606 "-" "Mozilla/5.0 (compatible; SemrushBot/7~bl; +http://www.semrush.com/bot.html)"
185.191.171.16 - - [06/Oct/2021:11:44:42 +0200] "GET /internazionale-fountain-p-36941.html HTTP/1.0" 200 70516 "-" "Mozilla/5.0 (compatible; SemrushBot/7~bl; +http://www.semrush.com/bot.html)"
192.99.6.226 - - [06/Oct/2021:11:44:44 +0200] "GET /winnie-the-pooh-set-of-hair-clips-p-13546.html HTTP/1.0" 301 70649 "-" "Mozilla/5.0 (compatible; MJ12bot/v1.4.8; http://mj12bot.com/)"
66.249.64.82 - - [06/Oct/2021:11:44:54 +0200] "GET / HTTP/1.0" 200 150006 "-" "Mozilla/5.0 (Linux; Android 6.0.1; Nexus 5X Build/MMB29P) AppleWebKit/537.36 (KHTML, like Gecko) Chrome/94.0.4606.61 Mobile Safari/537.36 (compatible; Googlebot/2.1; +http://www.google.com/bot.html)"
192.99.6.226 - - [06/Oct/2021:11:44:59 +0200] "GET /winnie-pooh-hair-clips-p-13546.html HTTP/1.0" 200 70560 "-" "Mozilla/5.0 (compatible; MJ12bot/v1.4.8; http://mj12bot.com/)"
192.99.6.226 - - [06/Oct/2021:11:45:10 +0200] "GET /winnie-the-pooh-set-of-hair-ornements-p-13565.html HTTP/1.0" 301 73346 "-" "Mozilla/5.0 (compatible; MJ12bot/v1.4.8; http://mj12bot.com/)"
192.99.6.226 - - [06/Oct/2021:11:45:33 +0200] "GET /winnie-pooh-hair-ornements-p-13565.html HTTP/1.0" 200 73253 "-" "Mozilla/5.0 (compatible; MJ12bot/v1.4.8; http://mj12bot.com/)"
185.191.171.7 - - [06/Oct/2021:11:45:51 +0200] "GET /lamp-nature-spirit-p-52254.html HTTP/1.0" 200 70490 "-" "Mozilla/5.0 (compatible; SemrushBot/7~bl; +http://www.semrush.com/bot.html)"
192.99.6.226 - - [06/Oct/2021:11:45:51 +0200] "GET /winnie-the-pooh-set-p-32970.html HTTP/1.0" 301 70487 "-" "Mozilla/5.0 (compatible; MJ12bot/v1.4.8; http://mj12bot.com/)"
114.119.128.37 - - [06/Oct/2021:11:46:02 +0200] "GET /images/big_prod/3700281643718.jpg HTTP/1.0" 200 268 "-" "Mozilla/5.0 (Linux; Android 7.0;) AppleWebKit/537.36 (KHTML, like Gecko) Mobile Safari/537.36 (compatible; PetalBot;+https://webmaster.petalsearch.com/site/petalbot)"
192.99.6.226 - - [06/Oct/2021:11:46:19 +0200] "GET /-p-32970.html HTTP/1.0" 200 70420 "-" "Mozilla/5.0 (compatible; MJ12bot/v1.4.8; http://mj12bot.com/)"
54.36.148.111 - - [06/Oct/2021:11:46:44 +0200] "GET /retro-style-sugar-saveurs-traditions-franaises-p-55519.html HTTP/1.0" 200 74013 "-" "Mozilla/5.0 (compatible; AhrefsBot/7.0; +http://ahrefs.com/robot/)"
192.99.6.226 - - [06/Oct/2021:11:46:47 +0200] "GET /winnie-the-pooh-small-table-lamp-p-33138.html HTTP/1.0" 301 70487 "-" "Mozilla/5.0 (compatible; MJ12bot/v1.4.8; http://mj12bot.com/)"
185.191.171.24 - - [06/Oct/2021:11:47:16 +0200] "GET /iphone-silicone-bleue-shell-audiocassette-p-18940.html HTTP/1.0" 200 76478 "-" "Mozilla/5.0 (compatible; SemrushBot/7~bl; +http://www.semrush.com/bot.html)"
185.191.171.14 - - [06/Oct/2021:11:47:19 +0200] "GET /large-horse-statuette-resin-glass-p-48955.html?action=add_product HTTP/1.0" 302 476 "-" "Mozilla/5.0 (compatible; SemrushBot/7~bl; +http://www.semrush.com/bot.html)"
192.99.6.226 - - [06/Oct/2021:11:47:19 +0200] "GET /-p-33138.html HTTP/1.0" 200 70420 "-" "Mozilla/5.0 (compatible; MJ12bot/v1.4.8; http://mj12bot.com/)"
66.249.64.83 - - [06/Oct/2021:11:47:32 +0200] "GET /images/big_prod_3/028399296101b.jpg HTTP/1.0" 200 270 "-" "Googlebot-Image/1.0"
192.99.6.226 - - [06/Oct/2021:11:47:41 +0200] "GET /winnie-the-pooh-stationery-holder-p-15982.html HTTP/1.0" 301 70664 "-" "Mozilla/5.0 (compatible; MJ12bot/v1.4.8; http://mj12bot.com/)"
66.249.64.82 - - [06/Oct/2021:11:48:00 +0200] "GET /resin-statue-little-monk-blue-dress-p-52809.html HTTP/1.0" 200 73211 "-" "Mozilla/5.0 (Linux; Android 6.0.1; Nexus 5X Build/MMB29P) AppleWebKit/537.36 (KHTML, like Gecko) Chrome/94.0.4606.61 Mobile Safari/537.36 (compatible; Googlebot/2.1; +http://www.google.com/bot.html)"
192.99.6.226 - - [06/Oct/2021:11:48:01 +0200] "GET /winnie-pooh-stationery-holder-p-15982.html HTTP/1.0" 200 70568 "-" "Mozilla/5.0 (compatible; MJ12bot/v1.4.8; http://mj12bot.com/)"
192.99.6.226 - - [06/Oct/2021:11:48:18 +0200] "GET /winnie-the-pooh-stationery-holder-p-6405.html HTTP/1.0" 301 70661 "-" "Mozilla/5.0 (compatible; MJ12bot/v1.4.8; http://mj12bot.com/)"
185.191.171.26 - - [06/Oct/2021:11:48:21 +0200] "GET /placemat-exotique-p-53601.html HTTP/1.0" 200 73588 "-" "Mozilla/5.0 (compatible; SemrushBot/7~bl; +http://www.semrush.com/bot.html)"
54.36.149.56 - - [06/Oct/2021:11:48:29 +0200] "GET /beatles-abbey-road-metal-money-box-p-3742.html HTTP/1.0" 301 70484 "-" "Mozilla/5.0 (compatible; AhrefsBot/7.0; +http://ahrefs.com/robot/)"
185.191.171.24 - - [06/Oct/2021:11:48:38 +0200] "GET /food-bowl-love-pets-p-31709.html HTTP/1.0" 200 73102 "-" "Mozilla/5.0 (compatible; SemrushBot/7~bl; +http://www.semrush.com/bot.html)"
192.99.6.226 - - [06/Oct/2021:11:48:46 +0200] "GET /winnie-pooh-stationery-holder-p-6405.html HTTP/1.0" 200 70566 "-" "Mozilla/5.0 (compatible; MJ12bot/v1.4.8; http://mj12bot.com/)"
192.99.6.226 - - [06/Oct/2021:11:49:00 +0200] "GET /winnie-the-pooh-stationery-set-p-2319.html HTTP/1.0" 301 70484 "-" "Mozilla/5.0 (compatible; MJ12bot/v1.4.8; http://mj12bot.com/)"
54.36.149.45 - - [06/Oct/2021:11:49:02 +0200] "GET /mtal-small-baby-teeth-green-blue-p-47098.html HTTP/1.0" 200 73313 "-" "Mozilla/5.0 (compatible; AhrefsBot/7.0; +http://ahrefs.com/robot/)"
185.191.171.42 - - [06/Oct/2021:11:49:14 +0200] "GET /placemat-little-prince-p-56258.html?action=add_product HTTP/1.0" 302 476 "-" "Mozilla/5.0 (compatible; SemrushBot/7~bl; +http://www.semrush.com/bot.html)"
192.99.6.226 - - [06/Oct/2021:11:49:23 +0200] "GET /-p-2319.html HTTP/1.0" 200 70418 "-" "Mozilla/5.0 (compatible; MJ12bot/v1.4.8; http://mj12bot.com/)"
192.99.6.226 - - [06/Oct/2021:11:49:43 +0200] "GET /winnie-the-pooh-sticker-p-20474.html HTTP/1.0" 301 75361 "-" "Mozilla/5.0 (compatible; MJ12bot/v1.4.8; http://mj12bot.com/)"
192.99.6.226 - - [06/Oct/2021:11:50:00 +0200] "GET /winnie-pooh-sticker-p-20474.html HTTP/1.0" 200 75275 "-" "Mozilla/5.0 (compatible; MJ12bot/v1.4.8; http://mj12bot.com/)"
114.119.128.253 - - [06/Oct/2021:11:50:13 +0200] "GET /porcelain-mug-with-infuser-p-48053.html HTTP/1.0" 301 73171 "-" "Mozilla/5.0 (Linux; Android 7.0;) AppleWebKit/537.36 (KHTML, like Gecko) Mobile Safari/537.36 (compatible; PetalBot;+https://webmaster.petalsearch.com/site/petalbot)"
114.119.128.253 - - [06/Oct/2021:11:50:14 +0200] "GET /porcelain-with-infuser-p-48053.html HTTP/1.0" 200 73082 "-" "Mozilla/5.0 (Linux; Android 7.0;) AppleWebKit/537.36 (KHTML, like Gecko) Mobile Safari/537.36 (compatible; PetalBot;+https://webmaster.petalsearch.com/site/petalbot)"
192.99.6.226 - - [06/Oct/2021:11:50:19 +0200] "GET /winnie-the-pooh-stool-p-12242.html HTTP/1.0" 301 70487 "-" "Mozilla/5.0 (compatible; MJ12bot/v1.4.8; http://mj12bot.com/)"
66.249.64.84 - - [06/Oct/2021:11:50:47 +0200] "GET /mani-lucky-figurine-p-46169.html HTTP/1.0" 200 74012 "-" "Mozilla/5.0 (Linux; Android 6.0.1; Nexus 5X Build/MMB29P) AppleWebKit/537.36 (KHTML, like Gecko) Chrome/94.0.4606.71 Mobile Safari/537.36 (compatible; Googlebot/2.1; +http://www.google.com/bot.html)"
192.99.6.226 - - [06/Oct/2021:11:50:51 +0200] "GET /-p-12242.html HTTP/1.0" 200 70420 "-" "Mozilla/5.0 (compatible; MJ12bot/v1.4.8; http://mj12bot.com/)"
54.36.148.64 - - [06/Oct/2021:11:51:11 +0200] "GET /tablecloth-azulejos-treated-anti-stain-orange-p-48522.html HTTP/1.0" 200 74021 "-" "Mozilla/5.0 (compatible; AhrefsBot/7.0; +http://ahrefs.com/robot/)"
192.99.6.226 - - [06/Oct/2021:11:51:13 +0200] "GET /winnie-the-pooh-stool-p-18810.html HTTP/1.0" 301 70592 "-" "Mozilla/5.0 (compatible; MJ12bot/v1.4.8; http://mj12bot.com/)"
95.108.213.76 - - [06/Oct/2021:11:51:24 +0200] "GET /plastic-glass-p-17153.html HTTP/1.0" 200 73177 "-" "Mozilla/5.0 (compatible; YandexBot/3.0; +http://yandex.com/bots)"
192.99.6.226 - - [06/Oct/2021:11:51:35 +0200] "GET /winnie-pooh-stool-p-18810.html HTTP/1.0" 200 70508 "-" "Mozilla/5.0 (compatible; MJ12bot/v1.4.8; http://mj12bot.com/)"
185.191.171.37 - - [06/Oct/2021:11:51:52 +0200] "GET /taurus-decorative-statue-p-34561.html HTTP/1.0" 200 73105 "-" "Mozilla/5.0 (compatible; SemrushBot/7~bl; +http://www.semrush.com/bot.html)"
192.99.6.226 - - [06/Oct/2021:11:51:58 +0200] "GET /winnie-the-pooh-swimming-ring-p-19969.html HTTP/1.0" 301 73048 "-" "Mozilla/5.0 (compatible; MJ12bot/v1.4.8; http://mj12bot.com/)"
5.255.253.134 - - [06/Oct/2021:11:52:03 +0200] "GET /tealight-holders-candle-holders-c-231_230.html HTTP/1.0" 200 92110 "-" "Mozilla/5.0 (compatible; YandexBot/3.0; +http://yandex.com/bots)"
5.255.253.134 - - [06/Oct/2021:11:52:05 +0200] "GET /floor-cushions-c-11_182.html HTTP/1.0" 200 91036 "-" "Mozilla/5.0 (compatible; YandexBot/3.0; +http://yandex.com/bots)"
192.99.6.226 - - [06/Oct/2021:11:52:11 +0200] "GET /winnie-pooh-swimming-ring-p-19969.html HTTP/1.0" 200 72956 "-" "Mozilla/5.0 (compatible; MJ12bot/v1.4.8; http://mj12bot.com/)"
207.46.13.17 - - [06/Oct/2021:11:52:28 +0200] "GET /images/big_prod/5051276344430.jpg HTTP/1.0" 200 268 "-" "Mozilla/5.0 (compatible; bingbot/2.0; +http://www.bing.com/bingbot.htm)"
192.99.6.226 - - [06/Oct/2021:11:52:28 +0200] "GET /winnie-the-pooh-table-p-18802.html HTTP/1.0" 301 70592 "-" "Mozilla/5.0 (compatible; MJ12bot/v1.4.8; http://mj12bot.com/)"
192.99.6.226 - - [06/Oct/2021:11:52:49 +0200] "GET /winnie-pooh-table-p-18802.html HTTP/1.0" 200 70508 "-" "Mozilla/5.0 (compatible; MJ12bot/v1.4.8; http://mj12bot.com/)"
185.191.171.3 - - [06/Oct/2021:11:52:51 +0200] "GET /amazon-love-bookmark-butterflies-p-50286.html HTTP/1.0" 200 73438 "-" "Mozilla/5.0 (compatible; SemrushBot/7~bl; +http://www.semrush.com/bot.html)"
192.99.6.226 - - [06/Oct/2021:11:53:06 +0200] "GET /winnie-the-pooh-table-p-6384.html HTTP/1.0" 301 70484 "-" "Mozilla/5.0 (compatible; MJ12bot/v1.4.8; http://mj12bot.com/)"
192.99.6.226 - - [06/Oct/2021:11:53:19 +0200] "GET /-p-6384.html HTTP/1.0" 200 70418 "-" "Mozilla/5.0 (compatible; MJ12bot/v1.4.8; http://mj12bot.com/)"
54.36.148.198 - - [06/Oct/2021:11:53:19 +0200] "GET /rapunzel-figure-collection-p-17865.html HTTP/1.0" 200 73476 "-" "Mozilla/5.0 (compatible; AhrefsBot/7.0; +http://ahrefs.com/robot/)"
178.154.216.19 - - [06/Oct/2021:11:53:31 +0200] "GET /images/mini_prod/b8012052011455.jpg HTTP/1.0" 200 270 "-" "Mozilla/5.0 (X11; Ubuntu; Linux x86_64; rv:72.0) Gecko/20100101 Firefox/72.0"
216.244.66.242 - - [06/Oct/2021:11:53:36 +0200] "GET /furnishings-c-13_87.html?page=10 HTTP/1.0" 200 83049 "-" "Mozilla/5.0 (compatible; DotBot/1.2; +https://opensiteexplorer.org/dotbot; help@moz.com)"
192.99.6.226 - - [06/Oct/2021:11:53:37 +0200] "GET /winnie-the-pooh-towel-p-11622.html HTTP/1.0" 301 70487 "-" "Mozilla/5.0 (compatible; MJ12bot/v1.4.8; http://mj12bot.com/)"
