185.191.171.25 - - [06/Oct/2021:09:38:50 +0200] "GET /laissez-lucie-faire-toiletry-bag-byako-p-38977.html HTTP/1.0" 301 70643 "-" "Mozilla/5.0 (compatible; SemrushBot/7~bl; +http://www.semrush.com/bot.html)"
185.191.171.22 - - [06/Oct/2021:09:38:53 +0200] "GET /laissez-lucie-faire-toiletry-byako-p-38977.html HTTP/1.0" 200 70542 "-" "Mozilla/5.0 (compatible; SemrushBot/7~bl; +http://www.semrush.com/bot.html)"
144.76.118.82 - - [06/Oct/2021:09:38:55 +0200] "GET /real-madrid-pencil-case-p-36274.html HTTP/1.0" 200 70526 "-" "Mozilla/5.0 (compatible; MJ12bot/v1.4.8; http://mj12bot.com/)"
144.76.118.82 - - [06/Oct/2021:09:39:01 +0200] "GET /resin-statue-p-36376.html HTTP/1.0" 200 73128 "-" "Mozilla/5.0 (compatible; MJ12bot/v1.4.8; http://mj12bot.com/)"
144.76.118.82 - - [06/Oct/2021:09:39:08 +0200] "GET /retro-industriel-chandelier-22-cm-p-41454.html HTTP/1.0" 301 70487 "-" "Mozilla/5.0 (compatible; MJ12bot/v1.4.8; http://mj12bot.com/)"
144.76.118.82 - - [06/Oct/2021:09:39:13 +0200] "GET /-p-41454.html HTTP/1.0" 200 70420 "-" "Mozilla/5.0 (compatible; MJ12bot/v1.4.8; http://mj12bot.com/)"
144.76.118.82 - - [06/Oct/2021:09:39:19 +0200] "GET /retro-industriel-lighting-p-37245.html HTTP/1.0" 301 70487 "-" "Mozilla/5.0 (compatible; MJ12bot/v1.4.8; http://mj12bot.com/)"
185.191.171.1 - - [06/Oct/2021:09:39:20 +0200] "GET /pencil-case-c-31_75.html?page=2 HTTP/1.0" 200 94752 "-" "Mozilla/5.0 (compatible; SemrushBot/7~bl; +http://www.semrush.com/bot.html)"
144.76.81.229 - - [06/Oct/2021:09:39:25 +0200] "GET /robots.txt HTTP/1.0" 200 245 "-" "Mozilla/5.0 (compatible; MJ12bot/v1.4.8; http://mj12bot.com/)"
144.76.118.82 - - [06/Oct/2021:09:39:25 +0200] "GET /-p-37245.html HTTP/1.0" 200 70420 "-" "Mozilla/5.0 (compatible; MJ12bot/v1.4.8; http://mj12bot.com/)"
144.76.81.229 - - [06/Oct/2021:09:39:27 +0200] "GET /union-jack-cosmetics-p-30028.html HTTP/1.0" 200 73136 "-" "Mozilla/5.0 (compatible; MJ12bot/v1.4.8; http://mj12bot.com/)"
144.76.81.229 - - [06/Oct/2021:09:39:29 +0200] "GET /vanity-beauty-bags-c-31_78.html?page=11 HTTP/1.0" 200 81131 "-" "Mozilla/5.0 (compatible; MJ12bot/v1.4.8; http://mj12bot.com/)"
144.76.118.82 - - [06/Oct/2021:09:39:30 +0200] "GET /retro-kitchen-clock-gray-p-55764.html HTTP/1.0" 200 73736 "-" "Mozilla/5.0 (compatible; MJ12bot/v1.4.8; http://mj12bot.com/)"
144.76.81.229 - - [06/Oct/2021:09:39:33 +0200] "GET /vanity-beauty-bags-c-31_78.html?page=6 HTTP/1.0" 200 81130 "-" "Mozilla/5.0 (compatible; MJ12bot/v1.4.8; http://mj12bot.com/)"
159.138.102.98 - - [06/Oct/2021:09:39:35 +0200] "GET /grand-hotel-p-53183.html HTTP/1.0" 200 70462 "-" "Mozilla/5.0 (Linux; Android 7.0;) AppleWebKit/537.36 (KHTML, like Gecko) Mobile Safari/537.36 (compatible; PetalBot;+https://webmaster.petalsearch.com/site/petalbot)"
144.76.81.229 - - [06/Oct/2021:09:39:35 +0200] "GET /vanity-beauty-bags-c-31_78.html?page=7 HTTP/1.0" 200 81130 "-" "Mozilla/5.0 (compatible; MJ12bot/v1.4.8; http://mj12bot.com/)"
144.76.118.82 - - [06/Oct/2021:09:39:35 +0200] "GET /retro-kitchen-clock-pastel-yellow-p-55762.html HTTP/1.0" 200 73826 "-" "Mozilla/5.0 (compatible; MJ12bot/v1.4.8; http://mj12bot.com/)"
144.76.81.229 - - [06/Oct/2021:09:39:38 +0200] "GET /vanity-jasmin-apache-p-43150.html HTTP/1.0" 200 70490 "-" "Mozilla/5.0 (compatible; MJ12bot/v1.4.8; http://mj12bot.com/)"
144.76.118.82 - - [06/Oct/2021:09:39:41 +0200] "GET /retro-steel-table-lamp-black-p-52534.html HTTP/1.0" 200 74052 "-" "Mozilla/5.0 (compatible; MJ12bot/v1.4.8; http://mj12bot.com/)"
144.76.81.229 - - [06/Oct/2021:09:39:42 +0200] "GET /vanity-jasmin-jasmine-alaska-p-43158.html HTTP/1.0" 200 70551 "-" "Mozilla/5.0 (compatible; MJ12bot/v1.4.8; http://mj12bot.com/)"
216.244.66.242 - - [06/Oct/2021:09:39:43 +0200] "GET /beautiful-babushka-kimmidoll-black-notebook-p-33221.html HTTP/1.0" 200 73350 "-" "Mozilla/5.0 (compatible; DotBot/1.2; +https://opensiteexplorer.org/dotbot; help@moz.com)"
144.76.81.229 - - [06/Oct/2021:09:39:47 +0200] "GET /vanity-jasmin-jasmine-apache-p-43153.html HTTP/1.0" 200 70522 "-" "Mozilla/5.0 (compatible; MJ12bot/v1.4.8; http://mj12bot.com/)"
144.76.118.82 - - [06/Oct/2021:09:39:47 +0200] "GET /retro-wall-lamp-brown-weathered-metal-p-44616.html HTTP/1.0" 200 70572 "-" "Mozilla/5.0 (compatible; MJ12bot/v1.4.8; http://mj12bot.com/)"
144.76.81.229 - - [06/Oct/2021:09:39:50 +0200] "GET /vanity-jasmin-jasmine-geisha-p-43186.html HTTP/1.0" 200 70551 "-" "Mozilla/5.0 (compatible; MJ12bot/v1.4.8; http://mj12bot.com/)"
216.244.66.242 - - [06/Oct/2021:09:39:50 +0200] "GET /golden-retriever-glass-clock-p-34006.html HTTP/1.0" 200 73144 "-" "Mozilla/5.0 (compatible; DotBot/1.2; +https://opensiteexplorer.org/dotbot; help@moz.com)"
144.76.81.229 - - [06/Oct/2021:09:39:52 +0200] "GET /vanity-jasmin-jasmine-labaule-p-43154.html HTTP/1.0" 200 70524 "-" "Mozilla/5.0 (compatible; MJ12bot/v1.4.8; http://mj12bot.com/)"
54.36.148.119 - - [06/Oct/2021:09:39:53 +0200] "GET /stickers-c-129_50.html HTTP/1.0" 200 87514 "-" "Mozilla/5.0 (compatible; AhrefsBot/7.0; +http://ahrefs.com/robot/)"
49.7.20.121 - - [06/Oct/2021:09:39:54 +0200] "GET / HTTP/1.0" 200 150411 "-" "Sogou web spider/4.0(+http://www.sogou.com/docs/help/webmasters.htm#07)"
144.76.81.229 - - [06/Oct/2021:09:39:54 +0200] "GET /vanity-jasmin-jasmine-racing-p-43155.html HTTP/1.0" 200 70522 "-" "Mozilla/5.0 (compatible; MJ12bot/v1.4.8; http://mj12bot.com/)"
144.76.118.82 - - [06/Oct/2021:09:39:55 +0200] "GET /retro-wall-lamp-white-weathered-metal-p-44615.html HTTP/1.0" 200 70572 "-" "Mozilla/5.0 (compatible; MJ12bot/v1.4.8; http://mj12bot.com/)"
144.76.81.229 - - [06/Oct/2021:09:39:57 +0200] "GET /vanity-jasmin-jasmine-rockabilly-p-43156.html HTTP/1.0" 200 70530 "-" "Mozilla/5.0 (compatible; MJ12bot/v1.4.8; http://mj12bot.com/)"
216.244.66.242 - - [06/Oct/2021:09:39:57 +0200] "GET /nici-leopard-plush-p-22794.html HTTP/1.0" 200 70494 "-" "Mozilla/5.0 (compatible; DotBot/1.2; +https://opensiteexplorer.org/dotbot; help@moz.com)"
144.76.81.229 - - [06/Oct/2021:09:39:59 +0200] "GET /vanity-jasmin-jasmine-tropical-p-43157.html HTTP/1.0" 200 70555 "-" "Mozilla/5.0 (compatible; MJ12bot/v1.4.8; http://mj12bot.com/)"
144.76.118.82 - - [06/Oct/2021:09:40:00 +0200] "GET /rhinoceros-statue-light-wood-look-47-cm-p-50066.html HTTP/1.0" 301 74196 "-" "Mozilla/5.0 (compatible; MJ12bot/v1.4.8; http://mj12bot.com/)"
144.76.81.229 - - [06/Oct/2021:09:40:03 +0200] "GET /vanity-jasmin-labaule-p-43151.html HTTP/1.0" 200 70513 "-" "Mozilla/5.0 (compatible; MJ12bot/v1.4.8; http://mj12bot.com/)"
216.244.66.242 - - [06/Oct/2021:09:40:04 +0200] "GET /retro-wooden-motorcycle-riders-frame-hang-p-46409.html HTTP/1.0" 200 73329 "-" "Mozilla/5.0 (compatible; DotBot/1.2; +https://opensiteexplorer.org/dotbot; help@moz.com)"
144.76.81.229 - - [06/Oct/2021:09:40:06 +0200] "GET /vanity-jasmin-tropical-p-43152.html HTTP/1.0" 200 70515 "-" "Mozilla/5.0 (compatible; MJ12bot/v1.4.8; http://mj12bot.com/)"
144.76.118.82 - - [06/Oct/2021:09:40:06 +0200] "GET /rhinoceros-statue-light-wood-look-p-50066.html HTTP/1.0" 200 74096 "-" "Mozilla/5.0 (compatible; MJ12bot/v1.4.8; http://mj12bot.com/)"
144.76.81.229 - - [06/Oct/2021:09:40:08 +0200] "GET /verity-rose-mini-p-29173.html HTTP/1.0" 200 70515 "-" "Mozilla/5.0 (compatible; MJ12bot/v1.4.8; http://mj12bot.com/)"
216.244.66.242 - - [06/Oct/2021:09:40:09 +0200] "GET /shiny-snake-skin-adhesive-roll-black-p-47297.html HTTP/1.0" 200 74109 "-" "Mozilla/5.0 (compatible; DotBot/1.2; +https://opensiteexplorer.org/dotbot; help@moz.com)"
144.76.118.82 - - [06/Oct/2021:09:40:12 +0200] "GET /rhinoceros-statue-light-wood-look-p-50066.html HTTP/1.0" 200 74096 "-" "Mozilla/5.0 (compatible; MJ12bot/v1.4.8; http://mj12bot.com/)"
144.76.81.229 - - [06/Oct/2021:09:40:12 +0200] "GET /verity-rose-mini-p-29175.html HTTP/1.0" 200 70515 "-" "Mozilla/5.0 (compatible; MJ12bot/v1.4.8; http://mj12bot.com/)"
216.244.66.242 - - [06/Oct/2021:09:40:15 +0200] "GET /tetsubin-teapot-japanese-liter-p-39974.html HTTP/1.0" 200 73335 "-" "Mozilla/5.0 (compatible; DotBot/1.2; +https://opensiteexplorer.org/dotbot; help@moz.com)"
144.76.81.229 - - [06/Oct/2021:09:40:15 +0200] "GET /vespa-perpetual-calendar-p-11804.html HTTP/1.0" 200 70531 "-" "Mozilla/5.0 (compatible; MJ12bot/v1.4.8; http://mj12bot.com/)"
207.46.13.17 - - [06/Oct/2021:09:40:17 +0200] "GET /mtal-signs-c-13_130.html HTTP/1.0" 200 94370 "-" "Mozilla/5.0 (compatible; bingbot/2.0; +http://www.bing.com/bingbot.htm)"
144.76.81.229 - - [06/Oct/2021:09:40:18 +0200] "GET /votive-candle-cashmere-p-46018.html HTTP/1.0" 200 73655 "-" "Mozilla/5.0 (compatible; MJ12bot/v1.4.8; http://mj12bot.com/)"
144.76.118.82 - - [06/Oct/2021:09:40:18 +0200] "GET /rococo-blue-retro-clock-p-34241.html HTTP/1.0" 301 70487 "-" "Mozilla/5.0 (compatible; MJ12bot/v1.4.8; http://mj12bot.com/)"
144.76.81.229 - - [06/Oct/2021:09:40:21 +0200] "GET /votive-candle-hours-true-enchantment-p-33129.html HTTP/1.0" 200 74381 "-" "Mozilla/5.0 (compatible; MJ12bot/v1.4.8; http://mj12bot.com/)"
144.76.118.82 - - [06/Oct/2021:09:40:24 +0200] "GET /-p-34241.html HTTP/1.0" 200 70420 "-" "Mozilla/5.0 (compatible; MJ12bot/v1.4.8; http://mj12bot.com/)"
144.76.81.229 - - [06/Oct/2021:09:40:24 +0200] "GET /warning-alien-zone-metal-plate-deco-p-46330.html HTTP/1.0" 200 73153 "-" "Mozilla/5.0 (compatible; MJ12bot/v1.4.8; http://mj12bot.com/)"
144.76.81.229 - - [06/Oct/2021:09:40:28 +0200] "GET /washed-linen-pillowcase-granite-p-48164.html HTTP/1.0" 200 70575 "-" "Mozilla/5.0 (compatible; MJ12bot/v1.4.8; http://mj12bot.com/)"
144.76.118.82 - - [06/Oct/2021:09:40:30 +0200] "GET /round-carpet-150-cm-p-52535.html HTTP/1.0" 301 74007 "-" "Mozilla/5.0 (compatible; MJ12bot/v1.4.8; http://mj12bot.com/)"
144.76.81.229 - - [06/Oct/2021:09:40:31 +0200] "GET /watercolour-palette-p-16662.html HTTP/1.0" 200 70486 "-" "Mozilla/5.0 (compatible; MJ12bot/v1.4.8; http://mj12bot.com/)"
144.76.81.229 - - [06/Oct/2021:09:40:34 +0200] "GET /weenicons-east-cost-shirt-p-29582.html HTTP/1.0" 200 74507 "-" "Mozilla/5.0 (compatible; MJ12bot/v1.4.8; http://mj12bot.com/)"
144.76.118.82 - - [06/Oct/2021:09:40:36 +0200] "GET /round-carpet-p-52535.html HTTP/1.0" 200 73928 "-" "Mozilla/5.0 (compatible; MJ12bot/v1.4.8; http://mj12bot.com/)"
144.76.81.229 - - [06/Oct/2021:09:40:37 +0200] "GET /whale-coat-rack-with-wooden-shelf-p-48285.html HTTP/1.0" 200 70576 "-" "Mozilla/5.0 (compatible; MJ12bot/v1.4.8; http://mj12bot.com/)"
144.76.81.229 - - [06/Oct/2021:09:40:40 +0200] "GET /what-this-jack-skellington-figurine-p-46250.html HTTP/1.0" 200 74635 "-" "Mozilla/5.0 (compatible; MJ12bot/v1.4.8; http://mj12bot.com/)"
144.76.118.82 - - [06/Oct/2021:09:40:41 +0200] "GET /round-carpet-p-52535.html HTTP/1.0" 200 73928 "-" "Mozilla/5.0 (compatible; MJ12bot/v1.4.8; http://mj12bot.com/)"
144.76.81.229 - - [06/Oct/2021:09:40:43 +0200] "GET /white-alarm-clock-p-28797.html HTTP/1.0" 200 73069 "-" "Mozilla/5.0 (compatible; MJ12bot/v1.4.8; http://mj12bot.com/)"
144.76.118.82 - - [06/Oct/2021:09:40:46 +0200] "GET /round-hanging-mirror-cordage-p-55797.html HTTP/1.0" 200 73709 "-" "Mozilla/5.0 (compatible; MJ12bot/v1.4.8; http://mj12bot.com/)"
144.76.81.229 - - [06/Oct/2021:09:40:46 +0200] "GET /white-ananas-table-lamp-size-p-44640.html HTTP/1.0" 200 73153 "-" "Mozilla/5.0 (compatible; MJ12bot/v1.4.8; http://mj12bot.com/)"
185.191.171.18 - - [06/Oct/2021:09:40:49 +0200] "GET /barbabelle-small-coin-purse-p-16803.html HTTP/1.0" 200 73218 "-" "Mozilla/5.0 (compatible; SemrushBot/7~bl; +http://www.semrush.com/bot.html)"
144.76.81.229 - - [06/Oct/2021:09:40:50 +0200] "GET /white-chihuahua-decorating-statue-p-31492.html HTTP/1.0" 200 70576 "-" "Mozilla/5.0 (compatible; MJ12bot/v1.4.8; http://mj12bot.com/)"
185.191.171.44 - - [06/Oct/2021:09:40:51 +0200] "GET /wind-chime-agate-natural-p-47044.html HTTP/1.0" 200 74159 "-" "Mozilla/5.0 (compatible; SemrushBot/7~bl; +http://www.semrush.com/bot.html)"
144.76.118.82 - - [06/Oct/2021:09:40:52 +0200] "GET /route-us-66-fuel-pump-clock-p-34499.html HTTP/1.0" 301 70487 "-" "Mozilla/5.0 (compatible; MJ12bot/v1.4.8; http://mj12bot.com/)"
144.76.81.229 - - [06/Oct/2021:09:40:53 +0200] "GET /white-cotton-kitchen-towel-little-prince-p-52482.html HTTP/1.0" 200 73248 "-" "Mozilla/5.0 (compatible; MJ12bot/v1.4.8; http://mj12bot.com/)"
144.76.81.229 - - [06/Oct/2021:09:40:55 +0200] "GET /white-figurine-decorative-small-model-p-34550.html HTTP/1.0" 200 70570 "-" "Mozilla/5.0 (compatible; MJ12bot/v1.4.8; http://mj12bot.com/)"
144.76.118.82 - - [06/Oct/2021:09:40:58 +0200] "GET /-p-34499.html HTTP/1.0" 200 70420 "-" "Mozilla/5.0 (compatible; MJ12bot/v1.4.8; http://mj12bot.com/)"
144.76.81.229 - - [06/Oct/2021:09:40:58 +0200] "GET /white-flowers-table-lamp-p-37277.html HTTP/1.0" 200 70531 "-" "Mozilla/5.0 (compatible; MJ12bot/v1.4.8; http://mj12bot.com/)"
144.76.81.229 - - [06/Oct/2021:09:41:02 +0200] "GET /white-globe-metal-gold-lamp-p-53746.html HTTP/1.0" 200 70518 "-" "Mozilla/5.0 (compatible; MJ12bot/v1.4.8; http://mj12bot.com/)"
144.76.118.82 - - [06/Oct/2021:09:41:04 +0200] "GET /saltshaker-pepper-p-32784.html HTTP/1.0" 200 70532 "-" "Mozilla/5.0 (compatible; MJ12bot/v1.4.8; http://mj12bot.com/)"
144.76.81.229 - - [06/Oct/2021:09:41:04 +0200] "GET /white-hedgehog-table-lamp-p-49206.html HTTP/1.0" 200 70510 "-" "Mozilla/5.0 (compatible; MJ12bot/v1.4.8; http://mj12bot.com/)"
144.76.81.229 - - [06/Oct/2021:09:41:06 +0200] "GET /white-skeleton-statuette-nothing-hear-p-46099.html HTTP/1.0" 200 73218 "-" "Mozilla/5.0 (compatible; MJ12bot/v1.4.8; http://mj12bot.com/)"
144.76.81.229 - - [06/Oct/2021:09:41:09 +0200] "GET /white-statue-p-34676.html HTTP/1.0" 200 70501 "-" "Mozilla/5.0 (compatible; MJ12bot/v1.4.8; http://mj12bot.com/)"
144.76.118.82 - - [06/Oct/2021:09:41:09 +0200] "GET /sea-cushion-p-25128.html HTTP/1.0" 301 70520 "-" "Mozilla/5.0 (compatible; MJ12bot/v1.4.8; http://mj12bot.com/)"
144.76.81.229 - - [06/Oct/2021:09:41:12 +0200] "GET /winnie-pooh-ball-filled-p-11522.html HTTP/1.0" 200 73524 "-" "Mozilla/5.0 (compatible; MJ12bot/v1.4.8; http://mj12bot.com/)"
144.76.81.229 - - [06/Oct/2021:09:41:15 +0200] "GET /winnie-pooh-bath-towel-p-10120.html HTTP/1.0" 200 70506 "-" "Mozilla/5.0 (compatible; MJ12bot/v1.4.8; http://mj12bot.com/)"
144.76.118.82 - - [06/Oct/2021:09:41:15 +0200] "GET /cushion-p-25128.html HTTP/1.0" 200 70446 "-" "Mozilla/5.0 (compatible; MJ12bot/v1.4.8; http://mj12bot.com/)"
144.76.81.229 - - [06/Oct/2021:09:41:16 +0200] "GET /winnie-pooh-blue-swimsuit-p-30831.html HTTP/1.0" 200 74837 "-" "Mozilla/5.0 (compatible; MJ12bot/v1.4.8; http://mj12bot.com/)"
144.76.81.229 - - [06/Oct/2021:09:41:20 +0200] "GET /winnie-pooh-bock-glass-p-20720.html HTTP/1.0" 200 70506 "-" "Mozilla/5.0 (compatible; MJ12bot/v1.4.8; http://mj12bot.com/)"
144.76.118.82 - - [06/Oct/2021:09:41:20 +0200] "GET /sea-cushion-p-25129.html HTTP/1.0" 301 70520 "-" "Mozilla/5.0 (compatible; MJ12bot/v1.4.8; http://mj12bot.com/)"
54.36.148.227 - - [06/Oct/2021:09:41:21 +0200] "GET /jigsaws-c-4_144.html HTTP/1.0" 200 79428 "-" "Mozilla/5.0 (compatible; AhrefsBot/7.0; +http://ahrefs.com/robot/)"
144.76.81.229 - - [06/Oct/2021:09:41:22 +0200] "GET /winnie-pooh-coloring-pencil-p-10047.html HTTP/1.0" 200 70558 "-" "Mozilla/5.0 (compatible; MJ12bot/v1.4.8; http://mj12bot.com/)"
144.76.81.229 - - [06/Oct/2021:09:41:24 +0200] "GET /winnie-pooh-disney-birthday-card-with-envelope-p-34440.html HTTP/1.0" 200 70662 "-" "Mozilla/5.0 (compatible; MJ12bot/v1.4.8; http://mj12bot.com/)"
144.76.118.82 - - [06/Oct/2021:09:41:26 +0200] "GET /cushion-p-25129.html HTTP/1.0" 200 70446 "-" "Mozilla/5.0 (compatible; MJ12bot/v1.4.8; http://mj12bot.com/)"
144.76.81.229 - - [06/Oct/2021:09:41:30 +0200] "GET /winnie-pooh-hair-clips-p-13546.html HTTP/1.0" 200 70560 "-" "Mozilla/5.0 (compatible; MJ12bot/v1.4.8; http://mj12bot.com/)"
144.76.81.229 - - [06/Oct/2021:09:41:33 +0200] "GET /winnie-pooh-hair-ornements-p-13565.html HTTP/1.0" 200 73253 "-" "Mozilla/5.0 (compatible; MJ12bot/v1.4.8; http://mj12bot.com/)"
144.76.118.82 - - [06/Oct/2021:09:41:33 +0200] "GET /selenite-lamp-with-wooden-base-height-29-cm-p-47196.html HTTP/1.0" 301 70678 "-" "Mozilla/5.0 (compatible; MJ12bot/v1.4.8; http://mj12bot.com/)"
144.76.81.229 - - [06/Oct/2021:09:41:35 +0200] "GET /winnie-pooh-large-metal-p-26700.html HTTP/1.0" 200 70532 "-" "Mozilla/5.0 (compatible; MJ12bot/v1.4.8; http://mj12bot.com/)"
144.76.118.82 - - [06/Oct/2021:09:41:37 +0200] "GET /selenite-lamp-with-wooden-base-height-p-47196.html HTTP/1.0" 200 70574 "-" "Mozilla/5.0 (compatible; MJ12bot/v1.4.8; http://mj12bot.com/)"
144.76.81.229 - - [06/Oct/2021:09:41:37 +0200] "GET /winnie-pooh-light-garland-p-22497.html HTTP/1.0" 200 70518 "-" "Mozilla/5.0 (compatible; MJ12bot/v1.4.8; http://mj12bot.com/)"
144.76.81.229 - - [06/Oct/2021:09:41:40 +0200] "GET /winnie-pooh-long-sleeve-hooded-jacket-p-32560.html HTTP/1.0" 200 70608 "-" "Mozilla/5.0 (compatible; MJ12bot/v1.4.8; http://mj12bot.com/)"
144.76.81.229 - - [06/Oct/2021:09:41:42 +0200] "GET /winnie-pooh-long-sleeve-hooded-jacket-p-32561.html HTTP/1.0" 200 70608 "-" "Mozilla/5.0 (compatible; MJ12bot/v1.4.8; http://mj12bot.com/)"
144.76.118.82 - - [06/Oct/2021:09:41:43 +0200] "GET /selenite-lamp-with-wooden-base-height-p-47196.html HTTP/1.0" 200 70574 "-" "Mozilla/5.0 (compatible; MJ12bot/v1.4.8; http://mj12bot.com/)"
144.76.81.229 - - [06/Oct/2021:09:41:45 +0200] "GET /winnie-pooh-lunch-p-18796.html HTTP/1.0" 200 70494 "-" "Mozilla/5.0 (compatible; MJ12bot/v1.4.8; http://mj12bot.com/)"
144.76.81.229 - - [06/Oct/2021:09:41:48 +0200] "GET /winnie-pooh-melamine-bowl-p-20352.html HTTP/1.0" 200 70548 "-" "Mozilla/5.0 (compatible; MJ12bot/v1.4.8; http://mj12bot.com/)"
144.76.118.82 - - [06/Oct/2021:09:41:49 +0200] "GET /shoulder-bag-by-teo-jasmin-p-44181.html HTTP/1.0" 301 70574 "-" "Mozilla/5.0 (compatible; MJ12bot/v1.4.8; http://mj12bot.com/)"
144.76.81.229 - - [06/Oct/2021:09:41:50 +0200] "GET /winnie-pooh-metal-p-18241.html HTTP/1.0" 200 70520 "-" "Mozilla/5.0 (compatible; MJ12bot/v1.4.8; http://mj12bot.com/)"
144.76.81.229 - - [06/Oct/2021:09:41:52 +0200] "GET /winnie-pooh-mini-silicone-p-17924.html HTTP/1.0" 200 73203 "-" "Mozilla/5.0 (compatible; MJ12bot/v1.4.8; http://mj12bot.com/)"
144.76.81.229 - - [06/Oct/2021:09:41:54 +0200] "GET /winnie-pooh-money-p-6905.html HTTP/1.0" 200 70518 "-" "Mozilla/5.0 (compatible; MJ12bot/v1.4.8; http://mj12bot.com/)"
144.76.118.82 - - [06/Oct/2021:09:41:55 +0200] "GET /shoulder-jasmin-p-44181.html HTTP/1.0" 200 70492 "-" "Mozilla/5.0 (compatible; MJ12bot/v1.4.8; http://mj12bot.com/)"
144.76.81.229 - - [06/Oct/2021:09:41:57 +0200] "GET /winnie-pooh-orange-swimsuit-p-30832.html HTTP/1.0" 200 74870 "-" "Mozilla/5.0 (compatible; MJ12bot/v1.4.8; http://mj12bot.com/)"
144.76.81.229 - - [06/Oct/2021:09:41:59 +0200] "GET /winnie-pooh-peel-stick-wall-decals-p-14425.html HTTP/1.0" 200 73245 "-" "Mozilla/5.0 (compatible; MJ12bot/v1.4.8; http://mj12bot.com/)"
144.76.118.82 - - [06/Oct/2021:09:42:01 +0200] "GET /shoulder-jasmin-p-44181.html HTTP/1.0" 200 70492 "-" "Mozilla/5.0 (compatible; MJ12bot/v1.4.8; http://mj12bot.com/)"
144.76.81.229 - - [06/Oct/2021:09:42:02 +0200] "GET /winnie-pooh-peel-stick-wall-decals-p-22540.html HTTP/1.0" 200 70605 "-" "Mozilla/5.0 (compatible; MJ12bot/v1.4.8; http://mj12bot.com/)"
144.76.81.229 - - [06/Oct/2021:09:42:04 +0200] "GET /winnie-pooh-pirate-figure-p-4716.html HTTP/1.0" 200 73206 "-" "Mozilla/5.0 (compatible; MJ12bot/v1.4.8; http://mj12bot.com/)"
144.76.81.229 - - [06/Oct/2021:09:42:06 +0200] "GET /winnie-pooh-placemat-p-16822.html HTTP/1.0" 200 73273 "-" "Mozilla/5.0 (compatible; MJ12bot/v1.4.8; http://mj12bot.com/)"
144.76.118.82 - - [06/Oct/2021:09:42:07 +0200] "GET /silver-statue-p-35373.html HTTP/1.0" 200 70486 "-" "Mozilla/5.0 (compatible; MJ12bot/v1.4.8; http://mj12bot.com/)"
144.76.81.229 - - [06/Oct/2021:09:42:08 +0200] "GET /winnie-pooh-plastic-glass-p-14399.html HTTP/1.0" 200 70548 "-" "Mozilla/5.0 (compatible; MJ12bot/v1.4.8; http://mj12bot.com/)"
144.76.81.229 - - [06/Oct/2021:09:42:12 +0200] "GET /winnie-pooh-pull-p-31342.html HTTP/1.0" 200 70503 "-" "Mozilla/5.0 (compatible; MJ12bot/v1.4.8; http://mj12bot.com/)"
144.76.118.82 - - [06/Oct/2021:09:42:13 +0200] "GET /sixtine-bedspread-240-260-cm-p-51276.html HTTP/1.0" 301 70592 "-" "Mozilla/5.0 (compatible; MJ12bot/v1.4.8; http://mj12bot.com/)"
185.191.171.14 - - [06/Oct/2021:09:42:12 +0200] "GET /esotericism-lithotherapy-c-174.html?page=3 HTTP/1.0" 200 91232 "-" "Mozilla/5.0 (compatible; SemrushBot/7~bl; +http://www.semrush.com/bot.html)"
144.76.81.229 - - [06/Oct/2021:09:42:15 +0200] "GET /winnie-pooh-stationery-holder-p-15982.html HTTP/1.0" 200 70568 "-" "Mozilla/5.0 (compatible; MJ12bot/v1.4.8; http://mj12bot.com/)"
144.76.118.82 - - [06/Oct/2021:09:42:17 +0200] "GET /sixtine-bedspread-p-51276.html HTTP/1.0" 200 70508 "-" "Mozilla/5.0 (compatible; MJ12bot/v1.4.8; http://mj12bot.com/)"
144.76.81.229 - - [06/Oct/2021:09:42:18 +0200] "GET /winnie-pooh-stationery-holder-p-6405.html HTTP/1.0" 200 70566 "-" "Mozilla/5.0 (compatible; MJ12bot/v1.4.8; http://mj12bot.com/)"
144.76.81.229 - - [06/Oct/2021:09:42:20 +0200] "GET /winnie-pooh-sticker-p-20474.html HTTP/1.0" 200 75275 "-" "Mozilla/5.0 (compatible; MJ12bot/v1.4.8; http://mj12bot.com/)"
144.76.118.82 - - [06/Oct/2021:09:42:22 +0200] "GET /sixtine-bedspread-p-51276.html HTTP/1.0" 200 70508 "-" "Mozilla/5.0 (compatible; MJ12bot/v1.4.8; http://mj12bot.com/)"
144.76.81.229 - - [06/Oct/2021:09:42:24 +0200] "GET /winnie-pooh-stool-p-18810.html HTTP/1.0" 200 70508 "-" "Mozilla/5.0 (compatible; MJ12bot/v1.4.8; http://mj12bot.com/)"
144.76.81.229 - - [06/Oct/2021:09:42:26 +0200] "GET /winnie-pooh-swimming-ring-p-19969.html HTTP/1.0" 200 72956 "-" "Mozilla/5.0 (compatible; MJ12bot/v1.4.8; http://mj12bot.com/)"
144.76.81.229 - - [06/Oct/2021:09:42:29 +0200] "GET /winnie-pooh-table-p-18802.html HTTP/1.0" 200 70508 "-" "Mozilla/5.0 (compatible; MJ12bot/v1.4.8; http://mj12bot.com/)"
144.76.118.82 - - [06/Oct/2021:09:42:29 +0200] "GET /small-japanese-yellow-cast-iron-teapot-liter-p-54884.html HTTP/1.0" 200 73410 "-" "Mozilla/5.0 (compatible; MJ12bot/v1.4.8; http://mj12bot.com/)"
144.76.81.229 - - [06/Oct/2021:09:42:31 +0200] "GET /winnie-pooh-tigger-sticker-p-20477.html HTTP/1.0" 200 75344 "-" "Mozilla/5.0 (compatible; MJ12bot/v1.4.8; http://mj12bot.com/)"
144.76.81.229 - - [06/Oct/2021:09:42:33 +0200] "GET /winnie-pooh-yellow-swimsuit-p-30253.html HTTP/1.0" 200 74569 "-" "Mozilla/5.0 (compatible; MJ12bot/v1.4.8; http://mj12bot.com/)"
144.76.81.229 - - [06/Oct/2021:09:42:36 +0200] "GET /wood-carved-hand-fatma-p-50144.html HTTP/1.0" 200 70516 "-" "Mozilla/5.0 (compatible; MJ12bot/v1.4.8; http://mj12bot.com/)"
144.76.118.82 - - [06/Oct/2021:09:42:36 +0200] "GET /small-piggy-bank-green-p-55719.html HTTP/1.0" 200 73692 "-" "Mozilla/5.0 (compatible; MJ12bot/v1.4.8; http://mj12bot.com/)"
144.76.81.229 - - [06/Oct/2021:09:42:39 +0200] "GET /wooden-coat-rack-whale-p-41099.html HTTP/1.0" 200 73161 "-" "Mozilla/5.0 (compatible; MJ12bot/v1.4.8; http://mj12bot.com/)"
144.76.81.229 - - [06/Oct/2021:09:42:42 +0200] "GET /wooden-magazine-rack-compartments-p-42202.html HTTP/1.0" 200 70588 "-" "Mozilla/5.0 (compatible; MJ12bot/v1.4.8; http://mj12bot.com/)"
144.76.118.82 - - [06/Oct/2021:09:42:43 +0200] "GET /small-piggy-bank-p-55718.html HTTP/1.0" 200 73641 "-" "Mozilla/5.0 (compatible; MJ12bot/v1.4.8; http://mj12bot.com/)"
144.76.81.229 - - [06/Oct/2021:09:42:44 +0200] "GET /wooden-p-40316.html HTTP/1.0" 200 70471 "-" "Mozilla/5.0 (compatible; MJ12bot/v1.4.8; http://mj12bot.com/)"
144.76.81.229 - - [06/Oct/2021:09:42:46 +0200] "GET /wooden-retro-chest-p-46731.html HTTP/1.0" 200 70482 "-" "Mozilla/5.0 (compatible; MJ12bot/v1.4.8; http://mj12bot.com/)"
144.76.118.82 - - [06/Oct/2021:09:42:48 +0200] "GET /small-piggy-bank-yellow-p-55720.html HTTP/1.0" 200 73697 "-" "Mozilla/5.0 (compatible; MJ12bot/v1.4.8; http://mj12bot.com/)"
144.76.81.229 - - [06/Oct/2021:09:42:49 +0200] "GET /woodlove-charming-dekor-bedclothes-p-36434.html HTTP/1.0" 200 73955 "-" "Mozilla/5.0 (compatible; MJ12bot/v1.4.8; http://mj12bot.com/)"
144.76.81.229 - - [06/Oct/2021:09:42:51 +0200] "GET /writing-correction-c-129_186.html?page=1 HTTP/1.0" 200 93518 "-" "Mozilla/5.0 (compatible; MJ12bot/v1.4.8; http://mj12bot.com/)"
144.76.118.82 - - [06/Oct/2021:09:42:54 +0200] "GET /small-tins-box-gorjuss-little-red-riding-hood-p-48407.html HTTP/1.0" 301 70632 "-" "Mozilla/5.0 (compatible; MJ12bot/v1.4.8; http://mj12bot.com/)"
144.76.81.229 - - [06/Oct/2021:09:42:54 +0200] "GET /writing-correction-c-129_186.html?page=3 HTTP/1.0" 200 92856 "-" "Mozilla/5.0 (compatible; MJ12bot/v1.4.8; http://mj12bot.com/)"
144.76.81.229 - - [06/Oct/2021:09:42:57 +0200] "GET /writing-correction-c-129_186.html?page=4 HTTP/1.0" 200 92770 "-" "Mozilla/5.0 (compatible; MJ12bot/v1.4.8; http://mj12bot.com/)"
144.76.118.82 - - [06/Oct/2021:09:42:59 +0200] "GET /small-tins-gorjuss-little-riding-hood-p-48407.html HTTP/1.0" 200 70528 "-" "Mozilla/5.0 (compatible; MJ12bot/v1.4.8; http://mj12bot.com/)"
144.76.81.229 - - [06/Oct/2021:09:43:00 +0200] "GET /writing-correction-c-129_186.html?page=6 HTTP/1.0" 200 87565 "-" "Mozilla/5.0 (compatible; MJ12bot/v1.4.8; http://mj12bot.com/)"
144.76.81.229 - - [06/Oct/2021:09:43:02 +0200] "GET /writing-correction-c-129_186.html?page=7 HTTP/1.0" 200 87565 "-" "Mozilla/5.0 (compatible; MJ12bot/v1.4.8; http://mj12bot.com/)"
144.76.81.229 - - [06/Oct/2021:09:43:04 +0200] "GET /yggdrasil-wooden-dish-p-44258.html HTTP/1.0" 200 70534 "-" "Mozilla/5.0 (compatible; MJ12bot/v1.4.8; http://mj12bot.com/)"
144.76.118.82 - - [06/Oct/2021:09:43:05 +0200] "GET /small-tins-box-gorjuss-the-hatter-p-48405.html HTTP/1.0" 301 70596 "-" "Mozilla/5.0 (compatible; MJ12bot/v1.4.8; http://mj12bot.com/)"
54.36.148.157 - - [06/Oct/2021:09:43:06 +0200] "GET /pauline-lampshade-p-56321.html HTTP/1.0" 200 73664 "-" "Mozilla/5.0 (compatible; AhrefsBot/7.0; +http://ahrefs.com/robot/)"
144.76.81.229 - - [06/Oct/2021:09:43:06 +0200] "GET /yogi-yogini-yogamat-pink-p-48360.html HTTP/1.0" 200 73683 "-" "Mozilla/5.0 (compatible; MJ12bot/v1.4.8; http://mj12bot.com/)"
144.76.81.229 - - [06/Oct/2021:09:43:09 +0200] "GET /zippo-leather-wash-p-49117.html HTTP/1.0" 200 73892 "-" "Mozilla/5.0 (compatible; MJ12bot/v1.4.8; http://mj12bot.com/)"
144.76.118.82 - - [06/Oct/2021:09:43:11 +0200] "GET /small-tins-gorjuss-hatter-p-48405.html HTTP/1.0" 200 70504 "-" "Mozilla/5.0 (compatible; MJ12bot/v1.4.8; http://mj12bot.com/)"
114.119.128.34 - - [06/Oct/2021:09:43:14 +0200] "GET /images/mini_prod/3609810035935Y.jpg HTTP/1.0" 200 270 "-" "Mozilla/5.0 (Linux; Android 7.0;) AppleWebKit/537.36 (KHTML, like Gecko) Mobile Safari/537.36 (compatible; PetalBot;+https://webmaster.petalsearch.com/site/petalbot)"
35.185.214.157 - - [06/Oct/2021:09:43:14 +0200] "GET /images/mini_prod/3520071365336.jpg HTTP/1.0" 200 269 "-" "Mozilla/5.0 (X11; Ubuntu; Linux x86_64; rv:72.0) Gecko/20100101 Firefox/72.0"
185.191.171.22 - - [06/Oct/2021:09:43:15 +0200] "GET /charmmy-kitty-large-cosmetic-bag-p-26666.html HTTP/1.0" 301 73494 "-" "Mozilla/5.0 (compatible; SemrushBot/7~bl; +http://www.semrush.com/bot.html)"
144.76.118.82 - - [06/Oct/2021:09:43:15 +0200] "GET /small-tins-gorjuss-hatter-p-48405.html HTTP/1.0" 200 70504 "-" "Mozilla/5.0 (compatible; MJ12bot/v1.4.8; http://mj12bot.com/)"
185.191.171.5 - - [06/Oct/2021:09:43:17 +0200] "GET /charmmy-kitty-large-cosmetic-p-26666.html HTTP/1.0" 200 73399 "-" "Mozilla/5.0 (compatible; SemrushBot/7~bl; +http://www.semrush.com/bot.html)"
144.76.118.82 - - [06/Oct/2021:09:43:22 +0200] "GET /small-tins-gorjuss-little-riding-hood-p-48407.html HTTP/1.0" 200 70528 "-" "Mozilla/5.0 (compatible; MJ12bot/v1.4.8; http://mj12bot.com/)"
144.76.118.82 - - [06/Oct/2021:09:43:27 +0200] "GET /small-watch-p-28405.html HTTP/1.0" 200 70478 "-" "Mozilla/5.0 (compatible; MJ12bot/v1.4.8; http://mj12bot.com/)"
144.76.118.82 - - [06/Oct/2021:09:43:33 +0200] "GET /sonny-angel-christmas-limited-series-2020-p-53389.html HTTP/1.0" 200 74008 "-" "Mozilla/5.0 (compatible; MJ12bot/v1.4.8; http://mj12bot.com/)"
17.121.112.166 - - [06/Oct/2021:09:43:38 +0200] "GET /images/mini_prod/5051265800619.jpg HTTP/1.0" 200 269 "-" "Mozilla/5.0 (Macintosh; Intel Mac OS X 10_15_5) AppleWebKit/605.1.15 (KHTML, like Gecko) Version/13.1.1 Safari/605.1.15 (Applebot/0.1; +http://www.apple.com/go/applebot)"
144.76.118.82 - - [06/Oct/2021:09:43:39 +0200] "GET /statuette-sea-turtle-on-foot-58-cm-p-50057.html HTTP/1.0" 301 70608 "-" "Mozilla/5.0 (compatible; MJ12bot/v1.4.8; http://mj12bot.com/)"
144.76.118.82 - - [06/Oct/2021:09:43:43 +0200] "GET /statuette-turtle-foot-p-50057.html HTTP/1.0" 200 70520 "-" "Mozilla/5.0 (compatible; MJ12bot/v1.4.8; http://mj12bot.com/)"
144.76.118.82 - - [06/Oct/2021:09:43:48 +0200] "GET /statuette-turtle-foot-p-50057.html HTTP/1.0" 200 70520 "-" "Mozilla/5.0 (compatible; MJ12bot/v1.4.8; http://mj12bot.com/)"
185.191.171.39 - - [06/Oct/2021:09:43:51 +0200] "GET /luggages-schoolbags-leather-shop-c-31.html?page=52 HTTP/1.0" 200 93518 "-" "Mozilla/5.0 (compatible; SemrushBot/7~bl; +http://www.semrush.com/bot.html)"
144.76.118.82 - - [06/Oct/2021:09:43:52 +0200] "GET /sticker-for-windows-chakra-p-48350.html HTTP/1.0" 301 73209 "-" "Mozilla/5.0 (compatible; MJ12bot/v1.4.8; http://mj12bot.com/)"
144.76.118.82 - - [06/Oct/2021:09:43:56 +0200] "GET /sticker-windows-chakra-p-48350.html HTTP/1.0" 200 73120 "-" "Mozilla/5.0 (compatible; MJ12bot/v1.4.8; http://mj12bot.com/)"
144.76.118.82 - - [06/Oct/2021:09:44:02 +0200] "GET /sticker-windows-chakra-p-48350.html HTTP/1.0" 200 73120 "-" "Mozilla/5.0 (compatible; MJ12bot/v1.4.8; http://mj12bot.com/)"
185.191.171.7 - - [06/Oct/2021:09:44:06 +0200] "GET /metal-plate-p-37169.html HTTP/1.0" 200 73072 "-" "Mozilla/5.0 (compatible; SemrushBot/7~bl; +http://www.semrush.com/bot.html)"
185.191.171.41 - - [06/Oct/2021:09:44:08 +0200] "GET /pusheen-detective-ornament-p-41643.html?action=add_product HTTP/1.0" 302 476 "-" "Mozilla/5.0 (compatible; SemrushBot/7~bl; +http://www.semrush.com/bot.html)"
144.76.118.82 - - [06/Oct/2021:09:44:09 +0200] "GET /stone-amethyst-p-46316.html HTTP/1.0" 301 70487 "-" "Mozilla/5.0 (compatible; MJ12bot/v1.4.8; http://mj12bot.com/)"
144.76.118.82 - - [06/Oct/2021:09:44:15 +0200] "GET /-p-46316.html HTTP/1.0" 200 70420 "-" "Mozilla/5.0 (compatible; MJ12bot/v1.4.8; http://mj12bot.com/)"
144.76.118.82 - - [06/Oct/2021:09:44:22 +0200] "GET /stone-petrified-wood-p-46320.html HTTP/1.0" 301 70487 "-" "Mozilla/5.0 (compatible; MJ12bot/v1.4.8; http://mj12bot.com/)"
51.68.224.127 - - [06/Oct/2021:09:44:25 +0200] "GET /adminweb/export_orders_xml.php?token=256de2z6edz6ed2z6DFSFsed2zed6zeDSFDSGdzedezfzf&maxorders=10&orderstart=1&status=14&start_date=2018-10-01 HTTP/1.0" 200 285 "-" "GesCom CharlotteBoutik Serveur"
51.68.224.127 - - [06/Oct/2021:09:44:25 +0200] "GET /adminweb/export_orders_xml.php?token=256de2z6edz6ed2z6DFSFsed2zed6zeDSFDSGdzedezfzf&maxorders=10&orderstart=1&status=6&start_date=2018-10-01 HTTP/1.0" 200 32573 "-" "GesCom CharlotteBoutik Serveur"
144.76.118.82 - - [06/Oct/2021:09:44:28 +0200] "GET /-p-46320.html HTTP/1.0" 200 70420 "-" "Mozilla/5.0 (compatible; MJ12bot/v1.4.8; http://mj12bot.com/)"
144.76.118.82 - - [06/Oct/2021:09:44:33 +0200] "GET /storage-chest-pouf-gray-velvet-p-45806.html HTTP/1.0" 200 70588 "-" "Mozilla/5.0 (compatible; MJ12bot/v1.4.8; http://mj12bot.com/)"
144.76.118.82 - - [06/Oct/2021:09:44:39 +0200] "GET /storage-chest-pouf-in-gray-velvet-41-cm-p-45806.html HTTP/1.0" 301 70685 "-" "Mozilla/5.0 (compatible; MJ12bot/v1.4.8; http://mj12bot.com/)"
144.76.118.82 - - [06/Oct/2021:09:44:44 +0200] "GET /storage-chest-pouf-gray-velvet-p-45806.html HTTP/1.0" 200 70588 "-" "Mozilla/5.0 (compatible; MJ12bot/v1.4.8; http://mj12bot.com/)"
185.191.171.41 - - [06/Oct/2021:09:44:47 +0200] "GET /kimmidoll-brush-p-42415.html?action=add_product HTTP/1.0" 302 476 "-" "Mozilla/5.0 (compatible; SemrushBot/7~bl; +http://www.semrush.com/bot.html)"
144.76.118.82 - - [06/Oct/2021:09:44:50 +0200] "GET /strawberry-shortcake-blue-swimsuit-p-30285.html HTTP/1.0" 200 74566 "-" "Mozilla/5.0 (compatible; MJ12bot/v1.4.8; http://mj12bot.com/)"
144.76.118.82 - - [06/Oct/2021:09:44:56 +0200] "GET /strawberry-shortcake-visor-50-cm-p-20457.html HTTP/1.0" 301 70487 "-" "Mozilla/5.0 (compatible; MJ12bot/v1.4.8; http://mj12bot.com/)"
144.76.118.82 - - [06/Oct/2021:09:45:01 +0200] "GET /-p-20457.html HTTP/1.0" 200 70420 "-" "Mozilla/5.0 (compatible; MJ12bot/v1.4.8; http://mj12bot.com/)"
144.76.118.82 - - [06/Oct/2021:09:45:08 +0200] "GET /suchard-cookies-box-p-32437.html HTTP/1.0" 301 70580 "-" "Mozilla/5.0 (compatible; MJ12bot/v1.4.8; http://mj12bot.com/)"
144.76.118.82 - - [06/Oct/2021:09:45:13 +0200] "GET /suchard-cookies-p-32437.html HTTP/1.0" 200 70498 "-" "Mozilla/5.0 (compatible; MJ12bot/v1.4.8; http://mj12bot.com/)"
144.76.118.82 - - [06/Oct/2021:09:45:19 +0200] "GET /suchard-cookies-p-32437.html HTTP/1.0" 200 70498 "-" "Mozilla/5.0 (compatible; MJ12bot/v1.4.8; http://mj12bot.com/)"
54.36.148.209 - - [06/Oct/2021:09:45:22 +0200] "GET /minions-glass-p-34024.html HTTP/1.0" 301 70487 "-" "Mozilla/5.0 (compatible; AhrefsBot/7.0; +http://ahrefs.com/robot/)"
144.76.118.82 - - [06/Oct/2021:09:45:24 +0200] "GET /suitcase-distributor-handkerchiefs-p-34706.html HTTP/1.0" 301 70487 "-" "Mozilla/5.0 (compatible; MJ12bot/v1.4.8; http://mj12bot.com/)"
54.36.148.147 - - [06/Oct/2021:09:45:28 +0200] "GET /placemat-little-prince-p-56251.html HTTP/1.0" 200 73069 "-" "Mozilla/5.0 (compatible; AhrefsBot/7.0; +http://ahrefs.com/robot/)"
144.76.118.82 - - [06/Oct/2021:09:45:29 +0200] "GET /-p-34706.html HTTP/1.0" 200 70420 "-" "Mozilla/5.0 (compatible; MJ12bot/v1.4.8; http://mj12bot.com/)"
144.76.118.82 - - [06/Oct/2021:09:45:34 +0200] "GET /sullivent-figure-p-22563.html HTTP/1.0" 200 70491 "-" "Mozilla/5.0 (compatible; MJ12bot/v1.4.8; http://mj12bot.com/)"
144.76.118.82 - - [06/Oct/2021:09:45:39 +0200] "GET /summer-time-cigarette-case-p-19076.html HTTP/1.0" 200 70541 "-" "Mozilla/5.0 (compatible; MJ12bot/v1.4.8; http://mj12bot.com/)"
144.76.118.82 - - [06/Oct/2021:09:45:45 +0200] "GET /suomi-bedclothes-260-240-cm-p-36880.html HTTP/1.0" 301 70487 "-" "Mozilla/5.0 (compatible; MJ12bot/v1.4.8; http://mj12bot.com/)"
144.76.118.82 - - [06/Oct/2021:09:45:51 +0200] "GET /-p-36880.html HTTP/1.0" 200 70420 "-" "Mozilla/5.0 (compatible; MJ12bot/v1.4.8; http://mj12bot.com/)"
144.76.118.82 - - [06/Oct/2021:09:45:56 +0200] "GET /super-duck-cushion-p-27159.html HTTP/1.0" 301 70487 "-" "Mozilla/5.0 (compatible; MJ12bot/v1.4.8; http://mj12bot.com/)"
144.76.118.82 - - [06/Oct/2021:09:46:01 +0200] "GET /-p-27159.html HTTP/1.0" 200 70420 "-" "Mozilla/5.0 (compatible; MJ12bot/v1.4.8; http://mj12bot.com/)"
144.76.118.82 - - [06/Oct/2021:09:46:07 +0200] "GET /superman-jumbo-cup-and-saucer-set-p-16415.html HTTP/1.0" 301 70487 "-" "Mozilla/5.0 (compatible; MJ12bot/v1.4.8; http://mj12bot.com/)"
185.191.171.16 - - [06/Oct/2021:09:46:08 +0200] "GET /panda-jewelry-holder-statuette-p-56163.html HTTP/1.0" 200 73877 "-" "Mozilla/5.0 (compatible; SemrushBot/7~bl; +http://www.semrush.com/bot.html)"
144.76.118.82 - - [06/Oct/2021:09:46:13 +0200] "GET /-p-16415.html HTTP/1.0" 200 70420 "-" "Mozilla/5.0 (compatible; MJ12bot/v1.4.8; http://mj12bot.com/)"
52.186.122.29 - - [06/Oct/2021:09:46:18 +0200] "GET /dishes-c-12.html HTTP/1.0" 200 91211 "-" "Mozilla/5.0 (Windows NT 10.0; Win64; x64) AppleWebKit/537.36 (KHTML, like Gecko) Chrome/86.0.4240.75 Safari/537.36"
144.76.118.82 - - [06/Oct/2021:09:46:18 +0200] "GET /surfboard-wooden-wall-decoration-60-cm-p-44256.html HTTP/1.0" 301 73292 "-" "Mozilla/5.0 (compatible; MJ12bot/v1.4.8; http://mj12bot.com/)"
52.186.122.29 - - [06/Oct/2021:09:46:20 +0200] "GET /cellar-slicer-sausage-c-12_252.html HTTP/1.0" 200 79812 "-" "Mozilla/5.0 (Windows NT 10.0; Win64; x64) AppleWebKit/537.36 (KHTML, like Gecko) Chrome/86.0.4240.75 Safari/537.36"
157.55.39.3 - - [06/Oct/2021:09:46:23 +0200] "GET /images/med_prod/1384010180983.jpg HTTP/1.0" 200 268 "-" "Mozilla/5.0 (compatible; bingbot/2.0; +http://www.bing.com/bingbot.htm)"
144.76.118.82 - - [06/Oct/2021:09:46:24 +0200] "GET /surfboard-wooden-wall-decoration-p-44256.html HTTP/1.0" 200 73193 "-" "Mozilla/5.0 (compatible; MJ12bot/v1.4.8; http://mj12bot.com/)"
144.76.118.82 - - [06/Oct/2021:09:46:29 +0200] "GET /surfboard-wooden-wall-decoration-p-44256.html HTTP/1.0" 200 73193 "-" "Mozilla/5.0 (compatible; MJ12bot/v1.4.8; http://mj12bot.com/)"
52.186.122.29 - - [06/Oct/2021:09:46:33 +0200] "GET /small-boxes-pill-c-13_150_154.html HTTP/1.0" 200 90315 "-" "Mozilla/5.0 (Windows NT 10.0; Win64; x64) AppleWebKit/537.36 (KHTML, like Gecko) Chrome/86.0.4240.75 Safari/537.36"
144.76.118.82 - - [06/Oct/2021:09:46:35 +0200] "GET /swaziland-rectangulary-cushion-by-cbkreation-p-36764.html HTTP/1.0" 301 70688 "-" "Mozilla/5.0 (compatible; MJ12bot/v1.4.8; http://mj12bot.com/)"
144.76.118.82 - - [06/Oct/2021:09:46:40 +0200] "GET /swaziland-rectangulary-cushion-cbkreation-p-36764.html HTTP/1.0" 200 70580 "-" "Mozilla/5.0 (compatible; MJ12bot/v1.4.8; http://mj12bot.com/)"
159.138.102.98 - - [06/Oct/2021:09:46:45 +0200] "GET /chili-clock-by-cbkreation-p-36834.html HTTP/1.0" 301 73147 "-" "Mozilla/5.0 (Linux; Android 7.0;) AppleWebKit/537.36 (KHTML, like Gecko) Mobile Safari/537.36 (compatible; PetalBot;+https://webmaster.petalsearch.com/site/petalbot)"
159.138.102.98 - - [06/Oct/2021:09:46:46 +0200] "GET /chili-clock-cbkreation-p-36834.html HTTP/1.0" 200 73058 "-" "Mozilla/5.0 (Linux; Android 7.0;) AppleWebKit/537.36 (KHTML, like Gecko) Mobile Safari/537.36 (compatible; PetalBot;+https://webmaster.petalsearch.com/site/petalbot)"
144.76.118.82 - - [06/Oct/2021:09:46:47 +0200] "GET /swaziland-rectangulary-cushion-cbkreation-p-36764.html HTTP/1.0" 200 70580 "-" "Mozilla/5.0 (compatible; MJ12bot/v1.4.8; http://mj12bot.com/)"
144.76.118.82 - - [06/Oct/2021:09:46:53 +0200] "GET /sweets-beige-p-31681.html HTTP/1.0" 200 72968 "-" "Mozilla/5.0 (compatible; MJ12bot/v1.4.8; http://mj12bot.com/)"
144.76.118.82 - - [06/Oct/2021:09:46:59 +0200] "GET /sweets-beige-p-31686.html HTTP/1.0" 200 72966 "-" "Mozilla/5.0 (compatible; MJ12bot/v1.4.8; http://mj12bot.com/)"
52.186.122.29 - - [06/Oct/2021:09:47:01 +0200] "GET /good-point-c-13_150_151.html HTTP/1.0" 200 78925 "-" "Mozilla/5.0 (Windows NT 10.0; Win64; x64) AppleWebKit/537.36 (KHTML, like Gecko) Chrome/86.0.4240.75 Safari/537.36"
144.76.118.82 - - [06/Oct/2021:09:47:04 +0200] "GET /sweets-jar-cat-beige-22-cm-p-31686.html HTTP/1.0" 301 73045 "-" "Mozilla/5.0 (compatible; MJ12bot/v1.4.8; http://mj12bot.com/)"
52.186.122.29 - - [06/Oct/2021:09:47:08 +0200] "GET /partys-decoration-c-12_51.html HTTP/1.0" 200 69391 "-" "Mozilla/5.0 (Windows NT 10.0; Win64; x64) AppleWebKit/537.36 (KHTML, like Gecko) Chrome/86.0.4240.75 Safari/537.36"
144.76.118.82 - - [06/Oct/2021:09:47:10 +0200] "GET /sweets-beige-p-31686.html HTTP/1.0" 200 72966 "-" "Mozilla/5.0 (compatible; MJ12bot/v1.4.8; http://mj12bot.com/)"
144.76.118.82 - - [06/Oct/2021:09:47:15 +0200] "GET /sweets-jar-cat-white-22-cm-p-31689.html HTTP/1.0" 301 73018 "-" "Mozilla/5.0 (compatible; MJ12bot/v1.4.8; http://mj12bot.com/)"
185.191.171.17 - - [06/Oct/2021:09:47:15 +0200] "GET /decoration-protection-animal-iphone-cable-p-47288.html?action=add_product HTTP/1.0" 302 476 "-" "Mozilla/5.0 (compatible; SemrushBot/7~bl; +http://www.semrush.com/bot.html)"
54.36.149.101 - - [06/Oct/2021:09:47:16 +0200] "GET /cheshire-cat-figure-by-britto-p-34387.html HTTP/1.0" 301 74378 "-" "Mozilla/5.0 (compatible; AhrefsBot/7.0; +http://ahrefs.com/robot/)"
144.76.118.82 - - [06/Oct/2021:09:47:20 +0200] "GET /sweets-white-p-31689.html HTTP/1.0" 200 72939 "-" "Mozilla/5.0 (compatible; MJ12bot/v1.4.8; http://mj12bot.com/)"
52.186.122.29 - - [06/Oct/2021:09:47:22 +0200] "GET /trays-c-12_159.html HTTP/1.0" 200 92112 "-" "Mozilla/5.0 (Windows NT 10.0; Win64; x64) AppleWebKit/537.36 (KHTML, like Gecko) Chrome/86.0.4240.75 Safari/537.36"
144.76.118.82 - - [06/Oct/2021:09:47:26 +0200] "GET /sweets-jar-dog-beige-24-cm-p-31681.html HTTP/1.0" 301 73047 "-" "Mozilla/5.0 (compatible; MJ12bot/v1.4.8; http://mj12bot.com/)"
185.191.171.25 - - [06/Oct/2021:09:47:30 +0200] "GET /stickers-despicable-p-34104.html?action=add_product HTTP/1.0" 302 476 "-" "Mozilla/5.0 (compatible; SemrushBot/7~bl; +http://www.semrush.com/bot.html)"
144.76.118.82 - - [06/Oct/2021:09:47:32 +0200] "GET /sweets-beige-p-31681.html HTTP/1.0" 200 72968 "-" "Mozilla/5.0 (compatible; MJ12bot/v1.4.8; http://mj12bot.com/)"
185.191.171.33 - - [06/Oct/2021:09:47:33 +0200] "GET /black-lines-paperweight-p-53619.html?action=add_product HTTP/1.0" 302 476 "-" "Mozilla/5.0 (compatible; SemrushBot/7~bl; +http://www.semrush.com/bot.html)"
144.76.118.82 - - [06/Oct/2021:09:47:39 +0200] "GET /sweets-jar-dog-white-24-cm-p-31683.html HTTP/1.0" 301 70592 "-" "Mozilla/5.0 (compatible; MJ12bot/v1.4.8; http://mj12bot.com/)"
144.76.118.82 - - [06/Oct/2021:09:47:44 +0200] "GET /sweets-white-p-31683.html HTTP/1.0" 200 70513 "-" "Mozilla/5.0 (compatible; MJ12bot/v1.4.8; http://mj12bot.com/)"
144.76.118.82 - - [06/Oct/2021:09:47:51 +0200] "GET /sweets-white-p-31683.html HTTP/1.0" 200 70513 "-" "Mozilla/5.0 (compatible; MJ12bot/v1.4.8; http://mj12bot.com/)"
185.191.171.43 - - [06/Oct/2021:09:47:54 +0200] "GET /singing-bowl-p-36057.html?action=add_product HTTP/1.0" 302 476 "-" "Mozilla/5.0 (compatible; SemrushBot/7~bl; +http://www.semrush.com/bot.html)"
144.76.118.82 - - [06/Oct/2021:09:47:57 +0200] "GET /sweets-white-p-31689.html HTTP/1.0" 200 72939 "-" "Mozilla/5.0 (compatible; MJ12bot/v1.4.8; http://mj12bot.com/)"
144.76.118.82 - - [06/Oct/2021:09:48:03 +0200] "GET /swimsuit-c-1_18.html?page=3 HTTP/1.0" 200 78028 "-" "Mozilla/5.0 (compatible; MJ12bot/v1.4.8; http://mj12bot.com/)"
54.36.148.200 - - [06/Oct/2021:09:48:03 +0200] "GET /bracelets-c-3_200.html HTTP/1.0" 200 90981 "-" "Mozilla/5.0 (compatible; AhrefsBot/7.0; +http://ahrefs.com/robot/)"
144.76.118.82 - - [06/Oct/2021:09:48:08 +0200] "GET /swimsuit-c-1_18.html?page=4 HTTP/1.0" 200 78028 "-" "Mozilla/5.0 (compatible; MJ12bot/v1.4.8; http://mj12bot.com/)"
144.76.118.82 - - [06/Oct/2021:09:48:14 +0200] "GET /swimsuit-c-1_18.html?page=5 HTTP/1.0" 200 78028 "-" "Mozilla/5.0 (compatible; MJ12bot/v1.4.8; http://mj12bot.com/)"
144.76.118.82 - - [06/Oct/2021:09:48:19 +0200] "GET /swimwear-c-2_35.html?page=1 HTTP/1.0" 200 90050 "-" "Mozilla/5.0 (compatible; MJ12bot/v1.4.8; http://mj12bot.com/)"
144.76.118.82 - - [06/Oct/2021:09:48:25 +0200] "GET /table-lamp-gold-metal-p-42339.html HTTP/1.0" 301 70487 "-" "Mozilla/5.0 (compatible; MJ12bot/v1.4.8; http://mj12bot.com/)"
144.76.118.82 - - [06/Oct/2021:09:48:31 +0200] "GET /-p-42339.html HTTP/1.0" 200 70420 "-" "Mozilla/5.0 (compatible; MJ12bot/v1.4.8; http://mj12bot.com/)"
144.76.118.82 - - [06/Oct/2021:09:48:36 +0200] "GET /table-lamp-in-gold-metal-p-42339.html HTTP/1.0" 301 70487 "-" "Mozilla/5.0 (compatible; MJ12bot/v1.4.8; http://mj12bot.com/)"
144.76.118.82 - - [06/Oct/2021:09:48:42 +0200] "GET /-p-42339.html HTTP/1.0" 200 70420 "-" "Mozilla/5.0 (compatible; MJ12bot/v1.4.8; http://mj12bot.com/)"
144.76.118.82 - - [06/Oct/2021:09:48:47 +0200] "GET /tarot-lotus-wood-p-55098.html HTTP/1.0" 200 73891 "-" "Mozilla/5.0 (compatible; MJ12bot/v1.4.8; http://mj12bot.com/)"
144.76.118.82 - - [06/Oct/2021:09:48:52 +0200] "GET /tassen-porcelain-mood-creamer-made-germany-p-46332.html HTTP/1.0" 200 74233 "-" "Mozilla/5.0 (compatible; MJ12bot/v1.4.8; http://mj12bot.com/)"
144.76.118.82 - - [06/Oct/2021:09:48:58 +0200] "GET /tassen-porcelain-mood-creamer-made-in-germany-p-46332.html HTTP/1.0" 301 74342 "-" "Mozilla/5.0 (compatible; MJ12bot/v1.4.8; http://mj12bot.com/)"
144.76.118.82 - - [06/Oct/2021:09:49:03 +0200] "GET /tassen-porcelain-mood-creamer-made-germany-p-46332.html HTTP/1.0" 200 74233 "-" "Mozilla/5.0 (compatible; MJ12bot/v1.4.8; http://mj12bot.com/)"
144.76.118.82 - - [06/Oct/2021:09:49:07 +0200] "GET /tea-for-one-mandala-p-44263.html HTTP/1.0" 301 74358 "-" "Mozilla/5.0 (compatible; MJ12bot/v1.4.8; http://mj12bot.com/)"
144.76.118.82 - - [06/Oct/2021:09:49:13 +0200] "GET /mandala-p-44263.html HTTP/1.0" 200 74284 "-" "Mozilla/5.0 (compatible; MJ12bot/v1.4.8; http://mj12bot.com/)"
144.76.118.82 - - [06/Oct/2021:09:49:18 +0200] "GET /tea-for-one-mandala-p-44264.html HTTP/1.0" 301 73574 "-" "Mozilla/5.0 (compatible; MJ12bot/v1.4.8; http://mj12bot.com/)"
144.76.118.82 - - [06/Oct/2021:09:49:24 +0200] "GET /mandala-p-44264.html HTTP/1.0" 200 73500 "-" "Mozilla/5.0 (compatible; MJ12bot/v1.4.8; http://mj12bot.com/)"
144.76.118.82 - - [06/Oct/2021:09:49:27 +0200] "GET /tea-for-one-mandala-p-44265.html HTTP/1.0" 301 73572 "-" "Mozilla/5.0 (compatible; MJ12bot/v1.4.8; http://mj12bot.com/)"
144.76.118.82 - - [06/Oct/2021:09:49:32 +0200] "GET /mandala-p-44265.html HTTP/1.0" 200 73498 "-" "Mozilla/5.0 (compatible; MJ12bot/v1.4.8; http://mj12bot.com/)"
144.76.118.82 - - [06/Oct/2021:09:49:37 +0200] "GET /tea-wooden-box-p-31734.html HTTP/1.0" 301 70523 "-" "Mozilla/5.0 (compatible; MJ12bot/v1.4.8; http://mj12bot.com/)"
54.36.148.182 - - [06/Oct/2021:09:49:40 +0200] "GET /small-box-for-baby-teeth-blue-p-32040.html HTTP/1.0" 301 73290 "-" "Mozilla/5.0 (compatible; AhrefsBot/7.0; +http://ahrefs.com/robot/)"
144.76.118.82 - - [06/Oct/2021:09:49:42 +0200] "GET /wooden-p-31734.html HTTP/1.0" 200 70450 "-" "Mozilla/5.0 (compatible; MJ12bot/v1.4.8; http://mj12bot.com/)"
185.191.171.5 - - [06/Oct/2021:09:49:48 +0200] "GET /fragrance-sachet-rambling-rose-p-40539.html?action=add_product HTTP/1.0" 302 476 "-" "Mozilla/5.0 (compatible; SemrushBot/7~bl; +http://www.semrush.com/bot.html)"
144.76.118.82 - - [06/Oct/2021:09:49:49 +0200] "GET /teo-jasmin-apache-beach-towel-p-35017.html HTTP/1.0" 301 70487 "-" "Mozilla/5.0 (compatible; MJ12bot/v1.4.8; http://mj12bot.com/)"
144.76.118.82 - - [06/Oct/2021:09:49:55 +0200] "GET /-p-35017.html HTTP/1.0" 200 70420 "-" "Mozilla/5.0 (compatible; MJ12bot/v1.4.8; http://mj12bot.com/)"
144.76.118.82 - - [06/Oct/2021:09:50:01 +0200] "GET /teo-jasmin-cushion-with-removable-p-29434.html HTTP/1.0" 301 70487 "-" "Mozilla/5.0 (compatible; MJ12bot/v1.4.8; http://mj12bot.com/)"
74.125.208.116 - - [06/Oct/2021:09:50:05 +0200] "GET /images/4012390307573.jpg HTTP/1.0" 200 259 "-" "Mozilla/5.0 (Windows NT 5.1; rv:11.0) Gecko Firefox/11.0 (via ggpht.com GoogleImageProxy)"
66.249.64.83 - - [06/Oct/2021:09:50:06 +0200] "GET /barbecue-aperitif-c-12_254.html HTTP/1.0" 200 89796 "-" "Mozilla/5.0 (Linux; Android 6.0.1; Nexus 5X Build/MMB29P) AppleWebKit/537.36 (KHTML, like Gecko) Chrome/94.0.4606.61 Mobile Safari/537.36 (compatible; Googlebot/2.1; +http://www.google.com/bot.html)"
144.76.118.82 - - [06/Oct/2021:09:50:07 +0200] "GET /-p-29434.html HTTP/1.0" 200 70420 "-" "Mozilla/5.0 (compatible; MJ12bot/v1.4.8; http://mj12bot.com/)"
144.76.118.82 - - [06/Oct/2021:09:50:12 +0200] "GET /teo-jasmin-cushion-with-removable-p-29435.html HTTP/1.0" 301 70487 "-" "Mozilla/5.0 (compatible; MJ12bot/v1.4.8; http://mj12bot.com/)"
114.119.128.253 - - [06/Oct/2021:09:50:15 +0200] "GET /grey-lampshade-p-53668.html HTTP/1.0" 200 70466 "-" "Mozilla/5.0 (Linux; Android 7.0;) AppleWebKit/537.36 (KHTML, like Gecko) Mobile Safari/537.36 (compatible; PetalBot;+https://webmaster.petalsearch.com/site/petalbot)"
144.76.118.82 - - [06/Oct/2021:09:50:17 +0200] "GET /-p-29435.html HTTP/1.0" 200 70420 "-" "Mozilla/5.0 (compatible; MJ12bot/v1.4.8; http://mj12bot.com/)"
144.76.118.82 - - [06/Oct/2021:09:50:22 +0200] "GET /teo-jasmin-cushion-with-removable-steed-grey-p-38711.html HTTP/1.0" 301 70487 "-" "Mozilla/5.0 (compatible; MJ12bot/v1.4.8; http://mj12bot.com/)"
144.76.118.82 - - [06/Oct/2021:09:50:28 +0200] "GET /-p-38711.html HTTP/1.0" 200 70420 "-" "Mozilla/5.0 (compatible; MJ12bot/v1.4.8; http://mj12bot.com/)"
144.76.118.82 - - [06/Oct/2021:09:50:35 +0200] "GET /teo-jasmin-dog-bowl-p-32287.html HTTP/1.0" 301 70568 "-" "Mozilla/5.0 (compatible; MJ12bot/v1.4.8; http://mj12bot.com/)"
54.36.149.35 - - [06/Oct/2021:09:50:37 +0200] "GET /mani-lucky-glasses-case-p-42405.html HTTP/1.0" 200 73786 "-" "Mozilla/5.0 (compatible; AhrefsBot/7.0; +http://ahrefs.com/robot/)"
144.76.118.82 - - [06/Oct/2021:09:50:38 +0200] "GET /jasmin-bowl-p-32287.html HTTP/1.0" 200 70490 "-" "Mozilla/5.0 (compatible; MJ12bot/v1.4.8; http://mj12bot.com/)"
144.76.118.82 - - [06/Oct/2021:09:50:44 +0200] "GET /teo-jasmin-jasmine-companion-portfolio-morioka-p-44224.html HTTP/1.0" 301 74435 "-" "Mozilla/5.0 (compatible; MJ12bot/v1.4.8; http://mj12bot.com/)"
144.76.118.82 - - [06/Oct/2021:09:50:49 +0200] "GET /jasmin-jasmine-companion-portfolio-morioka-p-44224.html HTTP/1.0" 200 74326 "-" "Mozilla/5.0 (compatible; MJ12bot/v1.4.8; http://mj12bot.com/)"
185.191.171.34 - - [06/Oct/2021:09:50:54 +0200] "GET /household-linen-c-11.html?page=60 HTTP/1.0" 200 93695 "-" "Mozilla/5.0 (compatible; SemrushBot/7~bl; +http://www.semrush.com/bot.html)"
144.76.118.82 - - [06/Oct/2021:09:50:56 +0200] "GET /teo-jasmin-jasmine-hmong-beach-towel-p-36763.html HTTP/1.0" 301 70487 "-" "Mozilla/5.0 (compatible; MJ12bot/v1.4.8; http://mj12bot.com/)"
144.76.118.82 - - [06/Oct/2021:09:51:01 +0200] "GET /-p-36763.html HTTP/1.0" 200 70420 "-" "Mozilla/5.0 (compatible; MJ12bot/v1.4.8; http://mj12bot.com/)"
144.76.118.82 - - [06/Oct/2021:09:51:07 +0200] "GET /teo-jasmin-jasmine-liberty-companion-portfolio-p-39130.html HTTP/1.0" 301 70742 "-" "Mozilla/5.0 (compatible; MJ12bot/v1.4.8; http://mj12bot.com/)"
144.76.118.82 - - [06/Oct/2021:09:51:11 +0200] "GET /jasmin-jasmine-liberty-companion-portfolio-p-39130.html HTTP/1.0" 200 70633 "-" "Mozilla/5.0 (compatible; MJ12bot/v1.4.8; http://mj12bot.com/)"
144.76.118.82 - - [06/Oct/2021:09:51:17 +0200] "GET /teo-jasmin-jasmine-playa-beach-towel-p-35973.html HTTP/1.0" 301 70487 "-" "Mozilla/5.0 (compatible; MJ12bot/v1.4.8; http://mj12bot.com/)"
144.76.118.82 - - [06/Oct/2021:09:51:24 +0200] "GET /-p-35973.html HTTP/1.0" 200 70420 "-" "Mozilla/5.0 (compatible; MJ12bot/v1.4.8; http://mj12bot.com/)"
