157.55.39.68 - - [06/Oct/2021:04:49:56 +0200] "GET /images/big_prod_1/191693004021.jpg HTTP/1.0" 200 269 "-" "Mozilla/5.0 (compatible; bingbot/2.0; +http://www.bing.com/bingbot.htm)"
66.249.64.82 - - [06/Oct/2021:04:50:17 +0200] "GET /images/big_prod/3565750289893.jpg HTTP/1.0" 200 268 "-" "Googlebot-Image/1.0"
185.191.171.15 - - [06/Oct/2021:04:50:29 +0200] "GET /protects-plastic-mattress-p-39028.html HTTP/1.0" 200 73827 "-" "Mozilla/5.0 (compatible; SemrushBot/7~bl; +http://www.semrush.com/bot.html)"
185.191.171.14 - - [06/Oct/2021:04:50:33 +0200] "GET /duvet-cover-cotton-percale-threads-p-43839.html?action=add_product HTTP/1.0" 302 476 "-" "Mozilla/5.0 (compatible; SemrushBot/7~bl; +http://www.semrush.com/bot.html)"
40.77.167.77 - - [06/Oct/2021:04:50:34 +0200] "GET /minnie-mouse-pencil-p-22595.html HTTP/1.0" 200 73330 "-" "Mozilla/5.0 (compatible; bingbot/2.0; +http://www.bing.com/bingbot.htm)"
185.191.171.6 - - [06/Oct/2021:04:50:37 +0200] "GET /malo-cbkreation-p-41920.html?action=add_product HTTP/1.0" 302 476 "-" "Mozilla/5.0 (compatible; SemrushBot/7~bl; +http://www.semrush.com/bot.html)"
35.247.8.69 - - [06/Oct/2021:04:51:16 +0200] "GET /images/mini_prod/3661443611184.jpg HTTP/1.0" 200 269 "-" "Mozilla/5.0 (X11; Ubuntu; Linux x86_64; rv:72.0) Gecko/20100101 Firefox/72.0"
207.46.13.54 - - [06/Oct/2021:04:51:19 +0200] "GET /images/big_prod_3/5018997523339C.jpg HTTP/1.0" 200 271 "-" "Mozilla/5.0 (compatible; bingbot/2.0; +http://www.bing.com/bingbot.htm)"
54.36.149.46 - - [06/Oct/2021:04:51:22 +0200] "GET /stormtrooper-white-hobo-bag-p-29267.html HTTP/1.0" 301 73576 "-" "Mozilla/5.0 (compatible; AhrefsBot/7.0; +http://ahrefs.com/robot/)"
17.121.113.141 - - [06/Oct/2021:04:51:33 +0200] "GET /images/mini_prod/8435333849231.jpg HTTP/1.0" 200 269 "-" "Mozilla/5.0 (Macintosh; Intel Mac OS X 10_15_5) AppleWebKit/605.1.15 (KHTML, like Gecko) Version/13.1.1 Safari/605.1.15 (Applebot/0.1; +http://www.apple.com/go/applebot)"
185.191.171.36 - - [06/Oct/2021:04:51:47 +0200] "GET /mani-lucky-p-46153.html?action=add_product HTTP/1.0" 302 476 "-" "Mozilla/5.0 (compatible; SemrushBot/7~bl; +http://www.semrush.com/bot.html)"
54.36.148.251 - - [06/Oct/2021:04:52:42 +0200] "GET /decorative-antique-horse-head-patinated-resin-p-56073.html HTTP/1.0" 200 73941 "-" "Mozilla/5.0 (compatible; AhrefsBot/7.0; +http://ahrefs.com/robot/)"
157.55.39.68 - - [06/Oct/2021:04:52:37 +0200] "GET /mugs-mazagrans-c-12_57.html HTTP/1.0" 200 95917 "-" "Mozilla/5.0 (compatible; bingbot/2.0; +http://www.bing.com/bingbot.htm)"
114.119.128.34 - - [06/Oct/2021:04:52:59 +0200] "GET /cushion-p-49535.html HTTP/1.0" 200 73573 "-" "Mozilla/5.0 (Linux; Android 7.0;) AppleWebKit/537.36 (KHTML, like Gecko) Mobile Safari/537.36 (compatible; PetalBot;+https://webmaster.petalsearch.com/site/petalbot)"
216.244.66.242 - - [06/Oct/2021:04:53:18 +0200] "GET /french-quote-stickers-p-39330.html HTTP/1.0" 200 73277 "-" "Mozilla/5.0 (compatible; DotBot/1.2; +https://opensiteexplorer.org/dotbot; help@moz.com)"
207.46.13.152 - - [06/Oct/2021:04:53:47 +0200] "GET /candy-cloud-notepad-bubblegum-p-49835.html HTTP/1.0" 200 73123 "-" "Mozilla/5.0 (compatible; bingbot/2.0; +http://www.bing.com/bingbot.htm)"
185.191.171.7 - - [06/Oct/2021:04:53:50 +0200] "GET /scent-heart-home-sweet-black-cherries-p-53874.html?action=add_product HTTP/1.0" 302 476 "-" "Mozilla/5.0 (compatible; SemrushBot/7~bl; +http://www.semrush.com/bot.html)"
216.244.66.242 - - [06/Oct/2021:04:53:51 +0200] "GET /happy-round-pencil-case-p-21783.html HTTP/1.0" 200 73190 "-" "Mozilla/5.0 (compatible; DotBot/1.2; +https://opensiteexplorer.org/dotbot; help@moz.com)"
207.46.13.162 - - [06/Oct/2021:04:53:52 +0200] "GET /asterix-and-obelix-m-108.html HTTP/1.0" 200 76737 "-" "Mozilla/5.0 (compatible; bingbot/2.0; +http://www.bing.com/bingbot.htm)"
101.33.33.164 - - [06/Oct/2021:04:54:06 +0200] "GET /images/mini_prod/2110DSCN8647.jpg HTTP/1.0" 200 268 "-" "Mozilla/5.0 (X11; Ubuntu; Linux x86_64; rv:72.0) Gecko/20100101 Firefox/72.0"
216.244.66.242 - - [06/Oct/2021:04:54:26 +0200] "GET /kimmidoll-eika-phone-cover-iphone-p-18048.html HTTP/1.0" 200 75924 "-" "Mozilla/5.0 (compatible; DotBot/1.2; +https://opensiteexplorer.org/dotbot; help@moz.com)"
66.249.64.84 - - [06/Oct/2021:04:54:59 +0200] "GET /images/big_prod_1/b6943252681815.jpg HTTP/1.0" 200 271 "-" "Googlebot-Image/1.0"
5.188.211.13 - - [06/Oct/2021:04:55:01 +0200] "GET /kimmidoll-love-lacy-luck-cover-iphone-p-17929.html HTTP/1.0" 200 73515 "-" "Mozilla/4.0 (compatible; MSIE 6.0; Windows NT 5.1; SV1)"
5.188.211.13 - - [06/Oct/2021:04:55:03 +0200] "GET /posters-stickers-wall-c-13_147.html HTTP/1.0" 200 90373 "-" "Mozilla/4.0 (compatible; MSIE 6.0; Windows NT 5.1; SV1)"
185.191.171.24 - - [06/Oct/2021:04:55:15 +0200] "GET /mani-the-lucky-cat-black-keychain-p-37421.html HTTP/1.0" 301 70652 "-" "Mozilla/5.0 (compatible; SemrushBot/7~bl; +http://www.semrush.com/bot.html)"
185.191.171.10 - - [06/Oct/2021:04:55:20 +0200] "GET /mani-lucky-black-keychain-p-37421.html HTTP/1.0" 200 70560 "-" "Mozilla/5.0 (compatible; SemrushBot/7~bl; +http://www.semrush.com/bot.html)"
5.188.211.13 - - [06/Oct/2021:04:55:12 +0200] "GET /mtal-signs-c-13_130.html HTTP/1.0" 200 94370 "-" "Mozilla/4.0 (compatible; MSIE 6.0; Windows NT 5.1; SV1)"
5.188.211.13 - - [06/Oct/2021:04:55:22 +0200] "GET /contact_us.php HTTP/1.0" 200 26241 "-" "Mozilla/4.0 (compatible; MSIE 6.0; Windows NT 5.1; SV1)"
5.188.211.13 - - [06/Oct/2021:04:55:23 +0200] "POST /contact_us.php?action=send HTTP/1.0" 200 26651 "http://www.wonder-geek.com/contact_us.php" "Mozilla/4.0 (compatible; MSIE 6.0; Windows NT 5.1; SV1)"
5.188.211.13 - - [06/Oct/2021:04:55:23 +0200] "POST /contact_us.php?action=send HTTP/1.0" 200 26651 "http://www.wonder-geek.com/" "Mozilla/4.0 (compatible; MSIE 6.0; Windows NT 5.1; SV1)"
185.191.171.21 - - [06/Oct/2021:04:55:22 +0200] "GET /decoration-protection-animal-iphone-cable-p-47286.html HTTP/1.0" 200 77215 "-" "Mozilla/5.0 (compatible; SemrushBot/7~bl; +http://www.semrush.com/bot.html)"
185.191.171.20 - - [06/Oct/2021:04:55:32 +0200] "GET /samsung-phone-cover-cbkreation-p-14967.html?action=add_product HTTP/1.0" 302 476 "-" "Mozilla/5.0 (compatible; SemrushBot/7~bl; +http://www.semrush.com/bot.html)"
5.188.211.13 - - [06/Oct/2021:04:55:23 +0200] "GET / HTTP/1.0" 200 150457 "-" "Mozilla/4.0 (compatible; MSIE 6.0; Windows NT 5.1; SV1)"
5.188.211.13 - - [06/Oct/2021:04:55:36 +0200] "GET /kimmidoll-love-lacy-luck-cover-iphone-p-17929.html HTTP/1.0" 200 73515 "-" "Mozilla/4.0 (compatible; MSIE 6.0; Windows NT 5.1; SV1)"
5.188.211.13 - - [06/Oct/2021:04:55:37 +0200] "GET /contact_us.php HTTP/1.0" 200 26241 "-" "Mozilla/4.0 (compatible; MSIE 6.0; Windows NT 5.1; SV1)"
5.188.211.13 - - [06/Oct/2021:04:55:37 +0200] "GET /create_account.php HTTP/1.0" 200 33633 "-" "Mozilla/4.0 (compatible; MSIE 6.0; Windows NT 5.1; SV1)"
5.188.211.13 - - [06/Oct/2021:04:55:37 +0200] "GET /checkout_shipping.php HTTP/1.0" 302 468 "-" "Mozilla/4.0 (compatible; MSIE 6.0; Windows NT 5.1; SV1)"
5.188.211.13 - - [06/Oct/2021:04:55:38 +0200] "GET /login.php HTTP/1.0" 200 17155 "-" "Mozilla/4.0 (compatible; MSIE 6.0; Windows NT 5.1; SV1)"
5.188.211.13 - - [06/Oct/2021:04:55:38 +0200] "GET /shopping_cart.php HTTP/1.0" 200 13298 "-" "Mozilla/4.0 (compatible; MSIE 6.0; Windows NT 5.1; SV1)"
5.188.211.13 - - [06/Oct/2021:04:55:38 +0200] "GET /login.php HTTP/1.0" 200 17155 "-" "Mozilla/4.0 (compatible; MSIE 6.0; Windows NT 5.1; SV1)"
5.188.211.13 - - [06/Oct/2021:04:55:38 +0200] "GET /specials.php HTTP/1.0" 200 125335 "-" "Mozilla/4.0 (compatible; MSIE 6.0; Windows NT 5.1; SV1)"
5.188.211.13 - - [06/Oct/2021:04:55:42 +0200] "GET /products_new.php HTTP/1.0" 200 94564 "-" "Mozilla/4.0 (compatible; MSIE 6.0; Windows NT 5.1; SV1)"
17.121.115.239 - - [06/Oct/2021:04:55:50 +0200] "GET /story-gray-polar-p-23967.html HTTP/1.0" 200 70533 "-" "Mozilla/5.0 (Macintosh; Intel Mac OS X 10_15_5) AppleWebKit/605.1.15 (KHTML, like Gecko) Version/13.1.1 Safari/605.1.15 (Applebot/0.1; +http://www.apple.com/go/applebot)"
54.36.148.112 - - [06/Oct/2021:04:55:52 +0200] "GET /cushion-upholstery-cover-p-56067.html HTTP/1.0" 200 73332 "-" "Mozilla/5.0 (compatible; AhrefsBot/7.0; +http://ahrefs.com/robot/)"
185.191.171.38 - - [06/Oct/2021:04:56:00 +0200] "GET /oriental-set-of-coasters-p-47158.html HTTP/1.0" 301 73895 "-" "Mozilla/5.0 (compatible; SemrushBot/7~bl; +http://www.semrush.com/bot.html)"
185.191.171.4 - - [06/Oct/2021:04:56:03 +0200] "GET /oriental-coasters-p-47158.html HTTP/1.0" 200 73811 "-" "Mozilla/5.0 (compatible; SemrushBot/7~bl; +http://www.semrush.com/bot.html)"
35.185.214.157 - - [06/Oct/2021:04:56:38 +0200] "GET /images/mini_prod/8435333835920.jpg HTTP/1.0" 200 269 "-" "Mozilla/5.0 (X11; Ubuntu; Linux x86_64; rv:72.0) Gecko/20100101 Firefox/72.0"
185.191.171.16 - - [06/Oct/2021:04:56:39 +0200] "GET /bracelet-tourmaline-quartz-p-48655.html?action=add_product HTTP/1.0" 302 476 "-" "Mozilla/5.0 (compatible; SemrushBot/7~bl; +http://www.semrush.com/bot.html)"
157.55.39.3 - - [06/Oct/2021:04:56:51 +0200] "GET /images/100_1859.jpg HTTP/1.0" 200 254 "-" "Mozilla/5.0 (compatible; bingbot/2.0; +http://www.bing.com/bingbot.htm)"
114.119.128.39 - - [06/Oct/2021:04:57:13 +0200] "GET /plant-suspensions-wall-sticker-p-52433.html HTTP/1.0" 200 73832 "-" "Mozilla/5.0 (Linux; Android 7.0;) AppleWebKit/537.36 (KHTML, like Gecko) Mobile Safari/537.36 (compatible; PetalBot;+https://webmaster.petalsearch.com/site/petalbot)"
40.77.167.10 - - [06/Oct/2021:04:57:16 +0200] "GET /images/big_prod/3503420140471.jpg HTTP/1.0" 200 268 "-" "Mozilla/5.0 (compatible; bingbot/2.0; +http://www.bing.com/bingbot.htm)"
17.121.113.113 - - [06/Oct/2021:04:57:46 +0200] "GET /florialys-fragrance-provence-golden-jasmine-p-48498.html HTTP/1.0" 200 73359 "-" "Mozilla/5.0 (Macintosh; Intel Mac OS X 10_15_5) AppleWebKit/605.1.15 (KHTML, like Gecko) Version/13.1.1 Safari/605.1.15 (Applebot/0.1; +http://www.apple.com/go/applebot)"
17.121.112.206 - - [06/Oct/2021:04:57:49 +0200] "GET /duvet-cover-cotton-percale-threads-p-43846.html HTTP/1.0" 200 73358 "-" "Mozilla/5.0 (Macintosh; Intel Mac OS X 10_15_5) AppleWebKit/605.1.15 (KHTML, like Gecko) Version/13.1.1 Safari/605.1.15 (Applebot/0.1; +http://www.apple.com/go/applebot)"
207.46.13.17 - - [06/Oct/2021:04:58:30 +0200] "GET /-p-51780.html HTTP/1.0" 200 70420 "-" "Mozilla/5.0 (compatible; bingbot/2.0; +http://www.bing.com/bingbot.htm)"
185.191.171.25 - - [06/Oct/2021:04:59:03 +0200] "GET /home-decoration-c-13.html?page=160 HTTP/1.0" 200 92614 "-" "Mozilla/5.0 (compatible; SemrushBot/7~bl; +http://www.semrush.com/bot.html)"
54.36.148.16 - - [06/Oct/2021:04:59:11 +0200] "GET /round-natural-teak-mirror-p-56126.html HTTP/1.0" 200 73801 "-" "Mozilla/5.0 (compatible; AhrefsBot/7.0; +http://ahrefs.com/robot/)"
185.191.171.22 - - [06/Oct/2021:04:59:13 +0200] "GET /ceramic-lamp-p-52767.html?action=add_product HTTP/1.0" 302 476 "-" "Mozilla/5.0 (compatible; SemrushBot/7~bl; +http://www.semrush.com/bot.html)"
185.191.171.8 - - [06/Oct/2021:05:00:02 +0200] "GET /lulu-castagnette-p-16377.html?action=add_product HTTP/1.0" 302 476 "-" "Mozilla/5.0 (compatible; SemrushBot/7~bl; +http://www.semrush.com/bot.html)"
5.188.211.26 - - [06/Oct/2021:05:01:05 +0200] "GET /dubout-cats-metal-keyring-p-32238.html HTTP/1.0" 200 75327 "-" "Mozilla/4.0 (compatible; MSIE 6.0; Windows NT 5.1; SV1)"
5.188.211.26 - - [06/Oct/2021:05:01:06 +0200] "GET /posters-stickers-wall-c-13_147.html HTTP/1.0" 200 90373 "-" "Mozilla/4.0 (compatible; MSIE 6.0; Windows NT 5.1; SV1)"
5.188.211.26 - - [06/Oct/2021:05:01:08 +0200] "GET /mtal-signs-c-13_130.html HTTP/1.0" 200 94370 "-" "Mozilla/4.0 (compatible; MSIE 6.0; Windows NT 5.1; SV1)"
5.188.211.26 - - [06/Oct/2021:05:01:09 +0200] "GET /contact_us.php HTTP/1.0" 200 26241 "-" "Mozilla/4.0 (compatible; MSIE 6.0; Windows NT 5.1; SV1)"
5.188.211.26 - - [06/Oct/2021:05:01:09 +0200] "POST /contact_us.php?action=send HTTP/1.0" 200 26651 "http://www.wonder-geek.com/contact_us.php" "Mozilla/4.0 (compatible; MSIE 6.0; Windows NT 5.1; SV1)"
5.188.211.26 - - [06/Oct/2021:05:01:09 +0200] "POST /contact_us.php?action=send HTTP/1.0" 200 26651 "http://www.wonder-geek.com/" "Mozilla/4.0 (compatible; MSIE 6.0; Windows NT 5.1; SV1)"
5.188.211.26 - - [06/Oct/2021:05:01:10 +0200] "GET / HTTP/1.0" 200 150205 "-" "Mozilla/4.0 (compatible; MSIE 6.0; Windows NT 5.1; SV1)"
5.188.211.26 - - [06/Oct/2021:05:01:11 +0200] "GET /dubout-cats-metal-keyring-p-32238.html HTTP/1.0" 200 75327 "-" "Mozilla/4.0 (compatible; MSIE 6.0; Windows NT 5.1; SV1)"
5.188.211.26 - - [06/Oct/2021:05:01:12 +0200] "GET /contact_us.php HTTP/1.0" 200 26241 "-" "Mozilla/4.0 (compatible; MSIE 6.0; Windows NT 5.1; SV1)"
5.188.211.26 - - [06/Oct/2021:05:01:13 +0200] "GET /create_account.php HTTP/1.0" 200 33633 "-" "Mozilla/4.0 (compatible; MSIE 6.0; Windows NT 5.1; SV1)"
5.188.211.26 - - [06/Oct/2021:05:01:13 +0200] "GET /checkout_shipping.php HTTP/1.0" 302 468 "-" "Mozilla/4.0 (compatible; MSIE 6.0; Windows NT 5.1; SV1)"
5.188.211.26 - - [06/Oct/2021:05:01:13 +0200] "GET /login.php HTTP/1.0" 200 17155 "-" "Mozilla/4.0 (compatible; MSIE 6.0; Windows NT 5.1; SV1)"
5.188.211.26 - - [06/Oct/2021:05:01:13 +0200] "GET /shopping_cart.php HTTP/1.0" 200 13298 "-" "Mozilla/4.0 (compatible; MSIE 6.0; Windows NT 5.1; SV1)"
5.188.211.26 - - [06/Oct/2021:05:01:14 +0200] "GET /login.php HTTP/1.0" 200 17155 "-" "Mozilla/4.0 (compatible; MSIE 6.0; Windows NT 5.1; SV1)"
5.188.211.26 - - [06/Oct/2021:05:01:14 +0200] "GET /specials.php HTTP/1.0" 200 125335 "-" "Mozilla/4.0 (compatible; MSIE 6.0; Windows NT 5.1; SV1)"
5.188.211.26 - - [06/Oct/2021:05:01:15 +0200] "GET /products_new.php HTTP/1.0" 200 94564 "-" "Mozilla/4.0 (compatible; MSIE 6.0; Windows NT 5.1; SV1)"
18.237.74.211 - - [06/Oct/2021:05:01:23 +0200] "GET / HTTP/1.0" 301 511 "-" "Mozilla/5.0 (X11; Linux x86_64) AppleWebKit/537.36 (KHTML, like Gecko) Chrome/83.0.4103.97 Safari/537.36"
185.191.171.10 - - [06/Oct/2021:05:01:25 +0200] "GET /wood-glass-pistol-frame-p-48289.html HTTP/1.0" 200 73197 "-" "Mozilla/5.0 (compatible; SemrushBot/7~bl; +http://www.semrush.com/bot.html)"
114.119.128.34 - - [06/Oct/2021:05:01:27 +0200] "GET /images/mini_prod/3700572750484.jpg HTTP/1.0" 200 269 "-" "Mozilla/5.0 (Linux; Android 7.0;) AppleWebKit/537.36 (KHTML, like Gecko) Mobile Safari/537.36 (compatible; PetalBot;+https://webmaster.petalsearch.com/site/petalbot)"
18.237.74.211 - - [06/Oct/2021:05:01:27 +0200] "GET / HTTP/1.0" 200 150895 "-" "Mozilla/5.0 (X11; Linux x86_64) AppleWebKit/537.36 (KHTML, like Gecko) Chrome/83.0.4103.97 Safari/537.36"
178.154.216.19 - - [06/Oct/2021:05:01:49 +0200] "GET /images/mini_prod/3014627769278.jpg HTTP/1.0" 200 269 "-" "Mozilla/5.0 (X11; Ubuntu; Linux x86_64; rv:72.0) Gecko/20100101 Firefox/72.0"
54.185.100.80 - - [06/Oct/2021:05:01:59 +0200] "GET /favicon.ico HTTP/1.0" 301 533 "-" "Mozilla/5.0 (X11; Linux x86_64) AppleWebKit/537.36 (KHTML, like Gecko) Chrome/83.0.4103.97 Safari/537.36"
54.185.100.80 - - [06/Oct/2021:05:02:02 +0200] "GET /favicon.ico HTTP/1.0" 200 260 "http://wonder-geek.com/favicon.ico" "Mozilla/5.0 (X11; Linux x86_64) AppleWebKit/537.36 (KHTML, like Gecko) Chrome/83.0.4103.97 Safari/537.36"
54.185.100.80 - - [06/Oct/2021:05:02:04 +0200] "GET / HTTP/1.0" 301 511 "-" "Mozilla/5.0 (X11; Linux x86_64) AppleWebKit/537.36 (KHTML, like Gecko) Chrome/83.0.4103.97 Safari/537.36"
54.185.100.80 - - [06/Oct/2021:05:02:06 +0200] "GET / HTTP/1.0" 200 150534 "http://wonder-geek.com" "Mozilla/5.0 (X11; Linux x86_64) AppleWebKit/537.36 (KHTML, like Gecko) Chrome/83.0.4103.97 Safari/537.36"
54.36.148.85 - - [06/Oct/2021:05:02:19 +0200] "GET /dishes-dishes-c-12_251.html HTTP/1.0" 200 89637 "-" "Mozilla/5.0 (compatible; AhrefsBot/7.0; +http://ahrefs.com/robot/)"
185.191.171.33 - - [06/Oct/2021:05:02:26 +0200] "GET /salt-pepper-gaston-collection-p-52665.html HTTP/1.0" 200 73164 "-" "Mozilla/5.0 (compatible; SemrushBot/7~bl; +http://www.semrush.com/bot.html)"
185.191.171.21 - - [06/Oct/2021:05:02:36 +0200] "GET /funny-pets-kitchen-towel-p-43796.html?action=add_product HTTP/1.0" 302 476 "-" "Mozilla/5.0 (compatible; SemrushBot/7~bl; +http://www.semrush.com/bot.html)"
157.55.39.68 - - [06/Oct/2021:05:02:38 +0200] "GET /images/mini_prod/8433933214077.jpg HTTP/1.0" 200 269 "-" "Mozilla/5.0 (compatible; bingbot/2.0; +http://www.bing.com/bingbot.htm)"
66.249.64.83 - - [06/Oct/2021:05:02:38 +0200] "GET /little-buddha-glasses-case-yellow-p-50252.html HTTP/1.0" 200 73818 "-" "Mozilla/5.0 (Linux; Android 6.0.1; Nexus 5X Build/MMB29P) AppleWebKit/537.36 (KHTML, like Gecko) Chrome/94.0.4606.61 Mobile Safari/537.36 (compatible; Googlebot/2.1; +http://www.google.com/bot.html)"
185.191.171.21 - - [06/Oct/2021:05:02:43 +0200] "GET /light-wood-table-lamp-scandinavian-spirit-p-51786.html?action=add_product HTTP/1.0" 302 476 "-" "Mozilla/5.0 (compatible; SemrushBot/7~bl; +http://www.semrush.com/bot.html)"
17.121.112.225 - - [06/Oct/2021:05:03:18 +0200] "GET /images/big_prod_1/3453131145435N.jpg HTTP/1.0" 200 271 "-" "Mozilla/5.0 (Macintosh; Intel Mac OS X 10_15_5) AppleWebKit/605.1.15 (KHTML, like Gecko) Version/13.1.1 Safari/605.1.15 (Applebot/0.1; +http://www.apple.com/go/applebot)"
178.154.216.19 - - [06/Oct/2021:05:03:25 +0200] "GET /images/mini_prod/8435306215780.jpg HTTP/1.0" 200 269 "-" "Mozilla/5.0 (X11; Ubuntu; Linux x86_64; rv:72.0) Gecko/20100101 Firefox/72.0"
101.33.33.164 - - [06/Oct/2021:05:03:39 +0200] "GET /images/mini_prod/060207_230354_PEEL_eb7VzU.jpg HTTP/1.0" 200 281 "-" "Mozilla/5.0 (X11; Ubuntu; Linux x86_64; rv:72.0) Gecko/20100101 Firefox/72.0"
185.191.171.18 - - [06/Oct/2021:05:04:34 +0200] "GET /argentina-phone-cover-for-iphone-cbkreation-p-13959.html HTTP/1.0" 301 70697 "-" "Mozilla/5.0 (compatible; SemrushBot/7~bl; +http://www.semrush.com/bot.html)"
185.191.171.40 - - [06/Oct/2021:05:04:36 +0200] "GET /argentina-phone-cover-iphone-cbkreation-p-13959.html HTTP/1.0" 200 70591 "-" "Mozilla/5.0 (compatible; SemrushBot/7~bl; +http://www.semrush.com/bot.html)"
185.191.171.24 - - [06/Oct/2021:05:04:38 +0200] "GET /harley-davidson-large-box-p-38444.html HTTP/1.0" 301 73295 "-" "Mozilla/5.0 (compatible; SemrushBot/7~bl; +http://www.semrush.com/bot.html)"
207.46.13.54 - - [06/Oct/2021:05:04:40 +0200] "GET /images/big_prod_1/1345544564526C.jpg HTTP/1.0" 200 271 "-" "Mozilla/5.0 (compatible; bingbot/2.0; +http://www.bing.com/bingbot.htm)"
185.191.171.40 - - [06/Oct/2021:05:04:40 +0200] "GET /harley-davidson-large-p-38444.html HTTP/1.0" 200 73207 "-" "Mozilla/5.0 (compatible; SemrushBot/7~bl; +http://www.semrush.com/bot.html)"
185.191.171.37 - - [06/Oct/2021:05:04:47 +0200] "GET /home-decoration-c-13.html?page=45 HTTP/1.0" 200 93083 "-" "Mozilla/5.0 (compatible; SemrushBot/7~bl; +http://www.semrush.com/bot.html)"
185.191.171.25 - - [06/Oct/2021:05:05:02 +0200] "GET /michael-statue-p-46809.html?action=add_product HTTP/1.0" 302 476 "-" "Mozilla/5.0 (compatible; SemrushBot/7~bl; +http://www.semrush.com/bot.html)"
185.191.171.10 - - [06/Oct/2021:05:05:13 +0200] "GET /small-sommelier-shape-book-p-55935.html HTTP/1.0" 200 74348 "-" "Mozilla/5.0 (compatible; SemrushBot/7~bl; +http://www.semrush.com/bot.html)"
49.7.20.116 - - [06/Oct/2021:05:05:22 +0200] "GET / HTTP/1.0" 200 149911 "-" "Sogou web spider/4.0(+http://www.sogou.com/docs/help/webmasters.htm#07)"
54.36.149.106 - - [06/Oct/2021:05:05:25 +0200] "GET /school-trolley-c-31_169.html HTTP/1.0" 200 81987 "-" "Mozilla/5.0 (compatible; AhrefsBot/7.0; +http://ahrefs.com/robot/)"
114.119.128.253 - - [06/Oct/2021:05:05:39 +0200] "GET /images/mini_prod/8904245400026.jpg HTTP/1.0" 200 269 "-" "Mozilla/5.0 (Linux; Android 7.0;) AppleWebKit/537.36 (KHTML, like Gecko) Mobile Safari/537.36 (compatible; PetalBot;+https://webmaster.petalsearch.com/site/petalbot)"
69.171.231.111 - - [06/Oct/2021:05:05:42 +0200] "GET /barbapapa-m-7.html?page=2 HTTP/1.0" 200 87177 "-" "facebookexternalhit/1.1 (+http://www.facebook.com/externalhit_uatext.php)"
69.171.231.111 - - [06/Oct/2021:05:05:42 +0200] "GET /barbapapa-m-7.html?page=2 HTTP/1.0" 200 87177 "-" "facebookexternalhit/1.1 (+http://www.facebook.com/externalhit_uatext.php)"
51.68.224.127 - - [06/Oct/2021:05:05:48 +0200] "GET /adminweb/export_orders_xml.php?token=256de2z6edz6ed2z6DFSFsed2zed6zeDSFDSGdzedezfzf&maxorders=10&orderstart=1&status=14&start_date=2018-10-01 HTTP/1.0" 200 285 "-" "GesCom CharlotteBoutik Serveur"
51.68.224.127 - - [06/Oct/2021:05:05:48 +0200] "GET /adminweb/export_orders_xml.php?token=256de2z6edz6ed2z6DFSFsed2zed6zeDSFDSGdzedezfzf&maxorders=10&orderstart=1&status=6&start_date=2018-10-01 HTTP/1.0" 200 32573 "-" "GesCom CharlotteBoutik Serveur"
34.221.13.198 - - [06/Oct/2021:05:06:08 +0200] "GET / HTTP/1.0" 301 511 "-" "Mozilla/5.0 (X11; Linux x86_64) AppleWebKit/537.36 (KHTML, like Gecko) Chrome/83.0.4103.97 Safari/537.36"
34.221.13.198 - - [06/Oct/2021:05:06:11 +0200] "GET / HTTP/1.0" 200 150277 "-" "Mozilla/5.0 (X11; Linux x86_64) AppleWebKit/537.36 (KHTML, like Gecko) Chrome/83.0.4103.97 Safari/537.36"
185.191.171.18 - - [06/Oct/2021:05:06:19 +0200] "GET /vache-metal-tray-p-49716.html?action=add_product HTTP/1.0" 302 476 "-" "Mozilla/5.0 (compatible; SemrushBot/7~bl; +http://www.semrush.com/bot.html)"
5.188.211.16 - - [06/Oct/2021:05:06:27 +0200] "GET /pillow-case-mustard-yellow-p-51990.html HTTP/1.0" 200 73371 "-" "Mozilla/4.0 (compatible; MSIE 6.0; Windows NT 5.1; SV1)"
5.188.211.16 - - [06/Oct/2021:05:06:28 +0200] "GET /posters-stickers-wall-c-13_147.html HTTP/1.0" 200 90373 "-" "Mozilla/4.0 (compatible; MSIE 6.0; Windows NT 5.1; SV1)"
5.188.211.16 - - [06/Oct/2021:05:06:29 +0200] "GET /mtal-signs-c-13_130.html HTTP/1.0" 200 94370 "-" "Mozilla/4.0 (compatible; MSIE 6.0; Windows NT 5.1; SV1)"
5.188.211.16 - - [06/Oct/2021:05:06:30 +0200] "GET /contact_us.php HTTP/1.0" 200 26241 "-" "Mozilla/4.0 (compatible; MSIE 6.0; Windows NT 5.1; SV1)"
5.188.211.16 - - [06/Oct/2021:05:06:30 +0200] "POST /contact_us.php?action=send HTTP/1.0" 200 26649 "http://www.wonder-geek.com/contact_us.php" "Mozilla/4.0 (compatible; MSIE 6.0; Windows NT 5.1; SV1)"
5.188.211.16 - - [06/Oct/2021:05:06:30 +0200] "POST /contact_us.php?action=send HTTP/1.0" 200 26649 "http://www.wonder-geek.com/" "Mozilla/4.0 (compatible; MSIE 6.0; Windows NT 5.1; SV1)"
5.188.211.16 - - [06/Oct/2021:05:06:30 +0200] "GET / HTTP/1.0" 200 150116 "-" "Mozilla/4.0 (compatible; MSIE 6.0; Windows NT 5.1; SV1)"
5.188.211.16 - - [06/Oct/2021:05:06:31 +0200] "GET /pillow-case-mustard-yellow-p-51990.html HTTP/1.0" 200 73371 "-" "Mozilla/4.0 (compatible; MSIE 6.0; Windows NT 5.1; SV1)"
5.188.211.16 - - [06/Oct/2021:05:06:32 +0200] "GET /contact_us.php HTTP/1.0" 200 26241 "-" "Mozilla/4.0 (compatible; MSIE 6.0; Windows NT 5.1; SV1)"
5.188.211.16 - - [06/Oct/2021:05:06:32 +0200] "GET /create_account.php HTTP/1.0" 200 33633 "-" "Mozilla/4.0 (compatible; MSIE 6.0; Windows NT 5.1; SV1)"
5.188.211.16 - - [06/Oct/2021:05:06:32 +0200] "GET /checkout_shipping.php HTTP/1.0" 302 468 "-" "Mozilla/4.0 (compatible; MSIE 6.0; Windows NT 5.1; SV1)"
5.188.211.16 - - [06/Oct/2021:05:06:32 +0200] "GET /login.php HTTP/1.0" 200 17155 "-" "Mozilla/4.0 (compatible; MSIE 6.0; Windows NT 5.1; SV1)"
5.188.211.16 - - [06/Oct/2021:05:06:32 +0200] "GET /shopping_cart.php HTTP/1.0" 200 13298 "-" "Mozilla/4.0 (compatible; MSIE 6.0; Windows NT 5.1; SV1)"
5.188.211.16 - - [06/Oct/2021:05:06:33 +0200] "GET /login.php HTTP/1.0" 200 17155 "-" "Mozilla/4.0 (compatible; MSIE 6.0; Windows NT 5.1; SV1)"
5.188.211.16 - - [06/Oct/2021:05:06:33 +0200] "GET /specials.php HTTP/1.0" 200 125335 "-" "Mozilla/4.0 (compatible; MSIE 6.0; Windows NT 5.1; SV1)"
5.188.211.16 - - [06/Oct/2021:05:06:33 +0200] "GET /products_new.php HTTP/1.0" 200 94564 "-" "Mozilla/4.0 (compatible; MSIE 6.0; Windows NT 5.1; SV1)"
64.233.173.96 - - [06/Oct/2021:05:06:37 +0200] "GET /images/big_prod_1/8424001829279a.jpg HTTP/1.0" 200 271 "-" "Mozilla/5.0 (Windows NT 5.1; rv:11.0) Gecko Firefox/11.0 (via ggpht.com GoogleImageProxy)"
40.77.167.79 - - [06/Oct/2021:05:06:51 +0200] "GET /smiski-figure-series-living-note-there-single-figure-p-47777.html HTTP/1.0" 200 74405 "-" "Mozilla/5.0 (compatible; bingbot/2.0; +http://www.bing.com/bingbot.htm)"
54.187.65.143 - - [06/Oct/2021:05:06:55 +0200] "GET / HTTP/1.0" 301 511 "-" "Mozilla/5.0 (X11; Linux x86_64) AppleWebKit/537.36 (KHTML, like Gecko) Chrome/83.0.4103.97 Safari/537.36"
54.187.65.143 - - [06/Oct/2021:05:06:59 +0200] "GET / HTTP/1.0" 200 150661 "-" "Mozilla/5.0 (X11; Linux x86_64) AppleWebKit/537.36 (KHTML, like Gecko) Chrome/83.0.4103.97 Safari/537.36"
5.255.253.134 - - [06/Oct/2021:05:07:10 +0200] "GET /images/big_prod/4029811337231.jpg HTTP/1.0" 200 268 "-" "Mozilla/5.0 (compatible; YandexImages/3.0; +http://yandex.com/bots)"
185.191.171.9 - - [06/Oct/2021:05:07:37 +0200] "GET /boho-terracotta-p-51887.html?action=add_product HTTP/1.0" 302 476 "-" "Mozilla/5.0 (compatible; SemrushBot/7~bl; +http://www.semrush.com/bot.html)"
5.255.253.134 - - [06/Oct/2021:05:07:37 +0200] "GET /white-shell-galaxy-note-with-personalized-picture-p-16354.html HTTP/1.0" 200 73437 "-" "Mozilla/5.0 (compatible; YandexBot/3.0; +http://yandex.com/bots)"
157.55.39.68 - - [06/Oct/2021:05:07:40 +0200] "GET /masha-bear-doll-sled-p-36999.html HTTP/1.0" 200 73821 "-" "Mozilla/5.0 (compatible; bingbot/2.0; +http://www.bing.com/bingbot.htm)"
185.191.171.36 - - [06/Oct/2021:05:07:41 +0200] "GET /christmas-2016-figurine-sonny-angel-p-37967.html?action=add_product HTTP/1.0" 302 476 "-" "Mozilla/5.0 (compatible; SemrushBot/7~bl; +http://www.semrush.com/bot.html)"
66.249.64.84 - - [06/Oct/2021:05:07:42 +0200] "GET /metal-beer-bucket-p-54343.html HTTP/1.0" 200 73627 "-" "Mozilla/5.0 (Linux; Android 6.0.1; Nexus 5X Build/MMB29P) AppleWebKit/537.36 (KHTML, like Gecko) Chrome/94.0.4606.71 Mobile Safari/537.36 (compatible; Googlebot/2.1; +http://www.google.com/bot.html)"
54.185.100.80 - - [06/Oct/2021:05:08:08 +0200] "GET /favicon.ico HTTP/1.0" 301 533 "-" "Mozilla/5.0 (X11; Linux x86_64) AppleWebKit/537.36 (KHTML, like Gecko) Chrome/83.0.4103.97 Safari/537.36"
54.185.100.80 - - [06/Oct/2021:05:08:11 +0200] "GET /favicon.ico HTTP/1.0" 200 260 "http://wonder-geek.com/favicon.ico" "Mozilla/5.0 (X11; Linux x86_64) AppleWebKit/537.36 (KHTML, like Gecko) Chrome/83.0.4103.97 Safari/537.36"
185.191.171.5 - - [06/Oct/2021:05:08:19 +0200] "GET /ninja-turtles-large-sticker-p-27890.html HTTP/1.0" 200 73123 "-" "Mozilla/5.0 (compatible; SemrushBot/7~bl; +http://www.semrush.com/bot.html)"
185.191.171.45 - - [06/Oct/2021:05:08:36 +0200] "GET /valentine-etienne-boyer-shirt-p-33853.html?action=add_product HTTP/1.0" 302 476 "-" "Mozilla/5.0 (compatible; SemrushBot/7~bl; +http://www.semrush.com/bot.html)"
5.255.253.134 - - [06/Oct/2021:05:08:44 +0200] "GET /austin-mini-british-beat-metal-plate-p-37149.html HTTP/1.0" 200 73246 "-" "Mozilla/5.0 (compatible; YandexBot/3.0; +http://yandex.com/bots)"
185.191.171.9 - - [06/Oct/2021:05:08:48 +0200] "GET /shiva-statue-p-37200.html?action=add_product HTTP/1.0" 302 476 "-" "Mozilla/5.0 (compatible; SemrushBot/7~bl; +http://www.semrush.com/bot.html)"
54.36.148.232 - - [06/Oct/2021:05:08:48 +0200] "GET /holders-c-13_150_201.html HTTP/1.0" 200 87880 "-" "Mozilla/5.0 (compatible; AhrefsBot/7.0; +http://ahrefs.com/robot/)"
185.191.171.45 - - [06/Oct/2021:05:09:00 +0200] "GET /aprons-c-11_74.html?page=2 HTTP/1.0" 200 92022 "-" "Mozilla/5.0 (compatible; SemrushBot/7~bl; +http://www.semrush.com/bot.html)"
185.191.171.18 - - [06/Oct/2021:05:09:03 +0200] "GET /protects-plastic-mattress-p-33873.html?action=add_product HTTP/1.0" 302 476 "-" "Mozilla/5.0 (compatible; SemrushBot/7~bl; +http://www.semrush.com/bot.html)"
185.191.171.17 - - [06/Oct/2021:05:09:16 +0200] "GET /carpet-ethnic-boho-p-55445.html?action=add_product HTTP/1.0" 302 476 "-" "Mozilla/5.0 (compatible; SemrushBot/7~bl; +http://www.semrush.com/bot.html)"
114.119.128.34 - - [06/Oct/2021:05:09:51 +0200] "GET /christmas-snow-white-dopey-figurine-p-45635.html HTTP/1.0" 200 74626 "-" "Mozilla/5.0 (Linux; Android 7.0;) AppleWebKit/537.36 (KHTML, like Gecko) Mobile Safari/537.36 (compatible; PetalBot;+https://webmaster.petalsearch.com/site/petalbot)"
185.191.171.6 - - [06/Oct/2021:05:09:55 +0200] "GET /simpsons-towel-p-10255.html?action=add_product HTTP/1.0" 302 476 "-" "Mozilla/5.0 (compatible; SemrushBot/7~bl; +http://www.semrush.com/bot.html)"
185.191.171.44 - - [06/Oct/2021:05:10:33 +0200] "GET /small-bamboo-tray-humming-bird-p-49573.html HTTP/1.0" 200 73170 "-" "Mozilla/5.0 (compatible; SemrushBot/7~bl; +http://www.semrush.com/bot.html)"
40.77.167.65 - - [06/Oct/2021:05:10:39 +0200] "GET /paperweight-mild-tension-kandinsky-p-53521.html HTTP/1.0" 200 74510 "-" "Mozilla/5.0 (compatible; bingbot/2.0; +http://www.bing.com/bingbot.htm)"
54.149.239.217 - - [06/Oct/2021:05:11:12 +0200] "GET /favicon.ico HTTP/1.0" 301 533 "-" "Mozilla/5.0 (X11; Linux x86_64) AppleWebKit/537.36 (KHTML, like Gecko) Chrome/83.0.4103.97 Safari/537.36"
54.149.239.217 - - [06/Oct/2021:05:11:13 +0200] "GET /favicon.ico HTTP/1.0" 200 260 "http://wonder-geek.com/favicon.ico" "Mozilla/5.0 (X11; Linux x86_64) AppleWebKit/537.36 (KHTML, like Gecko) Chrome/83.0.4103.97 Safari/537.36"
185.191.171.13 - - [06/Oct/2021:05:11:24 +0200] "GET /despicable-weed-toybox-p-32605.html?action=add_product HTTP/1.0" 302 476 "-" "Mozilla/5.0 (compatible; SemrushBot/7~bl; +http://www.semrush.com/bot.html)"
54.36.148.7 - - [06/Oct/2021:05:11:34 +0200] "GET /petit-akio-night-light-unicorn-p-50036.html HTTP/1.0" 301 70487 "-" "Mozilla/5.0 (compatible; AhrefsBot/7.0; +http://ahrefs.com/robot/)"
54.36.148.207 - - [06/Oct/2021:05:12:02 +0200] "GET /lampshades-c-86_277.html HTTP/1.0" 200 88446 "-" "Mozilla/5.0 (compatible; AhrefsBot/7.0; +http://ahrefs.com/robot/)"
5.188.211.72 - - [06/Oct/2021:05:12:25 +0200] "GET /rtablissement-figurine-decorative-p-38728.html HTTP/1.0" 200 73243 "-" "Mozilla/4.0 (compatible; MSIE 6.0; Windows NT 5.1; SV1)"
5.188.211.72 - - [06/Oct/2021:05:12:26 +0200] "GET /posters-stickers-wall-c-13_147.html HTTP/1.0" 200 90373 "-" "Mozilla/4.0 (compatible; MSIE 6.0; Windows NT 5.1; SV1)"
5.188.211.72 - - [06/Oct/2021:05:12:26 +0200] "GET /mtal-signs-c-13_130.html HTTP/1.0" 200 94370 "-" "Mozilla/4.0 (compatible; MSIE 6.0; Windows NT 5.1; SV1)"
5.188.211.72 - - [06/Oct/2021:05:12:27 +0200] "GET /contact_us.php HTTP/1.0" 200 26241 "-" "Mozilla/4.0 (compatible; MSIE 6.0; Windows NT 5.1; SV1)"
5.188.211.72 - - [06/Oct/2021:05:12:28 +0200] "POST /contact_us.php?action=send HTTP/1.0" 200 26652 "http://www.wonder-geek.com/contact_us.php" "Mozilla/4.0 (compatible; MSIE 6.0; Windows NT 5.1; SV1)"
5.188.211.72 - - [06/Oct/2021:05:12:28 +0200] "POST /contact_us.php?action=send HTTP/1.0" 200 26652 "http://www.wonder-geek.com/" "Mozilla/4.0 (compatible; MSIE 6.0; Windows NT 5.1; SV1)"
5.188.211.72 - - [06/Oct/2021:05:12:28 +0200] "GET / HTTP/1.0" 200 149815 "-" "Mozilla/4.0 (compatible; MSIE 6.0; Windows NT 5.1; SV1)"
5.188.211.72 - - [06/Oct/2021:05:12:29 +0200] "GET /rtablissement-figurine-decorative-p-38728.html HTTP/1.0" 200 73243 "-" "Mozilla/4.0 (compatible; MSIE 6.0; Windows NT 5.1; SV1)"
5.188.211.72 - - [06/Oct/2021:05:12:30 +0200] "GET /contact_us.php HTTP/1.0" 200 26241 "-" "Mozilla/4.0 (compatible; MSIE 6.0; Windows NT 5.1; SV1)"
5.188.211.72 - - [06/Oct/2021:05:12:30 +0200] "GET /create_account.php HTTP/1.0" 200 33633 "-" "Mozilla/4.0 (compatible; MSIE 6.0; Windows NT 5.1; SV1)"
5.188.211.72 - - [06/Oct/2021:05:12:30 +0200] "GET /checkout_shipping.php HTTP/1.0" 302 468 "-" "Mozilla/4.0 (compatible; MSIE 6.0; Windows NT 5.1; SV1)"
5.188.211.72 - - [06/Oct/2021:05:12:31 +0200] "GET /login.php HTTP/1.0" 200 17155 "-" "Mozilla/4.0 (compatible; MSIE 6.0; Windows NT 5.1; SV1)"
5.188.211.72 - - [06/Oct/2021:05:12:31 +0200] "GET /shopping_cart.php HTTP/1.0" 200 13298 "-" "Mozilla/4.0 (compatible; MSIE 6.0; Windows NT 5.1; SV1)"
5.188.211.72 - - [06/Oct/2021:05:12:31 +0200] "GET /login.php HTTP/1.0" 200 17155 "-" "Mozilla/4.0 (compatible; MSIE 6.0; Windows NT 5.1; SV1)"
5.188.211.72 - - [06/Oct/2021:05:12:31 +0200] "GET /specials.php HTTP/1.0" 200 125335 "-" "Mozilla/4.0 (compatible; MSIE 6.0; Windows NT 5.1; SV1)"
5.188.211.72 - - [06/Oct/2021:05:12:32 +0200] "GET /products_new.php HTTP/1.0" 200 94564 "-" "Mozilla/4.0 (compatible; MSIE 6.0; Windows NT 5.1; SV1)"
92.220.10.100 - - [06/Oct/2021:05:12:55 +0200] "GET /robots.txt HTTP/1.0" 200 245 "-" "Mozilla/5.0 (compatible; MJ12bot/v1.4.8; http://mj12bot.com/)"
92.220.10.100 - - [06/Oct/2021:05:12:57 +0200] "GET /-p-11935.html HTTP/1.0" 200 70420 "-" "Mozilla/5.0 (compatible; MJ12bot/v1.4.8; http://mj12bot.com/)"
92.220.10.100 - - [06/Oct/2021:05:13:00 +0200] "GET /-p-14139.html HTTP/1.0" 200 70420 "-" "Mozilla/5.0 (compatible; MJ12bot/v1.4.8; http://mj12bot.com/)"
92.220.10.100 - - [06/Oct/2021:05:13:03 +0200] "GET /-p-15008.html HTTP/1.0" 200 70420 "-" "Mozilla/5.0 (compatible; MJ12bot/v1.4.8; http://mj12bot.com/)"
92.220.10.100 - - [06/Oct/2021:05:13:05 +0200] "GET /-p-15061.html HTTP/1.0" 200 70420 "-" "Mozilla/5.0 (compatible; MJ12bot/v1.4.8; http://mj12bot.com/)"
92.220.10.100 - - [06/Oct/2021:05:13:07 +0200] "GET /-p-15112.html HTTP/1.0" 200 70420 "-" "Mozilla/5.0 (compatible; MJ12bot/v1.4.8; http://mj12bot.com/)"
92.220.10.100 - - [06/Oct/2021:05:13:10 +0200] "GET /-p-15390.html HTTP/1.0" 200 70420 "-" "Mozilla/5.0 (compatible; MJ12bot/v1.4.8; http://mj12bot.com/)"
92.220.10.100 - - [06/Oct/2021:05:13:13 +0200] "GET /-p-15421.html HTTP/1.0" 200 70420 "-" "Mozilla/5.0 (compatible; MJ12bot/v1.4.8; http://mj12bot.com/)"
92.220.10.100 - - [06/Oct/2021:05:13:16 +0200] "GET /-p-15823.html HTTP/1.0" 200 70420 "-" "Mozilla/5.0 (compatible; MJ12bot/v1.4.8; http://mj12bot.com/)"
92.220.10.100 - - [06/Oct/2021:05:13:20 +0200] "GET /-p-15857.html HTTP/1.0" 200 70420 "-" "Mozilla/5.0 (compatible; MJ12bot/v1.4.8; http://mj12bot.com/)"
185.191.171.25 - - [06/Oct/2021:05:13:21 +0200] "GET /quote-cutting-board-p-42913.html HTTP/1.0" 301 70487 "-" "Mozilla/5.0 (compatible; SemrushBot/7~bl; +http://www.semrush.com/bot.html)"
92.220.10.100 - - [06/Oct/2021:05:13:23 +0200] "GET /-p-16415.html HTTP/1.0" 200 70420 "-" "Mozilla/5.0 (compatible; MJ12bot/v1.4.8; http://mj12bot.com/)"
185.191.171.8 - - [06/Oct/2021:05:13:23 +0200] "GET /-p-42913.html HTTP/1.0" 200 70420 "-" "Mozilla/5.0 (compatible; SemrushBot/7~bl; +http://www.semrush.com/bot.html)"
92.220.10.100 - - [06/Oct/2021:05:13:25 +0200] "GET /-p-17240.html HTTP/1.0" 200 70420 "-" "Mozilla/5.0 (compatible; MJ12bot/v1.4.8; http://mj12bot.com/)"
92.220.10.100 - - [06/Oct/2021:05:13:29 +0200] "GET /-p-17490.html HTTP/1.0" 200 70420 "-" "Mozilla/5.0 (compatible; MJ12bot/v1.4.8; http://mj12bot.com/)"
92.220.10.100 - - [06/Oct/2021:05:13:32 +0200] "GET /-p-17963.html HTTP/1.0" 200 70420 "-" "Mozilla/5.0 (compatible; MJ12bot/v1.4.8; http://mj12bot.com/)"
185.191.171.16 - - [06/Oct/2021:05:13:33 +0200] "GET /quartz-geode-size-about-p-44408.html HTTP/1.0" 200 74133 "-" "Mozilla/5.0 (compatible; SemrushBot/7~bl; +http://www.semrush.com/bot.html)"
92.220.10.100 - - [06/Oct/2021:05:13:35 +0200] "GET /-p-18036.html HTTP/1.0" 200 70420 "-" "Mozilla/5.0 (compatible; MJ12bot/v1.4.8; http://mj12bot.com/)"
92.220.10.100 - - [06/Oct/2021:05:13:38 +0200] "GET /-p-20676.html HTTP/1.0" 200 70420 "-" "Mozilla/5.0 (compatible; MJ12bot/v1.4.8; http://mj12bot.com/)"
92.220.10.100 - - [06/Oct/2021:05:13:40 +0200] "GET /-p-21728.html HTTP/1.0" 200 70420 "-" "Mozilla/5.0 (compatible; MJ12bot/v1.4.8; http://mj12bot.com/)"
92.220.10.100 - - [06/Oct/2021:05:13:44 +0200] "GET /-p-21734.html HTTP/1.0" 200 70420 "-" "Mozilla/5.0 (compatible; MJ12bot/v1.4.8; http://mj12bot.com/)"
92.220.10.100 - - [06/Oct/2021:05:13:47 +0200] "GET /-p-21764.html HTTP/1.0" 200 70420 "-" "Mozilla/5.0 (compatible; MJ12bot/v1.4.8; http://mj12bot.com/)"
92.220.10.100 - - [06/Oct/2021:05:13:50 +0200] "GET /-p-22239.html HTTP/1.0" 200 70420 "-" "Mozilla/5.0 (compatible; MJ12bot/v1.4.8; http://mj12bot.com/)"
92.220.10.100 - - [06/Oct/2021:05:13:53 +0200] "GET /-p-23420.html HTTP/1.0" 200 70420 "-" "Mozilla/5.0 (compatible; MJ12bot/v1.4.8; http://mj12bot.com/)"
92.220.10.100 - - [06/Oct/2021:05:13:55 +0200] "GET /-p-2449.html HTTP/1.0" 200 70418 "-" "Mozilla/5.0 (compatible; MJ12bot/v1.4.8; http://mj12bot.com/)"
92.220.10.100 - - [06/Oct/2021:05:13:57 +0200] "GET /-p-24932.html HTTP/1.0" 200 70420 "-" "Mozilla/5.0 (compatible; MJ12bot/v1.4.8; http://mj12bot.com/)"
92.220.10.100 - - [06/Oct/2021:05:14:00 +0200] "GET /-p-25032.html HTTP/1.0" 200 70420 "-" "Mozilla/5.0 (compatible; MJ12bot/v1.4.8; http://mj12bot.com/)"
92.220.10.100 - - [06/Oct/2021:05:14:03 +0200] "GET /-p-25620.html HTTP/1.0" 200 70420 "-" "Mozilla/5.0 (compatible; MJ12bot/v1.4.8; http://mj12bot.com/)"
92.220.10.100 - - [06/Oct/2021:05:14:06 +0200] "GET /-p-25621.html HTTP/1.0" 200 70420 "-" "Mozilla/5.0 (compatible; MJ12bot/v1.4.8; http://mj12bot.com/)"
92.220.10.100 - - [06/Oct/2021:05:14:09 +0200] "GET /-p-25671.html HTTP/1.0" 200 70420 "-" "Mozilla/5.0 (compatible; MJ12bot/v1.4.8; http://mj12bot.com/)"
114.119.128.34 - - [06/Oct/2021:05:14:09 +0200] "GET /fender-guitar-zippo-lighter-p-37652.html HTTP/1.0" 200 73553 "-" "Mozilla/5.0 (Linux; Android 7.0;) AppleWebKit/537.36 (KHTML, like Gecko) Mobile Safari/537.36 (compatible; PetalBot;+https://webmaster.petalsearch.com/site/petalbot)"
92.220.10.100 - - [06/Oct/2021:05:14:12 +0200] "GET /-p-25691.html HTTP/1.0" 200 70420 "-" "Mozilla/5.0 (compatible; MJ12bot/v1.4.8; http://mj12bot.com/)"
92.220.10.100 - - [06/Oct/2021:05:14:15 +0200] "GET /-p-25704.html HTTP/1.0" 200 70420 "-" "Mozilla/5.0 (compatible; MJ12bot/v1.4.8; http://mj12bot.com/)"
92.220.10.100 - - [06/Oct/2021:05:14:17 +0200] "GET /-p-25727.html HTTP/1.0" 200 70420 "-" "Mozilla/5.0 (compatible; MJ12bot/v1.4.8; http://mj12bot.com/)"
92.220.10.100 - - [06/Oct/2021:05:14:20 +0200] "GET /-p-26093.html HTTP/1.0" 200 70420 "-" "Mozilla/5.0 (compatible; MJ12bot/v1.4.8; http://mj12bot.com/)"
92.220.10.100 - - [06/Oct/2021:05:14:22 +0200] "GET /-p-26107.html HTTP/1.0" 200 70420 "-" "Mozilla/5.0 (compatible; MJ12bot/v1.4.8; http://mj12bot.com/)"
92.220.10.100 - - [06/Oct/2021:05:14:25 +0200] "GET /-p-26109.html HTTP/1.0" 200 70420 "-" "Mozilla/5.0 (compatible; MJ12bot/v1.4.8; http://mj12bot.com/)"
92.220.10.100 - - [06/Oct/2021:05:14:27 +0200] "GET /-p-26134.html HTTP/1.0" 200 70420 "-" "Mozilla/5.0 (compatible; MJ12bot/v1.4.8; http://mj12bot.com/)"
92.220.10.100 - - [06/Oct/2021:05:14:30 +0200] "GET /-p-26135.html HTTP/1.0" 200 70420 "-" "Mozilla/5.0 (compatible; MJ12bot/v1.4.8; http://mj12bot.com/)"
92.220.10.100 - - [06/Oct/2021:05:14:32 +0200] "GET /-p-26140.html HTTP/1.0" 200 70420 "-" "Mozilla/5.0 (compatible; MJ12bot/v1.4.8; http://mj12bot.com/)"
92.220.10.100 - - [06/Oct/2021:05:14:36 +0200] "GET /-p-26543.html HTTP/1.0" 200 70420 "-" "Mozilla/5.0 (compatible; MJ12bot/v1.4.8; http://mj12bot.com/)"
92.220.10.100 - - [06/Oct/2021:05:14:38 +0200] "GET /-p-26719.html HTTP/1.0" 200 70420 "-" "Mozilla/5.0 (compatible; MJ12bot/v1.4.8; http://mj12bot.com/)"
92.220.10.100 - - [06/Oct/2021:05:14:41 +0200] "GET /-p-27159.html HTTP/1.0" 200 70420 "-" "Mozilla/5.0 (compatible; MJ12bot/v1.4.8; http://mj12bot.com/)"
92.220.10.100 - - [06/Oct/2021:05:14:43 +0200] "GET /-p-27645.html HTTP/1.0" 200 70420 "-" "Mozilla/5.0 (compatible; MJ12bot/v1.4.8; http://mj12bot.com/)"
92.220.10.100 - - [06/Oct/2021:05:14:46 +0200] "GET /-p-27989.html HTTP/1.0" 200 70420 "-" "Mozilla/5.0 (compatible; MJ12bot/v1.4.8; http://mj12bot.com/)"
92.220.10.100 - - [06/Oct/2021:05:14:49 +0200] "GET /-p-27990.html HTTP/1.0" 200 70420 "-" "Mozilla/5.0 (compatible; MJ12bot/v1.4.8; http://mj12bot.com/)"
92.220.10.100 - - [06/Oct/2021:05:14:52 +0200] "GET /-p-28319.html HTTP/1.0" 200 70420 "-" "Mozilla/5.0 (compatible; MJ12bot/v1.4.8; http://mj12bot.com/)"
92.220.10.100 - - [06/Oct/2021:05:14:55 +0200] "GET /-p-28404.html HTTP/1.0" 200 70420 "-" "Mozilla/5.0 (compatible; MJ12bot/v1.4.8; http://mj12bot.com/)"
92.220.10.100 - - [06/Oct/2021:05:14:58 +0200] "GET /-p-28726.html HTTP/1.0" 200 70420 "-" "Mozilla/5.0 (compatible; MJ12bot/v1.4.8; http://mj12bot.com/)"
92.220.10.100 - - [06/Oct/2021:05:15:02 +0200] "GET /-p-28737.html HTTP/1.0" 200 70420 "-" "Mozilla/5.0 (compatible; MJ12bot/v1.4.8; http://mj12bot.com/)"
92.220.10.100 - - [06/Oct/2021:05:15:05 +0200] "GET /-p-28740.html HTTP/1.0" 200 70420 "-" "Mozilla/5.0 (compatible; MJ12bot/v1.4.8; http://mj12bot.com/)"
92.220.10.100 - - [06/Oct/2021:05:15:08 +0200] "GET /-p-28937.html HTTP/1.0" 200 70420 "-" "Mozilla/5.0 (compatible; MJ12bot/v1.4.8; http://mj12bot.com/)"
92.220.10.100 - - [06/Oct/2021:05:15:10 +0200] "GET /-p-29408.html HTTP/1.0" 200 70420 "-" "Mozilla/5.0 (compatible; MJ12bot/v1.4.8; http://mj12bot.com/)"
92.220.10.100 - - [06/Oct/2021:05:15:13 +0200] "GET /-p-29434.html HTTP/1.0" 200 70420 "-" "Mozilla/5.0 (compatible; MJ12bot/v1.4.8; http://mj12bot.com/)"
92.220.10.100 - - [06/Oct/2021:05:15:16 +0200] "GET /-p-29435.html HTTP/1.0" 200 70420 "-" "Mozilla/5.0 (compatible; MJ12bot/v1.4.8; http://mj12bot.com/)"
92.220.10.100 - - [06/Oct/2021:05:15:20 +0200] "GET /-p-29438.html HTTP/1.0" 200 70420 "-" "Mozilla/5.0 (compatible; MJ12bot/v1.4.8; http://mj12bot.com/)"
92.220.10.100 - - [06/Oct/2021:05:15:23 +0200] "GET /-p-29608.html HTTP/1.0" 200 70420 "-" "Mozilla/5.0 (compatible; MJ12bot/v1.4.8; http://mj12bot.com/)"
92.220.10.100 - - [06/Oct/2021:05:15:27 +0200] "GET /-p-30197.html HTTP/1.0" 200 70420 "-" "Mozilla/5.0 (compatible; MJ12bot/v1.4.8; http://mj12bot.com/)"
92.220.10.100 - - [06/Oct/2021:05:15:30 +0200] "GET /-p-30198.html HTTP/1.0" 200 70420 "-" "Mozilla/5.0 (compatible; MJ12bot/v1.4.8; http://mj12bot.com/)"
54.36.148.29 - - [06/Oct/2021:05:15:32 +0200] "GET /gund-my-first-teddy-bear-peyton-blue-36-cm-p-40018.html HTTP/1.0" 301 70487 "-" "Mozilla/5.0 (compatible; AhrefsBot/7.0; +http://ahrefs.com/robot/)"
92.220.10.100 - - [06/Oct/2021:05:15:32 +0200] "GET /-p-30346.html HTTP/1.0" 200 70420 "-" "Mozilla/5.0 (compatible; MJ12bot/v1.4.8; http://mj12bot.com/)"
185.191.171.10 - - [06/Oct/2021:05:15:34 +0200] "GET /saucer-p-40671.html?action=add_product HTTP/1.0" 302 476 "-" "Mozilla/5.0 (compatible; SemrushBot/7~bl; +http://www.semrush.com/bot.html)"
92.220.10.100 - - [06/Oct/2021:05:15:35 +0200] "GET /-p-30612.html HTTP/1.0" 200 70420 "-" "Mozilla/5.0 (compatible; MJ12bot/v1.4.8; http://mj12bot.com/)"
92.220.10.100 - - [06/Oct/2021:05:15:37 +0200] "GET /-p-31055.html HTTP/1.0" 200 70420 "-" "Mozilla/5.0 (compatible; MJ12bot/v1.4.8; http://mj12bot.com/)"
92.220.10.100 - - [06/Oct/2021:05:15:41 +0200] "GET /-p-31956.html HTTP/1.0" 200 70420 "-" "Mozilla/5.0 (compatible; MJ12bot/v1.4.8; http://mj12bot.com/)"
54.36.148.91 - - [06/Oct/2021:05:15:41 +0200] "GET / HTTP/1.0" 200 150461 "-" "Mozilla/5.0 (compatible; AhrefsBot/7.0; +http://ahrefs.com/robot/)"
92.220.10.100 - - [06/Oct/2021:05:15:44 +0200] "GET /-p-31959.html HTTP/1.0" 200 70420 "-" "Mozilla/5.0 (compatible; MJ12bot/v1.4.8; http://mj12bot.com/)"
92.220.10.100 - - [06/Oct/2021:05:15:47 +0200] "GET /-p-32408.html HTTP/1.0" 200 70420 "-" "Mozilla/5.0 (compatible; MJ12bot/v1.4.8; http://mj12bot.com/)"
5.255.253.134 - - [06/Oct/2021:05:15:50 +0200] "GET /robots.txt HTTP/1.0" 200 245 "-" "Mozilla/5.0 (compatible; YandexBot/3.0; +http://yandex.com/bots)"
92.220.10.100 - - [06/Oct/2021:05:15:50 +0200] "GET /-p-32875.html HTTP/1.0" 200 70420 "-" "Mozilla/5.0 (compatible; MJ12bot/v1.4.8; http://mj12bot.com/)"
92.220.10.100 - - [06/Oct/2021:05:15:53 +0200] "GET /-p-33154.html HTTP/1.0" 200 70420 "-" "Mozilla/5.0 (compatible; MJ12bot/v1.4.8; http://mj12bot.com/)"
5.255.253.134 - - [06/Oct/2021:05:15:53 +0200] "GET /barbapapa-pink-kids-school-p-14471.html HTTP/1.0" 200 73411 "-" "Mozilla/5.0 (compatible; YandexBot/3.0; +http://yandex.com/bots)"
92.220.10.100 - - [06/Oct/2021:05:15:56 +0200] "GET /-p-33248.html HTTP/1.0" 200 70420 "-" "Mozilla/5.0 (compatible; MJ12bot/v1.4.8; http://mj12bot.com/)"
92.220.10.100 - - [06/Oct/2021:05:15:59 +0200] "GET /-p-33877.html HTTP/1.0" 200 70420 "-" "Mozilla/5.0 (compatible; MJ12bot/v1.4.8; http://mj12bot.com/)"
92.220.10.100 - - [06/Oct/2021:05:16:02 +0200] "GET /-p-34051.html HTTP/1.0" 200 70420 "-" "Mozilla/5.0 (compatible; MJ12bot/v1.4.8; http://mj12bot.com/)"
92.220.10.100 - - [06/Oct/2021:05:16:05 +0200] "GET /-p-34060.html HTTP/1.0" 200 70420 "-" "Mozilla/5.0 (compatible; MJ12bot/v1.4.8; http://mj12bot.com/)"
92.220.10.100 - - [06/Oct/2021:05:16:08 +0200] "GET /-p-34241.html HTTP/1.0" 200 70420 "-" "Mozilla/5.0 (compatible; MJ12bot/v1.4.8; http://mj12bot.com/)"
92.220.10.100 - - [06/Oct/2021:05:16:10 +0200] "GET /-p-34499.html HTTP/1.0" 200 70420 "-" "Mozilla/5.0 (compatible; MJ12bot/v1.4.8; http://mj12bot.com/)"
92.220.10.100 - - [06/Oct/2021:05:16:13 +0200] "GET /-p-34706.html HTTP/1.0" 200 70420 "-" "Mozilla/5.0 (compatible; MJ12bot/v1.4.8; http://mj12bot.com/)"
92.220.10.100 - - [06/Oct/2021:05:16:16 +0200] "GET /-p-35017.html HTTP/1.0" 200 70420 "-" "Mozilla/5.0 (compatible; MJ12bot/v1.4.8; http://mj12bot.com/)"
54.36.148.246 - - [06/Oct/2021:05:16:16 +0200] "GET /stainless-steel-piece-barbecue-set-p-41218.html HTTP/1.0" 301 73296 "-" "Mozilla/5.0 (compatible; AhrefsBot/7.0; +http://ahrefs.com/robot/)"
92.220.10.100 - - [06/Oct/2021:05:16:19 +0200] "GET /-p-35019.html HTTP/1.0" 200 70420 "-" "Mozilla/5.0 (compatible; MJ12bot/v1.4.8; http://mj12bot.com/)"
92.220.10.100 - - [06/Oct/2021:05:16:21 +0200] "GET /-p-35165.html HTTP/1.0" 200 70420 "-" "Mozilla/5.0 (compatible; MJ12bot/v1.4.8; http://mj12bot.com/)"
92.220.10.100 - - [06/Oct/2021:05:16:25 +0200] "GET /-p-35223.html HTTP/1.0" 200 70420 "-" "Mozilla/5.0 (compatible; MJ12bot/v1.4.8; http://mj12bot.com/)"
92.220.10.100 - - [06/Oct/2021:05:16:28 +0200] "GET /-p-35224.html HTTP/1.0" 200 70420 "-" "Mozilla/5.0 (compatible; MJ12bot/v1.4.8; http://mj12bot.com/)"
92.220.10.100 - - [06/Oct/2021:05:16:30 +0200] "GET /-p-35225.html HTTP/1.0" 200 70420 "-" "Mozilla/5.0 (compatible; MJ12bot/v1.4.8; http://mj12bot.com/)"
185.191.171.7 - - [06/Oct/2021:05:16:31 +0200] "GET /set-of-gorjuss-stamps-with-ink-ruby-p-40496.html HTTP/1.0" 301 70613 "-" "Mozilla/5.0 (compatible; SemrushBot/7~bl; +http://www.semrush.com/bot.html)"
92.220.10.100 - - [06/Oct/2021:05:16:33 +0200] "GET /-p-35228.html HTTP/1.0" 200 70420 "-" "Mozilla/5.0 (compatible; MJ12bot/v1.4.8; http://mj12bot.com/)"
185.191.171.26 - - [06/Oct/2021:05:16:34 +0200] "GET /gorjuss-stamps-with-ruby-p-40496.html HTTP/1.0" 200 70522 "-" "Mozilla/5.0 (compatible; SemrushBot/7~bl; +http://www.semrush.com/bot.html)"
92.220.10.100 - - [06/Oct/2021:05:16:36 +0200] "GET /-p-35231.html HTTP/1.0" 200 70420 "-" "Mozilla/5.0 (compatible; MJ12bot/v1.4.8; http://mj12bot.com/)"
92.220.10.100 - - [06/Oct/2021:05:16:39 +0200] "GET /-p-35396.html HTTP/1.0" 200 70420 "-" "Mozilla/5.0 (compatible; MJ12bot/v1.4.8; http://mj12bot.com/)"
92.220.10.100 - - [06/Oct/2021:05:16:42 +0200] "GET /-p-35973.html HTTP/1.0" 200 70420 "-" "Mozilla/5.0 (compatible; MJ12bot/v1.4.8; http://mj12bot.com/)"
17.121.115.158 - - [06/Oct/2021:05:16:44 +0200] "GET /escale-dlices-butter-dish-p-42691.html HTTP/1.0" 200 70524 "-" "Mozilla/5.0 (Macintosh; Intel Mac OS X 10_15_5) AppleWebKit/605.1.15 (KHTML, like Gecko) Version/13.1.1 Safari/605.1.15 (Applebot/0.1; +http://www.apple.com/go/applebot)"
54.36.149.85 - - [06/Oct/2021:05:16:44 +0200] "GET /happy-white-shirt-by-etienne-boyer-p-30098.html HTTP/1.0" 301 70487 "-" "Mozilla/5.0 (compatible; AhrefsBot/7.0; +http://ahrefs.com/robot/)"
92.220.10.100 - - [06/Oct/2021:05:16:45 +0200] "GET /-p-36546.html HTTP/1.0" 200 70420 "-" "Mozilla/5.0 (compatible; MJ12bot/v1.4.8; http://mj12bot.com/)"
92.220.10.100 - - [06/Oct/2021:05:16:48 +0200] "GET /-p-36599.html HTTP/1.0" 200 70420 "-" "Mozilla/5.0 (compatible; MJ12bot/v1.4.8; http://mj12bot.com/)"
92.220.10.100 - - [06/Oct/2021:05:16:51 +0200] "GET /-p-36607.html HTTP/1.0" 200 70420 "-" "Mozilla/5.0 (compatible; MJ12bot/v1.4.8; http://mj12bot.com/)"
54.36.148.90 - - [06/Oct/2021:05:16:53 +0200] "GET /pucca-pairs-of-socks-size-31-34-p-35116.html HTTP/1.0" 301 70487 "-" "Mozilla/5.0 (compatible; AhrefsBot/7.0; +http://ahrefs.com/robot/)"
92.220.10.100 - - [06/Oct/2021:05:16:54 +0200] "GET /-p-36626.html HTTP/1.0" 200 70420 "-" "Mozilla/5.0 (compatible; MJ12bot/v1.4.8; http://mj12bot.com/)"
54.36.149.50 - - [06/Oct/2021:05:16:55 +0200] "GET /fragrances-ambiance-c-231.html HTTP/1.0" 200 92533 "-" "Mozilla/5.0 (compatible; AhrefsBot/7.0; +http://ahrefs.com/robot/)"
92.220.10.100 - - [06/Oct/2021:05:16:57 +0200] "GET /-p-36696.html HTTP/1.0" 200 70420 "-" "Mozilla/5.0 (compatible; MJ12bot/v1.4.8; http://mj12bot.com/)"
92.220.10.100 - - [06/Oct/2021:05:17:00 +0200] "GET /-p-36763.html HTTP/1.0" 200 70420 "-" "Mozilla/5.0 (compatible; MJ12bot/v1.4.8; http://mj12bot.com/)"
92.220.10.100 - - [06/Oct/2021:05:17:03 +0200] "GET /-p-36765.html HTTP/1.0" 200 70420 "-" "Mozilla/5.0 (compatible; MJ12bot/v1.4.8; http://mj12bot.com/)"
92.220.10.100 - - [06/Oct/2021:05:17:07 +0200] "GET /-p-36766.html HTTP/1.0" 200 70420 "-" "Mozilla/5.0 (compatible; MJ12bot/v1.4.8; http://mj12bot.com/)"
185.191.171.45 - - [06/Oct/2021:05:17:08 +0200] "GET /robots.txt HTTP/1.0" 200 245 "-" "Mozilla/5.0 (compatible; SemrushBot/7~bl; +http://www.semrush.com/bot.html)"
185.191.171.7 - - [06/Oct/2021:05:17:08 +0200] "GET /paris-cover-iphone-etienne-boyer-p-24613.html?action=add_product HTTP/1.0" 302 476 "-" "Mozilla/5.0 (compatible; SemrushBot/7~bl; +http://www.semrush.com/bot.html)"
92.220.10.100 - - [06/Oct/2021:05:17:10 +0200] "GET /-p-36880.html HTTP/1.0" 200 70420 "-" "Mozilla/5.0 (compatible; MJ12bot/v1.4.8; http://mj12bot.com/)"
92.220.10.100 - - [06/Oct/2021:05:17:12 +0200] "GET /-p-36886.html HTTP/1.0" 200 70420 "-" "Mozilla/5.0 (compatible; MJ12bot/v1.4.8; http://mj12bot.com/)"
92.220.10.100 - - [06/Oct/2021:05:17:14 +0200] "GET /-p-36899.html HTTP/1.0" 200 70420 "-" "Mozilla/5.0 (compatible; MJ12bot/v1.4.8; http://mj12bot.com/)"
