92.220.10.100 - - [06/Oct/2021:05:27:02 +0200] "GET /double-round-metal-mirror-copper-look-p-52462.html HTTP/1.0" 200 74135 "-" "Mozilla/5.0 (compatible; MJ12bot/v1.4.8; http://mj12bot.com/)"
92.220.10.100 - - [06/Oct/2021:05:27:06 +0200] "GET /double-round-metal-mirror-to-put-on-golden-look-p-52463.html HTTP/1.0" 301 74238 "-" "Mozilla/5.0 (compatible; MJ12bot/v1.4.8; http://mj12bot.com/)"
92.220.10.100 - - [06/Oct/2021:05:27:09 +0200] "GET /double-round-metal-mirror-golden-look-p-52463.html HTTP/1.0" 200 74134 "-" "Mozilla/5.0 (compatible; MJ12bot/v1.4.8; http://mj12bot.com/)"
92.220.10.100 - - [06/Oct/2021:05:27:13 +0200] "GET /double-round-mirror-copper-aspect-free-standing-p-52464.html HTTP/1.0" 200 74173 "-" "Mozilla/5.0 (compatible; MJ12bot/v1.4.8; http://mj12bot.com/)"
92.220.10.100 - - [06/Oct/2021:05:27:16 +0200] "GET /double-round-mirror-golden-aspect-free-standing-p-52468.html HTTP/1.0" 200 74164 "-" "Mozilla/5.0 (compatible; MJ12bot/v1.4.8; http://mj12bot.com/)"
92.220.10.100 - - [06/Oct/2021:05:27:20 +0200] "GET /double-round-mirror-on-stand-215-cm-p-53680.html HTTP/1.0" 301 74145 "-" "Mozilla/5.0 (compatible; MJ12bot/v1.4.8; http://mj12bot.com/)"
92.220.10.100 - - [06/Oct/2021:05:27:23 +0200] "GET /double-round-mirror-stand-p-53680.html HTTP/1.0" 200 74053 "-" "Mozilla/5.0 (compatible; MJ12bot/v1.4.8; http://mj12bot.com/)"
92.220.10.100 - - [06/Oct/2021:05:27:28 +0200] "GET /double-round-mirror-silver-aspect-free-standing-p-53687.html HTTP/1.0" 200 74199 "-" "Mozilla/5.0 (compatible; MJ12bot/v1.4.8; http://mj12bot.com/)"
92.220.10.100 - - [06/Oct/2021:05:27:30 +0200] "GET /double-round-mirror-stand-p-53680.html HTTP/1.0" 200 74053 "-" "Mozilla/5.0 (compatible; MJ12bot/v1.4.8; http://mj12bot.com/)"
92.220.10.100 - - [06/Oct/2021:05:27:33 +0200] "GET /dr-doom-figure-p-23420.html HTTP/1.0" 301 70487 "-" "Mozilla/5.0 (compatible; MJ12bot/v1.4.8; http://mj12bot.com/)"
92.220.10.100 - - [06/Oct/2021:05:27:35 +0200] "GET /-p-23420.html HTTP/1.0" 200 70420 "-" "Mozilla/5.0 (compatible; MJ12bot/v1.4.8; http://mj12bot.com/)"
92.220.10.100 - - [06/Oct/2021:05:27:38 +0200] "GET /dragon-ball-red-swimsuit-p-30477.html HTTP/1.0" 301 74302 "-" "Mozilla/5.0 (compatible; MJ12bot/v1.4.8; http://mj12bot.com/)"
92.220.10.100 - - [06/Oct/2021:05:27:42 +0200] "GET /dragon-ball-swimsuit-p-30477.html HTTP/1.0" 200 74215 "-" "Mozilla/5.0 (compatible; MJ12bot/v1.4.8; http://mj12bot.com/)"
185.191.171.20 - - [06/Oct/2021:05:27:44 +0200] "GET /star-wars-kanan-jarrus-figure-p-34610.html?action=add_product HTTP/1.0" 302 476 "-" "Mozilla/5.0 (compatible; SemrushBot/7~bl; +http://www.semrush.com/bot.html)"
185.191.171.44 - - [06/Oct/2021:05:27:45 +0200] "GET /beatles-apple-pink-cover-ipad-tablets-p-17620.html?action=add_product HTTP/1.0" 302 476 "-" "Mozilla/5.0 (compatible; SemrushBot/7~bl; +http://www.semrush.com/bot.html)"
92.220.10.100 - - [06/Oct/2021:05:27:46 +0200] "GET /dragon-ball-swimsuit-p-30477.html HTTP/1.0" 200 74215 "-" "Mozilla/5.0 (compatible; MJ12bot/v1.4.8; http://mj12bot.com/)"
92.220.10.100 - - [06/Oct/2021:05:27:49 +0200] "GET /duvet-cover-cotton-percale-threads-p-51261.html HTTP/1.0" 200 73359 "-" "Mozilla/5.0 (compatible; MJ12bot/v1.4.8; http://mj12bot.com/)"
92.220.10.100 - - [06/Oct/2021:05:27:52 +0200] "GET /duvet-cover-cotton-percale-threads-p-51262.html HTTP/1.0" 200 73359 "-" "Mozilla/5.0 (compatible; MJ12bot/v1.4.8; http://mj12bot.com/)"
92.220.10.100 - - [06/Oct/2021:05:27:54 +0200] "GET /duvet-cover-in-cotton-percale-80-threads-140-200-cm-p-51261.html HTTP/1.0" 301 73460 "-" "Mozilla/5.0 (compatible; MJ12bot/v1.4.8; http://mj12bot.com/)"
92.220.10.100 - - [06/Oct/2021:05:27:58 +0200] "GET /duvet-cover-cotton-percale-threads-p-51261.html HTTP/1.0" 200 73359 "-" "Mozilla/5.0 (compatible; MJ12bot/v1.4.8; http://mj12bot.com/)"
92.220.10.100 - - [06/Oct/2021:05:28:00 +0200] "GET /duvet-cover-in-cotton-percale-80-threads-140-200-cm-p-51262.html HTTP/1.0" 301 73460 "-" "Mozilla/5.0 (compatible; MJ12bot/v1.4.8; http://mj12bot.com/)"
92.220.10.100 - - [06/Oct/2021:05:28:03 +0200] "GET /duvet-cover-cotton-percale-threads-p-51262.html HTTP/1.0" 200 73359 "-" "Mozilla/5.0 (compatible; MJ12bot/v1.4.8; http://mj12bot.com/)"
54.36.149.46 - - [06/Oct/2021:05:28:05 +0200] "GET /bread-bags-c-11_179.html HTTP/1.0" 200 81594 "-" "Mozilla/5.0 (compatible; AhrefsBot/7.0; +http://ahrefs.com/robot/)"
92.220.10.100 - - [06/Oct/2021:05:28:06 +0200] "GET /egg-cup-p-40823.html HTTP/1.0" 200 72900 "-" "Mozilla/5.0 (compatible; MJ12bot/v1.4.8; http://mj12bot.com/)"
92.220.10.100 - - [06/Oct/2021:05:28:08 +0200] "GET /egg-cup-p-40824.html HTTP/1.0" 200 72900 "-" "Mozilla/5.0 (compatible; MJ12bot/v1.4.8; http://mj12bot.com/)"
92.220.10.100 - - [06/Oct/2021:05:28:11 +0200] "GET /egg-cup-p-40825.html HTTP/1.0" 200 72901 "-" "Mozilla/5.0 (compatible; MJ12bot/v1.4.8; http://mj12bot.com/)"
92.220.10.100 - - [06/Oct/2021:05:28:14 +0200] "GET /egg-cup-p-40826.html HTTP/1.0" 200 72900 "-" "Mozilla/5.0 (compatible; MJ12bot/v1.4.8; http://mj12bot.com/)"
92.220.10.100 - - [06/Oct/2021:05:28:16 +0200] "GET /egyptian-hathor-statue-in-resin-28-cm-p-50137.html HTTP/1.0" 301 73940 "-" "Mozilla/5.0 (compatible; MJ12bot/v1.4.8; http://mj12bot.com/)"
92.220.10.100 - - [06/Oct/2021:05:28:18 +0200] "GET /egyptian-hathor-statue-resin-p-50137.html HTTP/1.0" 200 73845 "-" "Mozilla/5.0 (compatible; MJ12bot/v1.4.8; http://mj12bot.com/)"
92.220.10.100 - - [06/Oct/2021:05:28:21 +0200] "GET /egyptian-hathor-statue-resin-p-50137.html HTTP/1.0" 200 73845 "-" "Mozilla/5.0 (compatible; MJ12bot/v1.4.8; http://mj12bot.com/)"
92.220.10.100 - - [06/Oct/2021:05:28:23 +0200] "GET /elephant-gold-table-lamp-74-cm-p-52523.html HTTP/1.0" 301 70609 "-" "Mozilla/5.0 (compatible; MJ12bot/v1.4.8; http://mj12bot.com/)"
92.220.10.100 - - [06/Oct/2021:05:28:25 +0200] "GET /elephant-gold-table-lamp-p-52523.html HTTP/1.0" 200 70518 "-" "Mozilla/5.0 (compatible; MJ12bot/v1.4.8; http://mj12bot.com/)"
92.220.10.100 - - [06/Oct/2021:05:28:27 +0200] "GET /elephant-gold-table-lamp-p-52523.html HTTP/1.0" 200 70518 "-" "Mozilla/5.0 (compatible; MJ12bot/v1.4.8; http://mj12bot.com/)"
92.220.10.100 - - [06/Oct/2021:05:28:30 +0200] "GET /elmer-bear-cub-figure-p-486.html HTTP/1.0" 301 70481 "-" "Mozilla/5.0 (compatible; MJ12bot/v1.4.8; http://mj12bot.com/)"
92.220.10.100 - - [06/Oct/2021:05:28:32 +0200] "GET /-p-486.html HTTP/1.0" 200 70416 "-" "Mozilla/5.0 (compatible; MJ12bot/v1.4.8; http://mj12bot.com/)"
92.220.10.100 - - [06/Oct/2021:05:28:36 +0200] "GET /figurine-lucky-luke-averell-dalton-with-hammer-p-15687.html HTTP/1.0" 200 70641 "-" "Mozilla/5.0 (compatible; MJ12bot/v1.4.8; http://mj12bot.com/)"
92.220.10.100 - - [06/Oct/2021:05:28:39 +0200] "GET /french-bulldog-pill-box-p-32053.html HTTP/1.0" 301 70588 "-" "Mozilla/5.0 (compatible; MJ12bot/v1.4.8; http://mj12bot.com/)"
92.220.10.100 - - [06/Oct/2021:05:28:43 +0200] "GET /french-bulldog-pill-p-32053.html HTTP/1.0" 200 70502 "-" "Mozilla/5.0 (compatible; MJ12bot/v1.4.8; http://mj12bot.com/)"
92.220.10.100 - - [06/Oct/2021:05:28:45 +0200] "GET /french-bulldog-pill-p-32053.html HTTP/1.0" 200 70502 "-" "Mozilla/5.0 (compatible; MJ12bot/v1.4.8; http://mj12bot.com/)"
92.220.10.100 - - [06/Oct/2021:05:28:47 +0200] "GET /fuel-pump-clock-p-55134.html HTTP/1.0" 200 73635 "-" "Mozilla/5.0 (compatible; MJ12bot/v1.4.8; http://mj12bot.com/)"
92.220.10.100 - - [06/Oct/2021:05:28:50 +0200] "GET /galileo-thermometer-for-indoors-p-53639.html HTTP/1.0" 301 73276 "-" "Mozilla/5.0 (compatible; MJ12bot/v1.4.8; http://mj12bot.com/)"
92.220.10.100 - - [06/Oct/2021:05:28:53 +0200] "GET /galileo-thermometer-indoors-p-53639.html HTTP/1.0" 200 73182 "-" "Mozilla/5.0 (compatible; MJ12bot/v1.4.8; http://mj12bot.com/)"
92.220.10.100 - - [06/Oct/2021:05:28:56 +0200] "GET /galileo-thermometer-for-indoors-p-53640.html HTTP/1.0" 301 73272 "-" "Mozilla/5.0 (compatible; MJ12bot/v1.4.8; http://mj12bot.com/)"
92.220.10.100 - - [06/Oct/2021:05:28:59 +0200] "GET /galileo-thermometer-indoors-p-53640.html HTTP/1.0" 200 73178 "-" "Mozilla/5.0 (compatible; MJ12bot/v1.4.8; http://mj12bot.com/)"
92.220.10.100 - - [06/Oct/2021:05:29:02 +0200] "GET /galileo-thermometer-for-indoors-p-53641.html HTTP/1.0" 301 73272 "-" "Mozilla/5.0 (compatible; MJ12bot/v1.4.8; http://mj12bot.com/)"
92.220.10.100 - - [06/Oct/2021:05:29:04 +0200] "GET /galileo-thermometer-indoors-p-53641.html HTTP/1.0" 200 73178 "-" "Mozilla/5.0 (compatible; MJ12bot/v1.4.8; http://mj12bot.com/)"
92.220.10.100 - - [06/Oct/2021:05:29:06 +0200] "GET /galileo-thermometer-indoors-p-53639.html HTTP/1.0" 200 73182 "-" "Mozilla/5.0 (compatible; MJ12bot/v1.4.8; http://mj12bot.com/)"
92.220.10.100 - - [06/Oct/2021:05:29:08 +0200] "GET /galileo-thermometer-indoors-p-53640.html HTTP/1.0" 200 73178 "-" "Mozilla/5.0 (compatible; MJ12bot/v1.4.8; http://mj12bot.com/)"
92.220.10.100 - - [06/Oct/2021:05:29:12 +0200] "GET /giraffe-statue-clay-look-50-cm-p-50063.html HTTP/1.0" 301 74270 "-" "Mozilla/5.0 (compatible; MJ12bot/v1.4.8; http://mj12bot.com/)"
92.220.10.100 - - [06/Oct/2021:05:29:15 +0200] "GET /giraffe-statue-clay-look-p-50063.html HTTP/1.0" 200 74179 "-" "Mozilla/5.0 (compatible; MJ12bot/v1.4.8; http://mj12bot.com/)"
92.220.10.100 - - [06/Oct/2021:05:29:18 +0200] "GET /giraffe-statue-clay-look-52-cm-p-50063.html HTTP/1.0" 301 74270 "-" "Mozilla/5.0 (compatible; MJ12bot/v1.4.8; http://mj12bot.com/)"
114.119.159.16 - - [06/Oct/2021:05:29:20 +0200] "GET /accessories-c-97_98.html HTTP/1.0" 200 84355 "-" "Mozilla/5.0 (compatible;PetalBot;+https://webmaster.petalsearch.com/site/petalbot)"
114.119.159.16 - - [06/Oct/2021:05:29:21 +0200] "GET /templates/Pixame_v1/stylesheet.css HTTP/1.0" 200 267 "http://www.wonder-geek.com/accessories-c-97_98.html" "Mozilla/5.0 (compatible;PetalBot;+https://webmaster.petalsearch.com/site/petalbot)"
114.119.159.16 - - [06/Oct/2021:05:29:21 +0200] "GET /mondial_relay/js/jquery-1.3.2.min.js HTTP/1.0" 200 276 "http://www.wonder-geek.com/accessories-c-97_98.html" "Mozilla/5.0 (compatible;PetalBot;+https://webmaster.petalsearch.com/site/petalbot)"
114.119.159.16 - - [06/Oct/2021:05:29:21 +0200] "GET /js/jquery.jqzoom.js HTTP/1.0" 200 259 "http://www.wonder-geek.com/accessories-c-97_98.html" "Mozilla/5.0 (compatible;PetalBot;+https://webmaster.petalsearch.com/site/petalbot)"
114.119.159.16 - - [06/Oct/2021:05:29:21 +0200] "GET /js/jquery.js HTTP/1.0" 200 252 "http://www.wonder-geek.com/accessories-c-97_98.html" "Mozilla/5.0 (compatible;PetalBot;+https://webmaster.petalsearch.com/site/petalbot)"
114.119.159.16 - - [06/Oct/2021:05:29:21 +0200] "GET /highslide/highslide.js HTTP/1.0" 200 262 "http://www.wonder-geek.com/accessories-c-97_98.html" "Mozilla/5.0 (compatible;PetalBot;+https://webmaster.petalsearch.com/site/petalbot)"
185.191.171.23 - - [06/Oct/2021:05:29:21 +0200] "GET /pill-chat-cushions-p-53836.html HTTP/1.0" 200 73239 "-" "Mozilla/5.0 (compatible; SemrushBot/7~bl; +http://www.semrush.com/bot.html)"
114.119.159.16 - - [06/Oct/2021:05:29:22 +0200] "GET /swfobject.js HTTP/1.0" 404 1308 "http://www.wonder-geek.com/accessories-c-97_98.html" "Mozilla/5.0 (compatible;PetalBot;+https://webmaster.petalsearch.com/site/petalbot)"
92.220.10.100 - - [06/Oct/2021:05:29:21 +0200] "GET /giraffe-statue-clay-look-p-50063.html HTTP/1.0" 200 74179 "-" "Mozilla/5.0 (compatible; MJ12bot/v1.4.8; http://mj12bot.com/)"
114.119.159.16 - - [06/Oct/2021:05:29:22 +0200] "GET /js/jquery.min.js HTTP/1.0" 404 1308 "http://www.wonder-geek.com/accessories-c-97_98.html" "Mozilla/5.0 (compatible;PetalBot;+https://webmaster.petalsearch.com/site/petalbot)"
114.119.159.16 - - [06/Oct/2021:05:29:22 +0200] "GET /js/jquery.masonry.min.js HTTP/1.0" 200 264 "http://www.wonder-geek.com/accessories-c-97_98.html" "Mozilla/5.0 (compatible;PetalBot;+https://webmaster.petalsearch.com/site/petalbot)"
114.119.159.16 - - [06/Oct/2021:05:29:22 +0200] "GET /js/modernizr-transitions.js HTTP/1.0" 200 267 "http://www.wonder-geek.com/accessories-c-97_98.html" "Mozilla/5.0 (compatible;PetalBot;+https://webmaster.petalsearch.com/site/petalbot)"
114.119.159.16 - - [06/Oct/2021:05:29:23 +0200] "GET /js/jquery.min.js HTTP/1.0" 404 1308 "http://www.wonder-geek.com/accessories-c-97_98.html" "Mozilla/5.0 (compatible;PetalBot;+https://webmaster.petalsearch.com/site/petalbot)"
92.220.10.100 - - [06/Oct/2021:05:29:25 +0200] "GET /giraffe-statue-clay-look-p-50063.html HTTP/1.0" 200 74179 "-" "Mozilla/5.0 (compatible; MJ12bot/v1.4.8; http://mj12bot.com/)"
92.220.10.100 - - [06/Oct/2021:05:29:27 +0200] "GET /glass-lamp-p-47224.html HTTP/1.0" 200 73655 "-" "Mozilla/5.0 (compatible; MJ12bot/v1.4.8; http://mj12bot.com/)"
54.36.148.206 - - [06/Oct/2021:05:29:30 +0200] "GET /soft-toys-security-blanket-c-4_46.html HTTP/1.0" 200 91914 "-" "Mozilla/5.0 (compatible; AhrefsBot/7.0; +http://ahrefs.com/robot/)"
92.220.10.100 - - [06/Oct/2021:05:29:32 +0200] "GET /gloss-duckling-random-color-according-arrival-p-31892.html HTTP/1.0" 200 73441 "-" "Mozilla/5.0 (compatible; MJ12bot/v1.4.8; http://mj12bot.com/)"
92.220.10.100 - - [06/Oct/2021:05:29:34 +0200] "GET /golden-swan-porcelain-figurine-p-55127.html HTTP/1.0" 200 74062 "-" "Mozilla/5.0 (compatible; MJ12bot/v1.4.8; http://mj12bot.com/)"
92.220.10.100 - - [06/Oct/2021:05:29:37 +0200] "GET /good-beer-metal-plate-deco-p-36112.html HTTP/1.0" 200 70541 "-" "Mozilla/5.0 (compatible; MJ12bot/v1.4.8; http://mj12bot.com/)"
207.32.216.194 - - [06/Oct/2021:05:29:41 +0200] "GET /robots.txt HTTP/1.0" 200 245 "-" "Mozilla/5.0 (compatible; MJ12bot/v1.4.8; http://mj12bot.com/)"
92.220.10.100 - - [06/Oct/2021:05:29:41 +0200] "GET /gorjuss-cards-supplied-with-an-envelope-bee-loved-p-48394.html HTTP/1.0" 301 73475 "-" "Mozilla/5.0 (compatible; MJ12bot/v1.4.8; http://mj12bot.com/)"
207.32.216.194 - - [06/Oct/2021:05:29:43 +0200] "GET /bamboo-mirror-with-jewelry-compartment-p-53728.html HTTP/1.0" 200 73863 "-" "Mozilla/5.0 (compatible; MJ12bot/v1.4.8; http://mj12bot.com/)"
92.220.10.100 - - [06/Oct/2021:05:29:44 +0200] "GET /gorjuss-cards-supplied-with-envelope-loved-p-48394.html HTTP/1.0" 200 73366 "-" "Mozilla/5.0 (compatible; MJ12bot/v1.4.8; http://mj12bot.com/)"
207.32.216.194 - - [06/Oct/2021:05:29:45 +0200] "GET /bamboo-mirror-with-jewelry-compartment-p-53729.html HTTP/1.0" 200 73862 "-" "Mozilla/5.0 (compatible; MJ12bot/v1.4.8; http://mj12bot.com/)"
207.32.216.194 - - [06/Oct/2021:05:29:48 +0200] "GET /bamboo-mirror-with-jewelry-compartment-p-53730.html HTTP/1.0" 200 73861 "-" "Mozilla/5.0 (compatible; MJ12bot/v1.4.8; http://mj12bot.com/)"
92.220.10.100 - - [06/Oct/2021:05:29:49 +0200] "GET /gorjuss-cards-supplied-with-an-envelope-bluebirds-proposal-p-48364.html HTTP/1.0" 301 73544 "-" "Mozilla/5.0 (compatible; MJ12bot/v1.4.8; http://mj12bot.com/)"
207.32.216.194 - - [06/Oct/2021:05:29:51 +0200] "GET /bamboo-mirror-with-jewelry-compartment-p-53731.html HTTP/1.0" 200 73861 "-" "Mozilla/5.0 (compatible; MJ12bot/v1.4.8; http://mj12bot.com/)"
66.249.64.82 - - [06/Oct/2021:05:29:52 +0200] "GET /corsica-bath-towel-p-44387.html HTTP/1.0" 200 73027 "-" "Mozilla/5.0 (compatible; Googlebot/2.1; +http://www.google.com/bot.html)"
92.220.10.100 - - [06/Oct/2021:05:29:52 +0200] "GET /gorjuss-cards-supplied-with-envelope-bluebirds-proposal-p-48364.html HTTP/1.0" 200 73422 "-" "Mozilla/5.0 (compatible; MJ12bot/v1.4.8; http://mj12bot.com/)"
207.32.216.194 - - [06/Oct/2021:05:29:54 +0200] "GET /ceramic-flower-pots-lamp-p-52531.html HTTP/1.0" 200 74226 "-" "Mozilla/5.0 (compatible; MJ12bot/v1.4.8; http://mj12bot.com/)"
92.220.10.100 - - [06/Oct/2021:05:29:55 +0200] "GET /gorjuss-cards-supplied-with-envelope-bluebirds-proposal-p-48364.html HTTP/1.0" 200 73422 "-" "Mozilla/5.0 (compatible; MJ12bot/v1.4.8; http://mj12bot.com/)"
185.191.171.12 - - [06/Oct/2021:05:29:56 +0200] "GET /small-buddhist-monk-blue-dress-mudra-varada-p-46800.html?action=add_product HTTP/1.0" 302 476 "-" "Mozilla/5.0 (compatible; SemrushBot/7~bl; +http://www.semrush.com/bot.html)"
207.32.216.194 - - [06/Oct/2021:05:29:56 +0200] "GET /ceramic-lamp-p-53715.html HTTP/1.0" 200 73847 "-" "Mozilla/5.0 (compatible; MJ12bot/v1.4.8; http://mj12bot.com/)"
92.220.10.100 - - [06/Oct/2021:05:29:58 +0200] "GET /gorjuss-cards-supplied-with-envelope-loved-p-48394.html HTTP/1.0" 200 73366 "-" "Mozilla/5.0 (compatible; MJ12bot/v1.4.8; http://mj12bot.com/)"
207.32.216.194 - - [06/Oct/2021:05:29:59 +0200] "GET /ceramic-lamp-p-53752.html HTTP/1.0" 200 73919 "-" "Mozilla/5.0 (compatible; MJ12bot/v1.4.8; http://mj12bot.com/)"
92.220.10.100 - - [06/Oct/2021:05:30:01 +0200] "GET /gorjuss-trinket-little-wings-p-51404.html HTTP/1.0" 200 74362 "-" "Mozilla/5.0 (compatible; MJ12bot/v1.4.8; http://mj12bot.com/)"
207.32.216.194 - - [06/Oct/2021:05:30:02 +0200] "GET /crystal-salt-night-light-p-52242.html HTTP/1.0" 200 74712 "-" "Mozilla/5.0 (compatible; MJ12bot/v1.4.8; http://mj12bot.com/)"
92.220.10.100 - - [06/Oct/2021:05:30:03 +0200] "GET /gorjuss-trinket-p-25441.html HTTP/1.0" 200 70486 "-" "Mozilla/5.0 (compatible; MJ12bot/v1.4.8; http://mj12bot.com/)"
207.32.216.194 - - [06/Oct/2021:05:30:05 +0200] "GET /deco-thermometer-pump-grey-p-50187.html HTTP/1.0" 200 73150 "-" "Mozilla/5.0 (compatible; MJ12bot/v1.4.8; http://mj12bot.com/)"
92.220.10.100 - - [06/Oct/2021:05:30:06 +0200] "GET /gorjuss-trinket-sweet-cake-p-49467.html HTTP/1.0" 200 70508 "-" "Mozilla/5.0 (compatible; MJ12bot/v1.4.8; http://mj12bot.com/)"
207.32.216.194 - - [06/Oct/2021:05:30:08 +0200] "GET /deco-thermometer-pump-orange-p-50186.html HTTP/1.0" 200 73160 "-" "Mozilla/5.0 (compatible; MJ12bot/v1.4.8; http://mj12bot.com/)"
92.220.10.100 - - [06/Oct/2021:05:30:09 +0200] "GET /gorjuss-trinket-tin-box-little-wings-p-51404.html HTTP/1.0" 301 74457 "-" "Mozilla/5.0 (compatible; MJ12bot/v1.4.8; http://mj12bot.com/)"
207.32.216.194 - - [06/Oct/2021:05:30:11 +0200] "GET /deco-thermometer-pump-p-50185.html HTTP/1.0" 200 73137 "-" "Mozilla/5.0 (compatible; MJ12bot/v1.4.8; http://mj12bot.com/)"
92.220.10.100 - - [06/Oct/2021:05:30:12 +0200] "GET /gorjuss-trinket-little-wings-p-51404.html HTTP/1.0" 200 74362 "-" "Mozilla/5.0 (compatible; MJ12bot/v1.4.8; http://mj12bot.com/)"
207.32.216.194 - - [06/Oct/2021:05:30:14 +0200] "GET /galileo-thermometer-indoors-p-53641.html HTTP/1.0" 200 73178 "-" "Mozilla/5.0 (compatible; MJ12bot/v1.4.8; http://mj12bot.com/)"
92.220.10.100 - - [06/Oct/2021:05:30:16 +0200] "GET /gorjuss-trinket-tin-box-p-25441.html HTTP/1.0" 301 70568 "-" "Mozilla/5.0 (compatible; MJ12bot/v1.4.8; http://mj12bot.com/)"
207.32.216.194 - - [06/Oct/2021:05:30:17 +0200] "GET /golden-resin-musical-monkey-statuettes-p-55129.html HTTP/1.0" 200 74173 "-" "Mozilla/5.0 (compatible; MJ12bot/v1.4.8; http://mj12bot.com/)"
92.220.10.100 - - [06/Oct/2021:05:30:19 +0200] "GET /gorjuss-trinket-p-25441.html HTTP/1.0" 200 70486 "-" "Mozilla/5.0 (compatible; MJ12bot/v1.4.8; http://mj12bot.com/)"
207.32.216.194 - - [06/Oct/2021:05:30:20 +0200] "GET /grey-foliage-soliflore-p-36361.html HTTP/1.0" 200 73169 "-" "Mozilla/5.0 (compatible; MJ12bot/v1.4.8; http://mj12bot.com/)"
185.191.171.25 - - [06/Oct/2021:05:30:20 +0200] "GET /bamboo-tray-cats-p-49577.html HTTP/1.0" 200 70464 "-" "Mozilla/5.0 (compatible; SemrushBot/7~bl; +http://www.semrush.com/bot.html)"
92.220.10.100 - - [06/Oct/2021:05:30:22 +0200] "GET /gorjuss-trinket-tin-box-sweet-cake-p-49467.html HTTP/1.0" 301 70601 "-" "Mozilla/5.0 (compatible; MJ12bot/v1.4.8; http://mj12bot.com/)"
207.32.216.194 - - [06/Oct/2021:05:30:23 +0200] "GET /skull-music-moneybox-p-37731.html HTTP/1.0" 200 73073 "-" "Mozilla/5.0 (compatible; MJ12bot/v1.4.8; http://mj12bot.com/)"
207.46.13.54 - - [06/Oct/2021:05:30:24 +0200] "GET /-p-8474.html HTTP/1.0" 200 70418 "-" "Mozilla/5.0 (compatible; bingbot/2.0; +http://www.bing.com/bingbot.htm)"
92.220.10.100 - - [06/Oct/2021:05:30:25 +0200] "GET /gorjuss-trinket-sweet-cake-p-49467.html HTTP/1.0" 200 70508 "-" "Mozilla/5.0 (compatible; MJ12bot/v1.4.8; http://mj12bot.com/)"
207.32.216.194 - - [06/Oct/2021:05:30:26 +0200] "GET /transportable-glass-ball-lamp-p-55140.html HTTP/1.0" 200 74097 "-" "Mozilla/5.0 (compatible; MJ12bot/v1.4.8; http://mj12bot.com/)"
92.220.10.100 - - [06/Oct/2021:05:30:28 +0200] "GET /gray-metal-chandelier-p-55143.html HTTP/1.0" 200 74036 "-" "Mozilla/5.0 (compatible; MJ12bot/v1.4.8; http://mj12bot.com/)"
207.32.216.194 - - [06/Oct/2021:05:30:29 +0200] "GET /unicorn-nightlight-p-48723.html HTTP/1.0" 200 74239 "-" "Mozilla/5.0 (compatible; MJ12bot/v1.4.8; http://mj12bot.com/)"
92.220.10.100 - - [06/Oct/2021:05:30:32 +0200] "GET /green-cushion-p-36804.html HTTP/1.0" 200 73097 "-" "Mozilla/5.0 (compatible; MJ12bot/v1.4.8; http://mj12bot.com/)"
92.220.10.100 - - [06/Oct/2021:05:30:35 +0200] "GET /green-glass-and-metal-desk-lamp-p-50109.html HTTP/1.0" 301 70608 "-" "Mozilla/5.0 (compatible; MJ12bot/v1.4.8; http://mj12bot.com/)"
92.220.10.100 - - [06/Oct/2021:05:30:37 +0200] "GET /green-glass-metal-desk-lamp-p-50109.html HTTP/1.0" 200 70514 "-" "Mozilla/5.0 (compatible; MJ12bot/v1.4.8; http://mj12bot.com/)"
17.121.114.38 - - [06/Oct/2021:05:30:38 +0200] "GET /images/mini_prod/78-4153.jpg HTTP/1.0" 200 263 "-" "Mozilla/5.0 (Macintosh; Intel Mac OS X 10_15_5) AppleWebKit/605.1.15 (KHTML, like Gecko) Version/13.1.1 Safari/605.1.15 (Applebot/0.1; +http://www.apple.com/go/applebot)"
92.220.10.100 - - [06/Oct/2021:05:30:41 +0200] "GET /green-glass-metal-desk-lamp-p-50109.html HTTP/1.0" 200 70514 "-" "Mozilla/5.0 (compatible; MJ12bot/v1.4.8; http://mj12bot.com/)"
54.36.148.17 - - [06/Oct/2021:05:30:43 +0200] "GET /frozen-gift-set-p-29569.html HTTP/1.0" 301 70487 "-" "Mozilla/5.0 (compatible; AhrefsBot/7.0; +http://ahrefs.com/robot/)"
92.220.10.100 - - [06/Oct/2021:05:30:44 +0200] "GET /grey-keychains-p-32588.html HTTP/1.0" 200 73047 "-" "Mozilla/5.0 (compatible; MJ12bot/v1.4.8; http://mj12bot.com/)"
92.220.10.100 - - [06/Oct/2021:05:30:47 +0200] "GET /grill-menu-wooden-wall-decoration-hang-p-44742.html HTTP/1.0" 200 73305 "-" "Mozilla/5.0 (compatible; MJ12bot/v1.4.8; http://mj12bot.com/)"
54.36.148.56 - - [06/Oct/2021:05:30:48 +0200] "GET /resin-decoration-bird-p-56202.html HTTP/1.0" 200 73745 "-" "Mozilla/5.0 (compatible; AhrefsBot/7.0; +http://ahrefs.com/robot/)"
40.77.167.65 - - [06/Oct/2021:05:30:50 +0200] "GET /-p-21573.html HTTP/1.0" 200 70420 "-" "Mozilla/5.0 (compatible; bingbot/2.0; +http://www.bing.com/bingbot.htm)"
92.220.10.100 - - [06/Oct/2021:05:30:50 +0200] "GET /grill-menu-wooden-wall-decoration-to-hang-p-44742.html HTTP/1.0" 301 73410 "-" "Mozilla/5.0 (compatible; MJ12bot/v1.4.8; http://mj12bot.com/)"
185.191.171.26 - - [06/Oct/2021:05:30:50 +0200] "GET /coasters-cccp-cbkreation-p-28525.html HTTP/1.0" 200 73090 "-" "Mozilla/5.0 (compatible; SemrushBot/7~bl; +http://www.semrush.com/bot.html)"
92.220.10.100 - - [06/Oct/2021:05:30:53 +0200] "GET /grill-menu-wooden-wall-decoration-hang-p-44742.html HTTP/1.0" 200 73305 "-" "Mozilla/5.0 (compatible; MJ12bot/v1.4.8; http://mj12bot.com/)"
92.220.10.100 - - [06/Oct/2021:05:30:57 +0200] "GET /handy-manny-disney-paper-lampshade-p-24749.html HTTP/1.0" 200 70546 "-" "Mozilla/5.0 (compatible; MJ12bot/v1.4.8; http://mj12bot.com/)"
92.220.10.100 - - [06/Oct/2021:05:31:01 +0200] "GET /have-coffee-moneybox-p-37054.html HTTP/1.0" 200 70494 "-" "Mozilla/5.0 (compatible; MJ12bot/v1.4.8; http://mj12bot.com/)"
5.255.253.134 - - [06/Oct/2021:05:31:01 +0200] "GET /images/med_prod/4891813832744.jpg HTTP/1.0" 200 268 "-" "Mozilla/5.0 (compatible; YandexImages/3.0; +http://yandex.com/bots)"
92.220.10.100 - - [06/Oct/2021:05:31:03 +0200] "GET /home-and-decoration-c-13.html?page=116 HTTP/1.0" 301 92412 "-" "Mozilla/5.0 (compatible; MJ12bot/v1.4.8; http://mj12bot.com/)"
92.220.10.100 - - [06/Oct/2021:05:31:06 +0200] "GET /home-decoration-c-13.html?page=116 HTTP/1.0" 200 92324 "-" "Mozilla/5.0 (compatible; MJ12bot/v1.4.8; http://mj12bot.com/)"
92.220.10.100 - - [06/Oct/2021:05:31:09 +0200] "GET /home-and-decoration-c-13.html?page=117 HTTP/1.0" 301 92935 "-" "Mozilla/5.0 (compatible; MJ12bot/v1.4.8; http://mj12bot.com/)"
92.220.10.100 - - [06/Oct/2021:05:31:13 +0200] "GET /home-decoration-c-13.html?page=117 HTTP/1.0" 200 92847 "-" "Mozilla/5.0 (compatible; MJ12bot/v1.4.8; http://mj12bot.com/)"
185.191.171.2 - - [06/Oct/2021:05:31:13 +0200] "GET /pink-tourmaline-sold-by-weight-170-grs-p-48548.html HTTP/1.0" 301 74338 "-" "Mozilla/5.0 (compatible; SemrushBot/7~bl; +http://www.semrush.com/bot.html)"
66.249.64.83 - - [06/Oct/2021:05:31:15 +0200] "GET /galileo-thermometer-indoors-p-50115.html HTTP/1.0" 200 73878 "-" "Mozilla/5.0 (compatible; Googlebot/2.1; +http://www.google.com/bot.html)"
185.191.171.8 - - [06/Oct/2021:05:31:16 +0200] "GET /pink-tourmaline-sold-weight-p-48548.html HTTP/1.0" 200 74244 "-" "Mozilla/5.0 (compatible; SemrushBot/7~bl; +http://www.semrush.com/bot.html)"
92.220.10.100 - - [06/Oct/2021:05:31:17 +0200] "GET /home-and-decoration-c-13.html?page=118 HTTP/1.0" 301 95073 "-" "Mozilla/5.0 (compatible; MJ12bot/v1.4.8; http://mj12bot.com/)"
185.191.171.20 - - [06/Oct/2021:05:31:18 +0200] "GET /mastic-fitted-sheet-p-43591.html?action=add_product HTTP/1.0" 302 476 "-" "Mozilla/5.0 (compatible; SemrushBot/7~bl; +http://www.semrush.com/bot.html)"
92.220.10.100 - - [06/Oct/2021:05:31:20 +0200] "GET /home-decoration-c-13.html?page=118 HTTP/1.0" 200 94985 "-" "Mozilla/5.0 (compatible; MJ12bot/v1.4.8; http://mj12bot.com/)"
185.191.171.37 - - [06/Oct/2021:05:31:20 +0200] "GET /quad-blaster-guardians-of-the-galaxy-p-27710.html HTTP/1.0" 301 70487 "-" "Mozilla/5.0 (compatible; SemrushBot/7~bl; +http://www.semrush.com/bot.html)"
92.220.10.100 - - [06/Oct/2021:05:31:22 +0200] "GET /home-and-decoration-c-13.html?page=119 HTTP/1.0" 301 93975 "-" "Mozilla/5.0 (compatible; MJ12bot/v1.4.8; http://mj12bot.com/)"
185.191.171.3 - - [06/Oct/2021:05:31:23 +0200] "GET /-p-27710.html HTTP/1.0" 200 70420 "-" "Mozilla/5.0 (compatible; SemrushBot/7~bl; +http://www.semrush.com/bot.html)"
64.233.173.96 - - [06/Oct/2021:05:31:24 +0200] "GET /images/big_prod/boudha1384010191187.jpg HTTP/1.0" 200 274 "-" "Mozilla/5.0 (Windows NT 5.1; rv:11.0) Gecko Firefox/11.0 (via ggpht.com GoogleImageProxy)"
92.220.10.100 - - [06/Oct/2021:05:31:24 +0200] "GET /home-decoration-c-13.html?page=119 HTTP/1.0" 200 93887 "-" "Mozilla/5.0 (compatible; MJ12bot/v1.4.8; http://mj12bot.com/)"
92.220.10.100 - - [06/Oct/2021:05:31:27 +0200] "GET /home-and-decoration-c-13.html?page=120 HTTP/1.0" 301 93082 "-" "Mozilla/5.0 (compatible; MJ12bot/v1.4.8; http://mj12bot.com/)"
92.220.10.100 - - [06/Oct/2021:05:31:30 +0200] "GET /home-decoration-c-13.html?page=120 HTTP/1.0" 200 92994 "-" "Mozilla/5.0 (compatible; MJ12bot/v1.4.8; http://mj12bot.com/)"
92.220.10.100 - - [06/Oct/2021:05:31:33 +0200] "GET /home-and-decoration-c-13.html?page=121 HTTP/1.0" 301 92527 "-" "Mozilla/5.0 (compatible; MJ12bot/v1.4.8; http://mj12bot.com/)"
92.220.10.100 - - [06/Oct/2021:05:31:35 +0200] "GET /home-decoration-c-13.html?page=121 HTTP/1.0" 200 92439 "-" "Mozilla/5.0 (compatible; MJ12bot/v1.4.8; http://mj12bot.com/)"
92.220.10.100 - - [06/Oct/2021:05:31:38 +0200] "GET /home-and-decoration-c-13.html?page=122 HTTP/1.0" 301 93714 "-" "Mozilla/5.0 (compatible; MJ12bot/v1.4.8; http://mj12bot.com/)"
92.220.10.100 - - [06/Oct/2021:05:31:41 +0200] "GET /home-decoration-c-13.html?page=122 HTTP/1.0" 200 93626 "-" "Mozilla/5.0 (compatible; MJ12bot/v1.4.8; http://mj12bot.com/)"
207.46.13.152 - - [06/Oct/2021:05:31:59 +0200] "GET /images/med_prod/5701359740399.jpg HTTP/1.0" 200 268 "-" "Mozilla/5.0 (compatible; bingbot/2.0; +http://www.bing.com/bingbot.htm)"
35.247.8.69 - - [06/Oct/2021:05:32:06 +0200] "GET /images/mini_prod/3760054863347.jpg HTTP/1.0" 200 269 "-" "Mozilla/5.0 (X11; Ubuntu; Linux x86_64; rv:72.0) Gecko/20100101 Firefox/72.0"
54.36.148.68 - - [06/Oct/2021:05:32:10 +0200] "GET /little-prince-saint-exupery-bowl-p-56231.html HTTP/1.0" 200 74238 "-" "Mozilla/5.0 (compatible; AhrefsBot/7.0; +http://ahrefs.com/robot/)"
207.46.13.162 - - [06/Oct/2021:05:32:35 +0200] "GET /images/DSCN3871chf.jpg HTTP/1.0" 200 257 "-" "Mozilla/5.0 (compatible; bingbot/2.0; +http://www.bing.com/bingbot.htm)"
66.249.64.84 - - [06/Oct/2021:05:32:57 +0200] "GET /images/big_prod/ANIFOULROSE.jpg HTTP/1.0" 200 266 "-" "Googlebot-Image/1.0"
185.191.171.41 - - [06/Oct/2021:05:33:13 +0200] "GET /polar-blanket-grey-p-55744.html?action=add_product HTTP/1.0" 302 476 "-" "Mozilla/5.0 (compatible; SemrushBot/7~bl; +http://www.semrush.com/bot.html)"
40.77.167.77 - - [06/Oct/2021:05:33:19 +0200] "GET /charmmy-kitty-variable-color-tiara-p-13498.html HTTP/1.0" 200 73305 "-" "Mozilla/5.0 (compatible; bingbot/2.0; +http://www.bing.com/bingbot.htm)"
54.36.148.229 - - [06/Oct/2021:05:33:28 +0200] "GET /plush-unicorn-glitter-motsu-keel-toys-p-54195.html HTTP/1.0" 200 73364 "-" "Mozilla/5.0 (compatible; AhrefsBot/7.0; +http://ahrefs.com/robot/)"
66.249.64.84 - - [06/Oct/2021:05:34:08 +0200] "GET /sonny-angel-japanese-good-luck-series-figure-individually-p-55927.html HTTP/1.0" 200 74671 "-" "Mozilla/5.0 (Linux; Android 6.0.1; Nexus 5X Build/MMB29P) AppleWebKit/537.36 (KHTML, like Gecko) Chrome/94.0.4606.71 Mobile Safari/537.36 (compatible; Googlebot/2.1; +http://www.google.com/bot.html)"
148.251.120.201 - - [06/Oct/2021:05:34:44 +0200] "GET /robots.txt HTTP/1.0" 200 245 "-" "Mozilla/5.0 (compatible; MJ12bot/v1.4.8; http://mj12bot.com/)"
54.36.148.184 - - [06/Oct/2021:05:34:47 +0200] "GET /support-metal-bottle-lovers-p-44893.html HTTP/1.0" 200 73142 "-" "Mozilla/5.0 (compatible; AhrefsBot/7.0; +http://ahrefs.com/robot/)"
148.251.120.201 - - [06/Oct/2021:05:34:49 +0200] "GET /home-and-decoration-c-13.html?page=123 HTTP/1.0" 301 92520 "-" "Mozilla/5.0 (compatible; MJ12bot/v1.4.8; http://mj12bot.com/)"
148.251.120.201 - - [06/Oct/2021:05:34:55 +0200] "GET /home-decoration-c-13.html?page=123 HTTP/1.0" 200 92432 "-" "Mozilla/5.0 (compatible; MJ12bot/v1.4.8; http://mj12bot.com/)"
114.119.128.40 - - [06/Oct/2021:05:35:00 +0200] "GET /toys-c-4_45.html HTTP/1.0" 200 89900 "-" "Mozilla/5.0 (Linux; Android 7.0;) AppleWebKit/537.36 (KHTML, like Gecko) Mobile Safari/537.36 (compatible; PetalBot;+https://webmaster.petalsearch.com/site/petalbot)"
148.251.120.201 - - [06/Oct/2021:05:35:02 +0200] "GET /home-and-decoration-c-13.html?page=124 HTTP/1.0" 301 92822 "-" "Mozilla/5.0 (compatible; MJ12bot/v1.4.8; http://mj12bot.com/)"
148.251.120.201 - - [06/Oct/2021:05:35:09 +0200] "GET /home-decoration-c-13.html?page=124 HTTP/1.0" 200 92734 "-" "Mozilla/5.0 (compatible; MJ12bot/v1.4.8; http://mj12bot.com/)"
148.251.120.201 - - [06/Oct/2021:05:35:16 +0200] "GET /home-and-decoration-c-13.html?page=125 HTTP/1.0" 301 92202 "-" "Mozilla/5.0 (compatible; MJ12bot/v1.4.8; http://mj12bot.com/)"
148.251.120.201 - - [06/Oct/2021:05:35:25 +0200] "GET /home-decoration-c-13.html?page=125 HTTP/1.0" 200 92114 "-" "Mozilla/5.0 (compatible; MJ12bot/v1.4.8; http://mj12bot.com/)"
148.251.120.201 - - [06/Oct/2021:05:35:31 +0200] "GET /home-and-decoration-c-13.html?page=126 HTTP/1.0" 301 93020 "-" "Mozilla/5.0 (compatible; MJ12bot/v1.4.8; http://mj12bot.com/)"
148.251.120.201 - - [06/Oct/2021:05:35:37 +0200] "GET /home-decoration-c-13.html?page=126 HTTP/1.0" 200 92932 "-" "Mozilla/5.0 (compatible; MJ12bot/v1.4.8; http://mj12bot.com/)"
148.251.120.201 - - [06/Oct/2021:05:35:45 +0200] "GET /home-and-decoration-c-13.html?page=127 HTTP/1.0" 301 92312 "-" "Mozilla/5.0 (compatible; MJ12bot/v1.4.8; http://mj12bot.com/)"
185.191.171.6 - - [06/Oct/2021:05:35:49 +0200] "GET /dameron-miniature-character-p-32466.html?action=add_product HTTP/1.0" 302 476 "-" "Mozilla/5.0 (compatible; SemrushBot/7~bl; +http://www.semrush.com/bot.html)"
148.251.120.201 - - [06/Oct/2021:05:35:51 +0200] "GET /home-decoration-c-13.html?page=127 HTTP/1.0" 200 92224 "-" "Mozilla/5.0 (compatible; MJ12bot/v1.4.8; http://mj12bot.com/)"
148.251.120.201 - - [06/Oct/2021:05:35:59 +0200] "GET /home-and-decoration-c-13.html?page=128 HTTP/1.0" 301 93130 "-" "Mozilla/5.0 (compatible; MJ12bot/v1.4.8; http://mj12bot.com/)"
54.36.148.124 - - [06/Oct/2021:05:36:01 +0200] "GET /the-ballerina-small-statue-collection-p-42067.html HTTP/1.0" 301 70487 "-" "Mozilla/5.0 (compatible; AhrefsBot/7.0; +http://ahrefs.com/robot/)"
148.251.120.201 - - [06/Oct/2021:05:36:05 +0200] "GET /home-decoration-c-13.html?page=128 HTTP/1.0" 200 93042 "-" "Mozilla/5.0 (compatible; MJ12bot/v1.4.8; http://mj12bot.com/)"
54.36.148.171 - - [06/Oct/2021:05:36:06 +0200] "GET /small-baby-teeth-p-31539.html HTTP/1.0" 200 73187 "-" "Mozilla/5.0 (compatible; AhrefsBot/7.0; +http://ahrefs.com/robot/)"
148.251.120.201 - - [06/Oct/2021:05:36:13 +0200] "GET /home-and-decoration-c-13.html?page=129 HTTP/1.0" 301 92625 "-" "Mozilla/5.0 (compatible; MJ12bot/v1.4.8; http://mj12bot.com/)"
148.251.120.201 - - [06/Oct/2021:05:36:22 +0200] "GET /home-decoration-c-13.html?page=129 HTTP/1.0" 200 92537 "-" "Mozilla/5.0 (compatible; MJ12bot/v1.4.8; http://mj12bot.com/)"
148.251.120.201 - - [06/Oct/2021:05:36:30 +0200] "GET /home-and-decoration-c-13.html?page=130 HTTP/1.0" 301 93072 "-" "Mozilla/5.0 (compatible; MJ12bot/v1.4.8; http://mj12bot.com/)"
185.191.171.24 - - [06/Oct/2021:05:36:34 +0200] "GET /kimmidoll-notepad-p-11323.html?action=add_product HTTP/1.0" 302 476 "-" "Mozilla/5.0 (compatible; SemrushBot/7~bl; +http://www.semrush.com/bot.html)"
148.251.120.201 - - [06/Oct/2021:05:36:37 +0200] "GET /home-decoration-c-13.html?page=130 HTTP/1.0" 200 92984 "-" "Mozilla/5.0 (compatible; MJ12bot/v1.4.8; http://mj12bot.com/)"
216.244.66.242 - - [06/Oct/2021:05:36:44 +0200] "GET /bowls-c-12_60.html?page=5 HTTP/1.0" 200 92151 "-" "Mozilla/5.0 (compatible; DotBot/1.2; +https://opensiteexplorer.org/dotbot; help@moz.com)"
148.251.120.201 - - [06/Oct/2021:05:36:44 +0200] "GET /home-and-decoration-c-13.html?page=131 HTTP/1.0" 301 92836 "-" "Mozilla/5.0 (compatible; MJ12bot/v1.4.8; http://mj12bot.com/)"
216.244.66.242 - - [06/Oct/2021:05:36:51 +0200] "GET /duvet-cover-cotton-percale-threads-p-51261.html HTTP/1.0" 200 73359 "-" "Mozilla/5.0 (compatible; DotBot/1.2; +https://opensiteexplorer.org/dotbot; help@moz.com)"
148.251.120.201 - - [06/Oct/2021:05:36:52 +0200] "GET /home-decoration-c-13.html?page=131 HTTP/1.0" 200 92748 "-" "Mozilla/5.0 (compatible; MJ12bot/v1.4.8; http://mj12bot.com/)"
216.244.66.242 - - [06/Oct/2021:05:36:56 +0200] "GET /espresso-cups-olive-p-51373.html HTTP/1.0" 200 73081 "-" "Mozilla/5.0 (compatible; DotBot/1.2; +https://opensiteexplorer.org/dotbot; help@moz.com)"
148.251.120.201 - - [06/Oct/2021:05:36:58 +0200] "GET /home-and-decoration-c-13.html?page=142 HTTP/1.0" 301 92527 "-" "Mozilla/5.0 (compatible; MJ12bot/v1.4.8; http://mj12bot.com/)"
148.251.120.201 - - [06/Oct/2021:05:37:05 +0200] "GET /home-decoration-c-13.html?page=142 HTTP/1.0" 200 92439 "-" "Mozilla/5.0 (compatible; MJ12bot/v1.4.8; http://mj12bot.com/)"
216.244.66.242 - - [06/Oct/2021:05:37:05 +0200] "GET /small-dory-finding-dory-p-37132.html HTTP/1.0" 200 74534 "-" "Mozilla/5.0 (compatible; DotBot/1.2; +https://opensiteexplorer.org/dotbot; help@moz.com)"
148.251.120.201 - - [06/Oct/2021:05:37:11 +0200] "GET /home-and-decoration-c-13.html?page=143 HTTP/1.0" 301 92707 "-" "Mozilla/5.0 (compatible; MJ12bot/v1.4.8; http://mj12bot.com/)"
148.251.120.201 - - [06/Oct/2021:05:37:17 +0200] "GET /home-decoration-c-13.html?page=143 HTTP/1.0" 200 92619 "-" "Mozilla/5.0 (compatible; MJ12bot/v1.4.8; http://mj12bot.com/)"
54.36.149.70 - - [06/Oct/2021:05:37:19 +0200] "GET /glass-ashtray-p-55679.html HTTP/1.0" 200 73654 "-" "Mozilla/5.0 (compatible; AhrefsBot/7.0; +http://ahrefs.com/robot/)"
148.251.120.201 - - [06/Oct/2021:05:37:21 +0200] "GET /home-and-decoration-c-13.html?page=144 HTTP/1.0" 301 93663 "-" "Mozilla/5.0 (compatible; MJ12bot/v1.4.8; http://mj12bot.com/)"
216.244.66.242 - - [06/Oct/2021:05:37:21 +0200] "GET /vache-pitcher-p-44861.html HTTP/1.0" 200 73052 "-" "Mozilla/5.0 (compatible; DotBot/1.2; +https://opensiteexplorer.org/dotbot; help@moz.com)"
207.46.13.162 - - [06/Oct/2021:05:37:24 +0200] "GET /daisy-duck-hair-ornements-p-19277.html HTTP/1.0" 200 75668 "-" "Mozilla/5.0 (compatible; bingbot/2.0; +http://www.bing.com/bingbot.htm)"
185.191.171.15 - - [06/Oct/2021:05:37:26 +0200] "GET /tacot-pencil-picture-frame-p-37630.html?action=add_product HTTP/1.0" 302 476 "-" "Mozilla/5.0 (compatible; SemrushBot/7~bl; +http://www.semrush.com/bot.html)"
148.251.120.201 - - [06/Oct/2021:05:37:30 +0200] "GET /home-decoration-c-13.html?page=144 HTTP/1.0" 200 93575 "-" "Mozilla/5.0 (compatible; MJ12bot/v1.4.8; http://mj12bot.com/)"
185.191.171.45 - - [06/Oct/2021:05:37:39 +0200] "GET /eeyore-figure-collection-by-britto-p-21346.html HTTP/1.0" 301 73265 "-" "Mozilla/5.0 (compatible; SemrushBot/7~bl; +http://www.semrush.com/bot.html)"
148.251.120.201 - - [06/Oct/2021:05:37:40 +0200] "GET /home-and-decoration-c-13.html?page=145 HTTP/1.0" 301 93708 "-" "Mozilla/5.0 (compatible; MJ12bot/v1.4.8; http://mj12bot.com/)"
185.191.171.12 - - [06/Oct/2021:05:37:41 +0200] "GET /eeyore-figure-collection-britto-p-21346.html HTTP/1.0" 200 73167 "-" "Mozilla/5.0 (compatible; SemrushBot/7~bl; +http://www.semrush.com/bot.html)"
148.251.120.201 - - [06/Oct/2021:05:37:45 +0200] "GET /home-decoration-c-13.html?page=145 HTTP/1.0" 200 93620 "-" "Mozilla/5.0 (compatible; MJ12bot/v1.4.8; http://mj12bot.com/)"
148.251.120.201 - - [06/Oct/2021:05:37:53 +0200] "GET /home-and-decoration-c-13.html?page=146 HTTP/1.0" 301 93170 "-" "Mozilla/5.0 (compatible; MJ12bot/v1.4.8; http://mj12bot.com/)"
148.251.120.201 - - [06/Oct/2021:05:38:00 +0200] "GET /home-decoration-c-13.html?page=146 HTTP/1.0" 200 93082 "-" "Mozilla/5.0 (compatible; MJ12bot/v1.4.8; http://mj12bot.com/)"
148.251.120.201 - - [06/Oct/2021:05:38:07 +0200] "GET /home-and-decoration-c-13.html?page=147 HTTP/1.0" 301 92337 "-" "Mozilla/5.0 (compatible; MJ12bot/v1.4.8; http://mj12bot.com/)"
148.251.120.201 - - [06/Oct/2021:05:38:14 +0200] "GET /home-decoration-c-13.html?page=147 HTTP/1.0" 200 92249 "-" "Mozilla/5.0 (compatible; MJ12bot/v1.4.8; http://mj12bot.com/)"
148.251.120.201 - - [06/Oct/2021:05:38:18 +0200] "GET /home-and-decoration-c-13.html?page=148 HTTP/1.0" 301 92956 "-" "Mozilla/5.0 (compatible; MJ12bot/v1.4.8; http://mj12bot.com/)"
51.68.224.127 - - [06/Oct/2021:05:38:23 +0200] "GET /adminweb/export_orders_xml.php?token=256de2z6edz6ed2z6DFSFsed2zed6zeDSFDSGdzedezfzf&maxorders=10&orderstart=1&status=14&start_date=2018-10-01 HTTP/1.0" 200 285 "-" "GesCom CharlotteBoutik Serveur"
51.68.224.127 - - [06/Oct/2021:05:38:23 +0200] "GET /adminweb/export_orders_xml.php?token=256de2z6edz6ed2z6DFSFsed2zed6zeDSFDSGdzedezfzf&maxorders=10&orderstart=1&status=6&start_date=2018-10-01 HTTP/1.0" 200 32573 "-" "GesCom CharlotteBoutik Serveur"
17.121.113.218 - - [06/Oct/2021:05:38:24 +0200] "GET /images/big_prod/3665269039573.jpg HTTP/1.0" 200 268 "-" "Mozilla/5.0 (Macintosh; Intel Mac OS X 10_15_5) AppleWebKit/605.1.15 (KHTML, like Gecko) Version/13.1.1 Safari/605.1.15 (Applebot/0.1; +http://www.apple.com/go/applebot)"
185.191.171.24 - - [06/Oct/2021:05:38:26 +0200] "GET /singing-bowl-chakra-throat-blue-p-42130.html?action=add_product HTTP/1.0" 302 476 "-" "Mozilla/5.0 (compatible; SemrushBot/7~bl; +http://www.semrush.com/bot.html)"
148.251.120.201 - - [06/Oct/2021:05:38:28 +0200] "GET /home-decoration-c-13.html?page=148 HTTP/1.0" 200 92868 "-" "Mozilla/5.0 (compatible; MJ12bot/v1.4.8; http://mj12bot.com/)"
148.251.120.201 - - [06/Oct/2021:05:38:33 +0200] "GET /home-and-decoration-c-13.html?page=149 HTTP/1.0" 301 92737 "-" "Mozilla/5.0 (compatible; MJ12bot/v1.4.8; http://mj12bot.com/)"
185.191.171.39 - - [06/Oct/2021:05:38:39 +0200] "GET /van-gogh-little-tray-21-14-cm-p-51671.html HTTP/1.0" 301 70569 "-" "Mozilla/5.0 (compatible; SemrushBot/7~bl; +http://www.semrush.com/bot.html)"
54.36.148.184 - - [06/Oct/2021:05:38:41 +0200] "GET /small-baby-teeth-small-mouse-p-51597.html HTTP/1.0" 200 73294 "-" "Mozilla/5.0 (compatible; AhrefsBot/7.0; +http://ahrefs.com/robot/)"
148.251.120.201 - - [06/Oct/2021:05:38:41 +0200] "GET /home-decoration-c-13.html?page=149 HTTP/1.0" 200 92649 "-" "Mozilla/5.0 (compatible; MJ12bot/v1.4.8; http://mj12bot.com/)"
185.191.171.41 - - [06/Oct/2021:05:38:42 +0200] "GET /gogh-little-tray-p-51671.html HTTP/1.0" 200 70486 "-" "Mozilla/5.0 (compatible; SemrushBot/7~bl; +http://www.semrush.com/bot.html)"
148.251.120.201 - - [06/Oct/2021:05:38:47 +0200] "GET /home-and-decoration-c-13.html?page=150 HTTP/1.0" 301 92377 "-" "Mozilla/5.0 (compatible; MJ12bot/v1.4.8; http://mj12bot.com/)"
148.251.120.201 - - [06/Oct/2021:05:38:55 +0200] "GET /home-decoration-c-13.html?page=150 HTTP/1.0" 200 92289 "-" "Mozilla/5.0 (compatible; MJ12bot/v1.4.8; http://mj12bot.com/)"
44.195.32.186 - - [06/Oct/2021:05:39:00 +0200] "GET /images/mini_prod/3700653593221.jpg HTTP/1.0" 200 269 "-" "Mozilla/5.0 (X11; Ubuntu; Linux x86_64; rv:72.0) Gecko/20100101 Firefox/72.0"
148.251.120.201 - - [06/Oct/2021:05:39:02 +0200] "GET /home-and-decoration-c-13.html?page=151 HTTP/1.0" 301 93419 "-" "Mozilla/5.0 (compatible; MJ12bot/v1.4.8; http://mj12bot.com/)"
148.251.120.201 - - [06/Oct/2021:05:39:11 +0200] "GET /home-decoration-c-13.html?page=151 HTTP/1.0" 200 93331 "-" "Mozilla/5.0 (compatible; MJ12bot/v1.4.8; http://mj12bot.com/)"
159.138.102.98 - - [06/Oct/2021:05:39:15 +0200] "GET /%20images/big_prod/3553563000095.jpg HTTP/1.0" 404 1308 "-" "Mozilla/5.0 (Linux; Android 7.0;) AppleWebKit/537.36 (KHTML, like Gecko) Mobile Safari/537.36 (compatible; PetalBot;+https://webmaster.petalsearch.com/site/petalbot)"
148.251.120.201 - - [06/Oct/2021:05:39:17 +0200] "GET /home-and-decoration-c-13.html?page=72 HTTP/1.0" 301 92637 "-" "Mozilla/5.0 (compatible; MJ12bot/v1.4.8; http://mj12bot.com/)"
148.251.120.201 - - [06/Oct/2021:05:39:24 +0200] "GET /home-decoration-c-13.html?page=72 HTTP/1.0" 200 92550 "-" "Mozilla/5.0 (compatible; MJ12bot/v1.4.8; http://mj12bot.com/)"
148.251.120.201 - - [06/Oct/2021:05:39:31 +0200] "GET /home-and-decoration-c-13.html?page=73 HTTP/1.0" 301 91673 "-" "Mozilla/5.0 (compatible; MJ12bot/v1.4.8; http://mj12bot.com/)"
148.251.120.201 - - [06/Oct/2021:05:39:40 +0200] "GET /home-decoration-c-13.html?page=73 HTTP/1.0" 200 91586 "-" "Mozilla/5.0 (compatible; MJ12bot/v1.4.8; http://mj12bot.com/)"
148.251.120.201 - - [06/Oct/2021:05:39:50 +0200] "GET /home-and-decoration-c-13.html?page=74 HTTP/1.0" 301 92401 "-" "Mozilla/5.0 (compatible; MJ12bot/v1.4.8; http://mj12bot.com/)"
148.251.120.201 - - [06/Oct/2021:05:39:58 +0200] "GET /home-decoration-c-13.html?page=74 HTTP/1.0" 200 92314 "-" "Mozilla/5.0 (compatible; MJ12bot/v1.4.8; http://mj12bot.com/)"
54.36.149.58 - - [06/Oct/2021:05:40:01 +0200] "GET /luggages-schoolbags-leather-shop-c-31.html?page=68 HTTP/1.0" 200 94326 "-" "Mozilla/5.0 (compatible; AhrefsBot/7.0; +http://ahrefs.com/robot/)"
148.251.120.201 - - [06/Oct/2021:05:40:05 +0200] "GET /home-and-decoration-c-13.html?page=75 HTTP/1.0" 301 92585 "-" "Mozilla/5.0 (compatible; MJ12bot/v1.4.8; http://mj12bot.com/)"
185.191.171.10 - - [06/Oct/2021:05:40:05 +0200] "GET /-p-45409.html?action=add_product HTTP/1.0" 302 476 "-" "Mozilla/5.0 (compatible; SemrushBot/7~bl; +http://www.semrush.com/bot.html)"
54.36.149.13 - - [06/Oct/2021:05:40:07 +0200] "GET /elephant-pop-plush-by-britto-21-cm-p-21367.html HTTP/1.0" 301 70487 "-" "Mozilla/5.0 (compatible; AhrefsBot/7.0; +http://ahrefs.com/robot/)"
42.236.10.72 - - [06/Oct/2021:05:40:10 +0200] "GET / HTTP/1.0" 200 149741 "http://www.wonder-geek.com/" "-"
148.251.120.201 - - [06/Oct/2021:05:40:12 +0200] "GET /home-decoration-c-13.html?page=75 HTTP/1.0" 200 92498 "-" "Mozilla/5.0 (compatible; MJ12bot/v1.4.8; http://mj12bot.com/)"
148.251.120.201 - - [06/Oct/2021:05:40:21 +0200] "GET /home-and-decoration-c-13.html?page=77 HTTP/1.0" 301 92138 "-" "Mozilla/5.0 (compatible; MJ12bot/v1.4.8; http://mj12bot.com/)"
148.251.120.201 - - [06/Oct/2021:05:40:28 +0200] "GET /home-decoration-c-13.html?page=77 HTTP/1.0" 200 92051 "-" "Mozilla/5.0 (compatible; MJ12bot/v1.4.8; http://mj12bot.com/)"
34.231.151.19 - - [06/Oct/2021:05:40:31 +0200] "GET /images/mini_prod/3661443610439.jpg HTTP/1.0" 200 269 "-" "Mozilla/5.0 (X11; Ubuntu; Linux x86_64; rv:72.0) Gecko/20100101 Firefox/72.0"
148.251.120.201 - - [06/Oct/2021:05:40:39 +0200] "GET /home-and-decoration-c-13.html?page=80 HTTP/1.0" 301 91911 "-" "Mozilla/5.0 (compatible; MJ12bot/v1.4.8; http://mj12bot.com/)"
148.251.120.201 - - [06/Oct/2021:05:40:45 +0200] "GET /home-decoration-c-13.html?page=80 HTTP/1.0" 200 91824 "-" "Mozilla/5.0 (compatible; MJ12bot/v1.4.8; http://mj12bot.com/)"
148.251.120.201 - - [06/Oct/2021:05:40:52 +0200] "GET /home-and-decoration-c-13.html?page=81 HTTP/1.0" 301 92102 "-" "Mozilla/5.0 (compatible; MJ12bot/v1.4.8; http://mj12bot.com/)"
17.121.112.146 - - [06/Oct/2021:05:40:59 +0200] "GET /images/big_prod/251GJS12.jpg HTTP/1.0" 200 263 "-" "Mozilla/5.0 (Macintosh; Intel Mac OS X 10_15_5) AppleWebKit/605.1.15 (KHTML, like Gecko) Version/13.1.1 Safari/605.1.15 (Applebot/0.1; +http://www.apple.com/go/applebot)"
148.251.120.201 - - [06/Oct/2021:05:41:00 +0200] "GET /home-decoration-c-13.html?page=81 HTTP/1.0" 200 92015 "-" "Mozilla/5.0 (compatible; MJ12bot/v1.4.8; http://mj12bot.com/)"
148.251.120.201 - - [06/Oct/2021:05:41:07 +0200] "GET /kimmidoll-shopper-bag-beige-satin-collection-p-13357.html HTTP/1.0" 301 74298 "-" "Mozilla/5.0 (compatible; MJ12bot/v1.4.8; http://mj12bot.com/)"
148.251.120.201 - - [06/Oct/2021:05:41:18 +0200] "GET /kimmidoll-shopper-beige-satin-collection-p-13357.html HTTP/1.0" 200 74191 "-" "Mozilla/5.0 (compatible; MJ12bot/v1.4.8; http://mj12bot.com/)"
216.244.66.242 - - [06/Oct/2021:05:41:19 +0200] "GET /angel-black-women-shirt-p-30732.html HTTP/1.0" 200 75048 "-" "Mozilla/5.0 (compatible; DotBot/1.2; +https://opensiteexplorer.org/dotbot; help@moz.com)"
185.191.171.38 - - [06/Oct/2021:05:41:20 +0200] "GET /panda-paris-placemat-p-45587.html HTTP/1.0" 200 73033 "-" "Mozilla/5.0 (compatible; SemrushBot/7~bl; +http://www.semrush.com/bot.html)"
148.251.120.201 - - [06/Oct/2021:05:41:26 +0200] "GET /kimmidoll-shopper-bag-beige-satin-collection-p-13363.html HTTP/1.0" 301 70730 "-" "Mozilla/5.0 (compatible; MJ12bot/v1.4.8; http://mj12bot.com/)"
54.36.148.199 - - [06/Oct/2021:05:41:27 +0200] "GET /flamingo-metal-tray-blue-p-40180.html HTTP/1.0" 200 73165 "-" "Mozilla/5.0 (compatible; AhrefsBot/7.0; +http://ahrefs.com/robot/)"
216.244.66.242 - - [06/Oct/2021:05:41:32 +0200] "GET /coasters-franc-cbkreation-p-24285.html HTTP/1.0" 200 73175 "-" "Mozilla/5.0 (compatible; DotBot/1.2; +https://opensiteexplorer.org/dotbot; help@moz.com)"
148.251.120.201 - - [06/Oct/2021:05:41:32 +0200] "GET /kimmidoll-shopper-beige-satin-collection-p-13363.html HTTP/1.0" 200 70623 "-" "Mozilla/5.0 (compatible; MJ12bot/v1.4.8; http://mj12bot.com/)"
148.251.120.201 - - [06/Oct/2021:05:41:39 +0200] "GET /kimmidoll-shopper-bag-pink-satin-collection-p-13354.html HTTP/1.0" 301 74503 "-" "Mozilla/5.0 (compatible; MJ12bot/v1.4.8; http://mj12bot.com/)"
216.244.66.242 - - [06/Oct/2021:05:41:41 +0200] "GET /finlande-clock-cbkreation-p-36918.html HTTP/1.0" 200 73080 "-" "Mozilla/5.0 (compatible; DotBot/1.2; +https://opensiteexplorer.org/dotbot; help@moz.com)"
185.191.171.6 - - [06/Oct/2021:05:41:42 +0200] "GET /beige-blue-white-piggy-bank-p-34687.html?action=add_product HTTP/1.0" 302 476 "-" "Mozilla/5.0 (compatible; SemrushBot/7~bl; +http://www.semrush.com/bot.html)"
216.244.66.242 - - [06/Oct/2021:05:41:50 +0200] "GET /india-clock-cbkreation-p-36921.html HTTP/1.0" 200 73058 "-" "Mozilla/5.0 (compatible; DotBot/1.2; +https://opensiteexplorer.org/dotbot; help@moz.com)"
148.251.120.201 - - [06/Oct/2021:05:41:50 +0200] "GET /kimmidoll-shopper-pink-satin-collection-p-13354.html HTTP/1.0" 200 74397 "-" "Mozilla/5.0 (compatible; MJ12bot/v1.4.8; http://mj12bot.com/)"
185.191.171.38 - - [06/Oct/2021:05:41:53 +0200] "GET /lord-of-the-jungle-shere-khan-figure-collection-p-34274.html HTTP/1.0" 301 70487 "-" "Mozilla/5.0 (compatible; SemrushBot/7~bl; +http://www.semrush.com/bot.html)"
185.191.171.11 - - [06/Oct/2021:05:41:56 +0200] "GET /-p-34274.html HTTP/1.0" 200 70420 "-" "Mozilla/5.0 (compatible; SemrushBot/7~bl; +http://www.semrush.com/bot.html)"
148.251.120.201 - - [06/Oct/2021:05:41:59 +0200] "GET /kimmidoll-shopper-beige-satin-collection-p-13357.html HTTP/1.0" 200 74191 "-" "Mozilla/5.0 (compatible; MJ12bot/v1.4.8; http://mj12bot.com/)"
148.251.120.201 - - [06/Oct/2021:05:42:09 +0200] "GET /kimmidoll-shopper-pink-satin-collection-p-13354.html HTTP/1.0" 200 74397 "-" "Mozilla/5.0 (compatible; MJ12bot/v1.4.8; http://mj12bot.com/)"
148.251.120.201 - - [06/Oct/2021:05:42:15 +0200] "GET /kimmidoll-shopping-bag-beige-satin-collection-p-13363.html HTTP/1.0" 301 70730 "-" "Mozilla/5.0 (compatible; MJ12bot/v1.4.8; http://mj12bot.com/)"
148.251.120.201 - - [06/Oct/2021:05:42:22 +0200] "GET /kimmidoll-shopper-beige-satin-collection-p-13363.html HTTP/1.0" 200 70623 "-" "Mozilla/5.0 (compatible; MJ12bot/v1.4.8; http://mj12bot.com/)"
185.191.171.6 - - [06/Oct/2021:05:42:24 +0200] "GET /zodiac-white-women-shirt-p-30792.html?action=add_product HTTP/1.0" 302 476 "-" "Mozilla/5.0 (compatible; SemrushBot/7~bl; +http://www.semrush.com/bot.html)"
185.191.171.16 - - [06/Oct/2021:05:42:26 +0200] "GET /top-model-fantasy-unicorn-brush-p-33975.html HTTP/1.0" 301 70652 "-" "Mozilla/5.0 (compatible; SemrushBot/7~bl; +http://www.semrush.com/bot.html)"
185.191.171.6 - - [06/Oct/2021:05:42:29 +0200] "GET /model-fantasy-unicorn-brush-p-33975.html HTTP/1.0" 200 70558 "-" "Mozilla/5.0 (compatible; SemrushBot/7~bl; +http://www.semrush.com/bot.html)"
148.251.120.201 - - [06/Oct/2021:05:42:31 +0200] "GET /kimmidoll-shopping-bag-pink-satin-collection-p-13365.html HTTP/1.0" 301 70487 "-" "Mozilla/5.0 (compatible; MJ12bot/v1.4.8; http://mj12bot.com/)"
148.251.120.201 - - [06/Oct/2021:05:42:38 +0200] "GET /-p-13365.html HTTP/1.0" 200 70420 "-" "Mozilla/5.0 (compatible; MJ12bot/v1.4.8; http://mj12bot.com/)"
54.36.148.192 - - [06/Oct/2021:05:42:39 +0200] "GET /fitted-sheet-cotton-percale-threads-p-51251.html HTTP/1.0" 200 73380 "-" "Mozilla/5.0 (compatible; AhrefsBot/7.0; +http://ahrefs.com/robot/)"
