144.76.118.82 - - [06/Oct/2021:08:40:23 +0200] "GET /pink-mini-glitter-ball-p-33557.html HTTP/1.0" 200 73125 "-" "Mozilla/5.0 (compatible; MJ12bot/v1.4.8; http://mj12bot.com/)"
144.76.118.82 - - [06/Oct/2021:08:40:29 +0200] "GET /pinocchio-75th-anniversary-figure-collection-p-29069.html HTTP/1.0" 200 73563 "-" "Mozilla/5.0 (compatible; MJ12bot/v1.4.8; http://mj12bot.com/)"
144.76.118.82 - - [06/Oct/2021:08:40:35 +0200] "GET /pinocchio-figure-p-4712.html HTTP/1.0" 200 70489 "-" "Mozilla/5.0 (compatible; MJ12bot/v1.4.8; http://mj12bot.com/)"
144.76.118.82 - - [06/Oct/2021:08:40:42 +0200] "GET /pokemon-pikachu-school-p-55005.html HTTP/1.0" 200 73915 "-" "Mozilla/5.0 (compatible; MJ12bot/v1.4.8; http://mj12bot.com/)"
49.7.20.116 - - [06/Oct/2021:08:40:44 +0200] "GET / HTTP/1.0" 200 150535 "-" "Sogou web spider/4.0(+http://www.sogou.com/docs/help/webmasters.htm#07)"
123.125.109.110 - - [06/Oct/2021:08:40:46 +0200] "GET / HTTP/1.0" 200 150152 "-" "Sogou web spider/4.0(+http://www.sogou.com/docs/help/webmasters.htm#07)"
144.76.118.82 - - [06/Oct/2021:08:40:48 +0200] "GET /polar-blanket-purple-220-240-cm-p-34642.html HTTP/1.0" 301 73221 "-" "Mozilla/5.0 (compatible; MJ12bot/v1.4.8; http://mj12bot.com/)"
144.76.118.82 - - [06/Oct/2021:08:40:52 +0200] "GET /polar-blanket-purple-p-34642.html HTTP/1.0" 200 73134 "-" "Mozilla/5.0 (compatible; MJ12bot/v1.4.8; http://mj12bot.com/)"
144.76.118.82 - - [06/Oct/2021:08:40:58 +0200] "GET /polar-blanket-purple-p-34642.html HTTP/1.0" 200 73134 "-" "Mozilla/5.0 (compatible; MJ12bot/v1.4.8; http://mj12bot.com/)"
40.77.167.65 - - [06/Oct/2021:08:40:59 +0200] "GET /images/med_prod/1384010184318.jpg HTTP/1.0" 200 268 "-" "Mozilla/5.0 (compatible; bingbot/2.0; +http://www.bing.com/bingbot.htm)"
157.55.39.68 - - [06/Oct/2021:08:41:03 +0200] "GET /images/mini_prod/20832422019282000.jpg HTTP/1.0" 200 273 "-" "Mozilla/5.0 (compatible; bingbot/2.0; +http://www.bing.com/bingbot.htm)"
54.36.149.36 - - [06/Oct/2021:08:41:03 +0200] "GET /butterflies-wooden-tray-p-45521.html HTTP/1.0" 200 73237 "-" "Mozilla/5.0 (compatible; AhrefsBot/7.0; +http://ahrefs.com/robot/)"
144.76.118.82 - - [06/Oct/2021:08:41:04 +0200] "GET /polar-cover-jacquie-and-michel-150-130-cm-p-39084.html HTTP/1.0" 301 70685 "-" "Mozilla/5.0 (compatible; MJ12bot/v1.4.8; http://mj12bot.com/)"
144.76.118.82 - - [06/Oct/2021:08:41:10 +0200] "GET /polar-cover-jacquie-michel-p-39084.html HTTP/1.0" 200 70592 "-" "Mozilla/5.0 (compatible; MJ12bot/v1.4.8; http://mj12bot.com/)"
144.76.118.82 - - [06/Oct/2021:08:41:16 +0200] "GET /polar-cover-jacquie-michel-p-39084.html HTTP/1.0" 200 70592 "-" "Mozilla/5.0 (compatible; MJ12bot/v1.4.8; http://mj12bot.com/)"
144.76.118.82 - - [06/Oct/2021:08:41:22 +0200] "GET /popi-figure-p-4603.html HTTP/1.0" 301 70484 "-" "Mozilla/5.0 (compatible; MJ12bot/v1.4.8; http://mj12bot.com/)"
144.76.118.82 - - [06/Oct/2021:08:41:27 +0200] "GET /-p-4603.html HTTP/1.0" 200 70418 "-" "Mozilla/5.0 (compatible; MJ12bot/v1.4.8; http://mj12bot.com/)"
144.76.118.82 - - [06/Oct/2021:08:41:33 +0200] "GET /porcelain-ball-wall-lamp-27-cm-p-42373.html HTTP/1.0" 301 70487 "-" "Mozilla/5.0 (compatible; MJ12bot/v1.4.8; http://mj12bot.com/)"
144.76.118.82 - - [06/Oct/2021:08:41:42 +0200] "GET /-p-42373.html HTTP/1.0" 200 70420 "-" "Mozilla/5.0 (compatible; MJ12bot/v1.4.8; http://mj12bot.com/)"
144.76.118.82 - - [06/Oct/2021:08:41:48 +0200] "GET /porcelain-ball-wall-lamp-p-42373.html HTTP/1.0" 301 70487 "-" "Mozilla/5.0 (compatible; MJ12bot/v1.4.8; http://mj12bot.com/)"
216.244.66.242 - - [06/Oct/2021:08:41:54 +0200] "GET /placemat-little-prince-p-56257.html HTTP/1.0" 200 73057 "-" "Mozilla/5.0 (compatible; DotBot/1.2; +https://opensiteexplorer.org/dotbot; help@moz.com)"
144.76.118.82 - - [06/Oct/2021:08:41:55 +0200] "GET /-p-42373.html HTTP/1.0" 200 70420 "-" "Mozilla/5.0 (compatible; MJ12bot/v1.4.8; http://mj12bot.com/)"
35.185.214.157 - - [06/Oct/2021:08:42:01 +0200] "GET /images/mini_prod/5036278052262.jpg HTTP/1.0" 200 269 "-" "Mozilla/5.0 (X11; Ubuntu; Linux x86_64; rv:72.0) Gecko/20100101 Firefox/72.0"
144.76.118.82 - - [06/Oct/2021:08:42:02 +0200] "GET /porcelain-mood-espresso-cup-tassen-made-in-germany-p-46339.html HTTP/1.0" 301 75133 "-" "Mozilla/5.0 (compatible; MJ12bot/v1.4.8; http://mj12bot.com/)"
144.76.118.82 - - [06/Oct/2021:08:42:07 +0200] "GET /porcelain-mood-espresso-tassen-made-germany-p-46339.html HTTP/1.0" 200 75023 "-" "Mozilla/5.0 (compatible; MJ12bot/v1.4.8; http://mj12bot.com/)"
144.76.118.82 - - [06/Oct/2021:08:42:13 +0200] "GET /porcelain-mood-espresso-tassen-made-germany-p-46339.html HTTP/1.0" 200 75023 "-" "Mozilla/5.0 (compatible; MJ12bot/v1.4.8; http://mj12bot.com/)"
144.76.118.82 - - [06/Oct/2021:08:42:19 +0200] "GET /portable-luminous-decorative-lantern-p-55144.html HTTP/1.0" 200 74403 "-" "Mozilla/5.0 (compatible; MJ12bot/v1.4.8; http://mj12bot.com/)"
144.76.118.82 - - [06/Oct/2021:08:42:24 +0200] "GET /poseidon-statue-21-cm-p-50200.html HTTP/1.0" 301 73197 "-" "Mozilla/5.0 (compatible; MJ12bot/v1.4.8; http://mj12bot.com/)"
144.76.118.82 - - [06/Oct/2021:08:42:30 +0200] "GET /poseidon-statue-p-50200.html HTTP/1.0" 200 73115 "-" "Mozilla/5.0 (compatible; MJ12bot/v1.4.8; http://mj12bot.com/)"
185.191.171.1 - - [06/Oct/2021:08:42:33 +0200] "GET /-p-41681.html?action=add_product HTTP/1.0" 302 476 "-" "Mozilla/5.0 (compatible; SemrushBot/7~bl; +http://www.semrush.com/bot.html)"
54.36.148.15 - - [06/Oct/2021:08:42:35 +0200] "GET /furniture-knob-sold-individually-p-55728.html HTTP/1.0" 200 74050 "-" "Mozilla/5.0 (compatible; AhrefsBot/7.0; +http://ahrefs.com/robot/)"
144.76.118.82 - - [06/Oct/2021:08:42:37 +0200] "GET /poseidon-statue-31-cm-p-50200.html HTTP/1.0" 301 73197 "-" "Mozilla/5.0 (compatible; MJ12bot/v1.4.8; http://mj12bot.com/)"
185.191.171.3 - - [06/Oct/2021:08:42:46 +0200] "GET /provence-soap-marseille-soap-p-39122.html?action=add_product HTTP/1.0" 302 476 "-" "Mozilla/5.0 (compatible; SemrushBot/7~bl; +http://www.semrush.com/bot.html)"
144.76.118.82 - - [06/Oct/2021:08:42:48 +0200] "GET /poseidon-statue-p-50200.html HTTP/1.0" 200 73115 "-" "Mozilla/5.0 (compatible; MJ12bot/v1.4.8; http://mj12bot.com/)"
144.76.118.82 - - [06/Oct/2021:08:42:54 +0200] "GET /poseidon-statue-p-50200.html HTTP/1.0" 200 73115 "-" "Mozilla/5.0 (compatible; MJ12bot/v1.4.8; http://mj12bot.com/)"
185.191.171.6 - - [06/Oct/2021:08:42:57 +0200] "GET /statue-cement-rabbit-oeuf-p-40428.html?action=add_product HTTP/1.0" 302 476 "-" "Mozilla/5.0 (compatible; SemrushBot/7~bl; +http://www.semrush.com/bot.html)"
144.76.118.82 - - [06/Oct/2021:08:43:00 +0200] "GET /poster-from-jacquelin-corsica-50-70-cm-p-40158.html HTTP/1.0" 301 70646 "-" "Mozilla/5.0 (compatible; MJ12bot/v1.4.8; http://mj12bot.com/)"
5.255.253.134 - - [06/Oct/2021:08:43:04 +0200] "GET /spiderman-keyring-p-28269.html HTTP/1.0" 200 72698 "-" "Mozilla/5.0 (compatible; YandexBot/3.0; +http://yandex.com/bots)"
144.76.118.82 - - [06/Oct/2021:08:43:07 +0200] "GET /poster-from-jacquelin-corsica-p-40158.html HTTP/1.0" 200 70550 "-" "Mozilla/5.0 (compatible; MJ12bot/v1.4.8; http://mj12bot.com/)"
17.121.113.18 - - [06/Oct/2021:08:43:11 +0200] "GET /images/mini_prod/7601019994705.jpg HTTP/1.0" 200 269 "-" "Mozilla/5.0 (Macintosh; Intel Mac OS X 10_15_5) AppleWebKit/605.1.15 (KHTML, like Gecko) Version/13.1.1 Safari/605.1.15 (Applebot/0.1; +http://www.apple.com/go/applebot)"
144.76.118.82 - - [06/Oct/2021:08:43:14 +0200] "GET /poster-from-jacquelin-corsica-p-40158.html HTTP/1.0" 200 70550 "-" "Mozilla/5.0 (compatible; MJ12bot/v1.4.8; http://mj12bot.com/)"
144.76.118.82 - - [06/Oct/2021:08:43:22 +0200] "GET /princess-ceiling-light-p-29408.html HTTP/1.0" 301 70487 "-" "Mozilla/5.0 (compatible; MJ12bot/v1.4.8; http://mj12bot.com/)"
144.76.118.82 - - [06/Oct/2021:08:43:27 +0200] "GET /-p-29408.html HTTP/1.0" 200 70420 "-" "Mozilla/5.0 (compatible; MJ12bot/v1.4.8; http://mj12bot.com/)"
5.255.253.134 - - [06/Oct/2021:08:43:31 +0200] "GET /images/big_prod/3453131127516.jpg HTTP/1.0" 200 268 "-" "Mozilla/5.0 (compatible; YandexImages/3.0; +http://yandex.com/bots)"
144.76.118.82 - - [06/Oct/2021:08:43:33 +0200] "GET /psg-grey-backpack-p-35223.html HTTP/1.0" 301 70487 "-" "Mozilla/5.0 (compatible; MJ12bot/v1.4.8; http://mj12bot.com/)"
144.76.118.82 - - [06/Oct/2021:08:43:38 +0200] "GET /-p-35223.html HTTP/1.0" 200 70420 "-" "Mozilla/5.0 (compatible; MJ12bot/v1.4.8; http://mj12bot.com/)"
144.76.118.82 - - [06/Oct/2021:08:43:45 +0200] "GET /psg-grey-horizontal-bag-p-35224.html HTTP/1.0" 301 70487 "-" "Mozilla/5.0 (compatible; MJ12bot/v1.4.8; http://mj12bot.com/)"
54.36.148.64 - - [06/Oct/2021:08:43:47 +0200] "GET /barbalib-soft-toy-p-14329.html HTTP/1.0" 301 70487 "-" "Mozilla/5.0 (compatible; AhrefsBot/7.0; +http://ahrefs.com/robot/)"
144.76.118.82 - - [06/Oct/2021:08:43:51 +0200] "GET /-p-35224.html HTTP/1.0" 200 70420 "-" "Mozilla/5.0 (compatible; MJ12bot/v1.4.8; http://mj12bot.com/)"
144.76.118.82 - - [06/Oct/2021:08:43:57 +0200] "GET /psg-lamp-p-28404.html HTTP/1.0" 301 70487 "-" "Mozilla/5.0 (compatible; MJ12bot/v1.4.8; http://mj12bot.com/)"
54.36.148.223 - - [06/Oct/2021:08:44:02 +0200] "GET /butterfly-keychains-p-26296.html HTTP/1.0" 200 73063 "-" "Mozilla/5.0 (compatible; AhrefsBot/7.0; +http://ahrefs.com/robot/)"
144.76.118.82 - - [06/Oct/2021:08:44:03 +0200] "GET /-p-28404.html HTTP/1.0" 200 70420 "-" "Mozilla/5.0 (compatible; MJ12bot/v1.4.8; http://mj12bot.com/)"
144.76.118.82 - - [06/Oct/2021:08:44:09 +0200] "GET /psg-red-horizontal-bag-p-35225.html HTTP/1.0" 301 70487 "-" "Mozilla/5.0 (compatible; MJ12bot/v1.4.8; http://mj12bot.com/)"
144.76.118.82 - - [06/Oct/2021:08:44:16 +0200] "GET /-p-35225.html HTTP/1.0" 200 70420 "-" "Mozilla/5.0 (compatible; MJ12bot/v1.4.8; http://mj12bot.com/)"
40.77.167.79 - - [06/Oct/2021:08:44:21 +0200] "GET /images/med_prod/4582497091533.jpg HTTP/1.0" 200 268 "-" "Mozilla/5.0 (compatible; bingbot/2.0; +http://www.bing.com/bingbot.htm)"
34.231.151.19 - - [06/Oct/2021:08:44:22 +0200] "GET /images/mini_prod/2110DSCN8647.jpg HTTP/1.0" 200 268 "-" "Mozilla/5.0 (X11; Ubuntu; Linux x86_64; rv:72.0) Gecko/20100101 Firefox/72.0"
144.76.118.82 - - [06/Oct/2021:08:44:23 +0200] "GET /psg-red-large-sports-bag-61-cm-p-35231.html HTTP/1.0" 301 70487 "-" "Mozilla/5.0 (compatible; MJ12bot/v1.4.8; http://mj12bot.com/)"
144.76.118.82 - - [06/Oct/2021:08:44:29 +0200] "GET /-p-35231.html HTTP/1.0" 200 70420 "-" "Mozilla/5.0 (compatible; MJ12bot/v1.4.8; http://mj12bot.com/)"
144.76.118.82 - - [06/Oct/2021:08:44:36 +0200] "GET /psg-small-red-bag-p-35228.html HTTP/1.0" 301 70487 "-" "Mozilla/5.0 (compatible; MJ12bot/v1.4.8; http://mj12bot.com/)"
144.76.118.82 - - [06/Oct/2021:08:44:42 +0200] "GET /-p-35228.html HTTP/1.0" 200 70420 "-" "Mozilla/5.0 (compatible; MJ12bot/v1.4.8; http://mj12bot.com/)"
185.191.171.2 - - [06/Oct/2021:08:44:47 +0200] "GET /-p-39068.html?action=add_product HTTP/1.0" 302 476 "-" "Mozilla/5.0 (compatible; SemrushBot/7~bl; +http://www.semrush.com/bot.html)"
144.76.118.82 - - [06/Oct/2021:08:44:50 +0200] "GET /psg-small-watch-p-28405.html HTTP/1.0" 301 70556 "-" "Mozilla/5.0 (compatible; MJ12bot/v1.4.8; http://mj12bot.com/)"
144.76.118.82 - - [06/Oct/2021:08:44:56 +0200] "GET /small-watch-p-28405.html HTTP/1.0" 200 70478 "-" "Mozilla/5.0 (compatible; MJ12bot/v1.4.8; http://mj12bot.com/)"
144.76.118.82 - - [06/Oct/2021:08:45:03 +0200] "GET /pucca-black-backpack-p-9928.html HTTP/1.0" 301 70484 "-" "Mozilla/5.0 (compatible; MJ12bot/v1.4.8; http://mj12bot.com/)"
144.76.118.82 - - [06/Oct/2021:08:45:09 +0200] "GET /-p-9928.html HTTP/1.0" 200 70418 "-" "Mozilla/5.0 (compatible; MJ12bot/v1.4.8; http://mj12bot.com/)"
144.76.118.82 - - [06/Oct/2021:08:45:16 +0200] "GET /pucca-jewelry-armoire-music-box-p-2449.html HTTP/1.0" 301 70484 "-" "Mozilla/5.0 (compatible; MJ12bot/v1.4.8; http://mj12bot.com/)"
144.76.118.82 - - [06/Oct/2021:08:45:22 +0200] "GET /-p-2449.html HTTP/1.0" 200 70418 "-" "Mozilla/5.0 (compatible; MJ12bot/v1.4.8; http://mj12bot.com/)"
144.76.118.82 - - [06/Oct/2021:08:45:30 +0200] "GET /pucca-metal-clock-p-348.html HTTP/1.0" 301 70481 "-" "Mozilla/5.0 (compatible; MJ12bot/v1.4.8; http://mj12bot.com/)"
144.76.118.82 - - [06/Oct/2021:08:45:37 +0200] "GET /-p-348.html HTTP/1.0" 200 70416 "-" "Mozilla/5.0 (compatible; MJ12bot/v1.4.8; http://mj12bot.com/)"
54.36.148.162 - - [06/Oct/2021:08:45:38 +0200] "GET /despicable-large-flat-pocket-p-34125.html HTTP/1.0" 200 73222 "-" "Mozilla/5.0 (compatible; AhrefsBot/7.0; +http://ahrefs.com/robot/)"
144.76.118.82 - - [06/Oct/2021:08:45:43 +0200] "GET /pucca-pairs-of-bobby-socks-size-31-34-or-12-uk-p-25671.html HTTP/1.0" 301 70487 "-" "Mozilla/5.0 (compatible; MJ12bot/v1.4.8; http://mj12bot.com/)"
144.76.118.82 - - [06/Oct/2021:08:45:49 +0200] "GET /-p-25671.html HTTP/1.0" 200 70420 "-" "Mozilla/5.0 (compatible; MJ12bot/v1.4.8; http://mj12bot.com/)"
40.77.167.79 - - [06/Oct/2021:08:45:51 +0200] "GET /jasmin-traveller-rockabilly-patchouli-p-39258.html HTTP/1.0" 200 70532 "-" "Mozilla/5.0 (compatible; bingbot/2.0; +http://www.bing.com/bingbot.htm)"
144.76.118.82 - - [06/Oct/2021:08:45:55 +0200] "GET /pucca-pairs-of-bobby-socks-size-35-38-p-25704.html HTTP/1.0" 301 70487 "-" "Mozilla/5.0 (compatible; MJ12bot/v1.4.8; http://mj12bot.com/)"
144.76.118.82 - - [06/Oct/2021:08:46:00 +0200] "GET /-p-25704.html HTTP/1.0" 200 70420 "-" "Mozilla/5.0 (compatible; MJ12bot/v1.4.8; http://mj12bot.com/)"
144.76.118.82 - - [06/Oct/2021:08:46:07 +0200] "GET /pucca-pairs-of-socks-size-31-34-p-25727.html HTTP/1.0" 301 70487 "-" "Mozilla/5.0 (compatible; MJ12bot/v1.4.8; http://mj12bot.com/)"
144.76.118.82 - - [06/Oct/2021:08:46:12 +0200] "GET /-p-25727.html HTTP/1.0" 200 70420 "-" "Mozilla/5.0 (compatible; MJ12bot/v1.4.8; http://mj12bot.com/)"
144.76.118.82 - - [06/Oct/2021:08:46:19 +0200] "GET /quilted-floor-grey-blue-p-45104.html HTTP/1.0" 200 74079 "-" "Mozilla/5.0 (compatible; MJ12bot/v1.4.8; http://mj12bot.com/)"
144.76.118.82 - - [06/Oct/2021:08:46:25 +0200] "GET /quilted-floor-mat-65-165-cm-grey-and-blue-p-45104.html HTTP/1.0" 301 74169 "-" "Mozilla/5.0 (compatible; MJ12bot/v1.4.8; http://mj12bot.com/)"
144.76.118.82 - - [06/Oct/2021:08:46:30 +0200] "GET /quilted-floor-grey-blue-p-45104.html HTTP/1.0" 200 74079 "-" "Mozilla/5.0 (compatible; MJ12bot/v1.4.8; http://mj12bot.com/)"
144.76.118.82 - - [06/Oct/2021:08:46:37 +0200] "GET /quilted-floor-mat-65-165-cm-triangles-p-45106.html HTTP/1.0" 301 74373 "-" "Mozilla/5.0 (compatible; MJ12bot/v1.4.8; http://mj12bot.com/)"
144.76.118.82 - - [06/Oct/2021:08:46:42 +0200] "GET /quilted-floor-triangles-p-45106.html HTTP/1.0" 200 74283 "-" "Mozilla/5.0 (compatible; MJ12bot/v1.4.8; http://mj12bot.com/)"
144.76.118.82 - - [06/Oct/2021:08:46:49 +0200] "GET /quilted-floor-triangles-p-45106.html HTTP/1.0" 200 74283 "-" "Mozilla/5.0 (compatible; MJ12bot/v1.4.8; http://mj12bot.com/)"
144.76.118.82 - - [06/Oct/2021:08:46:54 +0200] "GET /quote-cutting-board-p-51901.html HTTP/1.0" 200 73032 "-" "Mozilla/5.0 (compatible; MJ12bot/v1.4.8; http://mj12bot.com/)"
185.191.171.13 - - [06/Oct/2021:08:46:57 +0200] "GET /apache-women-watch-blue-mandala-p-42981.html?action=add_product HTTP/1.0" 302 476 "-" "Mozilla/5.0 (compatible; SemrushBot/7~bl; +http://www.semrush.com/bot.html)"
185.191.171.2 - - [06/Oct/2021:08:46:59 +0200] "GET /pouf-covered-with-black-velvet-p-44231.html HTTP/1.0" 200 74208 "-" "Mozilla/5.0 (compatible; SemrushBot/7~bl; +http://www.semrush.com/bot.html)"
144.76.118.82 - - [06/Oct/2021:08:47:00 +0200] "GET /quote-cutting-board-p-51902.html HTTP/1.0" 200 73032 "-" "Mozilla/5.0 (compatible; MJ12bot/v1.4.8; http://mj12bot.com/)"
144.76.118.82 - - [06/Oct/2021:08:47:06 +0200] "GET /quote-cutting-board-p-51904.html HTTP/1.0" 200 73032 "-" "Mozilla/5.0 (compatible; MJ12bot/v1.4.8; http://mj12bot.com/)"
144.76.118.82 - - [06/Oct/2021:08:47:12 +0200] "GET /rabbit-jewelry-holder-statuette-p-55825.html HTTP/1.0" 200 73281 "-" "Mozilla/5.0 (compatible; MJ12bot/v1.4.8; http://mj12bot.com/)"
144.76.118.82 - - [06/Oct/2021:08:47:19 +0200] "GET /rattan-table-lamp-p-53714.html HTTP/1.0" 200 70478 "-" "Mozilla/5.0 (compatible; MJ12bot/v1.4.8; http://mj12bot.com/)"
144.76.118.82 - - [06/Oct/2021:08:47:24 +0200] "GET /real-madrid-pencil-case-p-36274.html HTTP/1.0" 200 70526 "-" "Mozilla/5.0 (compatible; MJ12bot/v1.4.8; http://mj12bot.com/)"
54.36.148.194 - - [06/Oct/2021:08:47:26 +0200] "GET /meditation-cushion-chakra-indigo-p-45370.html HTTP/1.0" 200 74939 "-" "Mozilla/5.0 (compatible; AhrefsBot/7.0; +http://ahrefs.com/robot/)"
144.76.118.82 - - [06/Oct/2021:08:47:31 +0200] "GET /resin-statue-p-36376.html HTTP/1.0" 200 73128 "-" "Mozilla/5.0 (compatible; MJ12bot/v1.4.8; http://mj12bot.com/)"
144.76.118.82 - - [06/Oct/2021:08:47:37 +0200] "GET /retro-industriel-chandelier-22-cm-p-41454.html HTTP/1.0" 301 70487 "-" "Mozilla/5.0 (compatible; MJ12bot/v1.4.8; http://mj12bot.com/)"
144.76.118.82 - - [06/Oct/2021:08:47:44 +0200] "GET /-p-41454.html HTTP/1.0" 200 70420 "-" "Mozilla/5.0 (compatible; MJ12bot/v1.4.8; http://mj12bot.com/)"
114.119.157.156 - - [06/Oct/2021:08:47:45 +0200] "GET /fitted-sheet-c-11_193.html HTTP/1.0" 200 91009 "-" "Mozilla/5.0 (compatible;PetalBot;+https://webmaster.petalsearch.com/site/petalbot)"
114.119.157.156 - - [06/Oct/2021:08:47:46 +0200] "GET /js/jquery.jqzoom.js HTTP/1.0" 200 259 "http://www.wonder-geek.com/fitted-sheet-c-11_193.html" "Mozilla/5.0 (compatible;PetalBot;+https://webmaster.petalsearch.com/site/petalbot)"
114.119.157.156 - - [06/Oct/2021:08:47:46 +0200] "GET /js/jquery.js HTTP/1.0" 200 252 "http://www.wonder-geek.com/fitted-sheet-c-11_193.html" "Mozilla/5.0 (compatible;PetalBot;+https://webmaster.petalsearch.com/site/petalbot)"
114.119.157.156 - - [06/Oct/2021:08:47:46 +0200] "GET /highslide/highslide.js HTTP/1.0" 200 262 "http://www.wonder-geek.com/fitted-sheet-c-11_193.html" "Mozilla/5.0 (compatible;PetalBot;+https://webmaster.petalsearch.com/site/petalbot)"
114.119.157.156 - - [06/Oct/2021:08:47:46 +0200] "GET /templates/Pixame_v1/stylesheet.css HTTP/1.0" 200 267 "http://www.wonder-geek.com/fitted-sheet-c-11_193.html" "Mozilla/5.0 (compatible;PetalBot;+https://webmaster.petalsearch.com/site/petalbot)"
114.119.157.156 - - [06/Oct/2021:08:47:46 +0200] "GET /mondial_relay/js/jquery-1.3.2.min.js HTTP/1.0" 200 276 "http://www.wonder-geek.com/fitted-sheet-c-11_193.html" "Mozilla/5.0 (compatible;PetalBot;+https://webmaster.petalsearch.com/site/petalbot)"
114.119.157.156 - - [06/Oct/2021:08:47:46 +0200] "GET /swfobject.js HTTP/1.0" 404 1308 "http://www.wonder-geek.com/fitted-sheet-c-11_193.html" "Mozilla/5.0 (compatible;PetalBot;+https://webmaster.petalsearch.com/site/petalbot)"
114.119.157.156 - - [06/Oct/2021:08:47:46 +0200] "GET /js/jquery.min.js HTTP/1.0" 404 1308 "http://www.wonder-geek.com/fitted-sheet-c-11_193.html" "Mozilla/5.0 (compatible;PetalBot;+https://webmaster.petalsearch.com/site/petalbot)"
114.119.157.156 - - [06/Oct/2021:08:47:46 +0200] "GET /js/modernizr-transitions.js HTTP/1.0" 200 267 "http://www.wonder-geek.com/fitted-sheet-c-11_193.html" "Mozilla/5.0 (compatible;PetalBot;+https://webmaster.petalsearch.com/site/petalbot)"
114.119.157.156 - - [06/Oct/2021:08:47:46 +0200] "GET /js/jquery.masonry.min.js HTTP/1.0" 200 264 "http://www.wonder-geek.com/fitted-sheet-c-11_193.html" "Mozilla/5.0 (compatible;PetalBot;+https://webmaster.petalsearch.com/site/petalbot)"
114.119.157.156 - - [06/Oct/2021:08:47:47 +0200] "GET /js/jquery.min.js HTTP/1.0" 404 1308 "http://www.wonder-geek.com/fitted-sheet-c-11_193.html" "Mozilla/5.0 (compatible;PetalBot;+https://webmaster.petalsearch.com/site/petalbot)"
144.76.118.82 - - [06/Oct/2021:08:47:48 +0200] "GET /retro-industriel-lighting-p-37245.html HTTP/1.0" 301 70487 "-" "Mozilla/5.0 (compatible; MJ12bot/v1.4.8; http://mj12bot.com/)"
17.121.115.117 - - [06/Oct/2021:08:47:52 +0200] "GET /images/big_prod/3565750306279.jpg HTTP/1.0" 200 268 "-" "Mozilla/5.0 (Macintosh; Intel Mac OS X 10_15_5) AppleWebKit/605.1.15 (KHTML, like Gecko) Version/13.1.1 Safari/605.1.15 (Applebot/0.1; +http://www.apple.com/go/applebot)"
185.191.171.6 - - [06/Oct/2021:08:47:52 +0200] "GET /super-duck-frame-canvas-p-31825.html HTTP/1.0" 200 73110 "-" "Mozilla/5.0 (compatible; SemrushBot/7~bl; +http://www.semrush.com/bot.html)"
144.76.118.82 - - [06/Oct/2021:08:47:55 +0200] "GET /-p-37245.html HTTP/1.0" 200 70420 "-" "Mozilla/5.0 (compatible; MJ12bot/v1.4.8; http://mj12bot.com/)"
185.191.171.37 - - [06/Oct/2021:08:47:59 +0200] "GET /suicide-squad-one-sheet-poster-p-37818.html HTTP/1.0" 301 73202 "-" "Mozilla/5.0 (compatible; SemrushBot/7~bl; +http://www.semrush.com/bot.html)"
185.191.171.26 - - [06/Oct/2021:08:48:01 +0200] "GET /suicide-squad-sheet-poster-p-37818.html HTTP/1.0" 200 73109 "-" "Mozilla/5.0 (compatible; SemrushBot/7~bl; +http://www.semrush.com/bot.html)"
144.76.118.82 - - [06/Oct/2021:08:48:03 +0200] "GET /retro-kitchen-clock-gray-p-55764.html HTTP/1.0" 200 73736 "-" "Mozilla/5.0 (compatible; MJ12bot/v1.4.8; http://mj12bot.com/)"
144.76.118.82 - - [06/Oct/2021:08:48:09 +0200] "GET /retro-kitchen-clock-pastel-yellow-p-55762.html HTTP/1.0" 200 73826 "-" "Mozilla/5.0 (compatible; MJ12bot/v1.4.8; http://mj12bot.com/)"
144.76.118.82 - - [06/Oct/2021:08:48:15 +0200] "GET /retro-steel-table-lamp-black-p-52534.html HTTP/1.0" 200 74052 "-" "Mozilla/5.0 (compatible; MJ12bot/v1.4.8; http://mj12bot.com/)"
185.191.171.4 - - [06/Oct/2021:08:48:18 +0200] "GET /melt-french-vanilla-p-37442.html?action=add_product HTTP/1.0" 302 476 "-" "Mozilla/5.0 (compatible; SemrushBot/7~bl; +http://www.semrush.com/bot.html)"
144.76.118.82 - - [06/Oct/2021:08:48:21 +0200] "GET /retro-wall-lamp-brown-weathered-metal-p-44616.html HTTP/1.0" 200 70572 "-" "Mozilla/5.0 (compatible; MJ12bot/v1.4.8; http://mj12bot.com/)"
144.76.118.82 - - [06/Oct/2021:08:48:27 +0200] "GET /retro-wall-lamp-white-weathered-metal-p-44615.html HTTP/1.0" 200 70572 "-" "Mozilla/5.0 (compatible; MJ12bot/v1.4.8; http://mj12bot.com/)"
216.244.66.242 - - [06/Oct/2021:08:48:29 +0200] "GET /flag-clock-p-31846.html HTTP/1.0" 200 73017 "-" "Mozilla/5.0 (compatible; DotBot/1.2; +https://opensiteexplorer.org/dotbot; help@moz.com)"
185.191.171.19 - - [06/Oct/2021:08:48:30 +0200] "GET /peter-childhood-champion-figure-disney-traditions-p-22165.html?action=add_product HTTP/1.0" 302 476 "-" "Mozilla/5.0 (compatible; SemrushBot/7~bl; +http://www.semrush.com/bot.html)"
144.76.118.82 - - [06/Oct/2021:08:48:32 +0200] "GET /rhinoceros-statue-light-wood-look-47-cm-p-50066.html HTTP/1.0" 301 74196 "-" "Mozilla/5.0 (compatible; MJ12bot/v1.4.8; http://mj12bot.com/)"
216.244.66.242 - - [06/Oct/2021:08:48:38 +0200] "GET /lighting-c-13_86.html?page=25 HTTP/1.0" 200 79690 "-" "Mozilla/5.0 (compatible; DotBot/1.2; +https://opensiteexplorer.org/dotbot; help@moz.com)"
144.76.118.82 - - [06/Oct/2021:08:48:40 +0200] "GET /rhinoceros-statue-light-wood-look-p-50066.html HTTP/1.0" 200 74096 "-" "Mozilla/5.0 (compatible; MJ12bot/v1.4.8; http://mj12bot.com/)"
216.244.66.242 - - [06/Oct/2021:08:48:44 +0200] "GET /lighting-c-13_86.html?page=29 HTTP/1.0" 200 79690 "-" "Mozilla/5.0 (compatible; DotBot/1.2; +https://opensiteexplorer.org/dotbot; help@moz.com)"
144.76.118.82 - - [06/Oct/2021:08:48:46 +0200] "GET /rhinoceros-statue-light-wood-look-p-50066.html HTTP/1.0" 200 74096 "-" "Mozilla/5.0 (compatible; MJ12bot/v1.4.8; http://mj12bot.com/)"
216.244.66.242 - - [06/Oct/2021:08:48:50 +0200] "GET /lion-black-shirt-p-31153.html HTTP/1.0" 200 74988 "-" "Mozilla/5.0 (compatible; DotBot/1.2; +https://opensiteexplorer.org/dotbot; help@moz.com)"
144.76.118.82 - - [06/Oct/2021:08:48:52 +0200] "GET /rococo-blue-retro-clock-p-34241.html HTTP/1.0" 301 70487 "-" "Mozilla/5.0 (compatible; MJ12bot/v1.4.8; http://mj12bot.com/)"
54.36.148.5 - - [06/Oct/2021:08:48:54 +0200] "GET /home-decoration-c-13.html?page=113 HTTP/1.0" 200 92642 "-" "Mozilla/5.0 (compatible; AhrefsBot/7.0; +http://ahrefs.com/robot/)"
216.244.66.242 - - [06/Oct/2021:08:48:55 +0200] "GET /marley-zippo-lighter-p-42881.html HTTP/1.0" 200 73527 "-" "Mozilla/5.0 (compatible; DotBot/1.2; +https://opensiteexplorer.org/dotbot; help@moz.com)"
144.76.118.82 - - [06/Oct/2021:08:48:58 +0200] "GET /-p-34241.html HTTP/1.0" 200 70420 "-" "Mozilla/5.0 (compatible; MJ12bot/v1.4.8; http://mj12bot.com/)"
185.191.171.38 - - [06/Oct/2021:08:49:02 +0200] "GET /disco-fever-party-hen-figurine-decorative-p-40385.html HTTP/1.0" 301 70487 "-" "Mozilla/5.0 (compatible; SemrushBot/7~bl; +http://www.semrush.com/bot.html)"
144.76.118.82 - - [06/Oct/2021:08:49:03 +0200] "GET /round-carpet-150-cm-p-52535.html HTTP/1.0" 301 74007 "-" "Mozilla/5.0 (compatible; MJ12bot/v1.4.8; http://mj12bot.com/)"
216.244.66.242 - - [06/Oct/2021:08:49:02 +0200] "GET /tetsubin-teapots-japanese-p-37550.html HTTP/1.0" 200 73343 "-" "Mozilla/5.0 (compatible; DotBot/1.2; +https://opensiteexplorer.org/dotbot; help@moz.com)"
185.191.171.44 - - [06/Oct/2021:08:49:04 +0200] "GET /-p-40385.html HTTP/1.0" 200 70420 "-" "Mozilla/5.0 (compatible; SemrushBot/7~bl; +http://www.semrush.com/bot.html)"
144.76.118.82 - - [06/Oct/2021:08:49:08 +0200] "GET /round-carpet-p-52535.html HTTP/1.0" 200 73928 "-" "Mozilla/5.0 (compatible; MJ12bot/v1.4.8; http://mj12bot.com/)"
144.76.118.82 - - [06/Oct/2021:08:49:10 +0200] "GET /round-carpet-p-52535.html HTTP/1.0" 200 73928 "-" "Mozilla/5.0 (compatible; MJ12bot/v1.4.8; http://mj12bot.com/)"
144.76.118.82 - - [06/Oct/2021:08:49:16 +0200] "GET /round-hanging-mirror-cordage-p-55797.html HTTP/1.0" 200 73709 "-" "Mozilla/5.0 (compatible; MJ12bot/v1.4.8; http://mj12bot.com/)"
144.76.118.82 - - [06/Oct/2021:08:49:22 +0200] "GET /route-us-66-fuel-pump-clock-p-34499.html HTTP/1.0" 301 70487 "-" "Mozilla/5.0 (compatible; MJ12bot/v1.4.8; http://mj12bot.com/)"
54.36.149.38 - - [06/Oct/2021:08:49:26 +0200] "GET /one-piece-smile-poster-p-15388.html HTTP/1.0" 301 70487 "-" "Mozilla/5.0 (compatible; AhrefsBot/7.0; +http://ahrefs.com/robot/)"
144.76.118.82 - - [06/Oct/2021:08:49:27 +0200] "GET /-p-34499.html HTTP/1.0" 200 70420 "-" "Mozilla/5.0 (compatible; MJ12bot/v1.4.8; http://mj12bot.com/)"
144.76.118.82 - - [06/Oct/2021:08:49:33 +0200] "GET /saltshaker-pepper-p-32784.html HTTP/1.0" 200 70532 "-" "Mozilla/5.0 (compatible; MJ12bot/v1.4.8; http://mj12bot.com/)"
144.76.118.82 - - [06/Oct/2021:08:49:38 +0200] "GET /sea-cushion-p-25128.html HTTP/1.0" 301 70520 "-" "Mozilla/5.0 (compatible; MJ12bot/v1.4.8; http://mj12bot.com/)"
144.76.118.82 - - [06/Oct/2021:08:49:44 +0200] "GET /cushion-p-25128.html HTTP/1.0" 200 70446 "-" "Mozilla/5.0 (compatible; MJ12bot/v1.4.8; http://mj12bot.com/)"
144.76.118.82 - - [06/Oct/2021:08:49:50 +0200] "GET /sea-cushion-p-25129.html HTTP/1.0" 301 70520 "-" "Mozilla/5.0 (compatible; MJ12bot/v1.4.8; http://mj12bot.com/)"
144.76.118.82 - - [06/Oct/2021:08:49:57 +0200] "GET /cushion-p-25129.html HTTP/1.0" 200 70446 "-" "Mozilla/5.0 (compatible; MJ12bot/v1.4.8; http://mj12bot.com/)"
185.191.171.21 - - [06/Oct/2021:08:50:00 +0200] "GET /set-of-glitter-glue-washable-crayola-p-19380.html HTTP/1.0" 301 70679 "-" "Mozilla/5.0 (compatible; SemrushBot/7~bl; +http://www.semrush.com/bot.html)"
144.76.118.82 - - [06/Oct/2021:08:50:02 +0200] "GET /selenite-lamp-with-wooden-base-height-29-cm-p-47196.html HTTP/1.0" 301 70678 "-" "Mozilla/5.0 (compatible; MJ12bot/v1.4.8; http://mj12bot.com/)"
185.191.171.37 - - [06/Oct/2021:08:50:03 +0200] "GET /glitter-glue-washable-crayola-p-19380.html HTTP/1.0" 200 70583 "-" "Mozilla/5.0 (compatible; SemrushBot/7~bl; +http://www.semrush.com/bot.html)"
144.76.118.82 - - [06/Oct/2021:08:50:08 +0200] "GET /selenite-lamp-with-wooden-base-height-p-47196.html HTTP/1.0" 200 70574 "-" "Mozilla/5.0 (compatible; MJ12bot/v1.4.8; http://mj12bot.com/)"
144.76.118.82 - - [06/Oct/2021:08:50:14 +0200] "GET /selenite-lamp-with-wooden-base-height-p-47196.html HTTP/1.0" 200 70574 "-" "Mozilla/5.0 (compatible; MJ12bot/v1.4.8; http://mj12bot.com/)"
54.36.148.155 - - [06/Oct/2021:08:50:19 +0200] "GET /table-protector-under-tablecloth-p-48563.html HTTP/1.0" 200 73351 "-" "Mozilla/5.0 (compatible; AhrefsBot/7.0; +http://ahrefs.com/robot/)"
144.76.118.82 - - [06/Oct/2021:08:50:20 +0200] "GET /shoulder-bag-by-teo-jasmin-p-44181.html HTTP/1.0" 301 70574 "-" "Mozilla/5.0 (compatible; MJ12bot/v1.4.8; http://mj12bot.com/)"
144.76.118.82 - - [06/Oct/2021:08:50:27 +0200] "GET /shoulder-jasmin-p-44181.html HTTP/1.0" 200 70492 "-" "Mozilla/5.0 (compatible; MJ12bot/v1.4.8; http://mj12bot.com/)"
144.76.118.82 - - [06/Oct/2021:08:50:32 +0200] "GET /shoulder-jasmin-p-44181.html HTTP/1.0" 200 70492 "-" "Mozilla/5.0 (compatible; MJ12bot/v1.4.8; http://mj12bot.com/)"
144.76.118.82 - - [06/Oct/2021:08:50:38 +0200] "GET /silver-statue-p-35373.html HTTP/1.0" 200 70486 "-" "Mozilla/5.0 (compatible; MJ12bot/v1.4.8; http://mj12bot.com/)"
144.76.118.82 - - [06/Oct/2021:08:50:43 +0200] "GET /sixtine-bedspread-240-260-cm-p-51276.html HTTP/1.0" 301 70592 "-" "Mozilla/5.0 (compatible; MJ12bot/v1.4.8; http://mj12bot.com/)"
144.76.118.82 - - [06/Oct/2021:08:50:48 +0200] "GET /sixtine-bedspread-p-51276.html HTTP/1.0" 200 70508 "-" "Mozilla/5.0 (compatible; MJ12bot/v1.4.8; http://mj12bot.com/)"
144.76.118.82 - - [06/Oct/2021:08:50:54 +0200] "GET /sixtine-bedspread-p-51276.html HTTP/1.0" 200 70508 "-" "Mozilla/5.0 (compatible; MJ12bot/v1.4.8; http://mj12bot.com/)"
144.76.118.82 - - [06/Oct/2021:08:50:59 +0200] "GET /small-japanese-yellow-cast-iron-teapot-liter-p-54884.html HTTP/1.0" 200 73410 "-" "Mozilla/5.0 (compatible; MJ12bot/v1.4.8; http://mj12bot.com/)"
144.76.118.82 - - [06/Oct/2021:08:51:05 +0200] "GET /small-piggy-bank-green-p-55719.html HTTP/1.0" 200 73692 "-" "Mozilla/5.0 (compatible; MJ12bot/v1.4.8; http://mj12bot.com/)"
5.255.253.134 - - [06/Oct/2021:08:51:07 +0200] "GET /french-delicacies-glass-coaster-p-32861.html HTTP/1.0" 200 73084 "-" "Mozilla/5.0 (compatible; YandexBot/3.0; +http://yandex.com/bots)"
144.76.118.82 - - [06/Oct/2021:08:51:09 +0200] "GET /small-piggy-bank-p-55718.html HTTP/1.0" 200 73641 "-" "Mozilla/5.0 (compatible; MJ12bot/v1.4.8; http://mj12bot.com/)"
101.33.33.164 - - [06/Oct/2021:08:51:11 +0200] "GET /images/mini_prod/5010994737429.jpg HTTP/1.0" 200 269 "-" "Mozilla/5.0 (X11; Ubuntu; Linux x86_64; rv:72.0) Gecko/20100101 Firefox/72.0"
144.76.118.82 - - [06/Oct/2021:08:51:15 +0200] "GET /small-piggy-bank-yellow-p-55720.html HTTP/1.0" 200 73697 "-" "Mozilla/5.0 (compatible; MJ12bot/v1.4.8; http://mj12bot.com/)"
144.76.118.82 - - [06/Oct/2021:08:51:20 +0200] "GET /small-tins-box-gorjuss-little-red-riding-hood-p-48407.html HTTP/1.0" 301 70632 "-" "Mozilla/5.0 (compatible; MJ12bot/v1.4.8; http://mj12bot.com/)"
144.76.118.82 - - [06/Oct/2021:08:51:26 +0200] "GET /small-tins-gorjuss-little-riding-hood-p-48407.html HTTP/1.0" 200 70528 "-" "Mozilla/5.0 (compatible; MJ12bot/v1.4.8; http://mj12bot.com/)"
144.76.118.82 - - [06/Oct/2021:08:51:32 +0200] "GET /small-tins-box-gorjuss-the-hatter-p-48405.html HTTP/1.0" 301 70596 "-" "Mozilla/5.0 (compatible; MJ12bot/v1.4.8; http://mj12bot.com/)"
185.191.171.5 - - [06/Oct/2021:08:51:35 +0200] "GET /stationery-cardmaking-c-129.html?page=13 HTTP/1.0" 200 92465 "-" "Mozilla/5.0 (compatible; SemrushBot/7~bl; +http://www.semrush.com/bot.html)"
144.76.118.82 - - [06/Oct/2021:08:51:38 +0200] "GET /small-tins-gorjuss-hatter-p-48405.html HTTP/1.0" 200 70504 "-" "Mozilla/5.0 (compatible; MJ12bot/v1.4.8; http://mj12bot.com/)"
144.76.118.82 - - [06/Oct/2021:08:51:42 +0200] "GET /small-tins-gorjuss-hatter-p-48405.html HTTP/1.0" 200 70504 "-" "Mozilla/5.0 (compatible; MJ12bot/v1.4.8; http://mj12bot.com/)"
144.76.118.82 - - [06/Oct/2021:08:51:47 +0200] "GET /small-tins-gorjuss-little-riding-hood-p-48407.html HTTP/1.0" 200 70528 "-" "Mozilla/5.0 (compatible; MJ12bot/v1.4.8; http://mj12bot.com/)"
54.36.149.47 - - [06/Oct/2021:08:51:49 +0200] "GET /white-lampshade-p-56279.html HTTP/1.0" 200 73739 "-" "Mozilla/5.0 (compatible; AhrefsBot/7.0; +http://ahrefs.com/robot/)"
144.76.118.82 - - [06/Oct/2021:08:51:52 +0200] "GET /small-watch-p-28405.html HTTP/1.0" 200 70478 "-" "Mozilla/5.0 (compatible; MJ12bot/v1.4.8; http://mj12bot.com/)"
144.76.118.82 - - [06/Oct/2021:08:51:57 +0200] "GET /sonny-angel-christmas-limited-series-2020-p-53389.html HTTP/1.0" 200 74008 "-" "Mozilla/5.0 (compatible; MJ12bot/v1.4.8; http://mj12bot.com/)"
185.191.171.14 - - [06/Oct/2021:08:52:01 +0200] "GET /-p-20600.html?action=add_product HTTP/1.0" 302 476 "-" "Mozilla/5.0 (compatible; SemrushBot/7~bl; +http://www.semrush.com/bot.html)"
144.76.118.82 - - [06/Oct/2021:08:52:02 +0200] "GET /statuette-sea-turtle-on-foot-58-cm-p-50057.html HTTP/1.0" 301 70608 "-" "Mozilla/5.0 (compatible; MJ12bot/v1.4.8; http://mj12bot.com/)"
5.255.253.134 - - [06/Oct/2021:08:52:04 +0200] "GET /images/med_prod/5055071705359.jpg HTTP/1.0" 200 268 "-" "Mozilla/5.0 (compatible; YandexImages/3.0; +http://yandex.com/bots)"
185.191.171.7 - - [06/Oct/2021:08:52:09 +0200] "GET /transportable-metal-lamp-p-55139.html?action=add_product HTTP/1.0" 302 476 "-" "Mozilla/5.0 (compatible; SemrushBot/7~bl; +http://www.semrush.com/bot.html)"
144.76.118.82 - - [06/Oct/2021:08:52:09 +0200] "GET /statuette-turtle-foot-p-50057.html HTTP/1.0" 200 70520 "-" "Mozilla/5.0 (compatible; MJ12bot/v1.4.8; http://mj12bot.com/)"
144.76.118.82 - - [06/Oct/2021:08:52:16 +0200] "GET /statuette-turtle-foot-p-50057.html HTTP/1.0" 200 70520 "-" "Mozilla/5.0 (compatible; MJ12bot/v1.4.8; http://mj12bot.com/)"
144.76.118.82 - - [06/Oct/2021:08:52:19 +0200] "GET /sticker-for-windows-chakra-p-48350.html HTTP/1.0" 301 73209 "-" "Mozilla/5.0 (compatible; MJ12bot/v1.4.8; http://mj12bot.com/)"
144.76.118.82 - - [06/Oct/2021:08:52:24 +0200] "GET /sticker-windows-chakra-p-48350.html HTTP/1.0" 200 73120 "-" "Mozilla/5.0 (compatible; MJ12bot/v1.4.8; http://mj12bot.com/)"
144.76.118.82 - - [06/Oct/2021:08:52:28 +0200] "GET /sticker-windows-chakra-p-48350.html HTTP/1.0" 200 73120 "-" "Mozilla/5.0 (compatible; MJ12bot/v1.4.8; http://mj12bot.com/)"
114.119.128.40 - - [06/Oct/2021:08:52:32 +0200] "GET /bob-marley-zippo-lighter-p-42881.html HTTP/1.0" 301 73614 "-" "Mozilla/5.0 (Linux; Android 7.0;) AppleWebKit/537.36 (KHTML, like Gecko) Mobile Safari/537.36 (compatible; PetalBot;+https://webmaster.petalsearch.com/site/petalbot)"
114.119.128.40 - - [06/Oct/2021:08:52:32 +0200] "GET /marley-zippo-lighter-p-42881.html HTTP/1.0" 200 73527 "-" "Mozilla/5.0 (Linux; Android 7.0;) AppleWebKit/537.36 (KHTML, like Gecko) Mobile Safari/537.36 (compatible; PetalBot;+https://webmaster.petalsearch.com/site/petalbot)"
144.76.118.82 - - [06/Oct/2021:08:52:33 +0200] "GET /stone-amethyst-p-46316.html HTTP/1.0" 301 70487 "-" "Mozilla/5.0 (compatible; MJ12bot/v1.4.8; http://mj12bot.com/)"
54.36.149.65 - - [06/Oct/2021:08:52:34 +0200] "GET /barbapapa-and-barbabeau-pink-round-pencil-case-p-19621.html HTTP/1.0" 301 70487 "-" "Mozilla/5.0 (compatible; AhrefsBot/7.0; +http://ahrefs.com/robot/)"
185.191.171.33 - - [06/Oct/2021:08:52:37 +0200] "GET /bowl-kissing-berry-inside-made-in-germany-p-48478.html HTTP/1.0" 301 74399 "-" "Mozilla/5.0 (compatible; SemrushBot/7~bl; +http://www.semrush.com/bot.html)"
144.76.118.82 - - [06/Oct/2021:08:52:39 +0200] "GET /-p-46316.html HTTP/1.0" 200 70420 "-" "Mozilla/5.0 (compatible; MJ12bot/v1.4.8; http://mj12bot.com/)"
185.191.171.18 - - [06/Oct/2021:08:52:39 +0200] "GET /bowl-kissing-berry-inside-made-germany-p-48478.html HTTP/1.0" 200 74294 "-" "Mozilla/5.0 (compatible; SemrushBot/7~bl; +http://www.semrush.com/bot.html)"
144.76.118.82 - - [06/Oct/2021:08:52:45 +0200] "GET /stone-petrified-wood-p-46320.html HTTP/1.0" 301 70487 "-" "Mozilla/5.0 (compatible; MJ12bot/v1.4.8; http://mj12bot.com/)"
144.76.118.82 - - [06/Oct/2021:08:52:51 +0200] "GET /-p-46320.html HTTP/1.0" 200 70420 "-" "Mozilla/5.0 (compatible; MJ12bot/v1.4.8; http://mj12bot.com/)"
144.76.118.82 - - [06/Oct/2021:08:52:56 +0200] "GET /storage-chest-pouf-gray-velvet-p-45806.html HTTP/1.0" 200 70588 "-" "Mozilla/5.0 (compatible; MJ12bot/v1.4.8; http://mj12bot.com/)"
144.76.118.82 - - [06/Oct/2021:08:53:02 +0200] "GET /storage-chest-pouf-in-gray-velvet-41-cm-p-45806.html HTTP/1.0" 301 70685 "-" "Mozilla/5.0 (compatible; MJ12bot/v1.4.8; http://mj12bot.com/)"
66.249.88.222 - - [06/Oct/2021:08:53:06 +0200] "GET /images/big_prod_1/3442440300093a.jpg HTTP/1.0" 200 271 "-" "Mozilla/5.0 (Windows NT 5.1; rv:11.0) Gecko Firefox/11.0 (via ggpht.com GoogleImageProxy)"
144.76.118.82 - - [06/Oct/2021:08:53:08 +0200] "GET /storage-chest-pouf-gray-velvet-p-45806.html HTTP/1.0" 200 70588 "-" "Mozilla/5.0 (compatible; MJ12bot/v1.4.8; http://mj12bot.com/)"
144.76.118.82 - - [06/Oct/2021:08:53:13 +0200] "GET /strawberry-shortcake-blue-swimsuit-p-30285.html HTTP/1.0" 200 74566 "-" "Mozilla/5.0 (compatible; MJ12bot/v1.4.8; http://mj12bot.com/)"
54.36.148.58 - - [06/Oct/2021:08:53:15 +0200] "GET /medusa-glass-paperweight-p-54532.html HTTP/1.0" 200 73062 "-" "Mozilla/5.0 (compatible; AhrefsBot/7.0; +http://ahrefs.com/robot/)"
144.76.118.82 - - [06/Oct/2021:08:53:18 +0200] "GET /strawberry-shortcake-visor-50-cm-p-20457.html HTTP/1.0" 301 70487 "-" "Mozilla/5.0 (compatible; MJ12bot/v1.4.8; http://mj12bot.com/)"
144.76.118.82 - - [06/Oct/2021:08:53:23 +0200] "GET /-p-20457.html HTTP/1.0" 200 70420 "-" "Mozilla/5.0 (compatible; MJ12bot/v1.4.8; http://mj12bot.com/)"
144.76.118.82 - - [06/Oct/2021:08:53:27 +0200] "GET /suchard-cookies-box-p-32437.html HTTP/1.0" 301 70580 "-" "Mozilla/5.0 (compatible; MJ12bot/v1.4.8; http://mj12bot.com/)"
185.191.171.42 - - [06/Oct/2021:08:53:28 +0200] "GET /marilyn-monroe-little-storage-p-5115.html?action=add_product HTTP/1.0" 302 476 "-" "Mozilla/5.0 (compatible; SemrushBot/7~bl; +http://www.semrush.com/bot.html)"
185.191.171.44 - - [06/Oct/2021:08:53:33 +0200] "GET /white-lamp-gold-patinated-metal-transportable-p-55086.html?action=add_product HTTP/1.0" 302 476 "-" "Mozilla/5.0 (compatible; SemrushBot/7~bl; +http://www.semrush.com/bot.html)"
144.76.118.82 - - [06/Oct/2021:08:53:33 +0200] "GET /suchard-cookies-p-32437.html HTTP/1.0" 200 70498 "-" "Mozilla/5.0 (compatible; MJ12bot/v1.4.8; http://mj12bot.com/)"
17.121.112.98 - - [06/Oct/2021:08:53:34 +0200] "GET /disney-princess-white-swimsuit-p-30311.html HTTP/1.0" 200 74256 "-" "Mozilla/5.0 (Macintosh; Intel Mac OS X 10_15_5) AppleWebKit/605.1.15 (KHTML, like Gecko) Version/13.1.1 Safari/605.1.15 (Applebot/0.1; +http://www.apple.com/go/applebot)"
144.76.118.82 - - [06/Oct/2021:08:53:38 +0200] "GET /suchard-cookies-p-32437.html HTTP/1.0" 200 70498 "-" "Mozilla/5.0 (compatible; MJ12bot/v1.4.8; http://mj12bot.com/)"
144.76.118.82 - - [06/Oct/2021:08:53:43 +0200] "GET /suitcase-distributor-handkerchiefs-p-34706.html HTTP/1.0" 301 70487 "-" "Mozilla/5.0 (compatible; MJ12bot/v1.4.8; http://mj12bot.com/)"
144.76.118.82 - - [06/Oct/2021:08:53:49 +0200] "GET /-p-34706.html HTTP/1.0" 200 70420 "-" "Mozilla/5.0 (compatible; MJ12bot/v1.4.8; http://mj12bot.com/)"
144.76.118.82 - - [06/Oct/2021:08:53:55 +0200] "GET /sullivent-figure-p-22563.html HTTP/1.0" 200 70491 "-" "Mozilla/5.0 (compatible; MJ12bot/v1.4.8; http://mj12bot.com/)"
144.76.118.82 - - [06/Oct/2021:08:54:00 +0200] "GET /summer-time-cigarette-case-p-19076.html HTTP/1.0" 200 70541 "-" "Mozilla/5.0 (compatible; MJ12bot/v1.4.8; http://mj12bot.com/)"
144.76.118.82 - - [06/Oct/2021:08:54:07 +0200] "GET /suomi-bedclothes-260-240-cm-p-36880.html HTTP/1.0" 301 70487 "-" "Mozilla/5.0 (compatible; MJ12bot/v1.4.8; http://mj12bot.com/)"
185.191.171.17 - - [06/Oct/2021:08:54:08 +0200] "GET /shopping-bag-cats-p-45438.html HTTP/1.0" 301 73194 "-" "Mozilla/5.0 (compatible; SemrushBot/7~bl; +http://www.semrush.com/bot.html)"
185.191.171.7 - - [06/Oct/2021:08:54:09 +0200] "GET /shopping-cats-p-45438.html HTTP/1.0" 200 73114 "-" "Mozilla/5.0 (compatible; SemrushBot/7~bl; +http://www.semrush.com/bot.html)"
144.76.118.82 - - [06/Oct/2021:08:54:15 +0200] "GET /-p-36880.html HTTP/1.0" 200 70420 "-" "Mozilla/5.0 (compatible; MJ12bot/v1.4.8; http://mj12bot.com/)"
185.191.171.33 - - [06/Oct/2021:08:54:16 +0200] "GET /expresso-paris-p-18139.html?action=add_product HTTP/1.0" 302 476 "-" "Mozilla/5.0 (compatible; SemrushBot/7~bl; +http://www.semrush.com/bot.html)"
144.76.118.82 - - [06/Oct/2021:08:54:19 +0200] "GET /super-duck-cushion-p-27159.html HTTP/1.0" 301 70487 "-" "Mozilla/5.0 (compatible; MJ12bot/v1.4.8; http://mj12bot.com/)"
144.76.118.82 - - [06/Oct/2021:08:54:25 +0200] "GET /-p-27159.html HTTP/1.0" 200 70420 "-" "Mozilla/5.0 (compatible; MJ12bot/v1.4.8; http://mj12bot.com/)"
144.76.118.82 - - [06/Oct/2021:08:54:31 +0200] "GET /superman-jumbo-cup-and-saucer-set-p-16415.html HTTP/1.0" 301 70487 "-" "Mozilla/5.0 (compatible; MJ12bot/v1.4.8; http://mj12bot.com/)"
144.76.118.82 - - [06/Oct/2021:08:54:39 +0200] "GET /-p-16415.html HTTP/1.0" 200 70420 "-" "Mozilla/5.0 (compatible; MJ12bot/v1.4.8; http://mj12bot.com/)"
51.68.224.127 - - [06/Oct/2021:08:54:43 +0200] "GET /adminweb/export_orders_xml.php?token=256de2z6edz6ed2z6DFSFsed2zed6zeDSFDSGdzedezfzf&maxorders=10&orderstart=1&status=14&start_date=2018-10-01 HTTP/1.0" 200 285 "-" "GesCom CharlotteBoutik Serveur"
51.68.224.127 - - [06/Oct/2021:08:54:43 +0200] "GET /adminweb/export_orders_xml.php?token=256de2z6edz6ed2z6DFSFsed2zed6zeDSFDSGdzedezfzf&maxorders=10&orderstart=1&status=6&start_date=2018-10-01 HTTP/1.0" 200 32573 "-" "GesCom CharlotteBoutik Serveur"
144.76.118.82 - - [06/Oct/2021:08:54:44 +0200] "GET /surfboard-wooden-wall-decoration-60-cm-p-44256.html HTTP/1.0" 301 73292 "-" "Mozilla/5.0 (compatible; MJ12bot/v1.4.8; http://mj12bot.com/)"
54.36.148.186 - - [06/Oct/2021:08:54:45 +0200] "GET /decoration-suspend-plaster-scented-lavender-p-39278.html HTTP/1.0" 200 73357 "-" "Mozilla/5.0 (compatible; AhrefsBot/7.0; +http://ahrefs.com/robot/)"
144.76.118.82 - - [06/Oct/2021:08:54:49 +0200] "GET /surfboard-wooden-wall-decoration-p-44256.html HTTP/1.0" 200 73193 "-" "Mozilla/5.0 (compatible; MJ12bot/v1.4.8; http://mj12bot.com/)"
144.76.118.82 - - [06/Oct/2021:08:54:53 +0200] "GET /surfboard-wooden-wall-decoration-p-44256.html HTTP/1.0" 200 73193 "-" "Mozilla/5.0 (compatible; MJ12bot/v1.4.8; http://mj12bot.com/)"
144.76.118.82 - - [06/Oct/2021:08:54:58 +0200] "GET /swaziland-rectangulary-cushion-by-cbkreation-p-36764.html HTTP/1.0" 301 70688 "-" "Mozilla/5.0 (compatible; MJ12bot/v1.4.8; http://mj12bot.com/)"
144.76.118.82 - - [06/Oct/2021:08:55:05 +0200] "GET /swaziland-rectangulary-cushion-cbkreation-p-36764.html HTTP/1.0" 200 70580 "-" "Mozilla/5.0 (compatible; MJ12bot/v1.4.8; http://mj12bot.com/)"
185.191.171.25 - - [06/Oct/2021:08:55:09 +0200] "GET /microfiber-bolster-p-39799.html?action=add_product HTTP/1.0" 302 476 "-" "Mozilla/5.0 (compatible; SemrushBot/7~bl; +http://www.semrush.com/bot.html)"
144.76.118.82 - - [06/Oct/2021:08:55:10 +0200] "GET /swaziland-rectangulary-cushion-cbkreation-p-36764.html HTTP/1.0" 200 70580 "-" "Mozilla/5.0 (compatible; MJ12bot/v1.4.8; http://mj12bot.com/)"
144.76.118.82 - - [06/Oct/2021:08:55:16 +0200] "GET /sweets-beige-p-31681.html HTTP/1.0" 200 72968 "-" "Mozilla/5.0 (compatible; MJ12bot/v1.4.8; http://mj12bot.com/)"
185.191.171.42 - - [06/Oct/2021:08:55:18 +0200] "GET /amazon-love-tote-bag-jungle-p-50284.html HTTP/1.0" 301 74238 "-" "Mozilla/5.0 (compatible; SemrushBot/7~bl; +http://www.semrush.com/bot.html)"
185.191.171.25 - - [06/Oct/2021:08:55:20 +0200] "GET /amazon-love-tote-jungle-p-50284.html HTTP/1.0" 200 74148 "-" "Mozilla/5.0 (compatible; SemrushBot/7~bl; +http://www.semrush.com/bot.html)"
144.76.118.82 - - [06/Oct/2021:08:55:21 +0200] "GET /sweets-beige-p-31686.html HTTP/1.0" 200 72966 "-" "Mozilla/5.0 (compatible; MJ12bot/v1.4.8; http://mj12bot.com/)"
144.76.118.82 - - [06/Oct/2021:08:55:26 +0200] "GET /sweets-jar-cat-beige-22-cm-p-31686.html HTTP/1.0" 301 73045 "-" "Mozilla/5.0 (compatible; MJ12bot/v1.4.8; http://mj12bot.com/)"
144.76.118.82 - - [06/Oct/2021:08:55:32 +0200] "GET /sweets-beige-p-31686.html HTTP/1.0" 200 72966 "-" "Mozilla/5.0 (compatible; MJ12bot/v1.4.8; http://mj12bot.com/)"
144.76.118.82 - - [06/Oct/2021:08:55:39 +0200] "GET /sweets-jar-cat-white-22-cm-p-31689.html HTTP/1.0" 301 73018 "-" "Mozilla/5.0 (compatible; MJ12bot/v1.4.8; http://mj12bot.com/)"
144.76.118.82 - - [06/Oct/2021:08:55:44 +0200] "GET /sweets-white-p-31689.html HTTP/1.0" 200 72939 "-" "Mozilla/5.0 (compatible; MJ12bot/v1.4.8; http://mj12bot.com/)"
144.76.118.82 - - [06/Oct/2021:08:55:49 +0200] "GET /sweets-jar-dog-beige-24-cm-p-31681.html HTTP/1.0" 301 73047 "-" "Mozilla/5.0 (compatible; MJ12bot/v1.4.8; http://mj12bot.com/)"
66.249.64.82 - - [06/Oct/2021:08:55:52 +0200] "GET /white-skull-keyrings-sound-light-p-40193.html HTTP/1.0" 200 73265 "-" "Mozilla/5.0 (Linux; Android 6.0.1; Nexus 5X Build/MMB29P) AppleWebKit/537.36 (KHTML, like Gecko) Chrome/94.0.4606.61 Mobile Safari/537.36 (compatible; Googlebot/2.1; +http://www.google.com/bot.html)"
144.76.118.82 - - [06/Oct/2021:08:55:55 +0200] "GET /sweets-beige-p-31681.html HTTP/1.0" 200 72968 "-" "Mozilla/5.0 (compatible; MJ12bot/v1.4.8; http://mj12bot.com/)"
144.76.118.82 - - [06/Oct/2021:08:56:01 +0200] "GET /sweets-jar-dog-white-24-cm-p-31683.html HTTP/1.0" 301 70592 "-" "Mozilla/5.0 (compatible; MJ12bot/v1.4.8; http://mj12bot.com/)"
144.76.118.82 - - [06/Oct/2021:08:56:07 +0200] "GET /sweets-white-p-31683.html HTTP/1.0" 200 70513 "-" "Mozilla/5.0 (compatible; MJ12bot/v1.4.8; http://mj12bot.com/)"
144.76.118.82 - - [06/Oct/2021:08:56:12 +0200] "GET /sweets-white-p-31683.html HTTP/1.0" 200 70513 "-" "Mozilla/5.0 (compatible; MJ12bot/v1.4.8; http://mj12bot.com/)"
54.36.149.20 - - [06/Oct/2021:08:56:14 +0200] "GET /cotton-floor-cushion-blue-p-48314.html HTTP/1.0" 200 73710 "-" "Mozilla/5.0 (compatible; AhrefsBot/7.0; +http://ahrefs.com/robot/)"
144.76.118.82 - - [06/Oct/2021:08:56:18 +0200] "GET /sweets-white-p-31689.html HTTP/1.0" 200 72939 "-" "Mozilla/5.0 (compatible; MJ12bot/v1.4.8; http://mj12bot.com/)"
144.76.118.82 - - [06/Oct/2021:08:56:22 +0200] "GET /swimsuit-c-1_18.html?page=3 HTTP/1.0" 200 78028 "-" "Mozilla/5.0 (compatible; MJ12bot/v1.4.8; http://mj12bot.com/)"
144.76.118.82 - - [06/Oct/2021:08:56:27 +0200] "GET /swimsuit-c-1_18.html?page=4 HTTP/1.0" 200 78028 "-" "Mozilla/5.0 (compatible; MJ12bot/v1.4.8; http://mj12bot.com/)"
144.76.118.82 - - [06/Oct/2021:08:56:32 +0200] "GET /swimsuit-c-1_18.html?page=5 HTTP/1.0" 200 78028 "-" "Mozilla/5.0 (compatible; MJ12bot/v1.4.8; http://mj12bot.com/)"
54.36.148.2 - - [06/Oct/2021:08:56:34 +0200] "GET /wall-hanging-radha-and-shiva-the-eternal-lovers-40-55-cm-p-47247.html HTTP/1.0" 301 74483 "-" "Mozilla/5.0 (compatible; AhrefsBot/7.0; +http://ahrefs.com/robot/)"
144.76.118.82 - - [06/Oct/2021:08:56:38 +0200] "GET /swimwear-c-2_35.html?page=1 HTTP/1.0" 200 90050 "-" "Mozilla/5.0 (compatible; MJ12bot/v1.4.8; http://mj12bot.com/)"
144.76.118.82 - - [06/Oct/2021:08:56:44 +0200] "GET /table-lamp-gold-metal-p-42339.html HTTP/1.0" 301 70487 "-" "Mozilla/5.0 (compatible; MJ12bot/v1.4.8; http://mj12bot.com/)"
144.76.118.82 - - [06/Oct/2021:08:56:48 +0200] "GET /-p-42339.html HTTP/1.0" 200 70420 "-" "Mozilla/5.0 (compatible; MJ12bot/v1.4.8; http://mj12bot.com/)"
144.76.118.82 - - [06/Oct/2021:08:56:55 +0200] "GET /table-lamp-in-gold-metal-p-42339.html HTTP/1.0" 301 70487 "-" "Mozilla/5.0 (compatible; MJ12bot/v1.4.8; http://mj12bot.com/)"
144.76.118.82 - - [06/Oct/2021:08:57:01 +0200] "GET /-p-42339.html HTTP/1.0" 200 70420 "-" "Mozilla/5.0 (compatible; MJ12bot/v1.4.8; http://mj12bot.com/)"
144.76.118.82 - - [06/Oct/2021:08:57:07 +0200] "GET /tarot-lotus-wood-p-55098.html HTTP/1.0" 200 73891 "-" "Mozilla/5.0 (compatible; MJ12bot/v1.4.8; http://mj12bot.com/)"
144.76.118.82 - - [06/Oct/2021:08:57:13 +0200] "GET /tassen-porcelain-mood-creamer-made-germany-p-46332.html HTTP/1.0" 200 74233 "-" "Mozilla/5.0 (compatible; MJ12bot/v1.4.8; http://mj12bot.com/)"
144.76.118.82 - - [06/Oct/2021:08:57:18 +0200] "GET /tassen-porcelain-mood-creamer-made-in-germany-p-46332.html HTTP/1.0" 301 74342 "-" "Mozilla/5.0 (compatible; MJ12bot/v1.4.8; http://mj12bot.com/)"
144.76.118.82 - - [06/Oct/2021:08:57:23 +0200] "GET /tassen-porcelain-mood-creamer-made-germany-p-46332.html HTTP/1.0" 200 74233 "-" "Mozilla/5.0 (compatible; MJ12bot/v1.4.8; http://mj12bot.com/)"
144.76.118.82 - - [06/Oct/2021:08:57:27 +0200] "GET /tea-for-one-mandala-p-44263.html HTTP/1.0" 301 74358 "-" "Mozilla/5.0 (compatible; MJ12bot/v1.4.8; http://mj12bot.com/)"
114.119.128.253 - - [06/Oct/2021:08:57:30 +0200] "GET /images/big_prod/8422079319128.jpg HTTP/1.0" 200 268 "-" "Mozilla/5.0 (Linux; Android 7.0;) AppleWebKit/537.36 (KHTML, like Gecko) Mobile Safari/537.36 (compatible; PetalBot;+https://webmaster.petalsearch.com/site/petalbot)"
144.76.118.82 - - [06/Oct/2021:08:57:33 +0200] "GET /mandala-p-44263.html HTTP/1.0" 200 74284 "-" "Mozilla/5.0 (compatible; MJ12bot/v1.4.8; http://mj12bot.com/)"
54.36.149.77 - - [06/Oct/2021:08:57:39 +0200] "GET /rapunzel-figure-collection-adventurous-artist-p-52401.html HTTP/1.0" 200 74290 "-" "Mozilla/5.0 (compatible; AhrefsBot/7.0; +http://ahrefs.com/robot/)"
144.76.118.82 - - [06/Oct/2021:08:57:41 +0200] "GET /tea-for-one-mandala-p-44264.html HTTP/1.0" 301 73574 "-" "Mozilla/5.0 (compatible; MJ12bot/v1.4.8; http://mj12bot.com/)"
144.76.118.82 - - [06/Oct/2021:08:57:47 +0200] "GET /mandala-p-44264.html HTTP/1.0" 200 73500 "-" "Mozilla/5.0 (compatible; MJ12bot/v1.4.8; http://mj12bot.com/)"
144.76.118.82 - - [06/Oct/2021:08:57:52 +0200] "GET /tea-for-one-mandala-p-44265.html HTTP/1.0" 301 73572 "-" "Mozilla/5.0 (compatible; MJ12bot/v1.4.8; http://mj12bot.com/)"
144.76.118.82 - - [06/Oct/2021:08:57:58 +0200] "GET /mandala-p-44265.html HTTP/1.0" 200 73498 "-" "Mozilla/5.0 (compatible; MJ12bot/v1.4.8; http://mj12bot.com/)"
66.249.64.82 - - [06/Oct/2021:08:58:02 +0200] "GET /fitted-sheet-cotton-percale-threads-p-43833.html HTTP/1.0" 200 73392 "-" "Mozilla/5.0 (Linux; Android 6.0.1; Nexus 5X Build/MMB29P) AppleWebKit/537.36 (KHTML, like Gecko) Chrome/94.0.4606.61 Mobile Safari/537.36 (compatible; Googlebot/2.1; +http://www.google.com/bot.html)"
