144.76.118.82 - - [06/Oct/2021:08:58:04 +0200] "GET /tea-wooden-box-p-31734.html HTTP/1.0" 301 70523 "-" "Mozilla/5.0 (compatible; MJ12bot/v1.4.8; http://mj12bot.com/)"
144.76.118.82 - - [06/Oct/2021:08:58:10 +0200] "GET /wooden-p-31734.html HTTP/1.0" 200 70450 "-" "Mozilla/5.0 (compatible; MJ12bot/v1.4.8; http://mj12bot.com/)"
144.76.118.82 - - [06/Oct/2021:08:58:14 +0200] "GET /teo-jasmin-apache-beach-towel-p-35017.html HTTP/1.0" 301 70487 "-" "Mozilla/5.0 (compatible; MJ12bot/v1.4.8; http://mj12bot.com/)"
101.33.33.164 - - [06/Oct/2021:08:58:17 +0200] "GET /images/mini_prod/DSCN7544.jpg HTTP/1.0" 200 264 "-" "Mozilla/5.0 (X11; Ubuntu; Linux x86_64; rv:72.0) Gecko/20100101 Firefox/72.0"
144.76.118.82 - - [06/Oct/2021:08:58:19 +0200] "GET /-p-35017.html HTTP/1.0" 200 70420 "-" "Mozilla/5.0 (compatible; MJ12bot/v1.4.8; http://mj12bot.com/)"
144.76.118.82 - - [06/Oct/2021:08:58:24 +0200] "GET /teo-jasmin-cushion-with-removable-p-29434.html HTTP/1.0" 301 70487 "-" "Mozilla/5.0 (compatible; MJ12bot/v1.4.8; http://mj12bot.com/)"
144.76.118.82 - - [06/Oct/2021:08:58:29 +0200] "GET /-p-29434.html HTTP/1.0" 200 70420 "-" "Mozilla/5.0 (compatible; MJ12bot/v1.4.8; http://mj12bot.com/)"
144.76.118.82 - - [06/Oct/2021:08:58:34 +0200] "GET /teo-jasmin-cushion-with-removable-p-29435.html HTTP/1.0" 301 70487 "-" "Mozilla/5.0 (compatible; MJ12bot/v1.4.8; http://mj12bot.com/)"
144.76.118.82 - - [06/Oct/2021:08:58:39 +0200] "GET /-p-29435.html HTTP/1.0" 200 70420 "-" "Mozilla/5.0 (compatible; MJ12bot/v1.4.8; http://mj12bot.com/)"
144.76.118.82 - - [06/Oct/2021:08:58:45 +0200] "GET /teo-jasmin-cushion-with-removable-steed-grey-p-38711.html HTTP/1.0" 301 70487 "-" "Mozilla/5.0 (compatible; MJ12bot/v1.4.8; http://mj12bot.com/)"
144.76.118.82 - - [06/Oct/2021:08:58:51 +0200] "GET /-p-38711.html HTTP/1.0" 200 70420 "-" "Mozilla/5.0 (compatible; MJ12bot/v1.4.8; http://mj12bot.com/)"
144.76.118.82 - - [06/Oct/2021:08:58:56 +0200] "GET /teo-jasmin-dog-bowl-p-32287.html HTTP/1.0" 301 70568 "-" "Mozilla/5.0 (compatible; MJ12bot/v1.4.8; http://mj12bot.com/)"
144.76.118.82 - - [06/Oct/2021:08:59:01 +0200] "GET /jasmin-bowl-p-32287.html HTTP/1.0" 200 70490 "-" "Mozilla/5.0 (compatible; MJ12bot/v1.4.8; http://mj12bot.com/)"
40.77.167.77 - - [06/Oct/2021:08:59:03 +0200] "GET /furnishings-c-13_87.html HTTP/1.0" 200 90895 "-" "Mozilla/5.0 (compatible; bingbot/2.0; +http://www.bing.com/bingbot.htm)"
66.249.64.84 - - [06/Oct/2021:08:59:06 +0200] "GET /js/jquery.jqzoom.js HTTP/1.0" 200 259 "http://www.wonder-geek.com/fitted-sheet-cotton-percale-threads-p-43833.html" "Mozilla/5.0 (Linux; Android 6.0.1; Nexus 5X Build/MMB29P) AppleWebKit/537.36 (KHTML, like Gecko) Chrome/94.0.4606.61 Mobile Safari/537.36 (compatible; Googlebot/2.1; +http://www.google.com/bot.html)"
144.76.118.82 - - [06/Oct/2021:08:59:06 +0200] "GET /teo-jasmin-jasmine-companion-portfolio-morioka-p-44224.html HTTP/1.0" 301 74435 "-" "Mozilla/5.0 (compatible; MJ12bot/v1.4.8; http://mj12bot.com/)"
144.76.118.82 - - [06/Oct/2021:08:59:12 +0200] "GET /jasmin-jasmine-companion-portfolio-morioka-p-44224.html HTTP/1.0" 200 74326 "-" "Mozilla/5.0 (compatible; MJ12bot/v1.4.8; http://mj12bot.com/)"
54.36.148.108 - - [06/Oct/2021:08:59:14 +0200] "GET /klimt-tree-life-notebook-p-54008.html HTTP/1.0" 200 73137 "-" "Mozilla/5.0 (compatible; AhrefsBot/7.0; +http://ahrefs.com/robot/)"
5.255.253.134 - - [06/Oct/2021:08:59:16 +0200] "GET /robots.txt HTTP/1.0" 200 245 "-" "Mozilla/5.0 (compatible; YandexBot/3.0; +http://yandex.com/bots)"
144.76.118.82 - - [06/Oct/2021:08:59:18 +0200] "GET /teo-jasmin-jasmine-hmong-beach-towel-p-36763.html HTTP/1.0" 301 70487 "-" "Mozilla/5.0 (compatible; MJ12bot/v1.4.8; http://mj12bot.com/)"
185.191.171.24 - - [06/Oct/2021:08:59:18 +0200] "GET /-p-47240.html?action=add_product HTTP/1.0" 302 476 "-" "Mozilla/5.0 (compatible; SemrushBot/7~bl; +http://www.semrush.com/bot.html)"
5.255.253.134 - - [06/Oct/2021:08:59:20 +0200] "GET /alice-wonderland-figurine-miss-mindy-p-44929.html HTTP/1.0" 200 74603 "-" "Mozilla/5.0 (compatible; YandexBot/3.0; +http://yandex.com/bots)"
144.76.118.82 - - [06/Oct/2021:08:59:24 +0200] "GET /-p-36763.html HTTP/1.0" 200 70420 "-" "Mozilla/5.0 (compatible; MJ12bot/v1.4.8; http://mj12bot.com/)"
144.76.118.82 - - [06/Oct/2021:08:59:30 +0200] "GET /teo-jasmin-jasmine-liberty-companion-portfolio-p-39130.html HTTP/1.0" 301 70742 "-" "Mozilla/5.0 (compatible; MJ12bot/v1.4.8; http://mj12bot.com/)"
144.76.118.82 - - [06/Oct/2021:08:59:35 +0200] "GET /jasmin-jasmine-liberty-companion-portfolio-p-39130.html HTTP/1.0" 200 70633 "-" "Mozilla/5.0 (compatible; MJ12bot/v1.4.8; http://mj12bot.com/)"
144.76.118.82 - - [06/Oct/2021:08:59:40 +0200] "GET /teo-jasmin-jasmine-playa-beach-towel-p-35973.html HTTP/1.0" 301 70487 "-" "Mozilla/5.0 (compatible; MJ12bot/v1.4.8; http://mj12bot.com/)"
144.76.118.82 - - [06/Oct/2021:08:59:46 +0200] "GET /-p-35973.html HTTP/1.0" 200 70420 "-" "Mozilla/5.0 (compatible; MJ12bot/v1.4.8; http://mj12bot.com/)"
144.76.118.82 - - [06/Oct/2021:08:59:51 +0200] "GET /teo-jasmin-large-cabas-jasmine-p-44160.html HTTP/1.0" 301 70619 "-" "Mozilla/5.0 (compatible; MJ12bot/v1.4.8; http://mj12bot.com/)"
144.76.118.82 - - [06/Oct/2021:08:59:56 +0200] "GET /jasmin-large-cabas-jasmine-p-44160.html HTTP/1.0" 200 70526 "-" "Mozilla/5.0 (compatible; MJ12bot/v1.4.8; http://mj12bot.com/)"
185.191.171.11 - - [06/Oct/2021:09:00:01 +0200] "GET /verity-rose-gift-card-p-29169.html HTTP/1.0" 301 70487 "-" "Mozilla/5.0 (compatible; SemrushBot/7~bl; +http://www.semrush.com/bot.html)"
144.76.118.82 - - [06/Oct/2021:09:00:02 +0200] "GET /teo-jasmin-large-make-up-pouch-p-44219.html HTTP/1.0" 301 70606 "-" "Mozilla/5.0 (compatible; MJ12bot/v1.4.8; http://mj12bot.com/)"
185.191.171.9 - - [06/Oct/2021:09:00:04 +0200] "GET /-p-29169.html HTTP/1.0" 200 70420 "-" "Mozilla/5.0 (compatible; SemrushBot/7~bl; +http://www.semrush.com/bot.html)"
144.76.118.82 - - [06/Oct/2021:09:00:08 +0200] "GET /jasmin-large-make-pouch-p-44219.html HTTP/1.0" 200 70516 "-" "Mozilla/5.0 (compatible; MJ12bot/v1.4.8; http://mj12bot.com/)"
144.76.118.82 - - [06/Oct/2021:09:00:13 +0200] "GET /teo-jasmin-make-up-kit-nikko-p-44220.html HTTP/1.0" 301 70595 "-" "Mozilla/5.0 (compatible; MJ12bot/v1.4.8; http://mj12bot.com/)"
144.76.118.82 - - [06/Oct/2021:09:00:18 +0200] "GET /jasmin-make-nikko-p-44220.html HTTP/1.0" 200 70511 "-" "Mozilla/5.0 (compatible; MJ12bot/v1.4.8; http://mj12bot.com/)"
144.76.118.82 - - [06/Oct/2021:09:00:24 +0200] "GET /teo-jasmin-make-up-kit-teo-nova-p-43162.html HTTP/1.0" 301 73314 "-" "Mozilla/5.0 (compatible; MJ12bot/v1.4.8; http://mj12bot.com/)"
144.76.118.82 - - [06/Oct/2021:09:00:29 +0200] "GET /jasmin-make-nova-p-43162.html HTTP/1.0" 200 73231 "-" "Mozilla/5.0 (compatible; MJ12bot/v1.4.8; http://mj12bot.com/)"
40.77.167.79 - - [06/Oct/2021:09:00:32 +0200] "GET /images/big_prod/4012390327366.jpg HTTP/1.0" 200 268 "-" "Mozilla/5.0 (compatible; bingbot/2.0; +http://www.bing.com/bingbot.htm)"
144.76.118.82 - - [06/Oct/2021:09:00:34 +0200] "GET /teo-jasmin-make-up-pouch-nikko-p-44221.html HTTP/1.0" 301 73962 "-" "Mozilla/5.0 (compatible; MJ12bot/v1.4.8; http://mj12bot.com/)"
144.76.118.82 - - [06/Oct/2021:09:00:39 +0200] "GET /jasmin-make-pouch-nikko-p-44221.html HTTP/1.0" 200 73872 "-" "Mozilla/5.0 (compatible; MJ12bot/v1.4.8; http://mj12bot.com/)"
185.191.171.3 - - [06/Oct/2021:09:00:45 +0200] "GET /vintage-pvc-clock-p-40518.html HTTP/1.0" 301 70568 "-" "Mozilla/5.0 (compatible; SemrushBot/7~bl; +http://www.semrush.com/bot.html)"
54.36.149.97 - - [06/Oct/2021:09:00:46 +0200] "GET /table-protector-under-tablecloth-p-48562.html HTTP/1.0" 200 73351 "-" "Mozilla/5.0 (compatible; AhrefsBot/7.0; +http://ahrefs.com/robot/)"
185.191.171.37 - - [06/Oct/2021:09:00:47 +0200] "GET /vintage-clock-p-40518.html HTTP/1.0" 200 70488 "-" "Mozilla/5.0 (compatible; SemrushBot/7~bl; +http://www.semrush.com/bot.html)"
144.76.118.82 - - [06/Oct/2021:09:00:48 +0200] "GET /teo-jasmin-make-up-pouch-p-44218.html HTTP/1.0" 301 70601 "-" "Mozilla/5.0 (compatible; MJ12bot/v1.4.8; http://mj12bot.com/)"
144.76.118.82 - - [06/Oct/2021:09:00:52 +0200] "GET /jasmin-make-pouch-p-44218.html HTTP/1.0" 200 70517 "-" "Mozilla/5.0 (compatible; MJ12bot/v1.4.8; http://mj12bot.com/)"
144.76.118.82 - - [06/Oct/2021:09:00:57 +0200] "GET /teo-jasmin-make-up-pouch-p-44799.html HTTP/1.0" 301 70601 "-" "Mozilla/5.0 (compatible; MJ12bot/v1.4.8; http://mj12bot.com/)"
66.249.64.82 - - [06/Oct/2021:09:01:00 +0200] "GET /-p-35116.html HTTP/1.0" 200 70420 "-" "Mozilla/5.0 (Linux; Android 6.0.1; Nexus 5X Build/MMB29P) AppleWebKit/537.36 (KHTML, like Gecko) Chrome/94.0.4606.61 Mobile Safari/537.36 (compatible; Googlebot/2.1; +http://www.google.com/bot.html)"
144.76.118.82 - - [06/Oct/2021:09:01:01 +0200] "GET /jasmin-make-pouch-p-44799.html HTTP/1.0" 200 70517 "-" "Mozilla/5.0 (compatible; MJ12bot/v1.4.8; http://mj12bot.com/)"
144.76.118.82 - - [06/Oct/2021:09:01:07 +0200] "GET /teo-jasmin-medium-cabas-p-44167.html HTTP/1.0" 301 70604 "-" "Mozilla/5.0 (compatible; MJ12bot/v1.4.8; http://mj12bot.com/)"
185.191.171.23 - - [06/Oct/2021:09:01:08 +0200] "GET /sixtine-bedspread-p-51276.html?action=add_product HTTP/1.0" 302 476 "-" "Mozilla/5.0 (compatible; SemrushBot/7~bl; +http://www.semrush.com/bot.html)"
144.76.118.82 - - [06/Oct/2021:09:01:13 +0200] "GET /jasmin-medium-cabas-p-44167.html HTTP/1.0" 200 70518 "-" "Mozilla/5.0 (compatible; MJ12bot/v1.4.8; http://mj12bot.com/)"
114.119.128.39 - - [06/Oct/2021:09:01:13 +0200] "GET /johnny-hallyday-metal-plate-40-30-cm-p-51148.html HTTP/1.0" 301 73367 "-" "Mozilla/5.0 (Linux; Android 7.0;) AppleWebKit/537.36 (KHTML, like Gecko) Mobile Safari/537.36 (compatible; PetalBot;+https://webmaster.petalsearch.com/site/petalbot)"
114.119.128.39 - - [06/Oct/2021:09:01:16 +0200] "GET /johnny-hallyday-metal-plate-p-51148.html HTTP/1.0" 200 73273 "-" "Mozilla/5.0 (Linux; Android 7.0;) AppleWebKit/537.36 (KHTML, like Gecko) Mobile Safari/537.36 (compatible; PetalBot;+https://webmaster.petalsearch.com/site/petalbot)"
144.76.118.82 - - [06/Oct/2021:09:01:19 +0200] "GET /teo-jasmin-orange-salad-bowl-p-28937.html HTTP/1.0" 301 70487 "-" "Mozilla/5.0 (compatible; MJ12bot/v1.4.8; http://mj12bot.com/)"
144.76.118.82 - - [06/Oct/2021:09:01:24 +0200] "GET /-p-28937.html HTTP/1.0" 200 70420 "-" "Mozilla/5.0 (compatible; MJ12bot/v1.4.8; http://mj12bot.com/)"
144.76.118.82 - - [06/Oct/2021:09:01:30 +0200] "GET /teo-jasmin-pencil-case-p-34538.html HTTP/1.0" 301 70598 "-" "Mozilla/5.0 (compatible; MJ12bot/v1.4.8; http://mj12bot.com/)"
144.76.118.82 - - [06/Oct/2021:09:01:37 +0200] "GET /jasmin-pencil-case-p-34538.html HTTP/1.0" 200 70513 "-" "Mozilla/5.0 (compatible; MJ12bot/v1.4.8; http://mj12bot.com/)"
144.76.118.82 - - [06/Oct/2021:09:01:42 +0200] "GET /teo-jasmin-playa-beach-towel-p-35019.html HTTP/1.0" 301 70487 "-" "Mozilla/5.0 (compatible; MJ12bot/v1.4.8; http://mj12bot.com/)"
144.76.118.82 - - [06/Oct/2021:09:01:47 +0200] "GET /-p-35019.html HTTP/1.0" 200 70420 "-" "Mozilla/5.0 (compatible; MJ12bot/v1.4.8; http://mj12bot.com/)"
185.191.171.4 - - [06/Oct/2021:09:01:51 +0200] "GET /industrial-chandelier-patinated-metal-p-38630.html HTTP/1.0" 200 73280 "-" "Mozilla/5.0 (compatible; SemrushBot/7~bl; +http://www.semrush.com/bot.html)"
144.76.118.82 - - [06/Oct/2021:09:01:51 +0200] "GET /teo-jasmin-purse-teo-artiste-p-39136.html HTTP/1.0" 301 70628 "-" "Mozilla/5.0 (compatible; MJ12bot/v1.4.8; http://mj12bot.com/)"
144.76.118.82 - - [06/Oct/2021:09:01:57 +0200] "GET /jasmin-purse-artiste-p-39136.html HTTP/1.0" 200 70541 "-" "Mozilla/5.0 (compatible; MJ12bot/v1.4.8; http://mj12bot.com/)"
147.92.153.5 - - [06/Oct/2021:09:02:00 +0200] "GET /images/big_prod/3609810065659.jpg HTTP/1.0" 200 268 "-" "Mozilla/5.0 (compatible; Linespider/1.1; +https://lin.ee/4dwXkTH)"
144.76.118.82 - - [06/Oct/2021:09:02:03 +0200] "GET /teo-jasmin-purse-teo-rockabilly-p-39134.html HTTP/1.0" 301 70646 "-" "Mozilla/5.0 (compatible; MJ12bot/v1.4.8; http://mj12bot.com/)"
144.76.118.82 - - [06/Oct/2021:09:02:06 +0200] "GET /jasmin-purse-rockabilly-p-39134.html HTTP/1.0" 200 70556 "-" "Mozilla/5.0 (compatible; MJ12bot/v1.4.8; http://mj12bot.com/)"
144.76.118.82 - - [06/Oct/2021:09:02:11 +0200] "GET /teo-jasmin-small-cabas-artiste-p-39264.html HTTP/1.0" 301 70487 "-" "Mozilla/5.0 (compatible; MJ12bot/v1.4.8; http://mj12bot.com/)"
144.76.118.82 - - [06/Oct/2021:09:02:18 +0200] "GET /-p-39264.html HTTP/1.0" 200 70420 "-" "Mozilla/5.0 (compatible; MJ12bot/v1.4.8; http://mj12bot.com/)"
144.76.118.82 - - [06/Oct/2021:09:02:22 +0200] "GET /teo-jasmin-teo-liberty-companion-portfolio-p-39132.html HTTP/1.0" 301 70706 "-" "Mozilla/5.0 (compatible; MJ12bot/v1.4.8; http://mj12bot.com/)"
144.76.118.82 - - [06/Oct/2021:09:02:29 +0200] "GET /jasmin-liberty-companion-portfolio-p-39132.html HTTP/1.0" 200 70605 "-" "Mozilla/5.0 (compatible; MJ12bot/v1.4.8; http://mj12bot.com/)"
54.36.148.133 - - [06/Oct/2021:09:02:31 +0200] "GET /happiness-willow-tree-figurine-p-36264.html HTTP/1.0" 200 73869 "-" "Mozilla/5.0 (compatible; AhrefsBot/7.0; +http://ahrefs.com/robot/)"
144.76.118.82 - - [06/Oct/2021:09:02:34 +0200] "GET /the-little-prince-cushion-45-cm-navy-blue-p-44201.html HTTP/1.0" 301 70487 "-" "Mozilla/5.0 (compatible; MJ12bot/v1.4.8; http://mj12bot.com/)"
144.76.118.82 - - [06/Oct/2021:09:02:40 +0200] "GET /-p-44201.html HTTP/1.0" 200 70420 "-" "Mozilla/5.0 (compatible; MJ12bot/v1.4.8; http://mj12bot.com/)"
144.76.118.82 - - [06/Oct/2021:09:02:45 +0200] "GET /the-little-prince-cushion-cherry-pits-p-53843.html HTTP/1.0" 301 73940 "-" "Mozilla/5.0 (compatible; MJ12bot/v1.4.8; http://mj12bot.com/)"
144.76.118.82 - - [06/Oct/2021:09:02:51 +0200] "GET /little-prince-cushion-cherry-pits-p-53843.html HTTP/1.0" 200 73840 "-" "Mozilla/5.0 (compatible; MJ12bot/v1.4.8; http://mj12bot.com/)"
144.76.118.82 - - [06/Oct/2021:09:02:57 +0200] "GET /the-little-prince-cushion-cherry-pits-p-53844.html HTTP/1.0" 301 73311 "-" "Mozilla/5.0 (compatible; MJ12bot/v1.4.8; http://mj12bot.com/)"
144.76.118.82 - - [06/Oct/2021:09:03:03 +0200] "GET /little-prince-cushion-cherry-pits-p-53844.html HTTP/1.0" 200 73211 "-" "Mozilla/5.0 (compatible; MJ12bot/v1.4.8; http://mj12bot.com/)"
144.76.118.82 - - [06/Oct/2021:09:03:08 +0200] "GET /the-little-prince-of-saint-exupery-bowl-p-44840.html HTTP/1.0" 301 73250 "-" "Mozilla/5.0 (compatible; MJ12bot/v1.4.8; http://mj12bot.com/)"
144.76.118.82 - - [06/Oct/2021:09:03:13 +0200] "GET /little-prince-saint-exupery-bowl-p-44840.html HTTP/1.0" 200 73151 "-" "Mozilla/5.0 (compatible; MJ12bot/v1.4.8; http://mj12bot.com/)"
157.55.39.3 - - [06/Oct/2021:09:03:16 +0200] "GET /images/8006180204018.jpg HTTP/1.0" 200 259 "-" "Mozilla/5.0 (compatible; bingbot/2.0; +http://www.bing.com/bingbot.htm)"
144.76.118.82 - - [06/Oct/2021:09:03:17 +0200] "GET /the-little-prince-of-saint-exupery-bowl-p-44841.html HTTP/1.0" 301 73249 "-" "Mozilla/5.0 (compatible; MJ12bot/v1.4.8; http://mj12bot.com/)"
144.76.118.82 - - [06/Oct/2021:09:03:24 +0200] "GET /little-prince-saint-exupery-bowl-p-44841.html HTTP/1.0" 200 73150 "-" "Mozilla/5.0 (compatible; MJ12bot/v1.4.8; http://mj12bot.com/)"
144.76.118.82 - - [06/Oct/2021:09:03:29 +0200] "GET /the-little-prince-of-saint-exupery-cookie-jar-p-44862.html HTTP/1.0" 301 73316 "-" "Mozilla/5.0 (compatible; MJ12bot/v1.4.8; http://mj12bot.com/)"
144.76.118.82 - - [06/Oct/2021:09:03:38 +0200] "GET /little-prince-saint-exupery-cookie-p-44862.html HTTP/1.0" 200 73215 "-" "Mozilla/5.0 (compatible; MJ12bot/v1.4.8; http://mj12bot.com/)"
144.76.118.82 - - [06/Oct/2021:09:03:43 +0200] "GET /the-little-prince-of-saint-exupery-white-ceramic-mug-and-cup-p-44846.html HTTP/1.0" 301 73477 "-" "Mozilla/5.0 (compatible; MJ12bot/v1.4.8; http://mj12bot.com/)"
144.76.118.82 - - [06/Oct/2021:09:03:49 +0200] "GET /little-prince-saint-exupery-white-ceramic-p-44846.html HTTP/1.0" 200 73369 "-" "Mozilla/5.0 (compatible; MJ12bot/v1.4.8; http://mj12bot.com/)"
144.76.118.82 - - [06/Oct/2021:09:03:54 +0200] "GET /the-little-prince-tote-bag-p-47143.html HTTP/1.0" 301 73207 "-" "Mozilla/5.0 (compatible; MJ12bot/v1.4.8; http://mj12bot.com/)"
144.76.118.82 - - [06/Oct/2021:09:04:01 +0200] "GET /little-prince-tote-p-47143.html HTTP/1.0" 200 73122 "-" "Mozilla/5.0 (compatible; MJ12bot/v1.4.8; http://mj12bot.com/)"
54.36.149.34 - - [06/Oct/2021:09:04:02 +0200] "GET /star-wars-rebels-stickers-p-31214.html HTTP/1.0" 200 73131 "-" "Mozilla/5.0 (compatible; AhrefsBot/7.0; +http://ahrefs.com/robot/)"
144.76.118.82 - - [06/Oct/2021:09:04:07 +0200] "GET /tinkerbell-round-pencil-case-p-36277.html HTTP/1.0" 200 70558 "-" "Mozilla/5.0 (compatible; MJ12bot/v1.4.8; http://mj12bot.com/)"
144.76.118.82 - - [06/Oct/2021:09:04:12 +0200] "GET /toiletbrush-bamboo-p-53708.html HTTP/1.0" 200 73855 "-" "Mozilla/5.0 (compatible; MJ12bot/v1.4.8; http://mj12bot.com/)"
144.76.118.82 - - [06/Oct/2021:09:04:19 +0200] "GET /transportable-iridescent-glass-lamp-p-55142.html HTTP/1.0" 200 74396 "-" "Mozilla/5.0 (compatible; MJ12bot/v1.4.8; http://mj12bot.com/)"
144.76.118.82 - - [06/Oct/2021:09:04:22 +0200] "GET /tray-in-raw-wood-40-24-cm-p-45091.html HTTP/1.0" 301 70558 "-" "Mozilla/5.0 (compatible; MJ12bot/v1.4.8; http://mj12bot.com/)"
144.76.118.82 - - [06/Oct/2021:09:04:25 +0200] "GET /tray-wood-p-45091.html HTTP/1.0" 200 70482 "-" "Mozilla/5.0 (compatible; MJ12bot/v1.4.8; http://mj12bot.com/)"
144.76.118.82 - - [06/Oct/2021:09:04:31 +0200] "GET /tray-wood-p-45091.html HTTP/1.0" 200 70482 "-" "Mozilla/5.0 (compatible; MJ12bot/v1.4.8; http://mj12bot.com/)"
185.191.171.22 - - [06/Oct/2021:09:04:32 +0200] "GET /barbecue-wooden-wall-decoration-hang-p-44740.html?action=add_product HTTP/1.0" 302 476 "-" "Mozilla/5.0 (compatible; SemrushBot/7~bl; +http://www.semrush.com/bot.html)"
144.76.118.82 - - [06/Oct/2021:09:04:36 +0200] "GET /triangular-vintage-alarm-clock-gray-green-p-55136.html HTTP/1.0" 301 74374 "-" "Mozilla/5.0 (compatible; MJ12bot/v1.4.8; http://mj12bot.com/)"
144.76.118.82 - - [06/Oct/2021:09:04:41 +0200] "GET /triangular-vintage-alarm-clock-green-grey-p-55136.html HTTP/1.0" 200 74266 "-" "Mozilla/5.0 (compatible; MJ12bot/v1.4.8; http://mj12bot.com/)"
144.76.118.82 - - [06/Oct/2021:09:04:46 +0200] "GET /triangular-vintage-alarm-clock-gray-pink-p-55137.html HTTP/1.0" 200 74252 "-" "Mozilla/5.0 (compatible; MJ12bot/v1.4.8; http://mj12bot.com/)"
144.76.118.82 - - [06/Oct/2021:09:04:51 +0200] "GET /triangular-vintage-alarm-clock-green-grey-p-55136.html HTTP/1.0" 200 74266 "-" "Mozilla/5.0 (compatible; MJ12bot/v1.4.8; http://mj12bot.com/)"
114.119.128.37 - - [06/Oct/2021:09:04:53 +0200] "GET /images/mini_prod/1328399270187.jpg HTTP/1.0" 200 269 "-" "Mozilla/5.0 (Linux; Android 7.0;) AppleWebKit/537.36 (KHTML, like Gecko) Mobile Safari/537.36 (compatible; PetalBot;+https://webmaster.petalsearch.com/site/petalbot)"
144.76.118.82 - - [06/Oct/2021:09:04:56 +0200] "GET /tweety-cap-scarf-and-glove-set-p-22269.html HTTP/1.0" 301 70625 "-" "Mozilla/5.0 (compatible; MJ12bot/v1.4.8; http://mj12bot.com/)"
144.76.118.82 - - [06/Oct/2021:09:05:02 +0200] "GET /tweety-scarf-glove-p-22269.html HTTP/1.0" 200 70540 "-" "Mozilla/5.0 (compatible; MJ12bot/v1.4.8; http://mj12bot.com/)"
144.76.118.82 - - [06/Oct/2021:09:05:08 +0200] "GET /tweety-figurine-p-45066.html HTTP/1.0" 200 73028 "-" "Mozilla/5.0 (compatible; MJ12bot/v1.4.8; http://mj12bot.com/)"
144.76.118.82 - - [06/Oct/2021:09:05:16 +0200] "GET /tweety-scarf-glove-p-22269.html HTTP/1.0" 200 70540 "-" "Mozilla/5.0 (compatible; MJ12bot/v1.4.8; http://mj12bot.com/)"
144.76.118.82 - - [06/Oct/2021:09:05:21 +0200] "GET /verity-rose-cupcake-emery-board-p-29145.html HTTP/1.0" 200 73201 "-" "Mozilla/5.0 (compatible; MJ12bot/v1.4.8; http://mj12bot.com/)"
144.76.118.82 - - [06/Oct/2021:09:05:26 +0200] "GET /vintage-gasoline-effect-frame-in-wood-hanging-p-46295.html HTTP/1.0" 301 73439 "-" "Mozilla/5.0 (compatible; MJ12bot/v1.4.8; http://mj12bot.com/)"
54.36.148.181 - - [06/Oct/2021:09:05:27 +0200] "GET /adaptable-decorative-caps-c-12_249.html HTTP/1.0" 200 79044 "-" "Mozilla/5.0 (compatible; AhrefsBot/7.0; +http://ahrefs.com/robot/)"
185.191.171.44 - - [06/Oct/2021:09:05:27 +0200] "GET /buddhist-bracelet-wooden-beads-orange-p-37668.html HTTP/1.0" 200 73109 "-" "Mozilla/5.0 (compatible; SemrushBot/7~bl; +http://www.semrush.com/bot.html)"
144.76.118.82 - - [06/Oct/2021:09:05:34 +0200] "GET /vintage-gasoline-effect-frame-wood-hanging-p-46295.html HTTP/1.0" 200 73330 "-" "Mozilla/5.0 (compatible; MJ12bot/v1.4.8; http://mj12bot.com/)"
144.76.118.82 - - [06/Oct/2021:09:05:39 +0200] "GET /vintage-gasoline-effect-frame-wood-hanging-p-46295.html HTTP/1.0" 200 73330 "-" "Mozilla/5.0 (compatible; MJ12bot/v1.4.8; http://mj12bot.com/)"
144.76.118.82 - - [06/Oct/2021:09:05:47 +0200] "GET /volkswagen-mug-p-40282.html HTTP/1.0" 301 70487 "-" "Mozilla/5.0 (compatible; MJ12bot/v1.4.8; http://mj12bot.com/)"
144.76.118.82 - - [06/Oct/2021:09:05:54 +0200] "GET /-p-40282.html HTTP/1.0" 200 70420 "-" "Mozilla/5.0 (compatible; MJ12bot/v1.4.8; http://mj12bot.com/)"
144.76.118.82 - - [06/Oct/2021:09:05:59 +0200] "GET /wall-decoration-beer-capsule-collector-p-53784.html HTTP/1.0" 200 74075 "-" "Mozilla/5.0 (compatible; MJ12bot/v1.4.8; http://mj12bot.com/)"
144.76.118.82 - - [06/Oct/2021:09:06:04 +0200] "GET /want-mini-magnet-mirror-p-19664.html HTTP/1.0" 200 73058 "-" "Mozilla/5.0 (compatible; MJ12bot/v1.4.8; http://mj12bot.com/)"
144.76.118.82 - - [06/Oct/2021:09:06:09 +0200] "GET /want-you-mini-magnet-mirror-p-19664.html HTTP/1.0" 301 73148 "-" "Mozilla/5.0 (compatible; MJ12bot/v1.4.8; http://mj12bot.com/)"
185.191.171.37 - - [06/Oct/2021:09:06:10 +0200] "GET /breakfast-c-12_61.html?page=4 HTTP/1.0" 200 92345 "-" "Mozilla/5.0 (compatible; SemrushBot/7~bl; +http://www.semrush.com/bot.html)"
144.76.118.82 - - [06/Oct/2021:09:06:14 +0200] "GET /want-mini-magnet-mirror-p-19664.html HTTP/1.0" 200 73058 "-" "Mozilla/5.0 (compatible; MJ12bot/v1.4.8; http://mj12bot.com/)"
144.76.118.82 - - [06/Oct/2021:09:06:20 +0200] "GET /washed-dyed-cotton-tablecloth-p-55038.html HTTP/1.0" 200 74131 "-" "Mozilla/5.0 (compatible; MJ12bot/v1.4.8; http://mj12bot.com/)"
144.76.118.82 - - [06/Oct/2021:09:06:26 +0200] "GET /wax-melt-plum-and-orange-blossom-p-46023.html HTTP/1.0" 301 70652 "-" "Mozilla/5.0 (compatible; MJ12bot/v1.4.8; http://mj12bot.com/)"
144.76.118.82 - - [06/Oct/2021:09:06:32 +0200] "GET /melt-plum-orange-blossom-p-46023.html HTTP/1.0" 200 70561 "-" "Mozilla/5.0 (compatible; MJ12bot/v1.4.8; http://mj12bot.com/)"
144.76.118.82 - - [06/Oct/2021:09:06:37 +0200] "GET /white-black-gold-ginkgo-glass-paperweight-p-55123.html HTTP/1.0" 200 74264 "-" "Mozilla/5.0 (compatible; MJ12bot/v1.4.8; http://mj12bot.com/)"
144.76.118.82 - - [06/Oct/2021:09:06:43 +0200] "GET /white-cotton-kitchen-towel-45-70-cm-corsica-p-52485.html HTTP/1.0" 301 73307 "-" "Mozilla/5.0 (compatible; MJ12bot/v1.4.8; http://mj12bot.com/)"
144.76.118.82 - - [06/Oct/2021:09:06:48 +0200] "GET /white-cotton-kitchen-towel-corsica-p-52485.html HTTP/1.0" 200 73206 "-" "Mozilla/5.0 (compatible; MJ12bot/v1.4.8; http://mj12bot.com/)"
144.76.118.82 - - [06/Oct/2021:09:06:52 +0200] "GET /white-cotton-kitchen-towel-corsica-p-52485.html HTTP/1.0" 200 73206 "-" "Mozilla/5.0 (compatible; MJ12bot/v1.4.8; http://mj12bot.com/)"
54.36.148.111 - - [06/Oct/2021:09:06:54 +0200] "GET /decoration-sand-p-46482.html HTTP/1.0" 200 73120 "-" "Mozilla/5.0 (compatible; AhrefsBot/7.0; +http://ahrefs.com/robot/)"
144.76.118.82 - - [06/Oct/2021:09:06:59 +0200] "GET /white-piggy-bank-p-55557.html HTTP/1.0" 200 73896 "-" "Mozilla/5.0 (compatible; MJ12bot/v1.4.8; http://mj12bot.com/)"
144.76.118.82 - - [06/Oct/2021:09:07:05 +0200] "GET /window-sticker-flower-life-gold-p-44278.html HTTP/1.0" 200 73142 "-" "Mozilla/5.0 (compatible; MJ12bot/v1.4.8; http://mj12bot.com/)"
144.76.118.82 - - [06/Oct/2021:09:07:09 +0200] "GET /window-sticker-flower-of-life-gold-p-44278.html HTTP/1.0" 301 73240 "-" "Mozilla/5.0 (compatible; MJ12bot/v1.4.8; http://mj12bot.com/)"
144.76.118.82 - - [06/Oct/2021:09:07:14 +0200] "GET /window-sticker-flower-life-gold-p-44278.html HTTP/1.0" 200 73142 "-" "Mozilla/5.0 (compatible; MJ12bot/v1.4.8; http://mj12bot.com/)"
185.191.171.22 - - [06/Oct/2021:09:07:18 +0200] "GET /ceramic-table-lamp-silver-p-55539.html?action=add_product HTTP/1.0" 302 476 "-" "Mozilla/5.0 (compatible; SemrushBot/7~bl; +http://www.semrush.com/bot.html)"
144.76.118.82 - - [06/Oct/2021:09:07:20 +0200] "GET /wise-monkeys-gold-table-lamp-53-cm-p-52530.html HTTP/1.0" 301 74355 "-" "Mozilla/5.0 (compatible; MJ12bot/v1.4.8; http://mj12bot.com/)"
144.76.118.82 - - [06/Oct/2021:09:07:26 +0200] "GET /wise-monkeys-gold-table-lamp-p-52530.html HTTP/1.0" 200 74260 "-" "Mozilla/5.0 (compatible; MJ12bot/v1.4.8; http://mj12bot.com/)"
144.76.118.82 - - [06/Oct/2021:09:07:30 +0200] "GET /wise-monkeys-gold-table-lamp-54-cm-p-52530.html HTTP/1.0" 301 74355 "-" "Mozilla/5.0 (compatible; MJ12bot/v1.4.8; http://mj12bot.com/)"
144.76.118.82 - - [06/Oct/2021:09:07:36 +0200] "GET /wise-monkeys-gold-table-lamp-p-52530.html HTTP/1.0" 200 74260 "-" "Mozilla/5.0 (compatible; MJ12bot/v1.4.8; http://mj12bot.com/)"
144.76.118.82 - - [06/Oct/2021:09:07:43 +0200] "GET /wise-monkeys-gold-table-lamp-p-52530.html HTTP/1.0" 200 74260 "-" "Mozilla/5.0 (compatible; MJ12bot/v1.4.8; http://mj12bot.com/)"
144.76.118.82 - - [06/Oct/2021:09:07:49 +0200] "GET /with-wooden-drawers-blush-p-53946.html HTTP/1.0" 200 73861 "-" "Mozilla/5.0 (compatible; MJ12bot/v1.4.8; http://mj12bot.com/)"
185.191.171.45 - - [06/Oct/2021:09:07:52 +0200] "GET /cement-tile-stickers-15-15-cm-gray-p-43004.html HTTP/1.0" 301 73518 "-" "Mozilla/5.0 (compatible; SemrushBot/7~bl; +http://www.semrush.com/bot.html)"
185.191.171.8 - - [06/Oct/2021:09:07:55 +0200] "GET /cement-tile-stickers-gray-p-43004.html HTTP/1.0" 200 73426 "-" "Mozilla/5.0 (compatible; SemrushBot/7~bl; +http://www.semrush.com/bot.html)"
144.76.118.82 - - [06/Oct/2021:09:07:56 +0200] "GET /with-wooden-drawers-taipei-p-53913.html HTTP/1.0" 200 73254 "-" "Mozilla/5.0 (compatible; MJ12bot/v1.4.8; http://mj12bot.com/)"
144.76.118.82 - - [06/Oct/2021:09:08:02 +0200] "GET /wooden-antique-white-p-45830.html HTTP/1.0" 200 73866 "-" "Mozilla/5.0 (compatible; MJ12bot/v1.4.8; http://mj12bot.com/)"
144.76.118.82 - - [06/Oct/2021:09:08:07 +0200] "GET /wooden-p-31734.html HTTP/1.0" 200 70450 "-" "Mozilla/5.0 (compatible; MJ12bot/v1.4.8; http://mj12bot.com/)"
54.36.148.101 - - [06/Oct/2021:09:08:02 +0200] "GET /toys-c-4_45.html HTTP/1.0" 200 89900 "-" "Mozilla/5.0 (compatible; AhrefsBot/7.0; +http://ahrefs.com/robot/)"
144.76.118.82 - - [06/Oct/2021:09:08:13 +0200] "GET /wooden-panels-holiday-83-cm-p-45088.html HTTP/1.0" 301 70487 "-" "Mozilla/5.0 (compatible; MJ12bot/v1.4.8; http://mj12bot.com/)"
5.255.253.134 - - [06/Oct/2021:09:08:18 +0200] "GET /images/mini_prod/3700281653427.jpg HTTP/1.0" 200 269 "-" "Mozilla/5.0 (compatible; YandexImages/3.0; +http://yandex.com/bots)"
185.191.171.18 - - [06/Oct/2021:09:08:19 +0200] "GET /paperweight-terrasse-soir-p-54229.html HTTP/1.0" 200 74024 "-" "Mozilla/5.0 (compatible; SemrushBot/7~bl; +http://www.semrush.com/bot.html)"
144.76.118.82 - - [06/Oct/2021:09:08:19 +0200] "GET /-p-45088.html HTTP/1.0" 200 70420 "-" "Mozilla/5.0 (compatible; MJ12bot/v1.4.8; http://mj12bot.com/)"
144.76.118.82 - - [06/Oct/2021:09:08:24 +0200] "GET /wooden-panels-holiday-p-45088.html HTTP/1.0" 301 70487 "-" "Mozilla/5.0 (compatible; MJ12bot/v1.4.8; http://mj12bot.com/)"
144.76.118.82 - - [06/Oct/2021:09:08:31 +0200] "GET /-p-45088.html HTTP/1.0" 200 70420 "-" "Mozilla/5.0 (compatible; MJ12bot/v1.4.8; http://mj12bot.com/)"
114.119.128.253 - - [06/Oct/2021:09:08:32 +0200] "GET /fragrance-sachet-lily-of-the-valley-p-40555.html HTTP/1.0" 301 73910 "-" "Mozilla/5.0 (Linux; Android 7.0;) AppleWebKit/537.36 (KHTML, like Gecko) Mobile Safari/537.36 (compatible; PetalBot;+https://webmaster.petalsearch.com/site/petalbot)"
114.119.128.253 - - [06/Oct/2021:09:08:34 +0200] "GET /fragrance-sachet-lily-valley-p-40555.html HTTP/1.0" 200 73815 "-" "Mozilla/5.0 (Linux; Android 7.0;) AppleWebKit/537.36 (KHTML, like Gecko) Mobile Safari/537.36 (compatible; PetalBot;+https://webmaster.petalsearch.com/site/petalbot)"
144.76.118.82 - - [06/Oct/2021:09:08:36 +0200] "GET /wooden-wall-decoration-flamingo-p-44248.html HTTP/1.0" 200 70534 "-" "Mozilla/5.0 (compatible; MJ12bot/v1.4.8; http://mj12bot.com/)"
66.249.64.82 - - [06/Oct/2021:09:08:38 +0200] "GET /pulp-fiction-zombis-poster-p-32264.html HTTP/1.0" 200 73101 "-" "Mozilla/5.0 (Linux; Android 6.0.1; Nexus 5X Build/MMB29P) AppleWebKit/537.36 (KHTML, like Gecko) Chrome/94.0.4606.61 Mobile Safari/537.36 (compatible; Googlebot/2.1; +http://www.google.com/bot.html)"
144.76.118.82 - - [06/Oct/2021:09:08:42 +0200] "GET /wooden-wall-decoration-flamingo-p-44249.html HTTP/1.0" 200 73137 "-" "Mozilla/5.0 (compatible; MJ12bot/v1.4.8; http://mj12bot.com/)"
144.76.118.82 - - [06/Oct/2021:09:08:48 +0200] "GET /york-cookware-cbkreation-p-29700.html HTTP/1.0" 200 73100 "-" "Mozilla/5.0 (compatible; MJ12bot/v1.4.8; http://mj12bot.com/)"
144.76.118.82 - - [06/Oct/2021:09:08:53 +0200] "GET /york-flag-clock-p-26135.html HTTP/1.0" 301 70487 "-" "Mozilla/5.0 (compatible; MJ12bot/v1.4.8; http://mj12bot.com/)"
144.76.118.82 - - [06/Oct/2021:09:08:59 +0200] "GET /-p-26135.html HTTP/1.0" 200 70420 "-" "Mozilla/5.0 (compatible; MJ12bot/v1.4.8; http://mj12bot.com/)"
144.76.118.82 - - [06/Oct/2021:09:09:03 +0200] "GET /york-liberty-clock-p-26134.html HTTP/1.0" 301 70487 "-" "Mozilla/5.0 (compatible; MJ12bot/v1.4.8; http://mj12bot.com/)"
54.36.148.19 - - [06/Oct/2021:09:09:07 +0200] "GET /bamboo-retro-tray-allergique-matin-p-51686.html HTTP/1.0" 200 73188 "-" "Mozilla/5.0 (compatible; AhrefsBot/7.0; +http://ahrefs.com/robot/)"
144.76.118.82 - - [06/Oct/2021:09:09:09 +0200] "GET /-p-26134.html HTTP/1.0" 200 70420 "-" "Mozilla/5.0 (compatible; MJ12bot/v1.4.8; http://mj12bot.com/)"
144.76.118.82 - - [06/Oct/2021:09:09:16 +0200] "GET /york-night-chandelier-p-35771.html HTTP/1.0" 200 70537 "-" "Mozilla/5.0 (compatible; MJ12bot/v1.4.8; http://mj12bot.com/)"
144.76.118.82 - - [06/Oct/2021:09:09:20 +0200] "GET /york-statue-liberty-clock-p-26140.html HTTP/1.0" 301 70487 "-" "Mozilla/5.0 (compatible; MJ12bot/v1.4.8; http://mj12bot.com/)"
144.76.118.82 - - [06/Oct/2021:09:09:26 +0200] "GET /-p-26140.html HTTP/1.0" 200 70420 "-" "Mozilla/5.0 (compatible; MJ12bot/v1.4.8; http://mj12bot.com/)"
144.76.118.82 - - [06/Oct/2021:09:09:29 +0200] "GET /york-statue-liberty-stool-p-12306.html HTTP/1.0" 200 70569 "-" "Mozilla/5.0 (compatible; MJ12bot/v1.4.8; http://mj12bot.com/)"
185.191.171.24 - - [06/Oct/2021:09:09:33 +0200] "GET /betty-boop-stars-mobile-sock-p-18335.html?action=add_product HTTP/1.0" 302 476 "-" "Mozilla/5.0 (compatible; SemrushBot/7~bl; +http://www.semrush.com/bot.html)"
144.76.118.82 - - [06/Oct/2021:09:09:34 +0200] "GET /york-taxis-flag-sticker-p-35396.html HTTP/1.0" 301 70487 "-" "Mozilla/5.0 (compatible; MJ12bot/v1.4.8; http://mj12bot.com/)"
144.76.118.82 - - [06/Oct/2021:09:09:40 +0200] "GET /-p-35396.html HTTP/1.0" 200 70420 "-" "Mozilla/5.0 (compatible; MJ12bot/v1.4.8; http://mj12bot.com/)"
185.191.171.23 - - [06/Oct/2021:09:09:45 +0200] "GET /star-wars-poe-dameron-figure-p-34608.html HTTP/1.0" 301 73375 "-" "Mozilla/5.0 (compatible; SemrushBot/7~bl; +http://www.semrush.com/bot.html)"
144.76.118.82 - - [06/Oct/2021:09:09:46 +0200] "GET /york-yankees-black-bowling-p-11593.html HTTP/1.0" 200 73490 "-" "Mozilla/5.0 (compatible; MJ12bot/v1.4.8; http://mj12bot.com/)"
185.191.171.36 - - [06/Oct/2021:09:09:49 +0200] "GET /star-wars-dameron-figure-p-34608.html HTTP/1.0" 200 73284 "-" "Mozilla/5.0 (compatible; SemrushBot/7~bl; +http://www.semrush.com/bot.html)"
144.76.118.82 - - [06/Oct/2021:09:09:52 +0200] "GET /york-yankees-navy-bowling-p-11594.html HTTP/1.0" 200 73482 "-" "Mozilla/5.0 (compatible; MJ12bot/v1.4.8; http://mj12bot.com/)"
144.76.118.82 - - [06/Oct/2021:09:09:56 +0200] "GET /york-yankees-retro-black-shoulder-p-22238.html HTTP/1.0" 200 73456 "-" "Mozilla/5.0 (compatible; MJ12bot/v1.4.8; http://mj12bot.com/)"
144.76.118.82 - - [06/Oct/2021:09:10:02 +0200] "GET /zebra-jewelry-holder-statuette-p-55823.html HTTP/1.0" 200 73266 "-" "Mozilla/5.0 (compatible; MJ12bot/v1.4.8; http://mj12bot.com/)"
54.36.149.34 - - [06/Oct/2021:09:10:13 +0200] "GET /decoration-sand-p-46483.html HTTP/1.0" 200 73118 "-" "Mozilla/5.0 (compatible; AhrefsBot/7.0; +http://ahrefs.com/robot/)"
66.249.64.84 - - [06/Oct/2021:09:10:17 +0200] "GET /diesel-black-pencil-case-only-brave-factory-p-36505.html HTTP/1.0" 200 73322 "-" "Mozilla/5.0 (Linux; Android 6.0.1; Nexus 5X Build/MMB29P) AppleWebKit/537.36 (KHTML, like Gecko) Chrome/94.0.4606.71 Mobile Safari/537.36 (compatible; Googlebot/2.1; +http://www.google.com/bot.html)"
185.191.171.34 - - [06/Oct/2021:09:10:25 +0200] "GET /cars-mug-milk-p-27658.html HTTP/1.0" 301 73094 "-" "Mozilla/5.0 (compatible; SemrushBot/7~bl; +http://www.semrush.com/bot.html)"
185.191.171.18 - - [06/Oct/2021:09:10:28 +0200] "GET /cars-milk-p-27658.html HTTP/1.0" 200 73018 "-" "Mozilla/5.0 (compatible; SemrushBot/7~bl; +http://www.semrush.com/bot.html)"
185.191.171.41 - - [06/Oct/2021:09:11:03 +0200] "GET /confucius-citation-white-tee-shirt-p-34201.html HTTP/1.0" 301 75169 "-" "Mozilla/5.0 (compatible; SemrushBot/7~bl; +http://www.semrush.com/bot.html)"
17.121.114.193 - - [06/Oct/2021:09:11:04 +0200] "GET /charmmy-kitty-dress-p-31104.html HTTP/1.0" 200 74470 "-" "Mozilla/5.0 (Macintosh; Intel Mac OS X 10_15_5) AppleWebKit/605.1.15 (KHTML, like Gecko) Version/13.1.1 Safari/605.1.15 (Applebot/0.1; +http://www.apple.com/go/applebot)"
66.249.64.84 - - [06/Oct/2021:09:11:07 +0200] "GET /images/big_prod/3700276290446.jpg HTTP/1.0" 200 268 "-" "Googlebot-Image/1.0"
185.191.171.6 - - [06/Oct/2021:09:11:06 +0200] "GET /confucius-citation-white-shirt-p-34201.html HTTP/1.0" 200 75072 "-" "Mozilla/5.0 (compatible; SemrushBot/7~bl; +http://www.semrush.com/bot.html)"
54.36.148.252 - - [06/Oct/2021:09:11:10 +0200] "GET /medusa-glass-paperweight-p-53632.html HTTP/1.0" 200 73062 "-" "Mozilla/5.0 (compatible; AhrefsBot/7.0; +http://ahrefs.com/robot/)"
51.68.224.127 - - [06/Oct/2021:09:11:49 +0200] "GET /adminweb/export_orders_xml.php?token=256de2z6edz6ed2z6DFSFsed2zed6zeDSFDSGdzedezfzf&maxorders=10&orderstart=1&status=14&start_date=2018-10-01 HTTP/1.0" 200 285 "-" "GesCom CharlotteBoutik Serveur"
51.68.224.127 - - [06/Oct/2021:09:11:49 +0200] "GET /adminweb/export_orders_xml.php?token=256de2z6edz6ed2z6DFSFsed2zed6zeDSFDSGdzedezfzf&maxorders=10&orderstart=1&status=6&start_date=2018-10-01 HTTP/1.0" 200 32573 "-" "GesCom CharlotteBoutik Serveur"
185.191.171.1 - - [06/Oct/2021:09:11:56 +0200] "GET /game-of-thrones-poster-p-28284.html HTTP/1.0" 301 70601 "-" "Mozilla/5.0 (compatible; SemrushBot/7~bl; +http://www.semrush.com/bot.html)"
185.191.171.6 - - [06/Oct/2021:09:11:59 +0200] "GET /game-thrones-poster-p-28284.html HTTP/1.0" 200 70515 "-" "Mozilla/5.0 (compatible; SemrushBot/7~bl; +http://www.semrush.com/bot.html)"
185.191.171.9 - - [06/Oct/2021:09:12:01 +0200] "GET /decoration-young-african-girl-p-55775.html HTTP/1.0" 200 73848 "-" "Mozilla/5.0 (compatible; SemrushBot/7~bl; +http://www.semrush.com/bot.html)"
54.36.149.15 - - [06/Oct/2021:09:12:20 +0200] "GET /guardian-angel-mini-statuette-sold-random-model-unit-p-44353.html HTTP/1.0" 200 73293 "-" "Mozilla/5.0 (compatible; AhrefsBot/7.0; +http://ahrefs.com/robot/)"
185.191.171.43 - - [06/Oct/2021:09:12:26 +0200] "GET /route-perpetual-calendar-p-12568.html?action=add_product HTTP/1.0" 302 476 "-" "Mozilla/5.0 (compatible; SemrushBot/7~bl; +http://www.semrush.com/bot.html)"
185.191.171.35 - - [06/Oct/2021:09:12:56 +0200] "GET /ceramic-cork-trivet-beer-capsule-blue-p-54091.html?action=add_product HTTP/1.0" 302 476 "-" "Mozilla/5.0 (compatible; SemrushBot/7~bl; +http://www.semrush.com/bot.html)"
185.191.171.24 - - [06/Oct/2021:09:13:22 +0200] "GET /york-yankees-navy-bowling-p-11594.html?action=add_product HTTP/1.0" 302 476 "-" "Mozilla/5.0 (compatible; SemrushBot/7~bl; +http://www.semrush.com/bot.html)"
185.191.171.24 - - [06/Oct/2021:09:13:24 +0200] "GET /head-wallet-model-p-39434.html HTTP/1.0" 200 73070 "-" "Mozilla/5.0 (compatible; SemrushBot/7~bl; +http://www.semrush.com/bot.html)"
54.36.148.122 - - [06/Oct/2021:09:13:31 +0200] "GET /lotus-padmasana-yoga-statuette-p-47496.html HTTP/1.0" 200 73180 "-" "Mozilla/5.0 (compatible; AhrefsBot/7.0; +http://ahrefs.com/robot/)"
40.77.167.10 - - [06/Oct/2021:09:13:41 +0200] "GET /images/big_prod_1/1384010203644.jpg HTTP/1.0" 200 270 "-" "Mozilla/5.0 (compatible; bingbot/2.0; +http://www.bing.com/bingbot.htm)"
114.119.128.39 - - [06/Oct/2021:09:14:15 +0200] "GET /support-metal-bottle-the-fireman-p-48456.html HTTP/1.0" 301 73923 "-" "Mozilla/5.0 (Linux; Android 7.0;) AppleWebKit/537.36 (KHTML, like Gecko) Mobile Safari/537.36 (compatible; PetalBot;+https://webmaster.petalsearch.com/site/petalbot)"
114.119.128.39 - - [06/Oct/2021:09:14:18 +0200] "GET /support-metal-bottle-fireman-p-48456.html HTTP/1.0" 200 73828 "-" "Mozilla/5.0 (Linux; Android 7.0;) AppleWebKit/537.36 (KHTML, like Gecko) Mobile Safari/537.36 (compatible; PetalBot;+https://webmaster.petalsearch.com/site/petalbot)"
54.36.148.189 - - [06/Oct/2021:09:14:38 +0200] "GET /penguins-jewelry-support-statuette-p-47113.html HTTP/1.0" 200 73327 "-" "Mozilla/5.0 (compatible; AhrefsBot/7.0; +http://ahrefs.com/robot/)"
185.191.171.43 - - [06/Oct/2021:09:14:43 +0200] "GET /follow-your-dreams-wooden-tray-34-24-cm-p-50106.html HTTP/1.0" 301 70649 "-" "Mozilla/5.0 (compatible; SemrushBot/7~bl; +http://www.semrush.com/bot.html)"
185.191.171.24 - - [06/Oct/2021:09:14:46 +0200] "GET /follow-your-dreams-wooden-tray-p-50106.html HTTP/1.0" 200 70552 "-" "Mozilla/5.0 (compatible; SemrushBot/7~bl; +http://www.semrush.com/bot.html)"
144.76.118.82 - - [06/Oct/2021:09:14:52 +0200] "GET /robots.txt HTTP/1.0" 200 245 "-" "Mozilla/5.0 (compatible; MJ12bot/v1.4.8; http://mj12bot.com/)"
144.76.118.82 - - [06/Oct/2021:09:14:58 +0200] "GET /mirror-hang-mosaics-butterfly-p-46422.html HTTP/1.0" 200 73119 "-" "Mozilla/5.0 (compatible; MJ12bot/v1.4.8; http://mj12bot.com/)"
66.249.64.82 - - [06/Oct/2021:09:15:02 +0200] "GET /wooden-sticker-strips-p-54625.html HTTP/1.0" 200 74179 "-" "Mozilla/5.0 (Linux; Android 6.0.1; Nexus 5X Build/MMB29P) AppleWebKit/537.36 (KHTML, like Gecko) Chrome/94.0.4606.71 Mobile Safari/537.36 (compatible; Googlebot/2.1; +http://www.google.com/bot.html)"
144.76.118.82 - - [06/Oct/2021:09:15:04 +0200] "GET /mirror-to-hang-mosaics-butterfly-p-46422.html HTTP/1.0" 301 73215 "-" "Mozilla/5.0 (compatible; MJ12bot/v1.4.8; http://mj12bot.com/)"
144.76.118.82 - - [06/Oct/2021:09:15:11 +0200] "GET /mirror-hang-mosaics-butterfly-p-46422.html HTTP/1.0" 200 73119 "-" "Mozilla/5.0 (compatible; MJ12bot/v1.4.8; http://mj12bot.com/)"
144.76.118.82 - - [06/Oct/2021:09:15:18 +0200] "GET /mobil-gas-metal-plate-295-cm-p-47175.html HTTP/1.0" 301 73163 "-" "Mozilla/5.0 (compatible; MJ12bot/v1.4.8; http://mj12bot.com/)"
185.191.171.24 - - [06/Oct/2021:09:15:23 +0200] "GET /wolf-plaid-p-45936.html HTTP/1.0" 200 73102 "-" "Mozilla/5.0 (compatible; SemrushBot/7~bl; +http://www.semrush.com/bot.html)"
144.76.118.82 - - [06/Oct/2021:09:15:25 +0200] "GET /mobil-metal-plate-p-47175.html HTTP/1.0" 200 73079 "-" "Mozilla/5.0 (compatible; MJ12bot/v1.4.8; http://mj12bot.com/)"
144.76.118.82 - - [06/Oct/2021:09:15:34 +0200] "GET /mobil-metal-plate-p-47175.html HTTP/1.0" 200 73079 "-" "Mozilla/5.0 (compatible; MJ12bot/v1.4.8; http://mj12bot.com/)"
144.76.118.82 - - [06/Oct/2021:09:15:40 +0200] "GET /motocycle-and-more-red-tee-shirt-p-35447.html HTTP/1.0" 301 75103 "-" "Mozilla/5.0 (compatible; MJ12bot/v1.4.8; http://mj12bot.com/)"
144.76.118.82 - - [06/Oct/2021:09:15:46 +0200] "GET /motocycle-more-shirt-p-35447.html HTTP/1.0" 200 75016 "-" "Mozilla/5.0 (compatible; MJ12bot/v1.4.8; http://mj12bot.com/)"
54.36.148.181 - - [06/Oct/2021:09:15:43 +0200] "GET /trunks-c-13_208.html HTTP/1.0" 200 83325 "-" "Mozilla/5.0 (compatible; AhrefsBot/7.0; +http://ahrefs.com/robot/)"
185.191.171.19 - - [06/Oct/2021:09:15:44 +0200] "GET /dishes-c-12.html?page=56 HTTP/1.0" 200 91944 "-" "Mozilla/5.0 (compatible; SemrushBot/7~bl; +http://www.semrush.com/bot.html)"
144.76.118.82 - - [06/Oct/2021:09:15:57 +0200] "GET /motocycle-grey-shirt-p-35448.html HTTP/1.0" 200 74980 "-" "Mozilla/5.0 (compatible; MJ12bot/v1.4.8; http://mj12bot.com/)"
144.76.118.82 - - [06/Oct/2021:09:16:04 +0200] "GET /motocycle-grey-tee-shirt-p-35448.html HTTP/1.0" 301 75067 "-" "Mozilla/5.0 (compatible; MJ12bot/v1.4.8; http://mj12bot.com/)"
144.76.118.82 - - [06/Oct/2021:09:16:10 +0200] "GET /motocycle-grey-shirt-p-35448.html HTTP/1.0" 200 74980 "-" "Mozilla/5.0 (compatible; MJ12bot/v1.4.8; http://mj12bot.com/)"
144.76.118.82 - - [06/Oct/2021:09:16:16 +0200] "GET /motocycle-more-shirt-p-35447.html HTTP/1.0" 200 75016 "-" "Mozilla/5.0 (compatible; MJ12bot/v1.4.8; http://mj12bot.com/)"
144.76.118.82 - - [06/Oct/2021:09:16:23 +0200] "GET /mustang-35-th-anniversary-metal-plate-deco-405-215-cm-p-47179.html HTTP/1.0" 301 73395 "-" "Mozilla/5.0 (compatible; MJ12bot/v1.4.8; http://mj12bot.com/)"
144.76.118.82 - - [06/Oct/2021:09:16:27 +0200] "GET /mustang-anniversary-metal-plate-deco-p-47179.html HTTP/1.0" 200 73292 "-" "Mozilla/5.0 (compatible; MJ12bot/v1.4.8; http://mj12bot.com/)"
178.159.37.60 - - [06/Oct/2021:09:16:34 +0200] "GET /create_account.php HTTP/1.0" 301 547 "-" "Mozilla/4.0 (compatible; MSIE 6.0; Windows NT 5.1; SV1)"
144.76.118.82 - - [06/Oct/2021:09:16:33 +0200] "GET /mustang-anniversary-metal-plate-deco-p-47179.html HTTP/1.0" 200 73292 "-" "Mozilla/5.0 (compatible; MJ12bot/v1.4.8; http://mj12bot.com/)"
178.159.37.60 - - [06/Oct/2021:09:16:34 +0200] "GET /create_account.php HTTP/1.0" 200 33633 "-" "Mozilla/4.0 (compatible; MSIE 6.0; Windows NT 5.1; SV1)"
178.159.37.60 - - [06/Oct/2021:09:16:35 +0200] "POST /create_account.php HTTP/1.0" 200 34523 "http://wonder-geek.com/create_account.php" "Mozilla/4.0 (compatible; MSIE 6.0; Windows NT 5.1; SV1)"
144.76.118.82 - - [06/Oct/2021:09:16:40 +0200] "GET /new-york-by-night-chandelier-p-35771.html HTTP/1.0" 301 70625 "-" "Mozilla/5.0 (compatible; MJ12bot/v1.4.8; http://mj12bot.com/)"
144.76.118.82 - - [06/Oct/2021:09:16:46 +0200] "GET /york-night-chandelier-p-35771.html HTTP/1.0" 200 70537 "-" "Mozilla/5.0 (compatible; MJ12bot/v1.4.8; http://mj12bot.com/)"
185.191.171.12 - - [06/Oct/2021:09:16:49 +0200] "GET /florialys-fragrance-in-provence-golden-jasmine-p-48498.html HTTP/1.0" 301 73469 "-" "Mozilla/5.0 (compatible; SemrushBot/7~bl; +http://www.semrush.com/bot.html)"
185.191.171.11 - - [06/Oct/2021:09:16:54 +0200] "GET /florialys-fragrance-provence-golden-jasmine-p-48498.html HTTP/1.0" 200 73359 "-" "Mozilla/5.0 (compatible; SemrushBot/7~bl; +http://www.semrush.com/bot.html)"
54.36.148.25 - - [06/Oct/2021:09:16:56 +0200] "GET /ivory-beige-kitchen-towel-p-44421.html HTTP/1.0" 200 73103 "-" "Mozilla/5.0 (compatible; AhrefsBot/7.0; +http://ahrefs.com/robot/)"
185.191.171.13 - - [06/Oct/2021:09:17:00 +0200] "GET /robots.txt HTTP/1.0" 200 245 "-" "Mozilla/5.0 (compatible; SemrushBot/7~bl; +http://www.semrush.com/bot.html)"
144.76.118.82 - - [06/Oct/2021:09:16:58 +0200] "GET /new-york-city-frame-p-25032.html HTTP/1.0" 301 70487 "-" "Mozilla/5.0 (compatible; MJ12bot/v1.4.8; http://mj12bot.com/)"
185.191.171.21 - - [06/Oct/2021:09:17:03 +0200] "GET /powder-candle-bougie-autrement-glitter-p-53079.html?action=add_product HTTP/1.0" 302 476 "-" "Mozilla/5.0 (compatible; SemrushBot/7~bl; +http://www.semrush.com/bot.html)"
144.76.118.82 - - [06/Oct/2021:09:17:07 +0200] "GET /-p-25032.html HTTP/1.0" 200 70420 "-" "Mozilla/5.0 (compatible; MJ12bot/v1.4.8; http://mj12bot.com/)"
144.76.118.82 - - [06/Oct/2021:09:17:15 +0200] "GET /new-york-duvet-220-240-cm-p-33877.html HTTP/1.0" 301 70487 "-" "Mozilla/5.0 (compatible; MJ12bot/v1.4.8; http://mj12bot.com/)"
144.76.118.82 - - [06/Oct/2021:09:17:26 +0200] "GET /-p-33877.html HTTP/1.0" 200 70420 "-" "Mozilla/5.0 (compatible; MJ12bot/v1.4.8; http://mj12bot.com/)"
66.249.64.84 - - [06/Oct/2021:09:17:12 +0200] "GET /paper-towel-dispenser-c-12_253.html HTTP/1.0" 200 78559 "-" "Mozilla/5.0 (Linux; Android 6.0.1; Nexus 5X Build/MMB29P) AppleWebKit/537.36 (KHTML, like Gecko) Chrome/94.0.4606.61 Mobile Safari/537.36 (compatible; Googlebot/2.1; +http://www.google.com/bot.html)"
144.76.118.82 - - [06/Oct/2021:09:17:32 +0200] "GET /new-york-grey-dotty-bedclothes-220-240-cm-p-36599.html HTTP/1.0" 301 70487 "-" "Mozilla/5.0 (compatible; MJ12bot/v1.4.8; http://mj12bot.com/)"
144.76.118.82 - - [06/Oct/2021:09:17:42 +0200] "GET /-p-36599.html HTTP/1.0" 200 70420 "-" "Mozilla/5.0 (compatible; MJ12bot/v1.4.8; http://mj12bot.com/)"
144.76.118.82 - - [06/Oct/2021:09:17:47 +0200] "GET /new-york-liberty-big-clock-p-26134.html HTTP/1.0" 301 70487 "-" "Mozilla/5.0 (compatible; MJ12bot/v1.4.8; http://mj12bot.com/)"
40.77.167.77 - - [06/Oct/2021:09:17:54 +0200] "GET /images/big_prod_1/b8435337081934.jpg HTTP/1.0" 200 271 "-" "Mozilla/5.0 (compatible; bingbot/2.0; +http://www.bing.com/bingbot.htm)"
144.76.118.82 - - [06/Oct/2021:09:17:53 +0200] "GET /-p-26134.html HTTP/1.0" 200 70420 "-" "Mozilla/5.0 (compatible; MJ12bot/v1.4.8; http://mj12bot.com/)"
144.76.118.82 - - [06/Oct/2021:09:17:57 +0200] "GET /new-york-pot-cookware-cbkreation-p-29700.html HTTP/1.0" 301 73191 "-" "Mozilla/5.0 (compatible; MJ12bot/v1.4.8; http://mj12bot.com/)"
114.119.128.40 - - [06/Oct/2021:09:17:58 +0200] "GET /golden-parrot-wall-decoration-statuette-p-49709.html HTTP/1.0" 200 73244 "-" "Mozilla/5.0 (Linux; Android 7.0;) AppleWebKit/537.36 (KHTML, like Gecko) Mobile Safari/537.36 (compatible; PetalBot;+https://webmaster.petalsearch.com/site/petalbot)"
144.76.118.82 - - [06/Oct/2021:09:18:03 +0200] "GET /york-cookware-cbkreation-p-29700.html HTTP/1.0" 200 73100 "-" "Mozilla/5.0 (compatible; MJ12bot/v1.4.8; http://mj12bot.com/)"
54.36.149.89 - - [06/Oct/2021:09:18:07 +0200] "GET /harley-davidson-moneybox-p-26366.html HTTP/1.0" 200 73040 "-" "Mozilla/5.0 (compatible; AhrefsBot/7.0; +http://ahrefs.com/robot/)"
144.76.118.82 - - [06/Oct/2021:09:18:09 +0200] "GET /new-york-pot-cookware-p-29700.html HTTP/1.0" 301 73191 "-" "Mozilla/5.0 (compatible; MJ12bot/v1.4.8; http://mj12bot.com/)"
144.76.118.82 - - [06/Oct/2021:09:18:14 +0200] "GET /york-cookware-cbkreation-p-29700.html HTTP/1.0" 200 73100 "-" "Mozilla/5.0 (compatible; MJ12bot/v1.4.8; http://mj12bot.com/)"
185.191.171.37 - - [06/Oct/2021:09:18:14 +0200] "GET /grand-prix-moto-glasses-box-p-41486.html HTTP/1.0" 301 73224 "-" "Mozilla/5.0 (compatible; SemrushBot/7~bl; +http://www.semrush.com/bot.html)"
144.76.118.82 - - [06/Oct/2021:09:18:27 +0200] "GET /new-york-statue-of-liberty-bar-stool-p-12306.html HTTP/1.0" 301 70661 "-" "Mozilla/5.0 (compatible; MJ12bot/v1.4.8; http://mj12bot.com/)"
185.191.171.12 - - [06/Oct/2021:09:18:24 +0200] "GET /grand-prix-moto-glasses-p-41486.html HTTP/1.0" 200 73134 "-" "Mozilla/5.0 (compatible; SemrushBot/7~bl; +http://www.semrush.com/bot.html)"
185.191.171.39 - - [06/Oct/2021:09:18:31 +0200] "GET /the-simpsons-tee-shirt-p-29593.html HTTP/1.0" 301 74516 "-" "Mozilla/5.0 (compatible; SemrushBot/7~bl; +http://www.semrush.com/bot.html)"
144.76.118.82 - - [06/Oct/2021:09:18:33 +0200] "GET /york-statue-liberty-stool-p-12306.html HTTP/1.0" 200 70569 "-" "Mozilla/5.0 (compatible; MJ12bot/v1.4.8; http://mj12bot.com/)"
144.76.118.82 - - [06/Oct/2021:09:18:39 +0200] "GET /new-york-statue-of-liberty-big-clock-p-26140.html HTTP/1.0" 301 70487 "-" "Mozilla/5.0 (compatible; MJ12bot/v1.4.8; http://mj12bot.com/)"
185.191.171.24 - - [06/Oct/2021:09:18:34 +0200] "GET /simpsons-shirt-p-29593.html HTTP/1.0" 200 74435 "-" "Mozilla/5.0 (compatible; SemrushBot/7~bl; +http://www.semrush.com/bot.html)"
144.76.118.82 - - [06/Oct/2021:09:18:45 +0200] "GET /-p-26140.html HTTP/1.0" 200 70420 "-" "Mozilla/5.0 (compatible; MJ12bot/v1.4.8; http://mj12bot.com/)"
185.191.171.13 - - [06/Oct/2021:09:18:45 +0200] "GET /love-personnalized-ipad-pink-shell-p-17685.html HTTP/1.0" 200 73418 "-" "Mozilla/5.0 (compatible; SemrushBot/7~bl; +http://www.semrush.com/bot.html)"
144.76.118.82 - - [06/Oct/2021:09:18:51 +0200] "GET /new-york-taxis-flag-sticker-p-35396.html HTTP/1.0" 301 70487 "-" "Mozilla/5.0 (compatible; MJ12bot/v1.4.8; http://mj12bot.com/)"
144.76.118.82 - - [06/Oct/2021:09:18:57 +0200] "GET /-p-35396.html HTTP/1.0" 200 70420 "-" "Mozilla/5.0 (compatible; MJ12bot/v1.4.8; http://mj12bot.com/)"
144.76.118.82 - - [06/Oct/2021:09:19:03 +0200] "GET /new-york-usa-flag-big-clock-p-26135.html HTTP/1.0" 301 70487 "-" "Mozilla/5.0 (compatible; MJ12bot/v1.4.8; http://mj12bot.com/)"
144.76.118.82 - - [06/Oct/2021:09:19:09 +0200] "GET /-p-26135.html HTTP/1.0" 200 70420 "-" "Mozilla/5.0 (compatible; MJ12bot/v1.4.8; http://mj12bot.com/)"
144.76.118.82 - - [06/Oct/2021:09:19:15 +0200] "GET /new-york-yankees-black-bowling-bag-p-11593.html HTTP/1.0" 301 73583 "-" "Mozilla/5.0 (compatible; MJ12bot/v1.4.8; http://mj12bot.com/)"
144.76.118.82 - - [06/Oct/2021:09:19:22 +0200] "GET /york-yankees-black-bowling-p-11593.html HTTP/1.0" 200 73490 "-" "Mozilla/5.0 (compatible; MJ12bot/v1.4.8; http://mj12bot.com/)"
144.76.118.82 - - [06/Oct/2021:09:19:28 +0200] "GET /new-york-yankees-calendar-school-year-2014-2015-p-26239.html HTTP/1.0" 301 70487 "-" "Mozilla/5.0 (compatible; MJ12bot/v1.4.8; http://mj12bot.com/)"
185.191.171.24 - - [06/Oct/2021:09:19:30 +0200] "GET /cement-tile-stickers-15-15-cm-p-50329.html HTTP/1.0" 301 73456 "-" "Mozilla/5.0 (compatible; SemrushBot/7~bl; +http://www.semrush.com/bot.html)"
185.191.171.20 - - [06/Oct/2021:09:19:37 +0200] "GET /cement-tile-stickers-p-50329.html HTTP/1.0" 200 73369 "-" "Mozilla/5.0 (compatible; SemrushBot/7~bl; +http://www.semrush.com/bot.html)"
144.76.118.82 - - [06/Oct/2021:09:19:38 +0200] "GET /-p-26239.html HTTP/1.0" 200 70420 "-" "Mozilla/5.0 (compatible; MJ12bot/v1.4.8; http://mj12bot.com/)"
