17.121.115.21 - - [06/Oct/2021:10:38:10 +0200] "GET /images/big_prod_2/a028399186730.jpg HTTP/1.1" 200 67276 "-" "Mozilla/5.0 (Macintosh; Intel Mac OS X 10_15_5) AppleWebKit/605.1.15 (KHTML, like Gecko) Version/13.1.1 Safari/605.1.15 (Applebot/0.1; +http://www.apple.com/go/applebot)"
157.55.39.3 - - [06/Oct/2021:10:41:10 +0200] "GET /images/big_prod/1345544930512.jpg HTTP/1.1" 200 101829 "-" "Mozilla/5.0 (compatible; bingbot/2.0; +http://www.bing.com/bingbot.htm)"
147.92.153.9 - - [06/Oct/2021:10:42:03 +0200] "GET /images/big_prod/1328399299997.jpg HTTP/1.1" 200 187492 "-" "Mozilla/5.0 (compatible; Linespider/1.1; +https://lin.ee/4dwXkTH)"
207.46.13.17 - - [06/Oct/2021:10:43:32 +0200] "GET /images/big_prod/1341689464356.jpg HTTP/1.1" 200 165754 "-" "Mozilla/5.0 (compatible; bingbot/2.0; +http://www.bing.com/bingbot.htm)"
114.119.128.34 - - [06/Oct/2021:10:45:16 +0200] "GET /images/big_prod_1/3660173235318a.jpg HTTP/1.1" 200 29646 "-" "Mozilla/5.0 (Linux; Android 7.0;) AppleWebKit/537.36 (KHTML, like Gecko) Mobile Safari/537.36 (compatible; PetalBot;+https://webmaster.petalsearch.com/site/petalbot)"
157.55.39.3 - - [06/Oct/2021:10:46:42 +0200] "GET /images/big_prod_2/c8717202557592.jpg HTTP/1.1" 200 65068 "-" "Mozilla/5.0 (compatible; bingbot/2.0; +http://www.bing.com/bingbot.htm)"
17.121.115.176 - - [06/Oct/2021:10:47:01 +0200] "GET /images/big_prod/NN1399980107892NN.jpg HTTP/1.1" 200 96615 "-" "Mozilla/5.0 (Macintosh; Intel Mac OS X 10_15_5) AppleWebKit/605.1.15 (KHTML, like Gecko) Version/13.1.1 Safari/605.1.15 (Applebot/0.1; +http://www.apple.com/go/applebot)"
66.249.93.176 - - [06/Oct/2021:10:48:22 +0200] "GET /favicon.ico HTTP/1.1" 200 1591 "-" "Mozilla/5.0 (X11; Linux x86_64) AppleWebKit/537.36 (KHTML, like Gecko) Chrome/49.0.2623.75 Safari/537.36 Google Favicon"
159.138.102.98 - - [06/Oct/2021:10:51:52 +0200] "GET /images/mini_prod/8433933158098.jpg HTTP/1.1" 200 6048 "-" "Mozilla/5.0 (Linux; Android 7.0;) AppleWebKit/537.36 (KHTML, like Gecko) Mobile Safari/537.36 (compatible; PetalBot;+https://webmaster.petalsearch.com/site/petalbot)"
17.121.112.124 - - [06/Oct/2021:10:54:10 +0200] "GET /images/mini_prod/8412497371747.jpg HTTP/1.1" 200 8125 "-" "Mozilla/5.0 (Macintosh; Intel Mac OS X 10_15_5) AppleWebKit/605.1.15 (KHTML, like Gecko) Version/13.1.1 Safari/605.1.15 (Applebot/0.1; +http://www.apple.com/go/applebot)"
66.249.64.84 - - [06/Oct/2021:10:54:18 +0200] "GET /images/1341689387563.jpg HTTP/1.1" 200 73236 "-" "Googlebot-Image/1.0"
66.249.64.83 - - [06/Oct/2021:10:55:47 +0200] "GET /images/big_prod_1/3453131144940N.jpg HTTP/1.1" 200 311268 "-" "Googlebot-Image/1.0"
216.244.66.242 - - [06/Oct/2021:10:56:08 +0200] "GET /robots.txt HTTP/1.1" 200 2438 "-" "Mozilla/5.0 (compatible; DotBot/1.2; +https://opensiteexplorer.org/dotbot; help@moz.com)"
5.255.253.134 - - [06/Oct/2021:10:59:25 +0200] "GET /robots.txt HTTP/1.1" 200 2438 "-" "Mozilla/5.0 (compatible; YandexBot/3.0; +http://yandex.com/bots)"
5.255.253.134 - - [06/Oct/2021:10:59:29 +0200] "GET /images/mini_prod/8445148004916.jpg HTTP/1.1" 200 8802 "-" "Mozilla/5.0 (compatible; YandexImages/3.0; +http://yandex.com/bots)"
40.77.167.10 - - [06/Oct/2021:10:59:59 +0200] "GET /images/mini_prod/8422015291419.jpg HTTP/1.1" 200 3517 "-" "Mozilla/5.0 (Windows NT 6.1; WOW64) AppleWebKit/534+ (KHTML, like Gecko) BingPreview/1.0b"
66.249.64.84 - - [06/Oct/2021:11:02:33 +0200] "GET /images/big_prod_1/1328399282524b.jpg HTTP/1.1" 200 236232 "-" "Googlebot-Image/1.0"
207.46.13.162 - - [06/Oct/2021:11:03:38 +0200] "GET /images/1308421410057.jpg HTTP/1.1" 200 103632 "-" "Mozilla/5.0 (compatible; bingbot/2.0; +http://www.bing.com/bingbot.htm)"
17.121.114.75 - - [06/Oct/2021:11:05:33 +0200] "GET /images/mini_prod/3660173148601.jpg HTTP/1.1" 200 9291 "-" "Mozilla/5.0 (Macintosh; Intel Mac OS X 10_15_5) AppleWebKit/605.1.15 (KHTML, like Gecko) Version/13.1.1 Safari/605.1.15 (Applebot/0.1; +http://www.apple.com/go/applebot)"
40.77.167.10 - - [06/Oct/2021:11:06:53 +0200] "GET /images/241008_174416_PEEL_AxJDcK.jpg HTTP/1.1" 200 29343 "-" "Mozilla/5.0 (compatible; bingbot/2.0; +http://www.bing.com/bingbot.htm)"
40.77.167.77 - - [06/Oct/2021:11:07:15 +0200] "GET /images/big_prod/1341689464233.jpg HTTP/1.1" 200 139106 "-" "Mozilla/5.0 (compatible; bingbot/2.0; +http://www.bing.com/bingbot.htm)"
40.77.167.79 - - [06/Oct/2021:11:07:25 +0200] "GET /images/mini_prod/8719172831023.jpg HTTP/1.1" 200 4669 "-" "Mozilla/5.0 (compatible; bingbot/2.0; +http://www.bing.com/bingbot.htm)"
17.121.112.160 - - [06/Oct/2021:11:09:41 +0200] "GET /images/mini_prod/3560600248556.jpg HTTP/1.1" 200 7197 "-" "Mozilla/5.0 (Macintosh; Intel Mac OS X 10_15_5) AppleWebKit/605.1.15 (KHTML, like Gecko) Version/13.1.1 Safari/605.1.15 (Applebot/0.1; +http://www.apple.com/go/applebot)"
185.191.171.45 - - [06/Oct/2021:11:11:38 +0200] "GET /robots.txt HTTP/1.1" 200 2438 "-" "Mozilla/5.0 (compatible; SemrushBot/7~bl; +http://www.semrush.com/bot.html)"
157.55.39.68 - - [06/Oct/2021:11:12:54 +0200] "GET /images/8455297513634.jpg HTTP/1.1" 200 65502 "-" "Mozilla/5.0 (compatible; bingbot/2.0; +http://www.bing.com/bingbot.htm)"
159.138.102.98 - - [06/Oct/2021:11:14:01 +0200] "GET /images/big_prod/3700572739496.jpg HTTP/1.1" 200 687869 "-" "Mozilla/5.0 (Linux; Android 7.0;) AppleWebKit/537.36 (KHTML, like Gecko) Mobile Safari/537.36 (compatible; PetalBot;+https://webmaster.petalsearch.com/site/petalbot)"
17.121.113.188 - - [06/Oct/2021:11:14:40 +0200] "GET /images/big_prod/3453131135511B.jpg HTTP/1.1" 200 311711 "-" "Mozilla/5.0 (Macintosh; Intel Mac OS X 10_15_5) AppleWebKit/605.1.15 (KHTML, like Gecko) Version/13.1.1 Safari/605.1.15 (Applebot/0.1; +http://www.apple.com/go/applebot)"
5.255.253.134 - - [06/Oct/2021:11:15:13 +0200] "GET /images/big_prod/1020322287896.jpg HTTP/1.1" 200 56265 "-" "Mozilla/5.0 (compatible; YandexImages/3.0; +http://yandex.com/bots)"
40.77.167.65 - - [06/Oct/2021:11:17:04 +0200] "GET /images/4007176129005.jpg HTTP/1.1" 200 49269 "-" "Mozilla/5.0 (compatible; bingbot/2.0; +http://www.bing.com/bingbot.htm)"
114.119.128.37 - - [06/Oct/2021:11:17:16 +0200] "GET /images/big_prod/5415203966940.jpg HTTP/1.1" 200 257688 "-" "Mozilla/5.0 (Linux; Android 7.0;) AppleWebKit/537.36 (KHTML, like Gecko) Mobile Safari/537.36 (compatible; PetalBot;+https://webmaster.petalsearch.com/site/petalbot)"
17.121.115.148 - - [06/Oct/2021:11:17:36 +0200] "GET /images/big_prod_1/b8717202551453.jpg HTTP/1.1" 200 84833 "-" "Mozilla/5.0 (Macintosh; Intel Mac OS X 10_15_5) AppleWebKit/605.1.15 (KHTML, like Gecko) Version/13.1.1 Safari/605.1.15 (Applebot/0.1; +http://www.apple.com/go/applebot)"
34.231.151.19 - - [06/Oct/2021:11:19:10 +0200] "GET /images/mini_prod/5036278052262.jpg HTTP/1.1" 200 7778 "-" "Mozilla/5.0 (X11; Ubuntu; Linux x86_64; rv:72.0) Gecko/20100101 Firefox/72.0"
147.92.153.20 - - [06/Oct/2021:11:22:03 +0200] "GET /images/big_prod/1328399299980.jpg HTTP/1.1" 200 297117 "-" "Mozilla/5.0 (compatible; Linespider/1.1; +https://lin.ee/4dwXkTH)"
5.255.253.134 - - [06/Oct/2021:11:24:06 +0200] "GET /images/1399984280188.jpg HTTP/1.1" 200 112421 "-" "Mozilla/5.0 (compatible; YandexImages/3.0; +http://yandex.com/bots)"
5.255.253.134 - - [06/Oct/2021:11:24:30 +0200] "GET /images/big_prod/1384010184493.jpg HTTP/1.1" 200 92686 "-" "Mozilla/5.0 (compatible; YandexImages/3.0; +http://yandex.com/bots)"
40.77.167.79 - - [06/Oct/2021:11:26:26 +0200] "GET /images/mini_prod/8433933091913.jpg HTTP/1.1" 200 3818 "-" "Mozilla/5.0 (compatible; bingbot/2.0; +http://www.bing.com/bingbot.htm)"
5.255.253.134 - - [06/Oct/2021:11:27:56 +0200] "GET /images/big_prod/8424001278886.jpg HTTP/1.1" 200 66370 "-" "Mozilla/5.0 (compatible; YandexImages/3.0; +http://yandex.com/bots)"
207.46.13.17 - - [06/Oct/2021:11:30:07 +0200] "GET /images/140209_162618_PEEL_xV3tPj.jpg HTTP/1.1" 200 52673 "-" "Mozilla/5.0 (compatible; bingbot/2.0; +http://www.bing.com/bingbot.htm)"
8.209.116.131 - - [06/Oct/2021:11:32:07 +0200] "GET /images/mini_prod/3661443439436.jpg HTTP/1.1" 200 10561 "https://google.com" "Mozilla/5.0 (X11; Linux i686 (x86_64)) AppleWebKit/537.11 (KHTML, like Gecko) Chrome/23.0.1271.97 Safari/537.11"
8.209.116.131 - - [06/Oct/2021:11:32:44 +0200] "GET /images/mini_prod/842218807859.jpg HTTP/1.1" 200 7675 "https://google.com" "Mozilla/5.0 (X11; Linux i686 (x86_64)) AppleWebKit/537.11 (KHTML, like Gecko) Chrome/23.0.1271.97 Safari/537.11"
8.209.116.131 - - [06/Oct/2021:11:32:45 +0200] "GET /images/mini_prod/9316188078221.jpg HTTP/1.1" 200 8526 "https://google.com" "Mozilla/5.0 (X11; Linux i686 (x86_64)) AppleWebKit/537.11 (KHTML, like Gecko) Chrome/23.0.1271.97 Safari/537.11"
8.209.116.131 - - [06/Oct/2021:11:32:57 +0200] "GET /images/mini_prod/1399984260005.jpg HTTP/1.1" 200 7863 "https://google.com" "Mozilla/5.0 (X11; Linux i686 (x86_64)) AppleWebKit/537.11 (KHTML, like Gecko) Chrome/23.0.1271.97 Safari/537.11"
8.209.116.131 - - [06/Oct/2021:11:33:04 +0200] "GET /images/mini_prod/9316188078238.jpg HTTP/1.1" 200 7655 "https://google.com" "Mozilla/5.0 (X11; Linux i686 (x86_64)) AppleWebKit/537.11 (KHTML, like Gecko) Chrome/23.0.1271.97 Safari/537.11"
8.209.116.131 - - [06/Oct/2021:11:33:20 +0200] "GET /images/mini_prod/9316188078245.jpg HTTP/1.1" 200 9014 "https://google.com" "Mozilla/5.0 (X11; Linux i686 (x86_64)) AppleWebKit/537.11 (KHTML, like Gecko) Chrome/23.0.1271.97 Safari/537.11"
8.209.116.131 - - [06/Oct/2021:11:33:46 +0200] "GET /images/mini_prod/3438100333297.jpg HTTP/1.1" 200 7250 "https://google.com" "Mozilla/5.0 (X11; Linux i686 (x86_64)) AppleWebKit/537.11 (KHTML, like Gecko) Chrome/23.0.1271.97 Safari/537.11"
8.209.116.131 - - [06/Oct/2021:11:33:46 +0200] "GET /images/mini_prod/9316188078214.jpg HTTP/1.1" 200 6979 "https://google.com" "Mozilla/5.0 (X11; Linux i686 (x86_64)) AppleWebKit/537.11 (KHTML, like Gecko) Chrome/23.0.1271.97 Safari/537.11"
207.46.13.152 - - [06/Oct/2021:11:33:54 +0200] "GET /images/mini_prod/3503420083914.jpg HTTP/1.1" 200 5118 "-" "Mozilla/5.0 (compatible; bingbot/2.0; +http://www.bing.com/bingbot.htm)"
207.46.13.17 - - [06/Oct/2021:11:33:59 +0200] "GET /images/3760054863347.jpg HTTP/1.1" 200 54200 "-" "Mozilla/5.0 (compatible; bingbot/2.0; +http://www.bing.com/bingbot.htm)"
8.209.116.131 - - [06/Oct/2021:11:34:01 +0200] "GET /images/mini_prod/3438100333303.jpg HTTP/1.1" 200 8944 "https://google.com" "Mozilla/5.0 (X11; Linux i686 (x86_64)) AppleWebKit/537.11 (KHTML, like Gecko) Chrome/23.0.1271.97 Safari/537.11"
8.209.116.131 - - [06/Oct/2021:11:34:11 +0200] "GET /images/mini_prod/9316188078252.jpg HTTP/1.1" 200 6514 "https://google.com" "Mozilla/5.0 (X11; Linux i686 (x86_64)) AppleWebKit/537.11 (KHTML, like Gecko) Chrome/23.0.1271.97 Safari/537.11"
8.209.116.131 - - [06/Oct/2021:11:34:20 +0200] "GET /images/mini_prod/8422088078573.jpg HTTP/1.1" 200 7375 "https://google.com" "Mozilla/5.0 (X11; Linux i686 (x86_64)) AppleWebKit/537.11 (KHTML, like Gecko) Chrome/23.0.1271.97 Safari/537.11"
8.209.116.131 - - [06/Oct/2021:11:34:31 +0200] "GET /images/mini_prod/1384010204221.jpg HTTP/1.1" 200 10039 "https://google.com" "Mozilla/5.0 (X11; Linux i686 (x86_64)) AppleWebKit/537.11 (KHTML, like Gecko) Chrome/23.0.1271.97 Safari/537.11"
8.209.116.131 - - [06/Oct/2021:11:34:36 +0200] "GET /images/mini_prod/9316188078269.jpg HTTP/1.1" 200 7888 "https://google.com" "Mozilla/5.0 (X11; Linux i686 (x86_64)) AppleWebKit/537.11 (KHTML, like Gecko) Chrome/23.0.1271.97 Safari/537.11"
8.209.116.131 - - [06/Oct/2021:11:34:49 +0200] "GET /images/mini_prod/842218807857.jpg HTTP/1.1" 200 7497 "https://google.com" "Mozilla/5.0 (X11; Linux i686 (x86_64)) AppleWebKit/537.11 (KHTML, like Gecko) Chrome/23.0.1271.97 Safari/537.11"
8.209.116.131 - - [06/Oct/2021:11:35:08 +0200] "GET /images/mini_prod/1384010204238.jpg HTTP/1.1" 200 9003 "https://google.com" "Mozilla/5.0 (X11; Linux i686 (x86_64)) AppleWebKit/537.11 (KHTML, like Gecko) Chrome/23.0.1271.97 Safari/537.11"
8.209.116.131 - - [06/Oct/2021:11:35:14 +0200] "GET /images/mini_prod/8422088078528.jpg HTTP/1.1" 200 6563 "https://google.com" "Mozilla/5.0 (X11; Linux i686 (x86_64)) AppleWebKit/537.11 (KHTML, like Gecko) Chrome/23.0.1271.97 Safari/537.11"
8.209.116.131 - - [06/Oct/2021:11:35:27 +0200] "GET /images/mini_prod/8422188078589.jpg HTTP/1.1" 200 6690 "https://google.com" "Mozilla/5.0 (X11; Linux i686 (x86_64)) AppleWebKit/537.11 (KHTML, like Gecko) Chrome/23.0.1271.97 Safari/537.11"
8.209.116.131 - - [06/Oct/2021:11:35:34 +0200] "GET /images/mini_prod/8422088078511.jpg HTTP/1.1" 200 7524 "https://google.com" "Mozilla/5.0 (X11; Linux i686 (x86_64)) AppleWebKit/537.11 (KHTML, like Gecko) Chrome/23.0.1271.97 Safari/537.11"
8.209.116.131 - - [06/Oct/2021:11:35:38 +0200] "GET /images/mini_prod/1384010204245.jpg HTTP/1.1" 200 11100 "https://google.com" "Mozilla/5.0 (X11; Linux i686 (x86_64)) AppleWebKit/537.11 (KHTML, like Gecko) Chrome/23.0.1271.97 Safari/537.11"
40.77.167.79 - - [06/Oct/2021:11:36:48 +0200] "GET /images/big_prod/3560600312158.jpg HTTP/1.1" 200 73295 "-" "Mozilla/5.0 (compatible; bingbot/2.0; +http://www.bing.com/bingbot.htm)"
17.121.115.207 - - [06/Oct/2021:11:37:33 +0200] "GET /images/big_prod_2/3609810065154.jpg HTTP/1.1" 200 93127 "-" "Mozilla/5.0 (Macintosh; Intel Mac OS X 10_15_5) AppleWebKit/605.1.15 (KHTML, like Gecko) Version/13.1.1 Safari/605.1.15 (Applebot/0.1; +http://www.apple.com/go/applebot)"
207.46.13.152 - - [06/Oct/2021:11:39:44 +0200] "GET /images/3521320605487.jpg HTTP/1.1" 200 65766 "-" "Mozilla/5.0 (compatible; bingbot/2.0; +http://www.bing.com/bingbot.htm)"
216.244.66.242 - - [06/Oct/2021:11:44:00 +0200] "GET /robots.txt HTTP/1.1" 200 2438 "-" "Mozilla/5.0 (compatible; DotBot/1.2; +https://opensiteexplorer.org/dotbot; help@moz.com)"
114.119.128.37 - - [06/Oct/2021:11:46:03 +0200] "GET /images/big_prod/3700281643718.jpg HTTP/1.1" 200 162796 "-" "Mozilla/5.0 (Linux; Android 7.0;) AppleWebKit/537.36 (KHTML, like Gecko) Mobile Safari/537.36 (compatible; PetalBot;+https://webmaster.petalsearch.com/site/petalbot)"
66.249.64.83 - - [06/Oct/2021:11:47:33 +0200] "GET /images/big_prod_3/028399296101b.jpg HTTP/1.1" 200 181565 "-" "Googlebot-Image/1.0"
207.46.13.17 - - [06/Oct/2021:11:52:28 +0200] "GET /images/big_prod/5051276344430.jpg HTTP/1.1" 200 76909 "-" "Mozilla/5.0 (compatible; bingbot/2.0; +http://www.bing.com/bingbot.htm)"
178.154.216.19 - - [06/Oct/2021:11:53:31 +0200] "GET /images/mini_prod/b8012052011455.jpg HTTP/1.1" 200 7581 "-" "Mozilla/5.0 (X11; Ubuntu; Linux x86_64; rv:72.0) Gecko/20100101 Firefox/72.0"
40.77.167.77 - - [06/Oct/2021:11:54:31 +0200] "GET /images/big_prod_2/8424001615155b.jpg HTTP/1.1" 200 401994 "-" "Mozilla/5.0 (compatible; bingbot/2.0; +http://www.bing.com/bingbot.htm)"
114.119.128.40 - - [06/Oct/2021:11:55:01 +0200] "GET /images/big_prod_1/3609810090132a.jpg HTTP/1.1" 200 166090 "-" "Mozilla/5.0 (Linux; Android 7.0;) AppleWebKit/537.36 (KHTML, like Gecko) Mobile Safari/537.36 (compatible; PetalBot;+https://webmaster.petalsearch.com/site/petalbot)"
178.154.216.19 - - [06/Oct/2021:11:56:14 +0200] "GET /images/mini_prod/5050293803197.jpg HTTP/1.1" 200 9360 "-" "Mozilla/5.0 (X11; Ubuntu; Linux x86_64; rv:72.0) Gecko/20100101 Firefox/72.0"
66.249.64.84 - - [06/Oct/2021:11:57:29 +0200] "GET /robots.txt HTTP/1.1" 200 2438 "-" "Mozilla/5.0 (compatible; Googlebot/2.1; +http://www.google.com/bot.html)"
40.77.167.65 - - [06/Oct/2021:11:57:37 +0200] "GET /images/mini_prod/3608860236019.jpg HTTP/1.1" 200 7838 "-" "Mozilla/5.0 (compatible; bingbot/2.0; +http://www.bing.com/bingbot.htm)"
17.121.113.76 - - [06/Oct/2021:12:00:00 +0200] "GET /images/mini_prod/3612875122755.jpg HTTP/1.1" 200 7141 "-" "Mozilla/5.0 (Macintosh; Intel Mac OS X 10_15_5) AppleWebKit/605.1.15 (KHTML, like Gecko) Version/13.1.1 Safari/605.1.15 (Applebot/0.1; +http://www.apple.com/go/applebot)"
66.249.80.20 - - [06/Oct/2021:12:00:52 +0200] "GET /images/big_prod_1/1491693047073B.jpg HTTP/1.1" 200 132604 "-" "Mozilla/5.0 (Windows NT 5.1; rv:11.0) Gecko Firefox/11.0 (via ggpht.com GoogleImageProxy)"
66.249.80.20 - - [06/Oct/2021:12:00:52 +0200] "GET /images/big_prod/1341689495619.jpg HTTP/1.1" 200 68294 "-" "Mozilla/5.0 (Windows NT 5.1; rv:11.0) Gecko Firefox/11.0 (via ggpht.com GoogleImageProxy)"
66.249.80.16 - - [06/Oct/2021:12:00:55 +0200] "GET /images/big_prod_2/6970204135645C.jpg HTTP/1.1" 200 141400 "-" "Mozilla/5.0 (Windows NT 5.1; rv:11.0) Gecko Firefox/11.0 (via ggpht.com GoogleImageProxy)"
66.249.80.16 - - [06/Oct/2021:12:00:56 +0200] "GET /images/med_prod/1341689801502.jpg HTTP/1.1" 200 129026 "-" "Mozilla/5.0 (Windows NT 5.1; rv:11.0) Gecko Firefox/11.0 (via ggpht.com GoogleImageProxy)"
157.55.39.68 - - [06/Oct/2021:12:01:59 +0200] "GET /images/1399984256558.jpg HTTP/1.1" 200 69341 "-" "Mozilla/5.0 (compatible; bingbot/2.0; +http://www.bing.com/bingbot.htm)"
147.92.153.7 - - [06/Oct/2021:12:02:01 +0200] "GET /images/big_prod/8422077100025B.jpg HTTP/1.1" 200 90972 "-" "Mozilla/5.0 (compatible; Linespider/1.1; +https://lin.ee/4dwXkTH)"
66.249.64.84 - - [06/Oct/2021:12:02:33 +0200] "GET /images/big_prod/00000000000000000000000poupeerusses.jpg HTTP/1.1" 200 46746 "-" "Googlebot-Image/1.0"
40.77.167.79 - - [06/Oct/2021:12:03:21 +0200] "GET /images/big_prod/8718657461151.jpg HTTP/1.1" 200 44573 "-" "Mozilla/5.0 (compatible; bingbot/2.0; +http://www.bing.com/bingbot.htm)"
114.119.128.26 - - [06/Oct/2021:12:03:22 +0200] "GET /images/big_prod_2/8424001775125D.jpg HTTP/1.1" 200 817400 "-" "Mozilla/5.0 (Linux; Android 7.0;) AppleWebKit/537.36 (KHTML, like Gecko) Mobile Safari/537.36 (compatible; PetalBot;+https://webmaster.petalsearch.com/site/petalbot)"
40.77.167.77 - - [06/Oct/2021:12:03:31 +0200] "GET /images/big_prod/5600914097520.jpg HTTP/1.1" 200 70055 "-" "Mozilla/5.0 (compatible; bingbot/2.0; +http://www.bing.com/bingbot.htm)"
5.255.253.134 - - [06/Oct/2021:12:03:58 +0200] "GET /images/big_prod/8003990623473.jpg HTTP/1.1" 200 68696 "-" "Mozilla/5.0 (compatible; YandexImages/3.0; +http://yandex.com/bots)"
5.255.253.134 - - [06/Oct/2021:12:04:32 +0200] "GET /images/big_prod/3760076656453.jpg HTTP/1.1" 200 79255 "-" "Mozilla/5.0 (compatible; YandexImages/3.0; +http://yandex.com/bots)"
178.154.216.19 - - [06/Oct/2021:12:05:58 +0200] "GET /images/mini_prod/8430957052104.jpg HTTP/1.1" 200 7397 "-" "Mozilla/5.0 (X11; Ubuntu; Linux x86_64; rv:72.0) Gecko/20100101 Firefox/72.0"
40.77.167.10 - - [06/Oct/2021:12:06:00 +0200] "GET /images/a1399984251911.jpg HTTP/1.1" 200 102582 "-" "Mozilla/5.0 (compatible; bingbot/2.0; +http://www.bing.com/bingbot.htm)"
114.119.128.37 - - [06/Oct/2021:12:06:37 +0200] "GET /images/mini_prod/5051276405162.jpg HTTP/1.1" 200 4720 "-" "Mozilla/5.0 (Linux; Android 7.0;) AppleWebKit/537.36 (KHTML, like Gecko) Mobile Safari/537.36 (compatible; PetalBot;+https://webmaster.petalsearch.com/site/petalbot)"
185.191.171.19 - - [06/Oct/2021:12:08:03 +0200] "GET /robots.txt HTTP/1.1" 200 2438 "-" "Mozilla/5.0 (compatible; SemrushBot/7~bl; +http://www.semrush.com/bot.html)"
40.77.167.65 - - [06/Oct/2021:12:08:09 +0200] "GET /images/8422666661531.jpg HTTP/1.1" 200 24610 "-" "Mozilla/5.0 (compatible; bingbot/2.0; +http://www.bing.com/bingbot.htm)"
74.125.208.116 - - [06/Oct/2021:12:09:08 +0200] "GET /images/big_prod/3665269060003B.jpg HTTP/1.1" 200 137226 "-" "Mozilla/5.0 (Windows NT 5.1; rv:11.0) Gecko Firefox/11.0 (via ggpht.com GoogleImageProxy)"
114.119.128.26 - - [06/Oct/2021:12:09:53 +0200] "GET /images/big_prod/3014627953752.jpg HTTP/1.1" 200 81716 "-" "Mozilla/5.0 (Linux; Android 7.0;) AppleWebKit/537.36 (KHTML, like Gecko) Mobile Safari/537.36 (compatible; PetalBot;+https://webmaster.petalsearch.com/site/petalbot)"
114.119.128.37 - - [06/Oct/2021:12:13:11 +0200] "GET /images/big_prod/1300000010399.jpg HTTP/1.1" 200 109240 "-" "Mozilla/5.0 (Linux; Android 7.0;) AppleWebKit/537.36 (KHTML, like Gecko) Mobile Safari/537.36 (compatible; PetalBot;+https://webmaster.petalsearch.com/site/petalbot)"
40.77.167.10 - - [06/Oct/2021:12:16:00 +0200] "GET /images/big_prod/3453131125031.jpg HTTP/1.1" 200 90345 "-" "Mozilla/5.0 (compatible; bingbot/2.0; +http://www.bing.com/bingbot.htm)"
207.46.13.152 - - [06/Oct/2021:12:17:27 +0200] "GET /images/big_prod/3453131132459.jpg HTTP/1.1" 200 70154 "-" "Mozilla/5.0 (compatible; bingbot/2.0; +http://www.bing.com/bingbot.htm)"
66.249.64.84 - - [06/Oct/2021:12:17:33 +0200] "GET /images/mini_prod/V3660173219356B.jpg HTTP/1.1" 200 5884 "-" "Googlebot-Image/1.0"
101.33.33.164 - - [06/Oct/2021:12:18:34 +0200] "GET /images/mini_prod/3660173148601.jpg HTTP/1.1" 200 9291 "-" "Mozilla/5.0 (X11; Ubuntu; Linux x86_64; rv:72.0) Gecko/20100101 Firefox/72.0"
114.119.128.34 - - [06/Oct/2021:12:19:32 +0200] "GET /images/big_prod/8424001755752.jpg HTTP/1.1" 200 67829 "-" "Mozilla/5.0 (Linux; Android 7.0;) AppleWebKit/537.36 (KHTML, like Gecko) Mobile Safari/537.36 (compatible; PetalBot;+https://webmaster.petalsearch.com/site/petalbot)"
17.121.112.195 - - [06/Oct/2021:12:23:51 +0200] "GET /images/big_prod_1/BOISDEROSE.jpg HTTP/1.1" 200 716336 "-" "Mozilla/5.0 (Macintosh; Intel Mac OS X 10_15_5) AppleWebKit/605.1.15 (KHTML, like Gecko) Version/13.1.1 Safari/605.1.15 (Applebot/0.1; +http://www.apple.com/go/applebot)"
207.46.13.152 - - [06/Oct/2021:12:24:20 +0200] "GET /images/4036113231921.jpg HTTP/1.1" 200 159731 "-" "Mozilla/5.0 (compatible; bingbot/2.0; +http://www.bing.com/bingbot.htm)"
17.121.113.162 - - [06/Oct/2021:12:25:48 +0200] "GET /images/big_prod/8433933108796.jpg HTTP/1.1" 200 69943 "-" "Mozilla/5.0 (Macintosh; Intel Mac OS X 10_15_5) AppleWebKit/605.1.15 (KHTML, like Gecko) Version/13.1.1 Safari/605.1.15 (Applebot/0.1; +http://www.apple.com/go/applebot)"
101.33.33.164 - - [06/Oct/2021:12:27:09 +0200] "GET /images/mini_prod/tsmlshreck.jpg HTTP/1.1" 200 7710 "-" "Mozilla/5.0 (X11; Ubuntu; Linux x86_64; rv:72.0) Gecko/20100101 Firefox/72.0"
17.121.113.149 - - [06/Oct/2021:12:27:48 +0200] "GET /images/mini_prod/b8427787034837.jpg HTTP/1.1" 200 7964 "-" "Mozilla/5.0 (Macintosh; Intel Mac OS X 10_15_5) AppleWebKit/605.1.15 (KHTML, like Gecko) Version/13.1.1 Safari/605.1.15 (Applebot/0.1; +http://www.apple.com/go/applebot)"
17.121.112.42 - - [06/Oct/2021:12:28:55 +0200] "GET /images/mini_prod/1399984284612.jpg HTTP/1.1" 200 6400 "-" "Mozilla/5.0 (Macintosh; Intel Mac OS X 10_15_5) AppleWebKit/605.1.15 (KHTML, like Gecko) Version/13.1.1 Safari/605.1.15 (Applebot/0.1; +http://www.apple.com/go/applebot)"
216.244.66.242 - - [06/Oct/2021:12:31:20 +0200] "GET /robots.txt HTTP/1.1" 200 2438 "-" "Mozilla/5.0 (compatible; DotBot/1.2; +https://opensiteexplorer.org/dotbot; help@moz.com)"
17.121.115.145 - - [06/Oct/2021:12:34:39 +0200] "GET /images/mini_prod/101208_222534_PEEL_QnFmad.jpg HTTP/1.1" 200 20632 "-" "Mozilla/5.0 (Macintosh; Intel Mac OS X 10_15_5) AppleWebKit/605.1.15 (KHTML, like Gecko) Version/13.1.1 Safari/605.1.15 (Applebot/0.1; +http://www.apple.com/go/applebot)"
17.121.113.215 - - [06/Oct/2021:12:35:30 +0200] "GET /images/mini_prod/1384010202036.jpg HTTP/1.1" 200 5583 "-" "Mozilla/5.0 (Macintosh; Intel Mac OS X 10_15_5) AppleWebKit/605.1.15 (KHTML, like Gecko) Version/13.1.1 Safari/605.1.15 (Applebot/0.1; +http://www.apple.com/go/applebot)"
5.255.253.134 - - [06/Oct/2021:12:36:01 +0200] "GET /images/big_prod_1/5051276219653.jpg HTTP/1.1" 200 58115 "-" "Mozilla/5.0 (compatible; YandexImages/3.0; +http://yandex.com/bots)"
114.119.128.40 - - [06/Oct/2021:12:39:05 +0200] "GET /images/mini_prod/8422010383003b.jpg HTTP/1.1" 200 4538 "-" "Mozilla/5.0 (Linux; Android 7.0;) AppleWebKit/537.36 (KHTML, like Gecko) Mobile Safari/537.36 (compatible; PetalBot;+https://webmaster.petalsearch.com/site/petalbot)"
17.121.112.213 - - [06/Oct/2021:12:40:56 +0200] "GET /images/mini_prod/8422666661517.jpg HTTP/1.1" 200 6375 "-" "Mozilla/5.0 (Macintosh; Intel Mac OS X 10_15_5) AppleWebKit/605.1.15 (KHTML, like Gecko) Version/13.1.1 Safari/605.1.15 (Applebot/0.1; +http://www.apple.com/go/applebot)"
17.121.112.213 - - [06/Oct/2021:12:40:56 +0200] "GET /images/mini_prod/1384010183595.jpg HTTP/1.1" 200 7110 "-" "Mozilla/5.0 (Macintosh; Intel Mac OS X 10_15_5) AppleWebKit/605.1.15 (KHTML, like Gecko) Version/13.1.1 Safari/605.1.15 (Applebot/0.1; +http://www.apple.com/go/applebot)"
207.46.13.54 - - [06/Oct/2021:12:43:15 +0200] "GET /images/big_prod/3453131145831.jpg HTTP/1.1" 200 107800 "-" "Mozilla/5.0 (compatible; bingbot/2.0; +http://www.bing.com/bingbot.htm)"
114.119.128.34 - - [06/Oct/2021:12:45:28 +0200] "GET /images/big_prod_1/9316188065597a.jpg HTTP/1.1" 200 59505 "-" "Mozilla/5.0 (Linux; Android 7.0;) AppleWebKit/537.36 (KHTML, like Gecko) Mobile Safari/537.36 (compatible; PetalBot;+https://webmaster.petalsearch.com/site/petalbot)"
216.244.66.242 - - [06/Oct/2021:12:45:52 +0200] "GET /images/big_prod/B1399985000228.jpg HTTP/1.1" 200 135519 "-" "Mozilla/5.0 (compatible; DotBot/1.2; +https://opensiteexplorer.org/dotbot; help@moz.com)"
101.33.33.164 - - [06/Oct/2021:12:46:20 +0200] "GET /images/mini_prod/8422360068315.jpg HTTP/1.1" 200 9733 "-" "Mozilla/5.0 (X11; Ubuntu; Linux x86_64; rv:72.0) Gecko/20100101 Firefox/72.0"
66.249.64.82 - - [06/Oct/2021:12:47:46 +0200] "GET /images/mini_prod/n1300010237731.jpg HTTP/1.1" 200 7278 "-" "Googlebot-Image/1.0"
40.77.167.77 - - [06/Oct/2021:12:48:25 +0200] "GET /images/big_prod_1/b4006592916817.jpg HTTP/1.1" 200 161398 "-" "Mozilla/5.0 (compatible; bingbot/2.0; +http://www.bing.com/bingbot.htm)"
5.255.253.134 - - [06/Oct/2021:12:51:36 +0200] "GET /robots.txt HTTP/1.1" 200 2438 "-" "Mozilla/5.0 (compatible; YandexBot/3.0; +http://yandex.com/bots)"
66.249.64.83 - - [06/Oct/2021:12:52:59 +0200] "GET /images/big_prod_1/8424346227440B.jpg HTTP/1.1" 200 35524 "-" "Googlebot-Image/1.0"
5.255.253.134 - - [06/Oct/2021:12:56:00 +0200] "GET /images/big_prod/5902335383702.jpg HTTP/1.1" 200 65232 "-" "Mozilla/5.0 (compatible; YandexImages/3.0; +http://yandex.com/bots)"
17.121.115.251 - - [06/Oct/2021:12:56:14 +0200] "GET /images/mini_prod/02032012DSCN9704.jpg HTTP/1.1" 200 4112 "-" "Mozilla/5.0 (Macintosh; Intel Mac OS X 10_15_5) AppleWebKit/605.1.15 (KHTML, like Gecko) Version/13.1.1 Safari/605.1.15 (Applebot/0.1; +http://www.apple.com/go/applebot)"
5.255.253.134 - - [06/Oct/2021:12:56:40 +0200] "GET /images/3281640395115.jpg HTTP/1.1" 200 43822 "-" "Mozilla/5.0 (compatible; YandexImages/3.0; +http://yandex.com/bots)"
114.119.128.34 - - [06/Oct/2021:12:58:10 +0200] "GET /images/big_prod_2/8422080014210b.jpg HTTP/1.1" 200 288890 "-" "Mozilla/5.0 (Linux; Android 7.0;) AppleWebKit/537.36 (KHTML, like Gecko) Mobile Safari/537.36 (compatible; PetalBot;+https://webmaster.petalsearch.com/site/petalbot)"
74.125.208.116 - - [06/Oct/2021:13:01:11 +0200] "GET /images/big_prod_1/8420015227025B.jpg HTTP/1.1" 200 105255 "-" "Mozilla/5.0 (Windows NT 5.1; rv:11.0) Gecko Firefox/11.0 (via ggpht.com GoogleImageProxy)"
114.119.128.34 - - [06/Oct/2021:13:01:29 +0200] "GET /images/big_prod/8424017389309.jpg HTTP/1.1" 200 314520 "-" "Mozilla/5.0 (Linux; Android 7.0;) AppleWebKit/537.36 (KHTML, like Gecko) Mobile Safari/537.36 (compatible; PetalBot;+https://webmaster.petalsearch.com/site/petalbot)"
208.88.158.129 - - [06/Oct/2021:13:02:21 +0200] "GET /images/mini_prod/1384010202036.jpg HTTP/1.1" 200 5583 "-" "python-requests/2.22.0"
207.46.13.17 - - [06/Oct/2021:13:04:36 +0200] "GET /images/Photodel076.jpg HTTP/1.1" 200 43214 "-" "Mozilla/5.0 (compatible; bingbot/2.0; +http://www.bing.com/bingbot.htm)"
74.125.208.116 - - [06/Oct/2021:13:05:56 +0200] "GET /images/big_prod/5027148064263.jpg HTTP/1.1" 200 124577 "-" "Mozilla/5.0 (Windows NT 5.1; rv:11.0) Gecko Firefox/11.0 (via ggpht.com GoogleImageProxy)"
114.119.128.253 - - [06/Oct/2021:13:07:45 +0200] "GET /images/mini_prod/8422015450816.jpg HTTP/1.1" 200 5986 "-" "Mozilla/5.0 (Linux; Android 7.0;) AppleWebKit/537.36 (KHTML, like Gecko) Mobile Safari/537.36 (compatible; PetalBot;+https://webmaster.petalsearch.com/site/petalbot)"
185.191.171.22 - - [06/Oct/2021:13:08:27 +0200] "GET /robots.txt HTTP/1.1" 200 2438 "-" "Mozilla/5.0 (compatible; SemrushBot/7~bl; +http://www.semrush.com/bot.html)"
40.77.167.77 - - [06/Oct/2021:13:08:47 +0200] "GET /images/9316188013277.jpg HTTP/1.1" 200 27972 "-" "Mozilla/5.0 (compatible; bingbot/2.0; +http://www.bing.com/bingbot.htm)"
17.121.112.2 - - [06/Oct/2021:13:11:13 +0200] "GET /images/mini_prod/1361623281047.jpg HTTP/1.1" 200 5324 "-" "Mozilla/5.0 (Macintosh; Intel Mac OS X 10_15_5) AppleWebKit/605.1.15 (KHTML, like Gecko) Version/13.1.1 Safari/605.1.15 (Applebot/0.1; +http://www.apple.com/go/applebot)"
74.125.208.116 - - [06/Oct/2021:13:13:55 +0200] "GET /images/big_prod_1/1491693047073B.jpg HTTP/1.1" 200 132604 "-" "Mozilla/5.0 (Windows NT 5.1; rv:11.0) Gecko Firefox/11.0 (via ggpht.com GoogleImageProxy)"
114.119.128.40 - - [06/Oct/2021:13:14:05 +0200] "GET /images/mini_prod/8424001727544.jpg HTTP/1.1" 200 7012 "-" "Mozilla/5.0 (Linux; Android 7.0;) AppleWebKit/537.36 (KHTML, like Gecko) Mobile Safari/537.36 (compatible; PetalBot;+https://webmaster.petalsearch.com/site/petalbot)"
101.33.33.164 - - [06/Oct/2021:13:14:05 +0200] "GET /images/mini_prod/b8012052011455.jpg HTTP/1.1" 200 7581 "-" "Mozilla/5.0 (X11; Ubuntu; Linux x86_64; rv:72.0) Gecko/20100101 Firefox/72.0"
74.125.208.114 - - [06/Oct/2021:13:14:09 +0200] "GET /images/big_prod_2/1491693047073C.jpg HTTP/1.1" 200 106144 "-" "Mozilla/5.0 (Windows NT 5.1; rv:11.0) Gecko Firefox/11.0 (via ggpht.com GoogleImageProxy)"
5.255.253.134 - - [06/Oct/2021:13:14:42 +0200] "GET /images/big_prod/8908004953372.jpg HTTP/1.1" 304 0 "-" "Mozilla/5.0 (compatible; YandexImages/3.0; +http://yandex.com/bots)"
40.77.167.65 - - [06/Oct/2021:13:15:25 +0200] "GET /images/4007176129333.jpg HTTP/1.1" 200 64290 "-" "Mozilla/5.0 (compatible; bingbot/2.0; +http://www.bing.com/bingbot.htm)"
207.46.13.162 - - [06/Oct/2021:13:16:22 +0200] "GET /images/big_prod/8001011166282.jpg HTTP/1.1" 200 147389 "-" "Mozilla/5.0 (compatible; bingbot/2.0; +http://www.bing.com/bingbot.htm)"
207.46.13.17 - - [06/Oct/2021:13:16:57 +0200] "GET /images/big_prod/1399984240137SPIDERMAN.jpg HTTP/1.1" 200 97154 "-" "Mozilla/5.0 (compatible; bingbot/2.0; +http://www.bing.com/bingbot.htm)"
40.77.167.77 - - [06/Oct/2021:13:17:28 +0200] "GET /images/big_prod/3700407600182.jpg HTTP/1.1" 200 117858 "-" "Mozilla/5.0 (compatible; bingbot/2.0; +http://www.bing.com/bingbot.htm)"
66.249.64.83 - - [06/Oct/2021:13:17:48 +0200] "GET /images/mini_prod/1328399299997.jpg HTTP/1.1" 200 4809 "-" "Googlebot-Image/1.0"
95.163.255.111 - - [06/Oct/2021:13:18:24 +0200] "GET /robots.txt HTTP/1.0" 200 2438 "-" "Mozilla/5.0 (compatible; Linux x86_64; Mail.RU_Bot/Img/2.0; +http://go.mail.ru/help/robots)"
95.163.255.131 - - [06/Oct/2021:13:18:30 +0200] "GET /images/med_prod/1308421361496.jpg HTTP/1.1" 200 136778 "http://go.mail.ru/search_images" "Mozilla/5.0 (compatible; Linux x86_64; Mail.RU_Bot/Img/2.0; +http://go.mail.ru/help/robots)"
216.244.66.242 - - [06/Oct/2021:13:19:10 +0200] "GET /robots.txt HTTP/1.1" 200 2438 "-" "Mozilla/5.0 (compatible; DotBot/1.2; +https://opensiteexplorer.org/dotbot; help@moz.com)"
207.46.13.54 - - [06/Oct/2021:13:19:49 +0200] "GET /images/big_prod/3281640395405.jpg HTTP/1.1" 200 61937 "-" "Mozilla/5.0 (compatible; bingbot/2.0; +http://www.bing.com/bingbot.htm)"
74.125.209.50 - - [06/Oct/2021:13:20:36 +0200] "GET /images/big_prod_2/8720088299722b.jpg HTTP/1.1" 200 142084 "-" "Mozilla/5.0 (Windows NT 5.1; rv:11.0) Gecko Firefox/11.0 (via ggpht.com GoogleImageProxy)"
174.21.36.237 - - [06/Oct/2021:13:20:37 +0200] "GET /js/jquery.jqzoom.js HTTP/1.1" 200 4761 "http://www.wonder-geek.com/gift-infuser-elephant-p-55592.html" "Mozilla/5.0 (Linux; Android 11; SM-G973U1) AppleWebKit/537.36 (KHTML, like Gecko) Chrome/94.0.4606.61 Mobile Safari/537.36"
174.21.36.237 - - [06/Oct/2021:13:20:37 +0200] "GET /templates/Pixame_v1/stylesheet.css HTTP/1.1" 200 56057 "http://www.wonder-geek.com/gift-infuser-elephant-p-55592.html" "Mozilla/5.0 (Linux; Android 11; SM-G973U1) AppleWebKit/537.36 (KHTML, like Gecko) Chrome/94.0.4606.61 Mobile Safari/537.36"
174.21.36.237 - - [06/Oct/2021:13:20:37 +0200] "GET /highslide/highslide.js HTTP/1.1" 200 42909 "http://www.wonder-geek.com/gift-infuser-elephant-p-55592.html" "Mozilla/5.0 (Linux; Android 11; SM-G973U1) AppleWebKit/537.36 (KHTML, like Gecko) Chrome/94.0.4606.61 Mobile Safari/537.36"
174.21.36.237 - - [06/Oct/2021:13:20:37 +0200] "GET /js/jquery.js HTTP/1.1" 200 54075 "http://www.wonder-geek.com/gift-infuser-elephant-p-55592.html" "Mozilla/5.0 (Linux; Android 11; SM-G973U1) AppleWebKit/537.36 (KHTML, like Gecko) Chrome/94.0.4606.61 Mobile Safari/537.36"
174.21.36.237 - - [06/Oct/2021:13:20:37 +0200] "GET /mondial_relay/js/jquery-1.3.2.min.js HTTP/1.1" 200 57254 "http://www.wonder-geek.com/gift-infuser-elephant-p-55592.html" "Mozilla/5.0 (Linux; Android 11; SM-G973U1) AppleWebKit/537.36 (KHTML, like Gecko) Chrome/94.0.4606.61 Mobile Safari/537.36"
174.21.36.237 - - [06/Oct/2021:13:20:38 +0200] "GET /templates/Pixame_v1/images/icon_accueil2.png HTTP/1.1" 200 1137 "http://www.wonder-geek.com/gift-infuser-elephant-p-55592.html" "Mozilla/5.0 (Linux; Android 11; SM-G973U1) AppleWebKit/537.36 (KHTML, like Gecko) Chrome/94.0.4606.61 Mobile Safari/537.36"
174.21.36.237 - - [06/Oct/2021:13:20:38 +0200] "GET /templates/Pixame_v1/images/buttons/english/button_in_cart.gif HTTP/1.1" 200 1212 "http://www.wonder-geek.com/gift-infuser-elephant-p-55592.html" "Mozilla/5.0 (Linux; Android 11; SM-G973U1) AppleWebKit/537.36 (KHTML, like Gecko) Chrome/94.0.4606.61 Mobile Safari/537.36"
174.21.36.237 - - [06/Oct/2021:13:20:38 +0200] "GET /images/big_prod/8720088299722.jpg HTTP/1.1" 200 130639 "http://www.wonder-geek.com/gift-infuser-elephant-p-55592.html" "Mozilla/5.0 (Linux; Android 11; SM-G973U1) AppleWebKit/537.36 (KHTML, like Gecko) Chrome/94.0.4606.61 Mobile Safari/537.36"
174.21.36.237 - - [06/Oct/2021:13:20:38 +0200] "GET /images/big_prod_2/8720088299722b.jpg HTTP/1.1" 200 142084 "http://www.wonder-geek.com/gift-infuser-elephant-p-55592.html" "Mozilla/5.0 (Linux; Android 11; SM-G973U1) AppleWebKit/537.36 (KHTML, like Gecko) Chrome/94.0.4606.61 Mobile Safari/537.36"
174.21.36.237 - - [06/Oct/2021:13:20:38 +0200] "GET /images/big_prod_3/8720088299722c.jpg HTTP/1.1" 200 124138 "http://www.wonder-geek.com/gift-infuser-elephant-p-55592.html" "Mozilla/5.0 (Linux; Android 11; SM-G973U1) AppleWebKit/537.36 (KHTML, like Gecko) Chrome/94.0.4606.61 Mobile Safari/537.36"
174.21.36.237 - - [06/Oct/2021:13:20:38 +0200] "GET /templates/Pixame_v1/images/Bottom_texture.jpg HTTP/1.1" 200 56290 "http://www.wonder-geek.com/templates/Pixame_v1/stylesheet.css" "Mozilla/5.0 (Linux; Android 11; SM-G973U1) AppleWebKit/537.36 (KHTML, like Gecko) Chrome/94.0.4606.61 Mobile Safari/537.36"
174.21.36.237 - - [06/Oct/2021:13:20:39 +0200] "GET /images/big_prod_1/8720088299722a.jpg HTTP/1.1" 200 117609 "http://www.wonder-geek.com/gift-infuser-elephant-p-55592.html" "Mozilla/5.0 (Linux; Android 11; SM-G973U1) AppleWebKit/537.36 (KHTML, like Gecko) Chrome/94.0.4606.61 Mobile Safari/537.36"
174.21.36.237 - - [06/Oct/2021:13:20:39 +0200] "GET /templates/Pixame_v1/images/header.png HTTP/1.1" 200 70245 "http://www.wonder-geek.com/templates/Pixame_v1/stylesheet.css" "Mozilla/5.0 (Linux; Android 11; SM-G973U1) AppleWebKit/537.36 (KHTML, like Gecko) Chrome/94.0.4606.61 Mobile Safari/537.36"
174.21.36.237 - - [06/Oct/2021:13:20:39 +0200] "GET /templates/Pixame_v1/images/header-object.png HTTP/1.1" 200 106050 "http://www.wonder-geek.com/templates/Pixame_v1/stylesheet.css" "Mozilla/5.0 (Linux; Android 11; SM-G973U1) AppleWebKit/537.36 (KHTML, like Gecko) Chrome/94.0.4606.61 Mobile Safari/537.36"
174.21.36.237 - - [06/Oct/2021:13:20:39 +0200] "GET /templates/Pixame_v1/images/Middle_texture.jpg HTTP/1.1" 200 249620 "http://www.wonder-geek.com/templates/Pixame_v1/stylesheet.css" "Mozilla/5.0 (Linux; Android 11; SM-G973U1) AppleWebKit/537.36 (KHTML, like Gecko) Chrome/94.0.4606.61 Mobile Safari/537.36"
174.21.36.237 - - [06/Oct/2021:13:20:39 +0200] "GET /templates/Pixame_v1/images/nav.png HTTP/1.1" 200 1283 "http://www.wonder-geek.com/templates/Pixame_v1/stylesheet.css" "Mozilla/5.0 (Linux; Android 11; SM-G973U1) AppleWebKit/537.36 (KHTML, like Gecko) Chrome/94.0.4606.61 Mobile Safari/537.36"
174.21.36.237 - - [06/Oct/2021:13:20:39 +0200] "GET /design/productsenstock.png HTTP/1.1" 200 4743 "http://www.wonder-geek.com/templates/Pixame_v1/stylesheet.css" "Mozilla/5.0 (Linux; Android 11; SM-G973U1) AppleWebKit/537.36 (KHTML, like Gecko) Chrome/94.0.4606.61 Mobile Safari/537.36"
174.21.36.237 - - [06/Oct/2021:13:20:40 +0200] "GET /images/big_prod_4/8720088299708d.jpg HTTP/1.1" 200 79378 "http://www.wonder-geek.com/gift-infuser-elephant-p-55592.html" "Mozilla/5.0 (Linux; Android 11; SM-G973U1) AppleWebKit/537.36 (KHTML, like Gecko) Chrome/94.0.4606.61 Mobile Safari/537.36"
174.21.36.237 - - [06/Oct/2021:13:20:40 +0200] "GET /highslide/graphics/outlines/drop-shadow.png HTTP/1.1" 200 2022 "http://www.wonder-geek.com/gift-infuser-elephant-p-55592.html" "Mozilla/5.0 (Linux; Android 11; SM-G973U1) AppleWebKit/537.36 (KHTML, like Gecko) Chrome/94.0.4606.61 Mobile Safari/537.36"
174.21.36.237 - - [06/Oct/2021:13:20:40 +0200] "GET /favicon.ico HTTP/1.1" 200 1591 "http://www.wonder-geek.com/gift-infuser-elephant-p-55592.html" "Mozilla/5.0 (Linux; Android 11; SM-G973U1) AppleWebKit/537.36 (KHTML, like Gecko) Chrome/94.0.4606.61 Mobile Safari/537.36"
17.121.112.187 - - [06/Oct/2021:13:20:41 +0200] "GET /images/mini_prod/3281099993733.jpg HTTP/1.1" 200 6009 "-" "Mozilla/5.0 (Macintosh; Intel Mac OS X 10_15_5) AppleWebKit/605.1.15 (KHTML, like Gecko) Version/13.1.1 Safari/605.1.15 (Applebot/0.1; +http://www.apple.com/go/applebot)"
66.102.9.114 - - [06/Oct/2021:13:21:16 +0200] "GET /images/big_prod_1/8718375756010a.jpg HTTP/1.1" 200 125493 "-" "Mozilla/5.0 (Windows NT 5.1; rv:11.0) Gecko Firefox/11.0 (via ggpht.com GoogleImageProxy)"
174.21.36.237 - - [06/Oct/2021:13:21:35 +0200] "GET /favicon.ico HTTP/1.1" 200 1591 "http://www.wonder-geek.com/gift-infuser-elephant-p-55592.html" "Mozilla/5.0 (Linux; Android 11; SM-G973U1) AppleWebKit/537.36 (KHTML, like Gecko) Chrome/94.0.4606.61 Mobile Safari/537.36"
207.46.13.17 - - [06/Oct/2021:13:24:17 +0200] "GET /images/mini_prod/3700572726168.jpg HTTP/1.1" 200 5967 "-" "Mozilla/5.0 (compatible; bingbot/2.0; +http://www.bing.com/bingbot.htm)"
40.77.167.79 - - [06/Oct/2021:13:25:58 +0200] "GET /images/mini_prod/8718657466859.jpg HTTP/1.1" 200 3042 "-" "Mozilla/5.0 (compatible; bingbot/2.0; +http://www.bing.com/bingbot.htm)"
40.77.167.65 - - [06/Oct/2021:13:26:25 +0200] "GET /images/mini_prod/3608860260434.jpg HTTP/1.1" 200 5855 "-" "Mozilla/5.0 (compatible; bingbot/2.0; +http://www.bing.com/bingbot.htm)"
101.33.33.164 - - [06/Oct/2021:13:29:24 +0200] "GET /images/mini_prod/Image15.jpg HTTP/1.1" 200 23237 "-" "Mozilla/5.0 (X11; Ubuntu; Linux x86_64; rv:72.0) Gecko/20100101 Firefox/72.0"
40.77.167.79 - - [06/Oct/2021:13:33:50 +0200] "GET /images/big_prod/3453131132015.jpg HTTP/1.1" 200 91820 "-" "Mozilla/5.0 (compatible; bingbot/2.0; +http://www.bing.com/bingbot.htm)"
5.255.253.134 - - [06/Oct/2021:13:36:08 +0200] "GET /images/med_prod/B101375722572948.jpg HTTP/1.1" 200 106774 "-" "Mozilla/5.0 (compatible; YandexImages/3.0; +http://yandex.com/bots)"
17.121.115.50 - - [06/Oct/2021:13:40:32 +0200] "GET /images/big_prod_1/3609810065093a.jpg HTTP/1.1" 200 189980 "-" "Mozilla/5.0 (Macintosh; Intel Mac OS X 10_15_5) AppleWebKit/605.1.15 (KHTML, like Gecko) Version/13.1.1 Safari/605.1.15 (Applebot/0.1; +http://www.apple.com/go/applebot)"
17.121.112.221 - - [06/Oct/2021:13:42:57 +0200] "GET /images/mini_prod/MISES-EN-SITUATION-02.jpg HTTP/1.1" 200 7260 "-" "Mozilla/5.0 (Macintosh; Intel Mac OS X 10_15_5) AppleWebKit/605.1.15 (KHTML, like Gecko) Version/13.1.1 Safari/605.1.15 (Applebot/0.1; +http://www.apple.com/go/applebot)"
40.77.167.10 - - [06/Oct/2021:13:45:18 +0200] "GET /images/3438100337110.jpg HTTP/1.1" 200 28903 "-" "Mozilla/5.0 (compatible; bingbot/2.0; +http://www.bing.com/bingbot.htm)"
207.46.13.162 - - [06/Oct/2021:13:46:05 +0200] "GET /images/big_prod_3/8424346352654D.jpg HTTP/1.1" 200 54818 "-" "Mozilla/5.0 (compatible; bingbot/2.0; +http://www.bing.com/bingbot.htm)"
66.249.64.83 - - [06/Oct/2021:13:47:46 +0200] "GET /images/big_prod/8435333820513.jpg HTTP/1.1" 200 129526 "-" "Googlebot-Image/1.0"
66.102.9.116 - - [06/Oct/2021:13:47:54 +0200] "GET /images/8437105059923.jpg HTTP/1.1" 200 36085 "-" "Mozilla/5.0 (Windows NT 5.1; rv:11.0) Gecko Firefox/11.0 (via ggpht.com GoogleImageProxy)"
40.77.167.10 - - [06/Oct/2021:13:50:10 +0200] "GET /images/DSCN3926bettyboop.jpg HTTP/1.1" 200 45695 "-" "Mozilla/5.0 (compatible; bingbot/2.0; +http://www.bing.com/bingbot.htm)"
40.77.167.10 - - [06/Oct/2021:13:50:29 +0200] "GET /images/3048700058669.jpg HTTP/1.1" 200 24909 "-" "Mozilla/5.0 (compatible; bingbot/2.0; +http://www.bing.com/bingbot.htm)"
20.73.132.240 - - [06/Oct/2021:13:53:39 +0200] "GET /images/big_prod/3442440232660.jpg HTTP/1.1" 200 76854 "-" "DuckDuckBot/1.1; (+http://duckduckgo.com/duckduckbot.html)"
83.206.20.227 - - [06/Oct/2021:13:53:40 +0200] "GET /images/big_prod/3442440232660.jpg HTTP/1.1" 200 76854 "-" "Mozilla/5.0 (Linux; Android 11) AppleWebKit/537.36 (KHTML, like Gecko) Chrome/93.0.4577.82 Mobile Safari/537.36"
83.206.20.227 - - [06/Oct/2021:13:53:40 +0200] "GET /favicon.ico HTTP/1.1" 200 1591 "http://www.wonder-geek.com/images/big_prod/3442440232660.jpg" "Mozilla/5.0 (Linux; Android 11) AppleWebKit/537.36 (KHTML, like Gecko) Chrome/93.0.4577.82 Mobile Safari/537.36"
83.206.20.227 - - [06/Oct/2021:13:53:44 +0200] "GET /templates/Pixame_v1/stylesheet.css HTTP/1.1" 200 56057 "http://www.wonder-geek.com/pillow-case-cotton-percale-threads-p-51256.html" "Mozilla/5.0 (Linux; Android 11) AppleWebKit/537.36 (KHTML, like Gecko) Chrome/93.0.4577.82 Mobile Safari/537.36"
83.206.20.227 - - [06/Oct/2021:13:53:44 +0200] "GET /js/jquery.jqzoom.js HTTP/1.1" 200 4761 "http://www.wonder-geek.com/pillow-case-cotton-percale-threads-p-51256.html" "Mozilla/5.0 (Linux; Android 11) AppleWebKit/537.36 (KHTML, like Gecko) Chrome/93.0.4577.82 Mobile Safari/537.36"
83.206.20.227 - - [06/Oct/2021:13:53:44 +0200] "GET /highslide/highslide.js HTTP/1.1" 200 42909 "http://www.wonder-geek.com/pillow-case-cotton-percale-threads-p-51256.html" "Mozilla/5.0 (Linux; Android 11) AppleWebKit/537.36 (KHTML, like Gecko) Chrome/93.0.4577.82 Mobile Safari/537.36"
83.206.20.227 - - [06/Oct/2021:13:53:44 +0200] "GET /js/jquery.js HTTP/1.1" 200 54075 "http://www.wonder-geek.com/pillow-case-cotton-percale-threads-p-51256.html" "Mozilla/5.0 (Linux; Android 11) AppleWebKit/537.36 (KHTML, like Gecko) Chrome/93.0.4577.82 Mobile Safari/537.36"
83.206.20.227 - - [06/Oct/2021:13:53:44 +0200] "GET /mondial_relay/js/jquery-1.3.2.min.js HTTP/1.1" 200 57254 "http://www.wonder-geek.com/pillow-case-cotton-percale-threads-p-51256.html" "Mozilla/5.0 (Linux; Android 11) AppleWebKit/537.36 (KHTML, like Gecko) Chrome/93.0.4577.82 Mobile Safari/537.36"
83.206.20.227 - - [06/Oct/2021:13:53:44 +0200] "GET /templates/Pixame_v1/images/icon_accueil2.png HTTP/1.1" 200 1137 "http://www.wonder-geek.com/pillow-case-cotton-percale-threads-p-51256.html" "Mozilla/5.0 (Linux; Android 11) AppleWebKit/537.36 (KHTML, like Gecko) Chrome/93.0.4577.82 Mobile Safari/537.36"
83.206.20.227 - - [06/Oct/2021:13:53:44 +0200] "GET /images/big_prod_1/3442440233865a.jpg HTTP/1.1" 200 75351 "http://www.wonder-geek.com/pillow-case-cotton-percale-threads-p-51256.html" "Mozilla/5.0 (Linux; Android 11) AppleWebKit/537.36 (KHTML, like Gecko) Chrome/93.0.4577.82 Mobile Safari/537.36"
83.206.20.227 - - [06/Oct/2021:13:53:44 +0200] "GET /templates/Pixame_v1/images/buttons/english/button_in_cart.gif HTTP/1.1" 200 1212 "http://www.wonder-geek.com/pillow-case-cotton-percale-threads-p-51256.html" "Mozilla/5.0 (Linux; Android 11) AppleWebKit/537.36 (KHTML, like Gecko) Chrome/93.0.4577.82 Mobile Safari/537.36"
83.206.20.227 - - [06/Oct/2021:13:53:44 +0200] "GET /images/big_prod/3442440232165a.jpg HTTP/1.1" 200 76098 "http://www.wonder-geek.com/pillow-case-cotton-percale-threads-p-51256.html" "Mozilla/5.0 (Linux; Android 11) AppleWebKit/537.36 (KHTML, like Gecko) Chrome/93.0.4577.82 Mobile Safari/537.36"
83.206.20.227 - - [06/Oct/2021:13:53:44 +0200] "GET /templates/Pixame_v1/images/Bottom_texture.jpg HTTP/1.1" 200 56290 "http://www.wonder-geek.com/templates/Pixame_v1/stylesheet.css" "Mozilla/5.0 (Linux; Android 11) AppleWebKit/537.36 (KHTML, like Gecko) Chrome/93.0.4577.82 Mobile Safari/537.36"
83.206.20.227 - - [06/Oct/2021:13:53:44 +0200] "GET /templates/Pixame_v1/images/header.png HTTP/1.1" 200 70245 "http://www.wonder-geek.com/templates/Pixame_v1/stylesheet.css" "Mozilla/5.0 (Linux; Android 11) AppleWebKit/537.36 (KHTML, like Gecko) Chrome/93.0.4577.82 Mobile Safari/537.36"
83.206.20.227 - - [06/Oct/2021:13:53:44 +0200] "GET /templates/Pixame_v1/images/nav.png HTTP/1.1" 200 1283 "http://www.wonder-geek.com/templates/Pixame_v1/stylesheet.css" "Mozilla/5.0 (Linux; Android 11) AppleWebKit/537.36 (KHTML, like Gecko) Chrome/93.0.4577.82 Mobile Safari/537.36"
83.206.20.227 - - [06/Oct/2021:13:53:44 +0200] "GET /images/big_prod_2/3442440233865b.jpg HTTP/1.1" 200 135806 "http://www.wonder-geek.com/pillow-case-cotton-percale-threads-p-51256.html" "Mozilla/5.0 (Linux; Android 11) AppleWebKit/537.36 (KHTML, like Gecko) Chrome/93.0.4577.82 Mobile Safari/537.36"
83.206.20.227 - - [06/Oct/2021:13:53:44 +0200] "GET /design/productsenstock.png HTTP/1.1" 200 4743 "http://www.wonder-geek.com/templates/Pixame_v1/stylesheet.css" "Mozilla/5.0 (Linux; Android 11) AppleWebKit/537.36 (KHTML, like Gecko) Chrome/93.0.4577.82 Mobile Safari/537.36"
83.206.20.227 - - [06/Oct/2021:13:53:45 +0200] "GET /templates/Pixame_v1/images/header-object.png HTTP/1.1" 200 106050 "http://www.wonder-geek.com/templates/Pixame_v1/stylesheet.css" "Mozilla/5.0 (Linux; Android 11) AppleWebKit/537.36 (KHTML, like Gecko) Chrome/93.0.4577.82 Mobile Safari/537.36"
83.206.20.227 - - [06/Oct/2021:13:53:45 +0200] "GET /templates/Pixame_v1/images/Middle_texture.jpg HTTP/1.1" 200 249620 "http://www.wonder-geek.com/templates/Pixame_v1/stylesheet.css" "Mozilla/5.0 (Linux; Android 11) AppleWebKit/537.36 (KHTML, like Gecko) Chrome/93.0.4577.82 Mobile Safari/537.36"
83.206.20.227 - - [06/Oct/2021:13:53:46 +0200] "GET /highslide/graphics/outlines/drop-shadow.png HTTP/1.1" 200 2022 "http://www.wonder-geek.com/pillow-case-cotton-percale-threads-p-51256.html" "Mozilla/5.0 (Linux; Android 11) AppleWebKit/537.36 (KHTML, like Gecko) Chrome/93.0.4577.82 Mobile Safari/537.36"
207.46.13.54 - - [06/Oct/2021:13:55:01 +0200] "GET /images/mini_prod/1384010190975.jpg HTTP/1.1" 200 8172 "-" "Mozilla/5.0 (compatible; bingbot/2.0; +http://www.bing.com/bingbot.htm)"
66.249.93.180 - - [06/Oct/2021:13:55:34 +0200] "GET /images/med_prod/8435107771287.jpg HTTP/1.1" 200 110176 "-" "Mozilla/5.0 (Windows NT 5.1; rv:11.0) Gecko Firefox/11.0 (via ggpht.com GoogleImageProxy)"
185.191.171.2 - - [06/Oct/2021:13:56:15 +0200] "GET /robots.txt HTTP/1.1" 200 2438 "-" "Mozilla/5.0 (compatible; SemrushBot/7~bl; +http://www.semrush.com/bot.html)"
66.249.64.83 - - [06/Oct/2021:13:58:09 +0200] "GET /js/jquery.jqzoom.js HTTP/1.1" 200 4761 "http://www.wonder-geek.com/robocar-poli-moving-p-32409.html" "Mozilla/5.0 (Linux; Android 6.0.1; Nexus 5X Build/MMB29P) AppleWebKit/537.36 (KHTML, like Gecko) Chrome/94.0.4606.71 Mobile Safari/537.36 (compatible; Googlebot/2.1; +http://www.google.com/bot.html)"
66.249.64.83 - - [06/Oct/2021:13:58:09 +0200] "GET /mondial_relay/js/jquery-1.3.2.min.js HTTP/1.1" 200 57254 "http://www.wonder-geek.com/robocar-poli-moving-p-32409.html" "Mozilla/5.0 (Linux; Android 6.0.1; Nexus 5X Build/MMB29P) AppleWebKit/537.36 (KHTML, like Gecko) Chrome/94.0.4606.71 Mobile Safari/537.36 (compatible; Googlebot/2.1; +http://www.google.com/bot.html)"
66.249.64.83 - - [06/Oct/2021:13:58:10 +0200] "GET /highslide/highslide.js HTTP/1.1" 200 42909 "http://www.wonder-geek.com/robocar-poli-moving-p-32409.html" "Mozilla/5.0 (Linux; Android 6.0.1; Nexus 5X Build/MMB29P) AppleWebKit/537.36 (KHTML, like Gecko) Chrome/94.0.4606.71 Mobile Safari/537.36 (compatible; Googlebot/2.1; +http://www.google.com/bot.html)"
66.249.64.83 - - [06/Oct/2021:13:58:10 +0200] "GET /js/jquery.js HTTP/1.1" 200 54075 "http://www.wonder-geek.com/robocar-poli-moving-p-32409.html" "Mozilla/5.0 (Linux; Android 6.0.1; Nexus 5X Build/MMB29P) AppleWebKit/537.36 (KHTML, like Gecko) Chrome/94.0.4606.71 Mobile Safari/537.36 (compatible; Googlebot/2.1; +http://www.google.com/bot.html)"
178.154.216.19 - - [06/Oct/2021:14:04:02 +0200] "GET /images/mini_prod/5203199036064.jpg HTTP/1.1" 200 8070 "-" "Mozilla/5.0 (X11; Ubuntu; Linux x86_64; rv:72.0) Gecko/20100101 Firefox/72.0"
114.119.128.34 - - [06/Oct/2021:14:04:51 +0200] "GET /images/big_prod/3453131151474B.jpg HTTP/1.1" 200 311160 "-" "Mozilla/5.0 (Linux; Android 7.0;) AppleWebKit/537.36 (KHTML, like Gecko) Mobile Safari/537.36 (compatible; PetalBot;+https://webmaster.petalsearch.com/site/petalbot)"
216.244.66.242 - - [06/Oct/2021:14:05:45 +0200] "GET /robots.txt HTTP/1.1" 200 2438 "-" "Mozilla/5.0 (compatible; DotBot/1.2; +https://opensiteexplorer.org/dotbot; help@moz.com)"
114.119.128.40 - - [06/Oct/2021:14:07:44 +0200] "GET /images/big_prod_1/3609810061989a.jpg HTTP/1.1" 200 251997 "-" "Mozilla/5.0 (Linux; Android 7.0;) AppleWebKit/537.36 (KHTML, like Gecko) Mobile Safari/537.36 (compatible; PetalBot;+https://webmaster.petalsearch.com/site/petalbot)"
66.249.64.84 - - [06/Oct/2021:14:10:20 +0200] "GET /images/mini_prod/1328399299973.jpg HTTP/1.1" 200 6370 "-" "Googlebot-Image/1.0"
157.55.39.3 - - [06/Oct/2021:14:11:47 +0200] "GET /images/big_prod/1328399139910.jpg HTTP/1.1" 200 67687 "-" "Mozilla/5.0 (compatible; bingbot/2.0; +http://www.bing.com/bingbot.htm)"
34.231.151.19 - - [06/Oct/2021:14:15:21 +0200] "GET /images/mini_prod/3453131122429.jpg HTTP/1.1" 200 5704 "-" "Mozilla/5.0 (X11; Ubuntu; Linux x86_64; rv:72.0) Gecko/20100101 Firefox/72.0"
