157.55.39.68 - - [06/Oct/2021:21:43:26 +0200] "GET /images/big_prod/3418176227003.jpg HTTP/1.1" 200 52547 "-" "Mozilla/5.0 (compatible; bingbot/2.0; +http://www.bing.com/bingbot.htm)"
17.121.113.79 - - [06/Oct/2021:21:46:12 +0200] "GET /images/mini_prod/1399984264249.jpg HTTP/1.1" 200 5082 "-" "Mozilla/5.0 (Macintosh; Intel Mac OS X 10_15_5) AppleWebKit/605.1.15 (KHTML, like Gecko) Version/13.1.1 Safari/605.1.15 (Applebot/0.1; +http://www.apple.com/go/applebot)"
66.249.64.82 - - [06/Oct/2021:21:47:34 +0200] "GET /images/big_prod_3/1328399299973D.jpg HTTP/1.1" 200 481077 "-" "Googlebot-Image/1.0"
149.154.161.5 - - [06/Oct/2021:21:51:22 +0200] "GET /images/big_prod/1384010204641.jpg HTTP/1.1" 200 124578 "-" "TelegramBot (like TwitterBot)"
216.244.66.242 - - [06/Oct/2021:21:52:35 +0200] "GET /robots.txt HTTP/1.1" 200 2438 "-" "Mozilla/5.0 (compatible; DotBot/1.2; +https://opensiteexplorer.org/dotbot; help@moz.com)"
114.119.128.40 - - [06/Oct/2021:21:52:51 +0200] "GET /images/big_prod/3574642575075.jpg HTTP/1.1" 200 77710 "-" "Mozilla/5.0 (Linux; Android 7.0;) AppleWebKit/537.36 (KHTML, like Gecko) Mobile Safari/537.36 (compatible; PetalBot;+https://webmaster.petalsearch.com/site/petalbot)"
17.121.113.27 - - [06/Oct/2021:21:55:27 +0200] "GET /images/mini_prod/34DSCN8150.jpg HTTP/1.1" 200 8704 "-" "Mozilla/5.0 (Macintosh; Intel Mac OS X 10_15_5) AppleWebKit/605.1.15 (KHTML, like Gecko) Version/13.1.1 Safari/605.1.15 (Applebot/0.1; +http://www.apple.com/go/applebot)"
66.249.64.83 - - [06/Oct/2021:21:56:34 +0200] "GET /images/big_prod_3/1328399299997D.jpg HTTP/1.1" 200 455577 "-" "Googlebot-Image/1.0"
114.119.128.253 - - [06/Oct/2021:21:58:04 +0200] "GET /images/big_prod/3453131155793.jpg HTTP/1.1" 200 183384 "-" "Mozilla/5.0 (Linux; Android 7.0;) AppleWebKit/537.36 (KHTML, like Gecko) Mobile Safari/537.36 (compatible; PetalBot;+https://webmaster.petalsearch.com/site/petalbot)"
157.55.39.68 - - [06/Oct/2021:21:58:17 +0200] "GET /images/big_prod/3574642322495.jpg HTTP/1.1" 200 102218 "-" "Mozilla/5.0 (compatible; bingbot/2.0; +http://www.bing.com/bingbot.htm)"
110.249.202.81 - - [06/Oct/2021:21:59:14 +0200] "GET /images/big_prod/8433933142332.jpg HTTP/1.1" 200 60816 "http://www.wonder-geek.com/indoor-shiva-fountain-p-46688.html" "Mozilla/5.0 (Linux; Android 5.0) AppleWebKit/537.36 (KHTML, like Gecko) Mobile Safari/537.36 (compatible; Bytespider; https://zhanzhang.toutiao.com/)"
157.55.39.68 - - [06/Oct/2021:22:04:28 +0200] "GET /images/3279396049925.jpg HTTP/1.1" 200 91854 "-" "Mozilla/5.0 (compatible; bingbot/2.0; +http://www.bing.com/bingbot.htm)"
66.249.64.83 - - [06/Oct/2021:22:05:35 +0200] "GET /images/big_prod_1/3665269156935a.jpg HTTP/1.1" 200 96503 "-" "Googlebot-Image/1.0"
34.231.151.19 - - [06/Oct/2021:22:06:20 +0200] "GET /images/mini_prod/3700653593269.jpg HTTP/1.1" 200 6857 "-" "Mozilla/5.0 (X11; Ubuntu; Linux x86_64; rv:72.0) Gecko/20100101 Firefox/72.0"
111.225.149.23 - - [06/Oct/2021:22:09:14 +0200] "GET /images/big_prod/8433933179604BB.jpg HTTP/1.1" 200 53576 "http://www.wonder-geek.com/indoor-buddha-fountain-p-48808.html" "Mozilla/5.0 (Linux; Android 5.0) AppleWebKit/537.36 (KHTML, like Gecko) Mobile Safari/537.36 (compatible; Bytespider; https://zhanzhang.toutiao.com/)"
40.77.167.65 - - [06/Oct/2021:22:09:37 +0200] "GET /images/big_prod/8718317691980.jpg HTTP/1.1" 200 222317 "-" "Mozilla/5.0 (compatible; bingbot/2.0; +http://www.bing.com/bingbot.htm)"
185.191.171.44 - - [06/Oct/2021:22:12:01 +0200] "GET /robots.txt HTTP/1.1" 200 2438 "-" "Mozilla/5.0 (compatible; SemrushBot/7~bl; +http://www.semrush.com/bot.html)"
66.249.64.83 - - [06/Oct/2021:22:14:34 +0200] "GET /images/big_prod_1/8424015226477B.jpg HTTP/1.1" 200 120259 "-" "Googlebot-Image/1.0"
95.108.213.76 - - [06/Oct/2021:22:14:35 +0200] "GET /robots.txt HTTP/1.1" 200 2438 "-" "Mozilla/5.0 (compatible; YandexBot/3.0; +http://yandex.com/bots)"
40.77.167.65 - - [06/Oct/2021:22:15:48 +0200] "GET /images/1341689524654.jpg HTTP/1.1" 200 50129 "-" "Mozilla/5.0 (compatible; bingbot/2.0; +http://www.bing.com/bingbot.htm)"
207.46.13.162 - - [06/Oct/2021:22:16:36 +0200] "GET /images/DSCN3871chf.jpg HTTP/1.1" 200 47078 "-" "Mozilla/5.0 (compatible; bingbot/2.0; +http://www.bing.com/bingbot.htm)"
77.75.79.101 - - [06/Oct/2021:22:17:10 +0200] "GET /robots.txt HTTP/1.1" 200 2438 "-" "Mozilla/5.0 (compatible; SeznamBot/3.2; +http://napoveda.seznam.cz/en/seznambot-intro/)"
91.242.162.36 - - [06/Oct/2021:22:17:43 +0200] "GET /robots.txt HTTP/1.1" 200 2438 "-" "Mozilla/5.0 (compatible; Qwantify/2.4w; +https://www.qwant.com/)"
207.46.13.152 - - [06/Oct/2021:22:21:58 +0200] "GET /images/big_prod/1384220059376.jpg HTTP/1.1" 200 142813 "-" "Mozilla/5.0 (compatible; bingbot/2.0; +http://www.bing.com/bingbot.htm)"
207.46.13.152 - - [06/Oct/2021:22:22:08 +0200] "GET /images/med_prod/5036278053245.jpg HTTP/1.1" 200 117734 "-" "Mozilla/5.0 (compatible; bingbot/2.0; +http://www.bing.com/bingbot.htm)"
66.249.64.83 - - [06/Oct/2021:22:23:34 +0200] "GET /images/big_prod_2/8422077100032C.jpg HTTP/1.1" 200 130124 "-" "Googlebot-Image/1.0"
157.55.39.68 - - [06/Oct/2021:22:26:00 +0200] "GET /images/med_prod/5055071705359.jpg HTTP/1.1" 200 68371 "-" "Mozilla/5.0 (compatible; bingbot/2.0; +http://www.bing.com/bingbot.htm)"
45.91.23.141 - - [06/Oct/2021:22:26:17 +0200] "GET /images/big_prod/3589363780080.jpg HTTP/1.1" 200 76744 "-" "Mozilla/5.0 (Android 10; Mobile; rv:92.0) Gecko/92.0 Firefox/92.0"
207.46.13.54 - - [06/Oct/2021:22:26:53 +0200] "GET /images/4029811317363.jpg HTTP/1.1" 200 136907 "-" "Mozilla/5.0 (compatible; bingbot/2.0; +http://www.bing.com/bingbot.htm)"
207.46.13.54 - - [06/Oct/2021:22:28:04 +0200] "GET /images/med_prod/3609810034044.jpg HTTP/1.1" 200 84862 "-" "Mozilla/5.0 (compatible; bingbot/2.0; +http://www.bing.com/bingbot.htm)"
207.46.13.17 - - [06/Oct/2021:22:28:21 +0200] "GET /images/mini_prod/3503420124006.jpg HTTP/1.1" 200 4353 "-" "Mozilla/5.0 (compatible; bingbot/2.0; +http://www.bing.com/bingbot.htm)"
110.249.202.136 - - [06/Oct/2021:22:29:12 +0200] "GET /images/3438100359839.jpg HTTP/1.1" 200 69504 "http://www.wonder-geek.com/london-piggy-moneybox-p-27853.html" "Mozilla/5.0 (Linux; Android 5.0) AppleWebKit/537.36 (KHTML, like Gecko) Mobile Safari/537.36 (compatible; Bytespider; https://zhanzhang.toutiao.com/)"
45.91.23.141 - - [06/Oct/2021:22:29:15 +0200] "GET /images/big_prod/3589363780035.jpg HTTP/1.1" 200 269344 "-" "Mozilla/5.0 (Android 10; Mobile; rv:92.0) Gecko/92.0 Firefox/92.0"
66.249.64.84 - - [06/Oct/2021:22:32:34 +0200] "GET /images/mini_prod/3453131158039.jpg HTTP/1.1" 200 11805 "-" "Googlebot-Image/1.0"
181.226.101.207 - - [06/Oct/2021:22:33:01 +0200] "GET /js/jquery.jqzoom.js HTTP/1.1" 200 4761 "http://www.wonder-geek.com/totally-spies-swimsuit-p-30420.html" "Mozilla/5.0 (Windows NT 10.0; Win64; x64) AppleWebKit/537.36 (KHTML, like Gecko) Chrome/94.0.4606.61 Safari/537.36"
181.226.101.207 - - [06/Oct/2021:22:33:02 +0200] "GET /highslide/highslide.js HTTP/1.1" 200 42909 "http://www.wonder-geek.com/totally-spies-swimsuit-p-30420.html" "Mozilla/5.0 (Windows NT 10.0; Win64; x64) AppleWebKit/537.36 (KHTML, like Gecko) Chrome/94.0.4606.61 Safari/537.36"
181.226.101.207 - - [06/Oct/2021:22:33:02 +0200] "GET /templates/Pixame_v1/stylesheet.css HTTP/1.1" 200 56057 "http://www.wonder-geek.com/totally-spies-swimsuit-p-30420.html" "Mozilla/5.0 (Windows NT 10.0; Win64; x64) AppleWebKit/537.36 (KHTML, like Gecko) Chrome/94.0.4606.61 Safari/537.36"
181.226.101.207 - - [06/Oct/2021:22:33:02 +0200] "GET /mondial_relay/js/jquery-1.3.2.min.js HTTP/1.1" 200 57254 "http://www.wonder-geek.com/totally-spies-swimsuit-p-30420.html" "Mozilla/5.0 (Windows NT 10.0; Win64; x64) AppleWebKit/537.36 (KHTML, like Gecko) Chrome/94.0.4606.61 Safari/537.36"
181.226.101.207 - - [06/Oct/2021:22:33:02 +0200] "GET /js/jquery.js HTTP/1.1" 200 54075 "http://www.wonder-geek.com/totally-spies-swimsuit-p-30420.html" "Mozilla/5.0 (Windows NT 10.0; Win64; x64) AppleWebKit/537.36 (KHTML, like Gecko) Chrome/94.0.4606.61 Safari/537.36"
181.226.101.207 - - [06/Oct/2021:22:33:02 +0200] "GET /templates/Pixame_v1/images/icon_accueil2.png HTTP/1.1" 200 1137 "http://www.wonder-geek.com/totally-spies-swimsuit-p-30420.html" "Mozilla/5.0 (Windows NT 10.0; Win64; x64) AppleWebKit/537.36 (KHTML, like Gecko) Chrome/94.0.4606.61 Safari/537.36"
181.226.101.207 - - [06/Oct/2021:22:33:03 +0200] "GET /templates/Pixame_v1/images/nav.png HTTP/1.1" 200 1283 "http://www.wonder-geek.com/templates/Pixame_v1/stylesheet.css" "Mozilla/5.0 (Windows NT 10.0; Win64; x64) AppleWebKit/537.36 (KHTML, like Gecko) Chrome/94.0.4606.61 Safari/537.36"
181.226.101.207 - - [06/Oct/2021:22:33:03 +0200] "GET /images/270607_001746_PEEL_G78R4h.jpg HTTP/1.1" 200 35283 "http://www.wonder-geek.com/totally-spies-swimsuit-p-30420.html" "Mozilla/5.0 (Windows NT 10.0; Win64; x64) AppleWebKit/537.36 (KHTML, like Gecko) Chrome/94.0.4606.61 Safari/537.36"
181.226.101.207 - - [06/Oct/2021:22:33:03 +0200] "GET /design/productsenstock.png HTTP/1.1" 200 4743 "http://www.wonder-geek.com/templates/Pixame_v1/stylesheet.css" "Mozilla/5.0 (Windows NT 10.0; Win64; x64) AppleWebKit/537.36 (KHTML, like Gecko) Chrome/94.0.4606.61 Safari/537.36"
181.226.101.207 - - [06/Oct/2021:22:33:03 +0200] "GET /templates/Pixame_v1/images/Bottom_texture.jpg HTTP/1.1" 200 56290 "http://www.wonder-geek.com/templates/Pixame_v1/stylesheet.css" "Mozilla/5.0 (Windows NT 10.0; Win64; x64) AppleWebKit/537.36 (KHTML, like Gecko) Chrome/94.0.4606.61 Safari/537.36"
181.226.101.207 - - [06/Oct/2021:22:33:03 +0200] "GET /templates/Pixame_v1/images/buttons/english/button_in_cart.gif HTTP/1.1" 200 1212 "http://www.wonder-geek.com/totally-spies-swimsuit-p-30420.html" "Mozilla/5.0 (Windows NT 10.0; Win64; x64) AppleWebKit/537.36 (KHTML, like Gecko) Chrome/94.0.4606.61 Safari/537.36"
181.226.101.207 - - [06/Oct/2021:22:33:04 +0200] "GET /templates/Pixame_v1/images/header.png HTTP/1.1" 200 70245 "http://www.wonder-geek.com/templates/Pixame_v1/stylesheet.css" "Mozilla/5.0 (Windows NT 10.0; Win64; x64) AppleWebKit/537.36 (KHTML, like Gecko) Chrome/94.0.4606.61 Safari/537.36"
181.226.101.207 - - [06/Oct/2021:22:33:04 +0200] "GET /templates/Pixame_v1/images/Middle_texture.jpg HTTP/1.1" 200 249620 "http://www.wonder-geek.com/templates/Pixame_v1/stylesheet.css" "Mozilla/5.0 (Windows NT 10.0; Win64; x64) AppleWebKit/537.36 (KHTML, like Gecko) Chrome/94.0.4606.61 Safari/537.36"
181.226.101.207 - - [06/Oct/2021:22:33:04 +0200] "GET /templates/Pixame_v1/images/header-object.png HTTP/1.1" 200 106050 "http://www.wonder-geek.com/templates/Pixame_v1/stylesheet.css" "Mozilla/5.0 (Windows NT 10.0; Win64; x64) AppleWebKit/537.36 (KHTML, like Gecko) Chrome/94.0.4606.61 Safari/537.36"
181.226.101.207 - - [06/Oct/2021:22:33:04 +0200] "GET /highslide/graphics/outlines/drop-shadow.png HTTP/1.1" 200 2022 "http://www.wonder-geek.com/totally-spies-swimsuit-p-30420.html" "Mozilla/5.0 (Windows NT 10.0; Win64; x64) AppleWebKit/537.36 (KHTML, like Gecko) Chrome/94.0.4606.61 Safari/537.36"
181.226.101.207 - - [06/Oct/2021:22:33:04 +0200] "GET /favicon.ico HTTP/1.1" 200 1591 "http://www.wonder-geek.com/totally-spies-swimsuit-p-30420.html" "Mozilla/5.0 (Windows NT 10.0; Win64; x64) AppleWebKit/537.36 (KHTML, like Gecko) Chrome/94.0.4606.61 Safari/537.36"
40.77.167.79 - - [06/Oct/2021:22:37:23 +0200] "GET /images/med_prod/1399984288900.jpg HTTP/1.1" 200 92940 "-" "Mozilla/5.0 (compatible; bingbot/2.0; +http://www.bing.com/bingbot.htm)"
216.244.66.242 - - [06/Oct/2021:22:37:42 +0200] "GET /robots.txt HTTP/1.1" 200 2438 "-" "Mozilla/5.0 (compatible; DotBot/1.2; +https://opensiteexplorer.org/dotbot; help@moz.com)"
110.249.201.16 - - [06/Oct/2021:22:39:14 +0200] "GET /images/big_prod_2/3457019600863A.jpg HTTP/1.1" 200 50680 "http://www.wonder-geek.com/little-prince-jewelry-p-51620.html" "Mozilla/5.0 (Linux; Android 5.0) AppleWebKit/537.36 (KHTML, like Gecko) Mobile Safari/537.36 (compatible; Bytespider; https://zhanzhang.toutiao.com/)"
110.249.201.16 - - [06/Oct/2021:22:39:14 +0200] "GET /images/big_prod_3/3457019600863fr.jpg HTTP/1.1" 200 49192 "http://www.wonder-geek.com/little-prince-jewelry-p-51620.html" "Mozilla/5.0 (Linux; Android 5.0) AppleWebKit/537.36 (KHTML, like Gecko) Mobile Safari/537.36 (compatible; Bytespider; https://zhanzhang.toutiao.com/)"
110.249.201.12 - - [06/Oct/2021:22:39:14 +0200] "GET /images/big_prod_1/3457019600863C.jpg HTTP/1.1" 200 44888 "http://www.wonder-geek.com/little-prince-jewelry-p-51620.html" "Mozilla/5.0 (Linux; Android 5.0) AppleWebKit/537.36 (KHTML, like Gecko) Mobile Safari/537.36 (compatible; Bytespider; https://zhanzhang.toutiao.com/)"
110.249.201.17 - - [06/Oct/2021:22:39:14 +0200] "GET /images/big_prod/3457019600863B.jpg HTTP/1.1" 200 50680 "http://www.wonder-geek.com/little-prince-jewelry-p-51620.html" "Mozilla/5.0 (Linux; Android 5.0) AppleWebKit/537.36 (KHTML, like Gecko) Mobile Safari/537.36 (compatible; Bytespider; https://zhanzhang.toutiao.com/)"
40.77.167.10 - - [06/Oct/2021:22:39:21 +0200] "GET /images/med_prod/7316197615532.jpg HTTP/1.1" 200 213745 "-" "Mozilla/5.0 (compatible; bingbot/2.0; +http://www.bing.com/bingbot.htm)"
207.46.13.152 - - [06/Oct/2021:22:39:30 +0200] "GET /images/med_prod/5013138656426.jpg HTTP/1.1" 200 94194 "-" "Mozilla/5.0 (compatible; bingbot/2.0; +http://www.bing.com/bingbot.htm)"
66.102.9.112 - - [06/Oct/2021:22:40:40 +0200] "GET /images/DSCN4001.jpg HTTP/1.1" 200 23030 "-" "Mozilla/5.0 (Windows NT 5.1; rv:11.0) Gecko Firefox/11.0 (via ggpht.com GoogleImageProxy)"
207.46.13.17 - - [06/Oct/2021:22:41:33 +0200] "GET /images/mini_prod/4260082936956.jpg HTTP/1.1" 200 3844 "-" "Mozilla/5.0 (compatible; bingbot/2.0; +http://www.bing.com/bingbot.htm)"
66.249.64.82 - - [06/Oct/2021:22:41:34 +0200] "GET /images/big_prod/3520071690216.jpg HTTP/1.1" 200 136599 "-" "Googlebot-Image/1.0"
66.249.64.84 - - [06/Oct/2021:22:43:30 +0200] "GET /images/4895028509248.jpg HTTP/1.1" 200 109651 "-" "Googlebot-Image/1.0"
101.33.33.164 - - [06/Oct/2021:22:44:54 +0200] "GET /images/mini_prod/MUG-BLC-POLAROID.jpg HTTP/1.1" 200 6578 "-" "Mozilla/5.0 (X11; Ubuntu; Linux x86_64; rv:72.0) Gecko/20100101 Firefox/72.0"
54.236.1.13 - - [06/Oct/2021:22:45:04 +0200] "GET /images/8435306246654.jpg HTTP/1.1" 200 89478 "-" "Mozilla/5.0 (compatible; Pinterestbot/1.0; +http://www.pinterest.com/bot.html)"
54.236.1.11 - - [06/Oct/2021:22:46:49 +0200] "GET /images/8435306246470bis.jpg HTTP/1.1" 200 104295 "-" "Mozilla/5.0 (compatible; Pinterestbot/1.0; +http://www.pinterest.com/bot.html)"
111.225.148.209 - - [06/Oct/2021:22:49:21 +0200] "GET /images/big_prod_1/b4029811407859.jpg HTTP/1.1" 200 62264 "http://www.wonder-geek.com/little-panda-moneybox-p-47970.html" "Mozilla/5.0 (Linux; Android 5.0) AppleWebKit/537.36 (KHTML, like Gecko) Mobile Safari/537.36 (compatible; Bytespider; https://zhanzhang.toutiao.com/)"
111.225.148.203 - - [06/Oct/2021:22:49:22 +0200] "GET /images/big_prod/4029811407859.jpg HTTP/1.1" 200 65160 "http://www.wonder-geek.com/little-panda-moneybox-p-47970.html" "Mozilla/5.0 (Linux; Android 5.0) AppleWebKit/537.36 (KHTML, like Gecko) Mobile Safari/537.36 (compatible; Bytespider; https://zhanzhang.toutiao.com/)"
66.249.64.83 - - [06/Oct/2021:22:50:34 +0200] "GET /images/big_prod/4036113270210.jpg HTTP/1.1" 200 114089 "-" "Googlebot-Image/1.0"
66.249.80.20 - - [06/Oct/2021:22:51:58 +0200] "GET /images/big_prod_1/8422302657188a.jpg HTTP/1.1" 200 136335 "-" "Mozilla/5.0 (Windows NT 5.1; rv:11.0) Gecko Firefox/11.0 (via ggpht.com GoogleImageProxy)"
114.119.128.34 - - [06/Oct/2021:22:52:40 +0200] "GET /images/big_prod_1/3609810036260b.jpg HTTP/1.1" 200 91689 "-" "Mozilla/5.0 (Linux; Android 7.0;) AppleWebKit/537.36 (KHTML, like Gecko) Mobile Safari/537.36 (compatible; PetalBot;+https://webmaster.petalsearch.com/site/petalbot)"
74.125.208.114 - - [06/Oct/2021:22:58:20 +0200] "GET /images/1341689697372.jpg HTTP/1.1" 200 65041 "-" "Mozilla/5.0 (Windows NT 5.1; rv:11.0) Gecko Firefox/11.0 (via ggpht.com GoogleImageProxy)"
84.185.31.112 - - [06/Oct/2021:22:58:23 +0200] "GET /templates/Pixame_v1/stylesheet.css HTTP/1.1" 200 56057 "-" "Mozilla/5.0 (Linux; Android 11; SM-G991B) AppleWebKit/537.36 (KHTML, like Gecko) Chrome/94.0.4606.71 Mobile Safari/537.36"
84.185.31.112 - - [06/Oct/2021:22:58:23 +0200] "GET /highslide/highslide.js HTTP/1.1" 200 42909 "http://www.wonder-geek.com/guevara-zippo-lighter-p-27295.html" "Mozilla/5.0 (Linux; Android 11; SM-G991B) AppleWebKit/537.36 (KHTML, like Gecko) Chrome/94.0.4606.71 Mobile Safari/537.36"
84.185.31.112 - - [06/Oct/2021:22:58:23 +0200] "GET /js/jquery.jqzoom.js HTTP/1.1" 200 4761 "http://www.wonder-geek.com/guevara-zippo-lighter-p-27295.html" "Mozilla/5.0 (Linux; Android 11; SM-G991B) AppleWebKit/537.36 (KHTML, like Gecko) Chrome/94.0.4606.71 Mobile Safari/537.36"
84.185.31.112 - - [06/Oct/2021:22:58:23 +0200] "GET /js/jquery.js HTTP/1.1" 200 54075 "http://www.wonder-geek.com/guevara-zippo-lighter-p-27295.html" "Mozilla/5.0 (Linux; Android 11; SM-G991B) AppleWebKit/537.36 (KHTML, like Gecko) Chrome/94.0.4606.71 Mobile Safari/537.36"
84.185.31.112 - - [06/Oct/2021:22:58:23 +0200] "GET /mondial_relay/js/jquery-1.3.2.min.js HTTP/1.1" 200 57254 "http://www.wonder-geek.com/guevara-zippo-lighter-p-27295.html" "Mozilla/5.0 (Linux; Android 11; SM-G991B) AppleWebKit/537.36 (KHTML, like Gecko) Chrome/94.0.4606.71 Mobile Safari/537.36"
84.185.31.112 - - [06/Oct/2021:22:58:23 +0200] "GET /templates/Pixame_v1/images/icon_accueil2.png HTTP/1.1" 200 1137 "http://www.wonder-geek.com/guevara-zippo-lighter-p-27295.html" "Mozilla/5.0 (Linux; Android 11; SM-G991B) AppleWebKit/537.36 (KHTML, like Gecko) Chrome/94.0.4606.71 Mobile Safari/537.36"
84.185.31.112 - - [06/Oct/2021:22:58:23 +0200] "GET /templates/Pixame_v1/images/buttons/english/button_in_cart.gif HTTP/1.1" 200 1212 "http://www.wonder-geek.com/guevara-zippo-lighter-p-27295.html" "Mozilla/5.0 (Linux; Android 11; SM-G991B) AppleWebKit/537.36 (KHTML, like Gecko) Chrome/94.0.4606.71 Mobile Safari/537.36"
84.185.31.112 - - [06/Oct/2021:22:58:23 +0200] "GET /images/1341689697372.jpg HTTP/1.1" 200 65041 "http://www.wonder-geek.com/guevara-zippo-lighter-p-27295.html" "Mozilla/5.0 (Linux; Android 11; SM-G991B) AppleWebKit/537.36 (KHTML, like Gecko) Chrome/94.0.4606.71 Mobile Safari/537.36"
84.185.31.112 - - [06/Oct/2021:22:58:23 +0200] "GET /templates/Pixame_v1/images/nav.png HTTP/1.1" 200 1283 "http://www.wonder-geek.com/templates/Pixame_v1/stylesheet.css" "Mozilla/5.0 (Linux; Android 11; SM-G991B) AppleWebKit/537.36 (KHTML, like Gecko) Chrome/94.0.4606.71 Mobile Safari/537.36"
84.185.31.112 - - [06/Oct/2021:22:58:23 +0200] "GET /design/productsenstock.png HTTP/1.1" 200 4743 "http://www.wonder-geek.com/templates/Pixame_v1/stylesheet.css" "Mozilla/5.0 (Linux; Android 11; SM-G991B) AppleWebKit/537.36 (KHTML, like Gecko) Chrome/94.0.4606.71 Mobile Safari/537.36"
84.185.31.112 - - [06/Oct/2021:22:58:23 +0200] "GET /templates/Pixame_v1/images/Bottom_texture.jpg HTTP/1.1" 200 56290 "http://www.wonder-geek.com/templates/Pixame_v1/stylesheet.css" "Mozilla/5.0 (Linux; Android 11; SM-G991B) AppleWebKit/537.36 (KHTML, like Gecko) Chrome/94.0.4606.71 Mobile Safari/537.36"
84.185.31.112 - - [06/Oct/2021:22:58:23 +0200] "GET /templates/Pixame_v1/images/header.png HTTP/1.1" 200 70245 "http://www.wonder-geek.com/templates/Pixame_v1/stylesheet.css" "Mozilla/5.0 (Linux; Android 11; SM-G991B) AppleWebKit/537.36 (KHTML, like Gecko) Chrome/94.0.4606.71 Mobile Safari/537.36"
84.185.31.112 - - [06/Oct/2021:22:58:23 +0200] "GET /templates/Pixame_v1/images/header-object.png HTTP/1.1" 200 106050 "http://www.wonder-geek.com/templates/Pixame_v1/stylesheet.css" "Mozilla/5.0 (Linux; Android 11; SM-G991B) AppleWebKit/537.36 (KHTML, like Gecko) Chrome/94.0.4606.71 Mobile Safari/537.36"
84.185.31.112 - - [06/Oct/2021:22:58:23 +0200] "GET /templates/Pixame_v1/images/Middle_texture.jpg HTTP/1.1" 200 249620 "http://www.wonder-geek.com/templates/Pixame_v1/stylesheet.css" "Mozilla/5.0 (Linux; Android 11; SM-G991B) AppleWebKit/537.36 (KHTML, like Gecko) Chrome/94.0.4606.71 Mobile Safari/537.36"
84.185.31.112 - - [06/Oct/2021:22:58:24 +0200] "GET /highslide/graphics/outlines/drop-shadow.png HTTP/1.1" 200 2022 "http://www.wonder-geek.com/guevara-zippo-lighter-p-27295.html" "Mozilla/5.0 (Linux; Android 11; SM-G991B) AppleWebKit/537.36 (KHTML, like Gecko) Chrome/94.0.4606.71 Mobile Safari/537.36"
84.185.31.112 - - [06/Oct/2021:22:58:24 +0200] "GET /favicon.ico HTTP/1.1" 200 1591 "http://www.wonder-geek.com/guevara-zippo-lighter-p-27295.html" "Mozilla/5.0 (Linux; Android 11; SM-G991B) AppleWebKit/537.36 (KHTML, like Gecko) Chrome/94.0.4606.71 Mobile Safari/537.36"
207.46.13.17 - - [06/Oct/2021:22:58:35 +0200] "GET /images/big_prod/8422001017726.jpg HTTP/1.1" 200 65802 "-" "Mozilla/5.0 (compatible; bingbot/2.0; +http://www.bing.com/bingbot.htm)"
84.185.31.112 - - [06/Oct/2021:22:58:47 +0200] "GET /images/mini_prod/8006180300246.jpg HTTP/1.1" 200 5581 "http://www.wonder-geek.com/array-m-99.html" "Mozilla/5.0 (Linux; Android 11; SM-G991B) AppleWebKit/537.36 (KHTML, like Gecko) Chrome/94.0.4606.71 Mobile Safari/537.36"
84.185.31.112 - - [06/Oct/2021:22:58:47 +0200] "GET /images/mini_prod/3700276281574.jpg HTTP/1.1" 200 8304 "http://www.wonder-geek.com/array-m-99.html" "Mozilla/5.0 (Linux; Android 11; SM-G991B) AppleWebKit/537.36 (KHTML, like Gecko) Chrome/94.0.4606.71 Mobile Safari/537.36"
84.185.31.112 - - [06/Oct/2021:22:58:47 +0200] "GET /images/mini_prod/3700276281604.gif HTTP/1.1" 200 12914 "http://www.wonder-geek.com/array-m-99.html" "Mozilla/5.0 (Linux; Android 11; SM-G991B) AppleWebKit/537.36 (KHTML, like Gecko) Chrome/94.0.4606.71 Mobile Safari/537.36"
84.185.31.112 - - [06/Oct/2021:22:58:47 +0200] "GET /images/mini_prod/1341689697372.jpg HTTP/1.1" 200 6588 "http://www.wonder-geek.com/array-m-99.html" "Mozilla/5.0 (Linux; Android 11; SM-G991B) AppleWebKit/537.36 (KHTML, like Gecko) Chrome/94.0.4606.71 Mobile Safari/537.36"
84.185.31.112 - - [06/Oct/2021:22:58:47 +0200] "GET /images/mini_prod/1341689495619.jpg HTTP/1.1" 200 5345 "http://www.wonder-geek.com/array-m-99.html" "Mozilla/5.0 (Linux; Android 11; SM-G991B) AppleWebKit/537.36 (KHTML, like Gecko) Chrome/94.0.4606.71 Mobile Safari/537.36"
84.185.31.112 - - [06/Oct/2021:22:58:47 +0200] "GET /images/mini_prod/1341689387556.jpg HTTP/1.1" 200 6812 "http://www.wonder-geek.com/array-m-99.html" "Mozilla/5.0 (Linux; Android 11; SM-G991B) AppleWebKit/537.36 (KHTML, like Gecko) Chrome/94.0.4606.71 Mobile Safari/537.36"
84.185.31.112 - - [06/Oct/2021:22:58:47 +0200] "GET /js/jquery.masonry.min.js HTTP/1.1" 200 5392 "http://www.wonder-geek.com/array-m-99.html" "Mozilla/5.0 (Linux; Android 11; SM-G991B) AppleWebKit/537.36 (KHTML, like Gecko) Chrome/94.0.4606.71 Mobile Safari/537.36"
84.185.31.112 - - [06/Oct/2021:22:58:47 +0200] "GET /js/modernizr-transitions.js HTTP/1.1" 200 2026 "http://www.wonder-geek.com/array-m-99.html" "Mozilla/5.0 (Linux; Android 11; SM-G991B) AppleWebKit/537.36 (KHTML, like Gecko) Chrome/94.0.4606.71 Mobile Safari/537.36"
84.185.31.112 - - [06/Oct/2021:22:58:47 +0200] "GET /images/mini_prod/1341689387563.jpg HTTP/1.1" 200 6860 "http://www.wonder-geek.com/array-m-99.html" "Mozilla/5.0 (Linux; Android 11; SM-G991B) AppleWebKit/537.36 (KHTML, like Gecko) Chrome/94.0.4606.71 Mobile Safari/537.36"
84.185.31.112 - - [06/Oct/2021:22:59:05 +0200] "GET /images/3700276281604.jpg HTTP/1.1" 200 29107 "http://www.wonder-geek.com/guevara-floor-standing-ashtray-p-6827.html" "Mozilla/5.0 (Linux; Android 11; SM-G991B) AppleWebKit/537.36 (KHTML, like Gecko) Chrome/94.0.4606.71 Mobile Safari/537.36"
110.249.202.196 - - [06/Oct/2021:22:59:15 +0200] "GET /images/big_prod/3014627927494.jpg HTTP/1.1" 200 57519 "http://www.wonder-geek.com/flamingo-fitted-sheet-p-51984.html" "Mozilla/5.0 (Linux; Android 5.0) AppleWebKit/537.36 (KHTML, like Gecko) Mobile Safari/537.36 (compatible; Bytespider; https://zhanzhang.toutiao.com/)"
40.77.167.10 - - [06/Oct/2021:22:59:23 +0200] "GET /images/1300010240281.jpg HTTP/1.1" 200 104017 "-" "Mozilla/5.0 (compatible; bingbot/2.0; +http://www.bing.com/bingbot.htm)"
40.77.167.10 - - [06/Oct/2021:23:02:14 +0200] "GET /images/big_prod/8003990572825D.jpg HTTP/1.1" 200 193108 "-" "Mozilla/5.0 (compatible; bingbot/2.0; +http://www.bing.com/bingbot.htm)"
157.55.39.68 - - [06/Oct/2021:23:02:33 +0200] "GET /images/med_prod/1341689418304.jpg HTTP/1.1" 200 74697 "-" "Mozilla/5.0 (compatible; bingbot/2.0; +http://www.bing.com/bingbot.htm)"
66.249.64.83 - - [06/Oct/2021:23:02:54 +0200] "GET /images/big_prod_1/3453131144940N.jpg HTTP/1.1" 200 311268 "-" "Googlebot-Image/1.0"
66.249.64.82 - - [06/Oct/2021:23:05:35 +0200] "GET /images/big_prod/3665269156621.jpg HTTP/1.1" 200 136372 "-" "Googlebot-Image/1.0"
40.77.167.65 - - [06/Oct/2021:23:06:23 +0200] "GET /images/3437011010006.jpg HTTP/1.1" 200 82428 "-" "Mozilla/5.0 (compatible; bingbot/2.0; +http://www.bing.com/bingbot.htm)"
157.55.39.68 - - [06/Oct/2021:23:08:14 +0200] "GET /images/B00316-copie.jpg HTTP/1.1" 200 30768 "-" "Mozilla/5.0 (compatible; bingbot/2.0; +http://www.bing.com/bingbot.htm)"
114.119.128.39 - - [06/Oct/2021:23:09:11 +0200] "GET /images/big_prod/3453131154918.jpg HTTP/1.1" 200 61034 "-" "Mozilla/5.0 (Linux; Android 7.0;) AppleWebKit/537.36 (KHTML, like Gecko) Mobile Safari/537.36 (compatible; PetalBot;+https://webmaster.petalsearch.com/site/petalbot)"
111.225.149.161 - - [06/Oct/2021:23:09:16 +0200] "GET /images/B102902.jpg HTTP/1.1" 200 34680 "http://www.wonder-geek.com/paris-pencil-case-p-15434.html" "Mozilla/5.0 (Linux; Android 5.0) AppleWebKit/537.36 (KHTML, like Gecko) Mobile Safari/537.36 (compatible; Bytespider; https://zhanzhang.toutiao.com/)"
185.191.171.22 - - [06/Oct/2021:23:10:17 +0200] "GET /robots.txt HTTP/1.1" 200 2438 "-" "Mozilla/5.0 (compatible; SemrushBot/7~bl; +http://www.semrush.com/bot.html)"
178.154.216.19 - - [06/Oct/2021:23:12:07 +0200] "GET /images/big_prod/1345544761390.jpg HTTP/1.1" 200 76674 "-" "Mozilla/5.0 (X11; Ubuntu; Linux x86_64; rv:72.0) Gecko/20100101 Firefox/72.0"
159.138.102.98 - - [06/Oct/2021:23:12:08 +0200] "GET /images/mini_prod/8717127433520.jpg HTTP/1.1" 200 7303 "-" "Mozilla/5.0 (Linux; Android 7.0;) AppleWebKit/537.36 (KHTML, like Gecko) Mobile Safari/537.36 (compatible; PetalBot;+https://webmaster.petalsearch.com/site/petalbot)"
5.255.253.134 - - [06/Oct/2021:23:12:32 +0200] "GET /images/big_prod/1399986101061.jpg HTTP/1.1" 200 197199 "-" "Mozilla/5.0 (compatible; YandexImages/3.0; +http://yandex.com/bots)"
110.249.202.159 - - [06/Oct/2021:23:19:11 +0200] "GET /js/jquery.jqzoom.js HTTP/1.1" 200 4761 "http://www.wonder-geek.com/fitted-sheet-white-p-27503.html" "Mozilla/5.0 (Linux; Android 5.0) AppleWebKit/537.36 (KHTML, like Gecko) Mobile Safari/537.36 (compatible; Bytespider; https://zhanzhang.toutiao.com/)"
110.249.202.152 - - [06/Oct/2021:23:19:13 +0200] "GET /images/big_prod/3014627555642.jpg HTTP/1.1" 200 43594 "http://www.wonder-geek.com/fitted-sheet-white-p-27503.html" "Mozilla/5.0 (Linux; Android 5.0) AppleWebKit/537.36 (KHTML, like Gecko) Mobile Safari/537.36 (compatible; Bytespider; https://zhanzhang.toutiao.com/)"
40.77.167.65 - - [06/Oct/2021:23:19:34 +0200] "GET /images/big_prod/4029811400317B.jpg HTTP/1.1" 200 121791 "-" "Mozilla/5.0 (compatible; bingbot/2.0; +http://www.bing.com/bingbot.htm)"
40.88.21.235 - - [06/Oct/2021:23:19:57 +0200] "GET /favicon.ico HTTP/1.1" 200 1591 "http://www.wonder-geek.com/favicon.ico" "Mozilla/5.0 (compatible; DuckDuckGo-Favicons-Bot/1.0; +http://duckduckgo.com)"
66.249.64.82 - - [06/Oct/2021:23:20:34 +0200] "GET /images/med_prod/8717202558803.jpg HTTP/1.1" 200 74494 "-" "Googlebot-Image/1.0"
157.55.39.3 - - [06/Oct/2021:23:21:52 +0200] "GET /images/mini_prod/8422088078542.jpg HTTP/1.1" 200 3634 "-" "Mozilla/5.0 (compatible; bingbot/2.0; +http://www.bing.com/bingbot.htm)"
91.82.200.65 - - [06/Oct/2021:23:21:55 +0200] "GET /js/jquery.jqzoom.js HTTP/1.1" 200 4761 "http://www.wonder-geek.com/himalayan-mini-salt-lamp-sphere-orange-light-powered-p-38793.html" "Mozilla/5.0 (Windows NT 10.0; Win64; x64; rv:82.0) Gecko/20100101 Firefox/82.0"
91.82.200.65 - - [06/Oct/2021:23:21:55 +0200] "GET /highslide/highslide.js HTTP/1.1" 200 42909 "http://www.wonder-geek.com/himalayan-mini-salt-lamp-sphere-orange-light-powered-p-38793.html" "Mozilla/5.0 (Windows NT 10.0; Win64; x64; rv:82.0) Gecko/20100101 Firefox/82.0"
91.82.200.65 - - [06/Oct/2021:23:21:55 +0200] "GET /templates/Pixame_v1/stylesheet.css HTTP/1.1" 200 56057 "http://www.wonder-geek.com/himalayan-mini-salt-lamp-sphere-orange-light-powered-p-38793.html" "Mozilla/5.0 (Windows NT 10.0; Win64; x64; rv:82.0) Gecko/20100101 Firefox/82.0"
91.82.200.65 - - [06/Oct/2021:23:21:55 +0200] "GET /js/jquery.js HTTP/1.1" 200 54075 "http://www.wonder-geek.com/himalayan-mini-salt-lamp-sphere-orange-light-powered-p-38793.html" "Mozilla/5.0 (Windows NT 10.0; Win64; x64; rv:82.0) Gecko/20100101 Firefox/82.0"
91.82.200.65 - - [06/Oct/2021:23:21:55 +0200] "GET /mondial_relay/js/jquery-1.3.2.min.js HTTP/1.1" 200 57254 "http://www.wonder-geek.com/himalayan-mini-salt-lamp-sphere-orange-light-powered-p-38793.html" "Mozilla/5.0 (Windows NT 10.0; Win64; x64; rv:82.0) Gecko/20100101 Firefox/82.0"
91.82.200.65 - - [06/Oct/2021:23:21:55 +0200] "GET /templates/Pixame_v1/images/icon_accueil2.png HTTP/1.1" 200 1137 "http://www.wonder-geek.com/himalayan-mini-salt-lamp-sphere-orange-light-powered-p-38793.html" "Mozilla/5.0 (Windows NT 10.0; Win64; x64; rv:82.0) Gecko/20100101 Firefox/82.0"
91.82.200.65 - - [06/Oct/2021:23:21:55 +0200] "GET /robots.txt HTTP/1.1" 200 2438 "-" "Mozilla/5.0 (Windows NT 10.0; Win64; x64; rv:82.0) Gecko/20100101 Firefox/82.0"
91.82.200.65 - - [06/Oct/2021:23:21:55 +0200] "GET /templates/Pixame_v1/images/nav.png HTTP/1.1" 200 1283 "http://www.wonder-geek.com/templates/Pixame_v1/stylesheet.css" "Mozilla/5.0 (Windows NT 10.0; Win64; x64; rv:82.0) Gecko/20100101 Firefox/82.0"
91.82.200.65 - - [06/Oct/2021:23:21:55 +0200] "GET /templates/Pixame_v1/images/Bottom_texture.jpg HTTP/1.1" 200 56290 "http://www.wonder-geek.com/templates/Pixame_v1/stylesheet.css" "Mozilla/5.0 (Windows NT 10.0; Win64; x64; rv:82.0) Gecko/20100101 Firefox/82.0"
91.82.200.65 - - [06/Oct/2021:23:21:56 +0200] "GET /images/big_prod/8718657460901a.jpg HTTP/1.1" 200 84273 "http://www.wonder-geek.com/himalayan-mini-salt-lamp-sphere-orange-light-powered-p-38793.html" "Mozilla/5.0 (Windows NT 10.0; Win64; x64; rv:82.0) Gecko/20100101 Firefox/82.0"
91.82.200.65 - - [06/Oct/2021:23:21:56 +0200] "GET /templates/Pixame_v1/images/header.png HTTP/1.1" 200 70245 "http://www.wonder-geek.com/templates/Pixame_v1/stylesheet.css" "Mozilla/5.0 (Windows NT 10.0; Win64; x64; rv:82.0) Gecko/20100101 Firefox/82.0"
91.82.200.65 - - [06/Oct/2021:23:21:56 +0200] "GET /design/productsenstock.png HTTP/1.1" 200 4743 "http://www.wonder-geek.com/templates/Pixame_v1/stylesheet.css" "Mozilla/5.0 (Windows NT 10.0; Win64; x64; rv:82.0) Gecko/20100101 Firefox/82.0"
91.82.200.65 - - [06/Oct/2021:23:21:56 +0200] "GET /images/big_prod_1/8718657460901b.jpg HTTP/1.1" 200 66611 "http://www.wonder-geek.com/himalayan-mini-salt-lamp-sphere-orange-light-powered-p-38793.html" "Mozilla/5.0 (Windows NT 10.0; Win64; x64; rv:82.0) Gecko/20100101 Firefox/82.0"
91.82.200.65 - - [06/Oct/2021:23:21:56 +0200] "GET /templates/Pixame_v1/images/header-object.png HTTP/1.1" 200 106050 "http://www.wonder-geek.com/templates/Pixame_v1/stylesheet.css" "Mozilla/5.0 (Windows NT 10.0; Win64; x64; rv:82.0) Gecko/20100101 Firefox/82.0"
91.82.200.65 - - [06/Oct/2021:23:21:56 +0200] "GET /templates/Pixame_v1/images/buttons/english/button_in_cart.gif HTTP/1.1" 200 1212 "http://www.wonder-geek.com/himalayan-mini-salt-lamp-sphere-orange-light-powered-p-38793.html" "Mozilla/5.0 (Windows NT 10.0; Win64; x64; rv:82.0) Gecko/20100101 Firefox/82.0"
91.82.200.65 - - [06/Oct/2021:23:21:56 +0200] "GET /templates/Pixame_v1/images/Middle_texture.jpg HTTP/1.1" 200 249620 "http://www.wonder-geek.com/templates/Pixame_v1/stylesheet.css" "Mozilla/5.0 (Windows NT 10.0; Win64; x64; rv:82.0) Gecko/20100101 Firefox/82.0"
91.82.200.65 - - [06/Oct/2021:23:21:56 +0200] "GET /favicon.ico HTTP/1.1" 200 1591 "http://www.wonder-geek.com/himalayan-mini-salt-lamp-sphere-orange-light-powered-p-38793.html" "Mozilla/5.0 (Windows NT 10.0; Win64; x64; rv:82.0) Gecko/20100101 Firefox/82.0"
91.82.200.65 - - [06/Oct/2021:23:21:56 +0200] "GET /highslide/graphics/outlines/drop-shadow.png HTTP/1.1" 200 2022 "http://www.wonder-geek.com/himalayan-mini-salt-lamp-sphere-orange-light-powered-p-38793.html" "Mozilla/5.0 (Windows NT 10.0; Win64; x64; rv:82.0) Gecko/20100101 Firefox/82.0"
216.244.66.242 - - [06/Oct/2021:23:24:01 +0200] "GET /robots.txt HTTP/1.1" 200 2438 "-" "Mozilla/5.0 (compatible; DotBot/1.2; +https://opensiteexplorer.org/dotbot; help@moz.com)"
114.119.128.39 - - [06/Oct/2021:23:24:08 +0200] "GET /images/mini_prod/8433933222799.jpg HTTP/1.1" 200 8089 "-" "Mozilla/5.0 (Linux; Android 7.0;) AppleWebKit/537.36 (KHTML, like Gecko) Mobile Safari/537.36 (compatible; PetalBot;+https://webmaster.petalsearch.com/site/petalbot)"
110.249.202.168 - - [06/Oct/2021:23:29:11 +0200] "GET /highslide/highslide.js HTTP/1.1" 200 42909 "http://www.wonder-geek.com/wooden-boxes-storage-c-13_150_220.html" "Mozilla/5.0 (Linux; Android 5.0) AppleWebKit/537.36 (KHTML, like Gecko) Mobile Safari/537.36 (compatible; Bytespider; https://zhanzhang.toutiao.com/)"
157.55.39.68 - - [06/Oct/2021:23:32:26 +0200] "GET /images/big_prod/5018997410936B.jpg HTTP/1.1" 200 125275 "-" "Mozilla/5.0 (compatible; bingbot/2.0; +http://www.bing.com/bingbot.htm)"
114.119.128.26 - - [06/Oct/2021:23:33:06 +0200] "GET /images/big_prod/138401020544.jpg HTTP/1.1" 200 61688 "-" "Mozilla/5.0 (Linux; Android 7.0;) AppleWebKit/537.36 (KHTML, like Gecko) Mobile Safari/537.36 (compatible; PetalBot;+https://webmaster.petalsearch.com/site/petalbot)"
66.249.64.83 - - [06/Oct/2021:23:35:34 +0200] "GET /images/mini_prod/8422077100032.jpg HTTP/1.1" 200 6879 "-" "Googlebot-Image/1.0"
207.46.13.17 - - [06/Oct/2021:23:35:38 +0200] "GET /images/med_prod/1328399077830.jpg HTTP/1.1" 200 89189 "-" "Mozilla/5.0 (compatible; bingbot/2.0; +http://www.bing.com/bingbot.htm)"
114.119.159.62 - - [06/Oct/2021:23:37:31 +0200] "GET /js/jquery.jqzoom.js HTTP/1.1" 200 4761 "http://www.wonder-geek.com/toys-c-4_45.html" "Mozilla/5.0 (Linux; Android 7.0;) AppleWebKit/537.36 (KHTML, like Gecko) Mobile Safari/537.36 (compatible; PetalBot;+https://webmaster.petalsearch.com/site/petalbot)"
114.119.159.62 - - [06/Oct/2021:23:37:32 +0200] "GET /mondial_relay/js/jquery-1.3.2.min.js HTTP/1.1" 200 57254 "http://www.wonder-geek.com/toys-c-4_45.html" "Mozilla/5.0 (Linux; Android 7.0;) AppleWebKit/537.36 (KHTML, like Gecko) Mobile Safari/537.36 (compatible; PetalBot;+https://webmaster.petalsearch.com/site/petalbot)"
114.119.159.62 - - [06/Oct/2021:23:37:32 +0200] "GET /templates/Pixame_v1/stylesheet.css HTTP/1.1" 200 56057 "http://www.wonder-geek.com/toys-c-4_45.html" "Mozilla/5.0 (Linux; Android 7.0;) AppleWebKit/537.36 (KHTML, like Gecko) Mobile Safari/537.36 (compatible; PetalBot;+https://webmaster.petalsearch.com/site/petalbot)"
114.119.159.62 - - [06/Oct/2021:23:37:32 +0200] "GET /js/jquery.js HTTP/1.1" 200 54075 "http://www.wonder-geek.com/toys-c-4_45.html" "Mozilla/5.0 (Linux; Android 7.0;) AppleWebKit/537.36 (KHTML, like Gecko) Mobile Safari/537.36 (compatible; PetalBot;+https://webmaster.petalsearch.com/site/petalbot)"
114.119.159.62 - - [06/Oct/2021:23:37:32 +0200] "GET /highslide/highslide.js HTTP/1.1" 200 42909 "http://www.wonder-geek.com/toys-c-4_45.html" "Mozilla/5.0 (Linux; Android 7.0;) AppleWebKit/537.36 (KHTML, like Gecko) Mobile Safari/537.36 (compatible; PetalBot;+https://webmaster.petalsearch.com/site/petalbot)"
114.119.159.62 - - [06/Oct/2021:23:37:32 +0200] "GET /js/modernizr-transitions.js HTTP/1.1" 200 2026 "http://www.wonder-geek.com/toys-c-4_45.html" "Mozilla/5.0 (Linux; Android 7.0;) AppleWebKit/537.36 (KHTML, like Gecko) Mobile Safari/537.36 (compatible; PetalBot;+https://webmaster.petalsearch.com/site/petalbot)"
114.119.159.62 - - [06/Oct/2021:23:37:32 +0200] "GET /js/jquery.masonry.min.js HTTP/1.1" 200 5392 "http://www.wonder-geek.com/toys-c-4_45.html" "Mozilla/5.0 (Linux; Android 7.0;) AppleWebKit/537.36 (KHTML, like Gecko) Mobile Safari/537.36 (compatible; PetalBot;+https://webmaster.petalsearch.com/site/petalbot)"
207.46.13.54 - - [06/Oct/2021:23:38:01 +0200] "GET /images/big_prod_1/3608860228496B.jpg HTTP/1.1" 200 164598 "-" "Mozilla/5.0 (compatible; bingbot/2.0; +http://www.bing.com/bingbot.htm)"
110.249.201.27 - - [06/Oct/2021:23:39:14 +0200] "GET /images/big_prod/8422078576201.jpg HTTP/1.1" 200 69504 "http://www.wonder-geek.com/mystic-skull-moneybox-p-52262.html" "Mozilla/5.0 (Linux; Android 5.0) AppleWebKit/537.36 (KHTML, like Gecko) Mobile Safari/537.36 (compatible; Bytespider; https://zhanzhang.toutiao.com/)"
74.125.212.52 - - [06/Oct/2021:23:44:35 +0200] "GET /images/big_prod_1/8422087179349B.jpg HTTP/1.1" 200 533028 "-" "Mozilla/5.0 (Windows NT 5.1; rv:11.0) Gecko Firefox/11.0 (via ggpht.com GoogleImageProxy)"
157.55.39.3 - - [06/Oct/2021:23:46:34 +0200] "GET /mondial_relay/js/jquery-1.3.2.min.js HTTP/1.1" 200 57254 "-" "Mozilla/5.0 (compatible; bingbot/2.0; +http://www.bing.com/bingbot.htm)"
40.77.167.65 - - [06/Oct/2021:23:47:05 +0200] "GET /images/big_prod/1384010184943.jpg HTTP/1.1" 200 93155 "-" "Mozilla/5.0 (compatible; bingbot/2.0; +http://www.bing.com/bingbot.htm)"
178.154.216.19 - - [06/Oct/2021:23:51:35 +0200] "GET /images/mini_prod/3661443612495.jpg HTTP/1.1" 200 6374 "-" "Mozilla/5.0 (X11; Ubuntu; Linux x86_64; rv:72.0) Gecko/20100101 Firefox/72.0"
91.242.162.25 - - [06/Oct/2021:23:53:18 +0200] "GET /robots.txt HTTP/1.1" 200 2438 "-" "Mozilla/5.0 (compatible; Qwantify/2.4w; +https://www.qwant.com/)"
66.249.64.82 - - [06/Oct/2021:23:53:32 +0200] "GET /images/big_prod_2/1328399299997C.jpg HTTP/1.1" 200 207331 "-" "Googlebot-Image/1.0"
207.46.13.17 - - [06/Oct/2021:23:56:37 +0200] "GET /images/big_prod/5701359740665.jpg HTTP/1.1" 200 151781 "-" "Mozilla/5.0 (compatible; bingbot/2.0; +http://www.bing.com/bingbot.htm)"
34.231.151.19 - - [06/Oct/2021:23:56:57 +0200] "GET /images/mini_prod/1399984257432.jpg HTTP/1.1" 200 7226 "-" "Mozilla/5.0 (X11; Ubuntu; Linux x86_64; rv:72.0) Gecko/20100101 Firefox/72.0"
114.119.128.26 - - [06/Oct/2021:23:57:29 +0200] "GET /images/mini_prod/BB1384010191309NN.jpg HTTP/1.1" 200 3966 "-" "Mozilla/5.0 (Linux; Android 7.0;) AppleWebKit/537.36 (KHTML, like Gecko) Mobile Safari/537.36 (compatible; PetalBot;+https://webmaster.petalsearch.com/site/petalbot)"
112.213.191.178 - - [06/Oct/2021:23:58:31 +0200] "GET /highslide/highslide.js HTTP/1.1" 200 42909 "http://www.wonder-geek.com/holiday-rapunzel-figurine-p-53354.html" "Mozilla/5.0 (Linux; Android 10; ELE-L29) AppleWebKit/537.36 (KHTML, like Gecko) Chrome/94.0.4606.71 Mobile Safari/537.36"
112.213.191.178 - - [06/Oct/2021:23:58:31 +0200] "GET /js/jquery.jqzoom.js HTTP/1.1" 200 4761 "http://www.wonder-geek.com/holiday-rapunzel-figurine-p-53354.html" "Mozilla/5.0 (Linux; Android 10; ELE-L29) AppleWebKit/537.36 (KHTML, like Gecko) Chrome/94.0.4606.71 Mobile Safari/537.36"
112.213.191.178 - - [06/Oct/2021:23:58:32 +0200] "GET /templates/Pixame_v1/stylesheet.css HTTP/1.1" 200 56057 "http://www.wonder-geek.com/holiday-rapunzel-figurine-p-53354.html" "Mozilla/5.0 (Linux; Android 10; ELE-L29) AppleWebKit/537.36 (KHTML, like Gecko) Chrome/94.0.4606.71 Mobile Safari/537.36"
112.213.191.178 - - [06/Oct/2021:23:58:32 +0200] "GET /js/jquery.js HTTP/1.1" 200 54075 "http://www.wonder-geek.com/holiday-rapunzel-figurine-p-53354.html" "Mozilla/5.0 (Linux; Android 10; ELE-L29) AppleWebKit/537.36 (KHTML, like Gecko) Chrome/94.0.4606.71 Mobile Safari/537.36"
112.213.191.178 - - [06/Oct/2021:23:58:32 +0200] "GET /mondial_relay/js/jquery-1.3.2.min.js HTTP/1.1" 200 57254 "http://www.wonder-geek.com/holiday-rapunzel-figurine-p-53354.html" "Mozilla/5.0 (Linux; Android 10; ELE-L29) AppleWebKit/537.36 (KHTML, like Gecko) Chrome/94.0.4606.71 Mobile Safari/537.36"
112.213.191.178 - - [06/Oct/2021:23:58:32 +0200] "GET /templates/Pixame_v1/images/icon_accueil2.png HTTP/1.1" 200 1137 "http://www.wonder-geek.com/holiday-rapunzel-figurine-p-53354.html" "Mozilla/5.0 (Linux; Android 10; ELE-L29) AppleWebKit/537.36 (KHTML, like Gecko) Chrome/94.0.4606.71 Mobile Safari/537.36"
112.213.191.178 - - [06/Oct/2021:23:58:33 +0200] "GET /templates/Pixame_v1/images/Bottom_texture.jpg HTTP/1.1" 200 56290 "http://www.wonder-geek.com/templates/Pixame_v1/stylesheet.css" "Mozilla/5.0 (Linux; Android 10; ELE-L29) AppleWebKit/537.36 (KHTML, like Gecko) Chrome/94.0.4606.71 Mobile Safari/537.36"
112.213.191.178 - - [06/Oct/2021:23:58:33 +0200] "GET /templates/Pixame_v1/images/nav.png HTTP/1.1" 200 1283 "http://www.wonder-geek.com/templates/Pixame_v1/stylesheet.css" "Mozilla/5.0 (Linux; Android 10; ELE-L29) AppleWebKit/537.36 (KHTML, like Gecko) Chrome/94.0.4606.71 Mobile Safari/537.36"
112.213.191.178 - - [06/Oct/2021:23:58:33 +0200] "GET /templates/Pixame_v1/images/header.png HTTP/1.1" 200 70245 "http://www.wonder-geek.com/templates/Pixame_v1/stylesheet.css" "Mozilla/5.0 (Linux; Android 10; ELE-L29) AppleWebKit/537.36 (KHTML, like Gecko) Chrome/94.0.4606.71 Mobile Safari/537.36"
112.213.191.178 - - [06/Oct/2021:23:58:33 +0200] "GET /templates/Pixame_v1/images/header-object.png HTTP/1.1" 200 106050 "http://www.wonder-geek.com/templates/Pixame_v1/stylesheet.css" "Mozilla/5.0 (Linux; Android 10; ELE-L29) AppleWebKit/537.36 (KHTML, like Gecko) Chrome/94.0.4606.71 Mobile Safari/537.36"
112.213.191.178 - - [06/Oct/2021:23:58:33 +0200] "GET /templates/Pixame_v1/images/buttons/english/button_in_cart.gif HTTP/1.1" 200 1212 "http://www.wonder-geek.com/holiday-rapunzel-figurine-p-53354.html" "Mozilla/5.0 (Linux; Android 10; ELE-L29) AppleWebKit/537.36 (KHTML, like Gecko) Chrome/94.0.4606.71 Mobile Safari/537.36"
112.213.191.178 - - [06/Oct/2021:23:58:34 +0200] "GET /templates/Pixame_v1/images/Middle_texture.jpg HTTP/1.1" 200 249620 "http://www.wonder-geek.com/templates/Pixame_v1/stylesheet.css" "Mozilla/5.0 (Linux; Android 10; ELE-L29) AppleWebKit/537.36 (KHTML, like Gecko) Chrome/94.0.4606.71 Mobile Safari/537.36"
112.213.191.178 - - [06/Oct/2021:23:58:34 +0200] "GET /design/productsenstock.png HTTP/1.1" 200 4743 "http://www.wonder-geek.com/templates/Pixame_v1/stylesheet.css" "Mozilla/5.0 (Linux; Android 10; ELE-L29) AppleWebKit/537.36 (KHTML, like Gecko) Chrome/94.0.4606.71 Mobile Safari/537.36"
112.213.191.178 - - [06/Oct/2021:23:58:34 +0200] "GET /images/big_prod/1328399271320.jpg HTTP/1.1" 200 244163 "http://www.wonder-geek.com/holiday-rapunzel-figurine-p-53354.html" "Mozilla/5.0 (Linux; Android 10; ELE-L29) AppleWebKit/537.36 (KHTML, like Gecko) Chrome/94.0.4606.71 Mobile Safari/537.36"
112.213.191.178 - - [06/Oct/2021:23:58:34 +0200] "GET /images/big_prod_1/1328399271320a.jpg HTTP/1.1" 200 186364 "http://www.wonder-geek.com/holiday-rapunzel-figurine-p-53354.html" "Mozilla/5.0 (Linux; Android 10; ELE-L29) AppleWebKit/537.36 (KHTML, like Gecko) Chrome/94.0.4606.71 Mobile Safari/537.36"
112.213.191.178 - - [06/Oct/2021:23:58:36 +0200] "GET /images/big_prod_2/1328399271320b.jpg HTTP/1.1" 200 237904 "http://www.wonder-geek.com/holiday-rapunzel-figurine-p-53354.html" "Mozilla/5.0 (Linux; Android 10; ELE-L29) AppleWebKit/537.36 (KHTML, like Gecko) Chrome/94.0.4606.71 Mobile Safari/537.36"
112.213.191.178 - - [06/Oct/2021:23:58:37 +0200] "GET /highslide/graphics/outlines/drop-shadow.png HTTP/1.1" 200 2022 "http://www.wonder-geek.com/holiday-rapunzel-figurine-p-53354.html" "Mozilla/5.0 (Linux; Android 10; ELE-L29) AppleWebKit/537.36 (KHTML, like Gecko) Chrome/94.0.4606.71 Mobile Safari/537.36"
112.213.191.178 - - [06/Oct/2021:23:58:37 +0200] "GET /favicon.ico HTTP/1.1" 200 1591 "http://www.wonder-geek.com/holiday-rapunzel-figurine-p-53354.html" "Mozilla/5.0 (Linux; Android 10; ELE-L29) AppleWebKit/537.36 (KHTML, like Gecko) Chrome/94.0.4606.71 Mobile Safari/537.36"
111.225.149.92 - - [06/Oct/2021:23:59:13 +0200] "GET /images/big_prod/3014627555659.jpg HTTP/1.1" 200 50144 "http://www.wonder-geek.com/fitted-sheet-color-p-38878.html" "Mozilla/5.0 (Linux; Android 5.0) AppleWebKit/537.36 (KHTML, like Gecko) Mobile Safari/537.36 (compatible; Bytespider; https://zhanzhang.toutiao.com/)"
157.55.39.3 - - [07/Oct/2021:00:01:33 +0200] "GET /images/med_prod/1300010241196.jpg HTTP/1.1" 200 51808 "-" "Mozilla/5.0 (compatible; bingbot/2.0; +http://www.bing.com/bingbot.htm)"
40.77.167.79 - - [07/Oct/2021:00:01:58 +0200] "GET /images/med_prod/8435306288548.jpg HTTP/1.1" 200 62514 "-" "Mozilla/5.0 (compatible; bingbot/2.0; +http://www.bing.com/bingbot.htm)"
207.46.13.152 - - [07/Oct/2021:00:02:34 +0200] "GET /images/big_prod/1384010207789.jpg HTTP/1.1" 200 91631 "-" "Mozilla/5.0 (compatible; bingbot/2.0; +http://www.bing.com/bingbot.htm)"
114.119.128.37 - - [07/Oct/2021:00:03:35 +0200] "GET /images/big_prod/panda4.jpg HTTP/1.1" 200 38349 "-" "Mozilla/5.0 (Linux; Android 7.0;) AppleWebKit/537.36 (KHTML, like Gecko) Mobile Safari/537.36 (compatible; PetalBot;+https://webmaster.petalsearch.com/site/petalbot)"
124.206.180.139 - - [07/Oct/2021:00:05:10 +0200] "GET /favicon.ico HTTP/1.1" 200 1591 "-" "Mozilla/5.0 (Windows NT 10.0; Win64; x64) AppleWebKit/537.36 (KHTML, like Gecko) Chrome/93.0.4577.63 Safari/537.36"
40.77.167.79 - - [07/Oct/2021:00:05:29 +0200] "GET /images/big_prod/3453131146593.jpg HTTP/1.1" 200 89413 "-" "Mozilla/5.0 (compatible; bingbot/2.0; +http://www.bing.com/bingbot.htm)"
34.231.151.19 - - [07/Oct/2021:00:06:38 +0200] "GET /images/mini_prod/3660173124445.jpg HTTP/1.1" 200 5144 "-" "Mozilla/5.0 (X11; Ubuntu; Linux x86_64; rv:72.0) Gecko/20100101 Firefox/72.0"
157.55.39.3 - - [07/Oct/2021:00:06:43 +0200] "GET /images/mini_prod/4220.gif HTTP/1.1" 200 9519 "-" "Mozilla/5.0 (compatible; bingbot/2.0; +http://www.bing.com/bingbot.htm)"
207.46.13.17 - - [07/Oct/2021:00:07:29 +0200] "GET /images/DSCN4019.jpg HTTP/1.1" 200 47674 "-" "Mozilla/5.0 (compatible; bingbot/2.0; +http://www.bing.com/bingbot.htm)"
185.191.171.35 - - [07/Oct/2021:00:07:41 +0200] "GET /robots.txt HTTP/1.1" 200 2438 "-" "Mozilla/5.0 (compatible; SemrushBot/7~bl; +http://www.semrush.com/bot.html)"
157.55.39.3 - - [07/Oct/2021:00:08:04 +0200] "GET /mondial_relay/js/jquery-1.3.2.min.js HTTP/1.1" 200 57254 "-" "Mozilla/5.0 (compatible; bingbot/2.0; +http://www.bing.com/bingbot.htm)"
110.249.202.116 - - [07/Oct/2021:00:09:19 +0200] "GET /images/big_prod_1/b3014627890989.jpg HTTP/1.1" 200 63712 "http://www.wonder-geek.com/zebral-ground-sheet-p-39033.html" "Mozilla/5.0 (Linux; Android 5.0) AppleWebKit/537.36 (KHTML, like Gecko) Mobile Safari/537.36 (compatible; Bytespider; https://zhanzhang.toutiao.com/)"
110.249.202.115 - - [07/Oct/2021:00:09:19 +0200] "GET /images/big_prod/3014627890989.jpg HTTP/1.1" 200 48944 "http://www.wonder-geek.com/zebral-ground-sheet-p-39033.html" "Mozilla/5.0 (Linux; Android 5.0) AppleWebKit/537.36 (KHTML, like Gecko) Mobile Safari/537.36 (compatible; Bytespider; https://zhanzhang.toutiao.com/)"
216.244.66.242 - - [07/Oct/2021:00:09:36 +0200] "GET /robots.txt HTTP/1.1" 200 2438 "-" "Mozilla/5.0 (compatible; DotBot/1.2; +https://opensiteexplorer.org/dotbot; help@moz.com)"
66.249.64.82 - - [07/Oct/2021:00:11:33 +0200] "GET /images/mini_prod/8422015450816A.jpg HTTP/1.1" 200 5986 "-" "Googlebot-Image/1.0"
3.131.91.193 - - [07/Oct/2021:00:14:01 +0200] "GET /robots.txt HTTP/1.1" 200 2438 "-" "clark-crawler2/Nutch-1.19-SNAPSHOT"
3.131.91.193 - - [07/Oct/2021:00:14:01 +0200] "GET /images/b8028501635028.jpg HTTP/1.1" 200 67779 "-" "clark-crawler2/Nutch-1.19-SNAPSHOT"
114.119.128.39 - - [07/Oct/2021:00:15:44 +0200] "GET /images/big_prod/3589362510114.jpg HTTP/1.1" 200 85046 "-" "Mozilla/5.0 (Linux; Android 7.0;) AppleWebKit/537.36 (KHTML, like Gecko) Mobile Safari/537.36 (compatible; PetalBot;+https://webmaster.petalsearch.com/site/petalbot)"
5.255.253.134 - - [07/Oct/2021:00:16:55 +0200] "GET /robots.txt HTTP/1.1" 200 2438 "-" "Mozilla/5.0 (compatible; YandexBot/3.0; +http://yandex.com/bots)"
8.209.117.143 - - [07/Oct/2021:00:17:51 +0200] "GET /images/mini_prod/5018997618448.jpg HTTP/1.1" 200 8170 "https://google.com" "Mozilla/5.0 (X11; Linux x86_64) AppleWebKit/537.36 (KHTML, like Gecko) Chrome/35.0.1916.114 Safari/537.36@-@292553660 (AirWatch Browser v3.1.1.5)"
8.209.117.143 - - [07/Oct/2021:00:17:51 +0200] "GET /images/mini_prod/5018997621721.jpg HTTP/1.1" 200 7566 "https://google.com" "Mozilla/5.0 (X11; Linux x86_64) AppleWebKit/537.36 (KHTML, like Gecko) Chrome/35.0.1916.114 Safari/537.36@-@292553660 (AirWatch Browser v3.1.1.5)"
8.209.117.143 - - [07/Oct/2021:00:18:26 +0200] "GET /images/mini_prod/3281640406149b.jpg HTTP/1.1" 200 9957 "https://google.com" "Mozilla/5.0 (X11; Linux x86_64) AppleWebKit/537.36 (KHTML, like Gecko) Chrome/35.0.1916.114 Safari/537.36@-@292553660 (AirWatch Browser v3.1.1.5)"
8.209.117.143 - - [07/Oct/2021:00:18:33 +0200] "GET /images/mini_prod/5018997621738.jpg HTTP/1.1" 200 7210 "https://google.com" "Mozilla/5.0 (X11; Linux x86_64) AppleWebKit/537.36 (KHTML, like Gecko) Chrome/35.0.1916.114 Safari/537.36@-@292553660 (AirWatch Browser v3.1.1.5)"
8.209.117.143 - - [07/Oct/2021:00:18:54 +0200] "GET /images/mini_prod/5018997621714.jpg HTTP/1.1" 200 7882 "https://google.com" "Mozilla/5.0 (X11; Linux x86_64) AppleWebKit/537.36 (KHTML, like Gecko) Chrome/35.0.1916.114 Safari/537.36@-@292553660 (AirWatch Browser v3.1.1.5)"
8.209.117.143 - - [07/Oct/2021:00:19:02 +0200] "GET /images/mini_prod/5018997618455.jpg HTTP/1.1" 200 8618 "https://google.com" "Mozilla/5.0 (X11; Linux x86_64) AppleWebKit/537.36 (KHTML, like Gecko) Chrome/35.0.1916.114 Safari/537.36@-@292553660 (AirWatch Browser v3.1.1.5)"
110.249.202.146 - - [07/Oct/2021:00:19:07 +0200] "GET /robots.txt HTTP/1.1" 200 2438 "-" "Mozilla/5.0 (Linux; Android 5.0) AppleWebKit/537.36 (KHTML, like Gecko) Mobile Safari/537.36 (compatible; Bytespider; https://zhanzhang.toutiao.com/)"
