210.195.69.204 - - [06/Oct/2021:06:59:25 +0200] "GET /images/mini_prod/8422013551300.jpg HTTP/1.1" 200 3077 "http://www.wonder-geek.com/" "Mozilla/5.0 (Windows NT 10.0; Win64; x64) AppleWebKit/537.36 (KHTML, like Gecko) Chrome/94.0.4606.71 Safari/537.36"
210.195.69.204 - - [06/Oct/2021:06:59:25 +0200] "GET /images/mini_prod/1345544939942.jpg HTTP/1.1" 200 6721 "http://www.wonder-geek.com/" "Mozilla/5.0 (Windows NT 10.0; Win64; x64) AppleWebKit/537.36 (KHTML, like Gecko) Chrome/94.0.4606.71 Safari/537.36"
210.195.69.204 - - [06/Oct/2021:06:59:25 +0200] "GET /images/mini_prod/5415203554215.jpg HTTP/1.1" 200 6354 "http://www.wonder-geek.com/" "Mozilla/5.0 (Windows NT 10.0; Win64; x64) AppleWebKit/537.36 (KHTML, like Gecko) Chrome/94.0.4606.71 Safari/537.36"
210.195.69.204 - - [06/Oct/2021:06:59:25 +0200] "GET /images/mini_prod/3609810092525.jpg HTTP/1.1" 200 10888 "http://www.wonder-geek.com/" "Mozilla/5.0 (Windows NT 10.0; Win64; x64) AppleWebKit/537.36 (KHTML, like Gecko) Chrome/94.0.4606.71 Safari/537.36"
210.195.69.204 - - [06/Oct/2021:06:59:25 +0200] "GET /images/mini_prod/028399275137.jpg HTTP/1.1" 200 7129 "http://www.wonder-geek.com/" "Mozilla/5.0 (Windows NT 10.0; Win64; x64) AppleWebKit/537.36 (KHTML, like Gecko) Chrome/94.0.4606.71 Safari/537.36"
210.195.69.204 - - [06/Oct/2021:06:59:25 +0200] "GET /images/mini_prod/5400924033286.jpg HTTP/1.1" 200 5030 "http://www.wonder-geek.com/" "Mozilla/5.0 (Windows NT 10.0; Win64; x64) AppleWebKit/537.36 (KHTML, like Gecko) Chrome/94.0.4606.71 Safari/537.36"
66.249.64.83 - - [06/Oct/2021:06:59:25 +0200] "GET /images/big_prod_1/3700230606221a.jpg HTTP/1.1" 200 101206 "-" "Googlebot-Image/1.0"
210.195.69.204 - - [06/Oct/2021:06:59:25 +0200] "GET /images/mini_prod/8422019440721.jpg HTTP/1.1" 200 6264 "http://www.wonder-geek.com/" "Mozilla/5.0 (Windows NT 10.0; Win64; x64) AppleWebKit/537.36 (KHTML, like Gecko) Chrome/94.0.4606.71 Safari/537.36"
210.195.69.204 - - [06/Oct/2021:06:59:25 +0200] "GET /images/mini_prod/5415203943712.jpg HTTP/1.1" 200 4477 "http://www.wonder-geek.com/" "Mozilla/5.0 (Windows NT 10.0; Win64; x64) AppleWebKit/537.36 (KHTML, like Gecko) Chrome/94.0.4606.71 Safari/537.36"
210.195.69.204 - - [06/Oct/2021:06:59:25 +0200] "GET /images/mini_prod/8445148011907.jpg HTTP/1.1" 200 7323 "http://www.wonder-geek.com/" "Mozilla/5.0 (Windows NT 10.0; Win64; x64) AppleWebKit/537.36 (KHTML, like Gecko) Chrome/94.0.4606.71 Safari/537.36"
210.195.69.204 - - [06/Oct/2021:06:59:25 +0200] "GET /images/mini_prod/3520071825267.jpg HTTP/1.1" 200 6787 "http://www.wonder-geek.com/" "Mozilla/5.0 (Windows NT 10.0; Win64; x64) AppleWebKit/537.36 (KHTML, like Gecko) Chrome/94.0.4606.71 Safari/537.36"
210.195.69.204 - - [06/Oct/2021:06:59:25 +0200] "GET /images/mini_prod/3700281653380.jpg HTTP/1.1" 200 5042 "http://www.wonder-geek.com/" "Mozilla/5.0 (Windows NT 10.0; Win64; x64) AppleWebKit/537.36 (KHTML, like Gecko) Chrome/94.0.4606.71 Safari/537.36"
210.195.69.204 - - [06/Oct/2021:06:59:25 +0200] "GET /images/mini_prod/5400924114640.jpg HTTP/1.1" 200 4168 "http://www.wonder-geek.com/" "Mozilla/5.0 (Windows NT 10.0; Win64; x64) AppleWebKit/537.36 (KHTML, like Gecko) Chrome/94.0.4606.71 Safari/537.36"
210.195.69.204 - - [06/Oct/2021:06:59:25 +0200] "GET /images/mini_prod/3700281654141.jpg HTTP/1.1" 200 6031 "http://www.wonder-geek.com/" "Mozilla/5.0 (Windows NT 10.0; Win64; x64) AppleWebKit/537.36 (KHTML, like Gecko) Chrome/94.0.4606.71 Safari/537.36"
210.195.69.204 - - [06/Oct/2021:06:59:25 +0200] "GET /images/mini_prod/5051276423920.jpg HTTP/1.1" 200 6582 "http://www.wonder-geek.com/" "Mozilla/5.0 (Windows NT 10.0; Win64; x64) AppleWebKit/537.36 (KHTML, like Gecko) Chrome/94.0.4606.71 Safari/537.36"
210.195.69.204 - - [06/Oct/2021:06:59:25 +0200] "GET /images/mini_prod/3700281653434.jpg HTTP/1.1" 200 5655 "http://www.wonder-geek.com/" "Mozilla/5.0 (Windows NT 10.0; Win64; x64) AppleWebKit/537.36 (KHTML, like Gecko) Chrome/94.0.4606.71 Safari/537.36"
210.195.69.204 - - [06/Oct/2021:06:59:25 +0200] "GET /images/mini_prod/3700281656404.jpg HTTP/1.1" 200 4206 "http://www.wonder-geek.com/" "Mozilla/5.0 (Windows NT 10.0; Win64; x64) AppleWebKit/537.36 (KHTML, like Gecko) Chrome/94.0.4606.71 Safari/537.36"
210.195.69.204 - - [06/Oct/2021:06:59:25 +0200] "GET /images/mini_prod/3700281653397.jpg HTTP/1.1" 200 4681 "http://www.wonder-geek.com/" "Mozilla/5.0 (Windows NT 10.0; Win64; x64) AppleWebKit/537.36 (KHTML, like Gecko) Chrome/94.0.4606.71 Safari/537.36"
210.195.69.204 - - [06/Oct/2021:06:59:25 +0200] "GET /images/mini_prod/8422019440714.jpg HTTP/1.1" 200 6997 "http://www.wonder-geek.com/" "Mozilla/5.0 (Windows NT 10.0; Win64; x64) AppleWebKit/537.36 (KHTML, like Gecko) Chrome/94.0.4606.71 Safari/537.36"
210.195.69.204 - - [06/Oct/2021:06:59:25 +0200] "GET /images/mini_prod/8422034611342.jpg HTTP/1.1" 200 7006 "http://www.wonder-geek.com/" "Mozilla/5.0 (Windows NT 10.0; Win64; x64) AppleWebKit/537.36 (KHTML, like Gecko) Chrome/94.0.4606.71 Safari/537.36"
210.195.69.204 - - [06/Oct/2021:06:59:25 +0200] "GET /images/mini_prod/f028399296101.jpg HTTP/1.1" 200 6351 "http://www.wonder-geek.com/" "Mozilla/5.0 (Windows NT 10.0; Win64; x64) AppleWebKit/537.36 (KHTML, like Gecko) Chrome/94.0.4606.71 Safari/537.36"
210.195.69.204 - - [06/Oct/2021:06:59:25 +0200] "GET /images/mini_prod/8422015450816A.jpg HTTP/1.1" 200 5986 "http://www.wonder-geek.com/" "Mozilla/5.0 (Windows NT 10.0; Win64; x64) AppleWebKit/537.36 (KHTML, like Gecko) Chrome/94.0.4606.71 Safari/537.36"
210.195.69.204 - - [06/Oct/2021:06:59:25 +0200] "GET /images/mini_prod/3760233681663a.jpg HTTP/1.1" 200 9711 "http://www.wonder-geek.com/" "Mozilla/5.0 (Windows NT 10.0; Win64; x64) AppleWebKit/537.36 (KHTML, like Gecko) Chrome/94.0.4606.71 Safari/537.36"
210.195.69.204 - - [06/Oct/2021:06:59:25 +0200] "GET /images/mini_prod/3700572739908b.jpg HTTP/1.1" 200 8847 "http://www.wonder-geek.com/" "Mozilla/5.0 (Windows NT 10.0; Win64; x64) AppleWebKit/537.36 (KHTML, like Gecko) Chrome/94.0.4606.71 Safari/537.36"
210.195.69.204 - - [06/Oct/2021:06:59:26 +0200] "GET /images/mini_prod/3713572754741a.jpg HTTP/1.1" 200 4828 "http://www.wonder-geek.com/" "Mozilla/5.0 (Windows NT 10.0; Win64; x64) AppleWebKit/537.36 (KHTML, like Gecko) Chrome/94.0.4606.71 Safari/537.36"
216.244.66.242 - - [06/Oct/2021:07:00:00 +0200] "GET /robots.txt HTTP/1.1" 200 2438 "-" "Mozilla/5.0 (compatible; DotBot/1.2; +https://opensiteexplorer.org/dotbot; help@moz.com)"
207.46.13.162 - - [06/Oct/2021:07:01:15 +0200] "GET /images/big_prod/3453131129657.jpg HTTP/1.1" 200 175775 "-" "Mozilla/5.0 (compatible; bingbot/2.0; +http://www.bing.com/bingbot.htm)"
207.46.13.54 - - [06/Oct/2021:07:01:22 +0200] "GET /images/big_prod/8419810093386.jpg HTTP/1.1" 200 37352 "-" "Mozilla/5.0 (compatible; bingbot/2.0; +http://www.bing.com/bingbot.htm)"
207.46.13.54 - - [06/Oct/2021:07:01:32 +0200] "GET /images/big_prod/3281640395405.jpg HTTP/1.1" 200 61937 "-" "Mozilla/5.0 (compatible; bingbot/2.0; +http://www.bing.com/bingbot.htm)"
147.92.153.5 - - [06/Oct/2021:07:02:02 +0200] "GET /images/big_prod/8422005569634.jpg HTTP/1.1" 200 198470 "-" "Mozilla/5.0 (compatible; Linespider/1.1; +https://lin.ee/4dwXkTH)"
207.46.13.17 - - [06/Oct/2021:07:08:51 +0200] "GET /images/mini_prod/3661443856134.jpg HTTP/1.1" 200 6666 "-" "Mozilla/5.0 (compatible; bingbot/2.0; +http://www.bing.com/bingbot.htm)"
5.255.253.134 - - [06/Oct/2021:07:09:40 +0200] "GET /robots.txt HTTP/1.1" 200 2438 "-" "Mozilla/5.0 (compatible; YandexBot/3.0; +http://yandex.com/bots)"
18.219.189.191 - - [06/Oct/2021:07:13:03 +0200] "GET /robots.txt HTTP/1.1" 200 2438 "-" "clark-crawler2/Nutch-1.19-SNAPSHOT"
18.219.189.191 - - [06/Oct/2021:07:13:03 +0200] "GET /images/3681643308097.jpg HTTP/1.1" 200 121095 "-" "clark-crawler2/Nutch-1.19-SNAPSHOT"
40.77.167.77 - - [06/Oct/2021:07:13:12 +0200] "GET /images/big_prod_1/b8435337081934.jpg HTTP/1.1" 200 92830 "-" "Mozilla/5.0 (compatible; bingbot/2.0; +http://www.bing.com/bingbot.htm)"
40.77.167.10 - - [06/Oct/2021:07:17:21 +0200] "GET /images/big_prod/8003990572825D.jpg HTTP/1.1" 200 193108 "-" "Mozilla/5.0 (compatible; bingbot/2.0; +http://www.bing.com/bingbot.htm)"
40.77.167.10 - - [06/Oct/2021:07:18:50 +0200] "GET /images/1399984249734.jpg HTTP/1.1" 200 71259 "-" "Mozilla/5.0 (compatible; bingbot/2.0; +http://www.bing.com/bingbot.htm)"
114.119.128.34 - - [06/Oct/2021:07:18:58 +0200] "GET /images/big_prod/3453131156929.jpg HTTP/1.1" 200 147452 "-" "Mozilla/5.0 (Linux; Android 7.0;) AppleWebKit/537.36 (KHTML, like Gecko) Mobile Safari/537.36 (compatible; PetalBot;+https://webmaster.petalsearch.com/site/petalbot)"
17.121.112.118 - - [06/Oct/2021:07:19:12 +0200] "GET /images/mini_prod/MUG-BLC-POLAROID.jpg HTTP/1.1" 200 6578 "-" "Mozilla/5.0 (Macintosh; Intel Mac OS X 10_15_5) AppleWebKit/605.1.15 (KHTML, like Gecko) Version/13.1.1 Safari/605.1.15 (Applebot/0.1; +http://www.apple.com/go/applebot)"
40.77.167.79 - - [06/Oct/2021:07:19:23 +0200] "GET /images/big_prod/8433331853465.jpg HTTP/1.1" 200 138865 "-" "Mozilla/5.0 (compatible; bingbot/2.0; +http://www.bing.com/bingbot.htm)"
40.77.167.77 - - [06/Oct/2021:07:19:53 +0200] "GET /images/8427787039320.jpg HTTP/1.1" 200 37879 "-" "Mozilla/5.0 (compatible; bingbot/2.0; +http://www.bing.com/bingbot.htm)"
17.121.115.38 - - [06/Oct/2021:07:20:18 +0200] "GET /images/3700276267875.jpg HTTP/1.1" 200 27969 "-" "Mozilla/5.0 (Macintosh; Intel Mac OS X 10_15_5) AppleWebKit/605.1.15 (KHTML, like Gecko) Version/13.1.1 Safari/605.1.15 (Applebot/0.1; +http://www.apple.com/go/applebot)"
185.191.171.2 - - [06/Oct/2021:07:20:44 +0200] "GET /robots.txt HTTP/1.1" 200 2438 "-" "Mozilla/5.0 (compatible; SemrushBot/7~bl; +http://www.semrush.com/bot.html)"
40.77.167.10 - - [06/Oct/2021:07:21:52 +0200] "GET /images/big_prod/3574645763509.jpg HTTP/1.1" 200 119954 "-" "Mozilla/5.0 (compatible; bingbot/2.0; +http://www.bing.com/bingbot.htm)"
114.119.128.37 - - [06/Oct/2021:07:22:54 +0200] "GET /images/big_prod/028399270170.jpg HTTP/1.1" 200 168607 "-" "Mozilla/5.0 (Linux; Android 7.0;) AppleWebKit/537.36 (KHTML, like Gecko) Mobile Safari/537.36 (compatible; PetalBot;+https://webmaster.petalsearch.com/site/petalbot)"
207.46.13.162 - - [06/Oct/2021:07:26:27 +0200] "GET /images/big_prod/8433331671342.jpg HTTP/1.1" 200 123167 "-" "Mozilla/5.0 (compatible; bingbot/2.0; +http://www.bing.com/bingbot.htm)"
157.55.39.3 - - [06/Oct/2021:07:28:07 +0200] "GET /images/big_prod/4029811409068.jpg HTTP/1.1" 200 55540 "-" "Mozilla/5.0 (compatible; bingbot/2.0; +http://www.bing.com/bingbot.htm)"
5.255.253.134 - - [06/Oct/2021:07:28:08 +0200] "GET /images/mini_prod/8445148004657.jpg HTTP/1.1" 200 6513 "-" "Mozilla/5.0 (compatible; YandexImages/3.0; +http://yandex.com/bots)"
17.121.112.34 - - [06/Oct/2021:07:28:25 +0200] "GET /images/1300010237915.jpg HTTP/1.1" 200 83314 "-" "Mozilla/5.0 (Macintosh; Intel Mac OS X 10_15_5) AppleWebKit/605.1.15 (KHTML, like Gecko) Version/13.1.1 Safari/605.1.15 (Applebot/0.1; +http://www.apple.com/go/applebot)"
207.46.13.17 - - [06/Oct/2021:07:30:14 +0200] "GET /images/b3438100351086.jpg HTTP/1.1" 200 72775 "-" "Mozilla/5.0 (compatible; bingbot/2.0; +http://www.bing.com/bingbot.htm)"
40.77.167.10 - - [06/Oct/2021:07:39:33 +0200] "GET /images/big_prod/3503420140471.jpg HTTP/1.1" 200 84109 "-" "Mozilla/5.0 (compatible; bingbot/2.0; +http://www.bing.com/bingbot.htm)"
147.92.153.4 - - [06/Oct/2021:07:42:01 +0200] "GET /images/big_prod/3665269130270.jpg HTTP/1.1" 200 62509 "-" "Mozilla/5.0 (compatible; Linespider/1.1; +https://lin.ee/4dwXkTH)"
17.121.113.97 - - [06/Oct/2021:07:43:35 +0200] "GET /images/8421440081169.jpg HTTP/1.1" 200 42182 "-" "Mozilla/5.0 (Macintosh; Intel Mac OS X 10_15_5) AppleWebKit/605.1.15 (KHTML, like Gecko) Version/13.1.1 Safari/605.1.15 (Applebot/0.1; +http://www.apple.com/go/applebot)"
157.55.39.3 - - [06/Oct/2021:07:44:11 +0200] "GET /images/med_prod/1384010178751.jpg HTTP/1.1" 200 116072 "-" "Mozilla/5.0 (compatible; bingbot/2.0; +http://www.bing.com/bingbot.htm)"
157.55.39.68 - - [06/Oct/2021:07:45:43 +0200] "GET /images/mini_prod/4029811383498.jpg HTTP/1.1" 200 6596 "-" "Mozilla/5.0 (compatible; bingbot/2.0; +http://www.bing.com/bingbot.htm)"
216.244.66.242 - - [06/Oct/2021:07:47:34 +0200] "GET /robots.txt HTTP/1.1" 200 2438 "-" "Mozilla/5.0 (compatible; DotBot/1.2; +https://opensiteexplorer.org/dotbot; help@moz.com)"
66.249.64.83 - - [06/Oct/2021:07:47:46 +0200] "GET /images/big_prod/3700276216064.jpg HTTP/1.1" 200 94902 "-" "Googlebot-Image/1.0"
44.195.32.186 - - [06/Oct/2021:07:48:30 +0200] "GET /images/mini_prod/5036278051203.jpg HTTP/1.1" 200 10437 "-" "Mozilla/5.0 (X11; Ubuntu; Linux x86_64; rv:72.0) Gecko/20100101 Firefox/72.0"
8.209.78.205 - - [06/Oct/2021:07:48:53 +0200] "GET /images/mini_prod/3612875117706.jpg HTTP/1.1" 200 8744 "https://google.com" "Mozilla/5.0 (X11; Linux x86_64; es_es) AppleWebKit/534.24 (KHTML, like Gecko) Chrome/11.0.696.34 Safari/534.24"
8.209.78.205 - - [06/Oct/2021:07:48:55 +0200] "GET /images/mini_prod/3612875117690.jpg HTTP/1.1" 200 9848 "https://google.com" "Mozilla/5.0 (X11; Linux x86_64; es_es) AppleWebKit/534.24 (KHTML, like Gecko) Chrome/11.0.696.34 Safari/534.24"
8.209.78.205 - - [06/Oct/2021:07:48:57 +0200] "GET /images/mini_prod/1300000022606.jpg HTTP/1.1" 200 9012 "https://google.com" "Mozilla/5.0 (X11; Linux x86_64; es_es) AppleWebKit/534.24 (KHTML, like Gecko) Chrome/11.0.696.34 Safari/534.24"
8.209.78.205 - - [06/Oct/2021:07:49:13 +0200] "GET /images/mini_prod/3453131132251.jpg HTTP/1.1" 200 3398 "https://google.com" "Mozilla/5.0 (X11; Linux x86_64; es_es) AppleWebKit/534.24 (KHTML, like Gecko) Chrome/11.0.696.34 Safari/534.24"
8.209.78.205 - - [06/Oct/2021:07:49:27 +0200] "GET /images/mini_prod/3503420123719.jpg HTTP/1.1" 200 6399 "https://google.com" "Mozilla/5.0 (X11; Linux x86_64; es_es) AppleWebKit/534.24 (KHTML, like Gecko) Chrome/11.0.696.34 Safari/534.24"
8.209.78.205 - - [06/Oct/2021:07:49:32 +0200] "GET /images/mini_prod/1384010176016.jpg HTTP/1.1" 200 8752 "https://google.com" "Mozilla/5.0 (X11; Linux x86_64; es_es) AppleWebKit/534.24 (KHTML, like Gecko) Chrome/11.0.696.34 Safari/534.24"
8.209.78.205 - - [06/Oct/2021:07:49:42 +0200] "GET /images/mini_prod/1300000022583.jpg HTTP/1.1" 200 7744 "https://google.com" "Mozilla/5.0 (X11; Linux x86_64; es_es) AppleWebKit/534.24 (KHTML, like Gecko) Chrome/11.0.696.34 Safari/534.24"
8.209.78.205 - - [06/Oct/2021:07:49:49 +0200] "GET /images/mini_prod/1300000022576.jpg HTTP/1.1" 200 9747 "https://google.com" "Mozilla/5.0 (X11; Linux x86_64; es_es) AppleWebKit/534.24 (KHTML, like Gecko) Chrome/11.0.696.34 Safari/534.24"
8.209.78.205 - - [06/Oct/2021:07:49:53 +0200] "GET /images/mini_prod/3700653500175.jpg HTTP/1.1" 200 6552 "https://google.com" "Mozilla/5.0 (X11; Linux x86_64; es_es) AppleWebKit/534.24 (KHTML, like Gecko) Chrome/11.0.696.34 Safari/534.24"
8.209.78.205 - - [06/Oct/2021:07:50:16 +0200] "GET /images/mini_prod/3453131130103.jpg HTTP/1.1" 200 4841 "https://google.com" "Mozilla/5.0 (X11; Linux x86_64; es_es) AppleWebKit/534.24 (KHTML, like Gecko) Chrome/11.0.696.34 Safari/534.24"
8.209.78.205 - - [06/Oct/2021:07:50:23 +0200] "GET /images/mini_prod/3453131130158.jpg HTTP/1.1" 200 5315 "https://google.com" "Mozilla/5.0 (X11; Linux x86_64; es_es) AppleWebKit/534.24 (KHTML, like Gecko) Chrome/11.0.696.34 Safari/534.24"
8.209.78.205 - - [06/Oct/2021:07:50:44 +0200] "GET /images/mini_prod/1384010202050.jpg HTTP/1.1" 200 6470 "https://google.com" "Mozilla/5.0 (X11; Linux x86_64; es_es) AppleWebKit/534.24 (KHTML, like Gecko) Chrome/11.0.696.34 Safari/534.24"
8.209.78.205 - - [06/Oct/2021:07:50:46 +0200] "GET /images/mini_prod/3760076655906.jpg HTTP/1.1" 200 4343 "https://google.com" "Mozilla/5.0 (X11; Linux x86_64; es_es) AppleWebKit/534.24 (KHTML, like Gecko) Chrome/11.0.696.34 Safari/534.24"
74.125.208.116 - - [06/Oct/2021:07:54:06 +0200] "GET /images/big_prod_3/d1300000019972.jpg HTTP/1.1" 200 123666 "-" "Mozilla/5.0 (Windows NT 5.1; rv:11.0) Gecko Firefox/11.0 (via ggpht.com GoogleImageProxy)"
207.46.13.17 - - [06/Oct/2021:07:55:55 +0200] "GET /images/mini_prod/1300001388404.jpg HTTP/1.1" 200 6407 "-" "Mozilla/5.0 (compatible; bingbot/2.0; +http://www.bing.com/bingbot.htm)"
40.77.167.10 - - [06/Oct/2021:07:58:25 +0200] "GET /images/3521320608082.jpg HTTP/1.1" 200 54542 "-" "Mozilla/5.0 (compatible; bingbot/2.0; +http://www.bing.com/bingbot.htm)"
207.46.13.162 - - [06/Oct/2021:08:00:10 +0200] "GET /images/8003990616116.jpg HTTP/1.1" 200 31204 "-" "Mozilla/5.0 (compatible; bingbot/2.0; +http://www.bing.com/bingbot.htm)"
114.119.128.26 - - [06/Oct/2021:08:02:43 +0200] "GET /images/mini_prod/3713572754741a.jpg HTTP/1.1" 200 4828 "-" "Mozilla/5.0 (Linux; Android 7.0;) AppleWebKit/537.36 (KHTML, like Gecko) Mobile Safari/537.36 (compatible; PetalBot;+https://webmaster.petalsearch.com/site/petalbot)"
188.247.227.252 - - [06/Oct/2021:08:04:35 +0200] "GET /highslide/highslide.js HTTP/1.1" 200 42909 "http://www.wonder-geek.com/white-unicorn-money-p-55390.html" "Mozilla/5.0 (Windows NT 10.0; Win64; x64) AppleWebKit/537.36 (KHTML, like Gecko) Chrome/94.0.4606.61 Safari/537.36"
188.247.227.252 - - [06/Oct/2021:08:04:36 +0200] "GET /js/jquery.jqzoom.js HTTP/1.1" 200 4761 "http://www.wonder-geek.com/white-unicorn-money-p-55390.html" "Mozilla/5.0 (Windows NT 10.0; Win64; x64) AppleWebKit/537.36 (KHTML, like Gecko) Chrome/94.0.4606.61 Safari/537.36"
188.247.227.252 - - [06/Oct/2021:08:04:36 +0200] "GET /templates/Pixame_v1/stylesheet.css HTTP/1.1" 200 56057 "http://www.wonder-geek.com/white-unicorn-money-p-55390.html" "Mozilla/5.0 (Windows NT 10.0; Win64; x64) AppleWebKit/537.36 (KHTML, like Gecko) Chrome/94.0.4606.61 Safari/537.36"
188.247.227.252 - - [06/Oct/2021:08:04:36 +0200] "GET /js/jquery.js HTTP/1.1" 200 54075 "http://www.wonder-geek.com/white-unicorn-money-p-55390.html" "Mozilla/5.0 (Windows NT 10.0; Win64; x64) AppleWebKit/537.36 (KHTML, like Gecko) Chrome/94.0.4606.61 Safari/537.36"
188.247.227.252 - - [06/Oct/2021:08:04:36 +0200] "GET /mondial_relay/js/jquery-1.3.2.min.js HTTP/1.1" 200 57254 "http://www.wonder-geek.com/white-unicorn-money-p-55390.html" "Mozilla/5.0 (Windows NT 10.0; Win64; x64) AppleWebKit/537.36 (KHTML, like Gecko) Chrome/94.0.4606.61 Safari/537.36"
188.247.227.252 - - [06/Oct/2021:08:04:36 +0200] "GET /templates/Pixame_v1/images/icon_accueil2.png HTTP/1.1" 200 1137 "http://www.wonder-geek.com/white-unicorn-money-p-55390.html" "Mozilla/5.0 (Windows NT 10.0; Win64; x64) AppleWebKit/537.36 (KHTML, like Gecko) Chrome/94.0.4606.61 Safari/537.36"
188.247.227.252 - - [06/Oct/2021:08:04:36 +0200] "GET /templates/Pixame_v1/images/nav.png HTTP/1.1" 200 1283 "http://www.wonder-geek.com/templates/Pixame_v1/stylesheet.css" "Mozilla/5.0 (Windows NT 10.0; Win64; x64) AppleWebKit/537.36 (KHTML, like Gecko) Chrome/94.0.4606.61 Safari/537.36"
188.247.227.252 - - [06/Oct/2021:08:04:36 +0200] "GET /templates/Pixame_v1/images/Bottom_texture.jpg HTTP/1.1" 200 56290 "http://www.wonder-geek.com/templates/Pixame_v1/stylesheet.css" "Mozilla/5.0 (Windows NT 10.0; Win64; x64) AppleWebKit/537.36 (KHTML, like Gecko) Chrome/94.0.4606.61 Safari/537.36"
188.247.227.252 - - [06/Oct/2021:08:04:36 +0200] "GET /design/productsenstock.png HTTP/1.1" 200 4743 "http://www.wonder-geek.com/templates/Pixame_v1/stylesheet.css" "Mozilla/5.0 (Windows NT 10.0; Win64; x64) AppleWebKit/537.36 (KHTML, like Gecko) Chrome/94.0.4606.61 Safari/537.36"
188.247.227.252 - - [06/Oct/2021:08:04:36 +0200] "GET /templates/Pixame_v1/images/header.png HTTP/1.1" 200 70245 "http://www.wonder-geek.com/templates/Pixame_v1/stylesheet.css" "Mozilla/5.0 (Windows NT 10.0; Win64; x64) AppleWebKit/537.36 (KHTML, like Gecko) Chrome/94.0.4606.61 Safari/537.36"
188.247.227.252 - - [06/Oct/2021:08:04:36 +0200] "GET /templates/Pixame_v1/images/header-object.png HTTP/1.1" 200 106050 "http://www.wonder-geek.com/templates/Pixame_v1/stylesheet.css" "Mozilla/5.0 (Windows NT 10.0; Win64; x64) AppleWebKit/537.36 (KHTML, like Gecko) Chrome/94.0.4606.61 Safari/537.36"
188.247.227.252 - - [06/Oct/2021:08:04:36 +0200] "GET /templates/Pixame_v1/images/Middle_texture.jpg HTTP/1.1" 200 249620 "http://www.wonder-geek.com/templates/Pixame_v1/stylesheet.css" "Mozilla/5.0 (Windows NT 10.0; Win64; x64) AppleWebKit/537.36 (KHTML, like Gecko) Chrome/94.0.4606.61 Safari/537.36"
188.247.227.252 - - [06/Oct/2021:08:04:36 +0200] "GET /highslide/graphics/outlines/drop-shadow.png HTTP/1.1" 200 2022 "http://www.wonder-geek.com/white-unicorn-money-p-55390.html" "Mozilla/5.0 (Windows NT 10.0; Win64; x64) AppleWebKit/537.36 (KHTML, like Gecko) Chrome/94.0.4606.61 Safari/537.36"
188.247.227.252 - - [06/Oct/2021:08:04:36 +0200] "GET /favicon.ico HTTP/1.1" 200 1591 "http://www.wonder-geek.com/white-unicorn-money-p-55390.html" "Mozilla/5.0 (Windows NT 10.0; Win64; x64) AppleWebKit/537.36 (KHTML, like Gecko) Chrome/94.0.4606.61 Safari/537.36"
34.231.151.19 - - [06/Oct/2021:08:04:48 +0200] "GET /images/mini_prod/3760054863347.jpg HTTP/1.1" 200 9931 "-" "Mozilla/5.0 (X11; Ubuntu; Linux x86_64; rv:72.0) Gecko/20100101 Firefox/72.0"
207.46.13.162 - - [06/Oct/2021:08:07:10 +0200] "GET /images/mini_prod/3608860088236.jpg HTTP/1.1" 200 7333 "-" "Mozilla/5.0 (compatible; bingbot/2.0; +http://www.bing.com/bingbot.htm)"
5.255.253.134 - - [06/Oct/2021:08:08:00 +0200] "GET /images/mini_prod/4250255840173.jpg HTTP/1.1" 200 5949 "-" "Mozilla/5.0 (compatible; YandexImages/3.0; +http://yandex.com/bots)"
5.255.253.134 - - [06/Oct/2021:08:11:39 +0200] "GET /images/mini_prod/3520071822242.jpg HTTP/1.1" 200 5363 "-" "Mozilla/5.0 (compatible; YandexImages/3.0; +http://yandex.com/bots)"
66.249.64.82 - - [06/Oct/2021:08:14:11 +0200] "GET /images/big_prod_1/4542202662328a.jpg HTTP/1.1" 200 92600 "-" "Googlebot-Image/1.0"
35.185.214.157 - - [06/Oct/2021:08:15:30 +0200] "GET /images/mini_prod/8424001278909.jpg HTTP/1.1" 200 5619 "-" "Mozilla/5.0 (X11; Ubuntu; Linux x86_64; rv:72.0) Gecko/20100101 Firefox/72.0"
185.191.171.41 - - [06/Oct/2021:08:18:02 +0200] "GET /robots.txt HTTP/1.1" 200 2438 "-" "Mozilla/5.0 (compatible; SemrushBot/7~bl; +http://www.semrush.com/bot.html)"
3.22.57.127 - - [06/Oct/2021:08:19:40 +0200] "GET /robots.txt HTTP/1.1" 200 2438 "-" "clark-crawler2/Nutch-1.19-SNAPSHOT"
3.22.57.127 - - [06/Oct/2021:08:19:41 +0200] "GET /images/3681643308097.jpg HTTP/1.1" 200 121095 "-" "clark-crawler2/Nutch-1.19-SNAPSHOT"
17.121.113.231 - - [06/Oct/2021:08:20:44 +0200] "GET /images/3700574900016.jpg HTTP/1.1" 200 20647 "-" "Mozilla/5.0 (Macintosh; Intel Mac OS X 10_15_5) AppleWebKit/605.1.15 (KHTML, like Gecko) Version/13.1.1 Safari/605.1.15 (Applebot/0.1; +http://www.apple.com/go/applebot)"
147.92.153.9 - - [06/Oct/2021:08:21:57 +0200] "GET /robots.txt HTTP/1.1" 200 2438 "-" "Mozilla/5.0 (compatible; Linespider/1.1; +https://lin.ee/4dwXkTH)"
147.92.153.5 - - [06/Oct/2021:08:22:02 +0200] "GET /images/big_prod/3609810076433.jpg HTTP/1.1" 200 112970 "-" "Mozilla/5.0 (compatible; Linespider/1.1; +https://lin.ee/4dwXkTH)"
114.119.128.34 - - [06/Oct/2021:08:22:08 +0200] "GET /images/big_prod/3574642579820B.jpg HTTP/1.1" 200 690006 "-" "Mozilla/5.0 (Linux; Android 7.0;) AppleWebKit/537.36 (KHTML, like Gecko) Mobile Safari/537.36 (compatible; PetalBot;+https://webmaster.petalsearch.com/site/petalbot)"
157.55.39.3 - - [06/Oct/2021:08:23:02 +0200] "GET /images/med_prod/1399984284315N.jpg HTTP/1.1" 200 129048 "-" "Mozilla/5.0 (compatible; bingbot/2.0; +http://www.bing.com/bingbot.htm)"
144.76.118.82 - - [06/Oct/2021:08:23:58 +0200] "GET /robots.txt HTTP/1.1" 200 2438 "-" "Mozilla/5.0 (compatible; MJ12bot/v1.4.8; http://mj12bot.com/)"
95.108.213.76 - - [06/Oct/2021:08:25:20 +0200] "GET /images/mini_prod/3457010509172.jpg HTTP/1.1" 200 5043 "-" "Mozilla/5.0 (compatible; YandexImages/3.0; +http://yandex.com/bots)"
35.185.214.157 - - [06/Oct/2021:08:28:12 +0200] "GET /images/mini_prod/5051265800374.jpg HTTP/1.1" 200 11574 "-" "Mozilla/5.0 (X11; Ubuntu; Linux x86_64; rv:72.0) Gecko/20100101 Firefox/72.0"
114.119.128.26 - - [06/Oct/2021:08:29:51 +0200] "GET /images/big_prod/8422018220607.jpg HTTP/1.1" 200 471678 "-" "Mozilla/5.0 (Linux; Android 7.0;) AppleWebKit/537.36 (KHTML, like Gecko) Mobile Safari/537.36 (compatible; PetalBot;+https://webmaster.petalsearch.com/site/petalbot)"
35.185.214.157 - - [06/Oct/2021:08:32:17 +0200] "GET /images/mini_prod/9316188013291.jpg HTTP/1.1" 200 5782 "-" "Mozilla/5.0 (X11; Ubuntu; Linux x86_64; rv:72.0) Gecko/20100101 Firefox/72.0"
17.121.112.79 - - [06/Oct/2021:08:33:05 +0200] "GET /images/mini_prod/524352%5B2%5D.jpg HTTP/1.1" 200 5054 "-" "Mozilla/5.0 (Macintosh; Intel Mac OS X 10_15_5) AppleWebKit/605.1.15 (KHTML, like Gecko) Version/13.1.1 Safari/605.1.15 (Applebot/0.1; +http://www.apple.com/go/applebot)"
114.119.128.34 - - [06/Oct/2021:08:33:42 +0200] "GET /images/big_prod_2/8445148003292b.jpg HTTP/1.1" 200 229357 "-" "Mozilla/5.0 (Linux; Android 7.0;) AppleWebKit/537.36 (KHTML, like Gecko) Mobile Safari/537.36 (compatible; PetalBot;+https://webmaster.petalsearch.com/site/petalbot)"
66.249.64.82 - - [06/Oct/2021:08:34:30 +0200] "GET /images/5702015124881.jpg HTTP/1.1" 200 187710 "-" "Googlebot-Image/1.0"
216.244.66.242 - - [06/Oct/2021:08:34:51 +0200] "GET /robots.txt HTTP/1.1" 200 2438 "-" "Mozilla/5.0 (compatible; DotBot/1.2; +https://opensiteexplorer.org/dotbot; help@moz.com)"
17.121.115.236 - - [06/Oct/2021:08:35:48 +0200] "GET /images/mini_prod/3760116310659.jpg HTTP/1.1" 200 13314 "-" "Mozilla/5.0 (Macintosh; Intel Mac OS X 10_15_5) AppleWebKit/605.1.15 (KHTML, like Gecko) Version/13.1.1 Safari/605.1.15 (Applebot/0.1; +http://www.apple.com/go/applebot)"
157.55.39.3 - - [06/Oct/2021:08:38:14 +0200] "GET /images/big_prod/4029811409068.jpg HTTP/1.1" 200 55540 "-" "Mozilla/5.0 (compatible; bingbot/2.0; +http://www.bing.com/bingbot.htm)"
40.77.167.65 - - [06/Oct/2021:08:40:59 +0200] "GET /images/med_prod/1384010184318.jpg HTTP/1.1" 200 56264 "-" "Mozilla/5.0 (compatible; bingbot/2.0; +http://www.bing.com/bingbot.htm)"
157.55.39.68 - - [06/Oct/2021:08:41:03 +0200] "GET /images/mini_prod/20832422019282000.jpg HTTP/1.1" 200 7418 "-" "Mozilla/5.0 (compatible; bingbot/2.0; +http://www.bing.com/bingbot.htm)"
35.185.214.157 - - [06/Oct/2021:08:42:02 +0200] "GET /images/mini_prod/5036278052262.jpg HTTP/1.1" 200 7778 "-" "Mozilla/5.0 (X11; Ubuntu; Linux x86_64; rv:72.0) Gecko/20100101 Firefox/72.0"
17.121.113.18 - - [06/Oct/2021:08:43:11 +0200] "GET /images/mini_prod/7601019994705.jpg HTTP/1.1" 200 7095 "-" "Mozilla/5.0 (Macintosh; Intel Mac OS X 10_15_5) AppleWebKit/605.1.15 (KHTML, like Gecko) Version/13.1.1 Safari/605.1.15 (Applebot/0.1; +http://www.apple.com/go/applebot)"
5.255.253.134 - - [06/Oct/2021:08:43:31 +0200] "GET /images/big_prod/3453131127516.jpg HTTP/1.1" 200 108817 "-" "Mozilla/5.0 (compatible; YandexImages/3.0; +http://yandex.com/bots)"
40.77.167.79 - - [06/Oct/2021:08:44:21 +0200] "GET /images/med_prod/4582497091533.jpg HTTP/1.1" 200 91675 "-" "Mozilla/5.0 (compatible; bingbot/2.0; +http://www.bing.com/bingbot.htm)"
34.231.151.19 - - [06/Oct/2021:08:44:22 +0200] "GET /images/mini_prod/2110DSCN8647.jpg HTTP/1.1" 200 5689 "-" "Mozilla/5.0 (X11; Ubuntu; Linux x86_64; rv:72.0) Gecko/20100101 Firefox/72.0"
114.119.157.156 - - [06/Oct/2021:08:47:46 +0200] "GET /js/jquery.jqzoom.js HTTP/1.1" 200 4761 "http://www.wonder-geek.com/fitted-sheet-c-11_193.html" "Mozilla/5.0 (compatible;PetalBot;+https://webmaster.petalsearch.com/site/petalbot)"
114.119.157.156 - - [06/Oct/2021:08:47:46 +0200] "GET /js/jquery.js HTTP/1.1" 200 54075 "http://www.wonder-geek.com/fitted-sheet-c-11_193.html" "Mozilla/5.0 (compatible;PetalBot;+https://webmaster.petalsearch.com/site/petalbot)"
114.119.157.156 - - [06/Oct/2021:08:47:46 +0200] "GET /highslide/highslide.js HTTP/1.1" 200 42909 "http://www.wonder-geek.com/fitted-sheet-c-11_193.html" "Mozilla/5.0 (compatible;PetalBot;+https://webmaster.petalsearch.com/site/petalbot)"
114.119.157.156 - - [06/Oct/2021:08:47:46 +0200] "GET /templates/Pixame_v1/stylesheet.css HTTP/1.1" 200 56057 "http://www.wonder-geek.com/fitted-sheet-c-11_193.html" "Mozilla/5.0 (compatible;PetalBot;+https://webmaster.petalsearch.com/site/petalbot)"
114.119.157.156 - - [06/Oct/2021:08:47:46 +0200] "GET /mondial_relay/js/jquery-1.3.2.min.js HTTP/1.1" 200 57254 "http://www.wonder-geek.com/fitted-sheet-c-11_193.html" "Mozilla/5.0 (compatible;PetalBot;+https://webmaster.petalsearch.com/site/petalbot)"
114.119.157.156 - - [06/Oct/2021:08:47:46 +0200] "GET /js/modernizr-transitions.js HTTP/1.1" 200 2026 "http://www.wonder-geek.com/fitted-sheet-c-11_193.html" "Mozilla/5.0 (compatible;PetalBot;+https://webmaster.petalsearch.com/site/petalbot)"
114.119.157.156 - - [06/Oct/2021:08:47:46 +0200] "GET /js/jquery.masonry.min.js HTTP/1.1" 200 5392 "http://www.wonder-geek.com/fitted-sheet-c-11_193.html" "Mozilla/5.0 (compatible;PetalBot;+https://webmaster.petalsearch.com/site/petalbot)"
17.121.115.117 - - [06/Oct/2021:08:47:53 +0200] "GET /images/big_prod/3565750306279.jpg HTTP/1.1" 200 60718 "-" "Mozilla/5.0 (Macintosh; Intel Mac OS X 10_15_5) AppleWebKit/605.1.15 (KHTML, like Gecko) Version/13.1.1 Safari/605.1.15 (Applebot/0.1; +http://www.apple.com/go/applebot)"
101.33.33.164 - - [06/Oct/2021:08:51:11 +0200] "GET /images/mini_prod/5010994737429.jpg HTTP/1.1" 200 7012 "-" "Mozilla/5.0 (X11; Ubuntu; Linux x86_64; rv:72.0) Gecko/20100101 Firefox/72.0"
5.255.253.134 - - [06/Oct/2021:08:52:04 +0200] "GET /images/med_prod/5055071705359.jpg HTTP/1.1" 200 68371 "-" "Mozilla/5.0 (compatible; YandexImages/3.0; +http://yandex.com/bots)"
66.249.88.222 - - [06/Oct/2021:08:53:06 +0200] "GET /images/big_prod_1/3442440300093a.jpg HTTP/1.1" 200 229226 "-" "Mozilla/5.0 (Windows NT 5.1; rv:11.0) Gecko Firefox/11.0 (via ggpht.com GoogleImageProxy)"
114.119.128.253 - - [06/Oct/2021:08:57:36 +0200] "GET /images/big_prod/8422079319128.jpg HTTP/1.1" 200 218939 "-" "Mozilla/5.0 (Linux; Android 7.0;) AppleWebKit/537.36 (KHTML, like Gecko) Mobile Safari/537.36 (compatible; PetalBot;+https://webmaster.petalsearch.com/site/petalbot)"
101.33.33.164 - - [06/Oct/2021:08:58:17 +0200] "GET /images/mini_prod/DSCN7544.jpg HTTP/1.1" 200 6368 "-" "Mozilla/5.0 (X11; Ubuntu; Linux x86_64; rv:72.0) Gecko/20100101 Firefox/72.0"
66.249.64.84 - - [06/Oct/2021:08:59:06 +0200] "GET /js/jquery.jqzoom.js HTTP/1.1" 200 4761 "http://www.wonder-geek.com/fitted-sheet-cotton-percale-threads-p-43833.html" "Mozilla/5.0 (Linux; Android 6.0.1; Nexus 5X Build/MMB29P) AppleWebKit/537.36 (KHTML, like Gecko) Chrome/94.0.4606.61 Mobile Safari/537.36 (compatible; Googlebot/2.1; +http://www.google.com/bot.html)"
5.255.253.134 - - [06/Oct/2021:08:59:16 +0200] "GET /robots.txt HTTP/1.1" 200 2438 "-" "Mozilla/5.0 (compatible; YandexBot/3.0; +http://yandex.com/bots)"
40.77.167.79 - - [06/Oct/2021:09:00:33 +0200] "GET /images/big_prod/4012390327366.jpg HTTP/1.1" 200 134672 "-" "Mozilla/5.0 (compatible; bingbot/2.0; +http://www.bing.com/bingbot.htm)"
147.92.153.5 - - [06/Oct/2021:09:02:01 +0200] "GET /images/big_prod/3609810065659.jpg HTTP/1.1" 200 64684 "-" "Mozilla/5.0 (compatible; Linespider/1.1; +https://lin.ee/4dwXkTH)"
157.55.39.3 - - [06/Oct/2021:09:03:16 +0200] "GET /images/8006180204018.jpg HTTP/1.1" 200 105600 "-" "Mozilla/5.0 (compatible; bingbot/2.0; +http://www.bing.com/bingbot.htm)"
114.119.128.37 - - [06/Oct/2021:09:04:53 +0200] "GET /images/mini_prod/1328399270187.jpg HTTP/1.1" 200 7509 "-" "Mozilla/5.0 (Linux; Android 7.0;) AppleWebKit/537.36 (KHTML, like Gecko) Mobile Safari/537.36 (compatible; PetalBot;+https://webmaster.petalsearch.com/site/petalbot)"
5.255.253.134 - - [06/Oct/2021:09:08:18 +0200] "GET /images/mini_prod/3700281653427.jpg HTTP/1.1" 200 4835 "-" "Mozilla/5.0 (compatible; YandexImages/3.0; +http://yandex.com/bots)"
66.249.64.84 - - [06/Oct/2021:09:11:07 +0200] "GET /images/big_prod/3700276290446.jpg HTTP/1.1" 200 166220 "-" "Googlebot-Image/1.0"
40.77.167.10 - - [06/Oct/2021:09:13:42 +0200] "GET /images/big_prod_1/1384010203644.jpg HTTP/1.1" 200 72993 "-" "Mozilla/5.0 (compatible; bingbot/2.0; +http://www.bing.com/bingbot.htm)"
144.76.118.82 - - [06/Oct/2021:09:14:52 +0200] "GET /robots.txt HTTP/1.1" 200 2438 "-" "Mozilla/5.0 (compatible; MJ12bot/v1.4.8; http://mj12bot.com/)"
185.191.171.13 - - [06/Oct/2021:09:17:01 +0200] "GET /robots.txt HTTP/1.1" 200 2438 "-" "Mozilla/5.0 (compatible; SemrushBot/7~bl; +http://www.semrush.com/bot.html)"
40.77.167.77 - - [06/Oct/2021:09:17:54 +0200] "GET /images/big_prod_1/b8435337081934.jpg HTTP/1.1" 200 92830 "-" "Mozilla/5.0 (compatible; bingbot/2.0; +http://www.bing.com/bingbot.htm)"
40.77.167.10 - - [06/Oct/2021:09:20:13 +0200] "GET /images/big_prod/2791693067392.jpg HTTP/1.1" 200 138064 "-" "Mozilla/5.0 (compatible; bingbot/2.0; +http://www.bing.com/bingbot.htm)"
17.121.113.247 - - [06/Oct/2021:09:21:07 +0200] "GET /images/mini_prod/1384000000758.jpg HTTP/1.1" 200 5761 "-" "Mozilla/5.0 (Macintosh; Intel Mac OS X 10_15_5) AppleWebKit/605.1.15 (KHTML, like Gecko) Version/13.1.1 Safari/605.1.15 (Applebot/0.1; +http://www.apple.com/go/applebot)"
216.244.66.242 - - [06/Oct/2021:09:21:31 +0200] "GET /robots.txt HTTP/1.1" 200 2438 "-" "Mozilla/5.0 (compatible; DotBot/1.2; +https://opensiteexplorer.org/dotbot; help@moz.com)"
35.185.214.157 - - [06/Oct/2021:09:21:57 +0200] "GET /images/mini_prod/3660173176314.jpg HTTP/1.1" 200 5875 "-" "Mozilla/5.0 (X11; Ubuntu; Linux x86_64; rv:72.0) Gecko/20100101 Firefox/72.0"
147.92.153.19 - - [06/Oct/2021:09:22:03 +0200] "GET /images/big_prod/1491693707748.jpg HTTP/1.1" 200 514084 "-" "Mozilla/5.0 (compatible; Linespider/1.1; +https://lin.ee/4dwXkTH)"
101.33.33.164 - - [06/Oct/2021:09:22:21 +0200] "GET /images/mini_prod/8422666661500.jpg HTTP/1.1" 200 5126 "-" "Mozilla/5.0 (X11; Ubuntu; Linux x86_64; rv:72.0) Gecko/20100101 Firefox/72.0"
207.46.13.54 - - [06/Oct/2021:09:24:35 +0200] "GET /images/mini_prod/8422101017602.jpg HTTP/1.1" 200 5098 "-" "Mozilla/5.0 (compatible; bingbot/2.0; +http://www.bing.com/bingbot.htm)"
40.77.167.77 - - [06/Oct/2021:09:27:15 +0200] "GET /images/mini_prod/3574640159659.jpg HTTP/1.1" 200 8645 "-" "Mozilla/5.0 (compatible; bingbot/2.0; +http://www.bing.com/bingbot.htm)"
5.255.253.134 - - [06/Oct/2021:09:27:53 +0200] "GET /images/mini_prod/3760233681625a.jpg HTTP/1.1" 200 5808 "-" "Mozilla/5.0 (compatible; YandexImages/3.0; +http://yandex.com/bots)"
114.119.128.40 - - [06/Oct/2021:09:28:57 +0200] "GET /images/big_prod/8422013545408.jpg HTTP/1.1" 200 30825 "-" "Mozilla/5.0 (Linux; Android 7.0;) AppleWebKit/537.36 (KHTML, like Gecko) Mobile Safari/537.36 (compatible; PetalBot;+https://webmaster.petalsearch.com/site/petalbot)"
40.77.167.65 - - [06/Oct/2021:09:32:13 +0200] "GET /images/big_prod/8717318130825.jpg HTTP/1.1" 200 35271 "-" "Mozilla/5.0 (compatible; bingbot/2.0; +http://www.bing.com/bingbot.htm)"
17.121.114.189 - - [06/Oct/2021:09:35:30 +0200] "GET /images/big_prod/3700276288900BB.jpg HTTP/1.1" 200 114503 "-" "Mozilla/5.0 (Macintosh; Intel Mac OS X 10_15_5) AppleWebKit/605.1.15 (KHTML, like Gecko) Version/13.1.1 Safari/605.1.15 (Applebot/0.1; +http://www.apple.com/go/applebot)"
40.77.167.65 - - [06/Oct/2021:09:35:43 +0200] "GET /images/big_prod/3014627909995.jpg HTTP/1.1" 200 94018 "-" "Mozilla/5.0 (compatible; bingbot/2.0; +http://www.bing.com/bingbot.htm)"
114.119.128.34 - - [06/Oct/2021:09:36:07 +0200] "GET /images/big_prod/8424001641178.jpg HTTP/1.1" 200 72356 "-" "Mozilla/5.0 (Linux; Android 7.0;) AppleWebKit/537.36 (KHTML, like Gecko) Mobile Safari/537.36 (compatible; PetalBot;+https://webmaster.petalsearch.com/site/petalbot)"
35.185.214.157 - - [06/Oct/2021:09:36:38 +0200] "GET /images/mini_prod/3585190854208.jpg HTTP/1.1" 200 6791 "-" "Mozilla/5.0 (X11; Ubuntu; Linux x86_64; rv:72.0) Gecko/20100101 Firefox/72.0"
103.131.71.60 - - [06/Oct/2021:09:37:55 +0200] "GET /robots.txt HTTP/1.1" 200 2438 "-" "Mozilla/5.0 (compatible; coccocbot-web/1.0; +http://help.coccoc.com/searchengine)"
103.131.71.181 - - [06/Oct/2021:09:37:57 +0200] "GET /robots.txt HTTP/1.1" 200 2438 "-" "Mozilla/5.0 (compatible; coccocbot-web/1.0; +http://help.coccoc.com/searchengine)"
144.76.81.229 - - [06/Oct/2021:09:39:25 +0200] "GET /robots.txt HTTP/1.1" 200 2438 "-" "Mozilla/5.0 (compatible; MJ12bot/v1.4.8; http://mj12bot.com/)"
114.119.128.34 - - [06/Oct/2021:09:43:14 +0200] "GET /images/mini_prod/3609810035935Y.jpg HTTP/1.1" 200 3617 "-" "Mozilla/5.0 (Linux; Android 7.0;) AppleWebKit/537.36 (KHTML, like Gecko) Mobile Safari/537.36 (compatible; PetalBot;+https://webmaster.petalsearch.com/site/petalbot)"
35.185.214.157 - - [06/Oct/2021:09:43:14 +0200] "GET /images/mini_prod/3520071365336.jpg HTTP/1.1" 200 6809 "-" "Mozilla/5.0 (X11; Ubuntu; Linux x86_64; rv:72.0) Gecko/20100101 Firefox/72.0"
17.121.112.166 - - [06/Oct/2021:09:43:38 +0200] "GET /images/mini_prod/5051265800619.jpg HTTP/1.1" 200 9282 "-" "Mozilla/5.0 (Macintosh; Intel Mac OS X 10_15_5) AppleWebKit/605.1.15 (KHTML, like Gecko) Version/13.1.1 Safari/605.1.15 (Applebot/0.1; +http://www.apple.com/go/applebot)"
157.55.39.3 - - [06/Oct/2021:09:46:24 +0200] "GET /images/med_prod/1384010180983.jpg HTTP/1.1" 200 105437 "-" "Mozilla/5.0 (compatible; bingbot/2.0; +http://www.bing.com/bingbot.htm)"
74.125.208.116 - - [06/Oct/2021:09:50:05 +0200] "GET /images/4012390307573.jpg HTTP/1.1" 200 19938 "-" "Mozilla/5.0 (Windows NT 5.1; rv:11.0) Gecko Firefox/11.0 (via ggpht.com GoogleImageProxy)"
207.46.13.54 - - [06/Oct/2021:09:53:47 +0200] "GET /images/mini_prod/1300000020794.jpg HTTP/1.1" 200 5104 "-" "Mozilla/5.0 (compatible; bingbot/2.0; +http://www.bing.com/bingbot.htm)"
17.121.115.86 - - [06/Oct/2021:09:55:25 +0200] "GET /images/mini_prod/191108_162759_PEEL_7pQvMT.jpg HTTP/1.1" 200 17824 "-" "Mozilla/5.0 (Macintosh; Intel Mac OS X 10_15_5) AppleWebKit/605.1.15 (KHTML, like Gecko) Version/13.1.1 Safari/605.1.15 (Applebot/0.1; +http://www.apple.com/go/applebot)"
207.46.13.152 - - [06/Oct/2021:09:58:36 +0200] "GET /images/med_prod/8718375752265.jpg HTTP/1.1" 200 142072 "-" "Mozilla/5.0 (compatible; bingbot/2.0; +http://www.bing.com/bingbot.htm)"
101.33.33.164 - - [06/Oct/2021:10:00:01 +0200] "GET /images/mini_prod/8424001528226.jpg HTTP/1.1" 200 6087 "-" "Mozilla/5.0 (X11; Ubuntu; Linux x86_64; rv:72.0) Gecko/20100101 Firefox/72.0"
207.46.13.54 - - [06/Oct/2021:10:00:39 +0200] "GET /images/DSCN4025n.jpg HTTP/1.1" 200 26476 "-" "Mozilla/5.0 (compatible; bingbot/2.0; +http://www.bing.com/bingbot.htm)"
114.119.128.39 - - [06/Oct/2021:10:00:49 +0200] "GET /images/mini_prod/9316188070317.jpg HTTP/1.1" 200 3213 "-" "Mozilla/5.0 (Linux; Android 7.0;) AppleWebKit/537.36 (KHTML, like Gecko) Mobile Safari/537.36 (compatible; PetalBot;+https://webmaster.petalsearch.com/site/petalbot)"
192.99.6.226 - - [06/Oct/2021:10:01:21 +0200] "GET /robots.txt HTTP/1.1" 200 2438 "-" "Mozilla/5.0 (compatible; MJ12bot/v1.4.8; http://mj12bot.com/)"
147.92.153.2 - - [06/Oct/2021:10:02:01 +0200] "GET /images/big_prod/3520071653105.jpg HTTP/1.1" 200 95752 "-" "Mozilla/5.0 (compatible; Linespider/1.1; +https://lin.ee/4dwXkTH)"
207.46.13.17 - - [06/Oct/2021:10:02:08 +0200] "GET /images/3585190589117.jpg HTTP/1.1" 200 35431 "-" "Mozilla/5.0 (compatible; bingbot/2.0; +http://www.bing.com/bingbot.htm)"
157.55.39.3 - - [06/Oct/2021:10:04:46 +0200] "GET /images/big_prod/8424346085446.jpg HTTP/1.1" 200 137410 "-" "Mozilla/5.0 (compatible; bingbot/2.0; +http://www.bing.com/bingbot.htm)"
207.46.13.17 - - [06/Oct/2021:10:04:50 +0200] "GET /images/3299738511446.jpg HTTP/1.1" 200 32448 "-" "Mozilla/5.0 (compatible; bingbot/2.0; +http://www.bing.com/bingbot.htm)"
95.108.142.123 - - [06/Oct/2021:10:06:21 +0200] "GET /images/mini_prod/DSCN7544.jpg HTTP/1.1" 200 6368 "-" "Mozilla/5.0 (X11; Ubuntu; Linux x86_64; rv:72.0) Gecko/20100101 Firefox/72.0"
167.114.101.65 - - [06/Oct/2021:10:06:29 +0200] "GET /robots.txt HTTP/1.1" 200 2438 "-" "Mozilla/5.0 (compatible; MJ12bot/v1.4.8; http://mj12bot.com/)"
207.46.13.162 - - [06/Oct/2021:10:06:43 +0200] "GET /images/big_prod/3453131129657.jpg HTTP/1.1" 200 175775 "-" "Mozilla/5.0 (compatible; bingbot/2.0; +http://www.bing.com/bingbot.htm)"
95.108.142.123 - - [06/Oct/2021:10:07:07 +0200] "GET /images/mini_prod/5027417019895.jpg HTTP/1.1" 200 6347 "-" "Mozilla/5.0 (X11; Ubuntu; Linux x86_64; rv:72.0) Gecko/20100101 Firefox/72.0"
216.244.66.242 - - [06/Oct/2021:10:08:16 +0200] "GET /robots.txt HTTP/1.1" 200 2438 "-" "Mozilla/5.0 (compatible; DotBot/1.2; +https://opensiteexplorer.org/dotbot; help@moz.com)"
95.108.142.123 - - [06/Oct/2021:10:10:31 +0200] "GET /images/mini_prod/5036278061592.jpg HTTP/1.1" 200 10177 "-" "Mozilla/5.0 (X11; Ubuntu; Linux x86_64; rv:72.0) Gecko/20100101 Firefox/72.0"
95.108.142.123 - - [06/Oct/2021:10:10:57 +0200] "GET /images/mini_prod/3438100336533.jpg HTTP/1.1" 200 8041 "-" "Mozilla/5.0 (X11; Ubuntu; Linux x86_64; rv:72.0) Gecko/20100101 Firefox/72.0"
35.243.23.42 - - [06/Oct/2021:10:14:23 +0200] "GET /images/big_prod/4542202657140.jpg HTTP/1.1" 200 106127 "-" "Mozilla/5.0 (Windows NT 6.1; WOW64) AppleWebKit/537.36 (KHTML, like Gecko) Chrome/43.0.2357.81 Safari/537.36 AppEngine-Google; (+http://code.google.com/appengine; appid: s~traffic-proxy)"
40.77.167.79 - - [06/Oct/2021:10:14:50 +0200] "GET /images/big_prod/3453131132015.jpg HTTP/1.1" 200 91820 "-" "Mozilla/5.0 (compatible; bingbot/2.0; +http://www.bing.com/bingbot.htm)"
207.46.13.54 - - [06/Oct/2021:10:16:41 +0200] "GET /images/1020322242390.jpg HTTP/1.1" 200 49630 "-" "Mozilla/5.0 (compatible; bingbot/2.0; +http://www.bing.com/bingbot.htm)"
35.185.214.157 - - [06/Oct/2021:10:18:16 +0200] "GET /images/mini_prod/1399984241790.jpg HTTP/1.1" 200 5735 "-" "Mozilla/5.0 (X11; Ubuntu; Linux x86_64; rv:72.0) Gecko/20100101 Firefox/72.0"
114.119.128.40 - - [06/Oct/2021:10:18:21 +0200] "GET /images/mini_prod/8422023017926F.jpg HTTP/1.1" 200 7843 "-" "Mozilla/5.0 (Linux; Android 7.0;) AppleWebKit/537.36 (KHTML, like Gecko) Mobile Safari/537.36 (compatible; PetalBot;+https://webmaster.petalsearch.com/site/petalbot)"
185.191.171.5 - - [06/Oct/2021:10:18:43 +0200] "GET /robots.txt HTTP/1.1" 200 2438 "-" "Mozilla/5.0 (compatible; SemrushBot/7~bl; +http://www.semrush.com/bot.html)"
207.46.13.17 - - [06/Oct/2021:10:18:50 +0200] "GET /images/big_prod/5051276344430.jpg HTTP/1.1" 200 76909 "-" "Mozilla/5.0 (compatible; bingbot/2.0; +http://www.bing.com/bingbot.htm)"
207.46.13.162 - - [06/Oct/2021:10:19:34 +0200] "GET /images/big_prod_3/8424001543984D.jpg HTTP/1.1" 200 66984 "-" "Mozilla/5.0 (compatible; bingbot/2.0; +http://www.bing.com/bingbot.htm)"
147.92.153.10 - - [06/Oct/2021:10:22:02 +0200] "GET /images/big_prod/8422077100018.jpg HTTP/1.1" 200 115803 "-" "Mozilla/5.0 (compatible; Linespider/1.1; +https://lin.ee/4dwXkTH)"
213.205.194.178 - - [06/Oct/2021:10:22:54 +0200] "GET /templates/Pixame_v1/stylesheet.css HTTP/1.1" 200 56057 "http://www.wonder-geek.com/toucan-money-black-p-47934.html" "Mozilla/5.0 (iPhone; CPU iPhone OS 14_7_1 like Mac OS X) AppleWebKit/605.1.15 (KHTML, like Gecko) Version/14.1.2 Mobile/15E148 Safari/604.1"
213.205.194.178 - - [06/Oct/2021:10:22:54 +0200] "GET /js/jquery.js HTTP/1.1" 200 54075 "http://www.wonder-geek.com/toucan-money-black-p-47934.html" "Mozilla/5.0 (iPhone; CPU iPhone OS 14_7_1 like Mac OS X) AppleWebKit/605.1.15 (KHTML, like Gecko) Version/14.1.2 Mobile/15E148 Safari/604.1"
213.205.194.178 - - [06/Oct/2021:10:22:54 +0200] "GET /highslide/highslide.js HTTP/1.1" 200 42909 "http://www.wonder-geek.com/toucan-money-black-p-47934.html" "Mozilla/5.0 (iPhone; CPU iPhone OS 14_7_1 like Mac OS X) AppleWebKit/605.1.15 (KHTML, like Gecko) Version/14.1.2 Mobile/15E148 Safari/604.1"
213.205.194.178 - - [06/Oct/2021:10:22:54 +0200] "GET /js/jquery.jqzoom.js HTTP/1.1" 200 4761 "http://www.wonder-geek.com/toucan-money-black-p-47934.html" "Mozilla/5.0 (iPhone; CPU iPhone OS 14_7_1 like Mac OS X) AppleWebKit/605.1.15 (KHTML, like Gecko) Version/14.1.2 Mobile/15E148 Safari/604.1"
213.205.194.178 - - [06/Oct/2021:10:22:55 +0200] "GET /mondial_relay/js/jquery-1.3.2.min.js HTTP/1.1" 200 57254 "http://www.wonder-geek.com/toucan-money-black-p-47934.html" "Mozilla/5.0 (iPhone; CPU iPhone OS 14_7_1 like Mac OS X) AppleWebKit/605.1.15 (KHTML, like Gecko) Version/14.1.2 Mobile/15E148 Safari/604.1"
213.205.194.178 - - [06/Oct/2021:10:22:55 +0200] "GET /templates/Pixame_v1/images/icon_accueil2.png HTTP/1.1" 200 1137 "http://www.wonder-geek.com/toucan-money-black-p-47934.html" "Mozilla/5.0 (iPhone; CPU iPhone OS 14_7_1 like Mac OS X) AppleWebKit/605.1.15 (KHTML, like Gecko) Version/14.1.2 Mobile/15E148 Safari/604.1"
213.205.194.178 - - [06/Oct/2021:10:22:55 +0200] "GET /templates/Pixame_v1/images/buttons/english/button_in_cart.gif HTTP/1.1" 200 1212 "http://www.wonder-geek.com/toucan-money-black-p-47934.html" "Mozilla/5.0 (iPhone; CPU iPhone OS 14_7_1 like Mac OS X) AppleWebKit/605.1.15 (KHTML, like Gecko) Version/14.1.2 Mobile/15E148 Safari/604.1"
213.205.194.178 - - [06/Oct/2021:10:22:55 +0200] "GET /images/big_prod/8422020166344.jpg HTTP/1.1" 200 51304 "http://www.wonder-geek.com/toucan-money-black-p-47934.html" "Mozilla/5.0 (iPhone; CPU iPhone OS 14_7_1 like Mac OS X) AppleWebKit/605.1.15 (KHTML, like Gecko) Version/14.1.2 Mobile/15E148 Safari/604.1"
213.205.194.178 - - [06/Oct/2021:10:22:55 +0200] "GET /templates/Pixame_v1/images/Bottom_texture.jpg HTTP/1.1" 200 56290 "http://www.wonder-geek.com/toucan-money-black-p-47934.html" "Mozilla/5.0 (iPhone; CPU iPhone OS 14_7_1 like Mac OS X) AppleWebKit/605.1.15 (KHTML, like Gecko) Version/14.1.2 Mobile/15E148 Safari/604.1"
213.205.194.178 - - [06/Oct/2021:10:22:55 +0200] "GET /templates/Pixame_v1/images/Middle_texture.jpg HTTP/1.1" 200 249620 "http://www.wonder-geek.com/toucan-money-black-p-47934.html" "Mozilla/5.0 (iPhone; CPU iPhone OS 14_7_1 like Mac OS X) AppleWebKit/605.1.15 (KHTML, like Gecko) Version/14.1.2 Mobile/15E148 Safari/604.1"
213.205.194.178 - - [06/Oct/2021:10:22:55 +0200] "GET /templates/Pixame_v1/images/nav.png HTTP/1.1" 200 1283 "http://www.wonder-geek.com/toucan-money-black-p-47934.html" "Mozilla/5.0 (iPhone; CPU iPhone OS 14_7_1 like Mac OS X) AppleWebKit/605.1.15 (KHTML, like Gecko) Version/14.1.2 Mobile/15E148 Safari/604.1"
213.205.194.178 - - [06/Oct/2021:10:22:55 +0200] "GET /templates/Pixame_v1/images/header.png HTTP/1.1" 200 70245 "http://www.wonder-geek.com/toucan-money-black-p-47934.html" "Mozilla/5.0 (iPhone; CPU iPhone OS 14_7_1 like Mac OS X) AppleWebKit/605.1.15 (KHTML, like Gecko) Version/14.1.2 Mobile/15E148 Safari/604.1"
213.205.194.178 - - [06/Oct/2021:10:22:55 +0200] "GET /templates/Pixame_v1/images/header-object.png HTTP/1.1" 200 106050 "http://www.wonder-geek.com/toucan-money-black-p-47934.html" "Mozilla/5.0 (iPhone; CPU iPhone OS 14_7_1 like Mac OS X) AppleWebKit/605.1.15 (KHTML, like Gecko) Version/14.1.2 Mobile/15E148 Safari/604.1"
213.205.194.178 - - [06/Oct/2021:10:22:55 +0200] "GET /design/productsenstock.png HTTP/1.1" 200 4743 "http://www.wonder-geek.com/toucan-money-black-p-47934.html" "Mozilla/5.0 (iPhone; CPU iPhone OS 14_7_1 like Mac OS X) AppleWebKit/605.1.15 (KHTML, like Gecko) Version/14.1.2 Mobile/15E148 Safari/604.1"
213.205.194.178 - - [06/Oct/2021:10:22:55 +0200] "GET /highslide/graphics/outlines/drop-shadow.png HTTP/1.1" 200 2022 "http://www.wonder-geek.com/toucan-money-black-p-47934.html" "Mozilla/5.0 (iPhone; CPU iPhone OS 14_7_1 like Mac OS X) AppleWebKit/605.1.15 (KHTML, like Gecko) Version/14.1.2 Mobile/15E148 Safari/604.1"
213.205.194.178 - - [06/Oct/2021:10:22:55 +0200] "GET /favicon.ico HTTP/1.1" 200 1591 "http://www.wonder-geek.com/toucan-money-black-p-47934.html" "Mozilla/5.0 (iPhone; CPU iPhone OS 14_7_1 like Mac OS X) AppleWebKit/605.1.15 (KHTML, like Gecko) Version/14.1.2 Mobile/15E148 Safari/604.1"
95.163.255.121 - - [06/Oct/2021:10:22:59 +0200] "GET /robots.txt HTTP/1.0" 200 2438 "-" "Mozilla/5.0 (compatible; Linux x86_64; Mail.RU_Bot/Img/2.0; +http://go.mail.ru/help/robots)"
95.163.255.198 - - [06/Oct/2021:10:23:01 +0200] "GET /images/8420406212517.jpg HTTP/1.1" 200 22244 "http://wonder-geek.com/images/8420406212517.jpg" "Mozilla/5.0 (compatible; Linux x86_64; Mail.RU_Bot/Img/2.0; +http://go.mail.ru/help/robots)"
207.46.13.54 - - [06/Oct/2021:10:24:11 +0200] "GET /images/med_prod/5036278049675.jpg HTTP/1.1" 200 147680 "-" "Mozilla/5.0 (compatible; bingbot/2.0; +http://www.bing.com/bingbot.htm)"
207.46.13.17 - - [06/Oct/2021:10:24:30 +0200] "GET /images/DSCN4078.jpg HTTP/1.1" 200 11891 "-" "Mozilla/5.0 (compatible; bingbot/2.0; +http://www.bing.com/bingbot.htm)"
35.185.214.157 - - [06/Oct/2021:10:27:10 +0200] "GET /images/mini_prod/34DSCN8154.jpg HTTP/1.1" 200 6798 "-" "Mozilla/5.0 (X11; Ubuntu; Linux x86_64; rv:72.0) Gecko/20100101 Firefox/72.0"
114.119.128.37 - - [06/Oct/2021:10:28:29 +0200] "GET /images/big_prod/3609810042032.jpg HTTP/1.1" 200 56891 "-" "Mozilla/5.0 (Linux; Android 7.0;) AppleWebKit/537.36 (KHTML, like Gecko) Mobile Safari/537.36 (compatible; PetalBot;+https://webmaster.petalsearch.com/site/petalbot)"
40.77.167.65 - - [06/Oct/2021:10:30:19 +0200] "GET /images/big_prod/5415203612564.jpg HTTP/1.1" 200 92621 "-" "Mozilla/5.0 (compatible; bingbot/2.0; +http://www.bing.com/bingbot.htm)"
207.46.13.54 - - [06/Oct/2021:10:33:32 +0200] "GET /images/big_prod/3700230606238.jpg HTTP/1.1" 200 70930 "-" "Mozilla/5.0 (compatible; bingbot/2.0; +http://www.bing.com/bingbot.htm)"
95.108.142.123 - - [06/Oct/2021:10:34:55 +0200] "GET /images/mini_prod/5036278051203.jpg HTTP/1.1" 200 10437 "-" "Mozilla/5.0 (X11; Ubuntu; Linux x86_64; rv:72.0) Gecko/20100101 Firefox/72.0"
207.46.13.152 - - [06/Oct/2021:10:35:29 +0200] "GET /images/big_prod/N9316188056427.jpg HTTP/1.1" 200 108046 "-" "Mozilla/5.0 (compatible; bingbot/2.0; +http://www.bing.com/bingbot.htm)"
101.33.33.164 - - [06/Oct/2021:10:37:27 +0200] "GET /images/mini_prod/3760054863347.jpg HTTP/1.1" 200 9931 "-" "Mozilla/5.0 (X11; Ubuntu; Linux x86_64; rv:72.0) Gecko/20100101 Firefox/72.0"
