66.249.64.83 - - [17/Oct/2021:11:43:06 +0200] "GET /images/big_prod/8433933157732.jpg HTTP/1.1" 200 123111 "-" "Googlebot-Image/1.0"
87.250.224.17 - - [17/Oct/2021:11:44:03 +0200] "GET /robots.txt HTTP/1.1" 200 2438 "-" "Mozilla/5.0 (compatible; YandexBot/3.0; +http://yandex.com/bots)"
87.250.224.17 - - [17/Oct/2021:11:44:07 +0200] "GET /images/big_prod/3661611102520.jpg HTTP/1.1" 200 174856 "-" "Mozilla/5.0 (compatible; YandexImages/3.0; +http://yandex.com/bots)"
66.249.64.82 - - [17/Oct/2021:11:46:36 +0200] "GET /images/720322233824.jpg HTTP/1.1" 200 19655 "-" "Googlebot-Image/1.0"
92.220.10.100 - - [17/Oct/2021:11:49:29 +0200] "GET /robots.txt HTTP/1.1" 200 2438 "-" "Mozilla/5.0 (compatible; MJ12bot/v1.4.8; http://mj12bot.com/)"
66.249.64.82 - - [17/Oct/2021:11:49:39 +0200] "GET /images/mini_prod/4042332042163.jpg HTTP/1.1" 200 4956 "-" "Googlebot-Image/1.0"
103.131.71.39 - - [17/Oct/2021:11:50:39 +0200] "GET /robots.txt HTTP/1.1" 200 2438 "-" "Mozilla/5.0 (compatible; coccocbot-image/1.0; +http://help.coccoc.com/searchengine)"
103.131.71.32 - - [17/Oct/2021:11:50:42 +0200] "GET /images/big_prod/8433933152546.jpg HTTP/1.1" 200 87813 "-" "Mozilla/5.0 (compatible; coccocbot-image/1.0; +http://help.coccoc.com/searchengine)"
87.250.224.17 - - [17/Oct/2021:11:51:27 +0200] "GET /images/8003990609699.jpg HTTP/1.1" 200 33052 "-" "Mozilla/5.0 (compatible; YandexImages/3.0; +http://yandex.com/bots)"
74.125.208.116 - - [17/Oct/2021:11:52:13 +0200] "GET /images/big_prod_3/b5018997632260.jpg HTTP/1.1" 200 96980 "-" "Mozilla/5.0 (Windows NT 5.1; rv:11.0) Gecko Firefox/11.0 (via ggpht.com GoogleImageProxy)"
91.150.34.141 - - [17/Oct/2021:11:52:28 +0200] "GET /js/jquery.jqzoom.js HTTP/1.1" 200 4761 "http://www.wonder-geek.com/gorjuss-deluxe-journal-little-wings-p-50956.html" "Mozilla/5.0 (Windows NT 10.0; Win64; x64) AppleWebKit/537.36 (KHTML, like Gecko) Chrome/94.0.4606.81 Safari/537.36"
91.150.34.141 - - [17/Oct/2021:11:52:28 +0200] "GET /templates/Pixame_v1/stylesheet.css HTTP/1.1" 200 56057 "http://www.wonder-geek.com/gorjuss-deluxe-journal-little-wings-p-50956.html" "Mozilla/5.0 (Windows NT 10.0; Win64; x64) AppleWebKit/537.36 (KHTML, like Gecko) Chrome/94.0.4606.81 Safari/537.36"
91.150.34.141 - - [17/Oct/2021:11:52:28 +0200] "GET /highslide/highslide.js HTTP/1.1" 200 42909 "http://www.wonder-geek.com/gorjuss-deluxe-journal-little-wings-p-50956.html" "Mozilla/5.0 (Windows NT 10.0; Win64; x64) AppleWebKit/537.36 (KHTML, like Gecko) Chrome/94.0.4606.81 Safari/537.36"
91.150.34.141 - - [17/Oct/2021:11:52:28 +0200] "GET /mondial_relay/js/jquery-1.3.2.min.js HTTP/1.1" 200 57254 "http://www.wonder-geek.com/gorjuss-deluxe-journal-little-wings-p-50956.html" "Mozilla/5.0 (Windows NT 10.0; Win64; x64) AppleWebKit/537.36 (KHTML, like Gecko) Chrome/94.0.4606.81 Safari/537.36"
91.150.34.141 - - [17/Oct/2021:11:52:28 +0200] "GET /js/jquery.js HTTP/1.1" 200 54075 "http://www.wonder-geek.com/gorjuss-deluxe-journal-little-wings-p-50956.html" "Mozilla/5.0 (Windows NT 10.0; Win64; x64) AppleWebKit/537.36 (KHTML, like Gecko) Chrome/94.0.4606.81 Safari/537.36"
91.150.34.141 - - [17/Oct/2021:11:52:28 +0200] "GET /templates/Pixame_v1/images/icon_accueil2.png HTTP/1.1" 200 1137 "http://www.wonder-geek.com/gorjuss-deluxe-journal-little-wings-p-50956.html" "Mozilla/5.0 (Windows NT 10.0; Win64; x64) AppleWebKit/537.36 (KHTML, like Gecko) Chrome/94.0.4606.81 Safari/537.36"
91.150.34.141 - - [17/Oct/2021:11:52:28 +0200] "GET /templates/Pixame_v1/images/nav.png HTTP/1.1" 200 1283 "http://www.wonder-geek.com/templates/Pixame_v1/stylesheet.css" "Mozilla/5.0 (Windows NT 10.0; Win64; x64) AppleWebKit/537.36 (KHTML, like Gecko) Chrome/94.0.4606.81 Safari/537.36"
91.150.34.141 - - [17/Oct/2021:11:52:28 +0200] "GET /templates/Pixame_v1/images/Bottom_texture.jpg HTTP/1.1" 200 56290 "http://www.wonder-geek.com/templates/Pixame_v1/stylesheet.css" "Mozilla/5.0 (Windows NT 10.0; Win64; x64) AppleWebKit/537.36 (KHTML, like Gecko) Chrome/94.0.4606.81 Safari/537.36"
91.150.34.141 - - [17/Oct/2021:11:52:28 +0200] "GET /templates/Pixame_v1/images/header.png HTTP/1.1" 200 70245 "http://www.wonder-geek.com/templates/Pixame_v1/stylesheet.css" "Mozilla/5.0 (Windows NT 10.0; Win64; x64) AppleWebKit/537.36 (KHTML, like Gecko) Chrome/94.0.4606.81 Safari/537.36"
91.150.34.141 - - [17/Oct/2021:11:52:28 +0200] "GET /templates/Pixame_v1/images/header-object.png HTTP/1.1" 200 106050 "http://www.wonder-geek.com/templates/Pixame_v1/stylesheet.css" "Mozilla/5.0 (Windows NT 10.0; Win64; x64) AppleWebKit/537.36 (KHTML, like Gecko) Chrome/94.0.4606.81 Safari/537.36"
91.150.34.141 - - [17/Oct/2021:11:52:28 +0200] "GET /images/big_prod/5018997632277.jpg HTTP/1.1" 200 115436 "http://www.wonder-geek.com/gorjuss-deluxe-journal-little-wings-p-50956.html" "Mozilla/5.0 (Windows NT 10.0; Win64; x64) AppleWebKit/537.36 (KHTML, like Gecko) Chrome/94.0.4606.81 Safari/537.36"
91.150.34.141 - - [17/Oct/2021:11:52:28 +0200] "GET /images/big_prod_1/c5018997632277.jpg HTTP/1.1" 200 83556 "http://www.wonder-geek.com/gorjuss-deluxe-journal-little-wings-p-50956.html" "Mozilla/5.0 (Windows NT 10.0; Win64; x64) AppleWebKit/537.36 (KHTML, like Gecko) Chrome/94.0.4606.81 Safari/537.36"
91.150.34.141 - - [17/Oct/2021:11:52:28 +0200] "GET /design/productsenstock.png HTTP/1.1" 200 4743 "http://www.wonder-geek.com/templates/Pixame_v1/stylesheet.css" "Mozilla/5.0 (Windows NT 10.0; Win64; x64) AppleWebKit/537.36 (KHTML, like Gecko) Chrome/94.0.4606.81 Safari/537.36"
91.150.34.141 - - [17/Oct/2021:11:52:28 +0200] "GET /images/big_prod_2/b5018997632277.jpg HTTP/1.1" 200 76468 "http://www.wonder-geek.com/gorjuss-deluxe-journal-little-wings-p-50956.html" "Mozilla/5.0 (Windows NT 10.0; Win64; x64) AppleWebKit/537.36 (KHTML, like Gecko) Chrome/94.0.4606.81 Safari/537.36"
91.150.34.141 - - [17/Oct/2021:11:52:28 +0200] "GET /templates/Pixame_v1/images/buttons/english/button_in_cart.gif HTTP/1.1" 200 1212 "http://www.wonder-geek.com/gorjuss-deluxe-journal-little-wings-p-50956.html" "Mozilla/5.0 (Windows NT 10.0; Win64; x64) AppleWebKit/537.36 (KHTML, like Gecko) Chrome/94.0.4606.81 Safari/537.36"
91.150.34.141 - - [17/Oct/2021:11:52:28 +0200] "GET /images/big_prod_3/a5018997632277.jpg HTTP/1.1" 200 90842 "http://www.wonder-geek.com/gorjuss-deluxe-journal-little-wings-p-50956.html" "Mozilla/5.0 (Windows NT 10.0; Win64; x64) AppleWebKit/537.36 (KHTML, like Gecko) Chrome/94.0.4606.81 Safari/537.36"
91.150.34.141 - - [17/Oct/2021:11:52:28 +0200] "GET /templates/Pixame_v1/images/Middle_texture.jpg HTTP/1.1" 200 249620 "http://www.wonder-geek.com/templates/Pixame_v1/stylesheet.css" "Mozilla/5.0 (Windows NT 10.0; Win64; x64) AppleWebKit/537.36 (KHTML, like Gecko) Chrome/94.0.4606.81 Safari/537.36"
91.150.34.141 - - [17/Oct/2021:11:52:29 +0200] "GET /highslide/graphics/outlines/drop-shadow.png HTTP/1.1" 200 2022 "http://www.wonder-geek.com/gorjuss-deluxe-journal-little-wings-p-50956.html" "Mozilla/5.0 (Windows NT 10.0; Win64; x64) AppleWebKit/537.36 (KHTML, like Gecko) Chrome/94.0.4606.81 Safari/537.36"
91.150.34.141 - - [17/Oct/2021:11:52:29 +0200] "GET /favicon.ico HTTP/1.1" 200 1591 "http://www.wonder-geek.com/gorjuss-deluxe-journal-little-wings-p-50956.html" "Mozilla/5.0 (Windows NT 10.0; Win64; x64) AppleWebKit/537.36 (KHTML, like Gecko) Chrome/94.0.4606.81 Safari/537.36"
66.249.64.83 - - [17/Oct/2021:11:52:51 +0200] "GET /images/mini_prod/8433933011881.jpg HTTP/1.1" 200 9921 "-" "Googlebot-Image/1.0"
185.191.171.23 - - [17/Oct/2021:11:52:58 +0200] "GET /robots.txt HTTP/1.1" 200 2438 "-" "Mozilla/5.0 (compatible; SemrushBot/7~bl; +http://www.semrush.com/bot.html)"
216.244.66.242 - - [17/Oct/2021:11:54:12 +0200] "GET /robots.txt HTTP/1.1" 200 2438 "-" "Mozilla/5.0 (compatible; DotBot/1.2; +https://opensiteexplorer.org/dotbot; help@moz.com)"
66.249.64.83 - - [17/Oct/2021:11:56:12 +0200] "GET /images/mini_prod/3503420051081.jpg HTTP/1.1" 200 6028 "-" "Googlebot-Image/1.0"
35.227.107.129 - - [17/Oct/2021:11:58:27 +0200] "GET /images/mini_prod/02032012DSCN9704.jpg HTTP/1.1" 200 4112 "https://google.com" "Mozilla/5.0 (X11; Linux x86_64) AppleWebKit/537.36 (KHTML, like Gecko) Chrome/54.0.2799.0 Safari/537.36"
35.227.107.129 - - [17/Oct/2021:11:58:33 +0200] "GET /images/mini_prod/03032012DSCN9707.jpg HTTP/1.1" 200 4698 "https://google.com" "Mozilla/5.0 (X11; Linux x86_64) AppleWebKit/537.36 (KHTML, like Gecko) Chrome/54.0.2799.0 Safari/537.36"
35.227.107.129 - - [17/Oct/2021:11:58:35 +0200] "GET /images/mini_prod/03032012DSCN9705.jpg HTTP/1.1" 200 4560 "https://google.com" "Mozilla/5.0 (X11; Linux x86_64) AppleWebKit/537.36 (KHTML, like Gecko) Chrome/54.0.2799.0 Safari/537.36"
207.46.13.152 - - [17/Oct/2021:11:58:41 +0200] "GET /images/3521320624051b.jpg HTTP/1.1" 200 22730 "-" "Mozilla/5.0 (compatible; bingbot/2.0; +http://www.bing.com/bingbot.htm)"
35.227.107.129 - - [17/Oct/2021:11:59:01 +0200] "GET /images/mini_prod/03032012DSCN9709.jpg HTTP/1.1" 200 4061 "https://google.com" "Mozilla/5.0 (X11; Linux x86_64) AppleWebKit/537.36 (KHTML, like Gecko) Chrome/54.0.2799.0 Safari/537.36"
66.249.64.83 - - [17/Oct/2021:12:02:46 +0200] "GET /images/mini_prod/8904245400231.jpg HTTP/1.1" 200 6509 "-" "Googlebot-Image/1.0"
40.77.167.77 - - [17/Oct/2021:12:04:10 +0200] "GET /images/big_prod_1/5051276219653.jpg HTTP/1.1" 200 58115 "-" "Mozilla/5.0 (compatible; bingbot/2.0; +http://www.bing.com/bingbot.htm)"
40.77.167.4 - - [17/Oct/2021:12:05:03 +0200] "GET /images/3764116323329.jpg HTTP/1.1" 200 80689 "-" "Mozilla/5.0 (compatible; bingbot/2.0; +http://www.bing.com/bingbot.htm)"
66.249.64.84 - - [17/Oct/2021:12:06:36 +0200] "GET /images/big_prod_1/8718657460635b.jpg HTTP/1.1" 200 74638 "-" "Googlebot-Image/1.0"
66.249.64.82 - - [17/Oct/2021:12:09:19 +0200] "GET /images/mini_prod/8424001806775.jpg HTTP/1.1" 200 3473 "-" "Googlebot-Image/1.0"
216.244.66.242 - - [17/Oct/2021:12:09:32 +0200] "GET /images/big_prod/3014627949014.jpg HTTP/1.1" 200 171564 "-" "Mozilla/5.0 (compatible; DotBot/1.2; +https://opensiteexplorer.org/dotbot; help@moz.com)"
216.244.66.242 - - [17/Oct/2021:12:09:47 +0200] "GET /images/big_prod/3014627982394.jpg HTTP/1.1" 200 185472 "-" "Mozilla/5.0 (compatible; DotBot/1.2; +https://opensiteexplorer.org/dotbot; help@moz.com)"
216.244.66.242 - - [17/Oct/2021:12:10:00 +0200] "GET /images/big_prod/3609810061903.jpg HTTP/1.1" 200 101432 "-" "Mozilla/5.0 (compatible; DotBot/1.2; +https://opensiteexplorer.org/dotbot; help@moz.com)"
216.244.66.242 - - [17/Oct/2021:12:10:13 +0200] "GET /images/big_prod/3609810063716.jpg HTTP/1.1" 200 64652 "-" "Mozilla/5.0 (compatible; DotBot/1.2; +https://opensiteexplorer.org/dotbot; help@moz.com)"
157.55.39.77 - - [17/Oct/2021:12:11:11 +0200] "GET /images/big_prod/SatyaArabianMusk.jpg HTTP/1.1" 200 67821 "-" "Mozilla/5.0 (compatible; bingbot/2.0; +http://www.bing.com/bingbot.htm)"
157.55.39.68 - - [17/Oct/2021:12:12:32 +0200] "GET /images/big_prod/1384010205006.jpg HTTP/1.1" 200 59316 "-" "Mozilla/5.0 (compatible; bingbot/2.0; +http://www.bing.com/bingbot.htm)"
66.249.64.83 - - [17/Oct/2021:12:15:57 +0200] "GET /images/mini_prod/3565750258998.jpg HTTP/1.1" 200 6349 "-" "Googlebot-Image/1.0"
66.249.64.82 - - [17/Oct/2021:12:15:59 +0200] "GET /images/big_prod_1/1328399138968B.jpg HTTP/1.1" 200 136368 "-" "Googlebot-Image/1.0"
40.77.167.5 - - [17/Oct/2021:12:17:44 +0200] "GET /images/big_prod_2/c028399250097.jpg HTTP/1.1" 200 60144 "-" "Mozilla/5.0 (compatible; bingbot/2.0; +http://www.bing.com/bingbot.htm)"
207.46.13.17 - - [17/Oct/2021:12:21:45 +0200] "GET /images/big_prod/3700276280638.jpg HTTP/1.1" 200 124341 "-" "Mozilla/5.0 (compatible; bingbot/2.0; +http://www.bing.com/bingbot.htm)"
66.249.64.84 - - [17/Oct/2021:12:22:14 +0200] "GET /images/mini_prod/3609810062283A.jpg HTTP/1.1" 200 7728 "-" "Googlebot-Image/1.0"
66.249.64.82 - - [17/Oct/2021:12:22:25 +0200] "GET /images/mini_prod/8422018289017.jpg HTTP/1.1" 200 3315 "-" "Googlebot-Image/1.0"
157.55.39.102 - - [17/Oct/2021:12:22:53 +0200] "GET /images/3388760924574.jpg HTTP/1.1" 200 34983 "-" "Mozilla/5.0 (compatible; bingbot/2.0; +http://www.bing.com/bingbot.htm)"
157.55.39.111 - - [17/Oct/2021:12:23:23 +0200] "GET /images/B8420406800554.jpg HTTP/1.1" 200 44951 "-" "Mozilla/5.0 (compatible; bingbot/2.0; +http://www.bing.com/bingbot.htm)"
207.46.13.17 - - [17/Oct/2021:12:27:15 +0200] "GET /images/3700235441193.jpg HTTP/1.1" 200 23758 "-" "Mozilla/5.0 (compatible; bingbot/2.0; +http://www.bing.com/bingbot.htm)"
66.249.64.82 - - [17/Oct/2021:12:28:59 +0200] "GET /images/mini_prod/8422017830128.jpg HTTP/1.1" 200 2945 "-" "Googlebot-Image/1.0"
66.249.64.82 - - [17/Oct/2021:12:31:37 +0200] "GET /images/big_prod_1/LADYWENDY.jpg HTTP/1.1" 200 203601 "-" "Googlebot-Image/1.0"
77.75.79.62 - - [17/Oct/2021:12:34:35 +0200] "GET /robots.txt HTTP/1.1" 200 2438 "-" "Mozilla/5.0 (compatible; SeznamBot/3.2; +http://napoveda.seznam.cz/en/seznambot-intro/)"
66.249.64.83 - - [17/Oct/2021:12:35:35 +0200] "GET /images/mini_prod/8718317572463.jpg HTTP/1.1" 200 6563 "-" "Googlebot-Image/1.0"
125.17.165.43 - - [17/Oct/2021:12:37:27 +0200] "GET /images/mini_prod/MISES-EN-SITUATION-04.jpg HTTP/1.1" 200 7628 "-" "Mozilla/5.0 (X11; Ubuntu; Linux x86_64; rv:72.0) Gecko/20100101 Firefox/72.0"
66.249.64.84 - - [17/Oct/2021:12:41:00 +0200] "GET /images/mini_prod/8422012911204.jpg HTTP/1.1" 200 5859 "-" "Googlebot-Image/1.0"
66.249.64.82 - - [17/Oct/2021:12:42:05 +0200] "GET /images/mini_prod/8424346527304.jpg HTTP/1.1" 200 4191 "-" "Googlebot-Image/1.0"
216.244.66.242 - - [17/Oct/2021:12:42:33 +0200] "GET /robots.txt HTTP/1.1" 200 2438 "-" "Mozilla/5.0 (compatible; DotBot/1.2; +https://opensiteexplorer.org/dotbot; help@moz.com)"
157.55.39.77 - - [17/Oct/2021:12:42:44 +0200] "GET /images/med_prod/3609810042148.jpg HTTP/1.1" 200 82920 "-" "Mozilla/5.0 (compatible; bingbot/2.0; +http://www.bing.com/bingbot.htm)"
66.249.64.84 - - [17/Oct/2021:12:44:10 +0200] "GET /images/big_prod_1/3700230606221a.jpg HTTP/1.1" 200 101206 "-" "Googlebot-Image/1.0"
66.249.64.83 - - [17/Oct/2021:12:47:15 +0200] "GET /images/big_prod_1/4260082936819a.jpg HTTP/1.1" 200 102837 "-" "Googlebot-Image/1.0"
157.55.39.111 - - [17/Oct/2021:12:48:06 +0200] "GET /images/4029811325320.jpg HTTP/1.1" 200 133588 "-" "Mozilla/5.0 (compatible; bingbot/2.0; +http://www.bing.com/bingbot.htm)"
66.249.64.82 - - [17/Oct/2021:12:48:38 +0200] "GET /images/mini_prod/3503420040016.jpg HTTP/1.1" 200 6330 "-" "Googlebot-Image/1.0"
66.249.64.83 - - [17/Oct/2021:12:50:22 +0200] "GET /images/mini_prod/3660173238807.jpg HTTP/1.1" 200 2807 "-" "Googlebot-Image/1.0"
40.77.167.5 - - [17/Oct/2021:12:51:27 +0200] "GET /images/big_prod/1399984285183N.jpg HTTP/1.1" 200 85793 "-" "Mozilla/5.0 (compatible; bingbot/2.0; +http://www.bing.com/bingbot.htm)"
23.100.232.233 - - [17/Oct/2021:12:52:20 +0200] "GET /highslide/highslide.js HTTP/1.1" 200 42909 "http://www.wonder-geek.com/coconut-fibers-doormat-albor-p-54565.html" "Mozilla/5.0 (compatible; MSIE 9.0; Windows NT 6.0; Trident/5.0;  Trident/5.0)"
23.100.232.233 - - [17/Oct/2021:12:52:20 +0200] "GET /templates/Pixame_v1/stylesheet.css HTTP/1.1" 200 56057 "http://www.wonder-geek.com/coconut-fibers-doormat-albor-p-54565.html" "Mozilla/5.0 (compatible; MSIE 9.0; Windows NT 6.0; Trident/5.0;  Trident/5.0)"
23.100.232.233 - - [17/Oct/2021:12:52:21 +0200] "GET /js/jquery.jqzoom.js HTTP/1.1" 200 4761 "http://www.wonder-geek.com/coconut-fibers-doormat-albor-p-54565.html" "Mozilla/5.0 (compatible; MSIE 9.0; Windows NT 6.0; Trident/5.0;  Trident/5.0)"
23.100.232.233 - - [17/Oct/2021:12:52:21 +0200] "GET /js/jquery.js HTTP/1.1" 200 54075 "http://www.wonder-geek.com/coconut-fibers-doormat-albor-p-54565.html" "Mozilla/5.0 (compatible; MSIE 9.0; Windows NT 6.0; Trident/5.0;  Trident/5.0)"
23.100.232.233 - - [17/Oct/2021:12:52:21 +0200] "GET /mondial_relay/js/jquery-1.3.2.min.js HTTP/1.1" 200 57254 "http://www.wonder-geek.com/coconut-fibers-doormat-albor-p-54565.html" "Mozilla/5.0 (compatible; MSIE 9.0; Windows NT 6.0; Trident/5.0;  Trident/5.0)"
23.100.232.233 - - [17/Oct/2021:12:52:22 +0200] "GET /templates/Pixame_v1/images/flash.swf HTTP/1.1" 200 2868 "http://www.wonder-geek.com/coconut-fibers-doormat-albor-p-54565.html" "Mozilla/5.0 (compatible; MSIE 9.0; Windows NT 6.0; Trident/5.0;  Trident/5.0)"
17.121.112.14 - - [17/Oct/2021:12:52:34 +0200] "GET /images/big_prod/3014627829842.jpg HTTP/1.1" 200 70670 "-" "Mozilla/5.0 (Macintosh; Intel Mac OS X 10_15_5) AppleWebKit/605.1.15 (KHTML, like Gecko) Version/13.1.1 Safari/605.1.15 (Applebot/0.1; +http://www.apple.com/go/applebot)"
185.191.171.25 - - [17/Oct/2021:12:53:25 +0200] "GET /robots.txt HTTP/1.1" 200 2438 "-" "Mozilla/5.0 (compatible; SemrushBot/7~bl; +http://www.semrush.com/bot.html)"
87.250.224.17 - - [17/Oct/2021:12:53:36 +0200] "GET /images/big_prod/LOTUS.jpg HTTP/1.1" 200 53089 "-" "Mozilla/5.0 (compatible; YandexImages/3.0; +http://yandex.com/bots)"
185.154.157.136 - - [17/Oct/2021:12:54:09 +0200] "GET /images/mini_prod/3612875115658.jpg HTTP/1.1" 200 5998 "https://google.com" "Mozilla/5.0 (X11; Linux x86_64; SAMSUNG-SM-G900A RoboForm-A/4.2.1) AppleWebKit/537.36 (KHTML, like Gecko) Chrome/39.0.2171.93 Safari/537.36"
185.154.157.136 - - [17/Oct/2021:12:54:28 +0200] "GET /images/mini_prod/3612875121895.jpg HTTP/1.1" 200 5630 "https://google.com" "Mozilla/5.0 (X11; Linux x86_64; SAMSUNG-SM-G900A RoboForm-A/4.2.1) AppleWebKit/537.36 (KHTML, like Gecko) Chrome/39.0.2171.93 Safari/537.36"
185.154.157.136 - - [17/Oct/2021:12:54:53 +0200] "GET /images/mini_prod/3612872109995.jpg HTTP/1.1" 200 4477 "https://google.com" "Mozilla/5.0 (X11; Linux x86_64; SAMSUNG-SM-G900A RoboForm-A/4.2.1) AppleWebKit/537.36 (KHTML, like Gecko) Chrome/39.0.2171.93 Safari/537.36"
66.249.64.82 - - [17/Oct/2021:12:55:12 +0200] "GET /images/mini_prod/8422016847530.jpg HTTP/1.1" 200 3062 "-" "Googlebot-Image/1.0"
157.55.39.68 - - [17/Oct/2021:12:55:46 +0200] "GET /images/1399984264867.jpg HTTP/1.1" 200 118003 "-" "Mozilla/5.0 (compatible; bingbot/2.0; +http://www.bing.com/bingbot.htm)"
66.249.64.82 - - [17/Oct/2021:12:56:38 +0200] "GET /images/big_prod_1/b6943252681815.jpg HTTP/1.1" 200 84120 "-" "Googlebot-Image/1.0"
211.91.147.2 - - [17/Oct/2021:12:56:49 +0200] "GET /images/mini_prod/3503420107825.jpg HTTP/1.1" 200 7188 "-" "Mozilla/5.0 (X11; Ubuntu; Linux x86_64; rv:72.0) Gecko/20100101 Firefox/72.0"
40.77.167.77 - - [17/Oct/2021:12:58:05 +0200] "GET /images/8028501260640.jpg HTTP/1.1" 200 77779 "-" "Mozilla/5.0 (compatible; bingbot/2.0; +http://www.bing.com/bingbot.htm)"
216.244.66.242 - - [17/Oct/2021:12:58:29 +0200] "GET /images/big_prod/1384000001557.jpg HTTP/1.1" 200 235088 "-" "Mozilla/5.0 (compatible; DotBot/1.2; +https://opensiteexplorer.org/dotbot; help@moz.com)"
216.244.66.242 - - [17/Oct/2021:12:58:43 +0200] "GET /images/big_prod/1384010184493.jpg HTTP/1.1" 200 92686 "-" "Mozilla/5.0 (compatible; DotBot/1.2; +https://opensiteexplorer.org/dotbot; help@moz.com)"
216.244.66.242 - - [17/Oct/2021:12:58:58 +0200] "GET /images/big_prod/1399986100262.jpg HTTP/1.1" 200 140361 "-" "Mozilla/5.0 (compatible; DotBot/1.2; +https://opensiteexplorer.org/dotbot; help@moz.com)"
216.244.66.242 - - [17/Oct/2021:12:59:09 +0200] "GET /images/big_prod/3418176178275.jpg HTTP/1.1" 200 35097 "-" "Mozilla/5.0 (compatible; DotBot/1.2; +https://opensiteexplorer.org/dotbot; help@moz.com)"
216.244.66.242 - - [17/Oct/2021:12:59:18 +0200] "GET /images/big_prod/3453131138802.jpg HTTP/1.1" 200 105676 "-" "Mozilla/5.0 (compatible; DotBot/1.2; +https://opensiteexplorer.org/dotbot; help@moz.com)"
216.244.66.242 - - [17/Oct/2021:12:59:28 +0200] "GET /images/big_prod/3665269014334.jpg HTTP/1.1" 200 62338 "-" "Mozilla/5.0 (compatible; DotBot/1.2; +https://opensiteexplorer.org/dotbot; help@moz.com)"
216.244.66.242 - - [17/Oct/2021:12:59:35 +0200] "GET /images/big_prod/5415203503664.jpg HTTP/1.1" 200 44275 "-" "Mozilla/5.0 (compatible; DotBot/1.2; +https://opensiteexplorer.org/dotbot; help@moz.com)"
157.55.39.68 - - [17/Oct/2021:12:59:35 +0200] "GET /images/big_prod_1/3660173233659a.jpg HTTP/1.1" 200 71864 "-" "Mozilla/5.0 (compatible; bingbot/2.0; +http://www.bing.com/bingbot.htm)"
216.244.66.242 - - [17/Oct/2021:12:59:42 +0200] "GET /images/big_prod/8422099381440.jpg HTTP/1.1" 200 65895 "-" "Mozilla/5.0 (compatible; DotBot/1.2; +https://opensiteexplorer.org/dotbot; help@moz.com)"
216.244.66.242 - - [17/Oct/2021:12:59:48 +0200] "GET /images/big_prod/8433933111703.jpg HTTP/1.1" 200 104124 "-" "Mozilla/5.0 (compatible; DotBot/1.2; +https://opensiteexplorer.org/dotbot; help@moz.com)"
216.244.66.242 - - [17/Oct/2021:12:59:55 +0200] "GET /images/big_prod/8433933122891.jpg HTTP/1.1" 200 146591 "-" "Mozilla/5.0 (compatible; DotBot/1.2; +https://opensiteexplorer.org/dotbot; help@moz.com)"
216.244.66.242 - - [17/Oct/2021:13:00:03 +0200] "GET /images/big_prod/b045544960052.jpg HTTP/1.1" 200 103034 "-" "Mozilla/5.0 (compatible; DotBot/1.2; +https://opensiteexplorer.org/dotbot; help@moz.com)"
123.116.114.125 - - [17/Oct/2021:13:00:06 +0200] "GET /images/mini_prod/5036278060298.jpg HTTP/1.1" 200 8384 "-" "Mozilla/5.0 (X11; Ubuntu; Linux x86_64; rv:72.0) Gecko/20100101 Firefox/72.0"
74.125.208.116 - - [17/Oct/2021:13:00:06 +0200] "GET /images/big_prod_2/028399219049.jpg HTTP/1.1" 200 49156 "-" "Mozilla/5.0 (Windows NT 5.1; rv:11.0) Gecko Firefox/11.0 (via ggpht.com GoogleImageProxy)"
66.249.64.82 - - [17/Oct/2021:13:01:45 +0200] "GET /images/mini_prod/3503420072758.jpg HTTP/1.1" 200 5793 "-" "Googlebot-Image/1.0"
40.77.167.4 - - [17/Oct/2021:13:02:48 +0200] "GET /images/big_prod/191693065992.jpg HTTP/1.1" 200 82720 "-" "Mozilla/5.0 (compatible; bingbot/2.0; +http://www.bing.com/bingbot.htm)"
66.249.64.83 - - [17/Oct/2021:13:02:53 +0200] "GET /images/mini_prod/8424345482697.jpg HTTP/1.1" 200 3801 "-" "Googlebot-Image/1.0"
95.163.255.141 - - [17/Oct/2021:13:03:30 +0200] "GET /robots.txt HTTP/1.0" 200 2438 "-" "Mozilla/5.0 (compatible; Linux x86_64; Mail.RU_Bot/Img/2.0; +http://go.mail.ru/help/robots)"
95.163.255.138 - - [17/Oct/2021:13:03:47 +0200] "GET /images/3684225058250.jpg HTTP/1.1" 200 32556 "http://wonder-geek.com/images/3684225058250.jpg" "Mozilla/5.0 (compatible; Linux x86_64; Mail.RU_Bot/Img/2.0; +http://go.mail.ru/help/robots)"
95.163.255.131 - - [17/Oct/2021:13:03:51 +0200] "GET /images/med_prod/1345544829441.jpg HTTP/1.1" 200 62666 "http://wonder-geek.com/images/med_prod/1345544829441.jpg" "Mozilla/5.0 (compatible; Linux x86_64; Mail.RU_Bot/Img/2.0; +http://go.mail.ru/help/robots)"
207.46.13.129 - - [17/Oct/2021:13:04:18 +0200] "GET /images/mini_prod/8422010059816.jpg HTTP/1.1" 200 9616 "-" "Mozilla/5.0 (compatible; bingbot/2.0; +http://www.bing.com/bingbot.htm)"
157.55.39.68 - - [17/Oct/2021:13:06:17 +0200] "GET /images/1399984252727.jpg HTTP/1.1" 200 77444 "-" "Mozilla/5.0 (compatible; bingbot/2.0; +http://www.bing.com/bingbot.htm)"
207.46.13.81 - - [17/Oct/2021:13:06:48 +0200] "GET /images/4891813201144B.jpg HTTP/1.1" 200 35482 "-" "Mozilla/5.0 (compatible; bingbot/2.0; +http://www.bing.com/bingbot.htm)"
66.249.64.82 - - [17/Oct/2021:13:08:18 +0200] "GET /images/big_prod/8424345302346.jpg HTTP/1.1" 200 248483 "-" "Googlebot-Image/1.0"
213.180.203.74 - - [17/Oct/2021:13:09:56 +0200] "GET /images/1300010237038.jpg HTTP/1.1" 200 41009 "-" "Mozilla/5.0 (compatible; YandexImages/3.0; +http://yandex.com/bots)"
211.91.147.2 - - [17/Oct/2021:13:10:11 +0200] "GET /images/mini_prod/1399984264287.jpg HTTP/1.1" 200 6918 "-" "Mozilla/5.0 (X11; Ubuntu; Linux x86_64; rv:72.0) Gecko/20100101 Firefox/72.0"
207.46.13.152 - - [17/Oct/2021:13:12:39 +0200] "GET /images/5055071670404R.jpg HTTP/1.1" 200 55306 "-" "Mozilla/5.0 (compatible; bingbot/2.0; +http://www.bing.com/bingbot.htm)"
17.121.112.154 - - [17/Oct/2021:13:14:10 +0200] "GET /images/mini_prod/3503420202131.jpg HTTP/1.1" 200 6815 "-" "Mozilla/5.0 (Macintosh; Intel Mac OS X 10_15_5) AppleWebKit/605.1.15 (KHTML, like Gecko) Version/13.1.1 Safari/605.1.15 (Applebot/0.1; +http://www.apple.com/go/applebot)"
66.249.64.84 - - [17/Oct/2021:13:14:51 +0200] "GET /images/big_prod_2/3453131157186b.jpg HTTP/1.1" 200 75317 "-" "Googlebot-Image/1.0"
66.249.64.83 - - [17/Oct/2021:13:15:23 +0200] "GET /images/mini_prod/8718291503163.jpg HTTP/1.1" 200 10741 "-" "Googlebot-Image/1.0"
207.46.13.152 - - [17/Oct/2021:13:15:59 +0200] "GET /images/big_prod/1304038301221.jpg HTTP/1.1" 200 64991 "-" "Mozilla/5.0 (compatible; bingbot/2.0; +http://www.bing.com/bingbot.htm)"
157.55.39.68 - - [17/Oct/2021:13:17:28 +0200] "GET /images/big_prod/8435333853245.jpg HTTP/1.1" 200 107507 "-" "Mozilla/5.0 (compatible; bingbot/2.0; +http://www.bing.com/bingbot.htm)"
66.249.64.83 - - [17/Oct/2021:13:18:31 +0200] "GET /images/big_prod/8718375755556a.jpg HTTP/1.1" 200 247840 "-" "Googlebot-Image/1.0"
87.250.224.59 - - [17/Oct/2021:13:19:18 +0200] "GET /images/big_prod/TEO626FLOR.jpg HTTP/1.1" 200 142858 "-" "Mozilla/5.0 (compatible; YandexImages/3.0; +http://yandex.com/bots)"
77.75.77.36 - - [17/Oct/2021:13:20:36 +0200] "GET /robots.txt HTTP/1.1" 200 2438 "-" "Mozilla/5.0 (compatible; SeznamBot/3.2; +http://napoveda.seznam.cz/en/seznambot-intro/)"
66.249.64.83 - - [17/Oct/2021:13:21:25 +0200] "GET /images/10359.jpg HTTP/1.1" 200 17419 "-" "Googlebot-Image/1.0"
40.77.167.4 - - [17/Oct/2021:13:22:19 +0200] "GET /images/4012390324303.jpg HTTP/1.1" 200 27411 "-" "Mozilla/5.0 (compatible; bingbot/2.0; +http://www.bing.com/bingbot.htm)"
104.167.223.227 - - [17/Oct/2021:13:23:08 +0200] "GET /images/big_prod/8904245400088.jpg HTTP/1.1" 200 82706 "-" "-"
66.249.64.84 - - [17/Oct/2021:13:24:46 +0200] "GET /images/big_prod/5051276344454.jpg HTTP/1.1" 200 86594 "-" "Googlebot-Image/1.0"
207.46.13.17 - - [17/Oct/2021:13:24:51 +0200] "GET /images/3048700086396.jpg HTTP/1.1" 200 172925 "-" "Mozilla/5.0 (compatible; bingbot/2.0; +http://www.bing.com/bingbot.htm)"
17.121.114.180 - - [17/Oct/2021:13:25:50 +0200] "GET /images/big_prod/1384010190005.jpg HTTP/1.1" 200 86703 "-" "Mozilla/5.0 (Macintosh; Intel Mac OS X 10_15_5) AppleWebKit/605.1.15 (KHTML, like Gecko) Version/13.1.1 Safari/605.1.15 (Applebot/0.1; +http://www.apple.com/go/applebot)"
66.249.64.83 - - [17/Oct/2021:13:27:54 +0200] "GET /images/mini_prod/8424001613007.jpg HTTP/1.1" 200 6089 "-" "Googlebot-Image/1.0"
66.249.64.82 - - [17/Oct/2021:13:27:58 +0200] "GET /images/big_prod_1/3520071653105B.jpg HTTP/1.1" 200 260076 "-" "Googlebot-Image/1.0"
157.55.39.68 - - [17/Oct/2021:13:28:29 +0200] "GET /images/045544513678.jpg HTTP/1.1" 200 31027 "-" "Mozilla/5.0 (compatible; bingbot/2.0; +http://www.bing.com/bingbot.htm)"
211.91.147.2 - - [17/Oct/2021:13:30:05 +0200] "GET /images/mini_prod/3438100326046.jpg HTTP/1.1" 200 5744 "-" "Mozilla/5.0 (X11; Ubuntu; Linux x86_64; rv:72.0) Gecko/20100101 Firefox/72.0"
207.46.13.17 - - [17/Oct/2021:13:31:42 +0200] "GET /images/big_prod_1/6970204135645B.jpg HTTP/1.1" 200 205048 "-" "Mozilla/5.0 (compatible; bingbot/2.0; +http://www.bing.com/bingbot.htm)"
216.244.66.242 - - [17/Oct/2021:13:31:56 +0200] "GET /robots.txt HTTP/1.1" 200 2438 "-" "Mozilla/5.0 (compatible; DotBot/1.2; +https://opensiteexplorer.org/dotbot; help@moz.com)"
17.121.115.235 - - [17/Oct/2021:13:32:06 +0200] "GET /images/big_prod/8420327418289.jpg HTTP/1.1" 200 263780 "-" "Mozilla/5.0 (Macintosh; Intel Mac OS X 10_15_5) AppleWebKit/605.1.15 (KHTML, like Gecko) Version/13.1.1 Safari/605.1.15 (Applebot/0.1; +http://www.apple.com/go/applebot)"
87.250.224.17 - - [17/Oct/2021:13:33:48 +0200] "GET /robots.txt HTTP/1.1" 200 2438 "-" "Mozilla/5.0 (compatible; YandexBot/3.0; +http://yandex.com/bots)"
87.250.224.17 - - [17/Oct/2021:13:33:51 +0200] "GET /images/big_prod/3574642577550.jpg HTTP/1.1" 200 30668 "-" "Mozilla/5.0 (compatible; YandexImages/3.0; +http://yandex.com/bots)"
66.249.64.83 - - [17/Oct/2021:13:34:31 +0200] "GET /images/big_prod_2/8424001832682C.jpg HTTP/1.1" 200 483569 "-" "Googlebot-Image/1.0"
20.62.224.44 - - [17/Oct/2021:13:35:17 +0200] "GET /images/1345544394314.jpg HTTP/1.1" 200 75836 "-" "DuckDuckBot/1.1; (+http://duckduckgo.com/duckduckbot.html)"
20.62.224.44 - - [17/Oct/2021:13:35:32 +0200] "GET /images/4007176128428.jpg HTTP/1.1" 200 21341 "-" "DuckDuckBot/1.1; (+http://duckduckgo.com/duckduckbot.html)"
157.55.39.77 - - [17/Oct/2021:13:40:10 +0200] "GET /images/big_prod_1/3609810063181b.jpg HTTP/1.1" 200 214716 "-" "Mozilla/5.0 (compatible; bingbot/2.0; +http://www.bing.com/bingbot.htm)"
157.55.39.102 - - [17/Oct/2021:13:42:11 +0200] "GET /images/img25630.jpg HTTP/1.1" 200 24094 "-" "Mozilla/5.0 (compatible; bingbot/2.0; +http://www.bing.com/bingbot.htm)"
40.77.167.4 - - [17/Oct/2021:13:42:22 +0200] "GET /images/3609810010697.jpg HTTP/1.1" 200 56848 "-" "Mozilla/5.0 (compatible; bingbot/2.0; +http://www.bing.com/bingbot.htm)"
66.249.64.84 - - [17/Oct/2021:13:42:38 +0200] "GET /images/mini_prod/3565750355093.jpg HTTP/1.1" 200 9327 "-" "Googlebot-Image/1.0"
157.55.39.77 - - [17/Oct/2021:13:43:40 +0200] "GET /images/big_prod/3609810076143.jpg HTTP/1.1" 200 68406 "-" "Mozilla/5.0 (compatible; bingbot/2.0; +http://www.bing.com/bingbot.htm)"
207.46.13.17 - - [17/Oct/2021:13:45:43 +0200] "GET /images/big_prod_1/b5018997612996.jpg HTTP/1.1" 200 138629 "-" "Mozilla/5.0 (compatible; bingbot/2.0; +http://www.bing.com/bingbot.htm)"
40.77.167.77 - - [17/Oct/2021:13:46:09 +0200] "GET /images/big_prod/5404006040780.jpg HTTP/1.1" 200 32819 "-" "Mozilla/5.0 (compatible; bingbot/2.0; +http://www.bing.com/bingbot.htm)"
157.55.39.68 - - [17/Oct/2021:13:46:40 +0200] "GET /images/4012390331516.jpg HTTP/1.1" 200 39834 "-" "Mozilla/5.0 (compatible; bingbot/2.0; +http://www.bing.com/bingbot.htm)"
207.46.13.152 - - [17/Oct/2021:13:47:32 +0200] "GET /images/big_prod/3560600293693.jpg HTTP/1.1" 200 103053 "-" "Mozilla/5.0 (compatible; bingbot/2.0; +http://www.bing.com/bingbot.htm)"
157.55.39.111 - - [17/Oct/2021:13:48:02 +0200] "GET /images/big_prod/4029811369379B.jpg HTTP/1.1" 200 59042 "-" "Mozilla/5.0 (compatible; bingbot/2.0; +http://www.bing.com/bingbot.htm)"
185.191.171.44 - - [17/Oct/2021:13:50:38 +0200] "GET /robots.txt HTTP/1.1" 200 2438 "-" "Mozilla/5.0 (compatible; SemrushBot/7~bl; +http://www.semrush.com/bot.html)"
66.249.64.82 - - [17/Oct/2021:13:50:52 +0200] "GET /images/big_prod_1/8422018278004B.jpg HTTP/1.1" 200 345319 "-" "Googlebot-Image/1.0"
66.249.64.84 - - [17/Oct/2021:13:51:36 +0200] "GET /images/med_prod/4891813832744.jpg HTTP/1.1" 200 118996 "-" "Googlebot-Image/1.0"
157.55.39.102 - - [17/Oct/2021:13:55:02 +0200] "GET /images/5013138634622.jpg HTTP/1.1" 200 39843 "-" "Mozilla/5.0 (compatible; bingbot/2.0; +http://www.bing.com/bingbot.htm)"
216.244.66.242 - - [17/Oct/2021:13:55:34 +0200] "GET /images/med_prod/1399984221600NN.jpg HTTP/1.1" 200 102034 "-" "Mozilla/5.0 (compatible; DotBot/1.2; +https://opensiteexplorer.org/dotbot; help@moz.com)"
40.77.167.5 - - [17/Oct/2021:13:55:43 +0200] "GET /images/big_prod/8435333824429.jpg HTTP/1.1" 200 104712 "-" "Mozilla/5.0 (compatible; bingbot/2.0; +http://www.bing.com/bingbot.htm)"
40.77.167.77 - - [17/Oct/2021:13:55:51 +0200] "GET /images/big_prod/1384010204641.jpg HTTP/1.1" 200 124578 "-" "Mozilla/5.0 (compatible; bingbot/2.0; +http://www.bing.com/bingbot.htm)"
157.55.39.77 - - [17/Oct/2021:13:57:41 +0200] "GET /images/big_prod/8422001017627.jpg HTTP/1.1" 200 67571 "-" "Mozilla/5.0 (compatible; bingbot/2.0; +http://www.bing.com/bingbot.htm)"
207.46.13.81 - - [17/Oct/2021:13:57:53 +0200] "GET /images/7316191713234.jpg HTTP/1.1" 200 150227 "-" "Mozilla/5.0 (compatible; bingbot/2.0; +http://www.bing.com/bingbot.htm)"
130.61.174.150 - - [17/Oct/2021:13:57:56 +0200] "GET /images/mini_prod/3609810076075.jpg HTTP/1.1" 200 5840 "https://google.com" "Mozilla/5.0 (X11; Linux x86_64) AppleWebKit/537.36 (KHTML, like Gecko) Chrome/44.0.2358.0 Safari/537.36"
130.61.174.150 - - [17/Oct/2021:13:58:01 +0200] "GET /images/mini_prod/8020912049265.jpg HTTP/1.1" 200 8098 "https://google.com" "Mozilla/5.0 (X11; Linux x86_64) AppleWebKit/537.36 (KHTML, like Gecko) Chrome/44.0.2358.0 Safari/537.36"
130.61.174.150 - - [17/Oct/2021:13:58:04 +0200] "GET /images/mini_prod/3609810083196.jpg HTTP/1.1" 200 5227 "https://google.com" "Mozilla/5.0 (X11; Linux x86_64) AppleWebKit/537.36 (KHTML, like Gecko) Chrome/44.0.2358.0 Safari/537.36"
130.61.174.150 - - [17/Oct/2021:13:58:05 +0200] "GET /images/mini_prod/3700057118716.jpg HTTP/1.1" 200 8678 "https://google.com" "Mozilla/5.0 (X11; Linux x86_64) AppleWebKit/537.36 (KHTML, like Gecko) Chrome/44.0.2358.0 Safari/537.36"
130.61.174.150 - - [17/Oct/2021:13:58:17 +0200] "GET /images/mini_prod/8020912049258.jpg HTTP/1.1" 200 8301 "https://google.com" "Mozilla/5.0 (X11; Linux x86_64) AppleWebKit/537.36 (KHTML, like Gecko) Chrome/44.0.2358.0 Safari/537.36"
130.61.174.150 - - [17/Oct/2021:13:58:20 +0200] "GET /images/mini_prod/3609810076020.jpg HTTP/1.1" 200 6452 "https://google.com" "Mozilla/5.0 (X11; Linux x86_64) AppleWebKit/537.36 (KHTML, like Gecko) Chrome/44.0.2358.0 Safari/537.36"
130.61.174.150 - - [17/Oct/2021:13:58:25 +0200] "GET /images/mini_prod/3609810076044.jpg HTTP/1.1" 200 5321 "https://google.com" "Mozilla/5.0 (X11; Linux x86_64) AppleWebKit/537.36 (KHTML, like Gecko) Chrome/44.0.2358.0 Safari/537.36"
130.61.174.150 - - [17/Oct/2021:13:58:27 +0200] "GET /images/mini_prod/3609810083165.jpg HTTP/1.1" 200 6232 "https://google.com" "Mozilla/5.0 (X11; Linux x86_64) AppleWebKit/537.36 (KHTML, like Gecko) Chrome/44.0.2358.0 Safari/537.36"
130.61.174.150 - - [17/Oct/2021:13:58:40 +0200] "GET /images/mini_prod/3609810014534.jpg HTTP/1.1" 200 6777 "https://google.com" "Mozilla/5.0 (X11; Linux x86_64) AppleWebKit/537.36 (KHTML, like Gecko) Chrome/44.0.2358.0 Safari/537.36"
130.61.174.150 - - [17/Oct/2021:13:58:43 +0200] "GET /images/mini_prod/3609810076006b.jpg HTTP/1.1" 200 5783 "https://google.com" "Mozilla/5.0 (X11; Linux x86_64) AppleWebKit/537.36 (KHTML, like Gecko) Chrome/44.0.2358.0 Safari/537.36"
66.249.64.82 - - [17/Oct/2021:13:58:52 +0200] "GET /images/big_prod_2/8422018273214C.jpg HTTP/1.1" 200 187314 "-" "Googlebot-Image/1.0"
66.249.64.82 - - [17/Oct/2021:13:59:13 +0200] "GET /images/big_prod/klimt2.jpg HTTP/1.1" 200 102386 "-" "Googlebot-Image/1.0"
66.249.64.83 - - [17/Oct/2021:14:02:21 +0200] "GET /images/big_prod/8718375750865.jpg HTTP/1.1" 200 59422 "-" "Googlebot-Image/1.0"
40.77.167.5 - - [17/Oct/2021:14:04:24 +0200] "GET /images/DSCN7550.jpg HTTP/1.1" 200 25835 "-" "Mozilla/5.0 (compatible; bingbot/2.0; +http://www.bing.com/bingbot.htm)"
66.249.64.82 - - [17/Oct/2021:14:06:59 +0200] "GET /images/big_prod_2/1328399219384b.jpg HTTP/1.1" 200 42869 "-" "Googlebot-Image/1.0"
66.249.64.82 - - [17/Oct/2021:14:08:37 +0200] "GET /images/big_prod/3700344871751.jpg HTTP/1.1" 200 64173 "-" "Googlebot-Image/1.0"
185.153.151.178 - - [17/Oct/2021:14:09:32 +0200] "GET /js/jquery.jqzoom.js HTTP/1.1" 200 4761 "http://www.wonder-geek.com/shopping_cart.php" "Mozilla/5.0 (Windows NT 10.0; Win64; x64; rv:93.0) Gecko/20100101 Firefox/93.0"
185.153.151.178 - - [17/Oct/2021:14:09:32 +0200] "GET /js/jquery.js HTTP/1.1" 200 54075 "http://www.wonder-geek.com/shopping_cart.php" "Mozilla/5.0 (Windows NT 10.0; Win64; x64; rv:93.0) Gecko/20100101 Firefox/93.0"
185.153.151.178 - - [17/Oct/2021:14:09:32 +0200] "GET /templates/Pixame_v1/stylesheet.css HTTP/1.1" 200 56057 "http://www.wonder-geek.com/shopping_cart.php" "Mozilla/5.0 (Windows NT 10.0; Win64; x64; rv:93.0) Gecko/20100101 Firefox/93.0"
185.153.151.178 - - [17/Oct/2021:14:09:32 +0200] "GET /highslide/highslide.js HTTP/1.1" 200 42909 "http://www.wonder-geek.com/shopping_cart.php" "Mozilla/5.0 (Windows NT 10.0; Win64; x64; rv:93.0) Gecko/20100101 Firefox/93.0"
185.153.151.178 - - [17/Oct/2021:14:09:32 +0200] "GET /mondial_relay/js/jquery-1.3.2.min.js HTTP/1.1" 200 57254 "http://www.wonder-geek.com/shopping_cart.php" "Mozilla/5.0 (Windows NT 10.0; Win64; x64; rv:93.0) Gecko/20100101 Firefox/93.0"
185.153.151.178 - - [17/Oct/2021:14:09:32 +0200] "GET /templates/Pixame_v1/images/icon_accueil2.png HTTP/1.1" 200 1137 "http://www.wonder-geek.com/shopping_cart.php" "Mozilla/5.0 (Windows NT 10.0; Win64; x64; rv:93.0) Gecko/20100101 Firefox/93.0"
185.153.151.178 - - [17/Oct/2021:14:09:32 +0200] "GET /templates/Pixame_v1/images/nav.png HTTP/1.1" 200 1283 "http://www.wonder-geek.com/templates/Pixame_v1/stylesheet.css" "Mozilla/5.0 (Windows NT 10.0; Win64; x64; rv:93.0) Gecko/20100101 Firefox/93.0"
185.153.151.178 - - [17/Oct/2021:14:09:32 +0200] "GET /templates/Pixame_v1/images/flash.swf HTTP/1.1" 200 2868 "http://www.wonder-geek.com/shopping_cart.php" "Mozilla/5.0 (Windows NT 10.0; Win64; x64; rv:93.0) Gecko/20100101 Firefox/93.0"
185.153.151.178 - - [17/Oct/2021:14:09:32 +0200] "GET /templates/Pixame_v1/images/Bottom_texture.jpg HTTP/1.1" 200 56290 "http://www.wonder-geek.com/templates/Pixame_v1/stylesheet.css" "Mozilla/5.0 (Windows NT 10.0; Win64; x64; rv:93.0) Gecko/20100101 Firefox/93.0"
185.153.151.178 - - [17/Oct/2021:14:09:32 +0200] "GET /templates/Pixame_v1/images/header.png HTTP/1.1" 200 70245 "http://www.wonder-geek.com/templates/Pixame_v1/stylesheet.css" "Mozilla/5.0 (Windows NT 10.0; Win64; x64; rv:93.0) Gecko/20100101 Firefox/93.0"
185.153.151.178 - - [17/Oct/2021:14:09:32 +0200] "GET /templates/Pixame_v1/images/header-object.png HTTP/1.1" 200 106050 "http://www.wonder-geek.com/templates/Pixame_v1/stylesheet.css" "Mozilla/5.0 (Windows NT 10.0; Win64; x64; rv:93.0) Gecko/20100101 Firefox/93.0"
185.153.151.178 - - [17/Oct/2021:14:09:32 +0200] "GET /templates/Pixame_v1/images/Middle_texture.jpg HTTP/1.1" 200 249620 "http://www.wonder-geek.com/templates/Pixame_v1/stylesheet.css" "Mozilla/5.0 (Windows NT 10.0; Win64; x64; rv:93.0) Gecko/20100101 Firefox/93.0"
185.153.151.178 - - [17/Oct/2021:14:09:32 +0200] "GET /favicon.ico HTTP/1.1" 200 1591 "http://www.wonder-geek.com/shopping_cart.php" "Mozilla/5.0 (Windows NT 10.0; Win64; x64; rv:93.0) Gecko/20100101 Firefox/93.0"
185.153.151.178 - - [17/Oct/2021:14:09:34 +0200] "GET /highslide/graphics/outlines/drop-shadow.png HTTP/1.1" 200 2022 "http://www.wonder-geek.com/shopping_cart.php" "Mozilla/5.0 (Windows NT 10.0; Win64; x64; rv:93.0) Gecko/20100101 Firefox/93.0"
74.125.208.116 - - [17/Oct/2021:14:09:37 +0200] "GET /images/big_prod/3700572755359B.jpg HTTP/1.1" 200 471689 "-" "Mozilla/5.0 (Windows NT 5.1; rv:11.0) Gecko Firefox/11.0 (via ggpht.com GoogleImageProxy)"
185.153.151.178 - - [17/Oct/2021:14:09:39 +0200] "GET /templates/Pixame_v1/images/buttons/english/button_in_cart.gif HTTP/1.1" 200 1212 "http://www.wonder-geek.com/jane-crowther-black-p-53852.html" "Mozilla/5.0 (Windows NT 10.0; Win64; x64; rv:93.0) Gecko/20100101 Firefox/93.0"
185.153.151.178 - - [17/Oct/2021:14:09:39 +0200] "GET /design/productsenstock.png HTTP/1.1" 200 4743 "http://www.wonder-geek.com/templates/Pixame_v1/stylesheet.css" "Mozilla/5.0 (Windows NT 10.0; Win64; x64; rv:93.0) Gecko/20100101 Firefox/93.0"
185.153.151.178 - - [17/Oct/2021:14:09:39 +0200] "GET /images/big_prod_1/3700572755366C.jpg HTTP/1.1" 200 375617 "http://www.wonder-geek.com/jane-crowther-black-p-53852.html" "Mozilla/5.0 (Windows NT 10.0; Win64; x64; rv:93.0) Gecko/20100101 Firefox/93.0"
185.153.151.178 - - [17/Oct/2021:14:09:39 +0200] "GET /images/big_prod/3700572755366B.jpg HTTP/1.1" 200 447541 "http://www.wonder-geek.com/jane-crowther-black-p-53852.html" "Mozilla/5.0 (Windows NT 10.0; Win64; x64; rv:93.0) Gecko/20100101 Firefox/93.0"
207.46.13.81 - - [17/Oct/2021:14:09:53 +0200] "GET /images/med_prod/1300010241196.jpg HTTP/1.1" 200 51808 "-" "Mozilla/5.0 (compatible; bingbot/2.0; +http://www.bing.com/bingbot.htm)"
207.46.13.81 - - [17/Oct/2021:14:09:54 +0200] "GET /images/big_prod/1345544941891N.jpg HTTP/1.1" 200 113100 "-" "Mozilla/5.0 (compatible; bingbot/2.0; +http://www.bing.com/bingbot.htm)"
74.125.208.116 - - [17/Oct/2021:14:10:00 +0200] "GET /images/big_prod/3700572755366B.jpg HTTP/1.1" 200 447541 "-" "Mozilla/5.0 (Windows NT 5.1; rv:11.0) Gecko Firefox/11.0 (via ggpht.com GoogleImageProxy)"
66.249.64.82 - - [17/Oct/2021:14:11:44 +0200] "GET /images/mini_prod/3453131148931.jpg HTTP/1.1" 200 4540 "-" "Googlebot-Image/1.0"
207.46.13.81 - - [17/Oct/2021:14:12:24 +0200] "GET /images/9316188050197.jpg HTTP/1.1" 200 109470 "-" "Mozilla/5.0 (compatible; bingbot/2.0; +http://www.bing.com/bingbot.htm)"
40.77.167.5 - - [17/Oct/2021:14:13:04 +0200] "GET /images/mini_prod/3503420085895.jpg HTTP/1.1" 200 9443 "-" "Mozilla/5.0 (compatible; bingbot/2.0; +http://www.bing.com/bingbot.htm)"
66.249.64.83 - - [17/Oct/2021:14:15:06 +0200] "GET /images/big_prod_1/8718375750391a.jpg HTTP/1.1" 200 74839 "-" "Googlebot-Image/1.0"
207.46.13.81 - - [17/Oct/2021:14:15:44 +0200] "GET /images/big_prod/8435306294815.jpg HTTP/1.1" 200 104546 "-" "Mozilla/5.0 (compatible; bingbot/2.0; +http://www.bing.com/bingbot.htm)"
207.46.13.152 - - [17/Oct/2021:14:16:55 +0200] "GET /images/big_prod/1384010202067.jpg HTTP/1.1" 200 123899 "-" "Mozilla/5.0 (compatible; bingbot/2.0; +http://www.bing.com/bingbot.htm)"
157.55.39.102 - - [17/Oct/2021:14:17:35 +0200] "GET /images/9316188025492.jpg HTTP/1.1" 200 18328 "-" "Mozilla/5.0 (compatible; bingbot/2.0; +http://www.bing.com/bingbot.htm)"
66.249.64.84 - - [17/Oct/2021:14:17:59 +0200] "GET /images/big_prod_2/4542202653708c.jpg HTTP/1.1" 200 50004 "-" "Googlebot-Image/1.0"
207.46.13.152 - - [17/Oct/2021:14:18:15 +0200] "GET /images/big_prod/8422099381174.jpg HTTP/1.1" 200 56082 "-" "Mozilla/5.0 (compatible; bingbot/2.0; +http://www.bing.com/bingbot.htm)"
211.91.147.2 - - [17/Oct/2021:14:19:24 +0200] "GET /images/mini_prod/3079091105175.jpg HTTP/1.1" 200 5577 "-" "Mozilla/5.0 (X11; Ubuntu; Linux x86_64; rv:72.0) Gecko/20100101 Firefox/72.0"
66.249.64.82 - - [17/Oct/2021:14:21:07 +0200] "GET /images/big_prod_1/3609810099876a.jpg HTTP/1.1" 200 321215 "-" "Googlebot-Image/1.0"
35.243.23.38 - - [17/Oct/2021:14:21:41 +0200] "GET /images/big_prod/4029811365371.jpg HTTP/1.1" 200 73494 "-" "Mozilla/5.0 (Windows NT 6.1; WOW64) AppleWebKit/537.36 (KHTML, like Gecko) Chrome/43.0.2357.81 Safari/537.36 AppEngine-Google; (+http://code.google.com/appengine; appid: s~traffic-proxy)"
35.243.23.38 - - [17/Oct/2021:14:21:45 +0200] "GET /images/mini_prod/4029811365371.jpg HTTP/1.1" 200 7763 "-" "Mozilla/5.0 (Windows NT 6.1; WOW64) AppleWebKit/537.36 (KHTML, like Gecko) Chrome/43.0.2357.81 Safari/537.36 AppEngine-Google; (+http://code.google.com/appengine; appid: s~traffic-proxy)"
216.244.66.242 - - [17/Oct/2021:14:21:56 +0200] "GET /robots.txt HTTP/1.1" 200 2438 "-" "Mozilla/5.0 (compatible; DotBot/1.2; +https://opensiteexplorer.org/dotbot; help@moz.com)"
66.249.64.84 - - [17/Oct/2021:14:23:13 +0200] "GET /images/big_prod_1/3453131157186c.jpg HTTP/1.1" 200 56285 "-" "Googlebot-Image/1.0"
17.121.112.150 - - [17/Oct/2021:14:23:53 +0200] "GET /images/big_prod_1/b5018997614778.jpg HTTP/1.1" 200 135562 "-" "Mozilla/5.0 (Macintosh; Intel Mac OS X 10_15_5) AppleWebKit/605.1.15 (KHTML, like Gecko) Version/13.1.1 Safari/605.1.15 (Applebot/0.1; +http://www.apple.com/go/applebot)"
66.249.64.84 - - [17/Oct/2021:14:24:20 +0200] "GET /images/mini_prod/1399984251164.jpg HTTP/1.1" 200 9352 "-" "Googlebot-Image/1.0"
157.55.39.111 - - [17/Oct/2021:14:25:06 +0200] "GET /images/3437011010006.jpg HTTP/1.1" 200 82428 "-" "Mozilla/5.0 (compatible; bingbot/2.0; +http://www.bing.com/bingbot.htm)"
77.75.77.54 - - [17/Oct/2021:14:26:34 +0200] "GET /robots.txt HTTP/1.1" 200 2438 "-" "Mozilla/5.0 (compatible; SeznamBot/3.2; +http://napoveda.seznam.cz/en/seznambot-intro/)"
66.249.64.84 - - [17/Oct/2021:14:27:22 +0200] "GET /images/3700276225981.jpg HTTP/1.1" 200 78384 "-" "Googlebot-Image/1.0"
66.249.93.251 - - [17/Oct/2021:14:28:38 +0200] "GET /images/big_prod/404GJ06.jpg HTTP/1.1" 200 101618 "-" "Mozilla/5.0 (Windows NT 5.1; rv:11.0) Gecko Firefox/11.0 (via ggpht.com GoogleImageProxy)"
66.249.64.82 - - [17/Oct/2021:14:30:30 +0200] "GET /images/mini_prod/3700344910405.jpg HTTP/1.1" 200 2377 "-" "Googlebot-Image/1.0"
66.249.64.83 - - [17/Oct/2021:14:31:21 +0200] "GET /images/big_prod/3503420112256.jpg HTTP/1.1" 200 323844 "-" "Googlebot-Image/1.0"
213.180.203.74 - - [17/Oct/2021:14:36:21 +0200] "GET /images/1300010237212.jpg HTTP/1.1" 200 65987 "-" "Mozilla/5.0 (compatible; YandexImages/3.0; +http://yandex.com/bots)"
87.250.224.17 - - [17/Oct/2021:14:36:38 +0200] "GET /images/1300010239681.jpg HTTP/1.1" 200 55880 "-" "Mozilla/5.0 (compatible; YandexImages/3.0; +http://yandex.com/bots)"
157.55.39.77 - - [17/Oct/2021:14:37:36 +0200] "GET /images/big_prod_1/1491693113433B.jpg HTTP/1.1" 200 71202 "-" "Mozilla/5.0 (compatible; bingbot/2.0; +http://www.bing.com/bingbot.htm)"
87.250.224.17 - - [17/Oct/2021:14:38:25 +0200] "GET /images/big_prod/8720088295816.jpg HTTP/1.1" 200 91127 "-" "Mozilla/5.0 (compatible; YandexImages/3.0; +http://yandex.com/bots)"
87.250.224.17 - - [17/Oct/2021:14:38:28 +0200] "GET /images/big_prod/1300000022330.jpg HTTP/1.1" 200 122703 "-" "Mozilla/5.0 (compatible; YandexImages/3.0; +http://yandex.com/bots)"
185.191.171.6 - - [17/Oct/2021:14:39:04 +0200] "GET /robots.txt HTTP/1.1" 200 2438 "-" "Mozilla/5.0 (compatible; SemrushBot/7~bl; +http://www.semrush.com/bot.html)"
66.249.64.83 - - [17/Oct/2021:14:39:27 +0200] "GET /images/mini_prod/8424001815791.jpg HTTP/1.1" 200 3880 "-" "Googlebot-Image/1.0"
95.163.255.198 - - [17/Oct/2021:14:40:29 +0200] "GET /robots.txt HTTP/1.0" 200 2438 "-" "Mozilla/5.0 (compatible; Linux x86_64; Mail.RU_Bot/Img/2.0; +http://go.mail.ru/help/robots)"
95.163.255.129 - - [17/Oct/2021:14:40:51 +0200] "GET /images/b4010070188108.jpg HTTP/1.1" 200 50727 "http://wonder-geek.com/images/b4010070188108.jpg" "Mozilla/5.0 (compatible; Linux x86_64; Mail.RU_Bot/Img/2.0; +http://go.mail.ru/help/robots)"
66.249.93.249 - - [17/Oct/2021:14:40:52 +0200] "GET /images/big_prod/3453131156028.jpg HTTP/1.1" 200 108572 "-" "Mozilla/5.0 (Windows NT 5.1; rv:11.0) Gecko Firefox/11.0 (via ggpht.com GoogleImageProxy)"
147.92.153.4 - - [17/Oct/2021:14:41:49 +0200] "GET /images/big_prod_1/8422018060012B.jpg HTTP/1.1" 200 87537 "-" "Mozilla/5.0 (compatible; Linespider/1.1; +https://lin.ee/4dwXkTH)"
87.250.224.17 - - [17/Oct/2021:14:42:55 +0200] "GET /images/1300010239865.jpg HTTP/1.1" 200 77037 "-" "Mozilla/5.0 (compatible; YandexImages/3.0; +http://yandex.com/bots)"
40.77.167.77 - - [17/Oct/2021:14:44:45 +0200] "GET /images/3521320617138.jpg HTTP/1.1" 200 59890 "-" "Mozilla/5.0 (compatible; bingbot/2.0; +http://www.bing.com/bingbot.htm)"
207.46.13.152 - - [17/Oct/2021:14:45:18 +0200] "GET /images/med_prod/1384010184240.jpg HTTP/1.1" 200 212412 "-" "Mozilla/5.0 (compatible; bingbot/2.0; +http://www.bing.com/bingbot.htm)"
66.249.93.251 - - [17/Oct/2021:14:46:38 +0200] "GET /images/1399984257234.jpg HTTP/1.1" 200 127887 "-" "Mozilla/5.0 (Windows NT 5.1; rv:11.0) Gecko Firefox/11.0 (via ggpht.com GoogleImageProxy)"
87.250.224.17 - - [17/Oct/2021:14:46:59 +0200] "GET /images/big_prod/1384010205365.jpg HTTP/1.1" 200 84706 "-" "Mozilla/5.0 (compatible; YandexImages/3.0; +http://yandex.com/bots)"
66.249.64.83 - - [17/Oct/2021:14:47:34 +0200] "GET /images/big_prod/1348422000444.jpg HTTP/1.1" 200 37434 "-" "Googlebot-Image/1.0"
211.91.147.2 - - [17/Oct/2021:14:49:17 +0200] "GET /images/mini_prod/3272760389849.jpg HTTP/1.1" 200 7075 "-" "Mozilla/5.0 (X11; Ubuntu; Linux x86_64; rv:72.0) Gecko/20100101 Firefox/72.0"
207.46.13.81 - - [17/Oct/2021:14:50:30 +0200] "GET /images/big_prod_1/1300000023658B.jpg HTTP/1.1" 200 790739 "-" "Mozilla/5.0 (compatible; bingbot/2.0; +http://www.bing.com/bingbot.htm)"
66.249.64.84 - - [17/Oct/2021:14:55:41 +0200] "GET /images/big_prod_1/3453131158862a.jpg HTTP/1.1" 200 69193 "-" "Googlebot-Image/1.0"
17.121.112.11 - - [17/Oct/2021:14:59:34 +0200] "GET /images/big_prod/8422201538328.jpg HTTP/1.1" 200 49260 "-" "Mozilla/5.0 (Macintosh; Intel Mac OS X 10_15_5) AppleWebKit/605.1.15 (KHTML, like Gecko) Version/13.1.1 Safari/605.1.15 (Applebot/0.1; +http://www.apple.com/go/applebot)"
194.186.207.248 - - [17/Oct/2021:15:02:44 +0200] "GET /images/med_prod/4891813832744.jpg HTTP/1.1" 200 118996 "-" "Mozilla/5.0 (Windows NT 10.0; Win64; x64; rv:93.0) Gecko/20100101 Firefox/93.0"
207.46.13.152 - - [17/Oct/2021:15:03:29 +0200] "GET /images/big_prod/8435333851586.jpg HTTP/1.1" 200 87350 "-" "Mozilla/5.0 (compatible; bingbot/2.0; +http://www.bing.com/bingbot.htm)"
66.249.64.84 - - [17/Oct/2021:15:03:48 +0200] "GET /images/big_prod/3560600262538.jpg HTTP/1.1" 200 90779 "-" "Googlebot-Image/1.0"
157.55.39.68 - - [17/Oct/2021:15:04:58 +0200] "GET /images/big_prod/3014627889389.jpg HTTP/1.1" 200 101519 "-" "Mozilla/5.0 (compatible; bingbot/2.0; +http://www.bing.com/bingbot.htm)"
207.46.13.152 - - [17/Oct/2021:15:05:30 +0200] "GET /images/1399984253199.jpg HTTP/1.1" 200 89775 "-" "Mozilla/5.0 (compatible; bingbot/2.0; +http://www.bing.com/bingbot.htm)"
40.77.167.77 - - [17/Oct/2021:15:05:47 +0200] "GET /images/scanserviettechf.jpg HTTP/1.1" 200 25939 "-" "Mozilla/5.0 (compatible; bingbot/2.0; +http://www.bing.com/bingbot.htm)"
211.91.147.2 - - [17/Oct/2021:15:09:40 +0200] "GET /images/mini_prod/3453131150064.jpg HTTP/1.1" 200 7303 "-" "Mozilla/5.0 (X11; Ubuntu; Linux x86_64; rv:72.0) Gecko/20100101 Firefox/72.0"
157.55.39.111 - - [17/Oct/2021:15:09:50 +0200] "GET /images/3700057121686.jpg HTTP/1.1" 200 75376 "-" "Mozilla/5.0 (compatible; bingbot/2.0; +http://www.bing.com/bingbot.htm)"
8.209.69.198 - - [17/Oct/2021:15:12:13 +0200] "GET /images/mini_prod/1399984225776.jpg HTTP/1.1" 200 6345 "https://google.com" "\x22Mozilla/5.0 (X11; Linux x86_64) AppleWebKit/537.36 (KHTML, like Gecko) Chrome/41.0.2227.0 Safari/537.36\x22"
87.250.224.17 - - [17/Oct/2021:15:12:29 +0200] "GET /images/big_prod/9316188070669.jpg HTTP/1.1" 200 72171 "-" "Mozilla/5.0 (compatible; YandexImages/3.0; +http://yandex.com/bots)"
211.91.147.2 - - [17/Oct/2021:15:12:55 +0200] "GET /images/mini_prod/4895029627446.jpg HTTP/1.1" 200 5086 "-" "Mozilla/5.0 (X11; Ubuntu; Linux x86_64; rv:72.0) Gecko/20100101 Firefox/72.0"
