128.103.224.5 - - [17/Oct/2021:17:58:49 +0200] "GET /js/jquery.js HTTP/1.1" 200 54075 "http://www.wonder-geek.com/georges-clounet-p-39535.html" "Mozilla/5.0 (Windows NT 10.0; Win64; x64; rv:78.0) Gecko/20100101 Firefox/78.0"
128.103.224.5 - - [17/Oct/2021:17:58:49 +0200] "GET /mondial_relay/js/jquery-1.3.2.min.js HTTP/1.1" 200 57254 "http://www.wonder-geek.com/georges-clounet-p-39535.html" "Mozilla/5.0 (Windows NT 10.0; Win64; x64; rv:78.0) Gecko/20100101 Firefox/78.0"
128.103.224.5 - - [17/Oct/2021:17:58:49 +0200] "GET /templates/Pixame_v1/stylesheet.css HTTP/1.1" 200 56057 "http://www.wonder-geek.com/georges-clounet-p-39535.html" "Mozilla/5.0 (Windows NT 10.0; Win64; x64; rv:78.0) Gecko/20100101 Firefox/78.0"
128.103.224.5 - - [17/Oct/2021:17:58:49 +0200] "GET /templates/Pixame_v1/images/icon_accueil2.png HTTP/1.1" 200 1137 "http://www.wonder-geek.com/georges-clounet-p-39535.html" "Mozilla/5.0 (Windows NT 10.0; Win64; x64; rv:78.0) Gecko/20100101 Firefox/78.0"
128.103.224.5 - - [17/Oct/2021:17:58:50 +0200] "GET /templates/Pixame_v1/images/nav.png HTTP/1.1" 200 1283 "http://www.wonder-geek.com/templates/Pixame_v1/stylesheet.css" "Mozilla/5.0 (Windows NT 10.0; Win64; x64; rv:78.0) Gecko/20100101 Firefox/78.0"
128.103.224.5 - - [17/Oct/2021:17:58:50 +0200] "GET /design/productsenstock.png HTTP/1.1" 200 4743 "http://www.wonder-geek.com/templates/Pixame_v1/stylesheet.css" "Mozilla/5.0 (Windows NT 10.0; Win64; x64; rv:78.0) Gecko/20100101 Firefox/78.0"
128.103.224.5 - - [17/Oct/2021:17:58:50 +0200] "GET /templates/Pixame_v1/images/Bottom_texture.jpg HTTP/1.1" 200 56290 "http://www.wonder-geek.com/templates/Pixame_v1/stylesheet.css" "Mozilla/5.0 (Windows NT 10.0; Win64; x64; rv:78.0) Gecko/20100101 Firefox/78.0"
128.103.224.5 - - [17/Oct/2021:17:58:50 +0200] "GET /templates/Pixame_v1/images/header-object.png HTTP/1.1" 200 106050 "http://www.wonder-geek.com/templates/Pixame_v1/stylesheet.css" "Mozilla/5.0 (Windows NT 10.0; Win64; x64; rv:78.0) Gecko/20100101 Firefox/78.0"
128.103.224.5 - - [17/Oct/2021:17:58:50 +0200] "GET /templates/Pixame_v1/images/header.png HTTP/1.1" 200 70245 "http://www.wonder-geek.com/templates/Pixame_v1/stylesheet.css" "Mozilla/5.0 (Windows NT 10.0; Win64; x64; rv:78.0) Gecko/20100101 Firefox/78.0"
128.103.224.5 - - [17/Oct/2021:17:58:50 +0200] "GET /favicon.ico HTTP/1.1" 200 1591 "-" "Mozilla/5.0 (Windows NT 10.0; Win64; x64; rv:78.0) Gecko/20100101 Firefox/78.0"
128.103.224.5 - - [17/Oct/2021:17:58:50 +0200] "GET /templates/Pixame_v1/images/Middle_texture.jpg HTTP/1.1" 200 249620 "http://www.wonder-geek.com/templates/Pixame_v1/stylesheet.css" "Mozilla/5.0 (Windows NT 10.0; Win64; x64; rv:78.0) Gecko/20100101 Firefox/78.0"
128.103.224.5 - - [17/Oct/2021:17:58:51 +0200] "GET /highslide/graphics/outlines/drop-shadow.png HTTP/1.1" 200 2022 "http://www.wonder-geek.com/georges-clounet-p-39535.html" "Mozilla/5.0 (Windows NT 10.0; Win64; x64; rv:78.0) Gecko/20100101 Firefox/78.0"
207.46.13.129 - - [17/Oct/2021:18:03:58 +0200] "GET /images/mirroirBBoop2.jpg HTTP/1.1" 200 55740 "-" "Mozilla/5.0 (compatible; bingbot/2.0; +http://www.bing.com/bingbot.htm)"
213.180.203.74 - - [17/Oct/2021:18:04:02 +0200] "GET /robots.txt HTTP/1.1" 200 2438 "-" "Mozilla/5.0 (compatible; YandexBot/3.0; +http://yandex.com/bots)"
213.180.203.74 - - [17/Oct/2021:18:04:06 +0200] "GET /images/4007176129043.jpg HTTP/1.1" 200 49703 "-" "Mozilla/5.0 (compatible; YandexImages/3.0; +http://yandex.com/bots)"
66.249.64.84 - - [17/Oct/2021:18:04:32 +0200] "GET /images/big_prod/1384010191743.jpg HTTP/1.1" 200 55793 "-" "Googlebot-Image/1.0"
74.125.208.112 - - [17/Oct/2021:18:07:09 +0200] "GET /images/big_prod/3609810048362.jpg HTTP/1.1" 200 116902 "-" "Mozilla/5.0 (Windows NT 5.1; rv:11.0) Gecko Firefox/11.0 (via ggpht.com GoogleImageProxy)"
207.46.13.17 - - [17/Oct/2021:18:09:19 +0200] "GET /images/9316188041751.jpg HTTP/1.1" 200 53255 "-" "Mozilla/5.0 (compatible; bingbot/2.0; +http://www.bing.com/bingbot.htm)"
66.249.64.82 - - [17/Oct/2021:18:09:48 +0200] "GET /images/big_prod_1/b4895220300513.jpg HTTP/1.1" 200 49266 "-" "Googlebot-Image/1.0"
64.64.123.4 - - [17/Oct/2021:18:14:04 +0200] "GET /images/mini_prod/3661443610439.jpg HTTP/1.1" 200 7147 "-" "Mozilla/5.0 (X11; Ubuntu; Linux x86_64; rv:72.0) Gecko/20100101 Firefox/72.0"
211.91.147.2 - - [17/Oct/2021:18:14:53 +0200] "GET /images/mini_prod/MUG-BLC-POLAROID.jpg HTTP/1.1" 200 6578 "-" "Mozilla/5.0 (X11; Ubuntu; Linux x86_64; rv:72.0) Gecko/20100101 Firefox/72.0"
77.204.244.87 - - [17/Oct/2021:18:14:53 +0200] "GET /templates/Pixame_v1/stylesheet.css HTTP/1.1" 200 56057 "http://www.wonder-geek.com/kitchen-gloves-potholders-c-11_178.html" "Mozilla/5.0 (Linux; Android 11; SM-A505FN) AppleWebKit/537.36 (KHTML, like Gecko) Chrome/94.0.4606.85 Mobile Safari/537.36"
77.204.244.87 - - [17/Oct/2021:18:14:53 +0200] "GET /highslide/highslide.js HTTP/1.1" 200 42909 "http://www.wonder-geek.com/kitchen-gloves-potholders-c-11_178.html" "Mozilla/5.0 (Linux; Android 11; SM-A505FN) AppleWebKit/537.36 (KHTML, like Gecko) Chrome/94.0.4606.85 Mobile Safari/537.36"
77.204.244.87 - - [17/Oct/2021:18:14:53 +0200] "GET /js/jquery.js HTTP/1.1" 200 54075 "http://www.wonder-geek.com/kitchen-gloves-potholders-c-11_178.html" "Mozilla/5.0 (Linux; Android 11; SM-A505FN) AppleWebKit/537.36 (KHTML, like Gecko) Chrome/94.0.4606.85 Mobile Safari/537.36"
77.204.244.87 - - [17/Oct/2021:18:14:53 +0200] "GET /js/jquery.jqzoom.js HTTP/1.1" 200 4761 "http://www.wonder-geek.com/kitchen-gloves-potholders-c-11_178.html" "Mozilla/5.0 (Linux; Android 11; SM-A505FN) AppleWebKit/537.36 (KHTML, like Gecko) Chrome/94.0.4606.85 Mobile Safari/537.36"
77.204.244.87 - - [17/Oct/2021:18:14:53 +0200] "GET /mondial_relay/js/jquery-1.3.2.min.js HTTP/1.1" 200 57254 "http://www.wonder-geek.com/kitchen-gloves-potholders-c-11_178.html" "Mozilla/5.0 (Linux; Android 11; SM-A505FN) AppleWebKit/537.36 (KHTML, like Gecko) Chrome/94.0.4606.85 Mobile Safari/537.36"
77.204.244.87 - - [17/Oct/2021:18:14:54 +0200] "GET /js/jquery.masonry.min.js HTTP/1.1" 200 5392 "http://www.wonder-geek.com/kitchen-gloves-potholders-c-11_178.html" "Mozilla/5.0 (Linux; Android 11; SM-A505FN) AppleWebKit/537.36 (KHTML, like Gecko) Chrome/94.0.4606.85 Mobile Safari/537.36"
77.204.244.87 - - [17/Oct/2021:18:14:54 +0200] "GET /js/modernizr-transitions.js HTTP/1.1" 200 2026 "http://www.wonder-geek.com/kitchen-gloves-potholders-c-11_178.html" "Mozilla/5.0 (Linux; Android 11; SM-A505FN) AppleWebKit/537.36 (KHTML, like Gecko) Chrome/94.0.4606.85 Mobile Safari/537.36"
77.204.244.87 - - [17/Oct/2021:18:14:54 +0200] "GET /templates/Pixame_v1/images/icon_accueil2.png HTTP/1.1" 200 1137 "http://www.wonder-geek.com/kitchen-gloves-potholders-c-11_178.html" "Mozilla/5.0 (Linux; Android 11; SM-A505FN) AppleWebKit/537.36 (KHTML, like Gecko) Chrome/94.0.4606.85 Mobile Safari/537.36"
77.204.244.87 - - [17/Oct/2021:18:14:54 +0200] "GET /images/mini_prod/1384010203149.jpg HTTP/1.1" 200 6818 "http://www.wonder-geek.com/kitchen-gloves-potholders-c-11_178.html" "Mozilla/5.0 (Linux; Android 11; SM-A505FN) AppleWebKit/537.36 (KHTML, like Gecko) Chrome/94.0.4606.85 Mobile Safari/537.36"
77.204.244.87 - - [17/Oct/2021:18:14:54 +0200] "GET /templates/Pixame_v1/images/header-object.png HTTP/1.1" 200 106050 "http://www.wonder-geek.com/templates/Pixame_v1/stylesheet.css" "Mozilla/5.0 (Linux; Android 11; SM-A505FN) AppleWebKit/537.36 (KHTML, like Gecko) Chrome/94.0.4606.85 Mobile Safari/537.36"
77.204.244.87 - - [17/Oct/2021:18:14:54 +0200] "GET /templates/Pixame_v1/images/nav.png HTTP/1.1" 200 1283 "http://www.wonder-geek.com/templates/Pixame_v1/stylesheet.css" "Mozilla/5.0 (Linux; Android 11; SM-A505FN) AppleWebKit/537.36 (KHTML, like Gecko) Chrome/94.0.4606.85 Mobile Safari/537.36"
77.204.244.87 - - [17/Oct/2021:18:14:54 +0200] "GET /templates/Pixame_v1/images/Middle_texture.jpg HTTP/1.1" 200 249620 "http://www.wonder-geek.com/templates/Pixame_v1/stylesheet.css" "Mozilla/5.0 (Linux; Android 11; SM-A505FN) AppleWebKit/537.36 (KHTML, like Gecko) Chrome/94.0.4606.85 Mobile Safari/537.36"
77.204.244.87 - - [17/Oct/2021:18:14:54 +0200] "GET /templates/Pixame_v1/images/Bottom_texture.jpg HTTP/1.1" 200 56290 "http://www.wonder-geek.com/templates/Pixame_v1/stylesheet.css" "Mozilla/5.0 (Linux; Android 11; SM-A505FN) AppleWebKit/537.36 (KHTML, like Gecko) Chrome/94.0.4606.85 Mobile Safari/537.36"
77.204.244.87 - - [17/Oct/2021:18:14:54 +0200] "GET /templates/Pixame_v1/images/header.png HTTP/1.1" 200 70245 "http://www.wonder-geek.com/templates/Pixame_v1/stylesheet.css" "Mozilla/5.0 (Linux; Android 11; SM-A505FN) AppleWebKit/537.36 (KHTML, like Gecko) Chrome/94.0.4606.85 Mobile Safari/537.36"
77.204.244.87 - - [17/Oct/2021:18:14:54 +0200] "GET /images/mini_prod/3503420202247.jpg HTTP/1.1" 200 9862 "http://www.wonder-geek.com/kitchen-gloves-potholders-c-11_178.html" "Mozilla/5.0 (Linux; Android 11; SM-A505FN) AppleWebKit/537.36 (KHTML, like Gecko) Chrome/94.0.4606.85 Mobile Safari/537.36"
77.204.244.87 - - [17/Oct/2021:18:14:54 +0200] "GET /images/mini_prod/3503420190353.jpg HTTP/1.1" 200 11376 "http://www.wonder-geek.com/kitchen-gloves-potholders-c-11_178.html" "Mozilla/5.0 (Linux; Android 11; SM-A505FN) AppleWebKit/537.36 (KHTML, like Gecko) Chrome/94.0.4606.85 Mobile Safari/537.36"
77.204.244.87 - - [17/Oct/2021:18:14:54 +0200] "GET /images/mini_prod/3503420208263.jpg HTTP/1.1" 200 7264 "http://www.wonder-geek.com/kitchen-gloves-potholders-c-11_178.html" "Mozilla/5.0 (Linux; Android 11; SM-A505FN) AppleWebKit/537.36 (KHTML, like Gecko) Chrome/94.0.4606.85 Mobile Safari/537.36"
77.204.244.87 - - [17/Oct/2021:18:14:54 +0200] "GET /images/mini_prod/3503420192593.jpg HTTP/1.1" 200 6930 "http://www.wonder-geek.com/kitchen-gloves-potholders-c-11_178.html" "Mozilla/5.0 (Linux; Android 11; SM-A505FN) AppleWebKit/537.36 (KHTML, like Gecko) Chrome/94.0.4606.85 Mobile Safari/537.36"
77.204.244.87 - - [17/Oct/2021:18:14:54 +0200] "GET /images/mini_prod/3503420088599.jpg HTTP/1.1" 200 9765 "http://www.wonder-geek.com/kitchen-gloves-potholders-c-11_178.html" "Mozilla/5.0 (Linux; Android 11; SM-A505FN) AppleWebKit/537.36 (KHTML, like Gecko) Chrome/94.0.4606.85 Mobile Safari/537.36"
77.204.244.87 - - [17/Oct/2021:18:14:54 +0200] "GET /images/mini_prod/3503420203343.jpg HTTP/1.1" 200 7965 "http://www.wonder-geek.com/kitchen-gloves-potholders-c-11_178.html" "Mozilla/5.0 (Linux; Android 11; SM-A505FN) AppleWebKit/537.36 (KHTML, like Gecko) Chrome/94.0.4606.85 Mobile Safari/537.36"
77.204.244.87 - - [17/Oct/2021:18:14:54 +0200] "GET /images/mini_prod/3503420166457.jpg HTTP/1.1" 200 8859 "http://www.wonder-geek.com/kitchen-gloves-potholders-c-11_178.html" "Mozilla/5.0 (Linux; Android 11; SM-A505FN) AppleWebKit/537.36 (KHTML, like Gecko) Chrome/94.0.4606.85 Mobile Safari/537.36"
77.204.244.87 - - [17/Oct/2021:18:14:54 +0200] "GET /images/mini_prod/3503420051951.jpg HTTP/1.1" 200 9938 "http://www.wonder-geek.com/kitchen-gloves-potholders-c-11_178.html" "Mozilla/5.0 (Linux; Android 11; SM-A505FN) AppleWebKit/537.36 (KHTML, like Gecko) Chrome/94.0.4606.85 Mobile Safari/537.36"
77.204.244.87 - - [17/Oct/2021:18:14:54 +0200] "GET /images/mini_prod/3503420200137.jpg HTTP/1.1" 200 7827 "http://www.wonder-geek.com/kitchen-gloves-potholders-c-11_178.html" "Mozilla/5.0 (Linux; Android 11; SM-A505FN) AppleWebKit/537.36 (KHTML, like Gecko) Chrome/94.0.4606.85 Mobile Safari/537.36"
77.204.244.87 - - [17/Oct/2021:18:14:54 +0200] "GET /images/mini_prod/3503420121401.jpg HTTP/1.1" 200 10823 "http://www.wonder-geek.com/kitchen-gloves-potholders-c-11_178.html" "Mozilla/5.0 (Linux; Android 11; SM-A505FN) AppleWebKit/537.36 (KHTML, like Gecko) Chrome/94.0.4606.85 Mobile Safari/537.36"
77.204.244.87 - - [17/Oct/2021:18:14:54 +0200] "GET /images/mini_prod/3503420190551.jpg HTTP/1.1" 200 8007 "http://www.wonder-geek.com/kitchen-gloves-potholders-c-11_178.html" "Mozilla/5.0 (Linux; Android 11; SM-A505FN) AppleWebKit/537.36 (KHTML, like Gecko) Chrome/94.0.4606.85 Mobile Safari/537.36"
77.204.244.87 - - [17/Oct/2021:18:14:54 +0200] "GET /images/mini_prod/3503420196928.jpg HTTP/1.1" 200 6112 "http://www.wonder-geek.com/kitchen-gloves-potholders-c-11_178.html" "Mozilla/5.0 (Linux; Android 11; SM-A505FN) AppleWebKit/537.36 (KHTML, like Gecko) Chrome/94.0.4606.85 Mobile Safari/537.36"
77.204.244.87 - - [17/Oct/2021:18:14:54 +0200] "GET /images/mini_prod/3503420189814.jpg HTTP/1.1" 200 8245 "http://www.wonder-geek.com/kitchen-gloves-potholders-c-11_178.html" "Mozilla/5.0 (Linux; Android 11; SM-A505FN) AppleWebKit/537.36 (KHTML, like Gecko) Chrome/94.0.4606.85 Mobile Safari/537.36"
77.204.244.87 - - [17/Oct/2021:18:14:54 +0200] "GET /images/mini_prod/3503420218194.jpg HTTP/1.1" 200 6772 "http://www.wonder-geek.com/kitchen-gloves-potholders-c-11_178.html" "Mozilla/5.0 (Linux; Android 11; SM-A505FN) AppleWebKit/537.36 (KHTML, like Gecko) Chrome/94.0.4606.85 Mobile Safari/537.36"
77.204.244.87 - - [17/Oct/2021:18:14:54 +0200] "GET /design/productsenstock.png HTTP/1.1" 200 4743 "http://www.wonder-geek.com/templates/Pixame_v1/stylesheet.css" "Mozilla/5.0 (Linux; Android 11; SM-A505FN) AppleWebKit/537.36 (KHTML, like Gecko) Chrome/94.0.4606.85 Mobile Safari/537.36"
77.204.244.87 - - [17/Oct/2021:18:14:54 +0200] "GET /images/mini_prod/3503420213144.jpg HTTP/1.1" 200 9745 "http://www.wonder-geek.com/kitchen-gloves-potholders-c-11_178.html" "Mozilla/5.0 (Linux; Android 11; SM-A505FN) AppleWebKit/537.36 (KHTML, like Gecko) Chrome/94.0.4606.85 Mobile Safari/537.36"
77.204.244.87 - - [17/Oct/2021:18:14:54 +0200] "GET /images/mini_prod/3503420174117.jpg HTTP/1.1" 200 9030 "http://www.wonder-geek.com/kitchen-gloves-potholders-c-11_178.html" "Mozilla/5.0 (Linux; Android 11; SM-A505FN) AppleWebKit/537.36 (KHTML, like Gecko) Chrome/94.0.4606.85 Mobile Safari/537.36"
77.204.244.87 - - [17/Oct/2021:18:14:54 +0200] "GET /images/mini_prod/3503420215513.jpg HTTP/1.1" 200 8665 "http://www.wonder-geek.com/kitchen-gloves-potholders-c-11_178.html" "Mozilla/5.0 (Linux; Android 11; SM-A505FN) AppleWebKit/537.36 (KHTML, like Gecko) Chrome/94.0.4606.85 Mobile Safari/537.36"
77.204.244.87 - - [17/Oct/2021:18:14:54 +0200] "GET /images/mini_prod/3503420145865.jpg HTTP/1.1" 200 7707 "http://www.wonder-geek.com/kitchen-gloves-potholders-c-11_178.html" "Mozilla/5.0 (Linux; Android 11; SM-A505FN) AppleWebKit/537.36 (KHTML, like Gecko) Chrome/94.0.4606.85 Mobile Safari/537.36"
77.204.244.87 - - [17/Oct/2021:18:14:55 +0200] "GET /images/mini_prod/3503420121333.jpg HTTP/1.1" 200 6087 "http://www.wonder-geek.com/kitchen-gloves-potholders-c-11_178.html" "Mozilla/5.0 (Linux; Android 11; SM-A505FN) AppleWebKit/537.36 (KHTML, like Gecko) Chrome/94.0.4606.85 Mobile Safari/537.36"
77.204.244.87 - - [17/Oct/2021:18:14:55 +0200] "GET /highslide/graphics/outlines/drop-shadow.png HTTP/1.1" 200 2022 "http://www.wonder-geek.com/kitchen-gloves-potholders-c-11_178.html" "Mozilla/5.0 (Linux; Android 11; SM-A505FN) AppleWebKit/537.36 (KHTML, like Gecko) Chrome/94.0.4606.85 Mobile Safari/537.36"
77.204.244.87 - - [17/Oct/2021:18:14:55 +0200] "GET /favicon.ico HTTP/1.1" 200 1591 "http://www.wonder-geek.com/kitchen-gloves-potholders-c-11_178.html" "Mozilla/5.0 (Linux; Android 11; SM-A505FN) AppleWebKit/537.36 (KHTML, like Gecko) Chrome/94.0.4606.85 Mobile Safari/537.36"
66.249.64.82 - - [17/Oct/2021:18:17:43 +0200] "GET /images/big_prod_1/5400924112929b.jpg HTTP/1.1" 200 96298 "-" "Googlebot-Image/1.0"
66.249.64.84 - - [17/Oct/2021:18:25:38 +0200] "GET /images/big_prod_1/8422326571194b.jpg HTTP/1.1" 200 242396 "-" "Googlebot-Image/1.0"
216.244.66.242 - - [17/Oct/2021:18:25:42 +0200] "GET /robots.txt HTTP/1.1" 200 2438 "-" "Mozilla/5.0 (compatible; DotBot/1.2; +https://opensiteexplorer.org/dotbot; help@moz.com)"
157.55.39.68 - - [17/Oct/2021:18:27:18 +0200] "GET /images/3298460223146.jpg HTTP/1.1" 200 26503 "-" "Mozilla/5.0 (compatible; bingbot/2.0; +http://www.bing.com/bingbot.htm)"
40.77.167.77 - - [17/Oct/2021:18:28:57 +0200] "GET /images/5010065555228.jpg HTTP/1.1" 200 57989 "-" "Mozilla/5.0 (compatible; bingbot/2.0; +http://www.bing.com/bingbot.htm)"
157.55.39.77 - - [17/Oct/2021:18:30:38 +0200] "GET /images/big_prod/8435333821862.jpg HTTP/1.1" 200 148467 "-" "Mozilla/5.0 (compatible; bingbot/2.0; +http://www.bing.com/bingbot.htm)"
77.88.31.226 - - [17/Oct/2021:18:33:01 +0200] "GET /images/med_prod/4891813832744.jpg HTTP/1.1" 200 118996 "-" "Mozilla/5.0 (compatible; YandexImageResizer/2.0; +http://yandex.com/bots)"
207.46.13.129 - - [17/Oct/2021:18:34:22 +0200] "GET /images/big_prod/8718375751411.jpg HTTP/1.1" 200 116120 "-" "Mozilla/5.0 (compatible; bingbot/2.0; +http://www.bing.com/bingbot.htm)"
74.125.208.114 - - [17/Oct/2021:18:35:12 +0200] "GET /images/big_prod_1/50142424346522613A.jpg HTTP/1.1" 200 155419 "-" "Mozilla/5.0 (Windows NT 5.1; rv:11.0) Gecko Firefox/11.0 (via ggpht.com GoogleImageProxy)"
185.191.171.12 - - [17/Oct/2021:18:36:36 +0200] "GET /robots.txt HTTP/1.1" 200 2438 "-" "Mozilla/5.0 (compatible; SemrushBot/7~bl; +http://www.semrush.com/bot.html)"
110.249.202.248 - - [17/Oct/2021:18:38:06 +0200] "GET /highslide/highslide.js HTTP/1.1" 200 42909 "http://www.wonder-geek.com/shopping-gogh-iris-p-53536.html" "Mozilla/5.0 (Linux; Android 5.0) AppleWebKit/537.36 (KHTML, like Gecko) Mobile Safari/537.36 (compatible; Bytespider; https://zhanzhang.toutiao.com/)"
110.249.202.234 - - [17/Oct/2021:18:38:08 +0200] "GET /images/big_prod_1/8422099955900a.jpg HTTP/1.1" 200 66608 "http://www.wonder-geek.com/shopping-gogh-iris-p-53536.html" "Mozilla/5.0 (Linux; Android 5.0) AppleWebKit/537.36 (KHTML, like Gecko) Mobile Safari/537.36 (compatible; Bytespider; https://zhanzhang.toutiao.com/)"
110.249.202.247 - - [17/Oct/2021:18:38:08 +0200] "GET /images/big_prod/VANGOGH.jpg HTTP/1.1" 200 45096 "http://www.wonder-geek.com/shopping-gogh-iris-p-53536.html" "Mozilla/5.0 (Linux; Android 5.0) AppleWebKit/537.36 (KHTML, like Gecko) Mobile Safari/537.36 (compatible; Bytespider; https://zhanzhang.toutiao.com/)"
157.55.39.102 - - [17/Oct/2021:18:38:10 +0200] "GET /images/big_prod/8422945482703.jpg HTTP/1.1" 200 60577 "-" "Mozilla/5.0 (compatible; bingbot/2.0; +http://www.bing.com/bingbot.htm)"
207.46.13.17 - - [17/Oct/2021:18:38:42 +0200] "GET /images/big_prod_1/3612875124803a.jpg HTTP/1.1" 200 69240 "-" "Mozilla/5.0 (compatible; bingbot/2.0; +http://www.bing.com/bingbot.htm)"
157.55.39.77 - - [17/Oct/2021:18:38:59 +0200] "GET /images/4007176127520b.jpg HTTP/1.1" 200 21322 "-" "Mozilla/5.0 (compatible; bingbot/2.0; +http://www.bing.com/bingbot.htm)"
207.46.13.81 - - [17/Oct/2021:18:39:10 +0200] "GET /images/1399984220313.jpg HTTP/1.1" 200 18254 "-" "Mozilla/5.0 (compatible; bingbot/2.0; +http://www.bing.com/bingbot.htm)"
8.209.118.137 - - [17/Oct/2021:18:41:05 +0200] "GET /images/mini_prod/1318600329995.jpg HTTP/1.1" 200 7011 "https://google.com" "Mozilla/5.0 (X11; Linux x86_64) AppleWebKit/537.36 (KHTML, like Gecko) Chrome/72.0.3602.2 Safari/537.36"
216.244.66.242 - - [17/Oct/2021:18:45:57 +0200] "GET /images/big_prod/3609810089143.jpg HTTP/1.1" 200 56568 "-" "Mozilla/5.0 (compatible; DotBot/1.2; +https://opensiteexplorer.org/dotbot; help@moz.com)"
216.244.66.242 - - [17/Oct/2021:18:46:02 +0200] "GET /images/big_prod/9316188075718.jpg HTTP/1.1" 200 105299 "-" "Mozilla/5.0 (compatible; DotBot/1.2; +https://opensiteexplorer.org/dotbot; help@moz.com)"
66.249.64.82 - - [17/Oct/2021:18:46:03 +0200] "GET /robots.txt HTTP/1.1" 200 2438 "-" "Mozilla/5.0 (compatible; Googlebot/2.1; +http://www.google.com/bot.html)"
216.244.66.242 - - [17/Oct/2021:18:46:07 +0200] "GET /images/med_prod/8435107772239.jpg HTTP/1.1" 200 139957 "-" "Mozilla/5.0 (compatible; DotBot/1.2; +https://opensiteexplorer.org/dotbot; help@moz.com)"
66.249.64.82 - - [17/Oct/2021:18:46:43 +0200] "GET /images/mini_prod/9316188078993.jpg HTTP/1.1" 200 3413 "-" "Googlebot-Image/1.0"
110.249.201.246 - - [17/Oct/2021:18:48:10 +0200] "GET /images/big_prod/3503420145865.jpg HTTP/1.1" 200 40544 "http://www.wonder-geek.com/cherry-oven-mitt-p-37467.html" "Mozilla/5.0 (Linux; Android 5.0) AppleWebKit/537.36 (KHTML, like Gecko) Mobile Safari/537.36 (compatible; Bytespider; https://zhanzhang.toutiao.com/)"
40.77.167.77 - - [17/Oct/2021:18:50:49 +0200] "GET /images/4007176124222.jpg HTTP/1.1" 200 28685 "-" "Mozilla/5.0 (compatible; bingbot/2.0; +http://www.bing.com/bingbot.htm)"
23.100.232.233 - - [17/Oct/2021:18:50:56 +0200] "GET /templates/Pixame_v1/stylesheet.css HTTP/1.1" 200 56057 "http://www.wonder-geek.com/microfibre-base-cover-black-p-47980.html" "Mozilla/5.0 (compatible; MSIE 9.0; Windows NT 6.1; Trident/5.0;  Trident/5.0)"
23.100.232.233 - - [17/Oct/2021:18:50:56 +0200] "GET /highslide/highslide.js HTTP/1.1" 200 42909 "http://www.wonder-geek.com/microfibre-base-cover-black-p-47980.html" "Mozilla/5.0 (compatible; MSIE 9.0; Windows NT 6.1; Trident/5.0;  Trident/5.0)"
23.100.232.233 - - [17/Oct/2021:18:50:56 +0200] "GET /js/jquery.js HTTP/1.1" 200 54075 "http://www.wonder-geek.com/microfibre-base-cover-black-p-47980.html" "Mozilla/5.0 (compatible; MSIE 9.0; Windows NT 6.1; Trident/5.0;  Trident/5.0)"
23.100.232.233 - - [17/Oct/2021:18:50:56 +0200] "GET /js/jquery.jqzoom.js HTTP/1.1" 200 4761 "http://www.wonder-geek.com/microfibre-base-cover-black-p-47980.html" "Mozilla/5.0 (compatible; MSIE 9.0; Windows NT 6.1; Trident/5.0;  Trident/5.0)"
23.100.232.233 - - [17/Oct/2021:18:50:56 +0200] "GET /mondial_relay/js/jquery-1.3.2.min.js HTTP/1.1" 200 57254 "http://www.wonder-geek.com/microfibre-base-cover-black-p-47980.html" "Mozilla/5.0 (compatible; MSIE 9.0; Windows NT 6.1; Trident/5.0;  Trident/5.0)"
23.100.232.233 - - [17/Oct/2021:18:50:57 +0200] "GET /templates/Pixame_v1/images/flash.swf HTTP/1.1" 200 2868 "http://www.wonder-geek.com/microfibre-base-cover-black-p-47980.html" "Mozilla/5.0 (compatible; MSIE 9.0; Windows NT 6.1; Trident/5.0;  Trident/5.0)"
66.249.64.83 - - [17/Oct/2021:18:51:19 +0200] "GET /images/mini_prod/7601020000372.jpg HTTP/1.1" 200 8563 "-" "Googlebot-Image/1.0"
40.77.167.5 - - [17/Oct/2021:18:52:02 +0200] "GET /images/big_prod/842218807859.jpg HTTP/1.1" 200 87472 "-" "Mozilla/5.0 (compatible; bingbot/2.0; +http://www.bing.com/bingbot.htm)"
66.249.93.249 - - [17/Oct/2021:18:52:51 +0200] "GET /images/big_prod_1/3453131158992a.jpg HTTP/1.1" 200 173075 "-" "Mozilla/5.0 (Windows NT 5.1; rv:11.0) Gecko Firefox/11.0 (via ggpht.com GoogleImageProxy)"
157.55.39.102 - - [17/Oct/2021:18:54:32 +0200] "GET /images/8427787043211.jpg HTTP/1.1" 200 30887 "-" "Mozilla/5.0 (compatible; bingbot/2.0; +http://www.bing.com/bingbot.htm)"
66.249.93.253 - - [17/Oct/2021:18:55:31 +0200] "GET /images/big_prod/8720088293935.jpg HTTP/1.1" 200 297506 "-" "Mozilla/5.0 (Windows NT 5.1; rv:11.0) Gecko Firefox/11.0 (via ggpht.com GoogleImageProxy)"
87.250.224.17 - - [17/Oct/2021:18:56:08 +0200] "GET /images/med_prod/8435107811938.jpg HTTP/1.1" 200 116809 "-" "Mozilla/5.0 (compatible; YandexImages/3.0; +http://yandex.com/bots)"
111.225.149.142 - - [17/Oct/2021:18:58:19 +0200] "GET /images/big_prod/3503420121333.jpg HTTP/1.1" 200 59368 "http://www.wonder-geek.com/harold-oven-mitt-p-43817.html" "Mozilla/5.0 (Linux; Android 5.0) AppleWebKit/537.36 (KHTML, like Gecko) Mobile Safari/537.36 (compatible; Bytespider; https://zhanzhang.toutiao.com/)"
40.77.167.77 - - [17/Oct/2021:19:03:41 +0200] "GET /images/4045544427852b.jpg HTTP/1.1" 200 46989 "-" "Mozilla/5.0 (compatible; bingbot/2.0; +http://www.bing.com/bingbot.htm)"
110.249.202.148 - - [17/Oct/2021:19:08:05 +0200] "GET /images/big_prod/3453131138932.jpg HTTP/1.1" 200 76744 "http://www.wonder-geek.com/little-prince-tote-p-50595.html" "Mozilla/5.0 (Linux; Android 5.0) AppleWebKit/537.36 (KHTML, like Gecko) Mobile Safari/537.36 (compatible; Bytespider; https://zhanzhang.toutiao.com/)"
211.91.147.2 - - [17/Oct/2021:19:08:28 +0200] "GET /images/mini_prod/8033667001167.jpg HTTP/1.1" 200 11189 "-" "Mozilla/5.0 (X11; Ubuntu; Linux x86_64; rv:72.0) Gecko/20100101 Firefox/72.0"
66.249.64.83 - - [17/Oct/2021:19:08:31 +0200] "GET /images/mini_prod/7601020000372.jpg HTTP/1.1" 200 8563 "-" "Googlebot-Image/1.0"
49.49.216.208 - - [17/Oct/2021:19:08:41 +0200] "GET /js/jquery.jqzoom.js HTTP/1.1" 200 4761 "http://www.wonder-geek.com/statuette-sonny-angel-bobbing-head-p-54742.html" "Mozilla/5.0 (Linux; Android 11; SM-N770F) AppleWebKit/537.36 (KHTML, like Gecko) Chrome/94.0.4606.71 Mobile Safari/537.36"
49.49.216.208 - - [17/Oct/2021:19:08:42 +0200] "GET /templates/Pixame_v1/stylesheet.css HTTP/1.1" 200 56057 "http://www.wonder-geek.com/statuette-sonny-angel-bobbing-head-p-54742.html" "Mozilla/5.0 (Linux; Android 11; SM-N770F) AppleWebKit/537.36 (KHTML, like Gecko) Chrome/94.0.4606.71 Mobile Safari/537.36"
49.49.216.208 - - [17/Oct/2021:19:08:42 +0200] "GET /highslide/highslide.js HTTP/1.1" 200 42909 "http://www.wonder-geek.com/statuette-sonny-angel-bobbing-head-p-54742.html" "Mozilla/5.0 (Linux; Android 11; SM-N770F) AppleWebKit/537.36 (KHTML, like Gecko) Chrome/94.0.4606.71 Mobile Safari/537.36"
49.49.216.208 - - [17/Oct/2021:19:08:42 +0200] "GET /js/jquery.js HTTP/1.1" 200 54075 "http://www.wonder-geek.com/statuette-sonny-angel-bobbing-head-p-54742.html" "Mozilla/5.0 (Linux; Android 11; SM-N770F) AppleWebKit/537.36 (KHTML, like Gecko) Chrome/94.0.4606.71 Mobile Safari/537.36"
49.49.216.208 - - [17/Oct/2021:19:08:42 +0200] "GET /mondial_relay/js/jquery-1.3.2.min.js HTTP/1.1" 200 57254 "http://www.wonder-geek.com/statuette-sonny-angel-bobbing-head-p-54742.html" "Mozilla/5.0 (Linux; Android 11; SM-N770F) AppleWebKit/537.36 (KHTML, like Gecko) Chrome/94.0.4606.71 Mobile Safari/537.36"
49.49.216.208 - - [17/Oct/2021:19:08:42 +0200] "GET /templates/Pixame_v1/images/buttons/english/button_in_cart.gif HTTP/1.1" 200 1212 "http://www.wonder-geek.com/statuette-sonny-angel-bobbing-head-p-54742.html" "Mozilla/5.0 (Linux; Android 11; SM-N770F) AppleWebKit/537.36 (KHTML, like Gecko) Chrome/94.0.4606.71 Mobile Safari/537.36"
49.49.216.208 - - [17/Oct/2021:19:08:42 +0200] "GET /templates/Pixame_v1/images/icon_accueil2.png HTTP/1.1" 200 1137 "http://www.wonder-geek.com/statuette-sonny-angel-bobbing-head-p-54742.html" "Mozilla/5.0 (Linux; Android 11; SM-N770F) AppleWebKit/537.36 (KHTML, like Gecko) Chrome/94.0.4606.71 Mobile Safari/537.36"
49.49.216.208 - - [17/Oct/2021:19:08:42 +0200] "GET /templates/Pixame_v1/images/nav.png HTTP/1.1" 200 1283 "http://www.wonder-geek.com/templates/Pixame_v1/stylesheet.css" "Mozilla/5.0 (Linux; Android 11; SM-N770F) AppleWebKit/537.36 (KHTML, like Gecko) Chrome/94.0.4606.71 Mobile Safari/537.36"
49.49.216.208 - - [17/Oct/2021:19:08:42 +0200] "GET /templates/Pixame_v1/images/Bottom_texture.jpg HTTP/1.1" 200 56290 "http://www.wonder-geek.com/templates/Pixame_v1/stylesheet.css" "Mozilla/5.0 (Linux; Android 11; SM-N770F) AppleWebKit/537.36 (KHTML, like Gecko) Chrome/94.0.4606.71 Mobile Safari/537.36"
49.49.216.208 - - [17/Oct/2021:19:08:43 +0200] "GET /templates/Pixame_v1/images/header.png HTTP/1.1" 200 70245 "http://www.wonder-geek.com/templates/Pixame_v1/stylesheet.css" "Mozilla/5.0 (Linux; Android 11; SM-N770F) AppleWebKit/537.36 (KHTML, like Gecko) Chrome/94.0.4606.71 Mobile Safari/537.36"
49.49.216.208 - - [17/Oct/2021:19:08:43 +0200] "GET /design/productsenstock.png HTTP/1.1" 200 4743 "http://www.wonder-geek.com/templates/Pixame_v1/stylesheet.css" "Mozilla/5.0 (Linux; Android 11; SM-N770F) AppleWebKit/537.36 (KHTML, like Gecko) Chrome/94.0.4606.71 Mobile Safari/537.36"
49.49.216.208 - - [17/Oct/2021:19:08:43 +0200] "GET /templates/Pixame_v1/images/Middle_texture.jpg HTTP/1.1" 200 249620 "http://www.wonder-geek.com/templates/Pixame_v1/stylesheet.css" "Mozilla/5.0 (Linux; Android 11; SM-N770F) AppleWebKit/537.36 (KHTML, like Gecko) Chrome/94.0.4606.71 Mobile Safari/537.36"
49.49.216.208 - - [17/Oct/2021:19:08:43 +0200] "GET /templates/Pixame_v1/images/header-object.png HTTP/1.1" 200 106050 "http://www.wonder-geek.com/templates/Pixame_v1/stylesheet.css" "Mozilla/5.0 (Linux; Android 11; SM-N770F) AppleWebKit/537.36 (KHTML, like Gecko) Chrome/94.0.4606.71 Mobile Safari/537.36"
49.49.216.208 - - [17/Oct/2021:19:08:43 +0200] "GET /images/big_prod/4542202657140.jpg HTTP/1.1" 200 106127 "http://www.wonder-geek.com/statuette-sonny-angel-bobbing-head-p-54742.html" "Mozilla/5.0 (Linux; Android 11; SM-N770F) AppleWebKit/537.36 (KHTML, like Gecko) Chrome/94.0.4606.71 Mobile Safari/537.36"
49.49.216.208 - - [17/Oct/2021:19:08:43 +0200] "GET /images/big_prod_2/4542202657140b.jpg HTTP/1.1" 200 107904 "http://www.wonder-geek.com/statuette-sonny-angel-bobbing-head-p-54742.html" "Mozilla/5.0 (Linux; Android 11; SM-N770F) AppleWebKit/537.36 (KHTML, like Gecko) Chrome/94.0.4606.71 Mobile Safari/537.36"
49.49.216.208 - - [17/Oct/2021:19:08:43 +0200] "GET /images/big_prod_3/4542202657140c.jpg HTTP/1.1" 200 145120 "http://www.wonder-geek.com/statuette-sonny-angel-bobbing-head-p-54742.html" "Mozilla/5.0 (Linux; Android 11; SM-N770F) AppleWebKit/537.36 (KHTML, like Gecko) Chrome/94.0.4606.71 Mobile Safari/537.36"
49.49.216.208 - - [17/Oct/2021:19:08:44 +0200] "GET /images/big_prod_1/4542202657140a.jpg HTTP/1.1" 200 99269 "http://www.wonder-geek.com/statuette-sonny-angel-bobbing-head-p-54742.html" "Mozilla/5.0 (Linux; Android 11; SM-N770F) AppleWebKit/537.36 (KHTML, like Gecko) Chrome/94.0.4606.71 Mobile Safari/537.36"
49.49.216.208 - - [17/Oct/2021:19:08:44 +0200] "GET /highslide/graphics/outlines/drop-shadow.png HTTP/1.1" 200 2022 "http://www.wonder-geek.com/statuette-sonny-angel-bobbing-head-p-54742.html" "Mozilla/5.0 (Linux; Android 11; SM-N770F) AppleWebKit/537.36 (KHTML, like Gecko) Chrome/94.0.4606.71 Mobile Safari/537.36"
49.49.216.208 - - [17/Oct/2021:19:08:44 +0200] "GET /favicon.ico HTTP/1.1" 200 1591 "http://www.wonder-geek.com/statuette-sonny-angel-bobbing-head-p-54742.html" "Mozilla/5.0 (Linux; Android 11; SM-N770F) AppleWebKit/537.36 (KHTML, like Gecko) Chrome/94.0.4606.71 Mobile Safari/537.36"
207.46.13.81 - - [17/Oct/2021:19:09:04 +0200] "GET /images/big_prod/8718969170086.jpg HTTP/1.1" 200 115278 "-" "Mozilla/5.0 (compatible; bingbot/2.0; +http://www.bing.com/bingbot.htm)"
54.36.148.35 - - [17/Oct/2021:19:11:31 +0200] "GET /robots.txt HTTP/1.1" 200 2438 "-" "Mozilla/5.0 (compatible; AhrefsBot/7.0; +http://ahrefs.com/robot/)"
157.55.39.77 - - [17/Oct/2021:19:13:12 +0200] "GET /images/mini_prod/3560600316071.jpg HTTP/1.1" 200 5380 "-" "Mozilla/5.0 (compatible; bingbot/2.0; +http://www.bing.com/bingbot.htm)"
66.249.64.84 - - [17/Oct/2021:19:13:48 +0200] "GET /images/big_prod/8424346259984.jpg HTTP/1.1" 200 221211 "-" "Googlebot-Image/1.0"
216.244.66.242 - - [17/Oct/2021:19:14:15 +0200] "GET /robots.txt HTTP/1.1" 200 2438 "-" "Mozilla/5.0 (compatible; DotBot/1.2; +https://opensiteexplorer.org/dotbot; help@moz.com)"
157.55.39.111 - - [17/Oct/2021:19:16:04 +0200] "GET /images/big_prod/028399219209.jpg HTTP/1.1" 200 61682 "-" "Mozilla/5.0 (compatible; bingbot/2.0; +http://www.bing.com/bingbot.htm)"
66.249.85.114 - - [17/Oct/2021:19:16:25 +0200] "GET /images/big_prod/4029811451272.jpg HTTP/1.1" 200 190462 "-" "Mozilla/5.0 (Windows NT 5.1; rv:11.0) Gecko Firefox/11.0 (via ggpht.com GoogleImageProxy)"
66.249.64.84 - - [17/Oct/2021:19:16:26 +0200] "GET /images/big_prod_1/5051276388823a.jpg HTTP/1.1" 200 341158 "-" "Googlebot-Image/1.0"
111.225.148.90 - - [17/Oct/2021:19:18:09 +0200] "GET /images/8003990628119.jpg HTTP/1.1" 200 48028 "http://www.wonder-geek.com/hello-kitty-picnic-p-17166.html" "Mozilla/5.0 (Linux; Android 5.0) AppleWebKit/537.36 (KHTML, like Gecko) Mobile Safari/537.36 (compatible; Bytespider; https://zhanzhang.toutiao.com/)"
157.55.39.102 - - [17/Oct/2021:19:18:44 +0200] "GET /images/big_prod_1/3700407618552B.jpg HTTP/1.1" 200 83184 "-" "Mozilla/5.0 (compatible; bingbot/2.0; +http://www.bing.com/bingbot.htm)"
66.249.64.84 - - [17/Oct/2021:19:19:04 +0200] "GET /images/big_prod/8433933104644.jpg HTTP/1.1" 200 134880 "-" "Googlebot-Image/1.0"
40.77.167.5 - - [17/Oct/2021:19:23:45 +0200] "GET /images/big_prod_1/8720088299470a.jpg HTTP/1.1" 200 144715 "-" "Mozilla/5.0 (compatible; bingbot/2.0; +http://www.bing.com/bingbot.htm)"
66.249.64.83 - - [17/Oct/2021:19:24:21 +0200] "GET /images/big_prod/9316188078993.jpg HTTP/1.1" 200 36963 "-" "Googlebot-Image/1.0"
8.209.117.185 - - [17/Oct/2021:19:25:28 +0200] "GET /images/mini_prod/1020322216650.jpg HTTP/1.1" 200 6744 "https://google.com" "Mozilla/5.0 (X11; Linux x86_64) AppleWebKit/537.36 (KHTML, like Gecko) Chrome/58.0.3029.110 Safari/537.36|Chrome 58.0"
8.209.117.185 - - [17/Oct/2021:19:25:54 +0200] "GET /images/mini_prod/5013348001719.jpg HTTP/1.1" 200 6006 "https://google.com" "Mozilla/5.0 (X11; Linux x86_64) AppleWebKit/537.36 (KHTML, like Gecko) Chrome/58.0.3029.110 Safari/537.36|Chrome 58.0"
8.209.117.185 - - [17/Oct/2021:19:26:08 +0200] "GET /images/mini_prod/5415203904485.jpg HTTP/1.1" 200 5325 "https://google.com" "Mozilla/5.0 (X11; Linux x86_64) AppleWebKit/537.36 (KHTML, like Gecko) Chrome/58.0.3029.110 Safari/537.36|Chrome 58.0"
8.209.117.185 - - [17/Oct/2021:19:26:10 +0200] "GET /images/mini_prod/5024095215120.jpg HTTP/1.1" 200 8329 "https://google.com" "Mozilla/5.0 (X11; Linux x86_64) AppleWebKit/537.36 (KHTML, like Gecko) Chrome/58.0.3029.110 Safari/537.36|Chrome 58.0"
8.209.117.185 - - [17/Oct/2021:19:26:17 +0200] "GET /images/mini_prod/4007176121894.jpg HTTP/1.1" 200 9609 "https://google.com" "Mozilla/5.0 (X11; Linux x86_64) AppleWebKit/537.36 (KHTML, like Gecko) Chrome/58.0.3029.110 Safari/537.36|Chrome 58.0"
8.209.117.185 - - [17/Oct/2021:19:26:26 +0200] "GET /images/mini_prod/1384010206423.jpg HTTP/1.1" 200 8221 "https://google.com" "Mozilla/5.0 (X11; Linux x86_64) AppleWebKit/537.36 (KHTML, like Gecko) Chrome/58.0.3029.110 Safari/537.36|Chrome 58.0"
8.209.117.185 - - [17/Oct/2021:19:26:39 +0200] "GET /images/mini_prod/3760226372332.jpg HTTP/1.1" 200 8809 "https://google.com" "Mozilla/5.0 (X11; Linux x86_64) AppleWebKit/537.36 (KHTML, like Gecko) Chrome/58.0.3029.110 Safari/537.36|Chrome 58.0"
8.209.117.185 - - [17/Oct/2021:19:26:41 +0200] "GET /images/mini_prod/3760226372530.jpg HTTP/1.1" 200 8746 "https://google.com" "Mozilla/5.0 (X11; Linux x86_64) AppleWebKit/537.36 (KHTML, like Gecko) Chrome/58.0.3029.110 Safari/537.36|Chrome 58.0"
8.209.117.185 - - [17/Oct/2021:19:26:44 +0200] "GET /images/mini_prod/4007176121870.jpg HTTP/1.1" 200 8008 "https://google.com" "Mozilla/5.0 (X11; Linux x86_64) AppleWebKit/537.36 (KHTML, like Gecko) Chrome/58.0.3029.110 Safari/537.36|Chrome 58.0"
8.209.117.185 - - [17/Oct/2021:19:26:47 +0200] "GET /images/mini_prod/1384010206379.jpg HTTP/1.1" 200 5100 "https://google.com" "Mozilla/5.0 (X11; Linux x86_64) AppleWebKit/537.36 (KHTML, like Gecko) Chrome/58.0.3029.110 Safari/537.36|Chrome 58.0"
8.209.117.185 - - [17/Oct/2021:19:26:48 +0200] "GET /images/mini_prod/3521320800226.jpg HTTP/1.1" 200 5341 "https://google.com" "Mozilla/5.0 (X11; Linux x86_64) AppleWebKit/537.36 (KHTML, like Gecko) Chrome/58.0.3029.110 Safari/537.36|Chrome 58.0"
8.209.117.185 - - [17/Oct/2021:19:26:49 +0200] "GET /images/mini_prod/1020322223795.jpg HTTP/1.1" 200 7093 "https://google.com" "Mozilla/5.0 (X11; Linux x86_64) AppleWebKit/537.36 (KHTML, like Gecko) Chrome/58.0.3029.110 Safari/537.36|Chrome 58.0"
8.209.117.185 - - [17/Oct/2021:19:26:59 +0200] "GET /images/mini_prod/3609810013544.jpg HTTP/1.1" 200 7229 "https://google.com" "Mozilla/5.0 (X11; Linux x86_64) AppleWebKit/537.36 (KHTML, like Gecko) Chrome/58.0.3029.110 Safari/537.36|Chrome 58.0"
8.209.117.185 - - [17/Oct/2021:19:27:08 +0200] "GET /images/mini_prod/4007176121023.jpg HTTP/1.1" 200 8088 "https://google.com" "Mozilla/5.0 (X11; Linux x86_64) AppleWebKit/537.36 (KHTML, like Gecko) Chrome/58.0.3029.110 Safari/537.36|Chrome 58.0"
8.209.117.185 - - [17/Oct/2021:19:27:08 +0200] "GET /images/mini_prod/1384010206430.jpg HTTP/1.1" 200 8487 "https://google.com" "Mozilla/5.0 (X11; Linux x86_64) AppleWebKit/537.36 (KHTML, like Gecko) Chrome/58.0.3029.110 Safari/537.36|Chrome 58.0"
8.209.117.185 - - [17/Oct/2021:19:27:12 +0200] "GET /images/mini_prod/3609810013520.jpg HTTP/1.1" 200 7289 "https://google.com" "Mozilla/5.0 (X11; Linux x86_64) AppleWebKit/537.36 (KHTML, like Gecko) Chrome/58.0.3029.110 Safari/537.36|Chrome 58.0"
8.209.117.185 - - [17/Oct/2021:19:27:18 +0200] "GET /images/mini_prod/8717318175925.jpg HTTP/1.1" 200 4171 "https://google.com" "Mozilla/5.0 (X11; Linux x86_64) AppleWebKit/537.36 (KHTML, like Gecko) Chrome/58.0.3029.110 Safari/537.36|Chrome 58.0"
8.209.117.185 - - [17/Oct/2021:19:27:19 +0200] "GET /images/mini_prod/3700829406065.jpg HTTP/1.1" 200 8092 "https://google.com" "Mozilla/5.0 (X11; Linux x86_64) AppleWebKit/537.36 (KHTML, like Gecko) Chrome/58.0.3029.110 Safari/537.36|Chrome 58.0"
8.209.117.185 - - [17/Oct/2021:19:27:30 +0200] "GET /images/mini_prod/4029811311712.jpg HTTP/1.1" 200 5286 "https://google.com" "Mozilla/5.0 (X11; Linux x86_64) AppleWebKit/537.36 (KHTML, like Gecko) Chrome/58.0.3029.110 Safari/537.36|Chrome 58.0"
8.209.117.185 - - [17/Oct/2021:19:27:36 +0200] "GET /images/mini_prod/8422020166344.jpg HTTP/1.1" 200 5254 "https://google.com" "Mozilla/5.0 (X11; Linux x86_64) AppleWebKit/537.36 (KHTML, like Gecko) Chrome/58.0.3029.110 Safari/537.36|Chrome 58.0"
110.249.201.187 - - [17/Oct/2021:19:28:05 +0200] "GET /js/jquery.jqzoom.js HTTP/1.1" 200 4761 "http://www.wonder-geek.com/potholder-glove-p-54124.html" "Mozilla/5.0 (Linux; Android 5.0) AppleWebKit/537.36 (KHTML, like Gecko) Mobile Safari/537.36 (compatible; Bytespider; https://zhanzhang.toutiao.com/)"
110.249.201.184 - - [17/Oct/2021:19:28:06 +0200] "GET /images/big_prod/3574642574979.jpg HTTP/1.1" 200 62264 "http://www.wonder-geek.com/potholder-glove-p-54124.html" "Mozilla/5.0 (Linux; Android 5.0) AppleWebKit/537.36 (KHTML, like Gecko) Mobile Safari/537.36 (compatible; Bytespider; https://zhanzhang.toutiao.com/)"
157.55.39.77 - - [17/Oct/2021:19:30:14 +0200] "GET /images/mini_prod/8003990609699.jpg HTTP/1.1" 200 6866 "-" "Mozilla/5.0 (compatible; bingbot/2.0; +http://www.bing.com/bingbot.htm)"
192.0.101.11 - - [17/Oct/2021:19:30:17 +0200] "GET /images/med_prod/5060275045248.jpg HTTP/1.1" 200 120972 "-" "Photon/1.0"
207.46.13.129 - - [17/Oct/2021:19:30:57 +0200] "GET /images/big_prod_1/8424345932369B.jpg HTTP/1.1" 200 65128 "-" "Mozilla/5.0 (compatible; bingbot/2.0; +http://www.bing.com/bingbot.htm)"
66.249.64.82 - - [17/Oct/2021:19:31:43 +0200] "GET /images/mini_prod/3503420039270.jpg HTTP/1.1" 200 6544 "-" "Googlebot-Image/1.0"
185.191.171.13 - - [17/Oct/2021:19:36:55 +0200] "GET /robots.txt HTTP/1.1" 200 2438 "-" "Mozilla/5.0 (compatible; SemrushBot/7~bl; +http://www.semrush.com/bot.html)"
66.249.64.83 - - [17/Oct/2021:19:37:32 +0200] "GET /images/mini_prod/8424001832682.jpg HTTP/1.1" 200 7041 "-" "Googlebot-Image/1.0"
110.249.202.105 - - [17/Oct/2021:19:38:05 +0200] "GET /images/big_prod/8003990628102a.jpg HTTP/1.1" 200 53576 "http://www.wonder-geek.com/spongebob-picnic-p-54627.html" "Mozilla/5.0 (Linux; Android 5.0) AppleWebKit/537.36 (KHTML, like Gecko) Mobile Safari/537.36 (compatible; Bytespider; https://zhanzhang.toutiao.com/)"
74.125.209.50 - - [17/Oct/2021:19:39:06 +0200] "GET /images/big_prod/3565750239935.jpg HTTP/1.1" 200 92943 "-" "Mozilla/5.0 (Windows NT 5.1; rv:11.0) Gecko Firefox/11.0 (via ggpht.com GoogleImageProxy)"
103.131.71.83 - - [17/Oct/2021:19:39:55 +0200] "GET /robots.txt HTTP/1.1" 200 2438 "-" "Mozilla/5.0 (compatible; coccocbot-web/1.0; +http://help.coccoc.com/searchengine)"
103.131.71.188 - - [17/Oct/2021:19:39:57 +0200] "GET /robots.txt HTTP/1.1" 200 2438 "-" "Mozilla/5.0 (compatible; coccocbot-web/1.0; +http://help.coccoc.com/searchengine)"
157.55.39.111 - - [17/Oct/2021:19:42:26 +0200] "GET /images/big_prod/8904245400347.jpg HTTP/1.1" 200 77729 "-" "Mozilla/5.0 (compatible; bingbot/2.0; +http://www.bing.com/bingbot.htm)"
66.249.64.82 - - [17/Oct/2021:19:42:49 +0200] "GET /images/mini_prod/1328399138425.jpg HTTP/1.1" 200 9507 "-" "Googlebot-Image/1.0"
40.77.167.5 - - [17/Oct/2021:19:46:37 +0200] "GET /images/1341689286293.jpg HTTP/1.1" 200 121985 "-" "Mozilla/5.0 (compatible; bingbot/2.0; +http://www.bing.com/bingbot.htm)"
207.46.13.17 - - [17/Oct/2021:19:47:58 +0200] "GET /images/mini_prod/5415203976215.jpg HTTP/1.1" 200 4204 "-" "Mozilla/5.0 (compatible; bingbot/2.0; +http://www.bing.com/bingbot.htm)"
157.55.39.68 - - [17/Oct/2021:19:48:06 +0200] "GET /images/big_prod/8904245400477.jpg HTTP/1.1" 200 89677 "-" "Mozilla/5.0 (compatible; bingbot/2.0; +http://www.bing.com/bingbot.htm)"
111.225.148.139 - - [17/Oct/2021:19:48:09 +0200] "GET /images/big_prod/3574642574917.jpg HTTP/1.1" 200 47784 "http://www.wonder-geek.com/potholder-glove-p-54121.html" "Mozilla/5.0 (Linux; Android 5.0) AppleWebKit/537.36 (KHTML, like Gecko) Mobile Safari/537.36 (compatible; Bytespider; https://zhanzhang.toutiao.com/)"
157.55.39.111 - - [17/Oct/2021:19:48:17 +0200] "GET /images/big_prod/045544939850.jpg HTTP/1.1" 200 96737 "-" "Mozilla/5.0 (compatible; bingbot/2.0; +http://www.bing.com/bingbot.htm)"
166.137.12.48 - - [17/Oct/2021:19:53:51 +0200] "GET /images/big_prod/8422009510816.jpg HTTP/1.1" 200 38305 "-" "Mozilla/5.0 (Windows NT 10.0; Win64; x64) AppleWebKit/537.36 (KHTML, like Gecko) Chrome/87.0.4280.66 Safari/537.36"
66.249.64.84 - - [17/Oct/2021:19:54:13 +0200] "GET /images/big_prod_1/8720088298626.jpg HTTP/1.1" 200 44337 "-" "Googlebot-Image/1.0"
211.91.147.2 - - [17/Oct/2021:19:54:28 +0200] "GET /images/mini_prod/524352[2].jpg HTTP/1.1" 200 5054 "-" "Mozilla/5.0 (X11; Ubuntu; Linux x86_64; rv:72.0) Gecko/20100101 Firefox/72.0"
207.46.13.129 - - [17/Oct/2021:19:55:29 +0200] "GET /images/8003990629697.jpg HTTP/1.1" 200 22710 "-" "Mozilla/5.0 (compatible; bingbot/2.0; +http://www.bing.com/bingbot.htm)"
211.91.147.2 - - [17/Oct/2021:19:57:55 +0200] "GET /images/mini_prod/3700276274620.jpg HTTP/1.1" 200 9463 "-" "Mozilla/5.0 (X11; Ubuntu; Linux x86_64; rv:72.0) Gecko/20100101 Firefox/72.0"
40.77.167.5 - - [17/Oct/2021:19:57:58 +0200] "GET /images/big_prod/1384010190784.jpg HTTP/1.1" 200 85244 "-" "Mozilla/5.0 (compatible; bingbot/2.0; +http://www.bing.com/bingbot.htm)"
110.249.202.147 - - [17/Oct/2021:19:58:04 +0200] "GET /mondial_relay/js/jquery-1.3.2.min.js HTTP/1.1" 200 57254 "http://www.wonder-geek.com/potholder-glove-p-54122.html" "Mozilla/5.0 (Linux; Android 5.0) AppleWebKit/537.36 (KHTML, like Gecko) Mobile Safari/537.36 (compatible; Bytespider; https://zhanzhang.toutiao.com/)"
110.249.202.149 - - [17/Oct/2021:19:58:06 +0200] "GET /images/big_prod/3574642574948.jpg HTTP/1.1" 200 52128 "http://www.wonder-geek.com/potholder-glove-p-54122.html" "Mozilla/5.0 (Linux; Android 5.0) AppleWebKit/537.36 (KHTML, like Gecko) Mobile Safari/537.36 (compatible; Bytespider; https://zhanzhang.toutiao.com/)"
2.55.154.75 - - [17/Oct/2021:19:58:56 +0200] "GET /js/jquery.jqzoom.js HTTP/1.1" 200 4761 "http://www.wonder-geek.com/lola-shower-towel-grey-p-41786.html" "Mozilla/5.0 (Windows NT 10.0; Win64; x64) AppleWebKit/537.36 (KHTML, like Gecko) Chrome/94.0.4606.81 Safari/537.36"
2.55.154.75 - - [17/Oct/2021:19:58:57 +0200] "GET /highslide/highslide.js HTTP/1.1" 200 42909 "http://www.wonder-geek.com/lola-shower-towel-grey-p-41786.html" "Mozilla/5.0 (Windows NT 10.0; Win64; x64) AppleWebKit/537.36 (KHTML, like Gecko) Chrome/94.0.4606.81 Safari/537.36"
2.55.154.75 - - [17/Oct/2021:19:58:58 +0200] "GET /templates/Pixame_v1/stylesheet.css HTTP/1.1" 200 56057 "http://www.wonder-geek.com/lola-shower-towel-grey-p-41786.html" "Mozilla/5.0 (Windows NT 10.0; Win64; x64) AppleWebKit/537.36 (KHTML, like Gecko) Chrome/94.0.4606.81 Safari/537.36"
2.55.154.75 - - [17/Oct/2021:19:59:01 +0200] "GET /js/jquery.js HTTP/1.1" 200 54075 "http://www.wonder-geek.com/lola-shower-towel-grey-p-41786.html" "Mozilla/5.0 (Windows NT 10.0; Win64; x64) AppleWebKit/537.36 (KHTML, like Gecko) Chrome/94.0.4606.81 Safari/537.36"
2.55.154.75 - - [17/Oct/2021:19:59:03 +0200] "GET /mondial_relay/js/jquery-1.3.2.min.js HTTP/1.1" 200 57254 "http://www.wonder-geek.com/lola-shower-towel-grey-p-41786.html" "Mozilla/5.0 (Windows NT 10.0; Win64; x64) AppleWebKit/537.36 (KHTML, like Gecko) Chrome/94.0.4606.81 Safari/537.36"
2.55.154.75 - - [17/Oct/2021:19:59:03 +0200] "GET /templates/Pixame_v1/images/icon_accueil2.png HTTP/1.1" 200 1137 "http://www.wonder-geek.com/lola-shower-towel-grey-p-41786.html" "Mozilla/5.0 (Windows NT 10.0; Win64; x64) AppleWebKit/537.36 (KHTML, like Gecko) Chrome/94.0.4606.81 Safari/537.36"
2.55.154.75 - - [17/Oct/2021:19:59:05 +0200] "GET /templates/Pixame_v1/images/Bottom_texture.jpg HTTP/1.1" 200 56290 "http://www.wonder-geek.com/templates/Pixame_v1/stylesheet.css" "Mozilla/5.0 (Windows NT 10.0; Win64; x64) AppleWebKit/537.36 (KHTML, like Gecko) Chrome/94.0.4606.81 Safari/537.36"
2.55.154.75 - - [17/Oct/2021:19:59:08 +0200] "GET /templates/Pixame_v1/images/header.png HTTP/1.1" 200 70245 "http://www.wonder-geek.com/templates/Pixame_v1/stylesheet.css" "Mozilla/5.0 (Windows NT 10.0; Win64; x64) AppleWebKit/537.36 (KHTML, like Gecko) Chrome/94.0.4606.81 Safari/537.36"
2.55.154.75 - - [17/Oct/2021:19:59:10 +0200] "GET /templates/Pixame_v1/images/header-object.png HTTP/1.1" 200 106050 "http://www.wonder-geek.com/templates/Pixame_v1/stylesheet.css" "Mozilla/5.0 (Windows NT 10.0; Win64; x64) AppleWebKit/537.36 (KHTML, like Gecko) Chrome/94.0.4606.81 Safari/537.36"
2.55.154.75 - - [17/Oct/2021:19:59:12 +0200] "GET /templates/Pixame_v1/images/nav.png HTTP/1.1" 200 1283 "http://www.wonder-geek.com/templates/Pixame_v1/stylesheet.css" "Mozilla/5.0 (Windows NT 10.0; Win64; x64) AppleWebKit/537.36 (KHTML, like Gecko) Chrome/94.0.4606.81 Safari/537.36"
2.55.154.75 - - [17/Oct/2021:19:59:13 +0200] "GET /design/productsenstock.png HTTP/1.1" 200 4743 "http://www.wonder-geek.com/templates/Pixame_v1/stylesheet.css" "Mozilla/5.0 (Windows NT 10.0; Win64; x64) AppleWebKit/537.36 (KHTML, like Gecko) Chrome/94.0.4606.81 Safari/537.36"
2.55.154.75 - - [17/Oct/2021:19:59:14 +0200] "GET /templates/Pixame_v1/images/Middle_texture.jpg HTTP/1.1" 200 249620 "http://www.wonder-geek.com/templates/Pixame_v1/stylesheet.css" "Mozilla/5.0 (Windows NT 10.0; Win64; x64) AppleWebKit/537.36 (KHTML, like Gecko) Chrome/94.0.4606.81 Safari/537.36"
2.55.154.75 - - [17/Oct/2021:19:59:15 +0200] "GET /templates/Pixame_v1/images/buttons/english/button_in_cart.gif HTTP/1.1" 200 1212 "http://www.wonder-geek.com/lola-shower-towel-grey-p-41786.html" "Mozilla/5.0 (Windows NT 10.0; Win64; x64) AppleWebKit/537.36 (KHTML, like Gecko) Chrome/94.0.4606.81 Safari/537.36"
2.55.154.75 - - [17/Oct/2021:19:59:18 +0200] "GET /images/big_prod/LOLA.jpg HTTP/1.1" 200 147747 "http://www.wonder-geek.com/lola-shower-towel-grey-p-41786.html" "Mozilla/5.0 (Windows NT 10.0; Win64; x64) AppleWebKit/537.36 (KHTML, like Gecko) Chrome/94.0.4606.81 Safari/537.36"
2.55.154.75 - - [17/Oct/2021:19:59:20 +0200] "GET /images/big_prod_1/3014627746132NN.jpg HTTP/1.1" 200 151240 "http://www.wonder-geek.com/lola-shower-towel-grey-p-41786.html" "Mozilla/5.0 (Windows NT 10.0; Win64; x64) AppleWebKit/537.36 (KHTML, like Gecko) Chrome/94.0.4606.81 Safari/537.36"
2.55.154.75 - - [17/Oct/2021:19:59:21 +0200] "GET /favicon.ico HTTP/1.1" 200 1591 "http://www.wonder-geek.com/lola-shower-towel-grey-p-41786.html" "Mozilla/5.0 (Windows NT 10.0; Win64; x64) AppleWebKit/537.36 (KHTML, like Gecko) Chrome/94.0.4606.81 Safari/537.36"
2.55.154.75 - - [17/Oct/2021:19:59:21 +0200] "GET /highslide/graphics/outlines/drop-shadow.png HTTP/1.1" 200 2022 "http://www.wonder-geek.com/lola-shower-towel-grey-p-41786.html" "Mozilla/5.0 (Windows NT 10.0; Win64; x64) AppleWebKit/537.36 (KHTML, like Gecko) Chrome/94.0.4606.81 Safari/537.36"
66.249.64.84 - - [17/Oct/2021:20:01:18 +0200] "GET /images/big_prod/8433933185070.jpg HTTP/1.1" 200 121084 "-" "Googlebot-Image/1.0"
54.236.1.11 - - [17/Oct/2021:20:02:42 +0200] "GET /robots.txt HTTP/1.1" 200 2438 "-" "Mozilla/5.0 (compatible; Pinterestbot/1.0; +http://www.pinterest.com/bot.html)"
66.249.64.83 - - [17/Oct/2021:20:03:56 +0200] "GET /images/big_prod/8422019037303B.jpg HTTP/1.1" 200 355609 "-" "Googlebot-Image/1.0"
216.244.66.242 - - [17/Oct/2021:20:05:01 +0200] "GET /robots.txt HTTP/1.1" 200 2438 "-" "Mozilla/5.0 (compatible; DotBot/1.2; +https://opensiteexplorer.org/dotbot; help@moz.com)"
207.46.13.129 - - [17/Oct/2021:20:05:41 +0200] "GET /images/3384370122232.jpg HTTP/1.1" 200 52689 "-" "Mozilla/5.0 (compatible; bingbot/2.0; +http://www.bing.com/bingbot.htm)"
157.55.39.102 - - [17/Oct/2021:20:06:19 +0200] "GET /images/big_prod_2/1328399219643b.jpg HTTP/1.1" 200 81923 "-" "Mozilla/5.0 (compatible; bingbot/2.0; +http://www.bing.com/bingbot.htm)"
66.249.93.253 - - [17/Oct/2021:20:06:23 +0200] "GET /images/big_prod_4/4250255859205d.jpg HTTP/1.1" 200 129502 "-" "Mozilla/5.0 (Windows NT 5.1; rv:11.0) Gecko Firefox/11.0 (via ggpht.com GoogleImageProxy)"
66.249.64.82 - - [17/Oct/2021:20:06:34 +0200] "GET /images/mini_prod/5400924016197.jpg HTTP/1.1" 200 4470 "-" "Googlebot-Image/1.0"
87.250.224.17 - - [17/Oct/2021:20:07:20 +0200] "GET /robots.txt HTTP/1.1" 200 2438 "-" "Mozilla/5.0 (compatible; YandexBot/3.0; +http://yandex.com/bots)"
110.249.201.243 - - [17/Oct/2021:20:08:34 +0200] "GET /images/big_prod/3609810022287.jpg HTTP/1.1" 200 40544 "http://www.wonder-geek.com/tablet-cover-p-25016.html" "Mozilla/5.0 (Linux; Android 5.0) AppleWebKit/537.36 (KHTML, like Gecko) Mobile Safari/537.36 (compatible; Bytespider; https://zhanzhang.toutiao.com/)"
211.91.147.2 - - [17/Oct/2021:20:09:10 +0200] "GET /images/mini_prod/3760054863347.jpg HTTP/1.1" 200 9931 "-" "Mozilla/5.0 (X11; Ubuntu; Linux x86_64; rv:72.0) Gecko/20100101 Firefox/72.0"
66.249.64.84 - - [17/Oct/2021:20:09:13 +0200] "GET /images/big_prod/8717202555536.jpg HTTP/1.1" 200 300608 "-" "Googlebot-Image/1.0"
157.55.39.77 - - [17/Oct/2021:20:11:28 +0200] "GET /images/mini_prod/3760233683247.jpg HTTP/1.1" 200 5444 "-" "Mozilla/5.0 (compatible; bingbot/2.0; +http://www.bing.com/bingbot.htm)"
66.249.64.83 - - [17/Oct/2021:20:11:51 +0200] "GET /images/big_prod/3574642575778.jpg HTTP/1.1" 200 41886 "-" "Googlebot-Image/1.0"
