8.209.69.198 - - [17/Oct/2021:15:13:04 +0200] "GET /images/mini_prod/TBOB51SHJAUNE.jpg HTTP/1.1" 200 18672 "https://google.com" "\x22Mozilla/5.0 (X11; Linux x86_64) AppleWebKit/537.36 (KHTML, like Gecko) Chrome/41.0.2227.0 Safari/537.36\x22"
40.77.167.4 - - [17/Oct/2021:15:13:30 +0200] "GET /images/big_prod/3609810013513.jpg HTTP/1.1" 200 75049 "-" "Mozilla/5.0 (compatible; bingbot/2.0; +http://www.bing.com/bingbot.htm)"
8.209.69.198 - - [17/Oct/2021:15:13:38 +0200] "GET /images/mini_prod/36DSCN8204.jpg HTTP/1.1" 200 5733 "https://google.com" "\x22Mozilla/5.0 (X11; Linux x86_64) AppleWebKit/537.36 (KHTML, like Gecko) Chrome/41.0.2227.0 Safari/537.36\x22"
207.46.13.17 - - [17/Oct/2021:15:16:11 +0200] "GET /images/big_prod/5415203535986.jpg HTTP/1.1" 200 50181 "-" "Mozilla/5.0 (compatible; bingbot/2.0; +http://www.bing.com/bingbot.htm)"
77.75.79.119 - - [17/Oct/2021:15:17:27 +0200] "GET /robots.txt HTTP/1.1" 200 2438 "-" "Mozilla/5.0 (compatible; SeznamBot/3.2; +http://napoveda.seznam.cz/en/seznambot-intro/)"
77.75.79.119 - - [17/Oct/2021:15:17:27 +0200] "GET /images/med_prod/1399984270325.jpg HTTP/1.1" 200 97916 "-" "Mozilla/5.0 (compatible; SeznamBot/3.2; +http://napoveda.seznam.cz/en/seznambot-intro/)"
157.55.39.111 - - [17/Oct/2021:15:20:20 +0200] "GET /images/Photodel-072b.jpg HTTP/1.1" 200 19760 "-" "Mozilla/5.0 (compatible; bingbot/2.0; +http://www.bing.com/bingbot.htm)"
66.249.64.83 - - [17/Oct/2021:15:22:44 +0200] "GET /js/jquery.js HTTP/1.1" 200 54075 "http://www.wonder-geek.com/incense-stick-holder-butterfly-p-54223.html" "Mozilla/5.0 (Linux; Android 6.0.1; Nexus 5X Build/MMB29P) AppleWebKit/537.36 (KHTML, like Gecko) Chrome/94.0.4606.71 Mobile Safari/537.36 (compatible; Googlebot/2.1; +http://www.google.com/bot.html)"
207.46.13.152 - - [17/Oct/2021:15:22:51 +0200] "GET /images/mini_prod/067103634518.jpg HTTP/1.1" 200 8474 "-" "Mozilla/5.0 (compatible; bingbot/2.0; +http://www.bing.com/bingbot.htm)"
157.55.39.111 - - [17/Oct/2021:15:28:02 +0200] "GET /images/B5010994722616B.jpg HTTP/1.1" 200 171149 "-" "Mozilla/5.0 (compatible; bingbot/2.0; +http://www.bing.com/bingbot.htm)"
207.46.13.17 - - [17/Oct/2021:15:33:34 +0200] "GET /images/DSCN4019.jpg HTTP/1.1" 200 47674 "-" "Mozilla/5.0 (compatible; bingbot/2.0; +http://www.bing.com/bingbot.htm)"
20.191.45.212 - - [17/Oct/2021:15:35:31 +0200] "GET /favicon.ico HTTP/1.1" 200 1591 "http://www.wonder-geek.com/favicon.ico" "Mozilla/5.0 (compatible; DuckDuckGo-Favicons-Bot/1.0; +http://duckduckgo.com)"
185.191.171.39 - - [17/Oct/2021:15:37:06 +0200] "GET /robots.txt HTTP/1.1" 200 2438 "-" "Mozilla/5.0 (compatible; SemrushBot/7~bl; +http://www.semrush.com/bot.html)"
211.91.147.2 - - [17/Oct/2021:15:37:51 +0200] "GET /images/mini_prod/3700653593320.jpg HTTP/1.1" 200 5267 "-" "Mozilla/5.0 (X11; Ubuntu; Linux x86_64; rv:72.0) Gecko/20100101 Firefox/72.0"
207.46.13.152 - - [17/Oct/2021:15:39:13 +0200] "GET /images/big_prod/8432699037265.jpg HTTP/1.1" 200 62602 "-" "Mozilla/5.0 (compatible; bingbot/2.0; +http://www.bing.com/bingbot.htm)"
66.249.64.82 - - [17/Oct/2021:15:40:56 +0200] "GET /images/big_prod/3453131117647.jpg HTTP/1.1" 200 82427 "-" "Googlebot-Image/1.0"
211.91.147.2 - - [17/Oct/2021:15:48:54 +0200] "GET /images/mini_prod/8718375756041.jpg HTTP/1.1" 200 6216 "-" "Mozilla/5.0 (X11; Ubuntu; Linux x86_64; rv:72.0) Gecko/20100101 Firefox/72.0"
66.249.93.249 - - [17/Oct/2021:15:49:07 +0200] "GET /images/big_prod_1/b028399138432.jpg HTTP/1.1" 200 111186 "-" "Mozilla/5.0 (Windows NT 5.1; rv:11.0) Gecko Firefox/11.0 (via ggpht.com GoogleImageProxy)"
157.55.39.68 - - [17/Oct/2021:15:50:23 +0200] "GET /images/8435306275555.jpg HTTP/1.1" 200 91626 "-" "Mozilla/5.0 (compatible; bingbot/2.0; +http://www.bing.com/bingbot.htm)"
207.46.13.129 - - [17/Oct/2021:15:50:35 +0200] "GET /images/mini_prod/028399219209.jpg HTTP/1.1" 200 5609 "-" "Mozilla/5.0 (compatible; bingbot/2.0; +http://www.bing.com/bingbot.htm)"
87.250.224.17 - - [17/Oct/2021:15:50:36 +0200] "GET /robots.txt HTTP/1.1" 200 2438 "-" "Mozilla/5.0 (compatible; YandexBot/3.0; +http://yandex.com/bots)"
40.77.167.4 - - [17/Oct/2021:15:52:45 +0200] "GET /images/8718375531013.jpg HTTP/1.1" 200 38737 "-" "Mozilla/5.0 (compatible; bingbot/2.0; +http://www.bing.com/bingbot.htm)"
157.55.39.77 - - [17/Oct/2021:15:53:42 +0200] "GET /images/big_prod/9316188073332.jpg HTTP/1.1" 200 48804 "-" "Mozilla/5.0 (compatible; bingbot/2.0; +http://www.bing.com/bingbot.htm)"
40.77.167.4 - - [17/Oct/2021:15:53:55 +0200] "GET /images/8003990572825.jpg HTTP/1.1" 200 29273 "-" "Mozilla/5.0 (compatible; bingbot/2.0; +http://www.bing.com/bingbot.htm)"
66.249.82.151 - - [17/Oct/2021:15:55:15 +0200] "GET /images/big_prod_1/8424001829279a.jpg HTTP/1.1" 200 80088 "-" "Mozilla/5.0 (Windows NT 5.1; rv:11.0) Gecko Firefox/11.0 (via ggpht.com GoogleImageProxy)"
43.251.171.86 - - [17/Oct/2021:15:55:22 +0200] "GET /js/jquery.jqzoom.js HTTP/1.1" 200 4761 "http://www.wonder-geek.com/piggy-bank-sandstone-enclosure-p-55125.html" "Mozilla/5.0 (Windows NT 6.1; rv:93.0) Gecko/20100101 Firefox/93.0"
43.251.171.86 - - [17/Oct/2021:15:55:22 +0200] "GET /highslide/highslide.js HTTP/1.1" 200 42909 "http://www.wonder-geek.com/piggy-bank-sandstone-enclosure-p-55125.html" "Mozilla/5.0 (Windows NT 6.1; rv:93.0) Gecko/20100101 Firefox/93.0"
43.251.171.86 - - [17/Oct/2021:15:55:22 +0200] "GET /templates/Pixame_v1/stylesheet.css HTTP/1.1" 200 56057 "http://www.wonder-geek.com/piggy-bank-sandstone-enclosure-p-55125.html" "Mozilla/5.0 (Windows NT 6.1; rv:93.0) Gecko/20100101 Firefox/93.0"
43.251.171.86 - - [17/Oct/2021:15:55:22 +0200] "GET /mondial_relay/js/jquery-1.3.2.min.js HTTP/1.1" 200 57254 "http://www.wonder-geek.com/piggy-bank-sandstone-enclosure-p-55125.html" "Mozilla/5.0 (Windows NT 6.1; rv:93.0) Gecko/20100101 Firefox/93.0"
43.251.171.86 - - [17/Oct/2021:15:55:22 +0200] "GET /js/jquery.js HTTP/1.1" 200 54075 "http://www.wonder-geek.com/piggy-bank-sandstone-enclosure-p-55125.html" "Mozilla/5.0 (Windows NT 6.1; rv:93.0) Gecko/20100101 Firefox/93.0"
43.251.171.86 - - [17/Oct/2021:15:55:23 +0200] "GET /templates/Pixame_v1/images/icon_accueil2.png HTTP/1.1" 200 1137 "http://www.wonder-geek.com/piggy-bank-sandstone-enclosure-p-55125.html" "Mozilla/5.0 (Windows NT 6.1; rv:93.0) Gecko/20100101 Firefox/93.0"
43.251.171.86 - - [17/Oct/2021:15:55:23 +0200] "GET /templates/Pixame_v1/images/Bottom_texture.jpg HTTP/1.1" 200 56290 "http://www.wonder-geek.com/templates/Pixame_v1/stylesheet.css" "Mozilla/5.0 (Windows NT 6.1; rv:93.0) Gecko/20100101 Firefox/93.0"
43.251.171.86 - - [17/Oct/2021:15:55:23 +0200] "GET /images/big_prod_2/8424001829279b.jpg HTTP/1.1" 200 107607 "http://www.wonder-geek.com/piggy-bank-sandstone-enclosure-p-55125.html" "Mozilla/5.0 (Windows NT 6.1; rv:93.0) Gecko/20100101 Firefox/93.0"
43.251.171.86 - - [17/Oct/2021:15:55:23 +0200] "GET /images/big_prod/8424001829279.jpg HTTP/1.1" 200 118191 "http://www.wonder-geek.com/piggy-bank-sandstone-enclosure-p-55125.html" "Mozilla/5.0 (Windows NT 6.1; rv:93.0) Gecko/20100101 Firefox/93.0"
43.251.171.86 - - [17/Oct/2021:15:55:23 +0200] "GET /templates/Pixame_v1/images/nav.png HTTP/1.1" 200 1283 "http://www.wonder-geek.com/templates/Pixame_v1/stylesheet.css" "Mozilla/5.0 (Windows NT 6.1; rv:93.0) Gecko/20100101 Firefox/93.0"
43.251.171.86 - - [17/Oct/2021:15:55:23 +0200] "GET /images/big_prod_1/8424001829279a.jpg HTTP/1.1" 200 80088 "http://www.wonder-geek.com/piggy-bank-sandstone-enclosure-p-55125.html" "Mozilla/5.0 (Windows NT 6.1; rv:93.0) Gecko/20100101 Firefox/93.0"
43.251.171.86 - - [17/Oct/2021:15:55:23 +0200] "GET /templates/Pixame_v1/images/flash.swf HTTP/1.1" 200 2868 "http://www.wonder-geek.com/piggy-bank-sandstone-enclosure-p-55125.html" "Mozilla/5.0 (Windows NT 6.1; rv:93.0) Gecko/20100101 Firefox/93.0"
43.251.171.86 - - [17/Oct/2021:15:55:23 +0200] "GET /templates/Pixame_v1/images/buttons/english/button_in_cart.gif HTTP/1.1" 200 1212 "http://www.wonder-geek.com/piggy-bank-sandstone-enclosure-p-55125.html" "Mozilla/5.0 (Windows NT 6.1; rv:93.0) Gecko/20100101 Firefox/93.0"
43.251.171.86 - - [17/Oct/2021:15:55:23 +0200] "GET /design/productsenstock.png HTTP/1.1" 200 4743 "http://www.wonder-geek.com/templates/Pixame_v1/stylesheet.css" "Mozilla/5.0 (Windows NT 6.1; rv:93.0) Gecko/20100101 Firefox/93.0"
43.251.171.86 - - [17/Oct/2021:15:55:24 +0200] "GET /templates/Pixame_v1/images/header-object.png HTTP/1.1" 200 106050 "http://www.wonder-geek.com/templates/Pixame_v1/stylesheet.css" "Mozilla/5.0 (Windows NT 6.1; rv:93.0) Gecko/20100101 Firefox/93.0"
43.251.171.86 - - [17/Oct/2021:15:55:24 +0200] "GET /templates/Pixame_v1/images/header.png HTTP/1.1" 200 70245 "http://www.wonder-geek.com/templates/Pixame_v1/stylesheet.css" "Mozilla/5.0 (Windows NT 6.1; rv:93.0) Gecko/20100101 Firefox/93.0"
43.251.171.86 - - [17/Oct/2021:15:55:24 +0200] "GET /templates/Pixame_v1/images/Middle_texture.jpg HTTP/1.1" 200 249620 "http://www.wonder-geek.com/templates/Pixame_v1/stylesheet.css" "Mozilla/5.0 (Windows NT 6.1; rv:93.0) Gecko/20100101 Firefox/93.0"
43.251.171.86 - - [17/Oct/2021:15:55:24 +0200] "GET /favicon.ico HTTP/1.1" 200 1591 "http://www.wonder-geek.com/piggy-bank-sandstone-enclosure-p-55125.html" "Mozilla/5.0 (Windows NT 6.1; rv:93.0) Gecko/20100101 Firefox/93.0"
17.121.115.212 - - [17/Oct/2021:15:55:24 +0200] "GET /images/big_prod/3662498026633.jpg HTTP/1.1" 200 104821 "-" "Mozilla/5.0 (Macintosh; Intel Mac OS X 10_15_5) AppleWebKit/605.1.15 (KHTML, like Gecko) Version/13.1.1 Safari/605.1.15 (Applebot/0.1; +http://www.apple.com/go/applebot)"
43.251.171.86 - - [17/Oct/2021:15:55:24 +0200] "GET /highslide/graphics/outlines/drop-shadow.png HTTP/1.1" 200 2022 "http://www.wonder-geek.com/piggy-bank-sandstone-enclosure-p-55125.html" "Mozilla/5.0 (Windows NT 6.1; rv:93.0) Gecko/20100101 Firefox/93.0"
43.251.171.86 - - [17/Oct/2021:15:56:27 +0200] "GET /highslide/highslide.js HTTP/1.1" 200 42909 "http://www.wonder-geek.com/array-m-162.html" "Mozilla/5.0 (Windows NT 6.1; rv:93.0) Gecko/20100101 Firefox/93.0"
43.251.171.86 - - [17/Oct/2021:15:56:27 +0200] "GET /js/jquery.js HTTP/1.1" 200 54075 "http://www.wonder-geek.com/array-m-162.html" "Mozilla/5.0 (Windows NT 6.1; rv:93.0) Gecko/20100101 Firefox/93.0"
43.251.171.86 - - [17/Oct/2021:15:56:27 +0200] "GET /js/jquery.jqzoom.js HTTP/1.1" 200 4761 "http://www.wonder-geek.com/array-m-162.html" "Mozilla/5.0 (Windows NT 6.1; rv:93.0) Gecko/20100101 Firefox/93.0"
43.251.171.86 - - [17/Oct/2021:15:56:28 +0200] "GET /templates/Pixame_v1/images/flash.swf HTTP/1.1" 200 2868 "http://www.wonder-geek.com/array-m-162.html" "Mozilla/5.0 (Windows NT 6.1; rv:93.0) Gecko/20100101 Firefox/93.0"
43.251.171.86 - - [17/Oct/2021:15:56:28 +0200] "GET /images/mini_prod/TJA05SH.gif HTTP/1.1" 200 10166 "http://www.wonder-geek.com/array-m-162.html" "Mozilla/5.0 (Windows NT 6.1; rv:93.0) Gecko/20100101 Firefox/93.0"
43.251.171.86 - - [17/Oct/2021:15:56:28 +0200] "GET /images/mini_prod/DSCN0628.gif HTTP/1.1" 200 10543 "http://www.wonder-geek.com/array-m-162.html" "Mozilla/5.0 (Windows NT 6.1; rv:93.0) Gecko/20100101 Firefox/93.0"
43.251.171.86 - - [17/Oct/2021:15:56:28 +0200] "GET /images/mini_prod/TJA04SFLR.gif HTTP/1.1" 200 6347 "http://www.wonder-geek.com/array-m-162.html" "Mozilla/5.0 (Windows NT 6.1; rv:93.0) Gecko/20100101 Firefox/93.0"
43.251.171.86 - - [17/Oct/2021:15:56:28 +0200] "GET /js/jquery.masonry.min.js HTTP/1.1" 200 5392 "http://www.wonder-geek.com/array-m-162.html" "Mozilla/5.0 (Windows NT 6.1; rv:93.0) Gecko/20100101 Firefox/93.0"
43.251.171.86 - - [17/Oct/2021:15:56:28 +0200] "GET /js/modernizr-transitions.js HTTP/1.1" 200 2026 "http://www.wonder-geek.com/array-m-162.html" "Mozilla/5.0 (Windows NT 6.1; rv:93.0) Gecko/20100101 Firefox/93.0"
186.106.238.250 - - [17/Oct/2021:15:57:51 +0200] "GET /images/8714274565029.jpg HTTP/1.1" 200 61108 "http://giratiemposmonstruoso.blogspot.com/" "Mozilla/5.0 (iPhone; CPU iPhone OS 14_8 like Mac OS X) AppleWebKit/605.1.15 (KHTML, like Gecko) Version/14.1.2 Mobile/15E148 Safari/604.1"
216.244.66.242 - - [17/Oct/2021:15:59:35 +0200] "GET /robots.txt HTTP/1.1" 200 2438 "-" "Mozilla/5.0 (compatible; DotBot/1.2; +https://opensiteexplorer.org/dotbot; help@moz.com)"
40.77.167.77 - - [17/Oct/2021:16:01:53 +0200] "GET /images/big_prod/1341689379452.jpg HTTP/1.1" 200 104911 "-" "Mozilla/5.0 (compatible; bingbot/2.0; +http://www.bing.com/bingbot.htm)"
213.180.203.74 - - [17/Oct/2021:16:06:16 +0200] "GET /images/big_prod_2/f4542202653760.jpg HTTP/1.1" 200 37295 "-" "Mozilla/5.0 (compatible; YandexImages/3.0; +http://yandex.com/bots)"
207.46.13.17 - - [17/Oct/2021:16:08:17 +0200] "GET /images/big_prod_2/1328399219636b.jpg HTTP/1.1" 200 54867 "-" "Mozilla/5.0 (compatible; bingbot/2.0; +http://www.bing.com/bingbot.htm)"
95.163.255.138 - - [17/Oct/2021:16:12:02 +0200] "GET /images/3079091105397.jpg HTTP/1.1" 200 45694 "http://go.mail.ru/search_images" "Mozilla/5.0 (compatible; Linux x86_64; Mail.RU_Bot/Img/2.0; +http://go.mail.ru/help/robots)"
95.163.255.111 - - [17/Oct/2021:16:12:04 +0200] "GET /robots.txt HTTP/1.0" 200 2438 "-" "Mozilla/5.0 (compatible; Linux x86_64; Mail.RU_Bot/Img/2.0; +http://go.mail.ru/help/robots)"
66.249.93.251 - - [17/Oct/2021:16:15:14 +0200] "GET /images/big_prod_1/8445146027627C.jpg HTTP/1.1" 200 349370 "-" "Mozilla/5.0 (Windows NT 5.1; rv:11.0) Gecko Firefox/11.0 (via ggpht.com GoogleImageProxy)"
66.249.64.83 - - [17/Oct/2021:16:18:05 +0200] "GET /images/big_prod/3453131146906.jpg HTTP/1.1" 200 52982 "-" "Googlebot-Image/1.0"
87.250.224.59 - - [17/Oct/2021:16:18:51 +0200] "GET /images/1399984280195.jpg HTTP/1.1" 200 103267 "-" "Mozilla/5.0 (compatible; YandexImages/3.0; +http://yandex.com/bots)"
207.46.13.81 - - [17/Oct/2021:16:21:26 +0200] "GET /images/8003990623497.jpg HTTP/1.1" 200 40343 "-" "Mozilla/5.0 (compatible; bingbot/2.0; +http://www.bing.com/bingbot.htm)"
87.250.224.17 - - [17/Oct/2021:16:22:18 +0200] "GET /images/1300010239827.jpg HTTP/1.1" 200 97611 "-" "Mozilla/5.0 (compatible; YandexImages/3.0; +http://yandex.com/bots)"
157.55.39.102 - - [17/Oct/2021:16:23:57 +0200] "GET /images/8432699066876.jpg HTTP/1.1" 200 50253 "-" "Mozilla/5.0 (compatible; bingbot/2.0; +http://www.bing.com/bingbot.htm)"
8.209.65.119 - - [17/Oct/2021:16:24:36 +0200] "GET /images/mini_prod/8433978414630.jpg HTTP/1.1" 200 4676 "https://google.com" "Mozilla/5.0 (X11; Linux x86_64) AppleWebKit/537.36 (KHTML, like Gecko) Chrome/59.0.3066.0 Safari/537.36"
8.209.65.119 - - [17/Oct/2021:16:24:37 +0200] "GET /images/mini_prod/8422020166351.jpg HTTP/1.1" 200 4956 "https://google.com" "Mozilla/5.0 (X11; Linux x86_64) AppleWebKit/537.36 (KHTML, like Gecko) Chrome/59.0.3066.0 Safari/537.36"
8.209.65.119 - - [17/Oct/2021:16:24:37 +0200] "GET /images/mini_prod/1399980107755.jpg HTTP/1.1" 200 9263 "https://google.com" "Mozilla/5.0 (X11; Linux x86_64) AppleWebKit/537.36 (KHTML, like Gecko) Chrome/59.0.3066.0 Safari/537.36"
8.209.65.119 - - [17/Oct/2021:16:24:40 +0200] "GET /images/mini_prod/8422020166368.jpg HTTP/1.1" 200 5180 "https://google.com" "Mozilla/5.0 (X11; Linux x86_64) AppleWebKit/537.36 (KHTML, like Gecko) Chrome/59.0.3066.0 Safari/537.36"
8.209.65.119 - - [17/Oct/2021:16:24:47 +0200] "GET /images/mini_prod/8433978414333.jpg HTTP/1.1" 200 6583 "https://google.com" "Mozilla/5.0 (X11; Linux x86_64) AppleWebKit/537.36 (KHTML, like Gecko) Chrome/59.0.3066.0 Safari/537.36"
8.209.65.119 - - [17/Oct/2021:16:24:51 +0200] "GET /images/mini_prod/TROME3137.jpg HTTP/1.1" 200 27054 "https://google.com" "Mozilla/5.0 (X11; Linux x86_64) AppleWebKit/537.36 (KHTML, like Gecko) Chrome/59.0.3066.0 Safari/537.36"
8.209.65.119 - - [17/Oct/2021:16:24:51 +0200] "GET /images/mini_prod/4036113310077.jpg HTTP/1.1" 200 8578 "https://google.com" "Mozilla/5.0 (X11; Linux x86_64) AppleWebKit/537.36 (KHTML, like Gecko) Chrome/59.0.3066.0 Safari/537.36"
8.209.65.119 - - [17/Oct/2021:16:24:52 +0200] "GET /images/mini_prod/1399980107748.jpg HTTP/1.1" 200 8148 "https://google.com" "Mozilla/5.0 (X11; Linux x86_64) AppleWebKit/537.36 (KHTML, like Gecko) Chrome/59.0.3066.0 Safari/537.36"
8.209.65.119 - - [17/Oct/2021:16:24:58 +0200] "GET /images/mini_prod/5055071719899.jpg HTTP/1.1" 200 4484 "https://google.com" "Mozilla/5.0 (X11; Linux x86_64) AppleWebKit/537.36 (KHTML, like Gecko) Chrome/59.0.3066.0 Safari/537.36"
8.209.65.119 - - [17/Oct/2021:16:25:04 +0200] "GET /images/mini_prod/8422669354003.jpg HTTP/1.1" 200 7769 "https://google.com" "Mozilla/5.0 (X11; Linux x86_64) AppleWebKit/537.36 (KHTML, like Gecko) Chrome/59.0.3066.0 Safari/537.36"
8.209.65.119 - - [17/Oct/2021:16:25:05 +0200] "GET /images/mini_prod/4029811423385.jpg HTTP/1.1" 200 5232 "https://google.com" "Mozilla/5.0 (X11; Linux x86_64) AppleWebKit/537.36 (KHTML, like Gecko) Chrome/59.0.3066.0 Safari/537.36"
8.209.65.119 - - [17/Oct/2021:16:25:15 +0200] "GET /images/mini_prod/3503420167744.jpg HTTP/1.1" 200 7366 "https://google.com" "Mozilla/5.0 (X11; Linux x86_64) AppleWebKit/537.36 (KHTML, like Gecko) Chrome/59.0.3066.0 Safari/537.36"
8.209.65.119 - - [17/Oct/2021:16:25:17 +0200] "GET /images/mini_prod/8433978414647.jpg HTTP/1.1" 200 4799 "https://google.com" "Mozilla/5.0 (X11; Linux x86_64) AppleWebKit/537.36 (KHTML, like Gecko) Chrome/59.0.3066.0 Safari/537.36"
8.209.65.119 - - [17/Oct/2021:16:25:23 +0200] "GET /images/mini_prod/8433978414319.jpg HTTP/1.1" 200 8244 "https://google.com" "Mozilla/5.0 (X11; Linux x86_64) AppleWebKit/537.36 (KHTML, like Gecko) Chrome/59.0.3066.0 Safari/537.36"
8.209.65.119 - - [17/Oct/2021:16:25:24 +0200] "GET /images/mini_prod/1399980107731.jpg HTTP/1.1" 200 9851 "https://google.com" "Mozilla/5.0 (X11; Linux x86_64) AppleWebKit/537.36 (KHTML, like Gecko) Chrome/59.0.3066.0 Safari/537.36"
8.209.65.119 - - [17/Oct/2021:16:25:27 +0200] "GET /images/mini_prod/8433978414623.jpg HTTP/1.1" 200 5155 "https://google.com" "Mozilla/5.0 (X11; Linux x86_64) AppleWebKit/537.36 (KHTML, like Gecko) Chrome/59.0.3066.0 Safari/537.36"
66.249.64.84 - - [17/Oct/2021:16:25:39 +0200] "GET /images/big_prod_1/4250255858987a.jpg HTTP/1.1" 200 42021 "-" "Googlebot-Image/1.0"
66.249.64.84 - - [17/Oct/2021:16:28:17 +0200] "GET /images/big_prod_4/c4542202425725.jpg HTTP/1.1" 200 72543 "-" "Googlebot-Image/1.0"
211.91.147.2 - - [17/Oct/2021:16:33:35 +0200] "GET /images/mini_prod/3760116326421.jpg HTTP/1.1" 200 10050 "-" "Mozilla/5.0 (X11; Ubuntu; Linux x86_64; rv:72.0) Gecko/20100101 Firefox/72.0"
77.75.76.168 - - [17/Oct/2021:16:34:00 +0200] "GET /robots.txt HTTP/1.1" 200 2438 "-" "Mozilla/5.0 (compatible; SeznamBot/3.2; +http://napoveda.seznam.cz/en/seznambot-intro/)"
66.249.64.84 - - [17/Oct/2021:16:36:13 +0200] "GET /images/mini_prod/8422810090392a.jpg HTTP/1.1" 200 3527 "-" "Googlebot-Image/1.0"
207.46.13.81 - - [17/Oct/2021:16:36:39 +0200] "GET /images/8028501269568.jpg HTTP/1.1" 200 95626 "-" "Mozilla/5.0 (compatible; bingbot/2.0; +http://www.bing.com/bingbot.htm)"
185.191.171.45 - - [17/Oct/2021:16:37:36 +0200] "GET /robots.txt HTTP/1.1" 200 2438 "-" "Mozilla/5.0 (compatible; SemrushBot/7~bl; +http://www.semrush.com/bot.html)"
157.55.39.68 - - [17/Oct/2021:16:39:28 +0200] "GET /images/1020322269670.jpg HTTP/1.1" 200 102698 "-" "Mozilla/5.0 (compatible; bingbot/2.0; +http://www.bing.com/bingbot.htm)"
66.249.64.82 - - [17/Oct/2021:16:41:29 +0200] "GET /images/5702015124881.jpg HTTP/1.1" 200 187710 "-" "Googlebot-Image/1.0"
147.92.153.1 - - [17/Oct/2021:16:41:50 +0200] "GET /images/big_prod_1/8422018060036B.jpg HTTP/1.1" 200 136608 "-" "Mozilla/5.0 (compatible; Linespider/1.1; +https://lin.ee/4dwXkTH)"
207.46.13.129 - - [17/Oct/2021:16:42:21 +0200] "GET /images/5010994830243.jpg HTTP/1.1" 200 160150 "-" "Mozilla/5.0 (compatible; bingbot/2.0; +http://www.bing.com/bingbot.htm)"
157.55.39.77 - - [17/Oct/2021:16:43:38 +0200] "GET /images/big_prod/mickey1384010188521.jpg HTTP/1.1" 200 109918 "-" "Mozilla/5.0 (compatible; bingbot/2.0; +http://www.bing.com/bingbot.htm)"
157.55.39.68 - - [17/Oct/2021:16:46:08 +0200] "GET /images/big_prod/8433933108024.jpg HTTP/1.1" 200 75450 "-" "Mozilla/5.0 (compatible; bingbot/2.0; +http://www.bing.com/bingbot.htm)"
216.244.66.242 - - [17/Oct/2021:16:48:02 +0200] "GET /robots.txt HTTP/1.1" 200 2438 "-" "Mozilla/5.0 (compatible; DotBot/1.2; +https://opensiteexplorer.org/dotbot; help@moz.com)"
207.46.13.129 - - [17/Oct/2021:16:51:11 +0200] "GET /images/C112471.jpg HTTP/1.1" 200 49642 "-" "Mozilla/5.0 (compatible; bingbot/2.0; +http://www.bing.com/bingbot.htm)"
66.249.64.82 - - [17/Oct/2021:16:52:02 +0200] "GET /images/big_prod_1/8422016386916B.jpg HTTP/1.1" 200 148516 "-" "Googlebot-Image/1.0"
66.249.64.83 - - [17/Oct/2021:16:55:13 +0200] "GET /images/big_prod/8424346212941.jpg HTTP/1.1" 200 610676 "-" "Googlebot-Image/1.0"
192.0.101.192 - - [17/Oct/2021:16:58:06 +0200] "GET /images/med_prod/34202.jpg HTTP/1.1" 200 45742 "-" "Photon/1.0"
157.55.39.68 - - [17/Oct/2021:16:59:20 +0200] "GET /images/big_prod/3503420103131.jpg HTTP/1.1" 200 94153 "-" "Mozilla/5.0 (compatible; bingbot/2.0; +http://www.bing.com/bingbot.htm)"
157.55.39.111 - - [17/Oct/2021:16:59:40 +0200] "GET /images/3438100333303.jpg HTTP/1.1" 200 36416 "-" "Mozilla/5.0 (compatible; bingbot/2.0; +http://www.bing.com/bingbot.htm)"
207.46.13.129 - - [17/Oct/2021:17:01:02 +0200] "GET /images/3521320608174.jpg HTTP/1.1" 200 107824 "-" "Mozilla/5.0 (compatible; bingbot/2.0; +http://www.bing.com/bingbot.htm)"
147.92.153.1 - - [17/Oct/2021:17:01:59 +0200] "GET /images/big_prod/3520071810805.jpg HTTP/1.1" 200 622994 "-" "Mozilla/5.0 (compatible; Linespider/1.1; +https://lin.ee/4dwXkTH)"
66.249.64.84 - - [17/Oct/2021:17:07:58 +0200] "GET /images/mini_prod/3520071690216.jpg HTTP/1.1" 200 4543 "-" "Googlebot-Image/1.0"
66.249.64.83 - - [17/Oct/2021:17:10:37 +0200] "GET /images/big_prod_1/4542202662328a.jpg HTTP/1.1" 200 92600 "-" "Googlebot-Image/1.0"
64.64.123.4 - - [17/Oct/2021:17:13:16 +0200] "GET /images/mini_prod/8435333835166.jpg HTTP/1.1" 200 9439 "-" "Mozilla/5.0 (X11; Ubuntu; Linux x86_64; rv:72.0) Gecko/20100101 Firefox/72.0"
40.77.167.77 - - [17/Oct/2021:17:15:20 +0200] "GET /images/mini_prod/039897677330dg.jpg HTTP/1.1" 200 4418 "-" "Mozilla/5.0 (compatible; bingbot/2.0; +http://www.bing.com/bingbot.htm)"
74.125.208.112 - - [17/Oct/2021:17:16:48 +0200] "GET /images/big_prod_1/3457019601334.jpg HTTP/1.1" 200 226687 "-" "Mozilla/5.0 (Windows NT 5.1; rv:11.0) Gecko Firefox/11.0 (via ggpht.com GoogleImageProxy)"
77.127.144.21 - - [17/Oct/2021:17:16:55 +0200] "GET /templates/Pixame_v1/stylesheet.css HTTP/1.1" 200 56057 "http://www.wonder-geek.com/little-prince-green-jewelry-p-53235.html" "Mozilla/5.0 (Macintosh; Intel Mac OS X 10_14_6) AppleWebKit/537.36 (KHTML, like Gecko) Chrome/94.0.4606.81 Safari/537.36"
77.127.144.21 - - [17/Oct/2021:17:16:55 +0200] "GET /js/jquery.js HTTP/1.1" 200 54075 "http://www.wonder-geek.com/little-prince-green-jewelry-p-53235.html" "Mozilla/5.0 (Macintosh; Intel Mac OS X 10_14_6) AppleWebKit/537.36 (KHTML, like Gecko) Chrome/94.0.4606.81 Safari/537.36"
77.127.144.21 - - [17/Oct/2021:17:16:55 +0200] "GET /mondial_relay/js/jquery-1.3.2.min.js HTTP/1.1" 200 57254 "http://www.wonder-geek.com/little-prince-green-jewelry-p-53235.html" "Mozilla/5.0 (Macintosh; Intel Mac OS X 10_14_6) AppleWebKit/537.36 (KHTML, like Gecko) Chrome/94.0.4606.81 Safari/537.36"
77.127.144.21 - - [17/Oct/2021:17:16:55 +0200] "GET /js/jquery.jqzoom.js HTTP/1.1" 200 4761 "http://www.wonder-geek.com/little-prince-green-jewelry-p-53235.html" "Mozilla/5.0 (Macintosh; Intel Mac OS X 10_14_6) AppleWebKit/537.36 (KHTML, like Gecko) Chrome/94.0.4606.81 Safari/537.36"
77.127.144.21 - - [17/Oct/2021:17:16:56 +0200] "GET /highslide/highslide.js HTTP/1.1" 200 42909 "http://www.wonder-geek.com/little-prince-green-jewelry-p-53235.html" "Mozilla/5.0 (Macintosh; Intel Mac OS X 10_14_6) AppleWebKit/537.36 (KHTML, like Gecko) Chrome/94.0.4606.81 Safari/537.36"
77.127.144.21 - - [17/Oct/2021:17:16:56 +0200] "GET /templates/Pixame_v1/images/icon_accueil2.png HTTP/1.1" 200 1137 "http://www.wonder-geek.com/little-prince-green-jewelry-p-53235.html" "Mozilla/5.0 (Macintosh; Intel Mac OS X 10_14_6) AppleWebKit/537.36 (KHTML, like Gecko) Chrome/94.0.4606.81 Safari/537.36"
77.127.144.21 - - [17/Oct/2021:17:16:56 +0200] "GET /templates/Pixame_v1/images/buttons/english/button_in_cart.gif HTTP/1.1" 200 1212 "http://www.wonder-geek.com/little-prince-green-jewelry-p-53235.html" "Mozilla/5.0 (Macintosh; Intel Mac OS X 10_14_6) AppleWebKit/537.36 (KHTML, like Gecko) Chrome/94.0.4606.81 Safari/537.36"
77.127.144.21 - - [17/Oct/2021:17:16:56 +0200] "GET /templates/Pixame_v1/images/Bottom_texture.jpg HTTP/1.1" 200 56290 "http://www.wonder-geek.com/templates/Pixame_v1/stylesheet.css" "Mozilla/5.0 (Macintosh; Intel Mac OS X 10_14_6) AppleWebKit/537.36 (KHTML, like Gecko) Chrome/94.0.4606.81 Safari/537.36"
77.127.144.21 - - [17/Oct/2021:17:16:56 +0200] "GET /templates/Pixame_v1/images/header.png HTTP/1.1" 200 70245 "http://www.wonder-geek.com/templates/Pixame_v1/stylesheet.css" "Mozilla/5.0 (Macintosh; Intel Mac OS X 10_14_6) AppleWebKit/537.36 (KHTML, like Gecko) Chrome/94.0.4606.81 Safari/537.36"
77.127.144.21 - - [17/Oct/2021:17:16:56 +0200] "GET /images/big_prod/3457019601334a.jpg HTTP/1.1" 200 117853 "http://www.wonder-geek.com/little-prince-green-jewelry-p-53235.html" "Mozilla/5.0 (Macintosh; Intel Mac OS X 10_14_6) AppleWebKit/537.36 (KHTML, like Gecko) Chrome/94.0.4606.81 Safari/537.36"
77.127.144.21 - - [17/Oct/2021:17:16:57 +0200] "GET /templates/Pixame_v1/images/header-object.png HTTP/1.1" 200 106050 "http://www.wonder-geek.com/templates/Pixame_v1/stylesheet.css" "Mozilla/5.0 (Macintosh; Intel Mac OS X 10_14_6) AppleWebKit/537.36 (KHTML, like Gecko) Chrome/94.0.4606.81 Safari/537.36"
77.127.144.21 - - [17/Oct/2021:17:16:57 +0200] "GET /templates/Pixame_v1/images/nav.png HTTP/1.1" 200 1283 "http://www.wonder-geek.com/templates/Pixame_v1/stylesheet.css" "Mozilla/5.0 (Macintosh; Intel Mac OS X 10_14_6) AppleWebKit/537.36 (KHTML, like Gecko) Chrome/94.0.4606.81 Safari/537.36"
77.127.144.21 - - [17/Oct/2021:17:16:57 +0200] "GET /images/big_prod_1/3457019601334.jpg HTTP/1.1" 200 226687 "http://www.wonder-geek.com/little-prince-green-jewelry-p-53235.html" "Mozilla/5.0 (Macintosh; Intel Mac OS X 10_14_6) AppleWebKit/537.36 (KHTML, like Gecko) Chrome/94.0.4606.81 Safari/537.36"
77.127.144.21 - - [17/Oct/2021:17:16:57 +0200] "GET /design/productsenstock.png HTTP/1.1" 200 4743 "http://www.wonder-geek.com/templates/Pixame_v1/stylesheet.css" "Mozilla/5.0 (Macintosh; Intel Mac OS X 10_14_6) AppleWebKit/537.36 (KHTML, like Gecko) Chrome/94.0.4606.81 Safari/537.36"
77.127.144.21 - - [17/Oct/2021:17:16:57 +0200] "GET /templates/Pixame_v1/images/Middle_texture.jpg HTTP/1.1" 200 249620 "http://www.wonder-geek.com/templates/Pixame_v1/stylesheet.css" "Mozilla/5.0 (Macintosh; Intel Mac OS X 10_14_6) AppleWebKit/537.36 (KHTML, like Gecko) Chrome/94.0.4606.81 Safari/537.36"
77.127.144.21 - - [17/Oct/2021:17:16:58 +0200] "GET /favicon.ico HTTP/1.1" 200 1591 "http://www.wonder-geek.com/little-prince-green-jewelry-p-53235.html" "Mozilla/5.0 (Macintosh; Intel Mac OS X 10_14_6) AppleWebKit/537.36 (KHTML, like Gecko) Chrome/94.0.4606.81 Safari/537.36"
77.127.144.21 - - [17/Oct/2021:17:16:58 +0200] "GET /highslide/graphics/outlines/drop-shadow.png HTTP/1.1" 200 2022 "http://www.wonder-geek.com/little-prince-green-jewelry-p-53235.html" "Mozilla/5.0 (Macintosh; Intel Mac OS X 10_14_6) AppleWebKit/537.36 (KHTML, like Gecko) Chrome/94.0.4606.81 Safari/537.36"
8.209.112.111 - - [17/Oct/2021:17:18:59 +0200] "GET /images/big_prod_1/3520071755946a.jpg HTTP/1.1" 200 62845 "https://google.com" "Mozilla/5.0 (X11; Linux i686) AppleWebKit/537.36 (KHTML, like Gecko) Chrome/68.0.3440.3 Safari/537.36"
207.46.13.152 - - [17/Oct/2021:17:19:03 +0200] "GET /images/8435306240188.jpg HTTP/1.1" 200 32065 "-" "Mozilla/5.0 (compatible; bingbot/2.0; +http://www.bing.com/bingbot.htm)"
147.92.153.3 - - [17/Oct/2021:17:22:43 +0200] "GET /images/big_prod/3520071822068.jpg HTTP/1.1" 200 466681 "-" "Mozilla/5.0 (compatible; Linespider/1.1; +https://lin.ee/4dwXkTH)"
87.250.224.17 - - [17/Oct/2021:17:22:49 +0200] "GET /images/big_prod/1384010200780.jpg HTTP/1.1" 200 63930 "-" "Mozilla/5.0 (compatible; YandexImages/3.0; +http://yandex.com/bots)"
40.77.167.77 - - [17/Oct/2021:17:24:21 +0200] "GET /images/big_prod/4891320399082.jpg HTTP/1.1" 200 78769 "-" "Mozilla/5.0 (compatible; bingbot/2.0; +http://www.bing.com/bingbot.htm)"
66.249.64.82 - - [17/Oct/2021:17:24:57 +0200] "GET /images/big_prod/3665269095357.jpg HTTP/1.1" 200 54403 "-" "Googlebot-Image/1.0"
87.250.224.17 - - [17/Oct/2021:17:29:03 +0200] "GET /images/1300010237625.jpg HTTP/1.1" 200 128303 "-" "Mozilla/5.0 (compatible; YandexImages/3.0; +http://yandex.com/bots)"
207.46.13.152 - - [17/Oct/2021:17:31:14 +0200] "GET /images/3662468004319.jpg HTTP/1.1" 200 140228 "-" "Mozilla/5.0 (compatible; bingbot/2.0; +http://www.bing.com/bingbot.htm)"
66.249.64.83 - - [17/Oct/2021:17:31:24 +0200] "GET /js/jquery.js HTTP/1.1" 200 54075 "http://www.wonder-geek.com/linen-c-11_68.html?page=4" "Mozilla/5.0 (Linux; Android 6.0.1; Nexus 5X Build/MMB29P) AppleWebKit/537.36 (KHTML, like Gecko) Chrome/94.0.4606.71 Mobile Safari/537.36 (compatible; Googlebot/2.1; +http://www.google.com/bot.html)"
207.46.13.129 - - [17/Oct/2021:17:32:46 +0200] "GET /images/med_prod/8435306292118.jpg HTTP/1.1" 200 106305 "-" "Mozilla/5.0 (compatible; bingbot/2.0; +http://www.bing.com/bingbot.htm)"
66.249.64.83 - - [17/Oct/2021:17:32:52 +0200] "GET /images/mini_prod/8422001276604.jpg HTTP/1.1" 200 6802 "-" "Googlebot-Image/1.0"
87.250.224.17 - - [17/Oct/2021:17:34:12 +0200] "GET /images/FRANKIE.jpg HTTP/1.1" 200 43003 "-" "Mozilla/5.0 (compatible; YandexImages/3.0; +http://yandex.com/bots)"
69.132.37.59 - - [17/Oct/2021:17:35:53 +0200] "GET /js/jquery.jqzoom.js HTTP/1.1" 200 4761 "http://www.wonder-geek.com/ceramic-salt-with-spoon-milk-p-50620.html" "Mozilla/5.0 (Windows NT 10.0; Win64; x64) AppleWebKit/537.36 (KHTML, like Gecko) Chrome/94.0.4606.71 Safari/537.36 Edg/94.0.992.38"
69.132.37.59 - - [17/Oct/2021:17:35:53 +0200] "GET /highslide/highslide.js HTTP/1.1" 200 42909 "http://www.wonder-geek.com/ceramic-salt-with-spoon-milk-p-50620.html" "Mozilla/5.0 (Windows NT 10.0; Win64; x64) AppleWebKit/537.36 (KHTML, like Gecko) Chrome/94.0.4606.71 Safari/537.36 Edg/94.0.992.38"
69.132.37.59 - - [17/Oct/2021:17:35:53 +0200] "GET /templates/Pixame_v1/stylesheet.css HTTP/1.1" 200 56057 "http://www.wonder-geek.com/ceramic-salt-with-spoon-milk-p-50620.html" "Mozilla/5.0 (Windows NT 10.0; Win64; x64) AppleWebKit/537.36 (KHTML, like Gecko) Chrome/94.0.4606.71 Safari/537.36 Edg/94.0.992.38"
69.132.37.59 - - [17/Oct/2021:17:35:53 +0200] "GET /mondial_relay/js/jquery-1.3.2.min.js HTTP/1.1" 200 57254 "http://www.wonder-geek.com/ceramic-salt-with-spoon-milk-p-50620.html" "Mozilla/5.0 (Windows NT 10.0; Win64; x64) AppleWebKit/537.36 (KHTML, like Gecko) Chrome/94.0.4606.71 Safari/537.36 Edg/94.0.992.38"
69.132.37.59 - - [17/Oct/2021:17:35:53 +0200] "GET /js/jquery.js HTTP/1.1" 200 54075 "http://www.wonder-geek.com/ceramic-salt-with-spoon-milk-p-50620.html" "Mozilla/5.0 (Windows NT 10.0; Win64; x64) AppleWebKit/537.36 (KHTML, like Gecko) Chrome/94.0.4606.71 Safari/537.36 Edg/94.0.992.38"
3.237.177.22 - - [17/Oct/2021:17:35:54 +0200] "GET /highslide/highslide.js HTTP/1.1" 200 42909 "-" "Mozilla/5.0 (Windows NT 6.1; Win64; x64) AppleWebKit/537.36 (KHTML, like Gecko) Chrome/72.0.3626.109 Safari/537.36"
34.216.73.143 - - [17/Oct/2021:17:35:54 +0200] "GET /js/jquery.jqzoom.js HTTP/1.1" 200 4761 "-" "Mozilla/5.0 (Windows NT 6.1; Win64; x64) AppleWebKit/537.36 (KHTML, like Gecko) Chrome/72.0.3626.109 Safari/537.36"
35.86.96.148 - - [17/Oct/2021:17:35:54 +0200] "GET /highslide/highslide.js HTTP/1.1" 200 42909 "-" "Mozilla/5.0 (Windows NT 6.1; Win64; x64) AppleWebKit/537.36 (KHTML, like Gecko) Chrome/72.0.3626.109 Safari/537.36"
54.245.17.130 - - [17/Oct/2021:17:35:54 +0200] "GET /js/jquery.js HTTP/1.1" 200 54075 "-" "Mozilla/5.0 (Windows NT 6.1; Win64; x64) AppleWebKit/537.36 (KHTML, like Gecko) Chrome/72.0.3626.109 Safari/537.36"
34.209.30.73 - - [17/Oct/2021:17:35:54 +0200] "GET /mondial_relay/js/jquery-1.3.2.min.js HTTP/1.1" 200 57254 "-" "Mozilla/5.0 (Windows NT 6.1; Win64; x64) AppleWebKit/537.36 (KHTML, like Gecko) Chrome/72.0.3626.109 Safari/537.36"
69.132.37.59 - - [17/Oct/2021:17:35:55 +0200] "GET /templates/Pixame_v1/images/icon_accueil2.png HTTP/1.1" 200 1137 "http://www.wonder-geek.com/ceramic-salt-with-spoon-milk-p-50620.html" "Mozilla/5.0 (Windows NT 10.0; Win64; x64) AppleWebKit/537.36 (KHTML, like Gecko) Chrome/94.0.4606.71 Safari/537.36 Edg/94.0.992.38"
69.132.37.59 - - [17/Oct/2021:17:35:55 +0200] "GET /templates/Pixame_v1/images/nav.png HTTP/1.1" 200 1283 "http://www.wonder-geek.com/templates/Pixame_v1/stylesheet.css" "Mozilla/5.0 (Windows NT 10.0; Win64; x64) AppleWebKit/537.36 (KHTML, like Gecko) Chrome/94.0.4606.71 Safari/537.36 Edg/94.0.992.38"
69.132.37.59 - - [17/Oct/2021:17:35:55 +0200] "GET /templates/Pixame_v1/images/header.png HTTP/1.1" 200 70245 "http://www.wonder-geek.com/templates/Pixame_v1/stylesheet.css" "Mozilla/5.0 (Windows NT 10.0; Win64; x64) AppleWebKit/537.36 (KHTML, like Gecko) Chrome/94.0.4606.71 Safari/537.36 Edg/94.0.992.38"
69.132.37.59 - - [17/Oct/2021:17:35:55 +0200] "GET /templates/Pixame_v1/images/Bottom_texture.jpg HTTP/1.1" 200 56290 "http://www.wonder-geek.com/templates/Pixame_v1/stylesheet.css" "Mozilla/5.0 (Windows NT 10.0; Win64; x64) AppleWebKit/537.36 (KHTML, like Gecko) Chrome/94.0.4606.71 Safari/537.36 Edg/94.0.992.38"
69.132.37.59 - - [17/Oct/2021:17:35:55 +0200] "GET /templates/Pixame_v1/images/buttons/english/button_in_cart.gif HTTP/1.1" 200 1212 "http://www.wonder-geek.com/ceramic-salt-with-spoon-milk-p-50620.html" "Mozilla/5.0 (Windows NT 10.0; Win64; x64) AppleWebKit/537.36 (KHTML, like Gecko) Chrome/94.0.4606.71 Safari/537.36 Edg/94.0.992.38"
69.132.37.59 - - [17/Oct/2021:17:35:55 +0200] "GET /design/productsenstock.png HTTP/1.1" 200 4743 "http://www.wonder-geek.com/templates/Pixame_v1/stylesheet.css" "Mozilla/5.0 (Windows NT 10.0; Win64; x64) AppleWebKit/537.36 (KHTML, like Gecko) Chrome/94.0.4606.71 Safari/537.36 Edg/94.0.992.38"
69.132.37.59 - - [17/Oct/2021:17:35:55 +0200] "GET /images/big_prod/3503420069819.jpg HTTP/1.1" 200 100817 "http://www.wonder-geek.com/ceramic-salt-with-spoon-milk-p-50620.html" "Mozilla/5.0 (Windows NT 10.0; Win64; x64) AppleWebKit/537.36 (KHTML, like Gecko) Chrome/94.0.4606.71 Safari/537.36 Edg/94.0.992.38"
69.132.37.59 - - [17/Oct/2021:17:35:56 +0200] "GET /templates/Pixame_v1/images/header-object.png HTTP/1.1" 200 106050 "http://www.wonder-geek.com/templates/Pixame_v1/stylesheet.css" "Mozilla/5.0 (Windows NT 10.0; Win64; x64) AppleWebKit/537.36 (KHTML, like Gecko) Chrome/94.0.4606.71 Safari/537.36 Edg/94.0.992.38"
69.132.37.59 - - [17/Oct/2021:17:35:56 +0200] "GET /templates/Pixame_v1/images/Middle_texture.jpg HTTP/1.1" 200 249620 "http://www.wonder-geek.com/templates/Pixame_v1/stylesheet.css" "Mozilla/5.0 (Windows NT 10.0; Win64; x64) AppleWebKit/537.36 (KHTML, like Gecko) Chrome/94.0.4606.71 Safari/537.36 Edg/94.0.992.38"
69.132.37.59 - - [17/Oct/2021:17:35:56 +0200] "GET /highslide/graphics/outlines/drop-shadow.png HTTP/1.1" 200 2022 "http://www.wonder-geek.com/ceramic-salt-with-spoon-milk-p-50620.html" "Mozilla/5.0 (Windows NT 10.0; Win64; x64) AppleWebKit/537.36 (KHTML, like Gecko) Chrome/94.0.4606.71 Safari/537.36 Edg/94.0.992.38"
69.132.37.59 - - [17/Oct/2021:17:35:56 +0200] "GET /favicon.ico HTTP/1.1" 200 1591 "http://www.wonder-geek.com/ceramic-salt-with-spoon-milk-p-50620.html" "Mozilla/5.0 (Windows NT 10.0; Win64; x64) AppleWebKit/537.36 (KHTML, like Gecko) Chrome/94.0.4606.71 Safari/537.36 Edg/94.0.992.38"
216.244.66.242 - - [17/Oct/2021:17:36:39 +0200] "GET /robots.txt HTTP/1.1" 200 2438 "-" "Mozilla/5.0 (compatible; DotBot/1.2; +https://opensiteexplorer.org/dotbot; help@moz.com)"
69.132.37.59 - - [17/Oct/2021:17:36:45 +0200] "GET /images/mini_prod/3503420047749.jpg HTTP/1.1" 200 5538 "http://www.wonder-geek.com/salt-boxes-jars-c-12_223.html" "Mozilla/5.0 (Windows NT 10.0; Win64; x64) AppleWebKit/537.36 (KHTML, like Gecko) Chrome/94.0.4606.71 Safari/537.36 Edg/94.0.992.38"
69.132.37.59 - - [17/Oct/2021:17:36:45 +0200] "GET /images/mini_prod/3503420102837.jpg HTTP/1.1" 200 6182 "http://www.wonder-geek.com/salt-boxes-jars-c-12_223.html" "Mozilla/5.0 (Windows NT 10.0; Win64; x64) AppleWebKit/537.36 (KHTML, like Gecko) Chrome/94.0.4606.71 Safari/537.36 Edg/94.0.992.38"
69.132.37.59 - - [17/Oct/2021:17:36:45 +0200] "GET /images/mini_prod/3503420107184.jpg HTTP/1.1" 200 4791 "http://www.wonder-geek.com/salt-boxes-jars-c-12_223.html" "Mozilla/5.0 (Windows NT 10.0; Win64; x64) AppleWebKit/537.36 (KHTML, like Gecko) Chrome/94.0.4606.71 Safari/537.36 Edg/94.0.992.38"
69.132.37.59 - - [17/Oct/2021:17:36:45 +0200] "GET /images/mini_prod/3503420106699B.jpg HTTP/1.1" 200 5219 "http://www.wonder-geek.com/salt-boxes-jars-c-12_223.html" "Mozilla/5.0 (Windows NT 10.0; Win64; x64) AppleWebKit/537.36 (KHTML, like Gecko) Chrome/94.0.4606.71 Safari/537.36 Edg/94.0.992.38"
69.132.37.59 - - [17/Oct/2021:17:36:45 +0200] "GET /images/mini_prod/3503420077449.jpg HTTP/1.1" 200 5979 "http://www.wonder-geek.com/salt-boxes-jars-c-12_223.html" "Mozilla/5.0 (Windows NT 10.0; Win64; x64) AppleWebKit/537.36 (KHTML, like Gecko) Chrome/94.0.4606.71 Safari/537.36 Edg/94.0.992.38"
69.132.37.59 - - [17/Oct/2021:17:36:45 +0200] "GET /js/jquery.masonry.min.js HTTP/1.1" 200 5392 "http://www.wonder-geek.com/salt-boxes-jars-c-12_223.html" "Mozilla/5.0 (Windows NT 10.0; Win64; x64) AppleWebKit/537.36 (KHTML, like Gecko) Chrome/94.0.4606.71 Safari/537.36 Edg/94.0.992.38"
69.132.37.59 - - [17/Oct/2021:17:36:45 +0200] "GET /js/modernizr-transitions.js HTTP/1.1" 200 2026 "http://www.wonder-geek.com/salt-boxes-jars-c-12_223.html" "Mozilla/5.0 (Windows NT 10.0; Win64; x64) AppleWebKit/537.36 (KHTML, like Gecko) Chrome/94.0.4606.71 Safari/537.36 Edg/94.0.992.38"
69.132.37.59 - - [17/Oct/2021:17:36:45 +0200] "GET /images/mini_prod/3503420096426.jpg HTTP/1.1" 200 7190 "http://www.wonder-geek.com/salt-boxes-jars-c-12_223.html" "Mozilla/5.0 (Windows NT 10.0; Win64; x64) AppleWebKit/537.36 (KHTML, like Gecko) Chrome/94.0.4606.71 Safari/537.36 Edg/94.0.992.38"
69.132.37.59 - - [17/Oct/2021:17:36:45 +0200] "GET /images/mini_prod/8420327480460.jpg HTTP/1.1" 200 6727 "http://www.wonder-geek.com/salt-boxes-jars-c-12_223.html" "Mozilla/5.0 (Windows NT 10.0; Win64; x64) AppleWebKit/537.36 (KHTML, like Gecko) Chrome/94.0.4606.71 Safari/537.36 Edg/94.0.992.38"
69.132.37.59 - - [17/Oct/2021:17:36:45 +0200] "GET /images/mini_prod/8422027480436.jpg HTTP/1.1" 200 6778 "http://www.wonder-geek.com/salt-boxes-jars-c-12_223.html" "Mozilla/5.0 (Windows NT 10.0; Win64; x64) AppleWebKit/537.36 (KHTML, like Gecko) Chrome/94.0.4606.71 Safari/537.36 Edg/94.0.992.38"
69.132.37.59 - - [17/Oct/2021:17:36:45 +0200] "GET /images/mini_prod/3503420103131.jpg HTTP/1.1" 200 7509 "http://www.wonder-geek.com/salt-boxes-jars-c-12_223.html" "Mozilla/5.0 (Windows NT 10.0; Win64; x64) AppleWebKit/537.36 (KHTML, like Gecko) Chrome/94.0.4606.71 Safari/537.36 Edg/94.0.992.38"
69.132.37.59 - - [17/Oct/2021:17:36:45 +0200] "GET /images/mini_prod/3503420100871.jpg HTTP/1.1" 200 6942 "http://www.wonder-geek.com/salt-boxes-jars-c-12_223.html" "Mozilla/5.0 (Windows NT 10.0; Win64; x64) AppleWebKit/537.36 (KHTML, like Gecko) Chrome/94.0.4606.71 Safari/537.36 Edg/94.0.992.38"
69.132.37.59 - - [17/Oct/2021:17:36:45 +0200] "GET /images/mini_prod/8420327480439.jpg HTTP/1.1" 200 6620 "http://www.wonder-geek.com/salt-boxes-jars-c-12_223.html" "Mozilla/5.0 (Windows NT 10.0; Win64; x64) AppleWebKit/537.36 (KHTML, like Gecko) Chrome/94.0.4606.71 Safari/537.36 Edg/94.0.992.38"
69.132.37.59 - - [17/Oct/2021:17:36:45 +0200] "GET /images/mini_prod/8422274804603B.jpg HTTP/1.1" 200 7283 "http://www.wonder-geek.com/salt-boxes-jars-c-12_223.html" "Mozilla/5.0 (Windows NT 10.0; Win64; x64) AppleWebKit/537.36 (KHTML, like Gecko) Chrome/94.0.4606.71 Safari/537.36 Edg/94.0.992.38"
69.132.37.59 - - [17/Oct/2021:17:36:45 +0200] "GET /images/mini_prod/8424346357864.jpg HTTP/1.1" 200 5361 "http://www.wonder-geek.com/salt-boxes-jars-c-12_223.html" "Mozilla/5.0 (Windows NT 10.0; Win64; x64) AppleWebKit/537.36 (KHTML, like Gecko) Chrome/94.0.4606.71 Safari/537.36 Edg/94.0.992.38"
69.132.37.59 - - [17/Oct/2021:17:36:45 +0200] "GET /images/mini_prod/3503420072765.jpg HTTP/1.1" 200 4682 "http://www.wonder-geek.com/salt-boxes-jars-c-12_223.html" "Mozilla/5.0 (Windows NT 10.0; Win64; x64) AppleWebKit/537.36 (KHTML, like Gecko) Chrome/94.0.4606.71 Safari/537.36 Edg/94.0.992.38"
18.209.161.176 - - [17/Oct/2021:17:36:45 +0200] "GET /js/jquery.masonry.min.js HTTP/1.1" 200 5392 "-" "Mozilla/5.0 (Windows NT 6.1; Win64; x64) AppleWebKit/537.36 (KHTML, like Gecko) Chrome/72.0.3626.109 Safari/537.36"
69.132.37.59 - - [17/Oct/2021:17:36:45 +0200] "GET /images/mini_prod/3503420047374.jpg HTTP/1.1" 200 7905 "http://www.wonder-geek.com/salt-boxes-jars-c-12_223.html" "Mozilla/5.0 (Windows NT 10.0; Win64; x64) AppleWebKit/537.36 (KHTML, like Gecko) Chrome/94.0.4606.71 Safari/537.36 Edg/94.0.992.38"
69.132.37.59 - - [17/Oct/2021:17:36:45 +0200] "GET /images/mini_prod/3503420077364.jpg HTTP/1.1" 200 6694 "http://www.wonder-geek.com/salt-boxes-jars-c-12_223.html" "Mozilla/5.0 (Windows NT 10.0; Win64; x64) AppleWebKit/537.36 (KHTML, like Gecko) Chrome/94.0.4606.71 Safari/537.36 Edg/94.0.992.38"
69.132.37.59 - - [17/Oct/2021:17:36:45 +0200] "GET /images/mini_prod/3503420069819.jpg HTTP/1.1" 200 7952 "http://www.wonder-geek.com/salt-boxes-jars-c-12_223.html" "Mozilla/5.0 (Windows NT 10.0; Win64; x64) AppleWebKit/537.36 (KHTML, like Gecko) Chrome/94.0.4606.71 Safari/537.36 Edg/94.0.992.38"
69.132.37.59 - - [17/Oct/2021:17:36:45 +0200] "GET /images/mini_prod/3503420106910.jpg HTTP/1.1" 200 6896 "http://www.wonder-geek.com/salt-boxes-jars-c-12_223.html" "Mozilla/5.0 (Windows NT 10.0; Win64; x64) AppleWebKit/537.36 (KHTML, like Gecko) Chrome/94.0.4606.71 Safari/537.36 Edg/94.0.992.38"
69.132.37.59 - - [17/Oct/2021:17:36:45 +0200] "GET /images/mini_prod/3503420099809.jpg HTTP/1.1" 200 7212 "http://www.wonder-geek.com/salt-boxes-jars-c-12_223.html" "Mozilla/5.0 (Windows NT 10.0; Win64; x64) AppleWebKit/537.36 (KHTML, like Gecko) Chrome/94.0.4606.71 Safari/537.36 Edg/94.0.992.38"
69.132.37.59 - - [17/Oct/2021:17:36:46 +0200] "GET /images/mini_prod/3503420102462.jpg HTTP/1.1" 200 6091 "http://www.wonder-geek.com/salt-boxes-jars-c-12_223.html" "Mozilla/5.0 (Windows NT 10.0; Win64; x64) AppleWebKit/537.36 (KHTML, like Gecko) Chrome/94.0.4606.71 Safari/537.36 Edg/94.0.992.38"
34.219.253.7 - - [17/Oct/2021:17:36:46 +0200] "GET /js/jquery.masonry.min.js HTTP/1.1" 200 5392 "-" "Mozilla/5.0 (Windows NT 6.1; Win64; x64) AppleWebKit/537.36 (KHTML, like Gecko) Chrome/72.0.3626.109 Safari/537.36"
54.191.110.47 - - [17/Oct/2021:17:36:46 +0200] "GET /js/modernizr-transitions.js HTTP/1.1" 200 2026 "-" "Mozilla/5.0 (Windows NT 6.1; Win64; x64) AppleWebKit/537.36 (KHTML, like Gecko) Chrome/72.0.3626.109 Safari/537.36"
77.75.78.166 - - [17/Oct/2021:17:36:50 +0200] "GET /robots.txt HTTP/1.1" 200 2438 "-" "Mozilla/5.0 (compatible; SeznamBot/3.2; +http://napoveda.seznam.cz/en/seznambot-intro/)"
185.191.171.44 - - [17/Oct/2021:17:37:28 +0200] "GET /robots.txt HTTP/1.1" 200 2438 "-" "Mozilla/5.0 (compatible; SemrushBot/7~bl; +http://www.semrush.com/bot.html)"
157.55.39.68 - - [17/Oct/2021:17:41:54 +0200] "GET /images/med_prod/5012128424182.jpg HTTP/1.1" 200 153199 "-" "Mozilla/5.0 (compatible; bingbot/2.0; +http://www.bing.com/bingbot.htm)"
34.218.247.83 - - [17/Oct/2021:17:43:21 +0200] "GET /js/jquery.jqzoom.js HTTP/1.1" 200 4761 "-" "Mozilla/5.0 (Windows NT 6.1; Win64; x64) AppleWebKit/537.36 (KHTML, like Gecko) Chrome/72.0.3626.109 Safari/537.36"
74.125.209.50 - - [17/Oct/2021:17:43:38 +0200] "GET /images/big_prod_2/b4542202653265.jpg HTTP/1.1" 200 137863 "-" "Mozilla/5.0 (Windows NT 5.1; rv:11.0) Gecko Firefox/11.0 (via ggpht.com GoogleImageProxy)"
106.11.159.85 - - [17/Oct/2021:17:43:49 +0200] "GET /js/jquery.jqzoom.js HTTP/1.1" 200 4761 "http://www.wonder-geek.com/" "Mozilla/5.0 (iPhone; CPU iPhone OS 10_3 like Mac OS X) AppleWebKit/602.1.50 (KHTML, like Gecko) CriOS/56.0.2924.75 Mobile/14E5239e YisouSpider/5.0 Safari/602.1"
106.11.154.69 - - [17/Oct/2021:17:43:50 +0200] "GET /mondial_relay/js/jquery-1.3.2.min.js HTTP/1.1" 200 57254 "http://www.wonder-geek.com/" "Mozilla/5.0 (iPhone; CPU iPhone OS 10_3 like Mac OS X) AppleWebKit/602.1.50 (KHTML, like Gecko) CriOS/56.0.2924.75 Mobile/14E5239e YisouSpider/5.0 Safari/602.1"
106.11.157.74 - - [17/Oct/2021:17:43:50 +0200] "GET /js/jquery.js HTTP/1.1" 200 54075 "http://www.wonder-geek.com/" "Mozilla/5.0 (iPhone; CPU iPhone OS 10_3 like Mac OS X) AppleWebKit/602.1.50 (KHTML, like Gecko) CriOS/56.0.2924.75 Mobile/14E5239e YisouSpider/5.0 Safari/602.1"
106.11.153.86 - - [17/Oct/2021:17:43:50 +0200] "GET /highslide/highslide.js HTTP/1.1" 200 42909 "http://www.wonder-geek.com/" "Mozilla/5.0 (iPhone; CPU iPhone OS 10_3 like Mac OS X) AppleWebKit/602.1.50 (KHTML, like Gecko) CriOS/56.0.2924.75 Mobile/14E5239e YisouSpider/5.0 Safari/602.1"
106.11.153.86 - - [17/Oct/2021:17:43:51 +0200] "GET /js/jquery.masonry.min.js HTTP/1.1" 200 5392 "http://www.wonder-geek.com/" "Mozilla/5.0 (iPhone; CPU iPhone OS 10_3 like Mac OS X) AppleWebKit/602.1.50 (KHTML, like Gecko) CriOS/56.0.2924.75 Mobile/14E5239e YisouSpider/5.0 Safari/602.1"
106.11.156.82 - - [17/Oct/2021:17:43:51 +0200] "GET /js/modernizr-transitions.js HTTP/1.1" 200 2026 "http://www.wonder-geek.com/" "Mozilla/5.0 (iPhone; CPU iPhone OS 10_3 like Mac OS X) AppleWebKit/602.1.50 (KHTML, like Gecko) CriOS/56.0.2924.75 Mobile/14E5239e YisouSpider/5.0 Safari/602.1"
106.11.155.81 - - [17/Oct/2021:17:43:52 +0200] "GET /templates/Pixame_v1/stylesheet.css HTTP/1.1" 200 56057 "http://www.wonder-geek.com/" "Mozilla/5.0 (iPhone; CPU iPhone OS 10_3 like Mac OS X) AppleWebKit/602.1.50 (KHTML, like Gecko) CriOS/56.0.2924.75 Mobile/14E5239e YisouSpider/5.0 Safari/602.1"
157.55.39.68 - - [17/Oct/2021:17:45:04 +0200] "GET /images/TROBP3409.jpg HTTP/1.1" 200 16663 "-" "Mozilla/5.0 (compatible; bingbot/2.0; +http://www.bing.com/bingbot.htm)"
34.218.247.83 - - [17/Oct/2021:17:45:50 +0200] "GET /js/jquery.masonry.min.js HTTP/1.1" 200 5392 "-" "Mozilla/5.0 (Windows NT 6.1; Win64; x64) AppleWebKit/537.36 (KHTML, like Gecko) Chrome/72.0.3626.109 Safari/537.36"
66.249.64.83 - - [17/Oct/2021:17:46:04 +0200] "GET /images/big_prod_1/3660173218786a.jpg HTTP/1.1" 200 100292 "-" "Googlebot-Image/1.0"
34.213.123.233 - - [17/Oct/2021:17:46:15 +0200] "GET /highslide/highslide.js HTTP/1.1" 200 42909 "-" "Mozilla/5.0 (Windows NT 6.1; Win64; x64) AppleWebKit/537.36 (KHTML, like Gecko) Chrome/72.0.3626.109 Safari/537.36"
34.222.231.210 - - [17/Oct/2021:17:46:50 +0200] "GET /js/modernizr-transitions.js HTTP/1.1" 200 2026 "-" "Mozilla/5.0 (Windows NT 6.1; Win64; x64) AppleWebKit/537.36 (KHTML, like Gecko) Chrome/72.0.3626.109 Safari/537.36"
52.32.247.184 - - [17/Oct/2021:17:47:09 +0200] "GET /mondial_relay/js/jquery-1.3.2.min.js HTTP/1.1" 200 57254 "-" "Mozilla/5.0 (Windows NT 6.1; Win64; x64) AppleWebKit/537.36 (KHTML, like Gecko) Chrome/72.0.3626.109 Safari/537.36"
54.191.20.21 - - [17/Oct/2021:17:47:24 +0200] "GET /js/jquery.js HTTP/1.1" 200 54075 "-" "Mozilla/5.0 (Windows NT 6.1; Win64; x64) AppleWebKit/537.36 (KHTML, like Gecko) Chrome/72.0.3626.109 Safari/537.36"
66.249.64.84 - - [17/Oct/2021:17:51:00 +0200] "GET /images/mini_prod/3520071776484.jpg HTTP/1.1" 200 3967 "-" "Googlebot-Image/1.0"
157.55.39.111 - - [17/Oct/2021:17:52:35 +0200] "GET /images/Photo-0302.jpg HTTP/1.1" 200 19241 "-" "Mozilla/5.0 (compatible; bingbot/2.0; +http://www.bing.com/bingbot.htm)"
95.163.255.141 - - [17/Oct/2021:17:53:04 +0200] "GET /robots.txt HTTP/1.0" 200 2438 "-" "Mozilla/5.0 (compatible; Linux x86_64; Mail.RU_Bot/Img/2.0; +http://go.mail.ru/help/robots)"
95.163.255.129 - - [17/Oct/2021:17:53:18 +0200] "GET /images/med_prod/1399984285008.jpg HTTP/1.1" 200 97203 "http://wonder-geek.com/images/med_prod/1399984285008.jpg" "Mozilla/5.0 (compatible; Linux x86_64; Mail.RU_Bot/Img/2.0; +http://go.mail.ru/help/robots)"
207.46.13.81 - - [17/Oct/2021:17:54:47 +0200] "GET /images/5018997517574.jpg HTTP/1.1" 200 129054 "-" "Mozilla/5.0 (compatible; bingbot/2.0; +http://www.bing.com/bingbot.htm)"
157.55.39.111 - - [17/Oct/2021:17:56:06 +0200] "GET /images/big_prod/5025123432113.jpg HTTP/1.1" 200 141054 "-" "Mozilla/5.0 (compatible; bingbot/2.0; +http://www.bing.com/bingbot.htm)"
207.46.13.129 - - [17/Oct/2021:17:56:28 +0200] "GET /images/1399984251805.jpg HTTP/1.1" 200 96931 "-" "Mozilla/5.0 (compatible; bingbot/2.0; +http://www.bing.com/bingbot.htm)"
66.249.64.84 - - [17/Oct/2021:17:56:37 +0200] "GET /images/mini_prod/3520071690216.jpg HTTP/1.1" 200 4543 "-" "Googlebot-Image/1.0"
157.55.39.111 - - [17/Oct/2021:17:56:56 +0200] "GET /images/4895029694615.jpg HTTP/1.1" 200 39504 "-" "Mozilla/5.0 (compatible; bingbot/2.0; +http://www.bing.com/bingbot.htm)"
207.46.13.17 - - [17/Oct/2021:17:57:58 +0200] "GET /images/big_prod/8422810090446a.jpg HTTP/1.1" 200 114792 "-" "Mozilla/5.0 (compatible; bingbot/2.0; +http://www.bing.com/bingbot.htm)"
207.46.13.129 - - [17/Oct/2021:17:58:48 +0200] "GET /images/C11253B.jpg HTTP/1.1" 200 69224 "-" "Mozilla/5.0 (compatible; bingbot/2.0; +http://www.bing.com/bingbot.htm)"
128.103.224.5 - - [17/Oct/2021:17:58:49 +0200] "GET /js/jquery.jqzoom.js HTTP/1.1" 200 4761 "http://www.wonder-geek.com/georges-clounet-p-39535.html" "Mozilla/5.0 (Windows NT 10.0; Win64; x64; rv:78.0) Gecko/20100101 Firefox/78.0"
128.103.224.5 - - [17/Oct/2021:17:58:49 +0200] "GET /highslide/highslide.js HTTP/1.1" 200 42909 "http://www.wonder-geek.com/georges-clounet-p-39535.html" "Mozilla/5.0 (Windows NT 10.0; Win64; x64; rv:78.0) Gecko/20100101 Firefox/78.0"
