66.249.64.83 - - [17/Oct/2021:20:14:29 +0200] "GET /images/big_prod/3700572754659.jpg HTTP/1.1" 200 86263 "-" "Googlebot-Image/1.0"
77.75.77.109 - - [17/Oct/2021:20:16:23 +0200] "GET /robots.txt HTTP/1.1" 200 2438 "-" "Mozilla/5.0 (compatible; SeznamBot/3.2; +http://napoveda.seznam.cz/en/seznambot-intro/)"
66.249.64.82 - - [17/Oct/2021:20:16:43 +0200] "GET /images/mini_prod/3503420034077.jpg HTTP/1.1" 200 5266 "-" "Googlebot-Image/1.0"
66.249.93.249 - - [17/Oct/2021:20:17:55 +0200] "GET /images/1399984257234.jpg HTTP/1.1" 200 127887 "-" "Mozilla/5.0 (Windows NT 5.1; rv:11.0) Gecko Firefox/11.0 (via ggpht.com GoogleImageProxy)"
207.46.13.129 - - [17/Oct/2021:20:18:11 +0200] "GET /images/80285016691151.jpg HTTP/1.1" 200 29148 "-" "Mozilla/5.0 (compatible; bingbot/2.0; +http://www.bing.com/bingbot.htm)"
207.46.13.152 - - [17/Oct/2021:20:19:40 +0200] "GET /images/big_prod/1328399219544.jpg HTTP/1.1" 200 110320 "-" "Mozilla/5.0 (compatible; bingbot/2.0; +http://www.bing.com/bingbot.htm)"
66.249.64.82 - - [17/Oct/2021:20:19:46 +0200] "GET /images/big_prod/monalisa3.jpg HTTP/1.1" 200 91915 "-" "Googlebot-Image/1.0"
207.46.13.81 - - [17/Oct/2021:20:20:01 +0200] "GET /images/8006529208042.jpg HTTP/1.1" 200 32209 "-" "Mozilla/5.0 (compatible; bingbot/2.0; +http://www.bing.com/bingbot.htm)"
147.92.153.11 - - [17/Oct/2021:20:21:54 +0200] "GET /js/jquery.masonry.min.js HTTP/1.1" 200 5392 "http://www.wonder-geek.com/" "Mozilla/5.0 (Windows NT 6.1; Win64; x64) AppleWebit/537.36 (KHTML, like Gecko) Chrome/63.0.3239.0 Safari/537.36 (compatible; Linespider/1.1; +https://lin.ee/4dwXkTH)"
147.92.153.2 - - [17/Oct/2021:20:21:54 +0200] "GET /js/modernizr-transitions.js HTTP/1.1" 200 2026 "http://www.wonder-geek.com/" "Mozilla/5.0 (Windows NT 6.1; Win64; x64) AppleWebit/537.36 (KHTML, like Gecko) Chrome/63.0.3239.0 Safari/537.36 (compatible; Linespider/1.1; +https://lin.ee/4dwXkTH)"
66.249.64.84 - - [17/Oct/2021:20:22:24 +0200] "GET /images/big_prod/8422016386916.jpg HTTP/1.1" 200 96763 "-" "Googlebot-Image/1.0"
157.55.39.77 - - [17/Oct/2021:20:24:20 +0200] "GET /images/med_prod/8435306276309.jpg HTTP/1.1" 200 119002 "-" "Mozilla/5.0 (compatible; bingbot/2.0; +http://www.bing.com/bingbot.htm)"
211.91.147.2 - - [17/Oct/2021:20:24:49 +0200] "GET /images/mini_prod/3457019604168.jpg HTTP/1.1" 200 9175 "-" "Mozilla/5.0 (X11; Ubuntu; Linux x86_64; rv:72.0) Gecko/20100101 Firefox/72.0"
66.249.64.82 - - [17/Oct/2021:20:25:03 +0200] "GET /images/big_prod/3609810081444.jpg HTTP/1.1" 200 65393 "-" "Googlebot-Image/1.0"
66.249.64.83 - - [17/Oct/2021:20:27:41 +0200] "GET /images/big_prod/3609810072039.jpg HTTP/1.1" 200 214928 "-" "Googlebot-Image/1.0"
66.249.64.83 - - [17/Oct/2021:20:30:19 +0200] "GET /images/mini_prod/8424345983811.jpg HTTP/1.1" 200 6826 "-" "Googlebot-Image/1.0"
157.55.39.102 - - [17/Oct/2021:20:30:31 +0200] "GET /images/1399984253625.jpg HTTP/1.1" 200 28629 "-" "Mozilla/5.0 (compatible; bingbot/2.0; +http://www.bing.com/bingbot.htm)"
207.46.13.129 - - [17/Oct/2021:20:31:42 +0200] "GET /images/B4039.jpg HTTP/1.1" 200 22346 "-" "Mozilla/5.0 (compatible; bingbot/2.0; +http://www.bing.com/bingbot.htm)"
66.249.64.83 - - [17/Oct/2021:20:32:57 +0200] "GET /images/big_prod/4250255880032.jpg HTTP/1.1" 200 41989 "-" "Googlebot-Image/1.0"
157.55.39.77 - - [17/Oct/2021:20:34:40 +0200] "GET /images/big_prod_1/5027148062320NN.jpg HTTP/1.1" 200 84073 "-" "Mozilla/5.0 (compatible; bingbot/2.0; +http://www.bing.com/bingbot.htm)"
66.249.64.82 - - [17/Oct/2021:20:35:35 +0200] "GET /images/big_prod/3014627949441.jpg HTTP/1.1" 200 77001 "-" "Googlebot-Image/1.0"
110.249.201.2 - - [17/Oct/2021:20:38:04 +0200] "GET /images/med_prod/3608860176407.jpg HTTP/1.1" 200 69464 "http://www.wonder-geek.com/jasmin-shoulder-p-31591.html" "Mozilla/5.0 (Linux; Android 5.0) AppleWebKit/537.36 (KHTML, like Gecko) Mobile Safari/537.36 (compatible; Bytespider; https://zhanzhang.toutiao.com/)"
87.250.224.17 - - [17/Oct/2021:20:38:06 +0200] "GET /images/09115.jpg HTTP/1.1" 200 43350 "-" "Mozilla/5.0 (compatible; YandexImages/3.0; +http://yandex.com/bots)"
66.249.64.82 - - [17/Oct/2021:20:38:14 +0200] "GET /images/big_prod/z3700572754239.jpg HTTP/1.1" 200 47873 "-" "Googlebot-Image/1.0"
185.191.171.18 - - [17/Oct/2021:20:38:22 +0200] "GET /robots.txt HTTP/1.1" 200 2438 "-" "Mozilla/5.0 (compatible; SemrushBot/7~bl; +http://www.semrush.com/bot.html)"
207.46.13.17 - - [17/Oct/2021:20:38:24 +0200] "GET /images/big_prod_1/b041689489458.jpg HTTP/1.1" 200 88304 "-" "Mozilla/5.0 (compatible; bingbot/2.0; +http://www.bing.com/bingbot.htm)"
157.55.39.68 - - [17/Oct/2021:20:38:31 +0200] "GET /images/4025055094251.jpg HTTP/1.1" 200 39110 "-" "Mozilla/5.0 (compatible; bingbot/2.0; +http://www.bing.com/bingbot.htm)"
66.249.64.83 - - [17/Oct/2021:20:39:13 +0200] "GET /images/big_prod/N1384010183243.jpg HTTP/1.1" 200 120411 "-" "Googlebot-Image/1.0"
51.104.146.225 - - [17/Oct/2021:20:39:19 +0200] "GET /images/big_prod/4012390388299.jpg HTTP/1.1" 200 59457 "-" "DuckDuckBot/1.1; (+http://duckduckgo.com/duckduckbot.html)"
207.46.13.129 - - [17/Oct/2021:20:42:13 +0200] "GET /images/med_prod/4029811349050.jpg HTTP/1.1" 200 47277 "-" "Mozilla/5.0 (compatible; bingbot/2.0; +http://www.bing.com/bingbot.htm)"
157.55.39.68 - - [17/Oct/2021:20:44:12 +0200] "GET /images/4007176125144B.jpg HTTP/1.1" 200 63274 "-" "Mozilla/5.0 (compatible; bingbot/2.0; +http://www.bing.com/bingbot.htm)"
110.249.201.20 - - [17/Oct/2021:20:48:06 +0200] "GET /images/big_prod_1/8424346212934B.jpg HTTP/1.1" 200 72400 "http://www.wonder-geek.com/jute-p-56517.html" "Mozilla/5.0 (Linux; Android 5.0) AppleWebKit/537.36 (KHTML, like Gecko) Mobile Safari/537.36 (compatible; Bytespider; https://zhanzhang.toutiao.com/)"
110.249.201.13 - - [17/Oct/2021:20:48:06 +0200] "GET /images/big_prod_2/8424346212934C.jpg HTTP/1.1" 200 49440 "http://www.wonder-geek.com/jute-p-56517.html" "Mozilla/5.0 (Linux; Android 5.0) AppleWebKit/537.36 (KHTML, like Gecko) Mobile Safari/537.36 (compatible; Bytespider; https://zhanzhang.toutiao.com/)"
110.249.201.4 - - [17/Oct/2021:20:48:06 +0200] "GET /images/big_prod/8424346212934.jpg HTTP/1.1" 200 59368 "http://www.wonder-geek.com/jute-p-56517.html" "Mozilla/5.0 (Linux; Android 5.0) AppleWebKit/537.36 (KHTML, like Gecko) Mobile Safari/537.36 (compatible; Bytespider; https://zhanzhang.toutiao.com/)"
66.249.64.82 - - [17/Oct/2021:20:48:09 +0200] "GET /images/big_prod/3660173218786.jpg HTTP/1.1" 200 144529 "-" "Googlebot-Image/1.0"
216.244.66.242 - - [17/Oct/2021:20:53:20 +0200] "GET /robots.txt HTTP/1.1" 200 2438 "-" "Mozilla/5.0 (compatible; DotBot/1.2; +https://opensiteexplorer.org/dotbot; help@moz.com)"
66.249.64.83 - - [17/Oct/2021:20:53:26 +0200] "GET /images/big_prod/3700230606221.jpg HTTP/1.1" 200 66965 "-" "Googlebot-Image/1.0"
40.77.167.77 - - [17/Oct/2021:20:56:22 +0200] "GET /images/big_prod/3014627896257.jpg HTTP/1.1" 200 76989 "-" "Mozilla/5.0 (compatible; bingbot/2.0; +http://www.bing.com/bingbot.htm)"
110.249.201.96 - - [17/Oct/2021:20:58:06 +0200] "GET /images/3438100352212.jpg HTTP/1.1" 200 43440 "http://www.wonder-geek.com/happy-reporter-p-21802.html" "Mozilla/5.0 (Linux; Android 5.0) AppleWebKit/537.36 (KHTML, like Gecko) Mobile Safari/537.36 (compatible; Bytespider; https://zhanzhang.toutiao.com/)"
51.182.94.85 - - [17/Oct/2021:20:58:50 +0200] "GET /js/jquery.jqzoom.js HTTP/1.1" 200 4761 "http://www.wonder-geek.com/placemat-kiub-collection-cats-piano-p-55906.html" "Mozilla/5.0 (iPad; CPU OS 15_0_2 like Mac OS X) AppleWebKit/605.1.15 (KHTML, like Gecko) Version/15.0 Mobile/15E148 Safari/604.1"
51.182.94.85 - - [17/Oct/2021:20:58:50 +0200] "GET /templates/Pixame_v1/stylesheet.css HTTP/1.1" 200 56057 "http://www.wonder-geek.com/placemat-kiub-collection-cats-piano-p-55906.html" "Mozilla/5.0 (iPad; CPU OS 15_0_2 like Mac OS X) AppleWebKit/605.1.15 (KHTML, like Gecko) Version/15.0 Mobile/15E148 Safari/604.1"
51.182.94.85 - - [17/Oct/2021:20:58:50 +0200] "GET /highslide/highslide.js HTTP/1.1" 200 42909 "http://www.wonder-geek.com/placemat-kiub-collection-cats-piano-p-55906.html" "Mozilla/5.0 (iPad; CPU OS 15_0_2 like Mac OS X) AppleWebKit/605.1.15 (KHTML, like Gecko) Version/15.0 Mobile/15E148 Safari/604.1"
51.182.94.85 - - [17/Oct/2021:20:58:50 +0200] "GET /mondial_relay/js/jquery-1.3.2.min.js HTTP/1.1" 200 57254 "http://www.wonder-geek.com/placemat-kiub-collection-cats-piano-p-55906.html" "Mozilla/5.0 (iPad; CPU OS 15_0_2 like Mac OS X) AppleWebKit/605.1.15 (KHTML, like Gecko) Version/15.0 Mobile/15E148 Safari/604.1"
51.182.94.85 - - [17/Oct/2021:20:58:50 +0200] "GET /js/jquery.js HTTP/1.1" 200 54075 "http://www.wonder-geek.com/placemat-kiub-collection-cats-piano-p-55906.html" "Mozilla/5.0 (iPad; CPU OS 15_0_2 like Mac OS X) AppleWebKit/605.1.15 (KHTML, like Gecko) Version/15.0 Mobile/15E148 Safari/604.1"
51.182.94.85 - - [17/Oct/2021:20:58:50 +0200] "GET /templates/Pixame_v1/images/icon_accueil2.png HTTP/1.1" 200 1137 "http://www.wonder-geek.com/placemat-kiub-collection-cats-piano-p-55906.html" "Mozilla/5.0 (iPad; CPU OS 15_0_2 like Mac OS X) AppleWebKit/605.1.15 (KHTML, like Gecko) Version/15.0 Mobile/15E148 Safari/604.1"
51.182.94.85 - - [17/Oct/2021:20:58:50 +0200] "GET /templates/Pixame_v1/images/buttons/english/button_in_cart.gif HTTP/1.1" 200 1212 "http://www.wonder-geek.com/placemat-kiub-collection-cats-piano-p-55906.html" "Mozilla/5.0 (iPad; CPU OS 15_0_2 like Mac OS X) AppleWebKit/605.1.15 (KHTML, like Gecko) Version/15.0 Mobile/15E148 Safari/604.1"
51.182.94.85 - - [17/Oct/2021:20:58:50 +0200] "GET /templates/Pixame_v1/images/nav.png HTTP/1.1" 200 1283 "http://www.wonder-geek.com/placemat-kiub-collection-cats-piano-p-55906.html" "Mozilla/5.0 (iPad; CPU OS 15_0_2 like Mac OS X) AppleWebKit/605.1.15 (KHTML, like Gecko) Version/15.0 Mobile/15E148 Safari/604.1"
51.182.94.85 - - [17/Oct/2021:20:58:50 +0200] "GET /templates/Pixame_v1/images/Bottom_texture.jpg HTTP/1.1" 200 56290 "http://www.wonder-geek.com/placemat-kiub-collection-cats-piano-p-55906.html" "Mozilla/5.0 (iPad; CPU OS 15_0_2 like Mac OS X) AppleWebKit/605.1.15 (KHTML, like Gecko) Version/15.0 Mobile/15E148 Safari/604.1"
51.182.94.85 - - [17/Oct/2021:20:58:50 +0200] "GET /images/mini_prod/3700572712314.jpg HTTP/1.1" 200 7597 "http://www.wonder-geek.com/placemat-kiub-collection-cats-piano-p-55906.html" "Mozilla/5.0 (iPad; CPU OS 15_0_2 like Mac OS X) AppleWebKit/605.1.15 (KHTML, like Gecko) Version/15.0 Mobile/15E148 Safari/604.1"
51.182.94.85 - - [17/Oct/2021:20:58:50 +0200] "GET /design/productsenstock.png HTTP/1.1" 200 4743 "http://www.wonder-geek.com/placemat-kiub-collection-cats-piano-p-55906.html" "Mozilla/5.0 (iPad; CPU OS 15_0_2 like Mac OS X) AppleWebKit/605.1.15 (KHTML, like Gecko) Version/15.0 Mobile/15E148 Safari/604.1"
51.182.94.85 - - [17/Oct/2021:20:58:50 +0200] "GET /templates/Pixame_v1/images/header.png HTTP/1.1" 200 70245 "http://www.wonder-geek.com/placemat-kiub-collection-cats-piano-p-55906.html" "Mozilla/5.0 (iPad; CPU OS 15_0_2 like Mac OS X) AppleWebKit/605.1.15 (KHTML, like Gecko) Version/15.0 Mobile/15E148 Safari/604.1"
51.182.94.85 - - [17/Oct/2021:20:58:51 +0200] "GET /templates/Pixame_v1/images/header-object.png HTTP/1.1" 200 106050 "http://www.wonder-geek.com/placemat-kiub-collection-cats-piano-p-55906.html" "Mozilla/5.0 (iPad; CPU OS 15_0_2 like Mac OS X) AppleWebKit/605.1.15 (KHTML, like Gecko) Version/15.0 Mobile/15E148 Safari/604.1"
51.182.94.85 - - [17/Oct/2021:20:58:51 +0200] "GET /templates/Pixame_v1/images/Middle_texture.jpg HTTP/1.1" 200 249620 "http://www.wonder-geek.com/placemat-kiub-collection-cats-piano-p-55906.html" "Mozilla/5.0 (iPad; CPU OS 15_0_2 like Mac OS X) AppleWebKit/605.1.15 (KHTML, like Gecko) Version/15.0 Mobile/15E148 Safari/604.1"
51.182.94.85 - - [17/Oct/2021:20:58:51 +0200] "GET /images/big_prod/3700572712307.jpg HTTP/1.1" 200 657054 "http://www.wonder-geek.com/placemat-kiub-collection-cats-piano-p-55906.html" "Mozilla/5.0 (iPad; CPU OS 15_0_2 like Mac OS X) AppleWebKit/605.1.15 (KHTML, like Gecko) Version/15.0 Mobile/15E148 Safari/604.1"
51.182.94.85 - - [17/Oct/2021:20:58:52 +0200] "GET /highslide/graphics/outlines/drop-shadow.png HTTP/1.1" 200 2022 "http://www.wonder-geek.com/placemat-kiub-collection-cats-piano-p-55906.html" "Mozilla/5.0 (iPad; CPU OS 15_0_2 like Mac OS X) AppleWebKit/605.1.15 (KHTML, like Gecko) Version/15.0 Mobile/15E148 Safari/604.1"
51.182.94.85 - - [17/Oct/2021:20:58:52 +0200] "GET /favicon.ico HTTP/1.1" 200 1591 "http://www.wonder-geek.com/placemat-kiub-collection-cats-piano-p-55906.html" "Mozilla/5.0 (iPad; CPU OS 15_0_2 like Mac OS X) AppleWebKit/605.1.15 (KHTML, like Gecko) Version/15.0 Mobile/15E148 Safari/604.1"
157.55.39.111 - - [17/Oct/2021:20:59:35 +0200] "GET /images/big_prod/1399169040019.jpg HTTP/1.1" 200 210239 "-" "Mozilla/5.0 (compatible; bingbot/2.0; +http://www.bing.com/bingbot.htm)"
157.55.39.102 - - [17/Oct/2021:20:59:44 +0200] "GET /images/big_prod/1491693128680.jpg HTTP/1.1" 200 112260 "-" "Mozilla/5.0 (compatible; bingbot/2.0; +http://www.bing.com/bingbot.htm)"
74.102.55.233 - - [17/Oct/2021:21:01:08 +0200] "GET /js/jquery.jqzoom.js HTTP/1.1" 200 4761 "http://www.wonder-geek.com/-p-37017.html" "Mozilla/5.0 (Windows NT 10.0; Win64; x64) AppleWebKit/537.36 (KHTML, like Gecko) Chrome/94.0.4606.81 Safari/537.36"
74.102.55.233 - - [17/Oct/2021:21:01:08 +0200] "GET /highslide/highslide.js HTTP/1.1" 200 42909 "http://www.wonder-geek.com/-p-37017.html" "Mozilla/5.0 (Windows NT 10.0; Win64; x64) AppleWebKit/537.36 (KHTML, like Gecko) Chrome/94.0.4606.81 Safari/537.36"
74.102.55.233 - - [17/Oct/2021:21:01:08 +0200] "GET /templates/Pixame_v1/stylesheet.css HTTP/1.1" 200 56057 "http://www.wonder-geek.com/-p-37017.html" "Mozilla/5.0 (Windows NT 10.0; Win64; x64) AppleWebKit/537.36 (KHTML, like Gecko) Chrome/94.0.4606.81 Safari/537.36"
74.102.55.233 - - [17/Oct/2021:21:01:08 +0200] "GET /js/jquery.js HTTP/1.1" 200 54075 "http://www.wonder-geek.com/-p-37017.html" "Mozilla/5.0 (Windows NT 10.0; Win64; x64) AppleWebKit/537.36 (KHTML, like Gecko) Chrome/94.0.4606.81 Safari/537.36"
74.102.55.233 - - [17/Oct/2021:21:01:08 +0200] "GET /mondial_relay/js/jquery-1.3.2.min.js HTTP/1.1" 200 57254 "http://www.wonder-geek.com/-p-37017.html" "Mozilla/5.0 (Windows NT 10.0; Win64; x64) AppleWebKit/537.36 (KHTML, like Gecko) Chrome/94.0.4606.81 Safari/537.36"
74.102.55.233 - - [17/Oct/2021:21:01:09 +0200] "GET /templates/Pixame_v1/images/icon_accueil2.png HTTP/1.1" 200 1137 "http://www.wonder-geek.com/-p-37017.html" "Mozilla/5.0 (Windows NT 10.0; Win64; x64) AppleWebKit/537.36 (KHTML, like Gecko) Chrome/94.0.4606.81 Safari/537.36"
74.102.55.233 - - [17/Oct/2021:21:01:09 +0200] "GET /templates/Pixame_v1/images/nav.png HTTP/1.1" 200 1283 "http://www.wonder-geek.com/templates/Pixame_v1/stylesheet.css" "Mozilla/5.0 (Windows NT 10.0; Win64; x64) AppleWebKit/537.36 (KHTML, like Gecko) Chrome/94.0.4606.81 Safari/537.36"
74.102.55.233 - - [17/Oct/2021:21:01:09 +0200] "GET /design/productsenstock.png HTTP/1.1" 200 4743 "http://www.wonder-geek.com/templates/Pixame_v1/stylesheet.css" "Mozilla/5.0 (Windows NT 10.0; Win64; x64) AppleWebKit/537.36 (KHTML, like Gecko) Chrome/94.0.4606.81 Safari/537.36"
74.102.55.233 - - [17/Oct/2021:21:01:09 +0200] "GET /templates/Pixame_v1/images/Bottom_texture.jpg HTTP/1.1" 200 56290 "http://www.wonder-geek.com/templates/Pixame_v1/stylesheet.css" "Mozilla/5.0 (Windows NT 10.0; Win64; x64) AppleWebKit/537.36 (KHTML, like Gecko) Chrome/94.0.4606.81 Safari/537.36"
74.102.55.233 - - [17/Oct/2021:21:01:09 +0200] "GET /templates/Pixame_v1/images/header.png HTTP/1.1" 200 70245 "http://www.wonder-geek.com/templates/Pixame_v1/stylesheet.css" "Mozilla/5.0 (Windows NT 10.0; Win64; x64) AppleWebKit/537.36 (KHTML, like Gecko) Chrome/94.0.4606.81 Safari/537.36"
74.102.55.233 - - [17/Oct/2021:21:01:09 +0200] "GET /templates/Pixame_v1/images/header-object.png HTTP/1.1" 200 106050 "http://www.wonder-geek.com/templates/Pixame_v1/stylesheet.css" "Mozilla/5.0 (Windows NT 10.0; Win64; x64) AppleWebKit/537.36 (KHTML, like Gecko) Chrome/94.0.4606.81 Safari/537.36"
74.102.55.233 - - [17/Oct/2021:21:01:09 +0200] "GET /templates/Pixame_v1/images/Middle_texture.jpg HTTP/1.1" 200 249620 "http://www.wonder-geek.com/templates/Pixame_v1/stylesheet.css" "Mozilla/5.0 (Windows NT 10.0; Win64; x64) AppleWebKit/537.36 (KHTML, like Gecko) Chrome/94.0.4606.81 Safari/537.36"
74.102.55.233 - - [17/Oct/2021:21:01:09 +0200] "GET /highslide/graphics/outlines/drop-shadow.png HTTP/1.1" 200 2022 "http://www.wonder-geek.com/-p-37017.html" "Mozilla/5.0 (Windows NT 10.0; Win64; x64) AppleWebKit/537.36 (KHTML, like Gecko) Chrome/94.0.4606.81 Safari/537.36"
74.102.55.233 - - [17/Oct/2021:21:01:09 +0200] "GET /favicon.ico HTTP/1.1" 200 1591 "http://www.wonder-geek.com/-p-37017.html" "Mozilla/5.0 (Windows NT 10.0; Win64; x64) AppleWebKit/537.36 (KHTML, like Gecko) Chrome/94.0.4606.81 Safari/537.36"
157.55.39.77 - - [17/Oct/2021:21:02:33 +0200] "GET /images/4025055165913.jpg HTTP/1.1" 200 55396 "-" "Mozilla/5.0 (compatible; bingbot/2.0; +http://www.bing.com/bingbot.htm)"
95.163.255.121 - - [17/Oct/2021:21:06:50 +0200] "GET /robots.txt HTTP/1.0" 200 2438 "-" "Mozilla/5.0 (compatible; Linux x86_64; Mail.RU_Bot/Img/2.0; +http://go.mail.ru/help/robots)"
95.163.255.131 - - [17/Oct/2021:21:07:11 +0200] "GET /images/1300010240281.jpg HTTP/1.1" 200 104017 "http://wonder-geek.com/images/1300010240281.jpg" "Mozilla/5.0 (compatible; Linux x86_64; Mail.RU_Bot/Img/2.0; +http://go.mail.ru/help/robots)"
95.163.255.121 - - [17/Oct/2021:21:07:14 +0200] "GET /images/1399984241981.jpg HTTP/1.1" 200 68456 "http://wonder-geek.com/images/1399984241981.jpg" "Mozilla/5.0 (compatible; Linux x86_64; Mail.RU_Bot/Img/2.0; +http://go.mail.ru/help/robots)"
211.91.147.2 - - [17/Oct/2021:21:07:24 +0200] "GET /images/mini_prod/8424345892595.jpg HTTP/1.1" 200 12122 "-" "Mozilla/5.0 (X11; Ubuntu; Linux x86_64; rv:72.0) Gecko/20100101 Firefox/72.0"
111.225.148.162 - - [17/Oct/2021:21:08:06 +0200] "GET /images/1399984249017.jpg HTTP/1.1" 200 47225 "http://www.wonder-geek.com/wood-keychains-p-26076.html" "Mozilla/5.0 (Linux; Android 5.0) AppleWebKit/537.36 (KHTML, like Gecko) Mobile Safari/537.36 (compatible; Bytespider; https://zhanzhang.toutiao.com/)"
66.249.64.82 - - [17/Oct/2021:21:08:38 +0200] "GET /images/mini_prod/8445146005205.jpg HTTP/1.1" 200 5110 "-" "Googlebot-Image/1.0"
157.55.39.77 - - [17/Oct/2021:21:09:44 +0200] "GET /images/mini_prod/9316188082143.jpg HTTP/1.1" 200 3832 "-" "Mozilla/5.0 (compatible; bingbot/2.0; +http://www.bing.com/bingbot.htm)"
207.46.13.152 - - [17/Oct/2021:21:10:15 +0200] "GET /images/med_prod/5010994923167.jpg HTTP/1.1" 200 158534 "-" "Mozilla/5.0 (compatible; bingbot/2.0; +http://www.bing.com/bingbot.htm)"
66.249.64.82 - - [17/Oct/2021:21:11:35 +0200] "GET /images/mini_prod/3520071823614.jpg HTTP/1.1" 200 6550 "-" "Googlebot-Image/1.0"
66.249.64.84 - - [17/Oct/2021:21:15:49 +0200] "GET /images/mini_prod/3503420105104.jpg HTTP/1.1" 200 5925 "-" "Googlebot-Image/1.0"
66.249.64.83 - - [17/Oct/2021:21:16:26 +0200] "GET /images/mini_prod/3700344910382.jpg HTTP/1.1" 200 2524 "-" "Googlebot-Image/1.0"
66.249.64.82 - - [17/Oct/2021:21:16:52 +0200] "GET /images/big_prod_1/3014627830138a.jpg HTTP/1.1" 200 74828 "-" "Googlebot-Image/1.0"
157.55.39.111 - - [17/Oct/2021:21:17:36 +0200] "GET /images/big_prod/5701359746056.jpg HTTP/1.1" 200 76463 "-" "Mozilla/5.0 (compatible; bingbot/2.0; +http://www.bing.com/bingbot.htm)"
110.249.202.22 - - [17/Oct/2021:21:18:03 +0200] "GET /templates/Pixame_v1/stylesheet.css HTTP/1.1" 200 56057 "http://www.wonder-geek.com/london-shoulder-p-10997.html" "Mozilla/5.0 (Linux; Android 5.0) AppleWebKit/537.36 (KHTML, like Gecko) Mobile Safari/537.36 (compatible; Bytespider; https://zhanzhang.toutiao.com/)"
110.249.202.22 - - [17/Oct/2021:21:18:05 +0200] "GET /images/TROMG3021.jpg HTTP/1.1" 200 46544 "http://www.wonder-geek.com/london-shoulder-p-10997.html" "Mozilla/5.0 (Linux; Android 5.0) AppleWebKit/537.36 (KHTML, like Gecko) Mobile Safari/537.36 (compatible; Bytespider; https://zhanzhang.toutiao.com/)"
66.249.64.84 - - [17/Oct/2021:21:19:06 +0200] "GET /images/big_prod/5051276405162.jpg HTTP/1.1" 200 100337 "-" "Googlebot-Image/1.0"
40.77.167.77 - - [17/Oct/2021:21:19:24 +0200] "GET /images/8012052080758.jpg HTTP/1.1" 200 50767 "-" "Mozilla/5.0 (Windows NT 6.1; WOW64) AppleWebKit/534+ (KHTML, like Gecko) BingPreview/1.0b"
66.249.64.83 - - [17/Oct/2021:21:19:31 +0200] "GET /images/big_prod_3/8445146027962C.jpg HTTP/1.1" 200 419778 "-" "Googlebot-Image/1.0"
66.249.64.82 - - [17/Oct/2021:21:21:43 +0200] "GET /images/mini_prod/8719497610259.jpg HTTP/1.1" 200 4564 "-" "Googlebot-Image/1.0"
207.46.13.17 - - [17/Oct/2021:21:22:28 +0200] "GET /images/3761194750849.jpg HTTP/1.1" 200 42138 "-" "Mozilla/5.0 (compatible; bingbot/2.0; +http://www.bing.com/bingbot.htm)"
66.249.64.82 - - [17/Oct/2021:21:22:29 +0200] "GET /images/mini_prod/3503420059025.jpg HTTP/1.1" 200 4331 "-" "Googlebot-Image/1.0"
207.46.13.81 - - [17/Oct/2021:21:26:28 +0200] "GET /images/DSCN8015.jpg HTTP/1.1" 200 44890 "-" "Mozilla/5.0 (compatible; bingbot/2.0; +http://www.bing.com/bingbot.htm)"
66.249.64.84 - - [17/Oct/2021:21:26:57 +0200] "GET /images/big_prod_1/1318600329995a.jpg HTTP/1.1" 200 74523 "-" "Googlebot-Image/1.0"
66.249.64.82 - - [17/Oct/2021:21:26:59 +0200] "GET /images/mini_prod/8433933595077.jpg HTTP/1.1" 200 4792 "-" "Googlebot-Image/1.0"
207.46.13.17 - - [17/Oct/2021:21:27:59 +0200] "GET /images/big_prod/8435153884634.jpg HTTP/1.1" 200 149843 "-" "Mozilla/5.0 (compatible; bingbot/2.0; +http://www.bing.com/bingbot.htm)"
110.249.202.30 - - [17/Oct/2021:21:28:04 +0200] "GET /images/med_prod/3700653593078.jpg HTTP/1.1" 200 50680 "http://www.wonder-geek.com/cars-lunch-bottle-p-31682.html" "Mozilla/5.0 (Linux; Android 5.0) AppleWebKit/537.36 (KHTML, like Gecko) Mobile Safari/537.36 (compatible; Bytespider; https://zhanzhang.toutiao.com/)"
66.249.64.83 - - [17/Oct/2021:21:29:25 +0200] "GET /images/big_prod_1/3609810083318a.jpg HTTP/1.1" 200 268361 "-" "Googlebot-Image/1.0"
66.249.64.83 - - [17/Oct/2021:21:29:37 +0200] "GET /images/mini_prod/8433933960875.jpg HTTP/1.1" 200 3594 "-" "Googlebot-Image/1.0"
66.249.64.82 - - [17/Oct/2021:21:30:04 +0200] "GET /images/big_prod_1/4250255880032b.jpg HTTP/1.1" 200 48640 "-" "Googlebot-Image/1.0"
40.77.167.4 - - [17/Oct/2021:21:30:08 +0200] "GET /images/big_prod_2/4029811390830C.jpg HTTP/1.1" 200 70124 "-" "Mozilla/5.0 (compatible; bingbot/2.0; +http://www.bing.com/bingbot.htm)"
157.55.39.77 - - [17/Oct/2021:21:30:56 +0200] "GET /images/3521320608723.jpg HTTP/1.1" 200 36060 "-" "Mozilla/5.0 (compatible; bingbot/2.0; +http://www.bing.com/bingbot.htm)"
66.249.64.83 - - [17/Oct/2021:21:32:16 +0200] "GET /images/mini_prod/3442440279900.jpg HTTP/1.1" 200 6981 "-" "Googlebot-Image/1.0"
66.249.64.83 - - [17/Oct/2021:21:32:43 +0200] "GET /images/big_prod_1/8424346227440B.jpg HTTP/1.1" 200 35524 "-" "Googlebot-Image/1.0"
66.249.64.82 - - [17/Oct/2021:21:34:54 +0200] "GET /images/mini_prod/1300000023641.jpg HTTP/1.1" 200 2771 "-" "Googlebot-Image/1.0"
66.249.64.83 - - [17/Oct/2021:21:36:20 +0200] "GET /images/mini_prod/8424346364589.jpg HTTP/1.1" 200 8686 "-" "Googlebot-Image/1.0"
66.249.64.82 - - [17/Oct/2021:21:36:31 +0200] "GET /images/big_prod_1/3609810088719.jpg HTTP/1.1" 200 111624 "-" "Googlebot-Image/1.0"
66.249.64.82 - - [17/Oct/2021:21:37:32 +0200] "GET /images/mini_prod/c8427787034837.jpg HTTP/1.1" 200 8743 "-" "Googlebot-Image/1.0"
110.249.202.38 - - [17/Oct/2021:21:38:06 +0200] "GET /images/big_prod/3453131117197.jpg HTTP/1.1" 200 46656 "http://www.wonder-geek.com/wood-keychains-p-36955.html" "Mozilla/5.0 (Linux; Android 5.0) AppleWebKit/537.36 (KHTML, like Gecko) Mobile Safari/537.36 (compatible; Bytespider; https://zhanzhang.toutiao.com/)"
185.191.171.38 - - [17/Oct/2021:21:40:03 +0200] "GET /robots.txt HTTP/1.1" 200 2438 "-" "Mozilla/5.0 (compatible; SemrushBot/7~bl; +http://www.semrush.com/bot.html)"
66.249.64.84 - - [17/Oct/2021:21:40:31 +0200] "GET /images/big_prod/3760233681632.jpg HTTP/1.1" 200 133220 "-" "Googlebot-Image/1.0"
66.249.64.82 - - [17/Oct/2021:21:40:37 +0200] "GET /images/big_prod/4036113510835.jpg HTTP/1.1" 200 141218 "-" "Googlebot-Image/1.0"
216.244.66.242 - - [17/Oct/2021:21:40:53 +0200] "GET /robots.txt HTTP/1.1" 200 2438 "-" "Mozilla/5.0 (compatible; DotBot/1.2; +https://opensiteexplorer.org/dotbot; help@moz.com)"
207.46.13.129 - - [17/Oct/2021:21:41:39 +0200] "GET /images/big_prod_2/5404006047550c.jpg HTTP/1.1" 200 118232 "-" "Mozilla/5.0 (compatible; bingbot/2.0; +http://www.bing.com/bingbot.htm)"
66.249.64.83 - - [17/Oct/2021:21:43:15 +0200] "GET /images/big_prod_1/8424346524181B.jpg HTTP/1.1" 200 128044 "-" "Googlebot-Image/1.0"
66.249.64.83 - - [17/Oct/2021:21:43:16 +0200] "GET /images/mini_prod/3520071829722.jpg HTTP/1.1" 200 5690 "-" "Googlebot-Image/1.0"
66.249.64.83 - - [17/Oct/2021:21:43:29 +0200] "GET /images/mini_prod/4029811300839.jpg HTTP/1.1" 200 7876 "-" "Googlebot-Image/1.0"
157.55.39.68 - - [17/Oct/2021:21:44:17 +0200] "GET /images/5055071669316.jpg HTTP/1.1" 200 43231 "-" "Mozilla/5.0 (compatible; bingbot/2.0; +http://www.bing.com/bingbot.htm)"
71.115.166.25 - - [17/Oct/2021:21:46:14 +0200] "GET /images/3521320805313.jpg HTTP/1.1" 200 28910 "-" "Mozilla/5.0 (X11; CrOS x86_64 12239.92.2) AppleWebKit/537.36 (KHTML, like Gecko) Chrome/76.0.3809.136 Safari/537.36"
66.249.64.82 - - [17/Oct/2021:21:46:28 +0200] "GET /images/mini_prod/3700276293843.jpg HTTP/1.1" 200 8607 "-" "Googlebot-Image/1.0"
211.91.147.2 - - [17/Oct/2021:21:47:28 +0200] "GET /images/mini_prod/DSCN6253.jpg HTTP/1.1" 200 5623 "-" "Mozilla/5.0 (X11; Ubuntu; Linux x86_64; rv:72.0) Gecko/20100101 Firefox/72.0"
110.249.201.175 - - [17/Oct/2021:21:48:04 +0200] "GET /images/big_prod/3453131143783.jpg HTTP/1.1" 200 62264 "http://www.wonder-geek.com/metal-tray-p-45852.html" "Mozilla/5.0 (Linux; Android 5.0) AppleWebKit/537.36 (KHTML, like Gecko) Mobile Safari/537.36 (compatible; Bytespider; https://zhanzhang.toutiao.com/)"
66.249.64.82 - - [17/Oct/2021:21:48:52 +0200] "GET /images/mini_prod/8428133370272.jpg HTTP/1.1" 200 8345 "-" "Googlebot-Image/1.0"
66.249.64.82 - - [17/Oct/2021:21:49:26 +0200] "GET /images/mini_prod/3442440279924.jpg HTTP/1.1" 200 6596 "-" "Googlebot-Image/1.0"
66.249.64.84 - - [17/Oct/2021:21:50:11 +0200] "GET /images/mini_prod/9316188078955.jpg HTTP/1.1" 200 3401 "-" "Googlebot-Image/1.0"
157.55.39.102 - - [17/Oct/2021:21:51:30 +0200] "GET /images/big_prod/5051276373102.jpg HTTP/1.1" 200 114760 "-" "Mozilla/5.0 (compatible; bingbot/2.0; +http://www.bing.com/bingbot.htm)"
40.77.167.77 - - [17/Oct/2021:21:51:38 +0200] "GET /images/1300010238158.jpg HTTP/1.1" 200 94690 "-" "Mozilla/5.0 (compatible; bingbot/2.0; +http://www.bing.com/bingbot.htm)"
66.249.64.83 - - [17/Oct/2021:21:51:50 +0200] "GET /images/mini_prod/8422017826909.jpg HTTP/1.1" 200 4749 "-" "Googlebot-Image/1.0"
66.249.64.83 - - [17/Oct/2021:21:52:12 +0200] "GET /images/med_prod/4010070275525.jpg HTTP/1.1" 200 85036 "-" "Googlebot-Image/1.0"
66.249.64.82 - - [17/Oct/2021:21:52:25 +0200] "GET /images/mini_prod/3520071632742.jpg HTTP/1.1" 200 3008 "-" "Googlebot-Image/1.0"
157.55.39.102 - - [17/Oct/2021:21:53:50 +0200] "GET /images/big_prod/5018997752432.jpg HTTP/1.1" 200 124732 "-" "Mozilla/5.0 (compatible; bingbot/2.0; +http://www.bing.com/bingbot.htm)"
66.249.64.82 - - [17/Oct/2021:21:55:23 +0200] "GET /images/mini_prod/3438100346686.jpg HTTP/1.1" 200 5329 "-" "Googlebot-Image/1.0"
66.249.64.82 - - [17/Oct/2021:21:57:06 +0200] "GET /images/mini_prod/8422016503917.jpg HTTP/1.1" 200 5742 "-" "Googlebot-Image/1.0"
66.249.64.82 - - [17/Oct/2021:21:57:47 +0200] "GET /images/big_prod_3/3660173242422c.jpg HTTP/1.1" 200 186491 "-" "Googlebot-Image/1.0"
207.46.13.129 - - [17/Oct/2021:21:57:51 +0200] "GET /images/big_prod_1/8718375752562a.jpg HTTP/1.1" 200 117857 "-" "Mozilla/5.0 (compatible; bingbot/2.0; +http://www.bing.com/bingbot.htm)"
111.225.149.210 - - [17/Oct/2021:21:58:06 +0200] "GET /images/big_prod/3574642574955.jpg HTTP/1.1" 200 57920 "http://www.wonder-geek.com/potholder-glove-p-54123.html" "Mozilla/5.0 (Linux; Android 5.0) AppleWebKit/537.36 (KHTML, like Gecko) Mobile Safari/537.36 (compatible; Bytespider; https://zhanzhang.toutiao.com/)"
157.55.39.102 - - [17/Oct/2021:21:58:09 +0200] "GET /images/5060021930942.jpg HTTP/1.1" 200 28585 "-" "Mozilla/5.0 (compatible; bingbot/2.0; +http://www.bing.com/bingbot.htm)"
66.249.64.83 - - [17/Oct/2021:21:58:21 +0200] "GET /images/mini_prod/1399984231623.jpg HTTP/1.1" 200 6211 "-" "Googlebot-Image/1.0"
66.249.64.84 - - [17/Oct/2021:22:01:20 +0200] "GET /images/mini_prod/1399984221389.jpg HTTP/1.1" 200 6622 "-" "Googlebot-Image/1.0"
66.249.64.82 - - [17/Oct/2021:22:04:01 +0200] "GET /images/mini_prod/8422014281107.jpg HTTP/1.1" 200 5383 "-" "Googlebot-Image/1.0"
207.46.13.81 - - [17/Oct/2021:22:05:02 +0200] "GET /images/big_prod/3503420100406.jpg HTTP/1.1" 200 96792 "-" "Mozilla/5.0 (compatible; bingbot/2.0; +http://www.bing.com/bingbot.htm)"
66.249.64.84 - - [17/Oct/2021:22:07:17 +0200] "GET /images/big_prod/8422044301004.jpg HTTP/1.1" 200 315649 "-" "Googlebot-Image/1.0"
207.46.13.81 - - [17/Oct/2021:22:07:41 +0200] "GET /images/3272760369599.jpg HTTP/1.1" 200 25508 "-" "Mozilla/5.0 (compatible; bingbot/2.0; +http://www.bing.com/bingbot.htm)"
110.249.201.195 - - [17/Oct/2021:22:08:05 +0200] "GET /images/big_prod_1/Kandinsky2.jpg HTTP/1.1" 200 50392 "http://www.wonder-geek.com/shopping-kandinsky-p-53535.html" "Mozilla/5.0 (Linux; Android 5.0) AppleWebKit/537.36 (KHTML, like Gecko) Mobile Safari/537.36 (compatible; Bytespider; https://zhanzhang.toutiao.com/)"
110.249.201.194 - - [17/Oct/2021:22:08:05 +0200] "GET /images/big_prod/Kandinsky.jpg HTTP/1.1" 200 68056 "http://www.wonder-geek.com/shopping-kandinsky-p-53535.html" "Mozilla/5.0 (Linux; Android 5.0) AppleWebKit/537.36 (KHTML, like Gecko) Mobile Safari/537.36 (compatible; Bytespider; https://zhanzhang.toutiao.com/)"
40.77.167.4 - - [17/Oct/2021:22:09:21 +0200] "GET /images/big_prod/1384010203170.jpg HTTP/1.1" 200 120009 "-" "Mozilla/5.0 (compatible; bingbot/2.0; +http://www.bing.com/bingbot.htm)"
66.249.64.84 - - [17/Oct/2021:22:10:15 +0200] "GET /images/big_prod/8717202556908.jpg HTTP/1.1" 200 60690 "-" "Googlebot-Image/1.0"
66.249.64.82 - - [17/Oct/2021:22:11:04 +0200] "GET /images/big_prod/8435333820513.jpg HTTP/1.1" 200 129526 "-" "Googlebot-Image/1.0"
52.143.242.6 - - [17/Oct/2021:22:12:27 +0200] "GET /images/med_prod/3760226372332.jpg HTTP/1.1" 200 101050 "-" "DuckDuckBot/1.1; (+http://duckduckgo.com/duckduckbot.html)"
66.249.64.84 - - [17/Oct/2021:22:16:12 +0200] "GET /images/big_prod/3609810078239.jpg HTTP/1.1" 200 118006 "-" "Googlebot-Image/1.0"
211.91.147.2 - - [17/Oct/2021:22:17:33 +0200] "GET /images/mini_prod/8422666661517.jpg HTTP/1.1" 200 6375 "-" "Mozilla/5.0 (X11; Ubuntu; Linux x86_64; rv:72.0) Gecko/20100101 Firefox/72.0"
66.249.64.82 - - [17/Oct/2021:22:17:53 +0200] "GET /images/big_prod/8422000190505.jpg HTTP/1.1" 200 293658 "-" "Googlebot-Image/1.0"
110.249.202.33 - - [17/Oct/2021:22:18:03 +0200] "GET /js/jquery.js HTTP/1.1" 200 54075 "http://www.wonder-geek.com/potholder-glove-p-54126.html" "Mozilla/5.0 (Linux; Android 5.0) AppleWebKit/537.36 (KHTML, like Gecko) Mobile Safari/537.36 (compatible; Bytespider; https://zhanzhang.toutiao.com/)"
110.249.202.22 - - [17/Oct/2021:22:18:04 +0200] "GET /images/big_prod/3574642575006.jpg HTTP/1.1" 200 62472 "http://www.wonder-geek.com/potholder-glove-p-54126.html" "Mozilla/5.0 (Linux; Android 5.0) AppleWebKit/537.36 (KHTML, like Gecko) Mobile Safari/537.36 (compatible; Bytespider; https://zhanzhang.toutiao.com/)"
87.250.224.17 - - [17/Oct/2021:22:18:19 +0200] "GET /robots.txt HTTP/1.1" 200 2438 "-" "Mozilla/5.0 (compatible; YandexBot/3.0; +http://yandex.com/bots)"
207.46.13.152 - - [17/Oct/2021:22:18:22 +0200] "GET /images/big_prod_1/FLOWERFAIRIES.jpg HTTP/1.1" 200 145664 "-" "Mozilla/5.0 (compatible; bingbot/2.0; +http://www.bing.com/bingbot.htm)"
66.249.64.84 - - [17/Oct/2021:22:19:10 +0200] "GET /images/mini_prod/8424346088928.jpg HTTP/1.1" 200 3227 "-" "Googlebot-Image/1.0"
208.88.158.129 - - [17/Oct/2021:22:23:43 +0200] "GET /images/mini_prod/3700235441544.jpg HTTP/1.1" 200 8309 "-" "python-requests/2.22.0"
66.249.64.83 - - [17/Oct/2021:22:24:48 +0200] "GET /images/big_prod/3503420083181.jpg HTTP/1.1" 200 206911 "-" "Googlebot-Image/1.0"
211.91.147.2 - - [17/Oct/2021:22:25:32 +0200] "GET /images/mini_prod/3457019600474a.jpg HTTP/1.1" 200 6540 "-" "Mozilla/5.0 (X11; Ubuntu; Linux x86_64; rv:72.0) Gecko/20100101 Firefox/72.0"
110.249.201.248 - - [17/Oct/2021:22:28:04 +0200] "GET /images/3453291117860.jpg HTTP/1.1" 200 41992 "http://www.wonder-geek.com/keith-haring-tote-p-29252.html" "Mozilla/5.0 (Linux; Android 5.0) AppleWebKit/537.36 (KHTML, like Gecko) Mobile Safari/537.36 (compatible; Bytespider; https://zhanzhang.toutiao.com/)"
216.244.66.242 - - [17/Oct/2021:22:28:21 +0200] "GET /robots.txt HTTP/1.1" 200 2438 "-" "Mozilla/5.0 (compatible; DotBot/1.2; +https://opensiteexplorer.org/dotbot; help@moz.com)"
66.249.64.82 - - [17/Oct/2021:22:31:43 +0200] "GET /images/big_prod_1/8424015226477B.jpg HTTP/1.1" 200 120259 "-" "Googlebot-Image/1.0"
207.46.13.129 - - [17/Oct/2021:22:32:45 +0200] "GET /images/big_prod/5055114284209.jpg HTTP/1.1" 200 111533 "-" "Mozilla/5.0 (compatible; bingbot/2.0; +http://www.bing.com/bingbot.htm)"
157.55.39.77 - - [17/Oct/2021:22:33:23 +0200] "GET /images/big_prod/1384010184493.jpg HTTP/1.1" 200 92686 "-" "Mozilla/5.0 (compatible; bingbot/2.0; +http://www.bing.com/bingbot.htm)"
8.209.116.131 - - [17/Oct/2021:22:35:53 +0200] "GET /images/big_prod_1/8719497614271a.jpg HTTP/1.1" 200 97198 "https://google.com" "Mozilla/5.0 (X11; Linux x86_64) AppleWebKit/537.36 (KHTML, like Gecko) Chrome/51.0.2700.0 Safari/537.36"
111.225.149.175 - - [17/Oct/2021:22:38:06 +0200] "GET /images/big_prod/3574642577475.jpg HTTP/1.1" 200 44848 "http://www.wonder-geek.com/potholder-glove-p-54135.html" "Mozilla/5.0 (Linux; Android 5.0) AppleWebKit/537.36 (KHTML, like Gecko) Mobile Safari/537.36 (compatible; Bytespider; https://zhanzhang.toutiao.com/)"
66.249.64.82 - - [17/Oct/2021:22:38:39 +0200] "GET /images/big_prod_2/3665269126013C.jpg HTTP/1.1" 200 671789 "-" "Googlebot-Image/1.0"
66.249.64.82 - - [17/Oct/2021:22:39:25 +0200] "GET /images/mini_prod/8422065845655.jpg HTTP/1.1" 200 2948 "-" "Googlebot-Image/1.0"
185.191.171.4 - - [17/Oct/2021:22:41:00 +0200] "GET /robots.txt HTTP/1.1" 200 2438 "-" "Mozilla/5.0 (compatible; SemrushBot/7~bl; +http://www.semrush.com/bot.html)"
95.163.255.141 - - [17/Oct/2021:22:41:21 +0200] "GET /robots.txt HTTP/1.0" 200 2438 "-" "Mozilla/5.0 (compatible; Linux x86_64; Mail.RU_Bot/Img/2.0; +http://go.mail.ru/help/robots)"
207.46.13.17 - - [17/Oct/2021:22:41:26 +0200] "GET /images/med_prod/4036113830728.jpg HTTP/1.1" 200 168354 "-" "Mozilla/5.0 (compatible; bingbot/2.0; +http://www.bing.com/bingbot.htm)"
95.163.255.140 - - [17/Oct/2021:22:41:33 +0200] "GET /images/5018997516607.jpg HTTP/1.1" 200 101116 "http://wonder-geek.com/images/5018997516607.jpg" "Mozilla/5.0 (compatible; Linux x86_64; Mail.RU_Bot/Img/2.0; +http://go.mail.ru/help/robots)"
95.163.255.198 - - [17/Oct/2021:22:41:38 +0200] "GET /images/6942138919509.jpg HTTP/1.1" 200 94374 "http://wonder-geek.com/images/6942138919509.jpg" "Mozilla/5.0 (compatible; Linux x86_64; Mail.RU_Bot/Img/2.0; +http://go.mail.ru/help/robots)"
95.163.255.140 - - [17/Oct/2021:22:41:44 +0200] "GET /images/med_prod/4007176130520.jpg HTTP/1.1" 200 50162 "http://wonder-geek.com/images/med_prod/4007176130520.jpg" "Mozilla/5.0 (compatible; Linux x86_64; Mail.RU_Bot/Img/2.0; +http://go.mail.ru/help/robots)"
66.249.64.82 - - [17/Oct/2021:22:42:36 +0200] "GET /images/mini_prod/5051276423913.jpg HTTP/1.1" 200 5605 "-" "Googlebot-Image/1.0"
157.55.39.102 - - [17/Oct/2021:22:42:44 +0200] "GET /images/mini_prod/798890162037.jpg HTTP/1.1" 200 5424 "-" "Mozilla/5.0 (compatible; bingbot/2.0; +http://www.bing.com/bingbot.htm)"
8.209.75.211 - - [17/Oct/2021:22:42:52 +0200] "GET /images/mini_prod/1399984266229.jpg HTTP/1.1" 200 7209 "https://google.com" "Mozilla/5.0 (X11; Linux i686) AppleWebKit/537.36 (KHTML, like Gecko) Chrome/69.0.3497.78 Safari/537.36"
8.209.75.211 - - [17/Oct/2021:22:43:00 +0200] "GET /images/mini_prod/1399984264119.jpg HTTP/1.1" 200 5495 "https://google.com" "Mozilla/5.0 (X11; Linux i686) AppleWebKit/537.36 (KHTML, like Gecko) Chrome/69.0.3497.78 Safari/537.36"
8.209.75.211 - - [17/Oct/2021:22:43:09 +0200] "GET /images/mini_prod/8935770604696.jpg HTTP/1.1" 200 7038 "https://google.com" "Mozilla/5.0 (X11; Linux i686) AppleWebKit/537.36 (KHTML, like Gecko) Chrome/69.0.3497.78 Safari/537.36"
8.209.75.211 - - [17/Oct/2021:22:43:19 +0200] "GET /images/mini_prod/3279510801170.jpg HTTP/1.1" 200 9570 "https://google.com" "Mozilla/5.0 (X11; Linux i686) AppleWebKit/537.36 (KHTML, like Gecko) Chrome/69.0.3497.78 Safari/537.36"
8.209.75.211 - - [17/Oct/2021:22:43:25 +0200] "GET /images/mini_prod/1399984266236.jpg HTTP/1.1" 200 7148 "https://google.com" "Mozilla/5.0 (X11; Linux i686) AppleWebKit/537.36 (KHTML, like Gecko) Chrome/69.0.3497.78 Safari/537.36"
40.77.167.77 - - [17/Oct/2021:22:43:53 +0200] "GET /images/big_prod/8433933684863.jpg HTTP/1.1" 200 81668 "-" "Mozilla/5.0 (compatible; bingbot/2.0; +http://www.bing.com/bingbot.htm)"
8.209.75.211 - - [17/Oct/2021:22:44:02 +0200] "GET /images/mini_prod/1399984264102.jpg HTTP/1.1" 200 5458 "https://google.com" "Mozilla/5.0 (X11; Linux i686) AppleWebKit/537.36 (KHTML, like Gecko) Chrome/69.0.3497.78 Safari/537.36"
216.244.66.242 - - [17/Oct/2021:22:44:06 +0200] "GET /images/big_prod/3665269031492a.jpg HTTP/1.1" 200 116482 "-" "Mozilla/5.0 (compatible; DotBot/1.2; +https://opensiteexplorer.org/dotbot; help@moz.com)"
8.209.75.211 - - [17/Oct/2021:22:44:18 +0200] "GET /images/mini_prod/3453131135511.jpg HTTP/1.1" 200 7544 "https://google.com" "Mozilla/5.0 (X11; Linux i686) AppleWebKit/537.36 (KHTML, like Gecko) Chrome/69.0.3497.78 Safari/537.36"
66.249.64.82 - - [17/Oct/2021:22:45:51 +0200] "GET /images/big_prod/3665269126013.jpg HTTP/1.1" 200 465546 "-" "Googlebot-Image/1.0"
157.55.39.77 - - [17/Oct/2021:22:46:04 +0200] "GET /images/mini_prod/00000esp.jpg HTTP/1.1" 200 5276 "-" "Mozilla/5.0 (compatible; bingbot/2.0; +http://www.bing.com/bingbot.htm)"
17.121.113.157 - - [17/Oct/2021:22:46:58 +0200] "GET /robots.txt HTTP/1.1" 200 2438 "-" "Mozilla/5.0 (Macintosh; Intel Mac OS X 10_15_5) AppleWebKit/605.1.15 (KHTML, like Gecko) Version/13.1.1 Safari/605.1.15 (Applebot/0.1; +http://www.apple.com/go/applebot)"
111.225.149.2 - - [17/Oct/2021:22:48:07 +0200] "GET /images/5055453419317.jpg HTTP/1.1" 200 49232 "http://www.wonder-geek.com/r2d2-hobo-p-29265.html" "Mozilla/5.0 (Linux; Android 5.0) AppleWebKit/537.36 (KHTML, like Gecko) Mobile Safari/537.36 (compatible; Bytespider; https://zhanzhang.toutiao.com/)"
64.62.252.174 - - [17/Oct/2021:22:48:08 +0200] "GET /robots.txt HTTP/1.1" 200 2438 "-" "The Knowledge AI"
207.46.13.17 - - [17/Oct/2021:22:48:17 +0200] "GET /images/8435306266157.jpg HTTP/1.1" 200 93099 "-" "Mozilla/5.0 (compatible; bingbot/2.0; +http://www.bing.com/bingbot.htm)"
66.249.64.83 - - [17/Oct/2021:22:48:43 +0200] "GET /images/mini_prod/8422018124110.jpg HTTP/1.1" 200 5169 "-" "Googlebot-Image/1.0"
192.0.116.82 - - [17/Oct/2021:22:48:45 +0200] "GET /images/med_prod/3609810031395.jpg HTTP/1.1" 200 84527 "-" "Photon/1.0"
66.249.64.83 - - [17/Oct/2021:22:51:35 +0200] "GET /images/big_prod_1/LADYWENDY.jpg HTTP/1.1" 200 203601 "-" "Googlebot-Image/1.0"
66.249.64.83 - - [17/Oct/2021:22:52:29 +0200] "GET /images/mini_prod/9316188078948.jpg HTTP/1.1" 200 3511 "-" "Googlebot-Image/1.0"
211.91.147.2 - - [17/Oct/2021:22:52:42 +0200] "GET /images/mini_prod/2110DSCN8647.jpg HTTP/1.1" 200 5689 "-" "Mozilla/5.0 (X11; Ubuntu; Linux x86_64; rv:72.0) Gecko/20100101 Firefox/72.0"
207.46.13.81 - - [17/Oct/2021:22:55:06 +0200] "GET /images/C11379caliente.jpg HTTP/1.1" 200 52090 "-" "Mozilla/5.0 (compatible; bingbot/2.0; +http://www.bing.com/bingbot.htm)"
110.249.202.157 - - [17/Oct/2021:22:58:06 +0200] "GET /images/big_prod/3574642577512.jpg HTTP/1.1" 200 64671 "http://www.wonder-geek.com/potholder-glove-p-54138.html" "Mozilla/5.0 (Linux; Android 5.0) AppleWebKit/537.36 (KHTML, like Gecko) Mobile Safari/537.36 (compatible; Bytespider; https://zhanzhang.toutiao.com/)"
66.249.64.84 - - [17/Oct/2021:22:59:25 +0200] "GET /images/big_prod/3503420032691.jpg HTTP/1.1" 200 330780 "-" "Googlebot-Image/1.0"
40.77.167.77 - - [17/Oct/2021:23:00:25 +0200] "GET /images/big_prod_1/76000210FBa.jpg HTTP/1.1" 200 52986 "-" "Mozilla/5.0 (compatible; bingbot/2.0; +http://www.bing.com/bingbot.htm)"
87.250.224.17 - - [17/Oct/2021:23:03:45 +0200] "GET /images/big_prod_1/9316188075473N.jpg HTTP/1.1" 200 112729 "-" "Mozilla/5.0 (compatible; YandexImages/3.0; +http://yandex.com/bots)"
87.250.224.17 - - [17/Oct/2021:23:04:08 +0200] "GET /images/1399984253281.jpg HTTP/1.1" 200 72024 "-" "Mozilla/5.0 (compatible; YandexImages/3.0; +http://yandex.com/bots)"
66.249.64.84 - - [17/Oct/2021:23:07:36 +0200] "GET /images/big_prod_2/8445148011754C.jpg HTTP/1.1" 200 742535 "-" "Googlebot-Image/1.0"
211.91.147.2 - - [17/Oct/2021:23:08:00 +0200] "GET /images/mini_prod/3661443611191.jpg HTTP/1.1" 200 6471 "-" "Mozilla/5.0 (X11; Ubuntu; Linux x86_64; rv:72.0) Gecko/20100101 Firefox/72.0"
110.249.201.137 - - [17/Oct/2021:23:08:03 +0200] "GET /images/med_prod/3700516215505.jpg HTTP/1.1" 200 53576 "http://www.wonder-geek.com/hobo-p-30625.html" "Mozilla/5.0 (Linux; Android 5.0) AppleWebKit/537.36 (KHTML, like Gecko) Mobile Safari/537.36 (compatible; Bytespider; https://zhanzhang.toutiao.com/)"
150.230.150.59 - - [17/Oct/2021:23:09:24 +0200] "GET /images/mini_prod/7601019991780.jpg HTTP/1.1" 200 5326 "https://google.com" "Mozilla/5.0 (X11; Linux i686) AppleWebKit/534.34 (KHTML, like Gecko) SlimBoat/1.1.30 Chrome/25.0.1364.97 Version/5.1 Safari/534.34"
66.249.64.83 - - [17/Oct/2021:23:10:35 +0200] "GET /images/big_prod_1/5027148062320NN.jpg HTTP/1.1" 200 84073 "-" "Googlebot-Image/1.0"
66.249.64.83 - - [17/Oct/2021:23:12:23 +0200] "GET /images/big_prod_1/1328399138968B.jpg HTTP/1.1" 200 136368 "-" "Googlebot-Image/1.0"
207.46.13.152 - - [17/Oct/2021:23:12:58 +0200] "GET /images/big_prod/1384010208366.jpg HTTP/1.1" 200 80161 "-" "Mozilla/5.0 (compatible; bingbot/2.0; +http://www.bing.com/bingbot.htm)"
68.198.52.188 - - [17/Oct/2021:23:13:01 +0200] "GET /templates/Pixame_v1/stylesheet.css HTTP/1.1" 200 56057 "http://www.wonder-geek.com/little-marcel-pencil-case-p-40965.html" "Mozilla/5.0 (Windows NT 10.0; Win64; x64) AppleWebKit/537.36 (KHTML, like Gecko) Chrome/94.0.4606.81 Safari/537.36"
68.198.52.188 - - [17/Oct/2021:23:13:01 +0200] "GET /highslide/highslide.js HTTP/1.1" 200 42909 "http://www.wonder-geek.com/little-marcel-pencil-case-p-40965.html" "Mozilla/5.0 (Windows NT 10.0; Win64; x64) AppleWebKit/537.36 (KHTML, like Gecko) Chrome/94.0.4606.81 Safari/537.36"
68.198.52.188 - - [17/Oct/2021:23:13:01 +0200] "GET /js/jquery.jqzoom.js HTTP/1.1" 200 4761 "http://www.wonder-geek.com/little-marcel-pencil-case-p-40965.html" "Mozilla/5.0 (Windows NT 10.0; Win64; x64) AppleWebKit/537.36 (KHTML, like Gecko) Chrome/94.0.4606.81 Safari/537.36"
68.198.52.188 - - [17/Oct/2021:23:13:01 +0200] "GET /js/jquery.js HTTP/1.1" 200 54075 "http://www.wonder-geek.com/little-marcel-pencil-case-p-40965.html" "Mozilla/5.0 (Windows NT 10.0; Win64; x64) AppleWebKit/537.36 (KHTML, like Gecko) Chrome/94.0.4606.81 Safari/537.36"
68.198.52.188 - - [17/Oct/2021:23:13:01 +0200] "GET /mondial_relay/js/jquery-1.3.2.min.js HTTP/1.1" 200 57254 "http://www.wonder-geek.com/little-marcel-pencil-case-p-40965.html" "Mozilla/5.0 (Windows NT 10.0; Win64; x64) AppleWebKit/537.36 (KHTML, like Gecko) Chrome/94.0.4606.81 Safari/537.36"
68.198.52.188 - - [17/Oct/2021:23:13:01 +0200] "GET /templates/Pixame_v1/images/icon_accueil2.png HTTP/1.1" 200 1137 "http://www.wonder-geek.com/little-marcel-pencil-case-p-40965.html" "Mozilla/5.0 (Windows NT 10.0; Win64; x64) AppleWebKit/537.36 (KHTML, like Gecko) Chrome/94.0.4606.81 Safari/537.36"
68.198.52.188 - - [17/Oct/2021:23:13:01 +0200] "GET /images/big_prod/3329688126268.jpg HTTP/1.1" 200 96199 "http://www.wonder-geek.com/little-marcel-pencil-case-p-40965.html" "Mozilla/5.0 (Windows NT 10.0; Win64; x64) AppleWebKit/537.36 (KHTML, like Gecko) Chrome/94.0.4606.81 Safari/537.36"
68.198.52.188 - - [17/Oct/2021:23:13:02 +0200] "GET /images/big_prod_1/3329688126268B.jpg HTTP/1.1" 200 134652 "http://www.wonder-geek.com/little-marcel-pencil-case-p-40965.html" "Mozilla/5.0 (Windows NT 10.0; Win64; x64) AppleWebKit/537.36 (KHTML, like Gecko) Chrome/94.0.4606.81 Safari/537.36"
68.198.52.188 - - [17/Oct/2021:23:13:02 +0200] "GET /templates/Pixame_v1/images/Bottom_texture.jpg HTTP/1.1" 200 56290 "http://www.wonder-geek.com/templates/Pixame_v1/stylesheet.css" "Mozilla/5.0 (Windows NT 10.0; Win64; x64) AppleWebKit/537.36 (KHTML, like Gecko) Chrome/94.0.4606.81 Safari/537.36"
68.198.52.188 - - [17/Oct/2021:23:13:02 +0200] "GET /templates/Pixame_v1/images/nav.png HTTP/1.1" 200 1283 "http://www.wonder-geek.com/templates/Pixame_v1/stylesheet.css" "Mozilla/5.0 (Windows NT 10.0; Win64; x64) AppleWebKit/537.36 (KHTML, like Gecko) Chrome/94.0.4606.81 Safari/537.36"
68.198.52.188 - - [17/Oct/2021:23:13:02 +0200] "GET /templates/Pixame_v1/images/Middle_texture.jpg HTTP/1.1" 200 249620 "http://www.wonder-geek.com/templates/Pixame_v1/stylesheet.css" "Mozilla/5.0 (Windows NT 10.0; Win64; x64) AppleWebKit/537.36 (KHTML, like Gecko) Chrome/94.0.4606.81 Safari/537.36"
68.198.52.188 - - [17/Oct/2021:23:13:02 +0200] "GET /templates/Pixame_v1/images/header.png HTTP/1.1" 200 70245 "http://www.wonder-geek.com/templates/Pixame_v1/stylesheet.css" "Mozilla/5.0 (Windows NT 10.0; Win64; x64) AppleWebKit/537.36 (KHTML, like Gecko) Chrome/94.0.4606.81 Safari/537.36"
68.198.52.188 - - [17/Oct/2021:23:13:02 +0200] "GET /templates/Pixame_v1/images/header-object.png HTTP/1.1" 200 106050 "http://www.wonder-geek.com/templates/Pixame_v1/stylesheet.css" "Mozilla/5.0 (Windows NT 10.0; Win64; x64) AppleWebKit/537.36 (KHTML, like Gecko) Chrome/94.0.4606.81 Safari/537.36"
68.198.52.188 - - [17/Oct/2021:23:13:02 +0200] "GET /design/productsenstock.png HTTP/1.1" 200 4743 "http://www.wonder-geek.com/templates/Pixame_v1/stylesheet.css" "Mozilla/5.0 (Windows NT 10.0; Win64; x64) AppleWebKit/537.36 (KHTML, like Gecko) Chrome/94.0.4606.81 Safari/537.36"
68.198.52.188 - - [17/Oct/2021:23:13:02 +0200] "GET /templates/Pixame_v1/images/buttons/english/button_in_cart.gif HTTP/1.1" 200 1212 "http://www.wonder-geek.com/little-marcel-pencil-case-p-40965.html" "Mozilla/5.0 (Windows NT 10.0; Win64; x64) AppleWebKit/537.36 (KHTML, like Gecko) Chrome/94.0.4606.81 Safari/537.36"
68.198.52.188 - - [17/Oct/2021:23:13:02 +0200] "GET /highslide/graphics/outlines/drop-shadow.png HTTP/1.1" 200 2022 "http://www.wonder-geek.com/little-marcel-pencil-case-p-40965.html" "Mozilla/5.0 (Windows NT 10.0; Win64; x64) AppleWebKit/537.36 (KHTML, like Gecko) Chrome/94.0.4606.81 Safari/537.36"
68.198.52.188 - - [17/Oct/2021:23:13:03 +0200] "GET /favicon.ico HTTP/1.1" 200 1591 "http://www.wonder-geek.com/little-marcel-pencil-case-p-40965.html" "Mozilla/5.0 (Windows NT 10.0; Win64; x64) AppleWebKit/537.36 (KHTML, like Gecko) Chrome/94.0.4606.81 Safari/537.36"
66.249.64.82 - - [17/Oct/2021:23:15:47 +0200] "GET /images/med_prod/1384010183977.jpg HTTP/1.1" 200 63622 "-" "Googlebot-Image/1.0"
66.249.93.251 - - [17/Oct/2021:23:16:06 +0200] "GET /images/big_prod/3453131158855.jpg HTTP/1.1" 200 59487 "-" "Mozilla/5.0 (Windows NT 5.1; rv:11.0) Gecko Firefox/11.0 (via ggpht.com GoogleImageProxy)"
216.244.66.242 - - [17/Oct/2021:23:17:10 +0200] "GET /robots.txt HTTP/1.1" 200 2438 "-" "Mozilla/5.0 (compatible; DotBot/1.2; +https://opensiteexplorer.org/dotbot; help@moz.com)"
111.225.149.211 - - [17/Oct/2021:23:18:07 +0200] "GET /images/big_prod/3574642575020.jpg HTTP/1.1" 200 53576 "http://www.wonder-geek.com/potholder-glove-p-54128.html" "Mozilla/5.0 (Linux; Android 5.0) AppleWebKit/537.36 (KHTML, like Gecko) Mobile Safari/537.36 (compatible; Bytespider; https://zhanzhang.toutiao.com/)"
66.249.93.253 - - [17/Oct/2021:23:19:36 +0200] "GET /images/big_prod/028399272754.jpg HTTP/1.1" 200 268162 "-" "Mozilla/5.0 (Windows NT 5.1; rv:11.0) Gecko Firefox/11.0 (via ggpht.com GoogleImageProxy)"
207.46.13.129 - - [17/Oct/2021:23:20:19 +0200] "GET /images/big_prod/3609810037748.jpg HTTP/1.1" 200 30330 "-" "Mozilla/5.0 (compatible; bingbot/2.0; +http://www.bing.com/bingbot.htm)"
211.91.147.2 - - [17/Oct/2021:23:20:57 +0200] "GET /images/mini_prod/1384010202890.jpg HTTP/1.1" 200 5068 "-" "Mozilla/5.0 (X11; Ubuntu; Linux x86_64; rv:72.0) Gecko/20100101 Firefox/72.0"
66.249.64.83 - - [17/Oct/2021:23:23:50 +0200] "GET /images/big_prod_1/8420327460509B.jpg HTTP/1.1" 200 256848 "-" "Googlebot-Image/1.0"
66.249.64.82 - - [17/Oct/2021:23:23:58 +0200] "GET /images/big_prod/8422000190512.jpg HTTP/1.1" 200 340925 "-" "Googlebot-Image/1.0"
66.249.64.84 - - [17/Oct/2021:23:24:18 +0200] "GET /images/big_prod/LADYWENDY1.jpg HTTP/1.1" 200 170729 "-" "Googlebot-Image/1.0"
40.77.167.4 - - [17/Oct/2021:23:26:28 +0200] "GET /images/mini_prod/8719497615520.jpg HTTP/1.1" 200 7459 "-" "Mozilla/5.0 (compatible; bingbot/2.0; +http://www.bing.com/bingbot.htm)"
66.249.64.82 - - [17/Oct/2021:23:27:16 +0200] "GET /images/big_prod_1/1028160011918N.jpg HTTP/1.1" 200 133465 "-" "Googlebot-Image/1.0"
157.55.39.68 - - [17/Oct/2021:23:27:57 +0200] "GET /images/mini_prod/1399986100019.jpg HTTP/1.1" 200 8969 "-" "Mozilla/5.0 (compatible; bingbot/2.0; +http://www.bing.com/bingbot.htm)"
110.249.201.135 - - [17/Oct/2021:23:28:03 +0200] "GET /images/med_prod/5036278061301.jpg HTTP/1.1" 200 62264 "http://www.wonder-geek.com/minions-pool-p-30356.html" "Mozilla/5.0 (Linux; Android 5.0) AppleWebKit/537.36 (KHTML, like Gecko) Mobile Safari/537.36 (compatible; Bytespider; https://zhanzhang.toutiao.com/)"
