45.20.105.137 - - [17/Oct/2021:03:26:47 +0200] "GET /images/mini_prod/3560600248556.jpg HTTP/1.1" 200 7197 "-" "Mozilla/5.0 (X11; Ubuntu; Linux x86_64; rv:72.0) Gecko/20100101 Firefox/72.0"
20.99.147.167 - - [17/Oct/2021:03:26:52 +0200] "GET /images/big_prod/1328399093854.jpg HTTP/1.1" 200 154506 "-" "Mozilla/4.0 (compatible; MSIE 7.0; Windows NT 6.0)"
95.163.255.131 - - [17/Oct/2021:03:27:19 +0200] "GET /robots.txt HTTP/1.0" 200 2438 "-" "Mozilla/5.0 (compatible; Linux x86_64; Mail.RU_Bot/Img/2.0; +http://go.mail.ru/help/robots)"
95.163.255.111 - - [17/Oct/2021:03:27:32 +0200] "GET /images/med_prod/5028486044207.jpg HTTP/1.1" 200 136138 "http://wonder-geek.com/images/med_prod/5028486044207.jpg" "Mozilla/5.0 (compatible; Linux x86_64; Mail.RU_Bot/Img/2.0; +http://go.mail.ru/help/robots)"
95.163.255.141 - - [17/Oct/2021:03:27:44 +0200] "GET /images/mini_prod/3279510807141.jpg HTTP/1.1" 200 7100 "http://wonder-geek.com/images/mini_prod/3279510807141.jpg" "Mozilla/5.0 (compatible; Linux x86_64; Mail.RU_Bot/Img/2.0; +http://go.mail.ru/help/robots)"
95.163.255.111 - - [17/Oct/2021:03:27:51 +0200] "GET /images/med_prod/1345544829427.jpg HTTP/1.1" 200 58079 "http://wonder-geek.com/images/med_prod/1345544829427.jpg" "Mozilla/5.0 (compatible; Linux x86_64; Mail.RU_Bot/Img/2.0; +http://go.mail.ru/help/robots)"
95.163.255.120 - - [17/Oct/2021:03:28:03 +0200] "GET /images/med_prod/5028486292462.jpg HTTP/1.1" 200 149758 "http://wonder-geek.com/images/med_prod/5028486292462.jpg" "Mozilla/5.0 (compatible; Linux x86_64; Mail.RU_Bot/Img/2.0; +http://go.mail.ru/help/robots)"
110.249.201.99 - - [17/Oct/2021:03:28:05 +0200] "GET /images/big_prod/8422000173522.jpg HTTP/1.1" 200 59368 "http://www.wonder-geek.com/small-yellow-money-p-54833.html" "Mozilla/5.0 (Linux; Android 5.0) AppleWebKit/537.36 (KHTML, like Gecko) Mobile Safari/537.36 (compatible; Bytespider; https://zhanzhang.toutiao.com/)"
66.249.64.82 - - [17/Oct/2021:03:29:59 +0200] "GET /images/big_prod_1/8422016386916B.jpg HTTP/1.1" 200 148516 "-" "Googlebot-Image/1.0"
40.77.167.77 - - [17/Oct/2021:03:33:19 +0200] "GET /images/med_prod/4036113232072.jpg HTTP/1.1" 200 171463 "-" "Mozilla/5.0 (compatible; bingbot/2.0; +http://www.bing.com/bingbot.htm)"
66.249.64.83 - - [17/Oct/2021:03:33:23 +0200] "GET /images/med_prod/1384010184288.jpg HTTP/1.1" 200 105765 "-" "Googlebot-Image/1.0"
207.46.13.152 - - [17/Oct/2021:03:34:22 +0200] "GET /images/4036113261355.jpg HTTP/1.1" 200 77669 "-" "Mozilla/5.0 (compatible; bingbot/2.0; +http://www.bing.com/bingbot.htm)"
157.55.39.111 - - [17/Oct/2021:03:39:53 +0200] "GET /images/big_prod/4029811400317B.jpg HTTP/1.1" 200 121791 "-" "Mozilla/5.0 (compatible; bingbot/2.0; +http://www.bing.com/bingbot.htm)"
87.250.224.17 - - [17/Oct/2021:03:40:24 +0200] "GET /images/1300010240380.jpg HTTP/1.1" 200 188563 "-" "Mozilla/5.0 (compatible; YandexImages/3.0; +http://yandex.com/bots)"
216.244.66.242 - - [17/Oct/2021:03:42:18 +0200] "GET /images/1399984256008.jpg HTTP/1.1" 200 137813 "-" "Mozilla/5.0 (compatible; DotBot/1.2; +https://opensiteexplorer.org/dotbot; help@moz.com)"
216.244.66.242 - - [17/Oct/2021:03:42:23 +0200] "GET /images/8423599062112.jpg HTTP/1.1" 200 31554 "-" "Mozilla/5.0 (compatible; DotBot/1.2; +https://opensiteexplorer.org/dotbot; help@moz.com)"
157.55.39.111 - - [17/Oct/2021:03:44:12 +0200] "GET /images/6942138906110.jpg HTTP/1.1" 200 49452 "-" "Mozilla/5.0 (compatible; bingbot/2.0; +http://www.bing.com/bingbot.htm)"
87.250.224.17 - - [17/Oct/2021:03:44:49 +0200] "GET /images/big_prod/9316188067744.jpg HTTP/1.1" 200 65702 "-" "Mozilla/5.0 (compatible; YandexImages/3.0; +http://yandex.com/bots)"
157.55.39.77 - - [17/Oct/2021:03:46:20 +0200] "GET /images/big_prod/1020322295150.jpg HTTP/1.1" 200 90742 "-" "Mozilla/5.0 (compatible; bingbot/2.0; +http://www.bing.com/bingbot.htm)"
66.249.64.84 - - [17/Oct/2021:03:46:43 +0200] "GET /images/mini_prod/8718375754665.jpg HTTP/1.1" 200 7294 "-" "Googlebot-Image/1.0"
45.20.105.137 - - [17/Oct/2021:03:47:15 +0200] "GET /images/mini_prod/1384010202036.jpg HTTP/1.1" 200 5583 "-" "Mozilla/5.0 (X11; Ubuntu; Linux x86_64; rv:72.0) Gecko/20100101 Firefox/72.0"
207.46.13.17 - - [17/Oct/2021:03:47:16 +0200] "GET /images/8435306246456bis.jpg HTTP/1.1" 200 99768 "-" "Mozilla/5.0 (compatible; bingbot/2.0; +http://www.bing.com/bingbot.htm)"
35.227.28.251 - - [17/Oct/2021:03:48:57 +0200] "GET /images/big_prod_2/8424015226460C.jpg HTTP/1.1" 200 107377 "https://google.com" "Mozilla/5.0 (Linux i686) AppleWebKit/593.0 (KHTML, live Gecko) Chrome/20.01499.472 Safari/593"
35.227.28.251 - - [17/Oct/2021:03:49:20 +0200] "GET /images/mini_prod/3453131129671.jpg HTTP/1.1" 200 6143 "https://google.com" "Mozilla/5.0 (Linux i686) AppleWebKit/593.0 (KHTML, live Gecko) Chrome/20.01499.472 Safari/593"
35.227.28.251 - - [17/Oct/2021:03:49:47 +0200] "GET /images/mini_prod/8433933192757.jpg HTTP/1.1" 200 8138 "https://google.com" "Mozilla/5.0 (Linux i686) AppleWebKit/593.0 (KHTML, live Gecko) Chrome/20.01499.472 Safari/593"
35.227.28.251 - - [17/Oct/2021:03:49:55 +0200] "GET /images/mini_prod/8424001593279.jpg HTTP/1.1" 200 6249 "https://google.com" "Mozilla/5.0 (Linux i686) AppleWebKit/593.0 (KHTML, live Gecko) Chrome/20.01499.472 Safari/593"
157.55.39.102 - - [17/Oct/2021:03:50:02 +0200] "GET /images/big_prod/1384010202470.jpg HTTP/1.1" 200 66074 "-" "Mozilla/5.0 (compatible; bingbot/2.0; +http://www.bing.com/bingbot.htm)"
35.227.28.251 - - [17/Oct/2021:03:50:06 +0200] "GET /images/big_prod_1/8424015226460B.jpg HTTP/1.1" 200 111639 "https://google.com" "Mozilla/5.0 (Linux i686) AppleWebKit/593.0 (KHTML, live Gecko) Chrome/20.01499.472 Safari/593"
35.227.28.251 - - [17/Oct/2021:03:50:09 +0200] "GET /images/mini_prod/3453131129589.jpg HTTP/1.1" 200 7464 "https://google.com" "Mozilla/5.0 (Linux i686) AppleWebKit/593.0 (KHTML, live Gecko) Chrome/20.01499.472 Safari/593"
185.191.171.40 - - [17/Oct/2021:03:51:24 +0200] "GET /robots.txt HTTP/1.1" 200 2438 "-" "Mozilla/5.0 (compatible; SemrushBot/7~bl; +http://www.semrush.com/bot.html)"
40.77.167.77 - - [17/Oct/2021:03:52:10 +0200] "GET /images/210320123420070.jpg HTTP/1.1" 200 61075 "-" "Mozilla/5.0 (compatible; bingbot/2.0; +http://www.bing.com/bingbot.htm)"
157.55.39.102 - - [17/Oct/2021:03:52:15 +0200] "GET /images/big_prod/3609810036260.jpg HTTP/1.1" 200 86868 "-" "Mozilla/5.0 (compatible; bingbot/2.0; +http://www.bing.com/bingbot.htm)"
157.55.39.68 - - [17/Oct/2021:03:56:03 +0200] "GET /images/med_prod/BB130001023812948.jpg HTTP/1.1" 200 79740 "-" "Mozilla/5.0 (compatible; bingbot/2.0; +http://www.bing.com/bingbot.htm)"
157.55.39.77 - - [17/Oct/2021:03:56:50 +0200] "GET /images/330721281312917072012.jpg HTTP/1.1" 200 63390 "-" "Mozilla/5.0 (compatible; bingbot/2.0; +http://www.bing.com/bingbot.htm)"
45.20.105.137 - - [17/Oct/2021:04:01:04 +0200] "GET /images/mini_prod/3660173124445.jpg HTTP/1.1" 200 5144 "-" "Mozilla/5.0 (X11; Ubuntu; Linux x86_64; rv:72.0) Gecko/20100101 Firefox/72.0"
87.250.224.17 - - [17/Oct/2021:04:01:20 +0200] "GET /robots.txt HTTP/1.1" 200 2438 "-" "Mozilla/5.0 (compatible; YandexBot/3.0; +http://yandex.com/bots)"
87.250.224.17 - - [17/Oct/2021:04:01:23 +0200] "GET /images/big_prod/1384010203101.jpg HTTP/1.1" 200 106146 "-" "Mozilla/5.0 (compatible; YandexImages/3.0; +http://yandex.com/bots)"
66.249.64.84 - - [17/Oct/2021:04:01:54 +0200] "GET /images/big_prod_1/4250255858987a.jpg HTTP/1.1" 200 42021 "-" "Googlebot-Image/1.0"
34.125.174.168 - - [17/Oct/2021:04:02:34 +0200] "GET /images/mini_prod/1399137201985.jpg HTTP/1.1" 200 5217 "https://google.com" "Mozilla/5.0 (X11; Linux x86_64; Neustar WPM) AppleWebKit/537.36 (KHTML, like Gecko) Chrome/59.0.3071.115 Safari/537.36"
185.154.157.136 - - [17/Oct/2021:04:03:46 +0200] "GET /images/mini_prod/1399984235683.jpg HTTP/1.1" 200 15850 "https://google.com" "Mozilla/5.0 (X11; Linux i686 (x86_64)) AppleWebKit/537.36 (KHTML, like Gecko) Chrome/65.0.3317.0 Safari/537.36"
185.154.157.136 - - [17/Oct/2021:04:03:49 +0200] "GET /images/mini_prod/1399984250969.jpg HTTP/1.1" 200 8840 "https://google.com" "Mozilla/5.0 (X11; Linux i686 (x86_64)) AppleWebKit/537.36 (KHTML, like Gecko) Chrome/65.0.3317.0 Safari/537.36"
40.77.167.77 - - [17/Oct/2021:04:04:12 +0200] "GET /images/big_prod_1/b4006592916817.jpg HTTP/1.1" 200 161398 "-" "Mozilla/5.0 (compatible; bingbot/2.0; +http://www.bing.com/bingbot.htm)"
185.154.157.136 - - [17/Oct/2021:04:04:18 +0200] "GET /images/mini_prod/1399984250976.jpg HTTP/1.1" 200 11817 "https://google.com" "Mozilla/5.0 (X11; Linux i686 (x86_64)) AppleWebKit/537.36 (KHTML, like Gecko) Chrome/65.0.3317.0 Safari/537.36"
185.154.157.136 - - [17/Oct/2021:04:04:39 +0200] "GET /images/mini_prod/3560600297028.jpg HTTP/1.1" 200 9411 "https://google.com" "Mozilla/5.0 (X11; Linux i686 (x86_64)) AppleWebKit/537.36 (KHTML, like Gecko) Chrome/65.0.3317.0 Safari/537.36"
185.154.157.136 - - [17/Oct/2021:04:04:49 +0200] "GET /images/mini_prod/3560600292870.jpg HTTP/1.1" 200 8842 "https://google.com" "Mozilla/5.0 (X11; Linux i686 (x86_64)) AppleWebKit/537.36 (KHTML, like Gecko) Chrome/65.0.3317.0 Safari/537.36"
185.154.157.136 - - [17/Oct/2021:04:04:50 +0200] "GET /images/mini_prod/3560600277907.jpg HTTP/1.1" 200 10750 "https://google.com" "Mozilla/5.0 (X11; Linux i686 (x86_64)) AppleWebKit/537.36 (KHTML, like Gecko) Chrome/65.0.3317.0 Safari/537.36"
207.46.13.81 - - [17/Oct/2021:04:04:55 +0200] "GET /images/big_prod_1/3520071772844B.jpg HTTP/1.1" 200 369611 "-" "Mozilla/5.0 (compatible; bingbot/2.0; +http://www.bing.com/bingbot.htm)"
185.154.157.136 - - [17/Oct/2021:04:05:01 +0200] "GET /images/mini_prod/corse7601019991162.jpg HTTP/1.1" 200 7360 "https://google.com" "Mozilla/5.0 (X11; Linux i686 (x86_64)) AppleWebKit/537.36 (KHTML, like Gecko) Chrome/65.0.3317.0 Safari/537.36"
185.154.157.136 - - [17/Oct/2021:04:05:04 +0200] "GET /images/mini_prod/8719172837216.jpg HTTP/1.1" 200 4926 "https://google.com" "Mozilla/5.0 (X11; Linux i686 (x86_64)) AppleWebKit/537.36 (KHTML, like Gecko) Chrome/65.0.3317.0 Safari/537.36"
185.154.157.136 - - [17/Oct/2021:04:05:17 +0200] "GET /images/mini_prod/1399984235706.jpg HTTP/1.1" 200 12247 "https://google.com" "Mozilla/5.0 (X11; Linux i686 (x86_64)) AppleWebKit/537.36 (KHTML, like Gecko) Chrome/65.0.3317.0 Safari/537.36"
185.154.157.136 - - [17/Oct/2021:04:05:38 +0200] "GET /images/mini_prod/7601019992992.jpg HTTP/1.1" 200 13729 "https://google.com" "Mozilla/5.0 (X11; Linux i686 (x86_64)) AppleWebKit/537.36 (KHTML, like Gecko) Chrome/65.0.3317.0 Safari/537.36"
67.185.159.61 - - [17/Oct/2021:04:05:43 +0200] "GET /templates/Pixame_v1/stylesheet.css HTTP/1.1" 200 56057 "http://www.wonder-geek.com/espresso-paris-chat-noir-p-39742.html" "Mozilla/5.0 (Windows NT 10.0; Win64; x64) AppleWebKit/537.36 (KHTML, like Gecko) Chrome/94.0.4606.81 Safari/537.36"
67.185.159.61 - - [17/Oct/2021:04:05:43 +0200] "GET /js/jquery.jqzoom.js HTTP/1.1" 200 4761 "http://www.wonder-geek.com/espresso-paris-chat-noir-p-39742.html" "Mozilla/5.0 (Windows NT 10.0; Win64; x64) AppleWebKit/537.36 (KHTML, like Gecko) Chrome/94.0.4606.81 Safari/537.36"
67.185.159.61 - - [17/Oct/2021:04:05:43 +0200] "GET /highslide/highslide.js HTTP/1.1" 200 42909 "http://www.wonder-geek.com/espresso-paris-chat-noir-p-39742.html" "Mozilla/5.0 (Windows NT 10.0; Win64; x64) AppleWebKit/537.36 (KHTML, like Gecko) Chrome/94.0.4606.81 Safari/537.36"
67.185.159.61 - - [17/Oct/2021:04:05:43 +0200] "GET /js/jquery.js HTTP/1.1" 200 54075 "http://www.wonder-geek.com/espresso-paris-chat-noir-p-39742.html" "Mozilla/5.0 (Windows NT 10.0; Win64; x64) AppleWebKit/537.36 (KHTML, like Gecko) Chrome/94.0.4606.81 Safari/537.36"
67.185.159.61 - - [17/Oct/2021:04:05:43 +0200] "GET /mondial_relay/js/jquery-1.3.2.min.js HTTP/1.1" 200 57254 "http://www.wonder-geek.com/espresso-paris-chat-noir-p-39742.html" "Mozilla/5.0 (Windows NT 10.0; Win64; x64) AppleWebKit/537.36 (KHTML, like Gecko) Chrome/94.0.4606.81 Safari/537.36"
67.185.159.61 - - [17/Oct/2021:04:05:43 +0200] "GET /templates/Pixame_v1/images/icon_accueil2.png HTTP/1.1" 200 1137 "http://www.wonder-geek.com/espresso-paris-chat-noir-p-39742.html" "Mozilla/5.0 (Windows NT 10.0; Win64; x64) AppleWebKit/537.36 (KHTML, like Gecko) Chrome/94.0.4606.81 Safari/537.36"
67.185.159.61 - - [17/Oct/2021:04:05:44 +0200] "GET /templates/Pixame_v1/images/buttons/english/button_in_cart.gif HTTP/1.1" 200 1212 "http://www.wonder-geek.com/espresso-paris-chat-noir-p-39742.html" "Mozilla/5.0 (Windows NT 10.0; Win64; x64) AppleWebKit/537.36 (KHTML, like Gecko) Chrome/94.0.4606.81 Safari/537.36"
67.185.159.61 - - [17/Oct/2021:04:05:44 +0200] "GET /templates/Pixame_v1/images/nav.png HTTP/1.1" 200 1283 "http://www.wonder-geek.com/templates/Pixame_v1/stylesheet.css" "Mozilla/5.0 (Windows NT 10.0; Win64; x64) AppleWebKit/537.36 (KHTML, like Gecko) Chrome/94.0.4606.81 Safari/537.36"
67.185.159.61 - - [17/Oct/2021:04:05:44 +0200] "GET /templates/Pixame_v1/images/Bottom_texture.jpg HTTP/1.1" 200 56290 "http://www.wonder-geek.com/templates/Pixame_v1/stylesheet.css" "Mozilla/5.0 (Windows NT 10.0; Win64; x64) AppleWebKit/537.36 (KHTML, like Gecko) Chrome/94.0.4606.81 Safari/537.36"
67.185.159.61 - - [17/Oct/2021:04:05:44 +0200] "GET /design/productsenstock.png HTTP/1.1" 200 4743 "http://www.wonder-geek.com/templates/Pixame_v1/stylesheet.css" "Mozilla/5.0 (Windows NT 10.0; Win64; x64) AppleWebKit/537.36 (KHTML, like Gecko) Chrome/94.0.4606.81 Safari/537.36"
67.185.159.61 - - [17/Oct/2021:04:05:44 +0200] "GET /templates/Pixame_v1/images/header.png HTTP/1.1" 200 70245 "http://www.wonder-geek.com/templates/Pixame_v1/stylesheet.css" "Mozilla/5.0 (Windows NT 10.0; Win64; x64) AppleWebKit/537.36 (KHTML, like Gecko) Chrome/94.0.4606.81 Safari/537.36"
67.185.159.61 - - [17/Oct/2021:04:05:44 +0200] "GET /templates/Pixame_v1/images/header-object.png HTTP/1.1" 200 106050 "http://www.wonder-geek.com/templates/Pixame_v1/stylesheet.css" "Mozilla/5.0 (Windows NT 10.0; Win64; x64) AppleWebKit/537.36 (KHTML, like Gecko) Chrome/94.0.4606.81 Safari/537.36"
67.185.159.61 - - [17/Oct/2021:04:05:44 +0200] "GET /images/big_prod/3453131131223.jpg HTTP/1.1" 200 131760 "http://www.wonder-geek.com/espresso-paris-chat-noir-p-39742.html" "Mozilla/5.0 (Windows NT 10.0; Win64; x64) AppleWebKit/537.36 (KHTML, like Gecko) Chrome/94.0.4606.81 Safari/537.36"
67.185.159.61 - - [17/Oct/2021:04:05:45 +0200] "GET /templates/Pixame_v1/images/Middle_texture.jpg HTTP/1.1" 200 249620 "http://www.wonder-geek.com/templates/Pixame_v1/stylesheet.css" "Mozilla/5.0 (Windows NT 10.0; Win64; x64) AppleWebKit/537.36 (KHTML, like Gecko) Chrome/94.0.4606.81 Safari/537.36"
67.185.159.61 - - [17/Oct/2021:04:05:45 +0200] "GET /highslide/graphics/outlines/drop-shadow.png HTTP/1.1" 200 2022 "http://www.wonder-geek.com/espresso-paris-chat-noir-p-39742.html" "Mozilla/5.0 (Windows NT 10.0; Win64; x64) AppleWebKit/537.36 (KHTML, like Gecko) Chrome/94.0.4606.81 Safari/537.36"
67.185.159.61 - - [17/Oct/2021:04:05:45 +0200] "GET /favicon.ico HTTP/1.1" 200 1591 "http://www.wonder-geek.com/espresso-paris-chat-noir-p-39742.html" "Mozilla/5.0 (Windows NT 10.0; Win64; x64) AppleWebKit/537.36 (KHTML, like Gecko) Chrome/94.0.4606.81 Safari/537.36"
185.154.157.136 - - [17/Oct/2021:04:05:56 +0200] "GET /images/mini_prod/1399984235690.jpg HTTP/1.1" 200 13304 "https://google.com" "Mozilla/5.0 (X11; Linux i686 (x86_64)) AppleWebKit/537.36 (KHTML, like Gecko) Chrome/65.0.3317.0 Safari/537.36"
66.249.64.84 - - [17/Oct/2021:04:06:22 +0200] "GET /images/mini_prod/88157signes.jpg HTTP/1.1" 200 6717 "-" "Googlebot-Image/1.0"
207.46.13.17 - - [17/Oct/2021:04:06:37 +0200] "GET /images/big_prod_1/8433933031452N.jpg HTTP/1.1" 200 228755 "-" "Mozilla/5.0 (compatible; bingbot/2.0; +http://www.bing.com/bingbot.htm)"
216.244.66.242 - - [17/Oct/2021:04:06:46 +0200] "GET /robots.txt HTTP/1.1" 200 2438 "-" "Mozilla/5.0 (compatible; DotBot/1.2; +https://opensiteexplorer.org/dotbot; help@moz.com)"
52.146.58.236 - - [17/Oct/2021:04:08:13 +0200] "GET /images/3700653504050.jpg HTTP/1.1" 200 25411 "-" "DuckDuckBot/1.1; (+http://duckduckgo.com/duckduckbot.html)"
211.91.147.2 - - [17/Oct/2021:04:10:11 +0200] "GET /images/mini_prod/3661443279162.jpg HTTP/1.1" 200 6266 "-" "Mozilla/5.0 (X11; Ubuntu; Linux x86_64; rv:72.0) Gecko/20100101 Firefox/72.0"
157.55.39.111 - - [17/Oct/2021:04:12:57 +0200] "GET /images/big_prod/8422022523022.jpg HTTP/1.1" 200 243817 "-" "Mozilla/5.0 (compatible; bingbot/2.0; +http://www.bing.com/bingbot.htm)"
207.46.13.81 - - [17/Oct/2021:04:15:14 +0200] "GET /images/big_prod/3700742703814N.jpg HTTP/1.1" 200 78607 "-" "Mozilla/5.0 (compatible; bingbot/2.0; +http://www.bing.com/bingbot.htm)"
157.55.39.68 - - [17/Oct/2021:04:16:05 +0200] "GET /images/big_prod/8422011475950.jpg HTTP/1.1" 200 48012 "-" "Mozilla/5.0 (compatible; bingbot/2.0; +http://www.bing.com/bingbot.htm)"
207.46.13.152 - - [17/Oct/2021:04:17:08 +0200] "GET /images/big_prod/8422004266008C.jpg HTTP/1.1" 200 602211 "-" "Mozilla/5.0 (compatible; bingbot/2.0; +http://www.bing.com/bingbot.htm)"
157.55.39.68 - - [17/Oct/2021:04:17:15 +0200] "GET /images/4012390362541.jpg HTTP/1.1" 200 33568 "-" "Mozilla/5.0 (compatible; bingbot/2.0; +http://www.bing.com/bingbot.htm)"
211.91.147.2 - - [17/Oct/2021:04:17:20 +0200] "GET /images/mini_prod/DSCN7557.jpg HTTP/1.1" 200 6806 "-" "Mozilla/5.0 (X11; Ubuntu; Linux x86_64; rv:72.0) Gecko/20100101 Firefox/72.0"
185.191.171.41 - - [17/Oct/2021:04:19:01 +0200] "GET /robots.txt HTTP/1.1" 200 2438 "-" "Mozilla/5.0 (compatible; SemrushBot/7~bl; +http://www.semrush.com/bot.html)"
40.77.167.5 - - [17/Oct/2021:04:19:28 +0200] "GET /images/800399061715118072012.jpg HTTP/1.1" 200 26881 "-" "Mozilla/5.0 (compatible; bingbot/2.0; +http://www.bing.com/bingbot.htm)"
207.46.13.17 - - [17/Oct/2021:04:20:57 +0200] "GET /images/big_prod/1384010200131.jpg HTTP/1.1" 200 67377 "-" "Mozilla/5.0 (compatible; bingbot/2.0; +http://www.bing.com/bingbot.htm)"
20.98.126.10 - - [17/Oct/2021:04:23:08 +0200] "GET /images/big_prod/1345544761390.jpg HTTP/1.1" 200 76674 "-" "Mozilla/4.0 (compatible; MSIE 7.0; Windows NT 6.0)"
40.77.167.77 - - [17/Oct/2021:04:24:03 +0200] "GET /images/4008789054197.jpg HTTP/1.1" 200 160173 "-" "Mozilla/5.0 (compatible; bingbot/2.0; +http://www.bing.com/bingbot.htm)"
157.55.39.77 - - [17/Oct/2021:04:25:35 +0200] "GET /images/big_prod/5027148842205.jpg HTTP/1.1" 200 93973 "-" "Mozilla/5.0 (compatible; bingbot/2.0; +http://www.bing.com/bingbot.htm)"
40.77.167.5 - - [17/Oct/2021:04:26:09 +0200] "GET /images/big_prod_1/1300000023641B.jpg HTTP/1.1" 200 791779 "-" "Mozilla/5.0 (compatible; bingbot/2.0; +http://www.bing.com/bingbot.htm)"
211.91.147.2 - - [17/Oct/2021:04:26:31 +0200] "GET /images/mini_prod/4025055184372.jpg HTTP/1.1" 200 6844 "-" "Mozilla/5.0 (X11; Ubuntu; Linux x86_64; rv:72.0) Gecko/20100101 Firefox/72.0"
216.244.66.242 - - [17/Oct/2021:04:26:56 +0200] "GET /images/12397.jpg HTTP/1.1" 200 23885 "-" "Mozilla/5.0 (compatible; DotBot/1.2; +https://opensiteexplorer.org/dotbot; help@moz.com)"
216.244.66.242 - - [17/Oct/2021:04:27:00 +0200] "GET /images/1345544650588.jpg HTTP/1.1" 200 94821 "-" "Mozilla/5.0 (compatible; DotBot/1.2; +https://opensiteexplorer.org/dotbot; help@moz.com)"
216.244.66.242 - - [17/Oct/2021:04:27:03 +0200] "GET /images/3760116323802.jpg HTTP/1.1" 200 32768 "-" "Mozilla/5.0 (compatible; DotBot/1.2; +https://opensiteexplorer.org/dotbot; help@moz.com)"
216.244.66.242 - - [17/Oct/2021:04:27:06 +0200] "GET /images/4007176129234.jpg HTTP/1.1" 200 20779 "-" "Mozilla/5.0 (compatible; DotBot/1.2; +https://opensiteexplorer.org/dotbot; help@moz.com)"
216.244.66.242 - - [17/Oct/2021:04:27:08 +0200] "GET /images/8012052166193.jpg HTTP/1.1" 200 26126 "-" "Mozilla/5.0 (compatible; DotBot/1.2; +https://opensiteexplorer.org/dotbot; help@moz.com)"
216.244.66.242 - - [17/Oct/2021:04:27:10 +0200] "GET /images/8012052168418.jpg HTTP/1.1" 200 24716 "-" "Mozilla/5.0 (compatible; DotBot/1.2; +https://opensiteexplorer.org/dotbot; help@moz.com)"
216.244.66.242 - - [17/Oct/2021:04:27:12 +0200] "GET /images/8033667511383.jpg HTTP/1.1" 200 60272 "-" "Mozilla/5.0 (compatible; DotBot/1.2; +https://opensiteexplorer.org/dotbot; help@moz.com)"
71.162.206.218 - - [17/Oct/2021:04:27:40 +0200] "GET /js/jquery.jqzoom.js HTTP/1.1" 200 4761 "http://www.wonder-geek.com/selenite-lamp-with-wooden-base-height-p-47196.html" "Mozilla/5.0 (iPhone; CPU iPhone OS 14_7_1 like Mac OS X) AppleWebKit/605.1.15 (KHTML, like Gecko) Version/14.1.2 Mobile/15E148 Safari/604.1"
71.162.206.218 - - [17/Oct/2021:04:27:40 +0200] "GET /templates/Pixame_v1/stylesheet.css HTTP/1.1" 200 56057 "http://www.wonder-geek.com/selenite-lamp-with-wooden-base-height-p-47196.html" "Mozilla/5.0 (iPhone; CPU iPhone OS 14_7_1 like Mac OS X) AppleWebKit/605.1.15 (KHTML, like Gecko) Version/14.1.2 Mobile/15E148 Safari/604.1"
71.162.206.218 - - [17/Oct/2021:04:27:40 +0200] "GET /highslide/highslide.js HTTP/1.1" 200 42909 "http://www.wonder-geek.com/selenite-lamp-with-wooden-base-height-p-47196.html" "Mozilla/5.0 (iPhone; CPU iPhone OS 14_7_1 like Mac OS X) AppleWebKit/605.1.15 (KHTML, like Gecko) Version/14.1.2 Mobile/15E148 Safari/604.1"
71.162.206.218 - - [17/Oct/2021:04:27:40 +0200] "GET /mondial_relay/js/jquery-1.3.2.min.js HTTP/1.1" 200 57254 "http://www.wonder-geek.com/selenite-lamp-with-wooden-base-height-p-47196.html" "Mozilla/5.0 (iPhone; CPU iPhone OS 14_7_1 like Mac OS X) AppleWebKit/605.1.15 (KHTML, like Gecko) Version/14.1.2 Mobile/15E148 Safari/604.1"
71.162.206.218 - - [17/Oct/2021:04:27:40 +0200] "GET /js/jquery.js HTTP/1.1" 200 54075 "http://www.wonder-geek.com/selenite-lamp-with-wooden-base-height-p-47196.html" "Mozilla/5.0 (iPhone; CPU iPhone OS 14_7_1 like Mac OS X) AppleWebKit/605.1.15 (KHTML, like Gecko) Version/14.1.2 Mobile/15E148 Safari/604.1"
71.162.206.218 - - [17/Oct/2021:04:27:40 +0200] "GET /templates/Pixame_v1/images/icon_accueil2.png HTTP/1.1" 200 1137 "http://www.wonder-geek.com/selenite-lamp-with-wooden-base-height-p-47196.html" "Mozilla/5.0 (iPhone; CPU iPhone OS 14_7_1 like Mac OS X) AppleWebKit/605.1.15 (KHTML, like Gecko) Version/14.1.2 Mobile/15E148 Safari/604.1"
71.162.206.218 - - [17/Oct/2021:04:27:40 +0200] "GET /templates/Pixame_v1/images/Bottom_texture.jpg HTTP/1.1" 200 56290 "http://www.wonder-geek.com/selenite-lamp-with-wooden-base-height-p-47196.html" "Mozilla/5.0 (iPhone; CPU iPhone OS 14_7_1 like Mac OS X) AppleWebKit/605.1.15 (KHTML, like Gecko) Version/14.1.2 Mobile/15E148 Safari/604.1"
71.162.206.218 - - [17/Oct/2021:04:27:40 +0200] "GET /templates/Pixame_v1/images/nav.png HTTP/1.1" 200 1283 "http://www.wonder-geek.com/selenite-lamp-with-wooden-base-height-p-47196.html" "Mozilla/5.0 (iPhone; CPU iPhone OS 14_7_1 like Mac OS X) AppleWebKit/605.1.15 (KHTML, like Gecko) Version/14.1.2 Mobile/15E148 Safari/604.1"
71.162.206.218 - - [17/Oct/2021:04:27:40 +0200] "GET /templates/Pixame_v1/images/header.png HTTP/1.1" 200 70245 "http://www.wonder-geek.com/selenite-lamp-with-wooden-base-height-p-47196.html" "Mozilla/5.0 (iPhone; CPU iPhone OS 14_7_1 like Mac OS X) AppleWebKit/605.1.15 (KHTML, like Gecko) Version/14.1.2 Mobile/15E148 Safari/604.1"
71.162.206.218 - - [17/Oct/2021:04:27:40 +0200] "GET /design/productsenstock.png HTTP/1.1" 200 4743 "http://www.wonder-geek.com/selenite-lamp-with-wooden-base-height-p-47196.html" "Mozilla/5.0 (iPhone; CPU iPhone OS 14_7_1 like Mac OS X) AppleWebKit/605.1.15 (KHTML, like Gecko) Version/14.1.2 Mobile/15E148 Safari/604.1"
71.162.206.218 - - [17/Oct/2021:04:27:40 +0200] "GET /templates/Pixame_v1/images/header-object.png HTTP/1.1" 200 106050 "http://www.wonder-geek.com/selenite-lamp-with-wooden-base-height-p-47196.html" "Mozilla/5.0 (iPhone; CPU iPhone OS 14_7_1 like Mac OS X) AppleWebKit/605.1.15 (KHTML, like Gecko) Version/14.1.2 Mobile/15E148 Safari/604.1"
71.162.206.218 - - [17/Oct/2021:04:27:41 +0200] "GET /templates/Pixame_v1/images/Middle_texture.jpg HTTP/1.1" 200 249620 "http://www.wonder-geek.com/selenite-lamp-with-wooden-base-height-p-47196.html" "Mozilla/5.0 (iPhone; CPU iPhone OS 14_7_1 like Mac OS X) AppleWebKit/605.1.15 (KHTML, like Gecko) Version/14.1.2 Mobile/15E148 Safari/604.1"
71.162.206.218 - - [17/Oct/2021:04:27:41 +0200] "GET /highslide/graphics/outlines/drop-shadow.png HTTP/1.1" 200 2022 "http://www.wonder-geek.com/selenite-lamp-with-wooden-base-height-p-47196.html" "Mozilla/5.0 (iPhone; CPU iPhone OS 14_7_1 like Mac OS X) AppleWebKit/605.1.15 (KHTML, like Gecko) Version/14.1.2 Mobile/15E148 Safari/604.1"
71.162.206.218 - - [17/Oct/2021:04:27:41 +0200] "GET /favicon.ico HTTP/1.1" 200 1591 "http://www.wonder-geek.com/selenite-lamp-with-wooden-base-height-p-47196.html" "Mozilla/5.0 (iPhone; CPU iPhone OS 14_7_1 like Mac OS X) AppleWebKit/605.1.15 (KHTML, like Gecko) Version/14.1.2 Mobile/15E148 Safari/604.1"
66.249.93.251 - - [17/Oct/2021:04:29:39 +0200] "GET /images/med_prod/8435107771287.jpg HTTP/1.1" 200 110176 "-" "Mozilla/5.0 (Windows NT 5.1; rv:11.0) Gecko Firefox/11.0 (via ggpht.com GoogleImageProxy)"
66.249.64.83 - - [17/Oct/2021:04:33:06 +0200] "GET /images/big_prod_1/4542202662328a.jpg HTTP/1.1" 200 92600 "-" "Googlebot-Image/1.0"
99.73.35.62 - - [17/Oct/2021:04:34:32 +0200] "GET /images/med_prod/3609810031395.jpg HTTP/1.1" 200 84527 "-" "Siri/1 CFNetwork/1206 Darwin/20.1.0"
157.55.39.77 - - [17/Oct/2021:04:35:35 +0200] "GET /images/5702015124881.jpg HTTP/1.1" 200 187710 "-" "Mozilla/5.0 (compatible; bingbot/2.0; +http://www.bing.com/bingbot.htm)"
87.250.224.17 - - [17/Oct/2021:04:36:25 +0200] "GET /images/big_prod/rayebeige.jpg HTTP/1.1" 200 88914 "-" "Mozilla/5.0 (compatible; YandexImages/3.0; +http://yandex.com/bots)"
66.249.64.82 - - [17/Oct/2021:04:36:53 +0200] "GET /highslide/highslide.js HTTP/1.1" 200 42909 "http://www.wonder-geek.com/union-jack-mini-magnet-mirror-p-19666.html" "Mozilla/5.0 (Linux; Android 6.0.1; Nexus 5X Build/MMB29P) AppleWebKit/537.36 (KHTML, like Gecko) Chrome/94.0.4606.71 Mobile Safari/537.36 (compatible; Googlebot/2.1; +http://www.google.com/bot.html)"
157.55.39.77 - - [17/Oct/2021:04:40:36 +0200] "GET /images/1399984255199.jpg HTTP/1.1" 200 121540 "-" "Mozilla/5.0 (compatible; bingbot/2.0; +http://www.bing.com/bingbot.htm)"
211.91.147.2 - - [17/Oct/2021:04:44:02 +0200] "GET /images/mini_prod/3585190854208.jpg HTTP/1.1" 200 6791 "-" "Mozilla/5.0 (X11; Ubuntu; Linux x86_64; rv:72.0) Gecko/20100101 Firefox/72.0"
157.55.39.68 - - [17/Oct/2021:04:45:27 +0200] "GET /images/big_prod/3503420051371.jpg HTTP/1.1" 200 88416 "-" "Mozilla/5.0 (compatible; bingbot/2.0; +http://www.bing.com/bingbot.htm)"
92.220.10.100 - - [17/Oct/2021:04:46:54 +0200] "GET /robots.txt HTTP/1.1" 200 2438 "-" "Mozilla/5.0 (compatible; MJ12bot/v1.4.8; http://mj12bot.com/)"
20.99.144.31 - - [17/Oct/2021:04:47:17 +0200] "GET /images/5702015121026.jpg HTTP/1.1" 200 142096 "-" "Mozilla/5.0 (Windows NT 10.0; WOW64) AppleWebKit/537.36 (KHTML, like Gecko) Chrome/67.0.3396.99 Safari/537.36"
8.209.67.136 - - [17/Oct/2021:04:48:06 +0200] "GET /images/mini_prod/5010065555211.jpg HTTP/1.1" 200 10219 "https://google.com" "Mozilla/5.0 (X11; Linux i686; elementary OS Luna) AppleWebKit/537.36 (KHTML, like Gecko) Chrome/33.0.1750.0 Safari/537.36"
8.209.67.136 - - [17/Oct/2021:04:48:07 +0200] "GET /images/mini_prod/3681644302094.jpg HTTP/1.1" 200 7049 "https://google.com" "Mozilla/5.0 (X11; Linux i686; elementary OS Luna) AppleWebKit/537.36 (KHTML, like Gecko) Chrome/33.0.1750.0 Safari/537.36"
207.46.13.81 - - [17/Oct/2021:04:48:18 +0200] "GET /images/110908_065947_PEEL_GWSzgf.jpg HTTP/1.1" 200 18165 "-" "Mozilla/5.0 (compatible; bingbot/2.0; +http://www.bing.com/bingbot.htm)"
8.209.67.136 - - [17/Oct/2021:04:48:28 +0200] "GET /images/mini_prod/3438100345849.jpg HTTP/1.1" 200 4383 "https://google.com" "Mozilla/5.0 (X11; Linux i686; elementary OS Luna) AppleWebKit/537.36 (KHTML, like Gecko) Chrome/33.0.1750.0 Safari/537.36"
8.209.67.136 - - [17/Oct/2021:04:48:40 +0200] "GET /images/mini_prod/720322285434.jpg HTTP/1.1" 200 5147 "https://google.com" "Mozilla/5.0 (X11; Linux i686; elementary OS Luna) AppleWebKit/537.36 (KHTML, like Gecko) Chrome/33.0.1750.0 Safari/537.36"
8.209.67.136 - - [17/Oct/2021:04:48:58 +0200] "GET /images/mini_prod/8012052042466.jpg HTTP/1.1" 200 4386 "https://google.com" "Mozilla/5.0 (X11; Linux i686; elementary OS Luna) AppleWebKit/537.36 (KHTML, like Gecko) Chrome/33.0.1750.0 Safari/537.36"
8.209.67.136 - - [17/Oct/2021:04:49:06 +0200] "GET /images/mini_prod/9316188013468.jpg HTTP/1.1" 200 6820 "https://google.com" "Mozilla/5.0 (X11; Linux i686; elementary OS Luna) AppleWebKit/537.36 (KHTML, like Gecko) Chrome/33.0.1750.0 Safari/537.36"
8.209.67.136 - - [17/Oct/2021:04:49:31 +0200] "GET /images/mini_prod/1399984280195.jpg HTTP/1.1" 200 6874 "https://google.com" "Mozilla/5.0 (X11; Linux i686; elementary OS Luna) AppleWebKit/537.36 (KHTML, like Gecko) Chrome/33.0.1750.0 Safari/537.36"
8.209.67.136 - - [17/Oct/2021:04:49:40 +0200] "GET /images/mini_prod/3032160280258.jpg HTTP/1.1" 200 7569 "https://google.com" "Mozilla/5.0 (X11; Linux i686; elementary OS Luna) AppleWebKit/537.36 (KHTML, like Gecko) Chrome/33.0.1750.0 Safari/537.36"
216.244.66.242 - - [17/Oct/2021:04:50:47 +0200] "GET /robots.txt HTTP/1.1" 200 2438 "-" "Mozilla/5.0 (compatible; DotBot/1.2; +https://opensiteexplorer.org/dotbot; help@moz.com)"
20.99.147.173 - - [17/Oct/2021:04:51:46 +0200] "GET /images/big_prod/5701359746056.jpg HTTP/1.1" 200 76463 "-" "Mozilla/5.0 (Windows NT 10.0; WOW64) AppleWebKit/537.36 (KHTML, like Gecko) Chrome/68.0.3440.106 Safari/537.36"
211.91.147.2 - - [17/Oct/2021:04:52:03 +0200] "GET /images/mini_prod/3520071365336.jpg HTTP/1.1" 200 6809 "-" "Mozilla/5.0 (X11; Ubuntu; Linux x86_64; rv:72.0) Gecko/20100101 Firefox/72.0"
185.191.171.23 - - [17/Oct/2021:04:52:39 +0200] "GET /robots.txt HTTP/1.1" 200 2438 "-" "Mozilla/5.0 (compatible; SemrushBot/7~bl; +http://www.semrush.com/bot.html)"
20.99.147.173 - - [17/Oct/2021:04:54:43 +0200] "GET /images/1399984236093.jpg HTTP/1.1" 200 104074 "-" "Mozilla/5.0 (Windows NT 10.0; WOW64) AppleWebKit/537.36 (KHTML, like Gecko) Chrome/68.0.3440.106 Safari/537.36"
66.249.64.83 - - [17/Oct/2021:04:57:05 +0200] "GET /images/8033667001143.jpg HTTP/1.1" 200 38796 "-" "Googlebot-Image/1.0"
20.99.146.4 - - [17/Oct/2021:04:59:11 +0200] "GET /images/big_prod/3453131122450.jpg HTTP/1.1" 200 106326 "-" "Mozilla/5.0 (Windows NT 10.0; WOW64) AppleWebKit/537.36 (KHTML, like Gecko) Chrome/67.0.3396.99 Safari/537.36"
40.77.167.77 - - [17/Oct/2021:04:59:57 +0200] "GET /images/big_prod/3565750324204.jpg HTTP/1.1" 200 146979 "-" "Mozilla/5.0 (compatible; bingbot/2.0; +http://www.bing.com/bingbot.htm)"
66.249.64.82 - - [17/Oct/2021:05:09:13 +0200] "GET /images/big_prod_1/3660173218786a.jpg HTTP/1.1" 200 100292 "-" "Googlebot-Image/1.0"
216.244.66.242 - - [17/Oct/2021:05:09:33 +0200] "GET /images/1361623281047.jpg HTTP/1.1" 200 23613 "-" "Mozilla/5.0 (compatible; DotBot/1.2; +https://opensiteexplorer.org/dotbot; help@moz.com)"
216.244.66.242 - - [17/Oct/2021:05:09:37 +0200] "GET /images/3609810005631.jpg HTTP/1.1" 200 37993 "-" "Mozilla/5.0 (compatible; DotBot/1.2; +https://opensiteexplorer.org/dotbot; help@moz.com)"
216.244.66.242 - - [17/Oct/2021:05:09:41 +0200] "GET /images/8003990623510.jpg HTTP/1.1" 200 18645 "-" "Mozilla/5.0 (compatible; DotBot/1.2; +https://opensiteexplorer.org/dotbot; help@moz.com)"
207.46.13.152 - - [17/Oct/2021:05:10:22 +0200] "GET /images/1399984258491.jpg HTTP/1.1" 200 153692 "-" "Mozilla/5.0 (compatible; bingbot/2.0; +http://www.bing.com/bingbot.htm)"
40.77.167.77 - - [17/Oct/2021:05:10:38 +0200] "GET /images/3700276275009.jpg HTTP/1.1" 200 27389 "-" "Mozilla/5.0 (compatible; bingbot/2.0; +http://www.bing.com/bingbot.htm)"
157.55.39.111 - - [17/Oct/2021:05:12:11 +0200] "GET /images/med_prod/1399984272152.jpg HTTP/1.1" 200 78436 "-" "Mozilla/5.0 (compatible; bingbot/2.0; +http://www.bing.com/bingbot.htm)"
157.55.39.77 - - [17/Oct/2021:05:14:20 +0200] "GET /images/big_prod/8422535757310.jpg HTTP/1.1" 200 440151 "-" "Mozilla/5.0 (compatible; bingbot/2.0; +http://www.bing.com/bingbot.htm)"
207.46.13.129 - - [17/Oct/2021:05:15:04 +0200] "GET /images/big_prod/1384010202913.jpg HTTP/1.1" 200 57140 "-" "Mozilla/5.0 (compatible; bingbot/2.0; +http://www.bing.com/bingbot.htm)"
81.103.32.161 - - [17/Oct/2021:05:15:07 +0200] "GET /images/mini_prod/070209_191201_PEEL_gnVzFs.jpg HTTP/1.1" 200 16519 "-" "Mozilla/5.0 (X11; Ubuntu; Linux x86_64; rv:72.0) Gecko/20100101 Firefox/72.0"
66.249.64.83 - - [17/Oct/2021:05:16:43 +0200] "GET /images/big_prod/3453131158862.jpg HTTP/1.1" 200 79005 "-" "Googlebot-Image/1.0"
157.55.39.102 - - [17/Oct/2021:05:17:02 +0200] "GET /images/big_prod/3503420100185.jpg HTTP/1.1" 200 108299 "-" "Mozilla/5.0 (compatible; bingbot/2.0; +http://www.bing.com/bingbot.htm)"
40.77.167.5 - - [17/Oct/2021:05:17:23 +0200] "GET /images/big_prod/3665284220611.jpg HTTP/1.1" 200 249092 "-" "Mozilla/5.0 (compatible; bingbot/2.0; +http://www.bing.com/bingbot.htm)"
66.249.64.84 - - [17/Oct/2021:05:18:03 +0200] "GET /images/big_prod/3503420069673.jpg HTTP/1.1" 200 79836 "-" "Googlebot-Image/1.0"
40.77.167.5 - - [17/Oct/2021:05:21:24 +0200] "GET /images/5702015124928.jpg HTTP/1.1" 200 173552 "-" "Mozilla/5.0 (compatible; bingbot/2.0; +http://www.bing.com/bingbot.htm)"
87.250.224.17 - - [17/Oct/2021:05:21:30 +0200] "GET /images/Photodel076.jpg HTTP/1.1" 200 43214 "-" "Mozilla/5.0 (compatible; YandexImages/3.0; +http://yandex.com/bots)"
35.227.28.251 - - [17/Oct/2021:05:22:39 +0200] "GET /images/mini_prod/1300010237809.jpg HTTP/1.1" 200 6723 "https://google.com" "Mozilla/5.0 (X11; Linux x86_64) AppleWebKit/537.36 (KHTML, like Gecko) Chrome/39.0.2126.0 Safari/537.36"
157.55.39.68 - - [17/Oct/2021:05:24:01 +0200] "GET /images/big_prod_2/3665269043686b.jpg HTTP/1.1" 200 146869 "-" "Mozilla/5.0 (compatible; bingbot/2.0; +http://www.bing.com/bingbot.htm)"
62.210.188.218 - - [17/Oct/2021:05:24:12 +0200] "GET /robots.txt HTTP/1.1" 200 2438 "-" "Mozilla/5.0 (compatible; Barkrowler/0.9; +https://babbar.tech/crawler)"
207.46.13.9 - - [17/Oct/2021:05:24:39 +0200] "GET /robots.txt HTTP/1.1" 200 2438 "-" "Mozilla/5.0 (compatible; bingbot/2.0; +http://www.bing.com/bingbot.htm)"
208.88.158.129 - - [17/Oct/2021:05:24:57 +0200] "GET /images/mini_prod/b8012052011455.jpg HTTP/1.1" 200 7581 "-" "python-requests/2.22.0"
40.77.167.77 - - [17/Oct/2021:05:25:10 +0200] "GET /images/3553567139166.jpg HTTP/1.1" 200 38692 "-" "Mozilla/5.0 (compatible; bingbot/2.0; +http://www.bing.com/bingbot.htm)"
157.55.39.102 - - [17/Oct/2021:05:30:32 +0200] "GET /images/big_prod/1384010205525.jpg HTTP/1.1" 200 87879 "-" "Mozilla/5.0 (compatible; bingbot/2.0; +http://www.bing.com/bingbot.htm)"
216.244.66.242 - - [17/Oct/2021:05:35:20 +0200] "GET /robots.txt HTTP/1.1" 200 2438 "-" "Mozilla/5.0 (compatible; DotBot/1.2; +https://opensiteexplorer.org/dotbot; help@moz.com)"
87.250.224.17 - - [17/Oct/2021:05:35:45 +0200] "GET /images/3048700086396.jpg HTTP/1.1" 304 0 "-" "Mozilla/5.0 (compatible; YandexImages/3.0; +http://yandex.com/bots)"
66.249.64.82 - - [17/Oct/2021:05:36:02 +0200] "GET /images/big_prod/3609810063204.jpg HTTP/1.1" 200 106808 "-" "Googlebot-Image/1.0"
157.55.39.111 - - [17/Oct/2021:05:36:13 +0200] "GET /images/5411854136589.jpg HTTP/1.1" 200 32098 "-" "Mozilla/5.0 (compatible; bingbot/2.0; +http://www.bing.com/bingbot.htm)"
211.91.147.2 - - [17/Oct/2021:05:36:38 +0200] "GET /images/mini_prod/1399984241790.jpg HTTP/1.1" 200 5735 "-" "Mozilla/5.0 (X11; Ubuntu; Linux x86_64; rv:72.0) Gecko/20100101 Firefox/72.0"
66.249.64.82 - - [17/Oct/2021:05:39:12 +0200] "GET /images/big_prod/5051276272771.jpg HTTP/1.1" 200 84991 "-" "Googlebot-Image/1.0"
157.55.39.102 - - [17/Oct/2021:05:40:33 +0200] "GET /images/3699910010000.jpg HTTP/1.1" 200 45669 "-" "Mozilla/5.0 (compatible; bingbot/2.0; +http://www.bing.com/bingbot.htm)"
20.99.146.0 - - [17/Oct/2021:05:43:43 +0200] "GET /images/big_prod/1384010205525.jpg HTTP/1.1" 200 87879 "-" "Mozilla/5.0 (Windows NT 6.1; WOW64) AppleWebKit/537.36 (KHTML, like Gecko) Chrome/45.0.2454.101 Safari/537.36"
207.46.13.129 - - [17/Oct/2021:05:44:26 +0200] "GET /images/big_prod/8906022930499.jpg HTTP/1.1" 200 78440 "-" "Mozilla/5.0 (compatible; bingbot/2.0; +http://www.bing.com/bingbot.htm)"
40.77.167.5 - - [17/Oct/2021:05:44:55 +0200] "GET /images/big_prod_1/843393320375B.jpg HTTP/1.1" 200 52350 "-" "Mozilla/5.0 (compatible; bingbot/2.0; +http://www.bing.com/bingbot.htm)"
207.46.13.129 - - [17/Oct/2021:05:46:46 +0200] "GET /images/110207_095045_PEEL_VYkrXG.jpg HTTP/1.1" 200 42976 "-" "Mozilla/5.0 (compatible; bingbot/2.0; +http://www.bing.com/bingbot.htm)"
40.77.191.239 - - [17/Oct/2021:05:49:41 +0200] "GET /js/modernizr-transitions.js HTTP/1.1" 200 2026 "-" "Mozilla/5.0 (Windows NT 6.1; WOW64) AppleWebKit/534+ (KHTML, like Gecko) BingPreview/1.0b"
144.76.60.198 - - [17/Oct/2021:05:50:54 +0200] "GET /robots.txt HTTP/1.1" 200 2438 "-" "Mozilla/5.0 (compatible; MJ12bot/v1.4.8; http://mj12bot.com/)"
87.250.224.17 - - [17/Oct/2021:05:51:16 +0200] "GET /robots.txt HTTP/1.1" 200 2438 "-" "Mozilla/5.0 (compatible; YandexBot/3.0; +http://yandex.com/bots)"
211.91.147.2 - - [17/Oct/2021:05:51:17 +0200] "GET /images/mini_prod/34DSCN8154.jpg HTTP/1.1" 200 6798 "-" "Mozilla/5.0 (X11; Ubuntu; Linux x86_64; rv:72.0) Gecko/20100101 Firefox/72.0"
87.250.224.17 - - [17/Oct/2021:05:51:20 +0200] "GET /images/big_prod/3520071393445.jpg HTTP/1.1" 200 82993 "-" "Mozilla/5.0 (compatible; YandexImages/3.0; +http://yandex.com/bots)"
207.46.13.129 - - [17/Oct/2021:05:51:57 +0200] "GET /images/med_prod/1020322275503.jpg HTTP/1.1" 200 57235 "-" "Mozilla/5.0 (compatible; bingbot/2.0; +http://www.bing.com/bingbot.htm)"
185.191.171.20 - - [17/Oct/2021:05:52:46 +0200] "GET /robots.txt HTTP/1.1" 200 2438 "-" "Mozilla/5.0 (compatible; SemrushBot/7~bl; +http://www.semrush.com/bot.html)"
211.91.147.2 - - [17/Oct/2021:05:53:14 +0200] "GET /images/mini_prod/MISES-EN-SITUATION-06.jpg HTTP/1.1" 200 7140 "-" "Mozilla/5.0 (X11; Ubuntu; Linux x86_64; rv:72.0) Gecko/20100101 Firefox/72.0"
216.244.66.242 - - [17/Oct/2021:05:54:04 +0200] "GET /images/12356.jpg HTTP/1.1" 200 15085 "-" "Mozilla/5.0 (compatible; DotBot/1.2; +https://opensiteexplorer.org/dotbot; help@moz.com)"
216.244.66.242 - - [17/Oct/2021:05:54:06 +0200] "GET /images/3700653500229.jpg HTTP/1.1" 200 23940 "-" "Mozilla/5.0 (compatible; DotBot/1.2; +https://opensiteexplorer.org/dotbot; help@moz.com)"
216.244.66.242 - - [17/Oct/2021:05:54:09 +0200] "GET /images/5055071683787.jpg HTTP/1.1" 200 53257 "-" "Mozilla/5.0 (compatible; DotBot/1.2; +https://opensiteexplorer.org/dotbot; help@moz.com)"
66.249.64.83 - - [17/Oct/2021:05:54:10 +0200] "GET /images/big_prod_3/3453131157186a.jpg HTTP/1.1" 200 66071 "-" "Googlebot-Image/1.0"
216.244.66.242 - - [17/Oct/2021:05:54:11 +0200] "GET /images/8029759045836.jpg HTTP/1.1" 200 23371 "-" "Mozilla/5.0 (compatible; DotBot/1.2; +https://opensiteexplorer.org/dotbot; help@moz.com)"
216.244.66.242 - - [17/Oct/2021:05:54:14 +0200] "GET /images/hiver048.jpg HTTP/1.1" 200 58190 "-" "Mozilla/5.0 (compatible; DotBot/1.2; +https://opensiteexplorer.org/dotbot; help@moz.com)"
8.209.76.190 - - [17/Oct/2021:05:55:15 +0200] "GET /images/mini_prod/4029811324033.jpg HTTP/1.1" 200 3633 "https://google.com" "Mozilla/5.0 (X11; Linux x86_64; rv:55.1) Gecko/20100101  Chrome/196.25 Mobile  AppleWebKit/55.1;"
8.209.76.190 - - [17/Oct/2021:05:55:16 +0200] "GET /images/mini_prod/4029811344765.jpg HTTP/1.1" 200 10394 "https://google.com" "Mozilla/5.0 (X11; Linux x86_64; rv:55.1) Gecko/20100101  Chrome/196.25 Mobile  AppleWebKit/55.1;"
8.209.76.190 - - [17/Oct/2021:05:55:26 +0200] "GET /images/mini_prod/4029811344741.jpg HTTP/1.1" 200 10358 "https://google.com" "Mozilla/5.0 (X11; Linux x86_64; rv:55.1) Gecko/20100101  Chrome/196.25 Mobile  AppleWebKit/55.1;"
8.209.76.190 - - [17/Oct/2021:05:55:30 +0200] "GET /images/mini_prod/4029811344758.jpg HTTP/1.1" 200 11857 "https://google.com" "Mozilla/5.0 (X11; Linux x86_64; rv:55.1) Gecko/20100101  Chrome/196.25 Mobile  AppleWebKit/55.1;"
8.209.76.190 - - [17/Oct/2021:05:55:31 +0200] "GET /images/mini_prod/3700516225696.jpg HTTP/1.1" 200 8396 "https://google.com" "Mozilla/5.0 (X11; Linux x86_64; rv:55.1) Gecko/20100101  Chrome/196.25 Mobile  AppleWebKit/55.1;"
8.209.76.190 - - [17/Oct/2021:05:55:40 +0200] "GET /images/mini_prod/4029811336333.jpg HTTP/1.1" 200 7225 "https://google.com" "Mozilla/5.0 (X11; Linux x86_64; rv:55.1) Gecko/20100101  Chrome/196.25 Mobile  AppleWebKit/55.1;"
8.209.76.190 - - [17/Oct/2021:05:55:43 +0200] "GET /images/mini_prod/4029811320004.jpg HTTP/1.1" 200 7560 "https://google.com" "Mozilla/5.0 (X11; Linux x86_64; rv:55.1) Gecko/20100101  Chrome/196.25 Mobile  AppleWebKit/55.1;"
8.209.76.190 - - [17/Oct/2021:05:56:06 +0200] "GET /images/mini_prod/4029811349265.jpg HTTP/1.1" 200 10920 "https://google.com" "Mozilla/5.0 (X11; Linux x86_64; rv:55.1) Gecko/20100101  Chrome/196.25 Mobile  AppleWebKit/55.1;"
8.209.76.190 - - [17/Oct/2021:05:56:18 +0200] "GET /images/mini_prod/4029811336319.jpg HTTP/1.1" 200 5419 "https://google.com" "Mozilla/5.0 (X11; Linux x86_64; rv:55.1) Gecko/20100101  Chrome/196.25 Mobile  AppleWebKit/55.1;"
8.209.76.190 - - [17/Oct/2021:05:56:34 +0200] "GET /images/mini_prod/4029811340675.jpg HTTP/1.1" 200 11203 "https://google.com" "Mozilla/5.0 (X11; Linux x86_64; rv:55.1) Gecko/20100101  Chrome/196.25 Mobile  AppleWebKit/55.1;"
8.209.76.190 - - [17/Oct/2021:05:56:37 +0200] "GET /images/mini_prod/4029811349258.jpg HTTP/1.1" 200 7907 "https://google.com" "Mozilla/5.0 (X11; Linux x86_64; rv:55.1) Gecko/20100101  Chrome/196.25 Mobile  AppleWebKit/55.1;"
8.209.76.190 - - [17/Oct/2021:05:56:40 +0200] "GET /images/mini_prod/4029811313853.jpg HTTP/1.1" 200 8680 "https://google.com" "Mozilla/5.0 (X11; Linux x86_64; rv:55.1) Gecko/20100101  Chrome/196.25 Mobile  AppleWebKit/55.1;"
20.99.146.0 - - [17/Oct/2021:05:57:27 +0200] "GET /images/hiver048.jpg HTTP/1.1" 200 58190 "-" "Mozilla/5.0 (Macintosh; U; PPC Mac OS X 10.5; en-US; rv:1.9.2.15) Gecko/20110303 Firefox/3.6.15"
159.226.180.249 - - [17/Oct/2021:05:57:35 +0200] "GET /images/mini_prod/3760116326407.jpg HTTP/1.1" 200 9624 "-" "Mozilla/5.0 (X11; Ubuntu; Linux x86_64; rv:72.0) Gecko/20100101 Firefox/72.0"
207.46.13.152 - - [17/Oct/2021:06:01:44 +0200] "GET /images/big_prod/3700344870105.jpg HTTP/1.1" 200 318757 "-" "Mozilla/5.0 (compatible; bingbot/2.0; +http://www.bing.com/bingbot.htm)"
147.92.153.13 - - [17/Oct/2021:06:02:40 +0200] "GET /images/big_prod/3503420034695.jpg HTTP/1.1" 200 286892 "-" "Mozilla/5.0 (compatible; Linespider/1.1; +https://lin.ee/4dwXkTH)"
40.77.167.5 - - [17/Oct/2021:06:05:08 +0200] "GET /images/big_prod_1/1328399138296b.jpg HTTP/1.1" 200 57622 "-" "Mozilla/5.0 (compatible; bingbot/2.0; +http://www.bing.com/bingbot.htm)"
213.180.203.74 - - [17/Oct/2021:06:06:06 +0200] "GET /images/Gee-Sorry-2.jpg HTTP/1.1" 200 165292 "-" "Mozilla/5.0 (compatible; YandexImages/3.0; +http://yandex.com/bots)"
66.249.64.84 - - [17/Oct/2021:06:07:31 +0200] "GET /images/mini_prod/3442440301694T.jpg HTTP/1.1" 200 5413 "-" "Googlebot-Image/1.0"
40.77.167.5 - - [17/Oct/2021:06:07:59 +0200] "GET /images/big_prod_2/3700230605972b.jpg HTTP/1.1" 200 124538 "-" "Mozilla/5.0 (compatible; bingbot/2.0; +http://www.bing.com/bingbot.htm)"
157.55.39.77 - - [17/Oct/2021:06:15:36 +0200] "GET /images/big_prod/8422010092479.jpg HTTP/1.1" 200 171568 "-" "Mozilla/5.0 (compatible; bingbot/2.0; +http://www.bing.com/bingbot.htm)"
207.46.13.17 - - [17/Oct/2021:06:17:09 +0200] "GET /images/mini_prod/1399986106585.jpg HTTP/1.1" 200 3512 "-" "Mozilla/5.0 (compatible; bingbot/2.0; +http://www.bing.com/bingbot.htm)"
207.46.13.81 - - [17/Oct/2021:06:18:16 +0200] "GET /images/mini_prod/3453131140355.jpg HTTP/1.1" 200 8394 "-" "Mozilla/5.0 (compatible; bingbot/2.0; +http://www.bing.com/bingbot.htm)"
216.244.66.242 - - [17/Oct/2021:06:19:26 +0200] "GET /robots.txt HTTP/1.1" 200 2438 "-" "Mozilla/5.0 (compatible; DotBot/1.2; +https://opensiteexplorer.org/dotbot; help@moz.com)"
20.99.144.146 - - [17/Oct/2021:06:19:48 +0200] "GET /images/med_prod/8422535858628.jpg HTTP/1.1" 200 104760 "-" "Mozilla/5.0 (Windows NT 6.1; WOW64) AppleWebKit/537.36 (KHTML, like Gecko) Chrome/45.0.2454.101 Safari/537.36"
207.46.13.81 - - [17/Oct/2021:06:20:37 +0200] "GET /images/med_prod/3453131091060.jpg HTTP/1.1" 200 34186 "-" "Mozilla/5.0 (compatible; bingbot/2.0; +http://www.bing.com/bingbot.htm)"
157.55.39.77 - - [17/Oct/2021:06:21:16 +0200] "GET /images/big_prod/4012390388299.jpg HTTP/1.1" 200 59457 "-" "Mozilla/5.0 (compatible; bingbot/2.0; +http://www.bing.com/bingbot.htm)"
207.46.13.129 - - [17/Oct/2021:06:22:30 +0200] "GET /images/big_prod/3700742703647.jpg HTTP/1.1" 200 110820 "-" "Mozilla/5.0 (compatible; bingbot/2.0; +http://www.bing.com/bingbot.htm)"
87.250.224.59 - - [17/Oct/2021:06:25:00 +0200] "GET /images/1328399072682.jpg HTTP/1.1" 200 86488 "-" "Mozilla/5.0 (compatible; YandexImages/3.0; +http://yandex.com/bots)"
185.176.78.216 - - [17/Oct/2021:06:25:27 +0200] "GET /images/mini_prod/8424346350001.jpg HTTP/1.1" 200 12731 "-" "Mozilla/5.0 (X11; Ubuntu; Linux x86_64; rv:72.0) Gecko/20100101 Firefox/72.0"
207.46.13.152 - - [17/Oct/2021:06:25:39 +0200] "GET /images/big_prod/1304038301191.jpg HTTP/1.1" 200 103289 "-" "Mozilla/5.0 (compatible; bingbot/2.0; +http://www.bing.com/bingbot.htm)"
211.91.147.2 - - [17/Oct/2021:06:27:07 +0200] "GET /images/mini_prod/4007176122563.jpg HTTP/1.1" 200 5087 "-" "Mozilla/5.0 (X11; Ubuntu; Linux x86_64; rv:72.0) Gecko/20100101 Firefox/72.0"
157.55.39.102 - - [17/Oct/2021:06:27:48 +0200] "GET /images/big_prod/3014627556120.jpg HTTP/1.1" 200 72328 "-" "Mozilla/5.0 (compatible; bingbot/2.0; +http://www.bing.com/bingbot.htm)"
207.46.13.81 - - [17/Oct/2021:06:28:36 +0200] "GET /js/modernizr-transitions.js HTTP/1.1" 200 2026 "-" "Mozilla/5.0 (compatible; bingbot/2.0; +http://www.bing.com/bingbot.htm)"
20.99.144.146 - - [17/Oct/2021:06:28:36 +0200] "GET /images/1300010240564.jpg HTTP/1.1" 200 156381 "-" "Mozilla/5.0 (X11; Linux x86_64) AppleWebKit/537.36 (KHTML, like Gecko) Chrome/62.0.3202.62 Safari/537.36"
147.92.153.7 - - [17/Oct/2021:06:34:35 +0200] "GET /images/big_prod/8422018272613.jpg HTTP/1.1" 200 142955 "-" "Mozilla/5.0 (compatible; Linespider/1.1; +https://lin.ee/4dwXkTH)"
66.249.82.146 - - [17/Oct/2021:06:36:43 +0200] "GET /images/big_prod_1/8718375751756a.jpg HTTP/1.1" 200 180226 "-" "Mozilla/5.0 (Windows NT 5.1; rv:11.0) Gecko Firefox/11.0 (via ggpht.com GoogleImageProxy)"
40.77.167.77 - - [17/Oct/2021:06:37:17 +0200] "GET /images/big_prod/3453131139151.jpg HTTP/1.1" 200 80365 "-" "Mozilla/5.0 (compatible; bingbot/2.0; +http://www.bing.com/bingbot.htm)"
216.244.66.242 - - [17/Oct/2021:06:37:57 +0200] "GET /images/1399984235997.jpg HTTP/1.1" 200 66219 "-" "Mozilla/5.0 (compatible; DotBot/1.2; +https://opensiteexplorer.org/dotbot; help@moz.com)"
216.244.66.242 - - [17/Oct/2021:06:38:01 +0200] "GET /images/1399984251638.jpg HTTP/1.1" 200 75064 "-" "Mozilla/5.0 (compatible; DotBot/1.2; +https://opensiteexplorer.org/dotbot; help@moz.com)"
216.244.66.242 - - [17/Oct/2021:06:38:05 +0200] "GET /images/1399984251966.jpg HTTP/1.1" 200 58395 "-" "Mozilla/5.0 (compatible; DotBot/1.2; +https://opensiteexplorer.org/dotbot; help@moz.com)"
216.244.66.242 - - [17/Oct/2021:06:38:09 +0200] "GET /images/3662468001240.jpg HTTP/1.1" 200 52541 "-" "Mozilla/5.0 (compatible; DotBot/1.2; +https://opensiteexplorer.org/dotbot; help@moz.com)"
216.244.66.242 - - [17/Oct/2021:06:38:11 +0200] "GET /images/3681643315798.jpg HTTP/1.1" 200 20757 "-" "Mozilla/5.0 (compatible; DotBot/1.2; +https://opensiteexplorer.org/dotbot; help@moz.com)"
216.244.66.242 - - [17/Oct/2021:06:38:13 +0200] "GET /images/3699910010000.jpg HTTP/1.1" 200 45669 "-" "Mozilla/5.0 (compatible; DotBot/1.2; +https://opensiteexplorer.org/dotbot; help@moz.com)"
216.244.66.242 - - [17/Oct/2021:06:38:15 +0200] "GET /images/3700653502780.jpg HTTP/1.1" 200 59132 "-" "Mozilla/5.0 (compatible; DotBot/1.2; +https://opensiteexplorer.org/dotbot; help@moz.com)"
216.244.66.242 - - [17/Oct/2021:06:38:17 +0200] "GET /images/3784223502820.jpg HTTP/1.1" 200 25159 "-" "Mozilla/5.0 (compatible; DotBot/1.2; +https://opensiteexplorer.org/dotbot; help@moz.com)"
216.244.66.242 - - [17/Oct/2021:06:38:18 +0200] "GET /images/4007176125120.jpg HTTP/1.1" 200 24403 "-" "Mozilla/5.0 (compatible; DotBot/1.2; +https://opensiteexplorer.org/dotbot; help@moz.com)"
216.244.66.242 - - [17/Oct/2021:06:38:20 +0200] "GET /images/7601019995214.jpg HTTP/1.1" 200 34037 "-" "Mozilla/5.0 (compatible; DotBot/1.2; +https://opensiteexplorer.org/dotbot; help@moz.com)"
216.244.66.242 - - [17/Oct/2021:06:38:21 +0200] "GET /images/8028501669139.jpg HTTP/1.1" 200 56587 "-" "Mozilla/5.0 (compatible; DotBot/1.2; +https://opensiteexplorer.org/dotbot; help@moz.com)"
216.244.66.242 - - [17/Oct/2021:06:38:23 +0200] "GET /images/8412193224729.jpg HTTP/1.1" 200 38212 "-" "Mozilla/5.0 (compatible; DotBot/1.2; +https://opensiteexplorer.org/dotbot; help@moz.com)"
216.244.66.242 - - [17/Oct/2021:06:38:27 +0200] "GET /images/8716241048566b.jpg HTTP/1.1" 200 86770 "-" "Mozilla/5.0 (compatible; DotBot/1.2; +https://opensiteexplorer.org/dotbot; help@moz.com)"
216.244.66.242 - - [17/Oct/2021:06:38:31 +0200] "GET /images/DSCN07092servert.jpg HTTP/1.1" 200 75529 "-" "Mozilla/5.0 (compatible; DotBot/1.2; +https://opensiteexplorer.org/dotbot; help@moz.com)"
95.163.255.198 - - [17/Oct/2021:06:39:11 +0200] "GET /robots.txt HTTP/1.0" 200 2438 "-" "Mozilla/5.0 (compatible; Linux x86_64; Mail.RU_Bot/Img/2.0; +http://go.mail.ru/help/robots)"
66.249.64.83 - - [17/Oct/2021:06:39:19 +0200] "GET /images/8028501699235.jpg HTTP/1.1" 200 43557 "-" "Googlebot-Image/1.0"
95.163.255.130 - - [17/Oct/2021:06:39:27 +0200] "GET /images/mini_prod/12454.gif HTTP/1.1" 200 8405 "http://wonder-geek.com/images/mini_prod/12454.gif" "Mozilla/5.0 (compatible; Linux x86_64; Mail.RU_Bot/Img/2.0; +http://go.mail.ru/help/robots)"
