95.163.255.129 - - [17/Oct/2021:06:39:31 +0200] "GET /images/8435306242076.jpg HTTP/1.1" 200 43423 "http://wonder-geek.com/images/8435306242076.jpg" "Mozilla/5.0 (compatible; Linux x86_64; Mail.RU_Bot/Img/2.0; +http://go.mail.ru/help/robots)"
95.163.255.121 - - [17/Oct/2021:06:39:38 +0200] "GET /images/5050293383408.jpg HTTP/1.1" 200 83691 "http://wonder-geek.com/images/5050293383408.jpg" "Mozilla/5.0 (compatible; Linux x86_64; Mail.RU_Bot/Img/2.0; +http://go.mail.ru/help/robots)"
95.163.255.140 - - [17/Oct/2021:06:39:50 +0200] "GET /images/med_prod/5414956265928.jpg HTTP/1.1" 200 67745 "http://wonder-geek.com/images/med_prod/5414956265928.jpg" "Mozilla/5.0 (compatible; Linux x86_64; Mail.RU_Bot/Img/2.0; +http://go.mail.ru/help/robots)"
157.55.39.111 - - [17/Oct/2021:06:43:40 +0200] "GET /images/big_prod/1328399075065.jpg HTTP/1.1" 200 64115 "-" "Mozilla/5.0 (compatible; bingbot/2.0; +http://www.bing.com/bingbot.htm)"
207.46.13.17 - - [17/Oct/2021:06:43:45 +0200] "GET /images/5018997517512.jpg HTTP/1.1" 200 115251 "-" "Mozilla/5.0 (compatible; bingbot/2.0; +http://www.bing.com/bingbot.htm)"
87.250.224.17 - - [17/Oct/2021:06:45:06 +0200] "GET /images/8435306241260.jpg HTTP/1.1" 200 42575 "-" "Mozilla/5.0 (compatible; YandexImages/3.0; +http://yandex.com/bots)"
211.91.147.2 - - [17/Oct/2021:06:45:15 +0200] "GET /images/mini_prod/3700653501219.jpg HTTP/1.1" 200 5781 "-" "Mozilla/5.0 (X11; Ubuntu; Linux x86_64; rv:72.0) Gecko/20100101 Firefox/72.0"
157.55.39.111 - - [17/Oct/2021:06:46:31 +0200] "GET /images/4007176129012.jpg HTTP/1.1" 200 67654 "-" "Mozilla/5.0 (compatible; bingbot/2.0; +http://www.bing.com/bingbot.htm)"
66.249.64.82 - - [17/Oct/2021:06:46:43 +0200] "GET /images/big_prod_1/8424015226477B.jpg HTTP/1.1" 200 120259 "-" "Googlebot-Image/1.0"
66.249.64.83 - - [17/Oct/2021:06:48:00 +0200] "GET /images/3438100333952.jpg HTTP/1.1" 200 28418 "-" "Googlebot-Image/1.0"
157.55.39.68 - - [17/Oct/2021:06:49:49 +0200] "GET /images/5601392210050.jpg HTTP/1.1" 200 68080 "-" "Mozilla/5.0 (compatible; bingbot/2.0; +http://www.bing.com/bingbot.htm)"
185.191.171.23 - - [17/Oct/2021:06:53:03 +0200] "GET /robots.txt HTTP/1.1" 200 2438 "-" "Mozilla/5.0 (compatible; SemrushBot/7~bl; +http://www.semrush.com/bot.html)"
207.46.13.152 - - [17/Oct/2021:06:55:32 +0200] "GET /images/big_prod/9316188086769.jpg HTTP/1.1" 200 120490 "-" "Mozilla/5.0 (compatible; bingbot/2.0; +http://www.bing.com/bingbot.htm)"
157.55.39.102 - - [17/Oct/2021:06:56:01 +0200] "GET /images/med_prod/8433933011805.jpg HTTP/1.1" 200 129326 "-" "Mozilla/5.0 (compatible; bingbot/2.0; +http://www.bing.com/bingbot.htm)"
66.249.64.83 - - [17/Oct/2021:06:56:55 +0200] "GET /images/big_prod/8422001884809.jpg HTTP/1.1" 200 407061 "-" "Googlebot-Image/1.0"
66.249.64.82 - - [17/Oct/2021:06:57:55 +0200] "GET /highslide/highslide.js HTTP/1.1" 200 42909 "http://www.wonder-geek.com/miracle-tattoos-augmented-reality-p-30661.html" "Mozilla/5.0 (Linux; Android 6.0.1; Nexus 5X Build/MMB29P) AppleWebKit/537.36 (KHTML, like Gecko) Chrome/94.0.4606.81 Mobile Safari/537.36 (compatible; Googlebot/2.1; +http://www.google.com/bot.html)"
66.249.64.83 - - [17/Oct/2021:06:57:56 +0200] "GET /js/jquery.jqzoom.js HTTP/1.1" 200 4761 "http://www.wonder-geek.com/miracle-tattoos-augmented-reality-p-30661.html" "Mozilla/5.0 (Linux; Android 6.0.1; Nexus 5X Build/MMB29P) AppleWebKit/537.36 (KHTML, like Gecko) Chrome/94.0.4606.81 Mobile Safari/537.36 (compatible; Googlebot/2.1; +http://www.google.com/bot.html)"
66.249.64.83 - - [17/Oct/2021:06:57:56 +0200] "GET /mondial_relay/js/jquery-1.3.2.min.js HTTP/1.1" 200 57254 "http://www.wonder-geek.com/miracle-tattoos-augmented-reality-p-30661.html" "Mozilla/5.0 (Linux; Android 6.0.1; Nexus 5X Build/MMB29P) AppleWebKit/537.36 (KHTML, like Gecko) Chrome/94.0.4606.81 Mobile Safari/537.36 (compatible; Googlebot/2.1; +http://www.google.com/bot.html)"
66.249.64.82 - - [17/Oct/2021:06:57:57 +0200] "GET /js/jquery.js HTTP/1.1" 200 54075 "http://www.wonder-geek.com/miracle-tattoos-augmented-reality-p-30661.html" "Mozilla/5.0 (Linux; Android 6.0.1; Nexus 5X Build/MMB29P) AppleWebKit/537.36 (KHTML, like Gecko) Chrome/94.0.4606.81 Mobile Safari/537.36 (compatible; Googlebot/2.1; +http://www.google.com/bot.html)"
20.98.123.236 - - [17/Oct/2021:06:59:52 +0200] "GET /images/big_prod/5406924021049.jpg HTTP/1.1" 200 29717 "-" "Mozilla/5.0 (Macintosh; U; PPC Mac OS X 10.5; en-US; rv:1.9.2.15) Gecko/20110303 Firefox/3.6.15"
78.46.85.236 - - [17/Oct/2021:07:01:01 +0200] "GET /robots.txt HTTP/1.1" 200 2438 "-" "Mozilla/5.0 (compatible; MJ12bot/v1.4.8; http://mj12bot.com/)"
207.46.13.152 - - [17/Oct/2021:07:01:12 +0200] "GET /images/mini_prod/8422002416016.jpg HTTP/1.1" 200 7944 "-" "Mozilla/5.0 (compatible; bingbot/2.0; +http://www.bing.com/bingbot.htm)"
66.249.64.83 - - [17/Oct/2021:07:03:35 +0200] "GET /images/big_prod/1004038301008.jpg HTTP/1.1" 200 93297 "-" "Googlebot-Image/1.0"
103.131.71.194 - - [17/Oct/2021:07:04:21 +0200] "GET /robots.txt HTTP/1.1" 200 2438 "-" "Mozilla/5.0 (compatible; coccocbot-web/1.0; +http://help.coccoc.com/searchengine)"
66.249.64.84 - - [17/Oct/2021:07:05:49 +0200] "GET /images/big_prod_1/b4895220300513.jpg HTTP/1.1" 200 49266 "-" "Googlebot-Image/1.0"
207.46.13.152 - - [17/Oct/2021:07:06:23 +0200] "GET /images/big_prod_1/8718375753286a.jpg HTTP/1.1" 200 67365 "-" "Mozilla/5.0 (compatible; bingbot/2.0; +http://www.bing.com/bingbot.htm)"
216.244.66.242 - - [17/Oct/2021:07:06:26 +0200] "GET /robots.txt HTTP/1.1" 200 2438 "-" "Mozilla/5.0 (compatible; DotBot/1.2; +https://opensiteexplorer.org/dotbot; help@moz.com)"
159.226.177.39 - - [17/Oct/2021:07:06:35 +0200] "GET /images/mini_prod/1439116000007N.jpg HTTP/1.1" 200 7079 "-" "Mozilla/5.0 (X11; Ubuntu; Linux x86_64; rv:72.0) Gecko/20100101 Firefox/72.0"
20.99.147.186 - - [17/Oct/2021:07:07:40 +0200] "GET /images/med_prod/000000000tigre.jpg HTTP/1.1" 200 88819 "-" "Mozilla/5.0 (Windows NT 10.0; WOW64) AppleWebKit/537.36 (KHTML, like Gecko) Chrome/64.0.3282.186 Safari/537.36"
40.77.167.5 - - [17/Oct/2021:07:07:44 +0200] "GET /images/big_prod/4029811320004.jpg HTTP/1.1" 200 104175 "-" "Mozilla/5.0 (compatible; bingbot/2.0; +http://www.bing.com/bingbot.htm)"
66.249.64.82 - - [17/Oct/2021:07:08:03 +0200] "GET /images/big_prod/8424346527304.jpg HTTP/1.1" 200 318582 "-" "Googlebot-Image/1.0"
207.46.13.129 - - [17/Oct/2021:07:09:14 +0200] "GET /images/big_prod/3700230605484.jpg HTTP/1.1" 200 139695 "-" "Mozilla/5.0 (compatible; bingbot/2.0; +http://www.bing.com/bingbot.htm)"
66.249.64.83 - - [17/Oct/2021:07:11:36 +0200] "GET /images/mini_prod/9316188086738.jpg HTTP/1.1" 200 3490 "-" "Googlebot-Image/1.0"
157.55.39.102 - - [17/Oct/2021:07:12:03 +0200] "GET /images/big_prod/8424346228942.jpg HTTP/1.1" 200 60847 "-" "Mozilla/5.0 (compatible; bingbot/2.0; +http://www.bing.com/bingbot.htm)"
211.91.147.2 - - [17/Oct/2021:07:12:37 +0200] "GET /images/mini_prod/8482013122047.jpg HTTP/1.1" 200 8907 "-" "Mozilla/5.0 (X11; Ubuntu; Linux x86_64; rv:72.0) Gecko/20100101 Firefox/72.0"
87.250.224.17 - - [17/Oct/2021:07:13:08 +0200] "GET /images/big_prod/3612875100708.jpg HTTP/1.1" 200 168030 "-" "Mozilla/5.0 (compatible; YandexImages/3.0; +http://yandex.com/bots)"
40.77.167.77 - - [17/Oct/2021:07:14:20 +0200] "GET /images/8033667513738.jpg HTTP/1.1" 200 25840 "-" "Mozilla/5.0 (compatible; bingbot/2.0; +http://www.bing.com/bingbot.htm)"
66.249.64.83 - - [17/Oct/2021:07:14:44 +0200] "GET /images/big_prod/9316188079679.jpg HTTP/1.1" 200 41752 "-" "Googlebot-Image/1.0"
211.91.147.2 - - [17/Oct/2021:07:20:23 +0200] "GET /images/mini_prod/78-4153.jpg HTTP/1.1" 200 7250 "-" "Mozilla/5.0 (X11; Ubuntu; Linux x86_64; rv:72.0) Gecko/20100101 Firefox/72.0"
147.92.153.11 - - [17/Oct/2021:07:21:18 +0200] "GET /images/big_prod/8422018061606.jpg HTTP/1.1" 200 708703 "-" "Mozilla/5.0 (compatible; Linespider/1.1; +https://lin.ee/4dwXkTH)"
66.249.64.84 - - [17/Oct/2021:07:21:25 +0200] "GET /images/mini_prod/3609810045118.jpg HTTP/1.1" 200 6424 "-" "Googlebot-Image/1.0"
207.46.13.152 - - [17/Oct/2021:07:21:34 +0200] "GET /images/841219323239703172012.jpg HTTP/1.1" 200 33774 "-" "Mozilla/5.0 (compatible; bingbot/2.0; +http://www.bing.com/bingbot.htm)"
207.46.13.81 - - [17/Oct/2021:07:21:42 +0200] "GET /images/mini_prod/3520071784700.jpg HTTP/1.1" 200 5225 "-" "Mozilla/5.0 (compatible; bingbot/2.0; +http://www.bing.com/bingbot.htm)"
207.46.13.81 - - [17/Oct/2021:07:28:13 +0200] "GET /images/800399061711319072012.jpg HTTP/1.1" 200 54562 "-" "Mozilla/5.0 (compatible; bingbot/2.0; +http://www.bing.com/bingbot.htm)"
66.249.64.84 - - [17/Oct/2021:07:30:19 +0200] "GET /images/DSCN0912b.jpg HTTP/1.1" 200 28662 "-" "Googlebot-Image/1.0"
157.55.39.102 - - [17/Oct/2021:07:34:35 +0200] "GET /images/med_prod/3457010951223.jpg HTTP/1.1" 200 80641 "-" "Mozilla/5.0 (compatible; bingbot/2.0; +http://www.bing.com/bingbot.htm)"
66.249.82.151 - - [17/Oct/2021:07:36:17 +0200] "GET /images/med_prod/5028486282579.jpg HTTP/1.1" 200 88791 "-" "Mozilla/5.0 (Windows NT 5.1; rv:11.0) Gecko Firefox/11.0 (via ggpht.com GoogleImageProxy)"
66.249.64.83 - - [17/Oct/2021:07:36:28 +0200] "GET /images/mini_prod/B8466001017959.jpg HTTP/1.1" 200 4093 "-" "Googlebot-Image/1.0"
66.249.64.82 - - [17/Oct/2021:07:41:27 +0200] "GET /images/mini_prod/3660173231051.jpg HTTP/1.1" 200 4244 "-" "Googlebot-Image/1.0"
40.77.167.5 - - [17/Oct/2021:07:41:47 +0200] "GET /images/5410994579614b.jpg HTTP/1.1" 200 38606 "-" "Mozilla/5.0 (compatible; bingbot/2.0; +http://www.bing.com/bingbot.htm)"
147.92.153.11 - - [17/Oct/2021:07:42:55 +0200] "GET /images/big_prod/3520071800448.jpg HTTP/1.1" 200 392166 "-" "Mozilla/5.0 (compatible; Linespider/1.1; +https://lin.ee/4dwXkTH)"
87.250.224.17 - - [17/Oct/2021:07:44:17 +0200] "GET /robots.txt HTTP/1.1" 200 2438 "-" "Mozilla/5.0 (compatible; YandexBot/3.0; +http://yandex.com/bots)"
87.250.224.17 - - [17/Oct/2021:07:44:21 +0200] "GET /images/big_prod/3700516220882.jpg HTTP/1.1" 200 99417 "-" "Mozilla/5.0 (compatible; YandexImages/3.0; +http://yandex.com/bots)"
66.249.64.84 - - [17/Oct/2021:07:50:22 +0200] "GET /images/big_prod_3/b8717202556908.jpg HTTP/1.1" 200 59423 "-" "Googlebot-Image/1.0"
40.77.167.5 - - [17/Oct/2021:07:50:28 +0200] "GET /images/5018997516607.jpg HTTP/1.1" 200 101116 "-" "Mozilla/5.0 (compatible; bingbot/2.0; +http://www.bing.com/bingbot.htm)"
34.83.49.196 - - [17/Oct/2021:07:50:34 +0200] "GET /images/mini_prod/3014627880225.jpg HTTP/1.1" 200 4069 "https://google.com" "Mozilla/5.0 (X11; Linux x86_64) AppleWebKit/537.36 (KHTML, like Gecko) Chrome/53.0.2785.49 Safari/537.36"
34.83.49.196 - - [17/Oct/2021:07:50:35 +0200] "GET /images/mini_prod/3014627880201.jpg HTTP/1.1" 200 4664 "https://google.com" "Mozilla/5.0 (X11; Linux x86_64) AppleWebKit/537.36 (KHTML, like Gecko) Chrome/53.0.2785.49 Safari/537.36"
34.83.49.196 - - [17/Oct/2021:07:50:47 +0200] "GET /images/mini_prod/3014627880188.jpg HTTP/1.1" 200 3337 "https://google.com" "Mozilla/5.0 (X11; Linux x86_64) AppleWebKit/537.36 (KHTML, like Gecko) Chrome/53.0.2785.49 Safari/537.36"
34.83.49.196 - - [17/Oct/2021:07:50:53 +0200] "GET /images/mini_prod/3014627894253.jpg HTTP/1.1" 200 3726 "https://google.com" "Mozilla/5.0 (X11; Linux x86_64) AppleWebKit/537.36 (KHTML, like Gecko) Chrome/53.0.2785.49 Safari/537.36"
34.83.49.196 - - [17/Oct/2021:07:50:57 +0200] "GET /images/mini_prod/3014627880195.jpg HTTP/1.1" 200 4170 "https://google.com" "Mozilla/5.0 (X11; Linux x86_64) AppleWebKit/537.36 (KHTML, like Gecko) Chrome/53.0.2785.49 Safari/537.36"
34.83.49.196 - - [17/Oct/2021:07:50:58 +0200] "GET /images/mini_prod/3014627846764.jpg HTTP/1.1" 200 4773 "https://google.com" "Mozilla/5.0 (X11; Linux x86_64) AppleWebKit/537.36 (KHTML, like Gecko) Chrome/53.0.2785.49 Safari/537.36"
34.83.49.196 - - [17/Oct/2021:07:51:03 +0200] "GET /images/mini_prod/3014627830121.jpg HTTP/1.1" 200 5986 "https://google.com" "Mozilla/5.0 (X11; Linux x86_64) AppleWebKit/537.36 (KHTML, like Gecko) Chrome/53.0.2785.49 Safari/537.36"
34.83.49.196 - - [17/Oct/2021:07:51:15 +0200] "GET /images/mini_prod/3014627847617.jpg HTTP/1.1" 200 4537 "https://google.com" "Mozilla/5.0 (X11; Linux x86_64) AppleWebKit/537.36 (KHTML, like Gecko) Chrome/53.0.2785.49 Safari/537.36"
185.191.171.12 - - [17/Oct/2021:07:52:15 +0200] "GET /robots.txt HTTP/1.1" 200 2438 "-" "Mozilla/5.0 (compatible; SemrushBot/7~bl; +http://www.semrush.com/bot.html)"
40.77.167.5 - - [17/Oct/2021:07:53:18 +0200] "GET /images/med_prod/1399984288900.jpg HTTP/1.1" 200 92940 "-" "Mozilla/5.0 (compatible; bingbot/2.0; +http://www.bing.com/bingbot.htm)"
216.244.66.242 - - [17/Oct/2021:07:53:40 +0200] "GET /robots.txt HTTP/1.1" 200 2438 "-" "Mozilla/5.0 (compatible; DotBot/1.2; +https://opensiteexplorer.org/dotbot; help@moz.com)"
211.91.147.2 - - [17/Oct/2021:07:55:14 +0200] "GET /images/mini_prod/3661443610439.jpg HTTP/1.1" 200 7147 "-" "Mozilla/5.0 (X11; Ubuntu; Linux x86_64; rv:72.0) Gecko/20100101 Firefox/72.0"
40.77.167.5 - - [17/Oct/2021:07:55:48 +0200] "GET /images/1300010240403.jpg HTTP/1.1" 200 146523 "-" "Mozilla/5.0 (compatible; bingbot/2.0; +http://www.bing.com/bingbot.htm)"
192.99.10.170 - - [17/Oct/2021:08:01:16 +0200] "GET /robots.txt HTTP/1.1" 200 2438 "-" "Mozilla/5.0 (compatible; MJ12bot/v1.4.8; http://mj12bot.com/)"
40.77.167.5 - - [17/Oct/2021:08:03:10 +0200] "GET /images/1399984255544.jpg HTTP/1.1" 200 103662 "-" "Mozilla/5.0 (compatible; bingbot/2.0; +http://www.bing.com/bingbot.htm)"
1.157.59.13 - - [17/Oct/2021:08:05:43 +0200] "GET /templates/Pixame_v1/stylesheet.css HTTP/1.1" 200 56057 "http://www.wonder-geek.com/paris-aime-small-tray-p-18985.html" "Mozilla/5.0 (iPhone; CPU iPhone OS 13_5 like Mac OS X) AppleWebKit/605.1.15 (KHTML, like Gecko) Version/13.1.1 Mobile/15E148 Safari/604.1"
1.157.59.13 - - [17/Oct/2021:08:05:44 +0200] "GET /highslide/highslide.js HTTP/1.1" 200 42909 "http://www.wonder-geek.com/paris-aime-small-tray-p-18985.html" "Mozilla/5.0 (iPhone; CPU iPhone OS 13_5 like Mac OS X) AppleWebKit/605.1.15 (KHTML, like Gecko) Version/13.1.1 Mobile/15E148 Safari/604.1"
1.157.59.13 - - [17/Oct/2021:08:05:44 +0200] "GET /js/jquery.jqzoom.js HTTP/1.1" 200 4761 "http://www.wonder-geek.com/paris-aime-small-tray-p-18985.html" "Mozilla/5.0 (iPhone; CPU iPhone OS 13_5 like Mac OS X) AppleWebKit/605.1.15 (KHTML, like Gecko) Version/13.1.1 Mobile/15E148 Safari/604.1"
1.157.59.13 - - [17/Oct/2021:08:05:44 +0200] "GET /js/jquery.js HTTP/1.1" 200 54075 "http://www.wonder-geek.com/paris-aime-small-tray-p-18985.html" "Mozilla/5.0 (iPhone; CPU iPhone OS 13_5 like Mac OS X) AppleWebKit/605.1.15 (KHTML, like Gecko) Version/13.1.1 Mobile/15E148 Safari/604.1"
1.157.59.13 - - [17/Oct/2021:08:05:44 +0200] "GET /templates/Pixame_v1/images/icon_accueil2.png HTTP/1.1" 200 1137 "http://www.wonder-geek.com/paris-aime-small-tray-p-18985.html" "Mozilla/5.0 (iPhone; CPU iPhone OS 13_5 like Mac OS X) AppleWebKit/605.1.15 (KHTML, like Gecko) Version/13.1.1 Mobile/15E148 Safari/604.1"
1.157.59.13 - - [17/Oct/2021:08:05:44 +0200] "GET /mondial_relay/js/jquery-1.3.2.min.js HTTP/1.1" 200 57254 "http://www.wonder-geek.com/paris-aime-small-tray-p-18985.html" "Mozilla/5.0 (iPhone; CPU iPhone OS 13_5 like Mac OS X) AppleWebKit/605.1.15 (KHTML, like Gecko) Version/13.1.1 Mobile/15E148 Safari/604.1"
1.157.59.13 - - [17/Oct/2021:08:05:45 +0200] "GET /images/3661443221413.jpg HTTP/1.1" 200 33017 "http://www.wonder-geek.com/paris-aime-small-tray-p-18985.html" "Mozilla/5.0 (iPhone; CPU iPhone OS 13_5 like Mac OS X) AppleWebKit/605.1.15 (KHTML, like Gecko) Version/13.1.1 Mobile/15E148 Safari/604.1"
1.157.59.13 - - [17/Oct/2021:08:05:45 +0200] "GET /templates/Pixame_v1/images/buttons/english/button_in_cart.gif HTTP/1.1" 200 1212 "http://www.wonder-geek.com/paris-aime-small-tray-p-18985.html" "Mozilla/5.0 (iPhone; CPU iPhone OS 13_5 like Mac OS X) AppleWebKit/605.1.15 (KHTML, like Gecko) Version/13.1.1 Mobile/15E148 Safari/604.1"
1.157.59.13 - - [17/Oct/2021:08:05:45 +0200] "GET /templates/Pixame_v1/images/nav.png HTTP/1.1" 200 1283 "http://www.wonder-geek.com/paris-aime-small-tray-p-18985.html" "Mozilla/5.0 (iPhone; CPU iPhone OS 13_5 like Mac OS X) AppleWebKit/605.1.15 (KHTML, like Gecko) Version/13.1.1 Mobile/15E148 Safari/604.1"
1.157.59.13 - - [17/Oct/2021:08:05:45 +0200] "GET /templates/Pixame_v1/images/Bottom_texture.jpg HTTP/1.1" 200 56290 "http://www.wonder-geek.com/paris-aime-small-tray-p-18985.html" "Mozilla/5.0 (iPhone; CPU iPhone OS 13_5 like Mac OS X) AppleWebKit/605.1.15 (KHTML, like Gecko) Version/13.1.1 Mobile/15E148 Safari/604.1"
1.157.59.13 - - [17/Oct/2021:08:05:45 +0200] "GET /design/productsenstock.png HTTP/1.1" 200 4743 "http://www.wonder-geek.com/paris-aime-small-tray-p-18985.html" "Mozilla/5.0 (iPhone; CPU iPhone OS 13_5 like Mac OS X) AppleWebKit/605.1.15 (KHTML, like Gecko) Version/13.1.1 Mobile/15E148 Safari/604.1"
1.157.59.13 - - [17/Oct/2021:08:05:45 +0200] "GET /templates/Pixame_v1/images/header.png HTTP/1.1" 200 70245 "http://www.wonder-geek.com/paris-aime-small-tray-p-18985.html" "Mozilla/5.0 (iPhone; CPU iPhone OS 13_5 like Mac OS X) AppleWebKit/605.1.15 (KHTML, like Gecko) Version/13.1.1 Mobile/15E148 Safari/604.1"
1.157.59.13 - - [17/Oct/2021:08:05:45 +0200] "GET /templates/Pixame_v1/images/header-object.png HTTP/1.1" 200 106050 "http://www.wonder-geek.com/paris-aime-small-tray-p-18985.html" "Mozilla/5.0 (iPhone; CPU iPhone OS 13_5 like Mac OS X) AppleWebKit/605.1.15 (KHTML, like Gecko) Version/13.1.1 Mobile/15E148 Safari/604.1"
1.157.59.13 - - [17/Oct/2021:08:05:46 +0200] "GET /templates/Pixame_v1/images/Middle_texture.jpg HTTP/1.1" 200 249620 "http://www.wonder-geek.com/paris-aime-small-tray-p-18985.html" "Mozilla/5.0 (iPhone; CPU iPhone OS 13_5 like Mac OS X) AppleWebKit/605.1.15 (KHTML, like Gecko) Version/13.1.1 Mobile/15E148 Safari/604.1"
1.157.59.13 - - [17/Oct/2021:08:05:47 +0200] "GET /highslide/graphics/outlines/drop-shadow.png HTTP/1.1" 200 2022 "http://www.wonder-geek.com/paris-aime-small-tray-p-18985.html" "Mozilla/5.0 (iPhone; CPU iPhone OS 13_5 like Mac OS X) AppleWebKit/605.1.15 (KHTML, like Gecko) Version/13.1.1 Mobile/15E148 Safari/604.1"
1.157.59.13 - - [17/Oct/2021:08:05:47 +0200] "GET /favicon.ico HTTP/1.1" 200 1591 "http://www.wonder-geek.com/paris-aime-small-tray-p-18985.html" "Mozilla/5.0 (iPhone; CPU iPhone OS 13_5 like Mac OS X) AppleWebKit/605.1.15 (KHTML, like Gecko) Version/13.1.1 Mobile/15E148 Safari/604.1"
157.55.39.68 - - [17/Oct/2021:08:06:37 +0200] "GET /images/big_prod/3609810072060.jpg HTTP/1.1" 200 189893 "-" "Mozilla/5.0 (compatible; bingbot/2.0; +http://www.bing.com/bingbot.htm)"
40.77.167.5 - - [17/Oct/2021:08:06:41 +0200] "GET /images/big_prod/1341689438982.jpg HTTP/1.1" 200 139616 "-" "Mozilla/5.0 (compatible; bingbot/2.0; +http://www.bing.com/bingbot.htm)"
207.46.13.129 - - [17/Oct/2021:08:09:01 +0200] "GET /images/big_prod/35444.jpg HTTP/1.1" 200 77684 "-" "Mozilla/5.0 (compatible; bingbot/2.0; +http://www.bing.com/bingbot.htm)"
95.163.255.111 - - [17/Oct/2021:08:14:06 +0200] "GET /robots.txt HTTP/1.0" 200 2438 "-" "Mozilla/5.0 (compatible; Linux x86_64; Mail.RU_Bot/Img/2.0; +http://go.mail.ru/help/robots)"
95.163.255.129 - - [17/Oct/2021:08:14:21 +0200] "GET /images/med_prod/4012390370454.jpg HTTP/1.1" 200 92585 "http://wonder-geek.com/images/med_prod/4012390370454.jpg" "Mozilla/5.0 (compatible; Linux x86_64; Mail.RU_Bot/Img/2.0; +http://go.mail.ru/help/robots)"
207.46.13.81 - - [17/Oct/2021:08:14:39 +0200] "GET /images/3784276293287.jpg HTTP/1.1" 200 60064 "-" "Mozilla/5.0 (compatible; bingbot/2.0; +http://www.bing.com/bingbot.htm)"
66.249.64.83 - - [17/Oct/2021:08:15:20 +0200] "GET /images/mini_prod/8422044301004.jpg HTTP/1.1" 200 8371 "-" "Googlebot-Image/1.0"
87.250.224.17 - - [17/Oct/2021:08:16:58 +0200] "GET /images/1300010239773.jpg HTTP/1.1" 200 64954 "-" "Mozilla/5.0 (compatible; YandexImages/3.0; +http://yandex.com/bots)"
211.91.147.2 - - [17/Oct/2021:08:17:38 +0200] "GET /images/mini_prod/3503420096426.jpg HTTP/1.1" 200 7190 "-" "Mozilla/5.0 (X11; Ubuntu; Linux x86_64; rv:72.0) Gecko/20100101 Firefox/72.0"
157.55.39.77 - - [17/Oct/2021:08:21:47 +0200] "GET /images/5010065039780.jpg HTTP/1.1" 200 41740 "-" "Mozilla/5.0 (compatible; bingbot/2.0; +http://www.bing.com/bingbot.htm)"
211.91.147.2 - - [17/Oct/2021:08:26:37 +0200] "GET /images/mini_prod/060207_230354_PEEL_eb7VzU.jpg HTTP/1.1" 200 10490 "-" "Mozilla/5.0 (X11; Ubuntu; Linux x86_64; rv:72.0) Gecko/20100101 Firefox/72.0"
116.179.37.8 - - [17/Oct/2021:08:27:12 +0200] "GET /js/jquery.jqzoom.js HTTP/1.1" 200 4761 "http://www.wonder-geek.com/gorjuss-coaster-brought-love-p-46923.html" "Mozilla/5.0 (compatible; Baiduspider-render/2.0; +http://www.baidu.com/search/spider.html)"
116.179.37.225 - - [17/Oct/2021:08:27:12 +0200] "GET /js/jquery.js HTTP/1.1" 200 54075 "http://www.wonder-geek.com/gorjuss-coaster-brought-love-p-46923.html" "Mozilla/5.0 (compatible; Baiduspider-render/2.0; +http://www.baidu.com/search/spider.html)"
116.179.37.53 - - [17/Oct/2021:08:27:12 +0200] "GET /highslide/highslide.js HTTP/1.1" 200 42909 "http://www.wonder-geek.com/gorjuss-coaster-brought-love-p-46923.html" "Mozilla/5.0 (compatible; Baiduspider-render/2.0; +http://www.baidu.com/search/spider.html)"
116.179.37.146 - - [17/Oct/2021:08:27:12 +0200] "GET /mondial_relay/js/jquery-1.3.2.min.js HTTP/1.1" 200 57254 "http://www.wonder-geek.com/gorjuss-coaster-brought-love-p-46923.html" "Mozilla/5.0 (compatible; Baiduspider-render/2.0; +http://www.baidu.com/search/spider.html)"
40.77.167.77 - - [17/Oct/2021:08:28:07 +0200] "GET /images/mini_prod/8420327480439.jpg HTTP/1.1" 200 6620 "-" "Mozilla/5.0 (compatible; bingbot/2.0; +http://www.bing.com/bingbot.htm)"
66.249.64.84 - - [17/Oct/2021:08:28:50 +0200] "GET /images/big_prod_1/b8718375754795.jpg HTTP/1.1" 200 57656 "-" "Googlebot-Image/1.0"
40.77.167.77 - - [17/Oct/2021:08:29:38 +0200] "GET /images/med_prod/1341689287320.jpg HTTP/1.1" 200 201194 "-" "Mozilla/5.0 (compatible; bingbot/2.0; +http://www.bing.com/bingbot.htm)"
35.187.144.19 - - [17/Oct/2021:08:29:48 +0200] "GET /images/mini_prod/3608860261059.jpg HTTP/1.1" 200 5618 "https://google.com" "Mozilla/5.0 (X11; Linux i686) AppleWebKit/538.15.22 (KHTML, like Gecko) Chrome/60.0.3037.87 Safari/538.15.22"
35.187.144.19 - - [17/Oct/2021:08:30:19 +0200] "GET /images/mini_prod/3438100349892.jpg HTTP/1.1" 200 11086 "https://google.com" "Mozilla/5.0 (X11; Linux i686) AppleWebKit/538.15.22 (KHTML, like Gecko) Chrome/60.0.3037.87 Safari/538.15.22"
66.249.64.82 - - [17/Oct/2021:08:31:04 +0200] "GET /images/big_prod/8717202555536.jpg HTTP/1.1" 200 300608 "-" "Googlebot-Image/1.0"
40.77.167.77 - - [17/Oct/2021:08:32:08 +0200] "GET /images/BA996C.jpg HTTP/1.1" 200 34126 "-" "Mozilla/5.0 (compatible; bingbot/2.0; +http://www.bing.com/bingbot.htm)"
87.250.224.17 - - [17/Oct/2021:08:32:11 +0200] "GET /images/mini_prod/3453131151542.jpg HTTP/1.1" 200 5285 "-" "Mozilla/5.0 (compatible; YandexImages/3.0; +http://yandex.com/bots)"
66.249.64.84 - - [17/Oct/2021:08:34:46 +0200] "GET /images/big_prod_1/3565750355093B.jpg HTTP/1.1" 200 217995 "-" "Googlebot-Image/1.0"
66.249.64.83 - - [17/Oct/2021:08:35:31 +0200] "GET /images/big_prod_1/8422302657188a.jpg HTTP/1.1" 200 136335 "-" "Googlebot-Image/1.0"
87.250.224.17 - - [17/Oct/2021:08:35:47 +0200] "GET /images/3609810020887.jpg HTTP/1.1" 200 103473 "-" "Mozilla/5.0 (compatible; YandexImages/3.0; +http://yandex.com/bots)"
40.77.167.77 - - [17/Oct/2021:08:36:49 +0200] "GET /images/med_prod/8435306288838.jpg HTTP/1.1" 200 155144 "-" "Mozilla/5.0 (compatible; bingbot/2.0; +http://www.bing.com/bingbot.htm)"
211.91.147.2 - - [17/Oct/2021:08:37:33 +0200] "GET /images/mini_prod/5036278052187.jpg HTTP/1.1" 200 7689 "-" "Mozilla/5.0 (X11; Ubuntu; Linux x86_64; rv:72.0) Gecko/20100101 Firefox/72.0"
157.55.39.102 - - [17/Oct/2021:08:40:41 +0200] "GET /images/big_prod/3700276218624.jpg HTTP/1.1" 200 94649 "-" "Mozilla/5.0 (compatible; bingbot/2.0; +http://www.bing.com/bingbot.htm)"
40.77.167.77 - - [17/Oct/2021:08:41:19 +0200] "GET /images/big_prod/3700230606221.jpg HTTP/1.1" 200 66965 "-" "Mozilla/5.0 (compatible; bingbot/2.0; +http://www.bing.com/bingbot.htm)"
157.55.39.68 - - [17/Oct/2021:08:42:11 +0200] "GET /images/big_prod_2/4260082936802z.jpg HTTP/1.1" 200 151078 "-" "Mozilla/5.0 (compatible; bingbot/2.0; +http://www.bing.com/bingbot.htm)"
66.249.64.84 - - [17/Oct/2021:08:42:12 +0200] "GET /images/mini_prod/8422018028401.jpg HTTP/1.1" 200 5475 "-" "Googlebot-Image/1.0"
207.46.13.129 - - [17/Oct/2021:08:42:23 +0200] "GET /images/big_prod/3520071720609.jpg HTTP/1.1" 200 75468 "-" "Mozilla/5.0 (compatible; bingbot/2.0; +http://www.bing.com/bingbot.htm)"
157.55.39.102 - - [17/Oct/2021:08:43:13 +0200] "GET /images/big_prod/3701206604371.jpg HTTP/1.1" 200 305068 "-" "Mozilla/5.0 (compatible; bingbot/2.0; +http://www.bing.com/bingbot.htm)"
66.249.64.83 - - [17/Oct/2021:08:46:39 +0200] "GET /images/1399984221303.jpg HTTP/1.1" 200 40308 "-" "Googlebot-Image/1.0"
40.77.167.4 - - [17/Oct/2021:08:49:43 +0200] "GET /images/8435141362427.jpg HTTP/1.1" 200 27356 "-" "Mozilla/5.0 (compatible; bingbot/2.0; +http://www.bing.com/bingbot.htm)"
157.55.39.68 - - [17/Oct/2021:08:50:01 +0200] "GET /images/big_prod/3760116324205.jpg HTTP/1.1" 200 118674 "-" "Mozilla/5.0 (compatible; bingbot/2.0; +http://www.bing.com/bingbot.htm)"
207.46.13.81 - - [17/Oct/2021:08:50:32 +0200] "GET /images/8412906996714.jpg HTTP/1.1" 200 52736 "-" "Mozilla/5.0 (compatible; bingbot/2.0; +http://www.bing.com/bingbot.htm)"
64.246.165.150 - - [17/Oct/2021:08:52:22 +0200] "GET /robots.txt HTTP/1.0" 200 2438 "-" "Mozilla/5.0 (Macintosh; Intel Mac OS X 10.10; rv:59.0) Gecko/20100101 Firefox/59.0"
185.191.171.20 - - [17/Oct/2021:08:52:28 +0200] "GET /robots.txt HTTP/1.1" 200 2438 "-" "Mozilla/5.0 (compatible; SemrushBot/7~bl; +http://www.semrush.com/bot.html)"
207.46.13.17 - - [17/Oct/2021:08:57:04 +0200] "GET /images/mini_prod_1/1399984220450.jpg HTTP/1.1" 200 5142 "-" "Mozilla/5.0 (compatible; bingbot/2.0; +http://www.bing.com/bingbot.htm)"
66.249.64.84 - - [17/Oct/2021:08:57:47 +0200] "GET /images/big_prod_1/3014627830138a.jpg HTTP/1.1" 200 74828 "-" "Googlebot-Image/1.0"
66.249.64.82 - - [17/Oct/2021:09:00:01 +0200] "GET /images/mini_prod/8433933279564.jpg HTTP/1.1" 200 4981 "-" "Googlebot-Image/1.0"
207.46.13.81 - - [17/Oct/2021:09:02:34 +0200] "GET /images/big_prod/8011717796447.jpg HTTP/1.1" 200 141064 "-" "Mozilla/5.0 (compatible; bingbot/2.0; +http://www.bing.com/bingbot.htm)"
66.249.64.82 - - [17/Oct/2021:09:04:28 +0200] "GET /images/big_prod_1/4250255880032b.jpg HTTP/1.1" 200 48640 "-" "Googlebot-Image/1.0"
66.249.64.83 - - [17/Oct/2021:09:06:42 +0200] "GET /images/big_prod/8424001731985.jpg HTTP/1.1" 200 319915 "-" "Googlebot-Image/1.0"
66.249.64.83 - - [17/Oct/2021:09:08:55 +0200] "GET /images/big_prod_1/8424346227440B.jpg HTTP/1.1" 200 35524 "-" "Googlebot-Image/1.0"
66.249.64.84 - - [17/Oct/2021:09:11:09 +0200] "GET /images/big_prod_1/8424346524181B.jpg HTTP/1.1" 200 128044 "-" "Googlebot-Image/1.0"
211.91.147.2 - - [17/Oct/2021:09:12:18 +0200] "GET /images/mini_prod/3660173148601.jpg HTTP/1.1" 200 9291 "-" "Mozilla/5.0 (X11; Ubuntu; Linux x86_64; rv:72.0) Gecko/20100101 Firefox/72.0"
185.191.171.33 - - [17/Oct/2021:09:12:24 +0200] "GET /robots.txt HTTP/1.1" 200 2438 "-" "Mozilla/5.0 (compatible; SemrushBot/7~bl; +http://www.semrush.com/bot.html)"
87.250.224.59 - - [17/Oct/2021:09:15:02 +0200] "GET /images/med_prod/4045233015793.jpg HTTP/1.1" 200 166872 "-" "Mozilla/5.0 (compatible; YandexImages/3.0; +http://yandex.com/bots)"
66.249.64.82 - - [17/Oct/2021:09:15:36 +0200] "GET /images/mini_prod/8012052172934.jpg HTTP/1.1" 200 6312 "-" "Googlebot-Image/1.0"
157.55.39.111 - - [17/Oct/2021:09:15:45 +0200] "GET /images/med_prod/1020322275701.jpg HTTP/1.1" 200 62674 "-" "Mozilla/5.0 (compatible; bingbot/2.0; +http://www.bing.com/bingbot.htm)"
40.77.167.77 - - [17/Oct/2021:09:16:32 +0200] "GET /images/med_prod/1384010179680N.jpg HTTP/1.1" 200 164812 "-" "Mozilla/5.0 (compatible; bingbot/2.0; +http://www.bing.com/bingbot.htm)"
207.46.13.81 - - [17/Oct/2021:09:16:44 +0200] "GET /images/med_prod/5415203516114.jpg HTTP/1.1" 200 66168 "-" "Mozilla/5.0 (compatible; bingbot/2.0; +http://www.bing.com/bingbot.htm)"
66.249.64.83 - - [17/Oct/2021:09:19:05 +0200] "GET /images/big_prod/1300000010269.jpg HTTP/1.1" 200 56561 "-" "Googlebot-Image/1.0"
130.61.108.0 - - [17/Oct/2021:09:21:40 +0200] "GET /images/mini_prod/1399984270295.jpg HTTP/1.1" 200 4816 "https://google.com" "Mozilla/5.0 (X11; Linux x86_64) AppleWebKit/537.36 (KHTML, like Gecko) Chrome/65.0.3325.255 Safari/537.36"
130.61.108.0 - - [17/Oct/2021:09:21:41 +0200] "GET /images/mini_prod/8422111018088.jpg HTTP/1.1" 200 6780 "https://google.com" "Mozilla/5.0 (X11; Linux x86_64) AppleWebKit/537.36 (KHTML, like Gecko) Chrome/65.0.3325.255 Safari/537.36"
130.61.108.0 - - [17/Oct/2021:09:21:52 +0200] "GET /images/mini_prod/1399984270325.jpg HTTP/1.1" 200 5276 "https://google.com" "Mozilla/5.0 (X11; Linux x86_64) AppleWebKit/537.36 (KHTML, like Gecko) Chrome/65.0.3325.255 Safari/537.36"
207.46.13.152 - - [17/Oct/2021:09:21:56 +0200] "GET /images/med_prod/5414451289627.jpg HTTP/1.1" 200 70477 "-" "Mozilla/5.0 (compatible; bingbot/2.0; +http://www.bing.com/bingbot.htm)"
130.61.108.0 - - [17/Oct/2021:09:22:05 +0200] "GET /images/mini_prod/1399984270363.jpg HTTP/1.1" 200 4736 "https://google.com" "Mozilla/5.0 (X11; Linux x86_64) AppleWebKit/537.36 (KHTML, like Gecko) Chrome/65.0.3325.255 Safari/537.36"
130.61.108.0 - - [17/Oct/2021:09:22:16 +0200] "GET /images/mini_prod/8422111018095b2.jpg HTTP/1.1" 200 6509 "https://google.com" "Mozilla/5.0 (X11; Linux x86_64) AppleWebKit/537.36 (KHTML, like Gecko) Chrome/65.0.3325.255 Safari/537.36"
66.249.64.84 - - [17/Oct/2021:09:22:17 +0200] "GET /images/big_prod/9316188070454.jpg HTTP/1.1" 200 45952 "-" "Googlebot-Image/1.0"
130.61.108.0 - - [17/Oct/2021:09:22:20 +0200] "GET /images/mini_prod/1399984270318.jpg HTTP/1.1" 200 4913 "https://google.com" "Mozilla/5.0 (X11; Linux x86_64) AppleWebKit/537.36 (KHTML, like Gecko) Chrome/65.0.3325.255 Safari/537.36"
130.61.108.0 - - [17/Oct/2021:09:22:42 +0200] "GET /images/mini_prod/1384010190760.jpg HTTP/1.1" 200 4739 "https://google.com" "Mozilla/5.0 (X11; Linux x86_64) AppleWebKit/537.36 (KHTML, like Gecko) Chrome/65.0.3325.255 Safari/537.36"
40.77.167.4 - - [17/Oct/2021:09:24:57 +0200] "GET /images/big_prod/1384010184417.jpg HTTP/1.1" 200 74264 "-" "Mozilla/5.0 (compatible; bingbot/2.0; +http://www.bing.com/bingbot.htm)"
216.244.66.242 - - [17/Oct/2021:09:28:45 +0200] "GET /robots.txt HTTP/1.1" 200 2438 "-" "Mozilla/5.0 (compatible; DotBot/1.2; +https://opensiteexplorer.org/dotbot; help@moz.com)"
66.249.64.82 - - [17/Oct/2021:09:31:12 +0200] "GET /images/mini_prod/3453131112741.jpg HTTP/1.1" 200 9464 "-" "Googlebot-Image/1.0"
207.46.13.129 - - [17/Oct/2021:09:33:08 +0200] "GET /images/med_prod/8412906996851.jpg HTTP/1.1" 200 39674 "-" "Mozilla/5.0 (compatible; bingbot/2.0; +http://www.bing.com/bingbot.htm)"
207.46.13.81 - - [17/Oct/2021:09:33:46 +0200] "GET /images/3609080316130.jpg HTTP/1.1" 200 72262 "-" "Mozilla/5.0 (compatible; bingbot/2.0; +http://www.bing.com/bingbot.htm)"
66.249.64.82 - - [17/Oct/2021:09:37:53 +0200] "GET /images/big_prod/3453131141062.jpg HTTP/1.1" 200 102431 "-" "Googlebot-Image/1.0"
157.55.39.68 - - [17/Oct/2021:09:39:16 +0200] "GET /images/3148888888826.jpg HTTP/1.1" 200 25965 "-" "Mozilla/5.0 (compatible; bingbot/2.0; +http://www.bing.com/bingbot.htm)"
1.192.195.8 - - [17/Oct/2021:09:41:14 +0200] "GET /highslide/highslide.js HTTP/1.1" 200 42909 "http://www.wonder-geek.com/" "Mozilla/5.0 (Windows NT 10.0; Win64; x64) AppleWebKit/537.36 (KHTML, like Gecko) Chrome/85.0.4183.83 Safari/537.36"
1.192.195.5 - - [17/Oct/2021:09:41:14 +0200] "GET /templates/Pixame_v1/stylesheet.css HTTP/1.1" 200 56057 "http://www.wonder-geek.com/" "Mozilla/5.0 (Windows NT 10.0; Win64; x64) AppleWebKit/537.36 (KHTML, like Gecko) Chrome/85.0.4183.83 Safari/537.36"
1.192.195.8 - - [17/Oct/2021:09:41:14 +0200] "GET /js/jquery.jqzoom.js HTTP/1.1" 200 4761 "http://www.wonder-geek.com/" "Mozilla/5.0 (Windows NT 10.0; Win64; x64) AppleWebKit/537.36 (KHTML, like Gecko) Chrome/85.0.4183.83 Safari/537.36"
1.192.195.8 - - [17/Oct/2021:09:41:15 +0200] "GET /mondial_relay/js/jquery-1.3.2.min.js HTTP/1.1" 200 57254 "http://www.wonder-geek.com/" "Mozilla/5.0 (Windows NT 10.0; Win64; x64) AppleWebKit/537.36 (KHTML, like Gecko) Chrome/85.0.4183.83 Safari/537.36"
1.192.195.8 - - [17/Oct/2021:09:41:15 +0200] "GET /js/jquery.js HTTP/1.1" 200 54075 "http://www.wonder-geek.com/" "Mozilla/5.0 (Windows NT 10.0; Win64; x64) AppleWebKit/537.36 (KHTML, like Gecko) Chrome/85.0.4183.83 Safari/537.36"
1.192.195.5 - - [17/Oct/2021:09:41:22 +0200] "GET /js/jquery.masonry.min.js HTTP/1.1" 200 5392 "http://www.wonder-geek.com/" "Mozilla/5.0 (Windows NT 10.0; Win64; x64) AppleWebKit/537.36 (KHTML, like Gecko) Chrome/85.0.4183.83 Safari/537.36"
1.192.195.8 - - [17/Oct/2021:09:41:22 +0200] "GET /js/modernizr-transitions.js HTTP/1.1" 200 2026 "http://www.wonder-geek.com/" "Mozilla/5.0 (Windows NT 10.0; Win64; x64) AppleWebKit/537.36 (KHTML, like Gecko) Chrome/85.0.4183.83 Safari/537.36"
27.115.124.33 - - [17/Oct/2021:09:41:46 +0200] "GET /js/jquery.jqzoom.js HTTP/1.1" 200 4761 "http://www.wonder-geek.com/" "Mozilla/5.0 (Windows NT 10.0; Win64; x64) AppleWebKit/537.36 (KHTML, like Gecko) Chrome/85.0.4183.83 Safari/537.36"
27.115.124.96 - - [17/Oct/2021:09:41:46 +0200] "GET /highslide/highslide.js HTTP/1.1" 200 42909 "http://www.wonder-geek.com/" "Mozilla/5.0 (Windows NT 10.0; Win64; x64) AppleWebKit/537.36 (KHTML, like Gecko) Chrome/85.0.4183.83 Safari/537.36"
27.115.124.40 - - [17/Oct/2021:09:41:46 +0200] "GET /templates/Pixame_v1/stylesheet.css HTTP/1.1" 200 56057 "http://www.wonder-geek.com/" "Mozilla/5.0 (Windows NT 10.0; Win64; x64) AppleWebKit/537.36 (KHTML, like Gecko) Chrome/85.0.4183.83 Safari/537.36"
27.115.124.104 - - [17/Oct/2021:09:41:46 +0200] "GET /js/jquery.js HTTP/1.1" 200 54075 "http://www.wonder-geek.com/" "Mozilla/5.0 (Windows NT 10.0; Win64; x64) AppleWebKit/537.36 (KHTML, like Gecko) Chrome/85.0.4183.83 Safari/537.36"
27.115.124.67 - - [17/Oct/2021:09:41:46 +0200] "GET /mondial_relay/js/jquery-1.3.2.min.js HTTP/1.1" 200 57254 "http://www.wonder-geek.com/" "Mozilla/5.0 (Windows NT 10.0; Win64; x64) AppleWebKit/537.36 (KHTML, like Gecko) Chrome/85.0.4183.83 Safari/537.36"
27.115.124.40 - - [17/Oct/2021:09:41:52 +0200] "GET /js/modernizr-transitions.js HTTP/1.1" 200 2026 "http://www.wonder-geek.com/" "Mozilla/5.0 (Windows NT 10.0; Win64; x64) AppleWebKit/537.36 (KHTML, like Gecko) Chrome/85.0.4183.83 Safari/537.36"
27.115.124.96 - - [17/Oct/2021:09:41:52 +0200] "GET /js/jquery.masonry.min.js HTTP/1.1" 200 5392 "http://www.wonder-geek.com/" "Mozilla/5.0 (Windows NT 10.0; Win64; x64) AppleWebKit/537.36 (KHTML, like Gecko) Chrome/85.0.4183.83 Safari/537.36"
157.55.39.102 - - [17/Oct/2021:09:43:08 +0200] "GET /images/med_prod/1384010181324.jpg HTTP/1.1" 200 167834 "-" "Mozilla/5.0 (compatible; bingbot/2.0; +http://www.bing.com/bingbot.htm)"
157.55.39.111 - - [17/Oct/2021:09:43:38 +0200] "GET /images/img25631.jpg HTTP/1.1" 200 20811 "-" "Mozilla/5.0 (compatible; bingbot/2.0; +http://www.bing.com/bingbot.htm)"
66.249.64.82 - - [17/Oct/2021:09:43:57 +0200] "GET /images/mini_prod/8720512972320.jpg HTTP/1.1" 200 9767 "-" "Googlebot-Image/1.0"
211.91.147.2 - - [17/Oct/2021:09:44:39 +0200] "GET /images/mini_prod/5028486153565.jpg HTTP/1.1" 200 8764 "-" "Mozilla/5.0 (X11; Ubuntu; Linux x86_64; rv:72.0) Gecko/20100101 Firefox/72.0"
159.226.177.39 - - [17/Oct/2021:09:45:02 +0200] "GET /images/mini_prod/8424346350001.jpg HTTP/1.1" 200 12731 "-" "Mozilla/5.0 (X11; Ubuntu; Linux x86_64; rv:72.0) Gecko/20100101 Firefox/72.0"
87.250.224.17 - - [17/Oct/2021:09:48:13 +0200] "GET /robots.txt HTTP/1.1" 200 2438 "-" "Mozilla/5.0 (compatible; YandexBot/3.0; +http://yandex.com/bots)"
87.250.224.17 - - [17/Oct/2021:09:48:17 +0200] "GET /images/big_prod/1384010205402.jpg HTTP/1.1" 200 65472 "-" "Mozilla/5.0 (compatible; YandexImages/3.0; +http://yandex.com/bots)"
207.46.13.81 - - [17/Oct/2021:09:49:18 +0200] "GET /images/med_prod/5018997610176.jpg HTTP/1.1" 200 165738 "-" "Mozilla/5.0 (compatible; bingbot/2.0; +http://www.bing.com/bingbot.htm)"
211.91.147.2 - - [17/Oct/2021:09:50:01 +0200] "GET /images/mini_prod/3661611901550.jpg HTTP/1.1" 200 7714 "-" "Mozilla/5.0 (X11; Ubuntu; Linux x86_64; rv:72.0) Gecko/20100101 Firefox/72.0"
95.163.255.131 - - [17/Oct/2021:09:51:08 +0200] "GET /robots.txt HTTP/1.0" 200 2438 "-" "Mozilla/5.0 (compatible; Linux x86_64; Mail.RU_Bot/Img/2.0; +http://go.mail.ru/help/robots)"
95.163.255.140 - - [17/Oct/2021:09:51:23 +0200] "GET /images/12472.jpg HTTP/1.1" 200 28889 "http://wonder-geek.com/images/12472.jpg" "Mozilla/5.0 (compatible; Linux x86_64; Mail.RU_Bot/Img/2.0; +http://go.mail.ru/help/robots)"
157.55.39.111 - - [17/Oct/2021:09:51:29 +0200] "GET /images/big_prod/1399984231142.jpg HTTP/1.1" 200 40261 "-" "Mozilla/5.0 (compatible; bingbot/2.0; +http://www.bing.com/bingbot.htm)"
157.55.39.77 - - [17/Oct/2021:09:52:27 +0200] "GET /images/big_prod/3503420096426.jpg HTTP/1.1" 200 98847 "-" "Mozilla/5.0 (compatible; bingbot/2.0; +http://www.bing.com/bingbot.htm)"
185.191.171.42 - - [17/Oct/2021:09:52:33 +0200] "GET /robots.txt HTTP/1.1" 200 2438 "-" "Mozilla/5.0 (compatible; SemrushBot/7~bl; +http://www.semrush.com/bot.html)"
207.46.13.152 - - [17/Oct/2021:09:52:59 +0200] "GET /images/med_prod/8435306290558.jpg HTTP/1.1" 200 133936 "-" "Mozilla/5.0 (compatible; bingbot/2.0; +http://www.bing.com/bingbot.htm)"
157.55.39.77 - - [17/Oct/2021:09:54:37 +0200] "GET /images/041689210618.jpg HTTP/1.1" 200 82816 "-" "Mozilla/5.0 (compatible; bingbot/2.0; +http://www.bing.com/bingbot.htm)"
87.250.224.17 - - [17/Oct/2021:09:54:38 +0200] "GET /images/big_prod/3438100346686.jpg HTTP/1.1" 200 60006 "-" "Mozilla/5.0 (compatible; YandexImages/3.0; +http://yandex.com/bots)"
87.250.224.17 - - [17/Oct/2021:10:08:10 +0200] "GET /images/8435306231896.jpg HTTP/1.1" 200 34652 "-" "Mozilla/5.0 (compatible; YandexImages/3.0; +http://yandex.com/bots)"
66.249.64.82 - - [17/Oct/2021:10:08:49 +0200] "GET /images/mini_prod/4029811439348.jpg HTTP/1.1" 200 6322 "-" "Googlebot-Image/1.0"
207.46.13.81 - - [17/Oct/2021:10:09:30 +0200] "GET /images/med_prod/1384010179796.jpg HTTP/1.1" 200 168292 "-" "Mozilla/5.0 (compatible; bingbot/2.0; +http://www.bing.com/bingbot.htm)"
66.249.64.83 - - [17/Oct/2021:10:09:33 +0200] "GET /images/mini_prod/8422002435031.jpg HTTP/1.1" 200 7208 "-" "Googlebot-Image/1.0"
207.46.13.129 - - [17/Oct/2021:10:09:34 +0200] "GET /images/5018997514559.jpg HTTP/1.1" 200 132889 "-" "Mozilla/5.0 (compatible; bingbot/2.0; +http://www.bing.com/bingbot.htm)"
157.55.39.102 - - [17/Oct/2021:10:11:00 +0200] "GET /images/big_prod/1328399219643.jpg HTTP/1.1" 200 84923 "-" "Mozilla/5.0 (compatible; bingbot/2.0; +http://www.bing.com/bingbot.htm)"
207.46.13.152 - - [17/Oct/2021:10:11:51 +0200] "GET /images/3700235419345.jpg HTTP/1.1" 200 18327 "-" "Mozilla/5.0 (compatible; bingbot/2.0; +http://www.bing.com/bingbot.htm)"
207.46.13.17 - - [17/Oct/2021:10:12:12 +0200] "GET /images/big_prod/1491693047073.jpg HTTP/1.1" 200 152565 "-" "Mozilla/5.0 (compatible; bingbot/2.0; +http://www.bing.com/bingbot.htm)"
144.91.83.189 - - [17/Oct/2021:10:16:03 +0200] "GET /robots.txt HTTP/1.1" 200 2438 "-" "Mozilla/5.0 (compatible; MJ12bot/v1.4.8; http://mj12bot.com/)"
207.46.13.81 - - [17/Oct/2021:10:16:10 +0200] "GET /images/big_prod/8422017821218.jpg HTTP/1.1" 200 39577 "-" "Mozilla/5.0 (compatible; bingbot/2.0; +http://www.bing.com/bingbot.htm)"
216.244.66.242 - - [17/Oct/2021:10:17:01 +0200] "GET /robots.txt HTTP/1.1" 200 2438 "-" "Mozilla/5.0 (compatible; DotBot/1.2; +https://opensiteexplorer.org/dotbot; help@moz.com)"
40.77.167.77 - - [17/Oct/2021:10:21:49 +0200] "GET /images/mini_prod/3701206604289.jpg HTTP/1.1" 200 9208 "-" "Mozilla/5.0 (compatible; bingbot/2.0; +http://www.bing.com/bingbot.htm)"
157.55.39.111 - - [17/Oct/2021:10:22:52 +0200] "GET /images/big_prod_6/5404006040773a.jpg HTTP/1.1" 200 204258 "-" "Mozilla/5.0 (compatible; bingbot/2.0; +http://www.bing.com/bingbot.htm)"
157.55.39.68 - - [17/Oct/2021:10:23:00 +0200] "GET /images/big_prod/9316188078252.jpg HTTP/1.1" 200 66901 "-" "Mozilla/5.0 (compatible; bingbot/2.0; +http://www.bing.com/bingbot.htm)"
207.46.13.17 - - [17/Oct/2021:10:24:03 +0200] "GET /images/med_prod/3681643102596.jpg HTTP/1.1" 200 123728 "-" "Mozilla/5.0 (compatible; bingbot/2.0; +http://www.bing.com/bingbot.htm)"
40.77.167.77 - - [17/Oct/2021:10:25:09 +0200] "GET /images/30300.jpg HTTP/1.1" 200 29711 "-" "Mozilla/5.0 (compatible; bingbot/2.0; +http://www.bing.com/bingbot.htm)"
87.250.224.17 - - [17/Oct/2021:10:26:38 +0200] "GET /images/teeshirtblancdolcevitascooter.jpg HTTP/1.1" 200 19908 "-" "Mozilla/5.0 (compatible; YandexImages/3.0; +http://yandex.com/bots)"
40.77.167.77 - - [17/Oct/2021:10:27:09 +0200] "GET /images/big_prod/1399986103041.jpg HTTP/1.1" 200 112700 "-" "Mozilla/5.0 (compatible; bingbot/2.0; +http://www.bing.com/bingbot.htm)"
157.55.39.111 - - [17/Oct/2021:10:27:42 +0200] "GET /images/4012390358643.jpg HTTP/1.1" 200 17803 "-" "Mozilla/5.0 (compatible; bingbot/2.0; +http://www.bing.com/bingbot.htm)"
66.249.64.84 - - [17/Oct/2021:10:28:18 +0200] "GET /images/big_prod_2/4542202657140b.jpg HTTP/1.1" 200 107904 "-" "Googlebot-Image/1.0"
185.191.171.1 - - [17/Oct/2021:10:28:32 +0200] "GET /robots.txt HTTP/1.1" 200 2438 "-" "Mozilla/5.0 (compatible; SemrushBot/7~bl; +http://www.semrush.com/bot.html)"
66.249.64.84 - - [17/Oct/2021:10:31:26 +0200] "GET /images/big_prod/3700344876626.jpg HTTP/1.1" 200 188847 "-" "Googlebot-Image/1.0"
66.249.64.84 - - [17/Oct/2021:10:33:41 +0200] "GET /images/mini_prod/3503420117763.jpg HTTP/1.1" 200 8360 "-" "Googlebot-Image/1.0"
157.55.39.102 - - [17/Oct/2021:10:36:13 +0200] "GET /images/big_prod/3585190446267.jpg HTTP/1.1" 200 126374 "-" "Mozilla/5.0 (compatible; bingbot/2.0; +http://www.bing.com/bingbot.htm)"
157.55.39.77 - - [17/Oct/2021:10:36:41 +0200] "GET /images/big_prod_1/1345544973496N.jpg HTTP/1.1" 200 91752 "-" "Mozilla/5.0 (compatible; bingbot/2.0; +http://www.bing.com/bingbot.htm)"
66.249.64.83 - - [17/Oct/2021:10:37:41 +0200] "GET /images/big_prod/8424346038817.jpg HTTP/1.1" 200 52229 "-" "Googlebot-Image/1.0"
211.91.147.2 - - [17/Oct/2021:10:39:17 +0200] "GET /images/mini_prod/1384010183571BB.jpg HTTP/1.1" 200 7286 "-" "Mozilla/5.0 (X11; Ubuntu; Linux x86_64; rv:72.0) Gecko/20100101 Firefox/72.0"
87.250.224.17 - - [17/Oct/2021:10:39:24 +0200] "GET /images/5901130026753.jpg HTTP/1.1" 200 56782 "-" "Mozilla/5.0 (compatible; YandexImages/3.0; +http://yandex.com/bots)"
17.121.115.228 - - [17/Oct/2021:10:39:34 +0200] "GET /images/1399984242513.jpg HTTP/1.1" 200 126237 "-" "Mozilla/5.0 (Macintosh; Intel Mac OS X 10_15_5) AppleWebKit/605.1.15 (KHTML, like Gecko) Version/13.1.1 Safari/605.1.15 (Applebot/0.1; +http://www.apple.com/go/applebot)"
157.55.39.77 - - [17/Oct/2021:10:40:22 +0200] "GET /images/1399984252734.jpg HTTP/1.1" 200 122879 "-" "Mozilla/5.0 (compatible; bingbot/2.0; +http://www.bing.com/bingbot.htm)"
66.249.64.83 - - [17/Oct/2021:10:40:48 +0200] "GET /images/mini_prod/8422002481182.jpg HTTP/1.1" 200 11294 "-" "Googlebot-Image/1.0"
157.55.39.102 - - [17/Oct/2021:10:43:34 +0200] "GET /images/big_prod/5018997752906.jpg HTTP/1.1" 200 151464 "-" "Mozilla/5.0 (compatible; bingbot/2.0; +http://www.bing.com/bingbot.htm)"
40.77.167.4 - - [17/Oct/2021:10:47:15 +0200] "GET /images/3681643300152.jpg HTTP/1.1" 200 34587 "-" "Mozilla/5.0 (compatible; bingbot/2.0; +http://www.bing.com/bingbot.htm)"
185.191.171.22 - - [17/Oct/2021:10:52:35 +0200] "GET /robots.txt HTTP/1.1" 200 2438 "-" "Mozilla/5.0 (compatible; SemrushBot/7~bl; +http://www.semrush.com/bot.html)"
66.249.64.83 - - [17/Oct/2021:10:53:19 +0200] "GET /images/mini_prod/028399294749.jpg HTTP/1.1" 200 5682 "-" "Googlebot-Image/1.0"
157.55.39.102 - - [17/Oct/2021:10:57:24 +0200] "GET /images/5411329064317.jpg HTTP/1.1" 200 41071 "-" "Mozilla/5.0 (compatible; bingbot/2.0; +http://www.bing.com/bingbot.htm)"
157.55.39.102 - - [17/Oct/2021:10:58:15 +0200] "GET /images/big_prod/5018997753231.jpg HTTP/1.1" 200 130208 "-" "Mozilla/5.0 (compatible; bingbot/2.0; +http://www.bing.com/bingbot.htm)"
66.249.64.84 - - [17/Oct/2021:10:58:34 +0200] "GET /images/med_prod/1384010183977.jpg HTTP/1.1" 200 63622 "-" "Googlebot-Image/1.0"
40.77.167.5 - - [17/Oct/2021:10:59:06 +0200] "GET /images/4025055015526.jpg HTTP/1.1" 200 31157 "-" "Mozilla/5.0 (compatible; bingbot/2.0; +http://www.bing.com/bingbot.htm)"
87.250.224.17 - - [17/Oct/2021:11:00:10 +0200] "GET /images/big_prod/3609810052222.jpg HTTP/1.1" 200 160051 "-" "Mozilla/5.0 (compatible; YandexImages/3.0; +http://yandex.com/bots)"
207.46.13.152 - - [17/Oct/2021:11:01:36 +0200] "GET /images/mini_prod/8422010063578.jpg HTTP/1.1" 200 9094 "-" "Mozilla/5.0 (compatible; bingbot/2.0; +http://www.bing.com/bingbot.htm)"
87.250.224.17 - - [17/Oct/2021:11:02:21 +0200] "GET /images/big_prod/4036113261775.jpg HTTP/1.1" 200 90482 "-" "Mozilla/5.0 (compatible; YandexImages/3.0; +http://yandex.com/bots)"
66.249.64.82 - - [17/Oct/2021:11:02:42 +0200] "GET /images/big_prod_1/1328399219544a.jpg HTTP/1.1" 200 76267 "-" "Googlebot-Image/1.0"
216.244.66.242 - - [17/Oct/2021:11:05:25 +0200] "GET /robots.txt HTTP/1.1" 200 2438 "-" "Mozilla/5.0 (compatible; DotBot/1.2; +https://opensiteexplorer.org/dotbot; help@moz.com)"
207.46.13.17 - - [17/Oct/2021:11:05:47 +0200] "GET /images/big_prod_1/3700230606245a.jpg HTTP/1.1" 200 40148 "-" "Mozilla/5.0 (compatible; bingbot/2.0; +http://www.bing.com/bingbot.htm)"
17.121.115.199 - - [17/Oct/2021:11:07:07 +0200] "GET /images/big_prod/5018997512449.jpg HTTP/1.1" 200 98243 "-" "Mozilla/5.0 (Macintosh; Intel Mac OS X 10_15_5) AppleWebKit/605.1.15 (KHTML, like Gecko) Version/13.1.1 Safari/605.1.15 (Applebot/0.1; +http://www.apple.com/go/applebot)"
207.46.13.129 - - [17/Oct/2021:11:14:48 +0200] "GET /images/med_prod/1345544823241.jpg HTTP/1.1" 200 78867 "-" "Mozilla/5.0 (compatible; bingbot/2.0; +http://www.bing.com/bingbot.htm)"
66.249.64.82 - - [17/Oct/2021:11:15:12 +0200] "GET /images/mini_prod/3760116310499.jpg HTTP/1.1" 200 7560 "-" "Googlebot-Image/1.0"
40.77.167.77 - - [17/Oct/2021:11:16:05 +0200] "GET /images/big_prod/886767070704.jpg HTTP/1.1" 200 62777 "-" "Mozilla/5.0 (compatible; bingbot/2.0; +http://www.bing.com/bingbot.htm)"
66.249.64.82 - - [17/Oct/2021:11:18:20 +0200] "GET /images/big_prod/50180424346216482.jpg HTTP/1.1" 200 126357 "-" "Googlebot-Image/1.0"
207.46.13.129 - - [17/Oct/2021:11:20:09 +0200] "GET /images/3609810020986.jpg HTTP/1.1" 200 152852 "-" "Mozilla/5.0 (compatible; bingbot/2.0; +http://www.bing.com/bingbot.htm)"
66.249.64.83 - - [17/Oct/2021:11:21:28 +0200] "GET /images/big_prod/8433933243190.jpg HTTP/1.1" 200 488788 "-" "Googlebot-Image/1.0"
147.92.153.17 - - [17/Oct/2021:11:21:47 +0200] "GET /robots.txt HTTP/1.1" 200 2438 "-" "Mozilla/5.0 (compatible; Linespider/1.1; +https://lin.ee/4dwXkTH)"
66.249.64.82 - - [17/Oct/2021:11:23:26 +0200] "GET /images/mini_prod/3665269126013.jpg HTTP/1.1" 200 7196 "-" "Googlebot-Image/1.0"
40.77.167.77 - - [17/Oct/2021:11:25:15 +0200] "GET /images/8012052080758.jpg HTTP/1.1" 200 50767 "-" "Mozilla/5.0 (compatible; bingbot/2.0; +http://www.bing.com/bingbot.htm)"
95.163.255.120 - - [17/Oct/2021:11:27:05 +0200] "GET /robots.txt HTTP/1.0" 200 2438 "-" "Mozilla/5.0 (compatible; Linux x86_64; Mail.RU_Bot/Img/2.0; +http://go.mail.ru/help/robots)"
95.163.255.138 - - [17/Oct/2021:11:27:18 +0200] "GET /images/mini_prod/5204549037557.gif HTTP/1.1" 200 15866 "http://wonder-geek.com/images/mini_prod/5204549037557.gif" "Mozilla/5.0 (compatible; Linux x86_64; Mail.RU_Bot/Img/2.0; +http://go.mail.ru/help/robots)"
95.163.255.140 - - [17/Oct/2021:11:27:31 +0200] "GET /images/8714274565036.jpg HTTP/1.1" 200 65224 "http://wonder-geek.com/images/8714274565036.jpg" "Mozilla/5.0 (compatible; Linux x86_64; Mail.RU_Bot/Img/2.0; +http://go.mail.ru/help/robots)"
66.249.64.83 - - [17/Oct/2021:11:27:43 +0200] "GET /images/big_prod_2/4250255859212b.jpg HTTP/1.1" 200 36681 "-" "Googlebot-Image/1.0"
207.46.13.17 - - [17/Oct/2021:11:29:20 +0200] "GET /images/med_prod/3700653593085.jpg HTTP/1.1" 200 135026 "-" "Mozilla/5.0 (compatible; bingbot/2.0; +http://www.bing.com/bingbot.htm)"
157.55.39.111 - - [17/Oct/2021:11:29:28 +0200] "GET /images/35DSCN8195.jpg HTTP/1.1" 200 30416 "-" "Mozilla/5.0 (compatible; bingbot/2.0; +http://www.bing.com/bingbot.htm)"
66.249.64.82 - - [17/Oct/2021:11:30:50 +0200] "GET /images/big_prod_1/3453131144940N.jpg HTTP/1.1" 200 311268 "-" "Googlebot-Image/1.0"
66.249.64.83 - - [17/Oct/2021:11:31:37 +0200] "GET /robots.txt HTTP/1.1" 200 2438 "-" "Mozilla/5.0 (compatible; Googlebot/2.1; +http://www.google.com/bot.html)"
77.75.77.62 - - [17/Oct/2021:11:32:29 +0200] "GET /robots.txt HTTP/1.1" 200 2438 "-" "Mozilla/5.0 (compatible; SeznamBot/3.2; +http://napoveda.seznam.cz/en/seznambot-intro/)"
66.249.64.82 - - [17/Oct/2021:11:32:36 +0200] "GET /images/mini_prod/3520071788708.jpg HTTP/1.1" 200 4267 "-" "Googlebot-Image/1.0"
213.180.203.74 - - [17/Oct/2021:11:33:08 +0200] "GET /images/1328399065592.jpg HTTP/1.1" 200 94622 "-" "Mozilla/5.0 (compatible; YandexImages/3.0; +http://yandex.com/bots)"
157.55.39.111 - - [17/Oct/2021:11:33:18 +0200] "GET /images/med_prod/3014627829828.jpg HTTP/1.1" 200 47975 "-" "Mozilla/5.0 (compatible; bingbot/2.0; +http://www.bing.com/bingbot.htm)"
40.77.167.77 - - [17/Oct/2021:11:34:56 +0200] "GET /images/big_prod_1/3609810063181a.jpg HTTP/1.1" 200 181495 "-" "Mozilla/5.0 (compatible; bingbot/2.0; +http://www.bing.com/bingbot.htm)"
66.249.64.82 - - [17/Oct/2021:11:36:33 +0200] "GET /images/mini_prod/3520071822068.jpg HTTP/1.1" 200 6707 "-" "Googlebot-Image/1.0"
211.91.147.2 - - [17/Oct/2021:11:42:26 +0200] "GET /images/mini_prod/1399984257043.jpg HTTP/1.1" 200 5962 "-" "Mozilla/5.0 (X11; Ubuntu; Linux x86_64; rv:72.0) Gecko/20100101 Firefox/72.0"
