66.249.64.152 - - [10/Nov/2021:08:51:40 +0100] "GET /images/mini_prod/3520071776699.jpg HTTP/1.0" 200 269 "-" "Googlebot-Image/1.0"
185.191.171.33 - - [10/Nov/2021:08:52:08 +0100] "GET /marilyn-monroe-seven-year-itch-mirror-p-29037.html?action=add_product HTTP/1.0" 302 476 "-" "Mozilla/5.0 (compatible; SemrushBot/7~bl; +http://www.semrush.com/bot.html)"
54.36.148.38 - - [10/Nov/2021:08:52:13 +0100] "GET /cake-oilcloth-p-47360.html HTTP/1.0" 200 73254 "-" "Mozilla/5.0 (compatible; AhrefsBot/7.0; +http://ahrefs.com/robot/)"
185.191.171.11 - - [10/Nov/2021:08:52:16 +0100] "GET /melt-christmas-night-p-42620.html?action=add_product HTTP/1.0" 302 476 "-" "Mozilla/5.0 (compatible; SemrushBot/7~bl; +http://www.semrush.com/bot.html)"
185.191.171.22 - - [10/Nov/2021:08:52:33 +0100] "GET /golden-patinated-crocodile-statuette-resin-globe-p-56421.html HTTP/1.0" 200 74318 "-" "Mozilla/5.0 (compatible; SemrushBot/7~bl; +http://www.semrush.com/bot.html)"
185.191.171.3 - - [10/Nov/2021:08:52:49 +0100] "GET /despicable-backpack-p-36312.html HTTP/1.0" 301 70631 "-" "Mozilla/5.0 (compatible; SemrushBot/7~bl; +http://www.semrush.com/bot.html)"
185.191.171.23 - - [10/Nov/2021:08:52:52 +0100] "GET /-p-36312.html HTTP/1.0" 200 70564 "-" "Mozilla/5.0 (compatible; SemrushBot/7~bl; +http://www.semrush.com/bot.html)"
54.36.148.115 - - [10/Nov/2021:08:53:17 +0100] "GET /mani-lucky-cat-pastel-blue-pen-p-37340.html HTTP/1.0" 301 73406 "-" "Mozilla/5.0 (compatible; AhrefsBot/7.0; +http://ahrefs.com/robot/)"
185.191.171.23 - - [10/Nov/2021:08:53:32 +0100] "GET /psg-table-lamp-p-38021.html HTTP/1.0" 301 70631 "-" "Mozilla/5.0 (compatible; SemrushBot/7~bl; +http://www.semrush.com/bot.html)"
185.191.171.23 - - [10/Nov/2021:08:53:38 +0100] "GET /-p-38021.html HTTP/1.0" 200 70564 "-" "Mozilla/5.0 (compatible; SemrushBot/7~bl; +http://www.semrush.com/bot.html)"
17.121.114.161 - - [10/Nov/2021:08:53:48 +0100] "GET /protects-plastic-mattress-p-36800.html HTTP/1.0" 200 73389 "-" "Mozilla/5.0 (Macintosh; Intel Mac OS X 10_15_5) AppleWebKit/605.1.15 (KHTML, like Gecko) Version/13.1.1 Safari/605.1.15 (Applebot/0.1; +http://www.apple.com/go/applebot)"
131.107.1.216 - - [10/Nov/2021:08:53:55 +0100] "GET /images/mini_prod/8433933189689.jpg HTTP/1.0" 200 269 "-" "Mozilla/5.0 (X11; Ubuntu; Linux x86_64; rv:72.0) Gecko/20100101 Firefox/72.0"
51.68.224.127 - - [10/Nov/2021:08:54:02 +0100] "GET /adminweb/export_orders_xml.php?token=256de2z6edz6ed2z6DFSFsed2zed6zeDSFDSGdzedezfzf&maxorders=10&orderstart=1&status=14&start_date=2018-10-01 HTTP/1.0" 200 285 "-" "GesCom CharlotteBoutik Serveur"
51.68.224.127 - - [10/Nov/2021:08:54:02 +0100] "GET /adminweb/export_orders_xml.php?token=256de2z6edz6ed2z6DFSFsed2zed6zeDSFDSGdzedezfzf&maxorders=10&orderstart=1&status=6&start_date=2018-10-01 HTTP/1.0" 200 32471 "-" "GesCom CharlotteBoutik Serveur"
54.36.149.6 - - [10/Nov/2021:08:54:13 +0100] "GET /allen-desings-crazy-little-tray-p-55430.html HTTP/1.0" 200 74066 "-" "Mozilla/5.0 (compatible; AhrefsBot/7.0; +http://ahrefs.com/robot/)"
185.191.171.37 - - [10/Nov/2021:08:54:18 +0100] "GET /kawasaki-sugar-box-p-51154.html HTTP/1.0" 301 73942 "-" "Mozilla/5.0 (compatible; SemrushBot/7~bl; +http://www.semrush.com/bot.html)"
185.191.171.25 - - [10/Nov/2021:08:54:21 +0100] "GET /kawasaki-sugar-p-51154.html HTTP/1.0" 200 73861 "-" "Mozilla/5.0 (compatible; SemrushBot/7~bl; +http://www.semrush.com/bot.html)"
54.36.148.208 - - [10/Nov/2021:08:54:42 +0100] "GET /russian-doll-with-stars-shirt-by-cbk-p-30065.html HTTP/1.0" 301 70631 "-" "Mozilla/5.0 (compatible; AhrefsBot/7.0; +http://ahrefs.com/robot/)"
114.119.128.37 - - [10/Nov/2021:08:54:51 +0100] "GET /flower-springy-collection-gray-p-54652.html HTTP/1.0" 200 73336 "-" "Mozilla/5.0 (Linux; Android 7.0;) AppleWebKit/537.36 (KHTML, like Gecko) Mobile Safari/537.36 (compatible; PetalBot;+https://webmaster.petalsearch.com/site/petalbot)"
77.88.5.246 - - [10/Nov/2021:08:55:11 +0100] "GET /images/5018997515754.jpg HTTP/1.0" 200 259 "-" "Mozilla/5.0 (compatible; YandexImages/3.0; +http://yandex.com/bots)"
185.191.171.15 - - [10/Nov/2021:08:56:10 +0100] "GET /volkswagen-light-keychain-p-28755.html HTTP/1.0" 200 73243 "-" "Mozilla/5.0 (compatible; SemrushBot/7~bl; +http://www.semrush.com/bot.html)"
185.191.171.21 - - [10/Nov/2021:08:56:43 +0100] "GET /chocolate-brown-zippo-wallet-with-red-stitching-p-49093.html HTTP/1.0" 301 74645 "-" "Mozilla/5.0 (compatible; SemrushBot/7~bl; +http://www.semrush.com/bot.html)"
185.191.171.42 - - [10/Nov/2021:08:56:45 +0100] "GET /chocolate-brown-zippo-wallet-with-stitching-p-49093.html HTTP/1.0" 200 74535 "-" "Mozilla/5.0 (compatible; SemrushBot/7~bl; +http://www.semrush.com/bot.html)"
54.36.149.42 - - [10/Nov/2021:08:56:47 +0100] "GET /home-decoration-c-13.html?page=169 HTTP/1.0" 200 93429 "-" "Mozilla/5.0 (compatible; AhrefsBot/7.0; +http://ahrefs.com/robot/)"
77.88.5.246 - - [10/Nov/2021:08:56:54 +0100] "GET /images/5055071670404.jpg HTTP/1.0" 200 259 "-" "Mozilla/5.0 (compatible; YandexImages/3.0; +http://yandex.com/bots)"
157.55.39.73 - - [10/Nov/2021:08:56:58 +0100] "GET /images/med_prod/5036278051203.jpg HTTP/1.0" 200 268 "-" "Mozilla/5.0 (compatible; bingbot/2.0; +http://www.bing.com/bingbot.htm)"
54.36.148.93 - - [10/Nov/2021:08:57:02 +0100] "GET /set-of-psg-paris-saint-germain-water-glasses-p-46521.html HTTP/1.0" 301 74167 "-" "Mozilla/5.0 (compatible; AhrefsBot/7.0; +http://ahrefs.com/robot/)"
77.88.5.246 - - [10/Nov/2021:08:57:12 +0100] "GET /images/MISES-EN-SITUATION-STACH-07.jpg HTTP/1.0" 200 273 "-" "Mozilla/5.0 (compatible; YandexImages/3.0; +http://yandex.com/bots)"
114.119.128.37 - - [10/Nov/2021:08:57:57 +0100] "GET /images/big_prod_2/8424345293149c.jpg HTTP/1.0" 200 271 "-" "Mozilla/5.0 (Linux; Android 7.0;) AppleWebKit/537.36 (KHTML, like Gecko) Mobile Safari/537.36 (compatible; PetalBot;+https://webmaster.petalsearch.com/site/petalbot)"
54.36.148.148 - - [10/Nov/2021:08:58:37 +0100] "GET /cats-dubout-candle-holder-p-33349.html HTTP/1.0" 200 74288 "-" "Mozilla/5.0 (compatible; AhrefsBot/7.0; +http://ahrefs.com/robot/)"
185.191.171.9 - - [10/Nov/2021:08:58:42 +0100] "GET /charcoal-incense-burner-adjustable-brass-p-46807.html HTTP/1.0" 200 74144 "-" "Mozilla/5.0 (compatible; SemrushBot/7~bl; +http://www.semrush.com/bot.html)"
77.88.5.246 - - [10/Nov/2021:08:58:44 +0100] "GET /images/big_prod/8433933424278.jpg HTTP/1.0" 200 268 "-" "Mozilla/5.0 (compatible; YandexImages/3.0; +http://yandex.com/bots)"
185.191.171.9 - - [10/Nov/2021:08:58:45 +0100] "GET /wall-decoration-mandala-lotus-wooden-pastel-colors-p-46059.html?action=add_product HTTP/1.0" 302 476 "-" "Mozilla/5.0 (compatible; SemrushBot/7~bl; +http://www.semrush.com/bot.html)"
66.249.93.249 - - [10/Nov/2021:08:58:50 +0100] "GET /images/big_prod/3700281654141.jpg HTTP/1.0" 200 268 "-" "Mozilla/5.0 (Windows NT 5.1; rv:11.0) Gecko Firefox/11.0 (via ggpht.com GoogleImageProxy)"
196.2.10.39 - - [10/Nov/2021:08:59:04 +0100] "GET /canvas-frame-p-56137.html HTTP/1.0" 200 74005 "https://www.google.com/" "Mozilla/5.0 (Windows NT 6.1; Win64; x64) AppleWebKit/537.36 (KHTML, like Gecko) Chrome/95.0.4638.69 Safari/537.36"
196.2.10.39 - - [10/Nov/2021:08:59:06 +0100] "GET /js/jquery.js HTTP/1.0" 200 252 "http://www.wonder-geek.com/canvas-frame-p-56137.html" "Mozilla/5.0 (Windows NT 6.1; Win64; x64) AppleWebKit/537.36 (KHTML, like Gecko) Chrome/95.0.4638.69 Safari/537.36"
196.2.10.39 - - [10/Nov/2021:08:59:06 +0100] "GET /highslide/highslide.js HTTP/1.0" 200 262 "http://www.wonder-geek.com/canvas-frame-p-56137.html" "Mozilla/5.0 (Windows NT 6.1; Win64; x64) AppleWebKit/537.36 (KHTML, like Gecko) Chrome/95.0.4638.69 Safari/537.36"
196.2.10.39 - - [10/Nov/2021:08:59:06 +0100] "GET /templates/Pixame_v1/stylesheet.css HTTP/1.0" 200 267 "http://www.wonder-geek.com/canvas-frame-p-56137.html" "Mozilla/5.0 (Windows NT 6.1; Win64; x64) AppleWebKit/537.36 (KHTML, like Gecko) Chrome/95.0.4638.69 Safari/537.36"
196.2.10.39 - - [10/Nov/2021:08:59:09 +0100] "GET /js/jquery.jqzoom.js HTTP/1.0" 200 259 "http://www.wonder-geek.com/canvas-frame-p-56137.html" "Mozilla/5.0 (Windows NT 6.1; Win64; x64) AppleWebKit/537.36 (KHTML, like Gecko) Chrome/95.0.4638.69 Safari/537.36"
196.2.10.39 - - [10/Nov/2021:08:59:10 +0100] "GET /mondial_relay/js/jquery-1.3.2.min.js HTTP/1.0" 200 276 "http://www.wonder-geek.com/canvas-frame-p-56137.html" "Mozilla/5.0 (Windows NT 6.1; Win64; x64) AppleWebKit/537.36 (KHTML, like Gecko) Chrome/95.0.4638.69 Safari/537.36"
196.2.10.39 - - [10/Nov/2021:08:59:10 +0100] "GET /swfobject.js HTTP/1.0" 404 1308 "http://www.wonder-geek.com/canvas-frame-p-56137.html" "Mozilla/5.0 (Windows NT 6.1; Win64; x64) AppleWebKit/537.36 (KHTML, like Gecko) Chrome/95.0.4638.69 Safari/537.36"
196.2.10.39 - - [10/Nov/2021:08:59:11 +0100] "GET /templates/Pixame_v1/images/icon_accueil2.png HTTP/1.0" 200 278 "http://www.wonder-geek.com/canvas-frame-p-56137.html" "Mozilla/5.0 (Windows NT 6.1; Win64; x64) AppleWebKit/537.36 (KHTML, like Gecko) Chrome/95.0.4638.69 Safari/537.36"
196.2.10.39 - - [10/Nov/2021:08:59:12 +0100] "GET /templates/Pixame_v1/images/infobox/pixel_trans.gif HTTP/1.0" 200 328 "http://www.wonder-geek.com/canvas-frame-p-56137.html" "Mozilla/5.0 (Windows NT 6.1; Win64; x64) AppleWebKit/537.36 (KHTML, like Gecko) Chrome/95.0.4638.69 Safari/537.36"
196.2.10.39 - - [10/Nov/2021:08:59:12 +0100] "GET /swfobject.js HTTP/1.0" 404 1308 "http://www.wonder-geek.com/canvas-frame-p-56137.html" "Mozilla/5.0 (Windows NT 6.1; Win64; x64) AppleWebKit/537.36 (KHTML, like Gecko) Chrome/95.0.4638.69 Safari/537.36"
196.2.10.39 - - [10/Nov/2021:08:59:13 +0100] "GET /images/pixel_trans.gif HTTP/1.0" 200 328 "http://www.wonder-geek.com/canvas-frame-p-56137.html" "Mozilla/5.0 (Windows NT 6.1; Win64; x64) AppleWebKit/537.36 (KHTML, like Gecko) Chrome/95.0.4638.69 Safari/537.36"
196.2.10.39 - - [10/Nov/2021:08:59:15 +0100] "GET /templates/Pixame_v1/images/pixel_trans.gif HTTP/1.0" 200 328 "http://www.wonder-geek.com/canvas-frame-p-56137.html" "Mozilla/5.0 (Windows NT 6.1; Win64; x64) AppleWebKit/537.36 (KHTML, like Gecko) Chrome/95.0.4638.69 Safari/537.36"
196.2.10.39 - - [10/Nov/2021:08:59:15 +0100] "GET /templates/Pixame_v1/images/Bottom_texture.jpg HTTP/1.0" 200 280 "http://www.wonder-geek.com/templates/Pixame_v1/stylesheet.css" "Mozilla/5.0 (Windows NT 6.1; Win64; x64) AppleWebKit/537.36 (KHTML, like Gecko) Chrome/95.0.4638.69 Safari/537.36"
196.2.10.39 - - [10/Nov/2021:08:59:17 +0100] "GET /templates/Pixame_v1/images/Middle_texture.jpg HTTP/1.0" 200 280 "http://www.wonder-geek.com/templates/Pixame_v1/stylesheet.css" "Mozilla/5.0 (Windows NT 6.1; Win64; x64) AppleWebKit/537.36 (KHTML, like Gecko) Chrome/95.0.4638.69 Safari/537.36"
196.2.10.39 - - [10/Nov/2021:08:59:17 +0100] "GET /templates/Pixame_v1/images/header.png HTTP/1.0" 200 271 "http://www.wonder-geek.com/templates/Pixame_v1/stylesheet.css" "Mozilla/5.0 (Windows NT 6.1; Win64; x64) AppleWebKit/537.36 (KHTML, like Gecko) Chrome/95.0.4638.69 Safari/537.36"
157.55.39.22 - - [10/Nov/2021:08:59:17 +0100] "GET /yoda-stickers-p-15396.html HTTP/1.0" 200 70606 "-" "Mozilla/5.0 (compatible; bingbot/2.0; +http://www.bing.com/bingbot.htm)"
196.2.10.39 - - [10/Nov/2021:08:59:18 +0100] "GET /templates/Pixame_v1/images/header-object.png HTTP/1.0" 200 278 "http://www.wonder-geek.com/templates/Pixame_v1/stylesheet.css" "Mozilla/5.0 (Windows NT 6.1; Win64; x64) AppleWebKit/537.36 (KHTML, like Gecko) Chrome/95.0.4638.69 Safari/537.36"
196.2.10.39 - - [10/Nov/2021:08:59:21 +0100] "GET /images/big_prod/3700281654141.jpg HTTP/1.0" 200 268 "http://www.wonder-geek.com/canvas-frame-p-56137.html" "Mozilla/5.0 (Windows NT 6.1; Win64; x64) AppleWebKit/537.36 (KHTML, like Gecko) Chrome/95.0.4638.69 Safari/537.36"
196.2.10.39 - - [10/Nov/2021:08:59:21 +0100] "GET /highslide/graphics/zoomin.cur HTTP/1.0" 200 614 "http://www.wonder-geek.com/templates/Pixame_v1/stylesheet.css" "Mozilla/5.0 (Windows NT 6.1; Win64; x64) AppleWebKit/537.36 (KHTML, like Gecko) Chrome/95.0.4638.69 Safari/537.36"
196.2.10.39 - - [10/Nov/2021:08:59:21 +0100] "GET /templates/Pixame_v1/images/nav.png HTTP/1.0" 200 268 "http://www.wonder-geek.com/templates/Pixame_v1/stylesheet.css" "Mozilla/5.0 (Windows NT 6.1; Win64; x64) AppleWebKit/537.36 (KHTML, like Gecko) Chrome/95.0.4638.69 Safari/537.36"
196.2.10.39 - - [10/Nov/2021:08:59:23 +0100] "GET /design/productsenstock.png HTTP/1.0" 200 260 "http://www.wonder-geek.com/templates/Pixame_v1/stylesheet.css" "Mozilla/5.0 (Windows NT 6.1; Win64; x64) AppleWebKit/537.36 (KHTML, like Gecko) Chrome/95.0.4638.69 Safari/537.36"
77.88.5.38 - - [10/Nov/2021:08:59:23 +0100] "GET /images/4036113801322.jpg HTTP/1.0" 200 259 "-" "Mozilla/5.0 (compatible; YandexImages/3.0; +http://yandex.com/bots)"
196.2.10.39 - - [10/Nov/2021:08:59:23 +0100] "GET /templates/Pixame_v1/images/infobox/infobox_footer_middle.gif HTTP/1.0" 200 357 "http://www.wonder-geek.com/canvas-frame-p-56137.html" "Mozilla/5.0 (Windows NT 6.1; Win64; x64) AppleWebKit/537.36 (KHTML, like Gecko) Chrome/95.0.4638.69 Safari/537.36"
196.2.10.39 - - [10/Nov/2021:08:59:25 +0100] "GET /images/big_prod_1/3700281654141.jpg HTTP/1.0" 200 270 "http://www.wonder-geek.com/canvas-frame-p-56137.html" "Mozilla/5.0 (Windows NT 6.1; Win64; x64) AppleWebKit/537.36 (KHTML, like Gecko) Chrome/95.0.4638.69 Safari/537.36"
196.2.10.39 - - [10/Nov/2021:08:59:25 +0100] "GET /templates/Pixame_v1/images/buttons/english/button_in_cart.gif HTTP/1.0" 200 295 "http://www.wonder-geek.com/canvas-frame-p-56137.html" "Mozilla/5.0 (Windows NT 6.1; Win64; x64) AppleWebKit/537.36 (KHTML, like Gecko) Chrome/95.0.4638.69 Safari/537.36"
196.2.10.39 - - [10/Nov/2021:08:59:30 +0100] "GET /highslide/graphics/zoomout.cur HTTP/1.0" 200 614 "http://www.wonder-geek.com/canvas-frame-p-56137.html" "Mozilla/5.0 (Windows NT 6.1; Win64; x64) AppleWebKit/537.36 (KHTML, like Gecko) Chrome/95.0.4638.69 Safari/537.36"
185.191.171.22 - - [10/Nov/2021:08:59:30 +0100] "GET /desert-bloom-clock-by-allen-p-47469.html HTTP/1.0" 301 73509 "-" "Mozilla/5.0 (compatible; SemrushBot/7~bl; +http://www.semrush.com/bot.html)"
196.2.10.39 - - [10/Nov/2021:08:59:31 +0100] "GET /highslide/graphics/loader.white.gif HTTP/1.0" 200 960 "http://www.wonder-geek.com/templates/Pixame_v1/stylesheet.css" "Mozilla/5.0 (Windows NT 6.1; Win64; x64) AppleWebKit/537.36 (KHTML, like Gecko) Chrome/95.0.4638.69 Safari/537.36"
196.2.10.39 - - [10/Nov/2021:08:59:31 +0100] "GET /highslide/graphics/outlines/drop-shadow.png HTTP/1.0" 200 277 "http://www.wonder-geek.com/canvas-frame-p-56137.html" "Mozilla/5.0 (Windows NT 6.1; Win64; x64) AppleWebKit/537.36 (KHTML, like Gecko) Chrome/95.0.4638.69 Safari/537.36"
196.2.10.39 - - [10/Nov/2021:08:59:31 +0100] "GET /favicon.ico HTTP/1.0" 200 260 "http://www.wonder-geek.com/canvas-frame-p-56137.html" "Mozilla/5.0 (Windows NT 6.1; Win64; x64) AppleWebKit/537.36 (KHTML, like Gecko) Chrome/95.0.4638.69 Safari/537.36"
185.191.171.40 - - [10/Nov/2021:08:59:32 +0100] "GET /desert-bloom-clock-allen-p-47469.html HTTP/1.0" 200 73418 "-" "Mozilla/5.0 (compatible; SemrushBot/7~bl; +http://www.semrush.com/bot.html)"
185.191.171.23 - - [10/Nov/2021:08:59:35 +0100] "GET /italia-tablecloth-anti-stain-p-34997.html HTTP/1.0" 301 70631 "-" "Mozilla/5.0 (compatible; SemrushBot/7~bl; +http://www.semrush.com/bot.html)"
185.191.171.35 - - [10/Nov/2021:08:59:36 +0100] "GET /-p-34997.html HTTP/1.0" 200 70564 "-" "Mozilla/5.0 (compatible; SemrushBot/7~bl; +http://www.semrush.com/bot.html)"
144.76.120.197 - - [10/Nov/2021:09:00:09 +0100] "GET /robots.txt HTTP/1.0" 301 531 "-" "Mozilla/5.0 (compatible; MJ12bot/v1.4.8; http://mj12bot.com/)"
185.191.171.16 - - [10/Nov/2021:09:00:10 +0100] "GET /quote-cutting-board-p-51904.html?action=add_product HTTP/1.0" 302 476 "-" "Mozilla/5.0 (compatible; SemrushBot/7~bl; +http://www.semrush.com/bot.html)"
144.76.120.197 - - [10/Nov/2021:09:00:14 +0100] "GET /robots.txt HTTP/1.0" 200 245 "-" "Mozilla/5.0 (compatible; MJ12bot/v1.4.8; http://mj12bot.com/)"
144.76.120.197 - - [10/Nov/2021:09:00:21 +0100] "GET /decorations-and-furnishings/lighting/hello-kitty-led-night-light-p-11931.html HTTP/1.0" 301 665 "-" "Mozilla/5.0 (compatible; MJ12bot/v1.4.8; http://mj12bot.com/)"
144.76.120.197 - - [10/Nov/2021:09:00:26 +0100] "GET /decorations-and-furnishings/lighting/hello-kitty-led-night-light-p-11931.html HTTP/1.0" 301 70631 "-" "Mozilla/5.0 (compatible; MJ12bot/v1.4.8; http://mj12bot.com/)"
185.191.171.36 - - [10/Nov/2021:09:00:31 +0100] "GET /double-round-metal-mirror-golden-look-p-52463.html?action=add_product HTTP/1.0" 302 476 "-" "Mozilla/5.0 (compatible; SemrushBot/7~bl; +http://www.semrush.com/bot.html)"
144.76.120.197 - - [10/Nov/2021:09:00:33 +0100] "GET /-p-11931.html HTTP/1.0" 200 70564 "-" "Mozilla/5.0 (compatible; MJ12bot/v1.4.8; http://mj12bot.com/)"
144.76.120.197 - - [10/Nov/2021:09:00:38 +0100] "GET /games-and-toys/toys/baby-train-farm-janod-p-20539.html HTTP/1.0" 301 619 "-" "Mozilla/5.0 (compatible; MJ12bot/v1.4.8; http://mj12bot.com/)"
144.76.120.197 - - [10/Nov/2021:09:00:44 +0100] "GET /games-and-toys/toys/baby-train-farm-janod-p-20539.html HTTP/1.0" 301 70631 "-" "Mozilla/5.0 (compatible; MJ12bot/v1.4.8; http://mj12bot.com/)"
54.36.148.165 - - [10/Nov/2021:09:00:51 +0100] "GET /ceramic-cork-trivet-beer-capsule-p-54092.html HTTP/1.0" 200 73324 "-" "Mozilla/5.0 (compatible; AhrefsBot/7.0; +http://ahrefs.com/robot/)"
144.76.120.197 - - [10/Nov/2021:09:00:52 +0100] "GET /-p-20539.html HTTP/1.0" 200 70564 "-" "Mozilla/5.0 (compatible; MJ12bot/v1.4.8; http://mj12bot.com/)"
144.76.120.197 - - [10/Nov/2021:09:00:59 +0100] "GET /-p-11122.html HTTP/1.0" 200 70564 "-" "Mozilla/5.0 (compatible; MJ12bot/v1.4.8; http://mj12bot.com/)"
144.76.120.197 - - [10/Nov/2021:09:01:07 +0100] "GET /-p-11931.html HTTP/1.0" 200 70564 "-" "Mozilla/5.0 (compatible; MJ12bot/v1.4.8; http://mj12bot.com/)"
144.76.120.197 - - [10/Nov/2021:09:01:12 +0100] "GET /-p-21672.html HTTP/1.0" 200 70564 "-" "Mozilla/5.0 (compatible; MJ12bot/v1.4.8; http://mj12bot.com/)"
77.88.5.38 - - [10/Nov/2021:09:01:30 +0100] "GET /images/3438100331347.jpg HTTP/1.0" 200 259 "-" "Mozilla/5.0 (compatible; YandexImages/3.0; +http://yandex.com/bots)"
157.55.39.73 - - [10/Nov/2021:09:01:30 +0100] "GET /images/mini_prod/8433933198896.jpg HTTP/1.0" 200 269 "-" "Mozilla/5.0 (compatible; bingbot/2.0; +http://www.bing.com/bingbot.htm)"
144.76.120.197 - - [10/Nov/2021:09:01:21 +0100] "GET /-p-21852.html HTTP/1.0" 200 70564 "-" "Mozilla/5.0 (compatible; MJ12bot/v1.4.8; http://mj12bot.com/)"
114.119.128.26 - - [10/Nov/2021:09:01:30 +0100] "GET /wicker-basket-45-cm-p-44997.html HTTP/1.0" 301 73250 "-" "Mozilla/5.0 (Linux; Android 7.0;) AppleWebKit/537.36 (KHTML, like Gecko) Mobile Safari/537.36 (compatible; PetalBot;+https://webmaster.petalsearch.com/site/petalbot)"
114.119.128.26 - - [10/Nov/2021:09:01:34 +0100] "GET /wicker-basket-p-44997.html HTTP/1.0" 200 73170 "-" "Mozilla/5.0 (Linux; Android 7.0;) AppleWebKit/537.36 (KHTML, like Gecko) Mobile Safari/537.36 (compatible; PetalBot;+https://webmaster.petalsearch.com/site/petalbot)"
144.76.120.197 - - [10/Nov/2021:09:01:37 +0100] "GET /-p-26325.html HTTP/1.0" 200 70564 "-" "Mozilla/5.0 (compatible; MJ12bot/v1.4.8; http://mj12bot.com/)"
144.76.120.197 - - [10/Nov/2021:09:01:43 +0100] "GET /-p-26758.html HTTP/1.0" 200 70564 "-" "Mozilla/5.0 (compatible; MJ12bot/v1.4.8; http://mj12bot.com/)"
185.191.171.4 - - [10/Nov/2021:09:01:52 +0100] "GET /bravo-gnial-super-card-p-20051.html HTTP/1.0" 200 73244 "-" "Mozilla/5.0 (compatible; SemrushBot/7~bl; +http://www.semrush.com/bot.html)"
144.76.120.197 - - [10/Nov/2021:09:01:55 +0100] "GET /-p-27928.html HTTP/1.0" 200 70564 "-" "Mozilla/5.0 (compatible; MJ12bot/v1.4.8; http://mj12bot.com/)"
144.76.120.197 - - [10/Nov/2021:09:02:05 +0100] "GET /-p-28047.html HTTP/1.0" 200 70564 "-" "Mozilla/5.0 (compatible; MJ12bot/v1.4.8; http://mj12bot.com/)"
144.76.120.197 - - [10/Nov/2021:09:02:13 +0100] "GET /-p-28664.html HTTP/1.0" 200 70564 "-" "Mozilla/5.0 (compatible; MJ12bot/v1.4.8; http://mj12bot.com/)"
144.76.120.197 - - [10/Nov/2021:09:02:19 +0100] "GET /-p-30219.html HTTP/1.0" 200 70564 "-" "Mozilla/5.0 (compatible; MJ12bot/v1.4.8; http://mj12bot.com/)"
144.76.120.197 - - [10/Nov/2021:09:02:27 +0100] "GET /-p-30220.html HTTP/1.0" 200 70564 "-" "Mozilla/5.0 (compatible; MJ12bot/v1.4.8; http://mj12bot.com/)"
144.76.120.197 - - [10/Nov/2021:09:02:33 +0100] "GET /-p-30255.html HTTP/1.0" 200 70564 "-" "Mozilla/5.0 (compatible; MJ12bot/v1.4.8; http://mj12bot.com/)"
144.76.120.197 - - [10/Nov/2021:09:02:40 +0100] "GET /-p-33116.html HTTP/1.0" 200 70564 "-" "Mozilla/5.0 (compatible; MJ12bot/v1.4.8; http://mj12bot.com/)"
144.76.120.197 - - [10/Nov/2021:09:02:48 +0100] "GET /-p-33332.html HTTP/1.0" 200 70564 "-" "Mozilla/5.0 (compatible; MJ12bot/v1.4.8; http://mj12bot.com/)"
144.76.120.197 - - [10/Nov/2021:09:02:55 +0100] "GET /-p-35168.html HTTP/1.0" 200 70564 "-" "Mozilla/5.0 (compatible; MJ12bot/v1.4.8; http://mj12bot.com/)"
54.36.149.55 - - [10/Nov/2021:09:02:56 +0100] "GET /beatles-union-jack-black-cover-ipad-tablets-p-17619.html HTTP/1.0" 200 73352 "-" "Mozilla/5.0 (compatible; AhrefsBot/7.0; +http://ahrefs.com/robot/)"
144.76.120.197 - - [10/Nov/2021:09:03:02 +0100] "GET /-p-35174.html HTTP/1.0" 200 70564 "-" "Mozilla/5.0 (compatible; MJ12bot/v1.4.8; http://mj12bot.com/)"
95.217.202.215 - - [10/Nov/2021:09:03:04 +0100] "GET /dark-dudes-doggy-dude-pencil-case-p-6152.html HTTP/1.0" 200 73163 "-" "Mozilla/5.0 (compatible; Seekport Crawler; http://seekport.com/)"
144.76.120.197 - - [10/Nov/2021:09:03:10 +0100] "GET /-p-35175.html HTTP/1.0" 200 70564 "-" "Mozilla/5.0 (compatible; MJ12bot/v1.4.8; http://mj12bot.com/)"
144.76.120.197 - - [10/Nov/2021:09:03:19 +0100] "GET /-p-35187.html HTTP/1.0" 200 70564 "-" "Mozilla/5.0 (compatible; MJ12bot/v1.4.8; http://mj12bot.com/)"
144.76.120.197 - - [10/Nov/2021:09:03:23 +0100] "GET /-p-35202.html HTTP/1.0" 200 70564 "-" "Mozilla/5.0 (compatible; MJ12bot/v1.4.8; http://mj12bot.com/)"
144.76.120.197 - - [10/Nov/2021:09:03:32 +0100] "GET /-p-41084.html HTTP/1.0" 200 70564 "-" "Mozilla/5.0 (compatible; MJ12bot/v1.4.8; http://mj12bot.com/)"
144.76.120.197 - - [10/Nov/2021:09:03:39 +0100] "GET /-p-41776.html HTTP/1.0" 200 70564 "-" "Mozilla/5.0 (compatible; MJ12bot/v1.4.8; http://mj12bot.com/)"
144.76.120.197 - - [10/Nov/2021:09:03:44 +0100] "GET /-p-44906.html HTTP/1.0" 200 70564 "-" "Mozilla/5.0 (compatible; MJ12bot/v1.4.8; http://mj12bot.com/)"
144.76.120.197 - - [10/Nov/2021:09:03:51 +0100] "GET /-p-47691.html HTTP/1.0" 200 70564 "-" "Mozilla/5.0 (compatible; MJ12bot/v1.4.8; http://mj12bot.com/)"
144.76.120.197 - - [10/Nov/2021:09:04:00 +0100] "GET /-p-50922.html HTTP/1.0" 200 70564 "-" "Mozilla/5.0 (compatible; MJ12bot/v1.4.8; http://mj12bot.com/)"
54.36.148.97 - - [10/Nov/2021:09:04:06 +0100] "GET /fitted-sheet-160-200-cm-color-anise-p-38882.html HTTP/1.0" 301 70631 "-" "Mozilla/5.0 (compatible; AhrefsBot/7.0; +http://ahrefs.com/robot/)"
144.76.120.197 - - [10/Nov/2021:09:04:07 +0100] "GET /-p-7152.html HTTP/1.0" 200 70562 "-" "Mozilla/5.0 (compatible; MJ12bot/v1.4.8; http://mj12bot.com/)"
144.76.120.197 - - [10/Nov/2021:09:04:16 +0100] "GET /agusta-2012-p-30523.html HTTP/1.0" 200 70652 "-" "Mozilla/5.0 (compatible; MJ12bot/v1.4.8; http://mj12bot.com/)"
144.76.120.197 - - [10/Nov/2021:09:04:22 +0100] "GET /alarms-clocks-clocks-and-watches/alarms-clocks/avengers-alarm-clock-p-25077.html HTTP/1.0" 301 70742 "-" "Mozilla/5.0 (compatible; MJ12bot/v1.4.8; http://mj12bot.com/)"
77.88.5.246 - - [10/Nov/2021:09:04:26 +0100] "GET /images/8003990631836.jpg HTTP/1.0" 200 259 "-" "Mozilla/5.0 (compatible; YandexImages/3.0; +http://yandex.com/bots)"
144.76.120.197 - - [10/Nov/2021:09:04:27 +0100] "GET /avengers-alarm-clock-p-25077.html HTTP/1.0" 200 70655 "-" "Mozilla/5.0 (compatible; MJ12bot/v1.4.8; http://mj12bot.com/)"
185.191.171.37 - - [10/Nov/2021:09:04:33 +0100] "GET /noddy-melamine-plate-p-12431.html?action=add_product HTTP/1.0" 302 476 "-" "Mozilla/5.0 (compatible; SemrushBot/7~bl; +http://www.semrush.com/bot.html)"
49.7.20.116 - - [10/Nov/2021:09:04:37 +0100] "GET / HTTP/1.0" 200 149976 "-" "Sogou web spider/4.0(+http://www.sogou.com/docs/help/webmasters.htm#07)"
144.76.120.197 - - [10/Nov/2021:09:04:39 +0100] "GET /avengers-alarm-clock-p-25077.html HTTP/1.0" 200 70655 "-" "Mozilla/5.0 (compatible; MJ12bot/v1.4.8; http://mj12bot.com/)"
144.76.120.197 - - [10/Nov/2021:09:04:46 +0100] "GET /black-and-white-waves-tea-box-200-gr-p-50770.html HTTP/1.0" 301 74384 "-" "Mozilla/5.0 (compatible; MJ12bot/v1.4.8; http://mj12bot.com/)"
144.76.120.197 - - [10/Nov/2021:09:04:55 +0100] "GET /black-white-waves-p-50770.html HTTP/1.0" 200 74300 "-" "Mozilla/5.0 (compatible; MJ12bot/v1.4.8; http://mj12bot.com/)"
54.36.148.49 - - [10/Nov/2021:09:05:00 +0100] "GET /laissez-lucie-faire-zipped-purse-aladin-p-49013.html HTTP/1.0" 200 74084 "-" "Mozilla/5.0 (compatible; AhrefsBot/7.0; +http://ahrefs.com/robot/)"
144.76.120.197 - - [10/Nov/2021:09:05:03 +0100] "GET /black-white-waves-p-50770.html HTTP/1.0" 200 74300 "-" "Mozilla/5.0 (compatible; MJ12bot/v1.4.8; http://mj12bot.com/)"
144.76.120.197 - - [10/Nov/2021:09:05:14 +0100] "GET /buddha-decorative-statue-185-cm-p-50765.html HTTP/1.0" 301 70757 "-" "Mozilla/5.0 (compatible; MJ12bot/v1.4.8; http://mj12bot.com/)"
144.76.120.197 - - [10/Nov/2021:09:05:20 +0100] "GET /buddha-decorative-statue-p-50765.html HTTP/1.0" 200 70666 "-" "Mozilla/5.0 (compatible; MJ12bot/v1.4.8; http://mj12bot.com/)"
144.76.120.197 - - [10/Nov/2021:09:05:26 +0100] "GET /buddha-decorative-statue-p-50765.html HTTP/1.0" 200 70666 "-" "Mozilla/5.0 (compatible; MJ12bot/v1.4.8; http://mj12bot.com/)"
144.76.120.197 - - [10/Nov/2021:09:05:32 +0100] "GET /bunny-grey-night-light-p-50820.html HTTP/1.0" 200 70642 "-" "Mozilla/5.0 (compatible; MJ12bot/v1.4.8; http://mj12bot.com/)"
144.76.120.197 - - [10/Nov/2021:09:05:39 +0100] "GET /bunny-night-light-p-50820.html HTTP/1.0" 301 70731 "-" "Mozilla/5.0 (compatible; MJ12bot/v1.4.8; http://mj12bot.com/)"
144.76.120.197 - - [10/Nov/2021:09:05:44 +0100] "GET /bunny-grey-night-light-p-50820.html HTTP/1.0" 200 70642 "-" "Mozilla/5.0 (compatible; MJ12bot/v1.4.8; http://mj12bot.com/)"
185.191.171.34 - - [10/Nov/2021:09:05:51 +0100] "GET /sacha-hammered-ceramic-cover-grey-p-55336.html HTTP/1.0" 200 74048 "-" "Mozilla/5.0 (compatible; SemrushBot/7~bl; +http://www.semrush.com/bot.html)"
144.76.120.197 - - [10/Nov/2021:09:05:51 +0100] "GET /bunny-nightlight-pink-p-55357.html HTTP/1.0" 200 74235 "-" "Mozilla/5.0 (compatible; MJ12bot/v1.4.8; http://mj12bot.com/)"
144.76.120.197 - - [10/Nov/2021:09:05:57 +0100] "GET /cbkreation-quote-p-35123.html HTTP/1.0" 200 73222 "-" "Mozilla/5.0 (compatible; MJ12bot/v1.4.8; http://mj12bot.com/)"
144.76.120.197 - - [10/Nov/2021:09:06:05 +0100] "GET /cement-tile-stickers-15-15-cm-p-51625.html HTTP/1.0" 301 73599 "-" "Mozilla/5.0 (compatible; MJ12bot/v1.4.8; http://mj12bot.com/)"
144.76.120.197 - - [10/Nov/2021:09:06:12 +0100] "GET /cement-tile-stickers-p-51625.html HTTP/1.0" 200 73512 "-" "Mozilla/5.0 (compatible; MJ12bot/v1.4.8; http://mj12bot.com/)"
144.76.120.197 - - [10/Nov/2021:09:06:16 +0100] "GET /cement-tile-stickers-p-51625.html HTTP/1.0" 200 73512 "-" "Mozilla/5.0 (compatible; MJ12bot/v1.4.8; http://mj12bot.com/)"
144.76.120.197 - - [10/Nov/2021:09:06:22 +0100] "GET /charline-lampshade-p-51598.html HTTP/1.0" 200 74003 "-" "Mozilla/5.0 (compatible; MJ12bot/v1.4.8; http://mj12bot.com/)"
144.76.120.197 - - [10/Nov/2021:09:06:30 +0100] "GET /cotton-floor-cushion-tiksi-40-40-30-cm-p-52934.html HTTP/1.0" 301 74273 "-" "Mozilla/5.0 (compatible; MJ12bot/v1.4.8; http://mj12bot.com/)"
144.76.120.197 - - [10/Nov/2021:09:06:38 +0100] "GET /cotton-floor-cushion-tiksi-p-52934.html HTTP/1.0" 200 74180 "-" "Mozilla/5.0 (compatible; MJ12bot/v1.4.8; http://mj12bot.com/)"
144.76.120.197 - - [10/Nov/2021:09:06:44 +0100] "GET /cotton-floor-cushion-tiksi-p-52934.html HTTP/1.0" 200 74180 "-" "Mozilla/5.0 (compatible; MJ12bot/v1.4.8; http://mj12bot.com/)"
144.76.120.197 - - [10/Nov/2021:09:06:50 +0100] "GET /decorations-and-furnishings/lighting/hello-kitty-led-night-light-p-11931.html HTTP/1.0" 301 70631 "-" "Mozilla/5.0 (compatible; MJ12bot/v1.4.8; http://mj12bot.com/)"
144.76.120.197 - - [10/Nov/2021:09:06:58 +0100] "GET /-p-11931.html HTTP/1.0" 200 70564 "-" "Mozilla/5.0 (compatible; MJ12bot/v1.4.8; http://mj12bot.com/)"
144.76.120.197 - - [10/Nov/2021:09:07:03 +0100] "GET /delia-bedclothes-p-50788.html HTTP/1.0" 200 74521 "-" "Mozilla/5.0 (compatible; MJ12bot/v1.4.8; http://mj12bot.com/)"
144.76.120.197 - - [10/Nov/2021:09:07:10 +0100] "GET /dinosaur-nightlight-green-p-55363.html HTTP/1.0" 200 74497 "-" "Mozilla/5.0 (compatible; MJ12bot/v1.4.8; http://mj12bot.com/)"
147.92.153.10 - - [10/Nov/2021:09:07:18 +0100] "GET /lotus-mobile-wood-metal-p-56720.html HTTP/1.0" 200 74170 "-" "Mozilla/5.0 (compatible; Linespider/1.1; +https://lin.ee/4dwXkTH)"
144.76.120.197 - - [10/Nov/2021:09:07:19 +0100] "GET /dragon-ball-goku-freezer-p-30217.html HTTP/1.0" 200 70702 "-" "Mozilla/5.0 (compatible; MJ12bot/v1.4.8; http://mj12bot.com/)"
54.36.148.175 - - [10/Nov/2021:09:07:20 +0100] "GET /playboy-stripe-metal-keyring-p-16456.html HTTP/1.0" 200 73210 "-" "Mozilla/5.0 (compatible; AhrefsBot/7.0; +http://ahrefs.com/robot/)"
144.76.120.197 - - [10/Nov/2021:09:07:24 +0100] "GET /favourite-friends-puppy-kids-school-backpack-p-36204.html HTTP/1.0" 200 70736 "-" "Mozilla/5.0 (compatible; MJ12bot/v1.4.8; http://mj12bot.com/)"
144.76.120.197 - - [10/Nov/2021:09:07:31 +0100] "GET /favourite-friends-puppy-kids-school-backpack-p-41086.html HTTP/1.0" 200 73500 "-" "Mozilla/5.0 (compatible; MJ12bot/v1.4.8; http://mj12bot.com/)"
185.191.171.18 - - [10/Nov/2021:09:07:35 +0100] "GET /canvas-frame-cherche-bonheur-p-39223.html?action=add_product HTTP/1.0" 302 476 "-" "Mozilla/5.0 (compatible; SemrushBot/7~bl; +http://www.semrush.com/bot.html)"
144.76.120.197 - - [10/Nov/2021:09:07:39 +0100] "GET /fff-bowl-p-50785.html HTTP/1.0" 301 73714 "-" "Mozilla/5.0 (compatible; MJ12bot/v1.4.8; http://mj12bot.com/)"
144.76.120.197 - - [10/Nov/2021:09:07:45 +0100] "GET /bowl-p-50785.html HTTP/1.0" 200 73643 "-" "Mozilla/5.0 (compatible; MJ12bot/v1.4.8; http://mj12bot.com/)"
144.76.120.197 - - [10/Nov/2021:09:07:53 +0100] "GET /first-heli-station-p-34985.html HTTP/1.0" 200 70654 "-" "Mozilla/5.0 (compatible; MJ12bot/v1.4.8; http://mj12bot.com/)"
144.76.120.197 - - [10/Nov/2021:09:07:57 +0100] "GET /flowers-boho-p-50798.html HTTP/1.0" 200 73804 "-" "Mozilla/5.0 (compatible; MJ12bot/v1.4.8; http://mj12bot.com/)"
144.76.120.197 - - [10/Nov/2021:09:08:04 +0100] "GET /games-and-toys/figures/hello-kitty-aloha-figure-p-11122.html HTTP/1.0" 301 70631 "-" "Mozilla/5.0 (compatible; MJ12bot/v1.4.8; http://mj12bot.com/)"
144.76.120.197 - - [10/Nov/2021:09:08:10 +0100] "GET /-p-11122.html HTTP/1.0" 200 70564 "-" "Mozilla/5.0 (compatible; MJ12bot/v1.4.8; http://mj12bot.com/)"
51.91.7.5 - - [10/Nov/2021:09:08:13 +0100] "GET /js HTTP/1.0" 301 515 "-" "Mozilla/5.0 (X11; Ubuntu; Linux i686; rv:28.0) Gecko/20100101 Firefox/72.0"
51.91.7.5 - - [10/Nov/2021:09:08:13 +0100] "GET /js HTTP/1.0" 301 521 "-" "Mozilla/5.0 (X11; Ubuntu; Linux i686; rv:28.0) Gecko/20100101 Firefox/72.0"
51.91.7.5 - - [10/Nov/2021:09:08:13 +0100] "GET /js/ HTTP/1.0" 403 1307 "-" "Mozilla/5.0 (X11; Ubuntu; Linux i686; rv:28.0) Gecko/20100101 Firefox/72.0"
51.91.7.5 - - [10/Nov/2021:09:08:13 +0100] "GET / HTTP/1.0" 301 511 "-" "Mozilla/5.0 (X11; Ubuntu; Linux i686; rv:28.0) Gecko/20100101 Firefox/72.0"
51.91.7.5 - - [10/Nov/2021:09:08:13 +0100] "GET / HTTP/1.0" 200 150150 "-" "Mozilla/5.0 (X11; Ubuntu; Linux i686; rv:28.0) Gecko/20100101 Firefox/72.0"
51.91.7.5 - - [10/Nov/2021:09:08:13 +0100] "GET /downloader HTTP/1.0" 301 531 "-" "Mozilla/5.0 (X11; Ubuntu; Linux i686; rv:28.0) Gecko/20100101 Firefox/72.0"
51.91.7.5 - - [10/Nov/2021:09:08:13 +0100] "GET /downloader HTTP/1.0" 404 1308 "-" "Mozilla/5.0 (X11; Ubuntu; Linux i686; rv:28.0) Gecko/20100101 Firefox/72.0"
51.91.7.5 - - [10/Nov/2021:09:08:13 +0100] "GET /shop HTTP/1.0" 301 519 "-" "Mozilla/5.0 (X11; Ubuntu; Linux i686; rv:28.0) Gecko/20100101 Firefox/72.0"
51.91.7.5 - - [10/Nov/2021:09:08:13 +0100] "GET /shop HTTP/1.0" 404 1308 "-" "Mozilla/5.0 (X11; Ubuntu; Linux i686; rv:28.0) Gecko/20100101 Firefox/72.0"
51.91.7.5 - - [10/Nov/2021:09:08:13 +0100] "GET /store HTTP/1.0" 301 521 "-" "Mozilla/5.0 (X11; Ubuntu; Linux i686; rv:28.0) Gecko/20100101 Firefox/72.0"
51.91.7.5 - - [10/Nov/2021:09:08:13 +0100] "GET /store HTTP/1.0" 404 1308 "-" "Mozilla/5.0 (X11; Ubuntu; Linux i686; rv:28.0) Gecko/20100101 Firefox/72.0"
144.76.120.197 - - [10/Nov/2021:09:08:16 +0100] "GET /games-and-toys/toys/baby-train-farm-janod-p-20539.html HTTP/1.0" 301 70631 "-" "Mozilla/5.0 (compatible; MJ12bot/v1.4.8; http://mj12bot.com/)"
144.76.120.197 - - [10/Nov/2021:09:08:23 +0100] "GET /-p-20539.html HTTP/1.0" 200 70564 "-" "Mozilla/5.0 (compatible; MJ12bot/v1.4.8; http://mj12bot.com/)"
185.191.171.5 - - [10/Nov/2021:09:08:29 +0100] "GET /isothermic-stainless-steel-bottle-cbkreation-p-54161.html HTTP/1.0" 200 74066 "-" "Mozilla/5.0 (compatible; SemrushBot/7~bl; +http://www.semrush.com/bot.html)"
144.76.120.197 - - [10/Nov/2021:09:08:29 +0100] "GET /giraffe-statuette-38-cm-p-52881.html HTTP/1.0" 301 73320 "-" "Mozilla/5.0 (compatible; MJ12bot/v1.4.8; http://mj12bot.com/)"
114.119.128.26 - - [10/Nov/2021:09:08:34 +0100] "GET /bmw-large-metal-plate-deco-p-31680.html HTTP/1.0" 301 73327 "-" "Mozilla/5.0 (Linux; Android 7.0;) AppleWebKit/537.36 (KHTML, like Gecko) Mobile Safari/537.36 (compatible; PetalBot;+https://webmaster.petalsearch.com/site/petalbot)"
144.76.120.197 - - [10/Nov/2021:09:08:35 +0100] "GET /giraffe-statuette-p-52881.html HTTP/1.0" 200 73236 "-" "Mozilla/5.0 (compatible; MJ12bot/v1.4.8; http://mj12bot.com/)"
114.119.128.26 - - [10/Nov/2021:09:08:36 +0100] "GET /large-metal-plate-deco-p-31680.html HTTP/1.0" 200 73238 "-" "Mozilla/5.0 (Linux; Android 7.0;) AppleWebKit/537.36 (KHTML, like Gecko) Mobile Safari/537.36 (compatible; PetalBot;+https://webmaster.petalsearch.com/site/petalbot)"
144.76.120.197 - - [10/Nov/2021:09:08:42 +0100] "GET /giraffe-statuette-p-52881.html HTTP/1.0" 200 73236 "-" "Mozilla/5.0 (compatible; MJ12bot/v1.4.8; http://mj12bot.com/)"
144.76.120.197 - - [10/Nov/2021:09:08:48 +0100] "GET /happy-hobo-p-5336.html HTTP/1.0" 200 73411 "-" "Mozilla/5.0 (compatible; MJ12bot/v1.4.8; http://mj12bot.com/)"
54.36.148.83 - - [10/Nov/2021:09:08:55 +0100] "GET /kids-school-bag-c-31_80.html?page=1 HTTP/1.0" 301 90745 "-" "Mozilla/5.0 (compatible; AhrefsBot/7.0; +http://ahrefs.com/robot/)"
144.76.120.197 - - [10/Nov/2021:09:08:58 +0100] "GET /hello-kitty-led-night-p-11931.html HTTP/1.0" 301 70631 "-" "Mozilla/5.0 (compatible; MJ12bot/v1.4.8; http://mj12bot.com/)"
144.76.120.197 - - [10/Nov/2021:09:09:06 +0100] "GET /-p-11931.html HTTP/1.0" 200 70564 "-" "Mozilla/5.0 (compatible; MJ12bot/v1.4.8; http://mj12bot.com/)"
144.76.120.197 - - [10/Nov/2021:09:09:14 +0100] "GET /jamaica-mouse-p-19554.html HTTP/1.0" 200 73247 "-" "Mozilla/5.0 (compatible; MJ12bot/v1.4.8; http://mj12bot.com/)"
144.76.120.197 - - [10/Nov/2021:09:09:19 +0100] "GET /jamaica-mouse-pad-p-19554.html HTTP/1.0" 301 73327 "-" "Mozilla/5.0 (compatible; MJ12bot/v1.4.8; http://mj12bot.com/)"
54.36.149.16 - - [10/Nov/2021:09:09:24 +0100] "GET /water-bottles-sport-bottles-c-12_161.html?page=1 HTTP/1.0" 200 92915 "-" "Mozilla/5.0 (compatible; AhrefsBot/7.0; +http://ahrefs.com/robot/)"
144.76.120.197 - - [10/Nov/2021:09:09:25 +0100] "GET /jamaica-mouse-p-19554.html HTTP/1.0" 200 73247 "-" "Mozilla/5.0 (compatible; MJ12bot/v1.4.8; http://mj12bot.com/)"
185.191.171.25 - - [10/Nov/2021:09:09:26 +0100] "GET /chakras-hanging-banner-p-56158.html HTTP/1.0" 200 73916 "-" "Mozilla/5.0 (compatible; SemrushBot/7~bl; +http://www.semrush.com/bot.html)"
144.76.120.197 - - [10/Nov/2021:09:09:30 +0100] "GET /lady-cover-p-24674.html HTTP/1.0" 200 72954 "-" "Mozilla/5.0 (compatible; MJ12bot/v1.4.8; http://mj12bot.com/)"
144.76.120.197 - - [10/Nov/2021:09:09:38 +0100] "GET /lady-good-advice-prayer-candle-novena-p-51643.html HTTP/1.0" 200 74106 "-" "Mozilla/5.0 (compatible; MJ12bot/v1.4.8; http://mj12bot.com/)"
144.76.120.197 - - [10/Nov/2021:09:09:45 +0100] "GET /little-geisha-p-50776.html HTTP/1.0" 200 74198 "-" "Mozilla/5.0 (compatible; MJ12bot/v1.4.8; http://mj12bot.com/)"
185.191.171.12 - - [10/Nov/2021:09:09:47 +0100] "GET /olivia-paris-cosmetic-p-16805.html?action=add_product HTTP/1.0" 302 476 "-" "Mozilla/5.0 (compatible; SemrushBot/7~bl; +http://www.semrush.com/bot.html)"
144.76.120.197 - - [10/Nov/2021:09:09:51 +0100] "GET /little-geisha-p-50777.html HTTP/1.0" 200 74478 "-" "Mozilla/5.0 (compatible; MJ12bot/v1.4.8; http://mj12bot.com/)"
144.76.120.197 - - [10/Nov/2021:09:09:58 +0100] "GET /little-geisha-p-50780.html HTTP/1.0" 200 75087 "-" "Mozilla/5.0 (compatible; MJ12bot/v1.4.8; http://mj12bot.com/)"
144.76.120.197 - - [10/Nov/2021:09:10:04 +0100] "GET /little-geisha-tea-box-100-p-50780.html HTTP/1.0" 301 75167 "-" "Mozilla/5.0 (compatible; MJ12bot/v1.4.8; http://mj12bot.com/)"
144.76.120.197 - - [10/Nov/2021:09:10:09 +0100] "GET /little-geisha-p-50780.html HTTP/1.0" 200 75087 "-" "Mozilla/5.0 (compatible; MJ12bot/v1.4.8; http://mj12bot.com/)"
144.76.120.197 - - [10/Nov/2021:09:10:14 +0100] "GET /little-geisha-tea-box-150-p-50776.html HTTP/1.0" 301 74278 "-" "Mozilla/5.0 (compatible; MJ12bot/v1.4.8; http://mj12bot.com/)"
144.76.120.197 - - [10/Nov/2021:09:10:24 +0100] "GET /little-geisha-p-50776.html HTTP/1.0" 200 74198 "-" "Mozilla/5.0 (compatible; MJ12bot/v1.4.8; http://mj12bot.com/)"
144.76.120.197 - - [10/Nov/2021:09:10:30 +0100] "GET /little-geisha-tea-box-150-p-50777.html HTTP/1.0" 301 74558 "-" "Mozilla/5.0 (compatible; MJ12bot/v1.4.8; http://mj12bot.com/)"
51.68.224.127 - - [10/Nov/2021:09:10:34 +0100] "GET /adminweb/export_orders_xml.php?token=256de2z6edz6ed2z6DFSFsed2zed6zeDSFDSGdzedezfzf&maxorders=10&orderstart=1&status=14&start_date=2018-10-01 HTTP/1.0" 200 285 "-" "GesCom CharlotteBoutik Serveur"
51.68.224.127 - - [10/Nov/2021:09:10:34 +0100] "GET /adminweb/export_orders_xml.php?token=256de2z6edz6ed2z6DFSFsed2zed6zeDSFDSGdzedezfzf&maxorders=10&orderstart=1&status=6&start_date=2018-10-01 HTTP/1.0" 200 32471 "-" "GesCom CharlotteBoutik Serveur"
144.76.120.197 - - [10/Nov/2021:09:10:36 +0100] "GET /little-geisha-p-50777.html HTTP/1.0" 200 74478 "-" "Mozilla/5.0 (compatible; MJ12bot/v1.4.8; http://mj12bot.com/)"
185.191.171.5 - - [10/Nov/2021:09:10:38 +0100] "GET /citroen-metal-plate-postcard-p-15155.html HTTP/1.0" 200 73291 "-" "Mozilla/5.0 (compatible; SemrushBot/7~bl; +http://www.semrush.com/bot.html)"
144.76.120.197 - - [10/Nov/2021:09:10:44 +0100] "GET /little-pony-mini-glitter-shake-shine-p-31922.html HTTP/1.0" 200 73714 "-" "Mozilla/5.0 (compatible; MJ12bot/v1.4.8; http://mj12bot.com/)"
144.76.120.197 - - [10/Nov/2021:09:10:51 +0100] "GET /little-pony-mini-glitter-shake-shine-p-31924.html HTTP/1.0" 200 70720 "-" "Mozilla/5.0 (compatible; MJ12bot/v1.4.8; http://mj12bot.com/)"
144.76.120.197 - - [10/Nov/2021:09:10:59 +0100] "GET /longboard-decorative-surfboard-light-bleu-background-p-50792.html HTTP/1.0" 200 70768 "-" "Mozilla/5.0 (compatible; MJ12bot/v1.4.8; http://mj12bot.com/)"
144.76.120.197 - - [10/Nov/2021:09:11:05 +0100] "GET /longboard-decorative-surfboard-on-light-bleu-background-p-50792.html HTTP/1.0" 301 70887 "-" "Mozilla/5.0 (compatible; MJ12bot/v1.4.8; http://mj12bot.com/)"
185.191.171.5 - - [10/Nov/2021:09:11:07 +0100] "GET /petit-beurre-placemat-p-28607.html HTTP/1.0" 200 73149 "-" "Mozilla/5.0 (compatible; SemrushBot/7~bl; +http://www.semrush.com/bot.html)"
185.191.171.18 - - [10/Nov/2021:09:11:09 +0100] "GET /dubout-cats-pouch-p-32244.html HTTP/1.0" 200 73272 "-" "Mozilla/5.0 (compatible; SemrushBot/7~bl; +http://www.semrush.com/bot.html)"
144.76.120.197 - - [10/Nov/2021:09:11:15 +0100] "GET /longboard-decorative-surfboard-light-bleu-background-p-50792.html HTTP/1.0" 200 70768 "-" "Mozilla/5.0 (compatible; MJ12bot/v1.4.8; http://mj12bot.com/)"
17.121.112.187 - - [10/Nov/2021:09:11:20 +0100] "GET /coca-cola-cherry-coke-pink-shirt-p-30045.html HTTP/1.0" 200 74462 "-" "Mozilla/5.0 (Macintosh; Intel Mac OS X 10_15_5) AppleWebKit/605.1.15 (KHTML, like Gecko) Version/13.1.1 Safari/605.1.15 (Applebot/0.1; +http://www.apple.com/go/applebot)"
144.76.120.197 - - [10/Nov/2021:09:11:23 +0100] "GET /meditation-cushion-organic-cotton-p-52924.html HTTP/1.0" 200 74145 "-" "Mozilla/5.0 (compatible; MJ12bot/v1.4.8; http://mj12bot.com/)"
144.76.120.197 - - [10/Nov/2021:09:11:30 +0100] "GET /mickey-p-43187.html HTTP/1.0" 200 70639 "-" "Mozilla/5.0 (compatible; MJ12bot/v1.4.8; http://mj12bot.com/)"
54.36.148.226 - - [10/Nov/2021:09:11:36 +0100] "GET /lighting-c-13_86.html?page=7 HTTP/1.0" 200 91878 "-" "Mozilla/5.0 (compatible; AhrefsBot/7.0; +http://ahrefs.com/robot/)"
144.76.120.197 - - [10/Nov/2021:09:11:38 +0100] "GET /mister-men-pencil-box-p-7152.html HTTP/1.0" 301 70628 "-" "Mozilla/5.0 (compatible; MJ12bot/v1.4.8; http://mj12bot.com/)"
77.88.5.38 - - [10/Nov/2021:09:11:45 +0100] "GET /images/3609080316130.jpg HTTP/1.0" 200 259 "-" "Mozilla/5.0 (compatible; YandexImages/3.0; +http://yandex.com/bots)"
144.76.120.197 - - [10/Nov/2021:09:11:45 +0100] "GET /-p-7152.html HTTP/1.0" 200 70562 "-" "Mozilla/5.0 (compatible; MJ12bot/v1.4.8; http://mj12bot.com/)"
17.121.113.36 - - [10/Nov/2021:09:11:50 +0100] "GET /blue-coat-rack-dream-catcher-wooden-hooks-p-50573.html HTTP/1.0" 200 74002 "-" "Mozilla/5.0 (Macintosh; Intel Mac OS X 10_15_5) AppleWebKit/605.1.15 (KHTML, like Gecko) Version/13.1.1 Safari/605.1.15 (Applebot/0.1; +http://www.apple.com/go/applebot)"
144.76.120.197 - - [10/Nov/2021:09:11:52 +0100] "GET /mister-men-pink-round-pencil-case-p-20517.html HTTP/1.0" 301 73372 "-" "Mozilla/5.0 (compatible; MJ12bot/v1.4.8; http://mj12bot.com/)"
185.191.171.10 - - [10/Nov/2021:09:11:55 +0100] "GET /votive-candle-hours-paradise-sunset-p-39902.html?action=add_product HTTP/1.0" 302 476 "-" "Mozilla/5.0 (compatible; SemrushBot/7~bl; +http://www.semrush.com/bot.html)"
144.76.120.197 - - [10/Nov/2021:09:12:03 +0100] "GET /mister-pink-round-pencil-case-p-20517.html HTTP/1.0" 200 73276 "-" "Mozilla/5.0 (compatible; MJ12bot/v1.4.8; http://mj12bot.com/)"
144.76.120.197 - - [10/Nov/2021:09:12:10 +0100] "GET /mister-pink-round-pencil-case-p-20517.html HTTP/1.0" 200 73276 "-" "Mozilla/5.0 (compatible; MJ12bot/v1.4.8; http://mj12bot.com/)"
157.55.39.69 - - [10/Nov/2021:09:12:14 +0100] "GET /-p-13089.html HTTP/1.0" 200 70564 "-" "Mozilla/5.0 (compatible; bingbot/2.0; +http://www.bing.com/bingbot.htm)"
144.76.120.197 - - [10/Nov/2021:09:12:20 +0100] "GET /model-assemble-paint-porsche-turbo-p-21597.html HTTP/1.0" 200 70770 "-" "Mozilla/5.0 (compatible; MJ12bot/v1.4.8; http://mj12bot.com/)"
131.107.1.216 - - [10/Nov/2021:09:12:20 +0100] "GET /images/mini_prod/8435333853245.jpg HTTP/1.0" 200 269 "-" "Mozilla/5.0 (X11; Ubuntu; Linux x86_64; rv:72.0) Gecko/20100101 Firefox/72.0"
185.191.171.9 - - [10/Nov/2021:09:12:23 +0100] "GET /incense-stick-holder-ohm-p-35505.html HTTP/1.0" 301 74845 "-" "Mozilla/5.0 (compatible; SemrushBot/7~bl; +http://www.semrush.com/bot.html)"
144.76.120.197 - - [10/Nov/2021:09:12:24 +0100] "GET /model-assemble-paint-renault-p-21671.html HTTP/1.0" 200 70743 "-" "Mozilla/5.0 (compatible; MJ12bot/v1.4.8; http://mj12bot.com/)"
185.191.171.11 - - [10/Nov/2021:09:12:25 +0100] "GET /incense-stick-holder-p-35505.html HTTP/1.0" 200 74758 "-" "Mozilla/5.0 (compatible; SemrushBot/7~bl; +http://www.semrush.com/bot.html)"
144.76.120.197 - - [10/Nov/2021:09:12:33 +0100] "GET /model-assemble-paint-renault-turbo-p-21599.html HTTP/1.0" 200 70755 "-" "Mozilla/5.0 (compatible; MJ12bot/v1.4.8; http://mj12bot.com/)"
144.76.120.197 - - [10/Nov/2021:09:12:40 +0100] "GET /model-to-assemble-and-paint-porsche-934-rsr-turbo-p-21597.html HTTP/1.0" 301 70871 "-" "Mozilla/5.0 (compatible; MJ12bot/v1.4.8; http://mj12bot.com/)"
144.76.120.197 - - [10/Nov/2021:09:12:45 +0100] "GET /model-assemble-paint-porsche-turbo-p-21597.html HTTP/1.0" 200 70770 "-" "Mozilla/5.0 (compatible; MJ12bot/v1.4.8; http://mj12bot.com/)"
114.119.128.37 - - [10/Nov/2021:09:12:48 +0100] "GET /votive-metal-candles-holder-16-cm-p-42183.html HTTP/1.0" 301 73525 "-" "Mozilla/5.0 (Linux; Android 7.0;) AppleWebKit/537.36 (KHTML, like Gecko) Mobile Safari/537.36 (compatible; PetalBot;+https://webmaster.petalsearch.com/site/petalbot)"
144.76.120.197 - - [10/Nov/2021:09:12:52 +0100] "GET /model-to-assemble-and-paint-renault-cv-pie-p-21671.html HTTP/1.0" 301 70838 "-" "Mozilla/5.0 (compatible; MJ12bot/v1.4.8; http://mj12bot.com/)"
114.119.128.37 - - [10/Nov/2021:09:12:52 +0100] "GET /votive-metal-candles-holder-p-42183.html HTTP/1.0" 200 73431 "-" "Mozilla/5.0 (Linux; Android 7.0;) AppleWebKit/537.36 (KHTML, like Gecko) Mobile Safari/537.36 (compatible; PetalBot;+https://webmaster.petalsearch.com/site/petalbot)"
185.191.171.39 - - [10/Nov/2021:09:12:57 +0100] "GET /take-cake-hedgehogs-p-42235.html?action=add_product HTTP/1.0" 302 476 "-" "Mozilla/5.0 (compatible; SemrushBot/7~bl; +http://www.semrush.com/bot.html)"
144.76.120.197 - - [10/Nov/2021:09:13:01 +0100] "GET /model-assemble-paint-renault-p-21671.html HTTP/1.0" 200 70743 "-" "Mozilla/5.0 (compatible; MJ12bot/v1.4.8; http://mj12bot.com/)"
144.76.120.197 - - [10/Nov/2021:09:13:06 +0100] "GET /model-to-assemble-and-paint-renault-r5-turbo-p-21599.html HTTP/1.0" 301 70856 "-" "Mozilla/5.0 (compatible; MJ12bot/v1.4.8; http://mj12bot.com/)"
144.76.120.197 - - [10/Nov/2021:09:13:16 +0100] "GET /model-assemble-paint-renault-turbo-p-21599.html HTTP/1.0" 200 70755 "-" "Mozilla/5.0 (compatible; MJ12bot/v1.4.8; http://mj12bot.com/)"
144.76.120.197 - - [10/Nov/2021:09:13:22 +0100] "GET /model-vespa-125-1948-bronze-p-18639.html HTTP/1.0" 301 70772 "-" "Mozilla/5.0 (compatible; MJ12bot/v1.4.8; http://mj12bot.com/)"
185.191.171.10 - - [10/Nov/2021:09:13:24 +0100] "GET /ganesh-statue-27-cm-p-46724.html HTTP/1.0" 301 70698 "-" "Mozilla/5.0 (compatible; SemrushBot/7~bl; +http://www.semrush.com/bot.html)"
185.191.171.2 - - [10/Nov/2021:09:13:28 +0100] "GET /ganesh-statue-p-46724.html HTTP/1.0" 200 70618 "-" "Mozilla/5.0 (compatible; SemrushBot/7~bl; +http://www.semrush.com/bot.html)"
144.76.120.197 - - [10/Nov/2021:09:13:31 +0100] "GET /model-vespa-1948-bronze-p-18639.html HTTP/1.0" 200 70682 "-" "Mozilla/5.0 (compatible; MJ12bot/v1.4.8; http://mj12bot.com/)"
144.76.120.197 - - [10/Nov/2021:09:13:38 +0100] "GET /model-vespa-125-et3-1976-blue-p-18635.html HTTP/1.0" 301 70772 "-" "Mozilla/5.0 (compatible; MJ12bot/v1.4.8; http://mj12bot.com/)"
144.76.120.197 - - [10/Nov/2021:09:13:45 +0100] "GET /model-vespa-1976-blue-p-18635.html HTTP/1.0" 200 70684 "-" "Mozilla/5.0 (compatible; MJ12bot/v1.4.8; http://mj12bot.com/)"
144.76.120.197 - - [10/Nov/2021:09:13:53 +0100] "GET /model-vespa-125-et4-1996-118-p-32457.html HTTP/1.0" 301 70757 "-" "Mozilla/5.0 (compatible; MJ12bot/v1.4.8; http://mj12bot.com/)"
144.76.120.197 - - [10/Nov/2021:09:13:58 +0100] "GET /model-vespa-1996-p-32457.html HTTP/1.0" 200 70674 "-" "Mozilla/5.0 (compatible; MJ12bot/v1.4.8; http://mj12bot.com/)"
185.191.171.37 - - [10/Nov/2021:09:14:02 +0100] "GET /round-mirror-catches-golden-dreams-hang-p-45740.html?action=add_product HTTP/1.0" 302 476 "-" "Mozilla/5.0 (compatible; SemrushBot/7~bl; +http://www.semrush.com/bot.html)"
144.76.120.197 - - [10/Nov/2021:09:14:05 +0100] "GET /model-vespa-125-et4-1996-white-p-18637.html HTTP/1.0" 301 70778 "-" "Mozilla/5.0 (compatible; MJ12bot/v1.4.8; http://mj12bot.com/)"
144.76.120.197 - - [10/Nov/2021:09:14:13 +0100] "GET /model-vespa-1996-white-p-18637.html HTTP/1.0" 200 70689 "-" "Mozilla/5.0 (compatible; MJ12bot/v1.4.8; http://mj12bot.com/)"
54.36.148.88 - - [10/Nov/2021:09:14:14 +0100] "GET /coffee-house-frame-with-p-46684.html HTTP/1.0" 200 73301 "-" "Mozilla/5.0 (compatible; AhrefsBot/7.0; +http://ahrefs.com/robot/)"
144.76.120.197 - - [10/Nov/2021:09:14:21 +0100] "GET /model-vespa-125ts-1975-118-p-32449.html HTTP/1.0" 301 70769 "-" "Mozilla/5.0 (compatible; MJ12bot/v1.4.8; http://mj12bot.com/)"
144.76.120.197 - - [10/Nov/2021:09:14:30 +0100] "GET /model-vespa-125ts-1975-p-32449.html HTTP/1.0" 200 70680 "-" "Mozilla/5.0 (compatible; MJ12bot/v1.4.8; http://mj12bot.com/)"
144.76.120.197 - - [10/Nov/2021:09:14:36 +0100] "GET /model-vespa-125ts-1975-p-32449.html HTTP/1.0" 200 70680 "-" "Mozilla/5.0 (compatible; MJ12bot/v1.4.8; http://mj12bot.com/)"
144.76.120.197 - - [10/Nov/2021:09:14:43 +0100] "GET /model-vespa-150-gs-1955-silver-p-18645.html HTTP/1.0" 301 70781 "-" "Mozilla/5.0 (compatible; MJ12bot/v1.4.8; http://mj12bot.com/)"
77.88.5.38 - - [10/Nov/2021:09:14:50 +0100] "GET /images/4007176433607.jpg HTTP/1.0" 200 259 "-" "Mozilla/5.0 (compatible; YandexImages/3.0; +http://yandex.com/bots)"
144.76.120.197 - - [10/Nov/2021:09:14:51 +0100] "GET /model-vespa-1955-silver-p-18645.html HTTP/1.0" 200 70691 "-" "Mozilla/5.0 (compatible; MJ12bot/v1.4.8; http://mj12bot.com/)"
144.76.120.197 - - [10/Nov/2021:09:15:01 +0100] "GET /model-vespa-150-sprint-veloce-1969-118-p-32450.html HTTP/1.0" 301 70829 "-" "Mozilla/5.0 (compatible; MJ12bot/v1.4.8; http://mj12bot.com/)"
144.76.120.197 - - [10/Nov/2021:09:15:06 +0100] "GET /model-vespa-sprint-veloce-1969-p-32450.html HTTP/1.0" 200 70732 "-" "Mozilla/5.0 (compatible; MJ12bot/v1.4.8; http://mj12bot.com/)"
185.191.171.10 - - [10/Nov/2021:09:15:07 +0100] "GET /london-pot-cookware-cbkreation-p-29706.html HTTP/1.0" 301 73347 "-" "Mozilla/5.0 (compatible; SemrushBot/7~bl; +http://www.semrush.com/bot.html)"
185.191.171.37 - - [10/Nov/2021:09:15:10 +0100] "GET /london-cookware-cbkreation-p-29706.html HTTP/1.0" 200 73254 "-" "Mozilla/5.0 (compatible; SemrushBot/7~bl; +http://www.semrush.com/bot.html)"
144.76.120.197 - - [10/Nov/2021:09:15:13 +0100] "GET /model-vespa-1948-bronze-p-18639.html HTTP/1.0" 200 70682 "-" "Mozilla/5.0 (compatible; MJ12bot/v1.4.8; http://mj12bot.com/)"
