185.191.171.40 - - [10/Nov/2021:09:15:16 +0100] "GET /paris-money-box-p-42893.html HTTP/1.0" 301 73211 "-" "Mozilla/5.0 (compatible; SemrushBot/7~bl; +http://www.semrush.com/bot.html)"
185.191.171.40 - - [10/Nov/2021:09:15:20 +0100] "GET /paris-money-p-42893.html HTTP/1.0" 200 73133 "-" "Mozilla/5.0 (compatible; SemrushBot/7~bl; +http://www.semrush.com/bot.html)"
144.76.120.197 - - [10/Nov/2021:09:15:24 +0100] "GET /model-vespa-1955-silver-p-18645.html HTTP/1.0" 200 70691 "-" "Mozilla/5.0 (compatible; MJ12bot/v1.4.8; http://mj12bot.com/)"
144.76.120.197 - - [10/Nov/2021:09:15:31 +0100] "GET /model-vespa-1976-blue-p-18635.html HTTP/1.0" 200 70684 "-" "Mozilla/5.0 (compatible; MJ12bot/v1.4.8; http://mj12bot.com/)"
144.76.120.197 - - [10/Nov/2021:09:15:38 +0100] "GET /model-vespa-1996-p-32457.html HTTP/1.0" 200 70674 "-" "Mozilla/5.0 (compatible; MJ12bot/v1.4.8; http://mj12bot.com/)"
144.76.120.197 - - [10/Nov/2021:09:15:43 +0100] "GET /model-vespa-1996-white-p-18637.html HTTP/1.0" 200 70689 "-" "Mozilla/5.0 (compatible; MJ12bot/v1.4.8; http://mj12bot.com/)"
144.76.120.197 - - [10/Nov/2021:09:15:50 +0100] "GET /model-vespa-sprint-veloce-1969-p-32450.html HTTP/1.0" 200 70732 "-" "Mozilla/5.0 (compatible; MJ12bot/v1.4.8; http://mj12bot.com/)"
114.119.128.39 - - [10/Nov/2021:09:15:54 +0100] "GET /volkswagen-beetle-large-metal-plate-deco-p-26646.html HTTP/1.0" 200 73313 "-" "Mozilla/5.0 (Linux; Android 7.0;) AppleWebKit/537.36 (KHTML, like Gecko) Mobile Safari/537.36 (compatible; PetalBot;+https://webmaster.petalsearch.com/site/petalbot)"
144.76.120.197 - - [10/Nov/2021:09:15:57 +0100] "GET /models-and-replicas-c-4_140.html HTTP/1.0" 301 85913 "-" "Mozilla/5.0 (compatible; MJ12bot/v1.4.8; http://mj12bot.com/)"
144.76.120.197 - - [10/Nov/2021:09:16:04 +0100] "GET /models-replicas-c-140.html HTTP/1.0" 301 85801 "-" "Mozilla/5.0 (compatible; MJ12bot/v1.4.8; http://mj12bot.com/)"
185.191.171.9 - - [10/Nov/2021:09:16:04 +0100] "GET /coffee-and-tea-box-c-13_150_153.html?page=4 HTTP/1.0" 301 84099 "-" "Mozilla/5.0 (compatible; SemrushBot/7~bl; +http://www.semrush.com/bot.html)"
185.191.171.33 - - [10/Nov/2021:09:16:06 +0100] "GET /coffee-c-153.html?page=4 HTTP/1.0" 301 83853 "-" "Mozilla/5.0 (compatible; SemrushBot/7~bl; +http://www.semrush.com/bot.html)"
185.191.171.3 - - [10/Nov/2021:09:16:09 +0100] "GET /coffee-c-13_150_153.html?page=4 HTTP/1.0" 200 84021 "-" "Mozilla/5.0 (compatible; SemrushBot/7~bl; +http://www.semrush.com/bot.html)"
144.76.120.197 - - [10/Nov/2021:09:16:11 +0100] "GET /models-replicas-c-4_140.html HTTP/1.0" 200 85833 "-" "Mozilla/5.0 (compatible; MJ12bot/v1.4.8; http://mj12bot.com/)"
185.191.171.25 - - [10/Nov/2021:09:16:12 +0100] "GET /quote-wooden-wall-decoration-to-hang-p-43076.html HTTP/1.0" 301 70631 "-" "Mozilla/5.0 (compatible; SemrushBot/7~bl; +http://www.semrush.com/bot.html)"
185.191.171.2 - - [10/Nov/2021:09:16:15 +0100] "GET /-p-43076.html HTTP/1.0" 200 70564 "-" "Mozilla/5.0 (compatible; SemrushBot/7~bl; +http://www.semrush.com/bot.html)"
144.76.120.197 - - [10/Nov/2021:09:16:17 +0100] "GET /models-to-assemble-and-paint-the-deuche-p-21672.html HTTP/1.0" 301 70631 "-" "Mozilla/5.0 (compatible; MJ12bot/v1.4.8; http://mj12bot.com/)"
144.76.120.197 - - [10/Nov/2021:09:16:26 +0100] "GET /-p-21672.html HTTP/1.0" 200 70564 "-" "Mozilla/5.0 (compatible; MJ12bot/v1.4.8; http://mj12bot.com/)"
144.76.120.197 - - [10/Nov/2021:09:16:34 +0100] "GET /mojito-cutting-board-p-40707.html HTTP/1.0" 200 73185 "-" "Mozilla/5.0 (compatible; MJ12bot/v1.4.8; http://mj12bot.com/)"
54.36.148.43 - - [10/Nov/2021:09:16:38 +0100] "GET /pirate-skull-ashtray-p-49213.html HTTP/1.0" 200 73760 "-" "Mozilla/5.0 (compatible; AhrefsBot/7.0; +http://ahrefs.com/robot/)"
144.76.120.197 - - [10/Nov/2021:09:16:43 +0100] "GET /mom-diner-cutting-board-p-28314.html HTTP/1.0" 301 70631 "-" "Mozilla/5.0 (compatible; MJ12bot/v1.4.8; http://mj12bot.com/)"
144.76.120.197 - - [10/Nov/2021:09:16:49 +0100] "GET /-p-28314.html HTTP/1.0" 200 70564 "-" "Mozilla/5.0 (compatible; MJ12bot/v1.4.8; http://mj12bot.com/)"
144.76.120.197 - - [10/Nov/2021:09:16:59 +0100] "GET /mom-kitchen-trivet-p-27928.html HTTP/1.0" 301 70631 "-" "Mozilla/5.0 (compatible; MJ12bot/v1.4.8; http://mj12bot.com/)"
144.76.120.197 - - [10/Nov/2021:09:17:05 +0100] "GET /-p-27928.html HTTP/1.0" 200 70564 "-" "Mozilla/5.0 (compatible; MJ12bot/v1.4.8; http://mj12bot.com/)"
185.191.171.34 - - [10/Nov/2021:09:17:11 +0100] "GET /home-and-decoration-c-13.html?page=179 HTTP/1.0" 301 93073 "-" "Mozilla/5.0 (compatible; SemrushBot/7~bl; +http://www.semrush.com/bot.html)"
144.76.120.197 - - [10/Nov/2021:09:17:11 +0100] "GET /mom-kitchen-wall-clock-metal-p-28047.html HTTP/1.0" 301 70631 "-" "Mozilla/5.0 (compatible; MJ12bot/v1.4.8; http://mj12bot.com/)"
185.191.171.43 - - [10/Nov/2021:09:17:14 +0100] "GET /home-decoration-c-13.html?page=179 HTTP/1.0" 200 92985 "-" "Mozilla/5.0 (compatible; SemrushBot/7~bl; +http://www.semrush.com/bot.html)"
144.76.120.197 - - [10/Nov/2021:09:17:18 +0100] "GET /-p-28047.html HTTP/1.0" 200 70564 "-" "Mozilla/5.0 (compatible; MJ12bot/v1.4.8; http://mj12bot.com/)"
185.191.171.2 - - [10/Nov/2021:09:17:21 +0100] "GET /brasilian-metal-mat-keychain-cbkreation-p-23497.html HTTP/1.0" 301 74931 "-" "Mozilla/5.0 (compatible; SemrushBot/7~bl; +http://www.semrush.com/bot.html)"
144.76.120.197 - - [10/Nov/2021:09:17:24 +0100] "GET /monaco-large-metal-plate-p-15178.html HTTP/1.0" 200 73164 "-" "Mozilla/5.0 (compatible; MJ12bot/v1.4.8; http://mj12bot.com/)"
185.191.171.22 - - [10/Nov/2021:09:17:24 +0100] "GET /brasilian-metal-keychain-cbkreation-p-23497.html HTTP/1.0" 200 74829 "-" "Mozilla/5.0 (compatible; SemrushBot/7~bl; +http://www.semrush.com/bot.html)"
144.76.120.197 - - [10/Nov/2021:09:17:31 +0100] "GET /money-bank-slot-machine-jackpot-p-30035.html HTTP/1.0" 200 73422 "-" "Mozilla/5.0 (compatible; MJ12bot/v1.4.8; http://mj12bot.com/)"
144.76.120.197 - - [10/Nov/2021:09:17:40 +0100] "GET /monster-high-logo-led-keyring-p-17475.html HTTP/1.0" 301 73588 "-" "Mozilla/5.0 (compatible; MJ12bot/v1.4.8; http://mj12bot.com/)"
185.191.171.38 - - [10/Nov/2021:09:17:46 +0100] "GET /shoulder-jasmin-stardust-p-40986.html?action=add_product HTTP/1.0" 302 476 "-" "Mozilla/5.0 (compatible; SemrushBot/7~bl; +http://www.semrush.com/bot.html)"
144.76.120.197 - - [10/Nov/2021:09:17:47 +0100] "GET /monster-high-logo-keyring-p-17475.html HTTP/1.0" 200 73496 "-" "Mozilla/5.0 (compatible; MJ12bot/v1.4.8; http://mj12bot.com/)"
144.76.120.197 - - [10/Nov/2021:09:17:55 +0100] "GET /monster-high-suitcase-p-20412.html HTTP/1.0" 301 70631 "-" "Mozilla/5.0 (compatible; MJ12bot/v1.4.8; http://mj12bot.com/)"
185.191.171.42 - - [10/Nov/2021:09:17:58 +0100] "GET /lama-water-bottle-p-45234.html?action=add_product HTTP/1.0" 302 476 "-" "Mozilla/5.0 (compatible; SemrushBot/7~bl; +http://www.semrush.com/bot.html)"
17.121.114.120 - - [10/Nov/2021:09:17:59 +0100] "GET /images/mini_prod/3014627927548.jpg HTTP/1.0" 200 269 "-" "Mozilla/5.0 (Macintosh; Intel Mac OS X 10_15_5) AppleWebKit/605.1.15 (KHTML, like Gecko) Version/13.1.1 Safari/605.1.15 (Applebot/0.1; +http://www.apple.com/go/applebot)"
144.76.120.197 - - [10/Nov/2021:09:18:03 +0100] "GET /-p-20412.html HTTP/1.0" 200 70564 "-" "Mozilla/5.0 (compatible; MJ12bot/v1.4.8; http://mj12bot.com/)"
144.76.120.197 - - [10/Nov/2021:09:18:10 +0100] "GET /monster-high-team-large-backpack-with-wheels-p-20656.html HTTP/1.0" 301 70631 "-" "Mozilla/5.0 (compatible; MJ12bot/v1.4.8; http://mj12bot.com/)"
185.191.171.14 - - [10/Nov/2021:09:18:12 +0100] "GET /teo-jasmin-make-up-kit-nikko-p-44220.html HTTP/1.0" 301 70739 "-" "Mozilla/5.0 (compatible; SemrushBot/7~bl; +http://www.semrush.com/bot.html)"
185.191.171.11 - - [10/Nov/2021:09:18:15 +0100] "GET /jasmin-make-nikko-p-44220.html HTTP/1.0" 200 70655 "-" "Mozilla/5.0 (compatible; SemrushBot/7~bl; +http://www.semrush.com/bot.html)"
77.88.5.246 - - [10/Nov/2021:09:18:17 +0100] "GET /images/8028501693127.jpg HTTP/1.0" 200 259 "-" "Mozilla/5.0 (compatible; YandexImages/3.0; +http://yandex.com/bots)"
144.76.120.197 - - [10/Nov/2021:09:18:16 +0100] "GET /-p-20656.html HTTP/1.0" 200 70564 "-" "Mozilla/5.0 (compatible; MJ12bot/v1.4.8; http://mj12bot.com/)"
144.76.120.197 - - [10/Nov/2021:09:18:22 +0100] "GET /morgan-red-watch-p-28757.html HTTP/1.0" 301 70706 "-" "Mozilla/5.0 (compatible; MJ12bot/v1.4.8; http://mj12bot.com/)"
144.76.120.197 - - [10/Nov/2021:09:18:30 +0100] "GET /morgan-watch-p-28757.html HTTP/1.0" 200 70627 "-" "Mozilla/5.0 (compatible; MJ12bot/v1.4.8; http://mj12bot.com/)"
114.119.128.253 - - [10/Nov/2021:09:18:31 +0100] "GET /grenade-mug-p-38482.html HTTP/1.0" 301 73188 "-" "Mozilla/5.0 (Linux; Android 7.0;) AppleWebKit/537.36 (KHTML, like Gecko) Mobile Safari/537.36 (compatible; PetalBot;+https://webmaster.petalsearch.com/site/petalbot)"
114.119.128.253 - - [10/Nov/2021:09:18:35 +0100] "GET /grenade-p-38482.html HTTP/1.0" 200 73114 "-" "Mozilla/5.0 (Linux; Android 7.0;) AppleWebKit/537.36 (KHTML, like Gecko) Mobile Safari/537.36 (compatible; PetalBot;+https://webmaster.petalsearch.com/site/petalbot)"
144.76.120.197 - - [10/Nov/2021:09:18:37 +0100] "GET /motobcane-white-p-43542.html HTTP/1.0" 200 70645 "-" "Mozilla/5.0 (compatible; MJ12bot/v1.4.8; http://mj12bot.com/)"
144.76.120.197 - - [10/Nov/2021:09:18:44 +0100] "GET /motobecane-white-mug-p-43542.html HTTP/1.0" 301 70727 "-" "Mozilla/5.0 (compatible; MJ12bot/v1.4.8; http://mj12bot.com/)"
144.76.120.197 - - [10/Nov/2021:09:18:50 +0100] "GET /motobcane-white-p-43542.html HTTP/1.0" 200 70645 "-" "Mozilla/5.0 (compatible; MJ12bot/v1.4.8; http://mj12bot.com/)"
144.76.120.197 - - [10/Nov/2021:09:18:57 +0100] "GET /motocycle-clothespins-p-44906.html HTTP/1.0" 301 70631 "-" "Mozilla/5.0 (compatible; MJ12bot/v1.4.8; http://mj12bot.com/)"
144.76.120.197 - - [10/Nov/2021:09:19:03 +0100] "GET /-p-44906.html HTTP/1.0" 200 70564 "-" "Mozilla/5.0 (compatible; MJ12bot/v1.4.8; http://mj12bot.com/)"
54.36.148.36 - - [10/Nov/2021:09:19:06 +0100] "GET /york-gotham-cushion-p-28722.html HTTP/1.0" 200 73457 "-" "Mozilla/5.0 (compatible; AhrefsBot/7.0; +http://ahrefs.com/robot/)"
144.76.120.197 - - [10/Nov/2021:09:19:10 +0100] "GET /motor-66-west-coast-retro-clock-p-33116.html HTTP/1.0" 301 70631 "-" "Mozilla/5.0 (compatible; MJ12bot/v1.4.8; http://mj12bot.com/)"
144.76.120.197 - - [10/Nov/2021:09:19:18 +0100] "GET /-p-33116.html HTTP/1.0" 200 70564 "-" "Mozilla/5.0 (compatible; MJ12bot/v1.4.8; http://mj12bot.com/)"
157.55.39.69 - - [10/Nov/2021:09:19:23 +0100] "GET /images/big_prod/8422015188313.jpg HTTP/1.0" 200 268 "-" "Mozilla/5.0 (compatible; bingbot/2.0; +http://www.bing.com/bingbot.htm)"
144.76.120.197 - - [10/Nov/2021:09:19:24 +0100] "GET /motor-west-coast-retro-clock-p-33116.html HTTP/1.0" 301 70631 "-" "Mozilla/5.0 (compatible; MJ12bot/v1.4.8; http://mj12bot.com/)"
144.76.120.197 - - [10/Nov/2021:09:19:31 +0100] "GET /-p-33116.html HTTP/1.0" 200 70564 "-" "Mozilla/5.0 (compatible; MJ12bot/v1.4.8; http://mj12bot.com/)"
54.36.148.248 - - [10/Nov/2021:09:19:35 +0100] "GET /bob-marley-photo-frame-p-19677.html HTTP/1.0" 301 70631 "-" "Mozilla/5.0 (compatible; AhrefsBot/7.0; +http://ahrefs.com/robot/)"
144.76.120.197 - - [10/Nov/2021:09:19:39 +0100] "GET /moulin-rouge-mug-p-13001.html HTTP/1.0" 301 70689 "-" "Mozilla/5.0 (compatible; MJ12bot/v1.4.8; http://mj12bot.com/)"
144.76.120.197 - - [10/Nov/2021:09:19:47 +0100] "GET /moulin-rouge-p-13001.html HTTP/1.0" 200 70610 "-" "Mozilla/5.0 (compatible; MJ12bot/v1.4.8; http://mj12bot.com/)"
144.76.120.197 - - [10/Nov/2021:09:19:52 +0100] "GET /moulin-rouge-p-13001.html HTTP/1.0" 200 70610 "-" "Mozilla/5.0 (compatible; MJ12bot/v1.4.8; http://mj12bot.com/)"
185.191.171.39 - - [10/Nov/2021:09:19:54 +0100] "GET /burlap-round-table-fait-maison-p-56535.html HTTP/1.0" 200 73840 "-" "Mozilla/5.0 (compatible; SemrushBot/7~bl; +http://www.semrush.com/bot.html)"
185.191.171.23 - - [10/Nov/2021:09:20:00 +0100] "GET /corsica-box-of-coasters-p-44319.html HTTP/1.0" 301 73232 "-" "Mozilla/5.0 (compatible; SemrushBot/7~bl; +http://www.semrush.com/bot.html)"
144.76.120.197 - - [10/Nov/2021:09:19:57 +0100] "GET /mouse-pad-c-129_85.html HTTP/1.0" 301 91799 "-" "Mozilla/5.0 (compatible; MJ12bot/v1.4.8; http://mj12bot.com/)"
185.191.171.21 - - [10/Nov/2021:09:20:07 +0100] "GET /corsica-coasters-p-44319.html HTTP/1.0" 200 73149 "-" "Mozilla/5.0 (compatible; SemrushBot/7~bl; +http://www.semrush.com/bot.html)"
144.76.120.197 - - [10/Nov/2021:09:20:03 +0100] "GET /mouse-c-85.html HTTP/1.0" 301 91663 "-" "Mozilla/5.0 (compatible; MJ12bot/v1.4.8; http://mj12bot.com/)"
54.36.149.100 - - [10/Nov/2021:09:20:10 +0100] "GET /barbalala-barbapapa-family-soft-toy-14-cm-p-14330.html HTTP/1.0" 301 70631 "-" "Mozilla/5.0 (compatible; AhrefsBot/7.0; +http://ahrefs.com/robot/)"
144.76.120.197 - - [10/Nov/2021:09:20:09 +0100] "GET /mouse-c-129_85.html HTTP/1.0" 200 91730 "-" "Mozilla/5.0 (compatible; MJ12bot/v1.4.8; http://mj12bot.com/)"
157.55.39.2 - - [10/Nov/2021:09:20:34 +0100] "GET /motion-sensor-candy-dispenser-p-41942.html HTTP/1.0" 200 74015 "-" "Mozilla/5.0 (compatible; bingbot/2.0; +http://www.bing.com/bingbot.htm)"
185.191.171.11 - - [10/Nov/2021:09:20:53 +0100] "GET /isothermic-stainless-steel-bottle-corsica-cbkreation-p-51912.html HTTP/1.0" 200 74145 "-" "Mozilla/5.0 (compatible; SemrushBot/7~bl; +http://www.semrush.com/bot.html)"
185.191.171.23 - - [10/Nov/2021:09:20:57 +0100] "GET /metal-plate-p-37169.html?action=add_product HTTP/1.0" 302 476 "-" "Mozilla/5.0 (compatible; SemrushBot/7~bl; +http://www.semrush.com/bot.html)"
207.46.13.57 - - [10/Nov/2021:09:21:01 +0100] "GET /images/mini_prod/4036113222363.jpg HTTP/1.0" 200 269 "-" "Mozilla/5.0 (compatible; bingbot/2.0; +http://www.bing.com/bingbot.htm)"
17.121.112.26 - - [10/Nov/2021:09:21:28 +0100] "GET /images/big_prod/5415203535177.jpg HTTP/1.0" 200 268 "-" "Mozilla/5.0 (Macintosh; Intel Mac OS X 10_15_5) AppleWebKit/605.1.15 (KHTML, like Gecko) Version/13.1.1 Safari/605.1.15 (Applebot/0.1; +http://www.apple.com/go/applebot)"
185.191.171.39 - - [10/Nov/2021:09:21:28 +0100] "GET /-p-44661.html?action=add_product HTTP/1.0" 302 476 "-" "Mozilla/5.0 (compatible; SemrushBot/7~bl; +http://www.semrush.com/bot.html)"
54.36.148.5 - - [10/Nov/2021:09:21:37 +0100] "GET /modern-african-mask-decoration-p-49861.html HTTP/1.0" 200 74126 "-" "Mozilla/5.0 (compatible; AhrefsBot/7.0; +http://ahrefs.com/robot/)"
185.191.171.40 - - [10/Nov/2021:09:22:04 +0100] "GET /industrial-storage-small-size-only-p-45110.html?action=add_product HTTP/1.0" 302 476 "-" "Mozilla/5.0 (compatible; SemrushBot/7~bl; +http://www.semrush.com/bot.html)"
185.191.171.26 - - [10/Nov/2021:09:22:06 +0100] "GET /lamp-nature-spirit-p-52254.html?action=add_product HTTP/1.0" 302 476 "-" "Mozilla/5.0 (compatible; SemrushBot/7~bl; +http://www.semrush.com/bot.html)"
17.121.115.158 - - [10/Nov/2021:09:22:28 +0100] "GET /images/big_prod_1/8719497615612a.jpg HTTP/1.0" 200 271 "-" "Mozilla/5.0 (Macintosh; Intel Mac OS X 10_15_5) AppleWebKit/605.1.15 (KHTML, like Gecko) Version/13.1.1 Safari/605.1.15 (Applebot/0.1; +http://www.apple.com/go/applebot)"
185.191.171.38 - - [10/Nov/2021:09:22:32 +0100] "GET /yoga-mat-tpe-purple-1000-grs-p-51551.html HTTP/1.0" 301 74918 "-" "Mozilla/5.0 (compatible; SemrushBot/7~bl; +http://www.semrush.com/bot.html)"
185.191.171.22 - - [10/Nov/2021:09:22:36 +0100] "GET /yoga-purple-1000-p-51551.html HTTP/1.0" 200 74835 "-" "Mozilla/5.0 (compatible; SemrushBot/7~bl; +http://www.semrush.com/bot.html)"
144.76.120.197 - - [10/Nov/2021:09:22:37 +0100] "GET /mouseion-collection-gayer-anderson-bastet-resin-figure-p-35271.html HTTP/1.0" 200 74530 "-" "Mozilla/5.0 (compatible; MJ12bot/v1.4.8; http://mj12bot.com/)"
144.76.120.197 - - [10/Nov/2021:09:22:41 +0100] "GET /mouseion-collection-the-gayer-anderson-bastet-cat-resin-figure-p-35271.html HTTP/1.0" 301 74651 "-" "Mozilla/5.0 (compatible; MJ12bot/v1.4.8; http://mj12bot.com/)"
114.119.128.39 - - [10/Nov/2021:09:22:42 +0100] "GET /barbecue-metal-tray-p-47715.html HTTP/1.0" 200 73343 "-" "Mozilla/5.0 (Linux; Android 7.0;) AppleWebKit/537.36 (KHTML, like Gecko) Mobile Safari/537.36 (compatible; PetalBot;+https://webmaster.petalsearch.com/site/petalbot)"
144.76.120.197 - - [10/Nov/2021:09:22:45 +0100] "GET /mouseion-collection-gayer-anderson-bastet-resin-figure-p-35271.html HTTP/1.0" 200 74530 "-" "Mozilla/5.0 (compatible; MJ12bot/v1.4.8; http://mj12bot.com/)"
144.76.120.197 - - [10/Nov/2021:09:22:49 +0100] "GET /mr-happy-hobo-bag-p-5336.html HTTP/1.0" 301 73487 "-" "Mozilla/5.0 (compatible; MJ12bot/v1.4.8; http://mj12bot.com/)"
144.76.120.197 - - [10/Nov/2021:09:22:53 +0100] "GET /happy-hobo-p-5336.html HTTP/1.0" 200 73411 "-" "Mozilla/5.0 (compatible; MJ12bot/v1.4.8; http://mj12bot.com/)"
144.76.120.197 - - [10/Nov/2021:09:22:57 +0100] "GET /mug-by-cbkreation-quote-p-35123.html HTTP/1.0" 301 73305 "-" "Mozilla/5.0 (compatible; MJ12bot/v1.4.8; http://mj12bot.com/)"
144.76.120.197 - - [10/Nov/2021:09:23:00 +0100] "GET /cbkreation-quote-p-35123.html HTTP/1.0" 200 73222 "-" "Mozilla/5.0 (compatible; MJ12bot/v1.4.8; http://mj12bot.com/)"
144.76.120.197 - - [10/Nov/2021:09:23:06 +0100] "GET /mug-dragon-ball-goku-vs-freezer-p-30217.html HTTP/1.0" 301 70793 "-" "Mozilla/5.0 (compatible; MJ12bot/v1.4.8; http://mj12bot.com/)"
185.191.171.15 - - [10/Nov/2021:09:23:08 +0100] "GET /bedclothes-parma-striped-p-44344.html HTTP/1.0" 200 73373 "-" "Mozilla/5.0 (compatible; SemrushBot/7~bl; +http://www.semrush.com/bot.html)"
144.76.120.197 - - [10/Nov/2021:09:23:10 +0100] "GET /dragon-ball-goku-freezer-p-30217.html HTTP/1.0" 200 70702 "-" "Mozilla/5.0 (compatible; MJ12bot/v1.4.8; http://mj12bot.com/)"
144.76.120.197 - - [10/Nov/2021:09:23:15 +0100] "GET /mug-mickey-p-43187.html HTTP/1.0" 301 70712 "-" "Mozilla/5.0 (compatible; MJ12bot/v1.4.8; http://mj12bot.com/)"
144.76.120.197 - - [10/Nov/2021:09:23:18 +0100] "GET /mickey-p-43187.html HTTP/1.0" 200 70639 "-" "Mozilla/5.0 (compatible; MJ12bot/v1.4.8; http://mj12bot.com/)"
144.76.120.197 - - [10/Nov/2021:09:23:23 +0100] "GET /mug-street-fighter-hadoken-p-30219.html HTTP/1.0" 301 70631 "-" "Mozilla/5.0 (compatible; MJ12bot/v1.4.8; http://mj12bot.com/)"
144.76.120.197 - - [10/Nov/2021:09:23:27 +0100] "GET /-p-30219.html HTTP/1.0" 200 70564 "-" "Mozilla/5.0 (compatible; MJ12bot/v1.4.8; http://mj12bot.com/)"
144.76.120.197 - - [10/Nov/2021:09:23:31 +0100] "GET /mug-street-fighter-screen-select-p-30220.html HTTP/1.0" 301 70631 "-" "Mozilla/5.0 (compatible; MJ12bot/v1.4.8; http://mj12bot.com/)"
144.76.120.197 - - [10/Nov/2021:09:23:35 +0100] "GET /-p-30220.html HTTP/1.0" 200 70564 "-" "Mozilla/5.0 (compatible; MJ12bot/v1.4.8; http://mj12bot.com/)"
77.88.5.246 - - [10/Nov/2021:09:23:42 +0100] "GET /images/102_4342.jpg HTTP/1.0" 200 254 "-" "Mozilla/5.0 (compatible; YandexImages/3.0; +http://yandex.com/bots)"
185.191.171.42 - - [10/Nov/2021:09:23:47 +0100] "GET /the-shadow-frame-cats-by-dubout-the-walk-p-35862.html HTTP/1.0" 301 70792 "-" "Mozilla/5.0 (compatible; SemrushBot/7~bl; +http://www.semrush.com/bot.html)"
144.76.120.197 - - [10/Nov/2021:09:23:40 +0100] "GET /mugs-and-mazagrans-c-12_57.html?page=10 HTTP/1.0" 301 96485 "-" "Mozilla/5.0 (compatible; MJ12bot/v1.4.8; http://mj12bot.com/)"
54.36.148.156 - - [10/Nov/2021:09:23:49 +0100] "GET /egyptian-pottery-frame-canvas-p-31950.html HTTP/1.0" 200 73303 "-" "Mozilla/5.0 (compatible; AhrefsBot/7.0; +http://ahrefs.com/robot/)"
185.191.171.44 - - [10/Nov/2021:09:23:51 +0100] "GET /shadow-frame-cats-dubout-walk-p-35862.html HTTP/1.0" 200 70696 "-" "Mozilla/5.0 (compatible; SemrushBot/7~bl; +http://www.semrush.com/bot.html)"
144.76.120.197 - - [10/Nov/2021:09:23:50 +0100] "GET /mugs-mazagrans-c-57.html?page=10 HTTP/1.0" 301 96384 "-" "Mozilla/5.0 (compatible; MJ12bot/v1.4.8; http://mj12bot.com/)"
157.55.39.69 - - [10/Nov/2021:09:24:03 +0100] "GET /images/med_prod/00039897677330.jpg HTTP/1.0" 200 269 "-" "Mozilla/5.0 (compatible; bingbot/2.0; +http://www.bing.com/bingbot.htm)"
144.76.120.197 - - [10/Nov/2021:09:23:56 +0100] "GET /mugs-mazagrans-c-12_57.html?page=10 HTTP/1.0" 200 96399 "-" "Mozilla/5.0 (compatible; MJ12bot/v1.4.8; http://mj12bot.com/)"
54.36.148.83 - - [10/Nov/2021:09:24:06 +0100] "GET /radio-60-black-with-bluetooth-p-27923.html HTTP/1.0" 301 73650 "-" "Mozilla/5.0 (compatible; AhrefsBot/7.0; +http://ahrefs.com/robot/)"
144.76.120.197 - - [10/Nov/2021:09:24:11 +0100] "GET /mugs-and-mazagrans-c-12_57.html?page=11 HTTP/1.0" 301 96983 "-" "Mozilla/5.0 (compatible; MJ12bot/v1.4.8; http://mj12bot.com/)"
185.191.171.10 - - [10/Nov/2021:09:24:21 +0100] "GET /bob-marley-floor-standing-ashtray-p-20602.html HTTP/1.0" 301 70631 "-" "Mozilla/5.0 (compatible; SemrushBot/7~bl; +http://www.semrush.com/bot.html)"
185.191.171.16 - - [10/Nov/2021:09:24:24 +0100] "GET /-p-20602.html HTTP/1.0" 200 70564 "-" "Mozilla/5.0 (compatible; SemrushBot/7~bl; +http://www.semrush.com/bot.html)"
144.76.120.197 - - [10/Nov/2021:09:24:21 +0100] "GET /mugs-mazagrans-c-57.html?page=11 HTTP/1.0" 301 96882 "-" "Mozilla/5.0 (compatible; MJ12bot/v1.4.8; http://mj12bot.com/)"
144.76.120.197 - - [10/Nov/2021:09:24:26 +0100] "GET /mugs-mazagrans-c-12_57.html?page=11 HTTP/1.0" 200 96897 "-" "Mozilla/5.0 (compatible; MJ12bot/v1.4.8; http://mj12bot.com/)"
144.76.120.197 - - [10/Nov/2021:09:24:38 +0100] "GET /mugs-and-mazagrans-c-12_57.html?page=12 HTTP/1.0" 301 96203 "-" "Mozilla/5.0 (compatible; MJ12bot/v1.4.8; http://mj12bot.com/)"
144.76.120.197 - - [10/Nov/2021:09:24:50 +0100] "GET /mugs-mazagrans-c-57.html?page=12 HTTP/1.0" 301 96102 "-" "Mozilla/5.0 (compatible; MJ12bot/v1.4.8; http://mj12bot.com/)"
185.191.171.16 - - [10/Nov/2021:09:24:53 +0100] "GET /bath-mat-c-11_267.html HTTP/1.0" 301 86170 "-" "Mozilla/5.0 (compatible; SemrushBot/7~bl; +http://www.semrush.com/bot.html)"
144.76.120.197 - - [10/Nov/2021:09:24:56 +0100] "GET /mugs-mazagrans-c-12_57.html?page=12 HTTP/1.0" 200 96117 "-" "Mozilla/5.0 (compatible; MJ12bot/v1.4.8; http://mj12bot.com/)"
185.191.171.37 - - [10/Nov/2021:09:25:03 +0100] "GET /bath-c-267.html HTTP/1.0" 200 85987 "-" "Mozilla/5.0 (compatible; SemrushBot/7~bl; +http://www.semrush.com/bot.html)"
185.191.171.33 - - [10/Nov/2021:09:25:10 +0100] "GET /cuba-decorative-metal-plate-by-cbkreation-p-52888.html HTTP/1.0" 301 73445 "-" "Mozilla/5.0 (compatible; SemrushBot/7~bl; +http://www.semrush.com/bot.html)"
185.191.171.13 - - [10/Nov/2021:09:25:13 +0100] "GET /cuba-decorative-metal-plate-cbkreation-p-52888.html HTTP/1.0" 200 73340 "-" "Mozilla/5.0 (compatible; SemrushBot/7~bl; +http://www.semrush.com/bot.html)"
144.76.120.197 - - [10/Nov/2021:09:25:14 +0100] "GET /mugs-and-mazagrans-c-12_57.html?page=13 HTTP/1.0" 301 96956 "-" "Mozilla/5.0 (compatible; MJ12bot/v1.4.8; http://mj12bot.com/)"
144.76.120.197 - - [10/Nov/2021:09:25:28 +0100] "GET /mugs-mazagrans-c-57.html?page=13 HTTP/1.0" 301 96855 "-" "Mozilla/5.0 (compatible; MJ12bot/v1.4.8; http://mj12bot.com/)"
66.249.64.152 - - [10/Nov/2021:09:25:41 +0100] "GET /images/big_prod/3612875121390.jpg HTTP/1.0" 200 268 "-" "Googlebot-Image/1.0"
144.76.120.197 - - [10/Nov/2021:09:25:34 +0100] "GET /mugs-mazagrans-c-12_57.html?page=13 HTTP/1.0" 200 96870 "-" "Mozilla/5.0 (compatible; MJ12bot/v1.4.8; http://mj12bot.com/)"
54.36.148.109 - - [10/Nov/2021:09:25:47 +0100] "GET /stoneware-lamp-p-55635.html HTTP/1.0" 200 73842 "-" "Mozilla/5.0 (compatible; AhrefsBot/7.0; +http://ahrefs.com/robot/)"
114.119.128.34 - - [10/Nov/2021:09:25:49 +0100] "GET /images/mini_prod/3457019601532.jpg HTTP/1.0" 200 269 "-" "Mozilla/5.0 (Linux; Android 7.0;) AppleWebKit/537.36 (KHTML, like Gecko) Mobile Safari/537.36 (compatible; PetalBot;+https://webmaster.petalsearch.com/site/petalbot)"
144.76.120.197 - - [10/Nov/2021:09:25:51 +0100] "GET /mugs-and-mazagrans-c-12_57.html?page=14 HTTP/1.0" 301 97066 "-" "Mozilla/5.0 (compatible; MJ12bot/v1.4.8; http://mj12bot.com/)"
185.191.171.22 - - [10/Nov/2021:09:26:03 +0100] "GET /ceramic-table-lamp-silver-p-52775.html HTTP/1.0" 200 74114 "-" "Mozilla/5.0 (compatible; SemrushBot/7~bl; +http://www.semrush.com/bot.html)"
144.76.120.197 - - [10/Nov/2021:09:26:01 +0100] "GET /mugs-mazagrans-c-57.html?page=14 HTTP/1.0" 301 96965 "-" "Mozilla/5.0 (compatible; MJ12bot/v1.4.8; http://mj12bot.com/)"
144.76.120.197 - - [10/Nov/2021:09:26:09 +0100] "GET /mugs-mazagrans-c-12_57.html?page=14 HTTP/1.0" 200 96980 "-" "Mozilla/5.0 (compatible; MJ12bot/v1.4.8; http://mj12bot.com/)"
185.191.171.8 - - [10/Nov/2021:09:26:31 +0100] "GET /vilaines-filles-beach-towel-p-51715.html HTTP/1.0" 200 70694 "-" "Mozilla/5.0 (compatible; SemrushBot/7~bl; +http://www.semrush.com/bot.html)"
144.76.120.197 - - [10/Nov/2021:09:26:26 +0100] "GET /mugs-and-mazagrans-c-12_57.html?page=15 HTTP/1.0" 301 97703 "-" "Mozilla/5.0 (compatible; MJ12bot/v1.4.8; http://mj12bot.com/)"
144.76.120.197 - - [10/Nov/2021:09:26:37 +0100] "GET /mugs-mazagrans-c-57.html?page=15 HTTP/1.0" 301 97602 "-" "Mozilla/5.0 (compatible; MJ12bot/v1.4.8; http://mj12bot.com/)"
207.46.13.165 - - [10/Nov/2021:09:26:45 +0100] "GET /purse-wallet-c-31_76.html HTTP/1.0" 200 91229 "-" "Mozilla/5.0 (compatible; bingbot/2.0; +http://www.bing.com/bingbot.htm)"
144.76.120.197 - - [10/Nov/2021:09:26:46 +0100] "GET /mugs-mazagrans-c-12_57.html?page=15 HTTP/1.0" 200 97617 "-" "Mozilla/5.0 (compatible; MJ12bot/v1.4.8; http://mj12bot.com/)"
144.76.120.197 - - [10/Nov/2021:09:27:02 +0100] "GET /mugs-and-mazagrans-c-12_57.html?page=16 HTTP/1.0" 301 97151 "-" "Mozilla/5.0 (compatible; MJ12bot/v1.4.8; http://mj12bot.com/)"
144.76.120.197 - - [10/Nov/2021:09:27:15 +0100] "GET /mugs-mazagrans-c-57.html?page=16 HTTP/1.0" 301 97050 "-" "Mozilla/5.0 (compatible; MJ12bot/v1.4.8; http://mj12bot.com/)"
144.76.120.197 - - [10/Nov/2021:09:27:20 +0100] "GET /mugs-mazagrans-c-12_57.html?page=16 HTTP/1.0" 200 97065 "-" "Mozilla/5.0 (compatible; MJ12bot/v1.4.8; http://mj12bot.com/)"
144.76.120.197 - - [10/Nov/2021:09:27:37 +0100] "GET /mugs-and-mazagrans-c-12_57.html?page=17 HTTP/1.0" 301 96749 "-" "Mozilla/5.0 (compatible; MJ12bot/v1.4.8; http://mj12bot.com/)"
185.191.171.12 - - [10/Nov/2021:09:27:43 +0100] "GET /toys-c-4_45.html HTTP/1.0" 200 90044 "-" "Mozilla/5.0 (compatible; SemrushBot/7~bl; +http://www.semrush.com/bot.html)"
185.191.171.15 - - [10/Nov/2021:09:27:51 +0100] "GET /paris-small-mug-by-cbkreation-p-17246.html HTTP/1.0" 301 73351 "-" "Mozilla/5.0 (compatible; SemrushBot/7~bl; +http://www.semrush.com/bot.html)"
54.36.148.208 - - [10/Nov/2021:09:27:51 +0100] "GET /laissez-lucie-faire-zipped-purse-p-42648.html HTTP/1.0" 200 73407 "-" "Mozilla/5.0 (compatible; AhrefsBot/7.0; +http://ahrefs.com/robot/)"
185.191.171.12 - - [10/Nov/2021:09:27:55 +0100] "GET /paris-small-cbkreation-p-17246.html HTTP/1.0" 200 73262 "-" "Mozilla/5.0 (compatible; SemrushBot/7~bl; +http://www.semrush.com/bot.html)"
144.76.120.197 - - [10/Nov/2021:09:27:51 +0100] "GET /mugs-mazagrans-c-57.html?page=17 HTTP/1.0" 301 96648 "-" "Mozilla/5.0 (compatible; MJ12bot/v1.4.8; http://mj12bot.com/)"
17.121.113.201 - - [10/Nov/2021:09:28:00 +0100] "GET /images/big_prod_1/8719497617432a.jpg HTTP/1.0" 200 271 "-" "Mozilla/5.0 (Macintosh; Intel Mac OS X 10_15_5) AppleWebKit/605.1.15 (KHTML, like Gecko) Version/13.1.1 Safari/605.1.15 (Applebot/0.1; +http://www.apple.com/go/applebot)"
51.68.224.127 - - [10/Nov/2021:09:28:05 +0100] "GET /adminweb/export_orders_xml.php?token=256de2z6edz6ed2z6DFSFsed2zed6zeDSFDSGdzedezfzf&maxorders=10&orderstart=1&status=14&start_date=2018-10-01 HTTP/1.0" 200 285 "-" "GesCom CharlotteBoutik Serveur"
51.68.224.127 - - [10/Nov/2021:09:28:05 +0100] "GET /adminweb/export_orders_xml.php?token=256de2z6edz6ed2z6DFSFsed2zed6zeDSFDSGdzedezfzf&maxorders=10&orderstart=1&status=6&start_date=2018-10-01 HTTP/1.0" 200 32471 "-" "GesCom CharlotteBoutik Serveur"
144.76.120.197 - - [10/Nov/2021:09:27:59 +0100] "GET /mugs-mazagrans-c-12_57.html?page=17 HTTP/1.0" 200 96663 "-" "Mozilla/5.0 (compatible; MJ12bot/v1.4.8; http://mj12bot.com/)"
144.76.120.197 - - [10/Nov/2021:09:28:16 +0100] "GET /mugs-and-mazagrans-c-12_57.html?page=18 HTTP/1.0" 301 96957 "-" "Mozilla/5.0 (compatible; MJ12bot/v1.4.8; http://mj12bot.com/)"
144.76.120.197 - - [10/Nov/2021:09:28:28 +0100] "GET /mugs-mazagrans-c-57.html?page=18 HTTP/1.0" 301 96856 "-" "Mozilla/5.0 (compatible; MJ12bot/v1.4.8; http://mj12bot.com/)"
144.76.120.197 - - [10/Nov/2021:09:28:35 +0100] "GET /mugs-mazagrans-c-12_57.html?page=18 HTTP/1.0" 200 96871 "-" "Mozilla/5.0 (compatible; MJ12bot/v1.4.8; http://mj12bot.com/)"
144.76.120.197 - - [10/Nov/2021:09:28:49 +0100] "GET /mugs-and-mazagrans-c-12_57.html?page=19 HTTP/1.0" 301 96904 "-" "Mozilla/5.0 (compatible; MJ12bot/v1.4.8; http://mj12bot.com/)"
185.191.171.35 - - [10/Nov/2021:09:28:51 +0100] "GET /frames-flags-and-decorative-paintings-c-13_148.html?page=19 HTTP/1.0" 301 89895 "-" "Mozilla/5.0 (compatible; SemrushBot/7~bl; +http://www.semrush.com/bot.html)"
144.76.120.197 - - [10/Nov/2021:09:28:59 +0100] "GET /mugs-mazagrans-c-57.html?page=19 HTTP/1.0" 301 96803 "-" "Mozilla/5.0 (compatible; MJ12bot/v1.4.8; http://mj12bot.com/)"
185.191.171.25 - - [10/Nov/2021:09:29:04 +0100] "GET /frames-flags-decorative-paintings-c-148.html?page=19 HTTP/1.0" 301 89772 "-" "Mozilla/5.0 (compatible; SemrushBot/7~bl; +http://www.semrush.com/bot.html)"
144.76.120.197 - - [10/Nov/2021:09:29:07 +0100] "GET /mugs-mazagrans-c-12_57.html?page=19 HTTP/1.0" 200 96818 "-" "Mozilla/5.0 (compatible; MJ12bot/v1.4.8; http://mj12bot.com/)"
185.191.171.13 - - [10/Nov/2021:09:29:09 +0100] "GET /frames-flags-decorative-paintings-c-13_148.html?page=19 HTTP/1.0" 200 89789 "-" "Mozilla/5.0 (compatible; SemrushBot/7~bl; +http://www.semrush.com/bot.html)"
144.76.120.197 - - [10/Nov/2021:09:29:24 +0100] "GET /mugs-and-mazagrans-c-12_57.html?page=2 HTTP/1.0" 301 95886 "-" "Mozilla/5.0 (compatible; MJ12bot/v1.4.8; http://mj12bot.com/)"
144.76.120.197 - - [10/Nov/2021:09:29:35 +0100] "GET /mugs-mazagrans-c-57.html?page=2 HTTP/1.0" 301 95785 "-" "Mozilla/5.0 (compatible; MJ12bot/v1.4.8; http://mj12bot.com/)"
144.76.120.197 - - [10/Nov/2021:09:29:42 +0100] "GET /mugs-mazagrans-c-12_57.html?page=2 HTTP/1.0" 200 95801 "-" "Mozilla/5.0 (compatible; MJ12bot/v1.4.8; http://mj12bot.com/)"
114.119.128.253 - - [10/Nov/2021:09:29:55 +0100] "GET /cbkration-toiletry-p-40657.html HTTP/1.0" 200 73312 "-" "Mozilla/5.0 (Linux; Android 7.0;) AppleWebKit/537.36 (KHTML, like Gecko) Mobile Safari/537.36 (compatible; PetalBot;+https://webmaster.petalsearch.com/site/petalbot)"
144.76.120.197 - - [10/Nov/2021:09:29:58 +0100] "GET /mugs-and-mazagrans-c-12_57.html?page=20 HTTP/1.0" 301 97413 "-" "Mozilla/5.0 (compatible; MJ12bot/v1.4.8; http://mj12bot.com/)"
144.76.120.197 - - [10/Nov/2021:09:30:09 +0100] "GET /mugs-mazagrans-c-57.html?page=20 HTTP/1.0" 301 97312 "-" "Mozilla/5.0 (compatible; MJ12bot/v1.4.8; http://mj12bot.com/)"
54.36.148.91 - - [10/Nov/2021:09:30:11 +0100] "GET /wooden-aperitif-board-cups-spoons-p-55441.html HTTP/1.0" 200 74296 "-" "Mozilla/5.0 (compatible; AhrefsBot/7.0; +http://ahrefs.com/robot/)"
144.76.120.197 - - [10/Nov/2021:09:30:14 +0100] "GET /mugs-mazagrans-c-12_57.html?page=20 HTTP/1.0" 200 97327 "-" "Mozilla/5.0 (compatible; MJ12bot/v1.4.8; http://mj12bot.com/)"
54.36.149.83 - - [10/Nov/2021:09:30:25 +0100] "GET /images/big_prod/3560600293778.jpg HTTP/1.0" 200 268 "-" "Mozilla/5.0 (compatible; AhrefsBot/7.0; +http://ahrefs.com/robot/)"
185.191.171.25 - - [10/Nov/2021:09:30:24 +0100] "GET /doormat-love-cats-p-52765.html HTTP/1.0" 200 74275 "-" "Mozilla/5.0 (compatible; SemrushBot/7~bl; +http://www.semrush.com/bot.html)"
144.76.120.197 - - [10/Nov/2021:09:30:27 +0100] "GET /mugs-and-mazagrans-c-12_57.html?page=21 HTTP/1.0" 301 96676 "-" "Mozilla/5.0 (compatible; MJ12bot/v1.4.8; http://mj12bot.com/)"
144.76.120.197 - - [10/Nov/2021:09:30:37 +0100] "GET /mugs-mazagrans-c-57.html?page=21 HTTP/1.0" 301 96575 "-" "Mozilla/5.0 (compatible; MJ12bot/v1.4.8; http://mj12bot.com/)"
157.55.39.71 - - [10/Nov/2021:09:30:32 +0100] "GET /posters-stickers-wall-c-13_147.html HTTP/1.0" 200 90687 "-" "Mozilla/5.0 (compatible; bingbot/2.0; +http://www.bing.com/bingbot.htm)"
131.107.1.216 - - [10/Nov/2021:09:30:55 +0100] "GET /images/mini_prod/8427799939413.jpg HTTP/1.0" 200 269 "-" "Mozilla/5.0 (X11; Ubuntu; Linux x86_64; rv:72.0) Gecko/20100101 Firefox/72.0"
144.76.120.197 - - [10/Nov/2021:09:30:45 +0100] "GET /mugs-mazagrans-c-12_57.html?page=21 HTTP/1.0" 200 96590 "-" "Mozilla/5.0 (compatible; MJ12bot/v1.4.8; http://mj12bot.com/)"
185.191.171.24 - - [10/Nov/2021:09:30:59 +0100] "GET /great-patina-white-grey-and-gold-elephant-statuette-with-strass-p-46181.html HTTP/1.0" 301 74382 "-" "Mozilla/5.0 (compatible; SemrushBot/7~bl; +http://www.semrush.com/bot.html)"
185.191.171.37 - - [10/Nov/2021:09:31:02 +0100] "GET /great-patina-white-grey-gold-elephant-statuette-with-strass-p-46181.html HTTP/1.0" 200 74256 "-" "Mozilla/5.0 (compatible; SemrushBot/7~bl; +http://www.semrush.com/bot.html)"
144.76.120.197 - - [10/Nov/2021:09:31:03 +0100] "GET /mugs-and-mazagrans-c-12_57.html?page=22 HTTP/1.0" 301 96620 "-" "Mozilla/5.0 (compatible; MJ12bot/v1.4.8; http://mj12bot.com/)"
144.76.120.197 - - [10/Nov/2021:09:31:12 +0100] "GET /mugs-mazagrans-c-57.html?page=22 HTTP/1.0" 301 96519 "-" "Mozilla/5.0 (compatible; MJ12bot/v1.4.8; http://mj12bot.com/)"
144.76.120.197 - - [10/Nov/2021:09:31:17 +0100] "GET /mugs-mazagrans-c-12_57.html?page=22 HTTP/1.0" 200 96534 "-" "Mozilla/5.0 (compatible; MJ12bot/v1.4.8; http://mj12bot.com/)"
185.191.171.36 - - [10/Nov/2021:09:31:35 +0100] "GET /strawberries-butter-dish-p-51414.html HTTP/1.0" 200 70650 "-" "Mozilla/5.0 (compatible; SemrushBot/7~bl; +http://www.semrush.com/bot.html)"
144.76.120.197 - - [10/Nov/2021:09:31:35 +0100] "GET /mugs-and-mazagrans-c-12_57.html?page=23 HTTP/1.0" 301 96446 "-" "Mozilla/5.0 (compatible; MJ12bot/v1.4.8; http://mj12bot.com/)"
144.76.120.197 - - [10/Nov/2021:09:31:49 +0100] "GET /mugs-mazagrans-c-57.html?page=23 HTTP/1.0" 301 96345 "-" "Mozilla/5.0 (compatible; MJ12bot/v1.4.8; http://mj12bot.com/)"
77.88.5.246 - - [10/Nov/2021:09:32:05 +0100] "GET /robots.txt HTTP/1.0" 200 245 "-" "Mozilla/5.0 (compatible; YandexBot/3.0; +http://yandex.com/bots)"
144.76.120.197 - - [10/Nov/2021:09:31:55 +0100] "GET /mugs-mazagrans-c-12_57.html?page=23 HTTP/1.0" 200 96360 "-" "Mozilla/5.0 (compatible; MJ12bot/v1.4.8; http://mj12bot.com/)"
77.88.5.246 - - [10/Nov/2021:09:32:09 +0100] "GET /images/B3609080364223.jpg HTTP/1.0" 200 260 "-" "Mozilla/5.0 (compatible; YandexImages/3.0; +http://yandex.com/bots)"
144.76.120.197 - - [10/Nov/2021:09:32:08 +0100] "GET /mugs-and-mazagrans-c-12_57.html?page=24 HTTP/1.0" 301 96923 "-" "Mozilla/5.0 (compatible; MJ12bot/v1.4.8; http://mj12bot.com/)"
185.191.171.7 - - [10/Nov/2021:09:32:23 +0100] "GET /-p-45210.html?action=add_product HTTP/1.0" 302 476 "-" "Mozilla/5.0 (compatible; SemrushBot/7~bl; +http://www.semrush.com/bot.html)"
144.76.120.197 - - [10/Nov/2021:09:32:21 +0100] "GET /mugs-mazagrans-c-57.html?page=24 HTTP/1.0" 301 96822 "-" "Mozilla/5.0 (compatible; MJ12bot/v1.4.8; http://mj12bot.com/)"
144.76.120.197 - - [10/Nov/2021:09:32:28 +0100] "GET /mugs-mazagrans-c-12_57.html?page=24 HTTP/1.0" 200 96837 "-" "Mozilla/5.0 (compatible; MJ12bot/v1.4.8; http://mj12bot.com/)"
54.36.148.183 - - [10/Nov/2021:09:32:38 +0100] "GET /spiderman-small-flexible-molds-model-blue-p-28218.html HTTP/1.0" 200 73491 "-" "Mozilla/5.0 (compatible; AhrefsBot/7.0; +http://ahrefs.com/robot/)"
54.36.148.158 - - [10/Nov/2021:09:32:46 +0100] "GET /images/big_prod/3660173218076.jpg HTTP/1.0" 200 268 "-" "Mozilla/5.0 (compatible; AhrefsBot/7.0; +http://ahrefs.com/robot/)"
144.76.120.197 - - [10/Nov/2021:09:32:40 +0100] "GET /mugs-and-mazagrans-c-12_57.html?page=25 HTTP/1.0" 301 96770 "-" "Mozilla/5.0 (compatible; MJ12bot/v1.4.8; http://mj12bot.com/)"
114.119.128.39 - - [10/Nov/2021:09:32:55 +0100] "GET /images/mini_prod/3503420092510.jpg HTTP/1.0" 200 269 "-" "Mozilla/5.0 (Linux; Android 7.0;) AppleWebKit/537.36 (KHTML, like Gecko) Mobile Safari/537.36 (compatible; PetalBot;+https://webmaster.petalsearch.com/site/petalbot)"
144.76.120.197 - - [10/Nov/2021:09:32:52 +0100] "GET /mugs-mazagrans-c-57.html?page=25 HTTP/1.0" 301 96669 "-" "Mozilla/5.0 (compatible; MJ12bot/v1.4.8; http://mj12bot.com/)"
144.76.120.197 - - [10/Nov/2021:09:32:57 +0100] "GET /mugs-mazagrans-c-12_57.html?page=25 HTTP/1.0" 200 96684 "-" "Mozilla/5.0 (compatible; MJ12bot/v1.4.8; http://mj12bot.com/)"
185.191.171.26 - - [10/Nov/2021:09:33:09 +0100] "GET /adults-c-53.html HTTP/1.0" 200 93264 "-" "Mozilla/5.0 (compatible; SemrushBot/7~bl; +http://www.semrush.com/bot.html)"
77.88.5.38 - - [10/Nov/2021:09:33:24 +0100] "GET /images/3660173127026.jpg HTTP/1.0" 200 259 "-" "Mozilla/5.0 (compatible; YandexImages/3.0; +http://yandex.com/bots)"
144.76.120.197 - - [10/Nov/2021:09:33:13 +0100] "GET /mugs-and-mazagrans-c-12_57.html?page=26 HTTP/1.0" 301 96477 "-" "Mozilla/5.0 (compatible; MJ12bot/v1.4.8; http://mj12bot.com/)"
144.76.120.197 - - [10/Nov/2021:09:33:25 +0100] "GET /mugs-mazagrans-c-57.html?page=26 HTTP/1.0" 301 96376 "-" "Mozilla/5.0 (compatible; MJ12bot/v1.4.8; http://mj12bot.com/)"
54.36.149.95 - - [10/Nov/2021:09:33:40 +0100] "GET /my-little-pony-puzzle-60-pieces-p-27904.html HTTP/1.0" 301 70631 "-" "Mozilla/5.0 (compatible; AhrefsBot/7.0; +http://ahrefs.com/robot/)"
144.76.120.197 - - [10/Nov/2021:09:33:33 +0100] "GET /mugs-mazagrans-c-12_57.html?page=26 HTTP/1.0" 200 96391 "-" "Mozilla/5.0 (compatible; MJ12bot/v1.4.8; http://mj12bot.com/)"
185.191.171.20 - - [10/Nov/2021:09:33:47 +0100] "GET /robots.txt HTTP/1.0" 200 245 "-" "Mozilla/5.0 (compatible; SemrushBot/7~bl; +http://www.semrush.com/bot.html)"
185.191.171.40 - - [10/Nov/2021:09:33:47 +0100] "GET /101-dalmatians-freckles-figure-p-19360.html HTTP/1.0" 301 70631 "-" "Mozilla/5.0 (compatible; SemrushBot/7~bl; +http://www.semrush.com/bot.html)"
185.191.171.11 - - [10/Nov/2021:09:33:51 +0100] "GET /-p-19360.html HTTP/1.0" 200 70564 "-" "Mozilla/5.0 (compatible; SemrushBot/7~bl; +http://www.semrush.com/bot.html)"
77.88.5.246 - - [10/Nov/2021:09:33:53 +0100] "GET /frozen-disney-pencil-p-34086.html HTTP/1.0" 200 73196 "-" "Mozilla/5.0 (compatible; YandexBot/3.0; +http://yandex.com/bots)"
144.76.120.197 - - [10/Nov/2021:09:33:49 +0100] "GET /mugs-and-mazagrans-c-12_57.html?page=27 HTTP/1.0" 301 97122 "-" "Mozilla/5.0 (compatible; MJ12bot/v1.4.8; http://mj12bot.com/)"
185.191.171.40 - - [10/Nov/2021:09:34:06 +0100] "GET /welcome-motunui-moana-with-figurine-p-53999.html?action=add_product HTTP/1.0" 302 476 "-" "Mozilla/5.0 (compatible; SemrushBot/7~bl; +http://www.semrush.com/bot.html)"
144.76.120.197 - - [10/Nov/2021:09:34:01 +0100] "GET /mugs-mazagrans-c-57.html?page=27 HTTP/1.0" 301 97021 "-" "Mozilla/5.0 (compatible; MJ12bot/v1.4.8; http://mj12bot.com/)"
144.76.120.197 - - [10/Nov/2021:09:34:06 +0100] "GET /mugs-mazagrans-c-12_57.html?page=27 HTTP/1.0" 200 97036 "-" "Mozilla/5.0 (compatible; MJ12bot/v1.4.8; http://mj12bot.com/)"
144.76.120.197 - - [10/Nov/2021:09:34:22 +0100] "GET /mugs-and-mazagrans-c-12_57.html?page=28 HTTP/1.0" 301 96328 "-" "Mozilla/5.0 (compatible; MJ12bot/v1.4.8; http://mj12bot.com/)"
185.191.171.3 - - [10/Nov/2021:09:34:36 +0100] "GET /street-fighter-shirt-p-29589.html?action=add_product HTTP/1.0" 302 476 "-" "Mozilla/5.0 (compatible; SemrushBot/7~bl; +http://www.semrush.com/bot.html)"
144.76.120.197 - - [10/Nov/2021:09:34:33 +0100] "GET /mugs-mazagrans-c-57.html?page=28 HTTP/1.0" 301 96227 "-" "Mozilla/5.0 (compatible; MJ12bot/v1.4.8; http://mj12bot.com/)"
144.76.120.197 - - [10/Nov/2021:09:34:40 +0100] "GET /mugs-mazagrans-c-12_57.html?page=28 HTTP/1.0" 200 96242 "-" "Mozilla/5.0 (compatible; MJ12bot/v1.4.8; http://mj12bot.com/)"
111.225.145.208 - - [10/Nov/2021:09:34:54 +0100] "GET /images/mini_prod/3609810037571.jpg HTTP/1.0" 200 269 "-" "Mozilla/5.0 (X11; Ubuntu; Linux x86_64; rv:72.0) Gecko/20100101 Firefox/72.0"
54.36.148.186 - - [10/Nov/2021:09:34:55 +0100] "GET /chakra-stone-pyramid-shaped-p-43371.html HTTP/1.0" 200 73307 "-" "Mozilla/5.0 (compatible; AhrefsBot/7.0; +http://ahrefs.com/robot/)"
144.76.120.197 - - [10/Nov/2021:09:34:56 +0100] "GET /mugs-and-mazagrans-c-12_57.html?page=29 HTTP/1.0" 301 97357 "-" "Mozilla/5.0 (compatible; MJ12bot/v1.4.8; http://mj12bot.com/)"
54.36.149.44 - - [10/Nov/2021:09:35:02 +0100] "GET /images/big_prod_1/3660173218076a.jpg HTTP/1.0" 200 271 "-" "Mozilla/5.0 (compatible; AhrefsBot/7.0; +http://ahrefs.com/robot/)"
144.76.120.197 - - [10/Nov/2021:09:35:02 +0100] "GET /mugs-mazagrans-c-57.html?page=29 HTTP/1.0" 301 97256 "-" "Mozilla/5.0 (compatible; MJ12bot/v1.4.8; http://mj12bot.com/)"
185.191.171.40 - - [10/Nov/2021:09:35:06 +0100] "GET /moki-bedspread-240-260-cm-p-53244.html HTTP/1.0" 301 70720 "-" "Mozilla/5.0 (compatible; SemrushBot/7~bl; +http://www.semrush.com/bot.html)"
77.88.5.246 - - [10/Nov/2021:09:35:07 +0100] "GET /images/3281640335425.jpg HTTP/1.0" 200 259 "-" "Mozilla/5.0 (compatible; YandexImages/3.0; +http://yandex.com/bots)"
185.191.171.11 - - [10/Nov/2021:09:35:08 +0100] "GET /moki-bedspread-p-53244.html HTTP/1.0" 200 70639 "-" "Mozilla/5.0 (compatible; SemrushBot/7~bl; +http://www.semrush.com/bot.html)"
144.76.120.197 - - [10/Nov/2021:09:35:09 +0100] "GET /mugs-mazagrans-c-12_57.html?page=29 HTTP/1.0" 200 97271 "-" "Mozilla/5.0 (compatible; MJ12bot/v1.4.8; http://mj12bot.com/)"
144.76.120.197 - - [10/Nov/2021:09:35:17 +0100] "GET /mugs-and-mazagrans-c-12_57.html?page=3 HTTP/1.0" 301 95852 "-" "Mozilla/5.0 (compatible; MJ12bot/v1.4.8; http://mj12bot.com/)"
144.76.120.197 - - [10/Nov/2021:09:35:24 +0100] "GET /mugs-mazagrans-c-57.html?page=3 HTTP/1.0" 301 95751 "-" "Mozilla/5.0 (compatible; MJ12bot/v1.4.8; http://mj12bot.com/)"
144.76.120.197 - - [10/Nov/2021:09:35:31 +0100] "GET /mugs-mazagrans-c-12_57.html?page=3 HTTP/1.0" 200 95767 "-" "Mozilla/5.0 (compatible; MJ12bot/v1.4.8; http://mj12bot.com/)"
144.76.120.197 - - [10/Nov/2021:09:35:38 +0100] "GET /mugs-and-mazagrans-c-12_57.html?page=30 HTTP/1.0" 301 97616 "-" "Mozilla/5.0 (compatible; MJ12bot/v1.4.8; http://mj12bot.com/)"
185.191.171.39 - - [10/Nov/2021:09:35:39 +0100] "GET /accessories-c-3.html?page=24 HTTP/1.0" 200 91084 "-" "Mozilla/5.0 (compatible; SemrushBot/7~bl; +http://www.semrush.com/bot.html)"
144.76.120.197 - - [10/Nov/2021:09:35:44 +0100] "GET /mugs-mazagrans-c-57.html?page=30 HTTP/1.0" 301 97515 "-" "Mozilla/5.0 (compatible; MJ12bot/v1.4.8; http://mj12bot.com/)"
144.76.120.197 - - [10/Nov/2021:09:35:52 +0100] "GET /mugs-mazagrans-c-12_57.html?page=30 HTTP/1.0" 200 97530 "-" "Mozilla/5.0 (compatible; MJ12bot/v1.4.8; http://mj12bot.com/)"
77.88.5.38 - - [10/Nov/2021:09:35:57 +0100] "GET /images/1341689747510.jpg HTTP/1.0" 200 259 "-" "Mozilla/5.0 (compatible; YandexImages/3.0; +http://yandex.com/bots)"
144.76.120.197 - - [10/Nov/2021:09:35:58 +0100] "GET /mugs-and-mazagrans-c-12_57.html?page=31 HTTP/1.0" 301 85217 "-" "Mozilla/5.0 (compatible; MJ12bot/v1.4.8; http://mj12bot.com/)"
144.76.120.197 - - [10/Nov/2021:09:36:04 +0100] "GET /mugs-mazagrans-c-57.html?page=31 HTTP/1.0" 301 85116 "-" "Mozilla/5.0 (compatible; MJ12bot/v1.4.8; http://mj12bot.com/)"
144.76.120.197 - - [10/Nov/2021:09:36:10 +0100] "GET /mugs-mazagrans-c-12_57.html?page=31 HTTP/1.0" 200 85131 "-" "Mozilla/5.0 (compatible; MJ12bot/v1.4.8; http://mj12bot.com/)"
144.76.120.197 - - [10/Nov/2021:09:36:17 +0100] "GET /mugs-and-mazagrans-c-12_57.html?page=32 HTTP/1.0" 301 85217 "-" "Mozilla/5.0 (compatible; MJ12bot/v1.4.8; http://mj12bot.com/)"
144.76.120.197 - - [10/Nov/2021:09:36:24 +0100] "GET /mugs-mazagrans-c-57.html?page=32 HTTP/1.0" 301 85116 "-" "Mozilla/5.0 (compatible; MJ12bot/v1.4.8; http://mj12bot.com/)"
144.76.120.197 - - [10/Nov/2021:09:36:31 +0100] "GET /mugs-mazagrans-c-12_57.html?page=32 HTTP/1.0" 200 85131 "-" "Mozilla/5.0 (compatible; MJ12bot/v1.4.8; http://mj12bot.com/)"
144.76.120.197 - - [10/Nov/2021:09:36:39 +0100] "GET /mugs-and-mazagrans-c-12_57.html?page=33 HTTP/1.0" 301 85217 "-" "Mozilla/5.0 (compatible; MJ12bot/v1.4.8; http://mj12bot.com/)"
144.76.120.197 - - [10/Nov/2021:09:36:43 +0100] "GET /mugs-mazagrans-c-57.html?page=33 HTTP/1.0" 301 85116 "-" "Mozilla/5.0 (compatible; MJ12bot/v1.4.8; http://mj12bot.com/)"
185.191.171.20 - - [10/Nov/2021:09:36:48 +0100] "GET /petit-beurre-placemat-p-28607.html?action=add_product HTTP/1.0" 302 476 "-" "Mozilla/5.0 (compatible; SemrushBot/7~bl; +http://www.semrush.com/bot.html)"
144.76.120.197 - - [10/Nov/2021:09:36:50 +0100] "GET /mugs-mazagrans-c-12_57.html?page=33 HTTP/1.0" 200 85131 "-" "Mozilla/5.0 (compatible; MJ12bot/v1.4.8; http://mj12bot.com/)"
185.191.171.25 - - [10/Nov/2021:09:36:56 +0100] "GET /teo-jasmin-pencil-case-p-49182.html HTTP/1.0" 301 73360 "-" "Mozilla/5.0 (compatible; SemrushBot/7~bl; +http://www.semrush.com/bot.html)"
144.76.120.197 - - [10/Nov/2021:09:36:56 +0100] "GET /mugs-and-mazagrans-c-12_57.html?page=34 HTTP/1.0" 301 85217 "-" "Mozilla/5.0 (compatible; MJ12bot/v1.4.8; http://mj12bot.com/)"
185.191.171.15 - - [10/Nov/2021:09:36:59 +0100] "GET /jasmin-pencil-case-p-49182.html HTTP/1.0" 200 73275 "-" "Mozilla/5.0 (compatible; SemrushBot/7~bl; +http://www.semrush.com/bot.html)"
159.138.102.98 - - [10/Nov/2021:09:37:05 +0100] "GET /yoga-bolster-or-meditation-cushion-2nd-chakra-svadishtana-p-45366.html HTTP/1.0" 301 75361 "-" "Mozilla/5.0 (Linux; Android 7.0;) AppleWebKit/537.36 (KHTML, like Gecko) Mobile Safari/537.36 (compatible; PetalBot;+https://webmaster.petalsearch.com/site/petalbot)"
144.76.120.197 - - [10/Nov/2021:09:37:05 +0100] "GET /mugs-mazagrans-c-57.html?page=34 HTTP/1.0" 301 85116 "-" "Mozilla/5.0 (compatible; MJ12bot/v1.4.8; http://mj12bot.com/)"
159.138.102.98 - - [10/Nov/2021:09:37:09 +0100] "GET /yoga-bolster-meditation-cushion-chakra-svadishtana-p-45366.html HTTP/1.0" 200 75244 "-" "Mozilla/5.0 (Linux; Android 7.0;) AppleWebKit/537.36 (KHTML, like Gecko) Mobile Safari/537.36 (compatible; PetalBot;+https://webmaster.petalsearch.com/site/petalbot)"
54.36.148.45 - - [10/Nov/2021:09:37:12 +0100] "GET /nightlight-shaped-rabbit-multicolor-p-37825.html HTTP/1.0" 200 74206 "-" "Mozilla/5.0 (compatible; AhrefsBot/7.0; +http://ahrefs.com/robot/)"
144.76.120.197 - - [10/Nov/2021:09:37:14 +0100] "GET /mugs-mazagrans-c-12_57.html?page=34 HTTP/1.0" 200 85131 "-" "Mozilla/5.0 (compatible; MJ12bot/v1.4.8; http://mj12bot.com/)"
144.76.120.197 - - [10/Nov/2021:09:37:19 +0100] "GET /mugs-and-mazagrans-c-12_57.html?page=36 HTTP/1.0" 301 85217 "-" "Mozilla/5.0 (compatible; MJ12bot/v1.4.8; http://mj12bot.com/)"
54.36.148.82 - - [10/Nov/2021:09:37:21 +0100] "GET /images/big_prod_2/3660173218076b.jpg HTTP/1.0" 200 271 "-" "Mozilla/5.0 (compatible; AhrefsBot/7.0; +http://ahrefs.com/robot/)"
185.191.171.21 - - [10/Nov/2021:09:37:23 +0100] "GET /adhesive-roll-velvet-pattern-p-55807.html?action=add_product HTTP/1.0" 302 476 "-" "Mozilla/5.0 (compatible; SemrushBot/7~bl; +http://www.semrush.com/bot.html)"
144.76.120.197 - - [10/Nov/2021:09:37:25 +0100] "GET /mugs-mazagrans-c-57.html?page=36 HTTP/1.0" 301 85116 "-" "Mozilla/5.0 (compatible; MJ12bot/v1.4.8; http://mj12bot.com/)"
144.76.120.197 - - [10/Nov/2021:09:37:31 +0100] "GET /mugs-mazagrans-c-12_57.html?page=36 HTTP/1.0" 200 85131 "-" "Mozilla/5.0 (compatible; MJ12bot/v1.4.8; http://mj12bot.com/)"
144.76.120.197 - - [10/Nov/2021:09:37:39 +0100] "GET /mugs-and-mazagrans-c-12_57.html?page=4 HTTP/1.0" 301 95633 "-" "Mozilla/5.0 (compatible; MJ12bot/v1.4.8; http://mj12bot.com/)"
144.76.120.197 - - [10/Nov/2021:09:37:47 +0100] "GET /mugs-mazagrans-c-57.html?page=4 HTTP/1.0" 301 95532 "-" "Mozilla/5.0 (compatible; MJ12bot/v1.4.8; http://mj12bot.com/)"
185.191.171.42 - - [10/Nov/2021:09:37:53 +0100] "GET /flower-life-pendant-silver-p-44404.html HTTP/1.0" 200 73231 "-" "Mozilla/5.0 (compatible; SemrushBot/7~bl; +http://www.semrush.com/bot.html)"
144.76.120.197 - - [10/Nov/2021:09:37:55 +0100] "GET /mugs-mazagrans-c-12_57.html?page=4 HTTP/1.0" 200 95548 "-" "Mozilla/5.0 (compatible; MJ12bot/v1.4.8; http://mj12bot.com/)"
144.76.120.197 - - [10/Nov/2021:09:38:02 +0100] "GET /mugs-and-mazagrans-c-12_57.html?page=5 HTTP/1.0" 301 95682 "-" "Mozilla/5.0 (compatible; MJ12bot/v1.4.8; http://mj12bot.com/)"
144.76.120.197 - - [10/Nov/2021:09:38:10 +0100] "GET /mugs-mazagrans-c-57.html?page=5 HTTP/1.0" 301 95581 "-" "Mozilla/5.0 (compatible; MJ12bot/v1.4.8; http://mj12bot.com/)"
144.76.120.197 - - [10/Nov/2021:09:38:18 +0100] "GET /mugs-mazagrans-c-12_57.html?page=5 HTTP/1.0" 200 95597 "-" "Mozilla/5.0 (compatible; MJ12bot/v1.4.8; http://mj12bot.com/)"
144.76.120.197 - - [10/Nov/2021:09:38:28 +0100] "GET /mugs-and-mazagrans-c-12_57.html?page=6 HTTP/1.0" 301 96009 "-" "Mozilla/5.0 (compatible; MJ12bot/v1.4.8; http://mj12bot.com/)"
144.76.120.197 - - [10/Nov/2021:09:38:34 +0100] "GET /mugs-mazagrans-c-57.html?page=6 HTTP/1.0" 301 95908 "-" "Mozilla/5.0 (compatible; MJ12bot/v1.4.8; http://mj12bot.com/)"
185.191.171.18 - - [10/Nov/2021:09:38:37 +0100] "GET /minions-swimming-armband-p-35064.html HTTP/1.0" 200 73361 "-" "Mozilla/5.0 (compatible; SemrushBot/7~bl; +http://www.semrush.com/bot.html)"
144.76.120.197 - - [10/Nov/2021:09:38:40 +0100] "GET /mugs-mazagrans-c-12_57.html?page=6 HTTP/1.0" 200 95924 "-" "Mozilla/5.0 (compatible; MJ12bot/v1.4.8; http://mj12bot.com/)"
185.191.171.6 - - [10/Nov/2021:09:38:40 +0100] "GET /wooden-wall-decoration-60-20-cm-tahitian-theme-p-44040.html HTTP/1.0" 301 70631 "-" "Mozilla/5.0 (compatible; SemrushBot/7~bl; +http://www.semrush.com/bot.html)"
185.191.171.19 - - [10/Nov/2021:09:38:43 +0100] "GET /-p-44040.html HTTP/1.0" 200 70564 "-" "Mozilla/5.0 (compatible; SemrushBot/7~bl; +http://www.semrush.com/bot.html)"
144.76.120.197 - - [10/Nov/2021:09:38:45 +0100] "GET /mugs-and-mazagrans-c-12_57.html?page=7 HTTP/1.0" 301 96240 "-" "Mozilla/5.0 (compatible; MJ12bot/v1.4.8; http://mj12bot.com/)"
144.76.120.197 - - [10/Nov/2021:09:38:53 +0100] "GET /mugs-mazagrans-c-57.html?page=7 HTTP/1.0" 301 96139 "-" "Mozilla/5.0 (compatible; MJ12bot/v1.4.8; http://mj12bot.com/)"
