144.76.120.197 - - [10/Nov/2021:09:38:58 +0100] "GET /mugs-mazagrans-c-12_57.html?page=7 HTTP/1.0" 200 96155 "-" "Mozilla/5.0 (compatible; MJ12bot/v1.4.8; http://mj12bot.com/)"
144.76.120.197 - - [10/Nov/2021:09:39:05 +0100] "GET /mugs-and-mazagrans-c-12_57.html?page=8 HTTP/1.0" 301 96188 "-" "Mozilla/5.0 (compatible; MJ12bot/v1.4.8; http://mj12bot.com/)"
144.76.120.197 - - [10/Nov/2021:09:39:11 +0100] "GET /mugs-mazagrans-c-57.html?page=8 HTTP/1.0" 301 96087 "-" "Mozilla/5.0 (compatible; MJ12bot/v1.4.8; http://mj12bot.com/)"
144.76.120.197 - - [10/Nov/2021:09:39:18 +0100] "GET /mugs-mazagrans-c-12_57.html?page=8 HTTP/1.0" 200 96103 "-" "Mozilla/5.0 (compatible; MJ12bot/v1.4.8; http://mj12bot.com/)"
144.76.120.197 - - [10/Nov/2021:09:39:26 +0100] "GET /mugs-and-mazagrans-c-12_57.html?page=9 HTTP/1.0" 301 96165 "-" "Mozilla/5.0 (compatible; MJ12bot/v1.4.8; http://mj12bot.com/)"
77.88.5.246 - - [10/Nov/2021:09:39:31 +0100] "GET /images/4010070222765.jpg HTTP/1.0" 200 259 "-" "Mozilla/5.0 (compatible; YandexImages/3.0; +http://yandex.com/bots)"
185.191.171.23 - - [10/Nov/2021:09:39:31 +0100] "GET /adhesive-roll-velvet-pattern-p-55804.html?action=add_product HTTP/1.0" 302 476 "-" "Mozilla/5.0 (compatible; SemrushBot/7~bl; +http://www.semrush.com/bot.html)"
185.191.171.42 - - [10/Nov/2021:09:39:34 +0100] "GET /light-grey-lampshade-p-56444.html HTTP/1.0" 200 73279 "-" "Mozilla/5.0 (compatible; SemrushBot/7~bl; +http://www.semrush.com/bot.html)"
157.55.39.73 - - [10/Nov/2021:09:39:34 +0100] "GET /egyptian-pottery-frame-canvas-p-31952.html HTTP/1.0" 200 73303 "-" "Mozilla/5.0 (compatible; bingbot/2.0; +http://www.bing.com/bingbot.htm)"
144.76.120.197 - - [10/Nov/2021:09:39:34 +0100] "GET /mugs-mazagrans-c-57.html?page=9 HTTP/1.0" 301 96064 "-" "Mozilla/5.0 (compatible; MJ12bot/v1.4.8; http://mj12bot.com/)"
54.36.148.206 - - [10/Nov/2021:09:39:37 +0100] "GET /stone-amethyst-sold-weight-grams-p-46544.html HTTP/1.0" 200 74237 "-" "Mozilla/5.0 (compatible; AhrefsBot/7.0; +http://ahrefs.com/robot/)"
54.36.148.22 - - [10/Nov/2021:09:39:38 +0100] "GET /images/med_prod/1384010176542.jpg HTTP/1.0" 200 268 "-" "Mozilla/5.0 (compatible; AhrefsBot/7.0; +http://ahrefs.com/robot/)"
144.76.120.197 - - [10/Nov/2021:09:39:40 +0100] "GET /mugs-mazagrans-c-12_57.html?page=9 HTTP/1.0" 200 96080 "-" "Mozilla/5.0 (compatible; MJ12bot/v1.4.8; http://mj12bot.com/)"
144.76.120.197 - - [10/Nov/2021:09:39:46 +0100] "GET /mugs-and-mazagrans-c-13_12_57.html?page=30 HTTP/1.0" 301 97829 "-" "Mozilla/5.0 (compatible; MJ12bot/v1.4.8; http://mj12bot.com/)"
144.76.120.197 - - [10/Nov/2021:09:39:49 +0100] "GET /mugs-mazagrans-c-57.html?page=30 HTTP/1.0" 301 97515 "-" "Mozilla/5.0 (compatible; MJ12bot/v1.4.8; http://mj12bot.com/)"
144.76.120.197 - - [10/Nov/2021:09:39:55 +0100] "GET /mugs-mazagrans-c-12_57.html?page=30 HTTP/1.0" 200 97530 "-" "Mozilla/5.0 (compatible; MJ12bot/v1.4.8; http://mj12bot.com/)"
114.119.128.34 - - [10/Nov/2021:09:39:58 +0100] "GET /tropical-home-tray-p-45515.html HTTP/1.0" 200 70678 "-" "Mozilla/5.0 (Linux; Android 7.0;) AppleWebKit/537.36 (KHTML, like Gecko) Mobile Safari/537.36 (compatible; PetalBot;+https://webmaster.petalsearch.com/site/petalbot)"
144.76.120.197 - - [10/Nov/2021:09:40:01 +0100] "GET /mugs-and-mazagrans-c-13_12_57.html?page=31 HTTP/1.0" 301 85364 "-" "Mozilla/5.0 (compatible; MJ12bot/v1.4.8; http://mj12bot.com/)"
144.76.120.197 - - [10/Nov/2021:09:40:08 +0100] "GET /mugs-mazagrans-c-57.html?page=31 HTTP/1.0" 301 85116 "-" "Mozilla/5.0 (compatible; MJ12bot/v1.4.8; http://mj12bot.com/)"
144.76.120.197 - - [10/Nov/2021:09:40:15 +0100] "GET /mugs-mazagrans-c-12_57.html?page=31 HTTP/1.0" 200 85131 "-" "Mozilla/5.0 (compatible; MJ12bot/v1.4.8; http://mj12bot.com/)"
144.76.120.197 - - [10/Nov/2021:09:40:23 +0100] "GET /mugs-mazagrans-c-12_57.html?page=20 HTTP/1.0" 200 97327 "-" "Mozilla/5.0 (compatible; MJ12bot/v1.4.8; http://mj12bot.com/)"
144.76.120.197 - - [10/Nov/2021:09:40:30 +0100] "GET /mugs-mazagrans-c-12_57.html?page=21 HTTP/1.0" 200 96590 "-" "Mozilla/5.0 (compatible; MJ12bot/v1.4.8; http://mj12bot.com/)"
144.76.120.197 - - [10/Nov/2021:09:40:36 +0100] "GET /mugs-mazagrans-c-12_57.html?page=30 HTTP/1.0" 200 97530 "-" "Mozilla/5.0 (compatible; MJ12bot/v1.4.8; http://mj12bot.com/)"
144.76.120.197 - - [10/Nov/2021:09:40:44 +0100] "GET /mugs-mazagrans-c-12_57.html?page=31 HTTP/1.0" 200 85131 "-" "Mozilla/5.0 (compatible; MJ12bot/v1.4.8; http://mj12bot.com/)"
144.76.120.197 - - [10/Nov/2021:09:40:53 +0100] "GET /mugs-mazagrans-c-12_57.html?page=5 HTTP/1.0" 200 95597 "-" "Mozilla/5.0 (compatible; MJ12bot/v1.4.8; http://mj12bot.com/)"
185.191.171.25 - - [10/Nov/2021:09:40:54 +0100] "GET /paris-la-petite-reine-cotton-kitchen-towel-made-in-france-p-36630.html HTTP/1.0" 301 73604 "-" "Mozilla/5.0 (compatible; SemrushBot/7~bl; +http://www.semrush.com/bot.html)"
185.191.171.15 - - [10/Nov/2021:09:40:56 +0100] "GET /paris-petite-reine-cotton-kitchen-towel-made-france-p-36630.html HTTP/1.0" 200 73486 "-" "Mozilla/5.0 (compatible; SemrushBot/7~bl; +http://www.semrush.com/bot.html)"
144.76.120.197 - - [10/Nov/2021:09:40:59 +0100] "GET /mugs-mazagrans-c-57.html?page=20 HTTP/1.0" 301 97312 "-" "Mozilla/5.0 (compatible; MJ12bot/v1.4.8; http://mj12bot.com/)"
144.76.120.197 - - [10/Nov/2021:09:41:07 +0100] "GET /mugs-mazagrans-c-12_57.html?page=20 HTTP/1.0" 200 97327 "-" "Mozilla/5.0 (compatible; MJ12bot/v1.4.8; http://mj12bot.com/)"
144.76.120.197 - - [10/Nov/2021:09:41:12 +0100] "GET /mugs-mazagrans-c-57.html?page=21 HTTP/1.0" 301 96575 "-" "Mozilla/5.0 (compatible; MJ12bot/v1.4.8; http://mj12bot.com/)"
144.76.120.197 - - [10/Nov/2021:09:41:19 +0100] "GET /mugs-mazagrans-c-12_57.html?page=21 HTTP/1.0" 200 96590 "-" "Mozilla/5.0 (compatible; MJ12bot/v1.4.8; http://mj12bot.com/)"
185.191.171.40 - - [10/Nov/2021:09:41:24 +0100] "GET /zodiac-white-women-shirt-p-30795.html HTTP/1.0" 200 75225 "-" "Mozilla/5.0 (compatible; SemrushBot/7~bl; +http://www.semrush.com/bot.html)"
144.76.120.197 - - [10/Nov/2021:09:41:26 +0100] "GET /mugs-mazagrans-c-57.html?page=30 HTTP/1.0" 301 97515 "-" "Mozilla/5.0 (compatible; MJ12bot/v1.4.8; http://mj12bot.com/)"
144.76.120.197 - - [10/Nov/2021:09:41:32 +0100] "GET /mugs-mazagrans-c-12_57.html?page=30 HTTP/1.0" 200 97530 "-" "Mozilla/5.0 (compatible; MJ12bot/v1.4.8; http://mj12bot.com/)"
185.191.171.11 - - [10/Nov/2021:09:41:38 +0100] "GET /sonny-angel-figure-12th-anniversary-p-36107.html HTTP/1.0" 200 73644 "-" "Mozilla/5.0 (compatible; SemrushBot/7~bl; +http://www.semrush.com/bot.html)"
144.76.120.197 - - [10/Nov/2021:09:41:40 +0100] "GET /mugs-mazagrans-c-57.html?page=31 HTTP/1.0" 301 85116 "-" "Mozilla/5.0 (compatible; MJ12bot/v1.4.8; http://mj12bot.com/)"
144.76.120.197 - - [10/Nov/2021:09:41:47 +0100] "GET /mugs-mazagrans-c-12_57.html?page=31 HTTP/1.0" 200 85131 "-" "Mozilla/5.0 (compatible; MJ12bot/v1.4.8; http://mj12bot.com/)"
144.76.120.197 - - [10/Nov/2021:09:41:54 +0100] "GET /mugs-mazagrans-c-57.html?page=5 HTTP/1.0" 301 95581 "-" "Mozilla/5.0 (compatible; MJ12bot/v1.4.8; http://mj12bot.com/)"
54.36.148.53 - - [10/Nov/2021:09:41:55 +0100] "GET /images/big_prod/4029811426188a.jpg HTTP/1.0" 200 269 "-" "Mozilla/5.0 (compatible; AhrefsBot/7.0; +http://ahrefs.com/robot/)"
144.76.120.197 - - [10/Nov/2021:09:42:01 +0100] "GET /mugs-mazagrans-c-12_57.html?page=5 HTTP/1.0" 200 95597 "-" "Mozilla/5.0 (compatible; MJ12bot/v1.4.8; http://mj12bot.com/)"
185.191.171.37 - - [10/Nov/2021:09:42:01 +0100] "GET /galileo-thermometer-indoors-p-50140.html HTTP/1.0" 200 73330 "-" "Mozilla/5.0 (compatible; SemrushBot/7~bl; +http://www.semrush.com/bot.html)"
185.191.171.12 - - [10/Nov/2021:09:42:05 +0100] "GET /incense-reiki-grams-about-sticks-p-54243.html HTTP/1.0" 301 70631 "-" "Mozilla/5.0 (compatible; SemrushBot/7~bl; +http://www.semrush.com/bot.html)"
185.191.171.6 - - [10/Nov/2021:09:42:06 +0100] "GET /-p-54243.html HTTP/1.0" 200 70564 "-" "Mozilla/5.0 (compatible; SemrushBot/7~bl; +http://www.semrush.com/bot.html)"
54.36.149.62 - - [10/Nov/2021:09:42:07 +0100] "GET /dubout-cats-hang-p-34470.html HTTP/1.0" 200 73216 "-" "Mozilla/5.0 (compatible; AhrefsBot/7.0; +http://ahrefs.com/robot/)"
144.76.120.197 - - [10/Nov/2021:09:42:08 +0100] "GET /mummy-charming-dekor-bedclothes-240-220-cm-p-41776.html HTTP/1.0" 301 70631 "-" "Mozilla/5.0 (compatible; MJ12bot/v1.4.8; http://mj12bot.com/)"
144.76.120.197 - - [10/Nov/2021:09:42:13 +0100] "GET /-p-41776.html HTTP/1.0" 200 70564 "-" "Mozilla/5.0 (compatible; MJ12bot/v1.4.8; http://mj12bot.com/)"
144.76.120.197 - - [10/Nov/2021:09:42:20 +0100] "GET /muzeum-blue-mug-p-28664.html HTTP/1.0" 301 70631 "-" "Mozilla/5.0 (compatible; MJ12bot/v1.4.8; http://mj12bot.com/)"
144.76.120.197 - - [10/Nov/2021:09:42:27 +0100] "GET /-p-28664.html HTTP/1.0" 200 70564 "-" "Mozilla/5.0 (compatible; MJ12bot/v1.4.8; http://mj12bot.com/)"
144.76.120.197 - - [10/Nov/2021:09:42:34 +0100] "GET /mv-agusta-f4-rr-2012-112-p-30523.html HTTP/1.0" 301 70730 "-" "Mozilla/5.0 (compatible; MJ12bot/v1.4.8; http://mj12bot.com/)"
144.76.120.197 - - [10/Nov/2021:09:42:41 +0100] "GET /agusta-2012-p-30523.html HTTP/1.0" 200 70652 "-" "Mozilla/5.0 (compatible; MJ12bot/v1.4.8; http://mj12bot.com/)"
144.76.120.197 - - [10/Nov/2021:09:42:48 +0100] "GET /my-favourite-friends-kitten-kids-school-backpack-p-41084.html HTTP/1.0" 301 70631 "-" "Mozilla/5.0 (compatible; MJ12bot/v1.4.8; http://mj12bot.com/)"
157.55.39.71 - - [10/Nov/2021:09:42:54 +0100] "GET /flatwares-c-12_63.html HTTP/1.0" 200 89717 "-" "Mozilla/5.0 (compatible; bingbot/2.0; +http://www.bing.com/bingbot.htm)"
144.76.120.197 - - [10/Nov/2021:09:42:56 +0100] "GET /-p-41084.html HTTP/1.0" 200 70564 "-" "Mozilla/5.0 (compatible; MJ12bot/v1.4.8; http://mj12bot.com/)"
114.119.128.34 - - [10/Nov/2021:09:43:00 +0100] "GET /fragrances-of-ambiance-c-231.html?page=14 HTTP/1.0" 301 93890 "-" "Mozilla/5.0 (Linux; Android 7.0;) AppleWebKit/537.36 (KHTML, like Gecko) Mobile Safari/537.36 (compatible; PetalBot;+https://webmaster.petalsearch.com/site/petalbot)"
114.119.128.34 - - [10/Nov/2021:09:43:02 +0100] "GET /fragrances-ambiance-c-231.html?page=14 HTTP/1.0" 200 93798 "-" "Mozilla/5.0 (Linux; Android 7.0;) AppleWebKit/537.36 (KHTML, like Gecko) Mobile Safari/537.36 (compatible; PetalBot;+https://webmaster.petalsearch.com/site/petalbot)"
144.76.120.197 - - [10/Nov/2021:09:43:03 +0100] "GET /my-favourite-friends-puppy-kids-school-backpack-p-36204.html HTTP/1.0" 301 70847 "-" "Mozilla/5.0 (compatible; MJ12bot/v1.4.8; http://mj12bot.com/)"
185.191.171.6 - - [10/Nov/2021:09:43:09 +0100] "GET /marilyn-movie-metal-clock-p-6342.html HTTP/1.0" 200 73203 "-" "Mozilla/5.0 (compatible; SemrushBot/7~bl; +http://www.semrush.com/bot.html)"
144.76.120.197 - - [10/Nov/2021:09:43:13 +0100] "GET /favourite-friends-puppy-kids-school-backpack-p-36204.html HTTP/1.0" 200 70736 "-" "Mozilla/5.0 (compatible; MJ12bot/v1.4.8; http://mj12bot.com/)"
64.233.173.239 - - [10/Nov/2021:09:43:22 +0100] "GET /images/big_prod_1/6941448608196b.jpg HTTP/1.0" 200 271 "-" "Mozilla/5.0 (Windows NT 5.1; rv:11.0) Gecko Firefox/11.0 (via ggpht.com GoogleImageProxy)"
144.76.120.197 - - [10/Nov/2021:09:43:22 +0100] "GET /my-favourite-friends-puppy-kids-school-backpack-p-41086.html HTTP/1.0" 301 73611 "-" "Mozilla/5.0 (compatible; MJ12bot/v1.4.8; http://mj12bot.com/)"
157.55.39.69 - - [10/Nov/2021:09:43:25 +0100] "GET /images/3609810020887.jpg HTTP/1.0" 200 259 "-" "Mozilla/5.0 (compatible; bingbot/2.0; +http://www.bing.com/bingbot.htm)"
144.76.120.197 - - [10/Nov/2021:09:43:29 +0100] "GET /favourite-friends-puppy-kids-school-backpack-p-41086.html HTTP/1.0" 200 73500 "-" "Mozilla/5.0 (compatible; MJ12bot/v1.4.8; http://mj12bot.com/)"
144.76.120.197 - - [10/Nov/2021:09:43:36 +0100] "GET /my-first-heli-station-p-34985.html HTTP/1.0" 301 70739 "-" "Mozilla/5.0 (compatible; MJ12bot/v1.4.8; http://mj12bot.com/)"
144.76.120.197 - - [10/Nov/2021:09:43:42 +0100] "GET /first-heli-station-p-34985.html HTTP/1.0" 200 70654 "-" "Mozilla/5.0 (compatible; MJ12bot/v1.4.8; http://mj12bot.com/)"
144.76.120.197 - - [10/Nov/2021:09:43:49 +0100] "GET /my-little-pony-mini-led-glitter-shake-and-shine-p-31922.html HTTP/1.0" 301 73817 "-" "Mozilla/5.0 (compatible; MJ12bot/v1.4.8; http://mj12bot.com/)"
66.102.9.243 - - [10/Nov/2021:09:43:55 +0100] "GET /images/big_prod_1/b8718375754795.jpg HTTP/1.0" 200 271 "-" "Mozilla/5.0 (Windows NT 5.1; rv:11.0) Gecko Firefox/11.0 (via ggpht.com GoogleImageProxy)"
144.76.120.197 - - [10/Nov/2021:09:43:57 +0100] "GET /little-pony-mini-glitter-shake-shine-p-31922.html HTTP/1.0" 200 73714 "-" "Mozilla/5.0 (compatible; MJ12bot/v1.4.8; http://mj12bot.com/)"
185.191.171.38 - - [10/Nov/2021:09:44:00 +0100] "GET /vintage-car-long-beach-wooden-wall-decoration-to-hang-p-36035.html HTTP/1.0" 301 73644 "-" "Mozilla/5.0 (compatible; SemrushBot/7~bl; +http://www.semrush.com/bot.html)"
185.191.171.39 - - [10/Nov/2021:09:44:02 +0100] "GET /vintage-long-beach-wooden-wall-decoration-hang-p-36035.html HTTP/1.0" 200 73531 "-" "Mozilla/5.0 (compatible; SemrushBot/7~bl; +http://www.semrush.com/bot.html)"
144.76.120.197 - - [10/Nov/2021:09:44:04 +0100] "GET /my-little-pony-mini-led-glitter-shake-and-shine-p-31923.html HTTP/1.0" 301 70631 "-" "Mozilla/5.0 (compatible; MJ12bot/v1.4.8; http://mj12bot.com/)"
144.76.120.197 - - [10/Nov/2021:09:44:10 +0100] "GET /-p-31923.html HTTP/1.0" 200 70564 "-" "Mozilla/5.0 (compatible; MJ12bot/v1.4.8; http://mj12bot.com/)"
54.36.149.1 - - [10/Nov/2021:09:44:11 +0100] "GET /images/big_prod_1/4029811426188.jpg HTTP/1.0" 200 270 "-" "Mozilla/5.0 (compatible; AhrefsBot/7.0; +http://ahrefs.com/robot/)"
144.76.120.197 - - [10/Nov/2021:09:44:18 +0100] "GET /my-little-pony-mini-led-glitter-shake-and-shine-p-31924.html HTTP/1.0" 301 70823 "-" "Mozilla/5.0 (compatible; MJ12bot/v1.4.8; http://mj12bot.com/)"
144.76.120.197 - - [10/Nov/2021:09:44:25 +0100] "GET /little-pony-mini-glitter-shake-shine-p-31924.html HTTP/1.0" 200 70720 "-" "Mozilla/5.0 (compatible; MJ12bot/v1.4.8; http://mj12bot.com/)"
54.36.148.189 - - [10/Nov/2021:09:44:25 +0100] "GET /-c-97_196.html HTTP/1.0" 200 69474 "-" "Mozilla/5.0 (compatible; AhrefsBot/7.0; +http://ahrefs.com/robot/)"
51.68.224.127 - - [10/Nov/2021:09:44:26 +0100] "GET /adminweb/export_orders_xml.php?token=256de2z6edz6ed2z6DFSFsed2zed6zeDSFDSGdzedezfzf&maxorders=10&orderstart=1&status=14&start_date=2018-10-01 HTTP/1.0" 200 285 "-" "GesCom CharlotteBoutik Serveur"
51.68.224.127 - - [10/Nov/2021:09:44:26 +0100] "GET /adminweb/export_orders_xml.php?token=256de2z6edz6ed2z6DFSFsed2zed6zeDSFDSGdzedezfzf&maxorders=10&orderstart=1&status=6&start_date=2018-10-01 HTTP/1.0" 200 32471 "-" "GesCom CharlotteBoutik Serveur"
144.76.120.197 - - [10/Nov/2021:09:44:32 +0100] "GET /new-day-britto-doormat-75-45-cm-p-33332.html HTTP/1.0" 301 70631 "-" "Mozilla/5.0 (compatible; MJ12bot/v1.4.8; http://mj12bot.com/)"
144.76.120.197 - - [10/Nov/2021:09:44:39 +0100] "GET /-p-33332.html HTTP/1.0" 200 70564 "-" "Mozilla/5.0 (compatible; MJ12bot/v1.4.8; http://mj12bot.com/)"
144.76.120.197 - - [10/Nov/2021:09:44:47 +0100] "GET /new-york-yankees-bag-p-26325.html HTTP/1.0" 301 70631 "-" "Mozilla/5.0 (compatible; MJ12bot/v1.4.8; http://mj12bot.com/)"
144.76.120.197 - - [10/Nov/2021:09:44:54 +0100] "GET /-p-26325.html HTTP/1.0" 200 70564 "-" "Mozilla/5.0 (compatible; MJ12bot/v1.4.8; http://mj12bot.com/)"
144.76.120.197 - - [10/Nov/2021:09:45:02 +0100] "GET /new-york-yankees-workbook-p-40864.html HTTP/1.0" 301 73454 "-" "Mozilla/5.0 (compatible; MJ12bot/v1.4.8; http://mj12bot.com/)"
185.191.171.14 - - [10/Nov/2021:09:45:09 +0100] "GET /nightmare-before-christmas-sally-figurine-p-53358.html HTTP/1.0" 200 70726 "-" "Mozilla/5.0 (compatible; SemrushBot/7~bl; +http://www.semrush.com/bot.html)"
144.76.120.197 - - [10/Nov/2021:09:45:10 +0100] "GET /york-yankees-workbook-p-40864.html HTTP/1.0" 200 73366 "-" "Mozilla/5.0 (compatible; MJ12bot/v1.4.8; http://mj12bot.com/)"
185.191.171.22 - - [10/Nov/2021:09:45:12 +0100] "GET /pillow-protector-bolster-protector-c-11_276.html?page=1 HTTP/1.0" 200 83647 "-" "Mozilla/5.0 (compatible; SemrushBot/7~bl; +http://www.semrush.com/bot.html)"
144.76.120.197 - - [10/Nov/2021:09:45:21 +0100] "GET /nice-by-eff-hey-trivet-p-41050.html HTTP/1.0" 301 70702 "-" "Mozilla/5.0 (compatible; MJ12bot/v1.4.8; http://mj12bot.com/)"
144.76.120.197 - - [10/Nov/2021:09:45:27 +0100] "GET /nice-trivet-p-41050.html HTTP/1.0" 200 70624 "-" "Mozilla/5.0 (compatible; MJ12bot/v1.4.8; http://mj12bot.com/)"
109.73.36.242 - - [10/Nov/2021:09:45:28 +0100] "GET /harley-davidson-parking-only-metal-plate-p-23299.html HTTP/1.0" 200 73438 "-" "Mozilla/5.0 (Windows NT 10.0; Win64; x64) AppleWebKit/537.36 (KHTML, like Gecko) Chrome/94.0.4606.81 Safari/537.36 OPR/80.0.4170.63"
109.73.36.242 - - [10/Nov/2021:09:45:29 +0100] "GET /templates/Pixame_v1/stylesheet.css HTTP/1.0" 200 267 "http://www.wonder-geek.com/harley-davidson-parking-only-metal-plate-p-23299.html" "Mozilla/5.0 (Windows NT 10.0; Win64; x64) AppleWebKit/537.36 (KHTML, like Gecko) Chrome/94.0.4606.81 Safari/537.36 OPR/80.0.4170.63"
109.73.36.242 - - [10/Nov/2021:09:45:30 +0100] "GET /highslide/highslide.js HTTP/1.0" 200 262 "http://www.wonder-geek.com/harley-davidson-parking-only-metal-plate-p-23299.html" "Mozilla/5.0 (Windows NT 10.0; Win64; x64) AppleWebKit/537.36 (KHTML, like Gecko) Chrome/94.0.4606.81 Safari/537.36 OPR/80.0.4170.63"
109.73.36.242 - - [10/Nov/2021:09:45:30 +0100] "GET /js/jquery.jqzoom.js HTTP/1.0" 200 259 "http://www.wonder-geek.com/harley-davidson-parking-only-metal-plate-p-23299.html" "Mozilla/5.0 (Windows NT 10.0; Win64; x64) AppleWebKit/537.36 (KHTML, like Gecko) Chrome/94.0.4606.81 Safari/537.36 OPR/80.0.4170.63"
109.73.36.242 - - [10/Nov/2021:09:45:30 +0100] "GET /js/jquery.js HTTP/1.0" 200 252 "http://www.wonder-geek.com/harley-davidson-parking-only-metal-plate-p-23299.html" "Mozilla/5.0 (Windows NT 10.0; Win64; x64) AppleWebKit/537.36 (KHTML, like Gecko) Chrome/94.0.4606.81 Safari/537.36 OPR/80.0.4170.63"
109.73.36.242 - - [10/Nov/2021:09:45:30 +0100] "GET /mondial_relay/js/jquery-1.3.2.min.js HTTP/1.0" 200 276 "http://www.wonder-geek.com/harley-davidson-parking-only-metal-plate-p-23299.html" "Mozilla/5.0 (Windows NT 10.0; Win64; x64) AppleWebKit/537.36 (KHTML, like Gecko) Chrome/94.0.4606.81 Safari/537.36 OPR/80.0.4170.63"
109.73.36.242 - - [10/Nov/2021:09:45:30 +0100] "GET /swfobject.js HTTP/1.0" 404 1308 "http://www.wonder-geek.com/harley-davidson-parking-only-metal-plate-p-23299.html" "Mozilla/5.0 (Windows NT 10.0; Win64; x64) AppleWebKit/537.36 (KHTML, like Gecko) Chrome/94.0.4606.81 Safari/537.36 OPR/80.0.4170.63"
109.73.36.242 - - [10/Nov/2021:09:45:30 +0100] "GET /templates/Pixame_v1/images/icon_accueil2.png HTTP/1.0" 200 278 "http://www.wonder-geek.com/harley-davidson-parking-only-metal-plate-p-23299.html" "Mozilla/5.0 (Windows NT 10.0; Win64; x64) AppleWebKit/537.36 (KHTML, like Gecko) Chrome/94.0.4606.81 Safari/537.36 OPR/80.0.4170.63"
109.73.36.242 - - [10/Nov/2021:09:45:30 +0100] "GET /templates/Pixame_v1/images/infobox/pixel_trans.gif HTTP/1.0" 200 328 "http://www.wonder-geek.com/harley-davidson-parking-only-metal-plate-p-23299.html" "Mozilla/5.0 (Windows NT 10.0; Win64; x64) AppleWebKit/537.36 (KHTML, like Gecko) Chrome/94.0.4606.81 Safari/537.36 OPR/80.0.4170.63"
109.73.36.242 - - [10/Nov/2021:09:45:30 +0100] "GET /images/pixel_trans.gif HTTP/1.0" 200 328 "http://www.wonder-geek.com/harley-davidson-parking-only-metal-plate-p-23299.html" "Mozilla/5.0 (Windows NT 10.0; Win64; x64) AppleWebKit/537.36 (KHTML, like Gecko) Chrome/94.0.4606.81 Safari/537.36 OPR/80.0.4170.63"
109.73.36.242 - - [10/Nov/2021:09:45:30 +0100] "GET /templates/Pixame_v1/images/pixel_trans.gif HTTP/1.0" 200 328 "http://www.wonder-geek.com/harley-davidson-parking-only-metal-plate-p-23299.html" "Mozilla/5.0 (Windows NT 10.0; Win64; x64) AppleWebKit/537.36 (KHTML, like Gecko) Chrome/94.0.4606.81 Safari/537.36 OPR/80.0.4170.63"
109.73.36.242 - - [10/Nov/2021:09:45:30 +0100] "GET /templates/Pixame_v1/images/buttons/english/button_in_cart.gif HTTP/1.0" 200 295 "http://www.wonder-geek.com/harley-davidson-parking-only-metal-plate-p-23299.html" "Mozilla/5.0 (Windows NT 10.0; Win64; x64) AppleWebKit/537.36 (KHTML, like Gecko) Chrome/94.0.4606.81 Safari/537.36 OPR/80.0.4170.63"
109.73.36.242 - - [10/Nov/2021:09:45:30 +0100] "GET /templates/Pixame_v1/images/Bottom_texture.jpg HTTP/1.0" 200 280 "http://www.wonder-geek.com/templates/Pixame_v1/stylesheet.css" "Mozilla/5.0 (Windows NT 10.0; Win64; x64) AppleWebKit/537.36 (KHTML, like Gecko) Chrome/94.0.4606.81 Safari/537.36 OPR/80.0.4170.63"
109.73.36.242 - - [10/Nov/2021:09:45:30 +0100] "GET /images/big_prod/4036113261171.jpg HTTP/1.0" 200 268 "http://www.wonder-geek.com/harley-davidson-parking-only-metal-plate-p-23299.html" "Mozilla/5.0 (Windows NT 10.0; Win64; x64) AppleWebKit/537.36 (KHTML, like Gecko) Chrome/94.0.4606.81 Safari/537.36 OPR/80.0.4170.63"
109.73.36.242 - - [10/Nov/2021:09:45:30 +0100] "GET /templates/Pixame_v1/images/Middle_texture.jpg HTTP/1.0" 200 280 "http://www.wonder-geek.com/templates/Pixame_v1/stylesheet.css" "Mozilla/5.0 (Windows NT 10.0; Win64; x64) AppleWebKit/537.36 (KHTML, like Gecko) Chrome/94.0.4606.81 Safari/537.36 OPR/80.0.4170.63"
109.73.36.242 - - [10/Nov/2021:09:45:30 +0100] "GET /templates/Pixame_v1/images/nav.png HTTP/1.0" 200 268 "http://www.wonder-geek.com/templates/Pixame_v1/stylesheet.css" "Mozilla/5.0 (Windows NT 10.0; Win64; x64) AppleWebKit/537.36 (KHTML, like Gecko) Chrome/94.0.4606.81 Safari/537.36 OPR/80.0.4170.63"
109.73.36.242 - - [10/Nov/2021:09:45:30 +0100] "GET /templates/Pixame_v1/images/header.png HTTP/1.0" 200 271 "http://www.wonder-geek.com/templates/Pixame_v1/stylesheet.css" "Mozilla/5.0 (Windows NT 10.0; Win64; x64) AppleWebKit/537.36 (KHTML, like Gecko) Chrome/94.0.4606.81 Safari/537.36 OPR/80.0.4170.63"
109.73.36.242 - - [10/Nov/2021:09:45:30 +0100] "GET /templates/Pixame_v1/images/header-object.png HTTP/1.0" 200 278 "http://www.wonder-geek.com/templates/Pixame_v1/stylesheet.css" "Mozilla/5.0 (Windows NT 10.0; Win64; x64) AppleWebKit/537.36 (KHTML, like Gecko) Chrome/94.0.4606.81 Safari/537.36 OPR/80.0.4170.63"
109.73.36.242 - - [10/Nov/2021:09:45:30 +0100] "GET /swfobject.js HTTP/1.0" 404 1308 "http://www.wonder-geek.com/harley-davidson-parking-only-metal-plate-p-23299.html" "Mozilla/5.0 (Windows NT 10.0; Win64; x64) AppleWebKit/537.36 (KHTML, like Gecko) Chrome/94.0.4606.81 Safari/537.36 OPR/80.0.4170.63"
109.73.36.242 - - [10/Nov/2021:09:45:31 +0100] "GET /design/productsenstock.png HTTP/1.0" 200 260 "http://www.wonder-geek.com/templates/Pixame_v1/stylesheet.css" "Mozilla/5.0 (Windows NT 10.0; Win64; x64) AppleWebKit/537.36 (KHTML, like Gecko) Chrome/94.0.4606.81 Safari/537.36 OPR/80.0.4170.63"
109.73.36.242 - - [10/Nov/2021:09:45:31 +0100] "GET /templates/Pixame_v1/images/infobox/infobox_footer_middle.gif HTTP/1.0" 200 357 "http://www.wonder-geek.com/harley-davidson-parking-only-metal-plate-p-23299.html" "Mozilla/5.0 (Windows NT 10.0; Win64; x64) AppleWebKit/537.36 (KHTML, like Gecko) Chrome/94.0.4606.81 Safari/537.36 OPR/80.0.4170.63"
109.73.36.242 - - [10/Nov/2021:09:45:31 +0100] "GET /highslide/graphics/zoomin.cur HTTP/1.0" 200 614 "http://www.wonder-geek.com/templates/Pixame_v1/stylesheet.css" "Mozilla/5.0 (Windows NT 10.0; Win64; x64) AppleWebKit/537.36 (KHTML, like Gecko) Chrome/94.0.4606.81 Safari/537.36 OPR/80.0.4170.63"
109.73.36.242 - - [10/Nov/2021:09:45:32 +0100] "GET /highslide/graphics/outlines/drop-shadow.png HTTP/1.0" 200 277 "http://www.wonder-geek.com/harley-davidson-parking-only-metal-plate-p-23299.html" "Mozilla/5.0 (Windows NT 10.0; Win64; x64) AppleWebKit/537.36 (KHTML, like Gecko) Chrome/94.0.4606.81 Safari/537.36 OPR/80.0.4170.63"
109.73.36.242 - - [10/Nov/2021:09:45:32 +0100] "GET /highslide/graphics/zoomout.cur HTTP/1.0" 200 614 "http://www.wonder-geek.com/harley-davidson-parking-only-metal-plate-p-23299.html" "Mozilla/5.0 (Windows NT 10.0; Win64; x64) AppleWebKit/537.36 (KHTML, like Gecko) Chrome/94.0.4606.81 Safari/537.36 OPR/80.0.4170.63"
109.73.36.242 - - [10/Nov/2021:09:45:32 +0100] "GET /favicon.ico HTTP/1.0" 200 260 "http://www.wonder-geek.com/harley-davidson-parking-only-metal-plate-p-23299.html" "Mozilla/5.0 (Windows NT 10.0; Win64; x64) AppleWebKit/537.36 (KHTML, like Gecko) Chrome/94.0.4606.81 Safari/537.36 OPR/80.0.4170.63"
109.73.36.242 - - [10/Nov/2021:09:45:32 +0100] "GET /highslide/graphics/loader.white.gif HTTP/1.0" 200 960 "http://www.wonder-geek.com/templates/Pixame_v1/stylesheet.css" "Mozilla/5.0 (Windows NT 10.0; Win64; x64) AppleWebKit/537.36 (KHTML, like Gecko) Chrome/94.0.4606.81 Safari/537.36 OPR/80.0.4170.63"
144.76.120.197 - - [10/Nov/2021:09:45:35 +0100] "GET /nice-trivet-p-41050.html HTTP/1.0" 200 70624 "-" "Mozilla/5.0 (compatible; MJ12bot/v1.4.8; http://mj12bot.com/)"
185.191.171.10 - - [10/Nov/2021:09:45:35 +0100] "GET /little-buddha-glasses-case-blue-p-50254.html HTTP/1.0" 200 70668 "-" "Mozilla/5.0 (compatible; SemrushBot/7~bl; +http://www.semrush.com/bot.html)"
144.76.120.197 - - [10/Nov/2021:09:45:42 +0100] "GET /nici-big-el-the-lion-photoclip-p-4984.html HTTP/1.0" 301 70766 "-" "Mozilla/5.0 (compatible; MJ12bot/v1.4.8; http://mj12bot.com/)"
144.76.120.197 - - [10/Nov/2021:09:45:49 +0100] "GET /nici-lion-photoclip-p-4984.html HTTP/1.0" 200 70681 "-" "Mozilla/5.0 (compatible; MJ12bot/v1.4.8; http://mj12bot.com/)"
185.191.171.9 - - [10/Nov/2021:09:45:58 +0100] "GET /dory-pencil-case-p-44918.html HTTP/1.0" 200 73226 "-" "Mozilla/5.0 (compatible; SemrushBot/7~bl; +http://www.semrush.com/bot.html)"
144.76.120.197 - - [10/Nov/2021:09:45:58 +0100] "GET /nici-bubble-bat-keyring-plush-p-35199.html HTTP/1.0" 301 73343 "-" "Mozilla/5.0 (compatible; MJ12bot/v1.4.8; http://mj12bot.com/)"
185.191.171.41 - - [10/Nov/2021:09:46:00 +0100] "GET /teo-jasmin-medium-cabas-p-45864.html HTTP/1.0" 301 70724 "-" "Mozilla/5.0 (compatible; SemrushBot/7~bl; +http://www.semrush.com/bot.html)"
185.191.171.9 - - [10/Nov/2021:09:46:02 +0100] "GET /jasmin-medium-cabas-p-45864.html HTTP/1.0" 200 70638 "-" "Mozilla/5.0 (compatible; SemrushBot/7~bl; +http://www.semrush.com/bot.html)"
144.76.120.197 - - [10/Nov/2021:09:46:04 +0100] "GET /nici-bubble-keyring-plush-p-35199.html HTTP/1.0" 200 73251 "-" "Mozilla/5.0 (compatible; MJ12bot/v1.4.8; http://mj12bot.com/)"
144.76.120.197 - - [10/Nov/2021:09:46:10 +0100] "GET /nici-bubble-keyring-plush-p-35199.html HTTP/1.0" 200 73251 "-" "Mozilla/5.0 (compatible; MJ12bot/v1.4.8; http://mj12bot.com/)"
144.76.120.197 - - [10/Nov/2021:09:46:16 +0100] "GET /nici-debbie-giraffe-plush-15-cm-p-35188.html HTTP/1.0" 301 70758 "-" "Mozilla/5.0 (compatible; MJ12bot/v1.4.8; http://mj12bot.com/)"
144.76.120.197 - - [10/Nov/2021:09:46:23 +0100] "GET /nici-debbie-giraffe-plush-p-35188.html HTTP/1.0" 200 70666 "-" "Mozilla/5.0 (compatible; MJ12bot/v1.4.8; http://mj12bot.com/)"
144.76.120.197 - - [10/Nov/2021:09:46:30 +0100] "GET /nici-debbie-giraffe-plush-25-cm-p-35186.html HTTP/1.0" 301 70758 "-" "Mozilla/5.0 (compatible; MJ12bot/v1.4.8; http://mj12bot.com/)"
54.36.148.205 - - [10/Nov/2021:09:46:31 +0100] "GET /images/big_prod_2/4029811426188b.jpg HTTP/1.0" 200 271 "-" "Mozilla/5.0 (compatible; AhrefsBot/7.0; +http://ahrefs.com/robot/)"
185.191.171.39 - - [10/Nov/2021:09:46:34 +0100] "GET /angry-birds-umbrella-p-19091.html HTTP/1.0" 200 73099 "-" "Mozilla/5.0 (compatible; SemrushBot/7~bl; +http://www.semrush.com/bot.html)"
144.76.120.197 - - [10/Nov/2021:09:46:37 +0100] "GET /nici-debbie-giraffe-plush-p-35186.html HTTP/1.0" 200 70666 "-" "Mozilla/5.0 (compatible; MJ12bot/v1.4.8; http://mj12bot.com/)"
144.76.120.197 - - [10/Nov/2021:09:46:44 +0100] "GET /nici-debbie-giraffe-plush-35-cm-p-35187.html HTTP/1.0" 301 70631 "-" "Mozilla/5.0 (compatible; MJ12bot/v1.4.8; http://mj12bot.com/)"
54.36.148.65 - - [10/Nov/2021:09:46:49 +0100] "GET /amelia-lampshade-p-56322.html HTTP/1.0" 200 73798 "-" "Mozilla/5.0 (compatible; AhrefsBot/7.0; +http://ahrefs.com/robot/)"
144.76.120.197 - - [10/Nov/2021:09:46:50 +0100] "GET /-p-35187.html HTTP/1.0" 200 70564 "-" "Mozilla/5.0 (compatible; MJ12bot/v1.4.8; http://mj12bot.com/)"
185.191.171.20 - - [10/Nov/2021:09:46:53 +0100] "GET /teo-jasmin-make-up-pouch-p-44299.html HTTP/1.0" 301 70720 "-" "Mozilla/5.0 (compatible; SemrushBot/7~bl; +http://www.semrush.com/bot.html)"
185.191.171.39 - - [10/Nov/2021:09:46:55 +0100] "GET /jasmin-make-pouch-p-44299.html HTTP/1.0" 200 70636 "-" "Mozilla/5.0 (compatible; SemrushBot/7~bl; +http://www.semrush.com/bot.html)"
114.119.128.40 - - [10/Nov/2021:09:46:58 +0100] "GET /belize-clock-by-cbkreation-p-36824.html HTTP/1.0" 301 73299 "-" "Mozilla/5.0 (Linux; Android 7.0;) AppleWebKit/537.36 (KHTML, like Gecko) Mobile Safari/537.36 (compatible; PetalBot;+https://webmaster.petalsearch.com/site/petalbot)"
144.76.120.197 - - [10/Nov/2021:09:46:59 +0100] "GET /nici-debbie-giraffe-plush-p-35186.html HTTP/1.0" 200 70666 "-" "Mozilla/5.0 (compatible; MJ12bot/v1.4.8; http://mj12bot.com/)"
114.119.128.40 - - [10/Nov/2021:09:47:00 +0100] "GET /belize-clock-cbkreation-p-36824.html HTTP/1.0" 200 73209 "-" "Mozilla/5.0 (Linux; Android 7.0;) AppleWebKit/537.36 (KHTML, like Gecko) Mobile Safari/537.36 (compatible; PetalBot;+https://webmaster.petalsearch.com/site/petalbot)"
144.76.120.197 - - [10/Nov/2021:09:47:06 +0100] "GET /nici-debbie-giraffe-plush-p-35188.html HTTP/1.0" 200 70666 "-" "Mozilla/5.0 (compatible; MJ12bot/v1.4.8; http://mj12bot.com/)"
144.76.120.197 - - [10/Nov/2021:09:47:13 +0100] "GET /nici-donkey-keyring-plush-p-33668.html HTTP/1.0" 200 70680 "-" "Mozilla/5.0 (compatible; MJ12bot/v1.4.8; http://mj12bot.com/)"
147.92.153.10 - - [10/Nov/2021:09:47:18 +0100] "GET /mickey-mouse-facets-figurine-p-56731.html HTTP/1.0" 200 74539 "-" "Mozilla/5.0 (compatible; Linespider/1.1; +https://lin.ee/4dwXkTH)"
144.76.120.197 - - [10/Nov/2021:09:47:20 +0100] "GET /nici-giraffe-plush-keyring-p-35204.html HTTP/1.0" 200 70685 "-" "Mozilla/5.0 (compatible; MJ12bot/v1.4.8; http://mj12bot.com/)"
144.76.120.197 - - [10/Nov/2021:09:47:27 +0100] "GET /nici-hippopotamus-plush-15-cm-p-35172.html HTTP/1.0" 301 70748 "-" "Mozilla/5.0 (compatible; MJ12bot/v1.4.8; http://mj12bot.com/)"
144.76.120.197 - - [10/Nov/2021:09:47:33 +0100] "GET /nici-hippopotamus-plush-p-35172.html HTTP/1.0" 200 70658 "-" "Mozilla/5.0 (compatible; MJ12bot/v1.4.8; http://mj12bot.com/)"
144.76.120.197 - - [10/Nov/2021:09:47:40 +0100] "GET /nici-hippopotamus-plush-25-cm-p-35173.html HTTP/1.0" 301 70748 "-" "Mozilla/5.0 (compatible; MJ12bot/v1.4.8; http://mj12bot.com/)"
144.76.120.197 - - [10/Nov/2021:09:47:47 +0100] "GET /nici-hippopotamus-plush-p-35173.html HTTP/1.0" 200 70658 "-" "Mozilla/5.0 (compatible; MJ12bot/v1.4.8; http://mj12bot.com/)"
144.76.120.197 - - [10/Nov/2021:09:47:54 +0100] "GET /nici-hippopotamus-plush-30-cm-p-35175.html HTTP/1.0" 301 70631 "-" "Mozilla/5.0 (compatible; MJ12bot/v1.4.8; http://mj12bot.com/)"
144.76.120.197 - - [10/Nov/2021:09:48:01 +0100] "GET /-p-35175.html HTTP/1.0" 200 70564 "-" "Mozilla/5.0 (compatible; MJ12bot/v1.4.8; http://mj12bot.com/)"
144.76.120.197 - - [10/Nov/2021:09:48:08 +0100] "GET /nici-hippopotamus-plush-35-cm-p-35174.html HTTP/1.0" 301 70631 "-" "Mozilla/5.0 (compatible; MJ12bot/v1.4.8; http://mj12bot.com/)"
144.76.120.197 - - [10/Nov/2021:09:48:16 +0100] "GET /-p-35174.html HTTP/1.0" 200 70564 "-" "Mozilla/5.0 (compatible; MJ12bot/v1.4.8; http://mj12bot.com/)"
185.191.171.24 - - [10/Nov/2021:09:48:17 +0100] "GET /decorative-useful-gogh-p-55438.html?action=add_product HTTP/1.0" 302 476 "-" "Mozilla/5.0 (compatible; SemrushBot/7~bl; +http://www.semrush.com/bot.html)"
144.76.120.197 - - [10/Nov/2021:09:48:22 +0100] "GET /nici-hippopotamus-plush-keyring-p-35200.html HTTP/1.0" 200 70710 "-" "Mozilla/5.0 (compatible; MJ12bot/v1.4.8; http://mj12bot.com/)"
144.76.120.197 - - [10/Nov/2021:09:48:31 +0100] "GET /nici-hippopotamus-plush-p-35172.html HTTP/1.0" 200 70658 "-" "Mozilla/5.0 (compatible; MJ12bot/v1.4.8; http://mj12bot.com/)"
144.76.120.197 - - [10/Nov/2021:09:48:38 +0100] "GET /nici-hippopotamus-plush-p-35173.html HTTP/1.0" 200 70658 "-" "Mozilla/5.0 (compatible; MJ12bot/v1.4.8; http://mj12bot.com/)"
54.36.149.52 - - [10/Nov/2021:09:48:44 +0100] "GET /images/big_prod_3/4029811426188c.jpg HTTP/1.0" 200 271 "-" "Mozilla/5.0 (compatible; AhrefsBot/7.0; +http://ahrefs.com/robot/)"
144.76.120.197 - - [10/Nov/2021:09:48:44 +0100] "GET /nici-horse-and-butterfly-stamp-p-22395.html HTTP/1.0" 301 70790 "-" "Mozilla/5.0 (compatible; MJ12bot/v1.4.8; http://mj12bot.com/)"
144.76.120.197 - - [10/Nov/2021:09:48:50 +0100] "GET /nici-horse-butterfly-stamp-p-22395.html HTTP/1.0" 200 70697 "-" "Mozilla/5.0 (compatible; MJ12bot/v1.4.8; http://mj12bot.com/)"
144.76.120.197 - - [10/Nov/2021:09:48:55 +0100] "GET /nici-horse-butterfly-stamp-p-22395.html HTTP/1.0" 200 70697 "-" "Mozilla/5.0 (compatible; MJ12bot/v1.4.8; http://mj12bot.com/)"
144.76.120.197 - - [10/Nov/2021:09:49:02 +0100] "GET /nici-horse-club-pencil-sharpener-p-22408.html HTTP/1.0" 200 70715 "-" "Mozilla/5.0 (compatible; MJ12bot/v1.4.8; http://mj12bot.com/)"
185.191.171.9 - - [10/Nov/2021:09:49:03 +0100] "GET /piggy-bank-premire-tirelire-p-55717.html?action=add_product HTTP/1.0" 302 476 "-" "Mozilla/5.0 (compatible; SemrushBot/7~bl; +http://www.semrush.com/bot.html)"
185.191.171.43 - - [10/Nov/2021:09:49:05 +0100] "GET /enjoy-life-vanity-23-18-12-cm-p-45022.html HTTP/1.0" 301 73425 "-" "Mozilla/5.0 (compatible; SemrushBot/7~bl; +http://www.semrush.com/bot.html)"
185.191.171.13 - - [10/Nov/2021:09:49:07 +0100] "GET /enjoy-life-vanity-p-45022.html HTTP/1.0" 200 73341 "-" "Mozilla/5.0 (compatible; SemrushBot/7~bl; +http://www.semrush.com/bot.html)"
144.76.120.197 - - [10/Nov/2021:09:49:10 +0100] "GET /nici-horse-club-scissors-p-22399.html HTTP/1.0" 200 73257 "-" "Mozilla/5.0 (compatible; MJ12bot/v1.4.8; http://mj12bot.com/)"
144.76.120.197 - - [10/Nov/2021:09:49:18 +0100] "GET /nici-horse-memo-box-p-12300.html HTTP/1.0" 301 70724 "-" "Mozilla/5.0 (compatible; MJ12bot/v1.4.8; http://mj12bot.com/)"
54.36.148.191 - - [10/Nov/2021:09:49:19 +0100] "GET /cushions-c-11_71.html HTTP/1.0" 200 90570 "-" "Mozilla/5.0 (compatible; AhrefsBot/7.0; +http://ahrefs.com/robot/)"
144.76.120.197 - - [10/Nov/2021:09:49:25 +0100] "GET /nici-horse-memo-p-12300.html HTTP/1.0" 200 70642 "-" "Mozilla/5.0 (compatible; MJ12bot/v1.4.8; http://mj12bot.com/)"
212.192.241.167 - - [10/Nov/2021:09:49:30 +0100] "GET /cgi-bin/mt/mt-atom.cgi HTTP/1.0" 404 1308 "bluehost.com" "Mozilla/5.0 (Windows NT 10.0; Win64; x64) AppleWebKit/537.36 (KHTML, like Gecko) Chrome/90.0.4430.85 Safari/537.36"
144.76.120.197 - - [10/Nov/2021:09:49:31 +0100] "GET /nici-horse-memo-p-12300.html HTTP/1.0" 200 70642 "-" "Mozilla/5.0 (compatible; MJ12bot/v1.4.8; http://mj12bot.com/)"
185.191.171.38 - - [10/Nov/2021:09:49:33 +0100] "GET /fiat-500-orange-desk-lamp-p-17064.html HTTP/1.0" 301 74061 "-" "Mozilla/5.0 (compatible; SemrushBot/7~bl; +http://www.semrush.com/bot.html)"
185.191.171.26 - - [10/Nov/2021:09:49:35 +0100] "GET /fiat-orange-desk-lamp-p-17064.html HTTP/1.0" 200 73973 "-" "Mozilla/5.0 (compatible; SemrushBot/7~bl; +http://www.semrush.com/bot.html)"
212.192.241.167 - - [10/Nov/2021:09:49:37 +0100] "GET /mt/mt-atom.cgi HTTP/1.0" 404 1308 "bluehost.com" "Mozilla/5.0 (Windows NT 10.0; Win64; x64) AppleWebKit/537.36 (KHTML, like Gecko) Chrome/90.0.4430.85 Safari/537.36"
144.76.120.197 - - [10/Nov/2021:09:49:37 +0100] "GET /nici-horse-miracle-plush-15-cm-p-35168.html HTTP/1.0" 301 70631 "-" "Mozilla/5.0 (compatible; MJ12bot/v1.4.8; http://mj12bot.com/)"
212.192.241.167 - - [10/Nov/2021:09:49:42 +0100] "GET /cgi-bin/mt-atom.cgi HTTP/1.0" 404 1308 "bluehost.com" "Mozilla/5.0 (Windows NT 10.0; Win64; x64) AppleWebKit/537.36 (KHTML, like Gecko) Chrome/90.0.4430.85 Safari/537.36"
144.76.120.197 - - [10/Nov/2021:09:49:46 +0100] "GET /-p-35168.html HTTP/1.0" 200 70564 "-" "Mozilla/5.0 (compatible; MJ12bot/v1.4.8; http://mj12bot.com/)"
212.192.241.167 - - [10/Nov/2021:09:49:48 +0100] "GET /cgi-bin/MT/mt-atom.cgi HTTP/1.0" 404 1308 "bluehost.com" "Mozilla/5.0 (Windows NT 10.0; Win64; x64) AppleWebKit/537.36 (KHTML, like Gecko) Chrome/90.0.4430.85 Safari/537.36"
212.192.241.167 - - [10/Nov/2021:09:49:51 +0100] "GET /MT/mt-atom.cgi HTTP/1.0" 404 1308 "bluehost.com" "Mozilla/5.0 (Windows NT 10.0; Win64; x64) AppleWebKit/537.36 (KHTML, like Gecko) Chrome/90.0.4430.85 Safari/537.36"
114.119.128.253 - - [10/Nov/2021:09:49:51 +0100] "GET /support-metal-bottle-p-47885.html HTTP/1.0" 200 73242 "-" "Mozilla/5.0 (Linux; Android 7.0;) AppleWebKit/537.36 (KHTML, like Gecko) Mobile Safari/537.36 (compatible; PetalBot;+https://webmaster.petalsearch.com/site/petalbot)"
144.76.120.197 - - [10/Nov/2021:09:49:53 +0100] "GET /nici-horse-moon-plush-15-cm-p-35164.html HTTP/1.0" 301 70766 "-" "Mozilla/5.0 (compatible; MJ12bot/v1.4.8; http://mj12bot.com/)"
212.192.241.167 - - [10/Nov/2021:09:49:57 +0100] "GET /mt-atom.cgi HTTP/1.0" 404 1308 "bluehost.com" "Mozilla/5.0 (Windows NT 10.0; Win64; x64) AppleWebKit/537.36 (KHTML, like Gecko) Chrome/90.0.4430.85 Safari/537.36"
144.76.120.197 - - [10/Nov/2021:09:50:01 +0100] "GET /nici-horse-moon-plush-p-35164.html HTTP/1.0" 200 70678 "-" "Mozilla/5.0 (compatible; MJ12bot/v1.4.8; http://mj12bot.com/)"
144.76.120.197 - - [10/Nov/2021:09:50:07 +0100] "GET /nici-horse-moon-plush-35-cm-p-35166.html HTTP/1.0" 301 70766 "-" "Mozilla/5.0 (compatible; MJ12bot/v1.4.8; http://mj12bot.com/)"
144.76.120.197 - - [10/Nov/2021:09:50:16 +0100] "GET /nici-horse-moon-plush-p-35166.html HTTP/1.0" 200 70678 "-" "Mozilla/5.0 (compatible; MJ12bot/v1.4.8; http://mj12bot.com/)"
185.191.171.10 - - [10/Nov/2021:09:50:21 +0100] "GET /indoor-buddha-fountain-25-cm-p-42032.html HTTP/1.0" 301 70743 "-" "Mozilla/5.0 (compatible; SemrushBot/7~bl; +http://www.semrush.com/bot.html)"
185.191.171.9 - - [10/Nov/2021:09:50:23 +0100] "GET /indoor-buddha-fountain-p-42032.html HTTP/1.0" 200 70654 "-" "Mozilla/5.0 (compatible; SemrushBot/7~bl; +http://www.semrush.com/bot.html)"
144.76.120.197 - - [10/Nov/2021:09:50:25 +0100] "GET /nici-horse-moon-plush-35-cm-p-35167.html HTTP/1.0" 301 70738 "-" "Mozilla/5.0 (compatible; MJ12bot/v1.4.8; http://mj12bot.com/)"
144.76.120.197 - - [10/Nov/2021:09:50:32 +0100] "GET /nici-horse-moon-plush-p-35167.html HTTP/1.0" 200 70650 "-" "Mozilla/5.0 (compatible; MJ12bot/v1.4.8; http://mj12bot.com/)"
144.76.120.197 - - [10/Nov/2021:09:50:40 +0100] "GET /nici-horse-moon-plush-keyring-p-35202.html HTTP/1.0" 301 70631 "-" "Mozilla/5.0 (compatible; MJ12bot/v1.4.8; http://mj12bot.com/)"
144.76.120.197 - - [10/Nov/2021:09:50:47 +0100] "GET /-p-35202.html HTTP/1.0" 200 70564 "-" "Mozilla/5.0 (compatible; MJ12bot/v1.4.8; http://mj12bot.com/)"
144.76.120.197 - - [10/Nov/2021:09:50:54 +0100] "GET /nici-horse-moon-plush-p-35164.html HTTP/1.0" 200 70678 "-" "Mozilla/5.0 (compatible; MJ12bot/v1.4.8; http://mj12bot.com/)"
144.76.120.197 - - [10/Nov/2021:09:51:02 +0100] "GET /nici-horse-moon-plush-p-35166.html HTTP/1.0" 200 70678 "-" "Mozilla/5.0 (compatible; MJ12bot/v1.4.8; http://mj12bot.com/)"
54.36.149.104 - - [10/Nov/2021:09:51:06 +0100] "GET /images/big_prod/8433933165447.jpg HTTP/1.0" 200 268 "-" "Mozilla/5.0 (compatible; AhrefsBot/7.0; +http://ahrefs.com/robot/)"
144.76.120.197 - - [10/Nov/2021:09:51:09 +0100] "GET /nici-horse-moon-plush-p-35167.html HTTP/1.0" 200 70650 "-" "Mozilla/5.0 (compatible; MJ12bot/v1.4.8; http://mj12bot.com/)"
185.191.171.39 - - [10/Nov/2021:09:51:15 +0100] "GET /jewelry-with-mirror-drawers-p-48045.html?action=add_product HTTP/1.0" 302 476 "-" "Mozilla/5.0 (compatible; SemrushBot/7~bl; +http://www.semrush.com/bot.html)"
144.76.120.197 - - [10/Nov/2021:09:51:17 +0100] "GET /nici-horse-stamp-p-22393.html HTTP/1.0" 200 70635 "-" "Mozilla/5.0 (compatible; MJ12bot/v1.4.8; http://mj12bot.com/)"
144.76.120.197 - - [10/Nov/2021:09:51:23 +0100] "GET /nici-horse-thermos-p-22417.html HTTP/1.0" 200 70645 "-" "Mozilla/5.0 (compatible; MJ12bot/v1.4.8; http://mj12bot.com/)"
144.76.120.197 - - [10/Nov/2021:09:51:30 +0100] "GET /nici-lion-photoclip-p-4984.html HTTP/1.0" 200 70681 "-" "Mozilla/5.0 (compatible; MJ12bot/v1.4.8; http://mj12bot.com/)"
144.76.120.197 - - [10/Nov/2021:09:51:36 +0100] "GET /night-light-jade-peacock-p-50819.html HTTP/1.0" 200 74127 "-" "Mozilla/5.0 (compatible; MJ12bot/v1.4.8; http://mj12bot.com/)"
144.76.120.197 - - [10/Nov/2021:09:51:42 +0100] "GET /night-light-jade-the-peacock-p-50819.html HTTP/1.0" 301 74218 "-" "Mozilla/5.0 (compatible; MJ12bot/v1.4.8; http://mj12bot.com/)"
144.76.120.197 - - [10/Nov/2021:09:51:49 +0100] "GET /night-light-jade-peacock-p-50819.html HTTP/1.0" 200 74127 "-" "Mozilla/5.0 (compatible; MJ12bot/v1.4.8; http://mj12bot.com/)"
157.55.39.73 - - [10/Nov/2021:09:51:55 +0100] "GET /images/3760122975002.jpg HTTP/1.0" 200 259 "-" "Mozilla/5.0 (compatible; bingbot/2.0; +http://www.bing.com/bingbot.htm)"
144.76.120.197 - - [10/Nov/2021:09:51:57 +0100] "GET /nightlight-musical-snow-globe-star-dancer-p-50922.html HTTP/1.0" 301 70631 "-" "Mozilla/5.0 (compatible; MJ12bot/v1.4.8; http://mj12bot.com/)"
54.36.149.35 - - [10/Nov/2021:09:51:58 +0100] "GET /isothermic-stainless-steel-bottle-p-56552.html HTTP/1.0" 200 73928 "-" "Mozilla/5.0 (compatible; AhrefsBot/7.0; +http://ahrefs.com/robot/)"
144.76.120.197 - - [10/Nov/2021:09:52:04 +0100] "GET /-p-50922.html HTTP/1.0" 200 70564 "-" "Mozilla/5.0 (compatible; MJ12bot/v1.4.8; http://mj12bot.com/)"
144.76.120.197 - - [10/Nov/2021:09:52:11 +0100] "GET /olivier-soap-box-soap-10-65-28-cm-p-40112.html HTTP/1.0" 301 73595 "-" "Mozilla/5.0 (compatible; MJ12bot/v1.4.8; http://mj12bot.com/)"
144.76.120.197 - - [10/Nov/2021:09:52:19 +0100] "GET /olivier-soap-soap-p-40112.html HTTP/1.0" 200 73511 "-" "Mozilla/5.0 (compatible; MJ12bot/v1.4.8; http://mj12bot.com/)"
144.76.120.197 - - [10/Nov/2021:09:52:24 +0100] "GET /olivier-soap-soap-p-40112.html HTTP/1.0" 200 73511 "-" "Mozilla/5.0 (compatible; MJ12bot/v1.4.8; http://mj12bot.com/)"
144.76.120.197 - - [10/Nov/2021:09:52:30 +0100] "GET /om-round-cushion-p-21852.html HTTP/1.0" 301 70631 "-" "Mozilla/5.0 (compatible; MJ12bot/v1.4.8; http://mj12bot.com/)"
144.76.120.197 - - [10/Nov/2021:09:52:38 +0100] "GET /-p-21852.html HTTP/1.0" 200 70564 "-" "Mozilla/5.0 (compatible; MJ12bot/v1.4.8; http://mj12bot.com/)"
144.76.120.197 - - [10/Nov/2021:09:52:45 +0100] "GET /one-piece-wanted-trafalgar-law-poster-p-30255.html HTTP/1.0" 301 70631 "-" "Mozilla/5.0 (compatible; MJ12bot/v1.4.8; http://mj12bot.com/)"
144.76.120.197 - - [10/Nov/2021:09:52:53 +0100] "GET /-p-30255.html HTTP/1.0" 200 70564 "-" "Mozilla/5.0 (compatible; MJ12bot/v1.4.8; http://mj12bot.com/)"
144.76.120.197 - - [10/Nov/2021:09:53:00 +0100] "GET /openwork-tubular-table-lamp-p-52905.html HTTP/1.0" 200 70662 "-" "Mozilla/5.0 (compatible; MJ12bot/v1.4.8; http://mj12bot.com/)"
144.76.120.197 - - [10/Nov/2021:09:53:07 +0100] "GET /our-lady-of-good-advice-prayer-candle-novena-p-51643.html HTTP/1.0" 301 74210 "-" "Mozilla/5.0 (compatible; MJ12bot/v1.4.8; http://mj12bot.com/)"
144.76.120.197 - - [10/Nov/2021:09:53:11 +0100] "GET /lady-good-advice-prayer-candle-novena-p-51643.html HTTP/1.0" 200 74106 "-" "Mozilla/5.0 (compatible; MJ12bot/v1.4.8; http://mj12bot.com/)"
144.76.120.197 - - [10/Nov/2021:09:53:17 +0100] "GET /oval-carpet-55-85-cm-p-52847.html HTTP/1.0" 301 74683 "-" "Mozilla/5.0 (compatible; MJ12bot/v1.4.8; http://mj12bot.com/)"
185.191.171.10 - - [10/Nov/2021:09:53:21 +0100] "GET /mountain-view-sticker-p-39171.html?action=add_product HTTP/1.0" 302 476 "-" "Mozilla/5.0 (compatible; SemrushBot/7~bl; +http://www.semrush.com/bot.html)"
144.76.120.197 - - [10/Nov/2021:09:53:25 +0100] "GET /oval-carpet-p-52847.html HTTP/1.0" 200 74605 "-" "Mozilla/5.0 (compatible; MJ12bot/v1.4.8; http://mj12bot.com/)"
144.76.120.197 - - [10/Nov/2021:09:53:33 +0100] "GET /oval-carpet-p-52847.html HTTP/1.0" 200 74605 "-" "Mozilla/5.0 (compatible; MJ12bot/v1.4.8; http://mj12bot.com/)"
185.191.171.22 - - [10/Nov/2021:09:53:35 +0100] "GET /chess-pieces-under-glass-bell-p-51115.html?action=add_product HTTP/1.0" 302 476 "-" "Mozilla/5.0 (compatible; SemrushBot/7~bl; +http://www.semrush.com/bot.html)"
144.76.120.197 - - [10/Nov/2021:09:53:39 +0100] "GET /paris-cv-phone-cover-for-iphone-p-18140.html HTTP/1.0" 301 76060 "-" "Mozilla/5.0 (compatible; MJ12bot/v1.4.8; http://mj12bot.com/)"
144.76.120.197 - - [10/Nov/2021:09:53:44 +0100] "GET /paris-phone-cover-iphone-p-18140.html HTTP/1.0" 200 75969 "-" "Mozilla/5.0 (compatible; MJ12bot/v1.4.8; http://mj12bot.com/)"
144.76.120.197 - - [10/Nov/2021:09:53:51 +0100] "GET /paris-gift-p-29571.html HTTP/1.0" 200 70602 "-" "Mozilla/5.0 (compatible; MJ12bot/v1.4.8; http://mj12bot.com/)"
17.121.114.182 - - [10/Nov/2021:09:53:51 +0100] "GET /small-bamboo-salad-bowl-with-hummingbirds-p-49513.html HTTP/1.0" 200 70700 "-" "Mozilla/5.0 (Macintosh; Intel Mac OS X 10_15_5) AppleWebKit/605.1.15 (KHTML, like Gecko) Version/13.1.1 Safari/605.1.15 (Applebot/0.1; +http://www.apple.com/go/applebot)"
185.191.171.10 - - [10/Nov/2021:09:53:57 +0100] "GET /ben-10-plastic-glass-p-17153.html HTTP/1.0" 301 73401 "-" "Mozilla/5.0 (compatible; SemrushBot/7~bl; +http://www.semrush.com/bot.html)"
144.76.120.197 - - [10/Nov/2021:09:53:57 +0100] "GET /paris-gift-set-p-29571.html HTTP/1.0" 301 70679 "-" "Mozilla/5.0 (compatible; MJ12bot/v1.4.8; http://mj12bot.com/)"
159.138.102.98 - - [10/Nov/2021:09:53:57 +0100] "GET /quebec-decorative-metal-plate-cbkreation-p-52889.html HTTP/1.0" 200 73350 "-" "Mozilla/5.0 (Linux; Android 7.0;) AppleWebKit/537.36 (KHTML, like Gecko) Mobile Safari/537.36 (compatible; PetalBot;+https://webmaster.petalsearch.com/site/petalbot)"
77.88.5.246 - - [10/Nov/2021:09:53:59 +0100] "GET /images/11975.jpg HTTP/1.0" 200 251 "-" "Mozilla/5.0 (compatible; YandexImages/3.0; +http://yandex.com/bots)"
185.191.171.43 - - [10/Nov/2021:09:54:01 +0100] "GET /plastic-glass-p-17153.html HTTP/1.0" 200 73321 "-" "Mozilla/5.0 (compatible; SemrushBot/7~bl; +http://www.semrush.com/bot.html)"
144.76.120.197 - - [10/Nov/2021:09:54:04 +0100] "GET /paris-gift-p-29571.html HTTP/1.0" 200 70602 "-" "Mozilla/5.0 (compatible; MJ12bot/v1.4.8; http://mj12bot.com/)"
144.76.120.197 - - [10/Nov/2021:09:54:12 +0100] "GET /paris-phone-cover-iphone-p-18140.html HTTP/1.0" 200 75969 "-" "Mozilla/5.0 (compatible; MJ12bot/v1.4.8; http://mj12bot.com/)"
192.102.204.55 - - [10/Nov/2021:09:54:15 +0100] "GET /images/mini_prod/3503420107825.jpg HTTP/1.0" 200 269 "-" "Mozilla/5.0 (X11; Ubuntu; Linux x86_64; rv:72.0) Gecko/20100101 Firefox/72.0"
144.76.120.197 - - [10/Nov/2021:09:54:18 +0100] "GET /peg-and-coat-hook-c-13_198.html HTTP/1.0" 301 90839 "-" "Mozilla/5.0 (compatible; MJ12bot/v1.4.8; http://mj12bot.com/)"
66.249.64.146 - - [10/Nov/2021:09:54:22 +0100] "GET /jasmin-surf-handbag-hanger-p-34889.html HTTP/1.0" 200 73935 "-" "Mozilla/5.0 (Linux; Android 6.0.1; Nexus 5X Build/MMB29P) AppleWebKit/537.36 (KHTML, like Gecko) Chrome/95.0.4638.69 Mobile Safari/537.36 (compatible; Googlebot/2.1; +http://www.google.com/bot.html)"
66.249.64.146 - - [10/Nov/2021:09:54:23 +0100] "GET /pucca-towel-p-2355.html HTTP/1.0" 200 73250 "-" "Mozilla/5.0 (Linux; Android 6.0.1; Nexus 5X Build/MMB29P) AppleWebKit/537.36 (KHTML, like Gecko) Chrome/95.0.4638.69 Mobile Safari/537.36 (compatible; Googlebot/2.1; +http://www.google.com/bot.html)"
144.76.120.197 - - [10/Nov/2021:09:54:24 +0100] "GET /coat-hook-c-198.html HTTP/1.0" 301 90716 "-" "Mozilla/5.0 (compatible; MJ12bot/v1.4.8; http://mj12bot.com/)"
54.36.148.179 - - [10/Nov/2021:09:54:25 +0100] "GET /alarms-clocks-c-13_65.html HTTP/1.0" 200 91722 "-" "Mozilla/5.0 (compatible; AhrefsBot/7.0; +http://ahrefs.com/robot/)"
144.76.120.197 - - [10/Nov/2021:09:54:28 +0100] "GET /coat-hook-c-13_198.html HTTP/1.0" 200 90765 "-" "Mozilla/5.0 (compatible; MJ12bot/v1.4.8; http://mj12bot.com/)"
185.191.171.3 - - [10/Nov/2021:09:54:30 +0100] "GET /gormiti-stamp-set-p-6583.html HTTP/1.0" 301 73454 "-" "Mozilla/5.0 (compatible; SemrushBot/7~bl; +http://www.semrush.com/bot.html)"
185.191.171.43 - - [10/Nov/2021:09:54:32 +0100] "GET /gormiti-stamp-p-6583.html HTTP/1.0" 200 73375 "-" "Mozilla/5.0 (compatible; SemrushBot/7~bl; +http://www.semrush.com/bot.html)"
144.76.120.197 - - [10/Nov/2021:09:54:35 +0100] "GET /perfumes-of-interior-c-231_234.html HTTP/1.0" 301 87327 "-" "Mozilla/5.0 (compatible; MJ12bot/v1.4.8; http://mj12bot.com/)"
144.76.120.197 - - [10/Nov/2021:09:54:41 +0100] "GET /perfumes-interior-c-234.html HTTP/1.0" 301 87196 "-" "Mozilla/5.0 (compatible; MJ12bot/v1.4.8; http://mj12bot.com/)"
144.76.120.197 - - [10/Nov/2021:09:54:46 +0100] "GET /perfumes-interior-c-231_234.html HTTP/1.0" 200 87245 "-" "Mozilla/5.0 (compatible; MJ12bot/v1.4.8; http://mj12bot.com/)"
144.76.120.197 - - [10/Nov/2021:09:54:54 +0100] "GET /pet-shop-c-155.html HTTP/1.0" 301 89360 "-" "Mozilla/5.0 (compatible; MJ12bot/v1.4.8; http://mj12bot.com/)"
144.76.120.197 - - [10/Nov/2021:09:55:00 +0100] "GET /shop-c-155.html HTTP/1.0" 200 89291 "-" "Mozilla/5.0 (compatible; MJ12bot/v1.4.8; http://mj12bot.com/)"
144.76.120.197 - - [10/Nov/2021:09:55:05 +0100] "GET /phone-cover-for-iphone-3g-3gs-p-20609.html HTTP/1.0" 301 74082 "-" "Mozilla/5.0 (compatible; MJ12bot/v1.4.8; http://mj12bot.com/)"
207.46.13.165 - - [10/Nov/2021:09:55:08 +0100] "GET /mtal-signs-c-13_130.html HTTP/1.0" 200 94482 "-" "Mozilla/5.0 (compatible; bingbot/2.0; +http://www.bing.com/bingbot.htm)"
144.76.120.197 - - [10/Nov/2021:09:55:12 +0100] "GET /phone-cover-iphone-p-20609.html HTTP/1.0" 200 73997 "-" "Mozilla/5.0 (compatible; MJ12bot/v1.4.8; http://mj12bot.com/)"
185.191.171.18 - - [10/Nov/2021:09:55:15 +0100] "GET /large-chubby-rabbit-girl-kaloo-p-19240.html?action=add_product HTTP/1.0" 302 476 "-" "Mozilla/5.0 (compatible; SemrushBot/7~bl; +http://www.semrush.com/bot.html)"
144.76.120.197 - - [10/Nov/2021:09:55:19 +0100] "GET /phone-cover-iphone-p-20609.html HTTP/1.0" 200 73997 "-" "Mozilla/5.0 (compatible; MJ12bot/v1.4.8; http://mj12bot.com/)"
