178.150.14.250 - - [19/Nov/2021:05:32:35 +0100] "GET /bolster-case-pink-p-55447.html HTTP/1.0" 200 74111 "-" "Mozilla/5.0 (compatible; MJ12bot/v1.4.8; http://mj12bot.com/)"
114.119.128.39 - - [19/Nov/2021:05:32:36 +0100] "GET /rugs-c-11_269.html?page=8 HTTP/1.0" 200 91498 "-" "Mozilla/5.0 (Linux; Android 7.0;) AppleWebKit/537.36 (KHTML, like Gecko) Mobile Safari/537.36 (compatible; PetalBot;+https://webmaster.petalsearch.com/site/petalbot)"
178.150.14.250 - - [19/Nov/2021:05:32:42 +0100] "GET /bolster-case-yellow-p-55446.html HTTP/1.0" 200 74131 "-" "Mozilla/5.0 (compatible; MJ12bot/v1.4.8; http://mj12bot.com/)"
54.36.148.14 - - [19/Nov/2021:05:32:45 +0100] "GET /belle-and-the-beast-the-ball-figurine-collection-p-18001.html HTTP/1.0" 301 73527 "-" "Mozilla/5.0 (compatible; AhrefsBot/7.0; +http://ahrefs.com/robot/)"
178.150.14.250 - - [19/Nov/2021:05:32:49 +0100] "GET /canvas-frame-indian-chiefs-collection-p-48821.html HTTP/1.0" 200 73373 "-" "Mozilla/5.0 (compatible; MJ12bot/v1.4.8; http://mj12bot.com/)"
54.36.149.81 - - [19/Nov/2021:05:32:52 +0100] "GET /embroidered-rectangular-tablecloth-kolam-p-44469.html HTTP/1.0" 200 74071 "-" "Mozilla/5.0 (compatible; AhrefsBot/7.0; +http://ahrefs.com/robot/)"
178.150.14.250 - - [19/Nov/2021:05:32:56 +0100] "GET /carlin-cbkreation-coffee-p-30075.html HTTP/1.0" 200 70696 "-" "Mozilla/5.0 (compatible; MJ12bot/v1.4.8; http://mj12bot.com/)"
178.150.14.250 - - [19/Nov/2021:05:33:02 +0100] "GET /cbkreation-p-37844.html HTTP/1.0" 200 73199 "-" "Mozilla/5.0 (compatible; MJ12bot/v1.4.8; http://mj12bot.com/)"
178.150.14.250 - - [19/Nov/2021:05:33:10 +0100] "GET /cement-tile-coasters-p-53110.html HTTP/1.0" 200 73212 "-" "Mozilla/5.0 (compatible; MJ12bot/v1.4.8; http://mj12bot.com/)"
178.150.14.250 - - [19/Nov/2021:05:33:15 +0100] "GET /ceramic-and-cork-trivet-18-cm-cement-tiles-p-53066.html HTTP/1.0" 301 73442 "-" "Mozilla/5.0 (compatible; MJ12bot/v1.4.8; http://mj12bot.com/)"
178.150.14.250 - - [19/Nov/2021:05:33:24 +0100] "GET /ceramic-cork-trivet-cement-tiles-p-53066.html HTTP/1.0" 200 73343 "-" "Mozilla/5.0 (compatible; MJ12bot/v1.4.8; http://mj12bot.com/)"
178.150.14.250 - - [19/Nov/2021:05:33:31 +0100] "GET /ceramic-cork-trivet-cement-tiles-p-53066.html HTTP/1.0" 200 73343 "-" "Mozilla/5.0 (compatible; MJ12bot/v1.4.8; http://mj12bot.com/)"
54.36.148.218 - - [19/Nov/2021:05:33:32 +0100] "GET /dora-explorer-training-bottle-p-17160.html HTTP/1.0" 200 73601 "-" "Mozilla/5.0 (compatible; AhrefsBot/7.0; +http://ahrefs.com/robot/)"
178.150.14.250 - - [19/Nov/2021:05:33:38 +0100] "GET /ceramic-vase-klimt-the-kiss-p-53523.html HTTP/1.0" 301 74316 "-" "Mozilla/5.0 (compatible; MJ12bot/v1.4.8; http://mj12bot.com/)"
54.36.148.87 - - [19/Nov/2021:05:33:43 +0100] "GET /spiderman-ceiling-light-glass-p-16158.html HTTP/1.0" 301 70631 "-" "Mozilla/5.0 (compatible; AhrefsBot/7.0; +http://ahrefs.com/robot/)"
178.150.14.250 - - [19/Nov/2021:05:33:46 +0100] "GET /ceramic-vase-klimt-kiss-p-53523.html HTTP/1.0" 200 74226 "-" "Mozilla/5.0 (compatible; MJ12bot/v1.4.8; http://mj12bot.com/)"
185.191.171.40 - - [19/Nov/2021:05:33:47 +0100] "GET /phone-cover-iphone-p-20609.html HTTP/1.0" 200 73997 "-" "Mozilla/5.0 (compatible; SemrushBot/7~bl; +http://www.semrush.com/bot.html)"
185.191.171.37 - - [19/Nov/2021:05:33:52 +0100] "GET /tonic-large-metal-plate-deco-p-37109.html?action=add_product HTTP/1.0" 302 476 "-" "Mozilla/5.0 (compatible; SemrushBot/7~bl; +http://www.semrush.com/bot.html)"
178.150.14.250 - - [19/Nov/2021:05:34:00 +0100] "GET /ceramic-vase-van-gogh-the-starry-night-p-53524.html HTTP/1.0" 301 74970 "-" "Mozilla/5.0 (compatible; MJ12bot/v1.4.8; http://mj12bot.com/)"
178.150.14.250 - - [19/Nov/2021:05:34:04 +0100] "GET /ceramic-vase-gogh-starry-night-p-53524.html HTTP/1.0" 200 74873 "-" "Mozilla/5.0 (compatible; MJ12bot/v1.4.8; http://mj12bot.com/)"
54.36.148.193 - - [19/Nov/2021:05:34:08 +0100] "GET /desi-gulab-rose-melts-p-55222.html HTTP/1.0" 200 74176 "-" "Mozilla/5.0 (compatible; AhrefsBot/7.0; +http://ahrefs.com/robot/)"
178.150.14.250 - - [19/Nov/2021:05:34:12 +0100] "GET /chabada-large-bowl-p-54511.html HTTP/1.0" 200 73161 "-" "Mozilla/5.0 (compatible; MJ12bot/v1.4.8; http://mj12bot.com/)"
49.7.20.122 - - [19/Nov/2021:05:34:19 +0100] "GET / HTTP/1.0" 200 151145 "-" "Sogou web spider/4.0(+http://www.sogou.com/docs/help/webmasters.htm#07)"
178.150.14.250 - - [19/Nov/2021:05:34:20 +0100] "GET /characters-sculpture-natural-wood-aluminum-p-55480.html HTTP/1.0" 200 73451 "-" "Mozilla/5.0 (compatible; MJ12bot/v1.4.8; http://mj12bot.com/)"
54.36.149.90 - - [19/Nov/2021:05:34:22 +0100] "GET /cars-alarm-clock-p-26725.html HTTP/1.0" 301 70631 "-" "Mozilla/5.0 (compatible; AhrefsBot/7.0; +http://ahrefs.com/robot/)"
178.150.14.250 - - [19/Nov/2021:05:34:31 +0100] "GET /chat-noir-coasters-p-54493.html HTTP/1.0" 200 73138 "-" "Mozilla/5.0 (compatible; MJ12bot/v1.4.8; http://mj12bot.com/)"
178.150.14.250 - - [19/Nov/2021:05:34:39 +0100] "GET /christmas-tree-decoration-hanging-p-49644.html HTTP/1.0" 200 73336 "-" "Mozilla/5.0 (compatible; MJ12bot/v1.4.8; http://mj12bot.com/)"
178.150.14.250 - - [19/Nov/2021:05:34:47 +0100] "GET /cosmetic-bags-and-flat-purse-c-31_239.html HTTP/1.0" 301 95601 "-" "Mozilla/5.0 (compatible; MJ12bot/v1.4.8; http://mj12bot.com/)"
178.150.14.250 - - [19/Nov/2021:05:34:53 +0100] "GET /cosmetic-bags-flat-purse-c-239.html HTTP/1.0" 301 95446 "-" "Mozilla/5.0 (compatible; MJ12bot/v1.4.8; http://mj12bot.com/)"
54.36.148.205 - - [19/Nov/2021:05:34:53 +0100] "GET /household-linen-c-11.html HTTP/1.0" 200 92708 "-" "Mozilla/5.0 (compatible; AhrefsBot/7.0; +http://ahrefs.com/robot/)"
178.150.14.250 - - [19/Nov/2021:05:35:01 +0100] "GET /cosmetic-bags-flat-purse-c-31_239.html HTTP/1.0" 200 95512 "-" "Mozilla/5.0 (compatible; MJ12bot/v1.4.8; http://mj12bot.com/)"
178.150.14.250 - - [19/Nov/2021:05:35:07 +0100] "GET /cotton-floor-cushion-45-cm-kigai-p-51087.html HTTP/1.0" 301 70631 "-" "Mozilla/5.0 (compatible; MJ12bot/v1.4.8; http://mj12bot.com/)"
17.121.112.42 - - [19/Nov/2021:05:35:11 +0100] "GET /viking-warrior-figurine-p-51520.html HTTP/1.0" 200 73897 "-" "Mozilla/5.0 (Macintosh; Intel Mac OS X 10_15_5) AppleWebKit/605.1.15 (KHTML, like Gecko) Version/13.1.1 Safari/605.1.15 (Applebot/0.1; +http://www.apple.com/go/applebot)"
178.150.14.250 - - [19/Nov/2021:05:35:15 +0100] "GET /-p-51087.html HTTP/1.0" 200 70564 "-" "Mozilla/5.0 (compatible; MJ12bot/v1.4.8; http://mj12bot.com/)"
178.150.14.250 - - [19/Nov/2021:05:35:22 +0100] "GET /cotton-floor-cushion-45-cm-st-maxime-p-51076.html HTTP/1.0" 301 70631 "-" "Mozilla/5.0 (compatible; MJ12bot/v1.4.8; http://mj12bot.com/)"
178.150.14.250 - - [19/Nov/2021:05:35:27 +0100] "GET /-p-51076.html HTTP/1.0" 200 70564 "-" "Mozilla/5.0 (compatible; MJ12bot/v1.4.8; http://mj12bot.com/)"
114.119.128.34 - - [19/Nov/2021:05:35:29 +0100] "GET /kimmidoll-shopper-pink-satin-collection-p-13354.html HTTP/1.0" 200 74541 "-" "Mozilla/5.0 (Linux; Android 7.0;) AppleWebKit/537.36 (KHTML, like Gecko) Mobile Safari/537.36 (compatible; PetalBot;+https://webmaster.petalsearch.com/site/petalbot)"
54.36.148.233 - - [19/Nov/2021:05:35:35 +0100] "GET /christmas-tree-decoration-hanging-p-49642.html HTTP/1.0" 200 73336 "-" "Mozilla/5.0 (compatible; AhrefsBot/7.0; +http://ahrefs.com/robot/)"
178.150.14.250 - - [19/Nov/2021:05:35:36 +0100] "GET /cotton-floor-cushion-beely-45-cm-p-53569.html HTTP/1.0" 301 74167 "-" "Mozilla/5.0 (compatible; MJ12bot/v1.4.8; http://mj12bot.com/)"
178.150.14.250 - - [19/Nov/2021:05:35:40 +0100] "GET /cotton-floor-cushion-beely-p-53569.html HTTP/1.0" 200 74074 "-" "Mozilla/5.0 (compatible; MJ12bot/v1.4.8; http://mj12bot.com/)"
178.150.14.250 - - [19/Nov/2021:05:35:49 +0100] "GET /cotton-floor-cushion-beely-p-53569.html HTTP/1.0" 200 74074 "-" "Mozilla/5.0 (compatible; MJ12bot/v1.4.8; http://mj12bot.com/)"
178.150.14.250 - - [19/Nov/2021:05:35:58 +0100] "GET /cotton-floor-cushion-cavaillon-p-54416.html HTTP/1.0" 200 74250 "-" "Mozilla/5.0 (compatible; MJ12bot/v1.4.8; http://mj12bot.com/)"
205.204.117.140 - - [19/Nov/2021:05:36:00 +0100] "GET /images/mini_prod/3700653593269.jpg HTTP/1.0" 200 269 "-" "Mozilla/5.0 (X11; Ubuntu; Linux x86_64; rv:72.0) Gecko/20100101 Firefox/72.0"
173.212.246.91 - - [19/Nov/2021:05:36:03 +0100] "GET /robots.txt HTTP/1.0" 200 245 "-" "Mozilla/5.0 (compatible; MJ12bot/v1.4.8; http://mj12bot.com/)"
185.191.171.7 - - [19/Nov/2021:05:36:03 +0100] "GET /bowls-c-12_60.html?page=1 HTTP/1.0" 200 93096 "-" "Mozilla/5.0 (compatible; SemrushBot/7~bl; +http://www.semrush.com/bot.html)"
178.150.14.250 - - [19/Nov/2021:05:36:04 +0100] "GET /cotton-floor-cushion-daphn-p-54422.html HTTP/1.0" 200 73996 "-" "Mozilla/5.0 (compatible; MJ12bot/v1.4.8; http://mj12bot.com/)"
207.46.13.128 - - [19/Nov/2021:05:36:05 +0100] "GET /images/med_prod/3438100363287.jpg HTTP/1.0" 200 268 "-" "Mozilla/5.0 (compatible; bingbot/2.0; +http://www.bing.com/bingbot.htm)"
185.191.171.15 - - [19/Nov/2021:05:36:06 +0100] "GET /teo-jasmin-small-cabas-p-44172.html HTTP/1.0" 301 70742 "-" "Mozilla/5.0 (compatible; SemrushBot/7~bl; +http://www.semrush.com/bot.html)"
185.191.171.2 - - [19/Nov/2021:05:36:09 +0100] "GET /jasmin-small-cabas-p-44172.html HTTP/1.0" 200 70657 "-" "Mozilla/5.0 (compatible; SemrushBot/7~bl; +http://www.semrush.com/bot.html)"
173.212.246.91 - - [19/Nov/2021:05:36:10 +0100] "GET /quote-wall-sticker-tout-travail-merite-sa-biere-p-53543.html HTTP/1.0" 301 74401 "-" "Mozilla/5.0 (compatible; MJ12bot/v1.4.8; http://mj12bot.com/)"
178.150.14.250 - - [19/Nov/2021:05:36:11 +0100] "GET /cotton-floor-cushion-elvira-p-54417.html HTTP/1.0" 200 74089 "-" "Mozilla/5.0 (compatible; MJ12bot/v1.4.8; http://mj12bot.com/)"
185.191.171.14 - - [19/Nov/2021:05:36:12 +0100] "GET /thai-buddha-statue-wood-p-46691.html?action=add_product HTTP/1.0" 302 476 "-" "Mozilla/5.0 (compatible; SemrushBot/7~bl; +http://www.semrush.com/bot.html)"
173.212.246.91 - - [19/Nov/2021:05:36:17 +0100] "GET /quote-wall-sticker-tout-travail-mrite-bire-p-53543.html HTTP/1.0" 200 74292 "-" "Mozilla/5.0 (compatible; MJ12bot/v1.4.8; http://mj12bot.com/)"
178.150.14.250 - - [19/Nov/2021:05:36:18 +0100] "GET /cotton-floor-cushion-yellow-45-cm-p-48833.html HTTP/1.0" 301 73962 "-" "Mozilla/5.0 (compatible; MJ12bot/v1.4.8; http://mj12bot.com/)"
173.212.246.91 - - [19/Nov/2021:05:36:21 +0100] "GET /quote-wall-stickers-50-70-cm-p-53107.html HTTP/1.0" 301 73961 "-" "Mozilla/5.0 (compatible; MJ12bot/v1.4.8; http://mj12bot.com/)"
54.36.148.123 - - [19/Nov/2021:05:36:25 +0100] "GET /incense-stick-holder-flowers-p-55241.html HTTP/1.0" 200 74238 "-" "Mozilla/5.0 (compatible; AhrefsBot/7.0; +http://ahrefs.com/robot/)"
173.212.246.91 - - [19/Nov/2021:05:36:29 +0100] "GET /quote-wall-stickers-p-53107.html HTTP/1.0" 200 73875 "-" "Mozilla/5.0 (compatible; MJ12bot/v1.4.8; http://mj12bot.com/)"
178.150.14.250 - - [19/Nov/2021:05:36:31 +0100] "GET /cotton-floor-cushion-yellow-p-48833.html HTTP/1.0" 200 73868 "-" "Mozilla/5.0 (compatible; MJ12bot/v1.4.8; http://mj12bot.com/)"
173.212.246.91 - - [19/Nov/2021:05:36:37 +0100] "GET /quote-wall-stickers-p-53107.html HTTP/1.0" 200 73875 "-" "Mozilla/5.0 (compatible; MJ12bot/v1.4.8; http://mj12bot.com/)"
173.212.246.91 - - [19/Nov/2021:05:36:44 +0100] "GET /rebecca-bedclothes-p-55450.html HTTP/1.0" 200 73932 "-" "Mozilla/5.0 (compatible; MJ12bot/v1.4.8; http://mj12bot.com/)"
173.212.246.91 - - [19/Nov/2021:05:36:48 +0100] "GET /renault-metal-can-money-box-p-52946.html HTTP/1.0" 301 70732 "-" "Mozilla/5.0 (compatible; MJ12bot/v1.4.8; http://mj12bot.com/)"
173.212.246.91 - - [19/Nov/2021:05:36:55 +0100] "GET /renault-metal-money-p-52946.html HTTP/1.0" 200 70646 "-" "Mozilla/5.0 (compatible; MJ12bot/v1.4.8; http://mj12bot.com/)"
173.212.246.91 - - [19/Nov/2021:05:37:01 +0100] "GET /renault-metal-money-p-52946.html HTTP/1.0" 200 70646 "-" "Mozilla/5.0 (compatible; MJ12bot/v1.4.8; http://mj12bot.com/)"
185.191.171.14 - - [19/Nov/2021:05:37:03 +0100] "GET /lu-petit-beurre-ceramic-mug-and-cup-p-41055.html HTTP/1.0" 301 73408 "-" "Mozilla/5.0 (compatible; SemrushBot/7~bl; +http://www.semrush.com/bot.html)"
173.212.246.91 - - [19/Nov/2021:05:37:04 +0100] "GET /resin-skull-ashtray-p-53003.html HTTP/1.0" 200 73156 "-" "Mozilla/5.0 (compatible; MJ12bot/v1.4.8; http://mj12bot.com/)"
185.191.171.10 - - [19/Nov/2021:05:37:05 +0100] "GET /petit-beurre-ceramic-p-41055.html HTTP/1.0" 200 73321 "-" "Mozilla/5.0 (compatible; SemrushBot/7~bl; +http://www.semrush.com/bot.html)"
54.36.148.6 - - [19/Nov/2021:05:37:11 +0100] "GET /vieillis-adult-apron-p-53178.html HTTP/1.0" 200 73185 "-" "Mozilla/5.0 (compatible; AhrefsBot/7.0; +http://ahrefs.com/robot/)"
173.212.246.91 - - [19/Nov/2021:05:37:12 +0100] "GET /retro-clock-p-55424.html HTTP/1.0" 200 73735 "-" "Mozilla/5.0 (compatible; MJ12bot/v1.4.8; http://mj12bot.com/)"
185.191.171.8 - - [19/Nov/2021:05:37:13 +0100] "GET /assortment-of-flowerpots-petits-bonhommes-p-51105.html HTTP/1.0" 301 70631 "-" "Mozilla/5.0 (compatible; SemrushBot/7~bl; +http://www.semrush.com/bot.html)"
178.150.14.250 - - [19/Nov/2021:05:37:14 +0100] "GET /cotton-floor-cushion-yellow-p-48833.html HTTP/1.0" 200 73868 "-" "Mozilla/5.0 (compatible; MJ12bot/v1.4.8; http://mj12bot.com/)"
185.191.171.36 - - [19/Nov/2021:05:37:15 +0100] "GET /-p-51105.html HTTP/1.0" 200 70564 "-" "Mozilla/5.0 (compatible; SemrushBot/7~bl; +http://www.semrush.com/bot.html)"
173.212.246.91 - - [19/Nov/2021:05:37:19 +0100] "GET /retro-transistor-clock-p-55423.html HTTP/1.0" 200 73216 "-" "Mozilla/5.0 (compatible; MJ12bot/v1.4.8; http://mj12bot.com/)"
178.150.14.250 - - [19/Nov/2021:05:37:25 +0100] "GET /cotton-kitchen-towel-burger-p-49658.html HTTP/1.0" 200 74533 "-" "Mozilla/5.0 (compatible; MJ12bot/v1.4.8; http://mj12bot.com/)"
173.212.246.91 - - [19/Nov/2021:05:37:26 +0100] "GET /rose-metal-tray-p-53577.html HTTP/1.0" 200 74096 "-" "Mozilla/5.0 (compatible; MJ12bot/v1.4.8; http://mj12bot.com/)"
173.212.246.91 - - [19/Nov/2021:05:37:32 +0100] "GET /salt-pepper-small-fish-p-54509.html HTTP/1.0" 200 73346 "-" "Mozilla/5.0 (compatible; MJ12bot/v1.4.8; http://mj12bot.com/)"
40.77.167.10 - - [19/Nov/2021:05:37:32 +0100] "GET /images/big_prod/1820006000007.jpg HTTP/1.0" 200 268 "-" "Mozilla/5.0 (compatible; bingbot/2.0; +http://www.bing.com/bingbot.htm)"
178.150.14.250 - - [19/Nov/2021:05:37:32 +0100] "GET /cream-bracelet-p-50795.html HTTP/1.0" 200 73379 "-" "Mozilla/5.0 (compatible; MJ12bot/v1.4.8; http://mj12bot.com/)"
173.212.246.91 - - [19/Nov/2021:05:37:37 +0100] "GET /salt-with-spoon-paludier-p-54501.html HTTP/1.0" 200 73297 "-" "Mozilla/5.0 (compatible; MJ12bot/v1.4.8; http://mj12bot.com/)"
178.150.14.250 - - [19/Nov/2021:05:37:40 +0100] "GET /decorative-wooden-plate-attention-chat-lunatique-light-brown-p-47796.html HTTP/1.0" 200 73724 "-" "Mozilla/5.0 (compatible; MJ12bot/v1.4.8; http://mj12bot.com/)"
173.212.246.91 - - [19/Nov/2021:05:37:44 +0100] "GET /salt-with-wooden-spoon-aderne-p-54500.html HTTP/1.0" 200 73368 "-" "Mozilla/5.0 (compatible; MJ12bot/v1.4.8; http://mj12bot.com/)"
54.36.149.78 - - [19/Nov/2021:05:37:45 +0100] "GET /small-metal-plate-collection-vespa-pin-up-p-16836.html HTTP/1.0" 301 74110 "-" "Mozilla/5.0 (compatible; AhrefsBot/7.0; +http://ahrefs.com/robot/)"
178.150.14.250 - - [19/Nov/2021:05:37:46 +0100] "GET /decorative-wooden-plate-chiens-bienvenus-azure-blue-p-47805.html HTTP/1.0" 200 73649 "-" "Mozilla/5.0 (compatible; MJ12bot/v1.4.8; http://mj12bot.com/)"
54.36.149.25 - - [19/Nov/2021:05:37:48 +0100] "GET /care-bear-friend-bear-plush-22-cm-p-35821.html HTTP/1.0" 301 70631 "-" "Mozilla/5.0 (compatible; AhrefsBot/7.0; +http://ahrefs.com/robot/)"
54.36.148.207 - - [19/Nov/2021:05:37:51 +0100] "GET /oval-mirror-solar-p-50581.html HTTP/1.0" 200 73846 "-" "Mozilla/5.0 (compatible; AhrefsBot/7.0; +http://ahrefs.com/robot/)"
178.150.14.250 - - [19/Nov/2021:05:37:54 +0100] "GET /decorative-wooden-plate-chiens-bienvenus-light-grey-p-47807.html HTTP/1.0" 200 73649 "-" "Mozilla/5.0 (compatible; MJ12bot/v1.4.8; http://mj12bot.com/)"
173.212.246.91 - - [19/Nov/2021:05:37:55 +0100] "GET /salt-with-wooden-spoon-jania-p-54524.html HTTP/1.0" 200 73244 "-" "Mozilla/5.0 (compatible; MJ12bot/v1.4.8; http://mj12bot.com/)"
54.36.148.180 - - [19/Nov/2021:05:37:56 +0100] "GET /winnie-the-pooth-pairs-of-socks-size-31-35-p-25501.html HTTP/1.0" 301 70631 "-" "Mozilla/5.0 (compatible; AhrefsBot/7.0; +http://ahrefs.com/robot/)"
178.150.14.250 - - [19/Nov/2021:05:37:59 +0100] "GET /decorative-wooden-plate-donkey-corsica-white-and-light-brown-p-47838.html HTTP/1.0" 301 73875 "-" "Mozilla/5.0 (compatible; MJ12bot/v1.4.8; http://mj12bot.com/)"
173.212.246.91 - - [19/Nov/2021:05:38:04 +0100] "GET /salt-with-wooden-spoon-paludier-p-54499.html HTTP/1.0" 200 73378 "-" "Mozilla/5.0 (compatible; MJ12bot/v1.4.8; http://mj12bot.com/)"
178.150.14.250 - - [19/Nov/2021:05:38:08 +0100] "GET /decorative-wooden-plate-donkey-corsica-white-light-brown-p-47838.html HTTP/1.0" 200 73752 "-" "Mozilla/5.0 (compatible; MJ12bot/v1.4.8; http://mj12bot.com/)"
173.212.246.91 - - [19/Nov/2021:05:38:12 +0100] "GET /scent-cup-heart-and-home-guardian-angel-p-51066.html HTTP/1.0" 301 73701 "-" "Mozilla/5.0 (compatible; MJ12bot/v1.4.8; http://mj12bot.com/)"
178.150.14.250 - - [19/Nov/2021:05:38:18 +0100] "GET /decorative-wooden-plate-donkey-corsica-white-light-brown-p-47838.html HTTP/1.0" 200 73752 "-" "Mozilla/5.0 (compatible; MJ12bot/v1.4.8; http://mj12bot.com/)"
173.212.246.91 - - [19/Nov/2021:05:38:19 +0100] "GET /scent-heart-home-guardian-angel-p-51066.html HTTP/1.0" 200 73603 "-" "Mozilla/5.0 (compatible; MJ12bot/v1.4.8; http://mj12bot.com/)"
114.119.128.39 - - [19/Nov/2021:05:38:21 +0100] "GET /bmw-parking-only-metal-plate-30-20-cm-p-33717.html HTTP/1.0" 301 73359 "-" "Mozilla/5.0 (Linux; Android 7.0;) AppleWebKit/537.36 (KHTML, like Gecko) Mobile Safari/537.36 (compatible; PetalBot;+https://webmaster.petalsearch.com/site/petalbot)"
114.119.128.39 - - [19/Nov/2021:05:38:22 +0100] "GET /parking-only-metal-plate-p-33717.html HTTP/1.0" 200 73268 "-" "Mozilla/5.0 (Linux; Android 7.0;) AppleWebKit/537.36 (KHTML, like Gecko) Mobile Safari/537.36 (compatible; PetalBot;+https://webmaster.petalsearch.com/site/petalbot)"
178.150.14.250 - - [19/Nov/2021:05:38:23 +0100] "GET /decorative-wooden-plate-donkey-corsica-yellow-and-blue-p-47839.html HTTP/1.0" 301 73821 "-" "Mozilla/5.0 (compatible; MJ12bot/v1.4.8; http://mj12bot.com/)"
173.212.246.91 - - [19/Nov/2021:05:38:25 +0100] "GET /scent-cup-heart-and-home-ruby-pomegranate-p-51058.html HTTP/1.0" 301 73744 "-" "Mozilla/5.0 (compatible; MJ12bot/v1.4.8; http://mj12bot.com/)"
178.150.14.250 - - [19/Nov/2021:05:38:30 +0100] "GET /decorative-wooden-plate-donkey-corsica-yellow-blue-p-47839.html HTTP/1.0" 200 73704 "-" "Mozilla/5.0 (compatible; MJ12bot/v1.4.8; http://mj12bot.com/)"
173.212.246.91 - - [19/Nov/2021:05:38:31 +0100] "GET /scent-heart-home-ruby-pomegranate-p-51058.html HTTP/1.0" 200 73644 "-" "Mozilla/5.0 (compatible; MJ12bot/v1.4.8; http://mj12bot.com/)"
54.36.148.32 - - [19/Nov/2021:05:38:33 +0100] "GET /eyelet-curtain-p-52355.html HTTP/1.0" 200 75989 "-" "Mozilla/5.0 (compatible; AhrefsBot/7.0; +http://ahrefs.com/robot/)"
54.36.148.73 - - [19/Nov/2021:05:38:36 +0100] "GET /us-route-66-case-lenticulaire-for-iphone-series-p-20657.html HTTP/1.0" 301 75993 "-" "Mozilla/5.0 (compatible; AhrefsBot/7.0; +http://ahrefs.com/robot/)"
178.150.14.250 - - [19/Nov/2021:05:38:36 +0100] "GET /decorative-wooden-plate-donkey-corsica-yellow-blue-p-47839.html HTTP/1.0" 200 73704 "-" "Mozilla/5.0 (compatible; MJ12bot/v1.4.8; http://mj12bot.com/)"
173.212.246.91 - - [19/Nov/2021:05:38:37 +0100] "GET /scent-heart-home-guardian-angel-p-51066.html HTTP/1.0" 200 73603 "-" "Mozilla/5.0 (compatible; MJ12bot/v1.4.8; http://mj12bot.com/)"
178.150.14.250 - - [19/Nov/2021:05:38:45 +0100] "GET /decorative-wooden-plate-entre-interdite-rleurs-white-p-47811.html HTTP/1.0" 200 73721 "-" "Mozilla/5.0 (compatible; MJ12bot/v1.4.8; http://mj12bot.com/)"
173.212.246.91 - - [19/Nov/2021:05:38:51 +0100] "GET /scent-heart-home-ruby-pomegranate-p-51058.html HTTP/1.0" 200 73644 "-" "Mozilla/5.0 (compatible; MJ12bot/v1.4.8; http://mj12bot.com/)"
178.150.14.250 - - [19/Nov/2021:05:38:53 +0100] "GET /decorative-wooden-plate-entree-interdite-aux-raleurs-white-p-47811.html HTTP/1.0" 301 73840 "-" "Mozilla/5.0 (compatible; MJ12bot/v1.4.8; http://mj12bot.com/)"
178.150.14.250 - - [19/Nov/2021:05:39:00 +0100] "GET /decorative-wooden-plate-entre-interdite-rleurs-white-p-47811.html HTTP/1.0" 200 73721 "-" "Mozilla/5.0 (compatible; MJ12bot/v1.4.8; http://mj12bot.com/)"
173.212.246.91 - - [19/Nov/2021:05:39:05 +0100] "GET /set-of-cement-tile-coasters-p-53110.html HTTP/1.0" 301 73299 "-" "Mozilla/5.0 (compatible; MJ12bot/v1.4.8; http://mj12bot.com/)"
178.150.14.250 - - [19/Nov/2021:05:39:09 +0100] "GET /decorative-wooden-plate-habite-chez-chat-white-p-47823.html HTTP/1.0" 200 70738 "-" "Mozilla/5.0 (compatible; MJ12bot/v1.4.8; http://mj12bot.com/)"
173.212.246.91 - - [19/Nov/2021:05:39:12 +0100] "GET /cement-tile-coasters-p-53110.html HTTP/1.0" 200 73212 "-" "Mozilla/5.0 (compatible; MJ12bot/v1.4.8; http://mj12bot.com/)"
54.36.148.214 - - [19/Nov/2021:05:39:13 +0100] "GET /quote-wall-sticker-p-53542.html HTTP/1.0" 200 74129 "-" "Mozilla/5.0 (compatible; AhrefsBot/7.0; +http://ahrefs.com/robot/)"
54.36.148.54 - - [19/Nov/2021:05:39:17 +0100] "GET /mug-the-little-prince-by-st-exupery-stars-p-53765.html HTTP/1.0" 301 74331 "-" "Mozilla/5.0 (compatible; AhrefsBot/7.0; +http://ahrefs.com/robot/)"
173.212.246.91 - - [19/Nov/2021:05:39:17 +0100] "GET /set-of-cotton-kitchen-towel-50-70-cm-burger-p-49658.html HTTP/1.0" 301 74627 "-" "Mozilla/5.0 (compatible; MJ12bot/v1.4.8; http://mj12bot.com/)"
178.150.14.250 - - [19/Nov/2021:05:39:18 +0100] "GET /decorative-wooden-plate-habite-chez-chats-light-brown-p-47821.html HTTP/1.0" 200 70802 "-" "Mozilla/5.0 (compatible; MJ12bot/v1.4.8; http://mj12bot.com/)"
173.212.246.91 - - [19/Nov/2021:05:39:21 +0100] "GET /cotton-kitchen-towel-burger-p-49658.html HTTP/1.0" 200 74533 "-" "Mozilla/5.0 (compatible; MJ12bot/v1.4.8; http://mj12bot.com/)"
173.212.246.91 - - [19/Nov/2021:05:39:27 +0100] "GET /set-of-mandala-coasters-p-53024.html HTTP/1.0" 301 73243 "-" "Mozilla/5.0 (compatible; MJ12bot/v1.4.8; http://mj12bot.com/)"
178.150.14.250 - - [19/Nov/2021:05:39:27 +0100] "GET /decorative-wooden-plate-habite-chez-mes-chats-light-brown-p-47821.html HTTP/1.0" 301 70922 "-" "Mozilla/5.0 (compatible; MJ12bot/v1.4.8; http://mj12bot.com/)"
178.150.14.250 - - [19/Nov/2021:05:39:33 +0100] "GET /decorative-wooden-plate-habite-chez-chats-light-brown-p-47821.html HTTP/1.0" 200 70802 "-" "Mozilla/5.0 (compatible; MJ12bot/v1.4.8; http://mj12bot.com/)"
173.212.246.91 - - [19/Nov/2021:05:39:34 +0100] "GET /mandala-coasters-p-53024.html HTTP/1.0" 200 73160 "-" "Mozilla/5.0 (compatible; MJ12bot/v1.4.8; http://mj12bot.com/)"
54.36.148.242 - - [19/Nov/2021:05:39:34 +0100] "GET /blue-ceramic-mug-p-53009.html HTTP/1.0" 301 73203 "-" "Mozilla/5.0 (compatible; AhrefsBot/7.0; +http://ahrefs.com/robot/)"
173.212.246.91 - - [19/Nov/2021:05:39:40 +0100] "GET /silhouette-art-ceramic-vase-van-gogh-iris-p-53526.html HTTP/1.0" 301 75169 "-" "Mozilla/5.0 (compatible; MJ12bot/v1.4.8; http://mj12bot.com/)"
54.36.148.93 - - [19/Nov/2021:05:39:41 +0100] "GET /mickey-and-minnie-figurine-collection-disco-p-20766.html HTTP/1.0" 301 70631 "-" "Mozilla/5.0 (compatible; AhrefsBot/7.0; +http://ahrefs.com/robot/)"
178.150.14.250 - - [19/Nov/2021:05:39:43 +0100] "GET /decorative-wooden-plate-habite-chez-mon-chat-white-p-47823.html HTTP/1.0" 301 70851 "-" "Mozilla/5.0 (compatible; MJ12bot/v1.4.8; http://mj12bot.com/)"
173.212.246.91 - - [19/Nov/2021:05:39:47 +0100] "GET /silhouette-ceramic-vase-gogh-iris-p-53526.html HTTP/1.0" 200 75069 "-" "Mozilla/5.0 (compatible; MJ12bot/v1.4.8; http://mj12bot.com/)"
178.150.14.250 - - [19/Nov/2021:05:39:47 +0100] "GET /decorative-wooden-plate-habite-chez-chat-white-p-47823.html HTTP/1.0" 200 70738 "-" "Mozilla/5.0 (compatible; MJ12bot/v1.4.8; http://mj12bot.com/)"
54.36.148.75 - - [19/Nov/2021:05:39:51 +0100] "GET /headrest-cushion-grey-p-43994.html HTTP/1.0" 200 73245 "-" "Mozilla/5.0 (compatible; AhrefsBot/7.0; +http://ahrefs.com/robot/)"
173.212.246.91 - - [19/Nov/2021:05:39:52 +0100] "GET /small-appliances-and-hifi-c-13_88.html HTTP/1.0" 301 90055 "-" "Mozilla/5.0 (compatible; MJ12bot/v1.4.8; http://mj12bot.com/)"
178.150.14.250 - - [19/Nov/2021:05:39:53 +0100] "GET /decorative-wooden-plate-head-moor-black-grey-p-47837.html HTTP/1.0" 200 73678 "-" "Mozilla/5.0 (compatible; MJ12bot/v1.4.8; http://mj12bot.com/)"
173.212.246.91 - - [19/Nov/2021:05:39:58 +0100] "GET /small-appliances-hifi-c-88.html HTTP/1.0" 301 89932 "-" "Mozilla/5.0 (compatible; MJ12bot/v1.4.8; http://mj12bot.com/)"
178.150.14.250 - - [19/Nov/2021:05:40:00 +0100] "GET /decorative-wooden-plate-head-of-moor-black-and-grey-p-47837.html HTTP/1.0" 301 73789 "-" "Mozilla/5.0 (compatible; MJ12bot/v1.4.8; http://mj12bot.com/)"
173.212.246.91 - - [19/Nov/2021:05:40:07 +0100] "GET /small-appliances-hifi-c-13_88.html HTTP/1.0" 200 89970 "-" "Mozilla/5.0 (compatible; MJ12bot/v1.4.8; http://mj12bot.com/)"
178.150.14.250 - - [19/Nov/2021:05:40:09 +0100] "GET /decorative-wooden-plate-head-moor-black-grey-p-47837.html HTTP/1.0" 200 73678 "-" "Mozilla/5.0 (compatible; MJ12bot/v1.4.8; http://mj12bot.com/)"
173.212.246.91 - - [19/Nov/2021:05:40:13 +0100] "GET /small-candle-ocean-sapphire-p-51070.html HTTP/1.0" 200 73712 "-" "Mozilla/5.0 (compatible; MJ12bot/v1.4.8; http://mj12bot.com/)"
178.150.14.250 - - [19/Nov/2021:05:40:17 +0100] "GET /decorative-wooden-plate-interdit-aux-cons-light-brown-p-47818.html HTTP/1.0" 301 73812 "-" "Mozilla/5.0 (compatible; MJ12bot/v1.4.8; http://mj12bot.com/)"
216.244.66.242 - - [19/Nov/2021:05:40:19 +0100] "GET /robots.txt HTTP/1.0" 200 245 "-" "Mozilla/5.0 (compatible; DotBot/1.2; +https://opensiteexplorer.org/dotbot; help@moz.com)"
173.212.246.91 - - [19/Nov/2021:05:40:22 +0100] "GET /small-candle-rose-quartz-p-51064.html HTTP/1.0" 200 73684 "-" "Mozilla/5.0 (compatible; MJ12bot/v1.4.8; http://mj12bot.com/)"
178.150.14.250 - - [19/Nov/2021:05:40:25 +0100] "GET /decorative-wooden-plate-interdit-cons-light-brown-p-47818.html HTTP/1.0" 200 73696 "-" "Mozilla/5.0 (compatible; MJ12bot/v1.4.8; http://mj12bot.com/)"
178.150.14.250 - - [19/Nov/2021:05:40:28 +0100] "GET /decorative-wooden-plate-interdit-cons-light-brown-p-47818.html HTTP/1.0" 200 73696 "-" "Mozilla/5.0 (compatible; MJ12bot/v1.4.8; http://mj12bot.com/)"
173.212.246.91 - - [19/Nov/2021:05:40:29 +0100] "GET /small-jar-candle-ocean-sapphire-p-51070.html HTTP/1.0" 301 73806 "-" "Mozilla/5.0 (compatible; MJ12bot/v1.4.8; http://mj12bot.com/)"
54.36.149.24 - - [19/Nov/2021:05:40:32 +0100] "GET /eyelet-curtain-p-52381.html HTTP/1.0" 200 75382 "-" "Mozilla/5.0 (compatible; AhrefsBot/7.0; +http://ahrefs.com/robot/)"
173.212.246.91 - - [19/Nov/2021:05:40:34 +0100] "GET /small-candle-ocean-sapphire-p-51070.html HTTP/1.0" 200 73712 "-" "Mozilla/5.0 (compatible; MJ12bot/v1.4.8; http://mj12bot.com/)"
178.150.14.250 - - [19/Nov/2021:05:40:35 +0100] "GET /dopey-figure-collection-by-romero-britto-p-53511.html HTTP/1.0" 301 70812 "-" "Mozilla/5.0 (compatible; MJ12bot/v1.4.8; http://mj12bot.com/)"
178.150.14.250 - - [19/Nov/2021:05:40:41 +0100] "GET /dopey-figure-collection-romero-britto-p-53511.html HTTP/1.0" 200 70708 "-" "Mozilla/5.0 (compatible; MJ12bot/v1.4.8; http://mj12bot.com/)"
173.212.246.91 - - [19/Nov/2021:05:40:43 +0100] "GET /small-jar-candle-rose-quartz-p-51064.html HTTP/1.0" 301 73775 "-" "Mozilla/5.0 (compatible; MJ12bot/v1.4.8; http://mj12bot.com/)"
178.150.14.250 - - [19/Nov/2021:05:40:48 +0100] "GET /duvet-cover-side-linen-side-washed-cotton-p-54390.html HTTP/1.0" 200 74096 "-" "Mozilla/5.0 (compatible; MJ12bot/v1.4.8; http://mj12bot.com/)"
185.191.171.36 - - [19/Nov/2021:05:40:49 +0100] "GET /sonny-angel-york-series-figurine-p-50043.html?action=add_product HTTP/1.0" 302 476 "-" "Mozilla/5.0 (compatible; SemrushBot/7~bl; +http://www.semrush.com/bot.html)"
173.212.246.91 - - [19/Nov/2021:05:40:50 +0100] "GET /small-candle-rose-quartz-p-51064.html HTTP/1.0" 200 73684 "-" "Mozilla/5.0 (compatible; MJ12bot/v1.4.8; http://mj12bot.com/)"
173.212.246.91 - - [19/Nov/2021:05:40:54 +0100] "GET /st-michel-statue-11-cm-p-53049.html HTTP/1.0" 301 73332 "-" "Mozilla/5.0 (compatible; MJ12bot/v1.4.8; http://mj12bot.com/)"
54.36.148.70 - - [19/Nov/2021:05:40:57 +0100] "GET /3d-pvc-stickers-despicable-me-p-34097.html HTTP/1.0" 301 73345 "-" "Mozilla/5.0 (compatible; AhrefsBot/7.0; +http://ahrefs.com/robot/)"
178.150.14.250 - - [19/Nov/2021:05:40:58 +0100] "GET /elastic-folder-by-teo-jasmin-p-36497.html HTTP/1.0" 301 70631 "-" "Mozilla/5.0 (compatible; MJ12bot/v1.4.8; http://mj12bot.com/)"
173.212.246.91 - - [19/Nov/2021:05:41:02 +0100] "GET /michel-statue-p-53049.html HTTP/1.0" 200 73252 "-" "Mozilla/5.0 (compatible; MJ12bot/v1.4.8; http://mj12bot.com/)"
178.150.14.250 - - [19/Nov/2021:05:41:06 +0100] "GET /-p-36497.html HTTP/1.0" 200 70564 "-" "Mozilla/5.0 (compatible; MJ12bot/v1.4.8; http://mj12bot.com/)"
173.212.246.91 - - [19/Nov/2021:05:41:09 +0100] "GET /statue-the-white-bear-of-francois-pompon-anthracite-p-53533.html HTTP/1.0" 301 74235 "-" "Mozilla/5.0 (compatible; MJ12bot/v1.4.8; http://mj12bot.com/)"
173.212.246.91 - - [19/Nov/2021:05:41:11 +0100] "GET /statue-white-bear-franois-pompon-anthracite-p-53533.html HTTP/1.0" 200 74125 "-" "Mozilla/5.0 (compatible; MJ12bot/v1.4.8; http://mj12bot.com/)"
178.150.14.250 - - [19/Nov/2021:05:41:12 +0100] "GET /elmer-apron-p-20830.html HTTP/1.0" 301 70631 "-" "Mozilla/5.0 (compatible; MJ12bot/v1.4.8; http://mj12bot.com/)"
114.119.128.39 - - [19/Nov/2021:05:41:17 +0100] "GET /little-buddha-happy-statue-p-37707.html HTTP/1.0" 200 73299 "-" "Mozilla/5.0 (Linux; Android 7.0;) AppleWebKit/537.36 (KHTML, like Gecko) Mobile Safari/537.36 (compatible; PetalBot;+https://webmaster.petalsearch.com/site/petalbot)"
54.36.148.148 - - [19/Nov/2021:05:41:17 +0100] "GET /incense-stick-holder-stars-p-55244.html HTTP/1.0" 200 74220 "-" "Mozilla/5.0 (compatible; AhrefsBot/7.0; +http://ahrefs.com/robot/)"
173.212.246.91 - - [19/Nov/2021:05:41:18 +0100] "GET /statue-white-bear-franois-pompon-anthracite-p-53533.html HTTP/1.0" 200 74125 "-" "Mozilla/5.0 (compatible; MJ12bot/v1.4.8; http://mj12bot.com/)"
178.150.14.250 - - [19/Nov/2021:05:41:21 +0100] "GET /-p-20830.html HTTP/1.0" 200 70564 "-" "Mozilla/5.0 (compatible; MJ12bot/v1.4.8; http://mj12bot.com/)"
173.212.246.91 - - [19/Nov/2021:05:41:25 +0100] "GET /statuette-african-bust-31-cm-p-48840.html HTTP/1.0" 301 70743 "-" "Mozilla/5.0 (compatible; MJ12bot/v1.4.8; http://mj12bot.com/)"
178.150.14.250 - - [19/Nov/2021:05:41:26 +0100] "GET /elmer-game-of-skittles-p-921.html HTTP/1.0" 301 70625 "-" "Mozilla/5.0 (compatible; MJ12bot/v1.4.8; http://mj12bot.com/)"
173.212.246.91 - - [19/Nov/2021:05:41:31 +0100] "GET /statuette-african-bust-p-48840.html HTTP/1.0" 200 70654 "-" "Mozilla/5.0 (compatible; MJ12bot/v1.4.8; http://mj12bot.com/)"
178.150.14.250 - - [19/Nov/2021:05:41:33 +0100] "GET /-p-921.html HTTP/1.0" 200 70560 "-" "Mozilla/5.0 (compatible; MJ12bot/v1.4.8; http://mj12bot.com/)"
173.212.246.91 - - [19/Nov/2021:05:41:35 +0100] "GET /statuette-african-bust-44-cm-p-48838.html HTTP/1.0" 301 74408 "-" "Mozilla/5.0 (compatible; MJ12bot/v1.4.8; http://mj12bot.com/)"
178.150.14.250 - - [19/Nov/2021:05:41:38 +0100] "GET /eucalyptus-branch-adhesive-decoration-board-p-55493.html HTTP/1.0" 200 74068 "-" "Mozilla/5.0 (compatible; MJ12bot/v1.4.8; http://mj12bot.com/)"
173.212.246.91 - - [19/Nov/2021:05:41:40 +0100] "GET /statuette-african-bust-p-48838.html HTTP/1.0" 200 74319 "-" "Mozilla/5.0 (compatible; MJ12bot/v1.4.8; http://mj12bot.com/)"
178.150.14.250 - - [19/Nov/2021:05:41:44 +0100] "GET /expresso-set-star-wars-p-16040.html HTTP/1.0" 301 70631 "-" "Mozilla/5.0 (compatible; MJ12bot/v1.4.8; http://mj12bot.com/)"
173.212.246.91 - - [19/Nov/2021:05:41:48 +0100] "GET /statuette-african-bust-p-48838.html HTTP/1.0" 200 74319 "-" "Mozilla/5.0 (compatible; MJ12bot/v1.4.8; http://mj12bot.com/)"
178.150.14.250 - - [19/Nov/2021:05:41:55 +0100] "GET /-p-16040.html HTTP/1.0" 200 70564 "-" "Mozilla/5.0 (compatible; MJ12bot/v1.4.8; http://mj12bot.com/)"
173.212.246.91 - - [19/Nov/2021:05:41:58 +0100] "GET /statuette-african-bust-p-48840.html HTTP/1.0" 200 70654 "-" "Mozilla/5.0 (compatible; MJ12bot/v1.4.8; http://mj12bot.com/)"
54.36.148.87 - - [19/Nov/2021:05:42:00 +0100] "GET /cotton-floor-cushion-light-pink-p-43508.html HTTP/1.0" 200 73896 "-" "Mozilla/5.0 (compatible; AhrefsBot/7.0; +http://ahrefs.com/robot/)"
178.150.14.250 - - [19/Nov/2021:05:42:01 +0100] "GET /expresso-set-star-wars-spaceship-p-16039.html HTTP/1.0" 301 70631 "-" "Mozilla/5.0 (compatible; MJ12bot/v1.4.8; http://mj12bot.com/)"
173.212.246.91 - - [19/Nov/2021:05:42:01 +0100] "GET /statuette-yoga-or-p-53031.html HTTP/1.0" 301 73293 "-" "Mozilla/5.0 (compatible; MJ12bot/v1.4.8; http://mj12bot.com/)"
178.150.14.250 - - [19/Nov/2021:05:42:06 +0100] "GET /-p-16039.html HTTP/1.0" 200 70564 "-" "Mozilla/5.0 (compatible; MJ12bot/v1.4.8; http://mj12bot.com/)"
54.36.149.90 - - [19/Nov/2021:05:42:10 +0100] "GET /minnie-mouse-large-metal-box-p-26704.html HTTP/1.0" 301 73437 "-" "Mozilla/5.0 (compatible; AhrefsBot/7.0; +http://ahrefs.com/robot/)"
173.212.246.91 - - [19/Nov/2021:05:42:12 +0100] "GET /statuette-yoga-p-53031.html HTTP/1.0" 200 73212 "-" "Mozilla/5.0 (compatible; MJ12bot/v1.4.8; http://mj12bot.com/)"
178.150.14.250 - - [19/Nov/2021:05:42:15 +0100] "GET /fairies-moonlight-curtain-p-18166.html HTTP/1.0" 301 70631 "-" "Mozilla/5.0 (compatible; MJ12bot/v1.4.8; http://mj12bot.com/)"
173.212.246.91 - - [19/Nov/2021:05:42:19 +0100] "GET /statuette-yoga-p-53031.html HTTP/1.0" 200 73212 "-" "Mozilla/5.0 (compatible; MJ12bot/v1.4.8; http://mj12bot.com/)"
178.150.14.250 - - [19/Nov/2021:05:42:22 +0100] "GET /-p-18166.html HTTP/1.0" 200 70564 "-" "Mozilla/5.0 (compatible; MJ12bot/v1.4.8; http://mj12bot.com/)"
40.77.167.23 - - [19/Nov/2021:05:42:23 +0100] "GET /beyblade-trolley-backpack-p-15996.html HTTP/1.0" 200 70662 "-" "Mozilla/5.0 (compatible; bingbot/2.0; +http://www.bing.com/bingbot.htm)"
178.150.14.250 - - [19/Nov/2021:05:42:30 +0100] "GET /fatma-hand-coaster-p-53506.html HTTP/1.0" 200 70626 "-" "Mozilla/5.0 (compatible; MJ12bot/v1.4.8; http://mj12bot.com/)"
173.212.246.91 - - [19/Nov/2021:05:42:34 +0100] "GET /surfboard-wooden-wall-decoration-60-cm-p-46758.html HTTP/1.0" 301 70631 "-" "Mozilla/5.0 (compatible; MJ12bot/v1.4.8; http://mj12bot.com/)"
178.150.14.250 - - [19/Nov/2021:05:42:36 +0100] "GET /fine-porcelain-saucer-p-55477.html HTTP/1.0" 200 73480 "-" "Mozilla/5.0 (compatible; MJ12bot/v1.4.8; http://mj12bot.com/)"
54.36.148.110 - - [19/Nov/2021:05:42:39 +0100] "GET /kimmi-junior-meika-pocket-mirror-p-15846.html HTTP/1.0" 200 76285 "-" "Mozilla/5.0 (compatible; AhrefsBot/7.0; +http://ahrefs.com/robot/)"
178.150.14.250 - - [19/Nov/2021:05:42:42 +0100] "GET /fireman-sam-box-of-puzzles-25-pieces-p-28422.html HTTP/1.0" 301 70631 "-" "Mozilla/5.0 (compatible; MJ12bot/v1.4.8; http://mj12bot.com/)"
173.212.246.91 - - [19/Nov/2021:05:42:43 +0100] "GET /-p-46758.html HTTP/1.0" 200 70564 "-" "Mozilla/5.0 (compatible; MJ12bot/v1.4.8; http://mj12bot.com/)"
54.36.148.69 - - [19/Nov/2021:05:42:45 +0100] "GET /teo-jasmin-handbag-hanger-p-32020.html HTTP/1.0" 301 70631 "-" "Mozilla/5.0 (compatible; AhrefsBot/7.0; +http://ahrefs.com/robot/)"
178.150.14.250 - - [19/Nov/2021:05:42:48 +0100] "GET /-p-28422.html HTTP/1.0" 200 70564 "-" "Mozilla/5.0 (compatible; MJ12bot/v1.4.8; http://mj12bot.com/)"
173.212.246.91 - - [19/Nov/2021:05:42:54 +0100] "GET /tablier-maman-parfaite-adult-apron-p-55443.html HTTP/1.0" 200 74000 "-" "Mozilla/5.0 (compatible; MJ12bot/v1.4.8; http://mj12bot.com/)"
178.150.14.250 - - [19/Nov/2021:05:42:58 +0100] "GET /fireman-sam-house-fire-p-29391.html HTTP/1.0" 301 70631 "-" "Mozilla/5.0 (compatible; MJ12bot/v1.4.8; http://mj12bot.com/)"
173.212.246.91 - - [19/Nov/2021:05:43:03 +0100] "GET /tendresse-pillowcase-washed-cotton-gauze-p-54452.html HTTP/1.0" 200 74164 "-" "Mozilla/5.0 (compatible; MJ12bot/v1.4.8; http://mj12bot.com/)"
51.68.224.127 - - [19/Nov/2021:05:43:04 +0100] "GET /adminweb/export_orders_xml.php?token=256de2z6edz6ed2z6DFSFsed2zed6zeDSFDSGdzedezfzf&maxorders=10&orderstart=1&status=14&start_date=2018-10-01 HTTP/1.0" 200 285 "-" "GesCom CharlotteBoutik Serveur"
51.68.224.127 - - [19/Nov/2021:05:43:04 +0100] "GET /adminweb/export_orders_xml.php?token=256de2z6edz6ed2z6DFSFsed2zed6zeDSFDSGdzedezfzf&maxorders=10&orderstart=1&status=6&start_date=2018-10-01 HTTP/1.0" 200 32471 "-" "GesCom CharlotteBoutik Serveur"
178.150.14.250 - - [19/Nov/2021:05:43:06 +0100] "GET /-p-29391.html HTTP/1.0" 200 70564 "-" "Mozilla/5.0 (compatible; MJ12bot/v1.4.8; http://mj12bot.com/)"
178.150.14.250 - - [19/Nov/2021:05:43:10 +0100] "GET /fireman-sam-tour-training-p-18563.html HTTP/1.0" 301 70631 "-" "Mozilla/5.0 (compatible; MJ12bot/v1.4.8; http://mj12bot.com/)"
173.212.246.91 - - [19/Nov/2021:05:43:12 +0100] "GET /tendresse-pillowcase-washed-cotton-gauze-p-54453.html HTTP/1.0" 200 74164 "-" "Mozilla/5.0 (compatible; MJ12bot/v1.4.8; http://mj12bot.com/)"
54.36.149.82 - - [19/Nov/2021:05:43:13 +0100] "GET /pillow-case-65-65-cm-pink-p-36884.html HTTP/1.0" 301 70631 "-" "Mozilla/5.0 (compatible; AhrefsBot/7.0; +http://ahrefs.com/robot/)"
178.150.14.250 - - [19/Nov/2021:05:43:18 +0100] "GET /-p-18563.html HTTP/1.0" 200 70564 "-" "Mozilla/5.0 (compatible; MJ12bot/v1.4.8; http://mj12bot.com/)"
54.36.149.64 - - [19/Nov/2021:05:43:21 +0100] "GET /duvet-cover-cotton-percale-threads-p-48208.html HTTP/1.0" 200 73503 "-" "Mozilla/5.0 (compatible; AhrefsBot/7.0; +http://ahrefs.com/robot/)"
185.191.171.19 - - [19/Nov/2021:05:43:21 +0100] "GET /salt-pepper-shakers-p-52204.html?action=add_product HTTP/1.0" 302 476 "-" "Mozilla/5.0 (compatible; SemrushBot/7~bl; +http://www.semrush.com/bot.html)"
178.150.14.250 - - [19/Nov/2021:05:43:24 +0100] "GET /flower-market-metal-planter-zinc-look-beige-p-55464.html HTTP/1.0" 200 74276 "-" "Mozilla/5.0 (compatible; MJ12bot/v1.4.8; http://mj12bot.com/)"
173.212.246.91 - - [19/Nov/2021:05:43:25 +0100] "GET /therese-aromatika-incense-sticks-p-53452.html HTTP/1.0" 200 73340 "-" "Mozilla/5.0 (compatible; MJ12bot/v1.4.8; http://mj12bot.com/)"
185.191.171.34 - - [19/Nov/2021:05:43:31 +0100] "GET /corsica-women-black-shirt-drawing-back-p-31003.html?action=add_product HTTP/1.0" 302 476 "-" "Mozilla/5.0 (compatible; SemrushBot/7~bl; +http://www.semrush.com/bot.html)"
178.150.14.250 - - [19/Nov/2021:05:43:32 +0100] "GET /flower-market-metal-planter-zinc-look-green-p-55467.html HTTP/1.0" 200 74276 "-" "Mozilla/5.0 (compatible; MJ12bot/v1.4.8; http://mj12bot.com/)"
173.212.246.91 - - [19/Nov/2021:05:43:34 +0100] "GET /thread-count-cotton-percale-fitted-sheet-p-54447.html HTTP/1.0" 200 74345 "-" "Mozilla/5.0 (compatible; MJ12bot/v1.4.8; http://mj12bot.com/)"
185.191.171.5 - - [19/Nov/2021:05:43:37 +0100] "GET /rtro-case-cigarettes-pack-p-42576.html HTTP/1.0" 200 73284 "-" "Mozilla/5.0 (compatible; SemrushBot/7~bl; +http://www.semrush.com/bot.html)"
178.150.14.250 - - [19/Nov/2021:05:43:39 +0100] "GET /flower-market-metal-planter-zinc-look-khaki-p-55466.html HTTP/1.0" 200 74276 "-" "Mozilla/5.0 (compatible; MJ12bot/v1.4.8; http://mj12bot.com/)"
178.150.14.250 - - [19/Nov/2021:05:43:46 +0100] "GET /flying-saucer-grendizer-spazer-p-16044.html HTTP/1.0" 301 70631 "-" "Mozilla/5.0 (compatible; MJ12bot/v1.4.8; http://mj12bot.com/)"
54.36.148.14 - - [19/Nov/2021:05:43:47 +0100] "GET /teo-jasmin-calendar-school-year-2016-2017-p-35838.html HTTP/1.0" 301 70631 "-" "Mozilla/5.0 (compatible; AhrefsBot/7.0; +http://ahrefs.com/robot/)"
173.212.246.91 - - [19/Nov/2021:05:43:49 +0100] "GET /tour-france-eyeglass-case-p-55432.html HTTP/1.0" 200 73882 "-" "Mozilla/5.0 (compatible; MJ12bot/v1.4.8; http://mj12bot.com/)"
178.150.14.250 - - [19/Nov/2021:05:43:52 +0100] "GET /-p-16044.html HTTP/1.0" 200 70564 "-" "Mozilla/5.0 (compatible; MJ12bot/v1.4.8; http://mj12bot.com/)"
178.150.14.250 - - [19/Nov/2021:05:43:59 +0100] "GET /food-storage-dod-white-22-cm-p-31693.html HTTP/1.0" 301 70760 "-" "Mozilla/5.0 (compatible; MJ12bot/v1.4.8; http://mj12bot.com/)"
173.212.246.91 - - [19/Nov/2021:05:44:02 +0100] "GET /tree-life-side-tables-p-53060.html HTTP/1.0" 200 73293 "-" "Mozilla/5.0 (compatible; MJ12bot/v1.4.8; http://mj12bot.com/)"
114.119.128.39 - - [19/Nov/2021:05:44:07 +0100] "GET /images/big_prod/3012585002871a.jpg HTTP/1.0" 200 269 "-" "Mozilla/5.0 (Linux; Android 7.0;) AppleWebKit/537.36 (KHTML, like Gecko) Mobile Safari/537.36 (compatible; PetalBot;+https://webmaster.petalsearch.com/site/petalbot)"
54.36.149.49 - - [19/Nov/2021:05:44:07 +0100] "GET /toilet-seat-picto-wood-gray-p-41585.html HTTP/1.0" 200 73272 "-" "Mozilla/5.0 (compatible; AhrefsBot/7.0; +http://ahrefs.com/robot/)"
178.150.14.250 - - [19/Nov/2021:05:44:09 +0100] "GET /food-storage-white-p-31693.html HTTP/1.0" 200 70675 "-" "Mozilla/5.0 (compatible; MJ12bot/v1.4.8; http://mj12bot.com/)"
173.212.246.91 - - [19/Nov/2021:05:44:10 +0100] "GET /tree-of-life-side-tables-p-53060.html HTTP/1.0" 301 73381 "-" "Mozilla/5.0 (compatible; MJ12bot/v1.4.8; http://mj12bot.com/)"
178.150.14.250 - - [19/Nov/2021:05:44:14 +0100] "GET /galileo-thermometer-indoors-p-55399.html HTTP/1.0" 200 73961 "-" "Mozilla/5.0 (compatible; MJ12bot/v1.4.8; http://mj12bot.com/)"
178.150.14.250 - - [19/Nov/2021:05:44:20 +0100] "GET /garden-chair-cushion-38-cm-melon-p-48830.html HTTP/1.0" 301 70631 "-" "Mozilla/5.0 (compatible; MJ12bot/v1.4.8; http://mj12bot.com/)"
173.212.246.91 - - [19/Nov/2021:05:44:24 +0100] "GET /tree-life-side-tables-p-53060.html HTTP/1.0" 200 73293 "-" "Mozilla/5.0 (compatible; MJ12bot/v1.4.8; http://mj12bot.com/)"
178.150.14.250 - - [19/Nov/2021:05:44:28 +0100] "GET /-p-48830.html HTTP/1.0" 200 70564 "-" "Mozilla/5.0 (compatible; MJ12bot/v1.4.8; http://mj12bot.com/)"
173.212.246.91 - - [19/Nov/2021:05:44:38 +0100] "GET /tucano-bedclothes-240-260-cm-p-48831.html HTTP/1.0" 301 70631 "-" "Mozilla/5.0 (compatible; MJ12bot/v1.4.8; http://mj12bot.com/)"
54.36.148.125 - - [19/Nov/2021:05:44:49 +0100] "GET /tinted-candle-mass-burgundy-p-56092.html HTTP/1.0" 200 73898 "-" "Mozilla/5.0 (compatible; AhrefsBot/7.0; +http://ahrefs.com/robot/)"
173.212.246.91 - - [19/Nov/2021:05:45:01 +0100] "GET /-p-48831.html HTTP/1.0" 200 70564 "-" "Mozilla/5.0 (compatible; MJ12bot/v1.4.8; http://mj12bot.com/)"
173.212.246.91 - - [19/Nov/2021:05:45:12 +0100] "GET /uk-bus-cushion-p-33030.html HTTP/1.0" 301 70631 "-" "Mozilla/5.0 (compatible; MJ12bot/v1.4.8; http://mj12bot.com/)"
173.212.246.91 - - [19/Nov/2021:05:45:22 +0100] "GET /-p-33030.html HTTP/1.0" 200 70564 "-" "Mozilla/5.0 (compatible; MJ12bot/v1.4.8; http://mj12bot.com/)"
185.191.171.13 - - [19/Nov/2021:05:45:25 +0100] "GET /everyone-dream-rapunzel-musical-p-36262.html?action=add_product HTTP/1.0" 302 476 "-" "Mozilla/5.0 (compatible; SemrushBot/7~bl; +http://www.semrush.com/bot.html)"
54.36.148.52 - - [19/Nov/2021:05:45:31 +0100] "GET /eyelet-curtain-p-52384.html HTTP/1.0" 200 75383 "-" "Mozilla/5.0 (compatible; AhrefsBot/7.0; +http://ahrefs.com/robot/)"
173.212.246.91 - - [19/Nov/2021:05:45:37 +0100] "GET /uk-carlin-by-cbk-coffee-cup-set-p-30075.html HTTP/1.0" 301 70787 "-" "Mozilla/5.0 (compatible; MJ12bot/v1.4.8; http://mj12bot.com/)"
173.212.246.91 - - [19/Nov/2021:05:45:43 +0100] "GET /carlin-cbkreation-coffee-p-30075.html HTTP/1.0" 200 70696 "-" "Mozilla/5.0 (compatible; MJ12bot/v1.4.8; http://mj12bot.com/)"
173.212.246.91 - - [19/Nov/2021:05:45:47 +0100] "GET /uk-carlin-by-cbkreation-coffee-cup-set-p-30075.html HTTP/1.0" 301 70787 "-" "Mozilla/5.0 (compatible; MJ12bot/v1.4.8; http://mj12bot.com/)"
87.250.224.167 - - [19/Nov/2021:05:45:51 +0100] "GET /images/1300010236949.jpg HTTP/1.0" 200 259 "-" "Mozilla/5.0 (compatible; YandexImages/3.0; +http://yandex.com/bots)"
195.188.181.2 - - [19/Nov/2021:05:45:52 +0100] "GET /images/mini_prod/3700653511768.jpg HTTP/1.0" 200 269 "-" "Mozilla/5.0 (X11; Ubuntu; Linux x86_64; rv:72.0) Gecko/20100101 Firefox/72.0"
173.212.246.91 - - [19/Nov/2021:05:46:02 +0100] "GET /carlin-cbkreation-coffee-p-30075.html HTTP/1.0" 200 70696 "-" "Mozilla/5.0 (compatible; MJ12bot/v1.4.8; http://mj12bot.com/)"
40.77.167.23 - - [19/Nov/2021:05:46:02 +0100] "GET /images/big_prod/1328399219636.jpg HTTP/1.0" 200 268 "-" "Mozilla/5.0 (compatible; bingbot/2.0; +http://www.bing.com/bingbot.htm)"
54.36.148.86 - - [19/Nov/2021:05:46:09 +0100] "GET /microfibre-base-cover-grey-p-47364.html HTTP/1.0" 200 73372 "-" "Mozilla/5.0 (compatible; AhrefsBot/7.0; +http://ahrefs.com/robot/)"
173.212.246.91 - - [19/Nov/2021:05:46:14 +0100] "GET /unicorn-grey-cushion-p-44381.html HTTP/1.0" 301 70631 "-" "Mozilla/5.0 (compatible; MJ12bot/v1.4.8; http://mj12bot.com/)"
101.32.45.142 - - [19/Nov/2021:05:46:23 +0100] "GET /images/mini_prod/3661443279193.jpg HTTP/1.0" 200 269 "-" "Mozilla/5.0 (X11; Ubuntu; Linux x86_64; rv:72.0) Gecko/20100101 Firefox/72.0"
54.36.149.19 - - [19/Nov/2021:05:46:24 +0100] "GET /betty-boop-mirror-p-15475.html HTTP/1.0" 301 70631 "-" "Mozilla/5.0 (compatible; AhrefsBot/7.0; +http://ahrefs.com/robot/)"
173.212.246.91 - - [19/Nov/2021:05:46:27 +0100] "GET /-p-44381.html HTTP/1.0" 200 70564 "-" "Mozilla/5.0 (compatible; MJ12bot/v1.4.8; http://mj12bot.com/)"
185.191.171.11 - - [19/Nov/2021:05:46:40 +0100] "GET /jasmin-medium-cabas-jasmine-p-43474.html HTTP/1.0" 200 74198 "-" "Mozilla/5.0 (compatible; SemrushBot/7~bl; +http://www.semrush.com/bot.html)"
173.212.246.91 - - [19/Nov/2021:05:46:40 +0100] "GET /us-eagle-adult-cap-by-cbkreation-p-36537.html HTTP/1.0" 301 70631 "-" "Mozilla/5.0 (compatible; MJ12bot/v1.4.8; http://mj12bot.com/)"
173.212.246.91 - - [19/Nov/2021:05:46:45 +0100] "GET /-p-36537.html HTTP/1.0" 200 70564 "-" "Mozilla/5.0 (compatible; MJ12bot/v1.4.8; http://mj12bot.com/)"
54.36.148.204 - - [19/Nov/2021:05:46:55 +0100] "GET /cotton-floor-cushion-daphn-p-54415.html HTTP/1.0" 200 73987 "-" "Mozilla/5.0 (compatible; AhrefsBot/7.0; +http://ahrefs.com/robot/)"
173.212.246.91 - - [19/Nov/2021:05:46:59 +0100] "GET /van-gogh-the-starry-night-candle-holder-p-53527.html HTTP/1.0" 301 74814 "-" "Mozilla/5.0 (compatible; MJ12bot/v1.4.8; http://mj12bot.com/)"
173.212.246.91 - - [19/Nov/2021:05:47:03 +0100] "GET /gogh-starry-night-candle-holder-p-53527.html HTTP/1.0" 200 74716 "-" "Mozilla/5.0 (compatible; MJ12bot/v1.4.8; http://mj12bot.com/)"
114.119.128.40 - - [19/Nov/2021:05:47:06 +0100] "GET /pot-for-flowers-boho-16-cm-p-50798.html HTTP/1.0" 301 73883 "-" "Mozilla/5.0 (Linux; Android 7.0;) AppleWebKit/537.36 (KHTML, like Gecko) Mobile Safari/537.36 (compatible; PetalBot;+https://webmaster.petalsearch.com/site/petalbot)"
173.212.246.91 - - [19/Nov/2021:05:47:15 +0100] "GET /vehicle-radio-control-disney-cars-124-p-32485.html HTTP/1.0" 301 70631 "-" "Mozilla/5.0 (compatible; MJ12bot/v1.4.8; http://mj12bot.com/)"
173.212.246.91 - - [19/Nov/2021:05:47:23 +0100] "GET /-p-32485.html HTTP/1.0" 200 70564 "-" "Mozilla/5.0 (compatible; MJ12bot/v1.4.8; http://mj12bot.com/)"
185.191.171.36 - - [19/Nov/2021:05:47:23 +0100] "GET /women-brown-lois-shoulder-bag-p-41328.html HTTP/1.0" 301 73796 "-" "Mozilla/5.0 (compatible; SemrushBot/7~bl; +http://www.semrush.com/bot.html)"
185.191.171.2 - - [19/Nov/2021:05:47:25 +0100] "GET /women-brown-lois-shoulder-p-41328.html HTTP/1.0" 200 73704 "-" "Mozilla/5.0 (compatible; SemrushBot/7~bl; +http://www.semrush.com/bot.html)"
114.119.128.40 - - [19/Nov/2021:05:47:27 +0100] "GET /flowers-boho-p-50798.html HTTP/1.0" 200 73804 "-" "Mozilla/5.0 (Linux; Android 7.0;) AppleWebKit/537.36 (KHTML, like Gecko) Mobile Safari/537.36 (compatible; PetalBot;+https://webmaster.petalsearch.com/site/petalbot)"
185.191.171.2 - - [19/Nov/2021:05:47:30 +0100] "GET /lonard-vinci-vitruvian-figurine-p-44145.html?action=add_product HTTP/1.0" 302 476 "-" "Mozilla/5.0 (compatible; SemrushBot/7~bl; +http://www.semrush.com/bot.html)"
35.223.103.81 - - [19/Nov/2021:05:47:32 +0100] "GET /images/big_prod_3/BOISDEROSE.jpg HTTP/1.0" 200 267 "-" "Mozilla/5.0 (X11; Ubuntu; Linux x86_64; rv:72.0) Gecko/20100101 Firefox/72.0"
185.191.171.41 - - [19/Nov/2021:05:47:32 +0100] "GET /avengers-civil-war-poster-p-36319.html HTTP/1.0" 301 70760 "-" "Mozilla/5.0 (compatible; SemrushBot/7~bl; +http://www.semrush.com/bot.html)"
185.191.171.44 - - [19/Nov/2021:05:47:35 +0100] "GET /avengers-civil-poster-p-36319.html HTTP/1.0" 200 70672 "-" "Mozilla/5.0 (compatible; SemrushBot/7~bl; +http://www.semrush.com/bot.html)"
66.249.70.40 - - [19/Nov/2021:05:47:36 +0100] "GET /images/big_prod_1/8424015226477B.jpg HTTP/1.0" 200 271 "-" "Googlebot-Image/1.0"
54.36.148.53 - - [19/Nov/2021:05:47:39 +0100] "GET /zinc-fitted-sheet-p-43592.html HTTP/1.0" 200 74097 "-" "Mozilla/5.0 (compatible; AhrefsBot/7.0; +http://ahrefs.com/robot/)"
173.212.246.91 - - [19/Nov/2021:05:47:39 +0100] "GET /volkswagen-combi-t1bus-1962-132-orange-p-37725.html HTTP/1.0" 301 70631 "-" "Mozilla/5.0 (compatible; MJ12bot/v1.4.8; http://mj12bot.com/)"
185.191.171.25 - - [19/Nov/2021:05:47:48 +0100] "GET /set-of-rectangular-kitchen-linen-of-cotton-50-70-cm-p-37963.html HTTP/1.0" 301 73574 "-" "Mozilla/5.0 (compatible; SemrushBot/7~bl; +http://www.semrush.com/bot.html)"
185.191.171.41 - - [19/Nov/2021:05:47:50 +0100] "GET /rectangular-kitchen-linen-cotton-p-37963.html HTTP/1.0" 200 73475 "-" "Mozilla/5.0 (compatible; SemrushBot/7~bl; +http://www.semrush.com/bot.html)"
207.46.13.177 - - [19/Nov/2021:05:47:51 +0100] "GET /images/big_prod/3453131097758.jpg HTTP/1.0" 200 268 "-" "Mozilla/5.0 (compatible; bingbot/2.0; +http://www.bing.com/bingbot.htm)"
173.212.246.91 - - [19/Nov/2021:05:47:53 +0100] "GET /-p-37725.html HTTP/1.0" 200 70564 "-" "Mozilla/5.0 (compatible; MJ12bot/v1.4.8; http://mj12bot.com/)"
