173.212.246.91 - - [19/Nov/2021:05:48:02 +0100] "GET /volkswagen-combi-t1bus-1962-orange-p-37725.html HTTP/1.0" 301 70631 "-" "Mozilla/5.0 (compatible; MJ12bot/v1.4.8; http://mj12bot.com/)"
173.212.246.91 - - [19/Nov/2021:05:48:12 +0100] "GET /-p-37725.html HTTP/1.0" 200 70564 "-" "Mozilla/5.0 (compatible; MJ12bot/v1.4.8; http://mj12bot.com/)"
173.212.246.91 - - [19/Nov/2021:05:48:24 +0100] "GET /votive-candle-15-hours-caramel-cupcake-p-38121.html HTTP/1.0" 301 74474 "-" "Mozilla/5.0 (compatible; MJ12bot/v1.4.8; http://mj12bot.com/)"
54.36.148.135 - - [19/Nov/2021:05:48:25 +0100] "GET /plaid-sofa-throw-portofino-with-fringes-grey-p-47921.html HTTP/1.0" 200 74142 "-" "Mozilla/5.0 (compatible; AhrefsBot/7.0; +http://ahrefs.com/robot/)"
173.212.246.91 - - [19/Nov/2021:05:48:43 +0100] "GET /votive-candle-hours-caramel-cupcake-p-38121.html HTTP/1.0" 200 74372 "-" "Mozilla/5.0 (compatible; MJ12bot/v1.4.8; http://mj12bot.com/)"
39.106.223.134 - - [19/Nov/2021:05:48:47 +0100] "GET /snowman-solar-powered-dancing-p-34143.html]Test HTTP/1.0" 301 609 "http://wonder-geek.com/snowman-solar-powered-dancing-p-34143.html]Test" "Mozilla/5.0 (Windows NT 6.1) AppleWebKit/537.36 (KHTML, like Gecko) Chrome/90.0.4430.93 Safari/537.36"
178.150.14.250 - - [19/Nov/2021:05:48:47 +0100] "GET /gorjuss-case-of-criterium-p-32751.html HTTP/1.0" 301 70631 "-" "Mozilla/5.0 (compatible; MJ12bot/v1.4.8; http://mj12bot.com/)"
178.150.14.250 - - [19/Nov/2021:05:48:51 +0100] "GET /-p-32751.html HTTP/1.0" 200 70564 "-" "Mozilla/5.0 (compatible; MJ12bot/v1.4.8; http://mj12bot.com/)"
178.150.14.250 - - [19/Nov/2021:05:48:55 +0100] "GET /gorjuss-coaster-bubble-fairy-p-47737.html HTTP/1.0" 200 70640 "-" "Mozilla/5.0 (compatible; MJ12bot/v1.4.8; http://mj12bot.com/)"
173.212.246.91 - - [19/Nov/2021:05:48:57 +0100] "GET /votive-candle-15-hours-strawberry-ice-cream-p-38108.html HTTP/1.0" 301 74497 "-" "Mozilla/5.0 (compatible; MJ12bot/v1.4.8; http://mj12bot.com/)"
178.150.14.250 - - [19/Nov/2021:05:48:57 +0100] "GET /gray-metal-table-lamp-p-52982.html HTTP/1.0" 200 70638 "-" "Mozilla/5.0 (compatible; MJ12bot/v1.4.8; http://mj12bot.com/)"
185.191.171.4 - - [19/Nov/2021:05:48:58 +0100] "GET /hourglass-decoration-glass-and-gilding-p-49418.html HTTP/1.0" 301 73433 "-" "Mozilla/5.0 (compatible; SemrushBot/7~bl; +http://www.semrush.com/bot.html)"
178.150.14.250 - - [19/Nov/2021:05:49:00 +0100] "GET /grey-and-pink-bedclothes-260-240-cm-p-36436.html HTTP/1.0" 301 70631 "-" "Mozilla/5.0 (compatible; MJ12bot/v1.4.8; http://mj12bot.com/)"
185.191.171.45 - - [19/Nov/2021:05:49:00 +0100] "GET /hourglass-decoration-glass-gilding-p-49418.html HTTP/1.0" 200 73332 "-" "Mozilla/5.0 (compatible; SemrushBot/7~bl; +http://www.semrush.com/bot.html)"
178.150.14.250 - - [19/Nov/2021:05:49:01 +0100] "GET /-p-36436.html HTTP/1.0" 200 70564 "-" "Mozilla/5.0 (compatible; MJ12bot/v1.4.8; http://mj12bot.com/)"
178.150.14.250 - - [19/Nov/2021:05:49:03 +0100] "GET /grey-dledmv-driver-tee-shirt-p-35618.html HTTP/1.0" 301 70631 "-" "Mozilla/5.0 (compatible; MJ12bot/v1.4.8; http://mj12bot.com/)"
54.36.148.202 - - [19/Nov/2021:05:49:04 +0100] "GET /decorative-owls-patinated-resin-p-56365.html HTTP/1.0" 200 73945 "-" "Mozilla/5.0 (compatible; AhrefsBot/7.0; +http://ahrefs.com/robot/)"
95.27.48.221 - - [19/Nov/2021:05:49:04 +0100] "GET /snowman-solar-powered-dancing-p-34143.html%5dTest HTTP/1.0" 404 1308 "http://www.wonder-geek.com/snowman-solar-powered-dancing-p-34143.html%5dTest" "Mozilla/5.0 (Windows NT 6.1) AppleWebKit/537.36 (KHTML, like Gecko) Chrome/90.0.4430.93 Safari/537.36"
95.27.48.221 - - [19/Nov/2021:05:49:04 +0100] "GET / HTTP/1.0" 301 511 "http://wonder-geek.com/" "Mozilla/5.0 (Windows NT 6.1) AppleWebKit/537.36 (KHTML, like Gecko) Chrome/90.0.4430.93 Safari/537.36"
173.212.246.91 - - [19/Nov/2021:05:49:06 +0100] "GET /votive-candle-hours-strawberry-cream-p-38108.html HTTP/1.0" 200 74394 "-" "Mozilla/5.0 (compatible; MJ12bot/v1.4.8; http://mj12bot.com/)"
178.150.14.250 - - [19/Nov/2021:05:49:07 +0100] "GET /-p-35618.html HTTP/1.0" 200 70564 "-" "Mozilla/5.0 (compatible; MJ12bot/v1.4.8; http://mj12bot.com/)"
185.191.171.13 - - [19/Nov/2021:05:49:10 +0100] "GET /monaco-shoulder-black-pink-p-38324.html HTTP/1.0" 200 70678 "-" "Mozilla/5.0 (compatible; SemrushBot/7~bl; +http://www.semrush.com/bot.html)"
178.150.14.250 - - [19/Nov/2021:05:49:10 +0100] "GET /grey-flexible-reading-light-tourbillon-p-22374.html HTTP/1.0" 301 70631 "-" "Mozilla/5.0 (compatible; MJ12bot/v1.4.8; http://mj12bot.com/)"
178.150.14.250 - - [19/Nov/2021:05:49:13 +0100] "GET /-p-22374.html HTTP/1.0" 200 70564 "-" "Mozilla/5.0 (compatible; MJ12bot/v1.4.8; http://mj12bot.com/)"
178.150.14.250 - - [19/Nov/2021:05:49:16 +0100] "GET /gros-bisous-pour-ton-anniversaire-card-p-20030.html HTTP/1.0" 301 70631 "-" "Mozilla/5.0 (compatible; MJ12bot/v1.4.8; http://mj12bot.com/)"
178.150.14.250 - - [19/Nov/2021:05:49:18 +0100] "GET /-p-20030.html HTTP/1.0" 200 70564 "-" "Mozilla/5.0 (compatible; MJ12bot/v1.4.8; http://mj12bot.com/)"
173.212.246.91 - - [19/Nov/2021:05:49:21 +0100] "GET /votive-candle-hours-caramel-cupcake-p-38121.html HTTP/1.0" 200 74372 "-" "Mozilla/5.0 (compatible; MJ12bot/v1.4.8; http://mj12bot.com/)"
178.150.14.250 - - [19/Nov/2021:05:49:22 +0100] "GET /gund-mini-pig-sound-plush-p-32800.html HTTP/1.0" 301 70631 "-" "Mozilla/5.0 (compatible; MJ12bot/v1.4.8; http://mj12bot.com/)"
66.249.70.38 - - [19/Nov/2021:05:49:24 +0100] "GET /elsa-frozen-figure-collection-p-30722.html HTTP/1.0" 200 73334 "-" "Mozilla/5.0 (compatible; Googlebot/2.1; +http://www.google.com/bot.html)"
178.150.14.250 - - [19/Nov/2021:05:49:26 +0100] "GET /-p-32800.html HTTP/1.0" 200 70564 "-" "Mozilla/5.0 (compatible; MJ12bot/v1.4.8; http://mj12bot.com/)"
178.150.14.250 - - [19/Nov/2021:05:49:28 +0100] "GET /gwenaelle-trolez-creation-cat-set-cup-and-saucer-p-16799.html HTTP/1.0" 301 70631 "-" "Mozilla/5.0 (compatible; MJ12bot/v1.4.8; http://mj12bot.com/)"
173.212.246.91 - - [19/Nov/2021:05:49:30 +0100] "GET /votive-candle-hours-guardian-angel-p-55372.html HTTP/1.0" 200 74405 "-" "Mozilla/5.0 (compatible; MJ12bot/v1.4.8; http://mj12bot.com/)"
178.150.14.250 - - [19/Nov/2021:05:49:30 +0100] "GET /-p-16799.html HTTP/1.0" 200 70564 "-" "Mozilla/5.0 (compatible; MJ12bot/v1.4.8; http://mj12bot.com/)"
185.191.171.23 - - [19/Nov/2021:05:49:33 +0100] "GET /feria-metal-plate-deco-p-42112.html HTTP/1.0" 200 73193 "-" "Mozilla/5.0 (compatible; SemrushBot/7~bl; +http://www.semrush.com/bot.html)"
178.150.14.250 - - [19/Nov/2021:05:49:34 +0100] "GET /heart-shaped-melt-warmer-p-51055.html HTTP/1.0" 200 70658 "-" "Mozilla/5.0 (compatible; MJ12bot/v1.4.8; http://mj12bot.com/)"
17.121.113.113 - - [19/Nov/2021:05:49:35 +0100] "GET /images/mini_prod/1399984266236.jpg HTTP/1.0" 200 269 "-" "Mozilla/5.0 (Macintosh; Intel Mac OS X 10_15_5) AppleWebKit/605.1.15 (KHTML, like Gecko) Version/13.1.1 Safari/605.1.15 (Applebot/0.1; +http://www.apple.com/go/applebot)"
173.212.246.91 - - [19/Nov/2021:05:49:38 +0100] "GET /votive-candle-hours-strawberry-cream-p-38108.html HTTP/1.0" 200 74394 "-" "Mozilla/5.0 (compatible; MJ12bot/v1.4.8; http://mj12bot.com/)"
178.150.14.250 - - [19/Nov/2021:05:49:38 +0100] "GET /heart-shaped-wax-melt-warmer-p-51055.html HTTP/1.0" 301 70749 "-" "Mozilla/5.0 (compatible; MJ12bot/v1.4.8; http://mj12bot.com/)"
178.150.14.250 - - [19/Nov/2021:05:49:43 +0100] "GET /heart-shaped-melt-warmer-p-51055.html HTTP/1.0" 200 70658 "-" "Mozilla/5.0 (compatible; MJ12bot/v1.4.8; http://mj12bot.com/)"
178.150.14.250 - - [19/Nov/2021:05:49:47 +0100] "GET /hello-kitty-small-handbag-taupe-rhinestone-by-camomilla-p-16993.html HTTP/1.0" 301 70631 "-" "Mozilla/5.0 (compatible; MJ12bot/v1.4.8; http://mj12bot.com/)"
173.212.246.91 - - [19/Nov/2021:05:49:47 +0100] "GET /weenicons-talking-shirt-p-29585.html HTTP/1.0" 200 74443 "-" "Mozilla/5.0 (compatible; MJ12bot/v1.4.8; http://mj12bot.com/)"
178.150.14.250 - - [19/Nov/2021:05:49:51 +0100] "GET /-p-16993.html HTTP/1.0" 200 70564 "-" "Mozilla/5.0 (compatible; MJ12bot/v1.4.8; http://mj12bot.com/)"
54.36.148.9 - - [19/Nov/2021:05:49:51 +0100] "GET /dora-explorer-bathrobe-size-years-p-12639.html HTTP/1.0" 200 73480 "-" "Mozilla/5.0 (compatible; AhrefsBot/7.0; +http://ahrefs.com/robot/)"
178.150.14.250 - - [19/Nov/2021:05:49:53 +0100] "GET /hello-kitty-socks-p-24401.html HTTP/1.0" 301 70631 "-" "Mozilla/5.0 (compatible; MJ12bot/v1.4.8; http://mj12bot.com/)"
114.119.128.34 - - [19/Nov/2021:05:49:54 +0100] "GET /%20images/big_prod/3453131138154.jpg HTTP/1.0" 404 1308 "-" "Mozilla/5.0 (Linux; Android 7.0;) AppleWebKit/537.36 (KHTML, like Gecko) Mobile Safari/537.36 (compatible; PetalBot;+https://webmaster.petalsearch.com/site/petalbot)"
178.150.14.250 - - [19/Nov/2021:05:49:56 +0100] "GET /-p-24401.html HTTP/1.0" 200 70564 "-" "Mozilla/5.0 (compatible; MJ12bot/v1.4.8; http://mj12bot.com/)"
173.212.246.91 - - [19/Nov/2021:05:49:58 +0100] "GET /weenicons-you-talking-to-me-tee-shirt-p-29585.html HTTP/1.0" 301 74533 "-" "Mozilla/5.0 (compatible; MJ12bot/v1.4.8; http://mj12bot.com/)"
178.150.14.250 - - [19/Nov/2021:05:49:59 +0100] "GET /hello-kitty-socks-size-31-34-p-13604.html HTTP/1.0" 301 70631 "-" "Mozilla/5.0 (compatible; MJ12bot/v1.4.8; http://mj12bot.com/)"
178.150.14.250 - - [19/Nov/2021:05:50:01 +0100] "GET /-p-13604.html HTTP/1.0" 200 70564 "-" "Mozilla/5.0 (compatible; MJ12bot/v1.4.8; http://mj12bot.com/)"
178.150.14.250 - - [19/Nov/2021:05:50:04 +0100] "GET /hem-incense-sticks-camphor-p-51691.html HTTP/1.0" 301 73533 "-" "Mozilla/5.0 (compatible; MJ12bot/v1.4.8; http://mj12bot.com/)"
178.150.14.250 - - [19/Nov/2021:05:50:08 +0100] "GET /incense-sticks-camphor-p-51691.html HTTP/1.0" 200 73444 "-" "Mozilla/5.0 (compatible; MJ12bot/v1.4.8; http://mj12bot.com/)"
173.212.246.91 - - [19/Nov/2021:05:50:08 +0100] "GET /weenicons-talking-shirt-p-29585.html HTTP/1.0" 200 74443 "-" "Mozilla/5.0 (compatible; MJ12bot/v1.4.8; http://mj12bot.com/)"
178.150.14.250 - - [19/Nov/2021:05:50:13 +0100] "GET /high-school-musical-ball-bag-p-3778.html HTTP/1.0" 301 70628 "-" "Mozilla/5.0 (compatible; MJ12bot/v1.4.8; http://mj12bot.com/)"
178.150.14.250 - - [19/Nov/2021:05:50:16 +0100] "GET /-p-3778.html HTTP/1.0" 200 70562 "-" "Mozilla/5.0 (compatible; MJ12bot/v1.4.8; http://mj12bot.com/)"
178.150.14.250 - - [19/Nov/2021:05:50:18 +0100] "GET /high-school-musical-bedclothes-p-2342.html HTTP/1.0" 301 70628 "-" "Mozilla/5.0 (compatible; MJ12bot/v1.4.8; http://mj12bot.com/)"
178.150.14.250 - - [19/Nov/2021:05:50:23 +0100] "GET /-p-2342.html HTTP/1.0" 200 70562 "-" "Mozilla/5.0 (compatible; MJ12bot/v1.4.8; http://mj12bot.com/)"
178.150.14.250 - - [19/Nov/2021:05:50:27 +0100] "GET /ice-cream-bracelet-by-cbk-p-50795.html HTTP/1.0" 301 73460 "-" "Mozilla/5.0 (compatible; MJ12bot/v1.4.8; http://mj12bot.com/)"
173.212.246.91 - - [19/Nov/2021:05:50:30 +0100] "GET /welcome-peg-metal-antique-p-32100.html HTTP/1.0" 301 70631 "-" "Mozilla/5.0 (compatible; MJ12bot/v1.4.8; http://mj12bot.com/)"
178.150.14.250 - - [19/Nov/2021:05:50:30 +0100] "GET /cream-bracelet-p-50795.html HTTP/1.0" 200 73379 "-" "Mozilla/5.0 (compatible; MJ12bot/v1.4.8; http://mj12bot.com/)"
178.150.14.250 - - [19/Nov/2021:05:50:35 +0100] "GET /incense-sticks-camphor-p-51691.html HTTP/1.0" 200 73444 "-" "Mozilla/5.0 (compatible; MJ12bot/v1.4.8; http://mj12bot.com/)"
54.36.148.222 - - [19/Nov/2021:05:50:37 +0100] "GET /marseille-alarm-clock-p-27218.html HTTP/1.0" 301 70631 "-" "Mozilla/5.0 (compatible; AhrefsBot/7.0; +http://ahrefs.com/robot/)"
54.36.148.131 - - [19/Nov/2021:05:50:37 +0100] "GET /hello-kitty-hair-ornements-p-13570.html HTTP/1.0" 200 73346 "-" "Mozilla/5.0 (compatible; AhrefsBot/7.0; +http://ahrefs.com/robot/)"
178.150.14.250 - - [19/Nov/2021:05:50:40 +0100] "GET /indoor-crystal-time-indicator-p-55407.html HTTP/1.0" 200 74029 "-" "Mozilla/5.0 (compatible; MJ12bot/v1.4.8; http://mj12bot.com/)"
178.150.14.250 - - [19/Nov/2021:05:50:43 +0100] "GET /italian-car-money-box-p-29104.html HTTP/1.0" 301 70631 "-" "Mozilla/5.0 (compatible; MJ12bot/v1.4.8; http://mj12bot.com/)"
173.212.246.91 - - [19/Nov/2021:05:50:44 +0100] "GET /-p-32100.html HTTP/1.0" 200 70564 "-" "Mozilla/5.0 (compatible; MJ12bot/v1.4.8; http://mj12bot.com/)"
178.150.14.250 - - [19/Nov/2021:05:50:46 +0100] "GET /-p-29104.html HTTP/1.0" 200 70564 "-" "Mozilla/5.0 (compatible; MJ12bot/v1.4.8; http://mj12bot.com/)"
54.36.149.102 - - [19/Nov/2021:05:50:47 +0100] "GET /collectible-figurines-and-decorative-c-13_135.html?page=35 HTTP/1.0" 301 96890 "-" "Mozilla/5.0 (compatible; AhrefsBot/7.0; +http://ahrefs.com/robot/)"
178.150.14.250 - - [19/Nov/2021:05:50:52 +0100] "GET /japanese-style-tetsubin-cast-iron-06-liter-teapot-p-53560.html HTTP/1.0" 301 75211 "-" "Mozilla/5.0 (compatible; MJ12bot/v1.4.8; http://mj12bot.com/)"
173.212.246.91 - - [19/Nov/2021:05:50:55 +0100] "GET /welcome-peg-metal-antique-white-p-32098.html HTTP/1.0" 301 70631 "-" "Mozilla/5.0 (compatible; MJ12bot/v1.4.8; http://mj12bot.com/)"
178.150.14.250 - - [19/Nov/2021:05:50:56 +0100] "GET /japanese-style-tetsubin-cast-iron-liter-teapot-p-53560.html HTTP/1.0" 200 75098 "-" "Mozilla/5.0 (compatible; MJ12bot/v1.4.8; http://mj12bot.com/)"
173.212.246.91 - - [19/Nov/2021:05:51:00 +0100] "GET /-p-32098.html HTTP/1.0" 200 70564 "-" "Mozilla/5.0 (compatible; MJ12bot/v1.4.8; http://mj12bot.com/)"
178.150.14.250 - - [19/Nov/2021:05:51:01 +0100] "GET /japanese-style-tetsubin-cast-iron-12-liter-teapot-p-53561.html HTTP/1.0" 301 75192 "-" "Mozilla/5.0 (compatible; MJ12bot/v1.4.8; http://mj12bot.com/)"
178.150.14.250 - - [19/Nov/2021:05:51:04 +0100] "GET /japanese-style-tetsubin-cast-iron-liter-teapot-p-53561.html HTTP/1.0" 200 75079 "-" "Mozilla/5.0 (compatible; MJ12bot/v1.4.8; http://mj12bot.com/)"
178.150.14.250 - - [19/Nov/2021:05:51:06 +0100] "GET /japanese-style-tetsubin-cast-iron-liter-teapot-p-53560.html HTTP/1.0" 200 75098 "-" "Mozilla/5.0 (compatible; MJ12bot/v1.4.8; http://mj12bot.com/)"
178.150.14.250 - - [19/Nov/2021:05:51:11 +0100] "GET /je-bulle-tu-bulles-fish-set-cup-and-teapot-p-31529.html HTTP/1.0" 301 70631 "-" "Mozilla/5.0 (compatible; MJ12bot/v1.4.8; http://mj12bot.com/)"
185.191.171.37 - - [19/Nov/2021:05:51:12 +0100] "GET /cbkreation-phone-cover-iphone-p-23487.html?action=add_product HTTP/1.0" 302 476 "-" "Mozilla/5.0 (compatible; SemrushBot/7~bl; +http://www.semrush.com/bot.html)"
173.212.246.91 - - [19/Nov/2021:05:51:17 +0100] "GET /white-lampshade-p-55429.html HTTP/1.0" 200 70614 "-" "Mozilla/5.0 (compatible; MJ12bot/v1.4.8; http://mj12bot.com/)"
178.150.14.250 - - [19/Nov/2021:05:51:18 +0100] "GET /-p-31529.html HTTP/1.0" 200 70564 "-" "Mozilla/5.0 (compatible; MJ12bot/v1.4.8; http://mj12bot.com/)"
185.191.171.4 - - [19/Nov/2021:05:51:21 +0100] "GET /cbkration-toiletry-p-41268.html?action=add_product HTTP/1.0" 302 476 "-" "Mozilla/5.0 (compatible; SemrushBot/7~bl; +http://www.semrush.com/bot.html)"
178.150.14.250 - - [19/Nov/2021:05:51:23 +0100] "GET /je-reflechis-shirt-size-p-20383.html HTTP/1.0" 301 70631 "-" "Mozilla/5.0 (compatible; MJ12bot/v1.4.8; http://mj12bot.com/)"
178.150.14.250 - - [19/Nov/2021:05:51:28 +0100] "GET /-p-20383.html HTTP/1.0" 200 70564 "-" "Mozilla/5.0 (compatible; MJ12bot/v1.4.8; http://mj12bot.com/)"
40.77.167.14 - - [19/Nov/2021:05:51:28 +0100] "GET /images/mini_prod/3560600314695A.jpg HTTP/1.0" 200 270 "-" "Mozilla/5.0 (compatible; bingbot/2.0; +http://www.bing.com/bingbot.htm)"
54.36.148.0 - - [19/Nov/2021:05:51:28 +0100] "GET /elfie-phosphorescent-polar-plaid-p-51607.html HTTP/1.0" 200 73300 "-" "Mozilla/5.0 (compatible; AhrefsBot/7.0; +http://ahrefs.com/robot/)"
178.150.14.250 - - [19/Nov/2021:05:51:32 +0100] "GET /jimi-hendrix-shirt-size-p-27047.html HTTP/1.0" 301 70631 "-" "Mozilla/5.0 (compatible; MJ12bot/v1.4.8; http://mj12bot.com/)"
173.212.246.91 - - [19/Nov/2021:05:51:36 +0100] "GET /white-stained-pine-wood-chest-p-53540.html HTTP/1.0" 200 73889 "-" "Mozilla/5.0 (compatible; MJ12bot/v1.4.8; http://mj12bot.com/)"
178.150.14.250 - - [19/Nov/2021:05:51:39 +0100] "GET /-p-27047.html HTTP/1.0" 200 70564 "-" "Mozilla/5.0 (compatible; MJ12bot/v1.4.8; http://mj12bot.com/)"
173.212.246.91 - - [19/Nov/2021:05:51:44 +0100] "GET /white-unicorn-money-p-55427.html HTTP/1.0" 200 74619 "-" "Mozilla/5.0 (compatible; MJ12bot/v1.4.8; http://mj12bot.com/)"
178.150.14.250 - - [19/Nov/2021:05:51:44 +0100] "GET /jiminy-cricket-figurine-ornement-collection-disney-traditions-p-13225.html HTTP/1.0" 301 70631 "-" "Mozilla/5.0 (compatible; MJ12bot/v1.4.8; http://mj12bot.com/)"
178.150.14.250 - - [19/Nov/2021:05:51:47 +0100] "GET /-p-13225.html HTTP/1.0" 200 70564 "-" "Mozilla/5.0 (compatible; MJ12bot/v1.4.8; http://mj12bot.com/)"
216.244.66.242 - - [19/Nov/2021:05:51:49 +0100] "GET /small-box-for-baby-teeth-simon-bear-p-50818.html HTTP/1.0" 301 73493 "-" "Mozilla/5.0 (compatible; DotBot/1.2; +https://opensiteexplorer.org/dotbot; help@moz.com)"
178.150.14.250 - - [19/Nov/2021:05:51:55 +0100] "GET /jiminy-cricket-figurine-resin-p-20307.html HTTP/1.0" 301 70631 "-" "Mozilla/5.0 (compatible; MJ12bot/v1.4.8; http://mj12bot.com/)"
173.212.246.91 - - [19/Nov/2021:05:52:00 +0100] "GET /wick-ellipse-candle-heart-and-home-ocean-sapphire-p-51072.html HTTP/1.0" 301 74202 "-" "Mozilla/5.0 (compatible; MJ12bot/v1.4.8; http://mj12bot.com/)"
178.150.14.250 - - [19/Nov/2021:05:52:01 +0100] "GET /-p-20307.html HTTP/1.0" 200 70564 "-" "Mozilla/5.0 (compatible; MJ12bot/v1.4.8; http://mj12bot.com/)"
178.150.14.250 - - [19/Nov/2021:05:52:06 +0100] "GET /johnny-hallyday-blue-cigarettes-case-and-lighter-p-31927.html HTTP/1.0" 301 70631 "-" "Mozilla/5.0 (compatible; MJ12bot/v1.4.8; http://mj12bot.com/)"
54.36.148.31 - - [19/Nov/2021:05:52:10 +0100] "GET /retro-transistor-clock-p-54101.html HTTP/1.0" 200 73217 "-" "Mozilla/5.0 (compatible; AhrefsBot/7.0; +http://ahrefs.com/robot/)"
178.150.14.250 - - [19/Nov/2021:05:52:13 +0100] "GET /-p-31927.html HTTP/1.0" 200 70564 "-" "Mozilla/5.0 (compatible; MJ12bot/v1.4.8; http://mj12bot.com/)"
66.249.70.40 - - [19/Nov/2021:05:52:13 +0100] "GET /array-m-420.html?page=88 HTTP/1.0" 200 96591 "-" "Mozilla/5.0 (Linux; Android 6.0.1; Nexus 5X Build/MMB29P) AppleWebKit/537.36 (KHTML, like Gecko) Chrome/96.0.4664.45 Mobile Safari/537.36 (compatible; Googlebot/2.1; +http://www.google.com/bot.html)"
173.212.246.91 - - [19/Nov/2021:05:52:14 +0100] "GET /wick-ellipse-candle-heart-home-ocean-sapphire-p-51072.html HTTP/1.0" 200 74090 "-" "Mozilla/5.0 (compatible; MJ12bot/v1.4.8; http://mj12bot.com/)"
178.150.14.250 - - [19/Nov/2021:05:52:19 +0100] "GET /jolly-jiminy-jiminy-cricket-figurine-p-36420.html HTTP/1.0" 301 70631 "-" "Mozilla/5.0 (compatible; MJ12bot/v1.4.8; http://mj12bot.com/)"
178.150.14.250 - - [19/Nov/2021:05:52:25 +0100] "GET /-p-36420.html HTTP/1.0" 200 70564 "-" "Mozilla/5.0 (compatible; MJ12bot/v1.4.8; http://mj12bot.com/)"
173.212.246.91 - - [19/Nov/2021:05:52:26 +0100] "GET /wick-ellipse-candle-heart-and-home-ruby-pomegranate-p-51059.html HTTP/1.0" 301 74223 "-" "Mozilla/5.0 (compatible; MJ12bot/v1.4.8; http://mj12bot.com/)"
178.150.14.250 - - [19/Nov/2021:05:52:30 +0100] "GET /joyeux-anniversaire-card-p-20025.html HTTP/1.0" 301 70631 "-" "Mozilla/5.0 (compatible; MJ12bot/v1.4.8; http://mj12bot.com/)"
178.150.14.250 - - [19/Nov/2021:05:52:35 +0100] "GET /-p-20025.html HTTP/1.0" 200 70564 "-" "Mozilla/5.0 (compatible; MJ12bot/v1.4.8; http://mj12bot.com/)"
173.212.246.91 - - [19/Nov/2021:05:52:36 +0100] "GET /wick-ellipse-candle-heart-home-ruby-pomegranate-p-51059.html HTTP/1.0" 200 74109 "-" "Mozilla/5.0 (compatible; MJ12bot/v1.4.8; http://mj12bot.com/)"
178.150.14.250 - - [19/Nov/2021:05:52:40 +0100] "GET /joyeux-anniversaire-cup-cake-card-p-20039.html HTTP/1.0" 301 70631 "-" "Mozilla/5.0 (compatible; MJ12bot/v1.4.8; http://mj12bot.com/)"
178.150.14.250 - - [19/Nov/2021:05:52:46 +0100] "GET /-p-20039.html HTTP/1.0" 200 70564 "-" "Mozilla/5.0 (compatible; MJ12bot/v1.4.8; http://mj12bot.com/)"
114.119.128.39 - - [19/Nov/2021:05:52:47 +0100] "GET /decorative-useful-klimt-p-52199.html HTTP/1.0" 200 73880 "-" "Mozilla/5.0 (Linux; Android 7.0;) AppleWebKit/537.36 (KHTML, like Gecko) Mobile Safari/537.36 (compatible; PetalBot;+https://webmaster.petalsearch.com/site/petalbot)"
173.212.246.91 - - [19/Nov/2021:05:52:51 +0100] "GET /wick-ellipse-candle-heart-home-ocean-sapphire-p-51072.html HTTP/1.0" 200 74090 "-" "Mozilla/5.0 (compatible; MJ12bot/v1.4.8; http://mj12bot.com/)"
178.150.14.250 - - [19/Nov/2021:05:52:52 +0100] "GET /joyeux-anniversaire-money-box-by-cbkreation-p-25997.html HTTP/1.0" 301 70631 "-" "Mozilla/5.0 (compatible; MJ12bot/v1.4.8; http://mj12bot.com/)"
178.150.14.250 - - [19/Nov/2021:05:52:58 +0100] "GET /-p-25997.html HTTP/1.0" 200 70564 "-" "Mozilla/5.0 (compatible; MJ12bot/v1.4.8; http://mj12bot.com/)"
178.150.14.250 - - [19/Nov/2021:05:53:01 +0100] "GET /la-recette-du-bonheur-burlap-placemat-p-53500.html HTTP/1.0" 301 73999 "-" "Mozilla/5.0 (compatible; MJ12bot/v1.4.8; http://mj12bot.com/)"
173.212.246.91 - - [19/Nov/2021:05:53:07 +0100] "GET /wick-ellipse-candle-heart-home-ruby-pomegranate-p-51059.html HTTP/1.0" 200 74109 "-" "Mozilla/5.0 (compatible; MJ12bot/v1.4.8; http://mj12bot.com/)"
178.150.14.250 - - [19/Nov/2021:05:53:07 +0100] "GET /recette-bonheur-burlap-placemat-p-53500.html HTTP/1.0" 200 73901 "-" "Mozilla/5.0 (compatible; MJ12bot/v1.4.8; http://mj12bot.com/)"
178.150.14.250 - - [19/Nov/2021:05:53:17 +0100] "GET /la-table-des-copains-burlap-placemat-p-53498.html HTTP/1.0" 301 73985 "-" "Mozilla/5.0 (compatible; MJ12bot/v1.4.8; http://mj12bot.com/)"
178.150.14.250 - - [19/Nov/2021:05:53:21 +0100] "GET /table-copains-burlap-placemat-p-53498.html HTTP/1.0" 200 73889 "-" "Mozilla/5.0 (compatible; MJ12bot/v1.4.8; http://mj12bot.com/)"
54.36.149.78 - - [19/Nov/2021:05:53:22 +0100] "GET /microfibre-base-cover-white-p-47366.html HTTP/1.0" 200 73375 "-" "Mozilla/5.0 (compatible; AhrefsBot/7.0; +http://ahrefs.com/robot/)"
173.212.246.91 - - [19/Nov/2021:05:53:25 +0100] "GET /with-infuser-cats-p-54480.html HTTP/1.0" 200 73349 "-" "Mozilla/5.0 (compatible; MJ12bot/v1.4.8; http://mj12bot.com/)"
178.150.14.250 - - [19/Nov/2021:05:53:25 +0100] "GET /la-vie-en-rose-metal-tray-33-cm-p-53577.html HTTP/1.0" 301 74178 "-" "Mozilla/5.0 (compatible; MJ12bot/v1.4.8; http://mj12bot.com/)"
178.150.14.250 - - [19/Nov/2021:05:53:35 +0100] "GET /rose-metal-tray-p-53577.html HTTP/1.0" 200 74096 "-" "Mozilla/5.0 (compatible; MJ12bot/v1.4.8; http://mj12bot.com/)"
173.212.246.91 - - [19/Nov/2021:05:53:38 +0100] "GET /with-infuser-flammy-p-54485.html HTTP/1.0" 200 73365 "-" "Mozilla/5.0 (compatible; MJ12bot/v1.4.8; http://mj12bot.com/)"
178.150.14.250 - - [19/Nov/2021:05:53:40 +0100] "GET /lady-lourdes-aromatika-incense-sticks-p-53443.html HTTP/1.0" 200 73374 "-" "Mozilla/5.0 (compatible; MJ12bot/v1.4.8; http://mj12bot.com/)"
178.150.14.250 - - [19/Nov/2021:05:53:49 +0100] "GET /laissez-lucie-faire-cutting-board-p-34967.html HTTP/1.0" 301 70631 "-" "Mozilla/5.0 (compatible; MJ12bot/v1.4.8; http://mj12bot.com/)"
173.212.246.91 - - [19/Nov/2021:05:53:51 +0100] "GET /wooden-aperitif-board-cups-spoons-p-55441.html HTTP/1.0" 200 74296 "-" "Mozilla/5.0 (compatible; MJ12bot/v1.4.8; http://mj12bot.com/)"
178.150.14.250 - - [19/Nov/2021:05:53:57 +0100] "GET /-p-34967.html HTTP/1.0" 200 70564 "-" "Mozilla/5.0 (compatible; MJ12bot/v1.4.8; http://mj12bot.com/)"
173.212.246.91 - - [19/Nov/2021:05:53:58 +0100] "GET /wooden-decorative-plate-30-cm-bistrot-les-copains-p-53545.html HTTP/1.0" 301 73518 "-" "Mozilla/5.0 (compatible; MJ12bot/v1.4.8; http://mj12bot.com/)"
207.46.13.177 - - [19/Nov/2021:05:54:01 +0100] "GET /images/3760054869042.jpg HTTP/1.0" 200 259 "-" "Mozilla/5.0 (compatible; bingbot/2.0; +http://www.bing.com/bingbot.htm)"
178.150.14.250 - - [19/Nov/2021:05:54:04 +0100] "GET /laissez-lucie-faire-large-bowl-p-39818.html HTTP/1.0" 200 70705 "-" "Mozilla/5.0 (compatible; MJ12bot/v1.4.8; http://mj12bot.com/)"
173.212.246.91 - - [19/Nov/2021:05:54:06 +0100] "GET /wooden-decorative-plate-bistrot-copains-p-53545.html HTTP/1.0" 200 73412 "-" "Mozilla/5.0 (compatible; MJ12bot/v1.4.8; http://mj12bot.com/)"
54.36.148.7 - - [19/Nov/2021:05:54:10 +0100] "GET /statuette-naked-p-56642.html HTTP/1.0" 200 73860 "-" "Mozilla/5.0 (compatible; AhrefsBot/7.0; +http://ahrefs.com/robot/)"
178.150.14.250 - - [19/Nov/2021:05:54:12 +0100] "GET /laissez-lucie-faire-liberty-sugar-p-39835.html HTTP/1.0" 200 73291 "-" "Mozilla/5.0 (compatible; MJ12bot/v1.4.8; http://mj12bot.com/)"
173.212.246.91 - - [19/Nov/2021:05:54:15 +0100] "GET /wooden-decorative-plate-30-cm-brasserie-mousses-p-53547.html HTTP/1.0" 301 74163 "-" "Mozilla/5.0 (compatible; MJ12bot/v1.4.8; http://mj12bot.com/)"
178.150.14.250 - - [19/Nov/2021:05:54:18 +0100] "GET /laissez-lucie-faire-liberty-sugar-pot-p-39835.html HTTP/1.0" 301 73391 "-" "Mozilla/5.0 (compatible; MJ12bot/v1.4.8; http://mj12bot.com/)"
173.212.246.91 - - [19/Nov/2021:05:54:22 +0100] "GET /wooden-decorative-plate-brasserie-mousses-p-53547.html HTTP/1.0" 200 74055 "-" "Mozilla/5.0 (compatible; MJ12bot/v1.4.8; http://mj12bot.com/)"
178.150.14.250 - - [19/Nov/2021:05:54:25 +0100] "GET /laissez-lucie-faire-liberty-sugar-p-39835.html HTTP/1.0" 200 73291 "-" "Mozilla/5.0 (compatible; MJ12bot/v1.4.8; http://mj12bot.com/)"
173.212.246.91 - - [19/Nov/2021:05:54:31 +0100] "GET /wooden-decorative-plate-30-cm-le-meilleur-vin-p-53546.html HTTP/1.0" 301 73473 "-" "Mozilla/5.0 (compatible; MJ12bot/v1.4.8; http://mj12bot.com/)"
178.150.14.250 - - [19/Nov/2021:05:54:32 +0100] "GET /laissez-lucie-faire-scarf-byako-p-38969.html HTTP/1.0" 301 70631 "-" "Mozilla/5.0 (compatible; MJ12bot/v1.4.8; http://mj12bot.com/)"
173.212.246.91 - - [19/Nov/2021:05:54:38 +0100] "GET /wooden-decorative-plate-meilleur-p-53546.html HTTP/1.0" 200 73374 "-" "Mozilla/5.0 (compatible; MJ12bot/v1.4.8; http://mj12bot.com/)"
178.150.14.250 - - [19/Nov/2021:05:54:39 +0100] "GET /-p-38969.html HTTP/1.0" 200 70564 "-" "Mozilla/5.0 (compatible; MJ12bot/v1.4.8; http://mj12bot.com/)"
178.150.14.250 - - [19/Nov/2021:05:54:44 +0100] "GET /lantern-woodland-p-43785.html HTTP/1.0" 200 73539 "-" "Mozilla/5.0 (compatible; MJ12bot/v1.4.8; http://mj12bot.com/)"
173.212.246.91 - - [19/Nov/2021:05:54:51 +0100] "GET /wooden-decorative-plate-brasserie-mousses-p-53547.html HTTP/1.0" 200 74055 "-" "Mozilla/5.0 (compatible; MJ12bot/v1.4.8; http://mj12bot.com/)"
54.36.149.64 - - [19/Nov/2021:05:54:53 +0100] "GET /memo-clip-p-47106.html HTTP/1.0" 200 73132 "-" "Mozilla/5.0 (compatible; AhrefsBot/7.0; +http://ahrefs.com/robot/)"
178.150.14.250 - - [19/Nov/2021:05:54:54 +0100] "GET /lantern-woodland-spa-p-43785.html HTTP/1.0" 301 73622 "-" "Mozilla/5.0 (compatible; MJ12bot/v1.4.8; http://mj12bot.com/)"
178.150.14.250 - - [19/Nov/2021:05:54:58 +0100] "GET /lantern-woodland-p-43785.html HTTP/1.0" 200 73539 "-" "Mozilla/5.0 (compatible; MJ12bot/v1.4.8; http://mj12bot.com/)"
173.212.246.91 - - [19/Nov/2021:05:55:01 +0100] "GET /wooden-decorative-plate-meilleur-p-53546.html HTTP/1.0" 200 73374 "-" "Mozilla/5.0 (compatible; MJ12bot/v1.4.8; http://mj12bot.com/)"
66.249.70.38 - - [19/Nov/2021:05:55:02 +0100] "GET /array-m-420.html?page=84 HTTP/1.0" 200 96923 "-" "Mozilla/5.0 (Linux; Android 6.0.1; Nexus 5X Build/MMB29P) AppleWebKit/537.36 (KHTML, like Gecko) Chrome/96.0.4664.45 Mobile Safari/537.36 (compatible; Googlebot/2.1; +http://www.google.com/bot.html)"
178.150.14.250 - - [19/Nov/2021:05:55:06 +0100] "GET /large-bamboo-vase-48-cm-p-48870.html HTTP/1.0" 301 70718 "-" "Mozilla/5.0 (compatible; MJ12bot/v1.4.8; http://mj12bot.com/)"
173.212.246.91 - - [19/Nov/2021:05:55:10 +0100] "GET /wooden-sticker-strips-60-10-cm-p-53566.html HTTP/1.0" 301 70631 "-" "Mozilla/5.0 (compatible; MJ12bot/v1.4.8; http://mj12bot.com/)"
178.150.14.250 - - [19/Nov/2021:05:55:14 +0100] "GET /large-bamboo-vase-p-48870.html HTTP/1.0" 200 70634 "-" "Mozilla/5.0 (compatible; MJ12bot/v1.4.8; http://mj12bot.com/)"
173.212.246.91 - - [19/Nov/2021:05:55:19 +0100] "GET /-p-53566.html HTTP/1.0" 200 70564 "-" "Mozilla/5.0 (compatible; MJ12bot/v1.4.8; http://mj12bot.com/)"
178.150.14.250 - - [19/Nov/2021:05:55:20 +0100] "GET /large-bamboo-vase-50-cm-p-48873.html HTTP/1.0" 301 70718 "-" "Mozilla/5.0 (compatible; MJ12bot/v1.4.8; http://mj12bot.com/)"
178.150.14.250 - - [19/Nov/2021:05:55:26 +0100] "GET /large-bamboo-vase-p-48873.html HTTP/1.0" 200 70634 "-" "Mozilla/5.0 (compatible; MJ12bot/v1.4.8; http://mj12bot.com/)"
173.212.246.91 - - [19/Nov/2021:05:55:30 +0100] "GET /wooden-sticker-strips-60-10-cm-p-53567.html HTTP/1.0" 301 70631 "-" "Mozilla/5.0 (compatible; MJ12bot/v1.4.8; http://mj12bot.com/)"
54.36.148.159 - - [19/Nov/2021:05:55:32 +0100] "GET /bistrot-chez-copains-side-table-p-56623.html HTTP/1.0" 200 74131 "-" "Mozilla/5.0 (compatible; AhrefsBot/7.0; +http://ahrefs.com/robot/)"
114.119.128.34 - - [19/Nov/2021:05:55:34 +0100] "GET /%20images/big_prod/206GJ04.jpg HTTP/1.0" 404 1308 "-" "Mozilla/5.0 (Linux; Android 7.0;) AppleWebKit/537.36 (KHTML, like Gecko) Mobile Safari/537.36 (compatible; PetalBot;+https://webmaster.petalsearch.com/site/petalbot)"
178.150.14.250 - - [19/Nov/2021:05:55:35 +0100] "GET /large-bamboo-vase-p-48870.html HTTP/1.0" 200 70634 "-" "Mozilla/5.0 (compatible; MJ12bot/v1.4.8; http://mj12bot.com/)"
216.244.66.242 - - [19/Nov/2021:05:55:36 +0100] "GET /20-saint-anthony-aromatika-incense-sticks-p-53455.html HTTP/1.0" 301 73463 "-" "Mozilla/5.0 (compatible; DotBot/1.2; +https://opensiteexplorer.org/dotbot; help@moz.com)"
185.191.171.24 - - [19/Nov/2021:05:55:38 +0100] "GET /beyblade-mattress-swimming-pool-p-14358.html HTTP/1.0" 200 73381 "-" "Mozilla/5.0 (compatible; SemrushBot/7~bl; +http://www.semrush.com/bot.html)"
173.212.246.91 - - [19/Nov/2021:05:55:39 +0100] "GET /-p-53567.html HTTP/1.0" 200 70564 "-" "Mozilla/5.0 (compatible; MJ12bot/v1.4.8; http://mj12bot.com/)"
178.150.14.250 - - [19/Nov/2021:05:55:40 +0100] "GET /large-bamboo-vase-p-48873.html HTTP/1.0" 200 70634 "-" "Mozilla/5.0 (compatible; MJ12bot/v1.4.8; http://mj12bot.com/)"
185.191.171.38 - - [19/Nov/2021:05:55:45 +0100] "GET /big-hero-school-backpack-p-31221.html HTTP/1.0" 301 70729 "-" "Mozilla/5.0 (compatible; SemrushBot/7~bl; +http://www.semrush.com/bot.html)"
216.244.66.242 - - [19/Nov/2021:05:55:46 +0100] "GET /decorative-wooden-plate-chiens-bienvenus-anthracite-p-47808.html HTTP/1.0" 200 73649 "-" "Mozilla/5.0 (compatible; DotBot/1.2; +https://opensiteexplorer.org/dotbot; help@moz.com)"
178.150.14.250 - - [19/Nov/2021:05:55:47 +0100] "GET /large-candle-guardian-angel-p-51067.html HTTP/1.0" 200 73715 "-" "Mozilla/5.0 (compatible; MJ12bot/v1.4.8; http://mj12bot.com/)"
185.191.171.1 - - [19/Nov/2021:05:55:47 +0100] "GET /hero-school-backpack-p-31221.html HTTP/1.0" 200 70642 "-" "Mozilla/5.0 (compatible; SemrushBot/7~bl; +http://www.semrush.com/bot.html)"
178.150.14.250 - - [19/Nov/2021:05:55:54 +0100] "GET /large-candle-ocean-sapphire-p-51069.html HTTP/1.0" 200 73703 "-" "Mozilla/5.0 (compatible; MJ12bot/v1.4.8; http://mj12bot.com/)"
173.212.246.91 - - [19/Nov/2021:05:55:54 +0100] "GET /yoga-cat-meditation-statue-p-53030.html HTTP/1.0" 301 73362 "-" "Mozilla/5.0 (compatible; MJ12bot/v1.4.8; http://mj12bot.com/)"
178.150.14.250 - - [19/Nov/2021:05:56:02 +0100] "GET /large-caramel-and-cie-backpack-wolf-p-48798.html HTTP/1.0" 301 70776 "-" "Mozilla/5.0 (compatible; MJ12bot/v1.4.8; http://mj12bot.com/)"
173.212.246.91 - - [19/Nov/2021:05:56:03 +0100] "GET /yoga-meditation-statue-p-53030.html HTTP/1.0" 200 73273 "-" "Mozilla/5.0 (compatible; MJ12bot/v1.4.8; http://mj12bot.com/)"
178.150.14.250 - - [19/Nov/2021:05:56:09 +0100] "GET /large-caramel-backpack-wolf-p-48798.html HTTP/1.0" 200 70682 "-" "Mozilla/5.0 (compatible; MJ12bot/v1.4.8; http://mj12bot.com/)"
173.212.246.91 - - [19/Nov/2021:05:56:13 +0100] "GET /yoga-meditation-statue-p-53030.html HTTP/1.0" 200 73273 "-" "Mozilla/5.0 (compatible; MJ12bot/v1.4.8; http://mj12bot.com/)"
54.36.149.25 - - [19/Nov/2021:05:56:15 +0100] "GET /dishes-c-12.html?page=3 HTTP/1.0" 200 91202 "-" "Mozilla/5.0 (compatible; AhrefsBot/7.0; +http://ahrefs.com/robot/)"
178.150.14.250 - - [19/Nov/2021:05:56:16 +0100] "GET /large-caramel-backpack-wolf-p-48798.html HTTP/1.0" 200 70682 "-" "Mozilla/5.0 (compatible; MJ12bot/v1.4.8; http://mj12bot.com/)"
178.150.14.250 - - [19/Nov/2021:05:56:24 +0100] "GET /large-jar-candle-guardian-angel-p-51067.html HTTP/1.0" 301 73809 "-" "Mozilla/5.0 (compatible; MJ12bot/v1.4.8; http://mj12bot.com/)"
173.212.246.91 - - [19/Nov/2021:05:56:25 +0100] "GET /yoga-statuette-p-53027.html HTTP/1.0" 200 73200 "-" "Mozilla/5.0 (compatible; MJ12bot/v1.4.8; http://mj12bot.com/)"
173.212.246.91 - - [19/Nov/2021:05:56:31 +0100] "GET /yoga-statuette-p-53028.html HTTP/1.0" 200 73200 "-" "Mozilla/5.0 (compatible; MJ12bot/v1.4.8; http://mj12bot.com/)"
178.150.14.250 - - [19/Nov/2021:05:56:33 +0100] "GET /large-candle-guardian-angel-p-51067.html HTTP/1.0" 200 73715 "-" "Mozilla/5.0 (compatible; MJ12bot/v1.4.8; http://mj12bot.com/)"
173.212.246.91 - - [19/Nov/2021:05:56:42 +0100] "GET /zen-mug-by-cbkreation-p-37844.html HTTP/1.0" 301 73276 "-" "Mozilla/5.0 (compatible; MJ12bot/v1.4.8; http://mj12bot.com/)"
178.150.14.250 - - [19/Nov/2021:05:56:47 +0100] "GET /large-jar-candle-ocean-sapphire-p-51069.html HTTP/1.0" 301 73797 "-" "Mozilla/5.0 (compatible; MJ12bot/v1.4.8; http://mj12bot.com/)"
173.212.246.91 - - [19/Nov/2021:05:56:52 +0100] "GET /cbkreation-p-37844.html HTTP/1.0" 200 73199 "-" "Mozilla/5.0 (compatible; MJ12bot/v1.4.8; http://mj12bot.com/)"
178.150.14.250 - - [19/Nov/2021:05:57:00 +0100] "GET /large-candle-ocean-sapphire-p-51069.html HTTP/1.0" 200 73703 "-" "Mozilla/5.0 (compatible; MJ12bot/v1.4.8; http://mj12bot.com/)"
54.36.148.62 - - [19/Nov/2021:05:57:01 +0100] "GET /bamboo-salt-sugar-p-50752.html HTTP/1.0" 200 73981 "-" "Mozilla/5.0 (compatible; AhrefsBot/7.0; +http://ahrefs.com/robot/)"
54.36.149.100 - - [19/Nov/2021:05:57:02 +0100] "GET /disney-jake-and-the-never-land-pirates-bowl-p-24549.html HTTP/1.0" 301 70812 "-" "Mozilla/5.0 (compatible; AhrefsBot/7.0; +http://ahrefs.com/robot/)"
173.212.246.91 - - [19/Nov/2021:05:57:05 +0100] "GET /zinc-look-metal-flowerpot-cover-pumpkin-beige-p-55456.html HTTP/1.0" 200 74037 "-" "Mozilla/5.0 (compatible; MJ12bot/v1.4.8; http://mj12bot.com/)"
178.150.14.250 - - [19/Nov/2021:05:57:09 +0100] "GET /large-moto-guzzi-sugar-box-p-52958.html HTTP/1.0" 301 73413 "-" "Mozilla/5.0 (compatible; MJ12bot/v1.4.8; http://mj12bot.com/)"
173.212.246.91 - - [19/Nov/2021:05:57:18 +0100] "GET /zinc-look-metal-flowerpot-cover-pumpkin-yellow-p-55459.html HTTP/1.0" 200 74044 "-" "Mozilla/5.0 (compatible; MJ12bot/v1.4.8; http://mj12bot.com/)"
178.150.14.250 - - [19/Nov/2021:05:57:18 +0100] "GET /large-moto-guzzi-sugar-p-52958.html HTTP/1.0" 200 73324 "-" "Mozilla/5.0 (compatible; MJ12bot/v1.4.8; http://mj12bot.com/)"
178.150.14.250 - - [19/Nov/2021:05:57:30 +0100] "GET /large-moto-guzzi-sugar-p-52958.html HTTP/1.0" 200 73324 "-" "Mozilla/5.0 (compatible; MJ12bot/v1.4.8; http://mj12bot.com/)"
216.244.66.242 - - [19/Nov/2021:05:57:34 +0100] "GET /images/big_prod/3520071706788.jpg HTTP/1.0" 200 268 "-" "Mozilla/5.0 (compatible; DotBot/1.2; +https://opensiteexplorer.org/dotbot; help@moz.com)"
54.36.148.14 - - [19/Nov/2021:05:57:36 +0100] "GET /minions-all-naturel-poster-p-32315.html HTTP/1.0" 301 70739 "-" "Mozilla/5.0 (compatible; AhrefsBot/7.0; +http://ahrefs.com/robot/)"
178.150.14.250 - - [19/Nov/2021:05:57:38 +0100] "GET /les-bons-vivants-burlap-placemat-p-53501.html HTTP/1.0" 301 73950 "-" "Mozilla/5.0 (compatible; MJ12bot/v1.4.8; http://mj12bot.com/)"
54.36.148.235 - - [19/Nov/2021:05:57:40 +0100] "GET /round-mirror-suspend-rope-p-50004.html HTTP/1.0" 200 73838 "-" "Mozilla/5.0 (compatible; AhrefsBot/7.0; +http://ahrefs.com/robot/)"
216.244.66.242 - - [19/Nov/2021:05:57:42 +0100] "GET /retro-notepad-p-33093.html HTTP/1.0" 200 73201 "-" "Mozilla/5.0 (compatible; DotBot/1.2; +https://opensiteexplorer.org/dotbot; help@moz.com)"
178.150.14.250 - - [19/Nov/2021:05:57:49 +0100] "GET /bons-vivants-burlap-placemat-p-53501.html HTTP/1.0" 200 73855 "-" "Mozilla/5.0 (compatible; MJ12bot/v1.4.8; http://mj12bot.com/)"
66.249.70.40 - - [19/Nov/2021:05:57:51 +0100] "GET /buddha-hanging-decoration-p-50487.html HTTP/1.0" 200 74076 "-" "Mozilla/5.0 (Linux; Android 6.0.1; Nexus 5X Build/MMB29P) AppleWebKit/537.36 (KHTML, like Gecko) Chrome/96.0.4664.45 Mobile Safari/537.36 (compatible; Googlebot/2.1; +http://www.google.com/bot.html)"
178.150.14.250 - - [19/Nov/2021:05:57:57 +0100] "GET /lin-color-conical-lampshade-p-35127.html HTTP/1.0" 301 70631 "-" "Mozilla/5.0 (compatible; MJ12bot/v1.4.8; http://mj12bot.com/)"
178.150.14.250 - - [19/Nov/2021:05:58:05 +0100] "GET /-p-35127.html HTTP/1.0" 200 70564 "-" "Mozilla/5.0 (compatible; MJ12bot/v1.4.8; http://mj12bot.com/)"
185.191.171.13 - - [19/Nov/2021:05:58:11 +0100] "GET /quote-wooden-wall-decoration-hang-p-43083.html HTTP/1.0" 200 73316 "-" "Mozilla/5.0 (compatible; SemrushBot/7~bl; +http://www.semrush.com/bot.html)"
35.184.103.168 - - [19/Nov/2021:05:58:12 +0100] "GET /images/med_prod/1384010176542.jpg HTTP/1.0" 200 268 "-" "Mozilla/5.0 (X11; Ubuntu; Linux x86_64; rv:72.0) Gecko/20100101 Firefox/72.0"
178.150.14.250 - - [19/Nov/2021:05:58:13 +0100] "GET /lin-color-conical-lampshade-p-35128.html HTTP/1.0" 301 70631 "-" "Mozilla/5.0 (compatible; MJ12bot/v1.4.8; http://mj12bot.com/)"
49.7.20.122 - - [19/Nov/2021:05:58:21 +0100] "GET / HTTP/1.0" 200 151775 "-" "Sogou web spider/4.0(+http://www.sogou.com/docs/help/webmasters.htm#07)"
178.150.14.250 - - [19/Nov/2021:05:58:24 +0100] "GET /-p-35128.html HTTP/1.0" 200 70564 "-" "Mozilla/5.0 (compatible; MJ12bot/v1.4.8; http://mj12bot.com/)"
54.36.148.82 - - [19/Nov/2021:05:58:25 +0100] "GET /poncho-towel-p-5729.html HTTP/1.0" 200 73283 "-" "Mozilla/5.0 (compatible; AhrefsBot/7.0; +http://ahrefs.com/robot/)"
114.119.128.40 - - [19/Nov/2021:05:58:26 +0100] "GET /paperweight-starry-night-by-van-gogh-p-46902.html HTTP/1.0" 301 74930 "-" "Mozilla/5.0 (Linux; Android 7.0;) AppleWebKit/537.36 (KHTML, like Gecko) Mobile Safari/537.36 (compatible; PetalBot;+https://webmaster.petalsearch.com/site/petalbot)"
114.119.128.40 - - [19/Nov/2021:05:58:27 +0100] "GET /paperweight-starry-night-gogh-p-46902.html HTTP/1.0" 200 74834 "-" "Mozilla/5.0 (Linux; Android 7.0;) AppleWebKit/537.36 (KHTML, like Gecko) Mobile Safari/537.36 (compatible; PetalBot;+https://webmaster.petalsearch.com/site/petalbot)"
178.150.14.250 - - [19/Nov/2021:05:58:32 +0100] "GET /little-lady-marie-figure-collection-p-36417.html HTTP/1.0" 301 70631 "-" "Mozilla/5.0 (compatible; MJ12bot/v1.4.8; http://mj12bot.com/)"
54.36.148.194 - - [19/Nov/2021:05:58:33 +0100] "GET /winnie-the-pooh-pairs-of-socks-size-19-22-p-25492.html HTTP/1.0" 301 70631 "-" "Mozilla/5.0 (compatible; AhrefsBot/7.0; +http://ahrefs.com/robot/)"
178.150.14.250 - - [19/Nov/2021:05:58:39 +0100] "GET /-p-36417.html HTTP/1.0" 200 70564 "-" "Mozilla/5.0 (compatible; MJ12bot/v1.4.8; http://mj12bot.com/)"
54.36.148.78 - - [19/Nov/2021:05:58:43 +0100] "GET /cat-pencil-case-p-49051.html HTTP/1.0" 301 70684 "-" "Mozilla/5.0 (compatible; AhrefsBot/7.0; +http://ahrefs.com/robot/)"
178.150.14.250 - - [19/Nov/2021:05:58:43 +0100] "GET /little-miss-giggles-shirt-size-p-20858.html HTTP/1.0" 301 70631 "-" "Mozilla/5.0 (compatible; MJ12bot/v1.4.8; http://mj12bot.com/)"
178.150.14.250 - - [19/Nov/2021:05:58:57 +0100] "GET /-p-20858.html HTTP/1.0" 200 70564 "-" "Mozilla/5.0 (compatible; MJ12bot/v1.4.8; http://mj12bot.com/)"
178.150.14.250 - - [19/Nov/2021:05:59:07 +0100] "GET /little-miss-giggles-shirt-size-p-20860.html HTTP/1.0" 301 70631 "-" "Mozilla/5.0 (compatible; MJ12bot/v1.4.8; http://mj12bot.com/)"
54.36.148.13 - - [19/Nov/2021:05:59:10 +0100] "GET /kitchen-support-p-40859.html HTTP/1.0" 200 73402 "-" "Mozilla/5.0 (compatible; AhrefsBot/7.0; +http://ahrefs.com/robot/)"
185.191.171.43 - - [19/Nov/2021:05:59:12 +0100] "GET /special-anniversary-mickey-mouse-figurine-p-45567.html HTTP/1.0" 301 70631 "-" "Mozilla/5.0 (compatible; SemrushBot/7~bl; +http://www.semrush.com/bot.html)"
185.191.171.12 - - [19/Nov/2021:05:59:14 +0100] "GET /-p-45567.html HTTP/1.0" 200 70564 "-" "Mozilla/5.0 (compatible; SemrushBot/7~bl; +http://www.semrush.com/bot.html)"
178.150.14.250 - - [19/Nov/2021:05:59:16 +0100] "GET /-p-20860.html HTTP/1.0" 200 70564 "-" "Mozilla/5.0 (compatible; MJ12bot/v1.4.8; http://mj12bot.com/)"
178.150.14.250 - - [19/Nov/2021:05:59:24 +0100] "GET /little-prince-metal-bicycle-horn-p-55436.html HTTP/1.0" 200 73955 "-" "Mozilla/5.0 (compatible; MJ12bot/v1.4.8; http://mj12bot.com/)"
51.68.224.127 - - [19/Nov/2021:05:59:24 +0100] "GET /adminweb/export_orders_xml.php?token=256de2z6edz6ed2z6DFSFsed2zed6zeDSFDSGdzedezfzf&maxorders=10&orderstart=1&status=14&start_date=2018-10-01 HTTP/1.0" 200 285 "-" "GesCom CharlotteBoutik Serveur"
51.68.224.127 - - [19/Nov/2021:05:59:24 +0100] "GET /adminweb/export_orders_xml.php?token=256de2z6edz6ed2z6DFSFsed2zed6zeDSFDSGdzedezfzf&maxorders=10&orderstart=1&status=6&start_date=2018-10-01 HTTP/1.0" 200 32471 "-" "GesCom CharlotteBoutik Serveur"
178.150.14.250 - - [19/Nov/2021:05:59:32 +0100] "GET /little-prince-metal-bicycle-horn-p-55437.html HTTP/1.0" 200 73326 "-" "Mozilla/5.0 (compatible; MJ12bot/v1.4.8; http://mj12bot.com/)"
207.46.13.128 - - [19/Nov/2021:05:59:37 +0100] "GET /images/big_prod/8433933143247.jpg HTTP/1.0" 200 268 "-" "Mozilla/5.0 (compatible; bingbot/2.0; +http://www.bing.com/bingbot.htm)"
178.150.14.250 - - [19/Nov/2021:05:59:46 +0100] "GET /london-by-air-mail-cosmetic-pouch-p-28957.html HTTP/1.0" 301 70631 "-" "Mozilla/5.0 (compatible; MJ12bot/v1.4.8; http://mj12bot.com/)"
178.150.14.250 - - [19/Nov/2021:05:59:57 +0100] "GET /-p-28957.html HTTP/1.0" 200 70564 "-" "Mozilla/5.0 (compatible; MJ12bot/v1.4.8; http://mj12bot.com/)"
54.36.148.112 - - [19/Nov/2021:05:59:59 +0100] "GET /gund-mini-plush-beige-p-51581.html HTTP/1.0" 200 73380 "-" "Mozilla/5.0 (compatible; AhrefsBot/7.0; +http://ahrefs.com/robot/)"
185.191.171.8 - - [19/Nov/2021:06:00:06 +0100] "GET /barbapapa-money-p-7295.html?action=add_product HTTP/1.0" 302 476 "-" "Mozilla/5.0 (compatible; SemrushBot/7~bl; +http://www.semrush.com/bot.html)"
178.150.14.250 - - [19/Nov/2021:06:00:08 +0100] "GET /london-carlin-pencil-pot-p-23971.html HTTP/1.0" 301 73391 "-" "Mozilla/5.0 (compatible; MJ12bot/v1.4.8; http://mj12bot.com/)"
54.36.149.57 - - [19/Nov/2021:06:00:12 +0100] "GET /elsa-from-disney-frozen-figurine-p-32387.html HTTP/1.0" 301 70631 "-" "Mozilla/5.0 (compatible; AhrefsBot/7.0; +http://ahrefs.com/robot/)"
178.150.14.250 - - [19/Nov/2021:06:00:20 +0100] "GET /london-carlin-pencil-cbkreation-p-23971.html HTTP/1.0" 200 73293 "-" "Mozilla/5.0 (compatible; MJ12bot/v1.4.8; http://mj12bot.com/)"
178.150.14.250 - - [19/Nov/2021:06:00:30 +0100] "GET /london-carlin-pot-cookware-p-23970.html HTTP/1.0" 301 73386 "-" "Mozilla/5.0 (compatible; MJ12bot/v1.4.8; http://mj12bot.com/)"
178.150.14.250 - - [19/Nov/2021:06:00:39 +0100] "GET /london-carlin-cookware-cbkreation-p-23970.html HTTP/1.0" 200 73286 "-" "Mozilla/5.0 (compatible; MJ12bot/v1.4.8; http://mj12bot.com/)"
66.249.70.40 - - [19/Nov/2021:06:00:40 +0100] "GET /array-m-420.html?page=86 HTTP/1.0" 200 96951 "-" "Mozilla/5.0 (Linux; Android 6.0.1; Nexus 5X Build/MMB29P) AppleWebKit/537.36 (KHTML, like Gecko) Chrome/96.0.4664.45 Mobile Safari/537.36 (compatible; Googlebot/2.1; +http://www.google.com/bot.html)"
54.36.148.6 - - [19/Nov/2021:06:00:47 +0100] "GET /care-bear-harmony-bear-plush-22-cm-p-33651.html HTTP/1.0" 301 70631 "-" "Mozilla/5.0 (compatible; AhrefsBot/7.0; +http://ahrefs.com/robot/)"
54.36.149.53 - - [19/Nov/2021:06:00:48 +0100] "GET /cactus-drink-dispenser-p-48687.html HTTP/1.0" 200 73848 "-" "Mozilla/5.0 (compatible; AhrefsBot/7.0; +http://ahrefs.com/robot/)"
178.150.14.250 - - [19/Nov/2021:06:00:49 +0100] "GET /london-city-colors-bedclothes-220-cm-p-30611.html HTTP/1.0" 301 70631 "-" "Mozilla/5.0 (compatible; MJ12bot/v1.4.8; http://mj12bot.com/)"
178.150.14.250 - - [19/Nov/2021:06:00:59 +0100] "GET /-p-30611.html HTTP/1.0" 200 70564 "-" "Mozilla/5.0 (compatible; MJ12bot/v1.4.8; http://mj12bot.com/)"
178.150.14.250 - - [19/Nov/2021:06:01:06 +0100] "GET /london-city-lamp-p-14752.html HTTP/1.0" 301 70631 "-" "Mozilla/5.0 (compatible; MJ12bot/v1.4.8; http://mj12bot.com/)"
178.150.14.250 - - [19/Nov/2021:06:01:15 +0100] "GET /-p-14752.html HTTP/1.0" 200 70564 "-" "Mozilla/5.0 (compatible; MJ12bot/v1.4.8; http://mj12bot.com/)"
178.150.14.250 - - [19/Nov/2021:06:01:31 +0100] "GET /london-moneybox-p-40009.html HTTP/1.0" 301 70631 "-" "Mozilla/5.0 (compatible; MJ12bot/v1.4.8; http://mj12bot.com/)"
159.138.102.98 - - [19/Nov/2021:06:01:31 +0100] "GET /retro-wooden-motorcycle-frame-to-hang-latter-dude-p-46393.html HTTP/1.0" 301 73620 "-" "Mozilla/5.0 (Linux; Android 7.0;) AppleWebKit/537.36 (KHTML, like Gecko) Mobile Safari/537.36 (compatible; PetalBot;+https://webmaster.petalsearch.com/site/petalbot)"
178.150.14.250 - - [19/Nov/2021:06:01:46 +0100] "GET /-p-40009.html HTTP/1.0" 200 70564 "-" "Mozilla/5.0 (compatible; MJ12bot/v1.4.8; http://mj12bot.com/)"
178.150.14.250 - - [19/Nov/2021:06:01:59 +0100] "GET /london-poster-eyelets-curtain-240-240-cm-p-36349.html HTTP/1.0" 301 70631 "-" "Mozilla/5.0 (compatible; MJ12bot/v1.4.8; http://mj12bot.com/)"
178.150.14.250 - - [19/Nov/2021:06:02:13 +0100] "GET /-p-36349.html HTTP/1.0" 200 70564 "-" "Mozilla/5.0 (compatible; MJ12bot/v1.4.8; http://mj12bot.com/)"
185.191.171.18 - - [19/Nov/2021:06:02:13 +0100] "GET /gorjuss-fiesta-lockable-notebook-the-dreamer-p-47754.html HTTP/1.0" 301 74905 "-" "Mozilla/5.0 (compatible; SemrushBot/7~bl; +http://www.semrush.com/bot.html)"
185.191.171.5 - - [19/Nov/2021:06:02:17 +0100] "GET /gorjuss-fiesta-lockable-notebook-dreamer-p-47754.html HTTP/1.0" 200 74798 "-" "Mozilla/5.0 (compatible; SemrushBot/7~bl; +http://www.semrush.com/bot.html)"
178.150.14.250 - - [19/Nov/2021:06:02:27 +0100] "GET /long-beach-wooden-wall-decoration-to-hang-p-35371.html HTTP/1.0" 301 70631 "-" "Mozilla/5.0 (compatible; MJ12bot/v1.4.8; http://mj12bot.com/)"
40.77.167.14 - - [19/Nov/2021:06:02:29 +0100] "GET /images/big_prod/3609810065215a.jpg HTTP/1.0" 200 269 "-" "Mozilla/5.0 (compatible; bingbot/2.0; +http://www.bing.com/bingbot.htm)"
185.191.171.1 - - [19/Nov/2021:06:02:29 +0100] "GET /fuel-pump-clock-p-35148.html?action=add_product HTTP/1.0" 302 476 "-" "Mozilla/5.0 (compatible; SemrushBot/7~bl; +http://www.semrush.com/bot.html)"
178.150.14.250 - - [19/Nov/2021:06:02:40 +0100] "GET /-p-35371.html HTTP/1.0" 200 70564 "-" "Mozilla/5.0 (compatible; MJ12bot/v1.4.8; http://mj12bot.com/)"
178.150.14.250 - - [19/Nov/2021:06:02:53 +0100] "GET /love-and-peace-pink-shirt-size-p-20926.html HTTP/1.0" 301 70631 "-" "Mozilla/5.0 (compatible; MJ12bot/v1.4.8; http://mj12bot.com/)"
54.36.149.52 - - [19/Nov/2021:06:02:53 +0100] "GET /route-66-cushion-p-22176.html HTTP/1.0" 301 70631 "-" "Mozilla/5.0 (compatible; AhrefsBot/7.0; +http://ahrefs.com/robot/)"
178.150.14.250 - - [19/Nov/2021:06:03:06 +0100] "GET /-p-20926.html HTTP/1.0" 200 70564 "-" "Mozilla/5.0 (compatible; MJ12bot/v1.4.8; http://mj12bot.com/)"
185.191.171.10 - - [19/Nov/2021:06:03:10 +0100] "GET /cotton-floor-cushion-cavaillon-p-54416.html HTTP/1.0" 200 74250 "-" "Mozilla/5.0 (compatible; SemrushBot/7~bl; +http://www.semrush.com/bot.html)"
178.150.14.250 - - [19/Nov/2021:06:03:20 +0100] "GET /love-and-peace-pink-shirt-size-p-20928.html HTTP/1.0" 301 70631 "-" "Mozilla/5.0 (compatible; MJ12bot/v1.4.8; http://mj12bot.com/)"
54.36.149.34 - - [19/Nov/2021:06:03:23 +0100] "GET /small-brown-teddy-bear-12-cm-p-41954.html HTTP/1.0" 301 70772 "-" "Mozilla/5.0 (compatible; AhrefsBot/7.0; +http://ahrefs.com/robot/)"
178.150.14.250 - - [19/Nov/2021:06:03:33 +0100] "GET /-p-20928.html HTTP/1.0" 200 70564 "-" "Mozilla/5.0 (compatible; MJ12bot/v1.4.8; http://mj12bot.com/)"
66.249.70.38 - - [19/Nov/2021:06:03:33 +0100] "GET /dishes-c-12.html?page=28 HTTP/1.0" 200 92206 "-" "Mozilla/5.0 (Linux; Android 6.0.1; Nexus 5X Build/MMB29P) AppleWebKit/537.36 (KHTML, like Gecko) Chrome/96.0.4664.45 Mobile Safari/537.36 (compatible; Googlebot/2.1; +http://www.google.com/bot.html)"
178.150.14.250 - - [19/Nov/2021:06:03:45 +0100] "GET /love-cats-mug-p-37301.html HTTP/1.0" 301 70631 "-" "Mozilla/5.0 (compatible; MJ12bot/v1.4.8; http://mj12bot.com/)"
17.121.115.219 - - [19/Nov/2021:06:03:58 +0100] "GET /robots.txt HTTP/1.0" 200 245 "-" "Mozilla/5.0 (Macintosh; Intel Mac OS X 10_15_5) AppleWebKit/605.1.15 (KHTML, like Gecko) Version/13.1.1 Safari/605.1.15 (Applebot/0.1; +http://www.apple.com/go/applebot)"
17.121.115.219 - - [19/Nov/2021:06:03:59 +0100] "GET /images/big_prod_2/8422302657188b.jpg HTTP/1.0" 200 271 "-" "Mozilla/5.0 (Macintosh; Intel Mac OS X 10_15_5) AppleWebKit/605.1.15 (KHTML, like Gecko) Version/13.1.1 Safari/605.1.15 (Applebot/0.1; +http://www.apple.com/go/applebot)"
178.150.14.250 - - [19/Nov/2021:06:03:58 +0100] "GET /-p-37301.html HTTP/1.0" 200 70564 "-" "Mozilla/5.0 (compatible; MJ12bot/v1.4.8; http://mj12bot.com/)"
178.150.14.250 - - [19/Nov/2021:06:04:11 +0100] "GET /lulu-castagnette-calendar-school-year-2014-2015-p-26234.html HTTP/1.0" 301 70631 "-" "Mozilla/5.0 (compatible; MJ12bot/v1.4.8; http://mj12bot.com/)"
159.138.102.98 - - [19/Nov/2021:06:04:11 +0100] "GET /cement-tile-stickers-blue-p-45003.html HTTP/1.0" 200 73544 "-" "Mozilla/5.0 (Linux; Android 7.0;) AppleWebKit/537.36 (KHTML, like Gecko) Mobile Safari/537.36 (compatible; PetalBot;+https://webmaster.petalsearch.com/site/petalbot)"
178.150.14.250 - - [19/Nov/2021:06:04:24 +0100] "GET /-p-26234.html HTTP/1.0" 200 70564 "-" "Mozilla/5.0 (compatible; MJ12bot/v1.4.8; http://mj12bot.com/)"
178.150.14.250 - - [19/Nov/2021:06:04:38 +0100] "GET /lulu-castagnette-calendar-school-year-2014-2015-p-26238.html HTTP/1.0" 301 70631 "-" "Mozilla/5.0 (compatible; MJ12bot/v1.4.8; http://mj12bot.com/)"
