185.191.171.33 - - [29/Nov/2021:07:42:35 +0100] "GET /dog-eyeglass-case-p-30555.html HTTP/1.0" 301 70631 "-" "Mozilla/5.0 (compatible; SemrushBot/7~bl; +http://www.semrush.com/bot.html)"
185.191.171.33 - - [29/Nov/2021:07:42:37 +0100] "GET /-p-30555.html HTTP/1.0" 200 70564 "-" "Mozilla/5.0 (compatible; SemrushBot/7~bl; +http://www.semrush.com/bot.html)"
66.249.75.168 - - [29/Nov/2021:07:42:54 +0100] "GET /boat-bell-fixed-wall-p-56647.html HTTP/1.0" 200 73907 "-" "Mozilla/5.0 (Linux; Android 6.0.1; Nexus 5X Build/MMB29P) AppleWebKit/537.36 (KHTML, like Gecko) Chrome/96.0.4664.45 Mobile Safari/537.36 (compatible; Googlebot/2.1; +http://www.google.com/bot.html)"
114.119.128.37 - - [29/Nov/2021:07:43:08 +0100] "GET /vintage-clock-victorian-station-p-32123.html HTTP/1.0" 200 73408 "-" "Mozilla/5.0 (Linux; Android 7.0;) AppleWebKit/537.36 (KHTML, like Gecko) Mobile Safari/537.36 (compatible; PetalBot;+https://webmaster.petalsearch.com/site/petalbot)"
185.191.171.33 - - [29/Nov/2021:07:43:18 +0100] "GET /canard-the-duck-night-light-yellow-p-39611.html HTTP/1.0" 301 70783 "-" "Mozilla/5.0 (compatible; SemrushBot/7~bl; +http://www.semrush.com/bot.html)"
185.191.171.13 - - [29/Nov/2021:07:43:20 +0100] "GET /canard-duck-night-light-yellow-p-39611.html HTTP/1.0" 200 70686 "-" "Mozilla/5.0 (compatible; SemrushBot/7~bl; +http://www.semrush.com/bot.html)"
147.92.153.10 - - [29/Nov/2021:07:43:51 +0100] "GET /round-transparent-plastic-tablecloth-p-56702.html HTTP/1.0" 200 73349 "-" "Mozilla/5.0 (compatible; Linespider/1.1; +https://lin.ee/4dwXkTH)"
185.191.171.43 - - [29/Nov/2021:07:44:37 +0100] "GET /ceramic-salt-with-spoon-sardy-p-50605.html?action=add_product HTTP/1.0" 302 476 "-" "Mozilla/5.0 (compatible; SemrushBot/7~bl; +http://www.semrush.com/bot.html)"
185.191.171.5 - - [29/Nov/2021:07:44:51 +0100] "GET /wall-decoration-wooden-slate-hang-surf-p-41381.html?action=add_product HTTP/1.0" 302 476 "-" "Mozilla/5.0 (compatible; SemrushBot/7~bl; +http://www.semrush.com/bot.html)"
185.191.171.34 - - [29/Nov/2021:07:45:04 +0100] "GET /candle-hours-pink-blossom-p-38949.html?action=add_product HTTP/1.0" 302 476 "-" "Mozilla/5.0 (compatible; SemrushBot/7~bl; +http://www.semrush.com/bot.html)"
185.191.171.44 - - [29/Nov/2021:07:45:13 +0100] "GET /charmmy-kitty-dress-p-31104.html?action=add_product HTTP/1.0" 302 476 "-" "Mozilla/5.0 (compatible; SemrushBot/7~bl; +http://www.semrush.com/bot.html)"
66.249.75.168 - - [29/Nov/2021:07:45:25 +0100] "GET /ads.txt HTTP/1.0" 404 1308 "-" "Mozilla/5.0 (compatible; Googlebot/2.1; +http://www.google.com/bot.html)"
124.71.153.13 - - [29/Nov/2021:07:45:27 +0100] "GET /images/mini_prod/4895029627446.jpg HTTP/1.0" 200 269 "-" "Mozilla/5.0 (X11; Ubuntu; Linux x86_64; rv:72.0) Gecko/20100101 Firefox/72.0"
54.36.149.65 - - [29/Nov/2021:07:45:53 +0100] "GET /images/mini_prod/3453131158251C.jpg HTTP/1.0" 200 270 "-" "Mozilla/5.0 (compatible; AhrefsBot/7.0; +http://ahrefs.com/robot/)"
51.68.224.127 - - [29/Nov/2021:07:45:59 +0100] "GET /adminweb/export_orders_xml.php?token=256de2z6edz6ed2z6DFSFsed2zed6zeDSFDSGdzedezfzf&maxorders=10&orderstart=1&status=14&start_date=2018-10-01 HTTP/1.0" 200 285 "-" "GesCom CharlotteBoutik Serveur"
51.68.224.127 - - [29/Nov/2021:07:45:59 +0100] "GET /adminweb/export_orders_xml.php?token=256de2z6edz6ed2z6DFSFsed2zed6zeDSFDSGdzedezfzf&maxorders=10&orderstart=1&status=6&start_date=2018-10-01 HTTP/1.0" 200 32471 "-" "GesCom CharlotteBoutik Serveur"
67.177.4.46 - - [29/Nov/2021:07:46:05 +0100] "GET /images/big_prod/028399188536.jpg HTTP/1.0" 200 267 "-" "Mozilla/5.0 (Macintosh; Intel Mac OS X 10_15_6) AppleWebKit/605.1.15 (KHTML, like Gecko) Version/14.1.2 Safari/605.1.15"
207.46.13.202 - - [29/Nov/2021:07:46:18 +0100] "GET /round-trays-c-12_159_263.html HTTP/1.0" 200 90945 "-" "Mozilla/5.0 (compatible; bingbot/2.0; +http://www.bing.com/bingbot.htm)"
114.119.128.40 - - [29/Nov/2021:07:46:23 +0100] "GET /images/big_prod/3503420061516.jpg HTTP/1.0" 200 268 "-" "Mozilla/5.0 (Linux; Android 7.0;) AppleWebKit/537.36 (KHTML, like Gecko) Mobile Safari/537.36 (compatible; PetalBot;+https://webmaster.petalsearch.com/site/petalbot)"
66.249.75.168 - - [29/Nov/2021:07:46:26 +0100] "GET /mini-trays-c-12_159_260.html?page=4 HTTP/1.0" 200 92854 "-" "Mozilla/5.0 (compatible; Googlebot/2.1; +http://www.google.com/bot.html)"
66.249.75.170 - - [29/Nov/2021:07:46:27 +0100] "GET /ginnan-eyelets-sheer-curtain-p-51828.html HTTP/1.0" 200 70666 "-" "Mozilla/5.0 (Linux; Android 6.0.1; Nexus 5X Build/MMB29P) AppleWebKit/537.36 (KHTML, like Gecko) Chrome/96.0.4664.45 Mobile Safari/537.36 (compatible; Googlebot/2.1; +http://www.google.com/bot.html)"
185.191.171.10 - - [29/Nov/2021:07:47:01 +0100] "GET /cats-dubout-trivet-p-27383.html HTTP/1.0" 200 73143 "-" "Mozilla/5.0 (compatible; SemrushBot/7~bl; +http://www.semrush.com/bot.html)"
185.191.171.36 - - [29/Nov/2021:07:47:10 +0100] "GET /buddha-canvas-frame-40-40-cm-p-34005.html HTTP/1.0" 301 73381 "-" "Mozilla/5.0 (compatible; SemrushBot/7~bl; +http://www.semrush.com/bot.html)"
185.191.171.25 - - [29/Nov/2021:07:47:12 +0100] "GET /buddha-canvas-frame-p-34005.html HTTP/1.0" 200 73295 "-" "Mozilla/5.0 (compatible; SemrushBot/7~bl; +http://www.semrush.com/bot.html)"
185.191.171.23 - - [29/Nov/2021:07:48:10 +0100] "GET /round-blue-duck-jute-table-mat-p-49452.html HTTP/1.0" 301 73283 "-" "Mozilla/5.0 (compatible; SemrushBot/7~bl; +http://www.semrush.com/bot.html)"
5.9.61.101 - - [29/Nov/2021:07:48:12 +0100] "GET /robots.txt HTTP/1.0" 200 245 "-" "Mozilla/5.0 (compatible; MJ12bot/v1.4.8; http://mj12bot.com/)"
185.191.171.17 - - [29/Nov/2021:07:48:12 +0100] "GET /round-blue-duck-jute-table-p-49452.html HTTP/1.0" 200 73190 "-" "Mozilla/5.0 (compatible; SemrushBot/7~bl; +http://www.semrush.com/bot.html)"
5.9.61.101 - - [29/Nov/2021:07:48:13 +0100] "GET /loisirs-creatifs-et-coloriage-c-129_30.html HTTP/1.0" 301 91248 "-" "Mozilla/5.0 (compatible; MJ12bot/v1.4.8; http://mj12bot.com/)"
5.9.61.101 - - [29/Nov/2021:07:48:16 +0100] "GET /creative-hobbies-coloring-c-30.html HTTP/1.0" 301 91112 "-" "Mozilla/5.0 (compatible; MJ12bot/v1.4.8; http://mj12bot.com/)"
5.9.61.101 - - [29/Nov/2021:07:48:20 +0100] "GET /creative-hobbies-coloring-c-129_30.html HTTP/1.0" 200 91159 "-" "Mozilla/5.0 (compatible; MJ12bot/v1.4.8; http://mj12bot.com/)"
5.9.61.101 - - [29/Nov/2021:07:48:23 +0100] "GET /london-bedclothes-260-240-cm-and-fitted-sheet-p-38033.html HTTP/1.0" 301 70631 "-" "Mozilla/5.0 (compatible; MJ12bot/v1.4.8; http://mj12bot.com/)"
5.9.61.101 - - [29/Nov/2021:07:48:27 +0100] "GET /-p-38033.html HTTP/1.0" 200 70564 "-" "Mozilla/5.0 (compatible; MJ12bot/v1.4.8; http://mj12bot.com/)"
5.9.61.101 - - [29/Nov/2021:07:48:30 +0100] "GET /long-sleeves-shirts-c-21.html HTTP/1.0" 301 77997 "-" "Mozilla/5.0 (compatible; MJ12bot/v1.4.8; http://mj12bot.com/)"
5.9.61.101 - - [29/Nov/2021:07:48:32 +0100] "GET /long-sleeves-shirts-c-1_21.html HTTP/1.0" 200 78012 "-" "Mozilla/5.0 (compatible; MJ12bot/v1.4.8; http://mj12bot.com/)"
5.9.61.101 - - [29/Nov/2021:07:48:35 +0100] "GET /long-sleeves-shirts-c-40.html HTTP/1.0" 301 69536 "-" "Mozilla/5.0 (compatible; MJ12bot/v1.4.8; http://mj12bot.com/)"
5.9.61.101 - - [29/Nov/2021:07:48:38 +0100] "GET /long-sleeves-shirts-c-2_40.html HTTP/1.0" 200 69547 "-" "Mozilla/5.0 (compatible; MJ12bot/v1.4.8; http://mj12bot.com/)"
5.9.61.101 - - [29/Nov/2021:07:48:40 +0100] "GET /lot-of-mirrors-with-floral-inspiration-p-52925.html HTTP/1.0" 301 73550 "-" "Mozilla/5.0 (compatible; MJ12bot/v1.4.8; http://mj12bot.com/)"
5.9.61.101 - - [29/Nov/2021:07:48:42 +0100] "GET /mirrors-with-floral-inspiration-p-52925.html HTTP/1.0" 200 73452 "-" "Mozilla/5.0 (compatible; MJ12bot/v1.4.8; http://mj12bot.com/)"
5.9.61.101 - - [29/Nov/2021:07:48:46 +0100] "GET /lotus-cork-coasters-p-45030.html HTTP/1.0" 200 73827 "-" "Mozilla/5.0 (compatible; MJ12bot/v1.4.8; http://mj12bot.com/)"
5.9.61.101 - - [29/Nov/2021:07:48:49 +0100] "GET /love-isothermic-stainless-steel-bottle-p-53169.html HTTP/1.0" 200 73349 "-" "Mozilla/5.0 (compatible; MJ12bot/v1.4.8; http://mj12bot.com/)"
5.9.61.101 - - [29/Nov/2021:07:48:52 +0100] "GET /lovers-lamas-tray-p-45565.html HTTP/1.0" 200 73231 "-" "Mozilla/5.0 (compatible; MJ12bot/v1.4.8; http://mj12bot.com/)"
5.9.61.101 - - [29/Nov/2021:07:48:55 +0100] "GET /luminous-earth-globe-decoration-p-52914.html HTTP/1.0" 200 73956 "-" "Mozilla/5.0 (compatible; MJ12bot/v1.4.8; http://mj12bot.com/)"
5.9.61.101 - - [29/Nov/2021:07:48:58 +0100] "GET /lustres-suspensions-c-86_280.html HTTP/1.0" 301 90871 "-" "Mozilla/5.0 (compatible; MJ12bot/v1.4.8; http://mj12bot.com/)"
5.9.61.101 - - [29/Nov/2021:07:49:01 +0100] "GET /chandeliers-suspensions-c-280.html HTTP/1.0" 301 90766 "-" "Mozilla/5.0 (compatible; MJ12bot/v1.4.8; http://mj12bot.com/)"
185.191.171.4 - - [29/Nov/2021:07:49:03 +0100] "GET /salt-and-pepper-shaker-p-40794.html HTTP/1.0" 301 73397 "-" "Mozilla/5.0 (compatible; SemrushBot/7~bl; +http://www.semrush.com/bot.html)"
5.9.61.101 - - [29/Nov/2021:07:49:03 +0100] "GET /chandeliers-suspensions-c-86_280.html HTTP/1.0" 200 90783 "-" "Mozilla/5.0 (compatible; MJ12bot/v1.4.8; http://mj12bot.com/)"
185.191.171.36 - - [29/Nov/2021:07:49:05 +0100] "GET /salt-pepper-shaker-p-40794.html HTTP/1.0" 200 73312 "-" "Mozilla/5.0 (compatible; SemrushBot/7~bl; +http://www.semrush.com/bot.html)"
5.9.61.101 - - [29/Nov/2021:07:49:06 +0100] "GET /magic-moonlight-mickey-minnie-with-moon-figurine-p-55444.html HTTP/1.0" 200 74826 "-" "Mozilla/5.0 (compatible; MJ12bot/v1.4.8; http://mj12bot.com/)"
5.9.61.101 - - [29/Nov/2021:07:49:09 +0100] "GET /magnet-citron-p-40119.html HTTP/1.0" 200 70668 "-" "Mozilla/5.0 (compatible; MJ12bot/v1.4.8; http://mj12bot.com/)"
114.119.128.40 - - [29/Nov/2021:07:49:12 +0100] "GET /%20images/1399984264249.jpg HTTP/1.0" 404 1308 "-" "Mozilla/5.0 (Linux; Android 7.0;) AppleWebKit/537.36 (KHTML, like Gecko) Mobile Safari/537.36 (compatible; PetalBot;+https://webmaster.petalsearch.com/site/petalbot)"
5.9.61.101 - - [29/Nov/2021:07:49:12 +0100] "GET /magnet-citron-p-40121.html HTTP/1.0" 200 73210 "-" "Mozilla/5.0 (compatible; MJ12bot/v1.4.8; http://mj12bot.com/)"
5.9.61.101 - - [29/Nov/2021:07:49:15 +0100] "GET /maillots-bain-c-1_18.html HTTP/1.0" 301 92322 "-" "Mozilla/5.0 (compatible; MJ12bot/v1.4.8; http://mj12bot.com/)"
5.9.61.101 - - [29/Nov/2021:07:49:17 +0100] "GET /swimsuit-c-18.html HTTP/1.0" 301 92224 "-" "Mozilla/5.0 (compatible; MJ12bot/v1.4.8; http://mj12bot.com/)"
185.191.171.8 - - [29/Nov/2021:07:49:18 +0100] "GET /isothermic-stainless-steel-bottle-hedgehog-cbkreation-p-51044.html HTTP/1.0" 200 73486 "-" "Mozilla/5.0 (compatible; SemrushBot/7~bl; +http://www.semrush.com/bot.html)"
5.9.61.101 - - [29/Nov/2021:07:49:19 +0100] "GET /swimsuit-c-1_18.html HTTP/1.0" 200 92250 "-" "Mozilla/5.0 (compatible; MJ12bot/v1.4.8; http://mj12bot.com/)"
5.9.61.101 - - [29/Nov/2021:07:49:22 +0100] "GET /maillots-bain-c-2_35.html HTTP/1.0" 301 90261 "-" "Mozilla/5.0 (compatible; MJ12bot/v1.4.8; http://mj12bot.com/)"
157.55.39.108 - - [29/Nov/2021:07:49:24 +0100] "GET /images/mini_prod/000000000000008760N.jpg HTTP/1.0" 200 275 "-" "Mozilla/5.0 (compatible; bingbot/2.0; +http://www.bing.com/bingbot.htm)"
5.9.61.101 - - [29/Nov/2021:07:49:25 +0100] "GET /swimwear-c-35.html HTTP/1.0" 301 90165 "-" "Mozilla/5.0 (compatible; MJ12bot/v1.4.8; http://mj12bot.com/)"
5.9.61.101 - - [29/Nov/2021:07:49:28 +0100] "GET /swimwear-c-2_35.html HTTP/1.0" 200 90189 "-" "Mozilla/5.0 (compatible; MJ12bot/v1.4.8; http://mj12bot.com/)"
5.9.61.101 - - [29/Nov/2021:07:49:31 +0100] "GET /maison-dcoration-c-13.html HTTP/1.0" 301 92034 "-" "Mozilla/5.0 (compatible; MJ12bot/v1.4.8; http://mj12bot.com/)"
5.9.61.101 - - [29/Nov/2021:07:49:34 +0100] "GET /home-decoration-c-13.html HTTP/1.0" 200 91955 "-" "Mozilla/5.0 (compatible; MJ12bot/v1.4.8; http://mj12bot.com/)"
66.249.75.168 - - [29/Nov/2021:07:49:36 +0100] "GET /images/big_prod_1/8433933251423B.jpg HTTP/1.0" 200 271 "-" "Googlebot-Image/1.0"
5.9.61.101 - - [29/Nov/2021:07:49:37 +0100] "GET /mala-amethyst-aa-quality-108-beads-p-51004.html HTTP/1.0" 301 76586 "-" "Mozilla/5.0 (compatible; MJ12bot/v1.4.8; http://mj12bot.com/)"
5.9.61.101 - - [29/Nov/2021:07:49:39 +0100] "GET /mala-amethyst-quality-beads-p-51004.html HTTP/1.0" 200 76492 "-" "Mozilla/5.0 (compatible; MJ12bot/v1.4.8; http://mj12bot.com/)"
5.9.61.101 - - [29/Nov/2021:07:49:41 +0100] "GET /mala-amethyst-quality-beads-p-51004.html HTTP/1.0" 200 76492 "-" "Mozilla/5.0 (compatible; MJ12bot/v1.4.8; http://mj12bot.com/)"
5.9.61.101 - - [29/Nov/2021:07:49:43 +0100] "GET /mala-amethyste-qualite-aa-108-perles-p-51004.html HTTP/1.0" 301 76586 "-" "Mozilla/5.0 (compatible; MJ12bot/v1.4.8; http://mj12bot.com/)"
5.9.61.101 - - [29/Nov/2021:07:49:45 +0100] "GET /mala-amethyst-quality-beads-p-51004.html HTTP/1.0" 200 76492 "-" "Mozilla/5.0 (compatible; MJ12bot/v1.4.8; http://mj12bot.com/)"
5.9.61.101 - - [29/Nov/2021:07:49:50 +0100] "GET /malles-coffres-c-13_208.html HTTP/1.0" 301 86823 "-" "Mozilla/5.0 (compatible; MJ12bot/v1.4.8; http://mj12bot.com/)"
5.9.61.101 - - [29/Nov/2021:07:49:52 +0100] "GET /trunks-c-208.html HTTP/1.0" 301 86700 "-" "Mozilla/5.0 (compatible; MJ12bot/v1.4.8; http://mj12bot.com/)"
5.9.61.101 - - [29/Nov/2021:07:49:54 +0100] "GET /trunks-c-13_208.html HTTP/1.0" 200 86752 "-" "Mozilla/5.0 (compatible; MJ12bot/v1.4.8; http://mj12bot.com/)"
5.9.61.101 - - [29/Nov/2021:07:49:58 +0100] "GET /maquettes-reproductions-c-4_140.html HTTP/1.0" 301 85913 "-" "Mozilla/5.0 (compatible; MJ12bot/v1.4.8; http://mj12bot.com/)"
5.9.61.101 - - [29/Nov/2021:07:50:00 +0100] "GET /models-replicas-c-140.html HTTP/1.0" 301 85801 "-" "Mozilla/5.0 (compatible; MJ12bot/v1.4.8; http://mj12bot.com/)"
5.9.61.101 - - [29/Nov/2021:07:50:04 +0100] "GET /models-replicas-c-4_140.html HTTP/1.0" 200 85833 "-" "Mozilla/5.0 (compatible; MJ12bot/v1.4.8; http://mj12bot.com/)"
5.9.61.101 - - [29/Nov/2021:07:50:07 +0100] "GET /marseille-clock-p-47712.html HTTP/1.0" 200 73150 "-" "Mozilla/5.0 (compatible; MJ12bot/v1.4.8; http://mj12bot.com/)"
5.9.61.101 - - [29/Nov/2021:07:50:11 +0100] "GET /marsupilami-bath-toys-p-7303.html HTTP/1.0" 301 70628 "-" "Mozilla/5.0 (compatible; MJ12bot/v1.4.8; http://mj12bot.com/)"
5.9.61.101 - - [29/Nov/2021:07:50:13 +0100] "GET /-p-7303.html HTTP/1.0" 200 70562 "-" "Mozilla/5.0 (compatible; MJ12bot/v1.4.8; http://mj12bot.com/)"
5.9.61.101 - - [29/Nov/2021:07:50:16 +0100] "GET /maurice-lamp-black-resin-p-56901.html HTTP/1.0" 200 74163 "-" "Mozilla/5.0 (compatible; MJ12bot/v1.4.8; http://mj12bot.com/)"
5.9.61.101 - - [29/Nov/2021:07:50:19 +0100] "GET /meditation-cushion-organic-cotton-p-52923.html HTTP/1.0" 200 74764 "-" "Mozilla/5.0 (compatible; MJ12bot/v1.4.8; http://mj12bot.com/)"
5.9.61.101 - - [29/Nov/2021:07:50:23 +0100] "GET /meditation-cushion-yoga-bolster-black-p-45364.html HTTP/1.0" 200 74960 "-" "Mozilla/5.0 (compatible; MJ12bot/v1.4.8; http://mj12bot.com/)"
5.9.61.101 - - [29/Nov/2021:07:50:28 +0100] "GET /medusa-glass-paperweight-p-54532.html HTTP/1.0" 200 73206 "-" "Mozilla/5.0 (compatible; MJ12bot/v1.4.8; http://mj12bot.com/)"
5.9.61.101 - - [29/Nov/2021:07:50:31 +0100] "GET /merry-christmas-christmas-carol-storybook-p-56123.html HTTP/1.0" 200 75049 "-" "Mozilla/5.0 (compatible; MJ12bot/v1.4.8; http://mj12bot.com/)"
5.9.61.101 - - [29/Nov/2021:07:50:33 +0100] "GET /messenger-bag-pepe-jeans-p-38135.html HTTP/1.0" 301 70754 "-" "Mozilla/5.0 (compatible; MJ12bot/v1.4.8; http://mj12bot.com/)"
185.191.171.43 - - [29/Nov/2021:07:50:34 +0100] "GET /flower-life-incense-stick-holder-p-53793.html?action=add_product HTTP/1.0" 302 476 "-" "Mozilla/5.0 (compatible; SemrushBot/7~bl; +http://www.semrush.com/bot.html)"
5.9.61.101 - - [29/Nov/2021:07:50:36 +0100] "GET /messenger-pepe-jeans-p-38135.html HTTP/1.0" 200 70667 "-" "Mozilla/5.0 (compatible; MJ12bot/v1.4.8; http://mj12bot.com/)"
5.9.61.101 - - [29/Nov/2021:07:50:39 +0100] "GET /messenger-pepe-jeans-p-38135.html HTTP/1.0" 200 70667 "-" "Mozilla/5.0 (compatible; MJ12bot/v1.4.8; http://mj12bot.com/)"
5.9.61.101 - - [29/Nov/2021:07:50:41 +0100] "GET /metal-beer-bucket-mojito-p-45497.html HTTP/1.0" 200 70675 "-" "Mozilla/5.0 (compatible; MJ12bot/v1.4.8; http://mj12bot.com/)"
5.9.61.101 - - [29/Nov/2021:07:50:44 +0100] "GET /metal-bell-horn-for-bicycle-p-52839.html HTTP/1.0" 301 70631 "-" "Mozilla/5.0 (compatible; MJ12bot/v1.4.8; http://mj12bot.com/)"
5.9.61.101 - - [29/Nov/2021:07:50:47 +0100] "GET /-p-52839.html HTTP/1.0" 200 70564 "-" "Mozilla/5.0 (compatible; MJ12bot/v1.4.8; http://mj12bot.com/)"
5.9.61.101 - - [29/Nov/2021:07:50:49 +0100] "GET /metal-boxes-and-storage-c-218.html HTTP/1.0" 301 90101 "-" "Mozilla/5.0 (compatible; MJ12bot/v1.4.8; http://mj12bot.com/)"
185.191.171.8 - - [29/Nov/2021:07:50:51 +0100] "GET /indian-motorcycle-metal-plate-deco-405-215-cm-p-50978.html HTTP/1.0" 301 73485 "-" "Mozilla/5.0 (compatible; SemrushBot/7~bl; +http://www.semrush.com/bot.html)"
5.9.61.101 - - [29/Nov/2021:07:50:52 +0100] "GET /metal-boxes-storage-c-13_150_218.html HTTP/1.0" 200 90263 "-" "Mozilla/5.0 (compatible; MJ12bot/v1.4.8; http://mj12bot.com/)"
185.191.171.10 - - [29/Nov/2021:07:50:53 +0100] "GET /indian-motorcycle-metal-plate-deco-p-50978.html HTTP/1.0" 200 73384 "-" "Mozilla/5.0 (compatible; SemrushBot/7~bl; +http://www.semrush.com/bot.html)"
185.191.171.6 - - [29/Nov/2021:07:50:55 +0100] "GET /cats-dubout-figurine-grooming-time-p-32712.html?action=add_product HTTP/1.0" 302 476 "-" "Mozilla/5.0 (compatible; SemrushBot/7~bl; +http://www.semrush.com/bot.html)"
5.9.61.101 - - [29/Nov/2021:07:50:55 +0100] "GET /metal-clock-projector-p-47982.html HTTP/1.0" 200 74214 "-" "Mozilla/5.0 (compatible; MJ12bot/v1.4.8; http://mj12bot.com/)"
157.55.39.223 - - [29/Nov/2021:07:50:57 +0100] "GET /images/3760194750347.jpg HTTP/1.0" 200 259 "-" "Mozilla/5.0 (compatible; bingbot/2.0; +http://www.bing.com/bingbot.htm)"
5.9.61.101 - - [29/Nov/2021:07:50:58 +0100] "GET /metal-cylindrical-tea-box-p-47672.html HTTP/1.0" 301 70722 "-" "Mozilla/5.0 (compatible; MJ12bot/v1.4.8; http://mj12bot.com/)"
157.55.39.228 - - [29/Nov/2021:07:50:58 +0100] "GET /money-boxes-c-13_83.html HTTP/1.0" 200 93012 "-" "Mozilla/5.0 (compatible; bingbot/2.0; +http://www.bing.com/bingbot.htm)"
5.9.61.101 - - [29/Nov/2021:07:51:01 +0100] "GET /metal-cylindrical-p-47672.html HTTP/1.0" 200 70638 "-" "Mozilla/5.0 (compatible; MJ12bot/v1.4.8; http://mj12bot.com/)"
5.9.61.101 - - [29/Nov/2021:07:51:04 +0100] "GET /metal-plate-deco-p-55974.html HTTP/1.0" 200 70618 "-" "Mozilla/5.0 (compatible; MJ12bot/v1.4.8; http://mj12bot.com/)"
5.9.61.101 - - [29/Nov/2021:07:51:06 +0100] "GET /metal-plate-deco-p-56117.html HTTP/1.0" 200 73724 "-" "Mozilla/5.0 (compatible; MJ12bot/v1.4.8; http://mj12bot.com/)"
185.191.171.40 - - [29/Nov/2021:07:51:07 +0100] "GET /retro-coasters-p-40073.html HTTP/1.0" 200 73166 "-" "Mozilla/5.0 (compatible; SemrushBot/7~bl; +http://www.semrush.com/bot.html)"
5.9.61.101 - - [29/Nov/2021:07:51:09 +0100] "GET /metal-plate-deco-p-56118.html HTTP/1.0" 200 73724 "-" "Mozilla/5.0 (compatible; MJ12bot/v1.4.8; http://mj12bot.com/)"
5.9.61.101 - - [29/Nov/2021:07:51:13 +0100] "GET /metal-tin-for-tea-capacity-250-gr-p-52986.html HTTP/1.0" 301 74116 "-" "Mozilla/5.0 (compatible; MJ12bot/v1.4.8; http://mj12bot.com/)"
5.9.61.101 - - [29/Nov/2021:07:51:15 +0100] "GET /metal-capacity-p-52986.html HTTP/1.0" 200 74035 "-" "Mozilla/5.0 (compatible; MJ12bot/v1.4.8; http://mj12bot.com/)"
5.9.61.101 - - [29/Nov/2021:07:51:20 +0100] "GET /mickal-statue-in-polyresin-22-cm-p-51746.html HTTP/1.0" 301 74254 "-" "Mozilla/5.0 (compatible; MJ12bot/v1.4.8; http://mj12bot.com/)"
5.9.61.101 - - [29/Nov/2021:07:51:22 +0100] "GET /mickal-statue-polyresin-p-51746.html HTTP/1.0" 200 74164 "-" "Mozilla/5.0 (compatible; MJ12bot/v1.4.8; http://mj12bot.com/)"
5.9.61.101 - - [29/Nov/2021:07:51:25 +0100] "GET /mickal-statue-in-polyresin-23-cm-p-51746.html HTTP/1.0" 301 74254 "-" "Mozilla/5.0 (compatible; MJ12bot/v1.4.8; http://mj12bot.com/)"
5.9.61.101 - - [29/Nov/2021:07:51:27 +0100] "GET /mickal-statue-polyresin-p-51746.html HTTP/1.0" 200 74164 "-" "Mozilla/5.0 (compatible; MJ12bot/v1.4.8; http://mj12bot.com/)"
5.9.61.101 - - [29/Nov/2021:07:51:30 +0100] "GET /mickal-statue-polyresin-p-51746.html HTTP/1.0" 200 74164 "-" "Mozilla/5.0 (compatible; MJ12bot/v1.4.8; http://mj12bot.com/)"
5.9.61.101 - - [29/Nov/2021:07:51:33 +0100] "GET /mickey-and-minnie-wedding-figurine-disney-traditions-p-47685.html HTTP/1.0" 301 74667 "-" "Mozilla/5.0 (compatible; MJ12bot/v1.4.8; http://mj12bot.com/)"
5.9.61.101 - - [29/Nov/2021:07:51:35 +0100] "GET /mickey-minnie-wedding-figurine-disney-traditions-p-47685.html HTTP/1.0" 200 74552 "-" "Mozilla/5.0 (compatible; MJ12bot/v1.4.8; http://mj12bot.com/)"
5.9.61.101 - - [29/Nov/2021:07:51:40 +0100] "GET /mickey-minnie-wedding-figurine-disney-traditions-p-47685.html HTTP/1.0" 200 74552 "-" "Mozilla/5.0 (compatible; MJ12bot/v1.4.8; http://mj12bot.com/)"
5.9.61.101 - - [29/Nov/2021:07:51:43 +0100] "GET /mini-earth-globe-decoration-p-50873.html HTTP/1.0" 200 74099 "-" "Mozilla/5.0 (compatible; MJ12bot/v1.4.8; http://mj12bot.com/)"
5.9.61.101 - - [29/Nov/2021:07:51:45 +0100] "GET /mini-luxy-ceramic-planter-green-p-55327.html HTTP/1.0" 200 73983 "-" "Mozilla/5.0 (compatible; MJ12bot/v1.4.8; http://mj12bot.com/)"
114.119.128.34 - - [29/Nov/2021:07:51:47 +0100] "GET /olympique-marseille-black-bowl-p-38006.html HTTP/1.0" 200 73244 "-" "Mozilla/5.0 (Linux; Android 7.0;) AppleWebKit/537.36 (KHTML, like Gecko) Mobile Safari/537.36 (compatible; PetalBot;+https://webmaster.petalsearch.com/site/petalbot)"
5.9.61.101 - - [29/Nov/2021:07:51:48 +0100] "GET /mini-trays-c-12_159_260.html?page=7 HTTP/1.0" 200 86793 "-" "Mozilla/5.0 (compatible; MJ12bot/v1.4.8; http://mj12bot.com/)"
5.9.61.101 - - [29/Nov/2021:07:51:52 +0100] "GET /mini-trays-c-260.html HTTP/1.0" 301 92537 "-" "Mozilla/5.0 (compatible; MJ12bot/v1.4.8; http://mj12bot.com/)"
5.9.61.101 - - [29/Nov/2021:07:51:55 +0100] "GET /mini-trays-c-12_159_260.html HTTP/1.0" 200 92662 "-" "Mozilla/5.0 (compatible; MJ12bot/v1.4.8; http://mj12bot.com/)"
5.9.61.101 - - [29/Nov/2021:07:51:58 +0100] "GET /mini-trolley-p-49044.html HTTP/1.0" 200 73868 "-" "Mozilla/5.0 (compatible; MJ12bot/v1.4.8; http://mj12bot.com/)"
5.9.61.101 - - [29/Nov/2021:07:52:01 +0100] "GET /mini-wooden-side-table-flower-life-p-56154.html HTTP/1.0" 200 74891 "-" "Mozilla/5.0 (compatible; MJ12bot/v1.4.8; http://mj12bot.com/)"
5.9.61.101 - - [29/Nov/2021:07:52:03 +0100] "GET /mini-wooden-side-table-tree-life-p-56156.html HTTP/1.0" 200 74857 "-" "Mozilla/5.0 (compatible; MJ12bot/v1.4.8; http://mj12bot.com/)"
5.9.61.101 - - [29/Nov/2021:07:52:08 +0100] "GET /minnie-mouse-large-disney-suitcase-p-31213.html HTTP/1.0" 301 70631 "-" "Mozilla/5.0 (compatible; MJ12bot/v1.4.8; http://mj12bot.com/)"
5.9.61.101 - - [29/Nov/2021:07:52:10 +0100] "GET /-p-31213.html HTTP/1.0" 200 70564 "-" "Mozilla/5.0 (compatible; MJ12bot/v1.4.8; http://mj12bot.com/)"
5.9.61.101 - - [29/Nov/2021:07:52:13 +0100] "GET /mirror-c-13_133.html?page=7 HTTP/1.0" 200 89676 "-" "Mozilla/5.0 (compatible; MJ12bot/v1.4.8; http://mj12bot.com/)"
5.9.61.101 - - [29/Nov/2021:07:52:17 +0100] "GET /mirror-structure-golden-curved-discs-p-49681.html HTTP/1.0" 200 73434 "-" "Mozilla/5.0 (compatible; MJ12bot/v1.4.8; http://mj12bot.com/)"
5.9.61.101 - - [29/Nov/2021:07:52:20 +0100] "GET /mirrors-with-floral-inspiration-p-52925.html HTTP/1.0" 200 73452 "-" "Mozilla/5.0 (compatible; MJ12bot/v1.4.8; http://mj12bot.com/)"
5.9.61.101 - - [29/Nov/2021:07:52:23 +0100] "GET /miss-mindy-sally-vinyl-figurine-p-50671.html HTTP/1.0" 200 73841 "-" "Mozilla/5.0 (compatible; MJ12bot/v1.4.8; http://mj12bot.com/)"
5.9.61.101 - - [29/Nov/2021:07:52:26 +0100] "GET /mobile-trees-and-leaves-in-rusty-metal-p-49498.html HTTP/1.0" 301 74053 "-" "Mozilla/5.0 (compatible; MJ12bot/v1.4.8; http://mj12bot.com/)"
5.9.61.101 - - [29/Nov/2021:07:52:28 +0100] "GET /mobile-trees-leaves-rusty-metal-p-49498.html HTTP/1.0" 200 73955 "-" "Mozilla/5.0 (compatible; MJ12bot/v1.4.8; http://mj12bot.com/)"
185.191.171.34 - - [29/Nov/2021:07:52:31 +0100] "GET /car-papers-holder-indian-spirit-14-cm-dark-brown-p-42943.html HTTP/1.0" 301 73566 "-" "Mozilla/5.0 (compatible; SemrushBot/7~bl; +http://www.semrush.com/bot.html)"
5.9.61.101 - - [29/Nov/2021:07:52:31 +0100] "GET /mobile-trees-leaves-rusty-metal-p-49498.html HTTP/1.0" 200 73955 "-" "Mozilla/5.0 (compatible; MJ12bot/v1.4.8; http://mj12bot.com/)"
185.191.171.11 - - [29/Nov/2021:07:52:33 +0100] "GET /papers-holder-indian-spirit-dark-brown-p-42943.html HTTP/1.0" 200 73461 "-" "Mozilla/5.0 (compatible; SemrushBot/7~bl; +http://www.semrush.com/bot.html)"
5.9.61.101 - - [29/Nov/2021:07:52:35 +0100] "GET /mode-cocooning-water-bottle-p-56133.html HTTP/1.0" 200 73989 "-" "Mozilla/5.0 (compatible; MJ12bot/v1.4.8; http://mj12bot.com/)"
5.9.61.101 - - [29/Nov/2021:07:52:38 +0100] "GET /model-fergy-christy-jewelry-p-38775.html HTTP/1.0" 200 70684 "-" "Mozilla/5.0 (compatible; MJ12bot/v1.4.8; http://mj12bot.com/)"
5.9.61.101 - - [29/Nov/2021:07:52:40 +0100] "GET /motorcycle-decorative-surfboard-on-yellow-background-p-49486.html HTTP/1.0" 301 70872 "-" "Mozilla/5.0 (compatible; MJ12bot/v1.4.8; http://mj12bot.com/)"
5.9.61.101 - - [29/Nov/2021:07:52:42 +0100] "GET /motorcycle-decorative-surfboard-yellow-background-p-49486.html HTTP/1.0" 200 70756 "-" "Mozilla/5.0 (compatible; MJ12bot/v1.4.8; http://mj12bot.com/)"
5.9.61.101 - - [29/Nov/2021:07:52:56 +0100] "GET /motorcycle-decorative-surfboard-yellow-background-p-49486.html HTTP/1.0" 200 70756 "-" "Mozilla/5.0 (compatible; MJ12bot/v1.4.8; http://mj12bot.com/)"
216.244.66.242 - - [29/Nov/2021:07:52:58 +0100] "GET /robots.txt HTTP/1.0" 200 245 "-" "Mozilla/5.0 (compatible; DotBot/1.2; +https://opensiteexplorer.org/dotbot; help@moz.com)"
5.9.61.101 - - [29/Nov/2021:07:53:06 +0100] "GET /moules-gateaux-et-glacons-c-12_246.html HTTP/1.0" 301 85615 "-" "Mozilla/5.0 (compatible; MJ12bot/v1.4.8; http://mj12bot.com/)"
5.9.61.101 - - [29/Nov/2021:07:53:13 +0100] "GET /cake-molds-cube-molds-c-246.html HTTP/1.0" 301 85514 "-" "Mozilla/5.0 (compatible; MJ12bot/v1.4.8; http://mj12bot.com/)"
5.9.61.101 - - [29/Nov/2021:07:53:18 +0100] "GET /cake-molds-cube-molds-c-12_246.html HTTP/1.0" 200 85529 "-" "Mozilla/5.0 (compatible; MJ12bot/v1.4.8; http://mj12bot.com/)"
185.191.171.37 - - [29/Nov/2021:07:53:21 +0100] "GET /tetsubin-red-teapot-japanese-07-liter-p-47381.html HTTP/1.0" 301 70787 "-" "Mozilla/5.0 (compatible; SemrushBot/7~bl; +http://www.semrush.com/bot.html)"
185.191.171.2 - - [29/Nov/2021:07:53:23 +0100] "GET /tetsubin-teapot-japanese-liter-p-47381.html HTTP/1.0" 200 70690 "-" "Mozilla/5.0 (compatible; SemrushBot/7~bl; +http://www.semrush.com/bot.html)"
5.9.61.101 - - [29/Nov/2021:07:53:27 +0100] "GET /moules-gteaux-glaons-c-12_246.html HTTP/1.0" 301 85615 "-" "Mozilla/5.0 (compatible; MJ12bot/v1.4.8; http://mj12bot.com/)"
5.9.61.101 - - [29/Nov/2021:07:53:32 +0100] "GET /cake-molds-cube-molds-c-246.html HTTP/1.0" 301 85514 "-" "Mozilla/5.0 (compatible; MJ12bot/v1.4.8; http://mj12bot.com/)"
5.9.61.101 - - [29/Nov/2021:07:53:39 +0100] "GET /cake-molds-cube-molds-c-12_246.html HTTP/1.0" 200 85529 "-" "Mozilla/5.0 (compatible; MJ12bot/v1.4.8; http://mj12bot.com/)"
5.9.61.101 - - [29/Nov/2021:07:53:45 +0100] "GET /mustached-bowl-p-36409.html HTTP/1.0" 200 70637 "-" "Mozilla/5.0 (compatible; MJ12bot/v1.4.8; http://mj12bot.com/)"
5.9.61.101 - - [29/Nov/2021:07:53:53 +0100] "GET /nice-black-p-38277.html HTTP/1.0" 200 70629 "-" "Mozilla/5.0 (compatible; MJ12bot/v1.4.8; http://mj12bot.com/)"
66.249.93.249 - - [29/Nov/2021:07:53:58 +0100] "GET /images/big_prod_1/3453131158992a.jpg HTTP/1.0" 200 271 "-" "Mozilla/5.0 (Windows NT 5.1; rv:11.0) Gecko Firefox/11.0 (via ggpht.com GoogleImageProxy)"
5.9.61.101 - - [29/Nov/2021:07:53:58 +0100] "GET /nice-glasses-p-38278.html HTTP/1.0" 200 70662 "-" "Mozilla/5.0 (compatible; MJ12bot/v1.4.8; http://mj12bot.com/)"
185.191.171.34 - - [29/Nov/2021:07:54:04 +0100] "GET /raspberry-donut-necklace-p-15327.html?action=add_product HTTP/1.0" 302 476 "-" "Mozilla/5.0 (compatible; SemrushBot/7~bl; +http://www.semrush.com/bot.html)"
5.9.61.101 - - [29/Nov/2021:07:54:06 +0100] "GET /nice-p-38285.html HTTP/1.0" 200 70599 "-" "Mozilla/5.0 (compatible; MJ12bot/v1.4.8; http://mj12bot.com/)"
5.9.61.101 - - [29/Nov/2021:07:54:14 +0100] "GET /nice-p-38287.html HTTP/1.0" 200 70599 "-" "Mozilla/5.0 (compatible; MJ12bot/v1.4.8; http://mj12bot.com/)"
185.191.171.40 - - [29/Nov/2021:07:54:16 +0100] "GET /art-hearts-moon-and-stars-p-39364.html HTTP/1.0" 301 70631 "-" "Mozilla/5.0 (compatible; SemrushBot/7~bl; +http://www.semrush.com/bot.html)"
5.9.61.101 - - [29/Nov/2021:07:54:19 +0100] "GET /nice-p-38289.html HTTP/1.0" 200 70599 "-" "Mozilla/5.0 (compatible; MJ12bot/v1.4.8; http://mj12bot.com/)"
185.191.171.37 - - [29/Nov/2021:07:54:19 +0100] "GET /-p-39364.html HTTP/1.0" 200 70564 "-" "Mozilla/5.0 (compatible; SemrushBot/7~bl; +http://www.semrush.com/bot.html)"
5.9.61.101 - - [29/Nov/2021:07:54:25 +0100] "GET /nightlight-yellow-stuart-despicable-p-33707.html HTTP/1.0" 200 70708 "-" "Mozilla/5.0 (compatible; MJ12bot/v1.4.8; http://mj12bot.com/)"
5.9.61.101 - - [29/Nov/2021:07:54:27 +0100] "GET /nippon-doll-cosmetic-pouch-p-26866.html HTTP/1.0" 200 73479 "-" "Mozilla/5.0 (compatible; MJ12bot/v1.4.8; http://mj12bot.com/)"
185.191.171.1 - - [29/Nov/2021:07:54:30 +0100] "GET /japan-mouse-cbkreation-p-28460.html?action=add_product HTTP/1.0" 302 476 "-" "Mozilla/5.0 (compatible; SemrushBot/7~bl; +http://www.semrush.com/bot.html)"
5.9.61.101 - - [29/Nov/2021:07:54:30 +0100] "GET /norway-ecru-bedclothes-p-51595.html HTTP/1.0" 200 73338 "-" "Mozilla/5.0 (compatible; MJ12bot/v1.4.8; http://mj12bot.com/)"
5.9.61.101 - - [29/Nov/2021:07:54:32 +0100] "GET /oiler-vinegar-metal-basket-p-45617.html HTTP/1.0" 200 73342 "-" "Mozilla/5.0 (compatible; MJ12bot/v1.4.8; http://mj12bot.com/)"
5.9.61.101 - - [29/Nov/2021:07:54:36 +0100] "GET /open-light-decoration-p-52230.html HTTP/1.0" 200 70660 "-" "Mozilla/5.0 (compatible; MJ12bot/v1.4.8; http://mj12bot.com/)"
5.9.61.101 - - [29/Nov/2021:07:54:38 +0100] "GET /orange-lama-with-endless-knott-p-45358.html HTTP/1.0" 200 73651 "-" "Mozilla/5.0 (compatible; MJ12bot/v1.4.8; http://mj12bot.com/)"
5.9.61.101 - - [29/Nov/2021:07:54:40 +0100] "GET /orange-pocket-warmer-peux-trop-froid-p-56151.html HTTP/1.0" 200 74325 "-" "Mozilla/5.0 (compatible; MJ12bot/v1.4.8; http://mj12bot.com/)"
114.119.128.40 - - [29/Nov/2021:07:54:41 +0100] "GET /images/4036113307220.jpg HTTP/1.0" 200 259 "-" "Mozilla/5.0 (Linux; Android 7.0;) AppleWebKit/537.36 (KHTML, like Gecko) Mobile Safari/537.36 (compatible; PetalBot;+https://webmaster.petalsearch.com/site/petalbot)"
5.9.61.101 - - [29/Nov/2021:07:54:43 +0100] "GET /oreiller-traversin-c-11_199.html HTTP/1.0" 301 81805 "-" "Mozilla/5.0 (compatible; MJ12bot/v1.4.8; http://mj12bot.com/)"
5.9.61.101 - - [29/Nov/2021:07:54:45 +0100] "GET /pillow-bolster-c-199.html HTTP/1.0" 301 81686 "-" "Mozilla/5.0 (compatible; MJ12bot/v1.4.8; http://mj12bot.com/)"
5.9.61.101 - - [29/Nov/2021:07:54:48 +0100] "GET /pillow-bolster-c-11_199.html HTTP/1.0" 200 81726 "-" "Mozilla/5.0 (compatible; MJ12bot/v1.4.8; http://mj12bot.com/)"
5.9.61.101 - - [29/Nov/2021:07:54:52 +0100] "GET /organiseur-gorjuss-autumn-leaves-144-116-13-cm-p-49481.html HTTP/1.0" 301 75290 "-" "Mozilla/5.0 (compatible; MJ12bot/v1.4.8; http://mj12bot.com/)"
5.9.61.101 - - [29/Nov/2021:07:54:54 +0100] "GET /gorjuss-daily-planner-autumn-leaves-p-49481.html HTTP/1.0" 200 75188 "-" "Mozilla/5.0 (compatible; MJ12bot/v1.4.8; http://mj12bot.com/)"
54.36.149.106 - - [29/Nov/2021:07:54:55 +0100] "GET /red-fitted-sheet-p-27507.html HTTP/1.0" 301 73784 "-" "Mozilla/5.0 (compatible; AhrefsBot/7.0; +http://ahrefs.com/robot/)"
5.9.61.101 - - [29/Nov/2021:07:54:57 +0100] "GET /ornement-de-sapin-boules-de-nol-c-13_271.html HTTP/1.0" 301 91400 "-" "Mozilla/5.0 (compatible; MJ12bot/v1.4.8; http://mj12bot.com/)"
207.46.13.202 - - [29/Nov/2021:07:54:58 +0100] "GET /collectible-figurines-decorative-c-13_135.html HTTP/1.0" 200 96191 "-" "Mozilla/5.0 (compatible; bingbot/2.0; +http://www.bing.com/bingbot.htm)"
5.9.61.101 - - [29/Nov/2021:07:54:59 +0100] "GET /christmas-tree-ornament-christmas-balls-c-271.html HTTP/1.0" 301 91277 "-" "Mozilla/5.0 (compatible; MJ12bot/v1.4.8; http://mj12bot.com/)"
5.9.61.101 - - [29/Nov/2021:07:55:01 +0100] "GET /christmas-tree-ornament-christmas-balls-c-13_271.html HTTP/1.0" 200 91296 "-" "Mozilla/5.0 (compatible; MJ12bot/v1.4.8; http://mj12bot.com/)"
5.9.61.101 - - [29/Nov/2021:07:55:04 +0100] "GET /ornement-sapin-boules-c-13_271.html HTTP/1.0" 301 91400 "-" "Mozilla/5.0 (compatible; MJ12bot/v1.4.8; http://mj12bot.com/)"
5.9.61.101 - - [29/Nov/2021:07:55:07 +0100] "GET /christmas-tree-ornament-christmas-balls-c-271.html HTTP/1.0" 301 91277 "-" "Mozilla/5.0 (compatible; MJ12bot/v1.4.8; http://mj12bot.com/)"
157.55.39.228 - - [29/Nov/2021:07:55:08 +0100] "GET /images/big_prod/8427148033615.jpg HTTP/1.0" 200 268 "-" "Mozilla/5.0 (compatible; bingbot/2.0; +http://www.bing.com/bingbot.htm)"
5.9.61.101 - - [29/Nov/2021:07:55:10 +0100] "GET /christmas-tree-ornament-christmas-balls-c-13_271.html HTTP/1.0" 200 91296 "-" "Mozilla/5.0 (compatible; MJ12bot/v1.4.8; http://mj12bot.com/)"
5.9.61.101 - - [29/Nov/2021:07:55:15 +0100] "GET /ottomans-and-storage-ottomans-c-209.html HTTP/1.0" 301 90073 "-" "Mozilla/5.0 (compatible; MJ12bot/v1.4.8; http://mj12bot.com/)"
5.9.61.101 - - [29/Nov/2021:07:55:18 +0100] "GET /ottomans-storage-ottomans-c-13_209.html HTTP/1.0" 200 90106 "-" "Mozilla/5.0 (compatible; MJ12bot/v1.4.8; http://mj12bot.com/)"
5.9.61.101 - - [29/Nov/2021:07:55:21 +0100] "GET /our-lady-of-ftima-prayer-candle-novena-p-44458.html HTTP/1.0" 301 74167 "-" "Mozilla/5.0 (compatible; MJ12bot/v1.4.8; http://mj12bot.com/)"
5.9.61.101 - - [29/Nov/2021:07:55:24 +0100] "GET /lady-ftima-prayer-candle-novena-p-44458.html HTTP/1.0" 200 74069 "-" "Mozilla/5.0 (compatible; MJ12bot/v1.4.8; http://mj12bot.com/)"
5.9.61.101 - - [29/Nov/2021:07:55:26 +0100] "GET /owl-shopping-bag-p-45440.html HTTP/1.0" 301 70677 "-" "Mozilla/5.0 (compatible; MJ12bot/v1.4.8; http://mj12bot.com/)"
5.9.61.101 - - [29/Nov/2021:07:55:29 +0100] "GET /shopping-p-45440.html HTTP/1.0" 200 70602 "-" "Mozilla/5.0 (compatible; MJ12bot/v1.4.8; http://mj12bot.com/)"
5.9.61.101 - - [29/Nov/2021:07:55:31 +0100] "GET /pair-socks-betty-boop-size-p-46851.html HTTP/1.0" 200 70739 "-" "Mozilla/5.0 (compatible; MJ12bot/v1.4.8; http://mj12bot.com/)"
5.9.61.101 - - [29/Nov/2021:07:55:35 +0100] "GET /panda-jewelry-holder-statuette-p-56163.html HTTP/1.0" 200 74021 "-" "Mozilla/5.0 (compatible; MJ12bot/v1.4.8; http://mj12bot.com/)"
5.9.61.101 - - [29/Nov/2021:07:55:37 +0100] "GET /panda-paris-large-bowl-p-45610.html HTTP/1.0" 200 70674 "-" "Mozilla/5.0 (compatible; MJ12bot/v1.4.8; http://mj12bot.com/)"
5.9.61.101 - - [29/Nov/2021:07:55:41 +0100] "GET /panel-hook-hooks-with-slate-quote-p-47994.html HTTP/1.0" 200 74231 "-" "Mozilla/5.0 (compatible; MJ12bot/v1.4.8; http://mj12bot.com/)"
5.9.61.101 - - [29/Nov/2021:07:55:43 +0100] "GET /pansy-over-cotton-towel-p-55470.html HTTP/1.0" 200 73459 "-" "Mozilla/5.0 (compatible; MJ12bot/v1.4.8; http://mj12bot.com/)"
5.9.61.101 - - [29/Nov/2021:07:55:47 +0100] "GET /pansy-over-fine-bone-china-bowl-p-55476.html HTTP/1.0" 200 73399 "-" "Mozilla/5.0 (compatible; MJ12bot/v1.4.8; http://mj12bot.com/)"
5.9.61.101 - - [29/Nov/2021:07:55:50 +0100] "GET /paperweight-c-129_188.html?page=1 HTTP/1.0" 200 90902 "-" "Mozilla/5.0 (compatible; MJ12bot/v1.4.8; http://mj12bot.com/)"
5.9.61.101 - - [29/Nov/2021:07:55:52 +0100] "GET /paperweight-c-129_188.html?page=3 HTTP/1.0" 200 91933 "-" "Mozilla/5.0 (compatible; MJ12bot/v1.4.8; http://mj12bot.com/)"
5.9.61.101 - - [29/Nov/2021:07:55:55 +0100] "GET /paperweight-c-129_188.html?page=5 HTTP/1.0" 200 86820 "-" "Mozilla/5.0 (compatible; MJ12bot/v1.4.8; http://mj12bot.com/)"
5.9.61.101 - - [29/Nov/2021:07:55:58 +0100] "GET /paperweight-great-wave-kanagawa-hokusai-p-53518.html HTTP/1.0" 200 74369 "-" "Mozilla/5.0 (compatible; MJ12bot/v1.4.8; http://mj12bot.com/)"
5.9.61.101 - - [29/Nov/2021:07:56:02 +0100] "GET /paperweight-magpie-magnolia-koson-p-55505.html HTTP/1.0" 200 74474 "-" "Mozilla/5.0 (compatible; MJ12bot/v1.4.8; http://mj12bot.com/)"
5.9.61.101 - - [29/Nov/2021:07:56:06 +0100] "GET /paperweight-magritte-p-53520.html HTTP/1.0" 200 74607 "-" "Mozilla/5.0 (compatible; MJ12bot/v1.4.8; http://mj12bot.com/)"
185.191.171.15 - - [29/Nov/2021:07:56:06 +0100] "GET /cats-dubout-paperweight-gros-dodo-p-33347.html?action=add_product HTTP/1.0" 302 476 "-" "Mozilla/5.0 (compatible; SemrushBot/7~bl; +http://www.semrush.com/bot.html)"
5.9.61.101 - - [29/Nov/2021:07:56:09 +0100] "GET /paperweight-sunflowers-p-54528.html HTTP/1.0" 200 73825 "-" "Mozilla/5.0 (compatible; MJ12bot/v1.4.8; http://mj12bot.com/)"
5.9.61.101 - - [29/Nov/2021:07:56:12 +0100] "GET /paperweight-water-lilies-monet-p-53516.html HTTP/1.0" 200 74254 "-" "Mozilla/5.0 (compatible; MJ12bot/v1.4.8; http://mj12bot.com/)"
5.9.61.101 - - [29/Nov/2021:07:56:14 +0100] "GET /parfum-provence-bath-soap-dish-p-47700.html HTTP/1.0" 200 73303 "-" "Mozilla/5.0 (compatible; MJ12bot/v1.4.8; http://mj12bot.com/)"
5.9.61.101 - - [29/Nov/2021:07:56:15 +0100] "GET /robots.txt HTTP/1.0" 200 245 "-" "Mozilla/5.0 (compatible; MJ12bot/v1.4.8; http://mj12bot.com/)"
5.9.61.101 - - [29/Nov/2021:07:56:17 +0100] "GET /paris-cotton-adult-black-gold-apron-p-45549.html HTTP/1.0" 200 73300 "-" "Mozilla/5.0 (compatible; MJ12bot/v1.4.8; http://mj12bot.com/)"
185.191.171.6 - - [29/Nov/2021:07:56:18 +0100] "GET /nativity-statuette-kings-shepherd-resin-p-49521.html?action=add_product HTTP/1.0" 302 476 "-" "Mozilla/5.0 (compatible; SemrushBot/7~bl; +http://www.semrush.com/bot.html)"
5.9.61.101 - - [29/Nov/2021:07:56:19 +0100] "GET /parking-only-small-metal-plate-p-37182.html HTTP/1.0" 200 73327 "-" "Mozilla/5.0 (compatible; MJ12bot/v1.4.8; http://mj12bot.com/)"
5.9.61.101 - - [29/Nov/2021:07:56:20 +0100] "GET /monster-money-box-p-28123.html HTTP/1.0" 301 70712 "-" "Mozilla/5.0 (compatible; MJ12bot/v1.4.8; http://mj12bot.com/)"
5.9.61.101 - - [29/Nov/2021:07:56:22 +0100] "GET /parrots-toucan-wall-stickers-p-53544.html HTTP/1.0" 200 74104 "-" "Mozilla/5.0 (compatible; MJ12bot/v1.4.8; http://mj12bot.com/)"
17.121.115.224 - - [29/Nov/2021:07:56:23 +0100] "GET /allen-designs-crazy-p-53200.html HTTP/1.0" 200 73345 "-" "Mozilla/5.0 (Macintosh; Intel Mac OS X 10_15_5) AppleWebKit/605.1.15 (KHTML, like Gecko) Version/13.1.1 Safari/605.1.15 (Applebot/0.1; +http://www.apple.com/go/applebot)"
5.9.61.101 - - [29/Nov/2021:07:56:24 +0100] "GET /pastis-olive-placemat-p-49718.html HTTP/1.0" 200 73208 "-" "Mozilla/5.0 (compatible; MJ12bot/v1.4.8; http://mj12bot.com/)"
5.9.61.101 - - [29/Nov/2021:07:56:27 +0100] "GET /monster-money-p-28123.html HTTP/1.0" 200 70632 "-" "Mozilla/5.0 (compatible; MJ12bot/v1.4.8; http://mj12bot.com/)"
5.9.61.101 - - [29/Nov/2021:07:56:27 +0100] "GET /pauline-charming-dekor-bedclothes-p-56927.html HTTP/1.0" 200 74099 "-" "Mozilla/5.0 (compatible; MJ12bot/v1.4.8; http://mj12bot.com/)"
185.191.171.11 - - [29/Nov/2021:07:56:28 +0100] "GET /coca-cola-small-steel-fridge-magnets-p-31626.html?action=add_product HTTP/1.0" 302 476 "-" "Mozilla/5.0 (compatible; SemrushBot/7~bl; +http://www.semrush.com/bot.html)"
49.7.20.113 - - [29/Nov/2021:07:56:29 +0100] "GET / HTTP/1.0" 200 151241 "-" "Sogou web spider/4.0(+http://www.sogou.com/docs/help/webmasters.htm#07)"
5.9.61.101 - - [29/Nov/2021:07:56:31 +0100] "GET /pearl-side-table-p-53423.html HTTP/1.0" 200 73768 "-" "Mozilla/5.0 (compatible; MJ12bot/v1.4.8; http://mj12bot.com/)"
5.9.61.101 - - [29/Nov/2021:07:56:33 +0100] "GET /pedestal-elephant-ethnic-resin-p-52333.html HTTP/1.0" 200 70674 "-" "Mozilla/5.0 (compatible; MJ12bot/v1.4.8; http://mj12bot.com/)"
5.9.61.101 - - [29/Nov/2021:07:56:35 +0100] "GET /white-ceramic-dish-little-prince-p-52500.html HTTP/1.0" 200 73251 "-" "Mozilla/5.0 (compatible; MJ12bot/v1.4.8; http://mj12bot.com/)"
5.9.61.101 - - [29/Nov/2021:07:56:35 +0100] "GET /pedestal-monkey-ethnic-resin-p-52332.html HTTP/1.0" 200 70666 "-" "Mozilla/5.0 (compatible; MJ12bot/v1.4.8; http://mj12bot.com/)"
5.9.61.101 - - [29/Nov/2021:07:56:38 +0100] "GET /pendentif-obsidienne-doree-beliere-argent-p-47788.html HTTP/1.0" 301 74293 "-" "Mozilla/5.0 (compatible; MJ12bot/v1.4.8; http://mj12bot.com/)"
5.9.61.101 - - [29/Nov/2021:07:56:41 +0100] "GET /gold-obsidian-pendant-silver-bail-p-47788.html HTTP/1.0" 200 74193 "-" "Mozilla/5.0 (compatible; MJ12bot/v1.4.8; http://mj12bot.com/)"
5.9.61.101 - - [29/Nov/2021:07:56:43 +0100] "GET /pendentifs-colliers-breloques-c-3_214.html HTTP/1.0" 301 90649 "-" "Mozilla/5.0 (compatible; MJ12bot/v1.4.8; http://mj12bot.com/)"
5.9.61.101 - - [29/Nov/2021:07:56:45 +0100] "GET /pendants-necklaces-c-214.html HTTP/1.0" 301 90539 "-" "Mozilla/5.0 (compatible; MJ12bot/v1.4.8; http://mj12bot.com/)"
5.9.61.101 - - [29/Nov/2021:07:56:48 +0100] "GET /pendants-necklaces-c-3_214.html HTTP/1.0" 200 90566 "-" "Mozilla/5.0 (compatible; MJ12bot/v1.4.8; http://mj12bot.com/)"
5.9.61.101 - - [29/Nov/2021:07:56:51 +0100] "GET /pendentifs-colliers-et-breloques-c-3_214.html HTTP/1.0" 301 90649 "-" "Mozilla/5.0 (compatible; MJ12bot/v1.4.8; http://mj12bot.com/)"
5.9.61.101 - - [29/Nov/2021:07:56:54 +0100] "GET /pendants-necklaces-c-214.html HTTP/1.0" 301 90539 "-" "Mozilla/5.0 (compatible; MJ12bot/v1.4.8; http://mj12bot.com/)"
5.9.61.101 - - [29/Nov/2021:07:56:56 +0100] "GET /pendants-necklaces-c-3_214.html HTTP/1.0" 200 90566 "-" "Mozilla/5.0 (compatible; MJ12bot/v1.4.8; http://mj12bot.com/)"
185.191.171.35 - - [29/Nov/2021:07:56:57 +0100] "GET /magritte-homme-au-chapeau-melon-15-cm-p-43673.html HTTP/1.0" 301 74370 "-" "Mozilla/5.0 (compatible; SemrushBot/7~bl; +http://www.semrush.com/bot.html)"
5.9.61.101 - - [29/Nov/2021:07:56:58 +0100] "GET /pendulum-rose-quartz-drop-shaped-with-flower-of-life-p-43797.html HTTP/1.0" 301 74615 "-" "Mozilla/5.0 (compatible; MJ12bot/v1.4.8; http://mj12bot.com/)"
185.191.171.38 - - [29/Nov/2021:07:56:59 +0100] "GET /magritte-homme-chapeau-melon-p-43673.html HTTP/1.0" 200 74275 "-" "Mozilla/5.0 (compatible; SemrushBot/7~bl; +http://www.semrush.com/bot.html)"
5.9.61.101 - - [29/Nov/2021:07:57:01 +0100] "GET /pendulum-rose-quartz-drop-shaped-with-flower-life-p-43797.html HTTP/1.0" 200 74499 "-" "Mozilla/5.0 (compatible; MJ12bot/v1.4.8; http://mj12bot.com/)"
5.9.61.101 - - [29/Nov/2021:07:57:03 +0100] "GET /pepe-jeans-beige-card-holder-p-38144.html HTTP/1.0" 200 70666 "-" "Mozilla/5.0 (compatible; MJ12bot/v1.4.8; http://mj12bot.com/)"
5.9.61.101 - - [29/Nov/2021:07:57:08 +0100] "GET /pepe-jeans-brown-leather-wallet-p-38143.html HTTP/1.0" 200 70710 "-" "Mozilla/5.0 (compatible; MJ12bot/v1.4.8; http://mj12bot.com/)"
5.9.61.101 - - [29/Nov/2021:07:57:10 +0100] "GET /pepe-jeans-leather-wallet-black-p-38148.html HTTP/1.0" 200 70716 "-" "Mozilla/5.0 (compatible; MJ12bot/v1.4.8; http://mj12bot.com/)"
5.9.61.101 - - [29/Nov/2021:07:57:13 +0100] "GET /petit-prince-exupry-collection-p-55419.html HTTP/1.0" 200 73345 "-" "Mozilla/5.0 (compatible; MJ12bot/v1.4.8; http://mj12bot.com/)"
5.9.61.101 - - [29/Nov/2021:07:57:15 +0100] "GET /petsy-terracotta-planter-grey-p-55326.html HTTP/1.0" 200 73970 "-" "Mozilla/5.0 (compatible; MJ12bot/v1.4.8; http://mj12bot.com/)"
5.9.61.101 - - [29/Nov/2021:07:57:18 +0100] "GET /peux-trop-froid-water-bottle-p-56132.html HTTP/1.0" 200 74100 "-" "Mozilla/5.0 (compatible; MJ12bot/v1.4.8; http://mj12bot.com/)"
5.9.61.101 - - [29/Nov/2021:07:57:21 +0100] "GET /pillar-melt-warmer-p-51056.html HTTP/1.0" 200 70634 "-" "Mozilla/5.0 (compatible; MJ12bot/v1.4.8; http://mj12bot.com/)"
5.9.61.101 - - [29/Nov/2021:07:57:29 +0100] "GET /pillow-case-cotton-percale-threads-p-54396.html HTTP/1.0" 200 74152 "-" "Mozilla/5.0 (compatible; MJ12bot/v1.4.8; http://mj12bot.com/)"
5.9.61.101 - - [29/Nov/2021:07:57:38 +0100] "GET /pine-wood-chest-p-53538.html HTTP/1.0" 200 73950 "-" "Mozilla/5.0 (compatible; MJ12bot/v1.4.8; http://mj12bot.com/)"
5.9.61.101 - - [29/Nov/2021:07:57:43 +0100] "GET /pine-wood-chest-p-53539.html HTTP/1.0" 200 73999 "-" "Mozilla/5.0 (compatible; MJ12bot/v1.4.8; http://mj12bot.com/)"
114.119.128.34 - - [29/Nov/2021:07:57:49 +0100] "GET /sentiment-tea-towel-kitchen-towel-70-35-cm-p-43644.html HTTP/1.0" 301 74077 "-" "Mozilla/5.0 (Linux; Android 7.0;) AppleWebKit/537.36 (KHTML, like Gecko) Mobile Safari/537.36 (compatible; PetalBot;+https://webmaster.petalsearch.com/site/petalbot)"
5.9.61.101 - - [29/Nov/2021:07:57:55 +0100] "GET /pink-flamingos-shower-curtain-p-50730.html HTTP/1.0" 200 73997 "-" "Mozilla/5.0 (compatible; MJ12bot/v1.4.8; http://mj12bot.com/)"
114.119.128.34 - - [29/Nov/2021:07:57:56 +0100] "GET /sentiment-towel-kitchen-towel-p-43644.html HTTP/1.0" 200 73981 "-" "Mozilla/5.0 (Linux; Android 7.0;) AppleWebKit/537.36 (KHTML, like Gecko) Mobile Safari/537.36 (compatible; PetalBot;+https://webmaster.petalsearch.com/site/petalbot)"
5.9.61.101 - - [29/Nov/2021:07:58:02 +0100] "GET /pink-pocket-warmer-vivement-p-56150.html HTTP/1.0" 200 74195 "-" "Mozilla/5.0 (compatible; MJ12bot/v1.4.8; http://mj12bot.com/)"
185.191.171.43 - - [29/Nov/2021:07:58:05 +0100] "GET /terracota-polyester-round-chair-cushion-p-50046.html HTTP/1.0" 200 73967 "-" "Mozilla/5.0 (compatible; SemrushBot/7~bl; +http://www.semrush.com/bot.html)"
5.9.61.101 - - [29/Nov/2021:07:58:10 +0100] "GET /pitchers-and-drink-dispensers-c-243.html HTTP/1.0" 301 89909 "-" "Mozilla/5.0 (compatible; MJ12bot/v1.4.8; http://mj12bot.com/)"
5.9.61.101 - - [29/Nov/2021:07:58:16 +0100] "GET /pitchers-drink-dispensers-c-12_243.html HTTP/1.0" 200 89920 "-" "Mozilla/5.0 (compatible; MJ12bot/v1.4.8; http://mj12bot.com/)"
185.191.171.10 - - [29/Nov/2021:07:58:19 +0100] "GET /wood-metal-frame-71-71-cm-buffalo-skull-p-45870.html HTTP/1.0" 301 73483 "-" "Mozilla/5.0 (compatible; SemrushBot/7~bl; +http://www.semrush.com/bot.html)"
185.191.171.40 - - [29/Nov/2021:07:58:21 +0100] "GET /wood-metal-frame-buffalo-skull-p-45870.html HTTP/1.0" 200 73386 "-" "Mozilla/5.0 (compatible; SemrushBot/7~bl; +http://www.semrush.com/bot.html)"
5.9.61.101 - - [29/Nov/2021:07:58:24 +0100] "GET /plaid-sofa-throw-portofino-with-fringes-grey-p-47921.html HTTP/1.0" 200 74142 "-" "Mozilla/5.0 (compatible; MJ12bot/v1.4.8; http://mj12bot.com/)"
5.9.61.101 - - [29/Nov/2021:07:58:31 +0100] "GET /plaid-sofa-throw-portofino-with-fringes-p-47920.html HTTP/1.0" 200 74127 "-" "Mozilla/5.0 (compatible; MJ12bot/v1.4.8; http://mj12bot.com/)"
185.191.171.16 - - [29/Nov/2021:07:58:34 +0100] "GET /little-buddha-notebook-p-53280.html HTTP/1.0" 200 70672 "-" "Mozilla/5.0 (compatible; SemrushBot/7~bl; +http://www.semrush.com/bot.html)"
5.9.61.101 - - [29/Nov/2021:07:58:39 +0100] "GET /plush-christmas-tree-decoration-11-cm-p-49651.html HTTP/1.0" 301 73431 "-" "Mozilla/5.0 (compatible; MJ12bot/v1.4.8; http://mj12bot.com/)"
5.9.61.101 - - [29/Nov/2021:07:58:41 +0100] "GET /plush-christmas-tree-decoration-p-49651.html HTTP/1.0" 200 73333 "-" "Mozilla/5.0 (compatible; MJ12bot/v1.4.8; http://mj12bot.com/)"
5.9.61.101 - - [29/Nov/2021:07:58:44 +0100] "GET /plush-christmas-tree-decoration-p-49651.html HTTP/1.0" 200 73333 "-" "Mozilla/5.0 (compatible; MJ12bot/v1.4.8; http://mj12bot.com/)"
5.9.61.101 - - [29/Nov/2021:07:58:46 +0100] "GET /plush-keeleco-friendly-rabbit-p-55371.html HTTP/1.0" 200 74114 "-" "Mozilla/5.0 (compatible; MJ12bot/v1.4.8; http://mj12bot.com/)"
5.9.61.101 - - [29/Nov/2021:07:58:48 +0100] "GET /plush-tree-hanging-decorations-p-56119.html HTTP/1.0" 200 74031 "-" "Mozilla/5.0 (compatible; MJ12bot/v1.4.8; http://mj12bot.com/)"
5.9.61.101 - - [29/Nov/2021:07:58:50 +0100] "GET /pochette-parfume-pour-armoire-diffuseur-voiture-c-231_228.html HTTP/1.0" 301 90488 "-" "Mozilla/5.0 (compatible; MJ12bot/v1.4.8; http://mj12bot.com/)"
5.9.61.101 - - [29/Nov/2021:07:58:53 +0100] "GET /fragrance-case-cabinet-diffuser-c-228.html HTTP/1.0" 301 90361 "-" "Mozilla/5.0 (compatible; MJ12bot/v1.4.8; http://mj12bot.com/)"
5.9.61.101 - - [29/Nov/2021:07:58:55 +0100] "GET /fragrance-case-cabinet-diffuser-c-231_228.html HTTP/1.0" 200 90392 "-" "Mozilla/5.0 (compatible; MJ12bot/v1.4.8; http://mj12bot.com/)"
5.9.61.101 - - [29/Nov/2021:07:58:58 +0100] "GET /pocket-warmer-p-56144.html HTTP/1.0" 200 74039 "-" "Mozilla/5.0 (compatible; MJ12bot/v1.4.8; http://mj12bot.com/)"
5.9.61.101 - - [29/Nov/2021:07:59:00 +0100] "GET /polar-bear-pocket-warmer-p-56147.html HTTP/1.0" 200 74112 "-" "Mozilla/5.0 (compatible; MJ12bot/v1.4.8; http://mj12bot.com/)"
5.9.61.101 - - [29/Nov/2021:07:59:03 +0100] "GET /polyester-today-chair-cushion-p-54325.html HTTP/1.0" 200 73889 "-" "Mozilla/5.0 (compatible; MJ12bot/v1.4.8; http://mj12bot.com/)"
5.9.61.101 - - [29/Nov/2021:07:59:06 +0100] "GET /poncho-towels-and-bathrobes-c-72.html HTTP/1.0" 301 81626 "-" "Mozilla/5.0 (compatible; MJ12bot/v1.4.8; http://mj12bot.com/)"
5.9.61.101 - - [29/Nov/2021:07:59:09 +0100] "GET /poncho-towels-bathrobes-c-11_72.html HTTP/1.0" 200 81658 "-" "Mozilla/5.0 (compatible; MJ12bot/v1.4.8; http://mj12bot.com/)"
5.9.61.101 - - [29/Nov/2021:07:59:13 +0100] "GET /porcelain-bowl-pacha-p-54462.html HTTP/1.0" 200 73197 "-" "Mozilla/5.0 (compatible; MJ12bot/v1.4.8; http://mj12bot.com/)"
185.191.171.4 - - [29/Nov/2021:07:59:13 +0100] "GET /cuba-cork-coaster-p-40268.html HTTP/1.0" 200 73133 "-" "Mozilla/5.0 (compatible; SemrushBot/7~bl; +http://www.semrush.com/bot.html)"
66.249.75.170 - - [29/Nov/2021:07:59:15 +0100] "GET /love-london-rectangular-mirror-p-29008.html HTTP/1.0" 200 73243 "-" "Mozilla/5.0 (Linux; Android 6.0.1; Nexus 5X Build/MMB29P) AppleWebKit/537.36 (KHTML, like Gecko) Chrome/96.0.4664.45 Mobile Safari/537.36 (compatible; Googlebot/2.1; +http://www.google.com/bot.html)"
5.9.61.101 - - [29/Nov/2021:07:59:15 +0100] "GET /porcelain-pacha-p-54463.html HTTP/1.0" 200 73184 "-" "Mozilla/5.0 (compatible; MJ12bot/v1.4.8; http://mj12bot.com/)"
