192.99.36.166 - - [29/Nov/2021:11:33:58 +0100] "GET /bamboo-retro-tray-allergique-matin-p-51686.html HTTP/1.0" 200 73332 "-" "Mozilla/5.0 (compatible; MJ12bot/v1.4.8; http://mj12bot.com/)"
192.99.36.166 - - [29/Nov/2021:11:34:01 +0100] "GET /plateau-en-bambou-croissant-ou-brioche-39-cm-p-51684.html HTTP/1.0" 301 73316 "-" "Mozilla/5.0 (compatible; MJ12bot/v1.4.8; http://mj12bot.com/)"
192.99.36.166 - - [29/Nov/2021:11:34:05 +0100] "GET /bamboo-retro-tray-p-51684.html HTTP/1.0" 200 73232 "-" "Mozilla/5.0 (compatible; MJ12bot/v1.4.8; http://mj12bot.com/)"
114.119.128.40 - - [29/Nov/2021:11:34:07 +0100] "GET /images/mini_prod/3520071776484.jpg HTTP/1.0" 200 269 "-" "Mozilla/5.0 (Linux; Android 7.0;) AppleWebKit/537.36 (KHTML, like Gecko) Mobile Safari/537.36 (compatible; PetalBot;+https://webmaster.petalsearch.com/site/petalbot)"
54.36.148.0 - - [29/Nov/2021:11:34:07 +0100] "GET /marley-rectangular-mirror-p-48297.html HTTP/1.0" 200 73221 "-" "Mozilla/5.0 (compatible; AhrefsBot/7.0; +http://ahrefs.com/robot/)"
192.99.36.166 - - [29/Nov/2021:11:34:08 +0100] "GET /plateau-en-bois-307-cm-motif-mandala-peint-p-47706.html HTTP/1.0" 301 73378 "-" "Mozilla/5.0 (compatible; MJ12bot/v1.4.8; http://mj12bot.com/)"
192.99.36.166 - - [29/Nov/2021:11:34:12 +0100] "GET /round-wooden-tray-p-47706.html HTTP/1.0" 200 73294 "-" "Mozilla/5.0 (compatible; MJ12bot/v1.4.8; http://mj12bot.com/)"
192.99.36.166 - - [29/Nov/2021:11:34:17 +0100] "GET /plateau-en-bois-alma-papillons-34-24-cm-p-45521.html HTTP/1.0" 301 73471 "-" "Mozilla/5.0 (compatible; MJ12bot/v1.4.8; http://mj12bot.com/)"
192.99.36.166 - - [29/Nov/2021:11:34:22 +0100] "GET /butterflies-wooden-tray-p-45521.html HTTP/1.0" 200 73381 "-" "Mozilla/5.0 (compatible; MJ12bot/v1.4.8; http://mj12bot.com/)"
192.99.36.166 - - [29/Nov/2021:11:34:25 +0100] "GET /plateau-en-fibre-de-bambou-le-colibri-335-255-cm-p-49578.html HTTP/1.0" 301 73375 "-" "Mozilla/5.0 (compatible; MJ12bot/v1.4.8; http://mj12bot.com/)"
192.99.36.166 - - [29/Nov/2021:11:34:29 +0100] "GET /bamboo-tray-humming-bird-p-49578.html HTTP/1.0" 200 73284 "-" "Mozilla/5.0 (compatible; MJ12bot/v1.4.8; http://mj12bot.com/)"
185.191.171.23 - - [29/Nov/2021:11:34:30 +0100] "GET /blue-dragon-money-p-54838.html?action=add_product HTTP/1.0" 302 476 "-" "Mozilla/5.0 (compatible; SemrushBot/7~bl; +http://www.semrush.com/bot.html)"
192.99.36.166 - - [29/Nov/2021:11:34:32 +0100] "GET /plateau-esprit-exotique-melange-de-feuillages-tropicaux-34-cm-p-53192.html HTTP/1.0" 301 73479 "-" "Mozilla/5.0 (compatible; MJ12bot/v1.4.8; http://mj12bot.com/)"
192.99.36.166 - - [29/Nov/2021:11:34:37 +0100] "GET /round-tray-exotic-leaves-p-53192.html HTTP/1.0" 200 73388 "-" "Mozilla/5.0 (compatible; MJ12bot/v1.4.8; http://mj12bot.com/)"
192.99.36.166 - - [29/Nov/2021:11:34:42 +0100] "GET /plateau-federation-francaise-de-aperitif-rond-en-metal-33-p-53581.html HTTP/1.0" 301 74086 "-" "Mozilla/5.0 (compatible; MJ12bot/v1.4.8; http://mj12bot.com/)"
192.99.36.166 - - [29/Nov/2021:11:34:45 +0100] "GET /metal-tray-p-53581.html HTTP/1.0" 200 74009 "-" "Mozilla/5.0 (compatible; MJ12bot/v1.4.8; http://mj12bot.com/)"
192.99.36.166 - - [29/Nov/2021:11:34:51 +0100] "GET /plateau-flamants-roses-en-melamine-41-29-cm-p-45510.html HTTP/1.0" 301 73381 "-" "Mozilla/5.0 (compatible; MJ12bot/v1.4.8; http://mj12bot.com/)"
192.99.36.166 - - [29/Nov/2021:11:34:54 +0100] "GET /flamingo-tray-p-45510.html HTTP/1.0" 200 73301 "-" "Mozilla/5.0 (compatible; MJ12bot/v1.4.8; http://mj12bot.com/)"
40.77.167.66 - - [29/Nov/2021:11:35:02 +0100] "GET /images/med_prod/3453131091060.jpg HTTP/1.0" 200 268 "-" "Mozilla/5.0 (compatible; bingbot/2.0; +http://www.bing.com/bingbot.htm)"
192.99.36.166 - - [29/Nov/2021:11:35:07 +0100] "GET /plateau-lamas-amoureux-en-bambou-p-45565.html HTTP/1.0" 301 73315 "-" "Mozilla/5.0 (compatible; MJ12bot/v1.4.8; http://mj12bot.com/)"
192.99.36.166 - - [29/Nov/2021:11:35:13 +0100] "GET /lovers-lamas-tray-p-45565.html HTTP/1.0" 200 73231 "-" "Mozilla/5.0 (compatible; MJ12bot/v1.4.8; http://mj12bot.com/)"
185.191.171.45 - - [29/Nov/2021:11:35:13 +0100] "GET /vintage-ship-clock-p-47431.html HTTP/1.0" 200 70626 "-" "Mozilla/5.0 (compatible; SemrushBot/7~bl; +http://www.semrush.com/bot.html)"
192.99.36.166 - - [29/Nov/2021:11:35:19 +0100] "GET /plateau-mieux-vaut-boire-du-jaune-rond-en-metal-33-cm-p-53578.html HTTP/1.0" 301 74199 "-" "Mozilla/5.0 (compatible; MJ12bot/v1.4.8; http://mj12bot.com/)"
165.154.72.231 - - [29/Nov/2021:11:35:21 +0100] "GET /images/big_prod/1345544761390.jpg HTTP/1.0" 200 268 "-" "Mozilla/5.0 (X11; Ubuntu; Linux x86_64; rv:72.0) Gecko/20100101 Firefox/72.0"
192.99.36.166 - - [29/Nov/2021:11:35:26 +0100] "GET /boire-jaune-metal-tray-p-53578.html HTTP/1.0" 200 74110 "-" "Mozilla/5.0 (compatible; MJ12bot/v1.4.8; http://mj12bot.com/)"
54.36.149.56 - - [29/Nov/2021:11:35:27 +0100] "GET /images/big_prod/8006180200157.jpg HTTP/1.0" 200 268 "-" "Mozilla/5.0 (compatible; AhrefsBot/7.0; +http://ahrefs.com/robot/)"
66.249.75.168 - - [29/Nov/2021:11:35:33 +0100] "GET /pinko-wooden-game-bottle-opener-p-55554.html HTTP/1.0" 200 74166 "-" "Mozilla/5.0 (Linux; Android 6.0.1; Nexus 5X Build/MMB29P) AppleWebKit/537.36 (KHTML, like Gecko) Chrome/96.0.4664.45 Mobile Safari/537.36 (compatible; Googlebot/2.1; +http://www.google.com/bot.html)"
192.99.36.166 - - [29/Nov/2021:11:35:33 +0100] "GET /plateau-mojito-fort-et-vert-rond-en-metal-33-cm-p-53575.html HTTP/1.0" 301 74128 "-" "Mozilla/5.0 (compatible; MJ12bot/v1.4.8; http://mj12bot.com/)"
192.99.36.166 - - [29/Nov/2021:11:35:40 +0100] "GET /mojito-metal-tray-p-53575.html HTTP/1.0" 200 74044 "-" "Mozilla/5.0 (compatible; MJ12bot/v1.4.8; http://mj12bot.com/)"
185.191.171.17 - - [29/Nov/2021:11:35:40 +0100] "GET /wooden-wall-decoration-taurus-p-44251.html?action=add_product HTTP/1.0" 302 476 "-" "Mozilla/5.0 (compatible; SemrushBot/7~bl; +http://www.semrush.com/bot.html)"
192.99.36.166 - - [29/Nov/2021:11:35:47 +0100] "GET /plateau-oiseaux-rond-bambou-moineaux-p-56082.html HTTP/1.0" 301 74150 "-" "Mozilla/5.0 (compatible; MJ12bot/v1.4.8; http://mj12bot.com/)"
192.99.36.166 - - [29/Nov/2021:11:35:52 +0100] "GET /round-bamboo-tray-with-birds-p-56082.html HTTP/1.0" 200 74055 "-" "Mozilla/5.0 (compatible; MJ12bot/v1.4.8; http://mj12bot.com/)"
192.99.36.166 - - [29/Nov/2021:11:35:57 +0100] "GET /plateau-place-apero-rond-en-metal-33-cm-p-53580.html HTTP/1.0" 301 74206 "-" "Mozilla/5.0 (compatible; MJ12bot/v1.4.8; http://mj12bot.com/)"
192.99.36.166 - - [29/Nov/2021:11:36:05 +0100] "GET /place-apero-metal-tray-p-53580.html HTTP/1.0" 200 74117 "-" "Mozilla/5.0 (compatible; MJ12bot/v1.4.8; http://mj12bot.com/)"
192.99.36.166 - - [29/Nov/2021:11:36:15 +0100] "GET /plateau-rectangulaire-frida-khalo-branches-de-prunier-385-cm-p-49531.html HTTP/1.0" 301 73664 "-" "Mozilla/5.0 (compatible; MJ12bot/v1.4.8; http://mj12bot.com/)"
192.99.36.166 - - [29/Nov/2021:11:36:21 +0100] "GET /frida-khalo-rectangular-presentation-dish-model-p-49531.html HTTP/1.0" 200 73550 "-" "Mozilla/5.0 (compatible; MJ12bot/v1.4.8; http://mj12bot.com/)"
192.99.36.166 - - [29/Nov/2021:11:36:27 +0100] "GET /plateau-rond-bambou-hrons-p-56083.html HTTP/1.0" 301 74151 "-" "Mozilla/5.0 (compatible; MJ12bot/v1.4.8; http://mj12bot.com/)"
192.99.36.166 - - [29/Nov/2021:11:36:35 +0100] "GET /round-bamboo-tray-with-birds-p-56083.html HTTP/1.0" 200 74056 "-" "Mozilla/5.0 (compatible; MJ12bot/v1.4.8; http://mj12bot.com/)"
54.36.148.190 - - [29/Nov/2021:11:36:38 +0100] "GET /harley-davidson-genuine-clock-30-cm-p-45981.html HTTP/1.0" 301 70631 "-" "Mozilla/5.0 (compatible; AhrefsBot/7.0; +http://ahrefs.com/robot/)"
192.99.36.166 - - [29/Nov/2021:11:36:39 +0100] "GET /plateau-rond-bambou-oiseaux-p-56084.html HTTP/1.0" 301 74150 "-" "Mozilla/5.0 (compatible; MJ12bot/v1.4.8; http://mj12bot.com/)"
192.99.36.166 - - [29/Nov/2021:11:36:44 +0100] "GET /round-bamboo-tray-with-birds-p-56084.html HTTP/1.0" 200 74055 "-" "Mozilla/5.0 (compatible; MJ12bot/v1.4.8; http://mj12bot.com/)"
192.99.36.166 - - [29/Nov/2021:11:36:47 +0100] "GET /plateau-rond-bistrot-de-paris-depuis-1905-en-metal-blanc-p-47722.html HTTP/1.0" 301 70631 "-" "Mozilla/5.0 (compatible; MJ12bot/v1.4.8; http://mj12bot.com/)"
192.99.36.166 - - [29/Nov/2021:11:36:50 +0100] "GET /-p-47722.html HTTP/1.0" 200 70564 "-" "Mozilla/5.0 (compatible; MJ12bot/v1.4.8; http://mj12bot.com/)"
192.99.36.166 - - [29/Nov/2021:11:36:54 +0100] "GET /plateau-rond-bistrot-de-paris-depuis-1905-en-metal-noir-p-47721.html HTTP/1.0" 301 70631 "-" "Mozilla/5.0 (compatible; MJ12bot/v1.4.8; http://mj12bot.com/)"
185.191.171.39 - - [29/Nov/2021:11:36:56 +0100] "GET /petit-prince-exupry-collection-p-44543.html HTTP/1.0" 200 74249 "-" "Mozilla/5.0 (compatible; SemrushBot/7~bl; +http://www.semrush.com/bot.html)"
192.99.36.166 - - [29/Nov/2021:11:36:56 +0100] "GET /-p-47721.html HTTP/1.0" 200 70564 "-" "Mozilla/5.0 (compatible; MJ12bot/v1.4.8; http://mj12bot.com/)"
192.99.36.166 - - [29/Nov/2021:11:36:59 +0100] "GET /plateau-rustique-avec-poignees-bois-et-metal-45-cm-p-49699.html HTTP/1.0" 301 70753 "-" "Mozilla/5.0 (compatible; MJ12bot/v1.4.8; http://mj12bot.com/)"
192.99.36.166 - - [29/Nov/2021:11:37:01 +0100] "GET /wooden-tray-with-handles-p-49699.html HTTP/1.0" 200 70662 "-" "Mozilla/5.0 (compatible; MJ12bot/v1.4.8; http://mj12bot.com/)"
192.99.36.166 - - [29/Nov/2021:11:37:04 +0100] "GET /plateaux-et-vide-poches-c-12_159.html HTTP/1.0" 301 92326 "-" "Mozilla/5.0 (compatible; MJ12bot/v1.4.8; http://mj12bot.com/)"
192.99.36.166 - - [29/Nov/2021:11:37:08 +0100] "GET /trays-c-159.html HTTP/1.0" 301 92228 "-" "Mozilla/5.0 (compatible; MJ12bot/v1.4.8; http://mj12bot.com/)"
192.99.36.166 - - [29/Nov/2021:11:37:12 +0100] "GET /trays-c-12_159.html HTTP/1.0" 200 92256 "-" "Mozilla/5.0 (compatible; MJ12bot/v1.4.8; http://mj12bot.com/)"
192.99.36.166 - - [29/Nov/2021:11:37:15 +0100] "GET /plateaux-patins-blanc-bois-p-56051.html HTTP/1.0" 301 73552 "-" "Mozilla/5.0 (compatible; MJ12bot/v1.4.8; http://mj12bot.com/)"
114.119.134.208 - - [29/Nov/2021:11:37:17 +0100] "GET /bmw-large-metal-plate-deco-p-33723.html HTTP/1.0" 301 73300 "-" "Mozilla/5.0 (compatible;PetalBot;+https://webmaster.petalsearch.com/site/petalbot)"
192.99.36.166 - - [29/Nov/2021:11:37:18 +0100] "GET /white-patinated-wooden-trays-p-56051.html HTTP/1.0" 200 73457 "-" "Mozilla/5.0 (compatible; MJ12bot/v1.4.8; http://mj12bot.com/)"
114.119.128.39 - - [29/Nov/2021:11:37:18 +0100] "GET /%20images/big_prod/4542202653715b.jpg HTTP/1.0" 404 1308 "-" "Mozilla/5.0 (Linux; Android 7.0;) AppleWebKit/537.36 (KHTML, like Gecko) Mobile Safari/537.36 (compatible; PetalBot;+https://webmaster.petalsearch.com/site/petalbot)"
114.119.134.208 - - [29/Nov/2021:11:37:18 +0100] "GET /large-metal-plate-deco-p-33723.html HTTP/1.0" 200 73211 "-" "Mozilla/5.0 (compatible;PetalBot;+https://webmaster.petalsearch.com/site/petalbot)"
192.99.36.166 - - [29/Nov/2021:11:37:25 +0100] "GET /plateaux-ronds-c-12_159_263.html HTTP/1.0" 301 91021 "-" "Mozilla/5.0 (compatible; MJ12bot/v1.4.8; http://mj12bot.com/)"
192.99.36.166 - - [29/Nov/2021:11:37:28 +0100] "GET /round-trays-c-263.html HTTP/1.0" 301 90821 "-" "Mozilla/5.0 (compatible; MJ12bot/v1.4.8; http://mj12bot.com/)"
192.99.36.166 - - [29/Nov/2021:11:37:32 +0100] "GET /round-trays-c-12_159_263.html HTTP/1.0" 200 90945 "-" "Mozilla/5.0 (compatible; MJ12bot/v1.4.8; http://mj12bot.com/)"
192.99.36.166 - - [29/Nov/2021:11:37:34 +0100] "GET /plateaux-taille-standard-c-12_159_265.html HTTP/1.0" 301 90831 "-" "Mozilla/5.0 (compatible; MJ12bot/v1.4.8; http://mj12bot.com/)"
192.99.36.166 - - [29/Nov/2021:11:37:37 +0100] "GET /trays-medium-size-c-265.html HTTP/1.0" 301 90631 "-" "Mozilla/5.0 (compatible; MJ12bot/v1.4.8; http://mj12bot.com/)"
192.99.36.166 - - [29/Nov/2021:11:37:41 +0100] "GET /trays-medium-size-c-12_159_265.html HTTP/1.0" 200 90749 "-" "Mozilla/5.0 (compatible; MJ12bot/v1.4.8; http://mj12bot.com/)"
192.99.36.166 - - [29/Nov/2021:11:37:45 +0100] "GET /plateaux-vide-poches-c-12_159.html HTTP/1.0" 301 92326 "-" "Mozilla/5.0 (compatible; MJ12bot/v1.4.8; http://mj12bot.com/)"
192.99.36.166 - - [29/Nov/2021:11:37:47 +0100] "GET /trays-c-159.html HTTP/1.0" 301 92228 "-" "Mozilla/5.0 (compatible; MJ12bot/v1.4.8; http://mj12bot.com/)"
185.191.171.45 - - [29/Nov/2021:11:37:49 +0100] "GET /copper-bottle-hammered-p-55208.html HTTP/1.0" 200 75865 "-" "Mozilla/5.0 (compatible; SemrushBot/7~bl; +http://www.semrush.com/bot.html)"
192.99.36.166 - - [29/Nov/2021:11:37:51 +0100] "GET /trays-c-12_159.html HTTP/1.0" 200 92256 "-" "Mozilla/5.0 (compatible; MJ12bot/v1.4.8; http://mj12bot.com/)"
192.99.36.166 - - [29/Nov/2021:11:37:55 +0100] "GET /plates-and-cups-c-58.html HTTP/1.0" 301 79270 "-" "Mozilla/5.0 (compatible; MJ12bot/v1.4.8; http://mj12bot.com/)"
192.99.36.166 - - [29/Nov/2021:11:37:58 +0100] "GET /plates-cups-c-12_58.html HTTP/1.0" 200 79296 "-" "Mozilla/5.0 (compatible; MJ12bot/v1.4.8; http://mj12bot.com/)"
185.191.171.7 - - [29/Nov/2021:11:37:58 +0100] "GET /buddha-statue-polyresin-p-36731.html?action=add_product HTTP/1.0" 302 476 "-" "Mozilla/5.0 (compatible; SemrushBot/7~bl; +http://www.semrush.com/bot.html)"
192.99.36.166 - - [29/Nov/2021:11:38:02 +0100] "GET /plats-et-plats-tarte-c-12_251.html HTTP/1.0" 301 89774 "-" "Mozilla/5.0 (compatible; MJ12bot/v1.4.8; http://mj12bot.com/)"
192.99.36.166 - - [29/Nov/2021:11:38:05 +0100] "GET /dishes-dishes-c-251.html HTTP/1.0" 301 89673 "-" "Mozilla/5.0 (compatible; MJ12bot/v1.4.8; http://mj12bot.com/)"
192.99.36.166 - - [29/Nov/2021:11:38:09 +0100] "GET /dishes-dishes-c-12_251.html HTTP/1.0" 200 89696 "-" "Mozilla/5.0 (compatible; MJ12bot/v1.4.8; http://mj12bot.com/)"
192.99.36.166 - - [29/Nov/2021:11:38:12 +0100] "GET /plats-plats-tarte-c-12_251.html HTTP/1.0" 301 89774 "-" "Mozilla/5.0 (compatible; MJ12bot/v1.4.8; http://mj12bot.com/)"
192.99.36.166 - - [29/Nov/2021:11:38:14 +0100] "GET /dishes-dishes-c-251.html HTTP/1.0" 301 89673 "-" "Mozilla/5.0 (compatible; MJ12bot/v1.4.8; http://mj12bot.com/)"
192.99.36.166 - - [29/Nov/2021:11:38:17 +0100] "GET /dishes-dishes-c-12_251.html HTTP/1.0" 200 89696 "-" "Mozilla/5.0 (compatible; MJ12bot/v1.4.8; http://mj12bot.com/)"
192.99.36.166 - - [29/Nov/2021:11:38:23 +0100] "GET /polar-blankets-blankets-c-73.html HTTP/1.0" 301 91565 "-" "Mozilla/5.0 (compatible; MJ12bot/v1.4.8; http://mj12bot.com/)"
192.99.36.166 - - [29/Nov/2021:11:38:27 +0100] "GET /polar-blankets-blankets-c-11_73.html HTTP/1.0" 200 91597 "-" "Mozilla/5.0 (compatible; MJ12bot/v1.4.8; http://mj12bot.com/)"
192.99.36.166 - - [29/Nov/2021:11:38:31 +0100] "GET /porcelaine-fine-brins-muguet-p-55473.html HTTP/1.0" 301 73462 "-" "Mozilla/5.0 (compatible; MJ12bot/v1.4.8; http://mj12bot.com/)"
192.99.36.166 - - [29/Nov/2021:11:38:37 +0100] "GET /sweet-lily-fine-bone-china-p-55473.html HTTP/1.0" 200 73369 "-" "Mozilla/5.0 (compatible; MJ12bot/v1.4.8; http://mj12bot.com/)"
192.99.36.166 - - [29/Nov/2021:11:38:41 +0100] "GET /porcelaine-fine-chats-abeilles-p-55472.html HTTP/1.0" 301 73477 "-" "Mozilla/5.0 (compatible; MJ12bot/v1.4.8; http://mj12bot.com/)"
192.99.36.166 - - [29/Nov/2021:11:38:43 +0100] "GET /cats-bees-fine-bone-china-p-55472.html HTTP/1.0" 200 73385 "-" "Mozilla/5.0 (compatible; MJ12bot/v1.4.8; http://mj12bot.com/)"
192.99.36.166 - - [29/Nov/2021:11:38:52 +0100] "GET /porcelaine-fine-pied-fleurs-penses-p-55476.html HTTP/1.0" 301 73497 "-" "Mozilla/5.0 (compatible; MJ12bot/v1.4.8; http://mj12bot.com/)"
192.99.36.166 - - [29/Nov/2021:11:38:54 +0100] "GET /pansy-over-fine-bone-china-bowl-p-55476.html HTTP/1.0" 200 73399 "-" "Mozilla/5.0 (compatible; MJ12bot/v1.4.8; http://mj12bot.com/)"
192.99.36.166 - - [29/Nov/2021:11:38:58 +0100] "GET /porte-bouteille-prsentoir-seau-bires-c-12_224.html HTTP/1.0" 301 90087 "-" "Mozilla/5.0 (compatible; MJ12bot/v1.4.8; http://mj12bot.com/)"
192.99.36.166 - - [29/Nov/2021:11:39:03 +0100] "GET /bottle-holder-beer-bucket-c-224.html HTTP/1.0" 301 89986 "-" "Mozilla/5.0 (compatible; MJ12bot/v1.4.8; http://mj12bot.com/)"
185.191.171.45 - - [29/Nov/2021:11:39:03 +0100] "GET /lulu-castagnette-large-backpack-p-24716.html HTTP/1.0" 200 70678 "-" "Mozilla/5.0 (compatible; SemrushBot/7~bl; +http://www.semrush.com/bot.html)"
192.99.36.166 - - [29/Nov/2021:11:39:08 +0100] "GET /bottle-holder-beer-bucket-c-12_224.html HTTP/1.0" 200 89997 "-" "Mozilla/5.0 (compatible; MJ12bot/v1.4.8; http://mj12bot.com/)"
192.99.36.166 - - [29/Nov/2021:11:39:11 +0100] "GET /porte-c-31_52.html HTTP/1.0" 301 94341 "-" "Mozilla/5.0 (compatible; MJ12bot/v1.4.8; http://mj12bot.com/)"
17.121.115.254 - - [29/Nov/2021:11:39:20 +0100] "GET /small-postcard-plate-with-envelope-p-40127.html HTTP/1.0" 200 73441 "-" "Mozilla/5.0 (Macintosh; Intel Mac OS X 10_15_5) AppleWebKit/605.1.15 (KHTML, like Gecko) Version/13.1.1 Safari/605.1.15 (Applebot/0.1; +http://www.apple.com/go/applebot)"
192.99.36.166 - - [29/Nov/2021:11:39:25 +0100] "GET /keyrings-c-52.html HTTP/1.0" 301 94186 "-" "Mozilla/5.0 (compatible; MJ12bot/v1.4.8; http://mj12bot.com/)"
192.99.36.166 - - [29/Nov/2021:11:39:33 +0100] "GET /keyrings-c-31_52.html HTTP/1.0" 200 94269 "-" "Mozilla/5.0 (compatible; MJ12bot/v1.4.8; http://mj12bot.com/)"
52.156.93.80 - - [29/Nov/2021:11:39:34 +0100] "GET /images/med_prod/8430269235288.jpg HTTP/1.0" 200 268 "-" "Mozilla/4.0 (compatible; MSIE 7.0; Windows NT 6.0)"
185.191.171.4 - - [29/Nov/2021:11:39:35 +0100] "GET /flower-summer-collection-p-54665.html?action=add_product HTTP/1.0" 302 476 "-" "Mozilla/5.0 (compatible; SemrushBot/7~bl; +http://www.semrush.com/bot.html)"
192.99.36.166 - - [29/Nov/2021:11:39:40 +0100] "GET /porte-cartes-etuis-passeport-c-31_236.html HTTP/1.0" 301 91490 "-" "Mozilla/5.0 (compatible; MJ12bot/v1.4.8; http://mj12bot.com/)"
192.99.36.166 - - [29/Nov/2021:11:39:46 +0100] "GET /card-holders-passport-cases-c-236.html HTTP/1.0" 301 91335 "-" "Mozilla/5.0 (compatible; MJ12bot/v1.4.8; http://mj12bot.com/)"
114.119.128.26 - - [29/Nov/2021:11:39:48 +0100] "GET /images/big_prod_1/VANILLENOIRE.jpg HTTP/1.0" 200 269 "-" "Mozilla/5.0 (Linux; Android 7.0;) AppleWebKit/537.36 (KHTML, like Gecko) Mobile Safari/537.36 (compatible; PetalBot;+https://webmaster.petalsearch.com/site/petalbot)"
192.99.36.166 - - [29/Nov/2021:11:39:50 +0100] "GET /card-holders-passport-cases-c-31_236.html HTTP/1.0" 200 91398 "-" "Mozilla/5.0 (compatible; MJ12bot/v1.4.8; http://mj12bot.com/)"
192.99.36.166 - - [29/Nov/2021:11:39:53 +0100] "GET /porte-cubi-bois-copains-abord-litres-p-56140.html HTTP/1.0" 301 74100 "-" "Mozilla/5.0 (compatible; MJ12bot/v1.4.8; http://mj12bot.com/)"
185.191.171.7 - - [29/Nov/2021:11:39:54 +0100] "GET /lotus-candle-holder-in-glass-p-42829.html HTTP/1.0" 301 74436 "-" "Mozilla/5.0 (compatible; SemrushBot/7~bl; +http://www.semrush.com/bot.html)"
185.191.171.37 - - [29/Nov/2021:11:39:56 +0100] "GET /lotus-candle-holder-glass-p-42829.html HTTP/1.0" 200 74344 "-" "Mozilla/5.0 (compatible; SemrushBot/7~bl; +http://www.semrush.com/bot.html)"
192.99.36.166 - - [29/Nov/2021:11:39:58 +0100] "GET /cubi-door-wood-copains-abord-p-56140.html HTTP/1.0" 200 74005 "-" "Mozilla/5.0 (compatible; MJ12bot/v1.4.8; http://mj12bot.com/)"
192.99.36.166 - - [29/Nov/2021:11:40:04 +0100] "GET /porte-cubi-bois-copines-litres-p-56138.html HTTP/1.0" 301 74060 "-" "Mozilla/5.0 (compatible; MJ12bot/v1.4.8; http://mj12bot.com/)"
192.99.36.166 - - [29/Nov/2021:11:40:07 +0100] "GET /cubi-door-wood-copines-p-56138.html HTTP/1.0" 200 73971 "-" "Mozilla/5.0 (compatible; MJ12bot/v1.4.8; http://mj12bot.com/)"
192.99.36.166 - - [29/Nov/2021:11:40:11 +0100] "GET /porte-encens-brle-encens-c-231_229.html HTTP/1.0" 301 91138 "-" "Mozilla/5.0 (compatible; MJ12bot/v1.4.8; http://mj12bot.com/)"
192.99.36.166 - - [29/Nov/2021:11:40:16 +0100] "GET /incense-holder-incense-burner-c-229.html HTTP/1.0" 301 91007 "-" "Mozilla/5.0 (compatible; MJ12bot/v1.4.8; http://mj12bot.com/)"
192.99.36.166 - - [29/Nov/2021:11:40:21 +0100] "GET /incense-holder-incense-burner-c-231_229.html HTTP/1.0" 200 91044 "-" "Mozilla/5.0 (compatible; MJ12bot/v1.4.8; http://mj12bot.com/)"
192.99.36.166 - - [29/Nov/2021:11:40:27 +0100] "GET /porte-monnaie-c-31_76.html HTTP/1.0" 301 91305 "-" "Mozilla/5.0 (compatible; MJ12bot/v1.4.8; http://mj12bot.com/)"
192.99.36.166 - - [29/Nov/2021:11:40:31 +0100] "GET /purse-wallet-c-76.html HTTP/1.0" 301 91150 "-" "Mozilla/5.0 (compatible; MJ12bot/v1.4.8; http://mj12bot.com/)"
192.99.36.166 - - [29/Nov/2021:11:40:34 +0100] "GET /purse-wallet-c-31_76.html HTTP/1.0" 200 91229 "-" "Mozilla/5.0 (compatible; MJ12bot/v1.4.8; http://mj12bot.com/)"
54.36.148.124 - - [29/Nov/2021:11:40:34 +0100] "GET /cats-bees-fine-bone-china-p-55472.html HTTP/1.0" 200 73385 "-" "Mozilla/5.0 (compatible; AhrefsBot/7.0; +http://ahrefs.com/robot/)"
192.99.36.166 - - [29/Nov/2021:11:40:37 +0100] "GET /portefeuille-c-31_237.html HTTP/1.0" 301 91902 "-" "Mozilla/5.0 (compatible; MJ12bot/v1.4.8; http://mj12bot.com/)"
192.99.36.166 - - [29/Nov/2021:11:40:40 +0100] "GET /wallet-c-237.html HTTP/1.0" 301 91747 "-" "Mozilla/5.0 (compatible; MJ12bot/v1.4.8; http://mj12bot.com/)"
192.99.36.166 - - [29/Nov/2021:11:40:48 +0100] "GET /wallet-c-31_237.html HTTP/1.0" 200 91831 "-" "Mozilla/5.0 (compatible; MJ12bot/v1.4.8; http://mj12bot.com/)"
192.99.36.166 - - [29/Nov/2021:11:40:52 +0100] "GET /portefeuille-tout-compagnon-c-31_238.html HTTP/1.0" 301 91314 "-" "Mozilla/5.0 (compatible; MJ12bot/v1.4.8; http://mj12bot.com/)"
192.99.36.166 - - [29/Nov/2021:11:40:56 +0100] "GET /companion-wallet-c-238.html HTTP/1.0" 301 91159 "-" "Mozilla/5.0 (compatible; MJ12bot/v1.4.8; http://mj12bot.com/)"
192.99.36.166 - - [29/Nov/2021:11:40:59 +0100] "GET /companion-wallet-c-31_238.html HTTP/1.0" 200 91233 "-" "Mozilla/5.0 (compatible; MJ12bot/v1.4.8; http://mj12bot.com/)"
192.99.36.166 - - [29/Nov/2021:11:41:04 +0100] "GET /portes-ponge-c-12_256.html HTTP/1.0" 301 77834 "-" "Mozilla/5.0 (compatible; MJ12bot/v1.4.8; http://mj12bot.com/)"
192.99.36.166 - - [29/Nov/2021:11:41:08 +0100] "GET /sponge-stand-c-256.html HTTP/1.0" 301 77733 "-" "Mozilla/5.0 (compatible; MJ12bot/v1.4.8; http://mj12bot.com/)"
192.99.36.166 - - [29/Nov/2021:11:41:13 +0100] "GET /sponge-stand-c-12_256.html HTTP/1.0" 200 77757 "-" "Mozilla/5.0 (compatible; MJ12bot/v1.4.8; http://mj12bot.com/)"
192.99.36.166 - - [29/Nov/2021:11:41:17 +0100] "GET /postcard-with-envelope-anniversary-30-years-p-48851.html HTTP/1.0" 301 73522 "-" "Mozilla/5.0 (compatible; MJ12bot/v1.4.8; http://mj12bot.com/)"
192.99.36.166 - - [29/Nov/2021:11:41:24 +0100] "GET /postcard-with-envelope-anniversary-years-p-48851.html HTTP/1.0" 200 73415 "-" "Mozilla/5.0 (compatible; MJ12bot/v1.4.8; http://mj12bot.com/)"
192.99.36.166 - - [29/Nov/2021:11:41:28 +0100] "GET /postcard-with-envelope-anniversary-40-years-p-48850.html HTTP/1.0" 301 73522 "-" "Mozilla/5.0 (compatible; MJ12bot/v1.4.8; http://mj12bot.com/)"
192.99.36.166 - - [29/Nov/2021:11:41:32 +0100] "GET /postcard-with-envelope-anniversary-years-p-48850.html HTTP/1.0" 200 73415 "-" "Mozilla/5.0 (compatible; MJ12bot/v1.4.8; http://mj12bot.com/)"
192.99.36.166 - - [29/Nov/2021:11:41:35 +0100] "GET /postcard-with-envelope-cushion-cat-p-48845.html HTTP/1.0" 301 73473 "-" "Mozilla/5.0 (compatible; MJ12bot/v1.4.8; http://mj12bot.com/)"
51.68.224.127 - - [29/Nov/2021:11:41:35 +0100] "GET /adminweb/export_orders_xml.php?token=256de2z6edz6ed2z6DFSFsed2zed6zeDSFDSGdzedezfzf&maxorders=10&orderstart=1&status=14&start_date=2018-10-01 HTTP/1.0" 200 285 "-" "GesCom CharlotteBoutik Serveur"
51.68.224.127 - - [29/Nov/2021:11:41:36 +0100] "GET /adminweb/export_orders_xml.php?token=256de2z6edz6ed2z6DFSFsed2zed6zeDSFDSGdzedezfzf&maxorders=10&orderstart=1&status=6&start_date=2018-10-01 HTTP/1.0" 200 32471 "-" "GesCom CharlotteBoutik Serveur"
192.99.36.166 - - [29/Nov/2021:11:41:37 +0100] "GET /postcard-with-envelope-cushion-p-48845.html HTTP/1.0" 200 73376 "-" "Mozilla/5.0 (compatible; MJ12bot/v1.4.8; http://mj12bot.com/)"
192.99.36.166 - - [29/Nov/2021:11:41:41 +0100] "GET /postcard-with-envelope-felicitations-p-48855.html HTTP/1.0" 301 73494 "-" "Mozilla/5.0 (compatible; MJ12bot/v1.4.8; http://mj12bot.com/)"
192.99.36.166 - - [29/Nov/2021:11:41:44 +0100] "GET /postcard-with-envelope-flicitations-p-48855.html HTTP/1.0" 200 73392 "-" "Mozilla/5.0 (compatible; MJ12bot/v1.4.8; http://mj12bot.com/)"
192.99.36.166 - - [29/Nov/2021:11:41:46 +0100] "GET /posters-c-13_147.html HTTP/1.0" 301 90772 "-" "Mozilla/5.0 (compatible; MJ12bot/v1.4.8; http://mj12bot.com/)"
192.99.36.166 - - [29/Nov/2021:11:41:49 +0100] "GET /posters-stickers-wall-c-147.html HTTP/1.0" 301 90649 "-" "Mozilla/5.0 (compatible; MJ12bot/v1.4.8; http://mj12bot.com/)"
192.99.36.166 - - [29/Nov/2021:11:41:51 +0100] "GET /posters-stickers-wall-c-13_147.html HTTP/1.0" 200 90686 "-" "Mozilla/5.0 (compatible; MJ12bot/v1.4.8; http://mj12bot.com/)"
192.99.36.166 - - [29/Nov/2021:11:41:54 +0100] "GET /pot-for-flowers-boho-10-cm-p-50800.html HTTP/1.0" 301 73889 "-" "Mozilla/5.0 (compatible; MJ12bot/v1.4.8; http://mj12bot.com/)"
192.99.36.166 - - [29/Nov/2021:11:41:56 +0100] "GET /flowers-boho-p-50800.html HTTP/1.0" 200 73810 "-" "Mozilla/5.0 (compatible; MJ12bot/v1.4.8; http://mj12bot.com/)"
192.99.36.166 - - [29/Nov/2021:11:41:58 +0100] "GET /pot-for-flowers-owl-cm-p-50806.html HTTP/1.0" 301 70690 "-" "Mozilla/5.0 (compatible; MJ12bot/v1.4.8; http://mj12bot.com/)"
192.99.36.166 - - [29/Nov/2021:11:42:01 +0100] "GET /flowers-p-50806.html HTTP/1.0" 200 70616 "-" "Mozilla/5.0 (compatible; MJ12bot/v1.4.8; http://mj12bot.com/)"
192.99.36.166 - - [29/Nov/2021:11:42:03 +0100] "GET /pot-for-flowers-owl-cm-p-50807.html HTTP/1.0" 301 73261 "-" "Mozilla/5.0 (compatible; MJ12bot/v1.4.8; http://mj12bot.com/)"
82.39.59.167 - - [29/Nov/2021:11:42:04 +0100] "GET /paris-saint-germain-psg-beer-glass-p-46524.html HTTP/1.0" 301 73396 "http://www.google.com/" "Mozilla/5.0 (Linux; Android 11; SM-A526B) AppleWebKit/537.36 (KHTML, like Gecko) Chrome/96.0.4664.45 Mobile Safari/537.36"
82.39.59.167 - - [29/Nov/2021:11:42:05 +0100] "GET /paris-saint-germain-beer-glass-p-46524.html HTTP/1.0" 200 73299 "http://www.google.com/" "Mozilla/5.0 (Linux; Android 11; SM-A526B) AppleWebKit/537.36 (KHTML, like Gecko) Chrome/96.0.4664.45 Mobile Safari/537.36"
82.39.59.167 - - [29/Nov/2021:11:42:06 +0100] "GET /templates/Pixame_v1/stylesheet.css HTTP/1.0" 200 267 "http://www.wonder-geek.com/paris-saint-germain-beer-glass-p-46524.html" "Mozilla/5.0 (Linux; Android 11; SM-A526B) AppleWebKit/537.36 (KHTML, like Gecko) Chrome/96.0.4664.45 Mobile Safari/537.36"
82.39.59.167 - - [29/Nov/2021:11:42:06 +0100] "GET /highslide/highslide.js HTTP/1.0" 200 262 "http://www.wonder-geek.com/paris-saint-germain-beer-glass-p-46524.html" "Mozilla/5.0 (Linux; Android 11; SM-A526B) AppleWebKit/537.36 (KHTML, like Gecko) Chrome/96.0.4664.45 Mobile Safari/537.36"
82.39.59.167 - - [29/Nov/2021:11:42:06 +0100] "GET /js/jquery.js HTTP/1.0" 200 252 "http://www.wonder-geek.com/paris-saint-germain-beer-glass-p-46524.html" "Mozilla/5.0 (Linux; Android 11; SM-A526B) AppleWebKit/537.36 (KHTML, like Gecko) Chrome/96.0.4664.45 Mobile Safari/537.36"
82.39.59.167 - - [29/Nov/2021:11:42:06 +0100] "GET /js/jquery.jqzoom.js HTTP/1.0" 200 259 "http://www.wonder-geek.com/paris-saint-germain-beer-glass-p-46524.html" "Mozilla/5.0 (Linux; Android 11; SM-A526B) AppleWebKit/537.36 (KHTML, like Gecko) Chrome/96.0.4664.45 Mobile Safari/537.36"
82.39.59.167 - - [29/Nov/2021:11:42:06 +0100] "GET /mondial_relay/js/jquery-1.3.2.min.js HTTP/1.0" 200 276 "http://www.wonder-geek.com/paris-saint-germain-beer-glass-p-46524.html" "Mozilla/5.0 (Linux; Android 11; SM-A526B) AppleWebKit/537.36 (KHTML, like Gecko) Chrome/96.0.4664.45 Mobile Safari/537.36"
82.39.59.167 - - [29/Nov/2021:11:42:06 +0100] "GET /swfobject.js HTTP/1.0" 404 1308 "http://www.wonder-geek.com/paris-saint-germain-beer-glass-p-46524.html" "Mozilla/5.0 (Linux; Android 11; SM-A526B) AppleWebKit/537.36 (KHTML, like Gecko) Chrome/96.0.4664.45 Mobile Safari/537.36"
82.39.59.167 - - [29/Nov/2021:11:42:06 +0100] "GET /templates/Pixame_v1/images/icon_accueil2.png HTTP/1.0" 200 278 "http://www.wonder-geek.com/paris-saint-germain-beer-glass-p-46524.html" "Mozilla/5.0 (Linux; Android 11; SM-A526B) AppleWebKit/537.36 (KHTML, like Gecko) Chrome/96.0.4664.45 Mobile Safari/537.36"
82.39.59.167 - - [29/Nov/2021:11:42:06 +0100] "GET /templates/Pixame_v1/images/infobox/pixel_trans.gif HTTP/1.0" 200 328 "http://www.wonder-geek.com/paris-saint-germain-beer-glass-p-46524.html" "Mozilla/5.0 (Linux; Android 11; SM-A526B) AppleWebKit/537.36 (KHTML, like Gecko) Chrome/96.0.4664.45 Mobile Safari/537.36"
82.39.59.167 - - [29/Nov/2021:11:42:06 +0100] "GET /images/big_prod/3700516251503.jpg HTTP/1.0" 200 268 "http://www.wonder-geek.com/paris-saint-germain-beer-glass-p-46524.html" "Mozilla/5.0 (Linux; Android 11; SM-A526B) AppleWebKit/537.36 (KHTML, like Gecko) Chrome/96.0.4664.45 Mobile Safari/537.36"
82.39.59.167 - - [29/Nov/2021:11:42:06 +0100] "GET /images/pixel_trans.gif HTTP/1.0" 200 328 "http://www.wonder-geek.com/paris-saint-germain-beer-glass-p-46524.html" "Mozilla/5.0 (Linux; Android 11; SM-A526B) AppleWebKit/537.36 (KHTML, like Gecko) Chrome/96.0.4664.45 Mobile Safari/537.36"
82.39.59.167 - - [29/Nov/2021:11:42:06 +0100] "GET /templates/Pixame_v1/images/pixel_trans.gif HTTP/1.0" 200 328 "http://www.wonder-geek.com/paris-saint-germain-beer-glass-p-46524.html" "Mozilla/5.0 (Linux; Android 11; SM-A526B) AppleWebKit/537.36 (KHTML, like Gecko) Chrome/96.0.4664.45 Mobile Safari/537.36"
82.39.59.167 - - [29/Nov/2021:11:42:06 +0100] "GET /templates/Pixame_v1/images/buttons/english/button_in_cart.gif HTTP/1.0" 200 295 "http://www.wonder-geek.com/paris-saint-germain-beer-glass-p-46524.html" "Mozilla/5.0 (Linux; Android 11; SM-A526B) AppleWebKit/537.36 (KHTML, like Gecko) Chrome/96.0.4664.45 Mobile Safari/537.36"
82.39.59.167 - - [29/Nov/2021:11:42:06 +0100] "GET /templates/Pixame_v1/images/Bottom_texture.jpg HTTP/1.0" 200 280 "http://www.wonder-geek.com/templates/Pixame_v1/stylesheet.css" "Mozilla/5.0 (Linux; Android 11; SM-A526B) AppleWebKit/537.36 (KHTML, like Gecko) Chrome/96.0.4664.45 Mobile Safari/537.36"
82.39.59.167 - - [29/Nov/2021:11:42:06 +0100] "GET /templates/Pixame_v1/images/Middle_texture.jpg HTTP/1.0" 200 280 "http://www.wonder-geek.com/templates/Pixame_v1/stylesheet.css" "Mozilla/5.0 (Linux; Android 11; SM-A526B) AppleWebKit/537.36 (KHTML, like Gecko) Chrome/96.0.4664.45 Mobile Safari/537.36"
82.39.59.167 - - [29/Nov/2021:11:42:06 +0100] "GET /templates/Pixame_v1/images/header.png HTTP/1.0" 200 271 "http://www.wonder-geek.com/templates/Pixame_v1/stylesheet.css" "Mozilla/5.0 (Linux; Android 11; SM-A526B) AppleWebKit/537.36 (KHTML, like Gecko) Chrome/96.0.4664.45 Mobile Safari/537.36"
82.39.59.167 - - [29/Nov/2021:11:42:06 +0100] "GET /templates/Pixame_v1/images/nav.png HTTP/1.0" 200 268 "http://www.wonder-geek.com/templates/Pixame_v1/stylesheet.css" "Mozilla/5.0 (Linux; Android 11; SM-A526B) AppleWebKit/537.36 (KHTML, like Gecko) Chrome/96.0.4664.45 Mobile Safari/537.36"
82.39.59.167 - - [29/Nov/2021:11:42:06 +0100] "GET /templates/Pixame_v1/images/header-object.png HTTP/1.0" 200 278 "http://www.wonder-geek.com/templates/Pixame_v1/stylesheet.css" "Mozilla/5.0 (Linux; Android 11; SM-A526B) AppleWebKit/537.36 (KHTML, like Gecko) Chrome/96.0.4664.45 Mobile Safari/537.36"
82.39.59.167 - - [29/Nov/2021:11:42:06 +0100] "GET /design/productsenstock.png HTTP/1.0" 200 260 "http://www.wonder-geek.com/templates/Pixame_v1/stylesheet.css" "Mozilla/5.0 (Linux; Android 11; SM-A526B) AppleWebKit/537.36 (KHTML, like Gecko) Chrome/96.0.4664.45 Mobile Safari/537.36"
82.39.59.167 - - [29/Nov/2021:11:42:06 +0100] "GET /highslide/graphics/zoomin.cur HTTP/1.0" 200 614 "http://www.wonder-geek.com/templates/Pixame_v1/stylesheet.css" "Mozilla/5.0 (Linux; Android 11; SM-A526B) AppleWebKit/537.36 (KHTML, like Gecko) Chrome/96.0.4664.45 Mobile Safari/537.36"
82.39.59.167 - - [29/Nov/2021:11:42:06 +0100] "GET /templates/Pixame_v1/images/infobox/infobox_footer_middle.gif HTTP/1.0" 200 357 "http://www.wonder-geek.com/paris-saint-germain-beer-glass-p-46524.html" "Mozilla/5.0 (Linux; Android 11; SM-A526B) AppleWebKit/537.36 (KHTML, like Gecko) Chrome/96.0.4664.45 Mobile Safari/537.36"
114.119.135.133 - - [29/Nov/2021:11:42:06 +0100] "GET /horses-canvas-frame-p-32910.html HTTP/1.0" 200 73243 "-" "Mozilla/5.0 (compatible;PetalBot;+https://webmaster.petalsearch.com/site/petalbot)"
82.39.59.167 - - [29/Nov/2021:11:42:06 +0100] "GET /highslide/graphics/zoomout.cur HTTP/1.0" 200 614 "http://www.wonder-geek.com/paris-saint-germain-beer-glass-p-46524.html" "Mozilla/5.0 (Linux; Android 11; SM-A526B) AppleWebKit/537.36 (KHTML, like Gecko) Chrome/96.0.4664.45 Mobile Safari/537.36"
82.39.59.167 - - [29/Nov/2021:11:42:06 +0100] "GET /highslide/graphics/outlines/drop-shadow.png HTTP/1.0" 200 277 "http://www.wonder-geek.com/paris-saint-germain-beer-glass-p-46524.html" "Mozilla/5.0 (Linux; Android 11; SM-A526B) AppleWebKit/537.36 (KHTML, like Gecko) Chrome/96.0.4664.45 Mobile Safari/537.36"
82.39.59.167 - - [29/Nov/2021:11:42:06 +0100] "GET /highslide/graphics/loader.white.gif HTTP/1.0" 200 960 "http://www.wonder-geek.com/templates/Pixame_v1/stylesheet.css" "Mozilla/5.0 (Linux; Android 11; SM-A526B) AppleWebKit/537.36 (KHTML, like Gecko) Chrome/96.0.4664.45 Mobile Safari/537.36"
82.39.59.167 - - [29/Nov/2021:11:42:06 +0100] "GET /favicon.ico HTTP/1.0" 200 260 "http://www.wonder-geek.com/paris-saint-germain-beer-glass-p-46524.html" "Mozilla/5.0 (Linux; Android 11; SM-A526B) AppleWebKit/537.36 (KHTML, like Gecko) Chrome/96.0.4664.45 Mobile Safari/537.36"
192.99.36.166 - - [29/Nov/2021:11:42:06 +0100] "GET /flowers-p-50807.html HTTP/1.0" 200 73187 "-" "Mozilla/5.0 (compatible; MJ12bot/v1.4.8; http://mj12bot.com/)"
192.99.36.166 - - [29/Nov/2021:11:42:09 +0100] "GET /pots-bocaux-jarres-cookies-c-12_250.html HTTP/1.0" 301 90313 "-" "Mozilla/5.0 (compatible; MJ12bot/v1.4.8; http://mj12bot.com/)"
192.99.36.166 - - [29/Nov/2021:11:42:12 +0100] "GET /pots-cookie-jars-c-250.html HTTP/1.0" 301 90212 "-" "Mozilla/5.0 (compatible; MJ12bot/v1.4.8; http://mj12bot.com/)"
192.99.36.166 - - [29/Nov/2021:11:42:14 +0100] "GET /pots-cookie-jars-c-12_250.html HTTP/1.0" 200 90232 "-" "Mozilla/5.0 (compatible; MJ12bot/v1.4.8; http://mj12bot.com/)"
192.99.36.166 - - [29/Nov/2021:11:42:17 +0100] "GET /pouf-coussin-de-sol-en-coton-45-45-10-cm-beely-p-53570.html HTTP/1.0" 301 74185 "-" "Mozilla/5.0 (compatible; MJ12bot/v1.4.8; http://mj12bot.com/)"
192.99.36.166 - - [29/Nov/2021:11:42:19 +0100] "GET /cotton-floor-cushion-beely-p-53570.html HTTP/1.0" 200 74092 "-" "Mozilla/5.0 (compatible; MJ12bot/v1.4.8; http://mj12bot.com/)"
192.99.36.166 - - [29/Nov/2021:11:42:22 +0100] "GET /pour-barbecue-lapro-c-12_254.html HTTP/1.0" 301 90018 "-" "Mozilla/5.0 (compatible; MJ12bot/v1.4.8; http://mj12bot.com/)"
192.99.36.166 - - [29/Nov/2021:11:42:25 +0100] "GET /barbecue-aperitif-c-254.html HTTP/1.0" 301 89917 "-" "Mozilla/5.0 (compatible; MJ12bot/v1.4.8; http://mj12bot.com/)"
192.99.36.166 - - [29/Nov/2021:11:42:27 +0100] "GET /barbecue-aperitif-c-12_254.html HTTP/1.0" 200 89936 "-" "Mozilla/5.0 (compatible; MJ12bot/v1.4.8; http://mj12bot.com/)"
192.99.36.166 - - [29/Nov/2021:11:42:29 +0100] "GET /powder-candle-250-grs-la-bougie-autrement-glitter-blue-p-53077.html HTTP/1.0" 301 74419 "-" "Mozilla/5.0 (compatible; MJ12bot/v1.4.8; http://mj12bot.com/)"
114.119.128.26 - - [29/Nov/2021:11:42:30 +0100] "GET /toucan-money-green-p-47935.html HTTP/1.0" 200 73248 "-" "Mozilla/5.0 (Linux; Android 7.0;) AppleWebKit/537.36 (KHTML, like Gecko) Mobile Safari/537.36 (compatible; PetalBot;+https://webmaster.petalsearch.com/site/petalbot)"
192.99.36.166 - - [29/Nov/2021:11:42:32 +0100] "GET /powder-candle-bougie-autrement-glitter-blue-p-53077.html HTTP/1.0" 200 74309 "-" "Mozilla/5.0 (compatible; MJ12bot/v1.4.8; http://mj12bot.com/)"
192.99.36.166 - - [29/Nov/2021:11:42:35 +0100] "GET /powder-candle-250-grs-la-bougie-autrement-glitter-gold-p-53074.html HTTP/1.0" 301 74419 "-" "Mozilla/5.0 (compatible; MJ12bot/v1.4.8; http://mj12bot.com/)"
192.99.36.166 - - [29/Nov/2021:11:42:37 +0100] "GET /powder-candle-bougie-autrement-glitter-gold-p-53074.html HTTP/1.0" 200 74309 "-" "Mozilla/5.0 (compatible; MJ12bot/v1.4.8; http://mj12bot.com/)"
51.222.253.10 - - [29/Nov/2021:11:42:40 +0100] "GET /robots.txt HTTP/1.0" 200 245 "-" "Mozilla/5.0 (compatible; AhrefsBot/7.0; +http://ahrefs.com/robot/)"
192.99.36.166 - - [29/Nov/2021:11:42:40 +0100] "GET /powder-candle-250-grs-la-bougie-autrement-glitter-silver-p-53073.html HTTP/1.0" 301 74435 "-" "Mozilla/5.0 (compatible; MJ12bot/v1.4.8; http://mj12bot.com/)"
54.36.148.20 - - [29/Nov/2021:11:42:40 +0100] "GET /gorjuss-ruby-calendar-year-2017-p-36749.html HTTP/1.0" 301 70779 "-" "Mozilla/5.0 (compatible; AhrefsBot/7.0; +http://ahrefs.com/robot/)"
192.99.36.166 - - [29/Nov/2021:11:42:44 +0100] "GET /powder-candle-bougie-autrement-glitter-silver-p-53073.html HTTP/1.0" 200 74323 "-" "Mozilla/5.0 (compatible; MJ12bot/v1.4.8; http://mj12bot.com/)"
192.99.36.166 - - [29/Nov/2021:11:42:47 +0100] "GET /presse-papier-amandier-en-fleurs-de-van-gogh-p-53517.html HTTP/1.0" 301 74317 "-" "Mozilla/5.0 (compatible; MJ12bot/v1.4.8; http://mj12bot.com/)"
192.99.36.166 - - [29/Nov/2021:11:42:51 +0100] "GET /paperweight-almond-blossom-gogh-p-53517.html HTTP/1.0" 200 74219 "-" "Mozilla/5.0 (compatible; MJ12bot/v1.4.8; http://mj12bot.com/)"
192.99.36.166 - - [29/Nov/2021:11:42:55 +0100] "GET /presse-papier-c-129_188.html HTTP/1.0" 301 90967 "-" "Mozilla/5.0 (compatible; MJ12bot/v1.4.8; http://mj12bot.com/)"
192.99.36.166 - - [29/Nov/2021:11:42:57 +0100] "GET /paperweight-c-188.html HTTP/1.0" 301 90831 "-" "Mozilla/5.0 (compatible; MJ12bot/v1.4.8; http://mj12bot.com/)"
192.99.36.166 - - [29/Nov/2021:11:43:00 +0100] "GET /paperweight-c-129_188.html HTTP/1.0" 200 90891 "-" "Mozilla/5.0 (compatible; MJ12bot/v1.4.8; http://mj12bot.com/)"
192.99.36.166 - - [29/Nov/2021:11:43:03 +0100] "GET /presse-papier-chaton-eveille-henriette-ronner-knip-p-53519.html HTTP/1.0" 301 74371 "-" "Mozilla/5.0 (compatible; MJ12bot/v1.4.8; http://mj12bot.com/)"
192.99.36.166 - - [29/Nov/2021:11:43:07 +0100] "GET /paperweight-awakening-kitten-ronner-knip-p-53519.html HTTP/1.0" 200 74264 "-" "Mozilla/5.0 (compatible; MJ12bot/v1.4.8; http://mj12bot.com/)"
192.99.36.166 - - [29/Nov/2021:11:43:10 +0100] "GET /presse-papier-danseuse-sur-scene-de-degas-p-53522.html HTTP/1.0" 301 74752 "-" "Mozilla/5.0 (compatible; MJ12bot/v1.4.8; http://mj12bot.com/)"
192.99.36.166 - - [29/Nov/2021:11:43:14 +0100] "GET /paperweight-danseuse-scne-degas-p-53522.html HTTP/1.0" 200 74654 "-" "Mozilla/5.0 (compatible; MJ12bot/v1.4.8; http://mj12bot.com/)"
192.99.36.166 - - [29/Nov/2021:11:43:18 +0100] "GET /presse-papier-la-grande-vague-de-kanagawa-hokusai-p-53518.html HTTP/1.0" 301 74475 "-" "Mozilla/5.0 (compatible; MJ12bot/v1.4.8; http://mj12bot.com/)"
192.99.36.166 - - [29/Nov/2021:11:43:21 +0100] "GET /paperweight-great-wave-kanagawa-hokusai-p-53518.html HTTP/1.0" 200 74369 "-" "Mozilla/5.0 (compatible; MJ12bot/v1.4.8; http://mj12bot.com/)"
192.99.36.166 - - [29/Nov/2021:11:43:24 +0100] "GET /presse-papier-le-fils-de-homme-de-magritte-p-53520.html HTTP/1.0" 301 74694 "-" "Mozilla/5.0 (compatible; MJ12bot/v1.4.8; http://mj12bot.com/)"
66.249.75.168 - - [29/Nov/2021:11:43:26 +0100] "GET /evil-queen-figurine-disney-showcase-p-44598.html HTTP/1.0" 200 73895 "-" "Mozilla/5.0 (compatible; Googlebot/2.1; +http://www.google.com/bot.html)"
192.99.36.166 - - [29/Nov/2021:11:43:27 +0100] "GET /paperweight-magritte-p-53520.html HTTP/1.0" 200 74607 "-" "Mozilla/5.0 (compatible; MJ12bot/v1.4.8; http://mj12bot.com/)"
192.99.36.166 - - [29/Nov/2021:11:43:32 +0100] "GET /presse-papier-magpie-magnolia-koson-p-55505.html HTTP/1.0" 301 74574 "-" "Mozilla/5.0 (compatible; MJ12bot/v1.4.8; http://mj12bot.com/)"
192.99.36.166 - - [29/Nov/2021:11:43:36 +0100] "GET /paperweight-magpie-magnolia-koson-p-55505.html HTTP/1.0" 200 74474 "-" "Mozilla/5.0 (compatible; MJ12bot/v1.4.8; http://mj12bot.com/)"
192.99.36.166 - - [29/Nov/2021:11:43:40 +0100] "GET /presse-papier-mild-tension-de-kandinsky-p-53521.html HTTP/1.0" 301 74755 "-" "Mozilla/5.0 (compatible; MJ12bot/v1.4.8; http://mj12bot.com/)"
192.99.36.166 - - [29/Nov/2021:11:43:43 +0100] "GET /paperweight-mild-tension-kandinsky-p-53521.html HTTP/1.0" 200 74654 "-" "Mozilla/5.0 (compatible; MJ12bot/v1.4.8; http://mj12bot.com/)"
192.99.36.166 - - [29/Nov/2021:11:43:48 +0100] "GET /presse-papier-nympheas-1916-de-monet-p-53516.html HTTP/1.0" 301 74351 "-" "Mozilla/5.0 (compatible; MJ12bot/v1.4.8; http://mj12bot.com/)"
192.99.36.166 - - [29/Nov/2021:11:43:50 +0100] "GET /paperweight-water-lilies-monet-p-53516.html HTTP/1.0" 200 74254 "-" "Mozilla/5.0 (compatible; MJ12bot/v1.4.8; http://mj12bot.com/)"
192.99.36.166 - - [29/Nov/2021:11:43:55 +0100] "GET /protege-matelas-alese-coton-140-190-25-cm-p-49440.html HTTP/1.0" 301 73485 "-" "Mozilla/5.0 (compatible; MJ12bot/v1.4.8; http://mj12bot.com/)"
192.99.36.166 - - [29/Nov/2021:11:43:58 +0100] "GET /cotton-mattress-range-p-49440.html HTTP/1.0" 200 73397 "-" "Mozilla/5.0 (compatible; MJ12bot/v1.4.8; http://mj12bot.com/)"
192.99.36.166 - - [29/Nov/2021:11:44:02 +0100] "GET /protege-matelas-alese-coton-160-200-25-cm-p-49439.html HTTP/1.0" 301 73484 "-" "Mozilla/5.0 (compatible; MJ12bot/v1.4.8; http://mj12bot.com/)"
192.99.36.166 - - [29/Nov/2021:11:44:07 +0100] "GET /cotton-mattress-range-p-49439.html HTTP/1.0" 200 73396 "-" "Mozilla/5.0 (compatible; MJ12bot/v1.4.8; http://mj12bot.com/)"
185.191.171.2 - - [29/Nov/2021:11:44:09 +0100] "GET /-p-53342.html?action=add_product HTTP/1.0" 302 476 "-" "Mozilla/5.0 (compatible; SemrushBot/7~bl; +http://www.semrush.com/bot.html)"
192.99.36.166 - - [29/Nov/2021:11:44:11 +0100] "GET /protege-matelas-en-fibre-de-bambou-90-190-cm-p-52891.html HTTP/1.0" 301 73556 "-" "Mozilla/5.0 (compatible; MJ12bot/v1.4.8; http://mj12bot.com/)"
192.99.36.166 - - [29/Nov/2021:11:44:15 +0100] "GET /bamboo-fiber-mattress-protector-p-52891.html HTTP/1.0" 200 73458 "-" "Mozilla/5.0 (compatible; MJ12bot/v1.4.8; http://mj12bot.com/)"
192.99.36.166 - - [29/Nov/2021:11:44:18 +0100] "GET /protege-oreiller-molleton-coton-60-60-cm-p-51610.html HTTP/1.0" 301 70793 "-" "Mozilla/5.0 (compatible; MJ12bot/v1.4.8; http://mj12bot.com/)"
192.99.36.166 - - [29/Nov/2021:11:44:24 +0100] "GET /protective-fleece-pillow-cover-p-51610.html HTTP/1.0" 200 70696 "-" "Mozilla/5.0 (compatible; MJ12bot/v1.4.8; http://mj12bot.com/)"
192.99.36.166 - - [29/Nov/2021:11:44:26 +0100] "GET /protge-oreiller-protge-traversin-c-11_276.html HTTP/1.0" 301 83735 "-" "Mozilla/5.0 (compatible; MJ12bot/v1.4.8; http://mj12bot.com/)"
192.99.36.166 - - [29/Nov/2021:11:44:30 +0100] "GET /pillow-protector-bolster-protector-c-276.html HTTP/1.0" 301 83619 "-" "Mozilla/5.0 (compatible; MJ12bot/v1.4.8; http://mj12bot.com/)"
192.99.36.166 - - [29/Nov/2021:11:44:34 +0100] "GET /pillow-protector-bolster-protector-c-11_276.html HTTP/1.0" 200 83636 "-" "Mozilla/5.0 (compatible; MJ12bot/v1.4.8; http://mj12bot.com/)"
192.99.36.166 - - [29/Nov/2021:11:44:37 +0100] "GET /provence-cotton-canvas-bag-p-38649.html HTTP/1.0" 301 70739 "-" "Mozilla/5.0 (compatible; MJ12bot/v1.4.8; http://mj12bot.com/)"
192.99.36.166 - - [29/Nov/2021:11:44:41 +0100] "GET /provence-cotton-canvas-p-38649.html HTTP/1.0" 200 70650 "-" "Mozilla/5.0 (compatible; MJ12bot/v1.4.8; http://mj12bot.com/)"
192.99.36.166 - - [29/Nov/2021:11:44:44 +0100] "GET /pyramid-green-aventurine-base-quality-p-44004.html HTTP/1.0" 200 73384 "-" "Mozilla/5.0 (compatible; MJ12bot/v1.4.8; http://mj12bot.com/)"
192.99.36.166 - - [29/Nov/2021:11:44:48 +0100] "GET /pyramid-rose-quartz-base-quality-p-44006.html HTTP/1.0" 200 73339 "-" "Mozilla/5.0 (compatible; MJ12bot/v1.4.8; http://mj12bot.com/)"
192.99.36.166 - - [29/Nov/2021:11:44:52 +0100] "GET /removable-cushion-beast-40-cm-p-50885.html HTTP/1.0" 301 75269 "-" "Mozilla/5.0 (compatible; MJ12bot/v1.4.8; http://mj12bot.com/)"
192.99.36.166 - - [29/Nov/2021:11:44:55 +0100] "GET /removable-cushion-beast-p-50885.html HTTP/1.0" 200 75179 "-" "Mozilla/5.0 (compatible; MJ12bot/v1.4.8; http://mj12bot.com/)"
192.99.36.166 - - [29/Nov/2021:11:44:58 +0100] "GET /removable-grey-cushion-beast-40-cm-p-50884.html HTTP/1.0" 301 70631 "-" "Mozilla/5.0 (compatible; MJ12bot/v1.4.8; http://mj12bot.com/)"
192.99.36.166 - - [29/Nov/2021:11:45:02 +0100] "GET /-p-50884.html HTTP/1.0" 200 70564 "-" "Mozilla/5.0 (compatible; MJ12bot/v1.4.8; http://mj12bot.com/)"
192.99.36.166 - - [29/Nov/2021:11:45:06 +0100] "GET /removable-grey-cushion-beast-p-50884.html HTTP/1.0" 301 70631 "-" "Mozilla/5.0 (compatible; MJ12bot/v1.4.8; http://mj12bot.com/)"
192.99.36.166 - - [29/Nov/2021:11:45:09 +0100] "GET /-p-50884.html HTTP/1.0" 200 70564 "-" "Mozilla/5.0 (compatible; MJ12bot/v1.4.8; http://mj12bot.com/)"
192.99.36.166 - - [29/Nov/2021:11:45:12 +0100] "GET /repose-sachet-et-infuseur-the-c-12_247.html HTTP/1.0" 301 89554 "-" "Mozilla/5.0 (compatible; MJ12bot/v1.4.8; http://mj12bot.com/)"
192.99.36.166 - - [29/Nov/2021:11:45:16 +0100] "GET /infuser-rest-c-247.html HTTP/1.0" 301 89453 "-" "Mozilla/5.0 (compatible; MJ12bot/v1.4.8; http://mj12bot.com/)"
192.99.36.166 - - [29/Nov/2021:11:45:19 +0100] "GET /infuser-rest-c-12_247.html HTTP/1.0" 200 89477 "-" "Mozilla/5.0 (compatible; MJ12bot/v1.4.8; http://mj12bot.com/)"
114.119.128.39 - - [29/Nov/2021:11:45:24 +0100] "GET /images/mini_prod/8433933246108.jpg HTTP/1.0" 200 269 "-" "Mozilla/5.0 (Linux; Android 7.0;) AppleWebKit/537.36 (KHTML, like Gecko) Mobile Safari/537.36 (compatible; PetalBot;+https://webmaster.petalsearch.com/site/petalbot)"
192.99.36.166 - - [29/Nov/2021:11:45:23 +0100] "GET /repose-sachet-infuseur-c-12_247.html HTTP/1.0" 301 89554 "-" "Mozilla/5.0 (compatible; MJ12bot/v1.4.8; http://mj12bot.com/)"
192.99.36.166 - - [29/Nov/2021:11:45:28 +0100] "GET /infuser-rest-c-247.html HTTP/1.0" 301 89453 "-" "Mozilla/5.0 (compatible; MJ12bot/v1.4.8; http://mj12bot.com/)"
192.99.36.166 - - [29/Nov/2021:11:45:31 +0100] "GET /infuser-rest-c-12_247.html HTTP/1.0" 200 89477 "-" "Mozilla/5.0 (compatible; MJ12bot/v1.4.8; http://mj12bot.com/)"
192.99.36.166 - - [29/Nov/2021:11:45:35 +0100] "GET /rideau-de-douche-flamants-roses-180-200-cm-p-50730.html HTTP/1.0" 301 74093 "-" "Mozilla/5.0 (compatible; MJ12bot/v1.4.8; http://mj12bot.com/)"
192.99.36.166 - - [29/Nov/2021:11:45:40 +0100] "GET /pink-flamingos-shower-curtain-p-50730.html HTTP/1.0" 200 73997 "-" "Mozilla/5.0 (compatible; MJ12bot/v1.4.8; http://mj12bot.com/)"
192.99.36.166 - - [29/Nov/2021:11:45:44 +0100] "GET /rideau-douche-mandala-p-56064.html HTTP/1.0" 301 73961 "-" "Mozilla/5.0 (compatible; MJ12bot/v1.4.8; http://mj12bot.com/)"
192.99.36.166 - - [29/Nov/2021:11:45:47 +0100] "GET /shower-curtain-p-56064.html HTTP/1.0" 200 73880 "-" "Mozilla/5.0 (compatible; MJ12bot/v1.4.8; http://mj12bot.com/)"
207.46.13.118 - - [29/Nov/2021:11:45:49 +0100] "GET /spiderman-blue-swimsuit-p-30823.html HTTP/1.0" 200 74402 "-" "Mozilla/5.0 (compatible; bingbot/2.0; +http://www.bing.com/bingbot.htm)"
192.99.36.166 - - [29/Nov/2021:11:45:51 +0100] "GET /rideau-occultant-nelson-illets-gris-souris-135-260-cm-p-51130.html HTTP/1.0" 301 70631 "-" "Mozilla/5.0 (compatible; MJ12bot/v1.4.8; http://mj12bot.com/)"
192.99.36.166 - - [29/Nov/2021:11:45:57 +0100] "GET /-p-51130.html HTTP/1.0" 200 70564 "-" "Mozilla/5.0 (compatible; MJ12bot/v1.4.8; http://mj12bot.com/)"
192.99.36.166 - - [29/Nov/2021:11:46:01 +0100] "GET /rideau-oeillets-bliss-velours-gris-140-260-cm-p-50740.html HTTP/1.0" 301 70747 "-" "Mozilla/5.0 (compatible; MJ12bot/v1.4.8; http://mj12bot.com/)"
192.99.36.166 - - [29/Nov/2021:11:46:06 +0100] "GET /curtain-bliss-velvet-p-50740.html HTTP/1.0" 200 70660 "-" "Mozilla/5.0 (compatible; MJ12bot/v1.4.8; http://mj12bot.com/)"
192.99.36.166 - - [29/Nov/2021:11:46:08 +0100] "GET /rideau-oeillets-coton-couleur-moutarde-p-55433.html HTTP/1.0" 301 76213 "-" "Mozilla/5.0 (compatible; MJ12bot/v1.4.8; http://mj12bot.com/)"
192.99.36.166 - - [29/Nov/2021:11:46:13 +0100] "GET /yellow-color-eyelet-curtain-p-55433.html HTTP/1.0" 200 76119 "-" "Mozilla/5.0 (compatible; MJ12bot/v1.4.8; http://mj12bot.com/)"
192.99.36.166 - - [29/Nov/2021:11:46:16 +0100] "GET /rideau-oeillets-coton-couleur-ptrole-p-55434.html HTTP/1.0" 301 76193 "-" "Mozilla/5.0 (compatible; MJ12bot/v1.4.8; http://mj12bot.com/)"
192.99.36.166 - - [29/Nov/2021:11:46:20 +0100] "GET /blue-color-eyelet-curtain-p-55434.html HTTP/1.0" 200 76101 "-" "Mozilla/5.0 (compatible; MJ12bot/v1.4.8; http://mj12bot.com/)"
54.36.148.79 - - [29/Nov/2021:11:46:24 +0100] "GET /klimt-fulfilment-candle-holder-p-53588.html HTTP/1.0" 200 73972 "-" "Mozilla/5.0 (compatible; AhrefsBot/7.0; +http://ahrefs.com/robot/)"
192.99.36.166 - - [29/Nov/2021:11:46:25 +0100] "GET /rideaux-de-douche-c-11_168.html HTTP/1.0" 301 90138 "-" "Mozilla/5.0 (compatible; MJ12bot/v1.4.8; http://mj12bot.com/)"
192.99.36.166 - - [29/Nov/2021:11:46:30 +0100] "GET /shower-curtain-c-168.html HTTP/1.0" 301 90019 "-" "Mozilla/5.0 (compatible; MJ12bot/v1.4.8; http://mj12bot.com/)"
192.99.36.166 - - [29/Nov/2021:11:46:34 +0100] "GET /shower-curtain-c-11_168.html HTTP/1.0" 200 90059 "-" "Mozilla/5.0 (compatible; MJ12bot/v1.4.8; http://mj12bot.com/)"
192.99.36.166 - - [29/Nov/2021:11:46:37 +0100] "GET /rideaux-douche-c-11_168.html HTTP/1.0" 301 90138 "-" "Mozilla/5.0 (compatible; MJ12bot/v1.4.8; http://mj12bot.com/)"
192.99.36.166 - - [29/Nov/2021:11:46:39 +0100] "GET /shower-curtain-c-168.html HTTP/1.0" 301 90019 "-" "Mozilla/5.0 (compatible; MJ12bot/v1.4.8; http://mj12bot.com/)"
192.99.36.166 - - [29/Nov/2021:11:46:42 +0100] "GET /shower-curtain-c-11_168.html HTTP/1.0" 200 90059 "-" "Mozilla/5.0 (compatible; MJ12bot/v1.4.8; http://mj12bot.com/)"
192.99.36.166 - - [29/Nov/2021:11:46:46 +0100] "GET /rideaux-voilages-c-11_69.html HTTP/1.0" 301 90034 "-" "Mozilla/5.0 (compatible; MJ12bot/v1.4.8; http://mj12bot.com/)"
