185.191.171.4 - - [29/Nov/2021:03:25:08 +0100] "GET /pot-cookware-green-p-41670.html HTTP/1.0" 301 73250 "-" "Mozilla/5.0 (compatible; SemrushBot/7~bl; +http://www.semrush.com/bot.html)"
185.191.171.21 - - [29/Nov/2021:03:25:19 +0100] "GET /cookware-green-p-41670.html HTTP/1.0" 200 73169 "-" "Mozilla/5.0 (compatible; SemrushBot/7~bl; +http://www.semrush.com/bot.html)"
185.191.171.15 - - [29/Nov/2021:03:25:30 +0100] "GET /la-fee-tartine-bread-box-p-40689.html HTTP/1.0" 301 70708 "-" "Mozilla/5.0 (compatible; SemrushBot/7~bl; +http://www.semrush.com/bot.html)"
17.121.114.80 - - [29/Nov/2021:03:25:30 +0100] "GET /worry-stones-amethyst-p-48666.html HTTP/1.0" 200 74204 "-" "Mozilla/5.0 (Macintosh; Intel Mac OS X 10_15_5) AppleWebKit/605.1.15 (KHTML, like Gecko) Version/13.1.1 Safari/605.1.15 (Applebot/0.1; +http://www.apple.com/go/applebot)"
54.234.191.202 - - [29/Nov/2021:03:25:30 +0100] "GET /underwear-c-2_38.html HTTP/1.0" 200 75860 "-" "CCBot/2.0 (https://commoncrawl.org/faq/)"
185.191.171.1 - - [29/Nov/2021:03:25:40 +0100] "GET /tartine-bread-p-40689.html HTTP/1.0" 200 70628 "-" "Mozilla/5.0 (compatible; SemrushBot/7~bl; +http://www.semrush.com/bot.html)"
185.191.171.21 - - [29/Nov/2021:03:25:52 +0100] "GET /hanging-iron-structure-flamingo-90-67-cm-p-44505.html HTTP/1.0" 301 73514 "-" "Mozilla/5.0 (compatible; SemrushBot/7~bl; +http://www.semrush.com/bot.html)"
66.249.75.166 - - [29/Nov/2021:03:26:01 +0100] "GET /mini-metal-tray-bcassine-p-40094.html HTTP/1.0" 200 70652 "-" "Mozilla/5.0 (Linux; Android 6.0.1; Nexus 5X Build/MMB29P) AppleWebKit/537.36 (KHTML, like Gecko) Chrome/96.0.4664.45 Mobile Safari/537.36 (compatible; Googlebot/2.1; +http://www.google.com/bot.html)"
185.191.171.26 - - [29/Nov/2021:03:26:03 +0100] "GET /hanging-iron-structure-flamingo-p-44505.html HTTP/1.0" 200 73416 "-" "Mozilla/5.0 (compatible; SemrushBot/7~bl; +http://www.semrush.com/bot.html)"
216.244.66.242 - - [29/Nov/2021:03:26:13 +0100] "GET /robots.txt HTTP/1.0" 301 531 "-" "Mozilla/5.0 (compatible; DotBot/1.2; +https://opensiteexplorer.org/dotbot; help@moz.com)"
216.244.66.242 - - [29/Nov/2021:03:26:13 +0100] "GET /robots.txt HTTP/1.0" 200 245 "-" "Mozilla/5.0 (compatible; DotBot/1.2; +https://opensiteexplorer.org/dotbot; help@moz.com)"
216.244.66.242 - - [29/Nov/2021:03:26:22 +0100] "GET /robots.txt HTTP/1.0" 200 245 "-" "Mozilla/5.0 (compatible; DotBot/1.2; +https://opensiteexplorer.org/dotbot; help@moz.com)"
54.234.191.202 - - [29/Nov/2021:03:26:22 +0100] "GET /hook-weathered-surfboard-wooden-p-35335.html HTTP/1.0" 200 73340 "-" "CCBot/2.0 (https://commoncrawl.org/faq/)"
185.191.171.23 - - [29/Nov/2021:03:26:22 +0100] "GET /large-bowl-p-48616.html?action=add_product HTTP/1.0" 302 476 "-" "Mozilla/5.0 (compatible; SemrushBot/7~bl; +http://www.semrush.com/bot.html)"
40.77.167.66 - - [29/Nov/2021:03:26:43 +0100] "GET /images/mini_prod/8481210052027.jpg HTTP/1.0" 200 269 "-" "Mozilla/5.0 (compatible; bingbot/2.0; +http://www.bing.com/bingbot.htm)"
185.191.171.14 - - [29/Nov/2021:03:26:54 +0100] "GET /provence-moroccan-ashtray-p-37379.html?action=add_product HTTP/1.0" 302 476 "-" "Mozilla/5.0 (compatible; SemrushBot/7~bl; +http://www.semrush.com/bot.html)"
17.121.114.189 - - [29/Nov/2021:03:26:55 +0100] "GET /wooden-calendar-clock-p-55025.html HTTP/1.0" 200 70650 "-" "Mozilla/5.0 (Macintosh; Intel Mac OS X 10_15_5) AppleWebKit/605.1.15 (KHTML, like Gecko) Version/13.1.1 Safari/605.1.15 (Applebot/0.1; +http://www.apple.com/go/applebot)"
54.36.148.112 - - [29/Nov/2021:03:27:04 +0100] "GET /zodiac-high-ceramic-mug-p-30790.html HTTP/1.0" 301 73242 "-" "Mozilla/5.0 (compatible; AhrefsBot/7.0; +http://ahrefs.com/robot/)"
185.191.171.13 - - [29/Nov/2021:03:27:04 +0100] "GET /head-wallet-model-p-39441.html HTTP/1.0" 200 73215 "-" "Mozilla/5.0 (compatible; SemrushBot/7~bl; +http://www.semrush.com/bot.html)"
54.36.148.186 - - [29/Nov/2021:03:27:15 +0100] "GET /strawberry-shortcake-pack-of-pairs-of-socks-23-26-p-25274.html HTTP/1.0" 301 70631 "-" "Mozilla/5.0 (compatible; AhrefsBot/7.0; +http://ahrefs.com/robot/)"
54.234.191.202 - - [29/Nov/2021:03:27:05 +0100] "GET /diffuser-perfume-essential-oils-c-231_162.html HTTP/1.0" 200 90545 "-" "CCBot/2.0 (https://commoncrawl.org/faq/)"
185.191.171.19 - - [29/Nov/2021:03:27:25 +0100] "GET /disney-princess-blue-swimsuit-p-30309.html HTTP/1.0" 200 74979 "-" "Mozilla/5.0 (compatible; SemrushBot/7~bl; +http://www.semrush.com/bot.html)"
119.8.242.212 - - [29/Nov/2021:03:27:35 +0100] "GET /images/med_prod/3662468004678.jpg HTTP/1.0" 200 268 "-" "Mozilla/5.0 (X11; Ubuntu; Linux x86_64; rv:72.0) Gecko/20100101 Firefox/72.0"
54.234.191.202 - - [29/Nov/2021:03:27:46 +0100] "GET /stool-table-c-13_212.html HTTP/1.0" 200 79576 "-" "CCBot/2.0 (https://commoncrawl.org/faq/)"
185.191.171.3 - - [29/Nov/2021:03:27:58 +0100] "GET /support-metal-bottle-the-barbecue-p-53422.html HTTP/1.0" 301 73455 "-" "Mozilla/5.0 (compatible; SemrushBot/7~bl; +http://www.semrush.com/bot.html)"
185.191.171.4 - - [29/Nov/2021:03:28:17 +0100] "GET /support-metal-bottle-barbecue-p-53422.html HTTP/1.0" 200 73359 "-" "Mozilla/5.0 (compatible; SemrushBot/7~bl; +http://www.semrush.com/bot.html)"
207.46.13.202 - - [29/Nov/2021:03:28:28 +0100] "GET /images/mini_prod/8424345650386.jpg HTTP/1.0" 200 269 "-" "Mozilla/5.0 (compatible; bingbot/2.0; +http://www.bing.com/bingbot.htm)"
185.191.171.3 - - [29/Nov/2021:03:28:28 +0100] "GET /stationery-and-cardmaking-c-129.html?page=27 HTTP/1.0" 301 92738 "-" "Mozilla/5.0 (compatible; SemrushBot/7~bl; +http://www.semrush.com/bot.html)"
54.234.191.202 - - [29/Nov/2021:03:28:29 +0100] "GET /card-holders-passport-cases-c-31_236.html HTTP/1.0" 200 91398 "-" "CCBot/2.0 (https://commoncrawl.org/faq/)"
185.191.171.44 - - [29/Nov/2021:03:28:38 +0100] "GET /stationery-cardmaking-c-129.html?page=27 HTTP/1.0" 200 92644 "-" "Mozilla/5.0 (compatible; SemrushBot/7~bl; +http://www.semrush.com/bot.html)"
54.234.191.202 - - [29/Nov/2021:03:29:21 +0100] "GET /wooden-cubi-cover-meilleur-p-56691.html HTTP/1.0" 200 74098 "-" "CCBot/2.0 (https://commoncrawl.org/faq/)"
185.191.171.37 - - [29/Nov/2021:03:29:21 +0100] "GET /green-adult-cotton-apron-p-44359.html HTTP/1.0" 200 73188 "-" "Mozilla/5.0 (compatible; SemrushBot/7~bl; +http://www.semrush.com/bot.html)"
157.55.39.223 - - [29/Nov/2021:03:29:42 +0100] "GET /images/med_prod/1384010178423.jpg HTTP/1.0" 200 268 "-" "Mozilla/5.0 (compatible; bingbot/2.0; +http://www.bing.com/bingbot.htm)"
54.234.191.202 - - [29/Nov/2021:03:29:52 +0100] "GET /decorative-candle-white-lantern-p-56872.html HTTP/1.0" 200 73360 "-" "CCBot/2.0 (https://commoncrawl.org/faq/)"
185.191.171.45 - - [29/Nov/2021:03:30:12 +0100] "GET /forest-friends-glasses-case-racoons-p-51862.html?action=add_product HTTP/1.0" 302 476 "-" "Mozilla/5.0 (compatible; SemrushBot/7~bl; +http://www.semrush.com/bot.html)"
54.234.191.202 - - [29/Nov/2021:03:30:34 +0100] "GET /creative-hobbies-coloring-c-129_30.html HTTP/1.0" 200 91159 "-" "CCBot/2.0 (https://commoncrawl.org/faq/)"
185.191.171.34 - - [29/Nov/2021:03:30:34 +0100] "GET /owl-little-brown-cover-p-30442.html HTTP/1.0" 301 73291 "-" "Mozilla/5.0 (compatible; SemrushBot/7~bl; +http://www.semrush.com/bot.html)"
185.191.171.42 - - [29/Nov/2021:03:30:47 +0100] "GET /little-brown-cover-p-30442.html HTTP/1.0" 200 73206 "-" "Mozilla/5.0 (compatible; SemrushBot/7~bl; +http://www.semrush.com/bot.html)"
185.191.171.13 - - [29/Nov/2021:03:31:06 +0100] "GET /klimt-little-tray-p-51680.html?action=add_product HTTP/1.0" 302 476 "-" "Mozilla/5.0 (compatible; SemrushBot/7~bl; +http://www.semrush.com/bot.html)"
185.191.171.42 - - [29/Nov/2021:03:31:16 +0100] "GET /chair-cushion-ocher-p-45932.html HTTP/1.0" 200 73299 "-" "Mozilla/5.0 (compatible; SemrushBot/7~bl; +http://www.semrush.com/bot.html)"
54.234.191.202 - - [29/Nov/2021:03:31:26 +0100] "GET /door-plate-bonheur-p-56787.html HTTP/1.0" 200 73207 "-" "CCBot/2.0 (https://commoncrawl.org/faq/)"
185.191.171.19 - - [29/Nov/2021:03:31:28 +0100] "GET /lucky-girl-etienne-boyer-shirt-p-30978.html HTTP/1.0" 200 75241 "-" "Mozilla/5.0 (compatible; SemrushBot/7~bl; +http://www.semrush.com/bot.html)"
185.191.171.39 - - [29/Nov/2021:03:31:47 +0100] "GET /postcard-with-envelope-cushion-cat-p-48845.html HTTP/1.0" 301 73473 "-" "Mozilla/5.0 (compatible; SemrushBot/7~bl; +http://www.semrush.com/bot.html)"
157.55.39.108 - - [29/Nov/2021:03:31:58 +0100] "GET /images/big_prod/8718317632303.jpg HTTP/1.0" 200 268 "-" "Mozilla/5.0 (compatible; bingbot/2.0; +http://www.bing.com/bingbot.htm)"
54.234.191.202 - - [29/Nov/2021:03:31:58 +0100] "GET /bell-wall-bell-c-13_270.html HTTP/1.0" 200 89643 "-" "CCBot/2.0 (https://commoncrawl.org/faq/)"
185.191.171.24 - - [29/Nov/2021:03:31:59 +0100] "GET /postcard-with-envelope-cushion-p-48845.html HTTP/1.0" 200 73376 "-" "Mozilla/5.0 (compatible; SemrushBot/7~bl; +http://www.semrush.com/bot.html)"
185.191.171.17 - - [29/Nov/2021:03:32:19 +0100] "GET /little-sheep-bedside-lamp-p-40435.html HTTP/1.0" 200 70654 "-" "Mozilla/5.0 (compatible; SemrushBot/7~bl; +http://www.semrush.com/bot.html)"
54.234.191.202 - - [29/Nov/2021:03:32:40 +0100] "GET /metal-boxes-storage-c-13_150_218.html HTTP/1.0" 200 90263 "-" "CCBot/2.0 (https://commoncrawl.org/faq/)"
185.191.171.8 - - [29/Nov/2021:03:32:51 +0100] "GET /bamboo-fiber-plant-cover-p-51275.html HTTP/1.0" 200 70650 "-" "Mozilla/5.0 (compatible; SemrushBot/7~bl; +http://www.semrush.com/bot.html)"
185.191.171.41 - - [29/Nov/2021:03:33:01 +0100] "GET /bob-marley-pencil-pot-p-5065.html HTTP/1.0" 301 73227 "-" "Mozilla/5.0 (compatible; SemrushBot/7~bl; +http://www.semrush.com/bot.html)"
185.191.171.4 - - [29/Nov/2021:03:33:12 +0100] "GET /marley-pencil-p-5065.html HTTP/1.0" 200 73148 "-" "Mozilla/5.0 (compatible; SemrushBot/7~bl; +http://www.semrush.com/bot.html)"
157.55.39.223 - - [29/Nov/2021:03:33:25 +0100] "GET /images/big_prod/5410574484604.jpg HTTP/1.0" 200 268 "-" "Mozilla/5.0 (compatible; bingbot/2.0; +http://www.bing.com/bingbot.htm)"
54.234.191.202 - - [29/Nov/2021:03:33:24 +0100] "GET /beyblade-logo-metal-fusion-magnet-p-18670.html HTTP/1.0" 301 70817 "-" "CCBot/2.0 (https://commoncrawl.org/faq/)"
54.234.191.202 - - [29/Nov/2021:03:33:34 +0100] "GET /beyblade-logo-mtal-fusion-magnet-p-18670.html HTTP/1.0" 200 70718 "-" "CCBot/2.0 (https://commoncrawl.org/faq/)"
54.234.191.202 - - [29/Nov/2021:03:34:06 +0100] "GET /embossed-metal-plate-p-56761.html HTTP/1.0" 200 73837 "-" "CCBot/2.0 (https://commoncrawl.org/faq/)"
185.191.171.13 - - [29/Nov/2021:03:34:39 +0100] "GET /batman-p-3984.html?action=add_product HTTP/1.0" 302 476 "-" "Mozilla/5.0 (compatible; SemrushBot/7~bl; +http://www.semrush.com/bot.html)"
157.55.39.228 - - [29/Nov/2021:03:34:42 +0100] "GET /images/4895029627255.jpg HTTP/1.0" 200 259 "-" "Mozilla/5.0 (compatible; bingbot/2.0; +http://www.bing.com/bingbot.htm)"
54.234.191.202 - - [29/Nov/2021:03:34:50 +0100] "GET /ornamental-brass-compass-titanic-p-56657.html HTTP/1.0" 200 73909 "-" "CCBot/2.0 (https://commoncrawl.org/faq/)"
49.7.20.112 - - [29/Nov/2021:03:34:53 +0100] "GET / HTTP/1.0" 301 511 "-" "Sogou web spider/4.0(+http://www.sogou.com/docs/help/webmasters.htm#07)"
185.191.171.21 - - [29/Nov/2021:03:34:50 +0100] "GET /nippon-doll-shoulder-bag-p-27009.html HTTP/1.0" 301 73684 "-" "Mozilla/5.0 (compatible; SemrushBot/7~bl; +http://www.semrush.com/bot.html)"
185.191.171.20 - - [29/Nov/2021:03:35:04 +0100] "GET /nippon-doll-shoulder-p-27009.html HTTP/1.0" 200 73597 "-" "Mozilla/5.0 (compatible; SemrushBot/7~bl; +http://www.semrush.com/bot.html)"
185.191.171.11 - - [29/Nov/2021:03:35:15 +0100] "GET /harley-davidson-small-metal-plate-p-12504.html HTTP/1.0" 200 70686 "-" "Mozilla/5.0 (compatible; SemrushBot/7~bl; +http://www.semrush.com/bot.html)"
185.191.171.43 - - [29/Nov/2021:03:35:26 +0100] "GET /monkey-pyramid-statuette-p-55276.html?action=add_product HTTP/1.0" 302 476 "-" "Mozilla/5.0 (compatible; SemrushBot/7~bl; +http://www.semrush.com/bot.html)"
157.55.39.108 - - [29/Nov/2021:03:35:26 +0100] "GET /shower-curtain-p-50726.html HTTP/1.0" 200 74090 "-" "Mozilla/5.0 (compatible; bingbot/2.0; +http://www.bing.com/bingbot.htm)"
185.191.171.36 - - [29/Nov/2021:03:35:28 +0100] "GET /geishas-cushion-cbkreation-p-24343.html?action=add_product HTTP/1.0" 302 476 "-" "Mozilla/5.0 (compatible; SemrushBot/7~bl; +http://www.semrush.com/bot.html)"
54.234.191.202 - - [29/Nov/2021:03:35:37 +0100] "GET /tealight-holders-candle-holders-c-231_230.html HTTP/1.0" 200 92289 "-" "CCBot/2.0 (https://commoncrawl.org/faq/)"
185.191.171.42 - - [29/Nov/2021:03:35:38 +0100] "GET /crayola-mini-markers-washable-p-16590.html HTTP/1.0" 200 70690 "-" "Mozilla/5.0 (compatible; SemrushBot/7~bl; +http://www.semrush.com/bot.html)"
5.188.62.214 - - [29/Nov/2021:03:36:22 +0100] "GET / HTTP/1.0" 301 511 "-" "Mozilla/5.0 (Windows NT 6.2) AppleWebKit/537.36 (KHTML, like Gecko) Chrome/41.0.2225.0 Safari/537.36"
54.234.191.202 - - [29/Nov/2021:03:36:12 +0100] "GET / HTTP/1.0" 200 151414 "-" "CCBot/2.0 (https://commoncrawl.org/faq/)"
51.68.224.127 - - [29/Nov/2021:03:36:22 +0100] "GET /adminweb/export_orders_xml.php?token=256de2z6edz6ed2z6DFSFsed2zed6zeDSFDSGdzedezfzf&maxorders=10&orderstart=1&status=14&start_date=2018-10-01 HTTP/1.0" 200 285 "-" "GesCom CharlotteBoutik Serveur"
5.188.62.214 - - [29/Nov/2021:03:36:22 +0100] "GET / HTTP/1.0" 200 151909 "-" "Mozilla/5.0 (Windows NT 6.2) AppleWebKit/537.36 (KHTML, like Gecko) Chrome/41.0.2225.0 Safari/537.36"
51.68.224.127 - - [29/Nov/2021:03:36:24 +0100] "GET /adminweb/export_orders_xml.php?token=256de2z6edz6ed2z6DFSFsed2zed6zeDSFDSGdzedezfzf&maxorders=10&orderstart=1&status=6&start_date=2018-10-01 HTTP/1.0" 200 32471 "-" "GesCom CharlotteBoutik Serveur"
66.249.75.170 - - [29/Nov/2021:03:36:24 +0100] "GET /images/mini_prod/1328399271351.jpg HTTP/1.0" 200 269 "-" "Googlebot-Image/1.0"
5.188.62.214 - - [29/Nov/2021:03:36:34 +0100] "GET /robots.txt HTTP/1.0" 301 531 "-" "Mozilla/5.0 (Windows NT 6.2) AppleWebKit/537.36 (KHTML, like Gecko) Chrome/41.0.2225.0 Safari/537.36"
5.188.62.214 - - [29/Nov/2021:03:36:34 +0100] "GET /robots.txt HTTP/1.0" 200 245 "-" "Mozilla/5.0 (Windows NT 6.2) AppleWebKit/537.36 (KHTML, like Gecko) Chrome/41.0.2225.0 Safari/537.36"
54.36.148.54 - - [29/Nov/2021:03:36:24 +0100] "GET /blue-giraffe-phone-cover-for-iphone-p-14154.html HTTP/1.0" 301 70859 "-" "Mozilla/5.0 (compatible; AhrefsBot/7.0; +http://ahrefs.com/robot/)"
185.191.171.44 - - [29/Nov/2021:03:36:34 +0100] "GET /teo-jasmin-jasmine-rockabilly-companion-portfolio-p-39129.html HTTP/1.0" 301 74410 "-" "Mozilla/5.0 (compatible; SemrushBot/7~bl; +http://www.semrush.com/bot.html)"
185.191.171.14 - - [29/Nov/2021:03:36:37 +0100] "GET /jasmin-jasmine-rockabilly-companion-portfolio-p-39129.html HTTP/1.0" 200 74298 "-" "Mozilla/5.0 (compatible; SemrushBot/7~bl; +http://www.semrush.com/bot.html)"
124.71.153.13 - - [29/Nov/2021:03:36:58 +0100] "GET /images/mini_prod/8482013122047.jpg HTTP/1.0" 200 269 "-" "Mozilla/5.0 (X11; Ubuntu; Linux x86_64; rv:72.0) Gecko/20100101 Firefox/72.0"
54.234.191.202 - - [29/Nov/2021:03:36:57 +0100] "GET /white-gold-peacock-jewelry-holder-statuette-p-56815.html HTTP/1.0" 200 73542 "-" "CCBot/2.0 (https://commoncrawl.org/faq/)"
185.191.171.33 - - [29/Nov/2021:03:36:57 +0100] "GET /london-phoneboxe-metal-clock-p-34301.html HTTP/1.0" 200 70666 "-" "Mozilla/5.0 (compatible; SemrushBot/7~bl; +http://www.semrush.com/bot.html)"
49.7.20.122 - - [29/Nov/2021:03:36:57 +0100] "GET / HTTP/1.0" 200 150852 "-" "Sogou web spider/4.0(+http://www.sogou.com/docs/help/webmasters.htm#07)"
185.191.171.39 - - [29/Nov/2021:03:37:09 +0100] "GET /braided-straw-basket-with-black-straps-p-50698.html HTTP/1.0" 200 74178 "-" "Mozilla/5.0 (compatible; SemrushBot/7~bl; +http://www.semrush.com/bot.html)"
185.191.171.36 - - [29/Nov/2021:03:37:20 +0100] "GET /cotton-floor-cushion-grey-45-cm-manoir-p-43266.html HTTP/1.0" 301 70631 "-" "Mozilla/5.0 (compatible; SemrushBot/7~bl; +http://www.semrush.com/bot.html)"
185.191.171.12 - - [29/Nov/2021:03:37:31 +0100] "GET /-p-43266.html HTTP/1.0" 200 70564 "-" "Mozilla/5.0 (compatible; SemrushBot/7~bl; +http://www.semrush.com/bot.html)"
185.191.171.6 - - [29/Nov/2021:03:37:34 +0100] "GET /fina-metal-money-p-52953.html?action=add_product HTTP/1.0" 302 476 "-" "Mozilla/5.0 (compatible; SemrushBot/7~bl; +http://www.semrush.com/bot.html)"
49.7.20.112 - - [29/Nov/2021:03:37:34 +0100] "GET / HTTP/1.0" 200 151356 "-" "Sogou web spider/4.0(+http://www.sogou.com/docs/help/webmasters.htm#07)"
54.234.191.202 - - [29/Nov/2021:03:37:43 +0100] "GET /figurine-nativity-p-56685.html HTTP/1.0" 200 74034 "-" "CCBot/2.0 (https://commoncrawl.org/faq/)"
185.191.171.36 - - [29/Nov/2021:03:37:55 +0100] "GET /lion-chinese-guardian-statue-female-p-50068.html HTTP/1.0" 200 74207 "-" "Mozilla/5.0 (compatible; SemrushBot/7~bl; +http://www.semrush.com/bot.html)"
54.234.191.202 - - [29/Nov/2021:03:38:18 +0100] "GET /storage-cups-c-12_159_264.html HTTP/1.0" 200 90539 "-" "CCBot/2.0 (https://commoncrawl.org/faq/)"
185.191.171.17 - - [29/Nov/2021:03:38:40 +0100] "GET /spice-furniture-wooden-retro-turnstile-p-45511.html?action=add_product HTTP/1.0" 302 476 "-" "Mozilla/5.0 (compatible; SemrushBot/7~bl; +http://www.semrush.com/bot.html)"
185.191.171.44 - - [29/Nov/2021:03:38:52 +0100] "GET /rosie-white-bone-china-p-54929.html HTTP/1.0" 200 73436 "-" "Mozilla/5.0 (compatible; SemrushBot/7~bl; +http://www.semrush.com/bot.html)"
54.234.191.202 - - [29/Nov/2021:03:39:03 +0100] "GET /ornamental-brass-compass-alexander-graham-bell-p-56655.html HTTP/1.0" 200 74050 "-" "CCBot/2.0 (https://commoncrawl.org/faq/)"
49.7.20.122 - - [29/Nov/2021:03:39:14 +0100] "GET / HTTP/1.0" 200 151161 "-" "Sogou web spider/4.0(+http://www.sogou.com/docs/help/webmasters.htm#07)"
185.191.171.9 - - [29/Nov/2021:03:39:14 +0100] "GET /brown-russian-doll-metal-keychain-cbkreation-p-23492.html HTTP/1.0" 200 74893 "-" "Mozilla/5.0 (compatible; SemrushBot/7~bl; +http://www.semrush.com/bot.html)"
49.7.20.113 - - [29/Nov/2021:03:39:14 +0100] "GET / HTTP/1.0" 200 152105 "-" "Sogou web spider/4.0(+http://www.sogou.com/docs/help/webmasters.htm#07)"
157.55.39.108 - - [29/Nov/2021:03:39:26 +0100] "GET /images/mini_prod/8433933208793.jpg HTTP/1.0" 200 269 "-" "Mozilla/5.0 (compatible; bingbot/2.0; +http://www.bing.com/bingbot.htm)"
54.234.191.202 - - [29/Nov/2021:03:39:49 +0100] "GET /snack-cooler-c-31_235.html HTTP/1.0" 200 90782 "-" "CCBot/2.0 (https://commoncrawl.org/faq/)"
216.244.66.242 - - [29/Nov/2021:03:40:10 +0100] "GET /figures-c-4_15.html HTTP/1.0" 301 549 "-" "Mozilla/5.0 (compatible; DotBot/1.2; +https://opensiteexplorer.org/dotbot; help@moz.com)"
54.36.148.77 - - [29/Nov/2021:03:40:10 +0100] "GET /be-happy-wall-stickers-p-36117.html HTTP/1.0" 301 73315 "-" "Mozilla/5.0 (compatible; AhrefsBot/7.0; +http://ahrefs.com/robot/)"
54.234.191.202 - - [29/Nov/2021:03:40:33 +0100] "GET /santa-sleigh-bowl-christmas-p-56852.html HTTP/1.0" 200 73904 "-" "CCBot/2.0 (https://commoncrawl.org/faq/)"
185.191.171.6 - - [29/Nov/2021:03:40:35 +0100] "GET /lighting-c-86.html?page=13 HTTP/1.0" 200 92682 "-" "Mozilla/5.0 (compatible; SemrushBot/7~bl; +http://www.semrush.com/bot.html)"
49.7.20.122 - - [29/Nov/2021:03:40:46 +0100] "GET / HTTP/1.0" 200 151588 "-" "Sogou web spider/4.0(+http://www.sogou.com/docs/help/webmasters.htm#07)"
207.46.13.202 - - [29/Nov/2021:03:40:55 +0100] "GET /images/big_prod/5051276373010.jpg HTTP/1.0" 200 268 "-" "Mozilla/5.0 (compatible; bingbot/2.0; +http://www.bing.com/bingbot.htm)"
185.191.171.6 - - [29/Nov/2021:03:40:46 +0100] "GET /curtain-panel-with-eyelets-linen-p-49365.html?action=add_product HTTP/1.0" 302 476 "-" "Mozilla/5.0 (compatible; SemrushBot/7~bl; +http://www.semrush.com/bot.html)"
54.234.191.202 - - [29/Nov/2021:03:41:08 +0100] "GET /poetic-birds-p-56855.html HTTP/1.0" 200 73885 "-" "CCBot/2.0 (https://commoncrawl.org/faq/)"
216.244.66.242 - - [29/Nov/2021:03:41:28 +0100] "GET /water-and-outdoor-games-c-4_143.html HTTP/1.0" 301 583 "-" "Mozilla/5.0 (compatible; DotBot/1.2; +https://opensiteexplorer.org/dotbot; help@moz.com)"
49.7.20.112 - - [29/Nov/2021:03:41:51 +0100] "GET / HTTP/1.0" 200 151557 "-" "Sogou web spider/4.0(+http://www.sogou.com/docs/help/webmasters.htm#07)"
54.234.191.202 - - [29/Nov/2021:03:41:51 +0100] "GET /ottomans-storage-ottomans-c-13_209.html HTTP/1.0" 200 90106 "-" "CCBot/2.0 (https://commoncrawl.org/faq/)"
207.46.13.118 - - [29/Nov/2021:03:42:25 +0100] "GET /images/ST-VALENTIN-17.jpg HTTP/1.0" 200 260 "-" "Mozilla/5.0 (compatible; bingbot/2.0; +http://www.bing.com/bingbot.htm)"
185.191.171.13 - - [29/Nov/2021:03:42:25 +0100] "GET /pot-wine-bar-with-cookware-p-45711.html HTTP/1.0" 301 73365 "-" "Mozilla/5.0 (compatible; SemrushBot/7~bl; +http://www.semrush.com/bot.html)"
104.156.246.69 - - [29/Nov/2021:03:42:37 +0100] "GET /images/mini_prod/8433933031476.jpg HTTP/1.0" 200 269 "-" "Mozilla/5.0 (X11; Ubuntu; Linux x86_64; rv:72.0) Gecko/20100101 Firefox/72.0"
185.191.171.7 - - [29/Nov/2021:03:42:28 +0100] "GET /wine-with-cookware-p-45711.html HTTP/1.0" 200 73280 "-" "Mozilla/5.0 (compatible; SemrushBot/7~bl; +http://www.semrush.com/bot.html)"
54.234.191.202 - - [29/Nov/2021:03:42:36 +0100] "GET /christmas-tinker-bell-figurine-p-56729.html HTTP/1.0" 200 74501 "-" "CCBot/2.0 (https://commoncrawl.org/faq/)"
185.191.171.38 - - [29/Nov/2021:03:42:58 +0100] "GET /bedclothes-140-200-cm-geomix-p-53458.html HTTP/1.0" 301 73427 "-" "Mozilla/5.0 (compatible; SemrushBot/7~bl; +http://www.semrush.com/bot.html)"
49.7.20.122 - - [29/Nov/2021:03:42:58 +0100] "GET / HTTP/1.0" 200 151483 "-" "Sogou web spider/4.0(+http://www.sogou.com/docs/help/webmasters.htm#07)"
185.191.171.24 - - [29/Nov/2021:03:43:09 +0100] "GET /bedclothes-gomix-p-53458.html HTTP/1.0" 200 73344 "-" "Mozilla/5.0 (compatible; SemrushBot/7~bl; +http://www.semrush.com/bot.html)"
54.234.191.202 - - [29/Nov/2021:03:43:21 +0100] "GET /cement-glasses-flower-p-56910.html HTTP/1.0" 200 73198 "-" "CCBot/2.0 (https://commoncrawl.org/faq/)"
17.121.113.204 - - [29/Nov/2021:03:43:33 +0100] "GET /coconut-fibers-doormat-koala-p-55108.html HTTP/1.0" 200 70686 "-" "Mozilla/5.0 (Macintosh; Intel Mac OS X 10_15_5) AppleWebKit/605.1.15 (KHTML, like Gecko) Version/13.1.1 Safari/605.1.15 (Applebot/0.1; +http://www.apple.com/go/applebot)"
216.244.66.242 - - [29/Nov/2021:03:43:43 +0100] "GET /cars-small-backpack-p-11991.html HTTP/1.0" 301 575 "-" "Mozilla/5.0 (compatible; DotBot/1.2; +https://opensiteexplorer.org/dotbot; help@moz.com)"
54.234.191.202 - - [29/Nov/2021:03:44:06 +0100] "GET /poncho-towels-bathrobes-c-11_72.html HTTP/1.0" 200 81658 "-" "CCBot/2.0 (https://commoncrawl.org/faq/)"
207.46.13.118 - - [29/Nov/2021:03:44:06 +0100] "GET /vilaines-filles-beach-towel-p-51708.html HTTP/1.0" 200 73348 "-" "Mozilla/5.0 (compatible; bingbot/2.0; +http://www.bing.com/bingbot.htm)"
216.244.66.242 - - [29/Nov/2021:03:44:18 +0100] "GET /decorative-zebra-statue-36-cm-p-44671.html HTTP/1.0" 301 595 "-" "Mozilla/5.0 (compatible; DotBot/1.2; +https://opensiteexplorer.org/dotbot; help@moz.com)"
185.191.171.9 - - [29/Nov/2021:03:44:18 +0100] "GET /wick-ellipse-candle-heart-home-ocean-sapphire-p-51072.html HTTP/1.0" 200 74090 "-" "Mozilla/5.0 (compatible; SemrushBot/7~bl; +http://www.semrush.com/bot.html)"
185.191.171.18 - - [29/Nov/2021:03:44:28 +0100] "GET /bamboo-fiber-plant-cover-p-54404.html?action=add_product HTTP/1.0" 302 476 "-" "Mozilla/5.0 (compatible; SemrushBot/7~bl; +http://www.semrush.com/bot.html)"
185.191.171.4 - - [29/Nov/2021:03:44:30 +0100] "GET /anna-disney-frozen-secret-box-collection-p-29098.html HTTP/1.0" 301 73604 "-" "Mozilla/5.0 (compatible; SemrushBot/7~bl; +http://www.semrush.com/bot.html)"
185.191.171.21 - - [29/Nov/2021:03:44:42 +0100] "GET /anna-disney-frozen-secret-collection-p-29098.html HTTP/1.0" 200 73501 "-" "Mozilla/5.0 (compatible; SemrushBot/7~bl; +http://www.semrush.com/bot.html)"
54.234.191.202 - - [29/Nov/2021:03:44:50 +0100] "GET /wooden-kitchen-with-clock-p-32058.html HTTP/1.0" 200 73287 "-" "CCBot/2.0 (https://commoncrawl.org/faq/)"
216.244.66.242 - - [29/Nov/2021:03:45:03 +0100] "GET /hanging-wooden-wall-decoration-19-19-cm-cat-p-47067.html HTTP/1.0" 301 623 "-" "Mozilla/5.0 (compatible; DotBot/1.2; +https://opensiteexplorer.org/dotbot; help@moz.com)"
17.121.113.162 - - [29/Nov/2021:03:45:12 +0100] "GET /-p-33183.html HTTP/1.0" 200 70564 "-" "Mozilla/5.0 (Macintosh; Intel Mac OS X 10_15_5) AppleWebKit/605.1.15 (KHTML, like Gecko) Version/13.1.1 Safari/605.1.15 (Applebot/0.1; +http://www.apple.com/go/applebot)"
185.191.171.23 - - [29/Nov/2021:03:45:13 +0100] "GET /the-kiss-statue-by-rodin-24-cm-p-46906.html HTTP/1.0" 301 74200 "-" "Mozilla/5.0 (compatible; SemrushBot/7~bl; +http://www.semrush.com/bot.html)"
216.244.66.242 - - [29/Nov/2021:03:45:35 +0100] "GET /the-little-prince-of-st-exupery-figurine-p-44605.html HTTP/1.0" 301 617 "-" "Mozilla/5.0 (compatible; DotBot/1.2; +https://opensiteexplorer.org/dotbot; help@moz.com)"
185.191.171.23 - - [29/Nov/2021:03:45:26 +0100] "GET /kiss-statue-rodin-p-46906.html HTTP/1.0" 200 74116 "-" "Mozilla/5.0 (compatible; SemrushBot/7~bl; +http://www.semrush.com/bot.html)"
54.234.191.202 - - [29/Nov/2021:03:45:35 +0100] "GET /water-bottle-liters-blue-grey-p-56878.html HTTP/1.0" 200 74079 "-" "CCBot/2.0 (https://commoncrawl.org/faq/)"
185.191.171.15 - - [29/Nov/2021:03:45:56 +0100] "GET /small-panda-resin-p-48270.html?action=add_product HTTP/1.0" 302 476 "-" "Mozilla/5.0 (compatible; SemrushBot/7~bl; +http://www.semrush.com/bot.html)"
54.234.191.202 - - [29/Nov/2021:03:46:18 +0100] "GET /gold-brass-whistle-ring-p-56683.html HTTP/1.0" 200 73270 "-" "CCBot/2.0 (https://commoncrawl.org/faq/)"
54.234.191.202 - - [29/Nov/2021:03:46:50 +0100] "GET /wooden-cubi-cover-bonne-franquette-p-56693.html HTTP/1.0" 200 74119 "-" "CCBot/2.0 (https://commoncrawl.org/faq/)"
185.191.171.24 - - [29/Nov/2021:03:47:23 +0100] "GET /retro-metal-tray-p-40730.html?action=add_product HTTP/1.0" 302 476 "-" "Mozilla/5.0 (compatible; SemrushBot/7~bl; +http://www.semrush.com/bot.html)"
185.191.171.3 - - [29/Nov/2021:03:47:25 +0100] "GET /blue-gold-statuette-p-53044.html?action=add_product HTTP/1.0" 302 476 "-" "Mozilla/5.0 (compatible; SemrushBot/7~bl; +http://www.semrush.com/bot.html)"
54.234.191.202 - - [29/Nov/2021:03:47:33 +0100] "GET /salt-lamp-tree-life-approx-p-56834.html HTTP/1.0" 200 74280 "-" "CCBot/2.0 (https://commoncrawl.org/faq/)"
49.7.20.122 - - [29/Nov/2021:03:47:45 +0100] "GET / HTTP/1.0" 200 150988 "-" "Sogou web spider/4.0(+http://www.sogou.com/docs/help/webmasters.htm#07)"
54.234.191.202 - - [29/Nov/2021:03:48:18 +0100] "GET /frida-kahlo-with-infuser-p-56679.html HTTP/1.0" 200 73880 "-" "CCBot/2.0 (https://commoncrawl.org/faq/)"
185.191.171.39 - - [29/Nov/2021:03:48:18 +0100] "GET /kimmi-junior-wooden-p-15840.html HTTP/1.0" 200 73212 "-" "Mozilla/5.0 (compatible; SemrushBot/7~bl; +http://www.semrush.com/bot.html)"
185.191.171.15 - - [29/Nov/2021:03:48:40 +0100] "GET /metal-trivet-p-39673.html HTTP/1.0" 200 73125 "-" "Mozilla/5.0 (compatible; SemrushBot/7~bl; +http://www.semrush.com/bot.html)"
207.46.13.202 - - [29/Nov/2021:03:48:40 +0100] "GET /decorations-and-furnishings/decorations/tinkerbell-pixie39s-figurine-ornement-collection-disney-tradit-p-17338.html HTTP/1.0" 301 70631 "-" "Mozilla/5.0 (compatible; bingbot/2.0; +http://www.bing.com/bingbot.htm)"
185.191.171.8 - - [29/Nov/2021:03:48:51 +0100] "GET /chinese-guardian-lion-statue-his-left-leg-resting-on-globe-p-50091.html HTTP/1.0" 301 74658 "-" "Mozilla/5.0 (compatible; SemrushBot/7~bl; +http://www.semrush.com/bot.html)"
54.234.191.202 - - [29/Nov/2021:03:49:01 +0100] "GET /archangel-uriel-statue-p-56774.html HTTP/1.0" 200 73912 "-" "CCBot/2.0 (https://commoncrawl.org/faq/)"
185.191.171.10 - - [29/Nov/2021:03:49:01 +0100] "GET /chinese-guardian-lion-statue-left-resting-globe-p-50091.html HTTP/1.0" 200 74544 "-" "Mozilla/5.0 (compatible; SemrushBot/7~bl; +http://www.semrush.com/bot.html)"
185.191.171.13 - - [29/Nov/2021:03:49:15 +0100] "GET /storage-basket-petit-bazar-p-55798.html HTTP/1.0" 200 73993 "-" "Mozilla/5.0 (compatible; SemrushBot/7~bl; +http://www.semrush.com/bot.html)"
54.234.191.202 - - [29/Nov/2021:03:49:35 +0100] "GET /cake-molds-cube-molds-c-12_246.html HTTP/1.0" 200 85529 "-" "CCBot/2.0 (https://commoncrawl.org/faq/)"
216.244.66.242 - - [29/Nov/2021:03:49:35 +0100] "GET /superman-trolley-p-30348.html HTTP/1.0" 200 70635 "-" "Mozilla/5.0 (compatible; DotBot/1.2; +https://opensiteexplorer.org/dotbot; help@moz.com)"
185.191.171.10 - - [29/Nov/2021:03:49:35 +0100] "GET /home-and-decoration-c-13.html?page=39 HTTP/1.0" 301 92684 "-" "Mozilla/5.0 (compatible; SemrushBot/7~bl; +http://www.semrush.com/bot.html)"
185.191.171.35 - - [29/Nov/2021:03:49:48 +0100] "GET /home-decoration-c-13.html?page=39 HTTP/1.0" 200 92597 "-" "Mozilla/5.0 (compatible; SemrushBot/7~bl; +http://www.semrush.com/bot.html)"
185.191.171.16 - - [29/Nov/2021:03:50:08 +0100] "GET /metal-crayola-markers-p-32535.html?action=add_product HTTP/1.0" 302 476 "-" "Mozilla/5.0 (compatible; SemrushBot/7~bl; +http://www.semrush.com/bot.html)"
54.234.191.202 - - [29/Nov/2021:03:50:19 +0100] "GET /photo-frames-memo-clips-c-13_132.html HTTP/1.0" 200 91048 "-" "CCBot/2.0 (https://commoncrawl.org/faq/)"
54.36.148.65 - - [29/Nov/2021:03:50:19 +0100] "GET /beatles-metal-locker-p-6261.html HTTP/1.0" 301 70628 "-" "Mozilla/5.0 (compatible; AhrefsBot/7.0; +http://ahrefs.com/robot/)"
185.191.171.5 - - [29/Nov/2021:03:50:19 +0100] "GET /cotton-floor-cushion-daphn-p-54422.html HTTP/1.0" 200 73996 "-" "Mozilla/5.0 (compatible; SemrushBot/7~bl; +http://www.semrush.com/bot.html)"
216.244.66.242 - - [29/Nov/2021:03:50:19 +0100] "GET /charmmy-kitty-poncho-towels-p-5963.html HTTP/1.0" 200 70660 "-" "Mozilla/5.0 (compatible; DotBot/1.2; +https://opensiteexplorer.org/dotbot; help@moz.com)"
54.36.148.43 - - [29/Nov/2021:03:50:29 +0100] "GET /sweet-home-led-light-decoration-p-52229.html HTTP/1.0" 301 70764 "-" "Mozilla/5.0 (compatible; AhrefsBot/7.0; +http://ahrefs.com/robot/)"
185.191.171.9 - - [29/Nov/2021:03:50:51 +0100] "GET /happy-hair-tidy-p-19449.html?action=add_product HTTP/1.0" 302 476 "-" "Mozilla/5.0 (compatible; SemrushBot/7~bl; +http://www.semrush.com/bot.html)"
54.234.191.202 - - [29/Nov/2021:03:50:53 +0100] "GET /dachshund-metal-coat-rack-p-45944.html HTTP/1.0" 200 73953 "-" "CCBot/2.0 (https://commoncrawl.org/faq/)"
216.244.66.242 - - [29/Nov/2021:03:51:02 +0100] "GET /dubout-cats-white-ceramic-plate-p-40046.html HTTP/1.0" 200 70678 "-" "Mozilla/5.0 (compatible; DotBot/1.2; +https://opensiteexplorer.org/dotbot; help@moz.com)"
54.234.191.202 - - [29/Nov/2021:03:51:34 +0100] "GET /embossed-metal-plate-p-56762.html HTTP/1.0" 200 73837 "-" "CCBot/2.0 (https://commoncrawl.org/faq/)"
207.46.13.118 - - [29/Nov/2021:03:51:34 +0100] "GET /chairs-cushion-c-11_165.html HTTP/1.0" 200 91353 "-" "Mozilla/5.0 (compatible; bingbot/2.0; +http://www.bing.com/bingbot.htm)"
216.244.66.242 - - [29/Nov/2021:03:51:45 +0100] "GET /sailors-cats-mug-p-39826.html HTTP/1.0" 301 70706 "-" "Mozilla/5.0 (compatible; DotBot/1.2; +https://opensiteexplorer.org/dotbot; help@moz.com)"
54.234.191.202 - - [29/Nov/2021:03:52:18 +0100] "GET /shaped-salt-lamp-p-56669.html HTTP/1.0" 200 73915 "-" "CCBot/2.0 (https://commoncrawl.org/faq/)"
216.244.66.242 - - [29/Nov/2021:03:52:18 +0100] "GET /star-wars-kanan-jarrus-figure-p-34610.html HTTP/1.0" 200 70700 "-" "Mozilla/5.0 (compatible; DotBot/1.2; +https://opensiteexplorer.org/dotbot; help@moz.com)"
216.244.66.242 - - [29/Nov/2021:03:53:01 +0100] "GET /three-little-pigs-figure-p-3613.html HTTP/1.0" 200 70673 "-" "Mozilla/5.0 (compatible; DotBot/1.2; +https://opensiteexplorer.org/dotbot; help@moz.com)"
49.7.20.122 - - [29/Nov/2021:03:53:03 +0100] "GET / HTTP/1.0" 200 151941 "-" "Sogou web spider/4.0(+http://www.sogou.com/docs/help/webmasters.htm#07)"
66.249.75.168 - - [29/Nov/2021:03:53:22 +0100] "GET /images/big_prod/1384010204917.jpg HTTP/1.0" 200 268 "-" "Googlebot-Image/1.0"
185.191.171.23 - - [29/Nov/2021:03:53:22 +0100] "GET /resin-pendulum-allen-p-44572.html HTTP/1.0" 200 73289 "-" "Mozilla/5.0 (compatible; SemrushBot/7~bl; +http://www.semrush.com/bot.html)"
216.244.66.242 - - [29/Nov/2021:03:53:33 +0100] "GET /cushion-cover-ethnik-p-49953.html HTTP/1.0" 200 73427 "-" "Mozilla/5.0 (compatible; DotBot/1.2; +https://opensiteexplorer.org/dotbot; help@moz.com)"
185.191.171.26 - - [29/Nov/2021:03:53:33 +0100] "GET /luggages-schoolbags-leather-shop-c-31.html?page=58 HTTP/1.0" 200 94351 "-" "Mozilla/5.0 (compatible; SemrushBot/7~bl; +http://www.semrush.com/bot.html)"
185.191.171.37 - - [29/Nov/2021:03:54:17 +0100] "GET /dishes-c-13_12.html?page=109 HTTP/1.0" 200 92363 "-" "Mozilla/5.0 (compatible; SemrushBot/7~bl; +http://www.semrush.com/bot.html)"
185.191.171.7 - - [29/Nov/2021:03:54:39 +0100] "GET /wallet-c-31_237.html?page=1 HTTP/1.0" 200 91842 "-" "Mozilla/5.0 (compatible; SemrushBot/7~bl; +http://www.semrush.com/bot.html)"
185.191.171.11 - - [29/Nov/2021:03:55:09 +0100] "GET /tetsubin-green-teapot-japanese-liter-p-47380.html HTTP/1.0" 200 73517 "-" "Mozilla/5.0 (compatible; SemrushBot/7~bl; +http://www.semrush.com/bot.html)"
77.88.5.222 - - [29/Nov/2021:03:56:40 +0100] "GET /robots.txt HTTP/1.0" 200 245 "-" "Mozilla/5.0 (compatible; YandexBot/3.0; +http://yandex.com/bots)"
54.234.191.202 - - [29/Nov/2021:03:56:40 +0100] "GET /bohemian-ethnic-lirette-carpet-p-56662.html HTTP/1.0" 200 74079 "-" "CCBot/2.0 (https://commoncrawl.org/faq/)"
77.88.5.222 - - [29/Nov/2021:03:56:42 +0100] "GET /images/3700057117382.jpg HTTP/1.0" 200 259 "-" "Mozilla/5.0 (compatible; YandexImages/3.0; +http://yandex.com/bots)"
77.75.79.95 - - [29/Nov/2021:03:57:03 +0100] "GET /robots.txt HTTP/1.0" 200 245 "-" "Mozilla/5.0 (compatible; SeznamBot/3.2; +http://napoveda.seznam.cz/en/seznambot-intro/)"
185.191.171.12 - - [29/Nov/2021:03:57:03 +0100] "GET /kimmidoll-doll-10-cm-p-46128.html HTTP/1.0" 301 70724 "-" "Mozilla/5.0 (compatible; SemrushBot/7~bl; +http://www.semrush.com/bot.html)"
77.75.79.95 - - [29/Nov/2021:03:57:14 +0100] "GET /images/mini_prod/8433933158555.jpg HTTP/1.0" 200 269 "-" "Mozilla/5.0 (compatible; SeznamBot/3.2; +http://napoveda.seznam.cz/en/seznambot-intro/)"
185.191.171.19 - - [29/Nov/2021:03:57:06 +0100] "GET /kimmidoll-doll-p-46128.html HTTP/1.0" 200 70643 "-" "Mozilla/5.0 (compatible; SemrushBot/7~bl; +http://www.semrush.com/bot.html)"
185.191.171.25 - - [29/Nov/2021:03:57:16 +0100] "GET /decorative-boomerang-taurus-p-50672.html?action=add_product HTTP/1.0" 302 476 "-" "Mozilla/5.0 (compatible; SemrushBot/7~bl; +http://www.semrush.com/bot.html)"
54.234.191.202 - - [29/Nov/2021:03:57:25 +0100] "GET /wall-decoration-hang-p-56891.html HTTP/1.0" 200 73325 "-" "CCBot/2.0 (https://commoncrawl.org/faq/)"
185.191.171.8 - - [29/Nov/2021:03:57:58 +0100] "GET /robots.txt HTTP/1.0" 301 531 "-" "Mozilla/5.0 (compatible; SemrushBot/7~bl; +http://www.semrush.com/bot.html)"
185.191.171.8 - - [29/Nov/2021:03:57:59 +0100] "GET /robots.txt HTTP/1.0" 200 245 "-" "Mozilla/5.0 (compatible; SemrushBot/7~bl; +http://www.semrush.com/bot.html)"
185.191.171.24 - - [29/Nov/2021:03:57:59 +0100] "GET /decorations/photo-frames-and-memo-clips/coca-cola-have-coke-photo-frame-p-19675.html HTTP/1.0" 301 679 "-" "Mozilla/5.0 (compatible; SemrushBot/7~bl; +http://www.semrush.com/bot.html)"
54.234.191.202 - - [29/Nov/2021:03:57:58 +0100] "GET /ornamental-brass-padlock-p-56766.html HTTP/1.0" 200 73378 "-" "CCBot/2.0 (https://commoncrawl.org/faq/)"
185.191.171.34 - - [29/Nov/2021:03:58:00 +0100] "GET /decorations/photo-frames-and-memo-clips/coca-cola-have-coke-photo-frame-p-19675.html HTTP/1.0" 301 70631 "-" "Mozilla/5.0 (compatible; SemrushBot/7~bl; +http://www.semrush.com/bot.html)"
185.191.171.39 - - [29/Nov/2021:03:58:01 +0100] "GET /robots.txt HTTP/1.0" 200 245 "-" "Mozilla/5.0 (compatible; SemrushBot/7~bl; +http://www.semrush.com/bot.html)"
185.191.171.43 - - [29/Nov/2021:03:58:10 +0100] "GET /-p-19675.html HTTP/1.0" 200 70564 "-" "Mozilla/5.0 (compatible; SemrushBot/7~bl; +http://www.semrush.com/bot.html)"
54.234.191.202 - - [29/Nov/2021:03:58:31 +0100] "GET /scratch-france-wall-decoration-paper-p-56711.html HTTP/1.0" 200 74076 "-" "CCBot/2.0 (https://commoncrawl.org/faq/)"
157.55.39.108 - - [29/Nov/2021:03:58:42 +0100] "GET /images/mini_prod/8436565221123.jpg HTTP/1.0" 200 269 "-" "Mozilla/5.0 (compatible; bingbot/2.0; +http://www.bing.com/bingbot.htm)"
185.191.171.24 - - [29/Nov/2021:03:58:52 +0100] "GET /-p-33736.html?action=add_product HTTP/1.0" 302 476 "-" "Mozilla/5.0 (compatible; SemrushBot/7~bl; +http://www.semrush.com/bot.html)"
185.191.171.7 - - [29/Nov/2021:03:59:14 +0100] "GET /jacadi-kids-school-navy-blue-p-44879.html?action=add_product HTTP/1.0" 302 476 "-" "Mozilla/5.0 (compatible; SemrushBot/7~bl; +http://www.semrush.com/bot.html)"
49.7.20.122 - - [29/Nov/2021:03:59:24 +0100] "GET / HTTP/1.0" 200 152102 "-" "Sogou web spider/4.0(+http://www.sogou.com/docs/help/webmasters.htm#07)"
54.234.191.202 - - [29/Nov/2021:03:59:45 +0100] "GET /rusty-metal-buddha-mobile-p-56719.html HTTP/1.0" 200 74034 "-" "CCBot/2.0 (https://commoncrawl.org/faq/)"
40.77.167.66 - - [29/Nov/2021:03:59:55 +0100] "GET /vinegar-salt-pepper-shakers-p-51795.html HTTP/1.0" 200 74228 "-" "Mozilla/5.0 (compatible; bingbot/2.0; +http://www.bing.com/bingbot.htm)"
185.191.171.19 - - [29/Nov/2021:04:00:19 +0100] "GET /tea-towels-napkins-c-11_177.html?page=4 HTTP/1.0" 301 94072 "-" "Mozilla/5.0 (compatible; SemrushBot/7~bl; +http://www.semrush.com/bot.html)"
185.191.171.7 - - [29/Nov/2021:04:00:29 +0100] "GET /towels-napkins-c-177.html?page=4 HTTP/1.0" 301 93953 "-" "Mozilla/5.0 (compatible; SemrushBot/7~bl; +http://www.semrush.com/bot.html)"
185.191.171.24 - - [29/Nov/2021:04:00:40 +0100] "GET /towels-napkins-c-11_177.html?page=4 HTTP/1.0" 200 93986 "-" "Mozilla/5.0 (compatible; SemrushBot/7~bl; +http://www.semrush.com/bot.html)"
185.191.171.42 - - [29/Nov/2021:04:00:50 +0100] "GET /rigid-glasses-cats-p-53838.html?action=add_product HTTP/1.0" 302 476 "-" "Mozilla/5.0 (compatible; SemrushBot/7~bl; +http://www.semrush.com/bot.html)"
54.234.191.202 - - [29/Nov/2021:04:01:03 +0100] "GET /decorative-cotton-hearts-hang-elvira-p-56793.html HTTP/1.0" 200 74470 "-" "CCBot/2.0 (https://commoncrawl.org/faq/)"
185.191.171.21 - - [29/Nov/2021:04:01:22 +0100] "GET /pour-anniv-blue-piggy-bank-p-37776.html HTTP/1.0" 200 73341 "-" "Mozilla/5.0 (compatible; SemrushBot/7~bl; +http://www.semrush.com/bot.html)"
54.234.191.202 - - [29/Nov/2021:04:01:43 +0100] "GET /white-lampshade-p-56792.html HTTP/1.0" 200 73871 "-" "CCBot/2.0 (https://commoncrawl.org/faq/)"
157.55.39.108 - - [29/Nov/2021:04:01:54 +0100] "GET /grey-home-sweet-home-perfume-diffuser-p-40552.html HTTP/1.0" 200 73438 "-" "Mozilla/5.0 (compatible; bingbot/2.0; +http://www.bing.com/bingbot.htm)"
185.191.171.21 - - [29/Nov/2021:04:01:53 +0100] "GET /home-and-decoration-c-13.html?page=225 HTTP/1.0" 301 93307 "-" "Mozilla/5.0 (compatible; SemrushBot/7~bl; +http://www.semrush.com/bot.html)"
185.191.171.8 - - [29/Nov/2021:04:02:06 +0100] "GET /home-decoration-c-13.html?page=225 HTTP/1.0" 200 93219 "-" "Mozilla/5.0 (compatible; SemrushBot/7~bl; +http://www.semrush.com/bot.html)"
51.68.224.127 - - [29/Nov/2021:04:02:27 +0100] "GET /adminweb/export_orders_xml.php?token=256de2z6edz6ed2z6DFSFsed2zed6zeDSFDSGdzedezfzf&maxorders=10&orderstart=1&status=14&start_date=2018-10-01 HTTP/1.0" 200 285 "-" "GesCom CharlotteBoutik Serveur"
54.234.191.202 - - [29/Nov/2021:04:02:26 +0100] "GET /hand-fatma-with-infuser-p-56677.html HTTP/1.0" 200 73841 "-" "CCBot/2.0 (https://commoncrawl.org/faq/)"
51.68.224.127 - - [29/Nov/2021:04:02:27 +0100] "GET /adminweb/export_orders_xml.php?token=256de2z6edz6ed2z6DFSFsed2zed6zeDSFDSGdzedezfzf&maxorders=10&orderstart=1&status=6&start_date=2018-10-01 HTTP/1.0" 200 32471 "-" "GesCom CharlotteBoutik Serveur"
185.191.171.45 - - [29/Nov/2021:04:02:36 +0100] "GET /wick-ellipse-candle-heart-and-home-ruby-pomegranate-p-51059.html HTTP/1.0" 301 74223 "-" "Mozilla/5.0 (compatible; SemrushBot/7~bl; +http://www.semrush.com/bot.html)"
185.191.171.33 - - [29/Nov/2021:04:02:47 +0100] "GET /wick-ellipse-candle-heart-home-ruby-pomegranate-p-51059.html HTTP/1.0" 200 74109 "-" "Mozilla/5.0 (compatible; SemrushBot/7~bl; +http://www.semrush.com/bot.html)"
185.191.171.20 - - [29/Nov/2021:04:03:50 +0100] "GET /incense-satya-champa-palo-santo-grams-about-sticks-p-44397.html?action=add_product HTTP/1.0" 302 476 "-" "Mozilla/5.0 (compatible; SemrushBot/7~bl; +http://www.semrush.com/bot.html)"
106.11.157.20 - - [29/Nov/2021:04:04:44 +0100] "GET /images/mini_prod/063562526968.gif HTTP/1.0" 200 267 "http://www.wonder-geek.com/bowls-c-12_60.html" "YisouSpider"
185.191.171.20 - - [29/Nov/2021:04:04:43 +0100] "GET /medusa-glass-paperweight-p-51429.html?action=add_product HTTP/1.0" 302 476 "-" "Mozilla/5.0 (compatible; SemrushBot/7~bl; +http://www.semrush.com/bot.html)"
54.234.191.202 - - [29/Nov/2021:04:04:54 +0100] "GET /aromatic-burner-flowers-white-p-56899.html HTTP/1.0" 200 74140 "-" "CCBot/2.0 (https://commoncrawl.org/faq/)"
185.191.171.37 - - [29/Nov/2021:04:05:16 +0100] "GET /planter-blue-p-55560.html?action=add_product HTTP/1.0" 302 476 "-" "Mozilla/5.0 (compatible; SemrushBot/7~bl; +http://www.semrush.com/bot.html)"
17.121.115.148 - - [29/Nov/2021:04:05:28 +0100] "GET /-p-32897.html HTTP/1.0" 200 70564 "-" "Mozilla/5.0 (Macintosh; Intel Mac OS X 10_15_5) AppleWebKit/605.1.15 (KHTML, like Gecko) Version/13.1.1 Safari/605.1.15 (Applebot/0.1; +http://www.apple.com/go/applebot)"
54.234.191.202 - - [29/Nov/2021:04:05:37 +0100] "GET /decorative-cotton-hearts-hang-pauline-p-56794.html HTTP/1.0" 200 74494 "-" "CCBot/2.0 (https://commoncrawl.org/faq/)"
185.191.171.19 - - [29/Nov/2021:04:05:37 +0100] "GET /mini-magnetic-plate-rtro-p-30529.html HTTP/1.0" 200 73240 "-" "Mozilla/5.0 (compatible; SemrushBot/7~bl; +http://www.semrush.com/bot.html)"
185.191.171.16 - - [29/Nov/2021:04:06:08 +0100] "GET /child-apron-little-prince-p-47662.html?action=add_product HTTP/1.0" 302 476 "-" "Mozilla/5.0 (compatible; SemrushBot/7~bl; +http://www.semrush.com/bot.html)"
185.191.171.14 - - [29/Nov/2021:04:06:18 +0100] "GET /wolf-plaid-p-53213.html HTTP/1.0" 200 73246 "-" "Mozilla/5.0 (compatible; SemrushBot/7~bl; +http://www.semrush.com/bot.html)"
49.7.20.122 - - [29/Nov/2021:04:07:10 +0100] "GET / HTTP/1.0" 200 151676 "-" "Sogou web spider/4.0(+http://www.sogou.com/docs/help/webmasters.htm#07)"
185.191.171.15 - - [29/Nov/2021:04:07:32 +0100] "GET /bear-plush-26-cm-p-25888.html HTTP/1.0" 301 73323 "-" "Mozilla/5.0 (compatible; SemrushBot/7~bl; +http://www.semrush.com/bot.html)"
185.191.171.26 - - [29/Nov/2021:04:07:42 +0100] "GET /bear-plush-p-25888.html HTTP/1.0" 200 73246 "-" "Mozilla/5.0 (compatible; SemrushBot/7~bl; +http://www.semrush.com/bot.html)"
54.234.191.202 - - [29/Nov/2021:04:08:03 +0100] "GET /carpet-jute-cotton-p-56666.html HTTP/1.0" 200 74398 "-" "CCBot/2.0 (https://commoncrawl.org/faq/)"
185.191.171.11 - - [29/Nov/2021:04:08:03 +0100] "GET /poetic-birds-p-56855.html?action=add_product HTTP/1.0" 302 476 "-" "Mozilla/5.0 (compatible; SemrushBot/7~bl; +http://www.semrush.com/bot.html)"
185.191.171.2 - - [29/Nov/2021:04:08:13 +0100] "GET /cherries-sponge-holder-p-34500.html HTTP/1.0" 200 73195 "-" "Mozilla/5.0 (compatible; SemrushBot/7~bl; +http://www.semrush.com/bot.html)"
185.191.171.26 - - [29/Nov/2021:04:08:34 +0100] "GET /lagoona-blue-figure-p-22568.html HTTP/1.0" 200 73256 "-" "Mozilla/5.0 (compatible; SemrushBot/7~bl; +http://www.semrush.com/bot.html)"
157.55.39.223 - - [29/Nov/2021:04:08:45 +0100] "GET /images/mini_prod/3700230605484.jpg HTTP/1.0" 200 269 "-" "Mozilla/5.0 (compatible; bingbot/2.0; +http://www.bing.com/bingbot.htm)"
185.191.171.11 - - [29/Nov/2021:04:08:45 +0100] "GET /large-moto-guzzi-sugar-p-52958.html?action=add_product HTTP/1.0" 302 476 "-" "Mozilla/5.0 (compatible; SemrushBot/7~bl; +http://www.semrush.com/bot.html)"
54.36.148.116 - - [29/Nov/2021:04:09:50 +0100] "GET /tea-pot-c-12_175.html?page=4 HTTP/1.0" 200 92887 "-" "Mozilla/5.0 (compatible; AhrefsBot/7.0; +http://ahrefs.com/robot/)"
54.234.191.202 - - [29/Nov/2021:04:09:51 +0100] "GET /embossed-metal-plate-p-56763.html HTTP/1.0" 200 73837 "-" "CCBot/2.0 (https://commoncrawl.org/faq/)"
54.234.191.202 - - [29/Nov/2021:04:10:33 +0100] "GET /hats-caps-c-2_43.html HTTP/1.0" 200 69487 "-" "CCBot/2.0 (https://commoncrawl.org/faq/)"
185.191.171.40 - - [29/Nov/2021:04:10:56 +0100] "GET /mango-storage-chest-p-53022.html HTTP/1.0" 200 73183 "-" "Mozilla/5.0 (compatible; SemrushBot/7~bl; +http://www.semrush.com/bot.html)"
54.234.191.202 - - [29/Nov/2021:04:11:06 +0100] "GET /clemence-charming-dekor-bedclothes-p-56823.html HTTP/1.0" 200 74099 "-" "CCBot/2.0 (https://commoncrawl.org/faq/)"
185.191.171.33 - - [29/Nov/2021:04:11:08 +0100] "GET /sentiment-towel-kitchen-towel-p-43630.html HTTP/1.0" 200 73981 "-" "Mozilla/5.0 (compatible; SemrushBot/7~bl; +http://www.semrush.com/bot.html)"
157.55.39.228 - - [29/Nov/2021:04:11:29 +0100] "GET /images/big_prod/1384010202814.jpg HTTP/1.0" 200 268 "-" "Mozilla/5.0 (compatible; bingbot/2.0; +http://www.bing.com/bingbot.htm)"
54.234.191.202 - - [29/Nov/2021:04:11:40 +0100] "GET /small-boxes-pill-c-13_150_154.html HTTP/1.0" 200 90459 "-" "CCBot/2.0 (https://commoncrawl.org/faq/)"
185.191.171.17 - - [29/Nov/2021:04:11:51 +0100] "GET /laundry-baskets-p-44778.html HTTP/1.0" 200 73236 "-" "Mozilla/5.0 (compatible; SemrushBot/7~bl; +http://www.semrush.com/bot.html)"
185.191.171.14 - - [29/Nov/2021:04:12:03 +0100] "GET /funny-little-bugs-pairs-socks-size-p-25322.html?action=add_product HTTP/1.0" 302 476 "-" "Mozilla/5.0 (compatible; SemrushBot/7~bl; +http://www.semrush.com/bot.html)"
207.46.13.118 - - [29/Nov/2021:04:12:27 +0100] "GET /kids-school-c-31_80.html HTTP/1.0" 200 90652 "-" "Mozilla/5.0 (compatible; bingbot/2.0; +http://www.bing.com/bingbot.htm)"
54.234.191.202 - - [29/Nov/2021:04:12:50 +0100] "GET /pink-peacock-jewelry-holder-statuette-p-56813.html HTTP/1.0" 200 73455 "-" "CCBot/2.0 (https://commoncrawl.org/faq/)"
54.234.191.202 - - [29/Nov/2021:04:13:25 +0100] "GET /burner-soapstone-buddha-p-56892.html HTTP/1.0" 200 74191 "-" "CCBot/2.0 (https://commoncrawl.org/faq/)"
185.191.171.44 - - [29/Nov/2021:04:14:00 +0100] "GET /bear-lamp-white-shade-p-55826.html HTTP/1.0" 200 74065 "-" "Mozilla/5.0 (compatible; SemrushBot/7~bl; +http://www.semrush.com/bot.html)"
54.234.191.202 - - [29/Nov/2021:04:14:11 +0100] "GET /pencil-c-129_183.html HTTP/1.0" 200 90779 "-" "CCBot/2.0 (https://commoncrawl.org/faq/)"
185.191.171.26 - - [29/Nov/2021:04:14:11 +0100] "GET /star-wars-hassk-thug-figure-p-34609.html HTTP/1.0" 301 70631 "-" "Mozilla/5.0 (compatible; SemrushBot/7~bl; +http://www.semrush.com/bot.html)"
185.191.171.43 - - [29/Nov/2021:04:14:22 +0100] "GET /-p-34609.html HTTP/1.0" 200 70564 "-" "Mozilla/5.0 (compatible; SemrushBot/7~bl; +http://www.semrush.com/bot.html)"
54.234.191.202 - - [29/Nov/2021:04:14:44 +0100] "GET /rugs-c-11_269.html HTTP/1.0" 200 91825 "-" "CCBot/2.0 (https://commoncrawl.org/faq/)"
185.191.171.18 - - [29/Nov/2021:04:14:58 +0100] "GET /money-p-47940.html?action=add_product HTTP/1.0" 302 476 "-" "Mozilla/5.0 (compatible; SemrushBot/7~bl; +http://www.semrush.com/bot.html)"
54.36.149.69 - - [29/Nov/2021:04:15:28 +0100] "GET /le-chat-noir-theophile-alexandre-steinlen-candle-holder-p-38935.html HTTP/1.0" 301 74325 "-" "Mozilla/5.0 (compatible; AhrefsBot/7.0; +http://ahrefs.com/robot/)"
54.234.191.202 - - [29/Nov/2021:04:15:28 +0100] "GET /mugs-mazagrans-c-12_57.html HTTP/1.0" 200 96210 "-" "CCBot/2.0 (https://commoncrawl.org/faq/)"
185.191.171.44 - - [29/Nov/2021:04:15:28 +0100] "GET /mobile-lunar-phases-p-55724.html HTTP/1.0" 200 73790 "-" "Mozilla/5.0 (compatible; SemrushBot/7~bl; +http://www.semrush.com/bot.html)"
185.191.171.9 - - [29/Nov/2021:04:16:56 +0100] "GET /pink-lampshade-p-55200.html HTTP/1.0" 200 70610 "-" "Mozilla/5.0 (compatible; SemrushBot/7~bl; +http://www.semrush.com/bot.html)"
54.234.191.202 - - [29/Nov/2021:04:17:08 +0100] "GET /wooden-cubi-cover-vieillis-p-56692.html HTTP/1.0" 200 74113 "-" "CCBot/2.0 (https://commoncrawl.org/faq/)"
54.234.191.202 - - [29/Nov/2021:04:17:41 +0100] "GET /scented-candles-novenas-c-231_227.html HTTP/1.0" 200 93798 "-" "CCBot/2.0 (https://commoncrawl.org/faq/)"
185.191.171.37 - - [29/Nov/2021:04:17:53 +0100] "GET /rectangular-kitchen-towel-cotton-paris-p-51356.html?action=add_product HTTP/1.0" 302 476 "-" "Mozilla/5.0 (compatible; SemrushBot/7~bl; +http://www.semrush.com/bot.html)"
157.55.39.228 - - [29/Nov/2021:04:18:13 +0100] "GET /images/8420406603223.jpg HTTP/1.0" 200 259 "-" "Mozilla/5.0 (compatible; bingbot/2.0; +http://www.bing.com/bingbot.htm)"
49.7.20.122 - - [29/Nov/2021:04:18:13 +0100] "GET / HTTP/1.0" 200 151304 "-" "Sogou web spider/4.0(+http://www.sogou.com/docs/help/webmasters.htm#07)"
207.46.13.202 - - [29/Nov/2021:04:18:37 +0100] "GET /images/big_prod/201153014627555642.jpg HTTP/1.0" 200 273 "-" "Mozilla/5.0 (compatible; bingbot/2.0; +http://www.bing.com/bingbot.htm)"
40.77.167.66 - - [29/Nov/2021:04:18:50 +0100] "GET /images/MISES-EN-SITUATION-STACH-NOIRE-20.jpg HTTP/1.0" 200 279 "-" "Mozilla/5.0 (compatible; bingbot/2.0; +http://www.bing.com/bingbot.htm)"
77.88.5.222 - - [29/Nov/2021:04:19:09 +0100] "GET /rapunzel-adventurous-princess-figure-collection-p-36956.html HTTP/1.0" 200 73491 "-" "Mozilla/5.0 (compatible; YandexBot/3.0; +http://yandex.com/bots)"
185.191.171.38 - - [29/Nov/2021:04:19:21 +0100] "GET /cotton-bath-mat-50-80-cm-zinc-p-47263.html HTTP/1.0" 301 74233 "-" "Mozilla/5.0 (compatible; SemrushBot/7~bl; +http://www.semrush.com/bot.html)"
185.191.171.22 - - [29/Nov/2021:04:19:32 +0100] "GET /cotton-bath-zinc-p-47263.html HTTP/1.0" 200 74150 "-" "Mozilla/5.0 (compatible; SemrushBot/7~bl; +http://www.semrush.com/bot.html)"
185.191.171.6 - - [29/Nov/2021:04:19:43 +0100] "GET /dishes-c-13_12.html?page=14 HTTP/1.0" 200 92393 "-" "Mozilla/5.0 (compatible; SemrushBot/7~bl; +http://www.semrush.com/bot.html)"
