185.191.171.1 - - [29/Nov/2021:09:58:05 +0100] "GET /door-plate-bathroom-p-47303.html?action=add_product HTTP/1.0" 302 476 "-" "Mozilla/5.0 (compatible; SemrushBot/7~bl; +http://www.semrush.com/bot.html)"
54.36.148.190 - - [29/Nov/2021:09:58:06 +0100] "GET /images/big_prod/3700572737102.jpg HTTP/1.0" 200 268 "-" "Mozilla/5.0 (compatible; AhrefsBot/7.0; +http://ahrefs.com/robot/)"
72.90.82.132 - - [29/Nov/2021:09:58:06 +0100] "GET /support-metal-bottle-p-45666.html HTTP/1.0" 200 73312 "-" "Mozilla/5.0 (compatible; MJ12bot/v1.4.8; http://mj12bot.com/)"
72.90.82.132 - - [29/Nov/2021:09:58:09 +0100] "GET /support-metal-bottle-the-van-p-45667.html HTTP/1.0" 301 73461 "-" "Mozilla/5.0 (compatible; MJ12bot/v1.4.8; http://mj12bot.com/)"
72.90.82.132 - - [29/Nov/2021:09:58:10 +0100] "GET /support-metal-bottle-eiffel-tower-p-45667.html HTTP/1.0" 200 73361 "-" "Mozilla/5.0 (compatible; MJ12bot/v1.4.8; http://mj12bot.com/)"
72.90.82.132 - - [29/Nov/2021:09:58:13 +0100] "GET /suspension-arbres-de-vie-en-metal-rouille-100-cm-p-49498.html HTTP/1.0" 301 74053 "-" "Mozilla/5.0 (compatible; MJ12bot/v1.4.8; http://mj12bot.com/)"
72.90.82.132 - - [29/Nov/2021:09:58:15 +0100] "GET /mobile-trees-leaves-rusty-metal-p-49498.html HTTP/1.0" 200 73955 "-" "Mozilla/5.0 (compatible; MJ12bot/v1.4.8; http://mj12bot.com/)"
72.90.82.132 - - [29/Nov/2021:09:58:17 +0100] "GET /thinkerbell-cap-and-scarf-set-51-cm-p-22148.html HTTP/1.0" 301 73503 "-" "Mozilla/5.0 (compatible; MJ12bot/v1.4.8; http://mj12bot.com/)"
207.46.13.118 - - [29/Nov/2021:09:58:18 +0100] "GET /images/big_prod_3/Cyclades.jpg HTTP/1.0" 200 265 "-" "Mozilla/5.0 (compatible; bingbot/2.0; +http://www.bing.com/bingbot.htm)"
72.90.82.132 - - [29/Nov/2021:09:58:19 +0100] "GET /thinkerbell-scarf-p-22148.html HTTP/1.0" 200 73419 "-" "Mozilla/5.0 (compatible; MJ12bot/v1.4.8; http://mj12bot.com/)"
72.90.82.132 - - [29/Nov/2021:09:58:21 +0100] "GET /thire-goste-chats-choupy-p-54598.html HTTP/1.0" 301 73349 "-" "Mozilla/5.0 (compatible; MJ12bot/v1.4.8; http://mj12bot.com/)"
72.90.82.132 - - [29/Nov/2021:09:58:23 +0100] "GET /choupy-ceramic-solitary-teapot-p-54598.html HTTP/1.0" 200 73252 "-" "Mozilla/5.0 (compatible; MJ12bot/v1.4.8; http://mj12bot.com/)"
72.90.82.132 - - [29/Nov/2021:09:58:25 +0100] "GET /thire-tetsubin-fonte-japonaise-rouge-litre-p-56037.html HTTP/1.0" 301 73671 "-" "Mozilla/5.0 (compatible; MJ12bot/v1.4.8; http://mj12bot.com/)"
72.90.82.132 - - [29/Nov/2021:09:58:27 +0100] "GET /tetsubin-teapot-japanese-liter-p-56037.html HTTP/1.0" 200 73574 "-" "Mozilla/5.0 (compatible; MJ12bot/v1.4.8; http://mj12bot.com/)"
72.90.82.132 - - [29/Nov/2021:09:58:29 +0100] "GET /thire-tetsubin-fonte-japonaise-turquoise-noir-p-56040.html HTTP/1.0" 301 73639 "-" "Mozilla/5.0 (compatible; MJ12bot/v1.4.8; http://mj12bot.com/)"
72.90.82.132 - - [29/Nov/2021:09:58:31 +0100] "GET /tetsubin-bleu-teapot-japanese-liter-p-56040.html HTTP/1.0" 200 73537 "-" "Mozilla/5.0 (compatible; MJ12bot/v1.4.8; http://mj12bot.com/)"
72.90.82.132 - - [29/Nov/2021:09:58:34 +0100] "GET /tiger-wall-sticker-p-38325.html HTTP/1.0" 301 70631 "-" "Mozilla/5.0 (compatible; MJ12bot/v1.4.8; http://mj12bot.com/)"
72.90.82.132 - - [29/Nov/2021:09:58:36 +0100] "GET /-p-38325.html HTTP/1.0" 200 70564 "-" "Mozilla/5.0 (compatible; MJ12bot/v1.4.8; http://mj12bot.com/)"
185.191.171.15 - - [29/Nov/2021:09:58:37 +0100] "GET /-p-32659.html?action=add_product HTTP/1.0" 302 476 "-" "Mozilla/5.0 (compatible; SemrushBot/7~bl; +http://www.semrush.com/bot.html)"
72.90.82.132 - - [29/Nov/2021:09:58:38 +0100] "GET /tiger-white-porcelain-bowl-480-ml-p-47861.html HTTP/1.0" 301 73293 "-" "Mozilla/5.0 (compatible; MJ12bot/v1.4.8; http://mj12bot.com/)"
72.90.82.132 - - [29/Nov/2021:09:58:39 +0100] "GET /tiger-white-porcelain-bowl-p-47861.html HTTP/1.0" 200 73200 "-" "Mozilla/5.0 (compatible; MJ12bot/v1.4.8; http://mj12bot.com/)"
72.90.82.132 - - [29/Nov/2021:09:58:42 +0100] "GET /tin-and-metal-signs-c-130.html HTTP/1.0" 301 94434 "-" "Mozilla/5.0 (compatible; MJ12bot/v1.4.8; http://mj12bot.com/)"
72.90.82.132 - - [29/Nov/2021:09:58:43 +0100] "GET /mtal-signs-c-13_130.html HTTP/1.0" 200 94482 "-" "Mozilla/5.0 (compatible; MJ12bot/v1.4.8; http://mj12bot.com/)"
72.90.82.132 - - [29/Nov/2021:09:58:46 +0100] "GET /torchon-coton-penses-multicolores-p-55470.html HTTP/1.0" 301 73549 "-" "Mozilla/5.0 (compatible; MJ12bot/v1.4.8; http://mj12bot.com/)"
72.90.82.132 - - [29/Nov/2021:09:58:48 +0100] "GET /pansy-over-cotton-towel-p-55470.html HTTP/1.0" 200 73459 "-" "Mozilla/5.0 (compatible; MJ12bot/v1.4.8; http://mj12bot.com/)"
72.90.82.132 - - [29/Nov/2021:09:58:50 +0100] "GET /torchon-cuisine-collection-patisserie-p-54752.html HTTP/1.0" 301 73381 "-" "Mozilla/5.0 (compatible; MJ12bot/v1.4.8; http://mj12bot.com/)"
72.90.82.132 - - [29/Nov/2021:09:58:52 +0100] "GET /kitchen-towel-patisserie-collection-p-54752.html HTTP/1.0" 200 73279 "-" "Mozilla/5.0 (compatible; MJ12bot/v1.4.8; http://mj12bot.com/)"
72.90.82.132 - - [29/Nov/2021:09:58:54 +0100] "GET /torchon-de-cuisine-en-coton-noir-au-bistrot-bar-vin-p-47945.html HTTP/1.0" 301 70732 "-" "Mozilla/5.0 (compatible; MJ12bot/v1.4.8; http://mj12bot.com/)"
72.90.82.132 - - [29/Nov/2021:09:58:56 +0100] "GET /bistrot-kitchen-towel-p-47945.html HTTP/1.0" 200 70644 "-" "Mozilla/5.0 (compatible; MJ12bot/v1.4.8; http://mj12bot.com/)"
72.90.82.132 - - [29/Nov/2021:09:58:58 +0100] "GET /torchon-ours-dans-la-foret-en-coton-p-45535.html HTTP/1.0" 301 70781 "-" "Mozilla/5.0 (compatible; MJ12bot/v1.4.8; http://mj12bot.com/)"
72.90.82.132 - - [29/Nov/2021:09:59:00 +0100] "GET /bear-winter-kitchen-towel-p-45535.html HTTP/1.0" 200 70689 "-" "Mozilla/5.0 (compatible; MJ12bot/v1.4.8; http://mj12bot.com/)"
72.90.82.132 - - [29/Nov/2021:09:59:02 +0100] "GET /torchon-very-chic-en-coton-p-45546.html HTTP/1.0" 301 70717 "-" "Mozilla/5.0 (compatible; MJ12bot/v1.4.8; http://mj12bot.com/)"
72.90.82.132 - - [29/Nov/2021:09:59:03 +0100] "GET /chic-kitchen-towel-p-45546.html HTTP/1.0" 200 70632 "-" "Mozilla/5.0 (compatible; MJ12bot/v1.4.8; http://mj12bot.com/)"
114.119.128.40 - - [29/Nov/2021:09:59:04 +0100] "GET /man-head-on-resin-statue-17-cm-p-36094.html HTTP/1.0" 301 73416 "-" "Mozilla/5.0 (Linux; Android 7.0;) AppleWebKit/537.36 (KHTML, like Gecko) Mobile Safari/537.36 (compatible; PetalBot;+https://webmaster.petalsearch.com/site/petalbot)"
72.90.82.132 - - [29/Nov/2021:09:59:06 +0100] "GET /torchons-et-serviettes-de-table-c-11_177.html HTTP/1.0" 301 92899 "-" "Mozilla/5.0 (compatible; MJ12bot/v1.4.8; http://mj12bot.com/)"
72.90.82.132 - - [29/Nov/2021:09:59:08 +0100] "GET /towels-napkins-c-177.html HTTP/1.0" 301 92780 "-" "Mozilla/5.0 (compatible; MJ12bot/v1.4.8; http://mj12bot.com/)"
72.90.82.132 - - [29/Nov/2021:09:59:10 +0100] "GET /towels-napkins-c-11_177.html HTTP/1.0" 200 92820 "-" "Mozilla/5.0 (compatible; MJ12bot/v1.4.8; http://mj12bot.com/)"
72.90.82.132 - - [29/Nov/2021:09:59:12 +0100] "GET /torchons-serviettes-table-c-11_177.html HTTP/1.0" 301 92899 "-" "Mozilla/5.0 (compatible; MJ12bot/v1.4.8; http://mj12bot.com/)"
72.90.82.132 - - [29/Nov/2021:09:59:14 +0100] "GET /towels-napkins-c-177.html HTTP/1.0" 301 92780 "-" "Mozilla/5.0 (compatible; MJ12bot/v1.4.8; http://mj12bot.com/)"
72.90.82.132 - - [29/Nov/2021:09:59:16 +0100] "GET /towels-napkins-c-11_177.html HTTP/1.0" 200 92820 "-" "Mozilla/5.0 (compatible; MJ12bot/v1.4.8; http://mj12bot.com/)"
72.90.82.132 - - [29/Nov/2021:09:59:18 +0100] "GET /towel-bath-towels-c-70.html HTTP/1.0" 301 90754 "-" "Mozilla/5.0 (compatible; MJ12bot/v1.4.8; http://mj12bot.com/)"
114.119.128.40 - - [29/Nov/2021:09:59:18 +0100] "GET /head-resin-statue-p-36094.html HTTP/1.0" 200 73332 "-" "Mozilla/5.0 (Linux; Android 7.0;) AppleWebKit/537.36 (KHTML, like Gecko) Mobile Safari/537.36 (compatible; PetalBot;+https://webmaster.petalsearch.com/site/petalbot)"
72.90.82.132 - - [29/Nov/2021:09:59:20 +0100] "GET /towel-bath-towels-c-11_70.html HTTP/1.0" 200 90792 "-" "Mozilla/5.0 (compatible; MJ12bot/v1.4.8; http://mj12bot.com/)"
72.90.82.132 - - [29/Nov/2021:09:59:22 +0100] "GET /towel-dispenser-c-225.html HTTP/1.0" 301 83459 "-" "Mozilla/5.0 (compatible; MJ12bot/v1.4.8; http://mj12bot.com/)"
185.191.171.24 - - [29/Nov/2021:09:59:23 +0100] "GET /green-yellow-fish-statuette-p-53094.html?action=add_product HTTP/1.0" 302 476 "-" "Mozilla/5.0 (compatible; SemrushBot/7~bl; +http://www.semrush.com/bot.html)"
72.90.82.132 - - [29/Nov/2021:09:59:24 +0100] "GET /towel-dispenser-c-12_225.html HTTP/1.0" 200 83480 "-" "Mozilla/5.0 (compatible; MJ12bot/v1.4.8; http://mj12bot.com/)"
72.90.82.132 - - [29/Nov/2021:09:59:27 +0100] "GET /towels-napkins-c-177.html?page=8 HTTP/1.0" 301 91727 "-" "Mozilla/5.0 (compatible; MJ12bot/v1.4.8; http://mj12bot.com/)"
72.90.82.132 - - [29/Nov/2021:09:59:28 +0100] "GET /towels-napkins-c-11_177.html?page=8 HTTP/1.0" 200 91760 "-" "Mozilla/5.0 (compatible; MJ12bot/v1.4.8; http://mj12bot.com/)"
72.90.82.132 - - [29/Nov/2021:09:59:31 +0100] "GET /transparent-rectangular-plastic-tablecloth-140-300-cm-p-52777.html HTTP/1.0" 301 73544 "-" "Mozilla/5.0 (compatible; MJ12bot/v1.4.8; http://mj12bot.com/)"
185.191.171.36 - - [29/Nov/2021:09:59:32 +0100] "GET /black-metal-retro-calendar-p-56398.html HTTP/1.0" 200 74144 "-" "Mozilla/5.0 (compatible; SemrushBot/7~bl; +http://www.semrush.com/bot.html)"
72.90.82.132 - - [29/Nov/2021:09:59:33 +0100] "GET /transparent-rectangular-plastic-tablecloth-p-52777.html HTTP/1.0" 200 73435 "-" "Mozilla/5.0 (compatible; MJ12bot/v1.4.8; http://mj12bot.com/)"
72.90.82.132 - - [29/Nov/2021:09:59:36 +0100] "GET /tree-life-incense-stick-holder-p-53795.html HTTP/1.0" 200 73950 "-" "Mozilla/5.0 (compatible; MJ12bot/v1.4.8; http://mj12bot.com/)"
72.90.82.132 - - [29/Nov/2021:09:59:38 +0100] "GET /tree-life-incense-stick-holder-p-53907.html HTTP/1.0" 200 73972 "-" "Mozilla/5.0 (compatible; MJ12bot/v1.4.8; http://mj12bot.com/)"
72.90.82.132 - - [29/Nov/2021:09:59:40 +0100] "GET /twilight-mosaic-plate-p-38129.html HTTP/1.0" 301 70631 "-" "Mozilla/5.0 (compatible; MJ12bot/v1.4.8; http://mj12bot.com/)"
72.90.82.132 - - [29/Nov/2021:09:59:42 +0100] "GET /-p-38129.html HTTP/1.0" 200 70564 "-" "Mozilla/5.0 (compatible; MJ12bot/v1.4.8; http://mj12bot.com/)"
72.90.82.132 - - [29/Nov/2021:09:59:44 +0100] "GET /ultrasonic-aroma-diffuser-feathers-p-54369.html HTTP/1.0" 200 75764 "-" "Mozilla/5.0 (compatible; MJ12bot/v1.4.8; http://mj12bot.com/)"
72.90.82.132 - - [29/Nov/2021:09:59:46 +0100] "GET /ultrasonic-aroma-diffuser-forest-brown-p-56153.html HTTP/1.0" 200 75226 "-" "Mozilla/5.0 (compatible; MJ12bot/v1.4.8; http://mj12bot.com/)"
72.90.82.132 - - [29/Nov/2021:09:59:48 +0100] "GET /umbrella-stand-mosaic-of-ecru-and-brown-mother-of-pearl-p-48042.html HTTP/1.0" 301 70842 "-" "Mozilla/5.0 (compatible; MJ12bot/v1.4.8; http://mj12bot.com/)"
72.90.82.132 - - [29/Nov/2021:09:59:50 +0100] "GET /umbrella-stand-mosaic-ecru-brown-mother-pearl-p-48042.html HTTP/1.0" 200 70730 "-" "Mozilla/5.0 (compatible; MJ12bot/v1.4.8; http://mj12bot.com/)"
72.90.82.132 - - [29/Nov/2021:09:59:52 +0100] "GET /underclothes-c-25.html HTTP/1.0" 301 69470 "-" "Mozilla/5.0 (compatible; MJ12bot/v1.4.8; http://mj12bot.com/)"
72.90.82.132 - - [29/Nov/2021:09:59:54 +0100] "GET /underclothes-c-1_25.html HTTP/1.0" 200 69490 "-" "Mozilla/5.0 (compatible; MJ12bot/v1.4.8; http://mj12bot.com/)"
72.90.82.132 - - [29/Nov/2021:09:59:56 +0100] "GET /underwear-c-38.html HTTP/1.0" 301 75839 "-" "Mozilla/5.0 (compatible; MJ12bot/v1.4.8; http://mj12bot.com/)"
72.90.82.132 - - [29/Nov/2021:09:59:58 +0100] "GET /underwear-c-2_38.html HTTP/1.0" 200 75860 "-" "Mozilla/5.0 (compatible; MJ12bot/v1.4.8; http://mj12bot.com/)"
185.191.171.33 - - [29/Nov/2021:09:59:59 +0100] "GET /paperweight-awakening-kitten-ronner-knip-p-53519.html?action=add_product HTTP/1.0" 302 476 "-" "Mozilla/5.0 (compatible; SemrushBot/7~bl; +http://www.semrush.com/bot.html)"
72.90.82.132 - - [29/Nov/2021:10:00:00 +0100] "GET /united-states-of-america-star-air-force-cushion-p-36467.html HTTP/1.0" 301 70631 "-" "Mozilla/5.0 (compatible; MJ12bot/v1.4.8; http://mj12bot.com/)"
72.90.82.132 - - [29/Nov/2021:10:00:02 +0100] "GET /-p-36467.html HTTP/1.0" 200 70564 "-" "Mozilla/5.0 (compatible; MJ12bot/v1.4.8; http://mj12bot.com/)"
72.90.82.132 - - [29/Nov/2021:10:00:05 +0100] "GET /usa-flag-door-journals-p-29732.html HTTP/1.0" 301 70719 "-" "Mozilla/5.0 (compatible; MJ12bot/v1.4.8; http://mj12bot.com/)"
72.90.82.132 - - [29/Nov/2021:10:00:07 +0100] "GET /flag-door-journals-p-29732.html HTTP/1.0" 200 70634 "-" "Mozilla/5.0 (compatible; MJ12bot/v1.4.8; http://mj12bot.com/)"
185.191.171.6 - - [29/Nov/2021:10:00:08 +0100] "GET /wood-glass-pistol-frame-p-51996.html?action=add_product HTTP/1.0" 302 476 "-" "Mozilla/5.0 (compatible; SemrushBot/7~bl; +http://www.semrush.com/bot.html)"
72.90.82.132 - - [29/Nov/2021:10:00:10 +0100] "GET /ustensiles-couverts-c-12_244.html HTTP/1.0" 301 90187 "-" "Mozilla/5.0 (compatible; MJ12bot/v1.4.8; http://mj12bot.com/)"
72.90.82.132 - - [29/Nov/2021:10:00:13 +0100] "GET /utensil-cutlery-c-244.html HTTP/1.0" 301 90086 "-" "Mozilla/5.0 (compatible; MJ12bot/v1.4.8; http://mj12bot.com/)"
72.90.82.132 - - [29/Nov/2021:10:00:16 +0100] "GET /utensil-cutlery-c-12_244.html HTTP/1.0" 200 90107 "-" "Mozilla/5.0 (compatible; MJ12bot/v1.4.8; http://mj12bot.com/)"
72.90.82.132 - - [29/Nov/2021:10:00:19 +0100] "GET /utensil-and-cutlery-pot-c-244.html HTTP/1.0" 301 90086 "-" "Mozilla/5.0 (compatible; MJ12bot/v1.4.8; http://mj12bot.com/)"
72.90.82.132 - - [29/Nov/2021:10:00:21 +0100] "GET /utensil-cutlery-c-12_244.html HTTP/1.0" 200 90107 "-" "Mozilla/5.0 (compatible; MJ12bot/v1.4.8; http://mj12bot.com/)"
72.90.82.132 - - [29/Nov/2021:10:00:24 +0100] "GET /vaisselle-c-12.html HTTP/1.0" 301 91421 "-" "Mozilla/5.0 (compatible; MJ12bot/v1.4.8; http://mj12bot.com/)"
72.90.82.132 - - [29/Nov/2021:10:00:27 +0100] "GET /dishes-c-12.html HTTP/1.0" 200 91351 "-" "Mozilla/5.0 (compatible; MJ12bot/v1.4.8; http://mj12bot.com/)"
72.90.82.132 - - [29/Nov/2021:10:00:30 +0100] "GET /valise-et-sac-roulettes-trolley-c-31_79.html HTTP/1.0" 301 78242 "-" "Mozilla/5.0 (compatible; MJ12bot/v1.4.8; http://mj12bot.com/)"
72.90.82.132 - - [29/Nov/2021:10:00:33 +0100] "GET /suitcaselittle-suitcase-trolley-c-79.html HTTP/1.0" 301 78087 "-" "Mozilla/5.0 (compatible; MJ12bot/v1.4.8; http://mj12bot.com/)"
72.90.82.132 - - [29/Nov/2021:10:00:35 +0100] "GET /suitcaselittle-suitcase-trolley-c-31_79.html HTTP/1.0" 200 78147 "-" "Mozilla/5.0 (compatible; MJ12bot/v1.4.8; http://mj12bot.com/)"
185.191.171.6 - - [29/Nov/2021:10:00:36 +0100] "GET /egyptian-king-statue-polyresin-52-cm-p-40356.html HTTP/1.0" 301 73436 "-" "Mozilla/5.0 (compatible; SemrushBot/7~bl; +http://www.semrush.com/bot.html)"
72.90.82.132 - - [29/Nov/2021:10:00:38 +0100] "GET /valise-roulettes-trolley-c-31_79.html HTTP/1.0" 301 78242 "-" "Mozilla/5.0 (compatible; MJ12bot/v1.4.8; http://mj12bot.com/)"
185.191.171.41 - - [29/Nov/2021:10:00:39 +0100] "GET /egyptian-king-statue-polyresin-p-40356.html HTTP/1.0" 200 73339 "-" "Mozilla/5.0 (compatible; SemrushBot/7~bl; +http://www.semrush.com/bot.html)"
72.90.82.132 - - [29/Nov/2021:10:00:40 +0100] "GET /suitcaselittle-suitcase-trolley-c-79.html HTTP/1.0" 301 78087 "-" "Mozilla/5.0 (compatible; MJ12bot/v1.4.8; http://mj12bot.com/)"
72.90.82.132 - - [29/Nov/2021:10:00:50 +0100] "GET /suitcaselittle-suitcase-trolley-c-31_79.html HTTP/1.0" 200 78147 "-" "Mozilla/5.0 (compatible; MJ12bot/v1.4.8; http://mj12bot.com/)"
106.11.159.66 - - [29/Nov/2021:10:00:50 +0100] "GET /coasters-c-12_157.html HTTP/1.0" 200 92507 "-" "Mozilla/5.0 (Windows NT 6.1; Win64; x64) AppleWebKit/537.36 (KHTML, like Gecko) Chrome/69.0.3497.81 YisouSpider/5.0 Safari/537.36"
106.11.155.86 - - [29/Nov/2021:10:00:52 +0100] "GET /templates/Pixame_v1/stylesheet.css HTTP/1.0" 200 267 "http://www.wonder-geek.com/coasters-c-12_157.html" "Mozilla/5.0 (Windows NT 6.1; Win64; x64) AppleWebKit/537.36 (KHTML, like Gecko) Chrome/69.0.3497.81 YisouSpider/5.0 Safari/537.36"
106.11.156.70 - - [29/Nov/2021:10:00:52 +0100] "GET /js/jquery.jqzoom.js HTTP/1.0" 200 259 "http://www.wonder-geek.com/coasters-c-12_157.html" "Mozilla/5.0 (Windows NT 6.1; Win64; x64) AppleWebKit/537.36 (KHTML, like Gecko) Chrome/69.0.3497.81 YisouSpider/5.0 Safari/537.36"
106.11.157.67 - - [29/Nov/2021:10:00:52 +0100] "GET /mondial_relay/js/jquery-1.3.2.min.js HTTP/1.0" 200 276 "http://www.wonder-geek.com/coasters-c-12_157.html" "Mozilla/5.0 (Windows NT 6.1; Win64; x64) AppleWebKit/537.36 (KHTML, like Gecko) Chrome/69.0.3497.81 YisouSpider/5.0 Safari/537.36"
106.11.153.92 - - [29/Nov/2021:10:00:52 +0100] "GET /highslide/highslide.js HTTP/1.0" 200 262 "http://www.wonder-geek.com/coasters-c-12_157.html" "Mozilla/5.0 (Windows NT 6.1; Win64; x64) AppleWebKit/537.36 (KHTML, like Gecko) Chrome/69.0.3497.81 YisouSpider/5.0 Safari/537.36"
106.11.159.67 - - [29/Nov/2021:10:00:53 +0100] "GET /swfobject.js HTTP/1.0" 404 1308 "http://www.wonder-geek.com/coasters-c-12_157.html" "Mozilla/5.0 (Windows NT 6.1; Win64; x64) AppleWebKit/537.36 (KHTML, like Gecko) Chrome/69.0.3497.81 YisouSpider/5.0 Safari/537.36"
106.11.157.82 - - [29/Nov/2021:10:00:53 +0100] "GET /js/jquery.js HTTP/1.0" 200 252 "http://www.wonder-geek.com/coasters-c-12_157.html" "Mozilla/5.0 (Windows NT 6.1; Win64; x64) AppleWebKit/537.36 (KHTML, like Gecko) Chrome/69.0.3497.81 YisouSpider/5.0 Safari/537.36"
106.11.153.92 - - [29/Nov/2021:10:00:53 +0100] "GET /js/jquery.min.js HTTP/1.0" 404 1308 "http://www.wonder-geek.com/coasters-c-12_157.html" "Mozilla/5.0 (Windows NT 6.1; Win64; x64) AppleWebKit/537.36 (KHTML, like Gecko) Chrome/69.0.3497.81 YisouSpider/5.0 Safari/537.36"
106.11.158.85 - - [29/Nov/2021:10:00:54 +0100] "GET /js/jquery.masonry.min.js HTTP/1.0" 200 264 "http://www.wonder-geek.com/coasters-c-12_157.html" "Mozilla/5.0 (Windows NT 6.1; Win64; x64) AppleWebKit/537.36 (KHTML, like Gecko) Chrome/69.0.3497.81 YisouSpider/5.0 Safari/537.36"
72.90.82.132 - - [29/Nov/2021:10:00:53 +0100] "GET /valisettes-boites-goter-c-12_64.html HTTP/1.0" 301 83175 "-" "Mozilla/5.0 (compatible; MJ12bot/v1.4.8; http://mj12bot.com/)"
106.11.152.85 - - [29/Nov/2021:10:00:54 +0100] "GET /js/modernizr-transitions.js HTTP/1.0" 200 267 "http://www.wonder-geek.com/coasters-c-12_157.html" "Mozilla/5.0 (Windows NT 6.1; Win64; x64) AppleWebKit/537.36 (KHTML, like Gecko) Chrome/69.0.3497.81 YisouSpider/5.0 Safari/537.36"
114.119.128.37 - - [29/Nov/2021:10:00:54 +0100] "GET /images/big_prod_1/8422021687985.jpg HTTP/1.0" 200 270 "-" "Mozilla/5.0 (Linux; Android 7.0;) AppleWebKit/537.36 (KHTML, like Gecko) Mobile Safari/537.36 (compatible; PetalBot;+https://webmaster.petalsearch.com/site/petalbot)"
106.11.155.86 - - [29/Nov/2021:10:00:54 +0100] "GET /swfobject.js HTTP/1.0" 404 1308 "http://www.wonder-geek.com/coasters-c-12_157.html" "Mozilla/5.0 (Windows NT 6.1; Win64; x64) AppleWebKit/537.36 (KHTML, like Gecko) Chrome/69.0.3497.81 YisouSpider/5.0 Safari/537.36"
106.11.153.72 - - [29/Nov/2021:10:00:55 +0100] "GET /js/jquery.min.js HTTP/1.0" 404 1308 "http://www.wonder-geek.com/coasters-c-12_157.html" "Mozilla/5.0 (Windows NT 6.1; Win64; x64) AppleWebKit/537.36 (KHTML, like Gecko) Chrome/69.0.3497.81 YisouSpider/5.0 Safari/537.36"
72.90.82.132 - - [29/Nov/2021:10:00:55 +0100] "GET /suitcase-lunch-lunch-c-64.html HTTP/1.0" 301 83074 "-" "Mozilla/5.0 (compatible; MJ12bot/v1.4.8; http://mj12bot.com/)"
72.90.82.132 - - [29/Nov/2021:10:00:58 +0100] "GET /suitcase-lunch-lunch-c-12_64.html HTTP/1.0" 200 83091 "-" "Mozilla/5.0 (compatible; MJ12bot/v1.4.8; http://mj12bot.com/)"
72.90.82.132 - - [29/Nov/2021:10:01:00 +0100] "GET /valisettes-et-boites-goter-c-12_64.html HTTP/1.0" 301 83175 "-" "Mozilla/5.0 (compatible; MJ12bot/v1.4.8; http://mj12bot.com/)"
72.90.82.132 - - [29/Nov/2021:10:01:11 +0100] "GET /suitcase-lunch-lunch-c-64.html HTTP/1.0" 301 83074 "-" "Mozilla/5.0 (compatible; MJ12bot/v1.4.8; http://mj12bot.com/)"
157.55.39.223 - - [29/Nov/2021:10:01:12 +0100] "GET /mirror-c-13_133.html HTTP/1.0" 200 92008 "-" "Mozilla/5.0 (compatible; bingbot/2.0; +http://www.bing.com/bingbot.htm)"
72.90.82.132 - - [29/Nov/2021:10:01:13 +0100] "GET /suitcase-lunch-lunch-c-12_64.html HTTP/1.0" 200 83091 "-" "Mozilla/5.0 (compatible; MJ12bot/v1.4.8; http://mj12bot.com/)"
72.90.82.132 - - [29/Nov/2021:10:01:16 +0100] "GET /van-gogh-iris-jaune-eyeglass-case-p-47645.html HTTP/1.0" 301 73351 "-" "Mozilla/5.0 (compatible; MJ12bot/v1.4.8; http://mj12bot.com/)"
72.90.82.132 - - [29/Nov/2021:10:01:27 +0100] "GET /gogh-iris-jaune-eyeglass-case-p-47645.html HTTP/1.0" 200 73255 "-" "Mozilla/5.0 (compatible; MJ12bot/v1.4.8; http://mj12bot.com/)"
72.90.82.132 - - [29/Nov/2021:10:01:29 +0100] "GET /van-gogh-little-tray-21-14-cm-p-51670.html HTTP/1.0" 301 76963 "-" "Mozilla/5.0 (compatible; MJ12bot/v1.4.8; http://mj12bot.com/)"
72.90.82.132 - - [29/Nov/2021:10:01:39 +0100] "GET /gogh-little-tray-p-51670.html HTTP/1.0" 200 76752 "-" "Mozilla/5.0 (compatible; MJ12bot/v1.4.8; http://mj12bot.com/)"
185.191.171.4 - - [29/Nov/2021:10:01:41 +0100] "GET /very-large-fountain-bouddha-resin-p-54051.html?action=add_product HTTP/1.0" 302 476 "-" "Mozilla/5.0 (compatible; SemrushBot/7~bl; +http://www.semrush.com/bot.html)"
72.90.82.132 - - [29/Nov/2021:10:01:43 +0100] "GET /van-gogh-nuit-etoilee-eyeglass-case-p-47643.html HTTP/1.0" 301 70631 "-" "Mozilla/5.0 (compatible; MJ12bot/v1.4.8; http://mj12bot.com/)"
72.90.82.132 - - [29/Nov/2021:10:01:53 +0100] "GET /-p-47643.html HTTP/1.0" 200 70564 "-" "Mozilla/5.0 (compatible; MJ12bot/v1.4.8; http://mj12bot.com/)"
72.90.82.132 - - [29/Nov/2021:10:01:56 +0100] "GET /van-gogh-tournesols-eyeglass-case-p-47646.html HTTP/1.0" 301 73347 "-" "Mozilla/5.0 (compatible; MJ12bot/v1.4.8; http://mj12bot.com/)"
72.90.82.132 - - [29/Nov/2021:10:01:58 +0100] "GET /gogh-tournesols-eyeglass-case-p-47646.html HTTP/1.0" 200 73251 "-" "Mozilla/5.0 (compatible; MJ12bot/v1.4.8; http://mj12bot.com/)"
72.90.82.132 - - [29/Nov/2021:10:02:09 +0100] "GET /vanity-trousse-de-toilette-c-31_78.html HTTP/1.0" 301 81345 "-" "Mozilla/5.0 (compatible; MJ12bot/v1.4.8; http://mj12bot.com/)"
72.90.82.132 - - [29/Nov/2021:10:02:20 +0100] "GET /vanity-beauty-bags-c-78.html HTTP/1.0" 301 81190 "-" "Mozilla/5.0 (compatible; MJ12bot/v1.4.8; http://mj12bot.com/)"
72.90.82.132 - - [29/Nov/2021:10:02:22 +0100] "GET /vanity-beauty-bags-c-31_78.html HTTP/1.0" 200 81263 "-" "Mozilla/5.0 (compatible; MJ12bot/v1.4.8; http://mj12bot.com/)"
72.90.82.132 - - [29/Nov/2021:10:02:25 +0100] "GET /vanity-trousse-toilette-c-31_78.html HTTP/1.0" 301 81345 "-" "Mozilla/5.0 (compatible; MJ12bot/v1.4.8; http://mj12bot.com/)"
72.90.82.132 - - [29/Nov/2021:10:02:35 +0100] "GET /vanity-beauty-bags-c-78.html HTTP/1.0" 301 81190 "-" "Mozilla/5.0 (compatible; MJ12bot/v1.4.8; http://mj12bot.com/)"
72.90.82.132 - - [29/Nov/2021:10:02:37 +0100] "GET /vanity-beauty-bags-c-31_78.html HTTP/1.0" 200 81263 "-" "Mozilla/5.0 (compatible; MJ12bot/v1.4.8; http://mj12bot.com/)"
72.90.82.132 - - [29/Nov/2021:10:02:48 +0100] "GET /vase-buddha-head-50-cm-p-52323.html HTTP/1.0" 301 70717 "-" "Mozilla/5.0 (compatible; MJ12bot/v1.4.8; http://mj12bot.com/)"
72.90.82.132 - - [29/Nov/2021:10:02:51 +0100] "GET /vase-buddha-head-p-52323.html HTTP/1.0" 200 70634 "-" "Mozilla/5.0 (compatible; MJ12bot/v1.4.8; http://mj12bot.com/)"
72.90.82.132 - - [29/Nov/2021:10:02:53 +0100] "GET /vase-cache-pot-et-soliflore-c-13_232.html HTTP/1.0" 301 90453 "-" "Mozilla/5.0 (compatible; MJ12bot/v1.4.8; http://mj12bot.com/)"
72.90.82.132 - - [29/Nov/2021:10:03:03 +0100] "GET /vase-soliflore-c-232.html HTTP/1.0" 301 90330 "-" "Mozilla/5.0 (compatible; MJ12bot/v1.4.8; http://mj12bot.com/)"
72.90.82.132 - - [29/Nov/2021:10:03:06 +0100] "GET /vase-soliflore-c-13_232.html HTTP/1.0" 200 90374 "-" "Mozilla/5.0 (compatible; MJ12bot/v1.4.8; http://mj12bot.com/)"
72.90.82.132 - - [29/Nov/2021:10:03:08 +0100] "GET /vase-paon-lynton-en-ceramique-grise-et-marron-39-cm-p-49607.html HTTP/1.0" 301 70733 "-" "Mozilla/5.0 (compatible; MJ12bot/v1.4.8; http://mj12bot.com/)"
72.90.82.132 - - [29/Nov/2021:10:03:18 +0100] "GET /ceramic-vase-peacock-p-49607.html HTTP/1.0" 200 70646 "-" "Mozilla/5.0 (compatible; MJ12bot/v1.4.8; http://mj12bot.com/)"
185.191.171.37 - - [29/Nov/2021:10:03:21 +0100] "GET /wooden-tree-decorations-hang-p-49640.html?action=add_product HTTP/1.0" 302 476 "-" "Mozilla/5.0 (compatible; SemrushBot/7~bl; +http://www.semrush.com/bot.html)"
72.90.82.132 - - [29/Nov/2021:10:03:21 +0100] "GET /vase-rugueux-rond-aluminium-argent-p-45445.html HTTP/1.0" 301 70631 "-" "Mozilla/5.0 (compatible; MJ12bot/v1.4.8; http://mj12bot.com/)"
72.90.82.132 - - [29/Nov/2021:10:03:24 +0100] "GET /-p-45445.html HTTP/1.0" 200 70564 "-" "Mozilla/5.0 (compatible; MJ12bot/v1.4.8; http://mj12bot.com/)"
72.90.82.132 - - [29/Nov/2021:10:03:33 +0100] "GET /vase-silhouette-art-iris-de-vincent-van-gogh-245-cm-p-53526.html HTTP/1.0" 301 75169 "-" "Mozilla/5.0 (compatible; MJ12bot/v1.4.8; http://mj12bot.com/)"
72.90.82.132 - - [29/Nov/2021:10:03:36 +0100] "GET /silhouette-ceramic-vase-gogh-iris-p-53526.html HTTP/1.0" 200 75069 "-" "Mozilla/5.0 (compatible; MJ12bot/v1.4.8; http://mj12bot.com/)"
72.90.82.132 - - [29/Nov/2021:10:03:38 +0100] "GET /vase-silhouette-art-la-nuit-etoilee-de-vincent-van-gogh-25-p-53525.html HTTP/1.0" 301 75217 "-" "Mozilla/5.0 (compatible; MJ12bot/v1.4.8; http://mj12bot.com/)"
72.90.82.132 - - [29/Nov/2021:10:03:40 +0100] "GET /silhouette-ceramic-vase-gogh-starry-night-p-53525.html HTTP/1.0" 200 75109 "-" "Mozilla/5.0 (compatible; MJ12bot/v1.4.8; http://mj12bot.com/)"
72.90.82.132 - - [29/Nov/2021:10:03:42 +0100] "GET /vase-silhouette-naissance-vnus-botticelli-p-55509.html HTTP/1.0" 301 76053 "-" "Mozilla/5.0 (compatible; MJ12bot/v1.4.8; http://mj12bot.com/)"
72.90.82.132 - - [29/Nov/2021:10:03:51 +0100] "GET /silhouette-ceramic-vase-birth-venus-bottice-p-55509.html HTTP/1.0" 200 75943 "-" "Mozilla/5.0 (compatible; MJ12bot/v1.4.8; http://mj12bot.com/)"
72.90.82.132 - - [29/Nov/2021:10:03:54 +0100] "GET /vases-soliflores-c-13_232.html HTTP/1.0" 301 90453 "-" "Mozilla/5.0 (compatible; MJ12bot/v1.4.8; http://mj12bot.com/)"
72.90.82.132 - - [29/Nov/2021:10:03:56 +0100] "GET /vase-soliflore-c-232.html HTTP/1.0" 301 90330 "-" "Mozilla/5.0 (compatible; MJ12bot/v1.4.8; http://mj12bot.com/)"
72.90.82.132 - - [29/Nov/2021:10:04:06 +0100] "GET /vase-soliflore-c-13_232.html HTTP/1.0" 200 90374 "-" "Mozilla/5.0 (compatible; MJ12bot/v1.4.8; http://mj12bot.com/)"
72.90.82.132 - - [29/Nov/2021:10:04:09 +0100] "GET /veilleuse-boule-neige-musicale-la-reine-des-neiges-p-50839.html HTTP/1.0" 301 70631 "-" "Mozilla/5.0 (compatible; MJ12bot/v1.4.8; http://mj12bot.com/)"
72.90.82.132 - - [29/Nov/2021:10:04:19 +0100] "GET /-p-50839.html HTTP/1.0" 200 70564 "-" "Mozilla/5.0 (compatible; MJ12bot/v1.4.8; http://mj12bot.com/)"
72.90.82.132 - - [29/Nov/2021:10:04:22 +0100] "GET /veilleuse-cameleon-led-variation-de-couleurs-p-53140.html HTTP/1.0" 301 70729 "-" "Mozilla/5.0 (compatible; MJ12bot/v1.4.8; http://mj12bot.com/)"
66.249.75.166 - - [29/Nov/2021:10:04:31 +0100] "GET /images/mini_prod/3503420107368.jpg HTTP/1.0" 200 269 "-" "Googlebot-Image/1.0"
72.90.82.132 - - [29/Nov/2021:10:04:31 +0100] "GET /chameleon-nightlight-p-53140.html HTTP/1.0" 200 70642 "-" "Mozilla/5.0 (compatible; MJ12bot/v1.4.8; http://mj12bot.com/)"
72.90.82.132 - - [29/Nov/2021:10:04:34 +0100] "GET /veilleuse-cotton-lapin-variation-couleurs-p-55384.html HTTP/1.0" 301 75248 "-" "Mozilla/5.0 (compatible; MJ12bot/v1.4.8; http://mj12bot.com/)"
114.119.128.40 - - [29/Nov/2021:10:04:44 +0100] "GET /images/big_prod/3574642574986.jpg HTTP/1.0" 200 268 "-" "Mozilla/5.0 (Linux; Android 7.0;) AppleWebKit/537.36 (KHTML, like Gecko) Mobile Safari/537.36 (compatible; PetalBot;+https://webmaster.petalsearch.com/site/petalbot)"
72.90.82.132 - - [29/Nov/2021:10:04:43 +0100] "GET /cotton-rabbit-night-light-p-55384.html HTTP/1.0" 200 75156 "-" "Mozilla/5.0 (compatible; MJ12bot/v1.4.8; http://mj12bot.com/)"
72.90.82.132 - - [29/Nov/2021:10:04:46 +0100] "GET /veilleuse-karma-panda-variation-couleurs-p-55383.html HTTP/1.0" 301 74995 "-" "Mozilla/5.0 (compatible; MJ12bot/v1.4.8; http://mj12bot.com/)"
72.90.82.132 - - [29/Nov/2021:10:04:49 +0100] "GET /karma-panda-night-light-p-55383.html HTTP/1.0" 200 74905 "-" "Mozilla/5.0 (compatible; MJ12bot/v1.4.8; http://mj12bot.com/)"
72.90.82.132 - - [29/Nov/2021:10:04:58 +0100] "GET /veilleuse-koala-variation-couleurs-rose-p-55360.html HTTP/1.0" 301 74323 "-" "Mozilla/5.0 (compatible; MJ12bot/v1.4.8; http://mj12bot.com/)"
185.191.171.36 - - [29/Nov/2021:10:04:58 +0100] "GET /cesarine-potholder-20-cm-p-43822.html HTTP/1.0" 301 70718 "-" "Mozilla/5.0 (compatible; SemrushBot/7~bl; +http://www.semrush.com/bot.html)"
72.90.82.132 - - [29/Nov/2021:10:05:01 +0100] "GET /koala-nightlight-pink-p-55360.html HTTP/1.0" 200 74235 "-" "Mozilla/5.0 (compatible; MJ12bot/v1.4.8; http://mj12bot.com/)"
185.191.171.24 - - [29/Nov/2021:10:05:02 +0100] "GET /csarine-potholder-p-43822.html HTTP/1.0" 200 70634 "-" "Mozilla/5.0 (compatible; SemrushBot/7~bl; +http://www.semrush.com/bot.html)"
72.90.82.132 - - [29/Nov/2021:10:05:03 +0100] "GET /veilleuse-led-minions-poser-ou-accrocher-jaune-stuart-p-33707.html HTTP/1.0" 301 70810 "-" "Mozilla/5.0 (compatible; MJ12bot/v1.4.8; http://mj12bot.com/)"
185.191.171.9 - - [29/Nov/2021:10:05:12 +0100] "GET /us-route-66-notebook-p-17108.html HTTP/1.0" 301 70631 "-" "Mozilla/5.0 (compatible; SemrushBot/7~bl; +http://www.semrush.com/bot.html)"
72.90.82.132 - - [29/Nov/2021:10:05:12 +0100] "GET /nightlight-yellow-stuart-despicable-p-33707.html HTTP/1.0" 200 70708 "-" "Mozilla/5.0 (compatible; MJ12bot/v1.4.8; http://mj12bot.com/)"
185.191.171.2 - - [29/Nov/2021:10:05:15 +0100] "GET /-p-17108.html HTTP/1.0" 200 70564 "-" "Mozilla/5.0 (compatible; SemrushBot/7~bl; +http://www.semrush.com/bot.html)"
72.90.82.132 - - [29/Nov/2021:10:05:16 +0100] "GET /veilleuse-led-minions-poser-ou-accrocher-stuart-pirate-p-33710.html HTTP/1.0" 301 70631 "-" "Mozilla/5.0 (compatible; MJ12bot/v1.4.8; http://mj12bot.com/)"
185.191.171.17 - - [29/Nov/2021:10:05:17 +0100] "GET /luna-small-p-44806.html HTTP/1.0" 200 73830 "-" "Mozilla/5.0 (compatible; SemrushBot/7~bl; +http://www.semrush.com/bot.html)"
72.90.82.132 - - [29/Nov/2021:10:05:18 +0100] "GET /-p-33710.html HTTP/1.0" 200 70564 "-" "Mozilla/5.0 (compatible; MJ12bot/v1.4.8; http://mj12bot.com/)"
72.90.82.132 - - [29/Nov/2021:10:05:29 +0100] "GET /veilleuse-licorne-variation-couleurs-p-55389.html HTTP/1.0" 301 75067 "-" "Mozilla/5.0 (compatible; MJ12bot/v1.4.8; http://mj12bot.com/)"
72.90.82.132 - - [29/Nov/2021:10:05:31 +0100] "GET /unicorn-night-light-p-55389.html HTTP/1.0" 200 74981 "-" "Mozilla/5.0 (compatible; MJ12bot/v1.4.8; http://mj12bot.com/)"
72.90.82.132 - - [29/Nov/2021:10:05:33 +0100] "GET /veilleuse-petit-hrisson-simon-champignon-p-56060.html HTTP/1.0" 301 74244 "-" "Mozilla/5.0 (compatible; MJ12bot/v1.4.8; http://mj12bot.com/)"
185.191.171.33 - - [29/Nov/2021:10:05:34 +0100] "GET /klimt-adele-p-55934.html?action=add_product HTTP/1.0" 302 476 "-" "Mozilla/5.0 (compatible; SemrushBot/7~bl; +http://www.semrush.com/bot.html)"
72.90.82.132 - - [29/Nov/2021:10:05:44 +0100] "GET /nightlight-shape-hedgehog-p-56060.html HTTP/1.0" 200 74152 "-" "Mozilla/5.0 (compatible; MJ12bot/v1.4.8; http://mj12bot.com/)"
72.90.82.132 - - [29/Nov/2021:10:05:47 +0100] "GET /veilleuses-c-86_278.html HTTP/1.0" 301 92168 "-" "Mozilla/5.0 (compatible; MJ12bot/v1.4.8; http://mj12bot.com/)"
72.90.82.132 - - [29/Nov/2021:10:05:49 +0100] "GET /night-lights-c-278.html HTTP/1.0" 301 92063 "-" "Mozilla/5.0 (compatible; MJ12bot/v1.4.8; http://mj12bot.com/)"
72.90.82.132 - - [29/Nov/2021:10:05:51 +0100] "GET /night-lights-c-86_278.html HTTP/1.0" 200 92091 "-" "Mozilla/5.0 (compatible; MJ12bot/v1.4.8; http://mj12bot.com/)"
72.90.82.132 - - [29/Nov/2021:10:05:53 +0100] "GET /vespa-ceramic-mug-p-51156.html HTTP/1.0" 301 74203 "-" "Mozilla/5.0 (compatible; MJ12bot/v1.4.8; http://mj12bot.com/)"
72.90.82.132 - - [29/Nov/2021:10:05:55 +0100] "GET /vespa-ceramic-p-51156.html HTTP/1.0" 200 74123 "-" "Mozilla/5.0 (compatible; MJ12bot/v1.4.8; http://mj12bot.com/)"
72.90.82.132 - - [29/Nov/2021:10:05:57 +0100] "GET /veste-fdm-fiers-etre-marseillais-orange-et-noir-p-29984.html HTTP/1.0" 301 74852 "-" "Mozilla/5.0 (compatible; MJ12bot/v1.4.8; http://mj12bot.com/)"
72.90.82.132 - - [29/Nov/2021:10:05:59 +0100] "GET /fiers-etre-marseillais-orange-black-track-jacket-p-29984.html HTTP/1.0" 200 74737 "-" "Mozilla/5.0 (compatible; MJ12bot/v1.4.8; http://mj12bot.com/)"
72.90.82.132 - - [29/Nov/2021:10:06:01 +0100] "GET /vestes-manteaux-parkas-c-1_27.html HTTP/1.0" 301 83890 "-" "Mozilla/5.0 (compatible; MJ12bot/v1.4.8; http://mj12bot.com/)"
72.90.82.132 - - [29/Nov/2021:10:06:03 +0100] "GET /jackets-coats-parkas-c-27.html HTTP/1.0" 301 83792 "-" "Mozilla/5.0 (compatible; MJ12bot/v1.4.8; http://mj12bot.com/)"
72.90.82.132 - - [29/Nov/2021:10:06:05 +0100] "GET /jackets-coats-parkas-c-1_27.html HTTP/1.0" 200 83806 "-" "Mozilla/5.0 (compatible; MJ12bot/v1.4.8; http://mj12bot.com/)"
72.90.82.132 - - [29/Nov/2021:10:06:07 +0100] "GET /vestes-manteaux-parkas-c-2_41.html HTTP/1.0" 301 78277 "-" "Mozilla/5.0 (compatible; MJ12bot/v1.4.8; http://mj12bot.com/)"
72.90.82.132 - - [29/Nov/2021:10:06:09 +0100] "GET /jackets-coats-parkas-c-41.html HTTP/1.0" 301 78181 "-" "Mozilla/5.0 (compatible; MJ12bot/v1.4.8; http://mj12bot.com/)"
72.90.82.132 - - [29/Nov/2021:10:06:11 +0100] "GET /jackets-coats-parkas-c-2_41.html HTTP/1.0" 200 78193 "-" "Mozilla/5.0 (compatible; MJ12bot/v1.4.8; http://mj12bot.com/)"
72.90.82.132 - - [29/Nov/2021:10:06:13 +0100] "GET /vetements-de-nuit-c-1_24.html HTTP/1.0" 301 69574 "-" "Mozilla/5.0 (compatible; MJ12bot/v1.4.8; http://mj12bot.com/)"
72.90.82.132 - - [29/Nov/2021:10:06:15 +0100] "GET /night-clothes-c-24.html HTTP/1.0" 301 69478 "-" "Mozilla/5.0 (compatible; MJ12bot/v1.4.8; http://mj12bot.com/)"
72.90.82.132 - - [29/Nov/2021:10:06:17 +0100] "GET /night-clothes-c-1_24.html HTTP/1.0" 200 69497 "-" "Mozilla/5.0 (compatible; MJ12bot/v1.4.8; http://mj12bot.com/)"
72.90.82.132 - - [29/Nov/2021:10:06:19 +0100] "GET /vetements-de-nuit-c-2_42.html HTTP/1.0" 301 69552 "-" "Mozilla/5.0 (compatible; MJ12bot/v1.4.8; http://mj12bot.com/)"
72.90.82.132 - - [29/Nov/2021:10:06:21 +0100] "GET /sleepwear-c-42.html HTTP/1.0" 301 69458 "-" "Mozilla/5.0 (compatible; MJ12bot/v1.4.8; http://mj12bot.com/)"
72.90.82.132 - - [29/Nov/2021:10:06:23 +0100] "GET /sleepwear-c-2_42.html HTTP/1.0" 200 69479 "-" "Mozilla/5.0 (compatible; MJ12bot/v1.4.8; http://mj12bot.com/)"
72.90.82.132 - - [29/Nov/2021:10:06:26 +0100] "GET /vide-poche-rond-teck-p-56162.html HTTP/1.0" 301 74064 "-" "Mozilla/5.0 (compatible; MJ12bot/v1.4.8; http://mj12bot.com/)"
72.90.82.132 - - [29/Nov/2021:10:06:28 +0100] "GET /round-teak-bowl-p-56162.html HTTP/1.0" 200 73982 "-" "Mozilla/5.0 (compatible; MJ12bot/v1.4.8; http://mj12bot.com/)"
72.90.82.132 - - [29/Nov/2021:10:06:30 +0100] "GET /vide-poches-coupelles-c-12_159_264.html HTTP/1.0" 301 90616 "-" "Mozilla/5.0 (compatible; MJ12bot/v1.4.8; http://mj12bot.com/)"
72.90.82.132 - - [29/Nov/2021:10:06:32 +0100] "GET /storage-cups-c-264.html HTTP/1.0" 301 90416 "-" "Mozilla/5.0 (compatible; MJ12bot/v1.4.8; http://mj12bot.com/)"
72.90.82.132 - - [29/Nov/2021:10:06:34 +0100] "GET /storage-cups-c-12_159_264.html HTTP/1.0" 200 90539 "-" "Mozilla/5.0 (compatible; MJ12bot/v1.4.8; http://mj12bot.com/)"
72.90.82.132 - - [29/Nov/2021:10:06:36 +0100] "GET /vide-poches-et-coupelles-c-12_159_264.html HTTP/1.0" 301 90616 "-" "Mozilla/5.0 (compatible; MJ12bot/v1.4.8; http://mj12bot.com/)"
185.191.171.37 - - [29/Nov/2021:10:06:36 +0100] "GET /buddha-statue-resin-13-cm-p-34566.html HTTP/1.0" 301 73328 "-" "Mozilla/5.0 (compatible; SemrushBot/7~bl; +http://www.semrush.com/bot.html)"
72.90.82.132 - - [29/Nov/2021:10:06:38 +0100] "GET /storage-cups-c-264.html HTTP/1.0" 301 90416 "-" "Mozilla/5.0 (compatible; MJ12bot/v1.4.8; http://mj12bot.com/)"
185.191.171.21 - - [29/Nov/2021:10:06:39 +0100] "GET /buddha-statue-resin-p-34566.html HTTP/1.0" 200 73242 "-" "Mozilla/5.0 (compatible; SemrushBot/7~bl; +http://www.semrush.com/bot.html)"
72.90.82.132 - - [29/Nov/2021:10:06:40 +0100] "GET /storage-cups-c-12_159_264.html HTTP/1.0" 200 90539 "-" "Mozilla/5.0 (compatible; MJ12bot/v1.4.8; http://mj12bot.com/)"
72.90.82.132 - - [29/Nov/2021:10:06:42 +0100] "GET /vieille-voiture-dcorative-mtal-vieilli-crme-rouge-p-56054.html HTTP/1.0" 301 73488 "-" "Mozilla/5.0 (compatible; MJ12bot/v1.4.8; http://mj12bot.com/)"
72.90.82.132 - - [29/Nov/2021:10:06:44 +0100] "GET /decorative-figurine-aged-metal-p-56054.html HTTP/1.0" 200 73391 "-" "Mozilla/5.0 (compatible; MJ12bot/v1.4.8; http://mj12bot.com/)"
72.90.82.132 - - [29/Nov/2021:10:06:47 +0100] "GET /votives-and-holder-christmas-gift-set-p-38185.html HTTP/1.0" 301 70790 "-" "Mozilla/5.0 (compatible; MJ12bot/v1.4.8; http://mj12bot.com/)"
72.90.82.132 - - [29/Nov/2021:10:06:49 +0100] "GET /votives-holder-christmas-gift-p-38185.html HTTP/1.0" 200 70694 "-" "Mozilla/5.0 (compatible; MJ12bot/v1.4.8; http://mj12bot.com/)"
72.90.82.132 - - [29/Nov/2021:10:06:51 +0100] "GET /vtements-nuit-c-1_24.html HTTP/1.0" 301 69574 "-" "Mozilla/5.0 (compatible; MJ12bot/v1.4.8; http://mj12bot.com/)"
72.90.82.132 - - [29/Nov/2021:10:06:53 +0100] "GET /night-clothes-c-24.html HTTP/1.0" 301 69478 "-" "Mozilla/5.0 (compatible; MJ12bot/v1.4.8; http://mj12bot.com/)"
72.90.82.132 - - [29/Nov/2021:10:06:55 +0100] "GET /night-clothes-c-1_24.html HTTP/1.0" 200 69497 "-" "Mozilla/5.0 (compatible; MJ12bot/v1.4.8; http://mj12bot.com/)"
72.90.82.132 - - [29/Nov/2021:10:06:57 +0100] "GET /vtements-nuit-c-2_42.html HTTP/1.0" 301 69552 "-" "Mozilla/5.0 (compatible; MJ12bot/v1.4.8; http://mj12bot.com/)"
72.90.82.132 - - [29/Nov/2021:10:06:59 +0100] "GET /sleepwear-c-42.html HTTP/1.0" 301 69458 "-" "Mozilla/5.0 (compatible; MJ12bot/v1.4.8; http://mj12bot.com/)"
72.90.82.132 - - [29/Nov/2021:10:07:01 +0100] "GET /sleepwear-c-2_42.html HTTP/1.0" 200 69479 "-" "Mozilla/5.0 (compatible; MJ12bot/v1.4.8; http://mj12bot.com/)"
72.90.82.132 - - [29/Nov/2021:10:07:03 +0100] "GET /wall-decoration-in-wood-and-mdf-c-274.html HTTP/1.0" 301 92963 "-" "Mozilla/5.0 (compatible; MJ12bot/v1.4.8; http://mj12bot.com/)"
72.90.82.132 - - [29/Nov/2021:10:07:04 +0100] "GET /wall-decoration-wood-c-13_274.html HTTP/1.0" 200 93001 "-" "Mozilla/5.0 (compatible; MJ12bot/v1.4.8; http://mj12bot.com/)"
72.90.82.132 - - [29/Nov/2021:10:07:07 +0100] "GET /wall-decoration-music-63-cm-p-51025.html HTTP/1.0" 301 73386 "-" "Mozilla/5.0 (compatible; MJ12bot/v1.4.8; http://mj12bot.com/)"
72.90.82.132 - - [29/Nov/2021:10:07:08 +0100] "GET /wall-decoration-music-p-51025.html HTTP/1.0" 200 73298 "-" "Mozilla/5.0 (compatible; MJ12bot/v1.4.8; http://mj12bot.com/)"
72.90.82.132 - - [29/Nov/2021:10:07:11 +0100] "GET /wall-decoration-music-90-cm-p-51024.html HTTP/1.0" 301 70738 "-" "Mozilla/5.0 (compatible; MJ12bot/v1.4.8; http://mj12bot.com/)"
72.90.82.132 - - [29/Nov/2021:10:07:13 +0100] "GET /wall-decoration-music-p-51024.html HTTP/1.0" 200 70650 "-" "Mozilla/5.0 (compatible; MJ12bot/v1.4.8; http://mj12bot.com/)"
72.90.82.132 - - [29/Nov/2021:10:07:14 +0100] "GET /wall-sticker-c-187.html HTTP/1.0" 301 93452 "-" "Mozilla/5.0 (compatible; MJ12bot/v1.4.8; http://mj12bot.com/)"
72.90.82.132 - - [29/Nov/2021:10:07:16 +0100] "GET /wall-sticker-c-13_187.html HTTP/1.0" 200 93498 "-" "Mozilla/5.0 (compatible; MJ12bot/v1.4.8; http://mj12bot.com/)"
72.90.82.132 - - [29/Nov/2021:10:07:18 +0100] "GET /wax-melt-winter-wonderland-p-51054.html HTTP/1.0" 301 74063 "-" "Mozilla/5.0 (compatible; MJ12bot/v1.4.8; http://mj12bot.com/)"
159.138.102.98 - - [29/Nov/2021:10:07:19 +0100] "GET /images/mini_prod/4036113222165.jpg HTTP/1.0" 200 269 "-" "Mozilla/5.0 (Linux; Android 7.0;) AppleWebKit/537.36 (KHTML, like Gecko) Mobile Safari/537.36 (compatible; PetalBot;+https://webmaster.petalsearch.com/site/petalbot)"
72.90.82.132 - - [29/Nov/2021:10:07:20 +0100] "GET /melt-winter-wonderland-p-51054.html HTTP/1.0" 200 73974 "-" "Mozilla/5.0 (compatible; MJ12bot/v1.4.8; http://mj12bot.com/)"
72.90.82.132 - - [29/Nov/2021:10:07:23 +0100] "GET /we-are-open-led-light-decoration-p-52230.html HTTP/1.0" 301 70748 "-" "Mozilla/5.0 (compatible; MJ12bot/v1.4.8; http://mj12bot.com/)"
72.90.82.132 - - [29/Nov/2021:10:07:24 +0100] "GET /open-light-decoration-p-52230.html HTTP/1.0" 200 70660 "-" "Mozilla/5.0 (compatible; MJ12bot/v1.4.8; http://mj12bot.com/)"
72.90.82.132 - - [29/Nov/2021:10:07:27 +0100] "GET /wooden-dish-14-95-cm-p-53549.html HTTP/1.0" 301 73981 "-" "Mozilla/5.0 (compatible; MJ12bot/v1.4.8; http://mj12bot.com/)"
72.90.82.132 - - [29/Nov/2021:10:07:29 +0100] "GET /wooden-dish-p-53549.html HTTP/1.0" 200 73903 "-" "Mozilla/5.0 (compatible; MJ12bot/v1.4.8; http://mj12bot.com/)"
72.90.82.132 - - [29/Nov/2021:10:07:31 +0100] "GET /wooden-hook-and-mirror-hooks-p-52864.html HTTP/1.0" 301 73414 "-" "Mozilla/5.0 (compatible; MJ12bot/v1.4.8; http://mj12bot.com/)"
185.191.171.23 - - [29/Nov/2021:10:07:33 +0100] "GET /cyclope-figure-p-23427.html HTTP/1.0" 200 70610 "-" "Mozilla/5.0 (compatible; SemrushBot/7~bl; +http://www.semrush.com/bot.html)"
72.90.82.132 - - [29/Nov/2021:10:07:33 +0100] "GET /wooden-hook-mirror-hooks-p-52864.html HTTP/1.0" 200 73323 "-" "Mozilla/5.0 (compatible; MJ12bot/v1.4.8; http://mj12bot.com/)"
72.90.82.132 - - [29/Nov/2021:10:07:36 +0100] "GET /zeus-polyresin-statue-in-bronze-color-50-cm-p-53034.html HTTP/1.0" 301 73514 "-" "Mozilla/5.0 (compatible; MJ12bot/v1.4.8; http://mj12bot.com/)"
72.90.82.132 - - [29/Nov/2021:10:07:38 +0100] "GET /zeus-polyresin-statue-bronze-color-p-53034.html HTTP/1.0" 200 73413 "-" "Mozilla/5.0 (compatible; MJ12bot/v1.4.8; http://mj12bot.com/)"
185.191.171.11 - - [29/Nov/2021:10:08:03 +0100] "GET /stationery-cardmaking-c-129.html?page=2 HTTP/1.0" 200 93225 "-" "Mozilla/5.0 (compatible; SemrushBot/7~bl; +http://www.semrush.com/bot.html)"
207.46.13.118 - - [29/Nov/2021:10:08:10 +0100] "GET /chairs-cushion-c-11_165.html HTTP/1.0" 200 91353 "-" "Mozilla/5.0 (compatible; bingbot/2.0; +http://www.bing.com/bingbot.htm)"
54.36.148.19 - - [29/Nov/2021:10:08:32 +0100] "GET /images/big_prod_1/3700572737102B.jpg HTTP/1.0" 200 271 "-" "Mozilla/5.0 (compatible; AhrefsBot/7.0; +http://ahrefs.com/robot/)"
185.191.171.35 - - [29/Nov/2021:10:08:55 +0100] "GET /cactus-ornament-p-41985.html HTTP/1.0" 200 73229 "-" "Mozilla/5.0 (compatible; SemrushBot/7~bl; +http://www.semrush.com/bot.html)"
47.254.22.110 - - [29/Nov/2021:10:09:21 +0100] "GET /images/mini_prod/8435333835166.jpg HTTP/1.0" 200 269 "-" "Mozilla/5.0 (X11; Ubuntu; Linux x86_64; rv:72.0) Gecko/20100101 Firefox/72.0"
17.121.114.73 - - [29/Nov/2021:10:09:28 +0100] "GET /shower-curtain-c-11_168.html HTTP/1.0" 200 90059 "-" "Mozilla/5.0 (Macintosh; Intel Mac OS X 10_15_5) AppleWebKit/605.1.15 (KHTML, like Gecko) Version/13.1.1 Safari/605.1.15 (Applebot/0.1; +http://www.apple.com/go/applebot)"
77.75.78.163 - - [29/Nov/2021:10:09:38 +0100] "GET /robots.txt HTTP/1.0" 200 245 "-" "Mozilla/5.0 (compatible; SeznamBot/3.2; +http://napoveda.seznam.cz/en/seznambot-intro/)"
77.75.78.163 - - [29/Nov/2021:10:09:39 +0100] "GET /images/mini_prod/3453131140669.jpg HTTP/1.0" 200 269 "-" "Mozilla/5.0 (compatible; SeznamBot/3.2; +http://napoveda.seznam.cz/en/seznambot-intro/)"
185.191.171.42 - - [29/Nov/2021:10:09:45 +0100] "GET /flamingo-fitted-sheet-160-200-cm-p-51984.html HTTP/1.0" 301 73307 "-" "Mozilla/5.0 (compatible; SemrushBot/7~bl; +http://www.semrush.com/bot.html)"
185.191.171.17 - - [29/Nov/2021:10:09:47 +0100] "GET /flamingo-fitted-sheet-p-51984.html HTTP/1.0" 200 73219 "-" "Mozilla/5.0 (compatible; SemrushBot/7~bl; +http://www.semrush.com/bot.html)"
66.249.75.168 - - [29/Nov/2021:10:09:50 +0100] "GET /titeuf-no-math-figure-p-4596.html HTTP/1.0" 301 70736 "-" "Mozilla/5.0 (Linux; Android 6.0.1; Nexus 5X Build/MMB29P) AppleWebKit/537.36 (KHTML, like Gecko) Chrome/96.0.4664.45 Mobile Safari/537.36 (compatible; Googlebot/2.1; +http://www.google.com/bot.html)"
66.249.75.168 - - [29/Nov/2021:10:09:51 +0100] "GET /titeuf-math-figure-p-4596.html HTTP/1.0" 200 70652 "-" "Mozilla/5.0 (Linux; Android 6.0.1; Nexus 5X Build/MMB29P) AppleWebKit/537.36 (KHTML, like Gecko) Chrome/96.0.4664.45 Mobile Safari/537.36 (compatible; Googlebot/2.1; +http://www.google.com/bot.html)"
114.119.128.26 - - [29/Nov/2021:10:09:53 +0100] "GET /images/big_prod/1345544888554.jpg HTTP/1.0" 200 268 "-" "Mozilla/5.0 (Linux; Android 7.0;) AppleWebKit/537.36 (KHTML, like Gecko) Mobile Safari/537.36 (compatible; PetalBot;+https://webmaster.petalsearch.com/site/petalbot)"
185.191.171.2 - - [29/Nov/2021:10:09:57 +0100] "GET /cuba-cbkreation-p-29814.html?action=add_product HTTP/1.0" 302 476 "-" "Mozilla/5.0 (compatible; SemrushBot/7~bl; +http://www.semrush.com/bot.html)"
157.55.39.223 - - [29/Nov/2021:10:10:05 +0100] "GET /images/big_prod/3701206604371.jpg HTTP/1.0" 200 268 "-" "Mozilla/5.0 (compatible; bingbot/2.0; +http://www.bing.com/bingbot.htm)"
185.191.171.35 - - [29/Nov/2021:10:10:42 +0100] "GET /mandalas-coasters-p-47156.html?action=add_product HTTP/1.0" 302 476 "-" "Mozilla/5.0 (compatible; SemrushBot/7~bl; +http://www.semrush.com/bot.html)"
185.191.171.7 - - [29/Nov/2021:10:10:42 +0100] "GET /robots.txt HTTP/1.0" 200 245 "-" "Mozilla/5.0 (compatible; SemrushBot/7~bl; +http://www.semrush.com/bot.html)"
185.191.171.36 - - [29/Nov/2021:10:11:09 +0100] "GET /glam-cbkreation-p-17530.html?action=add_product HTTP/1.0" 302 476 "-" "Mozilla/5.0 (compatible; SemrushBot/7~bl; +http://www.semrush.com/bot.html)"
185.191.171.4 - - [29/Nov/2021:10:11:14 +0100] "GET /candle-light-holder-wicca-fairy-p-45034.html?action=add_product HTTP/1.0" 302 476 "-" "Mozilla/5.0 (compatible; SemrushBot/7~bl; +http://www.semrush.com/bot.html)"
185.191.171.45 - - [29/Nov/2021:10:12:02 +0100] "GET /silver-statue-p-49816.html?action=add_product HTTP/1.0" 302 476 "-" "Mozilla/5.0 (compatible; SemrushBot/7~bl; +http://www.semrush.com/bot.html)"
185.191.171.16 - - [29/Nov/2021:10:12:19 +0100] "GET /coffee-hour-wooden-frame-withe-p-46093.html?action=add_product HTTP/1.0" 302 476 "-" "Mozilla/5.0 (compatible; SemrushBot/7~bl; +http://www.semrush.com/bot.html)"
40.77.167.66 - - [29/Nov/2021:10:12:54 +0100] "GET /images/3700276265567.jpg HTTP/1.0" 200 259 "-" "Mozilla/5.0 (compatible; bingbot/2.0; +http://www.bing.com/bingbot.htm)"
114.119.128.37 - - [29/Nov/2021:10:13:06 +0100] "GET /retro-box-aged-metal-look-p-52538.html HTTP/1.0" 301 74301 "-" "Mozilla/5.0 (Linux; Android 7.0;) AppleWebKit/537.36 (KHTML, like Gecko) Mobile Safari/537.36 (compatible; PetalBot;+https://webmaster.petalsearch.com/site/petalbot)"
49.7.20.122 - - [29/Nov/2021:10:13:06 +0100] "GET / HTTP/1.0" 200 151726 "-" "Sogou web spider/4.0(+http://www.sogou.com/docs/help/webmasters.htm#07)"
114.119.128.37 - - [29/Nov/2021:10:13:10 +0100] "GET /retro-aged-metal-look-p-52538.html HTTP/1.0" 200 74213 "-" "Mozilla/5.0 (Linux; Android 7.0;) AppleWebKit/537.36 (KHTML, like Gecko) Mobile Safari/537.36 (compatible; PetalBot;+https://webmaster.petalsearch.com/site/petalbot)"
185.191.171.3 - - [29/Nov/2021:10:13:28 +0100] "GET /cotton-kitchen-towel-chef-barbecue-p-55955.html?action=add_product HTTP/1.0" 302 476 "-" "Mozilla/5.0 (compatible; SemrushBot/7~bl; +http://www.semrush.com/bot.html)"
185.191.171.36 - - [29/Nov/2021:10:13:30 +0100] "GET /provence-toothbrush-holder-p-44569.html?action=add_product HTTP/1.0" 302 476 "-" "Mozilla/5.0 (compatible; SemrushBot/7~bl; +http://www.semrush.com/bot.html)"
185.191.171.1 - - [29/Nov/2021:10:13:34 +0100] "GET /cats-small-ashtray-p-37385.html HTTP/1.0" 200 70626 "-" "Mozilla/5.0 (compatible; SemrushBot/7~bl; +http://www.semrush.com/bot.html)"
54.36.149.53 - - [29/Nov/2021:10:13:46 +0100] "GET /chime-gecko-metal-and-glass-blue-p-37205.html HTTP/1.0" 301 73426 "-" "Mozilla/5.0 (compatible; AhrefsBot/7.0; +http://ahrefs.com/robot/)"
185.191.171.17 - - [29/Nov/2021:10:13:58 +0100] "GET /french-riviera-small-p-38724.html?action=add_product HTTP/1.0" 302 476 "-" "Mozilla/5.0 (compatible; SemrushBot/7~bl; +http://www.semrush.com/bot.html)"
51.68.224.127 - - [29/Nov/2021:10:13:58 +0100] "GET /adminweb/export_orders_xml.php?token=256de2z6edz6ed2z6DFSFsed2zed6zeDSFDSGdzedezfzf&maxorders=10&orderstart=1&status=14&start_date=2018-10-01 HTTP/1.0" 200 285 "-" "GesCom CharlotteBoutik Serveur"
51.68.224.127 - - [29/Nov/2021:10:13:58 +0100] "GET /adminweb/export_orders_xml.php?token=256de2z6edz6ed2z6DFSFsed2zed6zeDSFDSGdzedezfzf&maxorders=10&orderstart=1&status=6&start_date=2018-10-01 HTTP/1.0" 200 32471 "-" "GesCom CharlotteBoutik Serveur"
185.191.171.4 - - [29/Nov/2021:10:14:19 +0100] "GET /terracotta-kneeling-soldier-statuette-emperor-p-52431.html HTTP/1.0" 200 74629 "-" "Mozilla/5.0 (compatible; SemrushBot/7~bl; +http://www.semrush.com/bot.html)"
40.77.167.66 - - [29/Nov/2021:10:14:24 +0100] "GET /images/B12359.jpg HTTP/1.0" 200 252 "-" "Mozilla/5.0 (compatible; bingbot/2.0; +http://www.bing.com/bingbot.htm)"
114.119.128.37 - - [29/Nov/2021:10:15:31 +0100] "GET /minnie-mouse-smile-backpack-p-34782.html HTTP/1.0" 200 73367 "-" "Mozilla/5.0 (Linux; Android 7.0;) AppleWebKit/537.36 (KHTML, like Gecko) Mobile Safari/537.36 (compatible; PetalBot;+https://webmaster.petalsearch.com/site/petalbot)"
185.191.171.14 - - [29/Nov/2021:10:15:34 +0100] "GET /fitted-sheet-cotton-percale-threads-p-51242.html?action=add_product HTTP/1.0" 302 476 "-" "Mozilla/5.0 (compatible; SemrushBot/7~bl; +http://www.semrush.com/bot.html)"
54.36.149.1 - - [29/Nov/2021:10:16:11 +0100] "GET /default-aspect-kimmidoll-mihoko-jewelry-box-p-33844.html HTTP/1.0" 301 70631 "-" "Mozilla/5.0 (compatible; AhrefsBot/7.0; +http://ahrefs.com/robot/)"
185.191.171.24 - - [29/Nov/2021:10:16:15 +0100] "GET /large-jar-candle-70-hours-pearl-bouquet-p-34632.html HTTP/1.0" 301 74332 "-" "Mozilla/5.0 (compatible; SemrushBot/7~bl; +http://www.semrush.com/bot.html)"
