185.191.171.44 - - [29/Nov/2021:05:17:45 +0100] "GET /flat-thread-sheet-cotton-color-lila-powder-p-46738.html?action=add_product HTTP/1.0" 302 476 "-" "Mozilla/5.0 (compatible; SemrushBot/7~bl; +http://www.semrush.com/bot.html)"
185.191.171.22 - - [29/Nov/2021:05:17:54 +0100] "GET /cotton-floor-cushion-brown-p-53470.html?action=add_product HTTP/1.0" 302 476 "-" "Mozilla/5.0 (compatible; SemrushBot/7~bl; +http://www.semrush.com/bot.html)"
185.191.171.18 - - [29/Nov/2021:05:17:56 +0100] "GET /bamboo-stainless-steel-piece-barbecue-p-48877.html HTTP/1.0" 200 74314 "-" "Mozilla/5.0 (compatible; SemrushBot/7~bl; +http://www.semrush.com/bot.html)"
185.191.171.41 - - [29/Nov/2021:05:18:25 +0100] "GET /decorative-wooden-mask-statue-105-cm-p-48039.html HTTP/1.0" 301 74534 "-" "Mozilla/5.0 (compatible; SemrushBot/7~bl; +http://www.semrush.com/bot.html)"
185.191.171.3 - - [29/Nov/2021:05:18:56 +0100] "GET /decorative-wooden-mask-statue-p-48039.html HTTP/1.0" 200 74438 "-" "Mozilla/5.0 (compatible; SemrushBot/7~bl; +http://www.semrush.com/bot.html)"
185.191.171.35 - - [29/Nov/2021:05:19:27 +0100] "GET /bird-origami-verrine-single-p-43300.html?action=add_product HTTP/1.0" 302 476 "-" "Mozilla/5.0 (compatible; SemrushBot/7~bl; +http://www.semrush.com/bot.html)"
207.46.13.202 - - [29/Nov/2021:05:19:59 +0100] "GET /images/8029759023926.jpg HTTP/1.0" 200 259 "-" "Mozilla/5.0 (compatible; bingbot/2.0; +http://www.bing.com/bingbot.htm)"
54.36.148.12 - - [29/Nov/2021:05:20:19 +0100] "GET /washed-linen-duvet-cover-220-240-cm-granite-p-48155.html HTTP/1.0" 301 70631 "-" "Mozilla/5.0 (compatible; AhrefsBot/7.0; +http://ahrefs.com/robot/)"
185.191.171.44 - - [29/Nov/2021:05:19:29 +0100] "GET /girls-c-1.html?page=2 HTTP/1.0" 500 73255 "-" "Mozilla/5.0 (compatible; SemrushBot/7~bl; +http://www.semrush.com/bot.html)"
185.191.171.25 - - [29/Nov/2021:05:21:22 +0100] "GET /drink-dispenser-35-p-45204.html HTTP/1.0" 301 70631 "-" "Mozilla/5.0 (compatible; SemrushBot/7~bl; +http://www.semrush.com/bot.html)"
185.191.171.44 - - [29/Nov/2021:05:20:20 +0100] "GET /girls-c-1.html?page=2 HTTP/1.0" 200 92705 "-" "Mozilla/5.0 (compatible; SemrushBot/7~bl; +http://www.semrush.com/bot.html)"
185.191.171.16 - - [29/Nov/2021:05:21:42 +0100] "GET /-p-45204.html HTTP/1.0" 200 70564 "-" "Mozilla/5.0 (compatible; SemrushBot/7~bl; +http://www.semrush.com/bot.html)"
185.191.171.42 - - [29/Nov/2021:05:22:03 +0100] "GET /aztec-mini-ceramic-flower-p-55313.html?action=add_product HTTP/1.0" 302 476 "-" "Mozilla/5.0 (compatible; SemrushBot/7~bl; +http://www.semrush.com/bot.html)"
185.191.171.42 - - [29/Nov/2021:05:22:25 +0100] "GET /jar-candle-30-hours-french-vanilla-p-33044.html HTTP/1.0" 301 70774 "-" "Mozilla/5.0 (compatible; SemrushBot/7~bl; +http://www.semrush.com/bot.html)"
185.191.171.44 - - [29/Nov/2021:05:22:35 +0100] "GET /candle-hours-french-vanilla-p-33044.html HTTP/1.0" 200 70680 "-" "Mozilla/5.0 (compatible; SemrushBot/7~bl; +http://www.semrush.com/bot.html)"
185.191.171.22 - - [29/Nov/2021:05:22:46 +0100] "GET /butterfly-wall-decoration-39-33-cm-blue-model-p-43921.html HTTP/1.0" 301 70827 "-" "Mozilla/5.0 (compatible; SemrushBot/7~bl; +http://www.semrush.com/bot.html)"
124.71.153.13 - - [29/Nov/2021:05:23:07 +0100] "GET /images/mini_prod/1384010183571BB.jpg HTTP/1.0" 200 271 "-" "Mozilla/5.0 (X11; Ubuntu; Linux x86_64; rv:72.0) Gecko/20100101 Firefox/72.0"
185.191.171.44 - - [29/Nov/2021:05:23:06 +0100] "GET /butterfly-wall-decoration-blue-model-p-43921.html HTTP/1.0" 200 70724 "-" "Mozilla/5.0 (compatible; SemrushBot/7~bl; +http://www.semrush.com/bot.html)"
185.191.171.8 - - [29/Nov/2021:05:23:18 +0100] "GET /gray-metal-and-wood-flexo-lamp-43-cm-p-53081.html HTTP/1.0" 301 74576 "-" "Mozilla/5.0 (compatible; SemrushBot/7~bl; +http://www.semrush.com/bot.html)"
185.191.171.44 - - [29/Nov/2021:05:23:51 +0100] "GET /gray-metal-wood-flexo-lamp-p-53081.html HTTP/1.0" 200 74483 "-" "Mozilla/5.0 (compatible; SemrushBot/7~bl; +http://www.semrush.com/bot.html)"
185.191.171.22 - - [29/Nov/2021:05:24:20 +0100] "GET /buddha-statue-polyresin-p-36727.html?action=add_product HTTP/1.0" 302 476 "-" "Mozilla/5.0 (compatible; SemrushBot/7~bl; +http://www.semrush.com/bot.html)"
46.21.252.196 - - [29/Nov/2021:05:24:42 +0100] "GET / HTTP/1.0" 301 511 "-" "Mozilla/5.0 (Windows NT 10.0; Win64; x64) AppleWebKit/537.36 (KHTML, like Gecko) Chrome/89.0.4389.128 Safari/537.36"
185.191.171.14 - - [29/Nov/2021:05:24:31 +0100] "GET /christmas-tree-decoration-hanging-p-49637.html HTTP/1.0" 200 73957 "-" "Mozilla/5.0 (compatible; SemrushBot/7~bl; +http://www.semrush.com/bot.html)"
185.191.171.26 - - [29/Nov/2021:05:24:52 +0100] "GET /darth-vader-star-wars-jumbo-p-15964.html?action=add_product HTTP/1.0" 302 476 "-" "Mozilla/5.0 (compatible; SemrushBot/7~bl; +http://www.semrush.com/bot.html)"
185.191.171.44 - - [29/Nov/2021:05:25:02 +0100] "GET /buddha-rectangulary-cushion-cbkreation-p-36373.html HTTP/1.0" 200 70720 "-" "Mozilla/5.0 (compatible; SemrushBot/7~bl; +http://www.semrush.com/bot.html)"
66.249.75.166 - - [29/Nov/2021:05:25:13 +0100] "GET /swfobject.js HTTP/1.0" 404 1308 "http://www.wonder-geek.com/nici-ayumi-pink-brown-shoulder-p-33440.html" "Mozilla/5.0 (Linux; Android 6.0.1; Nexus 5X Build/MMB29P) AppleWebKit/537.36 (KHTML, like Gecko) Chrome/95.0.4638.69 Mobile Safari/537.36 (compatible; Googlebot/2.1; +http://www.google.com/bot.html)"
54.36.149.47 - - [29/Nov/2021:05:25:24 +0100] "GET /disney-princess-cinderella-padded-jacket-p-31260.html HTTP/1.0" 301 70631 "-" "Mozilla/5.0 (compatible; AhrefsBot/7.0; +http://ahrefs.com/robot/)"
185.191.171.43 - - [29/Nov/2021:05:25:15 +0100] "GET /tea-for-one-mandala-p-43384.html HTTP/1.0" 301 74323 "-" "Mozilla/5.0 (compatible; SemrushBot/7~bl; +http://www.semrush.com/bot.html)"
157.55.39.228 - - [29/Nov/2021:05:24:42 +0100] "GET /posters-stickers-wall-c-13_147.html HTTP/1.0" 500 73486 "-" "Mozilla/5.0 (compatible; bingbot/2.0; +http://www.bing.com/bingbot.htm)"
185.191.171.13 - - [29/Nov/2021:05:25:46 +0100] "GET /mandala-p-43384.html HTTP/1.0" 200 74249 "-" "Mozilla/5.0 (compatible; SemrushBot/7~bl; +http://www.semrush.com/bot.html)"
185.191.171.36 - - [29/Nov/2021:05:26:15 +0100] "GET /cabinet-wooden-deco-p-37185.html HTTP/1.0" 200 73252 "-" "Mozilla/5.0 (compatible; SemrushBot/7~bl; +http://www.semrush.com/bot.html)"
216.244.66.242 - - [29/Nov/2021:05:26:45 +0100] "GET /robots.txt HTTP/1.0" 301 531 "-" "Mozilla/5.0 (compatible; DotBot/1.2; +https://opensiteexplorer.org/dotbot; help@moz.com)"
216.244.66.242 - - [29/Nov/2021:05:26:45 +0100] "GET /robots.txt HTTP/1.0" 200 245 "-" "Mozilla/5.0 (compatible; DotBot/1.2; +https://opensiteexplorer.org/dotbot; help@moz.com)"
216.244.66.242 - - [29/Nov/2021:05:26:46 +0100] "GET /robots.txt HTTP/1.0" 200 245 "-" "Mozilla/5.0 (compatible; DotBot/1.2; +https://opensiteexplorer.org/dotbot; help@moz.com)"
49.7.20.122 - - [29/Nov/2021:05:24:42 +0100] "GET / HTTP/1.0" 200 146825 "-" "Sogou web spider/4.0(+http://www.sogou.com/docs/help/webmasters.htm#07)"
46.21.252.196 - - [29/Nov/2021:05:24:42 +0100] "GET / HTTP/1.0" 500 73169 "-" "Mozilla/5.0 (Windows NT 10.0; Win64; x64) AppleWebKit/537.36 (KHTML, like Gecko) Chrome/89.0.4389.128 Safari/537.36"
40.77.167.66 - - [29/Nov/2021:05:26:56 +0100] "GET /images/3438100340806.jpg HTTP/1.0" 200 259 "-" "Mozilla/5.0 (compatible; bingbot/2.0; +http://www.bing.com/bingbot.htm)"
185.191.171.44 - - [29/Nov/2021:05:26:47 +0100] "GET /provencal-arabesques-carpet-p-50450.html HTTP/1.0" 200 74107 "-" "Mozilla/5.0 (compatible; SemrushBot/7~bl; +http://www.semrush.com/bot.html)"
185.191.171.26 - - [29/Nov/2021:05:27:16 +0100] "GET /dark-dude-cutie-white-shirt-p-30046.html HTTP/1.0" 200 70666 "-" "Mozilla/5.0 (compatible; SemrushBot/7~bl; +http://www.semrush.com/bot.html)"
185.191.171.3 - - [29/Nov/2021:05:27:27 +0100] "GET /candy-cloud-notepad-candy-p-49840.html HTTP/1.0" 200 73250 "-" "Mozilla/5.0 (compatible; SemrushBot/7~bl; +http://www.semrush.com/bot.html)"
185.191.171.23 - - [29/Nov/2021:05:27:48 +0100] "GET /betty-boop-mirror-p-15475.html HTTP/1.0" 301 70631 "-" "Mozilla/5.0 (compatible; SemrushBot/7~bl; +http://www.semrush.com/bot.html)"
185.191.171.12 - - [29/Nov/2021:05:28:01 +0100] "GET /-p-15475.html HTTP/1.0" 200 70564 "-" "Mozilla/5.0 (compatible; SemrushBot/7~bl; +http://www.semrush.com/bot.html)"
185.191.171.39 - - [29/Nov/2021:05:28:21 +0100] "GET /austin-mini-cooper-large-metal-plate-deco-p-33724.html HTTP/1.0" 200 70718 "-" "Mozilla/5.0 (compatible; SemrushBot/7~bl; +http://www.semrush.com/bot.html)"
207.46.13.202 - - [29/Nov/2021:05:29:01 +0100] "GET /images/big_prod/gilet-charlotte.jpg HTTP/1.0" 200 270 "-" "Mozilla/5.0 (compatible; bingbot/2.0; +http://www.bing.com/bingbot.htm)"
185.191.171.19 - - [29/Nov/2021:05:28:40 +0100] "GET /accessories-c-3.html?page=36 HTTP/1.0" 200 80971 "-" "Mozilla/5.0 (compatible; SemrushBot/7~bl; +http://www.semrush.com/bot.html)"
66.249.75.166 - - [29/Nov/2021:05:29:22 +0100] "GET /images/mini_prod/3503420076862.jpg HTTP/1.0" 200 269 "-" "Googlebot-Image/1.0"
185.191.171.36 - - [29/Nov/2021:05:29:11 +0100] "GET /little-buddha-collection-keychain-pink-and-blue-p-46074.html HTTP/1.0" 301 70816 "-" "Mozilla/5.0 (compatible; SemrushBot/7~bl; +http://www.semrush.com/bot.html)"
185.191.171.3 - - [29/Nov/2021:05:29:33 +0100] "GET /little-buddha-collection-keychain-pink-blue-p-46074.html HTTP/1.0" 200 70706 "-" "Mozilla/5.0 (compatible; SemrushBot/7~bl; +http://www.semrush.com/bot.html)"
185.191.171.1 - - [29/Nov/2021:05:29:53 +0100] "GET /snow-white-statuette-britto-p-51926.html HTTP/1.0" 200 70668 "-" "Mozilla/5.0 (compatible; SemrushBot/7~bl; +http://www.semrush.com/bot.html)"
185.191.171.2 - - [29/Nov/2021:05:30:15 +0100] "GET /beyblade-swimsuit-p-30446.html?action=add_product HTTP/1.0" 302 476 "-" "Mozilla/5.0 (compatible; SemrushBot/7~bl; +http://www.semrush.com/bot.html)"
185.191.171.14 - - [29/Nov/2021:05:30:24 +0100] "GET /lotus-candleholder-chakra-yellow-goldlining-p-35527.html HTTP/1.0" 200 74818 "-" "Mozilla/5.0 (compatible; SemrushBot/7~bl; +http://www.semrush.com/bot.html)"
54.36.148.10 - - [29/Nov/2021:05:29:42 +0100] "GET /tea-pot-c-12_175.html?page=3 HTTP/1.0" 500 73375 "-" "Mozilla/5.0 (compatible; AhrefsBot/7.0; +http://ahrefs.com/robot/)"
40.77.167.66 - - [29/Nov/2021:05:31:28 +0100] "GET /images/big_prod/3700653511607.jpg HTTP/1.0" 200 268 "-" "Mozilla/5.0 (compatible; bingbot/2.0; +http://www.bing.com/bingbot.htm)"
185.191.171.8 - - [29/Nov/2021:05:30:36 +0100] "GET /household-linen-c-11.html?page=45 HTTP/1.0" 200 92957 "-" "Mozilla/5.0 (compatible; SemrushBot/7~bl; +http://www.semrush.com/bot.html)"
185.191.171.8 - - [29/Nov/2021:05:31:36 +0100] "GET /household-linen-c-11.html?page=45 HTTP/1.0" 200 92957 "-" "Mozilla/5.0 (compatible; SemrushBot/7~bl; +http://www.semrush.com/bot.html)"
185.191.171.37 - - [29/Nov/2021:05:32:40 +0100] "GET /bob-marley-mirror-p-7142.html HTTP/1.0" 301 73190 "-" "Mozilla/5.0 (compatible; SemrushBot/7~bl; +http://www.semrush.com/bot.html)"
185.191.171.8 - - [29/Nov/2021:05:33:22 +0100] "GET /marley-mirror-p-7142.html HTTP/1.0" 200 73111 "-" "Mozilla/5.0 (compatible; SemrushBot/7~bl; +http://www.semrush.com/bot.html)"
66.249.75.170 - - [29/Nov/2021:05:33:22 +0100] "GET /titeuf-sticker-p-24724.html HTTP/1.0" 200 73242 "-" "Mozilla/5.0 (Linux; Android 6.0.1; Nexus 5X Build/MMB29P) AppleWebKit/537.36 (KHTML, like Gecko) Chrome/96.0.4664.45 Mobile Safari/537.36 (compatible; Googlebot/2.1; +http://www.google.com/bot.html)"
185.191.171.26 - - [29/Nov/2021:05:33:53 +0100] "GET /white-unicorn-money-p-55427.html?action=add_product HTTP/1.0" 302 476 "-" "Mozilla/5.0 (compatible; SemrushBot/7~bl; +http://www.semrush.com/bot.html)"
49.7.20.113 - - [29/Nov/2021:05:31:05 +0100] "GET / HTTP/1.0" 200 146825 "-" "Sogou web spider/4.0(+http://www.sogou.com/docs/help/webmasters.htm#07)"
185.191.171.1 - - [29/Nov/2021:05:34:02 +0100] "GET /smith-and-wesson-metal-plate-deco-405-215-cm-p-42345.html HTTP/1.0" 301 73445 "-" "Mozilla/5.0 (compatible; SemrushBot/7~bl; +http://www.semrush.com/bot.html)"
207.46.13.202 - - [29/Nov/2021:05:34:55 +0100] "GET /images/3438100343814.jpg HTTP/1.0" 200 259 "-" "Mozilla/5.0 (compatible; bingbot/2.0; +http://www.bing.com/bingbot.htm)"
185.191.171.38 - - [29/Nov/2021:05:34:34 +0100] "GET /smith-wesson-metal-plate-deco-p-42345.html HTTP/1.0" 200 73349 "-" "Mozilla/5.0 (compatible; SemrushBot/7~bl; +http://www.semrush.com/bot.html)"
66.249.75.168 - - [29/Nov/2021:05:34:34 +0100] "GET /couple-figurine-inspired-klimt-resin-p-56615.html HTTP/1.0" 200 74699 "-" "Mozilla/5.0 (compatible; Googlebot/2.1; +http://www.google.com/bot.html)"
185.191.171.1 - - [29/Nov/2021:05:35:16 +0100] "GET /glass-ashtray-p-55742.html?action=add_product HTTP/1.0" 302 476 "-" "Mozilla/5.0 (compatible; SemrushBot/7~bl; +http://www.semrush.com/bot.html)"
185.191.171.41 - - [29/Nov/2021:05:35:26 +0100] "GET /white-rose-table-lamp-p-55721.html?action=add_product HTTP/1.0" 302 476 "-" "Mozilla/5.0 (compatible; SemrushBot/7~bl; +http://www.semrush.com/bot.html)"
185.191.171.38 - - [29/Nov/2021:05:35:36 +0100] "GET /mini-rectangular-tray-winter-apples-p-56863.html HTTP/1.0" 200 73372 "-" "Mozilla/5.0 (compatible; SemrushBot/7~bl; +http://www.semrush.com/bot.html)"
185.191.171.7 - - [29/Nov/2021:05:36:08 +0100] "GET /decorative-useful-vilaines-filles-p-55558.html?action=add_product HTTP/1.0" 302 476 "-" "Mozilla/5.0 (compatible; SemrushBot/7~bl; +http://www.semrush.com/bot.html)"
185.191.171.35 - - [29/Nov/2021:05:36:10 +0100] "GET /hello-kitty-badges-set-p-12104.html HTTP/1.0" 301 70723 "-" "Mozilla/5.0 (compatible; SemrushBot/7~bl; +http://www.semrush.com/bot.html)"
185.191.171.24 - - [29/Nov/2021:05:36:40 +0100] "GET /hello-kitty-badges-p-12104.html HTTP/1.0" 200 70638 "-" "Mozilla/5.0 (compatible; SemrushBot/7~bl; +http://www.semrush.com/bot.html)"
185.191.171.45 - - [29/Nov/2021:05:37:09 +0100] "GET /disney-beauty-beast-belle-jewelry-p-49748.html HTTP/1.0" 200 74515 "-" "Mozilla/5.0 (compatible; SemrushBot/7~bl; +http://www.semrush.com/bot.html)"
185.191.171.23 - - [29/Nov/2021:05:37:32 +0100] "GET /small-tinbox-retro-motorcycle-75-cm-p-41350.html HTTP/1.0" 301 70793 "-" "Mozilla/5.0 (compatible; SemrushBot/7~bl; +http://www.semrush.com/bot.html)"
185.191.171.26 - - [29/Nov/2021:05:38:02 +0100] "GET /small-tinbox-rtro-motorcycle-p-41350.html HTTP/1.0" 200 70698 "-" "Mozilla/5.0 (compatible; SemrushBot/7~bl; +http://www.semrush.com/bot.html)"
216.244.66.242 - - [29/Nov/2021:05:38:22 +0100] "GET /adults-c-53.html HTTP/1.0" 301 543 "-" "Mozilla/5.0 (compatible; DotBot/1.2; +https://opensiteexplorer.org/dotbot; help@moz.com)"
51.68.224.127 - - [29/Nov/2021:05:38:23 +0100] "GET /adminweb/export_orders_xml.php?token=256de2z6edz6ed2z6DFSFsed2zed6zeDSFDSGdzedezfzf&maxorders=10&orderstart=1&status=14&start_date=2018-10-01 HTTP/1.0" 200 285 "-" "GesCom CharlotteBoutik Serveur"
185.191.171.13 - - [29/Nov/2021:05:38:24 +0100] "GET /boho-canvas-frame-40-40-cm-p-41547.html HTTP/1.0" 301 73398 "-" "Mozilla/5.0 (compatible; SemrushBot/7~bl; +http://www.semrush.com/bot.html)"
185.191.171.9 - - [29/Nov/2021:05:38:55 +0100] "GET /robots.txt HTTP/1.0" 200 245 "-" "Mozilla/5.0 (compatible; SemrushBot/7~bl; +http://www.semrush.com/bot.html)"
51.68.224.127 - - [29/Nov/2021:05:38:23 +0100] "GET /adminweb/export_orders_xml.php?token=256de2z6edz6ed2z6DFSFsed2zed6zeDSFDSGdzedezfzf&maxorders=10&orderstart=1&status=6&start_date=2018-10-01 HTTP/1.0" 200 32471 "-" "GesCom CharlotteBoutik Serveur"
185.191.171.26 - - [29/Nov/2021:05:39:04 +0100] "GET /boho-canvas-frame-p-41547.html HTTP/1.0" 200 73314 "-" "Mozilla/5.0 (compatible; SemrushBot/7~bl; +http://www.semrush.com/bot.html)"
216.244.66.242 - - [29/Nov/2021:05:39:26 +0100] "GET /accessories-mobiles-c-3_17.html HTTP/1.0" 301 573 "-" "Mozilla/5.0 (compatible; DotBot/1.2; +https://opensiteexplorer.org/dotbot; help@moz.com)"
40.77.167.66 - - [29/Nov/2021:05:39:28 +0100] "GET /images/3272760413889.jpg HTTP/1.0" 200 259 "-" "Mozilla/5.0 (compatible; bingbot/2.0; +http://www.bing.com/bingbot.htm)"
66.249.75.166 - - [29/Nov/2021:05:39:15 +0100] "GET /large-resin-monkey-statuette-p-54084.html HTTP/1.0" 200 74497 "-" "Mozilla/5.0 (Linux; Android 6.0.1; Nexus 5X Build/MMB29P) AppleWebKit/537.36 (KHTML, like Gecko) Chrome/96.0.4664.45 Mobile Safari/537.36 (compatible; Googlebot/2.1; +http://www.google.com/bot.html)"
185.191.171.43 - - [29/Nov/2021:05:39:26 +0100] "GET /disney-collection-anna-polystone-bust-p-28257.html HTTP/1.0" 200 73422 "-" "Mozilla/5.0 (compatible; SemrushBot/7~bl; +http://www.semrush.com/bot.html)"
216.244.66.242 - - [29/Nov/2021:05:39:59 +0100] "GET /frames-flags-and-decorative-paintings-c-13_148.html HTTP/1.0" 301 613 "-" "Mozilla/5.0 (compatible; DotBot/1.2; +https://opensiteexplorer.org/dotbot; help@moz.com)"
185.191.171.22 - - [29/Nov/2021:05:39:59 +0100] "GET /placemat-little-prince-p-56248.html HTTP/1.0" 200 73212 "-" "Mozilla/5.0 (compatible; SemrushBot/7~bl; +http://www.semrush.com/bot.html)"
216.244.66.242 - - [29/Nov/2021:05:40:31 +0100] "GET /soft-toys-security-blanket-c-4_46.html HTTP/1.0" 301 587 "-" "Mozilla/5.0 (compatible; DotBot/1.2; +https://opensiteexplorer.org/dotbot; help@moz.com)"
185.191.171.1 - - [29/Nov/2021:05:40:22 +0100] "GET /door-plate-bonheur-p-56787.html?action=add_product HTTP/1.0" 302 476 "-" "Mozilla/5.0 (compatible; SemrushBot/7~bl; +http://www.semrush.com/bot.html)"
185.191.171.41 - - [29/Nov/2021:05:40:42 +0100] "GET /corsica-metal-plate-p-52506.html HTTP/1.0" 200 73161 "-" "Mozilla/5.0 (compatible; SemrushBot/7~bl; +http://www.semrush.com/bot.html)"
185.191.171.8 - - [29/Nov/2021:05:41:04 +0100] "GET /comics-daredevil-p-26010.html?action=add_product HTTP/1.0" 302 476 "-" "Mozilla/5.0 (compatible; SemrushBot/7~bl; +http://www.semrush.com/bot.html)"
54.36.148.93 - - [29/Nov/2021:05:41:22 +0100] "GET /cotton-floor-cushion-pink-45-cm-p-49744.html HTTP/1.0" 301 70631 "-" "Mozilla/5.0 (compatible; AhrefsBot/7.0; +http://ahrefs.com/robot/)"
216.244.66.242 - - [29/Nov/2021:05:42:04 +0100] "GET /shoulder-bag-jasmine-by-teo-jasmin-p-43134.html HTTP/1.0" 301 605 "-" "Mozilla/5.0 (compatible; DotBot/1.2; +https://opensiteexplorer.org/dotbot; help@moz.com)"
185.191.171.1 - - [29/Nov/2021:05:41:12 +0100] "GET /household-linen-c-11.html?page=66 HTTP/1.0" 200 93662 "-" "Mozilla/5.0 (compatible; SemrushBot/7~bl; +http://www.semrush.com/bot.html)"
216.244.66.242 - - [29/Nov/2021:05:42:36 +0100] "GET /tetsubin-brown-teapot-japanese-12-liter-p-49383.html HTTP/1.0" 301 615 "-" "Mozilla/5.0 (compatible; DotBot/1.2; +https://opensiteexplorer.org/dotbot; help@moz.com)"
207.46.13.118 - - [29/Nov/2021:05:42:36 +0100] "GET /guardian-angel-statue-angel-baptism-p-56830.html HTTP/1.0" 301 607 "-" "Mozilla/5.0 (compatible; bingbot/2.0; +http://www.bing.com/bingbot.htm)"
207.46.13.118 - - [29/Nov/2021:05:42:46 +0100] "GET /guardian-angel-statue-angel-baptism-p-56830.html HTTP/1.0" 200 74113 "-" "Mozilla/5.0 (compatible; bingbot/2.0; +http://www.bing.com/bingbot.htm)"
216.244.66.242 - - [29/Nov/2021:05:43:07 +0100] "GET /wooden-reamer-hook-80-cm-go-with-the-flow-p-44781.html HTTP/1.0" 301 619 "-" "Mozilla/5.0 (compatible; DotBot/1.2; +https://opensiteexplorer.org/dotbot; help@moz.com)"
157.55.39.228 - - [29/Nov/2021:05:43:07 +0100] "GET /-p-23829.html HTTP/1.0" 200 70564 "-" "Mozilla/5.0 (compatible; bingbot/2.0; +http://www.bing.com/bingbot.htm)"
185.191.171.1 - - [29/Nov/2021:05:42:05 +0100] "GET /household-linen-c-11.html?page=66 HTTP/1.0" 200 93662 "-" "Mozilla/5.0 (compatible; SemrushBot/7~bl; +http://www.semrush.com/bot.html)"
185.191.171.9 - - [29/Nov/2021:05:43:08 +0100] "GET /decorative-owls-patinated-resin-p-56826.html HTTP/1.0" 200 74023 "-" "Mozilla/5.0 (compatible; SemrushBot/7~bl; +http://www.semrush.com/bot.html)"
185.191.171.16 - - [29/Nov/2021:05:43:38 +0100] "GET /gardena-ethnic-p-45414.html HTTP/1.0" 200 74360 "-" "Mozilla/5.0 (compatible; SemrushBot/7~bl; +http://www.semrush.com/bot.html)"
66.249.75.166 - - [29/Nov/2021:05:45:24 +0100] "GET /titeuf-sticker-p-24721.html HTTP/1.0" 200 73259 "-" "Mozilla/5.0 (compatible; Googlebot/2.1; +http://www.google.com/bot.html)"
185.191.171.3 - - [29/Nov/2021:05:45:45 +0100] "GET /boho-canvas-frame-p-41542.html HTTP/1.0" 200 73285 "-" "Mozilla/5.0 (compatible; SemrushBot/7~bl; +http://www.semrush.com/bot.html)"
149.248.7.213 - - [29/Nov/2021:05:46:36 +0100] "GET /images/mini_prod/3418170317052.jpg HTTP/1.0" 200 269 "-" "Mozilla/5.0 (X11; Ubuntu; Linux x86_64; rv:72.0) Gecko/20100101 Firefox/72.0"
185.191.171.8 - - [29/Nov/2021:05:46:25 +0100] "GET /tetsubin-grey-teapot-japanese-liter-p-36406.html HTTP/1.0" 200 70739 "-" "Mozilla/5.0 (compatible; SemrushBot/7~bl; +http://www.semrush.com/bot.html)"
66.249.75.168 - - [29/Nov/2021:05:46:15 +0100] "GET /incense-satya-dragon-blood-grams-about-sticks-p-54739.html HTTP/1.0" 200 73812 "-" "Mozilla/5.0 (compatible; Googlebot/2.1; +http://www.google.com/bot.html)"
185.191.171.34 - - [29/Nov/2021:05:44:00 +0100] "GET /home-decoration-c-13.html?page=99 HTTP/1.0" 500 73334 "-" "Mozilla/5.0 (compatible; SemrushBot/7~bl; +http://www.semrush.com/bot.html)"
185.191.171.40 - - [29/Nov/2021:05:46:56 +0100] "GET /vintage-navigation-theme-suitcase-35-cm-p-49616.html HTTP/1.0" 301 70802 "-" "Mozilla/5.0 (compatible; SemrushBot/7~bl; +http://www.semrush.com/bot.html)"
185.191.171.43 - - [29/Nov/2021:05:47:26 +0100] "GET /vintage-navigation-theme-suitcase-p-49616.html HTTP/1.0" 200 70702 "-" "Mozilla/5.0 (compatible; SemrushBot/7~bl; +http://www.semrush.com/bot.html)"
185.191.171.15 - - [29/Nov/2021:05:47:57 +0100] "GET /choupy-ceramic-solitary-teapot-p-54598.html?action=add_product HTTP/1.0" 302 476 "-" "Mozilla/5.0 (compatible; SemrushBot/7~bl; +http://www.semrush.com/bot.html)"
185.191.171.25 - - [29/Nov/2021:05:47:59 +0100] "GET /frida-khalo-saucer-p-50160.html?action=add_product HTTP/1.0" 302 476 "-" "Mozilla/5.0 (compatible; SemrushBot/7~bl; +http://www.semrush.com/bot.html)"
185.191.171.34 - - [29/Nov/2021:05:44:51 +0100] "GET /home-decoration-c-13.html?page=99 HTTP/1.0" 500 73334 "-" "Mozilla/5.0 (compatible; SemrushBot/7~bl; +http://www.semrush.com/bot.html)"
185.191.171.3 - - [29/Nov/2021:05:48:07 +0100] "GET /smiski-figure-series-toilet-note-there-single-figure-p-43107.html?action=add_product HTTP/1.0" 302 476 "-" "Mozilla/5.0 (compatible; SemrushBot/7~bl; +http://www.semrush.com/bot.html)"
185.191.171.43 - - [29/Nov/2021:05:48:18 +0100] "GET /wall-hanging-radha-and-shiva-the-eternal-lovers-40-55-cm-p-47247.html HTTP/1.0" 301 74627 "-" "Mozilla/5.0 (compatible; SemrushBot/7~bl; +http://www.semrush.com/bot.html)"
216.244.66.242 - - [29/Nov/2021:05:48:28 +0100] "GET /harley-davidson-deco-thermometer-p-15196.html HTTP/1.0" 200 70715 "-" "Mozilla/5.0 (compatible; DotBot/1.2; +https://opensiteexplorer.org/dotbot; help@moz.com)"
77.75.78.161 - - [29/Nov/2021:05:49:00 +0100] "GET /robots.txt HTTP/1.0" 200 245 "-" "Mozilla/5.0 (compatible; SeznamBot/3.2; +http://napoveda.seznam.cz/en/seznambot-intro/)"
77.75.78.161 - - [29/Nov/2021:05:49:10 +0100] "GET /images/mini_prod/8433933239254.jpg HTTP/1.0" 200 269 "-" "Mozilla/5.0 (compatible; SeznamBot/3.2; +http://napoveda.seznam.cz/en/seznambot-intro/)"
185.191.171.15 - - [29/Nov/2021:05:48:52 +0100] "GET /wall-hanging-radha-shiva-eternal-lovers-p-47247.html HTTP/1.0" 200 74521 "-" "Mozilla/5.0 (compatible; SemrushBot/7~bl; +http://www.semrush.com/bot.html)"
185.191.171.37 - - [29/Nov/2021:05:49:41 +0100] "GET /planes-small-table-lamp-p-33135.html HTTP/1.0" 301 70631 "-" "Mozilla/5.0 (compatible; SemrushBot/7~bl; +http://www.semrush.com/bot.html)"
216.244.66.242 - - [29/Nov/2021:05:49:20 +0100] "GET /pepe-jeans-black-leather-wallet-p-38146.html HTTP/1.0" 200 73799 "-" "Mozilla/5.0 (compatible; DotBot/1.2; +https://opensiteexplorer.org/dotbot; help@moz.com)"
40.77.167.66 - - [29/Nov/2021:05:49:20 +0100] "GET /mickey-mouse-clock-p-31606.html HTTP/1.0" 200 73185 "-" "Mozilla/5.0 (compatible; bingbot/2.0; +http://www.bing.com/bingbot.htm)"
216.244.66.242 - - [29/Nov/2021:05:50:12 +0100] "GET /white-ipad-paris-cover-cbkreation-p-17261.html HTTP/1.0" 200 70693 "-" "Mozilla/5.0 (compatible; DotBot/1.2; +https://opensiteexplorer.org/dotbot; help@moz.com)"
185.191.171.18 - - [29/Nov/2021:05:50:12 +0100] "GET /-p-33135.html HTTP/1.0" 200 70564 "-" "Mozilla/5.0 (compatible; SemrushBot/7~bl; +http://www.semrush.com/bot.html)"
185.191.171.9 - - [29/Nov/2021:05:50:33 +0100] "GET /school-gorjuss-you-brought-me-love-agenda-year-2017-2018-p-39784.html HTTP/1.0" 301 70886 "-" "Mozilla/5.0 (compatible; SemrushBot/7~bl; +http://www.semrush.com/bot.html)"
185.191.171.41 - - [29/Nov/2021:05:51:04 +0100] "GET /school-gorjuss-brought-love-agenda-year-2017-2018-p-39784.html HTTP/1.0" 200 70770 "-" "Mozilla/5.0 (compatible; SemrushBot/7~bl; +http://www.semrush.com/bot.html)"
185.191.171.33 - - [29/Nov/2021:05:51:34 +0100] "GET /buddha-perfume-diffuser-p-52260.html HTTP/1.0" 200 73329 "-" "Mozilla/5.0 (compatible; SemrushBot/7~bl; +http://www.semrush.com/bot.html)"
165.154.72.231 - - [29/Nov/2021:05:52:49 +0100] "GET /images/mini_prod/3014627769278.jpg HTTP/1.0" 200 269 "-" "Mozilla/5.0 (X11; Ubuntu; Linux x86_64; rv:72.0) Gecko/20100101 Firefox/72.0"
24.98.60.142 - - [29/Nov/2021:05:52:57 +0100] "GET /disney-princess-jewelry-p-37038.html HTTP/1.0" 200 73885 "https://www.google.com/" "Mozilla/5.0 (iPhone; CPU iPhone OS 14_8 like Mac OS X) AppleWebKit/605.1.15 (KHTML, like Gecko) Version/14.1.2 Mobile/15E148 Safari/604.1"
165.154.72.231 - - [29/Nov/2021:05:53:39 +0100] "GET /images/mini_prod/8435306215780.jpg HTTP/1.0" 200 269 "-" "Mozilla/5.0 (X11; Ubuntu; Linux x86_64; rv:72.0) Gecko/20100101 Firefox/72.0"
24.98.60.142 - - [29/Nov/2021:05:53:08 +0100] "GET /disney-princess-jewelry-p-37038.html HTTP/1.0" 200 73885 "https://www.google.com/" "Mozilla/5.0 (iPhone; CPU iPhone OS 14_8 like Mac OS X) AppleWebKit/605.1.15 (KHTML, like Gecko) Version/14.1.2 Mobile/15E148 Safari/604.1"
24.98.60.142 - - [29/Nov/2021:05:53:19 +0100] "GET /disney-princess-jewelry-p-37038.html HTTP/1.0" 200 73885 "https://www.google.com/" "Mozilla/5.0 (iPhone; CPU iPhone OS 14_8 like Mac OS X) AppleWebKit/605.1.15 (KHTML, like Gecko) Version/14.1.2 Mobile/15E148 Safari/604.1"
40.77.167.66 - - [29/Nov/2021:05:54:00 +0100] "GET /images/big_prod_2/3442440279924B.jpg HTTP/1.0" 200 271 "-" "Mozilla/5.0 (compatible; bingbot/2.0; +http://www.bing.com/bingbot.htm)"
185.191.171.11 - - [29/Nov/2021:05:52:06 +0100] "GET /games-toys-c-4.html HTTP/1.0" 200 93075 "-" "Mozilla/5.0 (compatible; SemrushBot/7~bl; +http://www.semrush.com/bot.html)"
24.98.60.142 - - [29/Nov/2021:05:53:39 +0100] "GET /disney-princess-jewelry-p-37038.html HTTP/1.0" 200 74116 "https://www.google.com/" "Mozilla/5.0 (iPhone; CPU iPhone OS 14_8 like Mac OS X) AppleWebKit/605.1.15 (KHTML, like Gecko) Version/14.1.2 Mobile/15E148 Safari/604.1"
24.98.60.142 - - [29/Nov/2021:05:54:10 +0100] "GET /templates/Pixame_v1/stylesheet.css HTTP/1.0" 200 267 "http://www.wonder-geek.com/disney-princess-jewelry-p-37038.html" "Mozilla/5.0 (iPhone; CPU iPhone OS 14_8 like Mac OS X) AppleWebKit/605.1.15 (KHTML, like Gecko) Version/14.1.2 Mobile/15E148 Safari/604.1"
24.98.60.142 - - [29/Nov/2021:05:54:10 +0100] "GET /highslide/highslide.js HTTP/1.0" 200 262 "http://www.wonder-geek.com/disney-princess-jewelry-p-37038.html" "Mozilla/5.0 (iPhone; CPU iPhone OS 14_8 like Mac OS X) AppleWebKit/605.1.15 (KHTML, like Gecko) Version/14.1.2 Mobile/15E148 Safari/604.1"
24.98.60.142 - - [29/Nov/2021:05:54:10 +0100] "GET /js/jquery.js HTTP/1.0" 200 252 "http://www.wonder-geek.com/disney-princess-jewelry-p-37038.html" "Mozilla/5.0 (iPhone; CPU iPhone OS 14_8 like Mac OS X) AppleWebKit/605.1.15 (KHTML, like Gecko) Version/14.1.2 Mobile/15E148 Safari/604.1"
24.98.60.142 - - [29/Nov/2021:05:54:11 +0100] "GET /js/jquery.jqzoom.js HTTP/1.0" 200 259 "http://www.wonder-geek.com/disney-princess-jewelry-p-37038.html" "Mozilla/5.0 (iPhone; CPU iPhone OS 14_8 like Mac OS X) AppleWebKit/605.1.15 (KHTML, like Gecko) Version/14.1.2 Mobile/15E148 Safari/604.1"
185.191.171.7 - - [29/Nov/2021:05:53:50 +0100] "GET /daisy-duck-set-of-hair-ornements-p-19277.html HTTP/1.0" 301 75904 "-" "Mozilla/5.0 (compatible; SemrushBot/7~bl; +http://www.semrush.com/bot.html)"
24.98.60.142 - - [29/Nov/2021:05:54:11 +0100] "GET /mondial_relay/js/jquery-1.3.2.min.js HTTP/1.0" 200 276 "http://www.wonder-geek.com/disney-princess-jewelry-p-37038.html" "Mozilla/5.0 (iPhone; CPU iPhone OS 14_8 like Mac OS X) AppleWebKit/605.1.15 (KHTML, like Gecko) Version/14.1.2 Mobile/15E148 Safari/604.1"
24.98.60.142 - - [29/Nov/2021:05:54:11 +0100] "GET /templates/Pixame_v1/images/icon_accueil2.png HTTP/1.0" 200 278 "http://www.wonder-geek.com/disney-princess-jewelry-p-37038.html" "Mozilla/5.0 (iPhone; CPU iPhone OS 14_8 like Mac OS X) AppleWebKit/605.1.15 (KHTML, like Gecko) Version/14.1.2 Mobile/15E148 Safari/604.1"
24.98.60.142 - - [29/Nov/2021:05:54:11 +0100] "GET /swfobject.js HTTP/1.0" 404 1308 "http://www.wonder-geek.com/disney-princess-jewelry-p-37038.html" "Mozilla/5.0 (iPhone; CPU iPhone OS 14_8 like Mac OS X) AppleWebKit/605.1.15 (KHTML, like Gecko) Version/14.1.2 Mobile/15E148 Safari/604.1"
24.98.60.142 - - [29/Nov/2021:05:54:11 +0100] "GET /templates/Pixame_v1/images/infobox/pixel_trans.gif HTTP/1.0" 200 328 "http://www.wonder-geek.com/disney-princess-jewelry-p-37038.html" "Mozilla/5.0 (iPhone; CPU iPhone OS 14_8 like Mac OS X) AppleWebKit/605.1.15 (KHTML, like Gecko) Version/14.1.2 Mobile/15E148 Safari/604.1"
24.98.60.142 - - [29/Nov/2021:05:54:11 +0100] "GET /images/pixel_trans.gif HTTP/1.0" 200 328 "http://www.wonder-geek.com/disney-princess-jewelry-p-37038.html" "Mozilla/5.0 (iPhone; CPU iPhone OS 14_8 like Mac OS X) AppleWebKit/605.1.15 (KHTML, like Gecko) Version/14.1.2 Mobile/15E148 Safari/604.1"
24.98.60.142 - - [29/Nov/2021:05:54:11 +0100] "GET /templates/Pixame_v1/images/pixel_trans.gif HTTP/1.0" 200 328 "http://www.wonder-geek.com/disney-princess-jewelry-p-37038.html" "Mozilla/5.0 (iPhone; CPU iPhone OS 14_8 like Mac OS X) AppleWebKit/605.1.15 (KHTML, like Gecko) Version/14.1.2 Mobile/15E148 Safari/604.1"
24.98.60.142 - - [29/Nov/2021:05:54:11 +0100] "GET /images/big_prod/8435333807804.jpg HTTP/1.0" 200 268 "http://www.wonder-geek.com/disney-princess-jewelry-p-37038.html" "Mozilla/5.0 (iPhone; CPU iPhone OS 14_8 like Mac OS X) AppleWebKit/605.1.15 (KHTML, like Gecko) Version/14.1.2 Mobile/15E148 Safari/604.1"
24.98.60.142 - - [29/Nov/2021:05:54:11 +0100] "GET /images/big_prod_1/b8435333807804.jpg HTTP/1.0" 200 271 "http://www.wonder-geek.com/disney-princess-jewelry-p-37038.html" "Mozilla/5.0 (iPhone; CPU iPhone OS 14_8 like Mac OS X) AppleWebKit/605.1.15 (KHTML, like Gecko) Version/14.1.2 Mobile/15E148 Safari/604.1"
24.98.60.142 - - [29/Nov/2021:05:54:11 +0100] "GET /templates/Pixame_v1/images/buttons/english/button_in_cart.gif HTTP/1.0" 200 295 "http://www.wonder-geek.com/disney-princess-jewelry-p-37038.html" "Mozilla/5.0 (iPhone; CPU iPhone OS 14_8 like Mac OS X) AppleWebKit/605.1.15 (KHTML, like Gecko) Version/14.1.2 Mobile/15E148 Safari/604.1"
24.98.60.142 - - [29/Nov/2021:05:54:11 +0100] "GET /templates/Pixame_v1/images/Bottom_texture.jpg HTTP/1.0" 200 280 "http://www.wonder-geek.com/disney-princess-jewelry-p-37038.html" "Mozilla/5.0 (iPhone; CPU iPhone OS 14_8 like Mac OS X) AppleWebKit/605.1.15 (KHTML, like Gecko) Version/14.1.2 Mobile/15E148 Safari/604.1"
24.98.60.142 - - [29/Nov/2021:05:54:11 +0100] "GET /templates/Pixame_v1/images/Middle_texture.jpg HTTP/1.0" 200 280 "http://www.wonder-geek.com/disney-princess-jewelry-p-37038.html" "Mozilla/5.0 (iPhone; CPU iPhone OS 14_8 like Mac OS X) AppleWebKit/605.1.15 (KHTML, like Gecko) Version/14.1.2 Mobile/15E148 Safari/604.1"
24.98.60.142 - - [29/Nov/2021:05:54:12 +0100] "GET /templates/Pixame_v1/images/nav.png HTTP/1.0" 200 268 "http://www.wonder-geek.com/disney-princess-jewelry-p-37038.html" "Mozilla/5.0 (iPhone; CPU iPhone OS 14_8 like Mac OS X) AppleWebKit/605.1.15 (KHTML, like Gecko) Version/14.1.2 Mobile/15E148 Safari/604.1"
24.98.60.142 - - [29/Nov/2021:05:54:12 +0100] "GET /templates/Pixame_v1/images/header.png HTTP/1.0" 200 271 "http://www.wonder-geek.com/disney-princess-jewelry-p-37038.html" "Mozilla/5.0 (iPhone; CPU iPhone OS 14_8 like Mac OS X) AppleWebKit/605.1.15 (KHTML, like Gecko) Version/14.1.2 Mobile/15E148 Safari/604.1"
24.98.60.142 - - [29/Nov/2021:05:54:12 +0100] "GET /templates/Pixame_v1/images/header-object.png HTTP/1.0" 200 278 "http://www.wonder-geek.com/disney-princess-jewelry-p-37038.html" "Mozilla/5.0 (iPhone; CPU iPhone OS 14_8 like Mac OS X) AppleWebKit/605.1.15 (KHTML, like Gecko) Version/14.1.2 Mobile/15E148 Safari/604.1"
24.98.60.142 - - [29/Nov/2021:05:54:12 +0100] "GET /design/productsenstock.png HTTP/1.0" 200 260 "http://www.wonder-geek.com/disney-princess-jewelry-p-37038.html" "Mozilla/5.0 (iPhone; CPU iPhone OS 14_8 like Mac OS X) AppleWebKit/605.1.15 (KHTML, like Gecko) Version/14.1.2 Mobile/15E148 Safari/604.1"
24.98.60.142 - - [29/Nov/2021:05:54:12 +0100] "GET /templates/Pixame_v1/images/infobox/infobox_footer_middle.gif HTTP/1.0" 200 357 "http://www.wonder-geek.com/disney-princess-jewelry-p-37038.html" "Mozilla/5.0 (iPhone; CPU iPhone OS 14_8 like Mac OS X) AppleWebKit/605.1.15 (KHTML, like Gecko) Version/14.1.2 Mobile/15E148 Safari/604.1"
24.98.60.142 - - [29/Nov/2021:05:54:12 +0100] "GET /highslide/graphics/zoomin.cur HTTP/1.0" 200 614 "http://www.wonder-geek.com/disney-princess-jewelry-p-37038.html" "Mozilla/5.0 (iPhone; CPU iPhone OS 14_8 like Mac OS X) AppleWebKit/605.1.15 (KHTML, like Gecko) Version/14.1.2 Mobile/15E148 Safari/604.1"
24.98.60.142 - - [29/Nov/2021:05:54:21 +0100] "GET /highslide/graphics/outlines/drop-shadow.png HTTP/1.0" 200 277 "http://www.wonder-geek.com/disney-princess-jewelry-p-37038.html" "Mozilla/5.0 (iPhone; CPU iPhone OS 14_8 like Mac OS X) AppleWebKit/605.1.15 (KHTML, like Gecko) Version/14.1.2 Mobile/15E148 Safari/604.1"
24.98.60.142 - - [29/Nov/2021:05:54:21 +0100] "GET /highslide/graphics/zoomout.cur HTTP/1.0" 200 614 "http://www.wonder-geek.com/disney-princess-jewelry-p-37038.html" "Mozilla/5.0 (iPhone; CPU iPhone OS 14_8 like Mac OS X) AppleWebKit/605.1.15 (KHTML, like Gecko) Version/14.1.2 Mobile/15E148 Safari/604.1"
24.98.60.142 - - [29/Nov/2021:05:54:21 +0100] "GET /highslide/graphics/loader.white.gif HTTP/1.0" 200 960 "http://www.wonder-geek.com/disney-princess-jewelry-p-37038.html" "Mozilla/5.0 (iPhone; CPU iPhone OS 14_8 like Mac OS X) AppleWebKit/605.1.15 (KHTML, like Gecko) Version/14.1.2 Mobile/15E148 Safari/604.1"
24.98.60.142 - - [29/Nov/2021:05:54:21 +0100] "GET /favicon.ico HTTP/1.0" 200 260 "http://www.wonder-geek.com/disney-princess-jewelry-p-37038.html" "Mozilla/5.0 (iPhone; CPU iPhone OS 14_8 like Mac OS X) AppleWebKit/605.1.15 (KHTML, like Gecko) Version/14.1.2 Mobile/15E148 Safari/604.1"
185.191.171.44 - - [29/Nov/2021:05:54:12 +0100] "GET /daisy-duck-hair-ornements-p-19277.html HTTP/1.0" 200 75812 "-" "Mozilla/5.0 (compatible; SemrushBot/7~bl; +http://www.semrush.com/bot.html)"
185.191.171.18 - - [29/Nov/2021:05:54:52 +0100] "GET /gaspard-tooth-p-56881.html?action=add_product HTTP/1.0" 302 476 "-" "Mozilla/5.0 (compatible; SemrushBot/7~bl; +http://www.semrush.com/bot.html)"
185.191.171.11 - - [29/Nov/2021:05:52:58 +0100] "GET /games-toys-c-4.html HTTP/1.0" 500 73290 "-" "Mozilla/5.0 (compatible; SemrushBot/7~bl; +http://www.semrush.com/bot.html)"
74.125.210.48 - - [29/Nov/2021:05:55:34 +0100] "GET /images/5411329064317.jpg HTTP/1.0" 200 259 "-" "Mozilla/5.0 (Windows NT 5.1; rv:11.0) Gecko Firefox/11.0 (via ggpht.com GoogleImageProxy)"
185.191.171.23 - - [29/Nov/2021:05:55:02 +0100] "GET /girls-c-1.html?page=6 HTTP/1.0" 500 73255 "-" "Mozilla/5.0 (compatible; SemrushBot/7~bl; +http://www.semrush.com/bot.html)"
185.191.171.15 - - [29/Nov/2021:05:56:37 +0100] "GET /cotton-kitchen-towel-burger-p-49658.html?action=add_product HTTP/1.0" 302 476 "-" "Mozilla/5.0 (compatible; SemrushBot/7~bl; +http://www.semrush.com/bot.html)"
185.191.171.23 - - [29/Nov/2021:05:55:44 +0100] "GET /girls-c-1.html?page=6 HTTP/1.0" 500 73255 "-" "Mozilla/5.0 (compatible; SemrushBot/7~bl; +http://www.semrush.com/bot.html)"
66.249.75.166 - - [29/Nov/2021:05:56:36 +0100] "GET /titeuf-sticker-p-24721.html HTTP/1.0" 200 73259 "-" "Mozilla/5.0 (Linux; Android 6.0.1; Nexus 5X Build/MMB29P) AppleWebKit/537.36 (KHTML, like Gecko) Chrome/96.0.4664.45 Mobile Safari/537.36 (compatible; Googlebot/2.1; +http://www.google.com/bot.html)"
185.191.171.38 - - [29/Nov/2021:05:56:46 +0100] "GET /harley-davidson-magnets-p-31621.html HTTP/1.0" 200 73303 "-" "Mozilla/5.0 (compatible; SemrushBot/7~bl; +http://www.semrush.com/bot.html)"
185.191.171.7 - - [29/Nov/2021:05:57:18 +0100] "GET /masha-bear-pencil-case-p-36213.html?action=add_product HTTP/1.0" 302 476 "-" "Mozilla/5.0 (compatible; SemrushBot/7~bl; +http://www.semrush.com/bot.html)"
185.191.171.6 - - [29/Nov/2021:05:57:19 +0100] "GET /chakra-wooden-crown-chakra-p-46561.html HTTP/1.0" 200 70640 "-" "Mozilla/5.0 (compatible; SemrushBot/7~bl; +http://www.semrush.com/bot.html)"
149.248.7.213 - - [29/Nov/2021:05:57:49 +0100] "GET /images/mini_prod/3438100349946.jpg HTTP/1.0" 200 269 "-" "Mozilla/5.0 (X11; Ubuntu; Linux x86_64; rv:72.0) Gecko/20100101 Firefox/72.0"
42.83.147.34 - - [29/Nov/2021:05:57:59 +0100] "GET / HTTP/1.0" 301 511 "-" "Mozilla/5.0 (Windows NT 6.1; Win64; x64) AppleWebKit/537.36 (KHTML, like Gecko)Chrome/74.0.3729.169 Safari/537.36"
185.191.171.22 - - [29/Nov/2021:05:57:49 +0100] "GET /pistols-messenger-p-14499.html HTTP/1.0" 200 74773 "-" "Mozilla/5.0 (compatible; SemrushBot/7~bl; +http://www.semrush.com/bot.html)"
185.191.171.2 - - [29/Nov/2021:05:58:21 +0100] "GET /display-with-ceramic-mugs-owl-and-cat-by-allen-p-33567.html HTTP/1.0" 301 70810 "-" "Mozilla/5.0 (compatible; SemrushBot/7~bl; +http://www.semrush.com/bot.html)"
185.191.171.23 - - [29/Nov/2021:05:58:51 +0100] "GET /display-with-ceramic-mugs-allen-p-33567.html HTTP/1.0" 200 70712 "-" "Mozilla/5.0 (compatible; SemrushBot/7~bl; +http://www.semrush.com/bot.html)"
185.191.171.45 - - [29/Nov/2021:05:59:03 +0100] "GET /savoie-flag-p-41655.html HTTP/1.0" 200 73222 "-" "Mozilla/5.0 (compatible; SemrushBot/7~bl; +http://www.semrush.com/bot.html)"
54.36.149.52 - - [29/Nov/2021:05:57:09 +0100] "GET /household-linen-c-11.html?page=24 HTTP/1.0" 500 73318 "-" "Mozilla/5.0 (compatible; AhrefsBot/7.0; +http://ahrefs.com/robot/)"
185.191.171.11 - - [29/Nov/2021:05:59:32 +0100] "GET /baskets-with-water-hyacinth-handles-p-56041.html?action=add_product HTTP/1.0" 302 476 "-" "Mozilla/5.0 (compatible; SemrushBot/7~bl; +http://www.semrush.com/bot.html)"
185.191.171.41 - - [29/Nov/2021:05:59:34 +0100] "GET /figurine-resin-parrot-p-45833.html HTTP/1.0" 200 73886 "-" "Mozilla/5.0 (compatible; SemrushBot/7~bl; +http://www.semrush.com/bot.html)"
185.191.171.23 - - [29/Nov/2021:05:59:54 +0100] "GET /-p-18730.html?action=add_product HTTP/1.0" 302 476 "-" "Mozilla/5.0 (compatible; SemrushBot/7~bl; +http://www.semrush.com/bot.html)"
66.249.75.168 - - [29/Nov/2021:06:00:05 +0100] "GET /swfobject.js HTTP/1.0" 404 1308 "http://www.wonder-geek.com/titeuf-sticker-p-24721.html" "Mozilla/5.0 (Linux; Android 6.0.1; Nexus 5X Build/MMB29P) AppleWebKit/537.36 (KHTML, like Gecko) Chrome/95.0.4638.69 Mobile Safari/537.36 (compatible; Googlebot/2.1; +http://www.google.com/bot.html)"
66.249.75.166 - - [29/Nov/2021:06:00:06 +0100] "GET /swfobject.js HTTP/1.0" 404 1308 "http://www.wonder-geek.com/titeuf-sticker-p-24721.html" "Mozilla/5.0 (Linux; Android 6.0.1; Nexus 5X Build/MMB29P) AppleWebKit/537.36 (KHTML, like Gecko) Chrome/95.0.4638.69 Mobile Safari/537.36 (compatible; Googlebot/2.1; +http://www.google.com/bot.html)"
17.121.113.84 - - [29/Nov/2021:05:59:44 +0100] "GET /corsica-metal-plate-p-52521.html HTTP/1.0" 200 73161 "-" "Mozilla/5.0 (Macintosh; Intel Mac OS X 10_15_5) AppleWebKit/605.1.15 (KHTML, like Gecko) Version/13.1.1 Safari/605.1.15 (Applebot/0.1; +http://www.apple.com/go/applebot)"
185.191.171.42 - - [29/Nov/2021:05:59:56 +0100] "GET /cotton-floor-cushion-beige-p-38997.html HTTP/1.0" 200 73943 "-" "Mozilla/5.0 (compatible; SemrushBot/7~bl; +http://www.semrush.com/bot.html)"
185.191.171.45 - - [29/Nov/2021:06:00:39 +0100] "GET /tetsubin-blue-green-teapot-japanese-liter-p-56021.html HTTP/1.0" 200 74278 "-" "Mozilla/5.0 (compatible; SemrushBot/7~bl; +http://www.semrush.com/bot.html)"
185.191.171.38 - - [29/Nov/2021:06:01:21 +0100] "GET /salt-lamp-tree-life-approx-p-56834.html?action=add_product HTTP/1.0" 302 476 "-" "Mozilla/5.0 (compatible; SemrushBot/7~bl; +http://www.semrush.com/bot.html)"
185.191.171.12 - - [29/Nov/2021:06:01:31 +0100] "GET /set-of-mappemonde-coasters-p-52604.html HTTP/1.0" 301 73268 "-" "Mozilla/5.0 (compatible; SemrushBot/7~bl; +http://www.semrush.com/bot.html)"
185.191.171.23 - - [29/Nov/2021:06:02:05 +0100] "GET /mappemonde-coasters-p-52604.html HTTP/1.0" 200 73182 "-" "Mozilla/5.0 (compatible; SemrushBot/7~bl; +http://www.semrush.com/bot.html)"
207.46.13.202 - - [29/Nov/2021:06:03:20 +0100] "GET /images/mini_prod/039897677330de.jpg HTTP/1.0" 200 270 "-" "Mozilla/5.0 (compatible; bingbot/2.0; +http://www.bing.com/bingbot.htm)"
185.191.171.20 - - [29/Nov/2021:06:02:47 +0100] "GET /retro-coasters-p-40044.html HTTP/1.0" 200 73166 "-" "Mozilla/5.0 (compatible; SemrushBot/7~bl; +http://www.semrush.com/bot.html)"
185.191.171.13 - - [29/Nov/2021:06:03:30 +0100] "GET /incense-stick-holder-elephant-p-35503.html HTTP/1.0" 200 74234 "-" "Mozilla/5.0 (compatible; SemrushBot/7~bl; +http://www.semrush.com/bot.html)"
185.191.171.23 - - [29/Nov/2021:06:04:01 +0100] "GET /maison-bonheur-wall-sticker-p-52421.html?action=add_product HTTP/1.0" 302 476 "-" "Mozilla/5.0 (compatible; SemrushBot/7~bl; +http://www.semrush.com/bot.html)"
185.191.171.42 - - [29/Nov/2021:06:04:03 +0100] "GET /small-jar-candle-stopover-in-the-mediterranean-p-44140.html HTTP/1.0" 301 70871 "-" "Mozilla/5.0 (compatible; SemrushBot/7~bl; +http://www.semrush.com/bot.html)"
185.191.171.18 - - [29/Nov/2021:06:04:24 +0100] "GET /small-candle-stopover-mediterranean-p-44140.html HTTP/1.0" 200 70769 "-" "Mozilla/5.0 (compatible; SemrushBot/7~bl; +http://www.semrush.com/bot.html)"
185.191.171.18 - - [29/Nov/2021:06:04:54 +0100] "GET /drawstring-yoga-purple-with-flower-life-embroidery-p-45459.html?action=add_product HTTP/1.0" 302 476 "-" "Mozilla/5.0 (compatible; SemrushBot/7~bl; +http://www.semrush.com/bot.html)"
185.191.171.18 - - [29/Nov/2021:06:05:04 +0100] "GET /ethnic-carpet-beige-model-only-p-44797.html?action=add_product HTTP/1.0" 302 476 "-" "Mozilla/5.0 (compatible; SemrushBot/7~bl; +http://www.semrush.com/bot.html)"
185.191.171.3 - - [29/Nov/2021:06:05:06 +0100] "GET /playboy-velvet-zippo-lighter-p-42880.html?action=add_product HTTP/1.0" 302 476 "-" "Mozilla/5.0 (compatible; SemrushBot/7~bl; +http://www.semrush.com/bot.html)"
40.77.167.66 - - [29/Nov/2021:06:05:15 +0100] "GET /images/big_prod/8718375751152.jpg HTTP/1.0" 200 268 "-" "Mozilla/5.0 (compatible; bingbot/2.0; +http://www.bing.com/bingbot.htm)"
185.191.171.34 - - [29/Nov/2021:06:05:15 +0100] "GET /emoticon-cushion-30-cm-emoji-p-42813.html HTTP/1.0" 301 70631 "-" "Mozilla/5.0 (compatible; SemrushBot/7~bl; +http://www.semrush.com/bot.html)"
185.191.171.25 - - [29/Nov/2021:06:05:36 +0100] "GET /-p-42813.html HTTP/1.0" 200 70564 "-" "Mozilla/5.0 (compatible; SemrushBot/7~bl; +http://www.semrush.com/bot.html)"
185.191.171.45 - - [29/Nov/2021:06:05:58 +0100] "GET /smiski-figure-series-note-there-single-figure-p-37897.html?action=add_product HTTP/1.0" 302 476 "-" "Mozilla/5.0 (compatible; SemrushBot/7~bl; +http://www.semrush.com/bot.html)"
185.191.171.16 - - [29/Nov/2021:06:06:08 +0100] "GET /small-moneybox-shape-english-letter-p-46489.html?action=add_product HTTP/1.0" 302 476 "-" "Mozilla/5.0 (compatible; SemrushBot/7~bl; +http://www.semrush.com/bot.html)"
185.191.171.3 - - [29/Nov/2021:06:06:10 +0100] "GET /metal-beer-bucket-mojito-p-45497.html HTTP/1.0" 200 70675 "-" "Mozilla/5.0 (compatible; SemrushBot/7~bl; +http://www.semrush.com/bot.html)"
54.36.148.18 - - [29/Nov/2021:06:06:19 +0100] "GET /calendar-bookmarks-year-2017-16-cm-p-36817.html HTTP/1.0" 301 70631 "-" "Mozilla/5.0 (compatible; AhrefsBot/7.0; +http://ahrefs.com/robot/)"
185.191.171.18 - - [29/Nov/2021:06:06:41 +0100] "GET /kiss-statue-rodin-p-46887.html HTTP/1.0" 200 74123 "-" "Mozilla/5.0 (compatible; SemrushBot/7~bl; +http://www.semrush.com/bot.html)"
66.249.88.94 - - [29/Nov/2021:06:07:14 +0100] "GET /images/big_prod_1/84220990011b.jpg HTTP/1.0" 200 269 "-" "Mozilla/5.0 (Windows NT 5.1; rv:11.0) Gecko Firefox/11.0 (via ggpht.com GoogleImageProxy)"
106.11.154.33 - - [29/Nov/2021:06:06:41 +0100] "GET /tights-c-1_48.html HTTP/1.0" 200 73351 "-" "Mozilla/5.0 (Windows NT 6.1; Win64; x64) AppleWebKit/537.36 (KHTML, like Gecko) Chrome/69.0.3497.81 YisouSpider/5.0 Safari/537.36"
207.46.13.202 - - [29/Nov/2021:06:07:26 +0100] "GET /images/med_prod/8435333830635.jpg HTTP/1.0" 200 268 "-" "Mozilla/5.0 (compatible; bingbot/2.0; +http://www.bing.com/bingbot.htm)"
185.191.171.9 - - [29/Nov/2021:06:07:05 +0100] "GET /tetsubin-green-teapot-sheet-below-p-38567.html HTTP/1.0" 200 73311 "-" "Mozilla/5.0 (compatible; SemrushBot/7~bl; +http://www.semrush.com/bot.html)"
106.11.156.43 - - [29/Nov/2021:06:06:53 +0100] "GET /tights-c-1_48.html HTTP/1.0" 200 73351 "-" "Mozilla/5.0 (Windows NT 6.1; Win64; x64) AppleWebKit/537.36 (KHTML, like Gecko) Chrome/69.0.3497.81 YisouSpider/5.0 Safari/537.36"
106.11.159.53 - - [29/Nov/2021:06:07:13 +0100] "GET /tights-c-1_48.html HTTP/1.0" 200 73351 "-" "Mozilla/5.0 (Windows NT 6.1; Win64; x64) AppleWebKit/537.36 (KHTML, like Gecko) Chrome/69.0.3497.81 YisouSpider/5.0 Safari/537.36"
185.191.171.36 - - [29/Nov/2021:06:07:45 +0100] "GET /mango-board-p-47439.html?action=add_product HTTP/1.0" 302 476 "-" "Mozilla/5.0 (compatible; SemrushBot/7~bl; +http://www.semrush.com/bot.html)"
185.191.171.34 - - [29/Nov/2021:06:07:56 +0100] "GET /jungle-shower-curtain-p-52157.html?action=add_product HTTP/1.0" 302 476 "-" "Mozilla/5.0 (compatible; SemrushBot/7~bl; +http://www.semrush.com/bot.html)"
66.249.75.166 - - [29/Nov/2021:06:07:56 +0100] "GET /cement-tile-stickers-p-50335.html HTTP/1.0" 200 74133 "-" "Mozilla/5.0 (compatible; Googlebot/2.1; +http://www.google.com/bot.html)"
54.36.148.231 - - [29/Nov/2021:06:08:06 +0100] "GET /barbapapa-polar-blanket-p-6806.html HTTP/1.0" 301 70628 "-" "Mozilla/5.0 (compatible; AhrefsBot/7.0; +http://ahrefs.com/robot/)"
104.156.246.69 - - [29/Nov/2021:06:08:38 +0100] "GET /images/mini_prod/1384010182895.jpg HTTP/1.0" 200 269 "-" "Mozilla/5.0 (X11; Ubuntu; Linux x86_64; rv:72.0) Gecko/20100101 Firefox/72.0"
54.36.149.7 - - [29/Nov/2021:06:09:30 +0100] "GET /playboy-bedclothes-140-200-cm-p-31641.html HTTP/1.0" 301 70631 "-" "Mozilla/5.0 (compatible; AhrefsBot/7.0; +http://ahrefs.com/robot/)"
185.191.171.22 - - [29/Nov/2021:06:09:41 +0100] "GET /little-prince-made-france-p-52352.html?action=add_product HTTP/1.0" 302 476 "-" "Mozilla/5.0 (compatible; SemrushBot/7~bl; +http://www.semrush.com/bot.html)"
106.11.153.79 - - [29/Nov/2021:06:09:30 +0100] "GET /tights-c-1_48.html HTTP/1.0" 200 73351 "-" "Mozilla/5.0 (Windows NT 6.1; Win64; x64) AppleWebKit/537.36 (KHTML, like Gecko) Chrome/69.0.3497.81 YisouSpider/5.0 Safari/537.36"
185.191.171.9 - - [29/Nov/2021:06:09:52 +0100] "GET /scent-cup-heart-and-home-jasmine-daydream-p-43781.html HTTP/1.0" 301 73841 "-" "Mozilla/5.0 (compatible; SemrushBot/7~bl; +http://www.semrush.com/bot.html)"
185.191.171.8 - - [29/Nov/2021:06:07:58 +0100] "GET /scented-candles-and-novenas-c-13_227.html?page=3 HTTP/1.0" 500 73604 "-" "Mozilla/5.0 (compatible; SemrushBot/7~bl; +http://www.semrush.com/bot.html)"
185.191.171.8 - - [29/Nov/2021:06:08:48 +0100] "GET /scented-candles-and-novenas-c-13_227.html?page=3 HTTP/1.0" 500 73604 "-" "Mozilla/5.0 (compatible; SemrushBot/7~bl; +http://www.semrush.com/bot.html)"
185.191.171.7 - - [29/Nov/2021:06:10:24 +0100] "GET /scent-heart-home-jasmine-daydream-p-43781.html HTTP/1.0" 200 73741 "-" "Mozilla/5.0 (compatible; SemrushBot/7~bl; +http://www.semrush.com/bot.html)"
185.191.171.7 - - [29/Nov/2021:06:10:47 +0100] "GET /hello-kitty-large-backpack-p-39788.html HTTP/1.0" 200 70658 "-" "Mozilla/5.0 (compatible; SemrushBot/7~bl; +http://www.semrush.com/bot.html)"
185.191.171.15 - - [29/Nov/2021:06:11:18 +0100] "GET /swimsuit-c-1_18.html?page=2 HTTP/1.0" 200 78173 "-" "Mozilla/5.0 (compatible; SemrushBot/7~bl; +http://www.semrush.com/bot.html)"
185.191.171.42 - - [29/Nov/2021:06:11:59 +0100] "GET /lille-losc-mug-p-40802.html HTTP/1.0" 301 70694 "-" "Mozilla/5.0 (compatible; SemrushBot/7~bl; +http://www.semrush.com/bot.html)"
107.152.229.237 - - [29/Nov/2021:06:12:33 +0100] "HEAD /images/big_prod/8719172832068c.jpg HTTP/1.0" 200 292 "-" "Go-http-client/1.1"
107.152.229.237 - - [29/Nov/2021:06:12:33 +0100] "GET /images/big_prod/8719172832068c.jpg HTTP/1.0" 200 269 "-" "Go-http-client/1.1"
185.191.171.12 - - [29/Nov/2021:06:12:24 +0100] "GET /lille-losc-p-40802.html HTTP/1.0" 200 70617 "-" "Mozilla/5.0 (compatible; SemrushBot/7~bl; +http://www.semrush.com/bot.html)"
185.191.171.25 - - [29/Nov/2021:06:12:54 +0100] "GET /water-bottle-moment-douceur-biche-p-56128.html?action=add_product HTTP/1.0" 302 476 "-" "Mozilla/5.0 (compatible; SemrushBot/7~bl; +http://www.semrush.com/bot.html)"
157.55.39.228 - - [29/Nov/2021:06:13:05 +0100] "GET /images/mini_prod/3700572739083.jpg HTTP/1.0" 200 269 "-" "Mozilla/5.0 (compatible; bingbot/2.0; +http://www.bing.com/bingbot.htm)"
185.191.171.21 - - [29/Nov/2021:06:12:55 +0100] "GET /powder-candle-bougie-autrement-glitter-green-p-53092.html HTTP/1.0" 200 74569 "-" "Mozilla/5.0 (compatible; SemrushBot/7~bl; +http://www.semrush.com/bot.html)"
185.191.171.45 - - [29/Nov/2021:06:13:17 +0100] "GET /kimmidoll-keyring-p-44092.html?action=add_product HTTP/1.0" 302 476 "-" "Mozilla/5.0 (compatible; SemrushBot/7~bl; +http://www.semrush.com/bot.html)"
