185.191.171.21 - - [29/Nov/2021:06:13:27 +0100] "GET /coated-placemat-azulejos-p-51357.html HTTP/1.0" 200 70650 "-" "Mozilla/5.0 (compatible; SemrushBot/7~bl; +http://www.semrush.com/bot.html)"
207.46.13.202 - - [29/Nov/2021:06:13:39 +0100] "GET /johnny-hallyday-cigarettes-case-p-51146.html HTTP/1.0" 200 70678 "-" "Mozilla/5.0 (compatible; bingbot/2.0; +http://www.bing.com/bingbot.htm)"
185.191.171.12 - - [29/Nov/2021:06:14:19 +0100] "GET /heart-shaped-selenite-white-cm-p-47022.html HTTP/1.0" 301 74990 "-" "Mozilla/5.0 (compatible; SemrushBot/7~bl; +http://www.semrush.com/bot.html)"
17.121.114.44 - - [29/Nov/2021:06:14:52 +0100] "GET /candy-cloud-unicorn-daisy-p-49787.html HTTP/1.0" 200 73832 "-" "Mozilla/5.0 (Macintosh; Intel Mac OS X 10_15_5) AppleWebKit/605.1.15 (KHTML, like Gecko) Version/13.1.1 Safari/605.1.15 (Applebot/0.1; +http://www.apple.com/go/applebot)"
51.68.224.127 - - [29/Nov/2021:06:15:33 +0100] "GET /adminweb/export_orders_xml.php?token=256de2z6edz6ed2z6DFSFsed2zed6zeDSFDSGdzedezfzf&maxorders=10&orderstart=1&status=14&start_date=2018-10-01 HTTP/1.0" 200 285 "-" "GesCom CharlotteBoutik Serveur"
54.36.149.67 - - [29/Nov/2021:06:15:03 +0100] "GET /toiletry-bag-p-41123.html HTTP/1.0" 301 73307 "-" "Mozilla/5.0 (compatible; AhrefsBot/7.0; +http://ahrefs.com/robot/)"
185.191.171.17 - - [29/Nov/2021:06:15:03 +0100] "GET /heart-shaped-selenite-white-p-47022.html HTTP/1.0" 200 74896 "-" "Mozilla/5.0 (compatible; SemrushBot/7~bl; +http://www.semrush.com/bot.html)"
66.249.75.170 - - [29/Nov/2021:06:15:23 +0100] "GET /kittens-glass-clock-30-cm-p-34009.html HTTP/1.0" 301 70631 "-" "Mozilla/5.0 (compatible; Googlebot/2.1; +http://www.google.com/bot.html)"
185.191.171.15 - - [29/Nov/2021:06:15:46 +0100] "GET /peas-russian-doll-white-cover-ipad-cbkreation-p-18554.html?action=add_product HTTP/1.0" 302 476 "-" "Mozilla/5.0 (compatible; SemrushBot/7~bl; +http://www.semrush.com/bot.html)"
202.44.228.173 - - [29/Nov/2021:06:15:55 +0100] "GET /contact_us.php HTTP/1.0" 200 26241 "http://www.wonder-geek.com/contact_us.php" "Mozilla/5.0 (Windows NT 10.0; Win64; x64) AppleWebKit/537.36 (KHTML, like Gecko) Chrome/83.0.4103.61 Safari/537.36 Edg/83.0.478.37"
66.249.75.166 - - [29/Nov/2021:06:15:46 +0100] "GET /-p-34009.html HTTP/1.0" 200 70564 "-" "Mozilla/5.0 (compatible; Googlebot/2.1; +http://www.google.com/bot.html)"
51.68.224.127 - - [29/Nov/2021:06:15:34 +0100] "GET /adminweb/export_orders_xml.php?token=256de2z6edz6ed2z6DFSFsed2zed6zeDSFDSGdzedezfzf&maxorders=10&orderstart=1&status=6&start_date=2018-10-01 HTTP/1.0" 200 32471 "-" "GesCom CharlotteBoutik Serveur"
202.44.228.173 - - [29/Nov/2021:06:16:06 +0100] "POST /contact_us.php?action=send HTTP/1.0" 200 26467 "http://www.wonder-geek.com/contact_us.php" "Mozilla/5.0 (Windows NT 10.0; Win64; x64) AppleWebKit/537.36 (KHTML, like Gecko) Chrome/83.0.4103.61 Safari/537.36 Edg/83.0.478.37"
216.244.66.242 - - [29/Nov/2021:06:16:26 +0100] "GET /robots.txt HTTP/1.0" 200 245 "-" "Mozilla/5.0 (compatible; DotBot/1.2; +https://opensiteexplorer.org/dotbot; help@moz.com)"
216.244.66.242 - - [29/Nov/2021:06:16:26 +0100] "GET /robots.txt HTTP/1.0" 301 531 "-" "Mozilla/5.0 (compatible; DotBot/1.2; +https://opensiteexplorer.org/dotbot; help@moz.com)"
216.244.66.242 - - [29/Nov/2021:06:16:26 +0100] "GET /robots.txt HTTP/1.0" 200 245 "-" "Mozilla/5.0 (compatible; DotBot/1.2; +https://opensiteexplorer.org/dotbot; help@moz.com)"
185.191.171.21 - - [29/Nov/2021:06:16:37 +0100] "GET /laissez-lucie-faire-small-wallet-zeke-p-49018.html?action=add_product HTTP/1.0" 302 476 "-" "Mozilla/5.0 (compatible; SemrushBot/7~bl; +http://www.semrush.com/bot.html)"
185.191.171.42 - - [29/Nov/2021:06:17:40 +0100] "GET /buddha-decorative-statue-185-cm-p-50765.html HTTP/1.0" 301 70757 "-" "Mozilla/5.0 (compatible; SemrushBot/7~bl; +http://www.semrush.com/bot.html)"
54.36.148.204 - - [29/Nov/2021:06:18:02 +0100] "GET /spiderman-long-sleeve-shirt-size-years-p-26949.html?action=add_product HTTP/1.0" 301 476 "-" "Mozilla/5.0 (compatible; AhrefsBot/7.0; +http://ahrefs.com/robot/)"
185.191.171.7 - - [29/Nov/2021:06:17:54 +0100] "GET /buddha-decorative-statue-p-50765.html HTTP/1.0" 200 70666 "-" "Mozilla/5.0 (compatible; SemrushBot/7~bl; +http://www.semrush.com/bot.html)"
185.191.171.33 - - [29/Nov/2021:06:18:23 +0100] "GET /tassen-mood-made-germany-p-50706.html HTTP/1.0" 200 74220 "-" "Mozilla/5.0 (compatible; SemrushBot/7~bl; +http://www.semrush.com/bot.html)"
207.46.13.118 - - [29/Nov/2021:06:19:18 +0100] "GET /images/big_prod/1384010201800.jpg HTTP/1.0" 200 268 "-" "Mozilla/5.0 (compatible; bingbot/2.0; +http://www.bing.com/bingbot.htm)"
185.191.171.3 - - [29/Nov/2021:06:18:56 +0100] "GET /marseille-training-bottle-by-cbkreation-p-31259.html HTTP/1.0" 301 73673 "-" "Mozilla/5.0 (compatible; SemrushBot/7~bl; +http://www.semrush.com/bot.html)"
66.249.75.166 - - [29/Nov/2021:06:19:07 +0100] "GET /cement-tile-stickers-p-50335.html HTTP/1.0" 200 74133 "-" "Mozilla/5.0 (Linux; Android 6.0.1; Nexus 5X Build/MMB29P) AppleWebKit/537.36 (KHTML, like Gecko) Chrome/96.0.4664.45 Mobile Safari/537.36 (compatible; Googlebot/2.1; +http://www.google.com/bot.html)"
185.191.171.7 - - [29/Nov/2021:06:19:39 +0100] "GET /marseille-training-bottle-cbkreation-p-31259.html HTTP/1.0" 200 73570 "-" "Mozilla/5.0 (compatible; SemrushBot/7~bl; +http://www.semrush.com/bot.html)"
66.249.75.168 - - [29/Nov/2021:06:21:28 +0100] "GET /js/jquery.js HTTP/1.0" 200 252 "http://www.wonder-geek.com/cement-tile-stickers-p-50335.html" "Mozilla/5.0 (Linux; Android 6.0.1; Nexus 5X Build/MMB29P) AppleWebKit/537.36 (KHTML, like Gecko) Chrome/95.0.4638.69 Mobile Safari/537.36 (compatible; Googlebot/2.1; +http://www.google.com/bot.html)"
185.191.171.7 - - [29/Nov/2021:06:21:58 +0100] "GET /pencil-case-turning-into-pencil-p-49230.html?action=add_product HTTP/1.0" 302 476 "-" "Mozilla/5.0 (compatible; SemrushBot/7~bl; +http://www.semrush.com/bot.html)"
185.191.171.6 - - [29/Nov/2021:06:22:09 +0100] "GET /decorative-wooden-plate-entre-interdite-rleurs-anthracite-p-47815.html HTTP/1.0" 200 73740 "-" "Mozilla/5.0 (compatible; SemrushBot/7~bl; +http://www.semrush.com/bot.html)"
165.154.72.231 - - [29/Nov/2021:06:23:43 +0100] "GET /images/mini_prod/9316188029582.jpg HTTP/1.0" 200 269 "-" "Mozilla/5.0 (X11; Ubuntu; Linux x86_64; rv:72.0) Gecko/20100101 Firefox/72.0"
185.191.171.6 - - [29/Nov/2021:06:24:14 +0100] "GET /frozen-disney-pencil-p-34086.html?action=add_product HTTP/1.0" 302 476 "-" "Mozilla/5.0 (compatible; SemrushBot/7~bl; +http://www.semrush.com/bot.html)"
185.191.171.42 - - [29/Nov/2021:06:22:32 +0100] "GET /metal-small-box-for-baby-teeth-p-50821.html HTTP/1.0" 500 1161 "-" "Mozilla/5.0 (compatible; SemrushBot/7~bl; +http://www.semrush.com/bot.html)"
49.7.20.113 - - [29/Nov/2021:06:23:22 +0100] "GET / HTTP/1.0" 500 1868 "-" "Sogou web spider/4.0(+http://www.sogou.com/docs/help/webmasters.htm#07)"
185.191.171.42 - - [29/Nov/2021:06:23:22 +0100] "GET /metal-small-box-for-baby-teeth-p-50821.html HTTP/1.0" 500 1622 "-" "Mozilla/5.0 (compatible; SemrushBot/7~bl; +http://www.semrush.com/bot.html)"
185.191.171.19 - - [29/Nov/2021:06:24:17 +0100] "GET /white-tower-chess-piece-p-51213.html HTTP/1.0" 500 1622 "-" "Mozilla/5.0 (compatible; SemrushBot/7~bl; +http://www.semrush.com/bot.html)"
157.55.39.223 - - [29/Nov/2021:06:28:00 +0100] "GET /images/big_prod/3609810062054.jpg HTTP/1.0" 200 268 "-" "Mozilla/5.0 (compatible; bingbot/2.0; +http://www.bing.com/bingbot.htm)"
185.191.171.19 - - [29/Nov/2021:06:25:08 +0100] "GET /white-tower-chess-piece-p-51213.html HTTP/1.0" 500 1622 "-" "Mozilla/5.0 (compatible; SemrushBot/7~bl; +http://www.semrush.com/bot.html)"
185.191.171.16 - - [29/Nov/2021:06:26:00 +0100] "GET /panda-wwf-sitting-plush-p-33443.html HTTP/1.0" 500 1622 "-" "Mozilla/5.0 (compatible; SemrushBot/7~bl; +http://www.semrush.com/bot.html)"
40.77.167.66 - - [29/Nov/2021:06:29:11 +0100] "GET /images/big_prod/5051276219677.jpg HTTP/1.0" 200 268 "-" "Mozilla/5.0 (compatible; bingbot/2.0; +http://www.bing.com/bingbot.htm)"
104.156.246.69 - - [29/Nov/2021:06:29:11 +0100] "GET /images/mini_prod/1399984254387.jpg HTTP/1.0" 200 269 "-" "Mozilla/5.0 (X11; Ubuntu; Linux x86_64; rv:72.0) Gecko/20100101 Firefox/72.0"
66.249.75.170 - - [29/Nov/2021:06:29:22 +0100] "GET /images/big_prod/3612875121390.jpg HTTP/1.0" 200 268 "-" "Googlebot-Image/1.0"
66.249.75.168 - - [29/Nov/2021:06:29:32 +0100] "GET /images/big_prod/8433933251423.jpg HTTP/1.0" 200 268 "-" "Googlebot-Image/1.0"
114.119.128.39 - - [29/Nov/2021:06:27:05 +0100] "GET /double-walled-porcelain-with-infuser-p-55007.html HTTP/1.0" 500 1622 "-" "Mozilla/5.0 (Linux; Android 7.0;) AppleWebKit/537.36 (KHTML, like Gecko) Mobile Safari/537.36 (compatible; PetalBot;+https://webmaster.petalsearch.com/site/petalbot)"
185.191.171.16 - - [29/Nov/2021:06:26:55 +0100] "GET /panda-wwf-sitting-plush-p-33443.html HTTP/1.0" 500 1622 "-" "Mozilla/5.0 (compatible; SemrushBot/7~bl; +http://www.semrush.com/bot.html)"
77.88.5.222 - - [29/Nov/2021:06:31:37 +0100] "GET /robots.txt HTTP/1.0" 200 245 "-" "Mozilla/5.0 (compatible; YandexBot/3.0; +http://yandex.com/bots)"
77.88.5.222 - - [29/Nov/2021:06:31:37 +0100] "GET /images/1p3272760380631.jpg HTTP/1.0" 200 261 "-" "Mozilla/5.0 (compatible; YandexImages/3.0; +http://yandex.com/bots)"
185.191.171.6 - - [29/Nov/2021:06:27:48 +0100] "GET /games-and-toys-c-4.html?page=25 HTTP/1.0" 503 1403 "-" "Mozilla/5.0 (compatible; SemrushBot/7~bl; +http://www.semrush.com/bot.html)"
54.36.148.65 - - [29/Nov/2021:06:28:08 +0100] "GET /rabbit-girly-cushion-p-28716.html HTTP/1.0" 503 1403 "-" "Mozilla/5.0 (compatible; AhrefsBot/7.0; +http://ahrefs.com/robot/)"
42.194.235.210 - - [29/Nov/2021:06:32:29 +0100] "GET /images/mini_prod/4500315900003.jpg HTTP/1.0" 200 269 "-" "Mozilla/5.0 (X11; Ubuntu; Linux x86_64; rv:72.0) Gecko/20100101 Firefox/72.0"
185.191.171.6 - - [29/Nov/2021:06:28:40 +0100] "GET /games-and-toys-c-4.html?page=25 HTTP/1.0" 503 1403 "-" "Mozilla/5.0 (compatible; SemrushBot/7~bl; +http://www.semrush.com/bot.html)"
74.125.210.48 - - [29/Nov/2021:06:32:53 +0100] "GET /images/big_prod_1/6941448608196b.jpg HTTP/1.0" 200 271 "-" "Mozilla/5.0 (Windows NT 5.1; rv:11.0) Gecko Firefox/11.0 (via ggpht.com GoogleImageProxy)"
185.191.171.34 - - [29/Nov/2021:06:29:43 +0100] "GET /beatles-retro-wallet-p-5541.html HTTP/1.0" 500 1622 "-" "Mozilla/5.0 (compatible; SemrushBot/7~bl; +http://www.semrush.com/bot.html)"
66.249.88.94 - - [29/Nov/2021:06:33:32 +0100] "GET /images/big_prod/028399188536.jpg HTTP/1.0" 200 267 "-" "Mozilla/5.0 (Windows NT 5.1; rv:11.0) Gecko Firefox/11.0 (via ggpht.com GoogleImageProxy)"
114.119.128.253 - - [29/Nov/2021:06:29:53 +0100] "GET /minnie-mouse-travel-journal-p-26052.html HTTP/1.0" 503 1403 "-" "Mozilla/5.0 (Linux; Android 7.0;) AppleWebKit/537.36 (KHTML, like Gecko) Mobile Safari/537.36 (compatible; PetalBot;+https://webmaster.petalsearch.com/site/petalbot)"
147.92.153.4 - - [29/Nov/2021:06:30:04 +0100] "GET /carpet-jute-cotton-p-56661.html HTTP/1.0" 503 1403 "-" "Mozilla/5.0 (compatible; Linespider/1.1; +https://lin.ee/4dwXkTH)"
66.249.75.168 - - [29/Nov/2021:06:30:25 +0100] "GET /decorative-door-sticker-p-51535.html HTTP/1.0" 503 1403 "-" "Mozilla/5.0 (compatible; Googlebot/2.1; +http://www.google.com/bot.html)"
185.191.171.34 - - [29/Nov/2021:06:30:35 +0100] "GET /beatles-retro-wallet-p-5541.html HTTP/1.0" 503 1403 "-" "Mozilla/5.0 (compatible; SemrushBot/7~bl; +http://www.semrush.com/bot.html)"
185.191.171.43 - - [29/Nov/2021:06:31:47 +0100] "GET /incense-champa-super-grams-about-sticks-p-48090.html HTTP/1.0" 500 1622 "-" "Mozilla/5.0 (compatible; SemrushBot/7~bl; +http://www.semrush.com/bot.html)"
216.244.66.242 - - [29/Nov/2021:06:34:56 +0100] "GET /tania-velvet-chair-cushion-green-40-cm-p-49353.html HTTP/1.0" 301 613 "-" "Mozilla/5.0 (compatible; DotBot/1.2; +https://opensiteexplorer.org/dotbot; help@moz.com)"
185.191.171.43 - - [29/Nov/2021:06:32:40 +0100] "GET /incense-champa-super-grams-about-sticks-p-48090.html HTTP/1.0" 500 1622 "-" "Mozilla/5.0 (compatible; SemrushBot/7~bl; +http://www.semrush.com/bot.html)"
114.119.128.34 - - [29/Nov/2021:06:32:40 +0100] "GET /zippo-flat-bracelet-braided-leather-black-silver-stai-p-49086.html HTTP/1.0" 500 1622 "-" "Mozilla/5.0 (Linux; Android 7.0;) AppleWebKit/537.36 (KHTML, like Gecko) Mobile Safari/537.36 (compatible; PetalBot;+https://webmaster.petalsearch.com/site/petalbot)"
40.77.167.66 - - [29/Nov/2021:06:35:29 +0100] "GET /images/big_prod/8718317691980.jpg HTTP/1.0" 200 268 "-" "Mozilla/5.0 (compatible; bingbot/2.0; +http://www.bing.com/bingbot.htm)"
114.119.128.39 - - [29/Nov/2021:06:35:29 +0100] "GET /images/big_prod_2/8433933199459b.jpg HTTP/1.0" 200 271 "-" "Mozilla/5.0 (Linux; Android 7.0;) AppleWebKit/537.36 (KHTML, like Gecko) Mobile Safari/537.36 (compatible; PetalBot;+https://webmaster.petalsearch.com/site/petalbot)"
17.121.112.124 - - [29/Nov/2021:06:31:58 +0100] "GET /schoolbag-caramel-blue-rabbits-p-55928.html HTTP/1.0" 200 203 "-" "Mozilla/5.0 (Macintosh; Intel Mac OS X 10_15_5) AppleWebKit/605.1.15 (KHTML, like Gecko) Version/13.1.1 Safari/605.1.15 (Applebot/0.1; +http://www.apple.com/go/applebot)"
74.125.210.50 - - [29/Nov/2021:06:35:40 +0100] "GET /images/big_prod_1/8445148006620B.jpg HTTP/1.0" 200 271 "-" "Mozilla/5.0 (Windows NT 5.1; rv:11.0) Gecko Firefox/11.0 (via ggpht.com GoogleImageProxy)"
185.191.171.35 - - [29/Nov/2021:06:34:04 +0100] "GET /reversible-star-wars-bedclothes-140-200-cm-p-49674.html HTTP/1.0" 200 203 "-" "Mozilla/5.0 (compatible; SemrushBot/7~bl; +http://www.semrush.com/bot.html)"
185.191.171.35 - - [29/Nov/2021:06:34:56 +0100] "GET /reversible-star-wars-bedclothes-140-200-cm-p-49674.html HTTP/1.0" 200 203 "-" "Mozilla/5.0 (compatible; SemrushBot/7~bl; +http://www.semrush.com/bot.html)"
71.135.222.90 - - [29/Nov/2021:06:33:32 +0100] "GET /jim-shore-heartwood-creek-santa-claus-statue-lighted-star-large-p-53256.html HTTP/1.0" 500 1622 "-" "Mozilla/5.0 (iPhone; CPU iPhone OS 15_1_1 like Mac OS X) AppleWebKit/605.1.15 (KHTML, like Gecko) Version/15.1 Mobile/15E148 Safari/604.1"
207.46.13.233 - - [29/Nov/2021:06:36:52 +0100] "GET /robots.txt HTTP/1.0" 200 245 "-" "Mozilla/5.0 (compatible; bingbot/2.0; +http://www.bing.com/bingbot.htm)"
157.55.39.228 - - [29/Nov/2021:06:36:32 +0100] "GET /vaut-vcue-money-p-47766.html HTTP/1.0" 200 427 "-" "Mozilla/5.0 (compatible; bingbot/2.0; +http://www.bing.com/bingbot.htm)"
185.191.171.17 - - [29/Nov/2021:06:36:52 +0100] "GET /collectible-figure-peter-rabbit-storybook-p-56293.html?action=add_product HTTP/1.0" 200 427 "-" "Mozilla/5.0 (compatible; SemrushBot/7~bl; +http://www.semrush.com/bot.html)"
71.135.222.90 - - [29/Nov/2021:06:33:43 +0100] "GET /jim-shore-heartwood-creek-santa-claus-statue-lighted-star-large-p-53256.html HTTP/1.0" 500 1622 "-" "Mozilla/5.0 (iPhone; CPU iPhone OS 15_1_1 like Mac OS X) AppleWebKit/605.1.15 (KHTML, like Gecko) Version/15.1 Mobile/15E148 Safari/604.1"
71.135.222.90 - - [29/Nov/2021:06:37:24 +0100] "GET /jim-shore-heartwood-creek-santa-claus-statue-lighted-star-large-p-53256.html HTTP/1.0" 200 203 "-" "Mozilla/5.0 (iPhone; CPU iPhone OS 15_1_1 like Mac OS X) AppleWebKit/605.1.15 (KHTML, like Gecko) Version/15.1 Mobile/15E148 Safari/604.1"
71.135.222.90 - - [29/Nov/2021:06:37:25 +0100] "GET /favicon.ico HTTP/1.0" 200 260 "http://www.wonder-geek.com/" "Mozilla/5.0 (iPhone; CPU iPhone OS 15_1_1 like Mac OS X) AppleWebKit/605.1.15 (KHTML, like Gecko) Version/15.1 Mobile/15E148 Safari/604.1"
185.191.171.18 - - [29/Nov/2021:06:37:26 +0100] "GET /bistrot-round-tray-p-47932.html?action=add_product HTTP/1.0" 200 427 "-" "Mozilla/5.0 (compatible; SemrushBot/7~bl; +http://www.semrush.com/bot.html)"
54.36.148.83 - - [29/Nov/2021:06:37:35 +0100] "GET /bamboo-basket-black-and-white-29-cm-p-50133.html HTTP/1.0" 200 427 "-" "Mozilla/5.0 (compatible; AhrefsBot/7.0; +http://ahrefs.com/robot/)"
185.191.171.26 - - [29/Nov/2021:06:37:46 +0100] "GET /mini-metal-tray-little-prince-p-33323.html?action=add_product HTTP/1.0" 302 476 "-" "Mozilla/5.0 (compatible; SemrushBot/7~bl; +http://www.semrush.com/bot.html)"
185.191.171.43 - - [29/Nov/2021:06:37:57 +0100] "GET /ma-petite-cremerie-little-tray-p-34392.html HTTP/1.0" 200 203 "-" "Mozilla/5.0 (compatible; SemrushBot/7~bl; +http://www.semrush.com/bot.html)"
185.191.171.38 - - [29/Nov/2021:06:38:07 +0100] "GET /cookware-yellow-p-41841.html HTTP/1.0" 200 427 "-" "Mozilla/5.0 (compatible; SemrushBot/7~bl; +http://www.semrush.com/bot.html)"
114.119.128.39 - - [29/Nov/2021:06:38:07 +0100] "GET /home-decoration-c-13.html?page=90 HTTP/1.0" 200 427 "-" "Mozilla/5.0 (Linux; Android 7.0;) AppleWebKit/537.36 (KHTML, like Gecko) Mobile Safari/537.36 (compatible; PetalBot;+https://webmaster.petalsearch.com/site/petalbot)"
47.221.16.109 - - [29/Nov/2021:06:38:18 +0100] "GET /images/big_prod/4036113232232.jpg HTTP/1.0" 200 268 "-" "Mozilla/5.0 (iPhone; CPU iPhone OS 15_1 like Mac OS X) AppleWebKit/605.1.15 (KHTML, like Gecko) Version/15.0 YaBrowser/21.11.2.641.10 SA/3 Mobile/15E148 Safari/604.1"
185.191.171.18 - - [29/Nov/2021:06:38:18 +0100] "GET /cotton-floor-cushion-eivissa-p-51653.html?action=add_product HTTP/1.0" 200 427 "-" "Mozilla/5.0 (compatible; SemrushBot/7~bl; +http://www.semrush.com/bot.html)"
185.191.171.15 - - [29/Nov/2021:06:38:19 +0100] "GET /camargue-oven-mitt-p-43815.html HTTP/1.0" 200 427 "-" "Mozilla/5.0 (compatible; SemrushBot/7~bl; +http://www.semrush.com/bot.html)"
185.191.171.14 - - [29/Nov/2021:06:38:28 +0100] "GET /old-phone-black-clock-p-37408.html HTTP/1.0" 200 427 "-" "Mozilla/5.0 (compatible; SemrushBot/7~bl; +http://www.semrush.com/bot.html)"
185.191.171.35 - - [29/Nov/2021:06:38:30 +0100] "GET /chakra-banner-p-46291.html HTTP/1.0" 200 427 "-" "Mozilla/5.0 (compatible; SemrushBot/7~bl; +http://www.semrush.com/bot.html)"
185.191.171.36 - - [29/Nov/2021:06:38:38 +0100] "GET /disney-frozen-moneybox-p-33622.html HTTP/1.0" 200 427 "-" "Mozilla/5.0 (compatible; SemrushBot/7~bl; +http://www.semrush.com/bot.html)"
185.191.171.13 - - [29/Nov/2021:06:38:40 +0100] "GET /high-school-musical-pajamas-p-31305.html HTTP/1.0" 200 427 "-" "Mozilla/5.0 (compatible; SemrushBot/7~bl; +http://www.semrush.com/bot.html)"
185.191.171.26 - - [29/Nov/2021:06:38:48 +0100] "GET /-p-36144.html?action=add_product HTTP/1.0" 302 476 "-" "Mozilla/5.0 (compatible; SemrushBot/7~bl; +http://www.semrush.com/bot.html)"
185.191.171.11 - - [29/Nov/2021:06:39:10 +0100] "GET /robots.txt HTTP/1.0" 200 245 "-" "Mozilla/5.0 (compatible; SemrushBot/7~bl; +http://www.semrush.com/bot.html)"
185.191.171.36 - - [29/Nov/2021:06:39:42 +0100] "GET /small-boxes-and-pill-c-13_150_154.html?page=3 HTTP/1.0" 200 203 "-" "Mozilla/5.0 (compatible; SemrushBot/7~bl; +http://www.semrush.com/bot.html)"
185.191.171.40 - - [29/Nov/2021:06:39:53 +0100] "GET /tour-eiffel-zippo-lighter-p-42877.html HTTP/1.0" 200 427 "-" "Mozilla/5.0 (compatible; SemrushBot/7~bl; +http://www.semrush.com/bot.html)"
185.191.171.23 - - [29/Nov/2021:06:39:56 +0100] "GET /kitchen-timer-clock-p-55014.html HTTP/1.0" 200 203 "-" "Mozilla/5.0 (compatible; SemrushBot/7~bl; +http://www.semrush.com/bot.html)"
54.36.149.46 - - [29/Nov/2021:06:39:57 +0100] "GET /andorra-mousepad-by-cbkreation-p-36709.html HTTP/1.0" 200 203 "-" "Mozilla/5.0 (compatible; AhrefsBot/7.0; +http://ahrefs.com/robot/)"
66.249.75.170 - - [29/Nov/2021:06:40:09 +0100] "GET /tetsubin-dragon-teapot-japanese-liter-p-37195.html HTTP/1.0" 200 203 "-" "Mozilla/5.0 (compatible; Googlebot/2.1; +http://www.google.com/bot.html)"
192.99.161.45 - - [29/Nov/2021:06:40:11 +0100] "GET /robots.txt HTTP/1.0" 200 245 "-" "Mozilla/5.0 (compatible; MJ12bot/v1.4.8; http://mj12bot.com/)"
192.99.161.45 - - [29/Nov/2021:06:40:25 +0100] "GET /trousses-cosmtiques-pochettes-plates-c-31_239.html HTTP/1.0" 200 427 "-" "Mozilla/5.0 (compatible; MJ12bot/v1.4.8; http://mj12bot.com/)"
192.99.161.45 - - [29/Nov/2021:06:40:39 +0100] "GET /trunks-c-208.html HTTP/1.0" 200 427 "-" "Mozilla/5.0 (compatible; MJ12bot/v1.4.8; http://mj12bot.com/)"
185.191.171.7 - - [29/Nov/2021:06:40:40 +0100] "GET /quote-from-freud-wall-sticker-p-39185.html HTTP/1.0" 200 427 "-" "Mozilla/5.0 (compatible; SemrushBot/7~bl; +http://www.semrush.com/bot.html)"
192.99.161.45 - - [29/Nov/2021:06:40:51 +0100] "GET /typewriter-pendulum-clock-michelle-allen-p-54541.html HTTP/1.0" 200 427 "-" "Mozilla/5.0 (compatible; MJ12bot/v1.4.8; http://mj12bot.com/)"
98.47.21.181 - - [29/Nov/2021:06:40:54 +0100] "GET /images/big_prod/8904245400477.jpg HTTP/1.0" 200 268 "http://pos.kit-systems.com/?display=dual" "Mozilla/5.0 (Windows NT 6.2; WOW64) AppleWebKit/537.36 (KHTML, like Gecko) (KioWare Client Platform r3727) Chrome/78.0.3904.108 Safari/537.36"
185.191.171.26 - - [29/Nov/2021:06:40:57 +0100] "GET /soy-luna-disney-apron-and-chef-hat-p-37538.html HTTP/1.0" 200 203 "-" "Mozilla/5.0 (compatible; SemrushBot/7~bl; +http://www.semrush.com/bot.html)"
185.191.171.36 - - [29/Nov/2021:06:38:50 +0100] "GET /small-boxes-and-pill-c-13_150_154.html?page=3 HTTP/1.0" 301 1022 "-" "Mozilla/5.0 (compatible; SemrushBot/7~bl; +http://www.semrush.com/bot.html)"
51.68.224.127 - - [29/Nov/2021:06:40:58 +0100] "GET /adminweb/export_orders_xml.php?token=256de2z6edz6ed2z6DFSFsed2zed6zeDSFDSGdzedezfzf&maxorders=10&orderstart=1&status=14&start_date=2018-10-01 HTTP/1.0" 200 240 "-" "GesCom CharlotteBoutik Serveur"
51.68.224.127 - - [29/Nov/2021:06:40:58 +0100] "GET /adminweb/export_orders_xml.php?token=256de2z6edz6ed2z6DFSFsed2zed6zeDSFDSGdzedezfzf&maxorders=10&orderstart=1&status=6&start_date=2018-10-01 HTTP/1.0" 200 240 "-" "GesCom CharlotteBoutik Serveur"
216.244.66.242 - - [29/Nov/2021:06:40:58 +0100] "GET /minions-poster-p-30938.html HTTP/1.0" 200 203 "-" "Mozilla/5.0 (compatible; DotBot/1.2; +https://opensiteexplorer.org/dotbot; help@moz.com)"
192.99.161.45 - - [29/Nov/2021:06:41:08 +0100] "GET /umbrella-stand-mosaic-ecru-brown-mother-pearl-p-48042.html HTTP/1.0" 200 70730 "-" "Mozilla/5.0 (compatible; MJ12bot/v1.4.8; http://mj12bot.com/)"
114.119.128.26 - - [29/Nov/2021:06:41:09 +0100] "GET /images/mini_prod/8422810090453.jpg HTTP/1.0" 404 1308 "-" "Mozilla/5.0 (Linux; Android 7.0;) AppleWebKit/537.36 (KHTML, like Gecko) Mobile Safari/537.36 (compatible; PetalBot;+https://webmaster.petalsearch.com/site/petalbot)"
192.99.161.45 - - [29/Nov/2021:06:41:15 +0100] "GET /unicorn-bookends-p-50755.html HTTP/1.0" 200 70618 "-" "Mozilla/5.0 (compatible; MJ12bot/v1.4.8; http://mj12bot.com/)"
185.191.171.38 - - [29/Nov/2021:06:41:16 +0100] "GET /gund-plush-itty-bitty-quackin-easter-hoodie-p-32805.html?action=add_product HTTP/1.0" 302 476 "-" "Mozilla/5.0 (compatible; SemrushBot/7~bl; +http://www.semrush.com/bot.html)"
192.99.161.45 - - [29/Nov/2021:06:41:26 +0100] "GET /unicorn-bookends-p-50757.html HTTP/1.0" 301 70631 "-" "Mozilla/5.0 (compatible; MJ12bot/v1.4.8; http://mj12bot.com/)"
192.99.161.45 - - [29/Nov/2021:06:41:36 +0100] "GET /-p-50757.html HTTP/1.0" 200 70564 "-" "Mozilla/5.0 (compatible; MJ12bot/v1.4.8; http://mj12bot.com/)"
216.244.66.242 - - [29/Nov/2021:06:41:46 +0100] "GET /littlest-petshop-lace-curtain-p-3965.html HTTP/1.0" 200 70668 "-" "Mozilla/5.0 (compatible; DotBot/1.2; +https://opensiteexplorer.org/dotbot; help@moz.com)"
192.99.161.45 - - [29/Nov/2021:06:41:53 +0100] "GET /unicorn-night-light-p-55389.html HTTP/1.0" 200 74981 "-" "Mozilla/5.0 (compatible; MJ12bot/v1.4.8; http://mj12bot.com/)"
192.99.161.45 - - [29/Nov/2021:06:42:05 +0100] "GET /unicorn-plush-gold-and-white-11-cm-p-49626.html HTTP/1.0" 301 73390 "-" "Mozilla/5.0 (compatible; MJ12bot/v1.4.8; http://mj12bot.com/)"
192.99.161.45 - - [29/Nov/2021:06:42:11 +0100] "GET /unicorn-plush-gold-white-p-49626.html HTTP/1.0" 200 73299 "-" "Mozilla/5.0 (compatible; MJ12bot/v1.4.8; http://mj12bot.com/)"
192.99.161.45 - - [29/Nov/2021:06:42:26 +0100] "GET /unicorn-plush-pink-and-white-20-cm-p-47647.html HTTP/1.0" 301 73426 "-" "Mozilla/5.0 (compatible; MJ12bot/v1.4.8; http://mj12bot.com/)"
192.99.161.45 - - [29/Nov/2021:06:42:35 +0100] "GET /unicorn-plush-pink-white-p-47647.html HTTP/1.0" 200 73335 "-" "Mozilla/5.0 (compatible; MJ12bot/v1.4.8; http://mj12bot.com/)"
192.99.161.45 - - [29/Nov/2021:06:42:45 +0100] "GET /unicorn-plush-pink-white-p-47647.html HTTP/1.0" 200 73335 "-" "Mozilla/5.0 (compatible; MJ12bot/v1.4.8; http://mj12bot.com/)"
192.99.161.45 - - [29/Nov/2021:06:43:00 +0100] "GET /unicorn-plush-silver-and-white-11-cm-p-49627.html HTTP/1.0" 301 73408 "-" "Mozilla/5.0 (compatible; MJ12bot/v1.4.8; http://mj12bot.com/)"
192.99.161.45 - - [29/Nov/2021:06:43:06 +0100] "GET /unicorn-plush-silver-white-p-49627.html HTTP/1.0" 200 73315 "-" "Mozilla/5.0 (compatible; MJ12bot/v1.4.8; http://mj12bot.com/)"
185.191.171.39 - - [29/Nov/2021:06:43:21 +0100] "GET /mtal-small-baby-teeth-pink-p-47099.html?action=add_product HTTP/1.0" 302 476 "-" "Mozilla/5.0 (compatible; SemrushBot/7~bl; +http://www.semrush.com/bot.html)"
192.99.161.45 - - [29/Nov/2021:06:43:22 +0100] "GET /unicorn-pocket-warmer-p-56141.html HTTP/1.0" 200 74083 "-" "Mozilla/5.0 (compatible; MJ12bot/v1.4.8; http://mj12bot.com/)"
192.99.161.45 - - [29/Nov/2021:06:43:29 +0100] "GET /unicorn-wastebasket-p-48978.html HTTP/1.0" 200 73768 "-" "Mozilla/5.0 (compatible; MJ12bot/v1.4.8; http://mj12bot.com/)"
192.99.161.45 - - [29/Nov/2021:06:43:38 +0100] "GET /unicorn-white-clock-p-53503.html HTTP/1.0" 200 73206 "-" "Mozilla/5.0 (compatible; MJ12bot/v1.4.8; http://mj12bot.com/)"
114.119.128.253 - - [29/Nov/2021:06:43:41 +0100] "GET /cotton-napkin-sold-individually-45-45-cm-p-52108.html HTTP/1.0" 301 73466 "-" "Mozilla/5.0 (Linux; Android 7.0;) AppleWebKit/537.36 (KHTML, like Gecko) Mobile Safari/537.36 (compatible; PetalBot;+https://webmaster.petalsearch.com/site/petalbot)"
192.99.161.45 - - [29/Nov/2021:06:43:45 +0100] "GET /union-jack-ashtray-p-36624.html HTTP/1.0" 301 70631 "-" "Mozilla/5.0 (compatible; MJ12bot/v1.4.8; http://mj12bot.com/)"
192.99.161.45 - - [29/Nov/2021:06:43:50 +0100] "GET /-p-36624.html HTTP/1.0" 200 70564 "-" "Mozilla/5.0 (compatible; MJ12bot/v1.4.8; http://mj12bot.com/)"
114.119.128.253 - - [29/Nov/2021:06:43:54 +0100] "GET /cotton-napkin-sold-individually-p-52108.html HTTP/1.0" 200 73368 "-" "Mozilla/5.0 (Linux; Android 7.0;) AppleWebKit/537.36 (KHTML, like Gecko) Mobile Safari/537.36 (compatible; PetalBot;+https://webmaster.petalsearch.com/site/petalbot)"
192.99.161.45 - - [29/Nov/2021:06:44:03 +0100] "GET /vase-buddha-head-p-51572.html HTTP/1.0" 200 70618 "-" "Mozilla/5.0 (compatible; MJ12bot/v1.4.8; http://mj12bot.com/)"
192.99.161.45 - - [29/Nov/2021:06:44:17 +0100] "GET /vase-buddha-head-p-52323.html HTTP/1.0" 200 70634 "-" "Mozilla/5.0 (compatible; MJ12bot/v1.4.8; http://mj12bot.com/)"
124.71.153.13 - - [29/Nov/2021:06:44:25 +0100] "GET /images/mini_prod/1399984264287.jpg HTTP/1.0" 200 269 "-" "Mozilla/5.0 (X11; Ubuntu; Linux x86_64; rv:72.0) Gecko/20100101 Firefox/72.0"
192.99.161.45 - - [29/Nov/2021:06:44:25 +0100] "GET /vase-en-ceramique-blanche-bouddha-18-cm-p-51572.html HTTP/1.0" 301 70701 "-" "Mozilla/5.0 (compatible; MJ12bot/v1.4.8; http://mj12bot.com/)"
185.191.171.22 - - [29/Nov/2021:06:44:27 +0100] "GET /romantic-rosette-wall-decoration-bronze-aspect-resin-p-46215.html HTTP/1.0" 200 74491 "-" "Mozilla/5.0 (compatible; SemrushBot/7~bl; +http://www.semrush.com/bot.html)"
185.191.171.34 - - [29/Nov/2021:06:44:35 +0100] "GET /happy-colours-spiritual-vinyl-beauty-p-19868.html?action=add_product HTTP/1.0" 302 476 "-" "Mozilla/5.0 (compatible; SemrushBot/7~bl; +http://www.semrush.com/bot.html)"
192.99.161.45 - - [29/Nov/2021:06:44:39 +0100] "GET /vase-buddha-head-p-51572.html HTTP/1.0" 200 70618 "-" "Mozilla/5.0 (compatible; MJ12bot/v1.4.8; http://mj12bot.com/)"
192.99.161.45 - - [29/Nov/2021:06:44:53 +0100] "GET /vase-flower-pot-and-soliflore-c-13_232.html?page=3 HTTP/1.0" 301 84017 "-" "Mozilla/5.0 (compatible; MJ12bot/v1.4.8; http://mj12bot.com/)"
192.99.161.45 - - [29/Nov/2021:06:45:00 +0100] "GET /vase-soliflore-c-232.html?page=3 HTTP/1.0" 301 83894 "-" "Mozilla/5.0 (compatible; MJ12bot/v1.4.8; http://mj12bot.com/)"
185.191.171.13 - - [29/Nov/2021:06:45:07 +0100] "GET /kitchen-towel-holder-hooks-p-52710.html HTTP/1.0" 200 70662 "-" "Mozilla/5.0 (compatible; SemrushBot/7~bl; +http://www.semrush.com/bot.html)"
192.99.161.45 - - [29/Nov/2021:06:45:08 +0100] "GET /vase-soliflore-c-13_232.html?page=3 HTTP/1.0" 200 83931 "-" "Mozilla/5.0 (compatible; MJ12bot/v1.4.8; http://mj12bot.com/)"
185.191.171.43 - - [29/Nov/2021:06:45:17 +0100] "GET /small-mango-wood-white-handpaint-hammered-brass-p-46751.html?action=add_product HTTP/1.0" 302 476 "-" "Mozilla/5.0 (compatible; SemrushBot/7~bl; +http://www.semrush.com/bot.html)"
192.99.161.45 - - [29/Nov/2021:06:45:18 +0100] "GET /vase-flower-pot-and-soliflore-c-13_232.html?page=6 HTTP/1.0" 301 84017 "-" "Mozilla/5.0 (compatible; MJ12bot/v1.4.8; http://mj12bot.com/)"
66.249.75.170 - - [29/Nov/2021:06:45:21 +0100] "GET /decorative-door-sticker-p-51535.html HTTP/1.0" 200 74007 "-" "Mozilla/5.0 (Linux; Android 6.0.1; Nexus 5X Build/MMB29P) AppleWebKit/537.36 (KHTML, like Gecko) Chrome/96.0.4664.45 Mobile Safari/537.36 (compatible; Googlebot/2.1; +http://www.google.com/bot.html)"
66.249.75.170 - - [29/Nov/2021:06:45:22 +0100] "GET /urss-adult-cap-by-cbkreation-p-29959.html HTTP/1.0" 301 73384 "-" "Mozilla/5.0 (Linux; Android 6.0.1; Nexus 5X Build/MMB29P) AppleWebKit/537.36 (KHTML, like Gecko) Chrome/96.0.4664.45 Mobile Safari/537.36 (compatible; Googlebot/2.1; +http://www.google.com/bot.html)"
66.249.75.166 - - [29/Nov/2021:06:45:23 +0100] "GET /urss-adult-cbkreation-p-29959.html HTTP/1.0" 200 73296 "-" "Mozilla/5.0 (Linux; Android 6.0.1; Nexus 5X Build/MMB29P) AppleWebKit/537.36 (KHTML, like Gecko) Chrome/96.0.4664.45 Mobile Safari/537.36 (compatible; Googlebot/2.1; +http://www.google.com/bot.html)"
192.99.161.45 - - [29/Nov/2021:06:45:27 +0100] "GET /vase-soliflore-c-232.html?page=6 HTTP/1.0" 301 83894 "-" "Mozilla/5.0 (compatible; MJ12bot/v1.4.8; http://mj12bot.com/)"
192.99.161.45 - - [29/Nov/2021:06:45:38 +0100] "GET /vase-soliflore-c-13_232.html?page=6 HTTP/1.0" 200 83931 "-" "Mozilla/5.0 (compatible; MJ12bot/v1.4.8; http://mj12bot.com/)"
192.99.161.45 - - [29/Nov/2021:06:45:48 +0100] "GET /vase-flower-pot-and-soliflore-c-13_232.html?page=7 HTTP/1.0" 301 84017 "-" "Mozilla/5.0 (compatible; MJ12bot/v1.4.8; http://mj12bot.com/)"
185.191.171.24 - - [29/Nov/2021:06:45:56 +0100] "GET /tin-candle-heart-and-home-christmas-tree-p-53313.html HTTP/1.0" 301 70801 "-" "Mozilla/5.0 (compatible; SemrushBot/7~bl; +http://www.semrush.com/bot.html)"
192.99.161.45 - - [29/Nov/2021:06:45:57 +0100] "GET /vase-soliflore-c-232.html?page=7 HTTP/1.0" 301 83894 "-" "Mozilla/5.0 (compatible; MJ12bot/v1.4.8; http://mj12bot.com/)"
185.191.171.15 - - [29/Nov/2021:06:45:59 +0100] "GET /candle-heart-home-christmas-tree-p-53313.html HTTP/1.0" 200 70702 "-" "Mozilla/5.0 (compatible; SemrushBot/7~bl; +http://www.semrush.com/bot.html)"
192.99.161.45 - - [29/Nov/2021:06:46:07 +0100] "GET /vase-soliflore-c-13_232.html?page=7 HTTP/1.0" 200 83931 "-" "Mozilla/5.0 (compatible; MJ12bot/v1.4.8; http://mj12bot.com/)"
192.99.161.45 - - [29/Nov/2021:06:46:23 +0100] "GET /vase-flower-pot-and-soliflore-c-232.html HTTP/1.0" 301 90330 "-" "Mozilla/5.0 (compatible; MJ12bot/v1.4.8; http://mj12bot.com/)"
192.99.161.45 - - [29/Nov/2021:06:46:29 +0100] "GET /vase-soliflore-c-13_232.html HTTP/1.0" 200 90374 "-" "Mozilla/5.0 (compatible; MJ12bot/v1.4.8; http://mj12bot.com/)"
114.119.128.39 - - [29/Nov/2021:06:46:32 +0100] "GET /fiat-500-red-clock-p-29050.html HTTP/1.0" 301 73261 "-" "Mozilla/5.0 (Linux; Android 7.0;) AppleWebKit/537.36 (KHTML, like Gecko) Mobile Safari/537.36 (compatible; PetalBot;+https://webmaster.petalsearch.com/site/petalbot)"
114.119.128.39 - - [29/Nov/2021:06:46:34 +0100] "GET /fiat-clock-p-29050.html HTTP/1.0" 200 73184 "-" "Mozilla/5.0 (Linux; Android 7.0;) AppleWebKit/537.36 (KHTML, like Gecko) Mobile Safari/537.36 (compatible; PetalBot;+https://webmaster.petalsearch.com/site/petalbot)"
192.99.161.45 - - [29/Nov/2021:06:46:41 +0100] "GET /vase-la-nuit-etoilee-de-vincent-van-gogh-18-cm-p-53524.html HTTP/1.0" 301 74970 "-" "Mozilla/5.0 (compatible; MJ12bot/v1.4.8; http://mj12bot.com/)"
192.99.161.45 - - [29/Nov/2021:06:46:47 +0100] "GET /ceramic-vase-gogh-starry-night-p-53524.html HTTP/1.0" 200 74873 "-" "Mozilla/5.0 (compatible; MJ12bot/v1.4.8; http://mj12bot.com/)"
207.46.13.118 - - [29/Nov/2021:06:46:50 +0100] "GET /images/1399984258873.jpg HTTP/1.0" 200 259 "-" "Mozilla/5.0 (compatible; bingbot/2.0; +http://www.bing.com/bingbot.htm)"
192.99.161.45 - - [29/Nov/2021:06:46:58 +0100] "GET /vase-le-baiser-de-klimt-18-cm-p-53523.html HTTP/1.0" 301 74316 "-" "Mozilla/5.0 (compatible; MJ12bot/v1.4.8; http://mj12bot.com/)"
192.99.161.45 - - [29/Nov/2021:06:47:05 +0100] "GET /ceramic-vase-klimt-kiss-p-53523.html HTTP/1.0" 200 74226 "-" "Mozilla/5.0 (compatible; MJ12bot/v1.4.8; http://mj12bot.com/)"
192.99.161.45 - - [29/Nov/2021:06:47:17 +0100] "GET /vase-ovale-arbre-en-ceramique-coloris-argente-20-cm-p-53029.html HTTP/1.0" 301 70721 "-" "Mozilla/5.0 (compatible; MJ12bot/v1.4.8; http://mj12bot.com/)"
185.191.171.26 - - [29/Nov/2021:06:47:17 +0100] "GET /betty-boop-metal-plate-p-10795.html HTTP/1.0" 200 73154 "-" "Mozilla/5.0 (compatible; SemrushBot/7~bl; +http://www.semrush.com/bot.html)"
192.99.161.45 - - [29/Nov/2021:06:47:24 +0100] "GET /tree-small-oval-vase-p-53029.html HTTP/1.0" 200 70634 "-" "Mozilla/5.0 (compatible; MJ12bot/v1.4.8; http://mj12bot.com/)"
192.99.161.45 - - [29/Nov/2021:06:47:33 +0100] "GET /venetian-mural-mask-giullare-p-50850.html HTTP/1.0" 200 70676 "-" "Mozilla/5.0 (compatible; MJ12bot/v1.4.8; http://mj12bot.com/)"
192.99.161.45 - - [29/Nov/2021:06:47:44 +0100] "GET /venetian-mural-mask-il-giullare-p-50850.html HTTP/1.0" 301 70771 "-" "Mozilla/5.0 (compatible; MJ12bot/v1.4.8; http://mj12bot.com/)"
192.99.161.45 - - [29/Nov/2021:06:47:52 +0100] "GET /venetian-mural-mask-giullare-p-50850.html HTTP/1.0" 200 70676 "-" "Mozilla/5.0 (compatible; MJ12bot/v1.4.8; http://mj12bot.com/)"
192.99.161.45 - - [29/Nov/2021:06:48:00 +0100] "GET /venetian-mural-mask-il-pavone-p-50854.html HTTP/1.0" 301 70761 "-" "Mozilla/5.0 (compatible; MJ12bot/v1.4.8; http://mj12bot.com/)"
185.191.171.14 - - [29/Nov/2021:06:48:01 +0100] "GET /apple-deco-ceramic-wood-look-20-cm-p-44637.html HTTP/1.0" 301 70631 "-" "Mozilla/5.0 (compatible; SemrushBot/7~bl; +http://www.semrush.com/bot.html)"
185.191.171.13 - - [29/Nov/2021:06:48:03 +0100] "GET /-p-44637.html HTTP/1.0" 200 70564 "-" "Mozilla/5.0 (compatible; SemrushBot/7~bl; +http://www.semrush.com/bot.html)"
185.191.171.10 - - [29/Nov/2021:06:48:06 +0100] "GET /paperweight-kiub-collection-cats-paris-p-55891.html?action=add_product HTTP/1.0" 302 476 "-" "Mozilla/5.0 (compatible; SemrushBot/7~bl; +http://www.semrush.com/bot.html)"
185.191.171.3 - - [29/Nov/2021:06:48:08 +0100] "GET /orange-kitchen-towel-p-44418.html?action=add_product HTTP/1.0" 302 476 "-" "Mozilla/5.0 (compatible; SemrushBot/7~bl; +http://www.semrush.com/bot.html)"
192.99.161.45 - - [29/Nov/2021:06:48:10 +0100] "GET /venetian-mural-mask-pavone-p-50854.html HTTP/1.0" 200 70668 "-" "Mozilla/5.0 (compatible; MJ12bot/v1.4.8; http://mj12bot.com/)"
185.191.171.12 - - [29/Nov/2021:06:48:16 +0100] "GET /horus-cbkreation-p-24131.html HTTP/1.0" 200 73234 "-" "Mozilla/5.0 (compatible; SemrushBot/7~bl; +http://www.semrush.com/bot.html)"
192.99.161.45 - - [29/Nov/2021:06:48:19 +0100] "GET /venetian-mural-mask-il-pirata-p-50853.html HTTP/1.0" 301 70761 "-" "Mozilla/5.0 (compatible; MJ12bot/v1.4.8; http://mj12bot.com/)"
185.191.171.37 - - [29/Nov/2021:06:48:24 +0100] "GET /provence-moroccan-ashtray-p-36091.html?action=add_product HTTP/1.0" 302 476 "-" "Mozilla/5.0 (compatible; SemrushBot/7~bl; +http://www.semrush.com/bot.html)"
192.99.161.45 - - [29/Nov/2021:06:48:30 +0100] "GET /venetian-mural-mask-pirata-p-50853.html HTTP/1.0" 200 70668 "-" "Mozilla/5.0 (compatible; MJ12bot/v1.4.8; http://mj12bot.com/)"
192.99.161.45 - - [29/Nov/2021:06:48:42 +0100] "GET /venetian-mural-mask-pavone-p-50854.html HTTP/1.0" 200 70668 "-" "Mozilla/5.0 (compatible; MJ12bot/v1.4.8; http://mj12bot.com/)"
192.99.161.45 - - [29/Nov/2021:06:48:52 +0100] "GET /venetian-mural-mask-pirata-p-50853.html HTTP/1.0" 200 70668 "-" "Mozilla/5.0 (compatible; MJ12bot/v1.4.8; http://mj12bot.com/)"
192.99.161.45 - - [29/Nov/2021:06:49:00 +0100] "GET /ventail-utilitaire-nuit-etoile-vincent-gogh-p-55438.html HTTP/1.0" 301 73987 "-" "Mozilla/5.0 (compatible; MJ12bot/v1.4.8; http://mj12bot.com/)"
17.121.113.204 - - [29/Nov/2021:06:49:07 +0100] "GET /door-plate-p-53154.html HTTP/1.0" 200 73690 "-" "Mozilla/5.0 (Macintosh; Intel Mac OS X 10_15_5) AppleWebKit/605.1.15 (KHTML, like Gecko) Version/13.1.1 Safari/605.1.15 (Applebot/0.1; +http://www.apple.com/go/applebot)"
192.99.161.45 - - [29/Nov/2021:06:49:08 +0100] "GET /decorative-useful-gogh-p-55438.html HTTP/1.0" 200 73898 "-" "Mozilla/5.0 (compatible; MJ12bot/v1.4.8; http://mj12bot.com/)"
192.99.161.45 - - [29/Nov/2021:06:49:14 +0100] "GET /veritable-table-de-meditation-tibetaine-peinte-la-main-p-45460.html HTTP/1.0" 301 70766 "-" "Mozilla/5.0 (compatible; MJ12bot/v1.4.8; http://mj12bot.com/)"
192.99.161.45 - - [29/Nov/2021:06:49:20 +0100] "GET /tibetan-meditation-table-p-45460.html HTTP/1.0" 200 70675 "-" "Mozilla/5.0 (compatible; MJ12bot/v1.4.8; http://mj12bot.com/)"
114.119.128.40 - - [29/Nov/2021:06:49:21 +0100] "GET /adaptable-decorative-caps-c-12_249.html HTTP/1.0" 200 79188 "-" "Mozilla/5.0 (Linux; Android 7.0;) AppleWebKit/537.36 (KHTML, like Gecko) Mobile Safari/537.36 (compatible; PetalBot;+https://webmaster.petalsearch.com/site/petalbot)"
192.99.161.45 - - [29/Nov/2021:06:49:31 +0100] "GET /verre-shot-olympique-de-marseille-p-51693.html HTTP/1.0" 301 70777 "-" "Mozilla/5.0 (compatible; MJ12bot/v1.4.8; http://mj12bot.com/)"
192.99.161.45 - - [29/Nov/2021:06:49:36 +0100] "GET /shot-glass-olympique-marseille-p-51693.html HTTP/1.0" 200 70680 "-" "Mozilla/5.0 (compatible; MJ12bot/v1.4.8; http://mj12bot.com/)"
66.249.75.168 - - [29/Nov/2021:06:49:51 +0100] "GET /cement-tile-stickers-p-50334.html HTTP/1.0" 200 74132 "-" "Mozilla/5.0 (compatible; Googlebot/2.1; +http://www.google.com/bot.html)"
185.191.171.39 - - [29/Nov/2021:06:49:53 +0100] "GET /happy-birthday-card-p-20014.html?action=add_product HTTP/1.0" 302 476 "-" "Mozilla/5.0 (compatible; SemrushBot/7~bl; +http://www.semrush.com/bot.html)"
192.99.161.45 - - [29/Nov/2021:06:49:53 +0100] "GET /verres-et-timbales-c-12_62.html HTTP/1.0" 301 90510 "-" "Mozilla/5.0 (compatible; MJ12bot/v1.4.8; http://mj12bot.com/)"
192.99.161.45 - - [29/Nov/2021:06:50:03 +0100] "GET /glasses-drinking-c-62.html HTTP/1.0" 301 90409 "-" "Mozilla/5.0 (compatible; MJ12bot/v1.4.8; http://mj12bot.com/)"
185.191.171.25 - - [29/Nov/2021:06:50:09 +0100] "GET /decorative-metal-ventilator-flea-style-p-35906.html?action=add_product HTTP/1.0" 302 476 "-" "Mozilla/5.0 (compatible; SemrushBot/7~bl; +http://www.semrush.com/bot.html)"
192.99.161.45 - - [29/Nov/2021:06:50:16 +0100] "GET /glasses-drinking-c-12_62.html HTTP/1.0" 200 90430 "-" "Mozilla/5.0 (compatible; MJ12bot/v1.4.8; http://mj12bot.com/)"
192.99.161.45 - - [29/Nov/2021:06:50:28 +0100] "GET /verres-timbales-c-12_62.html HTTP/1.0" 301 90510 "-" "Mozilla/5.0 (compatible; MJ12bot/v1.4.8; http://mj12bot.com/)"
192.99.161.45 - - [29/Nov/2021:06:50:34 +0100] "GET /glasses-drinking-c-62.html HTTP/1.0" 301 90409 "-" "Mozilla/5.0 (compatible; MJ12bot/v1.4.8; http://mj12bot.com/)"
185.191.171.23 - - [29/Nov/2021:06:50:40 +0100] "GET /swallow-wall-decoration-29-cm-p-51541.html HTTP/1.0" 301 70748 "-" "Mozilla/5.0 (compatible; SemrushBot/7~bl; +http://www.semrush.com/bot.html)"
192.99.161.45 - - [29/Nov/2021:06:50:40 +0100] "GET /glasses-drinking-c-12_62.html HTTP/1.0" 200 90430 "-" "Mozilla/5.0 (compatible; MJ12bot/v1.4.8; http://mj12bot.com/)"
185.191.171.10 - - [29/Nov/2021:06:50:42 +0100] "GET /swallow-wall-decoration-p-51541.html HTTP/1.0" 200 70658 "-" "Mozilla/5.0 (compatible; SemrushBot/7~bl; +http://www.semrush.com/bot.html)"
185.191.171.12 - - [29/Nov/2021:06:50:47 +0100] "GET /protecting-cotton-pillow-boil-p-48987.html?action=add_product HTTP/1.0" 302 476 "-" "Mozilla/5.0 (compatible; SemrushBot/7~bl; +http://www.semrush.com/bot.html)"
192.99.161.45 - - [29/Nov/2021:06:50:54 +0100] "GET /vespa-ceramic-p-51156.html HTTP/1.0" 200 74123 "-" "Mozilla/5.0 (compatible; MJ12bot/v1.4.8; http://mj12bot.com/)"
157.55.39.228 - - [29/Nov/2021:06:51:11 +0100] "GET /images/med_prod/3565750037616.jpg HTTP/1.0" 200 268 "-" "Mozilla/5.0 (compatible; bingbot/2.0; +http://www.bing.com/bingbot.htm)"
192.99.161.45 - - [29/Nov/2021:06:51:13 +0100] "GET /vilaines-filles-beach-towel-p-51707.html HTTP/1.0" 200 73348 "-" "Mozilla/5.0 (compatible; MJ12bot/v1.4.8; http://mj12bot.com/)"
54.36.148.57 - - [29/Nov/2021:06:51:15 +0100] "GET /argentina-mouse-pad-cbkreation-p-13982.html HTTP/1.0" 301 73304 "-" "Mozilla/5.0 (compatible; AhrefsBot/7.0; +http://ahrefs.com/robot/)"
192.99.161.45 - - [29/Nov/2021:06:51:17 +0100] "GET /vilaines-filles-beach-towel-p-51709.html HTTP/1.0" 200 70694 "-" "Mozilla/5.0 (compatible; MJ12bot/v1.4.8; http://mj12bot.com/)"
192.99.161.45 - - [29/Nov/2021:06:51:27 +0100] "GET /vilaines-filles-beach-towel-p-51711.html HTTP/1.0" 200 70694 "-" "Mozilla/5.0 (compatible; MJ12bot/v1.4.8; http://mj12bot.com/)"
192.99.161.45 - - [29/Nov/2021:06:51:36 +0100] "GET /vilaines-filles-beach-towel-p-51716.html HTTP/1.0" 200 70694 "-" "Mozilla/5.0 (compatible; MJ12bot/v1.4.8; http://mj12bot.com/)"
185.191.171.14 - - [29/Nov/2021:06:51:38 +0100] "GET /provence-enamelled-ring-p-46909.html HTTP/1.0" 200 73859 "-" "Mozilla/5.0 (compatible; SemrushBot/7~bl; +http://www.semrush.com/bot.html)"
192.99.161.45 - - [29/Nov/2021:06:51:46 +0100] "GET /vintage-black-telephone-clock-p-55993.html HTTP/1.0" 200 74143 "-" "Mozilla/5.0 (compatible; MJ12bot/v1.4.8; http://mj12bot.com/)"
185.191.171.10 - - [29/Nov/2021:06:51:46 +0100] "GET /brown-ceramic-lamp-leaf-pattern-p-55249.html HTTP/1.0" 200 74214 "-" "Mozilla/5.0 (compatible; SemrushBot/7~bl; +http://www.semrush.com/bot.html)"
192.99.161.45 - - [29/Nov/2021:06:51:56 +0100] "GET /vintage-navigation-theme-suitcase-40-cm-p-49613.html HTTP/1.0" 301 70802 "-" "Mozilla/5.0 (compatible; MJ12bot/v1.4.8; http://mj12bot.com/)"
192.99.161.45 - - [29/Nov/2021:06:52:05 +0100] "GET /vintage-navigation-theme-suitcase-p-49613.html HTTP/1.0" 200 70702 "-" "Mozilla/5.0 (compatible; MJ12bot/v1.4.8; http://mj12bot.com/)"
114.119.128.37 - - [29/Nov/2021:06:52:09 +0100] "GET /images/big_prod/8720088299487.jpg HTTP/1.0" 200 268 "-" "Mozilla/5.0 (Linux; Android 7.0;) AppleWebKit/537.36 (KHTML, like Gecko) Mobile Safari/537.36 (compatible; PetalBot;+https://webmaster.petalsearch.com/site/petalbot)"
185.191.171.35 - - [29/Nov/2021:06:52:08 +0100] "GET /volkswagen-beatle-metal-plate-30-20-cm-p-37153.html HTTP/1.0" 301 73502 "-" "Mozilla/5.0 (compatible; SemrushBot/7~bl; +http://www.semrush.com/bot.html)"
185.191.171.3 - - [29/Nov/2021:06:52:10 +0100] "GET /volkswagen-beatle-metal-plate-p-37153.html HTTP/1.0" 200 73406 "-" "Mozilla/5.0 (compatible; SemrushBot/7~bl; +http://www.semrush.com/bot.html)"
185.191.171.18 - - [29/Nov/2021:06:52:14 +0100] "GET /large-monkey-standing-lamp-p-48709.html HTTP/1.0" 200 73901 "-" "Mozilla/5.0 (compatible; SemrushBot/7~bl; +http://www.semrush.com/bot.html)"
192.99.161.45 - - [29/Nov/2021:06:52:17 +0100] "GET /vintage-navigation-theme-suitcase-p-49613.html HTTP/1.0" 200 70702 "-" "Mozilla/5.0 (compatible; MJ12bot/v1.4.8; http://mj12bot.com/)"
192.99.161.45 - - [29/Nov/2021:06:52:35 +0100] "GET /votives-holder-christmas-gift-p-38185.html HTTP/1.0" 200 70694 "-" "Mozilla/5.0 (compatible; MJ12bot/v1.4.8; http://mj12bot.com/)"
192.99.161.45 - - [29/Nov/2021:06:52:41 +0100] "GET /wall-decoration-music-p-51024.html HTTP/1.0" 200 70650 "-" "Mozilla/5.0 (compatible; MJ12bot/v1.4.8; http://mj12bot.com/)"
192.99.161.45 - - [29/Nov/2021:06:52:49 +0100] "GET /wall-decoration-music-p-51025.html HTTP/1.0" 200 73298 "-" "Mozilla/5.0 (compatible; MJ12bot/v1.4.8; http://mj12bot.com/)"
185.191.171.44 - - [29/Nov/2021:06:53:02 +0100] "GET /egyptian-queen-statue-resin-p-47482.html HTTP/1.0" 200 73961 "-" "Mozilla/5.0 (compatible; SemrushBot/7~bl; +http://www.semrush.com/bot.html)"
192.99.161.45 - - [29/Nov/2021:06:53:02 +0100] "GET /wall-stickers-owls-tree-p-51129.html HTTP/1.0" 200 74129 "-" "Mozilla/5.0 (compatible; MJ12bot/v1.4.8; http://mj12bot.com/)"
192.99.161.45 - - [29/Nov/2021:06:53:12 +0100] "GET /wallet-c-237.html HTTP/1.0" 301 91747 "-" "Mozilla/5.0 (compatible; MJ12bot/v1.4.8; http://mj12bot.com/)"
192.99.161.45 - - [29/Nov/2021:06:53:22 +0100] "GET /wallet-c-31_237.html HTTP/1.0" 200 91831 "-" "Mozilla/5.0 (compatible; MJ12bot/v1.4.8; http://mj12bot.com/)"
192.99.161.45 - - [29/Nov/2021:06:53:34 +0100] "GET /washed-dyed-cotton-tablecloth-pearl-p-54412.html HTTP/1.0" 200 70698 "-" "Mozilla/5.0 (compatible; MJ12bot/v1.4.8; http://mj12bot.com/)"
192.99.161.45 - - [29/Nov/2021:06:53:44 +0100] "GET /water-bottle-bien-chaud-panda-p-56890.html HTTP/1.0" 200 74012 "-" "Mozilla/5.0 (compatible; MJ12bot/v1.4.8; http://mj12bot.com/)"
192.99.161.45 - - [29/Nov/2021:06:53:53 +0100] "GET /water-bottle-moment-douceur-biche-p-56128.html HTTP/1.0" 200 74012 "-" "Mozilla/5.0 (compatible; MJ12bot/v1.4.8; http://mj12bot.com/)"
192.99.161.45 - - [29/Nov/2021:06:54:00 +0100] "GET /water-bottles-and-sport-bottles-c-12_161.html?page=6 HTTP/1.0" 301 96173 "-" "Mozilla/5.0 (compatible; MJ12bot/v1.4.8; http://mj12bot.com/)"
185.191.171.8 - - [29/Nov/2021:06:54:00 +0100] "GET /specials.php?page=19 HTTP/1.0" 200 125091 "-" "Mozilla/5.0 (compatible; SemrushBot/7~bl; +http://www.semrush.com/bot.html)"
192.99.161.45 - - [29/Nov/2021:06:54:10 +0100] "GET /water-bottles-sport-bottles-c-161.html?page=6 HTTP/1.0" 301 96072 "-" "Mozilla/5.0 (compatible; MJ12bot/v1.4.8; http://mj12bot.com/)"
40.77.167.66 - - [29/Nov/2021:06:54:16 +0100] "GET /transparent-rectangular-plastic-tablecloth-p-56700.html HTTP/1.0" 200 73436 "-" "Mozilla/5.0 (compatible; bingbot/2.0; +http://www.bing.com/bingbot.htm)"
54.36.148.187 - - [29/Nov/2021:06:54:17 +0100] "GET /paris-clock-p-29240.html HTTP/1.0" 301 70631 "-" "Mozilla/5.0 (compatible; AhrefsBot/7.0; +http://ahrefs.com/robot/)"
192.99.161.45 - - [29/Nov/2021:06:54:19 +0100] "GET /water-bottles-sport-bottles-c-12_161.html?page=6 HTTP/1.0" 200 96074 "-" "Mozilla/5.0 (compatible; MJ12bot/v1.4.8; http://mj12bot.com/)"
66.249.75.170 - - [29/Nov/2021:06:54:21 +0100] "GET /cement-tile-stickers-p-50334.html HTTP/1.0" 200 74132 "-" "Mozilla/5.0 (Linux; Android 6.0.1; Nexus 5X Build/MMB29P) AppleWebKit/537.36 (KHTML, like Gecko) Chrome/96.0.4664.45 Mobile Safari/537.36 (compatible; Googlebot/2.1; +http://www.google.com/bot.html)"
192.99.161.45 - - [29/Nov/2021:06:54:31 +0100] "GET /water-bottles-sport-bottles-c-12_161.html?page=6 HTTP/1.0" 200 96074 "-" "Mozilla/5.0 (compatible; MJ12bot/v1.4.8; http://mj12bot.com/)"
81.71.100.192 - - [29/Nov/2021:06:54:38 +0100] "GET /images/mini_prod/8003990616123.jpg HTTP/1.0" 200 269 "-" "Mozilla/5.0 (X11; Ubuntu; Linux x86_64; rv:72.0) Gecko/20100101 Firefox/72.0"
192.99.161.45 - - [29/Nov/2021:06:54:37 +0100] "GET /water-bottles-sport-bottles-c-161.html?page=6 HTTP/1.0" 301 96072 "-" "Mozilla/5.0 (compatible; MJ12bot/v1.4.8; http://mj12bot.com/)"
77.75.76.170 - - [29/Nov/2021:06:54:42 +0100] "GET /robots.txt HTTP/1.0" 200 245 "-" "Mozilla/5.0 (compatible; SeznamBot/3.2; +http://napoveda.seznam.cz/en/seznambot-intro/)"
77.75.76.170 - - [29/Nov/2021:06:54:43 +0100] "GET /images/mini_prod/3700281653731.jpg HTTP/1.0" 200 269 "-" "Mozilla/5.0 (compatible; SeznamBot/3.2; +http://napoveda.seznam.cz/en/seznambot-intro/)"
192.99.161.45 - - [29/Nov/2021:06:54:44 +0100] "GET /water-bottles-sport-bottles-c-12_161.html?page=6 HTTP/1.0" 200 96074 "-" "Mozilla/5.0 (compatible; MJ12bot/v1.4.8; http://mj12bot.com/)"
207.46.13.118 - - [29/Nov/2021:06:54:50 +0100] "GET /barbapapa-manga-metal-magnet-p-8801.html HTTP/1.0" 200 73353 "-" "Mozilla/5.0 (compatible; bingbot/2.0; +http://www.bing.com/bingbot.htm)"
192.99.161.45 - - [29/Nov/2021:06:54:52 +0100] "GET /white-buddha-statue-polyresin-40-cm-p-50716.html HTTP/1.0" 301 70778 "-" "Mozilla/5.0 (compatible; MJ12bot/v1.4.8; http://mj12bot.com/)"
114.119.128.39 - - [29/Nov/2021:06:54:56 +0100] "GET /paperweight-nautical-p-52928.html HTTP/1.0" 200 73196 "-" "Mozilla/5.0 (Linux; Android 7.0;) AppleWebKit/537.36 (KHTML, like Gecko) Mobile Safari/537.36 (compatible; PetalBot;+https://webmaster.petalsearch.com/site/petalbot)"
192.99.161.45 - - [29/Nov/2021:06:54:59 +0100] "GET /white-buddha-statue-polyresin-p-50716.html HTTP/1.0" 200 70682 "-" "Mozilla/5.0 (compatible; MJ12bot/v1.4.8; http://mj12bot.com/)"
54.36.148.103 - - [29/Nov/2021:06:55:06 +0100] "GET /aprons-c-74.html?page=1 HTTP/1.0" 301 92242 "-" "Mozilla/5.0 (compatible; AhrefsBot/7.0; +http://ahrefs.com/robot/)"
192.99.161.45 - - [29/Nov/2021:06:55:11 +0100] "GET /white-buddha-statue-polyresin-41-cm-p-50715.html HTTP/1.0" 301 74282 "-" "Mozilla/5.0 (compatible; MJ12bot/v1.4.8; http://mj12bot.com/)"
192.99.161.45 - - [29/Nov/2021:06:55:17 +0100] "GET /white-buddha-statue-polyresin-p-50715.html HTTP/1.0" 200 74186 "-" "Mozilla/5.0 (compatible; MJ12bot/v1.4.8; http://mj12bot.com/)"
54.36.148.184 - - [29/Nov/2021:06:55:25 +0100] "GET / HTTP/1.0" 200 151377 "-" "Mozilla/5.0 (compatible; AhrefsBot/7.0; +http://ahrefs.com/robot/)"
185.191.171.35 - - [29/Nov/2021:06:55:26 +0100] "GET /kitten-espresso-set-p-37293.html HTTP/1.0" 301 70631 "-" "Mozilla/5.0 (compatible; SemrushBot/7~bl; +http://www.semrush.com/bot.html)"
192.99.161.45 - - [29/Nov/2021:06:55:26 +0100] "GET /white-buddha-statue-polyresin-p-50715.html HTTP/1.0" 200 74186 "-" "Mozilla/5.0 (compatible; MJ12bot/v1.4.8; http://mj12bot.com/)"
185.191.171.8 - - [29/Nov/2021:06:55:28 +0100] "GET /-p-37293.html HTTP/1.0" 200 70564 "-" "Mozilla/5.0 (compatible; SemrushBot/7~bl; +http://www.semrush.com/bot.html)"
