185.191.171.36 - - [29/Nov/2021:09:21:35 +0100] "GET /melt-jasmine-daydream-p-37443.html?action=add_product HTTP/1.0" 302 476 "-" "Mozilla/5.0 (compatible; SemrushBot/7~bl; +http://www.semrush.com/bot.html)"
95.91.111.1 - - [29/Nov/2021:09:21:37 +0100] "GET /large-maxi-trays-c-262.html HTTP/1.0" 301 84222 "-" "Mozilla/5.0 (compatible; MJ12bot/v1.4.8; http://mj12bot.com/)"
95.91.111.1 - - [29/Nov/2021:09:21:39 +0100] "GET /large-maxi-trays-c-12_159_262.html HTTP/1.0" 200 84341 "-" "Mozilla/5.0 (compatible; MJ12bot/v1.4.8; http://mj12bot.com/)"
95.91.111.1 - - [29/Nov/2021:09:21:42 +0100] "GET /great-patina-white-elephant-statuette-30-cm-p-50662.html HTTP/1.0" 301 74150 "-" "Mozilla/5.0 (compatible; MJ12bot/v1.4.8; http://mj12bot.com/)"
185.191.171.2 - - [29/Nov/2021:09:21:42 +0100] "GET /hritage-authentique-cotton-adult-apron-p-45254.html HTTP/1.0" 200 73243 "-" "Mozilla/5.0 (compatible; SemrushBot/7~bl; +http://www.semrush.com/bot.html)"
95.91.111.1 - - [29/Nov/2021:09:21:45 +0100] "GET /great-patina-white-elephant-statuette-p-50662.html HTTP/1.0" 200 74046 "-" "Mozilla/5.0 (compatible; MJ12bot/v1.4.8; http://mj12bot.com/)"
95.91.111.1 - - [29/Nov/2021:09:21:47 +0100] "GET /great-wall-decor-old-blue-scooter-p-36514.html HTTP/1.0" 301 73435 "-" "Mozilla/5.0 (compatible; MJ12bot/v1.4.8; http://mj12bot.com/)"
95.91.111.1 - - [29/Nov/2021:09:21:49 +0100] "GET /great-wall-decor-blue-scooter-p-36514.html HTTP/1.0" 200 73339 "-" "Mozilla/5.0 (compatible; MJ12bot/v1.4.8; http://mj12bot.com/)"
95.91.111.1 - - [29/Nov/2021:09:21:52 +0100] "GET /great-wall-decor-old-orange-scooter-p-36513.html HTTP/1.0" 301 70784 "-" "Mozilla/5.0 (compatible; MJ12bot/v1.4.8; http://mj12bot.com/)"
54.36.149.21 - - [29/Nov/2021:09:21:54 +0100] "GET /betty-boop-cup-saucer-set-p-14074.html HTTP/1.0" 301 70631 "-" "Mozilla/5.0 (compatible; AhrefsBot/7.0; +http://ahrefs.com/robot/)"
95.91.111.1 - - [29/Nov/2021:09:21:54 +0100] "GET /great-wall-decor-orange-scooter-p-36513.html HTTP/1.0" 200 70686 "-" "Mozilla/5.0 (compatible; MJ12bot/v1.4.8; http://mj12bot.com/)"
114.119.128.253 - - [29/Nov/2021:09:21:54 +0100] "GET /furniture-knob-sold-individually-p-55678.html HTTP/1.0" 200 74194 "-" "Mozilla/5.0 (Linux; Android 7.0;) AppleWebKit/537.36 (KHTML, like Gecko) Mobile Safari/537.36 (compatible; PetalBot;+https://webmaster.petalsearch.com/site/petalbot)"
95.91.111.1 - - [29/Nov/2021:09:21:57 +0100] "GET /grey-buddha-perfume-diffuser-cracked-ceramic-p-36551.html HTTP/1.0" 200 73523 "-" "Mozilla/5.0 (compatible; MJ12bot/v1.4.8; http://mj12bot.com/)"
95.91.111.1 - - [29/Nov/2021:09:22:01 +0100] "GET /hand-of-fatma-acrylic-magnet-p-52883.html HTTP/1.0" 301 73327 "-" "Mozilla/5.0 (compatible; MJ12bot/v1.4.8; http://mj12bot.com/)"
95.91.111.1 - - [29/Nov/2021:09:22:03 +0100] "GET /hand-fatma-acrylic-magnet-p-52883.html HTTP/1.0" 200 73235 "-" "Mozilla/5.0 (compatible; MJ12bot/v1.4.8; http://mj12bot.com/)"
95.91.111.1 - - [29/Nov/2021:09:22:05 +0100] "GET /handcraft-sheet-45-75-cm-p-51599.html HTTP/1.0" 301 73442 "-" "Mozilla/5.0 (compatible; MJ12bot/v1.4.8; http://mj12bot.com/)"
95.91.111.1 - - [29/Nov/2021:09:22:08 +0100] "GET /handcraft-sheet-p-51599.html HTTP/1.0" 200 73360 "-" "Mozilla/5.0 (compatible; MJ12bot/v1.4.8; http://mj12bot.com/)"
95.91.111.1 - - [29/Nov/2021:09:22:10 +0100] "GET /hanging-metal-structure-sun-60-cm-p-49483.html HTTP/1.0" 301 73389 "-" "Mozilla/5.0 (compatible; MJ12bot/v1.4.8; http://mj12bot.com/)"
95.91.111.1 - - [29/Nov/2021:09:22:13 +0100] "GET /hanging-metal-structure-p-49483.html HTTP/1.0" 200 73299 "-" "Mozilla/5.0 (compatible; MJ12bot/v1.4.8; http://mj12bot.com/)"
185.191.171.35 - - [29/Nov/2021:09:22:13 +0100] "GET /messenger-black-yellow-marshall-p-26345.html?action=add_product HTTP/1.0" 302 476 "-" "Mozilla/5.0 (compatible; SemrushBot/7~bl; +http://www.semrush.com/bot.html)"
95.91.111.1 - - [29/Nov/2021:09:22:15 +0100] "GET /hanging-metal-structure-tree-88-80-cm-p-48067.html HTTP/1.0" 301 73444 "-" "Mozilla/5.0 (compatible; MJ12bot/v1.4.8; http://mj12bot.com/)"
185.191.171.40 - - [29/Nov/2021:09:22:17 +0100] "GET /keith-haring-tote-bag-p-39089.html HTTP/1.0" 301 73315 "-" "Mozilla/5.0 (compatible; SemrushBot/7~bl; +http://www.semrush.com/bot.html)"
95.91.111.1 - - [29/Nov/2021:09:22:19 +0100] "GET /hanging-metal-structure-tree-p-48067.html HTTP/1.0" 200 73349 "-" "Mozilla/5.0 (compatible; MJ12bot/v1.4.8; http://mj12bot.com/)"
185.191.171.39 - - [29/Nov/2021:09:22:19 +0100] "GET /keith-haring-tote-p-39089.html HTTP/1.0" 200 73231 "-" "Mozilla/5.0 (compatible; SemrushBot/7~bl; +http://www.semrush.com/bot.html)"
95.91.111.1 - - [29/Nov/2021:09:22:21 +0100] "GET /harold-potholder-21-cm-p-43818.html HTTP/1.0" 301 73286 "-" "Mozilla/5.0 (compatible; MJ12bot/v1.4.8; http://mj12bot.com/)"
95.91.111.1 - - [29/Nov/2021:09:22:24 +0100] "GET /harold-potholder-p-43818.html HTTP/1.0" 200 73203 "-" "Mozilla/5.0 (compatible; MJ12bot/v1.4.8; http://mj12bot.com/)"
95.91.111.1 - - [29/Nov/2021:09:22:26 +0100] "GET /hats-and-caps-c-43.html HTTP/1.0" 301 69466 "-" "Mozilla/5.0 (compatible; MJ12bot/v1.4.8; http://mj12bot.com/)"
95.91.111.1 - - [29/Nov/2021:09:22:28 +0100] "GET /hats-caps-c-2_43.html HTTP/1.0" 200 69487 "-" "Mozilla/5.0 (compatible; MJ12bot/v1.4.8; http://mj12bot.com/)"
95.91.111.1 - - [29/Nov/2021:09:22:32 +0100] "GET /hats-and-caps-c-44.html HTTP/1.0" 301 91778 "-" "Mozilla/5.0 (compatible; MJ12bot/v1.4.8; http://mj12bot.com/)"
185.191.171.11 - - [29/Nov/2021:09:22:32 +0100] "GET /wood-carved-hand-fatma-p-50143.html?action=add_product HTTP/1.0" 302 476 "-" "Mozilla/5.0 (compatible; SemrushBot/7~bl; +http://www.semrush.com/bot.html)"
165.154.72.231 - - [29/Nov/2021:09:22:34 +0100] "GET /images/mini_prod/5213199036063.jpg HTTP/1.0" 200 269 "-" "Mozilla/5.0 (X11; Ubuntu; Linux x86_64; rv:72.0) Gecko/20100101 Firefox/72.0"
95.91.111.1 - - [29/Nov/2021:09:22:38 +0100] "GET /hats-caps-c-1_44.html HTTP/1.0" 200 91803 "-" "Mozilla/5.0 (compatible; MJ12bot/v1.4.8; http://mj12bot.com/)"
95.91.111.1 - - [29/Nov/2021:09:22:41 +0100] "GET /hello-kitty-bedside-lamp-p-7629.html HTTP/1.0" 301 70628 "-" "Mozilla/5.0 (compatible; MJ12bot/v1.4.8; http://mj12bot.com/)"
185.191.171.16 - - [29/Nov/2021:09:22:42 +0100] "GET /laissez-lucie-faire-p-48202.html HTTP/1.0" 200 70662 "-" "Mozilla/5.0 (compatible; SemrushBot/7~bl; +http://www.semrush.com/bot.html)"
54.36.148.117 - - [29/Nov/2021:09:22:44 +0100] "GET /santa-sleigh-bowl-christmas-p-56852.html HTTP/1.0" 200 73904 "-" "Mozilla/5.0 (compatible; AhrefsBot/7.0; +http://ahrefs.com/robot/)"
95.91.111.1 - - [29/Nov/2021:09:22:44 +0100] "GET /-p-7629.html HTTP/1.0" 200 70562 "-" "Mozilla/5.0 (compatible; MJ12bot/v1.4.8; http://mj12bot.com/)"
95.91.111.1 - - [29/Nov/2021:09:22:47 +0100] "GET /hello-kitty-black-wallet-by-camomilla-p-11036.html HTTP/1.0" 301 70631 "-" "Mozilla/5.0 (compatible; MJ12bot/v1.4.8; http://mj12bot.com/)"
95.91.111.1 - - [29/Nov/2021:09:22:49 +0100] "GET /-p-11036.html HTTP/1.0" 200 70564 "-" "Mozilla/5.0 (compatible; MJ12bot/v1.4.8; http://mj12bot.com/)"
95.91.111.1 - - [29/Nov/2021:09:22:52 +0100] "GET /hello-kitty-black-wallet-p-11467.html HTTP/1.0" 301 70631 "-" "Mozilla/5.0 (compatible; MJ12bot/v1.4.8; http://mj12bot.com/)"
95.91.111.1 - - [29/Nov/2021:09:22:55 +0100] "GET /-p-11467.html HTTP/1.0" 200 70564 "-" "Mozilla/5.0 (compatible; MJ12bot/v1.4.8; http://mj12bot.com/)"
95.91.111.1 - - [29/Nov/2021:09:22:57 +0100] "GET /hello-kitty-black-wallet-p-5369.html HTTP/1.0" 301 70628 "-" "Mozilla/5.0 (compatible; MJ12bot/v1.4.8; http://mj12bot.com/)"
95.91.111.1 - - [29/Nov/2021:09:22:59 +0100] "GET /-p-5369.html HTTP/1.0" 200 70562 "-" "Mozilla/5.0 (compatible; MJ12bot/v1.4.8; http://mj12bot.com/)"
95.91.111.1 - - [29/Nov/2021:09:23:02 +0100] "GET /hello-kitty-blue-trainer-liner-socks-size-23-26-p-25417.html HTTP/1.0" 301 70631 "-" "Mozilla/5.0 (compatible; MJ12bot/v1.4.8; http://mj12bot.com/)"
95.91.111.1 - - [29/Nov/2021:09:23:04 +0100] "GET /-p-25417.html HTTP/1.0" 200 70564 "-" "Mozilla/5.0 (compatible; MJ12bot/v1.4.8; http://mj12bot.com/)"
185.191.171.22 - - [29/Nov/2021:09:23:07 +0100] "GET /burner-soapstone-lotus-p-56893.html HTTP/1.0" 200 73990 "-" "Mozilla/5.0 (compatible; SemrushBot/7~bl; +http://www.semrush.com/bot.html)"
95.91.111.1 - - [29/Nov/2021:09:23:07 +0100] "GET /hello-kitty-blue-wallet-by-camomilla-p-11034.html HTTP/1.0" 301 70829 "-" "Mozilla/5.0 (compatible; MJ12bot/v1.4.8; http://mj12bot.com/)"
95.91.111.1 - - [29/Nov/2021:09:23:10 +0100] "GET /hello-kitty-blue-wallet-camomilla-p-11034.html HTTP/1.0" 200 70729 "-" "Mozilla/5.0 (compatible; MJ12bot/v1.4.8; http://mj12bot.com/)"
95.91.111.1 - - [29/Nov/2021:09:23:12 +0100] "GET /hello-kitty-boston-denim-bag-by-camomilla-p-18459.html HTTP/1.0" 301 70805 "-" "Mozilla/5.0 (compatible; MJ12bot/v1.4.8; http://mj12bot.com/)"
95.91.111.1 - - [29/Nov/2021:09:23:15 +0100] "GET /hello-kitty-boston-denim-camomilla-p-18459.html HTTP/1.0" 200 70704 "-" "Mozilla/5.0 (compatible; MJ12bot/v1.4.8; http://mj12bot.com/)"
95.91.111.1 - - [29/Nov/2021:09:23:17 +0100] "GET /hello-kitty-bowl-p-15448.html HTTP/1.0" 301 70631 "-" "Mozilla/5.0 (compatible; MJ12bot/v1.4.8; http://mj12bot.com/)"
95.91.111.1 - - [29/Nov/2021:09:23:20 +0100] "GET /-p-15448.html HTTP/1.0" 200 70564 "-" "Mozilla/5.0 (compatible; MJ12bot/v1.4.8; http://mj12bot.com/)"
95.91.111.1 - - [29/Nov/2021:09:23:22 +0100] "GET /hello-kitty-by-camomilla-dotty-shopper-bag-p-21631.html HTTP/1.0" 301 70853 "-" "Mozilla/5.0 (compatible; MJ12bot/v1.4.8; http://mj12bot.com/)"
95.91.111.1 - - [29/Nov/2021:09:23:25 +0100] "GET /hello-kitty-camomilla-dotty-shopper-p-21631.html HTTP/1.0" 200 70751 "-" "Mozilla/5.0 (compatible; MJ12bot/v1.4.8; http://mj12bot.com/)"
207.46.13.202 - - [29/Nov/2021:09:23:26 +0100] "GET /images/big_prod/3520071693804.jpg HTTP/1.0" 200 268 "-" "Mozilla/5.0 (compatible; bingbot/2.0; +http://www.bing.com/bingbot.htm)"
95.91.111.1 - - [29/Nov/2021:09:23:29 +0100] "GET /hello-kitty-by-victoria-casal-couture-black-watch-p-20141.html HTTP/1.0" 301 70631 "-" "Mozilla/5.0 (compatible; MJ12bot/v1.4.8; http://mj12bot.com/)"
95.91.111.1 - - [29/Nov/2021:09:23:32 +0100] "GET /-p-20141.html HTTP/1.0" 200 70564 "-" "Mozilla/5.0 (compatible; MJ12bot/v1.4.8; http://mj12bot.com/)"
95.91.111.1 - - [29/Nov/2021:09:23:33 +0100] "GET /hello-kitty-by-victoria-casal-couture-fuschia-watch-p-20143.html HTTP/1.0" 301 70631 "-" "Mozilla/5.0 (compatible; MJ12bot/v1.4.8; http://mj12bot.com/)"
124.71.153.13 - - [29/Nov/2021:09:23:34 +0100] "GET /images/mini_prod/MUG-BLC-POLAROID.jpg HTTP/1.0" 200 272 "-" "Mozilla/5.0 (X11; Ubuntu; Linux x86_64; rv:72.0) Gecko/20100101 Firefox/72.0"
95.91.111.1 - - [29/Nov/2021:09:23:36 +0100] "GET /-p-20143.html HTTP/1.0" 200 70564 "-" "Mozilla/5.0 (compatible; MJ12bot/v1.4.8; http://mj12bot.com/)"
95.91.111.1 - - [29/Nov/2021:09:23:38 +0100] "GET /hello-kitty-by-victoria-casal-couture-pink-watch-p-20138.html HTTP/1.0" 301 70631 "-" "Mozilla/5.0 (compatible; MJ12bot/v1.4.8; http://mj12bot.com/)"
95.91.111.1 - - [29/Nov/2021:09:23:40 +0100] "GET /-p-20138.html HTTP/1.0" 200 70564 "-" "Mozilla/5.0 (compatible; MJ12bot/v1.4.8; http://mj12bot.com/)"
95.91.111.1 - - [29/Nov/2021:09:23:43 +0100] "GET /hello-kitty-camomilla-cosmetic-bag-fuschia-and-glitters-p-18439.html HTTP/1.0" 301 70631 "-" "Mozilla/5.0 (compatible; MJ12bot/v1.4.8; http://mj12bot.com/)"
95.91.111.1 - - [29/Nov/2021:09:23:45 +0100] "GET /-p-18439.html HTTP/1.0" 200 70564 "-" "Mozilla/5.0 (compatible; MJ12bot/v1.4.8; http://mj12bot.com/)"
95.91.111.1 - - [29/Nov/2021:09:23:48 +0100] "GET /hello-kitty-camomilla-cosmetic-bag-pink-and-glitters-p-18445.html HTTP/1.0" 301 70910 "-" "Mozilla/5.0 (compatible; MJ12bot/v1.4.8; http://mj12bot.com/)"
95.91.111.1 - - [29/Nov/2021:09:23:51 +0100] "GET /hello-kitty-camomilla-cosmetic-pink-glitters-p-18445.html HTTP/1.0" 200 70799 "-" "Mozilla/5.0 (compatible; MJ12bot/v1.4.8; http://mj12bot.com/)"
95.91.111.1 - - [29/Nov/2021:09:23:54 +0100] "GET /hello-kitty-camomilla-cosmetic-bag-pink-kitten-p-19151.html HTTP/1.0" 301 70631 "-" "Mozilla/5.0 (compatible; MJ12bot/v1.4.8; http://mj12bot.com/)"
95.91.111.1 - - [29/Nov/2021:09:23:56 +0100] "GET /-p-19151.html HTTP/1.0" 200 70564 "-" "Mozilla/5.0 (compatible; MJ12bot/v1.4.8; http://mj12bot.com/)"
95.91.111.1 - - [29/Nov/2021:09:23:59 +0100] "GET /hello-kitty-camomilla-cosmetic-bag-white-and-glitters-p-18441.html HTTP/1.0" 301 74054 "-" "Mozilla/5.0 (compatible; MJ12bot/v1.4.8; http://mj12bot.com/)"
95.91.111.1 - - [29/Nov/2021:09:24:01 +0100] "GET /hello-kitty-camomilla-cosmetic-white-glitters-p-18441.html HTTP/1.0" 200 73942 "-" "Mozilla/5.0 (compatible; MJ12bot/v1.4.8; http://mj12bot.com/)"
95.91.111.1 - - [29/Nov/2021:09:24:04 +0100] "GET /hello-kitty-cap-and-scarf-set-p-3462.html HTTP/1.0" 301 70628 "-" "Mozilla/5.0 (compatible; MJ12bot/v1.4.8; http://mj12bot.com/)"
95.91.111.1 - - [29/Nov/2021:09:24:06 +0100] "GET /-p-3462.html HTTP/1.0" 200 70562 "-" "Mozilla/5.0 (compatible; MJ12bot/v1.4.8; http://mj12bot.com/)"
95.91.111.1 - - [29/Nov/2021:09:24:09 +0100] "GET /hello-kitty-cap-p-22240.html HTTP/1.0" 301 70631 "-" "Mozilla/5.0 (compatible; MJ12bot/v1.4.8; http://mj12bot.com/)"
95.91.111.1 - - [29/Nov/2021:09:24:12 +0100] "GET /-p-22240.html HTTP/1.0" 200 70564 "-" "Mozilla/5.0 (compatible; MJ12bot/v1.4.8; http://mj12bot.com/)"
95.91.111.1 - - [29/Nov/2021:09:24:15 +0100] "GET /hello-kitty-cap-p-22241.html HTTP/1.0" 301 70631 "-" "Mozilla/5.0 (compatible; MJ12bot/v1.4.8; http://mj12bot.com/)"
95.91.111.1 - - [29/Nov/2021:09:24:18 +0100] "GET /-p-22241.html HTTP/1.0" 200 70564 "-" "Mozilla/5.0 (compatible; MJ12bot/v1.4.8; http://mj12bot.com/)"
95.91.111.1 - - [29/Nov/2021:09:24:20 +0100] "GET /hello-kitty-ceiling-light-glass-p-11185.html HTTP/1.0" 301 70631 "-" "Mozilla/5.0 (compatible; MJ12bot/v1.4.8; http://mj12bot.com/)"
95.91.111.1 - - [29/Nov/2021:09:24:23 +0100] "GET /-p-11185.html HTTP/1.0" 200 70564 "-" "Mozilla/5.0 (compatible; MJ12bot/v1.4.8; http://mj12bot.com/)"
114.119.128.37 - - [29/Nov/2021:09:24:23 +0100] "GET /little-toiletry-bag-p-43417.html HTTP/1.0" 301 73357 "-" "Mozilla/5.0 (Linux; Android 7.0;) AppleWebKit/537.36 (KHTML, like Gecko) Mobile Safari/537.36 (compatible; PetalBot;+https://webmaster.petalsearch.com/site/petalbot)"
95.91.111.1 - - [29/Nov/2021:09:24:25 +0100] "GET /hello-kitty-chalkboard-giant-wall-sticker-p-3804.html HTTP/1.0" 301 70628 "-" "Mozilla/5.0 (compatible; MJ12bot/v1.4.8; http://mj12bot.com/)"
95.91.111.1 - - [29/Nov/2021:09:24:27 +0100] "GET /-p-3804.html HTTP/1.0" 200 70562 "-" "Mozilla/5.0 (compatible; MJ12bot/v1.4.8; http://mj12bot.com/)"
114.119.128.37 - - [29/Nov/2021:09:24:28 +0100] "GET /little-toiletry-p-43417.html HTTP/1.0" 200 73275 "-" "Mozilla/5.0 (Linux; Android 7.0;) AppleWebKit/537.36 (KHTML, like Gecko) Mobile Safari/537.36 (compatible; PetalBot;+https://webmaster.petalsearch.com/site/petalbot)"
95.91.111.1 - - [29/Nov/2021:09:24:29 +0100] "GET /hello-kitty-chocolate-heart-companion-by-camomilla-p-16289.html HTTP/1.0" 301 70913 "-" "Mozilla/5.0 (compatible; MJ12bot/v1.4.8; http://mj12bot.com/)"
95.91.111.1 - - [29/Nov/2021:09:24:32 +0100] "GET /hello-kitty-chocolate-heart-companion-camomilla-p-16289.html HTTP/1.0" 200 70799 "-" "Mozilla/5.0 (compatible; MJ12bot/v1.4.8; http://mj12bot.com/)"
95.91.111.1 - - [29/Nov/2021:09:24:34 +0100] "GET /hello-kitty-chocolate-heart-wallet-by-camomilla-p-16298.html HTTP/1.0" 301 74393 "-" "Mozilla/5.0 (compatible; MJ12bot/v1.4.8; http://mj12bot.com/)"
95.91.111.1 - - [29/Nov/2021:09:24:36 +0100] "GET /hello-kitty-chocolate-heart-wallet-camomilla-p-16298.html HTTP/1.0" 200 74282 "-" "Mozilla/5.0 (compatible; MJ12bot/v1.4.8; http://mj12bot.com/)"
95.91.111.1 - - [29/Nov/2021:09:24:39 +0100] "GET /hello-kitty-chocolate-houndstooth-companion-by-camomilla-p-16292.html HTTP/1.0" 301 70949 "-" "Mozilla/5.0 (compatible; MJ12bot/v1.4.8; http://mj12bot.com/)"
95.91.111.1 - - [29/Nov/2021:09:24:41 +0100] "GET /hello-kitty-chocolate-houndstooth-companion-camomilla-p-16292.html HTTP/1.0" 200 70829 "-" "Mozilla/5.0 (compatible; MJ12bot/v1.4.8; http://mj12bot.com/)"
95.91.111.1 - - [29/Nov/2021:09:24:43 +0100] "GET /hello-kitty-chocolate-houndstooth-wallet-by-camomilla-p-16302.html HTTP/1.0" 301 74447 "-" "Mozilla/5.0 (compatible; MJ12bot/v1.4.8; http://mj12bot.com/)"
95.91.111.1 - - [29/Nov/2021:09:24:45 +0100] "GET /hello-kitty-chocolate-houndstooth-wallet-camomilla-p-16302.html HTTP/1.0" 200 74330 "-" "Mozilla/5.0 (compatible; MJ12bot/v1.4.8; http://mj12bot.com/)"
95.91.111.1 - - [29/Nov/2021:09:24:47 +0100] "GET /hello-kitty-chocolate-node-companion-by-camomilla-p-16293.html HTTP/1.0" 301 73660 "-" "Mozilla/5.0 (compatible; MJ12bot/v1.4.8; http://mj12bot.com/)"
95.91.111.1 - - [29/Nov/2021:09:24:50 +0100] "GET /hello-kitty-chocolate-node-companion-camomilla-p-16293.html HTTP/1.0" 200 73547 "-" "Mozilla/5.0 (compatible; MJ12bot/v1.4.8; http://mj12bot.com/)"
95.91.111.1 - - [29/Nov/2021:09:24:53 +0100] "GET /hello-kitty-chocolate-node-wallet-by-camomilla-p-16304.html HTTP/1.0" 301 74384 "-" "Mozilla/5.0 (compatible; MJ12bot/v1.4.8; http://mj12bot.com/)"
95.91.111.1 - - [29/Nov/2021:09:24:56 +0100] "GET /hello-kitty-chocolate-node-wallet-camomilla-p-16304.html HTTP/1.0" 200 74274 "-" "Mozilla/5.0 (compatible; MJ12bot/v1.4.8; http://mj12bot.com/)"
95.91.111.1 - - [29/Nov/2021:09:24:59 +0100] "GET /hello-kitty-clothes-hooks-and-shelf-p-11208.html HTTP/1.0" 301 70631 "-" "Mozilla/5.0 (compatible; MJ12bot/v1.4.8; http://mj12bot.com/)"
95.91.111.1 - - [29/Nov/2021:09:25:01 +0100] "GET /-p-11208.html HTTP/1.0" 200 70564 "-" "Mozilla/5.0 (compatible; MJ12bot/v1.4.8; http://mj12bot.com/)"
95.91.111.1 - - [29/Nov/2021:09:25:04 +0100] "GET /hello-kitty-companion-glossy-black-by-camomilla-p-17013.html HTTP/1.0" 301 70631 "-" "Mozilla/5.0 (compatible; MJ12bot/v1.4.8; http://mj12bot.com/)"
95.91.111.1 - - [29/Nov/2021:09:25:05 +0100] "GET /-p-17013.html HTTP/1.0" 200 70564 "-" "Mozilla/5.0 (compatible; MJ12bot/v1.4.8; http://mj12bot.com/)"
95.91.111.1 - - [29/Nov/2021:09:25:08 +0100] "GET /hello-kitty-cylindrical-bedside-lamp-p-8129.html HTTP/1.0" 301 70628 "-" "Mozilla/5.0 (compatible; MJ12bot/v1.4.8; http://mj12bot.com/)"
95.91.111.1 - - [29/Nov/2021:09:25:09 +0100] "GET /-p-8129.html HTTP/1.0" 200 70562 "-" "Mozilla/5.0 (compatible; MJ12bot/v1.4.8; http://mj12bot.com/)"
95.91.111.1 - - [29/Nov/2021:09:25:11 +0100] "GET /hello-kitty-double-compartment-cosmetic-bag-p-20131.html HTTP/1.0" 301 70631 "-" "Mozilla/5.0 (compatible; MJ12bot/v1.4.8; http://mj12bot.com/)"
49.7.20.122 - - [29/Nov/2021:09:25:13 +0100] "GET / HTTP/1.0" 200 151960 "-" "Sogou web spider/4.0(+http://www.sogou.com/docs/help/webmasters.htm#07)"
95.91.111.1 - - [29/Nov/2021:09:25:13 +0100] "GET /-p-20131.html HTTP/1.0" 200 70564 "-" "Mozilla/5.0 (compatible; MJ12bot/v1.4.8; http://mj12bot.com/)"
185.191.171.20 - - [29/Nov/2021:09:25:16 +0100] "GET /16-decorative-stickers-3d-butterflies-white-p-48982.html HTTP/1.0" 301 74096 "-" "Mozilla/5.0 (compatible; SemrushBot/7~bl; +http://www.semrush.com/bot.html)"
95.91.111.1 - - [29/Nov/2021:09:25:17 +0100] "GET /hello-kitty-elvis-black-wallet-p-17325.html HTTP/1.0" 301 70631 "-" "Mozilla/5.0 (compatible; MJ12bot/v1.4.8; http://mj12bot.com/)"
185.191.171.3 - - [29/Nov/2021:09:25:17 +0100] "GET /decorative-stickers-butterflies-white-p-48982.html HTTP/1.0" 200 73992 "-" "Mozilla/5.0 (compatible; SemrushBot/7~bl; +http://www.semrush.com/bot.html)"
95.91.111.1 - - [29/Nov/2021:09:25:19 +0100] "GET /-p-17325.html HTTP/1.0" 200 70564 "-" "Mozilla/5.0 (compatible; MJ12bot/v1.4.8; http://mj12bot.com/)"
95.91.111.1 - - [29/Nov/2021:09:25:22 +0100] "GET /hello-kitty-figure-p-2904.html HTTP/1.0" 301 70628 "-" "Mozilla/5.0 (compatible; MJ12bot/v1.4.8; http://mj12bot.com/)"
185.191.171.14 - - [29/Nov/2021:09:25:22 +0100] "GET /porcelain-lamp-p-52753.html HTTP/1.0" 200 73901 "-" "Mozilla/5.0 (compatible; SemrushBot/7~bl; +http://www.semrush.com/bot.html)"
95.91.111.1 - - [29/Nov/2021:09:25:24 +0100] "GET /-p-2904.html HTTP/1.0" 200 70562 "-" "Mozilla/5.0 (compatible; MJ12bot/v1.4.8; http://mj12bot.com/)"
74.125.208.96 - - [29/Nov/2021:09:25:26 +0100] "GET /images/3700276225981.jpg HTTP/1.0" 200 259 "-" "Mozilla/5.0 (Windows NT 5.1; rv:11.0) Gecko Firefox/11.0 (via ggpht.com GoogleImageProxy)"
95.91.111.1 - - [29/Nov/2021:09:25:26 +0100] "GET /hello-kitty-figure-p-2907.html HTTP/1.0" 301 70628 "-" "Mozilla/5.0 (compatible; MJ12bot/v1.4.8; http://mj12bot.com/)"
185.191.171.24 - - [29/Nov/2021:09:25:28 +0100] "GET /rhinoceros-statue-color-pop-p-41823.html HTTP/1.0" 301 70744 "-" "Mozilla/5.0 (compatible; SemrushBot/7~bl; +http://www.semrush.com/bot.html)"
95.91.111.1 - - [29/Nov/2021:09:25:29 +0100] "GET /-p-2907.html HTTP/1.0" 200 70562 "-" "Mozilla/5.0 (compatible; MJ12bot/v1.4.8; http://mj12bot.com/)"
95.91.111.1 - - [29/Nov/2021:09:25:31 +0100] "GET /home-fragrance-heart-home-patchouli-gaac-wood-p-55306.html HTTP/1.0" 200 74426 "-" "Mozilla/5.0 (compatible; MJ12bot/v1.4.8; http://mj12bot.com/)"
185.191.171.20 - - [29/Nov/2021:09:25:31 +0100] "GET /rhinoceros-statue-color-p-41823.html HTTP/1.0" 200 70654 "-" "Mozilla/5.0 (compatible; SemrushBot/7~bl; +http://www.semrush.com/bot.html)"
95.91.111.1 - - [29/Nov/2021:09:25:33 +0100] "GET /incense-satya-dragon-blood-grams-about-sticks-p-54739.html HTTP/1.0" 200 73812 "-" "Mozilla/5.0 (compatible; MJ12bot/v1.4.8; http://mj12bot.com/)"
95.91.111.1 - - [29/Nov/2021:09:25:36 +0100] "GET /incense-satya-sandalwood-boxes-grams-p-54696.html HTTP/1.0" 200 74658 "-" "Mozilla/5.0 (compatible; MJ12bot/v1.4.8; http://mj12bot.com/)"
95.91.111.1 - - [29/Nov/2021:09:25:38 +0100] "GET /isothermic-stainless-steel-bottle-virgo-by-cbkreation-p-51042.html HTTP/1.0" 301 73580 "-" "Mozilla/5.0 (compatible; MJ12bot/v1.4.8; http://mj12bot.com/)"
95.91.111.1 - - [29/Nov/2021:09:25:41 +0100] "GET /isothermic-stainless-steel-bottle-virgo-cbkreation-p-51042.html HTTP/1.0" 200 73463 "-" "Mozilla/5.0 (compatible; MJ12bot/v1.4.8; http://mj12bot.com/)"
95.91.111.1 - - [29/Nov/2021:09:25:44 +0100] "GET /it-your-party-by-allen-mug-p-38168.html HTTP/1.0" 301 70631 "-" "Mozilla/5.0 (compatible; MJ12bot/v1.4.8; http://mj12bot.com/)"
95.91.111.1 - - [29/Nov/2021:09:25:46 +0100] "GET /-p-38168.html HTTP/1.0" 200 70564 "-" "Mozilla/5.0 (compatible; MJ12bot/v1.4.8; http://mj12bot.com/)"
95.91.111.1 - - [29/Nov/2021:09:25:49 +0100] "GET /jar-candle-30-hours-caramel-cupcake-p-38122.html HTTP/1.0" 301 74462 "-" "Mozilla/5.0 (compatible; MJ12bot/v1.4.8; http://mj12bot.com/)"
95.91.111.1 - - [29/Nov/2021:09:25:51 +0100] "GET /candle-hours-caramel-cupcake-p-38122.html HTTP/1.0" 200 74367 "-" "Mozilla/5.0 (compatible; MJ12bot/v1.4.8; http://mj12bot.com/)"
95.91.111.1 - - [29/Nov/2021:09:25:55 +0100] "GET /jar-candle-30-hours-eastern-promise-p-38113.html HTTP/1.0" 301 74459 "-" "Mozilla/5.0 (compatible; MJ12bot/v1.4.8; http://mj12bot.com/)"
95.91.111.1 - - [29/Nov/2021:09:25:58 +0100] "GET /candle-hours-eastern-promise-p-38113.html HTTP/1.0" 200 74364 "-" "Mozilla/5.0 (compatible; MJ12bot/v1.4.8; http://mj12bot.com/)"
95.91.111.1 - - [29/Nov/2021:09:26:00 +0100] "GET /jar-candle-30-hours-strawberry-ice-cream-p-38109.html HTTP/1.0" 301 74491 "-" "Mozilla/5.0 (compatible; MJ12bot/v1.4.8; http://mj12bot.com/)"
95.91.111.1 - - [29/Nov/2021:09:26:03 +0100] "GET /candle-hours-strawberry-cream-p-38109.html HTTP/1.0" 200 74395 "-" "Mozilla/5.0 (compatible; MJ12bot/v1.4.8; http://mj12bot.com/)"
95.91.111.1 - - [29/Nov/2021:09:26:06 +0100] "GET /jeux-deau-plein-c-4_143.html HTTP/1.0" 301 92442 "-" "Mozilla/5.0 (compatible; MJ12bot/v1.4.8; http://mj12bot.com/)"
95.91.111.1 - - [29/Nov/2021:09:26:08 +0100] "GET /water-outdoor-games-c-143.html HTTP/1.0" 301 92330 "-" "Mozilla/5.0 (compatible; MJ12bot/v1.4.8; http://mj12bot.com/)"
95.91.111.1 - - [29/Nov/2021:09:26:10 +0100] "GET /water-outdoor-games-c-4_143.html HTTP/1.0" 200 92358 "-" "Mozilla/5.0 (compatible; MJ12bot/v1.4.8; http://mj12bot.com/)"
95.91.111.1 - - [29/Nov/2021:09:26:13 +0100] "GET /jeux-jouets-c-4.html HTTP/1.0" 301 93148 "-" "Mozilla/5.0 (compatible; MJ12bot/v1.4.8; http://mj12bot.com/)"
95.91.111.1 - - [29/Nov/2021:09:26:15 +0100] "GET /games-toys-c-4.html HTTP/1.0" 200 93075 "-" "Mozilla/5.0 (compatible; MJ12bot/v1.4.8; http://mj12bot.com/)"
95.91.111.1 - - [29/Nov/2021:09:26:17 +0100] "GET /jeux-oracle-des-runes-en-aigue-marine-dans-un-sac-velours-p-53558.html HTTP/1.0" 301 75069 "-" "Mozilla/5.0 (compatible; MJ12bot/v1.4.8; http://mj12bot.com/)"
95.91.111.1 - - [29/Nov/2021:09:26:19 +0100] "GET /aquamarine-rune-oracle-velvet-p-53558.html HTTP/1.0" 200 74973 "-" "Mozilla/5.0 (compatible; MJ12bot/v1.4.8; http://mj12bot.com/)"
95.91.111.1 - - [29/Nov/2021:09:26:21 +0100] "GET /jeux-oracle-des-runes-en-amethyste-dans-un-sac-en-velours-p-53557.html HTTP/1.0" 301 74971 "-" "Mozilla/5.0 (compatible; MJ12bot/v1.4.8; http://mj12bot.com/)"
95.91.111.1 - - [29/Nov/2021:09:26:24 +0100] "GET /amethyst-rune-oracle-velvet-p-53557.html HTTP/1.0" 200 74877 "-" "Mozilla/5.0 (compatible; MJ12bot/v1.4.8; http://mj12bot.com/)"
95.91.111.1 - - [29/Nov/2021:09:26:26 +0100] "GET /jeux-socit-c-4_47.html HTTP/1.0" 301 75977 "-" "Mozilla/5.0 (compatible; MJ12bot/v1.4.8; http://mj12bot.com/)"
95.91.111.1 - - [29/Nov/2021:09:26:28 +0100] "GET /board-games-c-47.html HTTP/1.0" 301 75867 "-" "Mozilla/5.0 (compatible; MJ12bot/v1.4.8; http://mj12bot.com/)"
95.91.111.1 - - [29/Nov/2021:09:26:30 +0100] "GET /board-games-c-4_47.html HTTP/1.0" 200 75902 "-" "Mozilla/5.0 (compatible; MJ12bot/v1.4.8; http://mj12bot.com/)"
95.91.111.1 - - [29/Nov/2021:09:26:33 +0100] "GET /jewelry-boxes-and-holders-c-131.html HTTP/1.0" 301 91053 "-" "Mozilla/5.0 (compatible; MJ12bot/v1.4.8; http://mj12bot.com/)"
95.91.111.1 - - [29/Nov/2021:09:26:35 +0100] "GET /jewelry-boxes-holders-c-13_150_131.html HTTP/1.0" 200 91213 "-" "Mozilla/5.0 (compatible; MJ12bot/v1.4.8; http://mj12bot.com/)"
95.91.111.1 - - [29/Nov/2021:09:26:37 +0100] "GET /jewelry-boxes-and-holders-c-13_150_131.html?page=1 HTTP/1.0" 301 91317 "-" "Mozilla/5.0 (compatible; MJ12bot/v1.4.8; http://mj12bot.com/)"
207.46.13.202 - - [29/Nov/2021:09:26:38 +0100] "GET /images/big_prod/3609810096233.jpg HTTP/1.0" 200 268 "-" "Mozilla/5.0 (compatible; bingbot/2.0; +http://www.bing.com/bingbot.htm)"
144.76.3.79 - - [29/Nov/2021:09:26:39 +0100] "GET /robots.txt HTTP/1.0" 200 245 "-" "Mozilla/5.0 (compatible; MJ12bot/v1.4.8; http://mj12bot.com/)"
95.91.111.1 - - [29/Nov/2021:09:26:39 +0100] "GET /jewelry-boxes-holders-c-131.html?page=1 HTTP/1.0" 301 91071 "-" "Mozilla/5.0 (compatible; MJ12bot/v1.4.8; http://mj12bot.com/)"
144.76.3.79 - - [29/Nov/2021:09:26:41 +0100] "GET /figurines-rio-blu-et-nico-p-27817.html HTTP/1.0" 301 70730 "-" "Mozilla/5.0 (compatible; MJ12bot/v1.4.8; http://mj12bot.com/)"
95.91.111.1 - - [29/Nov/2021:09:26:42 +0100] "GET /jewelry-boxes-holders-c-13_150_131.html?page=1 HTTP/1.0" 200 91224 "-" "Mozilla/5.0 (compatible; MJ12bot/v1.4.8; http://mj12bot.com/)"
95.91.111.1 - - [29/Nov/2021:09:26:44 +0100] "GET /jewelry-boxes-and-holders-c-13_150_131.html?page=2 HTTP/1.0" 301 90757 "-" "Mozilla/5.0 (compatible; MJ12bot/v1.4.8; http://mj12bot.com/)"
144.76.3.79 - - [29/Nov/2021:09:26:45 +0100] "GET /blister-figures-p-27817.html HTTP/1.0" 200 70648 "-" "Mozilla/5.0 (compatible; MJ12bot/v1.4.8; http://mj12bot.com/)"
95.91.111.1 - - [29/Nov/2021:09:26:46 +0100] "GET /jewelry-boxes-holders-c-131.html?page=2 HTTP/1.0" 301 90511 "-" "Mozilla/5.0 (compatible; MJ12bot/v1.4.8; http://mj12bot.com/)"
144.76.3.79 - - [29/Nov/2021:09:26:48 +0100] "GET /filles-c-1.html HTTP/1.0" 301 91878 "-" "Mozilla/5.0 (compatible; MJ12bot/v1.4.8; http://mj12bot.com/)"
95.91.111.1 - - [29/Nov/2021:09:26:48 +0100] "GET /jewelry-boxes-holders-c-13_150_131.html?page=2 HTTP/1.0" 200 90664 "-" "Mozilla/5.0 (compatible; MJ12bot/v1.4.8; http://mj12bot.com/)"
144.76.3.79 - - [29/Nov/2021:09:26:50 +0100] "GET /girls-c-1.html HTTP/1.0" 200 91810 "-" "Mozilla/5.0 (compatible; MJ12bot/v1.4.8; http://mj12bot.com/)"
95.91.111.1 - - [29/Nov/2021:09:26:52 +0100] "GET /jewelry-boxes-c-131.html HTTP/1.0" 301 91053 "-" "Mozilla/5.0 (compatible; MJ12bot/v1.4.8; http://mj12bot.com/)"
144.76.3.79 - - [29/Nov/2021:09:26:54 +0100] "GET /finding-dory-bath-squirters-p-35303.html HTTP/1.0" 301 70631 "-" "Mozilla/5.0 (compatible; MJ12bot/v1.4.8; http://mj12bot.com/)"
95.91.111.1 - - [29/Nov/2021:09:26:55 +0100] "GET /jewelry-boxes-holders-c-13_150_131.html HTTP/1.0" 200 91213 "-" "Mozilla/5.0 (compatible; MJ12bot/v1.4.8; http://mj12bot.com/)"
144.76.3.79 - - [29/Nov/2021:09:26:57 +0100] "GET /-p-35303.html HTTP/1.0" 200 70564 "-" "Mozilla/5.0 (compatible; MJ12bot/v1.4.8; http://mj12bot.com/)"
95.91.111.1 - - [29/Nov/2021:09:26:58 +0100] "GET /jewelry-boxes-c-13_131.html HTTP/1.0" 301 91148 "-" "Mozilla/5.0 (compatible; MJ12bot/v1.4.8; http://mj12bot.com/)"
144.76.3.79 - - [29/Nov/2021:09:26:59 +0100] "GET /fine-porcelain-p-55474.html HTTP/1.0" 200 73316 "-" "Mozilla/5.0 (compatible; MJ12bot/v1.4.8; http://mj12bot.com/)"
95.91.111.1 - - [29/Nov/2021:09:27:01 +0100] "GET /jewelry-boxes-holders-c-131.html HTTP/1.0" 301 91053 "-" "Mozilla/5.0 (compatible; MJ12bot/v1.4.8; http://mj12bot.com/)"
144.76.3.79 - - [29/Nov/2021:09:27:02 +0100] "GET /fitted-sheet-cotton-percale-threads-p-43830.html HTTP/1.0" 200 70742 "-" "Mozilla/5.0 (compatible; MJ12bot/v1.4.8; http://mj12bot.com/)"
95.91.111.1 - - [29/Nov/2021:09:27:03 +0100] "GET /jewelry-boxes-holders-c-13_150_131.html HTTP/1.0" 200 91213 "-" "Mozilla/5.0 (compatible; MJ12bot/v1.4.8; http://mj12bot.com/)"
144.76.3.79 - - [29/Nov/2021:09:27:04 +0100] "GET /fitted-sheet-in-cotton-percale-80-threads-160-200-30-cm-p-43830.html HTTP/1.0" 301 70844 "-" "Mozilla/5.0 (compatible; MJ12bot/v1.4.8; http://mj12bot.com/)"
95.91.111.1 - - [29/Nov/2021:09:27:05 +0100] "GET /johnny-hallyday-metal-plate-20-30-cm-p-51151.html HTTP/1.0" 301 73511 "-" "Mozilla/5.0 (compatible; MJ12bot/v1.4.8; http://mj12bot.com/)"
95.91.111.1 - - [29/Nov/2021:09:27:07 +0100] "GET /johnny-hallyday-metal-plate-p-51151.html HTTP/1.0" 200 73417 "-" "Mozilla/5.0 (compatible; MJ12bot/v1.4.8; http://mj12bot.com/)"
144.76.3.79 - - [29/Nov/2021:09:27:07 +0100] "GET /fitted-sheet-cotton-percale-threads-p-43830.html HTTP/1.0" 200 70742 "-" "Mozilla/5.0 (compatible; MJ12bot/v1.4.8; http://mj12bot.com/)"
185.191.171.2 - - [29/Nov/2021:09:27:09 +0100] "GET /black-gold-lampshade-p-55425.html?action=add_product HTTP/1.0" 302 476 "-" "Mozilla/5.0 (compatible; SemrushBot/7~bl; +http://www.semrush.com/bot.html)"
95.91.111.1 - - [29/Nov/2021:09:27:09 +0100] "GET /jouets-c-4_45.html HTTP/1.0" 301 90111 "-" "Mozilla/5.0 (compatible; MJ12bot/v1.4.8; http://mj12bot.com/)"
144.76.3.79 - - [29/Nov/2021:09:27:11 +0100] "GET /flag-door-journals-p-29732.html HTTP/1.0" 200 70634 "-" "Mozilla/5.0 (compatible; MJ12bot/v1.4.8; http://mj12bot.com/)"
95.91.111.1 - - [29/Nov/2021:09:27:13 +0100] "GET /toys-c-45.html HTTP/1.0" 200 89929 "-" "Mozilla/5.0 (compatible; MJ12bot/v1.4.8; http://mj12bot.com/)"
144.76.3.79 - - [29/Nov/2021:09:27:14 +0100] "GET /flamingo-tray-41-29-cm-p-45510.html HTTP/1.0" 301 73381 "-" "Mozilla/5.0 (compatible; MJ12bot/v1.4.8; http://mj12bot.com/)"
95.91.111.1 - - [29/Nov/2021:09:27:16 +0100] "GET /jouets-de-bain-marsupilami-p-7303.html HTTP/1.0" 301 70628 "-" "Mozilla/5.0 (compatible; MJ12bot/v1.4.8; http://mj12bot.com/)"
144.76.3.79 - - [29/Nov/2021:09:27:16 +0100] "GET /flamingo-tray-p-45510.html HTTP/1.0" 200 73301 "-" "Mozilla/5.0 (compatible; MJ12bot/v1.4.8; http://mj12bot.com/)"
144.76.3.79 - - [29/Nov/2021:09:27:19 +0100] "GET /flamingo-tray-p-45510.html HTTP/1.0" 200 73301 "-" "Mozilla/5.0 (compatible; MJ12bot/v1.4.8; http://mj12bot.com/)"
95.91.111.1 - - [29/Nov/2021:09:27:19 +0100] "GET /-p-7303.html HTTP/1.0" 200 70562 "-" "Mozilla/5.0 (compatible; MJ12bot/v1.4.8; http://mj12bot.com/)"
144.76.3.79 - - [29/Nov/2021:09:27:21 +0100] "GET /flamingo-wall-sticker-p-38327.html HTTP/1.0" 301 70631 "-" "Mozilla/5.0 (compatible; MJ12bot/v1.4.8; http://mj12bot.com/)"
95.91.111.1 - - [29/Nov/2021:09:27:22 +0100] "GET /kanga-and-roo-figure-p-28526.html HTTP/1.0" 301 73348 "-" "Mozilla/5.0 (compatible; MJ12bot/v1.4.8; http://mj12bot.com/)"
144.76.3.79 - - [29/Nov/2021:09:27:24 +0100] "GET /-p-38327.html HTTP/1.0" 200 70564 "-" "Mozilla/5.0 (compatible; MJ12bot/v1.4.8; http://mj12bot.com/)"
95.91.111.1 - - [29/Nov/2021:09:27:24 +0100] "GET /kanga-figure-p-28526.html HTTP/1.0" 200 73269 "-" "Mozilla/5.0 (compatible; MJ12bot/v1.4.8; http://mj12bot.com/)"
144.76.3.79 - - [29/Nov/2021:09:27:27 +0100] "GET /flamingo-with-led-metal-p-38175.html HTTP/1.0" 301 70631 "-" "Mozilla/5.0 (compatible; MJ12bot/v1.4.8; http://mj12bot.com/)"
95.91.111.1 - - [29/Nov/2021:09:27:28 +0100] "GET /kanteen-and-water-bottles-c-161.html HTTP/1.0" 301 92895 "-" "Mozilla/5.0 (compatible; MJ12bot/v1.4.8; http://mj12bot.com/)"
144.76.3.79 - - [29/Nov/2021:09:27:30 +0100] "GET /-p-38175.html HTTP/1.0" 200 70564 "-" "Mozilla/5.0 (compatible; MJ12bot/v1.4.8; http://mj12bot.com/)"
95.91.111.1 - - [29/Nov/2021:09:27:30 +0100] "GET /water-bottles-sport-bottles-c-12_161.html HTTP/1.0" 200 92904 "-" "Mozilla/5.0 (compatible; MJ12bot/v1.4.8; http://mj12bot.com/)"
144.76.3.79 - - [29/Nov/2021:09:27:32 +0100] "GET /flamingo-with-metal-p-38175.html HTTP/1.0" 301 70631 "-" "Mozilla/5.0 (compatible; MJ12bot/v1.4.8; http://mj12bot.com/)"
95.91.111.1 - - [29/Nov/2021:09:27:33 +0100] "GET /kitchen-gloves-and-potholders-c-178.html HTTP/1.0" 301 90106 "-" "Mozilla/5.0 (compatible; MJ12bot/v1.4.8; http://mj12bot.com/)"
144.76.3.79 - - [29/Nov/2021:09:27:35 +0100] "GET /-p-38175.html HTTP/1.0" 200 70564 "-" "Mozilla/5.0 (compatible; MJ12bot/v1.4.8; http://mj12bot.com/)"
95.91.111.1 - - [29/Nov/2021:09:27:36 +0100] "GET /kitchen-gloves-potholders-c-11_178.html HTTP/1.0" 200 90135 "-" "Mozilla/5.0 (compatible; MJ12bot/v1.4.8; http://mj12bot.com/)"
144.76.3.79 - - [29/Nov/2021:09:27:38 +0100] "GET /flared-lamp-in-multicolored-glass-p-49602.html HTTP/1.0" 301 73413 "-" "Mozilla/5.0 (compatible; MJ12bot/v1.4.8; http://mj12bot.com/)"
95.91.111.1 - - [29/Nov/2021:09:27:38 +0100] "GET /kitchen-mat-120-45-cm-p-51615.html HTTP/1.0" 301 70688 "-" "Mozilla/5.0 (compatible; MJ12bot/v1.4.8; http://mj12bot.com/)"
144.76.3.79 - - [29/Nov/2021:09:27:40 +0100] "GET /flared-lamp-multicolored-glass-p-49602.html HTTP/1.0" 200 73316 "-" "Mozilla/5.0 (compatible; MJ12bot/v1.4.8; http://mj12bot.com/)"
95.91.111.1 - - [29/Nov/2021:09:27:41 +0100] "GET /kitchen-p-51615.html HTTP/1.0" 200 70614 "-" "Mozilla/5.0 (compatible; MJ12bot/v1.4.8; http://mj12bot.com/)"
144.76.3.79 - - [29/Nov/2021:09:27:43 +0100] "GET /flared-lamp-multicolored-glass-p-49602.html HTTP/1.0" 200 73316 "-" "Mozilla/5.0 (compatible; MJ12bot/v1.4.8; http://mj12bot.com/)"
95.91.111.1 - - [29/Nov/2021:09:27:43 +0100] "GET /kitchen-mat-120-45-cm-p-51617.html HTTP/1.0" 301 73378 "-" "Mozilla/5.0 (compatible; MJ12bot/v1.4.8; http://mj12bot.com/)"
144.76.3.79 - - [29/Nov/2021:09:27:47 +0100] "GET /flasks-c-245.html HTTP/1.0" 301 79749 "-" "Mozilla/5.0 (compatible; MJ12bot/v1.4.8; http://mj12bot.com/)"
159.138.102.98 - - [29/Nov/2021:09:27:47 +0100] "GET /mug-dangerous-by-cbkreation-p-17532.html HTTP/1.0" 301 73287 "-" "Mozilla/5.0 (Linux; Android 7.0;) AppleWebKit/537.36 (KHTML, like Gecko) Mobile Safari/537.36 (compatible; PetalBot;+https://webmaster.petalsearch.com/site/petalbot)"
95.91.111.1 - - [29/Nov/2021:09:27:47 +0100] "GET /kitchen-p-51617.html HTTP/1.0" 200 73304 "-" "Mozilla/5.0 (compatible; MJ12bot/v1.4.8; http://mj12bot.com/)"
144.76.3.79 - - [29/Nov/2021:09:27:50 +0100] "GET /flasks-c-12_245.html HTTP/1.0" 200 79776 "-" "Mozilla/5.0 (compatible; MJ12bot/v1.4.8; http://mj12bot.com/)"
95.91.111.1 - - [29/Nov/2021:09:27:50 +0100] "GET /klimt-candle-holders-p-53529.html HTTP/1.0" 200 74116 "-" "Mozilla/5.0 (compatible; MJ12bot/v1.4.8; http://mj12bot.com/)"
95.91.111.1 - - [29/Nov/2021:09:27:53 +0100] "GET /lames-adhesives-motif-bois-60-10-cm-p-53568.html HTTP/1.0" 301 74411 "-" "Mozilla/5.0 (compatible; MJ12bot/v1.4.8; http://mj12bot.com/)"
144.76.3.79 - - [29/Nov/2021:09:27:54 +0100] "GET /flasques-c-12_245.html HTTP/1.0" 301 79847 "-" "Mozilla/5.0 (compatible; MJ12bot/v1.4.8; http://mj12bot.com/)"
95.91.111.1 - - [29/Nov/2021:09:27:55 +0100] "GET /wooden-sticker-strips-p-53568.html HTTP/1.0" 200 74323 "-" "Mozilla/5.0 (compatible; MJ12bot/v1.4.8; http://mj12bot.com/)"
159.138.102.98 - - [29/Nov/2021:09:27:55 +0100] "GET /dangerous-cbkreation-p-17532.html HTTP/1.0" 200 73200 "-" "Mozilla/5.0 (Linux; Android 7.0;) AppleWebKit/537.36 (KHTML, like Gecko) Mobile Safari/537.36 (compatible; PetalBot;+https://webmaster.petalsearch.com/site/petalbot)"
144.76.3.79 - - [29/Nov/2021:09:27:57 +0100] "GET /flasks-c-245.html HTTP/1.0" 301 79749 "-" "Mozilla/5.0 (compatible; MJ12bot/v1.4.8; http://mj12bot.com/)"
95.91.111.1 - - [29/Nov/2021:09:27:57 +0100] "GET /lames-adhesives-motif-bois-clair-60-10-cm-p-53565.html HTTP/1.0" 301 74411 "-" "Mozilla/5.0 (compatible; MJ12bot/v1.4.8; http://mj12bot.com/)"
144.76.3.79 - - [29/Nov/2021:09:27:59 +0100] "GET /flasks-c-12_245.html HTTP/1.0" 200 79776 "-" "Mozilla/5.0 (compatible; MJ12bot/v1.4.8; http://mj12bot.com/)"
95.91.111.1 - - [29/Nov/2021:09:28:00 +0100] "GET /wooden-sticker-strips-p-53565.html HTTP/1.0" 200 74323 "-" "Mozilla/5.0 (compatible; MJ12bot/v1.4.8; http://mj12bot.com/)"
144.76.3.79 - - [29/Nov/2021:09:28:02 +0100] "GET /flatwares-c-63.html HTTP/1.0" 301 89689 "-" "Mozilla/5.0 (compatible; MJ12bot/v1.4.8; http://mj12bot.com/)"
95.91.111.1 - - [29/Nov/2021:09:28:03 +0100] "GET /lames-adhesives-motif-bois-clair-60-10-cm-p-53566.html HTTP/1.0" 301 70631 "-" "Mozilla/5.0 (compatible; MJ12bot/v1.4.8; http://mj12bot.com/)"
144.76.3.79 - - [29/Nov/2021:09:28:05 +0100] "GET /flatwares-c-12_63.html HTTP/1.0" 200 89717 "-" "Mozilla/5.0 (compatible; MJ12bot/v1.4.8; http://mj12bot.com/)"
95.91.111.1 - - [29/Nov/2021:09:28:06 +0100] "GET /-p-53566.html HTTP/1.0" 200 70564 "-" "Mozilla/5.0 (compatible; MJ12bot/v1.4.8; http://mj12bot.com/)"
144.76.3.79 - - [29/Nov/2021:09:28:07 +0100] "GET /fleche-en-bois-decapsuleur-au-bistrot-p-45614.html HTTP/1.0" 301 73338 "-" "Mozilla/5.0 (compatible; MJ12bot/v1.4.8; http://mj12bot.com/)"
95.91.111.1 - - [29/Nov/2021:09:28:08 +0100] "GET /lames-adhsives-motif-bois-p-54625.html HTTP/1.0" 301 74411 "-" "Mozilla/5.0 (compatible; MJ12bot/v1.4.8; http://mj12bot.com/)"
144.76.3.79 - - [29/Nov/2021:09:28:10 +0100] "GET /bottle-opener-bistrot-p-45614.html HTTP/1.0" 200 73250 "-" "Mozilla/5.0 (compatible; MJ12bot/v1.4.8; http://mj12bot.com/)"
95.91.111.1 - - [29/Nov/2021:09:28:11 +0100] "GET /wooden-sticker-strips-p-54625.html HTTP/1.0" 200 74323 "-" "Mozilla/5.0 (compatible; MJ12bot/v1.4.8; http://mj12bot.com/)"
144.76.3.79 - - [29/Nov/2021:09:28:13 +0100] "GET /floor-cats-bienvenue-p-37956.html HTTP/1.0" 200 70700 "-" "Mozilla/5.0 (compatible; MJ12bot/v1.4.8; http://mj12bot.com/)"
95.91.111.1 - - [29/Nov/2021:09:28:14 +0100] "GET /lamp-the-man-who-supporting-the-lampshade-p-51099.html HTTP/1.0" 301 70760 "-" "Mozilla/5.0 (compatible; MJ12bot/v1.4.8; http://mj12bot.com/)"
144.76.3.79 - - [29/Nov/2021:09:28:16 +0100] "GET /floor-cushions-c-11_182.html?page=4 HTTP/1.0" 200 92086 "-" "Mozilla/5.0 (compatible; MJ12bot/v1.4.8; http://mj12bot.com/)"
95.91.111.1 - - [29/Nov/2021:09:28:16 +0100] "GET /lamp-supporting-lampshade-p-51099.html HTTP/1.0" 200 70668 "-" "Mozilla/5.0 (compatible; MJ12bot/v1.4.8; http://mj12bot.com/)"
144.76.3.79 - - [29/Nov/2021:09:28:18 +0100] "GET /floor-cushions-c-11_182.html?page=5 HTTP/1.0" 200 84025 "-" "Mozilla/5.0 (compatible; MJ12bot/v1.4.8; http://mj12bot.com/)"
95.91.111.1 - - [29/Nov/2021:09:28:19 +0100] "GET /lamp-the-squirrel-63-cm-p-51101.html HTTP/1.0" 301 70714 "-" "Mozilla/5.0 (compatible; MJ12bot/v1.4.8; http://mj12bot.com/)"
144.76.3.79 - - [29/Nov/2021:09:28:21 +0100] "GET /floor-cushions-c-182.html HTTP/1.0" 301 91140 "-" "Mozilla/5.0 (compatible; MJ12bot/v1.4.8; http://mj12bot.com/)"
95.91.111.1 - - [29/Nov/2021:09:28:22 +0100] "GET /lamp-squirrel-p-51101.html HTTP/1.0" 200 70634 "-" "Mozilla/5.0 (compatible; MJ12bot/v1.4.8; http://mj12bot.com/)"
144.76.3.79 - - [29/Nov/2021:09:28:24 +0100] "GET /floor-cushions-c-11_182.html HTTP/1.0" 200 91180 "-" "Mozilla/5.0 (compatible; MJ12bot/v1.4.8; http://mj12bot.com/)"
95.91.111.1 - - [29/Nov/2021:09:28:25 +0100] "GET /lamp-the-squirrel-665-cm-p-51101.html HTTP/1.0" 301 70714 "-" "Mozilla/5.0 (compatible; MJ12bot/v1.4.8; http://mj12bot.com/)"
144.76.3.79 - - [29/Nov/2021:09:28:26 +0100] "GET /floor-garden-gnomes-welcome-p-37955.html HTTP/1.0" 200 70735 "-" "Mozilla/5.0 (compatible; MJ12bot/v1.4.8; http://mj12bot.com/)"
95.91.111.1 - - [29/Nov/2021:09:28:27 +0100] "GET /lamp-squirrel-p-51101.html HTTP/1.0" 200 70634 "-" "Mozilla/5.0 (compatible; MJ12bot/v1.4.8; http://mj12bot.com/)"
147.92.153.17 - - [29/Nov/2021:09:28:26 +0100] "GET /rectangular-tray-ornaments-over-p-56864.html HTTP/1.0" 200 73387 "-" "Mozilla/5.0 (compatible; Linespider/1.1; +https://lin.ee/4dwXkTH)"
95.91.111.1 - - [29/Nov/2021:09:28:29 +0100] "GET /lampe-ananas-en-resine-doree-53-cm-p-45380.html HTTP/1.0" 301 70631 "-" "Mozilla/5.0 (compatible; MJ12bot/v1.4.8; http://mj12bot.com/)"
144.76.3.79 - - [29/Nov/2021:09:28:29 +0100] "GET /floor-mat-cats-bienvenue-70-50-cm-p-37956.html HTTP/1.0" 301 70787 "-" "Mozilla/5.0 (compatible; MJ12bot/v1.4.8; http://mj12bot.com/)"
95.91.111.1 - - [29/Nov/2021:09:28:31 +0100] "GET /-p-45380.html HTTP/1.0" 200 70564 "-" "Mozilla/5.0 (compatible; MJ12bot/v1.4.8; http://mj12bot.com/)"
144.76.3.79 - - [29/Nov/2021:09:28:33 +0100] "GET /floor-cats-bienvenue-p-37956.html HTTP/1.0" 200 70700 "-" "Mozilla/5.0 (compatible; MJ12bot/v1.4.8; http://mj12bot.com/)"
95.91.111.1 - - [29/Nov/2021:09:28:33 +0100] "GET /lampe-bois-naturel-et-blanche-esprit-scandinave-32-cm-p-50722.html HTTP/1.0" 301 74379 "-" "Mozilla/5.0 (compatible; MJ12bot/v1.4.8; http://mj12bot.com/)"
144.76.3.79 - - [29/Nov/2021:09:28:35 +0100] "GET /floor-mat-garden-gnomes-welcome-70-50-cm-p-37955.html HTTP/1.0" 301 70829 "-" "Mozilla/5.0 (compatible; MJ12bot/v1.4.8; http://mj12bot.com/)"
95.91.111.1 - - [29/Nov/2021:09:28:36 +0100] "GET /light-wood-table-lamp-scandinavian-spirit-p-50722.html HTTP/1.0" 200 74271 "-" "Mozilla/5.0 (compatible; MJ12bot/v1.4.8; http://mj12bot.com/)"
95.91.111.1 - - [29/Nov/2021:09:28:38 +0100] "GET /lampe-cristaux-damethyste-et-sel-19-cm-p-50903.html HTTP/1.0" 301 75141 "-" "Mozilla/5.0 (compatible; MJ12bot/v1.4.8; http://mj12bot.com/)"
144.76.3.79 - - [29/Nov/2021:09:28:38 +0100] "GET /floor-garden-gnomes-welcome-p-37955.html HTTP/1.0" 200 70735 "-" "Mozilla/5.0 (compatible; MJ12bot/v1.4.8; http://mj12bot.com/)"
95.91.111.1 - - [29/Nov/2021:09:28:40 +0100] "GET /amethyst-salt-lamp-p-50903.html HTTP/1.0" 200 75056 "-" "Mozilla/5.0 (compatible; MJ12bot/v1.4.8; http://mj12bot.com/)"
144.76.3.79 - - [29/Nov/2021:09:28:41 +0100] "GET /flower-cover-p-55345.html HTTP/1.0" 200 73825 "-" "Mozilla/5.0 (compatible; MJ12bot/v1.4.8; http://mj12bot.com/)"
95.91.111.1 - - [29/Nov/2021:09:28:42 +0100] "GET /lampe-de-bureau-retro-en-metal-orange-42-cm-p-45404.html HTTP/1.0" 301 70631 "-" "Mozilla/5.0 (compatible; MJ12bot/v1.4.8; http://mj12bot.com/)"
144.76.3.79 - - [29/Nov/2021:09:28:44 +0100] "GET /flower-life-hanging-banner-p-56160.html HTTP/1.0" 200 73980 "-" "Mozilla/5.0 (compatible; MJ12bot/v1.4.8; http://mj12bot.com/)"
95.91.111.1 - - [29/Nov/2021:09:28:46 +0100] "GET /-p-45404.html HTTP/1.0" 200 70564 "-" "Mozilla/5.0 (compatible; MJ12bot/v1.4.8; http://mj12bot.com/)"
144.76.3.79 - - [29/Nov/2021:09:28:47 +0100] "GET /flower-market-metal-planter-zinc-look-brown-p-55465.html HTTP/1.0" 200 74276 "-" "Mozilla/5.0 (compatible; MJ12bot/v1.4.8; http://mj12bot.com/)"
95.91.111.1 - - [29/Nov/2021:09:28:48 +0100] "GET /lampe-de-table-en-porcelaine-ellipse-fleurie-p-52979.html HTTP/1.0" 301 74064 "-" "Mozilla/5.0 (compatible; MJ12bot/v1.4.8; http://mj12bot.com/)"
144.76.3.79 - - [29/Nov/2021:09:28:50 +0100] "GET /flower-pot-braided-willow-10-cm-p-49687.html HTTP/1.0" 301 70756 "-" "Mozilla/5.0 (compatible; MJ12bot/v1.4.8; http://mj12bot.com/)"
95.91.111.1 - - [29/Nov/2021:09:28:51 +0100] "GET /white-ellipse-flower-table-lamp-p-52979.html HTTP/1.0" 200 73966 "-" "Mozilla/5.0 (compatible; MJ12bot/v1.4.8; http://mj12bot.com/)"
144.76.3.79 - - [29/Nov/2021:09:28:53 +0100] "GET /flower-braided-willow-p-49687.html HTTP/1.0" 200 70668 "-" "Mozilla/5.0 (compatible; MJ12bot/v1.4.8; http://mj12bot.com/)"
95.91.111.1 - - [29/Nov/2021:09:28:54 +0100] "GET /lampe-de-table-un-ecureuil-sur-son-tronc-polyresine-63-cm-p-51101.html HTTP/1.0" 301 70714 "-" "Mozilla/5.0 (compatible; MJ12bot/v1.4.8; http://mj12bot.com/)"
95.91.111.1 - - [29/Nov/2021:09:28:56 +0100] "GET /lamp-squirrel-p-51101.html HTTP/1.0" 200 70634 "-" "Mozilla/5.0 (compatible; MJ12bot/v1.4.8; http://mj12bot.com/)"
144.76.3.79 - - [29/Nov/2021:09:28:57 +0100] "GET /flower-pot-braided-willow-12-cm-p-49689.html HTTP/1.0" 301 70756 "-" "Mozilla/5.0 (compatible; MJ12bot/v1.4.8; http://mj12bot.com/)"
95.91.111.1 - - [29/Nov/2021:09:28:58 +0100] "GET /lampe-homme-abat-jour-en-resine-blanche-58-cm-p-51099.html HTTP/1.0" 301 70760 "-" "Mozilla/5.0 (compatible; MJ12bot/v1.4.8; http://mj12bot.com/)"
144.76.3.79 - - [29/Nov/2021:09:28:59 +0100] "GET /flower-braided-willow-p-49689.html HTTP/1.0" 200 70668 "-" "Mozilla/5.0 (compatible; MJ12bot/v1.4.8; http://mj12bot.com/)"
95.91.111.1 - - [29/Nov/2021:09:29:00 +0100] "GET /lamp-supporting-lampshade-p-51099.html HTTP/1.0" 200 70668 "-" "Mozilla/5.0 (compatible; MJ12bot/v1.4.8; http://mj12bot.com/)"
144.76.3.79 - - [29/Nov/2021:09:29:02 +0100] "GET /flower-pot-matte-mustard-p-49683.html HTTP/1.0" 301 70729 "-" "Mozilla/5.0 (compatible; MJ12bot/v1.4.8; http://mj12bot.com/)"
95.91.111.1 - - [29/Nov/2021:09:29:02 +0100] "GET /lampe-livre-bois-rable-taille-couleur-noyer-p-54336.html HTTP/1.0" 301 75091 "-" "Mozilla/5.0 (compatible; MJ12bot/v1.4.8; http://mj12bot.com/)"
144.76.3.79 - - [29/Nov/2021:09:29:04 +0100] "GET /flower-matte-mustard-p-49683.html HTTP/1.0" 200 70642 "-" "Mozilla/5.0 (compatible; MJ12bot/v1.4.8; http://mj12bot.com/)"
95.91.111.1 - - [29/Nov/2021:09:29:05 +0100] "GET /book-lamp-real-wood-color-walnut-size-p-54336.html HTTP/1.0" 200 74987 "-" "Mozilla/5.0 (compatible; MJ12bot/v1.4.8; http://mj12bot.com/)"
144.76.3.79 - - [29/Nov/2021:09:29:07 +0100] "GET /flower-pots-c-13_275.html?page=11 HTTP/1.0" 200 82552 "-" "Mozilla/5.0 (compatible; MJ12bot/v1.4.8; http://mj12bot.com/)"
95.91.111.1 - - [29/Nov/2021:09:29:08 +0100] "GET /lampe-livre-bois-rable-taille-p-54339.html HTTP/1.0" 301 74745 "-" "Mozilla/5.0 (compatible; MJ12bot/v1.4.8; http://mj12bot.com/)"
144.76.3.79 - - [29/Nov/2021:09:29:09 +0100] "GET /flowerpot-holder-black-face-p-52329.html HTTP/1.0" 200 70666 "-" "Mozilla/5.0 (compatible; MJ12bot/v1.4.8; http://mj12bot.com/)"
95.91.111.1 - - [29/Nov/2021:09:29:10 +0100] "GET /book-lamp-real-wood-maple-size-p-54339.html HTTP/1.0" 200 74648 "-" "Mozilla/5.0 (compatible; MJ12bot/v1.4.8; http://mj12bot.com/)"
144.76.3.79 - - [29/Nov/2021:09:29:12 +0100] "GET /flowerpot-holder-white-face-p-52330.html HTTP/1.0" 200 70666 "-" "Mozilla/5.0 (compatible; MJ12bot/v1.4.8; http://mj12bot.com/)"
95.91.111.1 - - [29/Nov/2021:09:29:12 +0100] "GET /lampe-livre-en-bois-veritable-fabrique-la-main-noyer-p-52968.html HTTP/1.0" 301 70806 "-" "Mozilla/5.0 (compatible; MJ12bot/v1.4.8; http://mj12bot.com/)"
144.76.3.79 - - [29/Nov/2021:09:29:14 +0100] "GET /foldable-wooden-tray-p-52296.html HTTP/1.0" 200 74306 "-" "Mozilla/5.0 (compatible; MJ12bot/v1.4.8; http://mj12bot.com/)"
95.91.111.1 - - [29/Nov/2021:09:29:15 +0100] "GET /book-lamp-real-wood-colors-size-p-52968.html HTTP/1.0" 200 70708 "-" "Mozilla/5.0 (compatible; MJ12bot/v1.4.8; http://mj12bot.com/)"
144.76.3.79 - - [29/Nov/2021:09:29:18 +0100] "GET /fontaine-moine-bouddhiste-rsine-p-56026.html HTTP/1.0" 301 73617 "-" "Mozilla/5.0 (compatible; MJ12bot/v1.4.8; http://mj12bot.com/)"
95.91.111.1 - - [29/Nov/2021:09:29:18 +0100] "GET /lampe-luminaire-applique-lustre-c-13_86.html HTTP/1.0" 301 91156 "-" "Mozilla/5.0 (compatible; MJ12bot/v1.4.8; http://mj12bot.com/)"
66.249.75.168 - - [29/Nov/2021:09:29:20 +0100] "GET /images/DSCN0912b.jpg HTTP/1.0" 200 255 "-" "Googlebot-Image/1.0"
185.191.171.44 - - [29/Nov/2021:09:29:20 +0100] "GET /dishes-c-12.html?page=40 HTTP/1.0" 200 92784 "-" "Mozilla/5.0 (compatible; SemrushBot/7~bl; +http://www.semrush.com/bot.html)"
95.91.111.1 - - [29/Nov/2021:09:29:21 +0100] "GET /lighting-c-86.html HTTP/1.0" 200 90889 "-" "Mozilla/5.0 (compatible; MJ12bot/v1.4.8; http://mj12bot.com/)"
144.76.3.79 - - [29/Nov/2021:09:29:21 +0100] "GET /buddhist-monk-indoor-fountain-p-56026.html HTTP/1.0" 200 73521 "-" "Mozilla/5.0 (compatible; MJ12bot/v1.4.8; http://mj12bot.com/)"
95.91.111.1 - - [29/Nov/2021:09:29:24 +0100] "GET /lampe-luminaire-applique-lustre-c-86.html HTTP/1.0" 301 90961 "-" "Mozilla/5.0 (compatible; MJ12bot/v1.4.8; http://mj12bot.com/)"
144.76.3.79 - - [29/Nov/2021:09:29:24 +0100] "GET /fontaines-dinterieur-c-13_272.html HTTP/1.0" 301 84962 "-" "Mozilla/5.0 (compatible; MJ12bot/v1.4.8; http://mj12bot.com/)"
95.91.111.1 - - [29/Nov/2021:09:29:26 +0100] "GET /lighting-c-86.html HTTP/1.0" 200 90889 "-" "Mozilla/5.0 (compatible; MJ12bot/v1.4.8; http://mj12bot.com/)"
144.76.3.79 - - [29/Nov/2021:09:29:28 +0100] "GET /indoor-fountains-c-272.html HTTP/1.0" 301 84842 "-" "Mozilla/5.0 (compatible; MJ12bot/v1.4.8; http://mj12bot.com/)"
95.91.111.1 - - [29/Nov/2021:09:29:28 +0100] "GET /lampe-mosaque-de-verre-cylindre-62-cm-p-49602.html HTTP/1.0" 301 73413 "-" "Mozilla/5.0 (compatible; MJ12bot/v1.4.8; http://mj12bot.com/)"
144.76.3.79 - - [29/Nov/2021:09:29:30 +0100] "GET /indoor-fountains-c-13_272.html HTTP/1.0" 200 84881 "-" "Mozilla/5.0 (compatible; MJ12bot/v1.4.8; http://mj12bot.com/)"
95.91.111.1 - - [29/Nov/2021:09:29:31 +0100] "GET /flared-lamp-multicolored-glass-p-49602.html HTTP/1.0" 200 73316 "-" "Mozilla/5.0 (compatible; MJ12bot/v1.4.8; http://mj12bot.com/)"
