148.251.120.201 - - [29/Nov/2021:13:19:24 +0100] "GET /decorative-carpets-c-11_269_167.html HTTP/1.0" 200 91211 "-" "Mozilla/5.0 (compatible; MJ12bot/v1.4.8; http://mj12bot.com/)"
114.119.128.39 - - [29/Nov/2021:13:19:27 +0100] "GET /marshmallow-chain-and-pendant-p-49971.html HTTP/1.0" 301 73543 "-" "Mozilla/5.0 (Linux; Android 7.0;) AppleWebKit/537.36 (KHTML, like Gecko) Mobile Safari/537.36 (compatible; PetalBot;+https://webmaster.petalsearch.com/site/petalbot)"
148.251.120.201 - - [29/Nov/2021:13:19:27 +0100] "GET /tapis-de-bain-c-11_269_267.html HTTP/1.0" 301 86284 "-" "Mozilla/5.0 (compatible; MJ12bot/v1.4.8; http://mj12bot.com/)"
148.251.120.201 - - [29/Nov/2021:13:19:30 +0100] "GET /bath-c-267.html HTTP/1.0" 200 85988 "-" "Mozilla/5.0 (compatible; MJ12bot/v1.4.8; http://mj12bot.com/)"
114.119.128.39 - - [29/Nov/2021:13:19:32 +0100] "GET /marshmallow-chain-pendant-p-49971.html HTTP/1.0" 200 73451 "-" "Mozilla/5.0 (Linux; Android 7.0;) AppleWebKit/537.36 (KHTML, like Gecko) Mobile Safari/537.36 (compatible; PetalBot;+https://webmaster.petalsearch.com/site/petalbot)"
148.251.120.201 - - [29/Nov/2021:13:19:33 +0100] "GET /tapis-de-cuisine-carreaux-de-ciment-120-45-cm-p-51615.html HTTP/1.0" 301 70688 "-" "Mozilla/5.0 (compatible; MJ12bot/v1.4.8; http://mj12bot.com/)"
54.36.148.217 - - [29/Nov/2021:13:19:35 +0100] "GET /poster-corsica-p-43686.html HTTP/1.0" 200 73203 "-" "Mozilla/5.0 (compatible; AhrefsBot/7.0; +http://ahrefs.com/robot/)"
148.251.120.201 - - [29/Nov/2021:13:19:36 +0100] "GET /kitchen-p-51615.html HTTP/1.0" 200 70614 "-" "Mozilla/5.0 (compatible; MJ12bot/v1.4.8; http://mj12bot.com/)"
148.251.120.201 - - [29/Nov/2021:13:19:40 +0100] "GET /tapis-de-cuisine-carreaux-de-ciment-120-45-cm-p-51617.html HTTP/1.0" 301 73378 "-" "Mozilla/5.0 (compatible; MJ12bot/v1.4.8; http://mj12bot.com/)"
148.251.120.201 - - [29/Nov/2021:13:19:43 +0100] "GET /kitchen-p-51617.html HTTP/1.0" 200 73304 "-" "Mozilla/5.0 (compatible; MJ12bot/v1.4.8; http://mj12bot.com/)"
148.251.120.201 - - [29/Nov/2021:13:19:47 +0100] "GET /tapis-de-sol-mappemonde-45-75-cm-handcraft-p-51599.html HTTP/1.0" 301 73442 "-" "Mozilla/5.0 (compatible; MJ12bot/v1.4.8; http://mj12bot.com/)"
185.191.171.4 - - [29/Nov/2021:13:19:49 +0100] "GET /fanny-door-coconut-fiber-p-47880.html HTTP/1.0" 200 73384 "-" "Mozilla/5.0 (compatible; SemrushBot/7~bl; +http://www.semrush.com/bot.html)"
148.251.120.201 - - [29/Nov/2021:13:19:52 +0100] "GET /handcraft-sheet-p-51599.html HTTP/1.0" 200 73360 "-" "Mozilla/5.0 (compatible; MJ12bot/v1.4.8; http://mj12bot.com/)"
148.251.120.201 - - [29/Nov/2021:13:19:56 +0100] "GET /tapis-de-souris-c-129_85.html HTTP/1.0" 301 91799 "-" "Mozilla/5.0 (compatible; MJ12bot/v1.4.8; http://mj12bot.com/)"
148.251.120.201 - - [29/Nov/2021:13:20:00 +0100] "GET /mouse-c-85.html HTTP/1.0" 301 91663 "-" "Mozilla/5.0 (compatible; MJ12bot/v1.4.8; http://mj12bot.com/)"
148.251.120.201 - - [29/Nov/2021:13:20:04 +0100] "GET /mouse-c-129_85.html HTTP/1.0" 200 91730 "-" "Mozilla/5.0 (compatible; MJ12bot/v1.4.8; http://mj12bot.com/)"
148.251.120.201 - - [29/Nov/2021:13:20:08 +0100] "GET /tapis-de-yoga-c-11_269_268.html HTTP/1.0" 301 84080 "-" "Mozilla/5.0 (compatible; MJ12bot/v1.4.8; http://mj12bot.com/)"
148.251.120.201 - - [29/Nov/2021:13:20:12 +0100] "GET /yoga-c-268.html HTTP/1.0" 200 83791 "-" "Mozilla/5.0 (compatible; MJ12bot/v1.4.8; http://mj12bot.com/)"
148.251.120.201 - - [29/Nov/2021:13:20:15 +0100] "GET /tapis-decoratifs-c-11_269_167.html HTTP/1.0" 301 91294 "-" "Mozilla/5.0 (compatible; MJ12bot/v1.4.8; http://mj12bot.com/)"
54.36.148.95 - - [29/Nov/2021:13:20:16 +0100] "GET /skating-bear-teapot-p-45615.html HTTP/1.0" 200 72855 "-" "Mozilla/5.0 (compatible; AhrefsBot/7.0; +http://ahrefs.com/robot/)"
148.251.120.201 - - [29/Nov/2021:13:20:18 +0100] "GET /decorative-carpets-c-167.html HTTP/1.0" 301 91074 "-" "Mozilla/5.0 (compatible; MJ12bot/v1.4.8; http://mj12bot.com/)"
148.251.120.201 - - [29/Nov/2021:13:20:20 +0100] "GET /decorative-carpets-c-11_269_167.html HTTP/1.0" 200 91211 "-" "Mozilla/5.0 (compatible; MJ12bot/v1.4.8; http://mj12bot.com/)"
148.251.120.201 - - [29/Nov/2021:13:20:23 +0100] "GET /tapis-et-paillassons-c-11_167.html HTTP/1.0" 301 91133 "-" "Mozilla/5.0 (compatible; MJ12bot/v1.4.8; http://mj12bot.com/)"
66.249.75.168 - - [29/Nov/2021:13:20:23 +0100] "GET /amazon-zippo-lighter-p-49096.html HTTP/1.0" 200 76283 "-" "Mozilla/5.0 (Linux; Android 6.0.1; Nexus 5X Build/MMB29P) AppleWebKit/537.36 (KHTML, like Gecko) Chrome/96.0.4664.45 Mobile Safari/537.36 (compatible; Googlebot/2.1; +http://www.google.com/bot.html)"
148.251.120.201 - - [29/Nov/2021:13:20:26 +0100] "GET /decorative-carpets-c-167.html HTTP/1.0" 301 91074 "-" "Mozilla/5.0 (compatible; MJ12bot/v1.4.8; http://mj12bot.com/)"
147.92.153.20 - - [29/Nov/2021:13:20:28 +0100] "GET /head-wallet-model-p-39442.html HTTP/1.0" 200 73214 "-" "Mozilla/5.0 (compatible; Linespider/1.1; +https://lin.ee/4dwXkTH)"
148.251.120.201 - - [29/Nov/2021:13:20:29 +0100] "GET /decorative-carpets-c-11_269_167.html HTTP/1.0" 200 91211 "-" "Mozilla/5.0 (compatible; MJ12bot/v1.4.8; http://mj12bot.com/)"
148.251.120.201 - - [29/Nov/2021:13:20:31 +0100] "GET /tapis-ethnique-azteque-rond-90-cm-p-50742.html HTTP/1.0" 301 73995 "-" "Mozilla/5.0 (compatible; MJ12bot/v1.4.8; http://mj12bot.com/)"
148.251.120.201 - - [29/Nov/2021:13:20:34 +0100] "GET /round-carpet-aztec-p-50742.html HTTP/1.0" 200 73910 "-" "Mozilla/5.0 (compatible; MJ12bot/v1.4.8; http://mj12bot.com/)"
148.251.120.201 - - [29/Nov/2021:13:20:37 +0100] "GET /tapis-ethnique-en-jute-et-coton-rond-tresse-120-cm-p-48043.html HTTP/1.0" 301 74155 "-" "Mozilla/5.0 (compatible; MJ12bot/v1.4.8; http://mj12bot.com/)"
185.191.171.9 - - [29/Nov/2021:13:20:40 +0100] "GET /horse-statue-brown-resin-p-56903.html HTTP/1.0" 200 73892 "-" "Mozilla/5.0 (compatible; SemrushBot/7~bl; +http://www.semrush.com/bot.html)"
148.251.120.201 - - [29/Nov/2021:13:20:41 +0100] "GET /round-carpet-p-48043.html HTTP/1.0" 200 74076 "-" "Mozilla/5.0 (compatible; MJ12bot/v1.4.8; http://mj12bot.com/)"
148.251.120.201 - - [29/Nov/2021:13:20:44 +0100] "GET /tapis-ethnique-jute-coton-rond-mandala-bleu-p-56013.html HTTP/1.0" 301 73424 "-" "Mozilla/5.0 (compatible; MJ12bot/v1.4.8; http://mj12bot.com/)"
148.251.120.201 - - [29/Nov/2021:13:20:47 +0100] "GET /carpet-mandala-blue-p-56013.html HTTP/1.0" 200 73338 "-" "Mozilla/5.0 (compatible; MJ12bot/v1.4.8; http://mj12bot.com/)"
148.251.120.201 - - [29/Nov/2021:13:20:50 +0100] "GET /tapis-ethnique-jute-coton-tress-p-56010.html HTTP/1.0" 301 73957 "-" "Mozilla/5.0 (compatible; MJ12bot/v1.4.8; http://mj12bot.com/)"
54.36.148.178 - - [29/Nov/2021:13:20:52 +0100] "GET /placemat-appetit-p-53596.html HTTP/1.0" 200 73754 "-" "Mozilla/5.0 (compatible; AhrefsBot/7.0; +http://ahrefs.com/robot/)"
148.251.120.201 - - [29/Nov/2021:13:20:54 +0100] "GET /carpet-p-56010.html HTTP/1.0" 200 73884 "-" "Mozilla/5.0 (compatible; MJ12bot/v1.4.8; http://mj12bot.com/)"
148.251.120.201 - - [29/Nov/2021:13:20:56 +0100] "GET /tapis-ethnique-jute-p-55445.html HTTP/1.0" 301 74282 "-" "Mozilla/5.0 (compatible; MJ12bot/v1.4.8; http://mj12bot.com/)"
148.251.120.201 - - [29/Nov/2021:13:20:59 +0100] "GET /carpet-ethnic-boho-p-55445.html HTTP/1.0" 200 74197 "-" "Mozilla/5.0 (compatible; MJ12bot/v1.4.8; http://mj12bot.com/)"
148.251.120.201 - - [29/Nov/2021:13:21:01 +0100] "GET /tapis-ethnique-mandala-rond-90-cm-p-50743.html HTTP/1.0" 301 70725 "-" "Mozilla/5.0 (compatible; MJ12bot/v1.4.8; http://mj12bot.com/)"
148.251.120.201 - - [29/Nov/2021:13:21:04 +0100] "GET /round-carpet-mandala-p-50743.html HTTP/1.0" 200 70638 "-" "Mozilla/5.0 (compatible; MJ12bot/v1.4.8; http://mj12bot.com/)"
148.251.120.201 - - [29/Nov/2021:13:21:07 +0100] "GET /tapis-ethnique-tissage-boho-en-coton-85-55-cm-p-50876.html HTTP/1.0" 301 74105 "-" "Mozilla/5.0 (compatible; MJ12bot/v1.4.8; http://mj12bot.com/)"
148.251.120.201 - - [29/Nov/2021:13:21:09 +0100] "GET /bohemian-ethnic-lirette-carpet-p-50876.html HTTP/1.0" 200 74008 "-" "Mozilla/5.0 (compatible; MJ12bot/v1.4.8; http://mj12bot.com/)"
185.191.171.45 - - [29/Nov/2021:13:21:10 +0100] "GET /wooden-dish-14-95-cm-p-53549.html HTTP/1.0" 301 73981 "-" "Mozilla/5.0 (compatible; SemrushBot/7~bl; +http://www.semrush.com/bot.html)"
148.251.120.201 - - [29/Nov/2021:13:21:13 +0100] "GET /tapis-ethnique-tissage-boho-en-coton-blanc-90-150-cm-p-50880.html HTTP/1.0" 301 73995 "-" "Mozilla/5.0 (compatible; MJ12bot/v1.4.8; http://mj12bot.com/)"
185.191.171.22 - - [29/Nov/2021:13:21:13 +0100] "GET /wooden-dish-p-53549.html HTTP/1.0" 200 73903 "-" "Mozilla/5.0 (compatible; SemrushBot/7~bl; +http://www.semrush.com/bot.html)"
148.251.120.201 - - [29/Nov/2021:13:21:16 +0100] "GET /bohemian-ethnic-carpet-p-50880.html HTTP/1.0" 200 73906 "-" "Mozilla/5.0 (compatible; MJ12bot/v1.4.8; http://mj12bot.com/)"
148.251.120.201 - - [29/Nov/2021:13:21:18 +0100] "GET /tapis-mandala-franges-en-jute-et-coton-90-cm-p-52858.html HTTP/1.0" 301 73398 "-" "Mozilla/5.0 (compatible; MJ12bot/v1.4.8; http://mj12bot.com/)"
148.251.120.201 - - [29/Nov/2021:13:21:20 +0100] "GET /round-fringed-p-52858.html HTTP/1.0" 200 73318 "-" "Mozilla/5.0 (compatible; MJ12bot/v1.4.8; http://mj12bot.com/)"
148.251.120.201 - - [29/Nov/2021:13:21:22 +0100] "GET /tapis-pour-animaux-hotel-cat-etoiles-60-40-cm-p-49537.html HTTP/1.0" 301 70631 "-" "Mozilla/5.0 (compatible; MJ12bot/v1.4.8; http://mj12bot.com/)"
54.36.148.253 - - [29/Nov/2021:13:21:24 +0100] "GET /cushion-headboard-c-11_173.html?page=1 HTTP/1.0" 200 88793 "-" "Mozilla/5.0 (compatible; AhrefsBot/7.0; +http://ahrefs.com/robot/)"
148.251.120.201 - - [29/Nov/2021:13:21:25 +0100] "GET /-p-49537.html HTTP/1.0" 200 70564 "-" "Mozilla/5.0 (compatible; MJ12bot/v1.4.8; http://mj12bot.com/)"
148.251.120.201 - - [29/Nov/2021:13:21:27 +0100] "GET /tapis-souris-c-129_85.html HTTP/1.0" 301 91799 "-" "Mozilla/5.0 (compatible; MJ12bot/v1.4.8; http://mj12bot.com/)"
148.251.120.201 - - [29/Nov/2021:13:21:30 +0100] "GET /mouse-c-85.html HTTP/1.0" 301 91663 "-" "Mozilla/5.0 (compatible; MJ12bot/v1.4.8; http://mj12bot.com/)"
148.251.120.201 - - [29/Nov/2021:13:21:32 +0100] "GET /mouse-c-129_85.html HTTP/1.0" 200 91730 "-" "Mozilla/5.0 (compatible; MJ12bot/v1.4.8; http://mj12bot.com/)"
148.251.120.201 - - [29/Nov/2021:13:21:35 +0100] "GET /tapis-yoga-c-11_269_268.html HTTP/1.0" 301 84080 "-" "Mozilla/5.0 (compatible; MJ12bot/v1.4.8; http://mj12bot.com/)"
148.251.120.201 - - [29/Nov/2021:13:21:38 +0100] "GET /yoga-c-268.html HTTP/1.0" 200 83791 "-" "Mozilla/5.0 (compatible; MJ12bot/v1.4.8; http://mj12bot.com/)"
148.251.120.201 - - [29/Nov/2021:13:21:40 +0100] "GET /tarot-lotus-silver-colour-p-55340.html HTTP/1.0" 200 74384 "-" "Mozilla/5.0 (compatible; MJ12bot/v1.4.8; http://mj12bot.com/)"
148.251.120.201 - - [29/Nov/2021:13:21:43 +0100] "GET /tasse-porcelaine-fine-p-55474.html HTTP/1.0" 301 73397 "-" "Mozilla/5.0 (compatible; MJ12bot/v1.4.8; http://mj12bot.com/)"
148.251.120.201 - - [29/Nov/2021:13:21:45 +0100] "GET /fine-porcelain-p-55474.html HTTP/1.0" 200 73316 "-" "Mozilla/5.0 (compatible; MJ12bot/v1.4.8; http://mj12bot.com/)"
148.251.120.201 - - [29/Nov/2021:13:21:48 +0100] "GET /tassen-bol-boudeur-interieur-sable-fabrique-en-allemagne-p-53184.html HTTP/1.0" 301 74782 "-" "Mozilla/5.0 (compatible; MJ12bot/v1.4.8; http://mj12bot.com/)"
148.251.120.201 - - [29/Nov/2021:13:21:50 +0100] "GET /bowl-please-sand-inside-made-germany-p-53184.html HTTP/1.0" 200 74679 "-" "Mozilla/5.0 (compatible; MJ12bot/v1.4.8; http://mj12bot.com/)"
159.138.102.98 - - [29/Nov/2021:13:21:50 +0100] "GET /fairies-fairy-lights-p-24738.html HTTP/1.0" 200 73396 "-" "Mozilla/5.0 (Linux; Android 7.0;) AppleWebKit/537.36 (KHTML, like Gecko) Mobile Safari/537.36 (compatible; PetalBot;+https://webmaster.petalsearch.com/site/petalbot)"
148.251.120.201 - - [29/Nov/2021:13:21:54 +0100] "GET /tassen-bol-rieur-menthe-fabrique-en-allemagne-p-50708.html HTTP/1.0" 301 70631 "-" "Mozilla/5.0 (compatible; MJ12bot/v1.4.8; http://mj12bot.com/)"
148.251.120.201 - - [29/Nov/2021:13:21:56 +0100] "GET /-p-50708.html HTTP/1.0" 200 70564 "-" "Mozilla/5.0 (compatible; MJ12bot/v1.4.8; http://mj12bot.com/)"
148.251.120.201 - - [29/Nov/2021:13:21:59 +0100] "GET /tassen-humeur-optimiste-fabriqu-allemagne-p-54340.html HTTP/1.0" 301 75195 "-" "Mozilla/5.0 (compatible; MJ12bot/v1.4.8; http://mj12bot.com/)"
148.251.120.201 - - [29/Nov/2021:13:22:02 +0100] "GET /large-tassen-porcelain-hopeful-bowl-made-germany-p-54340.html HTTP/1.0" 200 75080 "-" "Mozilla/5.0 (compatible; MJ12bot/v1.4.8; http://mj12bot.com/)"
54.36.148.245 - - [29/Nov/2021:13:22:03 +0100] "GET /luggages-schoolbags-leather-shop-c-31.html?page=2 HTTP/1.0" 200 93300 "-" "Mozilla/5.0 (compatible; AhrefsBot/7.0; +http://ahrefs.com/robot/)"
148.251.120.201 - - [29/Nov/2021:13:22:04 +0100] "GET /tassen-mood-made-germany-p-50706.html HTTP/1.0" 200 74220 "-" "Mozilla/5.0 (compatible; MJ12bot/v1.4.8; http://mj12bot.com/)"
148.251.120.201 - - [29/Nov/2021:13:22:08 +0100] "GET /tassen-mood-mug-made-in-germany-p-50706.html HTTP/1.0" 301 74311 "-" "Mozilla/5.0 (compatible; MJ12bot/v1.4.8; http://mj12bot.com/)"
148.251.120.201 - - [29/Nov/2021:13:22:10 +0100] "GET /tassen-mood-made-germany-p-50706.html HTTP/1.0" 200 74220 "-" "Mozilla/5.0 (compatible; MJ12bot/v1.4.8; http://mj12bot.com/)"
148.251.120.201 - - [29/Nov/2021:13:22:14 +0100] "GET /tassen-mug-gourmand-avec-anse-fabrique-en-allemagne-p-50706.html HTTP/1.0" 301 74311 "-" "Mozilla/5.0 (compatible; MJ12bot/v1.4.8; http://mj12bot.com/)"
148.251.120.201 - - [29/Nov/2021:13:22:16 +0100] "GET /tassen-mood-made-germany-p-50706.html HTTP/1.0" 200 74220 "-" "Mozilla/5.0 (compatible; MJ12bot/v1.4.8; http://mj12bot.com/)"
148.251.120.201 - - [29/Nov/2021:13:22:18 +0100] "GET /taurus-decorative-statue-p-31560.html HTTP/1.0" 200 70675 "-" "Mozilla/5.0 (compatible; MJ12bot/v1.4.8; http://mj12bot.com/)"
148.251.120.201 - - [29/Nov/2021:13:22:21 +0100] "GET /taxi-keychains-p-26884.html HTTP/1.0" 301 70631 "-" "Mozilla/5.0 (compatible; MJ12bot/v1.4.8; http://mj12bot.com/)"
148.251.120.201 - - [29/Nov/2021:13:22:23 +0100] "GET /-p-26884.html HTTP/1.0" 200 70564 "-" "Mozilla/5.0 (compatible; MJ12bot/v1.4.8; http://mj12bot.com/)"
148.251.120.201 - - [29/Nov/2021:13:22:27 +0100] "GET /taz-pencil-case-p-10348.html HTTP/1.0" 301 73389 "-" "Mozilla/5.0 (compatible; MJ12bot/v1.4.8; http://mj12bot.com/)"
148.251.120.201 - - [29/Nov/2021:13:22:30 +0100] "GET /pencil-case-p-10348.html HTTP/1.0" 200 73311 "-" "Mozilla/5.0 (compatible; MJ12bot/v1.4.8; http://mj12bot.com/)"
148.251.120.201 - - [29/Nov/2021:13:22:33 +0100] "GET /tea-infuser-tea-bag-rest-c-247.html HTTP/1.0" 301 89453 "-" "Mozilla/5.0 (compatible; MJ12bot/v1.4.8; http://mj12bot.com/)"
54.36.148.152 - - [29/Nov/2021:13:22:34 +0100] "GET /small-resin-dinosaur-money-bank-p-56199.html HTTP/1.0" 200 74106 "-" "Mozilla/5.0 (compatible; AhrefsBot/7.0; +http://ahrefs.com/robot/)"
148.251.120.201 - - [29/Nov/2021:13:22:36 +0100] "GET /infuser-rest-c-12_247.html HTTP/1.0" 200 89477 "-" "Mozilla/5.0 (compatible; MJ12bot/v1.4.8; http://mj12bot.com/)"
148.251.120.201 - - [29/Nov/2021:13:22:39 +0100] "GET /tea-pot-c-175.html HTTP/1.0" 301 91010 "-" "Mozilla/5.0 (compatible; MJ12bot/v1.4.8; http://mj12bot.com/)"
148.251.120.201 - - [29/Nov/2021:13:22:42 +0100] "GET /tea-pot-c-12_175.html HTTP/1.0" 200 91039 "-" "Mozilla/5.0 (compatible; MJ12bot/v1.4.8; http://mj12bot.com/)"
148.251.120.201 - - [29/Nov/2021:13:22:45 +0100] "GET /tea-towels-napkins-c-11_177.html?page=8 HTTP/1.0" 301 91846 "-" "Mozilla/5.0 (compatible; MJ12bot/v1.4.8; http://mj12bot.com/)"
148.251.120.201 - - [29/Nov/2021:13:22:47 +0100] "GET /towels-napkins-c-177.html?page=8 HTTP/1.0" 301 91727 "-" "Mozilla/5.0 (compatible; MJ12bot/v1.4.8; http://mj12bot.com/)"
148.251.120.201 - - [29/Nov/2021:13:22:50 +0100] "GET /towels-napkins-c-11_177.html?page=8 HTTP/1.0" 200 91760 "-" "Mozilla/5.0 (compatible; MJ12bot/v1.4.8; http://mj12bot.com/)"
148.251.120.201 - - [29/Nov/2021:13:22:52 +0100] "GET /tea-towels-napkins-c-177.html HTTP/1.0" 301 92780 "-" "Mozilla/5.0 (compatible; MJ12bot/v1.4.8; http://mj12bot.com/)"
148.251.120.201 - - [29/Nov/2021:13:22:55 +0100] "GET /towels-napkins-c-11_177.html HTTP/1.0" 200 92820 "-" "Mozilla/5.0 (compatible; MJ12bot/v1.4.8; http://mj12bot.com/)"
185.191.171.35 - - [29/Nov/2021:13:22:56 +0100] "GET /isothermic-stainless-steel-bottle-scorpio-cbkreation-p-51033.html?action=add_product HTTP/1.0" 302 476 "-" "Mozilla/5.0 (compatible; SemrushBot/7~bl; +http://www.semrush.com/bot.html)"
148.251.120.201 - - [29/Nov/2021:13:22:58 +0100] "GET /tealight-holders-and-candle-holders-c-230.html HTTP/1.0" 301 92254 "-" "Mozilla/5.0 (compatible; MJ12bot/v1.4.8; http://mj12bot.com/)"
148.251.120.201 - - [29/Nov/2021:13:23:00 +0100] "GET /tealight-holders-candle-holders-c-231_230.html HTTP/1.0" 200 92289 "-" "Mozilla/5.0 (compatible; MJ12bot/v1.4.8; http://mj12bot.com/)"
148.251.120.201 - - [29/Nov/2021:13:23:03 +0100] "GET /teapot-with-infuser-04-liters-p-49612.html HTTP/1.0" 301 73324 "-" "Mozilla/5.0 (compatible; MJ12bot/v1.4.8; http://mj12bot.com/)"
54.36.148.15 - - [29/Nov/2021:13:23:03 +0100] "GET /tweety-magnetic-clock-p-17277.html HTTP/1.0" 200 73270 "-" "Mozilla/5.0 (compatible; AhrefsBot/7.0; +http://ahrefs.com/robot/)"
148.251.120.201 - - [29/Nov/2021:13:23:05 +0100] "GET /teapot-with-infuser-liters-p-49612.html HTTP/1.0" 200 73231 "-" "Mozilla/5.0 (compatible; MJ12bot/v1.4.8; http://mj12bot.com/)"
148.251.120.201 - - [29/Nov/2021:13:23:09 +0100] "GET /teddy-bear-christmas-tree-decoration-cm-p-49647.html HTTP/1.0" 301 70811 "-" "Mozilla/5.0 (compatible; MJ12bot/v1.4.8; http://mj12bot.com/)"
148.251.120.201 - - [29/Nov/2021:13:23:11 +0100] "GET /teddy-bear-christmas-tree-decoration-p-49647.html HTTP/1.0" 200 70708 "-" "Mozilla/5.0 (compatible; MJ12bot/v1.4.8; http://mj12bot.com/)"
148.251.120.201 - - [29/Nov/2021:13:23:14 +0100] "GET /teddy-bear-christmas-tree-decoration-p-49647.html HTTP/1.0" 200 70708 "-" "Mozilla/5.0 (compatible; MJ12bot/v1.4.8; http://mj12bot.com/)"
148.251.120.201 - - [29/Nov/2021:13:23:16 +0100] "GET /tee-shirts-et-sweats-femmes-c-53_55.html HTTP/1.0" 301 94577 "-" "Mozilla/5.0 (compatible; MJ12bot/v1.4.8; http://mj12bot.com/)"
148.251.120.201 - - [29/Nov/2021:13:23:18 +0100] "GET /shirts-sweatshirts-women-c-55.html HTTP/1.0" 301 94476 "-" "Mozilla/5.0 (compatible; MJ12bot/v1.4.8; http://mj12bot.com/)"
148.251.120.201 - - [29/Nov/2021:13:23:22 +0100] "GET /shirts-sweatshirts-women-c-53_55.html HTTP/1.0" 200 94489 "-" "Mozilla/5.0 (compatible; MJ12bot/v1.4.8; http://mj12bot.com/)"
148.251.120.201 - - [29/Nov/2021:13:23:24 +0100] "GET /tee-shirts-et-sweats-hommes-c-53_54.html HTTP/1.0" 301 93957 "-" "Mozilla/5.0 (compatible; MJ12bot/v1.4.8; http://mj12bot.com/)"
148.251.120.201 - - [29/Nov/2021:13:23:27 +0100] "GET /shirts-sweatshirts-c-54.html HTTP/1.0" 301 93856 "-" "Mozilla/5.0 (compatible; MJ12bot/v1.4.8; http://mj12bot.com/)"
148.251.120.201 - - [29/Nov/2021:13:23:29 +0100] "GET /shirts-sweatshirts-c-53_54.html HTTP/1.0" 200 93875 "-" "Mozilla/5.0 (compatible; MJ12bot/v1.4.8; http://mj12bot.com/)"
54.36.148.21 - - [29/Nov/2021:13:23:31 +0100] "GET /pyramid-rose-quartz-base-quality-p-44006.html HTTP/1.0" 200 73339 "-" "Mozilla/5.0 (compatible; AhrefsBot/7.0; +http://ahrefs.com/robot/)"
148.251.120.201 - - [29/Nov/2021:13:23:33 +0100] "GET /tee-shirts-manches-courtes-c-1_22.html HTTP/1.0" 301 69640 "-" "Mozilla/5.0 (compatible; MJ12bot/v1.4.8; http://mj12bot.com/)"
148.251.120.201 - - [29/Nov/2021:13:23:35 +0100] "GET /court-sleeves-shirts-c-22.html HTTP/1.0" 301 69544 "-" "Mozilla/5.0 (compatible; MJ12bot/v1.4.8; http://mj12bot.com/)"
148.251.120.201 - - [29/Nov/2021:13:23:38 +0100] "GET /court-sleeves-shirts-c-1_22.html HTTP/1.0" 200 69556 "-" "Mozilla/5.0 (compatible; MJ12bot/v1.4.8; http://mj12bot.com/)"
148.251.120.201 - - [29/Nov/2021:13:23:40 +0100] "GET /tee-shirts-manches-courtes-c-2_39.html HTTP/1.0" 301 76863 "-" "Mozilla/5.0 (compatible; MJ12bot/v1.4.8; http://mj12bot.com/)"
207.46.13.202 - - [29/Nov/2021:13:23:40 +0100] "GET /yoda-stickers-p-15396.html HTTP/1.0" 200 70606 "-" "Mozilla/5.0 (compatible; bingbot/2.0; +http://www.bing.com/bingbot.htm)"
148.251.120.201 - - [29/Nov/2021:13:23:43 +0100] "GET /court-sleeves-shirts-c-39.html HTTP/1.0" 301 76769 "-" "Mozilla/5.0 (compatible; MJ12bot/v1.4.8; http://mj12bot.com/)"
148.251.120.201 - - [29/Nov/2021:13:23:45 +0100] "GET /court-sleeves-shirts-c-2_39.html HTTP/1.0" 200 76779 "-" "Mozilla/5.0 (compatible; MJ12bot/v1.4.8; http://mj12bot.com/)"
148.251.120.201 - - [29/Nov/2021:13:23:47 +0100] "GET /tee-shirts-manches-longues-c-1_21.html HTTP/1.0" 301 78095 "-" "Mozilla/5.0 (compatible; MJ12bot/v1.4.8; http://mj12bot.com/)"
148.251.120.201 - - [29/Nov/2021:13:23:50 +0100] "GET /long-sleeves-shirts-c-21.html HTTP/1.0" 301 77997 "-" "Mozilla/5.0 (compatible; MJ12bot/v1.4.8; http://mj12bot.com/)"
148.251.120.201 - - [29/Nov/2021:13:23:52 +0100] "GET /long-sleeves-shirts-c-1_21.html HTTP/1.0" 200 78012 "-" "Mozilla/5.0 (compatible; MJ12bot/v1.4.8; http://mj12bot.com/)"
148.251.120.201 - - [29/Nov/2021:13:23:56 +0100] "GET /tee-shirts-manches-longues-c-2_40.html HTTP/1.0" 301 69630 "-" "Mozilla/5.0 (compatible; MJ12bot/v1.4.8; http://mj12bot.com/)"
148.251.120.201 - - [29/Nov/2021:13:23:58 +0100] "GET /long-sleeves-shirts-c-40.html HTTP/1.0" 301 69536 "-" "Mozilla/5.0 (compatible; MJ12bot/v1.4.8; http://mj12bot.com/)"
148.251.120.201 - - [29/Nov/2021:13:24:00 +0100] "GET /long-sleeves-shirts-c-2_40.html HTTP/1.0" 200 69547 "-" "Mozilla/5.0 (compatible; MJ12bot/v1.4.8; http://mj12bot.com/)"
148.251.120.201 - - [29/Nov/2021:13:24:02 +0100] "GET /tendresse-duvet-cover-washed-cotton-gauze-p-54430.html HTTP/1.0" 200 74625 "-" "Mozilla/5.0 (compatible; MJ12bot/v1.4.8; http://mj12bot.com/)"
148.251.120.201 - - [29/Nov/2021:13:24:05 +0100] "GET /tendresse-pillowcase-washed-cotton-gauze-p-54455.html HTTP/1.0" 200 74634 "-" "Mozilla/5.0 (compatible; MJ12bot/v1.4.8; http://mj12bot.com/)"
54.36.148.23 - - [29/Nov/2021:13:24:06 +0100] "GET /scent-heart-home-dawn-mist-p-53878.html HTTP/1.0" 200 73868 "-" "Mozilla/5.0 (compatible; AhrefsBot/7.0; +http://ahrefs.com/robot/)"
148.251.120.201 - - [29/Nov/2021:13:24:07 +0100] "GET /tennis-player-statuette-p-53057.html HTTP/1.0" 200 73251 "-" "Mozilla/5.0 (compatible; MJ12bot/v1.4.8; http://mj12bot.com/)"
148.251.120.201 - - [29/Nov/2021:13:24:09 +0100] "GET /teo-jasmin-inuit-small-melamine-tray-p-37941.html HTTP/1.0" 301 73477 "-" "Mozilla/5.0 (compatible; MJ12bot/v1.4.8; http://mj12bot.com/)"
148.251.120.201 - - [29/Nov/2021:13:24:11 +0100] "GET /jasmin-inuit-small-melamine-tray-p-37941.html HTTP/1.0" 200 73378 "-" "Mozilla/5.0 (compatible; MJ12bot/v1.4.8; http://mj12bot.com/)"
148.251.120.201 - - [29/Nov/2021:13:24:13 +0100] "GET /teo-jasmin-large-cabas-teo-hmong-eggplant-p-37992.html HTTP/1.0" 301 70787 "-" "Mozilla/5.0 (compatible; MJ12bot/v1.4.8; http://mj12bot.com/)"
148.251.120.201 - - [29/Nov/2021:13:24:15 +0100] "GET /jasmin-large-cabas-hmong-eggplant-p-37992.html HTTP/1.0" 200 70687 "-" "Mozilla/5.0 (compatible; MJ12bot/v1.4.8; http://mj12bot.com/)"
148.251.120.201 - - [29/Nov/2021:13:24:18 +0100] "GET /teo-jasmin-large-cabas-teo-mood-red-p-37993.html HTTP/1.0" 301 70757 "-" "Mozilla/5.0 (compatible; MJ12bot/v1.4.8; http://mj12bot.com/)"
148.251.120.201 - - [29/Nov/2021:13:24:20 +0100] "GET /jasmin-large-cabas-mood-p-37993.html HTTP/1.0" 200 70667 "-" "Mozilla/5.0 (compatible; MJ12bot/v1.4.8; http://mj12bot.com/)"
148.251.120.201 - - [29/Nov/2021:13:24:22 +0100] "GET /teo-jasmin-marley-jamaica-chandelier-p-35767.html HTTP/1.0" 301 73604 "-" "Mozilla/5.0 (compatible; MJ12bot/v1.4.8; http://mj12bot.com/)"
148.251.120.201 - - [29/Nov/2021:13:24:24 +0100] "GET /jasmin-marley-jamaica-chandelier-p-35767.html HTTP/1.0" 200 73505 "-" "Mozilla/5.0 (compatible; MJ12bot/v1.4.8; http://mj12bot.com/)"
148.251.120.201 - - [29/Nov/2021:13:24:26 +0100] "GET /teo-jasmin-pencil-case-teo-apache-pink-p-38000.html HTTP/1.0" 301 70778 "-" "Mozilla/5.0 (compatible; MJ12bot/v1.4.8; http://mj12bot.com/)"
148.251.120.201 - - [29/Nov/2021:13:24:28 +0100] "GET /jasmin-pencil-case-apache-pink-p-38000.html HTTP/1.0" 200 70681 "-" "Mozilla/5.0 (compatible; MJ12bot/v1.4.8; http://mj12bot.com/)"
159.138.102.98 - - [29/Nov/2021:13:24:30 +0100] "GET /images/big_prod/8424345498452.jpg HTTP/1.0" 200 268 "-" "Mozilla/5.0 (Linux; Android 7.0;) AppleWebKit/537.36 (KHTML, like Gecko) Mobile Safari/537.36 (compatible; PetalBot;+https://webmaster.petalsearch.com/site/petalbot)"
148.251.120.201 - - [29/Nov/2021:13:24:31 +0100] "GET /teo-jasmin-purse-teo-playa-copper-p-37997.html HTTP/1.0" 301 70745 "-" "Mozilla/5.0 (compatible; MJ12bot/v1.4.8; http://mj12bot.com/)"
148.251.120.201 - - [29/Nov/2021:13:24:33 +0100] "GET /jasmin-purse-playa-copper-p-37997.html HTTP/1.0" 200 70653 "-" "Mozilla/5.0 (compatible; MJ12bot/v1.4.8; http://mj12bot.com/)"
148.251.120.201 - - [29/Nov/2021:13:24:36 +0100] "GET /teo-jasmin-small-cabas-jasmine-playa-grapefruit-p-37986.html HTTP/1.0" 301 70631 "-" "Mozilla/5.0 (compatible; MJ12bot/v1.4.8; http://mj12bot.com/)"
54.36.148.94 - - [29/Nov/2021:13:24:38 +0100] "GET /vintage-round-metal-flower-dish-p-46429.html HTTP/1.0" 200 73252 "-" "Mozilla/5.0 (compatible; AhrefsBot/7.0; +http://ahrefs.com/robot/)"
148.251.120.201 - - [29/Nov/2021:13:24:38 +0100] "GET /-p-37986.html HTTP/1.0" 200 70564 "-" "Mozilla/5.0 (compatible; MJ12bot/v1.4.8; http://mj12bot.com/)"
157.55.39.228 - - [29/Nov/2021:13:24:40 +0100] "GET /images/med_prod/8435306283031.jpg HTTP/1.0" 200 268 "-" "Mozilla/5.0 (compatible; bingbot/2.0; +http://www.bing.com/bingbot.htm)"
148.251.120.201 - - [29/Nov/2021:13:24:41 +0100] "GET /teo-jasmin-small-cabas-jasmine-playa-vanilla-p-37985.html HTTP/1.0" 301 70631 "-" "Mozilla/5.0 (compatible; MJ12bot/v1.4.8; http://mj12bot.com/)"
148.251.120.201 - - [29/Nov/2021:13:24:44 +0100] "GET /-p-37985.html HTTP/1.0" 200 70564 "-" "Mozilla/5.0 (compatible; MJ12bot/v1.4.8; http://mj12bot.com/)"
148.251.120.201 - - [29/Nov/2021:13:24:45 +0100] "GET /teo-jasmin-teo-inuit-placemat-p-37934.html HTTP/1.0" 301 70631 "-" "Mozilla/5.0 (compatible; MJ12bot/v1.4.8; http://mj12bot.com/)"
148.251.120.201 - - [29/Nov/2021:13:24:48 +0100] "GET /-p-37934.html HTTP/1.0" 200 70564 "-" "Mozilla/5.0 (compatible; MJ12bot/v1.4.8; http://mj12bot.com/)"
148.251.120.201 - - [29/Nov/2021:13:24:50 +0100] "GET /terracotta-ginkgo-cover-green-p-55532.html HTTP/1.0" 200 73982 "-" "Mozilla/5.0 (compatible; MJ12bot/v1.4.8; http://mj12bot.com/)"
148.251.120.201 - - [29/Nov/2021:13:24:53 +0100] "GET /terracotta-ginkgo-cover-p-55524.html HTTP/1.0" 200 73926 "-" "Mozilla/5.0 (compatible; MJ12bot/v1.4.8; http://mj12bot.com/)"
148.251.120.201 - - [29/Nov/2021:13:24:55 +0100] "GET /terracotta-ginkgo-cover-p-55529.html HTTP/1.0" 200 73930 "-" "Mozilla/5.0 (compatible; MJ12bot/v1.4.8; http://mj12bot.com/)"
148.251.120.201 - - [29/Nov/2021:13:24:57 +0100] "GET /terracotta-ginkgo-cover-yellow-p-55528.html HTTP/1.0" 200 73989 "-" "Mozilla/5.0 (compatible; MJ12bot/v1.4.8; http://mj12bot.com/)"
148.251.120.201 - - [29/Nov/2021:13:25:00 +0100] "GET /tete-de-lit-coussin-c-11_173.html HTTP/1.0" 301 88864 "-" "Mozilla/5.0 (compatible; MJ12bot/v1.4.8; http://mj12bot.com/)"
148.251.120.201 - - [29/Nov/2021:13:25:02 +0100] "GET /cushion-headboard-c-173.html HTTP/1.0" 301 88748 "-" "Mozilla/5.0 (compatible; MJ12bot/v1.4.8; http://mj12bot.com/)"
148.251.120.201 - - [29/Nov/2021:13:25:05 +0100] "GET /cushion-headboard-c-11_173.html HTTP/1.0" 200 88782 "-" "Mozilla/5.0 (compatible; MJ12bot/v1.4.8; http://mj12bot.com/)"
51.143.63.203 - - [29/Nov/2021:13:25:05 +0100] "GET /images/1341689170806b.jpg HTTP/1.0" 200 260 "-" "Mozilla/5.0 (X11; Linux x86_64) AppleWebKit/537.36 (KHTML, like Gecko) Chrome/62.0.3202.62 Safari/537.36"
54.36.148.64 - - [29/Nov/2021:13:25:05 +0100] "GET /story-peel-stick-wall-decals-p-31053.html HTTP/1.0" 200 73457 "-" "Mozilla/5.0 (compatible; AhrefsBot/7.0; +http://ahrefs.com/robot/)"
148.251.120.201 - - [29/Nov/2021:13:25:07 +0100] "GET /tetsubin-beige-teapot-japanese-liter-p-36406.html HTTP/1.0" 301 70841 "-" "Mozilla/5.0 (compatible; MJ12bot/v1.4.8; http://mj12bot.com/)"
185.191.171.13 - - [29/Nov/2021:13:25:09 +0100] "GET /wooden-box-indian-theme-brown-p-44508.html HTTP/1.0" 301 70758 "-" "Mozilla/5.0 (compatible; SemrushBot/7~bl; +http://www.semrush.com/bot.html)"
185.191.171.14 - - [29/Nov/2021:13:25:11 +0100] "GET /wooden-indian-theme-brown-p-44508.html HTTP/1.0" 200 70666 "-" "Mozilla/5.0 (compatible; SemrushBot/7~bl; +http://www.semrush.com/bot.html)"
148.251.120.201 - - [29/Nov/2021:13:25:11 +0100] "GET /tetsubin-grey-teapot-japanese-liter-p-36406.html HTTP/1.0" 200 70739 "-" "Mozilla/5.0 (compatible; MJ12bot/v1.4.8; http://mj12bot.com/)"
148.251.120.201 - - [29/Nov/2021:13:25:14 +0100] "GET /tetsubin-beige-teapots-japanese-p-36406.html HTTP/1.0" 301 70841 "-" "Mozilla/5.0 (compatible; MJ12bot/v1.4.8; http://mj12bot.com/)"
148.251.120.201 - - [29/Nov/2021:13:25:16 +0100] "GET /tetsubin-grey-teapot-japanese-liter-p-36406.html HTTP/1.0" 200 70739 "-" "Mozilla/5.0 (compatible; MJ12bot/v1.4.8; http://mj12bot.com/)"
148.251.120.201 - - [29/Nov/2021:13:25:18 +0100] "GET /tetsubin-grey-teapot-japanese-liter-p-36406.html HTTP/1.0" 200 70739 "-" "Mozilla/5.0 (compatible; MJ12bot/v1.4.8; http://mj12bot.com/)"
148.251.120.201 - - [29/Nov/2021:13:25:21 +0100] "GET /the-ballerina-statue-collection-p-38081.html HTTP/1.0" 301 70802 "-" "Mozilla/5.0 (compatible; MJ12bot/v1.4.8; http://mj12bot.com/)"
185.191.171.39 - - [29/Nov/2021:13:25:23 +0100] "GET /jasmin-orange-book-directory-p-30140.html?action=add_product HTTP/1.0" 302 476 "-" "Mozilla/5.0 (compatible; SemrushBot/7~bl; +http://www.semrush.com/bot.html)"
148.251.120.201 - - [29/Nov/2021:13:25:24 +0100] "GET /ballerina-statue-collection-p-38081.html HTTP/1.0" 200 70708 "-" "Mozilla/5.0 (compatible; MJ12bot/v1.4.8; http://mj12bot.com/)"
148.251.120.201 - - [29/Nov/2021:13:25:26 +0100] "GET /the-diver-figurine-p-51097.html HTTP/1.0" 301 70631 "-" "Mozilla/5.0 (compatible; MJ12bot/v1.4.8; http://mj12bot.com/)"
148.251.120.201 - - [29/Nov/2021:13:25:28 +0100] "GET /-p-51097.html HTTP/1.0" 200 70564 "-" "Mozilla/5.0 (compatible; MJ12bot/v1.4.8; http://mj12bot.com/)"
148.251.120.201 - - [29/Nov/2021:13:25:30 +0100] "GET /the-garden-ceramic-mug-with-tea-bag-rests-p-38242.html HTTP/1.0" 301 73383 "-" "Mozilla/5.0 (compatible; MJ12bot/v1.4.8; http://mj12bot.com/)"
157.55.39.228 - - [29/Nov/2021:13:25:31 +0100] "GET /harley-davidson-american-classic-metal-plate-p-23297.html HTTP/1.0" 200 73405 "-" "Mozilla/5.0 (compatible; bingbot/2.0; +http://www.bing.com/bingbot.htm)"
148.251.120.201 - - [29/Nov/2021:13:25:32 +0100] "GET /garden-ceramic-with-rests-p-38242.html HTTP/1.0" 200 73291 "-" "Mozilla/5.0 (compatible; MJ12bot/v1.4.8; http://mj12bot.com/)"
54.36.148.212 - - [29/Nov/2021:13:25:34 +0100] "GET /rebecca-bedclothes-p-55451.html HTTP/1.0" 200 73939 "-" "Mozilla/5.0 (compatible; AhrefsBot/7.0; +http://ahrefs.com/robot/)"
148.251.120.201 - - [29/Nov/2021:13:25:35 +0100] "GET /the-little-prince-isothermic-stainless-steel-bottle-p-53162.html HTTP/1.0" 301 73559 "-" "Mozilla/5.0 (compatible; MJ12bot/v1.4.8; http://mj12bot.com/)"
148.251.120.201 - - [29/Nov/2021:13:25:37 +0100] "GET /little-prince-isothermic-stainless-steel-bottle-p-53162.html HTTP/1.0" 200 73445 "-" "Mozilla/5.0 (compatible; MJ12bot/v1.4.8; http://mj12bot.com/)"
148.251.120.201 - - [29/Nov/2021:13:25:39 +0100] "GET /the-little-prince-of-st-exupery-figurine-p-53179.html HTTP/1.0" 301 73452 "-" "Mozilla/5.0 (compatible; MJ12bot/v1.4.8; http://mj12bot.com/)"
148.251.120.201 - - [29/Nov/2021:13:25:41 +0100] "GET /little-prince-exupery-figurine-p-53179.html HTTP/1.0" 200 73355 "-" "Mozilla/5.0 (compatible; MJ12bot/v1.4.8; http://mj12bot.com/)"
148.251.120.201 - - [29/Nov/2021:13:25:44 +0100] "GET /the-rugs-c-11_269.html?page=7 HTTP/1.0" 301 91963 "-" "Mozilla/5.0 (compatible; MJ12bot/v1.4.8; http://mj12bot.com/)"
148.251.120.201 - - [29/Nov/2021:13:25:46 +0100] "GET /rugs-c-269.html?page=7 HTTP/1.0" 200 91768 "-" "Mozilla/5.0 (compatible; MJ12bot/v1.4.8; http://mj12bot.com/)"
148.251.120.201 - - [29/Nov/2021:13:25:48 +0100] "GET /the-rugs-c-269.html HTTP/1.0" 301 91778 "-" "Mozilla/5.0 (compatible; MJ12bot/v1.4.8; http://mj12bot.com/)"
148.251.120.201 - - [29/Nov/2021:13:25:50 +0100] "GET /rugs-c-11_269.html HTTP/1.0" 200 91825 "-" "Mozilla/5.0 (compatible; MJ12bot/v1.4.8; http://mj12bot.com/)"
148.251.120.201 - - [29/Nov/2021:13:25:52 +0100] "GET /theiere-egoiste-tetsubin-c-12_175.html HTTP/1.0" 301 91111 "-" "Mozilla/5.0 (compatible; MJ12bot/v1.4.8; http://mj12bot.com/)"
148.251.120.201 - - [29/Nov/2021:13:25:54 +0100] "GET /tea-pot-c-175.html HTTP/1.0" 301 91010 "-" "Mozilla/5.0 (compatible; MJ12bot/v1.4.8; http://mj12bot.com/)"
148.251.120.201 - - [29/Nov/2021:13:25:57 +0100] "GET /tea-pot-c-12_175.html HTTP/1.0" 200 91039 "-" "Mozilla/5.0 (compatible; MJ12bot/v1.4.8; http://mj12bot.com/)"
148.251.120.201 - - [29/Nov/2021:13:25:59 +0100] "GET /theiere-en-verre-avec-son-infuseur-04-litres-p-49612.html HTTP/1.0" 301 73324 "-" "Mozilla/5.0 (compatible; MJ12bot/v1.4.8; http://mj12bot.com/)"
148.251.120.201 - - [29/Nov/2021:13:26:01 +0100] "GET /teapot-with-infuser-liters-p-49612.html HTTP/1.0" 200 73231 "-" "Mozilla/5.0 (compatible; MJ12bot/v1.4.8; http://mj12bot.com/)"
148.251.120.201 - - [29/Nov/2021:13:26:03 +0100] "GET /theiere-tetsubin-en-fonte-japonaise-noire-12-p-53561.html HTTP/1.0" 301 75192 "-" "Mozilla/5.0 (compatible; MJ12bot/v1.4.8; http://mj12bot.com/)"
148.251.120.201 - - [29/Nov/2021:13:26:05 +0100] "GET /japanese-style-tetsubin-cast-iron-liter-teapot-p-53561.html HTTP/1.0" 200 75079 "-" "Mozilla/5.0 (compatible; MJ12bot/v1.4.8; http://mj12bot.com/)"
148.251.120.201 - - [29/Nov/2021:13:26:07 +0100] "GET /thermometres-deco-c-13_145.html HTTP/1.0" 301 90677 "-" "Mozilla/5.0 (compatible; MJ12bot/v1.4.8; http://mj12bot.com/)"
54.36.148.148 - - [29/Nov/2021:13:26:08 +0100] "GET /beyond-charms-keychain-zebra-p-51836.html HTTP/1.0" 200 74467 "-" "Mozilla/5.0 (compatible; AhrefsBot/7.0; +http://ahrefs.com/robot/)"
148.251.120.201 - - [29/Nov/2021:13:26:09 +0100] "GET /decoration-thermometers-c-145.html HTTP/1.0" 301 90554 "-" "Mozilla/5.0 (compatible; MJ12bot/v1.4.8; http://mj12bot.com/)"
148.251.120.201 - - [29/Nov/2021:13:26:11 +0100] "GET /decoration-thermometers-c-13_145.html HTTP/1.0" 200 90589 "-" "Mozilla/5.0 (compatible; MJ12bot/v1.4.8; http://mj12bot.com/)"
148.251.120.201 - - [29/Nov/2021:13:26:13 +0100] "GET /thermomtre-verre-galile-bleu-galileo-p-55393.html HTTP/1.0" 301 74029 "-" "Mozilla/5.0 (compatible; MJ12bot/v1.4.8; http://mj12bot.com/)"
148.251.120.201 - - [29/Nov/2021:13:26:16 +0100] "GET /galileo-thermometer-indoors-p-55393.html HTTP/1.0" 200 73935 "-" "Mozilla/5.0 (compatible; MJ12bot/v1.4.8; http://mj12bot.com/)"
216.244.66.242 - - [29/Nov/2021:13:26:17 +0100] "GET /robots.txt HTTP/1.0" 200 245 "-" "Mozilla/5.0 (compatible; DotBot/1.2; +https://opensiteexplorer.org/dotbot; help@moz.com)"
148.251.120.201 - - [29/Nov/2021:13:26:19 +0100] "GET /thermomtre-verre-galile-galileo-ampoule-socle-p-55397.html HTTP/1.0" 301 74033 "-" "Mozilla/5.0 (compatible; MJ12bot/v1.4.8; http://mj12bot.com/)"
148.251.120.201 - - [29/Nov/2021:13:26:21 +0100] "GET /galileo-thermometer-indoors-p-55397.html HTTP/1.0" 200 73939 "-" "Mozilla/5.0 (compatible; MJ12bot/v1.4.8; http://mj12bot.com/)"
148.251.120.201 - - [29/Nov/2021:13:26:23 +0100] "GET /thermomtre-verre-galile-galileo-p-55401.html HTTP/1.0" 301 74148 "-" "Mozilla/5.0 (compatible; MJ12bot/v1.4.8; http://mj12bot.com/)"
148.251.120.201 - - [29/Nov/2021:13:26:26 +0100] "GET /galileo-thermometer-indoors-p-55401.html HTTP/1.0" 200 74054 "-" "Mozilla/5.0 (compatible; MJ12bot/v1.4.8; http://mj12bot.com/)"
185.191.171.18 - - [29/Nov/2021:13:26:27 +0100] "GET /mobile-tealight-brown-patinated-metal-p-37210.html?action=add_product HTTP/1.0" 302 476 "-" "Mozilla/5.0 (compatible; SemrushBot/7~bl; +http://www.semrush.com/bot.html)"
148.251.120.201 - - [29/Nov/2021:13:26:30 +0100] "GET /thermomtres-c-13_145.html HTTP/1.0" 301 90677 "-" "Mozilla/5.0 (compatible; MJ12bot/v1.4.8; http://mj12bot.com/)"
148.251.120.201 - - [29/Nov/2021:13:26:32 +0100] "GET /decoration-thermometers-c-145.html HTTP/1.0" 301 90554 "-" "Mozilla/5.0 (compatible; MJ12bot/v1.4.8; http://mj12bot.com/)"
148.251.120.201 - - [29/Nov/2021:13:26:34 +0100] "GET /decoration-thermometers-c-13_145.html HTTP/1.0" 200 90589 "-" "Mozilla/5.0 (compatible; MJ12bot/v1.4.8; http://mj12bot.com/)"
54.36.149.70 - - [29/Nov/2021:13:26:36 +0100] "GET /lover-pouch-kiub-collection-p-54784.html HTTP/1.0" 200 73475 "-" "Mozilla/5.0 (compatible; AhrefsBot/7.0; +http://ahrefs.com/robot/)"
148.251.120.201 - - [29/Nov/2021:13:26:36 +0100] "GET /thinkerbell-scarf-p-22148.html HTTP/1.0" 200 73419 "-" "Mozilla/5.0 (compatible; MJ12bot/v1.4.8; http://mj12bot.com/)"
148.251.120.201 - - [29/Nov/2021:13:26:39 +0100] "GET /thread-count-cotton-percale-fitted-sheet-p-54438.html HTTP/1.0" 200 74345 "-" "Mozilla/5.0 (compatible; MJ12bot/v1.4.8; http://mj12bot.com/)"
148.251.120.201 - - [29/Nov/2021:13:26:42 +0100] "GET /thread-count-cotton-percale-fitted-sheet-p-54439.html HTTP/1.0" 200 74345 "-" "Mozilla/5.0 (compatible; MJ12bot/v1.4.8; http://mj12bot.com/)"
148.251.120.201 - - [29/Nov/2021:13:26:44 +0100] "GET /thread-count-cotton-percale-fitted-sheet-p-54440.html HTTP/1.0" 200 74345 "-" "Mozilla/5.0 (compatible; MJ12bot/v1.4.8; http://mj12bot.com/)"
148.251.120.201 - - [29/Nov/2021:13:26:46 +0100] "GET /thread-count-cotton-percale-fitted-sheet-p-54448.html HTTP/1.0" 200 74345 "-" "Mozilla/5.0 (compatible; MJ12bot/v1.4.8; http://mj12bot.com/)"
185.191.171.20 - - [29/Nov/2021:13:26:46 +0100] "GET /cooking-tools-guest-towel-p-41616.html HTTP/1.0" 200 70680 "-" "Mozilla/5.0 (compatible; SemrushBot/7~bl; +http://www.semrush.com/bot.html)"
148.251.120.201 - - [29/Nov/2021:13:26:48 +0100] "GET /tibetan-meditation-table-p-45460.html HTTP/1.0" 200 70675 "-" "Mozilla/5.0 (compatible; MJ12bot/v1.4.8; http://mj12bot.com/)"
148.251.120.201 - - [29/Nov/2021:13:26:50 +0100] "GET /tiger-blue-porcelain-bowl-480-ml-p-47862.html HTTP/1.0" 301 73287 "-" "Mozilla/5.0 (compatible; MJ12bot/v1.4.8; http://mj12bot.com/)"
148.251.120.201 - - [29/Nov/2021:13:26:52 +0100] "GET /tiger-blue-porcelain-bowl-p-47862.html HTTP/1.0" 200 73195 "-" "Mozilla/5.0 (compatible; MJ12bot/v1.4.8; http://mj12bot.com/)"
148.251.120.201 - - [29/Nov/2021:13:26:54 +0100] "GET /tinkerbell-round-pencil-case-p-19637.html HTTP/1.0" 200 73439 "-" "Mozilla/5.0 (compatible; MJ12bot/v1.4.8; http://mj12bot.com/)"
148.251.120.201 - - [29/Nov/2021:13:26:56 +0100] "GET /tire-bouchon-dcapsuleur-sommelier-c-12_213.html HTTP/1.0" 301 91122 "-" "Mozilla/5.0 (compatible; MJ12bot/v1.4.8; http://mj12bot.com/)"
148.251.120.201 - - [29/Nov/2021:13:26:58 +0100] "GET /corkscrew-bottle-opener-sommelier-c-213.html HTTP/1.0" 301 91021 "-" "Mozilla/5.0 (compatible; MJ12bot/v1.4.8; http://mj12bot.com/)"
148.251.120.201 - - [29/Nov/2021:13:27:00 +0100] "GET /corkscrew-bottle-opener-sommelier-c-12_213.html HTTP/1.0" 200 91024 "-" "Mozilla/5.0 (compatible; MJ12bot/v1.4.8; http://mj12bot.com/)"
148.251.120.201 - - [29/Nov/2021:13:27:02 +0100] "GET /tire-bouchon-decapsuleur-kit-sommelier-c-12_213.html HTTP/1.0" 301 91122 "-" "Mozilla/5.0 (compatible; MJ12bot/v1.4.8; http://mj12bot.com/)"
54.36.149.66 - - [29/Nov/2021:13:27:04 +0100] "GET /checked-phone-cover-iphone-p-14634.html HTTP/1.0" 200 74043 "-" "Mozilla/5.0 (compatible; AhrefsBot/7.0; +http://ahrefs.com/robot/)"
148.251.120.201 - - [29/Nov/2021:13:27:04 +0100] "GET /corkscrew-bottle-opener-sommelier-c-213.html HTTP/1.0" 301 91021 "-" "Mozilla/5.0 (compatible; MJ12bot/v1.4.8; http://mj12bot.com/)"
148.251.120.201 - - [29/Nov/2021:13:27:08 +0100] "GET /corkscrew-bottle-opener-sommelier-c-12_213.html HTTP/1.0" 200 91024 "-" "Mozilla/5.0 (compatible; MJ12bot/v1.4.8; http://mj12bot.com/)"
148.251.120.201 - - [29/Nov/2021:13:27:10 +0100] "GET /tirelire-cochon-corse-cramique-blanche-p-54518.html HTTP/1.0" 301 73412 "-" "Mozilla/5.0 (compatible; MJ12bot/v1.4.8; http://mj12bot.com/)"
148.251.120.201 - - [29/Nov/2021:13:27:12 +0100] "GET /small-white-corsican-money-p-54518.html HTTP/1.0" 200 73319 "-" "Mozilla/5.0 (compatible; MJ12bot/v1.4.8; http://mj12bot.com/)"
114.119.128.39 - - [29/Nov/2021:13:27:14 +0100] "GET /car-air-freshener-heart-and-home-intense-p-40600.html HTTP/1.0" 301 73637 "-" "Mozilla/5.0 (Linux; Android 7.0;) AppleWebKit/537.36 (KHTML, like Gecko) Mobile Safari/537.36 (compatible; PetalBot;+https://webmaster.petalsearch.com/site/petalbot)"
148.251.120.201 - - [29/Nov/2021:13:27:14 +0100] "GET /tirelire-cochon-ma-premiere-tirelire-p-45400.html HTTP/1.0" 301 73319 "-" "Mozilla/5.0 (compatible; MJ12bot/v1.4.8; http://mj12bot.com/)"
148.251.120.201 - - [29/Nov/2021:13:27:17 +0100] "GET /black-piggy-bank-premire-tirelire-p-45400.html HTTP/1.0" 200 73219 "-" "Mozilla/5.0 (compatible; MJ12bot/v1.4.8; http://mj12bot.com/)"
148.251.120.201 - - [29/Nov/2021:13:27:20 +0100] "GET /tirelire-etoile-bleue-pailletee-pour-quand-je-serai-grand-p-47764.html HTTP/1.0" 301 73283 "-" "Mozilla/5.0 (compatible; MJ12bot/v1.4.8; http://mj12bot.com/)"
114.119.128.39 - - [29/Nov/2021:13:27:20 +0100] "GET /freshener-heart-home-intense-p-40600.html HTTP/1.0" 200 73542 "-" "Mozilla/5.0 (Linux; Android 7.0;) AppleWebKit/537.36 (KHTML, like Gecko) Mobile Safari/537.36 (compatible; PetalBot;+https://webmaster.petalsearch.com/site/petalbot)"
148.251.120.201 - - [29/Nov/2021:13:27:22 +0100] "GET /blue-star-money-p-47764.html HTTP/1.0" 200 73201 "-" "Mozilla/5.0 (compatible; MJ12bot/v1.4.8; http://mj12bot.com/)"
148.251.120.201 - - [29/Nov/2021:13:27:24 +0100] "GET /tirelire-lama-blanc-en-ceramique-14-cm-p-47723.html HTTP/1.0" 301 70748 "-" "Mozilla/5.0 (compatible; MJ12bot/v1.4.8; http://mj12bot.com/)"
40.77.167.66 - - [29/Nov/2021:13:27:24 +0100] "GET /images/big_prod/8904245400088.jpg HTTP/1.0" 200 268 "-" "Mozilla/5.0 (compatible; bingbot/2.0; +http://www.bing.com/bingbot.htm)"
148.251.120.201 - - [29/Nov/2021:13:27:26 +0100] "GET /white-lama-piggy-bank-p-47723.html HTTP/1.0" 200 70660 "-" "Mozilla/5.0 (compatible; MJ12bot/v1.4.8; http://mj12bot.com/)"
148.251.120.201 - - [29/Nov/2021:13:27:29 +0100] "GET /tirelire-le-petit-prince-de-st-exupery-en-bois-p-49731.html HTTP/1.0" 301 70749 "-" "Mozilla/5.0 (compatible; MJ12bot/v1.4.8; http://mj12bot.com/)"
148.251.120.201 - - [29/Nov/2021:13:27:31 +0100] "GET /blue-little-prince-money-p-49731.html HTTP/1.0" 200 70658 "-" "Mozilla/5.0 (compatible; MJ12bot/v1.4.8; http://mj12bot.com/)"
148.251.120.201 - - [29/Nov/2021:13:27:33 +0100] "GET /tirelire-licorne-en-ceramique-blanche-p-50753.html HTTP/1.0" 301 73301 "-" "Mozilla/5.0 (compatible; MJ12bot/v1.4.8; http://mj12bot.com/)"
185.191.171.34 - - [29/Nov/2021:13:27:35 +0100] "GET /purse-and-wallet-c-31_76.html?page=12 HTTP/1.0" 301 82992 "-" "Mozilla/5.0 (compatible; SemrushBot/7~bl; +http://www.semrush.com/bot.html)"
148.251.120.201 - - [29/Nov/2021:13:27:35 +0100] "GET /white-unicorn-moneybox-p-50753.html HTTP/1.0" 200 73212 "-" "Mozilla/5.0 (compatible; MJ12bot/v1.4.8; http://mj12bot.com/)"
185.191.171.15 - - [29/Nov/2021:13:27:37 +0100] "GET /purse-wallet-c-76.html?page=12 HTTP/1.0" 301 82837 "-" "Mozilla/5.0 (compatible; SemrushBot/7~bl; +http://www.semrush.com/bot.html)"
148.251.120.201 - - [29/Nov/2021:13:27:37 +0100] "GET /tirelire-toucan-en-ceramique-noir-p-47934.html HTTP/1.0" 301 73356 "-" "Mozilla/5.0 (compatible; MJ12bot/v1.4.8; http://mj12bot.com/)"
185.191.171.3 - - [29/Nov/2021:13:27:39 +0100] "GET /purse-wallet-c-31_76.html?page=12 HTTP/1.0" 200 82908 "-" "Mozilla/5.0 (compatible; SemrushBot/7~bl; +http://www.semrush.com/bot.html)"
148.251.120.201 - - [29/Nov/2021:13:27:39 +0100] "GET /toucan-money-black-p-47934.html HTTP/1.0" 200 73271 "-" "Mozilla/5.0 (compatible; MJ12bot/v1.4.8; http://mj12bot.com/)"
54.36.148.68 - - [29/Nov/2021:13:27:39 +0100] "GET /clocks-c-13_67.html?page=3 HTTP/1.0" 200 93744 "-" "Mozilla/5.0 (compatible; AhrefsBot/7.0; +http://ahrefs.com/robot/)"
148.251.120.201 - - [29/Nov/2021:13:27:42 +0100] "GET /tirelires-c-13_83.html HTTP/1.0" 301 93087 "-" "Mozilla/5.0 (compatible; MJ12bot/v1.4.8; http://mj12bot.com/)"
148.251.120.201 - - [29/Nov/2021:13:27:44 +0100] "GET /money-boxes-c-83.html HTTP/1.0" 301 92964 "-" "Mozilla/5.0 (compatible; MJ12bot/v1.4.8; http://mj12bot.com/)"
148.251.120.201 - - [29/Nov/2021:13:27:45 +0100] "GET /money-boxes-c-13_83.html HTTP/1.0" 200 93012 "-" "Mozilla/5.0 (compatible; MJ12bot/v1.4.8; http://mj12bot.com/)"
66.249.75.170 - - [29/Nov/2021:13:27:48 +0100] "GET /images/mini_prod/3520071818139.jpg HTTP/1.0" 200 269 "-" "Googlebot-Image/1.0"
148.251.120.201 - - [29/Nov/2021:13:27:49 +0100] "GET /tisaniere-avec-infuseur-metal-collection-britanny-papillon-p-47846.html HTTP/1.0" 301 73365 "-" "Mozilla/5.0 (compatible; MJ12bot/v1.4.8; http://mj12bot.com/)"
148.251.120.201 - - [29/Nov/2021:13:27:50 +0100] "GET /with-infuser-britanny-p-47846.html HTTP/1.0" 200 73277 "-" "Mozilla/5.0 (compatible; MJ12bot/v1.4.8; http://mj12bot.com/)"
185.191.171.42 - - [29/Nov/2021:13:27:51 +0100] "GET /tassen-mood-made-germany-p-43323.html?action=add_product HTTP/1.0" 302 476 "-" "Mozilla/5.0 (compatible; SemrushBot/7~bl; +http://www.semrush.com/bot.html)"
148.251.120.201 - - [29/Nov/2021:13:27:53 +0100] "GET /tisaniere-avec-infuseur-metal-collection-tiger-blanc-p-47844.html HTTP/1.0" 301 73358 "-" "Mozilla/5.0 (compatible; MJ12bot/v1.4.8; http://mj12bot.com/)"
148.251.120.201 - - [29/Nov/2021:13:27:55 +0100] "GET /with-infuser-tiger-white-p-47844.html HTTP/1.0" 200 73267 "-" "Mozilla/5.0 (compatible; MJ12bot/v1.4.8; http://mj12bot.com/)"
148.251.120.201 - - [29/Nov/2021:13:27:57 +0100] "GET /tisaniere-avec-infuseur-metal-ours-en-hiver-p-45603.html HTTP/1.0" 301 73259 "-" "Mozilla/5.0 (compatible; MJ12bot/v1.4.8; http://mj12bot.com/)"
148.251.120.201 - - [29/Nov/2021:13:28:00 +0100] "GET /bear-teapot-p-45603.html HTTP/1.0" 200 73181 "-" "Mozilla/5.0 (compatible; MJ12bot/v1.4.8; http://mj12bot.com/)"
148.251.120.201 - - [29/Nov/2021:13:28:03 +0100] "GET /tisaniere-carreaux-de-ciment-bleu-et-beige-p-52870.html HTTP/1.0" 301 70799 "-" "Mozilla/5.0 (compatible; MJ12bot/v1.4.8; http://mj12bot.com/)"
148.251.120.201 - - [29/Nov/2021:13:28:04 +0100] "GET /tisanire-cement-tiles-blue-beige-p-52870.html HTTP/1.0" 200 70700 "-" "Mozilla/5.0 (compatible; MJ12bot/v1.4.8; http://mj12bot.com/)"
148.251.120.201 - - [29/Nov/2021:13:28:06 +0100] "GET /tisaniere-cement-tiles-blue-and-beige-p-52870.html HTTP/1.0" 301 70799 "-" "Mozilla/5.0 (compatible; MJ12bot/v1.4.8; http://mj12bot.com/)"
148.251.120.201 - - [29/Nov/2021:13:28:08 +0100] "GET /tisanire-cement-tiles-blue-beige-p-52870.html HTTP/1.0" 200 70700 "-" "Mozilla/5.0 (compatible; MJ12bot/v1.4.8; http://mj12bot.com/)"
148.251.120.201 - - [29/Nov/2021:13:28:10 +0100] "GET /tisaniere-et-mug-avec-infuseur-the-c-12_221.html HTTP/1.0" 301 91235 "-" "Mozilla/5.0 (compatible; MJ12bot/v1.4.8; http://mj12bot.com/)"
54.36.148.71 - - [29/Nov/2021:13:28:11 +0100] "GET /resin-statuette-chinese-flute-player-p-42952.html HTTP/1.0" 200 73363 "-" "Mozilla/5.0 (compatible; AhrefsBot/7.0; +http://ahrefs.com/robot/)"
148.251.120.201 - - [29/Nov/2021:13:28:12 +0100] "GET /with-infuser-c-221.html HTTP/1.0" 301 91134 "-" "Mozilla/5.0 (compatible; MJ12bot/v1.4.8; http://mj12bot.com/)"
148.251.120.201 - - [29/Nov/2021:13:28:15 +0100] "GET /with-infuser-c-12_221.html HTTP/1.0" 200 91158 "-" "Mozilla/5.0 (compatible; MJ12bot/v1.4.8; http://mj12bot.com/)"
148.251.120.201 - - [29/Nov/2021:13:28:17 +0100] "GET /tisaniere-porcelaine-avec-infuseur-guepard-p-51560.html HTTP/1.0" 301 70804 "-" "Mozilla/5.0 (compatible; MJ12bot/v1.4.8; http://mj12bot.com/)"
148.251.120.201 - - [29/Nov/2021:13:28:19 +0100] "GET /with-infuser-filter-cheetah-p-51560.html HTTP/1.0" 200 70710 "-" "Mozilla/5.0 (compatible; MJ12bot/v1.4.8; http://mj12bot.com/)"
148.251.120.201 - - [29/Nov/2021:13:28:22 +0100] "GET /tisaniere-porcelaine-avec-infuseur-singe-p-51558.html HTTP/1.0" 301 70801 "-" "Mozilla/5.0 (compatible; MJ12bot/v1.4.8; http://mj12bot.com/)"
148.251.120.201 - - [29/Nov/2021:13:28:23 +0100] "GET /with-infuser-filter-monkey-p-51558.html HTTP/1.0" 200 70708 "-" "Mozilla/5.0 (compatible; MJ12bot/v1.4.8; http://mj12bot.com/)"
148.251.120.201 - - [29/Nov/2021:13:28:26 +0100] "GET /tisaniere-rainforest-en-porcelaine-avec-infuseur-metal-p-53004.html HTTP/1.0" 301 73455 "-" "Mozilla/5.0 (compatible; MJ12bot/v1.4.8; http://mj12bot.com/)"
148.251.120.201 - - [29/Nov/2021:13:28:28 +0100] "GET /double-walled-porcelain-with-infuser-p-53004.html HTTP/1.0" 200 73352 "-" "Mozilla/5.0 (compatible; MJ12bot/v1.4.8; http://mj12bot.com/)"
148.251.120.201 - - [29/Nov/2021:13:28:30 +0100] "GET /tisaniere-renard-sweet-home-avec-infuseur-metal-p-45638.html HTTP/1.0" 301 70742 "-" "Mozilla/5.0 (compatible; MJ12bot/v1.4.8; http://mj12bot.com/)"
148.251.120.201 - - [29/Nov/2021:13:28:32 +0100] "GET /tisanire-infuser-p-45638.html HTTP/1.0" 200 70659 "-" "Mozilla/5.0 (compatible; MJ12bot/v1.4.8; http://mj12bot.com/)"
148.251.120.201 - - [29/Nov/2021:13:28:34 +0100] "GET /tisanire-avec-infuseur-c-12_221.html HTTP/1.0" 301 91235 "-" "Mozilla/5.0 (compatible; MJ12bot/v1.4.8; http://mj12bot.com/)"
148.251.120.201 - - [29/Nov/2021:13:28:36 +0100] "GET /with-infuser-c-221.html HTTP/1.0" 301 91134 "-" "Mozilla/5.0 (compatible; MJ12bot/v1.4.8; http://mj12bot.com/)"
148.251.120.201 - - [29/Nov/2021:13:28:38 +0100] "GET /with-infuser-c-12_221.html HTTP/1.0" 200 91158 "-" "Mozilla/5.0 (compatible; MJ12bot/v1.4.8; http://mj12bot.com/)"
148.251.120.201 - - [29/Nov/2021:13:28:40 +0100] "GET /tisanire-cement-tiles-blue-beige-p-52870.html HTTP/1.0" 200 70700 "-" "Mozilla/5.0 (compatible; MJ12bot/v1.4.8; http://mj12bot.com/)"
