148.251.120.201 - - [29/Nov/2021:13:06:18 +0100] "GET /small-white-corsican-money-p-54518.html HTTP/1.0" 200 73319 "-" "Mozilla/5.0 (compatible; MJ12bot/v1.4.8; http://mj12bot.com/)"
54.36.148.9 - - [29/Nov/2021:13:06:23 +0100] "GET /lighting-c-13_86.html?page=21 HTTP/1.0" 200 92088 "-" "Mozilla/5.0 (compatible; AhrefsBot/7.0; +http://ahrefs.com/robot/)"
185.191.171.12 - - [29/Nov/2021:13:06:23 +0100] "GET /support-metal-bottle-sailing-ship-p-53008.html HTTP/1.0" 200 73360 "-" "Mozilla/5.0 (compatible; SemrushBot/7~bl; +http://www.semrush.com/bot.html)"
148.251.120.201 - - [29/Nov/2021:13:06:25 +0100] "GET /small-wooden-towel-holder-hang-p-51016.html HTTP/1.0" 200 73339 "-" "Mozilla/5.0 (compatible; MJ12bot/v1.4.8; http://mj12bot.com/)"
148.251.120.201 - - [29/Nov/2021:13:06:30 +0100] "GET /small-wooden-towel-holder-hang-p-51017.html HTTP/1.0" 200 73339 "-" "Mozilla/5.0 (compatible; MJ12bot/v1.4.8; http://mj12bot.com/)"
148.251.120.201 - - [29/Nov/2021:13:06:36 +0100] "GET /small-wooden-towel-holder-hang-p-51019.html HTTP/1.0" 200 73339 "-" "Mozilla/5.0 (compatible; MJ12bot/v1.4.8; http://mj12bot.com/)"
185.191.171.19 - - [29/Nov/2021:13:06:36 +0100] "GET /dora-explorer-stickers-p-27894.html?action=add_product HTTP/1.0" 302 476 "-" "Mozilla/5.0 (compatible; SemrushBot/7~bl; +http://www.semrush.com/bot.html)"
148.251.120.201 - - [29/Nov/2021:13:06:41 +0100] "GET /snow-and-glitter-ball-c-259.html HTTP/1.0" 301 90344 "-" "Mozilla/5.0 (compatible; MJ12bot/v1.4.8; http://mj12bot.com/)"
165.154.72.231 - - [29/Nov/2021:13:06:42 +0100] "GET /images/mini_prod/8412497371747.jpg HTTP/1.0" 200 269 "-" "Mozilla/5.0 (X11; Ubuntu; Linux x86_64; rv:72.0) Gecko/20100101 Firefox/72.0"
148.251.120.201 - - [29/Nov/2021:13:06:47 +0100] "GET /snow-glitter-ball-c-13_259.html HTTP/1.0" 200 90385 "-" "Mozilla/5.0 (compatible; MJ12bot/v1.4.8; http://mj12bot.com/)"
148.251.120.201 - - [29/Nov/2021:13:06:51 +0100] "GET /snow-white-miss-mindy-figurine-p-45591.html HTTP/1.0" 200 73948 "-" "Mozilla/5.0 (compatible; MJ12bot/v1.4.8; http://mj12bot.com/)"
148.251.120.201 - - [29/Nov/2021:13:06:56 +0100] "GET /so-chic-kitchen-towel-p-45546.html HTTP/1.0" 301 70717 "-" "Mozilla/5.0 (compatible; MJ12bot/v1.4.8; http://mj12bot.com/)"
54.36.148.152 - - [29/Nov/2021:13:06:56 +0100] "GET /brass-bell-with-wooden-handle-p-56650.html HTTP/1.0" 200 73904 "-" "Mozilla/5.0 (compatible; AhrefsBot/7.0; +http://ahrefs.com/robot/)"
114.119.134.3 - - [29/Nov/2021:13:06:57 +0100] "GET /the-rugs-c-11_269.html?page=4 HTTP/1.0" 301 91355 "-" "Mozilla/5.0 (compatible;PetalBot;+https://webmaster.petalsearch.com/site/petalbot)"
114.119.134.3 - - [29/Nov/2021:13:06:58 +0100] "GET /rugs-c-269.html?page=4 HTTP/1.0" 200 91160 "-" "Mozilla/5.0 (compatible;PetalBot;+https://webmaster.petalsearch.com/site/petalbot)"
148.251.120.201 - - [29/Nov/2021:13:07:02 +0100] "GET /chic-kitchen-towel-p-45546.html HTTP/1.0" 200 70632 "-" "Mozilla/5.0 (compatible; MJ12bot/v1.4.8; http://mj12bot.com/)"
185.191.171.14 - - [29/Nov/2021:13:07:05 +0100] "GET /flamingo-fitted-sheet-p-51984.html HTTP/1.0" 200 73219 "-" "Mozilla/5.0 (compatible; SemrushBot/7~bl; +http://www.semrush.com/bot.html)"
148.251.120.201 - - [29/Nov/2021:13:07:07 +0100] "GET /soap-tin-box-c-171.html HTTP/1.0" 301 90453 "-" "Mozilla/5.0 (compatible; MJ12bot/v1.4.8; http://mj12bot.com/)"
148.251.120.201 - - [29/Nov/2021:13:07:12 +0100] "GET /soap-c-13_150_171.html HTTP/1.0" 200 90630 "-" "Mozilla/5.0 (compatible; MJ12bot/v1.4.8; http://mj12bot.com/)"
148.251.120.201 - - [29/Nov/2021:13:07:18 +0100] "GET /socks-for-adults-c-137.html HTTP/1.0" 301 69607 "-" "Mozilla/5.0 (compatible; MJ12bot/v1.4.8; http://mj12bot.com/)"
148.251.120.201 - - [29/Nov/2021:13:07:23 +0100] "GET /socks-adults-c-53_137.html HTTP/1.0" 200 69628 "-" "Mozilla/5.0 (compatible; MJ12bot/v1.4.8; http://mj12bot.com/)"
54.36.149.80 - - [29/Nov/2021:13:07:28 +0100] "GET /cushions-c-11_71.html?page=3 HTTP/1.0" 200 89796 "-" "Mozilla/5.0 (compatible; AhrefsBot/7.0; +http://ahrefs.com/robot/)"
148.251.120.201 - - [29/Nov/2021:13:07:29 +0100] "GET /sophie-giraffe-glitter-globe-p-30604.html HTTP/1.0" 200 73395 "-" "Mozilla/5.0 (compatible; MJ12bot/v1.4.8; http://mj12bot.com/)"
148.251.120.201 - - [29/Nov/2021:13:07:35 +0100] "GET /sophie-giraffe-night-light-stars-projector-musical-p-51619.html HTTP/1.0" 200 70762 "-" "Mozilla/5.0 (compatible; MJ12bot/v1.4.8; http://mj12bot.com/)"
148.251.120.201 - - [29/Nov/2021:13:07:41 +0100] "GET /spiderman-pairs-socks-size-p-46846.html HTTP/1.0" 200 72954 "-" "Mozilla/5.0 (compatible; MJ12bot/v1.4.8; http://mj12bot.com/)"
148.251.120.201 - - [29/Nov/2021:13:07:48 +0100] "GET /sponge-stand-c-256.html HTTP/1.0" 301 77733 "-" "Mozilla/5.0 (compatible; MJ12bot/v1.4.8; http://mj12bot.com/)"
148.251.120.201 - - [29/Nov/2021:13:07:53 +0100] "GET /sponge-stand-c-12_256.html HTTP/1.0" 200 77757 "-" "Mozilla/5.0 (compatible; MJ12bot/v1.4.8; http://mj12bot.com/)"
148.251.120.201 - - [29/Nov/2021:13:07:59 +0100] "GET /square-wooden-box-with-metal-stud-decorations-p-48059.html HTTP/1.0" 301 70834 "-" "Mozilla/5.0 (compatible; MJ12bot/v1.4.8; http://mj12bot.com/)"
54.36.148.92 - - [29/Nov/2021:13:08:02 +0100] "GET /zen-singing-bowl-chakra-throat-blue-p-42130.html HTTP/1.0" 301 73421 "-" "Mozilla/5.0 (compatible; AhrefsBot/7.0; +http://ahrefs.com/robot/)"
148.251.120.201 - - [29/Nov/2021:13:08:04 +0100] "GET /square-wooden-with-metal-stud-decorations-p-48059.html HTTP/1.0" 200 70726 "-" "Mozilla/5.0 (compatible; MJ12bot/v1.4.8; http://mj12bot.com/)"
54.36.148.72 - - [29/Nov/2021:13:08:07 +0100] "GET /cotton-bath-p-55258.html HTTP/1.0" 200 74103 "-" "Mozilla/5.0 (compatible; AhrefsBot/7.0; +http://ahrefs.com/robot/)"
114.119.128.40 - - [29/Nov/2021:13:08:08 +0100] "GET /horse-metal-trivet-p-37452.html HTTP/1.0" 200 73149 "-" "Mozilla/5.0 (Linux; Android 7.0;) AppleWebKit/537.36 (KHTML, like Gecko) Mobile Safari/537.36 (compatible; PetalBot;+https://webmaster.petalsearch.com/site/petalbot)"
148.251.120.201 - - [29/Nov/2021:13:08:11 +0100] "GET /squares-potholder-and-glove-set-p-45532.html HTTP/1.0" 301 70752 "-" "Mozilla/5.0 (compatible; MJ12bot/v1.4.8; http://mj12bot.com/)"
148.251.120.201 - - [29/Nov/2021:13:08:18 +0100] "GET /squares-potholder-glove-p-45532.html HTTP/1.0" 200 70662 "-" "Mozilla/5.0 (compatible; MJ12bot/v1.4.8; http://mj12bot.com/)"
148.251.120.201 - - [29/Nov/2021:13:08:23 +0100] "GET /squares-potholder-glove-p-45532.html HTTP/1.0" 200 70662 "-" "Mozilla/5.0 (compatible; MJ12bot/v1.4.8; http://mj12bot.com/)"
148.251.120.201 - - [29/Nov/2021:13:08:28 +0100] "GET /star-adult-military-cbkration-p-36528.html HTTP/1.0" 200 73395 "-" "Mozilla/5.0 (compatible; MJ12bot/v1.4.8; http://mj12bot.com/)"
185.191.171.13 - - [29/Nov/2021:13:08:31 +0100] "GET /ethnic-tray-metal-p-44994.html HTTP/1.0" 200 73270 "-" "Mozilla/5.0 (compatible; SemrushBot/7~bl; +http://www.semrush.com/bot.html)"
148.251.120.201 - - [29/Nov/2021:13:08:33 +0100] "GET /star-adult-military-cbkration-p-36529.html HTTP/1.0" 200 70736 "-" "Mozilla/5.0 (compatible; MJ12bot/v1.4.8; http://mj12bot.com/)"
148.251.120.201 - - [29/Nov/2021:13:08:38 +0100] "GET /star-jour-card-p-20019.html HTTP/1.0" 200 70673 "-" "Mozilla/5.0 (compatible; MJ12bot/v1.4.8; http://mj12bot.com/)"
54.36.148.74 - - [29/Nov/2021:13:08:39 +0100] "GET /household-linen-c-11.html?page=7 HTTP/1.0" 200 92388 "-" "Mozilla/5.0 (compatible; AhrefsBot/7.0; +http://ahrefs.com/robot/)"
148.251.120.201 - - [29/Nov/2021:13:08:43 +0100] "GET /star-wars-clock-p-29934.html HTTP/1.0" 301 70631 "-" "Mozilla/5.0 (compatible; MJ12bot/v1.4.8; http://mj12bot.com/)"
148.251.120.201 - - [29/Nov/2021:13:08:48 +0100] "GET /-p-29934.html HTTP/1.0" 200 70564 "-" "Mozilla/5.0 (compatible; MJ12bot/v1.4.8; http://mj12bot.com/)"
148.251.120.201 - - [29/Nov/2021:13:08:53 +0100] "GET /star-wars-clock-p-29935.html HTTP/1.0" 301 70631 "-" "Mozilla/5.0 (compatible; MJ12bot/v1.4.8; http://mj12bot.com/)"
148.251.120.201 - - [29/Nov/2021:13:08:57 +0100] "GET /-p-29935.html HTTP/1.0" 200 70564 "-" "Mozilla/5.0 (compatible; MJ12bot/v1.4.8; http://mj12bot.com/)"
148.251.120.201 - - [29/Nov/2021:13:09:03 +0100] "GET /star-wars-clock-p-29937.html HTTP/1.0" 301 70631 "-" "Mozilla/5.0 (compatible; MJ12bot/v1.4.8; http://mj12bot.com/)"
54.36.148.44 - - [29/Nov/2021:13:09:06 +0100] "GET /harley-davidson-large-metal-plate-deco-p-26644.html HTTP/1.0" 200 73304 "-" "Mozilla/5.0 (compatible; AhrefsBot/7.0; +http://ahrefs.com/robot/)"
148.251.120.201 - - [29/Nov/2021:13:09:08 +0100] "GET /-p-29937.html HTTP/1.0" 200 70564 "-" "Mozilla/5.0 (compatible; MJ12bot/v1.4.8; http://mj12bot.com/)"
148.251.120.201 - - [29/Nov/2021:13:09:12 +0100] "GET /statue-gold-bear-franois-pompon-p-55506.html HTTP/1.0" 200 74598 "-" "Mozilla/5.0 (compatible; MJ12bot/v1.4.8; http://mj12bot.com/)"
148.251.120.201 - - [29/Nov/2021:13:09:17 +0100] "GET /statue-unicit-visages-cramique-p-56076.html HTTP/1.0" 301 74338 "-" "Mozilla/5.0 (compatible; MJ12bot/v1.4.8; http://mj12bot.com/)"
148.251.120.201 - - [29/Nov/2021:13:09:23 +0100] "GET /statue-complicity-p-56076.html HTTP/1.0" 200 74254 "-" "Mozilla/5.0 (compatible; MJ12bot/v1.4.8; http://mj12bot.com/)"
148.251.120.201 - - [29/Nov/2021:13:09:28 +0100] "GET /statuette-decorative-archange-saint-michel-p-52826.html HTTP/1.0" 301 73527 "-" "Mozilla/5.0 (compatible; MJ12bot/v1.4.8; http://mj12bot.com/)"
148.251.120.201 - - [29/Nov/2021:13:09:34 +0100] "GET /decorative-statuette-archangel-saint-michael-p-52826.html HTTP/1.0" 200 73416 "-" "Mozilla/5.0 (compatible; MJ12bot/v1.4.8; http://mj12bot.com/)"
54.36.148.147 - - [29/Nov/2021:13:09:35 +0100] "GET /water-bottles-sport-bottles-c-12_161.html?page=1 HTTP/1.0" 200 92915 "-" "Mozilla/5.0 (compatible; AhrefsBot/7.0; +http://ahrefs.com/robot/)"
148.251.120.201 - - [29/Nov/2021:13:09:38 +0100] "GET /statuette-jesus-christ-sacred-heart-inside-and-outside-p-51649.html HTTP/1.0" 301 74639 "-" "Mozilla/5.0 (compatible; MJ12bot/v1.4.8; http://mj12bot.com/)"
185.191.171.6 - - [29/Nov/2021:13:09:40 +0100] "GET /little-prince-soap-p-52467.html?action=add_product HTTP/1.0" 302 476 "-" "Mozilla/5.0 (compatible; SemrushBot/7~bl; +http://www.semrush.com/bot.html)"
148.251.120.201 - - [29/Nov/2021:13:09:44 +0100] "GET /statuette-jesus-christ-sacred-heart-inside-outside-p-51649.html HTTP/1.0" 200 74522 "-" "Mozilla/5.0 (compatible; MJ12bot/v1.4.8; http://mj12bot.com/)"
148.251.120.201 - - [29/Nov/2021:13:09:48 +0100] "GET /statuette-jesus-christ-sacred-heart-inside-outside-p-51649.html HTTP/1.0" 200 74522 "-" "Mozilla/5.0 (compatible; MJ12bot/v1.4.8; http://mj12bot.com/)"
148.251.120.201 - - [29/Nov/2021:13:09:53 +0100] "GET /statuette-le-golfeur-en-resine-noire-22-cm-p-51566.html HTTP/1.0" 301 70701 "-" "Mozilla/5.0 (compatible; MJ12bot/v1.4.8; http://mj12bot.com/)"
157.55.39.223 - - [29/Nov/2021:13:09:54 +0100] "GET /images/big_prod/3014627939718.jpg HTTP/1.0" 200 268 "-" "Mozilla/5.0 (compatible; bingbot/2.0; +http://www.bing.com/bingbot.htm)"
148.251.120.201 - - [29/Nov/2021:13:09:58 +0100] "GET /golfer-statuette-p-51566.html HTTP/1.0" 200 70618 "-" "Mozilla/5.0 (compatible; MJ12bot/v1.4.8; http://mj12bot.com/)"
148.251.120.201 - - [29/Nov/2021:13:10:03 +0100] "GET /statuette-le-rugbyman-en-resine-noire-16-cm-p-51568.html HTTP/1.0" 301 73291 "-" "Mozilla/5.0 (compatible; MJ12bot/v1.4.8; http://mj12bot.com/)"
148.251.120.201 - - [29/Nov/2021:13:10:08 +0100] "GET /rugbyman-statuette-p-51568.html HTTP/1.0" 200 73206 "-" "Mozilla/5.0 (compatible; MJ12bot/v1.4.8; http://mj12bot.com/)"
54.36.148.106 - - [29/Nov/2021:13:10:09 +0100] "GET /plush-keeleco-friendly-emperor-penguin-p-51852.html HTTP/1.0" 200 74532 "-" "Mozilla/5.0 (compatible; AhrefsBot/7.0; +http://ahrefs.com/robot/)"
148.251.120.201 - - [29/Nov/2021:13:10:13 +0100] "GET /statuette-le-surfeur-en-resine-grise-22-cm-p-53056.html HTTP/1.0" 301 73276 "-" "Mozilla/5.0 (compatible; MJ12bot/v1.4.8; http://mj12bot.com/)"
148.251.120.201 - - [29/Nov/2021:13:10:17 +0100] "GET /surfer-statuette-p-53056.html HTTP/1.0" 200 73193 "-" "Mozilla/5.0 (compatible; MJ12bot/v1.4.8; http://mj12bot.com/)"
148.251.120.201 - - [29/Nov/2021:13:10:23 +0100] "GET /statuette-sonny-angel-bobbing-head-sheep-p-54741.html HTTP/1.0" 200 74714 "-" "Mozilla/5.0 (compatible; MJ12bot/v1.4.8; http://mj12bot.com/)"
148.251.120.201 - - [29/Nov/2021:13:10:28 +0100] "GET /sticker-dcoration-murale-branche-orchides-p-55495.html HTTP/1.0" 301 70631 "-" "Mozilla/5.0 (compatible; MJ12bot/v1.4.8; http://mj12bot.com/)"
148.251.120.201 - - [29/Nov/2021:13:10:33 +0100] "GET /-p-55495.html HTTP/1.0" 200 70564 "-" "Mozilla/5.0 (compatible; MJ12bot/v1.4.8; http://mj12bot.com/)"
148.251.120.201 - - [29/Nov/2021:13:10:37 +0100] "GET /sticker-mural-decoratif-branches-et-hirondelles-p-51118.html HTTP/1.0" 301 73993 "-" "Mozilla/5.0 (compatible; MJ12bot/v1.4.8; http://mj12bot.com/)"
185.191.171.5 - - [29/Nov/2021:13:10:38 +0100] "GET /marseille-soap-soap-p-40115.html?action=add_product HTTP/1.0" 302 476 "-" "Mozilla/5.0 (compatible; SemrushBot/7~bl; +http://www.semrush.com/bot.html)"
40.77.167.66 - - [29/Nov/2021:13:10:42 +0100] "GET /images/big_prod/3609810095076.jpg HTTP/1.0" 200 268 "-" "Mozilla/5.0 (compatible; bingbot/2.0; +http://www.bing.com/bingbot.htm)"
148.251.120.201 - - [29/Nov/2021:13:10:42 +0100] "GET /wall-stickers-swallows-p-51118.html HTTP/1.0" 200 73904 "-" "Mozilla/5.0 (compatible; MJ12bot/v1.4.8; http://mj12bot.com/)"
54.36.149.101 - - [29/Nov/2021:13:10:46 +0100] "GET /story-peel-stick-wall-decals-p-22533.html HTTP/1.0" 200 73439 "-" "Mozilla/5.0 (compatible; AhrefsBot/7.0; +http://ahrefs.com/robot/)"
185.191.171.6 - - [29/Nov/2021:13:10:47 +0100] "GET /decorative-horse-statue-p-46675.html?action=add_product HTTP/1.0" 302 476 "-" "Mozilla/5.0 (compatible; SemrushBot/7~bl; +http://www.semrush.com/bot.html)"
148.251.120.201 - - [29/Nov/2021:13:10:47 +0100] "GET /sticker-mural-mieux-vaut-boire-du-rouge-que-broyer-du-noir-p-53542.html HTTP/1.0" 301 74214 "-" "Mozilla/5.0 (compatible; MJ12bot/v1.4.8; http://mj12bot.com/)"
148.251.120.201 - - [29/Nov/2021:13:10:52 +0100] "GET /quote-wall-sticker-p-53542.html HTTP/1.0" 200 74129 "-" "Mozilla/5.0 (compatible; MJ12bot/v1.4.8; http://mj12bot.com/)"
148.251.120.201 - - [29/Nov/2021:13:10:57 +0100] "GET /sticker-mural-repositionnable-titeuf-en-mauvaise-posture-p-24723.html HTTP/1.0" 301 70706 "-" "Mozilla/5.0 (compatible; MJ12bot/v1.4.8; http://mj12bot.com/)"
148.251.120.201 - - [29/Nov/2021:13:11:02 +0100] "GET /titeuf-sticker-p-24723.html HTTP/1.0" 200 70625 "-" "Mozilla/5.0 (compatible; MJ12bot/v1.4.8; http://mj12bot.com/)"
148.251.120.201 - - [29/Nov/2021:13:11:07 +0100] "GET /sticker-mural-tout-travail-merite-sa-biere-p-53543.html HTTP/1.0" 301 74401 "-" "Mozilla/5.0 (compatible; MJ12bot/v1.4.8; http://mj12bot.com/)"
148.251.120.201 - - [29/Nov/2021:13:11:11 +0100] "GET /quote-wall-sticker-tout-travail-mrite-bire-p-53543.html HTTP/1.0" 200 74292 "-" "Mozilla/5.0 (compatible; MJ12bot/v1.4.8; http://mj12bot.com/)"
148.251.120.201 - - [29/Nov/2021:13:11:15 +0100] "GET /stickers-carreaux-de-ciment-15-15-cm-par-p-51622.html HTTP/1.0" 301 74434 "-" "Mozilla/5.0 (compatible; MJ12bot/v1.4.8; http://mj12bot.com/)"
54.36.148.168 - - [29/Nov/2021:13:11:17 +0100] "GET /home-decoration-c-13.html?page=145 HTTP/1.0" 200 93201 "-" "Mozilla/5.0 (compatible; AhrefsBot/7.0; +http://ahrefs.com/robot/)"
148.251.120.201 - - [29/Nov/2021:13:11:19 +0100] "GET /cement-tile-stickers-p-51622.html HTTP/1.0" 200 74347 "-" "Mozilla/5.0 (compatible; MJ12bot/v1.4.8; http://mj12bot.com/)"
148.251.120.201 - - [29/Nov/2021:13:11:21 +0100] "GET /stickers-carreaux-de-ciment-15-15-cm-par-p-51626.html HTTP/1.0" 301 73600 "-" "Mozilla/5.0 (compatible; MJ12bot/v1.4.8; http://mj12bot.com/)"
114.119.128.37 - - [29/Nov/2021:13:11:23 +0100] "GET /%20images/big_prod/1384010207840.jpg HTTP/1.0" 404 1308 "-" "Mozilla/5.0 (Linux; Android 7.0;) AppleWebKit/537.36 (KHTML, like Gecko) Mobile Safari/537.36 (compatible; PetalBot;+https://webmaster.petalsearch.com/site/petalbot)"
148.251.120.201 - - [29/Nov/2021:13:11:26 +0100] "GET /cement-tile-stickers-p-51626.html HTTP/1.0" 200 73513 "-" "Mozilla/5.0 (compatible; MJ12bot/v1.4.8; http://mj12bot.com/)"
148.251.120.201 - - [29/Nov/2021:13:11:30 +0100] "GET /stickers-carreaux-de-ciment-15-15-cm-par-p-51627.html HTTP/1.0" 301 73599 "-" "Mozilla/5.0 (compatible; MJ12bot/v1.4.8; http://mj12bot.com/)"
185.191.171.40 - - [29/Nov/2021:13:11:33 +0100] "GET /-p-14941.html?action=add_product HTTP/1.0" 302 476 "-" "Mozilla/5.0 (compatible; SemrushBot/7~bl; +http://www.semrush.com/bot.html)"
148.251.120.201 - - [29/Nov/2021:13:11:36 +0100] "GET /cement-tile-stickers-p-51627.html HTTP/1.0" 200 73512 "-" "Mozilla/5.0 (compatible; MJ12bot/v1.4.8; http://mj12bot.com/)"
207.46.13.202 - - [29/Nov/2021:13:11:39 +0100] "GET /gray-metal-table-lamp-p-52982.html HTTP/1.0" 200 70638 "-" "Mozilla/5.0 (compatible; bingbot/2.0; +http://www.bing.com/bingbot.htm)"
148.251.120.201 - - [29/Nov/2021:13:11:39 +0100] "GET /stickers-carreaux-de-ciment-15-15-cm-par-p-51629.html HTTP/1.0" 301 73599 "-" "Mozilla/5.0 (compatible; MJ12bot/v1.4.8; http://mj12bot.com/)"
148.251.120.201 - - [29/Nov/2021:13:11:44 +0100] "GET /cement-tile-stickers-p-51629.html HTTP/1.0" 200 73512 "-" "Mozilla/5.0 (compatible; MJ12bot/v1.4.8; http://mj12bot.com/)"
148.251.120.201 - - [29/Nov/2021:13:11:47 +0100] "GET /stickers-muraux-c-13_187.html HTTP/1.0" 301 93575 "-" "Mozilla/5.0 (compatible; MJ12bot/v1.4.8; http://mj12bot.com/)"
54.36.148.189 - - [29/Nov/2021:13:11:49 +0100] "GET /monaco-1930-vintage-poster-p-44868.html HTTP/1.0" 200 73244 "-" "Mozilla/5.0 (compatible; AhrefsBot/7.0; +http://ahrefs.com/robot/)"
148.251.120.201 - - [29/Nov/2021:13:11:50 +0100] "GET /wall-sticker-c-187.html HTTP/1.0" 301 93452 "-" "Mozilla/5.0 (compatible; MJ12bot/v1.4.8; http://mj12bot.com/)"
148.251.120.201 - - [29/Nov/2021:13:11:54 +0100] "GET /wall-sticker-c-13_187.html HTTP/1.0" 200 93498 "-" "Mozilla/5.0 (compatible; MJ12bot/v1.4.8; http://mj12bot.com/)"
148.251.120.201 - - [29/Nov/2021:13:11:58 +0100] "GET /stickers-muraux-deco-arbre-chouettes-p-51129.html HTTP/1.0" 301 74219 "-" "Mozilla/5.0 (compatible; MJ12bot/v1.4.8; http://mj12bot.com/)"
148.251.120.201 - - [29/Nov/2021:13:12:01 +0100] "GET /wall-stickers-owls-tree-p-51129.html HTTP/1.0" 200 74129 "-" "Mozilla/5.0 (compatible; MJ12bot/v1.4.8; http://mj12bot.com/)"
148.251.120.201 - - [29/Nov/2021:13:12:06 +0100] "GET /stickers-muraux-deco-cle-de-sol-p-51124.html HTTP/1.0" 301 74037 "-" "Mozilla/5.0 (compatible; MJ12bot/v1.4.8; http://mj12bot.com/)"
148.251.120.201 - - [29/Nov/2021:13:12:10 +0100] "GET /wall-stickers-treble-clef-p-51124.html HTTP/1.0" 200 73945 "-" "Mozilla/5.0 (compatible; MJ12bot/v1.4.8; http://mj12bot.com/)"
66.249.75.168 - - [29/Nov/2021:13:12:13 +0100] "GET /kimmidoll-keyring-honoka-p-49774.html HTTP/1.0" 200 73225 "-" "Mozilla/5.0 (Linux; Android 6.0.1; Nexus 5X Build/MMB29P) AppleWebKit/537.36 (KHTML, like Gecko) Chrome/96.0.4664.45 Mobile Safari/537.36 (compatible; Googlebot/2.1; +http://www.google.com/bot.html)"
148.251.120.201 - - [29/Nov/2021:13:12:14 +0100] "GET /stickers-muraux-deco-notes-de-musique-p-51126.html HTTP/1.0" 301 74136 "-" "Mozilla/5.0 (compatible; MJ12bot/v1.4.8; http://mj12bot.com/)"
66.249.75.170 - - [29/Nov/2021:13:12:16 +0100] "GET /swfobject.js HTTP/1.0" 404 1308 "http://www.wonder-geek.com/kimmidoll-keyring-honoka-p-49774.html" "Mozilla/5.0 (Linux; Android 6.0.1; Nexus 5X Build/MMB29P) AppleWebKit/537.36 (KHTML, like Gecko) Chrome/95.0.4638.69 Mobile Safari/537.36 (compatible; Googlebot/2.1; +http://www.google.com/bot.html)"
54.36.149.64 - - [29/Nov/2021:13:12:18 +0100] "GET /children-coat-hooks-p-52562.html HTTP/1.0" 200 74096 "-" "Mozilla/5.0 (compatible; AhrefsBot/7.0; +http://ahrefs.com/robot/)"
148.251.120.201 - - [29/Nov/2021:13:12:19 +0100] "GET /wall-stickers-music-p-51126.html HTTP/1.0" 200 74050 "-" "Mozilla/5.0 (compatible; MJ12bot/v1.4.8; http://mj12bot.com/)"
148.251.120.201 - - [29/Nov/2021:13:12:22 +0100] "GET /stickers-muraux-deco-perroquets-et-toucan-p-53544.html HTTP/1.0" 301 74199 "-" "Mozilla/5.0 (compatible; MJ12bot/v1.4.8; http://mj12bot.com/)"
148.251.120.201 - - [29/Nov/2021:13:12:27 +0100] "GET /parrots-toucan-wall-stickers-p-53544.html HTTP/1.0" 200 74104 "-" "Mozilla/5.0 (compatible; MJ12bot/v1.4.8; http://mj12bot.com/)"
185.191.171.11 - - [29/Nov/2021:13:12:29 +0100] "GET /salt-and-pepper-shakers-p-49446.html HTTP/1.0" 301 70724 "-" "Mozilla/5.0 (compatible; SemrushBot/7~bl; +http://www.semrush.com/bot.html)"
23.228.109.147 - - [29/Nov/2021:13:12:30 +0100] "GET /ofc2/php-ofc-library/ofc_upload_image.php HTTP/1.0" 301 593 "-" "ALittle Client"
49.7.20.113 - - [29/Nov/2021:13:12:29 +0100] "GET / HTTP/1.0" 200 150990 "-" "Sogou web spider/4.0(+http://www.sogou.com/docs/help/webmasters.htm#07)"
54.36.148.62 - - [29/Nov/2021:13:12:30 +0100] "GET /deco-gold-cats-statue-28-cm-p-44620.html HTTP/1.0" 301 70631 "-" "Mozilla/5.0 (compatible; AhrefsBot/7.0; +http://ahrefs.com/robot/)"
185.191.171.3 - - [29/Nov/2021:13:12:31 +0100] "GET /salt-pepper-shakers-p-49446.html HTTP/1.0" 200 70638 "-" "Mozilla/5.0 (compatible; SemrushBot/7~bl; +http://www.semrush.com/bot.html)"
148.251.120.201 - - [29/Nov/2021:13:12:31 +0100] "GET /stickers-muraux-deco-perroquets-p-51120.html HTTP/1.0" 301 74199 "-" "Mozilla/5.0 (compatible; MJ12bot/v1.4.8; http://mj12bot.com/)"
23.228.109.147 - - [29/Nov/2021:13:12:34 +0100] "GET /ofc2/php-ofc-library/ofc_upload_image.php HTTP/1.0" 404 1308 "-" "ALittle Client"
148.251.120.201 - - [29/Nov/2021:13:12:36 +0100] "GET /parrots-wall-stickers-p-51120.html HTTP/1.0" 200 74111 "-" "Mozilla/5.0 (compatible; MJ12bot/v1.4.8; http://mj12bot.com/)"
148.251.120.201 - - [29/Nov/2021:13:12:39 +0100] "GET /stitch-laying-down-collection-statuette-p-47679.html HTTP/1.0" 200 74996 "-" "Mozilla/5.0 (compatible; MJ12bot/v1.4.8; http://mj12bot.com/)"
148.251.120.201 - - [29/Nov/2021:13:12:43 +0100] "GET /stones-ceramic-bathroom-p-50736.html HTTP/1.0" 200 73305 "-" "Mozilla/5.0 (compatible; MJ12bot/v1.4.8; http://mj12bot.com/)"
148.251.120.201 - - [29/Nov/2021:13:12:48 +0100] "GET /stones-ceramic-bathroom-set-p-50736.html HTTP/1.0" 301 73395 "-" "Mozilla/5.0 (compatible; MJ12bot/v1.4.8; http://mj12bot.com/)"
148.251.120.201 - - [29/Nov/2021:13:12:52 +0100] "GET /stones-ceramic-bathroom-p-50736.html HTTP/1.0" 200 73305 "-" "Mozilla/5.0 (compatible; MJ12bot/v1.4.8; http://mj12bot.com/)"
148.251.120.201 - - [29/Nov/2021:13:12:56 +0100] "GET /stool-and-bar-table-c-212.html HTTP/1.0" 301 79529 "-" "Mozilla/5.0 (compatible; MJ12bot/v1.4.8; http://mj12bot.com/)"
148.251.120.201 - - [29/Nov/2021:13:13:01 +0100] "GET /stool-table-c-13_212.html HTTP/1.0" 200 79576 "-" "Mozilla/5.0 (compatible; MJ12bot/v1.4.8; http://mj12bot.com/)"
54.36.148.44 - - [29/Nov/2021:13:13:03 +0100] "GET /pugsley-keel-toys-plush-unicorn-light-pink-p-46895.html HTTP/1.0" 200 73505 "-" "Mozilla/5.0 (compatible; AhrefsBot/7.0; +http://ahrefs.com/robot/)"
148.251.120.201 - - [29/Nov/2021:13:13:06 +0100] "GET /stool-shaped-like-face-p-49045.html HTTP/1.0" 200 74015 "-" "Mozilla/5.0 (compatible; MJ12bot/v1.4.8; http://mj12bot.com/)"
148.251.120.201 - - [29/Nov/2021:13:13:10 +0100] "GET /storage-and-cups-c-12_159_264.html?page=2 HTTP/1.0" 301 84773 "-" "Mozilla/5.0 (compatible; MJ12bot/v1.4.8; http://mj12bot.com/)"
148.251.120.201 - - [29/Nov/2021:13:13:15 +0100] "GET /storage-cups-c-264.html?page=2 HTTP/1.0" 301 84573 "-" "Mozilla/5.0 (compatible; MJ12bot/v1.4.8; http://mj12bot.com/)"
185.191.171.8 - - [29/Nov/2021:13:13:16 +0100] "GET /cake-keyring-cbkreation-p-43226.html?action=add_product HTTP/1.0" 302 476 "-" "Mozilla/5.0 (compatible; SemrushBot/7~bl; +http://www.semrush.com/bot.html)"
148.251.120.201 - - [29/Nov/2021:13:13:20 +0100] "GET /storage-cups-c-12_159_264.html?page=2 HTTP/1.0" 200 84689 "-" "Mozilla/5.0 (compatible; MJ12bot/v1.4.8; http://mj12bot.com/)"
185.191.171.16 - - [29/Nov/2021:13:13:20 +0100] "GET /barbade-mousepad-cbkreation-p-36712.html?action=add_product HTTP/1.0" 302 476 "-" "Mozilla/5.0 (compatible; SemrushBot/7~bl; +http://www.semrush.com/bot.html)"
40.77.167.66 - - [29/Nov/2021:13:13:22 +0100] "GET /images/mini_prod/8717318201136.jpg HTTP/1.0" 200 269 "-" "Mozilla/5.0 (compatible; bingbot/2.0; +http://www.bing.com/bingbot.htm)"
148.251.120.201 - - [29/Nov/2021:13:13:24 +0100] "GET /storage-and-cups-c-264.html HTTP/1.0" 301 90416 "-" "Mozilla/5.0 (compatible; MJ12bot/v1.4.8; http://mj12bot.com/)"
148.251.120.201 - - [29/Nov/2021:13:13:27 +0100] "GET /storage-cups-c-12_159_264.html HTTP/1.0" 200 90539 "-" "Mozilla/5.0 (compatible; MJ12bot/v1.4.8; http://mj12bot.com/)"
148.251.120.201 - - [29/Nov/2021:13:13:32 +0100] "GET /storage-cups-c-12_159_264.html?page=2 HTTP/1.0" 200 84689 "-" "Mozilla/5.0 (compatible; MJ12bot/v1.4.8; http://mj12bot.com/)"
54.36.149.79 - - [29/Nov/2021:13:13:33 +0100] "GET /corsica-mouse-cbkreation-p-13987.html HTTP/1.0" 200 73177 "-" "Mozilla/5.0 (compatible; AhrefsBot/7.0; +http://ahrefs.com/robot/)"
148.251.120.201 - - [29/Nov/2021:13:13:37 +0100] "GET /strange-life-forms-stitch-with-frog-figurine-p-45590.html HTTP/1.0" 200 74835 "-" "Mozilla/5.0 (compatible; MJ12bot/v1.4.8; http://mj12bot.com/)"
148.251.120.201 - - [29/Nov/2021:13:13:40 +0100] "GET /straw-basket-p-51158.html HTTP/1.0" 200 73187 "-" "Mozilla/5.0 (compatible; MJ12bot/v1.4.8; http://mj12bot.com/)"
185.191.171.10 - - [29/Nov/2021:13:13:40 +0100] "GET /-p-49316.html?action=add_product HTTP/1.0" 302 476 "-" "Mozilla/5.0 (compatible; SemrushBot/7~bl; +http://www.semrush.com/bot.html)"
148.251.120.201 - - [29/Nov/2021:13:13:43 +0100] "GET /strawberry-shortcake-poncho-years-p-31118.html HTTP/1.0" 200 74457 "-" "Mozilla/5.0 (compatible; MJ12bot/v1.4.8; http://mj12bot.com/)"
148.251.120.201 - - [29/Nov/2021:13:13:46 +0100] "GET /sugar-box-c-152.html HTTP/1.0" 301 89196 "-" "Mozilla/5.0 (compatible; MJ12bot/v1.4.8; http://mj12bot.com/)"
148.251.120.201 - - [29/Nov/2021:13:13:50 +0100] "GET /sugar-c-13_150_152.html HTTP/1.0" 200 89372 "-" "Mozilla/5.0 (compatible; MJ12bot/v1.4.8; http://mj12bot.com/)"
148.251.120.201 - - [29/Nov/2021:13:13:55 +0100] "GET /support-metal-bottle-eiffel-tower-p-45667.html HTTP/1.0" 200 73361 "-" "Mozilla/5.0 (compatible; MJ12bot/v1.4.8; http://mj12bot.com/)"
148.251.120.201 - - [29/Nov/2021:13:13:59 +0100] "GET /support-metal-bottle-fireman-p-47865.html HTTP/1.0" 200 70678 "-" "Mozilla/5.0 (compatible; MJ12bot/v1.4.8; http://mj12bot.com/)"
207.46.13.202 - - [29/Nov/2021:13:13:59 +0100] "GET /images/big_prod_1/1328399270286a.jpg HTTP/1.0" 200 271 "-" "Mozilla/5.0 (compatible; bingbot/2.0; +http://www.bing.com/bingbot.htm)"
148.251.120.201 - - [29/Nov/2021:13:14:03 +0100] "GET /support-metal-bottle-p-45666.html HTTP/1.0" 200 73312 "-" "Mozilla/5.0 (compatible; MJ12bot/v1.4.8; http://mj12bot.com/)"
54.36.148.211 - - [29/Nov/2021:13:14:03 +0100] "GET /purple-tulip-alarm-clock-p-47276.html HTTP/1.0" 200 74546 "-" "Mozilla/5.0 (compatible; AhrefsBot/7.0; +http://ahrefs.com/robot/)"
148.251.120.201 - - [29/Nov/2021:13:14:06 +0100] "GET /surfer-shells-wall-sticker-p-36400.html HTTP/1.0" 200 73333 "-" "Mozilla/5.0 (compatible; MJ12bot/v1.4.8; http://mj12bot.com/)"
114.119.128.37 - - [29/Nov/2021:13:14:07 +0100] "GET /images/big_prod/3700344910481.jpg HTTP/1.0" 200 268 "-" "Mozilla/5.0 (Linux; Android 7.0;) AppleWebKit/537.36 (KHTML, like Gecko) Mobile Safari/537.36 (compatible; PetalBot;+https://webmaster.petalsearch.com/site/petalbot)"
148.251.120.201 - - [29/Nov/2021:13:14:10 +0100] "GET /surfer-statuette-p-53056.html HTTP/1.0" 200 73193 "-" "Mozilla/5.0 (compatible; MJ12bot/v1.4.8; http://mj12bot.com/)"
148.251.120.201 - - [29/Nov/2021:13:14:14 +0100] "GET /suspension-teo-jasmin-teo-marley-jamaque-36-cm-p-35767.html HTTP/1.0" 301 73604 "-" "Mozilla/5.0 (compatible; MJ12bot/v1.4.8; http://mj12bot.com/)"
148.251.120.201 - - [29/Nov/2021:13:14:17 +0100] "GET /jasmin-marley-jamaica-chandelier-p-35767.html HTTP/1.0" 200 73505 "-" "Mozilla/5.0 (compatible; MJ12bot/v1.4.8; http://mj12bot.com/)"
148.251.120.201 - - [29/Nov/2021:13:14:21 +0100] "GET /sweaters-sweatshirts-vests-c-23.html HTTP/1.0" 301 82187 "-" "Mozilla/5.0 (compatible; MJ12bot/v1.4.8; http://mj12bot.com/)"
148.251.120.201 - - [29/Nov/2021:13:14:24 +0100] "GET /sweaters-sweatshirts-vests-c-1_23.html HTTP/1.0" 200 82195 "-" "Mozilla/5.0 (compatible; MJ12bot/v1.4.8; http://mj12bot.com/)"
148.251.120.201 - - [29/Nov/2021:13:14:28 +0100] "GET /sweaters-sweatshirts-vests-c-37.html HTTP/1.0" 301 69592 "-" "Mozilla/5.0 (compatible; MJ12bot/v1.4.8; http://mj12bot.com/)"
148.251.120.201 - - [29/Nov/2021:13:14:32 +0100] "GET /sweaters-sweatshirts-vests-c-2_37.html HTTP/1.0" 200 69596 "-" "Mozilla/5.0 (compatible; MJ12bot/v1.4.8; http://mj12bot.com/)"
54.36.148.60 - - [29/Nov/2021:13:14:35 +0100] "GET /mousepad-cbkreation-p-42927.html HTTP/1.0" 200 73244 "-" "Mozilla/5.0 (compatible; AhrefsBot/7.0; +http://ahrefs.com/robot/)"
148.251.120.201 - - [29/Nov/2021:13:14:35 +0100] "GET /sweet-lily-fine-bone-china-p-55473.html HTTP/1.0" 200 73369 "-" "Mozilla/5.0 (compatible; MJ12bot/v1.4.8; http://mj12bot.com/)"
148.251.120.201 - - [29/Nov/2021:13:14:40 +0100] "GET /sweet-snow-fall-dumbo-75th-anniversary-piece-p-36421.html HTTP/1.0" 301 70631 "-" "Mozilla/5.0 (compatible; MJ12bot/v1.4.8; http://mj12bot.com/)"
148.251.120.201 - - [29/Nov/2021:13:14:44 +0100] "GET /-p-36421.html HTTP/1.0" 200 70564 "-" "Mozilla/5.0 (compatible; MJ12bot/v1.4.8; http://mj12bot.com/)"
148.251.120.201 - - [29/Nov/2021:13:14:48 +0100] "GET /swimsuit-c-18.html HTTP/1.0" 301 92224 "-" "Mozilla/5.0 (compatible; MJ12bot/v1.4.8; http://mj12bot.com/)"
52.156.93.160 - - [29/Nov/2021:13:14:51 +0100] "GET /images/1399984232668.jpg HTTP/1.0" 200 259 "-" "Mozilla/4.0 (compatible; MSIE 7.0; Windows NT 6.0)"
148.251.120.201 - - [29/Nov/2021:13:14:51 +0100] "GET /swimsuit-c-1_18.html HTTP/1.0" 200 92250 "-" "Mozilla/5.0 (compatible; MJ12bot/v1.4.8; http://mj12bot.com/)"
148.251.120.201 - - [29/Nov/2021:13:14:55 +0100] "GET /swimwear-c-35.html HTTP/1.0" 301 90165 "-" "Mozilla/5.0 (compatible; MJ12bot/v1.4.8; http://mj12bot.com/)"
148.251.120.201 - - [29/Nov/2021:13:14:59 +0100] "GET /swimwear-c-2_35.html HTTP/1.0" 200 90189 "-" "Mozilla/5.0 (compatible; MJ12bot/v1.4.8; http://mj12bot.com/)"
148.251.120.201 - - [29/Nov/2021:13:15:02 +0100] "GET /table-appoint-motif-carreaux-de-ciment-diametre-40-cm-p-49532.html HTTP/1.0" 301 73943 "-" "Mozilla/5.0 (compatible; MJ12bot/v1.4.8; http://mj12bot.com/)"
54.36.148.122 - - [29/Nov/2021:13:15:04 +0100] "GET /littlest-petshop-magic-tracer-p-6917.html HTTP/1.0" 200 73543 "-" "Mozilla/5.0 (compatible; AhrefsBot/7.0; +http://ahrefs.com/robot/)"
148.251.120.201 - - [29/Nov/2021:13:15:07 +0100] "GET /cement-tiles-round-side-table-p-49532.html HTTP/1.0" 200 73847 "-" "Mozilla/5.0 (compatible; MJ12bot/v1.4.8; http://mj12bot.com/)"
185.191.171.38 - - [29/Nov/2021:13:15:08 +0100] "GET /hello-kitty-umbrella-p-20485.html?action=add_product HTTP/1.0" 302 476 "-" "Mozilla/5.0 (compatible; SemrushBot/7~bl; +http://www.semrush.com/bot.html)"
148.251.120.201 - - [29/Nov/2021:13:15:10 +0100] "GET /table-appoint-motif-zebre-diametre-46-cm-burundi-p-51697.html HTTP/1.0" 301 70725 "-" "Mozilla/5.0 (compatible; MJ12bot/v1.4.8; http://mj12bot.com/)"
148.251.120.201 - - [29/Nov/2021:13:15:13 +0100] "GET /burundi-round-side-table-p-51697.html HTTP/1.0" 200 70634 "-" "Mozilla/5.0 (compatible; MJ12bot/v1.4.8; http://mj12bot.com/)"
148.251.120.201 - - [29/Nov/2021:13:15:18 +0100] "GET /table-c-97_99.html HTTP/1.0" 301 80883 "-" "Mozilla/5.0 (compatible; MJ12bot/v1.4.8; http://mj12bot.com/)"
54.36.148.122 - - [29/Nov/2021:13:15:19 +0100] "GET /light-marble-paved-lamp-and-light-bulb-p-51790.html HTTP/1.0" 301 70824 "-" "Mozilla/5.0 (compatible; AhrefsBot/7.0; +http://ahrefs.com/robot/)"
148.251.120.201 - - [29/Nov/2021:13:15:21 +0100] "GET /table-setting-c-99.html HTTP/1.0" 301 80755 "-" "Mozilla/5.0 (compatible; MJ12bot/v1.4.8; http://mj12bot.com/)"
185.191.171.21 - - [29/Nov/2021:13:15:25 +0100] "GET /lavender-liquid-soap-dispenser-p-44975.html HTTP/1.0" 200 73302 "-" "Mozilla/5.0 (compatible; SemrushBot/7~bl; +http://www.semrush.com/bot.html)"
148.251.120.201 - - [29/Nov/2021:13:15:25 +0100] "GET /table-setting-c-97_99.html HTTP/1.0" 200 80806 "-" "Mozilla/5.0 (compatible; MJ12bot/v1.4.8; http://mj12bot.com/)"
185.191.171.23 - - [29/Nov/2021:13:15:27 +0100] "GET /-p-50733.html?action=add_product HTTP/1.0" 302 476 "-" "Mozilla/5.0 (compatible; SemrushBot/7~bl; +http://www.semrush.com/bot.html)"
148.251.120.201 - - [29/Nov/2021:13:15:29 +0100] "GET /table-de-bar-johnny-hallyday-velvet-p-47956.html HTTP/1.0" 301 70631 "-" "Mozilla/5.0 (compatible; MJ12bot/v1.4.8; http://mj12bot.com/)"
148.251.120.201 - - [29/Nov/2021:13:15:33 +0100] "GET /-p-47956.html HTTP/1.0" 200 70564 "-" "Mozilla/5.0 (compatible; MJ12bot/v1.4.8; http://mj12bot.com/)"
54.36.148.214 - - [29/Nov/2021:13:15:36 +0100] "GET /umbrellas-c-31_16.html HTTP/1.0" 200 91567 "-" "Mozilla/5.0 (compatible; AhrefsBot/7.0; +http://ahrefs.com/robot/)"
148.251.120.201 - - [29/Nov/2021:13:15:36 +0100] "GET /table-lamp-monkeys-gold-black-p-54683.html HTTP/1.0" 200 70682 "-" "Mozilla/5.0 (compatible; MJ12bot/v1.4.8; http://mj12bot.com/)"
148.251.120.201 - - [29/Nov/2021:13:15:39 +0100] "GET /table-lamp-openwork-metal-sphere-p-48075.html HTTP/1.0" 200 73398 "-" "Mozilla/5.0 (compatible; MJ12bot/v1.4.8; http://mj12bot.com/)"
148.251.120.201 - - [29/Nov/2021:13:15:42 +0100] "GET /table-lamps-c-286.html HTTP/1.0" 301 93266 "-" "Mozilla/5.0 (compatible; MJ12bot/v1.4.8; http://mj12bot.com/)"
124.71.153.13 - - [29/Nov/2021:13:15:45 +0100] "GET /images/mini_prod/3700653593269.jpg HTTP/1.0" 200 269 "-" "Mozilla/5.0 (X11; Ubuntu; Linux x86_64; rv:72.0) Gecko/20100101 Firefox/72.0"
148.251.120.201 - - [29/Nov/2021:13:15:45 +0100] "GET /table-lamps-c-86_286.html HTTP/1.0" 200 93295 "-" "Mozilla/5.0 (compatible; MJ12bot/v1.4.8; http://mj12bot.com/)"
148.251.120.201 - - [29/Nov/2021:13:15:49 +0100] "GET /table-rond-toile-jute-appetit-p-55411.html HTTP/1.0" 301 73906 "-" "Mozilla/5.0 (compatible; MJ12bot/v1.4.8; http://mj12bot.com/)"
148.251.120.201 - - [29/Nov/2021:13:15:52 +0100] "GET /burlap-round-table-appetit-p-55411.html HTTP/1.0" 200 73813 "-" "Mozilla/5.0 (compatible; MJ12bot/v1.4.8; http://mj12bot.com/)"
40.77.167.66 - - [29/Nov/2021:13:15:53 +0100] "GET / HTTP/1.0" 200 151716 "-" "Mozilla/5.0 (compatible; bingbot/2.0; +http://www.bing.com/bingbot.htm)"
148.251.120.201 - - [29/Nov/2021:13:15:55 +0100] "GET /table-setting-c-99.html HTTP/1.0" 301 80755 "-" "Mozilla/5.0 (compatible; MJ12bot/v1.4.8; http://mj12bot.com/)"
40.77.167.66 - - [29/Nov/2021:13:15:56 +0100] "GET /images/med_prod/3760226372530.jpg HTTP/1.0" 200 268 "-" "Mozilla/5.0 (compatible; bingbot/2.0; +http://www.bing.com/bingbot.htm)"
148.251.120.201 - - [29/Nov/2021:13:15:59 +0100] "GET /table-setting-c-97_99.html HTTP/1.0" 200 80806 "-" "Mozilla/5.0 (compatible; MJ12bot/v1.4.8; http://mj12bot.com/)"
148.251.120.201 - - [29/Nov/2021:13:16:03 +0100] "GET /tablecloths-c-11_176.html?page=3 HTTP/1.0" 200 91712 "-" "Mozilla/5.0 (compatible; MJ12bot/v1.4.8; http://mj12bot.com/)"
148.251.120.201 - - [29/Nov/2021:13:16:07 +0100] "GET /tablecloths-c-11_176.html?page=4 HTTP/1.0" 200 87056 "-" "Mozilla/5.0 (compatible; MJ12bot/v1.4.8; http://mj12bot.com/)"
148.251.120.201 - - [29/Nov/2021:13:16:11 +0100] "GET /tablecloths-c-176.html HTTP/1.0" 301 91894 "-" "Mozilla/5.0 (compatible; MJ12bot/v1.4.8; http://mj12bot.com/)"
148.251.120.201 - - [29/Nov/2021:13:16:14 +0100] "GET /tablecloths-c-11_176.html HTTP/1.0" 200 91937 "-" "Mozilla/5.0 (compatible; MJ12bot/v1.4.8; http://mj12bot.com/)"
54.36.148.130 - - [29/Nov/2021:13:16:16 +0100] "GET /household-linen-c-11.html?page=9 HTTP/1.0" 200 92111 "-" "Mozilla/5.0 (compatible; AhrefsBot/7.0; +http://ahrefs.com/robot/)"
148.251.120.201 - - [29/Nov/2021:13:16:17 +0100] "GET /tables-c-13_206.html?page=1 HTTP/1.0" 200 89810 "-" "Mozilla/5.0 (compatible; MJ12bot/v1.4.8; http://mj12bot.com/)"
148.251.120.201 - - [29/Nov/2021:13:16:21 +0100] "GET /tables-c-13_206.html?page=2 HTTP/1.0" 200 79254 "-" "Mozilla/5.0 (compatible; MJ12bot/v1.4.8; http://mj12bot.com/)"
148.251.120.201 - - [29/Nov/2021:13:16:24 +0100] "GET /tables-c-206.html HTTP/1.0" 301 89747 "-" "Mozilla/5.0 (compatible; MJ12bot/v1.4.8; http://mj12bot.com/)"
148.251.120.201 - - [29/Nov/2021:13:16:26 +0100] "GET /tables-c-13_206.html HTTP/1.0" 200 89799 "-" "Mozilla/5.0 (compatible; MJ12bot/v1.4.8; http://mj12bot.com/)"
148.251.120.201 - - [29/Nov/2021:13:16:31 +0100] "GET /tables-gueridons-consoles-c-13_206.html HTTP/1.0" 301 89870 "-" "Mozilla/5.0 (compatible; MJ12bot/v1.4.8; http://mj12bot.com/)"
148.251.120.201 - - [29/Nov/2021:13:16:35 +0100] "GET /tables-c-206.html HTTP/1.0" 301 89747 "-" "Mozilla/5.0 (compatible; MJ12bot/v1.4.8; http://mj12bot.com/)"
148.251.120.201 - - [29/Nov/2021:13:16:38 +0100] "GET /tables-c-13_206.html HTTP/1.0" 200 89799 "-" "Mozilla/5.0 (compatible; MJ12bot/v1.4.8; http://mj12bot.com/)"
148.251.120.201 - - [29/Nov/2021:13:16:41 +0100] "GET /tables-guridons-consoles-c-13_206.html HTTP/1.0" 301 89870 "-" "Mozilla/5.0 (compatible; MJ12bot/v1.4.8; http://mj12bot.com/)"
148.251.120.201 - - [29/Nov/2021:13:16:45 +0100] "GET /tables-c-206.html HTTP/1.0" 301 89747 "-" "Mozilla/5.0 (compatible; MJ12bot/v1.4.8; http://mj12bot.com/)"
54.36.148.218 - - [29/Nov/2021:13:16:45 +0100] "GET /disney-princesses-peel-stick-wall-decals-p-18814.html HTTP/1.0" 200 73352 "-" "Mozilla/5.0 (compatible; AhrefsBot/7.0; +http://ahrefs.com/robot/)"
185.191.171.11 - - [29/Nov/2021:13:16:46 +0100] "GET /stainless-steel-piece-barbecue-set-p-48878.html HTTP/1.0" 301 74328 "-" "Mozilla/5.0 (compatible; SemrushBot/7~bl; +http://www.semrush.com/bot.html)"
185.191.171.26 - - [29/Nov/2021:13:16:49 +0100] "GET /stainless-steel-piece-barbecue-p-48878.html HTTP/1.0" 200 74231 "-" "Mozilla/5.0 (compatible; SemrushBot/7~bl; +http://www.semrush.com/bot.html)"
148.251.120.201 - - [29/Nov/2021:13:16:49 +0100] "GET /tables-c-13_206.html HTTP/1.0" 200 89799 "-" "Mozilla/5.0 (compatible; MJ12bot/v1.4.8; http://mj12bot.com/)"
148.251.120.201 - - [29/Nov/2021:13:16:52 +0100] "GET /tablier-cuisine-adulte-coton-couleur-pomme-amour-p-54326.html HTTP/1.0" 301 73814 "-" "Mozilla/5.0 (compatible; MJ12bot/v1.4.8; http://mj12bot.com/)"
148.251.120.201 - - [29/Nov/2021:13:16:56 +0100] "GET /adult-cotton-apron-p-54326.html HTTP/1.0" 200 73729 "-" "Mozilla/5.0 (compatible; MJ12bot/v1.4.8; http://mj12bot.com/)"
148.251.120.201 - - [29/Nov/2021:13:16:59 +0100] "GET /tablier-cuisine-blue-petits-poissons-p-54504.html HTTP/1.0" 301 73211 "-" "Mozilla/5.0 (compatible; MJ12bot/v1.4.8; http://mj12bot.com/)"
66.249.75.170 - - [29/Nov/2021:13:16:59 +0100] "GET /images/mini_prod/8433933244784.jpg HTTP/1.0" 200 269 "-" "Googlebot-Image/1.0"
148.251.120.201 - - [29/Nov/2021:13:17:01 +0100] "GET /apron-small-fish-p-54504.html HTTP/1.0" 200 73128 "-" "Mozilla/5.0 (compatible; MJ12bot/v1.4.8; http://mj12bot.com/)"
148.251.120.201 - - [29/Nov/2021:13:17:06 +0100] "GET /tablier-de-cuisine-chat-et-fleurs-taille-adulte-p-45552.html HTTP/1.0" 301 70742 "-" "Mozilla/5.0 (compatible; MJ12bot/v1.4.8; http://mj12bot.com/)"
148.251.120.201 - - [29/Nov/2021:13:17:09 +0100] "GET /couple-cats-adult-apron-p-45552.html HTTP/1.0" 200 70652 "-" "Mozilla/5.0 (compatible; MJ12bot/v1.4.8; http://mj12bot.com/)"
148.251.120.201 - - [29/Nov/2021:13:17:12 +0100] "GET /tablier-de-cuisine-enfant-le-petit-prince-de-st-exupery-p-47662.html HTTP/1.0" 301 73419 "-" "Mozilla/5.0 (compatible; MJ12bot/v1.4.8; http://mj12bot.com/)"
148.251.120.201 - - [29/Nov/2021:13:17:16 +0100] "GET /child-apron-little-prince-p-47662.html HTTP/1.0" 200 73327 "-" "Mozilla/5.0 (compatible; MJ12bot/v1.4.8; http://mj12bot.com/)"
54.36.148.129 - - [29/Nov/2021:13:17:18 +0100] "GET /embroidered-rectangular-tablecloth-kolam-p-46463.html HTTP/1.0" 200 73412 "-" "Mozilla/5.0 (compatible; AhrefsBot/7.0; +http://ahrefs.com/robot/)"
148.251.120.201 - - [29/Nov/2021:13:17:19 +0100] "GET /tablier-de-cuisine-paris-medaillon-dore-taille-adulte-en-coton-p-45549.html HTTP/1.0" 301 73402 "-" "Mozilla/5.0 (compatible; MJ12bot/v1.4.8; http://mj12bot.com/)"
148.251.120.201 - - [29/Nov/2021:13:17:23 +0100] "GET /paris-cotton-adult-black-gold-apron-p-45549.html HTTP/1.0" 200 73300 "-" "Mozilla/5.0 (compatible; MJ12bot/v1.4.8; http://mj12bot.com/)"
148.251.120.201 - - [29/Nov/2021:13:17:26 +0100] "GET /tabliers-c-11_74.html HTTP/1.0" 301 92343 "-" "Mozilla/5.0 (compatible; MJ12bot/v1.4.8; http://mj12bot.com/)"
148.251.120.201 - - [29/Nov/2021:13:17:30 +0100] "GET /aprons-c-74.html HTTP/1.0" 301 92224 "-" "Mozilla/5.0 (compatible; MJ12bot/v1.4.8; http://mj12bot.com/)"
185.191.171.26 - - [29/Nov/2021:13:17:31 +0100] "GET /jasmin-handbag-hanger-p-32022.html?action=add_product HTTP/1.0" 302 476 "-" "Mozilla/5.0 (compatible; SemrushBot/7~bl; +http://www.semrush.com/bot.html)"
148.251.120.201 - - [29/Nov/2021:13:17:32 +0100] "GET /aprons-c-11_74.html HTTP/1.0" 200 92273 "-" "Mozilla/5.0 (compatible; MJ12bot/v1.4.8; http://mj12bot.com/)"
148.251.120.201 - - [29/Nov/2021:13:17:36 +0100] "GET /tabouret-banc-cru-63-35-31-cm-p-51608.html HTTP/1.0" 301 73797 "-" "Mozilla/5.0 (compatible; MJ12bot/v1.4.8; http://mj12bot.com/)"
148.251.120.201 - - [29/Nov/2021:13:17:39 +0100] "GET /bench-stool-p-51608.html HTTP/1.0" 200 73719 "-" "Mozilla/5.0 (compatible; MJ12bot/v1.4.8; http://mj12bot.com/)"
185.191.171.35 - - [29/Nov/2021:13:17:40 +0100] "GET /kontakati-three-little-pigs-cbkreation-p-20266.html HTTP/1.0" 200 73478 "-" "Mozilla/5.0 (compatible; SemrushBot/7~bl; +http://www.semrush.com/bot.html)"
148.251.120.201 - - [29/Nov/2021:13:17:44 +0100] "GET /tabouret-chypre-bois-et-herbes-sechees-p-51695.html HTTP/1.0" 301 70744 "-" "Mozilla/5.0 (compatible; MJ12bot/v1.4.8; http://mj12bot.com/)"
148.251.120.201 - - [29/Nov/2021:13:17:47 +0100] "GET /wood-herbs-cyprus-stool-p-51695.html HTTP/1.0" 200 70654 "-" "Mozilla/5.0 (compatible; MJ12bot/v1.4.8; http://mj12bot.com/)"
54.36.148.134 - - [29/Nov/2021:13:17:48 +0100] "GET /harley-davidson-large-metal-plate-p-40293.html HTTP/1.0" 200 73322 "-" "Mozilla/5.0 (compatible; AhrefsBot/7.0; +http://ahrefs.com/robot/)"
148.251.120.201 - - [29/Nov/2021:13:17:49 +0100] "GET /tabouret-et-table-de-bar-c-13_212.html HTTP/1.0" 301 79652 "-" "Mozilla/5.0 (compatible; MJ12bot/v1.4.8; http://mj12bot.com/)"
185.191.171.21 - - [29/Nov/2021:13:17:50 +0100] "GET /fancy-elastic-bracelet-buddha-p-43735.html HTTP/1.0" 200 73228 "-" "Mozilla/5.0 (compatible; SemrushBot/7~bl; +http://www.semrush.com/bot.html)"
148.251.120.201 - - [29/Nov/2021:13:17:52 +0100] "GET /stool-table-c-212.html HTTP/1.0" 301 79529 "-" "Mozilla/5.0 (compatible; MJ12bot/v1.4.8; http://mj12bot.com/)"
148.251.120.201 - - [29/Nov/2021:13:17:57 +0100] "GET /stool-table-c-13_212.html HTTP/1.0" 200 79576 "-" "Mozilla/5.0 (compatible; MJ12bot/v1.4.8; http://mj12bot.com/)"
148.251.120.201 - - [29/Nov/2021:13:18:01 +0100] "GET /tabouret-table-c-13_212.html HTTP/1.0" 301 79652 "-" "Mozilla/5.0 (compatible; MJ12bot/v1.4.8; http://mj12bot.com/)"
148.251.120.201 - - [29/Nov/2021:13:18:04 +0100] "GET /stool-table-c-212.html HTTP/1.0" 301 79529 "-" "Mozilla/5.0 (compatible; MJ12bot/v1.4.8; http://mj12bot.com/)"
52.148.165.217 - - [29/Nov/2021:13:18:05 +0100] "GET /images/big_prod_1/4542202653265fred.jpg HTTP/1.0" 200 274 "-" "Mozilla/5.0 (Windows NT 10.0; WOW64) AppleWebKit/537.36 (KHTML, like Gecko) Chrome/64.0.3282.186 Safari/537.36"
148.251.120.201 - - [29/Nov/2021:13:18:07 +0100] "GET /stool-table-c-13_212.html HTTP/1.0" 200 79576 "-" "Mozilla/5.0 (compatible; MJ12bot/v1.4.8; http://mj12bot.com/)"
148.251.120.201 - - [29/Nov/2021:13:18:09 +0100] "GET /taie-oreiller-essix-tendresse-gaze-coton-lave-p-54455.html HTTP/1.0" 301 74741 "-" "Mozilla/5.0 (compatible; MJ12bot/v1.4.8; http://mj12bot.com/)"
148.251.120.201 - - [29/Nov/2021:13:18:13 +0100] "GET /tendresse-pillowcase-washed-cotton-gauze-p-54455.html HTTP/1.0" 200 74634 "-" "Mozilla/5.0 (compatible; MJ12bot/v1.4.8; http://mj12bot.com/)"
148.251.120.201 - - [29/Nov/2021:13:18:16 +0100] "GET /taie-oreiller-fils-coton-percale-terre-cuit-p-54396.html HTTP/1.0" 301 74253 "-" "Mozilla/5.0 (compatible; MJ12bot/v1.4.8; http://mj12bot.com/)"
148.251.120.201 - - [29/Nov/2021:13:18:18 +0100] "GET /pillow-case-cotton-percale-threads-p-54396.html HTTP/1.0" 200 74152 "-" "Mozilla/5.0 (compatible; MJ12bot/v1.4.8; http://mj12bot.com/)"
148.251.120.201 - - [29/Nov/2021:13:18:22 +0100] "GET /taie-traversin-fils-coton-percale-terre-cuite-p-54394.html HTTP/1.0" 301 74269 "-" "Mozilla/5.0 (compatible; MJ12bot/v1.4.8; http://mj12bot.com/)"
54.36.148.127 - - [29/Nov/2021:13:18:24 +0100] "GET /retro-transistor-clock-p-55423.html HTTP/1.0" 200 73216 "-" "Mozilla/5.0 (compatible; AhrefsBot/7.0; +http://ahrefs.com/robot/)"
148.251.120.201 - - [29/Nov/2021:13:18:26 +0100] "GET /bolster-case-cotton-percale-threads-p-54394.html HTTP/1.0" 200 74167 "-" "Mozilla/5.0 (compatible; MJ12bot/v1.4.8; http://mj12bot.com/)"
185.191.171.2 - - [29/Nov/2021:13:18:29 +0100] "GET /vintage-navigation-theme-suitcase-p-49616.html?action=add_product HTTP/1.0" 302 476 "-" "Mozilla/5.0 (compatible; SemrushBot/7~bl; +http://www.semrush.com/bot.html)"
148.251.120.201 - - [29/Nov/2021:13:18:30 +0100] "GET /taies-doreillers-taies-de-traversins-c-11_166.html HTTP/1.0" 301 90682 "-" "Mozilla/5.0 (compatible; MJ12bot/v1.4.8; http://mj12bot.com/)"
51.68.224.127 - - [29/Nov/2021:13:18:30 +0100] "GET /adminweb/export_orders_xml.php?token=256de2z6edz6ed2z6DFSFsed2zed6zeDSFDSGdzedezfzf&maxorders=10&orderstart=1&status=14&start_date=2018-10-01 HTTP/1.0" 200 285 "-" "GesCom CharlotteBoutik Serveur"
51.68.224.127 - - [29/Nov/2021:13:18:31 +0100] "GET /adminweb/export_orders_xml.php?token=256de2z6edz6ed2z6DFSFsed2zed6zeDSFDSGdzedezfzf&maxorders=10&orderstart=1&status=6&start_date=2018-10-01 HTTP/1.0" 200 32471 "-" "GesCom CharlotteBoutik Serveur"
148.251.120.201 - - [29/Nov/2021:13:18:33 +0100] "GET /pillowcases-bolstercases-c-166.html HTTP/1.0" 301 90563 "-" "Mozilla/5.0 (compatible; MJ12bot/v1.4.8; http://mj12bot.com/)"
148.251.120.201 - - [29/Nov/2021:13:18:37 +0100] "GET /pillowcases-bolstercases-c-11_166.html HTTP/1.0" 200 90593 "-" "Mozilla/5.0 (compatible; MJ12bot/v1.4.8; http://mj12bot.com/)"
148.251.120.201 - - [29/Nov/2021:13:18:41 +0100] "GET /taies-doreillers-taies-traversins-c-11_166.html HTTP/1.0" 301 90682 "-" "Mozilla/5.0 (compatible; MJ12bot/v1.4.8; http://mj12bot.com/)"
114.119.135.229 - - [29/Nov/2021:13:18:43 +0100] "GET /cars-mug-milk-p-27658.html HTTP/1.0" 301 73238 "-" "Mozilla/5.0 (compatible;PetalBot;+https://webmaster.petalsearch.com/site/petalbot)"
148.251.120.201 - - [29/Nov/2021:13:18:44 +0100] "GET /pillowcases-bolstercases-c-166.html HTTP/1.0" 301 90563 "-" "Mozilla/5.0 (compatible; MJ12bot/v1.4.8; http://mj12bot.com/)"
114.119.135.229 - - [29/Nov/2021:13:18:44 +0100] "GET /cars-milk-p-27658.html HTTP/1.0" 200 73162 "-" "Mozilla/5.0 (compatible;PetalBot;+https://webmaster.petalsearch.com/site/petalbot)"
148.251.120.201 - - [29/Nov/2021:13:18:47 +0100] "GET /pillowcases-bolstercases-c-11_166.html HTTP/1.0" 200 90593 "-" "Mozilla/5.0 (compatible; MJ12bot/v1.4.8; http://mj12bot.com/)"
148.251.120.201 - - [29/Nov/2021:13:18:50 +0100] "GET /take-cake-cactus-p-45576.html HTTP/1.0" 200 70654 "-" "Mozilla/5.0 (compatible; MJ12bot/v1.4.8; http://mj12bot.com/)"
148.251.120.201 - - [29/Nov/2021:13:18:54 +0100] "GET /take-the-cake-bag-cat-and-cactus-p-45576.html HTTP/1.0" 301 70737 "-" "Mozilla/5.0 (compatible; MJ12bot/v1.4.8; http://mj12bot.com/)"
148.251.120.201 - - [29/Nov/2021:13:18:56 +0100] "GET /take-cake-cactus-p-45576.html HTTP/1.0" 200 70654 "-" "Mozilla/5.0 (compatible; MJ12bot/v1.4.8; http://mj12bot.com/)"
148.251.120.201 - - [29/Nov/2021:13:19:00 +0100] "GET /take-the-cake-bag-owls-p-42233.html HTTP/1.0" 301 70631 "-" "Mozilla/5.0 (compatible; MJ12bot/v1.4.8; http://mj12bot.com/)"
54.36.148.48 - - [29/Nov/2021:13:19:00 +0100] "GET /good-year-large-metal-plate-deco-p-43531.html HTTP/1.0" 200 73300 "-" "Mozilla/5.0 (compatible; AhrefsBot/7.0; +http://ahrefs.com/robot/)"
148.251.120.201 - - [29/Nov/2021:13:19:03 +0100] "GET /-p-42233.html HTTP/1.0" 200 70564 "-" "Mozilla/5.0 (compatible; MJ12bot/v1.4.8; http://mj12bot.com/)"
20.80.156.160 - - [29/Nov/2021:13:19:04 +0100] "GET /images/big_prod_1/b5051276225661.jpg HTTP/1.0" 200 271 "-" "Mozilla/5.0 (Windows NT 10.0; WOW64) AppleWebKit/537.36 (KHTML, like Gecko) Chrome/67.0.3396.99 Safari/537.36"
148.251.120.201 - - [29/Nov/2021:13:19:06 +0100] "GET /tapis-bain-c-11_269_267.html HTTP/1.0" 301 86284 "-" "Mozilla/5.0 (compatible; MJ12bot/v1.4.8; http://mj12bot.com/)"
148.251.120.201 - - [29/Nov/2021:13:19:10 +0100] "GET /bath-c-267.html HTTP/1.0" 200 85988 "-" "Mozilla/5.0 (compatible; MJ12bot/v1.4.8; http://mj12bot.com/)"
148.251.120.201 - - [29/Nov/2021:13:19:13 +0100] "GET /tapis-c-11_269.html HTTP/1.0" 301 91894 "-" "Mozilla/5.0 (compatible; MJ12bot/v1.4.8; http://mj12bot.com/)"
148.251.120.201 - - [29/Nov/2021:13:19:15 +0100] "GET /rugs-c-269.html HTTP/1.0" 200 91706 "-" "Mozilla/5.0 (compatible; MJ12bot/v1.4.8; http://mj12bot.com/)"
148.251.120.201 - - [29/Nov/2021:13:19:18 +0100] "GET /tapis-dcoratifs-c-11_269_167.html HTTP/1.0" 301 91294 "-" "Mozilla/5.0 (compatible; MJ12bot/v1.4.8; http://mj12bot.com/)"
185.191.171.6 - - [29/Nov/2021:13:19:20 +0100] "GET /paris-mug-p-28389.html HTTP/1.0" 301 70654 "-" "Mozilla/5.0 (compatible; SemrushBot/7~bl; +http://www.semrush.com/bot.html)"
148.251.120.201 - - [29/Nov/2021:13:19:22 +0100] "GET /decorative-carpets-c-167.html HTTP/1.0" 301 91074 "-" "Mozilla/5.0 (compatible; MJ12bot/v1.4.8; http://mj12bot.com/)"
185.191.171.23 - - [29/Nov/2021:13:19:23 +0100] "GET /paris-p-28389.html HTTP/1.0" 200 70582 "-" "Mozilla/5.0 (compatible; SemrushBot/7~bl; +http://www.semrush.com/bot.html)"
