74.125.210.52 - - [29/Nov/2021:04:19:54 +0100] "GET /images/big_prod_3/d1300000019972.jpg HTTP/1.0" 200 271 "-" "Mozilla/5.0 (Windows NT 5.1; rv:11.0) Gecko Firefox/11.0 (via ggpht.com GoogleImageProxy)"
54.234.191.202 - - [29/Nov/2021:04:19:54 +0100] "GET /himalayan-salt-crystal-lamp-cross-p-56839.html HTTP/1.0" 200 74492 "-" "CCBot/2.0 (https://commoncrawl.org/faq/)"
185.191.171.22 - - [29/Nov/2021:04:20:08 +0100] "GET /chair-cushion-reversible-beige-p-38941.html?action=add_product HTTP/1.0" 302 476 "-" "Mozilla/5.0 (compatible; SemrushBot/7~bl; +http://www.semrush.com/bot.html)"
54.234.191.202 - - [29/Nov/2021:04:20:28 +0100] "GET /retro-transistor-clock-p-56714.html HTTP/1.0" 200 74003 "-" "CCBot/2.0 (https://commoncrawl.org/faq/)"
185.191.171.13 - - [29/Nov/2021:04:21:10 +0100] "GET /carpet-mandala-p-42037.html?action=add_product HTTP/1.0" 302 476 "-" "Mozilla/5.0 (compatible; SemrushBot/7~bl; +http://www.semrush.com/bot.html)"
157.55.39.223 - - [29/Nov/2021:04:21:10 +0100] "GET /suitcase-lunch-lunch-c-12_64.html HTTP/1.0" 200 83091 "-" "Mozilla/5.0 (compatible; bingbot/2.0; +http://www.bing.com/bingbot.htm)"
185.191.171.43 - - [29/Nov/2021:04:21:33 +0100] "GET /rectangulary-cushion-cbkreation-p-41918.html HTTP/1.0" 200 70684 "-" "Mozilla/5.0 (compatible; SemrushBot/7~bl; +http://www.semrush.com/bot.html)"
185.191.171.18 - - [29/Nov/2021:04:21:43 +0100] "GET /parrot-metal-glass-decoration-p-42808.html HTTP/1.0" 200 73402 "-" "Mozilla/5.0 (compatible; SemrushBot/7~bl; +http://www.semrush.com/bot.html)"
185.191.171.24 - - [29/Nov/2021:04:21:54 +0100] "GET /ashtray-p-40135.html?action=add_product HTTP/1.0" 302 476 "-" "Mozilla/5.0 (compatible; SemrushBot/7~bl; +http://www.semrush.com/bot.html)"
207.46.13.202 - - [29/Nov/2021:04:22:05 +0100] "GET /images/mini_prod/3700230606238.jpg HTTP/1.0" 200 269 "-" "Mozilla/5.0 (compatible; bingbot/2.0; +http://www.bing.com/bingbot.htm)"
124.71.153.13 - - [29/Nov/2021:04:22:59 +0100] "GET /images/mini_prod/5036278052187.jpg HTTP/1.0" 200 269 "-" "Mozilla/5.0 (X11; Ubuntu; Linux x86_64; rv:72.0) Gecko/20100101 Firefox/72.0"
185.191.171.20 - - [29/Nov/2021:04:24:25 +0100] "GET /sparks-plate-p-2165.html HTTP/1.0" 301 70628 "-" "Mozilla/5.0 (compatible; SemrushBot/7~bl; +http://www.semrush.com/bot.html)"
54.234.191.202 - - [29/Nov/2021:04:24:25 +0100] "GET /metal-wall-hook-wines-p-46796.html HTTP/1.0" 200 74056 "-" "CCBot/2.0 (https://commoncrawl.org/faq/)"
66.249.75.170 - - [29/Nov/2021:04:24:26 +0100] "GET /beatles-travel-p-12698.html HTTP/1.0" 200 73097 "-" "Mozilla/5.0 (compatible; Googlebot/2.1; +http://www.google.com/bot.html)"
185.191.171.12 - - [29/Nov/2021:04:24:35 +0100] "GET /-p-2165.html HTTP/1.0" 200 70562 "-" "Mozilla/5.0 (compatible; SemrushBot/7~bl; +http://www.semrush.com/bot.html)"
17.121.114.34 - - [29/Nov/2021:04:24:35 +0100] "GET /enjoy-your-life-p-40464.html HTTP/1.0" 200 73146 "-" "Mozilla/5.0 (Macintosh; Intel Mac OS X 10_15_5) AppleWebKit/605.1.15 (KHTML, like Gecko) Version/13.1.1 Safari/605.1.15 (Applebot/0.1; +http://www.apple.com/go/applebot)"
185.191.171.24 - - [29/Nov/2021:04:24:58 +0100] "GET /ethnic-style-burlap-table-p-48446.html?action=add_product HTTP/1.0" 302 476 "-" "Mozilla/5.0 (compatible; SemrushBot/7~bl; +http://www.semrush.com/bot.html)"
185.191.171.5 - - [29/Nov/2021:04:25:08 +0100] "GET /decoration-african-water-carrier-p-53806.html?action=add_product HTTP/1.0" 302 476 "-" "Mozilla/5.0 (compatible; SemrushBot/7~bl; +http://www.semrush.com/bot.html)"
104.156.246.69 - - [29/Nov/2021:04:25:29 +0100] "GET /images/mini_prod/886767070681.jpg HTTP/1.0" 200 268 "-" "Mozilla/5.0 (X11; Ubuntu; Linux x86_64; rv:72.0) Gecko/20100101 Firefox/72.0"
54.234.191.202 - - [29/Nov/2021:04:25:40 +0100] "GET /chimes-suspensions-c-13_241.html HTTP/1.0" 200 90849 "-" "CCBot/2.0 (https://commoncrawl.org/faq/)"
185.191.171.12 - - [29/Nov/2021:04:26:23 +0100] "GET /small-candle-ocean-sapphire-p-51070.html HTTP/1.0" 200 73712 "-" "Mozilla/5.0 (compatible; SemrushBot/7~bl; +http://www.semrush.com/bot.html)"
54.234.191.202 - - [29/Nov/2021:04:26:56 +0100] "GET /home-decoration-c-13.html HTTP/1.0" 200 91955 "-" "CCBot/2.0 (https://commoncrawl.org/faq/)"
185.191.171.2 - - [29/Nov/2021:04:27:19 +0100] "GET /magnet-dreamy-tassen-p-47559.html HTTP/1.0" 200 74133 "-" "Mozilla/5.0 (compatible; SemrushBot/7~bl; +http://www.semrush.com/bot.html)"
101.32.45.142 - - [29/Nov/2021:04:27:30 +0100] "GET /images/mini_prod/5036278051203.jpg HTTP/1.0" 200 269 "-" "Mozilla/5.0 (X11; Ubuntu; Linux x86_64; rv:72.0) Gecko/20100101 Firefox/72.0"
157.55.39.223 - - [29/Nov/2021:04:27:51 +0100] "GET /small-simple-with-personalized-picture-p-16330.html HTTP/1.0" 200 73796 "-" "Mozilla/5.0 (compatible; bingbot/2.0; +http://www.bing.com/bingbot.htm)"
185.191.171.15 - - [29/Nov/2021:04:27:51 +0100] "GET /decorative-globe-p-54109.html?action=add_product HTTP/1.0" 302 476 "-" "Mozilla/5.0 (compatible; SemrushBot/7~bl; +http://www.semrush.com/bot.html)"
185.176.78.214 - - [29/Nov/2021:04:28:02 +0100] "GET /images/big_prod/3014627830404.jpg HTTP/1.0" 200 268 "-" "Mozilla/5.0 (X11; Ubuntu; Linux x86_64; rv:72.0) Gecko/20100101 Firefox/72.0"
216.244.66.242 - - [29/Nov/2021:04:28:56 +0100] "GET /robots.txt HTTP/1.0" 301 531 "-" "Mozilla/5.0 (compatible; DotBot/1.2; +https://opensiteexplorer.org/dotbot; help@moz.com)"
216.244.66.242 - - [29/Nov/2021:04:28:56 +0100] "GET /robots.txt HTTP/1.0" 200 245 "-" "Mozilla/5.0 (compatible; DotBot/1.2; +https://opensiteexplorer.org/dotbot; help@moz.com)"
216.244.66.242 - - [29/Nov/2021:04:28:57 +0100] "GET /robots.txt HTTP/1.0" 200 245 "-" "Mozilla/5.0 (compatible; DotBot/1.2; +https://opensiteexplorer.org/dotbot; help@moz.com)"
54.234.191.202 - - [29/Nov/2021:04:29:08 +0100] "GET /bread-bags-c-11_179.html HTTP/1.0" 200 81738 "-" "CCBot/2.0 (https://commoncrawl.org/faq/)"
149.248.7.213 - - [29/Nov/2021:04:29:18 +0100] "GET /images/mini_prod/1399984252741.jpg HTTP/1.0" 200 269 "-" "Mozilla/5.0 (X11; Ubuntu; Linux x86_64; rv:72.0) Gecko/20100101 Firefox/72.0"
149.248.7.213 - - [29/Nov/2021:04:29:29 +0100] "GET /images/mini_prod/3453131146821.jpg HTTP/1.0" 200 269 "-" "Mozilla/5.0 (X11; Ubuntu; Linux x86_64; rv:72.0) Gecko/20100101 Firefox/72.0"
54.234.191.202 - - [29/Nov/2021:04:29:42 +0100] "GET /stitch-mini-figurine-p-56808.html HTTP/1.0" 200 74157 "-" "CCBot/2.0 (https://commoncrawl.org/faq/)"
185.191.171.5 - - [29/Nov/2021:04:29:53 +0100] "GET /clock-indian-spirit-28-cm-mandala-p-42945.html HTTP/1.0" 301 73372 "-" "Mozilla/5.0 (compatible; SemrushBot/7~bl; +http://www.semrush.com/bot.html)"
51.68.224.127 - - [29/Nov/2021:04:30:03 +0100] "GET /adminweb/export_orders_xml.php?token=256de2z6edz6ed2z6DFSFsed2zed6zeDSFDSGdzedezfzf&maxorders=10&orderstart=1&status=14&start_date=2018-10-01 HTTP/1.0" 200 285 "-" "GesCom CharlotteBoutik Serveur"
51.68.224.127 - - [29/Nov/2021:04:30:03 +0100] "GET /adminweb/export_orders_xml.php?token=256de2z6edz6ed2z6DFSFsed2zed6zeDSFDSGdzedezfzf&maxorders=10&orderstart=1&status=6&start_date=2018-10-01 HTTP/1.0" 200 32471 "-" "GesCom CharlotteBoutik Serveur"
185.191.171.15 - - [29/Nov/2021:04:30:03 +0100] "GET /clock-indian-spirit-mandala-p-42945.html HTTP/1.0" 200 73278 "-" "Mozilla/5.0 (compatible; SemrushBot/7~bl; +http://www.semrush.com/bot.html)"
207.46.13.202 - - [29/Nov/2021:04:30:24 +0100] "GET /images/big_prod/1300000010054.jpg HTTP/1.0" 200 268 "-" "Mozilla/5.0 (compatible; bingbot/2.0; +http://www.bing.com/bingbot.htm)"
74.125.210.50 - - [29/Nov/2021:04:30:56 +0100] "GET /images/big_prod_1/8422000004192.jpg HTTP/1.0" 200 270 "-" "Mozilla/5.0 (Windows NT 5.1; rv:11.0) Gecko Firefox/11.0 (via ggpht.com GoogleImageProxy)"
185.191.171.38 - - [29/Nov/2021:04:30:56 +0100] "GET /rtro-metal-plate-p-28412.html?action=add_product HTTP/1.0" 302 476 "-" "Mozilla/5.0 (compatible; SemrushBot/7~bl; +http://www.semrush.com/bot.html)"
157.55.39.228 - - [29/Nov/2021:04:30:58 +0100] "GET /images/big_prod/3565750289633.jpg HTTP/1.0" 200 268 "-" "Mozilla/5.0 (compatible; bingbot/2.0; +http://www.bing.com/bingbot.htm)"
108.41.188.25 - - [29/Nov/2021:04:31:07 +0100] "GET /little-prince-wallet-french-manufacturing-p-52350.html HTTP/1.0" 200 74151 "-" "Mozilla/5.0 (iPhone; CPU iPhone OS 14_8 like Mac OS X) AppleWebKit/605.1.15 (KHTML, like Gecko) Version/14.1.2 Mobile/15E148 Safari/604.1"
108.41.188.25 - - [29/Nov/2021:04:31:08 +0100] "GET /templates/Pixame_v1/stylesheet.css HTTP/1.0" 200 267 "http://www.wonder-geek.com/" "Mozilla/5.0 (iPhone; CPU iPhone OS 14_8 like Mac OS X) AppleWebKit/605.1.15 (KHTML, like Gecko) Version/14.1.2 Mobile/15E148 Safari/604.1"
108.41.188.25 - - [29/Nov/2021:04:31:08 +0100] "GET /highslide/highslide.js HTTP/1.0" 200 262 "http://www.wonder-geek.com/" "Mozilla/5.0 (iPhone; CPU iPhone OS 14_8 like Mac OS X) AppleWebKit/605.1.15 (KHTML, like Gecko) Version/14.1.2 Mobile/15E148 Safari/604.1"
108.41.188.25 - - [29/Nov/2021:04:31:08 +0100] "GET /js/jquery.js HTTP/1.0" 200 252 "http://www.wonder-geek.com/" "Mozilla/5.0 (iPhone; CPU iPhone OS 14_8 like Mac OS X) AppleWebKit/605.1.15 (KHTML, like Gecko) Version/14.1.2 Mobile/15E148 Safari/604.1"
108.41.188.25 - - [29/Nov/2021:04:31:09 +0100] "GET /js/jquery.jqzoom.js HTTP/1.0" 200 259 "http://www.wonder-geek.com/" "Mozilla/5.0 (iPhone; CPU iPhone OS 14_8 like Mac OS X) AppleWebKit/605.1.15 (KHTML, like Gecko) Version/14.1.2 Mobile/15E148 Safari/604.1"
108.41.188.25 - - [29/Nov/2021:04:31:09 +0100] "GET /mondial_relay/js/jquery-1.3.2.min.js HTTP/1.0" 200 276 "http://www.wonder-geek.com/" "Mozilla/5.0 (iPhone; CPU iPhone OS 14_8 like Mac OS X) AppleWebKit/605.1.15 (KHTML, like Gecko) Version/14.1.2 Mobile/15E148 Safari/604.1"
108.41.188.25 - - [29/Nov/2021:04:31:09 +0100] "GET /swfobject.js HTTP/1.0" 404 1308 "http://www.wonder-geek.com/" "Mozilla/5.0 (iPhone; CPU iPhone OS 14_8 like Mac OS X) AppleWebKit/605.1.15 (KHTML, like Gecko) Version/14.1.2 Mobile/15E148 Safari/604.1"
108.41.188.25 - - [29/Nov/2021:04:31:09 +0100] "GET /templates/Pixame_v1/images/icon_accueil2.png HTTP/1.0" 200 278 "http://www.wonder-geek.com/" "Mozilla/5.0 (iPhone; CPU iPhone OS 14_8 like Mac OS X) AppleWebKit/605.1.15 (KHTML, like Gecko) Version/14.1.2 Mobile/15E148 Safari/604.1"
108.41.188.25 - - [29/Nov/2021:04:31:09 +0100] "GET /templates/Pixame_v1/images/infobox/pixel_trans.gif HTTP/1.0" 200 328 "http://www.wonder-geek.com/" "Mozilla/5.0 (iPhone; CPU iPhone OS 14_8 like Mac OS X) AppleWebKit/605.1.15 (KHTML, like Gecko) Version/14.1.2 Mobile/15E148 Safari/604.1"
108.41.188.25 - - [29/Nov/2021:04:31:09 +0100] "GET /images/pixel_trans.gif HTTP/1.0" 200 328 "http://www.wonder-geek.com/" "Mozilla/5.0 (iPhone; CPU iPhone OS 14_8 like Mac OS X) AppleWebKit/605.1.15 (KHTML, like Gecko) Version/14.1.2 Mobile/15E148 Safari/604.1"
108.41.188.25 - - [29/Nov/2021:04:31:09 +0100] "GET /templates/Pixame_v1/images/pixel_trans.gif HTTP/1.0" 200 328 "http://www.wonder-geek.com/" "Mozilla/5.0 (iPhone; CPU iPhone OS 14_8 like Mac OS X) AppleWebKit/605.1.15 (KHTML, like Gecko) Version/14.1.2 Mobile/15E148 Safari/604.1"
108.41.188.25 - - [29/Nov/2021:04:31:09 +0100] "GET /images/big_prod/a8422000004192.jpg HTTP/1.0" 200 269 "http://www.wonder-geek.com/" "Mozilla/5.0 (iPhone; CPU iPhone OS 14_8 like Mac OS X) AppleWebKit/605.1.15 (KHTML, like Gecko) Version/14.1.2 Mobile/15E148 Safari/604.1"
108.41.188.25 - - [29/Nov/2021:04:31:09 +0100] "GET /images/big_prod_1/8422000004192.jpg HTTP/1.0" 200 270 "http://www.wonder-geek.com/" "Mozilla/5.0 (iPhone; CPU iPhone OS 14_8 like Mac OS X) AppleWebKit/605.1.15 (KHTML, like Gecko) Version/14.1.2 Mobile/15E148 Safari/604.1"
108.41.188.25 - - [29/Nov/2021:04:31:09 +0100] "GET /templates/Pixame_v1/images/buttons/english/button_in_cart.gif HTTP/1.0" 200 295 "http://www.wonder-geek.com/" "Mozilla/5.0 (iPhone; CPU iPhone OS 14_8 like Mac OS X) AppleWebKit/605.1.15 (KHTML, like Gecko) Version/14.1.2 Mobile/15E148 Safari/604.1"
108.41.188.25 - - [29/Nov/2021:04:31:09 +0100] "GET /templates/Pixame_v1/images/Bottom_texture.jpg HTTP/1.0" 200 280 "http://www.wonder-geek.com/" "Mozilla/5.0 (iPhone; CPU iPhone OS 14_8 like Mac OS X) AppleWebKit/605.1.15 (KHTML, like Gecko) Version/14.1.2 Mobile/15E148 Safari/604.1"
108.41.188.25 - - [29/Nov/2021:04:31:17 +0100] "GET /templates/Pixame_v1/images/Middle_texture.jpg HTTP/1.0" 200 280 "http://www.wonder-geek.com/" "Mozilla/5.0 (iPhone; CPU iPhone OS 14_8 like Mac OS X) AppleWebKit/605.1.15 (KHTML, like Gecko) Version/14.1.2 Mobile/15E148 Safari/604.1"
207.46.13.202 - - [29/Nov/2021:04:31:17 +0100] "GET /images/1399984253496.jpg HTTP/1.0" 200 259 "-" "Mozilla/5.0 (compatible; bingbot/2.0; +http://www.bing.com/bingbot.htm)"
54.234.191.202 - - [29/Nov/2021:04:31:28 +0100] "GET /salt-boxes-jars-c-12_223.html HTTP/1.0" 200 90767 "-" "CCBot/2.0 (https://commoncrawl.org/faq/)"
40.77.167.66 - - [29/Nov/2021:04:32:13 +0100] "GET /tinted-candle-gold-color-p-48933.html HTTP/1.0" 200 72955 "-" "Mozilla/5.0 (compatible; bingbot/2.0; +http://www.bing.com/bingbot.htm)"
157.55.39.223 - - [29/Nov/2021:04:32:44 +0100] "GET /images/big_prod_5/c4542202653760.jpg HTTP/1.0" 200 271 "-" "Mozilla/5.0 (compatible; bingbot/2.0; +http://www.bing.com/bingbot.htm)"
185.191.171.20 - - [29/Nov/2021:04:32:56 +0100] "GET /barcelone-workbook-p-52054.html HTTP/1.0" 200 70632 "-" "Mozilla/5.0 (compatible; SemrushBot/7~bl; +http://www.semrush.com/bot.html)"
54.36.148.208 - - [29/Nov/2021:04:33:05 +0100] "GET /resin-keychains-ladybug-p-38496.html HTTP/1.0" 301 70631 "-" "Mozilla/5.0 (compatible; AhrefsBot/7.0; +http://ahrefs.com/robot/)"
185.191.171.11 - - [29/Nov/2021:04:33:27 +0100] "GET /shadow-frame-cats-dubout-p-38858.html HTTP/1.0" 200 70684 "-" "Mozilla/5.0 (compatible; SemrushBot/7~bl; +http://www.semrush.com/bot.html)"
54.234.191.202 - - [29/Nov/2021:04:33:37 +0100] "GET /cellar-slicer-sausage-c-12_252.html HTTP/1.0" 200 79956 "-" "CCBot/2.0 (https://commoncrawl.org/faq/)"
185.191.171.38 - - [29/Nov/2021:04:33:37 +0100] "GET /glass-trivet-18-18-cm-dried-fruit-p-42918.html HTTP/1.0" 301 70631 "-" "Mozilla/5.0 (compatible; SemrushBot/7~bl; +http://www.semrush.com/bot.html)"
185.191.171.44 - - [29/Nov/2021:04:33:50 +0100] "GET /-p-42918.html HTTP/1.0" 200 70564 "-" "Mozilla/5.0 (compatible; SemrushBot/7~bl; +http://www.semrush.com/bot.html)"
40.77.167.66 - - [29/Nov/2021:04:34:54 +0100] "GET /girls/swimsuit/strawberry-blue-shortcake-swimsuit-size-years-p-24022.html HTTP/1.0" 301 70631 "-" "Mozilla/5.0 (compatible; bingbot/2.0; +http://www.bing.com/bingbot.htm)"
49.7.20.113 - - [29/Nov/2021:04:34:54 +0100] "GET / HTTP/1.0" 200 151678 "-" "Sogou web spider/4.0(+http://www.sogou.com/docs/help/webmasters.htm#07)"
207.46.13.202 - - [29/Nov/2021:04:35:05 +0100] "GET /images/big_prod/35444.jpg HTTP/1.0" 200 260 "-" "Mozilla/5.0 (compatible; bingbot/2.0; +http://www.bing.com/bingbot.htm)"
54.234.191.202 - - [29/Nov/2021:04:35:05 +0100] "GET /porcelain-baroudeur-bike-p-56859.html HTTP/1.0" 200 73892 "-" "CCBot/2.0 (https://commoncrawl.org/faq/)"
185.191.171.14 - - [29/Nov/2021:04:35:15 +0100] "GET /jasmin-melamine-tray-p-37914.html?action=add_product HTTP/1.0" 302 476 "-" "Mozilla/5.0 (compatible; SemrushBot/7~bl; +http://www.semrush.com/bot.html)"
185.191.171.25 - - [29/Nov/2021:04:35:26 +0100] "GET /-p-48902.html?action=add_product HTTP/1.0" 302 476 "-" "Mozilla/5.0 (compatible; SemrushBot/7~bl; +http://www.semrush.com/bot.html)"
54.234.191.202 - - [29/Nov/2021:04:35:36 +0100] "GET /christmas-night-wall-sticker-p-56712.html HTTP/1.0" 200 74197 "-" "CCBot/2.0 (https://commoncrawl.org/faq/)"
185.191.171.36 - - [29/Nov/2021:04:35:47 +0100] "GET /britto-elephant-statuette-20-cm-limited-edition-p-50679.html HTTP/1.0" 301 73576 "-" "Mozilla/5.0 (compatible; SemrushBot/7~bl; +http://www.semrush.com/bot.html)"
216.244.66.242 - - [29/Nov/2021:04:35:58 +0100] "GET /images/med_prod/3503420168260.jpg HTTP/1.0" 200 268 "-" "Mozilla/5.0 (compatible; DotBot/1.2; +https://opensiteexplorer.org/dotbot; help@moz.com)"
185.191.171.12 - - [29/Nov/2021:04:35:59 +0100] "GET /britto-elephant-statuette-limited-edition-p-50679.html HTTP/1.0" 200 73468 "-" "Mozilla/5.0 (compatible; SemrushBot/7~bl; +http://www.semrush.com/bot.html)"
185.191.171.9 - - [29/Nov/2021:04:36:30 +0100] "GET /jack-skellington-vinyl-figure-the-nightmare-before-christmas-p-45136.html HTTP/1.0" 301 70631 "-" "Mozilla/5.0 (compatible; SemrushBot/7~bl; +http://www.semrush.com/bot.html)"
54.234.191.202 - - [29/Nov/2021:04:36:30 +0100] "GET /pendulum-door-metal-floor-coat-p-36078.html HTTP/1.0" 200 74003 "-" "CCBot/2.0 (https://commoncrawl.org/faq/)"
185.191.171.4 - - [29/Nov/2021:04:36:41 +0100] "GET /-p-45136.html HTTP/1.0" 200 70564 "-" "Mozilla/5.0 (compatible; SemrushBot/7~bl; +http://www.semrush.com/bot.html)"
185.191.171.14 - - [29/Nov/2021:04:36:44 +0100] "GET /mani-lucky-figurine-p-47602.html?action=add_product HTTP/1.0" 302 476 "-" "Mozilla/5.0 (compatible; SemrushBot/7~bl; +http://www.semrush.com/bot.html)"
54.234.191.202 - - [29/Nov/2021:04:36:54 +0100] "GET /dishes-dishes-c-12_251.html HTTP/1.0" 200 89696 "-" "CCBot/2.0 (https://commoncrawl.org/faq/)"
185.191.171.16 - - [29/Nov/2021:04:37:14 +0100] "GET /flag-resin-skull-figure-p-42289.html?action=add_product HTTP/1.0" 302 476 "-" "Mozilla/5.0 (compatible; SemrushBot/7~bl; +http://www.semrush.com/bot.html)"
40.77.167.66 - - [29/Nov/2021:04:37:25 +0100] "GET /images/big_prod/CD3960b.jpg HTTP/1.0" 200 262 "-" "Mozilla/5.0 (compatible; bingbot/2.0; +http://www.bing.com/bingbot.htm)"
54.234.191.202 - - [29/Nov/2021:04:37:25 +0100] "GET /boat-bell-fixed-wall-p-56647.html HTTP/1.0" 200 73907 "-" "CCBot/2.0 (https://commoncrawl.org/faq/)"
66.249.75.170 - - [29/Nov/2021:04:37:36 +0100] "GET /images/big_prod/3560600314299.jpg HTTP/1.0" 200 268 "-" "Googlebot-Image/1.0"
54.234.191.202 - - [29/Nov/2021:04:37:48 +0100] "GET /cardboard-boxes-storage-c-13_150_216.html HTTP/1.0" 200 78004 "-" "CCBot/2.0 (https://commoncrawl.org/faq/)"
185.191.171.34 - - [29/Nov/2021:04:37:57 +0100] "GET /eyelet-curtain-p-52382.html HTTP/1.0" 200 75383 "-" "Mozilla/5.0 (compatible; SemrushBot/7~bl; +http://www.semrush.com/bot.html)"
185.191.171.41 - - [29/Nov/2021:04:38:09 +0100] "GET /robocar-poli-pencil-case-p-31291.html HTTP/1.0" 200 70675 "-" "Mozilla/5.0 (compatible; SemrushBot/7~bl; +http://www.semrush.com/bot.html)"
54.234.191.202 - - [29/Nov/2021:04:38:18 +0100] "GET /barbecue-aperitif-c-12_254.html HTTP/1.0" 200 89936 "-" "CCBot/2.0 (https://commoncrawl.org/faq/)"
185.191.171.9 - - [29/Nov/2021:04:38:21 +0100] "GET /electric-melt-warmer-daisy-p-40681.html?action=add_product HTTP/1.0" 302 476 "-" "Mozilla/5.0 (compatible; SemrushBot/7~bl; +http://www.semrush.com/bot.html)"
49.7.20.122 - - [29/Nov/2021:04:38:40 +0100] "GET / HTTP/1.0" 200 151548 "-" "Sogou web spider/4.0(+http://www.sogou.com/docs/help/webmasters.htm#07)"
54.234.191.202 - - [29/Nov/2021:04:38:41 +0100] "GET /rodin-secret-figurine-p-56858.html HTTP/1.0" 200 73895 "-" "CCBot/2.0 (https://commoncrawl.org/faq/)"
54.234.191.202 - - [29/Nov/2021:04:39:12 +0100] "GET /retro-transistor-clock-p-56715.html HTTP/1.0" 200 73996 "-" "CCBot/2.0 (https://commoncrawl.org/faq/)"
185.191.171.21 - - [29/Nov/2021:04:39:35 +0100] "GET /star-wars-captain-phasma-poster-p-36316.html HTTP/1.0" 200 70678 "-" "Mozilla/5.0 (compatible; SemrushBot/7~bl; +http://www.semrush.com/bot.html)"
207.46.13.118 - - [29/Nov/2021:04:40:06 +0100] "GET /kimmidoll-kazumi-canvas-wallet-p-31938.html HTTP/1.0" 200 73982 "-" "Mozilla/5.0 (compatible; bingbot/2.0; +http://www.bing.com/bingbot.htm)"
54.234.191.202 - - [29/Nov/2021:04:40:06 +0100] "GET /dark-wood-gold-aluminum-character-statues-p-56916.html HTTP/1.0" 200 74666 "-" "CCBot/2.0 (https://commoncrawl.org/faq/)"
185.191.171.36 - - [29/Nov/2021:04:40:08 +0100] "GET /provence-retro-tray-p-17265.html HTTP/1.0" 200 73205 "-" "Mozilla/5.0 (compatible; SemrushBot/7~bl; +http://www.semrush.com/bot.html)"
185.191.171.38 - - [29/Nov/2021:04:40:19 +0100] "GET /wood-carved-hand-fatma-p-50148.html HTTP/1.0" 200 70660 "-" "Mozilla/5.0 (compatible; SemrushBot/7~bl; +http://www.semrush.com/bot.html)"
54.234.191.202 - - [29/Nov/2021:04:40:28 +0100] "GET /mtal-signs-c-13_130.html HTTP/1.0" 200 94482 "-" "CCBot/2.0 (https://commoncrawl.org/faq/)"
54.234.191.202 - - [29/Nov/2021:04:40:49 +0100] "GET /games-toys-c-4.html HTTP/1.0" 200 93075 "-" "CCBot/2.0 (https://commoncrawl.org/faq/)"
66.249.75.168 - - [29/Nov/2021:04:41:21 +0100] "GET /images/big_prod/3503420053337.jpg HTTP/1.0" 200 268 "-" "Googlebot-Image/1.0"
54.234.191.202 - - [29/Nov/2021:04:41:21 +0100] "GET /holders-c-13_150_201.html HTTP/1.0" 200 88024 "-" "CCBot/2.0 (https://commoncrawl.org/faq/)"
207.46.13.233 - - [29/Nov/2021:04:41:33 +0100] "GET /robots.txt HTTP/1.0" 200 245 "-" "Mozilla/5.0 (compatible; bingbot/2.0; +http://www.bing.com/bingbot.htm)"
185.191.171.8 - - [29/Nov/2021:04:41:54 +0100] "GET /ballerina-statue-collection-body-talk-p-38822.html HTTP/1.0" 200 74279 "-" "Mozilla/5.0 (compatible; SemrushBot/7~bl; +http://www.semrush.com/bot.html)"
54.234.191.202 - - [29/Nov/2021:04:42:05 +0100] "GET /cushions-c-11_71_283.html HTTP/1.0" 200 92247 "-" "CCBot/2.0 (https://commoncrawl.org/faq/)"
207.46.13.202 - - [29/Nov/2021:04:42:15 +0100] "GET /images/big_prod_1/8718657469843b.jpg HTTP/1.0" 200 271 "-" "Mozilla/5.0 (compatible; bingbot/2.0; +http://www.bing.com/bingbot.htm)"
54.234.191.202 - - [29/Nov/2021:04:42:37 +0100] "GET /water-bottle-liters-pink-with-embroidered-unicorn-p-56874.html HTTP/1.0" 200 74230 "-" "CCBot/2.0 (https://commoncrawl.org/faq/)"
185.191.171.12 - - [29/Nov/2021:04:42:37 +0100] "GET /pot-retro-glass-waiting-is-happy-take-your-small-model-12-cm-p-41249.html HTTP/1.0" 301 70890 "-" "Mozilla/5.0 (compatible; SemrushBot/7~bl; +http://www.semrush.com/bot.html)"
185.191.171.25 - - [29/Nov/2021:04:42:50 +0100] "GET /retro-glass-waiting-happy-take-your-small-model-p-41249.html HTTP/1.0" 200 70776 "-" "Mozilla/5.0 (compatible; SemrushBot/7~bl; +http://www.semrush.com/bot.html)"
54.234.191.202 - - [29/Nov/2021:04:42:58 +0100] "GET /sonny-angel-clover-rabbit-master-collection-p-56725.html HTTP/1.0" 200 74093 "-" "CCBot/2.0 (https://commoncrawl.org/faq/)"
54.234.191.202 - - [29/Nov/2021:04:43:22 +0100] "GET /coat-hook-c-13_198.html?page=1 HTTP/1.0" 200 90775 "-" "CCBot/2.0 (https://commoncrawl.org/faq/)"
185.191.171.42 - - [29/Nov/2021:04:43:53 +0100] "GET /tetsubin-teapot-japanese-liter-p-56037.html HTTP/1.0" 200 73574 "-" "Mozilla/5.0 (compatible; SemrushBot/7~bl; +http://www.semrush.com/bot.html)"
185.191.171.44 - - [29/Nov/2021:04:44:26 +0100] "GET /yellow-vintage-motorcycle-coat-rack-p-46692.html HTTP/1.0" 200 73376 "-" "Mozilla/5.0 (compatible; SemrushBot/7~bl; +http://www.semrush.com/bot.html)"
185.191.171.22 - - [29/Nov/2021:04:45:20 +0100] "GET /whale-by-allen-cushion-45-cm-p-40062.html HTTP/1.0" 301 74036 "-" "Mozilla/5.0 (compatible; SemrushBot/7~bl; +http://www.semrush.com/bot.html)"
157.55.39.108 - - [29/Nov/2021:04:45:31 +0100] "GET /images/big_prod_1/b4006592916817.jpg HTTP/1.0" 200 271 "-" "Mozilla/5.0 (compatible; bingbot/2.0; +http://www.bing.com/bingbot.htm)"
66.249.75.166 - - [29/Nov/2021:04:45:20 +0100] "GET /titeuf-sticker-p-24724.html HTTP/1.0" 200 73242 "-" "Mozilla/5.0 (compatible; Googlebot/2.1; +http://www.google.com/bot.html)"
185.191.171.16 - - [29/Nov/2021:04:45:31 +0100] "GET /whale-allen-cushion-p-40062.html HTTP/1.0" 200 73950 "-" "Mozilla/5.0 (compatible; SemrushBot/7~bl; +http://www.semrush.com/bot.html)"
216.244.66.242 - - [29/Nov/2021:04:45:41 +0100] "GET /esotericism-lithotherapy-c-174.html HTTP/1.0" 301 581 "-" "Mozilla/5.0 (compatible; DotBot/1.2; +https://opensiteexplorer.org/dotbot; help@moz.com)"
185.191.171.38 - - [29/Nov/2021:04:45:53 +0100] "GET /horses-canvas-frame-p-31857.html HTTP/1.0" 200 70630 "-" "Mozilla/5.0 (compatible; SemrushBot/7~bl; +http://www.semrush.com/bot.html)"
216.244.66.242 - - [29/Nov/2021:04:46:13 +0100] "GET /poncho-towels-and-bathrobes-c-11_72.html HTTP/1.0" 301 591 "-" "Mozilla/5.0 (compatible; DotBot/1.2; +https://opensiteexplorer.org/dotbot; help@moz.com)"
54.234.191.202 - - [29/Nov/2021:04:46:35 +0100] "GET /perfumes-interior-c-231_234.html HTTP/1.0" 200 87245 "-" "CCBot/2.0 (https://commoncrawl.org/faq/)"
185.191.171.23 - - [29/Nov/2021:04:46:35 +0100] "GET /-p-46306.html?action=add_product HTTP/1.0" 302 476 "-" "Mozilla/5.0 (compatible; SemrushBot/7~bl; +http://www.semrush.com/bot.html)"
17.121.112.43 - - [29/Nov/2021:04:46:35 +0100] "GET /happy-shirt-etienne-boyer-p-29564.html HTTP/1.0" 200 75665 "-" "Mozilla/5.0 (Macintosh; Intel Mac OS X 10_15_5) AppleWebKit/605.1.15 (KHTML, like Gecko) Version/13.1.1 Safari/605.1.15 (Applebot/0.1; +http://www.apple.com/go/applebot)"
216.244.66.242 - - [29/Nov/2021:04:46:45 +0100] "GET /purse-and-wallet-c-31_76.html HTTP/1.0" 301 569 "-" "Mozilla/5.0 (compatible; DotBot/1.2; +https://opensiteexplorer.org/dotbot; help@moz.com)"
185.191.171.45 - - [29/Nov/2021:04:46:45 +0100] "GET /jasmin-medium-cabas-p-44161.html?action=add_product HTTP/1.0" 302 476 "-" "Mozilla/5.0 (compatible; SemrushBot/7~bl; +http://www.semrush.com/bot.html)"
54.234.191.202 - - [29/Nov/2021:04:46:56 +0100] "GET /wooden-hook-mirror-hooks-p-52864.html HTTP/1.0" 200 73323 "-" "CCBot/2.0 (https://commoncrawl.org/faq/)"
216.244.66.242 - - [29/Nov/2021:04:47:17 +0100] "GET /trivet-and-boards-cut-c-12_158.html HTTP/1.0" 301 581 "-" "Mozilla/5.0 (compatible; DotBot/1.2; +https://opensiteexplorer.org/dotbot; help@moz.com)"
185.191.171.16 - - [29/Nov/2021:04:47:17 +0100] "GET /vase-white-gray-p-54056.html HTTP/1.0" 200 70622 "-" "Mozilla/5.0 (compatible; SemrushBot/7~bl; +http://www.semrush.com/bot.html)"
185.191.171.37 - - [29/Nov/2021:04:47:27 +0100] "GET /pig-coat-rack-wooden-supports-p-48974.html HTTP/1.0" 301 70758 "-" "Mozilla/5.0 (compatible; SemrushBot/7~bl; +http://www.semrush.com/bot.html)"
207.46.13.202 - - [29/Nov/2021:04:47:38 +0100] "GET /images/big_prod/3609810065093.jpg HTTP/1.0" 200 268 "-" "Mozilla/5.0 (compatible; bingbot/2.0; +http://www.bing.com/bingbot.htm)"
185.191.171.22 - - [29/Nov/2021:04:47:38 +0100] "GET /coat-rack-wooden-supports-p-48974.html HTTP/1.0" 200 70666 "-" "Mozilla/5.0 (compatible; SemrushBot/7~bl; +http://www.semrush.com/bot.html)"
216.244.66.242 - - [29/Nov/2021:04:47:48 +0100] "GET /eccentric-cat-mug-p-49403.html HTTP/1.0" 301 571 "-" "Mozilla/5.0 (compatible; DotBot/1.2; +https://opensiteexplorer.org/dotbot; help@moz.com)"
185.191.171.42 - - [29/Nov/2021:04:47:48 +0100] "GET /chameleon-nightlight-p-53140.html?action=add_product HTTP/1.0" 302 476 "-" "Mozilla/5.0 (compatible; SemrushBot/7~bl; +http://www.semrush.com/bot.html)"
185.191.171.22 - - [29/Nov/2021:04:47:59 +0100] "GET /body-baby-knight-p-50931.html?action=add_product HTTP/1.0" 302 476 "-" "Mozilla/5.0 (compatible; SemrushBot/7~bl; +http://www.semrush.com/bot.html)"
185.191.171.15 - - [29/Nov/2021:04:48:01 +0100] "GET /aluminum-bottle-think-green-printed-france-p-56363.html HTTP/1.0" 200 74120 "-" "Mozilla/5.0 (compatible; SemrushBot/7~bl; +http://www.semrush.com/bot.html)"
157.55.39.223 - - [29/Nov/2021:04:48:11 +0100] "GET /images/3298060221382.b.jpg HTTP/1.0" 200 261 "-" "Mozilla/5.0 (compatible; bingbot/2.0; +http://www.bing.com/bingbot.htm)"
157.55.39.228 - - [29/Nov/2021:04:48:43 +0100] "GET /images/5010065075092.jpg HTTP/1.0" 200 259 "-" "Mozilla/5.0 (compatible; bingbot/2.0; +http://www.bing.com/bingbot.htm)"
185.191.171.36 - - [29/Nov/2021:04:48:43 +0100] "GET /pets-polar-blanket-p-8422.html?action=add_product HTTP/1.0" 302 476 "-" "Mozilla/5.0 (compatible; SemrushBot/7~bl; +http://www.semrush.com/bot.html)"
185.191.171.8 - - [29/Nov/2021:04:48:53 +0100] "GET /white-bear-pompon-p-46907.html?action=add_product HTTP/1.0" 302 476 "-" "Mozilla/5.0 (compatible; SemrushBot/7~bl; +http://www.semrush.com/bot.html)"
54.36.149.21 - - [29/Nov/2021:04:49:49 +0100] "GET /horses-pencil-pot-p-27183.html HTTP/1.0" 301 70631 "-" "Mozilla/5.0 (compatible; AhrefsBot/7.0; +http://ahrefs.com/robot/)"
77.88.5.222 - - [29/Nov/2021:04:50:11 +0100] "GET /images/8430269357751.jpg HTTP/1.0" 200 259 "-" "Mozilla/5.0 (compatible; YandexImages/3.0; +http://yandex.com/bots)"
207.46.13.202 - - [29/Nov/2021:04:50:23 +0100] "GET /images/med_prod/1384010178416.jpg HTTP/1.0" 200 268 "-" "Mozilla/5.0 (compatible; bingbot/2.0; +http://www.bing.com/bingbot.htm)"
185.191.171.44 - - [29/Nov/2021:04:50:33 +0100] "GET /dubout-cats-glasses-box-p-43034.html HTTP/1.0" 301 73341 "-" "Mozilla/5.0 (compatible; SemrushBot/7~bl; +http://www.semrush.com/bot.html)"
17.121.112.18 - - [29/Nov/2021:04:50:57 +0100] "GET /-p-11931.html HTTP/1.0" 200 70564 "-" "Mozilla/5.0 (Macintosh; Intel Mac OS X 10_15_5) AppleWebKit/605.1.15 (KHTML, like Gecko) Version/13.1.1 Safari/605.1.15 (Applebot/0.1; +http://www.apple.com/go/applebot)"
54.36.148.246 - - [29/Nov/2021:04:51:28 +0100] "GET /three-little-pigs-naf-naf-figure-p-3610.html HTTP/1.0" 301 70628 "-" "Mozilla/5.0 (compatible; AhrefsBot/7.0; +http://ahrefs.com/robot/)"
185.191.171.7 - - [29/Nov/2021:04:51:09 +0100] "GET /dubout-cats-glasses-p-43034.html HTTP/1.0" 200 73255 "-" "Mozilla/5.0 (compatible; SemrushBot/7~bl; +http://www.semrush.com/bot.html)"
54.36.148.73 - - [29/Nov/2021:04:49:15 +0100] "GET /wall-sticker-c-13_187.html?page=2 HTTP/1.0" 500 73427 "-" "Mozilla/5.0 (compatible; AhrefsBot/7.0; +http://ahrefs.com/robot/)"
185.191.171.2 - - [29/Nov/2021:04:51:39 +0100] "GET /large-stamps-winnie-pooh-p-16093.html HTTP/1.0" 200 73555 "-" "Mozilla/5.0 (compatible; SemrushBot/7~bl; +http://www.semrush.com/bot.html)"
54.234.191.202 - - [29/Nov/2021:04:49:39 +0100] "GET /mouse-c-129_85.html HTTP/1.0" 500 73403 "-" "CCBot/2.0 (https://commoncrawl.org/faq/)"
185.191.171.10 - - [29/Nov/2021:04:52:01 +0100] "GET /white-black-skull-keyrings-sound-light-p-40194.html HTTP/1.0" 200 73433 "-" "Mozilla/5.0 (compatible; SemrushBot/7~bl; +http://www.semrush.com/bot.html)"
185.191.171.42 - - [29/Nov/2021:04:52:34 +0100] "GET /candy-cloud-hair-brush-dasha-p-49778.html HTTP/1.0" 200 73261 "-" "Mozilla/5.0 (compatible; SemrushBot/7~bl; +http://www.semrush.com/bot.html)"
40.77.167.66 - - [29/Nov/2021:04:53:06 +0100] "GET /images/big_prod/3665269059137.jpg HTTP/1.0" 200 268 "-" "Mozilla/5.0 (compatible; bingbot/2.0; +http://www.bing.com/bingbot.htm)"
207.46.13.118 - - [29/Nov/2021:04:53:51 +0100] "GET /images/mini_prod/3700572722221.jpg HTTP/1.0" 200 269 "-" "Mozilla/5.0 (compatible; bingbot/2.0; +http://www.bing.com/bingbot.htm)"
185.191.171.36 - - [29/Nov/2021:04:54:02 +0100] "GET /characters-sculpture-natural-wood-aluminum-p-55479.html?action=add_product HTTP/1.0" 302 476 "-" "Mozilla/5.0 (compatible; SemrushBot/7~bl; +http://www.semrush.com/bot.html)"
185.191.171.23 - - [29/Nov/2021:04:54:13 +0100] "GET /lotus-flowers-wall-sticker-p-39305.html HTTP/1.0" 301 70631 "-" "Mozilla/5.0 (compatible; SemrushBot/7~bl; +http://www.semrush.com/bot.html)"
216.244.66.242 - - [29/Nov/2021:04:54:15 +0100] "GET /loulou-figure-p-32163.html HTTP/1.0" 200 70620 "-" "Mozilla/5.0 (compatible; DotBot/1.2; +https://opensiteexplorer.org/dotbot; help@moz.com)"
185.191.171.10 - - [29/Nov/2021:04:54:24 +0100] "GET /-p-39305.html HTTP/1.0" 200 70564 "-" "Mozilla/5.0 (compatible; SemrushBot/7~bl; +http://www.semrush.com/bot.html)"
185.191.171.34 - - [29/Nov/2021:04:54:48 +0100] "GET /door-plate-bathroom-p-53387.html?action=add_product HTTP/1.0" 302 476 "-" "Mozilla/5.0 (compatible; SemrushBot/7~bl; +http://www.semrush.com/bot.html)"
216.244.66.242 - - [29/Nov/2021:04:55:08 +0100] "GET /portfolio-pepe-jeans-pina-p-38139.html HTTP/1.0" 200 74235 "-" "Mozilla/5.0 (compatible; DotBot/1.2; +https://opensiteexplorer.org/dotbot; help@moz.com)"
185.191.171.4 - - [29/Nov/2021:04:55:41 +0100] "GET /laissez-lucie-faire-small-wallet-tino-p-49015.html HTTP/1.0" 200 74054 "-" "Mozilla/5.0 (compatible; SemrushBot/7~bl; +http://www.semrush.com/bot.html)"
17.121.113.80 - - [29/Nov/2021:04:55:42 +0100] "GET /twine-color-fitted-sheet-p-51986.html HTTP/1.0" 200 73234 "-" "Mozilla/5.0 (Macintosh; Intel Mac OS X 10_15_5) AppleWebKit/605.1.15 (KHTML, like Gecko) Version/13.1.1 Safari/605.1.15 (Applebot/0.1; +http://www.apple.com/go/applebot)"
216.244.66.242 - - [29/Nov/2021:04:56:03 +0100] "GET /disney-princess-sofia-lunchbox-p-31745.html HTTP/1.0" 200 70705 "-" "Mozilla/5.0 (compatible; DotBot/1.2; +https://opensiteexplorer.org/dotbot; help@moz.com)"
149.248.7.213 - - [29/Nov/2021:04:56:25 +0100] "GET /images/mini_prod/1399984227282.jpg HTTP/1.0" 200 269 "-" "Mozilla/5.0 (X11; Ubuntu; Linux x86_64; rv:72.0) Gecko/20100101 Firefox/72.0"
185.191.171.36 - - [29/Nov/2021:04:56:03 +0100] "GET /caramel-shoulder-rose-libellule-p-55626.html HTTP/1.0" 200 74459 "-" "Mozilla/5.0 (compatible; SemrushBot/7~bl; +http://www.semrush.com/bot.html)"
36.65.102.157 - - [29/Nov/2021:04:56:27 +0100] "GET /templates/Pixame_v1/stylesheet.css HTTP/1.0" 200 267 "http://www.wonder-geek.com/" "Mozilla/5.0 (Macintosh; Intel Mac OS X 10_15_7) AppleWebKit/537.36 (KHTML, like Gecko) Chrome/96.0.4664.55 Safari/537.36"
36.65.102.157 - - [29/Nov/2021:04:56:27 +0100] "GET /js/jquery.jqzoom.js HTTP/1.0" 200 259 "http://www.wonder-geek.com/" "Mozilla/5.0 (Macintosh; Intel Mac OS X 10_15_7) AppleWebKit/537.36 (KHTML, like Gecko) Chrome/96.0.4664.55 Safari/537.36"
36.65.102.157 - - [29/Nov/2021:04:56:27 +0100] "GET /js/jquery.js HTTP/1.0" 200 252 "http://www.wonder-geek.com/" "Mozilla/5.0 (Macintosh; Intel Mac OS X 10_15_7) AppleWebKit/537.36 (KHTML, like Gecko) Chrome/96.0.4664.55 Safari/537.36"
36.65.102.157 - - [29/Nov/2021:04:56:27 +0100] "GET /mondial_relay/js/jquery-1.3.2.min.js HTTP/1.0" 200 276 "http://www.wonder-geek.com/" "Mozilla/5.0 (Macintosh; Intel Mac OS X 10_15_7) AppleWebKit/537.36 (KHTML, like Gecko) Chrome/96.0.4664.55 Safari/537.36"
36.65.102.157 - - [29/Nov/2021:04:56:27 +0100] "GET /highslide/highslide.js HTTP/1.0" 200 262 "http://www.wonder-geek.com/" "Mozilla/5.0 (Macintosh; Intel Mac OS X 10_15_7) AppleWebKit/537.36 (KHTML, like Gecko) Chrome/96.0.4664.55 Safari/537.36"
36.65.102.157 - - [29/Nov/2021:04:56:27 +0100] "GET /templates/Pixame_v1/images/icon_accueil2.png HTTP/1.0" 200 278 "http://www.wonder-geek.com/" "Mozilla/5.0 (Macintosh; Intel Mac OS X 10_15_7) AppleWebKit/537.36 (KHTML, like Gecko) Chrome/96.0.4664.55 Safari/537.36"
36.65.102.157 - - [29/Nov/2021:04:56:36 +0100] "GET /swfobject.js HTTP/1.0" 404 1308 "http://www.wonder-geek.com/" "Mozilla/5.0 (Macintosh; Intel Mac OS X 10_15_7) AppleWebKit/537.36 (KHTML, like Gecko) Chrome/96.0.4664.55 Safari/537.36"
36.65.102.157 - - [29/Nov/2021:04:56:36 +0100] "GET /templates/Pixame_v1/images/infobox/pixel_trans.gif HTTP/1.0" 200 328 "http://www.wonder-geek.com/" "Mozilla/5.0 (Macintosh; Intel Mac OS X 10_15_7) AppleWebKit/537.36 (KHTML, like Gecko) Chrome/96.0.4664.55 Safari/537.36"
36.65.102.157 - - [29/Nov/2021:04:56:36 +0100] "GET /images/pixel_trans.gif HTTP/1.0" 200 328 "http://www.wonder-geek.com/" "Mozilla/5.0 (Macintosh; Intel Mac OS X 10_15_7) AppleWebKit/537.36 (KHTML, like Gecko) Chrome/96.0.4664.55 Safari/537.36"
36.65.102.157 - - [29/Nov/2021:04:56:36 +0100] "GET /templates/Pixame_v1/images/pixel_trans.gif HTTP/1.0" 200 328 "http://www.wonder-geek.com/" "Mozilla/5.0 (Macintosh; Intel Mac OS X 10_15_7) AppleWebKit/537.36 (KHTML, like Gecko) Chrome/96.0.4664.55 Safari/537.36"
185.191.171.41 - - [29/Nov/2021:04:56:27 +0100] "GET /hello-kitty-giant-whiteboard-wall-stickers-p-3806.html HTTP/1.0" 200 73376 "-" "Mozilla/5.0 (compatible; SemrushBot/7~bl; +http://www.semrush.com/bot.html)"
216.244.66.242 - - [29/Nov/2021:04:56:47 +0100] "GET /laissez-lucie-faire-placemat-p-42716.html HTTP/1.0" 200 70695 "-" "Mozilla/5.0 (compatible; DotBot/1.2; +https://opensiteexplorer.org/dotbot; help@moz.com)"
185.191.171.9 - - [29/Nov/2021:04:56:58 +0100] "GET /adhesive-roll-cement-tiles-p-55402.html?action=add_product HTTP/1.0" 302 476 "-" "Mozilla/5.0 (compatible; SemrushBot/7~bl; +http://www.semrush.com/bot.html)"
185.191.171.4 - - [29/Nov/2021:04:56:59 +0100] "GET /robots.txt HTTP/1.0" 200 245 "-" "Mozilla/5.0 (compatible; SemrushBot/7~bl; +http://www.semrush.com/bot.html)"
77.88.5.222 - - [29/Nov/2021:04:57:12 +0100] "GET /images/TROBP3406.jpg HTTP/1.0" 200 255 "-" "Mozilla/5.0 (compatible; YandexImages/3.0; +http://yandex.com/bots)"
185.191.171.38 - - [29/Nov/2021:04:57:31 +0100] "GET /gilt-cbkreation-p-17732.html?action=add_product HTTP/1.0" 302 476 "-" "Mozilla/5.0 (compatible; SemrushBot/7~bl; +http://www.semrush.com/bot.html)"
216.244.66.242 - - [29/Nov/2021:04:57:31 +0100] "GET /nici-plush-collection-bubble-mouse-p-35156.html HTTP/1.0" 200 70690 "-" "Mozilla/5.0 (compatible; DotBot/1.2; +https://opensiteexplorer.org/dotbot; help@moz.com)"
185.191.171.14 - - [29/Nov/2021:04:57:42 +0100] "GET /candy-cane-cheer-cheshire-cane-tail-figurine-p-56810.html?action=add_product HTTP/1.0" 302 476 "-" "Mozilla/5.0 (compatible; SemrushBot/7~bl; +http://www.semrush.com/bot.html)"
54.36.149.17 - - [29/Nov/2021:04:57:42 +0100] "GET /sea-wall-sticker-p-36151.html HTTP/1.0" 301 73235 "-" "Mozilla/5.0 (compatible; AhrefsBot/7.0; +http://ahrefs.com/robot/)"
185.191.171.15 - - [29/Nov/2021:04:58:17 +0100] "GET /parrot-metal-glass-decoration-p-42808.html?action=add_product HTTP/1.0" 302 476 "-" "Mozilla/5.0 (compatible; SemrushBot/7~bl; +http://www.semrush.com/bot.html)"
77.75.77.32 - - [29/Nov/2021:04:58:39 +0100] "GET /robots.txt HTTP/1.0" 200 245 "-" "Mozilla/5.0 (compatible; SeznamBot/3.2; +http://napoveda.seznam.cz/en/seznambot-intro/)"
36.65.102.157 - - [29/Nov/2021:04:56:14 +0100] "GET / HTTP/1.0" 200 146825 "https://www.google.com/" "Mozilla/5.0 (Macintosh; Intel Mac OS X 10_15_7) AppleWebKit/537.36 (KHTML, like Gecko) Chrome/96.0.4664.55 Safari/537.36"
77.75.77.32 - - [29/Nov/2021:04:58:49 +0100] "GET /images/mini_prod/8422018289000.jpg HTTP/1.0" 200 269 "-" "Mozilla/5.0 (compatible; SeznamBot/3.2; +http://napoveda.seznam.cz/en/seznambot-intro/)"
54.36.148.44 - - [29/Nov/2021:04:58:53 +0100] "GET /cotton-kitchen-towel-50-75-cm-made-in-france-p-43972.html HTTP/1.0" 301 73459 "-" "Mozilla/5.0 (compatible; AhrefsBot/7.0; +http://ahrefs.com/robot/)"
185.191.171.25 - - [29/Nov/2021:04:59:24 +0100] "GET /hello-kitty-felt-figurines-p-7481.html?action=add_product HTTP/1.0" 302 476 "-" "Mozilla/5.0 (compatible; SemrushBot/7~bl; +http://www.semrush.com/bot.html)"
157.55.39.223 - - [29/Nov/2021:04:59:46 +0100] "GET /images/TROBP3409.jpg HTTP/1.0" 200 255 "-" "Mozilla/5.0 (compatible; bingbot/2.0; +http://www.bing.com/bingbot.htm)"
185.191.171.12 - - [29/Nov/2021:05:01:26 +0100] "GET /flower-summer-collection-p-54630.html?action=add_product HTTP/1.0" 302 476 "-" "Mozilla/5.0 (compatible; SemrushBot/7~bl; +http://www.semrush.com/bot.html)"
104.156.246.69 - - [29/Nov/2021:05:01:48 +0100] "GET /images/mini_prod/3700407620326.jpg HTTP/1.0" 200 269 "-" "Mozilla/5.0 (X11; Ubuntu; Linux x86_64; rv:72.0) Gecko/20100101 Firefox/72.0"
185.191.171.25 - - [29/Nov/2021:04:59:35 +0100] "GET /home-decoration-c-13.html?page=229 HTTP/1.0" 200 92895 "-" "Mozilla/5.0 (compatible; SemrushBot/7~bl; +http://www.semrush.com/bot.html)"
54.36.148.169 - - [29/Nov/2021:05:01:26 +0100] "GET /tinted-candle-in-the-mass-silver-color-p-48934.html HTTP/1.0" 301 73076 "-" "Mozilla/5.0 (compatible; AhrefsBot/7.0; +http://ahrefs.com/robot/)"
17.121.114.230 - - [29/Nov/2021:05:01:26 +0100] "GET /cherry-blossoms-p-39296.html HTTP/1.0" 200 73398 "-" "Mozilla/5.0 (Macintosh; Intel Mac OS X 10_15_5) AppleWebKit/605.1.15 (KHTML, like Gecko) Version/13.1.1 Safari/605.1.15 (Applebot/0.1; +http://www.apple.com/go/applebot)"
185.191.171.44 - - [29/Nov/2021:05:01:29 +0100] "GET /live-ride-cbkreation-p-30662.html HTTP/1.0" 200 73255 "-" "Mozilla/5.0 (compatible; SemrushBot/7~bl; +http://www.semrush.com/bot.html)"
104.156.246.69 - - [29/Nov/2021:05:02:21 +0100] "GET /images/mini_prod/DSCN6817.jpg HTTP/1.0" 200 264 "-" "Mozilla/5.0 (X11; Ubuntu; Linux x86_64; rv:72.0) Gecko/20100101 Firefox/72.0"
51.68.224.127 - - [29/Nov/2021:05:02:43 +0100] "GET /adminweb/export_orders_xml.php?token=256de2z6edz6ed2z6DFSFsed2zed6zeDSFDSGdzedezfzf&maxorders=10&orderstart=1&status=14&start_date=2018-10-01 HTTP/1.0" 200 285 "-" "GesCom CharlotteBoutik Serveur"
185.191.171.39 - - [29/Nov/2021:05:02:21 +0100] "GET /paris-mug-xl-black-and-white-p-38593.html HTTP/1.0" 301 73337 "-" "Mozilla/5.0 (compatible; SemrushBot/7~bl; +http://www.semrush.com/bot.html)"
185.191.171.7 - - [29/Nov/2021:05:02:55 +0100] "GET /paris-black-white-p-38593.html HTTP/1.0" 200 73253 "-" "Mozilla/5.0 (compatible; SemrushBot/7~bl; +http://www.semrush.com/bot.html)"
51.68.224.127 - - [29/Nov/2021:05:02:45 +0100] "GET /adminweb/export_orders_xml.php?token=256de2z6edz6ed2z6DFSFsed2zed6zeDSFDSGdzedezfzf&maxorders=10&orderstart=1&status=6&start_date=2018-10-01 HTTP/1.0" 200 32471 "-" "GesCom CharlotteBoutik Serveur"
185.191.171.24 - - [29/Nov/2021:05:03:37 +0100] "GET /white-statuette-p-51725.html?action=add_product HTTP/1.0" 302 476 "-" "Mozilla/5.0 (compatible; SemrushBot/7~bl; +http://www.semrush.com/bot.html)"
185.191.171.25 - - [29/Nov/2021:05:00:32 +0100] "GET /home-decoration-c-13.html?page=229 HTTP/1.0" 500 73335 "-" "Mozilla/5.0 (compatible; SemrushBot/7~bl; +http://www.semrush.com/bot.html)"
185.191.171.40 - - [29/Nov/2021:05:03:40 +0100] "GET /wooden-cubi-cover-meilleur-p-56691.html HTTP/1.0" 200 74098 "-" "Mozilla/5.0 (compatible; SemrushBot/7~bl; +http://www.semrush.com/bot.html)"
89.186.188.30 - - [29/Nov/2021:05:04:23 +0100] "GET /images/mini_prod/8412497371747.jpg HTTP/1.0" 200 269 "-" "Mozilla/5.0 (X11; Ubuntu; Linux x86_64; rv:72.0) Gecko/20100101 Firefox/72.0"
185.191.171.8 - - [29/Nov/2021:05:04:21 +0100] "GET /duvet-cover-in-cotton-percale-80-threads-260-240-cm-p-53232.html HTTP/1.0" 301 73603 "-" "Mozilla/5.0 (compatible; SemrushBot/7~bl; +http://www.semrush.com/bot.html)"
207.46.13.202 - - [29/Nov/2021:05:05:04 +0100] "GET /images/mini_prod/8428133370272.jpg HTTP/1.0" 200 269 "-" "Mozilla/5.0 (compatible; bingbot/2.0; +http://www.bing.com/bingbot.htm)"
185.191.171.24 - - [29/Nov/2021:05:05:04 +0100] "GET /duvet-cover-cotton-percale-threads-p-53232.html HTTP/1.0" 200 73502 "-" "Mozilla/5.0 (compatible; SemrushBot/7~bl; +http://www.semrush.com/bot.html)"
49.7.20.122 - - [29/Nov/2021:05:01:06 +0100] "GET / HTTP/1.0" 200 146825 "-" "Sogou web spider/4.0(+http://www.sogou.com/docs/help/webmasters.htm#07)"
54.36.148.25 - - [29/Nov/2021:05:03:29 +0100] "GET /tea-pot-c-12_175.html?page=2 HTTP/1.0" 500 73375 "-" "Mozilla/5.0 (compatible; AhrefsBot/7.0; +http://ahrefs.com/robot/)"
185.191.171.14 - - [29/Nov/2021:05:05:26 +0100] "GET /fiat-500-blue-shirt-p-30049.html HTTP/1.0" 301 74571 "-" "Mozilla/5.0 (compatible; SemrushBot/7~bl; +http://www.semrush.com/bot.html)"
185.191.171.16 - - [29/Nov/2021:05:06:00 +0100] "GET /fiat-blue-shirt-p-30049.html HTTP/1.0" 200 74489 "-" "Mozilla/5.0 (compatible; SemrushBot/7~bl; +http://www.semrush.com/bot.html)"
66.249.75.170 - - [29/Nov/2021:05:06:12 +0100] "GET /incense-satya-champa-spiritual-grams-about-sticks-p-45280.html HTTP/1.0" 200 74560 "-" "Mozilla/5.0 (compatible; Googlebot/2.1; +http://www.google.com/bot.html)"
185.191.171.6 - - [29/Nov/2021:05:06:31 +0100] "GET /wooden-windchime-16-chimes-90-cm-p-43536.html HTTP/1.0" 301 70631 "-" "Mozilla/5.0 (compatible; SemrushBot/7~bl; +http://www.semrush.com/bot.html)"
185.191.171.15 - - [29/Nov/2021:05:06:53 +0100] "GET /-p-43536.html HTTP/1.0" 200 70564 "-" "Mozilla/5.0 (compatible; SemrushBot/7~bl; +http://www.semrush.com/bot.html)"
185.191.171.45 - - [29/Nov/2021:05:07:14 +0100] "GET /ceramic-chouchou-collection-p-54604.html HTTP/1.0" 200 70682 "-" "Mozilla/5.0 (compatible; SemrushBot/7~bl; +http://www.semrush.com/bot.html)"
185.191.171.16 - - [29/Nov/2021:05:07:26 +0100] "GET /tits-mots-humour-butter-dish-p-42690.html HTTP/1.0" 200 70719 "-" "Mozilla/5.0 (compatible; SemrushBot/7~bl; +http://www.semrush.com/bot.html)"
157.55.39.108 - - [29/Nov/2021:05:07:49 +0100] "GET /images/mini_prod/3660173231006.jpg HTTP/1.0" 200 269 "-" "Mozilla/5.0 (compatible; bingbot/2.0; +http://www.bing.com/bingbot.htm)"
185.191.171.40 - - [29/Nov/2021:05:07:47 +0100] "GET /nemo-mattress-swimming-pool-p-13998.html HTTP/1.0" 301 70631 "-" "Mozilla/5.0 (compatible; SemrushBot/7~bl; +http://www.semrush.com/bot.html)"
185.191.171.37 - - [29/Nov/2021:05:08:09 +0100] "GET /-p-13998.html HTTP/1.0" 200 70564 "-" "Mozilla/5.0 (compatible; SemrushBot/7~bl; +http://www.semrush.com/bot.html)"
207.46.13.202 - - [29/Nov/2021:05:06:42 +0100] "GET /decoration-thermometers-c-13_145.html HTTP/1.0" 500 73482 "-" "Mozilla/5.0 (compatible; bingbot/2.0; +http://www.bing.com/bingbot.htm)"
185.191.171.43 - - [29/Nov/2021:05:08:20 +0100] "GET /leopard-decorative-statue-p-41471.html HTTP/1.0" 200 73294 "-" "Mozilla/5.0 (compatible; SemrushBot/7~bl; +http://www.semrush.com/bot.html)"
185.191.171.24 - - [29/Nov/2021:05:08:42 +0100] "GET /retro-sugar-bowl-p-40706.html HTTP/1.0" 200 70635 "-" "Mozilla/5.0 (compatible; SemrushBot/7~bl; +http://www.semrush.com/bot.html)"
185.191.171.9 - - [29/Nov/2021:05:09:04 +0100] "GET /large-jar-candle-70-hours-simply-mulberry-p-35343.html HTTP/1.0" 301 74623 "-" "Mozilla/5.0 (compatible; SemrushBot/7~bl; +http://www.semrush.com/bot.html)"
185.191.171.33 - - [29/Nov/2021:05:09:36 +0100] "GET /large-candle-hours-simply-mulberry-p-35343.html HTTP/1.0" 200 74522 "-" "Mozilla/5.0 (compatible; SemrushBot/7~bl; +http://www.semrush.com/bot.html)"
185.191.171.40 - - [29/Nov/2021:05:09:58 +0100] "GET /round-carpet-p-48043.html HTTP/1.0" 200 74076 "-" "Mozilla/5.0 (compatible; SemrushBot/7~bl; +http://www.semrush.com/bot.html)"
157.55.39.228 - - [29/Nov/2021:05:10:32 +0100] "GET /images/big_prod/76000210FB.jpg HTTP/1.0" 200 265 "-" "Mozilla/5.0 (compatible; bingbot/2.0; +http://www.bing.com/bingbot.htm)"
185.191.171.35 - - [29/Nov/2021:05:10:31 +0100] "GET /gloss-lips-white-deluxe-chocolate-p-28865.html HTTP/1.0" 200 73440 "-" "Mozilla/5.0 (compatible; SemrushBot/7~bl; +http://www.semrush.com/bot.html)"
157.55.39.108 - - [29/Nov/2021:05:10:51 +0100] "GET /heart-shaped-selenite-white-p-47022.html HTTP/1.0" 200 73674 "-" "Mozilla/5.0 (compatible; bingbot/2.0; +http://www.bing.com/bingbot.htm)"
157.55.39.108 - - [29/Nov/2021:05:10:43 +0100] "GET /black-planisphere-wall-sticker-p-51614.html HTTP/1.0" 200 73363 "-" "Mozilla/5.0 (compatible; bingbot/2.0; +http://www.bing.com/bingbot.htm)"
185.191.171.23 - - [29/Nov/2021:05:11:23 +0100] "GET /small-box-for-baby-teeth-p-50815.html HTTP/1.0" 301 73395 "-" "Mozilla/5.0 (compatible; SemrushBot/7~bl; +http://www.semrush.com/bot.html)"
185.191.171.14 - - [29/Nov/2021:05:11:55 +0100] "GET /small-baby-teeth-p-50815.html HTTP/1.0" 200 73312 "-" "Mozilla/5.0 (compatible; SemrushBot/7~bl; +http://www.semrush.com/bot.html)"
185.191.171.25 - - [29/Nov/2021:05:12:39 +0100] "GET /cyclades-carpet-120-170-cm-white-model-p-47957.html HTTP/1.0" 301 70782 "-" "Mozilla/5.0 (compatible; SemrushBot/7~bl; +http://www.semrush.com/bot.html)"
185.191.171.12 - - [29/Nov/2021:05:13:01 +0100] "GET /cyclades-carpet-white-model-p-47957.html HTTP/1.0" 200 70688 "-" "Mozilla/5.0 (compatible; SemrushBot/7~bl; +http://www.semrush.com/bot.html)"
185.191.171.26 - - [29/Nov/2021:05:13:24 +0100] "GET /cats-figurines-black-flocked-resin-cats-wisdom-p-56905.html HTTP/1.0" 200 74725 "-" "Mozilla/5.0 (compatible; SemrushBot/7~bl; +http://www.semrush.com/bot.html)"
66.249.75.170 - - [29/Nov/2021:05:14:25 +0100] "GET /nici-ayumi-pink-and-brown-shoulder-bag-p-33440.html HTTP/1.0" 301 73803 "-" "Mozilla/5.0 (Linux; Android 6.0.1; Nexus 5X Build/MMB29P) AppleWebKit/537.36 (KHTML, like Gecko) Chrome/96.0.4664.45 Mobile Safari/537.36 (compatible; Googlebot/2.1; +http://www.google.com/bot.html)"
185.191.171.45 - - [29/Nov/2021:05:13:53 +0100] "GET /lighting-c-86.html?page=23 HTTP/1.0" 200 91210 "-" "Mozilla/5.0 (compatible; SemrushBot/7~bl; +http://www.semrush.com/bot.html)"
66.249.75.166 - - [29/Nov/2021:05:14:47 +0100] "GET /nici-ayumi-pink-brown-shoulder-p-33440.html HTTP/1.0" 200 73706 "-" "Mozilla/5.0 (Linux; Android 6.0.1; Nexus 5X Build/MMB29P) AppleWebKit/537.36 (KHTML, like Gecko) Chrome/96.0.4664.45 Mobile Safari/537.36 (compatible; Googlebot/2.1; +http://www.google.com/bot.html)"
157.55.39.228 - - [29/Nov/2021:05:15:18 +0100] "GET /images/045544349383.jpg HTTP/1.0" 200 258 "-" "Mozilla/5.0 (compatible; bingbot/2.0; +http://www.bing.com/bingbot.htm)"
185.191.171.10 - - [29/Nov/2021:05:15:39 +0100] "GET /wooden-deco-tray-35-23-cm-p-47311.html HTTP/1.0" 301 73980 "-" "Mozilla/5.0 (compatible; SemrushBot/7~bl; +http://www.semrush.com/bot.html)"
207.46.13.118 - - [29/Nov/2021:05:14:25 +0100] "GET /caps-scarfs-adults-c-53_138.html HTTP/1.0" 500 73446 "-" "Mozilla/5.0 (compatible; bingbot/2.0; +http://www.bing.com/bingbot.htm)"
149.248.7.213 - - [29/Nov/2021:05:16:11 +0100] "GET /images/mini_prod/191108_162759_PEEL_7pQvMT.jpg HTTP/1.0" 200 281 "-" "Mozilla/5.0 (X11; Ubuntu; Linux x86_64; rv:72.0) Gecko/20100101 Firefox/72.0"
185.191.171.41 - - [29/Nov/2021:05:16:01 +0100] "GET /wooden-deco-tray-p-47311.html HTTP/1.0" 200 73897 "-" "Mozilla/5.0 (compatible; SemrushBot/7~bl; +http://www.semrush.com/bot.html)"
185.191.171.45 - - [29/Nov/2021:05:14:46 +0100] "GET /lighting-c-86.html?page=23 HTTP/1.0" 500 73276 "-" "Mozilla/5.0 (compatible; SemrushBot/7~bl; +http://www.semrush.com/bot.html)"
185.191.171.43 - - [29/Nov/2021:05:16:52 +0100] "GET /parot-mug-cbkreation-p-43359.html HTTP/1.0" 301 73211 "-" "Mozilla/5.0 (compatible; SemrushBot/7~bl; +http://www.semrush.com/bot.html)"
157.55.39.108 - - [29/Nov/2021:05:17:13 +0100] "GET /-p-22636.html HTTP/1.0" 200 70564 "-" "Mozilla/5.0 (compatible; bingbot/2.0; +http://www.bing.com/bingbot.htm)"
185.191.171.38 - - [29/Nov/2021:05:17:13 +0100] "GET /parot-cbkreation-p-43359.html HTTP/1.0" 200 73128 "-" "Mozilla/5.0 (compatible; SemrushBot/7~bl; +http://www.semrush.com/bot.html)"
