185.191.171.35 - - [29/Nov/2021:09:35:15 +0100] "GET /happy-cat-metal-tray-25-36-cm-p-45784.html HTTP/1.0" 301 73434 "-" "Mozilla/5.0 (compatible; SemrushBot/7~bl; +http://www.semrush.com/bot.html)"
144.76.3.79 - - [29/Nov/2021:09:35:15 +0100] "GET /gorjuss-oops-daisy-p-38228.html HTTP/1.0" 200 70663 "-" "Mozilla/5.0 (compatible; MJ12bot/v1.4.8; http://mj12bot.com/)"
185.191.171.45 - - [29/Nov/2021:09:35:17 +0100] "GET /happy-metal-tray-p-45784.html HTTP/1.0" 200 73351 "-" "Mozilla/5.0 (compatible; SemrushBot/7~bl; +http://www.semrush.com/bot.html)"
157.55.39.228 - - [29/Nov/2021:09:35:18 +0100] "GET /images/big_prod/045544939850.jpg HTTP/1.0" 200 267 "-" "Mozilla/5.0 (compatible; bingbot/2.0; +http://www.bing.com/bingbot.htm)"
144.76.3.79 - - [29/Nov/2021:09:35:19 +0100] "GET /gorjuss-oops-daisy-pencil-case-p-38216.html HTTP/1.0" 200 70711 "-" "Mozilla/5.0 (compatible; MJ12bot/v1.4.8; http://mj12bot.com/)"
95.91.111.1 - - [29/Nov/2021:09:35:19 +0100] "GET /mug-with-spoon-allen-desings-crasy-cat-p-53199.html HTTP/1.0" 301 73406 "-" "Mozilla/5.0 (compatible; MJ12bot/v1.4.8; http://mj12bot.com/)"
144.76.3.79 - - [29/Nov/2021:09:35:20 +0100] "GET /gorjuss-pencil-p-49477.html HTTP/1.0" 200 73979 "-" "Mozilla/5.0 (compatible; MJ12bot/v1.4.8; http://mj12bot.com/)"
144.76.3.79 - - [29/Nov/2021:09:35:22 +0100] "GET /gorjuss-stitched-notebook-with-cover-scarf-p-38206.html HTTP/1.0" 200 70792 "-" "Mozilla/5.0 (compatible; MJ12bot/v1.4.8; http://mj12bot.com/)"
144.76.3.79 - - [29/Nov/2021:09:35:25 +0100] "GET /gorjuss-travel-journal-ladybird-p-38231.html HTTP/1.0" 200 70716 "-" "Mozilla/5.0 (compatible; MJ12bot/v1.4.8; http://mj12bot.com/)"
144.76.3.79 - - [29/Nov/2021:09:35:27 +0100] "GET /grands-magasins-paris-cotton-kitchen-towel-made-france-p-36629.html HTTP/1.0" 200 73492 "-" "Mozilla/5.0 (compatible; MJ12bot/v1.4.8; http://mj12bot.com/)"
95.91.111.1 - - [29/Nov/2021:09:35:27 +0100] "GET /with-spoon-allen-desings-crasy-p-53199.html HTTP/1.0" 200 73309 "-" "Mozilla/5.0 (compatible; MJ12bot/v1.4.8; http://mj12bot.com/)"
216.244.66.242 - - [29/Nov/2021:09:35:29 +0100] "GET /-p-28139.html HTTP/1.0" 200 70564 "-" "Mozilla/5.0 (compatible; DotBot/1.2; +https://opensiteexplorer.org/dotbot; help@moz.com)"
144.76.3.79 - - [29/Nov/2021:09:35:30 +0100] "GET /gray-lampshade-p-55534.html HTTP/1.0" 200 73157 "-" "Mozilla/5.0 (compatible; MJ12bot/v1.4.8; http://mj12bot.com/)"
95.91.111.1 - - [29/Nov/2021:09:35:30 +0100] "GET /mug-with-tea-infuser-c-221.html HTTP/1.0" 301 91134 "-" "Mozilla/5.0 (compatible; MJ12bot/v1.4.8; http://mj12bot.com/)"
144.76.3.79 - - [29/Nov/2021:09:35:32 +0100] "GET /gray-metal-table-lamp-p-52965.html HTTP/1.0" 200 70638 "-" "Mozilla/5.0 (compatible; MJ12bot/v1.4.8; http://mj12bot.com/)"
95.91.111.1 - - [29/Nov/2021:09:35:33 +0100] "GET /with-infuser-c-12_221.html HTTP/1.0" 200 91158 "-" "Mozilla/5.0 (compatible; MJ12bot/v1.4.8; http://mj12bot.com/)"
144.76.3.79 - - [29/Nov/2021:09:35:34 +0100] "GET /great-patina-white-elephant-statuette-p-50662.html HTTP/1.0" 200 74046 "-" "Mozilla/5.0 (compatible; MJ12bot/v1.4.8; http://mj12bot.com/)"
95.91.111.1 - - [29/Nov/2021:09:35:36 +0100] "GET /mugs-and-mazagrans-c-57.html HTTP/1.0" 301 96187 "-" "Mozilla/5.0 (compatible; MJ12bot/v1.4.8; http://mj12bot.com/)"
144.76.3.79 - - [29/Nov/2021:09:35:36 +0100] "GET /great-wall-decor-blue-scooter-p-36514.html HTTP/1.0" 200 73339 "-" "Mozilla/5.0 (compatible; MJ12bot/v1.4.8; http://mj12bot.com/)"
95.91.111.1 - - [29/Nov/2021:09:35:38 +0100] "GET /mugs-mazagrans-c-12_57.html HTTP/1.0" 200 96210 "-" "Mozilla/5.0 (compatible; MJ12bot/v1.4.8; http://mj12bot.com/)"
144.76.3.79 - - [29/Nov/2021:09:35:38 +0100] "GET /great-wall-decor-orange-scooter-p-36513.html HTTP/1.0" 200 70686 "-" "Mozilla/5.0 (compatible; MJ12bot/v1.4.8; http://mj12bot.com/)"
95.91.111.1 - - [29/Nov/2021:09:35:40 +0100] "GET /mugs-et-mazagrans-c-12_57.html HTTP/1.0" 301 96288 "-" "Mozilla/5.0 (compatible; MJ12bot/v1.4.8; http://mj12bot.com/)"
144.76.3.79 - - [29/Nov/2021:09:35:41 +0100] "GET /great-wallet-pocket-pepe-jeans-bohemian-p-38137.html HTTP/1.0" 200 74380 "-" "Mozilla/5.0 (compatible; MJ12bot/v1.4.8; http://mj12bot.com/)"
95.91.111.1 - - [29/Nov/2021:09:35:43 +0100] "GET /mugs-mazagrans-c-57.html HTTP/1.0" 301 96187 "-" "Mozilla/5.0 (compatible; MJ12bot/v1.4.8; http://mj12bot.com/)"
144.76.3.79 - - [29/Nov/2021:09:35:43 +0100] "GET /green-alarm-clock-p-38266.html HTTP/1.0" 200 73230 "-" "Mozilla/5.0 (compatible; MJ12bot/v1.4.8; http://mj12bot.com/)"
95.91.111.1 - - [29/Nov/2021:09:35:45 +0100] "GET /mugs-mazagrans-c-12_57.html HTTP/1.0" 200 96210 "-" "Mozilla/5.0 (compatible; MJ12bot/v1.4.8; http://mj12bot.com/)"
144.76.3.79 - - [29/Nov/2021:09:35:46 +0100] "GET /green-aventurine-obelisk-p-54372.html HTTP/1.0" 200 74154 "-" "Mozilla/5.0 (compatible; MJ12bot/v1.4.8; http://mj12bot.com/)"
95.91.111.1 - - [29/Nov/2021:09:35:47 +0100] "GET /musical-box-c-13_150_149.html?page=1 HTTP/1.0" 301 91203 "-" "Mozilla/5.0 (compatible; MJ12bot/v1.4.8; http://mj12bot.com/)"
144.76.3.79 - - [29/Nov/2021:09:35:49 +0100] "GET /green-owl-alarm-clock-p-38266.html HTTP/1.0" 301 73314 "-" "Mozilla/5.0 (compatible; MJ12bot/v1.4.8; http://mj12bot.com/)"
95.91.111.1 - - [29/Nov/2021:09:35:50 +0100] "GET /musical-c-149.html?page=1 HTTP/1.0" 301 90957 "-" "Mozilla/5.0 (compatible; MJ12bot/v1.4.8; http://mj12bot.com/)"
144.76.3.79 - - [29/Nov/2021:09:35:51 +0100] "GET /green-alarm-clock-p-38266.html HTTP/1.0" 200 73230 "-" "Mozilla/5.0 (compatible; MJ12bot/v1.4.8; http://mj12bot.com/)"
95.91.111.1 - - [29/Nov/2021:09:35:52 +0100] "GET /musical-c-13_150_149.html?page=1 HTTP/1.0" 200 91124 "-" "Mozilla/5.0 (compatible; MJ12bot/v1.4.8; http://mj12bot.com/)"
144.76.3.79 - - [29/Nov/2021:09:35:54 +0100] "GET /green-trendy-kids-watch-p-38190.html HTTP/1.0" 200 70670 "-" "Mozilla/5.0 (compatible; MJ12bot/v1.4.8; http://mj12bot.com/)"
95.91.111.1 - - [29/Nov/2021:09:35:54 +0100] "GET /musical-box-c-149.html HTTP/1.0" 301 90939 "-" "Mozilla/5.0 (compatible; MJ12bot/v1.4.8; http://mj12bot.com/)"
144.76.3.79 - - [29/Nov/2021:09:35:56 +0100] "GET /greenhouse-book-hands-cast-iron-p-48954.html HTTP/1.0" 200 70684 "-" "Mozilla/5.0 (compatible; MJ12bot/v1.4.8; http://mj12bot.com/)"
95.91.111.1 - - [29/Nov/2021:09:35:56 +0100] "GET /musical-c-13_150_149.html HTTP/1.0" 200 91113 "-" "Mozilla/5.0 (compatible; MJ12bot/v1.4.8; http://mj12bot.com/)"
144.76.3.79 - - [29/Nov/2021:09:35:58 +0100] "GET /greenhouse-book-hands-in-cast-iron-p-48954.html HTTP/1.0" 301 70782 "-" "Mozilla/5.0 (compatible; MJ12bot/v1.4.8; http://mj12bot.com/)"
95.91.111.1 - - [29/Nov/2021:09:36:00 +0100] "GET /musical-snowball-night-light-frozen-p-50839.html HTTP/1.0" 301 70631 "-" "Mozilla/5.0 (compatible; MJ12bot/v1.4.8; http://mj12bot.com/)"
144.76.3.79 - - [29/Nov/2021:09:36:01 +0100] "GET /greenhouse-book-hands-cast-iron-p-48954.html HTTP/1.0" 200 70684 "-" "Mozilla/5.0 (compatible; MJ12bot/v1.4.8; http://mj12bot.com/)"
95.91.111.1 - - [29/Nov/2021:09:36:02 +0100] "GET /-p-50839.html HTTP/1.0" 200 70564 "-" "Mozilla/5.0 (compatible; MJ12bot/v1.4.8; http://mj12bot.com/)"
144.76.3.79 - - [29/Nov/2021:09:36:03 +0100] "GET /grey-and-turquoise-bedclothes-260-240-cm-p-36437.html HTTP/1.0" 301 70631 "-" "Mozilla/5.0 (compatible; MJ12bot/v1.4.8; http://mj12bot.com/)"
95.91.111.1 - - [29/Nov/2021:09:36:04 +0100] "GET /mustached-cat-bowl-p-36409.html HTTP/1.0" 301 70718 "-" "Mozilla/5.0 (compatible; MJ12bot/v1.4.8; http://mj12bot.com/)"
144.76.3.79 - - [29/Nov/2021:09:36:05 +0100] "GET /-p-36437.html HTTP/1.0" 200 70564 "-" "Mozilla/5.0 (compatible; MJ12bot/v1.4.8; http://mj12bot.com/)"
95.91.111.1 - - [29/Nov/2021:09:36:06 +0100] "GET /mustached-bowl-p-36409.html HTTP/1.0" 200 70637 "-" "Mozilla/5.0 (compatible; MJ12bot/v1.4.8; http://mj12bot.com/)"
144.76.3.79 - - [29/Nov/2021:09:36:07 +0100] "GET /gros-avec-cuillre-bois-collection-sardella-p-54527.html HTTP/1.0" 301 73357 "-" "Mozilla/5.0 (compatible; MJ12bot/v1.4.8; http://mj12bot.com/)"
144.76.3.79 - - [29/Nov/2021:09:36:10 +0100] "GET /salt-with-wooden-spoon-sardella-p-54527.html HTTP/1.0" 200 73259 "-" "Mozilla/5.0 (compatible; MJ12bot/v1.4.8; http://mj12bot.com/)"
144.76.3.79 - - [29/Nov/2021:09:36:12 +0100] "GET /gros-avec-cuillre-bois-collection-sardy-p-54525.html HTTP/1.0" 301 73339 "-" "Mozilla/5.0 (compatible; MJ12bot/v1.4.8; http://mj12bot.com/)"
185.191.171.1 - - [29/Nov/2021:09:36:12 +0100] "GET /gund-my-first-oh-so-soft-puppy-tan-rattle-plush-p-34389.html HTTP/1.0" 301 73751 "-" "Mozilla/5.0 (compatible; SemrushBot/7~bl; +http://www.semrush.com/bot.html)"
144.76.3.79 - - [29/Nov/2021:09:36:15 +0100] "GET /salt-with-wooden-spoon-sardy-p-54525.html HTTP/1.0" 200 73244 "-" "Mozilla/5.0 (compatible; MJ12bot/v1.4.8; http://mj12bot.com/)"
20.83.96.110 - - [29/Nov/2021:09:36:15 +0100] "GET /images/big_prod/b8719172831573.jpg HTTP/1.0" 200 269 "-" "Mozilla/5.0 (X11; Linux x86_64) AppleWebKit/537.36 (KHTML, like Gecko) Chrome/51.0.2704.103 Safari/537.36"
185.191.171.43 - - [29/Nov/2021:09:36:15 +0100] "GET /gund-first-soft-puppy-rattle-plush-p-34389.html HTTP/1.0" 200 73650 "-" "Mozilla/5.0 (compatible; SemrushBot/7~bl; +http://www.semrush.com/bot.html)"
144.76.3.79 - - [29/Nov/2021:09:36:17 +0100] "GET /guardian-angel-first-communion-p-51144.html HTTP/1.0" 200 73341 "-" "Mozilla/5.0 (compatible; MJ12bot/v1.4.8; http://mj12bot.com/)"
144.76.3.79 - - [29/Nov/2021:09:36:20 +0100] "GET /gueridon-blanc-et-argente-agate-p-52911.html HTTP/1.0" 301 70631 "-" "Mozilla/5.0 (compatible; MJ12bot/v1.4.8; http://mj12bot.com/)"
144.76.3.79 - - [29/Nov/2021:09:36:22 +0100] "GET /-p-52911.html HTTP/1.0" 200 70564 "-" "Mozilla/5.0 (compatible; MJ12bot/v1.4.8; http://mj12bot.com/)"
144.76.3.79 - - [29/Nov/2021:09:36:24 +0100] "GET /guirlandes-lumineuses-c-86_279.html HTTP/1.0" 301 84922 "-" "Mozilla/5.0 (compatible; MJ12bot/v1.4.8; http://mj12bot.com/)"
144.76.3.79 - - [29/Nov/2021:09:36:26 +0100] "GET /fairy-lights-c-279.html HTTP/1.0" 301 84817 "-" "Mozilla/5.0 (compatible; MJ12bot/v1.4.8; http://mj12bot.com/)"
144.76.3.79 - - [29/Nov/2021:09:36:28 +0100] "GET /fairy-lights-c-86_279.html HTTP/1.0" 200 84845 "-" "Mozilla/5.0 (compatible; MJ12bot/v1.4.8; http://mj12bot.com/)"
144.76.3.79 - - [29/Nov/2021:09:36:31 +0100] "GET /gund-spunky-abc123-animated-plush-p-45661.html HTTP/1.0" 200 73802 "-" "Mozilla/5.0 (compatible; MJ12bot/v1.4.8; http://mj12bot.com/)"
159.138.102.98 - - [29/Nov/2021:09:36:33 +0100] "GET /bowl-sulking-blue-made-germany-p-48476.html HTTP/1.0" 200 74756 "-" "Mozilla/5.0 (Linux; Android 7.0;) AppleWebKit/537.36 (KHTML, like Gecko) Mobile Safari/537.36 (compatible; PetalBot;+https://webmaster.petalsearch.com/site/petalbot)"
144.76.3.79 - - [29/Nov/2021:09:36:33 +0100] "GET /gund-spunky-dog-abc123-animated-plush-36-cm-p-45661.html HTTP/1.0" 301 73902 "-" "Mozilla/5.0 (compatible; MJ12bot/v1.4.8; http://mj12bot.com/)"
144.76.3.79 - - [29/Nov/2021:09:36:36 +0100] "GET /gund-spunky-abc123-animated-plush-p-45661.html HTTP/1.0" 200 73802 "-" "Mozilla/5.0 (compatible; MJ12bot/v1.4.8; http://mj12bot.com/)"
185.191.171.39 - - [29/Nov/2021:09:36:38 +0100] "GET /jasmin-inuit-small-melamine-tray-p-37941.html?action=add_product HTTP/1.0" 302 476 "-" "Mozilla/5.0 (compatible; SemrushBot/7~bl; +http://www.semrush.com/bot.html)"
144.76.3.79 - - [29/Nov/2021:09:36:38 +0100] "GET /handcraft-sheet-p-51599.html HTTP/1.0" 200 73360 "-" "Mozilla/5.0 (compatible; MJ12bot/v1.4.8; http://mj12bot.com/)"
144.76.3.79 - - [29/Nov/2021:09:36:40 +0100] "GET /hanging-metal-structure-p-49483.html HTTP/1.0" 200 73299 "-" "Mozilla/5.0 (compatible; MJ12bot/v1.4.8; http://mj12bot.com/)"
144.76.3.79 - - [29/Nov/2021:09:36:43 +0100] "GET /hanging-metal-structure-tree-p-48067.html HTTP/1.0" 200 73349 "-" "Mozilla/5.0 (compatible; MJ12bot/v1.4.8; http://mj12bot.com/)"
144.76.3.79 - - [29/Nov/2021:09:36:45 +0100] "GET /harley-davidson-motorcycles-metal-plate-p-52945.html HTTP/1.0" 200 73372 "-" "Mozilla/5.0 (compatible; MJ12bot/v1.4.8; http://mj12bot.com/)"
144.76.3.79 - - [29/Nov/2021:09:36:47 +0100] "GET /harold-potholder-p-43818.html HTTP/1.0" 200 73203 "-" "Mozilla/5.0 (compatible; MJ12bot/v1.4.8; http://mj12bot.com/)"
144.76.3.79 - - [29/Nov/2021:09:36:49 +0100] "GET /healing-mini-stones-p-49036.html HTTP/1.0" 200 74047 "-" "Mozilla/5.0 (compatible; MJ12bot/v1.4.8; http://mj12bot.com/)"
144.76.3.79 - - [29/Nov/2021:09:36:52 +0100] "GET /heart-and-home-eco-friendly-stick-diffuser-white-musk-p-52806.html HTTP/1.0" 301 70840 "-" "Mozilla/5.0 (compatible; MJ12bot/v1.4.8; http://mj12bot.com/)"
144.76.3.79 - - [29/Nov/2021:09:36:54 +0100] "GET /heart-home-friendly-stick-diffuser-white-musk-p-52806.html HTTP/1.0" 200 70728 "-" "Mozilla/5.0 (compatible; MJ12bot/v1.4.8; http://mj12bot.com/)"
144.76.3.79 - - [29/Nov/2021:09:36:55 +0100] "GET /heart-home-friendly-stick-diffuser-white-musk-p-52806.html HTTP/1.0" 200 70728 "-" "Mozilla/5.0 (compatible; MJ12bot/v1.4.8; http://mj12bot.com/)"
144.76.3.79 - - [29/Nov/2021:09:36:58 +0100] "GET /hedgehog-trivet-p-37928.html HTTP/1.0" 301 70631 "-" "Mozilla/5.0 (compatible; MJ12bot/v1.4.8; http://mj12bot.com/)"
144.76.3.79 - - [29/Nov/2021:09:37:00 +0100] "GET /-p-37928.html HTTP/1.0" 200 70564 "-" "Mozilla/5.0 (compatible; MJ12bot/v1.4.8; http://mj12bot.com/)"
144.76.3.79 - - [29/Nov/2021:09:37:02 +0100] "GET /hello-kitty-blue-wallet-camomilla-p-11034.html HTTP/1.0" 200 70729 "-" "Mozilla/5.0 (compatible; MJ12bot/v1.4.8; http://mj12bot.com/)"
49.7.20.113 - - [29/Nov/2021:09:37:04 +0100] "GET / HTTP/1.0" 200 151354 "-" "Sogou web spider/4.0(+http://www.sogou.com/docs/help/webmasters.htm#07)"
144.76.3.79 - - [29/Nov/2021:09:37:05 +0100] "GET /hello-kitty-boston-denim-camomilla-p-18459.html HTTP/1.0" 200 70704 "-" "Mozilla/5.0 (compatible; MJ12bot/v1.4.8; http://mj12bot.com/)"
144.76.3.79 - - [29/Nov/2021:09:37:08 +0100] "GET /hello-kitty-camomilla-cosmetic-pink-glitters-p-18445.html HTTP/1.0" 200 70799 "-" "Mozilla/5.0 (compatible; MJ12bot/v1.4.8; http://mj12bot.com/)"
144.76.3.79 - - [29/Nov/2021:09:37:10 +0100] "GET /hello-kitty-camomilla-cosmetic-white-glitters-p-18441.html HTTP/1.0" 200 73942 "-" "Mozilla/5.0 (compatible; MJ12bot/v1.4.8; http://mj12bot.com/)"
144.76.3.79 - - [29/Nov/2021:09:37:12 +0100] "GET /hello-kitty-camomilla-dotty-shopper-p-21631.html HTTP/1.0" 200 70751 "-" "Mozilla/5.0 (compatible; MJ12bot/v1.4.8; http://mj12bot.com/)"
144.76.3.79 - - [29/Nov/2021:09:37:14 +0100] "GET /hello-kitty-ceiling-light-p-11193.html HTTP/1.0" 200 73415 "-" "Mozilla/5.0 (compatible; MJ12bot/v1.4.8; http://mj12bot.com/)"
144.76.3.79 - - [29/Nov/2021:09:37:16 +0100] "GET /hello-kitty-chandelier-p-6304.html HTTP/1.0" 200 70663 "-" "Mozilla/5.0 (compatible; MJ12bot/v1.4.8; http://mj12bot.com/)"
144.76.3.79 - - [29/Nov/2021:09:37:18 +0100] "GET /hello-kitty-chocolate-heart-companion-camomilla-p-16289.html HTTP/1.0" 200 70799 "-" "Mozilla/5.0 (compatible; MJ12bot/v1.4.8; http://mj12bot.com/)"
144.76.3.79 - - [29/Nov/2021:09:37:21 +0100] "GET /hello-kitty-chocolate-heart-wallet-camomilla-p-16298.html HTTP/1.0" 200 74282 "-" "Mozilla/5.0 (compatible; MJ12bot/v1.4.8; http://mj12bot.com/)"
144.76.3.79 - - [29/Nov/2021:09:37:23 +0100] "GET /hello-kitty-chocolate-houndstooth-companion-camomilla-p-16292.html HTTP/1.0" 200 70829 "-" "Mozilla/5.0 (compatible; MJ12bot/v1.4.8; http://mj12bot.com/)"
144.76.3.79 - - [29/Nov/2021:09:37:25 +0100] "GET /hello-kitty-chocolate-houndstooth-wallet-camomilla-p-16302.html HTTP/1.0" 200 74330 "-" "Mozilla/5.0 (compatible; MJ12bot/v1.4.8; http://mj12bot.com/)"
144.76.3.79 - - [29/Nov/2021:09:37:27 +0100] "GET /hello-kitty-chocolate-node-companion-camomilla-p-16293.html HTTP/1.0" 200 73547 "-" "Mozilla/5.0 (compatible; MJ12bot/v1.4.8; http://mj12bot.com/)"
51.68.224.127 - - [29/Nov/2021:09:37:28 +0100] "GET /adminweb/export_orders_xml.php?token=256de2z6edz6ed2z6DFSFsed2zed6zeDSFDSGdzedezfzf&maxorders=10&orderstart=1&status=14&start_date=2018-10-01 HTTP/1.0" 200 285 "-" "GesCom CharlotteBoutik Serveur"
51.68.224.127 - - [29/Nov/2021:09:37:28 +0100] "GET /adminweb/export_orders_xml.php?token=256de2z6edz6ed2z6DFSFsed2zed6zeDSFDSGdzedezfzf&maxorders=10&orderstart=1&status=6&start_date=2018-10-01 HTTP/1.0" 200 32471 "-" "GesCom CharlotteBoutik Serveur"
144.76.3.79 - - [29/Nov/2021:09:37:29 +0100] "GET /hello-kitty-chocolate-node-wallet-camomilla-p-16304.html HTTP/1.0" 200 74274 "-" "Mozilla/5.0 (compatible; MJ12bot/v1.4.8; http://mj12bot.com/)"
144.76.3.79 - - [29/Nov/2021:09:37:31 +0100] "GET /hello-kitty-figure-p-2905.html HTTP/1.0" 200 70643 "-" "Mozilla/5.0 (compatible; MJ12bot/v1.4.8; http://mj12bot.com/)"
144.76.3.79 - - [29/Nov/2021:09:37:33 +0100] "GET /hello-kitty-flop-hat-50-cm-p-22164.html HTTP/1.0" 301 70631 "-" "Mozilla/5.0 (compatible; MJ12bot/v1.4.8; http://mj12bot.com/)"
144.76.3.79 - - [29/Nov/2021:09:37:35 +0100] "GET /-p-22164.html HTTP/1.0" 200 70564 "-" "Mozilla/5.0 (compatible; MJ12bot/v1.4.8; http://mj12bot.com/)"
144.76.3.79 - - [29/Nov/2021:09:37:37 +0100] "GET /hello-kitty-stripes-blue-shoulder-bag-p-9675.html HTTP/1.0" 301 70791 "-" "Mozilla/5.0 (compatible; MJ12bot/v1.4.8; http://mj12bot.com/)"
144.76.3.79 - - [29/Nov/2021:09:37:39 +0100] "GET /hello-kitty-stripes-blue-shoulder-p-9675.html HTTP/1.0" 200 70692 "-" "Mozilla/5.0 (compatible; MJ12bot/v1.4.8; http://mj12bot.com/)"
144.76.3.79 - - [29/Nov/2021:09:37:41 +0100] "GET /hello-kitty-stripes-blue-shoulder-p-9675.html HTTP/1.0" 200 70692 "-" "Mozilla/5.0 (compatible; MJ12bot/v1.4.8; http://mj12bot.com/)"
144.76.3.79 - - [29/Nov/2021:09:37:44 +0100] "GET /high-school-musical-black-shopping-bag-p-24268.html HTTP/1.0" 301 73714 "-" "Mozilla/5.0 (compatible; MJ12bot/v1.4.8; http://mj12bot.com/)"
185.191.171.8 - - [29/Nov/2021:09:37:45 +0100] "GET /portfolio-pepe-jeans-pina-p-38139.html HTTP/1.0" 200 74235 "-" "Mozilla/5.0 (compatible; SemrushBot/7~bl; +http://www.semrush.com/bot.html)"
144.76.3.79 - - [29/Nov/2021:09:37:46 +0100] "GET /high-school-musical-black-shopping-p-24268.html HTTP/1.0" 200 73613 "-" "Mozilla/5.0 (compatible; MJ12bot/v1.4.8; http://mj12bot.com/)"
144.76.3.79 - - [29/Nov/2021:09:37:49 +0100] "GET /high-school-musical-black-shopping-p-24268.html HTTP/1.0" 200 73613 "-" "Mozilla/5.0 (compatible; MJ12bot/v1.4.8; http://mj12bot.com/)"
185.191.171.17 - - [29/Nov/2021:09:37:53 +0100] "GET /pencils-carousel-made-wood-metal-p-46383.html?action=add_product HTTP/1.0" 302 476 "-" "Mozilla/5.0 (compatible; SemrushBot/7~bl; +http://www.semrush.com/bot.html)"
144.76.3.79 - - [29/Nov/2021:09:37:54 +0100] "GET /hirondelle-jewelery-holder-p-48887.html HTTP/1.0" 200 73381 "-" "Mozilla/5.0 (compatible; MJ12bot/v1.4.8; http://mj12bot.com/)"
144.76.3.79 - - [29/Nov/2021:09:37:58 +0100] "GET /hirondelle-jewelery-holder-p-48888.html HTTP/1.0" 200 73381 "-" "Mozilla/5.0 (compatible; MJ12bot/v1.4.8; http://mj12bot.com/)"
144.76.3.79 - - [29/Nov/2021:09:38:03 +0100] "GET /horloge-allen-designs-machine-crire-noire-p-54541.html HTTP/1.0" 301 74418 "-" "Mozilla/5.0 (compatible; MJ12bot/v1.4.8; http://mj12bot.com/)"
144.76.3.79 - - [29/Nov/2021:09:38:05 +0100] "GET /typewriter-pendulum-clock-michelle-allen-p-54541.html HTTP/1.0" 200 74311 "-" "Mozilla/5.0 (compatible; MJ12bot/v1.4.8; http://mj12bot.com/)"
144.76.3.79 - - [29/Nov/2021:09:38:09 +0100] "GET /horloges-c-13_67.html HTTP/1.0" 301 93538 "-" "Mozilla/5.0 (compatible; MJ12bot/v1.4.8; http://mj12bot.com/)"
185.191.171.45 - - [29/Nov/2021:09:38:12 +0100] "GET /batman-vintage-shirt-p-29642.html HTTP/1.0" 200 70638 "-" "Mozilla/5.0 (compatible; SemrushBot/7~bl; +http://www.semrush.com/bot.html)"
144.76.3.79 - - [29/Nov/2021:09:38:13 +0100] "GET /clocks-c-67.html HTTP/1.0" 301 93415 "-" "Mozilla/5.0 (compatible; MJ12bot/v1.4.8; http://mj12bot.com/)"
144.76.3.79 - - [29/Nov/2021:09:38:16 +0100] "GET /clocks-c-13_67.html HTTP/1.0" 200 93468 "-" "Mozilla/5.0 (compatible; MJ12bot/v1.4.8; http://mj12bot.com/)"
144.76.3.79 - - [29/Nov/2021:09:38:18 +0100] "GET /housse-couette-c-11_195.html HTTP/1.0" 301 91811 "-" "Mozilla/5.0 (compatible; MJ12bot/v1.4.8; http://mj12bot.com/)"
144.76.3.79 - - [29/Nov/2021:09:38:21 +0100] "GET /duvet-cover-c-195.html HTTP/1.0" 301 91692 "-" "Mozilla/5.0 (compatible; MJ12bot/v1.4.8; http://mj12bot.com/)"
144.76.3.79 - - [29/Nov/2021:09:38:25 +0100] "GET /duvet-cover-c-11_195.html HTTP/1.0" 200 91735 "-" "Mozilla/5.0 (compatible; MJ12bot/v1.4.8; http://mj12bot.com/)"
144.76.3.79 - - [29/Nov/2021:09:38:29 +0100] "GET /housse-couette-essix-tendresse-gaze-coton-lave-p-54430.html HTTP/1.0" 301 74733 "-" "Mozilla/5.0 (compatible; MJ12bot/v1.4.8; http://mj12bot.com/)"
144.76.3.79 - - [29/Nov/2021:09:38:31 +0100] "GET /tendresse-duvet-cover-washed-cotton-gauze-p-54430.html HTTP/1.0" 200 74625 "-" "Mozilla/5.0 (compatible; MJ12bot/v1.4.8; http://mj12bot.com/)"
20.83.96.110 - - [29/Nov/2021:09:38:33 +0100] "GET /images/big_prod_1/8719172831573.jpg HTTP/1.0" 200 270 "-" "Mozilla/5.0 (X11; Linux x86_64) AppleWebKit/537.36 (KHTML, like Gecko) Chrome/51.0.2704.103 Safari/537.36"
144.76.3.79 - - [29/Nov/2021:09:38:34 +0100] "GET /housse-couette-rebecca-deux-taies-p-55451.html HTTP/1.0" 301 74024 "-" "Mozilla/5.0 (compatible; MJ12bot/v1.4.8; http://mj12bot.com/)"
144.76.3.79 - - [29/Nov/2021:09:38:38 +0100] "GET /rebecca-bedclothes-p-55451.html HTTP/1.0" 200 73939 "-" "Mozilla/5.0 (compatible; MJ12bot/v1.4.8; http://mj12bot.com/)"
144.76.3.79 - - [29/Nov/2021:09:38:42 +0100] "GET /housse-coussin-prlude-ficelle-p-54383.html HTTP/1.0" 301 74556 "-" "Mozilla/5.0 (compatible; MJ12bot/v1.4.8; http://mj12bot.com/)"
144.76.3.79 - - [29/Nov/2021:09:38:45 +0100] "GET /pure-washed-linen-cushion-cover-p-54383.html HTTP/1.0" 200 74458 "-" "Mozilla/5.0 (compatible; MJ12bot/v1.4.8; http://mj12bot.com/)"
144.76.3.79 - - [29/Nov/2021:09:38:49 +0100] "GET /housse-coussin-prlude-gold-p-54386.html HTTP/1.0" 301 74556 "-" "Mozilla/5.0 (compatible; MJ12bot/v1.4.8; http://mj12bot.com/)"
159.138.102.98 - - [29/Nov/2021:09:38:52 +0100] "GET /glass-cutting-board-cbkreation-p-51283.html HTTP/1.0" 200 73270 "-" "Mozilla/5.0 (Linux; Android 7.0;) AppleWebKit/537.36 (KHTML, like Gecko) Mobile Safari/537.36 (compatible; PetalBot;+https://webmaster.petalsearch.com/site/petalbot)"
144.76.3.79 - - [29/Nov/2021:09:38:53 +0100] "GET /pure-washed-linen-cushion-cover-p-54386.html HTTP/1.0" 200 74458 "-" "Mozilla/5.0 (compatible; MJ12bot/v1.4.8; http://mj12bot.com/)"
144.76.3.79 - - [29/Nov/2021:09:38:57 +0100] "GET /housses-coussin-c-11_71_284.html HTTP/1.0" 301 90256 "-" "Mozilla/5.0 (compatible; MJ12bot/v1.4.8; http://mj12bot.com/)"
66.249.75.166 - - [29/Nov/2021:09:38:57 +0100] "GET /portable-luminous-decorative-lantern-p-55144.html HTTP/1.0" 200 74547 "-" "Mozilla/5.0 (Linux; Android 6.0.1; Nexus 5X Build/MMB29P) AppleWebKit/537.36 (KHTML, like Gecko) Chrome/96.0.4664.45 Mobile Safari/537.36 (compatible; Googlebot/2.1; +http://www.google.com/bot.html)"
144.76.3.79 - - [29/Nov/2021:09:39:00 +0100] "GET /cushion-covers-c-284.html HTTP/1.0" 301 90033 "-" "Mozilla/5.0 (compatible; MJ12bot/v1.4.8; http://mj12bot.com/)"
144.76.3.79 - - [29/Nov/2021:09:39:03 +0100] "GET /cushion-covers-c-11_71_284.html HTTP/1.0" 200 90177 "-" "Mozilla/5.0 (compatible; MJ12bot/v1.4.8; http://mj12bot.com/)"
185.191.171.23 - - [29/Nov/2021:09:39:04 +0100] "GET /wunzees-doll-series-frankie-frog-p-45120.html HTTP/1.0" 200 74070 "-" "Mozilla/5.0 (compatible; SemrushBot/7~bl; +http://www.semrush.com/bot.html)"
144.76.3.79 - - [29/Nov/2021:09:39:08 +0100] "GET /housses-ordinateur-porte-documents-c-31_82.html HTTP/1.0" 301 84548 "-" "Mozilla/5.0 (compatible; MJ12bot/v1.4.8; http://mj12bot.com/)"
144.76.3.79 - - [29/Nov/2021:09:39:11 +0100] "GET /computer-briefcase-c-82.html HTTP/1.0" 301 84393 "-" "Mozilla/5.0 (compatible; MJ12bot/v1.4.8; http://mj12bot.com/)"
144.76.3.79 - - [29/Nov/2021:09:39:16 +0100] "GET /computer-briefcase-c-31_82.html HTTP/1.0" 200 84466 "-" "Mozilla/5.0 (compatible; MJ12bot/v1.4.8; http://mj12bot.com/)"
144.76.3.79 - - [29/Nov/2021:09:39:21 +0100] "GET /illuminated-decorations-c-282.html HTTP/1.0" 301 87556 "-" "Mozilla/5.0 (compatible; MJ12bot/v1.4.8; http://mj12bot.com/)"
144.76.3.79 - - [29/Nov/2021:09:39:24 +0100] "GET /illuminated-decorations-c-86_282.html HTTP/1.0" 200 87573 "-" "Mozilla/5.0 (compatible; MJ12bot/v1.4.8; http://mj12bot.com/)"
144.76.3.79 - - [29/Nov/2021:09:39:28 +0100] "GET /incense-c-226.html HTTP/1.0" 301 92060 "-" "Mozilla/5.0 (compatible; MJ12bot/v1.4.8; http://mj12bot.com/)"
144.76.3.79 - - [29/Nov/2021:09:39:33 +0100] "GET /incense-c-231_226.html HTTP/1.0" 200 92115 "-" "Mozilla/5.0 (compatible; MJ12bot/v1.4.8; http://mj12bot.com/)"
144.76.3.79 - - [29/Nov/2021:09:39:37 +0100] "GET /incense-c-231_226.html?page=3 HTTP/1.0" 200 91692 "-" "Mozilla/5.0 (compatible; MJ12bot/v1.4.8; http://mj12bot.com/)"
144.76.3.79 - - [29/Nov/2021:09:39:40 +0100] "GET /incense-c-231_226.html?page=5 HTTP/1.0" 200 92175 "-" "Mozilla/5.0 (compatible; MJ12bot/v1.4.8; http://mj12bot.com/)"
185.191.171.8 - - [29/Nov/2021:09:39:43 +0100] "GET /candle-heart-home-ginger-lemongrass-p-53336.html?action=add_product HTTP/1.0" 302 476 "-" "Mozilla/5.0 (compatible; SemrushBot/7~bl; +http://www.semrush.com/bot.html)"
144.76.3.79 - - [29/Nov/2021:09:39:45 +0100] "GET /incense-holder-and-incense-burner-c-229.html HTTP/1.0" 301 91007 "-" "Mozilla/5.0 (compatible; MJ12bot/v1.4.8; http://mj12bot.com/)"
144.76.3.79 - - [29/Nov/2021:09:39:48 +0100] "GET /incense-holder-incense-burner-c-231_229.html HTTP/1.0" 200 91044 "-" "Mozilla/5.0 (compatible; MJ12bot/v1.4.8; http://mj12bot.com/)"
144.76.3.79 - - [29/Nov/2021:09:39:52 +0100] "GET /index.php?language=fr HTTP/1.0" 200 157796 "-" "Mozilla/5.0 (compatible; MJ12bot/v1.4.8; http://mj12bot.com/)"
207.46.13.202 - - [29/Nov/2021:09:39:57 +0100] "GET /images/big_prod_1/b3608860230246.jpg HTTP/1.0" 200 271 "-" "Mozilla/5.0 (compatible; bingbot/2.0; +http://www.bing.com/bingbot.htm)"
144.76.3.79 - - [29/Nov/2021:09:39:59 +0100] "GET /indian-elephant-statue-20-cm-p-40143.html HTTP/1.0" 301 70743 "-" "Mozilla/5.0 (compatible; MJ12bot/v1.4.8; http://mj12bot.com/)"
185.191.171.45 - - [29/Nov/2021:09:40:01 +0100] "GET /dubout-cats-white-mug-p-52491.html HTTP/1.0" 301 73247 "-" "Mozilla/5.0 (compatible; SemrushBot/7~bl; +http://www.semrush.com/bot.html)"
144.76.3.79 - - [29/Nov/2021:09:40:03 +0100] "GET /indian-elephant-statue-p-40143.html HTTP/1.0" 200 70654 "-" "Mozilla/5.0 (compatible; MJ12bot/v1.4.8; http://mj12bot.com/)"
185.191.171.43 - - [29/Nov/2021:09:40:03 +0100] "GET /dubout-cats-white-p-52491.html HTTP/1.0" 200 73163 "-" "Mozilla/5.0 (compatible; SemrushBot/7~bl; +http://www.semrush.com/bot.html)"
144.76.3.79 - - [29/Nov/2021:09:40:05 +0100] "GET /indian-elephant-statue-20-cm-p-49435.html HTTP/1.0" 301 70743 "-" "Mozilla/5.0 (compatible; MJ12bot/v1.4.8; http://mj12bot.com/)"
144.76.3.79 - - [29/Nov/2021:09:40:08 +0100] "GET /indian-elephant-statue-p-49435.html HTTP/1.0" 200 70654 "-" "Mozilla/5.0 (compatible; MJ12bot/v1.4.8; http://mj12bot.com/)"
66.249.75.170 - - [29/Nov/2021:09:40:11 +0100] "GET /cushion-p-25129.html HTTP/1.0" 200 70590 "-" "Mozilla/5.0 (Linux; Android 6.0.1; Nexus 5X Build/MMB29P) AppleWebKit/537.36 (KHTML, like Gecko) Chrome/96.0.4664.45 Mobile Safari/537.36 (compatible; Googlebot/2.1; +http://www.google.com/bot.html)"
144.76.3.79 - - [29/Nov/2021:09:40:11 +0100] "GET /indian-elephant-statue-p-40143.html HTTP/1.0" 200 70654 "-" "Mozilla/5.0 (compatible; MJ12bot/v1.4.8; http://mj12bot.com/)"
144.76.3.79 - - [29/Nov/2021:09:40:14 +0100] "GET /indian-elephant-statue-p-49435.html HTTP/1.0" 200 70654 "-" "Mozilla/5.0 (compatible; MJ12bot/v1.4.8; http://mj12bot.com/)"
144.76.3.79 - - [29/Nov/2021:09:40:18 +0100] "GET /indian-metal-can-money-box-p-52951.html HTTP/1.0" 301 70729 "-" "Mozilla/5.0 (compatible; MJ12bot/v1.4.8; http://mj12bot.com/)"
185.191.171.25 - - [29/Nov/2021:09:40:21 +0100] "GET /flat-thread-sheet-cotton-57-color-lila-powder-240-300-cm-p-46738.html HTTP/1.0" 301 70871 "-" "Mozilla/5.0 (compatible; SemrushBot/7~bl; +http://www.semrush.com/bot.html)"
144.76.3.79 - - [29/Nov/2021:09:40:22 +0100] "GET /indian-metal-money-p-52951.html HTTP/1.0" 200 70644 "-" "Mozilla/5.0 (compatible; MJ12bot/v1.4.8; http://mj12bot.com/)"
185.191.171.16 - - [29/Nov/2021:09:40:23 +0100] "GET /flat-thread-sheet-cotton-color-lila-powder-p-46738.html HTTP/1.0" 200 70762 "-" "Mozilla/5.0 (compatible; SemrushBot/7~bl; +http://www.semrush.com/bot.html)"
144.76.3.79 - - [29/Nov/2021:09:40:26 +0100] "GET /indian-metal-money-p-52951.html HTTP/1.0" 200 70644 "-" "Mozilla/5.0 (compatible; MJ12bot/v1.4.8; http://mj12bot.com/)"
185.191.171.36 - - [29/Nov/2021:09:40:26 +0100] "GET /tinted-candle-mass-burgundy-p-56092.html?action=add_product HTTP/1.0" 302 476 "-" "Mozilla/5.0 (compatible; SemrushBot/7~bl; +http://www.semrush.com/bot.html)"
144.76.3.79 - - [29/Nov/2021:09:40:27 +0100] "GET /indoor-crystal-time-indicator-p-55408.html HTTP/1.0" 200 74267 "-" "Mozilla/5.0 (compatible; MJ12bot/v1.4.8; http://mj12bot.com/)"
144.76.3.79 - - [29/Nov/2021:09:40:29 +0100] "GET /indoor-fountains-c-272.html HTTP/1.0" 301 84842 "-" "Mozilla/5.0 (compatible; MJ12bot/v1.4.8; http://mj12bot.com/)"
144.76.3.79 - - [29/Nov/2021:09:40:31 +0100] "GET /indoor-fountains-c-13_272.html HTTP/1.0" 200 84881 "-" "Mozilla/5.0 (compatible; MJ12bot/v1.4.8; http://mj12bot.com/)"
144.76.3.79 - - [29/Nov/2021:09:40:33 +0100] "GET /industrial-vintage-clock-70-cm-p-47714.html HTTP/1.0" 301 73436 "-" "Mozilla/5.0 (compatible; MJ12bot/v1.4.8; http://mj12bot.com/)"
157.55.39.108 - - [29/Nov/2021:09:40:34 +0100] "GET /images/big_prod/8433933152522.jpg HTTP/1.0" 200 268 "-" "Mozilla/5.0 (compatible; bingbot/2.0; +http://www.bing.com/bingbot.htm)"
144.76.3.79 - - [29/Nov/2021:09:40:35 +0100] "GET /industrial-vintage-clock-p-47714.html HTTP/1.0" 200 73345 "-" "Mozilla/5.0 (compatible; MJ12bot/v1.4.8; http://mj12bot.com/)"
144.76.3.79 - - [29/Nov/2021:09:40:37 +0100] "GET /industrial-vintage-clock-p-47714.html HTTP/1.0" 200 73345 "-" "Mozilla/5.0 (compatible; MJ12bot/v1.4.8; http://mj12bot.com/)"
144.76.3.79 - - [29/Nov/2021:09:40:39 +0100] "GET /inside-backpack-p-31286.html HTTP/1.0" 301 70631 "-" "Mozilla/5.0 (compatible; MJ12bot/v1.4.8; http://mj12bot.com/)"
144.76.3.79 - - [29/Nov/2021:09:40:40 +0100] "GET /-p-31286.html HTTP/1.0" 200 70564 "-" "Mozilla/5.0 (compatible; MJ12bot/v1.4.8; http://mj12bot.com/)"
144.76.3.79 - - [29/Nov/2021:09:40:43 +0100] "GET /inside-out-backpack-p-31286.html HTTP/1.0" 301 70631 "-" "Mozilla/5.0 (compatible; MJ12bot/v1.4.8; http://mj12bot.com/)"
185.191.171.34 - - [29/Nov/2021:09:40:44 +0100] "GET /strawberry-shortcake-swimsuit-pareo-p-30287.html?action=add_product HTTP/1.0" 302 476 "-" "Mozilla/5.0 (compatible; SemrushBot/7~bl; +http://www.semrush.com/bot.html)"
144.76.3.79 - - [29/Nov/2021:09:40:44 +0100] "GET /-p-31286.html HTTP/1.0" 200 70564 "-" "Mozilla/5.0 (compatible; MJ12bot/v1.4.8; http://mj12bot.com/)"
144.76.3.79 - - [29/Nov/2021:09:40:46 +0100] "GET /isothermic-stainless-steel-bottle-aquarius-by-cbkreation-p-51036.html HTTP/1.0" 301 73606 "-" "Mozilla/5.0 (compatible; MJ12bot/v1.4.8; http://mj12bot.com/)"
144.76.3.79 - - [29/Nov/2021:09:40:48 +0100] "GET /isothermic-stainless-steel-bottle-aquarius-cbkreation-p-51036.html HTTP/1.0" 200 73486 "-" "Mozilla/5.0 (compatible; MJ12bot/v1.4.8; http://mj12bot.com/)"
144.76.3.79 - - [29/Nov/2021:09:40:50 +0100] "GET /isothermic-stainless-steel-bottle-aquarius-cbkreation-p-51036.html HTTP/1.0" 200 73486 "-" "Mozilla/5.0 (compatible; MJ12bot/v1.4.8; http://mj12bot.com/)"
144.76.3.79 - - [29/Nov/2021:09:40:52 +0100] "GET /isothermic-stainless-steel-bottle-cbkreation-p-51159.html HTTP/1.0" 200 70726 "-" "Mozilla/5.0 (compatible; MJ12bot/v1.4.8; http://mj12bot.com/)"
144.76.3.79 - - [29/Nov/2021:09:40:54 +0100] "GET /isothermic-stainless-steel-bottle-flower-life-cbkreation-p-51031.html HTTP/1.0" 200 73523 "-" "Mozilla/5.0 (compatible; MJ12bot/v1.4.8; http://mj12bot.com/)"
144.76.3.79 - - [29/Nov/2021:09:40:56 +0100] "GET /isothermic-stainless-steel-bottle-flower-of-life-by-cbkreation-p-51031.html HTTP/1.0" 301 73646 "-" "Mozilla/5.0 (compatible; MJ12bot/v1.4.8; http://mj12bot.com/)"
144.76.3.79 - - [29/Nov/2021:09:40:59 +0100] "GET /isothermic-stainless-steel-bottle-flower-life-cbkreation-p-51031.html HTTP/1.0" 200 73523 "-" "Mozilla/5.0 (compatible; MJ12bot/v1.4.8; http://mj12bot.com/)"
144.76.3.79 - - [29/Nov/2021:09:41:03 +0100] "GET /isothermic-stainless-steel-bottle-libra-by-cbkreation-p-51032.html HTTP/1.0" 301 74243 "-" "Mozilla/5.0 (compatible; MJ12bot/v1.4.8; http://mj12bot.com/)"
144.76.3.79 - - [29/Nov/2021:09:41:06 +0100] "GET /isothermic-stainless-steel-bottle-libra-cbkreation-p-51032.html HTTP/1.0" 200 74126 "-" "Mozilla/5.0 (compatible; MJ12bot/v1.4.8; http://mj12bot.com/)"
144.76.3.79 - - [29/Nov/2021:09:41:10 +0100] "GET /isothermic-stainless-steel-bottle-libra-cbkreation-p-51032.html HTTP/1.0" 200 74126 "-" "Mozilla/5.0 (compatible; MJ12bot/v1.4.8; http://mj12bot.com/)"
144.76.3.79 - - [29/Nov/2021:09:41:14 +0100] "GET /isothermic-stainless-steel-bottle-maman-plus-douce-p-54709.html HTTP/1.0" 200 73409 "-" "Mozilla/5.0 (compatible; MJ12bot/v1.4.8; http://mj12bot.com/)"
165.154.72.231 - - [29/Nov/2021:09:41:14 +0100] "GET /images/mini_prod/3700276874486.jpg HTTP/1.0" 200 269 "-" "Mozilla/5.0 (X11; Ubuntu; Linux x86_64; rv:72.0) Gecko/20100101 Firefox/72.0"
207.46.13.118 - - [29/Nov/2021:09:41:16 +0100] "GET /images/med_prod/1384010176313.jpg HTTP/1.0" 200 268 "-" "Mozilla/5.0 (compatible; bingbot/2.0; +http://www.bing.com/bingbot.htm)"
144.76.3.79 - - [29/Nov/2021:09:41:18 +0100] "GET /isothermic-stainless-steel-bottle-scorpio-by-cbkreation-p-51033.html HTTP/1.0" 301 73597 "-" "Mozilla/5.0 (compatible; MJ12bot/v1.4.8; http://mj12bot.com/)"
144.76.3.79 - - [29/Nov/2021:09:41:21 +0100] "GET /isothermic-stainless-steel-bottle-scorpio-cbkreation-p-51033.html HTTP/1.0" 200 73478 "-" "Mozilla/5.0 (compatible; MJ12bot/v1.4.8; http://mj12bot.com/)"
144.76.3.79 - - [29/Nov/2021:09:41:26 +0100] "GET /isothermic-stainless-steel-bottle-scorpio-cbkreation-p-51033.html HTTP/1.0" 200 73478 "-" "Mozilla/5.0 (compatible; MJ12bot/v1.4.8; http://mj12bot.com/)"
144.76.3.79 - - [29/Nov/2021:09:41:31 +0100] "GET /isothermic-stainless-steel-bottle-virgo-cbkreation-p-51042.html HTTP/1.0" 200 73463 "-" "Mozilla/5.0 (compatible; MJ12bot/v1.4.8; http://mj12bot.com/)"
144.76.3.79 - - [29/Nov/2021:09:41:34 +0100] "GET /jackets-coats-parkas-c-27.html HTTP/1.0" 301 83792 "-" "Mozilla/5.0 (compatible; MJ12bot/v1.4.8; http://mj12bot.com/)"
144.76.3.79 - - [29/Nov/2021:09:41:38 +0100] "GET /jackets-coats-parkas-c-1_27.html HTTP/1.0" 200 83806 "-" "Mozilla/5.0 (compatible; MJ12bot/v1.4.8; http://mj12bot.com/)"
144.76.3.79 - - [29/Nov/2021:09:41:41 +0100] "GET /jackets-coats-parkas-c-41.html HTTP/1.0" 301 78181 "-" "Mozilla/5.0 (compatible; MJ12bot/v1.4.8; http://mj12bot.com/)"
114.119.128.34 - - [29/Nov/2021:09:41:43 +0100] "GET /kimmi-junior-bella-coin-purse-p-8737.html HTTP/1.0" 200 73407 "-" "Mozilla/5.0 (Linux; Android 7.0;) AppleWebKit/537.36 (KHTML, like Gecko) Mobile Safari/537.36 (compatible; PetalBot;+https://webmaster.petalsearch.com/site/petalbot)"
144.76.3.79 - - [29/Nov/2021:09:41:44 +0100] "GET /jackets-coats-parkas-c-2_41.html HTTP/1.0" 200 78193 "-" "Mozilla/5.0 (compatible; MJ12bot/v1.4.8; http://mj12bot.com/)"
185.191.171.22 - - [29/Nov/2021:09:41:45 +0100] "GET /-p-20764.html?action=add_product HTTP/1.0" 302 476 "-" "Mozilla/5.0 (compatible; SemrushBot/7~bl; +http://www.semrush.com/bot.html)"
144.76.3.79 - - [29/Nov/2021:09:41:47 +0100] "GET /jacquard-cotton-velvet-towel-170-95-cm-boat-p-45351.html HTTP/1.0" 301 70814 "-" "Mozilla/5.0 (compatible; MJ12bot/v1.4.8; http://mj12bot.com/)"
144.76.3.79 - - [29/Nov/2021:09:41:50 +0100] "GET /jacquard-cotton-velvet-towel-boat-p-45351.html HTTP/1.0" 200 70714 "-" "Mozilla/5.0 (compatible; MJ12bot/v1.4.8; http://mj12bot.com/)"
144.76.3.79 - - [29/Nov/2021:09:41:53 +0100] "GET /jacquard-cotton-velvet-towel-boat-p-45351.html HTTP/1.0" 200 70714 "-" "Mozilla/5.0 (compatible; MJ12bot/v1.4.8; http://mj12bot.com/)"
144.76.3.79 - - [29/Nov/2021:09:41:56 +0100] "GET /jasmin-inuit-small-melamine-tray-p-37941.html HTTP/1.0" 200 73378 "-" "Mozilla/5.0 (compatible; MJ12bot/v1.4.8; http://mj12bot.com/)"
185.191.171.38 - - [29/Nov/2021:09:41:59 +0100] "GET /princesse-sofia-book-figure-p-23410.html HTTP/1.0" 200 73126 "-" "Mozilla/5.0 (compatible; SemrushBot/7~bl; +http://www.semrush.com/bot.html)"
144.76.3.79 - - [29/Nov/2021:09:41:59 +0100] "GET /jasmin-large-cabas-hmong-eggplant-p-37992.html HTTP/1.0" 200 70687 "-" "Mozilla/5.0 (compatible; MJ12bot/v1.4.8; http://mj12bot.com/)"
144.76.3.79 - - [29/Nov/2021:09:42:03 +0100] "GET /jasmin-large-cabas-mood-p-37993.html HTTP/1.0" 200 70667 "-" "Mozilla/5.0 (compatible; MJ12bot/v1.4.8; http://mj12bot.com/)"
144.76.3.79 - - [29/Nov/2021:09:42:06 +0100] "GET /jasmin-marley-jamaica-chandelier-p-35767.html HTTP/1.0" 200 73505 "-" "Mozilla/5.0 (compatible; MJ12bot/v1.4.8; http://mj12bot.com/)"
144.76.3.79 - - [29/Nov/2021:09:42:09 +0100] "GET /jasmin-pencil-case-apache-pink-p-38000.html HTTP/1.0" 200 70681 "-" "Mozilla/5.0 (compatible; MJ12bot/v1.4.8; http://mj12bot.com/)"
144.76.3.79 - - [29/Nov/2021:09:42:12 +0100] "GET /jasmin-purse-playa-copper-p-37997.html HTTP/1.0" 200 70653 "-" "Mozilla/5.0 (compatible; MJ12bot/v1.4.8; http://mj12bot.com/)"
144.76.3.79 - - [29/Nov/2021:09:42:17 +0100] "GET /jeans-suitcase-p-38102.html HTTP/1.0" 200 73613 "-" "Mozilla/5.0 (compatible; MJ12bot/v1.4.8; http://mj12bot.com/)"
54.36.148.89 - - [29/Nov/2021:09:42:21 +0100] "GET /commander-doom-miniature-figure-p-29890.html HTTP/1.0" 301 70631 "-" "Mozilla/5.0 (compatible; AhrefsBot/7.0; +http://ahrefs.com/robot/)"
185.191.171.8 - - [29/Nov/2021:09:42:23 +0100] "GET /starry-russian-doll-phone-cover-for-iphone-by-cbkreation-p-18476.html HTTP/1.0" 301 70967 "-" "Mozilla/5.0 (compatible; SemrushBot/7~bl; +http://www.semrush.com/bot.html)"
185.191.171.12 - - [29/Nov/2021:09:42:26 +0100] "GET /starry-russian-doll-phone-cover-iphone-cbkreation-p-18476.html HTTP/1.0" 200 70851 "-" "Mozilla/5.0 (compatible; SemrushBot/7~bl; +http://www.semrush.com/bot.html)"
144.76.3.79 - - [29/Nov/2021:09:42:27 +0100] "GET /johnny-hallyday-cigarettes-case-p-51145.html HTTP/1.0" 200 70678 "-" "Mozilla/5.0 (compatible; MJ12bot/v1.4.8; http://mj12bot.com/)"
144.76.3.79 - - [29/Nov/2021:09:42:33 +0100] "GET /johnny-hallyday-cigarettes-case-p-51147.html HTTP/1.0" 200 70678 "-" "Mozilla/5.0 (compatible; MJ12bot/v1.4.8; http://mj12bot.com/)"
144.76.3.79 - - [29/Nov/2021:09:42:38 +0100] "GET /johnny-hallyday-metal-plate-p-51151.html HTTP/1.0" 200 73417 "-" "Mozilla/5.0 (compatible; MJ12bot/v1.4.8; http://mj12bot.com/)"
144.76.3.79 - - [29/Nov/2021:09:42:46 +0100] "GET /kanga-figure-p-28526.html HTTP/1.0" 200 73269 "-" "Mozilla/5.0 (compatible; MJ12bot/v1.4.8; http://mj12bot.com/)"
207.46.13.118 - - [29/Nov/2021:09:42:47 +0100] "GET /images/big_prod/5409240219244.jpg HTTP/1.0" 200 268 "-" "Mozilla/5.0 (compatible; bingbot/2.0; +http://www.bing.com/bingbot.htm)"
144.76.3.79 - - [29/Nov/2021:09:42:53 +0100] "GET /karma-panda-night-light-p-55383.html HTTP/1.0" 200 74905 "-" "Mozilla/5.0 (compatible; MJ12bot/v1.4.8; http://mj12bot.com/)"
185.191.171.36 - - [29/Nov/2021:09:42:53 +0100] "GET /duvet-cover-cotton-percale-threads-p-52105.html HTTP/1.0" 200 73502 "-" "Mozilla/5.0 (compatible; SemrushBot/7~bl; +http://www.semrush.com/bot.html)"
144.76.3.79 - - [29/Nov/2021:09:42:59 +0100] "GET /kawasaki-metal-plate-p-51152.html HTTP/1.0" 200 73295 "-" "Mozilla/5.0 (compatible; MJ12bot/v1.4.8; http://mj12bot.com/)"
144.76.3.79 - - [29/Nov/2021:09:43:05 +0100] "GET /keel-toys-plush-pipp-panda-p-51011.html HTTP/1.0" 200 73418 "-" "Mozilla/5.0 (compatible; MJ12bot/v1.4.8; http://mj12bot.com/)"
144.76.3.79 - - [29/Nov/2021:09:43:13 +0100] "GET /keel-toys-plush-pipp-the-panda-22-cm-p-51011.html HTTP/1.0" 301 73511 "-" "Mozilla/5.0 (compatible; MJ12bot/v1.4.8; http://mj12bot.com/)"
144.76.3.79 - - [29/Nov/2021:09:43:16 +0100] "GET /keel-toys-plush-pipp-panda-p-51011.html HTTP/1.0" 200 73418 "-" "Mozilla/5.0 (compatible; MJ12bot/v1.4.8; http://mj12bot.com/)"
144.76.3.79 - - [29/Nov/2021:09:43:22 +0100] "GET /keiko-table-lamp-gray-metal-p-54592.html HTTP/1.0" 200 74130 "-" "Mozilla/5.0 (compatible; MJ12bot/v1.4.8; http://mj12bot.com/)"
144.76.3.79 - - [29/Nov/2021:09:43:29 +0100] "GET /khonsu-egyptian-god-statuette-in-bronze-aspect-resin-p-52830.html HTTP/1.0" 301 73580 "-" "Mozilla/5.0 (compatible; MJ12bot/v1.4.8; http://mj12bot.com/)"
144.76.3.79 - - [29/Nov/2021:09:43:34 +0100] "GET /khonsu-egyptian-statuette-bronze-aspect-resin-p-52830.html HTTP/1.0" 200 73468 "-" "Mozilla/5.0 (compatible; MJ12bot/v1.4.8; http://mj12bot.com/)"
144.76.3.79 - - [29/Nov/2021:09:43:39 +0100] "GET /khonsu-egyptian-statuette-bronze-aspect-resin-p-52830.html HTTP/1.0" 200 73468 "-" "Mozilla/5.0 (compatible; MJ12bot/v1.4.8; http://mj12bot.com/)"
144.76.3.79 - - [29/Nov/2021:09:43:44 +0100] "GET /kids-school-bag-c-80.html HTTP/1.0" 301 90572 "-" "Mozilla/5.0 (compatible; MJ12bot/v1.4.8; http://mj12bot.com/)"
144.76.3.79 - - [29/Nov/2021:09:43:51 +0100] "GET /kids-school-c-31_80.html HTTP/1.0" 200 90652 "-" "Mozilla/5.0 (compatible; MJ12bot/v1.4.8; http://mj12bot.com/)"
144.76.3.79 - - [29/Nov/2021:09:43:57 +0100] "GET /kitchen-p-51615.html HTTP/1.0" 200 70614 "-" "Mozilla/5.0 (compatible; MJ12bot/v1.4.8; http://mj12bot.com/)"
144.76.3.79 - - [29/Nov/2021:09:44:02 +0100] "GET /kitchen-p-51617.html HTTP/1.0" 200 73304 "-" "Mozilla/5.0 (compatible; MJ12bot/v1.4.8; http://mj12bot.com/)"
185.191.171.18 - - [29/Nov/2021:09:44:08 +0100] "GET /small-boxes-pill-c-13_150_154.html?page=3 HTTP/1.0" 200 88842 "-" "Mozilla/5.0 (compatible; SemrushBot/7~bl; +http://www.semrush.com/bot.html)"
144.76.3.79 - - [29/Nov/2021:09:44:13 +0100] "GET /kitchen-towel-patisserie-collection-p-54752.html HTTP/1.0" 200 73279 "-" "Mozilla/5.0 (compatible; MJ12bot/v1.4.8; http://mj12bot.com/)"
144.76.3.79 - - [29/Nov/2021:09:44:20 +0100] "GET /kitten-bedclothes-240-220-cm-p-36426.html HTTP/1.0" 301 70631 "-" "Mozilla/5.0 (compatible; MJ12bot/v1.4.8; http://mj12bot.com/)"
144.76.3.79 - - [29/Nov/2021:09:44:25 +0100] "GET /-p-36426.html HTTP/1.0" 200 70564 "-" "Mozilla/5.0 (compatible; MJ12bot/v1.4.8; http://mj12bot.com/)"
144.76.3.79 - - [29/Nov/2021:09:44:30 +0100] "GET /klimt-little-tray-p-51679.html HTTP/1.0" 200 73226 "-" "Mozilla/5.0 (compatible; MJ12bot/v1.4.8; http://mj12bot.com/)"
144.76.3.79 - - [29/Nov/2021:09:44:35 +0100] "GET /klimt-little-tray-p-51680.html HTTP/1.0" 200 73225 "-" "Mozilla/5.0 (compatible; MJ12bot/v1.4.8; http://mj12bot.com/)"
54.36.149.23 - - [29/Nov/2021:09:44:37 +0100] "GET /images/8033667001822.jpg HTTP/1.0" 200 259 "-" "Mozilla/5.0 (compatible; AhrefsBot/7.0; +http://ahrefs.com/robot/)"
144.76.3.79 - - [29/Nov/2021:09:44:41 +0100] "GET /koala-nightlight-pink-p-55360.html HTTP/1.0" 200 74235 "-" "Mozilla/5.0 (compatible; MJ12bot/v1.4.8; http://mj12bot.com/)"
144.76.3.79 - - [29/Nov/2021:09:44:45 +0100] "GET /la-bougie-autrement-bougie-en-poudre-250-grs-argent-paillete-p-53073.html HTTP/1.0" 301 74435 "-" "Mozilla/5.0 (compatible; MJ12bot/v1.4.8; http://mj12bot.com/)"
144.76.3.79 - - [29/Nov/2021:09:44:48 +0100] "GET /powder-candle-bougie-autrement-glitter-silver-p-53073.html HTTP/1.0" 200 74323 "-" "Mozilla/5.0 (compatible; MJ12bot/v1.4.8; http://mj12bot.com/)"
144.76.3.79 - - [29/Nov/2021:09:44:50 +0100] "GET /la-bougie-autrement-bougie-en-poudre-250-grs-bleu-paillete-p-53077.html HTTP/1.0" 301 74419 "-" "Mozilla/5.0 (compatible; MJ12bot/v1.4.8; http://mj12bot.com/)"
114.119.128.34 - - [29/Nov/2021:09:44:52 +0100] "GET /tinted-candle-mass-apple-green-p-56099.html HTTP/1.0" 200 73288 "-" "Mozilla/5.0 (Linux; Android 7.0;) AppleWebKit/537.36 (KHTML, like Gecko) Mobile Safari/537.36 (compatible; PetalBot;+https://webmaster.petalsearch.com/site/petalbot)"
144.76.3.79 - - [29/Nov/2021:09:44:52 +0100] "GET /powder-candle-bougie-autrement-glitter-blue-p-53077.html HTTP/1.0" 200 74309 "-" "Mozilla/5.0 (compatible; MJ12bot/v1.4.8; http://mj12bot.com/)"
144.76.3.79 - - [29/Nov/2021:09:44:54 +0100] "GET /la-bougie-autrement-bougie-en-poudre-250-grs-paillettes-or-p-53074.html HTTP/1.0" 301 74419 "-" "Mozilla/5.0 (compatible; MJ12bot/v1.4.8; http://mj12bot.com/)"
144.76.3.79 - - [29/Nov/2021:09:44:56 +0100] "GET /powder-candle-bougie-autrement-glitter-gold-p-53074.html HTTP/1.0" 200 74309 "-" "Mozilla/5.0 (compatible; MJ12bot/v1.4.8; http://mj12bot.com/)"
144.76.3.79 - - [29/Nov/2021:09:44:59 +0100] "GET /la-tisaniere-fox-infuser-p-45638.html HTTP/1.0" 301 70742 "-" "Mozilla/5.0 (compatible; MJ12bot/v1.4.8; http://mj12bot.com/)"
144.76.3.79 - - [29/Nov/2021:09:45:01 +0100] "GET /tisanire-infuser-p-45638.html HTTP/1.0" 200 70659 "-" "Mozilla/5.0 (compatible; MJ12bot/v1.4.8; http://mj12bot.com/)"
144.76.3.79 - - [29/Nov/2021:09:45:04 +0100] "GET /lamas-adult-apron-p-45572.html HTTP/1.0" 200 73145 "-" "Mozilla/5.0 (compatible; MJ12bot/v1.4.8; http://mj12bot.com/)"
144.76.3.79 - - [29/Nov/2021:09:45:06 +0100] "GET /lamp-squirrel-p-51101.html HTTP/1.0" 200 70634 "-" "Mozilla/5.0 (compatible; MJ12bot/v1.4.8; http://mj12bot.com/)"
144.76.3.79 - - [29/Nov/2021:09:45:09 +0100] "GET /lamp-supporting-lampshade-p-51099.html HTTP/1.0" 200 70668 "-" "Mozilla/5.0 (compatible; MJ12bot/v1.4.8; http://mj12bot.com/)"
144.76.3.79 - - [29/Nov/2021:09:45:11 +0100] "GET /large-bamboo-humming-bird-p-49568.html HTTP/1.0" 200 73206 "-" "Mozilla/5.0 (compatible; MJ12bot/v1.4.8; http://mj12bot.com/)"
144.76.3.79 - - [29/Nov/2021:09:45:14 +0100] "GET /large-candle-ruby-pomegranate-p-51060.html HTTP/1.0" 200 73755 "-" "Mozilla/5.0 (compatible; MJ12bot/v1.4.8; http://mj12bot.com/)"
144.76.3.79 - - [29/Nov/2021:09:45:17 +0100] "GET /large-jar-candle-ruby-pomegranate-p-51060.html HTTP/1.0" 301 73851 "-" "Mozilla/5.0 (compatible; MJ12bot/v1.4.8; http://mj12bot.com/)"
144.76.3.79 - - [29/Nov/2021:09:45:19 +0100] "GET /large-candle-ruby-pomegranate-p-51060.html HTTP/1.0" 200 73755 "-" "Mozilla/5.0 (compatible; MJ12bot/v1.4.8; http://mj12bot.com/)"
144.76.3.79 - - [29/Nov/2021:09:45:21 +0100] "GET /large-kimmidoll-cardboard-storage-box-p-47964.html HTTP/1.0" 301 70631 "-" "Mozilla/5.0 (compatible; MJ12bot/v1.4.8; http://mj12bot.com/)"
144.76.3.79 - - [29/Nov/2021:09:45:23 +0100] "GET /-p-47964.html HTTP/1.0" 200 70564 "-" "Mozilla/5.0 (compatible; MJ12bot/v1.4.8; http://mj12bot.com/)"
144.76.3.79 - - [29/Nov/2021:09:45:25 +0100] "GET /large-kimmidoll-cardboard-storage-p-47964.html HTTP/1.0" 301 70631 "-" "Mozilla/5.0 (compatible; MJ12bot/v1.4.8; http://mj12bot.com/)"
92.118.160.13 - - [29/Nov/2021:09:45:28 +0100] "GET / HTTP/1.0" 200 151339 "-" "NetSystemsResearch studies the availability of various services across the internet. Our website is netsystemsresearch.com"
144.76.3.79 - - [29/Nov/2021:09:45:28 +0100] "GET /-p-47964.html HTTP/1.0" 200 70564 "-" "Mozilla/5.0 (compatible; MJ12bot/v1.4.8; http://mj12bot.com/)"
144.76.3.79 - - [29/Nov/2021:09:45:31 +0100] "GET /large-maxi-trays-c-12_159_262.html?page=1 HTTP/1.0" 200 84352 "-" "Mozilla/5.0 (compatible; MJ12bot/v1.4.8; http://mj12bot.com/)"
144.76.3.79 - - [29/Nov/2021:09:45:33 +0100] "GET /large-maxi-trays-c-262.html?page=1 HTTP/1.0" 301 84240 "-" "Mozilla/5.0 (compatible; MJ12bot/v1.4.8; http://mj12bot.com/)"
144.76.3.79 - - [29/Nov/2021:09:45:35 +0100] "GET /large-maxi-trays-c-12_159_262.html?page=1 HTTP/1.0" 200 84352 "-" "Mozilla/5.0 (compatible; MJ12bot/v1.4.8; http://mj12bot.com/)"
144.76.3.79 - - [29/Nov/2021:09:45:38 +0100] "GET /large-pineapple-lamp-golden-resin-p-45380.html HTTP/1.0" 301 70631 "-" "Mozilla/5.0 (compatible; MJ12bot/v1.4.8; http://mj12bot.com/)"
185.191.171.20 - - [29/Nov/2021:09:45:38 +0100] "GET /green-fox-ceramic-money-box-p-39408.html HTTP/1.0" 301 70631 "-" "Mozilla/5.0 (compatible; SemrushBot/7~bl; +http://www.semrush.com/bot.html)"
144.76.3.79 - - [29/Nov/2021:09:45:40 +0100] "GET /-p-45380.html HTTP/1.0" 200 70564 "-" "Mozilla/5.0 (compatible; MJ12bot/v1.4.8; http://mj12bot.com/)"
185.191.171.3 - - [29/Nov/2021:09:45:41 +0100] "GET /-p-39408.html HTTP/1.0" 200 70564 "-" "Mozilla/5.0 (compatible; SemrushBot/7~bl; +http://www.semrush.com/bot.html)"
144.76.3.79 - - [29/Nov/2021:09:45:42 +0100] "GET /large-pineapple-lamp-in-golden-resin-p-45380.html HTTP/1.0" 301 70631 "-" "Mozilla/5.0 (compatible; MJ12bot/v1.4.8; http://mj12bot.com/)"
144.76.3.79 - - [29/Nov/2021:09:45:44 +0100] "GET /-p-45380.html HTTP/1.0" 200 70564 "-" "Mozilla/5.0 (compatible; MJ12bot/v1.4.8; http://mj12bot.com/)"
144.76.3.79 - - [29/Nov/2021:09:45:46 +0100] "GET /large-sandstone-vase-23-cm-p-52245.html HTTP/1.0" 301 70733 "-" "Mozilla/5.0 (compatible; MJ12bot/v1.4.8; http://mj12bot.com/)"
144.76.3.79 - - [29/Nov/2021:09:45:48 +0100] "GET /large-sandstone-vase-p-52245.html HTTP/1.0" 200 70646 "-" "Mozilla/5.0 (compatible; MJ12bot/v1.4.8; http://mj12bot.com/)"
144.76.3.79 - - [29/Nov/2021:09:45:50 +0100] "GET /large-sandstone-vase-45-cm-p-52246.html HTTP/1.0" 301 70733 "-" "Mozilla/5.0 (compatible; MJ12bot/v1.4.8; http://mj12bot.com/)"
185.191.171.19 - - [29/Nov/2021:09:45:50 +0100] "GET /bears-decoration-p-49238.html?action=add_product HTTP/1.0" 302 476 "-" "Mozilla/5.0 (compatible; SemrushBot/7~bl; +http://www.semrush.com/bot.html)"
185.191.171.25 - - [29/Nov/2021:09:45:52 +0100] "GET /dishes-c-12.html?page=88 HTTP/1.0" 200 92312 "-" "Mozilla/5.0 (compatible; SemrushBot/7~bl; +http://www.semrush.com/bot.html)"
144.76.3.79 - - [29/Nov/2021:09:45:52 +0100] "GET /large-sandstone-vase-p-52246.html HTTP/1.0" 200 70646 "-" "Mozilla/5.0 (compatible; MJ12bot/v1.4.8; http://mj12bot.com/)"
144.76.3.79 - - [29/Nov/2021:09:45:55 +0100] "GET /large-sandstone-vase-51-cm-p-52244.html HTTP/1.0" 301 70733 "-" "Mozilla/5.0 (compatible; MJ12bot/v1.4.8; http://mj12bot.com/)"
144.76.3.79 - - [29/Nov/2021:09:45:57 +0100] "GET /large-sandstone-vase-p-52244.html HTTP/1.0" 200 70646 "-" "Mozilla/5.0 (compatible; MJ12bot/v1.4.8; http://mj12bot.com/)"
