114.119.128.253 - - [29/Nov/2021:08:31:39 +0100] "GET /hello-kitty-small-palette-cosmetics-p-20711.html HTTP/1.0" 200 73510 "-" "Mozilla/5.0 (Linux; Android 7.0;) AppleWebKit/537.36 (KHTML, like Gecko) Mobile Safari/537.36 (compatible; PetalBot;+https://webmaster.petalsearch.com/site/petalbot)"
185.191.171.16 - - [29/Nov/2021:08:31:44 +0100] "GET /trivet-p-27387.html?action=add_product HTTP/1.0" 302 476 "-" "Mozilla/5.0 (compatible; SemrushBot/7~bl; +http://www.semrush.com/bot.html)"
185.191.171.11 - - [29/Nov/2021:08:31:46 +0100] "GET /zero-jack-levitating-masterpiece-figurine-p-55794.html?action=add_product HTTP/1.0" 302 476 "-" "Mozilla/5.0 (compatible; SemrushBot/7~bl; +http://www.semrush.com/bot.html)"
157.55.39.228 - - [29/Nov/2021:08:31:51 +0100] "GET /images/3684225058359.jpg HTTP/1.0" 200 259 "-" "Mozilla/5.0 (compatible; bingbot/2.0; +http://www.bing.com/bingbot.htm)"
185.191.171.26 - - [29/Nov/2021:08:32:28 +0100] "GET /bracelet-amethyst-facet-cut-p-48649.html HTTP/1.0" 301 73645 "-" "Mozilla/5.0 (compatible; SemrushBot/7~bl; +http://www.semrush.com/bot.html)"
185.191.171.24 - - [29/Nov/2021:08:32:30 +0100] "GET /bracelet-amethyst-facet-p-48649.html HTTP/1.0" 200 73555 "-" "Mozilla/5.0 (compatible; SemrushBot/7~bl; +http://www.semrush.com/bot.html)"
198.98.62.120 - - [29/Nov/2021:08:32:49 +0100] "GET /contact_us.php HTTP/1.0" 200 26241 "http://www.wonder-geek.com/contact_us.php" "Mozilla/5.0 (Windows NT 10.0; Win64; x64) AppleWebKit/537.36 (KHTML, like Gecko) Chrome/90.0.4430.85 Safari/537.36 Edg/90.0.818.49"
49.7.20.122 - - [29/Nov/2021:08:33:29 +0100] "GET / HTTP/1.0" 200 151225 "-" "Sogou web spider/4.0(+http://www.sogou.com/docs/help/webmasters.htm#07)"
185.191.171.45 - - [29/Nov/2021:08:33:50 +0100] "GET /horse-alarm-clock-cbkreation-p-25048.html HTTP/1.0" 200 73318 "-" "Mozilla/5.0 (compatible; SemrushBot/7~bl; +http://www.semrush.com/bot.html)"
185.191.171.16 - - [29/Nov/2021:08:33:57 +0100] "GET /corvette-stingray-metal-plate-deco-405-215-cm-p-43609.html HTTP/1.0" 301 73431 "-" "Mozilla/5.0 (compatible; SemrushBot/7~bl; +http://www.semrush.com/bot.html)"
185.191.171.1 - - [29/Nov/2021:08:33:59 +0100] "GET /corvette-stingray-metal-plate-deco-p-43609.html HTTP/1.0" 200 73330 "-" "Mozilla/5.0 (compatible; SemrushBot/7~bl; +http://www.semrush.com/bot.html)"
185.191.171.3 - - [29/Nov/2021:08:34:02 +0100] "GET /decoration-protection-animal-iphone-cable-p-47279.html HTTP/1.0" 200 77359 "-" "Mozilla/5.0 (compatible; SemrushBot/7~bl; +http://www.semrush.com/bot.html)"
159.138.102.98 - - [29/Nov/2021:08:34:08 +0100] "GET /images/big_prod/8422010206777.jpg HTTP/1.0" 200 268 "-" "Mozilla/5.0 (Linux; Android 7.0;) AppleWebKit/537.36 (KHTML, like Gecko) Mobile Safari/537.36 (compatible; PetalBot;+https://webmaster.petalsearch.com/site/petalbot)"
49.7.20.122 - - [29/Nov/2021:08:34:47 +0100] "GET / HTTP/1.0" 200 151406 "-" "Sogou web spider/4.0(+http://www.sogou.com/docs/help/webmasters.htm#07)"
51.15.184.86 - - [29/Nov/2021:08:34:51 +0100] "GET /images/med_prod/3661977002632.jpg HTTP/1.0" 200 268 "-" "-"
51.15.184.86 - - [29/Nov/2021:08:34:51 +0100] "GET /images/med_prod/3661977002632.jpg HTTP/1.0" 200 268 "-" "-"
49.7.20.112 - - [29/Nov/2021:08:34:55 +0100] "GET / HTTP/1.0" 301 511 "-" "Sogou web spider/4.0(+http://www.sogou.com/docs/help/webmasters.htm#07)"
157.55.39.108 - - [29/Nov/2021:08:34:57 +0100] "GET /images/med_prod/1384010182017.jpg HTTP/1.0" 200 268 "-" "Mozilla/5.0 (compatible; bingbot/2.0; +http://www.bing.com/bingbot.htm)"
185.191.171.19 - - [29/Nov/2021:08:35:18 +0100] "GET /figure-sonny-angel-halloween-2021-series-p-56922.html HTTP/1.0" 200 74149 "-" "Mozilla/5.0 (compatible; SemrushBot/7~bl; +http://www.semrush.com/bot.html)"
173.82.232.155 - - [29/Nov/2021:08:35:49 +0100] "GET /images/mini_prod/5027417019895.jpg HTTP/1.0" 200 269 "-" "Mozilla/5.0 (X11; Ubuntu; Linux x86_64; rv:72.0) Gecko/20100101 Firefox/72.0"
185.191.171.11 - - [29/Nov/2021:08:36:02 +0100] "GET /milk-large-bowl-p-51424.html?action=add_product HTTP/1.0" 302 476 "-" "Mozilla/5.0 (compatible; SemrushBot/7~bl; +http://www.semrush.com/bot.html)"
185.191.171.15 - - [29/Nov/2021:08:36:10 +0100] "GET /stickers-despicable-p-34106.html HTTP/1.0" 200 73263 "-" "Mozilla/5.0 (compatible; SemrushBot/7~bl; +http://www.semrush.com/bot.html)"
185.31.175.207 - - [29/Nov/2021:08:36:51 +0100] "POST /contact_us.php?action=send HTTP/1.0" 200 26658 "http://www.wonder-geek.com/contact_us.php" "Mozilla/5.0 (Windows NT 10.0; Win64; x64) AppleWebKit/537.36 (KHTML, like Gecko) Chrome/90.0.4430.85 Safari/537.36 Edg/90.0.818.49"
66.249.75.170 - - [29/Nov/2021:08:37:29 +0100] "GET /weenicons-talking-shirt-p-29585.html HTTP/1.0" 200 74443 "-" "Mozilla/5.0 (Linux; Android 6.0.1; Nexus 5X Build/MMB29P) AppleWebKit/537.36 (KHTML, like Gecko) Chrome/96.0.4664.45 Mobile Safari/537.36 (compatible; Googlebot/2.1; +http://www.google.com/bot.html)"
49.7.20.112 - - [29/Nov/2021:08:37:44 +0100] "GET / HTTP/1.0" 200 151422 "-" "Sogou web spider/4.0(+http://www.sogou.com/docs/help/webmasters.htm#07)"
49.7.20.122 - - [29/Nov/2021:08:37:44 +0100] "GET / HTTP/1.0" 200 151444 "-" "Sogou web spider/4.0(+http://www.sogou.com/docs/help/webmasters.htm#07)"
49.7.20.113 - - [29/Nov/2021:08:37:59 +0100] "GET / HTTP/1.0" 200 151459 "-" "Sogou web spider/4.0(+http://www.sogou.com/docs/help/webmasters.htm#07)"
185.191.171.12 - - [29/Nov/2021:08:38:38 +0100] "GET /khonsu-egyptian-statuette-bronze-aspect-resin-p-52830.html HTTP/1.0" 200 73468 "-" "Mozilla/5.0 (compatible; SemrushBot/7~bl; +http://www.semrush.com/bot.html)"
66.249.75.166 - - [29/Nov/2021:08:39:03 +0100] "GET /dledmv-red-tee-shirt-p-35598.html HTTP/1.0" 301 70631 "-" "Mozilla/5.0 (compatible; Googlebot/2.1; +http://www.google.com/bot.html)"
66.249.75.168 - - [29/Nov/2021:08:39:04 +0100] "GET /-p-35598.html HTTP/1.0" 200 70564 "-" "Mozilla/5.0 (compatible; Googlebot/2.1; +http://www.google.com/bot.html)"
114.119.128.34 - - [29/Nov/2021:08:39:28 +0100] "GET /butterfly-wall-decoration-38-28-cm-p-47411.html HTTP/1.0" 301 73466 "-" "Mozilla/5.0 (Linux; Android 7.0;) AppleWebKit/537.36 (KHTML, like Gecko) Mobile Safari/537.36 (compatible; PetalBot;+https://webmaster.petalsearch.com/site/petalbot)"
114.119.128.34 - - [29/Nov/2021:08:39:33 +0100] "GET /butterfly-wall-decoration-p-47411.html HTTP/1.0" 200 73374 "-" "Mozilla/5.0 (Linux; Android 7.0;) AppleWebKit/537.36 (KHTML, like Gecko) Mobile Safari/537.36 (compatible; PetalBot;+https://webmaster.petalsearch.com/site/petalbot)"
46.116.186.50 - - [29/Nov/2021:08:39:33 +0100] "GET / HTTP/1.0" 301 511 "http://wonder-geek.com/" "Mozilla/5.0 (Windows NT 10.0; Win64; x64) AppleWebKit/537.36 (KHTML, like Gecko) Chrome/90.0.4430.86 Safari/537.36"
46.116.186.50 - - [29/Nov/2021:08:39:34 +0100] "GET / HTTP/1.0" 200 151727 "http://www.wonder-geek.com/" "Mozilla/5.0 (Windows NT 10.0; Win64; x64) AppleWebKit/537.36 (KHTML, like Gecko) Chrome/90.0.4430.86 Safari/537.36"
46.116.186.50 - - [29/Nov/2021:08:39:35 +0100] "GET /login.php HTTP/1.0" 200 17155 "http://www.wonder-geek.com/login.php" "Mozilla/5.0 (Windows NT 10.0; Win64; x64) AppleWebKit/537.36 (KHTML, like Gecko) Chrome/90.0.4430.86 Safari/537.36"
46.116.186.50 - - [29/Nov/2021:08:39:35 +0100] "POST /login.php?action=process HTTP/1.0" 200 17656 "http://www.wonder-geek.com/login.php" "Mozilla/5.0 (Windows NT 10.0; Win64; x64) AppleWebKit/537.36 (KHTML, like Gecko) Chrome/90.0.4430.86 Safari/537.36"
46.116.186.50 - - [29/Nov/2021:08:39:36 +0100] "GET / HTTP/1.0" 301 511 "http://wonder-geek.com/" "Mozilla/5.0 (Windows NT 10.0; Win64; x64) AppleWebKit/537.36 (KHTML, like Gecko) Chrome/90.0.4430.86 Safari/537.36"
46.116.186.50 - - [29/Nov/2021:08:39:36 +0100] "GET /contact_us.php HTTP/1.0" 200 26241 "http://www.wonder-geek.com/contact_us.php" "Mozilla/5.0 (Windows NT 10.0; Win64; x64) AppleWebKit/537.36 (KHTML, like Gecko) Chrome/90.0.4430.86 Safari/537.36"
46.116.186.50 - - [29/Nov/2021:08:39:36 +0100] "POST /contact_us.php?action=send HTTP/1.0" 200 26705 "http://www.wonder-geek.com/contact_us.php" "Mozilla/5.0 (Windows NT 10.0; Win64; x64) AppleWebKit/537.36 (KHTML, like Gecko) Chrome/90.0.4430.86 Safari/537.36"
51.68.224.127 - - [29/Nov/2021:08:39:43 +0100] "GET /adminweb/export_orders_xml.php?token=256de2z6edz6ed2z6DFSFsed2zed6zeDSFDSGdzedezfzf&maxorders=10&orderstart=1&status=14&start_date=2018-10-01 HTTP/1.0" 200 285 "-" "GesCom CharlotteBoutik Serveur"
51.68.224.127 - - [29/Nov/2021:08:39:43 +0100] "GET /adminweb/export_orders_xml.php?token=256de2z6edz6ed2z6DFSFsed2zed6zeDSFDSGdzedezfzf&maxorders=10&orderstart=1&status=6&start_date=2018-10-01 HTTP/1.0" 200 32471 "-" "GesCom CharlotteBoutik Serveur"
40.77.167.66 - - [29/Nov/2021:08:39:56 +0100] "GET /-p-35677.html HTTP/1.0" 200 70564 "-" "Mozilla/5.0 (compatible; bingbot/2.0; +http://www.bing.com/bingbot.htm)"
157.55.39.228 - - [29/Nov/2021:08:40:12 +0100] "GET /highslide/graphics/zoomout.cur HTTP/1.0" 200 614 "-" "Mozilla/5.0 (compatible; bingbot/2.0; +http://www.bing.com/bingbot.htm)"
54.36.148.243 - - [29/Nov/2021:08:40:33 +0100] "GET /lady-salette-prayer-candle-novena-p-51644.html HTTP/1.0" 301 70631 "-" "Mozilla/5.0 (compatible; AhrefsBot/7.0; +http://ahrefs.com/robot/)"
165.154.72.231 - - [29/Nov/2021:08:40:38 +0100] "GET /images/mini_prod/5203199036064.jpg HTTP/1.0" 200 269 "-" "Mozilla/5.0 (X11; Ubuntu; Linux x86_64; rv:72.0) Gecko/20100101 Firefox/72.0"
185.191.171.16 - - [29/Nov/2021:08:40:52 +0100] "GET /incense-stick-holder-lotus-p-52501.html?action=add_product HTTP/1.0" 302 476 "-" "Mozilla/5.0 (compatible; SemrushBot/7~bl; +http://www.semrush.com/bot.html)"
49.7.20.122 - - [29/Nov/2021:08:40:56 +0100] "GET / HTTP/1.0" 200 152028 "-" "Sogou web spider/4.0(+http://www.sogou.com/docs/help/webmasters.htm#07)"
216.244.66.242 - - [29/Nov/2021:08:41:31 +0100] "GET /robots.txt HTTP/1.0" 200 245 "-" "Mozilla/5.0 (compatible; DotBot/1.2; +https://opensiteexplorer.org/dotbot; help@moz.com)"
185.191.171.45 - - [29/Nov/2021:08:42:03 +0100] "GET /pillow-case-cotton-percale-threads-p-43854.html?action=add_product HTTP/1.0" 302 476 "-" "Mozilla/5.0 (compatible; SemrushBot/7~bl; +http://www.semrush.com/bot.html)"
185.191.171.26 - - [29/Nov/2021:08:42:08 +0100] "GET /cement-tile-coasters-p-56003.html HTTP/1.0" 200 73246 "-" "Mozilla/5.0 (compatible; SemrushBot/7~bl; +http://www.semrush.com/bot.html)"
185.191.171.40 - - [29/Nov/2021:08:42:10 +0100] "GET /graphic-variations-mini-white-p-44936.html?action=add_product HTTP/1.0" 302 476 "-" "Mozilla/5.0 (compatible; SemrushBot/7~bl; +http://www.semrush.com/bot.html)"
159.138.102.98 - - [29/Nov/2021:08:42:14 +0100] "GET /fireman-sam-panoply-p-18561.html HTTP/1.0" 301 70631 "-" "Mozilla/5.0 (Linux; Android 7.0;) AppleWebKit/537.36 (KHTML, like Gecko) Mobile Safari/537.36 (compatible; PetalBot;+https://webmaster.petalsearch.com/site/petalbot)"
173.82.232.155 - - [29/Nov/2021:08:42:17 +0100] "GET /images/mini_prod/5036278061592.jpg HTTP/1.0" 200 269 "-" "Mozilla/5.0 (X11; Ubuntu; Linux x86_64; rv:72.0) Gecko/20100101 Firefox/72.0"
159.138.102.98 - - [29/Nov/2021:08:42:19 +0100] "GET /-p-18561.html HTTP/1.0" 200 70564 "-" "Mozilla/5.0 (Linux; Android 7.0;) AppleWebKit/537.36 (KHTML, like Gecko) Mobile Safari/537.36 (compatible; PetalBot;+https://webmaster.petalsearch.com/site/petalbot)"
185.191.171.22 - - [29/Nov/2021:08:44:04 +0100] "GET /route-66-mirror-p-32544.html HTTP/1.0" 301 73223 "-" "Mozilla/5.0 (compatible; SemrushBot/7~bl; +http://www.semrush.com/bot.html)"
185.191.171.35 - - [29/Nov/2021:08:44:06 +0100] "GET /route-mirror-p-32544.html HTTP/1.0" 200 73144 "-" "Mozilla/5.0 (compatible; SemrushBot/7~bl; +http://www.semrush.com/bot.html)"
49.7.20.122 - - [29/Nov/2021:08:44:35 +0100] "GET / HTTP/1.0" 200 151196 "-" "Sogou web spider/4.0(+http://www.sogou.com/docs/help/webmasters.htm#07)"
114.119.128.37 - - [29/Nov/2021:08:45:11 +0100] "GET /images/big_prod/3589363780028.jpg HTTP/1.0" 200 268 "-" "Mozilla/5.0 (Linux; Android 7.0;) AppleWebKit/537.36 (KHTML, like Gecko) Mobile Safari/537.36 (compatible; PetalBot;+https://webmaster.petalsearch.com/site/petalbot)"
185.191.171.22 - - [29/Nov/2021:08:45:34 +0100] "GET /savannah-metal-capacity-p-55187.html HTTP/1.0" 200 74137 "-" "Mozilla/5.0 (compatible; SemrushBot/7~bl; +http://www.semrush.com/bot.html)"
185.191.171.17 - - [29/Nov/2021:08:45:37 +0100] "GET /pillow-case-cotton-percale-threads-p-51256.html HTTP/1.0" 200 74402 "-" "Mozilla/5.0 (compatible; SemrushBot/7~bl; +http://www.semrush.com/bot.html)"
66.249.75.166 - - [29/Nov/2021:08:45:40 +0100] "GET /images/big_prod_1/9316188082167a.jpg HTTP/1.0" 200 271 "-" "Googlebot-Image/1.0"
185.191.171.15 - - [29/Nov/2021:08:45:58 +0100] "GET /home-decoration-c-13.html?page=177 HTTP/1.0" 200 92936 "-" "Mozilla/5.0 (compatible; SemrushBot/7~bl; +http://www.semrush.com/bot.html)"
54.36.148.113 - - [29/Nov/2021:08:46:51 +0100] "GET /blue-pot-with-reliefs-earthenware-set-of-p-52328.html HTTP/1.0" 301 70796 "-" "Mozilla/5.0 (compatible; AhrefsBot/7.0; +http://ahrefs.com/robot/)"
185.191.171.39 - - [29/Nov/2021:08:47:34 +0100] "GET /white-gold-peacock-jewelry-holder-statuette-p-56815.html?action=add_product HTTP/1.0" 302 476 "-" "Mozilla/5.0 (compatible; SemrushBot/7~bl; +http://www.semrush.com/bot.html)"
54.36.148.194 - - [29/Nov/2021:08:47:36 +0100] "GET /zombie-sniper-mouse-pad-by-cbkreation-p-30148.html HTTP/1.0" 301 73401 "-" "Mozilla/5.0 (compatible; AhrefsBot/7.0; +http://ahrefs.com/robot/)"
185.191.171.16 - - [29/Nov/2021:08:47:51 +0100] "GET /geishas-cushion-cbkreation-p-24340.html?action=add_product HTTP/1.0" 302 476 "-" "Mozilla/5.0 (compatible; SemrushBot/7~bl; +http://www.semrush.com/bot.html)"
185.191.171.4 - - [29/Nov/2021:08:47:54 +0100] "GET /hello-kitty-backpack-p-16383.html?action=add_product HTTP/1.0" 302 476 "-" "Mozilla/5.0 (compatible; SemrushBot/7~bl; +http://www.semrush.com/bot.html)"
114.119.128.253 - - [29/Nov/2021:08:48:07 +0100] "GET /images/big_prod_2/8424346511129C.jpg HTTP/1.0" 200 271 "-" "Mozilla/5.0 (Linux; Android 7.0;) AppleWebKit/537.36 (KHTML, like Gecko) Mobile Safari/537.36 (compatible; PetalBot;+https://webmaster.petalsearch.com/site/petalbot)"
207.46.13.118 - - [29/Nov/2021:08:48:12 +0100] "GET /watches-c-3_66.html HTTP/1.0" 200 91298 "-" "Mozilla/5.0 (compatible; bingbot/2.0; +http://www.bing.com/bingbot.htm)"
185.191.171.21 - - [29/Nov/2021:08:48:29 +0100] "GET /buddha-decorative-statue-p-42792.html?action=add_product HTTP/1.0" 302 476 "-" "Mozilla/5.0 (compatible; SemrushBot/7~bl; +http://www.semrush.com/bot.html)"
185.191.171.9 - - [29/Nov/2021:08:48:34 +0100] "GET /aromatic-candle-stearin-chakra-hours-p-39565.html?action=add_product HTTP/1.0" 302 476 "-" "Mozilla/5.0 (compatible; SemrushBot/7~bl; +http://www.semrush.com/bot.html)"
185.191.171.43 - - [29/Nov/2021:08:48:59 +0100] "GET /floral-rosace-frame-with-strass-p-46373.html?action=add_product HTTP/1.0" 302 476 "-" "Mozilla/5.0 (compatible; SemrushBot/7~bl; +http://www.semrush.com/bot.html)"
185.191.171.2 - - [29/Nov/2021:08:49:11 +0100] "GET /marley-lion-mini-magnet-mirror-p-19669.html HTTP/1.0" 200 73326 "-" "Mozilla/5.0 (compatible; SemrushBot/7~bl; +http://www.semrush.com/bot.html)"
185.191.171.16 - - [29/Nov/2021:08:49:42 +0100] "GET /-p-51954.html?action=add_product HTTP/1.0" 302 476 "-" "Mozilla/5.0 (compatible; SemrushBot/7~bl; +http://www.semrush.com/bot.html)"
185.191.171.25 - - [29/Nov/2021:08:50:11 +0100] "GET /fiat-500-blue-pencil-case-p-17073.html HTTP/1.0" 301 73528 "-" "Mozilla/5.0 (compatible; SemrushBot/7~bl; +http://www.semrush.com/bot.html)"
185.191.171.10 - - [29/Nov/2021:08:50:14 +0100] "GET /fiat-blue-pencil-case-p-17073.html HTTP/1.0" 200 73440 "-" "Mozilla/5.0 (compatible; SemrushBot/7~bl; +http://www.semrush.com/bot.html)"
185.191.171.18 - - [29/Nov/2021:08:50:16 +0100] "GET /aromatic-stearin-candle-hours-flower-life-p-39494.html HTTP/1.0" 200 75572 "-" "Mozilla/5.0 (compatible; SemrushBot/7~bl; +http://www.semrush.com/bot.html)"
185.191.171.25 - - [29/Nov/2021:08:50:19 +0100] "GET /water-bottle-liters-blue-grey-p-56878.html HTTP/1.0" 200 74079 "-" "Mozilla/5.0 (compatible; SemrushBot/7~bl; +http://www.semrush.com/bot.html)"
54.36.148.176 - - [29/Nov/2021:08:50:20 +0100] "GET /paris-set-of-coasters-p-28603.html HTTP/1.0" 301 73222 "-" "Mozilla/5.0 (compatible; AhrefsBot/7.0; +http://ahrefs.com/robot/)"
173.82.232.155 - - [29/Nov/2021:08:50:23 +0100] "GET /images/mini_prod/3438100336533.jpg HTTP/1.0" 200 269 "-" "Mozilla/5.0 (X11; Ubuntu; Linux x86_64; rv:72.0) Gecko/20100101 Firefox/72.0"
185.191.171.9 - - [29/Nov/2021:08:50:34 +0100] "GET /owls-clothespins-p-46633.html?action=add_product HTTP/1.0" 302 476 "-" "Mozilla/5.0 (compatible; SemrushBot/7~bl; +http://www.semrush.com/bot.html)"
114.119.128.40 - - [29/Nov/2021:08:50:38 +0100] "GET /camargua-espresso-p-56488.html HTTP/1.0" 200 73224 "-" "Mozilla/5.0 (Linux; Android 7.0;) AppleWebKit/537.36 (KHTML, like Gecko) Mobile Safari/537.36 (compatible; PetalBot;+https://webmaster.petalsearch.com/site/petalbot)"
185.191.171.4 - - [29/Nov/2021:08:50:58 +0100] "GET /paperweight-irisis-koson-p-55165.html HTTP/1.0" 200 74094 "-" "Mozilla/5.0 (compatible; SemrushBot/7~bl; +http://www.semrush.com/bot.html)"
207.46.13.202 - - [29/Nov/2021:08:51:04 +0100] "GET /images/9316188025492.jpg HTTP/1.0" 200 259 "-" "Mozilla/5.0 (compatible; bingbot/2.0; +http://www.bing.com/bingbot.htm)"
207.46.13.118 - - [29/Nov/2021:08:51:42 +0100] "GET /images/5701359708764.jpg HTTP/1.0" 200 259 "-" "Mozilla/5.0 (compatible; bingbot/2.0; +http://www.bing.com/bingbot.htm)"
49.7.20.122 - - [29/Nov/2021:08:52:19 +0100] "GET / HTTP/1.0" 200 151778 "-" "Sogou web spider/4.0(+http://www.sogou.com/docs/help/webmasters.htm#07)"
157.55.39.223 - - [29/Nov/2021:08:52:33 +0100] "GET /images/3700856401286.jpg HTTP/1.0" 200 259 "-" "Mozilla/5.0 (compatible; bingbot/2.0; +http://www.bing.com/bingbot.htm)"
185.191.171.10 - - [29/Nov/2021:08:52:33 +0100] "GET /london-plymouth-big-ben-cushion-p-27469.html HTTP/1.0" 301 73658 "-" "Mozilla/5.0 (compatible; SemrushBot/7~bl; +http://www.semrush.com/bot.html)"
185.191.171.34 - - [29/Nov/2021:08:52:35 +0100] "GET /london-plymouth-cushion-p-27469.html HTTP/1.0" 200 73568 "-" "Mozilla/5.0 (compatible; SemrushBot/7~bl; +http://www.semrush.com/bot.html)"
185.191.171.38 - - [29/Nov/2021:08:52:41 +0100] "GET /stars-teapot-p-55245.html HTTP/1.0" 200 73991 "-" "Mozilla/5.0 (compatible; SemrushBot/7~bl; +http://www.semrush.com/bot.html)"
120.92.68.120 - - [29/Nov/2021:08:52:43 +0100] "GET /images/mini_prod/1399984241813.jpg HTTP/1.0" 200 269 "-" "Mozilla/5.0 (Windows NT 10.0; WOW64) AppleWebKit/537.36 (KHTML, like Gecko) Chrome/61.0.3163.100 Safari/537.36"
157.55.39.228 - - [29/Nov/2021:08:53:05 +0100] "GET /images/8412906996714.jpg HTTP/1.0" 200 259 "-" "Mozilla/5.0 (compatible; bingbot/2.0; +http://www.bing.com/bingbot.htm)"
185.191.171.5 - - [29/Nov/2021:08:53:33 +0100] "GET /gray-gold-decorative-statue-p-55287.html?action=add_product HTTP/1.0" 302 476 "-" "Mozilla/5.0 (compatible; SemrushBot/7~bl; +http://www.semrush.com/bot.html)"
185.191.171.7 - - [29/Nov/2021:08:53:42 +0100] "GET /cotton-floor-cushion-halden-p-52542.html HTTP/1.0" 301 70631 "-" "Mozilla/5.0 (compatible; SemrushBot/7~bl; +http://www.semrush.com/bot.html)"
114.119.128.26 - - [29/Nov/2021:08:53:45 +0100] "GET /sexy-pink-cover-ipad-tablets-p-17614.html HTTP/1.0" 200 76022 "-" "Mozilla/5.0 (Linux; Android 7.0;) AppleWebKit/537.36 (KHTML, like Gecko) Mobile Safari/537.36 (compatible; PetalBot;+https://webmaster.petalsearch.com/site/petalbot)"
185.191.171.8 - - [29/Nov/2021:08:53:46 +0100] "GET /-p-52542.html HTTP/1.0" 200 70564 "-" "Mozilla/5.0 (compatible; SemrushBot/7~bl; +http://www.semrush.com/bot.html)"
66.249.75.166 - - [29/Nov/2021:08:53:56 +0100] "GET /games-toys-c-4.html?page=6 HTTP/1.0" 200 92831 "-" "Mozilla/5.0 (Linux; Android 6.0.1; Nexus 5X Build/MMB29P) AppleWebKit/537.36 (KHTML, like Gecko) Chrome/96.0.4664.45 Mobile Safari/537.36 (compatible; Googlebot/2.1; +http://www.google.com/bot.html)"
157.55.39.228 - - [29/Nov/2021:08:54:05 +0100] "GET /images/big_prod/8718657460772.jpg HTTP/1.0" 200 268 "-" "Mozilla/5.0 (compatible; bingbot/2.0; +http://www.bing.com/bingbot.htm)"
185.191.171.18 - - [29/Nov/2021:08:54:19 +0100] "GET /saint-joseph-prayer-candle-novena-p-44449.html HTTP/1.0" 200 74055 "-" "Mozilla/5.0 (compatible; SemrushBot/7~bl; +http://www.semrush.com/bot.html)"
185.191.171.4 - - [29/Nov/2021:08:54:35 +0100] "GET /statuette-jesus-christ-redeemer-resin-p-56107.html HTTP/1.0" 200 74263 "-" "Mozilla/5.0 (compatible; SemrushBot/7~bl; +http://www.semrush.com/bot.html)"
51.68.224.127 - - [29/Nov/2021:08:55:56 +0100] "GET /adminweb/export_orders_xml.php?token=256de2z6edz6ed2z6DFSFsed2zed6zeDSFDSGdzedezfzf&maxorders=10&orderstart=1&status=14&start_date=2018-10-01 HTTP/1.0" 200 285 "-" "GesCom CharlotteBoutik Serveur"
51.68.224.127 - - [29/Nov/2021:08:55:56 +0100] "GET /adminweb/export_orders_xml.php?token=256de2z6edz6ed2z6DFSFsed2zed6zeDSFDSGdzedezfzf&maxorders=10&orderstart=1&status=6&start_date=2018-10-01 HTTP/1.0" 200 32471 "-" "GesCom CharlotteBoutik Serveur"
114.119.128.253 - - [29/Nov/2021:08:56:06 +0100] "GET /fitted-sheet-in-cotton-percale-80-threads-90-190-30-cm-p-51247.html HTTP/1.0" 301 73641 "-" "Mozilla/5.0 (Linux; Android 7.0;) AppleWebKit/537.36 (KHTML, like Gecko) Mobile Safari/537.36 (compatible; PetalBot;+https://webmaster.petalsearch.com/site/petalbot)"
114.119.128.253 - - [29/Nov/2021:08:56:10 +0100] "GET /fitted-sheet-cotton-percale-threads-p-51247.html HTTP/1.0" 200 73539 "-" "Mozilla/5.0 (Linux; Android 7.0;) AppleWebKit/537.36 (KHTML, like Gecko) Mobile Safari/537.36 (compatible; PetalBot;+https://webmaster.petalsearch.com/site/petalbot)"
185.191.171.7 - - [29/Nov/2021:08:57:19 +0100] "GET /sukhasana-chakras-wooden-plate-p-46223.html HTTP/1.0" 200 73307 "-" "Mozilla/5.0 (compatible; SemrushBot/7~bl; +http://www.semrush.com/bot.html)"
185.191.171.36 - - [29/Nov/2021:08:57:32 +0100] "GET /volkswagen-beatle-metal-plate-p-37153.html HTTP/1.0" 200 73406 "-" "Mozilla/5.0 (compatible; SemrushBot/7~bl; +http://www.semrush.com/bot.html)"
157.55.39.228 - - [29/Nov/2021:08:58:25 +0100] "GET /images/4043946232193.jpg HTTP/1.0" 200 259 "-" "Mozilla/5.0 (compatible; bingbot/2.0; +http://www.bing.com/bingbot.htm)"
185.191.171.16 - - [29/Nov/2021:08:58:40 +0100] "GET /citron-large-metal-plate-deco-p-26443.html?action=add_product HTTP/1.0" 302 476 "-" "Mozilla/5.0 (compatible; SemrushBot/7~bl; +http://www.semrush.com/bot.html)"
185.191.171.38 - - [29/Nov/2021:08:58:54 +0100] "GET /disney-princess-slate-p-27809.html HTTP/1.0" 200 73242 "-" "Mozilla/5.0 (compatible; SemrushBot/7~bl; +http://www.semrush.com/bot.html)"
216.244.66.242 - - [29/Nov/2021:08:59:00 +0100] "GET /hannah-montana-shopping-coin-purse-p-7617.html HTTP/1.0" 200 73816 "-" "Mozilla/5.0 (compatible; DotBot/1.2; +https://opensiteexplorer.org/dotbot; help@moz.com)"
216.244.66.242 - - [29/Nov/2021:08:59:06 +0100] "GET /lady-tramp-figure-p-4711.html HTTP/1.0" 200 73041 "-" "Mozilla/5.0 (compatible; DotBot/1.2; +https://opensiteexplorer.org/dotbot; help@moz.com)"
114.119.128.26 - - [29/Nov/2021:08:59:39 +0100] "GET /fitted-sheet-p-27502.html HTTP/1.0" 200 73711 "-" "Mozilla/5.0 (Linux; Android 7.0;) AppleWebKit/537.36 (KHTML, like Gecko) Mobile Safari/537.36 (compatible; PetalBot;+https://webmaster.petalsearch.com/site/petalbot)"
74.125.208.123 - - [29/Nov/2021:08:59:47 +0100] "GET /images/big_prod/4029811170081.jpg HTTP/1.0" 200 268 "-" "Mozilla/5.0 (Windows NT 5.1; rv:11.0) Gecko Firefox/11.0 (via ggpht.com GoogleImageProxy)"
193.19.222.30 - - [29/Nov/2021:08:59:48 +0100] "GET /fuel-pump-beverage-dispenser-p-39375.html HTTP/1.0" 200 74167 "https://www.google.hr/" "Mozilla/5.0 (Windows NT 10.0; Win64; x64) AppleWebKit/537.36 (KHTML, like Gecko) Chrome/96.0.4664.45 Safari/537.36"
193.19.222.30 - - [29/Nov/2021:08:59:49 +0100] "GET /templates/Pixame_v1/stylesheet.css HTTP/1.0" 200 267 "http://www.wonder-geek.com/fuel-pump-beverage-dispenser-p-39375.html" "Mozilla/5.0 (Windows NT 10.0; Win64; x64) AppleWebKit/537.36 (KHTML, like Gecko) Chrome/96.0.4664.45 Safari/537.36"
193.19.222.30 - - [29/Nov/2021:08:59:49 +0100] "GET /js/jquery.js HTTP/1.0" 200 252 "http://www.wonder-geek.com/fuel-pump-beverage-dispenser-p-39375.html" "Mozilla/5.0 (Windows NT 10.0; Win64; x64) AppleWebKit/537.36 (KHTML, like Gecko) Chrome/96.0.4664.45 Safari/537.36"
193.19.222.30 - - [29/Nov/2021:08:59:49 +0100] "GET /js/jquery.jqzoom.js HTTP/1.0" 200 259 "http://www.wonder-geek.com/fuel-pump-beverage-dispenser-p-39375.html" "Mozilla/5.0 (Windows NT 10.0; Win64; x64) AppleWebKit/537.36 (KHTML, like Gecko) Chrome/96.0.4664.45 Safari/537.36"
193.19.222.30 - - [29/Nov/2021:08:59:49 +0100] "GET /highslide/highslide.js HTTP/1.0" 200 262 "http://www.wonder-geek.com/fuel-pump-beverage-dispenser-p-39375.html" "Mozilla/5.0 (Windows NT 10.0; Win64; x64) AppleWebKit/537.36 (KHTML, like Gecko) Chrome/96.0.4664.45 Safari/537.36"
193.19.222.30 - - [29/Nov/2021:08:59:49 +0100] "GET /mondial_relay/js/jquery-1.3.2.min.js HTTP/1.0" 200 276 "http://www.wonder-geek.com/fuel-pump-beverage-dispenser-p-39375.html" "Mozilla/5.0 (Windows NT 10.0; Win64; x64) AppleWebKit/537.36 (KHTML, like Gecko) Chrome/96.0.4664.45 Safari/537.36"
193.19.222.30 - - [29/Nov/2021:08:59:49 +0100] "GET /swfobject.js HTTP/1.0" 404 1308 "http://www.wonder-geek.com/fuel-pump-beverage-dispenser-p-39375.html" "Mozilla/5.0 (Windows NT 10.0; Win64; x64) AppleWebKit/537.36 (KHTML, like Gecko) Chrome/96.0.4664.45 Safari/537.36"
193.19.222.30 - - [29/Nov/2021:08:59:49 +0100] "GET /templates/Pixame_v1/images/icon_accueil2.png HTTP/1.0" 200 278 "http://www.wonder-geek.com/fuel-pump-beverage-dispenser-p-39375.html" "Mozilla/5.0 (Windows NT 10.0; Win64; x64) AppleWebKit/537.36 (KHTML, like Gecko) Chrome/96.0.4664.45 Safari/537.36"
193.19.222.30 - - [29/Nov/2021:08:59:49 +0100] "GET /templates/Pixame_v1/images/pixel_trans.gif HTTP/1.0" 200 328 "http://www.wonder-geek.com/fuel-pump-beverage-dispenser-p-39375.html" "Mozilla/5.0 (Windows NT 10.0; Win64; x64) AppleWebKit/537.36 (KHTML, like Gecko) Chrome/96.0.4664.45 Safari/537.36"
193.19.222.30 - - [29/Nov/2021:08:59:49 +0100] "GET /templates/Pixame_v1/images/infobox/pixel_trans.gif HTTP/1.0" 200 328 "http://www.wonder-geek.com/fuel-pump-beverage-dispenser-p-39375.html" "Mozilla/5.0 (Windows NT 10.0; Win64; x64) AppleWebKit/537.36 (KHTML, like Gecko) Chrome/96.0.4664.45 Safari/537.36"
193.19.222.30 - - [29/Nov/2021:08:59:49 +0100] "GET /images/pixel_trans.gif HTTP/1.0" 200 328 "http://www.wonder-geek.com/fuel-pump-beverage-dispenser-p-39375.html" "Mozilla/5.0 (Windows NT 10.0; Win64; x64) AppleWebKit/537.36 (KHTML, like Gecko) Chrome/96.0.4664.45 Safari/537.36"
193.19.222.30 - - [29/Nov/2021:08:59:49 +0100] "GET /templates/Pixame_v1/images/Bottom_texture.jpg HTTP/1.0" 200 280 "http://www.wonder-geek.com/templates/Pixame_v1/stylesheet.css" "Mozilla/5.0 (Windows NT 10.0; Win64; x64) AppleWebKit/537.36 (KHTML, like Gecko) Chrome/96.0.4664.45 Safari/537.36"
193.19.222.30 - - [29/Nov/2021:08:59:49 +0100] "GET /templates/Pixame_v1/images/Middle_texture.jpg HTTP/1.0" 200 280 "http://www.wonder-geek.com/templates/Pixame_v1/stylesheet.css" "Mozilla/5.0 (Windows NT 10.0; Win64; x64) AppleWebKit/537.36 (KHTML, like Gecko) Chrome/96.0.4664.45 Safari/537.36"
193.19.222.30 - - [29/Nov/2021:08:59:49 +0100] "GET /templates/Pixame_v1/images/header.png HTTP/1.0" 200 271 "http://www.wonder-geek.com/templates/Pixame_v1/stylesheet.css" "Mozilla/5.0 (Windows NT 10.0; Win64; x64) AppleWebKit/537.36 (KHTML, like Gecko) Chrome/96.0.4664.45 Safari/537.36"
193.19.222.30 - - [29/Nov/2021:08:59:49 +0100] "GET /templates/Pixame_v1/images/header-object.png HTTP/1.0" 200 278 "http://www.wonder-geek.com/templates/Pixame_v1/stylesheet.css" "Mozilla/5.0 (Windows NT 10.0; Win64; x64) AppleWebKit/537.36 (KHTML, like Gecko) Chrome/96.0.4664.45 Safari/537.36"
193.19.222.30 - - [29/Nov/2021:08:59:49 +0100] "GET /images/big_prod/4029811170081.jpg HTTP/1.0" 200 268 "http://www.wonder-geek.com/fuel-pump-beverage-dispenser-p-39375.html" "Mozilla/5.0 (Windows NT 10.0; Win64; x64) AppleWebKit/537.36 (KHTML, like Gecko) Chrome/96.0.4664.45 Safari/537.36"
193.19.222.30 - - [29/Nov/2021:08:59:49 +0100] "GET /templates/Pixame_v1/images/nav.png HTTP/1.0" 200 268 "http://www.wonder-geek.com/templates/Pixame_v1/stylesheet.css" "Mozilla/5.0 (Windows NT 10.0; Win64; x64) AppleWebKit/537.36 (KHTML, like Gecko) Chrome/96.0.4664.45 Safari/537.36"
193.19.222.30 - - [29/Nov/2021:08:59:50 +0100] "GET /highslide/graphics/zoomin.cur HTTP/1.0" 200 614 "http://www.wonder-geek.com/templates/Pixame_v1/stylesheet.css" "Mozilla/5.0 (Windows NT 10.0; Win64; x64) AppleWebKit/537.36 (KHTML, like Gecko) Chrome/96.0.4664.45 Safari/537.36"
193.19.222.30 - - [29/Nov/2021:08:59:50 +0100] "GET /design/productsenstock.png HTTP/1.0" 200 260 "http://www.wonder-geek.com/templates/Pixame_v1/stylesheet.css" "Mozilla/5.0 (Windows NT 10.0; Win64; x64) AppleWebKit/537.36 (KHTML, like Gecko) Chrome/96.0.4664.45 Safari/537.36"
193.19.222.30 - - [29/Nov/2021:08:59:50 +0100] "GET /templates/Pixame_v1/images/infobox/infobox_footer_middle.gif HTTP/1.0" 200 357 "http://www.wonder-geek.com/fuel-pump-beverage-dispenser-p-39375.html" "Mozilla/5.0 (Windows NT 10.0; Win64; x64) AppleWebKit/537.36 (KHTML, like Gecko) Chrome/96.0.4664.45 Safari/537.36"
193.19.222.30 - - [29/Nov/2021:08:59:50 +0100] "GET /templates/Pixame_v1/images/buttons/english/button_in_cart.gif HTTP/1.0" 200 295 "http://www.wonder-geek.com/fuel-pump-beverage-dispenser-p-39375.html" "Mozilla/5.0 (Windows NT 10.0; Win64; x64) AppleWebKit/537.36 (KHTML, like Gecko) Chrome/96.0.4664.45 Safari/537.36"
193.19.222.30 - - [29/Nov/2021:08:59:50 +0100] "GET /images/big_prod_1/b4029811170081.jpg HTTP/1.0" 200 271 "http://www.wonder-geek.com/fuel-pump-beverage-dispenser-p-39375.html" "Mozilla/5.0 (Windows NT 10.0; Win64; x64) AppleWebKit/537.36 (KHTML, like Gecko) Chrome/96.0.4664.45 Safari/537.36"
193.19.222.30 - - [29/Nov/2021:08:59:50 +0100] "GET /highslide/graphics/outlines/drop-shadow.png HTTP/1.0" 200 277 "http://www.wonder-geek.com/fuel-pump-beverage-dispenser-p-39375.html" "Mozilla/5.0 (Windows NT 10.0; Win64; x64) AppleWebKit/537.36 (KHTML, like Gecko) Chrome/96.0.4664.45 Safari/537.36"
193.19.222.30 - - [29/Nov/2021:08:59:50 +0100] "GET /highslide/graphics/loader.white.gif HTTP/1.0" 200 960 "http://www.wonder-geek.com/templates/Pixame_v1/stylesheet.css" "Mozilla/5.0 (Windows NT 10.0; Win64; x64) AppleWebKit/537.36 (KHTML, like Gecko) Chrome/96.0.4664.45 Safari/537.36"
193.19.222.30 - - [29/Nov/2021:08:59:50 +0100] "GET /highslide/graphics/zoomout.cur HTTP/1.0" 200 614 "http://www.wonder-geek.com/fuel-pump-beverage-dispenser-p-39375.html" "Mozilla/5.0 (Windows NT 10.0; Win64; x64) AppleWebKit/537.36 (KHTML, like Gecko) Chrome/96.0.4664.45 Safari/537.36"
193.19.222.30 - - [29/Nov/2021:08:59:51 +0100] "GET /favicon.ico HTTP/1.0" 200 260 "http://www.wonder-geek.com/fuel-pump-beverage-dispenser-p-39375.html" "Mozilla/5.0 (Windows NT 10.0; Win64; x64) AppleWebKit/537.36 (KHTML, like Gecko) Chrome/96.0.4664.45 Safari/537.36"
216.244.66.242 - - [29/Nov/2021:08:59:52 +0100] "GET /emoticon-cushion-emoji-p-42822.html HTTP/1.0" 200 73423 "-" "Mozilla/5.0 (compatible; DotBot/1.2; +https://opensiteexplorer.org/dotbot; help@moz.com)"
216.244.66.242 - - [29/Nov/2021:08:59:58 +0100] "GET /pourquoi-tant-haine-shirt-p-29580.html HTTP/1.0" 200 70664 "-" "Mozilla/5.0 (compatible; DotBot/1.2; +https://opensiteexplorer.org/dotbot; help@moz.com)"
49.7.20.122 - - [29/Nov/2021:09:00:03 +0100] "GET / HTTP/1.0" 200 150950 "-" "Sogou web spider/4.0(+http://www.sogou.com/docs/help/webmasters.htm#07)"
114.119.128.37 - - [29/Nov/2021:09:02:21 +0100] "GET /ashtrays-c-13_240.html?page=8 HTTP/1.0" 200 91754 "-" "Mozilla/5.0 (Linux; Android 7.0;) AppleWebKit/537.36 (KHTML, like Gecko) Mobile Safari/537.36 (compatible; PetalBot;+https://webmaster.petalsearch.com/site/petalbot)"
185.191.171.15 - - [29/Nov/2021:09:02:24 +0100] "GET /wax-melt-pina-colada-p-44135.html HTTP/1.0" 301 70736 "-" "Mozilla/5.0 (compatible; SemrushBot/7~bl; +http://www.semrush.com/bot.html)"
185.191.171.3 - - [29/Nov/2021:09:02:27 +0100] "GET /melt-pina-colada-p-44135.html HTTP/1.0" 200 70653 "-" "Mozilla/5.0 (compatible; SemrushBot/7~bl; +http://www.semrush.com/bot.html)"
185.191.171.24 - - [29/Nov/2021:09:02:32 +0100] "GET /coasters-cbkreation-p-23343.html HTTP/1.0" 200 73319 "-" "Mozilla/5.0 (compatible; SemrushBot/7~bl; +http://www.semrush.com/bot.html)"
17.121.114.253 - - [29/Nov/2021:09:02:38 +0100] "GET /gold-obsidian-pendant-silver-bail-p-47788.html HTTP/1.0" 200 74193 "-" "Mozilla/5.0 (Macintosh; Intel Mac OS X 10_15_5) AppleWebKit/605.1.15 (KHTML, like Gecko) Version/13.1.1 Safari/605.1.15 (Applebot/0.1; +http://www.apple.com/go/applebot)"
207.46.13.202 - - [29/Nov/2021:09:03:44 +0100] "GET /office-items-c-97_100.html HTTP/1.0" 200 90624 "-" "Mozilla/5.0 (compatible; bingbot/2.0; +http://www.bing.com/bingbot.htm)"
54.36.148.150 - - [29/Nov/2021:09:03:52 +0100] "GET /barbabeau-cosmetic-bag-p-19525.html HTTP/1.0" 301 73459 "-" "Mozilla/5.0 (compatible; AhrefsBot/7.0; +http://ahrefs.com/robot/)"
165.154.72.231 - - [29/Nov/2021:09:03:58 +0100] "GET /images/mini_prod/Image17.jpg HTTP/1.0" 200 263 "-" "Mozilla/5.0 (X11; Ubuntu; Linux x86_64; rv:72.0) Gecko/20100101 Firefox/72.0"
185.191.171.38 - - [29/Nov/2021:09:04:25 +0100] "GET /funky-dolls-round-box-p-18851.html HTTP/1.0" 301 73384 "-" "Mozilla/5.0 (compatible; SemrushBot/7~bl; +http://www.semrush.com/bot.html)"
185.191.171.40 - - [29/Nov/2021:09:04:27 +0100] "GET /funky-dolls-round-p-18851.html HTTP/1.0" 200 73300 "-" "Mozilla/5.0 (compatible; SemrushBot/7~bl; +http://www.semrush.com/bot.html)"
157.55.39.108 - - [29/Nov/2021:09:04:30 +0100] "GET /images/mini_prod/3585190579071.jpg HTTP/1.0" 200 269 "-" "Mozilla/5.0 (compatible; bingbot/2.0; +http://www.bing.com/bingbot.htm)"
77.75.79.72 - - [29/Nov/2021:09:04:30 +0100] "GET /robots.txt HTTP/1.0" 200 245 "-" "Mozilla/5.0 (compatible; SeznamBot/3.2; +http://napoveda.seznam.cz/en/seznambot-intro/)"
77.75.79.72 - - [29/Nov/2021:09:04:31 +0100] "GET /images/big_prod_2/8719497617487b.jpg HTTP/1.0" 200 271 "-" "Mozilla/5.0 (compatible; SeznamBot/3.2; +http://napoveda.seznam.cz/en/seznambot-intro/)"
77.75.79.72 - - [29/Nov/2021:09:04:31 +0100] "GET /images/mini_prod/8424346534838.jpg HTTP/1.0" 200 269 "-" "Mozilla/5.0 (compatible; SeznamBot/3.2; +http://napoveda.seznam.cz/en/seznambot-intro/)"
114.119.128.26 - - [29/Nov/2021:09:04:46 +0100] "GET /images/big_prod/5027148026049.jpg HTTP/1.0" 200 268 "-" "Mozilla/5.0 (Linux; Android 7.0;) AppleWebKit/537.36 (KHTML, like Gecko) Mobile Safari/537.36 (compatible; PetalBot;+https://webmaster.petalsearch.com/site/petalbot)"
185.191.171.40 - - [29/Nov/2021:09:04:56 +0100] "GET /bohemian-ethnic-carpet-p-50880.html?action=add_product HTTP/1.0" 302 476 "-" "Mozilla/5.0 (compatible; SemrushBot/7~bl; +http://www.semrush.com/bot.html)"
54.36.148.37 - - [29/Nov/2021:09:05:14 +0100] "GET /aztec-ceramic-flower-p-55313.html HTTP/1.0" 301 74167 "-" "Mozilla/5.0 (compatible; AhrefsBot/7.0; +http://ahrefs.com/robot/)"
185.191.171.40 - - [29/Nov/2021:09:05:26 +0100] "GET /blue-flowerpot-p-54301.html?action=add_product HTTP/1.0" 302 476 "-" "Mozilla/5.0 (compatible; SemrushBot/7~bl; +http://www.semrush.com/bot.html)"
185.191.171.22 - - [29/Nov/2021:09:05:29 +0100] "GET /johnny-hallyday-clock-p-7086.html HTTP/1.0" 200 72907 "-" "Mozilla/5.0 (compatible; SemrushBot/7~bl; +http://www.semrush.com/bot.html)"
185.191.171.20 - - [29/Nov/2021:09:05:41 +0100] "GET /salt-with-spoon-cabourg-p-50636.html HTTP/1.0" 200 73316 "-" "Mozilla/5.0 (compatible; SemrushBot/7~bl; +http://www.semrush.com/bot.html)"
74.125.208.123 - - [29/Nov/2021:09:06:54 +0100] "GET /images/big_prod_1/8718375750261a.jpg HTTP/1.0" 200 271 "-" "Mozilla/5.0 (Windows NT 5.1; rv:11.0) Gecko Firefox/11.0 (via ggpht.com GoogleImageProxy)"
185.191.171.10 - - [29/Nov/2021:09:07:26 +0100] "GET /gorilla-skull-statuette-p-55600.html HTTP/1.0" 200 74094 "-" "Mozilla/5.0 (compatible; SemrushBot/7~bl; +http://www.semrush.com/bot.html)"
114.119.128.26 - - [29/Nov/2021:09:07:26 +0100] "GET /bob-marley-yellow-alarm-clock-p-14121.html HTTP/1.0" 301 73376 "-" "Mozilla/5.0 (Linux; Android 7.0;) AppleWebKit/537.36 (KHTML, like Gecko) Mobile Safari/537.36 (compatible; PetalBot;+https://webmaster.petalsearch.com/site/petalbot)"
114.119.128.26 - - [29/Nov/2021:09:07:33 +0100] "GET /marley-yellow-alarm-clock-p-14121.html HTTP/1.0" 200 73284 "-" "Mozilla/5.0 (Linux; Android 7.0;) AppleWebKit/537.36 (KHTML, like Gecko) Mobile Safari/537.36 (compatible; PetalBot;+https://webmaster.petalsearch.com/site/petalbot)"
95.91.111.1 - - [29/Nov/2021:09:08:12 +0100] "GET /robots.txt HTTP/1.0" 200 245 "-" "Mozilla/5.0 (compatible; MJ12bot/v1.4.8; http://mj12bot.com/)"
95.91.111.1 - - [29/Nov/2021:09:08:14 +0100] "GET /animated-figurines-solar-flowers-c-273.html HTTP/1.0" 301 80763 "-" "Mozilla/5.0 (compatible; MJ12bot/v1.4.8; http://mj12bot.com/)"
95.91.111.1 - - [29/Nov/2021:09:08:16 +0100] "GET /animated-figurines-solar-flowers-c-13_273.html HTTP/1.0" 200 80789 "-" "Mozilla/5.0 (compatible; MJ12bot/v1.4.8; http://mj12bot.com/)"
95.91.111.1 - - [29/Nov/2021:09:08:18 +0100] "GET /bathroom-accessories-c-172.html HTTP/1.0" 301 90743 "-" "Mozilla/5.0 (compatible; MJ12bot/v1.4.8; http://mj12bot.com/)"
185.191.171.17 - - [29/Nov/2021:09:08:18 +0100] "GET /barbapapa-barbamama-bottle-p-18844.html HTTP/1.0" 200 73226 "-" "Mozilla/5.0 (compatible; SemrushBot/7~bl; +http://www.semrush.com/bot.html)"
95.91.111.1 - - [29/Nov/2021:09:08:20 +0100] "GET /bathroom-accessories-c-13_172.html HTTP/1.0" 200 90781 "-" "Mozilla/5.0 (compatible; MJ12bot/v1.4.8; http://mj12bot.com/)"
95.91.111.1 - - [29/Nov/2021:09:08:22 +0100] "GET /boite-chocolat-mtal-saveurs-traditions-franaises-p-55520.html HTTP/1.0" 301 74448 "-" "Mozilla/5.0 (compatible; MJ12bot/v1.4.8; http://mj12bot.com/)"
95.91.111.1 - - [29/Nov/2021:09:08:25 +0100] "GET /retro-style-chocolate-saveurs-traditions-franaises-p-55520.html HTTP/1.0" 200 74331 "-" "Mozilla/5.0 (compatible; MJ12bot/v1.4.8; http://mj12bot.com/)"
147.92.153.4 - - [29/Nov/2021:09:08:26 +0100] "GET /santa-claus-fine-bone-china-p-56866.html HTTP/1.0" 200 73379 "-" "Mozilla/5.0 (compatible; Linespider/1.1; +https://lin.ee/4dwXkTH)"
95.91.111.1 - - [29/Nov/2021:09:08:27 +0100] "GET /boite-mtal-vieilli-rtro-industrielle-tlphone-p-55993.html HTTP/1.0" 301 74239 "-" "Mozilla/5.0 (compatible; MJ12bot/v1.4.8; http://mj12bot.com/)"
185.191.171.39 - - [29/Nov/2021:09:08:30 +0100] "GET /harley-davidson-made-lighter-p-22415.html?action=add_product HTTP/1.0" 302 476 "-" "Mozilla/5.0 (compatible; SemrushBot/7~bl; +http://www.semrush.com/bot.html)"
95.91.111.1 - - [29/Nov/2021:09:08:30 +0100] "GET /vintage-black-telephone-clock-p-55993.html HTTP/1.0" 200 74143 "-" "Mozilla/5.0 (compatible; MJ12bot/v1.4.8; http://mj12bot.com/)"
95.91.111.1 - - [29/Nov/2021:09:08:34 +0100] "GET /boite-pour-tarots-lotus-couleur-argent-p-55340.html HTTP/1.0" 301 74476 "-" "Mozilla/5.0 (compatible; MJ12bot/v1.4.8; http://mj12bot.com/)"
185.191.171.7 - - [29/Nov/2021:09:08:34 +0100] "GET /-p-24387.html?action=add_product HTTP/1.0" 302 476 "-" "Mozilla/5.0 (compatible; SemrushBot/7~bl; +http://www.semrush.com/bot.html)"
95.91.111.1 - - [29/Nov/2021:09:08:36 +0100] "GET /tarot-lotus-silver-colour-p-55340.html HTTP/1.0" 200 74384 "-" "Mozilla/5.0 (compatible; MJ12bot/v1.4.8; http://mj12bot.com/)"
95.91.111.1 - - [29/Nov/2021:09:08:38 +0100] "GET /boite-willow-tree-rsine-susan-lordi-fille-p-55500.html HTTP/1.0" 301 75045 "-" "Mozilla/5.0 (compatible; MJ12bot/v1.4.8; http://mj12bot.com/)"
95.91.111.1 - - [29/Nov/2021:09:08:41 +0100] "GET /willow-tree-collection-mother-daughter-p-55500.html HTTP/1.0" 200 74940 "-" "Mozilla/5.0 (compatible; MJ12bot/v1.4.8; http://mj12bot.com/)"
95.91.111.1 - - [29/Nov/2021:09:08:43 +0100] "GET /bowls-c-255.html HTTP/1.0" 301 78412 "-" "Mozilla/5.0 (compatible; MJ12bot/v1.4.8; http://mj12bot.com/)"
95.91.111.1 - - [29/Nov/2021:09:08:46 +0100] "GET /bowls-c-12_255.html HTTP/1.0" 200 78443 "-" "Mozilla/5.0 (compatible; MJ12bot/v1.4.8; http://mj12bot.com/)"
95.91.111.1 - - [29/Nov/2021:09:08:48 +0100] "GET /candle-lights-holder-chakras-p-37129.html HTTP/1.0" 200 73721 "-" "Mozilla/5.0 (compatible; MJ12bot/v1.4.8; http://mj12bot.com/)"
95.91.111.1 - - [29/Nov/2021:09:08:51 +0100] "GET /chakras-incense-stick-holder-p-53786.html HTTP/1.0" 200 73931 "-" "Mozilla/5.0 (compatible; MJ12bot/v1.4.8; http://mj12bot.com/)"
95.91.111.1 - - [29/Nov/2021:09:08:53 +0100] "GET /childrens-beds-c-210.html HTTP/1.0" 301 76102 "-" "Mozilla/5.0 (compatible; MJ12bot/v1.4.8; http://mj12bot.com/)"
95.91.111.1 - - [29/Nov/2021:09:08:56 +0100] "GET /childrens-beds-c-13_210.html HTTP/1.0" 200 76143 "-" "Mozilla/5.0 (compatible; MJ12bot/v1.4.8; http://mj12bot.com/)"
95.91.111.1 - - [29/Nov/2021:09:08:59 +0100] "GET /cloche-murale-cheval-fonte-p-56069.html HTTP/1.0" 301 73362 "-" "Mozilla/5.0 (compatible; MJ12bot/v1.4.8; http://mj12bot.com/)"
95.91.111.1 - - [29/Nov/2021:09:09:01 +0100] "GET /door-bell-wall-cast-iron-horse-p-56069.html HTTP/1.0" 200 73265 "-" "Mozilla/5.0 (compatible; MJ12bot/v1.4.8; http://mj12bot.com/)"
95.91.111.1 - - [29/Nov/2021:09:09:04 +0100] "GET /coasters-c-157.html HTTP/1.0" 301 92479 "-" "Mozilla/5.0 (compatible; MJ12bot/v1.4.8; http://mj12bot.com/)"
95.91.111.1 - - [29/Nov/2021:09:09:06 +0100] "GET /coasters-c-12_157.html HTTP/1.0" 200 92507 "-" "Mozilla/5.0 (compatible; MJ12bot/v1.4.8; http://mj12bot.com/)"
95.91.111.1 - - [29/Nov/2021:09:09:10 +0100] "GET /cuba-decorative-metal-plate-by-cbkreation-p-52888.html HTTP/1.0" 301 73445 "-" "Mozilla/5.0 (compatible; MJ12bot/v1.4.8; http://mj12bot.com/)"
95.91.111.1 - - [29/Nov/2021:09:09:13 +0100] "GET /cuba-decorative-metal-plate-cbkreation-p-52888.html HTTP/1.0" 200 73340 "-" "Mozilla/5.0 (compatible; MJ12bot/v1.4.8; http://mj12bot.com/)"
207.46.13.202 - - [29/Nov/2021:09:09:15 +0100] "GET /images/big_prod/8433978414623.jpg HTTP/1.0" 200 268 "-" "Mozilla/5.0 (compatible; bingbot/2.0; +http://www.bing.com/bingbot.htm)"
95.91.111.1 - - [29/Nov/2021:09:09:15 +0100] "GET /cubi-door-wood-copines-p-56138.html HTTP/1.0" 200 73971 "-" "Mozilla/5.0 (compatible; MJ12bot/v1.4.8; http://mj12bot.com/)"
95.91.111.1 - - [29/Nov/2021:09:09:18 +0100] "GET /cubi-door-wood-place-apro-p-56139.html HTTP/1.0" 200 73971 "-" "Mozilla/5.0 (compatible; MJ12bot/v1.4.8; http://mj12bot.com/)"
95.91.111.1 - - [29/Nov/2021:09:09:20 +0100] "GET /cup-senteur-heart-and-home-12-heures-ocean-saphir-p-51071.html HTTP/1.0" 301 73711 "-" "Mozilla/5.0 (compatible; MJ12bot/v1.4.8; http://mj12bot.com/)"
95.91.111.1 - - [29/Nov/2021:09:09:23 +0100] "GET /scent-heart-home-ocean-sapphire-p-51071.html HTTP/1.0" 200 73613 "-" "Mozilla/5.0 (compatible; MJ12bot/v1.4.8; http://mj12bot.com/)"
95.91.111.1 - - [29/Nov/2021:09:09:26 +0100] "GET /cup-senteur-heart-and-home-12-heures-rose-quartz-p-51065.html HTTP/1.0" 301 73669 "-" "Mozilla/5.0 (compatible; MJ12bot/v1.4.8; http://mj12bot.com/)"
95.91.111.1 - - [29/Nov/2021:09:09:28 +0100] "GET /scent-heart-home-rose-quartz-p-51065.html HTTP/1.0" 200 73574 "-" "Mozilla/5.0 (compatible; MJ12bot/v1.4.8; http://mj12bot.com/)"
95.91.111.1 - - [29/Nov/2021:09:09:31 +0100] "GET /curs-decoratifs-en-coton-suspendre-10-cm-charline-p-51651.html HTTP/1.0" 301 75124 "-" "Mozilla/5.0 (compatible; MJ12bot/v1.4.8; http://mj12bot.com/)"
95.91.111.1 - - [29/Nov/2021:09:09:36 +0100] "GET /decorative-cotton-hearts-hang-charline-p-51651.html HTTP/1.0" 200 75019 "-" "Mozilla/5.0 (compatible; MJ12bot/v1.4.8; http://mj12bot.com/)"
95.91.111.1 - - [29/Nov/2021:09:09:39 +0100] "GET /curtain-bliss-velvet-140-260-cm-p-50740.html HTTP/1.0" 301 70747 "-" "Mozilla/5.0 (compatible; MJ12bot/v1.4.8; http://mj12bot.com/)"
95.91.111.1 - - [29/Nov/2021:09:09:41 +0100] "GET /curtain-bliss-velvet-p-50740.html HTTP/1.0" 200 70660 "-" "Mozilla/5.0 (compatible; MJ12bot/v1.4.8; http://mj12bot.com/)"
95.91.111.1 - - [29/Nov/2021:09:09:43 +0100] "GET /curtain-eyelets-chambray-140-240-cm-p-38037.html HTTP/1.0" 301 75587 "-" "Mozilla/5.0 (compatible; MJ12bot/v1.4.8; http://mj12bot.com/)"
95.91.111.1 - - [29/Nov/2021:09:09:46 +0100] "GET /curtain-eyelets-chambray-p-38037.html HTTP/1.0" 200 75496 "-" "Mozilla/5.0 (compatible; MJ12bot/v1.4.8; http://mj12bot.com/)"
95.91.111.1 - - [29/Nov/2021:09:09:49 +0100] "GET /curtain-eyelets-usa-portland-135-250-cm-p-36463.html HTTP/1.0" 301 70631 "-" "Mozilla/5.0 (compatible; MJ12bot/v1.4.8; http://mj12bot.com/)"
95.91.111.1 - - [29/Nov/2021:09:09:51 +0100] "GET /-p-36463.html HTTP/1.0" 200 70564 "-" "Mozilla/5.0 (compatible; MJ12bot/v1.4.8; http://mj12bot.com/)"
95.91.111.1 - - [29/Nov/2021:09:09:54 +0100] "GET /curtains-lace-curtains-c-69.html HTTP/1.0" 301 89915 "-" "Mozilla/5.0 (compatible; MJ12bot/v1.4.8; http://mj12bot.com/)"
95.91.111.1 - - [29/Nov/2021:09:09:56 +0100] "GET /curtains-lace-curtains-c-11_69.html HTTP/1.0" 200 89948 "-" "Mozilla/5.0 (compatible; MJ12bot/v1.4.8; http://mj12bot.com/)"
95.91.111.1 - - [29/Nov/2021:09:09:58 +0100] "GET /cushions-c-283.html HTTP/1.0" 301 92097 "-" "Mozilla/5.0 (compatible; MJ12bot/v1.4.8; http://mj12bot.com/)"
95.91.111.1 - - [29/Nov/2021:09:10:00 +0100] "GET /cushions-c-11_71_283.html HTTP/1.0" 200 92247 "-" "Mozilla/5.0 (compatible; MJ12bot/v1.4.8; http://mj12bot.com/)"
95.91.111.1 - - [29/Nov/2021:09:10:03 +0100] "GET /dcoration-c-13_89.html HTTP/1.0" 301 91882 "-" "Mozilla/5.0 (compatible; MJ12bot/v1.4.8; http://mj12bot.com/)"
95.91.111.1 - - [29/Nov/2021:09:10:06 +0100] "GET /decorations-c-89.html HTTP/1.0" 301 91759 "-" "Mozilla/5.0 (compatible; MJ12bot/v1.4.8; http://mj12bot.com/)"
95.91.111.1 - - [29/Nov/2021:09:10:08 +0100] "GET /decorations-c-13_89.html HTTP/1.0" 200 91807 "-" "Mozilla/5.0 (compatible; MJ12bot/v1.4.8; http://mj12bot.com/)"
95.91.111.1 - - [29/Nov/2021:09:10:11 +0100] "GET /dcoration-murale-bois-c-13_274.html HTTP/1.0" 301 93086 "-" "Mozilla/5.0 (compatible; MJ12bot/v1.4.8; http://mj12bot.com/)"
185.191.171.12 - - [29/Nov/2021:09:10:12 +0100] "GET /small-tins-box-gorjuss-the-hatter-p-48402.html HTTP/1.0" 301 70740 "-" "Mozilla/5.0 (compatible; SemrushBot/7~bl; +http://www.semrush.com/bot.html)"
95.91.111.1 - - [29/Nov/2021:09:10:13 +0100] "GET /wall-decoration-wood-c-274.html HTTP/1.0" 301 92963 "-" "Mozilla/5.0 (compatible; MJ12bot/v1.4.8; http://mj12bot.com/)"
185.191.171.3 - - [29/Nov/2021:09:10:14 +0100] "GET /small-tins-gorjuss-hatter-p-48402.html HTTP/1.0" 200 70648 "-" "Mozilla/5.0 (compatible; SemrushBot/7~bl; +http://www.semrush.com/bot.html)"
207.46.13.118 - - [29/Nov/2021:09:10:15 +0100] "GET /small-boxes-and-pill-c-13_150_154.html HTTP/1.0" 301 90540 "-" "Mozilla/5.0 (compatible; bingbot/2.0; +http://www.bing.com/bingbot.htm)"
95.91.111.1 - - [29/Nov/2021:09:10:16 +0100] "GET /wall-decoration-wood-c-13_274.html HTTP/1.0" 200 93001 "-" "Mozilla/5.0 (compatible; MJ12bot/v1.4.8; http://mj12bot.com/)"
95.91.111.1 - - [29/Nov/2021:09:10:19 +0100] "GET /dcoration-murale-libellule-bleue-mtal-verre-p-55403.html HTTP/1.0" 301 74254 "-" "Mozilla/5.0 (compatible; MJ12bot/v1.4.8; http://mj12bot.com/)"
185.191.171.39 - - [29/Nov/2021:09:10:20 +0100] "GET /pink-bowl-for-cat-p-37389.html HTTP/1.0" 301 70700 "-" "Mozilla/5.0 (compatible; SemrushBot/7~bl; +http://www.semrush.com/bot.html)"
185.191.171.3 - - [29/Nov/2021:09:10:22 +0100] "GET /pink-bowl-p-37389.html HTTP/1.0" 200 70624 "-" "Mozilla/5.0 (compatible; SemrushBot/7~bl; +http://www.semrush.com/bot.html)"
95.91.111.1 - - [29/Nov/2021:09:10:22 +0100] "GET /dragonfly-wall-decoration-blue-model-p-55403.html HTTP/1.0" 200 74151 "-" "Mozilla/5.0 (compatible; MJ12bot/v1.4.8; http://mj12bot.com/)"
95.91.111.1 - - [29/Nov/2021:09:10:25 +0100] "GET /dcorations-lumineuses-c-86_282.html HTTP/1.0" 301 87661 "-" "Mozilla/5.0 (compatible; MJ12bot/v1.4.8; http://mj12bot.com/)"
185.191.171.17 - - [29/Nov/2021:09:10:27 +0100] "GET /johnny-hallyday-decorative-wood-plaque-p-43491.html HTTP/1.0" 200 73369 "-" "Mozilla/5.0 (compatible; SemrushBot/7~bl; +http://www.semrush.com/bot.html)"
95.91.111.1 - - [29/Nov/2021:09:10:27 +0100] "GET /illuminated-decorations-c-282.html HTTP/1.0" 301 87556 "-" "Mozilla/5.0 (compatible; MJ12bot/v1.4.8; http://mj12bot.com/)"
95.91.111.1 - - [29/Nov/2021:09:10:31 +0100] "GET /illuminated-decorations-c-86_282.html HTTP/1.0" 200 87573 "-" "Mozilla/5.0 (compatible; MJ12bot/v1.4.8; http://mj12bot.com/)"
95.91.111.1 - - [29/Nov/2021:09:10:33 +0100] "GET /decoration-the-african-water-carrier-p-50858.html HTTP/1.0" 301 73453 "-" "Mozilla/5.0 (compatible; MJ12bot/v1.4.8; http://mj12bot.com/)"
95.91.111.1 - - [29/Nov/2021:09:10:35 +0100] "GET /decoration-african-water-carrier-p-50858.html HTTP/1.0" 200 73354 "-" "Mozilla/5.0 (compatible; MJ12bot/v1.4.8; http://mj12bot.com/)"
95.91.111.1 - - [29/Nov/2021:09:10:38 +0100] "GET /decoration-thermometers-c-145.html HTTP/1.0" 301 90554 "-" "Mozilla/5.0 (compatible; MJ12bot/v1.4.8; http://mj12bot.com/)"
114.119.128.40 - - [29/Nov/2021:09:10:42 +0100] "GET /my-favourite-friends-puppy-kids-school-backpack-p-49050.html HTTP/1.0" 301 74263 "-" "Mozilla/5.0 (Linux; Android 7.0;) AppleWebKit/537.36 (KHTML, like Gecko) Mobile Safari/537.36 (compatible; PetalBot;+https://webmaster.petalsearch.com/site/petalbot)"
95.91.111.1 - - [29/Nov/2021:09:10:42 +0100] "GET /decoration-thermometers-c-13_145.html HTTP/1.0" 200 90589 "-" "Mozilla/5.0 (compatible; MJ12bot/v1.4.8; http://mj12bot.com/)"
95.91.111.1 - - [29/Nov/2021:09:10:46 +0100] "GET /decoration-world-map-p-51092.html HTTP/1.0" 301 73320 "-" "Mozilla/5.0 (compatible; MJ12bot/v1.4.8; http://mj12bot.com/)"
95.91.111.1 - - [29/Nov/2021:09:10:48 +0100] "GET /decoration-world-p-51092.html HTTP/1.0" 200 73237 "-" "Mozilla/5.0 (compatible; MJ12bot/v1.4.8; http://mj12bot.com/)"
