185.191.171.22 - - [29/Nov/2021:11:19:43 +0100] "GET /wolf-white-shirt-p-31157.html HTTP/1.0" 200 75140 "-" "Mozilla/5.0 (compatible; SemrushBot/7~bl; +http://www.semrush.com/bot.html)"
192.99.36.166 - - [29/Nov/2021:11:19:45 +0100] "GET /parapluie-high-school-musical-rouge-p-20493.html HTTP/1.0" 301 73614 "-" "Mozilla/5.0 (compatible; MJ12bot/v1.4.8; http://mj12bot.com/)"
192.99.36.166 - - [29/Nov/2021:11:19:49 +0100] "GET /high-school-musical-compact-umbrella-p-20493.html HTTP/1.0" 200 73511 "-" "Mozilla/5.0 (compatible; MJ12bot/v1.4.8; http://mj12bot.com/)"
192.99.36.166 - - [29/Nov/2021:11:19:54 +0100] "GET /parapluies-c-31_16.html HTTP/1.0" 301 91640 "-" "Mozilla/5.0 (compatible; MJ12bot/v1.4.8; http://mj12bot.com/)"
185.191.171.39 - - [29/Nov/2021:11:19:56 +0100] "GET /mandala-blue-carpet-p-56387.html HTTP/1.0" 200 74153 "-" "Mozilla/5.0 (compatible; SemrushBot/7~bl; +http://www.semrush.com/bot.html)"
192.99.36.166 - - [29/Nov/2021:11:20:00 +0100] "GET /umbrellas-c-16.html HTTP/1.0" 301 91485 "-" "Mozilla/5.0 (compatible; MJ12bot/v1.4.8; http://mj12bot.com/)"
192.99.36.166 - - [29/Nov/2021:11:20:03 +0100] "GET /umbrellas-c-31_16.html HTTP/1.0" 200 91567 "-" "Mozilla/5.0 (compatible; MJ12bot/v1.4.8; http://mj12bot.com/)"
192.99.36.166 - - [29/Nov/2021:11:20:09 +0100] "GET /parapluies-c-3_16.html HTTP/1.0" 301 91588 "-" "Mozilla/5.0 (compatible; MJ12bot/v1.4.8; http://mj12bot.com/)"
192.99.36.166 - - [29/Nov/2021:11:20:14 +0100] "GET /umbrellas-c-16.html HTTP/1.0" 301 91485 "-" "Mozilla/5.0 (compatible; MJ12bot/v1.4.8; http://mj12bot.com/)"
192.99.36.166 - - [29/Nov/2021:11:20:17 +0100] "GET /umbrellas-c-31_16.html HTTP/1.0" 200 91567 "-" "Mozilla/5.0 (compatible; MJ12bot/v1.4.8; http://mj12bot.com/)"
192.99.36.166 - - [29/Nov/2021:11:20:20 +0100] "GET /parfum-de-provence-bath-soap-dish-p-47700.html HTTP/1.0" 301 73400 "-" "Mozilla/5.0 (compatible; MJ12bot/v1.4.8; http://mj12bot.com/)"
192.99.36.166 - - [29/Nov/2021:11:20:25 +0100] "GET /parfum-provence-bath-soap-dish-p-47700.html HTTP/1.0" 200 73303 "-" "Mozilla/5.0 (compatible; MJ12bot/v1.4.8; http://mj12bot.com/)"
114.119.128.253 - - [29/Nov/2021:11:20:25 +0100] "GET /toiletry-bag-p-43423.html HTTP/1.0" 301 73308 "-" "Mozilla/5.0 (Linux; Android 7.0;) AppleWebKit/537.36 (KHTML, like Gecko) Mobile Safari/537.36 (compatible; PetalBot;+https://webmaster.petalsearch.com/site/petalbot)"
114.119.128.253 - - [29/Nov/2021:11:20:30 +0100] "GET /toiletry-p-43423.html HTTP/1.0" 200 73233 "-" "Mozilla/5.0 (Linux; Android 7.0;) AppleWebKit/537.36 (KHTML, like Gecko) Mobile Safari/537.36 (compatible; PetalBot;+https://webmaster.petalsearch.com/site/petalbot)"
192.99.36.166 - - [29/Nov/2021:11:20:30 +0100] "GET /parfum-dinterieur-c-231_234.html HTTP/1.0" 301 87327 "-" "Mozilla/5.0 (compatible; MJ12bot/v1.4.8; http://mj12bot.com/)"
192.99.36.166 - - [29/Nov/2021:11:20:33 +0100] "GET /perfumes-interior-c-234.html HTTP/1.0" 301 87196 "-" "Mozilla/5.0 (compatible; MJ12bot/v1.4.8; http://mj12bot.com/)"
192.99.36.166 - - [29/Nov/2021:11:20:37 +0100] "GET /perfumes-interior-c-231_234.html HTTP/1.0" 200 87245 "-" "Mozilla/5.0 (compatible; MJ12bot/v1.4.8; http://mj12bot.com/)"
192.99.36.166 - - [29/Nov/2021:11:20:41 +0100] "GET /parfum-dintrieur-c-231_234.html HTTP/1.0" 301 87327 "-" "Mozilla/5.0 (compatible; MJ12bot/v1.4.8; http://mj12bot.com/)"
192.99.36.166 - - [29/Nov/2021:11:20:45 +0100] "GET /perfumes-interior-c-234.html HTTP/1.0" 301 87196 "-" "Mozilla/5.0 (compatible; MJ12bot/v1.4.8; http://mj12bot.com/)"
192.99.36.166 - - [29/Nov/2021:11:20:49 +0100] "GET /perfumes-interior-c-231_234.html HTTP/1.0" 200 87245 "-" "Mozilla/5.0 (compatible; MJ12bot/v1.4.8; http://mj12bot.com/)"
192.99.36.166 - - [29/Nov/2021:11:20:53 +0100] "GET /parfum-intrieur-heart-home-patchouli-bois-gaac-p-55306.html HTTP/1.0" 301 74538 "-" "Mozilla/5.0 (compatible; MJ12bot/v1.4.8; http://mj12bot.com/)"
54.36.148.125 - - [29/Nov/2021:11:21:01 +0100] "GET /monkey-planter-p-54319.html HTTP/1.0" 200 73729 "-" "Mozilla/5.0 (compatible; AhrefsBot/7.0; +http://ahrefs.com/robot/)"
192.99.36.166 - - [29/Nov/2021:11:21:02 +0100] "GET /home-fragrance-heart-home-patchouli-gaac-wood-p-55306.html HTTP/1.0" 200 74426 "-" "Mozilla/5.0 (compatible; MJ12bot/v1.4.8; http://mj12bot.com/)"
192.99.36.166 - - [29/Nov/2021:11:21:06 +0100] "GET /parfums-dambiance-c-231.html HTTP/1.0" 301 92799 "-" "Mozilla/5.0 (compatible; MJ12bot/v1.4.8; http://mj12bot.com/)"
192.99.36.166 - - [29/Nov/2021:11:21:12 +0100] "GET /fragrances-ambiance-c-231.html HTTP/1.0" 200 92715 "-" "Mozilla/5.0 (compatible; MJ12bot/v1.4.8; http://mj12bot.com/)"
192.99.36.166 - - [29/Nov/2021:11:21:17 +0100] "GET /paris-cotton-adult-black-and-gold-apron-p-45549.html HTTP/1.0" 301 73402 "-" "Mozilla/5.0 (compatible; MJ12bot/v1.4.8; http://mj12bot.com/)"
17.121.112.91 - - [29/Nov/2021:11:21:19 +0100] "GET /mappemonde-coasters-p-52604.html HTTP/1.0" 200 73182 "-" "Mozilla/5.0 (Macintosh; Intel Mac OS X 10_15_5) AppleWebKit/605.1.15 (KHTML, like Gecko) Version/13.1.1 Safari/605.1.15 (Applebot/0.1; +http://www.apple.com/go/applebot)"
192.99.36.166 - - [29/Nov/2021:11:21:22 +0100] "GET /paris-cotton-adult-black-gold-apron-p-45549.html HTTP/1.0" 200 73300 "-" "Mozilla/5.0 (compatible; MJ12bot/v1.4.8; http://mj12bot.com/)"
185.191.171.23 - - [29/Nov/2021:11:21:23 +0100] "GET /transportable-black-table-lamp-p-56448.html?action=add_product HTTP/1.0" 302 476 "-" "Mozilla/5.0 (compatible; SemrushBot/7~bl; +http://www.semrush.com/bot.html)"
185.191.171.18 - - [29/Nov/2021:11:21:25 +0100] "GET /hello-kitty-large-blue-high-street-camomilla-p-18458.html?action=add_product HTTP/1.0" 302 476 "-" "Mozilla/5.0 (compatible; SemrushBot/7~bl; +http://www.semrush.com/bot.html)"
192.99.36.166 - - [29/Nov/2021:11:21:25 +0100] "GET /parrots-and-toucan-wall-stickers-p-53544.html HTTP/1.0" 301 74199 "-" "Mozilla/5.0 (compatible; MJ12bot/v1.4.8; http://mj12bot.com/)"
192.99.36.166 - - [29/Nov/2021:11:21:31 +0100] "GET /parrots-toucan-wall-stickers-p-53544.html HTTP/1.0" 200 74104 "-" "Mozilla/5.0 (compatible; MJ12bot/v1.4.8; http://mj12bot.com/)"
192.99.36.166 - - [29/Nov/2021:11:21:34 +0100] "GET /partys-decoration-c-51.html HTTP/1.0" 301 69518 "-" "Mozilla/5.0 (compatible; MJ12bot/v1.4.8; http://mj12bot.com/)"
192.99.36.166 - - [29/Nov/2021:11:21:36 +0100] "GET /partys-decoration-c-12_51.html HTTP/1.0" 200 69535 "-" "Mozilla/5.0 (compatible; MJ12bot/v1.4.8; http://mj12bot.com/)"
192.99.36.166 - - [29/Nov/2021:11:21:39 +0100] "GET /parure-c-11_68.html HTTP/1.0" 301 91825 "-" "Mozilla/5.0 (compatible; MJ12bot/v1.4.8; http://mj12bot.com/)"
192.99.36.166 - - [29/Nov/2021:11:21:42 +0100] "GET /linen-c-68.html HTTP/1.0" 301 91706 "-" "Mozilla/5.0 (compatible; MJ12bot/v1.4.8; http://mj12bot.com/)"
192.99.36.166 - - [29/Nov/2021:11:21:44 +0100] "GET /linen-c-11_68.html HTTP/1.0" 200 91756 "-" "Mozilla/5.0 (compatible; MJ12bot/v1.4.8; http://mj12bot.com/)"
192.99.36.166 - - [29/Nov/2021:11:21:46 +0100] "GET /parure-de-lit-boutis-c-11_68.html HTTP/1.0" 301 91825 "-" "Mozilla/5.0 (compatible; MJ12bot/v1.4.8; http://mj12bot.com/)"
192.99.36.166 - - [29/Nov/2021:11:21:50 +0100] "GET /linen-c-68.html HTTP/1.0" 301 91706 "-" "Mozilla/5.0 (compatible; MJ12bot/v1.4.8; http://mj12bot.com/)"
192.99.36.166 - - [29/Nov/2021:11:21:53 +0100] "GET /linen-c-11_68.html HTTP/1.0" 200 91756 "-" "Mozilla/5.0 (compatible; MJ12bot/v1.4.8; http://mj12bot.com/)"
192.99.36.166 - - [29/Nov/2021:11:22:00 +0100] "GET /parure-de-lit-c-11_68.html HTTP/1.0" 301 91825 "-" "Mozilla/5.0 (compatible; MJ12bot/v1.4.8; http://mj12bot.com/)"
192.99.36.166 - - [29/Nov/2021:11:22:07 +0100] "GET /linen-c-68.html HTTP/1.0" 301 91706 "-" "Mozilla/5.0 (compatible; MJ12bot/v1.4.8; http://mj12bot.com/)"
185.191.171.39 - - [29/Nov/2021:11:22:09 +0100] "GET /incense-burner-brass-p-46803.html?action=add_product HTTP/1.0" 302 476 "-" "Mozilla/5.0 (compatible; SemrushBot/7~bl; +http://www.semrush.com/bot.html)"
192.99.36.166 - - [29/Nov/2021:11:22:09 +0100] "GET /linen-c-11_68.html HTTP/1.0" 200 91756 "-" "Mozilla/5.0 (compatible; MJ12bot/v1.4.8; http://mj12bot.com/)"
192.99.36.166 - - [29/Nov/2021:11:22:12 +0100] "GET /pastis-olive-placemat-45-30-cm-p-49718.html HTTP/1.0" 301 73296 "-" "Mozilla/5.0 (compatible; MJ12bot/v1.4.8; http://mj12bot.com/)"
192.99.36.166 - - [29/Nov/2021:11:22:17 +0100] "GET /pastis-olive-placemat-p-49718.html HTTP/1.0" 200 73208 "-" "Mozilla/5.0 (compatible; MJ12bot/v1.4.8; http://mj12bot.com/)"
192.99.36.166 - - [29/Nov/2021:11:22:21 +0100] "GET /patere-crochet-carreaux-de-ciment-10-16-cm-p-51016.html HTTP/1.0" 301 73436 "-" "Mozilla/5.0 (compatible; MJ12bot/v1.4.8; http://mj12bot.com/)"
192.99.36.166 - - [29/Nov/2021:11:22:24 +0100] "GET /small-wooden-towel-holder-hang-p-51016.html HTTP/1.0" 200 73339 "-" "Mozilla/5.0 (compatible; MJ12bot/v1.4.8; http://mj12bot.com/)"
192.99.36.166 - - [29/Nov/2021:11:22:30 +0100] "GET /patere-crochet-carreaux-de-ciment-10-16-cm-p-51017.html HTTP/1.0" 301 73436 "-" "Mozilla/5.0 (compatible; MJ12bot/v1.4.8; http://mj12bot.com/)"
192.99.36.166 - - [29/Nov/2021:11:22:33 +0100] "GET /small-wooden-towel-holder-hang-p-51017.html HTTP/1.0" 200 73339 "-" "Mozilla/5.0 (compatible; MJ12bot/v1.4.8; http://mj12bot.com/)"
192.99.36.166 - - [29/Nov/2021:11:22:38 +0100] "GET /patere-crochet-carreaux-de-ciment-10-16-cm-p-51019.html HTTP/1.0" 301 73436 "-" "Mozilla/5.0 (compatible; MJ12bot/v1.4.8; http://mj12bot.com/)"
192.99.36.166 - - [29/Nov/2021:11:22:41 +0100] "GET /small-wooden-towel-holder-hang-p-51019.html HTTP/1.0" 200 73339 "-" "Mozilla/5.0 (compatible; MJ12bot/v1.4.8; http://mj12bot.com/)"
192.99.36.166 - - [29/Nov/2021:11:22:44 +0100] "GET /patere-en-bois-et-miroir-crochets-p-52864.html HTTP/1.0" 301 73414 "-" "Mozilla/5.0 (compatible; MJ12bot/v1.4.8; http://mj12bot.com/)"
192.99.36.166 - - [29/Nov/2021:11:22:51 +0100] "GET /wooden-hook-mirror-hooks-p-52864.html HTTP/1.0" 200 73323 "-" "Mozilla/5.0 (compatible; MJ12bot/v1.4.8; http://mj12bot.com/)"
192.99.36.166 - - [29/Nov/2021:11:22:57 +0100] "GET /patere-et-ardoise-do-more-of-what-makes-you-happy-p-47994.html HTTP/1.0" 301 74331 "-" "Mozilla/5.0 (compatible; MJ12bot/v1.4.8; http://mj12bot.com/)"
192.99.36.166 - - [29/Nov/2021:11:23:06 +0100] "GET /panel-hook-hooks-with-slate-quote-p-47994.html HTTP/1.0" 200 74231 "-" "Mozilla/5.0 (compatible; MJ12bot/v1.4.8; http://mj12bot.com/)"
54.36.148.179 - - [29/Nov/2021:11:23:11 +0100] "GET /postcard-with-envelope-owl-p-48865.html HTTP/1.0" 301 73435 "-" "Mozilla/5.0 (compatible; AhrefsBot/7.0; +http://ahrefs.com/robot/)"
192.99.36.166 - - [29/Nov/2021:11:23:15 +0100] "GET /patere-et-porte-manteaux-c-13_198.html HTTP/1.0" 301 90838 "-" "Mozilla/5.0 (compatible; MJ12bot/v1.4.8; http://mj12bot.com/)"
192.99.36.166 - - [29/Nov/2021:11:23:20 +0100] "GET /coat-hook-c-198.html HTTP/1.0" 301 90715 "-" "Mozilla/5.0 (compatible; MJ12bot/v1.4.8; http://mj12bot.com/)"
192.99.36.166 - - [29/Nov/2021:11:23:24 +0100] "GET /coat-hook-c-13_198.html HTTP/1.0" 200 90764 "-" "Mozilla/5.0 (compatible; MJ12bot/v1.4.8; http://mj12bot.com/)"
192.99.36.166 - - [29/Nov/2021:11:23:29 +0100] "GET /patre-porte-manteaux-c-13_198.html HTTP/1.0" 301 90838 "-" "Mozilla/5.0 (compatible; MJ12bot/v1.4.8; http://mj12bot.com/)"
114.119.128.34 - - [29/Nov/2021:11:23:30 +0100] "GET /images/mini_prod/5055321757893.jpg HTTP/1.0" 200 269 "-" "Mozilla/5.0 (Linux; Android 7.0;) AppleWebKit/537.36 (KHTML, like Gecko) Mobile Safari/537.36 (compatible; PetalBot;+https://webmaster.petalsearch.com/site/petalbot)"
192.99.36.166 - - [29/Nov/2021:11:23:33 +0100] "GET /coat-hook-c-198.html HTTP/1.0" 301 90715 "-" "Mozilla/5.0 (compatible; MJ12bot/v1.4.8; http://mj12bot.com/)"
192.99.36.166 - - [29/Nov/2021:11:23:37 +0100] "GET /coat-hook-c-13_198.html HTTP/1.0" 200 90764 "-" "Mozilla/5.0 (compatible; MJ12bot/v1.4.8; http://mj12bot.com/)"
192.99.36.166 - - [29/Nov/2021:11:23:42 +0100] "GET /peg-and-coat-hook-c-198.html HTTP/1.0" 301 90715 "-" "Mozilla/5.0 (compatible; MJ12bot/v1.4.8; http://mj12bot.com/)"
192.99.36.166 - - [29/Nov/2021:11:23:51 +0100] "GET /coat-hook-c-13_198.html HTTP/1.0" 200 90764 "-" "Mozilla/5.0 (compatible; MJ12bot/v1.4.8; http://mj12bot.com/)"
192.99.36.166 - - [29/Nov/2021:11:23:55 +0100] "GET /peluche-gund-le-chien-spunky-animee-36-cm-p-45661.html HTTP/1.0" 301 73902 "-" "Mozilla/5.0 (compatible; MJ12bot/v1.4.8; http://mj12bot.com/)"
192.99.36.166 - - [29/Nov/2021:11:23:59 +0100] "GET /gund-spunky-abc123-animated-plush-p-45661.html HTTP/1.0" 200 73802 "-" "Mozilla/5.0 (compatible; MJ12bot/v1.4.8; http://mj12bot.com/)"
192.99.36.166 - - [29/Nov/2021:11:24:02 +0100] "GET /peluche-gund-licorne-blanc-et-or-11-cm-p-49626.html HTTP/1.0" 301 73390 "-" "Mozilla/5.0 (compatible; MJ12bot/v1.4.8; http://mj12bot.com/)"
192.99.36.166 - - [29/Nov/2021:11:24:07 +0100] "GET /unicorn-plush-gold-white-p-49626.html HTTP/1.0" 200 73299 "-" "Mozilla/5.0 (compatible; MJ12bot/v1.4.8; http://mj12bot.com/)"
192.99.36.166 - - [29/Nov/2021:11:24:11 +0100] "GET /peluche-gund-licorne-blanc-et-rose-paillete-20-cm-p-47647.html HTTP/1.0" 301 73426 "-" "Mozilla/5.0 (compatible; MJ12bot/v1.4.8; http://mj12bot.com/)"
192.99.36.166 - - [29/Nov/2021:11:24:14 +0100] "GET /unicorn-plush-pink-white-p-47647.html HTTP/1.0" 200 73335 "-" "Mozilla/5.0 (compatible; MJ12bot/v1.4.8; http://mj12bot.com/)"
192.99.36.166 - - [29/Nov/2021:11:24:18 +0100] "GET /peluche-keel-toys-pipp-le-panda-rose-22-cm-p-51011.html HTTP/1.0" 301 73511 "-" "Mozilla/5.0 (compatible; MJ12bot/v1.4.8; http://mj12bot.com/)"
192.99.36.166 - - [29/Nov/2021:11:24:21 +0100] "GET /keel-toys-plush-pipp-panda-p-51011.html HTTP/1.0" 200 73418 "-" "Mozilla/5.0 (compatible; MJ12bot/v1.4.8; http://mj12bot.com/)"
192.99.36.166 - - [29/Nov/2021:11:24:25 +0100] "GET /peluche-licorne-blanche-et-argent-11-cm-p-49627.html HTTP/1.0" 301 73408 "-" "Mozilla/5.0 (compatible; MJ12bot/v1.4.8; http://mj12bot.com/)"
192.99.36.166 - - [29/Nov/2021:11:24:28 +0100] "GET /unicorn-plush-silver-white-p-49627.html HTTP/1.0" 200 73315 "-" "Mozilla/5.0 (compatible; MJ12bot/v1.4.8; http://mj12bot.com/)"
192.99.36.166 - - [29/Nov/2021:11:24:32 +0100] "GET /peluche-petit-ourson-aile-ornement-de-sapin-cm-p-49647.html HTTP/1.0" 301 70811 "-" "Mozilla/5.0 (compatible; MJ12bot/v1.4.8; http://mj12bot.com/)"
192.99.36.166 - - [29/Nov/2021:11:24:38 +0100] "GET /teddy-bear-christmas-tree-decoration-p-49647.html HTTP/1.0" 200 70708 "-" "Mozilla/5.0 (compatible; MJ12bot/v1.4.8; http://mj12bot.com/)"
192.99.36.166 - - [29/Nov/2021:11:24:43 +0100] "GET /peluche-petite-peluche-ourson-beige-ornement-de-sapin-11-cm-p-49651.html HTTP/1.0" 301 73431 "-" "Mozilla/5.0 (compatible; MJ12bot/v1.4.8; http://mj12bot.com/)"
157.55.39.223 - - [29/Nov/2021:11:24:45 +0100] "GET /images/mini_prod/3520071757377.jpg HTTP/1.0" 200 269 "-" "Mozilla/5.0 (compatible; bingbot/2.0; +http://www.bing.com/bingbot.htm)"
192.99.36.166 - - [29/Nov/2021:11:24:46 +0100] "GET /plush-christmas-tree-decoration-p-49651.html HTTP/1.0" 200 73333 "-" "Mozilla/5.0 (compatible; MJ12bot/v1.4.8; http://mj12bot.com/)"
192.99.36.166 - - [29/Nov/2021:11:24:49 +0100] "GET /peluches-doudous-c-4_46.html HTTP/1.0" 301 92120 "-" "Mozilla/5.0 (compatible; MJ12bot/v1.4.8; http://mj12bot.com/)"
192.99.36.166 - - [29/Nov/2021:11:24:53 +0100] "GET /soft-toys-security-blanket-c-46.html HTTP/1.0" 301 92008 "-" "Mozilla/5.0 (compatible; MJ12bot/v1.4.8; http://mj12bot.com/)"
192.99.36.166 - - [29/Nov/2021:11:24:56 +0100] "GET /soft-toys-security-blanket-c-4_46.html HTTP/1.0" 200 92030 "-" "Mozilla/5.0 (compatible; MJ12bot/v1.4.8; http://mj12bot.com/)"
192.99.36.166 - - [29/Nov/2021:11:25:04 +0100] "GET /peluches-oursons-en-lot-de-ornement-de-sapin-cm-p-45660.html HTTP/1.0" 301 70737 "-" "Mozilla/5.0 (compatible; MJ12bot/v1.4.8; http://mj12bot.com/)"
192.99.36.166 - - [29/Nov/2021:11:25:08 +0100] "GET /bears-decoration-p-45660.html HTTP/1.0" 200 70654 "-" "Mozilla/5.0 (compatible; MJ12bot/v1.4.8; http://mj12bot.com/)"
192.99.36.166 - - [29/Nov/2021:11:25:11 +0100] "GET /pencil-pot-c-183.html HTTP/1.0" 301 90714 "-" "Mozilla/5.0 (compatible; MJ12bot/v1.4.8; http://mj12bot.com/)"
192.99.36.166 - - [29/Nov/2021:11:25:15 +0100] "GET /pencil-c-129_183.html HTTP/1.0" 200 90779 "-" "Mozilla/5.0 (compatible; MJ12bot/v1.4.8; http://mj12bot.com/)"
192.99.36.166 - - [29/Nov/2021:11:25:22 +0100] "GET /pendants-and-necklaces-c-214.html HTTP/1.0" 301 90539 "-" "Mozilla/5.0 (compatible; MJ12bot/v1.4.8; http://mj12bot.com/)"
192.99.36.166 - - [29/Nov/2021:11:25:27 +0100] "GET /pendants-necklaces-c-3_214.html HTTP/1.0" 200 90566 "-" "Mozilla/5.0 (compatible; MJ12bot/v1.4.8; http://mj12bot.com/)"
51.68.224.127 - - [29/Nov/2021:11:25:30 +0100] "GET /adminweb/export_orders_xml.php?token=256de2z6edz6ed2z6DFSFsed2zed6zeDSFDSGdzedezfzf&maxorders=10&orderstart=1&status=14&start_date=2018-10-01 HTTP/1.0" 200 285 "-" "GesCom CharlotteBoutik Serveur"
51.68.224.127 - - [29/Nov/2021:11:25:30 +0100] "GET /adminweb/export_orders_xml.php?token=256de2z6edz6ed2z6DFSFsed2zed6zeDSFDSGdzedezfzf&maxorders=10&orderstart=1&status=6&start_date=2018-10-01 HTTP/1.0" 200 32471 "-" "GesCom CharlotteBoutik Serveur"
192.99.36.166 - - [29/Nov/2021:11:25:33 +0100] "GET /pendulum-rose-quartz-drop-shaped-with-flower-life-p-43797.html HTTP/1.0" 200 74499 "-" "Mozilla/5.0 (compatible; MJ12bot/v1.4.8; http://mj12bot.com/)"
64.233.173.239 - - [29/Nov/2021:11:25:34 +0100] "GET /images/big_prod_2/3665284220659b.jpg HTTP/1.0" 200 271 "-" "Mozilla/5.0 (Windows NT 5.1; rv:11.0) Gecko Firefox/11.0 (via ggpht.com GoogleImageProxy)"
192.99.36.166 - - [29/Nov/2021:11:25:39 +0100] "GET /pepe-jeans-suitcase-61-cm-p-38102.html HTTP/1.0" 301 73694 "-" "Mozilla/5.0 (compatible; MJ12bot/v1.4.8; http://mj12bot.com/)"
54.36.148.227 - - [29/Nov/2021:11:25:40 +0100] "GET /images/med_prod/8712269006069.jpg HTTP/1.0" 200 268 "-" "Mozilla/5.0 (compatible; AhrefsBot/7.0; +http://ahrefs.com/robot/)"
192.99.36.166 - - [29/Nov/2021:11:25:43 +0100] "GET /jeans-suitcase-p-38102.html HTTP/1.0" 200 73613 "-" "Mozilla/5.0 (compatible; MJ12bot/v1.4.8; http://mj12bot.com/)"
192.99.36.166 - - [29/Nov/2021:11:25:53 +0100] "GET /perfumes-of-interior-c-234.html HTTP/1.0" 301 87196 "-" "Mozilla/5.0 (compatible; MJ12bot/v1.4.8; http://mj12bot.com/)"
216.244.66.242 - - [29/Nov/2021:11:25:54 +0100] "GET /rectangular-kitchen-towel-cotton-paris-p-51356.html HTTP/1.0" 200 73364 "-" "Mozilla/5.0 (compatible; DotBot/1.2; +https://opensiteexplorer.org/dotbot; help@moz.com)"
185.191.171.26 - - [29/Nov/2021:11:25:55 +0100] "GET /laissez-lucie-faire-make-byako-p-38979.html?action=add_product HTTP/1.0" 302 476 "-" "Mozilla/5.0 (compatible; SemrushBot/7~bl; +http://www.semrush.com/bot.html)"
192.99.36.166 - - [29/Nov/2021:11:25:59 +0100] "GET /perfumes-interior-c-231_234.html HTTP/1.0" 200 87245 "-" "Mozilla/5.0 (compatible; MJ12bot/v1.4.8; http://mj12bot.com/)"
192.99.36.166 - - [29/Nov/2021:11:26:02 +0100] "GET /pet-rug-60-40-cm-hotel-cat-stars-p-49537.html HTTP/1.0" 301 70631 "-" "Mozilla/5.0 (compatible; MJ12bot/v1.4.8; http://mj12bot.com/)"
192.99.36.166 - - [29/Nov/2021:11:26:05 +0100] "GET /-p-49537.html HTTP/1.0" 200 70564 "-" "Mozilla/5.0 (compatible; MJ12bot/v1.4.8; http://mj12bot.com/)"
185.191.171.24 - - [29/Nov/2021:11:26:06 +0100] "GET /ariel-santuary-figure-collection-p-29065.html HTTP/1.0" 200 73588 "-" "Mozilla/5.0 (compatible; SemrushBot/7~bl; +http://www.semrush.com/bot.html)"
192.99.36.166 - - [29/Nov/2021:11:26:09 +0100] "GET /petit-abat-jour-conique-noir-p-55428.html HTTP/1.0" 301 73877 "-" "Mozilla/5.0 (compatible; MJ12bot/v1.4.8; http://mj12bot.com/)"
185.191.171.33 - - [29/Nov/2021:11:26:10 +0100] "GET /fitted-sheet-color-p-38881.html?action=add_product HTTP/1.0" 302 476 "-" "Mozilla/5.0 (compatible; SemrushBot/7~bl; +http://www.semrush.com/bot.html)"
192.99.36.166 - - [29/Nov/2021:11:26:13 +0100] "GET /black-lampshade-p-55428.html HTTP/1.0" 200 73795 "-" "Mozilla/5.0 (compatible; MJ12bot/v1.4.8; http://mj12bot.com/)"
192.99.36.166 - - [29/Nov/2021:11:26:16 +0100] "GET /petit-electro-et-hifi-c-13_88.html HTTP/1.0" 301 90055 "-" "Mozilla/5.0 (compatible; MJ12bot/v1.4.8; http://mj12bot.com/)"
114.119.128.40 - - [29/Nov/2021:11:26:19 +0100] "GET /california-van-wooden-wall-decoration-to-hang-p-37231.html HTTP/1.0" 301 73575 "-" "Mozilla/5.0 (Linux; Android 7.0;) AppleWebKit/537.36 (KHTML, like Gecko) Mobile Safari/537.36 (compatible; PetalBot;+https://webmaster.petalsearch.com/site/petalbot)"
192.99.36.166 - - [29/Nov/2021:11:26:19 +0100] "GET /small-appliances-hifi-c-88.html HTTP/1.0" 301 89932 "-" "Mozilla/5.0 (compatible; MJ12bot/v1.4.8; http://mj12bot.com/)"
192.99.36.166 - - [29/Nov/2021:11:26:22 +0100] "GET /small-appliances-hifi-c-13_88.html HTTP/1.0" 200 89970 "-" "Mozilla/5.0 (compatible; MJ12bot/v1.4.8; http://mj12bot.com/)"
114.119.128.40 - - [29/Nov/2021:11:26:24 +0100] "GET /california-wooden-wall-decoration-hang-p-37231.html HTTP/1.0" 200 73470 "-" "Mozilla/5.0 (Linux; Android 7.0;) AppleWebKit/537.36 (KHTML, like Gecko) Mobile Safari/537.36 (compatible; PetalBot;+https://webmaster.petalsearch.com/site/petalbot)"
192.99.36.166 - - [29/Nov/2021:11:26:27 +0100] "GET /petit-electro-hifi-c-13_88.html HTTP/1.0" 301 90055 "-" "Mozilla/5.0 (compatible; MJ12bot/v1.4.8; http://mj12bot.com/)"
192.99.36.166 - - [29/Nov/2021:11:26:32 +0100] "GET /small-appliances-hifi-c-88.html HTTP/1.0" 301 89932 "-" "Mozilla/5.0 (compatible; MJ12bot/v1.4.8; http://mj12bot.com/)"
192.99.36.166 - - [29/Nov/2021:11:26:37 +0100] "GET /small-appliances-hifi-c-13_88.html HTTP/1.0" 200 89970 "-" "Mozilla/5.0 (compatible; MJ12bot/v1.4.8; http://mj12bot.com/)"
192.99.36.166 - - [29/Nov/2021:11:26:40 +0100] "GET /petit-plateau-allen-designs-blooms-mtal-p-55431.html HTTP/1.0" 301 74128 "-" "Mozilla/5.0 (compatible; MJ12bot/v1.4.8; http://mj12bot.com/)"
192.99.36.166 - - [29/Nov/2021:11:26:42 +0100] "GET /allen-desings-blooms-little-tray-p-55431.html HTTP/1.0" 200 74029 "-" "Mozilla/5.0 (compatible; MJ12bot/v1.4.8; http://mj12bot.com/)"
192.99.36.166 - - [29/Nov/2021:11:26:46 +0100] "GET /petit-prince-exupry-veux-p-55419.html HTTP/1.0" 301 73442 "-" "Mozilla/5.0 (compatible; MJ12bot/v1.4.8; http://mj12bot.com/)"
192.99.36.166 - - [29/Nov/2021:11:26:50 +0100] "GET /petit-prince-exupry-collection-p-55419.html HTTP/1.0" 200 73345 "-" "Mozilla/5.0 (compatible; MJ12bot/v1.4.8; http://mj12bot.com/)"
192.99.36.166 - - [29/Nov/2021:11:26:55 +0100] "GET /petit-prince-saint-exupry-rose-p-55396.html HTTP/1.0" 301 73394 "-" "Mozilla/5.0 (compatible; MJ12bot/v1.4.8; http://mj12bot.com/)"
192.99.36.166 - - [29/Nov/2021:11:26:57 +0100] "GET /little-prince-saint-exupery-bowl-p-55396.html HTTP/1.0" 200 73295 "-" "Mozilla/5.0 (compatible; MJ12bot/v1.4.8; http://mj12bot.com/)"
192.99.36.166 - - [29/Nov/2021:11:27:00 +0100] "GET /petit-reveil-blanc-licorne-assise-p-53503.html HTTP/1.0" 301 73292 "-" "Mozilla/5.0 (compatible; MJ12bot/v1.4.8; http://mj12bot.com/)"
192.99.36.166 - - [29/Nov/2021:11:27:02 +0100] "GET /unicorn-white-clock-p-53503.html HTTP/1.0" 200 73206 "-" "Mozilla/5.0 (compatible; MJ12bot/v1.4.8; http://mj12bot.com/)"
192.99.36.166 - - [29/Nov/2021:11:27:07 +0100] "GET /petite-coupelle-en-fibre-de-bambou-les-chats-14-14-cm-p-49579.html HTTP/1.0" 301 73340 "-" "Mozilla/5.0 (compatible; MJ12bot/v1.4.8; http://mj12bot.com/)"
192.99.36.166 - - [29/Nov/2021:11:27:10 +0100] "GET /small-bamboo-cats-p-49579.html HTTP/1.0" 200 73256 "-" "Mozilla/5.0 (compatible; MJ12bot/v1.4.8; http://mj12bot.com/)"
192.42.116.16 - - [29/Nov/2021:11:27:11 +0100] "GET /contact_us.php HTTP/1.0" 200 26241 "http://www.wonder-geek.com/contact_us.php" "Mozilla/5.0 (Windows NT 10.0; Win64; x64) AppleWebKit/537.36 (KHTML, like Gecko) Chrome/90.0.4430.85 Safari/537.36"
192.99.36.166 - - [29/Nov/2021:11:27:13 +0100] "GET /petite-peluche-lapin-responsable-peluche-cologique-p-55371.html HTTP/1.0" 301 74210 "-" "Mozilla/5.0 (compatible; MJ12bot/v1.4.8; http://mj12bot.com/)"
192.42.116.16 - - [29/Nov/2021:11:27:14 +0100] "POST /contact_us.php?action=send HTTP/1.0" 200 26688 "http://www.wonder-geek.com/contact_us.php" "Mozilla/5.0 (Windows NT 10.0; Win64; x64) AppleWebKit/537.36 (KHTML, like Gecko) Chrome/90.0.4430.85 Safari/537.36"
192.99.36.166 - - [29/Nov/2021:11:27:16 +0100] "GET /plush-keeleco-friendly-rabbit-p-55371.html HTTP/1.0" 200 74114 "-" "Mozilla/5.0 (compatible; MJ12bot/v1.4.8; http://mj12bot.com/)"
192.99.36.166 - - [29/Nov/2021:11:27:19 +0100] "GET /petite-table-fleur-bois-manguier-p-56154.html HTTP/1.0" 301 74992 "-" "Mozilla/5.0 (compatible; MJ12bot/v1.4.8; http://mj12bot.com/)"
192.99.36.166 - - [29/Nov/2021:11:27:21 +0100] "GET /mini-wooden-side-table-flower-life-p-56154.html HTTP/1.0" 200 74891 "-" "Mozilla/5.0 (compatible; MJ12bot/v1.4.8; http://mj12bot.com/)"
192.99.36.166 - - [29/Nov/2021:11:27:24 +0100] "GET /petites-boites-et-piluliers-c-13_150_154.html HTTP/1.0" 301 90540 "-" "Mozilla/5.0 (compatible; MJ12bot/v1.4.8; http://mj12bot.com/)"
192.99.36.166 - - [29/Nov/2021:11:27:28 +0100] "GET /small-boxes-pill-c-154.html HTTP/1.0" 301 90294 "-" "Mozilla/5.0 (compatible; MJ12bot/v1.4.8; http://mj12bot.com/)"
192.99.36.166 - - [29/Nov/2021:11:27:31 +0100] "GET /small-boxes-pill-c-13_150_154.html HTTP/1.0" 200 90459 "-" "Mozilla/5.0 (compatible; MJ12bot/v1.4.8; http://mj12bot.com/)"
157.55.39.108 - - [29/Nov/2021:11:27:34 +0100] "GET /images/big_prod/1328399219278a.jpg HTTP/1.0" 200 269 "-" "Mozilla/5.0 (compatible; bingbot/2.0; +http://www.bing.com/bingbot.htm)"
192.99.36.166 - - [29/Nov/2021:11:27:35 +0100] "GET /petites-boites-piluliers-c-13_150_154.html HTTP/1.0" 301 90540 "-" "Mozilla/5.0 (compatible; MJ12bot/v1.4.8; http://mj12bot.com/)"
192.99.36.166 - - [29/Nov/2021:11:27:39 +0100] "GET /small-boxes-pill-c-154.html HTTP/1.0" 301 90294 "-" "Mozilla/5.0 (compatible; MJ12bot/v1.4.8; http://mj12bot.com/)"
54.36.149.53 - - [29/Nov/2021:11:27:41 +0100] "GET /robocar-poli-moving-p-32409.html HTTP/1.0" 200 73378 "-" "Mozilla/5.0 (compatible; AhrefsBot/7.0; +http://ahrefs.com/robot/)"
192.99.36.166 - - [29/Nov/2021:11:27:48 +0100] "GET /small-boxes-pill-c-13_150_154.html HTTP/1.0" 200 90459 "-" "Mozilla/5.0 (compatible; MJ12bot/v1.4.8; http://mj12bot.com/)"
192.99.36.166 - - [29/Nov/2021:11:27:51 +0100] "GET /petits-plateaux-c-12_159_261.html HTTP/1.0" 301 89985 "-" "Mozilla/5.0 (compatible; MJ12bot/v1.4.8; http://mj12bot.com/)"
192.99.36.166 - - [29/Nov/2021:11:27:54 +0100] "GET /small-trays-c-261.html HTTP/1.0" 301 89785 "-" "Mozilla/5.0 (compatible; MJ12bot/v1.4.8; http://mj12bot.com/)"
192.99.36.166 - - [29/Nov/2021:11:27:56 +0100] "GET /small-trays-c-12_159_261.html HTTP/1.0" 200 89909 "-" "Mozilla/5.0 (compatible; MJ12bot/v1.4.8; http://mj12bot.com/)"
192.99.36.166 - - [29/Nov/2021:11:28:00 +0100] "GET /photo-frames-and-memo-clips-c-132.html HTTP/1.0" 301 91013 "-" "Mozilla/5.0 (compatible; MJ12bot/v1.4.8; http://mj12bot.com/)"
192.99.36.166 - - [29/Nov/2021:11:28:04 +0100] "GET /photo-frames-memo-clips-c-13_132.html HTTP/1.0" 200 91048 "-" "Mozilla/5.0 (compatible; MJ12bot/v1.4.8; http://mj12bot.com/)"
192.99.36.166 - - [29/Nov/2021:11:28:08 +0100] "GET /picchu-door-mat-coconut-fiber-p-45689.html HTTP/1.0" 301 70631 "-" "Mozilla/5.0 (compatible; MJ12bot/v1.4.8; http://mj12bot.com/)"
192.99.36.166 - - [29/Nov/2021:11:28:12 +0100] "GET /-p-45689.html HTTP/1.0" 200 70564 "-" "Mozilla/5.0 (compatible; MJ12bot/v1.4.8; http://mj12bot.com/)"
192.99.36.166 - - [29/Nov/2021:11:28:14 +0100] "GET /pichet-en-fibre-de-bambou-colibri-p-49561.html HTTP/1.0" 301 70783 "-" "Mozilla/5.0 (compatible; MJ12bot/v1.4.8; http://mj12bot.com/)"
192.99.36.166 - - [29/Nov/2021:11:28:17 +0100] "GET /bamboo-fiber-hummingbird-p-49561.html HTTP/1.0" 200 70692 "-" "Mozilla/5.0 (compatible; MJ12bot/v1.4.8; http://mj12bot.com/)"
192.99.36.166 - - [29/Nov/2021:11:28:22 +0100] "GET /piece-echec-roi-couleur-cuivre-p-45487.html HTTP/1.0" 301 70631 "-" "Mozilla/5.0 (compatible; MJ12bot/v1.4.8; http://mj12bot.com/)"
192.99.36.166 - - [29/Nov/2021:11:28:26 +0100] "GET /-p-45487.html HTTP/1.0" 200 70564 "-" "Mozilla/5.0 (compatible; MJ12bot/v1.4.8; http://mj12bot.com/)"
192.99.36.166 - - [29/Nov/2021:11:28:30 +0100] "GET /pieces-echec-decoratives-sous-cloche-de-verre-25-cm-p-51115.html HTTP/1.0" 301 70782 "-" "Mozilla/5.0 (compatible; MJ12bot/v1.4.8; http://mj12bot.com/)"
192.99.36.166 - - [29/Nov/2021:11:28:34 +0100] "GET /chess-pieces-under-glass-bell-p-51115.html HTTP/1.0" 200 70686 "-" "Mozilla/5.0 (compatible; MJ12bot/v1.4.8; http://mj12bot.com/)"
192.99.36.166 - - [29/Nov/2021:11:28:38 +0100] "GET /piggy-bank-with-small-hammer-30-years-p-38523.html HTTP/1.0" 301 70631 "-" "Mozilla/5.0 (compatible; MJ12bot/v1.4.8; http://mj12bot.com/)"
192.99.36.166 - - [29/Nov/2021:11:28:44 +0100] "GET /-p-38523.html HTTP/1.0" 200 70564 "-" "Mozilla/5.0 (compatible; MJ12bot/v1.4.8; http://mj12bot.com/)"
192.99.36.166 - - [29/Nov/2021:11:28:47 +0100] "GET /pillar-wax-melt-warmer-p-51056.html HTTP/1.0" 301 70719 "-" "Mozilla/5.0 (compatible; MJ12bot/v1.4.8; http://mj12bot.com/)"
114.119.128.34 - - [29/Nov/2021:11:28:49 +0100] "GET /cardmaking-c-129_128.html HTTP/1.0" 200 91894 "-" "Mozilla/5.0 (Linux; Android 7.0;) AppleWebKit/537.36 (KHTML, like Gecko) Mobile Safari/537.36 (compatible; PetalBot;+https://webmaster.petalsearch.com/site/petalbot)"
192.99.36.166 - - [29/Nov/2021:11:28:51 +0100] "GET /pillar-melt-warmer-p-51056.html HTTP/1.0" 200 70634 "-" "Mozilla/5.0 (compatible; MJ12bot/v1.4.8; http://mj12bot.com/)"
192.99.36.166 - - [29/Nov/2021:11:28:54 +0100] "GET /pillow-bolster-c-199.html HTTP/1.0" 301 81686 "-" "Mozilla/5.0 (compatible; MJ12bot/v1.4.8; http://mj12bot.com/)"
192.99.36.166 - - [29/Nov/2021:11:28:58 +0100] "GET /pillow-bolster-c-11_199.html HTTP/1.0" 200 81726 "-" "Mozilla/5.0 (compatible; MJ12bot/v1.4.8; http://mj12bot.com/)"
192.99.36.166 - - [29/Nov/2021:11:29:05 +0100] "GET /pillow-protector-bolster-protector-c-276.html HTTP/1.0" 301 83619 "-" "Mozilla/5.0 (compatible; MJ12bot/v1.4.8; http://mj12bot.com/)"
192.99.36.166 - - [29/Nov/2021:11:29:11 +0100] "GET /pillow-protector-bolster-protector-c-11_276.html HTTP/1.0" 200 83636 "-" "Mozilla/5.0 (compatible; MJ12bot/v1.4.8; http://mj12bot.com/)"
192.99.36.166 - - [29/Nov/2021:11:29:14 +0100] "GET /pink-flamingos-shower-curtain-180-200-cm-p-50730.html HTTP/1.0" 301 74093 "-" "Mozilla/5.0 (compatible; MJ12bot/v1.4.8; http://mj12bot.com/)"
192.99.36.166 - - [29/Nov/2021:11:29:19 +0100] "GET /pink-flamingos-shower-curtain-p-50730.html HTTP/1.0" 200 73997 "-" "Mozilla/5.0 (compatible; MJ12bot/v1.4.8; http://mj12bot.com/)"
66.249.75.168 - - [29/Nov/2021:11:29:20 +0100] "GET /images/big_prod/8422060206000.jpg HTTP/1.0" 200 268 "-" "Googlebot-Image/1.0"
192.99.36.166 - - [29/Nov/2021:11:29:24 +0100] "GET /placemats-c-156.html HTTP/1.0" 301 92329 "-" "Mozilla/5.0 (compatible; MJ12bot/v1.4.8; http://mj12bot.com/)"
185.191.171.19 - - [29/Nov/2021:11:29:24 +0100] "GET /becassine-money-box-p-15682.html HTTP/1.0" 301 70701 "-" "Mozilla/5.0 (compatible; SemrushBot/7~bl; +http://www.semrush.com/bot.html)"
185.191.171.40 - - [29/Nov/2021:11:29:27 +0100] "GET /bcassine-money-p-15682.html HTTP/1.0" 200 70620 "-" "Mozilla/5.0 (compatible; SemrushBot/7~bl; +http://www.semrush.com/bot.html)"
192.99.36.166 - - [29/Nov/2021:11:29:28 +0100] "GET /placemats-c-12_156.html HTTP/1.0" 200 92356 "-" "Mozilla/5.0 (compatible; MJ12bot/v1.4.8; http://mj12bot.com/)"
192.99.36.166 - - [29/Nov/2021:11:29:32 +0100] "GET /plaid-jete-de-canape-franges-portofino-125-150-cm-cru-p-47920.html HTTP/1.0" 301 74233 "-" "Mozilla/5.0 (compatible; MJ12bot/v1.4.8; http://mj12bot.com/)"
192.99.36.166 - - [29/Nov/2021:11:29:35 +0100] "GET /plaid-sofa-throw-portofino-with-fringes-p-47920.html HTTP/1.0" 200 74127 "-" "Mozilla/5.0 (compatible; MJ12bot/v1.4.8; http://mj12bot.com/)"
192.99.36.166 - - [29/Nov/2021:11:29:39 +0100] "GET /plaid-jete-de-canape-franges-portofino-125-150-cm-souris-p-47921.html HTTP/1.0" 301 74253 "-" "Mozilla/5.0 (compatible; MJ12bot/v1.4.8; http://mj12bot.com/)"
185.191.171.9 - - [29/Nov/2021:11:29:42 +0100] "GET /forget-me-not-gorjuss-mug-p-28436.html HTTP/1.0" 301 70739 "-" "Mozilla/5.0 (compatible; SemrushBot/7~bl; +http://www.semrush.com/bot.html)"
192.99.36.166 - - [29/Nov/2021:11:29:43 +0100] "GET /plaid-sofa-throw-portofino-with-fringes-grey-p-47921.html HTTP/1.0" 200 74142 "-" "Mozilla/5.0 (compatible; MJ12bot/v1.4.8; http://mj12bot.com/)"
185.191.171.45 - - [29/Nov/2021:11:29:44 +0100] "GET /forget-gorjuss-p-28436.html HTTP/1.0" 200 70658 "-" "Mozilla/5.0 (compatible; SemrushBot/7~bl; +http://www.semrush.com/bot.html)"
192.99.36.166 - - [29/Nov/2021:11:29:45 +0100] "GET /plaid-phosphorescent-elfie-polaire-doudou-130-160-cm-p-51607.html HTTP/1.0" 301 73399 "-" "Mozilla/5.0 (compatible; MJ12bot/v1.4.8; http://mj12bot.com/)"
192.99.36.166 - - [29/Nov/2021:11:29:49 +0100] "GET /elfie-phosphorescent-polar-plaid-p-51607.html HTTP/1.0" 200 73300 "-" "Mozilla/5.0 (compatible; MJ12bot/v1.4.8; http://mj12bot.com/)"
124.71.153.13 - - [29/Nov/2021:11:29:51 +0100] "GET /images/mini_prod/3457019600474a.jpg HTTP/1.0" 200 270 "-" "Mozilla/5.0 (X11; Ubuntu; Linux x86_64; rv:72.0) Gecko/20100101 Firefox/72.0"
192.99.36.166 - - [29/Nov/2021:11:29:53 +0100] "GET /plaid-phosphorescent-voyage-polaire-doudou-130-160-cm-p-51609.html HTTP/1.0" 301 73408 "-" "Mozilla/5.0 (compatible; MJ12bot/v1.4.8; http://mj12bot.com/)"
192.99.36.166 - - [29/Nov/2021:11:29:55 +0100] "GET /travel-phosphorescent-polar-plaid-p-51609.html HTTP/1.0" 200 73308 "-" "Mozilla/5.0 (compatible; MJ12bot/v1.4.8; http://mj12bot.com/)"
81.23.144.98 - - [29/Nov/2021:11:29:58 +0100] "GET /images/big_prod_1/b8719172838800.jpg HTTP/1.0" 200 271 "-" "Mozilla/5.0 (Windows NT 10.0; Win64; x64; rv:78.0) Gecko/20100101 Firefox/78.0"
192.99.36.166 - - [29/Nov/2021:11:29:57 +0100] "GET /plaid-sofa-throw-portofino-with-fringes-125-150-cm-grey-p-47921.html HTTP/1.0" 301 74253 "-" "Mozilla/5.0 (compatible; MJ12bot/v1.4.8; http://mj12bot.com/)"
192.99.36.166 - - [29/Nov/2021:11:30:00 +0100] "GET /plaid-sofa-throw-portofino-with-fringes-grey-p-47921.html HTTP/1.0" 200 74142 "-" "Mozilla/5.0 (compatible; MJ12bot/v1.4.8; http://mj12bot.com/)"
192.99.36.166 - - [29/Nov/2021:11:30:02 +0100] "GET /plaid-sofa-throw-portofino-with-fringes-125-150-cm-raw-p-47920.html HTTP/1.0" 301 74233 "-" "Mozilla/5.0 (compatible; MJ12bot/v1.4.8; http://mj12bot.com/)"
192.99.36.166 - - [29/Nov/2021:11:30:06 +0100] "GET /plaid-sofa-throw-portofino-with-fringes-p-47920.html HTTP/1.0" 200 74127 "-" "Mozilla/5.0 (compatible; MJ12bot/v1.4.8; http://mj12bot.com/)"
192.99.36.166 - - [29/Nov/2021:11:30:09 +0100] "GET /plaids-couvertures-c-11_73.html HTTP/1.0" 301 91684 "-" "Mozilla/5.0 (compatible; MJ12bot/v1.4.8; http://mj12bot.com/)"
54.36.148.41 - - [29/Nov/2021:11:30:11 +0100] "GET /basket-in-black-and-natural-palm-leaves-38-28-cm-p-48057.html HTTP/1.0" 301 73511 "-" "Mozilla/5.0 (compatible; AhrefsBot/7.0; +http://ahrefs.com/robot/)"
192.99.36.166 - - [29/Nov/2021:11:30:12 +0100] "GET /polar-blankets-blankets-c-73.html HTTP/1.0" 301 91565 "-" "Mozilla/5.0 (compatible; MJ12bot/v1.4.8; http://mj12bot.com/)"
185.191.171.1 - - [29/Nov/2021:11:30:14 +0100] "GET /yoga-mat-c-11_268.html HTTP/1.0" 301 83971 "-" "Mozilla/5.0 (compatible; SemrushBot/7~bl; +http://www.semrush.com/bot.html)"
192.99.36.166 - - [29/Nov/2021:11:30:15 +0100] "GET /polar-blankets-blankets-c-11_73.html HTTP/1.0" 200 91597 "-" "Mozilla/5.0 (compatible; MJ12bot/v1.4.8; http://mj12bot.com/)"
185.191.171.3 - - [29/Nov/2021:11:30:16 +0100] "GET /yoga-c-268.html HTTP/1.0" 200 83791 "-" "Mozilla/5.0 (compatible; SemrushBot/7~bl; +http://www.semrush.com/bot.html)"
192.99.36.166 - - [29/Nov/2021:11:30:18 +0100] "GET /planche-de-surf-en-bois-surfing-bike-sur-fond-jaune-60-cm-p-49486.html HTTP/1.0" 301 70872 "-" "Mozilla/5.0 (compatible; MJ12bot/v1.4.8; http://mj12bot.com/)"
192.99.36.166 - - [29/Nov/2021:11:30:20 +0100] "GET /motorcycle-decorative-surfboard-yellow-background-p-49486.html HTTP/1.0" 200 70756 "-" "Mozilla/5.0 (compatible; MJ12bot/v1.4.8; http://mj12bot.com/)"
192.99.36.166 - - [29/Nov/2021:11:30:23 +0100] "GET /planche-decouper-en-verre-fromages-corses-30-20-cm-p-49741.html HTTP/1.0" 301 73650 "-" "Mozilla/5.0 (compatible; MJ12bot/v1.4.8; http://mj12bot.com/)"
192.99.36.166 - - [29/Nov/2021:11:30:26 +0100] "GET /corsica-glass-cutting-board-p-49741.html HTTP/1.0" 200 73556 "-" "Mozilla/5.0 (compatible; MJ12bot/v1.4.8; http://mj12bot.com/)"
192.99.36.166 - - [29/Nov/2021:11:30:29 +0100] "GET /planchette-tartiner-tassen-fabrique-allemag-p-54702.html HTTP/1.0" 301 74646 "-" "Mozilla/5.0 (compatible; MJ12bot/v1.4.8; http://mj12bot.com/)"
192.99.36.166 - - [29/Nov/2021:11:30:32 +0100] "GET /breakfast-board-tassen-made-germany-p-54702.html HTTP/1.0" 200 74544 "-" "Mozilla/5.0 (compatible; MJ12bot/v1.4.8; http://mj12bot.com/)"
192.99.36.166 - - [29/Nov/2021:11:30:34 +0100] "GET /planchette-tartiner-tassen-fabriquee-en-allemagne-p-53188.html HTTP/1.0" 301 74493 "-" "Mozilla/5.0 (compatible; MJ12bot/v1.4.8; http://mj12bot.com/)"
54.36.148.174 - - [29/Nov/2021:11:30:35 +0100] "GET /tetsubin-grey-teapots-japanese-p-36061.html HTTP/1.0" 301 73657 "-" "Mozilla/5.0 (compatible; AhrefsBot/7.0; +http://ahrefs.com/robot/)"
192.99.36.166 - - [29/Nov/2021:11:30:37 +0100] "GET /breakfast-board-cinnamon-star-massacre-tassen-made-germany-p-53188.html HTTP/1.0" 200 74368 "-" "Mozilla/5.0 (compatible; MJ12bot/v1.4.8; http://mj12bot.com/)"
192.99.36.166 - - [29/Nov/2021:11:30:40 +0100] "GET /planchette-tartiner-tassen-fabriquee-en-allemagne-p-53190.html HTTP/1.0" 301 74408 "-" "Mozilla/5.0 (compatible; MJ12bot/v1.4.8; http://mj12bot.com/)"
192.99.36.166 - - [29/Nov/2021:11:30:44 +0100] "GET /breakfast-board-half-tassen-made-germany-p-53190.html HTTP/1.0" 200 74301 "-" "Mozilla/5.0 (compatible; MJ12bot/v1.4.8; http://mj12bot.com/)"
192.99.36.166 - - [29/Nov/2021:11:30:48 +0100] "GET /plaque-dcorative-bout-rouleau-p-56117.html HTTP/1.0" 301 73807 "-" "Mozilla/5.0 (compatible; MJ12bot/v1.4.8; http://mj12bot.com/)"
192.99.36.166 - - [29/Nov/2021:11:30:50 +0100] "GET /metal-plate-deco-p-56117.html HTTP/1.0" 200 73724 "-" "Mozilla/5.0 (compatible; MJ12bot/v1.4.8; http://mj12bot.com/)"
192.99.36.166 - - [29/Nov/2021:11:30:54 +0100] "GET /plaque-dcorative-petit-coin-paradis-p-56118.html HTTP/1.0" 301 73807 "-" "Mozilla/5.0 (compatible; MJ12bot/v1.4.8; http://mj12bot.com/)"
192.99.36.166 - - [29/Nov/2021:11:30:57 +0100] "GET /metal-plate-deco-p-56118.html HTTP/1.0" 200 73724 "-" "Mozilla/5.0 (compatible; MJ12bot/v1.4.8; http://mj12bot.com/)"
192.99.36.166 - - [29/Nov/2021:11:31:01 +0100] "GET /plaque-de-porte-chambre-de-bebe-en-bois-bleu-azur-p-47791.html HTTP/1.0" 301 73585 "-" "Mozilla/5.0 (compatible; MJ12bot/v1.4.8; http://mj12bot.com/)"
192.99.36.166 - - [29/Nov/2021:11:31:05 +0100] "GET /door-plate-baby-room-azure-blue-p-47791.html HTTP/1.0" 200 73487 "-" "Mozilla/5.0 (compatible; MJ12bot/v1.4.8; http://mj12bot.com/)"
192.99.36.166 - - [29/Nov/2021:11:31:08 +0100] "GET /plaque-de-rue-route-du-rhum-suspendre-20-cm-p-51752.html HTTP/1.0" 301 73251 "-" "Mozilla/5.0 (compatible; MJ12bot/v1.4.8; http://mj12bot.com/)"
192.99.36.166 - - [29/Nov/2021:11:31:12 +0100] "GET /rhum-metal-plate-deco-p-51752.html HTTP/1.0" 200 73163 "-" "Mozilla/5.0 (compatible; MJ12bot/v1.4.8; http://mj12bot.com/)"
192.99.36.166 - - [29/Nov/2021:11:31:17 +0100] "GET /plaque-decorative-bistrot-les-copains-abord-suspendre-p-53545.html HTTP/1.0" 301 73518 "-" "Mozilla/5.0 (compatible; MJ12bot/v1.4.8; http://mj12bot.com/)"
192.99.36.166 - - [29/Nov/2021:11:31:20 +0100] "GET /wooden-decorative-plate-bistrot-copains-p-53545.html HTTP/1.0" 200 73412 "-" "Mozilla/5.0 (compatible; MJ12bot/v1.4.8; http://mj12bot.com/)"
192.99.36.166 - - [29/Nov/2021:11:31:23 +0100] "GET /plaque-decorative-cafe-racer-garage-triangulaire-en-metal-40-cm-p-48073.html HTTP/1.0" 301 74091 "-" "Mozilla/5.0 (compatible; MJ12bot/v1.4.8; http://mj12bot.com/)"
192.99.36.166 - - [29/Nov/2021:11:31:27 +0100] "GET /triangular-metallic-plate-hang-moto-p-48073.html HTTP/1.0" 200 73989 "-" "Mozilla/5.0 (compatible; MJ12bot/v1.4.8; http://mj12bot.com/)"
49.7.20.113 - - [29/Nov/2021:11:31:30 +0100] "GET / HTTP/1.0" 200 151665 "-" "Sogou web spider/4.0(+http://www.sogou.com/docs/help/webmasters.htm#07)"
192.99.36.166 - - [29/Nov/2021:11:31:31 +0100] "GET /plaque-decorative-ford-mustang-en-metal-30-cm-p-52941.html HTTP/1.0" 301 73367 "-" "Mozilla/5.0 (compatible; MJ12bot/v1.4.8; http://mj12bot.com/)"
192.99.36.166 - - [29/Nov/2021:11:31:36 +0100] "GET /rectangular-metal-plate-mustang-p-52941.html HTTP/1.0" 200 73269 "-" "Mozilla/5.0 (compatible; MJ12bot/v1.4.8; http://mj12bot.com/)"
192.99.36.166 - - [29/Nov/2021:11:31:38 +0100] "GET /plaque-decorative-garage-suspendre-p-53548.html HTTP/1.0" 301 73979 "-" "Mozilla/5.0 (compatible; MJ12bot/v1.4.8; http://mj12bot.com/)"
192.99.36.166 - - [29/Nov/2021:11:31:41 +0100] "GET /wooden-decorative-plate-garage-p-53548.html HTTP/1.0" 200 73882 "-" "Mozilla/5.0 (compatible; MJ12bot/v1.4.8; http://mj12bot.com/)"
185.191.171.24 - - [29/Nov/2021:11:31:48 +0100] "GET /provence-small-ceramic-ashtray-p-52636.html HTTP/1.0" 200 73261 "-" "Mozilla/5.0 (compatible; SemrushBot/7~bl; +http://www.semrush.com/bot.html)"
192.99.36.166 - - [29/Nov/2021:11:31:49 +0100] "GET /plaque-decorative-rhum-suspendre-20-cm-p-51750.html HTTP/1.0" 301 73833 "-" "Mozilla/5.0 (compatible; MJ12bot/v1.4.8; http://mj12bot.com/)"
192.99.36.166 - - [29/Nov/2021:11:31:54 +0100] "GET /rhum-metal-plate-deco-p-51750.html HTTP/1.0" 200 73745 "-" "Mozilla/5.0 (compatible; MJ12bot/v1.4.8; http://mj12bot.com/)"
192.99.36.166 - - [29/Nov/2021:11:31:57 +0100] "GET /plaque-en-bois-decorative-bienvenue-45-175-cm-p-51584.html HTTP/1.0" 301 74051 "-" "Mozilla/5.0 (compatible; MJ12bot/v1.4.8; http://mj12bot.com/)"
192.99.36.166 - - [29/Nov/2021:11:32:00 +0100] "GET /decorative-wooden-plate-bienvenue-p-51584.html HTTP/1.0" 200 73951 "-" "Mozilla/5.0 (compatible; MJ12bot/v1.4.8; http://mj12bot.com/)"
192.99.36.166 - - [29/Nov/2021:11:32:04 +0100] "GET /plaque-metal-cuba-305-20-cm-p-52888.html HTTP/1.0" 301 73445 "-" "Mozilla/5.0 (compatible; MJ12bot/v1.4.8; http://mj12bot.com/)"
192.99.36.166 - - [29/Nov/2021:11:32:07 +0100] "GET /cuba-decorative-metal-plate-cbkreation-p-52888.html HTTP/1.0" 200 73340 "-" "Mozilla/5.0 (compatible; MJ12bot/v1.4.8; http://mj12bot.com/)"
54.36.149.106 - - [29/Nov/2021:11:32:09 +0100] "GET /protects-mattress-fleece-180-200-30-cm-p-49204.html HTTP/1.0" 301 73604 "-" "Mozilla/5.0 (compatible; AhrefsBot/7.0; +http://ahrefs.com/robot/)"
192.99.36.166 - - [29/Nov/2021:11:32:11 +0100] "GET /plaque-metal-decorative-exit-70-25-cm-p-47953.html HTTP/1.0" 301 70769 "-" "Mozilla/5.0 (compatible; MJ12bot/v1.4.8; http://mj12bot.com/)"
185.191.171.4 - - [29/Nov/2021:11:32:14 +0100] "GET /big-weekend-bag-laissez-lucie-faire-aladin-p-49023.html HTTP/1.0" 301 70793 "-" "Mozilla/5.0 (compatible; SemrushBot/7~bl; +http://www.semrush.com/bot.html)"
185.191.171.6 - - [29/Nov/2021:11:32:16 +0100] "GET /weekend-laissez-lucie-faire-aladin-p-49023.html HTTP/1.0" 200 70692 "-" "Mozilla/5.0 (compatible; SemrushBot/7~bl; +http://www.semrush.com/bot.html)"
192.99.36.166 - - [29/Nov/2021:11:32:17 +0100] "GET /exit-decorative-metal-plate-p-47953.html HTTP/1.0" 200 70675 "-" "Mozilla/5.0 (compatible; MJ12bot/v1.4.8; http://mj12bot.com/)"
114.119.128.34 - - [29/Nov/2021:11:32:17 +0100] "GET /cat-michelle-allen-breakfast-set-p-32829.html HTTP/1.0" 301 70757 "-" "Mozilla/5.0 (Linux; Android 7.0;) AppleWebKit/537.36 (KHTML, like Gecko) Mobile Safari/537.36 (compatible; PetalBot;+https://webmaster.petalsearch.com/site/petalbot)"
192.99.36.166 - - [29/Nov/2021:11:32:22 +0100] "GET /plaque-metal-decorative-fleche-bar-20-50-cm-p-47951.html HTTP/1.0" 301 73343 "-" "Mozilla/5.0 (compatible; MJ12bot/v1.4.8; http://mj12bot.com/)"
192.99.36.166 - - [29/Nov/2021:11:32:25 +0100] "GET /decorative-metal-plate-p-47951.html HTTP/1.0" 200 73254 "-" "Mozilla/5.0 (compatible; MJ12bot/v1.4.8; http://mj12bot.com/)"
114.119.128.34 - - [29/Nov/2021:11:32:26 +0100] "GET /michelle-allen-breakfast-p-32829.html HTTP/1.0" 200 70666 "-" "Mozilla/5.0 (Linux; Android 7.0;) AppleWebKit/537.36 (KHTML, like Gecko) Mobile Safari/537.36 (compatible; PetalBot;+https://webmaster.petalsearch.com/site/petalbot)"
192.99.36.166 - - [29/Nov/2021:11:32:28 +0100] "GET /plaque-metal-decorative-harley-davidson-motorcycles-40-cm-p-52945.html HTTP/1.0" 301 73478 "-" "Mozilla/5.0 (compatible; MJ12bot/v1.4.8; http://mj12bot.com/)"
192.99.36.166 - - [29/Nov/2021:11:32:31 +0100] "GET /harley-davidson-motorcycles-metal-plate-p-52945.html HTTP/1.0" 200 73372 "-" "Mozilla/5.0 (compatible; MJ12bot/v1.4.8; http://mj12bot.com/)"
192.99.36.166 - - [29/Nov/2021:11:32:34 +0100] "GET /plaque-metal-decorative-johnny-hallyday-20-30-cm-p-51151.html HTTP/1.0" 301 73511 "-" "Mozilla/5.0 (compatible; MJ12bot/v1.4.8; http://mj12bot.com/)"
192.99.36.166 - - [29/Nov/2021:11:32:38 +0100] "GET /johnny-hallyday-metal-plate-p-51151.html HTTP/1.0" 200 73417 "-" "Mozilla/5.0 (compatible; MJ12bot/v1.4.8; http://mj12bot.com/)"
192.99.36.166 - - [29/Nov/2021:11:32:41 +0100] "GET /plaque-metal-decorative-kawasaki-genuine-parts-50-25-cm-p-51152.html HTTP/1.0" 301 73382 "-" "Mozilla/5.0 (compatible; MJ12bot/v1.4.8; http://mj12bot.com/)"
192.99.36.166 - - [29/Nov/2021:11:32:44 +0100] "GET /kawasaki-metal-plate-p-51152.html HTTP/1.0" 200 73295 "-" "Mozilla/5.0 (compatible; MJ12bot/v1.4.8; http://mj12bot.com/)"
192.99.36.166 - - [29/Nov/2021:11:32:47 +0100] "GET /plaque-place-ptanque-suspendre-p-55974.html HTTP/1.0" 301 70701 "-" "Mozilla/5.0 (compatible; MJ12bot/v1.4.8; http://mj12bot.com/)"
192.99.36.166 - - [29/Nov/2021:11:32:51 +0100] "GET /metal-plate-deco-p-55974.html HTTP/1.0" 200 70618 "-" "Mozilla/5.0 (compatible; MJ12bot/v1.4.8; http://mj12bot.com/)"
192.99.36.166 - - [29/Nov/2021:11:32:54 +0100] "GET /plaques-metal-c-13_130.html HTTP/1.0" 301 94557 "-" "Mozilla/5.0 (compatible; MJ12bot/v1.4.8; http://mj12bot.com/)"
192.99.36.166 - - [29/Nov/2021:11:32:57 +0100] "GET /mtal-signs-c-130.html HTTP/1.0" 301 94434 "-" "Mozilla/5.0 (compatible; MJ12bot/v1.4.8; http://mj12bot.com/)"
192.99.36.166 - - [29/Nov/2021:11:33:00 +0100] "GET /mtal-signs-c-13_130.html HTTP/1.0" 200 94482 "-" "Mozilla/5.0 (compatible; MJ12bot/v1.4.8; http://mj12bot.com/)"
192.99.36.166 - - [29/Nov/2021:11:33:03 +0100] "GET /plaques-mtal-c-13_130.html HTTP/1.0" 301 94557 "-" "Mozilla/5.0 (compatible; MJ12bot/v1.4.8; http://mj12bot.com/)"
192.99.36.166 - - [29/Nov/2021:11:33:06 +0100] "GET /mtal-signs-c-130.html HTTP/1.0" 301 94434 "-" "Mozilla/5.0 (compatible; MJ12bot/v1.4.8; http://mj12bot.com/)"
192.99.36.166 - - [29/Nov/2021:11:33:09 +0100] "GET /mtal-signs-c-13_130.html HTTP/1.0" 200 94482 "-" "Mozilla/5.0 (compatible; MJ12bot/v1.4.8; http://mj12bot.com/)"
192.99.36.166 - - [29/Nov/2021:11:33:12 +0100] "GET /plastic-boxes-and-storage-c-217.html HTTP/1.0" 301 76161 "-" "Mozilla/5.0 (compatible; MJ12bot/v1.4.8; http://mj12bot.com/)"
192.99.36.166 - - [29/Nov/2021:11:33:16 +0100] "GET /plastic-boxes-storage-c-13_150_217.html HTTP/1.0" 200 76314 "-" "Mozilla/5.0 (compatible; MJ12bot/v1.4.8; http://mj12bot.com/)"
185.191.171.16 - - [29/Nov/2021:11:33:19 +0100] "GET /mickey-pvc-led-ceiling-light-p-33141.html HTTP/1.0" 301 70737 "-" "Mozilla/5.0 (compatible; SemrushBot/7~bl; +http://www.semrush.com/bot.html)"
192.99.36.166 - - [29/Nov/2021:11:33:20 +0100] "GET /plateau-adele-gustav-klimt-353-246-cm-p-51679.html HTTP/1.0" 301 73310 "-" "Mozilla/5.0 (compatible; MJ12bot/v1.4.8; http://mj12bot.com/)"
185.191.171.21 - - [29/Nov/2021:11:33:21 +0100] "GET /mickey-ceiling-light-p-33141.html HTTP/1.0" 200 70650 "-" "Mozilla/5.0 (compatible; SemrushBot/7~bl; +http://www.semrush.com/bot.html)"
192.99.36.166 - - [29/Nov/2021:11:33:22 +0100] "GET /klimt-little-tray-p-51679.html HTTP/1.0" 200 73226 "-" "Mozilla/5.0 (compatible; MJ12bot/v1.4.8; http://mj12bot.com/)"
192.99.36.166 - - [29/Nov/2021:11:33:26 +0100] "GET /plateau-arbre-de-vie-gustav-klimt-353-246-cm-p-51680.html HTTP/1.0" 301 73309 "-" "Mozilla/5.0 (compatible; MJ12bot/v1.4.8; http://mj12bot.com/)"
192.99.36.166 - - [29/Nov/2021:11:33:29 +0100] "GET /klimt-little-tray-p-51680.html HTTP/1.0" 200 73225 "-" "Mozilla/5.0 (compatible; MJ12bot/v1.4.8; http://mj12bot.com/)"
192.99.36.166 - - [29/Nov/2021:11:33:32 +0100] "GET /plateau-bambou-hrons-p-56086.html HTTP/1.0" 301 73967 "-" "Mozilla/5.0 (compatible; MJ12bot/v1.4.8; http://mj12bot.com/)"
185.191.171.39 - - [29/Nov/2021:11:33:33 +0100] "GET /superman-backpack-p-3539.html HTTP/1.0" 200 73415 "-" "Mozilla/5.0 (compatible; SemrushBot/7~bl; +http://www.semrush.com/bot.html)"
192.99.36.166 - - [29/Nov/2021:11:33:35 +0100] "GET /bamboo-tray-bird-p-56086.html HTTP/1.0" 200 73884 "-" "Mozilla/5.0 (compatible; MJ12bot/v1.4.8; http://mj12bot.com/)"
192.99.36.166 - - [29/Nov/2021:11:33:37 +0100] "GET /plateau-bistrot-les-copains-rond-en-metal-33-cm-p-53576.html HTTP/1.0" 301 74138 "-" "Mozilla/5.0 (compatible; MJ12bot/v1.4.8; http://mj12bot.com/)"
185.191.171.1 - - [29/Nov/2021:11:33:38 +0100] "GET /luxe-pense-wall-sticker-p-39313.html?action=add_product HTTP/1.0" 302 476 "-" "Mozilla/5.0 (compatible; SemrushBot/7~bl; +http://www.semrush.com/bot.html)"
192.99.36.166 - - [29/Nov/2021:11:33:40 +0100] "GET /bistrot-metal-tray-p-53576.html HTTP/1.0" 200 74053 "-" "Mozilla/5.0 (compatible; MJ12bot/v1.4.8; http://mj12bot.com/)"
192.99.36.166 - - [29/Nov/2021:11:33:43 +0100] "GET /plateau-chats-amoureux-automne-22-27-cm-p-45563.html HTTP/1.0" 301 70736 "-" "Mozilla/5.0 (compatible; MJ12bot/v1.4.8; http://mj12bot.com/)"
192.99.36.166 - - [29/Nov/2021:11:33:47 +0100] "GET /cats-lovers-autumn-tray-p-45563.html HTTP/1.0" 200 70646 "-" "Mozilla/5.0 (compatible; MJ12bot/v1.4.8; http://mj12bot.com/)"
192.99.36.166 - - [29/Nov/2021:11:33:54 +0100] "GET /plateau-en-bambou-allergique-au-matin-39-cm-p-51686.html HTTP/1.0" 301 73433 "-" "Mozilla/5.0 (compatible; MJ12bot/v1.4.8; http://mj12bot.com/)"
