207.180.224.141 - - [29/Nov/2021:13:56:06 +0100] "GET /cement-tile-coasters-p-53108.html HTTP/1.0" 200 70652 "-" "Mozilla/5.0 (compatible; MJ12bot/v1.4.8; http://mj12bot.com/)"
207.180.224.141 - - [29/Nov/2021:13:56:10 +0100] "GET /dessous-de-verres-carreaux-de-ciment-ceramique-et-liege-p-53118.html HTTP/1.0" 301 73299 "-" "Mozilla/5.0 (compatible; MJ12bot/v1.4.8; http://mj12bot.com/)"
207.180.224.141 - - [29/Nov/2021:13:56:13 +0100] "GET /cement-tile-coasters-p-53118.html HTTP/1.0" 200 73212 "-" "Mozilla/5.0 (compatible; MJ12bot/v1.4.8; http://mj12bot.com/)"
66.249.75.168 - - [29/Nov/2021:13:56:25 +0100] "GET / HTTP/1.0" 200 151608 "-" "Mozilla/5.0 (Linux; Android 6.0.1; Nexus 5X Build/MMB29P) AppleWebKit/537.36 (KHTML, like Gecko) Chrome/96.0.4664.45 Mobile Safari/537.36 (compatible; Googlebot/2.1; +http://www.google.com/bot.html)"
207.180.224.141 - - [29/Nov/2021:13:56:27 +0100] "GET /dessous-plat-planches-dcouper-c-12_158.html HTTP/1.0" 301 94450 "-" "Mozilla/5.0 (compatible; MJ12bot/v1.4.8; http://mj12bot.com/)"
54.36.149.30 - - [29/Nov/2021:13:56:28 +0100] "GET /vase-soliflore-c-13_232.html?page=2 HTTP/1.0" 200 91872 "-" "Mozilla/5.0 (compatible; AhrefsBot/7.0; +http://ahrefs.com/robot/)"
207.180.224.141 - - [29/Nov/2021:13:56:32 +0100] "GET /trivet-boards-c-158.html HTTP/1.0" 301 94349 "-" "Mozilla/5.0 (compatible; MJ12bot/v1.4.8; http://mj12bot.com/)"
74.125.208.126 - - [29/Nov/2021:13:56:32 +0100] "GET /images/big_prod/8904245400064.jpg HTTP/1.0" 200 268 "-" "Mozilla/5.0 (Windows NT 5.1; rv:11.0) Gecko Firefox/11.0 (via ggpht.com GoogleImageProxy)"
114.119.128.34 - - [29/Nov/2021:13:56:34 +0100] "GET /images/mini_prod/8422015293703.jpg HTTP/1.0" 200 269 "-" "Mozilla/5.0 (Linux; Android 7.0;) AppleWebKit/537.36 (KHTML, like Gecko) Mobile Safari/537.36 (compatible; PetalBot;+https://webmaster.petalsearch.com/site/petalbot)"
207.180.224.141 - - [29/Nov/2021:13:56:39 +0100] "GET /trivet-boards-c-12_158.html HTTP/1.0" 200 94372 "-" "Mozilla/5.0 (compatible; MJ12bot/v1.4.8; http://mj12bot.com/)"
66.249.75.168 - - [29/Nov/2021:13:56:40 +0100] "GET /images/mini_prod/8433933244524.jpg HTTP/1.0" 200 269 "-" "Googlebot-Image/1.0"
185.191.171.13 - - [29/Nov/2021:13:56:45 +0100] "GET /robots.txt HTTP/1.0" 200 245 "-" "Mozilla/5.0 (compatible; SemrushBot/7~bl; +http://www.semrush.com/bot.html)"
185.191.171.39 - - [29/Nov/2021:13:56:46 +0100] "GET /little-hedgehog-gund-20-cm-grey-p-41950.html HTTP/1.0" 301 70631 "-" "Mozilla/5.0 (compatible; SemrushBot/7~bl; +http://www.semrush.com/bot.html)"
207.180.224.141 - - [29/Nov/2021:13:56:46 +0100] "GET /dessous-verres-c-12_157.html HTTP/1.0" 301 92580 "-" "Mozilla/5.0 (compatible; MJ12bot/v1.4.8; http://mj12bot.com/)"
185.191.171.18 - - [29/Nov/2021:13:56:48 +0100] "GET /-p-41950.html HTTP/1.0" 200 70564 "-" "Mozilla/5.0 (compatible; SemrushBot/7~bl; +http://www.semrush.com/bot.html)"
207.180.224.141 - - [29/Nov/2021:13:56:53 +0100] "GET /coasters-c-157.html HTTP/1.0" 301 92479 "-" "Mozilla/5.0 (compatible; MJ12bot/v1.4.8; http://mj12bot.com/)"
54.36.149.3 - - [29/Nov/2021:13:56:55 +0100] "GET /paris-notebook-p-29054.html HTTP/1.0" 200 73268 "-" "Mozilla/5.0 (compatible; AhrefsBot/7.0; +http://ahrefs.com/robot/)"
207.180.224.141 - - [29/Nov/2021:13:56:57 +0100] "GET /coasters-c-12_157.html HTTP/1.0" 200 92507 "-" "Mozilla/5.0 (compatible; MJ12bot/v1.4.8; http://mj12bot.com/)"
207.180.224.141 - - [29/Nov/2021:13:57:01 +0100] "GET /dessous-verres-carreaux-ciment-cramique-lige-p-56005.html HTTP/1.0" 301 73333 "-" "Mozilla/5.0 (compatible; MJ12bot/v1.4.8; http://mj12bot.com/)"
207.180.224.141 - - [29/Nov/2021:13:57:06 +0100] "GET /cement-tile-coasters-p-56005.html HTTP/1.0" 200 73246 "-" "Mozilla/5.0 (compatible; MJ12bot/v1.4.8; http://mj12bot.com/)"
40.77.167.66 - - [29/Nov/2021:13:57:07 +0100] "GET /images/big_prod/8718375753286.jpg HTTP/1.0" 200 268 "-" "Mozilla/5.0 (compatible; bingbot/2.0; +http://www.bing.com/bingbot.htm)"
207.180.224.141 - - [29/Nov/2021:13:57:10 +0100] "GET /devidoir-essuie-tout-c-12_253.html HTTP/1.0" 301 78789 "-" "Mozilla/5.0 (compatible; MJ12bot/v1.4.8; http://mj12bot.com/)"
207.46.13.118 - - [29/Nov/2021:13:57:12 +0100] "GET /images/9316188056038.jpg HTTP/1.0" 200 259 "-" "Mozilla/5.0 (compatible; bingbot/2.0; +http://www.bing.com/bingbot.htm)"
207.180.224.141 - - [29/Nov/2021:13:57:20 +0100] "GET /paper-towel-dispenser-c-253.html HTTP/1.0" 301 78688 "-" "Mozilla/5.0 (compatible; MJ12bot/v1.4.8; http://mj12bot.com/)"
54.36.148.200 - - [29/Nov/2021:13:57:23 +0100] "GET /decorative-cotton-heart-hang-home-p-55795.html HTTP/1.0" 200 74348 "-" "Mozilla/5.0 (compatible; AhrefsBot/7.0; +http://ahrefs.com/robot/)"
207.180.224.141 - - [29/Nov/2021:13:57:26 +0100] "GET /paper-towel-dispenser-c-12_253.html HTTP/1.0" 200 78703 "-" "Mozilla/5.0 (compatible; MJ12bot/v1.4.8; http://mj12bot.com/)"
207.180.224.141 - - [29/Nov/2021:13:57:33 +0100] "GET /diffuser-of-perfume-and-essential-oils-c-162.html HTTP/1.0" 301 90510 "-" "Mozilla/5.0 (compatible; MJ12bot/v1.4.8; http://mj12bot.com/)"
207.180.224.141 - - [29/Nov/2021:13:57:36 +0100] "GET /diffuser-perfume-essential-oils-c-231_162.html HTTP/1.0" 200 90545 "-" "Mozilla/5.0 (compatible; MJ12bot/v1.4.8; http://mj12bot.com/)"
207.180.224.141 - - [29/Nov/2021:13:57:43 +0100] "GET /diffuseur-ambiance-pour-galet-faire-fondre-heart-and-home-p-51056.html HTTP/1.0" 301 70719 "-" "Mozilla/5.0 (compatible; MJ12bot/v1.4.8; http://mj12bot.com/)"
52.148.164.223 - - [29/Nov/2021:13:57:45 +0100] "GET /images/3700276275009.jpg HTTP/1.0" 200 259 "-" "Mozilla/5.0 (Windows NT 6.1; WOW64) AppleWebKit/537.36 (KHTML, like Gecko) Chrome/45.0.2454.101 Safari/537.36"
207.180.224.141 - - [29/Nov/2021:13:57:49 +0100] "GET /pillar-melt-warmer-p-51056.html HTTP/1.0" 200 70634 "-" "Mozilla/5.0 (compatible; MJ12bot/v1.4.8; http://mj12bot.com/)"
54.36.148.96 - - [29/Nov/2021:13:57:55 +0100] "GET /tea-pot-c-12_175.html?page=1 HTTP/1.0" 200 91050 "-" "Mozilla/5.0 (compatible; AhrefsBot/7.0; +http://ahrefs.com/robot/)"
207.180.224.141 - - [29/Nov/2021:13:58:02 +0100] "GET /diffuseur-arme-ultrasonique-forest-modle-fonc-p-56153.html HTTP/1.0" 301 75331 "-" "Mozilla/5.0 (compatible; MJ12bot/v1.4.8; http://mj12bot.com/)"
207.180.224.141 - - [29/Nov/2021:13:58:06 +0100] "GET /ultrasonic-aroma-diffuser-forest-brown-p-56153.html HTTP/1.0" 200 75226 "-" "Mozilla/5.0 (compatible; MJ12bot/v1.4.8; http://mj12bot.com/)"
207.180.224.141 - - [29/Nov/2021:13:58:10 +0100] "GET /diffuseur-arme-ultrasonique-plumes-p-54369.html HTTP/1.0" 301 75865 "-" "Mozilla/5.0 (compatible; MJ12bot/v1.4.8; http://mj12bot.com/)"
185.191.171.25 - - [29/Nov/2021:13:58:17 +0100] "GET /disney-showcase-figurine-collection-raiponce-p-24357.html HTTP/1.0" 200 74551 "-" "Mozilla/5.0 (compatible; SemrushBot/7~bl; +http://www.semrush.com/bot.html)"
207.180.224.141 - - [29/Nov/2021:13:58:18 +0100] "GET /ultrasonic-aroma-diffuser-feathers-p-54369.html HTTP/1.0" 200 75764 "-" "Mozilla/5.0 (compatible; MJ12bot/v1.4.8; http://mj12bot.com/)"
207.180.224.141 - - [29/Nov/2021:13:58:23 +0100] "GET /diffuseur-parfum-dhuiles-essentielles-c-231_162.html HTTP/1.0" 301 90641 "-" "Mozilla/5.0 (compatible; MJ12bot/v1.4.8; http://mj12bot.com/)"
54.36.148.84 - - [29/Nov/2021:13:58:26 +0100] "GET /cushion-cover-p-52125.html HTTP/1.0" 200 73351 "-" "Mozilla/5.0 (compatible; AhrefsBot/7.0; +http://ahrefs.com/robot/)"
207.180.224.141 - - [29/Nov/2021:13:58:26 +0100] "GET /diffuser-perfume-essential-oils-c-162.html HTTP/1.0" 301 90510 "-" "Mozilla/5.0 (compatible; MJ12bot/v1.4.8; http://mj12bot.com/)"
207.180.224.141 - - [29/Nov/2021:13:58:36 +0100] "GET /diffuser-perfume-essential-oils-c-231_162.html HTTP/1.0" 200 90545 "-" "Mozilla/5.0 (compatible; MJ12bot/v1.4.8; http://mj12bot.com/)"
114.119.128.34 - - [29/Nov/2021:13:58:43 +0100] "GET /stuffins-wall-stickers-p-27895.html HTTP/1.0" 200 73266 "-" "Mozilla/5.0 (Linux; Android 7.0;) AppleWebKit/537.36 (KHTML, like Gecko) Mobile Safari/537.36 (compatible; PetalBot;+https://webmaster.petalsearch.com/site/petalbot)"
207.180.224.141 - - [29/Nov/2021:13:58:43 +0100] "GET /dishes-and-pie-dishes-c-251.html HTTP/1.0" 301 89673 "-" "Mozilla/5.0 (compatible; MJ12bot/v1.4.8; http://mj12bot.com/)"
185.191.171.15 - - [29/Nov/2021:13:58:48 +0100] "GET /cotton-napkin-sold-individually-45-45-cm-p-52107.html HTTP/1.0" 301 73466 "-" "Mozilla/5.0 (compatible; SemrushBot/7~bl; +http://www.semrush.com/bot.html)"
185.191.171.12 - - [29/Nov/2021:13:58:50 +0100] "GET /cotton-napkin-sold-individually-p-52107.html HTTP/1.0" 200 73368 "-" "Mozilla/5.0 (compatible; SemrushBot/7~bl; +http://www.semrush.com/bot.html)"
207.180.224.141 - - [29/Nov/2021:13:58:51 +0100] "GET /dishes-dishes-c-12_251.html HTTP/1.0" 200 89696 "-" "Mozilla/5.0 (compatible; MJ12bot/v1.4.8; http://mj12bot.com/)"
207.180.224.141 - - [29/Nov/2021:13:58:56 +0100] "GET /disney-princess-dress-p-31106.html HTTP/1.0" 200 74328 "-" "Mozilla/5.0 (compatible; MJ12bot/v1.4.8; http://mj12bot.com/)"
54.36.148.222 - - [29/Nov/2021:13:58:57 +0100] "GET /incense-satya-sandalwood-boxes-grams-p-54696.html HTTP/1.0" 200 74658 "-" "Mozilla/5.0 (compatible; AhrefsBot/7.0; +http://ahrefs.com/robot/)"
207.180.224.141 - - [29/Nov/2021:13:59:02 +0100] "GET /disney-princess-meals-p-46836.html HTTP/1.0" 200 70672 "-" "Mozilla/5.0 (compatible; MJ12bot/v1.4.8; http://mj12bot.com/)"
185.191.171.36 - - [29/Nov/2021:13:59:05 +0100] "GET /elephant-statuette-on-glass-globe-p-48952.html HTTP/1.0" 301 74070 "-" "Mozilla/5.0 (compatible; SemrushBot/7~bl; +http://www.semrush.com/bot.html)"
185.191.171.44 - - [29/Nov/2021:13:59:07 +0100] "GET /elephant-statuette-glass-globe-p-48952.html HTTP/1.0" 200 73973 "-" "Mozilla/5.0 (compatible; SemrushBot/7~bl; +http://www.semrush.com/bot.html)"
207.180.224.141 - - [29/Nov/2021:13:59:08 +0100] "GET /disney-princess-miniature-character-with-accessories-p-38130.html HTTP/1.0" 301 70631 "-" "Mozilla/5.0 (compatible; MJ12bot/v1.4.8; http://mj12bot.com/)"
185.191.171.12 - - [29/Nov/2021:13:59:10 +0100] "GET /french-licence-iv-paper-towel-dispenser-p-26832.html HTTP/1.0" 301 70807 "-" "Mozilla/5.0 (compatible; SemrushBot/7~bl; +http://www.semrush.com/bot.html)"
207.180.224.141 - - [29/Nov/2021:13:59:12 +0100] "GET /-p-38130.html HTTP/1.0" 200 70564 "-" "Mozilla/5.0 (compatible; MJ12bot/v1.4.8; http://mj12bot.com/)"
185.191.171.24 - - [29/Nov/2021:13:59:12 +0100] "GET /french-licence-paper-towel-dispenser-p-26832.html HTTP/1.0" 200 70704 "-" "Mozilla/5.0 (compatible; SemrushBot/7~bl; +http://www.semrush.com/bot.html)"
40.77.167.66 - - [29/Nov/2021:13:59:17 +0100] "GET /images/med_prod/8718375752265.jpg HTTP/1.0" 200 268 "-" "Mozilla/5.0 (compatible; bingbot/2.0; +http://www.bing.com/bingbot.htm)"
165.154.72.231 - - [29/Nov/2021:13:59:17 +0100] "GET /images/mini_prod/DSCN6817.jpg HTTP/1.0" 200 264 "-" "Mozilla/5.0 (X11; Ubuntu; Linux x86_64; rv:72.0) Gecko/20100101 Firefox/72.0"
207.180.224.141 - - [29/Nov/2021:13:59:22 +0100] "GET /disney-princess-miniature-character-with-accessories-p-38131.html HTTP/1.0" 200 70815 "-" "Mozilla/5.0 (compatible; MJ12bot/v1.4.8; http://mj12bot.com/)"
54.36.148.34 - - [29/Nov/2021:13:59:26 +0100] "GET /support-metal-bottle-skier-p-38255.html HTTP/1.0" 200 73333 "-" "Mozilla/5.0 (compatible; AhrefsBot/7.0; +http://ahrefs.com/robot/)"
207.180.224.141 - - [29/Nov/2021:13:59:28 +0100] "GET /disney-princess-miniature-character-with-accessories-p-38132.html HTTP/1.0" 301 70631 "-" "Mozilla/5.0 (compatible; MJ12bot/v1.4.8; http://mj12bot.com/)"
207.180.224.141 - - [29/Nov/2021:13:59:31 +0100] "GET /-p-38132.html HTTP/1.0" 200 70564 "-" "Mozilla/5.0 (compatible; MJ12bot/v1.4.8; http://mj12bot.com/)"
49.7.20.113 - - [29/Nov/2021:13:59:34 +0100] "GET / HTTP/1.0" 200 151399 "-" "Sogou web spider/4.0(+http://www.sogou.com/docs/help/webmasters.htm#07)"
207.180.224.141 - - [29/Nov/2021:13:59:35 +0100] "GET /disney-princess-miniature-character-with-accessories-p-38133.html HTTP/1.0" 301 70631 "-" "Mozilla/5.0 (compatible; MJ12bot/v1.4.8; http://mj12bot.com/)"
207.180.224.141 - - [29/Nov/2021:13:59:39 +0100] "GET /-p-38133.html HTTP/1.0" 200 70564 "-" "Mozilla/5.0 (compatible; MJ12bot/v1.4.8; http://mj12bot.com/)"
207.180.224.141 - - [29/Nov/2021:13:59:46 +0100] "GET /disney-princess-set-meals-p-46836.html HTTP/1.0" 301 70760 "-" "Mozilla/5.0 (compatible; MJ12bot/v1.4.8; http://mj12bot.com/)"
207.180.224.141 - - [29/Nov/2021:13:59:51 +0100] "GET /disney-princess-meals-p-46836.html HTTP/1.0" 200 70672 "-" "Mozilla/5.0 (compatible; MJ12bot/v1.4.8; http://mj12bot.com/)"
185.191.171.25 - - [29/Nov/2021:13:59:51 +0100] "GET /hello-kitty-stripes-blue-shoulder-bag-p-9675.html HTTP/1.0" 301 70791 "-" "Mozilla/5.0 (compatible; SemrushBot/7~bl; +http://www.semrush.com/bot.html)"
207.180.224.141 - - [29/Nov/2021:13:59:55 +0100] "GET /disney-princess-stationery-set-p-492.html HTTP/1.0" 301 70625 "-" "Mozilla/5.0 (compatible; MJ12bot/v1.4.8; http://mj12bot.com/)"
185.191.171.24 - - [29/Nov/2021:13:59:56 +0100] "GET /hello-kitty-stripes-blue-shoulder-p-9675.html HTTP/1.0" 200 70692 "-" "Mozilla/5.0 (compatible; SemrushBot/7~bl; +http://www.semrush.com/bot.html)"
185.191.171.18 - - [29/Nov/2021:13:59:58 +0100] "GET /-p-28156.html?action=add_product HTTP/1.0" 302 476 "-" "Mozilla/5.0 (compatible; SemrushBot/7~bl; +http://www.semrush.com/bot.html)"
207.180.224.141 - - [29/Nov/2021:13:59:59 +0100] "GET /-p-492.html HTTP/1.0" 200 70560 "-" "Mozilla/5.0 (compatible; MJ12bot/v1.4.8; http://mj12bot.com/)"
114.119.134.224 - - [29/Nov/2021:14:00:00 +0100] "GET /winnie-the-pooh-and-tigger-sticker-p-20477.html HTTP/1.0" 301 75581 "-" "Mozilla/5.0 (compatible;PetalBot;+https://webmaster.petalsearch.com/site/petalbot)"
114.119.134.224 - - [29/Nov/2021:14:00:01 +0100] "GET /winnie-pooh-tigger-sticker-p-20477.html HTTP/1.0" 200 75488 "-" "Mozilla/5.0 (compatible;PetalBot;+https://webmaster.petalsearch.com/site/petalbot)"
54.36.149.100 - - [29/Nov/2021:14:00:01 +0100] "GET /vase-soliflore-c-13_232.html?page=3 HTTP/1.0" 200 83932 "-" "Mozilla/5.0 (compatible; AhrefsBot/7.0; +http://ahrefs.com/robot/)"
77.75.79.62 - - [29/Nov/2021:14:00:06 +0100] "GET /robots.txt HTTP/1.0" 200 245 "-" "Mozilla/5.0 (compatible; SeznamBot/3.2; +http://napoveda.seznam.cz/en/seznambot-intro/)"
77.75.79.62 - - [29/Nov/2021:14:00:07 +0100] "GET /images/mini_prod/3453131158275.jpg HTTP/1.0" 200 269 "-" "Mozilla/5.0 (compatible; SeznamBot/3.2; +http://napoveda.seznam.cz/en/seznambot-intro/)"
207.180.224.141 - - [29/Nov/2021:14:00:07 +0100] "GET /disney-showcase-beast-figurine-p-45650.html HTTP/1.0" 200 74936 "-" "Mozilla/5.0 (compatible; MJ12bot/v1.4.8; http://mj12bot.com/)"
185.191.171.21 - - [29/Nov/2021:14:00:12 +0100] "GET /statuette-hippopotamuses-in-resin-p-52584.html HTTP/1.0" 301 73415 "-" "Mozilla/5.0 (compatible; SemrushBot/7~bl; +http://www.semrush.com/bot.html)"
185.191.171.41 - - [29/Nov/2021:14:00:15 +0100] "GET /statuette-hippopotamuses-resin-p-52584.html HTTP/1.0" 200 73318 "-" "Mozilla/5.0 (compatible; SemrushBot/7~bl; +http://www.semrush.com/bot.html)"
207.180.224.141 - - [29/Nov/2021:14:00:16 +0100] "GET /disney-showcase-the-beast-figurine-p-45650.html HTTP/1.0" 301 75033 "-" "Mozilla/5.0 (compatible; MJ12bot/v1.4.8; http://mj12bot.com/)"
207.180.224.141 - - [29/Nov/2021:14:00:22 +0100] "GET /disney-showcase-beast-figurine-p-45650.html HTTP/1.0" 200 74936 "-" "Mozilla/5.0 (compatible; MJ12bot/v1.4.8; http://mj12bot.com/)"
207.180.224.141 - - [29/Nov/2021:14:00:29 +0100] "GET /distributeurs-de-serviettes-c-12_225.html HTTP/1.0" 301 83560 "-" "Mozilla/5.0 (compatible; MJ12bot/v1.4.8; http://mj12bot.com/)"
54.36.148.99 - - [29/Nov/2021:14:00:32 +0100] "GET /chica-loca-invitation-p-17463.html HTTP/1.0" 200 73449 "-" "Mozilla/5.0 (compatible; AhrefsBot/7.0; +http://ahrefs.com/robot/)"
207.180.224.141 - - [29/Nov/2021:14:00:38 +0100] "GET /towel-dispenser-c-225.html HTTP/1.0" 301 83459 "-" "Mozilla/5.0 (compatible; MJ12bot/v1.4.8; http://mj12bot.com/)"
207.180.224.141 - - [29/Nov/2021:14:00:44 +0100] "GET /towel-dispenser-c-12_225.html HTTP/1.0" 200 83480 "-" "Mozilla/5.0 (compatible; MJ12bot/v1.4.8; http://mj12bot.com/)"
207.180.224.141 - - [29/Nov/2021:14:00:52 +0100] "GET /dog-hot-water-bottle-p-45353.html HTTP/1.0" 301 70631 "-" "Mozilla/5.0 (compatible; MJ12bot/v1.4.8; http://mj12bot.com/)"
54.36.148.22 - - [29/Nov/2021:14:01:05 +0100] "GET /with-wooden-drawers-blush-p-53946.html HTTP/1.0" 200 70666 "-" "Mozilla/5.0 (compatible; AhrefsBot/7.0; +http://ahrefs.com/robot/)"
207.180.224.141 - - [29/Nov/2021:14:01:05 +0100] "GET /-p-45353.html HTTP/1.0" 200 70564 "-" "Mozilla/5.0 (compatible; MJ12bot/v1.4.8; http://mj12bot.com/)"
185.191.171.16 - - [29/Nov/2021:14:01:07 +0100] "GET /money-boxes-c-13_83.html?page=1 HTTP/1.0" 200 93023 "-" "Mozilla/5.0 (compatible; SemrushBot/7~bl; +http://www.semrush.com/bot.html)"
207.180.224.141 - - [29/Nov/2021:14:01:24 +0100] "GET /dog-mini-trolley-p-49044.html HTTP/1.0" 301 73947 "-" "Mozilla/5.0 (compatible; MJ12bot/v1.4.8; http://mj12bot.com/)"
54.36.149.13 - - [29/Nov/2021:14:01:27 +0100] "GET /thai-buddha-candle-holder-for-votive-candle-p-50600.html HTTP/1.0" 301 74226 "-" "Mozilla/5.0 (compatible; AhrefsBot/7.0; +http://ahrefs.com/robot/)"
207.180.224.141 - - [29/Nov/2021:14:01:40 +0100] "GET /mini-trolley-p-49044.html HTTP/1.0" 200 73868 "-" "Mozilla/5.0 (compatible; MJ12bot/v1.4.8; http://mj12bot.com/)"
207.180.224.141 - - [29/Nov/2021:14:01:45 +0100] "GET /door-bell-wall-cast-iron-horse-p-56069.html HTTP/1.0" 200 73265 "-" "Mozilla/5.0 (compatible; MJ12bot/v1.4.8; http://mj12bot.com/)"
207.180.224.141 - - [29/Nov/2021:14:01:57 +0100] "GET /door-plate-baby-room-azure-blue-p-47791.html HTTP/1.0" 200 73487 "-" "Mozilla/5.0 (compatible; MJ12bot/v1.4.8; http://mj12bot.com/)"
185.191.171.35 - - [29/Nov/2021:14:01:57 +0100] "GET /london-shower-curtain-p-34867.html HTTP/1.0" 200 73321 "-" "Mozilla/5.0 (compatible; SemrushBot/7~bl; +http://www.semrush.com/bot.html)"
114.119.128.40 - - [29/Nov/2021:14:02:00 +0100] "GET /statuette-hand-carved-wood-p-36664.html HTTP/1.0" 200 73372 "-" "Mozilla/5.0 (Linux; Android 7.0;) AppleWebKit/537.36 (KHTML, like Gecko) Mobile Safari/537.36 (compatible; PetalBot;+https://webmaster.petalsearch.com/site/petalbot)"
207.180.224.141 - - [29/Nov/2021:14:02:03 +0100] "GET /door-plate-bathroom-p-48977.html HTTP/1.0" 200 73226 "-" "Mozilla/5.0 (compatible; MJ12bot/v1.4.8; http://mj12bot.com/)"
54.36.148.230 - - [29/Nov/2021:14:02:04 +0100] "GET /provence-parma-soap-dispenser-p-39761.html HTTP/1.0" 200 73277 "-" "Mozilla/5.0 (compatible; AhrefsBot/7.0; +http://ahrefs.com/robot/)"
185.191.171.41 - - [29/Nov/2021:14:02:13 +0100] "GET /petit-prince-exupry-collection-p-44544.html?action=add_product HTTP/1.0" 302 476 "-" "Mozilla/5.0 (compatible; SemrushBot/7~bl; +http://www.semrush.com/bot.html)"
207.180.224.141 - - [29/Nov/2021:14:02:14 +0100] "GET /door-plate-restroom-p-52317.html HTTP/1.0" 200 73844 "-" "Mozilla/5.0 (compatible; MJ12bot/v1.4.8; http://mj12bot.com/)"
185.191.171.12 - - [29/Nov/2021:14:02:17 +0100] "GET /gloss-for-lips-white-deluxe-chocolate-p-28865.html HTTP/1.0" 301 73540 "-" "Mozilla/5.0 (compatible; SemrushBot/7~bl; +http://www.semrush.com/bot.html)"
207.180.224.141 - - [29/Nov/2021:14:02:28 +0100] "GET /doormat-of-coconut-fibers-cats-on-the-roofs-p-37953.html HTTP/1.0" 301 70631 "-" "Mozilla/5.0 (compatible; MJ12bot/v1.4.8; http://mj12bot.com/)"
185.191.171.7 - - [29/Nov/2021:14:02:28 +0100] "GET /gloss-lips-white-deluxe-chocolate-p-28865.html HTTP/1.0" 200 73440 "-" "Mozilla/5.0 (compatible; SemrushBot/7~bl; +http://www.semrush.com/bot.html)"
207.46.13.118 - - [29/Nov/2021:14:02:28 +0100] "GET /little-porcelain-unicorn-lamp-p-46140.html HTTP/1.0" 200 73968 "-" "Mozilla/5.0 (compatible; bingbot/2.0; +http://www.bing.com/bingbot.htm)"
207.180.224.141 - - [29/Nov/2021:14:02:32 +0100] "GET /-p-37953.html HTTP/1.0" 200 70564 "-" "Mozilla/5.0 (compatible; MJ12bot/v1.4.8; http://mj12bot.com/)"
207.180.224.141 - - [29/Nov/2021:14:02:43 +0100] "GET /doormat-tribal-60-cm-p-50711.html HTTP/1.0" 301 74345 "-" "Mozilla/5.0 (compatible; MJ12bot/v1.4.8; http://mj12bot.com/)"
207.180.224.141 - - [29/Nov/2021:14:02:57 +0100] "GET /doormat-tribal-p-50711.html HTTP/1.0" 200 74264 "-" "Mozilla/5.0 (compatible; MJ12bot/v1.4.8; http://mj12bot.com/)"
207.180.224.141 - - [29/Nov/2021:14:03:10 +0100] "GET /doormat-tribal-p-50711.html HTTP/1.0" 200 74264 "-" "Mozilla/5.0 (compatible; MJ12bot/v1.4.8; http://mj12bot.com/)"
54.36.148.136 - - [29/Nov/2021:14:03:10 +0100] "GET /incense-stick-holder-p-53902.html HTTP/1.0" 200 73879 "-" "Mozilla/5.0 (compatible; AhrefsBot/7.0; +http://ahrefs.com/robot/)"
49.7.20.122 - - [29/Nov/2021:14:03:10 +0100] "GET / HTTP/1.0" 200 151341 "-" "Sogou web spider/4.0(+http://www.sogou.com/docs/help/webmasters.htm#07)"
54.36.148.153 - - [29/Nov/2021:14:03:15 +0100] "GET /flamingo-removable-cushion-40-40-cm-p-35480.html HTTP/1.0" 301 70631 "-" "Mozilla/5.0 (compatible; AhrefsBot/7.0; +http://ahrefs.com/robot/)"
207.180.224.141 - - [29/Nov/2021:14:03:18 +0100] "GET /doormats-and-entrance-carpets-c-11_269_266.html?page=2 HTTP/1.0" 301 91493 "-" "Mozilla/5.0 (compatible; MJ12bot/v1.4.8; http://mj12bot.com/)"
207.180.224.141 - - [29/Nov/2021:14:03:24 +0100] "GET /doormats-entrance-carpets-c-266.html?page=2 HTTP/1.0" 301 91273 "-" "Mozilla/5.0 (compatible; MJ12bot/v1.4.8; http://mj12bot.com/)"
185.191.171.11 - - [29/Nov/2021:14:03:30 +0100] "GET /round-carpet-p-52536.html?action=add_product HTTP/1.0" 302 476 "-" "Mozilla/5.0 (compatible; SemrushBot/7~bl; +http://www.semrush.com/bot.html)"
207.180.224.141 - - [29/Nov/2021:14:03:31 +0100] "GET /doormats-entrance-carpets-c-11_269_266.html?page=2 HTTP/1.0" 200 91396 "-" "Mozilla/5.0 (compatible; MJ12bot/v1.4.8; http://mj12bot.com/)"
185.191.171.10 - - [29/Nov/2021:14:03:33 +0100] "GET /-p-21255.html?action=add_product HTTP/1.0" 302 476 "-" "Mozilla/5.0 (compatible; SemrushBot/7~bl; +http://www.semrush.com/bot.html)"
66.249.75.166 - - [29/Nov/2021:14:03:38 +0100] "GET /iphone-case-silicone-audiocassette-p-25374.html HTTP/1.0" 200 75999 "-" "Mozilla/5.0 (compatible; Googlebot/2.1; +http://www.google.com/bot.html)"
207.180.224.141 - - [29/Nov/2021:14:03:39 +0100] "GET /doormats-and-entrance-carpets-c-266.html HTTP/1.0" 301 91079 "-" "Mozilla/5.0 (compatible; MJ12bot/v1.4.8; http://mj12bot.com/)"
207.180.224.141 - - [29/Nov/2021:14:03:46 +0100] "GET /doormats-entrance-carpets-c-11_269_266.html HTTP/1.0" 200 91209 "-" "Mozilla/5.0 (compatible; MJ12bot/v1.4.8; http://mj12bot.com/)"
207.180.224.141 - - [29/Nov/2021:14:03:54 +0100] "GET /doormats-entrance-carpets-c-11_269_266.html?page=2 HTTP/1.0" 200 91396 "-" "Mozilla/5.0 (compatible; MJ12bot/v1.4.8; http://mj12bot.com/)"
207.180.224.141 - - [29/Nov/2021:14:03:59 +0100] "GET /doormats-entrance-carpets-c-266.html?page=2 HTTP/1.0" 301 91273 "-" "Mozilla/5.0 (compatible; MJ12bot/v1.4.8; http://mj12bot.com/)"
207.180.224.141 - - [29/Nov/2021:14:04:04 +0100] "GET /doormats-entrance-carpets-c-11_269_266.html?page=2 HTTP/1.0" 200 91396 "-" "Mozilla/5.0 (compatible; MJ12bot/v1.4.8; http://mj12bot.com/)"
54.36.149.35 - - [29/Nov/2021:14:04:10 +0100] "GET /snow-white-figurine-ornement-collection-disney-traditions-p-12108.html HTTP/1.0" 200 73550 "-" "Mozilla/5.0 (compatible; AhrefsBot/7.0; +http://ahrefs.com/robot/)"
207.180.224.141 - - [29/Nov/2021:14:04:11 +0100] "GET /double-walled-porcelain-mug-with-infuser-p-53004.html HTTP/1.0" 301 73455 "-" "Mozilla/5.0 (compatible; MJ12bot/v1.4.8; http://mj12bot.com/)"
185.191.171.37 - - [29/Nov/2021:14:04:16 +0100] "GET /lotus-cork-coasters-p-45030.html?action=add_product HTTP/1.0" 302 476 "-" "Mozilla/5.0 (compatible; SemrushBot/7~bl; +http://www.semrush.com/bot.html)"
207.180.224.141 - - [29/Nov/2021:14:04:19 +0100] "GET /double-walled-porcelain-with-infuser-p-53004.html HTTP/1.0" 200 73352 "-" "Mozilla/5.0 (compatible; MJ12bot/v1.4.8; http://mj12bot.com/)"
114.119.128.26 - - [29/Nov/2021:14:04:22 +0100] "GET /images/mini_prod/8433933746660B.jpg HTTP/1.0" 200 270 "-" "Mozilla/5.0 (Linux; Android 7.0;) AppleWebKit/537.36 (KHTML, like Gecko) Mobile Safari/537.36 (compatible; PetalBot;+https://webmaster.petalsearch.com/site/petalbot)"
185.191.171.33 - - [29/Nov/2021:14:04:31 +0100] "GET /large-dolomite-lamp-p-49330.html HTTP/1.0" 200 70646 "-" "Mozilla/5.0 (compatible; SemrushBot/7~bl; +http://www.semrush.com/bot.html)"
207.180.224.141 - - [29/Nov/2021:14:04:35 +0100] "GET /double-walled-porcelain-with-infuser-p-53004.html HTTP/1.0" 200 73352 "-" "Mozilla/5.0 (compatible; MJ12bot/v1.4.8; http://mj12bot.com/)"
185.191.171.23 - - [29/Nov/2021:14:04:38 +0100] "GET /paris-cotton-adult-black-gold-apron-p-45549.html?action=add_product HTTP/1.0" 302 476 "-" "Mozilla/5.0 (compatible; SemrushBot/7~bl; +http://www.semrush.com/bot.html)"
207.180.224.141 - - [29/Nov/2021:14:04:45 +0100] "GET /dragonfly-wall-decoration-blue-model-p-55403.html HTTP/1.0" 200 74151 "-" "Mozilla/5.0 (compatible; MJ12bot/v1.4.8; http://mj12bot.com/)"
207.180.224.141 - - [29/Nov/2021:14:04:50 +0100] "GET /dragonfly-wall-decoration-p-50791.html HTTP/1.0" 200 70670 "-" "Mozilla/5.0 (compatible; MJ12bot/v1.4.8; http://mj12bot.com/)"
207.180.224.141 - - [29/Nov/2021:14:04:57 +0100] "GET /drawstring-yoga-purple-with-flower-life-embroidery-p-45459.html HTTP/1.0" 200 74712 "-" "Mozilla/5.0 (compatible; MJ12bot/v1.4.8; http://mj12bot.com/)"
207.180.224.141 - - [29/Nov/2021:14:05:09 +0100] "GET /dream-catcher-ceramic-with-infuser-p-37891.html HTTP/1.0" 200 73343 "-" "Mozilla/5.0 (compatible; MJ12bot/v1.4.8; http://mj12bot.com/)"
54.36.148.253 - - [29/Nov/2021:14:05:12 +0100] "GET /clocks-c-13_67.html?page=6 HTTP/1.0" 200 93675 "-" "Mozilla/5.0 (compatible; AhrefsBot/7.0; +http://ahrefs.com/robot/)"
207.180.224.141 - - [29/Nov/2021:14:05:17 +0100] "GET /dream-stickers-p-38339.html HTTP/1.0" 200 73214 "-" "Mozilla/5.0 (compatible; MJ12bot/v1.4.8; http://mj12bot.com/)"
207.180.224.141 - - [29/Nov/2021:14:05:24 +0100] "GET /dresses-skirts-c-19.html HTTP/1.0" 301 79371 "-" "Mozilla/5.0 (compatible; MJ12bot/v1.4.8; http://mj12bot.com/)"
207.180.224.141 - - [29/Nov/2021:14:05:28 +0100] "GET /dresses-skirts-c-1_19.html HTTP/1.0" 200 79391 "-" "Mozilla/5.0 (compatible; MJ12bot/v1.4.8; http://mj12bot.com/)"
185.191.171.34 - - [29/Nov/2021:14:05:28 +0100] "GET /decorative-wooden-plate-gourmandise-p-51585.html HTTP/1.0" 200 73963 "-" "Mozilla/5.0 (compatible; SemrushBot/7~bl; +http://www.semrush.com/bot.html)"
157.55.39.108 - - [29/Nov/2021:14:05:32 +0100] "GET /paris-bucolic-cups-espresso-p-34974.html HTTP/1.0" 200 73281 "-" "Mozilla/5.0 (compatible; bingbot/2.0; +http://www.bing.com/bingbot.htm)"
207.180.224.141 - - [29/Nov/2021:14:05:33 +0100] "GET /dubout-cats-white-p-55483.html HTTP/1.0" 200 73259 "-" "Mozilla/5.0 (compatible; MJ12bot/v1.4.8; http://mj12bot.com/)"
5.255.253.187 - - [29/Nov/2021:14:05:35 +0100] "GET /robots.txt HTTP/1.0" 200 245 "-" "Mozilla/5.0 (compatible; YandexBot/3.0; +http://yandex.com/bots)"
185.191.171.34 - - [29/Nov/2021:14:05:38 +0100] "GET /blue-vespa-shoulder-bag-p-23062.html HTTP/1.0" 301 70748 "-" "Mozilla/5.0 (compatible; SemrushBot/7~bl; +http://www.semrush.com/bot.html)"
5.255.253.187 - - [29/Nov/2021:14:05:39 +0100] "GET /images/big_prod/4897059621173.jpg HTTP/1.0" 200 268 "-" "Mozilla/5.0 (compatible; YandexImages/3.0; +http://yandex.com/bots)"
185.191.171.15 - - [29/Nov/2021:14:05:41 +0100] "GET /blue-vespa-shoulder-p-23062.html HTTP/1.0" 200 70662 "-" "Mozilla/5.0 (compatible; SemrushBot/7~bl; +http://www.semrush.com/bot.html)"
207.180.224.141 - - [29/Nov/2021:14:05:41 +0100] "GET /duvet-cover-c-11_195.html?page=1 HTTP/1.0" 200 91746 "-" "Mozilla/5.0 (compatible; MJ12bot/v1.4.8; http://mj12bot.com/)"
207.180.224.141 - - [29/Nov/2021:14:05:47 +0100] "GET /duvet-cover-c-11_195.html?page=2 HTTP/1.0" 200 92132 "-" "Mozilla/5.0 (compatible; MJ12bot/v1.4.8; http://mj12bot.com/)"
207.180.224.141 - - [29/Nov/2021:14:05:50 +0100] "GET /duvet-cover-c-11_195.html?page=3 HTTP/1.0" 200 85705 "-" "Mozilla/5.0 (compatible; MJ12bot/v1.4.8; http://mj12bot.com/)"
207.180.224.141 - - [29/Nov/2021:14:05:55 +0100] "GET /duvet-cover-c-195.html HTTP/1.0" 301 91692 "-" "Mozilla/5.0 (compatible; MJ12bot/v1.4.8; http://mj12bot.com/)"
40.77.167.66 - - [29/Nov/2021:14:05:57 +0100] "GET /images/mini_prod/3609810064331.jpg HTTP/1.0" 200 269 "-" "Mozilla/5.0 (compatible; bingbot/2.0; +http://www.bing.com/bingbot.htm)"
185.191.171.36 - - [29/Nov/2021:14:05:57 +0100] "GET /glass-ashtray-p-55743.html?action=add_product HTTP/1.0" 302 476 "-" "Mozilla/5.0 (compatible; SemrushBot/7~bl; +http://www.semrush.com/bot.html)"
51.68.224.127 - - [29/Nov/2021:14:05:58 +0100] "GET /adminweb/export_orders_xml.php?token=256de2z6edz6ed2z6DFSFsed2zed6zeDSFDSGdzedezfzf&maxorders=10&orderstart=1&status=14&start_date=2018-10-01 HTTP/1.0" 200 285 "-" "GesCom CharlotteBoutik Serveur"
51.68.224.127 - - [29/Nov/2021:14:05:58 +0100] "GET /adminweb/export_orders_xml.php?token=256de2z6edz6ed2z6DFSFsed2zed6zeDSFDSGdzedezfzf&maxorders=10&orderstart=1&status=6&start_date=2018-10-01 HTTP/1.0" 200 32471 "-" "GesCom CharlotteBoutik Serveur"
207.180.224.141 - - [29/Nov/2021:14:06:02 +0100] "GET /duvet-cover-c-11_195.html HTTP/1.0" 200 91735 "-" "Mozilla/5.0 (compatible; MJ12bot/v1.4.8; http://mj12bot.com/)"
207.180.224.141 - - [29/Nov/2021:14:06:11 +0100] "GET /duvet-cover-thread-cotton-white-p-46743.html HTTP/1.0" 200 70718 "-" "Mozilla/5.0 (compatible; MJ12bot/v1.4.8; http://mj12bot.com/)"
54.36.149.83 - - [29/Nov/2021:14:06:14 +0100] "GET /adult-apron-camargua-collection-p-54744.html HTTP/1.0" 200 73254 "-" "Mozilla/5.0 (compatible; AhrefsBot/7.0; +http://ahrefs.com/robot/)"
207.180.224.141 - - [29/Nov/2021:14:06:22 +0100] "GET /dvidoir-essuie-tout-c-12_253.html HTTP/1.0" 301 78789 "-" "Mozilla/5.0 (compatible; MJ12bot/v1.4.8; http://mj12bot.com/)"
207.180.224.141 - - [29/Nov/2021:14:06:27 +0100] "GET /paper-towel-dispenser-c-253.html HTTP/1.0" 301 78688 "-" "Mozilla/5.0 (compatible; MJ12bot/v1.4.8; http://mj12bot.com/)"
5.255.253.187 - - [29/Nov/2021:14:06:30 +0100] "GET /images/3585190849341.jpg HTTP/1.0" 200 259 "-" "Mozilla/5.0 (compatible; YandexImages/3.0; +http://yandex.com/bots)"
194.5.193.183 - - [29/Nov/2021:14:06:34 +0100] "GET / HTTP/1.0" 301 511 "http://wonder-geek.com/" "Mozilla/5.0 (Windows NT 6.2; Win64; x64) AppleWebKit/537.36 (KHTML, like Gecko) Chrome/90.0.4430.72 Safari/537.36"
194.5.193.183 - - [29/Nov/2021:14:06:34 +0100] "GET / HTTP/1.0" 200 151743 "http://www.wonder-geek.com/" "Mozilla/5.0 (Windows NT 6.2; Win64; x64) AppleWebKit/537.36 (KHTML, like Gecko) Chrome/90.0.4430.72 Safari/537.36"
207.180.224.141 - - [29/Nov/2021:14:06:36 +0100] "GET /paper-towel-dispenser-c-12_253.html HTTP/1.0" 200 78703 "-" "Mozilla/5.0 (compatible; MJ12bot/v1.4.8; http://mj12bot.com/)"
194.5.193.183 - - [29/Nov/2021:14:06:38 +0100] "GET /trivet-boards-c-12_158.html HTTP/1.0" 200 94372 "http://www.wonder-geek.com/trivet-boards-c-12_158.html" "Mozilla/5.0 (Windows NT 6.2; Win64; x64) AppleWebKit/537.36 (KHTML, like Gecko) Chrome/90.0.4430.72 Safari/537.36"
194.5.193.183 - - [29/Nov/2021:14:06:40 +0100] "GET /cardboard-boxes-storage-c-13_150_216.html HTTP/1.0" 200 78004 "http://www.wonder-geek.com/cardboard-boxes-storage-c-13_150_216.html" "Mozilla/5.0 (Windows NT 6.2; Win64; x64) AppleWebKit/537.36 (KHTML, like Gecko) Chrome/90.0.4430.72 Safari/537.36"
194.5.193.183 - - [29/Nov/2021:14:06:42 +0100] "GET /cushion-headboard-c-11_173.html HTTP/1.0" 200 88782 "http://www.wonder-geek.com/cushion-headboard-c-11_173.html" "Mozilla/5.0 (Windows NT 6.2; Win64; x64) AppleWebKit/537.36 (KHTML, like Gecko) Chrome/90.0.4430.72 Safari/537.36"
207.180.224.141 - - [29/Nov/2021:14:06:43 +0100] "GET /earth-globe-decoration-p-50869.html HTTP/1.0" 200 74047 "-" "Mozilla/5.0 (compatible; MJ12bot/v1.4.8; http://mj12bot.com/)"
194.5.193.183 - - [29/Nov/2021:14:06:45 +0100] "GET /contact_us.php HTTP/1.0" 200 26241 "http://www.wonder-geek.com/contact_us.php" "Mozilla/5.0 (Windows NT 6.2; Win64; x64) AppleWebKit/537.36 (KHTML, like Gecko) Chrome/90.0.4430.72 Safari/537.36"
194.5.193.183 - - [29/Nov/2021:14:06:45 +0100] "POST /contact_us.php?action=send HTTP/1.0" 200 26773 "http://www.wonder-geek.com/contact_us.php" "Mozilla/5.0 (Windows NT 6.2; Win64; x64) AppleWebKit/537.36 (KHTML, like Gecko) Chrome/90.0.4430.72 Safari/537.36"
66.249.75.170 - - [29/Nov/2021:14:06:46 +0100] "GET /images/mini_prod/3700572730646.jpg HTTP/1.0" 200 269 "-" "Googlebot-Image/1.0"
207.180.224.141 - - [29/Nov/2021:14:06:48 +0100] "GET /eco-responsible-oud-wood-geranium-candle-heart-and-home-p-52802.html HTTP/1.0" 301 74635 "-" "Mozilla/5.0 (compatible; MJ12bot/v1.4.8; http://mj12bot.com/)"
207.180.224.141 - - [29/Nov/2021:14:06:52 +0100] "GET /responsible-wood-geranium-candle-heart-home-p-52802.html HTTP/1.0" 200 74525 "-" "Mozilla/5.0 (compatible; MJ12bot/v1.4.8; http://mj12bot.com/)"
207.180.224.141 - - [29/Nov/2021:14:06:57 +0100] "GET /ecriture-correction-c-129_186.html HTTP/1.0" 301 93734 "-" "Mozilla/5.0 (compatible; MJ12bot/v1.4.8; http://mj12bot.com/)"
207.180.224.141 - - [29/Nov/2021:14:07:00 +0100] "GET /writing-correction-c-186.html HTTP/1.0" 301 93598 "-" "Mozilla/5.0 (compatible; MJ12bot/v1.4.8; http://mj12bot.com/)"
66.249.75.170 - - [29/Nov/2021:14:07:04 +0100] "GET /indian-motorcycle-metal-plate-deco-p-41068.html HTTP/1.0" 200 73434 "-" "Mozilla/5.0 (Linux; Android 6.0.1; Nexus 5X Build/MMB29P) AppleWebKit/537.36 (KHTML, like Gecko) Chrome/96.0.4664.45 Mobile Safari/537.36 (compatible; Googlebot/2.1; +http://www.google.com/bot.html)"
207.180.224.141 - - [29/Nov/2021:14:07:05 +0100] "GET /writing-correction-c-129_186.html HTTP/1.0" 200 93651 "-" "Mozilla/5.0 (compatible; MJ12bot/v1.4.8; http://mj12bot.com/)"
114.119.128.26 - - [29/Nov/2021:14:07:08 +0100] "GET /images/big_prod/84220990011.jpg HTTP/1.0" 200 266 "-" "Mozilla/5.0 (Linux; Android 7.0;) AppleWebKit/537.36 (KHTML, like Gecko) Mobile Safari/537.36 (compatible; PetalBot;+https://webmaster.petalsearch.com/site/petalbot)"
207.180.224.141 - - [29/Nov/2021:14:07:12 +0100] "GET /ecriture-et-correction-c-129_186.html HTTP/1.0" 301 93734 "-" "Mozilla/5.0 (compatible; MJ12bot/v1.4.8; http://mj12bot.com/)"
54.36.149.31 - - [29/Nov/2021:14:07:13 +0100] "GET /carpet-p-56010.html HTTP/1.0" 200 73884 "-" "Mozilla/5.0 (compatible; AhrefsBot/7.0; +http://ahrefs.com/robot/)"
207.180.224.141 - - [29/Nov/2021:14:07:16 +0100] "GET /writing-correction-c-186.html HTTP/1.0" 301 93598 "-" "Mozilla/5.0 (compatible; MJ12bot/v1.4.8; http://mj12bot.com/)"
185.191.171.40 - - [29/Nov/2021:14:07:18 +0100] "GET /little-yellow-moustache-ring-p-53467.html HTTP/1.0" 200 73693 "-" "Mozilla/5.0 (compatible; SemrushBot/7~bl; +http://www.semrush.com/bot.html)"
207.180.224.141 - - [29/Nov/2021:14:07:20 +0100] "GET /writing-correction-c-129_186.html HTTP/1.0" 200 93651 "-" "Mozilla/5.0 (compatible; MJ12bot/v1.4.8; http://mj12bot.com/)"
207.180.224.141 - - [29/Nov/2021:14:07:25 +0100] "GET /educational-children-watch-corsaire-p-51719.html HTTP/1.0" 200 74702 "-" "Mozilla/5.0 (compatible; MJ12bot/v1.4.8; http://mj12bot.com/)"
207.180.224.141 - - [29/Nov/2021:14:07:31 +0100] "GET /egg-cups-c-248.html HTTP/1.0" 301 85683 "-" "Mozilla/5.0 (compatible; MJ12bot/v1.4.8; http://mj12bot.com/)"
207.180.224.141 - - [29/Nov/2021:14:07:37 +0100] "GET /cups-c-12_248.html HTTP/1.0" 200 85715 "-" "Mozilla/5.0 (compatible; MJ12bot/v1.4.8; http://mj12bot.com/)"
207.180.224.141 - - [29/Nov/2021:14:07:40 +0100] "GET /egyptian-statue-senenmout-with-princess-p-54608.html HTTP/1.0" 200 74041 "-" "Mozilla/5.0 (compatible; MJ12bot/v1.4.8; http://mj12bot.com/)"
185.191.171.1 - - [29/Nov/2021:14:07:41 +0100] "GET /corby-puppy-by-rachael-hale-poster-p-25822.html HTTP/1.0" 301 73354 "-" "Mozilla/5.0 (compatible; SemrushBot/7~bl; +http://www.semrush.com/bot.html)"
185.191.171.17 - - [29/Nov/2021:14:07:43 +0100] "GET /corby-puppy-rachael-hale-poster-p-25822.html HTTP/1.0" 200 73256 "-" "Mozilla/5.0 (compatible; SemrushBot/7~bl; +http://www.semrush.com/bot.html)"
207.180.224.141 - - [29/Nov/2021:14:07:45 +0100] "GET /elfie-phosphorescent-polar-plaid-p-51607.html HTTP/1.0" 200 73300 "-" "Mozilla/5.0 (compatible; MJ12bot/v1.4.8; http://mj12bot.com/)"
207.180.224.141 - - [29/Nov/2021:14:07:53 +0100] "GET /elsa-figure-p-32170.html HTTP/1.0" 200 70610 "-" "Mozilla/5.0 (compatible; MJ12bot/v1.4.8; http://mj12bot.com/)"
207.180.224.141 - - [29/Nov/2021:14:07:59 +0100] "GET /empty-tray-pocket-floral-pattern-carved-wood-20-cm-p-52326.html HTTP/1.0" 301 70853 "-" "Mozilla/5.0 (compatible; MJ12bot/v1.4.8; http://mj12bot.com/)"
207.180.224.141 - - [29/Nov/2021:14:08:08 +0100] "GET /empty-tray-pocket-floral-pattern-carved-wood-p-52326.html HTTP/1.0" 200 70742 "-" "Mozilla/5.0 (compatible; MJ12bot/v1.4.8; http://mj12bot.com/)"
207.180.224.141 - - [29/Nov/2021:14:08:14 +0100] "GET /empty-tray-pocket-floral-pattern-carved-wood-p-52326.html HTTP/1.0" 200 70742 "-" "Mozilla/5.0 (compatible; MJ12bot/v1.4.8; http://mj12bot.com/)"
54.36.148.67 - - [29/Nov/2021:14:08:15 +0100] "GET /bedding-protection-c-11_192.html HTTP/1.0" 200 90963 "-" "Mozilla/5.0 (compatible; AhrefsBot/7.0; +http://ahrefs.com/robot/)"
207.180.224.141 - - [29/Nov/2021:14:08:17 +0100] "GET /empty-tray-pocket-oriental-pattern-carved-wood-17-cm-p-46384.html HTTP/1.0" 301 74236 "-" "Mozilla/5.0 (compatible; MJ12bot/v1.4.8; http://mj12bot.com/)"
207.180.224.141 - - [29/Nov/2021:14:08:25 +0100] "GET /empty-tray-pocket-oriental-pattern-carved-wood-p-46384.html HTTP/1.0" 200 74123 "-" "Mozilla/5.0 (compatible; MJ12bot/v1.4.8; http://mj12bot.com/)"
207.180.224.141 - - [29/Nov/2021:14:08:29 +0100] "GET /empty-tray-pocket-oriental-pattern-carved-wood-p-46384.html HTTP/1.0" 200 74123 "-" "Mozilla/5.0 (compatible; MJ12bot/v1.4.8; http://mj12bot.com/)"
207.180.224.141 - - [29/Nov/2021:14:08:38 +0100] "GET /espresso-cups-bistro-p-49738.html HTTP/1.0" 200 73213 "-" "Mozilla/5.0 (compatible; MJ12bot/v1.4.8; http://mj12bot.com/)"
207.180.224.141 - - [29/Nov/2021:14:08:43 +0100] "GET /espresso-cups-bistro-p-49739.html HTTP/1.0" 200 73233 "-" "Mozilla/5.0 (compatible; MJ12bot/v1.4.8; http://mj12bot.com/)"
149.248.7.213 - - [29/Nov/2021:14:08:44 +0100] "GET /images/mini_prod/SXP10027.jpg HTTP/1.0" 200 264 "-" "Mozilla/5.0 (X11; Ubuntu; Linux x86_64; rv:72.0) Gecko/20100101 Firefox/72.0"
207.180.224.141 - - [29/Nov/2021:14:08:47 +0100] "GET /espresso-cups-dogs-p-49737.html HTTP/1.0" 200 73204 "-" "Mozilla/5.0 (compatible; MJ12bot/v1.4.8; http://mj12bot.com/)"
207.180.224.141 - - [29/Nov/2021:14:08:53 +0100] "GET /espresso-cups-love-corsica-p-54767.html HTTP/1.0" 200 73958 "-" "Mozilla/5.0 (compatible; MJ12bot/v1.4.8; http://mj12bot.com/)"
207.180.224.141 - - [29/Nov/2021:14:08:57 +0100] "GET /ethnic-chandelier-18-cm-p-38254.html HTTP/1.0" 301 70631 "-" "Mozilla/5.0 (compatible; MJ12bot/v1.4.8; http://mj12bot.com/)"
207.180.224.141 - - [29/Nov/2021:14:09:01 +0100] "GET /-p-38254.html HTTP/1.0" 200 70564 "-" "Mozilla/5.0 (compatible; MJ12bot/v1.4.8; http://mj12bot.com/)"
207.180.224.141 - - [29/Nov/2021:14:09:06 +0100] "GET /exit-decorative-metal-plate-p-47953.html HTTP/1.0" 200 70675 "-" "Mozilla/5.0 (compatible; MJ12bot/v1.4.8; http://mj12bot.com/)"
54.36.148.13 - - [29/Nov/2021:14:09:11 +0100] "GET /little-miss-coquette-metal-suitcase-p-15918.html HTTP/1.0" 301 70631 "-" "Mozilla/5.0 (compatible; AhrefsBot/7.0; +http://ahrefs.com/robot/)"
114.119.128.37 - - [29/Nov/2021:14:09:16 +0100] "GET /hello-kitty-picnic-p-17166.html HTTP/1.0" 200 73606 "-" "Mozilla/5.0 (Linux; Android 7.0;) AppleWebKit/537.36 (KHTML, like Gecko) Mobile Safari/537.36 (compatible; PetalBot;+https://webmaster.petalsearch.com/site/petalbot)"
207.180.224.141 - - [29/Nov/2021:14:09:17 +0100] "GET /exit-wooden-frame-p-45699.html HTTP/1.0" 200 70638 "-" "Mozilla/5.0 (compatible; MJ12bot/v1.4.8; http://mj12bot.com/)"
54.36.148.174 - - [29/Nov/2021:14:09:17 +0100] "GET /argentina-mouse-cbkreation-p-13982.html HTTP/1.0" 200 73211 "-" "Mozilla/5.0 (compatible; AhrefsBot/7.0; +http://ahrefs.com/robot/)"
207.180.224.141 - - [29/Nov/2021:14:09:21 +0100] "GET /eyelet-curtain-135-240-cm-p-52355.html HTTP/1.0" 301 76070 "-" "Mozilla/5.0 (compatible; MJ12bot/v1.4.8; http://mj12bot.com/)"
207.180.224.141 - - [29/Nov/2021:14:09:35 +0100] "GET /eyelet-curtain-p-52355.html HTTP/1.0" 200 75989 "-" "Mozilla/5.0 (compatible; MJ12bot/v1.4.8; http://mj12bot.com/)"
207.180.224.141 - - [29/Nov/2021:14:09:41 +0100] "GET /eyelet-curtain-135-240-cm-p-52356.html HTTP/1.0" 301 75463 "-" "Mozilla/5.0 (compatible; MJ12bot/v1.4.8; http://mj12bot.com/)"
207.180.224.141 - - [29/Nov/2021:14:09:50 +0100] "GET /eyelet-curtain-p-52356.html HTTP/1.0" 200 75382 "-" "Mozilla/5.0 (compatible; MJ12bot/v1.4.8; http://mj12bot.com/)"
185.191.171.8 - - [29/Nov/2021:14:09:50 +0100] "GET /laissez-lucie-faire-manu-glasses-p-44820.html HTTP/1.0" 200 73368 "-" "Mozilla/5.0 (compatible; SemrushBot/7~bl; +http://www.semrush.com/bot.html)"
207.180.224.141 - - [29/Nov/2021:14:09:56 +0100] "GET /eyelet-curtain-135-240-cm-p-52357.html HTTP/1.0" 301 75463 "-" "Mozilla/5.0 (compatible; MJ12bot/v1.4.8; http://mj12bot.com/)"
207.180.224.141 - - [29/Nov/2021:14:09:59 +0100] "GET /eyelet-curtain-p-52357.html HTTP/1.0" 200 75382 "-" "Mozilla/5.0 (compatible; MJ12bot/v1.4.8; http://mj12bot.com/)"
207.180.224.141 - - [29/Nov/2021:14:10:03 +0100] "GET /eyelet-curtain-135-240-cm-p-52380.html HTTP/1.0" 301 75463 "-" "Mozilla/5.0 (compatible; MJ12bot/v1.4.8; http://mj12bot.com/)"
207.180.224.141 - - [29/Nov/2021:14:10:11 +0100] "GET /eyelet-curtain-p-52380.html HTTP/1.0" 200 75382 "-" "Mozilla/5.0 (compatible; MJ12bot/v1.4.8; http://mj12bot.com/)"
157.55.39.228 - - [29/Nov/2021:14:10:15 +0100] "GET /images/big_prod/1399169040019.jpg HTTP/1.0" 200 268 "-" "Mozilla/5.0 (compatible; bingbot/2.0; +http://www.bing.com/bingbot.htm)"
207.180.224.141 - - [29/Nov/2021:14:10:16 +0100] "GET /eyelet-curtain-135-240-cm-p-52381.html HTTP/1.0" 301 75463 "-" "Mozilla/5.0 (compatible; MJ12bot/v1.4.8; http://mj12bot.com/)"
207.180.224.141 - - [29/Nov/2021:14:10:19 +0100] "GET /eyelet-curtain-p-52381.html HTTP/1.0" 200 75382 "-" "Mozilla/5.0 (compatible; MJ12bot/v1.4.8; http://mj12bot.com/)"
207.180.224.141 - - [29/Nov/2021:14:10:26 +0100] "GET /eyelet-curtain-135-240-cm-p-52382.html HTTP/1.0" 301 75464 "-" "Mozilla/5.0 (compatible; MJ12bot/v1.4.8; http://mj12bot.com/)"
54.36.149.29 - - [29/Nov/2021:14:10:27 +0100] "GET /cavaillon-lampshade-p-56323.html HTTP/1.0" 200 73828 "-" "Mozilla/5.0 (compatible; AhrefsBot/7.0; +http://ahrefs.com/robot/)"
207.180.224.141 - - [29/Nov/2021:14:10:31 +0100] "GET /eyelet-curtain-p-52382.html HTTP/1.0" 200 75383 "-" "Mozilla/5.0 (compatible; MJ12bot/v1.4.8; http://mj12bot.com/)"
207.180.224.141 - - [29/Nov/2021:14:10:39 +0100] "GET /eyelet-curtain-135-240-cm-p-52384.html HTTP/1.0" 301 75464 "-" "Mozilla/5.0 (compatible; MJ12bot/v1.4.8; http://mj12bot.com/)"
207.180.224.141 - - [29/Nov/2021:14:10:49 +0100] "GET /eyelet-curtain-p-52384.html HTTP/1.0" 200 75383 "-" "Mozilla/5.0 (compatible; MJ12bot/v1.4.8; http://mj12bot.com/)"
207.46.13.118 - - [29/Nov/2021:14:10:53 +0100] "GET /educational-watch-children-football-star-p-51493.html HTTP/1.0" 200 74867 "-" "Mozilla/5.0 (compatible; bingbot/2.0; +http://www.bing.com/bingbot.htm)"
185.191.171.4 - - [29/Nov/2021:14:10:54 +0100] "GET /fairy-cbkreation-p-33777.html?action=add_product HTTP/1.0" 302 476 "-" "Mozilla/5.0 (compatible; SemrushBot/7~bl; +http://www.semrush.com/bot.html)"
207.180.224.141 - - [29/Nov/2021:14:10:53 +0100] "GET /eyelet-curtain-140-280-cm-p-52358.html HTTP/1.0" 301 75459 "-" "Mozilla/5.0 (compatible; MJ12bot/v1.4.8; http://mj12bot.com/)"
207.180.224.141 - - [29/Nov/2021:14:11:00 +0100] "GET /eyelet-curtain-p-52358.html HTTP/1.0" 200 75378 "-" "Mozilla/5.0 (compatible; MJ12bot/v1.4.8; http://mj12bot.com/)"
207.180.224.141 - - [29/Nov/2021:14:11:09 +0100] "GET /eyelet-curtain-p-52355.html HTTP/1.0" 200 75989 "-" "Mozilla/5.0 (compatible; MJ12bot/v1.4.8; http://mj12bot.com/)"
207.180.224.141 - - [29/Nov/2021:14:11:13 +0100] "GET /eyelet-curtain-p-52356.html HTTP/1.0" 200 75382 "-" "Mozilla/5.0 (compatible; MJ12bot/v1.4.8; http://mj12bot.com/)"
42.236.10.125 - - [29/Nov/2021:14:11:14 +0100] "GET / HTTP/1.0" 200 151522 "http://baidu.com/" "Mozilla/5.0 (Linux; U; Android 8.1.0; zh-CN; EML-AL00 Build/HUAWEIEML-AL00) AppleWebKit/537.36 (KHTML, like Gecko) Version/4.0 Chrome/57.0.2987.108 baidu.sogo.uc.UCBrowser/11.9.4.974 UWS/2.13.1.48 Mobile Safari/537.36 AliApp(DingTalk/4.5.11) com.alibaba.android.rimet/10487439 Channel/227200 language/zh-CN"
42.236.10.106 - - [29/Nov/2021:14:11:19 +0100] "GET /templates/Pixame_v1/stylesheet.css HTTP/1.0" 200 267 "http://www.wonder-geek.com/" "Mozilla/5.0 (Linux; U; Android 8.1.0; zh-CN; EML-AL00 Build/HUAWEIEML-AL00) AppleWebKit/537.36 (KHTML, like Gecko) Version/4.0 Chrome/57.0.2987.108 baidu.sogo.uc.UCBrowser/11.9.4.974 UWS/2.13.1.48 Mobile Safari/537.36 AliApp(DingTalk/4.5.11) com.alibaba.android.rimet/10487439 Channel/227200 language/zh-CN"
207.180.224.141 - - [29/Nov/2021:14:11:20 +0100] "GET /eyelet-curtain-p-52357.html HTTP/1.0" 200 75382 "-" "Mozilla/5.0 (compatible; MJ12bot/v1.4.8; http://mj12bot.com/)"
42.236.10.106 - - [29/Nov/2021:14:11:21 +0100] "GET /highslide/highslide.js HTTP/1.0" 200 262 "http://www.wonder-geek.com/" "Mozilla/5.0 (Linux; U; Android 8.1.0; zh-CN; EML-AL00 Build/HUAWEIEML-AL00) AppleWebKit/537.36 (KHTML, like Gecko) Version/4.0 Chrome/57.0.2987.108 baidu.sogo.uc.UCBrowser/11.9.4.974 UWS/2.13.1.48 Mobile Safari/537.36 AliApp(DingTalk/4.5.11) com.alibaba.android.rimet/10487439 Channel/227200 language/zh-CN"
42.236.10.106 - - [29/Nov/2021:14:11:21 +0100] "GET /js/jquery.js HTTP/1.0" 200 252 "http://www.wonder-geek.com/" "Mozilla/5.0 (Linux; U; Android 8.1.0; zh-CN; EML-AL00 Build/HUAWEIEML-AL00) AppleWebKit/537.36 (KHTML, like Gecko) Version/4.0 Chrome/57.0.2987.108 baidu.sogo.uc.UCBrowser/11.9.4.974 UWS/2.13.1.48 Mobile Safari/537.36 AliApp(DingTalk/4.5.11) com.alibaba.android.rimet/10487439 Channel/227200 language/zh-CN"
42.236.10.125 - - [29/Nov/2021:14:11:21 +0100] "GET /js/jquery.jqzoom.js HTTP/1.0" 200 259 "http://www.wonder-geek.com/" "Mozilla/5.0 (Linux; U; Android 8.1.0; zh-CN; EML-AL00 Build/HUAWEIEML-AL00) AppleWebKit/537.36 (KHTML, like Gecko) Version/4.0 Chrome/57.0.2987.108 baidu.sogo.uc.UCBrowser/11.9.4.974 UWS/2.13.1.48 Mobile Safari/537.36 AliApp(DingTalk/4.5.11) com.alibaba.android.rimet/10487439 Channel/227200 language/zh-CN"
42.236.10.114 - - [29/Nov/2021:14:11:21 +0100] "GET /mondial_relay/js/jquery-1.3.2.min.js HTTP/1.0" 200 276 "http://www.wonder-geek.com/" "Mozilla/5.0 (Linux; U; Android 8.1.0; zh-CN; EML-AL00 Build/HUAWEIEML-AL00) AppleWebKit/537.36 (KHTML, like Gecko) Version/4.0 Chrome/57.0.2987.108 baidu.sogo.uc.UCBrowser/11.9.4.974 UWS/2.13.1.48 Mobile Safari/537.36 AliApp(DingTalk/4.5.11) com.alibaba.android.rimet/10487439 Channel/227200 language/zh-CN"
42.236.10.125 - - [29/Nov/2021:14:11:21 +0100] "GET /templates/Pixame_v1/images/icon_accueil2.png HTTP/1.0" 200 278 "http://www.wonder-geek.com/" "Mozilla/5.0 (Linux; U; Android 8.1.0; zh-CN; EML-AL00 Build/HUAWEIEML-AL00) AppleWebKit/537.36 (KHTML, like Gecko) Version/4.0 Chrome/57.0.2987.108 baidu.sogo.uc.UCBrowser/11.9.4.974 UWS/2.13.1.48 Mobile Safari/537.36 AliApp(DingTalk/4.5.11) com.alibaba.android.rimet/10487439 Channel/227200 language/zh-CN"
42.236.10.125 - - [29/Nov/2021:14:11:22 +0100] "GET /swfobject.js HTTP/1.0" 404 1308 "http://www.wonder-geek.com/" "Mozilla/5.0 (Linux; U; Android 8.1.0; zh-CN; EML-AL00 Build/HUAWEIEML-AL00) AppleWebKit/537.36 (KHTML, like Gecko) Version/4.0 Chrome/57.0.2987.108 baidu.sogo.uc.UCBrowser/11.9.4.974 UWS/2.13.1.48 Mobile Safari/537.36 AliApp(DingTalk/4.5.11) com.alibaba.android.rimet/10487439 Channel/227200 language/zh-CN"
42.236.10.125 - - [29/Nov/2021:14:11:25 +0100] "GET /swfobject.js HTTP/1.0" 404 1308 "http://www.wonder-geek.com/" "Mozilla/5.0 (Linux; U; Android 8.1.0; zh-CN; EML-AL00 Build/HUAWEIEML-AL00) AppleWebKit/537.36 (KHTML, like Gecko) Version/4.0 Chrome/57.0.2987.108 baidu.sogo.uc.UCBrowser/11.9.4.974 UWS/2.13.1.48 Mobile Safari/537.36 AliApp(DingTalk/4.5.11) com.alibaba.android.rimet/10487439 Channel/227200 language/zh-CN"
42.236.10.106 - - [29/Nov/2021:14:11:25 +0100] "GET /js/modernizr-transitions.js HTTP/1.0" 200 267 "http://www.wonder-geek.com/" "Mozilla/5.0 (Linux; U; Android 8.1.0; zh-CN; EML-AL00 Build/HUAWEIEML-AL00) AppleWebKit/537.36 (KHTML, like Gecko) Version/4.0 Chrome/57.0.2987.108 baidu.sogo.uc.UCBrowser/11.9.4.974 UWS/2.13.1.48 Mobile Safari/537.36 AliApp(DingTalk/4.5.11) com.alibaba.android.rimet/10487439 Channel/227200 language/zh-CN"
42.236.10.106 - - [29/Nov/2021:14:11:25 +0100] "GET /js/jquery.min.js HTTP/1.0" 404 1308 "http://www.wonder-geek.com/" "Mozilla/5.0 (Linux; U; Android 8.1.0; zh-CN; EML-AL00 Build/HUAWEIEML-AL00) AppleWebKit/537.36 (KHTML, like Gecko) Version/4.0 Chrome/57.0.2987.108 baidu.sogo.uc.UCBrowser/11.9.4.974 UWS/2.13.1.48 Mobile Safari/537.36 AliApp(DingTalk/4.5.11) com.alibaba.android.rimet/10487439 Channel/227200 language/zh-CN"
42.236.10.114 - - [29/Nov/2021:14:11:25 +0100] "GET /js/jquery.masonry.min.js HTTP/1.0" 200 264 "http://www.wonder-geek.com/" "Mozilla/5.0 (Linux; U; Android 8.1.0; zh-CN; EML-AL00 Build/HUAWEIEML-AL00) AppleWebKit/537.36 (KHTML, like Gecko) Version/4.0 Chrome/57.0.2987.108 baidu.sogo.uc.UCBrowser/11.9.4.974 UWS/2.13.1.48 Mobile Safari/537.36 AliApp(DingTalk/4.5.11) com.alibaba.android.rimet/10487439 Channel/227200 language/zh-CN"
42.236.10.106 - - [29/Nov/2021:14:11:25 +0100] "GET /images/pixel_trans.gif HTTP/1.0" 200 328 "http://www.wonder-geek.com/" "Mozilla/5.0 (Linux; U; Android 8.1.0; zh-CN; EML-AL00 Build/HUAWEIEML-AL00) AppleWebKit/537.36 (KHTML, like Gecko) Version/4.0 Chrome/57.0.2987.108 baidu.sogo.uc.UCBrowser/11.9.4.974 UWS/2.13.1.48 Mobile Safari/537.36 AliApp(DingTalk/4.5.11) com.alibaba.android.rimet/10487439 Channel/227200 language/zh-CN"
