5.9.61.101 - - [29/Nov/2021:07:59:19 +0100] "GET /postcard-with-envelope-anniversary-years-p-48850.html HTTP/1.0" 200 73415 "-" "Mozilla/5.0 (compatible; MJ12bot/v1.4.8; http://mj12bot.com/)"
5.9.61.101 - - [29/Nov/2021:07:59:21 +0100] "GET /postcard-with-envelope-anniversary-years-p-48851.html HTTP/1.0" 200 73415 "-" "Mozilla/5.0 (compatible; MJ12bot/v1.4.8; http://mj12bot.com/)"
5.9.61.101 - - [29/Nov/2021:07:59:25 +0100] "GET /postcard-with-envelope-cushion-p-48845.html HTTP/1.0" 200 73376 "-" "Mozilla/5.0 (compatible; MJ12bot/v1.4.8; http://mj12bot.com/)"
5.9.61.101 - - [29/Nov/2021:07:59:27 +0100] "GET /postcard-with-envelope-flicitations-p-48855.html HTTP/1.0" 200 73392 "-" "Mozilla/5.0 (compatible; MJ12bot/v1.4.8; http://mj12bot.com/)"
5.9.61.101 - - [29/Nov/2021:07:59:30 +0100] "GET /postcard-with-envelope-raccoon-p-48866.html HTTP/1.0" 200 73374 "-" "Mozilla/5.0 (compatible; MJ12bot/v1.4.8; http://mj12bot.com/)"
5.9.61.101 - - [29/Nov/2021:07:59:33 +0100] "GET /poufs-coussins-c-11_182.html HTTP/1.0" 301 91259 "-" "Mozilla/5.0 (compatible; MJ12bot/v1.4.8; http://mj12bot.com/)"
5.9.61.101 - - [29/Nov/2021:07:59:35 +0100] "GET /floor-cushions-c-182.html HTTP/1.0" 301 91140 "-" "Mozilla/5.0 (compatible; MJ12bot/v1.4.8; http://mj12bot.com/)"
5.9.61.101 - - [29/Nov/2021:07:59:37 +0100] "GET /floor-cushions-c-11_182.html HTTP/1.0" 200 91180 "-" "Mozilla/5.0 (compatible; MJ12bot/v1.4.8; http://mj12bot.com/)"
5.9.61.101 - - [29/Nov/2021:07:59:40 +0100] "GET /poufs-poufs-rangement-c-13_209.html HTTP/1.0" 301 90196 "-" "Mozilla/5.0 (compatible; MJ12bot/v1.4.8; http://mj12bot.com/)"
17.121.112.109 - - [29/Nov/2021:07:59:41 +0100] "GET /-p-47972.html HTTP/1.0" 200 70564 "-" "Mozilla/5.0 (Macintosh; Intel Mac OS X 10_15_5) AppleWebKit/605.1.15 (KHTML, like Gecko) Version/13.1.1 Safari/605.1.15 (Applebot/0.1; +http://www.apple.com/go/applebot)"
5.9.61.101 - - [29/Nov/2021:07:59:43 +0100] "GET /ottomans-storage-ottomans-c-209.html HTTP/1.0" 301 90073 "-" "Mozilla/5.0 (compatible; MJ12bot/v1.4.8; http://mj12bot.com/)"
5.9.61.101 - - [29/Nov/2021:07:59:45 +0100] "GET /ottomans-storage-ottomans-c-13_209.html HTTP/1.0" 200 90106 "-" "Mozilla/5.0 (compatible; MJ12bot/v1.4.8; http://mj12bot.com/)"
5.9.61.101 - - [29/Nov/2021:07:59:47 +0100] "GET /produits-personnaliss-c-97.html HTTP/1.0" 301 90857 "-" "Mozilla/5.0 (compatible; MJ12bot/v1.4.8; http://mj12bot.com/)"
5.9.61.101 - - [29/Nov/2021:07:59:50 +0100] "GET /personalized-products-c-97.html HTTP/1.0" 200 90772 "-" "Mozilla/5.0 (compatible; MJ12bot/v1.4.8; http://mj12bot.com/)"
5.9.61.101 - - [29/Nov/2021:07:59:52 +0100] "GET /protective-fleece-pillow-cover-60-60-cm-p-51610.html HTTP/1.0" 301 70793 "-" "Mozilla/5.0 (compatible; MJ12bot/v1.4.8; http://mj12bot.com/)"
5.9.61.101 - - [29/Nov/2021:07:59:54 +0100] "GET /protective-fleece-pillow-cover-p-51610.html HTTP/1.0" 200 70696 "-" "Mozilla/5.0 (compatible; MJ12bot/v1.4.8; http://mj12bot.com/)"
5.9.61.101 - - [29/Nov/2021:07:59:57 +0100] "GET /protective-fleece-pillow-cover-p-51610.html HTTP/1.0" 200 70696 "-" "Mozilla/5.0 (compatible; MJ12bot/v1.4.8; http://mj12bot.com/)"
5.9.61.101 - - [29/Nov/2021:07:59:59 +0100] "GET /provence-cotton-canvas-p-38649.html HTTP/1.0" 200 70650 "-" "Mozilla/5.0 (compatible; MJ12bot/v1.4.8; http://mj12bot.com/)"
5.9.61.101 - - [29/Nov/2021:08:00:02 +0100] "GET /pulls-sweats-gilets-c-1_23.html HTTP/1.0" 301 82285 "-" "Mozilla/5.0 (compatible; MJ12bot/v1.4.8; http://mj12bot.com/)"
5.9.61.101 - - [29/Nov/2021:08:00:06 +0100] "GET /sweaters-sweatshirts-vests-c-23.html HTTP/1.0" 301 82187 "-" "Mozilla/5.0 (compatible; MJ12bot/v1.4.8; http://mj12bot.com/)"
5.9.61.101 - - [29/Nov/2021:08:00:08 +0100] "GET /sweaters-sweatshirts-vests-c-1_23.html HTTP/1.0" 200 82195 "-" "Mozilla/5.0 (compatible; MJ12bot/v1.4.8; http://mj12bot.com/)"
5.9.61.101 - - [29/Nov/2021:08:00:11 +0100] "GET /pulls-sweats-gilets-c-2_37.html HTTP/1.0" 301 69686 "-" "Mozilla/5.0 (compatible; MJ12bot/v1.4.8; http://mj12bot.com/)"
5.9.61.101 - - [29/Nov/2021:08:00:13 +0100] "GET /sweaters-sweatshirts-vests-c-37.html HTTP/1.0" 301 69592 "-" "Mozilla/5.0 (compatible; MJ12bot/v1.4.8; http://mj12bot.com/)"
5.9.61.101 - - [29/Nov/2021:08:00:16 +0100] "GET /sweaters-sweatshirts-vests-c-2_37.html HTTP/1.0" 200 69596 "-" "Mozilla/5.0 (compatible; MJ12bot/v1.4.8; http://mj12bot.com/)"
5.9.61.101 - - [29/Nov/2021:08:00:19 +0100] "GET /pure-washed-linen-cushion-cover-p-54383.html HTTP/1.0" 200 74458 "-" "Mozilla/5.0 (compatible; MJ12bot/v1.4.8; http://mj12bot.com/)"
5.9.61.101 - - [29/Nov/2021:08:00:23 +0100] "GET /pure-washed-linen-cushion-cover-p-54386.html HTTP/1.0" 200 74458 "-" "Mozilla/5.0 (compatible; MJ12bot/v1.4.8; http://mj12bot.com/)"
5.9.61.101 - - [29/Nov/2021:08:00:25 +0100] "GET /purple-lampshade-p-55533.html HTTP/1.0" 200 70618 "-" "Mozilla/5.0 (compatible; MJ12bot/v1.4.8; http://mj12bot.com/)"
5.9.61.101 - - [29/Nov/2021:08:00:28 +0100] "GET /purple-medusa-glass-paperweight-p-52213.html HTTP/1.0" 200 70678 "-" "Mozilla/5.0 (compatible; MJ12bot/v1.4.8; http://mj12bot.com/)"
5.9.61.101 - - [29/Nov/2021:08:00:31 +0100] "GET /pusheen-birthday-collectable-birthday-p-40023.html HTTP/1.0" 200 70758 "-" "Mozilla/5.0 (compatible; MJ12bot/v1.4.8; http://mj12bot.com/)"
5.9.61.101 - - [29/Nov/2021:08:00:34 +0100] "GET /pusheen-birthday-collectable-set-birthday-p-40023.html HTTP/1.0" 301 70862 "-" "Mozilla/5.0 (compatible; MJ12bot/v1.4.8; http://mj12bot.com/)"
5.9.61.101 - - [29/Nov/2021:08:00:36 +0100] "GET /pusheen-birthday-collectable-birthday-p-40023.html HTTP/1.0" 200 70758 "-" "Mozilla/5.0 (compatible; MJ12bot/v1.4.8; http://mj12bot.com/)"
207.46.13.118 - - [29/Nov/2021:08:00:37 +0100] "GET /products_new.php HTTP/1.0" 200 95765 "-" "Mozilla/5.0 (compatible; bingbot/2.0; +http://www.bing.com/bingbot.htm)"
114.119.128.26 - - [29/Nov/2021:08:00:38 +0100] "GET /winnie-the-pooh-umbrella-p-20501.html HTTP/1.0" 301 73503 "-" "Mozilla/5.0 (Linux; Android 7.0;) AppleWebKit/537.36 (KHTML, like Gecko) Mobile Safari/537.36 (compatible; PetalBot;+https://webmaster.petalsearch.com/site/petalbot)"
5.9.61.101 - - [29/Nov/2021:08:00:39 +0100] "GET /puzzles-c-4_144.html HTTP/1.0" 301 79644 "-" "Mozilla/5.0 (compatible; MJ12bot/v1.4.8; http://mj12bot.com/)"
185.191.171.37 - - [29/Nov/2021:08:00:41 +0100] "GET /decorative-henna-foot-wood-p-46814.html HTTP/1.0" 200 73425 "-" "Mozilla/5.0 (compatible; SemrushBot/7~bl; +http://www.semrush.com/bot.html)"
5.9.61.101 - - [29/Nov/2021:08:00:43 +0100] "GET /jigsaws-c-144.html HTTP/1.0" 301 79532 "-" "Mozilla/5.0 (compatible; MJ12bot/v1.4.8; http://mj12bot.com/)"
5.9.61.101 - - [29/Nov/2021:08:00:50 +0100] "GET /jigsaws-c-4_144.html HTTP/1.0" 200 79572 "-" "Mozilla/5.0 (compatible; MJ12bot/v1.4.8; http://mj12bot.com/)"
114.119.128.26 - - [29/Nov/2021:08:00:51 +0100] "GET /winnie-pooh-umbrella-p-20501.html HTTP/1.0" 200 73416 "-" "Mozilla/5.0 (Linux; Android 7.0;) AppleWebKit/537.36 (KHTML, like Gecko) Mobile Safari/537.36 (compatible; PetalBot;+https://webmaster.petalsearch.com/site/petalbot)"
5.9.61.101 - - [29/Nov/2021:08:01:02 +0100] "GET /pyramid-in-green-aventurine-base-cm-quality-aa-p-44004.html HTTP/1.0" 301 73488 "-" "Mozilla/5.0 (compatible; MJ12bot/v1.4.8; http://mj12bot.com/)"
5.9.61.101 - - [29/Nov/2021:08:01:07 +0100] "GET /pyramid-green-aventurine-base-quality-p-44004.html HTTP/1.0" 200 73384 "-" "Mozilla/5.0 (compatible; MJ12bot/v1.4.8; http://mj12bot.com/)"
74.125.209.50 - - [29/Nov/2021:08:01:21 +0100] "GET /images/big_prod/8435153867736.jpg HTTP/1.0" 200 268 "-" "Mozilla/5.0 (Windows NT 5.1; rv:11.0) Gecko Firefox/11.0 (via ggpht.com GoogleImageProxy)"
5.9.61.101 - - [29/Nov/2021:08:01:20 +0100] "GET /pyramid-in-rose-quartz-base-cm-quality-aa-p-44006.html HTTP/1.0" 301 73438 "-" "Mozilla/5.0 (compatible; MJ12bot/v1.4.8; http://mj12bot.com/)"
5.9.61.101 - - [29/Nov/2021:08:01:26 +0100] "GET /pyramid-rose-quartz-base-quality-p-44006.html HTTP/1.0" 200 73339 "-" "Mozilla/5.0 (compatible; MJ12bot/v1.4.8; http://mj12bot.com/)"
165.154.72.231 - - [29/Nov/2021:08:01:40 +0100] "GET /images/mini_prod/b8012052011455.jpg HTTP/1.0" 200 270 "-" "Mozilla/5.0 (X11; Ubuntu; Linux x86_64; rv:72.0) Gecko/20100101 Firefox/72.0"
5.9.61.101 - - [29/Nov/2021:08:01:50 +0100] "GET /pyramid-in-shungite-base-cm-quality-aa-p-44009.html HTTP/1.0" 301 70792 "-" "Mozilla/5.0 (compatible; MJ12bot/v1.4.8; http://mj12bot.com/)"
185.191.171.8 - - [29/Nov/2021:08:01:50 +0100] "GET /jane-crowther-p-54770.html HTTP/1.0" 200 73977 "-" "Mozilla/5.0 (compatible; SemrushBot/7~bl; +http://www.semrush.com/bot.html)"
157.55.39.223 - - [29/Nov/2021:08:01:52 +0100] "GET /images/big_prod/4542202662120NN.jpg HTTP/1.0" 200 270 "-" "Mozilla/5.0 (compatible; bingbot/2.0; +http://www.bing.com/bingbot.htm)"
185.191.171.1 - - [29/Nov/2021:08:01:54 +0100] "GET /gorjuss-coaster-runaway-p-46921.html HTTP/1.0" 200 70646 "-" "Mozilla/5.0 (compatible; SemrushBot/7~bl; +http://www.semrush.com/bot.html)"
5.9.61.101 - - [29/Nov/2021:08:02:04 +0100] "GET /pyramid-shungite-base-quality-p-44009.html HTTP/1.0" 200 70696 "-" "Mozilla/5.0 (compatible; MJ12bot/v1.4.8; http://mj12bot.com/)"
5.9.61.101 - - [29/Nov/2021:08:02:07 +0100] "GET /pyramid-in-tiger-eye-base-cm-quality-aa-p-44003.html HTTP/1.0" 301 70838 "-" "Mozilla/5.0 (compatible; MJ12bot/v1.4.8; http://mj12bot.com/)"
5.9.61.101 - - [29/Nov/2021:08:02:09 +0100] "GET /pyramid-tiger-base-quality-p-44003.html HTTP/1.0" 200 70745 "-" "Mozilla/5.0 (compatible; MJ12bot/v1.4.8; http://mj12bot.com/)"
5.9.61.101 - - [29/Nov/2021:08:02:18 +0100] "GET /pyramid-shungite-base-quality-p-44009.html HTTP/1.0" 200 70696 "-" "Mozilla/5.0 (compatible; MJ12bot/v1.4.8; http://mj12bot.com/)"
165.154.72.231 - - [29/Nov/2021:08:02:19 +0100] "GET /images/mini_prod/5050293803197.jpg HTTP/1.0" 200 269 "-" "Mozilla/5.0 (X11; Ubuntu; Linux x86_64; rv:72.0) Gecko/20100101 Firefox/72.0"
5.9.61.101 - - [29/Nov/2021:08:02:21 +0100] "GET /pyramid-tiger-base-quality-p-44003.html HTTP/1.0" 200 70745 "-" "Mozilla/5.0 (compatible; MJ12bot/v1.4.8; http://mj12bot.com/)"
5.9.61.101 - - [29/Nov/2021:08:02:31 +0100] "GET /pyramide-orgonite-chakra-pyramide-tourmaline-noire-avec-p-54368.html HTTP/1.0" 301 75023 "-" "Mozilla/5.0 (compatible; MJ12bot/v1.4.8; http://mj12bot.com/)"
5.9.61.101 - - [29/Nov/2021:08:02:34 +0100] "GET /orgonite-chakra-pyramid-black-tourmaline-with-p-54368.html HTTP/1.0" 200 74911 "-" "Mozilla/5.0 (compatible; MJ12bot/v1.4.8; http://mj12bot.com/)"
5.9.61.101 - - [29/Nov/2021:08:02:44 +0100] "GET /quote-wall-sticker-p-53542.html HTTP/1.0" 200 74129 "-" "Mozilla/5.0 (compatible; MJ12bot/v1.4.8; http://mj12bot.com/)"
5.9.61.101 - - [29/Nov/2021:08:02:47 +0100] "GET /quote-wooden-wall-decoration-to-hang-p-43071.html HTTP/1.0" 301 70631 "-" "Mozilla/5.0 (compatible; MJ12bot/v1.4.8; http://mj12bot.com/)"
5.9.61.101 - - [29/Nov/2021:08:02:57 +0100] "GET /-p-43071.html HTTP/1.0" 200 70564 "-" "Mozilla/5.0 (compatible; MJ12bot/v1.4.8; http://mj12bot.com/)"
114.119.128.34 - - [29/Nov/2021:08:03:00 +0100] "GET /bob-marley-zippo-lighter-p-29774.html HTTP/1.0" 301 73765 "-" "Mozilla/5.0 (Linux; Android 7.0;) AppleWebKit/537.36 (KHTML, like Gecko) Mobile Safari/537.36 (compatible; PetalBot;+https://webmaster.petalsearch.com/site/petalbot)"
114.119.128.34 - - [29/Nov/2021:08:03:09 +0100] "GET /marley-zippo-lighter-p-29774.html HTTP/1.0" 200 73678 "-" "Mozilla/5.0 (Linux; Android 7.0;) AppleWebKit/537.36 (KHTML, like Gecko) Mobile Safari/537.36 (compatible; PetalBot;+https://webmaster.petalsearch.com/site/petalbot)"
5.9.61.101 - - [29/Nov/2021:08:03:09 +0100] "GET /rainbow-bookends-p-50759.html HTTP/1.0" 200 70612 "-" "Mozilla/5.0 (compatible; MJ12bot/v1.4.8; http://mj12bot.com/)"
5.9.61.101 - - [29/Nov/2021:08:03:21 +0100] "GET /rat-mug-p-27593.html HTTP/1.0" 200 73040 "-" "Mozilla/5.0 (compatible; MJ12bot/v1.4.8; http://mj12bot.com/)"
185.191.171.22 - - [29/Nov/2021:08:03:21 +0100] "GET /little-mariners-bowl-p-38766.html HTTP/1.0" 200 70634 "-" "Mozilla/5.0 (compatible; SemrushBot/7~bl; +http://www.semrush.com/bot.html)"
5.9.61.101 - - [29/Nov/2021:08:03:35 +0100] "GET /rattan-baskets-37-cm-p-45462.html HTTP/1.0" 301 73288 "-" "Mozilla/5.0 (compatible; MJ12bot/v1.4.8; http://mj12bot.com/)"
66.249.75.166 - - [29/Nov/2021:08:03:35 +0100] "GET /avengers-marvel-p-31619.html HTTP/1.0" 200 73426 "-" "Mozilla/5.0 (Linux; Android 6.0.1; Nexus 5X Build/MMB29P) AppleWebKit/537.36 (KHTML, like Gecko) Chrome/96.0.4664.45 Mobile Safari/537.36 (compatible; Googlebot/2.1; +http://www.google.com/bot.html)"
54.36.148.145 - - [29/Nov/2021:08:03:47 +0100] "GET /retro-moto-box-30-60-31-cm-p-42143.html HTTP/1.0" 301 70631 "-" "Mozilla/5.0 (compatible; AhrefsBot/7.0; +http://ahrefs.com/robot/)"
5.9.61.101 - - [29/Nov/2021:08:03:47 +0100] "GET /rattan-baskets-p-45462.html HTTP/1.0" 200 73207 "-" "Mozilla/5.0 (compatible; MJ12bot/v1.4.8; http://mj12bot.com/)"
5.9.61.101 - - [29/Nov/2021:08:04:00 +0100] "GET /rattan-baskets-40-cm-p-45462.html HTTP/1.0" 301 73288 "-" "Mozilla/5.0 (compatible; MJ12bot/v1.4.8; http://mj12bot.com/)"
5.9.61.101 - - [29/Nov/2021:08:04:11 +0100] "GET /rattan-baskets-p-45462.html HTTP/1.0" 200 73207 "-" "Mozilla/5.0 (compatible; MJ12bot/v1.4.8; http://mj12bot.com/)"
5.9.61.101 - - [29/Nov/2021:08:04:23 +0100] "GET /rattan-baskets-55-cm-p-49732.html HTTP/1.0" 301 73275 "-" "Mozilla/5.0 (compatible; MJ12bot/v1.4.8; http://mj12bot.com/)"
185.191.171.19 - - [29/Nov/2021:08:04:23 +0100] "GET /piggy-bank-with-small-hammer-vive-maris-p-38529.html?action=add_product HTTP/1.0" 302 476 "-" "Mozilla/5.0 (compatible; SemrushBot/7~bl; +http://www.semrush.com/bot.html)"
5.9.61.101 - - [29/Nov/2021:08:04:34 +0100] "GET /rattan-baskets-p-49732.html HTTP/1.0" 200 73194 "-" "Mozilla/5.0 (compatible; MJ12bot/v1.4.8; http://mj12bot.com/)"
185.191.171.18 - - [29/Nov/2021:08:04:36 +0100] "GET /bracelet-carnelian-p-48657.html?action=add_product HTTP/1.0" 302 476 "-" "Mozilla/5.0 (compatible; SemrushBot/7~bl; +http://www.semrush.com/bot.html)"
5.9.61.101 - - [29/Nov/2021:08:04:46 +0100] "GET /rattan-baskets-p-45462.html HTTP/1.0" 200 73207 "-" "Mozilla/5.0 (compatible; MJ12bot/v1.4.8; http://mj12bot.com/)"
5.9.61.101 - - [29/Nov/2021:08:04:58 +0100] "GET /rattan-baskets-p-49732.html HTTP/1.0" 200 73194 "-" "Mozilla/5.0 (compatible; MJ12bot/v1.4.8; http://mj12bot.com/)"
5.9.61.101 - - [29/Nov/2021:08:05:09 +0100] "GET /raving-rabbids-apron-p-27576.html HTTP/1.0" 200 70655 "-" "Mozilla/5.0 (compatible; MJ12bot/v1.4.8; http://mj12bot.com/)"
5.9.61.101 - - [29/Nov/2021:08:05:21 +0100] "GET /raving-rabbids-square-box-p-16501.html HTTP/1.0" 301 70760 "-" "Mozilla/5.0 (compatible; MJ12bot/v1.4.8; http://mj12bot.com/)"
165.154.72.231 - - [29/Nov/2021:08:05:32 +0100] "GET /images/mini_prod/8430957052104.jpg HTTP/1.0" 200 269 "-" "Mozilla/5.0 (X11; Ubuntu; Linux x86_64; rv:72.0) Gecko/20100101 Firefox/72.0"
5.9.61.101 - - [29/Nov/2021:08:05:32 +0100] "GET /raving-rabbids-square-p-16501.html HTTP/1.0" 200 70672 "-" "Mozilla/5.0 (compatible; MJ12bot/v1.4.8; http://mj12bot.com/)"
185.191.171.24 - - [29/Nov/2021:08:05:32 +0100] "GET /cotton-cleansing-paris-parfum-p-37459.html HTTP/1.0" 200 73350 "-" "Mozilla/5.0 (compatible; SemrushBot/7~bl; +http://www.semrush.com/bot.html)"
5.9.61.101 - - [29/Nov/2021:08:05:44 +0100] "GET /raving-rabbids-square-p-16501.html HTTP/1.0" 200 70672 "-" "Mozilla/5.0 (compatible; MJ12bot/v1.4.8; http://mj12bot.com/)"
54.36.149.31 - - [29/Nov/2021:08:05:44 +0100] "GET /dog-head-wallet-model-p-39444.html HTTP/1.0" 301 73299 "-" "Mozilla/5.0 (compatible; AhrefsBot/7.0; +http://ahrefs.com/robot/)"
5.9.61.101 - - [29/Nov/2021:08:05:59 +0100] "GET /raving-rabbits-black-shirt-p-30143.html HTTP/1.0" 200 70691 "-" "Mozilla/5.0 (compatible; MJ12bot/v1.4.8; http://mj12bot.com/)"
159.138.102.98 - - [29/Nov/2021:08:05:59 +0100] "GET /stones-rock-crystal-50-60-grams-p-46606.html HTTP/1.0" 301 74696 "-" "Mozilla/5.0 (Linux; Android 7.0;) AppleWebKit/537.36 (KHTML, like Gecko) Mobile Safari/537.36 (compatible; PetalBot;+https://webmaster.petalsearch.com/site/petalbot)"
185.191.171.34 - - [29/Nov/2021:08:06:00 +0100] "GET /hello-kitty-hair-ornements-p-13561.html?action=add_product HTTP/1.0" 302 476 "-" "Mozilla/5.0 (compatible; SemrushBot/7~bl; +http://www.semrush.com/bot.html)"
5.9.61.101 - - [29/Nov/2021:08:06:11 +0100] "GET /rebecca-bedclothes-p-55451.html HTTP/1.0" 200 73939 "-" "Mozilla/5.0 (compatible; MJ12bot/v1.4.8; http://mj12bot.com/)"
159.138.102.98 - - [29/Nov/2021:08:06:11 +0100] "GET /stones-rock-crystal-grams-p-46606.html HTTP/1.0" 200 74604 "-" "Mozilla/5.0 (Linux; Android 7.0;) AppleWebKit/537.36 (KHTML, like Gecko) Mobile Safari/537.36 (compatible; PetalBot;+https://webmaster.petalsearch.com/site/petalbot)"
5.9.61.101 - - [29/Nov/2021:08:06:23 +0100] "GET /rectangular-basket-braided-willow-p-49695.html HTTP/1.0" 200 70708 "-" "Mozilla/5.0 (compatible; MJ12bot/v1.4.8; http://mj12bot.com/)"
5.9.61.101 - - [29/Nov/2021:08:06:34 +0100] "GET /rectangular-basket-in-braided-willow-36-cm-p-49695.html HTTP/1.0" 301 70808 "-" "Mozilla/5.0 (compatible; MJ12bot/v1.4.8; http://mj12bot.com/)"
5.9.61.101 - - [29/Nov/2021:08:06:38 +0100] "GET /rectangular-basket-braided-willow-p-49695.html HTTP/1.0" 200 70708 "-" "Mozilla/5.0 (compatible; MJ12bot/v1.4.8; http://mj12bot.com/)"
5.9.61.101 - - [29/Nov/2021:08:06:52 +0100] "GET /rectangular-metal-plate-mustang-p-52941.html HTTP/1.0" 200 73269 "-" "Mozilla/5.0 (compatible; MJ12bot/v1.4.8; http://mj12bot.com/)"
5.9.61.101 - - [29/Nov/2021:08:07:02 +0100] "GET /red-pot-with-reliefs-earthenware-p-52265.html HTTP/1.0" 301 70757 "-" "Mozilla/5.0 (compatible; MJ12bot/v1.4.8; http://mj12bot.com/)"
5.9.61.101 - - [29/Nov/2021:08:07:06 +0100] "GET /with-reliefs-earthenware-p-52265.html HTTP/1.0" 200 70666 "-" "Mozilla/5.0 (compatible; MJ12bot/v1.4.8; http://mj12bot.com/)"
5.9.61.101 - - [29/Nov/2021:08:07:10 +0100] "GET /red-star-adult-military-cap-by-cbkreation-p-36528.html HTTP/1.0" 301 73491 "-" "Mozilla/5.0 (compatible; MJ12bot/v1.4.8; http://mj12bot.com/)"
5.9.61.101 - - [29/Nov/2021:08:07:14 +0100] "GET /star-adult-military-cbkration-p-36528.html HTTP/1.0" 200 73395 "-" "Mozilla/5.0 (compatible; MJ12bot/v1.4.8; http://mj12bot.com/)"
51.68.224.127 - - [29/Nov/2021:08:07:15 +0100] "GET /adminweb/export_orders_xml.php?token=256de2z6edz6ed2z6DFSFsed2zed6zeDSFDSGdzedezfzf&maxorders=10&orderstart=1&status=14&start_date=2018-10-01 HTTP/1.0" 200 285 "-" "GesCom CharlotteBoutik Serveur"
51.68.224.127 - - [29/Nov/2021:08:07:15 +0100] "GET /adminweb/export_orders_xml.php?token=256de2z6edz6ed2z6DFSFsed2zed6zeDSFDSGdzedezfzf&maxorders=10&orderstart=1&status=6&start_date=2018-10-01 HTTP/1.0" 200 32471 "-" "GesCom CharlotteBoutik Serveur"
5.9.61.101 - - [29/Nov/2021:08:07:21 +0100] "GET /red-star-adult-military-cap-by-cbkreation-p-36529.html HTTP/1.0" 301 70832 "-" "Mozilla/5.0 (compatible; MJ12bot/v1.4.8; http://mj12bot.com/)"
185.191.171.36 - - [29/Nov/2021:08:07:25 +0100] "GET /phone-cover-iphone-cbkreation-p-13937.html?action=add_product HTTP/1.0" 302 476 "-" "Mozilla/5.0 (compatible; SemrushBot/7~bl; +http://www.semrush.com/bot.html)"
5.9.61.101 - - [29/Nov/2021:08:07:28 +0100] "GET /star-adult-military-cbkration-p-36529.html HTTP/1.0" 200 70736 "-" "Mozilla/5.0 (compatible; MJ12bot/v1.4.8; http://mj12bot.com/)"
5.9.61.101 - - [29/Nov/2021:08:07:33 +0100] "GET /red-van-glass-ashtray-p-36384.html HTTP/1.0" 301 73234 "-" "Mozilla/5.0 (compatible; MJ12bot/v1.4.8; http://mj12bot.com/)"
5.9.61.101 - - [29/Nov/2021:08:07:36 +0100] "GET /glass-ashtray-p-36384.html HTTP/1.0" 200 73154 "-" "Mozilla/5.0 (compatible; MJ12bot/v1.4.8; http://mj12bot.com/)"
54.36.149.6 - - [29/Nov/2021:08:07:36 +0100] "GET /us-marshall-black-pencil-case-p-36509.html HTTP/1.0" 301 70631 "-" "Mozilla/5.0 (compatible; AhrefsBot/7.0; +http://ahrefs.com/robot/)"
77.75.79.95 - - [29/Nov/2021:08:07:41 +0100] "GET /robots.txt HTTP/1.0" 200 245 "-" "Mozilla/5.0 (compatible; SeznamBot/3.2; +http://napoveda.seznam.cz/en/seznambot-intro/)"
77.75.79.95 - - [29/Nov/2021:08:07:41 +0100] "GET /solar-powered-dancing-angel-p-34859.html HTTP/1.0" 200 73486 "-" "Mozilla/5.0 (compatible; SeznamBot/3.2; +http://napoveda.seznam.cz/en/seznambot-intro/)"
5.9.61.101 - - [29/Nov/2021:08:07:41 +0100] "GET /regal-pc-mini-nativity-jim-shore-heartwood-creek-p-38182.html HTTP/1.0" 301 70631 "-" "Mozilla/5.0 (compatible; MJ12bot/v1.4.8; http://mj12bot.com/)"
77.75.79.95 - - [29/Nov/2021:08:07:43 +0100] "GET /images/mini_prod/3453131158145B.jpg HTTP/1.0" 200 270 "-" "Mozilla/5.0 (compatible; SeznamBot/3.2; +http://napoveda.seznam.cz/en/seznambot-intro/)"
66.249.75.168 - - [29/Nov/2021:08:07:44 +0100] "GET /placemat-little-prince-cape-p-53831.html HTTP/1.0" 200 73232 "-" "Mozilla/5.0 (Linux; Android 6.0.1; Nexus 5X Build/MMB29P) AppleWebKit/537.36 (KHTML, like Gecko) Chrome/96.0.4664.45 Mobile Safari/537.36 (compatible; Googlebot/2.1; +http://www.google.com/bot.html)"
5.9.61.101 - - [29/Nov/2021:08:07:53 +0100] "GET /-p-38182.html HTTP/1.0" 200 70564 "-" "Mozilla/5.0 (compatible; MJ12bot/v1.4.8; http://mj12bot.com/)"
5.9.61.101 - - [29/Nov/2021:08:07:58 +0100] "GET /removable-cushion-beast-p-50885.html HTTP/1.0" 200 75179 "-" "Mozilla/5.0 (compatible; MJ12bot/v1.4.8; http://mj12bot.com/)"
5.9.61.101 - - [29/Nov/2021:08:08:04 +0100] "GET /resin-monkey-and-parrot-statue-p-47999.html HTTP/1.0" 301 70759 "-" "Mozilla/5.0 (compatible; MJ12bot/v1.4.8; http://mj12bot.com/)"
103.131.71.76 - - [29/Nov/2021:08:08:05 +0100] "GET /robots.txt HTTP/1.0" 301 531 "-" "Mozilla/5.0 (compatible; coccocbot-web/1.0; +http://help.coccoc.com/searchengine)"
216.244.66.242 - - [29/Nov/2021:08:08:04 +0100] "GET /barbalala-glass-p-16783.html HTTP/1.0" 200 70614 "-" "Mozilla/5.0 (compatible; DotBot/1.2; +https://opensiteexplorer.org/dotbot; help@moz.com)"
103.131.71.76 - - [29/Nov/2021:08:08:07 +0100] "GET /robots.txt HTTP/1.0" 200 245 "-" "Mozilla/5.0 (compatible; coccocbot-web/1.0; +http://help.coccoc.com/searchengine)"
5.9.61.101 - - [29/Nov/2021:08:08:09 +0100] "GET /resin-monkey-parrot-statue-p-47999.html HTTP/1.0" 200 70666 "-" "Mozilla/5.0 (compatible; MJ12bot/v1.4.8; http://mj12bot.com/)"
5.9.61.101 - - [29/Nov/2021:08:08:14 +0100] "GET /resin-monkey-parrot-statue-p-47999.html HTTP/1.0" 200 70666 "-" "Mozilla/5.0 (compatible; MJ12bot/v1.4.8; http://mj12bot.com/)"
185.191.171.19 - - [29/Nov/2021:08:08:16 +0100] "GET /tetsubin-brown-teapot-japanese-p-44511.html HTTP/1.0" 200 73486 "-" "Mozilla/5.0 (compatible; SemrushBot/7~bl; +http://www.semrush.com/bot.html)"
5.9.61.101 - - [29/Nov/2021:08:08:20 +0100] "GET /resin-statue-little-monk-in-pink-dress-p-52903.html HTTP/1.0" 301 73501 "-" "Mozilla/5.0 (compatible; MJ12bot/v1.4.8; http://mj12bot.com/)"
216.244.66.242 - - [29/Nov/2021:08:08:23 +0100] "GET /surfboard-wooden-wall-decoration-p-44038.html HTTP/1.0" 301 70631 "-" "Mozilla/5.0 (compatible; DotBot/1.2; +https://opensiteexplorer.org/dotbot; help@moz.com)"
157.55.39.223 - - [29/Nov/2021:08:08:24 +0100] "GET /images/mini_prod/3609810092525.jpg HTTP/1.0" 200 269 "-" "Mozilla/5.0 (compatible; bingbot/2.0; +http://www.bing.com/bingbot.htm)"
5.9.61.101 - - [29/Nov/2021:08:08:24 +0100] "GET /resin-statue-little-monk-pink-dress-p-52903.html HTTP/1.0" 200 73399 "-" "Mozilla/5.0 (compatible; MJ12bot/v1.4.8; http://mj12bot.com/)"
5.9.61.101 - - [29/Nov/2021:08:08:28 +0100] "GET /resin-statue-little-monk-pink-dress-p-52903.html HTTP/1.0" 200 73399 "-" "Mozilla/5.0 (compatible; MJ12bot/v1.4.8; http://mj12bot.com/)"
185.191.171.6 - - [29/Nov/2021:08:08:32 +0100] "GET /stop-wooden-frame-p-45702.html HTTP/1.0" 200 73249 "-" "Mozilla/5.0 (compatible; SemrushBot/7~bl; +http://www.semrush.com/bot.html)"
5.9.61.101 - - [29/Nov/2021:08:08:35 +0100] "GET /resin-statuette-naked-man-p-53047.html HTTP/1.0" 301 73360 "-" "Mozilla/5.0 (compatible; MJ12bot/v1.4.8; http://mj12bot.com/)"
5.9.61.101 - - [29/Nov/2021:08:08:40 +0100] "GET /resin-statuette-naked-p-53047.html HTTP/1.0" 200 73272 "-" "Mozilla/5.0 (compatible; MJ12bot/v1.4.8; http://mj12bot.com/)"
114.119.128.26 - - [29/Nov/2021:08:08:42 +0100] "GET /glass-cutting-board-by-cbkreation-p-51297.html HTTP/1.0" 301 73367 "-" "Mozilla/5.0 (Linux; Android 7.0;) AppleWebKit/537.36 (KHTML, like Gecko) Mobile Safari/537.36 (compatible; PetalBot;+https://webmaster.petalsearch.com/site/petalbot)"
114.119.128.26 - - [29/Nov/2021:08:08:47 +0100] "GET /glass-cutting-board-cbkreation-p-51297.html HTTP/1.0" 200 73270 "-" "Mozilla/5.0 (Linux; Android 7.0;) AppleWebKit/537.36 (KHTML, like Gecko) Mobile Safari/537.36 (compatible; PetalBot;+https://webmaster.petalsearch.com/site/petalbot)"
5.9.61.101 - - [29/Nov/2021:08:08:48 +0100] "GET /resin-statuette-naked-p-53047.html HTTP/1.0" 200 73272 "-" "Mozilla/5.0 (compatible; MJ12bot/v1.4.8; http://mj12bot.com/)"
5.9.61.101 - - [29/Nov/2021:08:08:55 +0100] "GET /resin-statuette-naked-woman-14-cm-p-52874.html HTTP/1.0" 301 73450 "-" "Mozilla/5.0 (compatible; MJ12bot/v1.4.8; http://mj12bot.com/)"
5.9.61.101 - - [29/Nov/2021:08:08:58 +0100] "GET /resin-statuette-naked-woman-p-52874.html HTTP/1.0" 200 73356 "-" "Mozilla/5.0 (compatible; MJ12bot/v1.4.8; http://mj12bot.com/)"
5.9.61.101 - - [29/Nov/2021:08:09:06 +0100] "GET /resin-statuette-naked-woman-p-52874.html HTTP/1.0" 200 73356 "-" "Mozilla/5.0 (compatible; MJ12bot/v1.4.8; http://mj12bot.com/)"
185.191.171.22 - - [29/Nov/2021:08:09:10 +0100] "GET /votive-candle-15-hours-lavender-and-sage-p-33124.html HTTP/1.0" 301 74617 "-" "Mozilla/5.0 (compatible; SemrushBot/7~bl; +http://www.semrush.com/bot.html)"
185.191.171.23 - - [29/Nov/2021:08:09:12 +0100] "GET /votive-candle-hours-lavender-sage-p-33124.html HTTP/1.0" 200 74517 "-" "Mozilla/5.0 (compatible; SemrushBot/7~bl; +http://www.semrush.com/bot.html)"
5.9.61.101 - - [29/Nov/2021:08:09:12 +0100] "GET /retro-alarm-clock-flip-blue-p-53141.html HTTP/1.0" 200 73283 "-" "Mozilla/5.0 (compatible; MJ12bot/v1.4.8; http://mj12bot.com/)"
185.191.171.43 - - [29/Nov/2021:08:09:14 +0100] "GET /ohana-means-family-lilo-stitch-figurine-p-36263.html?action=add_product HTTP/1.0" 302 476 "-" "Mozilla/5.0 (compatible; SemrushBot/7~bl; +http://www.semrush.com/bot.html)"
5.9.61.101 - - [29/Nov/2021:08:09:17 +0100] "GET /retro-ceramic-mug-papa-au-top-p-45501.html HTTP/1.0" 301 70727 "-" "Mozilla/5.0 (compatible; MJ12bot/v1.4.8; http://mj12bot.com/)"
5.9.61.101 - - [29/Nov/2021:08:09:21 +0100] "GET /retro-ceramic-papa-p-45501.html HTTP/1.0" 200 70642 "-" "Mozilla/5.0 (compatible; MJ12bot/v1.4.8; http://mj12bot.com/)"
185.191.171.40 - - [29/Nov/2021:08:09:22 +0100] "GET /paris-mail-p-24552.html?action=add_product HTTP/1.0" 302 476 "-" "Mozilla/5.0 (compatible; SemrushBot/7~bl; +http://www.semrush.com/bot.html)"
5.9.61.101 - - [29/Nov/2021:08:09:26 +0100] "GET /retro-ceramic-mug-super-girlfriend-p-45499.html HTTP/1.0" 301 70763 "-" "Mozilla/5.0 (compatible; MJ12bot/v1.4.8; http://mj12bot.com/)"
5.9.61.101 - - [29/Nov/2021:08:09:32 +0100] "GET /retro-ceramic-super-girlfriend-p-45499.html HTTP/1.0" 200 70666 "-" "Mozilla/5.0 (compatible; MJ12bot/v1.4.8; http://mj12bot.com/)"
5.9.61.101 - - [29/Nov/2021:08:09:38 +0100] "GET /retro-ceramic-papa-p-45501.html HTTP/1.0" 200 70642 "-" "Mozilla/5.0 (compatible; MJ12bot/v1.4.8; http://mj12bot.com/)"
5.9.61.101 - - [29/Nov/2021:08:09:43 +0100] "GET /retro-ceramic-super-girlfriend-p-45499.html HTTP/1.0" 200 70666 "-" "Mozilla/5.0 (compatible; MJ12bot/v1.4.8; http://mj12bot.com/)"
5.9.61.101 - - [29/Nov/2021:08:09:49 +0100] "GET /retro-chest-in-weathered-wood-p-52939.html HTTP/1.0" 301 73306 "-" "Mozilla/5.0 (compatible; MJ12bot/v1.4.8; http://mj12bot.com/)"
5.9.61.101 - - [29/Nov/2021:08:09:53 +0100] "GET /retro-chest-weathered-wood-p-52939.html HTTP/1.0" 200 73213 "-" "Mozilla/5.0 (compatible; MJ12bot/v1.4.8; http://mj12bot.com/)"
5.9.61.101 - - [29/Nov/2021:08:09:59 +0100] "GET /retro-chest-weathered-wood-p-52939.html HTTP/1.0" 200 73213 "-" "Mozilla/5.0 (compatible; MJ12bot/v1.4.8; http://mj12bot.com/)"
5.9.61.101 - - [29/Nov/2021:08:10:06 +0100] "GET /retro-coffee-box-matte-black-metal-p-37704.html HTTP/1.0" 301 73498 "-" "Mozilla/5.0 (compatible; MJ12bot/v1.4.8; http://mj12bot.com/)"
5.9.61.101 - - [29/Nov/2021:08:10:11 +0100] "GET /retro-coffee-matte-black-metal-p-37704.html HTTP/1.0" 200 73401 "-" "Mozilla/5.0 (compatible; MJ12bot/v1.4.8; http://mj12bot.com/)"
5.9.61.101 - - [29/Nov/2021:08:10:15 +0100] "GET /retro-coffee-matte-black-metal-p-37704.html HTTP/1.0" 200 73401 "-" "Mozilla/5.0 (compatible; MJ12bot/v1.4.8; http://mj12bot.com/)"
5.9.61.101 - - [29/Nov/2021:08:10:17 +0100] "GET /retro-flamenco-alarm-clock-pink-p-53131.html HTTP/1.0" 200 73348 "-" "Mozilla/5.0 (compatible; MJ12bot/v1.4.8; http://mj12bot.com/)"
5.9.61.101 - - [29/Nov/2021:08:10:19 +0100] "GET /retro-industriel-chandelier-p-38069.html HTTP/1.0" 200 70690 "-" "Mozilla/5.0 (compatible; MJ12bot/v1.4.8; http://mj12bot.com/)"
5.9.61.101 - - [29/Nov/2021:08:10:22 +0100] "GET /retro-metal-lantern-p-45404.html HTTP/1.0" 301 70631 "-" "Mozilla/5.0 (compatible; MJ12bot/v1.4.8; http://mj12bot.com/)"
5.9.61.101 - - [29/Nov/2021:08:10:24 +0100] "GET /-p-45404.html HTTP/1.0" 200 70564 "-" "Mozilla/5.0 (compatible; MJ12bot/v1.4.8; http://mj12bot.com/)"
5.9.61.101 - - [29/Nov/2021:08:10:26 +0100] "GET /retro-phone-clock-p-51729.html HTTP/1.0" 200 73185 "-" "Mozilla/5.0 (compatible; MJ12bot/v1.4.8; http://mj12bot.com/)"
5.9.61.101 - - [29/Nov/2021:08:10:29 +0100] "GET /retro-style-chocolate-saveurs-traditions-franaises-p-55520.html HTTP/1.0" 200 74331 "-" "Mozilla/5.0 (compatible; MJ12bot/v1.4.8; http://mj12bot.com/)"
5.9.61.101 - - [29/Nov/2021:08:10:32 +0100] "GET /reveil-digital-olympique-de-marseille-p-50782.html HTTP/1.0" 301 74277 "-" "Mozilla/5.0 (compatible; MJ12bot/v1.4.8; http://mj12bot.com/)"
5.9.61.101 - - [29/Nov/2021:08:10:34 +0100] "GET /small-digital-alarm-clock-olympique-marseille-p-50782.html HTTP/1.0" 200 74165 "-" "Mozilla/5.0 (compatible; MJ12bot/v1.4.8; http://mj12bot.com/)"
5.9.61.101 - - [29/Nov/2021:08:10:37 +0100] "GET /reveil-flamenco-rose-p-53131.html HTTP/1.0" 301 73446 "-" "Mozilla/5.0 (compatible; MJ12bot/v1.4.8; http://mj12bot.com/)"
5.9.61.101 - - [29/Nov/2021:08:10:40 +0100] "GET /retro-flamenco-alarm-clock-pink-p-53131.html HTTP/1.0" 200 73348 "-" "Mozilla/5.0 (compatible; MJ12bot/v1.4.8; http://mj12bot.com/)"
5.9.61.101 - - [29/Nov/2021:08:10:42 +0100] "GET /reveil-flip-retro-bleu-p-53141.html HTTP/1.0" 301 73377 "-" "Mozilla/5.0 (compatible; MJ12bot/v1.4.8; http://mj12bot.com/)"
5.9.61.101 - - [29/Nov/2021:08:10:45 +0100] "GET /retro-alarm-clock-flip-blue-p-53141.html HTTP/1.0" 200 73283 "-" "Mozilla/5.0 (compatible; MJ12bot/v1.4.8; http://mj12bot.com/)"
5.9.61.101 - - [29/Nov/2021:08:10:48 +0100] "GET /reveils-c-13_65.html HTTP/1.0" 301 91799 "-" "Mozilla/5.0 (compatible; MJ12bot/v1.4.8; http://mj12bot.com/)"
5.9.61.101 - - [29/Nov/2021:08:10:50 +0100] "GET /alarms-clocks-c-65.html HTTP/1.0" 301 91676 "-" "Mozilla/5.0 (compatible; MJ12bot/v1.4.8; http://mj12bot.com/)"
5.9.61.101 - - [29/Nov/2021:08:10:52 +0100] "GET /alarms-clocks-c-13_65.html HTTP/1.0" 200 91722 "-" "Mozilla/5.0 (compatible; MJ12bot/v1.4.8; http://mj12bot.com/)"
5.9.61.101 - - [29/Nov/2021:08:10:54 +0100] "GET /reversible-star-wars-bedclothes-140-200-cm-p-49673.html HTTP/1.0" 301 70631 "-" "Mozilla/5.0 (compatible; MJ12bot/v1.4.8; http://mj12bot.com/)"
5.9.61.101 - - [29/Nov/2021:08:10:57 +0100] "GET /-p-49673.html HTTP/1.0" 200 70564 "-" "Mozilla/5.0 (compatible; MJ12bot/v1.4.8; http://mj12bot.com/)"
5.9.61.101 - - [29/Nov/2021:08:10:59 +0100] "GET /reversible-star-wars-bedclothes-140-200-cm-p-49674.html HTTP/1.0" 301 70631 "-" "Mozilla/5.0 (compatible; MJ12bot/v1.4.8; http://mj12bot.com/)"
5.9.61.101 - - [29/Nov/2021:08:11:01 +0100] "GET /-p-49674.html HTTP/1.0" 200 70564 "-" "Mozilla/5.0 (compatible; MJ12bot/v1.4.8; http://mj12bot.com/)"
5.9.61.101 - - [29/Nov/2021:08:11:03 +0100] "GET /reversible-star-wars-bedclothes-p-49673.html HTTP/1.0" 301 70631 "-" "Mozilla/5.0 (compatible; MJ12bot/v1.4.8; http://mj12bot.com/)"
5.9.61.101 - - [29/Nov/2021:08:11:05 +0100] "GET /-p-49673.html HTTP/1.0" 200 70564 "-" "Mozilla/5.0 (compatible; MJ12bot/v1.4.8; http://mj12bot.com/)"
216.244.66.242 - - [29/Nov/2021:08:11:07 +0100] "GET /round-transparent-plastic-tablecloth-p-48558.html HTTP/1.0" 200 73354 "-" "Mozilla/5.0 (compatible; DotBot/1.2; +https://opensiteexplorer.org/dotbot; help@moz.com)"
5.9.61.101 - - [29/Nov/2021:08:11:07 +0100] "GET /reversible-star-wars-bedclothes-p-49674.html HTTP/1.0" 301 70631 "-" "Mozilla/5.0 (compatible; MJ12bot/v1.4.8; http://mj12bot.com/)"
5.9.61.101 - - [29/Nov/2021:08:11:09 +0100] "GET /-p-49674.html HTTP/1.0" 200 70564 "-" "Mozilla/5.0 (compatible; MJ12bot/v1.4.8; http://mj12bot.com/)"
5.9.61.101 - - [29/Nov/2021:08:11:11 +0100] "GET /rhum-metal-plate-deco-p-51750.html HTTP/1.0" 200 73745 "-" "Mozilla/5.0 (compatible; MJ12bot/v1.4.8; http://mj12bot.com/)"
5.9.61.101 - - [29/Nov/2021:08:11:14 +0100] "GET /rhum-metal-plate-deco-p-51752.html HTTP/1.0" 200 73163 "-" "Mozilla/5.0 (compatible; MJ12bot/v1.4.8; http://mj12bot.com/)"
185.191.171.40 - - [29/Nov/2021:08:11:16 +0100] "GET /-p-33090.html?action=add_product HTTP/1.0" 302 476 "-" "Mozilla/5.0 (compatible; SemrushBot/7~bl; +http://www.semrush.com/bot.html)"
5.9.61.101 - - [29/Nov/2021:08:11:16 +0100] "GET /rouleau-adhesif-motif-bois-45-150-cm-p-53551.html HTTP/1.0" 301 74142 "-" "Mozilla/5.0 (compatible; MJ12bot/v1.4.8; http://mj12bot.com/)"
54.36.148.129 - - [29/Nov/2021:08:11:17 +0100] "GET /yellow-buddha-statue-resin-20-cm-p-50394.html HTTP/1.0" 301 73418 "-" "Mozilla/5.0 (compatible; AhrefsBot/7.0; +http://ahrefs.com/robot/)"
5.9.61.101 - - [29/Nov/2021:08:11:18 +0100] "GET /adhesive-roll-wood-p-53551.html HTTP/1.0" 200 74057 "-" "Mozilla/5.0 (compatible; MJ12bot/v1.4.8; http://mj12bot.com/)"
5.9.61.101 - - [29/Nov/2021:08:11:21 +0100] "GET /rouleau-adhesif-motif-bois-45-150-cm-p-53552.html HTTP/1.0" 301 74142 "-" "Mozilla/5.0 (compatible; MJ12bot/v1.4.8; http://mj12bot.com/)"
5.9.61.101 - - [29/Nov/2021:08:11:23 +0100] "GET /adhesive-roll-wood-p-53552.html HTTP/1.0" 200 74057 "-" "Mozilla/5.0 (compatible; MJ12bot/v1.4.8; http://mj12bot.com/)"
5.9.61.101 - - [29/Nov/2021:08:11:26 +0100] "GET /rouleau-adhesif-motif-bois-45-150-cm-p-53553.html HTTP/1.0" 301 74142 "-" "Mozilla/5.0 (compatible; MJ12bot/v1.4.8; http://mj12bot.com/)"
5.9.61.101 - - [29/Nov/2021:08:11:28 +0100] "GET /adhesive-roll-wood-p-53553.html HTTP/1.0" 200 74057 "-" "Mozilla/5.0 (compatible; MJ12bot/v1.4.8; http://mj12bot.com/)"
5.9.61.101 - - [29/Nov/2021:08:11:30 +0100] "GET /rouleau-adhesif-motif-bois-45-150-cm-p-53554.html HTTP/1.0" 301 74142 "-" "Mozilla/5.0 (compatible; MJ12bot/v1.4.8; http://mj12bot.com/)"
17.121.114.190 - - [29/Nov/2021:08:11:31 +0100] "GET /gund-heros-plush-p-28645.html HTTP/1.0" 200 73260 "-" "Mozilla/5.0 (Macintosh; Intel Mac OS X 10_15_5) AppleWebKit/605.1.15 (KHTML, like Gecko) Version/13.1.1 Safari/605.1.15 (Applebot/0.1; +http://www.apple.com/go/applebot)"
5.9.61.101 - - [29/Nov/2021:08:11:33 +0100] "GET /adhesive-roll-wood-p-53554.html HTTP/1.0" 200 74057 "-" "Mozilla/5.0 (compatible; MJ12bot/v1.4.8; http://mj12bot.com/)"
5.9.61.101 - - [29/Nov/2021:08:11:35 +0100] "GET /rouleau-adhesif-motif-bois-45-150-cm-p-53563.html HTTP/1.0" 301 74142 "-" "Mozilla/5.0 (compatible; MJ12bot/v1.4.8; http://mj12bot.com/)"
5.9.61.101 - - [29/Nov/2021:08:11:38 +0100] "GET /adhesive-roll-wood-p-53563.html HTTP/1.0" 200 74057 "-" "Mozilla/5.0 (compatible; MJ12bot/v1.4.8; http://mj12bot.com/)"
5.9.61.101 - - [29/Nov/2021:08:11:40 +0100] "GET /rouleau-adhesif-motif-bois-blanc-45-150-cm-p-53564.html HTTP/1.0" 301 74143 "-" "Mozilla/5.0 (compatible; MJ12bot/v1.4.8; http://mj12bot.com/)"
185.191.171.13 - - [29/Nov/2021:08:11:42 +0100] "GET /pusheen-grey-stormy-mermaid-soft-p-41683.html HTTP/1.0" 200 70769 "-" "Mozilla/5.0 (compatible; SemrushBot/7~bl; +http://www.semrush.com/bot.html)"
5.9.61.101 - - [29/Nov/2021:08:11:42 +0100] "GET /adhesive-roll-wood-p-53564.html HTTP/1.0" 200 74058 "-" "Mozilla/5.0 (compatible; MJ12bot/v1.4.8; http://mj12bot.com/)"
114.119.128.39 - - [29/Nov/2021:08:11:46 +0100] "GET /good-smile-bedclothes-220-240-cm-p-41440.html HTTP/1.0" 301 73425 "-" "Mozilla/5.0 (Linux; Android 7.0;) AppleWebKit/537.36 (KHTML, like Gecko) Mobile Safari/537.36 (compatible; PetalBot;+https://webmaster.petalsearch.com/site/petalbot)"
5.9.61.101 - - [29/Nov/2021:08:11:46 +0100] "GET /rouleau-adhesif-paillete-45-150-cm-fushia-p-50683.html HTTP/1.0" 301 74477 "-" "Mozilla/5.0 (compatible; MJ12bot/v1.4.8; http://mj12bot.com/)"
5.9.61.101 - - [29/Nov/2021:08:11:49 +0100] "GET /glitter-adhesive-roll-pink-p-50683.html HTTP/1.0" 200 74384 "-" "Mozilla/5.0 (compatible; MJ12bot/v1.4.8; http://mj12bot.com/)"
114.119.128.39 - - [29/Nov/2021:08:11:50 +0100] "GET /good-smile-bedclothes-p-41440.html HTTP/1.0" 200 73337 "-" "Mozilla/5.0 (Linux; Android 7.0;) AppleWebKit/537.36 (KHTML, like Gecko) Mobile Safari/537.36 (compatible; PetalBot;+https://webmaster.petalsearch.com/site/petalbot)"
5.9.61.101 - - [29/Nov/2021:08:11:51 +0100] "GET /rouleau-adhesif-paillete-45-150-cm-or-p-50682.html HTTP/1.0" 301 73615 "-" "Mozilla/5.0 (compatible; MJ12bot/v1.4.8; http://mj12bot.com/)"
5.9.61.101 - - [29/Nov/2021:08:11:53 +0100] "GET /glitter-adhesive-roll-gold-p-50682.html HTTP/1.0" 200 73522 "-" "Mozilla/5.0 (compatible; MJ12bot/v1.4.8; http://mj12bot.com/)"
5.9.61.101 - - [29/Nov/2021:08:11:55 +0100] "GET /round-bamboo-tray-with-birds-p-56082.html HTTP/1.0" 200 74055 "-" "Mozilla/5.0 (compatible; MJ12bot/v1.4.8; http://mj12bot.com/)"
185.191.171.20 - - [29/Nov/2021:08:11:57 +0100] "GET /small-cabinet-wooden-deco-p-37184.html HTTP/1.0" 200 73342 "-" "Mozilla/5.0 (compatible; SemrushBot/7~bl; +http://www.semrush.com/bot.html)"
5.9.61.101 - - [29/Nov/2021:08:11:57 +0100] "GET /round-bamboo-tray-with-birds-p-56083.html HTTP/1.0" 200 74056 "-" "Mozilla/5.0 (compatible; MJ12bot/v1.4.8; http://mj12bot.com/)"
5.9.61.101 - - [29/Nov/2021:08:12:00 +0100] "GET /round-bamboo-tray-with-birds-p-56084.html HTTP/1.0" 200 74055 "-" "Mozilla/5.0 (compatible; MJ12bot/v1.4.8; http://mj12bot.com/)"
5.9.61.101 - - [29/Nov/2021:08:12:03 +0100] "GET /round-carpet-120-cm-p-48043.html HTTP/1.0" 301 74155 "-" "Mozilla/5.0 (compatible; MJ12bot/v1.4.8; http://mj12bot.com/)"
5.9.61.101 - - [29/Nov/2021:08:12:05 +0100] "GET /round-carpet-p-48043.html HTTP/1.0" 200 74076 "-" "Mozilla/5.0 (compatible; MJ12bot/v1.4.8; http://mj12bot.com/)"
5.9.61.101 - - [29/Nov/2021:08:12:07 +0100] "GET /round-carpet-aztec-p-50742.html HTTP/1.0" 200 73910 "-" "Mozilla/5.0 (compatible; MJ12bot/v1.4.8; http://mj12bot.com/)"
5.9.61.101 - - [29/Nov/2021:08:12:09 +0100] "GET /round-carpet-mandala-p-50743.html HTTP/1.0" 200 70638 "-" "Mozilla/5.0 (compatible; MJ12bot/v1.4.8; http://mj12bot.com/)"
5.9.61.101 - - [29/Nov/2021:08:12:12 +0100] "GET /round-carpet-p-48043.html HTTP/1.0" 200 74076 "-" "Mozilla/5.0 (compatible; MJ12bot/v1.4.8; http://mj12bot.com/)"
5.9.61.101 - - [29/Nov/2021:08:12:14 +0100] "GET /round-chair-cushion-reversible-mustard-taupe-p-54653.html HTTP/1.0" 200 74303 "-" "Mozilla/5.0 (compatible; MJ12bot/v1.4.8; http://mj12bot.com/)"
5.9.61.101 - - [29/Nov/2021:08:12:16 +0100] "GET /round-fringed-p-52858.html HTTP/1.0" 200 73318 "-" "Mozilla/5.0 (compatible; MJ12bot/v1.4.8; http://mj12bot.com/)"
5.9.61.101 - - [29/Nov/2021:08:12:18 +0100] "GET /round-fringed-rug-90-cm-p-52858.html HTTP/1.0" 301 73398 "-" "Mozilla/5.0 (compatible; MJ12bot/v1.4.8; http://mj12bot.com/)"
5.9.61.101 - - [29/Nov/2021:08:12:20 +0100] "GET /round-fringed-p-52858.html HTTP/1.0" 200 73318 "-" "Mozilla/5.0 (compatible; MJ12bot/v1.4.8; http://mj12bot.com/)"
5.9.61.101 - - [29/Nov/2021:08:12:22 +0100] "GET /round-mirror-with-flower-height-57-cm-p-49684.html HTTP/1.0" 301 73427 "-" "Mozilla/5.0 (compatible; MJ12bot/v1.4.8; http://mj12bot.com/)"
185.191.171.41 - - [29/Nov/2021:08:12:23 +0100] "GET /ty-monstaz-talking-plush-chester-p-19373.html HTTP/1.0" 301 70805 "-" "Mozilla/5.0 (compatible; SemrushBot/7~bl; +http://www.semrush.com/bot.html)"
5.9.61.101 - - [29/Nov/2021:08:12:25 +0100] "GET /round-mirror-with-flower-height-p-49684.html HTTP/1.0" 200 73329 "-" "Mozilla/5.0 (compatible; MJ12bot/v1.4.8; http://mj12bot.com/)"
185.191.171.26 - - [29/Nov/2021:08:12:26 +0100] "GET /monstaz-talking-plush-chester-p-19373.html HTTP/1.0" 200 70709 "-" "Mozilla/5.0 (compatible; SemrushBot/7~bl; +http://www.semrush.com/bot.html)"
5.9.61.101 - - [29/Nov/2021:08:12:28 +0100] "GET /round-mirror-with-flower-height-p-49684.html HTTP/1.0" 200 73329 "-" "Mozilla/5.0 (compatible; MJ12bot/v1.4.8; http://mj12bot.com/)"
5.9.61.101 - - [29/Nov/2021:08:12:30 +0100] "GET /round-natural-jute-table-mat-p-49450.html HTTP/1.0" 301 70749 "-" "Mozilla/5.0 (compatible; MJ12bot/v1.4.8; http://mj12bot.com/)"
5.9.61.101 - - [29/Nov/2021:08:12:32 +0100] "GET /round-natural-jute-table-p-49450.html HTTP/1.0" 200 70658 "-" "Mozilla/5.0 (compatible; MJ12bot/v1.4.8; http://mj12bot.com/)"
185.191.171.35 - - [29/Nov/2021:08:12:34 +0100] "GET /saucer-p-53817.html HTTP/1.0" 200 73150 "-" "Mozilla/5.0 (compatible; SemrushBot/7~bl; +http://www.semrush.com/bot.html)"
5.9.61.101 - - [29/Nov/2021:08:12:34 +0100] "GET /round-natural-jute-table-p-49450.html HTTP/1.0" 200 70658 "-" "Mozilla/5.0 (compatible; MJ12bot/v1.4.8; http://mj12bot.com/)"
5.9.61.101 - - [29/Nov/2021:08:12:36 +0100] "GET /round-natural-teak-mirror-p-56142.html HTTP/1.0" 200 73952 "-" "Mozilla/5.0 (compatible; MJ12bot/v1.4.8; http://mj12bot.com/)"
5.9.61.101 - - [29/Nov/2021:08:12:39 +0100] "GET /round-oilcloth-160-cm-p-47972.html HTTP/1.0" 301 70631 "-" "Mozilla/5.0 (compatible; MJ12bot/v1.4.8; http://mj12bot.com/)"
5.9.61.101 - - [29/Nov/2021:08:12:41 +0100] "GET /-p-47972.html HTTP/1.0" 200 70564 "-" "Mozilla/5.0 (compatible; MJ12bot/v1.4.8; http://mj12bot.com/)"
5.9.61.101 - - [29/Nov/2021:08:12:43 +0100] "GET /round-oilcloth-p-47972.html HTTP/1.0" 301 70631 "-" "Mozilla/5.0 (compatible; MJ12bot/v1.4.8; http://mj12bot.com/)"
5.9.61.101 - - [29/Nov/2021:08:12:46 +0100] "GET /-p-47972.html HTTP/1.0" 200 70564 "-" "Mozilla/5.0 (compatible; MJ12bot/v1.4.8; http://mj12bot.com/)"
5.9.61.101 - - [29/Nov/2021:08:12:48 +0100] "GET /round-rattan-table-lamp-p-54575.html HTTP/1.0" 200 74300 "-" "Mozilla/5.0 (compatible; MJ12bot/v1.4.8; http://mj12bot.com/)"
5.9.61.101 - - [29/Nov/2021:08:12:50 +0100] "GET /round-teak-bowl-p-56162.html HTTP/1.0" 200 73982 "-" "Mozilla/5.0 (compatible; MJ12bot/v1.4.8; http://mj12bot.com/)"
5.9.61.101 - - [29/Nov/2021:08:12:54 +0100] "GET /round-tray-exotic-leaves-p-53192.html HTTP/1.0" 200 73388 "-" "Mozilla/5.0 (compatible; MJ12bot/v1.4.8; http://mj12bot.com/)"
5.9.61.101 - - [29/Nov/2021:08:12:56 +0100] "GET /round-trays-c-12_159_263.html?page=4 HTTP/1.0" 200 82357 "-" "Mozilla/5.0 (compatible; MJ12bot/v1.4.8; http://mj12bot.com/)"
5.9.61.101 - - [29/Nov/2021:08:12:58 +0100] "GET /round-wooden-tray-p-47706.html HTTP/1.0" 200 73294 "-" "Mozilla/5.0 (compatible; MJ12bot/v1.4.8; http://mj12bot.com/)"
5.9.61.101 - - [29/Nov/2021:08:13:01 +0100] "GET /rugbyman-statuette-p-51568.html HTTP/1.0" 200 73206 "-" "Mozilla/5.0 (compatible; MJ12bot/v1.4.8; http://mj12bot.com/)"
5.9.61.101 - - [29/Nov/2021:08:13:03 +0100] "GET /rugs-c-11_269.html?page=8 HTTP/1.0" 200 91609 "-" "Mozilla/5.0 (compatible; MJ12bot/v1.4.8; http://mj12bot.com/)"
5.9.61.101 - - [29/Nov/2021:08:13:06 +0100] "GET /rugs-c-269.html?page=7 HTTP/1.0" 200 91768 "-" "Mozilla/5.0 (compatible; MJ12bot/v1.4.8; http://mj12bot.com/)"
5.9.61.101 - - [29/Nov/2021:08:13:08 +0100] "GET /sacha-hammered-ceramic-cover-grey-p-55336.html HTTP/1.0" 200 74048 "-" "Mozilla/5.0 (compatible; MJ12bot/v1.4.8; http://mj12bot.com/)"
5.9.61.101 - - [29/Nov/2021:08:13:11 +0100] "GET /saint-emilion-p-43712.html HTTP/1.0" 200 70632 "-" "Mozilla/5.0 (compatible; MJ12bot/v1.4.8; http://mj12bot.com/)"
5.9.61.101 - - [29/Nov/2021:08:13:13 +0100] "GET /salt-boxes-jars-c-12_223.html?page=1 HTTP/1.0" 200 90778 "-" "Mozilla/5.0 (compatible; MJ12bot/v1.4.8; http://mj12bot.com/)"
5.9.61.101 - - [29/Nov/2021:08:13:16 +0100] "GET /salt-boxes-jars-c-12_223.html?page=2 HTTP/1.0" 200 91223 "-" "Mozilla/5.0 (compatible; MJ12bot/v1.4.8; http://mj12bot.com/)"
5.9.61.101 - - [29/Nov/2021:08:13:18 +0100] "GET /salt-boxes-jars-c-12_223.html?page=3 HTTP/1.0" 200 90921 "-" "Mozilla/5.0 (compatible; MJ12bot/v1.4.8; http://mj12bot.com/)"
5.9.61.101 - - [29/Nov/2021:08:13:21 +0100] "GET /salt-made-ceramic-bamboo-p-50748.html HTTP/1.0" 200 74350 "-" "Mozilla/5.0 (compatible; MJ12bot/v1.4.8; http://mj12bot.com/)"
5.9.61.101 - - [29/Nov/2021:08:13:23 +0100] "GET /salt-made-ceramic-bamboo-p-50751.html HTTP/1.0" 200 73912 "-" "Mozilla/5.0 (compatible; MJ12bot/v1.4.8; http://mj12bot.com/)"
5.9.61.101 - - [29/Nov/2021:08:13:26 +0100] "GET /salt-made-ceramic-bamboo-p-56112.html HTTP/1.0" 200 73292 "-" "Mozilla/5.0 (compatible; MJ12bot/v1.4.8; http://mj12bot.com/)"
5.9.61.101 - - [29/Nov/2021:08:13:28 +0100] "GET /salt-with-wooden-spoon-sardella-p-54527.html HTTP/1.0" 200 73259 "-" "Mozilla/5.0 (compatible; MJ12bot/v1.4.8; http://mj12bot.com/)"
5.9.61.101 - - [29/Nov/2021:08:13:31 +0100] "GET /salt-with-wooden-spoon-sardy-p-54525.html HTTP/1.0" 200 73244 "-" "Mozilla/5.0 (compatible; MJ12bot/v1.4.8; http://mj12bot.com/)"
5.9.61.101 - - [29/Nov/2021:08:13:33 +0100] "GET /samurai-statue-resin-p-50896.html HTTP/1.0" 200 74027 "-" "Mozilla/5.0 (compatible; MJ12bot/v1.4.8; http://mj12bot.com/)"
5.9.61.101 - - [29/Nov/2021:08:13:35 +0100] "GET /samurai-statue-resin-p-50898.html HTTP/1.0" 200 74222 "-" "Mozilla/5.0 (compatible; MJ12bot/v1.4.8; http://mj12bot.com/)"
5.9.61.101 - - [29/Nov/2021:08:13:37 +0100] "GET /scent-cup-heart-and-home-ocean-sapphire-p-51071.html HTTP/1.0" 301 73711 "-" "Mozilla/5.0 (compatible; MJ12bot/v1.4.8; http://mj12bot.com/)"
5.9.61.101 - - [29/Nov/2021:08:13:39 +0100] "GET /scent-heart-home-ocean-sapphire-p-51071.html HTTP/1.0" 200 73613 "-" "Mozilla/5.0 (compatible; MJ12bot/v1.4.8; http://mj12bot.com/)"
5.9.61.101 - - [29/Nov/2021:08:13:41 +0100] "GET /scent-cup-heart-and-home-rose-quartz-p-51065.html HTTP/1.0" 301 73669 "-" "Mozilla/5.0 (compatible; MJ12bot/v1.4.8; http://mj12bot.com/)"
5.9.61.101 - - [29/Nov/2021:08:13:43 +0100] "GET /scent-heart-home-rose-quartz-p-51065.html HTTP/1.0" 200 73574 "-" "Mozilla/5.0 (compatible; MJ12bot/v1.4.8; http://mj12bot.com/)"
5.9.61.101 - - [29/Nov/2021:08:13:45 +0100] "GET /scented-candles-and-novenas-c-227.html HTTP/1.0" 301 93755 "-" "Mozilla/5.0 (compatible; MJ12bot/v1.4.8; http://mj12bot.com/)"
5.9.61.101 - - [29/Nov/2021:08:13:47 +0100] "GET /scented-candles-novenas-c-231_227.html HTTP/1.0" 200 93798 "-" "Mozilla/5.0 (compatible; MJ12bot/v1.4.8; http://mj12bot.com/)"
5.9.61.101 - - [29/Nov/2021:08:13:49 +0100] "GET /sculpture-famille-poser-bois-rsine-p-55478.html HTTP/1.0" 301 73652 "-" "Mozilla/5.0 (compatible; MJ12bot/v1.4.8; http://mj12bot.com/)"
5.9.61.101 - - [29/Nov/2021:08:13:51 +0100] "GET /characters-sculpture-natural-wood-aluminum-p-55478.html HTTP/1.0" 200 73543 "-" "Mozilla/5.0 (compatible; MJ12bot/v1.4.8; http://mj12bot.com/)"
5.9.61.101 - - [29/Nov/2021:08:13:54 +0100] "GET /sculpture-poser-le-plongeur-33-cm-p-51097.html HTTP/1.0" 301 70631 "-" "Mozilla/5.0 (compatible; MJ12bot/v1.4.8; http://mj12bot.com/)"
5.9.61.101 - - [29/Nov/2021:08:13:55 +0100] "GET /-p-51097.html HTTP/1.0" 200 70564 "-" "Mozilla/5.0 (compatible; MJ12bot/v1.4.8; http://mj12bot.com/)"
5.9.61.101 - - [29/Nov/2021:08:13:58 +0100] "GET /seau-biere-mojito-bar-cubain-p-45497.html HTTP/1.0" 301 70766 "-" "Mozilla/5.0 (compatible; MJ12bot/v1.4.8; http://mj12bot.com/)"
5.9.61.101 - - [29/Nov/2021:08:14:00 +0100] "GET /metal-beer-bucket-mojito-p-45497.html HTTP/1.0" 200 70675 "-" "Mozilla/5.0 (compatible; MJ12bot/v1.4.8; http://mj12bot.com/)"
5.9.61.101 - - [29/Nov/2021:08:14:03 +0100] "GET /selenite-spirale-10-cm-p-44370.html HTTP/1.0" 301 73935 "-" "Mozilla/5.0 (compatible; MJ12bot/v1.4.8; http://mj12bot.com/)"
5.9.61.101 - - [29/Nov/2021:08:14:05 +0100] "GET /selenite-spirale-p-44370.html HTTP/1.0" 200 73852 "-" "Mozilla/5.0 (compatible; MJ12bot/v1.4.8; http://mj12bot.com/)"
5.9.61.101 - - [29/Nov/2021:08:14:07 +0100] "GET /selenite-spirale-p-44370.html HTTP/1.0" 200 73852 "-" "Mozilla/5.0 (compatible; MJ12bot/v1.4.8; http://mj12bot.com/)"
5.9.61.101 - - [29/Nov/2021:08:14:14 +0100] "GET /serre-livre-petit-prince-exupry-p-54551.html HTTP/1.0" 301 73466 "-" "Mozilla/5.0 (compatible; MJ12bot/v1.4.8; http://mj12bot.com/)"
5.9.61.101 - - [29/Nov/2021:08:14:17 +0100] "GET /bookend-wood-petit-prince-exupry-p-54551.html HTTP/1.0" 200 73367 "-" "Mozilla/5.0 (compatible; MJ12bot/v1.4.8; http://mj12bot.com/)"
185.191.171.8 - - [29/Nov/2021:08:14:18 +0100] "GET /mani-the-lucky-cat-cm-p-46174.html HTTP/1.0" 301 70721 "-" "Mozilla/5.0 (compatible; SemrushBot/7~bl; +http://www.semrush.com/bot.html)"
185.191.171.2 - - [29/Nov/2021:08:14:20 +0100] "GET /mani-lucky-p-46174.html HTTP/1.0" 200 70644 "-" "Mozilla/5.0 (compatible; SemrushBot/7~bl; +http://www.semrush.com/bot.html)"
5.9.61.101 - - [29/Nov/2021:08:14:22 +0100] "GET /serre-livres-arc-en-ciel-p-50759.html HTTP/1.0" 301 70695 "-" "Mozilla/5.0 (compatible; MJ12bot/v1.4.8; http://mj12bot.com/)"
5.9.61.101 - - [29/Nov/2021:08:14:24 +0100] "GET /rainbow-bookends-p-50759.html HTTP/1.0" 200 70612 "-" "Mozilla/5.0 (compatible; MJ12bot/v1.4.8; http://mj12bot.com/)"
5.9.61.101 - - [29/Nov/2021:08:14:28 +0100] "GET /serre-livres-c-13_202.html HTTP/1.0" 301 89174 "-" "Mozilla/5.0 (compatible; MJ12bot/v1.4.8; http://mj12bot.com/)"
5.9.61.101 - - [29/Nov/2021:08:14:32 +0100] "GET /bookend-c-202.html HTTP/1.0" 301 89051 "-" "Mozilla/5.0 (compatible; MJ12bot/v1.4.8; http://mj12bot.com/)"
114.119.128.40 - - [29/Nov/2021:08:14:35 +0100] "GET /quote-wall-stickers-20-70-cm-p-42991.html HTTP/1.0" 301 73953 "-" "Mozilla/5.0 (Linux; Android 7.0;) AppleWebKit/537.36 (KHTML, like Gecko) Mobile Safari/537.36 (compatible; PetalBot;+https://webmaster.petalsearch.com/site/petalbot)"
