165.154.72.231 - - [29/Nov/2021:13:39:15 +0100] "GET /images/mini_prod/4500315900003.jpg HTTP/1.0" 200 269 "-" "Mozilla/5.0 (X11; Ubuntu; Linux x86_64; rv:72.0) Gecko/20100101 Firefox/72.0"
207.180.224.141 - - [29/Nov/2021:13:39:21 +0100] "GET /coussin-pouf-de-sol-en-coton-40-30-cm-albertine-p-51082.html HTTP/1.0" 301 70763 "-" "Mozilla/5.0 (compatible; MJ12bot/v1.4.8; http://mj12bot.com/)"
185.191.171.11 - - [29/Nov/2021:13:39:23 +0100] "GET /home-decoration-c-13.html?page=239 HTTP/1.0" 200 92893 "-" "Mozilla/5.0 (compatible; SemrushBot/7~bl; +http://www.semrush.com/bot.html)"
54.36.148.147 - - [29/Nov/2021:13:39:26 +0100] "GET /set-of-beer-capsule-coasters-p-52929.html HTTP/1.0" 301 73293 "-" "Mozilla/5.0 (compatible; AhrefsBot/7.0; +http://ahrefs.com/robot/)"
207.180.224.141 - - [29/Nov/2021:13:39:28 +0100] "GET /cotton-floor-cushion-albertine-p-51082.html HTTP/1.0" 200 70666 "-" "Mozilla/5.0 (compatible; MJ12bot/v1.4.8; http://mj12bot.com/)"
207.180.224.141 - - [29/Nov/2021:13:39:34 +0100] "GET /coussin-pouf-de-sol-en-coton-40-30-cm-charline-cru-p-51084.html HTTP/1.0" 301 70631 "-" "Mozilla/5.0 (compatible; MJ12bot/v1.4.8; http://mj12bot.com/)"
207.180.224.141 - - [29/Nov/2021:13:39:38 +0100] "GET /-p-51084.html HTTP/1.0" 200 70564 "-" "Mozilla/5.0 (compatible; MJ12bot/v1.4.8; http://mj12bot.com/)"
54.36.148.123 - - [29/Nov/2021:13:39:44 +0100] "GET /characters-sculpture-natural-wood-aluminum-p-55478.html HTTP/1.0" 200 73543 "-" "Mozilla/5.0 (compatible; AhrefsBot/7.0; +http://ahrefs.com/robot/)"
207.180.224.141 - - [29/Nov/2021:13:39:50 +0100] "GET /coussin-pouf-de-sol-en-coton-40-30-cm-guernezey-p-51660.html HTTP/1.0" 301 70763 "-" "Mozilla/5.0 (compatible; MJ12bot/v1.4.8; http://mj12bot.com/)"
185.191.171.11 - - [29/Nov/2021:13:39:56 +0100] "GET /ceramic-lamp-p-52277.html HTTP/1.0" 200 74057 "-" "Mozilla/5.0 (compatible; SemrushBot/7~bl; +http://www.semrush.com/bot.html)"
207.180.224.141 - - [29/Nov/2021:13:39:57 +0100] "GET /cotton-floor-cushion-guernezey-p-51660.html HTTP/1.0" 200 70666 "-" "Mozilla/5.0 (compatible; MJ12bot/v1.4.8; http://mj12bot.com/)"
207.180.224.141 - - [29/Nov/2021:13:40:01 +0100] "GET /coussin-pouf-de-sol-en-coton-40-30-cm-monica-p-51085.html HTTP/1.0" 301 70631 "-" "Mozilla/5.0 (compatible; MJ12bot/v1.4.8; http://mj12bot.com/)"
207.180.224.141 - - [29/Nov/2021:13:40:05 +0100] "GET /-p-51085.html HTTP/1.0" 200 70564 "-" "Mozilla/5.0 (compatible; MJ12bot/v1.4.8; http://mj12bot.com/)"
185.191.171.4 - - [29/Nov/2021:13:40:07 +0100] "GET /frozen-disney-small-backpack-p-35958.html?action=add_product HTTP/1.0" 302 476 "-" "Mozilla/5.0 (compatible; SemrushBot/7~bl; +http://www.semrush.com/bot.html)"
207.180.224.141 - - [29/Nov/2021:13:40:12 +0100] "GET /coussin-pouf-de-sol-en-coton-40-30-cm-st-maxime-p-51080.html HTTP/1.0" 301 70631 "-" "Mozilla/5.0 (compatible; MJ12bot/v1.4.8; http://mj12bot.com/)"
157.55.39.228 - - [29/Nov/2021:13:40:13 +0100] "GET /-p-38489.html HTTP/1.0" 200 70564 "-" "Mozilla/5.0 (compatible; bingbot/2.0; +http://www.bing.com/bingbot.htm)"
207.180.224.141 - - [29/Nov/2021:13:40:17 +0100] "GET /-p-51080.html HTTP/1.0" 200 70564 "-" "Mozilla/5.0 (compatible; MJ12bot/v1.4.8; http://mj12bot.com/)"
54.36.148.54 - - [29/Nov/2021:13:40:18 +0100] "GET /curtain-eyelets-yellow-p-49126.html HTTP/1.0" 200 75534 "-" "Mozilla/5.0 (compatible; AhrefsBot/7.0; +http://ahrefs.com/robot/)"
216.244.66.242 - - [29/Nov/2021:13:40:21 +0100] "GET /maleficent-figure-p-3602.html HTTP/1.0" 200 70638 "-" "Mozilla/5.0 (compatible; DotBot/1.2; +https://opensiteexplorer.org/dotbot; help@moz.com)"
207.180.224.141 - - [29/Nov/2021:13:40:25 +0100] "GET /coussin-pouf-de-sol-en-coton-40-30-cm-st-maxime-p-51081.html HTTP/1.0" 301 70631 "-" "Mozilla/5.0 (compatible; MJ12bot/v1.4.8; http://mj12bot.com/)"
216.244.66.242 - - [29/Nov/2021:13:40:27 +0100] "GET /moonstone-pendulum-p-44374.html HTTP/1.0" 200 70645 "-" "Mozilla/5.0 (compatible; DotBot/1.2; +https://opensiteexplorer.org/dotbot; help@moz.com)"
207.180.224.141 - - [29/Nov/2021:13:40:28 +0100] "GET /-p-51081.html HTTP/1.0" 200 70564 "-" "Mozilla/5.0 (compatible; MJ12bot/v1.4.8; http://mj12bot.com/)"
74.125.210.52 - - [29/Nov/2021:13:40:29 +0100] "GET /images/big_prod/783746609810083165.jpg HTTP/1.0" 200 273 "-" "Mozilla/5.0 (Windows NT 5.1; rv:11.0) Gecko Firefox/11.0 (via ggpht.com GoogleImageProxy)"
207.180.224.141 - - [29/Nov/2021:13:40:32 +0100] "GET /coussin-pouf-de-sol-en-coton-40-40-30-cm-burundi-p-51051.html HTTP/1.0" 301 70757 "-" "Mozilla/5.0 (compatible; MJ12bot/v1.4.8; http://mj12bot.com/)"
207.180.224.141 - - [29/Nov/2021:13:40:36 +0100] "GET /cotton-floor-cushion-burundi-p-51051.html HTTP/1.0" 200 70662 "-" "Mozilla/5.0 (compatible; MJ12bot/v1.4.8; http://mj12bot.com/)"
207.180.224.141 - - [29/Nov/2021:13:40:41 +0100] "GET /coussin-pouf-en-coton-40-40-30-cm-beline-p-45688.html HTTP/1.0" 301 70631 "-" "Mozilla/5.0 (compatible; MJ12bot/v1.4.8; http://mj12bot.com/)"
114.119.134.230 - - [29/Nov/2021:13:40:43 +0100] "GET /headrest-cushion-50-70-cm-p-53491.html HTTP/1.0" 301 73903 "-" "Mozilla/5.0 (compatible;PetalBot;+https://webmaster.petalsearch.com/site/petalbot)"
114.119.134.230 - - [29/Nov/2021:13:40:44 +0100] "GET /headrest-cushion-p-53491.html HTTP/1.0" 200 73820 "-" "Mozilla/5.0 (compatible;PetalBot;+https://webmaster.petalsearch.com/site/petalbot)"
54.36.148.53 - - [29/Nov/2021:13:40:48 +0100] "GET /bistrot-rectangular-tray-p-45611.html HTTP/1.0" 200 73294 "-" "Mozilla/5.0 (compatible; AhrefsBot/7.0; +http://ahrefs.com/robot/)"
66.249.75.170 - - [29/Nov/2021:13:40:51 +0100] "GET /images/mini_prod/3700572761015.jpg HTTP/1.0" 200 269 "-" "Googlebot-Image/1.0"
207.180.224.141 - - [29/Nov/2021:13:40:56 +0100] "GET /-p-45688.html HTTP/1.0" 200 70564 "-" "Mozilla/5.0 (compatible; MJ12bot/v1.4.8; http://mj12bot.com/)"
159.138.102.98 - - [29/Nov/2021:13:40:59 +0100] "GET /ceramic-lamp-p-53752.html HTTP/1.0" 200 74063 "-" "Mozilla/5.0 (Linux; Android 7.0;) AppleWebKit/537.36 (KHTML, like Gecko) Mobile Safari/537.36 (compatible; PetalBot;+https://webmaster.petalsearch.com/site/petalbot)"
207.180.224.141 - - [29/Nov/2021:13:41:02 +0100] "GET /coussin-pouf-en-coton-40-40-30-cm-beline-p-49656.html HTTP/1.0" 301 70631 "-" "Mozilla/5.0 (compatible; MJ12bot/v1.4.8; http://mj12bot.com/)"
216.244.66.242 - - [29/Nov/2021:13:41:02 +0100] "GET /chatchat-palette-knife-p-38448.html HTTP/1.0" 200 70665 "-" "Mozilla/5.0 (compatible; DotBot/1.2; +https://opensiteexplorer.org/dotbot; help@moz.com)"
207.180.224.141 - - [29/Nov/2021:13:41:06 +0100] "GET /-p-49656.html HTTP/1.0" 200 70564 "-" "Mozilla/5.0 (compatible; MJ12bot/v1.4.8; http://mj12bot.com/)"
216.244.66.242 - - [29/Nov/2021:13:41:07 +0100] "GET /tealights-violet-moon-p-42641.html HTTP/1.0" 200 73785 "-" "Mozilla/5.0 (compatible; DotBot/1.2; +https://opensiteexplorer.org/dotbot; help@moz.com)"
207.180.224.141 - - [29/Nov/2021:13:41:10 +0100] "GET /coussin-pour-meditation-et-yoga-1er-chakra-muladhara-p-45365.html HTTP/1.0" 301 75358 "-" "Mozilla/5.0 (compatible; MJ12bot/v1.4.8; http://mj12bot.com/)"
207.180.224.141 - - [29/Nov/2021:13:41:16 +0100] "GET /yoga-bolster-meditation-cushion-chakra-muladhara-p-45365.html HTTP/1.0" 200 75243 "-" "Mozilla/5.0 (compatible; MJ12bot/v1.4.8; http://mj12bot.com/)"
54.36.148.93 - - [29/Nov/2021:13:41:17 +0100] "GET /tweety-clock-p-17436.html HTTP/1.0" 200 73102 "-" "Mozilla/5.0 (compatible; AhrefsBot/7.0; +http://ahrefs.com/robot/)"
207.180.224.141 - - [29/Nov/2021:13:41:22 +0100] "GET /coussin-pour-petit-chien-ou-chat-nid-douillet-p-49533.html HTTP/1.0" 301 73944 "-" "Mozilla/5.0 (compatible; MJ12bot/v1.4.8; http://mj12bot.com/)"
207.180.224.141 - - [29/Nov/2021:13:41:24 +0100] "GET /cushion-small-douillet-p-49533.html HTTP/1.0" 200 73855 "-" "Mozilla/5.0 (compatible; MJ12bot/v1.4.8; http://mj12bot.com/)"
49.7.20.122 - - [29/Nov/2021:13:41:25 +0100] "GET / HTTP/1.0" 200 151553 "-" "Sogou web spider/4.0(+http://www.sogou.com/docs/help/webmasters.htm#07)"
207.180.224.141 - - [29/Nov/2021:13:41:27 +0100] "GET /coussin-rectangulaire-pour-meditation-et-yoga-noir-p-45364.html HTTP/1.0" 301 75064 "-" "Mozilla/5.0 (compatible; MJ12bot/v1.4.8; http://mj12bot.com/)"
207.180.224.141 - - [29/Nov/2021:13:41:35 +0100] "GET /meditation-cushion-yoga-bolster-black-p-45364.html HTTP/1.0" 200 74960 "-" "Mozilla/5.0 (compatible; MJ12bot/v1.4.8; http://mj12bot.com/)"
207.180.224.141 - - [29/Nov/2021:13:41:41 +0100] "GET /coussins-c-11_71.html HTTP/1.0" 301 90916 "-" "Mozilla/5.0 (compatible; MJ12bot/v1.4.8; http://mj12bot.com/)"
157.55.39.223 - - [29/Nov/2021:13:41:46 +0100] "GET /images/med_prod/3700653593146.jpg HTTP/1.0" 200 268 "-" "Mozilla/5.0 (compatible; bingbot/2.0; +http://www.bing.com/bingbot.htm)"
54.36.148.7 - - [29/Nov/2021:13:41:49 +0100] "GET /resin-magnet-tour-france-blanc-p-55498.html HTTP/1.0" 200 73351 "-" "Mozilla/5.0 (compatible; AhrefsBot/7.0; +http://ahrefs.com/robot/)"
207.180.224.141 - - [29/Nov/2021:13:41:52 +0100] "GET /cushions-c-71.html HTTP/1.0" 301 90800 "-" "Mozilla/5.0 (compatible; MJ12bot/v1.4.8; http://mj12bot.com/)"
207.180.224.141 - - [29/Nov/2021:13:42:04 +0100] "GET /cushions-c-11_71.html HTTP/1.0" 200 90844 "-" "Mozilla/5.0 (compatible; MJ12bot/v1.4.8; http://mj12bot.com/)"
207.180.224.141 - - [29/Nov/2021:13:42:09 +0100] "GET /coussins-de-sol-galettes-de-chaises-c-11_165.html HTTP/1.0" 301 91432 "-" "Mozilla/5.0 (compatible; MJ12bot/v1.4.8; http://mj12bot.com/)"
207.180.224.141 - - [29/Nov/2021:13:42:12 +0100] "GET /chairs-cushion-c-165.html HTTP/1.0" 301 91313 "-" "Mozilla/5.0 (compatible; MJ12bot/v1.4.8; http://mj12bot.com/)"
207.180.224.141 - - [29/Nov/2021:13:42:21 +0100] "GET /chairs-cushion-c-11_165.html HTTP/1.0" 200 91353 "-" "Mozilla/5.0 (compatible; MJ12bot/v1.4.8; http://mj12bot.com/)"
54.36.148.204 - - [29/Nov/2021:13:42:22 +0100] "GET /assassin-creed-zippo-lighter-p-41036.html HTTP/1.0" 200 75589 "-" "Mozilla/5.0 (compatible; AhrefsBot/7.0; +http://ahrefs.com/robot/)"
165.154.72.231 - - [29/Nov/2021:13:42:25 +0100] "GET /images/mini_prod/8003990616123.jpg HTTP/1.0" 200 269 "-" "Mozilla/5.0 (X11; Ubuntu; Linux x86_64; rv:72.0) Gecko/20100101 Firefox/72.0"
207.180.224.141 - - [29/Nov/2021:13:42:29 +0100] "GET /coussins-garnis-c-11_71_283.html HTTP/1.0" 301 92320 "-" "Mozilla/5.0 (compatible; MJ12bot/v1.4.8; http://mj12bot.com/)"
66.249.75.170 - - [29/Nov/2021:13:42:30 +0100] "GET /double-dispenser-cereals-p-50116.html HTTP/1.0" 200 73852 "-" "Mozilla/5.0 (Linux; Android 6.0.1; Nexus 5X Build/MMB29P) AppleWebKit/537.36 (KHTML, like Gecko) Chrome/96.0.4664.45 Mobile Safari/537.36 (compatible; Googlebot/2.1; +http://www.google.com/bot.html)"
66.249.75.166 - - [29/Nov/2021:13:42:31 +0100] "GET /-p-9501.html HTTP/1.0" 200 70562 "-" "Mozilla/5.0 (Linux; Android 6.0.1; Nexus 5X Build/MMB29P) AppleWebKit/537.36 (KHTML, like Gecko) Chrome/96.0.4664.45 Mobile Safari/537.36 (compatible; Googlebot/2.1; +http://www.google.com/bot.html)"
207.180.224.141 - - [29/Nov/2021:13:42:35 +0100] "GET /cushions-c-283.html HTTP/1.0" 301 92097 "-" "Mozilla/5.0 (compatible; MJ12bot/v1.4.8; http://mj12bot.com/)"
185.191.171.9 - - [29/Nov/2021:13:42:40 +0100] "GET /jamaican-sound-clock-p-24960.html HTTP/1.0" 200 73175 "-" "Mozilla/5.0 (compatible; SemrushBot/7~bl; +http://www.semrush.com/bot.html)"
54.36.149.47 - - [29/Nov/2021:13:42:42 +0100] "GET /winnie-cap-scarf-and-glove-set-56-cm-p-22270.html HTTP/1.0" 301 70631 "-" "Mozilla/5.0 (compatible; AhrefsBot/7.0; +http://ahrefs.com/robot/)"
207.180.224.141 - - [29/Nov/2021:13:42:46 +0100] "GET /cushions-c-11_71_283.html HTTP/1.0" 200 92247 "-" "Mozilla/5.0 (compatible; MJ12bot/v1.4.8; http://mj12bot.com/)"
54.36.148.184 - - [29/Nov/2021:13:42:53 +0100] "GET /story-prickles-figure-p-6754.html HTTP/1.0" 200 73338 "-" "Mozilla/5.0 (compatible; AhrefsBot/7.0; +http://ahrefs.com/robot/)"
207.180.224.141 - - [29/Nov/2021:13:43:01 +0100] "GET /couverts-c-12_63.html HTTP/1.0" 301 89790 "-" "Mozilla/5.0 (compatible; MJ12bot/v1.4.8; http://mj12bot.com/)"
207.180.224.141 - - [29/Nov/2021:13:43:10 +0100] "GET /flatwares-c-63.html HTTP/1.0" 301 89689 "-" "Mozilla/5.0 (compatible; MJ12bot/v1.4.8; http://mj12bot.com/)"
52.137.89.11 - - [29/Nov/2021:13:43:13 +0100] "GET /images/big_prod/045544939850.jpg HTTP/1.0" 200 267 "-" "Mozilla/4.0 (compatible; MSIE 7.0; Windows NT 6.0)"
207.180.224.141 - - [29/Nov/2021:13:43:16 +0100] "GET /flatwares-c-12_63.html HTTP/1.0" 200 89717 "-" "Mozilla/5.0 (compatible; MJ12bot/v1.4.8; http://mj12bot.com/)"
54.36.149.60 - - [29/Nov/2021:13:43:20 +0100] "GET /household-linen-c-11.html?page=73 HTTP/1.0" 200 92388 "-" "Mozilla/5.0 (compatible; AhrefsBot/7.0; +http://ahrefs.com/robot/)"
207.180.224.141 - - [29/Nov/2021:13:43:24 +0100] "GET /craft-attack-allen-clock-p-49500.html HTTP/1.0" 200 73367 "-" "Mozilla/5.0 (compatible; MJ12bot/v1.4.8; http://mj12bot.com/)"
114.119.128.40 - - [29/Nov/2021:13:43:24 +0100] "GET /images/big_prod/8422015233716.jpg HTTP/1.0" 200 268 "-" "Mozilla/5.0 (Linux; Android 7.0;) AppleWebKit/537.36 (KHTML, like Gecko) Mobile Safari/537.36 (compatible; PetalBot;+https://webmaster.petalsearch.com/site/petalbot)"
207.180.224.141 - - [29/Nov/2021:13:43:33 +0100] "GET /craft-attack-cat-allen-clock-p-49500.html HTTP/1.0" 301 73458 "-" "Mozilla/5.0 (compatible; MJ12bot/v1.4.8; http://mj12bot.com/)"
207.180.224.141 - - [29/Nov/2021:13:43:42 +0100] "GET /craft-attack-allen-clock-p-49500.html HTTP/1.0" 200 73367 "-" "Mozilla/5.0 (compatible; MJ12bot/v1.4.8; http://mj12bot.com/)"
207.180.224.141 - - [29/Nov/2021:13:43:45 +0100] "GET /cramique-bambou-carreaux-ciment-gris-p-56112.html HTTP/1.0" 301 73383 "-" "Mozilla/5.0 (compatible; MJ12bot/v1.4.8; http://mj12bot.com/)"
40.77.167.66 - - [29/Nov/2021:13:43:45 +0100] "GET /images/big_prod/3662600010338.jpg HTTP/1.0" 200 268 "-" "Mozilla/5.0 (compatible; bingbot/2.0; +http://www.bing.com/bingbot.htm)"
54.36.148.202 - - [29/Nov/2021:13:43:49 +0100] "GET /double-round-mirror-white-aspect-free-standing-p-54062.html HTTP/1.0" 200 74332 "-" "Mozilla/5.0 (compatible; AhrefsBot/7.0; +http://ahrefs.com/robot/)"
207.180.224.141 - - [29/Nov/2021:13:43:50 +0100] "GET /salt-made-ceramic-bamboo-p-56112.html HTTP/1.0" 200 73292 "-" "Mozilla/5.0 (compatible; MJ12bot/v1.4.8; http://mj12bot.com/)"
54.36.149.17 - - [29/Nov/2021:13:43:57 +0100] "GET /images/big_prod_1/3700572761596B.jpg HTTP/1.0" 200 271 "-" "Mozilla/5.0 (compatible; AhrefsBot/7.0; +http://ahrefs.com/robot/)"
207.180.224.141 - - [29/Nov/2021:13:43:57 +0100] "GET /crasy-allen-cotton-pouch-p-53176.html HTTP/1.0" 200 73301 "-" "Mozilla/5.0 (compatible; MJ12bot/v1.4.8; http://mj12bot.com/)"
207.180.224.141 - - [29/Nov/2021:13:44:05 +0100] "GET /crasy-cat-by-allen-cotton-pouch-p-53176.html HTTP/1.0" 301 73392 "-" "Mozilla/5.0 (compatible; MJ12bot/v1.4.8; http://mj12bot.com/)"
207.180.224.141 - - [29/Nov/2021:13:44:08 +0100] "GET /crasy-allen-cotton-pouch-p-53176.html HTTP/1.0" 200 73301 "-" "Mozilla/5.0 (compatible; MJ12bot/v1.4.8; http://mj12bot.com/)"
51.143.63.203 - - [29/Nov/2021:13:44:09 +0100] "GET /images/big_prod_2/8422099001102BC.jpg HTTP/1.0" 200 272 "-" "Mozilla/5.0 (Windows NT 6.1; WOW64) AppleWebKit/537.36 (KHTML, like Gecko) Chrome/45.0.2454.101 Safari/537.36"
207.180.224.141 - - [29/Nov/2021:13:44:18 +0100] "GET /crayons-c-129_183.html HTTP/1.0" 301 90850 "-" "Mozilla/5.0 (compatible; MJ12bot/v1.4.8; http://mj12bot.com/)"
54.36.148.60 - - [29/Nov/2021:13:44:23 +0100] "GET /pouch-kiub-collection-p-54785.html HTTP/1.0" 200 73427 "-" "Mozilla/5.0 (compatible; AhrefsBot/7.0; +http://ahrefs.com/robot/)"
207.180.224.141 - - [29/Nov/2021:13:44:30 +0100] "GET /pencil-c-183.html HTTP/1.0" 301 90714 "-" "Mozilla/5.0 (compatible; MJ12bot/v1.4.8; http://mj12bot.com/)"
207.180.224.141 - - [29/Nov/2021:13:44:36 +0100] "GET /pencil-c-129_183.html HTTP/1.0" 200 90779 "-" "Mozilla/5.0 (compatible; MJ12bot/v1.4.8; http://mj12bot.com/)"
185.191.171.24 - - [29/Nov/2021:13:44:42 +0100] "GET /kitchen-robot-clock-p-28656.html HTTP/1.0" 200 73759 "-" "Mozilla/5.0 (compatible; SemrushBot/7~bl; +http://www.semrush.com/bot.html)"
207.180.224.141 - - [29/Nov/2021:13:44:51 +0100] "GET /creative-hobbies-and-coloring-c-30.html HTTP/1.0" 301 91112 "-" "Mozilla/5.0 (compatible; MJ12bot/v1.4.8; http://mj12bot.com/)"
54.36.149.56 - - [29/Nov/2021:13:44:54 +0100] "GET /beyond-charms-keychain-elephant-p-51831.html HTTP/1.0" 200 74488 "-" "Mozilla/5.0 (compatible; AhrefsBot/7.0; +http://ahrefs.com/robot/)"
207.180.224.141 - - [29/Nov/2021:13:44:58 +0100] "GET /creative-hobbies-coloring-c-129_30.html HTTP/1.0" 200 91159 "-" "Mozilla/5.0 (compatible; MJ12bot/v1.4.8; http://mj12bot.com/)"
207.180.224.141 - - [29/Nov/2021:13:45:03 +0100] "GET /cuba-decorative-metal-plate-cbkreation-p-52888.html HTTP/1.0" 200 73340 "-" "Mozilla/5.0 (compatible; MJ12bot/v1.4.8; http://mj12bot.com/)"
207.180.224.141 - - [29/Nov/2021:13:45:06 +0100] "GET /cups-c-12_248.html?page=2 HTTP/1.0" 200 85726 "-" "Mozilla/5.0 (compatible; MJ12bot/v1.4.8; http://mj12bot.com/)"
207.46.13.202 - - [29/Nov/2021:13:45:12 +0100] "GET /images/HK9-15E.jpg HTTP/1.0" 200 253 "-" "Mozilla/5.0 (compatible; bingbot/2.0; +http://www.bing.com/bingbot.htm)"
207.180.224.141 - - [29/Nov/2021:13:45:15 +0100] "GET /curtain-bliss-velvet-p-50740.html HTTP/1.0" 200 70660 "-" "Mozilla/5.0 (compatible; MJ12bot/v1.4.8; http://mj12bot.com/)"
216.244.66.242 - - [29/Nov/2021:13:45:15 +0100] "GET /winnie-pooh-wall-storage-p-1207.html HTTP/1.0" 200 73521 "-" "Mozilla/5.0 (compatible; DotBot/1.2; +https://opensiteexplorer.org/dotbot; help@moz.com)"
54.36.149.56 - - [29/Nov/2021:13:45:23 +0100] "GET /citron-collection-large-metal-plate-deco-p-37111.html HTTP/1.0" 200 73385 "-" "Mozilla/5.0 (compatible; AhrefsBot/7.0; +http://ahrefs.com/robot/)"
207.180.224.141 - - [29/Nov/2021:13:45:26 +0100] "GET /curtain-eyelets-chambray-p-38037.html HTTP/1.0" 200 75496 "-" "Mozilla/5.0 (compatible; MJ12bot/v1.4.8; http://mj12bot.com/)"
207.180.224.141 - - [29/Nov/2021:13:45:31 +0100] "GET /cushion-covers-c-284.html HTTP/1.0" 301 90033 "-" "Mozilla/5.0 (compatible; MJ12bot/v1.4.8; http://mj12bot.com/)"
207.180.224.141 - - [29/Nov/2021:13:45:40 +0100] "GET /cushion-covers-c-11_71_284.html HTTP/1.0" 200 90177 "-" "Mozilla/5.0 (compatible; MJ12bot/v1.4.8; http://mj12bot.com/)"
207.180.224.141 - - [29/Nov/2021:13:45:46 +0100] "GET /cushion-for-cat-or-small-dog-nid-douillet-p-49533.html HTTP/1.0" 301 73944 "-" "Mozilla/5.0 (compatible; MJ12bot/v1.4.8; http://mj12bot.com/)"
54.36.148.207 - - [29/Nov/2021:13:45:49 +0100] "GET /speed-master-glass-clock-p-55081.html HTTP/1.0" 200 73344 "-" "Mozilla/5.0 (compatible; AhrefsBot/7.0; +http://ahrefs.com/robot/)"
207.180.224.141 - - [29/Nov/2021:13:45:51 +0100] "GET /cushion-small-douillet-p-49533.html HTTP/1.0" 200 73855 "-" "Mozilla/5.0 (compatible; MJ12bot/v1.4.8; http://mj12bot.com/)"
66.249.75.170 - - [29/Nov/2021:13:45:54 +0100] "GET /images/big_prod/3453131133210.jpg HTTP/1.0" 200 268 "-" "Googlebot-Image/1.0"
114.119.128.39 - - [29/Nov/2021:13:45:57 +0100] "GET /coffee-tin-box-light-grey-p-40170.html HTTP/1.0" 301 70631 "-" "Mozilla/5.0 (Linux; Android 7.0;) AppleWebKit/537.36 (KHTML, like Gecko) Mobile Safari/537.36 (compatible; PetalBot;+https://webmaster.petalsearch.com/site/petalbot)"
207.180.224.141 - - [29/Nov/2021:13:46:01 +0100] "GET /cushion-headboard-c-173.html HTTP/1.0" 301 88748 "-" "Mozilla/5.0 (compatible; MJ12bot/v1.4.8; http://mj12bot.com/)"
114.119.128.39 - - [29/Nov/2021:13:46:02 +0100] "GET /-p-40170.html HTTP/1.0" 200 70564 "-" "Mozilla/5.0 (Linux; Android 7.0;) AppleWebKit/537.36 (KHTML, like Gecko) Mobile Safari/537.36 (compatible; PetalBot;+https://webmaster.petalsearch.com/site/petalbot)"
207.180.224.141 - - [29/Nov/2021:13:46:05 +0100] "GET /cushion-headboard-c-11_173.html HTTP/1.0" 200 88782 "-" "Mozilla/5.0 (compatible; MJ12bot/v1.4.8; http://mj12bot.com/)"
207.180.224.141 - - [29/Nov/2021:13:46:10 +0100] "GET /cushion-small-douillet-p-49533.html HTTP/1.0" 200 73855 "-" "Mozilla/5.0 (compatible; MJ12bot/v1.4.8; http://mj12bot.com/)"
207.180.224.141 - - [29/Nov/2021:13:46:19 +0100] "GET /cushion-upholstery-cover-p-56065.html HTTP/1.0" 200 73477 "-" "Mozilla/5.0 (compatible; MJ12bot/v1.4.8; http://mj12bot.com/)"
54.36.148.15 - - [29/Nov/2021:13:46:19 +0100] "GET /bamboo-fiber-plant-cover-p-54405.html HTTP/1.0" 200 73833 "-" "Mozilla/5.0 (compatible; AhrefsBot/7.0; +http://ahrefs.com/robot/)"
185.191.171.33 - - [29/Nov/2021:13:46:19 +0100] "GET /home-and-decoration-c-13.html?page=164 HTTP/1.0" 301 93312 "-" "Mozilla/5.0 (compatible; SemrushBot/7~bl; +http://www.semrush.com/bot.html)"
185.191.171.24 - - [29/Nov/2021:13:46:22 +0100] "GET /home-decoration-c-13.html?page=164 HTTP/1.0" 200 93224 "-" "Mozilla/5.0 (compatible; SemrushBot/7~bl; +http://www.semrush.com/bot.html)"
207.180.224.141 - - [29/Nov/2021:13:46:25 +0100] "GET /cushion-upholstery-cover-p-56066.html HTTP/1.0" 200 73477 "-" "Mozilla/5.0 (compatible; MJ12bot/v1.4.8; http://mj12bot.com/)"
185.191.171.10 - - [29/Nov/2021:13:46:26 +0100] "GET /cbkreation-p-26520.html HTTP/1.0" 200 73170 "-" "Mozilla/5.0 (compatible; SemrushBot/7~bl; +http://www.semrush.com/bot.html)"
207.180.224.141 - - [29/Nov/2021:13:46:30 +0100] "GET /cushion-upholstery-cover-p-56067.html HTTP/1.0" 200 73477 "-" "Mozilla/5.0 (compatible; MJ12bot/v1.4.8; http://mj12bot.com/)"
20.80.156.141 - - [29/Nov/2021:13:46:33 +0100] "GET /images/big_prod/8499034501706.jpg HTTP/1.0" 200 268 "-" "Mozilla/5.0 (Windows NT 10.0; WOW64) AppleWebKit/537.36 (KHTML, like Gecko) Chrome/64.0.3282.186 Safari/537.36"
207.180.224.141 - - [29/Nov/2021:13:46:36 +0100] "GET /cyclades-carpet-120-170-cm-white-model-p-47957.html HTTP/1.0" 301 70782 "-" "Mozilla/5.0 (compatible; MJ12bot/v1.4.8; http://mj12bot.com/)"
207.180.224.141 - - [29/Nov/2021:13:46:46 +0100] "GET /cyclades-carpet-white-model-p-47957.html HTTP/1.0" 200 70688 "-" "Mozilla/5.0 (compatible; MJ12bot/v1.4.8; http://mj12bot.com/)"
207.180.224.141 - - [29/Nov/2021:13:46:50 +0100] "GET /cyclades-carpet-white-model-p-47957.html HTTP/1.0" 200 70688 "-" "Mozilla/5.0 (compatible; MJ12bot/v1.4.8; http://mj12bot.com/)"
54.36.149.4 - - [29/Nov/2021:13:46:55 +0100] "GET /figurine-snail-cement-aged-effect-p-45677.html HTTP/1.0" 200 73331 "-" "Mozilla/5.0 (compatible; AhrefsBot/7.0; +http://ahrefs.com/robot/)"
207.180.224.141 - - [29/Nov/2021:13:46:56 +0100] "GET /daisy-bedclothes-240-220-cm-p-37966.html HTTP/1.0" 301 70631 "-" "Mozilla/5.0 (compatible; MJ12bot/v1.4.8; http://mj12bot.com/)"
207.180.224.141 - - [29/Nov/2021:13:47:03 +0100] "GET /-p-37966.html HTTP/1.0" 200 70564 "-" "Mozilla/5.0 (compatible; MJ12bot/v1.4.8; http://mj12bot.com/)"
207.180.224.141 - - [29/Nov/2021:13:47:08 +0100] "GET /deco-horse-statue-mango-wood-p-38246.html HTTP/1.0" 200 70695 "-" "Mozilla/5.0 (compatible; MJ12bot/v1.4.8; http://mj12bot.com/)"
207.180.224.141 - - [29/Nov/2021:13:47:12 +0100] "GET /decoration-african-water-carrier-p-50858.html HTTP/1.0" 200 73354 "-" "Mozilla/5.0 (compatible; MJ12bot/v1.4.8; http://mj12bot.com/)"
207.180.224.141 - - [29/Nov/2021:13:47:19 +0100] "GET /decoration-c-13_89.html HTTP/1.0" 301 91882 "-" "Mozilla/5.0 (compatible; MJ12bot/v1.4.8; http://mj12bot.com/)"
207.180.224.141 - - [29/Nov/2021:13:47:23 +0100] "GET /decorations-c-89.html HTTP/1.0" 301 91759 "-" "Mozilla/5.0 (compatible; MJ12bot/v1.4.8; http://mj12bot.com/)"
207.180.224.141 - - [29/Nov/2021:13:47:26 +0100] "GET /decorations-c-13_89.html HTTP/1.0" 200 91807 "-" "Mozilla/5.0 (compatible; MJ12bot/v1.4.8; http://mj12bot.com/)"
54.36.148.161 - - [29/Nov/2021:13:47:26 +0100] "GET /natsuki-kimmidoll-swarovski-chain-bracelet-with-charm-p-15881.html HTTP/1.0" 200 74064 "-" "Mozilla/5.0 (compatible; AhrefsBot/7.0; +http://ahrefs.com/robot/)"
207.180.224.141 - - [29/Nov/2021:13:47:31 +0100] "GET /decoration-de-nol-en-metal-cher-pere-nol-p-49642.html HTTP/1.0" 301 73436 "-" "Mozilla/5.0 (compatible; MJ12bot/v1.4.8; http://mj12bot.com/)"
52.156.93.20 - - [29/Nov/2021:13:47:33 +0100] "GET /images/big_prod_1/3609810099012a.jpg HTTP/1.0" 200 271 "-" "Mozilla/5.0 (Windows NT 10.0; WOW64) AppleWebKit/537.36 (KHTML, like Gecko) Chrome/67.0.3396.99 Safari/537.36"
207.180.224.141 - - [29/Nov/2021:13:47:38 +0100] "GET /christmas-tree-decoration-hanging-p-49642.html HTTP/1.0" 200 73336 "-" "Mozilla/5.0 (compatible; MJ12bot/v1.4.8; http://mj12bot.com/)"
207.180.224.141 - - [29/Nov/2021:13:47:42 +0100] "GET /decoration-de-nol-en-metal-petit-papa-nol-p-49641.html HTTP/1.0" 301 70631 "-" "Mozilla/5.0 (compatible; MJ12bot/v1.4.8; http://mj12bot.com/)"
207.180.224.141 - - [29/Nov/2021:13:47:46 +0100] "GET /-p-49641.html HTTP/1.0" 200 70564 "-" "Mozilla/5.0 (compatible; MJ12bot/v1.4.8; http://mj12bot.com/)"
20.80.156.141 - - [29/Nov/2021:13:47:46 +0100] "GET /images/big_prod/3560600305877.jpg HTTP/1.0" 200 268 "-" "Mozilla/5.0 (Windows NT 10.0; WOW64) AppleWebKit/537.36 (KHTML, like Gecko) Chrome/68.0.3440.106 Safari/537.36"
207.180.224.141 - - [29/Nov/2021:13:47:53 +0100] "GET /decoration-de-nol-rondin-de-bois-la-magie-de-nol-p-49634.html HTTP/1.0" 301 74055 "-" "Mozilla/5.0 (compatible; MJ12bot/v1.4.8; http://mj12bot.com/)"
54.36.148.61 - - [29/Nov/2021:13:47:54 +0100] "GET /union-jack-flag-clock-p-33377.html HTTP/1.0" 200 73260 "-" "Mozilla/5.0 (compatible; AhrefsBot/7.0; +http://ahrefs.com/robot/)"
49.7.20.122 - - [29/Nov/2021:13:47:57 +0100] "GET / HTTP/1.0" 200 151568 "-" "Sogou web spider/4.0(+http://www.sogou.com/docs/help/webmasters.htm#07)"
207.180.224.141 - - [29/Nov/2021:13:47:57 +0100] "GET /christmas-tree-decoration-hanging-p-49634.html HTTP/1.0" 200 73955 "-" "Mozilla/5.0 (compatible; MJ12bot/v1.4.8; http://mj12bot.com/)"
207.180.224.141 - - [29/Nov/2021:13:48:02 +0100] "GET /decoration-hedgehog-beige-resin-p-45435.html HTTP/1.0" 200 73325 "-" "Mozilla/5.0 (compatible; MJ12bot/v1.4.8; http://mj12bot.com/)"
207.180.224.141 - - [29/Nov/2021:13:48:08 +0100] "GET /decoration-hedgehog-in-beige-resin-p-45435.html HTTP/1.0" 301 73423 "-" "Mozilla/5.0 (compatible; MJ12bot/v1.4.8; http://mj12bot.com/)"
207.180.224.141 - - [29/Nov/2021:13:48:12 +0100] "GET /decoration-hedgehog-beige-resin-p-45435.html HTTP/1.0" 200 73325 "-" "Mozilla/5.0 (compatible; MJ12bot/v1.4.8; http://mj12bot.com/)"
207.180.224.141 - - [29/Nov/2021:13:48:20 +0100] "GET /decoration-libellule-en-metal-et-verre-bleue-23-cm-p-50791.html HTTP/1.0" 301 70762 "-" "Mozilla/5.0 (compatible; MJ12bot/v1.4.8; http://mj12bot.com/)"
54.36.148.214 - - [29/Nov/2021:13:48:25 +0100] "GET /slater-small-ashtray-blue-p-47855.html HTTP/1.0" 200 73185 "-" "Mozilla/5.0 (compatible; AhrefsBot/7.0; +http://ahrefs.com/robot/)"
207.180.224.141 - - [29/Nov/2021:13:48:27 +0100] "GET /dragonfly-wall-decoration-p-50791.html HTTP/1.0" 200 70670 "-" "Mozilla/5.0 (compatible; MJ12bot/v1.4.8; http://mj12bot.com/)"
207.180.224.141 - - [29/Nov/2021:13:48:33 +0100] "GET /decoration-murale-arbre-bleu-et-or-en-metal-88-80-cm-p-48067.html HTTP/1.0" 301 73444 "-" "Mozilla/5.0 (compatible; MJ12bot/v1.4.8; http://mj12bot.com/)"
207.180.224.141 - - [29/Nov/2021:13:48:38 +0100] "GET /hanging-metal-structure-tree-p-48067.html HTTP/1.0" 200 73349 "-" "Mozilla/5.0 (compatible; MJ12bot/v1.4.8; http://mj12bot.com/)"
74.125.208.126 - - [29/Nov/2021:13:48:46 +0100] "GET /images/big_prod/8433933152492.jpg HTTP/1.0" 200 268 "-" "Mozilla/5.0 (Windows NT 5.1; rv:11.0) Gecko Firefox/11.0 (via ggpht.com GoogleImageProxy)"
207.180.224.141 - - [29/Nov/2021:13:48:50 +0100] "GET /decoration-murale-en-bois-et-mdf-c-13_274.html HTTP/1.0" 301 93086 "-" "Mozilla/5.0 (compatible; MJ12bot/v1.4.8; http://mj12bot.com/)"
207.180.224.141 - - [29/Nov/2021:13:48:53 +0100] "GET /wall-decoration-wood-c-274.html HTTP/1.0" 301 92963 "-" "Mozilla/5.0 (compatible; MJ12bot/v1.4.8; http://mj12bot.com/)"
114.119.128.26 - - [29/Nov/2021:13:48:55 +0100] "GET /hippopotamus-statue-p-50587.html HTTP/1.0" 200 73852 "-" "Mozilla/5.0 (Linux; Android 7.0;) AppleWebKit/537.36 (KHTML, like Gecko) Mobile Safari/537.36 (compatible; PetalBot;+https://webmaster.petalsearch.com/site/petalbot)"
54.36.148.61 - - [29/Nov/2021:13:48:57 +0100] "GET /moroccan-ashtray-p-40621.html HTTP/1.0" 200 73171 "-" "Mozilla/5.0 (compatible; AhrefsBot/7.0; +http://ahrefs.com/robot/)"
207.180.224.141 - - [29/Nov/2021:13:49:00 +0100] "GET /wall-decoration-wood-c-13_274.html HTTP/1.0" 200 93001 "-" "Mozilla/5.0 (compatible; MJ12bot/v1.4.8; http://mj12bot.com/)"
185.191.171.2 - - [29/Nov/2021:13:49:01 +0100] "GET /deco-figurine-gray-hedgehog-suspended-to-decorate-the-vases-p-52689.html HTTP/1.0" 301 70895 "-" "Mozilla/5.0 (compatible; SemrushBot/7~bl; +http://www.semrush.com/bot.html)"
185.191.171.16 - - [29/Nov/2021:13:49:03 +0100] "GET /deco-figurine-gray-hedgehog-suspended-decorate-vases-p-52689.html HTTP/1.0" 200 70776 "-" "Mozilla/5.0 (compatible; SemrushBot/7~bl; +http://www.semrush.com/bot.html)"
207.180.224.141 - - [29/Nov/2021:13:49:08 +0100] "GET /decoration-murale-masques-venitien-il-giullare-p-50850.html HTTP/1.0" 301 70771 "-" "Mozilla/5.0 (compatible; MJ12bot/v1.4.8; http://mj12bot.com/)"
207.46.13.202 - - [29/Nov/2021:13:49:13 +0100] "GET /harley-davidson-ride-small-metal-plate-p-40263.html HTTP/1.0" 200 73425 "-" "Mozilla/5.0 (compatible; bingbot/2.0; +http://www.bing.com/bingbot.htm)"
207.180.224.141 - - [29/Nov/2021:13:49:15 +0100] "GET /venetian-mural-mask-giullare-p-50850.html HTTP/1.0" 200 70676 "-" "Mozilla/5.0 (compatible; MJ12bot/v1.4.8; http://mj12bot.com/)"
207.180.224.141 - - [29/Nov/2021:13:49:19 +0100] "GET /decoration-murale-masques-venitien-il-pavone-p-50854.html HTTP/1.0" 301 70761 "-" "Mozilla/5.0 (compatible; MJ12bot/v1.4.8; http://mj12bot.com/)"
54.36.148.184 - - [29/Nov/2021:13:49:22 +0100] "GET /polypropylene-yellow-green-outdoor-carpet-p-44897.html HTTP/1.0" 200 73553 "-" "Mozilla/5.0 (compatible; AhrefsBot/7.0; +http://ahrefs.com/robot/)"
216.244.66.242 - - [29/Nov/2021:13:49:24 +0100] "GET /images/big_prod/Z4045233021695.jpg HTTP/1.0" 200 269 "-" "Mozilla/5.0 (compatible; DotBot/1.2; +https://opensiteexplorer.org/dotbot; help@moz.com)"
207.180.224.141 - - [29/Nov/2021:13:49:27 +0100] "GET /venetian-mural-mask-pavone-p-50854.html HTTP/1.0" 200 70668 "-" "Mozilla/5.0 (compatible; MJ12bot/v1.4.8; http://mj12bot.com/)"
185.191.171.37 - - [29/Nov/2021:13:49:32 +0100] "GET /jack-sally-trinket-p-56311.html HTTP/1.0" 200 74384 "-" "Mozilla/5.0 (compatible; SemrushBot/7~bl; +http://www.semrush.com/bot.html)"
207.180.224.141 - - [29/Nov/2021:13:49:35 +0100] "GET /decoration-murale-masques-venitien-il-pirata-p-50853.html HTTP/1.0" 301 70761 "-" "Mozilla/5.0 (compatible; MJ12bot/v1.4.8; http://mj12bot.com/)"
185.191.171.34 - - [29/Nov/2021:13:49:36 +0100] "GET /africa-p-45713.html?action=add_product HTTP/1.0" 302 476 "-" "Mozilla/5.0 (compatible; SemrushBot/7~bl; +http://www.semrush.com/bot.html)"
66.249.75.166 - - [29/Nov/2021:13:49:37 +0100] "GET /zodiac-high-ceramic-mug-p-30789.html HTTP/1.0" 301 73242 "-" "Mozilla/5.0 (compatible; Googlebot/2.1; +http://www.google.com/bot.html)"
66.249.75.168 - - [29/Nov/2021:13:49:38 +0100] "GET /zodiac-high-ceramic-p-30789.html HTTP/1.0" 200 73156 "-" "Mozilla/5.0 (compatible; Googlebot/2.1; +http://www.google.com/bot.html)"
185.191.171.3 - - [29/Nov/2021:13:49:41 +0100] "GET /green-earthenware-lamp-p-55611.html HTTP/1.0" 200 73946 "-" "Mozilla/5.0 (compatible; SemrushBot/7~bl; +http://www.semrush.com/bot.html)"
207.180.224.141 - - [29/Nov/2021:13:49:43 +0100] "GET /venetian-mural-mask-pirata-p-50853.html HTTP/1.0" 200 70668 "-" "Mozilla/5.0 (compatible; MJ12bot/v1.4.8; http://mj12bot.com/)"
185.191.171.15 - - [29/Nov/2021:13:49:50 +0100] "GET /-p-45215.html?action=add_product HTTP/1.0" 302 476 "-" "Mozilla/5.0 (compatible; SemrushBot/7~bl; +http://www.semrush.com/bot.html)"
54.36.148.177 - - [29/Nov/2021:13:49:50 +0100] "GET /model-jour-musical-card-with-envelope-p-19787.html HTTP/1.0" 200 73397 "-" "Mozilla/5.0 (compatible; AhrefsBot/7.0; +http://ahrefs.com/robot/)"
207.180.224.141 - - [29/Nov/2021:13:49:51 +0100] "GET /decoration-murale-musique-en-fer-forge-90-cm-p-51024.html HTTP/1.0" 301 70738 "-" "Mozilla/5.0 (compatible; MJ12bot/v1.4.8; http://mj12bot.com/)"
207.180.224.141 - - [29/Nov/2021:13:49:57 +0100] "GET /wall-decoration-music-p-51024.html HTTP/1.0" 200 70650 "-" "Mozilla/5.0 (compatible; MJ12bot/v1.4.8; http://mj12bot.com/)"
185.191.171.25 - - [29/Nov/2021:13:50:01 +0100] "GET /marble-look-resin-skull-figurine-p-53657.html HTTP/1.0" 200 73364 "-" "Mozilla/5.0 (compatible; SemrushBot/7~bl; +http://www.semrush.com/bot.html)"
207.180.224.141 - - [29/Nov/2021:13:50:05 +0100] "GET /decoration-murale-saxophone-or-en-metal-63-cm-p-51025.html HTTP/1.0" 301 73386 "-" "Mozilla/5.0 (compatible; MJ12bot/v1.4.8; http://mj12bot.com/)"
51.68.224.127 - - [29/Nov/2021:13:50:07 +0100] "GET /adminweb/export_orders_xml.php?token=256de2z6edz6ed2z6DFSFsed2zed6zeDSFDSGdzedezfzf&maxorders=10&orderstart=1&status=14&start_date=2018-10-01 HTTP/1.0" 200 285 "-" "GesCom CharlotteBoutik Serveur"
51.68.224.127 - - [29/Nov/2021:13:50:07 +0100] "GET /adminweb/export_orders_xml.php?token=256de2z6edz6ed2z6DFSFsed2zed6zeDSFDSGdzedezfzf&maxorders=10&orderstart=1&status=6&start_date=2018-10-01 HTTP/1.0" 200 32471 "-" "GesCom CharlotteBoutik Serveur"
207.180.224.141 - - [29/Nov/2021:13:50:08 +0100] "GET /wall-decoration-music-p-51025.html HTTP/1.0" 200 73298 "-" "Mozilla/5.0 (compatible; MJ12bot/v1.4.8; http://mj12bot.com/)"
207.180.224.141 - - [29/Nov/2021:13:50:13 +0100] "GET /decoration-murale-soleil-60-cm-p-49483.html HTTP/1.0" 301 73389 "-" "Mozilla/5.0 (compatible; MJ12bot/v1.4.8; http://mj12bot.com/)"
207.180.224.141 - - [29/Nov/2021:13:50:19 +0100] "GET /hanging-metal-structure-p-49483.html HTTP/1.0" 200 73299 "-" "Mozilla/5.0 (compatible; MJ12bot/v1.4.8; http://mj12bot.com/)"
54.36.148.12 - - [29/Nov/2021:13:50:20 +0100] "GET /games-toys-c-4.html?page=10 HTTP/1.0" 200 92097 "-" "Mozilla/5.0 (compatible; AhrefsBot/7.0; +http://ahrefs.com/robot/)"
157.55.39.223 - - [29/Nov/2021:13:50:21 +0100] "GET /decorative-pulley-with-rope-p-44990.html HTTP/1.0" 200 73254 "-" "Mozilla/5.0 (compatible; bingbot/2.0; +http://www.bing.com/bingbot.htm)"
207.180.224.141 - - [29/Nov/2021:13:50:27 +0100] "GET /decoration-murale-voiliers-en-metal-65-55-cm-p-49484.html HTTP/1.0" 301 70829 "-" "Mozilla/5.0 (compatible; MJ12bot/v1.4.8; http://mj12bot.com/)"
207.180.224.141 - - [29/Nov/2021:13:50:32 +0100] "GET /boats-hanging-metal-wood-wall-decoration-p-49484.html HTTP/1.0" 200 70722 "-" "Mozilla/5.0 (compatible; MJ12bot/v1.4.8; http://mj12bot.com/)"
207.180.224.141 - - [29/Nov/2021:13:50:42 +0100] "GET /decoration-world-p-51092.html HTTP/1.0" 200 73237 "-" "Mozilla/5.0 (compatible; MJ12bot/v1.4.8; http://mj12bot.com/)"
207.180.224.141 - - [29/Nov/2021:13:50:48 +0100] "GET /decorative-canvas-terrestrial-globe-hang-p-56050.html HTTP/1.0" 200 74319 "-" "Mozilla/5.0 (compatible; MJ12bot/v1.4.8; http://mj12bot.com/)"
54.36.148.195 - - [29/Nov/2021:13:50:51 +0100] "GET /small-simple-with-personalized-picture-p-16330.html HTTP/1.0" 200 73796 "-" "Mozilla/5.0 (compatible; AhrefsBot/7.0; +http://ahrefs.com/robot/)"
207.180.224.141 - - [29/Nov/2021:13:50:55 +0100] "GET /decorative-centerpiece-p-52331.html HTTP/1.0" 200 70654 "-" "Mozilla/5.0 (compatible; MJ12bot/v1.4.8; http://mj12bot.com/)"
66.249.75.168 - - [29/Nov/2021:13:50:57 +0100] "GET /images/mini_prod/3700572740249.jpg HTTP/1.0" 200 269 "-" "Googlebot-Image/1.0"
207.180.224.141 - - [29/Nov/2021:13:51:00 +0100] "GET /decorative-cotton-hearts-hang-charline-p-51651.html HTTP/1.0" 200 75019 "-" "Mozilla/5.0 (compatible; MJ12bot/v1.4.8; http://mj12bot.com/)"
207.180.224.141 - - [29/Nov/2021:13:51:06 +0100] "GET /decorative-earth-globes-c-13_233.html?page=1 HTTP/1.0" 200 89099 "-" "Mozilla/5.0 (compatible; MJ12bot/v1.4.8; http://mj12bot.com/)"
207.180.224.141 - - [29/Nov/2021:13:51:09 +0100] "GET /decorative-earth-globes-c-13_233.html?page=2 HTTP/1.0" 200 89739 "-" "Mozilla/5.0 (compatible; MJ12bot/v1.4.8; http://mj12bot.com/)"
207.180.224.141 - - [29/Nov/2021:13:51:13 +0100] "GET /decorative-earth-globes-c-13_233.html?page=3 HTTP/1.0" 200 81717 "-" "Mozilla/5.0 (compatible; MJ12bot/v1.4.8; http://mj12bot.com/)"
114.119.128.37 - - [29/Nov/2021:13:51:17 +0100] "GET /products_new.php?page=8 HTTP/1.0" 200 95924 "-" "Mozilla/5.0 (Linux; Android 7.0;) AppleWebKit/537.36 (KHTML, like Gecko) Mobile Safari/537.36 (compatible; PetalBot;+https://webmaster.petalsearch.com/site/petalbot)"
207.180.224.141 - - [29/Nov/2021:13:51:17 +0100] "GET /decorative-figurine-aged-metal-p-56054.html HTTP/1.0" 200 73391 "-" "Mozilla/5.0 (compatible; MJ12bot/v1.4.8; http://mj12bot.com/)"
54.36.148.233 - - [29/Nov/2021:13:51:19 +0100] "GET /pendulum-selenite-drop-shaped-with-chakra-chain-p-45032.html HTTP/1.0" 200 74685 "-" "Mozilla/5.0 (compatible; AhrefsBot/7.0; +http://ahrefs.com/robot/)"
207.180.224.141 - - [29/Nov/2021:13:51:23 +0100] "GET /decorative-magnifier-with-resin-horn-handle-p-50803.html HTTP/1.0" 200 73428 "-" "Mozilla/5.0 (compatible; MJ12bot/v1.4.8; http://mj12bot.com/)"
185.191.171.40 - - [29/Nov/2021:13:51:23 +0100] "GET /boho-indian-pouch-free-wild-p-42922.html?action=add_product HTTP/1.0" 302 476 "-" "Mozilla/5.0 (compatible; SemrushBot/7~bl; +http://www.semrush.com/bot.html)"
185.191.171.33 - - [29/Nov/2021:13:51:28 +0100] "GET /new-york-puzzles-by-nathalie-lete-p-27750.html HTTP/1.0" 301 70731 "-" "Mozilla/5.0 (compatible; SemrushBot/7~bl; +http://www.semrush.com/bot.html)"
185.191.171.21 - - [29/Nov/2021:13:51:30 +0100] "GET /york-puzzles-nathalie-lete-p-27750.html HTTP/1.0" 200 70638 "-" "Mozilla/5.0 (compatible; SemrushBot/7~bl; +http://www.semrush.com/bot.html)"
207.180.224.141 - - [29/Nov/2021:13:51:33 +0100] "GET /decorative-statuette-archangel-saint-michael-p-52826.html HTTP/1.0" 200 73416 "-" "Mozilla/5.0 (compatible; MJ12bot/v1.4.8; http://mj12bot.com/)"
207.180.224.141 - - [29/Nov/2021:13:51:38 +0100] "GET /decorative-statuette-figures-on-scale-resin-p-45383.html HTTP/1.0" 301 70631 "-" "Mozilla/5.0 (compatible; MJ12bot/v1.4.8; http://mj12bot.com/)"
207.180.224.141 - - [29/Nov/2021:13:51:42 +0100] "GET /-p-45383.html HTTP/1.0" 200 70564 "-" "Mozilla/5.0 (compatible; MJ12bot/v1.4.8; http://mj12bot.com/)"
207.180.224.141 - - [29/Nov/2021:13:51:46 +0100] "GET /decorative-statuette-the-archangel-saint-michael-p-52826.html HTTP/1.0" 301 73527 "-" "Mozilla/5.0 (compatible; MJ12bot/v1.4.8; http://mj12bot.com/)"
54.36.149.101 - - [29/Nov/2021:13:51:48 +0100] "GET /london-vintage-clock-p-26170.html HTTP/1.0" 200 73343 "-" "Mozilla/5.0 (compatible; AhrefsBot/7.0; +http://ahrefs.com/robot/)"
207.180.224.141 - - [29/Nov/2021:13:51:49 +0100] "GET /decorative-statuette-archangel-saint-michael-p-52826.html HTTP/1.0" 200 73416 "-" "Mozilla/5.0 (compatible; MJ12bot/v1.4.8; http://mj12bot.com/)"
207.180.224.141 - - [29/Nov/2021:13:52:01 +0100] "GET /decorative-turttle-statue-p-56039.html HTTP/1.0" 200 73341 "-" "Mozilla/5.0 (compatible; MJ12bot/v1.4.8; http://mj12bot.com/)"
207.180.224.141 - - [29/Nov/2021:13:52:06 +0100] "GET /decorative-useful-gogh-p-55438.html HTTP/1.0" 200 73898 "-" "Mozilla/5.0 (compatible; MJ12bot/v1.4.8; http://mj12bot.com/)"
47.254.22.110 - - [29/Nov/2021:13:52:09 +0100] "GET /images/mini_prod/3700235441544.jpg HTTP/1.0" 200 269 "-" "Mozilla/5.0 (X11; Ubuntu; Linux x86_64; rv:72.0) Gecko/20100101 Firefox/72.0"
207.180.224.141 - - [29/Nov/2021:13:52:13 +0100] "GET /decorative-wooden-plate-bienvenue-p-51584.html HTTP/1.0" 200 73951 "-" "Mozilla/5.0 (compatible; MJ12bot/v1.4.8; http://mj12bot.com/)"
54.36.148.91 - - [29/Nov/2021:13:52:18 +0100] "GET /small-tinbox-rtro-motorcycle-p-41341.html HTTP/1.0" 200 73498 "-" "Mozilla/5.0 (compatible; AhrefsBot/7.0; +http://ahrefs.com/robot/)"
207.180.224.141 - - [29/Nov/2021:13:52:20 +0100] "GET /decorative-wooden-plate-chien-mchant-azure-blue-p-47799.html HTTP/1.0" 200 73636 "-" "Mozilla/5.0 (compatible; MJ12bot/v1.4.8; http://mj12bot.com/)"
207.180.224.141 - - [29/Nov/2021:13:52:30 +0100] "GET /decorative-wooden-plate-chien-mchant-light-brown-p-47800.html HTTP/1.0" 200 73641 "-" "Mozilla/5.0 (compatible; MJ12bot/v1.4.8; http://mj12bot.com/)"
207.180.224.141 - - [29/Nov/2021:13:52:35 +0100] "GET /decorative-wooden-plate-chien-mchant-white-p-47798.html HTTP/1.0" 200 73611 "-" "Mozilla/5.0 (compatible; MJ12bot/v1.4.8; http://mj12bot.com/)"
207.180.224.141 - - [29/Nov/2021:13:52:40 +0100] "GET /decorative-wooden-plate-chiens-bienvenus-rouge-herms-p-47809.html HTTP/1.0" 200 73657 "-" "Mozilla/5.0 (compatible; MJ12bot/v1.4.8; http://mj12bot.com/)"
185.191.171.42 - - [29/Nov/2021:13:52:48 +0100] "GET /set-hug-in-cup-teapot-and-cups-white-and-black-p-49415.html HTTP/1.0" 301 74136 "-" "Mozilla/5.0 (compatible; SemrushBot/7~bl; +http://www.semrush.com/bot.html)"
207.180.224.141 - - [29/Nov/2021:13:52:48 +0100] "GET /decorative-wooden-plate-entre-interdite-rleurs-anthracite-p-47815.html HTTP/1.0" 200 73740 "-" "Mozilla/5.0 (compatible; MJ12bot/v1.4.8; http://mj12bot.com/)"
185.191.171.38 - - [29/Nov/2021:13:52:50 +0100] "GET /teapot-cups-white-black-p-49415.html HTTP/1.0" 200 74046 "-" "Mozilla/5.0 (compatible; SemrushBot/7~bl; +http://www.semrush.com/bot.html)"
157.55.39.108 - - [29/Nov/2021:13:52:51 +0100] "GET /images/big_prod/8433220156653.jpg HTTP/1.0" 200 268 "-" "Mozilla/5.0 (compatible; bingbot/2.0; +http://www.bing.com/bingbot.htm)"
54.36.148.215 - - [29/Nov/2021:13:52:51 +0100] "GET /naveen-peel-stick-wall-decals-p-22538.html HTTP/1.0" 200 73425 "-" "Mozilla/5.0 (compatible; AhrefsBot/7.0; +http://ahrefs.com/robot/)"
207.180.224.141 - - [29/Nov/2021:13:52:59 +0100] "GET /decorative-wooden-plate-habite-chez-chats-herms-p-47822.html HTTP/1.0" 200 70742 "-" "Mozilla/5.0 (compatible; MJ12bot/v1.4.8; http://mj12bot.com/)"
185.191.171.1 - - [29/Nov/2021:13:53:02 +0100] "GET /laissez-lucie-faire-manu-glasses-p-44820.html?action=add_product HTTP/1.0" 302 476 "-" "Mozilla/5.0 (compatible; SemrushBot/7~bl; +http://www.semrush.com/bot.html)"
207.180.224.141 - - [29/Nov/2021:13:53:06 +0100] "GET /decorative-wooden-plate-habite-chez-chien-herms-p-47831.html HTTP/1.0" 200 70742 "-" "Mozilla/5.0 (compatible; MJ12bot/v1.4.8; http://mj12bot.com/)"
207.180.224.141 - - [29/Nov/2021:13:53:11 +0100] "GET /delia-bedclothes-p-50786.html HTTP/1.0" 200 73235 "-" "Mozilla/5.0 (compatible; MJ12bot/v1.4.8; http://mj12bot.com/)"
207.180.224.141 - - [29/Nov/2021:13:53:17 +0100] "GET /despicable-me-kids-small-school-bag-32-cm-p-36499.html HTTP/1.0" 301 70631 "-" "Mozilla/5.0 (compatible; MJ12bot/v1.4.8; http://mj12bot.com/)"
54.36.148.220 - - [29/Nov/2021:13:53:20 +0100] "GET /ceramic-cork-trivet-beer-capsule-yellow-p-54094.html HTTP/1.0" 200 73353 "-" "Mozilla/5.0 (compatible; AhrefsBot/7.0; +http://ahrefs.com/robot/)"
207.180.224.141 - - [29/Nov/2021:13:53:22 +0100] "GET /-p-36499.html HTTP/1.0" 200 70564 "-" "Mozilla/5.0 (compatible; MJ12bot/v1.4.8; http://mj12bot.com/)"
207.180.224.141 - - [29/Nov/2021:13:53:27 +0100] "GET /dessert-dish-glass-with-anti-slip-feet-p-50995.html HTTP/1.0" 301 70631 "-" "Mozilla/5.0 (compatible; MJ12bot/v1.4.8; http://mj12bot.com/)"
207.180.224.141 - - [29/Nov/2021:13:53:32 +0100] "GET /-p-50995.html HTTP/1.0" 200 70564 "-" "Mozilla/5.0 (compatible; MJ12bot/v1.4.8; http://mj12bot.com/)"
207.180.224.141 - - [29/Nov/2021:13:53:36 +0100] "GET /dessous-de-plat-carreaux-de-ceramique-18-18-cm-p-50995.html HTTP/1.0" 301 70631 "-" "Mozilla/5.0 (compatible; MJ12bot/v1.4.8; http://mj12bot.com/)"
185.191.171.44 - - [29/Nov/2021:13:53:37 +0100] "GET /-p-31923.html?action=add_product HTTP/1.0" 302 476 "-" "Mozilla/5.0 (compatible; SemrushBot/7~bl; +http://www.semrush.com/bot.html)"
207.180.224.141 - - [29/Nov/2021:13:53:40 +0100] "GET /-p-50995.html HTTP/1.0" 200 70564 "-" "Mozilla/5.0 (compatible; MJ12bot/v1.4.8; http://mj12bot.com/)"
114.119.134.3 - - [29/Nov/2021:13:53:44 +0100] "GET /dumbo-figure-collection-romero-britto-p-34385.html HTTP/1.0" 200 74539 "-" "Mozilla/5.0 (compatible;PetalBot;+https://webmaster.petalsearch.com/site/petalbot)"
207.180.224.141 - - [29/Nov/2021:13:53:47 +0100] "GET /dessous-de-plat-en-bois-au-menu-ce-soir-p-53203.html HTTP/1.0" 301 73244 "-" "Mozilla/5.0 (compatible; MJ12bot/v1.4.8; http://mj12bot.com/)"
54.36.149.38 - - [29/Nov/2021:13:53:54 +0100] "GET /lady-tramp-figure-p-4711.html HTTP/1.0" 200 73041 "-" "Mozilla/5.0 (compatible; AhrefsBot/7.0; +http://ahrefs.com/robot/)"
207.180.224.141 - - [29/Nov/2021:13:53:56 +0100] "GET /wooden-trivet-p-53203.html HTTP/1.0" 200 73164 "-" "Mozilla/5.0 (compatible; MJ12bot/v1.4.8; http://mj12bot.com/)"
49.7.20.122 - - [29/Nov/2021:13:53:59 +0100] "GET / HTTP/1.0" 200 151309 "-" "Sogou web spider/4.0(+http://www.sogou.com/docs/help/webmasters.htm#07)"
207.180.224.141 - - [29/Nov/2021:13:53:59 +0100] "GET /dessous-de-plat-en-bois-au-nom-des-bieres-des-chips-p-53202.html HTTP/1.0" 301 73244 "-" "Mozilla/5.0 (compatible; MJ12bot/v1.4.8; http://mj12bot.com/)"
114.119.128.37 - - [29/Nov/2021:13:54:11 +0100] "GET /kimmidoll-makeup-p-46151.html HTTP/1.0" 200 73931 "-" "Mozilla/5.0 (Linux; Android 7.0;) AppleWebKit/537.36 (KHTML, like Gecko) Mobile Safari/537.36 (compatible; PetalBot;+https://webmaster.petalsearch.com/site/petalbot)"
207.180.224.141 - - [29/Nov/2021:13:54:13 +0100] "GET /wooden-trivet-p-53202.html HTTP/1.0" 200 73164 "-" "Mozilla/5.0 (compatible; MJ12bot/v1.4.8; http://mj12bot.com/)"
52.143.90.141 - - [29/Nov/2021:13:54:21 +0100] "GET /images/4029811326181.jpg HTTP/1.0" 200 259 "-" "Mozilla/5.0 (Windows NT 10.0; WOW64) AppleWebKit/537.36 (KHTML, like Gecko) Chrome/67.0.3396.99 Safari/537.36"
207.180.224.141 - - [29/Nov/2021:13:54:21 +0100] "GET /dessous-de-plat-en-ceramique-carreaux-de-ciment-p-53063.html HTTP/1.0" 301 73442 "-" "Mozilla/5.0 (compatible; MJ12bot/v1.4.8; http://mj12bot.com/)"
54.36.148.161 - - [29/Nov/2021:13:54:22 +0100] "GET /pants-capri-pants-c-1_20.html HTTP/1.0" 200 79457 "-" "Mozilla/5.0 (compatible; AhrefsBot/7.0; +http://ahrefs.com/robot/)"
207.180.224.141 - - [29/Nov/2021:13:54:24 +0100] "GET /ceramic-cork-trivet-cement-tiles-p-53063.html HTTP/1.0" 200 73343 "-" "Mozilla/5.0 (compatible; MJ12bot/v1.4.8; http://mj12bot.com/)"
207.180.224.141 - - [29/Nov/2021:13:54:34 +0100] "GET /dessous-de-plat-en-ceramique-fleur-mandala-p-53067.html HTTP/1.0" 301 73403 "-" "Mozilla/5.0 (compatible; MJ12bot/v1.4.8; http://mj12bot.com/)"
185.191.171.1 - - [29/Nov/2021:13:54:38 +0100] "GET /adults-c-53.html?page=13 HTTP/1.0" 200 85908 "-" "Mozilla/5.0 (compatible; SemrushBot/7~bl; +http://www.semrush.com/bot.html)"
207.180.224.141 - - [29/Nov/2021:13:54:45 +0100] "GET /ceramic-cork-trivet-mandala-p-53067.html HTTP/1.0" 200 73309 "-" "Mozilla/5.0 (compatible; MJ12bot/v1.4.8; http://mj12bot.com/)"
207.180.224.141 - - [29/Nov/2021:13:54:52 +0100] "GET /dessous-de-plat-planches-decouper-c-12_158.html HTTP/1.0" 301 94450 "-" "Mozilla/5.0 (compatible; MJ12bot/v1.4.8; http://mj12bot.com/)"
185.191.171.24 - - [29/Nov/2021:13:54:52 +0100] "GET /bread-box-c-13_150_211.html HTTP/1.0" 301 77615 "-" "Mozilla/5.0 (compatible; SemrushBot/7~bl; +http://www.semrush.com/bot.html)"
54.36.148.190 - - [29/Nov/2021:13:54:55 +0100] "GET /round-carpet-p-52535.html HTTP/1.0" 200 74072 "-" "Mozilla/5.0 (compatible; AhrefsBot/7.0; +http://ahrefs.com/robot/)"
185.191.171.5 - - [29/Nov/2021:13:54:55 +0100] "GET /bread-c-211.html HTTP/1.0" 301 77376 "-" "Mozilla/5.0 (compatible; SemrushBot/7~bl; +http://www.semrush.com/bot.html)"
185.191.171.6 - - [29/Nov/2021:13:54:58 +0100] "GET /bread-c-13_150_211.html HTTP/1.0" 200 77545 "-" "Mozilla/5.0 (compatible; SemrushBot/7~bl; +http://www.semrush.com/bot.html)"
207.180.224.141 - - [29/Nov/2021:13:55:03 +0100] "GET /trivet-boards-c-158.html HTTP/1.0" 301 94349 "-" "Mozilla/5.0 (compatible; MJ12bot/v1.4.8; http://mj12bot.com/)"
207.180.224.141 - - [29/Nov/2021:13:55:11 +0100] "GET /trivet-boards-c-12_158.html HTTP/1.0" 200 94372 "-" "Mozilla/5.0 (compatible; MJ12bot/v1.4.8; http://mj12bot.com/)"
185.191.171.25 - - [29/Nov/2021:13:55:15 +0100] "GET /luminous-wall-frame-open-p-48000.html HTTP/1.0" 200 73925 "-" "Mozilla/5.0 (compatible; SemrushBot/7~bl; +http://www.semrush.com/bot.html)"
207.180.224.141 - - [29/Nov/2021:13:55:19 +0100] "GET /dessous-de-verre-gorjuss-santoro-nice-to-sea-you-p-47743.html HTTP/1.0" 301 70727 "-" "Mozilla/5.0 (compatible; MJ12bot/v1.4.8; http://mj12bot.com/)"
54.36.149.34 - - [29/Nov/2021:13:55:25 +0100] "GET /scent-heart-home-fresh-linen-p-53879.html HTTP/1.0" 200 73863 "-" "Mozilla/5.0 (compatible; AhrefsBot/7.0; +http://ahrefs.com/robot/)"
207.180.224.141 - - [29/Nov/2021:13:55:28 +0100] "GET /gorjuss-coaster-nice-p-47743.html HTTP/1.0" 200 70640 "-" "Mozilla/5.0 (compatible; MJ12bot/v1.4.8; http://mj12bot.com/)"
207.180.224.141 - - [29/Nov/2021:13:55:30 +0100] "GET /dessous-de-verres-c-12_157.html HTTP/1.0" 301 92580 "-" "Mozilla/5.0 (compatible; MJ12bot/v1.4.8; http://mj12bot.com/)"
207.180.224.141 - - [29/Nov/2021:13:55:35 +0100] "GET /coasters-c-157.html HTTP/1.0" 301 92479 "-" "Mozilla/5.0 (compatible; MJ12bot/v1.4.8; http://mj12bot.com/)"
207.180.224.141 - - [29/Nov/2021:13:55:41 +0100] "GET /coasters-c-12_157.html HTTP/1.0" 200 92507 "-" "Mozilla/5.0 (compatible; MJ12bot/v1.4.8; http://mj12bot.com/)"
147.92.153.3 - - [29/Nov/2021:13:55:49 +0100] "GET /purse-wallet-c-31_76.html?page=3 HTTP/1.0" 200 92768 "-" "Mozilla/5.0 (compatible; Linespider/1.1; +https://lin.ee/4dwXkTH)"
54.36.148.183 - - [29/Nov/2021:13:55:57 +0100] "GET /gorjuss-lockable-notebook-cherry-blossom-p-52379.html HTTP/1.0" 200 74285 "-" "Mozilla/5.0 (compatible; AhrefsBot/7.0; +http://ahrefs.com/robot/)"
147.92.153.7 - - [29/Nov/2021:13:56:01 +0100] "GET /favicon.ico HTTP/1.0" 200 260 "-" "Mozilla/5.0 (compatible; Linespider/1.1; +https://lin.ee/4dwXkTH)"
207.180.224.141 - - [29/Nov/2021:13:56:02 +0100] "GET /dessous-de-verres-carreaux-de-ciment-ceramique-et-liege-p-53108.html HTTP/1.0" 301 70739 "-" "Mozilla/5.0 (compatible; MJ12bot/v1.4.8; http://mj12bot.com/)"
