192.99.36.166 - - [29/Nov/2021:11:46:48 +0100] "GET /curtains-lace-curtains-c-69.html HTTP/1.0" 301 89915 "-" "Mozilla/5.0 (compatible; MJ12bot/v1.4.8; http://mj12bot.com/)"
192.99.36.166 - - [29/Nov/2021:11:46:51 +0100] "GET /curtains-lace-curtains-c-11_69.html HTTP/1.0" 200 89948 "-" "Mozilla/5.0 (compatible; MJ12bot/v1.4.8; http://mj12bot.com/)"
192.99.36.166 - - [29/Nov/2021:11:46:55 +0100] "GET /rio-blister-figures-p-27817.html HTTP/1.0" 301 70730 "-" "Mozilla/5.0 (compatible; MJ12bot/v1.4.8; http://mj12bot.com/)"
192.99.36.166 - - [29/Nov/2021:11:46:57 +0100] "GET /blister-figures-p-27817.html HTTP/1.0" 200 70648 "-" "Mozilla/5.0 (compatible; MJ12bot/v1.4.8; http://mj12bot.com/)"
192.99.36.166 - - [29/Nov/2021:11:47:00 +0100] "GET /robes-jupes-c-1_19.html HTTP/1.0" 301 79469 "-" "Mozilla/5.0 (compatible; MJ12bot/v1.4.8; http://mj12bot.com/)"
17.121.114.234 - - [29/Nov/2021:11:47:01 +0100] "GET /funny-pets-mobile-sock-p-33097.html HTTP/1.0" 200 73372 "-" "Mozilla/5.0 (Macintosh; Intel Mac OS X 10_15_5) AppleWebKit/605.1.15 (KHTML, like Gecko) Version/13.1.1 Safari/605.1.15 (Applebot/0.1; +http://www.apple.com/go/applebot)"
192.99.36.166 - - [29/Nov/2021:11:47:02 +0100] "GET /dresses-skirts-c-19.html HTTP/1.0" 301 79371 "-" "Mozilla/5.0 (compatible; MJ12bot/v1.4.8; http://mj12bot.com/)"
192.99.36.166 - - [29/Nov/2021:11:47:05 +0100] "GET /dresses-skirts-c-1_19.html HTTP/1.0" 200 79391 "-" "Mozilla/5.0 (compatible; MJ12bot/v1.4.8; http://mj12bot.com/)"
192.99.36.166 - - [29/Nov/2021:11:47:07 +0100] "GET /round-pillow-macaron-p-50732.html HTTP/1.0" 301 70631 "-" "Mozilla/5.0 (compatible; MJ12bot/v1.4.8; http://mj12bot.com/)"
192.99.36.166 - - [29/Nov/2021:11:47:10 +0100] "GET /-p-50732.html HTTP/1.0" 200 70564 "-" "Mozilla/5.0 (compatible; MJ12bot/v1.4.8; http://mj12bot.com/)"
192.99.36.166 - - [29/Nov/2021:11:47:13 +0100] "GET /round-rough-vase-p-45445.html HTTP/1.0" 301 70631 "-" "Mozilla/5.0 (compatible; MJ12bot/v1.4.8; http://mj12bot.com/)"
192.99.36.166 - - [29/Nov/2021:11:47:15 +0100] "GET /-p-45445.html HTTP/1.0" 200 70564 "-" "Mozilla/5.0 (compatible; MJ12bot/v1.4.8; http://mj12bot.com/)"
54.36.148.175 - - [29/Nov/2021:11:47:16 +0100] "GET /new-york-drawer-wood-storage-p-39352.html HTTP/1.0" 301 70631 "-" "Mozilla/5.0 (compatible; AhrefsBot/7.0; +http://ahrefs.com/robot/)"
192.99.36.166 - - [29/Nov/2021:11:47:18 +0100] "GET /round-trays-c-263.html HTTP/1.0" 301 90821 "-" "Mozilla/5.0 (compatible; MJ12bot/v1.4.8; http://mj12bot.com/)"
192.99.36.166 - - [29/Nov/2021:11:47:21 +0100] "GET /round-trays-c-12_159_263.html HTTP/1.0" 200 90945 "-" "Mozilla/5.0 (compatible; MJ12bot/v1.4.8; http://mj12bot.com/)"
192.99.36.166 - - [29/Nov/2021:11:47:26 +0100] "GET /round-wooden-tray-307-cm-p-47706.html HTTP/1.0" 301 73378 "-" "Mozilla/5.0 (compatible; MJ12bot/v1.4.8; http://mj12bot.com/)"
192.99.36.166 - - [29/Nov/2021:11:47:29 +0100] "GET /round-wooden-tray-p-47706.html HTTP/1.0" 200 73294 "-" "Mozilla/5.0 (compatible; MJ12bot/v1.4.8; http://mj12bot.com/)"
192.99.36.166 - - [29/Nov/2021:11:47:32 +0100] "GET /rveils-c-13_65.html HTTP/1.0" 301 91799 "-" "Mozilla/5.0 (compatible; MJ12bot/v1.4.8; http://mj12bot.com/)"
192.99.36.166 - - [29/Nov/2021:11:47:34 +0100] "GET /alarms-clocks-c-65.html HTTP/1.0" 301 91676 "-" "Mozilla/5.0 (compatible; MJ12bot/v1.4.8; http://mj12bot.com/)"
165.154.72.231 - - [29/Nov/2021:11:47:36 +0100] "GET /images/mini_prod/3661443612495.jpg HTTP/1.0" 200 269 "-" "Mozilla/5.0 (X11; Ubuntu; Linux x86_64; rv:72.0) Gecko/20100101 Firefox/72.0"
192.99.36.166 - - [29/Nov/2021:11:47:36 +0100] "GET /alarms-clocks-c-13_65.html HTTP/1.0" 200 91722 "-" "Mozilla/5.0 (compatible; MJ12bot/v1.4.8; http://mj12bot.com/)"
192.99.36.166 - - [29/Nov/2021:11:47:39 +0100] "GET /sac--dos-c-31_77.html HTTP/1.0" 301 94230 "-" "Mozilla/5.0 (compatible; MJ12bot/v1.4.8; http://mj12bot.com/)"
192.99.36.166 - - [29/Nov/2021:11:47:41 +0100] "GET /backpacks-c-77.html HTTP/1.0" 301 94075 "-" "Mozilla/5.0 (compatible; MJ12bot/v1.4.8; http://mj12bot.com/)"
192.99.36.166 - - [29/Nov/2021:11:47:44 +0100] "GET /backpacks-c-31_77.html HTTP/1.0" 200 94157 "-" "Mozilla/5.0 (compatible; MJ12bot/v1.4.8; http://mj12bot.com/)"
192.99.36.166 - - [29/Nov/2021:11:47:46 +0100] "GET /sac-bandouliere-hello-kitty-sanrio-stripes-bleu-p-9675.html HTTP/1.0" 301 70791 "-" "Mozilla/5.0 (compatible; MJ12bot/v1.4.8; http://mj12bot.com/)"
114.119.128.34 - - [29/Nov/2021:11:47:49 +0100] "GET /blue-butterfly-women-shirt-p-30728.html HTTP/1.0" 200 75239 "-" "Mozilla/5.0 (Linux; Android 7.0;) AppleWebKit/537.36 (KHTML, like Gecko) Mobile Safari/537.36 (compatible; PetalBot;+https://webmaster.petalsearch.com/site/petalbot)"
192.99.36.166 - - [29/Nov/2021:11:47:49 +0100] "GET /hello-kitty-stripes-blue-shoulder-p-9675.html HTTP/1.0" 200 70692 "-" "Mozilla/5.0 (compatible; MJ12bot/v1.4.8; http://mj12bot.com/)"
192.99.36.166 - - [29/Nov/2021:11:47:54 +0100] "GET /sac-cabas-high-school-musical-shopping-noir-p-24268.html HTTP/1.0" 301 73714 "-" "Mozilla/5.0 (compatible; MJ12bot/v1.4.8; http://mj12bot.com/)"
192.99.36.166 - - [29/Nov/2021:11:47:57 +0100] "GET /high-school-musical-black-shopping-p-24268.html HTTP/1.0" 200 73613 "-" "Mozilla/5.0 (compatible; MJ12bot/v1.4.8; http://mj12bot.com/)"
192.99.36.166 - - [29/Nov/2021:11:48:02 +0100] "GET /sac-cabas-pour-les-courses-chats-cactus-p-45439.html HTTP/1.0" 301 73340 "-" "Mozilla/5.0 (compatible; MJ12bot/v1.4.8; http://mj12bot.com/)"
192.99.36.166 - - [29/Nov/2021:11:48:05 +0100] "GET /shopping-cats-p-45439.html HTTP/1.0" 200 73260 "-" "Mozilla/5.0 (compatible; MJ12bot/v1.4.8; http://mj12bot.com/)"
192.99.36.166 - - [29/Nov/2021:11:48:09 +0100] "GET /sac-cabas-provisions-kandinsky-40-40-cm-p-53535.html HTTP/1.0" 301 74080 "-" "Mozilla/5.0 (compatible; MJ12bot/v1.4.8; http://mj12bot.com/)"
185.191.171.42 - - [29/Nov/2021:11:48:12 +0100] "GET /salt-pepper-shaker-p-40792.html?action=add_product HTTP/1.0" 302 476 "-" "Mozilla/5.0 (compatible; SemrushBot/7~bl; +http://www.semrush.com/bot.html)"
192.99.36.166 - - [29/Nov/2021:11:48:12 +0100] "GET /shopping-kandinsky-p-53535.html HTTP/1.0" 200 73995 "-" "Mozilla/5.0 (compatible; MJ12bot/v1.4.8; http://mj12bot.com/)"
192.99.36.166 - - [29/Nov/2021:11:48:15 +0100] "GET /sac-cabas-provisions-van-gogh-iris-40-40-cm-p-53536.html HTTP/1.0" 301 74128 "-" "Mozilla/5.0 (compatible; MJ12bot/v1.4.8; http://mj12bot.com/)"
192.99.36.166 - - [29/Nov/2021:11:48:18 +0100] "GET /shopping-gogh-iris-p-53536.html HTTP/1.0" 200 74043 "-" "Mozilla/5.0 (compatible; MJ12bot/v1.4.8; http://mj12bot.com/)"
192.99.36.166 - - [29/Nov/2021:11:48:21 +0100] "GET /sac-city-julia-provence-en-coton-p-38649.html HTTP/1.0" 301 70739 "-" "Mozilla/5.0 (compatible; MJ12bot/v1.4.8; http://mj12bot.com/)"
192.99.36.166 - - [29/Nov/2021:11:48:24 +0100] "GET /provence-cotton-canvas-p-38649.html HTTP/1.0" 200 70650 "-" "Mozilla/5.0 (compatible; MJ12bot/v1.4.8; http://mj12bot.com/)"
192.99.36.166 - - [29/Nov/2021:11:48:28 +0100] "GET /sac-dos-c-31_77.html HTTP/1.0" 301 94230 "-" "Mozilla/5.0 (compatible; MJ12bot/v1.4.8; http://mj12bot.com/)"
192.99.36.166 - - [29/Nov/2021:11:48:31 +0100] "GET /backpacks-c-77.html HTTP/1.0" 301 94075 "-" "Mozilla/5.0 (compatible; MJ12bot/v1.4.8; http://mj12bot.com/)"
192.99.36.166 - - [29/Nov/2021:11:48:33 +0100] "GET /backpacks-c-31_77.html HTTP/1.0" 200 94157 "-" "Mozilla/5.0 (compatible; MJ12bot/v1.4.8; http://mj12bot.com/)"
52.143.89.47 - - [29/Nov/2021:11:48:36 +0100] "GET /images/big_prod_1/8718375752562a.jpg HTTP/1.0" 200 271 "-" "Mozilla/4.0 (compatible; MSIE 7.0; Windows NT 6.0)"
192.99.36.166 - - [29/Nov/2021:11:48:36 +0100] "GET /sac-dos-cars-disney-flash-mcqueen-30-cm-p-10775.html HTTP/1.0" 301 73419 "-" "Mozilla/5.0 (compatible; MJ12bot/v1.4.8; http://mj12bot.com/)"
192.99.36.166 - - [29/Nov/2021:11:48:38 +0100] "GET /cars-backpack-p-10775.html HTTP/1.0" 200 73339 "-" "Mozilla/5.0 (compatible; MJ12bot/v1.4.8; http://mj12bot.com/)"
192.99.36.166 - - [29/Nov/2021:11:48:41 +0100] "GET /sac-dos-cars-disney-flash-mcqueen-p-10776.html HTTP/1.0" 301 73133 "-" "Mozilla/5.0 (compatible; MJ12bot/v1.4.8; http://mj12bot.com/)"
192.99.36.166 - - [29/Nov/2021:11:48:43 +0100] "GET /cars-backpack-p-10776.html HTTP/1.0" 200 73053 "-" "Mozilla/5.0 (compatible; MJ12bot/v1.4.8; http://mj12bot.com/)"
192.99.36.166 - - [29/Nov/2021:11:48:46 +0100] "GET /sac-dos-gorjuss-my-gift-to-you-p-47757.html HTTP/1.0" 301 70851 "-" "Mozilla/5.0 (compatible; MJ12bot/v1.4.8; http://mj12bot.com/)"
192.99.36.166 - - [29/Nov/2021:11:48:48 +0100] "GET /gorjuss-fiesta-triple-pocket-rucksack-gift-p-47757.html HTTP/1.0" 200 70742 "-" "Mozilla/5.0 (compatible; MJ12bot/v1.4.8; http://mj12bot.com/)"
192.99.36.166 - - [29/Nov/2021:11:48:51 +0100] "GET /sac-dos-trolley-scolaire-gorjuss-you-brought-me-love-p-47753.html HTTP/1.0" 301 75273 "-" "Mozilla/5.0 (compatible; MJ12bot/v1.4.8; http://mj12bot.com/)"
192.99.36.166 - - [29/Nov/2021:11:48:53 +0100] "GET /trolley-backpack-brought-love-gorjuss-p-47753.html HTTP/1.0" 200 75169 "-" "Mozilla/5.0 (compatible; MJ12bot/v1.4.8; http://mj12bot.com/)"
192.99.36.166 - - [29/Nov/2021:11:48:57 +0100] "GET /sac-dos-vice-versa-disney-pixar-maternelle-et-creche-p-31286.html HTTP/1.0" 301 70631 "-" "Mozilla/5.0 (compatible; MJ12bot/v1.4.8; http://mj12bot.com/)"
192.99.36.166 - - [29/Nov/2021:11:48:59 +0100] "GET /-p-31286.html HTTP/1.0" 200 70564 "-" "Mozilla/5.0 (compatible; MJ12bot/v1.4.8; http://mj12bot.com/)"
192.99.36.166 - - [29/Nov/2021:11:49:03 +0100] "GET /sac-glaciere-solo-tour-de-france-20-13-15-cm-p-51683.html HTTP/1.0" 301 73544 "-" "Mozilla/5.0 (compatible; MJ12bot/v1.4.8; http://mj12bot.com/)"
192.99.36.166 - - [29/Nov/2021:11:49:06 +0100] "GET /small-cool-lunch-tour-france-p-51683.html HTTP/1.0" 200 73449 "-" "Mozilla/5.0 (compatible; MJ12bot/v1.4.8; http://mj12bot.com/)"
192.99.36.166 - - [29/Nov/2021:11:49:10 +0100] "GET /sac-pain-en-coton-les-poules-69-27-cm-p-45579.html HTTP/1.0" 301 73301 "-" "Mozilla/5.0 (compatible; MJ12bot/v1.4.8; http://mj12bot.com/)"
192.99.36.166 - - [29/Nov/2021:11:49:12 +0100] "GET /chickens-bread-p-45579.html HTTP/1.0" 200 73220 "-" "Mozilla/5.0 (compatible; MJ12bot/v1.4.8; http://mj12bot.com/)"
185.191.171.16 - - [29/Nov/2021:11:49:13 +0100] "GET /collar-with-rhinestones-lighting-p-35684.html?action=add_product HTTP/1.0" 302 476 "-" "Mozilla/5.0 (compatible; SemrushBot/7~bl; +http://www.semrush.com/bot.html)"
185.191.171.23 - - [29/Nov/2021:11:49:15 +0100] "GET /metal-table-lamp-p-54058.html HTTP/1.0" 200 74184 "-" "Mozilla/5.0 (compatible; SemrushBot/7~bl; +http://www.semrush.com/bot.html)"
192.99.36.166 - - [29/Nov/2021:11:49:15 +0100] "GET /sac-pour-tapis-de-yoga-en-coton-brode-fleur-de-vie-p-45459.html HTTP/1.0" 301 74829 "-" "Mozilla/5.0 (compatible; MJ12bot/v1.4.8; http://mj12bot.com/)"
192.99.36.166 - - [29/Nov/2021:11:49:20 +0100] "GET /drawstring-yoga-purple-with-flower-life-embroidery-p-45459.html HTTP/1.0" 200 74712 "-" "Mozilla/5.0 (compatible; MJ12bot/v1.4.8; http://mj12bot.com/)"
192.99.36.166 - - [29/Nov/2021:11:49:22 +0100] "GET /sac-tibetain-orange-nud-sans-fin-brode-p-45358.html HTTP/1.0" 301 73748 "-" "Mozilla/5.0 (compatible; MJ12bot/v1.4.8; http://mj12bot.com/)"
192.99.36.166 - - [29/Nov/2021:11:49:25 +0100] "GET /orange-lama-with-endless-knott-p-45358.html HTTP/1.0" 200 73651 "-" "Mozilla/5.0 (compatible; MJ12bot/v1.4.8; http://mj12bot.com/)"
192.99.36.166 - - [29/Nov/2021:11:49:28 +0100] "GET /sacs-pain-sac-tartes-c-11_179.html HTTP/1.0" 301 81813 "-" "Mozilla/5.0 (compatible; MJ12bot/v1.4.8; http://mj12bot.com/)"
192.99.36.166 - - [29/Nov/2021:11:49:30 +0100] "GET /bread-bags-c-179.html HTTP/1.0" 301 81694 "-" "Mozilla/5.0 (compatible; MJ12bot/v1.4.8; http://mj12bot.com/)"
192.99.36.166 - - [29/Nov/2021:11:49:33 +0100] "GET /bread-bags-c-11_179.html HTTP/1.0" 200 81738 "-" "Mozilla/5.0 (compatible; MJ12bot/v1.4.8; http://mj12bot.com/)"
192.99.36.166 - - [29/Nov/2021:11:49:37 +0100] "GET /sacs-pain-tartes-c-11_179.html HTTP/1.0" 301 81813 "-" "Mozilla/5.0 (compatible; MJ12bot/v1.4.8; http://mj12bot.com/)"
192.99.36.166 - - [29/Nov/2021:11:49:39 +0100] "GET /bread-bags-c-179.html HTTP/1.0" 301 81694 "-" "Mozilla/5.0 (compatible; MJ12bot/v1.4.8; http://mj12bot.com/)"
185.191.171.25 - - [29/Nov/2021:11:49:41 +0100] "GET /buddha-resin-p-38536.html HTTP/1.0" 200 73336 "-" "Mozilla/5.0 (compatible; SemrushBot/7~bl; +http://www.semrush.com/bot.html)"
192.99.36.166 - - [29/Nov/2021:11:49:42 +0100] "GET /bread-bags-c-11_179.html HTTP/1.0" 200 81738 "-" "Mozilla/5.0 (compatible; MJ12bot/v1.4.8; http://mj12bot.com/)"
192.99.36.166 - - [29/Nov/2021:11:49:44 +0100] "GET /sacs-sacs-main-besaces-c-31_81.html HTTP/1.0" 301 97165 "-" "Mozilla/5.0 (compatible; MJ12bot/v1.4.8; http://mj12bot.com/)"
192.99.36.166 - - [29/Nov/2021:11:49:47 +0100] "GET /bagshandbags-shoulder-bags-c-81.html HTTP/1.0" 301 97010 "-" "Mozilla/5.0 (compatible; MJ12bot/v1.4.8; http://mj12bot.com/)"
192.99.36.166 - - [29/Nov/2021:11:49:49 +0100] "GET /bagshandbags-shoulder-bags-c-31_81.html HTTP/1.0" 200 97075 "-" "Mozilla/5.0 (compatible; MJ12bot/v1.4.8; http://mj12bot.com/)"
192.99.36.166 - - [29/Nov/2021:11:49:53 +0100] "GET /saint-emilion-50-70-cm-p-43712.html HTTP/1.0" 301 70712 "-" "Mozilla/5.0 (compatible; MJ12bot/v1.4.8; http://mj12bot.com/)"
192.99.36.166 - - [29/Nov/2021:11:49:57 +0100] "GET /saint-emilion-p-43712.html HTTP/1.0" 200 70632 "-" "Mozilla/5.0 (compatible; MJ12bot/v1.4.8; http://mj12bot.com/)"
192.99.36.166 - - [29/Nov/2021:11:49:59 +0100] "GET /saint-jude-prayer-candle-novena-p-44462.html HTTP/1.0" 301 70631 "-" "Mozilla/5.0 (compatible; MJ12bot/v1.4.8; http://mj12bot.com/)"
192.99.36.166 - - [29/Nov/2021:11:50:02 +0100] "GET /-p-44462.html HTTP/1.0" 200 70564 "-" "Mozilla/5.0 (compatible; MJ12bot/v1.4.8; http://mj12bot.com/)"
192.99.36.166 - - [29/Nov/2021:11:50:05 +0100] "GET /saladiers-c-12_255.html HTTP/1.0" 301 78513 "-" "Mozilla/5.0 (compatible; MJ12bot/v1.4.8; http://mj12bot.com/)"
185.191.171.33 - - [29/Nov/2021:11:50:07 +0100] "GET /large-candle-ocean-sapphire-p-51069.html?action=add_product HTTP/1.0" 302 476 "-" "Mozilla/5.0 (compatible; SemrushBot/7~bl; +http://www.semrush.com/bot.html)"
192.99.36.166 - - [29/Nov/2021:11:50:08 +0100] "GET /bowls-c-255.html HTTP/1.0" 301 78412 "-" "Mozilla/5.0 (compatible; MJ12bot/v1.4.8; http://mj12bot.com/)"
185.191.171.15 - - [29/Nov/2021:11:50:11 +0100] "GET /glass-cutting-board-cbkreation-p-51314.html?action=add_product HTTP/1.0" 302 476 "-" "Mozilla/5.0 (compatible; SemrushBot/7~bl; +http://www.semrush.com/bot.html)"
192.99.36.166 - - [29/Nov/2021:11:50:11 +0100] "GET /bowls-c-12_255.html HTTP/1.0" 200 78443 "-" "Mozilla/5.0 (compatible; MJ12bot/v1.4.8; http://mj12bot.com/)"
192.99.36.166 - - [29/Nov/2021:11:50:13 +0100] "GET /salieres-et-poivrieres-c-12_160.html HTTP/1.0" 301 90867 "-" "Mozilla/5.0 (compatible; MJ12bot/v1.4.8; http://mj12bot.com/)"
192.99.36.166 - - [29/Nov/2021:11:50:16 +0100] "GET /salt-pepper-shaker-sets-c-160.html HTTP/1.0" 301 90766 "-" "Mozilla/5.0 (compatible; MJ12bot/v1.4.8; http://mj12bot.com/)"
192.99.36.166 - - [29/Nov/2021:11:50:18 +0100] "GET /salt-pepper-shaker-sets-c-12_160.html HTTP/1.0" 200 90779 "-" "Mozilla/5.0 (compatible; MJ12bot/v1.4.8; http://mj12bot.com/)"
192.99.36.166 - - [29/Nov/2021:11:50:22 +0100] "GET /salires-poivrires-c-12_160.html HTTP/1.0" 301 90867 "-" "Mozilla/5.0 (compatible; MJ12bot/v1.4.8; http://mj12bot.com/)"
66.249.75.166 - - [29/Nov/2021:11:50:23 +0100] "GET /builder-backpack-p-20702.html HTTP/1.0" 200 73370 "-" "Mozilla/5.0 (Linux; Android 6.0.1; Nexus 5X Build/MMB29P) AppleWebKit/537.36 (KHTML, like Gecko) Chrome/96.0.4664.45 Mobile Safari/537.36 (compatible; Googlebot/2.1; +http://www.google.com/bot.html)"
66.249.75.166 - - [29/Nov/2021:11:50:24 +0100] "GET /eivissa-bedclothes-p-52073.html HTTP/1.0" 200 73245 "-" "Mozilla/5.0 (compatible; Googlebot/2.1; +http://www.google.com/bot.html)"
66.249.75.170 - - [29/Nov/2021:11:50:25 +0100] "GET /volkswagen-bulli-metal-plate-20-15-cm-p-26425.html HTTP/1.0" 301 73430 "-" "Mozilla/5.0 (compatible; Googlebot/2.1; +http://www.google.com/bot.html)"
66.249.75.166 - - [29/Nov/2021:11:50:26 +0100] "GET /volkswagen-bulli-metal-plate-p-26425.html HTTP/1.0" 200 73335 "-" "Mozilla/5.0 (compatible; Googlebot/2.1; +http://www.google.com/bot.html)"
192.99.36.166 - - [29/Nov/2021:11:50:25 +0100] "GET /salt-pepper-shaker-sets-c-160.html HTTP/1.0" 301 90766 "-" "Mozilla/5.0 (compatible; MJ12bot/v1.4.8; http://mj12bot.com/)"
192.99.36.166 - - [29/Nov/2021:11:50:28 +0100] "GET /salt-pepper-shaker-sets-c-12_160.html HTTP/1.0" 200 90779 "-" "Mozilla/5.0 (compatible; MJ12bot/v1.4.8; http://mj12bot.com/)"
192.99.36.166 - - [29/Nov/2021:11:50:31 +0100] "GET /salle-bain-c-13_172.html HTTP/1.0" 301 90866 "-" "Mozilla/5.0 (compatible; MJ12bot/v1.4.8; http://mj12bot.com/)"
192.99.36.166 - - [29/Nov/2021:11:50:33 +0100] "GET /bathroom-accessories-c-172.html HTTP/1.0" 301 90743 "-" "Mozilla/5.0 (compatible; MJ12bot/v1.4.8; http://mj12bot.com/)"
192.99.36.166 - - [29/Nov/2021:11:50:36 +0100] "GET /bathroom-accessories-c-13_172.html HTTP/1.0" 200 90781 "-" "Mozilla/5.0 (compatible; MJ12bot/v1.4.8; http://mj12bot.com/)"
192.99.36.166 - - [29/Nov/2021:11:50:38 +0100] "GET /salle-de-bain-c-13_172.html HTTP/1.0" 301 90866 "-" "Mozilla/5.0 (compatible; MJ12bot/v1.4.8; http://mj12bot.com/)"
192.99.36.166 - - [29/Nov/2021:11:50:40 +0100] "GET /bathroom-accessories-c-172.html HTTP/1.0" 301 90743 "-" "Mozilla/5.0 (compatible; MJ12bot/v1.4.8; http://mj12bot.com/)"
192.99.36.166 - - [29/Nov/2021:11:50:43 +0100] "GET /bathroom-accessories-c-13_172.html HTTP/1.0" 200 90781 "-" "Mozilla/5.0 (compatible; MJ12bot/v1.4.8; http://mj12bot.com/)"
192.99.36.166 - - [29/Nov/2021:11:50:45 +0100] "GET /salt-and-pepper-shaker-sets-c-160.html HTTP/1.0" 301 90766 "-" "Mozilla/5.0 (compatible; MJ12bot/v1.4.8; http://mj12bot.com/)"
192.99.36.166 - - [29/Nov/2021:11:50:48 +0100] "GET /salt-pepper-shaker-sets-c-12_160.html HTTP/1.0" 200 90779 "-" "Mozilla/5.0 (compatible; MJ12bot/v1.4.8; http://mj12bot.com/)"
216.244.66.242 - - [29/Nov/2021:11:50:52 +0100] "GET /robots.txt HTTP/1.0" 200 245 "-" "Mozilla/5.0 (compatible; DotBot/1.2; +https://opensiteexplorer.org/dotbot; help@moz.com)"
192.99.36.166 - - [29/Nov/2021:11:50:51 +0100] "GET /salt-box-made-of-ceramic-and-bamboo-p-50748.html HTTP/1.0" 301 74441 "-" "Mozilla/5.0 (compatible; MJ12bot/v1.4.8; http://mj12bot.com/)"
192.99.36.166 - - [29/Nov/2021:11:50:54 +0100] "GET /salt-made-ceramic-bamboo-p-50748.html HTTP/1.0" 200 74350 "-" "Mozilla/5.0 (compatible; MJ12bot/v1.4.8; http://mj12bot.com/)"
192.99.36.166 - - [29/Nov/2021:11:50:57 +0100] "GET /salt-box-made-of-ceramic-and-bamboo-p-50751.html HTTP/1.0" 301 74003 "-" "Mozilla/5.0 (compatible; MJ12bot/v1.4.8; http://mj12bot.com/)"
159.138.102.98 - - [29/Nov/2021:11:50:59 +0100] "GET /protects-plastic-mattress-160-200-cm-p-36799.html HTTP/1.0" 301 73489 "-" "Mozilla/5.0 (Linux; Android 7.0;) AppleWebKit/537.36 (KHTML, like Gecko) Mobile Safari/537.36 (compatible; PetalBot;+https://webmaster.petalsearch.com/site/petalbot)"
192.99.36.166 - - [29/Nov/2021:11:51:00 +0100] "GET /salt-made-ceramic-bamboo-p-50751.html HTTP/1.0" 200 73912 "-" "Mozilla/5.0 (compatible; MJ12bot/v1.4.8; http://mj12bot.com/)"
159.138.102.98 - - [29/Nov/2021:11:51:04 +0100] "GET /protects-plastic-mattress-p-36799.html HTTP/1.0" 200 73397 "-" "Mozilla/5.0 (Linux; Android 7.0;) AppleWebKit/537.36 (KHTML, like Gecko) Mobile Safari/537.36 (compatible; PetalBot;+https://webmaster.petalsearch.com/site/petalbot)"
192.99.36.166 - - [29/Nov/2021:11:51:05 +0100] "GET /salt-boxes-and-jars-c-12_223.html?page=1 HTTP/1.0" 301 90865 "-" "Mozilla/5.0 (compatible; MJ12bot/v1.4.8; http://mj12bot.com/)"
192.99.36.166 - - [29/Nov/2021:11:51:08 +0100] "GET /salt-boxes-jars-c-223.html?page=1 HTTP/1.0" 301 90764 "-" "Mozilla/5.0 (compatible; MJ12bot/v1.4.8; http://mj12bot.com/)"
192.99.36.166 - - [29/Nov/2021:11:51:10 +0100] "GET /salt-boxes-jars-c-12_223.html?page=1 HTTP/1.0" 200 90778 "-" "Mozilla/5.0 (compatible; MJ12bot/v1.4.8; http://mj12bot.com/)"
192.99.36.166 - - [29/Nov/2021:11:51:13 +0100] "GET /salt-boxes-and-jars-c-12_223.html?page=2 HTTP/1.0" 301 91310 "-" "Mozilla/5.0 (compatible; MJ12bot/v1.4.8; http://mj12bot.com/)"
192.99.36.166 - - [29/Nov/2021:11:51:16 +0100] "GET /salt-boxes-jars-c-223.html?page=2 HTTP/1.0" 301 91209 "-" "Mozilla/5.0 (compatible; MJ12bot/v1.4.8; http://mj12bot.com/)"
192.99.36.166 - - [29/Nov/2021:11:51:20 +0100] "GET /salt-boxes-jars-c-12_223.html?page=2 HTTP/1.0" 200 91223 "-" "Mozilla/5.0 (compatible; MJ12bot/v1.4.8; http://mj12bot.com/)"
192.99.36.166 - - [29/Nov/2021:11:51:24 +0100] "GET /salt-boxes-and-jars-c-223.html HTTP/1.0" 301 90746 "-" "Mozilla/5.0 (compatible; MJ12bot/v1.4.8; http://mj12bot.com/)"
192.99.36.166 - - [29/Nov/2021:11:51:28 +0100] "GET /salt-boxes-jars-c-12_223.html HTTP/1.0" 200 90767 "-" "Mozilla/5.0 (compatible; MJ12bot/v1.4.8; http://mj12bot.com/)"
192.99.36.166 - - [29/Nov/2021:11:51:31 +0100] "GET /salt-boxes-jars-c-223.html?page=1 HTTP/1.0" 301 90764 "-" "Mozilla/5.0 (compatible; MJ12bot/v1.4.8; http://mj12bot.com/)"
192.99.36.166 - - [29/Nov/2021:11:51:34 +0100] "GET /salt-boxes-jars-c-12_223.html?page=1 HTTP/1.0" 200 90778 "-" "Mozilla/5.0 (compatible; MJ12bot/v1.4.8; http://mj12bot.com/)"
192.99.36.166 - - [29/Nov/2021:11:51:37 +0100] "GET /salt-boxes-jars-c-223.html?page=2 HTTP/1.0" 301 91209 "-" "Mozilla/5.0 (compatible; MJ12bot/v1.4.8; http://mj12bot.com/)"
192.99.36.166 - - [29/Nov/2021:11:51:39 +0100] "GET /salt-boxes-jars-c-12_223.html?page=2 HTTP/1.0" 200 91223 "-" "Mozilla/5.0 (compatible; MJ12bot/v1.4.8; http://mj12bot.com/)"
192.99.36.166 - - [29/Nov/2021:11:51:42 +0100] "GET /samurai-statue-in-resin-p-50896.html HTTP/1.0" 301 74114 "-" "Mozilla/5.0 (compatible; MJ12bot/v1.4.8; http://mj12bot.com/)"
54.36.149.106 - - [29/Nov/2021:11:51:42 +0100] "GET /tour-eiffel-pencil-cbkreation-p-29708.html HTTP/1.0" 200 73274 "-" "Mozilla/5.0 (compatible; AhrefsBot/7.0; +http://ahrefs.com/robot/)"
192.99.36.166 - - [29/Nov/2021:11:51:45 +0100] "GET /samurai-statue-resin-p-50896.html HTTP/1.0" 200 74027 "-" "Mozilla/5.0 (compatible; MJ12bot/v1.4.8; http://mj12bot.com/)"
192.99.36.166 - - [29/Nov/2021:11:51:47 +0100] "GET /samurai-statue-in-resin-p-50898.html HTTP/1.0" 301 74309 "-" "Mozilla/5.0 (compatible; MJ12bot/v1.4.8; http://mj12bot.com/)"
192.99.36.166 - - [29/Nov/2021:11:51:50 +0100] "GET /samurai-statue-resin-p-50898.html HTTP/1.0" 200 74222 "-" "Mozilla/5.0 (compatible; MJ12bot/v1.4.8; http://mj12bot.com/)"
192.99.36.166 - - [29/Nov/2021:11:51:53 +0100] "GET /school-trolley-c-169.html HTTP/1.0" 301 81277 "-" "Mozilla/5.0 (compatible; MJ12bot/v1.4.8; http://mj12bot.com/)"
157.55.39.223 - - [29/Nov/2021:11:51:55 +0100] "GET /images/102_4711.jpg HTTP/1.0" 200 254 "-" "Mozilla/5.0 (compatible; bingbot/2.0; +http://www.bing.com/bingbot.htm)"
192.99.36.166 - - [29/Nov/2021:11:51:55 +0100] "GET /school-trolley-c-31_169.html HTTP/1.0" 200 81353 "-" "Mozilla/5.0 (compatible; MJ12bot/v1.4.8; http://mj12bot.com/)"
192.99.36.166 - - [29/Nov/2021:11:51:58 +0100] "GET /serviette-de-bain-petites-fleurs-p-45573.html HTTP/1.0" 301 70631 "-" "Mozilla/5.0 (compatible; MJ12bot/v1.4.8; http://mj12bot.com/)"
192.99.36.166 - - [29/Nov/2021:11:52:00 +0100] "GET /-p-45573.html HTTP/1.0" 200 70564 "-" "Mozilla/5.0 (compatible; MJ12bot/v1.4.8; http://mj12bot.com/)"
192.99.36.166 - - [29/Nov/2021:11:52:02 +0100] "GET /serviette-de-plage-les-vilaines-filles-170-90-cm-360-gr-p-51707.html HTTP/1.0" 301 73442 "-" "Mozilla/5.0 (compatible; MJ12bot/v1.4.8; http://mj12bot.com/)"
192.99.36.166 - - [29/Nov/2021:11:52:05 +0100] "GET /vilaines-filles-beach-towel-p-51707.html HTTP/1.0" 200 73348 "-" "Mozilla/5.0 (compatible; MJ12bot/v1.4.8; http://mj12bot.com/)"
192.99.36.166 - - [29/Nov/2021:11:52:09 +0100] "GET /serviette-de-plage-les-vilaines-filles-170-90-cm-360-gr-p-51711.html HTTP/1.0" 301 70788 "-" "Mozilla/5.0 (compatible; MJ12bot/v1.4.8; http://mj12bot.com/)"
192.99.36.166 - - [29/Nov/2021:11:52:12 +0100] "GET /vilaines-filles-beach-towel-p-51711.html HTTP/1.0" 200 70694 "-" "Mozilla/5.0 (compatible; MJ12bot/v1.4.8; http://mj12bot.com/)"
192.99.36.166 - - [29/Nov/2021:11:52:14 +0100] "GET /serviette-de-plage-les-vilaines-filles-170-90-cm-360-gr-p-51716.html HTTP/1.0" 301 70788 "-" "Mozilla/5.0 (compatible; MJ12bot/v1.4.8; http://mj12bot.com/)"
192.99.36.166 - - [29/Nov/2021:11:52:17 +0100] "GET /vilaines-filles-beach-towel-p-51716.html HTTP/1.0" 200 70694 "-" "Mozilla/5.0 (compatible; MJ12bot/v1.4.8; http://mj12bot.com/)"
192.99.36.166 - - [29/Nov/2021:11:52:22 +0100] "GET /serviettes-draps-bain-c-11_70.html HTTP/1.0" 301 90873 "-" "Mozilla/5.0 (compatible; MJ12bot/v1.4.8; http://mj12bot.com/)"
192.99.36.166 - - [29/Nov/2021:11:52:24 +0100] "GET /towel-bath-towels-c-70.html HTTP/1.0" 301 90754 "-" "Mozilla/5.0 (compatible; MJ12bot/v1.4.8; http://mj12bot.com/)"
192.99.36.166 - - [29/Nov/2021:11:52:26 +0100] "GET /towel-bath-towels-c-11_70.html HTTP/1.0" 200 90792 "-" "Mozilla/5.0 (compatible; MJ12bot/v1.4.8; http://mj12bot.com/)"
192.99.36.166 - - [29/Nov/2021:11:52:28 +0100] "GET /serviettes-draps-de-bain-c-11_70.html HTTP/1.0" 301 90873 "-" "Mozilla/5.0 (compatible; MJ12bot/v1.4.8; http://mj12bot.com/)"
192.99.36.166 - - [29/Nov/2021:11:52:31 +0100] "GET /towel-bath-towels-c-70.html HTTP/1.0" 301 90754 "-" "Mozilla/5.0 (compatible; MJ12bot/v1.4.8; http://mj12bot.com/)"
192.99.36.166 - - [29/Nov/2021:11:52:33 +0100] "GET /towel-bath-towels-c-11_70.html HTTP/1.0" 200 90792 "-" "Mozilla/5.0 (compatible; MJ12bot/v1.4.8; http://mj12bot.com/)"
192.99.36.166 - - [29/Nov/2021:11:52:36 +0100] "GET /serviettes-table-c-11_285.html HTTP/1.0" 301 81607 "-" "Mozilla/5.0 (compatible; MJ12bot/v1.4.8; http://mj12bot.com/)"
192.99.36.166 - - [29/Nov/2021:11:52:38 +0100] "GET /napkins-c-285.html HTTP/1.0" 301 81488 "-" "Mozilla/5.0 (compatible; MJ12bot/v1.4.8; http://mj12bot.com/)"
192.99.36.166 - - [29/Nov/2021:11:52:41 +0100] "GET /napkins-c-11_285.html HTTP/1.0" 200 81535 "-" "Mozilla/5.0 (compatible; MJ12bot/v1.4.8; http://mj12bot.com/)"
192.99.36.166 - - [29/Nov/2021:11:52:43 +0100] "GET /set-and-breakfast-set-c-61.html HTTP/1.0" 301 91201 "-" "Mozilla/5.0 (compatible; MJ12bot/v1.4.8; http://mj12bot.com/)"
17.121.112.115 - - [29/Nov/2021:11:52:45 +0100] "GET /horse-resin-lamp-p-55126.html HTTP/1.0" 200 70630 "-" "Mozilla/5.0 (Macintosh; Intel Mac OS X 10_15_5) AppleWebKit/605.1.15 (KHTML, like Gecko) Version/13.1.1 Safari/605.1.15 (Applebot/0.1; +http://www.apple.com/go/applebot)"
192.99.36.166 - - [29/Nov/2021:11:52:45 +0100] "GET /breakfast-c-12_61.html HTTP/1.0" 200 91229 "-" "Mozilla/5.0 (compatible; MJ12bot/v1.4.8; http://mj12bot.com/)"
192.99.36.166 - - [29/Nov/2021:11:52:48 +0100] "GET /set-bonnet-et-echarpe-fee-clochette-turquoise-51-cm-p-22148.html HTTP/1.0" 301 73503 "-" "Mozilla/5.0 (compatible; MJ12bot/v1.4.8; http://mj12bot.com/)"
192.99.36.166 - - [29/Nov/2021:11:52:51 +0100] "GET /thinkerbell-scarf-p-22148.html HTTP/1.0" 200 73419 "-" "Mozilla/5.0 (compatible; MJ12bot/v1.4.8; http://mj12bot.com/)"
192.99.36.166 - - [29/Nov/2021:11:52:53 +0100] "GET /set-de-bougeoirs-klimt-judith-dana-music-p-53529.html HTTP/1.0" 301 74203 "-" "Mozilla/5.0 (compatible; MJ12bot/v1.4.8; http://mj12bot.com/)"
192.99.36.166 - - [29/Nov/2021:11:52:56 +0100] "GET /klimt-candle-holders-p-53529.html HTTP/1.0" 200 74116 "-" "Mozilla/5.0 (compatible; MJ12bot/v1.4.8; http://mj12bot.com/)"
114.119.134.206 - - [29/Nov/2021:11:52:57 +0100] "GET /bmw-large-metal-plate-deco-p-33723.html HTTP/1.0" 301 73300 "-" "Mozilla/5.0 (compatible;PetalBot;+https://webmaster.petalsearch.com/site/petalbot)"
192.99.36.166 - - [29/Nov/2021:11:52:58 +0100] "GET /set-de-bougeoirs-monet-oeuvres-p-53530.html HTTP/1.0" 301 74209 "-" "Mozilla/5.0 (compatible; MJ12bot/v1.4.8; http://mj12bot.com/)"
114.119.134.206 - - [29/Nov/2021:11:52:58 +0100] "GET /large-metal-plate-deco-p-33723.html HTTP/1.0" 200 73211 "-" "Mozilla/5.0 (compatible;PetalBot;+https://webmaster.petalsearch.com/site/petalbot)"
192.99.36.166 - - [29/Nov/2021:11:53:00 +0100] "GET /monet-candle-holders-p-53530.html HTTP/1.0" 200 74122 "-" "Mozilla/5.0 (compatible; MJ12bot/v1.4.8; http://mj12bot.com/)"
192.99.36.166 - - [29/Nov/2021:11:53:02 +0100] "GET /set-de-table-brasserie-les-bons-vivants-en-toile-de-jute-p-53501.html HTTP/1.0" 301 73950 "-" "Mozilla/5.0 (compatible; MJ12bot/v1.4.8; http://mj12bot.com/)"
192.99.36.166 - - [29/Nov/2021:11:53:04 +0100] "GET /bons-vivants-burlap-placemat-p-53501.html HTTP/1.0" 200 73855 "-" "Mozilla/5.0 (compatible; MJ12bot/v1.4.8; http://mj12bot.com/)"
192.99.36.166 - - [29/Nov/2021:11:53:07 +0100] "GET /set-de-table-la-recette-du-bonheur-en-toile-de-jute-p-53500.html HTTP/1.0" 301 73999 "-" "Mozilla/5.0 (compatible; MJ12bot/v1.4.8; http://mj12bot.com/)"
192.99.36.166 - - [29/Nov/2021:11:53:09 +0100] "GET /recette-bonheur-burlap-placemat-p-53500.html HTTP/1.0" 200 73901 "-" "Mozilla/5.0 (compatible; MJ12bot/v1.4.8; http://mj12bot.com/)"
192.99.36.166 - - [29/Nov/2021:11:53:12 +0100] "GET /set-de-table-la-table-des-copains-en-toile-de-jute-p-53498.html HTTP/1.0" 301 73985 "-" "Mozilla/5.0 (compatible; MJ12bot/v1.4.8; http://mj12bot.com/)"
192.99.36.166 - - [29/Nov/2021:11:53:14 +0100] "GET /table-copains-burlap-placemat-p-53498.html HTTP/1.0" 200 73889 "-" "Mozilla/5.0 (compatible; MJ12bot/v1.4.8; http://mj12bot.com/)"
192.99.36.166 - - [29/Nov/2021:11:53:16 +0100] "GET /set-de-table-pastis-olive-par-marc-45-30-cm-p-49718.html HTTP/1.0" 301 73296 "-" "Mozilla/5.0 (compatible; MJ12bot/v1.4.8; http://mj12bot.com/)"
192.99.36.166 - - [29/Nov/2021:11:53:18 +0100] "GET /pastis-olive-placemat-p-49718.html HTTP/1.0" 200 73208 "-" "Mozilla/5.0 (compatible; MJ12bot/v1.4.8; http://mj12bot.com/)"
192.99.36.166 - - [29/Nov/2021:11:53:21 +0100] "GET /set-de-table-rectangulaire-en-pvc-duo-de-chats-p-45634.html HTTP/1.0" 301 70754 "-" "Mozilla/5.0 (compatible; MJ12bot/v1.4.8; http://mj12bot.com/)"
192.99.36.166 - - [29/Nov/2021:11:53:23 +0100] "GET /cats-flowers-table-p-45634.html HTTP/1.0" 200 70669 "-" "Mozilla/5.0 (compatible; MJ12bot/v1.4.8; http://mj12bot.com/)"
192.99.36.166 - - [29/Nov/2021:11:53:25 +0100] "GET /set-de-table-restaurant-familial-la-fringale-en-toile-de-jute-p-53499.html HTTP/1.0" 301 73896 "-" "Mozilla/5.0 (compatible; MJ12bot/v1.4.8; http://mj12bot.com/)"
192.99.36.166 - - [29/Nov/2021:11:53:28 +0100] "GET /fringale-burlap-placemat-p-53499.html HTTP/1.0" 200 73805 "-" "Mozilla/5.0 (compatible; MJ12bot/v1.4.8; http://mj12bot.com/)"
192.99.36.166 - - [29/Nov/2021:11:53:30 +0100] "GET /set-de-table-rond-en-toile-de-jute-love-p-51117.html HTTP/1.0" 301 73881 "-" "Mozilla/5.0 (compatible; MJ12bot/v1.4.8; http://mj12bot.com/)"
192.99.36.166 - - [29/Nov/2021:11:53:32 +0100] "GET /burlap-round-table-love-p-51117.html HTTP/1.0" 200 73791 "-" "Mozilla/5.0 (compatible; MJ12bot/v1.4.8; http://mj12bot.com/)"
192.99.36.166 - - [29/Nov/2021:11:53:35 +0100] "GET /set-de-table-rond-tresse-brun-p-49449.html HTTP/1.0" 301 70754 "-" "Mozilla/5.0 (compatible; MJ12bot/v1.4.8; http://mj12bot.com/)"
192.99.36.166 - - [29/Nov/2021:11:53:37 +0100] "GET /braided-brown-round-table-p-49449.html HTTP/1.0" 200 70662 "-" "Mozilla/5.0 (compatible; MJ12bot/v1.4.8; http://mj12bot.com/)"
192.99.36.166 - - [29/Nov/2021:11:53:39 +0100] "GET /set-de-table-rond-tresse-en-jute-couleur-naturelle-p-49450.html HTTP/1.0" 301 70749 "-" "Mozilla/5.0 (compatible; MJ12bot/v1.4.8; http://mj12bot.com/)"
192.99.36.166 - - [29/Nov/2021:11:53:41 +0100] "GET /round-natural-jute-table-p-49450.html HTTP/1.0" 200 70658 "-" "Mozilla/5.0 (compatible; MJ12bot/v1.4.8; http://mj12bot.com/)"
185.191.171.22 - - [29/Nov/2021:11:53:48 +0100] "GET /small-baby-teeth-small-mouse-p-49164.html HTTP/1.0" 200 73438 "-" "Mozilla/5.0 (compatible; SemrushBot/7~bl; +http://www.semrush.com/bot.html)"
114.119.128.26 - - [29/Nov/2021:11:53:57 +0100] "GET /knight-resin-crane-statuette-p-48754.html HTTP/1.0" 200 70666 "-" "Mozilla/5.0 (Linux; Android 7.0;) AppleWebKit/537.36 (KHTML, like Gecko) Mobile Safari/537.36 (compatible; PetalBot;+https://webmaster.petalsearch.com/site/petalbot)"
185.191.171.15 - - [29/Nov/2021:11:54:19 +0100] "GET /hawaii-glasses-their-support-p-48294.html?action=add_product HTTP/1.0" 302 476 "-" "Mozilla/5.0 (compatible; SemrushBot/7~bl; +http://www.semrush.com/bot.html)"
54.36.148.187 - - [29/Nov/2021:11:54:24 +0100] "GET /home-decoration-c-13.html?page=147 HTTP/1.0" 200 93373 "-" "Mozilla/5.0 (compatible; AhrefsBot/7.0; +http://ahrefs.com/robot/)"
185.191.171.22 - - [29/Nov/2021:11:54:32 +0100] "GET /flamingo-fitted-sheet-p-51981.html?action=add_product HTTP/1.0" 302 476 "-" "Mozilla/5.0 (compatible; SemrushBot/7~bl; +http://www.semrush.com/bot.html)"
157.55.39.108 - - [29/Nov/2021:11:55:09 +0100] "GET /paris-pill-p-52009.html HTTP/1.0" 200 73847 "-" "Mozilla/5.0 (compatible; bingbot/2.0; +http://www.bing.com/bingbot.htm)"
40.77.167.66 - - [29/Nov/2021:11:55:35 +0100] "GET /star-wars-vehicle-miniature-with-miniature-character-p-33427.html HTTP/1.0" 200 73639 "-" "Mozilla/5.0 (compatible; bingbot/2.0; +http://www.bing.com/bingbot.htm)"
185.191.171.18 - - [29/Nov/2021:11:55:40 +0100] "GET /peacock-velvet-cushion-40-40-cm-p-48465.html HTTP/1.0" 301 70631 "-" "Mozilla/5.0 (compatible; SemrushBot/7~bl; +http://www.semrush.com/bot.html)"
185.191.171.18 - - [29/Nov/2021:11:55:43 +0100] "GET /-p-48465.html HTTP/1.0" 200 70564 "-" "Mozilla/5.0 (compatible; SemrushBot/7~bl; +http://www.semrush.com/bot.html)"
114.119.128.37 - - [29/Nov/2021:11:56:03 +0100] "GET /la-recette-du-bonheur-burlap-placemat-p-53500.html HTTP/1.0" 301 73999 "-" "Mozilla/5.0 (Linux; Android 7.0;) AppleWebKit/537.36 (KHTML, like Gecko) Mobile Safari/537.36 (compatible; PetalBot;+https://webmaster.petalsearch.com/site/petalbot)"
54.36.149.55 - - [29/Nov/2021:11:56:12 +0100] "GET /wise-wings-glasses-case-p-51857.html HTTP/1.0" 200 73605 "-" "Mozilla/5.0 (compatible; AhrefsBot/7.0; +http://ahrefs.com/robot/)"
114.119.128.37 - - [29/Nov/2021:11:56:14 +0100] "GET /recette-bonheur-burlap-placemat-p-53500.html HTTP/1.0" 200 73901 "-" "Mozilla/5.0 (Linux; Android 7.0;) AppleWebKit/537.36 (KHTML, like Gecko) Mobile Safari/537.36 (compatible; PetalBot;+https://webmaster.petalsearch.com/site/petalbot)"
54.36.148.44 - - [29/Nov/2021:11:57:02 +0100] "GET /basket-braided-willow-p-49696.html HTTP/1.0" 200 73280 "-" "Mozilla/5.0 (compatible; AhrefsBot/7.0; +http://ahrefs.com/robot/)"
185.191.171.8 - - [29/Nov/2021:11:57:08 +0100] "GET /la-vie-est-belle-metal-tray-40-cm-p-37919.html HTTP/1.0" 301 70631 "-" "Mozilla/5.0 (compatible; SemrushBot/7~bl; +http://www.semrush.com/bot.html)"
185.191.171.36 - - [29/Nov/2021:11:57:11 +0100] "GET /-p-37919.html HTTP/1.0" 200 70564 "-" "Mozilla/5.0 (compatible; SemrushBot/7~bl; +http://www.semrush.com/bot.html)"
185.191.171.43 - - [29/Nov/2021:11:57:17 +0100] "GET /gormiti-cushion-p-6320.html HTTP/1.0" 200 73437 "-" "Mozilla/5.0 (compatible; SemrushBot/7~bl; +http://www.semrush.com/bot.html)"
54.36.148.206 - - [29/Nov/2021:11:57:21 +0100] "GET /ceramic-piggy-bank-p-42166.html HTTP/1.0" 200 73383 "-" "Mozilla/5.0 (compatible; AhrefsBot/7.0; +http://ahrefs.com/robot/)"
51.68.224.127 - - [29/Nov/2021:11:57:32 +0100] "GET /adminweb/export_orders_xml.php?token=256de2z6edz6ed2z6DFSFsed2zed6zeDSFDSGdzedezfzf&maxorders=10&orderstart=1&status=14&start_date=2018-10-01 HTTP/1.0" 200 285 "-" "GesCom CharlotteBoutik Serveur"
51.68.224.127 - - [29/Nov/2021:11:57:32 +0100] "GET /adminweb/export_orders_xml.php?token=256de2z6edz6ed2z6DFSFsed2zed6zeDSFDSGdzedezfzf&maxorders=10&orderstart=1&status=6&start_date=2018-10-01 HTTP/1.0" 200 32471 "-" "GesCom CharlotteBoutik Serveur"
185.191.171.43 - - [29/Nov/2021:11:57:33 +0100] "GET /giraffe-decorative-statue-p-51227.html?action=add_product HTTP/1.0" 302 476 "-" "Mozilla/5.0 (compatible; SemrushBot/7~bl; +http://www.semrush.com/bot.html)"
54.36.149.86 - - [29/Nov/2021:11:57:37 +0100] "GET /espresso-set-corsica-p-44537.html HTTP/1.0" 301 74585 "-" "Mozilla/5.0 (compatible; AhrefsBot/7.0; +http://ahrefs.com/robot/)"
54.36.148.44 - - [29/Nov/2021:11:57:46 +0100] "GET /harley-davidson-metal-plate-p-52943.html HTTP/1.0" 200 73304 "-" "Mozilla/5.0 (compatible; AhrefsBot/7.0; +http://ahrefs.com/robot/)"
54.36.148.35 - - [29/Nov/2021:11:58:13 +0100] "GET /with-infuser-bears-p-56497.html HTTP/1.0" 200 73916 "-" "Mozilla/5.0 (compatible; AhrefsBot/7.0; +http://ahrefs.com/robot/)"
54.36.148.212 - - [29/Nov/2021:11:58:35 +0100] "GET /bear-cushion-cherry-pits-p-46530.html HTTP/1.0" 200 73263 "-" "Mozilla/5.0 (compatible; AhrefsBot/7.0; +http://ahrefs.com/robot/)"
159.138.102.98 - - [29/Nov/2021:11:58:41 +0100] "GET /scotty-dogs-salt-and-pepper-p-29271.html HTTP/1.0" 301 73296 "-" "Mozilla/5.0 (Linux; Android 7.0;) AppleWebKit/537.36 (KHTML, like Gecko) Mobile Safari/537.36 (compatible; PetalBot;+https://webmaster.petalsearch.com/site/petalbot)"
159.138.102.98 - - [29/Nov/2021:11:58:50 +0100] "GET /scotty-dogs-salt-pepper-p-29271.html HTTP/1.0" 200 73206 "-" "Mozilla/5.0 (Linux; Android 7.0;) AppleWebKit/537.36 (KHTML, like Gecko) Mobile Safari/537.36 (compatible; PetalBot;+https://webmaster.petalsearch.com/site/petalbot)"
77.75.79.109 - - [29/Nov/2021:11:58:54 +0100] "GET /robots.txt HTTP/1.0" 200 245 "-" "Mozilla/5.0 (compatible; SeznamBot/3.2; +http://napoveda.seznam.cz/en/seznambot-intro/)"
77.75.79.109 - - [29/Nov/2021:11:58:54 +0100] "GET /images/mini_prod/8422024205001.jpg HTTP/1.0" 200 269 "-" "Mozilla/5.0 (compatible; SeznamBot/3.2; +http://napoveda.seznam.cz/en/seznambot-intro/)"
54.36.149.83 - - [29/Nov/2021:11:59:05 +0100] "GET /devil-white-woman-shirt-p-30744.html HTTP/1.0" 200 75221 "-" "Mozilla/5.0 (compatible; AhrefsBot/7.0; +http://ahrefs.com/robot/)"
54.36.148.19 - - [29/Nov/2021:11:59:27 +0100] "GET /clocks-c-13_67.html?page=7 HTTP/1.0" 200 93701 "-" "Mozilla/5.0 (compatible; AhrefsBot/7.0; +http://ahrefs.com/robot/)"
54.36.148.173 - - [29/Nov/2021:11:59:54 +0100] "GET /buddhist-monk-indoor-mini-fountain-p-56752.html HTTP/1.0" 200 73389 "-" "Mozilla/5.0 (compatible; AhrefsBot/7.0; +http://ahrefs.com/robot/)"
114.119.135.245 - - [29/Nov/2021:11:59:58 +0100] "GET /little-buddha-collection-keychain-blue-p-50247.html HTTP/1.0" 200 73337 "-" "Mozilla/5.0 (compatible;PetalBot;+https://webmaster.petalsearch.com/site/petalbot)"
185.191.171.3 - - [29/Nov/2021:12:00:10 +0100] "GET /maori-jute-p-56924.html HTTP/1.0" 200 74109 "-" "Mozilla/5.0 (compatible; SemrushBot/7~bl; +http://www.semrush.com/bot.html)"
54.36.148.115 - - [29/Nov/2021:12:00:21 +0100] "GET /gorjuss-cards-supplied-with-envelope-dear-alice-p-48374.html HTTP/1.0" 200 73523 "-" "Mozilla/5.0 (compatible; AhrefsBot/7.0; +http://ahrefs.com/robot/)"
54.36.149.52 - - [29/Nov/2021:12:00:44 +0100] "GET /brown-metal-wood-lotus-mobile-p-56751.html HTTP/1.0" 200 74127 "-" "Mozilla/5.0 (compatible; AhrefsBot/7.0; +http://ahrefs.com/robot/)"
54.36.148.224 - - [29/Nov/2021:12:01:02 +0100] "GET /collectible-figurines-and-decorative-c-13_135.html?page=30 HTTP/1.0" 301 96412 "-" "Mozilla/5.0 (compatible; AhrefsBot/7.0; +http://ahrefs.com/robot/)"
185.191.171.40 - - [29/Nov/2021:12:01:03 +0100] "GET /hannah-montana-shopping-bag-and-coin-purse-set-p-7617.html HTTP/1.0" 301 73916 "-" "Mozilla/5.0 (compatible; SemrushBot/7~bl; +http://www.semrush.com/bot.html)"
54.36.149.91 - - [29/Nov/2021:12:01:06 +0100] "GET /johnny-hallyday-neon-wall-clock-p-15428.html HTTP/1.0" 200 73328 "-" "Mozilla/5.0 (compatible; AhrefsBot/7.0; +http://ahrefs.com/robot/)"
185.191.171.13 - - [29/Nov/2021:12:01:07 +0100] "GET /hannah-montana-shopping-coin-purse-p-7617.html HTTP/1.0" 200 73816 "-" "Mozilla/5.0 (compatible; SemrushBot/7~bl; +http://www.semrush.com/bot.html)"
185.191.171.41 - - [29/Nov/2021:12:01:25 +0100] "GET /gorjuss-keyring-the-hatter-p-46946.html HTTP/1.0" 301 70735 "-" "Mozilla/5.0 (compatible; SemrushBot/7~bl; +http://www.semrush.com/bot.html)"
54.36.148.118 - - [29/Nov/2021:12:01:26 +0100] "GET /white-natural-mini-wooden-p-55028.html HTTP/1.0" 200 74095 "-" "Mozilla/5.0 (compatible; AhrefsBot/7.0; +http://ahrefs.com/robot/)"
185.191.171.10 - - [29/Nov/2021:12:01:27 +0100] "GET /gorjuss-keyring-hatter-p-46946.html HTTP/1.0" 200 70646 "-" "Mozilla/5.0 (compatible; SemrushBot/7~bl; +http://www.semrush.com/bot.html)"
185.191.171.44 - - [29/Nov/2021:12:01:42 +0100] "GET /liberty-russian-doll-iphone-phone-pink-cover-cbkreation-p-18534.html?action=add_product HTTP/1.0" 302 476 "-" "Mozilla/5.0 (compatible; SemrushBot/7~bl; +http://www.semrush.com/bot.html)"
66.249.75.168 - - [29/Nov/2021:12:01:51 +0100] "GET /adult-cbkreation-p-29960.html HTTP/1.0" 200 73271 "-" "Mozilla/5.0 (Linux; Android 6.0.1; Nexus 5X Build/MMB29P) AppleWebKit/537.36 (KHTML, like Gecko) Chrome/96.0.4664.45 Mobile Safari/537.36 (compatible; Googlebot/2.1; +http://www.google.com/bot.html)"
185.191.171.15 - - [29/Nov/2021:12:01:51 +0100] "GET /planes-p-24525.html?action=add_product HTTP/1.0" 302 476 "-" "Mozilla/5.0 (compatible; SemrushBot/7~bl; +http://www.semrush.com/bot.html)"
54.36.148.136 - - [29/Nov/2021:12:01:53 +0100] "GET /betty-boop-mobile-sock-p-32845.html HTTP/1.0" 200 73390 "-" "Mozilla/5.0 (compatible; AhrefsBot/7.0; +http://ahrefs.com/robot/)"
114.119.135.133 - - [29/Nov/2021:12:01:56 +0100] "GET /challenger-attack-products-p-29390.html HTTP/1.0" 200 73498 "-" "Mozilla/5.0 (compatible;PetalBot;+https://webmaster.petalsearch.com/site/petalbot)"
114.119.128.37 - - [29/Nov/2021:12:02:08 +0100] "GET /holder-for-sticks-and-incense-cones-fatma-hand-p-43934.html HTTP/1.0" 301 73558 "-" "Mozilla/5.0 (Linux; Android 7.0;) AppleWebKit/537.36 (KHTML, like Gecko) Mobile Safari/537.36 (compatible; PetalBot;+https://webmaster.petalsearch.com/site/petalbot)"
114.119.128.37 - - [29/Nov/2021:12:02:21 +0100] "GET /holder-sticks-incense-cones-fatma-hand-p-43934.html HTTP/1.0" 200 73453 "-" "Mozilla/5.0 (Linux; Android 7.0;) AppleWebKit/537.36 (KHTML, like Gecko) Mobile Safari/537.36 (compatible; PetalBot;+https://webmaster.petalsearch.com/site/petalbot)"
54.36.148.232 - - [29/Nov/2021:12:02:21 +0100] "GET /monkey-statues-resin-said-nothing-nothing-seen-nothing-heard-p-52581.html HTTP/1.0" 200 73554 "-" "Mozilla/5.0 (compatible; AhrefsBot/7.0; +http://ahrefs.com/robot/)"
54.36.149.21 - - [29/Nov/2021:12:02:38 +0100] "GET /washed-dyed-cotton-tablecloth-p-55042.html HTTP/1.0" 200 74068 "-" "Mozilla/5.0 (compatible; AhrefsBot/7.0; +http://ahrefs.com/robot/)"
147.92.153.8 - - [29/Nov/2021:12:02:49 +0100] "GET /images/big_prod/3520071820903.jpg HTTP/1.0" 200 268 "-" "Mozilla/5.0 (compatible; Linespider/1.1; +https://lin.ee/4dwXkTH)"
185.191.171.15 - - [29/Nov/2021:12:03:02 +0100] "GET /elephant-figure-gold-resin-rhinestones-p-50681.html HTTP/1.0" 200 73411 "-" "Mozilla/5.0 (compatible; SemrushBot/7~bl; +http://www.semrush.com/bot.html)"
54.36.148.95 - - [29/Nov/2021:12:03:28 +0100] "GET /magic-moonlight-mickey-minnie-with-moon-figurine-p-55444.html HTTP/1.0" 200 74826 "-" "Mozilla/5.0 (compatible; AhrefsBot/7.0; +http://ahrefs.com/robot/)"
185.191.171.26 - - [29/Nov/2021:12:03:46 +0100] "GET /incense-burner-incense-holder-p-54107.html?action=add_product HTTP/1.0" 302 476 "-" "Mozilla/5.0 (compatible; SemrushBot/7~bl; +http://www.semrush.com/bot.html)"
185.191.171.25 - - [29/Nov/2021:12:04:08 +0100] "GET /rococo-retro-phone-p-37502.html HTTP/1.0" 301 73455 "-" "Mozilla/5.0 (compatible; SemrushBot/7~bl; +http://www.semrush.com/bot.html)"
157.55.39.223 - - [29/Nov/2021:12:04:09 +0100] "GET /springy-potholder-p-54731.html HTTP/1.0" 200 73186 "-" "Mozilla/5.0 (compatible; bingbot/2.0; +http://www.bing.com/bingbot.htm)"
54.36.148.6 - - [29/Nov/2021:12:04:10 +0100] "GET /embroidered-rectangular-tablecloth-kolam-p-46461.html HTTP/1.0" 200 73412 "-" "Mozilla/5.0 (compatible; AhrefsBot/7.0; +http://ahrefs.com/robot/)"
114.119.128.39 - - [29/Nov/2021:12:04:20 +0100] "GET /images/big_prod/8718375750865.jpg HTTP/1.0" 200 268 "-" "Mozilla/5.0 (Linux; Android 7.0;) AppleWebKit/537.36 (KHTML, like Gecko) Mobile Safari/537.36 (compatible; PetalBot;+https://webmaster.petalsearch.com/site/petalbot)"
185.191.171.15 - - [29/Nov/2021:12:04:11 +0100] "GET /rococo-rtro-phone-p-37502.html HTTP/1.0" 200 73371 "-" "Mozilla/5.0 (compatible; SemrushBot/7~bl; +http://www.semrush.com/bot.html)"
66.249.75.170 - - [29/Nov/2021:12:04:32 +0100] "GET /pendulum-with-gears-wood-metal-p-38539.html HTTP/1.0" 200 73416 "-" "Mozilla/5.0 (Linux; Android 6.0.1; Nexus 5X Build/MMB29P) AppleWebKit/537.36 (KHTML, like Gecko) Chrome/96.0.4664.45 Mobile Safari/537.36 (compatible; Googlebot/2.1; +http://www.google.com/bot.html)"
185.191.171.19 - - [29/Nov/2021:12:04:32 +0100] "GET /junior-sport-p-52122.html?action=add_product HTTP/1.0" 302 476 "-" "Mozilla/5.0 (compatible; SemrushBot/7~bl; +http://www.semrush.com/bot.html)"
185.191.171.41 - - [29/Nov/2021:12:05:09 +0100] "GET /hello-kitty-kit-round-fuschia-and-stars-p-15062.html HTTP/1.0" 301 73978 "-" "Mozilla/5.0 (compatible; SemrushBot/7~bl; +http://www.semrush.com/bot.html)"
216.244.66.242 - - [29/Nov/2021:12:05:11 +0100] "GET /fitted-sheet-black-p-24468.html HTTP/1.0" 200 73738 "-" "Mozilla/5.0 (compatible; DotBot/1.2; +https://opensiteexplorer.org/dotbot; help@moz.com)"
185.191.171.11 - - [29/Nov/2021:12:05:20 +0100] "GET /hello-kitty-round-fuschia-stars-p-15062.html HTTP/1.0" 200 73880 "-" "Mozilla/5.0 (compatible; SemrushBot/7~bl; +http://www.semrush.com/bot.html)"
40.77.167.66 - - [29/Nov/2021:12:05:46 +0100] "GET /girls/long-sleeves-tshirts/disney-princess-long-sleeve-tshirt-years-p-21935.html HTTP/1.0" 301 671 "-" "Mozilla/5.0 (compatible; bingbot/2.0; +http://www.bing.com/bingbot.htm)"
157.55.39.108 - - [29/Nov/2021:12:05:57 +0100] "GET /images/big_prod/281413.jpg HTTP/1.0" 200 261 "-" "Mozilla/5.0 (compatible; bingbot/2.0; +http://www.bing.com/bingbot.htm)"
185.191.171.5 - - [29/Nov/2021:12:06:10 +0100] "GET /robots.txt HTTP/1.0" 200 245 "-" "Mozilla/5.0 (compatible; SemrushBot/7~bl; +http://www.semrush.com/bot.html)"
185.191.171.4 - - [29/Nov/2021:12:06:10 +0100] "GET /barbapapa-and-barbabeau-pencil-case-p-19619.html HTTP/1.0" 301 70784 "-" "Mozilla/5.0 (compatible; SemrushBot/7~bl; +http://www.semrush.com/bot.html)"
89.186.188.30 - - [29/Nov/2021:12:06:21 +0100] "GET /images/mini_prod/4500315900003.jpg HTTP/1.0" 200 269 "-" "Mozilla/5.0 (X11; Ubuntu; Linux x86_64; rv:72.0) Gecko/20100101 Firefox/72.0"
165.154.72.231 - - [29/Nov/2021:12:06:21 +0100] "GET /images/mini_prod/1399984241820.jpg HTTP/1.0" 200 269 "-" "Mozilla/5.0 (X11; Ubuntu; Linux x86_64; rv:72.0) Gecko/20100101 Firefox/72.0"
185.191.171.18 - - [29/Nov/2021:12:06:21 +0100] "GET /barbapapa-barbabeau-pencil-case-p-19619.html HTTP/1.0" 200 70686 "-" "Mozilla/5.0 (compatible; SemrushBot/7~bl; +http://www.semrush.com/bot.html)"
185.191.171.22 - - [29/Nov/2021:12:06:24 +0100] "GET /ceramic-lamp-p-52766.html?action=add_product HTTP/1.0" 302 476 "-" "Mozilla/5.0 (compatible; SemrushBot/7~bl; +http://www.semrush.com/bot.html)"
185.191.171.14 - - [29/Nov/2021:12:06:41 +0100] "GET /white-skull-keyrings-sound-light-p-40193.html?action=add_product HTTP/1.0" 302 476 "-" "Mozilla/5.0 (compatible; SemrushBot/7~bl; +http://www.semrush.com/bot.html)"
114.119.128.26 - - [29/Nov/2021:12:06:43 +0100] "GET /little-peach-color-purse-le-petit-prince-p-47476.html HTTP/1.0" 301 73486 "-" "Mozilla/5.0 (Linux; Android 7.0;) AppleWebKit/537.36 (KHTML, like Gecko) Mobile Safari/537.36 (compatible; PetalBot;+https://webmaster.petalsearch.com/site/petalbot)"
114.119.128.26 - - [29/Nov/2021:12:06:49 +0100] "GET /little-peach-color-purse-petit-prince-p-47476.html HTTP/1.0" 200 73382 "-" "Mozilla/5.0 (Linux; Android 7.0;) AppleWebKit/537.36 (KHTML, like Gecko) Mobile Safari/537.36 (compatible; PetalBot;+https://webmaster.petalsearch.com/site/petalbot)"
185.191.171.33 - - [29/Nov/2021:12:07:03 +0100] "GET /industrial-vintage-clock-p-49241.html HTTP/1.0" 200 70662 "-" "Mozilla/5.0 (compatible; SemrushBot/7~bl; +http://www.semrush.com/bot.html)"
54.36.149.9 - - [29/Nov/2021:12:07:30 +0100] "GET /pusheen-waterdazzler-globe-p-41962.html HTTP/1.0" 200 74437 "-" "Mozilla/5.0 (compatible; AhrefsBot/7.0; +http://ahrefs.com/robot/)"
40.77.167.66 - - [29/Nov/2021:12:07:45 +0100] "GET /images/800399062384819072012.jpg HTTP/1.0" 200 267 "-" "Mozilla/5.0 (compatible; bingbot/2.0; +http://www.bing.com/bingbot.htm)"
54.36.148.103 - - [29/Nov/2021:12:08:12 +0100] "GET /hello-kitty-pairs-of-socks-size-27-30-p-25416.html HTTP/1.0" 301 70631 "-" "Mozilla/5.0 (compatible; AhrefsBot/7.0; +http://ahrefs.com/robot/)"
185.191.171.10 - - [29/Nov/2021:12:09:04 +0100] "GET /doc-mcstuffins-placemat-p-37019.html HTTP/1.0" 301 70748 "-" "Mozilla/5.0 (compatible; SemrushBot/7~bl; +http://www.semrush.com/bot.html)"
185.191.171.25 - - [29/Nov/2021:12:09:07 +0100] "GET /mcstuffins-placemat-p-37019.html HTTP/1.0" 200 70662 "-" "Mozilla/5.0 (compatible; SemrushBot/7~bl; +http://www.semrush.com/bot.html)"
185.191.171.25 - - [29/Nov/2021:12:09:10 +0100] "GET /flower-summer-collection-grey-p-54633.html HTTP/1.0" 200 73318 "-" "Mozilla/5.0 (compatible; SemrushBot/7~bl; +http://www.semrush.com/bot.html)"
114.119.128.253 - - [29/Nov/2021:12:09:21 +0100] "GET /buddha-canvas-frame-40-40-cm-p-39964.html HTTP/1.0" 301 73381 "-" "Mozilla/5.0 (Linux; Android 7.0;) AppleWebKit/537.36 (KHTML, like Gecko) Mobile Safari/537.36 (compatible; PetalBot;+https://webmaster.petalsearch.com/site/petalbot)"
54.36.148.156 - - [29/Nov/2021:12:09:21 +0100] "GET /mug-usa-american-car-gray-by-cbkreation-p-23973.html HTTP/1.0" 301 73371 "-" "Mozilla/5.0 (compatible; AhrefsBot/7.0; +http://ahrefs.com/robot/)"
114.119.128.253 - - [29/Nov/2021:12:09:30 +0100] "GET /buddha-canvas-frame-p-39964.html HTTP/1.0" 200 73295 "-" "Mozilla/5.0 (Linux; Android 7.0;) AppleWebKit/537.36 (KHTML, like Gecko) Mobile Safari/537.36 (compatible; PetalBot;+https://webmaster.petalsearch.com/site/petalbot)"
