185.191.171.45 - - [29/Nov/2021:19:57:53 +0100] "GET /couple-of-cats-placemat-p-37936.html HTTP/1.0" 301 70751 "-" "Mozilla/5.0 (compatible; SemrushBot/7~bl; +http://www.semrush.com/bot.html)"
185.191.171.43 - - [29/Nov/2021:19:57:55 +0100] "GET /couple-cats-placemat-p-37936.html HTTP/1.0" 200 70664 "-" "Mozilla/5.0 (compatible; SemrushBot/7~bl; +http://www.semrush.com/bot.html)"
185.191.171.18 - - [29/Nov/2021:19:57:57 +0100] "GET /salt-boxes-jars-c-12_223.html?page=3 HTTP/1.0" 200 90921 "-" "Mozilla/5.0 (compatible; SemrushBot/7~bl; +http://www.semrush.com/bot.html)"
66.249.75.170 - - [29/Nov/2021:19:58:15 +0100] "GET /cheshire-cat-figure-by-britto-p-44594.html HTTP/1.0" 301 73877 "-" "Mozilla/5.0 (compatible; Googlebot/2.1; +http://www.google.com/bot.html)"
66.249.75.170 - - [29/Nov/2021:19:58:16 +0100] "GET /cheshire-figure-britto-p-44594.html HTTP/1.0" 200 73788 "-" "Mozilla/5.0 (compatible; Googlebot/2.1; +http://www.google.com/bot.html)"
185.191.171.6 - - [29/Nov/2021:19:58:23 +0100] "GET /degas-etoile-shoulder-hook-made-france-p-47433.html HTTP/1.0" 200 74261 "-" "Mozilla/5.0 (compatible; SemrushBot/7~bl; +http://www.semrush.com/bot.html)"
54.36.148.234 - - [29/Nov/2021:19:58:31 +0100] "GET /zippo-candle-utility-lighter-p-43701.html HTTP/1.0" 200 73320 "-" "Mozilla/5.0 (compatible; AhrefsBot/7.0; +http://ahrefs.com/robot/)"
185.191.171.41 - - [29/Nov/2021:19:58:35 +0100] "GET /disney-princess-storage-stool-p-24528.html HTTP/1.0" 200 70700 "-" "Mozilla/5.0 (compatible; SemrushBot/7~bl; +http://www.semrush.com/bot.html)"
185.191.171.33 - - [29/Nov/2021:19:58:53 +0100] "GET /robots.txt HTTP/1.0" 200 245 "-" "Mozilla/5.0 (compatible; SemrushBot/7~bl; +http://www.semrush.com/bot.html)"
185.191.171.7 - - [29/Nov/2021:19:58:54 +0100] "GET /accessories-c-3.html?page=5 HTTP/1.0" 200 92356 "-" "Mozilla/5.0 (compatible; SemrushBot/7~bl; +http://www.semrush.com/bot.html)"
207.46.13.118 - - [29/Nov/2021:19:58:57 +0100] "GET /dishes-dishes-c-251.html HTTP/1.0" 301 89673 "-" "Mozilla/5.0 (compatible; bingbot/2.0; +http://www.bing.com/bingbot.htm)"
185.191.171.14 - - [29/Nov/2021:19:59:17 +0100] "GET /-p-39107.html?action=add_product HTTP/1.0" 302 476 "-" "Mozilla/5.0 (compatible; SemrushBot/7~bl; +http://www.semrush.com/bot.html)"
185.191.171.4 - - [29/Nov/2021:19:59:22 +0100] "GET /pepe-jeans-gray-shoulder-p-35984.html HTTP/1.0" 200 73609 "-" "Mozilla/5.0 (compatible; SemrushBot/7~bl; +http://www.semrush.com/bot.html)"
52.148.165.70 - - [29/Nov/2021:19:59:40 +0100] "GET /images/J1399984249246.jpg HTTP/1.0" 200 260 "-" "Mozilla/5.0 (Windows NT 10.0; ) Gecko/20100101 Firefox/61.0"
157.55.39.223 - - [29/Nov/2021:19:59:46 +0100] "GET /magnet-pour-meilleur-papi-monde-p-56566.html HTTP/1.0" 200 73924 "-" "Mozilla/5.0 (compatible; bingbot/2.0; +http://www.bing.com/bingbot.htm)"
216.244.66.242 - - [29/Nov/2021:20:00:30 +0100] "GET /arrow-metal-plate-p-41722.html HTTP/1.0" 200 70640 "-" "Mozilla/5.0 (compatible; DotBot/1.2; +https://opensiteexplorer.org/dotbot; help@moz.com)"
185.191.171.34 - - [29/Nov/2021:20:00:35 +0100] "GET /love-london-mouse-cbkreation-p-13921.html HTTP/1.0" 200 73248 "-" "Mozilla/5.0 (compatible; SemrushBot/7~bl; +http://www.semrush.com/bot.html)"
54.36.148.180 - - [29/Nov/2021:20:00:35 +0100] "GET /carpet-p-52811.html HTTP/1.0" 200 73290 "-" "Mozilla/5.0 (compatible; AhrefsBot/7.0; +http://ahrefs.com/robot/)"
216.244.66.242 - - [29/Nov/2021:20:00:36 +0100] "GET /dragon-ball-poster-p-40777.html HTTP/1.0" 200 70645 "-" "Mozilla/5.0 (compatible; DotBot/1.2; +https://opensiteexplorer.org/dotbot; help@moz.com)"
216.244.66.242 - - [29/Nov/2021:20:00:44 +0100] "GET /gorjuss-eraser-p-32747.html HTTP/1.0" 200 70625 "-" "Mozilla/5.0 (compatible; DotBot/1.2; +https://opensiteexplorer.org/dotbot; help@moz.com)"
216.244.66.242 - - [29/Nov/2021:20:00:57 +0100] "GET /blue-perfume-diffuser-p-35884.html HTTP/1.0" 200 70660 "-" "Mozilla/5.0 (compatible; DotBot/1.2; +https://opensiteexplorer.org/dotbot; help@moz.com)"
216.244.66.242 - - [29/Nov/2021:20:01:06 +0100] "GET /hello-kitty-swimming-armband-p-20701.html HTTP/1.0" 200 70695 "-" "Mozilla/5.0 (compatible; DotBot/1.2; +https://opensiteexplorer.org/dotbot; help@moz.com)"
185.191.171.13 - - [29/Nov/2021:20:01:28 +0100] "GET /black-retro-shoulder-bag-p-48762.html HTTP/1.0" 301 73460 "-" "Mozilla/5.0 (compatible; SemrushBot/7~bl; +http://www.semrush.com/bot.html)"
185.191.171.44 - - [29/Nov/2021:20:01:32 +0100] "GET /black-retro-shoulder-p-48762.html HTTP/1.0" 200 73373 "-" "Mozilla/5.0 (compatible; SemrushBot/7~bl; +http://www.semrush.com/bot.html)"
185.191.171.33 - - [29/Nov/2021:20:01:34 +0100] "GET /little-toiletry-bag-p-43414.html HTTP/1.0" 301 73345 "-" "Mozilla/5.0 (compatible; SemrushBot/7~bl; +http://www.semrush.com/bot.html)"
185.191.171.4 - - [29/Nov/2021:20:01:37 +0100] "GET /little-toiletry-p-43414.html HTTP/1.0" 200 73263 "-" "Mozilla/5.0 (compatible; SemrushBot/7~bl; +http://www.semrush.com/bot.html)"
216.244.66.242 - - [29/Nov/2021:20:01:46 +0100] "GET /trolley-suitcase-paris-black-medium-p-38639.html HTTP/1.0" 200 70736 "-" "Mozilla/5.0 (compatible; DotBot/1.2; +https://opensiteexplorer.org/dotbot; help@moz.com)"
66.249.75.166 - - [29/Nov/2021:20:02:03 +0100] "GET /evil-queen-figurine-disney-showcase-p-44598.html HTTP/1.0" 200 73895 "-" "Mozilla/5.0 (Linux; Android 6.0.1; Nexus 5X Build/MMB29P) AppleWebKit/537.36 (KHTML, like Gecko) Chrome/96.0.4664.45 Mobile Safari/537.36 (compatible; Googlebot/2.1; +http://www.google.com/bot.html)"
54.36.149.50 - - [29/Nov/2021:20:02:19 +0100] "GET /captain-amrica-shirt-p-29615.html HTTP/1.0" 200 74593 "-" "Mozilla/5.0 (compatible; AhrefsBot/7.0; +http://ahrefs.com/robot/)"
157.55.39.223 - - [29/Nov/2021:20:02:25 +0100] "GET /images/DSCN3926bettyboop.jpg HTTP/1.0" 200 263 "-" "Mozilla/5.0 (compatible; bingbot/2.0; +http://www.bing.com/bingbot.htm)"
185.191.171.8 - - [29/Nov/2021:20:02:29 +0100] "GET /dora-explorer-baby-p-2403.html HTTP/1.0" 200 73100 "-" "Mozilla/5.0 (compatible; SemrushBot/7~bl; +http://www.semrush.com/bot.html)"
185.191.171.12 - - [29/Nov/2021:20:03:01 +0100] "GET /flamingo-wall-decoration-p-42133.html HTTP/1.0" 200 70672 "-" "Mozilla/5.0 (compatible; SemrushBot/7~bl; +http://www.semrush.com/bot.html)"
157.55.39.228 - - [29/Nov/2021:20:03:10 +0100] "GET /fancy-elastic-bracelet-buddha-p-43734.html HTTP/1.0" 200 73224 "-" "Mozilla/5.0 (compatible; bingbot/2.0; +http://www.bing.com/bingbot.htm)"
185.191.171.41 - - [29/Nov/2021:20:03:14 +0100] "GET /boxes-storage-c-13_150.html?page=25 HTTP/1.0" 200 88664 "-" "Mozilla/5.0 (compatible; SemrushBot/7~bl; +http://www.semrush.com/bot.html)"
216.244.66.242 - - [29/Nov/2021:20:03:27 +0100] "GET /rectangular-kitchen-towel-cotton-pastis-marseille-p-48527.html HTTP/1.0" 200 73492 "-" "Mozilla/5.0 (compatible; DotBot/1.2; +https://opensiteexplorer.org/dotbot; help@moz.com)"
54.36.148.112 - - [29/Nov/2021:20:04:05 +0100] "GET /lotus-candleholder-light-white-p-40683.html HTTP/1.0" 200 74681 "-" "Mozilla/5.0 (compatible; AhrefsBot/7.0; +http://ahrefs.com/robot/)"
52.148.165.160 - - [29/Nov/2021:20:04:06 +0100] "GET /images/3438100349571.jpg HTTP/1.0" 200 259 "-" "Mozilla/5.0 (Windows NT 10.0; WOW64) AppleWebKit/537.36 (KHTML, like Gecko) Chrome/64.0.3282.186 Safari/537.36"
185.191.171.42 - - [29/Nov/2021:20:04:14 +0100] "GET /purse-mani-the-lucky-cat-pink-p-37350.html HTTP/1.0" 301 73436 "-" "Mozilla/5.0 (compatible; SemrushBot/7~bl; +http://www.semrush.com/bot.html)"
185.191.171.6 - - [29/Nov/2021:20:04:16 +0100] "GET /purse-mani-lucky-pink-p-37350.html HTTP/1.0" 200 73348 "-" "Mozilla/5.0 (compatible; SemrushBot/7~bl; +http://www.semrush.com/bot.html)"
54.36.148.71 - - [29/Nov/2021:20:04:19 +0100] "GET /usa-flag-door-journals-p-29732.html HTTP/1.0" 301 70719 "-" "Mozilla/5.0 (compatible; AhrefsBot/7.0; +http://ahrefs.com/robot/)"
185.191.171.4 - - [29/Nov/2021:20:04:25 +0100] "GET /shopping-bag-mani-the-lucky-cat-fuchsia-p-37346.html HTTP/1.0" 301 70631 "-" "Mozilla/5.0 (compatible; SemrushBot/7~bl; +http://www.semrush.com/bot.html)"
185.191.171.45 - - [29/Nov/2021:20:04:27 +0100] "GET /-p-37346.html HTTP/1.0" 200 70564 "-" "Mozilla/5.0 (compatible; SemrushBot/7~bl; +http://www.semrush.com/bot.html)"
185.191.171.12 - - [29/Nov/2021:20:04:29 +0100] "GET /rattan-pot-cover-large-model-p-49859.html HTTP/1.0" 301 70749 "-" "Mozilla/5.0 (compatible; SemrushBot/7~bl; +http://www.semrush.com/bot.html)"
185.191.171.22 - - [29/Nov/2021:20:04:32 +0100] "GET /rattan-cover-large-model-p-49859.html HTTP/1.0" 200 70658 "-" "Mozilla/5.0 (compatible; SemrushBot/7~bl; +http://www.semrush.com/bot.html)"
71.94.200.219 - - [29/Nov/2021:20:04:34 +0100] "GET / HTTP/1.0" 200 151282 "-" "Mozilla/5.0 (iPhone; CPU iPhone OS 13_3_1 like Mac OS X) AppleWebKit/605.1.15 (KHTML, like Gecko) Version/13.0.5 Mobile/15E148 Safari/604.1"
71.94.200.219 - - [29/Nov/2021:20:04:35 +0100] "GET /highslide/highslide.js HTTP/1.0" 200 262 "http://www.wonder-geek.com/" "Mozilla/5.0 (iPhone; CPU iPhone OS 13_3_1 like Mac OS X) AppleWebKit/605.1.15 (KHTML, like Gecko) Version/13.0.5 Mobile/15E148 Safari/604.1"
71.94.200.219 - - [29/Nov/2021:20:04:35 +0100] "GET /js/jquery.js HTTP/1.0" 200 252 "http://www.wonder-geek.com/" "Mozilla/5.0 (iPhone; CPU iPhone OS 13_3_1 like Mac OS X) AppleWebKit/605.1.15 (KHTML, like Gecko) Version/13.0.5 Mobile/15E148 Safari/604.1"
71.94.200.219 - - [29/Nov/2021:20:04:35 +0100] "GET /templates/Pixame_v1/stylesheet.css HTTP/1.0" 200 267 "http://www.wonder-geek.com/" "Mozilla/5.0 (iPhone; CPU iPhone OS 13_3_1 like Mac OS X) AppleWebKit/605.1.15 (KHTML, like Gecko) Version/13.0.5 Mobile/15E148 Safari/604.1"
216.244.66.242 - - [29/Nov/2021:20:04:34 +0100] "GET /decorative-cotton-hearts-hang-charline-p-51651.html HTTP/1.0" 200 75019 "-" "Mozilla/5.0 (compatible; DotBot/1.2; +https://opensiteexplorer.org/dotbot; help@moz.com)"
71.94.200.219 - - [29/Nov/2021:20:04:35 +0100] "GET /js/jquery.jqzoom.js HTTP/1.0" 200 259 "http://www.wonder-geek.com/" "Mozilla/5.0 (iPhone; CPU iPhone OS 13_3_1 like Mac OS X) AppleWebKit/605.1.15 (KHTML, like Gecko) Version/13.0.5 Mobile/15E148 Safari/604.1"
71.94.200.219 - - [29/Nov/2021:20:04:35 +0100] "GET /mondial_relay/js/jquery-1.3.2.min.js HTTP/1.0" 200 276 "http://www.wonder-geek.com/" "Mozilla/5.0 (iPhone; CPU iPhone OS 13_3_1 like Mac OS X) AppleWebKit/605.1.15 (KHTML, like Gecko) Version/13.0.5 Mobile/15E148 Safari/604.1"
71.94.200.219 - - [29/Nov/2021:20:04:35 +0100] "GET /swfobject.js HTTP/1.0" 404 1308 "http://www.wonder-geek.com/" "Mozilla/5.0 (iPhone; CPU iPhone OS 13_3_1 like Mac OS X) AppleWebKit/605.1.15 (KHTML, like Gecko) Version/13.0.5 Mobile/15E148 Safari/604.1"
71.94.200.219 - - [29/Nov/2021:20:04:35 +0100] "GET /js/jquery.min.js HTTP/1.0" 404 1308 "http://www.wonder-geek.com/" "Mozilla/5.0 (iPhone; CPU iPhone OS 13_3_1 like Mac OS X) AppleWebKit/605.1.15 (KHTML, like Gecko) Version/13.0.5 Mobile/15E148 Safari/604.1"
71.94.200.219 - - [29/Nov/2021:20:04:35 +0100] "GET /js/jquery.masonry.min.js HTTP/1.0" 200 264 "http://www.wonder-geek.com/" "Mozilla/5.0 (iPhone; CPU iPhone OS 13_3_1 like Mac OS X) AppleWebKit/605.1.15 (KHTML, like Gecko) Version/13.0.5 Mobile/15E148 Safari/604.1"
71.94.200.219 - - [29/Nov/2021:20:04:35 +0100] "GET /js/modernizr-transitions.js HTTP/1.0" 200 267 "http://www.wonder-geek.com/" "Mozilla/5.0 (iPhone; CPU iPhone OS 13_3_1 like Mac OS X) AppleWebKit/605.1.15 (KHTML, like Gecko) Version/13.0.5 Mobile/15E148 Safari/604.1"
71.94.200.219 - - [29/Nov/2021:20:04:35 +0100] "GET /templates/Pixame_v1/images/icon_accueil2.png HTTP/1.0" 200 278 "http://www.wonder-geek.com/" "Mozilla/5.0 (iPhone; CPU iPhone OS 13_3_1 like Mac OS X) AppleWebKit/605.1.15 (KHTML, like Gecko) Version/13.0.5 Mobile/15E148 Safari/604.1"
71.94.200.219 - - [29/Nov/2021:20:04:36 +0100] "GET /templates/Pixame_v1/images/pixel_trans.gif HTTP/1.0" 200 328 "http://www.wonder-geek.com/" "Mozilla/5.0 (iPhone; CPU iPhone OS 13_3_1 like Mac OS X) AppleWebKit/605.1.15 (KHTML, like Gecko) Version/13.0.5 Mobile/15E148 Safari/604.1"
71.94.200.219 - - [29/Nov/2021:20:04:36 +0100] "GET /images/pixel_trans.gif HTTP/1.0" 200 328 "http://www.wonder-geek.com/" "Mozilla/5.0 (iPhone; CPU iPhone OS 13_3_1 like Mac OS X) AppleWebKit/605.1.15 (KHTML, like Gecko) Version/13.0.5 Mobile/15E148 Safari/604.1"
71.94.200.219 - - [29/Nov/2021:20:04:36 +0100] "GET /templates/Pixame_v1/images/infobox/pixel_trans.gif HTTP/1.0" 200 328 "http://www.wonder-geek.com/" "Mozilla/5.0 (iPhone; CPU iPhone OS 13_3_1 like Mac OS X) AppleWebKit/605.1.15 (KHTML, like Gecko) Version/13.0.5 Mobile/15E148 Safari/604.1"
71.94.200.219 - - [29/Nov/2021:20:04:36 +0100] "GET /images/mini_prod/8433933252901.jpg HTTP/1.0" 200 269 "http://www.wonder-geek.com/" "Mozilla/5.0 (iPhone; CPU iPhone OS 13_3_1 like Mac OS X) AppleWebKit/605.1.15 (KHTML, like Gecko) Version/13.0.5 Mobile/15E148 Safari/604.1"
71.94.200.219 - - [29/Nov/2021:20:04:36 +0100] "GET /images/mini_prod/542202657430.jpg HTTP/1.0" 200 268 "http://www.wonder-geek.com/" "Mozilla/5.0 (iPhone; CPU iPhone OS 13_3_1 like Mac OS X) AppleWebKit/605.1.15 (KHTML, like Gecko) Version/13.0.5 Mobile/15E148 Safari/604.1"
71.94.200.219 - - [29/Nov/2021:20:04:36 +0100] "GET /images/mini_prod/8424345302490.jpg HTTP/1.0" 200 269 "http://www.wonder-geek.com/" "Mozilla/5.0 (iPhone; CPU iPhone OS 13_3_1 like Mac OS X) AppleWebKit/605.1.15 (KHTML, like Gecko) Version/13.0.5 Mobile/15E148 Safari/604.1"
71.94.200.219 - - [29/Nov/2021:20:04:36 +0100] "GET /images/mini_prod/8433933239216.jpg HTTP/1.0" 200 269 "http://www.wonder-geek.com/" "Mozilla/5.0 (iPhone; CPU iPhone OS 13_3_1 like Mac OS X) AppleWebKit/605.1.15 (KHTML, like Gecko) Version/13.0.5 Mobile/15E148 Safari/604.1"
71.94.200.219 - - [29/Nov/2021:20:04:36 +0100] "GET /images/mini_prod/3700281652789.jpg HTTP/1.0" 200 269 "http://www.wonder-geek.com/" "Mozilla/5.0 (iPhone; CPU iPhone OS 13_3_1 like Mac OS X) AppleWebKit/605.1.15 (KHTML, like Gecko) Version/13.0.5 Mobile/15E148 Safari/604.1"
71.94.200.219 - - [29/Nov/2021:20:04:36 +0100] "GET /images/mini_prod/4250255840463.jpg HTTP/1.0" 200 269 "http://www.wonder-geek.com/" "Mozilla/5.0 (iPhone; CPU iPhone OS 13_3_1 like Mac OS X) AppleWebKit/605.1.15 (KHTML, like Gecko) Version/13.0.5 Mobile/15E148 Safari/604.1"
71.94.200.219 - - [29/Nov/2021:20:04:36 +0100] "GET /images/mini_prod/5400924182717.jpg HTTP/1.0" 200 269 "http://www.wonder-geek.com/" "Mozilla/5.0 (iPhone; CPU iPhone OS 13_3_1 like Mac OS X) AppleWebKit/605.1.15 (KHTML, like Gecko) Version/13.0.5 Mobile/15E148 Safari/604.1"
71.94.200.219 - - [29/Nov/2021:20:04:36 +0100] "GET /images/mini_prod/8433933241714.jpg HTTP/1.0" 200 269 "http://www.wonder-geek.com/" "Mozilla/5.0 (iPhone; CPU iPhone OS 13_3_1 like Mac OS X) AppleWebKit/605.1.15 (KHTML, like Gecko) Version/13.0.5 Mobile/15E148 Safari/604.1"
71.94.200.219 - - [29/Nov/2021:20:04:36 +0100] "GET /images/mini_prod/3418178596039.jpg HTTP/1.0" 200 269 "http://www.wonder-geek.com/" "Mozilla/5.0 (iPhone; CPU iPhone OS 13_3_1 like Mac OS X) AppleWebKit/605.1.15 (KHTML, like Gecko) Version/13.0.5 Mobile/15E148 Safari/604.1"
71.94.200.219 - - [29/Nov/2021:20:04:36 +0100] "GET /images/mini_prod/8712159172157.jpg HTTP/1.0" 200 269 "http://www.wonder-geek.com/" "Mozilla/5.0 (iPhone; CPU iPhone OS 13_3_1 like Mac OS X) AppleWebKit/605.1.15 (KHTML, like Gecko) Version/13.0.5 Mobile/15E148 Safari/604.1"
71.94.200.219 - - [29/Nov/2021:20:04:36 +0100] "GET /images/mini_prod/8433933228616A.jpg HTTP/1.0" 200 270 "http://www.wonder-geek.com/" "Mozilla/5.0 (iPhone; CPU iPhone OS 13_3_1 like Mac OS X) AppleWebKit/605.1.15 (KHTML, like Gecko) Version/13.0.5 Mobile/15E148 Safari/604.1"
71.94.200.219 - - [29/Nov/2021:20:04:36 +0100] "GET /images/mini_prod/8433933060377.jpg HTTP/1.0" 200 269 "http://www.wonder-geek.com/" "Mozilla/5.0 (iPhone; CPU iPhone OS 13_3_1 like Mac OS X) AppleWebKit/605.1.15 (KHTML, like Gecko) Version/13.0.5 Mobile/15E148 Safari/604.1"
71.94.200.219 - - [29/Nov/2021:20:04:36 +0100] "GET /images/mini_prod/4012677165469.jpg HTTP/1.0" 200 269 "http://www.wonder-geek.com/" "Mozilla/5.0 (iPhone; CPU iPhone OS 13_3_1 like Mac OS X) AppleWebKit/605.1.15 (KHTML, like Gecko) Version/13.0.5 Mobile/15E148 Safari/604.1"
71.94.200.219 - - [29/Nov/2021:20:04:36 +0100] "GET /images/mini_prod/8433933208441.jpg HTTP/1.0" 200 269 "http://www.wonder-geek.com/" "Mozilla/5.0 (iPhone; CPU iPhone OS 13_3_1 like Mac OS X) AppleWebKit/605.1.15 (KHTML, like Gecko) Version/13.0.5 Mobile/15E148 Safari/604.1"
71.94.200.219 - - [29/Nov/2021:20:04:36 +0100] "GET /images/mini_prod/542202657423.jpg HTTP/1.0" 200 268 "http://www.wonder-geek.com/" "Mozilla/5.0 (iPhone; CPU iPhone OS 13_3_1 like Mac OS X) AppleWebKit/605.1.15 (KHTML, like Gecko) Version/13.0.5 Mobile/15E148 Safari/604.1"
71.94.200.219 - - [29/Nov/2021:20:04:36 +0100] "GET /images/mini_prod/8433933225455.jpg HTTP/1.0" 200 269 "http://www.wonder-geek.com/" "Mozilla/5.0 (iPhone; CPU iPhone OS 13_3_1 like Mac OS X) AppleWebKit/605.1.15 (KHTML, like Gecko) Version/13.0.5 Mobile/15E148 Safari/604.1"
71.94.200.219 - - [29/Nov/2021:20:04:36 +0100] "GET /images/mini_prod/3700344927243.jpg HTTP/1.0" 200 269 "http://www.wonder-geek.com/" "Mozilla/5.0 (iPhone; CPU iPhone OS 13_3_1 like Mac OS X) AppleWebKit/605.1.15 (KHTML, like Gecko) Version/13.0.5 Mobile/15E148 Safari/604.1"
71.94.200.219 - - [29/Nov/2021:20:04:37 +0100] "GET /images/mini_prod/3453131159142.jpg HTTP/1.0" 200 269 "http://www.wonder-geek.com/" "Mozilla/5.0 (iPhone; CPU iPhone OS 13_3_1 like Mac OS X) AppleWebKit/605.1.15 (KHTML, like Gecko) Version/13.0.5 Mobile/15E148 Safari/604.1"
71.94.200.219 - - [29/Nov/2021:20:04:37 +0100] "GET /images/mini_prod/8433933244753.jpg HTTP/1.0" 200 269 "http://www.wonder-geek.com/" "Mozilla/5.0 (iPhone; CPU iPhone OS 13_3_1 like Mac OS X) AppleWebKit/605.1.15 (KHTML, like Gecko) Version/13.0.5 Mobile/15E148 Safari/604.1"
71.94.200.219 - - [29/Nov/2021:20:04:37 +0100] "GET /images/mini_prod/3665269159721.jpg HTTP/1.0" 200 269 "http://www.wonder-geek.com/" "Mozilla/5.0 (iPhone; CPU iPhone OS 13_3_1 like Mac OS X) AppleWebKit/605.1.15 (KHTML, like Gecko) Version/13.0.5 Mobile/15E148 Safari/604.1"
71.94.200.219 - - [29/Nov/2021:20:04:37 +0100] "GET /images/mini_prod/8433933251423.jpg HTTP/1.0" 200 269 "http://www.wonder-geek.com/" "Mozilla/5.0 (iPhone; CPU iPhone OS 13_3_1 like Mac OS X) AppleWebKit/605.1.15 (KHTML, like Gecko) Version/13.0.5 Mobile/15E148 Safari/604.1"
71.94.200.219 - - [29/Nov/2021:20:04:37 +0100] "GET /images/mini_prod/5400924116538B.jpg HTTP/1.0" 200 270 "http://www.wonder-geek.com/" "Mozilla/5.0 (iPhone; CPU iPhone OS 13_3_1 like Mac OS X) AppleWebKit/605.1.15 (KHTML, like Gecko) Version/13.0.5 Mobile/15E148 Safari/604.1"
71.94.200.219 - - [29/Nov/2021:20:04:37 +0100] "GET /images/mini_prod/3700281653441.jpg HTTP/1.0" 200 269 "http://www.wonder-geek.com/" "Mozilla/5.0 (iPhone; CPU iPhone OS 13_3_1 like Mac OS X) AppleWebKit/605.1.15 (KHTML, like Gecko) Version/13.0.5 Mobile/15E148 Safari/604.1"
71.94.200.219 - - [29/Nov/2021:20:04:37 +0100] "GET /images/mini_prod/5400924160173.jpg HTTP/1.0" 200 269 "http://www.wonder-geek.com/" "Mozilla/5.0 (iPhone; CPU iPhone OS 13_3_1 like Mac OS X) AppleWebKit/605.1.15 (KHTML, like Gecko) Version/13.0.5 Mobile/15E148 Safari/604.1"
71.94.200.219 - - [29/Nov/2021:20:04:37 +0100] "GET /images/mini_prod/3520071824604.jpg HTTP/1.0" 200 269 "http://www.wonder-geek.com/" "Mozilla/5.0 (iPhone; CPU iPhone OS 13_3_1 like Mac OS X) AppleWebKit/605.1.15 (KHTML, like Gecko) Version/13.0.5 Mobile/15E148 Safari/604.1"
71.94.200.219 - - [29/Nov/2021:20:04:37 +0100] "GET /images/mini_prod/3520071808536.jpg HTTP/1.0" 200 269 "http://www.wonder-geek.com/" "Mozilla/5.0 (iPhone; CPU iPhone OS 13_3_1 like Mac OS X) AppleWebKit/605.1.15 (KHTML, like Gecko) Version/13.0.5 Mobile/15E148 Safari/604.1"
71.94.200.219 - - [29/Nov/2021:20:04:37 +0100] "GET /images/mini_prod/5400924158132.jpg HTTP/1.0" 200 269 "http://www.wonder-geek.com/" "Mozilla/5.0 (iPhone; CPU iPhone OS 13_3_1 like Mac OS X) AppleWebKit/605.1.15 (KHTML, like Gecko) Version/13.0.5 Mobile/15E148 Safari/604.1"
71.94.200.219 - - [29/Nov/2021:20:04:37 +0100] "GET /images/mini_prod/8424346043859.jpg HTTP/1.0" 200 269 "http://www.wonder-geek.com/" "Mozilla/5.0 (iPhone; CPU iPhone OS 13_3_1 like Mac OS X) AppleWebKit/605.1.15 (KHTML, like Gecko) Version/13.0.5 Mobile/15E148 Safari/604.1"
71.94.200.219 - - [29/Nov/2021:20:04:37 +0100] "GET /images/mini_prod/8433933252932.jpg HTTP/1.0" 200 269 "http://www.wonder-geek.com/" "Mozilla/5.0 (iPhone; CPU iPhone OS 13_3_1 like Mac OS X) AppleWebKit/605.1.15 (KHTML, like Gecko) Version/13.0.5 Mobile/15E148 Safari/604.1"
71.94.200.219 - - [29/Nov/2021:20:04:37 +0100] "GET /images/mini_prod/8433933242995.jpg HTTP/1.0" 200 269 "http://www.wonder-geek.com/" "Mozilla/5.0 (iPhone; CPU iPhone OS 13_3_1 like Mac OS X) AppleWebKit/605.1.15 (KHTML, like Gecko) Version/13.0.5 Mobile/15E148 Safari/604.1"
71.94.200.219 - - [29/Nov/2021:20:04:37 +0100] "GET /images/mini_prod/8433933058459.jpg HTTP/1.0" 200 269 "http://www.wonder-geek.com/" "Mozilla/5.0 (iPhone; CPU iPhone OS 13_3_1 like Mac OS X) AppleWebKit/605.1.15 (KHTML, like Gecko) Version/13.0.5 Mobile/15E148 Safari/604.1"
71.94.200.219 - - [29/Nov/2021:20:04:37 +0100] "GET /images/mini_prod/4260082937489.jpg HTTP/1.0" 200 269 "http://www.wonder-geek.com/" "Mozilla/5.0 (iPhone; CPU iPhone OS 13_3_1 like Mac OS X) AppleWebKit/605.1.15 (KHTML, like Gecko) Version/13.0.5 Mobile/15E148 Safari/604.1"
71.94.200.219 - - [29/Nov/2021:20:04:37 +0100] "GET /images/mini_prod/3453131158183.jpg HTTP/1.0" 200 269 "http://www.wonder-geek.com/" "Mozilla/5.0 (iPhone; CPU iPhone OS 13_3_1 like Mac OS X) AppleWebKit/605.1.15 (KHTML, like Gecko) Version/13.0.5 Mobile/15E148 Safari/604.1"
71.94.200.219 - - [29/Nov/2021:20:04:37 +0100] "GET /images/mini_prod/5400924160296.jpg HTTP/1.0" 200 269 "http://www.wonder-geek.com/" "Mozilla/5.0 (iPhone; CPU iPhone OS 13_3_1 like Mac OS X) AppleWebKit/605.1.15 (KHTML, like Gecko) Version/13.0.5 Mobile/15E148 Safari/604.1"
71.94.200.219 - - [29/Nov/2021:20:04:38 +0100] "GET /images/mini_prod/8433933246092.jpg HTTP/1.0" 200 269 "http://www.wonder-geek.com/" "Mozilla/5.0 (iPhone; CPU iPhone OS 13_3_1 like Mac OS X) AppleWebKit/605.1.15 (KHTML, like Gecko) Version/13.0.5 Mobile/15E148 Safari/604.1"
71.94.200.219 - - [29/Nov/2021:20:04:38 +0100] "GET /images/mini_prod/a8717202555284.jpg HTTP/1.0" 200 270 "http://www.wonder-geek.com/" "Mozilla/5.0 (iPhone; CPU iPhone OS 13_3_1 like Mac OS X) AppleWebKit/605.1.15 (KHTML, like Gecko) Version/13.0.5 Mobile/15E148 Safari/604.1"
71.94.200.219 - - [29/Nov/2021:20:04:38 +0100] "GET /images/mini_prod/5400924182748.jpg HTTP/1.0" 200 269 "http://www.wonder-geek.com/" "Mozilla/5.0 (iPhone; CPU iPhone OS 13_3_1 like Mac OS X) AppleWebKit/605.1.15 (KHTML, like Gecko) Version/13.0.5 Mobile/15E148 Safari/604.1"
71.94.200.219 - - [29/Nov/2021:20:04:38 +0100] "GET /images/mini_prod/8433933239254.jpg HTTP/1.0" 200 269 "http://www.wonder-geek.com/" "Mozilla/5.0 (iPhone; CPU iPhone OS 13_3_1 like Mac OS X) AppleWebKit/605.1.15 (KHTML, like Gecko) Version/13.0.5 Mobile/15E148 Safari/604.1"
71.94.200.219 - - [29/Nov/2021:20:04:38 +0100] "GET /images/mini_prod/8433933228609A.jpg HTTP/1.0" 200 270 "http://www.wonder-geek.com/" "Mozilla/5.0 (iPhone; CPU iPhone OS 13_3_1 like Mac OS X) AppleWebKit/605.1.15 (KHTML, like Gecko) Version/13.0.5 Mobile/15E148 Safari/604.1"
71.94.200.219 - - [29/Nov/2021:20:04:38 +0100] "GET /images/mini_prod/8433933246054.jpg HTTP/1.0" 200 269 "http://www.wonder-geek.com/" "Mozilla/5.0 (iPhone; CPU iPhone OS 13_3_1 like Mac OS X) AppleWebKit/605.1.15 (KHTML, like Gecko) Version/13.0.5 Mobile/15E148 Safari/604.1"
71.94.200.219 - - [29/Nov/2021:20:04:38 +0100] "GET /images/mini_prod/8712159170238Z.jpg HTTP/1.0" 200 270 "http://www.wonder-geek.com/" "Mozilla/5.0 (iPhone; CPU iPhone OS 13_3_1 like Mac OS X) AppleWebKit/605.1.15 (KHTML, like Gecko) Version/13.0.5 Mobile/15E148 Safari/604.1"
71.94.200.219 - - [29/Nov/2021:20:04:38 +0100] "GET /images/mini_prod/3665269156676.jpg HTTP/1.0" 200 269 "http://www.wonder-geek.com/" "Mozilla/5.0 (iPhone; CPU iPhone OS 13_3_1 like Mac OS X) AppleWebKit/605.1.15 (KHTML, like Gecko) Version/13.0.5 Mobile/15E148 Safari/604.1"
71.94.200.219 - - [29/Nov/2021:20:04:38 +0100] "GET /images/mini_prod/8712159171877.jpg HTTP/1.0" 200 269 "http://www.wonder-geek.com/" "Mozilla/5.0 (iPhone; CPU iPhone OS 13_3_1 like Mac OS X) AppleWebKit/605.1.15 (KHTML, like Gecko) Version/13.0.5 Mobile/15E148 Safari/604.1"
71.94.200.219 - - [29/Nov/2021:20:04:38 +0100] "GET /images/mini_prod/8422015293703.jpg HTTP/1.0" 200 269 "http://www.wonder-geek.com/" "Mozilla/5.0 (iPhone; CPU iPhone OS 13_3_1 like Mac OS X) AppleWebKit/605.1.15 (KHTML, like Gecko) Version/13.0.5 Mobile/15E148 Safari/604.1"
71.94.200.219 - - [29/Nov/2021:20:04:38 +0100] "GET /images/mini_prod/3701206600106.jpg HTTP/1.0" 200 269 "http://www.wonder-geek.com/" "Mozilla/5.0 (iPhone; CPU iPhone OS 13_3_1 like Mac OS X) AppleWebKit/605.1.15 (KHTML, like Gecko) Version/13.0.5 Mobile/15E148 Safari/604.1"
71.94.200.219 - - [29/Nov/2021:20:04:38 +0100] "GET /images/mini_prod/8422015293727.jpg HTTP/1.0" 200 269 "http://www.wonder-geek.com/" "Mozilla/5.0 (iPhone; CPU iPhone OS 13_3_1 like Mac OS X) AppleWebKit/605.1.15 (KHTML, like Gecko) Version/13.0.5 Mobile/15E148 Safari/604.1"
71.94.200.219 - - [29/Nov/2021:20:04:38 +0100] "GET /images/mini_prod/8433933243152.jpg HTTP/1.0" 200 269 "http://www.wonder-geek.com/" "Mozilla/5.0 (iPhone; CPU iPhone OS 13_3_1 like Mac OS X) AppleWebKit/605.1.15 (KHTML, like Gecko) Version/13.0.5 Mobile/15E148 Safari/604.1"
71.94.200.219 - - [29/Nov/2021:20:04:38 +0100] "GET /images/mini_prod/3520071651323B.jpg HTTP/1.0" 200 270 "http://www.wonder-geek.com/" "Mozilla/5.0 (iPhone; CPU iPhone OS 13_3_1 like Mac OS X) AppleWebKit/605.1.15 (KHTML, like Gecko) Version/13.0.5 Mobile/15E148 Safari/604.1"
71.94.200.219 - - [29/Nov/2021:20:04:38 +0100] "GET /images/mini_prod/8433933239230.jpg HTTP/1.0" 200 269 "http://www.wonder-geek.com/" "Mozilla/5.0 (iPhone; CPU iPhone OS 13_3_1 like Mac OS X) AppleWebKit/605.1.15 (KHTML, like Gecko) Version/13.0.5 Mobile/15E148 Safari/604.1"
71.94.200.219 - - [29/Nov/2021:20:04:38 +0100] "GET /images/mini_prod/3453131158251C.jpg HTTP/1.0" 200 270 "http://www.wonder-geek.com/" "Mozilla/5.0 (iPhone; CPU iPhone OS 13_3_1 like Mac OS X) AppleWebKit/605.1.15 (KHTML, like Gecko) Version/13.0.5 Mobile/15E148 Safari/604.1"
71.94.200.219 - - [29/Nov/2021:20:04:38 +0100] "GET /images/mini_prod/4012677167227.jpg HTTP/1.0" 200 269 "http://www.wonder-geek.com/" "Mozilla/5.0 (iPhone; CPU iPhone OS 13_3_1 like Mac OS X) AppleWebKit/605.1.15 (KHTML, like Gecko) Version/13.0.5 Mobile/15E148 Safari/604.1"
71.94.200.219 - - [29/Nov/2021:20:04:38 +0100] "GET /images/mini_prod/4260082937441.jpg HTTP/1.0" 200 269 "http://www.wonder-geek.com/" "Mozilla/5.0 (iPhone; CPU iPhone OS 13_3_1 like Mac OS X) AppleWebKit/605.1.15 (KHTML, like Gecko) Version/13.0.5 Mobile/15E148 Safari/604.1"
71.94.200.219 - - [29/Nov/2021:20:04:38 +0100] "GET /images/mini_prod/542202657492c.jpg HTTP/1.0" 200 269 "http://www.wonder-geek.com/" "Mozilla/5.0 (iPhone; CPU iPhone OS 13_3_1 like Mac OS X) AppleWebKit/605.1.15 (KHTML, like Gecko) Version/13.0.5 Mobile/15E148 Safari/604.1"
71.94.200.219 - - [29/Nov/2021:20:04:38 +0100] "GET /images/mini_prod/3700516291547.jpg HTTP/1.0" 200 269 "http://www.wonder-geek.com/" "Mozilla/5.0 (iPhone; CPU iPhone OS 13_3_1 like Mac OS X) AppleWebKit/605.1.15 (KHTML, like Gecko) Version/13.0.5 Mobile/15E148 Safari/604.1"
71.94.200.219 - - [29/Nov/2021:20:04:39 +0100] "GET /images/mini_prod/028399294992.jpg HTTP/1.0" 200 268 "http://www.wonder-geek.com/" "Mozilla/5.0 (iPhone; CPU iPhone OS 13_3_1 like Mac OS X) AppleWebKit/605.1.15 (KHTML, like Gecko) Version/13.0.5 Mobile/15E148 Safari/604.1"
71.94.200.219 - - [29/Nov/2021:20:04:39 +0100] "GET /images/mini_prod/3660173232324.jpg HTTP/1.0" 200 269 "http://www.wonder-geek.com/" "Mozilla/5.0 (iPhone; CPU iPhone OS 13_3_1 like Mac OS X) AppleWebKit/605.1.15 (KHTML, like Gecko) Version/13.0.5 Mobile/15E148 Safari/604.1"
71.94.200.219 - - [29/Nov/2021:20:04:39 +0100] "GET /images/mini_prod/4895220303378.jpg HTTP/1.0" 200 269 "http://www.wonder-geek.com/" "Mozilla/5.0 (iPhone; CPU iPhone OS 13_3_1 like Mac OS X) AppleWebKit/605.1.15 (KHTML, like Gecko) Version/13.0.5 Mobile/15E148 Safari/604.1"
71.94.200.219 - - [29/Nov/2021:20:04:39 +0100] "GET /images/mini_prod/3700572730646.jpg HTTP/1.0" 200 269 "http://www.wonder-geek.com/" "Mozilla/5.0 (iPhone; CPU iPhone OS 13_3_1 like Mac OS X) AppleWebKit/605.1.15 (KHTML, like Gecko) Version/13.0.5 Mobile/15E148 Safari/604.1"
71.94.200.219 - - [29/Nov/2021:20:04:39 +0100] "GET /images/mini_prod/5400924182724.jpg HTTP/1.0" 200 269 "http://www.wonder-geek.com/" "Mozilla/5.0 (iPhone; CPU iPhone OS 13_3_1 like Mac OS X) AppleWebKit/605.1.15 (KHTML, like Gecko) Version/13.0.5 Mobile/15E148 Safari/604.1"
71.94.200.219 - - [29/Nov/2021:20:04:39 +0100] "GET /images/mini_prod/8424345302193B.jpg HTTP/1.0" 200 270 "http://www.wonder-geek.com/" "Mozilla/5.0 (iPhone; CPU iPhone OS 13_3_1 like Mac OS X) AppleWebKit/605.1.15 (KHTML, like Gecko) Version/13.0.5 Mobile/15E148 Safari/604.1"
71.94.200.219 - - [29/Nov/2021:20:04:39 +0100] "GET /images/mini_prod/3453131158176.jpg HTTP/1.0" 200 269 "http://www.wonder-geek.com/" "Mozilla/5.0 (iPhone; CPU iPhone OS 13_3_1 like Mac OS X) AppleWebKit/605.1.15 (KHTML, like Gecko) Version/13.0.5 Mobile/15E148 Safari/604.1"
71.94.200.219 - - [29/Nov/2021:20:04:39 +0100] "GET /images/mini_prod/8433933243220.jpg HTTP/1.0" 200 269 "http://www.wonder-geek.com/" "Mozilla/5.0 (iPhone; CPU iPhone OS 13_3_1 like Mac OS X) AppleWebKit/605.1.15 (KHTML, like Gecko) Version/13.0.5 Mobile/15E148 Safari/604.1"
71.94.200.219 - - [29/Nov/2021:20:04:39 +0100] "GET /images/mini_prod/8433933064078.jpg HTTP/1.0" 200 269 "http://www.wonder-geek.com/" "Mozilla/5.0 (iPhone; CPU iPhone OS 13_3_1 like Mac OS X) AppleWebKit/605.1.15 (KHTML, like Gecko) Version/13.0.5 Mobile/15E148 Safari/604.1"
71.94.200.219 - - [29/Nov/2021:20:04:39 +0100] "GET /images/mini_prod/3520071818153.jpg HTTP/1.0" 200 269 "http://www.wonder-geek.com/" "Mozilla/5.0 (iPhone; CPU iPhone OS 13_3_1 like Mac OS X) AppleWebKit/605.1.15 (KHTML, like Gecko) Version/13.0.5 Mobile/15E148 Safari/604.1"
71.94.200.219 - - [29/Nov/2021:20:04:39 +0100] "GET /images/mini_prod/3453131158213B.jpg HTTP/1.0" 200 270 "http://www.wonder-geek.com/" "Mozilla/5.0 (iPhone; CPU iPhone OS 13_3_1 like Mac OS X) AppleWebKit/605.1.15 (KHTML, like Gecko) Version/13.0.5 Mobile/15E148 Safari/604.1"
71.94.200.219 - - [29/Nov/2021:20:04:39 +0100] "GET /templates/Pixame_v1/images/Bottom_texture.jpg HTTP/1.0" 200 280 "http://www.wonder-geek.com/" "Mozilla/5.0 (iPhone; CPU iPhone OS 13_3_1 like Mac OS X) AppleWebKit/605.1.15 (KHTML, like Gecko) Version/13.0.5 Mobile/15E148 Safari/604.1"
71.94.200.219 - - [29/Nov/2021:20:04:39 +0100] "GET /templates/Pixame_v1/images/Middle_texture.jpg HTTP/1.0" 200 280 "http://www.wonder-geek.com/" "Mozilla/5.0 (iPhone; CPU iPhone OS 13_3_1 like Mac OS X) AppleWebKit/605.1.15 (KHTML, like Gecko) Version/13.0.5 Mobile/15E148 Safari/604.1"
185.191.171.19 - - [29/Nov/2021:20:05:06 +0100] "GET /cats-trivet-p-37929.html HTTP/1.0" 200 70598 "-" "Mozilla/5.0 (compatible; SemrushBot/7~bl; +http://www.semrush.com/bot.html)"
17.121.114.3 - - [29/Nov/2021:20:05:12 +0100] "GET /paris-p-30431.html HTTP/1.0" 200 73059 "-" "Mozilla/5.0 (Macintosh; Intel Mac OS X 10_15_5) AppleWebKit/605.1.15 (KHTML, like Gecko) Version/13.1.1 Safari/605.1.15 (Applebot/0.1; +http://www.apple.com/go/applebot)"
40.77.167.66 - - [29/Nov/2021:20:05:13 +0100] "GET /vespa-headlight-style-alarm-clock-p-23037.html HTTP/1.0" 200 70672 "-" "Mozilla/5.0 (compatible; bingbot/2.0; +http://www.bing.com/bingbot.htm)"
66.249.75.168 - - [29/Nov/2021:20:05:41 +0100] "GET /mickey-mouse-p-28176.html HTTP/1.0" 200 70610 "-" "Mozilla/5.0 (Linux; Android 6.0.1; Nexus 5X Build/MMB29P) AppleWebKit/537.36 (KHTML, like Gecko) Chrome/96.0.4664.45 Mobile Safari/537.36 (compatible; Googlebot/2.1; +http://www.google.com/bot.html)"
52.143.89.47 - - [29/Nov/2021:20:05:52 +0100] "GET /images/med_prod/1384010183779.jpg HTTP/1.0" 200 268 "-" "Mozilla/5.0 (X11; Linux x86_64) AppleWebKit/537.36 (KHTML, like Gecko) Chrome/62.0.3202.62 Safari/537.36"
54.236.1.11 - - [29/Nov/2021:20:05:57 +0100] "GET /swing-map-collection-gorjuss-p-23145.html HTTP/1.0" 301 70778 "-" "Mozilla/5.0 (compatible; Pinterestbot/1.0; +http://www.pinterest.com/bot.html)"
54.236.1.11 - - [29/Nov/2021:20:05:57 +0100] "GET /swing-collection-gorjuss-p-23145.html HTTP/1.0" 200 70687 "-" "Mozilla/5.0 (compatible; Pinterestbot/1.0; +http://www.pinterest.com/bot.html)"
216.244.66.242 - - [29/Nov/2021:20:06:07 +0100] "GET /nici-horse-club-scissors-p-22399.html HTTP/1.0" 200 73257 "-" "Mozilla/5.0 (compatible; DotBot/1.2; +https://opensiteexplorer.org/dotbot; help@moz.com)"
54.36.148.11 - - [29/Nov/2021:20:06:15 +0100] "GET /game-thrones-p-26015.html HTTP/1.0" 200 73185 "-" "Mozilla/5.0 (compatible; AhrefsBot/7.0; +http://ahrefs.com/robot/)"
124.71.153.13 - - [29/Nov/2021:20:06:22 +0100] "GET /images/mini_prod/8003990623473.jpg HTTP/1.0" 200 269 "-" "Mozilla/5.0 (X11; Ubuntu; Linux x86_64; rv:72.0) Gecko/20100101 Firefox/72.0"
216.244.66.242 - - [29/Nov/2021:20:06:36 +0100] "GET /rebel-small-melamine-tray-p-45172.html HTTP/1.0" 200 73289 "-" "Mozilla/5.0 (compatible; DotBot/1.2; +https://opensiteexplorer.org/dotbot; help@moz.com)"
207.46.13.118 - - [29/Nov/2021:20:06:38 +0100] "GET /images/med_prod/1384010183106.jpg HTTP/1.0" 200 268 "-" "Mozilla/5.0 (compatible; bingbot/2.0; +http://www.bing.com/bingbot.htm)"
52.148.165.217 - - [29/Nov/2021:20:06:40 +0100] "GET /images/big_prod/8433933961377.jpg HTTP/1.0" 200 268 "-" "Mozilla/5.0 (Windows NT 10.0; WOW64) AppleWebKit/537.36 (KHTML, like Gecko) Chrome/67.0.3396.99 Safari/537.36"
185.191.171.1 - - [29/Nov/2021:20:06:53 +0100] "GET /home-and-decoration-c-13.html?page=96 HTTP/1.0" 301 92359 "-" "Mozilla/5.0 (compatible; SemrushBot/7~bl; +http://www.semrush.com/bot.html)"
185.191.171.13 - - [29/Nov/2021:20:06:56 +0100] "GET /home-decoration-c-13.html?page=96 HTTP/1.0" 200 92272 "-" "Mozilla/5.0 (compatible; SemrushBot/7~bl; +http://www.semrush.com/bot.html)"
185.191.171.23 - - [29/Nov/2021:20:07:39 +0100] "GET /specials.php?page=48 HTTP/1.0" 200 124703 "-" "Mozilla/5.0 (compatible; SemrushBot/7~bl; +http://www.semrush.com/bot.html)"
52.148.165.70 - - [29/Nov/2021:20:07:45 +0100] "GET /images/1399984227053.jpg HTTP/1.0" 200 259 "-" "Mozilla/4.0 (compatible; MSIE 7.0; Windows NT 6.0)"
185.191.171.10 - - [29/Nov/2021:20:07:50 +0100] "GET /bear-money-p-55565.html HTTP/1.0" 200 73181 "-" "Mozilla/5.0 (compatible; SemrushBot/7~bl; +http://www.semrush.com/bot.html)"
185.191.171.8 - - [29/Nov/2021:20:07:53 +0100] "GET /ottomans-storage-ottomans-c-13_209.html HTTP/1.0" 200 90106 "-" "Mozilla/5.0 (compatible; SemrushBot/7~bl; +http://www.semrush.com/bot.html)"
54.36.148.237 - - [29/Nov/2021:20:08:09 +0100] "GET /jane-crowther-p-54772.html HTTP/1.0" 200 73977 "-" "Mozilla/5.0 (compatible; AhrefsBot/7.0; +http://ahrefs.com/robot/)"
185.191.171.20 - - [29/Nov/2021:20:08:11 +0100] "GET /embossed-metal-plate-p-56758.html HTTP/1.0" 200 73837 "-" "Mozilla/5.0 (compatible; SemrushBot/7~bl; +http://www.semrush.com/bot.html)"
185.191.171.37 - - [29/Nov/2021:20:08:16 +0100] "GET /mandala-p-43383.html?action=add_product HTTP/1.0" 302 476 "-" "Mozilla/5.0 (compatible; SemrushBot/7~bl; +http://www.semrush.com/bot.html)"
216.244.66.242 - - [29/Nov/2021:20:08:29 +0100] "GET /-p-16400.html HTTP/1.0" 200 70564 "-" "Mozilla/5.0 (compatible; DotBot/1.2; +https://opensiteexplorer.org/dotbot; help@moz.com)"
207.46.13.118 - - [29/Nov/2021:20:08:37 +0100] "GET /images/1399984237168.jpg HTTP/1.0" 200 259 "-" "Mozilla/5.0 (compatible; bingbot/2.0; +http://www.bing.com/bingbot.htm)"
216.244.66.242 - - [29/Nov/2021:20:08:56 +0100] "GET /-p-37238.html HTTP/1.0" 200 70564 "-" "Mozilla/5.0 (compatible; DotBot/1.2; +https://opensiteexplorer.org/dotbot; help@moz.com)"
216.244.66.242 - - [29/Nov/2021:20:09:21 +0100] "GET /-p-38488.html HTTP/1.0" 200 70564 "-" "Mozilla/5.0 (compatible; DotBot/1.2; +https://opensiteexplorer.org/dotbot; help@moz.com)"
216.244.66.242 - - [29/Nov/2021:20:09:45 +0100] "GET /-p-39769.html HTTP/1.0" 200 70564 "-" "Mozilla/5.0 (compatible; DotBot/1.2; +https://opensiteexplorer.org/dotbot; help@moz.com)"
185.191.171.15 - - [29/Nov/2021:20:09:50 +0100] "GET /rtro-small-steel-fridge-magnets-p-31629.html HTTP/1.0" 200 73378 "-" "Mozilla/5.0 (compatible; SemrushBot/7~bl; +http://www.semrush.com/bot.html)"
40.77.167.66 - - [29/Nov/2021:20:10:02 +0100] "GET /images/5010065039780.jpg HTTP/1.0" 200 259 "-" "Mozilla/5.0 (compatible; bingbot/2.0; +http://www.bing.com/bingbot.htm)"
216.244.66.242 - - [29/Nov/2021:20:10:09 +0100] "GET /-p-42802.html HTTP/1.0" 200 70564 "-" "Mozilla/5.0 (compatible; DotBot/1.2; +https://opensiteexplorer.org/dotbot; help@moz.com)"
54.36.148.38 - - [29/Nov/2021:20:10:14 +0100] "GET /fireflower-metal-capacity-p-52993.html HTTP/1.0" 200 74154 "-" "Mozilla/5.0 (compatible; AhrefsBot/7.0; +http://ahrefs.com/robot/)"
185.191.171.40 - - [29/Nov/2021:20:10:15 +0100] "GET /statuette-naked-p-56643.html?action=add_product HTTP/1.0" 302 476 "-" "Mozilla/5.0 (compatible; SemrushBot/7~bl; +http://www.semrush.com/bot.html)"
185.191.171.38 - - [29/Nov/2021:20:10:27 +0100] "GET /keep-calm-and-carry-on-rectangular-mirror-p-29005.html HTTP/1.0" 301 70805 "-" "Mozilla/5.0 (compatible; SemrushBot/7~bl; +http://www.semrush.com/bot.html)"
185.191.171.10 - - [29/Nov/2021:20:10:29 +0100] "GET /keep-calm-carry-rectangular-mirror-p-29005.html HTTP/1.0" 200 70704 "-" "Mozilla/5.0 (compatible; SemrushBot/7~bl; +http://www.semrush.com/bot.html)"
185.191.171.35 - - [29/Nov/2021:20:10:54 +0100] "GET /fiat-500-pen-and-keyring-box-p-24964.html HTTP/1.0" 301 73754 "-" "Mozilla/5.0 (compatible; SemrushBot/7~bl; +http://www.semrush.com/bot.html)"
185.191.171.33 - - [29/Nov/2021:20:10:56 +0100] "GET /fiat-keyring-p-24964.html HTTP/1.0" 200 73675 "-" "Mozilla/5.0 (compatible; SemrushBot/7~bl; +http://www.semrush.com/bot.html)"
185.191.171.10 - - [29/Nov/2021:20:10:58 +0100] "GET /white-wooden-tray-aged-appearance-35-19-cm-p-40592.html HTTP/1.0" 301 73531 "-" "Mozilla/5.0 (compatible; SemrushBot/7~bl; +http://www.semrush.com/bot.html)"
157.55.39.108 - - [29/Nov/2021:20:10:59 +0100] "GET /images/big_prod_2/8445148004206C.jpg HTTP/1.0" 200 271 "-" "Mozilla/5.0 (compatible; bingbot/2.0; +http://www.bing.com/bingbot.htm)"
185.191.171.7 - - [29/Nov/2021:20:11:00 +0100] "GET /white-wooden-tray-aged-appearance-p-40592.html HTTP/1.0" 200 73431 "-" "Mozilla/5.0 (compatible; SemrushBot/7~bl; +http://www.semrush.com/bot.html)"
185.191.171.4 - - [29/Nov/2021:20:11:16 +0100] "GET /mini-metal-tray-dubout-cats-p-52476.html?action=add_product HTTP/1.0" 302 476 "-" "Mozilla/5.0 (compatible; SemrushBot/7~bl; +http://www.semrush.com/bot.html)"
52.156.93.69 - - [29/Nov/2021:20:11:41 +0100] "GET /images/big_prod/4036113102849.jpg HTTP/1.0" 200 268 "-" "Mozilla/5.0 (X11; Linux x86_64) AppleWebKit/537.36 (KHTML, like Gecko) Chrome/62.0.3202.62 Safari/537.36"
51.68.224.127 - - [29/Nov/2021:20:11:45 +0100] "GET /adminweb/export_orders_xml.php?token=256de2z6edz6ed2z6DFSFsed2zed6zeDSFDSGdzedezfzf&maxorders=10&orderstart=1&status=14&start_date=2018-10-01 HTTP/1.0" 200 285 "-" "GesCom CharlotteBoutik Serveur"
51.68.224.127 - - [29/Nov/2021:20:11:45 +0100] "GET /adminweb/export_orders_xml.php?token=256de2z6edz6ed2z6DFSFsed2zed6zeDSFDSGdzedezfzf&maxorders=10&orderstart=1&status=6&start_date=2018-10-01 HTTP/1.0" 200 32471 "-" "GesCom CharlotteBoutik Serveur"
185.191.171.43 - - [29/Nov/2021:20:11:58 +0100] "GET /paradise-stickers-p-39342.html?action=add_product HTTP/1.0" 302 476 "-" "Mozilla/5.0 (compatible; SemrushBot/7~bl; +http://www.semrush.com/bot.html)"
185.191.171.43 - - [29/Nov/2021:20:12:07 +0100] "GET /-p-47340.html?action=add_product HTTP/1.0" 302 476 "-" "Mozilla/5.0 (compatible; SemrushBot/7~bl; +http://www.semrush.com/bot.html)"
165.154.72.231 - - [29/Nov/2021:20:12:17 +0100] "GET /images/mini_prod/3661443279193.jpg HTTP/1.0" 200 269 "-" "Mozilla/5.0 (X11; Ubuntu; Linux x86_64; rv:72.0) Gecko/20100101 Firefox/72.0"
52.143.76.254 - - [29/Nov/2021:20:12:21 +0100] "GET /images/big_prod_2/8422111515952C.jpg HTTP/1.0" 200 271 "-" "Mozilla/5.0 (Windows NT 10.0; WOW64) AppleWebKit/537.36 (KHTML, like Gecko) Chrome/67.0.3396.99 Safari/537.36"
54.36.148.105 - - [29/Nov/2021:20:12:21 +0100] "GET /figurine-nativity-p-56684.html HTTP/1.0" 200 74230 "-" "Mozilla/5.0 (compatible; AhrefsBot/7.0; +http://ahrefs.com/robot/)"
185.191.171.43 - - [29/Nov/2021:20:12:31 +0100] "GET /towel-bath-towels-c-11_70.html?page=2 HTTP/1.0" 200 85739 "-" "Mozilla/5.0 (compatible; SemrushBot/7~bl; +http://www.semrush.com/bot.html)"
66.249.75.168 - - [29/Nov/2021:20:13:06 +0100] "GET /adhesive-decoration-relief-p-52034.html HTTP/1.0" 200 73972 "-" "Mozilla/5.0 (Linux; Android 6.0.1; Nexus 5X Build/MMB29P) AppleWebKit/537.36 (KHTML, like Gecko) Chrome/96.0.4664.45 Mobile Safari/537.36 (compatible; Googlebot/2.1; +http://www.google.com/bot.html)"
185.191.171.43 - - [29/Nov/2021:20:13:28 +0100] "GET /planes-disney-little-backpack-p-30385.html HTTP/1.0" 200 70670 "-" "Mozilla/5.0 (compatible; SemrushBot/7~bl; +http://www.semrush.com/bot.html)"
185.191.171.43 - - [29/Nov/2021:20:14:06 +0100] "GET /jamaica-mouse-pad-p-19554.html HTTP/1.0" 301 73327 "-" "Mozilla/5.0 (compatible; SemrushBot/7~bl; +http://www.semrush.com/bot.html)"
185.191.171.44 - - [29/Nov/2021:20:14:08 +0100] "GET /jamaica-mouse-p-19554.html HTTP/1.0" 200 73247 "-" "Mozilla/5.0 (compatible; SemrushBot/7~bl; +http://www.semrush.com/bot.html)"
66.249.75.170 - - [29/Nov/2021:20:14:21 +0100] "GET /angry-birds-beach-towel-p-29468.html HTTP/1.0" 301 70631 "-" "Mozilla/5.0 (Linux; Android 6.0.1; Nexus 5X Build/MMB29P) AppleWebKit/537.36 (KHTML, like Gecko) Chrome/96.0.4664.45 Mobile Safari/537.36 (compatible; Googlebot/2.1; +http://www.google.com/bot.html)"
66.249.75.170 - - [29/Nov/2021:20:14:21 +0100] "GET /-p-29468.html HTTP/1.0" 200 70564 "-" "Mozilla/5.0 (Linux; Android 6.0.1; Nexus 5X Build/MMB29P) AppleWebKit/537.36 (KHTML, like Gecko) Chrome/96.0.4664.45 Mobile Safari/537.36 (compatible; Googlebot/2.1; +http://www.google.com/bot.html)"
185.191.171.34 - - [29/Nov/2021:20:14:32 +0100] "GET /pooh-mini-character-by-romero-britto-p-13946.html HTTP/1.0" 301 73499 "-" "Mozilla/5.0 (compatible; SemrushBot/7~bl; +http://www.semrush.com/bot.html)"
185.191.171.40 - - [29/Nov/2021:20:14:34 +0100] "GET /pooh-mini-character-romero-britto-p-13946.html HTTP/1.0" 200 73399 "-" "Mozilla/5.0 (compatible; SemrushBot/7~bl; +http://www.semrush.com/bot.html)"
54.36.148.61 - - [29/Nov/2021:20:14:39 +0100] "GET /therese-aromatika-incense-sticks-p-53452.html HTTP/1.0" 200 73340 "-" "Mozilla/5.0 (compatible; AhrefsBot/7.0; +http://ahrefs.com/robot/)"
185.191.171.22 - - [29/Nov/2021:20:14:40 +0100] "GET /that-italia-p-23070.html HTTP/1.0" 200 73146 "-" "Mozilla/5.0 (compatible; SemrushBot/7~bl; +http://www.semrush.com/bot.html)"
185.191.171.6 - - [29/Nov/2021:20:14:49 +0100] "GET /forget-gorjuss-p-28436.html?action=add_product HTTP/1.0" 302 476 "-" "Mozilla/5.0 (compatible; SemrushBot/7~bl; +http://www.semrush.com/bot.html)"
157.55.39.108 - - [29/Nov/2021:20:15:29 +0100] "GET /images/med_prod/5012128424021.jpg HTTP/1.0" 200 268 "-" "Mozilla/5.0 (compatible; bingbot/2.0; +http://www.bing.com/bingbot.htm)"
185.191.171.7 - - [29/Nov/2021:20:15:37 +0100] "GET /water-bottle-liters-knitting-p-56877.html HTTP/1.0" 200 74054 "-" "Mozilla/5.0 (compatible; SemrushBot/7~bl; +http://www.semrush.com/bot.html)"
54.36.148.76 - - [29/Nov/2021:20:16:51 +0100] "GET /jane-crowther-p-54766.html HTTP/1.0" 200 73888 "-" "Mozilla/5.0 (compatible; AhrefsBot/7.0; +http://ahrefs.com/robot/)"
185.191.171.33 - - [29/Nov/2021:20:16:56 +0100] "GET /incense-nag-champa-super-hit-15-grams-or-about-15-sticks-p-35491.html HTTP/1.0" 301 70631 "-" "Mozilla/5.0 (compatible; SemrushBot/7~bl; +http://www.semrush.com/bot.html)"
185.191.171.22 - - [29/Nov/2021:20:16:58 +0100] "GET /-p-35491.html HTTP/1.0" 200 70564 "-" "Mozilla/5.0 (compatible; SemrushBot/7~bl; +http://www.semrush.com/bot.html)"
54.36.149.11 - - [29/Nov/2021:20:17:05 +0100] "GET /italia-figc-yellow-mug-p-18632.html HTTP/1.0" 301 73243 "-" "Mozilla/5.0 (compatible; AhrefsBot/7.0; +http://ahrefs.com/robot/)"
185.191.171.8 - - [29/Nov/2021:20:17:26 +0100] "GET /lighting-c-13_86.html?page=4 HTTP/1.0" 200 91689 "-" "Mozilla/5.0 (compatible; SemrushBot/7~bl; +http://www.semrush.com/bot.html)"
77.75.79.17 - - [29/Nov/2021:20:17:57 +0100] "GET /robots.txt HTTP/1.0" 200 245 "-" "Mozilla/5.0 (compatible; SeznamBot/3.2; +http://napoveda.seznam.cz/en/seznambot-intro/)"
77.75.79.17 - - [29/Nov/2021:20:17:57 +0100] "GET /mini-cooper-union-jack-figurine-p-28504.html HTTP/1.0" 200 77061 "-" "Mozilla/5.0 (compatible; SeznamBot/3.2; +http://napoveda.seznam.cz/en/seznambot-intro/)"
185.191.171.24 - - [29/Nov/2021:20:18:20 +0100] "GET /deco-thermometer-gas-pump-47-cm-orange-p-50186.html HTTP/1.0" 301 73399 "-" "Mozilla/5.0 (compatible; SemrushBot/7~bl; +http://www.semrush.com/bot.html)"
185.191.171.26 - - [29/Nov/2021:20:18:23 +0100] "GET /deco-thermometer-pump-orange-p-50186.html HTTP/1.0" 200 73304 "-" "Mozilla/5.0 (compatible; SemrushBot/7~bl; +http://www.semrush.com/bot.html)"
185.191.171.4 - - [29/Nov/2021:20:18:40 +0100] "GET /london-bus-keyring-p-24912.html HTTP/1.0" 301 73017 "-" "Mozilla/5.0 (compatible; SemrushBot/7~bl; +http://www.semrush.com/bot.html)"
185.191.171.12 - - [29/Nov/2021:20:18:43 +0100] "GET /london-keyring-p-24912.html HTTP/1.0" 200 72936 "-" "Mozilla/5.0 (compatible; SemrushBot/7~bl; +http://www.semrush.com/bot.html)"
185.191.171.4 - - [29/Nov/2021:20:18:56 +0100] "GET /relief-hanging-plate-place-bonheur-p-55674.html?action=add_product HTTP/1.0" 302 476 "-" "Mozilla/5.0 (compatible; SemrushBot/7~bl; +http://www.semrush.com/bot.html)"
54.36.148.199 - - [29/Nov/2021:20:19:02 +0100] "GET /nippon-doll-portfolio-p-26863.html HTTP/1.0" 200 73505 "-" "Mozilla/5.0 (compatible; AhrefsBot/7.0; +http://ahrefs.com/robot/)"
185.191.171.14 - - [29/Nov/2021:20:19:13 +0100] "GET /the-dubout-cats-large-round-flat-p-40061.html HTTP/1.0" 301 70769 "-" "Mozilla/5.0 (compatible; SemrushBot/7~bl; +http://www.semrush.com/bot.html)"
185.191.171.26 - - [29/Nov/2021:20:19:15 +0100] "GET /dubout-cats-large-round-flat-p-40061.html HTTP/1.0" 200 70674 "-" "Mozilla/5.0 (compatible; SemrushBot/7~bl; +http://www.semrush.com/bot.html)"
185.191.171.9 - - [29/Nov/2021:20:19:17 +0100] "GET /hawk-passeport-p-22671.html?action=add_product HTTP/1.0" 302 476 "-" "Mozilla/5.0 (compatible; SemrushBot/7~bl; +http://www.semrush.com/bot.html)"
20.80.156.107 - - [29/Nov/2021:20:19:53 +0100] "GET /images/big_prod_1/3453131154536DC.jpg HTTP/1.0" 200 272 "-" "Mozilla/5.0 (Windows NT 10.0; ) Gecko/20100101 Firefox/61.0"
52.143.90.141 - - [29/Nov/2021:20:19:55 +0100] "GET /images/big_prod/1384010203149.jpg HTTP/1.0" 200 268 "-" "Mozilla/5.0 (Windows NT 10.0; WOW64) AppleWebKit/537.36 (KHTML, like Gecko) Chrome/67.0.3396.99 Safari/537.36"
185.191.171.9 - - [29/Nov/2021:20:20:28 +0100] "GET /mickael-phone-cover-for-iphone-and-p-15950.html HTTP/1.0" 301 74042 "-" "Mozilla/5.0 (compatible; SemrushBot/7~bl; +http://www.semrush.com/bot.html)"
66.249.75.166 - - [29/Nov/2021:20:20:31 +0100] "GET /adhesive-decoration-relief-p-52034.html HTTP/1.0" 200 73972 "-" "Mozilla/5.0 (compatible; Googlebot/2.1; +http://www.google.com/bot.html)"
185.191.171.2 - - [29/Nov/2021:20:20:32 +0100] "GET /mickael-phone-cover-iphone-p-15950.html HTTP/1.0" 200 73949 "-" "Mozilla/5.0 (compatible; SemrushBot/7~bl; +http://www.semrush.com/bot.html)"
157.55.39.108 - - [29/Nov/2021:20:20:31 +0100] "GET /mickey-mouse-figurine-ornement-collection-disney-traditions-p-12114.html HTTP/1.0" 200 73627 "-" "Mozilla/5.0 (compatible; bingbot/2.0; +http://www.bing.com/bingbot.htm)"
207.46.13.202 - - [29/Nov/2021:20:21:02 +0100] "GET /images/big_prod_1/8718375752562a.jpg HTTP/1.0" 200 271 "-" "Mozilla/5.0 (compatible; bingbot/2.0; +http://www.bing.com/bingbot.htm)"
185.191.171.6 - - [29/Nov/2021:20:21:04 +0100] "GET /fragrances-of-ambiance-c-231.html?page=27 HTTP/1.0" 301 93417 "-" "Mozilla/5.0 (compatible; SemrushBot/7~bl; +http://www.semrush.com/bot.html)"
185.191.171.20 - - [29/Nov/2021:20:21:06 +0100] "GET /fragrances-ambiance-c-231.html?page=27 HTTP/1.0" 200 93325 "-" "Mozilla/5.0 (compatible; SemrushBot/7~bl; +http://www.semrush.com/bot.html)"
185.191.171.13 - - [29/Nov/2021:20:21:12 +0100] "GET /decorative-apple-resin-p-54038.html HTTP/1.0" 200 70660 "-" "Mozilla/5.0 (compatible; SemrushBot/7~bl; +http://www.semrush.com/bot.html)"
54.36.148.153 - - [29/Nov/2021:20:21:18 +0100] "GET /collectible-dragon-ball-statue-trunks-p-33466.html HTTP/1.0" 200 73519 "-" "Mozilla/5.0 (compatible; AhrefsBot/7.0; +http://ahrefs.com/robot/)"
185.191.171.26 - - [29/Nov/2021:20:21:51 +0100] "GET /scooters-saltshaker-pepper-p-27737.html HTTP/1.0" 200 73250 "-" "Mozilla/5.0 (compatible; SemrushBot/7~bl; +http://www.semrush.com/bot.html)"
185.191.171.41 - - [29/Nov/2021:20:22:11 +0100] "GET /embroidered-rectangular-tablecloth-kolam-p-46463.html HTTP/1.0" 200 73412 "-" "Mozilla/5.0 (compatible; SemrushBot/7~bl; +http://www.semrush.com/bot.html)"
185.191.171.7 - - [29/Nov/2021:20:22:31 +0100] "GET /hello-kitty-victoria-casal-couture-orange-watch-p-20144.html?action=add_product HTTP/1.0" 302 476 "-" "Mozilla/5.0 (compatible; SemrushBot/7~bl; +http://www.semrush.com/bot.html)"
52.143.90.141 - - [29/Nov/2021:20:22:55 +0100] "GET /images/big_prod/3014627950911.jpg HTTP/1.0" 200 268 "-" "Mozilla/5.0 (Macintosh; U; PPC Mac OS X 10.5; en-US; rv:1.9.2.15) Gecko/20110303 Firefox/3.6.15"
