216.244.66.242 - - [29/Nov/2021:12:09:46 +0100] "GET /small-baby-teeth-simon-bear-p-50818.html HTTP/1.0" 200 73399 "-" "Mozilla/5.0 (compatible; DotBot/1.2; +https://opensiteexplorer.org/dotbot; help@moz.com)"
157.55.39.108 - - [29/Nov/2021:12:10:20 +0100] "GET /soap-dish-provence-p-44491.html HTTP/1.0" 200 73170 "-" "Mozilla/5.0 (compatible; bingbot/2.0; +http://www.bing.com/bingbot.htm)"
52.156.93.80 - - [29/Nov/2021:12:10:49 +0100] "GET /images/med_prod/3438100363850.jpg HTTP/1.0" 200 268 "-" "Mozilla/5.0 (Windows NT 6.1; WOW64) AppleWebKit/537.36 (KHTML, like Gecko) Chrome/45.0.2454.101 Safari/537.36"
54.36.148.138 - - [29/Nov/2021:12:11:08 +0100] "GET /vanity-beauty-bags-c-31_78.html HTTP/1.0" 200 81263 "-" "Mozilla/5.0 (compatible; AhrefsBot/7.0; +http://ahrefs.com/robot/)"
185.191.171.9 - - [29/Nov/2021:12:11:16 +0100] "GET /phone-cover-iphone-cbkreation-p-13936.html?action=add_product HTTP/1.0" 302 476 "-" "Mozilla/5.0 (compatible; SemrushBot/7~bl; +http://www.semrush.com/bot.html)"
185.191.171.21 - - [29/Nov/2021:12:11:18 +0100] "GET /uncle-scrooge-figurine-collection-britto-p-51611.html HTTP/1.0" 200 74584 "-" "Mozilla/5.0 (compatible; SemrushBot/7~bl; +http://www.semrush.com/bot.html)"
185.191.171.38 - - [29/Nov/2021:12:11:25 +0100] "GET /manoir-bedclothes-240-220-cm-p-39025.html HTTP/1.0" 301 70631 "-" "Mozilla/5.0 (compatible; SemrushBot/7~bl; +http://www.semrush.com/bot.html)"
185.191.171.38 - - [29/Nov/2021:12:11:28 +0100] "GET /-p-39025.html HTTP/1.0" 200 70564 "-" "Mozilla/5.0 (compatible; SemrushBot/7~bl; +http://www.semrush.com/bot.html)"
185.191.171.16 - - [29/Nov/2021:12:12:02 +0100] "GET /cats-by-dubout-photo-frame-cats-in-row-p-33754.html HTTP/1.0" 301 74705 "-" "Mozilla/5.0 (compatible; SemrushBot/7~bl; +http://www.semrush.com/bot.html)"
185.191.171.43 - - [29/Nov/2021:12:12:04 +0100] "GET /cats-dubout-photo-frame-cats-p-33754.html HTTP/1.0" 200 74610 "-" "Mozilla/5.0 (compatible; SemrushBot/7~bl; +http://www.semrush.com/bot.html)"
114.119.128.37 - - [29/Nov/2021:12:12:07 +0100] "GET /smiski-figure-cheer-series-note-there-single-figure-p-53233.html HTTP/1.0" 200 74800 "-" "Mozilla/5.0 (Linux; Android 7.0;) AppleWebKit/537.36 (KHTML, like Gecko) Mobile Safari/537.36 (compatible; PetalBot;+https://webmaster.petalsearch.com/site/petalbot)"
185.191.171.25 - - [29/Nov/2021:12:12:09 +0100] "GET /specials.php?page=23 HTTP/1.0" 200 125322 "-" "Mozilla/5.0 (compatible; SemrushBot/7~bl; +http://www.semrush.com/bot.html)"
185.191.171.22 - - [29/Nov/2021:12:12:12 +0100] "GET /hello-kitty-blue-lined-shopping-bag-p-14497.html HTTP/1.0" 301 70631 "-" "Mozilla/5.0 (compatible; SemrushBot/7~bl; +http://www.semrush.com/bot.html)"
185.191.171.18 - - [29/Nov/2021:12:12:15 +0100] "GET /-p-14497.html HTTP/1.0" 200 70564 "-" "Mozilla/5.0 (compatible; SemrushBot/7~bl; +http://www.semrush.com/bot.html)"
216.244.66.242 - - [29/Nov/2021:12:12:37 +0100] "GET /keith-haring-tote-p-39089.html HTTP/1.0" 200 73231 "-" "Mozilla/5.0 (compatible; DotBot/1.2; +https://opensiteexplorer.org/dotbot; help@moz.com)"
66.249.75.170 - - [29/Nov/2021:12:13:02 +0100] "GET /keyrings-c-3_52.html HTTP/1.0" 200 94199 "-" "Mozilla/5.0 (Linux; Android 6.0.1; Nexus 5X Build/MMB29P) AppleWebKit/537.36 (KHTML, like Gecko) Chrome/96.0.4664.45 Mobile Safari/537.36 (compatible; Googlebot/2.1; +http://www.google.com/bot.html)"
185.191.171.23 - - [29/Nov/2021:12:13:09 +0100] "GET /cactus-salt-and-pepper-shakers-and-trivet-p-48792.html HTTP/1.0" 301 73561 "-" "Mozilla/5.0 (compatible; SemrushBot/7~bl; +http://www.semrush.com/bot.html)"
185.191.171.38 - - [29/Nov/2021:12:13:11 +0100] "GET /cactus-salt-pepper-shakers-trivet-p-48792.html HTTP/1.0" 200 73461 "-" "Mozilla/5.0 (compatible; SemrushBot/7~bl; +http://www.semrush.com/bot.html)"
51.68.224.127 - - [29/Nov/2021:12:13:27 +0100] "GET /adminweb/export_orders_xml.php?token=256de2z6edz6ed2z6DFSFsed2zed6zeDSFDSGdzedezfzf&maxorders=10&orderstart=1&status=14&start_date=2018-10-01 HTTP/1.0" 200 285 "-" "GesCom CharlotteBoutik Serveur"
51.68.224.127 - - [29/Nov/2021:12:13:27 +0100] "GET /adminweb/export_orders_xml.php?token=256de2z6edz6ed2z6DFSFsed2zed6zeDSFDSGdzedezfzf&maxorders=10&orderstart=1&status=6&start_date=2018-10-01 HTTP/1.0" 200 32471 "-" "GesCom CharlotteBoutik Serveur"
64.233.173.239 - - [29/Nov/2021:12:13:59 +0100] "GET /images/big_prod_2/3457010912309b.jpg HTTP/1.0" 200 271 "-" "Mozilla/5.0 (Windows NT 5.1; rv:11.0) Gecko Firefox/11.0 (via ggpht.com GoogleImageProxy)"
185.191.171.10 - - [29/Nov/2021:12:14:03 +0100] "GET /door-plate-restroom-p-52317.html?action=add_product HTTP/1.0" 302 476 "-" "Mozilla/5.0 (compatible; SemrushBot/7~bl; +http://www.semrush.com/bot.html)"
54.36.149.5 - - [29/Nov/2021:12:14:24 +0100] "GET /beyond-charms-keychain-polar-bear-p-51837.html HTTP/1.0" 200 74502 "-" "Mozilla/5.0 (compatible; AhrefsBot/7.0; +http://ahrefs.com/robot/)"
114.119.128.26 - - [29/Nov/2021:12:14:40 +0100] "GET /images/mini_prod/3494150108728.jpg HTTP/1.0" 200 269 "-" "Mozilla/5.0 (Linux; Android 7.0;) AppleWebKit/537.36 (KHTML, like Gecko) Mobile Safari/537.36 (compatible; PetalBot;+https://webmaster.petalsearch.com/site/petalbot)"
54.36.148.146 - - [29/Nov/2021:12:14:48 +0100] "GET /horses-mug-by-cbkreation-p-28499.html HTTP/1.0" 301 73264 "-" "Mozilla/5.0 (compatible; AhrefsBot/7.0; +http://ahrefs.com/robot/)"
54.36.148.127 - - [29/Nov/2021:12:16:17 +0100] "GET /images/8033667001822.jpg HTTP/1.0" 200 259 "-" "Mozilla/5.0 (compatible; AhrefsBot/7.0; +http://ahrefs.com/robot/)"
54.36.148.109 - - [29/Nov/2021:12:16:27 +0100] "GET /new-heights-gorjuss-phone-cover-p-22785.html HTTP/1.0" 301 70631 "-" "Mozilla/5.0 (compatible; AhrefsBot/7.0; +http://ahrefs.com/robot/)"
185.191.171.43 - - [29/Nov/2021:12:16:35 +0100] "GET /deco-cats-statue-27-cm-p-44619.html HTTP/1.0" 301 70631 "-" "Mozilla/5.0 (compatible; SemrushBot/7~bl; +http://www.semrush.com/bot.html)"
185.191.171.18 - - [29/Nov/2021:12:16:38 +0100] "GET /-p-44619.html HTTP/1.0" 200 70564 "-" "Mozilla/5.0 (compatible; SemrushBot/7~bl; +http://www.semrush.com/bot.html)"
185.191.171.11 - - [29/Nov/2021:12:17:27 +0100] "GET /car-air-freshener-heart-and-home-coconut-escape-p-40596.html HTTP/1.0" 301 70790 "-" "Mozilla/5.0 (compatible; SemrushBot/7~bl; +http://www.semrush.com/bot.html)"
185.191.171.41 - - [29/Nov/2021:12:17:29 +0100] "GET /freshener-heart-home-coconut-escape-p-40596.html HTTP/1.0" 200 70688 "-" "Mozilla/5.0 (compatible; SemrushBot/7~bl; +http://www.semrush.com/bot.html)"
114.119.128.39 - - [29/Nov/2021:12:17:40 +0100] "GET /salt-and-pepper-the-owl-and-the-cat-by-michelle-allen-p-30681.html HTTP/1.0" 301 70631 "-" "Mozilla/5.0 (Linux; Android 7.0;) AppleWebKit/537.36 (KHTML, like Gecko) Mobile Safari/537.36 (compatible; PetalBot;+https://webmaster.petalsearch.com/site/petalbot)"
114.119.128.39 - - [29/Nov/2021:12:17:46 +0100] "GET /-p-30681.html HTTP/1.0" 200 70564 "-" "Mozilla/5.0 (Linux; Android 7.0;) AppleWebKit/537.36 (KHTML, like Gecko) Mobile Safari/537.36 (compatible; PetalBot;+https://webmaster.petalsearch.com/site/petalbot)"
54.36.148.252 - - [29/Nov/2021:12:18:00 +0100] "GET /harley-davidson-magnet-p-12520.html HTTP/1.0" 200 73152 "-" "Mozilla/5.0 (compatible; AhrefsBot/7.0; +http://ahrefs.com/robot/)"
166.62.38.222 - - [29/Nov/2021:12:18:01 +0100] "GET /contact_us.php HTTP/1.0" 200 26241 "http://www.wonder-geek.com/contact_us.php" "Mozilla/5.0 (Windows NT 6.1; Win64; x64) AppleWebKit/537.36 (KHTML, like Gecko) Chrome/90.0.4430.72 Safari/537.36"
166.62.38.222 - - [29/Nov/2021:12:18:04 +0100] "POST /contact_us.php?action=send HTTP/1.0" 200 26490 "http://www.wonder-geek.com/contact_us.php" "Mozilla/5.0 (Windows NT 6.1; Win64; x64) AppleWebKit/537.36 (KHTML, like Gecko) Chrome/90.0.4430.72 Safari/537.36"
185.191.171.16 - - [29/Nov/2021:12:18:26 +0100] "GET /jasmin-chandelier-p-31364.html?action=add_product HTTP/1.0" 302 476 "-" "Mozilla/5.0 (compatible; SemrushBot/7~bl; +http://www.semrush.com/bot.html)"
54.36.149.107 - - [29/Nov/2021:12:19:05 +0100] "GET /playmobil-city-action-van-and-police-launch-5187-p-28073.html HTTP/1.0" 301 70631 "-" "Mozilla/5.0 (compatible; AhrefsBot/7.0; +http://ahrefs.com/robot/)"
185.191.171.41 - - [29/Nov/2021:12:19:31 +0100] "GET /dragon-ball-swimsuit-p-30477.html?action=add_product HTTP/1.0" 302 476 "-" "Mozilla/5.0 (compatible; SemrushBot/7~bl; +http://www.semrush.com/bot.html)"
185.191.171.40 - - [29/Nov/2021:12:19:34 +0100] "GET /ballerina-statue-collection-p-38561.html?action=add_product HTTP/1.0" 302 476 "-" "Mozilla/5.0 (compatible; SemrushBot/7~bl; +http://www.semrush.com/bot.html)"
185.191.171.8 - - [29/Nov/2021:12:20:08 +0100] "GET /home-and-decoration-c-13.html?page=257 HTTP/1.0" 301 93308 "-" "Mozilla/5.0 (compatible; SemrushBot/7~bl; +http://www.semrush.com/bot.html)"
185.191.171.8 - - [29/Nov/2021:12:20:11 +0100] "GET /home-decoration-c-13.html?page=257 HTTP/1.0" 200 93220 "-" "Mozilla/5.0 (compatible; SemrushBot/7~bl; +http://www.semrush.com/bot.html)"
207.46.13.202 - - [29/Nov/2021:12:20:15 +0100] "GET /unicorn-moneybox-p-51613.html HTTP/1.0" 200 73112 "-" "Mozilla/5.0 (compatible; bingbot/2.0; +http://www.bing.com/bingbot.htm)"
114.119.128.40 - - [29/Nov/2021:12:20:49 +0100] "GET /cat-shadow-ceramic-pitcher-p-46408.html HTTP/1.0" 301 73311 "-" "Mozilla/5.0 (Linux; Android 7.0;) AppleWebKit/537.36 (KHTML, like Gecko) Mobile Safari/537.36 (compatible; PetalBot;+https://webmaster.petalsearch.com/site/petalbot)"
114.119.128.40 - - [29/Nov/2021:12:20:54 +0100] "GET /shadow-ceramic-pitcher-p-46408.html HTTP/1.0" 200 73222 "-" "Mozilla/5.0 (Linux; Android 7.0;) AppleWebKit/537.36 (KHTML, like Gecko) Mobile Safari/537.36 (compatible; PetalBot;+https://webmaster.petalsearch.com/site/petalbot)"
54.36.148.39 - - [29/Nov/2021:12:21:12 +0100] "GET /stuffins-wall-stickers-p-27895.html HTTP/1.0" 200 73266 "-" "Mozilla/5.0 (compatible; AhrefsBot/7.0; +http://ahrefs.com/robot/)"
51.143.63.203 - - [29/Nov/2021:12:21:42 +0100] "GET /images/DSCN3388.jpg HTTP/1.0" 200 254 "-" "Mozilla/5.0 (Macintosh; U; PPC Mac OS X 10.5; en-US; rv:1.9.2.15) Gecko/20110303 Firefox/3.6.15"
185.191.171.40 - - [29/Nov/2021:12:22:20 +0100] "GET /paul-frank-large-shopping-bag-p-20289.html HTTP/1.0" 301 70754 "-" "Mozilla/5.0 (compatible; SemrushBot/7~bl; +http://www.semrush.com/bot.html)"
185.191.171.2 - - [29/Nov/2021:12:22:22 +0100] "GET /paul-frank-large-shopping-p-20289.html HTTP/1.0" 200 70662 "-" "Mozilla/5.0 (compatible; SemrushBot/7~bl; +http://www.semrush.com/bot.html)"
49.7.20.113 - - [29/Nov/2021:12:22:46 +0100] "GET / HTTP/1.0" 200 151644 "-" "Sogou web spider/4.0(+http://www.sogou.com/docs/help/webmasters.htm#07)"
114.119.128.37 - - [29/Nov/2021:12:23:04 +0100] "GET /sagittarus-clasic-keyring-by-cbkreation-p-43252.html HTTP/1.0" 301 73483 "-" "Mozilla/5.0 (Linux; Android 7.0;) AppleWebKit/537.36 (KHTML, like Gecko) Mobile Safari/537.36 (compatible; PetalBot;+https://webmaster.petalsearch.com/site/petalbot)"
114.119.128.37 - - [29/Nov/2021:12:23:19 +0100] "GET /sagittarus-clasic-keyring-cbkreation-p-43252.html HTTP/1.0" 200 73380 "-" "Mozilla/5.0 (Linux; Android 7.0;) AppleWebKit/537.36 (KHTML, like Gecko) Mobile Safari/537.36 (compatible; PetalBot;+https://webmaster.petalsearch.com/site/petalbot)"
207.46.13.202 - - [29/Nov/2021:12:23:25 +0100] "GET /-p-26889.html HTTP/1.0" 200 70564 "-" "Mozilla/5.0 (compatible; bingbot/2.0; +http://www.bing.com/bingbot.htm)"
148.251.120.201 - - [29/Nov/2021:12:23:36 +0100] "GET /robots.txt HTTP/1.0" 200 245 "-" "Mozilla/5.0 (compatible; MJ12bot/v1.4.8; http://mj12bot.com/)"
148.251.120.201 - - [29/Nov/2021:12:23:42 +0100] "GET /skyline-york-memo-p-50667.html HTTP/1.0" 200 73954 "-" "Mozilla/5.0 (compatible; MJ12bot/v1.4.8; http://mj12bot.com/)"
148.251.120.201 - - [29/Nov/2021:12:23:46 +0100] "GET /sleepwear-c-42.html HTTP/1.0" 301 69458 "-" "Mozilla/5.0 (compatible; MJ12bot/v1.4.8; http://mj12bot.com/)"
148.251.120.201 - - [29/Nov/2021:12:23:54 +0100] "GET /sleepwear-c-2_42.html HTTP/1.0" 200 69479 "-" "Mozilla/5.0 (compatible; MJ12bot/v1.4.8; http://mj12bot.com/)"
148.251.120.201 - - [29/Nov/2021:12:24:03 +0100] "GET /slicer-sausage-p-45704.html HTTP/1.0" 301 70631 "-" "Mozilla/5.0 (compatible; MJ12bot/v1.4.8; http://mj12bot.com/)"
148.251.120.201 - - [29/Nov/2021:12:24:11 +0100] "GET /-p-45704.html HTTP/1.0" 200 70564 "-" "Mozilla/5.0 (compatible; MJ12bot/v1.4.8; http://mj12bot.com/)"
66.249.75.166 - - [29/Nov/2021:12:24:17 +0100] "GET /cigarette-machine-lion-jamaica-p-14581.html HTTP/1.0" 200 73750 "-" "Mozilla/5.0 (Linux; Android 6.0.1; Nexus 5X Build/MMB29P) AppleWebKit/537.36 (KHTML, like Gecko) Chrome/96.0.4664.45 Mobile Safari/537.36 (compatible; Googlebot/2.1; +http://www.google.com/bot.html)"
185.191.171.1 - - [29/Nov/2021:12:24:18 +0100] "GET /rectangular-burlap-placemat-corsica-p-50940.html HTTP/1.0" 200 73889 "-" "Mozilla/5.0 (compatible; SemrushBot/7~bl; +http://www.semrush.com/bot.html)"
148.251.120.201 - - [29/Nov/2021:12:24:20 +0100] "GET /small-baby-teeth-mouses-pink-p-36688.html HTTP/1.0" 200 70731 "-" "Mozilla/5.0 (compatible; MJ12bot/v1.4.8; http://mj12bot.com/)"
148.251.120.201 - - [29/Nov/2021:12:24:28 +0100] "GET /small-bag-through-music-80-quality-default-p-36392.html HTTP/1.0" 301 70631 "-" "Mozilla/5.0 (compatible; MJ12bot/v1.4.8; http://mj12bot.com/)"
66.249.75.168 - - [29/Nov/2021:12:24:31 +0100] "GET /-p-715.html HTTP/1.0" 200 70560 "-" "Mozilla/5.0 (Linux; Android 6.0.1; Nexus 5X Build/MMB29P) AppleWebKit/537.36 (KHTML, like Gecko) Chrome/96.0.4664.45 Mobile Safari/537.36 (compatible; Googlebot/2.1; +http://www.google.com/bot.html)"
148.251.120.201 - - [29/Nov/2021:12:24:34 +0100] "GET /-p-36392.html HTTP/1.0" 200 70564 "-" "Mozilla/5.0 (compatible; MJ12bot/v1.4.8; http://mj12bot.com/)"
148.251.120.201 - - [29/Nov/2021:12:24:41 +0100] "GET /small-bamboo-cats-p-49579.html HTTP/1.0" 200 73256 "-" "Mozilla/5.0 (compatible; MJ12bot/v1.4.8; http://mj12bot.com/)"
185.191.171.5 - - [29/Nov/2021:12:24:47 +0100] "GET /mugs-mazagrans-c-12_57.html?page=23 HTTP/1.0" 200 96473 "-" "Mozilla/5.0 (compatible; SemrushBot/7~bl; +http://www.semrush.com/bot.html)"
148.251.120.201 - - [29/Nov/2021:12:24:48 +0100] "GET /small-bamboo-cup-cats-p-49579.html HTTP/1.0" 301 73340 "-" "Mozilla/5.0 (compatible; MJ12bot/v1.4.8; http://mj12bot.com/)"
54.36.148.231 - - [29/Nov/2021:12:24:53 +0100] "GET /woody-bedclothes-p-55196.html HTTP/1.0" 200 73846 "-" "Mozilla/5.0 (compatible; AhrefsBot/7.0; +http://ahrefs.com/robot/)"
148.251.120.201 - - [29/Nov/2021:12:24:58 +0100] "GET /small-bamboo-cats-p-49579.html HTTP/1.0" 200 73256 "-" "Mozilla/5.0 (compatible; MJ12bot/v1.4.8; http://mj12bot.com/)"
148.251.120.201 - - [29/Nov/2021:12:25:03 +0100] "GET /small-box-for-baby-teeth-irina-p-45387.html HTTP/1.0" 301 70631 "-" "Mozilla/5.0 (compatible; MJ12bot/v1.4.8; http://mj12bot.com/)"
148.251.120.201 - - [29/Nov/2021:12:25:09 +0100] "GET /-p-45387.html HTTP/1.0" 200 70564 "-" "Mozilla/5.0 (compatible; MJ12bot/v1.4.8; http://mj12bot.com/)"
148.251.120.201 - - [29/Nov/2021:12:25:15 +0100] "GET /small-box-for-baby-teeth-irina-p-45399.html HTTP/1.0" 301 70760 "-" "Mozilla/5.0 (compatible; MJ12bot/v1.4.8; http://mj12bot.com/)"
148.251.120.201 - - [29/Nov/2021:12:25:21 +0100] "GET /small-baby-teeth-irina-p-45399.html HTTP/1.0" 200 70671 "-" "Mozilla/5.0 (compatible; MJ12bot/v1.4.8; http://mj12bot.com/)"
66.249.75.166 - - [29/Nov/2021:12:25:22 +0100] "GET /kimmi-junior-felt-p-15815.html HTTP/1.0" 200 75534 "-" "Mozilla/5.0 (Linux; Android 6.0.1; Nexus 5X Build/MMB29P) AppleWebKit/537.36 (KHTML, like Gecko) Chrome/96.0.4664.45 Mobile Safari/537.36 (compatible; Googlebot/2.1; +http://www.google.com/bot.html)"
148.251.120.201 - - [29/Nov/2021:12:25:25 +0100] "GET /small-box-for-baby-teeth-mouses-pink-and-blue-p-45395.html HTTP/1.0" 301 70868 "-" "Mozilla/5.0 (compatible; MJ12bot/v1.4.8; http://mj12bot.com/)"
148.251.120.201 - - [29/Nov/2021:12:25:32 +0100] "GET /small-baby-teeth-mouses-pink-blue-p-45395.html HTTP/1.0" 200 70768 "-" "Mozilla/5.0 (compatible; MJ12bot/v1.4.8; http://mj12bot.com/)"
148.251.120.201 - - [29/Nov/2021:12:25:38 +0100] "GET /small-box-for-baby-teeth-mouses-pink-p-36688.html HTTP/1.0" 301 70826 "-" "Mozilla/5.0 (compatible; MJ12bot/v1.4.8; http://mj12bot.com/)"
148.251.120.201 - - [29/Nov/2021:12:25:45 +0100] "GET /small-baby-teeth-mouses-pink-p-36688.html HTTP/1.0" 200 70731 "-" "Mozilla/5.0 (compatible; MJ12bot/v1.4.8; http://mj12bot.com/)"
114.119.128.39 - - [29/Nov/2021:12:25:50 +0100] "GET /images/mini_prod/8435153867729B.jpg HTTP/1.0" 200 270 "-" "Mozilla/5.0 (Linux; Android 7.0;) AppleWebKit/537.36 (KHTML, like Gecko) Mobile Safari/537.36 (compatible; PetalBot;+https://webmaster.petalsearch.com/site/petalbot)"
148.251.120.201 - - [29/Nov/2021:12:25:53 +0100] "GET /small-box-for-baby-teeth-simon-bear-p-50817.html HTTP/1.0" 301 73493 "-" "Mozilla/5.0 (compatible; MJ12bot/v1.4.8; http://mj12bot.com/)"
185.191.171.15 - - [29/Nov/2021:12:25:55 +0100] "GET /indian-elephant-statue-23-cm-p-41467.html HTTP/1.0" 301 73383 "-" "Mozilla/5.0 (compatible; SemrushBot/7~bl; +http://www.semrush.com/bot.html)"
148.251.120.201 - - [29/Nov/2021:12:25:57 +0100] "GET /small-baby-teeth-simon-bear-p-50817.html HTTP/1.0" 200 73399 "-" "Mozilla/5.0 (compatible; MJ12bot/v1.4.8; http://mj12bot.com/)"
185.191.171.11 - - [29/Nov/2021:12:25:57 +0100] "GET /indian-elephant-statue-p-41467.html HTTP/1.0" 200 73294 "-" "Mozilla/5.0 (compatible; SemrushBot/7~bl; +http://www.semrush.com/bot.html)"
148.251.120.201 - - [29/Nov/2021:12:26:03 +0100] "GET /small-boxes-and-pill-c-154.html HTTP/1.0" 301 90294 "-" "Mozilla/5.0 (compatible; MJ12bot/v1.4.8; http://mj12bot.com/)"
148.251.120.201 - - [29/Nov/2021:12:26:09 +0100] "GET /small-boxes-pill-c-13_150_154.html HTTP/1.0" 200 90459 "-" "Mozilla/5.0 (compatible; MJ12bot/v1.4.8; http://mj12bot.com/)"
148.251.120.201 - - [29/Nov/2021:12:26:15 +0100] "GET /small-ceramic-lamp-black-p-38058.html HTTP/1.0" 301 70631 "-" "Mozilla/5.0 (compatible; MJ12bot/v1.4.8; http://mj12bot.com/)"
148.251.120.201 - - [29/Nov/2021:12:26:22 +0100] "GET /-p-38058.html HTTP/1.0" 200 70564 "-" "Mozilla/5.0 (compatible; MJ12bot/v1.4.8; http://mj12bot.com/)"
54.36.148.220 - - [29/Nov/2021:12:26:26 +0100] "GET /cat-bedclothes-220-240-cm-p-28051.html HTTP/1.0" 301 70631 "-" "Mozilla/5.0 (compatible; AhrefsBot/7.0; +http://ahrefs.com/robot/)"
148.251.120.201 - - [29/Nov/2021:12:26:28 +0100] "GET /small-chest-in-raw-wood-whitened-p-48069.html HTTP/1.0" 301 70760 "-" "Mozilla/5.0 (compatible; MJ12bot/v1.4.8; http://mj12bot.com/)"
148.251.120.201 - - [29/Nov/2021:12:26:33 +0100] "GET /small-chest-wood-whitened-p-48069.html HTTP/1.0" 200 70668 "-" "Mozilla/5.0 (compatible; MJ12bot/v1.4.8; http://mj12bot.com/)"
148.251.120.201 - - [29/Nov/2021:12:26:38 +0100] "GET /small-chest-wood-whitened-p-48069.html HTTP/1.0" 200 70668 "-" "Mozilla/5.0 (compatible; MJ12bot/v1.4.8; http://mj12bot.com/)"
54.36.149.29 - - [29/Nov/2021:12:26:39 +0100] "GET /pepe-jeans-gray-shoulder-p-35985.html HTTP/1.0" 200 73584 "-" "Mozilla/5.0 (compatible; AhrefsBot/7.0; +http://ahrefs.com/robot/)"
148.251.120.201 - - [29/Nov/2021:12:26:45 +0100] "GET /small-cool-bag-lunch-box-20-13-15-cm-tour-de-france-p-51683.html HTTP/1.0" 301 73544 "-" "Mozilla/5.0 (compatible; MJ12bot/v1.4.8; http://mj12bot.com/)"
148.251.120.201 - - [29/Nov/2021:12:26:53 +0100] "GET /small-cool-lunch-tour-france-p-51683.html HTTP/1.0" 200 73449 "-" "Mozilla/5.0 (compatible; MJ12bot/v1.4.8; http://mj12bot.com/)"
54.36.148.87 - - [29/Nov/2021:12:26:58 +0100] "GET /beatles-abbey-road-ivory-large-bowling-bag-p-7112.html HTTP/1.0" 301 73677 "-" "Mozilla/5.0 (compatible; AhrefsBot/7.0; +http://ahrefs.com/robot/)"
148.251.120.201 - - [29/Nov/2021:12:26:59 +0100] "GET /small-cool-lunch-tour-france-p-51683.html HTTP/1.0" 200 73449 "-" "Mozilla/5.0 (compatible; MJ12bot/v1.4.8; http://mj12bot.com/)"
148.251.120.201 - - [29/Nov/2021:12:27:04 +0100] "GET /small-digital-alarm-clock-olympique-marseille-p-50782.html HTTP/1.0" 200 74165 "-" "Mozilla/5.0 (compatible; MJ12bot/v1.4.8; http://mj12bot.com/)"
148.251.120.201 - - [29/Nov/2021:12:27:12 +0100] "GET /small-earth-globe-decoration-p-50825.html HTTP/1.0" 200 70666 "-" "Mozilla/5.0 (compatible; MJ12bot/v1.4.8; http://mj12bot.com/)"
148.251.120.201 - - [29/Nov/2021:12:27:16 +0100] "GET /small-jar-candle-ruby-pomegranate-p-51061.html HTTP/1.0" 301 73838 "-" "Mozilla/5.0 (compatible; MJ12bot/v1.4.8; http://mj12bot.com/)"
148.251.120.201 - - [29/Nov/2021:12:27:20 +0100] "GET /small-candle-ruby-pomegranate-p-51061.html HTTP/1.0" 200 73742 "-" "Mozilla/5.0 (compatible; MJ12bot/v1.4.8; http://mj12bot.com/)"
148.251.120.201 - - [29/Nov/2021:12:27:29 +0100] "GET /small-statuette-marie-dore-p-55485.html HTTP/1.0" 200 73921 "-" "Mozilla/5.0 (compatible; MJ12bot/v1.4.8; http://mj12bot.com/)"
148.251.120.201 - - [29/Nov/2021:12:27:36 +0100] "GET /small-turtle-aged-bleached-wood-p-54506.html HTTP/1.0" 200 70692 "-" "Mozilla/5.0 (compatible; MJ12bot/v1.4.8; http://mj12bot.com/)"
148.251.120.201 - - [29/Nov/2021:12:27:42 +0100] "GET /small-white-corsican-money-p-54518.html HTTP/1.0" 200 73319 "-" "Mozilla/5.0 (compatible; MJ12bot/v1.4.8; http://mj12bot.com/)"
148.251.120.201 - - [29/Nov/2021:12:27:49 +0100] "GET /small-wooden-towel-holder-hang-p-51016.html HTTP/1.0" 200 73339 "-" "Mozilla/5.0 (compatible; MJ12bot/v1.4.8; http://mj12bot.com/)"
185.191.171.12 - - [29/Nov/2021:12:27:53 +0100] "GET /mickey-birthday-card-with-envelope-p-25256.html HTTP/1.0" 200 73262 "-" "Mozilla/5.0 (compatible; SemrushBot/7~bl; +http://www.semrush.com/bot.html)"
148.251.120.201 - - [29/Nov/2021:12:27:55 +0100] "GET /small-wooden-towel-holder-hang-p-51017.html HTTP/1.0" 200 73339 "-" "Mozilla/5.0 (compatible; MJ12bot/v1.4.8; http://mj12bot.com/)"
54.36.149.17 - - [29/Nov/2021:12:27:56 +0100] "GET /paris-glass-wall-clock-p-10446.html HTTP/1.0" 200 73815 "-" "Mozilla/5.0 (compatible; AhrefsBot/7.0; +http://ahrefs.com/robot/)"
148.251.120.201 - - [29/Nov/2021:12:28:01 +0100] "GET /small-wooden-towel-holder-hang-p-51019.html HTTP/1.0" 200 73339 "-" "Mozilla/5.0 (compatible; MJ12bot/v1.4.8; http://mj12bot.com/)"
185.191.171.17 - - [29/Nov/2021:12:28:04 +0100] "GET /hourglass-decoration-painted-metal-glass-p-49248.html?action=add_product HTTP/1.0" 302 476 "-" "Mozilla/5.0 (compatible; SemrushBot/7~bl; +http://www.semrush.com/bot.html)"
148.251.120.201 - - [29/Nov/2021:12:28:10 +0100] "GET /snow-and-glitter-ball-c-259.html HTTP/1.0" 301 90344 "-" "Mozilla/5.0 (compatible; MJ12bot/v1.4.8; http://mj12bot.com/)"
185.191.171.17 - - [29/Nov/2021:12:28:14 +0100] "GET /candytuft-flower-fairies-mug-p-40070.html HTTP/1.0" 301 75023 "-" "Mozilla/5.0 (compatible; SemrushBot/7~bl; +http://www.semrush.com/bot.html)"
148.251.120.201 - - [29/Nov/2021:12:28:16 +0100] "GET /snow-glitter-ball-c-13_259.html HTTP/1.0" 200 90385 "-" "Mozilla/5.0 (compatible; MJ12bot/v1.4.8; http://mj12bot.com/)"
185.191.171.44 - - [29/Nov/2021:12:28:16 +0100] "GET /candytuft-flower-fairies-p-40070.html HTTP/1.0" 200 74932 "-" "Mozilla/5.0 (compatible; SemrushBot/7~bl; +http://www.semrush.com/bot.html)"
148.251.120.201 - - [29/Nov/2021:12:28:21 +0100] "GET /snow-white-miss-mindy-figurine-p-45591.html HTTP/1.0" 200 73948 "-" "Mozilla/5.0 (compatible; MJ12bot/v1.4.8; http://mj12bot.com/)"
148.251.120.201 - - [29/Nov/2021:12:28:28 +0100] "GET /so-chic-kitchen-towel-p-45546.html HTTP/1.0" 301 70717 "-" "Mozilla/5.0 (compatible; MJ12bot/v1.4.8; http://mj12bot.com/)"
114.119.128.37 - - [29/Nov/2021:12:28:32 +0100] "GET /little-prince-metal-bicycle-horn-p-55437.html HTTP/1.0" 200 73326 "-" "Mozilla/5.0 (Linux; Android 7.0;) AppleWebKit/537.36 (KHTML, like Gecko) Mobile Safari/537.36 (compatible; PetalBot;+https://webmaster.petalsearch.com/site/petalbot)"
148.251.120.201 - - [29/Nov/2021:12:28:33 +0100] "GET /chic-kitchen-towel-p-45546.html HTTP/1.0" 200 70632 "-" "Mozilla/5.0 (compatible; MJ12bot/v1.4.8; http://mj12bot.com/)"
148.251.120.201 - - [29/Nov/2021:12:28:38 +0100] "GET /soap-tin-box-c-171.html HTTP/1.0" 301 90453 "-" "Mozilla/5.0 (compatible; MJ12bot/v1.4.8; http://mj12bot.com/)"
185.191.171.16 - - [29/Nov/2021:12:28:41 +0100] "GET /retro-sugar-p-40717.html HTTP/1.0" 200 70614 "-" "Mozilla/5.0 (compatible; SemrushBot/7~bl; +http://www.semrush.com/bot.html)"
148.251.120.201 - - [29/Nov/2021:12:28:44 +0100] "GET /soap-c-13_150_171.html HTTP/1.0" 200 90630 "-" "Mozilla/5.0 (compatible; MJ12bot/v1.4.8; http://mj12bot.com/)"
157.55.39.223 - - [29/Nov/2021:12:28:49 +0100] "GET /images/DSCN4071.jpg HTTP/1.0" 200 254 "-" "Mozilla/5.0 (compatible; bingbot/2.0; +http://www.bing.com/bingbot.htm)"
148.251.120.201 - - [29/Nov/2021:12:28:49 +0100] "GET /socks-for-adults-c-137.html HTTP/1.0" 301 69607 "-" "Mozilla/5.0 (compatible; MJ12bot/v1.4.8; http://mj12bot.com/)"
148.251.120.201 - - [29/Nov/2021:12:28:55 +0100] "GET /socks-adults-c-53_137.html HTTP/1.0" 200 69628 "-" "Mozilla/5.0 (compatible; MJ12bot/v1.4.8; http://mj12bot.com/)"
185.191.171.22 - - [29/Nov/2021:12:28:58 +0100] "GET /raving-rabbids-cushion-p-27534.html?action=add_product HTTP/1.0" 302 476 "-" "Mozilla/5.0 (compatible; SemrushBot/7~bl; +http://www.semrush.com/bot.html)"
148.251.120.201 - - [29/Nov/2021:12:29:02 +0100] "GET /sophie-giraffe-glitter-globe-p-30604.html HTTP/1.0" 200 73395 "-" "Mozilla/5.0 (compatible; MJ12bot/v1.4.8; http://mj12bot.com/)"
148.251.120.201 - - [29/Nov/2021:12:29:08 +0100] "GET /sophie-giraffe-night-light-stars-projector-musical-p-51619.html HTTP/1.0" 200 70762 "-" "Mozilla/5.0 (compatible; MJ12bot/v1.4.8; http://mj12bot.com/)"
148.251.120.201 - - [29/Nov/2021:12:29:15 +0100] "GET /spiderman-pairs-socks-size-p-46846.html HTTP/1.0" 200 72954 "-" "Mozilla/5.0 (compatible; MJ12bot/v1.4.8; http://mj12bot.com/)"
185.191.171.45 - - [29/Nov/2021:12:29:20 +0100] "GET /cats-dubout-bowl-p-40057.html?action=add_product HTTP/1.0" 302 476 "-" "Mozilla/5.0 (compatible; SemrushBot/7~bl; +http://www.semrush.com/bot.html)"
66.249.75.168 - - [29/Nov/2021:12:29:20 +0100] "GET /images/mini_prod/3520071818146.jpg HTTP/1.0" 200 269 "-" "Googlebot-Image/1.0"
51.68.224.127 - - [29/Nov/2021:12:29:21 +0100] "GET /adminweb/export_orders_xml.php?token=256de2z6edz6ed2z6DFSFsed2zed6zeDSFDSGdzedezfzf&maxorders=10&orderstart=1&status=14&start_date=2018-10-01 HTTP/1.0" 200 285 "-" "GesCom CharlotteBoutik Serveur"
51.68.224.127 - - [29/Nov/2021:12:29:21 +0100] "GET /adminweb/export_orders_xml.php?token=256de2z6edz6ed2z6DFSFsed2zed6zeDSFDSGdzedezfzf&maxorders=10&orderstart=1&status=6&start_date=2018-10-01 HTTP/1.0" 200 32471 "-" "GesCom CharlotteBoutik Serveur"
148.251.120.201 - - [29/Nov/2021:12:29:21 +0100] "GET /sponge-stand-c-256.html HTTP/1.0" 301 77733 "-" "Mozilla/5.0 (compatible; MJ12bot/v1.4.8; http://mj12bot.com/)"
148.251.120.201 - - [29/Nov/2021:12:29:26 +0100] "GET /sponge-stand-c-12_256.html HTTP/1.0" 200 77757 "-" "Mozilla/5.0 (compatible; MJ12bot/v1.4.8; http://mj12bot.com/)"
148.251.120.201 - - [29/Nov/2021:12:29:31 +0100] "GET /square-wooden-box-with-metal-stud-decorations-p-48059.html HTTP/1.0" 301 70834 "-" "Mozilla/5.0 (compatible; MJ12bot/v1.4.8; http://mj12bot.com/)"
148.251.120.201 - - [29/Nov/2021:12:29:36 +0100] "GET /square-wooden-with-metal-stud-decorations-p-48059.html HTTP/1.0" 200 70726 "-" "Mozilla/5.0 (compatible; MJ12bot/v1.4.8; http://mj12bot.com/)"
148.251.120.201 - - [29/Nov/2021:12:29:42 +0100] "GET /squares-potholder-and-glove-set-p-45532.html HTTP/1.0" 301 70752 "-" "Mozilla/5.0 (compatible; MJ12bot/v1.4.8; http://mj12bot.com/)"
207.46.13.202 - - [29/Nov/2021:12:29:45 +0100] "GET /images/big_prod/3609810076006b.jpg HTTP/1.0" 200 269 "-" "Mozilla/5.0 (compatible; bingbot/2.0; +http://www.bing.com/bingbot.htm)"
148.251.120.201 - - [29/Nov/2021:12:29:46 +0100] "GET /squares-potholder-glove-p-45532.html HTTP/1.0" 200 70662 "-" "Mozilla/5.0 (compatible; MJ12bot/v1.4.8; http://mj12bot.com/)"
185.191.171.40 - - [29/Nov/2021:12:29:46 +0100] "GET /harmony-washed-linen-adult-kitchen-apron-absinthe-p-48145.html HTTP/1.0" 301 70631 "-" "Mozilla/5.0 (compatible; SemrushBot/7~bl; +http://www.semrush.com/bot.html)"
185.191.171.44 - - [29/Nov/2021:12:29:48 +0100] "GET /-p-48145.html HTTP/1.0" 200 70564 "-" "Mozilla/5.0 (compatible; SemrushBot/7~bl; +http://www.semrush.com/bot.html)"
54.36.148.85 - - [29/Nov/2021:12:29:53 +0100] "GET /beyond-charms-keychain-sloth-p-51830.html HTTP/1.0" 200 74467 "-" "Mozilla/5.0 (compatible; AhrefsBot/7.0; +http://ahrefs.com/robot/)"
148.251.120.201 - - [29/Nov/2021:12:29:53 +0100] "GET /squares-potholder-glove-p-45532.html HTTP/1.0" 200 70662 "-" "Mozilla/5.0 (compatible; MJ12bot/v1.4.8; http://mj12bot.com/)"
148.251.120.201 - - [29/Nov/2021:12:30:02 +0100] "GET /star-adult-military-cbkration-p-36528.html HTTP/1.0" 200 73395 "-" "Mozilla/5.0 (compatible; MJ12bot/v1.4.8; http://mj12bot.com/)"
148.251.120.201 - - [29/Nov/2021:12:30:08 +0100] "GET /star-adult-military-cbkration-p-36529.html HTTP/1.0" 200 70736 "-" "Mozilla/5.0 (compatible; MJ12bot/v1.4.8; http://mj12bot.com/)"
148.251.120.201 - - [29/Nov/2021:12:30:15 +0100] "GET /star-jour-card-p-20019.html HTTP/1.0" 200 70673 "-" "Mozilla/5.0 (compatible; MJ12bot/v1.4.8; http://mj12bot.com/)"
148.251.120.201 - - [29/Nov/2021:12:30:20 +0100] "GET /star-wars-clock-p-29934.html HTTP/1.0" 301 70631 "-" "Mozilla/5.0 (compatible; MJ12bot/v1.4.8; http://mj12bot.com/)"
148.251.120.201 - - [29/Nov/2021:12:30:25 +0100] "GET /-p-29934.html HTTP/1.0" 200 70564 "-" "Mozilla/5.0 (compatible; MJ12bot/v1.4.8; http://mj12bot.com/)"
148.251.120.201 - - [29/Nov/2021:12:30:31 +0100] "GET /star-wars-clock-p-29935.html HTTP/1.0" 301 70631 "-" "Mozilla/5.0 (compatible; MJ12bot/v1.4.8; http://mj12bot.com/)"
185.191.171.39 - - [29/Nov/2021:12:30:34 +0100] "GET /rose-quartz-energy-care-stick-massage-stick-p-48362.html?action=add_product HTTP/1.0" 302 476 "-" "Mozilla/5.0 (compatible; SemrushBot/7~bl; +http://www.semrush.com/bot.html)"
148.251.120.201 - - [29/Nov/2021:12:30:38 +0100] "GET /-p-29935.html HTTP/1.0" 200 70564 "-" "Mozilla/5.0 (compatible; MJ12bot/v1.4.8; http://mj12bot.com/)"
148.251.120.201 - - [29/Nov/2021:12:30:43 +0100] "GET /star-wars-clock-p-29937.html HTTP/1.0" 301 70631 "-" "Mozilla/5.0 (compatible; MJ12bot/v1.4.8; http://mj12bot.com/)"
148.251.120.201 - - [29/Nov/2021:12:30:50 +0100] "GET /-p-29937.html HTTP/1.0" 200 70564 "-" "Mozilla/5.0 (compatible; MJ12bot/v1.4.8; http://mj12bot.com/)"
148.251.120.201 - - [29/Nov/2021:12:30:55 +0100] "GET /statue-gold-bear-franois-pompon-p-55506.html HTTP/1.0" 200 74598 "-" "Mozilla/5.0 (compatible; MJ12bot/v1.4.8; http://mj12bot.com/)"
148.251.120.201 - - [29/Nov/2021:12:31:02 +0100] "GET /statue-unicit-visages-cramique-p-56076.html HTTP/1.0" 301 74338 "-" "Mozilla/5.0 (compatible; MJ12bot/v1.4.8; http://mj12bot.com/)"
148.251.120.201 - - [29/Nov/2021:12:31:07 +0100] "GET /statue-complicity-p-56076.html HTTP/1.0" 200 74254 "-" "Mozilla/5.0 (compatible; MJ12bot/v1.4.8; http://mj12bot.com/)"
148.251.120.201 - - [29/Nov/2021:12:31:20 +0100] "GET /statuette-decorative-archange-saint-michel-p-52826.html HTTP/1.0" 301 73527 "-" "Mozilla/5.0 (compatible; MJ12bot/v1.4.8; http://mj12bot.com/)"
66.249.75.168 - - [29/Nov/2021:12:31:21 +0100] "GET /toucan-lamp-golden-resin-p-53606.html HTTP/1.0" 200 73981 "-" "Mozilla/5.0 (Linux; Android 6.0.1; Nexus 5X Build/MMB29P) AppleWebKit/537.36 (KHTML, like Gecko) Chrome/96.0.4664.45 Mobile Safari/537.36 (compatible; Googlebot/2.1; +http://www.google.com/bot.html)"
185.191.171.43 - - [29/Nov/2021:12:31:21 +0100] "GET /calendar-bookmarks-year-2018-16-cm-p-41810.html HTTP/1.0" 301 70631 "-" "Mozilla/5.0 (compatible; SemrushBot/7~bl; +http://www.semrush.com/bot.html)"
185.191.171.45 - - [29/Nov/2021:12:31:24 +0100] "GET /-p-41810.html HTTP/1.0" 200 70564 "-" "Mozilla/5.0 (compatible; SemrushBot/7~bl; +http://www.semrush.com/bot.html)"
148.251.120.201 - - [29/Nov/2021:12:31:28 +0100] "GET /decorative-statuette-archangel-saint-michael-p-52826.html HTTP/1.0" 200 73416 "-" "Mozilla/5.0 (compatible; MJ12bot/v1.4.8; http://mj12bot.com/)"
148.251.120.201 - - [29/Nov/2021:12:31:34 +0100] "GET /statuette-jesus-christ-sacred-heart-inside-and-outside-p-51649.html HTTP/1.0" 301 74639 "-" "Mozilla/5.0 (compatible; MJ12bot/v1.4.8; http://mj12bot.com/)"
148.251.120.201 - - [29/Nov/2021:12:31:40 +0100] "GET /statuette-jesus-christ-sacred-heart-inside-outside-p-51649.html HTTP/1.0" 200 74522 "-" "Mozilla/5.0 (compatible; MJ12bot/v1.4.8; http://mj12bot.com/)"
148.251.120.201 - - [29/Nov/2021:12:31:46 +0100] "GET /statuette-jesus-christ-sacred-heart-inside-outside-p-51649.html HTTP/1.0" 200 74522 "-" "Mozilla/5.0 (compatible; MJ12bot/v1.4.8; http://mj12bot.com/)"
185.191.171.23 - - [29/Nov/2021:12:31:51 +0100] "GET /brass-compass-sundial-p-52855.html?action=add_product HTTP/1.0" 302 476 "-" "Mozilla/5.0 (compatible; SemrushBot/7~bl; +http://www.semrush.com/bot.html)"
148.251.120.201 - - [29/Nov/2021:12:31:52 +0100] "GET /statuette-le-golfeur-en-resine-noire-22-cm-p-51566.html HTTP/1.0" 301 70701 "-" "Mozilla/5.0 (compatible; MJ12bot/v1.4.8; http://mj12bot.com/)"
148.251.120.201 - - [29/Nov/2021:12:31:56 +0100] "GET /golfer-statuette-p-51566.html HTTP/1.0" 200 70618 "-" "Mozilla/5.0 (compatible; MJ12bot/v1.4.8; http://mj12bot.com/)"
148.251.120.201 - - [29/Nov/2021:12:32:03 +0100] "GET /statuette-le-rugbyman-en-resine-noire-16-cm-p-51568.html HTTP/1.0" 301 73291 "-" "Mozilla/5.0 (compatible; MJ12bot/v1.4.8; http://mj12bot.com/)"
148.251.120.201 - - [29/Nov/2021:12:32:07 +0100] "GET /rugbyman-statuette-p-51568.html HTTP/1.0" 200 73206 "-" "Mozilla/5.0 (compatible; MJ12bot/v1.4.8; http://mj12bot.com/)"
54.36.148.45 - - [29/Nov/2021:12:32:12 +0100] "GET /elsa-frozen-tree-ornament-p-30723.html HTTP/1.0" 200 73340 "-" "Mozilla/5.0 (compatible; AhrefsBot/7.0; +http://ahrefs.com/robot/)"
207.46.13.118 - - [29/Nov/2021:12:32:14 +0100] "GET /images/med_prod/1399984288726.jpg HTTP/1.0" 200 268 "-" "Mozilla/5.0 (compatible; bingbot/2.0; +http://www.bing.com/bingbot.htm)"
148.251.120.201 - - [29/Nov/2021:12:32:15 +0100] "GET /statuette-le-surfeur-en-resine-grise-22-cm-p-53056.html HTTP/1.0" 301 73276 "-" "Mozilla/5.0 (compatible; MJ12bot/v1.4.8; http://mj12bot.com/)"
148.251.120.201 - - [29/Nov/2021:12:32:20 +0100] "GET /surfer-statuette-p-53056.html HTTP/1.0" 200 73193 "-" "Mozilla/5.0 (compatible; MJ12bot/v1.4.8; http://mj12bot.com/)"
148.251.120.201 - - [29/Nov/2021:12:32:26 +0100] "GET /statuette-sonny-angel-bobbing-head-sheep-p-54741.html HTTP/1.0" 200 74714 "-" "Mozilla/5.0 (compatible; MJ12bot/v1.4.8; http://mj12bot.com/)"
148.251.120.201 - - [29/Nov/2021:12:32:31 +0100] "GET /sticker-dcoration-murale-branche-orchides-p-55495.html HTTP/1.0" 301 70631 "-" "Mozilla/5.0 (compatible; MJ12bot/v1.4.8; http://mj12bot.com/)"
148.251.120.201 - - [29/Nov/2021:12:32:37 +0100] "GET /-p-55495.html HTTP/1.0" 200 70564 "-" "Mozilla/5.0 (compatible; MJ12bot/v1.4.8; http://mj12bot.com/)"
148.251.120.201 - - [29/Nov/2021:12:32:43 +0100] "GET /sticker-mural-decoratif-branches-et-hirondelles-p-51118.html HTTP/1.0" 301 73993 "-" "Mozilla/5.0 (compatible; MJ12bot/v1.4.8; http://mj12bot.com/)"
148.251.120.201 - - [29/Nov/2021:12:32:48 +0100] "GET /wall-stickers-swallows-p-51118.html HTTP/1.0" 200 73904 "-" "Mozilla/5.0 (compatible; MJ12bot/v1.4.8; http://mj12bot.com/)"
148.251.120.201 - - [29/Nov/2021:12:32:54 +0100] "GET /sticker-mural-mieux-vaut-boire-du-rouge-que-broyer-du-noir-p-53542.html HTTP/1.0" 301 74214 "-" "Mozilla/5.0 (compatible; MJ12bot/v1.4.8; http://mj12bot.com/)"
148.251.120.201 - - [29/Nov/2021:12:33:01 +0100] "GET /quote-wall-sticker-p-53542.html HTTP/1.0" 200 74129 "-" "Mozilla/5.0 (compatible; MJ12bot/v1.4.8; http://mj12bot.com/)"
185.191.171.9 - - [29/Nov/2021:12:33:07 +0100] "GET /small-angel-heart-stitch-collectible-statuette-p-56318.html HTTP/1.0" 200 74576 "-" "Mozilla/5.0 (compatible; SemrushBot/7~bl; +http://www.semrush.com/bot.html)"
148.251.120.201 - - [29/Nov/2021:12:33:08 +0100] "GET /sticker-mural-repositionnable-titeuf-en-mauvaise-posture-p-24723.html HTTP/1.0" 301 70706 "-" "Mozilla/5.0 (compatible; MJ12bot/v1.4.8; http://mj12bot.com/)"
148.251.120.201 - - [29/Nov/2021:12:33:16 +0100] "GET /titeuf-sticker-p-24723.html HTTP/1.0" 200 70625 "-" "Mozilla/5.0 (compatible; MJ12bot/v1.4.8; http://mj12bot.com/)"
54.36.148.129 - - [29/Nov/2021:12:33:16 +0100] "GET /grill-menu-wooden-wall-decoration-hang-p-44742.html HTTP/1.0" 200 73449 "-" "Mozilla/5.0 (compatible; AhrefsBot/7.0; +http://ahrefs.com/robot/)"
185.191.171.36 - - [29/Nov/2021:12:33:18 +0100] "GET /cotton-floor-cushion-blue-p-48314.html HTTP/1.0" 200 73854 "-" "Mozilla/5.0 (compatible; SemrushBot/7~bl; +http://www.semrush.com/bot.html)"
148.251.120.201 - - [29/Nov/2021:12:33:20 +0100] "GET /sticker-mural-tout-travail-merite-sa-biere-p-53543.html HTTP/1.0" 301 74401 "-" "Mozilla/5.0 (compatible; MJ12bot/v1.4.8; http://mj12bot.com/)"
148.251.120.201 - - [29/Nov/2021:12:33:27 +0100] "GET /quote-wall-sticker-tout-travail-mrite-bire-p-53543.html HTTP/1.0" 200 74292 "-" "Mozilla/5.0 (compatible; MJ12bot/v1.4.8; http://mj12bot.com/)"
148.251.120.201 - - [29/Nov/2021:12:33:34 +0100] "GET /stickers-carreaux-de-ciment-15-15-cm-par-p-51622.html HTTP/1.0" 301 74434 "-" "Mozilla/5.0 (compatible; MJ12bot/v1.4.8; http://mj12bot.com/)"
148.251.120.201 - - [29/Nov/2021:12:33:38 +0100] "GET /cement-tile-stickers-p-51622.html HTTP/1.0" 200 74347 "-" "Mozilla/5.0 (compatible; MJ12bot/v1.4.8; http://mj12bot.com/)"
114.119.128.253 - - [29/Nov/2021:12:33:39 +0100] "GET /makeup-mani-lucky-light-pink-p-47622.html HTTP/1.0" 200 74095 "-" "Mozilla/5.0 (Linux; Android 7.0;) AppleWebKit/537.36 (KHTML, like Gecko) Mobile Safari/537.36 (compatible; PetalBot;+https://webmaster.petalsearch.com/site/petalbot)"
54.36.149.33 - - [29/Nov/2021:12:33:44 +0100] "GET /hanna-barbera-black-shirt-p-29597.html HTTP/1.0" 200 74635 "-" "Mozilla/5.0 (compatible; AhrefsBot/7.0; +http://ahrefs.com/robot/)"
148.251.120.201 - - [29/Nov/2021:12:33:45 +0100] "GET /stickers-carreaux-de-ciment-15-15-cm-par-p-51626.html HTTP/1.0" 301 73600 "-" "Mozilla/5.0 (compatible; MJ12bot/v1.4.8; http://mj12bot.com/)"
148.251.120.201 - - [29/Nov/2021:12:33:51 +0100] "GET /cement-tile-stickers-p-51626.html HTTP/1.0" 200 73513 "-" "Mozilla/5.0 (compatible; MJ12bot/v1.4.8; http://mj12bot.com/)"
148.251.120.201 - - [29/Nov/2021:12:33:57 +0100] "GET /stickers-carreaux-de-ciment-15-15-cm-par-p-51627.html HTTP/1.0" 301 73599 "-" "Mozilla/5.0 (compatible; MJ12bot/v1.4.8; http://mj12bot.com/)"
185.191.171.1 - - [29/Nov/2021:12:33:58 +0100] "GET /kimmidoll-mizuyo-jewelry-box-p-31948.html HTTP/1.0" 301 73512 "-" "Mozilla/5.0 (compatible; SemrushBot/7~bl; +http://www.semrush.com/bot.html)"
185.191.171.15 - - [29/Nov/2021:12:34:00 +0100] "GET /kimmidoll-mizuyo-jewelry-p-31948.html HTTP/1.0" 200 73421 "-" "Mozilla/5.0 (compatible; SemrushBot/7~bl; +http://www.semrush.com/bot.html)"
185.191.171.18 - - [29/Nov/2021:12:34:02 +0100] "GET /wind-chime-angel-glow-dark-yellow-p-40219.html?action=add_product HTTP/1.0" 302 476 "-" "Mozilla/5.0 (compatible; SemrushBot/7~bl; +http://www.semrush.com/bot.html)"
148.251.120.201 - - [29/Nov/2021:12:34:03 +0100] "GET /cement-tile-stickers-p-51627.html HTTP/1.0" 200 73512 "-" "Mozilla/5.0 (compatible; MJ12bot/v1.4.8; http://mj12bot.com/)"
148.251.120.201 - - [29/Nov/2021:12:34:09 +0100] "GET /stickers-carreaux-de-ciment-15-15-cm-par-p-51629.html HTTP/1.0" 301 73599 "-" "Mozilla/5.0 (compatible; MJ12bot/v1.4.8; http://mj12bot.com/)"
54.36.148.14 - - [29/Nov/2021:12:34:12 +0100] "GET /small-boxes-pill-c-13_150_154.html?page=1 HTTP/1.0" 200 90470 "-" "Mozilla/5.0 (compatible; AhrefsBot/7.0; +http://ahrefs.com/robot/)"
148.251.120.201 - - [29/Nov/2021:12:34:12 +0100] "GET /cement-tile-stickers-p-51629.html HTTP/1.0" 200 73512 "-" "Mozilla/5.0 (compatible; MJ12bot/v1.4.8; http://mj12bot.com/)"
148.251.120.201 - - [29/Nov/2021:12:34:19 +0100] "GET /stickers-muraux-c-13_187.html HTTP/1.0" 301 93575 "-" "Mozilla/5.0 (compatible; MJ12bot/v1.4.8; http://mj12bot.com/)"
148.251.120.201 - - [29/Nov/2021:12:34:24 +0100] "GET /wall-sticker-c-187.html HTTP/1.0" 301 93452 "-" "Mozilla/5.0 (compatible; MJ12bot/v1.4.8; http://mj12bot.com/)"
185.191.171.45 - - [29/Nov/2021:12:34:28 +0100] "GET /trunk-suitcase-555-cm-p-49052.html HTTP/1.0" 301 70707 "-" "Mozilla/5.0 (compatible; SemrushBot/7~bl; +http://www.semrush.com/bot.html)"
148.251.120.201 - - [29/Nov/2021:12:34:28 +0100] "GET /wall-sticker-c-13_187.html HTTP/1.0" 200 93498 "-" "Mozilla/5.0 (compatible; MJ12bot/v1.4.8; http://mj12bot.com/)"
185.191.171.10 - - [29/Nov/2021:12:34:30 +0100] "GET /trunk-suitcase-p-49052.html HTTP/1.0" 200 70626 "-" "Mozilla/5.0 (compatible; SemrushBot/7~bl; +http://www.semrush.com/bot.html)"
52.156.93.152 - - [29/Nov/2021:12:34:32 +0100] "GET /images/big_prod_1/b8718375753521.jpg HTTP/1.0" 200 271 "-" "Mozilla/5.0 (Windows NT 10.0; WOW64) AppleWebKit/537.36 (KHTML, like Gecko) Chrome/68.0.3440.106 Safari/537.36"
148.251.120.201 - - [29/Nov/2021:12:34:33 +0100] "GET /stickers-muraux-deco-arbre-chouettes-p-51129.html HTTP/1.0" 301 74219 "-" "Mozilla/5.0 (compatible; MJ12bot/v1.4.8; http://mj12bot.com/)"
148.251.120.201 - - [29/Nov/2021:12:34:38 +0100] "GET /wall-stickers-owls-tree-p-51129.html HTTP/1.0" 200 74129 "-" "Mozilla/5.0 (compatible; MJ12bot/v1.4.8; http://mj12bot.com/)"
185.191.171.23 - - [29/Nov/2021:12:34:40 +0100] "GET /black-fancy-elastic-bracelet-p-43727.html HTTP/1.0" 200 73208 "-" "Mozilla/5.0 (compatible; SemrushBot/7~bl; +http://www.semrush.com/bot.html)"
148.251.120.201 - - [29/Nov/2021:12:34:43 +0100] "GET /stickers-muraux-deco-cle-de-sol-p-51124.html HTTP/1.0" 301 74037 "-" "Mozilla/5.0 (compatible; MJ12bot/v1.4.8; http://mj12bot.com/)"
85.105.212.211 - - [29/Nov/2021:12:34:47 +0100] "GET /beer-beer-metal-plate-deco-p-36751.html HTTP/1.0" 200 73315 "https://www.google.com/" "Mozilla/5.0 (Windows NT 10.0; Win64; x64) AppleWebKit/537.36 (KHTML, like Gecko) Chrome/96.0.4664.45 Safari/537.36"
85.105.212.211 - - [29/Nov/2021:12:34:48 +0100] "GET /highslide/highslide.js HTTP/1.0" 200 262 "http://www.wonder-geek.com/beer-beer-metal-plate-deco-p-36751.html" "Mozilla/5.0 (Windows NT 10.0; Win64; x64) AppleWebKit/537.36 (KHTML, like Gecko) Chrome/96.0.4664.45 Safari/537.36"
85.105.212.211 - - [29/Nov/2021:12:34:48 +0100] "GET /templates/Pixame_v1/stylesheet.css HTTP/1.0" 200 267 "http://www.wonder-geek.com/beer-beer-metal-plate-deco-p-36751.html" "Mozilla/5.0 (Windows NT 10.0; Win64; x64) AppleWebKit/537.36 (KHTML, like Gecko) Chrome/96.0.4664.45 Safari/537.36"
85.105.212.211 - - [29/Nov/2021:12:34:48 +0100] "GET /js/jquery.js HTTP/1.0" 200 252 "http://www.wonder-geek.com/beer-beer-metal-plate-deco-p-36751.html" "Mozilla/5.0 (Windows NT 10.0; Win64; x64) AppleWebKit/537.36 (KHTML, like Gecko) Chrome/96.0.4664.45 Safari/537.36"
85.105.212.211 - - [29/Nov/2021:12:34:48 +0100] "GET /js/jquery.jqzoom.js HTTP/1.0" 200 259 "http://www.wonder-geek.com/beer-beer-metal-plate-deco-p-36751.html" "Mozilla/5.0 (Windows NT 10.0; Win64; x64) AppleWebKit/537.36 (KHTML, like Gecko) Chrome/96.0.4664.45 Safari/537.36"
85.105.212.211 - - [29/Nov/2021:12:34:48 +0100] "GET /mondial_relay/js/jquery-1.3.2.min.js HTTP/1.0" 200 276 "http://www.wonder-geek.com/beer-beer-metal-plate-deco-p-36751.html" "Mozilla/5.0 (Windows NT 10.0; Win64; x64) AppleWebKit/537.36 (KHTML, like Gecko) Chrome/96.0.4664.45 Safari/537.36"
85.105.212.211 - - [29/Nov/2021:12:34:48 +0100] "GET /swfobject.js HTTP/1.0" 404 1308 "http://www.wonder-geek.com/beer-beer-metal-plate-deco-p-36751.html" "Mozilla/5.0 (Windows NT 10.0; Win64; x64) AppleWebKit/537.36 (KHTML, like Gecko) Chrome/96.0.4664.45 Safari/537.36"
85.105.212.211 - - [29/Nov/2021:12:34:48 +0100] "GET /templates/Pixame_v1/images/icon_accueil2.png HTTP/1.0" 200 278 "http://www.wonder-geek.com/beer-beer-metal-plate-deco-p-36751.html" "Mozilla/5.0 (Windows NT 10.0; Win64; x64) AppleWebKit/537.36 (KHTML, like Gecko) Chrome/96.0.4664.45 Safari/537.36"
85.105.212.211 - - [29/Nov/2021:12:34:48 +0100] "GET /templates/Pixame_v1/images/infobox/pixel_trans.gif HTTP/1.0" 200 328 "http://www.wonder-geek.com/beer-beer-metal-plate-deco-p-36751.html" "Mozilla/5.0 (Windows NT 10.0; Win64; x64) AppleWebKit/537.36 (KHTML, like Gecko) Chrome/96.0.4664.45 Safari/537.36"
85.105.212.211 - - [29/Nov/2021:12:34:48 +0100] "GET /swfobject.js HTTP/1.0" 404 1308 "http://www.wonder-geek.com/beer-beer-metal-plate-deco-p-36751.html" "Mozilla/5.0 (Windows NT 10.0; Win64; x64) AppleWebKit/537.36 (KHTML, like Gecko) Chrome/96.0.4664.45 Safari/537.36"
85.105.212.211 - - [29/Nov/2021:12:34:48 +0100] "GET /images/pixel_trans.gif HTTP/1.0" 200 328 "http://www.wonder-geek.com/beer-beer-metal-plate-deco-p-36751.html" "Mozilla/5.0 (Windows NT 10.0; Win64; x64) AppleWebKit/537.36 (KHTML, like Gecko) Chrome/96.0.4664.45 Safari/537.36"
85.105.212.211 - - [29/Nov/2021:12:34:48 +0100] "GET /templates/Pixame_v1/images/pixel_trans.gif HTTP/1.0" 200 328 "http://www.wonder-geek.com/beer-beer-metal-plate-deco-p-36751.html" "Mozilla/5.0 (Windows NT 10.0; Win64; x64) AppleWebKit/537.36 (KHTML, like Gecko) Chrome/96.0.4664.45 Safari/537.36"
85.105.212.211 - - [29/Nov/2021:12:34:48 +0100] "GET /templates/Pixame_v1/images/Bottom_texture.jpg HTTP/1.0" 200 280 "http://www.wonder-geek.com/templates/Pixame_v1/stylesheet.css" "Mozilla/5.0 (Windows NT 10.0; Win64; x64) AppleWebKit/537.36 (KHTML, like Gecko) Chrome/96.0.4664.45 Safari/537.36"
85.105.212.211 - - [29/Nov/2021:12:34:48 +0100] "GET /templates/Pixame_v1/images/Middle_texture.jpg HTTP/1.0" 200 280 "http://www.wonder-geek.com/templates/Pixame_v1/stylesheet.css" "Mozilla/5.0 (Windows NT 10.0; Win64; x64) AppleWebKit/537.36 (KHTML, like Gecko) Chrome/96.0.4664.45 Safari/537.36"
85.105.212.211 - - [29/Nov/2021:12:34:48 +0100] "GET /templates/Pixame_v1/images/header.png HTTP/1.0" 200 271 "http://www.wonder-geek.com/templates/Pixame_v1/stylesheet.css" "Mozilla/5.0 (Windows NT 10.0; Win64; x64) AppleWebKit/537.36 (KHTML, like Gecko) Chrome/96.0.4664.45 Safari/537.36"
85.105.212.211 - - [29/Nov/2021:12:34:48 +0100] "GET /templates/Pixame_v1/images/nav.png HTTP/1.0" 200 268 "http://www.wonder-geek.com/templates/Pixame_v1/stylesheet.css" "Mozilla/5.0 (Windows NT 10.0; Win64; x64) AppleWebKit/537.36 (KHTML, like Gecko) Chrome/96.0.4664.45 Safari/537.36"
54.36.148.203 - - [29/Nov/2021:12:34:47 +0100] "GET /moroccan-ashtray-p-40624.html HTTP/1.0" 200 73172 "-" "Mozilla/5.0 (compatible; AhrefsBot/7.0; +http://ahrefs.com/robot/)"
85.105.212.211 - - [29/Nov/2021:12:34:48 +0100] "GET /templates/Pixame_v1/images/header-object.png HTTP/1.0" 200 278 "http://www.wonder-geek.com/templates/Pixame_v1/stylesheet.css" "Mozilla/5.0 (Windows NT 10.0; Win64; x64) AppleWebKit/537.36 (KHTML, like Gecko) Chrome/96.0.4664.45 Safari/537.36"
85.105.212.211 - - [29/Nov/2021:12:34:48 +0100] "GET /images/big_prod/8433933035542.jpg HTTP/1.0" 200 268 "http://www.wonder-geek.com/beer-beer-metal-plate-deco-p-36751.html" "Mozilla/5.0 (Windows NT 10.0; Win64; x64) AppleWebKit/537.36 (KHTML, like Gecko) Chrome/96.0.4664.45 Safari/537.36"
85.105.212.211 - - [29/Nov/2021:12:34:49 +0100] "GET /highslide/graphics/zoomin.cur HTTP/1.0" 200 614 "http://www.wonder-geek.com/templates/Pixame_v1/stylesheet.css" "Mozilla/5.0 (Windows NT 10.0; Win64; x64) AppleWebKit/537.36 (KHTML, like Gecko) Chrome/96.0.4664.45 Safari/537.36"
85.105.212.211 - - [29/Nov/2021:12:34:49 +0100] "GET /design/productsenstock.png HTTP/1.0" 200 260 "http://www.wonder-geek.com/templates/Pixame_v1/stylesheet.css" "Mozilla/5.0 (Windows NT 10.0; Win64; x64) AppleWebKit/537.36 (KHTML, like Gecko) Chrome/96.0.4664.45 Safari/537.36"
85.105.212.211 - - [29/Nov/2021:12:34:49 +0100] "GET /templates/Pixame_v1/images/infobox/infobox_footer_middle.gif HTTP/1.0" 200 357 "http://www.wonder-geek.com/beer-beer-metal-plate-deco-p-36751.html" "Mozilla/5.0 (Windows NT 10.0; Win64; x64) AppleWebKit/537.36 (KHTML, like Gecko) Chrome/96.0.4664.45 Safari/537.36"
85.105.212.211 - - [29/Nov/2021:12:34:49 +0100] "GET /templates/Pixame_v1/images/buttons/english/button_in_cart.gif HTTP/1.0" 200 295 "http://www.wonder-geek.com/beer-beer-metal-plate-deco-p-36751.html" "Mozilla/5.0 (Windows NT 10.0; Win64; x64) AppleWebKit/537.36 (KHTML, like Gecko) Chrome/96.0.4664.45 Safari/537.36"
85.105.212.211 - - [29/Nov/2021:12:34:49 +0100] "GET /highslide/graphics/zoomout.cur HTTP/1.0" 200 614 "http://www.wonder-geek.com/beer-beer-metal-plate-deco-p-36751.html" "Mozilla/5.0 (Windows NT 10.0; Win64; x64) AppleWebKit/537.36 (KHTML, like Gecko) Chrome/96.0.4664.45 Safari/537.36"
85.105.212.211 - - [29/Nov/2021:12:34:49 +0100] "GET /highslide/graphics/loader.white.gif HTTP/1.0" 200 960 "http://www.wonder-geek.com/templates/Pixame_v1/stylesheet.css" "Mozilla/5.0 (Windows NT 10.0; Win64; x64) AppleWebKit/537.36 (KHTML, like Gecko) Chrome/96.0.4664.45 Safari/537.36"
85.105.212.211 - - [29/Nov/2021:12:34:49 +0100] "GET /highslide/graphics/outlines/drop-shadow.png HTTP/1.0" 200 277 "http://www.wonder-geek.com/beer-beer-metal-plate-deco-p-36751.html" "Mozilla/5.0 (Windows NT 10.0; Win64; x64) AppleWebKit/537.36 (KHTML, like Gecko) Chrome/96.0.4664.45 Safari/537.36"
85.105.212.211 - - [29/Nov/2021:12:34:49 +0100] "GET /favicon.ico HTTP/1.0" 200 260 "http://www.wonder-geek.com/beer-beer-metal-plate-deco-p-36751.html" "Mozilla/5.0 (Windows NT 10.0; Win64; x64) AppleWebKit/537.36 (KHTML, like Gecko) Chrome/96.0.4664.45 Safari/537.36"
148.251.120.201 - - [29/Nov/2021:12:34:49 +0100] "GET /wall-stickers-treble-clef-p-51124.html HTTP/1.0" 200 73945 "-" "Mozilla/5.0 (compatible; MJ12bot/v1.4.8; http://mj12bot.com/)"
157.55.39.223 - - [29/Nov/2021:12:34:52 +0100] "GET /images/6953270928472.jpg HTTP/1.0" 200 259 "-" "Mozilla/5.0 (compatible; bingbot/2.0; +http://www.bing.com/bingbot.htm)"
148.251.120.201 - - [29/Nov/2021:12:34:55 +0100] "GET /stickers-muraux-deco-notes-de-musique-p-51126.html HTTP/1.0" 301 74136 "-" "Mozilla/5.0 (compatible; MJ12bot/v1.4.8; http://mj12bot.com/)"
