216.244.66.242 - - [29/Nov/2021:03:26:13 +0100] "GET /robots.txt HTTP/1.1" 200 2438 "-" "Mozilla/5.0 (compatible; DotBot/1.2; +https://opensiteexplorer.org/dotbot; help@moz.com)"
216.244.66.242 - - [29/Nov/2021:03:26:22 +0100] "GET /robots.txt HTTP/1.1" 200 2438 "-" "Mozilla/5.0 (compatible; DotBot/1.2; +https://opensiteexplorer.org/dotbot; help@moz.com)"
40.77.167.66 - - [29/Nov/2021:03:26:43 +0100] "GET /images/mini_prod/8481210052027.jpg HTTP/1.1" 200 3547 "-" "Mozilla/5.0 (compatible; bingbot/2.0; +http://www.bing.com/bingbot.htm)"
119.8.242.212 - - [29/Nov/2021:03:27:37 +0100] "GET /images/med_prod/3662468004678.jpg HTTP/1.0" 200 73082 "-" "Mozilla/5.0 (X11; Ubuntu; Linux x86_64; rv:72.0) Gecko/20100101 Firefox/72.0"
207.46.13.202 - - [29/Nov/2021:03:28:28 +0100] "GET /images/mini_prod/8424345650386.jpg HTTP/1.1" 200 3904 "-" "Mozilla/5.0 (compatible; bingbot/2.0; +http://www.bing.com/bingbot.htm)"
157.55.39.223 - - [29/Nov/2021:03:29:42 +0100] "GET /images/med_prod/1384010178423.jpg HTTP/1.1" 200 76130 "-" "Mozilla/5.0 (compatible; bingbot/2.0; +http://www.bing.com/bingbot.htm)"
157.55.39.108 - - [29/Nov/2021:03:31:58 +0100] "GET /images/big_prod/8718317632303.jpg HTTP/1.1" 200 106299 "-" "Mozilla/5.0 (compatible; bingbot/2.0; +http://www.bing.com/bingbot.htm)"
157.55.39.223 - - [29/Nov/2021:03:33:34 +0100] "GET /images/big_prod/5410574484604.jpg HTTP/1.1" 200 123497 "-" "Mozilla/5.0 (compatible; bingbot/2.0; +http://www.bing.com/bingbot.htm)"
157.55.39.228 - - [29/Nov/2021:03:34:50 +0100] "GET /images/4895029627255.jpg HTTP/1.1" 200 33653 "-" "Mozilla/5.0 (compatible; bingbot/2.0; +http://www.bing.com/bingbot.htm)"
66.249.75.170 - - [29/Nov/2021:03:36:24 +0100] "GET /images/mini_prod/1328399271351.jpg HTTP/1.1" 200 8149 "-" "Googlebot-Image/1.0"
5.188.62.214 - - [29/Nov/2021:03:36:34 +0100] "GET /robots.txt HTTP/1.1" 200 2438 "-" "Mozilla/5.0 (Windows NT 6.2) AppleWebKit/537.36 (KHTML, like Gecko) Chrome/41.0.2225.0 Safari/537.36"
124.71.153.13 - - [29/Nov/2021:03:36:58 +0100] "GET /images/mini_prod/8482013122047.jpg HTTP/1.1" 200 8907 "-" "Mozilla/5.0 (X11; Ubuntu; Linux x86_64; rv:72.0) Gecko/20100101 Firefox/72.0"
157.55.39.108 - - [29/Nov/2021:03:39:26 +0100] "GET /images/mini_prod/8433933208793.jpg HTTP/1.1" 200 11502 "-" "Mozilla/5.0 (compatible; bingbot/2.0; +http://www.bing.com/bingbot.htm)"
207.46.13.202 - - [29/Nov/2021:03:40:55 +0100] "GET /images/big_prod/5051276373010.jpg HTTP/1.1" 200 62212 "-" "Mozilla/5.0 (compatible; bingbot/2.0; +http://www.bing.com/bingbot.htm)"
207.46.13.118 - - [29/Nov/2021:03:42:25 +0100] "GET /images/ST-VALENTIN-17.jpg HTTP/1.1" 200 30619 "-" "Mozilla/5.0 (compatible; bingbot/2.0; +http://www.bing.com/bingbot.htm)"
104.156.246.69 - - [29/Nov/2021:03:42:38 +0100] "GET /images/mini_prod/8433933031476.jpg HTTP/1.1" 200 7214 "-" "Mozilla/5.0 (X11; Ubuntu; Linux x86_64; rv:72.0) Gecko/20100101 Firefox/72.0"
66.249.75.168 - - [29/Nov/2021:03:53:22 +0100] "GET /images/big_prod/1384010204917.jpg HTTP/1.1" 200 35603 "-" "Googlebot-Image/1.0"
77.88.5.222 - - [29/Nov/2021:03:56:40 +0100] "GET /robots.txt HTTP/1.1" 200 2438 "-" "Mozilla/5.0 (compatible; YandexBot/3.0; +http://yandex.com/bots)"
77.88.5.222 - - [29/Nov/2021:03:56:42 +0100] "GET /images/3700057117382.jpg HTTP/1.1" 200 28654 "-" "Mozilla/5.0 (compatible; YandexImages/3.0; +http://yandex.com/bots)"
77.75.79.95 - - [29/Nov/2021:03:57:03 +0100] "GET /robots.txt HTTP/1.1" 200 2438 "-" "Mozilla/5.0 (compatible; SeznamBot/3.2; +http://napoveda.seznam.cz/en/seznambot-intro/)"
77.75.79.95 - - [29/Nov/2021:03:57:14 +0100] "GET /images/mini_prod/8433933158555.jpg HTTP/1.1" 200 6004 "-" "Mozilla/5.0 (compatible; SeznamBot/3.2; +http://napoveda.seznam.cz/en/seznambot-intro/)"
185.191.171.8 - - [29/Nov/2021:03:57:59 +0100] "GET /robots.txt HTTP/1.1" 200 2438 "-" "Mozilla/5.0 (compatible; SemrushBot/7~bl; +http://www.semrush.com/bot.html)"
185.191.171.39 - - [29/Nov/2021:03:58:09 +0100] "GET /robots.txt HTTP/1.1" 200 2438 "-" "Mozilla/5.0 (compatible; SemrushBot/7~bl; +http://www.semrush.com/bot.html)"
157.55.39.108 - - [29/Nov/2021:03:58:42 +0100] "GET /images/mini_prod/8436565221123.jpg HTTP/1.1" 200 11134 "-" "Mozilla/5.0 (compatible; bingbot/2.0; +http://www.bing.com/bingbot.htm)"
106.11.157.20 - - [29/Nov/2021:04:04:45 +0100] "GET /images/mini_prod/063562526968.gif HTTP/1.1" 200 10799 "http://www.wonder-geek.com/bowls-c-12_60.html" "YisouSpider"
157.55.39.223 - - [29/Nov/2021:04:08:45 +0100] "GET /images/mini_prod/3700230605484.jpg HTTP/1.1" 200 10875 "-" "Mozilla/5.0 (compatible; bingbot/2.0; +http://www.bing.com/bingbot.htm)"
157.55.39.228 - - [29/Nov/2021:04:11:29 +0100] "GET /images/big_prod/1384010202814.jpg HTTP/1.1" 200 90440 "-" "Mozilla/5.0 (compatible; bingbot/2.0; +http://www.bing.com/bingbot.htm)"
157.55.39.228 - - [29/Nov/2021:04:18:13 +0100] "GET /images/8420406603223.jpg HTTP/1.1" 200 32494 "-" "Mozilla/5.0 (compatible; bingbot/2.0; +http://www.bing.com/bingbot.htm)"
207.46.13.202 - - [29/Nov/2021:04:18:37 +0100] "GET /images/big_prod/201153014627555642.jpg HTTP/1.1" 200 71417 "-" "Mozilla/5.0 (compatible; bingbot/2.0; +http://www.bing.com/bingbot.htm)"
40.77.167.66 - - [29/Nov/2021:04:18:50 +0100] "GET /images/MISES-EN-SITUATION-STACH-NOIRE-20.jpg HTTP/1.1" 200 18175 "-" "Mozilla/5.0 (compatible; bingbot/2.0; +http://www.bing.com/bingbot.htm)"
74.125.210.52 - - [29/Nov/2021:04:19:54 +0100] "GET /images/big_prod_3/d1300000019972.jpg HTTP/1.1" 200 123666 "-" "Mozilla/5.0 (Windows NT 5.1; rv:11.0) Gecko Firefox/11.0 (via ggpht.com GoogleImageProxy)"
207.46.13.202 - - [29/Nov/2021:04:22:05 +0100] "GET /images/mini_prod/3700230606238.jpg HTTP/1.1" 200 6075 "-" "Mozilla/5.0 (compatible; bingbot/2.0; +http://www.bing.com/bingbot.htm)"
124.71.153.13 - - [29/Nov/2021:04:23:09 +0100] "GET /images/mini_prod/5036278052187.jpg HTTP/1.1" 200 7689 "-" "Mozilla/5.0 (X11; Ubuntu; Linux x86_64; rv:72.0) Gecko/20100101 Firefox/72.0"
104.156.246.69 - - [29/Nov/2021:04:25:29 +0100] "GET /images/mini_prod/886767070681.jpg HTTP/1.1" 200 5397 "-" "Mozilla/5.0 (X11; Ubuntu; Linux x86_64; rv:72.0) Gecko/20100101 Firefox/72.0"
101.32.45.142 - - [29/Nov/2021:04:27:40 +0100] "GET /images/mini_prod/5036278051203.jpg HTTP/1.1" 200 10437 "-" "Mozilla/5.0 (X11; Ubuntu; Linux x86_64; rv:72.0) Gecko/20100101 Firefox/72.0"
185.176.78.214 - - [29/Nov/2021:04:28:02 +0100] "GET /images/big_prod/3014627830404.jpg HTTP/1.1" 200 104584 "-" "Mozilla/5.0 (X11; Ubuntu; Linux x86_64; rv:72.0) Gecko/20100101 Firefox/72.0"
216.244.66.242 - - [29/Nov/2021:04:28:56 +0100] "GET /robots.txt HTTP/1.1" 200 2438 "-" "Mozilla/5.0 (compatible; DotBot/1.2; +https://opensiteexplorer.org/dotbot; help@moz.com)"
216.244.66.242 - - [29/Nov/2021:04:28:57 +0100] "GET /robots.txt HTTP/1.1" 200 2438 "-" "Mozilla/5.0 (compatible; DotBot/1.2; +https://opensiteexplorer.org/dotbot; help@moz.com)"
149.248.7.213 - - [29/Nov/2021:04:29:19 +0100] "GET /images/mini_prod/1399984252741.jpg HTTP/1.1" 200 5250 "-" "Mozilla/5.0 (X11; Ubuntu; Linux x86_64; rv:72.0) Gecko/20100101 Firefox/72.0"
149.248.7.213 - - [29/Nov/2021:04:29:29 +0100] "GET /images/mini_prod/3453131146821.jpg HTTP/1.1" 200 8786 "-" "Mozilla/5.0 (X11; Ubuntu; Linux x86_64; rv:72.0) Gecko/20100101 Firefox/72.0"
207.46.13.202 - - [29/Nov/2021:04:30:24 +0100] "GET /images/big_prod/1300000010054.jpg HTTP/1.1" 200 45758 "-" "Mozilla/5.0 (compatible; bingbot/2.0; +http://www.bing.com/bingbot.htm)"
74.125.210.50 - - [29/Nov/2021:04:30:57 +0100] "GET /images/big_prod_1/8422000004192.jpg HTTP/1.1" 200 102785 "-" "Mozilla/5.0 (Windows NT 5.1; rv:11.0) Gecko Firefox/11.0 (via ggpht.com GoogleImageProxy)"
157.55.39.228 - - [29/Nov/2021:04:30:58 +0100] "GET /images/big_prod/3565750289633.jpg HTTP/1.1" 200 63841 "-" "Mozilla/5.0 (compatible; bingbot/2.0; +http://www.bing.com/bingbot.htm)"
108.41.188.25 - - [29/Nov/2021:04:31:09 +0100] "GET /highslide/highslide.js HTTP/1.1" 200 42909 "http://www.wonder-geek.com/" "Mozilla/5.0 (iPhone; CPU iPhone OS 14_8 like Mac OS X) AppleWebKit/605.1.15 (KHTML, like Gecko) Version/14.1.2 Mobile/15E148 Safari/604.1"
108.41.188.25 - - [29/Nov/2021:04:31:09 +0100] "GET /js/jquery.js HTTP/1.1" 200 54075 "http://www.wonder-geek.com/" "Mozilla/5.0 (iPhone; CPU iPhone OS 14_8 like Mac OS X) AppleWebKit/605.1.15 (KHTML, like Gecko) Version/14.1.2 Mobile/15E148 Safari/604.1"
108.41.188.25 - - [29/Nov/2021:04:31:09 +0100] "GET /js/jquery.jqzoom.js HTTP/1.1" 200 4761 "http://www.wonder-geek.com/" "Mozilla/5.0 (iPhone; CPU iPhone OS 14_8 like Mac OS X) AppleWebKit/605.1.15 (KHTML, like Gecko) Version/14.1.2 Mobile/15E148 Safari/604.1"
108.41.188.25 - - [29/Nov/2021:04:31:09 +0100] "GET /templates/Pixame_v1/stylesheet.css HTTP/1.1" 200 56057 "http://www.wonder-geek.com/" "Mozilla/5.0 (iPhone; CPU iPhone OS 14_8 like Mac OS X) AppleWebKit/605.1.15 (KHTML, like Gecko) Version/14.1.2 Mobile/15E148 Safari/604.1"
108.41.188.25 - - [29/Nov/2021:04:31:09 +0100] "GET /mondial_relay/js/jquery-1.3.2.min.js HTTP/1.1" 200 57254 "http://www.wonder-geek.com/" "Mozilla/5.0 (iPhone; CPU iPhone OS 14_8 like Mac OS X) AppleWebKit/605.1.15 (KHTML, like Gecko) Version/14.1.2 Mobile/15E148 Safari/604.1"
108.41.188.25 - - [29/Nov/2021:04:31:09 +0100] "GET /templates/Pixame_v1/images/icon_accueil2.png HTTP/1.1" 200 1137 "http://www.wonder-geek.com/" "Mozilla/5.0 (iPhone; CPU iPhone OS 14_8 like Mac OS X) AppleWebKit/605.1.15 (KHTML, like Gecko) Version/14.1.2 Mobile/15E148 Safari/604.1"
108.41.188.25 - - [29/Nov/2021:04:31:09 +0100] "GET /templates/Pixame_v1/images/buttons/english/button_in_cart.gif HTTP/1.1" 200 1212 "http://www.wonder-geek.com/" "Mozilla/5.0 (iPhone; CPU iPhone OS 14_8 like Mac OS X) AppleWebKit/605.1.15 (KHTML, like Gecko) Version/14.1.2 Mobile/15E148 Safari/604.1"
108.41.188.25 - - [29/Nov/2021:04:31:17 +0100] "GET /images/big_prod/a8422000004192.jpg HTTP/1.1" 200 49232 "http://www.wonder-geek.com/" "Mozilla/5.0 (iPhone; CPU iPhone OS 14_8 like Mac OS X) AppleWebKit/605.1.15 (KHTML, like Gecko) Version/14.1.2 Mobile/15E148 Safari/604.1"
108.41.188.25 - - [29/Nov/2021:04:31:17 +0100] "GET /images/big_prod_1/8422000004192.jpg HTTP/1.1" 200 37648 "http://www.wonder-geek.com/" "Mozilla/5.0 (iPhone; CPU iPhone OS 14_8 like Mac OS X) AppleWebKit/605.1.15 (KHTML, like Gecko) Version/14.1.2 Mobile/15E148 Safari/604.1"
108.41.188.25 - - [29/Nov/2021:04:31:17 +0100] "GET /templates/Pixame_v1/images/Bottom_texture.jpg HTTP/1.1" 200 40544 "http://www.wonder-geek.com/" "Mozilla/5.0 (iPhone; CPU iPhone OS 14_8 like Mac OS X) AppleWebKit/605.1.15 (KHTML, like Gecko) Version/14.1.2 Mobile/15E148 Safari/604.1"
108.41.188.25 - - [29/Nov/2021:04:31:17 +0100] "GET /templates/Pixame_v1/images/Middle_texture.jpg HTTP/1.1" 200 73848 "http://www.wonder-geek.com/" "Mozilla/5.0 (iPhone; CPU iPhone OS 14_8 like Mac OS X) AppleWebKit/605.1.15 (KHTML, like Gecko) Version/14.1.2 Mobile/15E148 Safari/604.1"
207.46.13.202 - - [29/Nov/2021:04:31:18 +0100] "GET /images/1399984253496.jpg HTTP/1.1" 200 30397 "-" "Mozilla/5.0 (compatible; bingbot/2.0; +http://www.bing.com/bingbot.htm)"
157.55.39.223 - - [29/Nov/2021:04:32:44 +0100] "GET /images/big_prod_5/c4542202653760.jpg HTTP/1.1" 200 106858 "-" "Mozilla/5.0 (compatible; bingbot/2.0; +http://www.bing.com/bingbot.htm)"
207.46.13.202 - - [29/Nov/2021:04:35:05 +0100] "GET /images/big_prod/35444.jpg HTTP/1.1" 200 77684 "-" "Mozilla/5.0 (compatible; bingbot/2.0; +http://www.bing.com/bingbot.htm)"
216.244.66.242 - - [29/Nov/2021:04:35:59 +0100] "GET /images/med_prod/3503420168260.jpg HTTP/1.1" 200 54970 "-" "Mozilla/5.0 (compatible; DotBot/1.2; +https://opensiteexplorer.org/dotbot; help@moz.com)"
40.77.167.66 - - [29/Nov/2021:04:37:25 +0100] "GET /images/big_prod/CD3960b.jpg HTTP/1.1" 200 59609 "-" "Mozilla/5.0 (compatible; bingbot/2.0; +http://www.bing.com/bingbot.htm)"
66.249.75.170 - - [29/Nov/2021:04:37:36 +0100] "GET /images/big_prod/3560600314299.jpg HTTP/1.1" 200 48795 "-" "Googlebot-Image/1.0"
66.249.75.168 - - [29/Nov/2021:04:41:22 +0100] "GET /images/big_prod/3503420053337.jpg HTTP/1.1" 200 370571 "-" "Googlebot-Image/1.0"
207.46.13.233 - - [29/Nov/2021:04:41:33 +0100] "GET /robots.txt HTTP/1.1" 200 2438 "-" "Mozilla/5.0 (compatible; bingbot/2.0; +http://www.bing.com/bingbot.htm)"
207.46.13.202 - - [29/Nov/2021:04:42:16 +0100] "GET /images/big_prod_1/8718657469843b.jpg HTTP/1.1" 200 77961 "-" "Mozilla/5.0 (compatible; bingbot/2.0; +http://www.bing.com/bingbot.htm)"
157.55.39.108 - - [29/Nov/2021:04:45:31 +0100] "GET /images/big_prod_1/b4006592916817.jpg HTTP/1.1" 200 161398 "-" "Mozilla/5.0 (compatible; bingbot/2.0; +http://www.bing.com/bingbot.htm)"
207.46.13.202 - - [29/Nov/2021:04:47:38 +0100] "GET /images/big_prod/3609810065093.jpg HTTP/1.1" 200 107003 "-" "Mozilla/5.0 (compatible; bingbot/2.0; +http://www.bing.com/bingbot.htm)"
157.55.39.223 - - [29/Nov/2021:04:48:11 +0100] "GET /images/3298060221382.b.jpg HTTP/1.1" 200 17084 "-" "Mozilla/5.0 (compatible; bingbot/2.0; +http://www.bing.com/bingbot.htm)"
157.55.39.228 - - [29/Nov/2021:04:48:43 +0100] "GET /images/5010065075092.jpg HTTP/1.1" 200 53154 "-" "Mozilla/5.0 (compatible; bingbot/2.0; +http://www.bing.com/bingbot.htm)"
77.88.5.222 - - [29/Nov/2021:04:50:11 +0100] "GET /images/8430269357751.jpg HTTP/1.1" 200 42345 "-" "Mozilla/5.0 (compatible; YandexImages/3.0; +http://yandex.com/bots)"
207.46.13.202 - - [29/Nov/2021:04:50:23 +0100] "GET /images/med_prod/1384010178416.jpg HTTP/1.1" 200 112018 "-" "Mozilla/5.0 (compatible; bingbot/2.0; +http://www.bing.com/bingbot.htm)"
40.77.167.66 - - [29/Nov/2021:04:53:07 +0100] "GET /images/big_prod/3665269059137.jpg HTTP/1.1" 200 186611 "-" "Mozilla/5.0 (compatible; bingbot/2.0; +http://www.bing.com/bingbot.htm)"
207.46.13.118 - - [29/Nov/2021:04:53:51 +0100] "GET /images/mini_prod/3700572722221.jpg HTTP/1.1" 200 8355 "-" "Mozilla/5.0 (compatible; bingbot/2.0; +http://www.bing.com/bingbot.htm)"
149.248.7.213 - - [29/Nov/2021:04:56:25 +0100] "GET /images/mini_prod/1399984227282.jpg HTTP/1.1" 200 10380 "-" "Mozilla/5.0 (X11; Ubuntu; Linux x86_64; rv:72.0) Gecko/20100101 Firefox/72.0"
36.65.102.157 - - [29/Nov/2021:04:56:27 +0100] "GET /js/jquery.jqzoom.js HTTP/1.1" 200 4761 "http://www.wonder-geek.com/" "Mozilla/5.0 (Macintosh; Intel Mac OS X 10_15_7) AppleWebKit/537.36 (KHTML, like Gecko) Chrome/96.0.4664.55 Safari/537.36"
36.65.102.157 - - [29/Nov/2021:04:56:27 +0100] "GET /highslide/highslide.js HTTP/1.1" 200 42909 "http://www.wonder-geek.com/" "Mozilla/5.0 (Macintosh; Intel Mac OS X 10_15_7) AppleWebKit/537.36 (KHTML, like Gecko) Chrome/96.0.4664.55 Safari/537.36"
36.65.102.157 - - [29/Nov/2021:04:56:27 +0100] "GET /templates/Pixame_v1/images/icon_accueil2.png HTTP/1.1" 200 1137 "http://www.wonder-geek.com/" "Mozilla/5.0 (Macintosh; Intel Mac OS X 10_15_7) AppleWebKit/537.36 (KHTML, like Gecko) Chrome/96.0.4664.55 Safari/537.36"
36.65.102.157 - - [29/Nov/2021:04:56:27 +0100] "GET /templates/Pixame_v1/stylesheet.css HTTP/1.1" 200 56057 "http://www.wonder-geek.com/" "Mozilla/5.0 (Macintosh; Intel Mac OS X 10_15_7) AppleWebKit/537.36 (KHTML, like Gecko) Chrome/96.0.4664.55 Safari/537.36"
36.65.102.157 - - [29/Nov/2021:04:56:36 +0100] "GET /js/jquery.js HTTP/1.1" 200 54075 "http://www.wonder-geek.com/" "Mozilla/5.0 (Macintosh; Intel Mac OS X 10_15_7) AppleWebKit/537.36 (KHTML, like Gecko) Chrome/96.0.4664.55 Safari/537.36"
36.65.102.157 - - [29/Nov/2021:04:56:36 +0100] "GET /mondial_relay/js/jquery-1.3.2.min.js HTTP/1.1" 200 57254 "http://www.wonder-geek.com/" "Mozilla/5.0 (Macintosh; Intel Mac OS X 10_15_7) AppleWebKit/537.36 (KHTML, like Gecko) Chrome/96.0.4664.55 Safari/537.36"
185.191.171.4 - - [29/Nov/2021:04:57:00 +0100] "GET /robots.txt HTTP/1.1" 200 2438 "-" "Mozilla/5.0 (compatible; SemrushBot/7~bl; +http://www.semrush.com/bot.html)"
77.88.5.222 - - [29/Nov/2021:04:57:12 +0100] "GET /images/TROBP3406.jpg HTTP/1.1" 200 22595 "-" "Mozilla/5.0 (compatible; YandexImages/3.0; +http://yandex.com/bots)"
77.75.77.32 - - [29/Nov/2021:04:58:39 +0100] "GET /robots.txt HTTP/1.1" 200 2438 "-" "Mozilla/5.0 (compatible; SeznamBot/3.2; +http://napoveda.seznam.cz/en/seznambot-intro/)"
77.75.77.32 - - [29/Nov/2021:04:58:49 +0100] "GET /images/mini_prod/8422018289000.jpg HTTP/1.1" 200 4016 "-" "Mozilla/5.0 (compatible; SeznamBot/3.2; +http://napoveda.seznam.cz/en/seznambot-intro/)"
157.55.39.223 - - [29/Nov/2021:04:59:47 +0100] "GET /images/TROBP3409.jpg HTTP/1.1" 200 16663 "-" "Mozilla/5.0 (compatible; bingbot/2.0; +http://www.bing.com/bingbot.htm)"
104.156.246.69 - - [29/Nov/2021:05:01:49 +0100] "GET /images/mini_prod/3700407620326.jpg HTTP/1.1" 200 9033 "-" "Mozilla/5.0 (X11; Ubuntu; Linux x86_64; rv:72.0) Gecko/20100101 Firefox/72.0"
104.156.246.69 - - [29/Nov/2021:05:02:21 +0100] "GET /images/mini_prod/DSCN6817.jpg HTTP/1.1" 200 5977 "-" "Mozilla/5.0 (X11; Ubuntu; Linux x86_64; rv:72.0) Gecko/20100101 Firefox/72.0"
89.186.188.30 - - [29/Nov/2021:05:04:23 +0100] "GET /images/mini_prod/8412497371747.jpg HTTP/1.1" 200 8125 "-" "Mozilla/5.0 (X11; Ubuntu; Linux x86_64; rv:72.0) Gecko/20100101 Firefox/72.0"
207.46.13.202 - - [29/Nov/2021:05:05:04 +0100] "GET /images/mini_prod/8428133370272.jpg HTTP/1.1" 200 8345 "-" "Mozilla/5.0 (compatible; bingbot/2.0; +http://www.bing.com/bingbot.htm)"
157.55.39.108 - - [29/Nov/2021:05:07:49 +0100] "GET /images/mini_prod/3660173231006.jpg HTTP/1.1" 200 5814 "-" "Mozilla/5.0 (compatible; bingbot/2.0; +http://www.bing.com/bingbot.htm)"
157.55.39.228 - - [29/Nov/2021:05:10:32 +0100] "GET /images/big_prod/76000210FB.jpg HTTP/1.1" 200 101469 "-" "Mozilla/5.0 (compatible; bingbot/2.0; +http://www.bing.com/bingbot.htm)"
157.55.39.228 - - [29/Nov/2021:05:15:18 +0100] "GET /images/045544349383.jpg HTTP/1.1" 200 34412 "-" "Mozilla/5.0 (compatible; bingbot/2.0; +http://www.bing.com/bingbot.htm)"
149.248.7.213 - - [29/Nov/2021:05:16:12 +0100] "GET /images/mini_prod/191108_162759_PEEL_7pQvMT.jpg HTTP/1.1" 200 17824 "-" "Mozilla/5.0 (X11; Ubuntu; Linux x86_64; rv:72.0) Gecko/20100101 Firefox/72.0"
207.46.13.202 - - [29/Nov/2021:05:19:59 +0100] "GET /images/8029759023926.jpg HTTP/1.1" 200 34355 "-" "Mozilla/5.0 (compatible; bingbot/2.0; +http://www.bing.com/bingbot.htm)"
124.71.153.13 - - [29/Nov/2021:05:23:07 +0100] "GET /images/mini_prod/1384010183571BB.jpg HTTP/1.1" 200 7286 "-" "Mozilla/5.0 (X11; Ubuntu; Linux x86_64; rv:72.0) Gecko/20100101 Firefox/72.0"
216.244.66.242 - - [29/Nov/2021:05:26:45 +0100] "GET /robots.txt HTTP/1.1" 200 2438 "-" "Mozilla/5.0 (compatible; DotBot/1.2; +https://opensiteexplorer.org/dotbot; help@moz.com)"
216.244.66.242 - - [29/Nov/2021:05:26:46 +0100] "GET /robots.txt HTTP/1.1" 200 2438 "-" "Mozilla/5.0 (compatible; DotBot/1.2; +https://opensiteexplorer.org/dotbot; help@moz.com)"
40.77.167.66 - - [29/Nov/2021:05:26:56 +0100] "GET /images/3438100340806.jpg HTTP/1.1" 200 28986 "-" "Mozilla/5.0 (compatible; bingbot/2.0; +http://www.bing.com/bingbot.htm)"
207.46.13.202 - - [29/Nov/2021:05:29:01 +0100] "GET /images/big_prod/gilet-charlotte.jpg HTTP/1.1" 200 108383 "-" "Mozilla/5.0 (compatible; bingbot/2.0; +http://www.bing.com/bingbot.htm)"
66.249.75.166 - - [29/Nov/2021:05:29:22 +0100] "GET /images/mini_prod/3503420076862.jpg HTTP/1.1" 200 5921 "-" "Googlebot-Image/1.0"
40.77.167.66 - - [29/Nov/2021:05:31:28 +0100] "GET /images/big_prod/3700653511607.jpg HTTP/1.1" 200 97605 "-" "Mozilla/5.0 (compatible; bingbot/2.0; +http://www.bing.com/bingbot.htm)"
207.46.13.202 - - [29/Nov/2021:05:34:55 +0100] "GET /images/3438100343814.jpg HTTP/1.1" 200 67576 "-" "Mozilla/5.0 (compatible; bingbot/2.0; +http://www.bing.com/bingbot.htm)"
185.191.171.9 - - [29/Nov/2021:05:38:55 +0100] "GET /robots.txt HTTP/1.1" 200 2438 "-" "Mozilla/5.0 (compatible; SemrushBot/7~bl; +http://www.semrush.com/bot.html)"
40.77.167.66 - - [29/Nov/2021:05:39:36 +0100] "GET /images/3272760413889.jpg HTTP/1.1" 200 67698 "-" "Mozilla/5.0 (compatible; bingbot/2.0; +http://www.bing.com/bingbot.htm)"
149.248.7.213 - - [29/Nov/2021:05:46:36 +0100] "GET /images/mini_prod/3418170317052.jpg HTTP/1.1" 200 5049 "-" "Mozilla/5.0 (X11; Ubuntu; Linux x86_64; rv:72.0) Gecko/20100101 Firefox/72.0"
77.75.78.161 - - [29/Nov/2021:05:49:00 +0100] "GET /robots.txt HTTP/1.1" 200 2438 "-" "Mozilla/5.0 (compatible; SeznamBot/3.2; +http://napoveda.seznam.cz/en/seznambot-intro/)"
77.75.78.161 - - [29/Nov/2021:05:49:10 +0100] "GET /images/mini_prod/8433933239254.jpg HTTP/1.1" 200 4775 "-" "Mozilla/5.0 (compatible; SeznamBot/3.2; +http://napoveda.seznam.cz/en/seznambot-intro/)"
165.154.72.231 - - [29/Nov/2021:05:52:57 +0100] "GET /images/mini_prod/3014627769278.jpg HTTP/1.1" 200 6606 "-" "Mozilla/5.0 (X11; Ubuntu; Linux x86_64; rv:72.0) Gecko/20100101 Firefox/72.0"
165.154.72.231 - - [29/Nov/2021:05:53:40 +0100] "GET /images/mini_prod/8435306215780.jpg HTTP/1.1" 200 6366 "-" "Mozilla/5.0 (X11; Ubuntu; Linux x86_64; rv:72.0) Gecko/20100101 Firefox/72.0"
40.77.167.66 - - [29/Nov/2021:05:54:00 +0100] "GET /images/big_prod_2/3442440279924B.jpg HTTP/1.1" 200 362556 "-" "Mozilla/5.0 (compatible; bingbot/2.0; +http://www.bing.com/bingbot.htm)"
24.98.60.142 - - [29/Nov/2021:05:54:11 +0100] "GET /highslide/highslide.js HTTP/1.1" 200 42909 "http://www.wonder-geek.com/disney-princess-jewelry-p-37038.html" "Mozilla/5.0 (iPhone; CPU iPhone OS 14_8 like Mac OS X) AppleWebKit/605.1.15 (KHTML, like Gecko) Version/14.1.2 Mobile/15E148 Safari/604.1"
24.98.60.142 - - [29/Nov/2021:05:54:11 +0100] "GET /templates/Pixame_v1/stylesheet.css HTTP/1.1" 200 56057 "http://www.wonder-geek.com/disney-princess-jewelry-p-37038.html" "Mozilla/5.0 (iPhone; CPU iPhone OS 14_8 like Mac OS X) AppleWebKit/605.1.15 (KHTML, like Gecko) Version/14.1.2 Mobile/15E148 Safari/604.1"
24.98.60.142 - - [29/Nov/2021:05:54:11 +0100] "GET /js/jquery.js HTTP/1.1" 200 54075 "http://www.wonder-geek.com/disney-princess-jewelry-p-37038.html" "Mozilla/5.0 (iPhone; CPU iPhone OS 14_8 like Mac OS X) AppleWebKit/605.1.15 (KHTML, like Gecko) Version/14.1.2 Mobile/15E148 Safari/604.1"
24.98.60.142 - - [29/Nov/2021:05:54:11 +0100] "GET /js/jquery.jqzoom.js HTTP/1.1" 200 4761 "http://www.wonder-geek.com/disney-princess-jewelry-p-37038.html" "Mozilla/5.0 (iPhone; CPU iPhone OS 14_8 like Mac OS X) AppleWebKit/605.1.15 (KHTML, like Gecko) Version/14.1.2 Mobile/15E148 Safari/604.1"
24.98.60.142 - - [29/Nov/2021:05:54:11 +0100] "GET /templates/Pixame_v1/images/icon_accueil2.png HTTP/1.1" 200 1137 "http://www.wonder-geek.com/disney-princess-jewelry-p-37038.html" "Mozilla/5.0 (iPhone; CPU iPhone OS 14_8 like Mac OS X) AppleWebKit/605.1.15 (KHTML, like Gecko) Version/14.1.2 Mobile/15E148 Safari/604.1"
24.98.60.142 - - [29/Nov/2021:05:54:11 +0100] "GET /mondial_relay/js/jquery-1.3.2.min.js HTTP/1.1" 200 57254 "http://www.wonder-geek.com/disney-princess-jewelry-p-37038.html" "Mozilla/5.0 (iPhone; CPU iPhone OS 14_8 like Mac OS X) AppleWebKit/605.1.15 (KHTML, like Gecko) Version/14.1.2 Mobile/15E148 Safari/604.1"
24.98.60.142 - - [29/Nov/2021:05:54:11 +0100] "GET /templates/Pixame_v1/images/buttons/english/button_in_cart.gif HTTP/1.1" 200 1212 "http://www.wonder-geek.com/disney-princess-jewelry-p-37038.html" "Mozilla/5.0 (iPhone; CPU iPhone OS 14_8 like Mac OS X) AppleWebKit/605.1.15 (KHTML, like Gecko) Version/14.1.2 Mobile/15E148 Safari/604.1"
24.98.60.142 - - [29/Nov/2021:05:54:11 +0100] "GET /templates/Pixame_v1/images/Bottom_texture.jpg HTTP/1.1" 200 56290 "http://www.wonder-geek.com/disney-princess-jewelry-p-37038.html" "Mozilla/5.0 (iPhone; CPU iPhone OS 14_8 like Mac OS X) AppleWebKit/605.1.15 (KHTML, like Gecko) Version/14.1.2 Mobile/15E148 Safari/604.1"
24.98.60.142 - - [29/Nov/2021:05:54:12 +0100] "GET /images/big_prod/8435333807804.jpg HTTP/1.1" 200 103805 "http://www.wonder-geek.com/disney-princess-jewelry-p-37038.html" "Mozilla/5.0 (iPhone; CPU iPhone OS 14_8 like Mac OS X) AppleWebKit/605.1.15 (KHTML, like Gecko) Version/14.1.2 Mobile/15E148 Safari/604.1"
24.98.60.142 - - [29/Nov/2021:05:54:12 +0100] "GET /images/big_prod_1/b8435333807804.jpg HTTP/1.1" 200 86824 "http://www.wonder-geek.com/disney-princess-jewelry-p-37038.html" "Mozilla/5.0 (iPhone; CPU iPhone OS 14_8 like Mac OS X) AppleWebKit/605.1.15 (KHTML, like Gecko) Version/14.1.2 Mobile/15E148 Safari/604.1"
24.98.60.142 - - [29/Nov/2021:05:54:12 +0100] "GET /templates/Pixame_v1/images/nav.png HTTP/1.1" 200 1283 "http://www.wonder-geek.com/disney-princess-jewelry-p-37038.html" "Mozilla/5.0 (iPhone; CPU iPhone OS 14_8 like Mac OS X) AppleWebKit/605.1.15 (KHTML, like Gecko) Version/14.1.2 Mobile/15E148 Safari/604.1"
24.98.60.142 - - [29/Nov/2021:05:54:12 +0100] "GET /design/productsenstock.png HTTP/1.1" 200 4743 "http://www.wonder-geek.com/disney-princess-jewelry-p-37038.html" "Mozilla/5.0 (iPhone; CPU iPhone OS 14_8 like Mac OS X) AppleWebKit/605.1.15 (KHTML, like Gecko) Version/14.1.2 Mobile/15E148 Safari/604.1"
24.98.60.142 - - [29/Nov/2021:05:54:12 +0100] "GET /templates/Pixame_v1/images/header.png HTTP/1.1" 200 70245 "http://www.wonder-geek.com/disney-princess-jewelry-p-37038.html" "Mozilla/5.0 (iPhone; CPU iPhone OS 14_8 like Mac OS X) AppleWebKit/605.1.15 (KHTML, like Gecko) Version/14.1.2 Mobile/15E148 Safari/604.1"
24.98.60.142 - - [29/Nov/2021:05:54:12 +0100] "GET /templates/Pixame_v1/images/header-object.png HTTP/1.1" 200 106050 "http://www.wonder-geek.com/disney-princess-jewelry-p-37038.html" "Mozilla/5.0 (iPhone; CPU iPhone OS 14_8 like Mac OS X) AppleWebKit/605.1.15 (KHTML, like Gecko) Version/14.1.2 Mobile/15E148 Safari/604.1"
24.98.60.142 - - [29/Nov/2021:05:54:12 +0100] "GET /templates/Pixame_v1/images/Middle_texture.jpg HTTP/1.1" 200 249620 "http://www.wonder-geek.com/disney-princess-jewelry-p-37038.html" "Mozilla/5.0 (iPhone; CPU iPhone OS 14_8 like Mac OS X) AppleWebKit/605.1.15 (KHTML, like Gecko) Version/14.1.2 Mobile/15E148 Safari/604.1"
24.98.60.142 - - [29/Nov/2021:05:54:21 +0100] "GET /highslide/graphics/outlines/drop-shadow.png HTTP/1.1" 200 2022 "http://www.wonder-geek.com/disney-princess-jewelry-p-37038.html" "Mozilla/5.0 (iPhone; CPU iPhone OS 14_8 like Mac OS X) AppleWebKit/605.1.15 (KHTML, like Gecko) Version/14.1.2 Mobile/15E148 Safari/604.1"
24.98.60.142 - - [29/Nov/2021:05:54:21 +0100] "GET /favicon.ico HTTP/1.1" 200 1591 "http://www.wonder-geek.com/disney-princess-jewelry-p-37038.html" "Mozilla/5.0 (iPhone; CPU iPhone OS 14_8 like Mac OS X) AppleWebKit/605.1.15 (KHTML, like Gecko) Version/14.1.2 Mobile/15E148 Safari/604.1"
74.125.210.48 - - [29/Nov/2021:05:55:34 +0100] "GET /images/5411329064317.jpg HTTP/1.1" 200 41071 "-" "Mozilla/5.0 (Windows NT 5.1; rv:11.0) Gecko Firefox/11.0 (via ggpht.com GoogleImageProxy)"
149.248.7.213 - - [29/Nov/2021:05:57:49 +0100] "GET /images/mini_prod/3438100349946.jpg HTTP/1.1" 200 7853 "-" "Mozilla/5.0 (X11; Ubuntu; Linux x86_64; rv:72.0) Gecko/20100101 Firefox/72.0"
207.46.13.202 - - [29/Nov/2021:06:03:20 +0100] "GET /images/mini_prod/039897677330de.jpg HTTP/1.1" 200 4644 "-" "Mozilla/5.0 (compatible; bingbot/2.0; +http://www.bing.com/bingbot.htm)"
40.77.167.66 - - [29/Nov/2021:06:05:15 +0100] "GET /images/big_prod/8718375751152.jpg HTTP/1.1" 200 117615 "-" "Mozilla/5.0 (compatible; bingbot/2.0; +http://www.bing.com/bingbot.htm)"
66.249.88.94 - - [29/Nov/2021:06:07:15 +0100] "GET /images/big_prod_1/84220990011b.jpg HTTP/1.1" 200 79433 "-" "Mozilla/5.0 (Windows NT 5.1; rv:11.0) Gecko Firefox/11.0 (via ggpht.com GoogleImageProxy)"
207.46.13.202 - - [29/Nov/2021:06:07:34 +0100] "GET /images/med_prod/8435333830635.jpg HTTP/1.1" 200 145858 "-" "Mozilla/5.0 (compatible; bingbot/2.0; +http://www.bing.com/bingbot.htm)"
104.156.246.69 - - [29/Nov/2021:06:08:39 +0100] "GET /images/mini_prod/1384010182895.jpg HTTP/1.1" 200 6265 "-" "Mozilla/5.0 (X11; Ubuntu; Linux x86_64; rv:72.0) Gecko/20100101 Firefox/72.0"
107.152.229.237 - - [29/Nov/2021:06:12:34 +0100] "GET /images/big_prod/8719172832068c.jpg HTTP/1.1" 200 94504 "-" "Go-http-client/1.1"
157.55.39.228 - - [29/Nov/2021:06:13:05 +0100] "GET /images/mini_prod/3700572739083.jpg HTTP/1.1" 200 4977 "-" "Mozilla/5.0 (compatible; bingbot/2.0; +http://www.bing.com/bingbot.htm)"
216.244.66.242 - - [29/Nov/2021:06:16:26 +0100] "GET /robots.txt HTTP/1.1" 200 2438 "-" "Mozilla/5.0 (compatible; DotBot/1.2; +https://opensiteexplorer.org/dotbot; help@moz.com)"
216.244.66.242 - - [29/Nov/2021:06:16:26 +0100] "GET /robots.txt HTTP/1.1" 200 2438 "-" "Mozilla/5.0 (compatible; DotBot/1.2; +https://opensiteexplorer.org/dotbot; help@moz.com)"
207.46.13.118 - - [29/Nov/2021:06:19:18 +0100] "GET /images/big_prod/1384010201800.jpg HTTP/1.1" 200 112480 "-" "Mozilla/5.0 (compatible; bingbot/2.0; +http://www.bing.com/bingbot.htm)"
66.249.75.168 - - [29/Nov/2021:06:21:28 +0100] "GET /js/jquery.js HTTP/1.1" 200 54075 "http://www.wonder-geek.com/cement-tile-stickers-p-50335.html" "Mozilla/5.0 (Linux; Android 6.0.1; Nexus 5X Build/MMB29P) AppleWebKit/537.36 (KHTML, like Gecko) Chrome/95.0.4638.69 Mobile Safari/537.36 (compatible; Googlebot/2.1; +http://www.google.com/bot.html)"
165.154.72.231 - - [29/Nov/2021:06:23:43 +0100] "GET /images/mini_prod/9316188029582.jpg HTTP/1.1" 200 5972 "-" "Mozilla/5.0 (X11; Ubuntu; Linux x86_64; rv:72.0) Gecko/20100101 Firefox/72.0"
157.55.39.223 - - [29/Nov/2021:06:28:09 +0100] "GET /images/big_prod/3609810062054.jpg HTTP/1.1" 200 93871 "-" "Mozilla/5.0 (compatible; bingbot/2.0; +http://www.bing.com/bingbot.htm)"
40.77.167.66 - - [29/Nov/2021:06:29:11 +0100] "GET /images/big_prod/5051276219677.jpg HTTP/1.1" 200 67186 "-" "Mozilla/5.0 (compatible; bingbot/2.0; +http://www.bing.com/bingbot.htm)"
104.156.246.69 - - [29/Nov/2021:06:29:11 +0100] "GET /images/mini_prod/1399984254387.jpg HTTP/1.1" 200 6927 "-" "Mozilla/5.0 (X11; Ubuntu; Linux x86_64; rv:72.0) Gecko/20100101 Firefox/72.0"
66.249.75.170 - - [29/Nov/2021:06:29:22 +0100] "GET /images/big_prod/3612875121390.jpg HTTP/1.1" 200 85236 "-" "Googlebot-Image/1.0"
66.249.75.168 - - [29/Nov/2021:06:29:33 +0100] "GET /images/big_prod/8433933251423.jpg HTTP/1.1" 200 211530 "-" "Googlebot-Image/1.0"
77.88.5.222 - - [29/Nov/2021:06:31:37 +0100] "GET /robots.txt HTTP/1.1" 200 2438 "-" "Mozilla/5.0 (compatible; YandexBot/3.0; +http://yandex.com/bots)"
77.88.5.222 - - [29/Nov/2021:06:31:37 +0100] "GET /images/1p3272760380631.jpg HTTP/1.1" 200 50001 "-" "Mozilla/5.0 (compatible; YandexImages/3.0; +http://yandex.com/bots)"
42.194.235.210 - - [29/Nov/2021:06:32:31 +0100] "GET /images/mini_prod/4500315900003.jpg HTTP/1.1" 200 7291 "-" "Mozilla/5.0 (X11; Ubuntu; Linux x86_64; rv:72.0) Gecko/20100101 Firefox/72.0"
74.125.210.48 - - [29/Nov/2021:06:33:01 +0100] "GET /images/big_prod_1/6941448608196b.jpg HTTP/1.1" 200 144083 "-" "Mozilla/5.0 (Windows NT 5.1; rv:11.0) Gecko Firefox/11.0 (via ggpht.com GoogleImageProxy)"
66.249.88.94 - - [29/Nov/2021:06:33:33 +0100] "GET /images/big_prod/028399188536.jpg HTTP/1.1" 200 170175 "-" "Mozilla/5.0 (Windows NT 5.1; rv:11.0) Gecko Firefox/11.0 (via ggpht.com GoogleImageProxy)"
40.77.167.66 - - [29/Nov/2021:06:35:29 +0100] "GET /images/big_prod/8718317691980.jpg HTTP/1.1" 200 222317 "-" "Mozilla/5.0 (compatible; bingbot/2.0; +http://www.bing.com/bingbot.htm)"
114.119.128.39 - - [29/Nov/2021:06:35:30 +0100] "GET /images/big_prod_2/8433933199459b.jpg HTTP/1.1" 200 210631 "-" "Mozilla/5.0 (Linux; Android 7.0;) AppleWebKit/537.36 (KHTML, like Gecko) Mobile Safari/537.36 (compatible; PetalBot;+https://webmaster.petalsearch.com/site/petalbot)"
74.125.210.50 - - [29/Nov/2021:06:35:40 +0100] "GET /images/big_prod_1/8445148006620B.jpg HTTP/1.1" 200 217144 "-" "Mozilla/5.0 (Windows NT 5.1; rv:11.0) Gecko Firefox/11.0 (via ggpht.com GoogleImageProxy)"
207.46.13.233 - - [29/Nov/2021:06:36:52 +0100] "GET /robots.txt HTTP/1.1" 200 2438 "-" "Mozilla/5.0 (compatible; bingbot/2.0; +http://www.bing.com/bingbot.htm)"
71.135.222.90 - - [29/Nov/2021:06:37:25 +0100] "GET /favicon.ico HTTP/1.1" 200 1591 "http://www.wonder-geek.com/" "Mozilla/5.0 (iPhone; CPU iPhone OS 15_1_1 like Mac OS X) AppleWebKit/605.1.15 (KHTML, like Gecko) Version/15.1 Mobile/15E148 Safari/604.1"
47.221.16.109 - - [29/Nov/2021:06:38:28 +0100] "GET /images/big_prod/4036113232232.jpg HTTP/1.1" 200 176963 "-" "Mozilla/5.0 (iPhone; CPU iPhone OS 15_1 like Mac OS X) AppleWebKit/605.1.15 (KHTML, like Gecko) Version/15.0 YaBrowser/21.11.2.641.10 SA/3 Mobile/15E148 Safari/604.1"
185.191.171.11 - - [29/Nov/2021:06:39:10 +0100] "GET /robots.txt HTTP/1.1" 200 2438 "-" "Mozilla/5.0 (compatible; SemrushBot/7~bl; +http://www.semrush.com/bot.html)"
192.99.161.45 - - [29/Nov/2021:06:40:11 +0100] "GET /robots.txt HTTP/1.1" 200 2438 "-" "Mozilla/5.0 (compatible; MJ12bot/v1.4.8; http://mj12bot.com/)"
98.47.21.181 - - [29/Nov/2021:06:40:54 +0100] "GET /images/big_prod/8904245400477.jpg HTTP/1.1" 200 89677 "http://pos.kit-systems.com/?display=dual" "Mozilla/5.0 (Windows NT 6.2; WOW64) AppleWebKit/537.36 (KHTML, like Gecko) (KioWare Client Platform r3727) Chrome/78.0.3904.108 Safari/537.36"
124.71.153.13 - - [29/Nov/2021:06:44:27 +0100] "GET /images/mini_prod/1399984264287.jpg HTTP/1.1" 200 6918 "-" "Mozilla/5.0 (X11; Ubuntu; Linux x86_64; rv:72.0) Gecko/20100101 Firefox/72.0"
207.46.13.118 - - [29/Nov/2021:06:46:51 +0100] "GET /images/1399984258873.jpg HTTP/1.1" 200 190774 "-" "Mozilla/5.0 (compatible; bingbot/2.0; +http://www.bing.com/bingbot.htm)"
157.55.39.228 - - [29/Nov/2021:06:51:11 +0100] "GET /images/med_prod/3565750037616.jpg HTTP/1.1" 200 82814 "-" "Mozilla/5.0 (compatible; bingbot/2.0; +http://www.bing.com/bingbot.htm)"
114.119.128.37 - - [29/Nov/2021:06:52:09 +0100] "GET /images/big_prod/8720088299487.jpg HTTP/1.1" 200 158379 "-" "Mozilla/5.0 (Linux; Android 7.0;) AppleWebKit/537.36 (KHTML, like Gecko) Mobile Safari/537.36 (compatible; PetalBot;+https://webmaster.petalsearch.com/site/petalbot)"
81.71.100.192 - - [29/Nov/2021:06:54:39 +0100] "GET /images/mini_prod/8003990616123.jpg HTTP/1.1" 200 5291 "-" "Mozilla/5.0 (X11; Ubuntu; Linux x86_64; rv:72.0) Gecko/20100101 Firefox/72.0"
77.75.76.170 - - [29/Nov/2021:06:54:42 +0100] "GET /robots.txt HTTP/1.1" 200 2438 "-" "Mozilla/5.0 (compatible; SeznamBot/3.2; +http://napoveda.seznam.cz/en/seznambot-intro/)"
77.75.76.170 - - [29/Nov/2021:06:54:43 +0100] "GET /images/mini_prod/3700281653731.jpg HTTP/1.1" 200 8498 "-" "Mozilla/5.0 (compatible; SeznamBot/3.2; +http://napoveda.seznam.cz/en/seznambot-intro/)"
54.36.149.83 - - [29/Nov/2021:06:58:02 +0100] "GET /images/8033667001822.jpg HTTP/1.1" 200 78033 "-" "Mozilla/5.0 (compatible; AhrefsBot/7.0; +http://ahrefs.com/robot/)"
216.244.66.242 - - [29/Nov/2021:07:04:36 +0100] "GET /robots.txt HTTP/1.1" 200 2438 "-" "Mozilla/5.0 (compatible; DotBot/1.2; +https://opensiteexplorer.org/dotbot; help@moz.com)"
216.244.66.242 - - [29/Nov/2021:07:04:36 +0100] "GET /robots.txt HTTP/1.1" 200 2438 "-" "Mozilla/5.0 (compatible; DotBot/1.2; +https://opensiteexplorer.org/dotbot; help@moz.com)"
64.233.173.241 - - [29/Nov/2021:07:04:36 +0100] "GET /images/big_prod_1/8424001641178a.jpg HTTP/1.1" 200 103711 "-" "Mozilla/5.0 (Windows NT 5.1; rv:11.0) Gecko Firefox/11.0 (via ggpht.com GoogleImageProxy)"
207.46.13.202 - - [29/Nov/2021:07:06:43 +0100] "GET /images/big_prod/8419810094956.jpg HTTP/1.1" 200 105157 "-" "Mozilla/5.0 (compatible; bingbot/2.0; +http://www.bing.com/bingbot.htm)"
120.92.83.223 - - [29/Nov/2021:07:09:42 +0100] "GET /images/mini_prod/8424346247431.jpg HTTP/1.1" 200 7618 "-" "Mozilla/5.0 (Macintosh; U; Intel Mac OS X 10_6_4; en-US) AppleWebKit/534.3 (KHTML, like Gecko) Chrome/6.0.461.0 Safari/534.3"
114.119.128.34 - - [29/Nov/2021:07:15:03 +0100] "GET /images/mini_prod/3661443602014.jpg HTTP/1.1" 200 4257 "-" "Mozilla/5.0 (Linux; Android 7.0;) AppleWebKit/537.36 (KHTML, like Gecko) Mobile Safari/537.36 (compatible; PetalBot;+https://webmaster.petalsearch.com/site/petalbot)"
40.77.167.66 - - [29/Nov/2021:07:15:18 +0100] "GET /images/big_prod/3453131155847.jpg HTTP/1.1" 200 327718 "-" "Mozilla/5.0 (compatible; bingbot/2.0; +http://www.bing.com/bingbot.htm)"
104.156.246.69 - - [29/Nov/2021:07:17:03 +0100] "GET /images/mini_prod/5060021928740.jpg HTTP/1.1" 200 8295 "-" "Mozilla/5.0 (X11; Ubuntu; Linux x86_64; rv:72.0) Gecko/20100101 Firefox/72.0"
157.55.39.223 - - [29/Nov/2021:07:19:44 +0100] "GET /images/4007176122174.jpg HTTP/1.1" 200 27061 "-" "Mozilla/5.0 (compatible; bingbot/2.0; +http://www.bing.com/bingbot.htm)"
40.77.167.66 - - [29/Nov/2021:07:24:49 +0100] "GET /images/big_prod/8720088296042.jpg HTTP/1.1" 200 77403 "-" "Mozilla/5.0 (compatible; bingbot/2.0; +http://www.bing.com/bingbot.htm)"
185.191.171.39 - - [29/Nov/2021:07:26:05 +0100] "GET /robots.txt HTTP/1.1" 200 2438 "-" "Mozilla/5.0 (compatible; SemrushBot/7~bl; +http://www.semrush.com/bot.html)"
40.77.167.66 - - [29/Nov/2021:07:27:48 +0100] "GET /images/big_prod/3014627557349NN.jpg HTTP/1.1" 200 51648 "-" "Mozilla/5.0 (compatible; bingbot/2.0; +http://www.bing.com/bingbot.htm)"
66.249.75.170 - - [29/Nov/2021:07:29:20 +0100] "GET /images/mini_prod/88157signes.jpg HTTP/1.1" 200 6717 "-" "Googlebot-Image/1.0"
157.55.39.228 - - [29/Nov/2021:07:31:35 +0100] "GET /images/3384371051029.jpg HTTP/1.1" 200 36111 "-" "Mozilla/5.0 (compatible; bingbot/2.0; +http://www.bing.com/bingbot.htm)"
114.119.128.37 - - [29/Nov/2021:07:32:36 +0100] "GET /images/1300010237106.jpg HTTP/1.1" 200 51128 "-" "Mozilla/5.0 (Linux; Android 7.0;) AppleWebKit/537.36 (KHTML, like Gecko) Mobile Safari/537.36 (compatible; PetalBot;+https://webmaster.petalsearch.com/site/petalbot)"
124.71.153.13 - - [29/Nov/2021:07:33:22 +0100] "GET /images/mini_prod/3272760389849.jpg HTTP/1.1" 200 7075 "-" "Mozilla/5.0 (X11; Ubuntu; Linux x86_64; rv:72.0) Gecko/20100101 Firefox/72.0"
54.36.148.36 - - [29/Nov/2021:07:35:04 +0100] "GET /images/mini_prod/3453131158220.jpg HTTP/1.1" 200 8006 "-" "Mozilla/5.0 (compatible; AhrefsBot/7.0; +http://ahrefs.com/robot/)"
104.156.246.69 - - [29/Nov/2021:07:35:54 +0100] "GET /images/mini_prod/8718657461236.jpg HTTP/1.1" 200 5904 "-" "Mozilla/5.0 (X11; Ubuntu; Linux x86_64; rv:72.0) Gecko/20100101 Firefox/72.0"
124.71.153.13 - - [29/Nov/2021:07:45:27 +0100] "GET /images/mini_prod/4895029627446.jpg HTTP/1.1" 200 5086 "-" "Mozilla/5.0 (X11; Ubuntu; Linux x86_64; rv:72.0) Gecko/20100101 Firefox/72.0"
54.36.149.65 - - [29/Nov/2021:07:45:53 +0100] "GET /images/mini_prod/3453131158251C.jpg HTTP/1.1" 200 4548 "-" "Mozilla/5.0 (compatible; AhrefsBot/7.0; +http://ahrefs.com/robot/)"
67.177.4.46 - - [29/Nov/2021:07:46:06 +0100] "GET /images/big_prod/028399188536.jpg HTTP/1.1" 200 170175 "-" "Mozilla/5.0 (Macintosh; Intel Mac OS X 10_15_6) AppleWebKit/605.1.15 (KHTML, like Gecko) Version/14.1.2 Safari/605.1.15"
114.119.128.40 - - [29/Nov/2021:07:46:24 +0100] "GET /images/big_prod/3503420061516.jpg HTTP/1.1" 200 250314 "-" "Mozilla/5.0 (Linux; Android 7.0;) AppleWebKit/537.36 (KHTML, like Gecko) Mobile Safari/537.36 (compatible; PetalBot;+https://webmaster.petalsearch.com/site/petalbot)"
5.9.61.101 - - [29/Nov/2021:07:48:12 +0100] "GET /robots.txt HTTP/1.1" 200 2438 "-" "Mozilla/5.0 (compatible; MJ12bot/v1.4.8; http://mj12bot.com/)"
157.55.39.108 - - [29/Nov/2021:07:49:24 +0100] "GET /images/mini_prod/000000000000008760N.jpg HTTP/1.1" 200 4735 "-" "Mozilla/5.0 (compatible; bingbot/2.0; +http://www.bing.com/bingbot.htm)"
66.249.75.168 - - [29/Nov/2021:07:49:36 +0100] "GET /images/big_prod_1/8433933251423B.jpg HTTP/1.1" 200 699769 "-" "Googlebot-Image/1.0"
157.55.39.223 - - [29/Nov/2021:07:50:57 +0100] "GET /images/3760194750347.jpg HTTP/1.1" 200 15116 "-" "Mozilla/5.0 (compatible; bingbot/2.0; +http://www.bing.com/bingbot.htm)"
216.244.66.242 - - [29/Nov/2021:07:52:58 +0100] "GET /robots.txt HTTP/1.1" 200 2438 "-" "Mozilla/5.0 (compatible; DotBot/1.2; +https://opensiteexplorer.org/dotbot; help@moz.com)"
66.249.93.249 - - [29/Nov/2021:07:53:58 +0100] "GET /images/big_prod_1/3453131158992a.jpg HTTP/1.1" 200 173075 "-" "Mozilla/5.0 (Windows NT 5.1; rv:11.0) Gecko Firefox/11.0 (via ggpht.com GoogleImageProxy)"
114.119.128.40 - - [29/Nov/2021:07:54:42 +0100] "GET /images/4036113307220.jpg HTTP/1.1" 200 125271 "-" "Mozilla/5.0 (Linux; Android 7.0;) AppleWebKit/537.36 (KHTML, like Gecko) Mobile Safari/537.36 (compatible; PetalBot;+https://webmaster.petalsearch.com/site/petalbot)"
157.55.39.228 - - [29/Nov/2021:07:55:09 +0100] "GET /images/big_prod/8427148033615.jpg HTTP/1.1" 200 84687 "-" "Mozilla/5.0 (compatible; bingbot/2.0; +http://www.bing.com/bingbot.htm)"
5.9.61.101 - - [29/Nov/2021:07:56:15 +0100] "GET /robots.txt HTTP/1.1" 200 2438 "-" "Mozilla/5.0 (compatible; MJ12bot/v1.4.8; http://mj12bot.com/)"
74.125.209.50 - - [29/Nov/2021:08:01:21 +0100] "GET /images/big_prod/8435153867736.jpg HTTP/1.1" 200 79710 "-" "Mozilla/5.0 (Windows NT 5.1; rv:11.0) Gecko Firefox/11.0 (via ggpht.com GoogleImageProxy)"
165.154.72.231 - - [29/Nov/2021:08:01:41 +0100] "GET /images/mini_prod/b8012052011455.jpg HTTP/1.1" 200 7581 "-" "Mozilla/5.0 (X11; Ubuntu; Linux x86_64; rv:72.0) Gecko/20100101 Firefox/72.0"
157.55.39.223 - - [29/Nov/2021:08:01:53 +0100] "GET /images/big_prod/4542202662120NN.jpg HTTP/1.1" 200 54010 "-" "Mozilla/5.0 (compatible; bingbot/2.0; +http://www.bing.com/bingbot.htm)"
165.154.72.231 - - [29/Nov/2021:08:02:19 +0100] "GET /images/mini_prod/5050293803197.jpg HTTP/1.1" 200 9360 "-" "Mozilla/5.0 (X11; Ubuntu; Linux x86_64; rv:72.0) Gecko/20100101 Firefox/72.0"
165.154.72.231 - - [29/Nov/2021:08:05:33 +0100] "GET /images/mini_prod/8430957052104.jpg HTTP/1.1" 200 7397 "-" "Mozilla/5.0 (X11; Ubuntu; Linux x86_64; rv:72.0) Gecko/20100101 Firefox/72.0"
77.75.79.95 - - [29/Nov/2021:08:07:41 +0100] "GET /robots.txt HTTP/1.1" 200 2438 "-" "Mozilla/5.0 (compatible; SeznamBot/3.2; +http://napoveda.seznam.cz/en/seznambot-intro/)"
77.75.79.95 - - [29/Nov/2021:08:07:43 +0100] "GET /images/mini_prod/3453131158145B.jpg HTTP/1.1" 200 7741 "-" "Mozilla/5.0 (compatible; SeznamBot/3.2; +http://napoveda.seznam.cz/en/seznambot-intro/)"
103.131.71.76 - - [29/Nov/2021:08:08:07 +0100] "GET /robots.txt HTTP/1.1" 200 2438 "-" "Mozilla/5.0 (compatible; coccocbot-web/1.0; +http://help.coccoc.com/searchengine)"
157.55.39.223 - - [29/Nov/2021:08:08:24 +0100] "GET /images/mini_prod/3609810092525.jpg HTTP/1.1" 200 10888 "-" "Mozilla/5.0 (compatible; bingbot/2.0; +http://www.bing.com/bingbot.htm)"
66.249.75.170 - - [29/Nov/2021:08:14:42 +0100] "GET /images/big_prod_1/3609810041646a.jpg HTTP/1.1" 200 214539 "-" "Googlebot-Image/1.0"
207.46.13.202 - - [29/Nov/2021:08:17:30 +0100] "GET /images/med_prod/5060275045248.jpg HTTP/1.1" 200 120972 "-" "Mozilla/5.0 (compatible; bingbot/2.0; +http://www.bing.com/bingbot.htm)"
77.88.5.222 - - [29/Nov/2021:08:18:00 +0100] "GET /robots.txt HTTP/1.1" 200 2438 "-" "Mozilla/5.0 (compatible; YandexBot/3.0; +http://yandex.com/bots)"
185.191.171.20 - - [29/Nov/2021:08:18:17 +0100] "GET /robots.txt HTTP/1.1" 200 2438 "-" "Mozilla/5.0 (compatible; SemrushBot/7~bl; +http://www.semrush.com/bot.html)"
116.18.23.14 - - [29/Nov/2021:08:24:56 +0100] "GET /js/jquery.jqzoom.js HTTP/1.1" 200 4761 "http://www.wonder-geek.com/ultrasonic-aroma-diffuser-forest-natural-p-54112.html" "Mozilla/5.0 (Windows NT 6.1; WOW64) AppleWebKit/537.36 (KHTML, like Gecko) Chrome/86.0.4240.198 Safari/537.36"
116.18.23.14 - - [29/Nov/2021:08:24:56 +0100] "GET /templates/Pixame_v1/stylesheet.css HTTP/1.1" 200 56057 "http://www.wonder-geek.com/ultrasonic-aroma-diffuser-forest-natural-p-54112.html" "Mozilla/5.0 (Windows NT 6.1; WOW64) AppleWebKit/537.36 (KHTML, like Gecko) Chrome/86.0.4240.198 Safari/537.36"
116.18.23.14 - - [29/Nov/2021:08:24:56 +0100] "GET /highslide/highslide.js HTTP/1.1" 200 42909 "http://www.wonder-geek.com/ultrasonic-aroma-diffuser-forest-natural-p-54112.html" "Mozilla/5.0 (Windows NT 6.1; WOW64) AppleWebKit/537.36 (KHTML, like Gecko) Chrome/86.0.4240.198 Safari/537.36"
116.18.23.14 - - [29/Nov/2021:08:24:56 +0100] "GET /js/jquery.js HTTP/1.1" 200 54075 "http://www.wonder-geek.com/ultrasonic-aroma-diffuser-forest-natural-p-54112.html" "Mozilla/5.0 (Windows NT 6.1; WOW64) AppleWebKit/537.36 (KHTML, like Gecko) Chrome/86.0.4240.198 Safari/537.36"
116.18.23.14 - - [29/Nov/2021:08:24:56 +0100] "GET /mondial_relay/js/jquery-1.3.2.min.js HTTP/1.1" 200 57254 "http://www.wonder-geek.com/ultrasonic-aroma-diffuser-forest-natural-p-54112.html" "Mozilla/5.0 (Windows NT 6.1; WOW64) AppleWebKit/537.36 (KHTML, like Gecko) Chrome/86.0.4240.198 Safari/537.36"
66.249.82.191 - - [29/Nov/2021:08:24:56 +0100] "GET /images/big_prod/8720088297063.jpg HTTP/1.1" 200 128109 "-" "Mozilla/5.0 (Windows NT 5.1; rv:11.0) Gecko Firefox/11.0 (via ggpht.com GoogleImageProxy)"
116.18.23.14 - - [29/Nov/2021:08:24:57 +0100] "GET /templates/Pixame_v1/images/icon_accueil2.png HTTP/1.1" 200 1137 "http://www.wonder-geek.com/ultrasonic-aroma-diffuser-forest-natural-p-54112.html" "Mozilla/5.0 (Windows NT 6.1; WOW64) AppleWebKit/537.36 (KHTML, like Gecko) Chrome/86.0.4240.198 Safari/537.36"
116.18.23.14 - - [29/Nov/2021:08:24:57 +0100] "GET /templates/Pixame_v1/images/nav.png HTTP/1.1" 200 1283 "http://www.wonder-geek.com/templates/Pixame_v1/stylesheet.css" "Mozilla/5.0 (Windows NT 6.1; WOW64) AppleWebKit/537.36 (KHTML, like Gecko) Chrome/86.0.4240.198 Safari/537.36"
116.18.23.14 - - [29/Nov/2021:08:24:57 +0100] "GET /templates/Pixame_v1/images/Bottom_texture.jpg HTTP/1.1" 200 56290 "http://www.wonder-geek.com/templates/Pixame_v1/stylesheet.css" "Mozilla/5.0 (Windows NT 6.1; WOW64) AppleWebKit/537.36 (KHTML, like Gecko) Chrome/86.0.4240.198 Safari/537.36"
116.18.23.14 - - [29/Nov/2021:08:24:58 +0100] "GET /templates/Pixame_v1/images/header-object.png HTTP/1.1" 200 106050 "http://www.wonder-geek.com/templates/Pixame_v1/stylesheet.css" "Mozilla/5.0 (Windows NT 6.1; WOW64) AppleWebKit/537.36 (KHTML, like Gecko) Chrome/86.0.4240.198 Safari/537.36"
116.18.23.14 - - [29/Nov/2021:08:24:58 +0100] "GET /templates/Pixame_v1/images/header.png HTTP/1.1" 200 70245 "http://www.wonder-geek.com/templates/Pixame_v1/stylesheet.css" "Mozilla/5.0 (Windows NT 6.1; WOW64) AppleWebKit/537.36 (KHTML, like Gecko) Chrome/86.0.4240.198 Safari/537.36"
116.18.23.14 - - [29/Nov/2021:08:24:58 +0100] "GET /design/productsenstock.png HTTP/1.1" 200 4743 "http://www.wonder-geek.com/templates/Pixame_v1/stylesheet.css" "Mozilla/5.0 (Windows NT 6.1; WOW64) AppleWebKit/537.36 (KHTML, like Gecko) Chrome/86.0.4240.198 Safari/537.36"
116.18.23.14 - - [29/Nov/2021:08:24:58 +0100] "GET /templates/Pixame_v1/images/Middle_texture.jpg HTTP/1.1" 200 249620 "http://www.wonder-geek.com/templates/Pixame_v1/stylesheet.css" "Mozilla/5.0 (Windows NT 6.1; WOW64) AppleWebKit/537.36 (KHTML, like Gecko) Chrome/86.0.4240.198 Safari/537.36"
116.18.23.14 - - [29/Nov/2021:08:24:59 +0100] "GET /images/big_prod_2/8720088297063b.jpg HTTP/1.1" 200 124140 "http://www.wonder-geek.com/ultrasonic-aroma-diffuser-forest-natural-p-54112.html" "Mozilla/5.0 (Windows NT 6.1; WOW64) AppleWebKit/537.36 (KHTML, like Gecko) Chrome/86.0.4240.198 Safari/537.36"
116.18.23.14 - - [29/Nov/2021:08:24:59 +0100] "GET /images/big_prod/8720088297063.jpg HTTP/1.1" 200 128109 "http://www.wonder-geek.com/ultrasonic-aroma-diffuser-forest-natural-p-54112.html" "Mozilla/5.0 (Windows NT 6.1; WOW64) AppleWebKit/537.36 (KHTML, like Gecko) Chrome/86.0.4240.198 Safari/537.36"
116.18.23.14 - - [29/Nov/2021:08:24:59 +0100] "GET /templates/Pixame_v1/images/buttons/english/button_in_cart.gif HTTP/1.1" 200 1212 "http://www.wonder-geek.com/ultrasonic-aroma-diffuser-forest-natural-p-54112.html" "Mozilla/5.0 (Windows NT 6.1; WOW64) AppleWebKit/537.36 (KHTML, like Gecko) Chrome/86.0.4240.198 Safari/537.36"
116.18.23.14 - - [29/Nov/2021:08:24:59 +0100] "GET /images/big_prod_1/8720088297063a.jpg HTTP/1.1" 200 78194 "http://www.wonder-geek.com/ultrasonic-aroma-diffuser-forest-natural-p-54112.html" "Mozilla/5.0 (Windows NT 6.1; WOW64) AppleWebKit/537.36 (KHTML, like Gecko) Chrome/86.0.4240.198 Safari/537.36"
116.18.23.14 - - [29/Nov/2021:08:25:00 +0100] "GET /highslide/graphics/outlines/drop-shadow.png HTTP/1.1" 200 2022 "http://www.wonder-geek.com/ultrasonic-aroma-diffuser-forest-natural-p-54112.html" "Mozilla/5.0 (Windows NT 6.1; WOW64) AppleWebKit/537.36 (KHTML, like Gecko) Chrome/86.0.4240.198 Safari/537.36"
116.18.23.14 - - [29/Nov/2021:08:25:00 +0100] "GET /favicon.ico HTTP/1.1" 200 1591 "http://www.wonder-geek.com/ultrasonic-aroma-diffuser-forest-natural-p-54112.html" "Mozilla/5.0 (Windows NT 6.1; WOW64) AppleWebKit/537.36 (KHTML, like Gecko) Chrome/86.0.4240.198 Safari/537.36"
64.233.173.241 - - [29/Nov/2021:08:27:42 +0100] "GET /images/big_prod_1/4029811460205B.jpg HTTP/1.1" 200 223855 "-" "Mozilla/5.0 (Windows NT 5.1; rv:11.0) Gecko Firefox/11.0 (via ggpht.com GoogleImageProxy)"
110.143.230.38 - - [29/Nov/2021:08:27:43 +0100] "GET /js/jquery.jqzoom.js HTTP/1.1" 200 4761 "http://www.wonder-geek.com/stormtrooper-star-wars-isothermic-stainless-steel-bottle-p-56372.html" "Mozilla/5.0 (Macintosh; Intel Mac OS X 10_15_7) AppleWebKit/537.36 (KHTML, like Gecko) Chrome/96.0.4664.55 Safari/537.36"
110.143.230.38 - - [29/Nov/2021:08:27:43 +0100] "GET /highslide/highslide.js HTTP/1.1" 200 42909 "http://www.wonder-geek.com/stormtrooper-star-wars-isothermic-stainless-steel-bottle-p-56372.html" "Mozilla/5.0 (Macintosh; Intel Mac OS X 10_15_7) AppleWebKit/537.36 (KHTML, like Gecko) Chrome/96.0.4664.55 Safari/537.36"
110.143.230.38 - - [29/Nov/2021:08:27:43 +0100] "GET /templates/Pixame_v1/stylesheet.css HTTP/1.1" 200 56057 "http://www.wonder-geek.com/stormtrooper-star-wars-isothermic-stainless-steel-bottle-p-56372.html" "Mozilla/5.0 (Macintosh; Intel Mac OS X 10_15_7) AppleWebKit/537.36 (KHTML, like Gecko) Chrome/96.0.4664.55 Safari/537.36"
110.143.230.38 - - [29/Nov/2021:08:27:43 +0100] "GET /js/jquery.js HTTP/1.1" 200 54075 "http://www.wonder-geek.com/stormtrooper-star-wars-isothermic-stainless-steel-bottle-p-56372.html" "Mozilla/5.0 (Macintosh; Intel Mac OS X 10_15_7) AppleWebKit/537.36 (KHTML, like Gecko) Chrome/96.0.4664.55 Safari/537.36"
