74.125.208.123 - - [29/Nov/2021:15:21:24 +0100] "GET /images/big_prod/3700572730622.jpg HTTP/1.1" 200 525020 "-" "Mozilla/5.0 (Windows NT 5.1; rv:11.0) Gecko Firefox/11.0 (via ggpht.com GoogleImageProxy)"
157.55.39.228 - - [29/Nov/2021:15:22:23 +0100] "GET /images/big_prod/3453131146944.jpg HTTP/1.1" 200 70096 "-" "Mozilla/5.0 (compatible; bingbot/2.0; +http://www.bing.com/bingbot.htm)"
40.77.167.66 - - [29/Nov/2021:15:22:26 +0100] "GET /images/big_prod/1384010184493.jpg HTTP/1.1" 200 92686 "-" "Mozilla/5.0 (compatible; bingbot/2.0; +http://www.bing.com/bingbot.htm)"
54.36.148.27 - - [29/Nov/2021:15:23:22 +0100] "GET /images/mini_prod/3453131158169.jpg HTTP/1.1" 200 8860 "-" "Mozilla/5.0 (compatible; AhrefsBot/7.0; +http://ahrefs.com/robot/)"
157.55.39.223 - - [29/Nov/2021:15:24:44 +0100] "GET /images/big_prod/1300000023986.jpg HTTP/1.1" 200 60766 "-" "Mozilla/5.0 (compatible; bingbot/2.0; +http://www.bing.com/bingbot.htm)"
66.249.75.170 - - [29/Nov/2021:15:25:14 +0100] "GET /images/big_prod_1/3453131144940N.jpg HTTP/1.1" 200 311268 "-" "Googlebot-Image/1.0"
52.143.89.47 - - [29/Nov/2021:15:25:23 +0100] "GET /images/big_prod/1399984289846.jpg HTTP/1.1" 200 101271 "-" "Mozilla/5.0 (X11; Linux x86_64) AppleWebKit/537.36 (KHTML, like Gecko) Chrome/62.0.3202.62 Safari/537.36"
157.55.39.228 - - [29/Nov/2021:15:26:23 +0100] "GET /images/big_prod_1/3014627889785.jpg HTTP/1.1" 200 86082 "-" "Mozilla/5.0 (compatible; bingbot/2.0; +http://www.bing.com/bingbot.htm)"
192.99.14.135 - - [29/Nov/2021:15:27:59 +0100] "GET /robots.txt HTTP/1.1" 200 2438 "-" "Mozilla/5.0 (compatible; MJ12bot/v1.4.8; http://mj12bot.com/)"
52.143.89.47 - - [29/Nov/2021:15:29:11 +0100] "GET /images/1399984264287.jpg HTTP/1.1" 200 64475 "-" "Mozilla/5.0 (Windows NT 10.0; ) Gecko/20100101 Firefox/61.0"
40.77.167.66 - - [29/Nov/2021:15:29:16 +0100] "GET /images/mini_prod/9316188069557.jpg HTTP/1.1" 200 6691 "-" "Mozilla/5.0 (compatible; bingbot/2.0; +http://www.bing.com/bingbot.htm)"
51.143.63.203 - - [29/Nov/2021:15:30:49 +0100] "GET /images/big_prod/5404006040773.jpg HTTP/1.1" 200 29599 "-" "Mozilla/5.0 (Windows NT 10.0; WOW64) AppleWebKit/537.36 (KHTML, like Gecko) Chrome/68.0.3440.106 Safari/537.36"
54.36.148.219 - - [29/Nov/2021:15:31:14 +0100] "GET /images/mini_prod/3453131158183.jpg HTTP/1.1" 200 5918 "-" "Mozilla/5.0 (compatible; AhrefsBot/7.0; +http://ahrefs.com/robot/)"
52.156.93.152 - - [29/Nov/2021:15:31:36 +0100] "GET /images/med_prod/1399984285091.jpg HTTP/1.1" 200 108763 "-" "Mozilla/4.0 (compatible; MSIE 7.0; Windows NT 6.0)"
157.55.39.223 - - [29/Nov/2021:15:33:57 +0100] "GET /images/big_prod_1/1328399219353a.jpg HTTP/1.1" 200 53829 "-" "Mozilla/5.0 (compatible; bingbot/2.0; +http://www.bing.com/bingbot.htm)"
40.77.167.66 - - [29/Nov/2021:15:34:36 +0100] "GET /images/big_prod/1384010204870.jpg HTTP/1.1" 200 94707 "-" "Mozilla/5.0 (compatible; bingbot/2.0; +http://www.bing.com/bingbot.htm)"
114.119.128.39 - - [29/Nov/2021:15:34:42 +0100] "GET /images/big_prod_1/3520071690216a.jpg HTTP/1.1" 200 185811 "-" "Mozilla/5.0 (Linux; Android 7.0;) AppleWebKit/537.36 (KHTML, like Gecko) Mobile Safari/537.36 (compatible; PetalBot;+https://webmaster.petalsearch.com/site/petalbot)"
20.80.156.107 - - [29/Nov/2021:15:35:19 +0100] "GET /images/big_prod/8901319003121.jpg HTTP/1.1" 200 107148 "-" "Mozilla/5.0 (Windows NT 10.0; WOW64) AppleWebKit/537.36 (KHTML, like Gecko) Chrome/67.0.3396.99 Safari/537.36"
52.143.89.47 - - [29/Nov/2021:15:35:19 +0100] "GET /images/big_prod/9316188077415.jpg HTTP/1.1" 200 108780 "-" "Mozilla/5.0 (Windows NT 10.0; WOW64) AppleWebKit/537.36 (KHTML, like Gecko) Chrome/64.0.3282.186 Safari/537.36"
157.55.39.228 - - [29/Nov/2021:15:35:54 +0100] "GET /images/big_prod/a1328399270071.jpg HTTP/1.1" 200 166155 "-" "Mozilla/5.0 (compatible; bingbot/2.0; +http://www.bing.com/bingbot.htm)"
52.148.165.152 - - [29/Nov/2021:15:36:31 +0100] "GET /images/big_prod/5027148033696.jpg HTTP/1.1" 200 59761 "-" "Mozilla/4.0 (compatible; MSIE 7.0; Windows NT 6.0)"
114.119.128.39 - - [29/Nov/2021:15:36:46 +0100] "GET /images/med_prod/5018997519356.jpg HTTP/1.1" 200 132824 "-" "Mozilla/5.0 (Linux; Android 7.0;) AppleWebKit/537.36 (KHTML, like Gecko) Mobile Safari/537.36 (compatible; PetalBot;+https://webmaster.petalsearch.com/site/petalbot)"
51.143.63.203 - - [29/Nov/2021:15:37:12 +0100] "GET /images/3553567139166.jpg HTTP/1.1" 200 38692 "-" "Mozilla/5.0 (Macintosh; U; PPC Mac OS X 10.5; en-US; rv:1.9.2.15) Gecko/20110303 Firefox/3.6.15"
66.249.75.168 - - [29/Nov/2021:15:37:20 +0100] "GET /images/mini_prod/3560600298711.jpg HTTP/1.1" 200 14923 "-" "Googlebot-Image/1.0"
52.148.165.160 - - [29/Nov/2021:15:38:30 +0100] "GET /images/3032160672909.jpg HTTP/1.1" 200 51243 "-" "Mozilla/5.0 (Windows NT 6.1; WOW64) AppleWebKit/537.36 (KHTML, like Gecko) Chrome/45.0.2454.101 Safari/537.36"
157.55.39.108 - - [29/Nov/2021:15:38:31 +0100] "GET /images/32816401792101.jpg HTTP/1.1" 200 39769 "-" "Mozilla/5.0 (compatible; bingbot/2.0; +http://www.bing.com/bingbot.htm)"
54.36.148.170 - - [29/Nov/2021:15:38:32 +0100] "GET /images/mini_prod/3453131126861.jpg HTTP/1.1" 200 7062 "-" "Mozilla/5.0 (compatible; AhrefsBot/7.0; +http://ahrefs.com/robot/)"
20.80.156.87 - - [29/Nov/2021:15:38:35 +0100] "GET /images/big_prod/3503420085291.jpg HTTP/1.1" 200 69028 "-" "Mozilla/5.0 (Windows NT 6.1; WOW64) AppleWebKit/537.36 (KHTML, like Gecko) Chrome/45.0.2454.101 Safari/537.36"
52.148.165.70 - - [29/Nov/2021:15:40:39 +0100] "GET /images/big_prod_1/b3608860224238.jpg HTTP/1.1" 200 155519 "-" "Mozilla/4.0 (compatible; MSIE 7.0; Windows NT 6.0)"
66.249.75.166 - - [29/Nov/2021:15:41:35 +0100] "GET /images/big_prod/3770014725301.jpg HTTP/1.1" 200 114117 "-" "Googlebot-Image/1.0"
157.55.39.223 - - [29/Nov/2021:15:41:50 +0100] "GET /images/big_prod_1/3457844509751B.jpg HTTP/1.1" 200 73145 "-" "Mozilla/5.0 (compatible; bingbot/2.0; +http://www.bing.com/bingbot.htm)"
185.191.171.23 - - [29/Nov/2021:15:42:56 +0100] "GET /robots.txt HTTP/1.1" 200 2438 "-" "Mozilla/5.0 (compatible; SemrushBot/7~bl; +http://www.semrush.com/bot.html)"
207.46.13.118 - - [29/Nov/2021:15:45:12 +0100] "GET /images/big_prod/3589362850098.jpg HTTP/1.1" 200 93611 "-" "Mozilla/5.0 (compatible; bingbot/2.0; +http://www.bing.com/bingbot.htm)"
5.255.253.187 - - [29/Nov/2021:15:45:46 +0100] "GET /images/3298060223652.jpg HTTP/1.1" 200 32206 "-" "Mozilla/5.0 (compatible; YandexImages/3.0; +http://yandex.com/bots)"
157.55.39.223 - - [29/Nov/2021:15:46:41 +0100] "GET /images/doudounepetshop.jpg HTTP/1.1" 200 24362 "-" "Mozilla/5.0 (compatible; bingbot/2.0; +http://www.bing.com/bingbot.htm)"
114.119.128.40 - - [29/Nov/2021:15:48:25 +0100] "GET /images/big_prod/5415203955524.jpg HTTP/1.1" 200 39709 "-" "Mozilla/5.0 (Linux; Android 7.0;) AppleWebKit/537.36 (KHTML, like Gecko) Mobile Safari/537.36 (compatible; PetalBot;+https://webmaster.petalsearch.com/site/petalbot)"
157.55.39.228 - - [29/Nov/2021:15:49:15 +0100] "GET /images/med_prod/00000000000breton.jpg HTTP/1.1" 200 41036 "-" "Mozilla/5.0 (compatible; bingbot/2.0; +http://www.bing.com/bingbot.htm)"
216.244.66.242 - - [29/Nov/2021:15:49:40 +0100] "GET /robots.txt HTTP/1.1" 200 2438 "-" "Mozilla/5.0 (compatible; DotBot/1.2; +https://opensiteexplorer.org/dotbot; help@moz.com)"
165.154.72.231 - - [29/Nov/2021:15:50:54 +0100] "GET /images/mini_prod/8424346350001.jpg HTTP/1.1" 200 12731 "-" "Mozilla/5.0 (X11; Ubuntu; Linux x86_64; rv:72.0) Gecko/20100101 Firefox/72.0"
157.55.39.228 - - [29/Nov/2021:15:52:35 +0100] "GET /images/3661275057884.jpg HTTP/1.1" 200 41443 "-" "Mozilla/5.0 (compatible; bingbot/2.0; +http://www.bing.com/bingbot.htm)"
20.80.156.87 - - [29/Nov/2021:15:53:26 +0100] "GET /images/med_prod/3700653592828.jpg HTTP/1.1" 200 62438 "-" "Mozilla/5.0 (Windows NT 10.0; WOW64) AppleWebKit/537.36 (KHTML, like Gecko) Chrome/67.0.3396.99 Safari/537.36"
40.77.167.66 - - [29/Nov/2021:15:53:49 +0100] "GET /images/8028501267021B.jpg HTTP/1.1" 200 72308 "-" "Mozilla/5.0 (compatible; bingbot/2.0; +http://www.bing.com/bingbot.htm)"
5.255.253.187 - - [29/Nov/2021:15:55:09 +0100] "GET /robots.txt HTTP/1.1" 200 2438 "-" "Mozilla/5.0 (compatible; YandexBot/3.0; +http://yandex.com/bots)"
20.80.156.87 - - [29/Nov/2021:15:55:19 +0100] "GET /images/1399984255049.jpg HTTP/1.1" 200 19110 "-" "Mozilla/5.0 (Macintosh; U; PPC Mac OS X 10.5; en-US; rv:1.9.2.15) Gecko/20110303 Firefox/3.6.15"
40.77.167.66 - - [29/Nov/2021:15:55:48 +0100] "GET /images/3453131113137.jpg HTTP/1.1" 200 69324 "-" "Mozilla/5.0 (compatible; bingbot/2.0; +http://www.bing.com/bingbot.htm)"
52.143.90.141 - - [29/Nov/2021:15:59:08 +0100] "GET /images/big_prod/3520071693798.jpg HTTP/1.1" 200 57723 "-" "Mozilla/5.0 (X11; Linux x86_64) AppleWebKit/537.36 (KHTML, like Gecko) Chrome/62.0.3202.62 Safari/537.36"
149.248.7.213 - - [29/Nov/2021:16:00:19 +0100] "GET /images/mini_prod/3700653590831.jpg HTTP/1.1" 200 6668 "-" "Mozilla/5.0 (X11; Ubuntu; Linux x86_64; rv:72.0) Gecko/20100101 Firefox/72.0"
51.143.63.203 - - [29/Nov/2021:16:01:09 +0100] "GET /images/big_prod/3700281648355.jpg HTTP/1.1" 200 80571 "-" "Mozilla/4.0 (compatible; MSIE 7.0; Windows NT 6.0)"
66.249.75.168 - - [29/Nov/2021:16:02:38 +0100] "GET /images/mini_prod/9316188086851a.jpg HTTP/1.1" 200 5959 "-" "Googlebot-Image/1.0"
114.119.128.40 - - [29/Nov/2021:16:05:06 +0100] "GET /images/big_prod_1/8422810092501a.jpg HTTP/1.1" 200 279304 "-" "Mozilla/5.0 (Linux; Android 7.0;) AppleWebKit/537.36 (KHTML, like Gecko) Mobile Safari/537.36 (compatible; PetalBot;+https://webmaster.petalsearch.com/site/petalbot)"
114.119.128.40 - - [29/Nov/2021:16:07:43 +0100] "GET /images/big_prod_2/4029811439348C.jpg HTTP/1.1" 200 321586 "-" "Mozilla/5.0 (Linux; Android 7.0;) AppleWebKit/537.36 (KHTML, like Gecko) Mobile Safari/537.36 (compatible; PetalBot;+https://webmaster.petalsearch.com/site/petalbot)"
114.119.128.37 - - [29/Nov/2021:16:07:49 +0100] "GET /images/big_prod_2/4029811439348C.jpg HTTP/1.1" 200 321586 "-" "Mozilla/5.0 (Linux; Android 7.0;) AppleWebKit/537.36 (KHTML, like Gecko) Mobile Safari/537.36 (compatible; PetalBot;+https://webmaster.petalsearch.com/site/petalbot)"
114.119.128.34 - - [29/Nov/2021:16:07:54 +0100] "GET /images/big_prod_2/4029811439348C.jpg HTTP/1.1" 200 321586 "-" "Mozilla/5.0 (Linux; Android 7.0;) AppleWebKit/537.36 (KHTML, like Gecko) Mobile Safari/537.36 (compatible; PetalBot;+https://webmaster.petalsearch.com/site/petalbot)"
40.77.167.66 - - [29/Nov/2021:16:08:09 +0100] "GET /images/Pyjdbz.jpg HTTP/1.1" 200 32888 "-" "Mozilla/5.0 (compatible; bingbot/2.0; +http://www.bing.com/bingbot.htm)"
20.99.157.144 - - [29/Nov/2021:16:08:29 +0100] "GET /images/big_prod/B1399985100911BB.jpg HTTP/1.1" 200 91133 "-" "Mozilla/4.0 (compatible; MSIE 7.0; Windows NT 6.0)"
52.156.93.20 - - [29/Nov/2021:16:08:30 +0100] "GET /images/big_prod/3609810048720.jpg HTTP/1.1" 200 79667 "-" "Mozilla/5.0 (X11; Linux x86_64) AppleWebKit/537.36 (KHTML, like Gecko) Chrome/62.0.3202.62 Safari/537.36"
5.255.253.187 - - [29/Nov/2021:16:08:53 +0100] "GET /images/8009233801219.jpg HTTP/1.1" 200 28528 "-" "Mozilla/5.0 (compatible; YandexImages/3.0; +http://yandex.com/bots)"
77.75.78.161 - - [29/Nov/2021:16:09:55 +0100] "GET /robots.txt HTTP/1.1" 200 2438 "-" "Mozilla/5.0 (compatible; SeznamBot/3.2; +http://napoveda.seznam.cz/en/seznambot-intro/)"
77.75.78.161 - - [29/Nov/2021:16:09:56 +0100] "GET /images/mini_prod/3520071753812.jpg HTTP/1.1" 200 4732 "-" "Mozilla/5.0 (compatible; SeznamBot/3.2; +http://napoveda.seznam.cz/en/seznambot-intro/)"
216.244.66.242 - - [29/Nov/2021:16:10:56 +0100] "GET /images/big_prod/8433933188088.jpg HTTP/1.1" 200 107574 "-" "Mozilla/5.0 (compatible; DotBot/1.2; +https://opensiteexplorer.org/dotbot; help@moz.com)"
157.55.39.228 - - [29/Nov/2021:16:12:29 +0100] "GET /images/big_prod/3503420237386.jpg HTTP/1.1" 200 251696 "-" "Mozilla/5.0 (compatible; bingbot/2.0; +http://www.bing.com/bingbot.htm)"
40.77.167.66 - - [29/Nov/2021:16:12:50 +0100] "GET /images/mini_prod/3560600315678.jpg HTTP/1.1" 200 11464 "-" "Mozilla/5.0 (compatible; bingbot/2.0; +http://www.bing.com/bingbot.htm)"
114.119.128.253 - - [29/Nov/2021:16:13:36 +0100] "GET /images/mini_prod/1341689210571.jpg HTTP/1.1" 200 6643 "-" "Mozilla/5.0 (Linux; Android 7.0;) AppleWebKit/537.36 (KHTML, like Gecko) Mobile Safari/537.36 (compatible; PetalBot;+https://webmaster.petalsearch.com/site/petalbot)"
5.255.253.187 - - [29/Nov/2021:16:15:40 +0100] "GET /images/3438100331262b.jpg HTTP/1.1" 200 35985 "-" "Mozilla/5.0 (compatible; YandexImages/3.0; +http://yandex.com/bots)"
52.143.90.141 - - [29/Nov/2021:16:16:02 +0100] "GET /images/1399984255199.jpg HTTP/1.1" 200 121540 "-" "Mozilla/4.0 (compatible; MSIE 7.0; Windows NT 6.0)"
207.46.13.202 - - [29/Nov/2021:16:17:28 +0100] "GET /images/1399984264300.jpg HTTP/1.1" 200 66296 "-" "Mozilla/5.0 (compatible; bingbot/2.0; +http://www.bing.com/bingbot.htm)"
159.138.102.98 - - [29/Nov/2021:16:17:57 +0100] "GET /images/big_prod_1/3442440262650a.jpg HTTP/1.1" 200 279430 "-" "Mozilla/5.0 (Linux; Android 7.0;) AppleWebKit/537.36 (KHTML, like Gecko) Mobile Safari/537.36 (compatible; PetalBot;+https://webmaster.petalsearch.com/site/petalbot)"
207.46.13.118 - - [29/Nov/2021:16:18:36 +0100] "GET /images/med_prod/4010070303013.jpg HTTP/1.1" 200 157110 "-" "Mozilla/5.0 (compatible; bingbot/2.0; +http://www.bing.com/bingbot.htm)"
89.186.188.30 - - [29/Nov/2021:16:18:57 +0100] "GET /images/mini_prod/DSCN6817.jpg HTTP/1.1" 200 5977 "-" "Mozilla/5.0 (X11; Ubuntu; Linux x86_64; rv:72.0) Gecko/20100101 Firefox/72.0"
157.55.39.108 - - [29/Nov/2021:16:20:27 +0100] "GET /images/big_prod/1348422000680.jpg HTTP/1.1" 200 52359 "-" "Mozilla/5.0 (compatible; bingbot/2.0; +http://www.bing.com/bingbot.htm)"
114.119.128.26 - - [29/Nov/2021:16:23:10 +0100] "GET /images/mini_prod/3442440238020.jpg HTTP/1.1" 200 3961 "-" "Mozilla/5.0 (Linux; Android 7.0;) AppleWebKit/537.36 (KHTML, like Gecko) Mobile Safari/537.36 (compatible; PetalBot;+https://webmaster.petalsearch.com/site/petalbot)"
52.143.94.226 - - [29/Nov/2021:16:23:59 +0100] "GET /images/big_prod_4/8422830606153b.jpg HTTP/1.1" 200 159961 "-" "Mozilla/4.0 (compatible; MSIE 7.0; Windows NT 6.0)"
149.248.7.213 - - [29/Nov/2021:16:24:22 +0100] "GET /images/mini_prod/3453131139601.jpg HTTP/1.1" 200 6753 "-" "Mozilla/5.0 (X11; Ubuntu; Linux x86_64; rv:72.0) Gecko/20100101 Firefox/72.0"
149.248.7.213 - - [29/Nov/2021:16:25:55 +0100] "GET /images/mini_prod/cuba1300010240182.jpg HTTP/1.1" 200 11686 "-" "Mozilla/5.0 (X11; Ubuntu; Linux x86_64; rv:72.0) Gecko/20100101 Firefox/72.0"
66.102.9.239 - - [29/Nov/2021:16:27:38 +0100] "GET /images/big_prod/3700572730622.jpg HTTP/1.1" 200 525020 "-" "Mozilla/5.0 (Windows NT 5.1; rv:11.0) Gecko Firefox/11.0 (via ggpht.com GoogleImageProxy)"
66.249.75.170 - - [29/Nov/2021:16:28:00 +0100] "GET /images/big_prod/8433933403068.jpg HTTP/1.1" 200 458958 "-" "Googlebot-Image/1.0"
66.249.75.166 - - [29/Nov/2021:16:28:15 +0100] "GET /images/big_prod/8433833240121.jpg HTTP/1.1" 200 624123 "-" "Googlebot-Image/1.0"
114.119.128.34 - - [29/Nov/2021:16:29:14 +0100] "GET /images/mini_prod/8422017128102.jpg HTTP/1.1" 200 4955 "-" "Mozilla/5.0 (Linux; Android 7.0;) AppleWebKit/537.36 (KHTML, like Gecko) Mobile Safari/537.36 (compatible; PetalBot;+https://webmaster.petalsearch.com/site/petalbot)"
157.55.39.108 - - [29/Nov/2021:16:29:47 +0100] "GET /images/mini_prod/8422001017627.jpg HTTP/1.1" 200 5112 "-" "Mozilla/5.0 (compatible; bingbot/2.0; +http://www.bing.com/bingbot.htm)"
20.80.156.107 - - [29/Nov/2021:16:30:29 +0100] "GET /images/big_prod_1/8433933164440b.jpg HTTP/1.1" 200 87092 "-" "Mozilla/4.0 (compatible; MSIE 7.0; Windows NT 6.0)"
157.55.39.108 - - [29/Nov/2021:16:30:37 +0100] "GET /images/mini_prod/3503420111518.jpg HTTP/1.1" 200 4541 "-" "Mozilla/5.0 (compatible; bingbot/2.0; +http://www.bing.com/bingbot.htm)"
157.55.39.223 - - [29/Nov/2021:16:30:47 +0100] "GET /images/big_prod_1/045544960052.jpg HTTP/1.1" 200 106871 "-" "Mozilla/5.0 (compatible; bingbot/2.0; +http://www.bing.com/bingbot.htm)"
83.29.131.227 - - [29/Nov/2021:16:33:41 +0100] "GET /js/jquery.jqzoom.js HTTP/1.1" 200 4761 "http://www.wonder-geek.com/jane-crowther-cats-p-54763.html" "Mozilla/5.0 (Windows NT 10.0; Win64; x64) AppleWebKit/537.36 (KHTML, like Gecko) Chrome/95.0.4638.69 Safari/537.36"
83.29.131.227 - - [29/Nov/2021:16:33:42 +0100] "GET /highslide/highslide.js HTTP/1.1" 200 42909 "http://www.wonder-geek.com/jane-crowther-cats-p-54763.html" "Mozilla/5.0 (Windows NT 10.0; Win64; x64) AppleWebKit/537.36 (KHTML, like Gecko) Chrome/95.0.4638.69 Safari/537.36"
83.29.131.227 - - [29/Nov/2021:16:33:42 +0100] "GET /templates/Pixame_v1/stylesheet.css HTTP/1.1" 200 56057 "http://www.wonder-geek.com/jane-crowther-cats-p-54763.html" "Mozilla/5.0 (Windows NT 10.0; Win64; x64) AppleWebKit/537.36 (KHTML, like Gecko) Chrome/95.0.4638.69 Safari/537.36"
83.29.131.227 - - [29/Nov/2021:16:33:42 +0100] "GET /mondial_relay/js/jquery-1.3.2.min.js HTTP/1.1" 200 57254 "http://www.wonder-geek.com/jane-crowther-cats-p-54763.html" "Mozilla/5.0 (Windows NT 10.0; Win64; x64) AppleWebKit/537.36 (KHTML, like Gecko) Chrome/95.0.4638.69 Safari/537.36"
83.29.131.227 - - [29/Nov/2021:16:33:42 +0100] "GET /js/jquery.js HTTP/1.1" 200 54075 "http://www.wonder-geek.com/jane-crowther-cats-p-54763.html" "Mozilla/5.0 (Windows NT 10.0; Win64; x64) AppleWebKit/537.36 (KHTML, like Gecko) Chrome/95.0.4638.69 Safari/537.36"
83.29.131.227 - - [29/Nov/2021:16:33:42 +0100] "GET /templates/Pixame_v1/images/icon_accueil2.png HTTP/1.1" 200 1137 "http://www.wonder-geek.com/jane-crowther-cats-p-54763.html" "Mozilla/5.0 (Windows NT 10.0; Win64; x64) AppleWebKit/537.36 (KHTML, like Gecko) Chrome/95.0.4638.69 Safari/537.36"
83.29.131.227 - - [29/Nov/2021:16:33:42 +0100] "GET /templates/Pixame_v1/images/buttons/english/button_in_cart.gif HTTP/1.1" 200 1212 "http://www.wonder-geek.com/jane-crowther-cats-p-54763.html" "Mozilla/5.0 (Windows NT 10.0; Win64; x64) AppleWebKit/537.36 (KHTML, like Gecko) Chrome/95.0.4638.69 Safari/537.36"
83.29.131.227 - - [29/Nov/2021:16:33:42 +0100] "GET /templates/Pixame_v1/images/nav.png HTTP/1.1" 200 1283 "http://www.wonder-geek.com/templates/Pixame_v1/stylesheet.css" "Mozilla/5.0 (Windows NT 10.0; Win64; x64) AppleWebKit/537.36 (KHTML, like Gecko) Chrome/95.0.4638.69 Safari/537.36"
83.29.131.227 - - [29/Nov/2021:16:33:42 +0100] "GET /templates/Pixame_v1/images/Bottom_texture.jpg HTTP/1.1" 200 56290 "http://www.wonder-geek.com/templates/Pixame_v1/stylesheet.css" "Mozilla/5.0 (Windows NT 10.0; Win64; x64) AppleWebKit/537.36 (KHTML, like Gecko) Chrome/95.0.4638.69 Safari/537.36"
83.29.131.227 - - [29/Nov/2021:16:33:42 +0100] "GET /templates/Pixame_v1/images/header.png HTTP/1.1" 200 70245 "http://www.wonder-geek.com/templates/Pixame_v1/stylesheet.css" "Mozilla/5.0 (Windows NT 10.0; Win64; x64) AppleWebKit/537.36 (KHTML, like Gecko) Chrome/95.0.4638.69 Safari/537.36"
83.29.131.227 - - [29/Nov/2021:16:33:42 +0100] "GET /templates/Pixame_v1/images/header-object.png HTTP/1.1" 200 106050 "http://www.wonder-geek.com/templates/Pixame_v1/stylesheet.css" "Mozilla/5.0 (Windows NT 10.0; Win64; x64) AppleWebKit/537.36 (KHTML, like Gecko) Chrome/95.0.4638.69 Safari/537.36"
83.29.131.227 - - [29/Nov/2021:16:33:42 +0100] "GET /design/productsenstock.png HTTP/1.1" 200 4743 "http://www.wonder-geek.com/templates/Pixame_v1/stylesheet.css" "Mozilla/5.0 (Windows NT 10.0; Win64; x64) AppleWebKit/537.36 (KHTML, like Gecko) Chrome/95.0.4638.69 Safari/537.36"
83.29.131.227 - - [29/Nov/2021:16:33:42 +0100] "GET /templates/Pixame_v1/images/Middle_texture.jpg HTTP/1.1" 200 249620 "http://www.wonder-geek.com/templates/Pixame_v1/stylesheet.css" "Mozilla/5.0 (Windows NT 10.0; Win64; x64) AppleWebKit/537.36 (KHTML, like Gecko) Chrome/95.0.4638.69 Safari/537.36"
83.29.131.227 - - [29/Nov/2021:16:33:42 +0100] "GET /images/big_prod_1/3700572730622B.jpg HTTP/1.1" 200 391463 "http://www.wonder-geek.com/jane-crowther-cats-p-54763.html" "Mozilla/5.0 (Windows NT 10.0; Win64; x64) AppleWebKit/537.36 (KHTML, like Gecko) Chrome/95.0.4638.69 Safari/537.36"
83.29.131.227 - - [29/Nov/2021:16:33:42 +0100] "GET /images/big_prod/3700572730622.jpg HTTP/1.1" 200 525020 "http://www.wonder-geek.com/jane-crowther-cats-p-54763.html" "Mozilla/5.0 (Windows NT 10.0; Win64; x64) AppleWebKit/537.36 (KHTML, like Gecko) Chrome/95.0.4638.69 Safari/537.36"
83.29.131.227 - - [29/Nov/2021:16:33:43 +0100] "GET /highslide/graphics/outlines/drop-shadow.png HTTP/1.1" 200 2022 "http://www.wonder-geek.com/jane-crowther-cats-p-54763.html" "Mozilla/5.0 (Windows NT 10.0; Win64; x64) AppleWebKit/537.36 (KHTML, like Gecko) Chrome/95.0.4638.69 Safari/537.36"
83.29.131.227 - - [29/Nov/2021:16:33:43 +0100] "GET /favicon.ico HTTP/1.1" 200 1591 "http://www.wonder-geek.com/jane-crowther-cats-p-54763.html" "Mozilla/5.0 (Windows NT 10.0; Win64; x64) AppleWebKit/537.36 (KHTML, like Gecko) Chrome/95.0.4638.69 Safari/537.36"
199.58.86.206 - - [29/Nov/2021:16:34:10 +0100] "GET /robots.txt HTTP/1.1" 200 2438 "-" "Mozilla/5.0 (compatible; MJ12bot/v1.4.8; http://mj12bot.com/)"
114.119.128.253 - - [29/Nov/2021:16:34:38 +0100] "GET /images/big_prod/8433933963777.jpg HTTP/1.1" 200 38052 "-" "Mozilla/5.0 (Linux; Android 7.0;) AppleWebKit/537.36 (KHTML, like Gecko) Mobile Safari/537.36 (compatible; PetalBot;+https://webmaster.petalsearch.com/site/petalbot)"
185.191.171.16 - - [29/Nov/2021:16:34:46 +0100] "GET /robots.txt HTTP/1.1" 200 2438 "-" "Mozilla/5.0 (compatible; SemrushBot/7~bl; +http://www.semrush.com/bot.html)"
216.244.66.242 - - [29/Nov/2021:16:36:12 +0100] "GET /robots.txt HTTP/1.1" 200 2438 "-" "Mozilla/5.0 (compatible; DotBot/1.2; +https://opensiteexplorer.org/dotbot; help@moz.com)"
114.119.128.40 - - [29/Nov/2021:16:37:50 +0100] "GET /images/mini_prod/3503420094361.jpg HTTP/1.1" 200 4814 "-" "Mozilla/5.0 (Linux; Android 7.0;) AppleWebKit/537.36 (KHTML, like Gecko) Mobile Safari/537.36 (compatible; PetalBot;+https://webmaster.petalsearch.com/site/petalbot)"
114.119.128.37 - - [29/Nov/2021:16:39:37 +0100] "GET /images/big_prod_2/8433933245903C.jpg HTTP/1.1" 200 233358 "-" "Mozilla/5.0 (Linux; Android 7.0;) AppleWebKit/537.36 (KHTML, like Gecko) Mobile Safari/537.36 (compatible; PetalBot;+https://webmaster.petalsearch.com/site/petalbot)"
216.244.66.242 - - [29/Nov/2021:16:39:42 +0100] "GET /images/5411329064317.jpg HTTP/1.1" 200 41071 "-" "Mozilla/5.0 (compatible; DotBot/1.2; +https://opensiteexplorer.org/dotbot; help@moz.com)"
20.80.156.160 - - [29/Nov/2021:16:41:43 +0100] "GET /images/big_prod/5051276344430.jpg HTTP/1.1" 200 76909 "-" "Mozilla/4.0 (compatible; MSIE 7.0; Windows NT 6.0)"
20.80.156.87 - - [29/Nov/2021:16:42:30 +0100] "GET /images/big_prod/5051276247823.jpg HTTP/1.1" 200 45105 "-" "Mozilla/5.0 (Windows NT 10.0; WOW64) AppleWebKit/537.36 (KHTML, like Gecko) Chrome/64.0.3282.186 Safari/537.36"
149.248.7.213 - - [29/Nov/2021:16:42:44 +0100] "GET /images/mini_prod/3560600301893.jpg HTTP/1.1" 200 6160 "-" "Mozilla/5.0 (X11; Ubuntu; Linux x86_64; rv:72.0) Gecko/20100101 Firefox/72.0"
52.148.165.70 - - [29/Nov/2021:16:43:14 +0100] "GET /images/big_prod_1/3700281646962a.jpg HTTP/1.1" 200 481522 "-" "Mozilla/5.0 (Windows NT 6.1; WOW64) AppleWebKit/537.36 (KHTML, like Gecko) Chrome/45.0.2454.101 Safari/537.36"
20.99.153.204 - - [29/Nov/2021:16:43:39 +0100] "GET /images/big_prod/9316188078269.jpg HTTP/1.1" 200 80073 "-" "Mozilla/5.0 (Macintosh; U; PPC Mac OS X 10.5; en-US; rv:1.9.2.15) Gecko/20110303 Firefox/3.6.15"
157.55.39.223 - - [29/Nov/2021:16:44:11 +0100] "GET /images/big_prod/3608860225297.jpg HTTP/1.1" 200 67437 "-" "Mozilla/5.0 (compatible; bingbot/2.0; +http://www.bing.com/bingbot.htm)"
40.77.167.66 - - [29/Nov/2021:16:45:43 +0100] "GET /images/4846603169999.jpg HTTP/1.1" 200 64726 "-" "Mozilla/5.0 (compatible; bingbot/2.0; +http://www.bing.com/bingbot.htm)"
207.46.13.118 - - [29/Nov/2021:16:45:47 +0100] "GET /images/4029811326181.jpg HTTP/1.1" 200 118399 "-" "Mozilla/5.0 (compatible; bingbot/2.0; +http://www.bing.com/bingbot.htm)"
52.156.93.152 - - [29/Nov/2021:16:50:47 +0100] "GET /images/8003990586877.jpg HTTP/1.1" 200 63153 "-" "Mozilla/5.0 (Windows NT 6.1; WOW64) AppleWebKit/537.36 (KHTML, like Gecko) Chrome/45.0.2454.101 Safari/537.36"
52.156.93.152 - - [29/Nov/2021:16:51:02 +0100] "GET /images/big_prod/7601020000372.jpg HTTP/1.1" 200 125155 "-" "Mozilla/5.0 (Windows NT 10.0; WOW64) AppleWebKit/537.36 (KHTML, like Gecko) Chrome/67.0.3396.99 Safari/537.36"
52.154.60.82 - - [29/Nov/2021:16:51:08 +0100] "GET /images/big_prod/4895220303446.jpg HTTP/1.1" 200 49780 "-" "DuckDuckBot/1.1; (+http://duckduckgo.com/duckduckbot.html)"
40.77.167.66 - - [29/Nov/2021:16:52:14 +0100] "GET /images/donaldpouce.jpg HTTP/1.1" 200 18633 "-" "Mozilla/5.0 (compatible; bingbot/2.0; +http://www.bing.com/bingbot.htm)"
20.80.156.107 - - [29/Nov/2021:16:52:17 +0100] "GET /images/8435306276583.jpg HTTP/1.1" 200 82919 "-" "Mozilla/5.0 (Windows NT 10.0; ) Gecko/20100101 Firefox/61.0"
40.77.167.66 - - [29/Nov/2021:16:52:33 +0100] "GET /images/big_prod/1384010203934.jpg HTTP/1.1" 200 98719 "-" "Mozilla/5.0 (compatible; bingbot/2.0; +http://www.bing.com/bingbot.htm)"
74.125.209.48 - - [29/Nov/2021:16:53:56 +0100] "GET /images/big_prod/8424001487486.jpg HTTP/1.1" 200 38446 "-" "Mozilla/5.0 (Windows NT 5.1; rv:11.0) Gecko Firefox/11.0 (via ggpht.com GoogleImageProxy)"
52.156.93.160 - - [29/Nov/2021:16:55:18 +0100] "GET /images/big_prod/3453131146944.jpg HTTP/1.1" 200 70096 "-" "Mozilla/5.0 (Windows NT 10.0; WOW64) AppleWebKit/537.36 (KHTML, like Gecko) Chrome/68.0.3440.106 Safari/537.36"
157.55.39.228 - - [29/Nov/2021:16:56:02 +0100] "GET /images/big_prod/8422010878028.jpg HTTP/1.1" 200 44322 "-" "Mozilla/5.0 (compatible; bingbot/2.0; +http://www.bing.com/bingbot.htm)"
114.119.128.253 - - [29/Nov/2021:16:56:16 +0100] "GET /images/mini_prod/a3457098824365.jpg HTTP/1.1" 200 6062 "-" "Mozilla/5.0 (Linux; Android 7.0;) AppleWebKit/537.36 (KHTML, like Gecko) Mobile Safari/537.36 (compatible; PetalBot;+https://webmaster.petalsearch.com/site/petalbot)"
66.249.93.253 - - [29/Nov/2021:16:56:22 +0100] "GET /images/big_prod_1/1345544969826a.jpg HTTP/1.1" 200 152539 "-" "Mozilla/5.0 (Windows NT 5.1; rv:11.0) Gecko Firefox/11.0 (via ggpht.com GoogleImageProxy)"
165.154.72.231 - - [29/Nov/2021:16:56:33 +0100] "GET /images/mini_prod/MISES-EN-SITUATION-04.jpg HTTP/1.1" 200 7628 "-" "Mozilla/5.0 (X11; Ubuntu; Linux x86_64; rv:72.0) Gecko/20100101 Firefox/72.0"
52.148.165.160 - - [29/Nov/2021:16:58:18 +0100] "GET /images/big_prod_1/8424346352616B.jpg HTTP/1.1" 200 74171 "-" "Mozilla/5.0 (Macintosh; U; PPC Mac OS X 10.5; en-US; rv:1.9.2.15) Gecko/20110303 Firefox/3.6.15"
40.77.167.66 - - [29/Nov/2021:16:58:34 +0100] "GET /images/big_prod/4036113232225.jpg HTTP/1.1" 200 210922 "-" "Mozilla/5.0 (compatible; bingbot/2.0; +http://www.bing.com/bingbot.htm)"
52.148.165.217 - - [29/Nov/2021:17:00:51 +0100] "GET /images/1399984259856.jpg HTTP/1.1" 200 63514 "-" "Mozilla/5.0 (Windows NT 6.1; WOW64) AppleWebKit/537.36 (KHTML, like Gecko) Chrome/45.0.2454.101 Safari/537.36"
5.255.253.187 - - [29/Nov/2021:17:01:02 +0100] "GET /images/8028501696111.jpg HTTP/1.1" 200 80415 "-" "Mozilla/5.0 (compatible; YandexImages/3.0; +http://yandex.com/bots)"
207.46.13.118 - - [29/Nov/2021:17:01:20 +0100] "GET /images/big_prod/2399123270062.jpg HTTP/1.1" 200 60070 "-" "Mozilla/5.0 (compatible; bingbot/2.0; +http://www.bing.com/bingbot.htm)"
51.143.63.203 - - [29/Nov/2021:17:01:22 +0100] "GET /images/big_prod_2/942GJ02c.jpg HTTP/1.1" 200 180455 "-" "Mozilla/5.0 (Windows NT 10.0; WOW64) AppleWebKit/537.36 (KHTML, like Gecko) Chrome/67.0.3396.99 Safari/537.36"
52.148.164.223 - - [29/Nov/2021:17:02:12 +0100] "GET /images/big_prod_1/b045544780148.jpg HTTP/1.1" 200 153895 "-" "Mozilla/4.0 (compatible; MSIE 7.0; Windows NT 6.0)"
207.46.13.202 - - [29/Nov/2021:17:03:03 +0100] "GET /images/big_prod/3700742703647.jpg HTTP/1.1" 200 110820 "-" "Mozilla/5.0 (compatible; bingbot/2.0; +http://www.bing.com/bingbot.htm)"
207.46.13.202 - - [29/Nov/2021:17:03:06 +0100] "GET /images/big_prod/1384010202890.jpg HTTP/1.1" 200 58940 "-" "Mozilla/5.0 (compatible; bingbot/2.0; +http://www.bing.com/bingbot.htm)"
157.55.39.223 - - [29/Nov/2021:17:03:29 +0100] "GET /images/med_prod/8435306270055.jpg HTTP/1.1" 200 100387 "-" "Mozilla/5.0 (compatible; bingbot/2.0; +http://www.bing.com/bingbot.htm)"
52.143.94.226 - - [29/Nov/2021:17:04:11 +0100] "GET /images/big_prod/5400924037604.jpg HTTP/1.1" 200 63590 "-" "Mozilla/4.0 (compatible; MSIE 7.0; Windows NT 6.0)"
159.138.102.98 - - [29/Nov/2021:17:04:37 +0100] "GET /images/4025055094589.jpg HTTP/1.1" 200 26386 "-" "Mozilla/5.0 (Linux; Android 7.0;) AppleWebKit/537.36 (KHTML, like Gecko) Mobile Safari/537.36 (compatible; PetalBot;+https://webmaster.petalsearch.com/site/petalbot)"
66.102.9.241 - - [29/Nov/2021:17:05:57 +0100] "GET /images/big_prod_2/c045544961141.jpg HTTP/1.1" 200 85832 "-" "Mozilla/5.0 (Windows NT 5.1; rv:11.0) Gecko Firefox/11.0 (via ggpht.com GoogleImageProxy)"
79.11.54.177 - - [29/Nov/2021:17:06:02 +0100] "GET /js/jquery.jqzoom.js HTTP/1.1" 200 4761 "http://www.wonder-geek.com/alice-wonderland-figurine-miss-mindy-p-44929.html" "Mozilla/5.0 (Windows NT 10.0; Win64; x64) AppleWebKit/537.36 (KHTML, like Gecko) Chrome/96.0.4664.45 Safari/537.36"
79.11.54.177 - - [29/Nov/2021:17:06:02 +0100] "GET /templates/Pixame_v1/stylesheet.css HTTP/1.1" 200 56057 "http://www.wonder-geek.com/alice-wonderland-figurine-miss-mindy-p-44929.html" "Mozilla/5.0 (Windows NT 10.0; Win64; x64) AppleWebKit/537.36 (KHTML, like Gecko) Chrome/96.0.4664.45 Safari/537.36"
79.11.54.177 - - [29/Nov/2021:17:06:02 +0100] "GET /highslide/highslide.js HTTP/1.1" 200 42909 "http://www.wonder-geek.com/alice-wonderland-figurine-miss-mindy-p-44929.html" "Mozilla/5.0 (Windows NT 10.0; Win64; x64) AppleWebKit/537.36 (KHTML, like Gecko) Chrome/96.0.4664.45 Safari/537.36"
79.11.54.177 - - [29/Nov/2021:17:06:02 +0100] "GET /js/jquery.js HTTP/1.1" 200 54075 "http://www.wonder-geek.com/alice-wonderland-figurine-miss-mindy-p-44929.html" "Mozilla/5.0 (Windows NT 10.0; Win64; x64) AppleWebKit/537.36 (KHTML, like Gecko) Chrome/96.0.4664.45 Safari/537.36"
79.11.54.177 - - [29/Nov/2021:17:06:02 +0100] "GET /mondial_relay/js/jquery-1.3.2.min.js HTTP/1.1" 200 57254 "http://www.wonder-geek.com/alice-wonderland-figurine-miss-mindy-p-44929.html" "Mozilla/5.0 (Windows NT 10.0; Win64; x64) AppleWebKit/537.36 (KHTML, like Gecko) Chrome/96.0.4664.45 Safari/537.36"
79.11.54.177 - - [29/Nov/2021:17:06:02 +0100] "GET /templates/Pixame_v1/images/icon_accueil2.png HTTP/1.1" 200 1137 "http://www.wonder-geek.com/alice-wonderland-figurine-miss-mindy-p-44929.html" "Mozilla/5.0 (Windows NT 10.0; Win64; x64) AppleWebKit/537.36 (KHTML, like Gecko) Chrome/96.0.4664.45 Safari/537.36"
79.11.54.177 - - [29/Nov/2021:17:06:02 +0100] "GET /templates/Pixame_v1/images/Bottom_texture.jpg HTTP/1.1" 200 56290 "http://www.wonder-geek.com/templates/Pixame_v1/stylesheet.css" "Mozilla/5.0 (Windows NT 10.0; Win64; x64) AppleWebKit/537.36 (KHTML, like Gecko) Chrome/96.0.4664.45 Safari/537.36"
79.11.54.177 - - [29/Nov/2021:17:06:02 +0100] "GET /templates/Pixame_v1/images/nav.png HTTP/1.1" 200 1283 "http://www.wonder-geek.com/templates/Pixame_v1/stylesheet.css" "Mozilla/5.0 (Windows NT 10.0; Win64; x64) AppleWebKit/537.36 (KHTML, like Gecko) Chrome/96.0.4664.45 Safari/537.36"
79.11.54.177 - - [29/Nov/2021:17:06:02 +0100] "GET /images/big_prod/045544961141.jpg HTTP/1.1" 200 87277 "http://www.wonder-geek.com/alice-wonderland-figurine-miss-mindy-p-44929.html" "Mozilla/5.0 (Windows NT 10.0; Win64; x64) AppleWebKit/537.36 (KHTML, like Gecko) Chrome/96.0.4664.45 Safari/537.36"
79.11.54.177 - - [29/Nov/2021:17:06:02 +0100] "GET /images/big_prod_1/b045544961141.jpg HTTP/1.1" 200 63542 "http://www.wonder-geek.com/alice-wonderland-figurine-miss-mindy-p-44929.html" "Mozilla/5.0 (Windows NT 10.0; Win64; x64) AppleWebKit/537.36 (KHTML, like Gecko) Chrome/96.0.4664.45 Safari/537.36"
79.11.54.177 - - [29/Nov/2021:17:06:02 +0100] "GET /templates/Pixame_v1/images/header.png HTTP/1.1" 200 70245 "http://www.wonder-geek.com/templates/Pixame_v1/stylesheet.css" "Mozilla/5.0 (Windows NT 10.0; Win64; x64) AppleWebKit/537.36 (KHTML, like Gecko) Chrome/96.0.4664.45 Safari/537.36"
79.11.54.177 - - [29/Nov/2021:17:06:02 +0100] "GET /templates/Pixame_v1/images/buttons/english/button_in_cart.gif HTTP/1.1" 200 1212 "http://www.wonder-geek.com/alice-wonderland-figurine-miss-mindy-p-44929.html" "Mozilla/5.0 (Windows NT 10.0; Win64; x64) AppleWebKit/537.36 (KHTML, like Gecko) Chrome/96.0.4664.45 Safari/537.36"
79.11.54.177 - - [29/Nov/2021:17:06:02 +0100] "GET /design/productsenstock.png HTTP/1.1" 200 4743 "http://www.wonder-geek.com/templates/Pixame_v1/stylesheet.css" "Mozilla/5.0 (Windows NT 10.0; Win64; x64) AppleWebKit/537.36 (KHTML, like Gecko) Chrome/96.0.4664.45 Safari/537.36"
79.11.54.177 - - [29/Nov/2021:17:06:02 +0100] "GET /images/big_prod_2/c045544961141.jpg HTTP/1.1" 200 85832 "http://www.wonder-geek.com/alice-wonderland-figurine-miss-mindy-p-44929.html" "Mozilla/5.0 (Windows NT 10.0; Win64; x64) AppleWebKit/537.36 (KHTML, like Gecko) Chrome/96.0.4664.45 Safari/537.36"
79.11.54.177 - - [29/Nov/2021:17:06:02 +0100] "GET /templates/Pixame_v1/images/header-object.png HTTP/1.1" 200 106050 "http://www.wonder-geek.com/templates/Pixame_v1/stylesheet.css" "Mozilla/5.0 (Windows NT 10.0; Win64; x64) AppleWebKit/537.36 (KHTML, like Gecko) Chrome/96.0.4664.45 Safari/537.36"
79.11.54.177 - - [29/Nov/2021:17:06:02 +0100] "GET /templates/Pixame_v1/images/Middle_texture.jpg HTTP/1.1" 200 249620 "http://www.wonder-geek.com/templates/Pixame_v1/stylesheet.css" "Mozilla/5.0 (Windows NT 10.0; Win64; x64) AppleWebKit/537.36 (KHTML, like Gecko) Chrome/96.0.4664.45 Safari/537.36"
79.11.54.177 - - [29/Nov/2021:17:06:03 +0100] "GET /highslide/graphics/outlines/drop-shadow.png HTTP/1.1" 200 2022 "http://www.wonder-geek.com/alice-wonderland-figurine-miss-mindy-p-44929.html" "Mozilla/5.0 (Windows NT 10.0; Win64; x64) AppleWebKit/537.36 (KHTML, like Gecko) Chrome/96.0.4664.45 Safari/537.36"
79.11.54.177 - - [29/Nov/2021:17:06:03 +0100] "GET /favicon.ico HTTP/1.1" 200 1591 "http://www.wonder-geek.com/alice-wonderland-figurine-miss-mindy-p-44929.html" "Mozilla/5.0 (Windows NT 10.0; Win64; x64) AppleWebKit/537.36 (KHTML, like Gecko) Chrome/96.0.4664.45 Safari/537.36"
66.249.75.170 - - [29/Nov/2021:17:06:34 +0100] "GET /images/big_prod_1/8424015226477B.jpg HTTP/1.1" 200 120259 "-" "Googlebot-Image/1.0"
77.75.76.161 - - [29/Nov/2021:17:06:58 +0100] "GET /robots.txt HTTP/1.1" 200 2438 "-" "Mozilla/5.0 (compatible; SeznamBot/3.2; +http://napoveda.seznam.cz/en/seznambot-intro/)"
77.75.76.161 - - [29/Nov/2021:17:06:59 +0100] "GET /images/mini_prod/8422018238800.jpg HTTP/1.1" 200 3922 "-" "Mozilla/5.0 (compatible; SeznamBot/3.2; +http://napoveda.seznam.cz/en/seznambot-intro/)"
20.80.156.87 - - [29/Nov/2021:17:07:06 +0100] "GET /images/8003990623657.jpg HTTP/1.1" 200 22119 "-" "Mozilla/5.0 (Windows NT 10.0; WOW64) AppleWebKit/537.36 (KHTML, like Gecko) Chrome/67.0.3396.99 Safari/537.36"
52.156.93.160 - - [29/Nov/2021:17:08:01 +0100] "GET /images/big_prod/3442440270426.jpg HTTP/1.1" 200 114097 "-" "Mozilla/5.0 (Macintosh; U; PPC Mac OS X 10.5; en-US; rv:1.9.2.15) Gecko/20110303 Firefox/3.6.15"
40.77.167.66 - - [29/Nov/2021:17:08:26 +0100] "GET /images/big_prod/8433933100394.jpg HTTP/1.1" 200 66074 "-" "Mozilla/5.0 (compatible; bingbot/2.0; +http://www.bing.com/bingbot.htm)"
207.46.13.118 - - [29/Nov/2021:17:10:21 +0100] "GET /images/8420406603230.jpg HTTP/1.1" 200 34414 "-" "Mozilla/5.0 (compatible; bingbot/2.0; +http://www.bing.com/bingbot.htm)"
74.125.210.52 - - [29/Nov/2021:17:11:11 +0100] "GET /images/big_prod_1/6970204135645B.jpg HTTP/1.1" 200 205048 "-" "Mozilla/5.0 (Windows NT 5.1; rv:11.0) Gecko Firefox/11.0 (via ggpht.com GoogleImageProxy)"
20.99.153.204 - - [29/Nov/2021:17:12:40 +0100] "GET /images/big_prod/8436565220218.jpg HTTP/1.1" 200 131201 "-" "Mozilla/5.0 (Windows NT 10.0; WOW64) AppleWebKit/537.36 (KHTML, like Gecko) Chrome/64.0.3282.186 Safari/537.36"
114.119.128.253 - - [29/Nov/2021:17:12:56 +0100] "GET /images/mini_prod/3503420033971.jpg HTTP/1.1" 200 6371 "-" "Mozilla/5.0 (Linux; Android 7.0;) AppleWebKit/537.36 (KHTML, like Gecko) Mobile Safari/537.36 (compatible; PetalBot;+https://webmaster.petalsearch.com/site/petalbot)"
20.99.153.204 - - [29/Nov/2021:17:15:15 +0100] "GET /images/big_prod_2/4250255859472b.jpg HTTP/1.1" 200 28453 "-" "Mozilla/5.0 (Windows NT 10.0; WOW64) AppleWebKit/537.36 (KHTML, like Gecko) Chrome/67.0.3396.99 Safari/537.36"
207.46.13.202 - - [29/Nov/2021:17:15:24 +0100] "GET /images/big_prod_3/1328399219636c.jpg HTTP/1.1" 200 70126 "-" "Mozilla/5.0 (compatible; bingbot/2.0; +http://www.bing.com/bingbot.htm)"
52.156.93.98 - - [29/Nov/2021:17:16:57 +0100] "GET /images/big_prod/1384010204238.jpg HTTP/1.1" 200 149748 "-" "Mozilla/4.0 (compatible; MSIE 7.0; Windows NT 6.0)"
52.143.89.47 - - [29/Nov/2021:17:18:31 +0100] "GET /images/3700276874486.jpg HTTP/1.1" 200 46281 "-" "Mozilla/4.0 (compatible; MSIE 7.0; Windows NT 6.0)"
52.156.93.152 - - [29/Nov/2021:17:21:53 +0100] "GET /images/3453131103527.jpg HTTP/1.1" 200 22956 "-" "Mozilla/5.0 (Windows NT 10.0; ) Gecko/20100101 Firefox/61.0"
157.55.39.223 - - [29/Nov/2021:17:24:05 +0100] "GET /images/big_prod/3453131126830.jpg HTTP/1.1" 200 95184 "-" "Mozilla/5.0 (compatible; bingbot/2.0; +http://www.bing.com/bingbot.htm)"
157.55.39.223 - - [29/Nov/2021:17:24:06 +0100] "GET /images/3700276232781.jpg HTTP/1.1" 200 34203 "-" "Mozilla/5.0 (compatible; bingbot/2.0; +http://www.bing.com/bingbot.htm)"
52.143.94.226 - - [29/Nov/2021:17:24:27 +0100] "GET /images/big_prod/4012390386240.jpg HTTP/1.1" 200 111978 "-" "Mozilla/5.0 (Windows NT 10.0; ) Gecko/20100101 Firefox/61.0"
52.156.93.160 - - [29/Nov/2021:17:24:34 +0100] "GET /images/big_prod/7601020000358.jpg HTTP/1.1" 200 139691 "-" "Mozilla/5.0 (Windows NT 10.0; WOW64) AppleWebKit/537.36 (KHTML, like Gecko) Chrome/64.0.3282.186 Safari/537.36"
114.119.128.40 - - [29/Nov/2021:17:24:45 +0100] "GET /images/mini_prod/8422018238800.jpg HTTP/1.1" 200 3922 "-" "Mozilla/5.0 (Linux; Android 7.0;) AppleWebKit/537.36 (KHTML, like Gecko) Mobile Safari/537.36 (compatible; PetalBot;+https://webmaster.petalsearch.com/site/petalbot)"
104.222.149.233 - - [29/Nov/2021:17:25:33 +0100] "GET /robots.txt HTTP/1.1" 200 2438 "-" "Mozilla/5.0 (Windows NT 10.0; Win64; x64) AppleWebKit/537.36 (KHTML, like Gecko) Chrome/94.0.4606.81 Safari/537.36"
207.46.13.118 - - [29/Nov/2021:17:25:52 +0100] "GET /images/BA914C.jpg HTTP/1.1" 200 51719 "-" "Mozilla/5.0 (compatible; bingbot/2.0; +http://www.bing.com/bingbot.htm)"
40.77.167.66 - - [29/Nov/2021:17:26:38 +0100] "GET /images/big_prod/5410574484628.jpg HTTP/1.1" 200 131477 "-" "Mozilla/5.0 (compatible; bingbot/2.0; +http://www.bing.com/bingbot.htm)"
157.55.39.228 - - [29/Nov/2021:17:27:06 +0100] "GET /images/big_prod_2/8424345481133b.jpg HTTP/1.1" 200 62160 "-" "Mozilla/5.0 (compatible; bingbot/2.0; +http://www.bing.com/bingbot.htm)"
52.143.90.141 - - [29/Nov/2021:17:27:56 +0100] "GET /images/big_prod/8433933186190.jpg HTTP/1.1" 200 101827 "-" "Mozilla/4.0 (compatible; MSIE 7.0; Windows NT 6.0)"
157.55.39.223 - - [29/Nov/2021:17:28:06 +0100] "GET /images/MISES-EN-SITUATION-03.jpg HTTP/1.1" 200 38835 "-" "Mozilla/5.0 (compatible; bingbot/2.0; +http://www.bing.com/bingbot.htm)"
66.249.75.168 - - [29/Nov/2021:17:28:15 +0100] "GET /images/big_prod/3700281647846.jpg HTTP/1.1" 200 100760 "-" "Googlebot-Image/1.0"
114.119.128.40 - - [29/Nov/2021:17:29:00 +0100] "GET /images/mini_prod/028399294879.jpg HTTP/1.1" 200 5552 "-" "Mozilla/5.0 (Linux; Android 7.0;) AppleWebKit/537.36 (KHTML, like Gecko) Mobile Safari/537.36 (compatible; PetalBot;+https://webmaster.petalsearch.com/site/petalbot)"
166.88.17.238 - - [29/Nov/2021:17:30:26 +0100] "GET /images/mini_prod/9316188029582.jpg HTTP/1.1" 200 5972 "-" "Mozilla/5.0 (X11; Ubuntu; Linux x86_64; rv:72.0) Gecko/20100101 Firefox/72.0"
216.244.66.242 - - [29/Nov/2021:17:30:56 +0100] "GET /robots.txt HTTP/1.1" 200 2438 "-" "Mozilla/5.0 (compatible; DotBot/1.2; +https://opensiteexplorer.org/dotbot; help@moz.com)"
185.191.171.33 - - [29/Nov/2021:17:31:35 +0100] "GET /robots.txt HTTP/1.1" 200 2438 "-" "Mozilla/5.0 (compatible; SemrushBot/7~bl; +http://www.semrush.com/bot.html)"
52.156.93.98 - - [29/Nov/2021:17:33:09 +0100] "GET /images/big_prod/3503420987847.jpg HTTP/1.1" 200 142863 "-" "Mozilla/5.0 (Windows NT 10.0; ) Gecko/20100101 Firefox/61.0"
20.80.156.141 - - [29/Nov/2021:17:34:40 +0100] "GET /images/big_prod/8422015188313.jpg HTTP/1.1" 200 91055 "-" "Mozilla/4.0 (compatible; MSIE 7.0; Windows NT 6.0)"
124.71.153.13 - - [29/Nov/2021:17:35:52 +0100] "GET /images/mini_prod/c8427787039436.jpg HTTP/1.1" 200 8933 "-" "Mozilla/5.0 (X11; Ubuntu; Linux x86_64; rv:72.0) Gecko/20100101 Firefox/72.0"
52.156.93.69 - - [29/Nov/2021:17:37:03 +0100] "GET /images/big_prod/3503420096426.jpg HTTP/1.1" 200 98847 "-" "Mozilla/5.0 (Windows NT 10.0; ) Gecko/20100101 Firefox/61.0"
157.55.39.223 - - [29/Nov/2021:17:38:30 +0100] "GET /images/big_prod/8422004266022C.jpg HTTP/1.1" 200 186388 "-" "Mozilla/5.0 (compatible; bingbot/2.0; +http://www.bing.com/bingbot.htm)"
20.99.153.204 - - [29/Nov/2021:17:38:38 +0100] "GET /images/big_prod_3/4542202653265fred.jpg HTTP/1.1" 200 71634 "-" "Mozilla/5.0 (Macintosh; U; PPC Mac OS X 10.5; en-US; rv:1.9.2.15) Gecko/20110303 Firefox/3.6.15"
20.99.157.144 - - [29/Nov/2021:17:39:59 +0100] "GET /images/3453131113137.jpg HTTP/1.1" 200 69324 "-" "Mozilla/5.0 (X11; Linux x86_64) AppleWebKit/537.36 (KHTML, like Gecko) Chrome/62.0.3202.62 Safari/537.36"
52.156.93.20 - - [29/Nov/2021:17:40:36 +0100] "GET /images/8435306234354.jpg HTTP/1.1" 200 36311 "-" "Mozilla/5.0 (Windows NT 10.0; WOW64) AppleWebKit/537.36 (KHTML, like Gecko) Chrome/68.0.3440.106 Safari/537.36"
114.119.128.253 - - [29/Nov/2021:17:44:31 +0100] "GET /images/mini_prod/3700281653496.jpg HTTP/1.1" 200 5560 "-" "Mozilla/5.0 (Linux; Android 7.0;) AppleWebKit/537.36 (KHTML, like Gecko) Mobile Safari/537.36 (compatible; PetalBot;+https://webmaster.petalsearch.com/site/petalbot)"
52.148.164.223 - - [29/Nov/2021:17:45:44 +0100] "GET /images/big_prod/3608860230611.jpg HTTP/1.1" 200 86589 "-" "Mozilla/5.0 (Windows NT 10.0; WOW64) AppleWebKit/537.36 (KHTML, like Gecko) Chrome/68.0.3440.106 Safari/537.36"
52.143.89.47 - - [29/Nov/2021:17:45:51 +0100] "GET /images/big_prod_1/3520071772844B.jpg HTTP/1.1" 200 369611 "-" "Mozilla/5.0 (Windows NT 6.1; WOW64) AppleWebKit/537.36 (KHTML, like Gecko) Chrome/45.0.2454.101 Safari/537.36"
20.99.153.204 - - [29/Nov/2021:17:45:53 +0100] "GET /images/1399984241592.jpg HTTP/1.1" 200 87755 "-" "Mozilla/5.0 (Windows NT 10.0; WOW64) AppleWebKit/537.36 (KHTML, like Gecko) Chrome/67.0.3396.99 Safari/537.36"
157.55.39.108 - - [29/Nov/2021:17:46:35 +0100] "GET /images/8430269165882.jpg HTTP/1.1" 200 40457 "-" "Mozilla/5.0 (compatible; bingbot/2.0; +http://www.bing.com/bingbot.htm)"
157.55.39.228 - - [29/Nov/2021:17:48:47 +0100] "GET /images/big_prod/3453131138932.jpg HTTP/1.1" 200 94306 "-" "Mozilla/5.0 (compatible; bingbot/2.0; +http://www.bing.com/bingbot.htm)"
114.119.128.39 - - [29/Nov/2021:17:49:27 +0100] "GET /images/big_prod/8433933222041.jpg HTTP/1.1" 200 79859 "-" "Mozilla/5.0 (Linux; Android 7.0;) AppleWebKit/537.36 (KHTML, like Gecko) Mobile Safari/537.36 (compatible; PetalBot;+https://webmaster.petalsearch.com/site/petalbot)"
157.55.39.108 - - [29/Nov/2021:17:50:55 +0100] "GET /images/med_prod/1384010176504.jpg HTTP/1.1" 200 57426 "-" "Mozilla/5.0 (compatible; bingbot/2.0; +http://www.bing.com/bingbot.htm)"
165.154.72.231 - - [29/Nov/2021:17:51:08 +0100] "GET /images/mini_prod/5050293803975.jpg HTTP/1.1" 200 10730 "-" "Mozilla/5.0 (X11; Ubuntu; Linux x86_64; rv:72.0) Gecko/20100101 Firefox/72.0"
157.55.39.108 - - [29/Nov/2021:17:53:07 +0100] "GET /images/1399984241455.jpg HTTP/1.1" 200 97143 "-" "Mozilla/5.0 (compatible; bingbot/2.0; +http://www.bing.com/bingbot.htm)"
5.9.140.242 - - [29/Nov/2021:17:55:48 +0100] "GET /robots.txt HTTP/1.1" 200 2438 "-" "Mozilla/5.0 (compatible; MJ12bot/v1.4.8; http://mj12bot.com/)"
52.156.93.98 - - [29/Nov/2021:17:56:10 +0100] "GET /images/big_prod/3014627909995.jpg HTTP/1.1" 200 94018 "-" "Mozilla/4.0 (compatible; MSIE 7.0; Windows NT 6.0)"
149.248.7.213 - - [29/Nov/2021:17:56:12 +0100] "GET /images/mini_prod/4717115143022.jpg HTTP/1.1" 200 5268 "-" "Mozilla/5.0 (X11; Ubuntu; Linux x86_64; rv:72.0) Gecko/20100101 Firefox/72.0"
66.249.82.162 - - [29/Nov/2021:17:58:39 +0100] "GET /images/big_prod/5404006043446.jpg HTTP/1.1" 200 45094 "-" "Mozilla/5.0 (Windows NT 5.1; rv:11.0) Gecko Firefox/11.0 (via ggpht.com GoogleImageProxy)"
223.25.58.103 - - [29/Nov/2021:17:58:40 +0100] "GET /highslide/highslide.js HTTP/1.1" 200 42909 "http://www.wonder-geek.com/unicorn-nightlight-pink-p-55361.html" "Mozilla/5.0 (Windows NT 10.0; Win64; x64) AppleWebKit/537.36 (KHTML, like Gecko) Chrome/96.0.4664.45 Safari/537.36"
223.25.58.103 - - [29/Nov/2021:17:58:40 +0100] "GET /templates/Pixame_v1/stylesheet.css HTTP/1.1" 200 56057 "http://www.wonder-geek.com/unicorn-nightlight-pink-p-55361.html" "Mozilla/5.0 (Windows NT 10.0; Win64; x64) AppleWebKit/537.36 (KHTML, like Gecko) Chrome/96.0.4664.45 Safari/537.36"
223.25.58.103 - - [29/Nov/2021:17:58:40 +0100] "GET /js/jquery.js HTTP/1.1" 200 54075 "http://www.wonder-geek.com/unicorn-nightlight-pink-p-55361.html" "Mozilla/5.0 (Windows NT 10.0; Win64; x64) AppleWebKit/537.36 (KHTML, like Gecko) Chrome/96.0.4664.45 Safari/537.36"
223.25.58.103 - - [29/Nov/2021:17:58:40 +0100] "GET /js/jquery.jqzoom.js HTTP/1.1" 200 4761 "http://www.wonder-geek.com/unicorn-nightlight-pink-p-55361.html" "Mozilla/5.0 (Windows NT 10.0; Win64; x64) AppleWebKit/537.36 (KHTML, like Gecko) Chrome/96.0.4664.45 Safari/537.36"
223.25.58.103 - - [29/Nov/2021:17:58:41 +0100] "GET /mondial_relay/js/jquery-1.3.2.min.js HTTP/1.1" 200 57254 "http://www.wonder-geek.com/unicorn-nightlight-pink-p-55361.html" "Mozilla/5.0 (Windows NT 10.0; Win64; x64) AppleWebKit/537.36 (KHTML, like Gecko) Chrome/96.0.4664.45 Safari/537.36"
223.25.58.103 - - [29/Nov/2021:17:58:41 +0100] "GET /templates/Pixame_v1/images/icon_accueil2.png HTTP/1.1" 200 1137 "http://www.wonder-geek.com/unicorn-nightlight-pink-p-55361.html" "Mozilla/5.0 (Windows NT 10.0; Win64; x64) AppleWebKit/537.36 (KHTML, like Gecko) Chrome/96.0.4664.45 Safari/537.36"
223.25.58.103 - - [29/Nov/2021:17:58:42 +0100] "GET /templates/Pixame_v1/images/Bottom_texture.jpg HTTP/1.1" 200 56290 "http://www.wonder-geek.com/templates/Pixame_v1/stylesheet.css" "Mozilla/5.0 (Windows NT 10.0; Win64; x64) AppleWebKit/537.36 (KHTML, like Gecko) Chrome/96.0.4664.45 Safari/537.36"
223.25.58.103 - - [29/Nov/2021:17:58:42 +0100] "GET /images/big_prod/5404006043446.jpg HTTP/1.1" 200 45094 "http://www.wonder-geek.com/unicorn-nightlight-pink-p-55361.html" "Mozilla/5.0 (Windows NT 10.0; Win64; x64) AppleWebKit/537.36 (KHTML, like Gecko) Chrome/96.0.4664.45 Safari/537.36"
223.25.58.103 - - [29/Nov/2021:17:58:42 +0100] "GET /templates/Pixame_v1/images/header-object.png HTTP/1.1" 200 106050 "http://www.wonder-geek.com/templates/Pixame_v1/stylesheet.css" "Mozilla/5.0 (Windows NT 10.0; Win64; x64) AppleWebKit/537.36 (KHTML, like Gecko) Chrome/96.0.4664.45 Safari/537.36"
223.25.58.103 - - [29/Nov/2021:17:58:43 +0100] "GET /templates/Pixame_v1/images/header.png HTTP/1.1" 200 70245 "http://www.wonder-geek.com/templates/Pixame_v1/stylesheet.css" "Mozilla/5.0 (Windows NT 10.0; Win64; x64) AppleWebKit/537.36 (KHTML, like Gecko) Chrome/96.0.4664.45 Safari/537.36"
223.25.58.103 - - [29/Nov/2021:17:58:43 +0100] "GET /templates/Pixame_v1/images/Middle_texture.jpg HTTP/1.1" 200 249620 "http://www.wonder-geek.com/templates/Pixame_v1/stylesheet.css" "Mozilla/5.0 (Windows NT 10.0; Win64; x64) AppleWebKit/537.36 (KHTML, like Gecko) Chrome/96.0.4664.45 Safari/537.36"
223.25.58.103 - - [29/Nov/2021:17:58:43 +0100] "GET /templates/Pixame_v1/images/nav.png HTTP/1.1" 200 1283 "http://www.wonder-geek.com/templates/Pixame_v1/stylesheet.css" "Mozilla/5.0 (Windows NT 10.0; Win64; x64) AppleWebKit/537.36 (KHTML, like Gecko) Chrome/96.0.4664.45 Safari/537.36"
223.25.58.103 - - [29/Nov/2021:17:58:43 +0100] "GET /design/productsenstock.png HTTP/1.1" 200 4743 "http://www.wonder-geek.com/templates/Pixame_v1/stylesheet.css" "Mozilla/5.0 (Windows NT 10.0; Win64; x64) AppleWebKit/537.36 (KHTML, like Gecko) Chrome/96.0.4664.45 Safari/537.36"
223.25.58.103 - - [29/Nov/2021:17:58:43 +0100] "GET /images/big_prod_1/5404006043446d.jpg HTTP/1.1" 200 46867 "http://www.wonder-geek.com/unicorn-nightlight-pink-p-55361.html" "Mozilla/5.0 (Windows NT 10.0; Win64; x64) AppleWebKit/537.36 (KHTML, like Gecko) Chrome/96.0.4664.45 Safari/537.36"
223.25.58.103 - - [29/Nov/2021:17:58:43 +0100] "GET /images/big_prod_2/5404006043446c.jpg HTTP/1.1" 200 42520 "http://www.wonder-geek.com/unicorn-nightlight-pink-p-55361.html" "Mozilla/5.0 (Windows NT 10.0; Win64; x64) AppleWebKit/537.36 (KHTML, like Gecko) Chrome/96.0.4664.45 Safari/537.36"
223.25.58.103 - - [29/Nov/2021:17:58:44 +0100] "GET /images/big_prod_4/5404006043446b.jpg HTTP/1.1" 200 107285 "http://www.wonder-geek.com/unicorn-nightlight-pink-p-55361.html" "Mozilla/5.0 (Windows NT 10.0; Win64; x64) AppleWebKit/537.36 (KHTML, like Gecko) Chrome/96.0.4664.45 Safari/537.36"
223.25.58.103 - - [29/Nov/2021:17:58:44 +0100] "GET /images/big_prod_3/5404006043446e.jpg HTTP/1.1" 200 179755 "http://www.wonder-geek.com/unicorn-nightlight-pink-p-55361.html" "Mozilla/5.0 (Windows NT 10.0; Win64; x64) AppleWebKit/537.36 (KHTML, like Gecko) Chrome/96.0.4664.45 Safari/537.36"
223.25.58.103 - - [29/Nov/2021:17:58:44 +0100] "GET /images/big_prod_5/5404006043446a.jpg HTTP/1.1" 200 99619 "http://www.wonder-geek.com/unicorn-nightlight-pink-p-55361.html" "Mozilla/5.0 (Windows NT 10.0; Win64; x64) AppleWebKit/537.36 (KHTML, like Gecko) Chrome/96.0.4664.45 Safari/537.36"
