52.148.165.160 - - [29/Nov/2021:20:04:06 +0100] "GET /images/3438100349571.jpg HTTP/1.1" 200 22325 "-" "Mozilla/5.0 (Windows NT 10.0; WOW64) AppleWebKit/537.36 (KHTML, like Gecko) Chrome/64.0.3282.186 Safari/537.36"
71.94.200.219 - - [29/Nov/2021:20:04:35 +0100] "GET /highslide/highslide.js HTTP/1.1" 200 42909 "http://www.wonder-geek.com/" "Mozilla/5.0 (iPhone; CPU iPhone OS 13_3_1 like Mac OS X) AppleWebKit/605.1.15 (KHTML, like Gecko) Version/13.0.5 Mobile/15E148 Safari/604.1"
71.94.200.219 - - [29/Nov/2021:20:04:35 +0100] "GET /js/jquery.js HTTP/1.1" 200 54075 "http://www.wonder-geek.com/" "Mozilla/5.0 (iPhone; CPU iPhone OS 13_3_1 like Mac OS X) AppleWebKit/605.1.15 (KHTML, like Gecko) Version/13.0.5 Mobile/15E148 Safari/604.1"
71.94.200.219 - - [29/Nov/2021:20:04:35 +0100] "GET /templates/Pixame_v1/stylesheet.css HTTP/1.1" 200 56057 "http://www.wonder-geek.com/" "Mozilla/5.0 (iPhone; CPU iPhone OS 13_3_1 like Mac OS X) AppleWebKit/605.1.15 (KHTML, like Gecko) Version/13.0.5 Mobile/15E148 Safari/604.1"
71.94.200.219 - - [29/Nov/2021:20:04:35 +0100] "GET /js/jquery.jqzoom.js HTTP/1.1" 200 4761 "http://www.wonder-geek.com/" "Mozilla/5.0 (iPhone; CPU iPhone OS 13_3_1 like Mac OS X) AppleWebKit/605.1.15 (KHTML, like Gecko) Version/13.0.5 Mobile/15E148 Safari/604.1"
71.94.200.219 - - [29/Nov/2021:20:04:35 +0100] "GET /mondial_relay/js/jquery-1.3.2.min.js HTTP/1.1" 200 57254 "http://www.wonder-geek.com/" "Mozilla/5.0 (iPhone; CPU iPhone OS 13_3_1 like Mac OS X) AppleWebKit/605.1.15 (KHTML, like Gecko) Version/13.0.5 Mobile/15E148 Safari/604.1"
71.94.200.219 - - [29/Nov/2021:20:04:35 +0100] "GET /js/jquery.masonry.min.js HTTP/1.1" 200 5392 "http://www.wonder-geek.com/" "Mozilla/5.0 (iPhone; CPU iPhone OS 13_3_1 like Mac OS X) AppleWebKit/605.1.15 (KHTML, like Gecko) Version/13.0.5 Mobile/15E148 Safari/604.1"
71.94.200.219 - - [29/Nov/2021:20:04:35 +0100] "GET /js/modernizr-transitions.js HTTP/1.1" 200 2026 "http://www.wonder-geek.com/" "Mozilla/5.0 (iPhone; CPU iPhone OS 13_3_1 like Mac OS X) AppleWebKit/605.1.15 (KHTML, like Gecko) Version/13.0.5 Mobile/15E148 Safari/604.1"
71.94.200.219 - - [29/Nov/2021:20:04:35 +0100] "GET /templates/Pixame_v1/images/icon_accueil2.png HTTP/1.1" 200 1137 "http://www.wonder-geek.com/" "Mozilla/5.0 (iPhone; CPU iPhone OS 13_3_1 like Mac OS X) AppleWebKit/605.1.15 (KHTML, like Gecko) Version/13.0.5 Mobile/15E148 Safari/604.1"
71.94.200.219 - - [29/Nov/2021:20:04:36 +0100] "GET /images/mini_prod/8433933252901.jpg HTTP/1.1" 200 4189 "http://www.wonder-geek.com/" "Mozilla/5.0 (iPhone; CPU iPhone OS 13_3_1 like Mac OS X) AppleWebKit/605.1.15 (KHTML, like Gecko) Version/13.0.5 Mobile/15E148 Safari/604.1"
71.94.200.219 - - [29/Nov/2021:20:04:36 +0100] "GET /images/mini_prod/542202657430.jpg HTTP/1.1" 200 10266 "http://www.wonder-geek.com/" "Mozilla/5.0 (iPhone; CPU iPhone OS 13_3_1 like Mac OS X) AppleWebKit/605.1.15 (KHTML, like Gecko) Version/13.0.5 Mobile/15E148 Safari/604.1"
71.94.200.219 - - [29/Nov/2021:20:04:36 +0100] "GET /images/mini_prod/8424345302490.jpg HTTP/1.1" 200 2379 "http://www.wonder-geek.com/" "Mozilla/5.0 (iPhone; CPU iPhone OS 13_3_1 like Mac OS X) AppleWebKit/605.1.15 (KHTML, like Gecko) Version/13.0.5 Mobile/15E148 Safari/604.1"
71.94.200.219 - - [29/Nov/2021:20:04:36 +0100] "GET /images/mini_prod/8433933239216.jpg HTTP/1.1" 200 5870 "http://www.wonder-geek.com/" "Mozilla/5.0 (iPhone; CPU iPhone OS 13_3_1 like Mac OS X) AppleWebKit/605.1.15 (KHTML, like Gecko) Version/13.0.5 Mobile/15E148 Safari/604.1"
71.94.200.219 - - [29/Nov/2021:20:04:36 +0100] "GET /images/mini_prod/3700281652789.jpg HTTP/1.1" 200 6735 "http://www.wonder-geek.com/" "Mozilla/5.0 (iPhone; CPU iPhone OS 13_3_1 like Mac OS X) AppleWebKit/605.1.15 (KHTML, like Gecko) Version/13.0.5 Mobile/15E148 Safari/604.1"
71.94.200.219 - - [29/Nov/2021:20:04:36 +0100] "GET /images/mini_prod/4250255840463.jpg HTTP/1.1" 200 4132 "http://www.wonder-geek.com/" "Mozilla/5.0 (iPhone; CPU iPhone OS 13_3_1 like Mac OS X) AppleWebKit/605.1.15 (KHTML, like Gecko) Version/13.0.5 Mobile/15E148 Safari/604.1"
71.94.200.219 - - [29/Nov/2021:20:04:36 +0100] "GET /images/mini_prod/5400924182717.jpg HTTP/1.1" 200 5562 "http://www.wonder-geek.com/" "Mozilla/5.0 (iPhone; CPU iPhone OS 13_3_1 like Mac OS X) AppleWebKit/605.1.15 (KHTML, like Gecko) Version/13.0.5 Mobile/15E148 Safari/604.1"
71.94.200.219 - - [29/Nov/2021:20:04:36 +0100] "GET /images/mini_prod/8433933241714.jpg HTTP/1.1" 200 3626 "http://www.wonder-geek.com/" "Mozilla/5.0 (iPhone; CPU iPhone OS 13_3_1 like Mac OS X) AppleWebKit/605.1.15 (KHTML, like Gecko) Version/13.0.5 Mobile/15E148 Safari/604.1"
71.94.200.219 - - [29/Nov/2021:20:04:36 +0100] "GET /images/mini_prod/3418178596039.jpg HTTP/1.1" 200 7747 "http://www.wonder-geek.com/" "Mozilla/5.0 (iPhone; CPU iPhone OS 13_3_1 like Mac OS X) AppleWebKit/605.1.15 (KHTML, like Gecko) Version/13.0.5 Mobile/15E148 Safari/604.1"
71.94.200.219 - - [29/Nov/2021:20:04:36 +0100] "GET /images/mini_prod/8712159172157.jpg HTTP/1.1" 200 9089 "http://www.wonder-geek.com/" "Mozilla/5.0 (iPhone; CPU iPhone OS 13_3_1 like Mac OS X) AppleWebKit/605.1.15 (KHTML, like Gecko) Version/13.0.5 Mobile/15E148 Safari/604.1"
71.94.200.219 - - [29/Nov/2021:20:04:36 +0100] "GET /images/mini_prod/8433933228616A.jpg HTTP/1.1" 200 8547 "http://www.wonder-geek.com/" "Mozilla/5.0 (iPhone; CPU iPhone OS 13_3_1 like Mac OS X) AppleWebKit/605.1.15 (KHTML, like Gecko) Version/13.0.5 Mobile/15E148 Safari/604.1"
71.94.200.219 - - [29/Nov/2021:20:04:36 +0100] "GET /images/mini_prod/8433933060377.jpg HTTP/1.1" 200 5643 "http://www.wonder-geek.com/" "Mozilla/5.0 (iPhone; CPU iPhone OS 13_3_1 like Mac OS X) AppleWebKit/605.1.15 (KHTML, like Gecko) Version/13.0.5 Mobile/15E148 Safari/604.1"
71.94.200.219 - - [29/Nov/2021:20:04:36 +0100] "GET /images/mini_prod/4012677165469.jpg HTTP/1.1" 200 8332 "http://www.wonder-geek.com/" "Mozilla/5.0 (iPhone; CPU iPhone OS 13_3_1 like Mac OS X) AppleWebKit/605.1.15 (KHTML, like Gecko) Version/13.0.5 Mobile/15E148 Safari/604.1"
71.94.200.219 - - [29/Nov/2021:20:04:36 +0100] "GET /images/mini_prod/8433933208441.jpg HTTP/1.1" 200 6943 "http://www.wonder-geek.com/" "Mozilla/5.0 (iPhone; CPU iPhone OS 13_3_1 like Mac OS X) AppleWebKit/605.1.15 (KHTML, like Gecko) Version/13.0.5 Mobile/15E148 Safari/604.1"
71.94.200.219 - - [29/Nov/2021:20:04:36 +0100] "GET /images/mini_prod/542202657423.jpg HTTP/1.1" 200 4705 "http://www.wonder-geek.com/" "Mozilla/5.0 (iPhone; CPU iPhone OS 13_3_1 like Mac OS X) AppleWebKit/605.1.15 (KHTML, like Gecko) Version/13.0.5 Mobile/15E148 Safari/604.1"
71.94.200.219 - - [29/Nov/2021:20:04:36 +0100] "GET /images/mini_prod/8433933225455.jpg HTTP/1.1" 200 7849 "http://www.wonder-geek.com/" "Mozilla/5.0 (iPhone; CPU iPhone OS 13_3_1 like Mac OS X) AppleWebKit/605.1.15 (KHTML, like Gecko) Version/13.0.5 Mobile/15E148 Safari/604.1"
71.94.200.219 - - [29/Nov/2021:20:04:36 +0100] "GET /images/mini_prod/3700344927243.jpg HTTP/1.1" 200 10498 "http://www.wonder-geek.com/" "Mozilla/5.0 (iPhone; CPU iPhone OS 13_3_1 like Mac OS X) AppleWebKit/605.1.15 (KHTML, like Gecko) Version/13.0.5 Mobile/15E148 Safari/604.1"
71.94.200.219 - - [29/Nov/2021:20:04:37 +0100] "GET /images/mini_prod/3453131159142.jpg HTTP/1.1" 200 10181 "http://www.wonder-geek.com/" "Mozilla/5.0 (iPhone; CPU iPhone OS 13_3_1 like Mac OS X) AppleWebKit/605.1.15 (KHTML, like Gecko) Version/13.0.5 Mobile/15E148 Safari/604.1"
71.94.200.219 - - [29/Nov/2021:20:04:37 +0100] "GET /images/mini_prod/8433933244753.jpg HTTP/1.1" 200 10032 "http://www.wonder-geek.com/" "Mozilla/5.0 (iPhone; CPU iPhone OS 13_3_1 like Mac OS X) AppleWebKit/605.1.15 (KHTML, like Gecko) Version/13.0.5 Mobile/15E148 Safari/604.1"
71.94.200.219 - - [29/Nov/2021:20:04:37 +0100] "GET /images/mini_prod/3665269159721.jpg HTTP/1.1" 200 7474 "http://www.wonder-geek.com/" "Mozilla/5.0 (iPhone; CPU iPhone OS 13_3_1 like Mac OS X) AppleWebKit/605.1.15 (KHTML, like Gecko) Version/13.0.5 Mobile/15E148 Safari/604.1"
71.94.200.219 - - [29/Nov/2021:20:04:37 +0100] "GET /images/mini_prod/8433933251423.jpg HTTP/1.1" 200 6429 "http://www.wonder-geek.com/" "Mozilla/5.0 (iPhone; CPU iPhone OS 13_3_1 like Mac OS X) AppleWebKit/605.1.15 (KHTML, like Gecko) Version/13.0.5 Mobile/15E148 Safari/604.1"
71.94.200.219 - - [29/Nov/2021:20:04:37 +0100] "GET /images/mini_prod/5400924116538B.jpg HTTP/1.1" 200 6319 "http://www.wonder-geek.com/" "Mozilla/5.0 (iPhone; CPU iPhone OS 13_3_1 like Mac OS X) AppleWebKit/605.1.15 (KHTML, like Gecko) Version/13.0.5 Mobile/15E148 Safari/604.1"
71.94.200.219 - - [29/Nov/2021:20:04:37 +0100] "GET /images/mini_prod/3700281653441.jpg HTTP/1.1" 200 4594 "http://www.wonder-geek.com/" "Mozilla/5.0 (iPhone; CPU iPhone OS 13_3_1 like Mac OS X) AppleWebKit/605.1.15 (KHTML, like Gecko) Version/13.0.5 Mobile/15E148 Safari/604.1"
71.94.200.219 - - [29/Nov/2021:20:04:37 +0100] "GET /images/mini_prod/5400924160173.jpg HTTP/1.1" 200 5797 "http://www.wonder-geek.com/" "Mozilla/5.0 (iPhone; CPU iPhone OS 13_3_1 like Mac OS X) AppleWebKit/605.1.15 (KHTML, like Gecko) Version/13.0.5 Mobile/15E148 Safari/604.1"
71.94.200.219 - - [29/Nov/2021:20:04:37 +0100] "GET /images/mini_prod/3520071824604.jpg HTTP/1.1" 200 6591 "http://www.wonder-geek.com/" "Mozilla/5.0 (iPhone; CPU iPhone OS 13_3_1 like Mac OS X) AppleWebKit/605.1.15 (KHTML, like Gecko) Version/13.0.5 Mobile/15E148 Safari/604.1"
71.94.200.219 - - [29/Nov/2021:20:04:37 +0100] "GET /images/mini_prod/3520071808536.jpg HTTP/1.1" 200 4139 "http://www.wonder-geek.com/" "Mozilla/5.0 (iPhone; CPU iPhone OS 13_3_1 like Mac OS X) AppleWebKit/605.1.15 (KHTML, like Gecko) Version/13.0.5 Mobile/15E148 Safari/604.1"
71.94.200.219 - - [29/Nov/2021:20:04:37 +0100] "GET /images/mini_prod/5400924158132.jpg HTTP/1.1" 200 5500 "http://www.wonder-geek.com/" "Mozilla/5.0 (iPhone; CPU iPhone OS 13_3_1 like Mac OS X) AppleWebKit/605.1.15 (KHTML, like Gecko) Version/13.0.5 Mobile/15E148 Safari/604.1"
71.94.200.219 - - [29/Nov/2021:20:04:37 +0100] "GET /images/mini_prod/8424346043859.jpg HTTP/1.1" 200 10202 "http://www.wonder-geek.com/" "Mozilla/5.0 (iPhone; CPU iPhone OS 13_3_1 like Mac OS X) AppleWebKit/605.1.15 (KHTML, like Gecko) Version/13.0.5 Mobile/15E148 Safari/604.1"
71.94.200.219 - - [29/Nov/2021:20:04:37 +0100] "GET /images/mini_prod/8433933252932.jpg HTTP/1.1" 200 5057 "http://www.wonder-geek.com/" "Mozilla/5.0 (iPhone; CPU iPhone OS 13_3_1 like Mac OS X) AppleWebKit/605.1.15 (KHTML, like Gecko) Version/13.0.5 Mobile/15E148 Safari/604.1"
71.94.200.219 - - [29/Nov/2021:20:04:37 +0100] "GET /images/mini_prod/8433933242995.jpg HTTP/1.1" 200 5077 "http://www.wonder-geek.com/" "Mozilla/5.0 (iPhone; CPU iPhone OS 13_3_1 like Mac OS X) AppleWebKit/605.1.15 (KHTML, like Gecko) Version/13.0.5 Mobile/15E148 Safari/604.1"
71.94.200.219 - - [29/Nov/2021:20:04:37 +0100] "GET /images/mini_prod/8433933058459.jpg HTTP/1.1" 200 4956 "http://www.wonder-geek.com/" "Mozilla/5.0 (iPhone; CPU iPhone OS 13_3_1 like Mac OS X) AppleWebKit/605.1.15 (KHTML, like Gecko) Version/13.0.5 Mobile/15E148 Safari/604.1"
71.94.200.219 - - [29/Nov/2021:20:04:37 +0100] "GET /images/mini_prod/4260082937489.jpg HTTP/1.1" 200 8244 "http://www.wonder-geek.com/" "Mozilla/5.0 (iPhone; CPU iPhone OS 13_3_1 like Mac OS X) AppleWebKit/605.1.15 (KHTML, like Gecko) Version/13.0.5 Mobile/15E148 Safari/604.1"
71.94.200.219 - - [29/Nov/2021:20:04:37 +0100] "GET /images/mini_prod/3453131158183.jpg HTTP/1.1" 200 5918 "http://www.wonder-geek.com/" "Mozilla/5.0 (iPhone; CPU iPhone OS 13_3_1 like Mac OS X) AppleWebKit/605.1.15 (KHTML, like Gecko) Version/13.0.5 Mobile/15E148 Safari/604.1"
71.94.200.219 - - [29/Nov/2021:20:04:37 +0100] "GET /images/mini_prod/5400924160296.jpg HTTP/1.1" 200 6120 "http://www.wonder-geek.com/" "Mozilla/5.0 (iPhone; CPU iPhone OS 13_3_1 like Mac OS X) AppleWebKit/605.1.15 (KHTML, like Gecko) Version/13.0.5 Mobile/15E148 Safari/604.1"
71.94.200.219 - - [29/Nov/2021:20:04:38 +0100] "GET /images/mini_prod/8433933246092.jpg HTTP/1.1" 200 3290 "http://www.wonder-geek.com/" "Mozilla/5.0 (iPhone; CPU iPhone OS 13_3_1 like Mac OS X) AppleWebKit/605.1.15 (KHTML, like Gecko) Version/13.0.5 Mobile/15E148 Safari/604.1"
71.94.200.219 - - [29/Nov/2021:20:04:38 +0100] "GET /images/mini_prod/a8717202555284.jpg HTTP/1.1" 200 4135 "http://www.wonder-geek.com/" "Mozilla/5.0 (iPhone; CPU iPhone OS 13_3_1 like Mac OS X) AppleWebKit/605.1.15 (KHTML, like Gecko) Version/13.0.5 Mobile/15E148 Safari/604.1"
71.94.200.219 - - [29/Nov/2021:20:04:38 +0100] "GET /images/mini_prod/5400924182748.jpg HTTP/1.1" 200 5167 "http://www.wonder-geek.com/" "Mozilla/5.0 (iPhone; CPU iPhone OS 13_3_1 like Mac OS X) AppleWebKit/605.1.15 (KHTML, like Gecko) Version/13.0.5 Mobile/15E148 Safari/604.1"
71.94.200.219 - - [29/Nov/2021:20:04:38 +0100] "GET /images/mini_prod/8433933239254.jpg HTTP/1.1" 200 4775 "http://www.wonder-geek.com/" "Mozilla/5.0 (iPhone; CPU iPhone OS 13_3_1 like Mac OS X) AppleWebKit/605.1.15 (KHTML, like Gecko) Version/13.0.5 Mobile/15E148 Safari/604.1"
71.94.200.219 - - [29/Nov/2021:20:04:38 +0100] "GET /images/mini_prod/8433933228609A.jpg HTTP/1.1" 200 8164 "http://www.wonder-geek.com/" "Mozilla/5.0 (iPhone; CPU iPhone OS 13_3_1 like Mac OS X) AppleWebKit/605.1.15 (KHTML, like Gecko) Version/13.0.5 Mobile/15E148 Safari/604.1"
71.94.200.219 - - [29/Nov/2021:20:04:38 +0100] "GET /images/mini_prod/8433933246054.jpg HTTP/1.1" 200 2774 "http://www.wonder-geek.com/" "Mozilla/5.0 (iPhone; CPU iPhone OS 13_3_1 like Mac OS X) AppleWebKit/605.1.15 (KHTML, like Gecko) Version/13.0.5 Mobile/15E148 Safari/604.1"
71.94.200.219 - - [29/Nov/2021:20:04:38 +0100] "GET /images/mini_prod/8712159170238Z.jpg HTTP/1.1" 200 6910 "http://www.wonder-geek.com/" "Mozilla/5.0 (iPhone; CPU iPhone OS 13_3_1 like Mac OS X) AppleWebKit/605.1.15 (KHTML, like Gecko) Version/13.0.5 Mobile/15E148 Safari/604.1"
71.94.200.219 - - [29/Nov/2021:20:04:38 +0100] "GET /images/mini_prod/3665269156676.jpg HTTP/1.1" 200 7415 "http://www.wonder-geek.com/" "Mozilla/5.0 (iPhone; CPU iPhone OS 13_3_1 like Mac OS X) AppleWebKit/605.1.15 (KHTML, like Gecko) Version/13.0.5 Mobile/15E148 Safari/604.1"
71.94.200.219 - - [29/Nov/2021:20:04:38 +0100] "GET /images/mini_prod/8712159171877.jpg HTTP/1.1" 200 8043 "http://www.wonder-geek.com/" "Mozilla/5.0 (iPhone; CPU iPhone OS 13_3_1 like Mac OS X) AppleWebKit/605.1.15 (KHTML, like Gecko) Version/13.0.5 Mobile/15E148 Safari/604.1"
71.94.200.219 - - [29/Nov/2021:20:04:38 +0100] "GET /images/mini_prod/8422015293703.jpg HTTP/1.1" 200 3071 "http://www.wonder-geek.com/" "Mozilla/5.0 (iPhone; CPU iPhone OS 13_3_1 like Mac OS X) AppleWebKit/605.1.15 (KHTML, like Gecko) Version/13.0.5 Mobile/15E148 Safari/604.1"
71.94.200.219 - - [29/Nov/2021:20:04:38 +0100] "GET /images/mini_prod/3701206600106.jpg HTTP/1.1" 200 5525 "http://www.wonder-geek.com/" "Mozilla/5.0 (iPhone; CPU iPhone OS 13_3_1 like Mac OS X) AppleWebKit/605.1.15 (KHTML, like Gecko) Version/13.0.5 Mobile/15E148 Safari/604.1"
71.94.200.219 - - [29/Nov/2021:20:04:38 +0100] "GET /images/mini_prod/8422015293727.jpg HTTP/1.1" 200 5087 "http://www.wonder-geek.com/" "Mozilla/5.0 (iPhone; CPU iPhone OS 13_3_1 like Mac OS X) AppleWebKit/605.1.15 (KHTML, like Gecko) Version/13.0.5 Mobile/15E148 Safari/604.1"
71.94.200.219 - - [29/Nov/2021:20:04:38 +0100] "GET /images/mini_prod/3520071651323B.jpg HTTP/1.1" 200 4997 "http://www.wonder-geek.com/" "Mozilla/5.0 (iPhone; CPU iPhone OS 13_3_1 like Mac OS X) AppleWebKit/605.1.15 (KHTML, like Gecko) Version/13.0.5 Mobile/15E148 Safari/604.1"
71.94.200.219 - - [29/Nov/2021:20:04:38 +0100] "GET /images/mini_prod/8433933243152.jpg HTTP/1.1" 200 8324 "http://www.wonder-geek.com/" "Mozilla/5.0 (iPhone; CPU iPhone OS 13_3_1 like Mac OS X) AppleWebKit/605.1.15 (KHTML, like Gecko) Version/13.0.5 Mobile/15E148 Safari/604.1"
71.94.200.219 - - [29/Nov/2021:20:04:38 +0100] "GET /images/mini_prod/8433933239230.jpg HTTP/1.1" 200 8072 "http://www.wonder-geek.com/" "Mozilla/5.0 (iPhone; CPU iPhone OS 13_3_1 like Mac OS X) AppleWebKit/605.1.15 (KHTML, like Gecko) Version/13.0.5 Mobile/15E148 Safari/604.1"
71.94.200.219 - - [29/Nov/2021:20:04:38 +0100] "GET /images/mini_prod/3453131158251C.jpg HTTP/1.1" 200 4548 "http://www.wonder-geek.com/" "Mozilla/5.0 (iPhone; CPU iPhone OS 13_3_1 like Mac OS X) AppleWebKit/605.1.15 (KHTML, like Gecko) Version/13.0.5 Mobile/15E148 Safari/604.1"
71.94.200.219 - - [29/Nov/2021:20:04:38 +0100] "GET /images/mini_prod/4012677167227.jpg HTTP/1.1" 200 5651 "http://www.wonder-geek.com/" "Mozilla/5.0 (iPhone; CPU iPhone OS 13_3_1 like Mac OS X) AppleWebKit/605.1.15 (KHTML, like Gecko) Version/13.0.5 Mobile/15E148 Safari/604.1"
71.94.200.219 - - [29/Nov/2021:20:04:38 +0100] "GET /images/mini_prod/4260082937441.jpg HTTP/1.1" 200 9154 "http://www.wonder-geek.com/" "Mozilla/5.0 (iPhone; CPU iPhone OS 13_3_1 like Mac OS X) AppleWebKit/605.1.15 (KHTML, like Gecko) Version/13.0.5 Mobile/15E148 Safari/604.1"
71.94.200.219 - - [29/Nov/2021:20:04:38 +0100] "GET /images/mini_prod/542202657492c.jpg HTTP/1.1" 200 7516 "http://www.wonder-geek.com/" "Mozilla/5.0 (iPhone; CPU iPhone OS 13_3_1 like Mac OS X) AppleWebKit/605.1.15 (KHTML, like Gecko) Version/13.0.5 Mobile/15E148 Safari/604.1"
71.94.200.219 - - [29/Nov/2021:20:04:38 +0100] "GET /images/mini_prod/3700516291547.jpg HTTP/1.1" 200 6954 "http://www.wonder-geek.com/" "Mozilla/5.0 (iPhone; CPU iPhone OS 13_3_1 like Mac OS X) AppleWebKit/605.1.15 (KHTML, like Gecko) Version/13.0.5 Mobile/15E148 Safari/604.1"
71.94.200.219 - - [29/Nov/2021:20:04:39 +0100] "GET /images/mini_prod/028399294992.jpg HTTP/1.1" 200 3773 "http://www.wonder-geek.com/" "Mozilla/5.0 (iPhone; CPU iPhone OS 13_3_1 like Mac OS X) AppleWebKit/605.1.15 (KHTML, like Gecko) Version/13.0.5 Mobile/15E148 Safari/604.1"
71.94.200.219 - - [29/Nov/2021:20:04:39 +0100] "GET /images/mini_prod/3660173232324.jpg HTTP/1.1" 200 3920 "http://www.wonder-geek.com/" "Mozilla/5.0 (iPhone; CPU iPhone OS 13_3_1 like Mac OS X) AppleWebKit/605.1.15 (KHTML, like Gecko) Version/13.0.5 Mobile/15E148 Safari/604.1"
71.94.200.219 - - [29/Nov/2021:20:04:39 +0100] "GET /images/mini_prod/4895220303378.jpg HTTP/1.1" 200 4063 "http://www.wonder-geek.com/" "Mozilla/5.0 (iPhone; CPU iPhone OS 13_3_1 like Mac OS X) AppleWebKit/605.1.15 (KHTML, like Gecko) Version/13.0.5 Mobile/15E148 Safari/604.1"
71.94.200.219 - - [29/Nov/2021:20:04:39 +0100] "GET /images/mini_prod/3700572730646.jpg HTTP/1.1" 200 9360 "http://www.wonder-geek.com/" "Mozilla/5.0 (iPhone; CPU iPhone OS 13_3_1 like Mac OS X) AppleWebKit/605.1.15 (KHTML, like Gecko) Version/13.0.5 Mobile/15E148 Safari/604.1"
71.94.200.219 - - [29/Nov/2021:20:04:39 +0100] "GET /images/mini_prod/5400924182724.jpg HTTP/1.1" 200 5562 "http://www.wonder-geek.com/" "Mozilla/5.0 (iPhone; CPU iPhone OS 13_3_1 like Mac OS X) AppleWebKit/605.1.15 (KHTML, like Gecko) Version/13.0.5 Mobile/15E148 Safari/604.1"
71.94.200.219 - - [29/Nov/2021:20:04:39 +0100] "GET /images/mini_prod/8424345302193B.jpg HTTP/1.1" 200 3675 "http://www.wonder-geek.com/" "Mozilla/5.0 (iPhone; CPU iPhone OS 13_3_1 like Mac OS X) AppleWebKit/605.1.15 (KHTML, like Gecko) Version/13.0.5 Mobile/15E148 Safari/604.1"
71.94.200.219 - - [29/Nov/2021:20:04:39 +0100] "GET /images/mini_prod/3453131158176.jpg HTTP/1.1" 200 7639 "http://www.wonder-geek.com/" "Mozilla/5.0 (iPhone; CPU iPhone OS 13_3_1 like Mac OS X) AppleWebKit/605.1.15 (KHTML, like Gecko) Version/13.0.5 Mobile/15E148 Safari/604.1"
71.94.200.219 - - [29/Nov/2021:20:04:39 +0100] "GET /images/mini_prod/8433933243220.jpg HTTP/1.1" 200 7390 "http://www.wonder-geek.com/" "Mozilla/5.0 (iPhone; CPU iPhone OS 13_3_1 like Mac OS X) AppleWebKit/605.1.15 (KHTML, like Gecko) Version/13.0.5 Mobile/15E148 Safari/604.1"
71.94.200.219 - - [29/Nov/2021:20:04:39 +0100] "GET /images/mini_prod/8433933064078.jpg HTTP/1.1" 200 6445 "http://www.wonder-geek.com/" "Mozilla/5.0 (iPhone; CPU iPhone OS 13_3_1 like Mac OS X) AppleWebKit/605.1.15 (KHTML, like Gecko) Version/13.0.5 Mobile/15E148 Safari/604.1"
71.94.200.219 - - [29/Nov/2021:20:04:39 +0100] "GET /images/mini_prod/3520071818153.jpg HTTP/1.1" 200 5795 "http://www.wonder-geek.com/" "Mozilla/5.0 (iPhone; CPU iPhone OS 13_3_1 like Mac OS X) AppleWebKit/605.1.15 (KHTML, like Gecko) Version/13.0.5 Mobile/15E148 Safari/604.1"
71.94.200.219 - - [29/Nov/2021:20:04:39 +0100] "GET /images/mini_prod/3453131158213B.jpg HTTP/1.1" 200 9047 "http://www.wonder-geek.com/" "Mozilla/5.0 (iPhone; CPU iPhone OS 13_3_1 like Mac OS X) AppleWebKit/605.1.15 (KHTML, like Gecko) Version/13.0.5 Mobile/15E148 Safari/604.1"
71.94.200.219 - - [29/Nov/2021:20:04:39 +0100] "GET /templates/Pixame_v1/images/Bottom_texture.jpg HTTP/1.1" 200 46336 "http://www.wonder-geek.com/" "Mozilla/5.0 (iPhone; CPU iPhone OS 13_3_1 like Mac OS X) AppleWebKit/605.1.15 (KHTML, like Gecko) Version/13.0.5 Mobile/15E148 Safari/604.1"
71.94.200.219 - - [29/Nov/2021:20:04:40 +0100] "GET /templates/Pixame_v1/images/Middle_texture.jpg HTTP/1.1" 200 44888 "http://www.wonder-geek.com/" "Mozilla/5.0 (iPhone; CPU iPhone OS 13_3_1 like Mac OS X) AppleWebKit/605.1.15 (KHTML, like Gecko) Version/13.0.5 Mobile/15E148 Safari/604.1"
52.143.89.47 - - [29/Nov/2021:20:05:53 +0100] "GET /images/med_prod/1384010183779.jpg HTTP/1.1" 200 120688 "-" "Mozilla/5.0 (X11; Linux x86_64) AppleWebKit/537.36 (KHTML, like Gecko) Chrome/62.0.3202.62 Safari/537.36"
124.71.153.13 - - [29/Nov/2021:20:06:27 +0100] "GET /images/mini_prod/8003990623473.jpg HTTP/1.1" 200 7056 "-" "Mozilla/5.0 (X11; Ubuntu; Linux x86_64; rv:72.0) Gecko/20100101 Firefox/72.0"
207.46.13.118 - - [29/Nov/2021:20:06:38 +0100] "GET /images/med_prod/1384010183106.jpg HTTP/1.1" 200 131775 "-" "Mozilla/5.0 (compatible; bingbot/2.0; +http://www.bing.com/bingbot.htm)"
52.148.165.217 - - [29/Nov/2021:20:06:40 +0100] "GET /images/big_prod/8433933961377.jpg HTTP/1.1" 200 66904 "-" "Mozilla/5.0 (Windows NT 10.0; WOW64) AppleWebKit/537.36 (KHTML, like Gecko) Chrome/67.0.3396.99 Safari/537.36"
52.148.165.70 - - [29/Nov/2021:20:07:46 +0100] "GET /images/1399984227053.jpg HTTP/1.1" 200 44240 "-" "Mozilla/4.0 (compatible; MSIE 7.0; Windows NT 6.0)"
207.46.13.118 - - [29/Nov/2021:20:08:38 +0100] "GET /images/1399984237168.jpg HTTP/1.1" 200 38018 "-" "Mozilla/5.0 (compatible; bingbot/2.0; +http://www.bing.com/bingbot.htm)"
40.77.167.66 - - [29/Nov/2021:20:10:03 +0100] "GET /images/5010065039780.jpg HTTP/1.1" 200 41740 "-" "Mozilla/5.0 (compatible; bingbot/2.0; +http://www.bing.com/bingbot.htm)"
157.55.39.108 - - [29/Nov/2021:20:11:01 +0100] "GET /images/big_prod_2/8445148004206C.jpg HTTP/1.1" 200 372854 "-" "Mozilla/5.0 (compatible; bingbot/2.0; +http://www.bing.com/bingbot.htm)"
52.156.93.69 - - [29/Nov/2021:20:11:42 +0100] "GET /images/big_prod/4036113102849.jpg HTTP/1.1" 200 106265 "-" "Mozilla/5.0 (X11; Linux x86_64) AppleWebKit/537.36 (KHTML, like Gecko) Chrome/62.0.3202.62 Safari/537.36"
165.154.72.231 - - [29/Nov/2021:20:12:17 +0100] "GET /images/mini_prod/3661443279193.jpg HTTP/1.1" 200 5896 "-" "Mozilla/5.0 (X11; Ubuntu; Linux x86_64; rv:72.0) Gecko/20100101 Firefox/72.0"
52.143.76.254 - - [29/Nov/2021:20:12:22 +0100] "GET /images/big_prod_2/8422111515952C.jpg HTTP/1.1" 200 209017 "-" "Mozilla/5.0 (Windows NT 10.0; WOW64) AppleWebKit/537.36 (KHTML, like Gecko) Chrome/67.0.3396.99 Safari/537.36"
157.55.39.108 - - [29/Nov/2021:20:15:30 +0100] "GET /images/med_prod/5012128424021.jpg HTTP/1.1" 200 179111 "-" "Mozilla/5.0 (compatible; bingbot/2.0; +http://www.bing.com/bingbot.htm)"
77.75.79.17 - - [29/Nov/2021:20:17:57 +0100] "GET /robots.txt HTTP/1.1" 200 2438 "-" "Mozilla/5.0 (compatible; SeznamBot/3.2; +http://napoveda.seznam.cz/en/seznambot-intro/)"
20.80.156.107 - - [29/Nov/2021:20:19:55 +0100] "GET /images/big_prod_1/3453131154536DC.jpg HTTP/1.1" 200 259001 "-" "Mozilla/5.0 (Windows NT 10.0; ) Gecko/20100101 Firefox/61.0"
52.143.90.141 - - [29/Nov/2021:20:19:55 +0100] "GET /images/big_prod/1384010203149.jpg HTTP/1.1" 200 90422 "-" "Mozilla/5.0 (Windows NT 10.0; WOW64) AppleWebKit/537.36 (KHTML, like Gecko) Chrome/67.0.3396.99 Safari/537.36"
207.46.13.202 - - [29/Nov/2021:20:21:03 +0100] "GET /images/big_prod_1/8718375752562a.jpg HTTP/1.1" 200 117857 "-" "Mozilla/5.0 (compatible; bingbot/2.0; +http://www.bing.com/bingbot.htm)"
52.143.90.141 - - [29/Nov/2021:20:22:56 +0100] "GET /images/big_prod/3014627950911.jpg HTTP/1.1" 200 111349 "-" "Mozilla/5.0 (Macintosh; U; PPC Mac OS X 10.5; en-US; rv:1.9.2.15) Gecko/20110303 Firefox/3.6.15"
66.249.88.94 - - [29/Nov/2021:20:23:44 +0100] "GET /images/big_prod_1/b8435333807804.jpg HTTP/1.1" 200 86824 "-" "Mozilla/5.0 (Windows NT 5.1; rv:11.0) Gecko Firefox/11.0 (via ggpht.com GoogleImageProxy)"
52.156.93.80 - - [29/Nov/2021:20:25:34 +0100] "GET /images/big_prod/8719075391426.jpg HTTP/1.1" 200 45434 "-" "Mozilla/5.0 (Windows NT 10.0; WOW64) AppleWebKit/537.36 (KHTML, like Gecko) Chrome/64.0.3282.186 Safari/537.36"
124.71.153.13 - - [29/Nov/2021:20:27:11 +0100] "GET /images/mini_prod/1399984241813.jpg HTTP/1.1" 200 6456 "-" "Mozilla/5.0 (X11; Ubuntu; Linux x86_64; rv:72.0) Gecko/20100101 Firefox/72.0"
207.46.13.202 - - [29/Nov/2021:20:27:14 +0100] "GET /images/big_prod/4036113830780.jpg HTTP/1.1" 200 119693 "-" "Mozilla/5.0 (compatible; bingbot/2.0; +http://www.bing.com/bingbot.htm)"
52.156.93.152 - - [29/Nov/2021:20:27:22 +0100] "GET /images/big_prod_1/2791693067392B.jpg HTTP/1.1" 200 109377 "-" "Mozilla/5.0 (Windows NT 6.1; WOW64) AppleWebKit/537.36 (KHTML, like Gecko) Chrome/45.0.2454.101 Safari/537.36"
157.55.39.228 - - [29/Nov/2021:20:27:42 +0100] "GET /images/big_prod/1328399219261.jpg HTTP/1.1" 200 117680 "-" "Mozilla/5.0 (compatible; bingbot/2.0; +http://www.bing.com/bingbot.htm)"
66.249.75.166 - - [29/Nov/2021:20:28:16 +0100] "GET /images/med_prod/1384010184288.jpg HTTP/1.1" 200 105765 "-" "Googlebot-Image/1.0"
76.77.121.236 - - [29/Nov/2021:20:29:27 +0100] "GET /js/jquery.jqzoom.js HTTP/1.1" 200 4761 "http://www.wonder-geek.com/frozen-elsa-anna-jewelry-p-37026.html" "Mozilla/5.0 (Windows NT 10.0; Win64; x64) AppleWebKit/537.36 (KHTML, like Gecko) Chrome/96.0.4664.45 Safari/537.36"
76.77.121.236 - - [29/Nov/2021:20:29:27 +0100] "GET /highslide/highslide.js HTTP/1.1" 200 42909 "http://www.wonder-geek.com/frozen-elsa-anna-jewelry-p-37026.html" "Mozilla/5.0 (Windows NT 10.0; Win64; x64) AppleWebKit/537.36 (KHTML, like Gecko) Chrome/96.0.4664.45 Safari/537.36"
76.77.121.236 - - [29/Nov/2021:20:29:28 +0100] "GET /templates/Pixame_v1/stylesheet.css HTTP/1.1" 200 56057 "http://www.wonder-geek.com/frozen-elsa-anna-jewelry-p-37026.html" "Mozilla/5.0 (Windows NT 10.0; Win64; x64) AppleWebKit/537.36 (KHTML, like Gecko) Chrome/96.0.4664.45 Safari/537.36"
76.77.121.236 - - [29/Nov/2021:20:29:28 +0100] "GET /mondial_relay/js/jquery-1.3.2.min.js HTTP/1.1" 200 57254 "http://www.wonder-geek.com/frozen-elsa-anna-jewelry-p-37026.html" "Mozilla/5.0 (Windows NT 10.0; Win64; x64) AppleWebKit/537.36 (KHTML, like Gecko) Chrome/96.0.4664.45 Safari/537.36"
76.77.121.236 - - [29/Nov/2021:20:29:28 +0100] "GET /js/jquery.js HTTP/1.1" 200 54075 "http://www.wonder-geek.com/frozen-elsa-anna-jewelry-p-37026.html" "Mozilla/5.0 (Windows NT 10.0; Win64; x64) AppleWebKit/537.36 (KHTML, like Gecko) Chrome/96.0.4664.45 Safari/537.36"
76.77.121.236 - - [29/Nov/2021:20:29:28 +0100] "GET /templates/Pixame_v1/images/icon_accueil2.png HTTP/1.1" 200 1137 "http://www.wonder-geek.com/frozen-elsa-anna-jewelry-p-37026.html" "Mozilla/5.0 (Windows NT 10.0; Win64; x64) AppleWebKit/537.36 (KHTML, like Gecko) Chrome/96.0.4664.45 Safari/537.36"
76.77.121.236 - - [29/Nov/2021:20:29:28 +0100] "GET /templates/Pixame_v1/images/nav.png HTTP/1.1" 200 1283 "http://www.wonder-geek.com/templates/Pixame_v1/stylesheet.css" "Mozilla/5.0 (Windows NT 10.0; Win64; x64) AppleWebKit/537.36 (KHTML, like Gecko) Chrome/96.0.4664.45 Safari/537.36"
76.77.121.236 - - [29/Nov/2021:20:29:28 +0100] "GET /templates/Pixame_v1/images/header.png HTTP/1.1" 200 70245 "http://www.wonder-geek.com/templates/Pixame_v1/stylesheet.css" "Mozilla/5.0 (Windows NT 10.0; Win64; x64) AppleWebKit/537.36 (KHTML, like Gecko) Chrome/96.0.4664.45 Safari/537.36"
76.77.121.236 - - [29/Nov/2021:20:29:28 +0100] "GET /templates/Pixame_v1/images/Bottom_texture.jpg HTTP/1.1" 200 56290 "http://www.wonder-geek.com/templates/Pixame_v1/stylesheet.css" "Mozilla/5.0 (Windows NT 10.0; Win64; x64) AppleWebKit/537.36 (KHTML, like Gecko) Chrome/96.0.4664.45 Safari/537.36"
76.77.121.236 - - [29/Nov/2021:20:29:28 +0100] "GET /design/productsenstock.png HTTP/1.1" 200 4743 "http://www.wonder-geek.com/templates/Pixame_v1/stylesheet.css" "Mozilla/5.0 (Windows NT 10.0; Win64; x64) AppleWebKit/537.36 (KHTML, like Gecko) Chrome/96.0.4664.45 Safari/537.36"
76.77.121.236 - - [29/Nov/2021:20:29:28 +0100] "GET /templates/Pixame_v1/images/header-object.png HTTP/1.1" 200 106050 "http://www.wonder-geek.com/templates/Pixame_v1/stylesheet.css" "Mozilla/5.0 (Windows NT 10.0; Win64; x64) AppleWebKit/537.36 (KHTML, like Gecko) Chrome/96.0.4664.45 Safari/537.36"
76.77.121.236 - - [29/Nov/2021:20:29:28 +0100] "GET /templates/Pixame_v1/images/buttons/english/button_in_cart.gif HTTP/1.1" 200 1212 "http://www.wonder-geek.com/frozen-elsa-anna-jewelry-p-37026.html" "Mozilla/5.0 (Windows NT 10.0; Win64; x64) AppleWebKit/537.36 (KHTML, like Gecko) Chrome/96.0.4664.45 Safari/537.36"
76.77.121.236 - - [29/Nov/2021:20:29:29 +0100] "GET /images/big_prod/8435333821862.jpg HTTP/1.1" 200 123496 "http://www.wonder-geek.com/frozen-elsa-anna-jewelry-p-37026.html" "Mozilla/5.0 (Windows NT 10.0; Win64; x64) AppleWebKit/537.36 (KHTML, like Gecko) Chrome/96.0.4664.45 Safari/537.36"
76.77.121.236 - - [29/Nov/2021:20:29:29 +0100] "GET /templates/Pixame_v1/images/Middle_texture.jpg HTTP/1.1" 200 206784 "http://www.wonder-geek.com/templates/Pixame_v1/stylesheet.css" "Mozilla/5.0 (Windows NT 10.0; Win64; x64) AppleWebKit/537.36 (KHTML, like Gecko) Chrome/96.0.4664.45 Safari/537.36"
76.77.121.236 - - [29/Nov/2021:20:29:29 +0100] "GET /images/big_prod_1/b8435333821862.jpg HTTP/1.1" 200 67492 "http://www.wonder-geek.com/frozen-elsa-anna-jewelry-p-37026.html" "Mozilla/5.0 (Windows NT 10.0; Win64; x64) AppleWebKit/537.36 (KHTML, like Gecko) Chrome/96.0.4664.45 Safari/537.36"
66.249.75.170 - - [29/Nov/2021:20:29:56 +0100] "GET /js/jquery.masonry.min.js HTTP/1.1" 200 5392 "http://www.wonder-geek.com/-m-11.html?page=3" "Mozilla/5.0 (Linux; Android 6.0.1; Nexus 5X Build/MMB29P) AppleWebKit/537.36 (KHTML, like Gecko) Chrome/95.0.4638.69 Mobile Safari/537.36 (compatible; Googlebot/2.1; +http://www.google.com/bot.html)"
20.80.156.160 - - [29/Nov/2021:20:31:45 +0100] "GET /images/3760194750842.jpg HTTP/1.1" 200 37385 "-" "Mozilla/5.0 (Windows NT 10.0; WOW64) AppleWebKit/537.36 (KHTML, like Gecko) Chrome/68.0.3440.106 Safari/537.36"
207.46.13.202 - - [29/Nov/2021:20:32:54 +0100] "GET /images/big_prod_1/8422669354003B.jpg HTTP/1.1" 200 125392 "-" "Mozilla/5.0 (compatible; bingbot/2.0; +http://www.bing.com/bingbot.htm)"
157.55.39.108 - - [29/Nov/2021:20:33:32 +0100] "GET /images/big_prod_1/wunzees.jpg HTTP/1.1" 200 230201 "-" "Mozilla/5.0 (compatible; bingbot/2.0; +http://www.bing.com/bingbot.htm)"
66.249.75.168 - - [29/Nov/2021:20:33:43 +0100] "GET /images/mini_prod/9316188086745.jpg HTTP/1.1" 200 3821 "-" "Googlebot-Image/1.0"
66.249.75.168 - - [29/Nov/2021:20:33:43 +0100] "GET /robots.txt HTTP/1.1" 200 2438 "-" "Mozilla/5.0 (compatible; Googlebot/2.1; +http://www.google.com/bot.html)"
165.154.72.231 - - [29/Nov/2021:20:34:31 +0100] "GET /images/mini_prod/8003990631829.jpg HTTP/1.1" 200 8433 "-" "Mozilla/5.0 (X11; Ubuntu; Linux x86_64; rv:72.0) Gecko/20100101 Firefox/72.0"
20.80.156.160 - - [29/Nov/2021:20:34:49 +0100] "GET /images/big_prod/1384010203422.jpg HTTP/1.1" 200 39648 "-" "Mozilla/5.0 (Windows NT 10.0; WOW64) AppleWebKit/537.36 (KHTML, like Gecko) Chrome/68.0.3440.106 Safari/537.36"
157.55.39.228 - - [29/Nov/2021:20:35:53 +0100] "GET /images/4895029694615.jpg HTTP/1.1" 200 39504 "-" "Mozilla/5.0 (compatible; bingbot/2.0; +http://www.bing.com/bingbot.htm)"
157.55.39.108 - - [29/Nov/2021:20:37:52 +0100] "GET /images/DSCN8015.jpg HTTP/1.1" 200 44890 "-" "Mozilla/5.0 (compatible; bingbot/2.0; +http://www.bing.com/bingbot.htm)"
103.131.71.59 - - [29/Nov/2021:20:38:13 +0100] "GET /robots.txt HTTP/1.1" 200 2438 "-" "Mozilla/5.0 (compatible; coccocbot-web/1.0; +http://help.coccoc.com/searchengine)"
157.55.39.228 - - [29/Nov/2021:20:38:14 +0100] "GET /images/big_prod/3503420100871.jpg HTTP/1.1" 200 97255 "-" "Mozilla/5.0 (compatible; bingbot/2.0; +http://www.bing.com/bingbot.htm)"
47.254.22.110 - - [29/Nov/2021:20:38:58 +0100] "GET /images/mini_prod/3760116310321.jpg HTTP/1.1" 200 10103 "-" "Mozilla/5.0 (X11; Ubuntu; Linux x86_64; rv:72.0) Gecko/20100101 Firefox/72.0"
52.148.165.70 - - [29/Nov/2021:20:39:43 +0100] "GET /images/big_prod_2/2791693067392C.jpg HTTP/1.1" 200 91695 "-" "Mozilla/5.0 (Windows NT 6.1; WOW64) AppleWebKit/537.36 (KHTML, like Gecko) Chrome/45.0.2454.101 Safari/537.36"
157.55.39.223 - - [29/Nov/2021:20:40:03 +0100] "GET /images/big_prod/3770014725042.jpg HTTP/1.1" 200 132848 "-" "Mozilla/5.0 (compatible; bingbot/2.0; +http://www.bing.com/bingbot.htm)"
185.191.171.10 - - [29/Nov/2021:20:40:15 +0100] "GET /robots.txt HTTP/1.1" 200 2438 "-" "Mozilla/5.0 (compatible; SemrushBot/7~bl; +http://www.semrush.com/bot.html)"
52.148.165.152 - - [29/Nov/2021:20:40:19 +0100] "GET /images/donaldpouce.jpg HTTP/1.1" 200 18633 "-" "Mozilla/5.0 (Windows NT 10.0; WOW64) AppleWebKit/537.36 (KHTML, like Gecko) Chrome/67.0.3396.99 Safari/537.36"
52.143.90.141 - - [29/Nov/2021:20:40:23 +0100] "GET /images/big_prod/3609810070752.jpg HTTP/1.1" 200 140196 "-" "Mozilla/5.0 (Windows NT 10.0; WOW64) AppleWebKit/537.36 (KHTML, like Gecko) Chrome/67.0.3396.99 Safari/537.36"
157.55.39.228 - - [29/Nov/2021:20:40:34 +0100] "GET /images/med_prod/9316188016254.jpg HTTP/1.1" 200 108715 "-" "Mozilla/5.0 (compatible; bingbot/2.0; +http://www.bing.com/bingbot.htm)"
52.148.165.70 - - [29/Nov/2021:20:40:54 +0100] "GET /images/DSCN4025n.jpg HTTP/1.1" 200 26476 "-" "Mozilla/4.0 (compatible; MSIE 7.0; Windows NT 6.0)"
54.36.149.56 - - [29/Nov/2021:20:40:59 +0100] "GET /images/big_prod/3520071753836.jpg HTTP/1.1" 200 75311 "-" "Mozilla/5.0 (compatible; AhrefsBot/7.0; +http://ahrefs.com/robot/)"
157.55.39.223 - - [29/Nov/2021:20:41:13 +0100] "GET /images/1399984280126.jpg HTTP/1.1" 200 114963 "-" "Mozilla/5.0 (compatible; bingbot/2.0; +http://www.bing.com/bingbot.htm)"
74.125.210.50 - - [29/Nov/2021:20:44:00 +0100] "GET /images/big_prod/4029811451272.jpg HTTP/1.1" 200 190462 "-" "Mozilla/5.0 (Windows NT 5.1; rv:11.0) Gecko Firefox/11.0 (via ggpht.com GoogleImageProxy)"
216.244.66.242 - - [29/Nov/2021:20:44:08 +0100] "GET /robots.txt HTTP/1.1" 200 2438 "-" "Mozilla/5.0 (compatible; DotBot/1.2; +https://opensiteexplorer.org/dotbot; help@moz.com)"
52.148.165.160 - - [29/Nov/2021:20:44:37 +0100] "GET /images/1308421750146.jpg HTTP/1.1" 200 71329 "-" "Mozilla/5.0 (Macintosh; U; PPC Mac OS X 10.5; en-US; rv:1.9.2.15) Gecko/20110303 Firefox/3.6.15"
120.92.83.223 - - [29/Nov/2021:20:44:55 +0100] "GET /images/mini_prod/MISES-EN-SITUATION-07.jpg HTTP/1.1" 200 6884 "-" "Mozilla/5.0 (Macintosh; U; Intel Mac OS X 10_6_0; en-US) AppleWebKit/532.0 (KHTML, like Gecko) Chrome/4.0.203.0 Safari/532.0"
52.143.90.141 - - [29/Nov/2021:20:47:43 +0100] "GET /images/big_prod/8433220156653.jpg HTTP/1.1" 200 120923 "-" "Mozilla/5.0 (Windows NT 6.1; WOW64) AppleWebKit/537.36 (KHTML, like Gecko) Chrome/45.0.2454.101 Safari/537.36"
74.125.209.50 - - [29/Nov/2021:20:48:19 +0100] "GET /images/big_prod/067103137149.jpg HTTP/1.1" 200 82854 "-" "Mozilla/5.0 (Windows NT 5.1; rv:11.0) Gecko Firefox/11.0 (via ggpht.com GoogleImageProxy)"
66.249.93.253 - - [29/Nov/2021:20:50:10 +0100] "GET /images/9316188038751.jpg HTTP/1.1" 200 69800 "-" "Mozilla/5.0 (Windows NT 5.1; rv:11.0) Gecko Firefox/11.0 (via ggpht.com GoogleImageProxy)"
51.143.63.203 - - [29/Nov/2021:20:50:43 +0100] "GET /images/8028501693547.jpg HTTP/1.1" 200 33855 "-" "Mozilla/5.0 (Windows NT 10.0; ) Gecko/20100101 Firefox/61.0"
40.77.167.66 - - [29/Nov/2021:20:50:47 +0100] "GET /images/mini_prod/3503420086366.jpg HTTP/1.1" 200 5107 "-" "Mozilla/5.0 (compatible; bingbot/2.0; +http://www.bing.com/bingbot.htm)"
54.36.148.206 - - [29/Nov/2021:20:51:53 +0100] "GET /images/big_prod_1/3520071753836a.jpg HTTP/1.1" 200 84053 "-" "Mozilla/5.0 (compatible; AhrefsBot/7.0; +http://ahrefs.com/robot/)"
216.244.66.242 - - [29/Nov/2021:20:52:10 +0100] "GET /images/8435306259579.jpg HTTP/1.1" 200 92515 "-" "Mozilla/5.0 (compatible; DotBot/1.2; +https://opensiteexplorer.org/dotbot; help@moz.com)"
207.46.13.118 - - [29/Nov/2021:20:53:13 +0100] "GET /images/big_prod/1384010189801.jpg HTTP/1.1" 200 97901 "-" "Mozilla/5.0 (compatible; bingbot/2.0; +http://www.bing.com/bingbot.htm)"
40.77.167.66 - - [29/Nov/2021:20:53:47 +0100] "GET /images/big_prod/1341689712303.jpg HTTP/1.1" 200 87228 "-" "Mozilla/5.0 (compatible; bingbot/2.0; +http://www.bing.com/bingbot.htm)"
207.46.13.202 - - [29/Nov/2021:20:54:06 +0100] "GET /images/7316192377169.jpg HTTP/1.1" 200 60420 "-" "Mozilla/5.0 (compatible; bingbot/2.0; +http://www.bing.com/bingbot.htm)"
20.80.156.141 - - [29/Nov/2021:20:59:55 +0100] "GET /images/b4010070225216.jpg HTTP/1.1" 200 101177 "-" "Mozilla/5.0 (Macintosh; U; PPC Mac OS X 10.5; en-US; rv:1.9.2.15) Gecko/20110303 Firefox/3.6.15"
52.148.165.217 - - [29/Nov/2021:21:00:27 +0100] "GET /images/big_prod/8433331671342.jpg HTTP/1.1" 200 123167 "-" "Mozilla/4.0 (compatible; MSIE 7.0; Windows NT 6.0)"
40.77.167.66 - - [29/Nov/2021:21:02:28 +0100] "GET /images/4007176129333.jpg HTTP/1.1" 200 64290 "-" "Mozilla/5.0 (compatible; bingbot/2.0; +http://www.bing.com/bingbot.htm)"
129.206.106.110 - - [29/Nov/2021:21:02:53 +0100] "GET /images/mini_prod/b8012052011455.jpg HTTP/1.1" 200 7581 "-" "Mozilla/5.0 (X11; Ubuntu; Linux x86_64; rv:72.0) Gecko/20100101 Firefox/72.0"
20.80.156.141 - - [29/Nov/2021:21:03:59 +0100] "GET /images/big_prod/4029811317080.jpg HTTP/1.1" 200 63944 "-" "Mozilla/5.0 (Windows NT 10.0; WOW64) AppleWebKit/537.36 (KHTML, like Gecko) Chrome/67.0.3396.99 Safari/537.36"
208.96.77.206 - - [29/Nov/2021:21:05:30 +0100] "GET /templates/Pixame_v1/stylesheet.css HTTP/1.1" 200 56057 "http://www.wonder-geek.com/-p-38835.html" "Mozilla/5.0 (Windows NT 10.0; Win64; x64) AppleWebKit/537.36 (KHTML, like Gecko) Chrome/96.0.4664.55 Safari/537.36 Edg/96.0.1054.34"
208.96.77.206 - - [29/Nov/2021:21:05:30 +0100] "GET /js/jquery.jqzoom.js HTTP/1.1" 200 4761 "http://www.wonder-geek.com/-p-38835.html" "Mozilla/5.0 (Windows NT 10.0; Win64; x64) AppleWebKit/537.36 (KHTML, like Gecko) Chrome/96.0.4664.55 Safari/537.36 Edg/96.0.1054.34"
208.96.77.206 - - [29/Nov/2021:21:05:30 +0100] "GET /highslide/highslide.js HTTP/1.1" 200 42909 "http://www.wonder-geek.com/-p-38835.html" "Mozilla/5.0 (Windows NT 10.0; Win64; x64) AppleWebKit/537.36 (KHTML, like Gecko) Chrome/96.0.4664.55 Safari/537.36 Edg/96.0.1054.34"
208.96.77.206 - - [29/Nov/2021:21:05:30 +0100] "GET /js/jquery.js HTTP/1.1" 200 54075 "http://www.wonder-geek.com/-p-38835.html" "Mozilla/5.0 (Windows NT 10.0; Win64; x64) AppleWebKit/537.36 (KHTML, like Gecko) Chrome/96.0.4664.55 Safari/537.36 Edg/96.0.1054.34"
208.96.77.206 - - [29/Nov/2021:21:05:30 +0100] "GET /mondial_relay/js/jquery-1.3.2.min.js HTTP/1.1" 200 57254 "http://www.wonder-geek.com/-p-38835.html" "Mozilla/5.0 (Windows NT 10.0; Win64; x64) AppleWebKit/537.36 (KHTML, like Gecko) Chrome/96.0.4664.55 Safari/537.36 Edg/96.0.1054.34"
208.96.77.206 - - [29/Nov/2021:21:05:31 +0100] "GET /templates/Pixame_v1/images/icon_accueil2.png HTTP/1.1" 200 1137 "http://www.wonder-geek.com/-p-38835.html" "Mozilla/5.0 (Windows NT 10.0; Win64; x64) AppleWebKit/537.36 (KHTML, like Gecko) Chrome/96.0.4664.55 Safari/537.36 Edg/96.0.1054.34"
208.96.77.206 - - [29/Nov/2021:21:05:31 +0100] "GET /templates/Pixame_v1/images/Bottom_texture.jpg HTTP/1.1" 200 56290 "http://www.wonder-geek.com/templates/Pixame_v1/stylesheet.css" "Mozilla/5.0 (Windows NT 10.0; Win64; x64) AppleWebKit/537.36 (KHTML, like Gecko) Chrome/96.0.4664.55 Safari/537.36 Edg/96.0.1054.34"
208.96.77.206 - - [29/Nov/2021:21:05:31 +0100] "GET /templates/Pixame_v1/images/nav.png HTTP/1.1" 200 1283 "http://www.wonder-geek.com/templates/Pixame_v1/stylesheet.css" "Mozilla/5.0 (Windows NT 10.0; Win64; x64) AppleWebKit/537.36 (KHTML, like Gecko) Chrome/96.0.4664.55 Safari/537.36 Edg/96.0.1054.34"
208.96.77.206 - - [29/Nov/2021:21:05:31 +0100] "GET /design/productsenstock.png HTTP/1.1" 200 4743 "http://www.wonder-geek.com/templates/Pixame_v1/stylesheet.css" "Mozilla/5.0 (Windows NT 10.0; Win64; x64) AppleWebKit/537.36 (KHTML, like Gecko) Chrome/96.0.4664.55 Safari/537.36 Edg/96.0.1054.34"
208.96.77.206 - - [29/Nov/2021:21:05:31 +0100] "GET /templates/Pixame_v1/images/header.png HTTP/1.1" 200 70245 "http://www.wonder-geek.com/templates/Pixame_v1/stylesheet.css" "Mozilla/5.0 (Windows NT 10.0; Win64; x64) AppleWebKit/537.36 (KHTML, like Gecko) Chrome/96.0.4664.55 Safari/537.36 Edg/96.0.1054.34"
208.96.77.206 - - [29/Nov/2021:21:05:31 +0100] "GET /templates/Pixame_v1/images/header-object.png HTTP/1.1" 200 106050 "http://www.wonder-geek.com/templates/Pixame_v1/stylesheet.css" "Mozilla/5.0 (Windows NT 10.0; Win64; x64) AppleWebKit/537.36 (KHTML, like Gecko) Chrome/96.0.4664.55 Safari/537.36 Edg/96.0.1054.34"
208.96.77.206 - - [29/Nov/2021:21:05:31 +0100] "GET /templates/Pixame_v1/images/Middle_texture.jpg HTTP/1.1" 200 249620 "http://www.wonder-geek.com/templates/Pixame_v1/stylesheet.css" "Mozilla/5.0 (Windows NT 10.0; Win64; x64) AppleWebKit/537.36 (KHTML, like Gecko) Chrome/96.0.4664.55 Safari/537.36 Edg/96.0.1054.34"
208.96.77.206 - - [29/Nov/2021:21:05:32 +0100] "GET /highslide/graphics/outlines/drop-shadow.png HTTP/1.1" 200 2022 "http://www.wonder-geek.com/-p-38835.html" "Mozilla/5.0 (Windows NT 10.0; Win64; x64) AppleWebKit/537.36 (KHTML, like Gecko) Chrome/96.0.4664.55 Safari/537.36 Edg/96.0.1054.34"
208.96.77.206 - - [29/Nov/2021:21:05:32 +0100] "GET /favicon.ico HTTP/1.1" 200 1591 "http://www.wonder-geek.com/-p-38835.html" "Mozilla/5.0 (Windows NT 10.0; Win64; x64) AppleWebKit/537.36 (KHTML, like Gecko) Chrome/96.0.4664.55 Safari/537.36 Edg/96.0.1054.34"
3.96.129.251 - - [29/Nov/2021:21:06:19 +0100] "GET /images/med_prod/3609810033863.jpg HTTP/1.1" 200 68324 "-" "willnorris/imageproxy"
207.46.13.202 - - [29/Nov/2021:21:07:56 +0100] "GET /images/8003990628133.jpg HTTP/1.1" 200 41035 "-" "Mozilla/5.0 (compatible; bingbot/2.0; +http://www.bing.com/bingbot.htm)"
129.206.106.110 - - [29/Nov/2021:21:09:21 +0100] "GET /images/mini_prod/5050293803197.jpg HTTP/1.1" 200 9360 "-" "Mozilla/5.0 (X11; Ubuntu; Linux x86_64; rv:72.0) Gecko/20100101 Firefox/72.0"
129.206.106.110 - - [29/Nov/2021:21:10:04 +0100] "GET /images/mini_prod/8430957052104.jpg HTTP/1.1" 200 7397 "-" "Mozilla/5.0 (X11; Ubuntu; Linux x86_64; rv:72.0) Gecko/20100101 Firefox/72.0"
20.80.156.160 - - [29/Nov/2021:21:14:07 +0100] "GET /images/32816402472921.jpg HTTP/1.1" 200 50495 "-" "Mozilla/5.0 (Windows NT 6.1; WOW64) AppleWebKit/537.36 (KHTML, like Gecko) Chrome/45.0.2454.101 Safari/537.36"
165.154.72.231 - - [29/Nov/2021:21:15:24 +0100] "GET /images/mini_prod/8435333853276.jpg HTTP/1.1" 200 10332 "-" "Mozilla/5.0 (X11; Ubuntu; Linux x86_64; rv:72.0) Gecko/20100101 Firefox/72.0"
207.46.13.118 - - [29/Nov/2021:21:17:35 +0100] "GET /images/4007176125175.jpg HTTP/1.1" 200 17435 "-" "Mozilla/5.0 (compatible; bingbot/2.0; +http://www.bing.com/bingbot.htm)"
165.154.72.231 - - [29/Nov/2021:21:19:37 +0100] "GET /images/mini_prod/3660173143606.jpg HTTP/1.1" 200 6498 "-" "Mozilla/5.0 (X11; Ubuntu; Linux x86_64; rv:72.0) Gecko/20100101 Firefox/72.0"
66.249.75.168 - - [29/Nov/2021:21:19:41 +0100] "GET /images/big_prod/4029811352753.jpg HTTP/1.1" 200 49662 "-" "Googlebot-Image/1.0"
40.77.167.66 - - [29/Nov/2021:21:19:50 +0100] "GET /images/5013138635872.jpg HTTP/1.1" 200 28312 "-" "Mozilla/5.0 (compatible; bingbot/2.0; +http://www.bing.com/bingbot.htm)"
157.55.39.223 - - [29/Nov/2021:21:20:39 +0100] "GET /images/med_prod/1384010177075.jpg HTTP/1.1" 200 59141 "-" "Mozilla/5.0 (compatible; bingbot/2.0; +http://www.bing.com/bingbot.htm)"
20.80.156.107 - - [29/Nov/2021:21:21:38 +0100] "GET /images/big_prod_1/8433933222713B.jpg HTTP/1.1" 200 193493 "-" "Mozilla/4.0 (compatible; MSIE 7.0; Windows NT 6.0)"
165.154.72.231 - - [29/Nov/2021:21:22:39 +0100] "GET /images/mini_prod/1348422000543.jpg HTTP/1.1" 200 8289 "-" "Mozilla/5.0 (X11; Ubuntu; Linux x86_64; rv:72.0) Gecko/20100101 Firefox/72.0"
52.148.164.223 - - [29/Nov/2021:21:23:24 +0100] "GET /images/med_prod/8435107795085.jpg HTTP/1.1" 200 128429 "-" "Mozilla/5.0 (Macintosh; U; PPC Mac OS X 10.5; en-US; rv:1.9.2.15) Gecko/20110303 Firefox/3.6.15"
20.80.156.141 - - [29/Nov/2021:21:24:11 +0100] "GET /images/big_prod/3503420020513.jpg HTTP/1.1" 200 87840 "-" "Mozilla/5.0 (X11; Linux x86_64) AppleWebKit/537.36 (KHTML, like Gecko) Chrome/62.0.3202.62 Safari/537.36"
20.80.156.87 - - [29/Nov/2021:21:25:12 +0100] "GET /images/big_prod/3608860230284.jpg HTTP/1.1" 200 104485 "-" "Mozilla/5.0 (Windows NT 10.0; WOW64) AppleWebKit/537.36 (KHTML, like Gecko) Chrome/68.0.3440.106 Safari/537.36"
185.191.171.23 - - [29/Nov/2021:21:27:03 +0100] "GET /robots.txt HTTP/1.1" 200 2438 "-" "Mozilla/5.0 (compatible; SemrushBot/7~bl; +http://www.semrush.com/bot.html)"
147.92.153.5 - - [29/Nov/2021:21:28:25 +0100] "GET /images/big_prod_1/3700516291547B.jpg HTTP/1.1" 200 317439 "-" "Mozilla/5.0 (compatible; Linespider/1.1; +https://lin.ee/4dwXkTH)"
5.255.253.187 - - [29/Nov/2021:21:30:30 +0100] "GET /robots.txt HTTP/1.1" 200 2438 "-" "Mozilla/5.0 (compatible; YandexBot/3.0; +http://yandex.com/bots)"
5.255.253.187 - - [29/Nov/2021:21:30:34 +0100] "GET /images/b1399984237205.jpg HTTP/1.1" 200 44846 "-" "Mozilla/5.0 (compatible; YandexImages/3.0; +http://yandex.com/bots)"
207.46.13.118 - - [29/Nov/2021:21:30:36 +0100] "GET /images/big_prod/3503420107740.jpg HTTP/1.1" 200 80919 "-" "Mozilla/5.0 (compatible; bingbot/2.0; +http://www.bing.com/bingbot.htm)"
20.80.156.107 - - [29/Nov/2021:21:34:34 +0100] "GET /images/big_prod/1328399219049a.jpg HTTP/1.1" 200 69092 "-" "Mozilla/5.0 (X11; Linux x86_64) AppleWebKit/537.36 (KHTML, like Gecko) Chrome/62.0.3202.62 Safari/537.36"
216.244.66.242 - - [29/Nov/2021:21:35:05 +0100] "GET /robots.txt HTTP/1.1" 200 2438 "-" "Mozilla/5.0 (compatible; DotBot/1.2; +https://opensiteexplorer.org/dotbot; help@moz.com)"
52.148.164.223 - - [29/Nov/2021:21:35:38 +0100] "GET /images/big_prod/3609810096370.jpg HTTP/1.1" 200 137826 "-" "Mozilla/5.0 (Windows NT 10.0; ) Gecko/20100101 Firefox/61.0"
157.55.39.228 - - [29/Nov/2021:21:36:28 +0100] "GET /images/mini_prod/5400924064662.jpg HTTP/1.1" 200 6528 "-" "Mozilla/5.0 (compatible; bingbot/2.0; +http://www.bing.com/bingbot.htm)"
74.125.210.50 - - [29/Nov/2021:21:37:08 +0100] "GET /images/1341689196004.jpg HTTP/1.1" 200 86457 "-" "Mozilla/5.0 (Windows NT 5.1; rv:11.0) Gecko Firefox/11.0 (via ggpht.com GoogleImageProxy)"
52.156.93.160 - - [29/Nov/2021:21:38:02 +0100] "GET /images/4036113801452.jpg HTTP/1.1" 200 21261 "-" "Mozilla/5.0 (X11; Linux x86_64) AppleWebKit/537.36 (KHTML, like Gecko) Chrome/62.0.3202.62 Safari/537.36"
40.77.167.66 - - [29/Nov/2021:21:39:22 +0100] "GET /images/big_prod/5051276373157.jpg HTTP/1.1" 200 81239 "-" "Mozilla/5.0 (compatible; bingbot/2.0; +http://www.bing.com/bingbot.htm)"
20.80.156.160 - - [29/Nov/2021:21:39:47 +0100] "GET /images/8001583026090.jpg HTTP/1.1" 200 31633 "-" "Mozilla/5.0 (Windows NT 10.0; ) Gecko/20100101 Firefox/61.0"
192.0.101.11 - - [29/Nov/2021:21:40:25 +0100] "GET /images/B5011994698970B.jpg HTTP/1.1" 200 127823 "-" "Photon/1.0"
54.36.149.35 - - [29/Nov/2021:21:40:58 +0100] "GET /images/mini_prod/1300000022118.jpg HTTP/1.1" 200 9390 "-" "Mozilla/5.0 (compatible; AhrefsBot/7.0; +http://ahrefs.com/robot/)"
5.255.253.187 - - [29/Nov/2021:21:41:29 +0100] "GET /images/270109_120318_PEEL_sQdHHW.jpg HTTP/1.1" 200 48829 "-" "Mozilla/5.0 (compatible; YandexImages/3.0; +http://yandex.com/bots)"
52.156.93.160 - - [29/Nov/2021:21:41:50 +0100] "GET /images/med_prod/1384010179802.jpg HTTP/1.1" 200 177193 "-" "Mozilla/4.0 (compatible; MSIE 7.0; Windows NT 6.0)"
47.37.11.32 - - [29/Nov/2021:21:42:23 +0100] "GET /images/TNI40SHROUGEb.jpg HTTP/1.1" 200 22390 "-" "Mozilla/5.0 (Windows NT 10.0; Win64; x64; rv:94.0) Gecko/20100101 Firefox/94.0/b7P5U38b-36"
13.66.139.1 - - [29/Nov/2021:21:43:05 +0100] "GET /robots.txt HTTP/1.1" 200 2438 "-" "Mozilla/5.0 (compatible; bingbot/2.0; +http://www.bing.com/bingbot.htm)"
207.46.13.233 - - [29/Nov/2021:21:43:34 +0100] "GET /robots.txt HTTP/1.1" 200 2438 "-" "Mozilla/5.0 (compatible; bingbot/2.0; +http://www.bing.com/bingbot.htm)"
20.99.139.211 - - [29/Nov/2021:21:43:38 +0100] "GET /images/big_prod/3560600311748.jpg HTTP/1.1" 200 47153 "-" "Mozilla/5.0 (Windows NT 6.1; WOW64) AppleWebKit/537.36 (KHTML, like Gecko) Chrome/45.0.2454.101 Safari/537.36"
192.0.112.18 - - [29/Nov/2021:21:46:34 +0100] "GET /images/med_prod/5060275045248.jpg HTTP/1.1" 200 120972 "-" "Photon/1.0"
52.137.89.11 - - [29/Nov/2021:21:46:36 +0100] "GET /images/big_prod_1/3700281648331a.jpg HTTP/1.1" 200 228745 "-" "Mozilla/5.0 (X11; Linux x86_64) AppleWebKit/537.36 (KHTML, like Gecko) Chrome/62.0.3202.62 Safari/537.36"
66.249.75.168 - - [29/Nov/2021:21:46:41 +0100] "GET /js/modernizr-transitions.js HTTP/1.1" 200 2026 "http://www.wonder-geek.com/-m-11.html?page=3" "Mozilla/5.0 AppleWebKit/537.36 (KHTML, like Gecko; compatible; Googlebot/2.1; +http://www.google.com/bot.html) Chrome/95.0.4638.69 Safari/537.36"
216.244.66.242 - - [29/Nov/2021:21:52:00 +0100] "GET /images/big_prod/8422009510915.jpg HTTP/1.1" 200 40865 "-" "Mozilla/5.0 (compatible; DotBot/1.2; +https://opensiteexplorer.org/dotbot; help@moz.com)"
120.92.68.118 - - [29/Nov/2021:21:52:57 +0100] "GET /images/mini_prod/3661443610439.jpg HTTP/1.1" 200 7147 "-" "Mozilla/5.0 (Windows NT 10.0; WOW64) AppleWebKit/537.36 (KHTML, like Gecko) Chrome/61.0.3163.100 Safari/537.36"
