110.143.230.38 - - [29/Nov/2021:08:27:43 +0100] "GET /mondial_relay/js/jquery-1.3.2.min.js HTTP/1.1" 200 57254 "http://www.wonder-geek.com/stormtrooper-star-wars-isothermic-stainless-steel-bottle-p-56372.html" "Mozilla/5.0 (Macintosh; Intel Mac OS X 10_15_7) AppleWebKit/537.36 (KHTML, like Gecko) Chrome/96.0.4664.55 Safari/537.36"
110.143.230.38 - - [29/Nov/2021:08:27:44 +0100] "GET /templates/Pixame_v1/images/icon_accueil2.png HTTP/1.1" 200 1137 "http://www.wonder-geek.com/stormtrooper-star-wars-isothermic-stainless-steel-bottle-p-56372.html" "Mozilla/5.0 (Macintosh; Intel Mac OS X 10_15_7) AppleWebKit/537.36 (KHTML, like Gecko) Chrome/96.0.4664.55 Safari/537.36"
110.143.230.38 - - [29/Nov/2021:08:27:44 +0100] "GET /templates/Pixame_v1/images/nav.png HTTP/1.1" 200 1283 "http://www.wonder-geek.com/templates/Pixame_v1/stylesheet.css" "Mozilla/5.0 (Macintosh; Intel Mac OS X 10_15_7) AppleWebKit/537.36 (KHTML, like Gecko) Chrome/96.0.4664.55 Safari/537.36"
110.143.230.38 - - [29/Nov/2021:08:27:45 +0100] "GET /templates/Pixame_v1/images/Bottom_texture.jpg HTTP/1.1" 200 56290 "http://www.wonder-geek.com/templates/Pixame_v1/stylesheet.css" "Mozilla/5.0 (Macintosh; Intel Mac OS X 10_15_7) AppleWebKit/537.36 (KHTML, like Gecko) Chrome/96.0.4664.55 Safari/537.36"
110.143.230.38 - - [29/Nov/2021:08:27:45 +0100] "GET /templates/Pixame_v1/images/header.png HTTP/1.1" 200 70245 "http://www.wonder-geek.com/templates/Pixame_v1/stylesheet.css" "Mozilla/5.0 (Macintosh; Intel Mac OS X 10_15_7) AppleWebKit/537.36 (KHTML, like Gecko) Chrome/96.0.4664.55 Safari/537.36"
110.143.230.38 - - [29/Nov/2021:08:27:45 +0100] "GET /templates/Pixame_v1/images/buttons/english/button_in_cart.gif HTTP/1.1" 200 1212 "http://www.wonder-geek.com/stormtrooper-star-wars-isothermic-stainless-steel-bottle-p-56372.html" "Mozilla/5.0 (Macintosh; Intel Mac OS X 10_15_7) AppleWebKit/537.36 (KHTML, like Gecko) Chrome/96.0.4664.55 Safari/537.36"
110.143.230.38 - - [29/Nov/2021:08:27:45 +0100] "GET /templates/Pixame_v1/images/header-object.png HTTP/1.1" 200 106050 "http://www.wonder-geek.com/templates/Pixame_v1/stylesheet.css" "Mozilla/5.0 (Macintosh; Intel Mac OS X 10_15_7) AppleWebKit/537.36 (KHTML, like Gecko) Chrome/96.0.4664.55 Safari/537.36"
110.143.230.38 - - [29/Nov/2021:08:27:45 +0100] "GET /design/productsenstock.png HTTP/1.1" 200 4743 "http://www.wonder-geek.com/templates/Pixame_v1/stylesheet.css" "Mozilla/5.0 (Macintosh; Intel Mac OS X 10_15_7) AppleWebKit/537.36 (KHTML, like Gecko) Chrome/96.0.4664.55 Safari/537.36"
110.143.230.38 - - [29/Nov/2021:08:27:45 +0100] "GET /images/big_prod/4029811460205.jpg HTTP/1.1" 200 121233 "http://www.wonder-geek.com/stormtrooper-star-wars-isothermic-stainless-steel-bottle-p-56372.html" "Mozilla/5.0 (Macintosh; Intel Mac OS X 10_15_7) AppleWebKit/537.36 (KHTML, like Gecko) Chrome/96.0.4664.55 Safari/537.36"
110.143.230.38 - - [29/Nov/2021:08:27:47 +0100] "GET /images/big_prod_1/4029811460205B.jpg HTTP/1.1" 200 223855 "http://www.wonder-geek.com/stormtrooper-star-wars-isothermic-stainless-steel-bottle-p-56372.html" "Mozilla/5.0 (Macintosh; Intel Mac OS X 10_15_7) AppleWebKit/537.36 (KHTML, like Gecko) Chrome/96.0.4664.55 Safari/537.36"
110.143.230.38 - - [29/Nov/2021:08:27:47 +0100] "GET /templates/Pixame_v1/images/Middle_texture.jpg HTTP/1.1" 200 249620 "http://www.wonder-geek.com/templates/Pixame_v1/stylesheet.css" "Mozilla/5.0 (Macintosh; Intel Mac OS X 10_15_7) AppleWebKit/537.36 (KHTML, like Gecko) Chrome/96.0.4664.55 Safari/537.36"
110.143.230.38 - - [29/Nov/2021:08:27:48 +0100] "GET /highslide/graphics/outlines/drop-shadow.png HTTP/1.1" 200 2022 "http://www.wonder-geek.com/stormtrooper-star-wars-isothermic-stainless-steel-bottle-p-56372.html" "Mozilla/5.0 (Macintosh; Intel Mac OS X 10_15_7) AppleWebKit/537.36 (KHTML, like Gecko) Chrome/96.0.4664.55 Safari/537.36"
110.143.230.38 - - [29/Nov/2021:08:27:48 +0100] "GET /favicon.ico HTTP/1.1" 200 1591 "http://www.wonder-geek.com/stormtrooper-star-wars-isothermic-stainless-steel-bottle-p-56372.html" "Mozilla/5.0 (Macintosh; Intel Mac OS X 10_15_7) AppleWebKit/537.36 (KHTML, like Gecko) Chrome/96.0.4664.55 Safari/537.36"
173.82.232.155 - - [29/Nov/2021:08:28:08 +0100] "GET /images/mini_prod/DSCN7544.jpg HTTP/1.1" 200 6368 "-" "Mozilla/5.0 (X11; Ubuntu; Linux x86_64; rv:72.0) Gecko/20100101 Firefox/72.0"
42.236.10.117 - - [29/Nov/2021:08:29:13 +0100] "GET /templates/Pixame_v1/stylesheet.css HTTP/1.1" 200 56057 "http://www.wonder-geek.com/ultrasonic-aroma-diffuser-forest-natural-p-54112.html" "Mozilla/5.0 (Linux; U; Android 8.1.0; zh-CN; EML-AL00 Build/HUAWEIEML-AL00) AppleWebKit/537.36 (KHTML, like Gecko) Version/4.0 Chrome/57.0.2987.108 baidu.sogo.uc.UCBrowser/11.9.4.974 UWS/2.13.1.48 Mobile Safari/537.36 AliApp(DingTalk/4.5.11) com.alibaba.android.rimet/10487439 Channel/227200 language/zh-CN"
42.236.10.114 - - [29/Nov/2021:08:29:13 +0100] "GET /js/jquery.jqzoom.js HTTP/1.1" 200 4761 "http://www.wonder-geek.com/ultrasonic-aroma-diffuser-forest-natural-p-54112.html" "Mozilla/5.0 (Linux; U; Android 8.1.0; zh-CN; EML-AL00 Build/HUAWEIEML-AL00) AppleWebKit/537.36 (KHTML, like Gecko) Version/4.0 Chrome/57.0.2987.108 baidu.sogo.uc.UCBrowser/11.9.4.974 UWS/2.13.1.48 Mobile Safari/537.36 AliApp(DingTalk/4.5.11) com.alibaba.android.rimet/10487439 Channel/227200 language/zh-CN"
42.236.10.117 - - [29/Nov/2021:08:29:13 +0100] "GET /highslide/highslide.js HTTP/1.1" 200 42909 "http://www.wonder-geek.com/ultrasonic-aroma-diffuser-forest-natural-p-54112.html" "Mozilla/5.0 (Linux; U; Android 8.1.0; zh-CN; EML-AL00 Build/HUAWEIEML-AL00) AppleWebKit/537.36 (KHTML, like Gecko) Version/4.0 Chrome/57.0.2987.108 baidu.sogo.uc.UCBrowser/11.9.4.974 UWS/2.13.1.48 Mobile Safari/537.36 AliApp(DingTalk/4.5.11) com.alibaba.android.rimet/10487439 Channel/227200 language/zh-CN"
42.236.10.114 - - [29/Nov/2021:08:29:13 +0100] "GET /templates/Pixame_v1/images/icon_accueil2.png HTTP/1.1" 200 1137 "http://www.wonder-geek.com/ultrasonic-aroma-diffuser-forest-natural-p-54112.html" "Mozilla/5.0 (Linux; U; Android 8.1.0; zh-CN; EML-AL00 Build/HUAWEIEML-AL00) AppleWebKit/537.36 (KHTML, like Gecko) Version/4.0 Chrome/57.0.2987.108 baidu.sogo.uc.UCBrowser/11.9.4.974 UWS/2.13.1.48 Mobile Safari/537.36 AliApp(DingTalk/4.5.11) com.alibaba.android.rimet/10487439 Channel/227200 language/zh-CN"
42.236.10.106 - - [29/Nov/2021:08:29:14 +0100] "GET /js/jquery.js HTTP/1.1" 200 54075 "http://www.wonder-geek.com/ultrasonic-aroma-diffuser-forest-natural-p-54112.html" "Mozilla/5.0 (Linux; U; Android 8.1.0; zh-CN; EML-AL00 Build/HUAWEIEML-AL00) AppleWebKit/537.36 (KHTML, like Gecko) Version/4.0 Chrome/57.0.2987.108 baidu.sogo.uc.UCBrowser/11.9.4.974 UWS/2.13.1.48 Mobile Safari/537.36 AliApp(DingTalk/4.5.11) com.alibaba.android.rimet/10487439 Channel/227200 language/zh-CN"
42.236.10.125 - - [29/Nov/2021:08:29:14 +0100] "GET /mondial_relay/js/jquery-1.3.2.min.js HTTP/1.1" 200 57254 "http://www.wonder-geek.com/ultrasonic-aroma-diffuser-forest-natural-p-54112.html" "Mozilla/5.0 (Linux; U; Android 8.1.0; zh-CN; EML-AL00 Build/HUAWEIEML-AL00) AppleWebKit/537.36 (KHTML, like Gecko) Version/4.0 Chrome/57.0.2987.108 baidu.sogo.uc.UCBrowser/11.9.4.974 UWS/2.13.1.48 Mobile Safari/537.36 AliApp(DingTalk/4.5.11) com.alibaba.android.rimet/10487439 Channel/227200 language/zh-CN"
42.236.10.114 - - [29/Nov/2021:08:29:14 +0100] "GET /templates/Pixame_v1/images/buttons/english/button_in_cart.gif HTTP/1.1" 200 1212 "http://www.wonder-geek.com/ultrasonic-aroma-diffuser-forest-natural-p-54112.html" "Mozilla/5.0 (Linux; U; Android 8.1.0; zh-CN; EML-AL00 Build/HUAWEIEML-AL00) AppleWebKit/537.36 (KHTML, like Gecko) Version/4.0 Chrome/57.0.2987.108 baidu.sogo.uc.UCBrowser/11.9.4.974 UWS/2.13.1.48 Mobile Safari/537.36 AliApp(DingTalk/4.5.11) com.alibaba.android.rimet/10487439 Channel/227200 language/zh-CN"
42.236.10.117 - - [29/Nov/2021:08:29:14 +0100] "GET /images/big_prod_1/8720088297063a.jpg HTTP/1.1" 200 78194 "http://www.wonder-geek.com/ultrasonic-aroma-diffuser-forest-natural-p-54112.html" "Mozilla/5.0 (Linux; U; Android 8.1.0; zh-CN; EML-AL00 Build/HUAWEIEML-AL00) AppleWebKit/537.36 (KHTML, like Gecko) Version/4.0 Chrome/57.0.2987.108 baidu.sogo.uc.UCBrowser/11.9.4.974 UWS/2.13.1.48 Mobile Safari/537.36 AliApp(DingTalk/4.5.11) com.alibaba.android.rimet/10487439 Channel/227200 language/zh-CN"
42.236.10.117 - - [29/Nov/2021:08:29:14 +0100] "GET /images/big_prod/8720088297063.jpg HTTP/1.1" 200 128109 "http://www.wonder-geek.com/ultrasonic-aroma-diffuser-forest-natural-p-54112.html" "Mozilla/5.0 (Linux; U; Android 8.1.0; zh-CN; EML-AL00 Build/HUAWEIEML-AL00) AppleWebKit/537.36 (KHTML, like Gecko) Version/4.0 Chrome/57.0.2987.108 baidu.sogo.uc.UCBrowser/11.9.4.974 UWS/2.13.1.48 Mobile Safari/537.36 AliApp(DingTalk/4.5.11) com.alibaba.android.rimet/10487439 Channel/227200 language/zh-CN"
42.236.10.117 - - [29/Nov/2021:08:29:15 +0100] "GET /templates/Pixame_v1/images/header-object.png HTTP/1.1" 200 106050 "http://www.wonder-geek.com/templates/Pixame_v1/stylesheet.css" "Mozilla/5.0 (Linux; U; Android 8.1.0; zh-CN; EML-AL00 Build/HUAWEIEML-AL00) AppleWebKit/537.36 (KHTML, like Gecko) Version/4.0 Chrome/57.0.2987.108 baidu.sogo.uc.UCBrowser/11.9.4.974 UWS/2.13.1.48 Mobile Safari/537.36 AliApp(DingTalk/4.5.11) com.alibaba.android.rimet/10487439 Channel/227200 language/zh-CN"
42.236.10.125 - - [29/Nov/2021:08:29:16 +0100] "GET /templates/Pixame_v1/images/Bottom_texture.jpg HTTP/1.1" 200 56290 "http://www.wonder-geek.com/templates/Pixame_v1/stylesheet.css" "Mozilla/5.0 (Linux; U; Android 8.1.0; zh-CN; EML-AL00 Build/HUAWEIEML-AL00) AppleWebKit/537.36 (KHTML, like Gecko) Version/4.0 Chrome/57.0.2987.108 baidu.sogo.uc.UCBrowser/11.9.4.974 UWS/2.13.1.48 Mobile Safari/537.36 AliApp(DingTalk/4.5.11) com.alibaba.android.rimet/10487439 Channel/227200 language/zh-CN"
42.236.10.125 - - [29/Nov/2021:08:29:16 +0100] "GET /templates/Pixame_v1/images/nav.png HTTP/1.1" 200 1283 "http://www.wonder-geek.com/templates/Pixame_v1/stylesheet.css" "Mozilla/5.0 (Linux; U; Android 8.1.0; zh-CN; EML-AL00 Build/HUAWEIEML-AL00) AppleWebKit/537.36 (KHTML, like Gecko) Version/4.0 Chrome/57.0.2987.108 baidu.sogo.uc.UCBrowser/11.9.4.974 UWS/2.13.1.48 Mobile Safari/537.36 AliApp(DingTalk/4.5.11) com.alibaba.android.rimet/10487439 Channel/227200 language/zh-CN"
42.236.10.114 - - [29/Nov/2021:08:29:16 +0100] "GET /templates/Pixame_v1/images/header.png HTTP/1.1" 200 70245 "http://www.wonder-geek.com/templates/Pixame_v1/stylesheet.css" "Mozilla/5.0 (Linux; U; Android 8.1.0; zh-CN; EML-AL00 Build/HUAWEIEML-AL00) AppleWebKit/537.36 (KHTML, like Gecko) Version/4.0 Chrome/57.0.2987.108 baidu.sogo.uc.UCBrowser/11.9.4.974 UWS/2.13.1.48 Mobile Safari/537.36 AliApp(DingTalk/4.5.11) com.alibaba.android.rimet/10487439 Channel/227200 language/zh-CN"
42.236.10.125 - - [29/Nov/2021:08:29:16 +0100] "GET /design/productsenstock.png HTTP/1.1" 200 4743 "http://www.wonder-geek.com/templates/Pixame_v1/stylesheet.css" "Mozilla/5.0 (Linux; U; Android 8.1.0; zh-CN; EML-AL00 Build/HUAWEIEML-AL00) AppleWebKit/537.36 (KHTML, like Gecko) Version/4.0 Chrome/57.0.2987.108 baidu.sogo.uc.UCBrowser/11.9.4.974 UWS/2.13.1.48 Mobile Safari/537.36 AliApp(DingTalk/4.5.11) com.alibaba.android.rimet/10487439 Channel/227200 language/zh-CN"
42.236.10.117 - - [29/Nov/2021:08:29:17 +0100] "GET /templates/Pixame_v1/images/Middle_texture.jpg HTTP/1.1" 200 249620 "http://www.wonder-geek.com/templates/Pixame_v1/stylesheet.css" "Mozilla/5.0 (Linux; U; Android 8.1.0; zh-CN; EML-AL00 Build/HUAWEIEML-AL00) AppleWebKit/537.36 (KHTML, like Gecko) Version/4.0 Chrome/57.0.2987.108 baidu.sogo.uc.UCBrowser/11.9.4.974 UWS/2.13.1.48 Mobile Safari/537.36 AliApp(DingTalk/4.5.11) com.alibaba.android.rimet/10487439 Channel/227200 language/zh-CN"
42.236.10.106 - - [29/Nov/2021:08:29:18 +0100] "GET /images/big_prod_2/8720088297063b.jpg HTTP/1.1" 200 124140 "http://www.wonder-geek.com/ultrasonic-aroma-diffuser-forest-natural-p-54112.html" "Mozilla/5.0 (Linux; U; Android 8.1.0; zh-CN; EML-AL00 Build/HUAWEIEML-AL00) AppleWebKit/537.36 (KHTML, like Gecko) Version/4.0 Chrome/57.0.2987.108 baidu.sogo.uc.UCBrowser/11.9.4.974 UWS/2.13.1.48 Mobile Safari/537.36 AliApp(DingTalk/4.5.11) com.alibaba.android.rimet/10487439 Channel/227200 language/zh-CN"
42.236.10.106 - - [29/Nov/2021:08:29:19 +0100] "GET /highslide/graphics/outlines/drop-shadow.png HTTP/1.1" 200 2022 "http://www.wonder-geek.com/ultrasonic-aroma-diffuser-forest-natural-p-54112.html" "Mozilla/5.0 (Linux; U; Android 8.1.0; zh-CN; EML-AL00 Build/HUAWEIEML-AL00) AppleWebKit/537.36 (KHTML, like Gecko) Version/4.0 Chrome/57.0.2987.108 baidu.sogo.uc.UCBrowser/11.9.4.974 UWS/2.13.1.48 Mobile Safari/537.36 AliApp(DingTalk/4.5.11) com.alibaba.android.rimet/10487439 Channel/227200 language/zh-CN"
66.249.75.166 - - [29/Nov/2021:08:29:20 +0100] "GET /images/5017224571938.jpg HTTP/1.1" 200 56647 "-" "Googlebot-Image/1.0"
207.46.13.118 - - [29/Nov/2021:08:30:40 +0100] "GET /images/big_prod/8422001017665.jpg HTTP/1.1" 200 57965 "-" "Mozilla/5.0 (compatible; bingbot/2.0; +http://www.bing.com/bingbot.htm)"
157.55.39.228 - - [29/Nov/2021:08:31:51 +0100] "GET /images/3684225058359.jpg HTTP/1.1" 200 34576 "-" "Mozilla/5.0 (compatible; bingbot/2.0; +http://www.bing.com/bingbot.htm)"
159.138.102.98 - - [29/Nov/2021:08:34:08 +0100] "GET /images/big_prod/8422010206777.jpg HTTP/1.1" 200 30855 "-" "Mozilla/5.0 (Linux; Android 7.0;) AppleWebKit/537.36 (KHTML, like Gecko) Mobile Safari/537.36 (compatible; PetalBot;+https://webmaster.petalsearch.com/site/petalbot)"
51.15.184.86 - - [29/Nov/2021:08:34:51 +0100] "GET /images/med_prod/3661977002632.jpg HTTP/1.0" 200 152963 "-" "-"
51.15.184.86 - - [29/Nov/2021:08:34:51 +0100] "GET /images/med_prod/3661977002632.jpg HTTP/1.0" 200 152963 "-" "-"
157.55.39.108 - - [29/Nov/2021:08:34:58 +0100] "GET /images/med_prod/1384010182017.jpg HTTP/1.1" 200 169555 "-" "Mozilla/5.0 (compatible; bingbot/2.0; +http://www.bing.com/bingbot.htm)"
173.82.232.155 - - [29/Nov/2021:08:35:49 +0100] "GET /images/mini_prod/5027417019895.jpg HTTP/1.1" 200 6347 "-" "Mozilla/5.0 (X11; Ubuntu; Linux x86_64; rv:72.0) Gecko/20100101 Firefox/72.0"
165.154.72.231 - - [29/Nov/2021:08:40:38 +0100] "GET /images/mini_prod/5203199036064.jpg HTTP/1.1" 200 8070 "-" "Mozilla/5.0 (X11; Ubuntu; Linux x86_64; rv:72.0) Gecko/20100101 Firefox/72.0"
216.244.66.242 - - [29/Nov/2021:08:41:31 +0100] "GET /robots.txt HTTP/1.1" 200 2438 "-" "Mozilla/5.0 (compatible; DotBot/1.2; +https://opensiteexplorer.org/dotbot; help@moz.com)"
173.82.232.155 - - [29/Nov/2021:08:42:19 +0100] "GET /images/mini_prod/5036278061592.jpg HTTP/1.1" 200 10177 "-" "Mozilla/5.0 (X11; Ubuntu; Linux x86_64; rv:72.0) Gecko/20100101 Firefox/72.0"
114.119.128.37 - - [29/Nov/2021:08:45:12 +0100] "GET /images/big_prod/3589363780028.jpg HTTP/1.1" 200 209817 "-" "Mozilla/5.0 (Linux; Android 7.0;) AppleWebKit/537.36 (KHTML, like Gecko) Mobile Safari/537.36 (compatible; PetalBot;+https://webmaster.petalsearch.com/site/petalbot)"
66.249.75.166 - - [29/Nov/2021:08:45:40 +0100] "GET /images/big_prod_1/9316188082167a.jpg HTTP/1.1" 200 54669 "-" "Googlebot-Image/1.0"
114.119.128.253 - - [29/Nov/2021:08:48:07 +0100] "GET /images/big_prod_2/8424346511129C.jpg HTTP/1.1" 200 108516 "-" "Mozilla/5.0 (Linux; Android 7.0;) AppleWebKit/537.36 (KHTML, like Gecko) Mobile Safari/537.36 (compatible; PetalBot;+https://webmaster.petalsearch.com/site/petalbot)"
173.82.232.155 - - [29/Nov/2021:08:50:23 +0100] "GET /images/mini_prod/3438100336533.jpg HTTP/1.1" 200 8041 "-" "Mozilla/5.0 (X11; Ubuntu; Linux x86_64; rv:72.0) Gecko/20100101 Firefox/72.0"
207.46.13.202 - - [29/Nov/2021:08:51:04 +0100] "GET /images/9316188025492.jpg HTTP/1.1" 200 18328 "-" "Mozilla/5.0 (compatible; bingbot/2.0; +http://www.bing.com/bingbot.htm)"
207.46.13.118 - - [29/Nov/2021:08:51:42 +0100] "GET /images/5701359708764.jpg HTTP/1.1" 200 38727 "-" "Mozilla/5.0 (compatible; bingbot/2.0; +http://www.bing.com/bingbot.htm)"
157.55.39.223 - - [29/Nov/2021:08:52:34 +0100] "GET /images/3700856401286.jpg HTTP/1.1" 200 65270 "-" "Mozilla/5.0 (compatible; bingbot/2.0; +http://www.bing.com/bingbot.htm)"
120.92.68.120 - - [29/Nov/2021:08:52:43 +0100] "GET /images/mini_prod/1399984241813.jpg HTTP/1.1" 200 6456 "-" "Mozilla/5.0 (Windows NT 10.0; WOW64) AppleWebKit/537.36 (KHTML, like Gecko) Chrome/61.0.3163.100 Safari/537.36"
157.55.39.228 - - [29/Nov/2021:08:53:05 +0100] "GET /images/8412906996714.jpg HTTP/1.1" 200 52736 "-" "Mozilla/5.0 (compatible; bingbot/2.0; +http://www.bing.com/bingbot.htm)"
157.55.39.228 - - [29/Nov/2021:08:54:05 +0100] "GET /images/big_prod/8718657460772.jpg HTTP/1.1" 200 58085 "-" "Mozilla/5.0 (compatible; bingbot/2.0; +http://www.bing.com/bingbot.htm)"
157.55.39.228 - - [29/Nov/2021:08:58:25 +0100] "GET /images/4043946232193.jpg HTTP/1.1" 200 44742 "-" "Mozilla/5.0 (compatible; bingbot/2.0; +http://www.bing.com/bingbot.htm)"
74.125.208.123 - - [29/Nov/2021:08:59:47 +0100] "GET /images/big_prod/4029811170081.jpg HTTP/1.1" 200 76603 "-" "Mozilla/5.0 (Windows NT 5.1; rv:11.0) Gecko Firefox/11.0 (via ggpht.com GoogleImageProxy)"
193.19.222.30 - - [29/Nov/2021:08:59:49 +0100] "GET /js/jquery.jqzoom.js HTTP/1.1" 200 4761 "http://www.wonder-geek.com/fuel-pump-beverage-dispenser-p-39375.html" "Mozilla/5.0 (Windows NT 10.0; Win64; x64) AppleWebKit/537.36 (KHTML, like Gecko) Chrome/96.0.4664.45 Safari/537.36"
193.19.222.30 - - [29/Nov/2021:08:59:49 +0100] "GET /templates/Pixame_v1/stylesheet.css HTTP/1.1" 200 56057 "http://www.wonder-geek.com/fuel-pump-beverage-dispenser-p-39375.html" "Mozilla/5.0 (Windows NT 10.0; Win64; x64) AppleWebKit/537.36 (KHTML, like Gecko) Chrome/96.0.4664.45 Safari/537.36"
193.19.222.30 - - [29/Nov/2021:08:59:49 +0100] "GET /js/jquery.js HTTP/1.1" 200 54075 "http://www.wonder-geek.com/fuel-pump-beverage-dispenser-p-39375.html" "Mozilla/5.0 (Windows NT 10.0; Win64; x64) AppleWebKit/537.36 (KHTML, like Gecko) Chrome/96.0.4664.45 Safari/537.36"
193.19.222.30 - - [29/Nov/2021:08:59:49 +0100] "GET /highslide/highslide.js HTTP/1.1" 200 42909 "http://www.wonder-geek.com/fuel-pump-beverage-dispenser-p-39375.html" "Mozilla/5.0 (Windows NT 10.0; Win64; x64) AppleWebKit/537.36 (KHTML, like Gecko) Chrome/96.0.4664.45 Safari/537.36"
193.19.222.30 - - [29/Nov/2021:08:59:49 +0100] "GET /mondial_relay/js/jquery-1.3.2.min.js HTTP/1.1" 200 57254 "http://www.wonder-geek.com/fuel-pump-beverage-dispenser-p-39375.html" "Mozilla/5.0 (Windows NT 10.0; Win64; x64) AppleWebKit/537.36 (KHTML, like Gecko) Chrome/96.0.4664.45 Safari/537.36"
193.19.222.30 - - [29/Nov/2021:08:59:49 +0100] "GET /templates/Pixame_v1/images/icon_accueil2.png HTTP/1.1" 200 1137 "http://www.wonder-geek.com/fuel-pump-beverage-dispenser-p-39375.html" "Mozilla/5.0 (Windows NT 10.0; Win64; x64) AppleWebKit/537.36 (KHTML, like Gecko) Chrome/96.0.4664.45 Safari/537.36"
193.19.222.30 - - [29/Nov/2021:08:59:49 +0100] "GET /templates/Pixame_v1/images/nav.png HTTP/1.1" 200 1283 "http://www.wonder-geek.com/templates/Pixame_v1/stylesheet.css" "Mozilla/5.0 (Windows NT 10.0; Win64; x64) AppleWebKit/537.36 (KHTML, like Gecko) Chrome/96.0.4664.45 Safari/537.36"
193.19.222.30 - - [29/Nov/2021:08:59:49 +0100] "GET /templates/Pixame_v1/images/Bottom_texture.jpg HTTP/1.1" 200 56290 "http://www.wonder-geek.com/templates/Pixame_v1/stylesheet.css" "Mozilla/5.0 (Windows NT 10.0; Win64; x64) AppleWebKit/537.36 (KHTML, like Gecko) Chrome/96.0.4664.45 Safari/537.36"
193.19.222.30 - - [29/Nov/2021:08:59:50 +0100] "GET /images/big_prod/4029811170081.jpg HTTP/1.1" 200 76603 "http://www.wonder-geek.com/fuel-pump-beverage-dispenser-p-39375.html" "Mozilla/5.0 (Windows NT 10.0; Win64; x64) AppleWebKit/537.36 (KHTML, like Gecko) Chrome/96.0.4664.45 Safari/537.36"
193.19.222.30 - - [29/Nov/2021:08:59:50 +0100] "GET /design/productsenstock.png HTTP/1.1" 200 4743 "http://www.wonder-geek.com/templates/Pixame_v1/stylesheet.css" "Mozilla/5.0 (Windows NT 10.0; Win64; x64) AppleWebKit/537.36 (KHTML, like Gecko) Chrome/96.0.4664.45 Safari/537.36"
193.19.222.30 - - [29/Nov/2021:08:59:50 +0100] "GET /templates/Pixame_v1/images/header.png HTTP/1.1" 200 70245 "http://www.wonder-geek.com/templates/Pixame_v1/stylesheet.css" "Mozilla/5.0 (Windows NT 10.0; Win64; x64) AppleWebKit/537.36 (KHTML, like Gecko) Chrome/96.0.4664.45 Safari/537.36"
193.19.222.30 - - [29/Nov/2021:08:59:50 +0100] "GET /templates/Pixame_v1/images/buttons/english/button_in_cart.gif HTTP/1.1" 200 1212 "http://www.wonder-geek.com/fuel-pump-beverage-dispenser-p-39375.html" "Mozilla/5.0 (Windows NT 10.0; Win64; x64) AppleWebKit/537.36 (KHTML, like Gecko) Chrome/96.0.4664.45 Safari/537.36"
193.19.222.30 - - [29/Nov/2021:08:59:50 +0100] "GET /templates/Pixame_v1/images/header-object.png HTTP/1.1" 200 106050 "http://www.wonder-geek.com/templates/Pixame_v1/stylesheet.css" "Mozilla/5.0 (Windows NT 10.0; Win64; x64) AppleWebKit/537.36 (KHTML, like Gecko) Chrome/96.0.4664.45 Safari/537.36"
193.19.222.30 - - [29/Nov/2021:08:59:50 +0100] "GET /templates/Pixame_v1/images/Middle_texture.jpg HTTP/1.1" 200 249620 "http://www.wonder-geek.com/templates/Pixame_v1/stylesheet.css" "Mozilla/5.0 (Windows NT 10.0; Win64; x64) AppleWebKit/537.36 (KHTML, like Gecko) Chrome/96.0.4664.45 Safari/537.36"
193.19.222.30 - - [29/Nov/2021:08:59:50 +0100] "GET /images/big_prod_1/b4029811170081.jpg HTTP/1.1" 200 63888 "http://www.wonder-geek.com/fuel-pump-beverage-dispenser-p-39375.html" "Mozilla/5.0 (Windows NT 10.0; Win64; x64) AppleWebKit/537.36 (KHTML, like Gecko) Chrome/96.0.4664.45 Safari/537.36"
193.19.222.30 - - [29/Nov/2021:08:59:50 +0100] "GET /highslide/graphics/outlines/drop-shadow.png HTTP/1.1" 200 2022 "http://www.wonder-geek.com/fuel-pump-beverage-dispenser-p-39375.html" "Mozilla/5.0 (Windows NT 10.0; Win64; x64) AppleWebKit/537.36 (KHTML, like Gecko) Chrome/96.0.4664.45 Safari/537.36"
193.19.222.30 - - [29/Nov/2021:08:59:51 +0100] "GET /favicon.ico HTTP/1.1" 200 1591 "http://www.wonder-geek.com/fuel-pump-beverage-dispenser-p-39375.html" "Mozilla/5.0 (Windows NT 10.0; Win64; x64) AppleWebKit/537.36 (KHTML, like Gecko) Chrome/96.0.4664.45 Safari/537.36"
165.154.72.231 - - [29/Nov/2021:09:03:59 +0100] "GET /images/mini_prod/Image17.jpg HTTP/1.1" 200 24072 "-" "Mozilla/5.0 (X11; Ubuntu; Linux x86_64; rv:72.0) Gecko/20100101 Firefox/72.0"
157.55.39.108 - - [29/Nov/2021:09:04:30 +0100] "GET /images/mini_prod/3585190579071.jpg HTTP/1.1" 200 8834 "-" "Mozilla/5.0 (compatible; bingbot/2.0; +http://www.bing.com/bingbot.htm)"
77.75.79.72 - - [29/Nov/2021:09:04:30 +0100] "GET /robots.txt HTTP/1.1" 200 2438 "-" "Mozilla/5.0 (compatible; SeznamBot/3.2; +http://napoveda.seznam.cz/en/seznambot-intro/)"
77.75.79.72 - - [29/Nov/2021:09:04:31 +0100] "GET /images/big_prod_2/8719497617487b.jpg HTTP/1.1" 200 125017 "-" "Mozilla/5.0 (compatible; SeznamBot/3.2; +http://napoveda.seznam.cz/en/seznambot-intro/)"
77.75.79.72 - - [29/Nov/2021:09:04:31 +0100] "GET /images/mini_prod/8424346534838.jpg HTTP/1.1" 200 3498 "-" "Mozilla/5.0 (compatible; SeznamBot/3.2; +http://napoveda.seznam.cz/en/seznambot-intro/)"
114.119.128.26 - - [29/Nov/2021:09:04:47 +0100] "GET /images/big_prod/5027148026049.jpg HTTP/1.1" 200 385682 "-" "Mozilla/5.0 (Linux; Android 7.0;) AppleWebKit/537.36 (KHTML, like Gecko) Mobile Safari/537.36 (compatible; PetalBot;+https://webmaster.petalsearch.com/site/petalbot)"
74.125.208.123 - - [29/Nov/2021:09:06:54 +0100] "GET /images/big_prod_1/8718375750261a.jpg HTTP/1.1" 200 114662 "-" "Mozilla/5.0 (Windows NT 5.1; rv:11.0) Gecko Firefox/11.0 (via ggpht.com GoogleImageProxy)"
95.91.111.1 - - [29/Nov/2021:09:08:12 +0100] "GET /robots.txt HTTP/1.1" 200 2438 "-" "Mozilla/5.0 (compatible; MJ12bot/v1.4.8; http://mj12bot.com/)"
207.46.13.202 - - [29/Nov/2021:09:09:16 +0100] "GET /images/big_prod/8433978414623.jpg HTTP/1.1" 200 44931 "-" "Mozilla/5.0 (compatible; bingbot/2.0; +http://www.bing.com/bingbot.htm)"
159.75.102.74 - - [29/Nov/2021:09:13:39 +0100] "GET /images/mini_prod/DSCN6817.jpg HTTP/1.1" 200 5977 "-" "Mozilla/5.0 (X11; Ubuntu; Linux x86_64; rv:72.0) Gecko/20100101 Firefox/72.0"
114.119.128.39 - - [29/Nov/2021:09:15:51 +0100] "GET /images/mini_prod/3700281646979.jpg HTTP/1.1" 200 8834 "-" "Mozilla/5.0 (Linux; Android 7.0;) AppleWebKit/537.36 (KHTML, like Gecko) Mobile Safari/537.36 (compatible; PetalBot;+https://webmaster.petalsearch.com/site/petalbot)"
185.191.171.14 - - [29/Nov/2021:09:16:22 +0100] "GET /robots.txt HTTP/1.1" 200 2438 "-" "Mozilla/5.0 (compatible; SemrushBot/7~bl; +http://www.semrush.com/bot.html)"
114.119.128.39 - - [29/Nov/2021:09:18:57 +0100] "GET /images/big_prod/4542202657164.jpg HTTP/1.1" 200 79740 "-" "Mozilla/5.0 (Linux; Android 7.0;) AppleWebKit/537.36 (KHTML, like Gecko) Mobile Safari/537.36 (compatible; PetalBot;+https://webmaster.petalsearch.com/site/petalbot)"
157.55.39.223 - - [29/Nov/2021:09:19:35 +0100] "GET /images/big_prod/8718375755754.jpg HTTP/1.1" 200 126440 "-" "Mozilla/5.0 (compatible; bingbot/2.0; +http://www.bing.com/bingbot.htm)"
17.121.115.152 - - [29/Nov/2021:09:20:10 +0100] "GET /robots.txt HTTP/1.1" 200 2438 "-" "Mozilla/5.0 (Macintosh; Intel Mac OS X 10_15_5) AppleWebKit/605.1.15 (KHTML, like Gecko) Version/13.1.1 Safari/605.1.15 (Applebot/0.1; +http://www.apple.com/go/applebot)"
157.55.39.223 - - [29/Nov/2021:09:20:16 +0100] "GET /images/big_prod/3608860224597.jpg HTTP/1.1" 200 131101 "-" "Mozilla/5.0 (compatible; bingbot/2.0; +http://www.bing.com/bingbot.htm)"
207.46.13.118 - - [29/Nov/2021:09:20:45 +0100] "GET /images/8423599054490.jpg HTTP/1.1" 200 27072 "-" "Mozilla/5.0 (compatible; bingbot/2.0; +http://www.bing.com/bingbot.htm)"
66.249.75.170 - - [29/Nov/2021:09:21:25 +0100] "GET /images/mini_prod/9316188086875a.jpg HTTP/1.1" 200 6187 "-" "Googlebot-Image/1.0"
165.154.72.231 - - [29/Nov/2021:09:22:34 +0100] "GET /images/mini_prod/5213199036063.jpg HTTP/1.1" 200 7655 "-" "Mozilla/5.0 (X11; Ubuntu; Linux x86_64; rv:72.0) Gecko/20100101 Firefox/72.0"
207.46.13.202 - - [29/Nov/2021:09:23:27 +0100] "GET /images/big_prod/3520071693804.jpg HTTP/1.1" 200 56447 "-" "Mozilla/5.0 (compatible; bingbot/2.0; +http://www.bing.com/bingbot.htm)"
124.71.153.13 - - [29/Nov/2021:09:23:35 +0100] "GET /images/mini_prod/MUG-BLC-POLAROID.jpg HTTP/1.1" 200 6578 "-" "Mozilla/5.0 (X11; Ubuntu; Linux x86_64; rv:72.0) Gecko/20100101 Firefox/72.0"
74.125.208.96 - - [29/Nov/2021:09:25:26 +0100] "GET /images/3700276225981.jpg HTTP/1.1" 200 78384 "-" "Mozilla/5.0 (Windows NT 5.1; rv:11.0) Gecko Firefox/11.0 (via ggpht.com GoogleImageProxy)"
207.46.13.202 - - [29/Nov/2021:09:26:38 +0100] "GET /images/big_prod/3609810096233.jpg HTTP/1.1" 200 62204 "-" "Mozilla/5.0 (compatible; bingbot/2.0; +http://www.bing.com/bingbot.htm)"
144.76.3.79 - - [29/Nov/2021:09:26:39 +0100] "GET /robots.txt HTTP/1.1" 200 2438 "-" "Mozilla/5.0 (compatible; MJ12bot/v1.4.8; http://mj12bot.com/)"
66.249.75.168 - - [29/Nov/2021:09:29:20 +0100] "GET /images/DSCN0912b.jpg HTTP/1.1" 200 28662 "-" "Googlebot-Image/1.0"
216.244.66.242 - - [29/Nov/2021:09:29:47 +0100] "GET /robots.txt HTTP/1.1" 200 2438 "-" "Mozilla/5.0 (compatible; DotBot/1.2; +https://opensiteexplorer.org/dotbot; help@moz.com)"
73.24.254.240 - - [29/Nov/2021:09:31:32 +0100] "GET /images/big_prod/028399188536.jpg HTTP/1.1" 200 170175 "-" "Mozilla/5.0 (Macintosh; Intel Mac OS X 10_15_6) AppleWebKit/605.1.15 (KHTML, like Gecko) Version/15.0 Safari/605.1.15"
157.55.39.108 - - [29/Nov/2021:09:32:14 +0100] "GET /images/4895029694677.jpg HTTP/1.1" 200 42067 "-" "Mozilla/5.0 (compatible; bingbot/2.0; +http://www.bing.com/bingbot.htm)"
157.55.39.228 - - [29/Nov/2021:09:35:18 +0100] "GET /images/big_prod/045544939850.jpg HTTP/1.1" 200 96737 "-" "Mozilla/5.0 (compatible; bingbot/2.0; +http://www.bing.com/bingbot.htm)"
20.83.96.110 - - [29/Nov/2021:09:36:16 +0100] "GET /images/big_prod/b8719172831573.jpg HTTP/1.1" 200 48517 "-" "Mozilla/5.0 (X11; Linux x86_64) AppleWebKit/537.36 (KHTML, like Gecko) Chrome/51.0.2704.103 Safari/537.36"
20.83.96.110 - - [29/Nov/2021:09:38:33 +0100] "GET /images/big_prod_1/8719172831573.jpg HTTP/1.1" 200 71247 "-" "Mozilla/5.0 (X11; Linux x86_64) AppleWebKit/537.36 (KHTML, like Gecko) Chrome/51.0.2704.103 Safari/537.36"
207.46.13.202 - - [29/Nov/2021:09:39:57 +0100] "GET /images/big_prod_1/b3608860230246.jpg HTTP/1.1" 200 50930 "-" "Mozilla/5.0 (compatible; bingbot/2.0; +http://www.bing.com/bingbot.htm)"
157.55.39.108 - - [29/Nov/2021:09:40:34 +0100] "GET /images/big_prod/8433933152522.jpg HTTP/1.1" 200 77901 "-" "Mozilla/5.0 (compatible; bingbot/2.0; +http://www.bing.com/bingbot.htm)"
165.154.72.231 - - [29/Nov/2021:09:41:15 +0100] "GET /images/mini_prod/3700276874486.jpg HTTP/1.1" 200 8884 "-" "Mozilla/5.0 (X11; Ubuntu; Linux x86_64; rv:72.0) Gecko/20100101 Firefox/72.0"
207.46.13.118 - - [29/Nov/2021:09:41:16 +0100] "GET /images/med_prod/1384010176313.jpg HTTP/1.1" 200 53111 "-" "Mozilla/5.0 (compatible; bingbot/2.0; +http://www.bing.com/bingbot.htm)"
207.46.13.118 - - [29/Nov/2021:09:42:48 +0100] "GET /images/big_prod/5409240219244.jpg HTTP/1.1" 200 85965 "-" "Mozilla/5.0 (compatible; bingbot/2.0; +http://www.bing.com/bingbot.htm)"
54.36.149.23 - - [29/Nov/2021:09:44:37 +0100] "GET /images/8033667001822.jpg HTTP/1.1" 200 78033 "-" "Mozilla/5.0 (compatible; AhrefsBot/7.0; +http://ahrefs.com/robot/)"
74.125.208.123 - - [29/Nov/2021:09:49:45 +0100] "GET /images/big_prod/8420327460509.jpg HTTP/1.1" 200 219562 "-" "Mozilla/5.0 (Windows NT 5.1; rv:11.0) Gecko Firefox/11.0 (via ggpht.com GoogleImageProxy)"
31.22.108.118 - - [29/Nov/2021:09:49:59 +0100] "GET /templates/Pixame_v1/stylesheet.css HTTP/1.1" 200 56057 "http://www.wonder-geek.com/light-wood-table-lamp-scandinavian-spirit-p-55786.html" "Mozilla/5.0 (Windows NT 10.0; Win64; x64) AppleWebKit/537.36 (KHTML, like Gecko) Chrome/96.0.4664.45 Safari/537.36"
31.22.108.118 - - [29/Nov/2021:09:50:00 +0100] "GET /js/jquery.jqzoom.js HTTP/1.1" 200 4761 "http://www.wonder-geek.com/light-wood-table-lamp-scandinavian-spirit-p-55786.html" "Mozilla/5.0 (Windows NT 10.0; Win64; x64) AppleWebKit/537.36 (KHTML, like Gecko) Chrome/96.0.4664.45 Safari/537.36"
31.22.108.118 - - [29/Nov/2021:09:50:00 +0100] "GET /mondial_relay/js/jquery-1.3.2.min.js HTTP/1.1" 200 57254 "http://www.wonder-geek.com/light-wood-table-lamp-scandinavian-spirit-p-55786.html" "Mozilla/5.0 (Windows NT 10.0; Win64; x64) AppleWebKit/537.36 (KHTML, like Gecko) Chrome/96.0.4664.45 Safari/537.36"
31.22.108.118 - - [29/Nov/2021:09:50:00 +0100] "GET /highslide/highslide.js HTTP/1.1" 200 42909 "http://www.wonder-geek.com/light-wood-table-lamp-scandinavian-spirit-p-55786.html" "Mozilla/5.0 (Windows NT 10.0; Win64; x64) AppleWebKit/537.36 (KHTML, like Gecko) Chrome/96.0.4664.45 Safari/537.36"
31.22.108.118 - - [29/Nov/2021:09:50:00 +0100] "GET /js/jquery.js HTTP/1.1" 200 54075 "http://www.wonder-geek.com/light-wood-table-lamp-scandinavian-spirit-p-55786.html" "Mozilla/5.0 (Windows NT 10.0; Win64; x64) AppleWebKit/537.36 (KHTML, like Gecko) Chrome/96.0.4664.45 Safari/537.36"
31.22.108.118 - - [29/Nov/2021:09:50:01 +0100] "GET /templates/Pixame_v1/images/icon_accueil2.png HTTP/1.1" 200 1137 "http://www.wonder-geek.com/light-wood-table-lamp-scandinavian-spirit-p-55786.html" "Mozilla/5.0 (Windows NT 10.0; Win64; x64) AppleWebKit/537.36 (KHTML, like Gecko) Chrome/96.0.4664.45 Safari/537.36"
31.22.108.118 - - [29/Nov/2021:09:50:01 +0100] "GET /images/big_prod/8420327460509.jpg HTTP/1.1" 200 219562 "http://www.wonder-geek.com/light-wood-table-lamp-scandinavian-spirit-p-55786.html" "Mozilla/5.0 (Windows NT 10.0; Win64; x64) AppleWebKit/537.36 (KHTML, like Gecko) Chrome/96.0.4664.45 Safari/537.36"
31.22.108.118 - - [29/Nov/2021:09:50:01 +0100] "GET /templates/Pixame_v1/images/nav.png HTTP/1.1" 200 1283 "http://www.wonder-geek.com/templates/Pixame_v1/stylesheet.css" "Mozilla/5.0 (Windows NT 10.0; Win64; x64) AppleWebKit/537.36 (KHTML, like Gecko) Chrome/96.0.4664.45 Safari/537.36"
31.22.108.118 - - [29/Nov/2021:09:50:01 +0100] "GET /templates/Pixame_v1/images/Bottom_texture.jpg HTTP/1.1" 200 56290 "http://www.wonder-geek.com/templates/Pixame_v1/stylesheet.css" "Mozilla/5.0 (Windows NT 10.0; Win64; x64) AppleWebKit/537.36 (KHTML, like Gecko) Chrome/96.0.4664.45 Safari/537.36"
31.22.108.118 - - [29/Nov/2021:09:50:01 +0100] "GET /templates/Pixame_v1/images/header.png HTTP/1.1" 200 70245 "http://www.wonder-geek.com/templates/Pixame_v1/stylesheet.css" "Mozilla/5.0 (Windows NT 10.0; Win64; x64) AppleWebKit/537.36 (KHTML, like Gecko) Chrome/96.0.4664.45 Safari/537.36"
31.22.108.118 - - [29/Nov/2021:09:50:01 +0100] "GET /templates/Pixame_v1/images/header-object.png HTTP/1.1" 200 106050 "http://www.wonder-geek.com/templates/Pixame_v1/stylesheet.css" "Mozilla/5.0 (Windows NT 10.0; Win64; x64) AppleWebKit/537.36 (KHTML, like Gecko) Chrome/96.0.4664.45 Safari/537.36"
31.22.108.118 - - [29/Nov/2021:09:50:01 +0100] "GET /templates/Pixame_v1/images/Middle_texture.jpg HTTP/1.1" 200 249620 "http://www.wonder-geek.com/templates/Pixame_v1/stylesheet.css" "Mozilla/5.0 (Windows NT 10.0; Win64; x64) AppleWebKit/537.36 (KHTML, like Gecko) Chrome/96.0.4664.45 Safari/537.36"
31.22.108.118 - - [29/Nov/2021:09:50:02 +0100] "GET /design/productsenstock.png HTTP/1.1" 200 4743 "http://www.wonder-geek.com/templates/Pixame_v1/stylesheet.css" "Mozilla/5.0 (Windows NT 10.0; Win64; x64) AppleWebKit/537.36 (KHTML, like Gecko) Chrome/96.0.4664.45 Safari/537.36"
31.22.108.118 - - [29/Nov/2021:09:50:02 +0100] "GET /templates/Pixame_v1/images/buttons/english/button_in_cart.gif HTTP/1.1" 200 1212 "http://www.wonder-geek.com/light-wood-table-lamp-scandinavian-spirit-p-55786.html" "Mozilla/5.0 (Windows NT 10.0; Win64; x64) AppleWebKit/537.36 (KHTML, like Gecko) Chrome/96.0.4664.45 Safari/537.36"
31.22.108.118 - - [29/Nov/2021:09:50:02 +0100] "GET /images/big_prod_1/8420327460509B.jpg HTTP/1.1" 200 256848 "http://www.wonder-geek.com/light-wood-table-lamp-scandinavian-spirit-p-55786.html" "Mozilla/5.0 (Windows NT 10.0; Win64; x64) AppleWebKit/537.36 (KHTML, like Gecko) Chrome/96.0.4664.45 Safari/537.36"
31.22.108.118 - - [29/Nov/2021:09:50:02 +0100] "GET /favicon.ico HTTP/1.1" 200 1591 "http://www.wonder-geek.com/light-wood-table-lamp-scandinavian-spirit-p-55786.html" "Mozilla/5.0 (Windows NT 10.0; Win64; x64) AppleWebKit/537.36 (KHTML, like Gecko) Chrome/96.0.4664.45 Safari/537.36"
31.22.108.118 - - [29/Nov/2021:09:50:02 +0100] "GET /highslide/graphics/outlines/drop-shadow.png HTTP/1.1" 200 2022 "http://www.wonder-geek.com/light-wood-table-lamp-scandinavian-spirit-p-55786.html" "Mozilla/5.0 (Windows NT 10.0; Win64; x64) AppleWebKit/537.36 (KHTML, like Gecko) Chrome/96.0.4664.45 Safari/537.36"
40.77.167.66 - - [29/Nov/2021:09:53:13 +0100] "GET /images/med_prod/8433933505076.jpg HTTP/1.1" 200 145625 "-" "Mozilla/5.0 (compatible; bingbot/2.0; +http://www.bing.com/bingbot.htm)"
72.90.82.132 - - [29/Nov/2021:09:53:24 +0100] "GET /robots.txt HTTP/1.1" 200 2438 "-" "Mozilla/5.0 (compatible; MJ12bot/v1.4.8; http://mj12bot.com/)"
54.36.148.190 - - [29/Nov/2021:09:58:06 +0100] "GET /images/big_prod/3700572737102.jpg HTTP/1.1" 200 237294 "-" "Mozilla/5.0 (compatible; AhrefsBot/7.0; +http://ahrefs.com/robot/)"
207.46.13.118 - - [29/Nov/2021:09:58:18 +0100] "GET /images/big_prod_3/Cyclades.jpg HTTP/1.1" 200 159880 "-" "Mozilla/5.0 (compatible; bingbot/2.0; +http://www.bing.com/bingbot.htm)"
106.11.156.70 - - [29/Nov/2021:10:00:53 +0100] "GET /js/jquery.jqzoom.js HTTP/1.1" 200 4761 "http://www.wonder-geek.com/coasters-c-12_157.html" "Mozilla/5.0 (Windows NT 6.1; Win64; x64) AppleWebKit/537.36 (KHTML, like Gecko) Chrome/69.0.3497.81 YisouSpider/5.0 Safari/537.36"
106.11.153.92 - - [29/Nov/2021:10:00:53 +0100] "GET /highslide/highslide.js HTTP/1.1" 200 42909 "http://www.wonder-geek.com/coasters-c-12_157.html" "Mozilla/5.0 (Windows NT 6.1; Win64; x64) AppleWebKit/537.36 (KHTML, like Gecko) Chrome/69.0.3497.81 YisouSpider/5.0 Safari/537.36"
106.11.157.67 - - [29/Nov/2021:10:00:53 +0100] "GET /mondial_relay/js/jquery-1.3.2.min.js HTTP/1.1" 200 57254 "http://www.wonder-geek.com/coasters-c-12_157.html" "Mozilla/5.0 (Windows NT 6.1; Win64; x64) AppleWebKit/537.36 (KHTML, like Gecko) Chrome/69.0.3497.81 YisouSpider/5.0 Safari/537.36"
106.11.155.86 - - [29/Nov/2021:10:00:53 +0100] "GET /templates/Pixame_v1/stylesheet.css HTTP/1.1" 200 56057 "http://www.wonder-geek.com/coasters-c-12_157.html" "Mozilla/5.0 (Windows NT 6.1; Win64; x64) AppleWebKit/537.36 (KHTML, like Gecko) Chrome/69.0.3497.81 YisouSpider/5.0 Safari/537.36"
106.11.157.82 - - [29/Nov/2021:10:00:54 +0100] "GET /js/jquery.js HTTP/1.1" 200 54075 "http://www.wonder-geek.com/coasters-c-12_157.html" "Mozilla/5.0 (Windows NT 6.1; Win64; x64) AppleWebKit/537.36 (KHTML, like Gecko) Chrome/69.0.3497.81 YisouSpider/5.0 Safari/537.36"
106.11.158.85 - - [29/Nov/2021:10:00:54 +0100] "GET /js/jquery.masonry.min.js HTTP/1.1" 200 5392 "http://www.wonder-geek.com/coasters-c-12_157.html" "Mozilla/5.0 (Windows NT 6.1; Win64; x64) AppleWebKit/537.36 (KHTML, like Gecko) Chrome/69.0.3497.81 YisouSpider/5.0 Safari/537.36"
106.11.152.85 - - [29/Nov/2021:10:00:54 +0100] "GET /js/modernizr-transitions.js HTTP/1.1" 200 2026 "http://www.wonder-geek.com/coasters-c-12_157.html" "Mozilla/5.0 (Windows NT 6.1; Win64; x64) AppleWebKit/537.36 (KHTML, like Gecko) Chrome/69.0.3497.81 YisouSpider/5.0 Safari/537.36"
114.119.128.37 - - [29/Nov/2021:10:00:55 +0100] "GET /images/big_prod_1/8422021687985.jpg HTTP/1.1" 200 252428 "-" "Mozilla/5.0 (Linux; Android 7.0;) AppleWebKit/537.36 (KHTML, like Gecko) Mobile Safari/537.36 (compatible; PetalBot;+https://webmaster.petalsearch.com/site/petalbot)"
66.249.75.166 - - [29/Nov/2021:10:04:31 +0100] "GET /images/mini_prod/3503420107368.jpg HTTP/1.1" 200 4710 "-" "Googlebot-Image/1.0"
114.119.128.40 - - [29/Nov/2021:10:04:44 +0100] "GET /images/big_prod/3574642574986.jpg HTTP/1.1" 200 74913 "-" "Mozilla/5.0 (Linux; Android 7.0;) AppleWebKit/537.36 (KHTML, like Gecko) Mobile Safari/537.36 (compatible; PetalBot;+https://webmaster.petalsearch.com/site/petalbot)"
159.138.102.98 - - [29/Nov/2021:10:07:19 +0100] "GET /images/mini_prod/4036113222165.jpg HTTP/1.1" 200 7399 "-" "Mozilla/5.0 (Linux; Android 7.0;) AppleWebKit/537.36 (KHTML, like Gecko) Mobile Safari/537.36 (compatible; PetalBot;+https://webmaster.petalsearch.com/site/petalbot)"
54.36.148.19 - - [29/Nov/2021:10:08:32 +0100] "GET /images/big_prod_1/3700572737102B.jpg HTTP/1.1" 200 245071 "-" "Mozilla/5.0 (compatible; AhrefsBot/7.0; +http://ahrefs.com/robot/)"
47.254.22.110 - - [29/Nov/2021:10:09:22 +0100] "GET /images/mini_prod/8435333835166.jpg HTTP/1.1" 200 9439 "-" "Mozilla/5.0 (X11; Ubuntu; Linux x86_64; rv:72.0) Gecko/20100101 Firefox/72.0"
77.75.78.163 - - [29/Nov/2021:10:09:38 +0100] "GET /robots.txt HTTP/1.1" 200 2438 "-" "Mozilla/5.0 (compatible; SeznamBot/3.2; +http://napoveda.seznam.cz/en/seznambot-intro/)"
77.75.78.163 - - [29/Nov/2021:10:09:39 +0100] "GET /images/mini_prod/3453131140669.jpg HTTP/1.1" 200 4781 "-" "Mozilla/5.0 (compatible; SeznamBot/3.2; +http://napoveda.seznam.cz/en/seznambot-intro/)"
114.119.128.26 - - [29/Nov/2021:10:09:54 +0100] "GET /images/big_prod/1345544888554.jpg HTTP/1.1" 200 114379 "-" "Mozilla/5.0 (Linux; Android 7.0;) AppleWebKit/537.36 (KHTML, like Gecko) Mobile Safari/537.36 (compatible; PetalBot;+https://webmaster.petalsearch.com/site/petalbot)"
157.55.39.223 - - [29/Nov/2021:10:10:06 +0100] "GET /images/big_prod/3701206604371.jpg HTTP/1.1" 200 305068 "-" "Mozilla/5.0 (compatible; bingbot/2.0; +http://www.bing.com/bingbot.htm)"
185.191.171.7 - - [29/Nov/2021:10:10:42 +0100] "GET /robots.txt HTTP/1.1" 200 2438 "-" "Mozilla/5.0 (compatible; SemrushBot/7~bl; +http://www.semrush.com/bot.html)"
40.77.167.66 - - [29/Nov/2021:10:12:54 +0100] "GET /images/3700276265567.jpg HTTP/1.1" 200 48648 "-" "Mozilla/5.0 (compatible; bingbot/2.0; +http://www.bing.com/bingbot.htm)"
40.77.167.66 - - [29/Nov/2021:10:14:24 +0100] "GET /images/B12359.jpg HTTP/1.1" 200 14816 "-" "Mozilla/5.0 (compatible; bingbot/2.0; +http://www.bing.com/bingbot.htm)"
157.55.39.223 - - [29/Nov/2021:10:19:19 +0100] "GET /images/mini_prod/1384010190975.jpg HTTP/1.1" 200 8172 "-" "Mozilla/5.0 (compatible; bingbot/2.0; +http://www.bing.com/bingbot.htm)"
207.46.13.118 - - [29/Nov/2021:10:21:50 +0100] "GET /images/3760121797735.jpg HTTP/1.1" 200 202147 "-" "Mozilla/5.0 (compatible; bingbot/2.0; +http://www.bing.com/bingbot.htm)"
157.55.39.228 - - [29/Nov/2021:10:21:52 +0100] "GET /images/pyjama2009dbzanthracyte.jpg HTTP/1.1" 200 18920 "-" "Mozilla/5.0 (compatible; bingbot/2.0; +http://www.bing.com/bingbot.htm)"
147.92.153.9 - - [29/Nov/2021:10:23:52 +0100] "GET /images/big_prod/3665269156508.jpg HTTP/1.1" 200 131760 "-" "Mozilla/5.0 (compatible; Linespider/1.1; +https://lin.ee/4dwXkTH)"
207.46.13.202 - - [29/Nov/2021:10:24:42 +0100] "GET /images/3438100316986.jpg HTTP/1.1" 200 26893 "-" "Mozilla/5.0 (compatible; bingbot/2.0; +http://www.bing.com/bingbot.htm)"
157.55.39.228 - - [29/Nov/2021:10:26:22 +0100] "GET /images/mini_prod/3608860260335.jpg HTTP/1.1" 200 7022 "-" "Mozilla/5.0 (compatible; bingbot/2.0; +http://www.bing.com/bingbot.htm)"
66.249.75.166 - - [29/Nov/2021:10:29:20 +0100] "GET /images/big_prod/8424346534753.jpg HTTP/1.1" 200 134101 "-" "Googlebot-Image/1.0"
157.55.39.228 - - [29/Nov/2021:10:33:24 +0100] "GET /images/big_prod/8427148033608.jpg HTTP/1.1" 200 89376 "-" "Mozilla/5.0 (compatible; bingbot/2.0; +http://www.bing.com/bingbot.htm)"
114.119.128.34 - - [29/Nov/2021:10:35:24 +0100] "GET /images/big_prod_2/8422810090392c.jpg HTTP/1.1" 200 54121 "-" "Mozilla/5.0 (Linux; Android 7.0;) AppleWebKit/537.36 (KHTML, like Gecko) Mobile Safari/537.36 (compatible; PetalBot;+https://webmaster.petalsearch.com/site/petalbot)"
157.55.39.223 - - [29/Nov/2021:10:39:06 +0100] "GET /images/mini_prod/3014627829316.jpg HTTP/1.1" 200 3965 "-" "Mozilla/5.0 (compatible; bingbot/2.0; +http://www.bing.com/bingbot.htm)"
207.46.13.202 - - [29/Nov/2021:10:40:54 +0100] "GET /images/big_prod/1399137201985.jpg HTTP/1.1" 200 98285 "-" "Mozilla/5.0 (compatible; bingbot/2.0; +http://www.bing.com/bingbot.htm)"
77.88.5.222 - - [29/Nov/2021:10:40:59 +0100] "GET /images/3521320631073b.jpg HTTP/1.1" 200 28920 "-" "Mozilla/5.0 (compatible; YandexImages/3.0; +http://yandex.com/bots)"
96.20.22.190 - - [29/Nov/2021:10:42:26 +0100] "GET /js/jquery.jqzoom.js HTTP/1.1" 200 4761 "http://www.wonder-geek.com/" "Mozilla/5.0 (iPhone; CPU iPhone OS 15_1 like Mac OS X) AppleWebKit/605.1.15 (KHTML, like Gecko) Version/15.1 Mobile/15E148 Safari/604.1"
96.20.22.190 - - [29/Nov/2021:10:42:26 +0100] "GET /highslide/highslide.js HTTP/1.1" 200 42909 "http://www.wonder-geek.com/" "Mozilla/5.0 (iPhone; CPU iPhone OS 15_1 like Mac OS X) AppleWebKit/605.1.15 (KHTML, like Gecko) Version/15.1 Mobile/15E148 Safari/604.1"
96.20.22.190 - - [29/Nov/2021:10:42:26 +0100] "GET /templates/Pixame_v1/stylesheet.css HTTP/1.1" 200 56057 "http://www.wonder-geek.com/" "Mozilla/5.0 (iPhone; CPU iPhone OS 15_1 like Mac OS X) AppleWebKit/605.1.15 (KHTML, like Gecko) Version/15.1 Mobile/15E148 Safari/604.1"
96.20.22.190 - - [29/Nov/2021:10:42:26 +0100] "GET /mondial_relay/js/jquery-1.3.2.min.js HTTP/1.1" 200 57254 "http://www.wonder-geek.com/" "Mozilla/5.0 (iPhone; CPU iPhone OS 15_1 like Mac OS X) AppleWebKit/605.1.15 (KHTML, like Gecko) Version/15.1 Mobile/15E148 Safari/604.1"
96.20.22.190 - - [29/Nov/2021:10:42:26 +0100] "GET /js/jquery.js HTTP/1.1" 200 54075 "http://www.wonder-geek.com/" "Mozilla/5.0 (iPhone; CPU iPhone OS 15_1 like Mac OS X) AppleWebKit/605.1.15 (KHTML, like Gecko) Version/15.1 Mobile/15E148 Safari/604.1"
96.20.22.190 - - [29/Nov/2021:10:42:26 +0100] "GET /js/jquery.masonry.min.js HTTP/1.1" 200 5392 "http://www.wonder-geek.com/" "Mozilla/5.0 (iPhone; CPU iPhone OS 15_1 like Mac OS X) AppleWebKit/605.1.15 (KHTML, like Gecko) Version/15.1 Mobile/15E148 Safari/604.1"
96.20.22.190 - - [29/Nov/2021:10:42:26 +0100] "GET /js/modernizr-transitions.js HTTP/1.1" 200 2026 "http://www.wonder-geek.com/" "Mozilla/5.0 (iPhone; CPU iPhone OS 15_1 like Mac OS X) AppleWebKit/605.1.15 (KHTML, like Gecko) Version/15.1 Mobile/15E148 Safari/604.1"
96.20.22.190 - - [29/Nov/2021:10:42:26 +0100] "GET /templates/Pixame_v1/images/icon_accueil2.png HTTP/1.1" 200 1137 "http://www.wonder-geek.com/" "Mozilla/5.0 (iPhone; CPU iPhone OS 15_1 like Mac OS X) AppleWebKit/605.1.15 (KHTML, like Gecko) Version/15.1 Mobile/15E148 Safari/604.1"
96.20.22.190 - - [29/Nov/2021:10:42:26 +0100] "GET /templates/Pixame_v1/images/nav.png HTTP/1.1" 200 1283 "http://www.wonder-geek.com/" "Mozilla/5.0 (iPhone; CPU iPhone OS 15_1 like Mac OS X) AppleWebKit/605.1.15 (KHTML, like Gecko) Version/15.1 Mobile/15E148 Safari/604.1"
96.20.22.190 - - [29/Nov/2021:10:42:27 +0100] "GET /templates/Pixame_v1/images/header.png HTTP/1.1" 200 70245 "http://www.wonder-geek.com/" "Mozilla/5.0 (iPhone; CPU iPhone OS 15_1 like Mac OS X) AppleWebKit/605.1.15 (KHTML, like Gecko) Version/15.1 Mobile/15E148 Safari/604.1"
96.20.22.190 - - [29/Nov/2021:10:42:27 +0100] "GET /design/productsenstock.png HTTP/1.1" 200 4743 "http://www.wonder-geek.com/" "Mozilla/5.0 (iPhone; CPU iPhone OS 15_1 like Mac OS X) AppleWebKit/605.1.15 (KHTML, like Gecko) Version/15.1 Mobile/15E148 Safari/604.1"
96.20.22.190 - - [29/Nov/2021:10:42:27 +0100] "GET /templates/Pixame_v1/images/Bottom_texture.jpg HTTP/1.1" 200 56290 "http://www.wonder-geek.com/" "Mozilla/5.0 (iPhone; CPU iPhone OS 15_1 like Mac OS X) AppleWebKit/605.1.15 (KHTML, like Gecko) Version/15.1 Mobile/15E148 Safari/604.1"
96.20.22.190 - - [29/Nov/2021:10:42:27 +0100] "GET /images/mini_prod/8720088297964.jpg HTTP/1.1" 200 4924 "http://www.wonder-geek.com/" "Mozilla/5.0 (iPhone; CPU iPhone OS 15_1 like Mac OS X) AppleWebKit/605.1.15 (KHTML, like Gecko) Version/15.1 Mobile/15E148 Safari/604.1"
96.20.22.190 - - [29/Nov/2021:10:42:27 +0100] "GET /images/mini_prod/3503420503368.jpg HTTP/1.1" 200 6170 "http://www.wonder-geek.com/" "Mozilla/5.0 (iPhone; CPU iPhone OS 15_1 like Mac OS X) AppleWebKit/605.1.15 (KHTML, like Gecko) Version/15.1 Mobile/15E148 Safari/604.1"
96.20.22.190 - - [29/Nov/2021:10:42:27 +0100] "GET /images/mini_prod/8433933251416.jpg HTTP/1.1" 200 5380 "http://www.wonder-geek.com/" "Mozilla/5.0 (iPhone; CPU iPhone OS 15_1 like Mac OS X) AppleWebKit/605.1.15 (KHTML, like Gecko) Version/15.1 Mobile/15E148 Safari/604.1"
96.20.22.190 - - [29/Nov/2021:10:42:27 +0100] "GET /templates/Pixame_v1/images/header-object.png HTTP/1.1" 200 106050 "http://www.wonder-geek.com/" "Mozilla/5.0 (iPhone; CPU iPhone OS 15_1 like Mac OS X) AppleWebKit/605.1.15 (KHTML, like Gecko) Version/15.1 Mobile/15E148 Safari/604.1"
96.20.22.190 - - [29/Nov/2021:10:42:27 +0100] "GET /images/mini_prod/3453131158251C.jpg HTTP/1.1" 200 4548 "http://www.wonder-geek.com/" "Mozilla/5.0 (iPhone; CPU iPhone OS 15_1 like Mac OS X) AppleWebKit/605.1.15 (KHTML, like Gecko) Version/15.1 Mobile/15E148 Safari/604.1"
96.20.22.190 - - [29/Nov/2021:10:42:27 +0100] "GET /templates/Pixame_v1/images/Middle_texture.jpg HTTP/1.1" 200 249620 "http://www.wonder-geek.com/" "Mozilla/5.0 (iPhone; CPU iPhone OS 15_1 like Mac OS X) AppleWebKit/605.1.15 (KHTML, like Gecko) Version/15.1 Mobile/15E148 Safari/604.1"
96.20.22.190 - - [29/Nov/2021:10:42:27 +0100] "GET /images/mini_prod/4250255840470.jpg HTTP/1.1" 200 4011 "http://www.wonder-geek.com/" "Mozilla/5.0 (iPhone; CPU iPhone OS 15_1 like Mac OS X) AppleWebKit/605.1.15 (KHTML, like Gecko) Version/15.1 Mobile/15E148 Safari/604.1"
96.20.22.190 - - [29/Nov/2021:10:42:27 +0100] "GET /images/mini_prod/8433933243091.jpg HTTP/1.1" 200 6811 "http://www.wonder-geek.com/" "Mozilla/5.0 (iPhone; CPU iPhone OS 15_1 like Mac OS X) AppleWebKit/605.1.15 (KHTML, like Gecko) Version/15.1 Mobile/15E148 Safari/604.1"
96.20.22.190 - - [29/Nov/2021:10:42:27 +0100] "GET /images/mini_prod/8718657462530.jpg HTTP/1.1" 200 7087 "http://www.wonder-geek.com/" "Mozilla/5.0 (iPhone; CPU iPhone OS 15_1 like Mac OS X) AppleWebKit/605.1.15 (KHTML, like Gecko) Version/15.1 Mobile/15E148 Safari/604.1"
96.20.22.190 - - [29/Nov/2021:10:42:27 +0100] "GET /images/mini_prod/8720512970968.jpg HTTP/1.1" 200 4328 "http://www.wonder-geek.com/" "Mozilla/5.0 (iPhone; CPU iPhone OS 15_1 like Mac OS X) AppleWebKit/605.1.15 (KHTML, like Gecko) Version/15.1 Mobile/15E148 Safari/604.1"
96.20.22.190 - - [29/Nov/2021:10:42:27 +0100] "GET /images/mini_prod/5400924182724.jpg HTTP/1.1" 200 5562 "http://www.wonder-geek.com/" "Mozilla/5.0 (iPhone; CPU iPhone OS 15_1 like Mac OS X) AppleWebKit/605.1.15 (KHTML, like Gecko) Version/15.1 Mobile/15E148 Safari/604.1"
96.20.22.190 - - [29/Nov/2021:10:42:27 +0100] "GET /images/mini_prod/3665269156546.jpg HTTP/1.1" 200 4715 "http://www.wonder-geek.com/" "Mozilla/5.0 (iPhone; CPU iPhone OS 15_1 like Mac OS X) AppleWebKit/605.1.15 (KHTML, like Gecko) Version/15.1 Mobile/15E148 Safari/604.1"
96.20.22.190 - - [29/Nov/2021:10:42:27 +0100] "GET /images/mini_prod/8433933243039.jpg HTTP/1.1" 200 7463 "http://www.wonder-geek.com/" "Mozilla/5.0 (iPhone; CPU iPhone OS 15_1 like Mac OS X) AppleWebKit/605.1.15 (KHTML, like Gecko) Version/15.1 Mobile/15E148 Safari/604.1"
96.20.22.190 - - [29/Nov/2021:10:42:27 +0100] "GET /images/mini_prod/3503420131004.jpg HTTP/1.1" 200 6674 "http://www.wonder-geek.com/" "Mozilla/5.0 (iPhone; CPU iPhone OS 15_1 like Mac OS X) AppleWebKit/605.1.15 (KHTML, like Gecko) Version/15.1 Mobile/15E148 Safari/604.1"
96.20.22.190 - - [29/Nov/2021:10:42:27 +0100] "GET /images/mini_prod/a8717202555284.jpg HTTP/1.1" 200 4135 "http://www.wonder-geek.com/" "Mozilla/5.0 (iPhone; CPU iPhone OS 15_1 like Mac OS X) AppleWebKit/605.1.15 (KHTML, like Gecko) Version/15.1 Mobile/15E148 Safari/604.1"
96.20.22.190 - - [29/Nov/2021:10:42:27 +0100] "GET /images/mini_prod/4250255859649.jpg HTTP/1.1" 200 2531 "http://www.wonder-geek.com/" "Mozilla/5.0 (iPhone; CPU iPhone OS 15_1 like Mac OS X) AppleWebKit/605.1.15 (KHTML, like Gecko) Version/15.1 Mobile/15E148 Safari/604.1"
