52.143.94.226 - - [29/Nov/2021:21:53:12 +0100] "GET /images/big_prod/1399984289631.jpg HTTP/1.1" 200 77742 "-" "Mozilla/5.0 (Windows NT 10.0; WOW64) AppleWebKit/537.36 (KHTML, like Gecko) Chrome/64.0.3282.186 Safari/537.36"
52.156.93.98 - - [29/Nov/2021:21:53:48 +0100] "GET /images/big_prod/3014627949977.jpg HTTP/1.1" 200 60721 "-" "Mozilla/4.0 (compatible; MSIE 7.0; Windows NT 6.0)"
52.143.90.141 - - [29/Nov/2021:21:53:56 +0100] "GET /images/1020322270188.jpg HTTP/1.1" 200 74727 "-" "Mozilla/5.0 (Windows NT 10.0; ) Gecko/20100101 Firefox/61.0"
40.77.167.66 - - [29/Nov/2021:21:54:04 +0100] "GET /images/885561160017.jpg HTTP/1.1" 200 21209 "-" "Mozilla/5.0 (compatible; bingbot/2.0; +http://www.bing.com/bingbot.htm)"
95.216.38.186 - - [29/Nov/2021:21:55:14 +0100] "GET /robots.txt HTTP/1.1" 200 2438 "-" "Mozilla/5.0 (compatible; MJ12bot/v1.4.8; http://mj12bot.com/)"
66.152.168.234 - - [29/Nov/2021:21:56:28 +0100] "GET /images/mini_prod/4717115143022.jpg HTTP/1.1" 200 5268 "-" "Mozilla/5.0 (X11; Ubuntu; Linux x86_64; rv:72.0) Gecko/20100101 Firefox/72.0"
129.206.106.110 - - [29/Nov/2021:21:57:15 +0100] "GET /images/mini_prod/5203199036064.jpg HTTP/1.1" 200 8070 "-" "Mozilla/5.0 (X11; Ubuntu; Linux x86_64; rv:72.0) Gecko/20100101 Firefox/72.0"
52.137.89.11 - - [29/Nov/2021:21:57:17 +0100] "GET /images/big_prod/3565750277722.jpg HTTP/1.1" 200 52676 "-" "Mozilla/5.0 (X11; Linux x86_64) AppleWebKit/537.36 (KHTML, like Gecko) Chrome/62.0.3202.62 Safari/537.36"
157.55.39.125 - - [29/Nov/2021:22:00:21 +0100] "GET /images/big_prod/1300000024013.jpg HTTP/1.1" 200 50054 "-" "Mozilla/5.0 (compatible; bingbot/2.0; +http://www.bing.com/bingbot.htm)"
50.17.48.111 - - [29/Nov/2021:22:00:28 +0100] "GET /images/mini_prod/3014627769278.jpg HTTP/1.1" 200 6606 "-" "Mozilla/5.0 (X11; Ubuntu; Linux x86_64; rv:72.0) Gecko/20100101 Firefox/72.0"
66.249.88.90 - - [29/Nov/2021:22:02:15 +0100] "GET /images/big_prod_1/22888a.jpg HTTP/1.1" 200 414022 "-" "Mozilla/5.0 (Windows NT 5.1; rv:11.0) Gecko Firefox/11.0 (via ggpht.com GoogleImageProxy)"
157.55.39.223 - - [29/Nov/2021:22:02:16 +0100] "GET /images/big_prod/3608860228496.jpg HTTP/1.1" 200 74564 "-" "Mozilla/5.0 (compatible; bingbot/2.0; +http://www.bing.com/bingbot.htm)"
52.156.93.160 - - [29/Nov/2021:22:02:40 +0100] "GET /images/3700217350147.jpg HTTP/1.1" 200 35213 "-" "Mozilla/5.0 (Windows NT 10.0; WOW64) AppleWebKit/537.36 (KHTML, like Gecko) Chrome/64.0.3282.186 Safari/537.36"
114.119.140.174 - - [29/Nov/2021:22:03:30 +0100] "GET /robots.txt HTTP/1.1" 200 2438 "-" "Mozilla/5.0 (compatible;PetalBot;+https://webmaster.petalsearch.com/site/petalbot)"
207.46.13.202 - - [29/Nov/2021:22:03:33 +0100] "GET /images/3700276874486.jpg HTTP/1.1" 200 46281 "-" "Mozilla/5.0 (compatible; bingbot/2.0; +http://www.bing.com/bingbot.htm)"
74.125.208.123 - - [29/Nov/2021:22:04:25 +0100] "GET /images/big_prod_1/b8435333807804.jpg HTTP/1.1" 200 86824 "-" "Mozilla/5.0 (Windows NT 5.1; rv:11.0) Gecko Firefox/11.0 (via ggpht.com GoogleImageProxy)"
52.148.165.152 - - [29/Nov/2021:22:04:40 +0100] "GET /images/big_prod/1384010202890.jpg HTTP/1.1" 200 58940 "-" "Mozilla/5.0 (Macintosh; U; PPC Mac OS X 10.5; en-US; rv:1.9.2.15) Gecko/20110303 Firefox/3.6.15"
40.77.167.66 - - [29/Nov/2021:22:04:54 +0100] "GET /images/big_prod/4005086220027.jpg HTTP/1.1" 200 56770 "-" "Mozilla/5.0 (compatible; bingbot/2.0; +http://www.bing.com/bingbot.htm)"
52.156.93.152 - - [29/Nov/2021:22:07:50 +0100] "GET /images/med_prod/1399984284087.jpg HTTP/1.1" 200 146234 "-" "Mozilla/5.0 (Windows NT 6.1; WOW64) AppleWebKit/537.36 (KHTML, like Gecko) Chrome/45.0.2454.101 Safari/537.36"
147.92.153.13 - - [29/Nov/2021:22:08:26 +0100] "GET /images/big_prod_2/3700516291547C.jpg HTTP/1.1" 200 398834 "-" "Mozilla/5.0 (compatible; Linespider/1.1; +https://lin.ee/4dwXkTH)"
120.92.68.115 - - [29/Nov/2021:22:10:27 +0100] "GET /images/mini_prod/1384010202913.jpg HTTP/1.1" 200 5091 "-" "Mozilla/5.0 (Windows NT 10.0; WOW64) AppleWebKit/537.36 (KHTML, like Gecko) Chrome/61.0.3163.100 Safari/537.36"
52.148.165.70 - - [29/Nov/2021:22:10:47 +0100] "GET /images/med_prod/1384010176917.jpg HTTP/1.1" 200 136375 "-" "Mozilla/5.0 (X11; Linux x86_64) AppleWebKit/537.36 (KHTML, like Gecko) Chrome/62.0.3202.62 Safari/537.36"
157.55.39.108 - - [29/Nov/2021:22:11:01 +0100] "GET /images/big_prod_1/3660173185552a.jpg HTTP/1.1" 200 47288 "-" "Mozilla/5.0 (compatible; bingbot/2.0; +http://www.bing.com/bingbot.htm)"
66.249.75.166 - - [29/Nov/2021:22:11:33 +0100] "GET /images/mini_prod/4250255858734.jpg HTTP/1.1" 200 2821 "-" "Googlebot-Image/1.0"
165.154.72.231 - - [29/Nov/2021:22:12:10 +0100] "GET /images/mini_prod/3681643100752.jpg HTTP/1.1" 200 5814 "-" "Mozilla/5.0 (X11; Ubuntu; Linux x86_64; rv:72.0) Gecko/20100101 Firefox/72.0"
185.191.171.4 - - [29/Nov/2021:22:13:50 +0100] "GET /robots.txt HTTP/1.1" 200 2438 "-" "Mozilla/5.0 (compatible; SemrushBot/7~bl; +http://www.semrush.com/bot.html)"
52.143.89.47 - - [29/Nov/2021:22:15:07 +0100] "GET /images/big_prod_1/3014627889785.jpg HTTP/1.1" 200 86082 "-" "Mozilla/4.0 (compatible; MSIE 7.0; Windows NT 6.0)"
5.255.253.187 - - [29/Nov/2021:22:15:16 +0100] "GET /images/3521320605111.jpg HTTP/1.1" 200 24149 "-" "Mozilla/5.0 (compatible; YandexImages/3.0; +http://yandex.com/bots)"
52.137.89.11 - - [29/Nov/2021:22:15:29 +0100] "GET /images/med_prod/3700653593320.jpg HTTP/1.1" 200 59917 "-" "Mozilla/4.0 (compatible; MSIE 7.0; Windows NT 6.0)"
207.46.13.202 - - [29/Nov/2021:22:15:34 +0100] "GET /images/1399984259238.jpg HTTP/1.1" 200 88818 "-" "Mozilla/5.0 (compatible; bingbot/2.0; +http://www.bing.com/bingbot.htm)"
52.156.93.160 - - [29/Nov/2021:22:16:29 +0100] "GET /images/big_prod_1/4029811410279N.jpg HTTP/1.1" 200 108340 "-" "Mozilla/5.0 (Windows NT 6.1; WOW64) AppleWebKit/537.36 (KHTML, like Gecko) Chrome/45.0.2454.101 Safari/537.36"
114.119.136.78 - - [29/Nov/2021:22:17:22 +0100] "GET /robots.txt HTTP/1.1" 200 2438 "-" "Mozilla/5.0 (compatible;PetalBot;+https://webmaster.petalsearch.com/site/petalbot)"
20.80.156.87 - - [29/Nov/2021:22:19:54 +0100] "GET /images/big_prod/8718375754344.jpg HTTP/1.1" 200 150691 "-" "Mozilla/5.0 (Windows NT 10.0; WOW64) AppleWebKit/537.36 (KHTML, like Gecko) Chrome/64.0.3282.186 Safari/537.36"
129.206.106.110 - - [29/Nov/2021:22:20:28 +0100] "GET /images/mini_prod/Image17.jpg HTTP/1.1" 200 24072 "-" "Mozilla/5.0 (X11; Ubuntu; Linux x86_64; rv:72.0) Gecko/20100101 Firefox/72.0"
216.244.66.242 - - [29/Nov/2021:22:22:55 +0100] "GET /robots.txt HTTP/1.1" 200 2438 "-" "Mozilla/5.0 (compatible; DotBot/1.2; +https://opensiteexplorer.org/dotbot; help@moz.com)"
40.77.167.66 - - [29/Nov/2021:22:23:36 +0100] "GET /images/big_prod_1/8424345981091B.jpg HTTP/1.1" 200 49862 "-" "Mozilla/5.0 (compatible; bingbot/2.0; +http://www.bing.com/bingbot.htm)"
52.156.93.98 - - [29/Nov/2021:22:25:43 +0100] "GET /images/8003990631232.jpg HTTP/1.1" 200 121403 "-" "Mozilla/5.0 (Windows NT 6.1; WOW64) AppleWebKit/537.36 (KHTML, like Gecko) Chrome/45.0.2454.101 Safari/537.36"
207.46.13.202 - - [29/Nov/2021:22:26:14 +0100] "GET /images/mini_prod/4036113221298.jpg HTTP/1.1" 200 8297 "-" "Mozilla/5.0 (compatible; bingbot/2.0; +http://www.bing.com/bingbot.htm)"
66.249.75.168 - - [29/Nov/2021:22:28:16 +0100] "GET /images/big_prod/1348422000635.jpg HTTP/1.1" 200 46909 "-" "Googlebot-Image/1.0"
165.154.72.231 - - [29/Nov/2021:22:29:31 +0100] "GET /images/mini_prod/5051265800619.jpg HTTP/1.1" 200 9282 "-" "Mozilla/5.0 (X11; Ubuntu; Linux x86_64; rv:72.0) Gecko/20100101 Firefox/72.0"
20.99.153.204 - - [29/Nov/2021:22:30:22 +0100] "GET /images/big_prod/5409240219244.jpg HTTP/1.1" 200 85965 "-" "Mozilla/5.0 (Windows NT 10.0; ) Gecko/20100101 Firefox/61.0"
52.143.90.141 - - [29/Nov/2021:22:32:39 +0100] "GET /images/big_prod/4025055017786.jpg HTTP/1.1" 200 55226 "-" "Mozilla/5.0 (Windows NT 10.0; WOW64) AppleWebKit/537.36 (KHTML, like Gecko) Chrome/67.0.3396.99 Safari/537.36"
124.71.153.13 - - [29/Nov/2021:22:33:23 +0100] "GET /images/mini_prod/5051265800404.jpg HTTP/1.1" 200 11057 "-" "Mozilla/5.0 (X11; Ubuntu; Linux x86_64; rv:72.0) Gecko/20100101 Firefox/72.0"
20.80.156.87 - - [29/Nov/2021:22:33:26 +0100] "GET /images/big_prod/8422810090415.jpg HTTP/1.1" 200 57535 "-" "Mozilla/5.0 (Macintosh; U; PPC Mac OS X 10.5; en-US; rv:1.9.2.15) Gecko/20110303 Firefox/3.6.15"
40.77.167.66 - - [29/Nov/2021:22:34:28 +0100] "GET /images/big_prod_1/1028160011918N.jpg HTTP/1.1" 200 133465 "-" "Mozilla/5.0 (compatible; bingbot/2.0; +http://www.bing.com/bingbot.htm)"
165.154.72.231 - - [29/Nov/2021:22:35:09 +0100] "GET /images/1300010240274.jpg HTTP/1.1" 200 89484 "-" "Mozilla/5.0 (X11; Ubuntu; Linux x86_64; rv:72.0) Gecko/20100101 Firefox/72.0"
40.77.167.66 - - [29/Nov/2021:22:36:39 +0100] "GET /images/big_prod/1341689464257.jpg HTTP/1.1" 200 202048 "-" "Mozilla/5.0 (compatible; bingbot/2.0; +http://www.bing.com/bingbot.htm)"
54.36.149.49 - - [29/Nov/2021:22:36:50 +0100] "GET /images/big_prod/8433933101490.jpg HTTP/1.1" 200 51104 "-" "Mozilla/5.0 (compatible; AhrefsBot/7.0; +http://ahrefs.com/robot/)"
52.143.90.141 - - [29/Nov/2021:22:37:08 +0100] "GET /images/big_prod/8718317633317.jpg HTTP/1.1" 200 86979 "-" "Mozilla/5.0 (Windows NT 10.0; WOW64) AppleWebKit/537.36 (KHTML, like Gecko) Chrome/67.0.3396.99 Safari/537.36"
129.206.106.110 - - [29/Nov/2021:22:40:54 +0100] "GET /images/mini_prod/5213199036063.jpg HTTP/1.1" 200 7655 "-" "Mozilla/5.0 (X11; Ubuntu; Linux x86_64; rv:72.0) Gecko/20100101 Firefox/72.0"
52.156.93.98 - - [29/Nov/2021:22:41:07 +0100] "GET /images/big_prod/8424346043873.jpg HTTP/1.1" 200 120877 "-" "Mozilla/5.0 (Windows NT 10.0; WOW64) AppleWebKit/537.36 (KHTML, like Gecko) Chrome/68.0.3440.106 Safari/537.36"
52.148.165.152 - - [29/Nov/2021:22:41:30 +0100] "GET /images/big_prod_1/b4029811409365.jpg HTTP/1.1" 200 89605 "-" "Mozilla/5.0 (Windows NT 10.0; WOW64) AppleWebKit/537.36 (KHTML, like Gecko) Chrome/64.0.3282.186 Safari/537.36"
157.55.39.108 - - [29/Nov/2021:22:42:34 +0100] "GET /images/mini_prod/9316188070218.jpg HTTP/1.1" 200 5095 "-" "Mozilla/5.0 (compatible; bingbot/2.0; +http://www.bing.com/bingbot.htm)"
157.55.39.108 - - [29/Nov/2021:22:43:54 +0100] "GET /images/mini_prod/3665269039573.jpg HTTP/1.1" 200 4487 "-" "Mozilla/5.0 (compatible; bingbot/2.0; +http://www.bing.com/bingbot.htm)"
159.138.102.98 - - [29/Nov/2021:22:45:00 +0100] "GET /images/big_prod_1/3701206604135B.jpg HTTP/1.1" 200 528004 "-" "Mozilla/5.0 (Linux; Android 7.0;) AppleWebKit/537.36 (KHTML, like Gecko) Mobile Safari/537.36 (compatible; PetalBot;+https://webmaster.petalsearch.com/site/petalbot)"
20.99.153.157 - - [29/Nov/2021:22:46:02 +0100] "GET /images/big_prod_1/b5018997612996.jpg HTTP/1.1" 200 138629 "-" "Mozilla/5.0 (Windows NT 10.0; ) Gecko/20100101 Firefox/61.0"
106.53.124.110 - - [29/Nov/2021:22:48:12 +0100] "GET /images/mini_prod/8424346350001.jpg HTTP/1.1" 200 12731 "-" "Mozilla/5.0 (X11; Ubuntu; Linux x86_64; rv:72.0) Gecko/20100101 Firefox/72.0"
54.36.148.159 - - [29/Nov/2021:22:48:19 +0100] "GET /images/big_prod/1384010184721.jpg HTTP/1.1" 200 69069 "-" "Mozilla/5.0 (compatible; AhrefsBot/7.0; +http://ahrefs.com/robot/)"
114.119.128.40 - - [29/Nov/2021:22:50:14 +0100] "GET /images/big_prod/5055321748495.jpg HTTP/1.1" 200 176079 "-" "Mozilla/5.0 (Linux; Android 7.0;) AppleWebKit/537.36 (KHTML, like Gecko) Mobile Safari/537.36 (compatible; PetalBot;+https://webmaster.petalsearch.com/site/petalbot)"
89.186.188.30 - - [29/Nov/2021:22:51:38 +0100] "GET /images/mini_prod/52131990360631-fushia.jpg HTTP/1.1" 200 7630 "-" "Mozilla/5.0 (X11; Ubuntu; Linux x86_64; rv:72.0) Gecko/20100101 Firefox/72.0"
83.29.131.227 - - [29/Nov/2021:22:53:05 +0100] "GET /js/jquery.jqzoom.js HTTP/1.1" 200 4761 "http://www.wonder-geek.com/jane-crowther-cats-p-54763.html" "Mozilla/5.0 (Windows NT 10.0; Win64; x64) AppleWebKit/537.36 (KHTML, like Gecko) Chrome/95.0.4638.69 Safari/537.36"
83.29.131.227 - - [29/Nov/2021:22:53:05 +0100] "GET /templates/Pixame_v1/stylesheet.css HTTP/1.1" 200 56057 "http://www.wonder-geek.com/jane-crowther-cats-p-54763.html" "Mozilla/5.0 (Windows NT 10.0; Win64; x64) AppleWebKit/537.36 (KHTML, like Gecko) Chrome/95.0.4638.69 Safari/537.36"
83.29.131.227 - - [29/Nov/2021:22:53:05 +0100] "GET /highslide/highslide.js HTTP/1.1" 200 42909 "http://www.wonder-geek.com/jane-crowther-cats-p-54763.html" "Mozilla/5.0 (Windows NT 10.0; Win64; x64) AppleWebKit/537.36 (KHTML, like Gecko) Chrome/95.0.4638.69 Safari/537.36"
83.29.131.227 - - [29/Nov/2021:22:53:05 +0100] "GET /js/jquery.js HTTP/1.1" 200 54075 "http://www.wonder-geek.com/jane-crowther-cats-p-54763.html" "Mozilla/5.0 (Windows NT 10.0; Win64; x64) AppleWebKit/537.36 (KHTML, like Gecko) Chrome/95.0.4638.69 Safari/537.36"
83.29.131.227 - - [29/Nov/2021:22:53:05 +0100] "GET /mondial_relay/js/jquery-1.3.2.min.js HTTP/1.1" 200 57254 "http://www.wonder-geek.com/jane-crowther-cats-p-54763.html" "Mozilla/5.0 (Windows NT 10.0; Win64; x64) AppleWebKit/537.36 (KHTML, like Gecko) Chrome/95.0.4638.69 Safari/537.36"
83.29.131.227 - - [29/Nov/2021:22:53:05 +0100] "GET /templates/Pixame_v1/images/icon_accueil2.png HTTP/1.1" 200 1137 "http://www.wonder-geek.com/jane-crowther-cats-p-54763.html" "Mozilla/5.0 (Windows NT 10.0; Win64; x64) AppleWebKit/537.36 (KHTML, like Gecko) Chrome/95.0.4638.69 Safari/537.36"
83.29.131.227 - - [29/Nov/2021:22:53:05 +0100] "GET /templates/Pixame_v1/images/buttons/english/button_in_cart.gif HTTP/1.1" 200 1212 "http://www.wonder-geek.com/jane-crowther-cats-p-54763.html" "Mozilla/5.0 (Windows NT 10.0; Win64; x64) AppleWebKit/537.36 (KHTML, like Gecko) Chrome/95.0.4638.69 Safari/537.36"
83.29.131.227 - - [29/Nov/2021:22:53:05 +0100] "GET /templates/Pixame_v1/images/nav.png HTTP/1.1" 200 1283 "http://www.wonder-geek.com/templates/Pixame_v1/stylesheet.css" "Mozilla/5.0 (Windows NT 10.0; Win64; x64) AppleWebKit/537.36 (KHTML, like Gecko) Chrome/95.0.4638.69 Safari/537.36"
83.29.131.227 - - [29/Nov/2021:22:53:05 +0100] "GET /templates/Pixame_v1/images/Bottom_texture.jpg HTTP/1.1" 200 56290 "http://www.wonder-geek.com/templates/Pixame_v1/stylesheet.css" "Mozilla/5.0 (Windows NT 10.0; Win64; x64) AppleWebKit/537.36 (KHTML, like Gecko) Chrome/95.0.4638.69 Safari/537.36"
83.29.131.227 - - [29/Nov/2021:22:53:05 +0100] "GET /templates/Pixame_v1/images/header.png HTTP/1.1" 200 70245 "http://www.wonder-geek.com/templates/Pixame_v1/stylesheet.css" "Mozilla/5.0 (Windows NT 10.0; Win64; x64) AppleWebKit/537.36 (KHTML, like Gecko) Chrome/95.0.4638.69 Safari/537.36"
83.29.131.227 - - [29/Nov/2021:22:53:05 +0100] "GET /templates/Pixame_v1/images/header-object.png HTTP/1.1" 200 106050 "http://www.wonder-geek.com/templates/Pixame_v1/stylesheet.css" "Mozilla/5.0 (Windows NT 10.0; Win64; x64) AppleWebKit/537.36 (KHTML, like Gecko) Chrome/95.0.4638.69 Safari/537.36"
83.29.131.227 - - [29/Nov/2021:22:53:05 +0100] "GET /design/productsenstock.png HTTP/1.1" 200 4743 "http://www.wonder-geek.com/templates/Pixame_v1/stylesheet.css" "Mozilla/5.0 (Windows NT 10.0; Win64; x64) AppleWebKit/537.36 (KHTML, like Gecko) Chrome/95.0.4638.69 Safari/537.36"
83.29.131.227 - - [29/Nov/2021:22:53:05 +0100] "GET /templates/Pixame_v1/images/Middle_texture.jpg HTTP/1.1" 200 249620 "http://www.wonder-geek.com/templates/Pixame_v1/stylesheet.css" "Mozilla/5.0 (Windows NT 10.0; Win64; x64) AppleWebKit/537.36 (KHTML, like Gecko) Chrome/95.0.4638.69 Safari/537.36"
83.29.131.227 - - [29/Nov/2021:22:53:05 +0100] "GET /images/big_prod_1/3700572730622B.jpg HTTP/1.1" 200 391463 "http://www.wonder-geek.com/jane-crowther-cats-p-54763.html" "Mozilla/5.0 (Windows NT 10.0; Win64; x64) AppleWebKit/537.36 (KHTML, like Gecko) Chrome/95.0.4638.69 Safari/537.36"
52.148.164.223 - - [29/Nov/2021:22:54:27 +0100] "GET /images/C11602.jpg HTTP/1.1" 200 56355 "-" "Mozilla/4.0 (compatible; MSIE 7.0; Windows NT 6.0)"
157.55.39.108 - - [29/Nov/2021:22:55:16 +0100] "GET /images/big_prod/8409810063755.jpg HTTP/1.1" 200 105242 "-" "Mozilla/5.0 (compatible; bingbot/2.0; +http://www.bing.com/bingbot.htm)"
52.137.89.11 - - [29/Nov/2021:22:56:51 +0100] "GET /images/big_prod/9316188082167.jpg HTTP/1.1" 200 52176 "-" "Mozilla/5.0 (Windows NT 10.0; WOW64) AppleWebKit/537.36 (KHTML, like Gecko) Chrome/67.0.3396.99 Safari/537.36"
157.55.39.223 - - [29/Nov/2021:22:56:56 +0100] "GET /images/8435306246463bis.jpg HTTP/1.1" 200 113230 "-" "Mozilla/5.0 (compatible; bingbot/2.0; +http://www.bing.com/bingbot.htm)"
89.186.188.30 - - [29/Nov/2021:22:58:49 +0100] "GET /images/mini_prod/Image15.jpg HTTP/1.1" 200 23237 "-" "Mozilla/5.0 (X11; Ubuntu; Linux x86_64; rv:72.0) Gecko/20100101 Firefox/72.0"
20.99.153.157 - - [29/Nov/2021:23:02:02 +0100] "GET /images/big_prod/CD3960b.jpg HTTP/1.1" 200 59609 "-" "Mozilla/5.0 (Windows NT 6.1; WOW64) AppleWebKit/537.36 (KHTML, like Gecko) Chrome/45.0.2454.101 Safari/537.36"
157.55.39.228 - - [29/Nov/2021:23:02:59 +0100] "GET /images/big_prod/8435306270062.jpg HTTP/1.1" 200 92313 "-" "Mozilla/5.0 (compatible; bingbot/2.0; +http://www.bing.com/bingbot.htm)"
157.55.39.108 - - [29/Nov/2021:23:03:07 +0100] "GET /images/big_prod/3014627950911.jpg HTTP/1.1" 200 111349 "-" "Mozilla/5.0 (compatible; bingbot/2.0; +http://www.bing.com/bingbot.htm)"
157.55.39.223 - - [29/Nov/2021:23:04:26 +0100] "GET /images/4007176434529.jpg HTTP/1.1" 200 17737 "-" "Mozilla/5.0 (compatible; bingbot/2.0; +http://www.bing.com/bingbot.htm)"
129.206.106.110 - - [29/Nov/2021:23:07:21 +0100] "GET /images/mini_prod/3700276874486.jpg HTTP/1.1" 200 8884 "-" "Mozilla/5.0 (X11; Ubuntu; Linux x86_64; rv:72.0) Gecko/20100101 Firefox/72.0"
207.46.13.202 - - [29/Nov/2021:23:08:29 +0100] "GET /images/1334878119236.jpg HTTP/1.1" 200 221207 "-" "Mozilla/5.0 (compatible; bingbot/2.0; +http://www.bing.com/bingbot.htm)"
52.146.59.154 - - [29/Nov/2021:23:09:55 +0100] "GET /images/041689560010.jpg HTTP/1.1" 200 99116 "-" "DuckDuckBot/1.1; (+http://duckduckgo.com/duckduckbot.html)"
20.80.156.141 - - [29/Nov/2021:23:10:01 +0100] "GET /images/big_prod_1/8433933188088b.jpg HTTP/1.1" 200 181462 "-" "Mozilla/5.0 (Windows NT 10.0; WOW64) AppleWebKit/537.36 (KHTML, like Gecko) Chrome/64.0.3282.186 Safari/537.36"
50.17.48.111 - - [29/Nov/2021:23:11:00 +0100] "GET /images/mini_prod/9316188029582.jpg HTTP/1.1" 200 5972 "-" "Mozilla/5.0 (X11; Ubuntu; Linux x86_64; rv:72.0) Gecko/20100101 Firefox/72.0"
216.244.66.242 - - [29/Nov/2021:23:11:01 +0100] "GET /robots.txt HTTP/1.1" 200 2438 "-" "Mozilla/5.0 (compatible; DotBot/1.2; +https://opensiteexplorer.org/dotbot; help@moz.com)"
165.154.72.231 - - [29/Nov/2021:23:11:07 +0100] "GET /images/mini_prod/1384000000307.jpg HTTP/1.1" 200 5864 "-" "Mozilla/5.0 (X11; Ubuntu; Linux x86_64; rv:72.0) Gecko/20100101 Firefox/72.0"
5.255.253.187 - - [29/Nov/2021:23:12:00 +0100] "GET /images/big_prod/1399984289853.jpg HTTP/1.1" 200 64808 "-" "Mozilla/5.0 (compatible; YandexImages/3.0; +http://yandex.com/bots)"
185.191.171.7 - - [29/Nov/2021:23:12:18 +0100] "GET /robots.txt HTTP/1.1" 200 2438 "-" "Mozilla/5.0 (compatible; SemrushBot/7~bl; +http://www.semrush.com/bot.html)"
40.77.167.66 - - [29/Nov/2021:23:16:02 +0100] "GET /images/big_prod/8718375755112.jpg HTTP/1.1" 200 111777 "-" "Mozilla/5.0 (compatible; bingbot/2.0; +http://www.bing.com/bingbot.htm)"
20.99.139.211 - - [29/Nov/2021:23:16:20 +0100] "GET /images/big_prod_1/b041689489458.jpg HTTP/1.1" 200 88304 "-" "Mozilla/5.0 (Windows NT 10.0; WOW64) AppleWebKit/537.36 (KHTML, like Gecko) Chrome/68.0.3440.106 Safari/537.36"
165.154.72.231 - - [29/Nov/2021:23:16:41 +0100] "GET /images/mini_prod/3660173149899.jpg HTTP/1.1" 200 7292 "-" "Mozilla/5.0 (X11; Ubuntu; Linux x86_64; rv:72.0) Gecko/20100101 Firefox/72.0"
120.92.68.118 - - [29/Nov/2021:23:19:34 +0100] "GET /images/mini_prod/B8422666661524B.jpg HTTP/1.1" 200 5779 "-" "Mozilla/5.0 (Windows NT 10.0; WOW64) AppleWebKit/537.36 (KHTML, like Gecko) Chrome/61.0.3163.100 Safari/537.36"
52.156.93.152 - - [29/Nov/2021:23:19:39 +0100] "GET /images/big_prod/3700276218624.jpg HTTP/1.1" 200 94649 "-" "Mozilla/5.0 (Windows NT 10.0; WOW64) AppleWebKit/537.36 (KHTML, like Gecko) Chrome/64.0.3282.186 Safari/537.36"
157.55.39.125 - - [29/Nov/2021:23:20:03 +0100] "GET /images/1399984259993.jpg HTTP/1.1" 200 122158 "-" "Mozilla/5.0 (compatible; bingbot/2.0; +http://www.bing.com/bingbot.htm)"
114.119.128.40 - - [29/Nov/2021:23:20:34 +0100] "GET /images/big_prod_1/3609810062290Z.jpg HTTP/1.1" 200 104498 "-" "Mozilla/5.0 (Linux; Android 7.0;) AppleWebKit/537.36 (KHTML, like Gecko) Mobile Safari/537.36 (compatible; PetalBot;+https://webmaster.petalsearch.com/site/petalbot)"
20.99.153.204 - - [29/Nov/2021:23:21:03 +0100] "GET /images/80285016691151.jpg HTTP/1.1" 200 29148 "-" "Mozilla/5.0 (Windows NT 6.1; WOW64) AppleWebKit/537.36 (KHTML, like Gecko) Chrome/45.0.2454.101 Safari/537.36"
106.11.156.75 - - [29/Nov/2021:23:25:27 +0100] "GET /images/mini_prod/3453131158312.jpg HTTP/1.1" 200 5892 "http://www.wonder-geek.com/magnets-c-13_134.html" "YisouSpider"
5.255.253.187 - - [29/Nov/2021:23:25:35 +0100] "GET /robots.txt HTTP/1.1" 200 2438 "-" "Mozilla/5.0 (compatible; YandexBot/3.0; +http://yandex.com/bots)"
157.55.39.223 - - [29/Nov/2021:23:26:09 +0100] "GET /images/big_prod/3453131151979.jpg HTTP/1.1" 200 68744 "-" "Mozilla/5.0 (compatible; bingbot/2.0; +http://www.bing.com/bingbot.htm)"
66.152.168.234 - - [29/Nov/2021:23:27:38 +0100] "GET /images/mini_prod/8435306281082.jpg HTTP/1.1" 200 8278 "-" "Mozilla/5.0 (X11; Ubuntu; Linux x86_64; rv:72.0) Gecko/20100101 Firefox/72.0"
147.92.153.11 - - [29/Nov/2021:23:28:24 +0100] "GET /images/big_prod_1/3660173241210a.jpg HTTP/1.1" 200 107249 "-" "Mozilla/5.0 (compatible; Linespider/1.1; +https://lin.ee/4dwXkTH)"
157.55.39.223 - - [29/Nov/2021:23:29:30 +0100] "GET /images/big_prod_2/3660173185552b.jpg HTTP/1.1" 200 48211 "-" "Mozilla/5.0 (compatible; bingbot/2.0; +http://www.bing.com/bingbot.htm)"
20.99.157.144 - - [29/Nov/2021:23:31:27 +0100] "GET /images/3661443610439.jpg HTTP/1.1" 200 35997 "-" "Mozilla/5.0 (Windows NT 10.0; WOW64) AppleWebKit/537.36 (KHTML, like Gecko) Chrome/67.0.3396.99 Safari/537.36"
207.46.13.202 - - [29/Nov/2021:23:31:42 +0100] "GET /images/1399984259825.jpg HTTP/1.1" 200 107868 "-" "Mozilla/5.0 (compatible; bingbot/2.0; +http://www.bing.com/bingbot.htm)"
86.149.118.55 - - [29/Nov/2021:23:34:23 +0100] "GET /js/jquery.jqzoom.js HTTP/1.1" 200 4761 "http://www.wonder-geek.com/paris-saint-germain-football-boot-money-p-52183.html" "Mozilla/5.0 (iPhone; CPU iPhone OS 15_1_1 like Mac OS X) AppleWebKit/605.1.15 (KHTML, like Gecko) Version/15.1 Mobile/15E148 Safari/604.1"
86.149.118.55 - - [29/Nov/2021:23:34:23 +0100] "GET /templates/Pixame_v1/stylesheet.css HTTP/1.1" 200 56057 "http://www.wonder-geek.com/paris-saint-germain-football-boot-money-p-52183.html" "Mozilla/5.0 (iPhone; CPU iPhone OS 15_1_1 like Mac OS X) AppleWebKit/605.1.15 (KHTML, like Gecko) Version/15.1 Mobile/15E148 Safari/604.1"
86.149.118.55 - - [29/Nov/2021:23:34:23 +0100] "GET /highslide/highslide.js HTTP/1.1" 200 42909 "http://www.wonder-geek.com/paris-saint-germain-football-boot-money-p-52183.html" "Mozilla/5.0 (iPhone; CPU iPhone OS 15_1_1 like Mac OS X) AppleWebKit/605.1.15 (KHTML, like Gecko) Version/15.1 Mobile/15E148 Safari/604.1"
86.149.118.55 - - [29/Nov/2021:23:34:23 +0100] "GET /js/jquery.js HTTP/1.1" 200 54075 "http://www.wonder-geek.com/paris-saint-germain-football-boot-money-p-52183.html" "Mozilla/5.0 (iPhone; CPU iPhone OS 15_1_1 like Mac OS X) AppleWebKit/605.1.15 (KHTML, like Gecko) Version/15.1 Mobile/15E148 Safari/604.1"
86.149.118.55 - - [29/Nov/2021:23:34:23 +0100] "GET /mondial_relay/js/jquery-1.3.2.min.js HTTP/1.1" 200 57254 "http://www.wonder-geek.com/paris-saint-germain-football-boot-money-p-52183.html" "Mozilla/5.0 (iPhone; CPU iPhone OS 15_1_1 like Mac OS X) AppleWebKit/605.1.15 (KHTML, like Gecko) Version/15.1 Mobile/15E148 Safari/604.1"
86.149.118.55 - - [29/Nov/2021:23:34:23 +0100] "GET /templates/Pixame_v1/images/icon_accueil2.png HTTP/1.1" 200 1137 "http://www.wonder-geek.com/paris-saint-germain-football-boot-money-p-52183.html" "Mozilla/5.0 (iPhone; CPU iPhone OS 15_1_1 like Mac OS X) AppleWebKit/605.1.15 (KHTML, like Gecko) Version/15.1 Mobile/15E148 Safari/604.1"
86.149.118.55 - - [29/Nov/2021:23:34:23 +0100] "GET /templates/Pixame_v1/images/buttons/english/button_in_cart.gif HTTP/1.1" 200 1212 "http://www.wonder-geek.com/paris-saint-germain-football-boot-money-p-52183.html" "Mozilla/5.0 (iPhone; CPU iPhone OS 15_1_1 like Mac OS X) AppleWebKit/605.1.15 (KHTML, like Gecko) Version/15.1 Mobile/15E148 Safari/604.1"
86.149.118.55 - - [29/Nov/2021:23:34:23 +0100] "GET /templates/Pixame_v1/images/nav.png HTTP/1.1" 200 1283 "http://www.wonder-geek.com/paris-saint-germain-football-boot-money-p-52183.html" "Mozilla/5.0 (iPhone; CPU iPhone OS 15_1_1 like Mac OS X) AppleWebKit/605.1.15 (KHTML, like Gecko) Version/15.1 Mobile/15E148 Safari/604.1"
86.149.118.55 - - [29/Nov/2021:23:34:23 +0100] "GET /images/big_prod/3700516267757.jpg HTTP/1.1" 200 109365 "http://www.wonder-geek.com/paris-saint-germain-football-boot-money-p-52183.html" "Mozilla/5.0 (iPhone; CPU iPhone OS 15_1_1 like Mac OS X) AppleWebKit/605.1.15 (KHTML, like Gecko) Version/15.1 Mobile/15E148 Safari/604.1"
86.149.118.55 - - [29/Nov/2021:23:34:23 +0100] "GET /templates/Pixame_v1/images/Bottom_texture.jpg HTTP/1.1" 200 56290 "http://www.wonder-geek.com/paris-saint-germain-football-boot-money-p-52183.html" "Mozilla/5.0 (iPhone; CPU iPhone OS 15_1_1 like Mac OS X) AppleWebKit/605.1.15 (KHTML, like Gecko) Version/15.1 Mobile/15E148 Safari/604.1"
86.149.118.55 - - [29/Nov/2021:23:34:23 +0100] "GET /templates/Pixame_v1/images/header-object.png HTTP/1.1" 200 106050 "http://www.wonder-geek.com/paris-saint-germain-football-boot-money-p-52183.html" "Mozilla/5.0 (iPhone; CPU iPhone OS 15_1_1 like Mac OS X) AppleWebKit/605.1.15 (KHTML, like Gecko) Version/15.1 Mobile/15E148 Safari/604.1"
86.149.118.55 - - [29/Nov/2021:23:34:23 +0100] "GET /design/productsenstock.png HTTP/1.1" 200 4743 "http://www.wonder-geek.com/paris-saint-germain-football-boot-money-p-52183.html" "Mozilla/5.0 (iPhone; CPU iPhone OS 15_1_1 like Mac OS X) AppleWebKit/605.1.15 (KHTML, like Gecko) Version/15.1 Mobile/15E148 Safari/604.1"
86.149.118.55 - - [29/Nov/2021:23:34:23 +0100] "GET /templates/Pixame_v1/images/header.png HTTP/1.1" 200 70245 "http://www.wonder-geek.com/paris-saint-germain-football-boot-money-p-52183.html" "Mozilla/5.0 (iPhone; CPU iPhone OS 15_1_1 like Mac OS X) AppleWebKit/605.1.15 (KHTML, like Gecko) Version/15.1 Mobile/15E148 Safari/604.1"
86.149.118.55 - - [29/Nov/2021:23:34:23 +0100] "GET /templates/Pixame_v1/images/Middle_texture.jpg HTTP/1.1" 200 249620 "http://www.wonder-geek.com/paris-saint-germain-football-boot-money-p-52183.html" "Mozilla/5.0 (iPhone; CPU iPhone OS 15_1_1 like Mac OS X) AppleWebKit/605.1.15 (KHTML, like Gecko) Version/15.1 Mobile/15E148 Safari/604.1"
86.149.118.55 - - [29/Nov/2021:23:34:23 +0100] "GET /highslide/graphics/outlines/drop-shadow.png HTTP/1.1" 200 2022 "http://www.wonder-geek.com/paris-saint-germain-football-boot-money-p-52183.html" "Mozilla/5.0 (iPhone; CPU iPhone OS 15_1_1 like Mac OS X) AppleWebKit/605.1.15 (KHTML, like Gecko) Version/15.1 Mobile/15E148 Safari/604.1"
86.149.118.55 - - [29/Nov/2021:23:34:23 +0100] "GET /favicon.ico HTTP/1.1" 200 1591 "http://www.wonder-geek.com/paris-saint-germain-football-boot-money-p-52183.html" "Mozilla/5.0 (iPhone; CPU iPhone OS 15_1_1 like Mac OS X) AppleWebKit/605.1.15 (KHTML, like Gecko) Version/15.1 Mobile/15E148 Safari/604.1"
157.55.39.228 - - [29/Nov/2021:23:34:50 +0100] "GET /images/med_prod/8412497762743.jpg HTTP/1.1" 200 66978 "-" "Mozilla/5.0 (compatible; bingbot/2.0; +http://www.bing.com/bingbot.htm)"
78.46.63.108 - - [29/Nov/2021:23:35:33 +0100] "GET /robots.txt HTTP/1.1" 200 2438 "-" "Mozilla/5.0 (compatible; MJ12bot/v1.4.8; http://mj12bot.com/)"
40.77.167.66 - - [29/Nov/2021:23:37:44 +0100] "GET /images/big_prod/8718375752562.jpg HTTP/1.1" 200 124994 "-" "Mozilla/5.0 (compatible; bingbot/2.0; +http://www.bing.com/bingbot.htm)"
20.99.153.204 - - [29/Nov/2021:23:38:12 +0100] "GET /images/big_prod/3609810096240.jpg HTTP/1.1" 200 64871 "-" "Mozilla/5.0 (Windows NT 6.1; WOW64) AppleWebKit/537.36 (KHTML, like Gecko) Chrome/45.0.2454.101 Safari/537.36"
114.119.128.37 - - [29/Nov/2021:23:40:22 +0100] "GET /images/big_prod_1/3665269087727a.jpg HTTP/1.1" 200 234644 "-" "Mozilla/5.0 (Linux; Android 7.0;) AppleWebKit/537.36 (KHTML, like Gecko) Mobile Safari/537.36 (compatible; PetalBot;+https://webmaster.petalsearch.com/site/petalbot)"
207.46.13.202 - - [29/Nov/2021:23:40:33 +0100] "GET /images/med_prod/1384010176436.jpg HTTP/1.1" 200 84953 "-" "Mozilla/5.0 (compatible; bingbot/2.0; +http://www.bing.com/bingbot.htm)"
52.146.59.12 - - [29/Nov/2021:23:40:38 +0100] "GET /images/big_prod_1/b8435333807804.jpg HTTP/1.1" 200 86824 "-" "DuckDuckBot/1.1; (+http://duckduckgo.com/duckduckbot.html)"
165.154.72.231 - - [29/Nov/2021:23:43:58 +0100] "GET /images/mini_prod/3700653511768.jpg HTTP/1.1" 200 5046 "-" "Mozilla/5.0 (X11; Ubuntu; Linux x86_64; rv:72.0) Gecko/20100101 Firefox/72.0"
52.156.93.160 - - [29/Nov/2021:23:44:32 +0100] "GET /images/big_prod/3700431602756.jpg HTTP/1.1" 200 221804 "-" "Mozilla/5.0 (Macintosh; U; PPC Mac OS X 10.5; en-US; rv:1.9.2.15) Gecko/20110303 Firefox/3.6.15"
157.55.39.223 - - [29/Nov/2021:23:45:12 +0100] "GET /images/mini_prod/8422110092478.jpg HTTP/1.1" 200 12740 "-" "Mozilla/5.0 (compatible; bingbot/2.0; +http://www.bing.com/bingbot.htm)"
40.77.167.66 - - [29/Nov/2021:23:45:25 +0100] "GET /images/big_prod/8422017859778.jpg HTTP/1.1" 200 89473 "-" "Mozilla/5.0 (compatible; bingbot/2.0; +http://www.bing.com/bingbot.htm)"
159.138.102.98 - - [29/Nov/2021:23:45:37 +0100] "GET /images/1399984265079.jpg HTTP/1.1" 200 71336 "-" "Mozilla/5.0 (Linux; Android 7.0;) AppleWebKit/537.36 (KHTML, like Gecko) Mobile Safari/537.36 (compatible; PetalBot;+https://webmaster.petalsearch.com/site/petalbot)"
40.77.167.66 - - [29/Nov/2021:23:47:22 +0100] "GET /images/med_prod/3014627829873.jpg HTTP/1.1" 200 41111 "-" "Mozilla/5.0 (compatible; bingbot/2.0; +http://www.bing.com/bingbot.htm)"
66.249.75.170 - - [29/Nov/2021:23:48:13 +0100] "GET /images/big_prod_1/8433933251423B.jpg HTTP/1.1" 200 699769 "-" "Googlebot-Image/1.0"
114.119.128.39 - - [29/Nov/2021:23:50:56 +0100] "GET /images/big_prod_2/8717202559695C.jpg HTTP/1.1" 200 69590 "-" "Mozilla/5.0 (Linux; Android 7.0;) AppleWebKit/537.36 (KHTML, like Gecko) Mobile Safari/537.36 (compatible; PetalBot;+https://webmaster.petalsearch.com/site/petalbot)"
157.55.39.223 - - [29/Nov/2021:23:51:21 +0100] "GET /images/big_prod/3574642859403.jpg HTTP/1.1" 200 31504 "-" "Mozilla/5.0 (compatible; bingbot/2.0; +http://www.bing.com/bingbot.htm)"
23.100.232.233 - - [29/Nov/2021:23:56:19 +0100] "GET /templates/Pixame_v1/stylesheet.css HTTP/1.1" 200 56057 "http://www.wonder-geek.com/keel-toys-plush-unicorn-valentine-p-51013.html" "Mozilla/5.0 (compatible; MSIE 9.0; Windows NT 6.0; Trident/5.0;  Trident/5.0)"
23.100.232.233 - - [29/Nov/2021:23:56:19 +0100] "GET /highslide/highslide.js HTTP/1.1" 200 42909 "http://www.wonder-geek.com/keel-toys-plush-unicorn-valentine-p-51013.html" "Mozilla/5.0 (compatible; MSIE 9.0; Windows NT 6.0; Trident/5.0;  Trident/5.0)"
23.100.232.233 - - [29/Nov/2021:23:56:20 +0100] "GET /js/jquery.jqzoom.js HTTP/1.1" 200 4761 "http://www.wonder-geek.com/keel-toys-plush-unicorn-valentine-p-51013.html" "Mozilla/5.0 (compatible; MSIE 9.0; Windows NT 6.0; Trident/5.0;  Trident/5.0)"
23.100.232.233 - - [29/Nov/2021:23:56:20 +0100] "GET /js/jquery.js HTTP/1.1" 200 54075 "http://www.wonder-geek.com/keel-toys-plush-unicorn-valentine-p-51013.html" "Mozilla/5.0 (compatible; MSIE 9.0; Windows NT 6.0; Trident/5.0;  Trident/5.0)"
23.100.232.233 - - [29/Nov/2021:23:56:23 +0100] "GET /mondial_relay/js/jquery-1.3.2.min.js HTTP/1.1" 200 57254 "http://www.wonder-geek.com/keel-toys-plush-unicorn-valentine-p-51013.html" "Mozilla/5.0 (compatible; MSIE 9.0; Windows NT 6.0; Trident/5.0;  Trident/5.0)"
23.100.232.233 - - [29/Nov/2021:23:56:25 +0100] "GET /templates/Pixame_v1/images/flash.swf HTTP/1.1" 200 2868 "http://www.wonder-geek.com/keel-toys-plush-unicorn-valentine-p-51013.html" "Mozilla/5.0 (compatible; MSIE 9.0; Windows NT 6.0; Trident/5.0;  Trident/5.0)"
52.143.89.47 - - [29/Nov/2021:23:56:29 +0100] "GET /images/5701359690175.jpg HTTP/1.1" 200 26332 "-" "Mozilla/5.0 (Windows NT 6.1; WOW64) AppleWebKit/537.36 (KHTML, like Gecko) Chrome/45.0.2454.101 Safari/537.36"
40.77.167.66 - - [29/Nov/2021:23:56:53 +0100] "GET /images/mini_prod/3609810077454.jpg HTTP/1.1" 200 6445 "-" "Mozilla/5.0 (compatible; bingbot/2.0; +http://www.bing.com/bingbot.htm)"
52.156.93.98 - - [29/Nov/2021:23:57:18 +0100] "GET /images/1399984231623.jpg HTTP/1.1" 200 36008 "-" "Mozilla/5.0 (Windows NT 6.1; WOW64) AppleWebKit/537.36 (KHTML, like Gecko) Chrome/45.0.2454.101 Safari/537.36"
54.36.148.184 - - [29/Nov/2021:23:58:47 +0100] "GET /images/big_prod/8422015449810D.jpg HTTP/1.1" 200 319786 "-" "Mozilla/5.0 (compatible; AhrefsBot/7.0; +http://ahrefs.com/robot/)"
52.143.94.226 - - [30/Nov/2021:00:00:31 +0100] "GET /images/03852.jpg HTTP/1.1" 200 15778 "-" "Mozilla/5.0 (Windows NT 10.0; WOW64) AppleWebKit/537.36 (KHTML, like Gecko) Chrome/68.0.3440.106 Safari/537.36"
52.156.93.152 - - [30/Nov/2021:00:01:17 +0100] "GET /images/3700707302052.jpg HTTP/1.1" 200 84340 "-" "Mozilla/5.0 (Windows NT 10.0; WOW64) AppleWebKit/537.36 (KHTML, like Gecko) Chrome/68.0.3440.106 Safari/537.36"
216.244.66.242 - - [30/Nov/2021:00:02:12 +0100] "GET /robots.txt HTTP/1.1" 200 2438 "-" "Mozilla/5.0 (compatible; DotBot/1.2; +https://opensiteexplorer.org/dotbot; help@moz.com)"
157.55.39.223 - - [30/Nov/2021:00:03:13 +0100] "GET /images/pyjama2009dbzbleu.jpg HTTP/1.1" 200 18566 "-" "Mozilla/5.0 (compatible; bingbot/2.0; +http://www.bing.com/bingbot.htm)"
54.36.148.119 - - [30/Nov/2021:00:04:13 +0100] "GET /images/big_prod_1/8422015449810B.jpg HTTP/1.1" 200 188937 "-" "Mozilla/5.0 (compatible; AhrefsBot/7.0; +http://ahrefs.com/robot/)"
52.156.93.160 - - [30/Nov/2021:00:05:06 +0100] "GET /images/big_prod_1/8424345491002a.jpg HTTP/1.1" 200 140018 "-" "Mozilla/5.0 (Macintosh; U; PPC Mac OS X 10.5; en-US; rv:1.9.2.15) Gecko/20110303 Firefox/3.6.15"
207.46.13.202 - - [30/Nov/2021:00:05:32 +0100] "GET /images/big_prod_3/6971640206074c.jpg HTTP/1.1" 200 119195 "-" "Mozilla/5.0 (compatible; bingbot/2.0; +http://www.bing.com/bingbot.htm)"
66.249.75.168 - - [30/Nov/2021:00:05:48 +0100] "GET /images/big_prod/1341689654566.jpg HTTP/1.1" 200 100741 "-" "Googlebot-Image/1.0"
20.99.153.204 - - [30/Nov/2021:00:06:30 +0100] "GET /images/8029759023926.jpg HTTP/1.1" 200 34355 "-" "Mozilla/5.0 (Windows NT 6.1; WOW64) AppleWebKit/537.36 (KHTML, like Gecko) Chrome/45.0.2454.101 Safari/537.36"
114.119.128.253 - - [30/Nov/2021:00:07:18 +0100] "GET /images/mini_prod/4012677167067.jpg HTTP/1.1" 200 6875 "-" "Mozilla/5.0 (Linux; Android 7.0;) AppleWebKit/537.36 (KHTML, like Gecko) Mobile Safari/537.36 (compatible; PetalBot;+https://webmaster.petalsearch.com/site/petalbot)"
157.55.39.108 - - [30/Nov/2021:00:09:00 +0100] "GET /images/med_prod/9316188056441.jpg HTTP/1.1" 200 109329 "-" "Mozilla/5.0 (compatible; bingbot/2.0; +http://www.bing.com/bingbot.htm)"
54.36.148.114 - - [30/Nov/2021:00:09:24 +0100] "GET /images/big_prod/3760233683377.jpg HTTP/1.1" 200 59679 "-" "Mozilla/5.0 (compatible; AhrefsBot/7.0; +http://ahrefs.com/robot/)"
185.191.171.19 - - [30/Nov/2021:00:12:19 +0100] "GET /robots.txt HTTP/1.1" 200 2438 "-" "Mozilla/5.0 (compatible; SemrushBot/7~bl; +http://www.semrush.com/bot.html)"
40.77.167.66 - - [30/Nov/2021:00:12:55 +0100] "GET /images/big_prod/1384010207802.jpg HTTP/1.1" 200 82110 "-" "Mozilla/5.0 (compatible; bingbot/2.0; +http://www.bing.com/bingbot.htm)"
23.100.232.233 - - [30/Nov/2021:00:13:28 +0100] "GET /templates/Pixame_v1/stylesheet.css HTTP/1.1" 200 56057 "http://www.wonder-geek.com/small-pucca-alarm-clock-p-15438.html" "Mozilla/5.0 (compatible; MSIE 9.0; Windows NT 6.1; Trident/5.0;  Trident/5.0)"
23.100.232.233 - - [30/Nov/2021:00:13:28 +0100] "GET /highslide/highslide.js HTTP/1.1" 200 42909 "http://www.wonder-geek.com/small-pucca-alarm-clock-p-15438.html" "Mozilla/5.0 (compatible; MSIE 9.0; Windows NT 6.1; Trident/5.0;  Trident/5.0)"
23.100.232.233 - - [30/Nov/2021:00:13:29 +0100] "GET /js/jquery.jqzoom.js HTTP/1.1" 200 4761 "http://www.wonder-geek.com/small-pucca-alarm-clock-p-15438.html" "Mozilla/5.0 (compatible; MSIE 9.0; Windows NT 6.1; Trident/5.0;  Trident/5.0)"
23.100.232.233 - - [30/Nov/2021:00:13:29 +0100] "GET /js/jquery.js HTTP/1.1" 200 54075 "http://www.wonder-geek.com/small-pucca-alarm-clock-p-15438.html" "Mozilla/5.0 (compatible; MSIE 9.0; Windows NT 6.1; Trident/5.0;  Trident/5.0)"
23.100.232.233 - - [30/Nov/2021:00:13:30 +0100] "GET /mondial_relay/js/jquery-1.3.2.min.js HTTP/1.1" 200 57254 "http://www.wonder-geek.com/small-pucca-alarm-clock-p-15438.html" "Mozilla/5.0 (compatible; MSIE 9.0; Windows NT 6.1; Trident/5.0;  Trident/5.0)"
23.100.232.233 - - [30/Nov/2021:00:13:31 +0100] "GET /templates/Pixame_v1/images/flash.swf HTTP/1.1" 200 2868 "http://www.wonder-geek.com/small-pucca-alarm-clock-p-15438.html" "Mozilla/5.0 (compatible; MSIE 9.0; Windows NT 6.1; Trident/5.0;  Trident/5.0)"
66.152.168.234 - - [30/Nov/2021:00:14:09 +0100] "GET /images/mini_prod/8422702358005.jpg HTTP/1.1" 200 7233 "-" "Mozilla/5.0 (X11; Ubuntu; Linux x86_64; rv:72.0) Gecko/20100101 Firefox/72.0"
52.137.89.11 - - [30/Nov/2021:00:14:10 +0100] "GET /images/4007176152140.jpg HTTP/1.1" 200 78345 "-" "Mozilla/5.0 (Windows NT 10.0; ) Gecko/20100101 Firefox/61.0"
54.36.148.99 - - [30/Nov/2021:00:14:26 +0100] "GET /images/big_prod_1/3760233683377b.jpg HTTP/1.1" 200 49459 "-" "Mozilla/5.0 (compatible; AhrefsBot/7.0; +http://ahrefs.com/robot/)"
52.156.93.20 - - [30/Nov/2021:00:16:23 +0100] "GET /images/big_prod/3609810070851.jpg HTTP/1.1" 200 74732 "-" "Mozilla/4.0 (compatible; MSIE 7.0; Windows NT 6.0)"
157.55.39.108 - - [30/Nov/2021:00:18:31 +0100] "GET /images/big_prod/3503420050435.jpg HTTP/1.1" 200 88327 "-" "Mozilla/5.0 (compatible; bingbot/2.0; +http://www.bing.com/bingbot.htm)"
23.100.232.233 - - [30/Nov/2021:00:18:37 +0100] "GET /highslide/highslide.js HTTP/1.1" 200 42909 "http://www.wonder-geek.com/-p-28806.html" "Mozilla/5.0 (compatible; MSIE 9.0; Windows NT 6.0; Trident/5.0;  Trident/5.0)"
23.100.232.233 - - [30/Nov/2021:00:18:37 +0100] "GET /templates/Pixame_v1/stylesheet.css HTTP/1.1" 200 56057 "http://www.wonder-geek.com/-p-28806.html" "Mozilla/5.0 (compatible; MSIE 9.0; Windows NT 6.0; Trident/5.0;  Trident/5.0)"
23.100.232.233 - - [30/Nov/2021:00:18:37 +0100] "GET /js/jquery.jqzoom.js HTTP/1.1" 200 4761 "http://www.wonder-geek.com/-p-28806.html" "Mozilla/5.0 (compatible; MSIE 9.0; Windows NT 6.0; Trident/5.0;  Trident/5.0)"
23.100.232.233 - - [30/Nov/2021:00:18:37 +0100] "GET /js/jquery.js HTTP/1.1" 200 54075 "http://www.wonder-geek.com/-p-28806.html" "Mozilla/5.0 (compatible; MSIE 9.0; Windows NT 6.0; Trident/5.0;  Trident/5.0)"
23.100.232.233 - - [30/Nov/2021:00:18:37 +0100] "GET /mondial_relay/js/jquery-1.3.2.min.js HTTP/1.1" 200 57254 "http://www.wonder-geek.com/-p-28806.html" "Mozilla/5.0 (compatible; MSIE 9.0; Windows NT 6.0; Trident/5.0;  Trident/5.0)"
23.100.232.233 - - [30/Nov/2021:00:18:39 +0100] "GET /templates/Pixame_v1/images/flash.swf HTTP/1.1" 200 2868 "http://www.wonder-geek.com/-p-28806.html" "Mozilla/5.0 (compatible; MSIE 9.0; Windows NT 6.0; Trident/5.0;  Trident/5.0)"
52.143.76.254 - - [30/Nov/2021:00:19:00 +0100] "GET /images/big_prod/3665269051742.jpg HTTP/1.1" 200 89447 "-" "Mozilla/5.0 (Windows NT 6.1; WOW64) AppleWebKit/537.36 (KHTML, like Gecko) Chrome/45.0.2454.101 Safari/537.36"
54.36.148.239 - - [30/Nov/2021:00:19:13 +0100] "GET /images/big_prod_2/3760233683377c.jpg HTTP/1.1" 200 55642 "-" "Mozilla/5.0 (compatible; AhrefsBot/7.0; +http://ahrefs.com/robot/)"
52.137.89.11 - - [30/Nov/2021:00:19:56 +0100] "GET /images/med_prod/4036113232072.jpg HTTP/1.1" 200 171463 "-" "Mozilla/5.0 (X11; Linux x86_64) AppleWebKit/537.36 (KHTML, like Gecko) Chrome/62.0.3202.62 Safari/537.36"
157.55.39.108 - - [30/Nov/2021:00:20:41 +0100] "GET /images/med_prod/3609810033863.jpg HTTP/1.1" 200 68324 "-" "Mozilla/5.0 (compatible; bingbot/2.0; +http://www.bing.com/bingbot.htm)"
54.36.148.154 - - [30/Nov/2021:00:24:01 +0100] "GET /images/big_prod_3/3760233683377d.jpg HTTP/1.1" 200 92504 "-" "Mozilla/5.0 (compatible; AhrefsBot/7.0; +http://ahrefs.com/robot/)"
157.55.39.228 - - [30/Nov/2021:00:24:54 +0100] "GET /images/big_prod/8422017821218.jpg HTTP/1.1" 200 39577 "-" "Mozilla/5.0 (compatible; bingbot/2.0; +http://www.bing.com/bingbot.htm)"
157.55.39.228 - - [30/Nov/2021:00:25:25 +0100] "GET /images/big_prod_2/3700281645187b.jpg HTTP/1.1" 200 313295 "-" "Mozilla/5.0 (compatible; bingbot/2.0; +http://www.bing.com/bingbot.htm)"
120.92.68.116 - - [30/Nov/2021:00:25:35 +0100] "GET /images/mini_prod/5051265800183.jpg HTTP/1.1" 200 10862 "-" "Mozilla/5.0 (Windows NT 10.0; WOW64) AppleWebKit/537.36 (KHTML, like Gecko) Chrome/61.0.3163.100 Safari/537.36"
52.148.165.217 - - [30/Nov/2021:00:28:19 +0100] "GET /images/3700276281833050720122.jpg HTTP/1.1" 200 37859 "-" "Mozilla/5.0 (Windows NT 6.1; WOW64) AppleWebKit/537.36 (KHTML, like Gecko) Chrome/45.0.2454.101 Safari/537.36"
52.143.76.254 - - [30/Nov/2021:00:29:48 +0100] "GET /images/big_prod/8718375751411.jpg HTTP/1.1" 200 116120 "-" "Mozilla/5.0 (Windows NT 10.0; ) Gecko/20100101 Firefox/61.0"
52.143.90.141 - - [30/Nov/2021:00:30:45 +0100] "GET /images/big_prod/3574640157471.jpg HTTP/1.1" 200 180577 "-" "Mozilla/4.0 (compatible; MSIE 7.0; Windows NT 6.0)"
23.100.232.233 - - [30/Nov/2021:00:32:22 +0100] "GET /templates/Pixame_v1/stylesheet.css HTTP/1.1" 200 56057 "http://www.wonder-geek.com/-p-14097.html" "Mozilla/5.0 (compatible; MSIE 9.0; Windows NT 6.1; Trident/5.0;  Trident/5.0)"
23.100.232.233 - - [30/Nov/2021:00:32:22 +0100] "GET /highslide/highslide.js HTTP/1.1" 200 42909 "http://www.wonder-geek.com/-p-14097.html" "Mozilla/5.0 (compatible; MSIE 9.0; Windows NT 6.1; Trident/5.0;  Trident/5.0)"
23.100.232.233 - - [30/Nov/2021:00:32:23 +0100] "GET /js/jquery.jqzoom.js HTTP/1.1" 200 4761 "http://www.wonder-geek.com/-p-14097.html" "Mozilla/5.0 (compatible; MSIE 9.0; Windows NT 6.1; Trident/5.0;  Trident/5.0)"
23.100.232.233 - - [30/Nov/2021:00:32:23 +0100] "GET /js/jquery.js HTTP/1.1" 200 54075 "http://www.wonder-geek.com/-p-14097.html" "Mozilla/5.0 (compatible; MSIE 9.0; Windows NT 6.1; Trident/5.0;  Trident/5.0)"
23.100.232.233 - - [30/Nov/2021:00:32:24 +0100] "GET /mondial_relay/js/jquery-1.3.2.min.js HTTP/1.1" 200 57254 "http://www.wonder-geek.com/-p-14097.html" "Mozilla/5.0 (compatible; MSIE 9.0; Windows NT 6.1; Trident/5.0;  Trident/5.0)"
23.100.232.233 - - [30/Nov/2021:00:32:26 +0100] "GET /templates/Pixame_v1/images/flash.swf HTTP/1.1" 200 2868 "http://www.wonder-geek.com/-p-14097.html" "Mozilla/5.0 (compatible; MSIE 9.0; Windows NT 6.1; Trident/5.0;  Trident/5.0)"
20.99.153.157 - - [30/Nov/2021:00:33:29 +0100] "GET /images/med_prod/1399984237649.jpg HTTP/1.1" 200 57646 "-" "Mozilla/5.0 (Windows NT 6.1; WOW64) AppleWebKit/537.36 (KHTML, like Gecko) Chrome/45.0.2454.101 Safari/537.36"
66.249.75.170 - - [30/Nov/2021:00:34:16 +0100] "GET /images/big_prod/3700516267757.jpg HTTP/1.1" 200 109365 "-" "Googlebot-Image/1.0"
157.55.39.108 - - [30/Nov/2021:00:35:53 +0100] "GET /images/big_prod/3612875124827.jpg HTTP/1.1" 200 40229 "-" "Mozilla/5.0 (compatible; bingbot/2.0; +http://www.bing.com/bingbot.htm)"
66.249.75.166 - - [30/Nov/2021:00:37:30 +0100] "GET /images/5701359668365.jpg HTTP/1.1" 200 52313 "-" "Googlebot-Image/1.0"
159.138.102.98 - - [30/Nov/2021:00:37:31 +0100] "GET /images/big_prod_1/3701206604364B.jpg HTTP/1.1" 200 323679 "-" "Mozilla/5.0 (Linux; Android 7.0;) AppleWebKit/537.36 (KHTML, like Gecko) Mobile Safari/537.36 (compatible; PetalBot;+https://webmaster.petalsearch.com/site/petalbot)"
23.100.232.233 - - [30/Nov/2021:00:37:40 +0100] "GET /highslide/highslide.js HTTP/1.1" 200 42909 "http://www.wonder-geek.com/betty-boop-photo-frame-p-17823.html" "Mozilla/5.0 (compatible; MSIE 9.0; Windows NT 6.0; Trident/5.0;  Trident/5.0)"
23.100.232.233 - - [30/Nov/2021:00:37:40 +0100] "GET /templates/Pixame_v1/stylesheet.css HTTP/1.1" 200 56057 "http://www.wonder-geek.com/betty-boop-photo-frame-p-17823.html" "Mozilla/5.0 (compatible; MSIE 9.0; Windows NT 6.0; Trident/5.0;  Trident/5.0)"
23.100.232.233 - - [30/Nov/2021:00:37:40 +0100] "GET /js/jquery.js HTTP/1.1" 200 54075 "http://www.wonder-geek.com/betty-boop-photo-frame-p-17823.html" "Mozilla/5.0 (compatible; MSIE 9.0; Windows NT 6.0; Trident/5.0;  Trident/5.0)"
23.100.232.233 - - [30/Nov/2021:00:37:40 +0100] "GET /mondial_relay/js/jquery-1.3.2.min.js HTTP/1.1" 200 57254 "http://www.wonder-geek.com/betty-boop-photo-frame-p-17823.html" "Mozilla/5.0 (compatible; MSIE 9.0; Windows NT 6.0; Trident/5.0;  Trident/5.0)"
23.100.232.233 - - [30/Nov/2021:00:37:40 +0100] "GET /js/jquery.jqzoom.js HTTP/1.1" 200 4761 "http://www.wonder-geek.com/betty-boop-photo-frame-p-17823.html" "Mozilla/5.0 (compatible; MSIE 9.0; Windows NT 6.0; Trident/5.0;  Trident/5.0)"
23.100.232.233 - - [30/Nov/2021:00:37:41 +0100] "GET /templates/Pixame_v1/images/flash.swf HTTP/1.1" 200 2868 "http://www.wonder-geek.com/betty-boop-photo-frame-p-17823.html" "Mozilla/5.0 (compatible; MSIE 9.0; Windows NT 6.0; Trident/5.0;  Trident/5.0)"
103.131.71.93 - - [30/Nov/2021:00:37:45 +0100] "GET /robots.txt HTTP/1.1" 200 2438 "-" "Mozilla/5.0 (compatible; coccocbot-web/1.0; +http://help.coccoc.com/searchengine)"
157.55.39.108 - - [30/Nov/2021:00:38:03 +0100] "GET /images/big_prod/1384010207987.jpg HTTP/1.1" 200 140324 "-" "Mozilla/5.0 (compatible; bingbot/2.0; +http://www.bing.com/bingbot.htm)"
157.55.39.125 - - [30/Nov/2021:00:38:14 +0100] "GET /images/big_prod/3560600312158.jpg HTTP/1.1" 200 73295 "-" "Mozilla/5.0 (compatible; bingbot/2.0; +http://www.bing.com/bingbot.htm)"
124.71.153.13 - - [30/Nov/2021:00:39:51 +0100] "GET /images/mini_prod/tsmlshreck.jpg HTTP/1.1" 200 7710 "-" "Mozilla/5.0 (X11; Ubuntu; Linux x86_64; rv:72.0) Gecko/20100101 Firefox/72.0"
114.119.128.37 - - [30/Nov/2021:00:40:17 +0100] "GET /images/mini_prod/8422096017632B.jpg HTTP/1.1" 200 6258 "-" "Mozilla/5.0 (Linux; Android 7.0;) AppleWebKit/537.36 (KHTML, like Gecko) Mobile Safari/537.36 (compatible; PetalBot;+https://webmaster.petalsearch.com/site/petalbot)"
52.148.165.70 - - [30/Nov/2021:00:41:27 +0100] "GET /images/big_prod/3612875120546.jpg HTTP/1.1" 200 88792 "-" "Mozilla/5.0 (Windows NT 6.1; WOW64) AppleWebKit/537.36 (KHTML, like Gecko) Chrome/45.0.2454.101 Safari/537.36"
52.148.164.223 - - [30/Nov/2021:00:42:45 +0100] "GET /images/med_prod/1341689437312.jpg HTTP/1.1" 200 94062 "-" "Mozilla/5.0 (Windows NT 10.0; WOW64) AppleWebKit/537.36 (KHTML, like Gecko) Chrome/67.0.3396.99 Safari/537.36"
165.154.72.231 - - [30/Nov/2021:00:42:54 +0100] "GET /images/mini_prod/8003990615898.jpg HTTP/1.1" 200 6242 "-" "Mozilla/5.0 (X11; Ubuntu; Linux x86_64; rv:72.0) Gecko/20100101 Firefox/72.0"
157.55.39.223 - - [30/Nov/2021:00:43:10 +0100] "GET /images/big_prod/8433933189771.jpg HTTP/1.1" 200 270258 "-" "Mozilla/5.0 (compatible; bingbot/2.0; +http://www.bing.com/bingbot.htm)"
114.119.128.40 - - [30/Nov/2021:00:43:38 +0100] "GET /images/mini_prod/1384010201978.jpg HTTP/1.1" 200 2831 "-" "Mozilla/5.0 (Linux; Android 7.0;) AppleWebKit/537.36 (KHTML, like Gecko) Mobile Safari/537.36 (compatible; PetalBot;+https://webmaster.petalsearch.com/site/petalbot)"
40.77.167.66 - - [30/Nov/2021:00:47:58 +0100] "GET /images/3599990859158.jpg HTTP/1.1" 200 37813 "-" "Mozilla/5.0 (compatible; bingbot/2.0; +http://www.bing.com/bingbot.htm)"
66.249.93.253 - - [30/Nov/2021:00:47:59 +0100] "GET /images/DSCN3394.jpg HTTP/1.1" 200 20413 "-" "Mozilla/5.0 (Windows NT 5.1; rv:11.0) Gecko Firefox/11.0 (via ggpht.com GoogleImageProxy)"
52.156.93.98 - - [30/Nov/2021:00:48:51 +0100] "GET /images/big_prod/8422096017618.jpg HTTP/1.1" 200 110371 "-" "Mozilla/5.0 (Windows NT 10.0; ) Gecko/20100101 Firefox/61.0"
52.156.93.160 - - [30/Nov/2021:00:50:17 +0100] "GET /images/big_prod_1/a3612875120690.jpg HTTP/1.1" 200 94495 "-" "Mozilla/5.0 (Windows NT 10.0; WOW64) AppleWebKit/537.36 (KHTML, like Gecko) Chrome/68.0.3440.106 Safari/537.36"
20.99.157.144 - - [30/Nov/2021:00:51:01 +0100] "GET /images/big_prod/8718657461113.jpg HTTP/1.1" 200 44959 "-" "Mozilla/5.0 (Windows NT 10.0; WOW64) AppleWebKit/537.36 (KHTML, like Gecko) Chrome/68.0.3440.106 Safari/537.36"
52.148.165.217 - - [30/Nov/2021:00:51:11 +0100] "GET /images/big_prod_1/3453131119771BBB.jpg HTTP/1.1" 200 74164 "-" "Mozilla/5.0 (X11; Linux x86_64) AppleWebKit/537.36 (KHTML, like Gecko) Chrome/62.0.3202.62 Safari/537.36"
114.119.128.26 - - [30/Nov/2021:00:51:32 +0100] "GET /images/big_prod_1/3700281653229a.jpg HTTP/1.1" 200 191584 "-" "Mozilla/5.0 (Linux; Android 7.0;) AppleWebKit/537.36 (KHTML, like Gecko) Mobile Safari/537.36 (compatible; PetalBot;+https://webmaster.petalsearch.com/site/petalbot)"
52.156.93.152 - - [30/Nov/2021:00:51:55 +0100] "GET /images/1399984220207.jpg HTTP/1.1" 200 18555 "-" "Mozilla/5.0 (Windows NT 10.0; WOW64) AppleWebKit/537.36 (KHTML, like Gecko) Chrome/64.0.3282.186 Safari/537.36"
216.244.66.242 - - [30/Nov/2021:00:52:09 +0100] "GET /robots.txt HTTP/1.1" 200 2438 "-" "Mozilla/5.0 (compatible; DotBot/1.2; +https://opensiteexplorer.org/dotbot; help@moz.com)"
165.154.72.231 - - [30/Nov/2021:00:53:05 +0100] "GET /images/mini_prod/34DSCN8163.jpg HTTP/1.1" 200 5752 "-" "Mozilla/5.0 (X11; Ubuntu; Linux x86_64; rv:72.0) Gecko/20100101 Firefox/72.0"
52.156.93.80 - - [30/Nov/2021:00:53:08 +0100] "GET /images/big_prod/3612875122113.jpg HTTP/1.1" 200 101750 "-" "Mozilla/5.0 (Windows NT 6.1; WOW64) AppleWebKit/537.36 (KHTML, like Gecko) Chrome/45.0.2454.101 Safari/537.36"
