96.20.22.190 - - [29/Nov/2021:10:42:27 +0100] "GET /images/mini_prod/3520071818153.jpg HTTP/1.1" 200 5795 "http://www.wonder-geek.com/" "Mozilla/5.0 (iPhone; CPU iPhone OS 15_1 like Mac OS X) AppleWebKit/605.1.15 (KHTML, like Gecko) Version/15.1 Mobile/15E148 Safari/604.1"
96.20.22.190 - - [29/Nov/2021:10:42:27 +0100] "GET /images/mini_prod/8433933246092.jpg HTTP/1.1" 200 3290 "http://www.wonder-geek.com/" "Mozilla/5.0 (iPhone; CPU iPhone OS 15_1 like Mac OS X) AppleWebKit/605.1.15 (KHTML, like Gecko) Version/15.1 Mobile/15E148 Safari/604.1"
96.20.22.190 - - [29/Nov/2021:10:42:27 +0100] "GET /images/mini_prod/1020322305415.jpg HTTP/1.1" 200 6719 "http://www.wonder-geek.com/" "Mozilla/5.0 (iPhone; CPU iPhone OS 15_1 like Mac OS X) AppleWebKit/605.1.15 (KHTML, like Gecko) Version/15.1 Mobile/15E148 Safari/604.1"
96.20.22.190 - - [29/Nov/2021:10:42:27 +0100] "GET /images/mini_prod/8422015293710.jpg HTTP/1.1" 200 3778 "http://www.wonder-geek.com/" "Mozilla/5.0 (iPhone; CPU iPhone OS 15_1 like Mac OS X) AppleWebKit/605.1.15 (KHTML, like Gecko) Version/15.1 Mobile/15E148 Safari/604.1"
96.20.22.190 - - [29/Nov/2021:10:42:27 +0100] "GET /images/mini_prod/5400924160296.jpg HTTP/1.1" 200 6120 "http://www.wonder-geek.com/" "Mozilla/5.0 (iPhone; CPU iPhone OS 15_1 like Mac OS X) AppleWebKit/605.1.15 (KHTML, like Gecko) Version/15.1 Mobile/15E148 Safari/604.1"
96.20.22.190 - - [29/Nov/2021:10:42:27 +0100] "GET /images/mini_prod/8433933252932.jpg HTTP/1.1" 200 5057 "http://www.wonder-geek.com/" "Mozilla/5.0 (iPhone; CPU iPhone OS 15_1 like Mac OS X) AppleWebKit/605.1.15 (KHTML, like Gecko) Version/15.1 Mobile/15E148 Safari/604.1"
96.20.22.190 - - [29/Nov/2021:10:42:27 +0100] "GET /images/mini_prod/8433933241790.jpg HTTP/1.1" 200 6003 "http://www.wonder-geek.com/" "Mozilla/5.0 (iPhone; CPU iPhone OS 15_1 like Mac OS X) AppleWebKit/605.1.15 (KHTML, like Gecko) Version/15.1 Mobile/15E148 Safari/604.1"
96.20.22.190 - - [29/Nov/2021:10:42:27 +0100] "GET /images/mini_prod/5400924181024.jpg HTTP/1.1" 200 4635 "http://www.wonder-geek.com/" "Mozilla/5.0 (iPhone; CPU iPhone OS 15_1 like Mac OS X) AppleWebKit/605.1.15 (KHTML, like Gecko) Version/15.1 Mobile/15E148 Safari/604.1"
96.20.22.190 - - [29/Nov/2021:10:42:27 +0100] "GET /images/mini_prod/8433933228654.jpg HTTP/1.1" 200 6864 "http://www.wonder-geek.com/" "Mozilla/5.0 (iPhone; CPU iPhone OS 15_1 like Mac OS X) AppleWebKit/605.1.15 (KHTML, like Gecko) Version/15.1 Mobile/15E148 Safari/604.1"
96.20.22.190 - - [29/Nov/2021:10:42:27 +0100] "GET /images/mini_prod/3700572740249.jpg HTTP/1.1" 200 4442 "http://www.wonder-geek.com/" "Mozilla/5.0 (iPhone; CPU iPhone OS 15_1 like Mac OS X) AppleWebKit/605.1.15 (KHTML, like Gecko) Version/15.1 Mobile/15E148 Safari/604.1"
96.20.22.190 - - [29/Nov/2021:10:42:27 +0100] "GET /images/mini_prod/3520071823621.jpg HTTP/1.1" 200 5624 "http://www.wonder-geek.com/" "Mozilla/5.0 (iPhone; CPU iPhone OS 15_1 like Mac OS X) AppleWebKit/605.1.15 (KHTML, like Gecko) Version/15.1 Mobile/15E148 Safari/604.1"
96.20.22.190 - - [29/Nov/2021:10:42:27 +0100] "GET /images/mini_prod/3700281659689.jpg HTTP/1.1" 200 5101 "http://www.wonder-geek.com/" "Mozilla/5.0 (iPhone; CPU iPhone OS 15_1 like Mac OS X) AppleWebKit/605.1.15 (KHTML, like Gecko) Version/15.1 Mobile/15E148 Safari/604.1"
96.20.22.190 - - [29/Nov/2021:10:42:27 +0100] "GET /images/mini_prod/8433933244388.jpg HTTP/1.1" 200 13533 "http://www.wonder-geek.com/" "Mozilla/5.0 (iPhone; CPU iPhone OS 15_1 like Mac OS X) AppleWebKit/605.1.15 (KHTML, like Gecko) Version/15.1 Mobile/15E148 Safari/604.1"
96.20.22.190 - - [29/Nov/2021:10:42:27 +0100] "GET /images/mini_prod/8433933228722A.jpg HTTP/1.1" 200 6531 "http://www.wonder-geek.com/" "Mozilla/5.0 (iPhone; CPU iPhone OS 15_1 like Mac OS X) AppleWebKit/605.1.15 (KHTML, like Gecko) Version/15.1 Mobile/15E148 Safari/604.1"
96.20.22.190 - - [29/Nov/2021:10:42:27 +0100] "GET /images/mini_prod/8433933252901.jpg HTTP/1.1" 200 4189 "http://www.wonder-geek.com/" "Mozilla/5.0 (iPhone; CPU iPhone OS 15_1 like Mac OS X) AppleWebKit/605.1.15 (KHTML, like Gecko) Version/15.1 Mobile/15E148 Safari/604.1"
96.20.22.190 - - [29/Nov/2021:10:42:27 +0100] "GET /images/mini_prod/8433933225455.jpg HTTP/1.1" 200 7849 "http://www.wonder-geek.com/" "Mozilla/5.0 (iPhone; CPU iPhone OS 15_1 like Mac OS X) AppleWebKit/605.1.15 (KHTML, like Gecko) Version/15.1 Mobile/15E148 Safari/604.1"
96.20.22.190 - - [29/Nov/2021:10:42:27 +0100] "GET /images/mini_prod/3418178596039.jpg HTTP/1.1" 200 7747 "http://www.wonder-geek.com/" "Mozilla/5.0 (iPhone; CPU iPhone OS 15_1 like Mac OS X) AppleWebKit/605.1.15 (KHTML, like Gecko) Version/15.1 Mobile/15E148 Safari/604.1"
96.20.22.190 - - [29/Nov/2021:10:42:27 +0100] "GET /images/mini_prod/1020322305446.jpg HTTP/1.1" 200 7232 "http://www.wonder-geek.com/" "Mozilla/5.0 (iPhone; CPU iPhone OS 15_1 like Mac OS X) AppleWebKit/605.1.15 (KHTML, like Gecko) Version/15.1 Mobile/15E148 Safari/604.1"
96.20.22.190 - - [29/Nov/2021:10:42:27 +0100] "GET /images/mini_prod/3520071651323B.jpg HTTP/1.1" 200 4997 "http://www.wonder-geek.com/" "Mozilla/5.0 (iPhone; CPU iPhone OS 15_1 like Mac OS X) AppleWebKit/605.1.15 (KHTML, like Gecko) Version/15.1 Mobile/15E148 Safari/604.1"
96.20.22.190 - - [29/Nov/2021:10:42:28 +0100] "GET /images/mini_prod/1328399272709.jpg HTTP/1.1" 200 6979 "http://www.wonder-geek.com/" "Mozilla/5.0 (iPhone; CPU iPhone OS 15_1 like Mac OS X) AppleWebKit/605.1.15 (KHTML, like Gecko) Version/15.1 Mobile/15E148 Safari/604.1"
96.20.22.190 - - [29/Nov/2021:10:42:28 +0100] "GET /images/mini_prod/8712159171945.jpg HTTP/1.1" 200 8220 "http://www.wonder-geek.com/" "Mozilla/5.0 (iPhone; CPU iPhone OS 15_1 like Mac OS X) AppleWebKit/605.1.15 (KHTML, like Gecko) Version/15.1 Mobile/15E148 Safari/604.1"
96.20.22.190 - - [29/Nov/2021:10:42:28 +0100] "GET /images/mini_prod/4895220303460.jpg HTTP/1.1" 200 4409 "http://www.wonder-geek.com/" "Mozilla/5.0 (iPhone; CPU iPhone OS 15_1 like Mac OS X) AppleWebKit/605.1.15 (KHTML, like Gecko) Version/15.1 Mobile/15E148 Safari/604.1"
96.20.22.190 - - [29/Nov/2021:10:42:28 +0100] "GET /images/mini_prod/4012677165445.jpg HTTP/1.1" 200 5579 "http://www.wonder-geek.com/" "Mozilla/5.0 (iPhone; CPU iPhone OS 15_1 like Mac OS X) AppleWebKit/605.1.15 (KHTML, like Gecko) Version/15.1 Mobile/15E148 Safari/604.1"
96.20.22.190 - - [29/Nov/2021:10:42:28 +0100] "GET /images/mini_prod/1328399296095A.jpg HTTP/1.1" 200 5636 "http://www.wonder-geek.com/" "Mozilla/5.0 (iPhone; CPU iPhone OS 15_1 like Mac OS X) AppleWebKit/605.1.15 (KHTML, like Gecko) Version/15.1 Mobile/15E148 Safari/604.1"
96.20.22.190 - - [29/Nov/2021:10:42:28 +0100] "GET /images/mini_prod/3520071808536.jpg HTTP/1.1" 200 4139 "http://www.wonder-geek.com/" "Mozilla/5.0 (iPhone; CPU iPhone OS 15_1 like Mac OS X) AppleWebKit/605.1.15 (KHTML, like Gecko) Version/15.1 Mobile/15E148 Safari/604.1"
96.20.22.190 - - [29/Nov/2021:10:42:28 +0100] "GET /images/mini_prod/1328399296088.jpg HTTP/1.1" 200 6729 "http://www.wonder-geek.com/" "Mozilla/5.0 (iPhone; CPU iPhone OS 15_1 like Mac OS X) AppleWebKit/605.1.15 (KHTML, like Gecko) Version/15.1 Mobile/15E148 Safari/604.1"
96.20.22.190 - - [29/Nov/2021:10:42:28 +0100] "GET /images/mini_prod/8433933251423.jpg HTTP/1.1" 200 6429 "http://www.wonder-geek.com/" "Mozilla/5.0 (iPhone; CPU iPhone OS 15_1 like Mac OS X) AppleWebKit/605.1.15 (KHTML, like Gecko) Version/15.1 Mobile/15E148 Safari/604.1"
96.20.22.190 - - [29/Nov/2021:10:42:28 +0100] "GET /images/mini_prod/8433933243954.jpg HTTP/1.1" 200 6549 "http://www.wonder-geek.com/" "Mozilla/5.0 (iPhone; CPU iPhone OS 15_1 like Mac OS X) AppleWebKit/605.1.15 (KHTML, like Gecko) Version/15.1 Mobile/15E148 Safari/604.1"
96.20.22.190 - - [29/Nov/2021:10:42:28 +0100] "GET /images/mini_prod/3520071818146.jpg HTTP/1.1" 200 6625 "http://www.wonder-geek.com/" "Mozilla/5.0 (iPhone; CPU iPhone OS 15_1 like Mac OS X) AppleWebKit/605.1.15 (KHTML, like Gecko) Version/15.1 Mobile/15E148 Safari/604.1"
96.20.22.190 - - [29/Nov/2021:10:42:28 +0100] "GET /images/mini_prod/3700572761626.jpg HTTP/1.1" 200 6780 "http://www.wonder-geek.com/" "Mozilla/5.0 (iPhone; CPU iPhone OS 15_1 like Mac OS X) AppleWebKit/605.1.15 (KHTML, like Gecko) Version/15.1 Mobile/15E148 Safari/604.1"
96.20.22.190 - - [29/Nov/2021:10:42:28 +0100] "GET /images/mini_prod/3665269156676.jpg HTTP/1.1" 200 7415 "http://www.wonder-geek.com/" "Mozilla/5.0 (iPhone; CPU iPhone OS 15_1 like Mac OS X) AppleWebKit/605.1.15 (KHTML, like Gecko) Version/15.1 Mobile/15E148 Safari/604.1"
96.20.22.190 - - [29/Nov/2021:10:42:28 +0100] "GET /images/mini_prod/3700281652789.jpg HTTP/1.1" 200 6735 "http://www.wonder-geek.com/" "Mozilla/5.0 (iPhone; CPU iPhone OS 15_1 like Mac OS X) AppleWebKit/605.1.15 (KHTML, like Gecko) Version/15.1 Mobile/15E148 Safari/604.1"
96.20.22.190 - - [29/Nov/2021:10:42:28 +0100] "GET /images/mini_prod/3453131158220.jpg HTTP/1.1" 200 8006 "http://www.wonder-geek.com/" "Mozilla/5.0 (iPhone; CPU iPhone OS 15_1 like Mac OS X) AppleWebKit/605.1.15 (KHTML, like Gecko) Version/15.1 Mobile/15E148 Safari/604.1"
96.20.22.190 - - [29/Nov/2021:10:42:28 +0100] "GET /images/mini_prod/Z8712159172089.jpg HTTP/1.1" 200 8370 "http://www.wonder-geek.com/" "Mozilla/5.0 (iPhone; CPU iPhone OS 15_1 like Mac OS X) AppleWebKit/605.1.15 (KHTML, like Gecko) Version/15.1 Mobile/15E148 Safari/604.1"
96.20.22.190 - - [29/Nov/2021:10:42:28 +0100] "GET /images/mini_prod/4542202657164.jpg HTTP/1.1" 200 3024 "http://www.wonder-geek.com/" "Mozilla/5.0 (iPhone; CPU iPhone OS 15_1 like Mac OS X) AppleWebKit/605.1.15 (KHTML, like Gecko) Version/15.1 Mobile/15E148 Safari/604.1"
96.20.22.190 - - [29/Nov/2021:10:42:28 +0100] "GET /images/mini_prod/3665269154757.jpg HTTP/1.1" 200 5118 "http://www.wonder-geek.com/" "Mozilla/5.0 (iPhone; CPU iPhone OS 15_1 like Mac OS X) AppleWebKit/605.1.15 (KHTML, like Gecko) Version/15.1 Mobile/15E148 Safari/604.1"
96.20.22.190 - - [29/Nov/2021:10:42:28 +0100] "GET /images/mini_prod/3700572737102.jpg HTTP/1.1" 200 6024 "http://www.wonder-geek.com/" "Mozilla/5.0 (iPhone; CPU iPhone OS 15_1 like Mac OS X) AppleWebKit/605.1.15 (KHTML, like Gecko) Version/15.1 Mobile/15E148 Safari/604.1"
96.20.22.190 - - [29/Nov/2021:10:42:28 +0100] "GET /images/mini_prod/5400924160364.jpg HTTP/1.1" 200 6187 "http://www.wonder-geek.com/" "Mozilla/5.0 (iPhone; CPU iPhone OS 15_1 like Mac OS X) AppleWebKit/605.1.15 (KHTML, like Gecko) Version/15.1 Mobile/15E148 Safari/604.1"
96.20.22.190 - - [29/Nov/2021:10:42:28 +0100] "GET /images/mini_prod/8712159144611.jpg HTTP/1.1" 200 8740 "http://www.wonder-geek.com/" "Mozilla/5.0 (iPhone; CPU iPhone OS 15_1 like Mac OS X) AppleWebKit/605.1.15 (KHTML, like Gecko) Version/15.1 Mobile/15E148 Safari/604.1"
96.20.22.190 - - [29/Nov/2021:10:42:28 +0100] "GET /images/mini_prod/3700281650532.jpg HTTP/1.1" 200 8799 "http://www.wonder-geek.com/" "Mozilla/5.0 (iPhone; CPU iPhone OS 15_1 like Mac OS X) AppleWebKit/605.1.15 (KHTML, like Gecko) Version/15.1 Mobile/15E148 Safari/604.1"
96.20.22.190 - - [29/Nov/2021:10:42:28 +0100] "GET /images/mini_prod/8433933206553.jpg HTTP/1.1" 200 6229 "http://www.wonder-geek.com/" "Mozilla/5.0 (iPhone; CPU iPhone OS 15_1 like Mac OS X) AppleWebKit/605.1.15 (KHTML, like Gecko) Version/15.1 Mobile/15E148 Safari/604.1"
96.20.22.190 - - [29/Nov/2021:10:42:28 +0100] "GET /images/mini_prod/1020322305422.jpg HTTP/1.1" 200 5397 "http://www.wonder-geek.com/" "Mozilla/5.0 (iPhone; CPU iPhone OS 15_1 like Mac OS X) AppleWebKit/605.1.15 (KHTML, like Gecko) Version/15.1 Mobile/15E148 Safari/604.1"
96.20.22.190 - - [29/Nov/2021:10:42:28 +0100] "GET /images/mini_prod/8433933059975.jpg HTTP/1.1" 200 5878 "http://www.wonder-geek.com/" "Mozilla/5.0 (iPhone; CPU iPhone OS 15_1 like Mac OS X) AppleWebKit/605.1.15 (KHTML, like Gecko) Version/15.1 Mobile/15E148 Safari/604.1"
96.20.22.190 - - [29/Nov/2021:10:42:28 +0100] "GET /images/mini_prod/8433933060377.jpg HTTP/1.1" 200 5643 "http://www.wonder-geek.com/" "Mozilla/5.0 (iPhone; CPU iPhone OS 15_1 like Mac OS X) AppleWebKit/605.1.15 (KHTML, like Gecko) Version/15.1 Mobile/15E148 Safari/604.1"
96.20.22.190 - - [29/Nov/2021:10:42:28 +0100] "GET /images/mini_prod/3700281653441.jpg HTTP/1.1" 200 4594 "http://www.wonder-geek.com/" "Mozilla/5.0 (iPhone; CPU iPhone OS 15_1 like Mac OS X) AppleWebKit/605.1.15 (KHTML, like Gecko) Version/15.1 Mobile/15E148 Safari/604.1"
96.20.22.190 - - [29/Nov/2021:10:42:28 +0100] "GET /images/mini_prod/3700572761596.jpg HTTP/1.1" 200 7339 "http://www.wonder-geek.com/" "Mozilla/5.0 (iPhone; CPU iPhone OS 15_1 like Mac OS X) AppleWebKit/605.1.15 (KHTML, like Gecko) Version/15.1 Mobile/15E148 Safari/604.1"
96.20.22.190 - - [29/Nov/2021:10:42:28 +0100] "GET /images/mini_prod/8433933228616A.jpg HTTP/1.1" 200 8547 "http://www.wonder-geek.com/" "Mozilla/5.0 (iPhone; CPU iPhone OS 15_1 like Mac OS X) AppleWebKit/605.1.15 (KHTML, like Gecko) Version/15.1 Mobile/15E148 Safari/604.1"
96.20.22.190 - - [29/Nov/2021:10:42:28 +0100] "GET /images/mini_prod/8433933239230.jpg HTTP/1.1" 200 8072 "http://www.wonder-geek.com/" "Mozilla/5.0 (iPhone; CPU iPhone OS 15_1 like Mac OS X) AppleWebKit/605.1.15 (KHTML, like Gecko) Version/15.1 Mobile/15E148 Safari/604.1"
96.20.22.190 - - [29/Nov/2021:10:42:28 +0100] "GET /images/mini_prod/4542202662670.jpg HTTP/1.1" 200 4965 "http://www.wonder-geek.com/" "Mozilla/5.0 (iPhone; CPU iPhone OS 15_1 like Mac OS X) AppleWebKit/605.1.15 (KHTML, like Gecko) Version/15.1 Mobile/15E148 Safari/604.1"
96.20.22.190 - - [29/Nov/2021:10:42:30 +0100] "GET /highslide/graphics/outlines/drop-shadow.png HTTP/1.1" 200 2022 "http://www.wonder-geek.com/" "Mozilla/5.0 (iPhone; CPU iPhone OS 15_1 like Mac OS X) AppleWebKit/605.1.15 (KHTML, like Gecko) Version/15.1 Mobile/15E148 Safari/604.1"
96.20.22.190 - - [29/Nov/2021:10:42:30 +0100] "GET /favicon.ico HTTP/1.1" 200 1591 "http://www.wonder-geek.com/" "Mozilla/5.0 (iPhone; CPU iPhone OS 15_1 like Mac OS X) AppleWebKit/605.1.15 (KHTML, like Gecko) Version/15.1 Mobile/15E148 Safari/604.1"
124.71.153.13 - - [29/Nov/2021:10:48:26 +0100] "GET /images/mini_prod/8424345892595.jpg HTTP/1.1" 200 12122 "-" "Mozilla/5.0 (X11; Ubuntu; Linux x86_64; rv:72.0) Gecko/20100101 Firefox/72.0"
157.55.39.108 - - [29/Nov/2021:10:49:01 +0100] "GET /images/big_prod/5400924053277.jpg HTTP/1.1" 200 86383 "-" "Mozilla/5.0 (compatible; bingbot/2.0; +http://www.bing.com/bingbot.htm)"
207.46.13.118 - - [29/Nov/2021:10:49:33 +0100] "GET /images/big_prod_1/8422010176063B.jpg HTTP/1.1" 200 52210 "-" "Mozilla/5.0 (compatible; bingbot/2.0; +http://www.bing.com/bingbot.htm)"
157.55.39.223 - - [29/Nov/2021:10:50:31 +0100] "GET /images/5055071693595.jpg HTTP/1.1" 200 92150 "-" "Mozilla/5.0 (compatible; bingbot/2.0; +http://www.bing.com/bingbot.htm)"
66.152.168.234 - - [29/Nov/2021:10:52:05 +0100] "GET /images/mini_prod/5036278051203.jpg HTTP/1.1" 200 10437 "-" "Mozilla/5.0 (X11; Ubuntu; Linux x86_64; rv:72.0) Gecko/20100101 Firefox/72.0"
66.249.75.168 - - [29/Nov/2021:10:56:11 +0100] "GET /mondial_relay/js/jquery-1.3.2.min.js HTTP/1.1" 200 57254 "http://www.wonder-geek.com/portable-luminous-decorative-lantern-p-55144.html" "Mozilla/5.0 (Linux; Android 6.0.1; Nexus 5X Build/MMB29P) AppleWebKit/537.36 (KHTML, like Gecko) Chrome/95.0.4638.69 Mobile Safari/537.36 (compatible; Googlebot/2.1; +http://www.google.com/bot.html)"
114.119.128.37 - - [29/Nov/2021:10:58:37 +0100] "GET /images/big_prod_4/8719172837179e.jpg HTTP/1.1" 200 46249 "-" "Mozilla/5.0 (Linux; Android 7.0;) AppleWebKit/537.36 (KHTML, like Gecko) Mobile Safari/537.36 (compatible; PetalBot;+https://webmaster.petalsearch.com/site/petalbot)"
77.88.5.222 - - [29/Nov/2021:11:01:27 +0100] "GET /images/big_prod_1/b5025123432120.jpg HTTP/1.1" 200 146871 "-" "Mozilla/5.0 (compatible; YandexImages/3.0; +http://yandex.com/bots)"
207.46.13.118 - - [29/Nov/2021:11:03:24 +0100] "GET /images/8412199931898.jpg HTTP/1.1" 200 37636 "-" "Mozilla/5.0 (compatible; bingbot/2.0; +http://www.bing.com/bingbot.htm)"
185.191.171.5 - - [29/Nov/2021:11:06:07 +0100] "GET /robots.txt HTTP/1.1" 200 2438 "-" "Mozilla/5.0 (compatible; SemrushBot/7~bl; +http://www.semrush.com/bot.html)"
216.244.66.242 - - [29/Nov/2021:11:07:17 +0100] "GET /robots.txt HTTP/1.1" 200 2438 "-" "Mozilla/5.0 (compatible; DotBot/1.2; +https://opensiteexplorer.org/dotbot; help@moz.com)"
77.75.76.168 - - [29/Nov/2021:11:07:45 +0100] "GET /robots.txt HTTP/1.1" 200 2438 "-" "Mozilla/5.0 (compatible; SeznamBot/3.2; +http://napoveda.seznam.cz/en/seznambot-intro/)"
77.75.76.168 - - [29/Nov/2021:11:07:48 +0100] "GET /images/mini_prod/3453131150262.jpg HTTP/1.1" 200 6640 "-" "Mozilla/5.0 (compatible; SeznamBot/3.2; +http://napoveda.seznam.cz/en/seznambot-intro/)"
147.92.153.10 - - [29/Nov/2021:11:08:52 +0100] "GET /images/big_prod/3665269154757.jpg HTTP/1.1" 200 179436 "-" "Mozilla/5.0 (compatible; Linespider/1.1; +https://lin.ee/4dwXkTH)"
66.249.75.168 - - [29/Nov/2021:11:10:13 +0100] "GET /images/big_prod_1/8422017215710B.jpg HTTP/1.1" 200 155982 "-" "Googlebot-Image/1.0"
192.99.36.166 - - [29/Nov/2021:11:12:02 +0100] "GET /robots.txt HTTP/1.1" 200 2438 "-" "Mozilla/5.0 (compatible; MJ12bot/v1.4.8; http://mj12bot.com/)"
159.138.102.98 - - [29/Nov/2021:11:15:00 +0100] "GET /images/big_prod/8433931947434.jpg HTTP/1.1" 200 129346 "-" "Mozilla/5.0 (Linux; Android 7.0;) AppleWebKit/537.36 (KHTML, like Gecko) Mobile Safari/537.36 (compatible; PetalBot;+https://webmaster.petalsearch.com/site/petalbot)"
114.119.128.34 - - [29/Nov/2021:11:23:30 +0100] "GET /images/mini_prod/5055321757893.jpg HTTP/1.1" 200 5042 "-" "Mozilla/5.0 (Linux; Android 7.0;) AppleWebKit/537.36 (KHTML, like Gecko) Mobile Safari/537.36 (compatible; PetalBot;+https://webmaster.petalsearch.com/site/petalbot)"
157.55.39.223 - - [29/Nov/2021:11:24:45 +0100] "GET /images/mini_prod/3520071757377.jpg HTTP/1.1" 200 3802 "-" "Mozilla/5.0 (compatible; bingbot/2.0; +http://www.bing.com/bingbot.htm)"
64.233.173.239 - - [29/Nov/2021:11:25:35 +0100] "GET /images/big_prod_2/3665284220659b.jpg HTTP/1.1" 200 133152 "-" "Mozilla/5.0 (Windows NT 5.1; rv:11.0) Gecko Firefox/11.0 (via ggpht.com GoogleImageProxy)"
54.36.148.227 - - [29/Nov/2021:11:25:40 +0100] "GET /images/med_prod/8712269006069.jpg HTTP/1.1" 200 101764 "-" "Mozilla/5.0 (compatible; AhrefsBot/7.0; +http://ahrefs.com/robot/)"
157.55.39.108 - - [29/Nov/2021:11:27:34 +0100] "GET /images/big_prod/1328399219278a.jpg HTTP/1.1" 200 76417 "-" "Mozilla/5.0 (compatible; bingbot/2.0; +http://www.bing.com/bingbot.htm)"
66.249.75.168 - - [29/Nov/2021:11:29:20 +0100] "GET /images/big_prod/8422060206000.jpg HTTP/1.1" 200 78104 "-" "Googlebot-Image/1.0"
124.71.153.13 - - [29/Nov/2021:11:29:51 +0100] "GET /images/mini_prod/3457019600474a.jpg HTTP/1.1" 200 6540 "-" "Mozilla/5.0 (X11; Ubuntu; Linux x86_64; rv:72.0) Gecko/20100101 Firefox/72.0"
81.23.144.98 - - [29/Nov/2021:11:29:58 +0100] "GET /images/big_prod_1/b8719172838800.jpg HTTP/1.1" 200 108155 "-" "Mozilla/5.0 (Windows NT 10.0; Win64; x64; rv:78.0) Gecko/20100101 Firefox/78.0"
114.119.128.40 - - [29/Nov/2021:11:34:07 +0100] "GET /images/mini_prod/3520071776484.jpg HTTP/1.1" 200 3967 "-" "Mozilla/5.0 (Linux; Android 7.0;) AppleWebKit/537.36 (KHTML, like Gecko) Mobile Safari/537.36 (compatible; PetalBot;+https://webmaster.petalsearch.com/site/petalbot)"
40.77.167.66 - - [29/Nov/2021:11:35:02 +0100] "GET /images/med_prod/3453131091060.jpg HTTP/1.1" 200 34186 "-" "Mozilla/5.0 (compatible; bingbot/2.0; +http://www.bing.com/bingbot.htm)"
165.154.72.231 - - [29/Nov/2021:11:35:22 +0100] "GET /images/big_prod/1345544761390.jpg HTTP/1.1" 200 76674 "-" "Mozilla/5.0 (X11; Ubuntu; Linux x86_64; rv:72.0) Gecko/20100101 Firefox/72.0"
54.36.149.56 - - [29/Nov/2021:11:35:27 +0100] "GET /images/big_prod/8006180200157.jpg HTTP/1.1" 200 95143 "-" "Mozilla/5.0 (compatible; AhrefsBot/7.0; +http://ahrefs.com/robot/)"
52.156.93.80 - - [29/Nov/2021:11:39:35 +0100] "GET /images/med_prod/8430269235288.jpg HTTP/1.1" 200 87828 "-" "Mozilla/4.0 (compatible; MSIE 7.0; Windows NT 6.0)"
114.119.128.26 - - [29/Nov/2021:11:39:51 +0100] "GET /images/big_prod_1/VANILLENOIRE.jpg HTTP/1.1" 200 377630 "-" "Mozilla/5.0 (Linux; Android 7.0;) AppleWebKit/537.36 (KHTML, like Gecko) Mobile Safari/537.36 (compatible; PetalBot;+https://webmaster.petalsearch.com/site/petalbot)"
82.39.59.167 - - [29/Nov/2021:11:42:06 +0100] "GET /templates/Pixame_v1/stylesheet.css HTTP/1.1" 200 56057 "http://www.wonder-geek.com/paris-saint-germain-beer-glass-p-46524.html" "Mozilla/5.0 (Linux; Android 11; SM-A526B) AppleWebKit/537.36 (KHTML, like Gecko) Chrome/96.0.4664.45 Mobile Safari/537.36"
82.39.59.167 - - [29/Nov/2021:11:42:06 +0100] "GET /js/jquery.jqzoom.js HTTP/1.1" 200 4761 "http://www.wonder-geek.com/paris-saint-germain-beer-glass-p-46524.html" "Mozilla/5.0 (Linux; Android 11; SM-A526B) AppleWebKit/537.36 (KHTML, like Gecko) Chrome/96.0.4664.45 Mobile Safari/537.36"
82.39.59.167 - - [29/Nov/2021:11:42:06 +0100] "GET /highslide/highslide.js HTTP/1.1" 200 42909 "http://www.wonder-geek.com/paris-saint-germain-beer-glass-p-46524.html" "Mozilla/5.0 (Linux; Android 11; SM-A526B) AppleWebKit/537.36 (KHTML, like Gecko) Chrome/96.0.4664.45 Mobile Safari/537.36"
82.39.59.167 - - [29/Nov/2021:11:42:06 +0100] "GET /js/jquery.js HTTP/1.1" 200 54075 "http://www.wonder-geek.com/paris-saint-germain-beer-glass-p-46524.html" "Mozilla/5.0 (Linux; Android 11; SM-A526B) AppleWebKit/537.36 (KHTML, like Gecko) Chrome/96.0.4664.45 Mobile Safari/537.36"
82.39.59.167 - - [29/Nov/2021:11:42:06 +0100] "GET /mondial_relay/js/jquery-1.3.2.min.js HTTP/1.1" 200 57254 "http://www.wonder-geek.com/paris-saint-germain-beer-glass-p-46524.html" "Mozilla/5.0 (Linux; Android 11; SM-A526B) AppleWebKit/537.36 (KHTML, like Gecko) Chrome/96.0.4664.45 Mobile Safari/537.36"
82.39.59.167 - - [29/Nov/2021:11:42:06 +0100] "GET /templates/Pixame_v1/images/icon_accueil2.png HTTP/1.1" 200 1137 "http://www.wonder-geek.com/paris-saint-germain-beer-glass-p-46524.html" "Mozilla/5.0 (Linux; Android 11; SM-A526B) AppleWebKit/537.36 (KHTML, like Gecko) Chrome/96.0.4664.45 Mobile Safari/537.36"
82.39.59.167 - - [29/Nov/2021:11:42:06 +0100] "GET /templates/Pixame_v1/images/buttons/english/button_in_cart.gif HTTP/1.1" 200 1212 "http://www.wonder-geek.com/paris-saint-germain-beer-glass-p-46524.html" "Mozilla/5.0 (Linux; Android 11; SM-A526B) AppleWebKit/537.36 (KHTML, like Gecko) Chrome/96.0.4664.45 Mobile Safari/537.36"
82.39.59.167 - - [29/Nov/2021:11:42:06 +0100] "GET /templates/Pixame_v1/images/nav.png HTTP/1.1" 200 1283 "http://www.wonder-geek.com/templates/Pixame_v1/stylesheet.css" "Mozilla/5.0 (Linux; Android 11; SM-A526B) AppleWebKit/537.36 (KHTML, like Gecko) Chrome/96.0.4664.45 Mobile Safari/537.36"
82.39.59.167 - - [29/Nov/2021:11:42:06 +0100] "GET /templates/Pixame_v1/images/Bottom_texture.jpg HTTP/1.1" 200 56290 "http://www.wonder-geek.com/templates/Pixame_v1/stylesheet.css" "Mozilla/5.0 (Linux; Android 11; SM-A526B) AppleWebKit/537.36 (KHTML, like Gecko) Chrome/96.0.4664.45 Mobile Safari/537.36"
82.39.59.167 - - [29/Nov/2021:11:42:06 +0100] "GET /images/big_prod/3700516251503.jpg HTTP/1.1" 200 57669 "http://www.wonder-geek.com/paris-saint-germain-beer-glass-p-46524.html" "Mozilla/5.0 (Linux; Android 11; SM-A526B) AppleWebKit/537.36 (KHTML, like Gecko) Chrome/96.0.4664.45 Mobile Safari/537.36"
82.39.59.167 - - [29/Nov/2021:11:42:06 +0100] "GET /templates/Pixame_v1/images/header.png HTTP/1.1" 200 70245 "http://www.wonder-geek.com/templates/Pixame_v1/stylesheet.css" "Mozilla/5.0 (Linux; Android 11; SM-A526B) AppleWebKit/537.36 (KHTML, like Gecko) Chrome/96.0.4664.45 Mobile Safari/537.36"
82.39.59.167 - - [29/Nov/2021:11:42:06 +0100] "GET /design/productsenstock.png HTTP/1.1" 200 4743 "http://www.wonder-geek.com/templates/Pixame_v1/stylesheet.css" "Mozilla/5.0 (Linux; Android 11; SM-A526B) AppleWebKit/537.36 (KHTML, like Gecko) Chrome/96.0.4664.45 Mobile Safari/537.36"
82.39.59.167 - - [29/Nov/2021:11:42:06 +0100] "GET /templates/Pixame_v1/images/header-object.png HTTP/1.1" 200 106050 "http://www.wonder-geek.com/templates/Pixame_v1/stylesheet.css" "Mozilla/5.0 (Linux; Android 11; SM-A526B) AppleWebKit/537.36 (KHTML, like Gecko) Chrome/96.0.4664.45 Mobile Safari/537.36"
82.39.59.167 - - [29/Nov/2021:11:42:06 +0100] "GET /templates/Pixame_v1/images/Middle_texture.jpg HTTP/1.1" 200 249620 "http://www.wonder-geek.com/templates/Pixame_v1/stylesheet.css" "Mozilla/5.0 (Linux; Android 11; SM-A526B) AppleWebKit/537.36 (KHTML, like Gecko) Chrome/96.0.4664.45 Mobile Safari/537.36"
82.39.59.167 - - [29/Nov/2021:11:42:06 +0100] "GET /highslide/graphics/outlines/drop-shadow.png HTTP/1.1" 200 2022 "http://www.wonder-geek.com/paris-saint-germain-beer-glass-p-46524.html" "Mozilla/5.0 (Linux; Android 11; SM-A526B) AppleWebKit/537.36 (KHTML, like Gecko) Chrome/96.0.4664.45 Mobile Safari/537.36"
82.39.59.167 - - [29/Nov/2021:11:42:06 +0100] "GET /favicon.ico HTTP/1.1" 200 1591 "http://www.wonder-geek.com/paris-saint-germain-beer-glass-p-46524.html" "Mozilla/5.0 (Linux; Android 11; SM-A526B) AppleWebKit/537.36 (KHTML, like Gecko) Chrome/96.0.4664.45 Mobile Safari/537.36"
51.222.253.10 - - [29/Nov/2021:11:42:40 +0100] "GET /robots.txt HTTP/1.1" 200 2438 "-" "Mozilla/5.0 (compatible; AhrefsBot/7.0; +http://ahrefs.com/robot/)"
114.119.128.39 - - [29/Nov/2021:11:45:24 +0100] "GET /images/mini_prod/8433933246108.jpg HTTP/1.1" 200 3770 "-" "Mozilla/5.0 (Linux; Android 7.0;) AppleWebKit/537.36 (KHTML, like Gecko) Mobile Safari/537.36 (compatible; PetalBot;+https://webmaster.petalsearch.com/site/petalbot)"
165.154.72.231 - - [29/Nov/2021:11:47:36 +0100] "GET /images/mini_prod/3661443612495.jpg HTTP/1.1" 200 6374 "-" "Mozilla/5.0 (X11; Ubuntu; Linux x86_64; rv:72.0) Gecko/20100101 Firefox/72.0"
52.143.89.47 - - [29/Nov/2021:11:48:37 +0100] "GET /images/big_prod_1/8718375752562a.jpg HTTP/1.1" 200 117857 "-" "Mozilla/4.0 (compatible; MSIE 7.0; Windows NT 6.0)"
216.244.66.242 - - [29/Nov/2021:11:50:52 +0100] "GET /robots.txt HTTP/1.1" 200 2438 "-" "Mozilla/5.0 (compatible; DotBot/1.2; +https://opensiteexplorer.org/dotbot; help@moz.com)"
157.55.39.223 - - [29/Nov/2021:11:51:55 +0100] "GET /images/102_4711.jpg HTTP/1.1" 200 15625 "-" "Mozilla/5.0 (compatible; bingbot/2.0; +http://www.bing.com/bingbot.htm)"
77.75.79.109 - - [29/Nov/2021:11:58:54 +0100] "GET /robots.txt HTTP/1.1" 200 2438 "-" "Mozilla/5.0 (compatible; SeznamBot/3.2; +http://napoveda.seznam.cz/en/seznambot-intro/)"
77.75.79.109 - - [29/Nov/2021:11:58:54 +0100] "GET /images/mini_prod/8422024205001.jpg HTTP/1.1" 200 7549 "-" "Mozilla/5.0 (compatible; SeznamBot/3.2; +http://napoveda.seznam.cz/en/seznambot-intro/)"
147.92.153.8 - - [29/Nov/2021:12:02:51 +0100] "GET /images/big_prod/3520071820903.jpg HTTP/1.1" 200 702679 "-" "Mozilla/5.0 (compatible; Linespider/1.1; +https://lin.ee/4dwXkTH)"
114.119.128.39 - - [29/Nov/2021:12:04:21 +0100] "GET /images/big_prod/8718375750865.jpg HTTP/1.1" 200 59422 "-" "Mozilla/5.0 (Linux; Android 7.0;) AppleWebKit/537.36 (KHTML, like Gecko) Mobile Safari/537.36 (compatible; PetalBot;+https://webmaster.petalsearch.com/site/petalbot)"
157.55.39.108 - - [29/Nov/2021:12:05:58 +0100] "GET /images/big_prod/281413.jpg HTTP/1.1" 200 120834 "-" "Mozilla/5.0 (compatible; bingbot/2.0; +http://www.bing.com/bingbot.htm)"
185.191.171.5 - - [29/Nov/2021:12:06:10 +0100] "GET /robots.txt HTTP/1.1" 200 2438 "-" "Mozilla/5.0 (compatible; SemrushBot/7~bl; +http://www.semrush.com/bot.html)"
89.186.188.30 - - [29/Nov/2021:12:06:21 +0100] "GET /images/mini_prod/4500315900003.jpg HTTP/1.1" 200 7291 "-" "Mozilla/5.0 (X11; Ubuntu; Linux x86_64; rv:72.0) Gecko/20100101 Firefox/72.0"
165.154.72.231 - - [29/Nov/2021:12:06:22 +0100] "GET /images/mini_prod/1399984241820.jpg HTTP/1.1" 200 6560 "-" "Mozilla/5.0 (X11; Ubuntu; Linux x86_64; rv:72.0) Gecko/20100101 Firefox/72.0"
40.77.167.66 - - [29/Nov/2021:12:07:45 +0100] "GET /images/800399062384819072012.jpg HTTP/1.1" 200 36479 "-" "Mozilla/5.0 (compatible; bingbot/2.0; +http://www.bing.com/bingbot.htm)"
52.156.93.80 - - [29/Nov/2021:12:10:50 +0100] "GET /images/med_prod/3438100363850.jpg HTTP/1.1" 200 142725 "-" "Mozilla/5.0 (Windows NT 6.1; WOW64) AppleWebKit/537.36 (KHTML, like Gecko) Chrome/45.0.2454.101 Safari/537.36"
64.233.173.239 - - [29/Nov/2021:12:14:00 +0100] "GET /images/big_prod_2/3457010912309b.jpg HTTP/1.1" 200 88440 "-" "Mozilla/5.0 (Windows NT 5.1; rv:11.0) Gecko Firefox/11.0 (via ggpht.com GoogleImageProxy)"
114.119.128.26 - - [29/Nov/2021:12:14:40 +0100] "GET /images/mini_prod/3494150108728.jpg HTTP/1.1" 200 13487 "-" "Mozilla/5.0 (Linux; Android 7.0;) AppleWebKit/537.36 (KHTML, like Gecko) Mobile Safari/537.36 (compatible; PetalBot;+https://webmaster.petalsearch.com/site/petalbot)"
54.36.148.127 - - [29/Nov/2021:12:16:17 +0100] "GET /images/8033667001822.jpg HTTP/1.1" 200 78033 "-" "Mozilla/5.0 (compatible; AhrefsBot/7.0; +http://ahrefs.com/robot/)"
51.143.63.203 - - [29/Nov/2021:12:21:42 +0100] "GET /images/DSCN3388.jpg HTTP/1.1" 200 16212 "-" "Mozilla/5.0 (Macintosh; U; PPC Mac OS X 10.5; en-US; rv:1.9.2.15) Gecko/20110303 Firefox/3.6.15"
148.251.120.201 - - [29/Nov/2021:12:23:36 +0100] "GET /robots.txt HTTP/1.1" 200 2438 "-" "Mozilla/5.0 (compatible; MJ12bot/v1.4.8; http://mj12bot.com/)"
114.119.128.39 - - [29/Nov/2021:12:25:50 +0100] "GET /images/mini_prod/8435153867729B.jpg HTTP/1.1" 200 5186 "-" "Mozilla/5.0 (Linux; Android 7.0;) AppleWebKit/537.36 (KHTML, like Gecko) Mobile Safari/537.36 (compatible; PetalBot;+https://webmaster.petalsearch.com/site/petalbot)"
157.55.39.223 - - [29/Nov/2021:12:28:49 +0100] "GET /images/DSCN4071.jpg HTTP/1.1" 200 13477 "-" "Mozilla/5.0 (compatible; bingbot/2.0; +http://www.bing.com/bingbot.htm)"
66.249.75.168 - - [29/Nov/2021:12:29:20 +0100] "GET /images/mini_prod/3520071818146.jpg HTTP/1.1" 200 6625 "-" "Googlebot-Image/1.0"
207.46.13.202 - - [29/Nov/2021:12:29:45 +0100] "GET /images/big_prod/3609810076006b.jpg HTTP/1.1" 200 81416 "-" "Mozilla/5.0 (compatible; bingbot/2.0; +http://www.bing.com/bingbot.htm)"
207.46.13.118 - - [29/Nov/2021:12:32:14 +0100] "GET /images/med_prod/1399984288726.jpg HTTP/1.1" 200 92797 "-" "Mozilla/5.0 (compatible; bingbot/2.0; +http://www.bing.com/bingbot.htm)"
52.156.93.152 - - [29/Nov/2021:12:34:33 +0100] "GET /images/big_prod_1/b8718375753521.jpg HTTP/1.1" 200 104951 "-" "Mozilla/5.0 (Windows NT 10.0; WOW64) AppleWebKit/537.36 (KHTML, like Gecko) Chrome/68.0.3440.106 Safari/537.36"
85.105.212.211 - - [29/Nov/2021:12:34:48 +0100] "GET /highslide/highslide.js HTTP/1.1" 200 42909 "http://www.wonder-geek.com/beer-beer-metal-plate-deco-p-36751.html" "Mozilla/5.0 (Windows NT 10.0; Win64; x64) AppleWebKit/537.36 (KHTML, like Gecko) Chrome/96.0.4664.45 Safari/537.36"
85.105.212.211 - - [29/Nov/2021:12:34:48 +0100] "GET /templates/Pixame_v1/stylesheet.css HTTP/1.1" 200 56057 "http://www.wonder-geek.com/beer-beer-metal-plate-deco-p-36751.html" "Mozilla/5.0 (Windows NT 10.0; Win64; x64) AppleWebKit/537.36 (KHTML, like Gecko) Chrome/96.0.4664.45 Safari/537.36"
85.105.212.211 - - [29/Nov/2021:12:34:48 +0100] "GET /js/jquery.js HTTP/1.1" 200 54075 "http://www.wonder-geek.com/beer-beer-metal-plate-deco-p-36751.html" "Mozilla/5.0 (Windows NT 10.0; Win64; x64) AppleWebKit/537.36 (KHTML, like Gecko) Chrome/96.0.4664.45 Safari/537.36"
85.105.212.211 - - [29/Nov/2021:12:34:48 +0100] "GET /js/jquery.jqzoom.js HTTP/1.1" 200 4761 "http://www.wonder-geek.com/beer-beer-metal-plate-deco-p-36751.html" "Mozilla/5.0 (Windows NT 10.0; Win64; x64) AppleWebKit/537.36 (KHTML, like Gecko) Chrome/96.0.4664.45 Safari/537.36"
85.105.212.211 - - [29/Nov/2021:12:34:48 +0100] "GET /mondial_relay/js/jquery-1.3.2.min.js HTTP/1.1" 200 57254 "http://www.wonder-geek.com/beer-beer-metal-plate-deco-p-36751.html" "Mozilla/5.0 (Windows NT 10.0; Win64; x64) AppleWebKit/537.36 (KHTML, like Gecko) Chrome/96.0.4664.45 Safari/537.36"
85.105.212.211 - - [29/Nov/2021:12:34:48 +0100] "GET /templates/Pixame_v1/images/icon_accueil2.png HTTP/1.1" 200 1137 "http://www.wonder-geek.com/beer-beer-metal-plate-deco-p-36751.html" "Mozilla/5.0 (Windows NT 10.0; Win64; x64) AppleWebKit/537.36 (KHTML, like Gecko) Chrome/96.0.4664.45 Safari/537.36"
85.105.212.211 - - [29/Nov/2021:12:34:48 +0100] "GET /templates/Pixame_v1/images/Bottom_texture.jpg HTTP/1.1" 200 56290 "http://www.wonder-geek.com/templates/Pixame_v1/stylesheet.css" "Mozilla/5.0 (Windows NT 10.0; Win64; x64) AppleWebKit/537.36 (KHTML, like Gecko) Chrome/96.0.4664.45 Safari/537.36"
85.105.212.211 - - [29/Nov/2021:12:34:48 +0100] "GET /templates/Pixame_v1/images/header.png HTTP/1.1" 200 70245 "http://www.wonder-geek.com/templates/Pixame_v1/stylesheet.css" "Mozilla/5.0 (Windows NT 10.0; Win64; x64) AppleWebKit/537.36 (KHTML, like Gecko) Chrome/96.0.4664.45 Safari/537.36"
85.105.212.211 - - [29/Nov/2021:12:34:48 +0100] "GET /templates/Pixame_v1/images/nav.png HTTP/1.1" 200 1283 "http://www.wonder-geek.com/templates/Pixame_v1/stylesheet.css" "Mozilla/5.0 (Windows NT 10.0; Win64; x64) AppleWebKit/537.36 (KHTML, like Gecko) Chrome/96.0.4664.45 Safari/537.36"
85.105.212.211 - - [29/Nov/2021:12:34:48 +0100] "GET /templates/Pixame_v1/images/Middle_texture.jpg HTTP/1.1" 200 249620 "http://www.wonder-geek.com/templates/Pixame_v1/stylesheet.css" "Mozilla/5.0 (Windows NT 10.0; Win64; x64) AppleWebKit/537.36 (KHTML, like Gecko) Chrome/96.0.4664.45 Safari/537.36"
85.105.212.211 - - [29/Nov/2021:12:34:48 +0100] "GET /images/big_prod/8433933035542.jpg HTTP/1.1" 200 150356 "http://www.wonder-geek.com/beer-beer-metal-plate-deco-p-36751.html" "Mozilla/5.0 (Windows NT 10.0; Win64; x64) AppleWebKit/537.36 (KHTML, like Gecko) Chrome/96.0.4664.45 Safari/537.36"
85.105.212.211 - - [29/Nov/2021:12:34:49 +0100] "GET /templates/Pixame_v1/images/header-object.png HTTP/1.1" 200 106050 "http://www.wonder-geek.com/templates/Pixame_v1/stylesheet.css" "Mozilla/5.0 (Windows NT 10.0; Win64; x64) AppleWebKit/537.36 (KHTML, like Gecko) Chrome/96.0.4664.45 Safari/537.36"
85.105.212.211 - - [29/Nov/2021:12:34:49 +0100] "GET /design/productsenstock.png HTTP/1.1" 200 4743 "http://www.wonder-geek.com/templates/Pixame_v1/stylesheet.css" "Mozilla/5.0 (Windows NT 10.0; Win64; x64) AppleWebKit/537.36 (KHTML, like Gecko) Chrome/96.0.4664.45 Safari/537.36"
85.105.212.211 - - [29/Nov/2021:12:34:49 +0100] "GET /templates/Pixame_v1/images/buttons/english/button_in_cart.gif HTTP/1.1" 200 1212 "http://www.wonder-geek.com/beer-beer-metal-plate-deco-p-36751.html" "Mozilla/5.0 (Windows NT 10.0; Win64; x64) AppleWebKit/537.36 (KHTML, like Gecko) Chrome/96.0.4664.45 Safari/537.36"
85.105.212.211 - - [29/Nov/2021:12:34:49 +0100] "GET /highslide/graphics/outlines/drop-shadow.png HTTP/1.1" 200 2022 "http://www.wonder-geek.com/beer-beer-metal-plate-deco-p-36751.html" "Mozilla/5.0 (Windows NT 10.0; Win64; x64) AppleWebKit/537.36 (KHTML, like Gecko) Chrome/96.0.4664.45 Safari/537.36"
85.105.212.211 - - [29/Nov/2021:12:34:49 +0100] "GET /favicon.ico HTTP/1.1" 200 1591 "http://www.wonder-geek.com/beer-beer-metal-plate-deco-p-36751.html" "Mozilla/5.0 (Windows NT 10.0; Win64; x64) AppleWebKit/537.36 (KHTML, like Gecko) Chrome/96.0.4664.45 Safari/537.36"
157.55.39.223 - - [29/Nov/2021:12:34:52 +0100] "GET /images/6953270928472.jpg HTTP/1.1" 200 34530 "-" "Mozilla/5.0 (compatible; bingbot/2.0; +http://www.bing.com/bingbot.htm)"
52.143.89.47 - - [29/Nov/2021:12:35:06 +0100] "GET /images/big_prod/3453131150491.jpg HTTP/1.1" 200 132421 "-" "Mozilla/5.0 (Macintosh; U; PPC Mac OS X 10.5; en-US; rv:1.9.2.15) Gecko/20110303 Firefox/3.6.15"
207.46.13.202 - - [29/Nov/2021:12:35:26 +0100] "GET /images/8028501262569.jpg HTTP/1.1" 200 92692 "-" "Mozilla/5.0 (compatible; bingbot/2.0; +http://www.bing.com/bingbot.htm)"
157.55.39.228 - - [29/Nov/2021:12:35:56 +0100] "GET /images/big_prod/3453131151764.jpg HTTP/1.1" 200 89792 "-" "Mozilla/5.0 (compatible; bingbot/2.0; +http://www.bing.com/bingbot.htm)"
114.119.128.37 - - [29/Nov/2021:12:36:34 +0100] "GET /images/mini_prod/8422024205001.jpg HTTP/1.1" 200 7549 "-" "Mozilla/5.0 (Linux; Android 7.0;) AppleWebKit/537.36 (KHTML, like Gecko) Mobile Safari/537.36 (compatible; PetalBot;+https://webmaster.petalsearch.com/site/petalbot)"
216.244.66.242 - - [29/Nov/2021:12:37:48 +0100] "GET /robots.txt HTTP/1.1" 200 2438 "-" "Mozilla/5.0 (compatible; DotBot/1.2; +https://opensiteexplorer.org/dotbot; help@moz.com)"
207.46.13.202 - - [29/Nov/2021:12:40:06 +0100] "GET /images/big_prod_1/b041689489458.jpg HTTP/1.1" 200 88304 "-" "Mozilla/5.0 (compatible; bingbot/2.0; +http://www.bing.com/bingbot.htm)"
52.156.93.69 - - [29/Nov/2021:12:40:15 +0100] "GET /images/big_prod/8433933712764.jpg HTTP/1.1" 200 77724 "-" "Mozilla/5.0 (Windows NT 10.0; WOW64) AppleWebKit/537.36 (KHTML, like Gecko) Chrome/64.0.3282.186 Safari/537.36"
207.46.13.202 - - [29/Nov/2021:12:40:16 +0100] "GET /images/big_prod/8433933188552.jpg HTTP/1.1" 200 42643 "-" "Mozilla/5.0 (compatible; bingbot/2.0; +http://www.bing.com/bingbot.htm)"
20.191.45.212 - - [29/Nov/2021:12:40:24 +0100] "GET /favicon.ico HTTP/1.1" 200 1591 "http://www.wonder-geek.com/favicon.ico" "Mozilla/5.0 (compatible; DuckDuckGo-Favicons-Bot/1.0; +http://duckduckgo.com)"
77.88.5.222 - - [29/Nov/2021:12:42:04 +0100] "GET /robots.txt HTTP/1.1" 200 2438 "-" "Mozilla/5.0 (compatible; YandexBot/3.0; +http://yandex.com/bots)"
52.156.93.20 - - [29/Nov/2021:12:43:47 +0100] "GET /images/big_prod/VANGOGH6.jpg HTTP/1.1" 200 128557 "-" "Mozilla/4.0 (compatible; MSIE 7.0; Windows NT 6.0)"
89.186.188.30 - - [29/Nov/2021:12:44:04 +0100] "GET /images/mini_prod/8003990616123.jpg HTTP/1.1" 200 5291 "-" "Mozilla/5.0 (X11; Ubuntu; Linux x86_64; rv:72.0) Gecko/20100101 Firefox/72.0"
66.249.75.168 - - [29/Nov/2021:12:44:33 +0100] "GET /images/mini_prod/5400924160296.jpg HTTP/1.1" 200 6120 "-" "Googlebot-Image/1.0"
106.53.124.110 - - [29/Nov/2021:12:45:08 +0100] "GET /images/mini_prod/52131990360631-fushia.jpg HTTP/1.1" 200 7630 "-" "Mozilla/5.0 (X11; Ubuntu; Linux x86_64; rv:72.0) Gecko/20100101 Firefox/72.0"
147.92.153.19 - - [29/Nov/2021:12:45:32 +0100] "GET /images/big_prod/3014627885916NN.jpg HTTP/1.1" 200 46731 "-" "Mozilla/5.0 (compatible; Linespider/1.1; +https://lin.ee/4dwXkTH)"
166.88.17.238 - - [29/Nov/2021:12:46:25 +0100] "GET /images/mini_prod/3014627769278.jpg HTTP/1.1" 200 6606 "-" "Mozilla/5.0 (X11; Ubuntu; Linux x86_64; rv:72.0) Gecko/20100101 Firefox/72.0"
40.77.167.66 - - [29/Nov/2021:12:48:50 +0100] "GET /images/GormitiBassa.jpg HTTP/1.1" 200 29928 "-" "Mozilla/5.0 (compatible; bingbot/2.0; +http://www.bing.com/bingbot.htm)"
66.102.9.241 - - [29/Nov/2021:12:51:35 +0100] "GET /images/041689560010.jpg HTTP/1.1" 200 99116 "-" "Mozilla/5.0 (Windows NT 5.1; rv:11.0) Gecko Firefox/11.0 (via ggpht.com GoogleImageProxy)"
166.88.17.238 - - [29/Nov/2021:12:53:37 +0100] "GET /images/mini_prod/8435306215780.jpg HTTP/1.1" 200 6366 "-" "Mozilla/5.0 (X11; Ubuntu; Linux x86_64; rv:72.0) Gecko/20100101 Firefox/72.0"
42.194.235.210 - - [29/Nov/2021:12:54:29 +0100] "GET /images/mini_prod/Image15.jpg HTTP/1.1" 200 23237 "-" "Mozilla/5.0 (X11; Ubuntu; Linux x86_64; rv:72.0) Gecko/20100101 Firefox/72.0"
66.249.75.166 - - [29/Nov/2021:12:55:22 +0100] "GET /images/big_prod_1/8424001646715B.jpg HTTP/1.1" 200 217896 "-" "Googlebot-Image/1.0"
185.191.171.7 - - [29/Nov/2021:12:55:46 +0100] "GET /robots.txt HTTP/1.1" 200 2438 "-" "Mozilla/5.0 (compatible; SemrushBot/7~bl; +http://www.semrush.com/bot.html)"
157.55.39.223 - - [29/Nov/2021:12:56:20 +0100] "GET /images/big_prod/B11113b.jpg HTTP/1.1" 200 139529 "-" "Mozilla/5.0 (compatible; bingbot/2.0; +http://www.bing.com/bingbot.htm)"
52.156.93.152 - - [29/Nov/2021:12:57:54 +0100] "GET /images/1399984260098.jpg HTTP/1.1" 200 71517 "-" "Mozilla/4.0 (compatible; MSIE 7.0; Windows NT 6.0)"
148.251.120.201 - - [29/Nov/2021:13:02:39 +0100] "GET /robots.txt HTTP/1.1" 200 2438 "-" "Mozilla/5.0 (compatible; MJ12bot/v1.4.8; http://mj12bot.com/)"
77.75.78.169 - - [29/Nov/2021:13:05:02 +0100] "GET /robots.txt HTTP/1.1" 200 2438 "-" "Mozilla/5.0 (compatible; SeznamBot/3.2; +http://napoveda.seznam.cz/en/seznambot-intro/)"
77.75.78.169 - - [29/Nov/2021:13:05:03 +0100] "GET /images/mini_prod/8422024203021.jpg HTTP/1.1" 200 6215 "-" "Mozilla/5.0 (compatible; SeznamBot/3.2; +http://napoveda.seznam.cz/en/seznambot-intro/)"
157.55.39.223 - - [29/Nov/2021:13:05:14 +0100] "GET /images/big_prod/8003990572825D.jpg HTTP/1.1" 200 193108 "-" "Mozilla/5.0 (compatible; bingbot/2.0; +http://www.bing.com/bingbot.htm)"
66.249.75.170 - - [29/Nov/2021:13:06:11 +0100] "GET /images/mini_prod/8717202558773.jpg HTTP/1.1" 200 5010 "-" "Googlebot-Image/1.0"
114.119.128.253 - - [29/Nov/2021:13:06:18 +0100] "GET /images/mini_prod/3520071753812.jpg HTTP/1.1" 200 4732 "-" "Mozilla/5.0 (Linux; Android 7.0;) AppleWebKit/537.36 (KHTML, like Gecko) Mobile Safari/537.36 (compatible; PetalBot;+https://webmaster.petalsearch.com/site/petalbot)"
165.154.72.231 - - [29/Nov/2021:13:06:43 +0100] "GET /images/mini_prod/8412497371747.jpg HTTP/1.1" 200 8125 "-" "Mozilla/5.0 (X11; Ubuntu; Linux x86_64; rv:72.0) Gecko/20100101 Firefox/72.0"
157.55.39.223 - - [29/Nov/2021:13:09:55 +0100] "GET /images/big_prod/3014627939718.jpg HTTP/1.1" 200 113892 "-" "Mozilla/5.0 (compatible; bingbot/2.0; +http://www.bing.com/bingbot.htm)"
40.77.167.66 - - [29/Nov/2021:13:10:42 +0100] "GET /images/big_prod/3609810095076.jpg HTTP/1.1" 200 160320 "-" "Mozilla/5.0 (compatible; bingbot/2.0; +http://www.bing.com/bingbot.htm)"
40.77.167.66 - - [29/Nov/2021:13:13:22 +0100] "GET /images/mini_prod/8717318201136.jpg HTTP/1.1" 200 4443 "-" "Mozilla/5.0 (compatible; bingbot/2.0; +http://www.bing.com/bingbot.htm)"
207.46.13.202 - - [29/Nov/2021:13:14:01 +0100] "GET /images/big_prod_1/1328399270286a.jpg HTTP/1.1" 200 497746 "-" "Mozilla/5.0 (compatible; bingbot/2.0; +http://www.bing.com/bingbot.htm)"
114.119.128.37 - - [29/Nov/2021:13:14:08 +0100] "GET /images/big_prod/3700344910481.jpg HTTP/1.1" 200 57651 "-" "Mozilla/5.0 (Linux; Android 7.0;) AppleWebKit/537.36 (KHTML, like Gecko) Mobile Safari/537.36 (compatible; PetalBot;+https://webmaster.petalsearch.com/site/petalbot)"
52.156.93.160 - - [29/Nov/2021:13:14:52 +0100] "GET /images/1399984232668.jpg HTTP/1.1" 200 54328 "-" "Mozilla/4.0 (compatible; MSIE 7.0; Windows NT 6.0)"
124.71.153.13 - - [29/Nov/2021:13:15:45 +0100] "GET /images/mini_prod/3700653593269.jpg HTTP/1.1" 200 6857 "-" "Mozilla/5.0 (X11; Ubuntu; Linux x86_64; rv:72.0) Gecko/20100101 Firefox/72.0"
40.77.167.66 - - [29/Nov/2021:13:15:56 +0100] "GET /images/med_prod/3760226372530.jpg HTTP/1.1" 200 97032 "-" "Mozilla/5.0 (compatible; bingbot/2.0; +http://www.bing.com/bingbot.htm)"
66.249.75.170 - - [29/Nov/2021:13:16:59 +0100] "GET /images/mini_prod/8433933244784.jpg HTTP/1.1" 200 9118 "-" "Googlebot-Image/1.0"
52.148.165.217 - - [29/Nov/2021:13:18:06 +0100] "GET /images/big_prod_1/4542202653265fred.jpg HTTP/1.1" 200 71634 "-" "Mozilla/5.0 (Windows NT 10.0; WOW64) AppleWebKit/537.36 (KHTML, like Gecko) Chrome/64.0.3282.186 Safari/537.36"
20.80.156.160 - - [29/Nov/2021:13:19:05 +0100] "GET /images/big_prod_1/b5051276225661.jpg HTTP/1.1" 200 95321 "-" "Mozilla/5.0 (Windows NT 10.0; WOW64) AppleWebKit/537.36 (KHTML, like Gecko) Chrome/67.0.3396.99 Safari/537.36"
159.138.102.98 - - [29/Nov/2021:13:24:30 +0100] "GET /images/big_prod/8424345498452.jpg HTTP/1.1" 200 57383 "-" "Mozilla/5.0 (Linux; Android 7.0;) AppleWebKit/537.36 (KHTML, like Gecko) Mobile Safari/537.36 (compatible; PetalBot;+https://webmaster.petalsearch.com/site/petalbot)"
157.55.39.228 - - [29/Nov/2021:13:24:41 +0100] "GET /images/med_prod/8435306283031.jpg HTTP/1.1" 200 97083 "-" "Mozilla/5.0 (compatible; bingbot/2.0; +http://www.bing.com/bingbot.htm)"
51.143.63.203 - - [29/Nov/2021:13:25:06 +0100] "GET /images/1341689170806b.jpg HTTP/1.1" 200 38097 "-" "Mozilla/5.0 (X11; Linux x86_64) AppleWebKit/537.36 (KHTML, like Gecko) Chrome/62.0.3202.62 Safari/537.36"
216.244.66.242 - - [29/Nov/2021:13:26:17 +0100] "GET /robots.txt HTTP/1.1" 200 2438 "-" "Mozilla/5.0 (compatible; DotBot/1.2; +https://opensiteexplorer.org/dotbot; help@moz.com)"
40.77.167.66 - - [29/Nov/2021:13:27:24 +0100] "GET /images/big_prod/8904245400088.jpg HTTP/1.1" 200 82706 "-" "Mozilla/5.0 (compatible; bingbot/2.0; +http://www.bing.com/bingbot.htm)"
66.249.75.170 - - [29/Nov/2021:13:27:48 +0100] "GET /images/mini_prod/3520071818139.jpg HTTP/1.1" 200 7278 "-" "Googlebot-Image/1.0"
207.180.224.141 - - [29/Nov/2021:13:29:34 +0100] "GET /robots.txt HTTP/1.1" 200 2438 "-" "Mozilla/5.0 (compatible; MJ12bot/v1.4.8; http://mj12bot.com/)"
54.36.148.54 - - [29/Nov/2021:13:30:00 +0100] "GET /images/big_prod/3700572761596.jpg HTTP/1.1" 200 467770 "-" "Mozilla/5.0 (compatible; AhrefsBot/7.0; +http://ahrefs.com/robot/)"
207.46.13.202 - - [29/Nov/2021:13:33:42 +0100] "GET /images/med_prod/1384010184059.jpg HTTP/1.1" 200 139602 "-" "Mozilla/5.0 (compatible; bingbot/2.0; +http://www.bing.com/bingbot.htm)"
74.125.208.126 - - [29/Nov/2021:13:33:44 +0100] "GET /images/big_prod/152581328399138951.jpg HTTP/1.1" 200 78418 "-" "Mozilla/5.0 (Windows NT 5.1; rv:11.0) Gecko Firefox/11.0 (via ggpht.com GoogleImageProxy)"
52.156.93.20 - - [29/Nov/2021:13:34:13 +0100] "GET /images/big_prod/3453131144384.jpg HTTP/1.1" 200 52377 "-" "Mozilla/5.0 (Windows NT 10.0; WOW64) AppleWebKit/537.36 (KHTML, like Gecko) Chrome/68.0.3440.106 Safari/537.36"
52.156.93.20 - - [29/Nov/2021:13:35:14 +0100] "GET /images/big_prod/8422810051645.jpg HTTP/1.1" 200 299735 "-" "Mozilla/5.0 (Macintosh; U; PPC Mac OS X 10.5; en-US; rv:1.9.2.15) Gecko/20110303 Firefox/3.6.15"
66.249.75.166 - - [29/Nov/2021:13:35:49 +0100] "GET /images/big_prod_1/3609810083318a.jpg HTTP/1.1" 200 268361 "-" "Googlebot-Image/1.0"
207.46.13.202 - - [29/Nov/2021:13:39:01 +0100] "GET /images/8033667001822.jpg HTTP/1.1" 200 78033 "-" "Mozilla/5.0 (compatible; bingbot/2.0; +http://www.bing.com/bingbot.htm)"
52.148.165.152 - - [29/Nov/2021:13:39:01 +0100] "GET /images/med_prod/8718375750261.jpg HTTP/1.1" 200 69340 "-" "Mozilla/5.0 (Windows NT 10.0; WOW64) AppleWebKit/537.36 (KHTML, like Gecko) Chrome/67.0.3396.99 Safari/537.36"
165.154.72.231 - - [29/Nov/2021:13:39:15 +0100] "GET /images/mini_prod/4500315900003.jpg HTTP/1.1" 200 7291 "-" "Mozilla/5.0 (X11; Ubuntu; Linux x86_64; rv:72.0) Gecko/20100101 Firefox/72.0"
74.125.210.52 - - [29/Nov/2021:13:40:29 +0100] "GET /images/big_prod/783746609810083165.jpg HTTP/1.1" 200 105419 "-" "Mozilla/5.0 (Windows NT 5.1; rv:11.0) Gecko Firefox/11.0 (via ggpht.com GoogleImageProxy)"
66.249.75.170 - - [29/Nov/2021:13:40:51 +0100] "GET /images/mini_prod/3700572761015.jpg HTTP/1.1" 200 5440 "-" "Googlebot-Image/1.0"
157.55.39.223 - - [29/Nov/2021:13:41:46 +0100] "GET /images/med_prod/3700653593146.jpg HTTP/1.1" 200 112461 "-" "Mozilla/5.0 (compatible; bingbot/2.0; +http://www.bing.com/bingbot.htm)"
165.154.72.231 - - [29/Nov/2021:13:42:25 +0100] "GET /images/mini_prod/8003990616123.jpg HTTP/1.1" 200 5291 "-" "Mozilla/5.0 (X11; Ubuntu; Linux x86_64; rv:72.0) Gecko/20100101 Firefox/72.0"
52.137.89.11 - - [29/Nov/2021:13:43:13 +0100] "GET /images/big_prod/045544939850.jpg HTTP/1.1" 200 96737 "-" "Mozilla/4.0 (compatible; MSIE 7.0; Windows NT 6.0)"
114.119.128.40 - - [29/Nov/2021:13:43:24 +0100] "GET /images/big_prod/8422015233716.jpg HTTP/1.1" 200 87450 "-" "Mozilla/5.0 (Linux; Android 7.0;) AppleWebKit/537.36 (KHTML, like Gecko) Mobile Safari/537.36 (compatible; PetalBot;+https://webmaster.petalsearch.com/site/petalbot)"
40.77.167.66 - - [29/Nov/2021:13:43:45 +0100] "GET /images/big_prod/3662600010338.jpg HTTP/1.1" 200 92661 "-" "Mozilla/5.0 (compatible; bingbot/2.0; +http://www.bing.com/bingbot.htm)"
54.36.149.17 - - [29/Nov/2021:13:43:57 +0100] "GET /images/big_prod_1/3700572761596B.jpg HTTP/1.1" 200 346668 "-" "Mozilla/5.0 (compatible; AhrefsBot/7.0; +http://ahrefs.com/robot/)"
51.143.63.203 - - [29/Nov/2021:13:44:10 +0100] "GET /images/big_prod_2/8422099001102BC.jpg HTTP/1.1" 200 132284 "-" "Mozilla/5.0 (Windows NT 6.1; WOW64) AppleWebKit/537.36 (KHTML, like Gecko) Chrome/45.0.2454.101 Safari/537.36"
207.46.13.202 - - [29/Nov/2021:13:45:13 +0100] "GET /images/HK9-15E.jpg HTTP/1.1" 200 21225 "-" "Mozilla/5.0 (compatible; bingbot/2.0; +http://www.bing.com/bingbot.htm)"
66.249.75.170 - - [29/Nov/2021:13:45:54 +0100] "GET /images/big_prod/3453131133210.jpg HTTP/1.1" 200 111802 "-" "Googlebot-Image/1.0"
20.80.156.141 - - [29/Nov/2021:13:46:34 +0100] "GET /images/big_prod/8499034501706.jpg HTTP/1.1" 200 94467 "-" "Mozilla/5.0 (Windows NT 10.0; WOW64) AppleWebKit/537.36 (KHTML, like Gecko) Chrome/64.0.3282.186 Safari/537.36"
52.156.93.20 - - [29/Nov/2021:13:47:34 +0100] "GET /images/big_prod_1/3609810099012a.jpg HTTP/1.1" 200 202662 "-" "Mozilla/5.0 (Windows NT 10.0; WOW64) AppleWebKit/537.36 (KHTML, like Gecko) Chrome/67.0.3396.99 Safari/537.36"
20.80.156.141 - - [29/Nov/2021:13:47:47 +0100] "GET /images/big_prod/3560600305877.jpg HTTP/1.1" 200 62566 "-" "Mozilla/5.0 (Windows NT 10.0; WOW64) AppleWebKit/537.36 (KHTML, like Gecko) Chrome/68.0.3440.106 Safari/537.36"
74.125.208.126 - - [29/Nov/2021:13:48:46 +0100] "GET /images/big_prod/8433933152492.jpg HTTP/1.1" 200 87073 "-" "Mozilla/5.0 (Windows NT 5.1; rv:11.0) Gecko Firefox/11.0 (via ggpht.com GoogleImageProxy)"
216.244.66.242 - - [29/Nov/2021:13:49:24 +0100] "GET /images/big_prod/Z4045233021695.jpg HTTP/1.1" 200 97012 "-" "Mozilla/5.0 (compatible; DotBot/1.2; +https://opensiteexplorer.org/dotbot; help@moz.com)"
66.249.75.168 - - [29/Nov/2021:13:50:57 +0100] "GET /images/mini_prod/3700572740249.jpg HTTP/1.1" 200 4442 "-" "Googlebot-Image/1.0"
47.254.22.110 - - [29/Nov/2021:13:52:11 +0100] "GET /images/mini_prod/3700235441544.jpg HTTP/1.1" 200 8309 "-" "Mozilla/5.0 (X11; Ubuntu; Linux x86_64; rv:72.0) Gecko/20100101 Firefox/72.0"
157.55.39.108 - - [29/Nov/2021:13:52:52 +0100] "GET /images/big_prod/8433220156653.jpg HTTP/1.1" 200 120923 "-" "Mozilla/5.0 (compatible; bingbot/2.0; +http://www.bing.com/bingbot.htm)"
