157.90.177.217 - - [02/Dec/2021:09:50:24 +0100] "GET /retro-metal-tray-p-48101.html HTTP/1.0" 200 73327 "-" "Mozilla/5.0 (compatible; BLEXBot/1.0; +http://webmeup-crawler.com/)"
157.90.177.217 - - [02/Dec/2021:09:50:32 +0100] "GET /retro-p-42560.html HTTP/1.0" 200 73121 "-" "Mozilla/5.0 (compatible; BLEXBot/1.0; +http://webmeup-crawler.com/)"
157.90.177.217 - - [02/Dec/2021:09:50:40 +0100] "GET /retro-phone-clock-p-51729.html HTTP/1.0" 200 73234 "-" "Mozilla/5.0 (compatible; BLEXBot/1.0; +http://webmeup-crawler.com/)"
157.90.177.217 - - [02/Dec/2021:09:50:48 +0100] "GET /retro-phone-clock-p-56709.html HTTP/1.0" 200 73998 "-" "Mozilla/5.0 (compatible; BLEXBot/1.0; +http://webmeup-crawler.com/)"
54.36.149.56 - - [02/Dec/2021:09:50:49 +0100] "GET /gorjuss-eraser-p-43169.html HTTP/1.0" 200 73232 "-" "Mozilla/5.0 (compatible; AhrefsBot/7.0; +http://ahrefs.com/robot/)"
157.90.177.217 - - [02/Dec/2021:09:50:56 +0100] "GET /retro-plane-clock-p-55422.html HTTP/1.0" 200 73222 "-" "Mozilla/5.0 (compatible; BLEXBot/1.0; +http://webmeup-crawler.com/)"
157.90.177.217 - - [02/Dec/2021:09:51:03 +0100] "GET /retro-plane-clock-p-56710.html HTTP/1.0" 200 73986 "-" "Mozilla/5.0 (compatible; BLEXBot/1.0; +http://webmeup-crawler.com/)"
157.90.177.217 - - [02/Dec/2021:09:51:10 +0100] "GET /retro-rugby-ball-p-26891.html HTTP/1.0" 200 73202 "-" "Mozilla/5.0 (compatible; BLEXBot/1.0; +http://webmeup-crawler.com/)"
157.90.177.217 - - [02/Dec/2021:09:51:18 +0100] "GET /retro-shoulder-beige-p-49821.html HTTP/1.0" 200 73480 "-" "Mozilla/5.0 (compatible; BLEXBot/1.0; +http://webmeup-crawler.com/)"
13.232.170.120 - - [02/Dec/2021:09:51:19 +0100] "HEAD / HTTP/1.0" 301 190 "wonder-geek.com" "Mozilla/5.0 (Windows; U; Windows NT 6.1; en-US; rv:1.9.2.28) Gecko/20120306 Firefox/3.6.28"
13.232.170.120 - - [02/Dec/2021:09:51:20 +0100] "HEAD / HTTP/1.0" 200 386 "http://www.wonder-geek.com/" "Mozilla/5.0 (Windows; U; Windows NT 6.1; en-US; rv:1.9.2.28) Gecko/20120306 Firefox/3.6.28"
157.90.177.217 - - [02/Dec/2021:09:51:25 +0100] "GET /retro-shoulder-brown-p-49820.html HTTP/1.0" 200 73480 "-" "Mozilla/5.0 (compatible; BLEXBot/1.0; +http://webmeup-crawler.com/)"
157.90.177.217 - - [02/Dec/2021:09:51:35 +0100] "GET /retro-shoulder-grey-p-49819.html HTTP/1.0" 200 73475 "-" "Mozilla/5.0 (compatible; BLEXBot/1.0; +http://webmeup-crawler.com/)"
157.90.177.217 - - [02/Dec/2021:09:51:44 +0100] "GET /retro-shoulder-p-18991.html HTTP/1.0" 200 73553 "-" "Mozilla/5.0 (compatible; BLEXBot/1.0; +http://webmeup-crawler.com/)"
17.121.114.7 - - [02/Dec/2021:09:51:49 +0100] "GET /images/big_prod/3453131153584.jpg HTTP/1.0" 200 268 "-" "Mozilla/5.0 (Macintosh; Intel Mac OS X 10_15_5) AppleWebKit/605.1.15 (KHTML, like Gecko) Version/13.1.1 Safari/605.1.15 (Applebot/0.1; +http://www.apple.com/go/applebot)"
157.90.177.217 - - [02/Dec/2021:09:51:54 +0100] "GET /retro-shoulder-p-49818.html HTTP/1.0" 200 73444 "-" "Mozilla/5.0 (compatible; BLEXBot/1.0; +http://webmeup-crawler.com/)"
185.191.171.34 - - [02/Dec/2021:09:51:55 +0100] "GET /statuette-moai-easter-island-model-p-50060.html?action=add_product HTTP/1.0" 302 476 "-" "Mozilla/5.0 (compatible; SemrushBot/7~bl; +http://www.semrush.com/bot.html)"
157.90.177.217 - - [02/Dec/2021:09:52:04 +0100] "GET /retro-soccer-ball-p-26892.html HTTP/1.0" 200 73202 "-" "Mozilla/5.0 (compatible; BLEXBot/1.0; +http://webmeup-crawler.com/)"
157.90.177.217 - - [02/Dec/2021:09:52:14 +0100] "GET /retro-steam-train-clock-p-53816.html HTTP/1.0" 200 73307 "-" "Mozilla/5.0 (compatible; BLEXBot/1.0; +http://webmeup-crawler.com/)"
185.191.171.23 - - [02/Dec/2021:09:52:17 +0100] "GET /provencal-arabesques-carpet-60-90-cm-p-48576.html HTTP/1.0" 301 70680 "-" "Mozilla/5.0 (compatible; SemrushBot/7~bl; +http://www.semrush.com/bot.html)"
185.191.171.45 - - [02/Dec/2021:09:52:19 +0100] "GET /-p-48576.html HTTP/1.0" 200 70613 "-" "Mozilla/5.0 (compatible; SemrushBot/7~bl; +http://www.semrush.com/bot.html)"
157.90.177.217 - - [02/Dec/2021:09:52:21 +0100] "GET /retro-table-clock-p-56713.html HTTP/1.0" 200 73831 "-" "Mozilla/5.0 (compatible; BLEXBot/1.0; +http://webmeup-crawler.com/)"
157.90.177.217 - - [02/Dec/2021:09:52:28 +0100] "GET /retro-tape-player-clock-p-50213.html HTTP/1.0" 200 73322 "-" "Mozilla/5.0 (compatible; BLEXBot/1.0; +http://webmeup-crawler.com/)"
157.90.177.217 - - [02/Dec/2021:09:52:38 +0100] "GET /retro-transistor-clock-p-54101.html HTTP/1.0" 200 73266 "-" "Mozilla/5.0 (compatible; BLEXBot/1.0; +http://webmeup-crawler.com/)"
157.90.177.217 - - [02/Dec/2021:09:52:49 +0100] "GET /retro-transistor-clock-p-55423.html HTTP/1.0" 200 73265 "-" "Mozilla/5.0 (compatible; BLEXBot/1.0; +http://webmeup-crawler.com/)"
54.36.149.46 - - [02/Dec/2021:09:52:52 +0100] "GET /bamboo-fiber-plant-cover-p-54346.html HTTP/1.0" 200 73889 "-" "Mozilla/5.0 (compatible; AhrefsBot/7.0; +http://ahrefs.com/robot/)"
157.90.177.217 - - [02/Dec/2021:09:53:00 +0100] "GET /retro-transistor-clock-p-55768.html HTTP/1.0" 200 73265 "-" "Mozilla/5.0 (compatible; BLEXBot/1.0; +http://webmeup-crawler.com/)"
157.90.177.217 - - [02/Dec/2021:09:53:09 +0100] "GET /retro-transistor-clock-p-56707.html HTTP/1.0" 200 73344 "-" "Mozilla/5.0 (compatible; BLEXBot/1.0; +http://webmeup-crawler.com/)"
157.90.177.217 - - [02/Dec/2021:09:53:20 +0100] "GET /retro-transistor-clock-p-56714.html HTTP/1.0" 200 74052 "-" "Mozilla/5.0 (compatible; BLEXBot/1.0; +http://webmeup-crawler.com/)"
185.191.171.43 - - [02/Dec/2021:09:53:24 +0100] "GET /spiderman-mini-cration-oscorp-tower-p-16602.html?action=add_product HTTP/1.0" 302 476 "-" "Mozilla/5.0 (compatible; SemrushBot/7~bl; +http://www.semrush.com/bot.html)"
157.90.177.217 - - [02/Dec/2021:09:53:33 +0100] "GET /retro-wooden-lantern-animals-p-52298.html HTTP/1.0" 200 74044 "-" "Mozilla/5.0 (compatible; BLEXBot/1.0; +http://webmeup-crawler.com/)"
157.90.177.217 - - [02/Dec/2021:09:53:39 +0100] "GET /retro-wooden-storage-cabinet-p-45805.html HTTP/1.0" 200 73359 "-" "Mozilla/5.0 (compatible; BLEXBot/1.0; +http://webmeup-crawler.com/)"
185.191.171.33 - - [02/Dec/2021:09:53:39 +0100] "GET /small-piggy-bank-white-p-55213.html HTTP/1.0" 200 73886 "-" "Mozilla/5.0 (compatible; SemrushBot/7~bl; +http://www.semrush.com/bot.html)"
157.90.177.217 - - [02/Dec/2021:09:53:45 +0100] "GET /retro-yellow-mail-rack-p-40668.html HTTP/1.0" 200 73314 "-" "Mozilla/5.0 (compatible; BLEXBot/1.0; +http://webmeup-crawler.com/)"
157.90.177.217 - - [02/Dec/2021:09:53:56 +0100] "GET /reversible-chipie-bedclothes-p-49676.html HTTP/1.0" 200 74361 "-" "Mozilla/5.0 (compatible; BLEXBot/1.0; +http://webmeup-crawler.com/)"
54.36.148.8 - - [02/Dec/2021:09:54:11 +0100] "GET /images/big_prod/4012390387834.jpg HTTP/1.0" 200 268 "-" "Mozilla/5.0 (compatible; AhrefsBot/7.0; +http://ahrefs.com/robot/)"
157.90.177.217 - - [02/Dec/2021:09:54:10 +0100] "GET /rhinoceros-money-bank-p-33801.html HTTP/1.0" 200 73276 "-" "Mozilla/5.0 (compatible; BLEXBot/1.0; +http://webmeup-crawler.com/)"
157.90.177.217 - - [02/Dec/2021:09:54:16 +0100] "GET /rhinoceros-plant-p-54315.html HTTP/1.0" 200 73813 "-" "Mozilla/5.0 (compatible; BLEXBot/1.0; +http://webmeup-crawler.com/)"
157.90.177.217 - - [02/Dec/2021:09:54:27 +0100] "GET /rhinoceros-plant-p-54316.html HTTP/1.0" 200 73830 "-" "Mozilla/5.0 (compatible; BLEXBot/1.0; +http://webmeup-crawler.com/)"
157.90.177.217 - - [02/Dec/2021:09:54:35 +0100] "GET /rhinoceros-plant-p-54317.html HTTP/1.0" 200 73830 "-" "Mozilla/5.0 (compatible; BLEXBot/1.0; +http://webmeup-crawler.com/)"
157.90.177.217 - - [02/Dec/2021:09:54:43 +0100] "GET /rhinoceros-white-women-shirt-p-33800.html HTTP/1.0" 200 75564 "-" "Mozilla/5.0 (compatible; BLEXBot/1.0; +http://webmeup-crawler.com/)"
49.7.20.113 - - [02/Dec/2021:09:54:48 +0100] "GET / HTTP/1.0" 301 511 "-" "Sogou web spider/4.0(+http://www.sogou.com/docs/help/webmasters.htm#07)"
157.90.177.217 - - [02/Dec/2021:09:54:47 +0100] "GET /rhum-metal-plate-deco-p-51752.html HTTP/1.0" 200 73212 "-" "Mozilla/5.0 (compatible; BLEXBot/1.0; +http://webmeup-crawler.com/)"
157.90.177.217 - - [02/Dec/2021:09:54:54 +0100] "GET /rhum-metal-plate-deco-p-51753.html HTTP/1.0" 200 73809 "-" "Mozilla/5.0 (compatible; BLEXBot/1.0; +http://webmeup-crawler.com/)"
157.90.177.217 - - [02/Dec/2021:09:55:01 +0100] "GET /ride-hobo-p-31356.html HTTP/1.0" 200 73480 "-" "Mozilla/5.0 (compatible; BLEXBot/1.0; +http://webmeup-crawler.com/)"
54.36.148.203 - - [02/Dec/2021:09:55:02 +0100] "GET /meditation-cushion-yoga-bolster-black-p-45364.html HTTP/1.0" 200 75009 "-" "Mozilla/5.0 (compatible; AhrefsBot/7.0; +http://ahrefs.com/robot/)"
207.46.13.202 - - [02/Dec/2021:09:55:12 +0100] "GET /images/med_prod/1384010181836.jpg HTTP/1.0" 200 268 "-" "Mozilla/5.0 (compatible; bingbot/2.0; +http://www.bing.com/bingbot.htm)"
157.90.177.217 - - [02/Dec/2021:09:55:10 +0100] "GET /right-time-metal-plate-deco-p-38372.html HTTP/1.0" 200 73311 "-" "Mozilla/5.0 (compatible; BLEXBot/1.0; +http://webmeup-crawler.com/)"
157.90.177.217 - - [02/Dec/2021:09:55:23 +0100] "GET /rigid-glasses-cats-p-53837.html HTTP/1.0" 200 73348 "-" "Mozilla/5.0 (compatible; BLEXBot/1.0; +http://webmeup-crawler.com/)"
157.90.177.217 - - [02/Dec/2021:09:55:31 +0100] "GET /rigid-glasses-cats-p-53838.html HTTP/1.0" 200 73348 "-" "Mozilla/5.0 (compatible; BLEXBot/1.0; +http://webmeup-crawler.com/)"
5.196.224.66 - - [02/Dec/2021:09:55:34 +0100] "GET /contact_us.php HTTP/1.0" 200 26241 "http://www.wonder-geek.com/contact_us.php" "Mozilla/5.0 (Windows NT 10.0; Win64; x64) AppleWebKit/537.36 (KHTML, like Gecko) Chrome/83.0.4103.61 Safari/537.36"
157.90.177.217 - - [02/Dec/2021:09:55:40 +0100] "GET /rigid-glasses-cats-p-53839.html HTTP/1.0" 200 73348 "-" "Mozilla/5.0 (compatible; BLEXBot/1.0; +http://webmeup-crawler.com/)"
157.90.177.217 - - [02/Dec/2021:09:55:47 +0100] "GET /rita-aromatika-incense-sticks-p-44350.html HTTP/1.0" 200 73360 "-" "Mozilla/5.0 (compatible; BLEXBot/1.0; +http://webmeup-crawler.com/)"
1.169.80.181 - - [02/Dec/2021:09:55:53 +0100] "GET /contact_us.php HTTP/1.0" 301 539 "http://wonder-geek.com/contact_us.php" "Mozilla/5.0 (Windows NT 10.0; Win64; x64) AppleWebKit/537.36 (KHTML, like Gecko) Chrome/90.0.4430.85 Safari/537.36 Edg/90.0.818.46"
1.169.80.181 - - [02/Dec/2021:09:55:54 +0100] "GET /contact_us.php HTTP/1.0" 200 26241 "http://www.wonder-geek.com/contact_us.php" "Mozilla/5.0 (Windows NT 10.0; Win64; x64) AppleWebKit/537.36 (KHTML, like Gecko) Chrome/90.0.4430.85 Safari/537.36 Edg/90.0.818.46"
157.90.177.217 - - [02/Dec/2021:09:55:55 +0100] "GET /riverdale-bear-brown-p-31711.html HTTP/1.0" 200 73439 "-" "Mozilla/5.0 (compatible; BLEXBot/1.0; +http://webmeup-crawler.com/)"
1.169.80.181 - - [02/Dec/2021:09:55:56 +0100] "POST /contact_us.php?action=send HTTP/1.0" 200 26516 "http://www.wonder-geek.com/contact_us.php" "Mozilla/5.0 (Windows NT 10.0; Win64; x64) AppleWebKit/537.36 (KHTML, like Gecko) Chrome/90.0.4430.85 Safari/537.36 Edg/90.0.818.46"
157.90.177.217 - - [02/Dec/2021:09:56:02 +0100] "GET /riverdale-bunny-brown-p-31716.html HTTP/1.0" 200 73447 "-" "Mozilla/5.0 (compatible; BLEXBot/1.0; +http://webmeup-crawler.com/)"
51.68.224.127 - - [02/Dec/2021:09:56:05 +0100] "GET /adminweb/export_orders_xml.php?token=256de2z6edz6ed2z6DFSFsed2zed6zeDSFDSGdzedezfzf&maxorders=10&orderstart=1&status=14&start_date=2018-10-01 HTTP/1.0" 200 285 "-" "GesCom CharlotteBoutik Serveur"
51.68.224.127 - - [02/Dec/2021:09:56:05 +0100] "GET /adminweb/export_orders_xml.php?token=256de2z6edz6ed2z6DFSFsed2zed6zeDSFDSGdzedezfzf&maxorders=10&orderstart=1&status=6&start_date=2018-10-01 HTTP/1.0" 200 32471 "-" "GesCom CharlotteBoutik Serveur"
157.90.177.217 - - [02/Dec/2021:09:56:09 +0100] "GET /riverdale-mouse-oliver-grey-p-31726.html HTTP/1.0" 200 73526 "-" "Mozilla/5.0 (compatible; BLEXBot/1.0; +http://webmeup-crawler.com/)"
157.90.177.217 - - [02/Dec/2021:09:56:15 +0100] "GET /robot-clock-p-39991.html HTTP/1.0" 200 73212 "-" "Mozilla/5.0 (compatible; BLEXBot/1.0; +http://webmeup-crawler.com/)"
40.91.114.143 - - [02/Dec/2021:09:56:20 +0100] "GET /images/big_prod/8424346212149.jpg HTTP/1.0" 200 268 "-" "Mozilla/5.0 (Windows NT 10.0; WOW64) AppleWebKit/537.36 (KHTML, like Gecko) Chrome/64.0.3282.186 Safari/537.36"
157.90.177.217 - - [02/Dec/2021:09:56:23 +0100] "GET /rock-crystal-obelisk-p-51172.html HTTP/1.0" 200 73475 "-" "Mozilla/5.0 (compatible; BLEXBot/1.0; +http://webmeup-crawler.com/)"
157.90.177.217 - - [02/Dec/2021:09:56:31 +0100] "GET /rock-cushion-p-22993.html HTTP/1.0" 200 73288 "-" "Mozilla/5.0 (compatible; BLEXBot/1.0; +http://webmeup-crawler.com/)"
185.191.171.34 - - [02/Dec/2021:09:56:33 +0100] "GET /little-toiletry-p-43395.html?action=add_product HTTP/1.0" 302 476 "-" "Mozilla/5.0 (compatible; SemrushBot/7~bl; +http://www.semrush.com/bot.html)"
157.90.177.217 - - [02/Dec/2021:09:56:38 +0100] "GET /roller-heart-cushion-p-36893.html HTTP/1.0" 200 73418 "-" "Mozilla/5.0 (compatible; BLEXBot/1.0; +http://webmeup-crawler.com/)"
157.90.177.217 - - [02/Dec/2021:09:56:46 +0100] "GET /rolling-stones-door-p-47258.html HTTP/1.0" 200 73533 "-" "Mozilla/5.0 (compatible; BLEXBot/1.0; +http://webmeup-crawler.com/)"
95.142.115.21 - - [02/Dec/2021:09:56:47 +0100] "GET /contact_us.php HTTP/1.0" 200 26241 "-" "Mozilla/5.0 (Windows NT 10.0; WOW64) AppleWebKit/537.36 (KHTML, like Gecko) Chrome/53.0.2785.104 Safari/537.36 Core/1.53.5155.400 QQBrowser/9.7.13231.400"
95.142.115.21 - - [02/Dec/2021:09:56:48 +0100] "GET /images/pixel_trans.gif HTTP/1.0" 200 328 "http://www.wonder-geek.com/contact_us.php?action=send" "Mozilla/5.0 (Windows NT 10.0; WOW64) AppleWebKit/537.36 (KHTML, like Gecko) Chrome/53.0.2785.104 Safari/537.36 Core/1.53.5155.400 QQBrowser/9.7.13231.400"
95.142.115.21 - - [02/Dec/2021:09:56:48 +0100] "GET /images/pixel_trans.gif HTTP/1.0" 200 328 "http://www.wonder-geek.com/contact_us.php?action=send" "Mozilla/5.0 (Windows NT 10.0; WOW64) AppleWebKit/537.36 (KHTML, like Gecko) Chrome/53.0.2785.104 Safari/537.36 Core/1.53.5155.400 QQBrowser/9.7.13231.400"
185.191.171.38 - - [02/Dec/2021:09:56:49 +0100] "GET /corsica-metal-plate-p-52510.html HTTP/1.0" 200 73212 "-" "Mozilla/5.0 (compatible; SemrushBot/7~bl; +http://www.semrush.com/bot.html)"
157.90.177.217 - - [02/Dec/2021:09:56:55 +0100] "GET /rolling-stones-keyring-p-28265.html HTTP/1.0" 200 73198 "-" "Mozilla/5.0 (compatible; BLEXBot/1.0; +http://webmeup-crawler.com/)"
185.191.171.9 - - [02/Dec/2021:09:56:59 +0100] "GET /charmelia-lampshade-p-51605.html HTTP/1.0" 200 74065 "-" "Mozilla/5.0 (compatible; SemrushBot/7~bl; +http://www.semrush.com/bot.html)"
157.90.177.217 - - [02/Dec/2021:09:57:01 +0100] "GET /rolling-stones-shirt-p-33058.html HTTP/1.0" 200 75064 "-" "Mozilla/5.0 (compatible; BLEXBot/1.0; +http://webmeup-crawler.com/)"
54.36.148.51 - - [02/Dec/2021:09:57:04 +0100] "GET /round-beige-black-woven-bamboo-leaf-placemat-p-56540.html HTTP/1.0" 200 74126 "-" "Mozilla/5.0 (compatible; AhrefsBot/7.0; +http://ahrefs.com/robot/)"
185.191.171.23 - - [02/Dec/2021:09:57:05 +0100] "GET /home-and-decoration-c-13.html?page=24 HTTP/1.0" 301 93459 "-" "Mozilla/5.0 (compatible; SemrushBot/7~bl; +http://www.semrush.com/bot.html)"
185.191.171.44 - - [02/Dec/2021:09:57:09 +0100] "GET /home-decoration-c-13.html?page=24 HTTP/1.0" 200 93372 "-" "Mozilla/5.0 (compatible; SemrushBot/7~bl; +http://www.semrush.com/bot.html)"
157.90.177.217 - - [02/Dec/2021:09:57:11 +0100] "GET /romantic-rosette-wall-decoration-bronze-aspect-resin-p-46215.html HTTP/1.0" 200 74540 "-" "Mozilla/5.0 (compatible; BLEXBot/1.0; +http://webmeup-crawler.com/)"
157.90.177.217 - - [02/Dec/2021:09:57:20 +0100] "GET /roommates-mini-rectangular-tray-p-54907.html HTTP/1.0" 200 73391 "-" "Mozilla/5.0 (compatible; BLEXBot/1.0; +http://webmeup-crawler.com/)"
157.90.177.217 - - [02/Dec/2021:09:57:27 +0100] "GET /rose-quartz-energy-care-stick-massage-stick-p-48362.html HTTP/1.0" 200 74088 "-" "Mozilla/5.0 (compatible; BLEXBot/1.0; +http://webmeup-crawler.com/)"
157.90.177.217 - - [02/Dec/2021:09:57:36 +0100] "GET /rose-quartz-energy-care-stick-p-47217.html HTTP/1.0" 200 73578 "-" "Mozilla/5.0 (compatible; BLEXBot/1.0; +http://webmeup-crawler.com/)"
185.191.171.1 - - [02/Dec/2021:09:57:38 +0100] "GET /protects-plastic-mattress-90-190-cm-p-33870.html HTTP/1.0" 301 70680 "-" "Mozilla/5.0 (compatible; SemrushBot/7~bl; +http://www.semrush.com/bot.html)"
157.90.177.217 - - [02/Dec/2021:09:57:41 +0100] "GET /rose-quartz-rolled-stone-grams-p-46594.html HTTP/1.0" 200 74482 "-" "Mozilla/5.0 (compatible; BLEXBot/1.0; +http://webmeup-crawler.com/)"
185.191.171.34 - - [02/Dec/2021:09:57:41 +0100] "GET /-p-33870.html HTTP/1.0" 200 70613 "-" "Mozilla/5.0 (compatible; SemrushBot/7~bl; +http://www.semrush.com/bot.html)"
66.249.68.42 - - [02/Dec/2021:09:57:43 +0100] "GET /images/mini_prod/3585190679030.jpg HTTP/1.0" 200 269 "-" "Googlebot-Image/1.0"
157.90.177.217 - - [02/Dec/2021:09:57:47 +0100] "GET /rosie-white-mini-rectangular-tray-p-54915.html HTTP/1.0" 200 73391 "-" "Mozilla/5.0 (compatible; BLEXBot/1.0; +http://webmeup-crawler.com/)"
157.90.177.217 - - [02/Dec/2021:09:57:57 +0100] "GET /rouble-money-cbkreation-p-24135.html HTTP/1.0" 200 73325 "-" "Mozilla/5.0 (compatible; BLEXBot/1.0; +http://webmeup-crawler.com/)"
185.191.171.22 - - [02/Dec/2021:09:57:59 +0100] "GET /schoolbag-caramel-and-cie-fox-p-48779.html HTTP/1.0" 301 70771 "-" "Mozilla/5.0 (compatible; SemrushBot/7~bl; +http://www.semrush.com/bot.html)"
185.191.171.34 - - [02/Dec/2021:09:58:02 +0100] "GET /schoolbag-caramel-p-48779.html HTTP/1.0" 200 70687 "-" "Mozilla/5.0 (compatible; SemrushBot/7~bl; +http://www.semrush.com/bot.html)"
157.90.177.217 - - [02/Dec/2021:09:58:04 +0100] "GET /round-carpet-aztec-p-50742.html HTTP/1.0" 200 73959 "-" "Mozilla/5.0 (compatible; BLEXBot/1.0; +http://webmeup-crawler.com/)"
49.7.20.122 - - [02/Dec/2021:09:58:02 +0100] "GET / HTTP/1.0" 200 151586 "-" "Sogou web spider/4.0(+http://www.sogou.com/docs/help/webmasters.htm#07)"
185.191.171.10 - - [02/Dec/2021:09:58:09 +0100] "GET /cats-dubout-ballpoint-tablet-p-32240.html?action=add_product HTTP/1.0" 302 476 "-" "Mozilla/5.0 (compatible; SemrushBot/7~bl; +http://www.semrush.com/bot.html)"
185.191.171.10 - - [02/Dec/2021:09:58:11 +0100] "GET /with-wooden-drawers-monkeys-p-47926.html HTTP/1.0" 200 70723 "-" "Mozilla/5.0 (compatible; SemrushBot/7~bl; +http://www.semrush.com/bot.html)"
157.90.177.217 - - [02/Dec/2021:09:58:13 +0100] "GET /robots.txt HTTP/1.0" 301 531 "-" "Mozilla/5.0 (compatible; BLEXBot/1.0; +http://webmeup-crawler.com/)"
157.90.177.217 - - [02/Dec/2021:09:58:14 +0100] "GET /robots.txt HTTP/1.0" 200 245 "-" "Mozilla/5.0 (compatible; BLEXBot/1.0; +http://webmeup-crawler.com/)"
157.90.177.217 - - [02/Dec/2021:09:58:14 +0100] "GET /round-carpet-imitation-cowhide-p-50713.html HTTP/1.0" 200 74305 "-" "Mozilla/5.0 (compatible; BLEXBot/1.0; +http://webmeup-crawler.com/)"
157.90.177.217 - - [02/Dec/2021:09:58:23 +0100] "GET /round-carpet-p-48041.html HTTP/1.0" 200 74120 "-" "Mozilla/5.0 (compatible; BLEXBot/1.0; +http://webmeup-crawler.com/)"
157.90.177.217 - - [02/Dec/2021:09:58:31 +0100] "GET /round-carpet-p-48043.html HTTP/1.0" 200 74125 "-" "Mozilla/5.0 (compatible; BLEXBot/1.0; +http://webmeup-crawler.com/)"
157.90.177.217 - - [02/Dec/2021:09:58:36 +0100] "GET /round-carpet-p-48046.html HTTP/1.0" 200 74110 "-" "Mozilla/5.0 (compatible; BLEXBot/1.0; +http://webmeup-crawler.com/)"
157.90.177.217 - - [02/Dec/2021:09:58:43 +0100] "GET /round-carpet-p-48048.html HTTP/1.0" 200 74115 "-" "Mozilla/5.0 (compatible; BLEXBot/1.0; +http://webmeup-crawler.com/)"
157.90.177.217 - - [02/Dec/2021:09:58:50 +0100] "GET /round-carpet-p-52427.html HTTP/1.0" 200 74115 "-" "Mozilla/5.0 (compatible; BLEXBot/1.0; +http://webmeup-crawler.com/)"
157.90.177.217 - - [02/Dec/2021:09:58:58 +0100] "GET /round-carpet-p-52535.html HTTP/1.0" 200 74121 "-" "Mozilla/5.0 (compatible; BLEXBot/1.0; +http://webmeup-crawler.com/)"
54.36.148.196 - - [02/Dec/2021:09:59:03 +0100] "GET /clocks-c-13_67.html?page=1 HTTP/1.0" 200 93528 "-" "Mozilla/5.0 (compatible; AhrefsBot/7.0; +http://ahrefs.com/robot/)"
157.90.177.217 - - [02/Dec/2021:09:59:04 +0100] "GET /round-carpet-p-52536.html HTTP/1.0" 200 74159 "-" "Mozilla/5.0 (compatible; BLEXBot/1.0; +http://webmeup-crawler.com/)"
157.90.177.217 - - [02/Dec/2021:09:59:10 +0100] "GET /round-chair-cushion-reversible-black-linen-p-54648.html HTTP/1.0" 200 74334 "-" "Mozilla/5.0 (compatible; BLEXBot/1.0; +http://webmeup-crawler.com/)"
157.90.177.217 - - [02/Dec/2021:09:59:18 +0100] "GET /round-chair-cushion-reversible-ecru-linen-p-54649.html HTTP/1.0" 200 74324 "-" "Mozilla/5.0 (compatible; BLEXBot/1.0; +http://webmeup-crawler.com/)"
157.90.177.217 - - [02/Dec/2021:09:59:25 +0100] "GET /round-chair-cushion-reversible-linen-p-54651.html HTTP/1.0" 200 74308 "-" "Mozilla/5.0 (compatible; BLEXBot/1.0; +http://webmeup-crawler.com/)"
157.90.177.217 - - [02/Dec/2021:09:59:32 +0100] "GET /round-chair-cushion-reversible-linen-p-54654.html HTTP/1.0" 200 74308 "-" "Mozilla/5.0 (compatible; BLEXBot/1.0; +http://webmeup-crawler.com/)"
5.196.224.66 - - [02/Dec/2021:09:59:35 +0100] "POST /contact_us.php?action=send HTTP/1.0" 200 26486 "http://www.wonder-geek.com/contact_us.php" "Mozilla/5.0 (Windows NT 10.0; Win64; x64) AppleWebKit/537.36 (KHTML, like Gecko) Chrome/83.0.4103.61 Safari/537.36"
185.191.171.42 - - [02/Dec/2021:09:59:37 +0100] "GET /model-assemble-paint-mirage-p-21605.html?action=add_product HTTP/1.0" 302 476 "-" "Mozilla/5.0 (compatible; SemrushBot/7~bl; +http://www.semrush.com/bot.html)"
157.90.177.217 - - [02/Dec/2021:09:59:41 +0100] "GET /round-chair-cushion-reversible-mustard-taupe-p-54653.html HTTP/1.0" 200 74352 "-" "Mozilla/5.0 (compatible; BLEXBot/1.0; +http://webmeup-crawler.com/)"
185.191.171.15 - - [02/Dec/2021:09:59:42 +0100] "GET /japanese-art-ground-sheet-45-75-cm-p-45416.html HTTP/1.0" 301 70680 "-" "Mozilla/5.0 (compatible; SemrushBot/7~bl; +http://www.semrush.com/bot.html)"
185.191.171.25 - - [02/Dec/2021:09:59:45 +0100] "GET /-p-45416.html HTTP/1.0" 200 70613 "-" "Mozilla/5.0 (compatible; SemrushBot/7~bl; +http://www.semrush.com/bot.html)"
157.90.177.217 - - [02/Dec/2021:09:59:46 +0100] "GET /round-chair-cushion-reversible-pearl-grey-p-54650.html HTTP/1.0" 200 74297 "-" "Mozilla/5.0 (compatible; BLEXBot/1.0; +http://webmeup-crawler.com/)"
185.191.171.3 - - [02/Dec/2021:09:59:48 +0100] "GET /taiji-quan-statuette-model-p-50079.html HTTP/1.0" 200 73354 "-" "Mozilla/5.0 (compatible; SemrushBot/7~bl; +http://www.semrush.com/bot.html)"
157.90.177.217 - - [02/Dec/2021:09:59:53 +0100] "GET /round-coasters-corsica-cbkreation-p-15018.html HTTP/1.0" 200 73408 "-" "Mozilla/5.0 (compatible; BLEXBot/1.0; +http://webmeup-crawler.com/)"
157.90.177.217 - - [02/Dec/2021:10:00:00 +0100] "GET /round-doormat-diameter-p-53933.html HTTP/1.0" 200 74117 "-" "Mozilla/5.0 (compatible; BLEXBot/1.0; +http://webmeup-crawler.com/)"
157.90.177.217 - - [02/Dec/2021:10:00:11 +0100] "GET /round-doormat-flower-life-diameter-p-50702.html HTTP/1.0" 200 74277 "-" "Mozilla/5.0 (compatible; BLEXBot/1.0; +http://webmeup-crawler.com/)"
157.90.177.217 - - [02/Dec/2021:10:00:19 +0100] "GET /round-doormat-flower-life-diameter-p-52118.html HTTP/1.0" 200 74278 "-" "Mozilla/5.0 (compatible; BLEXBot/1.0; +http://webmeup-crawler.com/)"
20.109.132.165 - - [02/Dec/2021:10:00:26 +0100] "GET /images/big_prod/3609810071001.jpg HTTP/1.0" 200 268 "-" "Mozilla/5.0 (Windows NT 10.0; WOW64) AppleWebKit/537.36 (KHTML, like Gecko) Chrome/64.0.3282.186 Safari/537.36"
157.90.177.217 - - [02/Dec/2021:10:00:25 +0100] "GET /round-fringed-p-52858.html HTTP/1.0" 200 73367 "-" "Mozilla/5.0 (compatible; BLEXBot/1.0; +http://webmeup-crawler.com/)"
157.90.177.217 - - [02/Dec/2021:10:00:30 +0100] "GET /round-fringed-p-53785.html HTTP/1.0" 200 74161 "-" "Mozilla/5.0 (compatible; BLEXBot/1.0; +http://webmeup-crawler.com/)"
185.191.171.13 - - [02/Dec/2021:10:00:32 +0100] "GET /set-of-magnets-gustav-klimt-p-51681.html HTTP/1.0" 301 73436 "-" "Mozilla/5.0 (compatible; SemrushBot/7~bl; +http://www.semrush.com/bot.html)"
185.191.171.1 - - [02/Dec/2021:10:00:34 +0100] "GET /robots.txt HTTP/1.0" 200 245 "-" "Mozilla/5.0 (compatible; SemrushBot/7~bl; +http://www.semrush.com/bot.html)"
185.191.171.36 - - [02/Dec/2021:10:00:35 +0100] "GET /magnets-gustav-klimt-p-51681.html HTTP/1.0" 200 73349 "-" "Mozilla/5.0 (compatible; SemrushBot/7~bl; +http://www.semrush.com/bot.html)"
157.90.177.217 - - [02/Dec/2021:10:00:36 +0100] "GET /round-glass-ashtray-cendrier-chef-p-42840.html HTTP/1.0" 200 73379 "-" "Mozilla/5.0 (compatible; BLEXBot/1.0; +http://webmeup-crawler.com/)"
157.90.177.217 - - [02/Dec/2021:10:00:44 +0100] "GET /round-jute-carpet-p-56664.html HTTP/1.0" 200 74019 "-" "Mozilla/5.0 (compatible; BLEXBot/1.0; +http://webmeup-crawler.com/)"
120.92.83.223 - - [02/Dec/2021:10:00:46 +0100] "GET /images/mini_prod/3760054863347.jpg HTTP/1.0" 200 269 "-" "Mozilla/5.0 (Macintosh; U; Intel Mac OS X 10_6_3; en-US) AppleWebKit/533.3 (KHTML, like Gecko) Chrome/5.0.363.0 Safari/533.3"
157.90.177.217 - - [02/Dec/2021:10:00:48 +0100] "GET /round-jute-carpet-p-56665.html HTTP/1.0" 200 74021 "-" "Mozilla/5.0 (compatible; BLEXBot/1.0; +http://webmeup-crawler.com/)"
157.90.177.217 - - [02/Dec/2021:10:00:52 +0100] "GET /round-magnet-p-56229.html HTTP/1.0" 200 73842 "-" "Mozilla/5.0 (compatible; BLEXBot/1.0; +http://webmeup-crawler.com/)"
157.90.177.217 - - [02/Dec/2021:10:00:56 +0100] "GET /round-mirror-catches-golden-dreams-hang-p-45740.html HTTP/1.0" 200 73410 "-" "Mozilla/5.0 (compatible; BLEXBot/1.0; +http://webmeup-crawler.com/)"
157.90.177.217 - - [02/Dec/2021:10:01:02 +0100] "GET /round-mirror-hanging-indian-spirit-p-44035.html HTTP/1.0" 200 73321 "-" "Mozilla/5.0 (compatible; BLEXBot/1.0; +http://webmeup-crawler.com/)"
157.90.177.217 - - [02/Dec/2021:10:01:09 +0100] "GET /round-mirror-hanging-indian-spirit-p-44036.html HTTP/1.0" 200 73321 "-" "Mozilla/5.0 (compatible; BLEXBot/1.0; +http://webmeup-crawler.com/)"
54.36.149.72 - - [02/Dec/2021:10:01:13 +0100] "GET /salt-pepper-shaker-sets-c-12_160.html?page=3 HTTP/1.0" 200 91797 "-" "Mozilla/5.0 (compatible; AhrefsBot/7.0; +http://ahrefs.com/robot/)"
157.90.177.217 - - [02/Dec/2021:10:01:17 +0100] "GET /round-mirror-hanging-mandala-p-45020.html HTTP/1.0" 200 73273 "-" "Mozilla/5.0 (compatible; BLEXBot/1.0; +http://webmeup-crawler.com/)"
157.90.177.217 - - [02/Dec/2021:10:01:22 +0100] "GET /round-mirror-hanging-mandala-p-45021.html HTTP/1.0" 200 73273 "-" "Mozilla/5.0 (compatible; BLEXBot/1.0; +http://webmeup-crawler.com/)"
157.90.177.217 - - [02/Dec/2021:10:01:26 +0100] "GET /round-mirror-p-48538.html HTTP/1.0" 200 73232 "-" "Mozilla/5.0 (compatible; BLEXBot/1.0; +http://webmeup-crawler.com/)"
157.90.177.217 - - [02/Dec/2021:10:01:31 +0100] "GET /round-mirror-p-48539.html HTTP/1.0" 200 73232 "-" "Mozilla/5.0 (compatible; BLEXBot/1.0; +http://webmeup-crawler.com/)"
157.90.177.217 - - [02/Dec/2021:10:01:36 +0100] "GET /round-mirror-p-49271.html HTTP/1.0" 200 73273 "-" "Mozilla/5.0 (compatible; BLEXBot/1.0; +http://webmeup-crawler.com/)"
157.90.177.217 - - [02/Dec/2021:10:01:41 +0100] "GET /round-mirror-suspend-rope-p-50004.html HTTP/1.0" 200 73887 "-" "Mozilla/5.0 (compatible; BLEXBot/1.0; +http://webmeup-crawler.com/)"
157.90.177.217 - - [02/Dec/2021:10:01:46 +0100] "GET /round-mirror-with-flower-height-p-49684.html HTTP/1.0" 200 73378 "-" "Mozilla/5.0 (compatible; BLEXBot/1.0; +http://webmeup-crawler.com/)"
185.191.171.15 - - [02/Dec/2021:10:01:49 +0100] "GET /surfboard-ceramic-magnet-p-42057.html?action=add_product HTTP/1.0" 302 476 "-" "Mozilla/5.0 (compatible; SemrushBot/7~bl; +http://www.semrush.com/bot.html)"
157.90.177.217 - - [02/Dec/2021:10:01:51 +0100] "GET /round-mirrors-p-48543.html HTTP/1.0" 200 73240 "-" "Mozilla/5.0 (compatible; BLEXBot/1.0; +http://webmeup-crawler.com/)"
157.90.177.217 - - [02/Dec/2021:10:01:59 +0100] "GET /round-natural-teak-mirror-p-56126.html HTTP/1.0" 200 73994 "-" "Mozilla/5.0 (compatible; BLEXBot/1.0; +http://webmeup-crawler.com/)"
20.109.131.178 - - [02/Dec/2021:10:02:01 +0100] "GET /images/big_prod/3700742703814N.jpg HTTP/1.0" 200 269 "-" "Mozilla/4.0 (compatible; MSIE 7.0; Windows NT 6.0)"
157.90.177.217 - - [02/Dec/2021:10:02:01 +0100] "GET /round-natural-teak-mirror-p-56142.html HTTP/1.0" 200 74001 "-" "Mozilla/5.0 (compatible; BLEXBot/1.0; +http://webmeup-crawler.com/)"
66.249.68.38 - - [02/Dec/2021:10:02:04 +0100] "GET /angel-white-women-shirt-p-30731.html HTTP/1.0" 200 75520 "-" "Mozilla/5.0 (Linux; Android 6.0.1; Nexus 5X Build/MMB29P) AppleWebKit/537.36 (KHTML, like Gecko) Chrome/96.0.4664.45 Mobile Safari/537.36 (compatible; Googlebot/2.1; +http://www.google.com/bot.html)"
66.249.68.38 - - [02/Dec/2021:10:02:06 +0100] "GET /candy-cloud-unicorn-jazzy-p-49785.html HTTP/1.0" 200 73780 "-" "Mozilla/5.0 (Linux; Android 6.0.1; Nexus 5X Build/MMB29P) AppleWebKit/537.36 (KHTML, like Gecko) Chrome/96.0.4664.45 Mobile Safari/537.36 (compatible; Googlebot/2.1; +http://www.google.com/bot.html)"
157.90.177.217 - - [02/Dec/2021:10:02:07 +0100] "GET /round-pillow-macaron-p-53695.html HTTP/1.0" 200 73501 "-" "Mozilla/5.0 (compatible; BLEXBot/1.0; +http://webmeup-crawler.com/)"
66.249.68.42 - - [02/Dec/2021:10:02:08 +0100] "GET /array-m-316.html?page=1 HTTP/1.0" 200 92559 "-" "Mozilla/5.0 (Linux; Android 6.0.1; Nexus 5X Build/MMB29P) AppleWebKit/537.36 (KHTML, like Gecko) Chrome/96.0.4664.45 Mobile Safari/537.36 (compatible; Googlebot/2.1; +http://www.google.com/bot.html)"
157.90.177.217 - - [02/Dec/2021:10:02:14 +0100] "GET /round-seashell-mirror-p-56143.html HTTP/1.0" 200 74042 "-" "Mozilla/5.0 (compatible; BLEXBot/1.0; +http://webmeup-crawler.com/)"
49.7.20.122 - - [02/Dec/2021:10:02:14 +0100] "GET / HTTP/1.0" 200 152102 "-" "Sogou web spider/4.0(+http://www.sogou.com/docs/help/webmasters.htm#07)"
157.90.177.217 - - [02/Dec/2021:10:02:19 +0100] "GET /round-stones-chakra-p-42875.html HTTP/1.0" 200 73366 "-" "Mozilla/5.0 (compatible; BLEXBot/1.0; +http://webmeup-crawler.com/)"
185.191.171.6 - - [02/Dec/2021:10:02:24 +0100] "GET /large-responsible-wood-geranium-candle-heart-home-p-52798.html HTTP/1.0" 200 74646 "-" "Mozilla/5.0 (compatible; SemrushBot/7~bl; +http://www.semrush.com/bot.html)"
157.90.177.217 - - [02/Dec/2021:10:02:24 +0100] "GET /round-wall-classic-clock-p-32077.html HTTP/1.0" 200 73357 "-" "Mozilla/5.0 (compatible; BLEXBot/1.0; +http://webmeup-crawler.com/)"
157.90.177.217 - - [02/Dec/2021:10:02:31 +0100] "GET /round-wooden-mirror-p-53053.html HTTP/1.0" 200 73794 "-" "Mozilla/5.0 (compatible; BLEXBot/1.0; +http://webmeup-crawler.com/)"
157.90.177.217 - - [02/Dec/2021:10:02:41 +0100] "GET /route-alpes-ring-p-50008.html HTTP/1.0" 200 73292 "-" "Mozilla/5.0 (compatible; BLEXBot/1.0; +http://webmeup-crawler.com/)"
157.90.177.217 - - [02/Dec/2021:10:02:48 +0100] "GET /route-canvas-frame-p-13292.html HTTP/1.0" 200 73305 "-" "Mozilla/5.0 (compatible; BLEXBot/1.0; +http://webmeup-crawler.com/)"
157.90.177.217 - - [02/Dec/2021:10:02:52 +0100] "GET /route-case-lenticulaire-iphone-sries-p-20657.html HTTP/1.0" 200 75939 "-" "Mozilla/5.0 (compatible; BLEXBot/1.0; +http://webmeup-crawler.com/)"
216.244.66.242 - - [02/Dec/2021:10:03:00 +0100] "GET /robots.txt HTTP/1.0" 200 245 "-" "Mozilla/5.0 (compatible; DotBot/1.2; +https://opensiteexplorer.org/dotbot; help@moz.com)"
157.90.177.217 - - [02/Dec/2021:10:02:59 +0100] "GET /route-case-lenticulaire-iphone-sries-p-20659.html HTTP/1.0" 200 75941 "-" "Mozilla/5.0 (compatible; BLEXBot/1.0; +http://webmeup-crawler.com/)"
157.90.177.217 - - [02/Dec/2021:10:03:03 +0100] "GET /route-cosmetic-p-7838.html HTTP/1.0" 200 73317 "-" "Mozilla/5.0 (compatible; BLEXBot/1.0; +http://webmeup-crawler.com/)"
157.90.177.217 - - [02/Dec/2021:10:03:12 +0100] "GET /route-feel-freedom-cosmetic-p-18867.html HTTP/1.0" 200 73464 "-" "Mozilla/5.0 (compatible; BLEXBot/1.0; +http://webmeup-crawler.com/)"
54.36.149.85 - - [02/Dec/2021:10:03:16 +0100] "GET /gaston-oven-mitt-p-52681.html HTTP/1.0" 200 73244 "-" "Mozilla/5.0 (compatible; AhrefsBot/7.0; +http://ahrefs.com/robot/)"
157.90.177.217 - - [02/Dec/2021:10:03:19 +0100] "GET /route-flag-mirror-p-32538.html HTTP/1.0" 200 73212 "-" "Mozilla/5.0 (compatible; BLEXBot/1.0; +http://webmeup-crawler.com/)"
157.90.177.217 - - [02/Dec/2021:10:03:24 +0100] "GET /route-flag-mirror-p-37747.html HTTP/1.0" 200 73230 "-" "Mozilla/5.0 (compatible; BLEXBot/1.0; +http://webmeup-crawler.com/)"
157.90.177.217 - - [02/Dec/2021:10:03:31 +0100] "GET /route-flag-p-24169.html HTTP/1.0" 200 73232 "-" "Mozilla/5.0 (compatible; BLEXBot/1.0; +http://webmeup-crawler.com/)"
157.90.177.217 - - [02/Dec/2021:10:03:43 +0100] "GET /route-large-motor-mirror-p-13925.html HTTP/1.0" 200 73252 "-" "Mozilla/5.0 (compatible; BLEXBot/1.0; +http://webmeup-crawler.com/)"
157.90.177.217 - - [02/Dec/2021:10:03:49 +0100] "GET /route-logo-cosmetic-p-10991.html HTTP/1.0" 200 73198 "-" "Mozilla/5.0 (compatible; BLEXBot/1.0; +http://webmeup-crawler.com/)"
185.191.171.3 - - [02/Dec/2021:10:03:55 +0100] "GET /-p-37833.html?action=add_product HTTP/1.0" 302 476 "-" "Mozilla/5.0 (compatible; SemrushBot/7~bl; +http://www.semrush.com/bot.html)"
157.90.177.217 - - [02/Dec/2021:10:03:58 +0100] "GET /route-logo-metal-magnet-p-8188.html HTTP/1.0" 200 73244 "-" "Mozilla/5.0 (compatible; BLEXBot/1.0; +http://webmeup-crawler.com/)"
157.90.177.217 - - [02/Dec/2021:10:04:04 +0100] "GET /route-metal-magnet-p-10804.html HTTP/1.0" 200 73172 "-" "Mozilla/5.0 (compatible; BLEXBot/1.0; +http://webmeup-crawler.com/)"
66.249.68.42 - - [02/Dec/2021:10:04:05 +0100] "GET /planes-ceiling-light-p-33143.html HTTP/1.0" 200 73606 "-" "Mozilla/5.0 (compatible; Googlebot/2.1; +http://www.google.com/bot.html)"
185.191.171.34 - - [02/Dec/2021:10:04:15 +0100] "GET /yogi-yogini-yogamat-blue-p-48662.html HTTP/1.0" 200 73876 "-" "Mozilla/5.0 (compatible; SemrushBot/7~bl; +http://www.semrush.com/bot.html)"
185.191.171.36 - - [02/Dec/2021:10:04:18 +0100] "GET /decorative-canvas-world-hang-p-46754.html?action=add_product HTTP/1.0" 302 476 "-" "Mozilla/5.0 (compatible; SemrushBot/7~bl; +http://www.semrush.com/bot.html)"
185.191.171.7 - - [02/Dec/2021:10:04:24 +0100] "GET /cotton-floor-cushion-charline-p-51084.html HTTP/1.0" 301 70680 "-" "Mozilla/5.0 (compatible; SemrushBot/7~bl; +http://www.semrush.com/bot.html)"
185.191.171.3 - - [02/Dec/2021:10:04:27 +0100] "GET /-p-51084.html HTTP/1.0" 200 70613 "-" "Mozilla/5.0 (compatible; SemrushBot/7~bl; +http://www.semrush.com/bot.html)"
157.90.177.217 - - [02/Dec/2021:10:04:39 +0100] "GET /route-metal-plate-p-12559.html HTTP/1.0" 200 73252 "-" "Mozilla/5.0 (compatible; BLEXBot/1.0; +http://webmeup-crawler.com/)"
157.90.177.217 - - [02/Dec/2021:10:04:52 +0100] "GET /route-metal-plate-p-33716.html HTTP/1.0" 200 73269 "-" "Mozilla/5.0 (compatible; BLEXBot/1.0; +http://webmeup-crawler.com/)"
157.90.177.217 - - [02/Dec/2021:10:04:58 +0100] "GET /route-mini-magnet-mirror-p-19662.html HTTP/1.0" 200 73321 "-" "Mozilla/5.0 (compatible; BLEXBot/1.0; +http://webmeup-crawler.com/)"
185.191.171.44 - - [02/Dec/2021:10:04:59 +0100] "GET /decorative-resin-figurine-p-32161.html HTTP/1.0" 200 73419 "-" "Mozilla/5.0 (compatible; SemrushBot/7~bl; +http://www.semrush.com/bot.html)"
157.90.177.217 - - [02/Dec/2021:10:05:04 +0100] "GET /route-mirror-p-32544.html HTTP/1.0" 200 73193 "-" "Mozilla/5.0 (compatible; BLEXBot/1.0; +http://webmeup-crawler.com/)"
157.90.177.217 - - [02/Dec/2021:10:05:07 +0100] "GET /route-mirror-p-37752.html HTTP/1.0" 200 73210 "-" "Mozilla/5.0 (compatible; BLEXBot/1.0; +http://webmeup-crawler.com/)"
157.90.177.217 - - [02/Dec/2021:10:05:11 +0100] "GET /route-pictures-metal-magnet-p-10805.html HTTP/1.0" 200 73244 "-" "Mozilla/5.0 (compatible; BLEXBot/1.0; +http://webmeup-crawler.com/)"
157.90.177.217 - - [02/Dec/2021:10:05:15 +0100] "GET /route-shoulder-p-7845.html HTTP/1.0" 200 73464 "-" "Mozilla/5.0 (compatible; BLEXBot/1.0; +http://webmeup-crawler.com/)"
54.36.148.242 - - [02/Dec/2021:10:05:15 +0100] "GET /candy-cloud-hair-brush-bubblegum-p-49779.html HTTP/1.0" 200 73330 "-" "Mozilla/5.0 (compatible; AhrefsBot/7.0; +http://ahrefs.com/robot/)"
157.90.177.217 - - [02/Dec/2021:10:05:17 +0100] "GET /route-small-lamp-p-29403.html HTTP/1.0" 200 73405 "-" "Mozilla/5.0 (compatible; BLEXBot/1.0; +http://webmeup-crawler.com/)"
157.90.177.217 - - [02/Dec/2021:10:05:24 +0100] "GET /rparation-express-steel-sign-p-47538.html HTTP/1.0" 200 73378 "-" "Mozilla/5.0 (compatible; BLEXBot/1.0; +http://webmeup-crawler.com/)"
157.90.177.217 - - [02/Dec/2021:10:05:27 +0100] "GET /rtro-blue-clock-p-41843.html HTTP/1.0" 200 73303 "-" "Mozilla/5.0 (compatible; BLEXBot/1.0; +http://webmeup-crawler.com/)"
185.191.171.8 - - [02/Dec/2021:10:05:30 +0100] "GET /candy-cloud-compact-mirror-jazzy-p-49893.html?action=add_product HTTP/1.0" 302 476 "-" "Mozilla/5.0 (compatible; SemrushBot/7~bl; +http://www.semrush.com/bot.html)"
157.90.177.217 - - [02/Dec/2021:10:05:34 +0100] "GET /rtro-blue-wooden-wall-hook-p-41836.html HTTP/1.0" 200 73289 "-" "Mozilla/5.0 (compatible; BLEXBot/1.0; +http://webmeup-crawler.com/)"
157.90.177.217 - - [02/Dec/2021:10:05:38 +0100] "GET /rtro-durf-resin-magnets-p-39569.html HTTP/1.0" 200 73281 "-" "Mozilla/5.0 (compatible; BLEXBot/1.0; +http://webmeup-crawler.com/)"
157.90.177.217 - - [02/Dec/2021:10:05:44 +0100] "GET /rtro-keyring-cbkreation-p-43228.html HTTP/1.0" 200 73338 "-" "Mozilla/5.0 (compatible; BLEXBot/1.0; +http://webmeup-crawler.com/)"
157.90.177.217 - - [02/Dec/2021:10:05:50 +0100] "GET /rtro-small-steel-fridge-magnets-p-31629.html HTTP/1.0" 200 73427 "-" "Mozilla/5.0 (compatible; BLEXBot/1.0; +http://webmeup-crawler.com/)"
157.90.177.217 - - [02/Dec/2021:10:05:55 +0100] "GET /rtro-wood-clock-p-48203.html HTTP/1.0" 200 73273 "-" "Mozilla/5.0 (compatible; BLEXBot/1.0; +http://webmeup-crawler.com/)"
157.90.177.217 - - [02/Dec/2021:10:05:58 +0100] "GET /russian-doll-clock-cbkreation-p-24374.html HTTP/1.0" 200 73424 "-" "Mozilla/5.0 (compatible; BLEXBot/1.0; +http://webmeup-crawler.com/)"
157.90.177.217 - - [02/Dec/2021:10:06:05 +0100] "GET /russian-doll-liberty-metal-keychain-cbkreation-p-23488.html HTTP/1.0" 200 74957 "-" "Mozilla/5.0 (compatible; BLEXBot/1.0; +http://webmeup-crawler.com/)"
157.55.39.125 - - [02/Dec/2021:10:06:07 +0100] "GET /images/8006181600086.jpg HTTP/1.0" 200 259 "-" "Mozilla/5.0 (compatible; bingbot/2.0; +http://www.bing.com/bingbot.htm)"
157.90.177.217 - - [02/Dec/2021:10:06:10 +0100] "GET /russian-doll-metal-keychain-cbkreation-p-23489.html HTTP/1.0" 200 74893 "-" "Mozilla/5.0 (compatible; BLEXBot/1.0; +http://webmeup-crawler.com/)"
157.90.177.217 - - [02/Dec/2021:10:06:15 +0100] "GET /russian-doll-metal-keyring-cbkreation-p-31773.html HTTP/1.0" 200 73351 "-" "Mozilla/5.0 (compatible; BLEXBot/1.0; +http://webmeup-crawler.com/)"
157.90.177.217 - - [02/Dec/2021:10:06:22 +0100] "GET /russian-dolls-cbkreation-clock-p-24275.html HTTP/1.0" 200 73266 "-" "Mozilla/5.0 (compatible; BLEXBot/1.0; +http://webmeup-crawler.com/)"
157.90.177.217 - - [02/Dec/2021:10:06:28 +0100] "GET /russian-dolls-cbkreation-clock-p-24414.html HTTP/1.0" 200 73264 "-" "Mozilla/5.0 (compatible; BLEXBot/1.0; +http://webmeup-crawler.com/)"
157.90.177.217 - - [02/Dec/2021:10:06:32 +0100] "GET /russian-dolls-money-cbkreation-p-18744.html HTTP/1.0" 200 73405 "-" "Mozilla/5.0 (compatible; BLEXBot/1.0; +http://webmeup-crawler.com/)"
49.7.20.122 - - [02/Dec/2021:10:06:33 +0100] "GET / HTTP/1.0" 200 151703 "-" "Sogou web spider/4.0(+http://www.sogou.com/docs/help/webmasters.htm#07)"
157.55.39.125 - - [02/Dec/2021:10:06:37 +0100] "GET /toothbox-c-13_150_170.html HTTP/1.0" 200 90960 "-" "Mozilla/5.0 (compatible; bingbot/2.0; +http://www.bing.com/bingbot.htm)"
157.90.177.217 - - [02/Dec/2021:10:06:38 +0100] "GET /russian-dolls-mouse-cbkreation-p-18687.html HTTP/1.0" 200 73307 "-" "Mozilla/5.0 (compatible; BLEXBot/1.0; +http://webmeup-crawler.com/)"
157.90.177.217 - - [02/Dec/2021:10:06:43 +0100] "GET /russian-dolls-mouse-cbkreation-p-18688.html HTTP/1.0" 200 73297 "-" "Mozilla/5.0 (compatible; BLEXBot/1.0; +http://webmeup-crawler.com/)"
165.154.72.231 - - [02/Dec/2021:10:06:50 +0100] "GET /images/mini_prod/5036278051203.jpg HTTP/1.0" 200 269 "-" "Mozilla/5.0 (X11; Ubuntu; Linux x86_64; rv:72.0) Gecko/20100101 Firefox/72.0"
157.90.177.217 - - [02/Dec/2021:10:06:49 +0100] "GET /russian-dolls-white-shirt-printed-france-p-33744.html HTTP/1.0" 200 75516 "-" "Mozilla/5.0 (compatible; BLEXBot/1.0; +http://webmeup-crawler.com/)"
157.90.177.217 - - [02/Dec/2021:10:06:55 +0100] "GET /russian-metal-keychain-cbkreation-p-23490.html HTTP/1.0" 200 74848 "-" "Mozilla/5.0 (compatible; BLEXBot/1.0; +http://webmeup-crawler.com/)"
157.90.177.217 - - [02/Dec/2021:10:07:03 +0100] "GET /rves-comptoir-coasters-p-42608.html HTTP/1.0" 200 73240 "-" "Mozilla/5.0 (compatible; BLEXBot/1.0; +http://webmeup-crawler.com/)"
157.90.177.217 - - [02/Dec/2021:10:07:12 +0100] "GET /sacha-ceramic-ball-cover-black-p-55334.html HTTP/1.0" 200 74016 "-" "Mozilla/5.0 (compatible; BLEXBot/1.0; +http://webmeup-crawler.com/)"
54.36.148.4 - - [02/Dec/2021:10:07:17 +0100] "GET /marseille-soap-soap-p-40114.html HTTP/1.0" 200 73552 "-" "Mozilla/5.0 (compatible; AhrefsBot/7.0; +http://ahrefs.com/robot/)"
157.90.177.217 - - [02/Dec/2021:10:07:17 +0100] "GET /sacha-ceramic-ball-cover-grey-p-55335.html HTTP/1.0" 200 74003 "-" "Mozilla/5.0 (compatible; BLEXBot/1.0; +http://webmeup-crawler.com/)"
157.90.177.217 - - [02/Dec/2021:10:07:24 +0100] "GET /sacha-ceramic-ball-cover-white-p-55333.html HTTP/1.0" 200 74016 "-" "Mozilla/5.0 (compatible; BLEXBot/1.0; +http://webmeup-crawler.com/)"
157.90.177.217 - - [02/Dec/2021:10:07:31 +0100] "GET /sacha-hammered-ceramic-cover-black-p-55338.html HTTP/1.0" 200 74104 "-" "Mozilla/5.0 (compatible; BLEXBot/1.0; +http://webmeup-crawler.com/)"
157.90.177.217 - - [02/Dec/2021:10:07:37 +0100] "GET /sacha-hammered-ceramic-cover-grey-p-55336.html HTTP/1.0" 200 74097 "-" "Mozilla/5.0 (compatible; BLEXBot/1.0; +http://webmeup-crawler.com/)"
157.90.177.217 - - [02/Dec/2021:10:07:45 +0100] "GET /sacha-hammered-ceramic-cover-white-p-55337.html HTTP/1.0" 200 74110 "-" "Mozilla/5.0 (compatible; BLEXBot/1.0; +http://webmeup-crawler.com/)"
185.191.171.35 - - [02/Dec/2021:10:07:50 +0100] "GET /coconut-fibers-doormat-boho-p-55103.html HTTP/1.0" 200 74393 "-" "Mozilla/5.0 (compatible; SemrushBot/7~bl; +http://www.semrush.com/bot.html)"
157.90.177.217 - - [02/Dec/2021:10:07:51 +0100] "GET /sacred-heart-jesus-aromatika-incense-sticks-p-47133.html HTTP/1.0" 200 73442 "-" "Mozilla/5.0 (compatible; BLEXBot/1.0; +http://webmeup-crawler.com/)"
157.90.177.217 - - [02/Dec/2021:10:08:07 +0100] "GET /saffron-kitchen-towel-p-44423.html HTTP/1.0" 200 73276 "-" "Mozilla/5.0 (compatible; BLEXBot/1.0; +http://webmeup-crawler.com/)"
157.90.177.217 - - [02/Dec/2021:10:08:12 +0100] "GET /sagittarus-clasic-keyring-cbkreation-p-43252.html HTTP/1.0" 200 73429 "-" "Mozilla/5.0 (compatible; BLEXBot/1.0; +http://webmeup-crawler.com/)"
185.191.171.24 - - [02/Dec/2021:10:08:13 +0100] "GET /candy-cloud-compact-mirror-dasha-p-49892.html HTTP/1.0" 200 74482 "-" "Mozilla/5.0 (compatible; SemrushBot/7~bl; +http://www.semrush.com/bot.html)"
157.90.177.217 - - [02/Dec/2021:10:08:17 +0100] "GET /robots.txt HTTP/1.0" 301 531 "-" "Mozilla/5.0 (compatible; BLEXBot/1.0; +http://webmeup-crawler.com/)"
157.90.177.217 - - [02/Dec/2021:10:08:17 +0100] "GET /robots.txt HTTP/1.0" 200 245 "-" "Mozilla/5.0 (compatible; BLEXBot/1.0; +http://webmeup-crawler.com/)"
157.90.177.217 - - [02/Dec/2021:10:08:18 +0100] "GET /sagittarus-mousepad-cbkreation-p-43307.html HTTP/1.0" 200 73354 "-" "Mozilla/5.0 (compatible; BLEXBot/1.0; +http://webmeup-crawler.com/)"
157.90.177.217 - - [02/Dec/2021:10:08:23 +0100] "GET /saint-anthony-aromatika-incense-sticks-p-53455.html HTTP/1.0" 200 73407 "-" "Mozilla/5.0 (compatible; BLEXBot/1.0; +http://webmeup-crawler.com/)"
159.138.102.98 - - [02/Dec/2021:10:08:26 +0100] "GET /star-wars-hassk-thug-figure-p-34609.html HTTP/1.0" 301 70680 "-" "Mozilla/5.0 (Linux; Android 7.0;) AppleWebKit/537.36 (KHTML, like Gecko) Mobile Safari/537.36 (compatible; PetalBot;+https://webmaster.petalsearch.com/site/petalbot)"
157.90.177.217 - - [02/Dec/2021:10:08:29 +0100] "GET /saint-expedit-aromatika-incense-sticks-p-53430.html HTTP/1.0" 200 73408 "-" "Mozilla/5.0 (compatible; BLEXBot/1.0; +http://webmeup-crawler.com/)"
159.138.102.98 - - [02/Dec/2021:10:08:31 +0100] "GET /-p-34609.html HTTP/1.0" 200 70613 "-" "Mozilla/5.0 (Linux; Android 7.0;) AppleWebKit/537.36 (KHTML, like Gecko) Mobile Safari/537.36 (compatible; PetalBot;+https://webmaster.petalsearch.com/site/petalbot)"
157.90.177.217 - - [02/Dec/2021:10:08:36 +0100] "GET /saint-georges-aromatika-incense-sticks-p-52658.html HTTP/1.0" 200 73446 "-" "Mozilla/5.0 (compatible; BLEXBot/1.0; +http://webmeup-crawler.com/)"
157.90.177.217 - - [02/Dec/2021:10:08:42 +0100] "GET /saint-michel-aromatika-incense-sticks-p-44349.html HTTP/1.0" 200 73402 "-" "Mozilla/5.0 (compatible; BLEXBot/1.0; +http://webmeup-crawler.com/)"
157.90.177.217 - - [02/Dec/2021:10:08:47 +0100] "GET /salamander-wall-decoration-p-40931.html HTTP/1.0" 200 73414 "-" "Mozilla/5.0 (compatible; BLEXBot/1.0; +http://webmeup-crawler.com/)"
157.90.177.217 - - [02/Dec/2021:10:08:53 +0100] "GET /salamander-wall-decoration-p-40932.html HTTP/1.0" 200 73414 "-" "Mozilla/5.0 (compatible; BLEXBot/1.0; +http://webmeup-crawler.com/)"
120.92.83.235 - - [02/Dec/2021:10:08:58 +0100] "GET /images/mini_prod/3760054863347.jpg HTTP/1.0" 200 269 "-" "Mozilla/5.0 (Macintosh; U; Intel Mac OS X 10_5_8; en-US) AppleWebKit/532.8 (KHTML, like Gecko) Chrome/4.0.302.2 Safari/532.8"
185.191.171.23 - - [02/Dec/2021:10:08:59 +0100] "GET /paris-180-vintage-clock-60-cm-p-50366.html HTTP/1.0" 301 73458 "-" "Mozilla/5.0 (compatible; SemrushBot/7~bl; +http://www.semrush.com/bot.html)"
157.90.177.217 - - [02/Dec/2021:10:09:00 +0100] "GET /salamander-wall-decoration-p-44900.html HTTP/1.0" 200 73395 "-" "Mozilla/5.0 (compatible; BLEXBot/1.0; +http://webmeup-crawler.com/)"
185.191.171.10 - - [02/Dec/2021:10:09:03 +0100] "GET /paris-vintage-clock-p-50366.html HTTP/1.0" 200 73372 "-" "Mozilla/5.0 (compatible; SemrushBot/7~bl; +http://www.semrush.com/bot.html)"
185.191.171.22 - - [02/Dec/2021:10:09:05 +0100] "GET /nordic-noel-mini-hanging-ornaments-heartwood-creek-p-52198.html HTTP/1.0" 200 74564 "-" "Mozilla/5.0 (compatible; SemrushBot/7~bl; +http://www.semrush.com/bot.html)"
157.90.177.217 - - [02/Dec/2021:10:09:11 +0100] "GET /salamander-wall-decoration-p-47400.html HTTP/1.0" 200 73365 "-" "Mozilla/5.0 (compatible; BLEXBot/1.0; +http://webmeup-crawler.com/)"
185.191.171.10 - - [02/Dec/2021:10:09:11 +0100] "GET /decorative-african-inspired-elephants-p-50586.html?action=add_product HTTP/1.0" 302 476 "-" "Mozilla/5.0 (compatible; SemrushBot/7~bl; +http://www.semrush.com/bot.html)"
157.90.177.217 - - [02/Dec/2021:10:09:20 +0100] "GET /salamander-wall-decoration-p-47402.html HTTP/1.0" 200 73365 "-" "Mozilla/5.0 (compatible; BLEXBot/1.0; +http://webmeup-crawler.com/)"
157.90.177.217 - - [02/Dec/2021:10:09:25 +0100] "GET /salamander-wall-decoration-p-48632.html HTTP/1.0" 200 73365 "-" "Mozilla/5.0 (compatible; BLEXBot/1.0; +http://webmeup-crawler.com/)"
54.36.149.39 - - [02/Dec/2021:10:09:24 +0100] "GET /salt-pepper-shaker-sets-c-12_160.html?page=2 HTTP/1.0" 200 91425 "-" "Mozilla/5.0 (compatible; AhrefsBot/7.0; +http://ahrefs.com/robot/)"
157.90.177.217 - - [02/Dec/2021:10:09:28 +0100] "GET /salamander-wall-decoration-p-48633.html HTTP/1.0" 200 73365 "-" "Mozilla/5.0 (compatible; BLEXBot/1.0; +http://webmeup-crawler.com/)"
157.90.177.217 - - [02/Dec/2021:10:09:33 +0100] "GET /salamander-wall-decoration-p-48634.html HTTP/1.0" 200 73365 "-" "Mozilla/5.0 (compatible; BLEXBot/1.0; +http://webmeup-crawler.com/)"
157.90.177.217 - - [02/Dec/2021:10:09:41 +0100] "GET /samurai-statue-resin-p-56943.html HTTP/1.0" 200 74102 "-" "Mozilla/5.0 (compatible; BLEXBot/1.0; +http://webmeup-crawler.com/)"
114.119.128.40 - - [02/Dec/2021:10:09:43 +0100] "GET /urss-training-bottle-cbkreation-p-24337.html HTTP/1.0" 200 73582 "-" "Mozilla/5.0 (Linux; Android 7.0;) AppleWebKit/537.36 (KHTML, like Gecko) Mobile Safari/537.36 (compatible; PetalBot;+https://webmaster.petalsearch.com/site/petalbot)"
157.90.177.217 - - [02/Dec/2021:10:09:46 +0100] "GET /sandalwood-backflow-incense-cones-p-51973.html HTTP/1.0" 200 74330 "-" "Mozilla/5.0 (compatible; BLEXBot/1.0; +http://webmeup-crawler.com/)"
157.90.177.217 - - [02/Dec/2021:10:09:51 +0100] "GET /sandstone-flower-p-50812.html HTTP/1.0" 200 73220 "-" "Mozilla/5.0 (compatible; BLEXBot/1.0; +http://webmeup-crawler.com/)"
157.90.177.217 - - [02/Dec/2021:10:09:55 +0100] "GET /santa-please-call-here-mickey-mouse-hanging-ornament-p-56733.html HTTP/1.0" 200 75126 "-" "Mozilla/5.0 (compatible; BLEXBot/1.0; +http://webmeup-crawler.com/)"
157.90.177.217 - - [02/Dec/2021:10:10:02 +0100] "GET /santa-sleigh-bowl-christmas-p-56852.html HTTP/1.0" 200 73953 "-" "Mozilla/5.0 (compatible; BLEXBot/1.0; +http://webmeup-crawler.com/)"
20.109.134.252 - - [02/Dec/2021:10:10:06 +0100] "GET /images/big_prod_1/4250255859472a.jpg HTTP/1.0" 200 271 "-" "Mozilla/5.0 (Windows NT 10.0; WOW64) AppleWebKit/537.36 (KHTML, like Gecko) Chrome/64.0.3282.186 Safari/537.36"
157.90.177.217 - - [02/Dec/2021:10:10:06 +0100] "GET /santa-sleigh-saucer-p-56236.html HTTP/1.0" 200 73305 "-" "Mozilla/5.0 (compatible; BLEXBot/1.0; +http://webmeup-crawler.com/)"
157.90.177.217 - - [02/Dec/2021:10:10:10 +0100] "GET /sarah-fuchsia-large-backpack-p-6064.html HTTP/1.0" 200 74338 "-" "Mozilla/5.0 (compatible; BLEXBot/1.0; +http://webmeup-crawler.com/)"
157.90.177.217 - - [02/Dec/2021:10:10:16 +0100] "GET /sarah-orange-large-backpack-p-3299.html HTTP/1.0" 200 73724 "-" "Mozilla/5.0 (compatible; BLEXBot/1.0; +http://webmeup-crawler.com/)"
157.90.177.217 - - [02/Dec/2021:10:10:20 +0100] "GET /sarah-purple-large-backpack-p-6061.html HTTP/1.0" 200 73398 "-" "Mozilla/5.0 (compatible; BLEXBot/1.0; +http://webmeup-crawler.com/)"
