157.90.177.217 - - [02/Dec/2021:04:04:19 +0100] "GET /elephant-flowerpot-with-geometric-patterns-p-51113.html HTTP/1.0" 200 73407 "-" "Mozilla/5.0 (compatible; BLEXBot/1.0; +http://webmeup-crawler.com/)"
185.191.171.10 - - [02/Dec/2021:04:04:24 +0100] "GET /home-decoration-c-13.html?page=19 HTTP/1.0" 200 92759 "-" "Mozilla/5.0 (compatible; SemrushBot/7~bl; +http://www.semrush.com/bot.html)"
157.90.177.217 - - [02/Dec/2021:04:04:27 +0100] "GET /elephant-mini-melamine-tray-kook-kiub-p-55872.html HTTP/1.0" 200 73447 "-" "Mozilla/5.0 (compatible; BLEXBot/1.0; +http://webmeup-crawler.com/)"
157.90.177.217 - - [02/Dec/2021:04:04:32 +0100] "GET /elephant-small-plush-p-25887.html HTTP/1.0" 200 73375 "-" "Mozilla/5.0 (compatible; BLEXBot/1.0; +http://webmeup-crawler.com/)"
157.90.177.217 - - [02/Dec/2021:04:04:35 +0100] "GET /elephants-coasters-p-55630.html HTTP/1.0" 200 74249 "-" "Mozilla/5.0 (compatible; BLEXBot/1.0; +http://webmeup-crawler.com/)"
157.90.177.217 - - [02/Dec/2021:04:04:39 +0100] "GET /elephants-mini-melamine-tray-p-55848.html HTTP/1.0" 200 73363 "-" "Mozilla/5.0 (compatible; BLEXBot/1.0; +http://webmeup-crawler.com/)"
157.90.177.217 - - [02/Dec/2021:04:04:43 +0100] "GET /elios-incense-stick-holder-p-53905.html HTTP/1.0" 200 73957 "-" "Mozilla/5.0 (compatible; BLEXBot/1.0; +http://webmeup-crawler.com/)"
157.90.177.217 - - [02/Dec/2021:04:04:46 +0100] "GET /elmer-apron-p-41572.html HTTP/1.0" 200 73431 "-" "Mozilla/5.0 (compatible; BLEXBot/1.0; +http://webmeup-crawler.com/)"
157.90.177.217 - - [02/Dec/2021:04:04:49 +0100] "GET /elmer-magic-lamp-p-16475.html HTTP/1.0" 200 73715 "-" "Mozilla/5.0 (compatible; BLEXBot/1.0; +http://webmeup-crawler.com/)"
157.90.177.217 - - [02/Dec/2021:04:04:56 +0100] "GET /elmer-musical-p-16472.html HTTP/1.0" 200 73382 "-" "Mozilla/5.0 (compatible; BLEXBot/1.0; +http://webmeup-crawler.com/)"
20.109.134.229 - - [02/Dec/2021:04:04:59 +0100] "GET /images/med_prod/525275.jpg HTTP/1.0" 200 261 "-" "Mozilla/5.0 (Windows NT 10.0; WOW64) AppleWebKit/537.36 (KHTML, like Gecko) Chrome/68.0.3440.106 Safari/537.36"
157.90.177.217 - - [02/Dec/2021:04:05:02 +0100] "GET /elsa-frozen-tree-ornament-p-30723.html HTTP/1.0" 200 73389 "-" "Mozilla/5.0 (compatible; BLEXBot/1.0; +http://webmeup-crawler.com/)"
157.90.177.217 - - [02/Dec/2021:04:05:06 +0100] "GET /elvis-presley-black-shirt-p-29563.html HTTP/1.0" 200 74692 "-" "Mozilla/5.0 (compatible; BLEXBot/1.0; +http://webmeup-crawler.com/)"
157.90.177.217 - - [02/Dec/2021:04:05:10 +0100] "GET /elvis-presley-rectangular-mirror-p-48298.html HTTP/1.0" 200 73295 "-" "Mozilla/5.0 (compatible; BLEXBot/1.0; +http://webmeup-crawler.com/)"
20.109.134.229 - - [02/Dec/2021:04:05:11 +0100] "GET /images/big_prod_3/e4542202653760.jpg HTTP/1.0" 200 271 "-" "Mozilla/5.0 (Windows NT 10.0; WOW64) AppleWebKit/537.36 (KHTML, like Gecko) Chrome/64.0.3282.186 Safari/537.36"
157.90.177.217 - - [02/Dec/2021:04:05:14 +0100] "GET /emily-cupcakes-p-24306.html HTTP/1.0" 200 73298 "-" "Mozilla/5.0 (compatible; BLEXBot/1.0; +http://webmeup-crawler.com/)"
157.90.177.217 - - [02/Dec/2021:04:05:18 +0100] "GET /emmie-phone-cover-iphone-p-15948.html HTTP/1.0" 200 73982 "-" "Mozilla/5.0 (compatible; BLEXBot/1.0; +http://webmeup-crawler.com/)"
157.90.177.217 - - [02/Dec/2021:04:05:23 +0100] "GET /emoticon-cushion-emoji-p-42824.html HTTP/1.0" 200 73472 "-" "Mozilla/5.0 (compatible; BLEXBot/1.0; +http://webmeup-crawler.com/)"
54.36.149.31 - - [02/Dec/2021:04:05:27 +0100] "GET /images/big_prod/1938713261816.jpg HTTP/1.0" 200 268 "-" "Mozilla/5.0 (compatible; AhrefsBot/7.0; +http://ahrefs.com/robot/)"
157.90.177.217 - - [02/Dec/2021:04:05:29 +0100] "GET /emotion-phantom-ceramic-moneybox-p-48760.html HTTP/1.0" 200 73957 "-" "Mozilla/5.0 (compatible; BLEXBot/1.0; +http://webmeup-crawler.com/)"
157.90.177.217 - - [02/Dec/2021:04:05:33 +0100] "GET /english-bulldog-cushion-p-40179.html HTTP/1.0" 200 73362 "-" "Mozilla/5.0 (compatible; BLEXBot/1.0; +http://webmeup-crawler.com/)"
157.90.177.217 - - [02/Dec/2021:04:05:40 +0100] "GET /enjoy-love-flamingo-bedclothes-p-42390.html HTTP/1.0" 200 73398 "-" "Mozilla/5.0 (compatible; BLEXBot/1.0; +http://webmeup-crawler.com/)"
185.191.171.15 - - [02/Dec/2021:04:05:44 +0100] "GET /gund-boo-plush-keychain-p-28518.html HTTP/1.0" 301 70680 "-" "Mozilla/5.0 (compatible; SemrushBot/7~bl; +http://www.semrush.com/bot.html)"
157.90.177.217 - - [02/Dec/2021:04:05:47 +0100] "GET /enjoy-your-life-p-40461.html HTTP/1.0" 200 73215 "-" "Mozilla/5.0 (compatible; BLEXBot/1.0; +http://webmeup-crawler.com/)"
185.191.171.2 - - [02/Dec/2021:04:05:47 +0100] "GET /-p-28518.html HTTP/1.0" 200 70613 "-" "Mozilla/5.0 (compatible; SemrushBot/7~bl; +http://www.semrush.com/bot.html)"
157.90.177.217 - - [02/Dec/2021:04:05:54 +0100] "GET /enjoy-your-life-p-40462.html HTTP/1.0" 200 73214 "-" "Mozilla/5.0 (compatible; BLEXBot/1.0; +http://webmeup-crawler.com/)"
157.55.39.228 - - [02/Dec/2021:04:05:54 +0100] "GET /bamboo-tray-tous-mayo-p-46453.html HTTP/1.0" 200 73847 "-" "Mozilla/5.0 (compatible; bingbot/2.0; +http://www.bing.com/bingbot.htm)"
157.90.177.217 - - [02/Dec/2021:04:05:58 +0100] "GET /enjoy-your-life-p-40464.html HTTP/1.0" 200 73195 "-" "Mozilla/5.0 (compatible; BLEXBot/1.0; +http://webmeup-crawler.com/)"
157.90.177.217 - - [02/Dec/2021:04:06:02 +0100] "GET /enrico-benetti-backpack-p-35996.html HTTP/1.0" 200 74402 "-" "Mozilla/5.0 (compatible; BLEXBot/1.0; +http://webmeup-crawler.com/)"
157.90.177.217 - - [02/Dec/2021:04:06:05 +0100] "GET /enrico-benetti-shoulder-laptop-p-35991.html HTTP/1.0" 200 73615 "-" "Mozilla/5.0 (compatible; BLEXBot/1.0; +http://webmeup-crawler.com/)"
157.90.177.217 - - [02/Dec/2021:04:06:08 +0100] "GET /epoxy-resin-magnets-little-prince-p-54976.html HTTP/1.0" 200 74092 "-" "Mozilla/5.0 (compatible; BLEXBot/1.0; +http://webmeup-crawler.com/)"
157.90.177.217 - - [02/Dec/2021:04:06:12 +0100] "GET /equateur-clock-cbkreation-p-36915.html HTTP/1.0" 200 73273 "-" "Mozilla/5.0 (compatible; BLEXBot/1.0; +http://webmeup-crawler.com/)"
157.90.177.217 - - [02/Dec/2021:04:06:15 +0100] "GET /eskimo-cream-spoons-p-39008.html HTTP/1.0" 200 74053 "-" "Mozilla/5.0 (compatible; BLEXBot/1.0; +http://webmeup-crawler.com/)"
157.90.177.217 - - [02/Dec/2021:04:06:19 +0100] "GET /esotericism-lithotherapy-c-174.html?page=1 HTTP/1.0" 200 91122 "-" "Mozilla/5.0 (compatible; BLEXBot/1.0; +http://webmeup-crawler.com/)"
157.90.177.217 - - [02/Dec/2021:04:06:24 +0100] "GET /espresso-allen-designs-p-39741.html HTTP/1.0" 200 73907 "-" "Mozilla/5.0 (compatible; BLEXBot/1.0; +http://webmeup-crawler.com/)"
157.90.177.217 - - [02/Dec/2021:04:06:27 +0100] "GET /espresso-allen-desings-p-48229.html HTTP/1.0" 200 73919 "-" "Mozilla/5.0 (compatible; BLEXBot/1.0; +http://webmeup-crawler.com/)"
157.90.177.217 - - [02/Dec/2021:04:06:31 +0100] "GET /espresso-allen-desings-p-54359.html HTTP/1.0" 200 74123 "-" "Mozilla/5.0 (compatible; BLEXBot/1.0; +http://webmeup-crawler.com/)"
185.191.171.2 - - [02/Dec/2021:04:06:33 +0100] "GET /jack-dalton-figure-p-4591.html HTTP/1.0" 301 70677 "-" "Mozilla/5.0 (compatible; SemrushBot/7~bl; +http://www.semrush.com/bot.html)"
157.90.177.217 - - [02/Dec/2021:04:06:35 +0100] "GET /espresso-corsica-p-44537.html HTTP/1.0" 200 74551 "-" "Mozilla/5.0 (compatible; BLEXBot/1.0; +http://webmeup-crawler.com/)"
185.191.171.9 - - [02/Dec/2021:04:06:35 +0100] "GET /-p-4591.html HTTP/1.0" 200 70611 "-" "Mozilla/5.0 (compatible; SemrushBot/7~bl; +http://www.semrush.com/bot.html)"
157.90.177.217 - - [02/Dec/2021:04:06:38 +0100] "GET /espresso-corsica-p-48509.html HTTP/1.0" 200 73847 "-" "Mozilla/5.0 (compatible; BLEXBot/1.0; +http://webmeup-crawler.com/)"
157.90.177.217 - - [02/Dec/2021:04:06:44 +0100] "GET /espresso-crasy-allen-desings-p-53198.html HTTP/1.0" 200 73373 "-" "Mozilla/5.0 (compatible; BLEXBot/1.0; +http://webmeup-crawler.com/)"
157.90.177.217 - - [02/Dec/2021:04:06:47 +0100] "GET /espresso-holidays-corsica-p-48508.html HTTP/1.0" 200 73925 "-" "Mozilla/5.0 (compatible; BLEXBot/1.0; +http://webmeup-crawler.com/)"
157.90.177.217 - - [02/Dec/2021:04:06:49 +0100] "GET /espresso-humor-p-46259.html HTTP/1.0" 200 73225 "-" "Mozilla/5.0 (compatible; BLEXBot/1.0; +http://webmeup-crawler.com/)"
157.90.177.217 - - [02/Dec/2021:04:06:54 +0100] "GET /espresso-jolie-provence-p-48228.html HTTP/1.0" 200 73904 "-" "Mozilla/5.0 (compatible; BLEXBot/1.0; +http://webmeup-crawler.com/)"
89.186.188.30 - - [02/Dec/2021:04:06:55 +0100] "GET /images/mini_prod/5036278058585.jpg HTTP/1.0" 200 269 "-" "Mozilla/5.0 (X11; Ubuntu; Linux x86_64; rv:72.0) Gecko/20100101 Firefox/72.0"
157.90.177.217 - - [02/Dec/2021:04:06:58 +0100] "GET /espresso-love-p-46258.html HTTP/1.0" 200 73220 "-" "Mozilla/5.0 (compatible; BLEXBot/1.0; +http://webmeup-crawler.com/)"
157.90.177.217 - - [02/Dec/2021:04:07:03 +0100] "GET /espresso-paris-chat-noir-p-39742.html HTTP/1.0" 200 74422 "-" "Mozilla/5.0 (compatible; BLEXBot/1.0; +http://webmeup-crawler.com/)"
157.90.177.217 - - [02/Dec/2021:04:07:06 +0100] "GET /espresso-paris-macaroon-p-44536.html HTTP/1.0" 200 73890 "-" "Mozilla/5.0 (compatible; BLEXBot/1.0; +http://webmeup-crawler.com/)"
157.90.177.217 - - [02/Dec/2021:04:07:11 +0100] "GET /espresso-paris-p-44535.html HTTP/1.0" 200 73237 "-" "Mozilla/5.0 (compatible; BLEXBot/1.0; +http://webmeup-crawler.com/)"
185.191.171.14 - - [02/Dec/2021:04:07:17 +0100] "GET /decorative-brass-telescope-p-51516.html HTTP/1.0" 200 73921 "-" "Mozilla/5.0 (compatible; SemrushBot/7~bl; +http://www.semrush.com/bot.html)"
157.90.177.217 - - [02/Dec/2021:04:07:18 +0100] "GET /espresso-provence-p-39744.html HTTP/1.0" 200 73267 "-" "Mozilla/5.0 (compatible; BLEXBot/1.0; +http://webmeup-crawler.com/)"
157.90.177.217 - - [02/Dec/2021:04:07:24 +0100] "GET /espresso-sakura-p-22324.html HTTP/1.0" 200 73363 "-" "Mozilla/5.0 (compatible; BLEXBot/1.0; +http://webmeup-crawler.com/)"
157.90.177.217 - - [02/Dec/2021:04:07:28 +0100] "GET /ethnic-carpet-p-56014.html HTTP/1.0" 200 73924 "-" "Mozilla/5.0 (compatible; BLEXBot/1.0; +http://webmeup-crawler.com/)"
157.90.177.217 - - [02/Dec/2021:04:07:32 +0100] "GET /ethnic-carpet-travelogue-p-46351.html HTTP/1.0" 200 74165 "-" "Mozilla/5.0 (compatible; BLEXBot/1.0; +http://webmeup-crawler.com/)"
185.220.101.173 - - [02/Dec/2021:04:07:35 +0100] "GET /contact_us.php HTTP/1.0" 200 26241 "http://www.wonder-geek.com/contact_us.php" "Mozilla/5.0 (Windows NT 10.0; Win64; x64) AppleWebKit/537.36 (KHTML, like Gecko) Chrome/90.0.4430.85 Safari/537.36"
157.90.177.217 - - [02/Dec/2021:04:07:36 +0100] "GET /ethnic-rectangular-carpet-p-56667.html HTTP/1.0" 200 74111 "-" "Mozilla/5.0 (compatible; BLEXBot/1.0; +http://webmeup-crawler.com/)"
157.90.177.217 - - [02/Dec/2021:04:07:42 +0100] "GET /ethnic-style-burlap-table-p-48441.html HTTP/1.0" 200 73839 "-" "Mozilla/5.0 (compatible; BLEXBot/1.0; +http://webmeup-crawler.com/)"
157.90.177.217 - - [02/Dec/2021:04:07:46 +0100] "GET /ethnic-style-burlap-table-p-48443.html HTTP/1.0" 200 73839 "-" "Mozilla/5.0 (compatible; BLEXBot/1.0; +http://webmeup-crawler.com/)"
185.191.171.33 - - [02/Dec/2021:04:07:48 +0100] "GET /route-large-motor-mirror-p-13925.html HTTP/1.0" 200 73252 "-" "Mozilla/5.0 (compatible; SemrushBot/7~bl; +http://www.semrush.com/bot.html)"
157.90.177.217 - - [02/Dec/2021:04:07:51 +0100] "GET /ethnic-style-burlap-table-p-48444.html HTTP/1.0" 200 73838 "-" "Mozilla/5.0 (compatible; BLEXBot/1.0; +http://webmeup-crawler.com/)"
157.90.177.217 - - [02/Dec/2021:04:07:55 +0100] "GET /ethnic-style-burlap-table-p-48446.html HTTP/1.0" 200 73839 "-" "Mozilla/5.0 (compatible; BLEXBot/1.0; +http://webmeup-crawler.com/)"
185.191.171.13 - - [02/Dec/2021:04:07:58 +0100] "GET /adults-c-53.html?page=8 HTTP/1.0" 200 91953 "-" "Mozilla/5.0 (compatible; SemrushBot/7~bl; +http://www.semrush.com/bot.html)"
157.90.177.217 - - [02/Dec/2021:04:07:58 +0100] "GET /ethnic-style-burlap-table-p-48448.html HTTP/1.0" 200 73838 "-" "Mozilla/5.0 (compatible; BLEXBot/1.0; +http://webmeup-crawler.com/)"
157.90.177.217 - - [02/Dec/2021:04:08:04 +0100] "GET /ethnic-style-burlap-table-p-48451.html HTTP/1.0" 200 73839 "-" "Mozilla/5.0 (compatible; BLEXBot/1.0; +http://webmeup-crawler.com/)"
157.90.177.217 - - [02/Dec/2021:04:08:07 +0100] "GET /ethnic-wooden-shelf-cabinet-white-patina-p-45815.html HTTP/1.0" 200 73454 "-" "Mozilla/5.0 (compatible; BLEXBot/1.0; +http://webmeup-crawler.com/)"
157.90.177.217 - - [02/Dec/2021:04:08:11 +0100] "GET /ethnic-wooden-shelf-cabinet-white-patina-p-45817.html HTTP/1.0" 200 73470 "-" "Mozilla/5.0 (compatible; BLEXBot/1.0; +http://webmeup-crawler.com/)"
157.90.177.217 - - [02/Dec/2021:04:08:19 +0100] "GET /ethnic-wooden-shelf-cabinet-white-patina-p-45818.html HTTP/1.0" 200 73471 "-" "Mozilla/5.0 (compatible; BLEXBot/1.0; +http://webmeup-crawler.com/)"
147.92.153.3 - - [02/Dec/2021:04:08:21 +0100] "GET /images/big_prod_1/4542202653197b.jpg HTTP/1.0" 200 271 "-" "Mozilla/5.0 (compatible; Linespider/1.1; +https://lin.ee/4dwXkTH)"
157.90.177.217 - - [02/Dec/2021:04:08:29 +0100] "GET /eucalyptus-p-55190.html HTTP/1.0" 200 74012 "-" "Mozilla/5.0 (compatible; BLEXBot/1.0; +http://webmeup-crawler.com/)"
157.90.177.217 - - [02/Dec/2021:04:08:36 +0100] "GET /euro-money-cbkreation-p-24132.html HTTP/1.0" 200 73308 "-" "Mozilla/5.0 (compatible; BLEXBot/1.0; +http://webmeup-crawler.com/)"
157.90.177.217 - - [02/Dec/2021:04:08:43 +0100] "GET /europe-cbkreation-p-13970.html HTTP/1.0" 200 73235 "-" "Mozilla/5.0 (compatible; BLEXBot/1.0; +http://webmeup-crawler.com/)"
49.7.20.138 - - [02/Dec/2021:04:08:44 +0100] "GET /decorations-c-89.html HTTP/1.0" 301 91808 "-" "Sogou web spider/4.0(+http://www.sogou.com/docs/help/webmasters.htm#07)"
157.90.177.217 - - [02/Dec/2021:04:08:50 +0100] "GET /euros-cbkreation-p-14047.html HTTP/1.0" 200 73225 "-" "Mozilla/5.0 (compatible; BLEXBot/1.0; +http://webmeup-crawler.com/)"
157.90.177.217 - - [02/Dec/2021:04:08:55 +0100] "GET /expresso-paris-macaron-p-24314.html HTTP/1.0" 200 73687 "-" "Mozilla/5.0 (compatible; BLEXBot/1.0; +http://webmeup-crawler.com/)"
185.191.171.14 - - [02/Dec/2021:04:09:01 +0100] "GET /snow-glitter-ball-c-13_259.html?page=2 HTTP/1.0" 200 85666 "-" "Mozilla/5.0 (compatible; SemrushBot/7~bl; +http://www.semrush.com/bot.html)"
157.90.177.217 - - [02/Dec/2021:04:09:06 +0100] "GET /expresso-paris-moulin-rouge-p-18947.html HTTP/1.0" 200 73739 "-" "Mozilla/5.0 (compatible; BLEXBot/1.0; +http://webmeup-crawler.com/)"
157.90.177.217 - - [02/Dec/2021:04:09:12 +0100] "GET /expresso-paris-p-18139.html HTTP/1.0" 200 73324 "-" "Mozilla/5.0 (compatible; BLEXBot/1.0; +http://webmeup-crawler.com/)"
157.90.177.217 - - [02/Dec/2021:04:09:17 +0100] "GET /expresso-provence-p-21395.html HTTP/1.0" 200 73670 "-" "Mozilla/5.0 (compatible; BLEXBot/1.0; +http://webmeup-crawler.com/)"
157.90.177.217 - - [02/Dec/2021:04:09:21 +0100] "GET /expresso-rugby-p-24311.html HTTP/1.0" 200 73631 "-" "Mozilla/5.0 (compatible; BLEXBot/1.0; +http://webmeup-crawler.com/)"
157.90.177.217 - - [02/Dec/2021:04:09:25 +0100] "GET /exupry-petit-prince-money-rose-p-53860.html HTTP/1.0" 200 74049 "-" "Mozilla/5.0 (compatible; BLEXBot/1.0; +http://webmeup-crawler.com/)"
157.90.177.217 - - [02/Dec/2021:04:09:31 +0100] "GET /fairies-backpack-p-19685.html HTTP/1.0" 200 73224 "-" "Mozilla/5.0 (compatible; BLEXBot/1.0; +http://webmeup-crawler.com/)"
185.191.171.34 - - [02/Dec/2021:04:09:35 +0100] "GET /-p-44723.html?action=add_product HTTP/1.0" 302 476 "-" "Mozilla/5.0 (compatible; SemrushBot/7~bl; +http://www.semrush.com/bot.html)"
157.90.177.217 - - [02/Dec/2021:04:09:38 +0100] "GET /fairy-white-women-shirt-p-33778.html HTTP/1.0" 200 75539 "-" "Mozilla/5.0 (compatible; BLEXBot/1.0; +http://webmeup-crawler.com/)"
40.77.167.66 - - [02/Dec/2021:04:09:43 +0100] "GET /-p-33450.html HTTP/1.0" 200 70613 "-" "Mozilla/5.0 (compatible; bingbot/2.0; +http://www.bing.com/bingbot.htm)"
157.90.177.217 - - [02/Dec/2021:04:09:45 +0100] "GET /fancy-elastic-bracelet-buddha-p-43731.html HTTP/1.0" 200 73273 "-" "Mozilla/5.0 (compatible; BLEXBot/1.0; +http://webmeup-crawler.com/)"
157.90.177.217 - - [02/Dec/2021:04:09:53 +0100] "GET /fancy-elastic-bracelet-buddha-p-43732.html HTTP/1.0" 200 73273 "-" "Mozilla/5.0 (compatible; BLEXBot/1.0; +http://webmeup-crawler.com/)"
157.90.177.217 - - [02/Dec/2021:04:10:01 +0100] "GET /fancy-elastic-bracelet-buddha-p-43733.html HTTP/1.0" 200 73273 "-" "Mozilla/5.0 (compatible; BLEXBot/1.0; +http://webmeup-crawler.com/)"
157.90.177.217 - - [02/Dec/2021:04:10:07 +0100] "GET /fancy-elastic-bracelet-buddha-p-43734.html HTTP/1.0" 200 73273 "-" "Mozilla/5.0 (compatible; BLEXBot/1.0; +http://webmeup-crawler.com/)"
157.90.177.217 - - [02/Dec/2021:04:10:13 +0100] "GET /fancy-elastic-bracelet-buddha-p-43735.html HTTP/1.0" 200 73277 "-" "Mozilla/5.0 (compatible; BLEXBot/1.0; +http://webmeup-crawler.com/)"
157.90.177.217 - - [02/Dec/2021:04:10:17 +0100] "GET /fancy-elastic-bracelet-buddha-p-43736.html HTTP/1.0" 200 73273 "-" "Mozilla/5.0 (compatible; BLEXBot/1.0; +http://webmeup-crawler.com/)"
157.90.177.217 - - [02/Dec/2021:04:10:21 +0100] "GET /fancy-elastic-bracelet-buddha-p-43737.html HTTP/1.0" 200 73273 "-" "Mozilla/5.0 (compatible; BLEXBot/1.0; +http://webmeup-crawler.com/)"
185.191.171.18 - - [02/Dec/2021:04:10:24 +0100] "GET /ceramic-lamp-28-cm-p-52608.html HTTP/1.0" 301 74119 "-" "Mozilla/5.0 (compatible; SemrushBot/7~bl; +http://www.semrush.com/bot.html)"
185.191.171.13 - - [02/Dec/2021:04:10:26 +0100] "GET /ceramic-lamp-p-52608.html HTTP/1.0" 200 74040 "-" "Mozilla/5.0 (compatible; SemrushBot/7~bl; +http://www.semrush.com/bot.html)"
157.90.177.217 - - [02/Dec/2021:04:10:27 +0100] "GET /fancy-elastic-bracelet-buddha-p-43738.html HTTP/1.0" 200 73309 "-" "Mozilla/5.0 (compatible; BLEXBot/1.0; +http://webmeup-crawler.com/)"
157.90.177.217 - - [02/Dec/2021:04:10:36 +0100] "GET /fatima-mobile-hand-with-rusted-metal-bell-p-49506.html HTTP/1.0" 200 73424 "-" "Mozilla/5.0 (compatible; BLEXBot/1.0; +http://webmeup-crawler.com/)"
157.90.177.217 - - [02/Dec/2021:04:10:42 +0100] "GET /favourite-friends-puppy-kids-school-backpack-p-41086.html HTTP/1.0" 200 73549 "-" "Mozilla/5.0 (compatible; BLEXBot/1.0; +http://webmeup-crawler.com/)"
185.191.171.23 - - [02/Dec/2021:04:10:45 +0100] "GET /frames-flags-decorative-paintings-c-13_148.html?page=6 HTTP/1.0" 200 95755 "-" "Mozilla/5.0 (compatible; SemrushBot/7~bl; +http://www.semrush.com/bot.html)"
157.90.177.217 - - [02/Dec/2021:04:10:50 +0100] "GET /favourite-friends-puppy-kids-school-backpack-p-49050.html HTTP/1.0" 200 74201 "-" "Mozilla/5.0 (compatible; BLEXBot/1.0; +http://webmeup-crawler.com/)"
66.249.68.40 - - [02/Dec/2021:04:10:53 +0100] "GET /jane-avril-toulouse-lautrec-the-melinite-statue-collection-17-cm-p-48784.html HTTP/1.0" 301 74428 "-" "Mozilla/5.0 (Linux; Android 6.0.1; Nexus 5X Build/MMB29P) AppleWebKit/537.36 (KHTML, like Gecko) Chrome/96.0.4664.45 Mobile Safari/537.36 (compatible; Googlebot/2.1; +http://www.google.com/bot.html)"
66.249.68.40 - - [02/Dec/2021:04:10:55 +0100] "GET /jane-avril-toulouse-lautrec-melinite-statue-collection-p-48784.html HTTP/1.0" 200 74307 "-" "Mozilla/5.0 (Linux; Android 6.0.1; Nexus 5X Build/MMB29P) AppleWebKit/537.36 (KHTML, like Gecko) Chrome/96.0.4664.45 Mobile Safari/537.36 (compatible; Googlebot/2.1; +http://www.google.com/bot.html)"
157.90.177.217 - - [02/Dec/2021:04:10:57 +0100] "GET /fdration-franaise-football-backpack-p-52061.html HTTP/1.0" 200 74288 "-" "Mozilla/5.0 (compatible; BLEXBot/1.0; +http://webmeup-crawler.com/)"
157.90.177.217 - - [02/Dec/2021:04:11:04 +0100] "GET /feathers-catch-dreams-cups-espresso-p-37860.html HTTP/1.0" 200 73387 "-" "Mozilla/5.0 (compatible; BLEXBot/1.0; +http://webmeup-crawler.com/)"
157.90.177.217 - - [02/Dec/2021:04:11:11 +0100] "GET /feathers-chime-bells-p-42076.html HTTP/1.0" 200 73928 "-" "Mozilla/5.0 (compatible; BLEXBot/1.0; +http://webmeup-crawler.com/)"
157.90.177.217 - - [02/Dec/2021:04:11:17 +0100] "GET /feng-shui-chakra-gemstone-spheres-p-53739.html HTTP/1.0" 200 74051 "-" "Mozilla/5.0 (compatible; BLEXBot/1.0; +http://webmeup-crawler.com/)"
157.90.177.217 - - [02/Dec/2021:04:11:22 +0100] "GET /feria-metal-plate-deco-p-42112.html HTTP/1.0" 200 73242 "-" "Mozilla/5.0 (compatible; BLEXBot/1.0; +http://webmeup-crawler.com/)"
185.191.171.25 - - [02/Dec/2021:04:11:24 +0100] "GET /paperweight-c-129_188.html HTTP/1.0" 200 90940 "-" "Mozilla/5.0 (compatible; SemrushBot/7~bl; +http://www.semrush.com/bot.html)"
34.133.121.19 - - [02/Dec/2021:04:11:31 +0100] "GET / HTTP/1.0" 301 511 "-" "Mozilla/5.0 (X11; Linux x86_64) AppleWebKit/537.36 (KHTML, like Gecko) Chrome/98.0.4742.0 Safari/537.36"
157.90.177.217 - - [02/Dec/2021:04:11:30 +0100] "GET /fiat-black-protective-case-iphone-p-13027.html HTTP/1.0" 200 73541 "-" "Mozilla/5.0 (compatible; BLEXBot/1.0; +http://webmeup-crawler.com/)"
34.133.121.19 - - [02/Dec/2021:04:11:35 +0100] "GET /templates/Pixame_v1/stylesheet.css HTTP/1.0" 200 267 "http://www.wonder-geek.com/" "Mozilla/5.0 (X11; Linux x86_64) AppleWebKit/537.36 (KHTML, like Gecko) Chrome/98.0.4742.0 Safari/537.36"
34.133.121.19 - - [02/Dec/2021:04:11:35 +0100] "GET /highslide/highslide.js HTTP/1.0" 200 262 "http://www.wonder-geek.com/" "Mozilla/5.0 (X11; Linux x86_64) AppleWebKit/537.36 (KHTML, like Gecko) Chrome/98.0.4742.0 Safari/537.36"
34.133.121.19 - - [02/Dec/2021:04:11:35 +0100] "GET /js/jquery.js HTTP/1.0" 200 252 "http://www.wonder-geek.com/" "Mozilla/5.0 (X11; Linux x86_64) AppleWebKit/537.36 (KHTML, like Gecko) Chrome/98.0.4742.0 Safari/537.36"
34.133.121.19 - - [02/Dec/2021:04:11:35 +0100] "GET /js/jquery.jqzoom.js HTTP/1.0" 200 259 "http://www.wonder-geek.com/" "Mozilla/5.0 (X11; Linux x86_64) AppleWebKit/537.36 (KHTML, like Gecko) Chrome/98.0.4742.0 Safari/537.36"
34.133.121.19 - - [02/Dec/2021:04:11:35 +0100] "GET /mondial_relay/js/jquery-1.3.2.min.js HTTP/1.0" 200 276 "http://www.wonder-geek.com/" "Mozilla/5.0 (X11; Linux x86_64) AppleWebKit/537.36 (KHTML, like Gecko) Chrome/98.0.4742.0 Safari/537.36"
34.133.121.19 - - [02/Dec/2021:04:11:31 +0100] "GET / HTTP/1.0" 200 151603 "-" "Mozilla/5.0 (X11; Linux x86_64) AppleWebKit/537.36 (KHTML, like Gecko) Chrome/98.0.4742.0 Safari/537.36"
34.133.121.19 - - [02/Dec/2021:04:11:36 +0100] "GET /swfobject.js HTTP/1.0" 404 1308 "http://www.wonder-geek.com/" "Mozilla/5.0 (X11; Linux x86_64) AppleWebKit/537.36 (KHTML, like Gecko) Chrome/98.0.4742.0 Safari/537.36"
34.133.121.19 - - [02/Dec/2021:04:11:36 +0100] "GET /js/jquery.min.js HTTP/1.0" 404 1308 "http://www.wonder-geek.com/" "Mozilla/5.0 (X11; Linux x86_64) AppleWebKit/537.36 (KHTML, like Gecko) Chrome/98.0.4742.0 Safari/537.36"
34.133.121.19 - - [02/Dec/2021:04:11:36 +0100] "GET /js/jquery.masonry.min.js HTTP/1.0" 200 264 "http://www.wonder-geek.com/" "Mozilla/5.0 (X11; Linux x86_64) AppleWebKit/537.36 (KHTML, like Gecko) Chrome/98.0.4742.0 Safari/537.36"
5.2.70.192 - - [02/Dec/2021:04:11:36 +0100] "POST /contact_us.php?action=send HTTP/1.0" 200 26711 "http://www.wonder-geek.com/contact_us.php" "Mozilla/5.0 (Windows NT 10.0; Win64; x64) AppleWebKit/537.36 (KHTML, like Gecko) Chrome/90.0.4430.85 Safari/537.36"
34.133.121.19 - - [02/Dec/2021:04:11:36 +0100] "GET /js/modernizr-transitions.js HTTP/1.0" 200 267 "http://www.wonder-geek.com/" "Mozilla/5.0 (X11; Linux x86_64) AppleWebKit/537.36 (KHTML, like Gecko) Chrome/98.0.4742.0 Safari/537.36"
34.133.121.19 - - [02/Dec/2021:04:11:37 +0100] "GET /swfobject.js HTTP/1.0" 404 1308 "http://www.wonder-geek.com/" "Mozilla/5.0 (X11; Linux x86_64) AppleWebKit/537.36 (KHTML, like Gecko) Chrome/98.0.4742.0 Safari/537.36"
34.133.121.19 - - [02/Dec/2021:04:11:37 +0100] "GET /templates/Pixame_v1/images/icon_accueil2.png HTTP/1.0" 200 278 "http://www.wonder-geek.com/" "Mozilla/5.0 (X11; Linux x86_64) AppleWebKit/537.36 (KHTML, like Gecko) Chrome/98.0.4742.0 Safari/537.36"
34.133.121.19 - - [02/Dec/2021:04:11:37 +0100] "GET /templates/Pixame_v1/images/infobox/pixel_trans.gif HTTP/1.0" 200 328 "http://www.wonder-geek.com/" "Mozilla/5.0 (X11; Linux x86_64) AppleWebKit/537.36 (KHTML, like Gecko) Chrome/98.0.4742.0 Safari/537.36"
185.191.171.7 - - [02/Dec/2021:04:11:35 +0100] "GET /minions-poster-p-30889.html HTTP/1.0" 200 70674 "-" "Mozilla/5.0 (compatible; SemrushBot/7~bl; +http://www.semrush.com/bot.html)"
34.133.121.19 - - [02/Dec/2021:04:11:38 +0100] "GET /templates/Pixame_v1/images/Bottom_texture.jpg HTTP/1.0" 200 280 "http://www.wonder-geek.com/templates/Pixame_v1/stylesheet.css" "Mozilla/5.0 (X11; Linux x86_64) AppleWebKit/537.36 (KHTML, like Gecko) Chrome/98.0.4742.0 Safari/537.36"
34.133.121.19 - - [02/Dec/2021:04:11:38 +0100] "GET /templates/Pixame_v1/images/Middle_texture.jpg HTTP/1.0" 200 280 "http://www.wonder-geek.com/templates/Pixame_v1/stylesheet.css" "Mozilla/5.0 (X11; Linux x86_64) AppleWebKit/537.36 (KHTML, like Gecko) Chrome/98.0.4742.0 Safari/537.36"
34.133.121.19 - - [02/Dec/2021:04:11:39 +0100] "GET /templates/Pixame_v1/images/header.png HTTP/1.0" 200 271 "http://www.wonder-geek.com/templates/Pixame_v1/stylesheet.css" "Mozilla/5.0 (X11; Linux x86_64) AppleWebKit/537.36 (KHTML, like Gecko) Chrome/98.0.4742.0 Safari/537.36"
157.90.177.217 - - [02/Dec/2021:04:11:37 +0100] "GET /fiat-black-protective-case-iphone-p-13031.html HTTP/1.0" 200 73541 "-" "Mozilla/5.0 (compatible; BLEXBot/1.0; +http://webmeup-crawler.com/)"
34.133.121.19 - - [02/Dec/2021:04:11:39 +0100] "GET /templates/Pixame_v1/images/header-object.png HTTP/1.0" 200 278 "http://www.wonder-geek.com/templates/Pixame_v1/stylesheet.css" "Mozilla/5.0 (X11; Linux x86_64) AppleWebKit/537.36 (KHTML, like Gecko) Chrome/98.0.4742.0 Safari/537.36"
34.133.121.19 - - [02/Dec/2021:04:11:41 +0100] "GET /templates/Pixame_v1/images/nav.png HTTP/1.0" 200 268 "http://www.wonder-geek.com/templates/Pixame_v1/stylesheet.css" "Mozilla/5.0 (X11; Linux x86_64) AppleWebKit/537.36 (KHTML, like Gecko) Chrome/98.0.4742.0 Safari/537.36"
185.191.171.33 - - [02/Dec/2021:04:11:39 +0100] "GET /resin-statuette-the-chinese-with-the-umbrella-p-42954.html HTTP/1.0" 301 70680 "-" "Mozilla/5.0 (compatible; SemrushBot/7~bl; +http://www.semrush.com/bot.html)"
34.133.121.19 - - [02/Dec/2021:04:11:41 +0100] "GET /design/productsenstock.png HTTP/1.0" 200 260 "http://www.wonder-geek.com/templates/Pixame_v1/stylesheet.css" "Mozilla/5.0 (X11; Linux x86_64) AppleWebKit/537.36 (KHTML, like Gecko) Chrome/98.0.4742.0 Safari/537.36"
34.133.121.19 - - [02/Dec/2021:04:11:41 +0100] "GET /templates/Pixame_v1/images/infobox/infobox_footer_middle.gif HTTP/1.0" 200 357 "http://www.wonder-geek.com/" "Mozilla/5.0 (X11; Linux x86_64) AppleWebKit/537.36 (KHTML, like Gecko) Chrome/98.0.4742.0 Safari/537.36"
34.133.121.19 - - [02/Dec/2021:04:11:41 +0100] "GET /images/pixel_trans.gif HTTP/1.0" 200 328 "http://www.wonder-geek.com/" "Mozilla/5.0 (X11; Linux x86_64) AppleWebKit/537.36 (KHTML, like Gecko) Chrome/98.0.4742.0 Safari/537.36"
34.133.121.19 - - [02/Dec/2021:04:11:41 +0100] "GET /templates/Pixame_v1/images/pixel_trans.gif HTTP/1.0" 200 328 "http://www.wonder-geek.com/" "Mozilla/5.0 (X11; Linux x86_64) AppleWebKit/537.36 (KHTML, like Gecko) Chrome/98.0.4742.0 Safari/537.36"
34.133.121.19 - - [02/Dec/2021:04:11:41 +0100] "GET /js/jquery.min.js HTTP/1.0" 404 1308 "http://www.wonder-geek.com/" "Mozilla/5.0 (X11; Linux x86_64) AppleWebKit/537.36 (KHTML, like Gecko) Chrome/98.0.4742.0 Safari/537.36"
34.133.121.19 - - [02/Dec/2021:04:11:41 +0100] "GET /images/mini_prod/4250255840456.jpg HTTP/1.0" 200 269 "http://www.wonder-geek.com/" "Mozilla/5.0 (X11; Linux x86_64) AppleWebKit/537.36 (KHTML, like Gecko) Chrome/98.0.4742.0 Safari/537.36"
34.133.121.19 - - [02/Dec/2021:04:11:41 +0100] "GET /images/mini_prod/3701206600106.jpg HTTP/1.0" 200 269 "http://www.wonder-geek.com/" "Mozilla/5.0 (X11; Linux x86_64) AppleWebKit/537.36 (KHTML, like Gecko) Chrome/98.0.4742.0 Safari/537.36"
34.133.121.19 - - [02/Dec/2021:04:11:41 +0100] "GET /images/mini_prod/8433933226353.jpg HTTP/1.0" 200 269 "http://www.wonder-geek.com/" "Mozilla/5.0 (X11; Linux x86_64) AppleWebKit/537.36 (KHTML, like Gecko) Chrome/98.0.4742.0 Safari/537.36"
34.133.121.19 - - [02/Dec/2021:04:11:42 +0100] "GET /images/mini_prod/8433933239247.jpg HTTP/1.0" 200 269 "http://www.wonder-geek.com/" "Mozilla/5.0 (X11; Linux x86_64) AppleWebKit/537.36 (KHTML, like Gecko) Chrome/98.0.4742.0 Safari/537.36"
34.133.121.19 - - [02/Dec/2021:04:11:42 +0100] "GET /images/mini_prod/3700344927137.jpg HTTP/1.0" 200 269 "http://www.wonder-geek.com/" "Mozilla/5.0 (X11; Linux x86_64) AppleWebKit/537.36 (KHTML, like Gecko) Chrome/98.0.4742.0 Safari/537.36"
34.133.121.19 - - [02/Dec/2021:04:11:42 +0100] "GET /images/mini_prod/3520071825588.jpg HTTP/1.0" 200 269 "http://www.wonder-geek.com/" "Mozilla/5.0 (X11; Linux x86_64) AppleWebKit/537.36 (KHTML, like Gecko) Chrome/98.0.4742.0 Safari/537.36"
185.191.171.24 - - [02/Dec/2021:04:11:43 +0100] "GET /-p-42954.html HTTP/1.0" 200 70613 "-" "Mozilla/5.0 (compatible; SemrushBot/7~bl; +http://www.semrush.com/bot.html)"
157.90.177.217 - - [02/Dec/2021:04:11:46 +0100] "GET /fiat-clock-p-29050.html HTTP/1.0" 200 73233 "-" "Mozilla/5.0 (compatible; BLEXBot/1.0; +http://webmeup-crawler.com/)"
157.90.177.217 - - [02/Dec/2021:04:11:52 +0100] "GET /fiat-gran-premio-metal-plate-postcard-p-15608.html HTTP/1.0" 200 73462 "-" "Mozilla/5.0 (compatible; BLEXBot/1.0; +http://webmeup-crawler.com/)"
66.249.68.38 - - [02/Dec/2021:04:11:54 +0100] "GET /images/big_prod_2/1341689117986C.jpg HTTP/1.0" 200 271 "-" "Googlebot-Image/1.0"
185.191.171.13 - - [02/Dec/2021:04:11:55 +0100] "GET /round-trays-c-12_159_263.html HTTP/1.0" 200 90911 "-" "Mozilla/5.0 (compatible; SemrushBot/7~bl; +http://www.semrush.com/bot.html)"
157.90.177.217 - - [02/Dec/2021:04:11:56 +0100] "GET /fiat-multifunction-knife-torch-p-23061.html HTTP/1.0" 200 73543 "-" "Mozilla/5.0 (compatible; BLEXBot/1.0; +http://webmeup-crawler.com/)"
157.90.177.217 - - [02/Dec/2021:04:12:04 +0100] "GET /fiat-protective-case-iphone-p-12609.html HTTP/1.0" 200 73493 "-" "Mozilla/5.0 (compatible; BLEXBot/1.0; +http://webmeup-crawler.com/)"
157.90.177.217 - - [02/Dec/2021:04:12:10 +0100] "GET /fiat-protective-case-iphone-p-13029.html HTTP/1.0" 200 73519 "-" "Mozilla/5.0 (compatible; BLEXBot/1.0; +http://webmeup-crawler.com/)"
157.90.177.217 - - [02/Dec/2021:04:12:17 +0100] "GET /fiat-yellow-clock-p-29047.html HTTP/1.0" 200 73265 "-" "Mozilla/5.0 (compatible; BLEXBot/1.0; +http://webmeup-crawler.com/)"
157.90.177.217 - - [02/Dec/2021:04:12:22 +0100] "GET /figc-beige-shopping-p-48843.html HTTP/1.0" 200 73486 "-" "Mozilla/5.0 (compatible; BLEXBot/1.0; +http://webmeup-crawler.com/)"
157.90.177.217 - - [02/Dec/2021:04:12:26 +0100] "GET /figc-blue-shopping-p-26006.html HTTP/1.0" 200 73483 "-" "Mozilla/5.0 (compatible; BLEXBot/1.0; +http://webmeup-crawler.com/)"
165.154.72.231 - - [02/Dec/2021:04:12:34 +0100] "GET /images/mini_prod/3700653501219.jpg HTTP/1.0" 200 269 "-" "Mozilla/5.0 (X11; Ubuntu; Linux x86_64; rv:72.0) Gecko/20100101 Firefox/72.0"
157.90.177.217 - - [02/Dec/2021:04:12:36 +0100] "GET /figure-sonny-angel-halloween-2021-series-p-56922.html HTTP/1.0" 200 74198 "-" "Mozilla/5.0 (compatible; BLEXBot/1.0; +http://webmeup-crawler.com/)"
185.191.171.38 - - [02/Dec/2021:04:12:39 +0100] "GET /disney-princess-miniature-character-with-accessories-p-38130.html HTTP/1.0" 301 70680 "-" "Mozilla/5.0 (compatible; SemrushBot/7~bl; +http://www.semrush.com/bot.html)"
51.68.224.127 - - [02/Dec/2021:04:12:40 +0100] "GET /adminweb/export_orders_xml.php?token=256de2z6edz6ed2z6DFSFsed2zed6zeDSFDSGdzedezfzf&maxorders=10&orderstart=1&status=14&start_date=2018-10-01 HTTP/1.0" 200 285 "-" "GesCom CharlotteBoutik Serveur"
51.68.224.127 - - [02/Dec/2021:04:12:41 +0100] "GET /adminweb/export_orders_xml.php?token=256de2z6edz6ed2z6DFSFsed2zed6zeDSFDSGdzedezfzf&maxorders=10&orderstart=1&status=6&start_date=2018-10-01 HTTP/1.0" 200 32471 "-" "GesCom CharlotteBoutik Serveur"
185.191.171.11 - - [02/Dec/2021:04:12:42 +0100] "GET /-p-38130.html HTTP/1.0" 200 70613 "-" "Mozilla/5.0 (compatible; SemrushBot/7~bl; +http://www.semrush.com/bot.html)"
157.90.177.217 - - [02/Dec/2021:04:12:42 +0100] "GET /figures-c-4_15.html?page=1 HTTP/1.0" 200 91743 "-" "Mozilla/5.0 (compatible; BLEXBot/1.0; +http://webmeup-crawler.com/)"
157.90.177.217 - - [02/Dec/2021:04:12:49 +0100] "GET /figurine-cage-p-45756.html HTTP/1.0" 200 73315 "-" "Mozilla/5.0 (compatible; BLEXBot/1.0; +http://webmeup-crawler.com/)"
157.90.177.217 - - [02/Dec/2021:04:12:53 +0100] "GET /figurine-decorative-p-34553.html HTTP/1.0" 200 73311 "-" "Mozilla/5.0 (compatible; BLEXBot/1.0; +http://webmeup-crawler.com/)"
157.90.177.217 - - [02/Dec/2021:04:13:00 +0100] "GET /figurine-decorative-p-34554.html HTTP/1.0" 200 73311 "-" "Mozilla/5.0 (compatible; BLEXBot/1.0; +http://webmeup-crawler.com/)"
157.90.177.217 - - [02/Dec/2021:04:13:07 +0100] "GET /figurine-decorative-p-54831.html HTTP/1.0" 200 73264 "-" "Mozilla/5.0 (compatible; BLEXBot/1.0; +http://webmeup-crawler.com/)"
129.206.106.110 - - [02/Dec/2021:04:13:15 +0100] "GET /images/mini_prod/1384010202913.jpg HTTP/1.0" 200 269 "-" "Mozilla/5.0 (X11; Ubuntu; Linux x86_64; rv:72.0) Gecko/20100101 Firefox/72.0"
157.90.177.217 - - [02/Dec/2021:04:13:15 +0100] "GET /figurine-frog-water-lily-aged-effect-p-45641.html HTTP/1.0" 200 73414 "-" "Mozilla/5.0 (compatible; BLEXBot/1.0; +http://webmeup-crawler.com/)"
157.90.177.217 - - [02/Dec/2021:04:13:19 +0100] "GET /figurine-resin-parrot-p-49706.html HTTP/1.0" 200 73330 "-" "Mozilla/5.0 (compatible; BLEXBot/1.0; +http://webmeup-crawler.com/)"
157.90.177.217 - - [02/Dec/2021:04:13:25 +0100] "GET /figurine-skull-army-resin-p-42905.html HTTP/1.0" 200 73308 "-" "Mozilla/5.0 (compatible; BLEXBot/1.0; +http://webmeup-crawler.com/)"
185.191.171.15 - - [02/Dec/2021:04:13:30 +0100] "GET /christmas-tree-decoration-hanging-p-49633.html HTTP/1.0" 301 70680 "-" "Mozilla/5.0 (compatible; SemrushBot/7~bl; +http://www.semrush.com/bot.html)"
157.90.177.217 - - [02/Dec/2021:04:13:30 +0100] "GET /figurine-sonny-angel-christmas-2021-series-p-56923.html HTTP/1.0" 200 74448 "-" "Mozilla/5.0 (compatible; BLEXBot/1.0; +http://webmeup-crawler.com/)"
185.191.171.1 - - [02/Dec/2021:04:13:34 +0100] "GET /-p-49633.html HTTP/1.0" 200 70613 "-" "Mozilla/5.0 (compatible; SemrushBot/7~bl; +http://www.semrush.com/bot.html)"
157.90.177.217 - - [02/Dec/2021:04:13:37 +0100] "GET /finding-dory-small-backpack-p-36297.html HTTP/1.0" 200 74203 "-" "Mozilla/5.0 (compatible; BLEXBot/1.0; +http://webmeup-crawler.com/)"
157.90.177.217 - - [02/Dec/2021:04:13:42 +0100] "GET /fine-porcelain-saucer-p-55477.html HTTP/1.0" 200 73529 "-" "Mozilla/5.0 (compatible; BLEXBot/1.0; +http://webmeup-crawler.com/)"
157.90.177.217 - - [02/Dec/2021:04:13:47 +0100] "GET /finlande-clock-cbkreation-p-36918.html HTTP/1.0" 200 73273 "-" "Mozilla/5.0 (compatible; BLEXBot/1.0; +http://webmeup-crawler.com/)"
66.249.68.38 - - [02/Dec/2021:04:13:50 +0100] "GET /industrial-retro-clock-in-aged-metal-185-85-435-cm-p-48587.html HTTP/1.0" 301 74361 "-" "Mozilla/5.0 (compatible; Googlebot/2.1; +http://www.google.com/bot.html)"
157.90.177.217 - - [02/Dec/2021:04:13:51 +0100] "GET /fired-ceramic-oven-dish-other-p-45707.html HTTP/1.0" 200 73370 "-" "Mozilla/5.0 (compatible; BLEXBot/1.0; +http://webmeup-crawler.com/)"
66.249.68.42 - - [02/Dec/2021:04:13:52 +0100] "GET /industrial-retro-clock-aged-metal-p-48587.html HTTP/1.0" 200 74261 "-" "Mozilla/5.0 (compatible; Googlebot/2.1; +http://www.google.com/bot.html)"
216.244.66.242 - - [02/Dec/2021:04:13:56 +0100] "GET /robots.txt HTTP/1.0" 200 245 "-" "Mozilla/5.0 (compatible; DotBot/1.2; +https://opensiteexplorer.org/dotbot; help@moz.com)"
157.90.177.217 - - [02/Dec/2021:04:13:55 +0100] "GET /firefighter-metal-bottle-holder-p-56374.html HTTP/1.0" 200 74007 "-" "Mozilla/5.0 (compatible; BLEXBot/1.0; +http://webmeup-crawler.com/)"
216.244.66.242 - - [02/Dec/2021:04:13:56 +0100] "GET /robots.txt HTTP/1.0" 301 531 "-" "Mozilla/5.0 (compatible; DotBot/1.2; +https://opensiteexplorer.org/dotbot; help@moz.com)"
216.244.66.242 - - [02/Dec/2021:04:13:57 +0100] "GET /robots.txt HTTP/1.0" 200 245 "-" "Mozilla/5.0 (compatible; DotBot/1.2; +https://opensiteexplorer.org/dotbot; help@moz.com)"
157.90.177.217 - - [02/Dec/2021:04:14:02 +0100] "GET /fireflower-metal-capacity-p-52991.html HTTP/1.0" 200 74203 "-" "Mozilla/5.0 (compatible; BLEXBot/1.0; +http://webmeup-crawler.com/)"
185.191.171.20 - - [02/Dec/2021:04:14:08 +0100] "GET /dishes-c-12.html?page=91 HTTP/1.0" 200 92107 "-" "Mozilla/5.0 (compatible; SemrushBot/7~bl; +http://www.semrush.com/bot.html)"
157.90.177.217 - - [02/Dec/2021:04:14:09 +0100] "GET /fireflower-metal-capacity-p-52993.html HTTP/1.0" 200 74203 "-" "Mozilla/5.0 (compatible; BLEXBot/1.0; +http://webmeup-crawler.com/)"
54.36.148.138 - - [02/Dec/2021:04:14:16 +0100] "GET /images/big_prod/8433933181201.jpg HTTP/1.0" 200 268 "-" "Mozilla/5.0 (compatible; AhrefsBot/7.0; +http://ahrefs.com/robot/)"
66.249.68.40 - - [02/Dec/2021:04:14:15 +0100] "GET /live-ride-cbkreation-p-30662.html HTTP/1.0" 200 73304 "-" "Mozilla/5.0 (Linux; Android 6.0.1; Nexus 5X Build/MMB29P) AppleWebKit/537.36 (KHTML, like Gecko) Chrome/96.0.4664.45 Mobile Safari/537.36 (compatible; Googlebot/2.1; +http://www.google.com/bot.html)"
157.90.177.217 - - [02/Dec/2021:04:14:15 +0100] "GET /fireplace-bottle-holder-fire-hydrant-metal-p-45755.html HTTP/1.0" 200 73441 "-" "Mozilla/5.0 (compatible; BLEXBot/1.0; +http://webmeup-crawler.com/)"
185.191.171.15 - - [02/Dec/2021:04:14:19 +0100] "GET /porcelain-owls-lamp-p-52290.html HTTP/1.0" 200 70695 "-" "Mozilla/5.0 (compatible; SemrushBot/7~bl; +http://www.semrush.com/bot.html)"
182.34.61.116 - - [02/Dec/2021:04:14:20 +0100] "GET /contact_us.php HTTP/1.0" 200 26241 "http://www.wonder-geek.com/contact_us.php" "Mozilla/5.0 (Windows NT 10.0; ) AppleWebKit/537.36 (KHTML, like Gecko) Chrome/83.0.4103.34 Safari/537.36 Edg/83.0.478.25"
157.90.177.217 - - [02/Dec/2021:04:14:25 +0100] "GET /robots.txt HTTP/1.0" 301 531 "-" "Mozilla/5.0 (compatible; BLEXBot/1.0; +http://webmeup-crawler.com/)"
157.90.177.217 - - [02/Dec/2021:04:14:25 +0100] "GET /robots.txt HTTP/1.0" 200 245 "-" "Mozilla/5.0 (compatible; BLEXBot/1.0; +http://webmeup-crawler.com/)"
157.90.177.217 - - [02/Dec/2021:04:14:25 +0100] "GET /fisherman-metal-bottle-holder-p-56373.html HTTP/1.0" 200 74067 "-" "Mozilla/5.0 (compatible; BLEXBot/1.0; +http://webmeup-crawler.com/)"
157.90.177.217 - - [02/Dec/2021:04:14:32 +0100] "GET /fitted-sheet-black-p-24468.html HTTP/1.0" 200 73787 "-" "Mozilla/5.0 (compatible; BLEXBot/1.0; +http://webmeup-crawler.com/)"
157.90.177.217 - - [02/Dec/2021:04:14:37 +0100] "GET /fitted-sheet-blue-p-26402.html HTTP/1.0" 200 73171 "-" "Mozilla/5.0 (compatible; BLEXBot/1.0; +http://webmeup-crawler.com/)"
185.191.171.25 - - [02/Dec/2021:04:14:41 +0100] "GET /salamander-wall-decoration-p-48633.html?action=add_product HTTP/1.0" 302 476 "-" "Mozilla/5.0 (compatible; SemrushBot/7~bl; +http://www.semrush.com/bot.html)"
185.191.171.13 - - [02/Dec/2021:04:14:43 +0100] "GET /bowl-with-ridged-patterns-porcelain-p-56189.html?action=add_product HTTP/1.0" 302 476 "-" "Mozilla/5.0 (compatible; SemrushBot/7~bl; +http://www.semrush.com/bot.html)"
157.90.177.217 - - [02/Dec/2021:04:14:43 +0100] "GET /fitted-sheet-c-11_193.html?page=1 HTTP/1.0" 200 91213 "-" "Mozilla/5.0 (compatible; BLEXBot/1.0; +http://webmeup-crawler.com/)"
185.191.171.18 - - [02/Dec/2021:04:14:44 +0100] "GET /hello-kitty-face-personal-diary-p-16391.html HTTP/1.0" 200 75786 "-" "Mozilla/5.0 (compatible; SemrushBot/7~bl; +http://www.semrush.com/bot.html)"
157.90.177.217 - - [02/Dec/2021:04:14:50 +0100] "GET /fitted-sheet-chantilly-p-43595.html HTTP/1.0" 200 73284 "-" "Mozilla/5.0 (compatible; BLEXBot/1.0; +http://webmeup-crawler.com/)"
157.90.177.217 - - [02/Dec/2021:04:14:57 +0100] "GET /fitted-sheet-color-black-p-38886.html HTTP/1.0" 200 73997 "-" "Mozilla/5.0 (compatible; BLEXBot/1.0; +http://webmeup-crawler.com/)"
157.90.177.217 - - [02/Dec/2021:04:15:03 +0100] "GET /fitted-sheet-color-dark-grey-p-38890.html HTTP/1.0" 200 73396 "-" "Mozilla/5.0 (compatible; BLEXBot/1.0; +http://webmeup-crawler.com/)"
157.90.177.217 - - [02/Dec/2021:04:15:08 +0100] "GET /fitted-sheet-color-light-brown-p-38888.html HTTP/1.0" 200 73406 "-" "Mozilla/5.0 (compatible; BLEXBot/1.0; +http://webmeup-crawler.com/)"
207.46.13.202 - - [02/Dec/2021:04:15:08 +0100] "GET /-p-34394.html HTTP/1.0" 200 70613 "-" "Mozilla/5.0 (compatible; bingbot/2.0; +http://www.bing.com/bingbot.htm)"
20.109.130.196 - - [02/Dec/2021:04:15:11 +0100] "GET /images/big_prod_3/5404006040780d.jpg HTTP/1.0" 200 271 "-" "Mozilla/5.0 (Windows NT 10.0; WOW64) AppleWebKit/537.36 (KHTML, like Gecko) Chrome/64.0.3282.186 Safari/537.36"
157.90.177.217 - - [02/Dec/2021:04:15:13 +0100] "GET /fitted-sheet-color-light-brown-p-39690.html HTTP/1.0" 200 73450 "-" "Mozilla/5.0 (compatible; BLEXBot/1.0; +http://webmeup-crawler.com/)"
157.90.177.217 - - [02/Dec/2021:04:15:20 +0100] "GET /fitted-sheet-color-light-grey-p-38883.html HTTP/1.0" 200 73391 "-" "Mozilla/5.0 (compatible; BLEXBot/1.0; +http://webmeup-crawler.com/)"
185.191.171.16 - - [02/Dec/2021:04:15:25 +0100] "GET /gorjuss-collection-wallet-time-to-fly-p-40499.html HTTP/1.0" 301 70836 "-" "Mozilla/5.0 (compatible; SemrushBot/7~bl; +http://www.semrush.com/bot.html)"
157.90.177.217 - - [02/Dec/2021:04:15:27 +0100] "GET /fitted-sheet-color-light-grey-p-38889.html HTTP/1.0" 200 73401 "-" "Mozilla/5.0 (compatible; BLEXBot/1.0; +http://webmeup-crawler.com/)"
185.191.171.25 - - [02/Dec/2021:04:15:28 +0100] "GET /gorjuss-collection-wallet-time-p-40499.html HTTP/1.0" 200 70739 "-" "Mozilla/5.0 (compatible; SemrushBot/7~bl; +http://www.semrush.com/bot.html)"
157.90.177.217 - - [02/Dec/2021:04:15:34 +0100] "GET /fitted-sheet-color-p-38881.html HTTP/1.0" 200 73348 "-" "Mozilla/5.0 (compatible; BLEXBot/1.0; +http://webmeup-crawler.com/)"
157.90.177.217 - - [02/Dec/2021:04:15:42 +0100] "GET /fitted-sheet-color-p-38884.html HTTP/1.0" 200 73348 "-" "Mozilla/5.0 (compatible; BLEXBot/1.0; +http://webmeup-crawler.com/)"
157.90.177.217 - - [02/Dec/2021:04:15:47 +0100] "GET /fitted-sheet-color-pink-p-38885.html HTTP/1.0" 200 73361 "-" "Mozilla/5.0 (compatible; BLEXBot/1.0; +http://webmeup-crawler.com/)"
157.90.177.217 - - [02/Dec/2021:04:15:53 +0100] "GET /fitted-sheet-color-white-p-38880.html HTTP/1.0" 200 73366 "-" "Mozilla/5.0 (compatible; BLEXBot/1.0; +http://webmeup-crawler.com/)"
92.220.10.100 - - [02/Dec/2021:04:15:57 +0100] "GET /robots.txt HTTP/1.0" 200 245 "-" "Mozilla/5.0 (compatible; MJ12bot/v1.4.8; http://mj12bot.com/)"
92.220.10.100 - - [02/Dec/2021:04:15:59 +0100] "GET /-c-146.html HTTP/1.0" 200 69300 "-" "Mozilla/5.0 (compatible; MJ12bot/v1.4.8; http://mj12bot.com/)"
157.90.177.217 - - [02/Dec/2021:04:15:59 +0100] "GET /fitted-sheet-color-white-p-38887.html HTTP/1.0" 200 73376 "-" "Mozilla/5.0 (compatible; BLEXBot/1.0; +http://webmeup-crawler.com/)"
92.220.10.100 - - [02/Dec/2021:04:16:01 +0100] "GET /-c-95.html?page=1 HTTP/1.0" 200 69399 "-" "Mozilla/5.0 (compatible; MJ12bot/v1.4.8; http://mj12bot.com/)"
92.220.10.100 - - [02/Dec/2021:04:16:05 +0100] "GET /-c-95.html?page=10 HTTP/1.0" 200 69400 "-" "Mozilla/5.0 (compatible; MJ12bot/v1.4.8; http://mj12bot.com/)"
157.90.177.217 - - [02/Dec/2021:04:16:06 +0100] "GET /fitted-sheet-cotton-percale-threads-p-43828.html HTTP/1.0" 200 73573 "-" "Mozilla/5.0 (compatible; BLEXBot/1.0; +http://webmeup-crawler.com/)"
92.220.10.100 - - [02/Dec/2021:04:16:08 +0100] "GET /-c-95.html?page=11 HTTP/1.0" 200 69400 "-" "Mozilla/5.0 (compatible; MJ12bot/v1.4.8; http://mj12bot.com/)"
92.220.10.100 - - [02/Dec/2021:04:16:12 +0100] "GET /-c-95.html?page=2 HTTP/1.0" 200 69399 "-" "Mozilla/5.0 (compatible; MJ12bot/v1.4.8; http://mj12bot.com/)"
157.90.177.217 - - [02/Dec/2021:04:16:13 +0100] "GET /fitted-sheet-cotton-percale-threads-p-43829.html HTTP/1.0" 200 73573 "-" "Mozilla/5.0 (compatible; BLEXBot/1.0; +http://webmeup-crawler.com/)"
92.220.10.100 - - [02/Dec/2021:04:16:14 +0100] "GET /-c-95.html?page=3 HTTP/1.0" 200 69399 "-" "Mozilla/5.0 (compatible; MJ12bot/v1.4.8; http://mj12bot.com/)"
92.220.10.100 - - [02/Dec/2021:04:16:18 +0100] "GET /-c-95.html?page=4 HTTP/1.0" 200 69399 "-" "Mozilla/5.0 (compatible; MJ12bot/v1.4.8; http://mj12bot.com/)"
92.220.10.100 - - [02/Dec/2021:04:16:21 +0100] "GET /-c-95.html?page=5 HTTP/1.0" 200 69399 "-" "Mozilla/5.0 (compatible; MJ12bot/v1.4.8; http://mj12bot.com/)"
157.55.39.125 - - [02/Dec/2021:04:16:22 +0100] "GET /kids-school-c-31_80.html HTTP/1.0" 200 90701 "-" "Mozilla/5.0 (compatible; bingbot/2.0; +http://www.bing.com/bingbot.htm)"
157.90.177.217 - - [02/Dec/2021:04:16:23 +0100] "GET /fitted-sheet-cotton-percale-threads-p-43831.html HTTP/1.0" 200 73573 "-" "Mozilla/5.0 (compatible; BLEXBot/1.0; +http://webmeup-crawler.com/)"
92.220.10.100 - - [02/Dec/2021:04:16:24 +0100] "GET /-c-95.html?page=6 HTTP/1.0" 200 69399 "-" "Mozilla/5.0 (compatible; MJ12bot/v1.4.8; http://mj12bot.com/)"
92.220.10.100 - - [02/Dec/2021:04:16:28 +0100] "GET /-c-95.html?page=7 HTTP/1.0" 200 69399 "-" "Mozilla/5.0 (compatible; MJ12bot/v1.4.8; http://mj12bot.com/)"
157.90.177.217 - - [02/Dec/2021:04:16:29 +0100] "GET /fitted-sheet-cotton-percale-threads-p-43832.html HTTP/1.0" 200 73573 "-" "Mozilla/5.0 (compatible; BLEXBot/1.0; +http://webmeup-crawler.com/)"
92.220.10.100 - - [02/Dec/2021:04:16:30 +0100] "GET /-c-95.html?page=8 HTTP/1.0" 200 69399 "-" "Mozilla/5.0 (compatible; MJ12bot/v1.4.8; http://mj12bot.com/)"
92.220.10.100 - - [02/Dec/2021:04:16:33 +0100] "GET /-c-95.html?page=9 HTTP/1.0" 200 69399 "-" "Mozilla/5.0 (compatible; MJ12bot/v1.4.8; http://mj12bot.com/)"
157.90.177.217 - - [02/Dec/2021:04:16:35 +0100] "GET /fitted-sheet-cotton-percale-threads-p-43833.html HTTP/1.0" 200 73585 "-" "Mozilla/5.0 (compatible; BLEXBot/1.0; +http://webmeup-crawler.com/)"
92.220.10.100 - - [02/Dec/2021:04:16:36 +0100] "GET /-p-10532.html HTTP/1.0" 200 70613 "-" "Mozilla/5.0 (compatible; MJ12bot/v1.4.8; http://mj12bot.com/)"
92.220.10.100 - - [02/Dec/2021:04:16:39 +0100] "GET /-p-19319.html HTTP/1.0" 200 70613 "-" "Mozilla/5.0 (compatible; MJ12bot/v1.4.8; http://mj12bot.com/)"
92.220.10.100 - - [02/Dec/2021:04:16:41 +0100] "GET /-p-19656.html HTTP/1.0" 200 70613 "-" "Mozilla/5.0 (compatible; MJ12bot/v1.4.8; http://mj12bot.com/)"
157.55.39.223 - - [02/Dec/2021:04:16:44 +0100] "GET /images/8003990631232.jpg HTTP/1.0" 200 259 "-" "Mozilla/5.0 (compatible; bingbot/2.0; +http://www.bing.com/bingbot.htm)"
92.220.10.100 - - [02/Dec/2021:04:16:44 +0100] "GET /-p-22463.html HTTP/1.0" 200 70613 "-" "Mozilla/5.0 (compatible; MJ12bot/v1.4.8; http://mj12bot.com/)"
157.90.177.217 - - [02/Dec/2021:04:16:44 +0100] "GET /fitted-sheet-cotton-percale-threads-p-43834.html HTTP/1.0" 200 73585 "-" "Mozilla/5.0 (compatible; BLEXBot/1.0; +http://webmeup-crawler.com/)"
92.220.10.100 - - [02/Dec/2021:04:16:47 +0100] "GET /-p-29894.html HTTP/1.0" 200 70613 "-" "Mozilla/5.0 (compatible; MJ12bot/v1.4.8; http://mj12bot.com/)"
92.220.10.100 - - [02/Dec/2021:04:16:49 +0100] "GET /-p-33034.html HTTP/1.0" 200 70613 "-" "Mozilla/5.0 (compatible; MJ12bot/v1.4.8; http://mj12bot.com/)"
157.90.177.217 - - [02/Dec/2021:04:16:51 +0100] "GET /fitted-sheet-cotton-percale-threads-p-43835.html HTTP/1.0" 200 73585 "-" "Mozilla/5.0 (compatible; BLEXBot/1.0; +http://webmeup-crawler.com/)"
92.220.10.100 - - [02/Dec/2021:04:16:52 +0100] "GET /-p-35120.html HTTP/1.0" 200 70613 "-" "Mozilla/5.0 (compatible; MJ12bot/v1.4.8; http://mj12bot.com/)"
92.220.10.100 - - [02/Dec/2021:04:16:54 +0100] "GET /-p-36527.html HTTP/1.0" 200 70613 "-" "Mozilla/5.0 (compatible; MJ12bot/v1.4.8; http://mj12bot.com/)"
185.191.171.7 - - [02/Dec/2021:04:16:56 +0100] "GET /tooth-p-56880.html?action=add_product HTTP/1.0" 302 476 "-" "Mozilla/5.0 (compatible; SemrushBot/7~bl; +http://www.semrush.com/bot.html)"
92.220.10.100 - - [02/Dec/2021:04:16:57 +0100] "GET /-p-36548.html HTTP/1.0" 200 70613 "-" "Mozilla/5.0 (compatible; MJ12bot/v1.4.8; http://mj12bot.com/)"
157.90.177.217 - - [02/Dec/2021:04:16:58 +0100] "GET /fitted-sheet-cotton-percale-threads-p-43836.html HTTP/1.0" 200 73585 "-" "Mozilla/5.0 (compatible; BLEXBot/1.0; +http://webmeup-crawler.com/)"
92.220.10.100 - - [02/Dec/2021:04:16:59 +0100] "GET /-p-36812.html HTTP/1.0" 200 70613 "-" "Mozilla/5.0 (compatible; MJ12bot/v1.4.8; http://mj12bot.com/)"
92.220.10.100 - - [02/Dec/2021:04:17:03 +0100] "GET /-p-37828.html HTTP/1.0" 200 70613 "-" "Mozilla/5.0 (compatible; MJ12bot/v1.4.8; http://mj12bot.com/)"
92.220.10.100 - - [02/Dec/2021:04:17:06 +0100] "GET /-p-37878.html HTTP/1.0" 200 70613 "-" "Mozilla/5.0 (compatible; MJ12bot/v1.4.8; http://mj12bot.com/)"
157.90.177.217 - - [02/Dec/2021:04:17:08 +0100] "GET /fitted-sheet-cotton-percale-threads-p-43837.html HTTP/1.0" 200 73585 "-" "Mozilla/5.0 (compatible; BLEXBot/1.0; +http://webmeup-crawler.com/)"
92.220.10.100 - - [02/Dec/2021:04:17:08 +0100] "GET /-p-37971.html HTTP/1.0" 200 70613 "-" "Mozilla/5.0 (compatible; MJ12bot/v1.4.8; http://mj12bot.com/)"
92.220.10.100 - - [02/Dec/2021:04:17:12 +0100] "GET /-p-37973.html HTTP/1.0" 200 70613 "-" "Mozilla/5.0 (compatible; MJ12bot/v1.4.8; http://mj12bot.com/)"
92.220.10.100 - - [02/Dec/2021:04:17:14 +0100] "GET /-p-38295.html HTTP/1.0" 200 70613 "-" "Mozilla/5.0 (compatible; MJ12bot/v1.4.8; http://mj12bot.com/)"
157.90.177.217 - - [02/Dec/2021:04:17:15 +0100] "GET /fitted-sheet-cotton-percale-threads-p-43838.html HTTP/1.0" 200 74257 "-" "Mozilla/5.0 (compatible; BLEXBot/1.0; +http://webmeup-crawler.com/)"
92.220.10.100 - - [02/Dec/2021:04:17:17 +0100] "GET /-p-38296.html HTTP/1.0" 200 70613 "-" "Mozilla/5.0 (compatible; MJ12bot/v1.4.8; http://mj12bot.com/)"
92.220.10.100 - - [02/Dec/2021:04:17:20 +0100] "GET /-p-38305.html HTTP/1.0" 200 70613 "-" "Mozilla/5.0 (compatible; MJ12bot/v1.4.8; http://mj12bot.com/)"
92.220.10.100 - - [02/Dec/2021:04:17:22 +0100] "GET /-p-38309.html HTTP/1.0" 200 70613 "-" "Mozilla/5.0 (compatible; MJ12bot/v1.4.8; http://mj12bot.com/)"
