114.119.128.39 - - [02/Dec/2021:10:42:53 +0100] "GET /animals-alarm-clock-by-cbkreation-p-43812.html HTTP/1.0" 301 73499 "-" "Mozilla/5.0 (Linux; Android 7.0;) AppleWebKit/537.36 (KHTML, like Gecko) Mobile Safari/537.36 (compatible; PetalBot;+https://webmaster.petalsearch.com/site/petalbot)"
114.119.128.39 - - [02/Dec/2021:10:42:56 +0100] "GET /animals-alarm-clock-cbkreation-p-43812.html HTTP/1.0" 200 73402 "-" "Mozilla/5.0 (Linux; Android 7.0;) AppleWebKit/537.36 (KHTML, like Gecko) Mobile Safari/537.36 (compatible; PetalBot;+https://webmaster.petalsearch.com/site/petalbot)"
157.90.177.217 - - [02/Dec/2021:10:42:57 +0100] "GET /spanish-flag-horizontal-p-33647.html HTTP/1.0" 200 73506 "-" "Mozilla/5.0 (compatible; BLEXBot/1.0; +http://webmeup-crawler.com/)"
157.90.177.217 - - [02/Dec/2021:10:43:04 +0100] "GET /spanish-flag-round-clock-cbkreation-p-24415.html HTTP/1.0" 200 73447 "-" "Mozilla/5.0 (compatible; BLEXBot/1.0; +http://webmeup-crawler.com/)"
157.55.39.108 - - [02/Dec/2021:10:43:09 +0100] "GET /images/med_prod/3661977002793.jpg HTTP/1.0" 200 268 "-" "Mozilla/5.0 (compatible; bingbot/2.0; +http://www.bing.com/bingbot.htm)"
157.90.177.217 - - [02/Dec/2021:10:43:10 +0100] "GET /sparrows-blossom-mini-rectangular-tray-p-54910.html HTTP/1.0" 200 73426 "-" "Mozilla/5.0 (compatible; BLEXBot/1.0; +http://webmeup-crawler.com/)"
157.90.177.217 - - [02/Dec/2021:10:43:16 +0100] "GET /spectra-vondergeist-figure-p-22567.html HTTP/1.0" 200 73352 "-" "Mozilla/5.0 (compatible; BLEXBot/1.0; +http://webmeup-crawler.com/)"
157.90.177.217 - - [02/Dec/2021:10:43:22 +0100] "GET /speed-master-glass-clock-p-55081.html HTTP/1.0" 200 73393 "-" "Mozilla/5.0 (compatible; BLEXBot/1.0; +http://webmeup-crawler.com/)"
157.90.177.217 - - [02/Dec/2021:10:43:24 +0100] "GET /spice-furniture-wooden-retro-turnstile-p-45511.html HTTP/1.0" 200 73567 "-" "Mozilla/5.0 (compatible; BLEXBot/1.0; +http://webmeup-crawler.com/)"
157.90.177.217 - - [02/Dec/2021:10:43:29 +0100] "GET /spice-furniture-wooden-turnstile-p-47326.html HTTP/1.0" 200 74158 "-" "Mozilla/5.0 (compatible; BLEXBot/1.0; +http://webmeup-crawler.com/)"
157.90.177.217 - - [02/Dec/2021:10:43:35 +0100] "GET /spiderman-keyring-p-28269.html HTTP/1.0" 200 72891 "-" "Mozilla/5.0 (compatible; BLEXBot/1.0; +http://webmeup-crawler.com/)"
157.90.177.217 - - [02/Dec/2021:10:43:43 +0100] "GET /spiral-structure-jewelry-stand-p-49177.html HTTP/1.0" 200 74113 "-" "Mozilla/5.0 (compatible; BLEXBot/1.0; +http://webmeup-crawler.com/)"
157.90.177.217 - - [02/Dec/2021:10:43:48 +0100] "GET /spirit-christmas-tree-decoration-p-53275.html HTTP/1.0" 200 74311 "-" "Mozilla/5.0 (compatible; BLEXBot/1.0; +http://webmeup-crawler.com/)"
157.90.177.217 - - [02/Dec/2021:10:43:55 +0100] "GET /spirit-christmas-tree-decoration-p-53276.html HTTP/1.0" 200 74311 "-" "Mozilla/5.0 (compatible; BLEXBot/1.0; +http://webmeup-crawler.com/)"
51.68.224.127 - - [02/Dec/2021:10:44:00 +0100] "GET /adminweb/export_orders_xml.php?token=256de2z6edz6ed2z6DFSFsed2zed6zeDSFDSGdzedezfzf&maxorders=10&orderstart=1&status=14&start_date=2018-10-01 HTTP/1.0" 200 285 "-" "GesCom CharlotteBoutik Serveur"
51.68.224.127 - - [02/Dec/2021:10:44:00 +0100] "GET /adminweb/export_orders_xml.php?token=256de2z6edz6ed2z6DFSFsed2zed6zeDSFDSGdzedezfzf&maxorders=10&orderstart=1&status=6&start_date=2018-10-01 HTTP/1.0" 200 32471 "-" "GesCom CharlotteBoutik Serveur"
157.90.177.217 - - [02/Dec/2021:10:44:03 +0100] "GET /sponge-magnetic-clock-p-17280.html HTTP/1.0" 200 73368 "-" "Mozilla/5.0 (compatible; BLEXBot/1.0; +http://webmeup-crawler.com/)"
157.90.177.217 - - [02/Dec/2021:10:44:06 +0100] "GET /spongebob-alarm-clock-p-10333.html HTTP/1.0" 200 73260 "-" "Mozilla/5.0 (compatible; BLEXBot/1.0; +http://webmeup-crawler.com/)"
157.90.177.217 - - [02/Dec/2021:10:44:12 +0100] "GET /spongebob-punk-dead-wall-clock-p-13457.html HTTP/1.0" 200 73389 "-" "Mozilla/5.0 (compatible; BLEXBot/1.0; +http://webmeup-crawler.com/)"
185.191.171.44 - - [02/Dec/2021:10:44:15 +0100] "GET /burner-tree-life-beige-ceramic-p-56895.html?action=add_product HTTP/1.0" 302 476 "-" "Mozilla/5.0 (compatible; SemrushBot/7~bl; +http://www.semrush.com/bot.html)"
185.191.171.11 - - [02/Dec/2021:10:44:16 +0100] "GET /jewelry-holder-mirror-p-55772.html?action=add_product HTTP/1.0" 302 476 "-" "Mozilla/5.0 (compatible; SemrushBot/7~bl; +http://www.semrush.com/bot.html)"
157.90.177.217 - - [02/Dec/2021:10:44:17 +0100] "GET /spongebob-shirt-p-29556.html HTTP/1.0" 200 74336 "-" "Mozilla/5.0 (compatible; BLEXBot/1.0; +http://webmeup-crawler.com/)"
185.191.171.12 - - [02/Dec/2021:10:44:22 +0100] "GET /harley-davidson-large-p-33735.html?action=add_product HTTP/1.0" 302 476 "-" "Mozilla/5.0 (compatible; SemrushBot/7~bl; +http://www.semrush.com/bot.html)"
157.90.177.217 - - [02/Dec/2021:10:44:24 +0100] "GET /spongebob-small-oval-placemat-p-17139.html HTTP/1.0" 200 73513 "-" "Mozilla/5.0 (compatible; BLEXBot/1.0; +http://webmeup-crawler.com/)"
185.191.171.22 - - [02/Dec/2021:10:44:25 +0100] "GET /polyvinyl-messenger-p-48746.html HTTP/1.0" 200 73418 "-" "Mozilla/5.0 (compatible; SemrushBot/7~bl; +http://www.semrush.com/bot.html)"
157.90.177.217 - - [02/Dec/2021:10:44:29 +0100] "GET /spotting-scope-brass-leather-p-47445.html HTTP/1.0" 200 73967 "-" "Mozilla/5.0 (compatible; BLEXBot/1.0; +http://webmeup-crawler.com/)"
66.249.68.38 - - [02/Dec/2021:10:44:32 +0100] "GET /images/big_prod/3612875124704.jpg HTTP/1.0" 200 268 "-" "Googlebot-Image/1.0"
157.90.177.217 - - [02/Dec/2021:10:44:34 +0100] "GET /springy-oven-glove-p-54605.html HTTP/1.0" 200 73258 "-" "Mozilla/5.0 (compatible; BLEXBot/1.0; +http://webmeup-crawler.com/)"
159.138.102.98 - - [02/Dec/2021:10:44:33 +0100] "GET /home-and-decoration-c-13.html?page=172 HTTP/1.0" 301 93549 "-" "Mozilla/5.0 (Linux; Android 7.0;) AppleWebKit/537.36 (KHTML, like Gecko) Mobile Safari/537.36 (compatible; PetalBot;+https://webmaster.petalsearch.com/site/petalbot)"
157.90.177.217 - - [02/Dec/2021:10:44:38 +0100] "GET /square-coasters-cbkreation-p-17730.html HTTP/1.0" 200 73425 "-" "Mozilla/5.0 (compatible; BLEXBot/1.0; +http://webmeup-crawler.com/)"
159.138.102.98 - - [02/Dec/2021:10:44:38 +0100] "GET /home-decoration-c-13.html?page=172 HTTP/1.0" 200 93461 "-" "Mozilla/5.0 (Linux; Android 7.0;) AppleWebKit/537.36 (KHTML, like Gecko) Mobile Safari/537.36 (compatible; PetalBot;+https://webmaster.petalsearch.com/site/petalbot)"
157.90.177.217 - - [02/Dec/2021:10:44:45 +0100] "GET /square-coasters-cupcakes-cbkreation-p-17348.html HTTP/1.0" 200 73510 "-" "Mozilla/5.0 (compatible; BLEXBot/1.0; +http://webmeup-crawler.com/)"
54.36.149.53 - - [02/Dec/2021:10:44:49 +0100] "GET /bottle-shaped-bottle-rack-p-56705.html HTTP/1.0" 200 74033 "-" "Mozilla/5.0 (compatible; AhrefsBot/7.0; +http://ahrefs.com/robot/)"
157.90.177.217 - - [02/Dec/2021:10:44:50 +0100] "GET /square-coasters-cupcakes-cbkreation-p-17368.html HTTP/1.0" 200 73498 "-" "Mozilla/5.0 (compatible; BLEXBot/1.0; +http://webmeup-crawler.com/)"
157.90.177.217 - - [02/Dec/2021:10:44:58 +0100] "GET /square-coasters-houndstooth-russian-doll-cbkreation-p-18425.html HTTP/1.0" 200 73569 "-" "Mozilla/5.0 (compatible; BLEXBot/1.0; +http://webmeup-crawler.com/)"
157.90.177.217 - - [02/Dec/2021:10:45:06 +0100] "GET /square-coasters-liberty-russian-doll-cbkreation-p-18493.html HTTP/1.0" 200 73559 "-" "Mozilla/5.0 (compatible; BLEXBot/1.0; +http://webmeup-crawler.com/)"
185.191.171.20 - - [02/Dec/2021:10:45:07 +0100] "GET /collectible-figurines-and-decorative-c-13_135.html?page=9 HTTP/1.0" 301 96468 "-" "Mozilla/5.0 (compatible; SemrushBot/7~bl; +http://www.semrush.com/bot.html)"
185.191.171.45 - - [02/Dec/2021:10:45:11 +0100] "GET /collectible-figurines-decorative-c-135.html?page=9 HTTP/1.0" 301 96345 "-" "Mozilla/5.0 (compatible; SemrushBot/7~bl; +http://www.semrush.com/bot.html)"
157.90.177.217 - - [02/Dec/2021:10:45:11 +0100] "GET /square-coasters-little-green-hearts-cbkreation-p-17904.html HTTP/1.0" 200 73534 "-" "Mozilla/5.0 (compatible; BLEXBot/1.0; +http://webmeup-crawler.com/)"
157.55.39.223 - - [02/Dec/2021:10:45:13 +0100] "GET /tiger-obelisk-p-53738.html HTTP/1.0" 200 74052 "-" "Mozilla/5.0 (compatible; bingbot/2.0; +http://www.bing.com/bingbot.htm)"
185.191.171.13 - - [02/Dec/2021:10:45:14 +0100] "GET /collectible-figurines-decorative-c-13_135.html?page=9 HTTP/1.0" 200 96364 "-" "Mozilla/5.0 (compatible; SemrushBot/7~bl; +http://www.semrush.com/bot.html)"
157.90.177.217 - - [02/Dec/2021:10:45:17 +0100] "GET /square-coasters-peas-russian-doll-cbkreation-p-18546.html HTTP/1.0" 200 73520 "-" "Mozilla/5.0 (compatible; BLEXBot/1.0; +http://webmeup-crawler.com/)"
185.191.171.21 - - [02/Dec/2021:10:45:17 +0100] "GET /frida-mug-with-infuser-pink-and-blue-p-52862.html HTTP/1.0" 301 73432 "-" "Mozilla/5.0 (compatible; SemrushBot/7~bl; +http://www.semrush.com/bot.html)"
185.191.171.13 - - [02/Dec/2021:10:45:21 +0100] "GET /frida-with-infuser-pink-blue-p-52862.html HTTP/1.0" 200 73337 "-" "Mozilla/5.0 (compatible; SemrushBot/7~bl; +http://www.semrush.com/bot.html)"
157.90.177.217 - - [02/Dec/2021:10:45:22 +0100] "GET /square-coasters-russian-dolls-cbkreation-p-18746.html HTTP/1.0" 200 73510 "-" "Mozilla/5.0 (compatible; BLEXBot/1.0; +http://webmeup-crawler.com/)"
185.191.171.42 - - [02/Dec/2021:10:45:27 +0100] "GET /norway-ecru-bedclothes-p-51589.html HTTP/1.0" 200 73387 "-" "Mozilla/5.0 (compatible; SemrushBot/7~bl; +http://www.semrush.com/bot.html)"
157.90.177.217 - - [02/Dec/2021:10:45:29 +0100] "GET /square-coasters-starry-russian-doll-cbkreation-p-18470.html HTTP/1.0" 200 73536 "-" "Mozilla/5.0 (compatible; BLEXBot/1.0; +http://webmeup-crawler.com/)"
185.191.171.5 - - [02/Dec/2021:10:45:30 +0100] "GET /glass-lamp-p-47349.html HTTP/1.0" 200 73844 "-" "Mozilla/5.0 (compatible; SemrushBot/7~bl; +http://www.semrush.com/bot.html)"
157.90.177.217 - - [02/Dec/2021:10:45:32 +0100] "GET /squarrel-potholder-glove-p-45526.html HTTP/1.0" 200 73332 "-" "Mozilla/5.0 (compatible; BLEXBot/1.0; +http://webmeup-crawler.com/)"
159.138.102.98 - - [02/Dec/2021:10:45:39 +0100] "GET /kitchen-towel-dark-blue-p-54116.html HTTP/1.0" 200 73292 "-" "Mozilla/5.0 (Linux; Android 7.0;) AppleWebKit/537.36 (KHTML, like Gecko) Mobile Safari/537.36 (compatible; PetalBot;+https://webmaster.petalsearch.com/site/petalbot)"
157.90.177.217 - - [02/Dec/2021:10:45:40 +0100] "GET /squirel-adult-apron-p-45318.html HTTP/1.0" 200 73197 "-" "Mozilla/5.0 (compatible; BLEXBot/1.0; +http://webmeup-crawler.com/)"
157.90.177.217 - - [02/Dec/2021:10:45:45 +0100] "GET /squirrel-large-bowl-p-45262.html HTTP/1.0" 200 73176 "-" "Mozilla/5.0 (compatible; BLEXBot/1.0; +http://webmeup-crawler.com/)"
157.90.177.217 - - [02/Dec/2021:10:45:52 +0100] "GET /squirrel-mini-p-45268.html HTTP/1.0" 200 73266 "-" "Mozilla/5.0 (compatible; BLEXBot/1.0; +http://webmeup-crawler.com/)"
185.191.171.8 - - [02/Dec/2021:10:45:52 +0100] "GET /small-wooden-towel-holder-hang-p-51022.html HTTP/1.0" 200 73388 "-" "Mozilla/5.0 (compatible; SemrushBot/7~bl; +http://www.semrush.com/bot.html)"
66.249.68.42 - - [02/Dec/2021:10:45:56 +0100] "GET /aquarius-cookware-cbkreation-p-43286.html HTTP/1.0" 200 73373 "-" "Mozilla/5.0 (compatible; Googlebot/2.1; +http://www.google.com/bot.html)"
157.90.177.217 - - [02/Dec/2021:10:45:57 +0100] "GET /squirrel-natural-cement-aged-effect-p-45622.html HTTP/1.0" 200 73404 "-" "Mozilla/5.0 (compatible; BLEXBot/1.0; +http://webmeup-crawler.com/)"
157.55.39.125 - - [02/Dec/2021:10:46:00 +0100] "GET /images/med_prod/1399984288979.jpg HTTP/1.0" 200 268 "-" "Mozilla/5.0 (compatible; bingbot/2.0; +http://www.bing.com/bingbot.htm)"
157.90.177.217 - - [02/Dec/2021:10:46:05 +0100] "GET /squirrel-p-45195.html HTTP/1.0" 200 73148 "-" "Mozilla/5.0 (compatible; BLEXBot/1.0; +http://webmeup-crawler.com/)"
185.191.171.18 - - [02/Dec/2021:10:46:06 +0100] "GET /robots.txt HTTP/1.0" 200 245 "-" "Mozilla/5.0 (compatible; SemrushBot/7~bl; +http://www.semrush.com/bot.html)"
185.191.171.41 - - [02/Dec/2021:10:46:06 +0100] "GET /little-prince-night-light-stars-projector-musical-p-50838.html HTTP/1.0" 200 70807 "-" "Mozilla/5.0 (compatible; SemrushBot/7~bl; +http://www.semrush.com/bot.html)"
157.90.177.217 - - [02/Dec/2021:10:46:14 +0100] "GET /stade-toulousain-black-shoulder-p-36935.html HTTP/1.0" 200 73515 "-" "Mozilla/5.0 (compatible; BLEXBot/1.0; +http://webmeup-crawler.com/)"
157.90.177.217 - - [02/Dec/2021:10:46:18 +0100] "GET /standing-flower-p-52289.html HTTP/1.0" 200 74038 "-" "Mozilla/5.0 (compatible; BLEXBot/1.0; +http://webmeup-crawler.com/)"
49.7.20.122 - - [02/Dec/2021:10:46:20 +0100] "GET / HTTP/1.0" 200 151532 "-" "Sogou web spider/4.0(+http://www.sogou.com/docs/help/webmasters.htm#07)"
157.90.177.217 - - [02/Dec/2021:10:46:24 +0100] "GET /standing-flower-p-52291.html HTTP/1.0" 200 74042 "-" "Mozilla/5.0 (compatible; BLEXBot/1.0; +http://webmeup-crawler.com/)"
157.90.177.217 - - [02/Dec/2021:10:46:32 +0100] "GET /star-bear-decoration-p-45659.html HTTP/1.0" 200 73421 "-" "Mozilla/5.0 (compatible; BLEXBot/1.0; +http://webmeup-crawler.com/)"
157.90.177.217 - - [02/Dec/2021:10:46:40 +0100] "GET /star-mandala-pattern-coasters-p-47455.html HTTP/1.0" 200 73958 "-" "Mozilla/5.0 (compatible; BLEXBot/1.0; +http://webmeup-crawler.com/)"
157.90.177.217 - - [02/Dec/2021:10:46:46 +0100] "GET /star-trek-boldly-where-gone-before-p-56370.html HTTP/1.0" 200 74538 "-" "Mozilla/5.0 (compatible; BLEXBot/1.0; +http://webmeup-crawler.com/)"
54.36.148.114 - - [02/Dec/2021:10:46:51 +0100] "GET /oriental-teapot-liter-p-56409.html HTTP/1.0" 200 74205 "-" "Mozilla/5.0 (compatible; AhrefsBot/7.0; +http://ahrefs.com/robot/)"
157.90.177.217 - - [02/Dec/2021:10:46:51 +0100] "GET /star-trek-p-52301.html HTTP/1.0" 200 74005 "-" "Mozilla/5.0 (compatible; BLEXBot/1.0; +http://webmeup-crawler.com/)"
157.90.177.217 - - [02/Dec/2021:10:46:56 +0100] "GET /star-wars-chewbacca-keyring-p-32337.html HTTP/1.0" 200 73307 "-" "Mozilla/5.0 (compatible; BLEXBot/1.0; +http://webmeup-crawler.com/)"
114.119.128.34 - - [02/Dec/2021:10:47:00 +0100] "GET /cold-beer-free-metal-plate-deco-p-42113.html HTTP/1.0" 200 73338 "-" "Mozilla/5.0 (Linux; Android 7.0;) AppleWebKit/537.36 (KHTML, like Gecko) Mobile Safari/537.36 (compatible; PetalBot;+https://webmaster.petalsearch.com/site/petalbot)"
157.90.177.217 - - [02/Dec/2021:10:47:06 +0100] "GET /star-wars-dameron-figure-p-34608.html HTTP/1.0" 200 73477 "-" "Mozilla/5.0 (compatible; BLEXBot/1.0; +http://webmeup-crawler.com/)"
157.90.177.217 - - [02/Dec/2021:10:47:12 +0100] "GET /star-wars-darth-vader-stackable-lunch-p-34029.html HTTP/1.0" 200 73574 "-" "Mozilla/5.0 (compatible; BLEXBot/1.0; +http://webmeup-crawler.com/)"
185.191.171.4 - - [02/Dec/2021:10:47:14 +0100] "GET /peace-and-love-phone-cover-for-iphone-p-18974.html HTTP/1.0" 301 76043 "-" "Mozilla/5.0 (compatible; SemrushBot/7~bl; +http://www.semrush.com/bot.html)"
157.90.177.217 - - [02/Dec/2021:10:47:17 +0100] "GET /star-wars-inflatable-swimming-ring-p-50680.html HTTP/1.0" 200 73414 "-" "Mozilla/5.0 (compatible; BLEXBot/1.0; +http://webmeup-crawler.com/)"
185.191.171.22 - - [02/Dec/2021:10:47:17 +0100] "GET /peace-love-phone-cover-iphone-p-18974.html HTTP/1.0" 200 75947 "-" "Mozilla/5.0 (compatible; SemrushBot/7~bl; +http://www.semrush.com/bot.html)"
185.191.171.41 - - [02/Dec/2021:10:47:23 +0100] "GET /harley-davidson-zippo-lighter-p-30270.html HTTP/1.0" 301 70680 "-" "Mozilla/5.0 (compatible; SemrushBot/7~bl; +http://www.semrush.com/bot.html)"
185.191.171.38 - - [02/Dec/2021:10:47:26 +0100] "GET /-p-30270.html HTTP/1.0" 200 70613 "-" "Mozilla/5.0 (compatible; SemrushBot/7~bl; +http://www.semrush.com/bot.html)"
157.90.177.217 - - [02/Dec/2021:10:47:28 +0100] "GET /star-wars-keyring-p-28277.html HTTP/1.0" 200 73165 "-" "Mozilla/5.0 (compatible; BLEXBot/1.0; +http://webmeup-crawler.com/)"
185.191.171.15 - - [02/Dec/2021:10:47:29 +0100] "GET /lotus-candleholder-blue-goldlining-p-47011.html HTTP/1.0" 200 74762 "-" "Mozilla/5.0 (compatible; SemrushBot/7~bl; +http://www.semrush.com/bot.html)"
157.90.177.217 - - [02/Dec/2021:10:47:33 +0100] "GET /star-wars-keyring-p-28279.html HTTP/1.0" 200 73165 "-" "Mozilla/5.0 (compatible; BLEXBot/1.0; +http://webmeup-crawler.com/)"
157.90.177.217 - - [02/Dec/2021:10:47:38 +0100] "GET /star-wars-p-32601.html HTTP/1.0" 200 73421 "-" "Mozilla/5.0 (compatible; BLEXBot/1.0; +http://webmeup-crawler.com/)"
157.90.177.217 - - [02/Dec/2021:10:47:46 +0100] "GET /star-wars-p-34886.html HTTP/1.0" 200 73430 "-" "Mozilla/5.0 (compatible; BLEXBot/1.0; +http://webmeup-crawler.com/)"
157.90.177.217 - - [02/Dec/2021:10:47:52 +0100] "GET /star-wars-rebels-stickers-p-31214.html HTTP/1.0" 200 73324 "-" "Mozilla/5.0 (compatible; BLEXBot/1.0; +http://webmeup-crawler.com/)"
157.90.177.217 - - [02/Dec/2021:10:47:59 +0100] "GET /star-wars-rectangular-mirror-p-31609.html HTTP/1.0" 200 73308 "-" "Mozilla/5.0 (compatible; BLEXBot/1.0; +http://webmeup-crawler.com/)"
185.191.171.19 - - [02/Dec/2021:10:48:05 +0100] "GET /toy-story-3d-mug-p-4055.html HTTP/1.0" 301 70731 "-" "Mozilla/5.0 (compatible; SemrushBot/7~bl; +http://www.semrush.com/bot.html)"
185.191.171.38 - - [02/Dec/2021:10:48:08 +0100] "GET /story-p-4055.html HTTP/1.0" 200 70660 "-" "Mozilla/5.0 (compatible; SemrushBot/7~bl; +http://www.semrush.com/bot.html)"
157.90.177.217 - - [02/Dec/2021:10:48:08 +0100] "GET /star-wars-rectangular-mirror-p-31610.html HTTP/1.0" 200 73308 "-" "Mozilla/5.0 (compatible; BLEXBot/1.0; +http://webmeup-crawler.com/)"
157.90.177.217 - - [02/Dec/2021:10:48:14 +0100] "GET /star-wars-resistance-trooper-figure-p-34604.html HTTP/1.0" 200 73541 "-" "Mozilla/5.0 (compatible; BLEXBot/1.0; +http://webmeup-crawler.com/)"
157.90.177.217 - - [02/Dec/2021:10:48:19 +0100] "GET /star-wars-yoda-keyring-p-32336.html HTTP/1.0" 200 73279 "-" "Mozilla/5.0 (compatible; BLEXBot/1.0; +http://webmeup-crawler.com/)"
114.119.128.253 - - [02/Dec/2021:10:48:23 +0100] "GET /jacadi-kids-school-navy-blue-p-44879.html HTTP/1.0" 200 74399 "-" "Mozilla/5.0 (Linux; Android 7.0;) AppleWebKit/537.36 (KHTML, like Gecko) Mobile Safari/537.36 (compatible; PetalBot;+https://webmaster.petalsearch.com/site/petalbot)"
157.90.177.217 - - [02/Dec/2021:10:48:23 +0100] "GET /star-wars-yoda-stackable-lunch-p-34030.html HTTP/1.0" 200 73511 "-" "Mozilla/5.0 (compatible; BLEXBot/1.0; +http://webmeup-crawler.com/)"
157.90.177.217 - - [02/Dec/2021:10:48:31 +0100] "GET /stardust-candy-cloud-keychain-p-46658.html HTTP/1.0" 200 73300 "-" "Mozilla/5.0 (compatible; BLEXBot/1.0; +http://webmeup-crawler.com/)"
157.55.39.108 - - [02/Dec/2021:10:48:32 +0100] "GET /cushion-headboard-c-11_173.html HTTP/1.0" 200 88831 "-" "Mozilla/5.0 (compatible; bingbot/2.0; +http://www.bing.com/bingbot.htm)"
54.36.148.45 - - [02/Dec/2021:10:48:37 +0100] "GET /chenille-mesh-polyester-throw-p-56974.html HTTP/1.0" 200 74293 "-" "Mozilla/5.0 (compatible; AhrefsBot/7.0; +http://ahrefs.com/robot/)"
157.90.177.217 - - [02/Dec/2021:10:48:37 +0100] "GET /starry-russian-doll-money-cbkreation-p-18469.html HTTP/1.0" 200 73417 "-" "Mozilla/5.0 (compatible; BLEXBot/1.0; +http://webmeup-crawler.com/)"
157.90.177.217 - - [02/Dec/2021:10:48:53 +0100] "GET /robots.txt HTTP/1.0" 301 531 "-" "Mozilla/5.0 (compatible; BLEXBot/1.0; +http://webmeup-crawler.com/)"
157.90.177.217 - - [02/Dec/2021:10:48:53 +0100] "GET /robots.txt HTTP/1.0" 200 245 "-" "Mozilla/5.0 (compatible; BLEXBot/1.0; +http://webmeup-crawler.com/)"
157.90.177.217 - - [02/Dec/2021:10:48:53 +0100] "GET /starry-russian-doll-mouse-cbkreation-p-18472.html HTTP/1.0" 200 73339 "-" "Mozilla/5.0 (compatible; BLEXBot/1.0; +http://webmeup-crawler.com/)"
157.90.177.217 - - [02/Dec/2021:10:48:58 +0100] "GET /stars-moon-wall-decoration-p-50180.html HTTP/1.0" 200 73407 "-" "Mozilla/5.0 (compatible; BLEXBot/1.0; +http://webmeup-crawler.com/)"
157.90.177.217 - - [02/Dec/2021:10:49:03 +0100] "GET /stars-wars-darth-vader-phone-cover-iphone-p-15371.html HTTP/1.0" 200 73370 "-" "Mozilla/5.0 (compatible; BLEXBot/1.0; +http://webmeup-crawler.com/)"
157.90.177.217 - - [02/Dec/2021:10:49:09 +0100] "GET /stars-wars-darth-vader-phone-cover-iphone-p-16767.html HTTP/1.0" 200 74104 "-" "Mozilla/5.0 (compatible; BLEXBot/1.0; +http://webmeup-crawler.com/)"
157.90.177.217 - - [02/Dec/2021:10:49:17 +0100] "GET /stars-wars-galaxy-phone-cover-iphone-p-16766.html HTTP/1.0" 200 74129 "-" "Mozilla/5.0 (compatible; BLEXBot/1.0; +http://webmeup-crawler.com/)"
157.90.177.217 - - [02/Dec/2021:10:49:20 +0100] "GET /statue-black-resin-buddha-p-39348.html HTTP/1.0" 200 73363 "-" "Mozilla/5.0 (compatible; BLEXBot/1.0; +http://webmeup-crawler.com/)"
185.191.171.6 - - [02/Dec/2021:10:49:23 +0100] "GET /route-pictures-metal-magnet-p-10805.html HTTP/1.0" 200 73244 "-" "Mozilla/5.0 (compatible; SemrushBot/7~bl; +http://www.semrush.com/bot.html)"
157.90.177.217 - - [02/Dec/2021:10:49:25 +0100] "GET /statue-cement-rabbit-oeuf-p-40428.html HTTP/1.0" 200 73353 "-" "Mozilla/5.0 (compatible; BLEXBot/1.0; +http://webmeup-crawler.com/)"
216.244.66.242 - - [02/Dec/2021:10:49:28 +0100] "GET /robots.txt HTTP/1.0" 200 245 "-" "Mozilla/5.0 (compatible; DotBot/1.2; +https://opensiteexplorer.org/dotbot; help@moz.com)"
185.191.171.3 - - [02/Dec/2021:10:49:29 +0100] "GET /household-linen-c-11.html?page=38 HTTP/1.0" 200 92245 "-" "Mozilla/5.0 (compatible; SemrushBot/7~bl; +http://www.semrush.com/bot.html)"
157.90.177.217 - - [02/Dec/2021:10:49:32 +0100] "GET /statue-liberty-keyring-cbkreation-p-43232.html HTTP/1.0" 200 73423 "-" "Mozilla/5.0 (compatible; BLEXBot/1.0; +http://webmeup-crawler.com/)"
157.90.177.217 - - [02/Dec/2021:10:49:35 +0100] "GET /statue-liberty-rectangular-mirror-p-29017.html HTTP/1.0" 200 73322 "-" "Mozilla/5.0 (compatible; BLEXBot/1.0; +http://webmeup-crawler.com/)"
157.90.177.217 - - [02/Dec/2021:10:49:39 +0100] "GET /statue-p-41885.html HTTP/1.0" 200 73277 "-" "Mozilla/5.0 (compatible; BLEXBot/1.0; +http://webmeup-crawler.com/)"
114.119.128.39 - - [02/Dec/2021:10:49:42 +0100] "GET /images/mini_prod/8433933758878.jpg HTTP/1.0" 200 269 "-" "Mozilla/5.0 (Linux; Android 7.0;) AppleWebKit/537.36 (KHTML, like Gecko) Mobile Safari/537.36 (compatible; PetalBot;+https://webmaster.petalsearch.com/site/petalbot)"
157.90.177.217 - - [02/Dec/2021:10:49:44 +0100] "GET /statue-p-42280.html HTTP/1.0" 200 73239 "-" "Mozilla/5.0 (compatible; BLEXBot/1.0; +http://webmeup-crawler.com/)"
185.191.171.38 - - [02/Dec/2021:10:49:49 +0100] "GET /russian-doll-kitchen-towel-p-38778.html HTTP/1.0" 200 73274 "-" "Mozilla/5.0 (compatible; SemrushBot/7~bl; +http://www.semrush.com/bot.html)"
157.90.177.217 - - [02/Dec/2021:10:49:50 +0100] "GET /statue-santa-claus-lucky-santa-p-56946.html HTTP/1.0" 200 74304 "-" "Mozilla/5.0 (compatible; BLEXBot/1.0; +http://webmeup-crawler.com/)"
157.90.177.217 - - [02/Dec/2021:10:49:55 +0100] "GET /statuette-elephant-baby-p-56816.html HTTP/1.0" 200 73990 "-" "Mozilla/5.0 (compatible; BLEXBot/1.0; +http://webmeup-crawler.com/)"
157.90.177.217 - - [02/Dec/2021:10:50:04 +0100] "GET /statuette-hand-carved-wood-p-36664.html HTTP/1.0" 200 73421 "-" "Mozilla/5.0 (compatible; BLEXBot/1.0; +http://webmeup-crawler.com/)"
157.90.177.217 - - [02/Dec/2021:10:50:12 +0100] "GET /statuette-jesus-christ-sacred-heart-inside-outside-p-51649.html HTTP/1.0" 200 74571 "-" "Mozilla/5.0 (compatible; BLEXBot/1.0; +http://webmeup-crawler.com/)"
157.90.177.217 - - [02/Dec/2021:10:50:18 +0100] "GET /steel-sign-p-47539.html HTTP/1.0" 200 73321 "-" "Mozilla/5.0 (compatible; BLEXBot/1.0; +http://webmeup-crawler.com/)"
157.90.177.217 - - [02/Dec/2021:10:50:25 +0100] "GET /stitch-hanging-ornament-disney-traditions-p-56589.html HTTP/1.0" 200 73659 "-" "Mozilla/5.0 (compatible; BLEXBot/1.0; +http://webmeup-crawler.com/)"
157.90.177.217 - - [02/Dec/2021:10:50:32 +0100] "GET /stone-amethyst-sold-weight-grams-p-46542.html HTTP/1.0" 200 74286 "-" "Mozilla/5.0 (compatible; BLEXBot/1.0; +http://webmeup-crawler.com/)"
157.90.177.217 - - [02/Dec/2021:10:50:39 +0100] "GET /stone-amethyst-sold-weight-grams-p-46543.html HTTP/1.0" 200 74291 "-" "Mozilla/5.0 (compatible; BLEXBot/1.0; +http://webmeup-crawler.com/)"
54.36.148.185 - - [02/Dec/2021:10:50:47 +0100] "GET /cushion-upholstery-cover-p-56959.html HTTP/1.0" 200 73545 "-" "Mozilla/5.0 (compatible; AhrefsBot/7.0; +http://ahrefs.com/robot/)"
157.90.177.217 - - [02/Dec/2021:10:50:49 +0100] "GET /stone-amethyst-sold-weight-grams-p-46544.html HTTP/1.0" 200 74286 "-" "Mozilla/5.0 (compatible; BLEXBot/1.0; +http://webmeup-crawler.com/)"
185.191.171.8 - - [02/Dec/2021:10:50:55 +0100] "GET /cement-glasses-flower-p-56910.html HTTP/1.0" 200 73247 "-" "Mozilla/5.0 (compatible; SemrushBot/7~bl; +http://www.semrush.com/bot.html)"
157.90.177.217 - - [02/Dec/2021:10:50:55 +0100] "GET /stone-amethyst-sold-weight-grams-p-46545.html HTTP/1.0" 200 74286 "-" "Mozilla/5.0 (compatible; BLEXBot/1.0; +http://webmeup-crawler.com/)"
157.90.177.217 - - [02/Dec/2021:10:51:01 +0100] "GET /stone-amethyst-sold-weight-grams-p-46546.html HTTP/1.0" 200 74286 "-" "Mozilla/5.0 (compatible; BLEXBot/1.0; +http://webmeup-crawler.com/)"
114.119.128.37 - - [02/Dec/2021:10:51:03 +0100] "GET /furby-pencil-case-p-20237.html HTTP/1.0" 200 73423 "-" "Mozilla/5.0 (Linux; Android 7.0;) AppleWebKit/537.36 (KHTML, like Gecko) Mobile Safari/537.36 (compatible; PetalBot;+https://webmaster.petalsearch.com/site/petalbot)"
157.90.177.217 - - [02/Dec/2021:10:51:06 +0100] "GET /stone-amethyst-sold-weight-grams-p-46547.html HTTP/1.0" 200 74286 "-" "Mozilla/5.0 (compatible; BLEXBot/1.0; +http://webmeup-crawler.com/)"
185.191.171.18 - - [02/Dec/2021:10:51:06 +0100] "GET /cbkreation-cover-for-iphone-and-4s-p-23484.html HTTP/1.0" 301 70848 "-" "Mozilla/5.0 (compatible; SemrushBot/7~bl; +http://www.semrush.com/bot.html)"
185.191.171.8 - - [02/Dec/2021:10:51:09 +0100] "GET /cbkreation-cover-iphone-p-23484.html HTTP/1.0" 200 70758 "-" "Mozilla/5.0 (compatible; SemrushBot/7~bl; +http://www.semrush.com/bot.html)"
157.90.177.217 - - [02/Dec/2021:10:51:14 +0100] "GET /stone-carnelian-grammes-p-46576.html HTTP/1.0" 200 74775 "-" "Mozilla/5.0 (compatible; BLEXBot/1.0; +http://webmeup-crawler.com/)"
157.90.177.217 - - [02/Dec/2021:10:51:18 +0100] "GET /stone-carnelian-grams-p-46572.html HTTP/1.0" 200 74742 "-" "Mozilla/5.0 (compatible; BLEXBot/1.0; +http://webmeup-crawler.com/)"
157.90.177.217 - - [02/Dec/2021:10:51:24 +0100] "GET /stone-carnelian-grams-p-46573.html HTTP/1.0" 200 74756 "-" "Mozilla/5.0 (compatible; BLEXBot/1.0; +http://webmeup-crawler.com/)"
157.90.177.217 - - [02/Dec/2021:10:51:31 +0100] "GET /stone-carnelian-grams-p-46574.html HTTP/1.0" 200 74757 "-" "Mozilla/5.0 (compatible; BLEXBot/1.0; +http://webmeup-crawler.com/)"
103.114.158.1 - - [02/Dec/2021:10:51:37 +0100] "GET / HTTP/1.0" 301 511 "-" "Chrome/54.0 (Windows NT 10.0)"
205.185.116.25 - - [02/Dec/2021:10:51:38 +0100] "GET / HTTP/1.0" 200 151907 "http://wonder-geek.com" "Chrome/54.0 (Windows NT 10.0)"
157.90.177.217 - - [02/Dec/2021:10:51:38 +0100] "GET /stone-carnelian-grams-p-46575.html HTTP/1.0" 200 74757 "-" "Mozilla/5.0 (compatible; BLEXBot/1.0; +http://webmeup-crawler.com/)"
103.114.158.1 - - [02/Dec/2021:10:51:42 +0100] "GET /favicon.ico HTTP/1.0" 301 533 "-" "Chrome/54.0 (Windows NT 10.0)"
209.141.51.222 - - [02/Dec/2021:10:51:42 +0100] "GET /favicon.ico HTTP/1.0" 200 260 "http://wonder-geek.com/favicon.ico" "Chrome/54.0 (Windows NT 10.0)"
157.90.177.217 - - [02/Dec/2021:10:51:48 +0100] "GET /stone-carnelian-grams-p-46577.html HTTP/1.0" 200 74757 "-" "Mozilla/5.0 (compatible; BLEXBot/1.0; +http://webmeup-crawler.com/)"
157.90.177.217 - - [02/Dec/2021:10:51:54 +0100] "GET /stone-golden-healer-grams-p-46599.html HTTP/1.0" 200 74620 "-" "Mozilla/5.0 (compatible; BLEXBot/1.0; +http://webmeup-crawler.com/)"
185.191.171.20 - - [02/Dec/2021:10:51:55 +0100] "GET /green-moonstone-sold-by-weight-125-grs-p-48724.html HTTP/1.0" 301 70815 "-" "Mozilla/5.0 (compatible; SemrushBot/7~bl; +http://www.semrush.com/bot.html)"
185.191.171.26 - - [02/Dec/2021:10:51:58 +0100] "GET /green-moonstone-sold-weight-p-48724.html HTTP/1.0" 200 70721 "-" "Mozilla/5.0 (compatible; SemrushBot/7~bl; +http://www.semrush.com/bot.html)"
157.90.177.217 - - [02/Dec/2021:10:52:02 +0100] "GET /stone-golden-healer-grams-p-46601.html HTTP/1.0" 200 74631 "-" "Mozilla/5.0 (compatible; BLEXBot/1.0; +http://webmeup-crawler.com/)"
157.90.177.217 - - [02/Dec/2021:10:52:08 +0100] "GET /stone-golden-healer-grams-p-46602.html HTTP/1.0" 200 74631 "-" "Mozilla/5.0 (compatible; BLEXBot/1.0; +http://webmeup-crawler.com/)"
157.90.177.217 - - [02/Dec/2021:10:52:13 +0100] "GET /stone-golden-healer-grams-p-46603.html HTTP/1.0" 200 74631 "-" "Mozilla/5.0 (compatible; BLEXBot/1.0; +http://webmeup-crawler.com/)"
157.90.177.217 - - [02/Dec/2021:10:52:23 +0100] "GET /stone-golden-healer-grams-p-46604.html HTTP/1.0" 200 74631 "-" "Mozilla/5.0 (compatible; BLEXBot/1.0; +http://webmeup-crawler.com/)"
159.138.102.98 - - [02/Dec/2021:10:52:24 +0100] "GET /resin-statuette-gymnast-on-the-world-50-cm-p-52838.html HTTP/1.0" 301 73527 "-" "Mozilla/5.0 (Linux; Android 7.0;) AppleWebKit/537.36 (KHTML, like Gecko) Mobile Safari/537.36 (compatible; PetalBot;+https://webmaster.petalsearch.com/site/petalbot)"
159.138.102.98 - - [02/Dec/2021:10:52:27 +0100] "GET /resin-statuette-gymnast-world-p-52838.html HTTP/1.0" 200 73431 "-" "Mozilla/5.0 (Linux; Android 7.0;) AppleWebKit/537.36 (KHTML, like Gecko) Mobile Safari/537.36 (compatible; PetalBot;+https://webmaster.petalsearch.com/site/petalbot)"
185.191.171.19 - - [02/Dec/2021:10:52:32 +0100] "GET /companion-wallet-c-31_238.html?page=3 HTTP/1.0" 200 80816 "-" "Mozilla/5.0 (compatible; SemrushBot/7~bl; +http://www.semrush.com/bot.html)"
157.90.177.217 - - [02/Dec/2021:10:52:33 +0100] "GET /stone-green-opal-grams-p-46618.html HTTP/1.0" 200 74412 "-" "Mozilla/5.0 (compatible; BLEXBot/1.0; +http://webmeup-crawler.com/)"
157.90.177.217 - - [02/Dec/2021:10:52:40 +0100] "GET /stone-green-opal-p-46617.html HTTP/1.0" 200 74395 "-" "Mozilla/5.0 (compatible; BLEXBot/1.0; +http://webmeup-crawler.com/)"
185.191.171.19 - - [02/Dec/2021:10:52:45 +0100] "GET /barcelone-messenger-p-41175.html HTTP/1.0" 200 73560 "-" "Mozilla/5.0 (compatible; SemrushBot/7~bl; +http://www.semrush.com/bot.html)"
157.90.177.217 - - [02/Dec/2021:10:52:47 +0100] "GET /stone-petrified-wood-grams-p-46568.html HTTP/1.0" 200 74549 "-" "Mozilla/5.0 (compatible; BLEXBot/1.0; +http://webmeup-crawler.com/)"
157.90.177.217 - - [02/Dec/2021:10:52:54 +0100] "GET /stone-petrified-wood-grams-p-46569.html HTTP/1.0" 200 74554 "-" "Mozilla/5.0 (compatible; BLEXBot/1.0; +http://webmeup-crawler.com/)"
54.36.148.20 - - [02/Dec/2021:10:52:58 +0100] "GET /polar-blanket-dark-grey-p-56972.html HTTP/1.0" 200 73976 "-" "Mozilla/5.0 (compatible; AhrefsBot/7.0; +http://ahrefs.com/robot/)"
157.90.177.217 - - [02/Dec/2021:10:52:58 +0100] "GET /stone-petrified-wood-grams-p-46570.html HTTP/1.0" 200 74559 "-" "Mozilla/5.0 (compatible; BLEXBot/1.0; +http://webmeup-crawler.com/)"
157.55.39.108 - - [02/Dec/2021:10:53:00 +0100] "GET /images/4025055094589.jpg HTTP/1.0" 200 259 "-" "Mozilla/5.0 (compatible; bingbot/2.0; +http://www.bing.com/bingbot.htm)"
157.90.177.217 - - [02/Dec/2021:10:53:06 +0100] "GET /stone-polychrome-jasper-grams-p-46580.html HTTP/1.0" 200 74572 "-" "Mozilla/5.0 (compatible; BLEXBot/1.0; +http://webmeup-crawler.com/)"
157.90.177.217 - - [02/Dec/2021:10:53:16 +0100] "GET /stone-polychrome-jasper-grams-p-46581.html HTTP/1.0" 200 74577 "-" "Mozilla/5.0 (compatible; BLEXBot/1.0; +http://webmeup-crawler.com/)"
66.249.68.40 - - [02/Dec/2021:10:53:24 +0100] "GET /strawberry-kitchen-towel-p-47132.html HTTP/1.0" 200 73247 "-" "Mozilla/5.0 (Linux; Android 6.0.1; Nexus 5X Build/MMB29P) AppleWebKit/537.36 (KHTML, like Gecko) Chrome/96.0.4664.45 Mobile Safari/537.36 (compatible; Googlebot/2.1; +http://www.google.com/bot.html)"
157.90.177.217 - - [02/Dec/2021:10:53:25 +0100] "GET /stone-polychrome-jasper-grams-p-46582.html HTTP/1.0" 200 74577 "-" "Mozilla/5.0 (compatible; BLEXBot/1.0; +http://webmeup-crawler.com/)"
185.191.171.8 - - [02/Dec/2021:10:53:28 +0100] "GET /moto-guzzi-metal-collection-hanging-plate-p-45985.html?action=add_product HTTP/1.0" 302 476 "-" "Mozilla/5.0 (compatible; SemrushBot/7~bl; +http://www.semrush.com/bot.html)"
157.90.177.217 - - [02/Dec/2021:10:53:31 +0100] "GET /stone-polychrome-jasper-grams-p-46583.html HTTP/1.0" 200 74578 "-" "Mozilla/5.0 (compatible; BLEXBot/1.0; +http://webmeup-crawler.com/)"
66.249.68.40 - - [02/Dec/2021:10:53:35 +0100] "GET /polar-blankets-blankets-c-11_73.html HTTP/1.0" 200 91737 "-" "Mozilla/5.0 (Linux; Android 6.0.1; Nexus 5X Build/MMB29P) AppleWebKit/537.36 (KHTML, like Gecko) Chrome/96.0.4664.45 Mobile Safari/537.36 (compatible; Googlebot/2.1; +http://www.google.com/bot.html)"
157.90.177.217 - - [02/Dec/2021:10:53:36 +0100] "GET /stone-polychrome-jasper-grams-p-46584.html HTTP/1.0" 200 74578 "-" "Mozilla/5.0 (compatible; BLEXBot/1.0; +http://webmeup-crawler.com/)"
66.249.68.38 - - [02/Dec/2021:10:53:40 +0100] "GET /js/jquery.min.js HTTP/1.0" 404 1308 "http://www.wonder-geek.com/polar-blankets-blankets-c-11_73.html" "Mozilla/5.0 (Linux; Android 6.0.1; Nexus 5X Build/MMB29P) AppleWebKit/537.36 (KHTML, like Gecko) Chrome/95.0.4638.69 Mobile Safari/537.36 (compatible; Googlebot/2.1; +http://www.google.com/bot.html)"
157.90.177.217 - - [02/Dec/2021:10:53:42 +0100] "GET /stone-polychrome-jasper-grams-p-46585.html HTTP/1.0" 200 74568 "-" "Mozilla/5.0 (compatible; BLEXBot/1.0; +http://webmeup-crawler.com/)"
157.90.177.217 - - [02/Dec/2021:10:53:51 +0100] "GET /stone-potholder-glove-p-40206.html HTTP/1.0" 200 73307 "-" "Mozilla/5.0 (compatible; BLEXBot/1.0; +http://webmeup-crawler.com/)"
114.119.128.39 - - [02/Dec/2021:10:53:52 +0100] "GET /cats-by-dubout-pie-dish-p-40058.html HTTP/1.0" 301 73304 "-" "Mozilla/5.0 (Linux; Android 7.0;) AppleWebKit/537.36 (KHTML, like Gecko) Mobile Safari/537.36 (compatible; PetalBot;+https://webmaster.petalsearch.com/site/petalbot)"
114.119.128.39 - - [02/Dec/2021:10:53:56 +0100] "GET /cats-dubout-dish-p-40058.html HTTP/1.0" 200 73221 "-" "Mozilla/5.0 (Linux; Android 7.0;) AppleWebKit/537.36 (KHTML, like Gecko) Mobile Safari/537.36 (compatible; PetalBot;+https://webmaster.petalsearch.com/site/petalbot)"
157.90.177.217 - - [02/Dec/2021:10:53:57 +0100] "GET /stones-rock-crystal-grams-p-46606.html HTTP/1.0" 200 74653 "-" "Mozilla/5.0 (compatible; BLEXBot/1.0; +http://webmeup-crawler.com/)"
157.90.177.217 - - [02/Dec/2021:10:54:03 +0100] "GET /stones-rock-crystal-grams-p-46607.html HTTP/1.0" 200 74654 "-" "Mozilla/5.0 (compatible; BLEXBot/1.0; +http://webmeup-crawler.com/)"
157.90.177.217 - - [02/Dec/2021:10:54:10 +0100] "GET /stones-rock-crystal-grams-p-46608.html HTTP/1.0" 200 74654 "-" "Mozilla/5.0 (compatible; BLEXBot/1.0; +http://webmeup-crawler.com/)"
157.90.177.217 - - [02/Dec/2021:10:54:16 +0100] "GET /stones-rock-crystal-grams-p-46609.html HTTP/1.0" 200 74664 "-" "Mozilla/5.0 (compatible; BLEXBot/1.0; +http://webmeup-crawler.com/)"
157.90.177.217 - - [02/Dec/2021:10:54:19 +0100] "GET /stones-rock-crystal-grams-p-46610.html HTTP/1.0" 200 74664 "-" "Mozilla/5.0 (compatible; BLEXBot/1.0; +http://webmeup-crawler.com/)"
157.90.177.217 - - [02/Dec/2021:10:54:21 +0100] "GET /stoneware-lamp-p-55632.html HTTP/1.0" 200 73900 "-" "Mozilla/5.0 (compatible; BLEXBot/1.0; +http://webmeup-crawler.com/)"
157.90.177.217 - - [02/Dec/2021:10:54:28 +0100] "GET /stoneware-lamp-p-55633.html HTTP/1.0" 200 73901 "-" "Mozilla/5.0 (compatible; BLEXBot/1.0; +http://webmeup-crawler.com/)"
157.90.177.217 - - [02/Dec/2021:10:54:32 +0100] "GET /stoneware-lamp-p-55635.html HTTP/1.0" 200 73891 "-" "Mozilla/5.0 (compatible; BLEXBot/1.0; +http://webmeup-crawler.com/)"
157.90.177.217 - - [02/Dec/2021:10:54:36 +0100] "GET /stoneware-lamp-p-55636.html HTTP/1.0" 200 73891 "-" "Mozilla/5.0 (compatible; BLEXBot/1.0; +http://webmeup-crawler.com/)"
157.90.177.217 - - [02/Dec/2021:10:54:43 +0100] "GET /stoneware-lamp-p-55638.html HTTP/1.0" 200 73909 "-" "Mozilla/5.0 (compatible; BLEXBot/1.0; +http://webmeup-crawler.com/)"
17.121.112.109 - - [02/Dec/2021:10:54:48 +0100] "GET /images/med_prod/3453131122429.jpg HTTP/1.0" 200 268 "-" "Mozilla/5.0 (Macintosh; Intel Mac OS X 10_15_5) AppleWebKit/605.1.15 (KHTML, like Gecko) Version/13.1.1 Safari/605.1.15 (Applebot/0.1; +http://www.apple.com/go/applebot)"
157.90.177.217 - - [02/Dec/2021:10:54:47 +0100] "GET /stoneware-lamp-p-55640.html HTTP/1.0" 200 73909 "-" "Mozilla/5.0 (compatible; BLEXBot/1.0; +http://webmeup-crawler.com/)"
157.90.177.217 - - [02/Dec/2021:10:54:53 +0100] "GET /stop-door-p-46282.html HTTP/1.0" 200 73194 "-" "Mozilla/5.0 (compatible; BLEXBot/1.0; +http://webmeup-crawler.com/)"
185.191.171.42 - - [02/Dec/2021:10:54:55 +0100] "GET /apache-women-watch-mandala-beige-and-blue-p-42980.html HTTP/1.0" 301 70680 "-" "Mozilla/5.0 (compatible; SemrushBot/7~bl; +http://www.semrush.com/bot.html)"
185.191.171.4 - - [02/Dec/2021:10:54:58 +0100] "GET /-p-42980.html HTTP/1.0" 200 70613 "-" "Mozilla/5.0 (compatible; SemrushBot/7~bl; +http://www.semrush.com/bot.html)"
157.90.177.217 - - [02/Dec/2021:10:54:58 +0100] "GET /stop-waves-metal-plate-deco-p-36132.html HTTP/1.0" 200 73379 "-" "Mozilla/5.0 (compatible; BLEXBot/1.0; +http://webmeup-crawler.com/)"
157.90.177.217 - - [02/Dec/2021:10:55:06 +0100] "GET /stormtrooper-white-hobo-p-29267.html HTTP/1.0" 200 73679 "-" "Mozilla/5.0 (compatible; BLEXBot/1.0; +http://webmeup-crawler.com/)"
157.90.177.217 - - [02/Dec/2021:10:55:11 +0100] "GET /story-prickles-figure-p-6754.html HTTP/1.0" 200 73387 "-" "Mozilla/5.0 (compatible; BLEXBot/1.0; +http://webmeup-crawler.com/)"
114.119.128.34 - - [02/Dec/2021:10:55:11 +0100] "GET /superman-mug-and-plate-box-p-16430.html HTTP/1.0" 301 73924 "-" "Mozilla/5.0 (Linux; Android 7.0;) AppleWebKit/537.36 (KHTML, like Gecko) Mobile Safari/537.36 (compatible; PetalBot;+https://webmaster.petalsearch.com/site/petalbot)"
114.119.128.34 - - [02/Dec/2021:10:55:16 +0100] "GET /superman-plate-p-16430.html HTTP/1.0" 200 73843 "-" "Mozilla/5.0 (Linux; Android 7.0;) AppleWebKit/537.36 (KHTML, like Gecko) Mobile Safari/537.36 (compatible; PetalBot;+https://webmaster.petalsearch.com/site/petalbot)"
157.90.177.217 - - [02/Dec/2021:10:55:17 +0100] "GET /stranger-things-coasters-p-55010.html HTTP/1.0" 200 74124 "-" "Mozilla/5.0 (compatible; BLEXBot/1.0; +http://webmeup-crawler.com/)"
54.36.148.101 - - [02/Dec/2021:10:55:20 +0100] "GET /ashtrays-c-13_240.html?page=5 HTTP/1.0" 200 91616 "-" "Mozilla/5.0 (compatible; AhrefsBot/7.0; +http://ahrefs.com/robot/)"
157.90.177.217 - - [02/Dec/2021:10:55:26 +0100] "GET /straw-basket-p-40134.html HTTP/1.0" 200 73236 "-" "Mozilla/5.0 (compatible; BLEXBot/1.0; +http://webmeup-crawler.com/)"
157.90.177.217 - - [02/Dec/2021:10:55:31 +0100] "GET /straw-basket-p-40138.html HTTP/1.0" 200 73260 "-" "Mozilla/5.0 (compatible; BLEXBot/1.0; +http://webmeup-crawler.com/)"
185.191.171.16 - - [02/Dec/2021:10:55:35 +0100] "GET /placemat-kiub-collection-jungle-parrots-p-55917.html HTTP/1.0" 200 73372 "-" "Mozilla/5.0 (compatible; SemrushBot/7~bl; +http://www.semrush.com/bot.html)"
157.90.177.217 - - [02/Dec/2021:10:55:37 +0100] "GET /straw-basket-p-49371.html HTTP/1.0" 200 73236 "-" "Mozilla/5.0 (compatible; BLEXBot/1.0; +http://webmeup-crawler.com/)"
157.90.177.217 - - [02/Dec/2021:10:55:44 +0100] "GET /straw-basket-p-51158.html HTTP/1.0" 200 73236 "-" "Mozilla/5.0 (compatible; BLEXBot/1.0; +http://webmeup-crawler.com/)"
185.191.171.7 - - [02/Dec/2021:10:55:47 +0100] "GET /white-woodland-holy-family-shore-p-49629.html HTTP/1.0" 200 74839 "-" "Mozilla/5.0 (compatible; SemrushBot/7~bl; +http://www.semrush.com/bot.html)"
157.90.177.217 - - [02/Dec/2021:10:55:50 +0100] "GET /strawberry-shortcake-fleece-scarf-p-22134.html HTTP/1.0" 200 73580 "-" "Mozilla/5.0 (compatible; BLEXBot/1.0; +http://webmeup-crawler.com/)"
157.90.177.217 - - [02/Dec/2021:10:55:56 +0100] "GET /strawberry-shortcake-scarf-p-22133.html HTTP/1.0" 200 73447 "-" "Mozilla/5.0 (compatible; BLEXBot/1.0; +http://webmeup-crawler.com/)"
157.90.177.217 - - [02/Dec/2021:10:56:03 +0100] "GET /strawberry-shortcake-scarf-years-p-22135.html HTTP/1.0" 200 73571 "-" "Mozilla/5.0 (compatible; BLEXBot/1.0; +http://webmeup-crawler.com/)"
157.90.177.217 - - [02/Dec/2021:10:56:08 +0100] "GET /strawberry-shortcake-scarf-years-p-22137.html HTTP/1.0" 200 73565 "-" "Mozilla/5.0 (compatible; BLEXBot/1.0; +http://webmeup-crawler.com/)"
185.191.171.2 - - [02/Dec/2021:10:56:12 +0100] "GET /love-and-bird-ground-sheet-45-75-cm-p-36562.html HTTP/1.0" 301 70680 "-" "Mozilla/5.0 (compatible; SemrushBot/7~bl; +http://www.semrush.com/bot.html)"
157.90.177.217 - - [02/Dec/2021:10:56:13 +0100] "GET /strawberry-shortcake-swimsuit-pareo-p-30287.html HTTP/1.0" 200 74517 "-" "Mozilla/5.0 (compatible; BLEXBot/1.0; +http://webmeup-crawler.com/)"
185.191.171.11 - - [02/Dec/2021:10:56:15 +0100] "GET /-p-36562.html HTTP/1.0" 200 70613 "-" "Mozilla/5.0 (compatible; SemrushBot/7~bl; +http://www.semrush.com/bot.html)"
157.90.177.217 - - [02/Dec/2021:10:56:18 +0100] "GET /strawberry-shortcake-swimsuit-pareo-p-30288.html HTTP/1.0" 200 74517 "-" "Mozilla/5.0 (compatible; BLEXBot/1.0; +http://webmeup-crawler.com/)"
185.191.171.15 - - [02/Dec/2021:10:56:23 +0100] "GET /anti-rfid-card-holder-cards-silver-p-50170.html HTTP/1.0" 200 74585 "-" "Mozilla/5.0 (compatible; SemrushBot/7~bl; +http://www.semrush.com/bot.html)"
157.90.177.217 - - [02/Dec/2021:10:56:24 +0100] "GET /studio-pets-plush-kitten-p-54200.html HTTP/1.0" 200 74150 "-" "Mozilla/5.0 (compatible; BLEXBot/1.0; +http://webmeup-crawler.com/)"
114.119.128.26 - - [02/Dec/2021:10:56:32 +0100] "GET /disney-beauty-beast-belle-jewelry-p-49748.html HTTP/1.0" 200 74564 "-" "Mozilla/5.0 (Linux; Android 7.0;) AppleWebKit/537.36 (KHTML, like Gecko) Mobile Safari/537.36 (compatible; PetalBot;+https://webmaster.petalsearch.com/site/petalbot)"
157.90.177.217 - - [02/Dec/2021:10:56:33 +0100] "GET /studio-pets-plush-kitten-p-54201.html HTTP/1.0" 200 73952 "-" "Mozilla/5.0 (compatible; BLEXBot/1.0; +http://webmeup-crawler.com/)"
157.90.177.217 - - [02/Dec/2021:10:56:40 +0100] "GET /studio-pets-plush-p-54203.html HTTP/1.0" 200 74096 "-" "Mozilla/5.0 (compatible; BLEXBot/1.0; +http://webmeup-crawler.com/)"
157.90.177.217 - - [02/Dec/2021:10:56:45 +0100] "GET /studio-pets-plush-poodle-p-54198.html HTTP/1.0" 200 73534 "-" "Mozilla/5.0 (compatible; BLEXBot/1.0; +http://webmeup-crawler.com/)"
157.90.177.217 - - [02/Dec/2021:10:56:53 +0100] "GET /suis-unique-comme-tout-monde-p-42699.html HTTP/1.0" 200 73368 "-" "Mozilla/5.0 (compatible; BLEXBot/1.0; +http://webmeup-crawler.com/)"
207.46.13.202 - - [02/Dec/2021:10:56:58 +0100] "GET /images/big_prod/9316188078214.jpg HTTP/1.0" 200 268 "-" "Mozilla/5.0 (compatible; bingbot/2.0; +http://www.bing.com/bingbot.htm)"
185.191.171.26 - - [02/Dec/2021:10:56:57 +0100] "GET /laissez-lucie-faire-small-wallet-wapi-p-49016.html HTTP/1.0" 200 74103 "-" "Mozilla/5.0 (compatible; SemrushBot/7~bl; +http://www.semrush.com/bot.html)"
157.90.177.217 - - [02/Dec/2021:10:57:01 +0100] "GET /summertime-mini-rectangular-tray-p-56860.html HTTP/1.0" 200 73384 "-" "Mozilla/5.0 (compatible; BLEXBot/1.0; +http://webmeup-crawler.com/)"
157.90.177.217 - - [02/Dec/2021:10:57:07 +0100] "GET /suns-moons-metal-suspension-blue-p-42810.html HTTP/1.0" 200 73432 "-" "Mozilla/5.0 (compatible; BLEXBot/1.0; +http://webmeup-crawler.com/)"
157.90.177.217 - - [02/Dec/2021:10:57:12 +0100] "GET /suns-moons-metal-suspension-p-42812.html HTTP/1.0" 200 73416 "-" "Mozilla/5.0 (compatible; BLEXBot/1.0; +http://webmeup-crawler.com/)"
157.90.177.217 - - [02/Dec/2021:10:57:19 +0100] "GET /suns-moons-metal-suspension-yellow-p-42811.html HTTP/1.0" 200 73448 "-" "Mozilla/5.0 (compatible; BLEXBot/1.0; +http://webmeup-crawler.com/)"
54.36.148.237 - - [02/Dec/2021:10:57:26 +0100] "GET /salt-pepper-shaker-sets-c-12_160.html?page=4 HTTP/1.0" 200 92017 "-" "Mozilla/5.0 (compatible; AhrefsBot/7.0; +http://ahrefs.com/robot/)"
157.90.177.217 - - [02/Dec/2021:10:57:26 +0100] "GET /super-duck-frame-canvas-p-31825.html HTTP/1.0" 200 73303 "-" "Mozilla/5.0 (compatible; BLEXBot/1.0; +http://webmeup-crawler.com/)"
157.90.177.217 - - [02/Dec/2021:10:57:33 +0100] "GET /super-pour-anniversaire-card-p-20042.html HTTP/1.0" 200 73424 "-" "Mozilla/5.0 (compatible; BLEXBot/1.0; +http://webmeup-crawler.com/)"
157.90.177.217 - - [02/Dec/2021:10:57:39 +0100] "GET /superman-cork-coaster-p-10032.html HTTP/1.0" 200 73216 "-" "Mozilla/5.0 (compatible; BLEXBot/1.0; +http://webmeup-crawler.com/)"
157.90.177.217 - - [02/Dec/2021:10:57:44 +0100] "GET /superman-p-49623.html HTTP/1.0" 200 73267 "-" "Mozilla/5.0 (compatible; BLEXBot/1.0; +http://webmeup-crawler.com/)"
185.191.171.41 - - [02/Dec/2021:10:57:43 +0100] "GET /salt-and-pepper-shaker-sets-c-12_160.html?page=4 HTTP/1.0" 301 92112 "-" "Mozilla/5.0 (compatible; SemrushBot/7~bl; +http://www.semrush.com/bot.html)"
157.90.177.217 - - [02/Dec/2021:10:57:48 +0100] "GET /superman-satchel-p-30370.html HTTP/1.0" 200 73491 "-" "Mozilla/5.0 (compatible; BLEXBot/1.0; +http://webmeup-crawler.com/)"
185.191.171.12 - - [02/Dec/2021:10:57:48 +0100] "GET /salt-pepper-shaker-sets-c-160.html?page=4 HTTP/1.0" 301 92011 "-" "Mozilla/5.0 (compatible; SemrushBot/7~bl; +http://www.semrush.com/bot.html)"
157.90.177.217 - - [02/Dec/2021:10:57:52 +0100] "GET /support-metal-bottle-barbecue-p-53422.html HTTP/1.0" 200 73408 "-" "Mozilla/5.0 (compatible; BLEXBot/1.0; +http://webmeup-crawler.com/)"
185.191.171.20 - - [02/Dec/2021:10:57:53 +0100] "GET /salt-pepper-shaker-sets-c-12_160.html?page=4 HTTP/1.0" 200 92017 "-" "Mozilla/5.0 (compatible; SemrushBot/7~bl; +http://www.semrush.com/bot.html)"
114.119.128.34 - - [02/Dec/2021:10:57:54 +0100] "GET /quilted-floor-mat-65-165-cm-diamonds-p-45107.html HTTP/1.0" 301 74554 "-" "Mozilla/5.0 (Linux; Android 7.0;) AppleWebKit/537.36 (KHTML, like Gecko) Mobile Safari/537.36 (compatible; PetalBot;+https://webmaster.petalsearch.com/site/petalbot)"
157.90.177.217 - - [02/Dec/2021:10:57:58 +0100] "GET /support-metal-bottle-barman-p-41700.html HTTP/1.0" 200 73398 "-" "Mozilla/5.0 (compatible; BLEXBot/1.0; +http://webmeup-crawler.com/)"
157.90.177.217 - - [02/Dec/2021:10:58:02 +0100] "GET /support-metal-bottle-biker-p-34475.html HTTP/1.0" 200 73354 "-" "Mozilla/5.0 (compatible; BLEXBot/1.0; +http://webmeup-crawler.com/)"
114.119.128.34 - - [02/Dec/2021:10:58:03 +0100] "GET /quilted-floor-diamonds-p-45107.html HTTP/1.0" 200 74465 "-" "Mozilla/5.0 (Linux; Android 7.0;) AppleWebKit/537.36 (KHTML, like Gecko) Mobile Safari/537.36 (compatible; PetalBot;+https://webmaster.petalsearch.com/site/petalbot)"
17.121.115.212 - - [02/Dec/2021:10:58:08 +0100] "GET /images/3553568132142.jpg HTTP/1.0" 200 259 "-" "Mozilla/5.0 (Macintosh; Intel Mac OS X 10_15_5) AppleWebKit/605.1.15 (KHTML, like Gecko) Version/13.1.1 Safari/605.1.15 (Applebot/0.1; +http://www.apple.com/go/applebot)"
157.90.177.217 - - [02/Dec/2021:10:58:07 +0100] "GET /support-metal-bottle-biker-p-34476.html HTTP/1.0" 200 73354 "-" "Mozilla/5.0 (compatible; BLEXBot/1.0; +http://webmeup-crawler.com/)"
157.90.177.217 - - [02/Dec/2021:10:58:14 +0100] "GET /support-metal-bottle-biker-p-41011.html HTTP/1.0" 200 73385 "-" "Mozilla/5.0 (compatible; BLEXBot/1.0; +http://webmeup-crawler.com/)"
157.90.177.217 - - [02/Dec/2021:10:58:21 +0100] "GET /support-metal-bottle-biker-p-42069.html HTTP/1.0" 200 73353 "-" "Mozilla/5.0 (compatible; BLEXBot/1.0; +http://webmeup-crawler.com/)"
157.55.39.228 - - [02/Dec/2021:10:58:26 +0100] "GET /christmas-tree-ornament-christmas-balls-c-13_271.html HTTP/1.0" 200 91344 "-" "Mozilla/5.0 (compatible; bingbot/2.0; +http://www.bing.com/bingbot.htm)"
157.90.177.217 - - [02/Dec/2021:10:58:31 +0100] "GET /support-metal-bottle-cyclist-p-40185.html HTTP/1.0" 200 73368 "-" "Mozilla/5.0 (compatible; BLEXBot/1.0; +http://webmeup-crawler.com/)"
157.90.177.217 - - [02/Dec/2021:10:58:34 +0100] "GET /support-metal-bottle-cyclist-p-44915.html HTTP/1.0" 200 73368 "-" "Mozilla/5.0 (compatible; BLEXBot/1.0; +http://webmeup-crawler.com/)"
185.191.171.39 - - [02/Dec/2021:10:58:36 +0100] "GET /love-personnalized-white-shell-samsung-s2-p-17691.html HTTP/1.0" 301 73776 "-" "Mozilla/5.0 (compatible; SemrushBot/7~bl; +http://www.semrush.com/bot.html)"
157.90.177.217 - - [02/Dec/2021:10:58:38 +0100] "GET /support-metal-bottle-drums-p-44477.html HTTP/1.0" 200 73327 "-" "Mozilla/5.0 (compatible; BLEXBot/1.0; +http://webmeup-crawler.com/)"
185.191.171.20 - - [02/Dec/2021:10:58:39 +0100] "GET /love-personnalized-white-shell-samsung-p-17691.html HTTP/1.0" 200 73671 "-" "Mozilla/5.0 (compatible; SemrushBot/7~bl; +http://www.semrush.com/bot.html)"
157.90.177.217 - - [02/Dec/2021:10:58:43 +0100] "GET /support-metal-bottle-eiffel-tower-p-45667.html HTTP/1.0" 200 73410 "-" "Mozilla/5.0 (compatible; BLEXBot/1.0; +http://webmeup-crawler.com/)"
157.90.177.217 - - [02/Dec/2021:10:58:50 +0100] "GET /support-metal-bottle-fireman-p-37407.html HTTP/1.0" 200 73391 "-" "Mozilla/5.0 (compatible; BLEXBot/1.0; +http://webmeup-crawler.com/)"
157.90.177.217 - - [02/Dec/2021:10:59:00 +0100] "GET /robots.txt HTTP/1.0" 301 531 "-" "Mozilla/5.0 (compatible; BLEXBot/1.0; +http://webmeup-crawler.com/)"
157.90.177.217 - - [02/Dec/2021:10:59:00 +0100] "GET /robots.txt HTTP/1.0" 200 245 "-" "Mozilla/5.0 (compatible; BLEXBot/1.0; +http://webmeup-crawler.com/)"
157.90.177.217 - - [02/Dec/2021:10:59:00 +0100] "GET /support-metal-bottle-fireman-p-48456.html HTTP/1.0" 200 74021 "-" "Mozilla/5.0 (compatible; BLEXBot/1.0; +http://webmeup-crawler.com/)"
157.90.177.217 - - [02/Dec/2021:10:59:07 +0100] "GET /support-metal-bottle-fisherman-p-39633.html HTTP/1.0" 200 73416 "-" "Mozilla/5.0 (compatible; BLEXBot/1.0; +http://webmeup-crawler.com/)"
157.90.177.217 - - [02/Dec/2021:10:59:14 +0100] "GET /support-metal-bottle-golfer-p-37637.html HTTP/1.0" 200 74196 "-" "Mozilla/5.0 (compatible; BLEXBot/1.0; +http://webmeup-crawler.com/)"
