157.90.177.217 - - [02/Dec/2021:08:07:14 +0100] "GET /mustache-black-shirt-p-31177.html HTTP/1.0" 200 75757 "-" "Mozilla/5.0 (compatible; BLEXBot/1.0; +http://webmeup-crawler.com/)"
157.55.39.223 - - [02/Dec/2021:08:07:17 +0100] "GET /images/3281640393609.jpg HTTP/1.0" 200 259 "-" "Mozilla/5.0 (compatible; bingbot/2.0; +http://www.bing.com/bingbot.htm)"
157.90.177.217 - - [02/Dec/2021:08:07:20 +0100] "GET /mustache-grey-shirt-p-33763.html HTTP/1.0" 200 74924 "-" "Mozilla/5.0 (compatible; BLEXBot/1.0; +http://webmeup-crawler.com/)"
185.191.171.14 - - [02/Dec/2021:08:07:24 +0100] "GET /georges-clounet-cups-espresso-p-19954.html HTTP/1.0" 200 70731 "-" "Mozilla/5.0 (compatible; SemrushBot/7~bl; +http://www.semrush.com/bot.html)"
157.90.177.217 - - [02/Dec/2021:08:07:27 +0100] "GET /mustache-keyring-cbkreation-p-43222.html HTTP/1.0" 200 73357 "-" "Mozilla/5.0 (compatible; BLEXBot/1.0; +http://webmeup-crawler.com/)"
185.191.171.16 - - [02/Dec/2021:08:07:28 +0100] "GET /small-baby-teeth-p-49166.html?action=add_product HTTP/1.0" 302 476 "-" "Mozilla/5.0 (compatible; SemrushBot/7~bl; +http://www.semrush.com/bot.html)"
157.90.177.217 - - [02/Dec/2021:08:07:34 +0100] "GET /mustache-light-pink-women-shirt-p-35909.html HTTP/1.0" 200 75541 "-" "Mozilla/5.0 (compatible; BLEXBot/1.0; +http://webmeup-crawler.com/)"
54.36.148.147 - - [02/Dec/2021:08:07:39 +0100] "GET /redskins-large-backpack-p-30574.html HTTP/1.0" 200 73681 "-" "Mozilla/5.0 (compatible; AhrefsBot/7.0; +http://ahrefs.com/robot/)"
157.90.177.217 - - [02/Dec/2021:08:07:40 +0100] "GET /mustache-money-cbkreation-p-16695.html HTTP/1.0" 200 73430 "-" "Mozilla/5.0 (compatible; BLEXBot/1.0; +http://webmeup-crawler.com/)"
157.55.39.228 - - [02/Dec/2021:08:07:49 +0100] "GET /money-boxes-c-13_83.html HTTP/1.0" 200 93061 "-" "Mozilla/5.0 (compatible; bingbot/2.0; +http://www.bing.com/bingbot.htm)"
157.90.177.217 - - [02/Dec/2021:08:07:51 +0100] "GET /mustache-mouse-cbkreation-p-19294.html HTTP/1.0" 200 73251 "-" "Mozilla/5.0 (compatible; BLEXBot/1.0; +http://webmeup-crawler.com/)"
157.90.177.217 - - [02/Dec/2021:08:07:56 +0100] "GET /mustache-mouse-cbkreation-p-20056.html HTTP/1.0" 200 73252 "-" "Mozilla/5.0 (compatible; BLEXBot/1.0; +http://webmeup-crawler.com/)"
157.90.177.217 - - [02/Dec/2021:08:08:03 +0100] "GET /mustache-purple-women-shirt-p-35910.html HTTP/1.0" 200 75255 "-" "Mozilla/5.0 (compatible; BLEXBot/1.0; +http://webmeup-crawler.com/)"
157.90.177.217 - - [02/Dec/2021:08:08:09 +0100] "GET /mustache-shirt-p-31178.html HTTP/1.0" 200 75149 "-" "Mozilla/5.0 (compatible; BLEXBot/1.0; +http://webmeup-crawler.com/)"
157.90.177.217 - - [02/Dec/2021:08:08:16 +0100] "GET /mustache-white-shirt-p-31176.html HTTP/1.0" 200 75199 "-" "Mozilla/5.0 (compatible; BLEXBot/1.0; +http://webmeup-crawler.com/)"
157.90.177.217 - - [02/Dec/2021:08:08:22 +0100] "GET /mustache-white-women-shirt-p-31174.html HTTP/1.0" 200 75285 "-" "Mozilla/5.0 (compatible; BLEXBot/1.0; +http://webmeup-crawler.com/)"
157.90.177.217 - - [02/Dec/2021:08:08:28 +0100] "GET /mustache-women-shirt-p-31175.html HTTP/1.0" 200 75205 "-" "Mozilla/5.0 (compatible; BLEXBot/1.0; +http://webmeup-crawler.com/)"
185.191.171.25 - - [02/Dec/2021:08:08:31 +0100] "GET /mala-moonstone-aa-quality-108-beads-p-45036.html HTTP/1.0" 301 76613 "-" "Mozilla/5.0 (compatible; SemrushBot/7~bl; +http://www.semrush.com/bot.html)"
185.191.171.36 - - [02/Dec/2021:08:08:34 +0100] "GET /mala-moonstone-quality-beads-p-45036.html HTTP/1.0" 200 76518 "-" "Mozilla/5.0 (compatible; SemrushBot/7~bl; +http://www.semrush.com/bot.html)"
157.90.177.217 - - [02/Dec/2021:08:08:36 +0100] "GET /mystic-skull-moneybox-p-52262.html HTTP/1.0" 200 73234 "-" "Mozilla/5.0 (compatible; BLEXBot/1.0; +http://webmeup-crawler.com/)"
157.90.177.217 - - [02/Dec/2021:08:08:41 +0100] "GET /mystic-skull-moneybox-p-52302.html HTTP/1.0" 200 73234 "-" "Mozilla/5.0 (compatible; BLEXBot/1.0; +http://webmeup-crawler.com/)"
157.90.177.217 - - [02/Dec/2021:08:08:48 +0100] "GET /mystic-skull-moneybox-p-52303.html HTTP/1.0" 200 73234 "-" "Mozilla/5.0 (compatible; BLEXBot/1.0; +http://webmeup-crawler.com/)"
216.244.66.242 - - [02/Dec/2021:08:08:53 +0100] "GET /little-buddha-collection-keychain-yellow-p-43058.html HTTP/1.0" 200 70783 "-" "Mozilla/5.0 (compatible; DotBot/1.2; +https://opensiteexplorer.org/dotbot; help@moz.com)"
157.90.177.217 - - [02/Dec/2021:08:08:54 +0100] "GET /napolon-rectangulary-cushion-cbkreation-p-28584.html HTTP/1.0" 200 73783 "-" "Mozilla/5.0 (compatible; BLEXBot/1.0; +http://webmeup-crawler.com/)"
185.191.171.21 - - [02/Dec/2021:08:08:55 +0100] "GET /cupcakes-cookie-p-24317.html?action=add_product HTTP/1.0" 302 476 "-" "Mozilla/5.0 (compatible; SemrushBot/7~bl; +http://www.semrush.com/bot.html)"
157.90.177.217 - - [02/Dec/2021:08:09:00 +0100] "GET /nappa-bedclothes-p-42396.html HTTP/1.0" 200 73340 "-" "Mozilla/5.0 (compatible; BLEXBot/1.0; +http://webmeup-crawler.com/)"
216.244.66.242 - - [02/Dec/2021:08:09:02 +0100] "GET /pyramide-salt-lamp-p-40318.html HTTP/1.0" 301 70680 "-" "Mozilla/5.0 (compatible; DotBot/1.2; +https://opensiteexplorer.org/dotbot; help@moz.com)"
157.90.177.217 - - [02/Dec/2021:08:09:10 +0100] "GET /narval-night-light-p-48239.html HTTP/1.0" 200 73919 "-" "Mozilla/5.0 (compatible; BLEXBot/1.0; +http://webmeup-crawler.com/)"
216.244.66.242 - - [02/Dec/2021:08:09:10 +0100] "GET /starry-russian-doll-white-samsung-galaxy-note-phone-cover-p-18484.html HTTP/1.0" 200 70889 "-" "Mozilla/5.0 (compatible; DotBot/1.2; +https://opensiteexplorer.org/dotbot; help@moz.com)"
157.90.177.217 - - [02/Dec/2021:08:09:19 +0100] "GET /nasa-bedclothes-p-49668.html HTTP/1.0" 200 74254 "-" "Mozilla/5.0 (compatible; BLEXBot/1.0; +http://webmeup-crawler.com/)"
216.244.66.242 - - [02/Dec/2021:08:09:20 +0100] "GET /uk-clock-by-cbkreation-p-24372.html HTTP/1.0" 301 73271 "-" "Mozilla/5.0 (compatible; DotBot/1.2; +https://opensiteexplorer.org/dotbot; help@moz.com)"
157.90.177.217 - - [02/Dec/2021:08:09:26 +0100] "GET /native-spirits-incense-p-55342.html HTTP/1.0" 200 75257 "-" "Mozilla/5.0 (compatible; BLEXBot/1.0; +http://webmeup-crawler.com/)"
157.90.177.217 - - [02/Dec/2021:08:09:34 +0100] "GET /natsuki-kimmidoll-swarovski-chain-bracelet-with-charm-p-15881.html HTTP/1.0" 200 74113 "-" "Mozilla/5.0 (compatible; BLEXBot/1.0; +http://webmeup-crawler.com/)"
54.36.148.239 - - [02/Dec/2021:08:09:39 +0100] "GET /amazon-love-cosmetic-purse-butterflies-p-50280.html HTTP/1.0" 200 73748 "-" "Mozilla/5.0 (compatible; AhrefsBot/7.0; +http://ahrefs.com/robot/)"
157.90.177.217 - - [02/Dec/2021:08:09:41 +0100] "GET /natural-floor-carpet-p-52149.html HTTP/1.0" 200 74059 "-" "Mozilla/5.0 (compatible; BLEXBot/1.0; +http://webmeup-crawler.com/)"
157.90.177.217 - - [02/Dec/2021:08:09:46 +0100] "GET /natural-floor-carpet-p-52150.html HTTP/1.0" 200 74066 "-" "Mozilla/5.0 (compatible; BLEXBot/1.0; +http://webmeup-crawler.com/)"
216.244.66.242 - - [02/Dec/2021:08:09:52 +0100] "GET /summer-paradis-surfboard-wooden-wall-decoration-p-47732.html HTTP/1.0" 200 70761 "-" "Mozilla/5.0 (compatible; DotBot/1.2; +https://opensiteexplorer.org/dotbot; help@moz.com)"
157.90.177.217 - - [02/Dec/2021:08:09:52 +0100] "GET /natural-floor-carpet-p-52151.html HTTP/1.0" 200 73449 "-" "Mozilla/5.0 (compatible; BLEXBot/1.0; +http://webmeup-crawler.com/)"
185.191.171.23 - - [02/Dec/2021:08:09:54 +0100] "GET /cats-dubout-magnet-cutie-p-33334.html?action=add_product HTTP/1.0" 302 476 "-" "Mozilla/5.0 (compatible; SemrushBot/7~bl; +http://www.semrush.com/bot.html)"
185.191.171.26 - - [02/Dec/2021:08:09:55 +0100] "GET /robots.txt HTTP/1.0" 200 245 "-" "Mozilla/5.0 (compatible; SemrushBot/7~bl; +http://www.semrush.com/bot.html)"
157.90.177.217 - - [02/Dec/2021:08:10:00 +0100] "GET /natural-floor-carpet-p-53236.html HTTP/1.0" 200 73451 "-" "Mozilla/5.0 (compatible; BLEXBot/1.0; +http://webmeup-crawler.com/)"
157.90.177.217 - - [02/Dec/2021:08:10:07 +0100] "GET /natural-rectangular-mirror-p-48541.html HTTP/1.0" 200 73368 "-" "Mozilla/5.0 (compatible; BLEXBot/1.0; +http://webmeup-crawler.com/)"
157.90.177.217 - - [02/Dec/2021:08:10:16 +0100] "GET /nausicaa-lampshade-p-55652.html HTTP/1.0" 200 74061 "-" "Mozilla/5.0 (compatible; BLEXBot/1.0; +http://webmeup-crawler.com/)"
157.90.177.217 - - [02/Dec/2021:08:10:22 +0100] "GET /nautilus-moroccan-ashtray-p-47858.html HTTP/1.0" 200 73227 "-" "Mozilla/5.0 (compatible; BLEXBot/1.0; +http://webmeup-crawler.com/)"
157.90.177.217 - - [02/Dec/2021:08:10:28 +0100] "GET /navy-blue-keychain-little-prince-p-47478.html HTTP/1.0" 200 73406 "-" "Mozilla/5.0 (compatible; BLEXBot/1.0; +http://webmeup-crawler.com/)"
157.90.177.217 - - [02/Dec/2021:08:10:34 +0100] "GET /neko-shirt-p-29601.html HTTP/1.0" 200 74333 "-" "Mozilla/5.0 (compatible; BLEXBot/1.0; +http://webmeup-crawler.com/)"
157.90.177.217 - - [02/Dec/2021:08:10:41 +0100] "GET /nelson-mandela-ornamental-brass-compass-p-56652.html HTTP/1.0" 200 74045 "-" "Mozilla/5.0 (compatible; BLEXBot/1.0; +http://webmeup-crawler.com/)"
157.90.177.217 - - [02/Dec/2021:08:10:51 +0100] "GET /nerf-darts-refill-elite-p-50965.html HTTP/1.0" 200 73027 "-" "Mozilla/5.0 (compatible; BLEXBot/1.0; +http://webmeup-crawler.com/)"
157.90.177.217 - - [02/Dec/2021:08:10:57 +0100] "GET /newton-small-balance-p-55992.html HTTP/1.0" 200 73863 "-" "Mozilla/5.0 (compatible; BLEXBot/1.0; +http://webmeup-crawler.com/)"
157.90.177.217 - - [02/Dec/2021:08:11:09 +0100] "GET /nici-ayumi-brown-mirror-p-33429.html HTTP/1.0" 200 73314 "-" "Mozilla/5.0 (compatible; BLEXBot/1.0; +http://webmeup-crawler.com/)"
157.90.177.217 - - [02/Dec/2021:08:11:20 +0100] "GET /nici-ayumi-green-mirror-p-33428.html HTTP/1.0" 200 73314 "-" "Mozilla/5.0 (compatible; BLEXBot/1.0; +http://webmeup-crawler.com/)"
157.90.177.217 - - [02/Dec/2021:08:11:27 +0100] "GET /nici-ayumi-pink-brown-shoulder-p-33440.html HTTP/1.0" 200 73755 "-" "Mozilla/5.0 (compatible; BLEXBot/1.0; +http://webmeup-crawler.com/)"
54.36.148.76 - - [02/Dec/2021:08:11:30 +0100] "GET /dubout-cats-compact-double-mirror-p-37046.html HTTP/1.0" 200 74873 "-" "Mozilla/5.0 (compatible; AhrefsBot/7.0; +http://ahrefs.com/robot/)"
149.248.7.213 - - [02/Dec/2021:08:11:34 +0100] "GET /images/mini_prod/1384010183823.jpg HTTP/1.0" 200 269 "-" "Mozilla/5.0 (X11; Ubuntu; Linux x86_64; rv:72.0) Gecko/20100101 Firefox/72.0"
157.90.177.217 - - [02/Dec/2021:08:11:34 +0100] "GET /nici-ayumi-pink-mirror-p-33431.html HTTP/1.0" 200 73306 "-" "Mozilla/5.0 (compatible; BLEXBot/1.0; +http://webmeup-crawler.com/)"
157.90.177.217 - - [02/Dec/2021:08:11:40 +0100] "GET /nici-bear-phone-case-p-23181.html HTTP/1.0" 200 73338 "-" "Mozilla/5.0 (compatible; BLEXBot/1.0; +http://webmeup-crawler.com/)"
157.90.177.217 - - [02/Dec/2021:08:11:44 +0100] "GET /nici-lucy-clock-p-11436.html HTTP/1.0" 200 73171 "-" "Mozilla/5.0 (compatible; BLEXBot/1.0; +http://webmeup-crawler.com/)"
157.90.177.217 - - [02/Dec/2021:08:11:49 +0100] "GET /nici-moonville-square-cushion-p-22293.html HTTP/1.0" 200 73599 "-" "Mozilla/5.0 (compatible; BLEXBot/1.0; +http://webmeup-crawler.com/)"
216.244.66.242 - - [02/Dec/2021:08:11:54 +0100] "GET /happy-vintage-shirt-p-29607.html HTTP/1.0" 200 74421 "-" "Mozilla/5.0 (compatible; DotBot/1.2; +https://opensiteexplorer.org/dotbot; help@moz.com)"
157.90.177.217 - - [02/Dec/2021:08:11:55 +0100] "GET /nici-plush-collection-bubble-bunny-p-35157.html HTTP/1.0" 200 80195 "-" "Mozilla/5.0 (compatible; BLEXBot/1.0; +http://webmeup-crawler.com/)"
185.191.171.12 - - [02/Dec/2021:08:11:59 +0100] "GET /tetsubin-green-teapot-japanese-liter-p-38415.html HTTP/1.0" 200 73592 "-" "Mozilla/5.0 (compatible; SemrushBot/7~bl; +http://www.semrush.com/bot.html)"
185.191.171.22 - - [02/Dec/2021:08:12:02 +0100] "GET /industrial-clock-with-gears-p-53018.html HTTP/1.0" 200 74004 "-" "Mozilla/5.0 (compatible; SemrushBot/7~bl; +http://www.semrush.com/bot.html)"
157.90.177.217 - - [02/Dec/2021:08:12:04 +0100] "GET /nici-plush-collection-bubble-giraffe-p-35155.html HTTP/1.0" 200 80211 "-" "Mozilla/5.0 (compatible; BLEXBot/1.0; +http://webmeup-crawler.com/)"
157.90.177.217 - - [02/Dec/2021:08:12:13 +0100] "GET /nici-plush-collection-bubble-p-35159.html HTTP/1.0" 200 80171 "-" "Mozilla/5.0 (compatible; BLEXBot/1.0; +http://webmeup-crawler.com/)"
157.90.177.217 - - [02/Dec/2021:08:12:21 +0100] "GET /nici-plush-collection-bubble-panda-p-35153.html HTTP/1.0" 200 80195 "-" "Mozilla/5.0 (compatible; BLEXBot/1.0; +http://webmeup-crawler.com/)"
185.191.171.43 - - [02/Dec/2021:08:12:27 +0100] "GET /espresso-cups-restaurant-mustache-p-26483.html HTTP/1.0" 200 70743 "-" "Mozilla/5.0 (compatible; SemrushBot/7~bl; +http://www.semrush.com/bot.html)"
185.191.171.6 - - [02/Dec/2021:08:12:30 +0100] "GET /key-box-wood-white-house-p-37734.html HTTP/1.0" 301 70680 "-" "Mozilla/5.0 (compatible; SemrushBot/7~bl; +http://www.semrush.com/bot.html)"
157.90.177.217 - - [02/Dec/2021:08:12:31 +0100] "GET /nici-plush-collection-bubble-penguin-p-35154.html HTTP/1.0" 200 80248 "-" "Mozilla/5.0 (compatible; BLEXBot/1.0; +http://webmeup-crawler.com/)"
185.191.171.4 - - [02/Dec/2021:08:12:33 +0100] "GET /-p-37734.html HTTP/1.0" 200 70613 "-" "Mozilla/5.0 (compatible; SemrushBot/7~bl; +http://www.semrush.com/bot.html)"
185.191.171.23 - - [02/Dec/2021:08:12:37 +0100] "GET /gund-grumpy-cat-soft-toy-14-cm-p-36952.html HTTP/1.0" 301 70680 "-" "Mozilla/5.0 (compatible; SemrushBot/7~bl; +http://www.semrush.com/bot.html)"
157.90.177.217 - - [02/Dec/2021:08:12:38 +0100] "GET /nici-sheep-keyring-p-33458.html HTTP/1.0" 200 73225 "-" "Mozilla/5.0 (compatible; BLEXBot/1.0; +http://webmeup-crawler.com/)"
185.191.171.10 - - [02/Dec/2021:08:12:40 +0100] "GET /-p-36952.html HTTP/1.0" 200 70613 "-" "Mozilla/5.0 (compatible; SemrushBot/7~bl; +http://www.semrush.com/bot.html)"
157.90.177.217 - - [02/Dec/2021:08:12:45 +0100] "GET /nici-wallet-mirror-p-19274.html HTTP/1.0" 200 73797 "-" "Mozilla/5.0 (compatible; BLEXBot/1.0; +http://webmeup-crawler.com/)"
157.90.177.217 - - [02/Dec/2021:08:12:57 +0100] "GET /night-light-jade-peacock-p-50819.html HTTP/1.0" 200 74176 "-" "Mozilla/5.0 (compatible; BLEXBot/1.0; +http://webmeup-crawler.com/)"
157.55.39.108 - - [02/Dec/2021:08:13:06 +0100] "GET /calimero-m-15.html HTTP/1.0" 200 83426 "-" "Mozilla/5.0 (compatible; bingbot/2.0; +http://www.bing.com/bingbot.htm)"
17.121.113.39 - - [02/Dec/2021:08:13:11 +0100] "GET /images/mini_prod/8422087179332.jpg HTTP/1.0" 200 269 "-" "Mozilla/5.0 (Macintosh; Intel Mac OS X 10_15_5) AppleWebKit/605.1.15 (KHTML, like Gecko) Version/13.1.1 Safari/605.1.15 (Applebot/0.1; +http://www.apple.com/go/applebot)"
157.90.177.217 - - [02/Dec/2021:08:13:08 +0100] "GET /night-light-p-26899.html HTTP/1.0" 200 73294 "-" "Mozilla/5.0 (compatible; BLEXBot/1.0; +http://webmeup-crawler.com/)"
216.244.66.242 - - [02/Dec/2021:08:13:09 +0100] "GET /minions-despicable-backpack-p-35791.html HTTP/1.0" 200 74169 "-" "Mozilla/5.0 (compatible; DotBot/1.2; +https://opensiteexplorer.org/dotbot; help@moz.com)"
149.248.7.213 - - [02/Dec/2021:08:13:16 +0100] "GET /images/mini_prod/3453131150996.jpg HTTP/1.0" 200 269 "-" "Mozilla/5.0 (X11; Ubuntu; Linux x86_64; rv:72.0) Gecko/20100101 Firefox/72.0"
157.90.177.217 - - [02/Dec/2021:08:13:17 +0100] "GET /night-light-shape-fawn-p-52618.html HTTP/1.0" 200 73991 "-" "Mozilla/5.0 (compatible; BLEXBot/1.0; +http://webmeup-crawler.com/)"
54.36.148.68 - - [02/Dec/2021:08:13:23 +0100] "GET /bamboo-fiber-plant-cover-p-55177.html HTTP/1.0" 200 73888 "-" "Mozilla/5.0 (compatible; AhrefsBot/7.0; +http://ahrefs.com/robot/)"
157.90.177.217 - - [02/Dec/2021:08:13:23 +0100] "GET /night-lights-c-86_278.html?page=1 HTTP/1.0" 200 92151 "-" "Mozilla/5.0 (compatible; BLEXBot/1.0; +http://webmeup-crawler.com/)"
157.90.177.217 - - [02/Dec/2021:08:13:30 +0100] "GET /night-lights-c-86_278.html?page=2 HTTP/1.0" 200 91118 "-" "Mozilla/5.0 (compatible; BLEXBot/1.0; +http://webmeup-crawler.com/)"
157.90.177.217 - - [02/Dec/2021:08:13:38 +0100] "GET /nightlight-llama-p-45334.html HTTP/1.0" 200 73257 "-" "Mozilla/5.0 (compatible; BLEXBot/1.0; +http://webmeup-crawler.com/)"
157.90.177.217 - - [02/Dec/2021:08:13:45 +0100] "GET /nightlight-shape-hedgehog-p-56060.html HTTP/1.0" 200 74201 "-" "Mozilla/5.0 (compatible; BLEXBot/1.0; +http://webmeup-crawler.com/)"
157.90.177.217 - - [02/Dec/2021:08:13:51 +0100] "GET /nightlight-shaped-bear-multicolor-p-42887.html HTTP/1.0" 200 73403 "-" "Mozilla/5.0 (compatible; BLEXBot/1.0; +http://webmeup-crawler.com/)"
157.90.177.217 - - [02/Dec/2021:08:13:56 +0100] "GET /nightlight-shaped-bear-p-49218.html HTTP/1.0" 200 73286 "-" "Mozilla/5.0 (compatible; BLEXBot/1.0; +http://webmeup-crawler.com/)"
157.90.177.217 - - [02/Dec/2021:08:14:02 +0100] "GET /nightlight-shaped-bird-p-44649.html HTTP/1.0" 200 73922 "-" "Mozilla/5.0 (compatible; BLEXBot/1.0; +http://webmeup-crawler.com/)"
185.191.171.5 - - [02/Dec/2021:08:14:07 +0100] "GET /-p-29475.html?action=add_product HTTP/1.0" 302 476 "-" "Mozilla/5.0 (compatible; SemrushBot/7~bl; +http://www.semrush.com/bot.html)"
157.90.177.217 - - [02/Dec/2021:08:14:09 +0100] "GET /nightlight-shaped-multicolor-p-35349.html HTTP/1.0" 200 73385 "-" "Mozilla/5.0 (compatible; BLEXBot/1.0; +http://webmeup-crawler.com/)"
157.90.177.217 - - [02/Dec/2021:08:14:15 +0100] "GET /nightlight-shaped-p-44650.html HTTP/1.0" 200 73867 "-" "Mozilla/5.0 (compatible; BLEXBot/1.0; +http://webmeup-crawler.com/)"
157.90.177.217 - - [02/Dec/2021:08:14:23 +0100] "GET /nightlight-shaped-panda-p-37826.html HTTP/1.0" 200 73287 "-" "Mozilla/5.0 (compatible; BLEXBot/1.0; +http://webmeup-crawler.com/)"
157.90.177.217 - - [02/Dec/2021:08:14:30 +0100] "GET /nightlight-shaped-poodle-p-35643.html HTTP/1.0" 200 73332 "-" "Mozilla/5.0 (compatible; BLEXBot/1.0; +http://webmeup-crawler.com/)"
157.90.177.217 - - [02/Dec/2021:08:14:38 +0100] "GET /nightlight-shaped-rabbit-multicolor-p-37825.html HTTP/1.0" 200 74255 "-" "Mozilla/5.0 (compatible; BLEXBot/1.0; +http://webmeup-crawler.com/)"
157.90.177.217 - - [02/Dec/2021:08:14:42 +0100] "GET /nightlight-shaped-rabbit-multicolor-p-42888.html HTTP/1.0" 200 74048 "-" "Mozilla/5.0 (compatible; BLEXBot/1.0; +http://webmeup-crawler.com/)"
157.90.177.217 - - [02/Dec/2021:08:14:49 +0100] "GET /nightlight-shaped-rabbit-p-37286.html HTTP/1.0" 200 73294 "-" "Mozilla/5.0 (compatible; BLEXBot/1.0; +http://webmeup-crawler.com/)"
157.90.177.217 - - [02/Dec/2021:08:14:59 +0100] "GET /nightlight-shaped-squirrel-p-55217.html HTTP/1.0" 200 73937 "-" "Mozilla/5.0 (compatible; BLEXBot/1.0; +http://webmeup-crawler.com/)"
49.7.20.138 - - [02/Dec/2021:08:15:01 +0100] "GET /decorations-c-89.html HTTP/1.0" 301 91808 "-" "Sogou web spider/4.0(+http://www.sogou.com/docs/help/webmasters.htm#07)"
157.90.177.217 - - [02/Dec/2021:08:15:07 +0100] "GET /ninja-turtles-black-p-21403.html HTTP/1.0" 200 73261 "-" "Mozilla/5.0 (compatible; BLEXBot/1.0; +http://webmeup-crawler.com/)"
157.90.177.217 - - [02/Dec/2021:08:15:14 +0100] "GET /nintendo-mushroom-shirt-p-29606.html HTTP/1.0" 200 74431 "-" "Mozilla/5.0 (compatible; BLEXBot/1.0; +http://webmeup-crawler.com/)"
54.36.148.38 - - [02/Dec/2021:08:15:15 +0100] "GET /gift-infuser-buddha-blue-p-55593.html HTTP/1.0" 200 75105 "-" "Mozilla/5.0 (compatible; AhrefsBot/7.0; +http://ahrefs.com/robot/)"
157.90.177.217 - - [02/Dec/2021:08:15:23 +0100] "GET /nippon-doll-cosmetic-pouch-p-26866.html HTTP/1.0" 200 73528 "-" "Mozilla/5.0 (compatible; BLEXBot/1.0; +http://webmeup-crawler.com/)"
157.90.177.217 - - [02/Dec/2021:08:15:29 +0100] "GET /nippon-doll-cosmetic-pouch-p-26867.html HTTP/1.0" 200 74171 "-" "Mozilla/5.0 (compatible; BLEXBot/1.0; +http://webmeup-crawler.com/)"
157.90.177.217 - - [02/Dec/2021:08:15:36 +0100] "GET /nippon-doll-cosmetic-pouch-p-26868.html HTTP/1.0" 200 73529 "-" "Mozilla/5.0 (compatible; BLEXBot/1.0; +http://webmeup-crawler.com/)"
157.90.177.217 - - [02/Dec/2021:08:15:41 +0100] "GET /nippon-doll-cosmetic-pouch-p-26869.html HTTP/1.0" 200 74171 "-" "Mozilla/5.0 (compatible; BLEXBot/1.0; +http://webmeup-crawler.com/)"
157.90.177.217 - - [02/Dec/2021:08:15:47 +0100] "GET /nippon-doll-cosmetic-pouch-p-26870.html HTTP/1.0" 200 73530 "-" "Mozilla/5.0 (compatible; BLEXBot/1.0; +http://webmeup-crawler.com/)"
157.90.177.217 - - [02/Dec/2021:08:15:54 +0100] "GET /nippon-doll-cosmetic-pouch-p-26871.html HTTP/1.0" 200 73530 "-" "Mozilla/5.0 (compatible; BLEXBot/1.0; +http://webmeup-crawler.com/)"
157.90.177.217 - - [02/Dec/2021:08:16:03 +0100] "GET /nippon-doll-cosmetic-pouch-p-26872.html HTTP/1.0" 200 73530 "-" "Mozilla/5.0 (compatible; BLEXBot/1.0; +http://webmeup-crawler.com/)"
185.191.171.45 - - [02/Dec/2021:08:16:09 +0100] "GET /gorjuss-pulling-your-heartstrings-pencil-case-p-32743.html?action=add_product HTTP/1.0" 302 476 "-" "Mozilla/5.0 (compatible; SemrushBot/7~bl; +http://www.semrush.com/bot.html)"
157.90.177.217 - - [02/Dec/2021:08:16:11 +0100] "GET /nippon-doll-cosmetic-pouch-p-26873.html HTTP/1.0" 200 73530 "-" "Mozilla/5.0 (compatible; BLEXBot/1.0; +http://webmeup-crawler.com/)"
49.7.20.113 - - [02/Dec/2021:08:16:21 +0100] "GET / HTTP/1.0" 200 151740 "-" "Sogou web spider/4.0(+http://www.sogou.com/docs/help/webmasters.htm#07)"
157.90.177.217 - - [02/Dec/2021:08:16:23 +0100] "GET /nippon-doll-shoulder-p-27007.html HTTP/1.0" 200 73645 "-" "Mozilla/5.0 (compatible; BLEXBot/1.0; +http://webmeup-crawler.com/)"
66.249.68.40 - - [02/Dec/2021:08:16:28 +0100] "GET /images/mini_prod/ZZ8712159167115.jpg HTTP/1.0" 200 271 "-" "Googlebot-Image/1.0"
185.191.171.33 - - [02/Dec/2021:08:16:28 +0100] "GET /motocycle-clothespins-p-44906.html HTTP/1.0" 301 70680 "-" "Mozilla/5.0 (compatible; SemrushBot/7~bl; +http://www.semrush.com/bot.html)"
185.191.171.7 - - [02/Dec/2021:08:16:30 +0100] "GET /-p-44906.html HTTP/1.0" 200 70613 "-" "Mozilla/5.0 (compatible; SemrushBot/7~bl; +http://www.semrush.com/bot.html)"
157.90.177.217 - - [02/Dec/2021:08:16:31 +0100] "GET /nippon-doll-shoulder-p-27008.html HTTP/1.0" 200 73645 "-" "Mozilla/5.0 (compatible; BLEXBot/1.0; +http://webmeup-crawler.com/)"
157.90.177.217 - - [02/Dec/2021:08:16:37 +0100] "GET /nippon-doll-shoulder-p-27009.html HTTP/1.0" 200 73646 "-" "Mozilla/5.0 (compatible; BLEXBot/1.0; +http://webmeup-crawler.com/)"
157.90.177.217 - - [02/Dec/2021:08:16:51 +0100] "GET /niro-bedclothes-p-51601.html HTTP/1.0" 200 73279 "-" "Mozilla/5.0 (compatible; BLEXBot/1.0; +http://webmeup-crawler.com/)"
157.90.177.217 - - [02/Dec/2021:08:16:58 +0100] "GET /niro-bedclothes-p-51602.html HTTP/1.0" 200 73284 "-" "Mozilla/5.0 (compatible; BLEXBot/1.0; +http://webmeup-crawler.com/)"
165.154.72.231 - - [02/Dec/2021:08:17:04 +0100] "GET /images/mini_prod/5018997513248.jpg HTTP/1.0" 200 269 "-" "Mozilla/5.0 (X11; Ubuntu; Linux x86_64; rv:72.0) Gecko/20100101 Firefox/72.0"
185.191.171.16 - - [02/Dec/2021:08:17:05 +0100] "GET /small-baby-teeth-eliot-p-56211.html?action=add_product HTTP/1.0" 302 476 "-" "Mozilla/5.0 (compatible; SemrushBot/7~bl; +http://www.semrush.com/bot.html)"
157.90.177.217 - - [02/Dec/2021:08:17:05 +0100] "GET /nitro-backpack-black-denim-p-35707.html HTTP/1.0" 200 73647 "-" "Mozilla/5.0 (compatible; BLEXBot/1.0; +http://webmeup-crawler.com/)"
54.36.148.146 - - [02/Dec/2021:08:17:12 +0100] "GET /tablecloths-c-11_176.html?page=3 HTTP/1.0" 200 91761 "-" "Mozilla/5.0 (compatible; AhrefsBot/7.0; +http://ahrefs.com/robot/)"
157.90.177.217 - - [02/Dec/2021:08:17:12 +0100] "GET /nitro-backpack-urban-classic-p-35709.html HTTP/1.0" 200 73663 "-" "Mozilla/5.0 (compatible; BLEXBot/1.0; +http://webmeup-crawler.com/)"
157.90.177.217 - - [02/Dec/2021:08:17:20 +0100] "GET /robots.txt HTTP/1.0" 301 531 "-" "Mozilla/5.0 (compatible; BLEXBot/1.0; +http://webmeup-crawler.com/)"
157.90.177.217 - - [02/Dec/2021:08:17:20 +0100] "GET /robots.txt HTTP/1.0" 200 245 "-" "Mozilla/5.0 (compatible; BLEXBot/1.0; +http://webmeup-crawler.com/)"
157.90.177.217 - - [02/Dec/2021:08:17:20 +0100] "GET /nodding-toys-p-53221.html HTTP/1.0" 200 73309 "-" "Mozilla/5.0 (compatible; BLEXBot/1.0; +http://webmeup-crawler.com/)"
157.90.177.217 - - [02/Dec/2021:08:17:24 +0100] "GET /noddy-baby-training-p-18269.html HTTP/1.0" 200 73267 "-" "Mozilla/5.0 (compatible; BLEXBot/1.0; +http://webmeup-crawler.com/)"
157.90.177.217 - - [02/Dec/2021:08:17:31 +0100] "GET /noddy-swimsuit-p-30585.html HTTP/1.0" 200 74343 "-" "Mozilla/5.0 (compatible; BLEXBot/1.0; +http://webmeup-crawler.com/)"
157.90.177.217 - - [02/Dec/2021:08:17:36 +0100] "GET /nordic-noel-mini-hanging-ornaments-heartwood-creek-p-52198.html HTTP/1.0" 200 74564 "-" "Mozilla/5.0 (compatible; BLEXBot/1.0; +http://webmeup-crawler.com/)"
157.90.177.217 - - [02/Dec/2021:08:17:43 +0100] "GET /norika-protective-hard-case-iphone-p-11365.html HTTP/1.0" 200 73530 "-" "Mozilla/5.0 (compatible; BLEXBot/1.0; +http://webmeup-crawler.com/)"
157.90.177.217 - - [02/Dec/2021:08:17:48 +0100] "GET /northern-lights-projector-night-light-bear-floe-p-56595.html HTTP/1.0" 200 74264 "-" "Mozilla/5.0 (compatible; BLEXBot/1.0; +http://webmeup-crawler.com/)"
157.90.177.217 - - [02/Dec/2021:08:17:54 +0100] "GET /norway-clock-cbkreation-p-36929.html HTTP/1.0" 200 73259 "-" "Mozilla/5.0 (compatible; BLEXBot/1.0; +http://webmeup-crawler.com/)"
157.90.177.217 - - [02/Dec/2021:08:18:00 +0100] "GET /norway-ecru-bedclothes-p-51589.html HTTP/1.0" 200 73387 "-" "Mozilla/5.0 (compatible; BLEXBot/1.0; +http://webmeup-crawler.com/)"
185.191.171.5 - - [02/Dec/2021:08:18:04 +0100] "GET /isothermic-stainless-steel-bottle-aquarius-cbkreation-p-51036.html?action=add_product HTTP/1.0" 302 476 "-" "Mozilla/5.0 (compatible; SemrushBot/7~bl; +http://www.semrush.com/bot.html)"
51.68.224.127 - - [02/Dec/2021:08:18:07 +0100] "GET /adminweb/export_orders_xml.php?token=256de2z6edz6ed2z6DFSFsed2zed6zeDSFDSGdzedezfzf&maxorders=10&orderstart=1&status=14&start_date=2018-10-01 HTTP/1.0" 200 285 "-" "GesCom CharlotteBoutik Serveur"
51.68.224.127 - - [02/Dec/2021:08:18:07 +0100] "GET /adminweb/export_orders_xml.php?token=256de2z6edz6ed2z6DFSFsed2zed6zeDSFDSGdzedezfzf&maxorders=10&orderstart=1&status=6&start_date=2018-10-01 HTTP/1.0" 200 32471 "-" "GesCom CharlotteBoutik Serveur"
157.90.177.217 - - [02/Dec/2021:08:18:12 +0100] "GET /norway-ecru-bedclothes-p-51595.html HTTP/1.0" 200 73387 "-" "Mozilla/5.0 (compatible; BLEXBot/1.0; +http://webmeup-crawler.com/)"
157.90.177.217 - - [02/Dec/2021:08:18:21 +0100] "GET /number-keyring-p-22629.html HTTP/1.0" 200 73192 "-" "Mozilla/5.0 (compatible; BLEXBot/1.0; +http://webmeup-crawler.com/)"
185.191.171.22 - - [02/Dec/2021:08:18:26 +0100] "GET /taraxacum-flowers-lighting-p-42368.html?action=add_product HTTP/1.0" 302 476 "-" "Mozilla/5.0 (compatible; SemrushBot/7~bl; +http://www.semrush.com/bot.html)"
157.90.177.217 - - [02/Dec/2021:08:18:26 +0100] "GET /number-p-52130.html HTTP/1.0" 200 73172 "-" "Mozilla/5.0 (compatible; BLEXBot/1.0; +http://webmeup-crawler.com/)"
185.191.171.17 - - [02/Dec/2021:08:18:29 +0100] "GET /ninja-turtles-storage-stool-p-27533.html HTTP/1.0" 200 73137 "-" "Mozilla/5.0 (compatible; SemrushBot/7~bl; +http://www.semrush.com/bot.html)"
165.154.72.231 - - [02/Dec/2021:08:18:38 +0100] "GET /images/mini_prod/070209_191201_PEEL_gnVzFs.jpg HTTP/1.0" 200 281 "-" "Mozilla/5.0 (X11; Ubuntu; Linux x86_64; rv:72.0) Gecko/20100101 Firefox/72.0"
157.90.177.217 - - [02/Dec/2021:08:18:39 +0100] "GET /nuova-fiat-blue-shoulder-p-17078.html HTTP/1.0" 200 73665 "-" "Mozilla/5.0 (compatible; BLEXBot/1.0; +http://webmeup-crawler.com/)"
157.90.177.217 - - [02/Dec/2021:08:18:51 +0100] "GET /nuova-fiat-shoulder-p-23065.html HTTP/1.0" 200 74082 "-" "Mozilla/5.0 (compatible; BLEXBot/1.0; +http://webmeup-crawler.com/)"
54.36.149.46 - - [02/Dec/2021:08:18:57 +0100] "GET /mini-melamine-tray-p-55843.html HTTP/1.0" 200 73307 "-" "Mozilla/5.0 (compatible; AhrefsBot/7.0; +http://ahrefs.com/robot/)"
157.90.177.217 - - [02/Dec/2021:08:18:58 +0100] "GET /office-ashtray-boat-p-52813.html HTTP/1.0" 200 73820 "-" "Mozilla/5.0 (compatible; BLEXBot/1.0; +http://webmeup-crawler.com/)"
157.90.177.217 - - [02/Dec/2021:08:19:07 +0100] "GET /olaf-disney-purple-clock-p-33969.html HTTP/1.0" 200 73250 "-" "Mozilla/5.0 (compatible; BLEXBot/1.0; +http://webmeup-crawler.com/)"
157.90.177.217 - - [02/Dec/2021:08:19:13 +0100] "GET /olaf-frozen-figure-tree-ornament-p-30720.html HTTP/1.0" 200 73451 "-" "Mozilla/5.0 (compatible; BLEXBot/1.0; +http://webmeup-crawler.com/)"
185.191.171.40 - - [02/Dec/2021:08:19:16 +0100] "GET /lagoona-blue-figure-p-22568.html?action=add_product HTTP/1.0" 302 476 "-" "Mozilla/5.0 (compatible; SemrushBot/7~bl; +http://www.semrush.com/bot.html)"
157.90.177.217 - - [02/Dec/2021:08:19:23 +0100] "GET /olaf-placemat-p-31706.html HTTP/1.0" 200 73261 "-" "Mozilla/5.0 (compatible; BLEXBot/1.0; +http://webmeup-crawler.com/)"
40.91.75.111 - - [02/Dec/2021:08:19:24 +0100] "GET /images/1399984253496.jpg HTTP/1.0" 200 259 "-" "Mozilla/4.0 (compatible; MSIE 7.0; Windows NT 6.0)"
157.90.177.217 - - [02/Dec/2021:08:19:28 +0100] "GET /olaf-placemat-p-31707.html HTTP/1.0" 200 73247 "-" "Mozilla/5.0 (compatible; BLEXBot/1.0; +http://webmeup-crawler.com/)"
157.90.177.217 - - [02/Dec/2021:08:19:34 +0100] "GET /oldsmobile-canvas-frame-p-19744.html HTTP/1.0" 200 73328 "-" "Mozilla/5.0 (compatible; BLEXBot/1.0; +http://webmeup-crawler.com/)"
157.55.39.228 - - [02/Dec/2021:08:19:40 +0100] "GET /images/big_prod_2/8424346352654C.jpg HTTP/1.0" 200 271 "-" "Mozilla/5.0 (compatible; bingbot/2.0; +http://www.bing.com/bingbot.htm)"
157.90.177.217 - - [02/Dec/2021:08:19:42 +0100] "GET /olga-tooth-p-56882.html HTTP/1.0" 200 73867 "-" "Mozilla/5.0 (compatible; BLEXBot/1.0; +http://webmeup-crawler.com/)"
157.90.177.217 - - [02/Dec/2021:08:19:49 +0100] "GET /olive-ceramic-p-54507.html HTTP/1.0" 200 73189 "-" "Mozilla/5.0 (compatible; BLEXBot/1.0; +http://webmeup-crawler.com/)"
157.90.177.217 - - [02/Dec/2021:08:19:54 +0100] "GET /olives-mini-rectangular-tray-p-54917.html HTTP/1.0" 200 73396 "-" "Mozilla/5.0 (compatible; BLEXBot/1.0; +http://webmeup-crawler.com/)"
157.90.177.217 - - [02/Dec/2021:08:20:00 +0100] "GET /olivia-paris-cosmetic-p-16804.html HTTP/1.0" 200 73442 "-" "Mozilla/5.0 (compatible; BLEXBot/1.0; +http://webmeup-crawler.com/)"
157.90.177.217 - - [02/Dec/2021:08:20:09 +0100] "GET /olivia-paris-cosmetic-p-16805.html HTTP/1.0" 200 73440 "-" "Mozilla/5.0 (compatible; BLEXBot/1.0; +http://webmeup-crawler.com/)"
17.121.113.88 - - [02/Dec/2021:08:20:12 +0100] "GET /images/med_prod/3660173152707.jpg HTTP/1.0" 200 268 "-" "Mozilla/5.0 (Macintosh; Intel Mac OS X 10_15_5) AppleWebKit/605.1.15 (KHTML, like Gecko) Version/13.1.1 Safari/605.1.15 (Applebot/0.1; +http://www.apple.com/go/applebot)"
157.90.177.217 - - [02/Dec/2021:08:20:16 +0100] "GET /olivier-soap-soap-p-40112.html HTTP/1.0" 200 73560 "-" "Mozilla/5.0 (compatible; BLEXBot/1.0; +http://webmeup-crawler.com/)"
54.236.1.13 - - [02/Dec/2021:08:20:17 +0100] "GET /bob-marley-rectangular-mirror-p-12900.html HTTP/1.0" 301 70680 "-" "Mozilla/5.0 (compatible; Pinterestbot/1.0; +http://www.pinterest.com/bot.html)"
54.236.1.13 - - [02/Dec/2021:08:20:19 +0100] "GET /-p-12900.html HTTP/1.0" 200 70613 "-" "Mozilla/5.0 (compatible; Pinterestbot/1.0; +http://www.pinterest.com/bot.html)"
185.191.171.9 - - [02/Dec/2021:08:20:22 +0100] "GET /tibetan-treasure-hand-painted-flowers-p-54960.html?action=add_product HTTP/1.0" 302 476 "-" "Mozilla/5.0 (compatible; SemrushBot/7~bl; +http://www.semrush.com/bot.html)"
157.90.177.217 - - [02/Dec/2021:08:20:23 +0100] "GET /olympique-marseille-ashtray-p-54363.html HTTP/1.0" 200 73896 "-" "Mozilla/5.0 (compatible; BLEXBot/1.0; +http://webmeup-crawler.com/)"
157.90.177.217 - - [02/Dec/2021:08:20:31 +0100] "GET /olympique-marseille-backpack-p-52185.html HTTP/1.0" 200 74081 "-" "Mozilla/5.0 (compatible; BLEXBot/1.0; +http://webmeup-crawler.com/)"
66.249.68.38 - - [02/Dec/2021:08:20:31 +0100] "GET /art-hearts-butterfly-p-39363.html HTTP/1.0" 301 74627 "-" "Mozilla/5.0 (compatible; Googlebot/2.1; +http://www.google.com/bot.html)"
66.249.68.42 - - [02/Dec/2021:08:20:34 +0100] "GET /hearts-butterfly-p-39363.html HTTP/1.0" 200 74544 "-" "Mozilla/5.0 (compatible; Googlebot/2.1; +http://www.google.com/bot.html)"
157.90.177.217 - - [02/Dec/2021:08:20:41 +0100] "GET /olympique-marseille-beer-glasses-p-46527.html HTTP/1.0" 200 73346 "-" "Mozilla/5.0 (compatible; BLEXBot/1.0; +http://webmeup-crawler.com/)"
157.90.177.217 - - [02/Dec/2021:08:20:47 +0100] "GET /olympique-marseille-black-bowl-p-38006.html HTTP/1.0" 200 73293 "-" "Mozilla/5.0 (compatible; BLEXBot/1.0; +http://webmeup-crawler.com/)"
54.36.149.58 - - [02/Dec/2021:08:20:49 +0100] "GET /paris-wooden-frame-p-29215.html HTTP/1.0" 200 73209 "-" "Mozilla/5.0 (compatible; AhrefsBot/7.0; +http://ahrefs.com/robot/)"
157.90.177.217 - - [02/Dec/2021:08:20:55 +0100] "GET /olympique-marseille-cardboard-coaster-p-54144.html HTTP/1.0" 200 73348 "-" "Mozilla/5.0 (compatible; BLEXBot/1.0; +http://webmeup-crawler.com/)"
157.90.177.217 - - [02/Dec/2021:08:21:02 +0100] "GET /olympique-marseille-ceramic-espresso-cups-p-50784.html HTTP/1.0" 200 73498 "-" "Mozilla/5.0 (compatible; BLEXBot/1.0; +http://webmeup-crawler.com/)"
185.191.171.19 - - [02/Dec/2021:08:21:08 +0100] "GET /candy-cloud-pen-candy-p-49875.html HTTP/1.0" 301 73674 "-" "Mozilla/5.0 (compatible; SemrushBot/7~bl; +http://www.semrush.com/bot.html)"
157.90.177.217 - - [02/Dec/2021:08:21:10 +0100] "GET /olympique-marseille-large-backpack-p-19700.html HTTP/1.0" 200 73485 "-" "Mozilla/5.0 (compatible; BLEXBot/1.0; +http://webmeup-crawler.com/)"
185.191.171.9 - - [02/Dec/2021:08:21:11 +0100] "GET /candy-cloud-candy-p-49875.html HTTP/1.0" 200 73590 "-" "Mozilla/5.0 (compatible; SemrushBot/7~bl; +http://www.semrush.com/bot.html)"
157.90.177.217 - - [02/Dec/2021:08:21:22 +0100] "GET /om-mug-p-52127.html HTTP/1.0" 200 73078 "-" "Mozilla/5.0 (compatible; BLEXBot/1.0; +http://webmeup-crawler.com/)"
157.90.177.217 - - [02/Dec/2021:08:21:31 +0100] "GET /om784-carbon-incense-holder-p-46560.html HTTP/1.0" 200 73430 "-" "Mozilla/5.0 (compatible; BLEXBot/1.0; +http://webmeup-crawler.com/)"
157.90.177.217 - - [02/Dec/2021:08:21:38 +0100] "GET /opera-rock-bedclothes-p-35317.html HTTP/1.0" 200 73342 "-" "Mozilla/5.0 (compatible; BLEXBot/1.0; +http://webmeup-crawler.com/)"
185.191.171.45 - - [02/Dec/2021:08:21:43 +0100] "GET /tassen-mood-made-germany-p-43327.html HTTP/1.0" 200 73581 "-" "Mozilla/5.0 (compatible; SemrushBot/7~bl; +http://www.semrush.com/bot.html)"
157.90.177.217 - - [02/Dec/2021:08:21:48 +0100] "GET /orange-adult-cotton-apron-p-44334.html HTTP/1.0" 200 73224 "-" "Mozilla/5.0 (compatible; BLEXBot/1.0; +http://webmeup-crawler.com/)"
157.90.177.217 - - [02/Dec/2021:08:21:54 +0100] "GET /orange-adult-cotton-apron-p-44335.html HTTP/1.0" 200 73224 "-" "Mozilla/5.0 (compatible; BLEXBot/1.0; +http://webmeup-crawler.com/)"
157.90.177.217 - - [02/Dec/2021:08:22:00 +0100] "GET /orange-apple-shaped-moneybox-p-36477.html HTTP/1.0" 200 73317 "-" "Mozilla/5.0 (compatible; BLEXBot/1.0; +http://webmeup-crawler.com/)"
185.191.171.22 - - [02/Dec/2021:08:22:01 +0100] "GET /little-cushion-carlin-cbkreation-p-20739.html?action=add_product HTTP/1.0" 302 476 "-" "Mozilla/5.0 (compatible; SemrushBot/7~bl; +http://www.semrush.com/bot.html)"
157.90.177.217 - - [02/Dec/2021:08:22:07 +0100] "GET /orange-butterfly-black-shirt-cbkreation-p-30119.html HTTP/1.0" 200 74403 "-" "Mozilla/5.0 (compatible; BLEXBot/1.0; +http://webmeup-crawler.com/)"
157.90.177.217 - - [02/Dec/2021:08:22:13 +0100] "GET /orange-kitchen-towel-p-44418.html HTTP/1.0" 200 73270 "-" "Mozilla/5.0 (compatible; BLEXBot/1.0; +http://webmeup-crawler.com/)"
157.90.177.217 - - [02/Dec/2021:08:22:18 +0100] "GET /orange-lama-with-endless-knott-p-45358.html HTTP/1.0" 200 73700 "-" "Mozilla/5.0 (compatible; BLEXBot/1.0; +http://webmeup-crawler.com/)"
157.90.177.217 - - [02/Dec/2021:08:22:24 +0100] "GET /orange-polyester-round-chair-cushion-p-47036.html HTTP/1.0" 200 73995 "-" "Mozilla/5.0 (compatible; BLEXBot/1.0; +http://webmeup-crawler.com/)"
185.191.171.38 - - [02/Dec/2021:08:22:24 +0100] "GET /cats-dubout-figurine-siesta-p-33345.html HTTP/1.0" 200 73725 "-" "Mozilla/5.0 (compatible; SemrushBot/7~bl; +http://www.semrush.com/bot.html)"
157.90.177.217 - - [02/Dec/2021:08:22:29 +0100] "GET /orangutan-glass-clock-p-28111.html HTTP/1.0" 200 73246 "-" "Mozilla/5.0 (compatible; BLEXBot/1.0; +http://webmeup-crawler.com/)"
157.90.177.217 - - [02/Dec/2021:08:22:37 +0100] "GET /orgone-pyramid-selenite-flower-life-p-44268.html HTTP/1.0" 200 74553 "-" "Mozilla/5.0 (compatible; BLEXBot/1.0; +http://webmeup-crawler.com/)"
54.36.148.89 - - [02/Dec/2021:08:22:37 +0100] "GET /small-baby-teeth-p-56218.html HTTP/1.0" 200 73982 "-" "Mozilla/5.0 (compatible; AhrefsBot/7.0; +http://ahrefs.com/robot/)"
157.90.177.217 - - [02/Dec/2021:08:22:42 +0100] "GET /orgonite-chakra-pyramid-black-tourmaline-with-p-54368.html HTTP/1.0" 200 74960 "-" "Mozilla/5.0 (compatible; BLEXBot/1.0; +http://webmeup-crawler.com/)"
185.191.171.23 - - [02/Dec/2021:08:22:45 +0100] "GET /mirabelle-calendar-year-2017-p-36747.html HTTP/1.0" 200 73480 "-" "Mozilla/5.0 (compatible; SemrushBot/7~bl; +http://www.semrush.com/bot.html)"
157.90.177.217 - - [02/Dec/2021:08:22:49 +0100] "GET /orgonite-pendulum-black-tourmaline-facet-pointed-p-45155.html HTTP/1.0" 200 75255 "-" "Mozilla/5.0 (compatible; BLEXBot/1.0; +http://webmeup-crawler.com/)"
157.90.177.217 - - [02/Dec/2021:08:22:57 +0100] "GET /oriental-ceramic-bowl-p-56180.html HTTP/1.0" 200 73795 "-" "Mozilla/5.0 (compatible; BLEXBot/1.0; +http://webmeup-crawler.com/)"
157.90.177.217 - - [02/Dec/2021:08:23:04 +0100] "GET /oriental-coasters-p-47158.html HTTP/1.0" 200 74004 "-" "Mozilla/5.0 (compatible; BLEXBot/1.0; +http://webmeup-crawler.com/)"
157.90.177.217 - - [02/Dec/2021:08:23:10 +0100] "GET /oriental-round-metal-p-46104.html HTTP/1.0" 200 74055 "-" "Mozilla/5.0 (compatible; BLEXBot/1.0; +http://webmeup-crawler.com/)"
157.90.177.217 - - [02/Dec/2021:08:23:17 +0100] "GET /ornamental-brass-compass-alexander-graham-bell-p-56655.html HTTP/1.0" 200 74099 "-" "Mozilla/5.0 (compatible; BLEXBot/1.0; +http://webmeup-crawler.com/)"
157.90.177.217 - - [02/Dec/2021:08:23:22 +0100] "GET /ornamental-brass-compass-calendar-p-56656.html HTTP/1.0" 200 73970 "-" "Mozilla/5.0 (compatible; BLEXBot/1.0; +http://webmeup-crawler.com/)"
157.90.177.217 - - [02/Dec/2021:08:23:34 +0100] "GET /ornamental-brass-compass-titanic-p-56657.html HTTP/1.0" 200 73958 "-" "Mozilla/5.0 (compatible; BLEXBot/1.0; +http://webmeup-crawler.com/)"
157.90.177.217 - - [02/Dec/2021:08:23:40 +0100] "GET /ornamental-brass-padlock-p-56766.html HTTP/1.0" 200 73427 "-" "Mozilla/5.0 (compatible; BLEXBot/1.0; +http://webmeup-crawler.com/)"
157.90.177.217 - - [02/Dec/2021:08:23:46 +0100] "GET /ornamental-compass-golden-brass-p-56651.html HTTP/1.0" 200 73938 "-" "Mozilla/5.0 (compatible; BLEXBot/1.0; +http://webmeup-crawler.com/)"
157.90.177.217 - - [02/Dec/2021:08:23:53 +0100] "GET /ornamental-marine-sailor-pulley-p-43929.html HTTP/1.0" 200 74336 "-" "Mozilla/5.0 (compatible; BLEXBot/1.0; +http://webmeup-crawler.com/)"
185.191.171.37 - - [02/Dec/2021:08:23:59 +0100] "GET /frankie-kimmidoll-love-p-21769.html HTTP/1.0" 200 77691 "-" "Mozilla/5.0 (compatible; SemrushBot/7~bl; +http://www.semrush.com/bot.html)"
157.90.177.217 - - [02/Dec/2021:08:24:01 +0100] "GET /oval-carpet-p-52847.html HTTP/1.0" 200 74654 "-" "Mozilla/5.0 (compatible; BLEXBot/1.0; +http://webmeup-crawler.com/)"
185.191.171.41 - - [02/Dec/2021:08:24:08 +0100] "GET /harley-davidson-small-metal-plate-p-12505.html HTTP/1.0" 200 73397 "-" "Mozilla/5.0 (compatible; SemrushBot/7~bl; +http://www.semrush.com/bot.html)"
157.90.177.217 - - [02/Dec/2021:08:24:08 +0100] "GET /oval-carpet-p-56018.html HTTP/1.0" 200 73350 "-" "Mozilla/5.0 (compatible; BLEXBot/1.0; +http://webmeup-crawler.com/)"
40.77.167.66 - - [02/Dec/2021:08:24:17 +0100] "GET /images/8435306246487bis.jpg HTTP/1.0" 200 262 "-" "Mozilla/5.0 (compatible; bingbot/2.0; +http://www.bing.com/bingbot.htm)"
157.90.177.217 - - [02/Dec/2021:08:24:17 +0100] "GET /oval-mirror-solar-p-50581.html HTTP/1.0" 200 73895 "-" "Mozilla/5.0 (compatible; BLEXBot/1.0; +http://webmeup-crawler.com/)"
157.90.177.217 - - [02/Dec/2021:08:24:24 +0100] "GET /over-purse-michelle-allen-p-53362.html HTTP/1.0" 200 73373 "-" "Mozilla/5.0 (compatible; BLEXBot/1.0; +http://webmeup-crawler.com/)"
54.36.149.78 - - [02/Dec/2021:08:24:25 +0100] "GET /raving-rabbids-pencil-case-p-40884.html HTTP/1.0" 200 73308 "-" "Mozilla/5.0 (compatible; AhrefsBot/7.0; +http://ahrefs.com/robot/)"
157.90.177.217 - - [02/Dec/2021:08:24:30 +0100] "GET /owls-cats-michelle-allen-designs-coasters-p-37672.html HTTP/1.0" 200 73446 "-" "Mozilla/5.0 (compatible; BLEXBot/1.0; +http://webmeup-crawler.com/)"
157.90.177.217 - - [02/Dec/2021:08:24:37 +0100] "GET /owls-cats-michelle-allen-designs-coasters-p-47690.html HTTP/1.0" 200 73446 "-" "Mozilla/5.0 (compatible; BLEXBot/1.0; +http://webmeup-crawler.com/)"
185.191.171.6 - - [02/Dec/2021:08:24:43 +0100] "GET /flamingo-pink-tisanire-p-39638.html?action=add_product HTTP/1.0" 302 476 "-" "Mozilla/5.0 (compatible; SemrushBot/7~bl; +http://www.semrush.com/bot.html)"
157.90.177.217 - - [02/Dec/2021:08:24:46 +0100] "GET /owls-michelle-allen-flat-pocket-p-37693.html HTTP/1.0" 200 73395 "-" "Mozilla/5.0 (compatible; BLEXBot/1.0; +http://webmeup-crawler.com/)"
157.90.177.217 - - [02/Dec/2021:08:24:53 +0100] "GET /owls-michelle-allen-makeup-p-37694.html HTTP/1.0" 200 73383 "-" "Mozilla/5.0 (compatible; BLEXBot/1.0; +http://webmeup-crawler.com/)"
157.90.177.217 - - [02/Dec/2021:08:25:05 +0100] "GET /owls-p-27606.html HTTP/1.0" 200 73098 "-" "Mozilla/5.0 (compatible; BLEXBot/1.0; +http://webmeup-crawler.com/)"
157.90.177.217 - - [02/Dec/2021:08:25:14 +0100] "GET /owls-p-27633.html HTTP/1.0" 200 73088 "-" "Mozilla/5.0 (compatible; BLEXBot/1.0; +http://webmeup-crawler.com/)"
157.90.177.217 - - [02/Dec/2021:08:25:22 +0100] "GET /owls-white-women-shirt-p-34204.html HTTP/1.0" 200 75484 "-" "Mozilla/5.0 (compatible; BLEXBot/1.0; +http://webmeup-crawler.com/)"
157.90.177.217 - - [02/Dec/2021:08:25:29 +0100] "GET /oxbow-black-backpack-p-40891.html HTTP/1.0" 200 73527 "-" "Mozilla/5.0 (compatible; BLEXBot/1.0; +http://webmeup-crawler.com/)"
157.90.177.217 - - [02/Dec/2021:08:25:41 +0100] "GET /padded-headboard-gray-p-49073.html HTTP/1.0" 200 74088 "-" "Mozilla/5.0 (compatible; BLEXBot/1.0; +http://webmeup-crawler.com/)"
157.90.177.217 - - [02/Dec/2021:08:25:47 +0100] "GET /padma-blue-p-54308.html HTTP/1.0" 200 73967 "-" "Mozilla/5.0 (compatible; BLEXBot/1.0; +http://webmeup-crawler.com/)"
157.90.177.217 - - [02/Dec/2021:08:25:56 +0100] "GET /padma-pink-p-54309.html HTTP/1.0" 200 73967 "-" "Mozilla/5.0 (compatible; BLEXBot/1.0; +http://webmeup-crawler.com/)"
157.90.177.217 - - [02/Dec/2021:08:26:00 +0100] "GET /pairs-socks-peanuts-p-50911.html HTTP/1.0" 200 72947 "-" "Mozilla/5.0 (compatible; BLEXBot/1.0; +http://webmeup-crawler.com/)"
157.90.177.217 - - [02/Dec/2021:08:26:07 +0100] "GET /palace-duvet-cover-cotton-threads-p-45350.html HTTP/1.0" 200 73545 "-" "Mozilla/5.0 (compatible; BLEXBot/1.0; +http://webmeup-crawler.com/)"
157.90.177.217 - - [02/Dec/2021:08:26:14 +0100] "GET /palo-santo-backflow-incense-cones-p-51975.html HTTP/1.0" 200 73696 "-" "Mozilla/5.0 (compatible; BLEXBot/1.0; +http://webmeup-crawler.com/)"
157.90.177.217 - - [02/Dec/2021:08:26:20 +0100] "GET /palo-santo-cones-backflow-incense-cones-p-54624.html HTTP/1.0" 200 74466 "-" "Mozilla/5.0 (compatible; BLEXBot/1.0; +http://webmeup-crawler.com/)"
157.90.177.217 - - [02/Dec/2021:08:26:25 +0100] "GET /palo-santo-sacred-wood-sticks-small-p-49032.html HTTP/1.0" 200 75196 "-" "Mozilla/5.0 (compatible; BLEXBot/1.0; +http://webmeup-crawler.com/)"
54.36.148.92 - - [02/Dec/2021:08:26:26 +0100] "GET /wallet-c-31_237.html?page=3 HTTP/1.0" 200 83938 "-" "Mozilla/5.0 (compatible; AhrefsBot/7.0; +http://ahrefs.com/robot/)"
157.90.177.217 - - [02/Dec/2021:08:26:37 +0100] "GET /panda-cushion-p-28911.html HTTP/1.0" 200 73288 "-" "Mozilla/5.0 (compatible; BLEXBot/1.0; +http://webmeup-crawler.com/)"
185.191.171.34 - - [02/Dec/2021:08:26:37 +0100] "GET /tisanire-cement-tiles-yellow-p-52872.html HTTP/1.0" 200 70725 "-" "Mozilla/5.0 (compatible; SemrushBot/7~bl; +http://www.semrush.com/bot.html)"
157.90.177.217 - - [02/Dec/2021:08:26:44 +0100] "GET /panda-ground-sheet-p-45410.html HTTP/1.0" 200 74030 "-" "Mozilla/5.0 (compatible; BLEXBot/1.0; +http://webmeup-crawler.com/)"
185.191.171.8 - - [02/Dec/2021:08:26:51 +0100] "GET /hens-ceramic-dish-gray-model-only-p-44495.html HTTP/1.0" 200 73337 "-" "Mozilla/5.0 (compatible; SemrushBot/7~bl; +http://www.semrush.com/bot.html)"
157.90.177.217 - - [02/Dec/2021:08:26:51 +0100] "GET /panda-head-clock-p-49251.html HTTP/1.0" 200 73253 "-" "Mozilla/5.0 (compatible; BLEXBot/1.0; +http://webmeup-crawler.com/)"
157.90.177.217 - - [02/Dec/2021:08:26:59 +0100] "GET /panda-jewelry-holder-statuette-p-56163.html HTTP/1.0" 200 74070 "-" "Mozilla/5.0 (compatible; BLEXBot/1.0; +http://webmeup-crawler.com/)"
185.191.171.14 - - [02/Dec/2021:08:26:59 +0100] "GET /flamingo-set-cup-and-teapot-p-48244.html HTTP/1.0" 301 73913 "-" "Mozilla/5.0 (compatible; SemrushBot/7~bl; +http://www.semrush.com/bot.html)"
185.191.171.8 - - [02/Dec/2021:08:27:03 +0100] "GET /flamingo-teapot-p-48244.html HTTP/1.0" 200 73831 "-" "Mozilla/5.0 (compatible; SemrushBot/7~bl; +http://www.semrush.com/bot.html)"
157.90.177.217 - - [02/Dec/2021:08:27:07 +0100] "GET /panda-money-p-54819.html HTTP/1.0" 200 73212 "-" "Mozilla/5.0 (compatible; BLEXBot/1.0; +http://webmeup-crawler.com/)"
157.90.177.217 - - [02/Dec/2021:08:27:13 +0100] "GET /panda-money-p-55564.html HTTP/1.0" 200 73238 "-" "Mozilla/5.0 (compatible; BLEXBot/1.0; +http://webmeup-crawler.com/)"
157.90.177.217 - - [02/Dec/2021:08:27:20 +0100] "GET /panda-paris-glass-coasters-p-46533.html HTTP/1.0" 200 73272 "-" "Mozilla/5.0 (compatible; BLEXBot/1.0; +http://webmeup-crawler.com/)"
157.90.177.217 - - [02/Dec/2021:08:27:24 +0100] "GET /robots.txt HTTP/1.0" 301 531 "-" "Mozilla/5.0 (compatible; BLEXBot/1.0; +http://webmeup-crawler.com/)"
157.90.177.217 - - [02/Dec/2021:08:27:24 +0100] "GET /robots.txt HTTP/1.0" 200 245 "-" "Mozilla/5.0 (compatible; BLEXBot/1.0; +http://webmeup-crawler.com/)"
157.90.177.217 - - [02/Dec/2021:08:27:24 +0100] "GET /panda-paris-placemat-p-45587.html HTTP/1.0" 200 73226 "-" "Mozilla/5.0 (compatible; BLEXBot/1.0; +http://webmeup-crawler.com/)"
157.90.177.217 - - [02/Dec/2021:08:27:34 +0100] "GET /panda-white-women-shirt-p-31234.html HTTP/1.0" 200 75293 "-" "Mozilla/5.0 (compatible; BLEXBot/1.0; +http://webmeup-crawler.com/)"
66.249.68.38 - - [02/Dec/2021:08:27:43 +0100] "GET /images/mini_prod/4012677167067.jpg HTTP/1.0" 200 269 "-" "Googlebot-Image/1.0"
157.90.177.217 - - [02/Dec/2021:08:27:43 +0100] "GET /panda-women-black-shirt-p-31235.html HTTP/1.0" 200 75263 "-" "Mozilla/5.0 (compatible; BLEXBot/1.0; +http://webmeup-crawler.com/)"
157.90.177.217 - - [02/Dec/2021:08:27:48 +0100] "GET /panel-hook-hooks-with-slate-quote-p-47994.html HTTP/1.0" 200 74280 "-" "Mozilla/5.0 (compatible; BLEXBot/1.0; +http://webmeup-crawler.com/)"
157.90.177.217 - - [02/Dec/2021:08:27:54 +0100] "GET /pansy-over-fine-bone-china-bowl-p-55476.html HTTP/1.0" 200 73448 "-" "Mozilla/5.0 (compatible; BLEXBot/1.0; +http://webmeup-crawler.com/)"
157.90.177.217 - - [02/Dec/2021:08:28:03 +0100] "GET /pansy-over-mini-rectangular-tray-p-54914.html HTTP/1.0" 200 73404 "-" "Mozilla/5.0 (compatible; BLEXBot/1.0; +http://webmeup-crawler.com/)"
157.90.177.217 - - [02/Dec/2021:08:28:11 +0100] "GET /panther-christmas-baubles-p-56204.html HTTP/1.0" 200 73979 "-" "Mozilla/5.0 (compatible; BLEXBot/1.0; +http://webmeup-crawler.com/)"
54.36.149.13 - - [02/Dec/2021:08:28:21 +0100] "GET /specials.php?page=13 HTTP/1.0" 200 124816 "-" "Mozilla/5.0 (compatible; AhrefsBot/7.0; +http://ahrefs.com/robot/)"
157.90.177.217 - - [02/Dec/2021:08:28:22 +0100] "GET /panther-wall-decoration-resin-p-52573.html HTTP/1.0" 200 73372 "-" "Mozilla/5.0 (compatible; BLEXBot/1.0; +http://webmeup-crawler.com/)"
147.92.153.17 - - [02/Dec/2021:08:28:25 +0100] "GET / HTTP/1.0" 200 151587 "-" "Mozilla/5.0 (compatible; Linespider/1.1; +https://lin.ee/4dwXkTH)"
157.90.177.217 - - [02/Dec/2021:08:28:28 +0100] "GET /paon-musical-jewelry-p-50835.html HTTP/1.0" 200 74177 "-" "Mozilla/5.0 (compatible; BLEXBot/1.0; +http://webmeup-crawler.com/)"
147.92.153.10 - - [02/Dec/2021:08:28:29 +0100] "GET /swfobject.js HTTP/1.0" 404 1308 "http://www.wonder-geek.com/" "Mozilla/5.0 (Windows NT 6.1; Win64; x64) AppleWebit/537.36 (KHTML, like Gecko) Chrome/63.0.3239.0 Safari/537.36 (compatible; Linespider/1.1; +https://lin.ee/4dwXkTH)"
147.92.153.18 - - [02/Dec/2021:08:28:29 +0100] "GET /js/jquery.min.js HTTP/1.0" 404 1308 "http://www.wonder-geek.com/" "Mozilla/5.0 (Windows NT 6.1; Win64; x64) AppleWebit/537.36 (KHTML, like Gecko) Chrome/63.0.3239.0 Safari/537.36 (compatible; Linespider/1.1; +https://lin.ee/4dwXkTH)"
157.90.177.217 - - [02/Dec/2021:08:28:31 +0100] "GET /papa-super-papa-adult-apron-p-55221.html HTTP/1.0" 200 73354 "-" "Mozilla/5.0 (compatible; BLEXBot/1.0; +http://webmeup-crawler.com/)"
17.121.115.168 - - [02/Dec/2021:08:28:36 +0100] "GET /images/big_prod/8422016629013.jpg HTTP/1.0" 200 268 "-" "Mozilla/5.0 (Macintosh; Intel Mac OS X 10_15_5) AppleWebKit/605.1.15 (KHTML, like Gecko) Version/13.1.1 Safari/605.1.15 (Applebot/0.1; +http://www.apple.com/go/applebot)"
157.90.177.217 - - [02/Dec/2021:08:28:36 +0100] "GET /paper-cover-eucalyptus-p-55685.html HTTP/1.0" 200 74001 "-" "Mozilla/5.0 (compatible; BLEXBot/1.0; +http://webmeup-crawler.com/)"
185.191.171.34 - - [02/Dec/2021:08:28:38 +0100] "GET /snowman-decoration-p-49646.html HTTP/1.0" 200 73320 "-" "Mozilla/5.0 (compatible; SemrushBot/7~bl; +http://www.semrush.com/bot.html)"
157.90.177.217 - - [02/Dec/2021:08:28:45 +0100] "GET /paradise-bedclothes-p-52089.html HTTP/1.0" 200 73299 "-" "Mozilla/5.0 (compatible; BLEXBot/1.0; +http://webmeup-crawler.com/)"
