157.90.177.217 - - [02/Dec/2021:04:17:23 +0100] "GET /fitted-sheet-cotton-percale-threads-p-44300.html HTTP/1.0" 200 73573 "-" "Mozilla/5.0 (compatible; BLEXBot/1.0; +http://webmeup-crawler.com/)"
92.220.10.100 - - [02/Dec/2021:04:17:25 +0100] "GET /-p-38322.html HTTP/1.0" 200 70613 "-" "Mozilla/5.0 (compatible; MJ12bot/v1.4.8; http://mj12bot.com/)"
92.220.10.100 - - [02/Dec/2021:04:17:28 +0100] "GET /-p-41806.html HTTP/1.0" 200 70613 "-" "Mozilla/5.0 (compatible; MJ12bot/v1.4.8; http://mj12bot.com/)"
157.90.177.217 - - [02/Dec/2021:04:17:28 +0100] "GET /fitted-sheet-cotton-percale-threads-p-48183.html HTTP/1.0" 200 73573 "-" "Mozilla/5.0 (compatible; BLEXBot/1.0; +http://webmeup-crawler.com/)"
92.220.10.100 - - [02/Dec/2021:04:17:31 +0100] "GET /-p-43913.html HTTP/1.0" 200 70613 "-" "Mozilla/5.0 (compatible; MJ12bot/v1.4.8; http://mj12bot.com/)"
157.55.39.223 - - [02/Dec/2021:04:17:34 +0100] "GET /images/1020322250364.jpg HTTP/1.0" 200 259 "-" "Mozilla/5.0 (compatible; bingbot/2.0; +http://www.bing.com/bingbot.htm)"
92.220.10.100 - - [02/Dec/2021:04:17:33 +0100] "GET /-p-44015.html HTTP/1.0" 200 70613 "-" "Mozilla/5.0 (compatible; MJ12bot/v1.4.8; http://mj12bot.com/)"
157.90.177.217 - - [02/Dec/2021:04:17:34 +0100] "GET /fitted-sheet-cotton-percale-threads-p-48197.html HTTP/1.0" 200 73568 "-" "Mozilla/5.0 (compatible; BLEXBot/1.0; +http://webmeup-crawler.com/)"
92.220.10.100 - - [02/Dec/2021:04:17:36 +0100] "GET /-p-45569.html HTTP/1.0" 200 70613 "-" "Mozilla/5.0 (compatible; MJ12bot/v1.4.8; http://mj12bot.com/)"
92.220.10.100 - - [02/Dec/2021:04:17:38 +0100] "GET /-p-46885.html HTTP/1.0" 200 70613 "-" "Mozilla/5.0 (compatible; MJ12bot/v1.4.8; http://mj12bot.com/)"
157.90.177.217 - - [02/Dec/2021:04:17:40 +0100] "GET /fitted-sheet-cotton-percale-threads-p-48198.html HTTP/1.0" 200 73568 "-" "Mozilla/5.0 (compatible; BLEXBot/1.0; +http://webmeup-crawler.com/)"
20.109.134.252 - - [02/Dec/2021:04:17:45 +0100] "GET /images/370027629544104072012.jpg HTTP/1.0" 200 267 "-" "Mozilla/5.0 (Windows NT 6.1; WOW64) AppleWebKit/537.36 (KHTML, like Gecko) Chrome/45.0.2454.101 Safari/537.36"
157.90.177.217 - - [02/Dec/2021:04:17:45 +0100] "GET /fitted-sheet-cotton-percale-threads-p-48199.html HTTP/1.0" 200 74240 "-" "Mozilla/5.0 (compatible; BLEXBot/1.0; +http://webmeup-crawler.com/)"
157.90.177.217 - - [02/Dec/2021:04:17:50 +0100] "GET /fitted-sheet-cotton-percale-threads-p-48200.html HTTP/1.0" 200 73568 "-" "Mozilla/5.0 (compatible; BLEXBot/1.0; +http://webmeup-crawler.com/)"
157.90.177.217 - - [02/Dec/2021:04:18:00 +0100] "GET /fitted-sheet-cotton-percale-threads-p-49200.html HTTP/1.0" 200 74246 "-" "Mozilla/5.0 (compatible; BLEXBot/1.0; +http://webmeup-crawler.com/)"
157.90.177.217 - - [02/Dec/2021:04:18:05 +0100] "GET /fitted-sheet-cotton-percale-threads-p-49201.html HTTP/1.0" 200 74244 "-" "Mozilla/5.0 (compatible; BLEXBot/1.0; +http://webmeup-crawler.com/)"
157.90.177.217 - - [02/Dec/2021:04:18:11 +0100] "GET /fitted-sheet-cotton-percale-threads-p-51241.html HTTP/1.0" 200 73578 "-" "Mozilla/5.0 (compatible; BLEXBot/1.0; +http://webmeup-crawler.com/)"
157.90.177.217 - - [02/Dec/2021:04:18:18 +0100] "GET /fitted-sheet-cotton-percale-threads-p-51242.html HTTP/1.0" 200 73583 "-" "Mozilla/5.0 (compatible; BLEXBot/1.0; +http://webmeup-crawler.com/)"
182.34.61.116 - - [02/Dec/2021:04:18:24 +0100] "POST /contact_us.php?action=send HTTP/1.0" 200 26474 "http://www.wonder-geek.com/contact_us.php" "Mozilla/5.0 (Windows NT 10.0; ) AppleWebKit/537.36 (KHTML, like Gecko) Chrome/83.0.4103.34 Safari/537.36 Edg/83.0.478.25"
157.90.177.217 - - [02/Dec/2021:04:18:25 +0100] "GET /fitted-sheet-cotton-percale-threads-p-51243.html HTTP/1.0" 200 74251 "-" "Mozilla/5.0 (compatible; BLEXBot/1.0; +http://webmeup-crawler.com/)"
157.90.177.217 - - [02/Dec/2021:04:18:31 +0100] "GET /fitted-sheet-cotton-percale-threads-p-51244.html HTTP/1.0" 200 74252 "-" "Mozilla/5.0 (compatible; BLEXBot/1.0; +http://webmeup-crawler.com/)"
185.191.171.4 - - [02/Dec/2021:04:18:37 +0100] "GET /indian-motorcycle-metal-plate-deco-p-41089.html?action=add_product HTTP/1.0" 302 476 "-" "Mozilla/5.0 (compatible; SemrushBot/7~bl; +http://www.semrush.com/bot.html)"
157.90.177.217 - - [02/Dec/2021:04:18:39 +0100] "GET /fitted-sheet-cotton-percale-threads-p-51245.html HTTP/1.0" 200 74255 "-" "Mozilla/5.0 (compatible; BLEXBot/1.0; +http://webmeup-crawler.com/)"
157.90.177.217 - - [02/Dec/2021:04:18:45 +0100] "GET /fitted-sheet-cotton-percale-threads-p-51246.html HTTP/1.0" 200 73585 "-" "Mozilla/5.0 (compatible; BLEXBot/1.0; +http://webmeup-crawler.com/)"
140.205.91.176 - - [02/Dec/2021:04:18:52 +0100] "GET /robots.txt HTTP/1.0" 200 245 "-" "YisouSpider"
157.90.177.217 - - [02/Dec/2021:04:18:54 +0100] "GET /fitted-sheet-cotton-percale-threads-p-51247.html HTTP/1.0" 200 73588 "-" "Mozilla/5.0 (compatible; BLEXBot/1.0; +http://webmeup-crawler.com/)"
157.90.177.217 - - [02/Dec/2021:04:19:01 +0100] "GET /fitted-sheet-cotton-percale-threads-p-51248.html HTTP/1.0" 200 73566 "-" "Mozilla/5.0 (compatible; BLEXBot/1.0; +http://webmeup-crawler.com/)"
157.90.177.217 - - [02/Dec/2021:04:19:06 +0100] "GET /fitted-sheet-cotton-percale-threads-p-51249.html HTTP/1.0" 200 74235 "-" "Mozilla/5.0 (compatible; BLEXBot/1.0; +http://webmeup-crawler.com/)"
157.90.177.217 - - [02/Dec/2021:04:19:15 +0100] "GET /fitted-sheet-cotton-percale-threads-p-51250.html HTTP/1.0" 200 74241 "-" "Mozilla/5.0 (compatible; BLEXBot/1.0; +http://webmeup-crawler.com/)"
157.90.177.217 - - [02/Dec/2021:04:19:23 +0100] "GET /fitted-sheet-cotton-percale-threads-p-51251.html HTTP/1.0" 200 73573 "-" "Mozilla/5.0 (compatible; BLEXBot/1.0; +http://webmeup-crawler.com/)"
157.90.177.217 - - [02/Dec/2021:04:19:30 +0100] "GET /fitted-sheet-cotton-percale-threads-p-51252.html HTTP/1.0" 200 73571 "-" "Mozilla/5.0 (compatible; BLEXBot/1.0; +http://webmeup-crawler.com/)"
66.249.68.42 - - [02/Dec/2021:04:19:31 +0100] "GET /world-vintage-clock-p-47713.html HTTP/1.0" 200 73368 "-" "Mozilla/5.0 (Linux; Android 6.0.1; Nexus 5X Build/MMB29P) AppleWebKit/537.36 (KHTML, like Gecko) Chrome/96.0.4664.45 Mobile Safari/537.36 (compatible; Googlebot/2.1; +http://www.google.com/bot.html)"
157.90.177.217 - - [02/Dec/2021:04:19:37 +0100] "GET /fitted-sheet-cotton-percale-threads-p-52131.html HTTP/1.0" 200 73584 "-" "Mozilla/5.0 (compatible; BLEXBot/1.0; +http://webmeup-crawler.com/)"
157.90.177.217 - - [02/Dec/2021:04:19:42 +0100] "GET /fitted-sheet-cotton-percale-threads-p-52132.html HTTP/1.0" 200 74259 "-" "Mozilla/5.0 (compatible; BLEXBot/1.0; +http://webmeup-crawler.com/)"
157.90.177.217 - - [02/Dec/2021:04:19:49 +0100] "GET /fitted-sheet-cotton-percale-threads-p-52133.html HTTP/1.0" 200 74258 "-" "Mozilla/5.0 (compatible; BLEXBot/1.0; +http://webmeup-crawler.com/)"
157.90.177.217 - - [02/Dec/2021:04:19:54 +0100] "GET /fitted-sheet-cotton-percale-threads-p-52134.html HTTP/1.0" 200 74252 "-" "Mozilla/5.0 (compatible; BLEXBot/1.0; +http://webmeup-crawler.com/)"
185.191.171.39 - - [02/Dec/2021:04:20:01 +0100] "GET /printed-plexiglas-mirrors-vehicle-vintage-p-33374.html?action=add_product HTTP/1.0" 302 476 "-" "Mozilla/5.0 (compatible; SemrushBot/7~bl; +http://www.semrush.com/bot.html)"
157.90.177.217 - - [02/Dec/2021:04:20:00 +0100] "GET /fitted-sheet-cotton-percale-threads-p-52135.html HTTP/1.0" 200 73579 "-" "Mozilla/5.0 (compatible; BLEXBot/1.0; +http://webmeup-crawler.com/)"
157.90.177.217 - - [02/Dec/2021:04:20:08 +0100] "GET /fitted-sheet-cotton-percale-threads-p-52136.html HTTP/1.0" 200 74250 "-" "Mozilla/5.0 (compatible; BLEXBot/1.0; +http://webmeup-crawler.com/)"
185.191.171.6 - - [02/Dec/2021:04:20:14 +0100] "GET /green-party-wall-decoration-p-46251.html HTTP/1.0" 200 73935 "-" "Mozilla/5.0 (compatible; SemrushBot/7~bl; +http://www.semrush.com/bot.html)"
157.90.177.217 - - [02/Dec/2021:04:20:17 +0100] "GET /fitted-sheet-cotton-percale-threads-p-52137.html HTTP/1.0" 200 74250 "-" "Mozilla/5.0 (compatible; BLEXBot/1.0; +http://webmeup-crawler.com/)"
157.55.39.108 - - [02/Dec/2021:04:20:23 +0100] "GET /images/1300010236703.jpg HTTP/1.0" 200 259 "-" "Mozilla/5.0 (compatible; bingbot/2.0; +http://www.bing.com/bingbot.htm)"
157.55.39.125 - - [02/Dec/2021:04:20:23 +0100] "GET /cute-warmer-p-52647.html HTTP/1.0" 200 73453 "-" "Mozilla/5.0 (compatible; bingbot/2.0; +http://www.bing.com/bingbot.htm)"
157.90.177.217 - - [02/Dec/2021:04:20:24 +0100] "GET /fitted-sheet-cotton-percale-threads-p-52138.html HTTP/1.0" 200 74246 "-" "Mozilla/5.0 (compatible; BLEXBot/1.0; +http://webmeup-crawler.com/)"
157.90.177.217 - - [02/Dec/2021:04:20:30 +0100] "GET /fitted-sheet-cotton-percale-threads-p-52139.html HTTP/1.0" 200 74244 "-" "Mozilla/5.0 (compatible; BLEXBot/1.0; +http://webmeup-crawler.com/)"
185.191.171.16 - - [02/Dec/2021:04:20:33 +0100] "GET /paris-saint-germain-glasses-p-46528.html HTTP/1.0" 200 70745 "-" "Mozilla/5.0 (compatible; SemrushBot/7~bl; +http://www.semrush.com/bot.html)"
157.90.177.217 - - [02/Dec/2021:04:20:36 +0100] "GET /fitted-sheet-cotton-percale-threads-p-52142.html HTTP/1.0" 200 74258 "-" "Mozilla/5.0 (compatible; BLEXBot/1.0; +http://webmeup-crawler.com/)"
157.90.177.217 - - [02/Dec/2021:04:20:43 +0100] "GET /fitted-sheet-cotton-percale-threads-p-52143.html HTTP/1.0" 200 74256 "-" "Mozilla/5.0 (compatible; BLEXBot/1.0; +http://webmeup-crawler.com/)"
185.191.171.14 - - [02/Dec/2021:04:20:46 +0100] "GET /memory-pillow-50-30-cm-p-44236.html HTTP/1.0" 301 70757 "-" "Mozilla/5.0 (compatible; SemrushBot/7~bl; +http://www.semrush.com/bot.html)"
185.191.171.4 - - [02/Dec/2021:04:20:49 +0100] "GET /memory-pillow-p-44236.html HTTP/1.0" 200 70677 "-" "Mozilla/5.0 (compatible; SemrushBot/7~bl; +http://www.semrush.com/bot.html)"
157.90.177.217 - - [02/Dec/2021:04:20:51 +0100] "GET /fitted-sheet-cotton-percale-threads-p-52144.html HTTP/1.0" 200 74256 "-" "Mozilla/5.0 (compatible; BLEXBot/1.0; +http://webmeup-crawler.com/)"
157.90.177.217 - - [02/Dec/2021:04:20:59 +0100] "GET /fitted-sheet-cotton-percale-threads-p-53217.html HTTP/1.0" 200 73584 "-" "Mozilla/5.0 (compatible; BLEXBot/1.0; +http://webmeup-crawler.com/)"
49.7.20.113 - - [02/Dec/2021:04:21:00 +0100] "GET / HTTP/1.0" 200 152431 "-" "Sogou web spider/4.0(+http://www.sogou.com/docs/help/webmasters.htm#07)"
185.191.171.40 - - [02/Dec/2021:04:21:01 +0100] "GET /scented-candles-and-novenas-c-231_227.html?page=1 HTTP/1.0" 301 93953 "-" "Mozilla/5.0 (compatible; SemrushBot/7~bl; +http://www.semrush.com/bot.html)"
157.90.177.217 - - [02/Dec/2021:04:21:04 +0100] "GET /fitted-sheet-cotton-percale-threads-p-53218.html HTTP/1.0" 200 73584 "-" "Mozilla/5.0 (compatible; BLEXBot/1.0; +http://webmeup-crawler.com/)"
185.191.171.14 - - [02/Dec/2021:04:21:05 +0100] "GET /scented-candles-novenas-c-227.html?page=1 HTTP/1.0" 301 93822 "-" "Mozilla/5.0 (compatible; SemrushBot/7~bl; +http://www.semrush.com/bot.html)"
185.191.171.38 - - [02/Dec/2021:04:21:09 +0100] "GET /scented-candles-novenas-c-231_227.html?page=1 HTTP/1.0" 200 93858 "-" "Mozilla/5.0 (compatible; SemrushBot/7~bl; +http://www.semrush.com/bot.html)"
157.90.177.217 - - [02/Dec/2021:04:21:10 +0100] "GET /fitted-sheet-cotton-percale-threads-p-53219.html HTTP/1.0" 200 74253 "-" "Mozilla/5.0 (compatible; BLEXBot/1.0; +http://webmeup-crawler.com/)"
157.90.177.217 - - [02/Dec/2021:04:21:15 +0100] "GET /fitted-sheet-cotton-percale-threads-p-54376.html HTTP/1.0" 200 74244 "-" "Mozilla/5.0 (compatible; BLEXBot/1.0; +http://webmeup-crawler.com/)"
185.191.171.37 - - [02/Dec/2021:04:21:18 +0100] "GET /fragrances-ambiance-c-231.html?page=24 HTTP/1.0" 200 94043 "-" "Mozilla/5.0 (compatible; SemrushBot/7~bl; +http://www.semrush.com/bot.html)"
157.90.177.217 - - [02/Dec/2021:04:21:22 +0100] "GET /fitted-sheet-cotton-percale-threads-p-56962.html HTTP/1.0" 200 74244 "-" "Mozilla/5.0 (compatible; BLEXBot/1.0; +http://webmeup-crawler.com/)"
157.90.177.217 - - [02/Dec/2021:04:21:30 +0100] "GET /fitted-sheet-cotton-percale-threads-p-56963.html HTTP/1.0" 200 74244 "-" "Mozilla/5.0 (compatible; BLEXBot/1.0; +http://webmeup-crawler.com/)"
157.90.177.217 - - [02/Dec/2021:04:21:37 +0100] "GET /fitted-sheet-cotton-percale-threads-p-56965.html HTTP/1.0" 200 73573 "-" "Mozilla/5.0 (compatible; BLEXBot/1.0; +http://webmeup-crawler.com/)"
192.102.204.55 - - [02/Dec/2021:04:21:39 +0100] "GET /images/mini_prod/5213199036063.jpg HTTP/1.0" 200 269 "-" "Mozilla/5.0 (X11; Ubuntu; Linux x86_64; rv:72.0) Gecko/20100101 Firefox/72.0"
149.28.94.127 - - [02/Dec/2021:04:21:39 +0100] "GET /images/mini_prod/DSCN7557.jpg HTTP/1.0" 200 264 "-" "Mozilla/5.0 (X11; Ubuntu; Linux x86_64; rv:72.0) Gecko/20100101 Firefox/72.0"
157.90.177.217 - - [02/Dec/2021:04:21:43 +0100] "GET /fitted-sheet-dark-grey-p-43578.html HTTP/1.0" 200 74158 "-" "Mozilla/5.0 (compatible; BLEXBot/1.0; +http://webmeup-crawler.com/)"
157.90.177.217 - - [02/Dec/2021:04:21:50 +0100] "GET /fitted-sheet-grey-p-27508.html HTTP/1.0" 200 73166 "-" "Mozilla/5.0 (compatible; BLEXBot/1.0; +http://webmeup-crawler.com/)"
185.191.171.4 - - [02/Dec/2021:04:21:53 +0100] "GET /capricorn-mousepad-cbkreation-p-43301.html HTTP/1.0" 200 73346 "-" "Mozilla/5.0 (compatible; SemrushBot/7~bl; +http://www.semrush.com/bot.html)"
157.90.177.217 - - [02/Dec/2021:04:21:55 +0100] "GET /fitted-sheet-light-grey-p-43579.html HTTP/1.0" 200 73949 "-" "Mozilla/5.0 (compatible; BLEXBot/1.0; +http://webmeup-crawler.com/)"
157.90.177.217 - - [02/Dec/2021:04:22:03 +0100] "GET /fitted-sheet-mastic-p-43594.html HTTP/1.0" 200 73272 "-" "Mozilla/5.0 (compatible; BLEXBot/1.0; +http://webmeup-crawler.com/)"
157.55.39.108 - - [02/Dec/2021:04:22:04 +0100] "GET /whisky-black-white-mirror-p-48304.html HTTP/1.0" 200 73295 "-" "Mozilla/5.0 (compatible; bingbot/2.0; +http://www.bing.com/bingbot.htm)"
157.90.177.217 - - [02/Dec/2021:04:22:10 +0100] "GET /fitted-sheet-p-24467.html HTTP/1.0" 200 75027 "-" "Mozilla/5.0 (compatible; BLEXBot/1.0; +http://webmeup-crawler.com/)"
157.90.177.217 - - [02/Dec/2021:04:22:15 +0100] "GET /fitted-sheet-p-27507.html HTTP/1.0" 200 73754 "-" "Mozilla/5.0 (compatible; BLEXBot/1.0; +http://webmeup-crawler.com/)"
157.90.177.217 - - [02/Dec/2021:04:22:23 +0100] "GET /fitted-sheet-turquoise-p-36582.html HTTP/1.0" 200 73315 "-" "Mozilla/5.0 (compatible; BLEXBot/1.0; +http://webmeup-crawler.com/)"
157.90.177.217 - - [02/Dec/2021:04:22:29 +0100] "GET /fitted-sheet-turquoise-p-36584.html HTTP/1.0" 200 73308 "-" "Mozilla/5.0 (compatible; BLEXBot/1.0; +http://webmeup-crawler.com/)"
157.90.177.217 - - [02/Dec/2021:04:22:34 +0100] "GET /fitted-sheet-white-p-31981.html HTTP/1.0" 200 73174 "-" "Mozilla/5.0 (compatible; BLEXBot/1.0; +http://webmeup-crawler.com/)"
157.90.177.217 - - [02/Dec/2021:04:22:42 +0100] "GET /fitted-sheet-with-head-foot-lifting-p-41124.html HTTP/1.0" 200 74017 "-" "Mozilla/5.0 (compatible; BLEXBot/1.0; +http://webmeup-crawler.com/)"
157.90.177.217 - - [02/Dec/2021:04:22:49 +0100] "GET /fitted-sheet-with-head-foot-lifting-p-42593.html HTTP/1.0" 200 73985 "-" "Mozilla/5.0 (compatible; BLEXBot/1.0; +http://webmeup-crawler.com/)"
157.90.177.217 - - [02/Dec/2021:04:22:55 +0100] "GET /fitted-sheet-with-head-foot-lifting-p-43758.html HTTP/1.0" 200 73985 "-" "Mozilla/5.0 (compatible; BLEXBot/1.0; +http://webmeup-crawler.com/)"
185.191.171.8 - - [02/Dec/2021:04:23:02 +0100] "GET /mirror-hang-mosaics-p-46274.html?action=add_product HTTP/1.0" 302 476 "-" "Mozilla/5.0 (compatible; SemrushBot/7~bl; +http://www.semrush.com/bot.html)"
157.90.177.217 - - [02/Dec/2021:04:23:02 +0100] "GET /fitted-sheet-with-head-foot-lifting-p-43759.html HTTP/1.0" 200 73986 "-" "Mozilla/5.0 (compatible; BLEXBot/1.0; +http://webmeup-crawler.com/)"
157.90.177.217 - - [02/Dec/2021:04:23:08 +0100] "GET /fitted-sheet-with-head-foot-lifting-p-43760.html HTTP/1.0" 200 73985 "-" "Mozilla/5.0 (compatible; BLEXBot/1.0; +http://webmeup-crawler.com/)"
54.36.148.146 - - [02/Dec/2021:04:23:12 +0100] "GET /images/big_prod_1/8433933181201a.jpg HTTP/1.0" 200 271 "-" "Mozilla/5.0 (compatible; AhrefsBot/7.0; +http://ahrefs.com/robot/)"
157.90.177.217 - - [02/Dec/2021:04:23:14 +0100] "GET /fitted-sheet-with-head-foot-lifting-p-43761.html HTTP/1.0" 200 73985 "-" "Mozilla/5.0 (compatible; BLEXBot/1.0; +http://webmeup-crawler.com/)"
157.90.177.217 - - [02/Dec/2021:04:23:19 +0100] "GET /fitted-sheet-with-head-foot-lifting-p-43762.html HTTP/1.0" 200 73986 "-" "Mozilla/5.0 (compatible; BLEXBot/1.0; +http://webmeup-crawler.com/)"
157.90.177.217 - - [02/Dec/2021:04:23:25 +0100] "GET /flag-clock-p-31846.html HTTP/1.0" 200 73210 "-" "Mozilla/5.0 (compatible; BLEXBot/1.0; +http://webmeup-crawler.com/)"
185.191.171.14 - - [02/Dec/2021:04:23:32 +0100] "GET /hanging-iron-structure-peacock-p-47929.html?action=add_product HTTP/1.0" 302 476 "-" "Mozilla/5.0 (compatible; SemrushBot/7~bl; +http://www.semrush.com/bot.html)"
20.109.134.229 - - [02/Dec/2021:04:23:35 +0100] "GET /images/big_prod/8904245400989.jpg HTTP/1.0" 200 268 "-" "Mozilla/4.0 (compatible; MSIE 7.0; Windows NT 6.0)"
157.90.177.217 - - [02/Dec/2021:04:23:34 +0100] "GET /flag-p-29111.html HTTP/1.0" 200 73267 "-" "Mozilla/5.0 (compatible; BLEXBot/1.0; +http://webmeup-crawler.com/)"
157.90.177.217 - - [02/Dec/2021:04:23:39 +0100] "GET /flag-wooden-frame-p-32608.html HTTP/1.0" 200 73295 "-" "Mozilla/5.0 (compatible; BLEXBot/1.0; +http://webmeup-crawler.com/)"
157.90.177.217 - - [02/Dec/2021:04:23:45 +0100] "GET /flamingo-bamboo-flower-cover-p-55094.html HTTP/1.0" 200 74033 "-" "Mozilla/5.0 (compatible; BLEXBot/1.0; +http://webmeup-crawler.com/)"
157.90.177.217 - - [02/Dec/2021:04:23:53 +0100] "GET /flamingo-cotton-adult-apron-p-42220.html HTTP/1.0" 200 73261 "-" "Mozilla/5.0 (compatible; BLEXBot/1.0; +http://webmeup-crawler.com/)"
185.191.171.42 - - [02/Dec/2021:04:23:56 +0100] "GET /nippon-doll-shoulder-p-27009.html HTTP/1.0" 200 73646 "-" "Mozilla/5.0 (compatible; SemrushBot/7~bl; +http://www.semrush.com/bot.html)"
157.90.177.217 - - [02/Dec/2021:04:23:58 +0100] "GET /flamingo-fitted-sheet-p-51981.html HTTP/1.0" 200 73890 "-" "Mozilla/5.0 (compatible; BLEXBot/1.0; +http://webmeup-crawler.com/)"
185.191.171.41 - - [02/Dec/2021:04:24:00 +0100] "GET /zodiac-white-women-shirt-p-30798.html HTTP/1.0" 200 75272 "-" "Mozilla/5.0 (compatible; SemrushBot/7~bl; +http://www.semrush.com/bot.html)"
185.191.171.15 - - [02/Dec/2021:04:24:04 +0100] "GET /sonny-angel-christmas-series-2016-figurines-p-47268.html HTTP/1.0" 200 75295 "-" "Mozilla/5.0 (compatible; SemrushBot/7~bl; +http://www.semrush.com/bot.html)"
157.90.177.217 - - [02/Dec/2021:04:24:07 +0100] "GET /flamingo-fitted-sheet-p-51984.html HTTP/1.0" 200 73268 "-" "Mozilla/5.0 (compatible; BLEXBot/1.0; +http://webmeup-crawler.com/)"
157.90.177.217 - - [02/Dec/2021:04:24:12 +0100] "GET /flamingo-mini-melamine-tray-p-55849.html HTTP/1.0" 200 73355 "-" "Mozilla/5.0 (compatible; BLEXBot/1.0; +http://webmeup-crawler.com/)"
157.90.177.217 - - [02/Dec/2021:04:24:18 +0100] "GET /flamingo-porcelain-bowl-flammy-p-52650.html HTTP/1.0" 200 73324 "-" "Mozilla/5.0 (compatible; BLEXBot/1.0; +http://webmeup-crawler.com/)"
157.90.177.217 - - [02/Dec/2021:04:24:25 +0100] "GET /flamingo-porcelain-bowl-p-44478.html HTTP/1.0" 200 73261 "-" "Mozilla/5.0 (compatible; BLEXBot/1.0; +http://webmeup-crawler.com/)"
185.191.171.15 - - [02/Dec/2021:04:24:26 +0100] "GET /american-gray-cbkreation-p-23973.html?action=add_product HTTP/1.0" 302 476 "-" "Mozilla/5.0 (compatible; SemrushBot/7~bl; +http://www.semrush.com/bot.html)"
66.249.68.40 - - [02/Dec/2021:04:24:32 +0100] "GET /images/big_prod/1348422000017.jpg HTTP/1.0" 200 268 "-" "Googlebot-Image/1.0"
157.90.177.217 - - [02/Dec/2021:04:24:34 +0100] "GET /robots.txt HTTP/1.0" 301 531 "-" "Mozilla/5.0 (compatible; BLEXBot/1.0; +http://webmeup-crawler.com/)"
157.90.177.217 - - [02/Dec/2021:04:24:34 +0100] "GET /robots.txt HTTP/1.0" 200 245 "-" "Mozilla/5.0 (compatible; BLEXBot/1.0; +http://webmeup-crawler.com/)"
157.90.177.217 - - [02/Dec/2021:04:24:34 +0100] "GET /flamingo-wall-decoration-p-46789.html HTTP/1.0" 200 73366 "-" "Mozilla/5.0 (compatible; BLEXBot/1.0; +http://webmeup-crawler.com/)"
157.90.177.217 - - [02/Dec/2021:04:24:38 +0100] "GET /flat-pocket-star-wars-characters-p-19191.html HTTP/1.0" 200 73368 "-" "Mozilla/5.0 (compatible; BLEXBot/1.0; +http://webmeup-crawler.com/)"
64.233.173.241 - - [02/Dec/2021:04:24:45 +0100] "GET /images/big_prod_2/4010229021300b.jpg HTTP/1.0" 200 271 "-" "Mozilla/5.0 (Windows NT 5.1; rv:11.0) Gecko Firefox/11.0 (via ggpht.com GoogleImageProxy)"
40.77.167.66 - - [02/Dec/2021:04:24:44 +0100] "GET /-p-29875.html HTTP/1.0" 200 70613 "-" "Mozilla/5.0 (compatible; bingbot/2.0; +http://www.bing.com/bingbot.htm)"
157.90.177.217 - - [02/Dec/2021:04:24:45 +0100] "GET /flatwares-c-12_63.html?page=1 HTTP/1.0" 200 89743 "-" "Mozilla/5.0 (compatible; BLEXBot/1.0; +http://webmeup-crawler.com/)"
129.206.106.110 - - [02/Dec/2021:04:24:56 +0100] "GET /images/mini_prod/34DSCN8150.jpg HTTP/1.0" 200 266 "-" "Mozilla/5.0 (X11; Ubuntu; Linux x86_64; rv:72.0) Gecko/20100101 Firefox/72.0"
157.90.177.217 - - [02/Dec/2021:04:24:55 +0100] "GET /flees-eyelets-sheer-curtain-p-41796.html HTTP/1.0" 200 75456 "-" "Mozilla/5.0 (compatible; BLEXBot/1.0; +http://webmeup-crawler.com/)"
216.244.66.242 - - [02/Dec/2021:04:25:05 +0100] "GET /cardmaking-c-129_128.html HTTP/1.0" 301 561 "-" "Mozilla/5.0 (compatible; DotBot/1.2; +https://opensiteexplorer.org/dotbot; help@moz.com)"
157.90.177.217 - - [02/Dec/2021:04:25:05 +0100] "GET /flicitations-bravo-card-p-20032.html HTTP/1.0" 200 73335 "-" "Mozilla/5.0 (compatible; BLEXBot/1.0; +http://webmeup-crawler.com/)"
157.90.177.217 - - [02/Dec/2021:04:25:10 +0100] "GET /floor-cushions-c-11_182.html?page=1 HTTP/1.0" 200 91240 "-" "Mozilla/5.0 (compatible; BLEXBot/1.0; +http://webmeup-crawler.com/)"
144.130.101.212 - - [02/Dec/2021:04:25:11 +0100] "GET /talent-wolfgang-amadeus-mozart-tassen-made-germany-p-54972.html HTTP/1.0" 200 76110 "-" "Mozilla/5.0 (Macintosh; Intel Mac OS X 10_15_7) AppleWebKit/605.1.15 (KHTML, like Gecko) Version/15.0 Safari/605.1.15"
144.130.101.212 - - [02/Dec/2021:04:25:13 +0100] "GET /highslide/highslide.js HTTP/1.0" 200 262 "http://www.wonder-geek.com/talent-wolfgang-amadeus-mozart-tassen-made-germany-p-54972.html" "Mozilla/5.0 (Macintosh; Intel Mac OS X 10_15_7) AppleWebKit/605.1.15 (KHTML, like Gecko) Version/15.0 Safari/605.1.15"
144.130.101.212 - - [02/Dec/2021:04:25:13 +0100] "GET /templates/Pixame_v1/stylesheet.css HTTP/1.0" 200 267 "http://www.wonder-geek.com/talent-wolfgang-amadeus-mozart-tassen-made-germany-p-54972.html" "Mozilla/5.0 (Macintosh; Intel Mac OS X 10_15_7) AppleWebKit/605.1.15 (KHTML, like Gecko) Version/15.0 Safari/605.1.15"
144.130.101.212 - - [02/Dec/2021:04:25:13 +0100] "GET /mondial_relay/js/jquery-1.3.2.min.js HTTP/1.0" 200 276 "http://www.wonder-geek.com/talent-wolfgang-amadeus-mozart-tassen-made-germany-p-54972.html" "Mozilla/5.0 (Macintosh; Intel Mac OS X 10_15_7) AppleWebKit/605.1.15 (KHTML, like Gecko) Version/15.0 Safari/605.1.15"
144.130.101.212 - - [02/Dec/2021:04:25:13 +0100] "GET /js/jquery.js HTTP/1.0" 200 252 "http://www.wonder-geek.com/talent-wolfgang-amadeus-mozart-tassen-made-germany-p-54972.html" "Mozilla/5.0 (Macintosh; Intel Mac OS X 10_15_7) AppleWebKit/605.1.15 (KHTML, like Gecko) Version/15.0 Safari/605.1.15"
144.130.101.212 - - [02/Dec/2021:04:25:13 +0100] "GET /js/jquery.jqzoom.js HTTP/1.0" 200 259 "http://www.wonder-geek.com/talent-wolfgang-amadeus-mozart-tassen-made-germany-p-54972.html" "Mozilla/5.0 (Macintosh; Intel Mac OS X 10_15_7) AppleWebKit/605.1.15 (KHTML, like Gecko) Version/15.0 Safari/605.1.15"
144.130.101.212 - - [02/Dec/2021:04:25:14 +0100] "GET /swfobject.js HTTP/1.0" 404 1308 "http://www.wonder-geek.com/talent-wolfgang-amadeus-mozart-tassen-made-germany-p-54972.html" "Mozilla/5.0 (Macintosh; Intel Mac OS X 10_15_7) AppleWebKit/605.1.15 (KHTML, like Gecko) Version/15.0 Safari/605.1.15"
144.130.101.212 - - [02/Dec/2021:04:25:14 +0100] "GET /templates/Pixame_v1/images/icon_accueil2.png HTTP/1.0" 200 278 "http://www.wonder-geek.com/talent-wolfgang-amadeus-mozart-tassen-made-germany-p-54972.html" "Mozilla/5.0 (Macintosh; Intel Mac OS X 10_15_7) AppleWebKit/605.1.15 (KHTML, like Gecko) Version/15.0 Safari/605.1.15"
144.130.101.212 - - [02/Dec/2021:04:25:14 +0100] "GET /templates/Pixame_v1/images/infobox/pixel_trans.gif HTTP/1.0" 200 328 "http://www.wonder-geek.com/talent-wolfgang-amadeus-mozart-tassen-made-germany-p-54972.html" "Mozilla/5.0 (Macintosh; Intel Mac OS X 10_15_7) AppleWebKit/605.1.15 (KHTML, like Gecko) Version/15.0 Safari/605.1.15"
144.130.101.212 - - [02/Dec/2021:04:25:14 +0100] "GET /templates/Pixame_v1/images/Bottom_texture.jpg HTTP/1.0" 200 280 "http://www.wonder-geek.com/talent-wolfgang-amadeus-mozart-tassen-made-germany-p-54972.html" "Mozilla/5.0 (Macintosh; Intel Mac OS X 10_15_7) AppleWebKit/605.1.15 (KHTML, like Gecko) Version/15.0 Safari/605.1.15"
144.130.101.212 - - [02/Dec/2021:04:25:14 +0100] "GET /templates/Pixame_v1/images/nav.png HTTP/1.0" 200 268 "http://www.wonder-geek.com/talent-wolfgang-amadeus-mozart-tassen-made-germany-p-54972.html" "Mozilla/5.0 (Macintosh; Intel Mac OS X 10_15_7) AppleWebKit/605.1.15 (KHTML, like Gecko) Version/15.0 Safari/605.1.15"
144.130.101.212 - - [02/Dec/2021:04:25:14 +0100] "GET /images/big_prod_3/4010229021300c.jpg HTTP/1.0" 200 271 "http://www.wonder-geek.com/talent-wolfgang-amadeus-mozart-tassen-made-germany-p-54972.html" "Mozilla/5.0 (Macintosh; Intel Mac OS X 10_15_7) AppleWebKit/605.1.15 (KHTML, like Gecko) Version/15.0 Safari/605.1.15"
144.130.101.212 - - [02/Dec/2021:04:25:15 +0100] "GET /images/big_prod_5/4010229021294e.jpg HTTP/1.0" 200 271 "http://www.wonder-geek.com/talent-wolfgang-amadeus-mozart-tassen-made-germany-p-54972.html" "Mozilla/5.0 (Macintosh; Intel Mac OS X 10_15_7) AppleWebKit/605.1.15 (KHTML, like Gecko) Version/15.0 Safari/605.1.15"
144.130.101.212 - - [02/Dec/2021:04:25:15 +0100] "GET /images/big_prod_4/4010229021300d.jpg HTTP/1.0" 200 271 "http://www.wonder-geek.com/talent-wolfgang-amadeus-mozart-tassen-made-germany-p-54972.html" "Mozilla/5.0 (Macintosh; Intel Mac OS X 10_15_7) AppleWebKit/605.1.15 (KHTML, like Gecko) Version/15.0 Safari/605.1.15"
144.130.101.212 - - [02/Dec/2021:04:25:15 +0100] "GET /images/big_prod_1/4010229021300a.jpg HTTP/1.0" 200 271 "http://www.wonder-geek.com/talent-wolfgang-amadeus-mozart-tassen-made-germany-p-54972.html" "Mozilla/5.0 (Macintosh; Intel Mac OS X 10_15_7) AppleWebKit/605.1.15 (KHTML, like Gecko) Version/15.0 Safari/605.1.15"
144.130.101.212 - - [02/Dec/2021:04:25:15 +0100] "GET /templates/Pixame_v1/images/pixel_trans.gif HTTP/1.0" 200 328 "http://www.wonder-geek.com/talent-wolfgang-amadeus-mozart-tassen-made-germany-p-54972.html" "Mozilla/5.0 (Macintosh; Intel Mac OS X 10_15_7) AppleWebKit/605.1.15 (KHTML, like Gecko) Version/15.0 Safari/605.1.15"
144.130.101.212 - - [02/Dec/2021:04:25:15 +0100] "GET /templates/Pixame_v1/images/Middle_texture.jpg HTTP/1.0" 200 280 "http://www.wonder-geek.com/talent-wolfgang-amadeus-mozart-tassen-made-germany-p-54972.html" "Mozilla/5.0 (Macintosh; Intel Mac OS X 10_15_7) AppleWebKit/605.1.15 (KHTML, like Gecko) Version/15.0 Safari/605.1.15"
144.130.101.212 - - [02/Dec/2021:04:25:15 +0100] "GET /templates/Pixame_v1/images/header.png HTTP/1.0" 200 271 "http://www.wonder-geek.com/talent-wolfgang-amadeus-mozart-tassen-made-germany-p-54972.html" "Mozilla/5.0 (Macintosh; Intel Mac OS X 10_15_7) AppleWebKit/605.1.15 (KHTML, like Gecko) Version/15.0 Safari/605.1.15"
144.130.101.212 - - [02/Dec/2021:04:25:15 +0100] "GET /images/big_prod_2/4010229021300b.jpg HTTP/1.0" 200 271 "http://www.wonder-geek.com/talent-wolfgang-amadeus-mozart-tassen-made-germany-p-54972.html" "Mozilla/5.0 (Macintosh; Intel Mac OS X 10_15_7) AppleWebKit/605.1.15 (KHTML, like Gecko) Version/15.0 Safari/605.1.15"
144.130.101.212 - - [02/Dec/2021:04:25:15 +0100] "GET /templates/Pixame_v1/images/buttons/english/button_in_cart.gif HTTP/1.0" 200 295 "http://www.wonder-geek.com/talent-wolfgang-amadeus-mozart-tassen-made-germany-p-54972.html" "Mozilla/5.0 (Macintosh; Intel Mac OS X 10_15_7) AppleWebKit/605.1.15 (KHTML, like Gecko) Version/15.0 Safari/605.1.15"
144.130.101.212 - - [02/Dec/2021:04:25:16 +0100] "GET /templates/Pixame_v1/images/infobox/infobox_footer_middle.gif HTTP/1.0" 200 357 "http://www.wonder-geek.com/talent-wolfgang-amadeus-mozart-tassen-made-germany-p-54972.html" "Mozilla/5.0 (Macintosh; Intel Mac OS X 10_15_7) AppleWebKit/605.1.15 (KHTML, like Gecko) Version/15.0 Safari/605.1.15"
144.130.101.212 - - [02/Dec/2021:04:25:16 +0100] "GET /images/big_prod/4010229021300.jpg HTTP/1.0" 200 268 "http://www.wonder-geek.com/talent-wolfgang-amadeus-mozart-tassen-made-germany-p-54972.html" "Mozilla/5.0 (Macintosh; Intel Mac OS X 10_15_7) AppleWebKit/605.1.15 (KHTML, like Gecko) Version/15.0 Safari/605.1.15"
144.130.101.212 - - [02/Dec/2021:04:25:16 +0100] "GET /templates/Pixame_v1/images/header-object.png HTTP/1.0" 200 278 "http://www.wonder-geek.com/talent-wolfgang-amadeus-mozart-tassen-made-germany-p-54972.html" "Mozilla/5.0 (Macintosh; Intel Mac OS X 10_15_7) AppleWebKit/605.1.15 (KHTML, like Gecko) Version/15.0 Safari/605.1.15"
144.130.101.212 - - [02/Dec/2021:04:25:16 +0100] "GET /images/pixel_trans.gif HTTP/1.0" 200 328 "http://www.wonder-geek.com/talent-wolfgang-amadeus-mozart-tassen-made-germany-p-54972.html" "Mozilla/5.0 (Macintosh; Intel Mac OS X 10_15_7) AppleWebKit/605.1.15 (KHTML, like Gecko) Version/15.0 Safari/605.1.15"
144.130.101.212 - - [02/Dec/2021:04:25:16 +0100] "GET /design/productsenstock.png HTTP/1.0" 200 260 "http://www.wonder-geek.com/talent-wolfgang-amadeus-mozart-tassen-made-germany-p-54972.html" "Mozilla/5.0 (Macintosh; Intel Mac OS X 10_15_7) AppleWebKit/605.1.15 (KHTML, like Gecko) Version/15.0 Safari/605.1.15"
144.130.101.212 - - [02/Dec/2021:04:25:16 +0100] "GET /highslide/graphics/zoomin.cur HTTP/1.0" 200 614 "http://www.wonder-geek.com/talent-wolfgang-amadeus-mozart-tassen-made-germany-p-54972.html" "Mozilla/5.0 (Macintosh; Intel Mac OS X 10_15_7) AppleWebKit/605.1.15 (KHTML, like Gecko) Version/15.0 Safari/605.1.15"
144.130.101.212 - - [02/Dec/2021:04:25:17 +0100] "GET /highslide/graphics/loader.white.gif HTTP/1.0" 200 960 "http://www.wonder-geek.com/talent-wolfgang-amadeus-mozart-tassen-made-germany-p-54972.html" "Mozilla/5.0 (Macintosh; Intel Mac OS X 10_15_7) AppleWebKit/605.1.15 (KHTML, like Gecko) Version/15.0 Safari/605.1.15"
144.130.101.212 - - [02/Dec/2021:04:25:17 +0100] "GET /highslide/graphics/zoomout.cur HTTP/1.0" 200 614 "http://www.wonder-geek.com/talent-wolfgang-amadeus-mozart-tassen-made-germany-p-54972.html" "Mozilla/5.0 (Macintosh; Intel Mac OS X 10_15_7) AppleWebKit/605.1.15 (KHTML, like Gecko) Version/15.0 Safari/605.1.15"
144.130.101.212 - - [02/Dec/2021:04:25:17 +0100] "GET /highslide/graphics/outlines/drop-shadow.png HTTP/1.0" 200 277 "http://www.wonder-geek.com/talent-wolfgang-amadeus-mozart-tassen-made-germany-p-54972.html" "Mozilla/5.0 (Macintosh; Intel Mac OS X 10_15_7) AppleWebKit/605.1.15 (KHTML, like Gecko) Version/15.0 Safari/605.1.15"
144.130.101.212 - - [02/Dec/2021:04:25:17 +0100] "GET /favicon.ico HTTP/1.0" 200 260 "http://www.wonder-geek.com/talent-wolfgang-amadeus-mozart-tassen-made-germany-p-54972.html" "Mozilla/5.0 (Macintosh; Intel Mac OS X 10_15_7) AppleWebKit/605.1.15 (KHTML, like Gecko) Version/15.0 Safari/605.1.15"
157.90.177.217 - - [02/Dec/2021:04:25:18 +0100] "GET /flore-bedclothes-p-53126.html HTTP/1.0" 200 73284 "-" "Mozilla/5.0 (compatible; BLEXBot/1.0; +http://webmeup-crawler.com/)"
185.191.171.7 - - [02/Dec/2021:04:25:21 +0100] "GET /seagrass-basket-p-50217.html HTTP/1.0" 200 73230 "-" "Mozilla/5.0 (compatible; SemrushBot/7~bl; +http://www.semrush.com/bot.html)"
157.90.177.217 - - [02/Dec/2021:04:25:24 +0100] "GET /flore-bedclothes-p-53127.html HTTP/1.0" 200 73284 "-" "Mozilla/5.0 (compatible; BLEXBot/1.0; +http://webmeup-crawler.com/)"
157.90.177.217 - - [02/Dec/2021:04:25:29 +0100] "GET /flossy-candy-cloud-keychain-p-46660.html HTTP/1.0" 200 73290 "-" "Mozilla/5.0 (compatible; BLEXBot/1.0; +http://webmeup-crawler.com/)"
144.130.101.212 - - [02/Dec/2021:04:25:34 +0100] "GET /images/big_prod/4010229021300.jpg HTTP/1.0" 200 268 "-" "Mozilla/5.0 (Macintosh; Intel Mac OS X 10_15_7) AppleWebKit/605.1.15 (KHTML, like Gecko) Version/15.0 Safari/605.1.15"
157.90.177.217 - - [02/Dec/2021:04:25:35 +0100] "GET /flower-bowl-model-p-49586.html HTTP/1.0" 200 73236 "-" "Mozilla/5.0 (compatible; BLEXBot/1.0; +http://webmeup-crawler.com/)"
157.90.177.217 - - [02/Dec/2021:04:25:40 +0100] "GET /flower-cover-p-55343.html HTTP/1.0" 200 73874 "-" "Mozilla/5.0 (compatible; BLEXBot/1.0; +http://webmeup-crawler.com/)"
157.90.177.217 - - [02/Dec/2021:04:25:48 +0100] "GET /flower-cover-p-55344.html HTTP/1.0" 200 73874 "-" "Mozilla/5.0 (compatible; BLEXBot/1.0; +http://webmeup-crawler.com/)"
157.90.177.217 - - [02/Dec/2021:04:25:54 +0100] "GET /flower-cover-p-55345.html HTTP/1.0" 200 73874 "-" "Mozilla/5.0 (compatible; BLEXBot/1.0; +http://webmeup-crawler.com/)"
157.90.177.217 - - [02/Dec/2021:04:25:59 +0100] "GET /flower-foot-p-54291.html HTTP/1.0" 200 73803 "-" "Mozilla/5.0 (compatible; BLEXBot/1.0; +http://webmeup-crawler.com/)"
157.90.177.217 - - [02/Dec/2021:04:26:05 +0100] "GET /flower-foot-p-54292.html HTTP/1.0" 200 73802 "-" "Mozilla/5.0 (compatible; BLEXBot/1.0; +http://webmeup-crawler.com/)"
157.90.177.217 - - [02/Dec/2021:04:26:11 +0100] "GET /flower-foot-p-55579.html HTTP/1.0" 200 73259 "-" "Mozilla/5.0 (compatible; BLEXBot/1.0; +http://webmeup-crawler.com/)"
157.55.39.223 - - [02/Dec/2021:04:26:15 +0100] "GET /tour-france-little-tray-p-51675.html HTTP/1.0" 200 73355 "-" "Mozilla/5.0 (compatible; bingbot/2.0; +http://www.bing.com/bingbot.htm)"
157.90.177.217 - - [02/Dec/2021:04:26:16 +0100] "GET /flower-foot-p-55588.html HTTP/1.0" 200 73184 "-" "Mozilla/5.0 (compatible; BLEXBot/1.0; +http://webmeup-crawler.com/)"
157.90.177.217 - - [02/Dec/2021:04:26:23 +0100] "GET /flower-joris-collection-bleu-fish-p-54673.html HTTP/1.0" 200 73349 "-" "Mozilla/5.0 (compatible; BLEXBot/1.0; +http://webmeup-crawler.com/)"
157.90.177.217 - - [02/Dec/2021:04:26:28 +0100] "GET /flower-joris-collection-blue-p-54680.html HTTP/1.0" 200 73334 "-" "Mozilla/5.0 (compatible; BLEXBot/1.0; +http://webmeup-crawler.com/)"
185.191.171.35 - - [02/Dec/2021:04:26:29 +0100] "GET /bakugan-acrylic-glass-p-14011.html HTTP/1.0" 200 70687 "-" "Mozilla/5.0 (compatible; SemrushBot/7~bl; +http://www.semrush.com/bot.html)"
157.90.177.217 - - [02/Dec/2021:04:26:33 +0100] "GET /flower-joris-collection-gray-whale-p-54668.html HTTP/1.0" 200 73394 "-" "Mozilla/5.0 (compatible; BLEXBot/1.0; +http://webmeup-crawler.com/)"
157.90.177.217 - - [02/Dec/2021:04:26:39 +0100] "GET /flower-joris-collection-p-54679.html HTTP/1.0" 200 73319 "-" "Mozilla/5.0 (compatible; BLEXBot/1.0; +http://webmeup-crawler.com/)"
157.90.177.217 - - [02/Dec/2021:04:26:43 +0100] "GET /flower-joris-collection-p-54682.html HTTP/1.0" 200 73319 "-" "Mozilla/5.0 (compatible; BLEXBot/1.0; +http://webmeup-crawler.com/)"
157.90.177.217 - - [02/Dec/2021:04:26:55 +0100] "GET /flower-joris-collection-whale-p-54671.html HTTP/1.0" 200 73379 "-" "Mozilla/5.0 (compatible; BLEXBot/1.0; +http://webmeup-crawler.com/)"
185.191.171.39 - - [02/Dec/2021:04:26:58 +0100] "GET /rose-quartz-rolled-stone-grams-p-46592.html?action=add_product HTTP/1.0" 302 476 "-" "Mozilla/5.0 (compatible; SemrushBot/7~bl; +http://www.semrush.com/bot.html)"
157.90.177.217 - - [02/Dec/2021:04:27:03 +0100] "GET /flower-life-chakra-pyramid-with-crystal-point-p-54365.html HTTP/1.0" 200 75042 "-" "Mozilla/5.0 (compatible; BLEXBot/1.0; +http://webmeup-crawler.com/)"
157.90.177.217 - - [02/Dec/2021:04:27:11 +0100] "GET /flower-life-coasters-p-45152.html HTTP/1.0" 200 74108 "-" "Mozilla/5.0 (compatible; BLEXBot/1.0; +http://webmeup-crawler.com/)"
157.90.177.217 - - [02/Dec/2021:04:27:18 +0100] "GET /flower-life-cork-coasters-p-43806.html HTTP/1.0" 200 73926 "-" "Mozilla/5.0 (compatible; BLEXBot/1.0; +http://webmeup-crawler.com/)"
157.90.177.217 - - [02/Dec/2021:04:27:24 +0100] "GET /flower-life-hanging-banner-p-56160.html HTTP/1.0" 200 74029 "-" "Mozilla/5.0 (compatible; BLEXBot/1.0; +http://webmeup-crawler.com/)"
157.90.177.217 - - [02/Dec/2021:04:27:31 +0100] "GET /flower-life-incense-stick-holder-p-53793.html HTTP/1.0" 200 74017 "-" "Mozilla/5.0 (compatible; BLEXBot/1.0; +http://webmeup-crawler.com/)"
157.90.177.217 - - [02/Dec/2021:04:27:37 +0100] "GET /flower-life-large-cabas-p-39394.html HTTP/1.0" 200 73318 "-" "Mozilla/5.0 (compatible; BLEXBot/1.0; +http://webmeup-crawler.com/)"
157.90.177.217 - - [02/Dec/2021:04:27:43 +0100] "GET /flower-life-p-42835.html HTTP/1.0" 200 73988 "-" "Mozilla/5.0 (compatible; BLEXBot/1.0; +http://webmeup-crawler.com/)"
157.90.177.217 - - [02/Dec/2021:04:27:51 +0100] "GET /flower-market-metal-planter-zinc-look-beige-p-55464.html HTTP/1.0" 200 74325 "-" "Mozilla/5.0 (compatible; BLEXBot/1.0; +http://webmeup-crawler.com/)"
157.90.177.217 - - [02/Dec/2021:04:27:56 +0100] "GET /flower-market-metal-planter-zinc-look-brown-p-55465.html HTTP/1.0" 200 74325 "-" "Mozilla/5.0 (compatible; BLEXBot/1.0; +http://webmeup-crawler.com/)"
129.206.106.110 - - [02/Dec/2021:04:27:57 +0100] "GET /images/mini_prod/c8427787034837.jpg HTTP/1.0" 200 270 "-" "Mozilla/5.0 (X11; Ubuntu; Linux x86_64; rv:72.0) Gecko/20100101 Firefox/72.0"
157.90.177.217 - - [02/Dec/2021:04:28:04 +0100] "GET /flower-market-metal-planter-zinc-look-green-p-55467.html HTTP/1.0" 200 74325 "-" "Mozilla/5.0 (compatible; BLEXBot/1.0; +http://webmeup-crawler.com/)"
185.191.171.41 - - [02/Dec/2021:04:28:08 +0100] "GET /pure-washed-linen-cushion-cover-p-54385.html HTTP/1.0" 200 74509 "-" "Mozilla/5.0 (compatible; SemrushBot/7~bl; +http://www.semrush.com/bot.html)"
157.90.177.217 - - [02/Dec/2021:04:28:09 +0100] "GET /flower-market-metal-planter-zinc-look-khaki-p-55466.html HTTP/1.0" 200 74325 "-" "Mozilla/5.0 (compatible; BLEXBot/1.0; +http://webmeup-crawler.com/)"
157.90.177.217 - - [02/Dec/2021:04:28:20 +0100] "GET /flower-pots-c-13_275.html?page=1 HTTP/1.0" 200 92187 "-" "Mozilla/5.0 (compatible; BLEXBot/1.0; +http://webmeup-crawler.com/)"
157.90.177.217 - - [02/Dec/2021:04:28:27 +0100] "GET /flower-power-cbkreation-p-14676.html HTTP/1.0" 200 73281 "-" "Mozilla/5.0 (compatible; BLEXBot/1.0; +http://webmeup-crawler.com/)"
157.90.177.217 - - [02/Dec/2021:04:28:32 +0100] "GET /flower-power-potholder-glove-p-39862.html HTTP/1.0" 200 73386 "-" "Mozilla/5.0 (compatible; BLEXBot/1.0; +http://webmeup-crawler.com/)"
157.90.177.217 - - [02/Dec/2021:04:28:38 +0100] "GET /flower-soho-collection-p-54636.html HTTP/1.0" 200 73329 "-" "Mozilla/5.0 (compatible; BLEXBot/1.0; +http://webmeup-crawler.com/)"
157.90.177.217 - - [02/Dec/2021:04:28:45 +0100] "GET /flower-soho-collection-p-54637.html HTTP/1.0" 200 73323 "-" "Mozilla/5.0 (compatible; BLEXBot/1.0; +http://webmeup-crawler.com/)"
51.68.224.127 - - [02/Dec/2021:04:28:46 +0100] "GET /adminweb/export_orders_xml.php?token=256de2z6edz6ed2z6DFSFsed2zed6zeDSFDSGdzedezfzf&maxorders=10&orderstart=1&status=14&start_date=2018-10-01 HTTP/1.0" 200 285 "-" "GesCom CharlotteBoutik Serveur"
51.68.224.127 - - [02/Dec/2021:04:28:47 +0100] "GET /adminweb/export_orders_xml.php?token=256de2z6edz6ed2z6DFSFsed2zed6zeDSFDSGdzedezfzf&maxorders=10&orderstart=1&status=6&start_date=2018-10-01 HTTP/1.0" 200 32471 "-" "GesCom CharlotteBoutik Serveur"
185.191.171.37 - - [02/Dec/2021:04:28:47 +0100] "GET /niro-bedclothes-p-51601.html?action=add_product HTTP/1.0" 302 476 "-" "Mozilla/5.0 (compatible; SemrushBot/7~bl; +http://www.semrush.com/bot.html)"
157.90.177.217 - - [02/Dec/2021:04:28:53 +0100] "GET /flower-springy-collection-gray-p-54652.html HTTP/1.0" 200 73385 "-" "Mozilla/5.0 (compatible; BLEXBot/1.0; +http://webmeup-crawler.com/)"
157.90.177.217 - - [02/Dec/2021:04:28:58 +0100] "GET /flower-springy-collection-gray-p-54660.html HTTP/1.0" 200 73378 "-" "Mozilla/5.0 (compatible; BLEXBot/1.0; +http://webmeup-crawler.com/)"
185.191.171.2 - - [02/Dec/2021:04:29:00 +0100] "GET /mulan-coutue-de-force-figurine-p-53356.html HTTP/1.0" 301 74699 "-" "Mozilla/5.0 (compatible; SemrushBot/7~bl; +http://www.semrush.com/bot.html)"
157.90.177.217 - - [02/Dec/2021:04:29:02 +0100] "GET /flower-springy-collection-p-54655.html HTTP/1.0" 200 73369 "-" "Mozilla/5.0 (compatible; BLEXBot/1.0; +http://webmeup-crawler.com/)"
185.191.171.43 - - [02/Dec/2021:04:29:03 +0100] "GET /mulan-coutue-force-figurine-p-53356.html HTTP/1.0" 200 74605 "-" "Mozilla/5.0 (compatible; SemrushBot/7~bl; +http://www.semrush.com/bot.html)"
185.191.171.4 - - [02/Dec/2021:04:29:08 +0100] "GET /decorative-wooden-plate-bienvenue-p-51584.html HTTP/1.0" 200 74000 "-" "Mozilla/5.0 (compatible; SemrushBot/7~bl; +http://www.semrush.com/bot.html)"
157.90.177.217 - - [02/Dec/2021:04:29:08 +0100] "GET /flower-springy-collection-p-54658.html HTTP/1.0" 200 73362 "-" "Mozilla/5.0 (compatible; BLEXBot/1.0; +http://webmeup-crawler.com/)"
157.90.177.217 - - [02/Dec/2021:04:29:17 +0100] "GET /flower-summer-collection-blue-turtle-p-52697.html HTTP/1.0" 200 73425 "-" "Mozilla/5.0 (compatible; BLEXBot/1.0; +http://webmeup-crawler.com/)"
157.90.177.217 - - [02/Dec/2021:04:29:23 +0100] "GET /flower-summer-collection-fish-p-52696.html HTTP/1.0" 200 73367 "-" "Mozilla/5.0 (compatible; BLEXBot/1.0; +http://webmeup-crawler.com/)"
157.90.177.217 - - [02/Dec/2021:04:29:29 +0100] "GET /flower-summer-collection-green-turtle-p-52698.html HTTP/1.0" 200 73434 "-" "Mozilla/5.0 (compatible; BLEXBot/1.0; +http://webmeup-crawler.com/)"
157.90.177.217 - - [02/Dec/2021:04:29:33 +0100] "GET /flower-summer-collection-grey-p-54633.html HTTP/1.0" 200 73367 "-" "Mozilla/5.0 (compatible; BLEXBot/1.0; +http://webmeup-crawler.com/)"
157.90.177.217 - - [02/Dec/2021:04:29:39 +0100] "GET /flower-summer-collection-ladybug-p-52694.html HTTP/1.0" 200 73383 "-" "Mozilla/5.0 (compatible; BLEXBot/1.0; +http://webmeup-crawler.com/)"
157.90.177.217 - - [02/Dec/2021:04:29:43 +0100] "GET /flower-summer-collection-ladybug-p-54631.html HTTP/1.0" 200 73380 "-" "Mozilla/5.0 (compatible; BLEXBot/1.0; +http://webmeup-crawler.com/)"
185.191.171.17 - - [02/Dec/2021:04:29:47 +0100] "GET /one-wax-melt-heart-and-home-rosewood-vanilla-p-52814.html HTTP/1.0" 301 74704 "-" "Mozilla/5.0 (compatible; SemrushBot/7~bl; +http://www.semrush.com/bot.html)"
157.90.177.217 - - [02/Dec/2021:04:29:48 +0100] "GET /flower-summer-collection-p-52693.html HTTP/1.0" 200 73349 "-" "Mozilla/5.0 (compatible; BLEXBot/1.0; +http://webmeup-crawler.com/)"
185.191.171.39 - - [02/Dec/2021:04:29:50 +0100] "GET /melt-heart-home-rosewood-vanilla-p-52814.html HTTP/1.0" 200 74605 "-" "Mozilla/5.0 (compatible; SemrushBot/7~bl; +http://www.semrush.com/bot.html)"
157.90.177.217 - - [02/Dec/2021:04:29:53 +0100] "GET /flower-summer-collection-p-54667.html HTTP/1.0" 200 73317 "-" "Mozilla/5.0 (compatible; BLEXBot/1.0; +http://webmeup-crawler.com/)"
165.154.72.231 - - [02/Dec/2021:04:29:58 +0100] "GET /images/mini_prod/060207_230354_PEEL_eb7VzU.jpg HTTP/1.0" 200 281 "-" "Mozilla/5.0 (X11; Ubuntu; Linux x86_64; rv:72.0) Gecko/20100101 Firefox/72.0"
157.90.177.217 - - [02/Dec/2021:04:29:57 +0100] "GET /flower-summer-collection-whale-p-52695.html HTTP/1.0" 200 73379 "-" "Mozilla/5.0 (compatible; BLEXBot/1.0; +http://webmeup-crawler.com/)"
157.90.177.217 - - [02/Dec/2021:04:30:00 +0100] "GET /flower-summer-collection-white-p-52691.html HTTP/1.0" 200 73379 "-" "Mozilla/5.0 (compatible; BLEXBot/1.0; +http://webmeup-crawler.com/)"
157.90.177.217 - - [02/Dec/2021:04:30:04 +0100] "GET /flower-terracotta-elephant-p-52702.html HTTP/1.0" 200 73357 "-" "Mozilla/5.0 (compatible; BLEXBot/1.0; +http://webmeup-crawler.com/)"
157.90.177.217 - - [02/Dec/2021:04:30:07 +0100] "GET /flower-vivienne-collection-gray-fish-p-54495.html HTTP/1.0" 200 73410 "-" "Mozilla/5.0 (compatible; BLEXBot/1.0; +http://webmeup-crawler.com/)"
157.90.177.217 - - [02/Dec/2021:04:30:10 +0100] "GET /flower-vivienne-collection-gray-fish-p-54498.html HTTP/1.0" 200 73411 "-" "Mozilla/5.0 (compatible; BLEXBot/1.0; +http://webmeup-crawler.com/)"
185.191.171.7 - - [02/Dec/2021:04:30:12 +0100] "GET /lille-losc-p-50783.html?action=add_product HTTP/1.0" 302 476 "-" "Mozilla/5.0 (compatible; SemrushBot/7~bl; +http://www.semrush.com/bot.html)"
157.55.39.108 - - [02/Dec/2021:04:30:12 +0100] "GET /images/8435306240188.jpg HTTP/1.0" 200 259 "-" "Mozilla/5.0 (compatible; bingbot/2.0; +http://www.bing.com/bingbot.htm)"
157.90.177.217 - - [02/Dec/2021:04:30:13 +0100] "GET /flowers-boho-p-50798.html HTTP/1.0" 200 73853 "-" "Mozilla/5.0 (compatible; BLEXBot/1.0; +http://webmeup-crawler.com/)"
157.90.177.217 - - [02/Dec/2021:04:30:16 +0100] "GET /flowers-boho-p-50800.html HTTP/1.0" 200 73859 "-" "Mozilla/5.0 (compatible; BLEXBot/1.0; +http://webmeup-crawler.com/)"
157.90.177.217 - - [02/Dec/2021:04:30:19 +0100] "GET /flowers-mini-melamine-tray-p-55857.html HTTP/1.0" 200 73389 "-" "Mozilla/5.0 (compatible; BLEXBot/1.0; +http://webmeup-crawler.com/)"
157.90.177.217 - - [02/Dec/2021:04:30:22 +0100] "GET /flowers-p-50807.html HTTP/1.0" 200 73236 "-" "Mozilla/5.0 (compatible; BLEXBot/1.0; +http://webmeup-crawler.com/)"
157.90.177.217 - - [02/Dec/2021:04:30:25 +0100] "GET /fluorite-massage-stick-peace-harmony-creativity-p-47223.html HTTP/1.0" 200 74598 "-" "Mozilla/5.0 (compatible; BLEXBot/1.0; +http://webmeup-crawler.com/)"
157.90.177.217 - - [02/Dec/2021:04:30:28 +0100] "GET /foghorn-decoration-brass-p-41465.html HTTP/1.0" 200 73261 "-" "Mozilla/5.0 (compatible; BLEXBot/1.0; +http://webmeup-crawler.com/)"
157.90.177.217 - - [02/Dec/2021:04:30:32 +0100] "GET /foldable-klimt-kiss-p-54987.html HTTP/1.0" 200 73524 "-" "Mozilla/5.0 (compatible; BLEXBot/1.0; +http://webmeup-crawler.com/)"
157.90.177.217 - - [02/Dec/2021:04:30:34 +0100] "GET /foldable-terrasse-soir-gogh-p-54985.html HTTP/1.0" 200 73678 "-" "Mozilla/5.0 (compatible; BLEXBot/1.0; +http://webmeup-crawler.com/)"
157.90.177.217 - - [02/Dec/2021:04:30:38 +0100] "GET /foliage-carpet-p-48571.html HTTP/1.0" 200 73431 "-" "Mozilla/5.0 (compatible; BLEXBot/1.0; +http://webmeup-crawler.com/)"
157.90.177.217 - - [02/Dec/2021:04:30:42 +0100] "GET /foliage-carpet-p-48572.html HTTP/1.0" 200 73445 "-" "Mozilla/5.0 (compatible; BLEXBot/1.0; +http://webmeup-crawler.com/)"
157.90.177.217 - - [02/Dec/2021:04:30:45 +0100] "GET /football-clock-cbkreation-p-24709.html HTTP/1.0" 200 73391 "-" "Mozilla/5.0 (compatible; BLEXBot/1.0; +http://webmeup-crawler.com/)"
157.90.177.217 - - [02/Dec/2021:04:30:50 +0100] "GET /ford-fuel-service-coffee-p-55658.html HTTP/1.0" 200 73467 "-" "Mozilla/5.0 (compatible; BLEXBot/1.0; +http://webmeup-crawler.com/)"
157.90.177.217 - - [02/Dec/2021:04:30:55 +0100] "GET /foxy-sweet-home-bowl-p-45503.html HTTP/1.0" 200 73193 "-" "Mozilla/5.0 (compatible; BLEXBot/1.0; +http://webmeup-crawler.com/)"
157.90.177.217 - - [02/Dec/2021:04:31:01 +0100] "GET /fragrance-case-cabinet-diffuser-c-231_228.html?page=1 HTTP/1.0" 200 90452 "-" "Mozilla/5.0 (compatible; BLEXBot/1.0; +http://webmeup-crawler.com/)"
157.90.177.217 - - [02/Dec/2021:04:31:04 +0100] "GET /fragrance-magnet-from-provence-p-48345.html HTTP/1.0" 200 73350 "-" "Mozilla/5.0 (compatible; BLEXBot/1.0; +http://webmeup-crawler.com/)"
157.90.177.217 - - [02/Dec/2021:04:31:10 +0100] "GET /fragrance-sachet-grass-p-40563.html HTTP/1.0" 200 73953 "-" "Mozilla/5.0 (compatible; BLEXBot/1.0; +http://webmeup-crawler.com/)"
157.90.177.217 - - [02/Dec/2021:04:31:14 +0100] "GET /fragrance-sachet-paradise-sunset-p-40534.html HTTP/1.0" 200 73997 "-" "Mozilla/5.0 (compatible; BLEXBot/1.0; +http://webmeup-crawler.com/)"
157.90.177.217 - - [02/Dec/2021:04:31:22 +0100] "GET /fragrance-sachet-pearl-bouquet-p-40538.html HTTP/1.0" 200 73968 "-" "Mozilla/5.0 (compatible; BLEXBot/1.0; +http://webmeup-crawler.com/)"
157.90.177.217 - - [02/Dec/2021:04:31:28 +0100] "GET /fragrance-sachet-pink-blossom-p-40549.html HTTP/1.0" 200 73966 "-" "Mozilla/5.0 (compatible; BLEXBot/1.0; +http://webmeup-crawler.com/)"
157.90.177.217 - - [02/Dec/2021:04:31:31 +0100] "GET /fragrance-sachet-pink-grapefruit-cassis-p-40564.html HTTP/1.0" 200 74058 "-" "Mozilla/5.0 (compatible; BLEXBot/1.0; +http://webmeup-crawler.com/)"
157.90.177.217 - - [02/Dec/2021:04:31:36 +0100] "GET /fragrance-sachet-rambling-rose-p-40539.html HTTP/1.0" 200 73977 "-" "Mozilla/5.0 (compatible; BLEXBot/1.0; +http://webmeup-crawler.com/)"
157.90.177.217 - - [02/Dec/2021:04:31:39 +0100] "GET /fragrance-sachet-simply-mulberry-p-40544.html HTTP/1.0" 200 74012 "-" "Mozilla/5.0 (compatible; BLEXBot/1.0; +http://webmeup-crawler.com/)"
157.90.177.217 - - [02/Dec/2021:04:31:42 +0100] "GET /fragrance-sachet-simply-p-40561.html HTTP/1.0" 200 73957 "-" "Mozilla/5.0 (compatible; BLEXBot/1.0; +http://webmeup-crawler.com/)"
157.90.177.217 - - [02/Dec/2021:04:31:49 +0100] "GET /fragrance-sachet-sweet-p-40556.html HTTP/1.0" 200 73933 "-" "Mozilla/5.0 (compatible; BLEXBot/1.0; +http://webmeup-crawler.com/)"
157.90.177.217 - - [02/Dec/2021:04:31:52 +0100] "GET /fragrance-sachet-true-enchantment-p-40554.html HTTP/1.0" 200 74020 "-" "Mozilla/5.0 (compatible; BLEXBot/1.0; +http://webmeup-crawler.com/)"
157.90.177.217 - - [02/Dec/2021:04:31:57 +0100] "GET /fragrance-sachet-twilight-p-40557.html HTTP/1.0" 200 73949 "-" "Mozilla/5.0 (compatible; BLEXBot/1.0; +http://webmeup-crawler.com/)"
157.90.177.217 - - [02/Dec/2021:04:32:02 +0100] "GET /fragrance-sachet-welcome-home-p-40536.html HTTP/1.0" 200 73976 "-" "Mozilla/5.0 (compatible; BLEXBot/1.0; +http://webmeup-crawler.com/)"
157.90.177.217 - - [02/Dec/2021:04:32:05 +0100] "GET /fragrance-sachet-white-jasmine-freesia-p-40540.html HTTP/1.0" 200 74043 "-" "Mozilla/5.0 (compatible; BLEXBot/1.0; +http://webmeup-crawler.com/)"
66.249.68.40 - - [02/Dec/2021:04:32:06 +0100] "GET /dalmatian-pill-p-32054.html HTTP/1.0" 200 73344 "-" "Mozilla/5.0 (Linux; Android 6.0.1; Nexus 5X Build/MMB29P) AppleWebKit/537.36 (KHTML, like Gecko) Chrome/96.0.4664.45 Mobile Safari/537.36 (compatible; Googlebot/2.1; +http://www.google.com/bot.html)"
