157.90.177.217 - - [02/Dec/2021:03:37:17 +0100] "GET /decoration-protection-animal-iphone-cable-p-47280.html HTTP/1.0" 200 77408 "-" "Mozilla/5.0 (compatible; BLEXBot/1.0; +http://webmeup-crawler.com/)"
157.90.177.217 - - [02/Dec/2021:03:37:23 +0100] "GET /decoration-protection-animal-iphone-cable-p-47281.html HTTP/1.0" 200 74956 "-" "Mozilla/5.0 (compatible; BLEXBot/1.0; +http://webmeup-crawler.com/)"
157.90.177.217 - - [02/Dec/2021:03:37:29 +0100] "GET /decoration-protection-animal-iphone-cable-p-47282.html HTTP/1.0" 200 77408 "-" "Mozilla/5.0 (compatible; BLEXBot/1.0; +http://webmeup-crawler.com/)"
157.90.177.217 - - [02/Dec/2021:03:37:33 +0100] "GET /decoration-protection-animal-iphone-cable-p-47283.html HTTP/1.0" 200 74956 "-" "Mozilla/5.0 (compatible; BLEXBot/1.0; +http://webmeup-crawler.com/)"
157.90.177.217 - - [02/Dec/2021:03:37:39 +0100] "GET /decoration-protection-animal-iphone-cable-p-47284.html HTTP/1.0" 200 77408 "-" "Mozilla/5.0 (compatible; BLEXBot/1.0; +http://webmeup-crawler.com/)"
157.90.177.217 - - [02/Dec/2021:03:37:45 +0100] "GET /decoration-protection-animal-iphone-cable-p-47286.html HTTP/1.0" 200 77408 "-" "Mozilla/5.0 (compatible; BLEXBot/1.0; +http://webmeup-crawler.com/)"
157.90.177.217 - - [02/Dec/2021:03:37:50 +0100] "GET /decoration-protection-animal-iphone-cable-p-47287.html HTTP/1.0" 200 77408 "-" "Mozilla/5.0 (compatible; BLEXBot/1.0; +http://webmeup-crawler.com/)"
185.191.171.18 - - [02/Dec/2021:03:37:52 +0100] "GET /tour-france-ceramic-money-p-52190.html?action=add_product HTTP/1.0" 302 476 "-" "Mozilla/5.0 (compatible; SemrushBot/7~bl; +http://www.semrush.com/bot.html)"
157.90.177.217 - - [02/Dec/2021:03:37:55 +0100] "GET /decoration-protection-animal-iphone-cable-p-47288.html HTTP/1.0" 200 74956 "-" "Mozilla/5.0 (compatible; BLEXBot/1.0; +http://webmeup-crawler.com/)"
66.249.68.40 - - [02/Dec/2021:03:37:57 +0100] "GET /piggy-bank-girly-purple-p-42387.html HTTP/1.0" 200 73279 "-" "Mozilla/5.0 (compatible; Googlebot/2.1; +http://www.google.com/bot.html)"
66.249.68.40 - - [02/Dec/2021:03:37:59 +0100] "GET /gorjuss-sparkle-bloom-document-wallet-p-53969.html HTTP/1.0" 200 74373 "-" "Mozilla/5.0 (Linux; Android 6.0.1; Nexus 5X Build/MMB29P) AppleWebKit/537.36 (KHTML, like Gecko) Chrome/96.0.4664.45 Mobile Safari/537.36 (compatible; Googlebot/2.1; +http://www.google.com/bot.html)"
157.90.177.217 - - [02/Dec/2021:03:38:00 +0100] "GET /decoration-thermometers-c-13_145.html?page=1 HTTP/1.0" 200 90649 "-" "Mozilla/5.0 (compatible; BLEXBot/1.0; +http://webmeup-crawler.com/)"
66.249.68.40 - - [02/Dec/2021:03:38:01 +0100] "GET /pencil-cooco-ylvi-minimoomis-p-33973.html HTTP/1.0" 200 75199 "-" "Mozilla/5.0 (Linux; Android 6.0.1; Nexus 5X Build/MMB29P) AppleWebKit/537.36 (KHTML, like Gecko) Chrome/96.0.4664.45 Mobile Safari/537.36 (compatible; Googlebot/2.1; +http://www.google.com/bot.html)"
66.249.68.40 - - [02/Dec/2021:03:38:03 +0100] "GET /ariel-sitting-rock-moon-p-51161.html HTTP/1.0" 200 74755 "-" "Mozilla/5.0 (Linux; Android 6.0.1; Nexus 5X Build/MMB29P) AppleWebKit/537.36 (KHTML, like Gecko) Chrome/96.0.4664.45 Mobile Safari/537.36 (compatible; Googlebot/2.1; +http://www.google.com/bot.html)"
66.249.68.38 - - [02/Dec/2021:03:38:05 +0100] "GET /whisky-jb-mirror-p-32540.html HTTP/1.0" 301 70758 "-" "Mozilla/5.0 (compatible; Googlebot/2.1; +http://www.google.com/bot.html)"
157.90.177.217 - - [02/Dec/2021:03:38:06 +0100] "GET /decoration-world-p-48249.html HTTP/1.0" 200 73294 "-" "Mozilla/5.0 (compatible; BLEXBot/1.0; +http://webmeup-crawler.com/)"
66.249.68.38 - - [02/Dec/2021:03:38:07 +0100] "GET /wood-craft-ashtray-with-mother-pearl-inclusions-p-50593.html HTTP/1.0" 200 74275 "-" "Mozilla/5.0 (Linux; Android 6.0.1; Nexus 5X Build/MMB29P) AppleWebKit/537.36 (KHTML, like Gecko) Chrome/96.0.4664.45 Mobile Safari/537.36 (compatible; Googlebot/2.1; +http://www.google.com/bot.html)"
66.249.68.38 - - [02/Dec/2021:03:38:08 +0100] "GET /whisky-mirror-p-32540.html HTTP/1.0" 200 70678 "-" "Mozilla/5.0 (compatible; Googlebot/2.1; +http://www.google.com/bot.html)"
157.90.177.217 - - [02/Dec/2021:03:38:11 +0100] "GET /decoration-world-p-51092.html HTTP/1.0" 200 73286 "-" "Mozilla/5.0 (compatible; BLEXBot/1.0; +http://webmeup-crawler.com/)"
157.90.177.217 - - [02/Dec/2021:03:38:19 +0100] "GET /decorations-c-13_89.html?page=1 HTTP/1.0" 200 91867 "-" "Mozilla/5.0 (compatible; BLEXBot/1.0; +http://webmeup-crawler.com/)"
157.90.177.217 - - [02/Dec/2021:03:38:26 +0100] "GET /decorative-articulated-magnifying-glass-p-49462.html HTTP/1.0" 200 73510 "-" "Mozilla/5.0 (compatible; BLEXBot/1.0; +http://webmeup-crawler.com/)"
157.90.177.217 - - [02/Dec/2021:03:38:29 +0100] "GET /decorative-binocular-brass-p-51517.html HTTP/1.0" 200 73317 "-" "Mozilla/5.0 (compatible; BLEXBot/1.0; +http://webmeup-crawler.com/)"
157.90.177.217 - - [02/Dec/2021:03:38:33 +0100] "GET /decorative-blue-globe-p-45095.html HTTP/1.0" 200 73305 "-" "Mozilla/5.0 (compatible; BLEXBot/1.0; +http://webmeup-crawler.com/)"
157.90.177.217 - - [02/Dec/2021:03:38:37 +0100] "GET /decorative-brass-alidade-p-41505.html HTTP/1.0" 200 73314 "-" "Mozilla/5.0 (compatible; BLEXBot/1.0; +http://webmeup-crawler.com/)"
157.90.177.217 - - [02/Dec/2021:03:38:44 +0100] "GET /decorative-brass-telescope-delivered-with-p-56658.html HTTP/1.0" 200 74445 "-" "Mozilla/5.0 (compatible; BLEXBot/1.0; +http://webmeup-crawler.com/)"
157.90.177.217 - - [02/Dec/2021:03:38:52 +0100] "GET /decorative-brass-telescope-delivered-with-p-56659.html HTTP/1.0" 200 73541 "-" "Mozilla/5.0 (compatible; BLEXBot/1.0; +http://webmeup-crawler.com/)"
157.90.177.217 - - [02/Dec/2021:03:38:58 +0100] "GET /decorative-brass-telescope-p-51516.html HTTP/1.0" 200 73921 "-" "Mozilla/5.0 (compatible; BLEXBot/1.0; +http://webmeup-crawler.com/)"
157.90.177.217 - - [02/Dec/2021:03:39:03 +0100] "GET /decorative-canvas-armillary-globe-hang-p-56042.html HTTP/1.0" 200 74348 "-" "Mozilla/5.0 (compatible; BLEXBot/1.0; +http://webmeup-crawler.com/)"
157.90.177.217 - - [02/Dec/2021:03:39:08 +0100] "GET /decorative-canvas-mappemond-hang-p-56047.html HTTP/1.0" 200 74288 "-" "Mozilla/5.0 (compatible; BLEXBot/1.0; +http://webmeup-crawler.com/)"
157.90.177.217 - - [02/Dec/2021:03:39:14 +0100] "GET /decorative-canvas-planisphere-hang-p-56048.html HTTP/1.0" 200 74308 "-" "Mozilla/5.0 (compatible; BLEXBot/1.0; +http://webmeup-crawler.com/)"
66.249.88.92 - - [02/Dec/2021:03:39:18 +0100] "GET /images/big_prod/3565750316834.jpg HTTP/1.0" 200 268 "-" "Mozilla/5.0 (Windows NT 5.1; rv:11.0) Gecko Firefox/11.0 (via ggpht.com GoogleImageProxy)"
157.90.177.217 - - [02/Dec/2021:03:39:18 +0100] "GET /decorative-canvas-terrestrial-globe-hang-p-56050.html HTTP/1.0" 200 74368 "-" "Mozilla/5.0 (compatible; BLEXBot/1.0; +http://webmeup-crawler.com/)"
157.90.177.217 - - [02/Dec/2021:03:39:25 +0100] "GET /decorative-canvas-vieuw-world-hang-p-56046.html HTTP/1.0" 200 74364 "-" "Mozilla/5.0 (compatible; BLEXBot/1.0; +http://webmeup-crawler.com/)"
157.90.177.217 - - [02/Dec/2021:03:39:33 +0100] "GET /decorative-canvas-world-hang-p-46735.html HTTP/1.0" 200 73433 "-" "Mozilla/5.0 (compatible; BLEXBot/1.0; +http://webmeup-crawler.com/)"
17.121.112.65 - - [02/Dec/2021:03:39:39 +0100] "GET /images/mini_prod/3585190850064.jpg HTTP/1.0" 200 269 "-" "Mozilla/5.0 (Macintosh; Intel Mac OS X 10_15_5) AppleWebKit/605.1.15 (KHTML, like Gecko) Version/13.1.1 Safari/605.1.15 (Applebot/0.1; +http://www.apple.com/go/applebot)"
157.90.177.217 - - [02/Dec/2021:03:39:39 +0100] "GET /decorative-canvas-world-hang-p-46754.html HTTP/1.0" 200 73477 "-" "Mozilla/5.0 (compatible; BLEXBot/1.0; +http://webmeup-crawler.com/)"
157.90.177.217 - - [02/Dec/2021:03:39:44 +0100] "GET /decorative-canvas-world-hang-p-46756.html HTTP/1.0" 200 73477 "-" "Mozilla/5.0 (compatible; BLEXBot/1.0; +http://webmeup-crawler.com/)"
157.90.177.217 - - [02/Dec/2021:03:39:50 +0100] "GET /decorative-canvas-world-hang-p-56044.html HTTP/1.0" 200 74280 "-" "Mozilla/5.0 (compatible; BLEXBot/1.0; +http://webmeup-crawler.com/)"
20.109.134.252 - - [02/Dec/2021:03:39:56 +0100] "GET /images/med_prod/039897677330de.jpg HTTP/1.0" 200 269 "-" "Mozilla/5.0 (Windows NT 10.0; WOW64) AppleWebKit/537.36 (KHTML, like Gecko) Chrome/67.0.3396.99 Safari/537.36"
157.90.177.217 - - [02/Dec/2021:03:39:59 +0100] "GET /decorative-carpets-c-11_269_167.html?page=1 HTTP/1.0" 200 91271 "-" "Mozilla/5.0 (compatible; BLEXBot/1.0; +http://webmeup-crawler.com/)"
157.90.177.217 - - [02/Dec/2021:03:40:05 +0100] "GET /decorative-earth-globes-c-13_233.html?page=1 HTTP/1.0" 200 89148 "-" "Mozilla/5.0 (compatible; BLEXBot/1.0; +http://webmeup-crawler.com/)"
157.90.177.217 - - [02/Dec/2021:03:40:12 +0100] "GET /decorative-fruit-figurine-cherry-glossy-white-p-52716.html HTTP/1.0" 200 73543 "-" "Mozilla/5.0 (compatible; BLEXBot/1.0; +http://webmeup-crawler.com/)"
157.90.177.217 - - [02/Dec/2021:03:40:20 +0100] "GET /decorative-fruit-figurine-cherry-matte-white-p-52715.html HTTP/1.0" 200 73528 "-" "Mozilla/5.0 (compatible; BLEXBot/1.0; +http://webmeup-crawler.com/)"
66.249.68.42 - - [02/Dec/2021:03:40:23 +0100] "GET /buddha-cement-wall-decoration-to-hang-p-47708.html HTTP/1.0" 301 73498 "-" "Mozilla/5.0 (compatible; Googlebot/2.1; +http://www.google.com/bot.html)"
185.191.171.41 - - [02/Dec/2021:03:40:24 +0100] "GET /tour-france-snow-globe-p-52188.html HTTP/1.0" 200 73289 "-" "Mozilla/5.0 (compatible; SemrushBot/7~bl; +http://www.semrush.com/bot.html)"
51.68.224.127 - - [02/Dec/2021:03:40:26 +0100] "GET /adminweb/export_orders_xml.php?token=256de2z6edz6ed2z6DFSFsed2zed6zeDSFDSGdzedezfzf&maxorders=10&orderstart=1&status=14&start_date=2018-10-01 HTTP/1.0" 200 285 "-" "GesCom CharlotteBoutik Serveur"
66.249.68.38 - - [02/Dec/2021:03:40:25 +0100] "GET /buddha-cement-wall-decoration-hang-p-47708.html HTTP/1.0" 200 73397 "-" "Mozilla/5.0 (compatible; Googlebot/2.1; +http://www.google.com/bot.html)"
157.90.177.217 - - [02/Dec/2021:03:40:27 +0100] "GET /decorative-globe-p-47986.html HTTP/1.0" 200 73856 "-" "Mozilla/5.0 (compatible; BLEXBot/1.0; +http://webmeup-crawler.com/)"
51.68.224.127 - - [02/Dec/2021:03:40:27 +0100] "GET /adminweb/export_orders_xml.php?token=256de2z6edz6ed2z6DFSFsed2zed6zeDSFDSGdzedezfzf&maxorders=10&orderstart=1&status=6&start_date=2018-10-01 HTTP/1.0" 200 32471 "-" "GesCom CharlotteBoutik Serveur"
157.90.177.217 - - [02/Dec/2021:03:40:32 +0100] "GET /decorative-globe-p-49401.html HTTP/1.0" 200 73261 "-" "Mozilla/5.0 (compatible; BLEXBot/1.0; +http://webmeup-crawler.com/)"
157.90.177.217 - - [02/Dec/2021:03:40:39 +0100] "GET /decorative-globe-patinated-engraved-metal-p-51091.html HTTP/1.0" 200 74442 "-" "Mozilla/5.0 (compatible; BLEXBot/1.0; +http://webmeup-crawler.com/)"
157.90.177.217 - - [02/Dec/2021:03:40:44 +0100] "GET /decorative-hand-aged-gold-resin-mundra-p-56915.html HTTP/1.0" 200 74087 "-" "Mozilla/5.0 (compatible; BLEXBot/1.0; +http://webmeup-crawler.com/)"
157.90.177.217 - - [02/Dec/2021:03:40:50 +0100] "GET /decorative-hedgehog-p-49176.html HTTP/1.0" 200 73287 "-" "Mozilla/5.0 (compatible; BLEXBot/1.0; +http://webmeup-crawler.com/)"
185.191.171.45 - - [02/Dec/2021:03:40:50 +0100] "GET /bookend-monkeys-p-54178.html HTTP/1.0" 200 73791 "-" "Mozilla/5.0 (compatible; SemrushBot/7~bl; +http://www.semrush.com/bot.html)"
157.90.177.217 - - [02/Dec/2021:03:40:56 +0100] "GET /decorative-henna-foot-wood-p-46814.html HTTP/1.0" 200 73474 "-" "Mozilla/5.0 (compatible; BLEXBot/1.0; +http://webmeup-crawler.com/)"
185.191.171.11 - - [02/Dec/2021:03:41:02 +0100] "GET /wooden-locker-large-model-p-49693.html?action=add_product HTTP/1.0" 302 476 "-" "Mozilla/5.0 (compatible; SemrushBot/7~bl; +http://www.semrush.com/bot.html)"
157.90.177.217 - - [02/Dec/2021:03:41:03 +0100] "GET /decorative-magnifier-with-resin-horn-handle-p-50803.html HTTP/1.0" 200 73477 "-" "Mozilla/5.0 (compatible; BLEXBot/1.0; +http://webmeup-crawler.com/)"
157.90.177.217 - - [02/Dec/2021:03:41:08 +0100] "GET /decorative-magnifier-wooden-p-47446.html HTTP/1.0" 200 73417 "-" "Mozilla/5.0 (compatible; BLEXBot/1.0; +http://webmeup-crawler.com/)"
185.191.171.4 - - [02/Dec/2021:03:41:10 +0100] "GET /world-flag-cover-for-samsung-s4-cbkreation-p-27031.html HTTP/1.0" 301 70869 "-" "Mozilla/5.0 (compatible; SemrushBot/7~bl; +http://www.semrush.com/bot.html)"
185.191.171.3 - - [02/Dec/2021:03:41:13 +0100] "GET /world-flag-cover-samsung-cbkreation-p-27031.html HTTP/1.0" 200 70767 "-" "Mozilla/5.0 (compatible; SemrushBot/7~bl; +http://www.semrush.com/bot.html)"
157.90.177.217 - - [02/Dec/2021:03:41:16 +0100] "GET /decorative-magnifying-glass-brown-white-p-52845.html HTTP/1.0" 200 73431 "-" "Mozilla/5.0 (compatible; BLEXBot/1.0; +http://webmeup-crawler.com/)"
157.55.39.125 - - [02/Dec/2021:03:41:19 +0100] "GET /-p-24493.html HTTP/1.0" 200 70613 "-" "Mozilla/5.0 (compatible; bingbot/2.0; +http://www.bing.com/bingbot.htm)"
157.90.177.217 - - [02/Dec/2021:03:41:20 +0100] "GET /decorative-magnifying-glass-with-wooden-handle-p-52844.html HTTP/1.0" 200 73458 "-" "Mozilla/5.0 (compatible; BLEXBot/1.0; +http://webmeup-crawler.com/)"
157.90.177.217 - - [02/Dec/2021:03:41:25 +0100] "GET /decorative-metal-plate-cbkreation-p-52896.html HTTP/1.0" 200 73374 "-" "Mozilla/5.0 (compatible; BLEXBot/1.0; +http://webmeup-crawler.com/)"
157.90.177.217 - - [02/Dec/2021:03:41:34 +0100] "GET /decorative-metal-plate-cbkreation-p-52908.html HTTP/1.0" 200 73370 "-" "Mozilla/5.0 (compatible; BLEXBot/1.0; +http://webmeup-crawler.com/)"
157.90.177.217 - - [02/Dec/2021:03:41:39 +0100] "GET /decorative-metal-plate-cbkreation-p-52909.html HTTP/1.0" 200 73370 "-" "Mozilla/5.0 (compatible; BLEXBot/1.0; +http://webmeup-crawler.com/)"
157.90.177.217 - - [02/Dec/2021:03:41:47 +0100] "GET /decorative-metal-plate-p-47951.html HTTP/1.0" 200 73303 "-" "Mozilla/5.0 (compatible; BLEXBot/1.0; +http://webmeup-crawler.com/)"
157.90.177.217 - - [02/Dec/2021:03:41:53 +0100] "GET /decorative-metal-plate-p-51481.html HTTP/1.0" 200 73346 "-" "Mozilla/5.0 (compatible; BLEXBot/1.0; +http://webmeup-crawler.com/)"
157.90.177.217 - - [02/Dec/2021:03:41:58 +0100] "GET /decorative-nalla-p-47103.html HTTP/1.0" 200 73296 "-" "Mozilla/5.0 (compatible; BLEXBot/1.0; +http://webmeup-crawler.com/)"
157.90.177.217 - - [02/Dec/2021:03:42:03 +0100] "GET /decorative-pulley-with-rope-p-44990.html HTTP/1.0" 200 73303 "-" "Mozilla/5.0 (compatible; BLEXBot/1.0; +http://webmeup-crawler.com/)"
149.28.94.127 - - [02/Dec/2021:03:42:08 +0100] "GET /images/mini_prod/8003990623886BB.jpg HTTP/1.0" 200 271 "-" "Mozilla/5.0 (X11; Ubuntu; Linux x86_64; rv:72.0) Gecko/20100101 Firefox/72.0"
185.191.171.36 - - [02/Dec/2021:03:42:07 +0100] "GET /little-prince-notebook-p-51221.html HTTP/1.0" 200 73308 "-" "Mozilla/5.0 (compatible; SemrushBot/7~bl; +http://www.semrush.com/bot.html)"
49.7.20.112 - - [02/Dec/2021:03:42:08 +0100] "GET / HTTP/1.0" 301 511 "-" "Sogou web spider/4.0(+http://www.sogou.com/docs/help/webmasters.htm#07)"
157.90.177.217 - - [02/Dec/2021:03:42:08 +0100] "GET /decorative-statue-p-52825.html HTTP/1.0" 200 73262 "-" "Mozilla/5.0 (compatible; BLEXBot/1.0; +http://webmeup-crawler.com/)"
157.90.177.217 - - [02/Dec/2021:03:42:14 +0100] "GET /decorative-statuette-monkey-baby-p-51562.html HTTP/1.0" 200 73405 "-" "Mozilla/5.0 (compatible; BLEXBot/1.0; +http://webmeup-crawler.com/)"
157.90.177.217 - - [02/Dec/2021:03:42:20 +0100] "GET /decorative-statuette-p-54214.html HTTP/1.0" 200 73310 "-" "Mozilla/5.0 (compatible; BLEXBot/1.0; +http://webmeup-crawler.com/)"
157.90.177.217 - - [02/Dec/2021:03:42:27 +0100] "GET /decorative-statuette-p-54215.html HTTP/1.0" 200 73296 "-" "Mozilla/5.0 (compatible; BLEXBot/1.0; +http://webmeup-crawler.com/)"
157.90.177.217 - - [02/Dec/2021:03:42:34 +0100] "GET /decorative-statuette-sitting-rabbit-p-55947.html HTTP/1.0" 200 74025 "-" "Mozilla/5.0 (compatible; BLEXBot/1.0; +http://webmeup-crawler.com/)"
157.90.177.217 - - [02/Dec/2021:03:42:40 +0100] "GET /decorative-sundial-compass-brass-gilbert-sons-p-52859.html HTTP/1.0" 200 73495 "-" "Mozilla/5.0 (compatible; BLEXBot/1.0; +http://webmeup-crawler.com/)"
157.55.39.228 - - [02/Dec/2021:03:42:43 +0100] "GET /-p-35534.html HTTP/1.0" 200 70613 "-" "Mozilla/5.0 (compatible; bingbot/2.0; +http://www.bing.com/bingbot.htm)"
157.90.177.217 - - [02/Dec/2021:03:42:47 +0100] "GET /decorative-thermometer-metal-gendarme-p-47086.html HTTP/1.0" 200 73467 "-" "Mozilla/5.0 (compatible; BLEXBot/1.0; +http://webmeup-crawler.com/)"
149.28.94.127 - - [02/Dec/2021:03:42:56 +0100] "GET /images/mini_prod/3700574900603NN.jpg HTTP/1.0" 200 271 "-" "Mozilla/5.0 (X11; Ubuntu; Linux x86_64; rv:72.0) Gecko/20100101 Firefox/72.0"
157.90.177.217 - - [02/Dec/2021:03:42:56 +0100] "GET /decorative-tortoise-statue-p-46673.html HTTP/1.0" 200 73346 "-" "Mozilla/5.0 (compatible; BLEXBot/1.0; +http://webmeup-crawler.com/)"
157.90.177.217 - - [02/Dec/2021:03:43:01 +0100] "GET /decorative-turttle-statue-p-52824.html HTTP/1.0" 200 73330 "-" "Mozilla/5.0 (compatible; BLEXBot/1.0; +http://webmeup-crawler.com/)"
157.90.177.217 - - [02/Dec/2021:03:43:04 +0100] "GET /decorative-turttle-statue-p-53807.html HTTP/1.0" 200 73335 "-" "Mozilla/5.0 (compatible; BLEXBot/1.0; +http://webmeup-crawler.com/)"
157.90.177.217 - - [02/Dec/2021:03:43:08 +0100] "GET /decorative-useful-gogh-p-55438.html HTTP/1.0" 200 73947 "-" "Mozilla/5.0 (compatible; BLEXBot/1.0; +http://webmeup-crawler.com/)"
157.90.177.217 - - [02/Dec/2021:03:43:14 +0100] "GET /decorative-useful-gogh-p-55439.html HTTP/1.0" 200 73947 "-" "Mozilla/5.0 (compatible; BLEXBot/1.0; +http://webmeup-crawler.com/)"
157.90.177.217 - - [02/Dec/2021:03:43:20 +0100] "GET /decorative-useful-klimt-p-52199.html HTTP/1.0" 200 73929 "-" "Mozilla/5.0 (compatible; BLEXBot/1.0; +http://webmeup-crawler.com/)"
157.90.177.217 - - [02/Dec/2021:03:43:26 +0100] "GET /decorative-useful-klimt-p-52200.html HTTP/1.0" 200 73926 "-" "Mozilla/5.0 (compatible; BLEXBot/1.0; +http://webmeup-crawler.com/)"
185.191.171.16 - - [02/Dec/2021:03:43:26 +0100] "GET /fff-homework-notebooks-p-52028.html HTTP/1.0" 301 70680 "-" "Mozilla/5.0 (compatible; SemrushBot/7~bl; +http://www.semrush.com/bot.html)"
185.191.171.25 - - [02/Dec/2021:03:43:30 +0100] "GET /-p-52028.html HTTP/1.0" 200 70613 "-" "Mozilla/5.0 (compatible; SemrushBot/7~bl; +http://www.semrush.com/bot.html)"
157.90.177.217 - - [02/Dec/2021:03:43:33 +0100] "GET /decorative-useful-little-buddha-p-53307.html HTTP/1.0" 200 73373 "-" "Mozilla/5.0 (compatible; BLEXBot/1.0; +http://webmeup-crawler.com/)"
157.90.177.217 - - [02/Dec/2021:03:43:38 +0100] "GET /decorative-useful-little-buddha-p-53308.html HTTP/1.0" 200 73373 "-" "Mozilla/5.0 (compatible; BLEXBot/1.0; +http://webmeup-crawler.com/)"
185.191.171.45 - - [02/Dec/2021:03:43:41 +0100] "GET /home-and-decoration-c-13.html?page=267 HTTP/1.0" 301 93340 "-" "Mozilla/5.0 (compatible; SemrushBot/7~bl; +http://www.semrush.com/bot.html)"
157.90.177.217 - - [02/Dec/2021:03:43:43 +0100] "GET /decorative-useful-little-buddha-p-53309.html HTTP/1.0" 200 73373 "-" "Mozilla/5.0 (compatible; BLEXBot/1.0; +http://webmeup-crawler.com/)"
185.191.171.45 - - [02/Dec/2021:03:43:45 +0100] "GET /home-decoration-c-13.html?page=267 HTTP/1.0" 200 93252 "-" "Mozilla/5.0 (compatible; SemrushBot/7~bl; +http://www.semrush.com/bot.html)"
157.90.177.217 - - [02/Dec/2021:03:43:50 +0100] "GET /decorative-useful-little-buddha-p-53310.html HTTP/1.0" 200 73373 "-" "Mozilla/5.0 (compatible; BLEXBot/1.0; +http://webmeup-crawler.com/)"
157.90.177.217 - - [02/Dec/2021:03:43:55 +0100] "GET /decorative-useful-little-buddha-p-53311.html HTTP/1.0" 200 73373 "-" "Mozilla/5.0 (compatible; BLEXBot/1.0; +http://webmeup-crawler.com/)"
157.90.177.217 - - [02/Dec/2021:03:44:01 +0100] "GET /decorative-useful-little-buddha-p-53312.html HTTP/1.0" 200 73373 "-" "Mozilla/5.0 (compatible; BLEXBot/1.0; +http://webmeup-crawler.com/)"
20.109.134.228 - - [02/Dec/2021:03:44:04 +0100] "GET /images/8009233806351.jpg HTTP/1.0" 200 259 "-" "Mozilla/5.0 (X11; Linux x86_64) AppleWebKit/537.36 (KHTML, like Gecko) Chrome/62.0.3202.62 Safari/537.36"
157.90.177.217 - - [02/Dec/2021:03:44:08 +0100] "GET /decorative-useful-little-prince-p-56227.html HTTP/1.0" 200 74044 "-" "Mozilla/5.0 (compatible; BLEXBot/1.0; +http://webmeup-crawler.com/)"
185.191.171.35 - - [02/Dec/2021:03:44:14 +0100] "GET /rose-quartz-and-salt-lamp-p-44380.html HTTP/1.0" 301 70783 "-" "Mozilla/5.0 (compatible; SemrushBot/7~bl; +http://www.semrush.com/bot.html)"
157.90.177.217 - - [02/Dec/2021:03:44:15 +0100] "GET /robots.txt HTTP/1.0" 301 531 "-" "Mozilla/5.0 (compatible; BLEXBot/1.0; +http://webmeup-crawler.com/)"
157.90.177.217 - - [02/Dec/2021:03:44:15 +0100] "GET /robots.txt HTTP/1.0" 200 245 "-" "Mozilla/5.0 (compatible; BLEXBot/1.0; +http://webmeup-crawler.com/)"
157.90.177.217 - - [02/Dec/2021:03:44:15 +0100] "GET /decorative-useful-little-prince-p-56228.html HTTP/1.0" 200 73407 "-" "Mozilla/5.0 (compatible; BLEXBot/1.0; +http://webmeup-crawler.com/)"
185.191.171.9 - - [02/Dec/2021:03:44:17 +0100] "GET /rose-quartz-salt-lamp-p-44380.html HTTP/1.0" 200 70695 "-" "Mozilla/5.0 (compatible; SemrushBot/7~bl; +http://www.semrush.com/bot.html)"
157.90.177.217 - - [02/Dec/2021:03:44:20 +0100] "GET /decorative-useful-vilaines-filles-p-55558.html HTTP/1.0" 200 74317 "-" "Mozilla/5.0 (compatible; BLEXBot/1.0; +http://webmeup-crawler.com/)"
157.90.177.217 - - [02/Dec/2021:03:44:26 +0100] "GET /decorative-utility-compass-brass-p-52856.html HTTP/1.0" 200 73360 "-" "Mozilla/5.0 (compatible; BLEXBot/1.0; +http://webmeup-crawler.com/)"
157.90.177.217 - - [02/Dec/2021:03:44:33 +0100] "GET /decorative-utility-magnifier-glass-brass-p-56769.html HTTP/1.0" 200 74505 "-" "Mozilla/5.0 (compatible; BLEXBot/1.0; +http://webmeup-crawler.com/)"
157.90.177.217 - - [02/Dec/2021:03:44:41 +0100] "GET /decorative-white-squirrel-p-47109.html HTTP/1.0" 200 73344 "-" "Mozilla/5.0 (compatible; BLEXBot/1.0; +http://webmeup-crawler.com/)"
157.90.177.217 - - [02/Dec/2021:03:44:45 +0100] "GET /decorative-with-measuring-vase-p-53072.html HTTP/1.0" 200 73444 "-" "Mozilla/5.0 (compatible; BLEXBot/1.0; +http://webmeup-crawler.com/)"
185.191.171.25 - - [02/Dec/2021:03:44:46 +0100] "GET /household-linen/linen-bed-c-5_11_68.html?filter_id=124 HTTP/1.0" 301 70530 "-" "Mozilla/5.0 (compatible; SemrushBot/7~bl; +http://www.semrush.com/bot.html)"
185.191.171.42 - - [02/Dec/2021:03:44:50 +0100] "GET /linen-c-68.html?filter_id=124 HTTP/1.0" 301 70633 "-" "Mozilla/5.0 (compatible; SemrushBot/7~bl; +http://www.semrush.com/bot.html)"
157.90.177.217 - - [02/Dec/2021:03:44:51 +0100] "GET /degas-etoile-make-pencil-case-made-france-p-47450.html HTTP/1.0" 200 74296 "-" "Mozilla/5.0 (compatible; BLEXBot/1.0; +http://webmeup-crawler.com/)"
185.191.171.15 - - [02/Dec/2021:03:44:53 +0100] "GET /linen-c-11_68.html?filter_id=124 HTTP/1.0" 200 70669 "-" "Mozilla/5.0 (compatible; SemrushBot/7~bl; +http://www.semrush.com/bot.html)"
157.90.177.217 - - [02/Dec/2021:03:44:58 +0100] "GET /degas-etoile-shoulder-hook-made-france-p-47433.html HTTP/1.0" 200 74310 "-" "Mozilla/5.0 (compatible; BLEXBot/1.0; +http://webmeup-crawler.com/)"
157.90.177.217 - - [02/Dec/2021:03:45:03 +0100] "GET /delia-bedclothes-p-50786.html HTTP/1.0" 200 73284 "-" "Mozilla/5.0 (compatible; BLEXBot/1.0; +http://webmeup-crawler.com/)"
149.28.94.127 - - [02/Dec/2021:03:45:09 +0100] "GET /images/mini_prod/8424346522637.jpg HTTP/1.0" 200 269 "-" "Mozilla/5.0 (X11; Ubuntu; Linux x86_64; rv:72.0) Gecko/20100101 Firefox/72.0"
157.90.177.217 - - [02/Dec/2021:03:45:09 +0100] "GET /delia-bedclothes-p-50787.html HTTP/1.0" 200 73284 "-" "Mozilla/5.0 (compatible; BLEXBot/1.0; +http://webmeup-crawler.com/)"
157.90.177.217 - - [02/Dec/2021:03:45:16 +0100] "GET /desk-organizer-patined-wood-p-56396.html HTTP/1.0" 200 74173 "-" "Mozilla/5.0 (compatible; BLEXBot/1.0; +http://webmeup-crawler.com/)"
157.55.39.108 - - [02/Dec/2021:03:45:20 +0100] "GET /-p-32490.html HTTP/1.0" 200 70613 "-" "Mozilla/5.0 (compatible; bingbot/2.0; +http://www.bing.com/bingbot.htm)"
157.90.177.217 - - [02/Dec/2021:03:45:21 +0100] "GET /despecable-keyring-p-33080.html HTTP/1.0" 200 73956 "-" "Mozilla/5.0 (compatible; BLEXBot/1.0; +http://webmeup-crawler.com/)"
157.90.177.217 - - [02/Dec/2021:03:45:26 +0100] "GET /despecable-keyring-p-33100.html HTTP/1.0" 200 73954 "-" "Mozilla/5.0 (compatible; BLEXBot/1.0; +http://webmeup-crawler.com/)"
157.90.177.217 - - [02/Dec/2021:03:45:31 +0100] "GET /despecable-keyring-p-33101.html HTTP/1.0" 200 73954 "-" "Mozilla/5.0 (compatible; BLEXBot/1.0; +http://webmeup-crawler.com/)"
157.90.177.217 - - [02/Dec/2021:03:45:39 +0100] "GET /despecable-keyring-p-33103.html HTTP/1.0" 200 73954 "-" "Mozilla/5.0 (compatible; BLEXBot/1.0; +http://webmeup-crawler.com/)"
185.191.171.20 - - [02/Dec/2021:03:45:40 +0100] "GET /garage-service-station-metal-wall-decoration-p-44440.html HTTP/1.0" 200 73482 "-" "Mozilla/5.0 (compatible; SemrushBot/7~bl; +http://www.semrush.com/bot.html)"
157.90.177.217 - - [02/Dec/2021:03:45:45 +0100] "GET /despecable-keyring-p-33477.html HTTP/1.0" 200 73325 "-" "Mozilla/5.0 (compatible; BLEXBot/1.0; +http://webmeup-crawler.com/)"
66.249.68.38 - - [02/Dec/2021:03:45:50 +0100] "GET /heart-home-votive-holder-p-53431.html HTTP/1.0" 200 73325 "-" "Mozilla/5.0 (Linux; Android 6.0.1; Nexus 5X Build/MMB29P) AppleWebKit/537.36 (KHTML, like Gecko) Chrome/96.0.4664.45 Mobile Safari/537.36 (compatible; Googlebot/2.1; +http://www.google.com/bot.html)"
157.90.177.217 - - [02/Dec/2021:03:45:53 +0100] "GET /despicable-clock-p-33967.html HTTP/1.0" 200 73205 "-" "Mozilla/5.0 (compatible; BLEXBot/1.0; +http://webmeup-crawler.com/)"
165.154.72.231 - - [02/Dec/2021:03:45:58 +0100] "GET /images/mini_prod/3661443279162.jpg HTTP/1.0" 200 269 "-" "Mozilla/5.0 (X11; Ubuntu; Linux x86_64; rv:72.0) Gecko/20100101 Firefox/72.0"
157.90.177.217 - - [02/Dec/2021:03:46:02 +0100] "GET /despicable-magnetic-board-p-32472.html HTTP/1.0" 200 73509 "-" "Mozilla/5.0 (compatible; BLEXBot/1.0; +http://webmeup-crawler.com/)"
157.90.177.217 - - [02/Dec/2021:03:46:07 +0100] "GET /despicable-magnetic-board-p-32475.html HTTP/1.0" 200 73504 "-" "Mozilla/5.0 (compatible; BLEXBot/1.0; +http://webmeup-crawler.com/)"
157.90.177.217 - - [02/Dec/2021:03:46:12 +0100] "GET /despicable-mirror-p-32539.html HTTP/1.0" 200 73238 "-" "Mozilla/5.0 (compatible; BLEXBot/1.0; +http://webmeup-crawler.com/)"
157.90.177.217 - - [02/Dec/2021:03:46:17 +0100] "GET /despicable-mirror-p-32541.html HTTP/1.0" 200 73238 "-" "Mozilla/5.0 (compatible; BLEXBot/1.0; +http://webmeup-crawler.com/)"
157.90.177.217 - - [02/Dec/2021:03:46:22 +0100] "GET /despicable-mirror-p-32542.html HTTP/1.0" 200 73238 "-" "Mozilla/5.0 (compatible; BLEXBot/1.0; +http://webmeup-crawler.com/)"
157.90.177.217 - - [02/Dec/2021:03:46:28 +0100] "GET /despicable-pool-p-30359.html HTTP/1.0" 200 74081 "-" "Mozilla/5.0 (compatible; BLEXBot/1.0; +http://webmeup-crawler.com/)"
185.191.171.6 - - [02/Dec/2021:03:46:28 +0100] "GET /gustav-klimt-fulfilment-figurine-p-44951.html?action=add_product HTTP/1.0" 302 476 "-" "Mozilla/5.0 (compatible; SemrushBot/7~bl; +http://www.semrush.com/bot.html)"
157.90.177.217 - - [02/Dec/2021:03:46:35 +0100] "GET /despicable-satchel-p-30361.html HTTP/1.0" 200 73520 "-" "Mozilla/5.0 (compatible; BLEXBot/1.0; +http://webmeup-crawler.com/)"
66.249.68.38 - - [02/Dec/2021:03:46:38 +0100] "GET /images/big_prod/1300000023603.jpg HTTP/1.0" 200 268 "-" "Googlebot-Image/1.0"
157.90.177.217 - - [02/Dec/2021:03:46:40 +0100] "GET /deutsche-mark-money-cbkreation-p-24143.html HTTP/1.0" 200 73349 "-" "Mozilla/5.0 (compatible; BLEXBot/1.0; +http://webmeup-crawler.com/)"
49.7.20.112 - - [02/Dec/2021:03:46:43 +0100] "GET / HTTP/1.0" 301 511 "-" "Sogou web spider/4.0(+http://www.sogou.com/docs/help/webmasters.htm#07)"
157.90.177.217 - - [02/Dec/2021:03:46:45 +0100] "GET /deutschland-mouse-cbkreation-p-36706.html HTTP/1.0" 200 73357 "-" "Mozilla/5.0 (compatible; BLEXBot/1.0; +http://webmeup-crawler.com/)"
157.90.177.217 - - [02/Dec/2021:03:46:51 +0100] "GET /devil-white-woman-shirt-p-30744.html HTTP/1.0" 200 75270 "-" "Mozilla/5.0 (compatible; BLEXBot/1.0; +http://webmeup-crawler.com/)"
157.90.177.217 - - [02/Dec/2021:03:46:58 +0100] "GET /devil-woman-shirt-p-30772.html HTTP/1.0" 200 75166 "-" "Mozilla/5.0 (compatible; BLEXBot/1.0; +http://webmeup-crawler.com/)"
157.90.177.217 - - [02/Dec/2021:03:47:03 +0100] "GET /diamond-carpet-p-50746.html HTTP/1.0" 200 73389 "-" "Mozilla/5.0 (compatible; BLEXBot/1.0; +http://webmeup-crawler.com/)"
157.90.177.217 - - [02/Dec/2021:03:47:09 +0100] "GET /dice-ashtray-p-46329.html HTTP/1.0" 200 73185 "-" "Mozilla/5.0 (compatible; BLEXBot/1.0; +http://webmeup-crawler.com/)"
34.223.255.215 - - [02/Dec/2021:03:47:13 +0100] "GET /favicon.ico HTTP/1.0" 301 533 "-" "Mozilla/5.0 (X11; Linux x86_64) AppleWebKit/537.36 (KHTML, like Gecko) Chrome/83.0.4103.97 Safari/537.36"
34.223.255.215 - - [02/Dec/2021:03:47:14 +0100] "GET /favicon.ico HTTP/1.0" 200 260 "http://wonder-geek.com/favicon.ico" "Mozilla/5.0 (X11; Linux x86_64) AppleWebKit/537.36 (KHTML, like Gecko) Chrome/83.0.4103.97 Safari/537.36"
157.90.177.217 - - [02/Dec/2021:03:47:14 +0100] "GET /dice-white-ashtray-p-28335.html HTTP/1.0" 200 73191 "-" "Mozilla/5.0 (compatible; BLEXBot/1.0; +http://webmeup-crawler.com/)"
157.90.177.217 - - [02/Dec/2021:03:47:20 +0100] "GET /diddl-backpack-p-5919.html HTTP/1.0" 200 73484 "-" "Mozilla/5.0 (compatible; BLEXBot/1.0; +http://webmeup-crawler.com/)"
157.90.177.217 - - [02/Dec/2021:03:47:25 +0100] "GET /difference-accessoriess-c-12_59.html?page=1 HTTP/1.0" 200 89459 "-" "Mozilla/5.0 (compatible; BLEXBot/1.0; +http://webmeup-crawler.com/)"
17.121.113.15 - - [02/Dec/2021:03:47:32 +0100] "GET /images/mini_prod/3494157821026.jpg HTTP/1.0" 200 269 "-" "Mozilla/5.0 (Macintosh; Intel Mac OS X 10_15_5) AppleWebKit/605.1.15 (KHTML, like Gecko) Version/13.1.1 Safari/605.1.15 (Applebot/0.1; +http://www.apple.com/go/applebot)"
157.90.177.217 - - [02/Dec/2021:03:47:32 +0100] "GET /diffuser-essential-oils-leds-changing-colors-p-47971.html HTTP/1.0" 200 74537 "-" "Mozilla/5.0 (compatible; BLEXBot/1.0; +http://webmeup-crawler.com/)"
157.90.177.217 - - [02/Dec/2021:03:47:35 +0100] "GET /diffuser-essential-oils-luminous-cactus-p-50881.html HTTP/1.0" 200 74542 "-" "Mozilla/5.0 (compatible; BLEXBot/1.0; +http://webmeup-crawler.com/)"
157.90.177.217 - - [02/Dec/2021:03:47:40 +0100] "GET /diffuser-perfume-essential-oils-c-231_162.html?page=1 HTTP/1.0" 200 90605 "-" "Mozilla/5.0 (compatible; BLEXBot/1.0; +http://webmeup-crawler.com/)"
157.90.177.217 - - [02/Dec/2021:03:47:47 +0100] "GET /digital-alarm-clock-black-p-54170.html HTTP/1.0" 200 74008 "-" "Mozilla/5.0 (compatible; BLEXBot/1.0; +http://webmeup-crawler.com/)"
157.90.177.217 - - [02/Dec/2021:03:47:51 +0100] "GET /dinosaur-nightlight-green-p-55358.html HTTP/1.0" 200 74718 "-" "Mozilla/5.0 (compatible; BLEXBot/1.0; +http://webmeup-crawler.com/)"
157.90.177.217 - - [02/Dec/2021:03:47:55 +0100] "GET /dinosaur-nightlight-green-p-55363.html HTTP/1.0" 200 74546 "-" "Mozilla/5.0 (compatible; BLEXBot/1.0; +http://webmeup-crawler.com/)"
157.90.177.217 - - [02/Dec/2021:03:48:02 +0100] "GET /dinosaur-nightlight-p-53121.html HTTP/1.0" 200 74423 "-" "Mozilla/5.0 (compatible; BLEXBot/1.0; +http://webmeup-crawler.com/)"
34.214.222.40 - - [02/Dec/2021:03:48:09 +0100] "GET /favicon.ico HTTP/1.0" 301 533 "-" "Mozilla/5.0 (X11; Linux x86_64) AppleWebKit/537.36 (KHTML, like Gecko) Chrome/83.0.4103.97 Safari/537.36"
157.90.177.217 - - [02/Dec/2021:03:48:10 +0100] "GET /disco-duck-frame-canvas-p-31826.html HTTP/1.0" 200 73303 "-" "Mozilla/5.0 (compatible; BLEXBot/1.0; +http://webmeup-crawler.com/)"
34.214.222.40 - - [02/Dec/2021:03:48:11 +0100] "GET /favicon.ico HTTP/1.0" 200 260 "http://wonder-geek.com/favicon.ico" "Mozilla/5.0 (X11; Linux x86_64) AppleWebKit/537.36 (KHTML, like Gecko) Chrome/83.0.4103.97 Safari/537.36"
157.90.177.217 - - [02/Dec/2021:03:48:15 +0100] "GET /dishes-c-12.html?page=1 HTTP/1.0" 200 91411 "-" "Mozilla/5.0 (compatible; BLEXBot/1.0; +http://webmeup-crawler.com/)"
157.90.177.217 - - [02/Dec/2021:03:48:20 +0100] "GET /dishes-c-12.html?page=12 HTTP/1.0" 200 91567 "-" "Mozilla/5.0 (compatible; BLEXBot/1.0; +http://webmeup-crawler.com/)"
157.90.177.217 - - [02/Dec/2021:03:48:25 +0100] "GET /dishes-c-12.html?page=13 HTTP/1.0" 200 91680 "-" "Mozilla/5.0 (compatible; BLEXBot/1.0; +http://webmeup-crawler.com/)"
157.90.177.217 - - [02/Dec/2021:03:48:34 +0100] "GET /dishes-c-12.html?page=14 HTTP/1.0" 200 92235 "-" "Mozilla/5.0 (compatible; BLEXBot/1.0; +http://webmeup-crawler.com/)"
157.90.177.217 - - [02/Dec/2021:03:48:39 +0100] "GET /dishes-c-12.html?page=15 HTTP/1.0" 200 92101 "-" "Mozilla/5.0 (compatible; BLEXBot/1.0; +http://webmeup-crawler.com/)"
185.191.171.45 - - [02/Dec/2021:03:48:41 +0100] "GET /tiki-bar-beige-metal-tray-33-cm-p-35049.html HTTP/1.0" 301 70680 "-" "Mozilla/5.0 (compatible; SemrushBot/7~bl; +http://www.semrush.com/bot.html)"
185.191.171.33 - - [02/Dec/2021:03:48:44 +0100] "GET /-p-35049.html HTTP/1.0" 200 70613 "-" "Mozilla/5.0 (compatible; SemrushBot/7~bl; +http://www.semrush.com/bot.html)"
157.90.177.217 - - [02/Dec/2021:03:48:45 +0100] "GET /dishes-c-12.html?page=16 HTTP/1.0" 200 92367 "-" "Mozilla/5.0 (compatible; BLEXBot/1.0; +http://webmeup-crawler.com/)"
185.191.171.11 - - [02/Dec/2021:03:48:47 +0100] "GET /cicadas-provencales-mug-p-37881.html HTTP/1.0" 301 73338 "-" "Mozilla/5.0 (compatible; SemrushBot/7~bl; +http://www.semrush.com/bot.html)"
185.191.171.24 - - [02/Dec/2021:03:48:51 +0100] "GET /cicadas-provencales-p-37881.html HTTP/1.0" 200 73252 "-" "Mozilla/5.0 (compatible; SemrushBot/7~bl; +http://www.semrush.com/bot.html)"
157.90.177.217 - - [02/Dec/2021:03:48:51 +0100] "GET /dishes-c-12.html?page=17 HTTP/1.0" 200 91758 "-" "Mozilla/5.0 (compatible; BLEXBot/1.0; +http://webmeup-crawler.com/)"
157.55.39.228 - - [02/Dec/2021:03:48:54 +0100] "GET /-p-29762.html HTTP/1.0" 200 70613 "-" "Mozilla/5.0 (compatible; bingbot/2.0; +http://www.bing.com/bingbot.htm)"
207.46.13.202 - - [02/Dec/2021:03:48:56 +0100] "GET /frida-khalo-saucer-p-50158.html HTTP/1.0" 200 73273 "-" "Mozilla/5.0 (compatible; bingbot/2.0; +http://www.bing.com/bingbot.htm)"
157.90.177.217 - - [02/Dec/2021:03:48:58 +0100] "GET /dishes-c-12.html?page=18 HTTP/1.0" 200 92136 "-" "Mozilla/5.0 (compatible; BLEXBot/1.0; +http://webmeup-crawler.com/)"
157.90.177.217 - - [02/Dec/2021:03:49:03 +0100] "GET /dishes-c-12.html?page=19 HTTP/1.0" 200 91982 "-" "Mozilla/5.0 (compatible; BLEXBot/1.0; +http://webmeup-crawler.com/)"
149.28.94.127 - - [02/Dec/2021:03:49:10 +0100] "GET /images/mini_prod/8433933436172.jpg HTTP/1.0" 200 269 "-" "Mozilla/5.0 (X11; Ubuntu; Linux x86_64; rv:72.0) Gecko/20100101 Firefox/72.0"
157.90.177.217 - - [02/Dec/2021:03:49:08 +0100] "GET /dishes-c-12.html?page=20 HTTP/1.0" 200 91545 "-" "Mozilla/5.0 (compatible; BLEXBot/1.0; +http://webmeup-crawler.com/)"
157.90.177.217 - - [02/Dec/2021:03:49:16 +0100] "GET /dishes-c-12.html?page=21 HTTP/1.0" 200 92296 "-" "Mozilla/5.0 (compatible; BLEXBot/1.0; +http://webmeup-crawler.com/)"
185.191.171.12 - - [02/Dec/2021:03:49:18 +0100] "GET /mug-you-are-an-angel-in-french-p-40439.html HTTP/1.0" 301 73376 "-" "Mozilla/5.0 (compatible; SemrushBot/7~bl; +http://www.semrush.com/bot.html)"
185.191.171.41 - - [02/Dec/2021:03:49:21 +0100] "GET /angel-french-p-40439.html HTTP/1.0" 200 73297 "-" "Mozilla/5.0 (compatible; SemrushBot/7~bl; +http://www.semrush.com/bot.html)"
157.90.177.217 - - [02/Dec/2021:03:49:22 +0100] "GET /dishes-dishes-c-12_251.html?page=1 HTTP/1.0" 200 89756 "-" "Mozilla/5.0 (compatible; BLEXBot/1.0; +http://webmeup-crawler.com/)"
157.90.177.217 - - [02/Dec/2021:03:49:32 +0100] "GET /disney-beauty-beast-belle-jewelry-p-49748.html HTTP/1.0" 200 74564 "-" "Mozilla/5.0 (compatible; BLEXBot/1.0; +http://webmeup-crawler.com/)"
157.90.177.217 - - [02/Dec/2021:03:49:36 +0100] "GET /disney-frozen-anna-p-28165.html HTTP/1.0" 200 73481 "-" "Mozilla/5.0 (compatible; BLEXBot/1.0; +http://webmeup-crawler.com/)"
157.90.177.217 - - [02/Dec/2021:03:49:40 +0100] "GET /disney-princess-aurora-tee-shirt-p-30841.html HTTP/1.0" 301 70680 "-" "Mozilla/5.0 (compatible; BLEXBot/1.0; +http://webmeup-crawler.com/)"
157.90.177.217 - - [02/Dec/2021:03:49:41 +0100] "GET /-p-30841.html HTTP/1.0" 200 70613 "-" "Mozilla/5.0 (compatible; BLEXBot/1.0; +http://webmeup-crawler.com/)"
157.90.177.217 - - [02/Dec/2021:03:49:45 +0100] "GET /disney-princess-backpack-p-10763.html HTTP/1.0" 200 73247 "-" "Mozilla/5.0 (compatible; BLEXBot/1.0; +http://webmeup-crawler.com/)"
20.109.132.176 - - [02/Dec/2021:03:49:48 +0100] "GET /images/big_prod/3503420095917.jpg HTTP/1.0" 200 268 "-" "Mozilla/5.0 (X11; Linux x86_64) AppleWebKit/537.36 (KHTML, like Gecko) Chrome/62.0.3202.62 Safari/537.36"
157.90.177.217 - - [02/Dec/2021:03:49:50 +0100] "GET /disney-princess-card-with-envelope-p-34456.html HTTP/1.0" 200 73361 "-" "Mozilla/5.0 (compatible; BLEXBot/1.0; +http://webmeup-crawler.com/)"
185.191.171.43 - - [02/Dec/2021:03:49:54 +0100] "GET /frame-canvas-chocolate-p-26144.html?action=add_product HTTP/1.0" 302 476 "-" "Mozilla/5.0 (compatible; SemrushBot/7~bl; +http://www.semrush.com/bot.html)"
192.102.204.55 - - [02/Dec/2021:03:49:55 +0100] "GET /images/mini_prod/V1186747042882.jpg HTTP/1.0" 200 270 "-" "Mozilla/5.0 (X11; Ubuntu; Linux x86_64; rv:72.0) Gecko/20100101 Firefox/72.0"
157.90.177.217 - - [02/Dec/2021:03:49:57 +0100] "GET /disney-princess-card-with-envelope-p-34457.html HTTP/1.0" 200 73992 "-" "Mozilla/5.0 (compatible; BLEXBot/1.0; +http://webmeup-crawler.com/)"
157.90.177.217 - - [02/Dec/2021:03:50:02 +0100] "GET /disney-princess-card-with-envelope-p-34458.html HTTP/1.0" 200 73361 "-" "Mozilla/5.0 (compatible; BLEXBot/1.0; +http://webmeup-crawler.com/)"
157.90.177.217 - - [02/Dec/2021:03:50:06 +0100] "GET /disney-princess-dinner-p-16561.html HTTP/1.0" 200 73914 "-" "Mozilla/5.0 (compatible; BLEXBot/1.0; +http://webmeup-crawler.com/)"
157.90.177.217 - - [02/Dec/2021:03:50:10 +0100] "GET /disney-princess-placemat-p-22494.html HTTP/1.0" 200 73319 "-" "Mozilla/5.0 (compatible; BLEXBot/1.0; +http://webmeup-crawler.com/)"
157.90.177.217 - - [02/Dec/2021:03:50:15 +0100] "GET /disney-princess-stamp-p-16088.html HTTP/1.0" 200 73592 "-" "Mozilla/5.0 (compatible; BLEXBot/1.0; +http://webmeup-crawler.com/)"
185.191.171.13 - - [02/Dec/2021:03:50:17 +0100] "GET /-p-44669.html?action=add_product HTTP/1.0" 302 476 "-" "Mozilla/5.0 (compatible; SemrushBot/7~bl; +http://www.semrush.com/bot.html)"
157.90.177.217 - - [02/Dec/2021:03:50:20 +0100] "GET /display-coasters-black-metal-p-35233.html HTTP/1.0" 200 73328 "-" "Mozilla/5.0 (compatible; BLEXBot/1.0; +http://webmeup-crawler.com/)"
185.191.171.12 - - [02/Dec/2021:03:50:23 +0100] "GET /kimmidoll-dolls-cm-p-46130.html HTTP/1.0" 301 70776 "-" "Mozilla/5.0 (compatible; SemrushBot/7~bl; +http://www.semrush.com/bot.html)"
185.191.171.2 - - [02/Dec/2021:03:50:26 +0100] "GET /kimmidoll-dolls-p-46130.html HTTP/1.0" 200 70694 "-" "Mozilla/5.0 (compatible; SemrushBot/7~bl; +http://www.semrush.com/bot.html)"
157.90.177.217 - - [02/Dec/2021:03:50:28 +0100] "GET /display-coasters-square-black-metal-p-35232.html HTTP/1.0" 200 73387 "-" "Mozilla/5.0 (compatible; BLEXBot/1.0; +http://webmeup-crawler.com/)"
185.191.171.26 - - [02/Dec/2021:03:50:28 +0100] "GET /mcstuffins-pencil-case-p-27810.html?action=add_product HTTP/1.0" 302 476 "-" "Mozilla/5.0 (compatible; SemrushBot/7~bl; +http://www.semrush.com/bot.html)"
157.90.177.217 - - [02/Dec/2021:03:50:34 +0100] "GET /dogs-white-p-49735.html HTTP/1.0" 200 73134 "-" "Mozilla/5.0 (compatible; BLEXBot/1.0; +http://webmeup-crawler.com/)"
157.90.177.217 - - [02/Dec/2021:03:50:39 +0100] "GET /dolce-vita-black-women-shirt-p-30955.html HTTP/1.0" 200 75263 "-" "Mozilla/5.0 (compatible; BLEXBot/1.0; +http://webmeup-crawler.com/)"
157.90.177.217 - - [02/Dec/2021:03:50:44 +0100] "GET /dolce-vita-white-women-shirt-p-30956.html HTTP/1.0" 200 75538 "-" "Mozilla/5.0 (compatible; BLEXBot/1.0; +http://webmeup-crawler.com/)"
157.90.177.217 - - [02/Dec/2021:03:50:52 +0100] "GET /dolce-vita-white-women-shirt-p-30957.html HTTP/1.0" 200 74997 "-" "Mozilla/5.0 (compatible; BLEXBot/1.0; +http://webmeup-crawler.com/)"
157.55.39.228 - - [02/Dec/2021:03:50:54 +0100] "GET /-p-29838.html HTTP/1.0" 200 70613 "-" "Mozilla/5.0 (compatible; bingbot/2.0; +http://www.bing.com/bingbot.htm)"
185.191.171.45 - - [02/Dec/2021:03:50:55 +0100] "GET /retro-shoulder-p-49818.html?action=add_product HTTP/1.0" 302 476 "-" "Mozilla/5.0 (compatible; SemrushBot/7~bl; +http://www.semrush.com/bot.html)"
157.90.177.217 - - [02/Dec/2021:03:50:59 +0100] "GET /dollar-cbkreation-p-14046.html HTTP/1.0" 200 73235 "-" "Mozilla/5.0 (compatible; BLEXBot/1.0; +http://webmeup-crawler.com/)"
157.90.177.217 - - [02/Dec/2021:03:51:05 +0100] "GET /dollar-money-cbkreation-p-24134.html HTTP/1.0" 200 73301 "-" "Mozilla/5.0 (compatible; BLEXBot/1.0; +http://webmeup-crawler.com/)"
157.90.177.217 - - [02/Dec/2021:03:51:13 +0100] "GET /dollar-money-cbkreation-p-24136.html HTTP/1.0" 200 73324 "-" "Mozilla/5.0 (compatible; BLEXBot/1.0; +http://webmeup-crawler.com/)"
157.90.177.217 - - [02/Dec/2021:03:51:19 +0100] "GET /dolomite-lamp-p-55141.html HTTP/1.0" 200 74127 "-" "Mozilla/5.0 (compatible; BLEXBot/1.0; +http://webmeup-crawler.com/)"
157.90.177.217 - - [02/Dec/2021:03:51:23 +0100] "GET /dolphin-wall-decoration-p-48635.html HTTP/1.0" 200 73341 "-" "Mozilla/5.0 (compatible; BLEXBot/1.0; +http://webmeup-crawler.com/)"
157.90.177.217 - - [02/Dec/2021:03:51:30 +0100] "GET /donkey-wood-keychains-p-32424.html HTTP/1.0" 200 73254 "-" "Mozilla/5.0 (compatible; BLEXBot/1.0; +http://webmeup-crawler.com/)"
157.90.177.217 - - [02/Dec/2021:03:51:40 +0100] "GET /door-bell-wall-cast-iron-horse-p-56069.html HTTP/1.0" 200 73314 "-" "Mozilla/5.0 (compatible; BLEXBot/1.0; +http://webmeup-crawler.com/)"
157.90.177.217 - - [02/Dec/2021:03:51:45 +0100] "GET /door-coconut-fiber-p-48673.html HTTP/1.0" 200 73428 "-" "Mozilla/5.0 (compatible; BLEXBot/1.0; +http://webmeup-crawler.com/)"
157.90.177.217 - - [02/Dec/2021:03:51:50 +0100] "GET /door-coconut-fiber-p-48674.html HTTP/1.0" 200 73428 "-" "Mozilla/5.0 (compatible; BLEXBot/1.0; +http://webmeup-crawler.com/)"
157.90.177.217 - - [02/Dec/2021:03:51:56 +0100] "GET /door-coconut-fiber-p-51883.html HTTP/1.0" 200 74037 "-" "Mozilla/5.0 (compatible; BLEXBot/1.0; +http://webmeup-crawler.com/)"
157.90.177.217 - - [02/Dec/2021:03:52:01 +0100] "GET /door-lock-p-40926.html HTTP/1.0" 200 73167 "-" "Mozilla/5.0 (compatible; BLEXBot/1.0; +http://webmeup-crawler.com/)"
185.191.171.33 - - [02/Dec/2021:03:52:03 +0100] "GET /african-woman-decoration-p-54103.html?action=add_product HTTP/1.0" 302 476 "-" "Mozilla/5.0 (compatible; SemrushBot/7~bl; +http://www.semrush.com/bot.html)"
207.46.13.202 - - [02/Dec/2021:03:52:05 +0100] "GET /images/big_prod/8422009510816.jpg HTTP/1.0" 200 268 "-" "Mozilla/5.0 (compatible; bingbot/2.0; +http://www.bing.com/bingbot.htm)"
185.191.171.44 - - [02/Dec/2021:03:52:05 +0100] "GET /pencil-pot-c-129_183.html?page=4 HTTP/1.0" 301 84188 "-" "Mozilla/5.0 (compatible; SemrushBot/7~bl; +http://www.semrush.com/bot.html)"
157.90.177.217 - - [02/Dec/2021:03:52:07 +0100] "GET /door-mirror-road-p-44443.html HTTP/1.0" 200 73355 "-" "Mozilla/5.0 (compatible; BLEXBot/1.0; +http://webmeup-crawler.com/)"
185.191.171.10 - - [02/Dec/2021:03:52:08 +0100] "GET /pencil-c-183.html?page=4 HTTP/1.0" 301 84052 "-" "Mozilla/5.0 (compatible; SemrushBot/7~bl; +http://www.semrush.com/bot.html)"
40.77.167.66 - - [02/Dec/2021:03:52:10 +0100] "GET /images/big_prod_1/3660173224282a.jpg HTTP/1.0" 200 271 "-" "Mozilla/5.0 (compatible; bingbot/2.0; +http://www.bing.com/bingbot.htm)"
185.191.171.42 - - [02/Dec/2021:03:52:11 +0100] "GET /pencil-c-129_183.html?page=4 HTTP/1.0" 200 84110 "-" "Mozilla/5.0 (compatible; SemrushBot/7~bl; +http://www.semrush.com/bot.html)"
157.90.177.217 - - [02/Dec/2021:03:52:12 +0100] "GET /door-p-50102.html HTTP/1.0" 200 73449 "-" "Mozilla/5.0 (compatible; BLEXBot/1.0; +http://webmeup-crawler.com/)"
185.191.171.37 - - [02/Dec/2021:03:52:15 +0100] "GET /yoni-bedclothes-220-240-cm-p-42399.html HTTP/1.0" 301 70680 "-" "Mozilla/5.0 (compatible; SemrushBot/7~bl; +http://www.semrush.com/bot.html)"
185.191.171.9 - - [02/Dec/2021:03:52:17 +0100] "GET /-p-42399.html HTTP/1.0" 200 70613 "-" "Mozilla/5.0 (compatible; SemrushBot/7~bl; +http://www.semrush.com/bot.html)"
157.90.177.217 - - [02/Dec/2021:03:52:18 +0100] "GET /door-plate-cooked-p-54957.html HTTP/1.0" 200 73848 "-" "Mozilla/5.0 (compatible; BLEXBot/1.0; +http://webmeup-crawler.com/)"
157.90.177.217 - - [02/Dec/2021:03:52:26 +0100] "GET /door-plate-restroom-p-53401.html HTTP/1.0" 200 73890 "-" "Mozilla/5.0 (compatible; BLEXBot/1.0; +http://webmeup-crawler.com/)"
157.90.177.217 - - [02/Dec/2021:03:52:32 +0100] "GET /doormat-love-cats-p-52765.html HTTP/1.0" 200 74323 "-" "Mozilla/5.0 (compatible; BLEXBot/1.0; +http://webmeup-crawler.com/)"
20.109.134.229 - - [02/Dec/2021:03:52:35 +0100] "GET /images/big_prod/242BF.jpg HTTP/1.0" 200 260 "-" "Mozilla/5.0 (Windows NT 10.0; WOW64) AppleWebKit/537.36 (KHTML, like Gecko) Chrome/68.0.3440.106 Safari/537.36"
49.7.20.113 - - [02/Dec/2021:03:52:33 +0100] "GET / HTTP/1.0" 200 151944 "-" "Sogou web spider/4.0(+http://www.sogou.com/docs/help/webmasters.htm#07)"
157.90.177.217 - - [02/Dec/2021:03:52:41 +0100] "GET /doormat-p-53934.html HTTP/1.0" 200 73989 "-" "Mozilla/5.0 (compatible; BLEXBot/1.0; +http://webmeup-crawler.com/)"
157.90.177.217 - - [02/Dec/2021:03:52:46 +0100] "GET /doormat-tribal-p-50711.html HTTP/1.0" 200 74313 "-" "Mozilla/5.0 (compatible; BLEXBot/1.0; +http://webmeup-crawler.com/)"
185.191.171.37 - - [02/Dec/2021:03:52:52 +0100] "GET /deco-cat-and-mouse-statue-p-40395.html HTTP/1.0" 301 73382 "-" "Mozilla/5.0 (compatible; SemrushBot/7~bl; +http://www.semrush.com/bot.html)"
157.90.177.217 - - [02/Dec/2021:03:52:53 +0100] "GET /doormats-entrance-carpets-c-11_269_266.html?page=1 HTTP/1.0" 200 91269 "-" "Mozilla/5.0 (compatible; BLEXBot/1.0; +http://webmeup-crawler.com/)"
185.191.171.8 - - [02/Dec/2021:03:52:55 +0100] "GET /deco-mouse-statue-p-40395.html HTTP/1.0" 200 73298 "-" "Mozilla/5.0 (compatible; SemrushBot/7~bl; +http://www.semrush.com/bot.html)"
157.90.177.217 - - [02/Dec/2021:03:53:00 +0100] "GET /doors-metal-keyring-p-23083.html HTTP/1.0" 200 73229 "-" "Mozilla/5.0 (compatible; BLEXBot/1.0; +http://webmeup-crawler.com/)"
157.90.177.217 - - [02/Dec/2021:03:53:05 +0100] "GET /dora-explorer-baby-with-mittens-p-50929.html HTTP/1.0" 200 73365 "-" "Mozilla/5.0 (compatible; BLEXBot/1.0; +http://webmeup-crawler.com/)"
157.90.177.217 - - [02/Dec/2021:03:53:10 +0100] "GET /dora-explorer-mirror-p-12237.html HTTP/1.0" 200 73399 "-" "Mozilla/5.0 (compatible; BLEXBot/1.0; +http://webmeup-crawler.com/)"
157.90.177.217 - - [02/Dec/2021:03:53:18 +0100] "GET /dora-explorer-placemat-p-17171.html HTTP/1.0" 200 73398 "-" "Mozilla/5.0 (compatible; BLEXBot/1.0; +http://webmeup-crawler.com/)"
20.109.134.228 - - [02/Dec/2021:03:53:24 +0100] "GET /images/big_prod/1384010186961N.jpg HTTP/1.0" 200 269 "-" "Mozilla/5.0 (Windows NT 6.1; WOW64) AppleWebKit/537.36 (KHTML, like Gecko) Chrome/45.0.2454.101 Safari/537.36"
157.90.177.217 - - [02/Dec/2021:03:53:24 +0100] "GET /double-bamboo-mirror-p-52470.html HTTP/1.0" 200 74030 "-" "Mozilla/5.0 (compatible; BLEXBot/1.0; +http://webmeup-crawler.com/)"
157.90.177.217 - - [02/Dec/2021:03:53:30 +0100] "GET /double-compartment-wooden-piggy-bank-p-55017.html HTTP/1.0" 200 74011 "-" "Mozilla/5.0 (compatible; BLEXBot/1.0; +http://webmeup-crawler.com/)"
157.90.177.217 - - [02/Dec/2021:03:53:35 +0100] "GET /double-round-mirror-copper-aspect-free-standing-p-52464.html HTTP/1.0" 200 74366 "-" "Mozilla/5.0 (compatible; BLEXBot/1.0; +http://webmeup-crawler.com/)"
157.55.39.223 - - [02/Dec/2021:03:53:41 +0100] "GET /images/1399984251805.jpg HTTP/1.0" 200 259 "-" "Mozilla/5.0 (compatible; bingbot/2.0; +http://www.bing.com/bingbot.htm)"
185.191.171.9 - - [02/Dec/2021:03:53:41 +0100] "GET /-p-26075.html?action=add_product HTTP/1.0" 302 476 "-" "Mozilla/5.0 (compatible; SemrushBot/7~bl; +http://www.semrush.com/bot.html)"
157.90.177.217 - - [02/Dec/2021:03:53:43 +0100] "GET /double-round-mirror-golden-aspect-free-standing-p-52468.html HTTP/1.0" 200 74357 "-" "Mozilla/5.0 (compatible; BLEXBot/1.0; +http://webmeup-crawler.com/)"
157.90.177.217 - - [02/Dec/2021:03:53:49 +0100] "GET /double-round-mirror-silver-aspect-free-standing-p-53687.html HTTP/1.0" 200 74392 "-" "Mozilla/5.0 (compatible; BLEXBot/1.0; +http://webmeup-crawler.com/)"
157.90.177.217 - - [02/Dec/2021:03:53:53 +0100] "GET /double-round-mirror-white-aspect-free-standing-p-54062.html HTTP/1.0" 200 74381 "-" "Mozilla/5.0 (compatible; BLEXBot/1.0; +http://webmeup-crawler.com/)"
185.191.171.19 - - [02/Dec/2021:03:53:55 +0100] "GET /my-little-pony-castle-mousepad-p-18068.html HTTP/1.0" 301 70680 "-" "Mozilla/5.0 (compatible; SemrushBot/7~bl; +http://www.semrush.com/bot.html)"
185.191.171.7 - - [02/Dec/2021:03:53:57 +0100] "GET /-p-18068.html HTTP/1.0" 200 70613 "-" "Mozilla/5.0 (compatible; SemrushBot/7~bl; +http://www.semrush.com/bot.html)"
157.90.177.217 - - [02/Dec/2021:03:54:03 +0100] "GET /drachme-money-cbkreation-p-24142.html HTTP/1.0" 200 73332 "-" "Mozilla/5.0 (compatible; BLEXBot/1.0; +http://webmeup-crawler.com/)"
157.90.177.217 - - [02/Dec/2021:03:54:10 +0100] "GET /dragon-ball-blue-postal-p-3843.html HTTP/1.0" 200 73485 "-" "Mozilla/5.0 (compatible; BLEXBot/1.0; +http://webmeup-crawler.com/)"
157.90.177.217 - - [02/Dec/2021:03:54:16 +0100] "GET /robots.txt HTTP/1.0" 301 531 "-" "Mozilla/5.0 (compatible; BLEXBot/1.0; +http://webmeup-crawler.com/)"
157.90.177.217 - - [02/Dec/2021:03:54:16 +0100] "GET /robots.txt HTTP/1.0" 200 245 "-" "Mozilla/5.0 (compatible; BLEXBot/1.0; +http://webmeup-crawler.com/)"
157.90.177.217 - - [02/Dec/2021:03:54:17 +0100] "GET /dragon-ball-crystal-ball-money-p-40944.html HTTP/1.0" 200 73442 "-" "Mozilla/5.0 (compatible; BLEXBot/1.0; +http://webmeup-crawler.com/)"
