157.90.177.217 - - [02/Dec/2021:11:15:33 +0100] "GET /toiletry-p-41058.html HTTP/1.0" 200 73269 "-" "Mozilla/5.0 (compatible; BLEXBot/1.0; +http://webmeup-crawler.com/)"
157.90.177.217 - - [02/Dec/2021:11:15:42 +0100] "GET /toiletry-p-41059.html HTTP/1.0" 200 73269 "-" "Mozilla/5.0 (compatible; BLEXBot/1.0; +http://webmeup-crawler.com/)"
66.249.68.42 - - [02/Dec/2021:11:15:44 +0100] "GET /images/big_prod/3565750232042.jpg HTTP/1.0" 200 268 "-" "Googlebot-Image/1.0"
185.191.171.6 - - [02/Dec/2021:11:15:48 +0100] "GET /skull-money-box-resin-black-p-39405.html HTTP/1.0" 301 70680 "-" "Mozilla/5.0 (compatible; SemrushBot/7~bl; +http://www.semrush.com/bot.html)"
185.191.171.45 - - [02/Dec/2021:11:15:51 +0100] "GET /-p-39405.html HTTP/1.0" 200 70613 "-" "Mozilla/5.0 (compatible; SemrushBot/7~bl; +http://www.semrush.com/bot.html)"
157.55.39.125 - - [02/Dec/2021:11:15:53 +0100] "GET /kids-school-c-31_80.html HTTP/1.0" 200 90701 "-" "Mozilla/5.0 (compatible; bingbot/2.0; +http://www.bing.com/bingbot.htm)"
157.90.177.217 - - [02/Dec/2021:11:15:53 +0100] "GET /toiletry-p-41060.html HTTP/1.0" 200 73269 "-" "Mozilla/5.0 (compatible; BLEXBot/1.0; +http://webmeup-crawler.com/)"
51.68.224.127 - - [02/Dec/2021:11:15:56 +0100] "GET /adminweb/export_orders_xml.php?token=256de2z6edz6ed2z6DFSFsed2zed6zeDSFDSGdzedezfzf&maxorders=10&orderstart=1&status=14&start_date=2018-10-01 HTTP/1.0" 200 285 "-" "GesCom CharlotteBoutik Serveur"
51.68.224.127 - - [02/Dec/2021:11:15:56 +0100] "GET /adminweb/export_orders_xml.php?token=256de2z6edz6ed2z6DFSFsed2zed6zeDSFDSGdzedezfzf&maxorders=10&orderstart=1&status=6&start_date=2018-10-01 HTTP/1.0" 200 32471 "-" "GesCom CharlotteBoutik Serveur"
157.90.177.217 - - [02/Dec/2021:11:16:02 +0100] "GET /toiletry-p-41117.html HTTP/1.0" 200 73269 "-" "Mozilla/5.0 (compatible; BLEXBot/1.0; +http://webmeup-crawler.com/)"
157.90.177.217 - - [02/Dec/2021:11:16:09 +0100] "GET /toiletry-p-41121.html HTTP/1.0" 200 73269 "-" "Mozilla/5.0 (compatible; BLEXBot/1.0; +http://webmeup-crawler.com/)"
157.90.177.217 - - [02/Dec/2021:11:16:15 +0100] "GET /toiletry-p-41123.html HTTP/1.0" 200 73268 "-" "Mozilla/5.0 (compatible; BLEXBot/1.0; +http://webmeup-crawler.com/)"
157.90.177.217 - - [02/Dec/2021:11:16:18 +0100] "GET /toiletry-p-42969.html HTTP/1.0" 200 73269 "-" "Mozilla/5.0 (compatible; BLEXBot/1.0; +http://webmeup-crawler.com/)"
157.90.177.217 - - [02/Dec/2021:11:16:26 +0100] "GET /toiletry-p-42970.html HTTP/1.0" 200 73269 "-" "Mozilla/5.0 (compatible; BLEXBot/1.0; +http://webmeup-crawler.com/)"
157.90.177.217 - - [02/Dec/2021:11:16:31 +0100] "GET /toiletry-p-42972.html HTTP/1.0" 200 73269 "-" "Mozilla/5.0 (compatible; BLEXBot/1.0; +http://webmeup-crawler.com/)"
47.254.22.110 - - [02/Dec/2021:11:16:33 +0100] "GET /images/mini_prod/1384010202890.jpg HTTP/1.0" 200 269 "-" "Mozilla/5.0 (X11; Ubuntu; Linux x86_64; rv:72.0) Gecko/20100101 Firefox/72.0"
157.90.177.217 - - [02/Dec/2021:11:16:38 +0100] "GET /toiletry-p-42973.html HTTP/1.0" 200 73282 "-" "Mozilla/5.0 (compatible; BLEXBot/1.0; +http://webmeup-crawler.com/)"
157.90.177.217 - - [02/Dec/2021:11:16:44 +0100] "GET /toiletry-p-42975.html HTTP/1.0" 200 73269 "-" "Mozilla/5.0 (compatible; BLEXBot/1.0; +http://webmeup-crawler.com/)"
114.119.128.253 - - [02/Dec/2021:11:16:50 +0100] "GET /small-jar-candle-welcoming-fire-p-53327.html HTTP/1.0" 301 73754 "-" "Mozilla/5.0 (Linux; Android 7.0;) AppleWebKit/537.36 (KHTML, like Gecko) Mobile Safari/537.36 (compatible; PetalBot;+https://webmaster.petalsearch.com/site/petalbot)"
66.152.168.234 - - [02/Dec/2021:11:16:54 +0100] "GET /images/mini_prod/3760116326407.jpg HTTP/1.0" 200 269 "-" "Mozilla/5.0 (X11; Ubuntu; Linux x86_64; rv:72.0) Gecko/20100101 Firefox/72.0"
157.90.177.217 - - [02/Dec/2021:11:16:53 +0100] "GET /toiletry-p-42976.html HTTP/1.0" 200 73269 "-" "Mozilla/5.0 (compatible; BLEXBot/1.0; +http://webmeup-crawler.com/)"
114.119.128.253 - - [02/Dec/2021:11:16:53 +0100] "GET /small-candle-welcoming-fire-p-53327.html HTTP/1.0" 200 73660 "-" "Mozilla/5.0 (Linux; Android 7.0;) AppleWebKit/537.36 (KHTML, like Gecko) Mobile Safari/537.36 (compatible; PetalBot;+https://webmaster.petalsearch.com/site/petalbot)"
157.90.177.217 - - [02/Dec/2021:11:16:58 +0100] "GET /toiletry-p-43025.html HTTP/1.0" 200 73269 "-" "Mozilla/5.0 (compatible; BLEXBot/1.0; +http://webmeup-crawler.com/)"
157.90.177.217 - - [02/Dec/2021:11:17:06 +0100] "GET /toiletry-p-43390.html HTTP/1.0" 200 73269 "-" "Mozilla/5.0 (compatible; BLEXBot/1.0; +http://webmeup-crawler.com/)"
157.90.177.217 - - [02/Dec/2021:11:17:10 +0100] "GET /toiletry-p-43422.html HTTP/1.0" 200 73269 "-" "Mozilla/5.0 (compatible; BLEXBot/1.0; +http://webmeup-crawler.com/)"
157.90.177.217 - - [02/Dec/2021:11:17:14 +0100] "GET /toiletry-p-43423.html HTTP/1.0" 200 73282 "-" "Mozilla/5.0 (compatible; BLEXBot/1.0; +http://webmeup-crawler.com/)"
157.90.177.217 - - [02/Dec/2021:11:17:18 +0100] "GET /toiletry-p-43804.html HTTP/1.0" 200 73269 "-" "Mozilla/5.0 (compatible; BLEXBot/1.0; +http://webmeup-crawler.com/)"
185.191.171.18 - - [02/Dec/2021:11:17:21 +0100] "GET /coasters-cbkreation-p-23361.html HTTP/1.0" 200 73350 "-" "Mozilla/5.0 (compatible; SemrushBot/7~bl; +http://www.semrush.com/bot.html)"
157.90.177.217 - - [02/Dec/2021:11:17:22 +0100] "GET /toiletry-p-45067.html HTTP/1.0" 200 73269 "-" "Mozilla/5.0 (compatible; BLEXBot/1.0; +http://webmeup-crawler.com/)"
54.36.148.239 - - [02/Dec/2021:11:17:29 +0100] "GET /winnie-pooh-umbrella-p-20501.html HTTP/1.0" 200 73465 "-" "Mozilla/5.0 (compatible; AhrefsBot/7.0; +http://ahrefs.com/robot/)"
157.90.177.217 - - [02/Dec/2021:11:17:29 +0100] "GET /toiletry-p-45076.html HTTP/1.0" 200 73268 "-" "Mozilla/5.0 (compatible; BLEXBot/1.0; +http://webmeup-crawler.com/)"
157.90.177.217 - - [02/Dec/2021:11:17:34 +0100] "GET /toneko-neko-shirt-p-29605.html HTTP/1.0" 200 74377 "-" "Mozilla/5.0 (compatible; BLEXBot/1.0; +http://webmeup-crawler.com/)"
157.90.177.217 - - [02/Dec/2021:11:17:40 +0100] "GET /tortoise-metal-wall-decoration-p-42806.html HTTP/1.0" 200 73444 "-" "Mozilla/5.0 (compatible; BLEXBot/1.0; +http://webmeup-crawler.com/)"
157.90.177.217 - - [02/Dec/2021:11:17:44 +0100] "GET /tote-gorjuss-secret-p-40522.html HTTP/1.0" 200 73620 "-" "Mozilla/5.0 (compatible; BLEXBot/1.0; +http://webmeup-crawler.com/)"
157.90.177.217 - - [02/Dec/2021:11:17:50 +0100] "GET /tote-wendy-laissez-lucie-faire-p-49021.html HTTP/1.0" 200 73605 "-" "Mozilla/5.0 (compatible; BLEXBot/1.0; +http://webmeup-crawler.com/)"
157.90.177.217 - - [02/Dec/2021:11:17:56 +0100] "GET /toucan-bamboo-flower-cover-p-55096.html HTTP/1.0" 200 74012 "-" "Mozilla/5.0 (compatible; BLEXBot/1.0; +http://webmeup-crawler.com/)"
157.90.177.217 - - [02/Dec/2021:11:18:04 +0100] "GET /toucan-money-black-p-47934.html HTTP/1.0" 200 73320 "-" "Mozilla/5.0 (compatible; BLEXBot/1.0; +http://webmeup-crawler.com/)"
185.191.171.17 - - [02/Dec/2021:11:18:06 +0100] "GET /fanny-door-coconut-fiber-p-47880.html?action=add_product HTTP/1.0" 302 476 "-" "Mozilla/5.0 (compatible; SemrushBot/7~bl; +http://www.semrush.com/bot.html)"
157.90.177.217 - - [02/Dec/2021:11:18:09 +0100] "GET /toucan-money-green-p-47935.html HTTP/1.0" 200 73297 "-" "Mozilla/5.0 (compatible; BLEXBot/1.0; +http://webmeup-crawler.com/)"
114.119.128.39 - - [02/Dec/2021:11:18:10 +0100] "GET /dakota-bedclothes-260-240-cm-p-49349.html HTTP/1.0" 301 73373 "-" "Mozilla/5.0 (Linux; Android 7.0;) AppleWebKit/537.36 (KHTML, like Gecko) Mobile Safari/537.36 (compatible; PetalBot;+https://webmaster.petalsearch.com/site/petalbot)"
157.90.177.217 - - [02/Dec/2021:11:18:14 +0100] "GET /toucan-money-p-47936.html HTTP/1.0" 200 73302 "-" "Mozilla/5.0 (compatible; BLEXBot/1.0; +http://webmeup-crawler.com/)"
114.119.128.39 - - [02/Dec/2021:11:18:14 +0100] "GET /dakota-bedclothes-p-49349.html HTTP/1.0" 200 73289 "-" "Mozilla/5.0 (Linux; Android 7.0;) AppleWebKit/537.36 (KHTML, like Gecko) Mobile Safari/537.36 (compatible; PetalBot;+https://webmaster.petalsearch.com/site/petalbot)"
157.90.177.217 - - [02/Dec/2021:11:18:17 +0100] "GET /toucan-plastic-night-light-p-50826.html HTTP/1.0" 200 73955 "-" "Mozilla/5.0 (compatible; BLEXBot/1.0; +http://webmeup-crawler.com/)"
157.90.177.217 - - [02/Dec/2021:11:18:25 +0100] "GET /toucan-porcelain-bowl-p-44480.html HTTP/1.0" 200 73245 "-" "Mozilla/5.0 (compatible; BLEXBot/1.0; +http://webmeup-crawler.com/)"
17.121.115.162 - - [02/Dec/2021:11:18:30 +0100] "GET /images/big_prod_2/8424346255313C.jpg HTTP/1.0" 200 271 "-" "Mozilla/5.0 (Macintosh; Intel Mac OS X 10_15_5) AppleWebKit/605.1.15 (KHTML, like Gecko) Version/13.1.1 Safari/605.1.15 (Applebot/0.1; +http://www.apple.com/go/applebot)"
157.90.177.217 - - [02/Dec/2021:11:18:38 +0100] "GET /toucans-porcelain-bowl-p-44482.html HTTP/1.0" 200 73253 "-" "Mozilla/5.0 (compatible; BLEXBot/1.0; +http://webmeup-crawler.com/)"
157.90.177.217 - - [02/Dec/2021:11:18:44 +0100] "GET /tour-france-adult-apron-p-51197.html HTTP/1.0" 200 73228 "-" "Mozilla/5.0 (compatible; BLEXBot/1.0; +http://webmeup-crawler.com/)"
185.191.171.6 - - [02/Dec/2021:11:18:48 +0100] "GET /gogh-isothermic-stainless-steel-bottle-p-53163.html HTTP/1.0" 200 73440 "-" "Mozilla/5.0 (compatible; SemrushBot/7~bl; +http://www.semrush.com/bot.html)"
157.90.177.217 - - [02/Dec/2021:11:18:50 +0100] "GET /tour-france-ceramic-money-p-52190.html HTTP/1.0" 200 73361 "-" "Mozilla/5.0 (compatible; BLEXBot/1.0; +http://webmeup-crawler.com/)"
157.90.177.217 - - [02/Dec/2021:11:18:57 +0100] "GET /tour-france-ceramic-money-p-52191.html HTTP/1.0" 200 73361 "-" "Mozilla/5.0 (compatible; BLEXBot/1.0; +http://webmeup-crawler.com/)"
185.191.171.8 - - [02/Dec/2021:11:18:57 +0100] "GET /children-coat-hooks-p-52561.html?action=add_product HTTP/1.0" 302 476 "-" "Mozilla/5.0 (compatible; SemrushBot/7~bl; +http://www.semrush.com/bot.html)"
157.90.177.217 - - [02/Dec/2021:11:19:03 +0100] "GET /tour-france-ceramic-with-spoon-p-52015.html HTTP/1.0" 200 74007 "-" "Mozilla/5.0 (compatible; BLEXBot/1.0; +http://webmeup-crawler.com/)"
185.191.171.33 - - [02/Dec/2021:11:19:07 +0100] "GET /-p-38313.html?action=add_product HTTP/1.0" 302 476 "-" "Mozilla/5.0 (compatible; SemrushBot/7~bl; +http://www.semrush.com/bot.html)"
157.90.177.217 - - [02/Dec/2021:11:19:08 +0100] "GET /tour-france-coasters-p-51772.html HTTP/1.0" 200 73243 "-" "Mozilla/5.0 (compatible; BLEXBot/1.0; +http://webmeup-crawler.com/)"
157.90.177.217 - - [02/Dec/2021:11:19:15 +0100] "GET /robots.txt HTTP/1.0" 301 531 "-" "Mozilla/5.0 (compatible; BLEXBot/1.0; +http://webmeup-crawler.com/)"
157.90.177.217 - - [02/Dec/2021:11:19:15 +0100] "GET /robots.txt HTTP/1.0" 200 245 "-" "Mozilla/5.0 (compatible; BLEXBot/1.0; +http://webmeup-crawler.com/)"
157.90.177.217 - - [02/Dec/2021:11:19:15 +0100] "GET /tour-france-coasters-p-51773.html HTTP/1.0" 200 73242 "-" "Mozilla/5.0 (compatible; BLEXBot/1.0; +http://webmeup-crawler.com/)"
157.90.177.217 - - [02/Dec/2021:11:19:21 +0100] "GET /tour-france-coasters-p-51774.html HTTP/1.0" 200 73243 "-" "Mozilla/5.0 (compatible; BLEXBot/1.0; +http://webmeup-crawler.com/)"
185.191.171.14 - - [02/Dec/2021:11:19:25 +0100] "GET /crystal-salt-lamp-p-46309.html HTTP/1.0" 200 70671 "-" "Mozilla/5.0 (compatible; SemrushBot/7~bl; +http://www.semrush.com/bot.html)"
157.90.177.217 - - [02/Dec/2021:11:19:27 +0100] "GET /tour-france-coasters-p-51775.html HTTP/1.0" 200 73243 "-" "Mozilla/5.0 (compatible; BLEXBot/1.0; +http://webmeup-crawler.com/)"
157.90.177.217 - - [02/Dec/2021:11:19:32 +0100] "GET /tour-france-eyeglass-case-p-55432.html HTTP/1.0" 200 73931 "-" "Mozilla/5.0 (compatible; BLEXBot/1.0; +http://webmeup-crawler.com/)"
159.138.102.98 - - [02/Dec/2021:11:19:33 +0100] "GET /calavera-yellow-beauty-nail-kit-p-29315.html HTTP/1.0" 301 73527 "-" "Mozilla/5.0 (Linux; Android 7.0;) AppleWebKit/537.36 (KHTML, like Gecko) Mobile Safari/537.36 (compatible; PetalBot;+https://webmaster.petalsearch.com/site/petalbot)"
159.138.102.98 - - [02/Dec/2021:11:19:38 +0100] "GET /calavera-yellow-beauty-nail-p-29315.html HTTP/1.0" 200 73433 "-" "Mozilla/5.0 (Linux; Android 7.0;) AppleWebKit/537.36 (KHTML, like Gecko) Mobile Safari/537.36 (compatible; PetalBot;+https://webmaster.petalsearch.com/site/petalbot)"
157.90.177.217 - - [02/Dec/2021:11:19:42 +0100] "GET /tour-france-magnet-p-51214.html HTTP/1.0" 200 73227 "-" "Mozilla/5.0 (compatible; BLEXBot/1.0; +http://webmeup-crawler.com/)"
157.90.177.217 - - [02/Dec/2021:11:19:45 +0100] "GET /tour-france-metal-bicycle-horn-p-54558.html HTTP/1.0" 200 73353 "-" "Mozilla/5.0 (compatible; BLEXBot/1.0; +http://webmeup-crawler.com/)"
54.36.149.41 - - [02/Dec/2021:11:19:49 +0100] "GET /gorjuss-deluxe-journal-autumn-leaves-p-50957.html HTTP/1.0" 200 75016 "-" "Mozilla/5.0 (compatible; AhrefsBot/7.0; +http://ahrefs.com/robot/)"
157.90.177.217 - - [02/Dec/2021:11:19:50 +0100] "GET /tour-france-metal-bicycle-horn-p-55435.html HTTP/1.0" 200 73353 "-" "Mozilla/5.0 (compatible; BLEXBot/1.0; +http://webmeup-crawler.com/)"
157.90.177.217 - - [02/Dec/2021:11:19:57 +0100] "GET /tour-france-metal-plate-p-51220.html HTTP/1.0" 200 73266 "-" "Mozilla/5.0 (compatible; BLEXBot/1.0; +http://webmeup-crawler.com/)"
157.90.177.217 - - [02/Dec/2021:11:20:02 +0100] "GET /tour-france-p-51222.html HTTP/1.0" 200 73174 "-" "Mozilla/5.0 (compatible; BLEXBot/1.0; +http://webmeup-crawler.com/)"
157.90.177.217 - - [02/Dec/2021:11:20:10 +0100] "GET /tour-france-p-53977.html HTTP/1.0" 200 73174 "-" "Mozilla/5.0 (compatible; BLEXBot/1.0; +http://webmeup-crawler.com/)"
157.90.177.217 - - [02/Dec/2021:11:20:17 +0100] "GET /tour-france-p-53978.html HTTP/1.0" 200 73175 "-" "Mozilla/5.0 (compatible; BLEXBot/1.0; +http://webmeup-crawler.com/)"
157.90.177.217 - - [02/Dec/2021:11:20:21 +0100] "GET /tour-france-p-53979.html HTTP/1.0" 200 73174 "-" "Mozilla/5.0 (compatible; BLEXBot/1.0; +http://webmeup-crawler.com/)"
40.77.167.66 - - [02/Dec/2021:11:20:24 +0100] "GET /images/1300010240311.jpg HTTP/1.0" 200 259 "-" "Mozilla/5.0 (compatible; bingbot/2.0; +http://www.bing.com/bingbot.htm)"
157.90.177.217 - - [02/Dec/2021:11:20:30 +0100] "GET /tour-paris-clock-p-10888.html HTTP/1.0" 200 73292 "-" "Mozilla/5.0 (compatible; BLEXBot/1.0; +http://webmeup-crawler.com/)"
157.90.177.217 - - [02/Dec/2021:11:20:37 +0100] "GET /tourmaline-obelisk-p-51174.html HTTP/1.0" 200 73472 "-" "Mozilla/5.0 (compatible; BLEXBot/1.0; +http://webmeup-crawler.com/)"
157.90.177.217 - - [02/Dec/2021:11:20:44 +0100] "GET /tourmaline-quartz-obelisk-p-51173.html HTTP/1.0" 200 73553 "-" "Mozilla/5.0 (compatible; BLEXBot/1.0; +http://webmeup-crawler.com/)"
157.90.177.217 - - [02/Dec/2021:11:20:50 +0100] "GET /tout-travail-mrite-bire-adult-apron-p-53177.html HTTP/1.0" 200 73931 "-" "Mozilla/5.0 (compatible; BLEXBot/1.0; +http://webmeup-crawler.com/)"
185.191.171.44 - - [02/Dec/2021:11:20:52 +0100] "GET /carlin-case-notepad-p-30104.html HTTP/1.0" 200 73419 "-" "Mozilla/5.0 (compatible; SemrushBot/7~bl; +http://www.semrush.com/bot.html)"
157.90.177.217 - - [02/Dec/2021:11:20:58 +0100] "GET /tout-travail-mrite-bire-coasters-p-53170.html HTTP/1.0" 200 73364 "-" "Mozilla/5.0 (compatible; BLEXBot/1.0; +http://webmeup-crawler.com/)"
114.119.128.40 - - [02/Dec/2021:11:20:58 +0100] "GET /raving-rabbits-tumbler-with-straw-p-31695.html HTTP/1.0" 200 70735 "-" "Mozilla/5.0 (Linux; Android 7.0;) AppleWebKit/537.36 (KHTML, like Gecko) Mobile Safari/537.36 (compatible; PetalBot;+https://webmaster.petalsearch.com/site/petalbot)"
157.90.177.217 - - [02/Dec/2021:11:21:03 +0100] "GET /transistor-metal-p-22551.html HTTP/1.0" 200 73493 "-" "Mozilla/5.0 (compatible; BLEXBot/1.0; +http://webmeup-crawler.com/)"
185.191.171.12 - - [02/Dec/2021:11:21:08 +0100] "GET /gorjuss-dreamer-rectangular-keyring-p-25959.html HTTP/1.0" 200 73496 "-" "Mozilla/5.0 (compatible; SemrushBot/7~bl; +http://www.semrush.com/bot.html)"
157.90.177.217 - - [02/Dec/2021:11:21:08 +0100] "GET /transportable-glass-ball-lamp-p-55140.html HTTP/1.0" 200 74290 "-" "Mozilla/5.0 (compatible; BLEXBot/1.0; +http://webmeup-crawler.com/)"
157.90.177.217 - - [02/Dec/2021:11:21:13 +0100] "GET /transportable-metal-lamp-p-55139.html HTTP/1.0" 200 74214 "-" "Mozilla/5.0 (compatible; BLEXBot/1.0; +http://webmeup-crawler.com/)"
185.191.171.1 - - [02/Dec/2021:11:21:14 +0100] "GET /-p-38629.html?action=add_product HTTP/1.0" 302 476 "-" "Mozilla/5.0 (compatible; SemrushBot/7~bl; +http://www.semrush.com/bot.html)"
157.90.177.217 - - [02/Dec/2021:11:21:20 +0100] "GET /tray-small-cactus-pots-p-48107.html HTTP/1.0" 200 73925 "-" "Mozilla/5.0 (compatible; BLEXBot/1.0; +http://webmeup-crawler.com/)"
157.90.177.217 - - [02/Dec/2021:11:21:26 +0100] "GET /tree-decoration-figurine-heartwood-creek-p-31816.html HTTP/1.0" 200 73475 "-" "Mozilla/5.0 (compatible; BLEXBot/1.0; +http://webmeup-crawler.com/)"
157.90.177.217 - - [02/Dec/2021:11:21:33 +0100] "GET /tree-life-coasters-p-51475.html HTTP/1.0" 200 74065 "-" "Mozilla/5.0 (compatible; BLEXBot/1.0; +http://webmeup-crawler.com/)"
157.90.177.217 - - [02/Dec/2021:11:21:39 +0100] "GET /tree-life-incense-stick-holder-p-53795.html HTTP/1.0" 200 73999 "-" "Mozilla/5.0 (compatible; BLEXBot/1.0; +http://webmeup-crawler.com/)"
157.90.177.217 - - [02/Dec/2021:11:21:46 +0100] "GET /tree-life-incense-stick-holder-p-53907.html HTTP/1.0" 200 74021 "-" "Mozilla/5.0 (compatible; BLEXBot/1.0; +http://webmeup-crawler.com/)"
157.90.177.217 - - [02/Dec/2021:11:21:53 +0100] "GET /tree-life-mirror-white-patinated-wood-p-53755.html HTTP/1.0" 200 74266 "-" "Mozilla/5.0 (compatible; BLEXBot/1.0; +http://webmeup-crawler.com/)"
157.90.177.217 - - [02/Dec/2021:11:21:58 +0100] "GET /tree-life-mirror-wood-p-53756.html HTTP/1.0" 200 74074 "-" "Mozilla/5.0 (compatible; BLEXBot/1.0; +http://webmeup-crawler.com/)"
157.90.177.217 - - [02/Dec/2021:11:22:04 +0100] "GET /triangular-metallic-plate-hang-moto-p-48073.html HTTP/1.0" 200 74038 "-" "Mozilla/5.0 (compatible; BLEXBot/1.0; +http://webmeup-crawler.com/)"
157.90.177.217 - - [02/Dec/2021:11:22:10 +0100] "GET /triangular-vintage-alarm-clock-gray-pink-p-55137.html HTTP/1.0" 200 74445 "-" "Mozilla/5.0 (compatible; BLEXBot/1.0; +http://webmeup-crawler.com/)"
54.36.148.77 - - [02/Dec/2021:11:22:11 +0100] "GET /aromatic-burner-heart-beige-p-56896.html HTTP/1.0" 200 74155 "-" "Mozilla/5.0 (compatible; AhrefsBot/7.0; +http://ahrefs.com/robot/)"
157.90.177.217 - - [02/Dec/2021:11:22:18 +0100] "GET /triangular-vintage-alarm-clock-green-grey-p-55136.html HTTP/1.0" 200 74459 "-" "Mozilla/5.0 (compatible; BLEXBot/1.0; +http://webmeup-crawler.com/)"
159.138.102.98 - - [02/Dec/2021:11:22:20 +0100] "GET /elephant-statuette-shore-p-51779.html HTTP/1.0" 200 74229 "-" "Mozilla/5.0 (Linux; Android 7.0;) AppleWebKit/537.36 (KHTML, like Gecko) Mobile Safari/537.36 (compatible; PetalBot;+https://webmaster.petalsearch.com/site/petalbot)"
157.90.177.217 - - [02/Dec/2021:11:22:29 +0100] "GET /tribal-white-shirt-p-39393.html HTTP/1.0" 200 79548 "-" "Mozilla/5.0 (compatible; BLEXBot/1.0; +http://webmeup-crawler.com/)"
157.90.177.217 - - [02/Dec/2021:11:22:35 +0100] "GET /triumph-thermometer-p-40034.html HTTP/1.0" 200 73269 "-" "Mozilla/5.0 (compatible; BLEXBot/1.0; +http://webmeup-crawler.com/)"
157.90.177.217 - - [02/Dec/2021:11:22:39 +0100] "GET /trooper-star-wars-moneybox-p-35962.html HTTP/1.0" 200 73299 "-" "Mozilla/5.0 (compatible; BLEXBot/1.0; +http://webmeup-crawler.com/)"
157.90.177.217 - - [02/Dec/2021:11:22:44 +0100] "GET /tropez-mini-metal-tray-p-52477.html HTTP/1.0" 200 73347 "-" "Mozilla/5.0 (compatible; BLEXBot/1.0; +http://webmeup-crawler.com/)"
157.90.177.217 - - [02/Dec/2021:11:22:50 +0100] "GET /tropia-door-coconut-fiber-p-45202.html HTTP/1.0" 200 73460 "-" "Mozilla/5.0 (compatible; BLEXBot/1.0; +http://webmeup-crawler.com/)"
157.90.177.217 - - [02/Dec/2021:11:22:58 +0100] "GET /tropical-bedclothes-p-41113.html HTTP/1.0" 200 73326 "-" "Mozilla/5.0 (compatible; BLEXBot/1.0; +http://webmeup-crawler.com/)"
157.90.177.217 - - [02/Dec/2021:11:23:05 +0100] "GET /tropical-bedclothes-p-41114.html HTTP/1.0" 200 73326 "-" "Mozilla/5.0 (compatible; BLEXBot/1.0; +http://webmeup-crawler.com/)"
17.121.113.181 - - [02/Dec/2021:11:23:09 +0100] "GET /images/big_prod_1/4029811452781a.jpg HTTP/1.0" 200 271 "-" "Mozilla/5.0 (Macintosh; Intel Mac OS X 10_15_5) AppleWebKit/605.1.15 (KHTML, like Gecko) Version/13.1.1 Safari/605.1.15 (Applebot/0.1; +http://www.apple.com/go/applebot)"
157.90.177.217 - - [02/Dec/2021:11:23:09 +0100] "GET /tropical-coral-porcelain-bowl-p-56181.html HTTP/1.0" 200 73878 "-" "Mozilla/5.0 (compatible; BLEXBot/1.0; +http://webmeup-crawler.com/)"
157.90.177.217 - - [02/Dec/2021:11:23:17 +0100] "GET /tropical-porcelain-bowl-p-44481.html HTTP/1.0" 200 73261 "-" "Mozilla/5.0 (compatible; BLEXBot/1.0; +http://webmeup-crawler.com/)"
157.90.177.217 - - [02/Dec/2021:11:23:21 +0100] "GET /tropical-pouch-freedom-p-49554.html HTTP/1.0" 200 74005 "-" "Mozilla/5.0 (compatible; BLEXBot/1.0; +http://webmeup-crawler.com/)"
185.191.171.39 - - [02/Dec/2021:11:23:22 +0100] "GET /flamingo-trivet-p-43941.html HTTP/1.0" 200 70663 "-" "Mozilla/5.0 (compatible; SemrushBot/7~bl; +http://www.semrush.com/bot.html)"
157.90.177.217 - - [02/Dec/2021:11:23:26 +0100] "GET /tropical-pouch-happiness-p-49553.html HTTP/1.0" 200 74017 "-" "Mozilla/5.0 (compatible; BLEXBot/1.0; +http://webmeup-crawler.com/)"
157.90.177.217 - - [02/Dec/2021:11:23:30 +0100] "GET /tropical-pouch-paradise-p-49551.html HTTP/1.0" 200 74010 "-" "Mozilla/5.0 (compatible; BLEXBot/1.0; +http://webmeup-crawler.com/)"
157.90.177.217 - - [02/Dec/2021:11:23:35 +0100] "GET /tropical-pouch-wild-p-49552.html HTTP/1.0" 200 73984 "-" "Mozilla/5.0 (compatible; BLEXBot/1.0; +http://webmeup-crawler.com/)"
114.119.128.37 - - [02/Dec/2021:11:23:37 +0100] "GET /paperweight-the-kiss-by-klimt-p-52021.html HTTP/1.0" 301 74378 "-" "Mozilla/5.0 (Linux; Android 7.0;) AppleWebKit/537.36 (KHTML, like Gecko) Mobile Safari/537.36 (compatible; PetalBot;+https://webmaster.petalsearch.com/site/petalbot)"
157.90.177.217 - - [02/Dec/2021:11:23:43 +0100] "GET /tropical-white-porcelain-bowl-p-56182.html HTTP/1.0" 200 73878 "-" "Mozilla/5.0 (compatible; BLEXBot/1.0; +http://webmeup-crawler.com/)"
114.119.128.37 - - [02/Dec/2021:11:23:45 +0100] "GET /paperweight-kiss-klimt-p-52021.html HTTP/1.0" 200 74289 "-" "Mozilla/5.0 (Linux; Android 7.0;) AppleWebKit/537.36 (KHTML, like Gecko) Mobile Safari/537.36 (compatible; PetalBot;+https://webmaster.petalsearch.com/site/petalbot)"
157.90.177.217 - - [02/Dec/2021:11:23:48 +0100] "GET /trudi-perla-lamb-soft-p-16221.html HTTP/1.0" 200 73138 "-" "Mozilla/5.0 (compatible; BLEXBot/1.0; +http://webmeup-crawler.com/)"
157.90.177.217 - - [02/Dec/2021:11:23:53 +0100] "GET /trudi-placido-polar-bear-soft-p-16224.html HTTP/1.0" 200 73210 "-" "Mozilla/5.0 (compatible; BLEXBot/1.0; +http://webmeup-crawler.com/)"
185.191.171.1 - - [02/Dec/2021:11:23:54 +0100] "GET /place-mat-bug-art-jewels-poisson-p-53936.html HTTP/1.0" 301 73360 "-" "Mozilla/5.0 (compatible; SemrushBot/7~bl; +http://www.semrush.com/bot.html)"
185.191.171.4 - - [02/Dec/2021:11:23:58 +0100] "GET /place-jewels-poisson-p-53936.html HTTP/1.0" 200 73273 "-" "Mozilla/5.0 (compatible; SemrushBot/7~bl; +http://www.semrush.com/bot.html)"
157.90.177.217 - - [02/Dec/2021:11:24:00 +0100] "GET /turquoise-bowl-p-36412.html HTTP/1.0" 200 73252 "-" "Mozilla/5.0 (compatible; BLEXBot/1.0; +http://webmeup-crawler.com/)"
157.90.177.217 - - [02/Dec/2021:11:24:05 +0100] "GET /turquoise-lama-piggy-bank-p-47724.html HTTP/1.0" 200 73300 "-" "Mozilla/5.0 (compatible; BLEXBot/1.0; +http://webmeup-crawler.com/)"
157.90.177.217 - - [02/Dec/2021:11:24:10 +0100] "GET /turtle-marine-baby-resin-statuette-p-49884.html HTTP/1.0" 200 74225 "-" "Mozilla/5.0 (compatible; BLEXBot/1.0; +http://webmeup-crawler.com/)"
157.90.177.217 - - [02/Dec/2021:11:24:18 +0100] "GET /turtle-plush-p-33451.html HTTP/1.0" 200 73343 "-" "Mozilla/5.0 (compatible; BLEXBot/1.0; +http://webmeup-crawler.com/)"
54.36.148.45 - - [02/Dec/2021:11:24:24 +0100] "GET /specials.php?page=40 HTTP/1.0" 200 125066 "-" "Mozilla/5.0 (compatible; AhrefsBot/7.0; +http://ahrefs.com/robot/)"
157.90.177.217 - - [02/Dec/2021:11:24:26 +0100] "GET /tweety-alarm-clock-p-5099.html HTTP/1.0" 200 73224 "-" "Mozilla/5.0 (compatible; BLEXBot/1.0; +http://webmeup-crawler.com/)"
185.191.171.36 - - [02/Dec/2021:11:24:29 +0100] "GET /japanese-brown-cast-iron-teapot-liter-p-54892.html HTTP/1.0" 200 74176 "-" "Mozilla/5.0 (compatible; SemrushBot/7~bl; +http://www.semrush.com/bot.html)"
185.191.171.44 - - [02/Dec/2021:11:24:34 +0100] "GET /british-round-p-15931.html?action=add_product HTTP/1.0" 302 476 "-" "Mozilla/5.0 (compatible; SemrushBot/7~bl; +http://www.semrush.com/bot.html)"
157.90.177.217 - - [02/Dec/2021:11:24:36 +0100] "GET /tweety-alarm-clock-p-8341.html HTTP/1.0" 200 73216 "-" "Mozilla/5.0 (compatible; BLEXBot/1.0; +http://webmeup-crawler.com/)"
157.90.177.217 - - [02/Dec/2021:11:24:42 +0100] "GET /tweety-basketball-player-figurine-p-42731.html HTTP/1.0" 200 73309 "-" "Mozilla/5.0 (compatible; BLEXBot/1.0; +http://webmeup-crawler.com/)"
157.90.177.217 - - [02/Dec/2021:11:24:48 +0100] "GET /tweety-boat-money-p-34082.html HTTP/1.0" 200 73305 "-" "Mozilla/5.0 (compatible; BLEXBot/1.0; +http://webmeup-crawler.com/)"
114.119.128.37 - - [02/Dec/2021:11:24:55 +0100] "GET /fc-barcelone-ashtray-p-38010.html HTTP/1.0" 301 73287 "-" "Mozilla/5.0 (Linux; Android 7.0;) AppleWebKit/537.36 (KHTML, like Gecko) Mobile Safari/537.36 (compatible; PetalBot;+https://webmaster.petalsearch.com/site/petalbot)"
157.90.177.217 - - [02/Dec/2021:11:24:57 +0100] "GET /tweety-cactus-figurine-p-42732.html HTTP/1.0" 200 73254 "-" "Mozilla/5.0 (compatible; BLEXBot/1.0; +http://webmeup-crawler.com/)"
114.119.128.37 - - [02/Dec/2021:11:24:58 +0100] "GET /barcelone-ashtray-p-38010.html HTTP/1.0" 200 73203 "-" "Mozilla/5.0 (Linux; Android 7.0;) AppleWebKit/537.36 (KHTML, like Gecko) Mobile Safari/537.36 (compatible; PetalBot;+https://webmaster.petalsearch.com/site/petalbot)"
157.90.177.217 - - [02/Dec/2021:11:25:02 +0100] "GET /tweety-clock-p-17436.html HTTP/1.0" 200 73151 "-" "Mozilla/5.0 (compatible; BLEXBot/1.0; +http://webmeup-crawler.com/)"
157.90.177.217 - - [02/Dec/2021:11:25:06 +0100] "GET /tweety-drum-figurine-p-42730.html HTTP/1.0" 200 73238 "-" "Mozilla/5.0 (compatible; BLEXBot/1.0; +http://webmeup-crawler.com/)"
157.90.177.217 - - [02/Dec/2021:11:25:11 +0100] "GET /tweety-figure-p-3609.html HTTP/1.0" 200 73275 "-" "Mozilla/5.0 (compatible; BLEXBot/1.0; +http://webmeup-crawler.com/)"
157.90.177.217 - - [02/Dec/2021:11:25:16 +0100] "GET /tweety-figurine-p-24245.html HTTP/1.0" 200 73203 "-" "Mozilla/5.0 (compatible; BLEXBot/1.0; +http://webmeup-crawler.com/)"
157.90.177.217 - - [02/Dec/2021:11:25:22 +0100] "GET /tweety-figurine-p-42735.html HTTP/1.0" 200 73243 "-" "Mozilla/5.0 (compatible; BLEXBot/1.0; +http://webmeup-crawler.com/)"
157.90.177.217 - - [02/Dec/2021:11:25:26 +0100] "GET /tweety-figurine-p-42740.html HTTP/1.0" 200 73231 "-" "Mozilla/5.0 (compatible; BLEXBot/1.0; +http://webmeup-crawler.com/)"
157.90.177.217 - - [02/Dec/2021:11:25:30 +0100] "GET /tweety-figurine-p-45028.html HTTP/1.0" 200 73221 "-" "Mozilla/5.0 (compatible; BLEXBot/1.0; +http://webmeup-crawler.com/)"
185.191.171.44 - - [02/Dec/2021:11:25:32 +0100] "GET /stone-black-moonstone-70-80-grams-p-46626.html HTTP/1.0" 301 70793 "-" "Mozilla/5.0 (compatible; SemrushBot/7~bl; +http://www.semrush.com/bot.html)"
185.191.171.36 - - [02/Dec/2021:11:25:35 +0100] "GET /stone-black-moonstone-grams-p-46626.html HTTP/1.0" 200 70699 "-" "Mozilla/5.0 (compatible; SemrushBot/7~bl; +http://www.semrush.com/bot.html)"
157.90.177.217 - - [02/Dec/2021:11:25:36 +0100] "GET /tweety-figurine-p-45042.html HTTP/1.0" 200 73221 "-" "Mozilla/5.0 (compatible; BLEXBot/1.0; +http://webmeup-crawler.com/)"
157.90.177.217 - - [02/Dec/2021:11:25:49 +0100] "GET /tweety-figurine-p-45046.html HTTP/1.0" 200 73221 "-" "Mozilla/5.0 (compatible; BLEXBot/1.0; +http://webmeup-crawler.com/)"
185.191.171.5 - - [02/Dec/2021:11:25:51 +0100] "GET /decoration-wooden-elephant-head-54-cm-p-46681.html HTTP/1.0" 301 74158 "-" "Mozilla/5.0 (compatible; SemrushBot/7~bl; +http://www.semrush.com/bot.html)"
185.191.171.7 - - [02/Dec/2021:11:25:54 +0100] "GET /decoration-wooden-elephant-head-p-46681.html HTTP/1.0" 200 74060 "-" "Mozilla/5.0 (compatible; SemrushBot/7~bl; +http://www.semrush.com/bot.html)"
157.90.177.217 - - [02/Dec/2021:11:25:54 +0100] "GET /tweety-figurine-p-45047.html HTTP/1.0" 200 73221 "-" "Mozilla/5.0 (compatible; BLEXBot/1.0; +http://webmeup-crawler.com/)"
157.90.177.217 - - [02/Dec/2021:11:26:03 +0100] "GET /tweety-figurine-p-45048.html HTTP/1.0" 200 73221 "-" "Mozilla/5.0 (compatible; BLEXBot/1.0; +http://webmeup-crawler.com/)"
157.90.177.217 - - [02/Dec/2021:11:26:11 +0100] "GET /tweety-figurine-p-45051.html HTTP/1.0" 200 73221 "-" "Mozilla/5.0 (compatible; BLEXBot/1.0; +http://webmeup-crawler.com/)"
157.90.177.217 - - [02/Dec/2021:11:26:16 +0100] "GET /tweety-figurine-p-45055.html HTTP/1.0" 200 73221 "-" "Mozilla/5.0 (compatible; BLEXBot/1.0; +http://webmeup-crawler.com/)"
114.119.128.37 - - [02/Dec/2021:11:26:18 +0100] "GET /round-doormat-flower-of-life-diameter-60-cm-p-50702.html HTTP/1.0" 301 74378 "-" "Mozilla/5.0 (Linux; Android 7.0;) AppleWebKit/537.36 (KHTML, like Gecko) Mobile Safari/537.36 (compatible; PetalBot;+https://webmaster.petalsearch.com/site/petalbot)"
185.191.171.44 - - [02/Dec/2021:11:26:17 +0100] "GET /canard-the-duck-night-light-pink-p-39609.html HTTP/1.0" 301 70822 "-" "Mozilla/5.0 (compatible; SemrushBot/7~bl; +http://www.semrush.com/bot.html)"
17.121.113.59 - - [02/Dec/2021:11:26:20 +0100] "GET /images/big_prod/3574642575822.jpg HTTP/1.0" 200 268 "-" "Mozilla/5.0 (Macintosh; Intel Mac OS X 10_15_5) AppleWebKit/605.1.15 (KHTML, like Gecko) Version/13.1.1 Safari/605.1.15 (Applebot/0.1; +http://www.apple.com/go/applebot)"
185.191.171.8 - - [02/Dec/2021:11:26:21 +0100] "GET /canard-duck-night-light-pink-p-39609.html HTTP/1.0" 200 70727 "-" "Mozilla/5.0 (compatible; SemrushBot/7~bl; +http://www.semrush.com/bot.html)"
114.119.128.37 - - [02/Dec/2021:11:26:21 +0100] "GET /round-doormat-flower-life-diameter-p-50702.html HTTP/1.0" 200 74277 "-" "Mozilla/5.0 (Linux; Android 7.0;) AppleWebKit/537.36 (KHTML, like Gecko) Mobile Safari/537.36 (compatible; PetalBot;+https://webmaster.petalsearch.com/site/petalbot)"
185.191.171.8 - - [02/Dec/2021:11:26:27 +0100] "GET /crayola-customizable-fantasy-lamp-creations-set-p-50967.html HTTP/1.0" 301 70893 "-" "Mozilla/5.0 (compatible; SemrushBot/7~bl; +http://www.semrush.com/bot.html)"
157.90.177.217 - - [02/Dec/2021:11:26:29 +0100] "GET /tweety-figurine-p-45058.html HTTP/1.0" 200 73221 "-" "Mozilla/5.0 (compatible; BLEXBot/1.0; +http://webmeup-crawler.com/)"
20.99.177.5 - - [02/Dec/2021:11:26:31 +0100] "GET /images/big_prod/3700344872086.jpg HTTP/1.0" 200 268 "-" "Mozilla/5.0 (Macintosh; U; PPC Mac OS X 10.5; en-US; rv:1.9.2.15) Gecko/20110303 Firefox/3.6.15"
185.191.171.44 - - [02/Dec/2021:11:26:31 +0100] "GET /crayola-customizable-fantasy-lamp-creations-p-50967.html HTTP/1.0" 200 70783 "-" "Mozilla/5.0 (compatible; SemrushBot/7~bl; +http://www.semrush.com/bot.html)"
157.90.177.217 - - [02/Dec/2021:11:26:34 +0100] "GET /tweety-figurine-p-45061.html HTTP/1.0" 200 73221 "-" "Mozilla/5.0 (compatible; BLEXBot/1.0; +http://webmeup-crawler.com/)"
54.36.149.51 - - [02/Dec/2021:11:26:40 +0100] "GET /napolon-rectangulary-cushion-cbkreation-p-28584.html HTTP/1.0" 200 73783 "-" "Mozilla/5.0 (compatible; AhrefsBot/7.0; +http://ahrefs.com/robot/)"
157.90.177.217 - - [02/Dec/2021:11:26:44 +0100] "GET /tweety-figurine-p-45064.html HTTP/1.0" 200 73221 "-" "Mozilla/5.0 (compatible; BLEXBot/1.0; +http://webmeup-crawler.com/)"
157.90.177.217 - - [02/Dec/2021:11:26:49 +0100] "GET /tweety-figurine-p-45066.html HTTP/1.0" 200 73221 "-" "Mozilla/5.0 (compatible; BLEXBot/1.0; +http://webmeup-crawler.com/)"
157.90.177.217 - - [02/Dec/2021:11:26:59 +0100] "GET /tweety-figurine-p-45068.html HTTP/1.0" 200 73221 "-" "Mozilla/5.0 (compatible; BLEXBot/1.0; +http://webmeup-crawler.com/)"
157.90.177.217 - - [02/Dec/2021:11:27:05 +0100] "GET /tweety-fireman-figurine-p-31926.html HTTP/1.0" 200 73259 "-" "Mozilla/5.0 (compatible; BLEXBot/1.0; +http://webmeup-crawler.com/)"
157.90.177.217 - - [02/Dec/2021:11:27:10 +0100] "GET /tweety-gift-figurine-p-42733.html HTTP/1.0" 200 73244 "-" "Mozilla/5.0 (compatible; BLEXBot/1.0; +http://webmeup-crawler.com/)"
49.7.20.122 - - [02/Dec/2021:11:27:11 +0100] "GET / HTTP/1.0" 200 151317 "-" "Sogou web spider/4.0(+http://www.sogou.com/docs/help/webmasters.htm#07)"
157.90.177.217 - - [02/Dec/2021:11:27:16 +0100] "GET /tweety-golfer-figurine-p-35356.html HTTP/1.0" 200 73251 "-" "Mozilla/5.0 (compatible; BLEXBot/1.0; +http://webmeup-crawler.com/)"
185.191.171.35 - - [02/Dec/2021:11:27:23 +0100] "GET /boho-canvas-frame-dream-p-47305.html HTTP/1.0" 200 73371 "-" "Mozilla/5.0 (compatible; SemrushBot/7~bl; +http://www.semrush.com/bot.html)"
157.90.177.217 - - [02/Dec/2021:11:27:24 +0100] "GET /tweety-guitar-figurine-p-42739.html HTTP/1.0" 200 73254 "-" "Mozilla/5.0 (compatible; BLEXBot/1.0; +http://webmeup-crawler.com/)"
157.90.177.217 - - [02/Dec/2021:11:27:29 +0100] "GET /tweety-halloween-figurine-p-35359.html HTTP/1.0" 200 73275 "-" "Mozilla/5.0 (compatible; BLEXBot/1.0; +http://webmeup-crawler.com/)"
66.249.68.38 - - [02/Dec/2021:11:27:33 +0100] "GET /images/DSCN0912b.jpg HTTP/1.0" 200 255 "-" "Googlebot-Image/1.0"
157.90.177.217 - - [02/Dec/2021:11:27:35 +0100] "GET /tweety-hammer-figurine-p-42736.html HTTP/1.0" 200 73254 "-" "Mozilla/5.0 (compatible; BLEXBot/1.0; +http://webmeup-crawler.com/)"
157.90.177.217 - - [02/Dec/2021:11:27:39 +0100] "GET /tweety-karate-resin-figurine-p-42865.html HTTP/1.0" 200 73299 "-" "Mozilla/5.0 (compatible; BLEXBot/1.0; +http://webmeup-crawler.com/)"
157.90.177.217 - - [02/Dec/2021:11:27:45 +0100] "GET /tweety-magnetic-clock-p-17277.html HTTP/1.0" 200 73319 "-" "Mozilla/5.0 (compatible; BLEXBot/1.0; +http://webmeup-crawler.com/)"
66.249.68.40 - - [02/Dec/2021:11:27:47 +0100] "GET /pizza-authentic-italian-oven-mitt-p-37764.html HTTP/1.0" 200 73388 "-" "Mozilla/5.0 (Linux; Android 6.0.1; Nexus 5X Build/MMB29P) AppleWebKit/537.36 (KHTML, like Gecko) Chrome/96.0.4664.45 Mobile Safari/537.36 (compatible; Googlebot/2.1; +http://www.google.com/bot.html)"
157.90.177.217 - - [02/Dec/2021:11:27:51 +0100] "GET /tweety-pirate-figurine-p-35360.html HTTP/1.0" 200 73251 "-" "Mozilla/5.0 (compatible; BLEXBot/1.0; +http://webmeup-crawler.com/)"
157.90.177.217 - - [02/Dec/2021:11:27:55 +0100] "GET /tweety-referee-figurine-p-31925.html HTTP/1.0" 200 73259 "-" "Mozilla/5.0 (compatible; BLEXBot/1.0; +http://webmeup-crawler.com/)"
185.191.171.24 - - [02/Dec/2021:11:27:55 +0100] "GET /fitted-sheet-cotton-percale-threads-p-44300.html?action=add_product HTTP/1.0" 302 476 "-" "Mozilla/5.0 (compatible; SemrushBot/7~bl; +http://www.semrush.com/bot.html)"
157.90.177.217 - - [02/Dec/2021:11:28:04 +0100] "GET /tweety-skateboard-figurine-p-42729.html HTTP/1.0" 200 73272 "-" "Mozilla/5.0 (compatible; BLEXBot/1.0; +http://webmeup-crawler.com/)"
157.90.177.217 - - [02/Dec/2021:11:28:12 +0100] "GET /tweety-tennis-figurine-p-35358.html HTTP/1.0" 200 73251 "-" "Mozilla/5.0 (compatible; BLEXBot/1.0; +http://webmeup-crawler.com/)"
157.90.177.217 - - [02/Dec/2021:11:28:17 +0100] "GET /twine-color-fitted-sheet-p-51986.html HTTP/1.0" 200 73283 "-" "Mozilla/5.0 (compatible; BLEXBot/1.0; +http://webmeup-crawler.com/)"
185.191.171.16 - - [02/Dec/2021:11:28:24 +0100] "GET /happy-colors-love-bowling-p-19017.html?action=add_product HTTP/1.0" 302 476 "-" "Mozilla/5.0 (compatible; SemrushBot/7~bl; +http://www.semrush.com/bot.html)"
157.90.177.217 - - [02/Dec/2021:11:28:24 +0100] "GET /typewriter-wooden-frame-p-31875.html HTTP/1.0" 200 74568 "-" "Mozilla/5.0 (compatible; BLEXBot/1.0; +http://webmeup-crawler.com/)"
157.90.177.217 - - [02/Dec/2021:11:28:27 +0100] "GET /ultrasonic-aroma-diffuser-breeze-natural-p-54111.html HTTP/1.0" 200 75299 "-" "Mozilla/5.0 (compatible; BLEXBot/1.0; +http://webmeup-crawler.com/)"
157.90.177.217 - - [02/Dec/2021:11:28:32 +0100] "GET /ultrasonic-aroma-diffuser-feathers-p-54369.html HTTP/1.0" 200 70747 "-" "Mozilla/5.0 (compatible; BLEXBot/1.0; +http://webmeup-crawler.com/)"
157.90.177.217 - - [02/Dec/2021:11:28:37 +0100] "GET /ultrasonic-aroma-diffuser-forest-brown-p-56153.html HTTP/1.0" 200 75275 "-" "Mozilla/5.0 (compatible; BLEXBot/1.0; +http://webmeup-crawler.com/)"
17.121.115.221 - - [02/Dec/2021:11:28:39 +0100] "GET /images/big_prod/3520071682822.jpg HTTP/1.0" 200 268 "-" "Mozilla/5.0 (Macintosh; Intel Mac OS X 10_15_5) AppleWebKit/605.1.15 (KHTML, like Gecko) Version/13.1.1 Safari/605.1.15 (Applebot/0.1; +http://www.apple.com/go/applebot)"
54.36.149.9 - - [02/Dec/2021:11:28:47 +0100] "GET /garden-party-small-ashtray-p-37386.html HTTP/1.0" 200 73273 "-" "Mozilla/5.0 (compatible; AhrefsBot/7.0; +http://ahrefs.com/robot/)"
185.191.171.25 - - [02/Dec/2021:11:28:48 +0100] "GET /peas-russian-doll-rectangulary-cushion-cbkreation-p-18572.html?action=add_product HTTP/1.0" 302 476 "-" "Mozilla/5.0 (compatible; SemrushBot/7~bl; +http://www.semrush.com/bot.html)"
157.90.177.217 - - [02/Dec/2021:11:28:48 +0100] "GET /ultrasonic-aroma-diffuser-forest-natural-p-54112.html HTTP/1.0" 200 75299 "-" "Mozilla/5.0 (compatible; BLEXBot/1.0; +http://webmeup-crawler.com/)"
157.90.177.217 - - [02/Dec/2021:11:28:53 +0100] "GET /ultrasonic-cold-diffuser-essential-oils-buddha-p-47515.html HTTP/1.0" 200 74420 "-" "Mozilla/5.0 (compatible; BLEXBot/1.0; +http://webmeup-crawler.com/)"
157.90.177.217 - - [02/Dec/2021:11:28:57 +0100] "GET /umbrella-holders-follow-your-dreams-p-46915.html HTTP/1.0" 200 73437 "-" "Mozilla/5.0 (compatible; BLEXBot/1.0; +http://webmeup-crawler.com/)"
157.90.177.217 - - [02/Dec/2021:11:29:02 +0100] "GET /umbrella-holders-home-wherever-your-p-46916.html HTTP/1.0" 200 73486 "-" "Mozilla/5.0 (compatible; BLEXBot/1.0; +http://webmeup-crawler.com/)"
185.191.171.26 - - [02/Dec/2021:11:29:03 +0100] "GET /small-candle-ruby-pomegranate-p-51061.html?action=add_product HTTP/1.0" 302 476 "-" "Mozilla/5.0 (compatible; SemrushBot/7~bl; +http://www.semrush.com/bot.html)"
159.138.102.98 - - [02/Dec/2021:11:29:05 +0100] "GET /california-brown-backpack-p-37100.html HTTP/1.0" 200 73581 "-" "Mozilla/5.0 (Linux; Android 7.0;) AppleWebKit/537.36 (KHTML, like Gecko) Mobile Safari/537.36 (compatible; PetalBot;+https://webmaster.petalsearch.com/site/petalbot)"
157.90.177.217 - - [02/Dec/2021:11:29:08 +0100] "GET /umbrella-shaped-violin-p-36092.html HTTP/1.0" 200 73241 "-" "Mozilla/5.0 (compatible; BLEXBot/1.0; +http://webmeup-crawler.com/)"
149.248.7.213 - - [02/Dec/2021:11:29:10 +0100] "GET /images/mini_prod/3665269057621.jpg HTTP/1.0" 200 269 "-" "Mozilla/5.0 (X11; Ubuntu; Linux x86_64; rv:72.0) Gecko/20100101 Firefox/72.0"
157.90.177.217 - - [02/Dec/2021:11:29:14 +0100] "GET /unicorn-charm-ball-p-54943.html HTTP/1.0" 200 74063 "-" "Mozilla/5.0 (compatible; BLEXBot/1.0; +http://webmeup-crawler.com/)"
157.90.177.217 - - [02/Dec/2021:11:29:19 +0100] "GET /robots.txt HTTP/1.0" 301 531 "-" "Mozilla/5.0 (compatible; BLEXBot/1.0; +http://webmeup-crawler.com/)"
157.90.177.217 - - [02/Dec/2021:11:29:19 +0100] "GET /robots.txt HTTP/1.0" 200 245 "-" "Mozilla/5.0 (compatible; BLEXBot/1.0; +http://webmeup-crawler.com/)"
157.90.177.217 - - [02/Dec/2021:11:29:19 +0100] "GET /unicorn-night-light-p-55389.html HTTP/1.0" 200 75030 "-" "Mozilla/5.0 (compatible; BLEXBot/1.0; +http://webmeup-crawler.com/)"
157.90.177.217 - - [02/Dec/2021:11:29:24 +0100] "GET /unicorn-nightlight-blue-p-55362.html HTTP/1.0" 200 74704 "-" "Mozilla/5.0 (compatible; BLEXBot/1.0; +http://webmeup-crawler.com/)"
157.90.177.217 - - [02/Dec/2021:11:29:29 +0100] "GET /unicorn-nightlight-p-48723.html HTTP/1.0" 200 74432 "-" "Mozilla/5.0 (compatible; BLEXBot/1.0; +http://webmeup-crawler.com/)"
185.191.171.24 - - [02/Dec/2021:11:29:31 +0100] "GET /little-prince-clock-p-54945.html HTTP/1.0" 200 70687 "-" "Mozilla/5.0 (compatible; SemrushBot/7~bl; +http://www.semrush.com/bot.html)"
157.90.177.217 - - [02/Dec/2021:11:29:36 +0100] "GET /unicorn-nightlight-p-53119.html HTTP/1.0" 200 74421 "-" "Mozilla/5.0 (compatible; BLEXBot/1.0; +http://webmeup-crawler.com/)"
157.90.177.217 - - [02/Dec/2021:11:29:43 +0100] "GET /unicorn-nightlight-p-55359.html HTTP/1.0" 200 74425 "-" "Mozilla/5.0 (compatible; BLEXBot/1.0; +http://webmeup-crawler.com/)"
49.7.20.113 - - [02/Dec/2021:11:29:43 +0100] "GET / HTTP/1.0" 200 151653 "-" "Sogou web spider/4.0(+http://www.sogou.com/docs/help/webmasters.htm#07)"
157.90.177.217 - - [02/Dec/2021:11:29:49 +0100] "GET /unicorn-nightlight-pink-p-55361.html HTTP/1.0" 200 74910 "-" "Mozilla/5.0 (compatible; BLEXBot/1.0; +http://webmeup-crawler.com/)"
157.90.177.217 - - [02/Dec/2021:11:29:54 +0100] "GET /unicorn-plush-gold-white-p-49624.html HTTP/1.0" 200 73349 "-" "Mozilla/5.0 (compatible; BLEXBot/1.0; +http://webmeup-crawler.com/)"
157.90.177.217 - - [02/Dec/2021:11:29:59 +0100] "GET /unicorn-plush-pink-white-p-47647.html HTTP/1.0" 200 73384 "-" "Mozilla/5.0 (compatible; BLEXBot/1.0; +http://webmeup-crawler.com/)"
157.90.177.217 - - [02/Dec/2021:11:30:04 +0100] "GET /unicorn-plush-purple-white-p-47652.html HTTP/1.0" 200 73402 "-" "Mozilla/5.0 (compatible; BLEXBot/1.0; +http://webmeup-crawler.com/)"
157.90.177.217 - - [02/Dec/2021:11:30:12 +0100] "GET /unicorn-plush-silver-white-p-49625.html HTTP/1.0" 200 73365 "-" "Mozilla/5.0 (compatible; BLEXBot/1.0; +http://webmeup-crawler.com/)"
157.90.177.217 - - [02/Dec/2021:11:30:17 +0100] "GET /unicorn-plush-silver-white-p-49627.html HTTP/1.0" 200 73364 "-" "Mozilla/5.0 (compatible; BLEXBot/1.0; +http://webmeup-crawler.com/)"
157.90.177.217 - - [02/Dec/2021:11:30:23 +0100] "GET /unicorn-shaped-night-light-p-52919.html HTTP/1.0" 200 73929 "-" "Mozilla/5.0 (compatible; BLEXBot/1.0; +http://webmeup-crawler.com/)"
114.119.128.39 - - [02/Dec/2021:11:30:28 +0100] "GET /doc-mcstruffins-mug-p-29507.html HTTP/1.0" 301 70741 "-" "Mozilla/5.0 (Linux; Android 7.0;) AppleWebKit/537.36 (KHTML, like Gecko) Mobile Safari/537.36 (compatible; PetalBot;+https://webmaster.petalsearch.com/site/petalbot)"
157.90.177.217 - - [02/Dec/2021:11:30:29 +0100] "GET /unicorn-shaped-night-light-p-53363.html HTTP/1.0" 200 73941 "-" "Mozilla/5.0 (compatible; BLEXBot/1.0; +http://webmeup-crawler.com/)"
157.90.177.217 - - [02/Dec/2021:11:30:35 +0100] "GET /unicorn-white-clock-p-50125.html HTTP/1.0" 200 73255 "-" "Mozilla/5.0 (compatible; BLEXBot/1.0; +http://webmeup-crawler.com/)"
114.119.128.39 - - [02/Dec/2021:11:30:44 +0100] "GET /mcstruffins-p-29507.html HTTP/1.0" 200 70663 "-" "Mozilla/5.0 (Linux; Android 7.0;) AppleWebKit/537.36 (KHTML, like Gecko) Mobile Safari/537.36 (compatible; PetalBot;+https://webmaster.petalsearch.com/site/petalbot)"
157.90.177.217 - - [02/Dec/2021:11:30:44 +0100] "GET /unicorn-white-clock-p-53503.html HTTP/1.0" 200 73255 "-" "Mozilla/5.0 (compatible; BLEXBot/1.0; +http://webmeup-crawler.com/)"
17.121.113.61 - - [02/Dec/2021:11:30:48 +0100] "GET /images/big_prod/3609810084063.jpg HTTP/1.0" 200 268 "-" "Mozilla/5.0 (Macintosh; Intel Mac OS X 10_15_5) AppleWebKit/605.1.15 (KHTML, like Gecko) Version/13.1.1 Safari/605.1.15 (Applebot/0.1; +http://www.apple.com/go/applebot)"
157.90.177.217 - - [02/Dec/2021:11:30:50 +0100] "GET /unicorne-moneybox-p-52992.html HTTP/1.0" 200 73193 "-" "Mozilla/5.0 (compatible; BLEXBot/1.0; +http://webmeup-crawler.com/)"
157.90.177.217 - - [02/Dec/2021:11:30:53 +0100] "GET /union-jack-carlin-women-shirt-p-30905.html HTTP/1.0" 200 75301 "-" "Mozilla/5.0 (compatible; BLEXBot/1.0; +http://webmeup-crawler.com/)"
157.90.177.217 - - [02/Dec/2021:11:30:57 +0100] "GET /union-jack-cosmetics-p-30028.html HTTP/1.0" 200 73329 "-" "Mozilla/5.0 (compatible; BLEXBot/1.0; +http://webmeup-crawler.com/)"
157.90.177.217 - - [02/Dec/2021:11:31:02 +0100] "GET /union-jack-flag-clock-p-33377.html HTTP/1.0" 200 73309 "-" "Mozilla/5.0 (compatible; BLEXBot/1.0; +http://webmeup-crawler.com/)"
54.36.148.79 - - [02/Dec/2021:11:31:04 +0100] "GET /milk-fine-bone-china-p-54933.html HTTP/1.0" 200 73422 "-" "Mozilla/5.0 (compatible; AhrefsBot/7.0; +http://ahrefs.com/robot/)"
185.191.171.45 - - [02/Dec/2021:11:31:09 +0100] "GET /iphone-case-silicone-audiocassette-p-25374.html?action=add_product HTTP/1.0" 302 476 "-" "Mozilla/5.0 (compatible; SemrushBot/7~bl; +http://www.semrush.com/bot.html)"
157.90.177.217 - - [02/Dec/2021:11:31:08 +0100] "GET /union-jack-flag-italian-vintage-clock-p-33378.html HTTP/1.0" 200 73465 "-" "Mozilla/5.0 (compatible; BLEXBot/1.0; +http://webmeup-crawler.com/)"
157.90.177.217 - - [02/Dec/2021:11:31:11 +0100] "GET /union-jack-flag-p-29110.html HTTP/1.0" 200 73318 "-" "Mozilla/5.0 (compatible; BLEXBot/1.0; +http://webmeup-crawler.com/)"
157.90.177.217 - - [02/Dec/2021:11:31:18 +0100] "GET /union-jack-keep-calm-carry-clock-p-25428.html HTTP/1.0" 200 73383 "-" "Mozilla/5.0 (compatible; BLEXBot/1.0; +http://webmeup-crawler.com/)"
66.249.68.40 - - [02/Dec/2021:11:31:20 +0100] "GET /images/mini_prod/8435337075599.jpg HTTP/1.0" 200 269 "-" "Googlebot-Image/1.0"
157.90.177.217 - - [02/Dec/2021:11:31:27 +0100] "GET /union-jack-mini-magnet-mirror-p-19666.html HTTP/1.0" 200 73343 "-" "Mozilla/5.0 (compatible; BLEXBot/1.0; +http://webmeup-crawler.com/)"
157.90.177.217 - - [02/Dec/2021:11:31:31 +0100] "GET /union-jack-phone-cover-iphone-p-14165.html HTTP/1.0" 200 74214 "-" "Mozilla/5.0 (compatible; BLEXBot/1.0; +http://webmeup-crawler.com/)"
157.90.177.217 - - [02/Dec/2021:11:31:36 +0100] "GET /united-states-marshall-cover-iphone-p-19107.html HTTP/1.0" 200 73666 "-" "Mozilla/5.0 (compatible; BLEXBot/1.0; +http://webmeup-crawler.com/)"
157.90.177.217 - - [02/Dec/2021:11:31:42 +0100] "GET /united-states-marshall-cover-iphone-p-19395.html HTTP/1.0" 200 73644 "-" "Mozilla/5.0 (compatible; BLEXBot/1.0; +http://webmeup-crawler.com/)"
51.68.224.127 - - [02/Dec/2021:11:31:44 +0100] "GET /adminweb/export_orders_xml.php?token=256de2z6edz6ed2z6DFSFsed2zed6zeDSFDSGdzedezfzf&maxorders=10&orderstart=1&status=14&start_date=2018-10-01 HTTP/1.0" 200 285 "-" "GesCom CharlotteBoutik Serveur"
51.68.224.127 - - [02/Dec/2021:11:31:45 +0100] "GET /adminweb/export_orders_xml.php?token=256de2z6edz6ed2z6DFSFsed2zed6zeDSFDSGdzedezfzf&maxorders=10&orderstart=1&status=6&start_date=2018-10-01 HTTP/1.0" 200 32471 "-" "GesCom CharlotteBoutik Serveur"
114.119.128.253 - - [02/Dec/2021:11:31:47 +0100] "GET /mini-metal-tray-banania-p-35253.html HTTP/1.0" 200 70695 "-" "Mozilla/5.0 (Linux; Android 7.0;) AppleWebKit/537.36 (KHTML, like Gecko) Mobile Safari/537.36 (compatible; PetalBot;+https://webmaster.petalsearch.com/site/petalbot)"
157.90.177.217 - - [02/Dec/2021:11:31:49 +0100] "GET /universal-phone-case-olivia-paris-p-16887.html HTTP/1.0" 200 73550 "-" "Mozilla/5.0 (compatible; BLEXBot/1.0; +http://webmeup-crawler.com/)"
185.191.171.33 - - [02/Dec/2021:11:31:49 +0100] "GET /blackout-curtain-antelina-p-56790.html HTTP/1.0" 200 74215 "-" "Mozilla/5.0 (compatible; SemrushBot/7~bl; +http://www.semrush.com/bot.html)"
157.90.177.217 - - [02/Dec/2021:11:31:53 +0100] "GET /urss-black-shirt-p-30594.html HTTP/1.0" 200 75167 "-" "Mozilla/5.0 (compatible; BLEXBot/1.0; +http://webmeup-crawler.com/)"
157.90.177.217 - - [02/Dec/2021:11:32:01 +0100] "GET /urss-cbkreation-p-13978.html HTTP/1.0" 200 73216 "-" "Mozilla/5.0 (compatible; BLEXBot/1.0; +http://webmeup-crawler.com/)"
157.90.177.217 - - [02/Dec/2021:11:32:10 +0100] "GET /urss-clock-cbkreation-p-24369.html HTTP/1.0" 200 73360 "-" "Mozilla/5.0 (compatible; BLEXBot/1.0; +http://webmeup-crawler.com/)"
157.90.177.217 - - [02/Dec/2021:11:32:14 +0100] "GET /urss-mouse-cbkreation-p-13992.html HTTP/1.0" 200 73210 "-" "Mozilla/5.0 (compatible; BLEXBot/1.0; +http://webmeup-crawler.com/)"
157.90.177.217 - - [02/Dec/2021:11:32:23 +0100] "GET /urss-shirt-p-30579.html HTTP/1.0" 200 75121 "-" "Mozilla/5.0 (compatible; BLEXBot/1.0; +http://webmeup-crawler.com/)"
185.191.171.38 - - [02/Dec/2021:11:32:31 +0100] "GET /home-and-decoration-c-13.html?page=187 HTTP/1.0" 301 93286 "-" "Mozilla/5.0 (compatible; SemrushBot/7~bl; +http://www.semrush.com/bot.html)"
157.90.177.217 - - [02/Dec/2021:11:32:32 +0100] "GET /urss-white-shirt-p-30593.html HTTP/1.0" 200 75165 "-" "Mozilla/5.0 (compatible; BLEXBot/1.0; +http://webmeup-crawler.com/)"
185.191.171.18 - - [02/Dec/2021:11:32:35 +0100] "GET /home-decoration-c-13.html?page=187 HTTP/1.0" 200 93198 "-" "Mozilla/5.0 (compatible; SemrushBot/7~bl; +http://www.semrush.com/bot.html)"
157.90.177.217 - - [02/Dec/2021:11:32:39 +0100] "GET /valdrome-colombe-p-43965.html HTTP/1.0" 200 74031 "-" "Mozilla/5.0 (compatible; BLEXBot/1.0; +http://webmeup-crawler.com/)"
157.90.177.217 - - [02/Dec/2021:11:32:44 +0100] "GET /valdrome-colombe-p-43966.html HTTP/1.0" 200 74013 "-" "Mozilla/5.0 (compatible; BLEXBot/1.0; +http://webmeup-crawler.com/)"
157.90.177.217 - - [02/Dec/2021:11:32:48 +0100] "GET /valdrome-emeraude-p-43959.html HTTP/1.0" 200 73435 "-" "Mozilla/5.0 (compatible; BLEXBot/1.0; +http://webmeup-crawler.com/)"
157.90.177.217 - - [02/Dec/2021:11:32:52 +0100] "GET /valdrome-grenadine-p-43960.html HTTP/1.0" 200 73415 "-" "Mozilla/5.0 (compatible; BLEXBot/1.0; +http://webmeup-crawler.com/)"
157.90.177.217 - - [02/Dec/2021:11:33:01 +0100] "GET /valdrome-grenadine-p-43961.html HTTP/1.0" 200 73415 "-" "Mozilla/5.0 (compatible; BLEXBot/1.0; +http://webmeup-crawler.com/)"
157.90.177.217 - - [02/Dec/2021:11:33:06 +0100] "GET /valdrome-grenadine-p-43962.html HTTP/1.0" 200 73413 "-" "Mozilla/5.0 (compatible; BLEXBot/1.0; +http://webmeup-crawler.com/)"
159.138.102.98 - - [02/Dec/2021:11:33:12 +0100] "GET /images/big_prod/3700572752723.jpg HTTP/1.0" 200 268 "-" "Mozilla/5.0 (Linux; Android 7.0;) AppleWebKit/537.36 (KHTML, like Gecko) Mobile Safari/537.36 (compatible; PetalBot;+https://webmaster.petalsearch.com/site/petalbot)"
