157.90.177.217 - - [02/Dec/2021:07:46:27 +0100] "GET /mini-melamine-tray-p-55842.html HTTP/1.0" 200 73307 "-" "Mozilla/5.0 (compatible; BLEXBot/1.0; +http://webmeup-crawler.com/)"
185.191.171.18 - - [02/Dec/2021:07:46:31 +0100] "GET /jasmin-brown-melamine-tray-p-37947.html HTTP/1.0" 200 73377 "-" "Mozilla/5.0 (compatible; SemrushBot/7~bl; +http://www.semrush.com/bot.html)"
5.9.156.121 - - [02/Dec/2021:07:46:32 +0100] "GET /white-resin-girl-lamp-p-55242.html HTTP/1.0" 200 70699 "-" "Mozilla/5.0 (compatible; MJ12bot/v1.4.8; http://mj12bot.com/)"
54.36.148.125 - - [02/Dec/2021:07:46:50 +0100] "GET /petit-beurre-nantais-mini-metal-tray-p-40092.html HTTP/1.0" 200 73454 "-" "Mozilla/5.0 (compatible; AhrefsBot/7.0; +http://ahrefs.com/robot/)"
185.191.171.9 - - [02/Dec/2021:07:46:51 +0100] "GET /meditation-cushion-chakra-vishudda-blue-p-45369.html HTTP/1.0" 200 75141 "-" "Mozilla/5.0 (compatible; SemrushBot/7~bl; +http://www.semrush.com/bot.html)"
157.90.177.217 - - [02/Dec/2021:07:47:02 +0100] "GET /mini-melamine-tray-p-55843.html HTTP/1.0" 200 73307 "-" "Mozilla/5.0 (compatible; BLEXBot/1.0; +http://webmeup-crawler.com/)"
157.90.177.217 - - [02/Dec/2021:07:47:07 +0100] "GET /robots.txt HTTP/1.0" 301 531 "-" "Mozilla/5.0 (compatible; BLEXBot/1.0; +http://webmeup-crawler.com/)"
157.90.177.217 - - [02/Dec/2021:07:47:07 +0100] "GET /robots.txt HTTP/1.0" 200 245 "-" "Mozilla/5.0 (compatible; BLEXBot/1.0; +http://webmeup-crawler.com/)"
157.90.177.217 - - [02/Dec/2021:07:47:07 +0100] "GET /mini-melamine-tray-p-55844.html HTTP/1.0" 200 73307 "-" "Mozilla/5.0 (compatible; BLEXBot/1.0; +http://webmeup-crawler.com/)"
157.90.177.217 - - [02/Dec/2021:07:47:09 +0100] "GET /mini-melamine-tray-p-55845.html HTTP/1.0" 200 73307 "-" "Mozilla/5.0 (compatible; BLEXBot/1.0; +http://webmeup-crawler.com/)"
157.90.177.217 - - [02/Dec/2021:07:47:16 +0100] "GET /mini-melamine-tray-p-55846.html HTTP/1.0" 200 73307 "-" "Mozilla/5.0 (compatible; BLEXBot/1.0; +http://webmeup-crawler.com/)"
185.191.171.33 - - [02/Dec/2021:07:47:19 +0100] "GET /metal-wall-mirror-p-49268.html HTTP/1.0" 200 70683 "-" "Mozilla/5.0 (compatible; SemrushBot/7~bl; +http://www.semrush.com/bot.html)"
157.90.177.217 - - [02/Dec/2021:07:47:20 +0100] "GET /mini-melamine-tray-p-55847.html HTTP/1.0" 200 73307 "-" "Mozilla/5.0 (compatible; BLEXBot/1.0; +http://webmeup-crawler.com/)"
157.90.177.217 - - [02/Dec/2021:07:47:25 +0100] "GET /mini-metal-tray-banania-herv-morvan-p-35251.html HTTP/1.0" 200 73473 "-" "Mozilla/5.0 (compatible; BLEXBot/1.0; +http://webmeup-crawler.com/)"
157.90.177.217 - - [02/Dec/2021:07:47:29 +0100] "GET /mini-metal-tray-bcassine-p-35254.html HTTP/1.0" 200 73373 "-" "Mozilla/5.0 (compatible; BLEXBot/1.0; +http://webmeup-crawler.com/)"
66.249.68.38 - - [02/Dec/2021:07:47:33 +0100] "GET /images/big_prod/1384010204917.jpg HTTP/1.0" 200 268 "-" "Googlebot-Image/1.0"
157.90.177.217 - - [02/Dec/2021:07:47:33 +0100] "GET /mini-metal-tray-cannes-p-40096.html HTTP/1.0" 200 73346 "-" "Mozilla/5.0 (compatible; BLEXBot/1.0; +http://webmeup-crawler.com/)"
157.90.177.217 - - [02/Dec/2021:07:47:38 +0100] "GET /mini-metal-tray-chat-noir-p-41051.html HTTP/1.0" 200 73386 "-" "Mozilla/5.0 (compatible; BLEXBot/1.0; +http://webmeup-crawler.com/)"
157.90.177.217 - - [02/Dec/2021:07:47:43 +0100] "GET /mini-metal-tray-citron-type-p-35255.html HTTP/1.0" 200 74022 "-" "Mozilla/5.0 (compatible; BLEXBot/1.0; +http://webmeup-crawler.com/)"
157.90.177.217 - - [02/Dec/2021:07:47:45 +0100] "GET /mini-metal-tray-dubout-cats-p-35249.html HTTP/1.0" 200 73379 "-" "Mozilla/5.0 (compatible; BLEXBot/1.0; +http://webmeup-crawler.com/)"
157.90.177.217 - - [02/Dec/2021:07:47:48 +0100] "GET /mini-metal-tray-dubout-cats-p-35250.html HTTP/1.0" 200 73378 "-" "Mozilla/5.0 (compatible; BLEXBot/1.0; +http://webmeup-crawler.com/)"
157.90.177.217 - - [02/Dec/2021:07:47:52 +0100] "GET /mini-metal-tray-dubout-cats-p-36474.html HTTP/1.0" 200 73378 "-" "Mozilla/5.0 (compatible; BLEXBot/1.0; +http://webmeup-crawler.com/)"
157.90.177.217 - - [02/Dec/2021:07:47:56 +0100] "GET /mini-metal-tray-dubout-cats-p-40090.html HTTP/1.0" 200 73378 "-" "Mozilla/5.0 (compatible; BLEXBot/1.0; +http://webmeup-crawler.com/)"
157.90.177.217 - - [02/Dec/2021:07:48:00 +0100] "GET /mini-metal-tray-dubout-cats-p-40091.html HTTP/1.0" 200 73379 "-" "Mozilla/5.0 (compatible; BLEXBot/1.0; +http://webmeup-crawler.com/)"
157.90.177.217 - - [02/Dec/2021:07:48:03 +0100] "GET /mini-metal-tray-dubout-cats-p-52475.html HTTP/1.0" 200 73378 "-" "Mozilla/5.0 (compatible; BLEXBot/1.0; +http://webmeup-crawler.com/)"
157.90.177.217 - - [02/Dec/2021:07:48:09 +0100] "GET /mini-metal-tray-dubout-cats-p-52476.html HTTP/1.0" 200 73378 "-" "Mozilla/5.0 (compatible; BLEXBot/1.0; +http://webmeup-crawler.com/)"
157.90.177.217 - - [02/Dec/2021:07:48:12 +0100] "GET /mini-metal-tray-little-prince-p-33323.html HTTP/1.0" 200 73419 "-" "Mozilla/5.0 (compatible; BLEXBot/1.0; +http://webmeup-crawler.com/)"
185.191.171.9 - - [02/Dec/2021:07:48:17 +0100] "GET /kimmidoll-airi-nail-files-p-31933.html HTTP/1.0" 200 73335 "-" "Mozilla/5.0 (compatible; SemrushBot/7~bl; +http://www.semrush.com/bot.html)"
157.90.177.217 - - [02/Dec/2021:07:48:19 +0100] "GET /mini-metal-tray-marseille-p-40097.html HTTP/1.0" 200 73368 "-" "Mozilla/5.0 (compatible; BLEXBot/1.0; +http://webmeup-crawler.com/)"
157.90.177.217 - - [02/Dec/2021:07:48:26 +0100] "GET /mini-metal-tray-mont-carlo-p-40098.html HTTP/1.0" 200 73389 "-" "Mozilla/5.0 (compatible; BLEXBot/1.0; +http://webmeup-crawler.com/)"
157.90.177.217 - - [02/Dec/2021:07:48:30 +0100] "GET /mini-metal-tray-paris-p-41052.html HTTP/1.0" 200 73336 "-" "Mozilla/5.0 (compatible; BLEXBot/1.0; +http://webmeup-crawler.com/)"
157.90.177.217 - - [02/Dec/2021:07:48:34 +0100] "GET /mini-metal-tray-renault-gordini-p-35256.html HTTP/1.0" 200 73428 "-" "Mozilla/5.0 (compatible; BLEXBot/1.0; +http://webmeup-crawler.com/)"
157.90.177.217 - - [02/Dec/2021:07:48:40 +0100] "GET /mini-metal-tray-volkswagen-p-40095.html HTTP/1.0" 200 73362 "-" "Mozilla/5.0 (compatible; BLEXBot/1.0; +http://webmeup-crawler.com/)"
157.90.177.217 - - [02/Dec/2021:07:48:43 +0100] "GET /mini-mood-salt-lamp-pyramid-various-changing-colours-p-47211.html HTTP/1.0" 200 74235 "-" "Mozilla/5.0 (compatible; BLEXBot/1.0; +http://webmeup-crawler.com/)"
157.90.177.217 - - [02/Dec/2021:07:48:48 +0100] "GET /mini-mood-selenite-lamp-white-surface-light-p-40687.html HTTP/1.0" 200 75894 "-" "Mozilla/5.0 (compatible; BLEXBot/1.0; +http://webmeup-crawler.com/)"
157.90.177.217 - - [02/Dec/2021:07:48:54 +0100] "GET /mini-rectangular-tray-p-54913.html HTTP/1.0" 200 73327 "-" "Mozilla/5.0 (compatible; BLEXBot/1.0; +http://webmeup-crawler.com/)"
157.90.177.217 - - [02/Dec/2021:07:49:00 +0100] "GET /mini-rectangular-tray-winter-apples-p-56863.html HTTP/1.0" 200 73421 "-" "Mozilla/5.0 (compatible; BLEXBot/1.0; +http://webmeup-crawler.com/)"
54.36.148.255 - - [02/Dec/2021:07:49:00 +0100] "GET /york-liberty-pencil-p-23972.html HTTP/1.0" 200 73303 "-" "Mozilla/5.0 (compatible; AhrefsBot/7.0; +http://ahrefs.com/robot/)"
157.90.177.217 - - [02/Dec/2021:07:49:04 +0100] "GET /mini-suitcase-p-52718.html HTTP/1.0" 200 74120 "-" "Mozilla/5.0 (compatible; BLEXBot/1.0; +http://webmeup-crawler.com/)"
66.249.68.38 - - [02/Dec/2021:07:49:05 +0100] "GET /girls-c-1.html?page=2 HTTP/1.0" 200 92754 "-" "Mozilla/5.0 (compatible; Googlebot/2.1; +http://www.google.com/bot.html)"
157.90.177.217 - - [02/Dec/2021:07:49:08 +0100] "GET /mini-trays-c-12_159_260.html?page=1 HTTP/1.0" 200 92722 "-" "Mozilla/5.0 (compatible; BLEXBot/1.0; +http://webmeup-crawler.com/)"
157.90.177.217 - - [02/Dec/2021:07:49:12 +0100] "GET /mini-wooden-trays-white-p-41907.html HTTP/1.0" 200 73444 "-" "Mozilla/5.0 (compatible; BLEXBot/1.0; +http://webmeup-crawler.com/)"
157.90.177.217 - - [02/Dec/2021:07:49:17 +0100] "GET /minion-invasion-ceramic-despicable-p-37022.html HTTP/1.0" 200 73498 "-" "Mozilla/5.0 (compatible; BLEXBot/1.0; +http://webmeup-crawler.com/)"
157.90.177.217 - - [02/Dec/2021:07:49:20 +0100] "GET /minions-blue-clock-p-33704.html HTTP/1.0" 200 73236 "-" "Mozilla/5.0 (compatible; BLEXBot/1.0; +http://webmeup-crawler.com/)"
157.90.177.217 - - [02/Dec/2021:07:49:24 +0100] "GET /minions-yellow-alarm-clock-p-33963.html HTTP/1.0" 200 73300 "-" "Mozilla/5.0 (compatible; BLEXBot/1.0; +http://webmeup-crawler.com/)"
185.191.171.15 - - [02/Dec/2021:07:49:24 +0100] "GET /with-wooden-drawers-taipei-p-53913.html?action=add_product HTTP/1.0" 302 476 "-" "Mozilla/5.0 (compatible; SemrushBot/7~bl; +http://www.semrush.com/bot.html)"
157.90.177.217 - - [02/Dec/2021:07:49:31 +0100] "GET /minions-yellow-bananas-clock-p-31918.html HTTP/1.0" 200 73316 "-" "Mozilla/5.0 (compatible; BLEXBot/1.0; +http://webmeup-crawler.com/)"
157.90.177.217 - - [02/Dec/2021:07:49:37 +0100] "GET /minnie-mouse-alarm-clock-p-10266.html HTTP/1.0" 200 73268 "-" "Mozilla/5.0 (compatible; BLEXBot/1.0; +http://webmeup-crawler.com/)"
157.90.177.217 - - [02/Dec/2021:07:49:40 +0100] "GET /minnie-mouse-cosmtic-p-26064.html HTTP/1.0" 200 73305 "-" "Mozilla/5.0 (compatible; BLEXBot/1.0; +http://webmeup-crawler.com/)"
157.90.177.217 - - [02/Dec/2021:07:49:45 +0100] "GET /minnie-mouse-placemat-p-31700.html HTTP/1.0" 200 73333 "-" "Mozilla/5.0 (compatible; BLEXBot/1.0; +http://webmeup-crawler.com/)"
185.191.171.19 - - [02/Dec/2021:07:49:46 +0100] "GET /flamingo-metal-tray-blue-p-40180.html HTTP/1.0" 200 73358 "-" "Mozilla/5.0 (compatible; SemrushBot/7~bl; +http://www.semrush.com/bot.html)"
157.90.177.217 - - [02/Dec/2021:07:49:49 +0100] "GET /minnie-mouse-smile-backpack-p-34782.html HTTP/1.0" 200 73416 "-" "Mozilla/5.0 (compatible; BLEXBot/1.0; +http://webmeup-crawler.com/)"
157.90.177.217 - - [02/Dec/2021:07:49:53 +0100] "GET /minotor-white-women-shirt-p-33782.html HTTP/1.0" 200 75588 "-" "Mozilla/5.0 (compatible; BLEXBot/1.0; +http://webmeup-crawler.com/)"
157.90.177.217 - - [02/Dec/2021:07:50:00 +0100] "GET /miracle-tattoos-augmented-reality-p-30661.html HTTP/1.0" 200 74098 "-" "Mozilla/5.0 (compatible; BLEXBot/1.0; +http://webmeup-crawler.com/)"
157.90.177.217 - - [02/Dec/2021:07:50:03 +0100] "GET /miracle-tattoos-augmented-reality-p-30664.html HTTP/1.0" 200 74211 "-" "Mozilla/5.0 (compatible; BLEXBot/1.0; +http://webmeup-crawler.com/)"
157.90.177.217 - - [02/Dec/2021:07:50:10 +0100] "GET /miraculous-virgin-aromatika-incense-sticks-p-53448.html HTTP/1.0" 200 73427 "-" "Mozilla/5.0 (compatible; BLEXBot/1.0; +http://webmeup-crawler.com/)"
157.90.177.217 - - [02/Dec/2021:07:50:16 +0100] "GET /mire-alarm-clock-cbkreation-p-25011.html HTTP/1.0" 200 73344 "-" "Mozilla/5.0 (compatible; BLEXBot/1.0; +http://webmeup-crawler.com/)"
157.90.177.217 - - [02/Dec/2021:07:50:19 +0100] "GET /mire-clock-cbkreation-p-24685.html HTTP/1.0" 200 73360 "-" "Mozilla/5.0 (compatible; BLEXBot/1.0; +http://webmeup-crawler.com/)"
157.90.177.217 - - [02/Dec/2021:07:50:24 +0100] "GET /mirror-blue-combi-aged-dented-metal-p-42125.html HTTP/1.0" 200 73473 "-" "Mozilla/5.0 (compatible; BLEXBot/1.0; +http://webmeup-crawler.com/)"
157.90.177.217 - - [02/Dec/2021:07:50:28 +0100] "GET /mirror-blue-combi-peace-love-p-42126.html HTTP/1.0" 200 73292 "-" "Mozilla/5.0 (compatible; BLEXBot/1.0; +http://webmeup-crawler.com/)"
66.249.68.40 - - [02/Dec/2021:07:50:31 +0100] "GET /js/jquery.min.js HTTP/1.0" 404 1308 "http://www.wonder-geek.com/girls-c-1.html?page=2" "Mozilla/5.0 AppleWebKit/537.36 (KHTML, like Gecko; compatible; Googlebot/2.1; +http://www.google.com/bot.html) Chrome/95.0.4638.69 Safari/537.36"
157.90.177.217 - - [02/Dec/2021:07:50:36 +0100] "GET /mirror-c-13_133.html?page=1 HTTP/1.0" 200 92068 "-" "Mozilla/5.0 (compatible; BLEXBot/1.0; +http://webmeup-crawler.com/)"
157.90.177.217 - - [02/Dec/2021:07:50:41 +0100] "GET /mirror-structure-golden-curved-discs-p-49681.html HTTP/1.0" 200 73483 "-" "Mozilla/5.0 (compatible; BLEXBot/1.0; +http://webmeup-crawler.com/)"
157.90.177.217 - - [02/Dec/2021:07:50:44 +0100] "GET /mirror-wall-decor-metal-p-47503.html HTTP/1.0" 200 73262 "-" "Mozilla/5.0 (compatible; BLEXBot/1.0; +http://webmeup-crawler.com/)"
157.90.177.217 - - [02/Dec/2021:07:50:50 +0100] "GET /mirror-wall-decor-metal-p-50712.html HTTP/1.0" 200 73262 "-" "Mozilla/5.0 (compatible; BLEXBot/1.0; +http://webmeup-crawler.com/)"
157.90.177.217 - - [02/Dec/2021:07:50:56 +0100] "GET /mirror-wall-decor-p-48719.html HTTP/1.0" 200 73844 "-" "Mozilla/5.0 (compatible; BLEXBot/1.0; +http://webmeup-crawler.com/)"
157.90.177.217 - - [02/Dec/2021:07:51:02 +0100] "GET /mirror-with-shelf-hooks-p-48820.html HTTP/1.0" 200 74104 "-" "Mozilla/5.0 (compatible; BLEXBot/1.0; +http://webmeup-crawler.com/)"
54.36.148.41 - - [02/Dec/2021:07:51:04 +0100] "GET /velvet-purse-black-white-p-49964.html HTTP/1.0" 200 73911 "-" "Mozilla/5.0 (compatible; AhrefsBot/7.0; +http://ahrefs.com/robot/)"
157.90.177.217 - - [02/Dec/2021:07:51:05 +0100] "GET /mirrors-with-floral-inspiration-p-52925.html HTTP/1.0" 200 73501 "-" "Mozilla/5.0 (compatible; BLEXBot/1.0; +http://webmeup-crawler.com/)"
157.90.177.217 - - [02/Dec/2021:07:51:10 +0100] "GET /mister-babyset-pieces-p-26551.html HTTP/1.0" 200 73431 "-" "Mozilla/5.0 (compatible; BLEXBot/1.0; +http://webmeup-crawler.com/)"
157.90.177.217 - - [02/Dec/2021:07:51:15 +0100] "GET /mister-beauty-p-3321.html HTTP/1.0" 200 73431 "-" "Mozilla/5.0 (compatible; BLEXBot/1.0; +http://webmeup-crawler.com/)"
157.90.177.217 - - [02/Dec/2021:07:51:18 +0100] "GET /mister-black-reporter-p-3314.html HTTP/1.0" 200 73474 "-" "Mozilla/5.0 (compatible; BLEXBot/1.0; +http://webmeup-crawler.com/)"
157.90.177.217 - - [02/Dec/2021:07:51:22 +0100] "GET /mister-london-phone-cover-iphone-p-14163.html HTTP/1.0" 200 74218 "-" "Mozilla/5.0 (compatible; BLEXBot/1.0; +http://webmeup-crawler.com/)"
157.90.177.217 - - [02/Dec/2021:07:51:25 +0100] "GET /mister-phone-cover-iphone-p-14160.html HTTP/1.0" 200 74186 "-" "Mozilla/5.0 (compatible; BLEXBot/1.0; +http://webmeup-crawler.com/)"
157.90.177.217 - - [02/Dec/2021:07:51:33 +0100] "GET /moai-statue-p-54266.html HTTP/1.0" 200 73795 "-" "Mozilla/5.0 (compatible; BLEXBot/1.0; +http://webmeup-crawler.com/)"
157.90.177.217 - - [02/Dec/2021:07:51:37 +0100] "GET /moai-statue-p-54268.html HTTP/1.0" 200 73792 "-" "Mozilla/5.0 (compatible; BLEXBot/1.0; +http://webmeup-crawler.com/)"
157.90.177.217 - - [02/Dec/2021:07:51:40 +0100] "GET /mobile-bells-metal-elephants-p-42074.html HTTP/1.0" 200 74007 "-" "Mozilla/5.0 (compatible; BLEXBot/1.0; +http://webmeup-crawler.com/)"
157.90.177.217 - - [02/Dec/2021:07:51:45 +0100] "GET /mobile-bells-metal-elephants-p-42075.html HTTP/1.0" 200 74005 "-" "Mozilla/5.0 (compatible; BLEXBot/1.0; +http://webmeup-crawler.com/)"
157.90.177.217 - - [02/Dec/2021:07:51:47 +0100] "GET /mobile-lunar-phases-p-55724.html HTTP/1.0" 200 73839 "-" "Mozilla/5.0 (compatible; BLEXBot/1.0; +http://webmeup-crawler.com/)"
157.90.177.217 - - [02/Dec/2021:07:51:51 +0100] "GET /mobile-metal-bells-p-41478.html HTTP/1.0" 200 73891 "-" "Mozilla/5.0 (compatible; BLEXBot/1.0; +http://webmeup-crawler.com/)"
157.90.177.217 - - [02/Dec/2021:07:51:55 +0100] "GET /mobile-metal-bells-tree-p-50380.html HTTP/1.0" 200 73896 "-" "Mozilla/5.0 (compatible; BLEXBot/1.0; +http://webmeup-crawler.com/)"
157.90.177.217 - - [02/Dec/2021:07:52:00 +0100] "GET /mobile-metallic-tealight-blue-house-p-38563.html HTTP/1.0" 200 73448 "-" "Mozilla/5.0 (compatible; BLEXBot/1.0; +http://webmeup-crawler.com/)"
157.90.177.217 - - [02/Dec/2021:07:52:05 +0100] "GET /mobile-metallic-tealight-pink-house-p-38564.html HTTP/1.0" 200 74071 "-" "Mozilla/5.0 (compatible; BLEXBot/1.0; +http://webmeup-crawler.com/)"
157.90.177.217 - - [02/Dec/2021:07:52:09 +0100] "GET /mobile-tealight-brown-patinated-metal-butterfly-heart-p-37208.html HTTP/1.0" 200 73556 "-" "Mozilla/5.0 (compatible; BLEXBot/1.0; +http://webmeup-crawler.com/)"
157.90.177.217 - - [02/Dec/2021:07:52:14 +0100] "GET /mobile-tealight-brown-patinated-metal-butterfly-p-37207.html HTTP/1.0" 200 73509 "-" "Mozilla/5.0 (compatible; BLEXBot/1.0; +http://webmeup-crawler.com/)"
157.90.177.217 - - [02/Dec/2021:07:52:20 +0100] "GET /mobile-tealight-brown-patinated-metal-flower-heart-p-37209.html HTTP/1.0" 200 73532 "-" "Mozilla/5.0 (compatible; BLEXBot/1.0; +http://webmeup-crawler.com/)"
157.90.177.217 - - [02/Dec/2021:07:52:23 +0100] "GET /mobile-tealight-brown-patinated-metal-p-37210.html HTTP/1.0" 200 73445 "-" "Mozilla/5.0 (compatible; BLEXBot/1.0; +http://webmeup-crawler.com/)"
101.32.45.142 - - [02/Dec/2021:07:52:25 +0100] "GET /images/mini_prod/52131990360631-fushia.jpg HTTP/1.0" 200 277 "-" "Mozilla/5.0 (X11; Ubuntu; Linux x86_64; rv:72.0) Gecko/20100101 Firefox/72.0"
185.191.171.38 - - [02/Dec/2021:07:52:24 +0100] "GET /little-brown-cover-p-30442.html?action=add_product HTTP/1.0" 302 476 "-" "Mozilla/5.0 (compatible; SemrushBot/7~bl; +http://www.semrush.com/bot.html)"
157.90.177.217 - - [02/Dec/2021:07:52:26 +0100] "GET /mobile-trees-leaves-rusty-metal-p-49498.html HTTP/1.0" 200 74004 "-" "Mozilla/5.0 (compatible; BLEXBot/1.0; +http://webmeup-crawler.com/)"
157.90.177.217 - - [02/Dec/2021:07:52:32 +0100] "GET /model-beauty-p-21449.html HTTP/1.0" 200 81854 "-" "Mozilla/5.0 (compatible; BLEXBot/1.0; +http://webmeup-crawler.com/)"
157.90.177.217 - - [02/Dec/2021:07:52:36 +0100] "GET /model-best-musical-card-with-envelope-p-19786.html HTTP/1.0" 200 73513 "-" "Mozilla/5.0 (compatible; BLEXBot/1.0; +http://webmeup-crawler.com/)"
157.90.177.217 - - [02/Dec/2021:07:52:41 +0100] "GET /model-jour-musical-card-with-envelope-p-19787.html HTTP/1.0" 200 73446 "-" "Mozilla/5.0 (compatible; BLEXBot/1.0; +http://webmeup-crawler.com/)"
157.90.177.217 - - [02/Dec/2021:07:52:45 +0100] "GET /mojito-coasters-p-51777.html HTTP/1.0" 200 73194 "-" "Mozilla/5.0 (compatible; BLEXBot/1.0; +http://webmeup-crawler.com/)"
157.90.177.217 - - [02/Dec/2021:07:52:48 +0100] "GET /mojito-maker-white-women-shirt-p-40981.html HTTP/1.0" 200 75603 "-" "Mozilla/5.0 (compatible; BLEXBot/1.0; +http://webmeup-crawler.com/)"
157.90.177.217 - - [02/Dec/2021:07:52:54 +0100] "GET /mokaite-bedclothes-p-43584.html HTTP/1.0" 200 73954 "-" "Mozilla/5.0 (compatible; BLEXBot/1.0; +http://webmeup-crawler.com/)"
157.90.177.217 - - [02/Dec/2021:07:53:00 +0100] "GET /monaco-handbag-black-with-sequins-p-38644.html HTTP/1.0" 200 73659 "-" "Mozilla/5.0 (compatible; BLEXBot/1.0; +http://webmeup-crawler.com/)"
157.90.177.217 - - [02/Dec/2021:07:53:06 +0100] "GET /monaco-mini-metal-tray-p-52478.html HTTP/1.0" 200 73328 "-" "Mozilla/5.0 (compatible; BLEXBot/1.0; +http://webmeup-crawler.com/)"
157.90.177.217 - - [02/Dec/2021:07:53:13 +0100] "GET /monaco-white-blue-large-shopping-p-38646.html HTTP/1.0" 200 73681 "-" "Mozilla/5.0 (compatible; BLEXBot/1.0; +http://webmeup-crawler.com/)"
17.121.113.116 - - [02/Dec/2021:07:53:18 +0100] "GET /images/mini_prod/1399986101894.jpg HTTP/1.0" 200 269 "-" "Mozilla/5.0 (Macintosh; Intel Mac OS X 10_15_5) AppleWebKit/605.1.15 (KHTML, like Gecko) Version/13.1.1 Safari/605.1.15 (Applebot/0.1; +http://www.apple.com/go/applebot)"
54.36.148.100 - - [02/Dec/2021:07:53:18 +0100] "GET /york-pencil-cbkreation-p-29701.html HTTP/1.0" 200 73293 "-" "Mozilla/5.0 (compatible; AhrefsBot/7.0; +http://ahrefs.com/robot/)"
157.90.177.217 - - [02/Dec/2021:07:53:19 +0100] "GET /money-bank-carlin-cbkreation-p-30094.html HTTP/1.0" 200 73353 "-" "Mozilla/5.0 (compatible; BLEXBot/1.0; +http://webmeup-crawler.com/)"
157.90.177.217 - - [02/Dec/2021:07:53:23 +0100] "GET /money-bank-slot-machine-jackpot-p-30035.html HTTP/1.0" 200 73471 "-" "Mozilla/5.0 (compatible; BLEXBot/1.0; +http://webmeup-crawler.com/)"
157.55.39.223 - - [02/Dec/2021:07:53:25 +0100] "GET /kitchen-gloves-potholders-c-178.html HTTP/1.0" 301 90155 "-" "Mozilla/5.0 (compatible; bingbot/2.0; +http://www.bing.com/bingbot.htm)"
185.191.171.33 - - [02/Dec/2021:07:53:26 +0100] "GET /votive-metal-candles-holder-p-42182.html?action=add_product HTTP/1.0" 302 476 "-" "Mozilla/5.0 (compatible; SemrushBot/7~bl; +http://www.semrush.com/bot.html)"
157.90.177.217 - - [02/Dec/2021:07:53:28 +0100] "GET /money-boxes-c-13_83.html?page=1 HTTP/1.0" 200 93072 "-" "Mozilla/5.0 (compatible; BLEXBot/1.0; +http://webmeup-crawler.com/)"
157.90.177.217 - - [02/Dec/2021:07:53:32 +0100] "GET /money-boxes-c-13_83.html?page=12 HTTP/1.0" 200 91722 "-" "Mozilla/5.0 (compatible; BLEXBot/1.0; +http://webmeup-crawler.com/)"
157.90.177.217 - - [02/Dec/2021:07:53:39 +0100] "GET /money-boxes-c-13_83.html?page=13 HTTP/1.0" 200 87458 "-" "Mozilla/5.0 (compatible; BLEXBot/1.0; +http://webmeup-crawler.com/)"
157.90.177.217 - - [02/Dec/2021:07:53:42 +0100] "GET /money-boxes-with-personalized-picture-p-16361.html HTTP/1.0" 200 73779 "-" "Mozilla/5.0 (compatible; BLEXBot/1.0; +http://webmeup-crawler.com/)"
157.90.177.217 - - [02/Dec/2021:07:53:45 +0100] "GET /money-cbkreation-p-23999.html HTTP/1.0" 200 73296 "-" "Mozilla/5.0 (compatible; BLEXBot/1.0; +http://webmeup-crawler.com/)"
157.90.177.217 - - [02/Dec/2021:07:53:49 +0100] "GET /money-cbkreation-p-24133.html HTTP/1.0" 200 73293 "-" "Mozilla/5.0 (compatible; BLEXBot/1.0; +http://webmeup-crawler.com/)"
157.90.177.217 - - [02/Dec/2021:07:53:53 +0100] "GET /money-p-52252.html HTTP/1.0" 200 73758 "-" "Mozilla/5.0 (compatible; BLEXBot/1.0; +http://webmeup-crawler.com/)"
157.90.177.217 - - [02/Dec/2021:07:53:56 +0100] "GET /money-unicorn-p-56375.html HTTP/1.0" 200 73275 "-" "Mozilla/5.0 (compatible; BLEXBot/1.0; +http://webmeup-crawler.com/)"
66.249.68.40 - - [02/Dec/2021:07:53:58 +0100] "GET /images/mini_prod/3700281653441.jpg HTTP/1.0" 200 269 "-" "Googlebot-Image/1.0"
157.90.177.217 - - [02/Dec/2021:07:54:03 +0100] "GET /moneybox-happy-p-52990.html HTTP/1.0" 200 73834 "-" "Mozilla/5.0 (compatible; BLEXBot/1.0; +http://webmeup-crawler.com/)"
157.90.177.217 - - [02/Dec/2021:07:54:08 +0100] "GET /moneybox-shape-wooden-barrel-brass-p-56768.html HTTP/1.0" 200 73481 "-" "Mozilla/5.0 (compatible; BLEXBot/1.0; +http://webmeup-crawler.com/)"
157.90.177.217 - - [02/Dec/2021:07:54:13 +0100] "GET /moneybox-with-digital-screen-p-53005.html HTTP/1.0" 200 73344 "-" "Mozilla/5.0 (compatible; BLEXBot/1.0; +http://webmeup-crawler.com/)"
157.90.177.217 - - [02/Dec/2021:07:54:17 +0100] "GET /monkey-chandelier-white-resin-p-56424.html HTTP/1.0" 200 74284 "-" "Mozilla/5.0 (compatible; BLEXBot/1.0; +http://webmeup-crawler.com/)"
20.109.133.1 - - [02/Dec/2021:07:54:21 +0100] "GET /images/3437011010006.jpg HTTP/1.0" 200 259 "-" "Mozilla/5.0 (Macintosh; U; PPC Mac OS X 10.5; en-US; rv:1.9.2.15) Gecko/20110303 Firefox/3.6.15"
185.191.171.8 - - [02/Dec/2021:07:54:23 +0100] "GET /-p-44375.html?action=add_product HTTP/1.0" 302 476 "-" "Mozilla/5.0 (compatible; SemrushBot/7~bl; +http://www.semrush.com/bot.html)"
157.90.177.217 - - [02/Dec/2021:07:54:22 +0100] "GET /monkey-gold-resin-p-56366.html HTTP/1.0" 200 73854 "-" "Mozilla/5.0 (compatible; BLEXBot/1.0; +http://webmeup-crawler.com/)"
185.191.171.19 - - [02/Dec/2021:07:54:30 +0100] "GET /support-metal-bottle-fireman-p-37407.html?action=add_product HTTP/1.0" 302 476 "-" "Mozilla/5.0 (compatible; SemrushBot/7~bl; +http://www.semrush.com/bot.html)"
157.90.177.217 - - [02/Dec/2021:07:54:34 +0100] "GET /monkey-money-p-54817.html HTTP/1.0" 200 73246 "-" "Mozilla/5.0 (compatible; BLEXBot/1.0; +http://webmeup-crawler.com/)"
157.90.177.217 - - [02/Dec/2021:07:54:38 +0100] "GET /monkey-planter-p-54318.html HTTP/1.0" 200 73778 "-" "Mozilla/5.0 (compatible; BLEXBot/1.0; +http://webmeup-crawler.com/)"
157.90.177.217 - - [02/Dec/2021:07:54:43 +0100] "GET /monkey-planter-p-54319.html HTTP/1.0" 200 73778 "-" "Mozilla/5.0 (compatible; BLEXBot/1.0; +http://webmeup-crawler.com/)"
157.90.177.217 - - [02/Dec/2021:07:54:47 +0100] "GET /monkey-planter-p-54320.html HTTP/1.0" 200 73786 "-" "Mozilla/5.0 (compatible; BLEXBot/1.0; +http://webmeup-crawler.com/)"
185.191.171.26 - - [02/Dec/2021:07:54:49 +0100] "GET /beige-lampshade-p-55697.html HTTP/1.0" 200 70675 "-" "Mozilla/5.0 (compatible; SemrushBot/7~bl; +http://www.semrush.com/bot.html)"
20.109.134.228 - - [02/Dec/2021:07:54:55 +0100] "GET /images/med_prod/5018997610176.jpg HTTP/1.0" 200 268 "-" "Mozilla/5.0 (Windows NT 10.0; ) Gecko/20100101 Firefox/61.0"
157.90.177.217 - - [02/Dec/2021:07:54:59 +0100] "GET /monkey-statue-resin-anything-p-53940.html HTTP/1.0" 200 73410 "-" "Mozilla/5.0 (compatible; BLEXBot/1.0; +http://webmeup-crawler.com/)"
157.90.177.217 - - [02/Dec/2021:07:55:06 +0100] "GET /monkey-statue-resin-hear-anything-p-46706.html HTTP/1.0" 200 73423 "-" "Mozilla/5.0 (compatible; BLEXBot/1.0; +http://webmeup-crawler.com/)"
157.90.177.217 - - [02/Dec/2021:07:55:14 +0100] "GET /monster-high-creative-killer-phone-accessories-p-15914.html HTTP/1.0" 200 74308 "-" "Mozilla/5.0 (compatible; BLEXBot/1.0; +http://webmeup-crawler.com/)"
157.90.177.217 - - [02/Dec/2021:07:55:18 +0100] "GET /monster-money-p-28124.html HTTP/1.0" 200 73181 "-" "Mozilla/5.0 (compatible; BLEXBot/1.0; +http://webmeup-crawler.com/)"
157.90.177.217 - - [02/Dec/2021:07:55:24 +0100] "GET /monster-money-p-28126.html HTTP/1.0" 200 73181 "-" "Mozilla/5.0 (compatible; BLEXBot/1.0; +http://webmeup-crawler.com/)"
54.36.149.91 - - [02/Dec/2021:07:55:27 +0100] "GET /votive-candle-hours-true-enchantment-p-33129.html HTTP/1.0" 200 74574 "-" "Mozilla/5.0 (compatible; AhrefsBot/7.0; +http://ahrefs.com/robot/)"
157.90.177.217 - - [02/Dec/2021:07:55:31 +0100] "GET /monsters-academy-sports-p-20874.html HTTP/1.0" 200 74154 "-" "Mozilla/5.0 (compatible; BLEXBot/1.0; +http://webmeup-crawler.com/)"
157.90.177.217 - - [02/Dec/2021:07:55:36 +0100] "GET /monte-carlo-coasters-p-44837.html HTTP/1.0" 200 73248 "-" "Mozilla/5.0 (compatible; BLEXBot/1.0; +http://webmeup-crawler.com/)"
157.90.177.217 - - [02/Dec/2021:07:55:42 +0100] "GET /montenegro-clock-cbkreation-p-36925.html HTTP/1.0" 200 73287 "-" "Mozilla/5.0 (compatible; BLEXBot/1.0; +http://webmeup-crawler.com/)"
157.90.177.217 - - [02/Dec/2021:07:55:48 +0100] "GET /moon-mini-melamine-tray-p-55855.html HTTP/1.0" 200 73431 "-" "Mozilla/5.0 (compatible; BLEXBot/1.0; +http://webmeup-crawler.com/)"
157.90.177.217 - - [02/Dec/2021:07:55:53 +0100] "GET /moroccan-ashtray-flowers-p-50000.html HTTP/1.0" 200 73225 "-" "Mozilla/5.0 (compatible; BLEXBot/1.0; +http://webmeup-crawler.com/)"
157.90.177.217 - - [02/Dec/2021:07:55:58 +0100] "GET /moroccan-ashtray-flowers-p-52628.html HTTP/1.0" 200 73229 "-" "Mozilla/5.0 (compatible; BLEXBot/1.0; +http://webmeup-crawler.com/)"
157.90.177.217 - - [02/Dec/2021:07:56:05 +0100] "GET /moroccan-ashtray-leaves-p-52627.html HTTP/1.0" 200 73220 "-" "Mozilla/5.0 (compatible; BLEXBot/1.0; +http://webmeup-crawler.com/)"
157.90.177.217 - - [02/Dec/2021:07:56:12 +0100] "GET /moroccan-ashtray-p-31882.html HTTP/1.0" 200 73235 "-" "Mozilla/5.0 (compatible; BLEXBot/1.0; +http://webmeup-crawler.com/)"
157.90.177.217 - - [02/Dec/2021:07:56:19 +0100] "GET /moroccan-ashtray-p-40176.html HTTP/1.0" 200 73238 "-" "Mozilla/5.0 (compatible; BLEXBot/1.0; +http://webmeup-crawler.com/)"
157.90.177.217 - - [02/Dec/2021:07:56:26 +0100] "GET /moroccan-ashtray-p-40618.html HTTP/1.0" 200 73219 "-" "Mozilla/5.0 (compatible; BLEXBot/1.0; +http://webmeup-crawler.com/)"
157.90.177.217 - - [02/Dec/2021:07:56:34 +0100] "GET /moroccan-ashtray-p-40619.html HTTP/1.0" 200 73217 "-" "Mozilla/5.0 (compatible; BLEXBot/1.0; +http://webmeup-crawler.com/)"
157.90.177.217 - - [02/Dec/2021:07:56:39 +0100] "GET /moroccan-ashtray-p-40620.html HTTP/1.0" 200 73219 "-" "Mozilla/5.0 (compatible; BLEXBot/1.0; +http://webmeup-crawler.com/)"
149.248.7.213 - - [02/Dec/2021:07:56:45 +0100] "GET /images/mini_prod/3684225058366.jpg HTTP/1.0" 200 269 "-" "Mozilla/5.0 (X11; Ubuntu; Linux x86_64; rv:72.0) Gecko/20100101 Firefox/72.0"
157.90.177.217 - - [02/Dec/2021:07:56:47 +0100] "GET /moroccan-ashtray-p-40621.html HTTP/1.0" 200 73220 "-" "Mozilla/5.0 (compatible; BLEXBot/1.0; +http://webmeup-crawler.com/)"
157.90.177.217 - - [02/Dec/2021:07:56:53 +0100] "GET /moroccan-ashtray-p-40622.html HTTP/1.0" 200 73221 "-" "Mozilla/5.0 (compatible; BLEXBot/1.0; +http://webmeup-crawler.com/)"
185.191.171.2 - - [02/Dec/2021:07:56:59 +0100] "GET /union-jack-cosmetics-p-30028.html?action=add_product HTTP/1.0" 302 476 "-" "Mozilla/5.0 (compatible; SemrushBot/7~bl; +http://www.semrush.com/bot.html)"
157.90.177.217 - - [02/Dec/2021:07:57:02 +0100] "GET /moroccan-ashtray-p-40623.html HTTP/1.0" 200 73218 "-" "Mozilla/5.0 (compatible; BLEXBot/1.0; +http://webmeup-crawler.com/)"
216.244.66.242 - - [02/Dec/2021:07:57:08 +0100] "GET /-i-17.html HTTP/1.0" 301 531 "-" "Mozilla/5.0 (compatible; DotBot/1.2; +https://opensiteexplorer.org/dotbot; help@moz.com)"
157.90.177.217 - - [02/Dec/2021:07:57:10 +0100] "GET /robots.txt HTTP/1.0" 301 531 "-" "Mozilla/5.0 (compatible; BLEXBot/1.0; +http://webmeup-crawler.com/)"
157.90.177.217 - - [02/Dec/2021:07:57:10 +0100] "GET /robots.txt HTTP/1.0" 200 245 "-" "Mozilla/5.0 (compatible; BLEXBot/1.0; +http://webmeup-crawler.com/)"
157.90.177.217 - - [02/Dec/2021:07:57:10 +0100] "GET /moroccan-ashtray-p-40624.html HTTP/1.0" 200 73221 "-" "Mozilla/5.0 (compatible; BLEXBot/1.0; +http://webmeup-crawler.com/)"
157.90.177.217 - - [02/Dec/2021:07:57:15 +0100] "GET /moroccan-ashtray-p-40628.html HTTP/1.0" 200 73221 "-" "Mozilla/5.0 (compatible; BLEXBot/1.0; +http://webmeup-crawler.com/)"
157.90.177.217 - - [02/Dec/2021:07:57:22 +0100] "GET /moroccan-ashtray-p-40635.html HTTP/1.0" 200 73220 "-" "Mozilla/5.0 (compatible; BLEXBot/1.0; +http://webmeup-crawler.com/)"
157.90.177.217 - - [02/Dec/2021:07:57:29 +0100] "GET /moroccan-ashtray-p-40649.html HTTP/1.0" 200 73220 "-" "Mozilla/5.0 (compatible; BLEXBot/1.0; +http://webmeup-crawler.com/)"
54.36.148.146 - - [02/Dec/2021:07:57:30 +0100] "GET /dark-brown-leopard-lamp-resin-p-56431.html HTTP/1.0" 200 74492 "-" "Mozilla/5.0 (compatible; AhrefsBot/7.0; +http://ahrefs.com/robot/)"
157.90.177.217 - - [02/Dec/2021:07:57:36 +0100] "GET /moroccan-ashtray-p-40650.html HTTP/1.0" 200 73220 "-" "Mozilla/5.0 (compatible; BLEXBot/1.0; +http://webmeup-crawler.com/)"
157.90.177.217 - - [02/Dec/2021:07:57:40 +0100] "GET /moroccan-ashtray-p-40669.html HTTP/1.0" 200 73221 "-" "Mozilla/5.0 (compatible; BLEXBot/1.0; +http://webmeup-crawler.com/)"
185.191.171.20 - - [02/Dec/2021:07:57:43 +0100] "GET /christmas-carousel-large-p-38189.html HTTP/1.0" 200 70730 "-" "Mozilla/5.0 (compatible; SemrushBot/7~bl; +http://www.semrush.com/bot.html)"
157.90.177.217 - - [02/Dec/2021:07:57:48 +0100] "GET /moroccan-ashtray-p-40799.html HTTP/1.0" 200 73221 "-" "Mozilla/5.0 (compatible; BLEXBot/1.0; +http://webmeup-crawler.com/)"
157.90.177.217 - - [02/Dec/2021:07:57:52 +0100] "GET /moroccan-ashtray-p-40814.html HTTP/1.0" 200 73220 "-" "Mozilla/5.0 (compatible; BLEXBot/1.0; +http://webmeup-crawler.com/)"
157.90.177.217 - - [02/Dec/2021:07:57:59 +0100] "GET /moroccan-ashtray-p-40815.html HTTP/1.0" 200 73220 "-" "Mozilla/5.0 (compatible; BLEXBot/1.0; +http://webmeup-crawler.com/)"
157.90.177.217 - - [02/Dec/2021:07:58:06 +0100] "GET /moroccan-ashtray-p-40816.html HTTP/1.0" 200 73220 "-" "Mozilla/5.0 (compatible; BLEXBot/1.0; +http://webmeup-crawler.com/)"
157.90.177.217 - - [02/Dec/2021:07:58:14 +0100] "GET /moroccan-ashtray-p-52723.html HTTP/1.0" 200 73179 "-" "Mozilla/5.0 (compatible; BLEXBot/1.0; +http://webmeup-crawler.com/)"
157.90.177.217 - - [02/Dec/2021:07:58:22 +0100] "GET /moroccan-ashtray-p-52725.html HTTP/1.0" 200 70667 "-" "Mozilla/5.0 (compatible; BLEXBot/1.0; +http://webmeup-crawler.com/)"
157.90.177.217 - - [02/Dec/2021:07:58:28 +0100] "GET /moroccan-ashtray-p-52726.html HTTP/1.0" 200 73179 "-" "Mozilla/5.0 (compatible; BLEXBot/1.0; +http://webmeup-crawler.com/)"
157.55.39.108 - - [02/Dec/2021:07:58:30 +0100] "GET /star-wars-ben-quadinaros-et-otago-222-figure-p-14026.html HTTP/1.0" 301 70680 "-" "Mozilla/5.0 (compatible; bingbot/2.0; +http://www.bing.com/bingbot.htm)"
157.90.177.217 - - [02/Dec/2021:07:58:36 +0100] "GET /moroccan-ashtray-p-52727.html HTTP/1.0" 200 73179 "-" "Mozilla/5.0 (compatible; BLEXBot/1.0; +http://webmeup-crawler.com/)"
157.90.177.217 - - [02/Dec/2021:07:58:49 +0100] "GET /moroccan-ashtray-p-52729.html HTTP/1.0" 200 73179 "-" "Mozilla/5.0 (compatible; BLEXBot/1.0; +http://webmeup-crawler.com/)"
157.90.177.217 - - [02/Dec/2021:07:58:58 +0100] "GET /moroccan-ashtray-p-53142.html HTTP/1.0" 200 73285 "-" "Mozilla/5.0 (compatible; BLEXBot/1.0; +http://webmeup-crawler.com/)"
157.90.177.217 - - [02/Dec/2021:07:59:06 +0100] "GET /moroccan-ashtray-p-53146.html HTTP/1.0" 200 73182 "-" "Mozilla/5.0 (compatible; BLEXBot/1.0; +http://webmeup-crawler.com/)"
157.90.177.217 - - [02/Dec/2021:07:59:15 +0100] "GET /moroccan-ashtray-p-56490.html HTTP/1.0" 200 73283 "-" "Mozilla/5.0 (compatible; BLEXBot/1.0; +http://webmeup-crawler.com/)"
157.90.177.217 - - [02/Dec/2021:07:59:23 +0100] "GET /moroccan-ashtray-p-56491.html HTTP/1.0" 200 73283 "-" "Mozilla/5.0 (compatible; BLEXBot/1.0; +http://webmeup-crawler.com/)"
157.90.177.217 - - [02/Dec/2021:07:59:28 +0100] "GET /moroccan-ashtray-p-56493.html HTTP/1.0" 200 73283 "-" "Mozilla/5.0 (compatible; BLEXBot/1.0; +http://webmeup-crawler.com/)"
54.36.149.17 - - [02/Dec/2021:07:59:33 +0100] "GET /marble-tile-stickers-p-51947.html HTTP/1.0" 200 73985 "-" "Mozilla/5.0 (compatible; AhrefsBot/7.0; +http://ahrefs.com/robot/)"
157.90.177.217 - - [02/Dec/2021:07:59:39 +0100] "GET /moroccan-ashtray-paquet-p-51874.html HTTP/1.0" 200 73229 "-" "Mozilla/5.0 (compatible; BLEXBot/1.0; +http://webmeup-crawler.com/)"
185.191.171.15 - - [02/Dec/2021:07:59:42 +0100] "GET /gorjuss-the-fox-card-holder-p-29460.html HTTP/1.0" 301 70781 "-" "Mozilla/5.0 (compatible; SemrushBot/7~bl; +http://www.semrush.com/bot.html)"
185.191.171.41 - - [02/Dec/2021:07:59:45 +0100] "GET /gorjuss-card-holder-p-29460.html HTTP/1.0" 200 70695 "-" "Mozilla/5.0 (compatible; SemrushBot/7~bl; +http://www.semrush.com/bot.html)"
157.90.177.217 - - [02/Dec/2021:07:59:47 +0100] "GET /moroccan-ashtray-tropical-p-52626.html HTTP/1.0" 200 73230 "-" "Mozilla/5.0 (compatible; BLEXBot/1.0; +http://webmeup-crawler.com/)"
157.90.177.217 - - [02/Dec/2021:08:00:01 +0100] "GET /moroccan-blue-ashtray-p-31881.html HTTP/1.0" 200 73251 "-" "Mozilla/5.0 (compatible; BLEXBot/1.0; +http://webmeup-crawler.com/)"
157.90.177.217 - - [02/Dec/2021:08:00:10 +0100] "GET /moroccan-blue-ashtray-p-34861.html HTTP/1.0" 200 73232 "-" "Mozilla/5.0 (compatible; BLEXBot/1.0; +http://webmeup-crawler.com/)"
157.90.177.217 - - [02/Dec/2021:08:00:17 +0100] "GET /moroccan-blue-ashtray-p-40175.html HTTP/1.0" 200 73251 "-" "Mozilla/5.0 (compatible; BLEXBot/1.0; +http://webmeup-crawler.com/)"
20.109.131.178 - - [02/Dec/2021:08:00:25 +0100] "GET /images/big_prod_1/5410574484604B.jpg HTTP/1.0" 200 271 "-" "Mozilla/5.0 (X11; Linux x86_64) AppleWebKit/537.36 (KHTML, like Gecko) Chrome/62.0.3202.62 Safari/537.36"
185.191.171.13 - - [02/Dec/2021:08:00:32 +0100] "GET /olaf-sven-frozen-poster-p-30918.html HTTP/1.0" 200 73272 "-" "Mozilla/5.0 (compatible; SemrushBot/7~bl; +http://www.semrush.com/bot.html)"
50.17.48.111 - - [02/Dec/2021:08:00:50 +0100] "GET /images/mini_prod/3760116310321.jpg HTTP/1.0" 200 269 "-" "Mozilla/5.0 (X11; Ubuntu; Linux x86_64; rv:72.0) Gecko/20100101 Firefox/72.0"
157.90.177.217 - - [02/Dec/2021:08:00:56 +0100] "GET /moroccan-green-ashtray-p-31884.html HTTP/1.0" 200 73259 "-" "Mozilla/5.0 (compatible; BLEXBot/1.0; +http://webmeup-crawler.com/)"
207.46.13.202 - - [02/Dec/2021:08:01:01 +0100] "GET /round-trays-c-12_159_263.html HTTP/1.0" 200 90911 "-" "Mozilla/5.0 (compatible; bingbot/2.0; +http://www.bing.com/bingbot.htm)"
157.90.177.217 - - [02/Dec/2021:08:01:05 +0100] "GET /moroccan-orange-ashtray-p-31883.html HTTP/1.0" 200 73267 "-" "Mozilla/5.0 (compatible; BLEXBot/1.0; +http://webmeup-crawler.com/)"
185.191.171.15 - - [02/Dec/2021:08:01:10 +0100] "GET /-p-17527.html?action=add_product HTTP/1.0" 302 476 "-" "Mozilla/5.0 (compatible; SemrushBot/7~bl; +http://www.semrush.com/bot.html)"
157.90.177.217 - - [02/Dec/2021:08:01:12 +0100] "GET /moroccan-triskel-ashtray-blue-p-46441.html HTTP/1.0" 200 73900 "-" "Mozilla/5.0 (compatible; BLEXBot/1.0; +http://webmeup-crawler.com/)"
185.191.171.2 - - [02/Dec/2021:08:01:20 +0100] "GET /austria-mousepad-cbkreation-p-36711.html HTTP/1.0" 200 73043 "-" "Mozilla/5.0 (compatible; SemrushBot/7~bl; +http://www.semrush.com/bot.html)"
157.90.177.217 - - [02/Dec/2021:08:01:20 +0100] "GET /moroccan-triskel-ashtray-p-46440.html HTTP/1.0" 200 73885 "-" "Mozilla/5.0 (compatible; BLEXBot/1.0; +http://webmeup-crawler.com/)"
157.90.177.217 - - [02/Dec/2021:08:01:27 +0100] "GET /moto-guzzi-barrel-moneybox-p-52957.html HTTP/1.0" 200 73272 "-" "Mozilla/5.0 (compatible; BLEXBot/1.0; +http://webmeup-crawler.com/)"
54.36.148.37 - - [02/Dec/2021:08:01:30 +0100] "GET /kimmidoll-keyring-p-44100.html HTTP/1.0" 200 73233 "-" "Mozilla/5.0 (compatible; AhrefsBot/7.0; +http://ahrefs.com/robot/)"
157.90.177.217 - - [02/Dec/2021:08:01:32 +0100] "GET /moto-guzzi-metal-collection-hanging-plate-p-45986.html HTTP/1.0" 200 73760 "-" "Mozilla/5.0 (compatible; BLEXBot/1.0; +http://webmeup-crawler.com/)"
157.90.177.217 - - [02/Dec/2021:08:01:41 +0100] "GET /motocycle-cbkration-white-shirt-p-35445.html HTTP/1.0" 200 75300 "-" "Mozilla/5.0 (compatible; BLEXBot/1.0; +http://webmeup-crawler.com/)"
157.90.177.217 - - [02/Dec/2021:08:01:47 +0100] "GET /motocycle-grey-shirt-p-35448.html HTTP/1.0" 200 75173 "-" "Mozilla/5.0 (compatible; BLEXBot/1.0; +http://webmeup-crawler.com/)"
157.90.177.217 - - [02/Dec/2021:08:01:53 +0100] "GET /motocycle-more-shirt-p-35447.html HTTP/1.0" 200 75209 "-" "Mozilla/5.0 (compatible; BLEXBot/1.0; +http://webmeup-crawler.com/)"
216.244.66.242 - - [02/Dec/2021:08:01:56 +0100] "GET /figurine-caricature-in-polyresine-145-cm-the-carpenter-p-45226.html HTTP/1.0" 301 645 "-" "Mozilla/5.0 (compatible; DotBot/1.2; +https://opensiteexplorer.org/dotbot; help@moz.com)"
51.68.224.127 - - [02/Dec/2021:08:01:56 +0100] "GET /adminweb/export_orders_xml.php?token=256de2z6edz6ed2z6DFSFsed2zed6zeDSFDSGdzedezfzf&maxorders=10&orderstart=1&status=14&start_date=2018-10-01 HTTP/1.0" 200 285 "-" "GesCom CharlotteBoutik Serveur"
51.68.224.127 - - [02/Dec/2021:08:01:56 +0100] "GET /adminweb/export_orders_xml.php?token=256de2z6edz6ed2z6DFSFsed2zed6zeDSFDSGdzedezfzf&maxorders=10&orderstart=1&status=6&start_date=2018-10-01 HTTP/1.0" 200 32471 "-" "GesCom CharlotteBoutik Serveur"
157.90.177.217 - - [02/Dec/2021:08:02:01 +0100] "GET /motorcycle-metal-bottle-holder-p-55994.html HTTP/1.0" 200 73963 "-" "Mozilla/5.0 (compatible; BLEXBot/1.0; +http://webmeup-crawler.com/)"
185.191.171.36 - - [02/Dec/2021:08:02:06 +0100] "GET /household-linen-c-11.html?page=52 HTTP/1.0" 200 92924 "-" "Mozilla/5.0 (compatible; SemrushBot/7~bl; +http://www.semrush.com/bot.html)"
157.90.177.217 - - [02/Dec/2021:08:02:08 +0100] "GET /motorcycles-sinces-1923-small-steel-fridge-magnets-p-37059.html HTTP/1.0" 200 73590 "-" "Mozilla/5.0 (compatible; BLEXBot/1.0; +http://webmeup-crawler.com/)"
157.90.177.217 - - [02/Dec/2021:08:02:18 +0100] "GET /mountain-bear-cotton-adult-apron-p-45550.html HTTP/1.0" 200 73326 "-" "Mozilla/5.0 (compatible; BLEXBot/1.0; +http://webmeup-crawler.com/)"
216.244.66.242 - - [02/Dec/2021:08:02:20 +0100] "GET /les-caouettes-melchior-the-spinosaurus-plush-32-cm-p-33408.html HTTP/1.0" 301 637 "-" "Mozilla/5.0 (compatible; DotBot/1.2; +https://opensiteexplorer.org/dotbot; help@moz.com)"
157.90.177.217 - - [02/Dec/2021:08:02:25 +0100] "GET /mouse-c-129_85.html?page=1 HTTP/1.0" 200 91789 "-" "Mozilla/5.0 (compatible; BLEXBot/1.0; +http://webmeup-crawler.com/)"
157.90.177.217 - - [02/Dec/2021:08:02:31 +0100] "GET /mouse-cbkreation-p-13922.html HTTP/1.0" 200 73218 "-" "Mozilla/5.0 (compatible; BLEXBot/1.0; +http://webmeup-crawler.com/)"
157.90.177.217 - - [02/Dec/2021:08:02:41 +0100] "GET /mouse-cbkreation-p-13985.html HTTP/1.0" 200 72929 "-" "Mozilla/5.0 (compatible; BLEXBot/1.0; +http://webmeup-crawler.com/)"
157.90.177.217 - - [02/Dec/2021:08:02:49 +0100] "GET /mouse-cbkreation-p-14153.html HTTP/1.0" 200 73188 "-" "Mozilla/5.0 (compatible; BLEXBot/1.0; +http://webmeup-crawler.com/)"
157.90.177.217 - - [02/Dec/2021:08:02:58 +0100] "GET /mouse-cbkreation-p-20057.html HTTP/1.0" 200 73200 "-" "Mozilla/5.0 (compatible; BLEXBot/1.0; +http://webmeup-crawler.com/)"
157.90.177.217 - - [02/Dec/2021:08:03:07 +0100] "GET /mouse-cbkreation-p-23325.html HTTP/1.0" 200 73278 "-" "Mozilla/5.0 (compatible; BLEXBot/1.0; +http://webmeup-crawler.com/)"
147.92.153.11 - - [02/Dec/2021:08:03:09 +0100] "GET /images/big_prod/3665269156621.jpg HTTP/1.0" 200 268 "-" "Mozilla/5.0 (compatible; Linespider/1.1; +https://lin.ee/4dwXkTH)"
157.90.177.217 - - [02/Dec/2021:08:03:12 +0100] "GET /mouse-saucer-p-55884.html HTTP/1.0" 200 73271 "-" "Mozilla/5.0 (compatible; BLEXBot/1.0; +http://webmeup-crawler.com/)"
185.191.171.26 - - [02/Dec/2021:08:03:18 +0100] "GET /kimmidoll-glasses-case-miwa-p-49828.html?action=add_product HTTP/1.0" 302 476 "-" "Mozilla/5.0 (compatible; SemrushBot/7~bl; +http://www.semrush.com/bot.html)"
157.90.177.217 - - [02/Dec/2021:08:03:22 +0100] "GET /mouse-with-personalized-picture-p-16331.html HTTP/1.0" 200 73735 "-" "Mozilla/5.0 (compatible; BLEXBot/1.0; +http://webmeup-crawler.com/)"
185.191.171.17 - - [02/Dec/2021:08:03:25 +0100] "GET /boxes-storage-c-13_150.html?page=7 HTTP/1.0" 200 94017 "-" "Mozilla/5.0 (compatible; SemrushBot/7~bl; +http://www.semrush.com/bot.html)"
157.90.177.217 - - [02/Dec/2021:08:03:28 +0100] "GET /mousepad-cbkreation-p-42927.html HTTP/1.0" 200 73293 "-" "Mozilla/5.0 (compatible; BLEXBot/1.0; +http://webmeup-crawler.com/)"
185.191.171.4 - - [02/Dec/2021:08:03:32 +0100] "GET /bistrot-de-paris-opener-p-19944.html HTTP/1.0" 301 73371 "-" "Mozilla/5.0 (compatible; SemrushBot/7~bl; +http://www.semrush.com/bot.html)"
54.36.148.42 - - [02/Dec/2021:08:03:34 +0100] "GET /roma-pencil-p-49256.html HTTP/1.0" 200 73231 "-" "Mozilla/5.0 (compatible; AhrefsBot/7.0; +http://ahrefs.com/robot/)"
185.191.171.21 - - [02/Dec/2021:08:03:35 +0100] "GET /bistrot-paris-opener-p-19944.html HTTP/1.0" 200 73284 "-" "Mozilla/5.0 (compatible; SemrushBot/7~bl; +http://www.semrush.com/bot.html)"
157.90.177.217 - - [02/Dec/2021:08:03:40 +0100] "GET /mousepad-cbkreation-p-43429.html HTTP/1.0" 200 73261 "-" "Mozilla/5.0 (compatible; BLEXBot/1.0; +http://webmeup-crawler.com/)"
157.90.177.217 - - [02/Dec/2021:08:03:47 +0100] "GET /moustache-bedclothes-p-33540.html HTTP/1.0" 200 73352 "-" "Mozilla/5.0 (compatible; BLEXBot/1.0; +http://webmeup-crawler.com/)"
157.90.177.217 - - [02/Dec/2021:08:03:53 +0100] "GET /mtal-signs-c-13_130.html?page=1 HTTP/1.0" 200 94541 "-" "Mozilla/5.0 (compatible; BLEXBot/1.0; +http://webmeup-crawler.com/)"
157.90.177.217 - - [02/Dec/2021:08:03:59 +0100] "GET /mtal-signs-c-13_130.html?page=12 HTTP/1.0" 200 95453 "-" "Mozilla/5.0 (compatible; BLEXBot/1.0; +http://webmeup-crawler.com/)"
157.90.177.217 - - [02/Dec/2021:08:04:07 +0100] "GET /mtal-signs-c-13_130.html?page=13 HTTP/1.0" 200 95467 "-" "Mozilla/5.0 (compatible; BLEXBot/1.0; +http://webmeup-crawler.com/)"
20.109.134.252 - - [02/Dec/2021:08:04:21 +0100] "GET /images/big_prod_1/8424001424788N.jpg HTTP/1.0" 200 271 "-" "Mozilla/5.0 (Windows NT 10.0; ) Gecko/20100101 Firefox/61.0"
157.90.177.217 - - [02/Dec/2021:08:04:17 +0100] "GET /mtal-signs-c-13_130.html?page=14 HTTP/1.0" 200 96049 "-" "Mozilla/5.0 (compatible; BLEXBot/1.0; +http://webmeup-crawler.com/)"
157.90.177.217 - - [02/Dec/2021:08:04:25 +0100] "GET /mtal-signs-c-13_130.html?page=15 HTTP/1.0" 200 95567 "-" "Mozilla/5.0 (compatible; BLEXBot/1.0; +http://webmeup-crawler.com/)"
157.90.177.217 - - [02/Dec/2021:08:04:34 +0100] "GET /mtal-signs-c-13_130.html?page=16 HTTP/1.0" 200 95436 "-" "Mozilla/5.0 (compatible; BLEXBot/1.0; +http://webmeup-crawler.com/)"
157.90.177.217 - - [02/Dec/2021:08:04:42 +0100] "GET /mtal-signs-c-13_130.html?page=17 HTTP/1.0" 200 95472 "-" "Mozilla/5.0 (compatible; BLEXBot/1.0; +http://webmeup-crawler.com/)"
66.249.68.38 - - [02/Dec/2021:08:04:48 +0100] "GET /art-hearts-butterfly-p-39363.html HTTP/1.0" 301 74627 "-" "Mozilla/5.0 (Linux; Android 6.0.1; Nexus 5X Build/MMB29P) AppleWebKit/537.36 (KHTML, like Gecko) Chrome/96.0.4664.45 Mobile Safari/537.36 (compatible; Googlebot/2.1; +http://www.google.com/bot.html)"
66.249.68.42 - - [02/Dec/2021:08:04:50 +0100] "GET /hearts-butterfly-p-39363.html HTTP/1.0" 200 74544 "-" "Mozilla/5.0 (Linux; Android 6.0.1; Nexus 5X Build/MMB29P) AppleWebKit/537.36 (KHTML, like Gecko) Chrome/96.0.4664.45 Mobile Safari/537.36 (compatible; Googlebot/2.1; +http://www.google.com/bot.html)"
185.191.171.7 - - [02/Dec/2021:08:04:52 +0100] "GET /candy-cloud-unicorn-pistachio-p-46648.html?action=add_product HTTP/1.0" 302 476 "-" "Mozilla/5.0 (compatible; SemrushBot/7~bl; +http://www.semrush.com/bot.html)"
157.90.177.217 - - [02/Dec/2021:08:04:50 +0100] "GET /mtal-signs-c-13_130.html?page=18 HTTP/1.0" 200 95074 "-" "Mozilla/5.0 (compatible; BLEXBot/1.0; +http://webmeup-crawler.com/)"
185.191.171.16 - - [02/Dec/2021:08:04:58 +0100] "GET /paul-frank-striped-large-shopping-p-5654.html HTTP/1.0" 200 73577 "-" "Mozilla/5.0 (compatible; SemrushBot/7~bl; +http://www.semrush.com/bot.html)"
157.90.177.217 - - [02/Dec/2021:08:05:00 +0100] "GET /mtal-signs-c-13_130.html?page=19 HTTP/1.0" 200 95625 "-" "Mozilla/5.0 (compatible; BLEXBot/1.0; +http://webmeup-crawler.com/)"
157.90.177.217 - - [02/Dec/2021:08:05:06 +0100] "GET /mtal-signs-c-13_130.html?page=20 HTTP/1.0" 200 95679 "-" "Mozilla/5.0 (compatible; BLEXBot/1.0; +http://webmeup-crawler.com/)"
157.90.177.217 - - [02/Dec/2021:08:05:16 +0100] "GET /mtal-signs-c-13_130.html?page=21 HTTP/1.0" 200 93157 "-" "Mozilla/5.0 (compatible; BLEXBot/1.0; +http://webmeup-crawler.com/)"
66.249.68.38 - - [02/Dec/2021:08:05:28 +0100] "GET /images/mini_prod/8433933244791.jpg HTTP/1.0" 200 269 "-" "Googlebot-Image/1.0"
157.90.177.217 - - [02/Dec/2021:08:05:32 +0100] "GET /mtal-signs-c-13_130.html?page=5 HTTP/1.0" 200 94550 "-" "Mozilla/5.0 (compatible; BLEXBot/1.0; +http://webmeup-crawler.com/)"
157.90.177.217 - - [02/Dec/2021:08:05:38 +0100] "GET /mtal-small-baby-teeth-pink-p-47100.html HTTP/1.0" 200 74065 "-" "Mozilla/5.0 (compatible; BLEXBot/1.0; +http://webmeup-crawler.com/)"
54.36.148.17 - - [02/Dec/2021:08:05:42 +0100] "GET /pouch-kiub-collection-p-54786.html HTTP/1.0" 200 73476 "-" "Mozilla/5.0 (compatible; AhrefsBot/7.0; +http://ahrefs.com/robot/)"
157.90.177.217 - - [02/Dec/2021:08:05:44 +0100] "GET /mugs-mazagrans-c-12_57.html?page=1 HTTP/1.0" 200 96270 "-" "Mozilla/5.0 (compatible; BLEXBot/1.0; +http://webmeup-crawler.com/)"
66.249.68.40 - - [02/Dec/2021:08:05:52 +0100] "GET /swfobject.js HTTP/1.0" 404 1308 "http://www.wonder-geek.com/-p-32508.html" "Mozilla/5.0 (Linux; Android 6.0.1; Nexus 5X Build/MMB29P) AppleWebKit/537.36 (KHTML, like Gecko) Chrome/95.0.4638.69 Mobile Safari/537.36 (compatible; Googlebot/2.1; +http://www.google.com/bot.html)"
66.249.68.40 - - [02/Dec/2021:08:05:52 +0100] "GET /swfobject.js HTTP/1.0" 404 1308 "http://www.wonder-geek.com/-p-32508.html" "Mozilla/5.0 (Linux; Android 6.0.1; Nexus 5X Build/MMB29P) AppleWebKit/537.36 (KHTML, like Gecko) Chrome/95.0.4638.69 Mobile Safari/537.36 (compatible; Googlebot/2.1; +http://www.google.com/bot.html)"
157.90.177.217 - - [02/Dec/2021:08:05:53 +0100] "GET /mugs-mazagrans-c-12_57.html?page=10 HTTP/1.0" 200 96527 "-" "Mozilla/5.0 (compatible; BLEXBot/1.0; +http://webmeup-crawler.com/)"
5.255.253.187 - - [02/Dec/2021:08:05:55 +0100] "GET /dishes/mugs-and-mazagrans/betty-boop-small-mug-p-20615.html HTTP/1.0" 301 70680 "-" "Mozilla/5.0 (compatible; YandexBot/3.0; +http://yandex.com/bots)"
5.255.253.187 - - [02/Dec/2021:08:05:58 +0100] "GET /-p-20615.html HTTP/1.0" 200 70613 "-" "Mozilla/5.0 (compatible; YandexBot/3.0; +http://yandex.com/bots)"
157.90.177.217 - - [02/Dec/2021:08:06:08 +0100] "GET /mugs-mazagrans-c-12_57.html?page=11 HTTP/1.0" 200 97229 "-" "Mozilla/5.0 (compatible; BLEXBot/1.0; +http://webmeup-crawler.com/)"
157.90.177.217 - - [02/Dec/2021:08:06:19 +0100] "GET /multifunctional-clamp-stainless-steel-p-37497.html HTTP/1.0" 200 73468 "-" "Mozilla/5.0 (compatible; BLEXBot/1.0; +http://webmeup-crawler.com/)"
157.90.177.217 - - [02/Dec/2021:08:06:28 +0100] "GET /mural-metal-retro-hanging-p-50188.html HTTP/1.0" 200 73451 "-" "Mozilla/5.0 (compatible; BLEXBot/1.0; +http://webmeup-crawler.com/)"
157.90.177.217 - - [02/Dec/2021:08:06:33 +0100] "GET /mushroom-shaped-night-light-p-56209.html HTTP/1.0" 200 73903 "-" "Mozilla/5.0 (compatible; BLEXBot/1.0; +http://webmeup-crawler.com/)"
66.249.93.249 - - [02/Dec/2021:08:06:35 +0100] "GET /images/6953270925044.jpg HTTP/1.0" 200 259 "-" "Mozilla/5.0 (Windows NT 5.1; rv:11.0) Gecko Firefox/11.0 (via ggpht.com GoogleImageProxy)"
157.90.177.217 - - [02/Dec/2021:08:06:44 +0100] "GET /musical-c-13_150_149.html?page=1 HTTP/1.0" 200 91173 "-" "Mozilla/5.0 (compatible; BLEXBot/1.0; +http://webmeup-crawler.com/)"
157.90.177.217 - - [02/Dec/2021:08:06:56 +0100] "GET /musical-jewelry-white-horses-phosphorescent-p-16465.html HTTP/1.0" 200 74497 "-" "Mozilla/5.0 (compatible; BLEXBot/1.0; +http://webmeup-crawler.com/)"
185.191.171.20 - - [02/Dec/2021:08:06:58 +0100] "GET /incense-sticks-burner-storage-pentacle-p-49031.html?action=add_product HTTP/1.0" 302 476 "-" "Mozilla/5.0 (compatible; SemrushBot/7~bl; +http://www.semrush.com/bot.html)"
157.90.177.217 - - [02/Dec/2021:08:07:06 +0100] "GET /musical-jewelry-young-childhood-memory-p-56593.html HTTP/1.0" 200 74503 "-" "Mozilla/5.0 (compatible; BLEXBot/1.0; +http://webmeup-crawler.com/)"
216.244.66.242 - - [02/Dec/2021:08:07:10 +0100] "GET /digibirds-bird-p-29376.html HTTP/1.0" 200 70674 "-" "Mozilla/5.0 (compatible; DotBot/1.2; +https://opensiteexplorer.org/dotbot; help@moz.com)"
157.90.177.217 - - [02/Dec/2021:08:07:14 +0100] "GET /robots.txt HTTP/1.0" 301 531 "-" "Mozilla/5.0 (compatible; BLEXBot/1.0; +http://webmeup-crawler.com/)"
157.90.177.217 - - [02/Dec/2021:08:07:14 +0100] "GET /robots.txt HTTP/1.0" 200 245 "-" "Mozilla/5.0 (compatible; BLEXBot/1.0; +http://webmeup-crawler.com/)"
