157.90.177.217 - - [02/Dec/2021:10:10:27 +0100] "GET /sardines-marseille-adult-apron-p-51188.html HTTP/1.0" 200 73257 "-" "Mozilla/5.0 (compatible; BLEXBot/1.0; +http://webmeup-crawler.com/)"
185.191.171.44 - - [02/Dec/2021:10:10:27 +0100] "GET /with-wooden-drawers-taipei-p-53913.html HTTP/1.0" 200 73447 "-" "Mozilla/5.0 (compatible; SemrushBot/7~bl; +http://www.semrush.com/bot.html)"
157.90.177.217 - - [02/Dec/2021:10:10:34 +0100] "GET /saturday-night-fever-p-3999.html HTTP/1.0" 200 73409 "-" "Mozilla/5.0 (compatible; BLEXBot/1.0; +http://webmeup-crawler.com/)"
185.191.171.39 - - [02/Dec/2021:10:10:39 +0100] "GET /parma-perfume-diffuser-p-35891.html HTTP/1.0" 200 73368 "-" "Mozilla/5.0 (compatible; SemrushBot/7~bl; +http://www.semrush.com/bot.html)"
157.90.177.217 - - [02/Dec/2021:10:10:41 +0100] "GET /saucer-p-49562.html HTTP/1.0" 200 73201 "-" "Mozilla/5.0 (compatible; BLEXBot/1.0; +http://webmeup-crawler.com/)"
157.90.177.217 - - [02/Dec/2021:10:10:44 +0100] "GET /saucer-p-55879.html HTTP/1.0" 200 73199 "-" "Mozilla/5.0 (compatible; BLEXBot/1.0; +http://webmeup-crawler.com/)"
157.90.177.217 - - [02/Dec/2021:10:10:49 +0100] "GET /saucer-p-55880.html HTTP/1.0" 200 73199 "-" "Mozilla/5.0 (compatible; BLEXBot/1.0; +http://webmeup-crawler.com/)"
157.90.177.217 - - [02/Dec/2021:10:10:55 +0100] "GET /saucer-p-55881.html HTTP/1.0" 200 73199 "-" "Mozilla/5.0 (compatible; BLEXBot/1.0; +http://webmeup-crawler.com/)"
157.90.177.217 - - [02/Dec/2021:10:10:59 +0100] "GET /saucer-p-55882.html HTTP/1.0" 200 73199 "-" "Mozilla/5.0 (compatible; BLEXBot/1.0; +http://webmeup-crawler.com/)"
185.191.171.24 - - [02/Dec/2021:10:11:02 +0100] "GET /minnie-mouse-figurine-ornement-collection-disney-traditions-p-17332.html HTTP/1.0" 301 70680 "-" "Mozilla/5.0 (compatible; SemrushBot/7~bl; +http://www.semrush.com/bot.html)"
185.191.171.18 - - [02/Dec/2021:10:11:05 +0100] "GET /-p-17332.html HTTP/1.0" 200 70613 "-" "Mozilla/5.0 (compatible; SemrushBot/7~bl; +http://www.semrush.com/bot.html)"
157.90.177.217 - - [02/Dec/2021:10:11:06 +0100] "GET /saucer-p-56235.html HTTP/1.0" 200 73200 "-" "Mozilla/5.0 (compatible; BLEXBot/1.0; +http://webmeup-crawler.com/)"
114.119.128.253 - - [02/Dec/2021:10:11:08 +0100] "GET /images/big_prod/3560600293624.jpg HTTP/1.0" 200 268 "-" "Mozilla/5.0 (Linux; Android 7.0;) AppleWebKit/537.36 (KHTML, like Gecko) Mobile Safari/537.36 (compatible; PetalBot;+https://webmaster.petalsearch.com/site/petalbot)"
49.7.20.122 - - [02/Dec/2021:10:11:07 +0100] "GET / HTTP/1.0" 200 151474 "-" "Sogou web spider/4.0(+http://www.sogou.com/docs/help/webmasters.htm#07)"
157.90.177.217 - - [02/Dec/2021:10:11:14 +0100] "GET /savannah-metal-capacity-p-55187.html HTTP/1.0" 200 74186 "-" "Mozilla/5.0 (compatible; BLEXBot/1.0; +http://webmeup-crawler.com/)"
118.174.160.165 - - [02/Dec/2021:10:11:17 +0100] "GET /contact_us.php HTTP/1.0" 200 26241 "http://www.wonder-geek.com/contact_us.php" "Mozilla/5.0 (Windows NT 10.0; Win64; x64) AppleWebKit/537.36 (KHTML, like Gecko) Chrome/83.0.4103.61 Safari/537.36 Edg/83.0.478.37"
157.90.177.217 - - [02/Dec/2021:10:11:22 +0100] "GET /save-queen-cbkreation-p-13923.html HTTP/1.0" 200 73330 "-" "Mozilla/5.0 (compatible; BLEXBot/1.0; +http://webmeup-crawler.com/)"
54.36.148.194 - - [02/Dec/2021:10:11:27 +0100] "GET /disney-princess-large-metal-p-26701.html HTTP/1.0" 200 73408 "-" "Mozilla/5.0 (compatible; AhrefsBot/7.0; +http://ahrefs.com/robot/)"
157.90.177.217 - - [02/Dec/2021:10:11:29 +0100] "GET /save-queen-money-cbkreation-p-24002.html HTTP/1.0" 200 73405 "-" "Mozilla/5.0 (compatible; BLEXBot/1.0; +http://webmeup-crawler.com/)"
185.191.171.43 - - [02/Dec/2021:10:11:33 +0100] "GET /stationery-and-cardmaking/stationery-school-supplies/dance-top-model-album-coloring-p-18767.html HTTP/1.0" 301 70680 "-" "Mozilla/5.0 (compatible; SemrushBot/7~bl; +http://www.semrush.com/bot.html)"
185.191.171.18 - - [02/Dec/2021:10:11:36 +0100] "GET /-p-18767.html HTTP/1.0" 200 70613 "-" "Mozilla/5.0 (compatible; SemrushBot/7~bl; +http://www.semrush.com/bot.html)"
157.90.177.217 - - [02/Dec/2021:10:11:39 +0100] "GET /save-queen-mouse-cbkreation-p-13920.html HTTP/1.0" 200 73325 "-" "Mozilla/5.0 (compatible; BLEXBot/1.0; +http://webmeup-crawler.com/)"
157.90.177.217 - - [02/Dec/2021:10:11:45 +0100] "GET /savoie-flag-p-41655.html HTTP/1.0" 200 73271 "-" "Mozilla/5.0 (compatible; BLEXBot/1.0; +http://webmeup-crawler.com/)"
157.90.177.217 - - [02/Dec/2021:10:11:49 +0100] "GET /scent-heart-home-fresh-linen-p-43780.html HTTP/1.0" 200 73765 "-" "Mozilla/5.0 (compatible; BLEXBot/1.0; +http://webmeup-crawler.com/)"
157.90.177.217 - - [02/Dec/2021:10:11:54 +0100] "GET /scent-heart-home-grass-p-43782.html HTTP/1.0" 200 73747 "-" "Mozilla/5.0 (compatible; BLEXBot/1.0; +http://webmeup-crawler.com/)"
157.90.177.217 - - [02/Dec/2021:10:12:01 +0100] "GET /scent-heart-home-jasmine-daydream-p-43781.html HTTP/1.0" 200 73790 "-" "Mozilla/5.0 (compatible; BLEXBot/1.0; +http://webmeup-crawler.com/)"
51.68.224.127 - - [02/Dec/2021:10:12:06 +0100] "GET /adminweb/export_orders_xml.php?token=256de2z6edz6ed2z6DFSFsed2zed6zeDSFDSGdzedezfzf&maxorders=10&orderstart=1&status=14&start_date=2018-10-01 HTTP/1.0" 200 285 "-" "GesCom CharlotteBoutik Serveur"
51.68.224.127 - - [02/Dec/2021:10:12:06 +0100] "GET /adminweb/export_orders_xml.php?token=256de2z6edz6ed2z6DFSFsed2zed6zeDSFDSGdzedezfzf&maxorders=10&orderstart=1&status=6&start_date=2018-10-01 HTTP/1.0" 200 32471 "-" "GesCom CharlotteBoutik Serveur"
157.90.177.217 - - [02/Dec/2021:10:12:09 +0100] "GET /scent-heart-home-simply-p-43778.html HTTP/1.0" 200 73752 "-" "Mozilla/5.0 (compatible; BLEXBot/1.0; +http://webmeup-crawler.com/)"
157.90.177.217 - - [02/Dec/2021:10:12:13 +0100] "GET /scent-heart-home-strawberry-cream-p-43783.html HTTP/1.0" 200 73802 "-" "Mozilla/5.0 (compatible; BLEXBot/1.0; +http://webmeup-crawler.com/)"
157.90.177.217 - - [02/Dec/2021:10:12:22 +0100] "GET /scent-heart-home-sweet-black-cherries-p-43779.html HTTP/1.0" 200 73810 "-" "Mozilla/5.0 (compatible; BLEXBot/1.0; +http://webmeup-crawler.com/)"
207.46.13.202 - - [02/Dec/2021:10:12:24 +0100] "GET /small-boxes-pill-c-13_150_154.html HTTP/1.0" 200 90508 "-" "Mozilla/5.0 (compatible; bingbot/2.0; +http://www.bing.com/bingbot.htm)"
157.90.177.217 - - [02/Dec/2021:10:12:26 +0100] "GET /schoolbag-caramel-blue-butterfly-p-55617.html HTTP/1.0" 200 74636 "-" "Mozilla/5.0 (compatible; BLEXBot/1.0; +http://webmeup-crawler.com/)"
114.119.128.26 - - [02/Dec/2021:10:12:25 +0100] "GET /kimmidoll-love-elle-keychain-deco-plate-p-17975.html HTTP/1.0" 200 73783 "-" "Mozilla/5.0 (Linux; Android 7.0;) AppleWebKit/537.36 (KHTML, like Gecko) Mobile Safari/537.36 (compatible; PetalBot;+https://webmaster.petalsearch.com/site/petalbot)"
157.90.177.217 - - [02/Dec/2021:10:12:32 +0100] "GET /schoolbag-caramel-blue-rabbits-p-55928.html HTTP/1.0" 200 74486 "-" "Mozilla/5.0 (compatible; BLEXBot/1.0; +http://webmeup-crawler.com/)"
157.90.177.217 - - [02/Dec/2021:10:12:38 +0100] "GET /schoolbag-caramel-gold-glitter-p-55619.html HTTP/1.0" 200 74602 "-" "Mozilla/5.0 (compatible; BLEXBot/1.0; +http://webmeup-crawler.com/)"
157.90.177.217 - - [02/Dec/2021:10:12:43 +0100] "GET /schoolbag-caramel-little-foxes-p-48771.html HTTP/1.0" 200 74232 "-" "Mozilla/5.0 (compatible; BLEXBot/1.0; +http://webmeup-crawler.com/)"
157.90.177.217 - - [02/Dec/2021:10:12:46 +0100] "GET /schoolbag-caramel-poetic-dragonfly-p-55618.html HTTP/1.0" 200 74654 "-" "Mozilla/5.0 (compatible; BLEXBot/1.0; +http://webmeup-crawler.com/)"
157.90.177.217 - - [02/Dec/2021:10:12:52 +0100] "GET /schoolbag-caramel-wolf-p-48781.html HTTP/1.0" 200 74546 "-" "Mozilla/5.0 (compatible; BLEXBot/1.0; +http://webmeup-crawler.com/)"
157.90.177.217 - - [02/Dec/2021:10:12:58 +0100] "GET /schoolbag-caramel-wolf-p-55616.html HTTP/1.0" 200 74333 "-" "Mozilla/5.0 (compatible; BLEXBot/1.0; +http://webmeup-crawler.com/)"
157.90.177.217 - - [02/Dec/2021:10:13:06 +0100] "GET /schott-backpack-army-navy-p-44881.html HTTP/1.0" 200 74427 "-" "Mozilla/5.0 (compatible; BLEXBot/1.0; +http://webmeup-crawler.com/)"
157.90.177.217 - - [02/Dec/2021:10:13:12 +0100] "GET /schott-backpack-college-navy-p-44958.html HTTP/1.0" 200 74353 "-" "Mozilla/5.0 (compatible; BLEXBot/1.0; +http://webmeup-crawler.com/)"
157.90.177.217 - - [02/Dec/2021:10:13:16 +0100] "GET /schtroumpf-security-blanket-p-14376.html HTTP/1.0" 200 73183 "-" "Mozilla/5.0 (compatible; BLEXBot/1.0; +http://webmeup-crawler.com/)"
66.249.68.40 - - [02/Dec/2021:10:13:19 +0100] "GET /images/big_prod/8422016629006.jpg HTTP/1.0" 200 268 "-" "Googlebot-Image/1.0"
157.90.177.217 - - [02/Dec/2021:10:13:20 +0100] "GET /scooter-black-girly-keyring-p-28751.html HTTP/1.0" 200 73275 "-" "Mozilla/5.0 (compatible; BLEXBot/1.0; +http://webmeup-crawler.com/)"
54.36.149.68 - - [02/Dec/2021:10:13:23 +0100] "GET /vanellope-britto-figurine-p-48463.html HTTP/1.0" 200 74214 "-" "Mozilla/5.0 (compatible; AhrefsBot/7.0; +http://ahrefs.com/robot/)"
157.90.177.217 - - [02/Dec/2021:10:13:32 +0100] "GET /scooter-green-girly-keyring-p-28752.html HTTP/1.0" 200 73275 "-" "Mozilla/5.0 (compatible; BLEXBot/1.0; +http://webmeup-crawler.com/)"
157.90.177.217 - - [02/Dec/2021:10:13:38 +0100] "GET /scooter-pink-girly-keyring-p-28749.html HTTP/1.0" 200 73272 "-" "Mozilla/5.0 (compatible; BLEXBot/1.0; +http://webmeup-crawler.com/)"
157.90.177.217 - - [02/Dec/2021:10:13:45 +0100] "GET /scooter-wiper-coconut-fibers-p-46219.html HTTP/1.0" 200 73460 "-" "Mozilla/5.0 (compatible; BLEXBot/1.0; +http://webmeup-crawler.com/)"
114.119.128.39 - - [02/Dec/2021:10:13:49 +0100] "GET /daisy-candy-cloud-keychain-p-49762.html HTTP/1.0" 200 73282 "-" "Mozilla/5.0 (Linux; Android 7.0;) AppleWebKit/537.36 (KHTML, like Gecko) Mobile Safari/537.36 (compatible; PetalBot;+https://webmaster.petalsearch.com/site/petalbot)"
157.90.177.217 - - [02/Dec/2021:10:13:51 +0100] "GET /scooter-wiper-coconut-fibers-p-46220.html HTTP/1.0" 200 73460 "-" "Mozilla/5.0 (compatible; BLEXBot/1.0; +http://webmeup-crawler.com/)"
157.90.177.217 - - [02/Dec/2021:10:13:57 +0100] "GET /scorpio-clasic-keyring-cbkreation-p-43253.html HTTP/1.0" 200 73405 "-" "Mozilla/5.0 (compatible; BLEXBot/1.0; +http://webmeup-crawler.com/)"
157.90.177.217 - - [02/Dec/2021:10:14:00 +0100] "GET /scorpio-mousepad-cbkreation-p-43310.html HTTP/1.0" 200 73325 "-" "Mozilla/5.0 (compatible; BLEXBot/1.0; +http://webmeup-crawler.com/)"
157.90.177.217 - - [02/Dec/2021:10:14:04 +0100] "GET /scuba-clock-silver-p-48282.html HTTP/1.0" 200 73256 "-" "Mozilla/5.0 (compatible; BLEXBot/1.0; +http://webmeup-crawler.com/)"
157.90.177.217 - - [02/Dec/2021:10:14:09 +0100] "GET /seagrass-basket-p-50215.html HTTP/1.0" 200 73228 "-" "Mozilla/5.0 (compatible; BLEXBot/1.0; +http://webmeup-crawler.com/)"
157.90.177.217 - - [02/Dec/2021:10:14:14 +0100] "GET /seagrass-basket-p-50216.html HTTP/1.0" 200 73230 "-" "Mozilla/5.0 (compatible; BLEXBot/1.0; +http://webmeup-crawler.com/)"
157.90.177.217 - - [02/Dec/2021:10:14:21 +0100] "GET /seagrass-basket-p-50217.html HTTP/1.0" 200 73230 "-" "Mozilla/5.0 (compatible; BLEXBot/1.0; +http://webmeup-crawler.com/)"
157.90.177.217 - - [02/Dec/2021:10:14:26 +0100] "GET /selenite-pyramid-p-46311.html HTTP/1.0" 200 73305 "-" "Mozilla/5.0 (compatible; BLEXBot/1.0; +http://webmeup-crawler.com/)"
157.90.177.217 - - [02/Dec/2021:10:14:32 +0100] "GET /selenite-pyramid-p-46312.html HTTP/1.0" 200 73306 "-" "Mozilla/5.0 (compatible; BLEXBot/1.0; +http://webmeup-crawler.com/)"
185.191.171.7 - - [02/Dec/2021:10:14:39 +0100] "GET /porcelain-with-infuser-p-48052.html?action=add_product HTTP/1.0" 302 476 "-" "Mozilla/5.0 (compatible; SemrushBot/7~bl; +http://www.semrush.com/bot.html)"
157.90.177.217 - - [02/Dec/2021:10:14:39 +0100] "GET /selenite-pyramid-p-46313.html HTTP/1.0" 200 73299 "-" "Mozilla/5.0 (compatible; BLEXBot/1.0; +http://webmeup-crawler.com/)"
185.191.171.21 - - [02/Dec/2021:10:14:47 +0100] "GET /knight-chess-piece-silver-p-49291.html HTTP/1.0" 200 74310 "-" "Mozilla/5.0 (compatible; SemrushBot/7~bl; +http://www.semrush.com/bot.html)"
157.90.177.217 - - [02/Dec/2021:10:14:47 +0100] "GET /selenite-spiral-p-47160.html HTTP/1.0" 200 74047 "-" "Mozilla/5.0 (compatible; BLEXBot/1.0; +http://webmeup-crawler.com/)"
185.191.171.18 - - [02/Dec/2021:10:14:55 +0100] "GET /candy-small-cushion-cbkreation-p-17316.html?action=add_product HTTP/1.0" 302 476 "-" "Mozilla/5.0 (compatible; SemrushBot/7~bl; +http://www.semrush.com/bot.html)"
49.7.20.122 - - [02/Dec/2021:10:14:55 +0100] "GET / HTTP/1.0" 200 151254 "-" "Sogou web spider/4.0(+http://www.sogou.com/docs/help/webmasters.htm#07)"
157.90.177.217 - - [02/Dec/2021:10:14:57 +0100] "GET /selenite-spirale-p-44370.html HTTP/1.0" 200 73901 "-" "Mozilla/5.0 (compatible; BLEXBot/1.0; +http://webmeup-crawler.com/)"
157.90.177.217 - - [02/Dec/2021:10:15:09 +0100] "GET /senteurs-espresso-p-56489.html HTTP/1.0" 200 73273 "-" "Mozilla/5.0 (compatible; BLEXBot/1.0; +http://webmeup-crawler.com/)"
159.138.102.98 - - [02/Dec/2021:10:15:11 +0100] "GET /images/big_prod/045544924689.jpg HTTP/1.0" 200 267 "-" "Mozilla/5.0 (Linux; Android 7.0;) AppleWebKit/537.36 (KHTML, like Gecko) Mobile Safari/537.36 (compatible; PetalBot;+https://webmaster.petalsearch.com/site/petalbot)"
54.36.148.24 - - [02/Dec/2021:10:15:12 +0100] "GET /anna-disney-frozen-secret-collection-p-29098.html HTTP/1.0" 200 73550 "-" "Mozilla/5.0 (compatible; AhrefsBot/7.0; +http://ahrefs.com/robot/)"
157.90.177.217 - - [02/Dec/2021:10:15:13 +0100] "GET /senteurs-moroccan-ashtray-p-47859.html HTTP/1.0" 200 73227 "-" "Mozilla/5.0 (compatible; BLEXBot/1.0; +http://webmeup-crawler.com/)"
216.244.66.242 - - [02/Dec/2021:10:15:13 +0100] "GET /3d-pvc-stickers-despicable-me-p-37020.html HTTP/1.0" 301 73394 "-" "Mozilla/5.0 (compatible; DotBot/1.2; +https://opensiteexplorer.org/dotbot; help@moz.com)"
157.90.177.217 - - [02/Dec/2021:10:15:19 +0100] "GET /service-moneybox-p-37053.html HTTP/1.0" 200 73244 "-" "Mozilla/5.0 (compatible; BLEXBot/1.0; +http://webmeup-crawler.com/)"
118.174.160.165 - - [02/Dec/2021:10:15:21 +0100] "POST /contact_us.php?action=send HTTP/1.0" 200 26485 "http://www.wonder-geek.com/contact_us.php" "Mozilla/5.0 (Windows NT 10.0; Win64; x64) AppleWebKit/537.36 (KHTML, like Gecko) Chrome/83.0.4103.61 Safari/537.36 Edg/83.0.478.37"
185.191.171.38 - - [02/Dec/2021:10:15:26 +0100] "GET /root-chakra-cushion-by-cbkreation-p-46832.html HTTP/1.0" 301 70826 "-" "Mozilla/5.0 (compatible; SemrushBot/7~bl; +http://www.semrush.com/bot.html)"
157.90.177.217 - - [02/Dec/2021:10:15:26 +0100] "GET /sextant-brass-with-p-47427.html HTTP/1.0" 200 73872 "-" "Mozilla/5.0 (compatible; BLEXBot/1.0; +http://webmeup-crawler.com/)"
216.244.66.242 - - [02/Dec/2021:10:15:28 +0100] "GET /fragrance-sachet-cotton-soft-p-40560.html HTTP/1.0" 301 70680 "-" "Mozilla/5.0 (compatible; DotBot/1.2; +https://opensiteexplorer.org/dotbot; help@moz.com)"
185.191.171.33 - - [02/Dec/2021:10:15:29 +0100] "GET /root-chakra-cushion-cbkreation-p-46832.html HTTP/1.0" 200 70729 "-" "Mozilla/5.0 (compatible; SemrushBot/7~bl; +http://www.semrush.com/bot.html)"
157.90.177.217 - - [02/Dec/2021:10:15:32 +0100] "GET /sexy-canvas-frame-p-36676.html HTTP/1.0" 200 73329 "-" "Mozilla/5.0 (compatible; BLEXBot/1.0; +http://webmeup-crawler.com/)"
157.90.177.217 - - [02/Dec/2021:10:15:38 +0100] "GET /sexy-girl-large-cabas-p-39722.html HTTP/1.0" 200 73285 "-" "Mozilla/5.0 (compatible; BLEXBot/1.0; +http://webmeup-crawler.com/)"
216.244.66.242 - - [02/Dec/2021:10:15:41 +0100] "GET /mater-money-box-p-15642.html HTTP/1.0" 301 73577 "-" "Mozilla/5.0 (compatible; DotBot/1.2; +https://opensiteexplorer.org/dotbot; help@moz.com)"
157.90.177.217 - - [02/Dec/2021:10:15:42 +0100] "GET /sexy-pink-cover-ipad-tablets-p-17614.html HTTP/1.0" 200 76071 "-" "Mozilla/5.0 (compatible; BLEXBot/1.0; +http://webmeup-crawler.com/)"
157.90.177.217 - - [02/Dec/2021:10:15:48 +0100] "GET /shadow-cats-p-45720.html HTTP/1.0" 200 73175 "-" "Mozilla/5.0 (compatible; BLEXBot/1.0; +http://webmeup-crawler.com/)"
157.90.177.217 - - [02/Dec/2021:10:15:55 +0100] "GET /shadow-frame-cats-dubout-threesome-p-38860.html HTTP/1.0" 200 73852 "-" "Mozilla/5.0 (compatible; BLEXBot/1.0; +http://webmeup-crawler.com/)"
157.90.177.217 - - [02/Dec/2021:10:16:00 +0100] "GET /shaped-clock-p-38097.html HTTP/1.0" 200 73368 "-" "Mozilla/5.0 (compatible; BLEXBot/1.0; +http://webmeup-crawler.com/)"
216.244.66.242 - - [02/Dec/2021:10:16:01 +0100] "GET /pink-flamingo-moneybox-p-38834.html HTTP/1.0" 301 70680 "-" "Mozilla/5.0 (compatible; DotBot/1.2; +https://opensiteexplorer.org/dotbot; help@moz.com)"
66.249.79.88 - - [02/Dec/2021:10:16:04 +0100] "GET /ads.txt HTTP/1.0" 301 525 "-" "Mozilla/5.0 (compatible; Googlebot/2.1; +http://www.google.com/bot.html)"
157.90.177.217 - - [02/Dec/2021:10:16:11 +0100] "GET /shaped-clock-p-38098.html HTTP/1.0" 200 73368 "-" "Mozilla/5.0 (compatible; BLEXBot/1.0; +http://webmeup-crawler.com/)"
216.244.66.242 - - [02/Dec/2021:10:16:18 +0100] "GET /small-ceramic-lamp-white-p-41262.html HTTP/1.0" 301 70680 "-" "Mozilla/5.0 (compatible; DotBot/1.2; +https://opensiteexplorer.org/dotbot; help@moz.com)"
157.90.177.217 - - [02/Dec/2021:10:16:21 +0100] "GET /shaped-night-light-p-56208.html HTTP/1.0" 200 74051 "-" "Mozilla/5.0 (compatible; BLEXBot/1.0; +http://webmeup-crawler.com/)"
157.90.177.217 - - [02/Dec/2021:10:16:24 +0100] "GET /sharpei-keychains-p-26300.html HTTP/1.0" 200 73240 "-" "Mozilla/5.0 (compatible; BLEXBot/1.0; +http://webmeup-crawler.com/)"
157.90.177.217 - - [02/Dec/2021:10:16:29 +0100] "GET /shasta-sage-smudge-large-p-40515.html HTTP/1.0" 200 74116 "-" "Mozilla/5.0 (compatible; BLEXBot/1.0; +http://webmeup-crawler.com/)"
114.119.128.253 - - [02/Dec/2021:10:16:31 +0100] "GET /images/mini_prod/3503420505294.jpg HTTP/1.0" 200 269 "-" "Mozilla/5.0 (Linux; Android 7.0;) AppleWebKit/537.36 (KHTML, like Gecko) Mobile Safari/537.36 (compatible; PetalBot;+https://webmaster.petalsearch.com/site/petalbot)"
216.244.66.242 - - [02/Dec/2021:10:16:31 +0100] "GET /superman-montage-comic-poster-p-27250.html HTTP/1.0" 200 70749 "-" "Mozilla/5.0 (compatible; DotBot/1.2; +https://opensiteexplorer.org/dotbot; help@moz.com)"
157.90.177.217 - - [02/Dec/2021:10:16:36 +0100] "GET /sheep-polar-blanket-p-56926.html HTTP/1.0" 200 74133 "-" "Mozilla/5.0 (compatible; BLEXBot/1.0; +http://webmeup-crawler.com/)"
157.90.177.217 - - [02/Dec/2021:10:16:41 +0100] "GET /shelf-mailbox-metal-p-42352.html HTTP/1.0" 200 73916 "-" "Mozilla/5.0 (compatible; BLEXBot/1.0; +http://webmeup-crawler.com/)"
157.90.177.217 - - [02/Dec/2021:10:16:48 +0100] "GET /shiny-skull-moneybox-p-45236.html HTTP/1.0" 200 73247 "-" "Mozilla/5.0 (compatible; BLEXBot/1.0; +http://webmeup-crawler.com/)"
185.191.171.44 - - [02/Dec/2021:10:16:53 +0100] "GET /cotton-mattress-140-190-25-cm-to-boil-p-48989.html HTTP/1.0" 301 73561 "-" "Mozilla/5.0 (compatible; SemrushBot/7~bl; +http://www.semrush.com/bot.html)"
157.90.177.217 - - [02/Dec/2021:10:16:55 +0100] "GET /shiny-skull-moneybox-p-45237.html HTTP/1.0" 200 73224 "-" "Mozilla/5.0 (compatible; BLEXBot/1.0; +http://webmeup-crawler.com/)"
185.191.171.41 - - [02/Dec/2021:10:16:56 +0100] "GET /cotton-mattress-boil-p-48989.html HTTP/1.0" 200 73474 "-" "Mozilla/5.0 (compatible; SemrushBot/7~bl; +http://www.semrush.com/bot.html)"
185.191.171.22 - - [02/Dec/2021:10:17:00 +0100] "GET /wooden-sticker-strips-p-53567.html HTTP/1.0" 301 70680 "-" "Mozilla/5.0 (compatible; SemrushBot/7~bl; +http://www.semrush.com/bot.html)"
157.55.39.228 - - [02/Dec/2021:10:17:01 +0100] "GET /images/35DSCN8195.jpg HTTP/1.0" 200 256 "-" "Mozilla/5.0 (compatible; bingbot/2.0; +http://www.bing.com/bingbot.htm)"
157.90.177.217 - - [02/Dec/2021:10:17:00 +0100] "GET /shiny-skull-moneybox-p-45238.html HTTP/1.0" 200 73248 "-" "Mozilla/5.0 (compatible; BLEXBot/1.0; +http://webmeup-crawler.com/)"
54.36.148.179 - - [02/Dec/2021:10:17:02 +0100] "GET /ivory-sandstone-lamp-p-56456.html HTTP/1.0" 200 73994 "-" "Mozilla/5.0 (compatible; AhrefsBot/7.0; +http://ahrefs.com/robot/)"
157.90.177.217 - - [02/Dec/2021:10:17:09 +0100] "GET /shiny-skull-moneybox-p-45239.html HTTP/1.0" 200 73247 "-" "Mozilla/5.0 (compatible; BLEXBot/1.0; +http://webmeup-crawler.com/)"
95.143.74.68 - - [02/Dec/2021:10:17:13 +0100] "GET /microfiber-bolster-p-39798.html HTTP/1.0" 200 73378 "https://www.google.com/" "Mozilla/5.0 (Windows NT 10.0; Win64; x64) AppleWebKit/537.36 (KHTML, like Gecko) Chrome/96.0.4664.55 Safari/537.36 Edg/96.0.1054.34"
95.143.74.68 - - [02/Dec/2021:10:17:15 +0100] "GET /templates/Pixame_v1/stylesheet.css HTTP/1.0" 200 267 "http://www.wonder-geek.com/microfiber-bolster-p-39798.html" "Mozilla/5.0 (Windows NT 10.0; Win64; x64) AppleWebKit/537.36 (KHTML, like Gecko) Chrome/96.0.4664.55 Safari/537.36 Edg/96.0.1054.34"
95.143.74.68 - - [02/Dec/2021:10:17:15 +0100] "GET /highslide/highslide.js HTTP/1.0" 200 262 "http://www.wonder-geek.com/microfiber-bolster-p-39798.html" "Mozilla/5.0 (Windows NT 10.0; Win64; x64) AppleWebKit/537.36 (KHTML, like Gecko) Chrome/96.0.4664.55 Safari/537.36 Edg/96.0.1054.34"
95.143.74.68 - - [02/Dec/2021:10:17:15 +0100] "GET /js/jquery.js HTTP/1.0" 200 252 "http://www.wonder-geek.com/microfiber-bolster-p-39798.html" "Mozilla/5.0 (Windows NT 10.0; Win64; x64) AppleWebKit/537.36 (KHTML, like Gecko) Chrome/96.0.4664.55 Safari/537.36 Edg/96.0.1054.34"
95.143.74.68 - - [02/Dec/2021:10:17:15 +0100] "GET /js/jquery.jqzoom.js HTTP/1.0" 200 259 "http://www.wonder-geek.com/microfiber-bolster-p-39798.html" "Mozilla/5.0 (Windows NT 10.0; Win64; x64) AppleWebKit/537.36 (KHTML, like Gecko) Chrome/96.0.4664.55 Safari/537.36 Edg/96.0.1054.34"
95.143.74.68 - - [02/Dec/2021:10:17:15 +0100] "GET /mondial_relay/js/jquery-1.3.2.min.js HTTP/1.0" 200 276 "http://www.wonder-geek.com/microfiber-bolster-p-39798.html" "Mozilla/5.0 (Windows NT 10.0; Win64; x64) AppleWebKit/537.36 (KHTML, like Gecko) Chrome/96.0.4664.55 Safari/537.36 Edg/96.0.1054.34"
95.143.74.68 - - [02/Dec/2021:10:17:15 +0100] "GET /swfobject.js HTTP/1.0" 404 1308 "http://www.wonder-geek.com/microfiber-bolster-p-39798.html" "Mozilla/5.0 (Windows NT 10.0; Win64; x64) AppleWebKit/537.36 (KHTML, like Gecko) Chrome/96.0.4664.55 Safari/537.36 Edg/96.0.1054.34"
95.143.74.68 - - [02/Dec/2021:10:17:15 +0100] "GET /templates/Pixame_v1/images/icon_accueil2.png HTTP/1.0" 200 278 "http://www.wonder-geek.com/microfiber-bolster-p-39798.html" "Mozilla/5.0 (Windows NT 10.0; Win64; x64) AppleWebKit/537.36 (KHTML, like Gecko) Chrome/96.0.4664.55 Safari/537.36 Edg/96.0.1054.34"
95.143.74.68 - - [02/Dec/2021:10:17:15 +0100] "GET /templates/Pixame_v1/images/infobox/pixel_trans.gif HTTP/1.0" 200 328 "http://www.wonder-geek.com/microfiber-bolster-p-39798.html" "Mozilla/5.0 (Windows NT 10.0; Win64; x64) AppleWebKit/537.36 (KHTML, like Gecko) Chrome/96.0.4664.55 Safari/537.36 Edg/96.0.1054.34"
95.143.74.68 - - [02/Dec/2021:10:17:15 +0100] "GET /images/pixel_trans.gif HTTP/1.0" 200 328 "http://www.wonder-geek.com/microfiber-bolster-p-39798.html" "Mozilla/5.0 (Windows NT 10.0; Win64; x64) AppleWebKit/537.36 (KHTML, like Gecko) Chrome/96.0.4664.55 Safari/537.36 Edg/96.0.1054.34"
95.143.74.68 - - [02/Dec/2021:10:17:15 +0100] "GET /templates/Pixame_v1/images/pixel_trans.gif HTTP/1.0" 200 328 "http://www.wonder-geek.com/microfiber-bolster-p-39798.html" "Mozilla/5.0 (Windows NT 10.0; Win64; x64) AppleWebKit/537.36 (KHTML, like Gecko) Chrome/96.0.4664.55 Safari/537.36 Edg/96.0.1054.34"
95.143.74.68 - - [02/Dec/2021:10:17:15 +0100] "GET /images/big_prod/3574642859403.jpg HTTP/1.0" 200 268 "http://www.wonder-geek.com/microfiber-bolster-p-39798.html" "Mozilla/5.0 (Windows NT 10.0; Win64; x64) AppleWebKit/537.36 (KHTML, like Gecko) Chrome/96.0.4664.55 Safari/537.36 Edg/96.0.1054.34"
95.143.74.68 - - [02/Dec/2021:10:17:15 +0100] "GET /templates/Pixame_v1/images/buttons/english/button_in_cart.gif HTTP/1.0" 200 295 "http://www.wonder-geek.com/microfiber-bolster-p-39798.html" "Mozilla/5.0 (Windows NT 10.0; Win64; x64) AppleWebKit/537.36 (KHTML, like Gecko) Chrome/96.0.4664.55 Safari/537.36 Edg/96.0.1054.34"
95.143.74.68 - - [02/Dec/2021:10:17:15 +0100] "GET /templates/Pixame_v1/images/Bottom_texture.jpg HTTP/1.0" 200 280 "http://www.wonder-geek.com/templates/Pixame_v1/stylesheet.css" "Mozilla/5.0 (Windows NT 10.0; Win64; x64) AppleWebKit/537.36 (KHTML, like Gecko) Chrome/96.0.4664.55 Safari/537.36 Edg/96.0.1054.34"
95.143.74.68 - - [02/Dec/2021:10:17:15 +0100] "GET /templates/Pixame_v1/images/Middle_texture.jpg HTTP/1.0" 200 280 "http://www.wonder-geek.com/templates/Pixame_v1/stylesheet.css" "Mozilla/5.0 (Windows NT 10.0; Win64; x64) AppleWebKit/537.36 (KHTML, like Gecko) Chrome/96.0.4664.55 Safari/537.36 Edg/96.0.1054.34"
95.143.74.68 - - [02/Dec/2021:10:17:15 +0100] "GET /templates/Pixame_v1/images/nav.png HTTP/1.0" 200 268 "http://www.wonder-geek.com/templates/Pixame_v1/stylesheet.css" "Mozilla/5.0 (Windows NT 10.0; Win64; x64) AppleWebKit/537.36 (KHTML, like Gecko) Chrome/96.0.4664.55 Safari/537.36 Edg/96.0.1054.34"
95.143.74.68 - - [02/Dec/2021:10:17:15 +0100] "GET /templates/Pixame_v1/images/header.png HTTP/1.0" 200 271 "http://www.wonder-geek.com/templates/Pixame_v1/stylesheet.css" "Mozilla/5.0 (Windows NT 10.0; Win64; x64) AppleWebKit/537.36 (KHTML, like Gecko) Chrome/96.0.4664.55 Safari/537.36 Edg/96.0.1054.34"
95.143.74.68 - - [02/Dec/2021:10:17:15 +0100] "GET /templates/Pixame_v1/images/header-object.png HTTP/1.0" 200 278 "http://www.wonder-geek.com/templates/Pixame_v1/stylesheet.css" "Mozilla/5.0 (Windows NT 10.0; Win64; x64) AppleWebKit/537.36 (KHTML, like Gecko) Chrome/96.0.4664.55 Safari/537.36 Edg/96.0.1054.34"
95.143.74.68 - - [02/Dec/2021:10:17:15 +0100] "GET /design/productsenstock.png HTTP/1.0" 200 260 "http://www.wonder-geek.com/templates/Pixame_v1/stylesheet.css" "Mozilla/5.0 (Windows NT 10.0; Win64; x64) AppleWebKit/537.36 (KHTML, like Gecko) Chrome/96.0.4664.55 Safari/537.36 Edg/96.0.1054.34"
95.143.74.68 - - [02/Dec/2021:10:17:15 +0100] "GET /templates/Pixame_v1/images/infobox/infobox_footer_middle.gif HTTP/1.0" 200 357 "http://www.wonder-geek.com/microfiber-bolster-p-39798.html" "Mozilla/5.0 (Windows NT 10.0; Win64; x64) AppleWebKit/537.36 (KHTML, like Gecko) Chrome/96.0.4664.55 Safari/537.36 Edg/96.0.1054.34"
95.143.74.68 - - [02/Dec/2021:10:17:15 +0100] "GET /highslide/graphics/zoomin.cur HTTP/1.0" 200 614 "http://www.wonder-geek.com/templates/Pixame_v1/stylesheet.css" "Mozilla/5.0 (Windows NT 10.0; Win64; x64) AppleWebKit/537.36 (KHTML, like Gecko) Chrome/96.0.4664.55 Safari/537.36 Edg/96.0.1054.34"
95.143.74.68 - - [02/Dec/2021:10:17:15 +0100] "GET /highslide/graphics/zoomout.cur HTTP/1.0" 200 614 "http://www.wonder-geek.com/microfiber-bolster-p-39798.html" "Mozilla/5.0 (Windows NT 10.0; Win64; x64) AppleWebKit/537.36 (KHTML, like Gecko) Chrome/96.0.4664.55 Safari/537.36 Edg/96.0.1054.34"
95.143.74.68 - - [02/Dec/2021:10:17:15 +0100] "GET /highslide/graphics/outlines/drop-shadow.png HTTP/1.0" 200 277 "http://www.wonder-geek.com/microfiber-bolster-p-39798.html" "Mozilla/5.0 (Windows NT 10.0; Win64; x64) AppleWebKit/537.36 (KHTML, like Gecko) Chrome/96.0.4664.55 Safari/537.36 Edg/96.0.1054.34"
95.143.74.68 - - [02/Dec/2021:10:17:15 +0100] "GET /highslide/graphics/loader.white.gif HTTP/1.0" 200 960 "http://www.wonder-geek.com/templates/Pixame_v1/stylesheet.css" "Mozilla/5.0 (Windows NT 10.0; Win64; x64) AppleWebKit/537.36 (KHTML, like Gecko) Chrome/96.0.4664.55 Safari/537.36 Edg/96.0.1054.34"
95.143.74.68 - - [02/Dec/2021:10:17:15 +0100] "GET /favicon.ico HTTP/1.0" 200 260 "http://www.wonder-geek.com/microfiber-bolster-p-39798.html" "Mozilla/5.0 (Windows NT 10.0; Win64; x64) AppleWebKit/537.36 (KHTML, like Gecko) Chrome/96.0.4664.55 Safari/537.36 Edg/96.0.1054.34"
157.90.177.217 - - [02/Dec/2021:10:17:17 +0100] "GET /shoe-diva-metal-plate-deco-p-34295.html HTTP/1.0" 200 73350 "-" "Mozilla/5.0 (compatible; BLEXBot/1.0; +http://webmeup-crawler.com/)"
157.55.39.108 - - [02/Dec/2021:10:17:27 +0100] "GET /images/3700057117672.jpg HTTP/1.0" 200 259 "-" "Mozilla/5.0 (compatible; bingbot/2.0; +http://www.bing.com/bingbot.htm)"
157.90.177.217 - - [02/Dec/2021:10:17:29 +0100] "GET /shooters-their-resin-display-stand-p-42771.html HTTP/1.0" 200 73405 "-" "Mozilla/5.0 (compatible; BLEXBot/1.0; +http://webmeup-crawler.com/)"
157.90.177.217 - - [02/Dec/2021:10:17:34 +0100] "GET /shopping-cats-p-45438.html HTTP/1.0" 200 73307 "-" "Mozilla/5.0 (compatible; BLEXBot/1.0; +http://webmeup-crawler.com/)"
95.143.74.68 - - [02/Dec/2021:10:17:39 +0100] "GET /microfiber-bolster-p-35012.html HTTP/1.0" 200 73379 "https://www.google.com/" "Mozilla/5.0 (Windows NT 10.0; Win64; x64) AppleWebKit/537.36 (KHTML, like Gecko) Chrome/96.0.4664.55 Safari/537.36 Edg/96.0.1054.34"
95.143.74.68 - - [02/Dec/2021:10:17:40 +0100] "GET /swfobject.js HTTP/1.0" 404 1308 "http://www.wonder-geek.com/microfiber-bolster-p-35012.html" "Mozilla/5.0 (Windows NT 10.0; Win64; x64) AppleWebKit/537.36 (KHTML, like Gecko) Chrome/96.0.4664.55 Safari/537.36 Edg/96.0.1054.34"
95.143.74.68 - - [02/Dec/2021:10:17:40 +0100] "GET /images/med_prod/3574642859403.jpg HTTP/1.0" 200 268 "http://www.wonder-geek.com/microfiber-bolster-p-35012.html" "Mozilla/5.0 (Windows NT 10.0; Win64; x64) AppleWebKit/537.36 (KHTML, like Gecko) Chrome/96.0.4664.55 Safari/537.36 Edg/96.0.1054.34"
157.90.177.217 - - [02/Dec/2021:10:17:40 +0100] "GET /shopping-cats-p-45439.html HTTP/1.0" 200 73309 "-" "Mozilla/5.0 (compatible; BLEXBot/1.0; +http://webmeup-crawler.com/)"
185.191.171.12 - - [02/Dec/2021:10:17:43 +0100] "GET /induction-charger-alarm-clock-p-53134.html HTTP/1.0" 200 74091 "-" "Mozilla/5.0 (compatible; SemrushBot/7~bl; +http://www.semrush.com/bot.html)"
157.90.177.217 - - [02/Dec/2021:10:17:45 +0100] "GET /shot-glasses-paris-saint-germain-p-46525.html HTTP/1.0" 200 73437 "-" "Mozilla/5.0 (compatible; BLEXBot/1.0; +http://webmeup-crawler.com/)"
157.90.177.217 - - [02/Dec/2021:10:17:51 +0100] "GET /shoulder-blue-with-chakra-symbols-p-45360.html HTTP/1.0" 200 73703 "-" "Mozilla/5.0 (compatible; BLEXBot/1.0; +http://webmeup-crawler.com/)"
106.11.157.17 - - [02/Dec/2021:10:17:54 +0100] "GET /images/mini_prod/8009233802391.jpg HTTP/1.0" 200 269 "http://www.wonder-geek.com/backpacks-c-31_77.html" "YisouSpider"
114.119.128.253 - - [02/Dec/2021:10:17:58 +0100] "GET /light-brown-fitted-sheet-90-190-cm-p-39683.html HTTP/1.0" 301 74029 "-" "Mozilla/5.0 (Linux; Android 7.0;) AppleWebKit/537.36 (KHTML, like Gecko) Mobile Safari/537.36 (compatible; PetalBot;+https://webmaster.petalsearch.com/site/petalbot)"
157.90.177.217 - - [02/Dec/2021:10:17:58 +0100] "GET /shoulder-jasmine-jasmin-p-39252.html HTTP/1.0" 200 74199 "-" "Mozilla/5.0 (compatible; BLEXBot/1.0; +http://webmeup-crawler.com/)"
114.119.128.253 - - [02/Dec/2021:10:18:03 +0100] "GET /light-brown-fitted-sheet-p-39683.html HTTP/1.0" 200 73938 "-" "Mozilla/5.0 (Linux; Android 7.0;) AppleWebKit/537.36 (KHTML, like Gecko) Mobile Safari/537.36 (compatible; PetalBot;+https://webmaster.petalsearch.com/site/petalbot)"
185.191.171.5 - - [02/Dec/2021:10:18:07 +0100] "GET /retro-cv-shoulder-bag-p-18991.html HTTP/1.0" 301 73634 "-" "Mozilla/5.0 (compatible; SemrushBot/7~bl; +http://www.semrush.com/bot.html)"
157.90.177.217 - - [02/Dec/2021:10:18:07 +0100] "GET /shoulder-jasmine-jasmin-p-43134.html HTTP/1.0" 200 74199 "-" "Mozilla/5.0 (compatible; BLEXBot/1.0; +http://webmeup-crawler.com/)"
185.191.171.36 - - [02/Dec/2021:10:18:10 +0100] "GET /retro-shoulder-p-18991.html HTTP/1.0" 200 73553 "-" "Mozilla/5.0 (compatible; SemrushBot/7~bl; +http://www.semrush.com/bot.html)"
157.90.177.217 - - [02/Dec/2021:10:18:13 +0100] "GET /silicone-case-iphone-happy-colors-black-mystery-p-22380.html HTTP/1.0" 200 73573 "-" "Mozilla/5.0 (compatible; BLEXBot/1.0; +http://webmeup-crawler.com/)"
157.90.177.217 - - [02/Dec/2021:10:18:22 +0100] "GET /robots.txt HTTP/1.0" 301 531 "-" "Mozilla/5.0 (compatible; BLEXBot/1.0; +http://webmeup-crawler.com/)"
157.90.177.217 - - [02/Dec/2021:10:18:22 +0100] "GET /robots.txt HTTP/1.0" 200 245 "-" "Mozilla/5.0 (compatible; BLEXBot/1.0; +http://webmeup-crawler.com/)"
157.90.177.217 - - [02/Dec/2021:10:18:22 +0100] "GET /silicone-case-iphone-happy-colors-energy-p-22375.html HTTP/1.0" 200 73261 "-" "Mozilla/5.0 (compatible; BLEXBot/1.0; +http://webmeup-crawler.com/)"
157.90.177.217 - - [02/Dec/2021:10:18:28 +0100] "GET /silicone-case-iphone-happy-colors-pink-love-p-22378.html HTTP/1.0" 200 73537 "-" "Mozilla/5.0 (compatible; BLEXBot/1.0; +http://webmeup-crawler.com/)"
40.77.167.66 - - [02/Dec/2021:10:18:29 +0100] "GET /fitted-sheet-c-11_193.html HTTP/1.0" 200 91202 "-" "Mozilla/5.0 (compatible; bingbot/2.0; +http://www.bing.com/bingbot.htm)"
157.90.177.217 - - [02/Dec/2021:10:18:33 +0100] "GET /silicone-infuser-p-39702.html HTTP/1.0" 200 73854 "-" "Mozilla/5.0 (compatible; BLEXBot/1.0; +http://webmeup-crawler.com/)"
207.46.13.202 - - [02/Dec/2021:10:18:34 +0100] "GET /index.php HTTP/1.0" 200 151638 "-" "Mozilla/5.0 (compatible; bingbot/2.0; +http://www.bing.com/bingbot.htm)"
185.191.171.43 - - [02/Dec/2021:10:18:35 +0100] "GET /cushion-cover-turquoise-60-60-cm-p-34644.html HTTP/1.0" 301 70680 "-" "Mozilla/5.0 (compatible; SemrushBot/7~bl; +http://www.semrush.com/bot.html)"
185.191.171.41 - - [02/Dec/2021:10:18:40 +0100] "GET /-p-34644.html HTTP/1.0" 200 70613 "-" "Mozilla/5.0 (compatible; SemrushBot/7~bl; +http://www.semrush.com/bot.html)"
157.90.177.217 - - [02/Dec/2021:10:18:40 +0100] "GET /silver-skull-money-p-27602.html HTTP/1.0" 200 73241 "-" "Mozilla/5.0 (compatible; BLEXBot/1.0; +http://webmeup-crawler.com/)"
157.90.177.217 - - [02/Dec/2021:10:18:50 +0100] "GET /silver-wall-mirror-p-51800.html HTTP/1.0" 200 74012 "-" "Mozilla/5.0 (compatible; BLEXBot/1.0; +http://webmeup-crawler.com/)"
157.90.177.217 - - [02/Dec/2021:10:18:56 +0100] "GET /simpsons-p-27551.html HTTP/1.0" 200 73218 "-" "Mozilla/5.0 (compatible; BLEXBot/1.0; +http://webmeup-crawler.com/)"
54.36.148.95 - - [02/Dec/2021:10:18:57 +0100] "GET /pokemon-swimsuit-p-30590.html HTTP/1.0" 200 74360 "-" "Mozilla/5.0 (compatible; AhrefsBot/7.0; +http://ahrefs.com/robot/)"
185.191.171.3 - - [02/Dec/2021:10:19:00 +0100] "GET /tequila-coasters-p-51778.html?action=add_product HTTP/1.0" 302 476 "-" "Mozilla/5.0 (compatible; SemrushBot/7~bl; +http://www.semrush.com/bot.html)"
157.90.177.217 - - [02/Dec/2021:10:19:03 +0100] "GET /simpsons-p-27553.html HTTP/1.0" 200 73218 "-" "Mozilla/5.0 (compatible; BLEXBot/1.0; +http://webmeup-crawler.com/)"
157.90.177.217 - - [02/Dec/2021:10:19:09 +0100] "GET /simpsons-p-27554.html HTTP/1.0" 200 73218 "-" "Mozilla/5.0 (compatible; BLEXBot/1.0; +http://webmeup-crawler.com/)"
49.7.20.122 - - [02/Dec/2021:10:19:14 +0100] "GET / HTTP/1.0" 200 151558 "-" "Sogou web spider/4.0(+http://www.sogou.com/docs/help/webmasters.htm#07)"
157.90.177.217 - - [02/Dec/2021:10:19:15 +0100] "GET /simpsons-p-27555.html HTTP/1.0" 200 73201 "-" "Mozilla/5.0 (compatible; BLEXBot/1.0; +http://webmeup-crawler.com/)"
114.119.128.253 - - [02/Dec/2021:10:19:20 +0100] "GET /york-flag-sticker-p-35395.html HTTP/1.0" 200 73269 "-" "Mozilla/5.0 (Linux; Android 7.0;) AppleWebKit/537.36 (KHTML, like Gecko) Mobile Safari/537.36 (compatible; PetalBot;+https://webmaster.petalsearch.com/site/petalbot)"
157.90.177.217 - - [02/Dec/2021:10:19:24 +0100] "GET /singing-bowl-chakra-heart-green-p-42129.html HTTP/1.0" 200 73372 "-" "Mozilla/5.0 (compatible; BLEXBot/1.0; +http://webmeup-crawler.com/)"
120.92.83.223 - - [02/Dec/2021:10:19:26 +0100] "GET /images/mini_prod/3661443610439.jpg HTTP/1.0" 200 269 "-" "Mozilla/5.0 (Macintosh; Intel Mac OS X 10_6_4) AppleWebKit/534.30 (KHTML, like Gecko) Chrome/12.0.742.100 Safari/534.30"
157.55.39.108 - - [02/Dec/2021:10:19:28 +0100] "GET /dark-gray-sandstone-lamp-p-56457.html HTTP/1.0" 200 73999 "-" "Mozilla/5.0 (compatible; bingbot/2.0; +http://www.bing.com/bingbot.htm)"
157.90.177.217 - - [02/Dec/2021:10:19:32 +0100] "GET /singing-bowl-chakra-solar-plexus-yellow-p-42128.html HTTP/1.0" 200 73436 "-" "Mozilla/5.0 (compatible; BLEXBot/1.0; +http://webmeup-crawler.com/)"
185.191.171.42 - - [02/Dec/2021:10:19:35 +0100] "GET /sentiment-towel-kitchen-towel-p-43638.html?action=add_product HTTP/1.0" 302 476 "-" "Mozilla/5.0 (compatible; SemrushBot/7~bl; +http://www.semrush.com/bot.html)"
185.191.171.21 - - [02/Dec/2021:10:19:37 +0100] "GET /home-decoration-c-13.html?page=69 HTTP/1.0" 200 93261 "-" "Mozilla/5.0 (compatible; SemrushBot/7~bl; +http://www.semrush.com/bot.html)"
157.90.177.217 - - [02/Dec/2021:10:19:39 +0100] "GET /singing-bowl-chakra-throat-blue-p-42130.html HTTP/1.0" 200 73372 "-" "Mozilla/5.0 (compatible; BLEXBot/1.0; +http://webmeup-crawler.com/)"
157.90.177.217 - - [02/Dec/2021:10:19:50 +0100] "GET /singing-bowl-p-35426.html HTTP/1.0" 200 73194 "-" "Mozilla/5.0 (compatible; BLEXBot/1.0; +http://webmeup-crawler.com/)"
185.191.171.33 - - [02/Dec/2021:10:19:53 +0100] "GET /britto-limited-edition-numbered-statuette-p-46426.html?action=add_product HTTP/1.0" 302 476 "-" "Mozilla/5.0 (compatible; SemrushBot/7~bl; +http://www.semrush.com/bot.html)"
157.90.177.217 - - [02/Dec/2021:10:19:57 +0100] "GET /singing-bowl-p-36057.html HTTP/1.0" 200 73198 "-" "Mozilla/5.0 (compatible; BLEXBot/1.0; +http://webmeup-crawler.com/)"
157.90.177.217 - - [02/Dec/2021:10:20:00 +0100] "GET /singing-bowl-p-36058.html HTTP/1.0" 200 73201 "-" "Mozilla/5.0 (compatible; BLEXBot/1.0; +http://webmeup-crawler.com/)"
20.109.131.231 - - [02/Dec/2021:10:20:06 +0100] "GET /images/big_prod/3609810075177.jpg HTTP/1.0" 200 268 "-" "Mozilla/5.0 (Windows NT 10.0; WOW64) AppleWebKit/537.36 (KHTML, like Gecko) Chrome/64.0.3282.186 Safari/537.36"
157.90.177.217 - - [02/Dec/2021:10:20:07 +0100] "GET /singing-bowl-p-42027.html HTTP/1.0" 200 73205 "-" "Mozilla/5.0 (compatible; BLEXBot/1.0; +http://webmeup-crawler.com/)"
185.191.171.36 - - [02/Dec/2021:10:20:12 +0100] "GET /little-buddha-collection-statuette-blue-p-50231.html?action=add_product HTTP/1.0" 302 476 "-" "Mozilla/5.0 (compatible; SemrushBot/7~bl; +http://www.semrush.com/bot.html)"
157.90.177.217 - - [02/Dec/2021:10:20:19 +0100] "GET /singing-bowl-p-50831.html HTTP/1.0" 200 73199 "-" "Mozilla/5.0 (compatible; BLEXBot/1.0; +http://webmeup-crawler.com/)"
157.90.177.217 - - [02/Dec/2021:10:20:27 +0100] "GET /skull-ashtray-p-41714.html HTTP/1.0" 200 73153 "-" "Mozilla/5.0 (compatible; BLEXBot/1.0; +http://webmeup-crawler.com/)"
157.90.177.217 - - [02/Dec/2021:10:20:32 +0100] "GET /skull-black-leather-bracelet-p-38474.html HTTP/1.0" 200 73305 "-" "Mozilla/5.0 (compatible; BLEXBot/1.0; +http://webmeup-crawler.com/)"
157.90.177.217 - - [02/Dec/2021:10:20:39 +0100] "GET /skull-brown-leather-bracelet-p-38475.html HTTP/1.0" 200 73272 "-" "Mozilla/5.0 (compatible; BLEXBot/1.0; +http://webmeup-crawler.com/)"
114.119.128.40 - - [02/Dec/2021:10:20:44 +0100] "GET /ceramic-meow-collection-p-54473.html HTTP/1.0" 200 70715 "-" "Mozilla/5.0 (Linux; Android 7.0;) AppleWebKit/537.36 (KHTML, like Gecko) Mobile Safari/537.36 (compatible; PetalBot;+https://webmaster.petalsearch.com/site/petalbot)"
157.90.177.217 - - [02/Dec/2021:10:20:46 +0100] "GET /skull-door-knocker-p-34183.html HTTP/1.0" 200 73232 "-" "Mozilla/5.0 (compatible; BLEXBot/1.0; +http://webmeup-crawler.com/)"
157.90.177.217 - - [02/Dec/2021:10:20:52 +0100] "GET /skull-glasses-p-38485.html HTTP/1.0" 200 73161 "-" "Mozilla/5.0 (compatible; BLEXBot/1.0; +http://webmeup-crawler.com/)"
54.36.148.2 - - [02/Dec/2021:10:20:54 +0100] "GET /accessories-c-3.html?page=2 HTTP/1.0" 200 93393 "-" "Mozilla/5.0 (compatible; AhrefsBot/7.0; +http://ahrefs.com/robot/)"
185.191.171.12 - - [02/Dec/2021:10:20:59 +0100] "GET /kiub-cats-coasters-p-53847.html HTTP/1.0" 200 73286 "-" "Mozilla/5.0 (compatible; SemrushBot/7~bl; +http://www.semrush.com/bot.html)"
157.90.177.217 - - [02/Dec/2021:10:21:02 +0100] "GET /skull-grey-leather-bracelet-p-38477.html HTTP/1.0" 200 73268 "-" "Mozilla/5.0 (compatible; BLEXBot/1.0; +http://webmeup-crawler.com/)"
157.90.177.217 - - [02/Dec/2021:10:21:13 +0100] "GET /skull-money-resin-bright-silver-p-37768.html HTTP/1.0" 200 73449 "-" "Mozilla/5.0 (compatible; BLEXBot/1.0; +http://webmeup-crawler.com/)"
157.90.177.217 - - [02/Dec/2021:10:21:21 +0100] "GET /skull-money-resin-skated-gold-p-37766.html HTTP/1.0" 200 73433 "-" "Mozilla/5.0 (compatible; BLEXBot/1.0; +http://webmeup-crawler.com/)"
157.90.177.217 - - [02/Dec/2021:10:21:26 +0100] "GET /skull-moneybox-hear-nothing-p-52307.html HTTP/1.0" 200 73239 "-" "Mozilla/5.0 (compatible; BLEXBot/1.0; +http://webmeup-crawler.com/)"
157.90.177.217 - - [02/Dec/2021:10:21:34 +0100] "GET /skull-moneybox-nothing-p-52308.html HTTP/1.0" 200 73226 "-" "Mozilla/5.0 (compatible; BLEXBot/1.0; +http://webmeup-crawler.com/)"
157.90.177.217 - - [02/Dec/2021:10:21:40 +0100] "GET /skull-moneybox-p-37730.html HTTP/1.0" 200 73193 "-" "Mozilla/5.0 (compatible; BLEXBot/1.0; +http://webmeup-crawler.com/)"
185.191.171.42 - - [02/Dec/2021:10:21:43 +0100] "GET /tasty-cbkreation-p-17533.html HTTP/1.0" 200 73217 "-" "Mozilla/5.0 (compatible; SemrushBot/7~bl; +http://www.semrush.com/bot.html)"
157.90.177.217 - - [02/Dec/2021:10:21:46 +0100] "GET /skull-music-moneybox-p-37731.html HTTP/1.0" 200 73266 "-" "Mozilla/5.0 (compatible; BLEXBot/1.0; +http://webmeup-crawler.com/)"
157.90.177.217 - - [02/Dec/2021:10:21:53 +0100] "GET /skull-sailor-moneybox-black-p-32589.html HTTP/1.0" 200 73272 "-" "Mozilla/5.0 (compatible; BLEXBot/1.0; +http://webmeup-crawler.com/)"
185.191.171.41 - - [02/Dec/2021:10:21:57 +0100] "GET /paris-adore-p-44940.html?action=add_product HTTP/1.0" 302 476 "-" "Mozilla/5.0 (compatible; SemrushBot/7~bl; +http://www.semrush.com/bot.html)"
157.90.177.217 - - [02/Dec/2021:10:21:59 +0100] "GET /skull-sailor-moneybox-blue-p-32591.html HTTP/1.0" 200 73267 "-" "Mozilla/5.0 (compatible; BLEXBot/1.0; +http://webmeup-crawler.com/)"
114.119.128.37 - - [02/Dec/2021:10:22:06 +0100] "GET /harley-davidson-1948-fl-118-p-32346.html HTTP/1.0" 301 70680 "-" "Mozilla/5.0 (Linux; Android 7.0;) AppleWebKit/537.36 (KHTML, like Gecko) Mobile Safari/537.36 (compatible; PetalBot;+https://webmaster.petalsearch.com/site/petalbot)"
114.119.128.37 - - [02/Dec/2021:10:22:09 +0100] "GET /-p-32346.html HTTP/1.0" 200 70613 "-" "Mozilla/5.0 (Linux; Android 7.0;) AppleWebKit/537.36 (KHTML, like Gecko) Mobile Safari/537.36 (compatible; PetalBot;+https://webmaster.petalsearch.com/site/petalbot)"
157.90.177.217 - - [02/Dec/2021:10:22:10 +0100] "GET /skull-sailor-moneybox-brown-p-32592.html HTTP/1.0" 200 73272 "-" "Mozilla/5.0 (compatible; BLEXBot/1.0; +http://webmeup-crawler.com/)"
157.90.177.217 - - [02/Dec/2021:10:22:15 +0100] "GET /skull-sailor-moneybox-grey-p-32590.html HTTP/1.0" 200 73267 "-" "Mozilla/5.0 (compatible; BLEXBot/1.0; +http://webmeup-crawler.com/)"
157.90.177.217 - - [02/Dec/2021:10:22:22 +0100] "GET /skull-shooters-p-39478.html HTTP/1.0" 200 73319 "-" "Mozilla/5.0 (compatible; BLEXBot/1.0; +http://webmeup-crawler.com/)"
157.90.177.217 - - [02/Dec/2021:10:22:26 +0100] "GET /skull-with-army-helmet-bullets-moneybox-p-48698.html HTTP/1.0" 200 74144 "-" "Mozilla/5.0 (compatible; BLEXBot/1.0; +http://webmeup-crawler.com/)"
157.90.177.217 - - [02/Dec/2021:10:22:30 +0100] "GET /skull-women-black-shirt-p-34462.html HTTP/1.0" 200 75487 "-" "Mozilla/5.0 (compatible; BLEXBot/1.0; +http://webmeup-crawler.com/)"
5.255.253.176 - - [02/Dec/2021:10:22:32 +0100] "GET /soap-box-paris-10-65-35-cm-p-39125.html HTTP/1.0" 301 70680 "-" "Mozilla/5.0 (compatible; YandexBot/3.0; +http://yandex.com/bots)"
5.255.253.187 - - [02/Dec/2021:10:22:35 +0100] "GET /-p-39125.html HTTP/1.0" 200 70613 "-" "Mozilla/5.0 (compatible; YandexBot/3.0; +http://yandex.com/bots)"
157.90.177.217 - - [02/Dec/2021:10:22:35 +0100] "GET /skyline-paris-memo-p-50668.html HTTP/1.0" 200 73972 "-" "Mozilla/5.0 (compatible; BLEXBot/1.0; +http://webmeup-crawler.com/)"
157.90.177.217 - - [02/Dec/2021:10:22:44 +0100] "GET /skyline-york-memo-p-50667.html HTTP/1.0" 200 74003 "-" "Mozilla/5.0 (compatible; BLEXBot/1.0; +http://webmeup-crawler.com/)"
216.244.66.242 - - [02/Dec/2021:10:22:48 +0100] "GET /-p-45291.html HTTP/1.0" 200 70613 "-" "Mozilla/5.0 (compatible; DotBot/1.2; +https://opensiteexplorer.org/dotbot; help@moz.com)"
54.36.148.19 - - [02/Dec/2021:10:22:53 +0100] "GET /vest-with-crop-steampunk-black-shirt-p-30129.html HTTP/1.0" 200 74830 "-" "Mozilla/5.0 (compatible; AhrefsBot/7.0; +http://ahrefs.com/robot/)"
157.90.177.217 - - [02/Dec/2021:10:22:56 +0100] "GET /slater-small-ashtray-blue-p-47855.html HTTP/1.0" 200 73234 "-" "Mozilla/5.0 (compatible; BLEXBot/1.0; +http://webmeup-crawler.com/)"
157.90.177.217 - - [02/Dec/2021:10:23:01 +0100] "GET /slater-small-ashtray-p-47854.html HTTP/1.0" 200 73221 "-" "Mozilla/5.0 (compatible; BLEXBot/1.0; +http://webmeup-crawler.com/)"
185.191.171.3 - - [02/Dec/2021:10:23:01 +0100] "GET /hello-kitty-large-pink-high-street-camomilla-p-18457.html?action=add_product HTTP/1.0" 302 476 "-" "Mozilla/5.0 (compatible; SemrushBot/7~bl; +http://www.semrush.com/bot.html)"
157.90.177.217 - - [02/Dec/2021:10:23:09 +0100] "GET /slonia-bedclothes-p-41429.html HTTP/1.0" 200 73323 "-" "Mozilla/5.0 (compatible; BLEXBot/1.0; +http://webmeup-crawler.com/)"
157.90.177.217 - - [02/Dec/2021:10:23:16 +0100] "GET /sloth-baby-moneybox-p-46775.html HTTP/1.0" 200 73318 "-" "Mozilla/5.0 (compatible; BLEXBot/1.0; +http://webmeup-crawler.com/)"
157.90.177.217 - - [02/Dec/2021:10:23:25 +0100] "GET /sloth-baby-tree-moneybox-p-46776.html HTTP/1.0" 200 73384 "-" "Mozilla/5.0 (compatible; BLEXBot/1.0; +http://webmeup-crawler.com/)"
185.191.171.22 - - [02/Dec/2021:10:23:27 +0100] "GET /tweety-bow-figurine-p-42740.html HTTP/1.0" 301 73313 "-" "Mozilla/5.0 (compatible; SemrushBot/7~bl; +http://www.semrush.com/bot.html)"
185.191.171.33 - - [02/Dec/2021:10:23:31 +0100] "GET /tweety-figurine-p-42740.html HTTP/1.0" 200 73231 "-" "Mozilla/5.0 (compatible; SemrushBot/7~bl; +http://www.semrush.com/bot.html)"
114.119.128.34 - - [02/Dec/2021:10:23:32 +0100] "GET /blue-keychains-p-32587.html HTTP/1.0" 200 73241 "-" "Mozilla/5.0 (Linux; Android 7.0;) AppleWebKit/537.36 (KHTML, like Gecko) Mobile Safari/537.36 (compatible; PetalBot;+https://webmaster.petalsearch.com/site/petalbot)"
157.90.177.217 - - [02/Dec/2021:10:23:34 +0100] "GET /sloth-chest-moneybox-p-46774.html HTTP/1.0" 200 73846 "-" "Mozilla/5.0 (compatible; BLEXBot/1.0; +http://webmeup-crawler.com/)"
157.90.177.217 - - [02/Dec/2021:10:23:39 +0100] "GET /small-akio-night-light-hello-kitty-cloud-p-51497.html HTTP/1.0" 200 74310 "-" "Mozilla/5.0 (compatible; BLEXBot/1.0; +http://webmeup-crawler.com/)"
157.90.177.217 - - [02/Dec/2021:10:23:44 +0100] "GET /small-akio-night-light-hello-kitty-p-51498.html HTTP/1.0" 200 74250 "-" "Mozilla/5.0 (compatible; BLEXBot/1.0; +http://webmeup-crawler.com/)"
185.191.171.13 - - [02/Dec/2021:10:23:48 +0100] "GET /harley-davidson-mini-box-p-31640.html HTTP/1.0" 301 73500 "-" "Mozilla/5.0 (compatible; SemrushBot/7~bl; +http://www.semrush.com/bot.html)"
157.90.177.217 - - [02/Dec/2021:10:23:49 +0100] "GET /small-akio-timer-night-light-bear-p-54706.html HTTP/1.0" 200 74568 "-" "Mozilla/5.0 (compatible; BLEXBot/1.0; +http://webmeup-crawler.com/)"
185.191.171.6 - - [02/Dec/2021:10:23:51 +0100] "GET /harley-davidson-mini-p-31640.html HTTP/1.0" 200 73413 "-" "Mozilla/5.0 (compatible; SemrushBot/7~bl; +http://www.semrush.com/bot.html)"
185.191.171.42 - - [02/Dec/2021:10:23:54 +0100] "GET /flower-foot-p-54292.html HTTP/1.0" 200 73802 "-" "Mozilla/5.0 (compatible; SemrushBot/7~bl; +http://www.semrush.com/bot.html)"
157.90.177.217 - - [02/Dec/2021:10:23:55 +0100] "GET /small-alarm-clock-p-39720.html HTTP/1.0" 200 73348 "-" "Mozilla/5.0 (compatible; BLEXBot/1.0; +http://webmeup-crawler.com/)"
157.90.177.217 - - [02/Dec/2021:10:24:01 +0100] "GET /small-baby-teeth-beige-small-mouse-p-53420.html HTTP/1.0" 200 73519 "-" "Mozilla/5.0 (compatible; BLEXBot/1.0; +http://webmeup-crawler.com/)"
157.90.177.217 - - [02/Dec/2021:10:24:07 +0100] "GET /small-baby-teeth-p-49172.html HTTP/1.0" 200 73359 "-" "Mozilla/5.0 (compatible; BLEXBot/1.0; +http://webmeup-crawler.com/)"
49.7.20.122 - - [02/Dec/2021:10:24:12 +0100] "GET / HTTP/1.0" 200 151649 "-" "Sogou web spider/4.0(+http://www.sogou.com/docs/help/webmasters.htm#07)"
157.90.177.217 - - [02/Dec/2021:10:24:23 +0100] "GET /small-baby-teeth-p-51577.html HTTP/1.0" 200 73359 "-" "Mozilla/5.0 (compatible; BLEXBot/1.0; +http://webmeup-crawler.com/)"
157.90.177.217 - - [02/Dec/2021:10:24:30 +0100] "GET /small-baby-teeth-parma-small-mouse-p-44659.html HTTP/1.0" 200 73519 "-" "Mozilla/5.0 (compatible; BLEXBot/1.0; +http://webmeup-crawler.com/)"
185.191.171.38 - - [02/Dec/2021:10:24:38 +0100] "GET /owl-hanging-metal-structure-32-44-cm-p-49426.html HTTP/1.0" 301 70815 "-" "Mozilla/5.0 (compatible; SemrushBot/7~bl; +http://www.semrush.com/bot.html)"
185.191.171.17 - - [02/Dec/2021:10:24:41 +0100] "GET /hanging-metal-structure-p-49426.html HTTP/1.0" 200 70725 "-" "Mozilla/5.0 (compatible; SemrushBot/7~bl; +http://www.semrush.com/bot.html)"
157.90.177.217 - - [02/Dec/2021:10:24:41 +0100] "GET /small-baby-teeth-pink-unicorn-p-43013.html HTTP/1.0" 200 73475 "-" "Mozilla/5.0 (compatible; BLEXBot/1.0; +http://webmeup-crawler.com/)"
157.90.177.217 - - [02/Dec/2021:10:24:48 +0100] "GET /small-backpack-blue-rabbit-p-52206.html HTTP/1.0" 200 73459 "-" "Mozilla/5.0 (compatible; BLEXBot/1.0; +http://webmeup-crawler.com/)"
157.90.177.217 - - [02/Dec/2021:10:24:54 +0100] "GET /small-backpack-ladybug-p-52207.html HTTP/1.0" 200 73427 "-" "Mozilla/5.0 (compatible; BLEXBot/1.0; +http://webmeup-crawler.com/)"
54.36.148.47 - - [02/Dec/2021:10:24:54 +0100] "GET /decoration-statuette-p-47104.html HTTP/1.0" 200 73292 "-" "Mozilla/5.0 (compatible; AhrefsBot/7.0; +http://ahrefs.com/robot/)"
114.119.128.34 - - [02/Dec/2021:10:24:59 +0100] "GET /%20images/big_prod/1384010206300.jpg HTTP/1.0" 404 1308 "-" "Mozilla/5.0 (Linux; Android 7.0;) AppleWebKit/537.36 (KHTML, like Gecko) Mobile Safari/537.36 (compatible; PetalBot;+https://webmaster.petalsearch.com/site/petalbot)"
