157.90.177.217 - - [02/Dec/2021:05:54:16 +0100] "GET /horse-dandelion-canvas-frame-p-27204.html HTTP/1.0" 200 73316 "-" "Mozilla/5.0 (compatible; BLEXBot/1.0; +http://webmeup-crawler.com/)"
157.90.177.217 - - [02/Dec/2021:05:54:23 +0100] "GET /horse-handbag-p-23048.html HTTP/1.0" 200 73280 "-" "Mozilla/5.0 (compatible; BLEXBot/1.0; +http://webmeup-crawler.com/)"
66.249.68.42 - - [02/Dec/2021:05:54:27 +0100] "GET /images/big_prod_1/8422015449810B.jpg HTTP/1.0" 200 271 "-" "Googlebot-Image/1.0"
157.90.177.217 - - [02/Dec/2021:05:54:27 +0100] "GET /horse-large-mirror-p-26650.html HTTP/1.0" 200 73174 "-" "Mozilla/5.0 (compatible; BLEXBot/1.0; +http://webmeup-crawler.com/)"
157.55.39.108 - - [02/Dec/2021:05:54:31 +0100] "GET /images/big_prod/3014627880096.jpg HTTP/1.0" 200 268 "-" "Mozilla/5.0 (compatible; bingbot/2.0; +http://www.bing.com/bingbot.htm)"
54.36.149.90 - - [02/Dec/2021:05:54:30 +0100] "GET /campaign-spirit-adult-apron-p-44189.html HTTP/1.0" 200 73239 "-" "Mozilla/5.0 (compatible; AhrefsBot/7.0; +http://ahrefs.com/robot/)"
157.90.177.217 - - [02/Dec/2021:05:54:34 +0100] "GET /horse-passion-sport-p-22210.html HTTP/1.0" 200 73448 "-" "Mozilla/5.0 (compatible; BLEXBot/1.0; +http://webmeup-crawler.com/)"
157.90.177.217 - - [02/Dec/2021:05:54:40 +0100] "GET /horse-small-lamp-p-28107.html HTTP/1.0" 200 73274 "-" "Mozilla/5.0 (compatible; BLEXBot/1.0; +http://webmeup-crawler.com/)"
157.90.177.217 - - [02/Dec/2021:05:54:43 +0100] "GET /horses-beauty-p-24231.html HTTP/1.0" 200 73311 "-" "Mozilla/5.0 (compatible; BLEXBot/1.0; +http://webmeup-crawler.com/)"
157.90.177.217 - - [02/Dec/2021:05:54:48 +0100] "GET /horses-canvas-frame-p-32910.html HTTP/1.0" 200 73292 "-" "Mozilla/5.0 (compatible; BLEXBot/1.0; +http://webmeup-crawler.com/)"
58.250.125.80 - - [02/Dec/2021:05:54:51 +0100] "GET /luggages-schoolbags-leather-shop/pencil-case-c-5_31_75.html HTTP/1.0" 301 94445 "-" "Sogou web spider/4.0(+http://www.sogou.com/docs/help/webmasters.htm#07)"
58.250.125.171 - - [02/Dec/2021:05:54:53 +0100] "GET /accessories/keyrings/nici-bear-with-scarf-keyring-pluch-p-7493.html HTTP/1.0" 301 70872 "-" "Sogou web spider/4.0(+http://www.sogou.com/docs/help/webmasters.htm#07)"
157.90.177.217 - - [02/Dec/2021:05:54:53 +0100] "GET /horses-dreams-drawin-book-p-21504.html HTTP/1.0" 200 73607 "-" "Mozilla/5.0 (compatible; BLEXBot/1.0; +http://webmeup-crawler.com/)"
157.90.177.217 - - [02/Dec/2021:05:54:58 +0100] "GET /horses-dreams-stickerbook-p-9606.html HTTP/1.0" 200 73033 "-" "Mozilla/5.0 (compatible; BLEXBot/1.0; +http://webmeup-crawler.com/)"
157.90.177.217 - - [02/Dec/2021:05:55:07 +0100] "GET /horses-glass-clock-p-34010.html HTTP/1.0" 200 73252 "-" "Mozilla/5.0 (compatible; BLEXBot/1.0; +http://webmeup-crawler.com/)"
157.90.177.217 - - [02/Dec/2021:05:55:11 +0100] "GET /horses-mirror-p-33035.html HTTP/1.0" 200 73162 "-" "Mozilla/5.0 (compatible; BLEXBot/1.0; +http://webmeup-crawler.com/)"
157.90.177.217 - - [02/Dec/2021:05:55:17 +0100] "GET /horses-mirror-p-33036.html HTTP/1.0" 200 73162 "-" "Mozilla/5.0 (compatible; BLEXBot/1.0; +http://webmeup-crawler.com/)"
157.90.177.217 - - [02/Dec/2021:05:55:21 +0100] "GET /horses-mirror-p-33037.html HTTP/1.0" 200 73148 "-" "Mozilla/5.0 (compatible; BLEXBot/1.0; +http://webmeup-crawler.com/)"
20.109.134.229 - - [02/Dec/2021:05:55:22 +0100] "GET /images/big_prod/3609810070967.jpg HTTP/1.0" 200 268 "-" "Mozilla/5.0 (Windows NT 10.0; WOW64) AppleWebKit/537.36 (KHTML, like Gecko) Chrome/68.0.3440.106 Safari/537.36"
114.119.128.40 - - [02/Dec/2021:05:55:26 +0100] "GET /decorative-nalla-p-47103.html HTTP/1.0" 200 73296 "-" "Mozilla/5.0 (Linux; Android 7.0;) AppleWebKit/537.36 (KHTML, like Gecko) Mobile Safari/537.36 (compatible; PetalBot;+https://webmaster.petalsearch.com/site/petalbot)"
157.90.177.217 - - [02/Dec/2021:05:55:28 +0100] "GET /houndstooth-russian-doll-money-cbkreation-p-18420.html HTTP/1.0" 200 73493 "-" "Mozilla/5.0 (compatible; BLEXBot/1.0; +http://webmeup-crawler.com/)"
157.90.177.217 - - [02/Dec/2021:05:55:35 +0100] "GET /houndstooth-russian-doll-mouse-cbkreation-p-18421.html HTTP/1.0" 200 73374 "-" "Mozilla/5.0 (compatible; BLEXBot/1.0; +http://webmeup-crawler.com/)"
157.90.177.217 - - [02/Dec/2021:05:55:39 +0100] "GET /hourglass-decoration-glass-gilding-p-49418.html HTTP/1.0" 200 73381 "-" "Mozilla/5.0 (compatible; BLEXBot/1.0; +http://webmeup-crawler.com/)"
54.36.148.213 - - [02/Dec/2021:05:55:42 +0100] "GET /moroccan-blue-ashtray-p-34861.html HTTP/1.0" 200 73232 "-" "Mozilla/5.0 (compatible; AhrefsBot/7.0; +http://ahrefs.com/robot/)"
157.90.177.217 - - [02/Dec/2021:05:55:45 +0100] "GET /hourglass-decoration-glass-gilding-p-53612.html HTTP/1.0" 200 73376 "-" "Mozilla/5.0 (compatible; BLEXBot/1.0; +http://webmeup-crawler.com/)"
157.90.177.217 - - [02/Dec/2021:05:55:51 +0100] "GET /hourglass-decoration-glass-sand-glitter-black-p-50799.html HTTP/1.0" 200 73459 "-" "Mozilla/5.0 (compatible; BLEXBot/1.0; +http://webmeup-crawler.com/)"
157.90.177.217 - - [02/Dec/2021:05:55:58 +0100] "GET /hourglass-decoration-glass-sand-glitter-p-51968.html HTTP/1.0" 200 73416 "-" "Mozilla/5.0 (compatible; BLEXBot/1.0; +http://webmeup-crawler.com/)"
157.90.177.217 - - [02/Dec/2021:05:56:01 +0100] "GET /hourglass-decoration-glass-sand-glitter-p-51969.html HTTP/1.0" 200 73415 "-" "Mozilla/5.0 (compatible; BLEXBot/1.0; +http://webmeup-crawler.com/)"
157.90.177.217 - - [02/Dec/2021:05:56:05 +0100] "GET /hourglass-decoration-glass-sand-glitter-p-53613.html HTTP/1.0" 200 73417 "-" "Mozilla/5.0 (compatible; BLEXBot/1.0; +http://webmeup-crawler.com/)"
157.90.177.217 - - [02/Dec/2021:05:56:11 +0100] "GET /robots.txt HTTP/1.0" 301 531 "-" "Mozilla/5.0 (compatible; BLEXBot/1.0; +http://webmeup-crawler.com/)"
157.90.177.217 - - [02/Dec/2021:05:56:11 +0100] "GET /robots.txt HTTP/1.0" 200 245 "-" "Mozilla/5.0 (compatible; BLEXBot/1.0; +http://webmeup-crawler.com/)"
157.90.177.217 - - [02/Dec/2021:05:56:11 +0100] "GET /hourglass-decoration-glass-sand-glitter-p-53614.html HTTP/1.0" 200 73443 "-" "Mozilla/5.0 (compatible; BLEXBot/1.0; +http://webmeup-crawler.com/)"
185.191.171.11 - - [02/Dec/2021:05:56:13 +0100] "GET /home-and-decoration-c-13.html?page=14 HTTP/1.0" 301 93044 "-" "Mozilla/5.0 (compatible; SemrushBot/7~bl; +http://www.semrush.com/bot.html)"
185.191.171.7 - - [02/Dec/2021:05:56:17 +0100] "GET /home-decoration-c-13.html?page=14 HTTP/1.0" 200 92957 "-" "Mozilla/5.0 (compatible; SemrushBot/7~bl; +http://www.semrush.com/bot.html)"
157.90.177.217 - - [02/Dec/2021:05:56:17 +0100] "GET /hourglass-decoration-glass-sand-glitter-p-53615.html HTTP/1.0" 200 73443 "-" "Mozilla/5.0 (compatible; BLEXBot/1.0; +http://webmeup-crawler.com/)"
157.90.177.217 - - [02/Dec/2021:05:56:23 +0100] "GET /hourglass-decoration-painted-metal-glass-p-49248.html HTTP/1.0" 200 73445 "-" "Mozilla/5.0 (compatible; BLEXBot/1.0; +http://webmeup-crawler.com/)"
40.91.114.143 - - [02/Dec/2021:05:56:25 +0100] "GET /images/big_prod_3/b4542202656389.jpg HTTP/1.0" 200 271 "-" "Mozilla/5.0 (Windows NT 10.0; WOW64) AppleWebKit/537.36 (KHTML, like Gecko) Chrome/64.0.3282.186 Safari/537.36"
114.119.128.39 - - [02/Dec/2021:05:56:46 +0100] "GET /home-and-decoration-c-13.html?page=217 HTTP/1.0" 301 93708 "-" "Mozilla/5.0 (Linux; Android 7.0;) AppleWebKit/537.36 (KHTML, like Gecko) Mobile Safari/537.36 (compatible; PetalBot;+https://webmaster.petalsearch.com/site/petalbot)"
114.119.128.39 - - [02/Dec/2021:05:56:49 +0100] "GET /home-decoration-c-13.html?page=217 HTTP/1.0" 200 93620 "-" "Mozilla/5.0 (Linux; Android 7.0;) AppleWebKit/537.36 (KHTML, like Gecko) Mobile Safari/537.36 (compatible; PetalBot;+https://webmaster.petalsearch.com/site/petalbot)"
157.90.177.217 - - [02/Dec/2021:05:56:56 +0100] "GET /house-rules-large-metal-plate-deco-p-36113.html HTTP/1.0" 200 73338 "-" "Mozilla/5.0 (compatible; BLEXBot/1.0; +http://webmeup-crawler.com/)"
185.191.171.41 - - [02/Dec/2021:05:56:58 +0100] "GET /collectible-figurines-decorative-c-13_135.html?page=71 HTTP/1.0" 200 96702 "-" "Mozilla/5.0 (compatible; SemrushBot/7~bl; +http://www.semrush.com/bot.html)"
185.191.171.4 - - [02/Dec/2021:05:57:01 +0100] "GET /book-lamp-real-wood-color-walnut-size-p-54335.html?action=add_product HTTP/1.0" 302 476 "-" "Mozilla/5.0 (compatible; SemrushBot/7~bl; +http://www.semrush.com/bot.html)"
157.90.177.217 - - [02/Dec/2021:05:57:02 +0100] "GET /house-saucer-p-35949.html HTTP/1.0" 200 73299 "-" "Mozilla/5.0 (compatible; BLEXBot/1.0; +http://webmeup-crawler.com/)"
54.36.148.163 - - [02/Dec/2021:05:57:10 +0100] "GET /glitters-white-p-53393.html HTTP/1.0" 200 73212 "-" "Mozilla/5.0 (compatible; AhrefsBot/7.0; +http://ahrefs.com/robot/)"
20.109.134.228 - - [02/Dec/2021:05:57:15 +0100] "GET /images/big_prod/3609810063181.jpg HTTP/1.0" 200 268 "-" "Mozilla/5.0 (Windows NT 10.0; WOW64) AppleWebKit/537.36 (KHTML, like Gecko) Chrome/64.0.3282.186 Safari/537.36"
124.71.153.13 - - [02/Dec/2021:05:57:25 +0100] "GET /images/mini_prod/3014627830152.jpg HTTP/1.0" 200 269 "-" "Mozilla/5.0 (X11; Ubuntu; Linux x86_64; rv:72.0) Gecko/20100101 Firefox/72.0"
40.77.167.66 - - [02/Dec/2021:05:57:33 +0100] "GET /luminous-wall-frame-open-p-48000.html HTTP/1.0" 200 73974 "-" "Mozilla/5.0 (compatible; bingbot/2.0; +http://www.bing.com/bingbot.htm)"
157.90.177.217 - - [02/Dec/2021:05:57:38 +0100] "GET /household-linen-c-11.html?page=1 HTTP/1.0" 200 92769 "-" "Mozilla/5.0 (compatible; BLEXBot/1.0; +http://webmeup-crawler.com/)"
185.191.171.36 - - [02/Dec/2021:05:57:39 +0100] "GET /beef-skull-decorative-statue-p-40404.html HTTP/1.0" 200 73402 "-" "Mozilla/5.0 (compatible; SemrushBot/7~bl; +http://www.semrush.com/bot.html)"
157.90.177.217 - - [02/Dec/2021:05:57:41 +0100] "GET /household-linen-c-11.html?page=12 HTTP/1.0" 200 93718 "-" "Mozilla/5.0 (compatible; BLEXBot/1.0; +http://webmeup-crawler.com/)"
185.191.171.17 - - [02/Dec/2021:05:57:44 +0100] "GET /tetsubin-dark-red-teapot-japanese-liter-p-36404.html HTTP/1.0" 301 70857 "-" "Mozilla/5.0 (compatible; SemrushBot/7~bl; +http://www.semrush.com/bot.html)"
157.90.177.217 - - [02/Dec/2021:05:57:46 +0100] "GET /household-linen-c-11.html?page=13 HTTP/1.0" 200 93299 "-" "Mozilla/5.0 (compatible; BLEXBot/1.0; +http://webmeup-crawler.com/)"
185.191.171.11 - - [02/Dec/2021:05:57:48 +0100] "GET /tetsubin-dark-teapot-japanese-liter-p-36404.html HTTP/1.0" 200 70755 "-" "Mozilla/5.0 (compatible; SemrushBot/7~bl; +http://www.semrush.com/bot.html)"
157.90.177.217 - - [02/Dec/2021:05:57:51 +0100] "GET /household-linen-c-11.html?page=14 HTTP/1.0" 200 93329 "-" "Mozilla/5.0 (compatible; BLEXBot/1.0; +http://webmeup-crawler.com/)"
157.90.177.217 - - [02/Dec/2021:05:57:55 +0100] "GET /household-linen-c-11.html?page=15 HTTP/1.0" 200 93497 "-" "Mozilla/5.0 (compatible; BLEXBot/1.0; +http://webmeup-crawler.com/)"
157.90.177.217 - - [02/Dec/2021:05:58:00 +0100] "GET /household-linen-c-11.html?page=16 HTTP/1.0" 200 93701 "-" "Mozilla/5.0 (compatible; BLEXBot/1.0; +http://webmeup-crawler.com/)"
157.90.177.217 - - [02/Dec/2021:05:58:04 +0100] "GET /household-linen-c-11.html?page=17 HTTP/1.0" 200 93333 "-" "Mozilla/5.0 (compatible; BLEXBot/1.0; +http://webmeup-crawler.com/)"
114.119.128.40 - - [02/Dec/2021:05:58:08 +0100] "GET /images/big_prod_1/8424346051106B.jpg HTTP/1.0" 200 271 "-" "Mozilla/5.0 (Linux; Android 7.0;) AppleWebKit/537.36 (KHTML, like Gecko) Mobile Safari/537.36 (compatible; PetalBot;+https://webmaster.petalsearch.com/site/petalbot)"
157.90.177.217 - - [02/Dec/2021:05:58:15 +0100] "GET /household-linen-c-11.html?page=18 HTTP/1.0" 200 93199 "-" "Mozilla/5.0 (compatible; BLEXBot/1.0; +http://webmeup-crawler.com/)"
157.90.177.217 - - [02/Dec/2021:05:58:18 +0100] "GET /household-linen-c-11.html?page=19 HTTP/1.0" 200 93354 "-" "Mozilla/5.0 (compatible; BLEXBot/1.0; +http://webmeup-crawler.com/)"
157.90.177.217 - - [02/Dec/2021:05:58:24 +0100] "GET /household-linen-c-11.html?page=20 HTTP/1.0" 200 92862 "-" "Mozilla/5.0 (compatible; BLEXBot/1.0; +http://webmeup-crawler.com/)"
54.36.149.72 - - [02/Dec/2021:05:58:27 +0100] "GET /little-tortoise-statuette-p-43104.html HTTP/1.0" 200 73344 "-" "Mozilla/5.0 (compatible; AhrefsBot/7.0; +http://ahrefs.com/robot/)"
157.90.177.217 - - [02/Dec/2021:05:58:29 +0100] "GET /household-linen-c-11.html?page=21 HTTP/1.0" 200 92309 "-" "Mozilla/5.0 (compatible; BLEXBot/1.0; +http://webmeup-crawler.com/)"
157.90.177.217 - - [02/Dec/2021:05:58:33 +0100] "GET /hritage-authentique-cotton-adult-apron-p-45254.html HTTP/1.0" 200 73292 "-" "Mozilla/5.0 (compatible; BLEXBot/1.0; +http://webmeup-crawler.com/)"
157.90.177.217 - - [02/Dec/2021:05:58:38 +0100] "GET /huile-olive-extra-vierge-adult-apron-p-51189.html HTTP/1.0" 200 73293 "-" "Mozilla/5.0 (compatible; BLEXBot/1.0; +http://webmeup-crawler.com/)"
185.191.171.23 - - [02/Dec/2021:05:58:39 +0100] "GET /white-wooden-picture-frame-views-p-31739.html HTTP/1.0" 200 73388 "-" "Mozilla/5.0 (compatible; SemrushBot/7~bl; +http://www.semrush.com/bot.html)"
157.90.177.217 - - [02/Dec/2021:05:58:42 +0100] "GET /huile-olive-provence-small-ashtray-p-39663.html HTTP/1.0" 200 73380 "-" "Mozilla/5.0 (compatible; BLEXBot/1.0; +http://webmeup-crawler.com/)"
185.191.171.24 - - [02/Dec/2021:05:58:45 +0100] "GET /les-tits-mots-humour-butter-dish-p-42690.html HTTP/1.0" 301 70863 "-" "Mozilla/5.0 (compatible; SemrushBot/7~bl; +http://www.semrush.com/bot.html)"
157.90.177.217 - - [02/Dec/2021:05:58:48 +0100] "GET /humming-bird-mini-melamine-tray-p-55850.html HTTP/1.0" 200 73387 "-" "Mozilla/5.0 (compatible; BLEXBot/1.0; +http://webmeup-crawler.com/)"
185.191.171.13 - - [02/Dec/2021:05:58:48 +0100] "GET /tits-mots-humour-butter-dish-p-42690.html HTTP/1.0" 200 70768 "-" "Mozilla/5.0 (compatible; SemrushBot/7~bl; +http://www.semrush.com/bot.html)"
17.121.113.147 - - [02/Dec/2021:05:58:52 +0100] "GET /images/big_prod_1/8422017143204.jpg HTTP/1.0" 200 270 "-" "Mozilla/5.0 (Macintosh; Intel Mac OS X 10_15_5) AppleWebKit/605.1.15 (KHTML, like Gecko) Version/13.1.1 Safari/605.1.15 (Applebot/0.1; +http://www.apple.com/go/applebot)"
157.90.177.217 - - [02/Dec/2021:05:58:52 +0100] "GET /humming-bird-mini-melamine-tray-p-55858.html HTTP/1.0" 200 73387 "-" "Mozilla/5.0 (compatible; BLEXBot/1.0; +http://webmeup-crawler.com/)"
157.90.177.217 - - [02/Dec/2021:05:58:56 +0100] "GET /hundred-dalmatians-birthday-card-with-envelope-p-34443.html HTTP/1.0" 200 73529 "-" "Mozilla/5.0 (compatible; BLEXBot/1.0; +http://webmeup-crawler.com/)"
157.90.177.217 - - [02/Dec/2021:05:59:00 +0100] "GET /hung-decorative-statue-p-52569.html HTTP/1.0" 200 73311 "-" "Mozilla/5.0 (compatible; BLEXBot/1.0; +http://webmeup-crawler.com/)"
157.90.177.217 - - [02/Dec/2021:05:59:03 +0100] "GET /hung-mirrors-c-31_258.html?page=1 HTTP/1.0" 200 90702 "-" "Mozilla/5.0 (compatible; BLEXBot/1.0; +http://webmeup-crawler.com/)"
216.244.66.242 - - [02/Dec/2021:05:59:05 +0100] "GET /robots.txt HTTP/1.0" 200 245 "-" "Mozilla/5.0 (compatible; DotBot/1.2; +https://opensiteexplorer.org/dotbot; help@moz.com)"
216.244.66.242 - - [02/Dec/2021:05:59:05 +0100] "GET /robots.txt HTTP/1.0" 301 531 "-" "Mozilla/5.0 (compatible; DotBot/1.2; +https://opensiteexplorer.org/dotbot; help@moz.com)"
216.244.66.242 - - [02/Dec/2021:05:59:06 +0100] "GET /robots.txt HTTP/1.0" 200 245 "-" "Mozilla/5.0 (compatible; DotBot/1.2; +https://opensiteexplorer.org/dotbot; help@moz.com)"
157.90.177.217 - - [02/Dec/2021:05:59:07 +0100] "GET /iceland-carpet-p-48464.html HTTP/1.0" 200 73963 "-" "Mozilla/5.0 (compatible; BLEXBot/1.0; +http://webmeup-crawler.com/)"
157.90.177.217 - - [02/Dec/2021:05:59:14 +0100] "GET /idefix-money-p-40945.html HTTP/1.0" 200 73224 "-" "Mozilla/5.0 (compatible; BLEXBot/1.0; +http://webmeup-crawler.com/)"
157.90.177.217 - - [02/Dec/2021:05:59:18 +0100] "GET /inaya-color-moroccan-ashtray-p-47856.html HTTP/1.0" 200 73243 "-" "Mozilla/5.0 (compatible; BLEXBot/1.0; +http://webmeup-crawler.com/)"
185.191.171.25 - - [02/Dec/2021:05:59:20 +0100] "GET /household-linen/cushions-c-13_11_71.html?page=4 HTTP/1.0" 301 90732 "-" "Mozilla/5.0 (compatible; SemrushBot/7~bl; +http://www.semrush.com/bot.html)"
157.90.177.217 - - [02/Dec/2021:05:59:23 +0100] "GET /incense-archangels-p-43188.html HTTP/1.0" 200 74112 "-" "Mozilla/5.0 (compatible; BLEXBot/1.0; +http://webmeup-crawler.com/)"
185.191.171.45 - - [02/Dec/2021:05:59:23 +0100] "GET /cushions-c-71.html?page=4 HTTP/1.0" 301 90448 "-" "Mozilla/5.0 (compatible; SemrushBot/7~bl; +http://www.semrush.com/bot.html)"
185.191.171.36 - - [02/Dec/2021:05:59:27 +0100] "GET /cushions-c-11_71.html?page=4 HTTP/1.0" 200 90485 "-" "Mozilla/5.0 (compatible; SemrushBot/7~bl; +http://www.semrush.com/bot.html)"
157.90.177.217 - - [02/Dec/2021:05:59:28 +0100] "GET /incense-bowl-black-soapstone-p-49030.html HTTP/1.0" 200 73461 "-" "Mozilla/5.0 (compatible; BLEXBot/1.0; +http://webmeup-crawler.com/)"
114.119.128.253 - - [02/Dec/2021:05:59:29 +0100] "GET /joyeux-anniversaire-amuse-bien-card-p-20041.html HTTP/1.0" 200 73437 "-" "Mozilla/5.0 (Linux; Android 7.0;) AppleWebKit/537.36 (KHTML, like Gecko) Mobile Safari/537.36 (compatible; PetalBot;+https://webmaster.petalsearch.com/site/petalbot)"
157.90.177.217 - - [02/Dec/2021:05:59:35 +0100] "GET /incense-bowl-black-soapstone-pentangle-wicca-p-44681.html HTTP/1.0" 200 73571 "-" "Mozilla/5.0 (compatible; BLEXBot/1.0; +http://webmeup-crawler.com/)"
157.90.177.217 - - [02/Dec/2021:05:59:41 +0100] "GET /incense-burner-brass-charcoal-incense-sticks-blue-p-46636.html HTTP/1.0" 200 73754 "-" "Mozilla/5.0 (compatible; BLEXBot/1.0; +http://webmeup-crawler.com/)"
157.90.177.217 - - [02/Dec/2021:05:59:46 +0100] "GET /incense-burner-brass-charcoal-incense-sticks-dark-p-46635.html HTTP/1.0" 200 73810 "-" "Mozilla/5.0 (compatible; BLEXBot/1.0; +http://webmeup-crawler.com/)"
157.90.177.217 - - [02/Dec/2021:05:59:50 +0100] "GET /incense-burner-brass-charcoal-incense-sticks-green-p-46637.html HTTP/1.0" 200 73759 "-" "Mozilla/5.0 (compatible; BLEXBot/1.0; +http://webmeup-crawler.com/)"
54.36.149.12 - - [02/Dec/2021:05:59:55 +0100] "GET /blue-retro-phone-handset-p-16736.html HTTP/1.0" 200 74940 "-" "Mozilla/5.0 (compatible; AhrefsBot/7.0; +http://ahrefs.com/robot/)"
157.90.177.217 - - [02/Dec/2021:05:59:57 +0100] "GET /incense-burner-brass-p-37242.html HTTP/1.0" 200 73429 "-" "Mozilla/5.0 (compatible; BLEXBot/1.0; +http://webmeup-crawler.com/)"
157.90.177.217 - - [02/Dec/2021:06:00:02 +0100] "GET /incense-burner-brass-p-42044.html HTTP/1.0" 200 73334 "-" "Mozilla/5.0 (compatible; BLEXBot/1.0; +http://webmeup-crawler.com/)"
157.90.177.217 - - [02/Dec/2021:06:00:07 +0100] "GET /incense-burner-incense-holder-p-43938.html HTTP/1.0" 200 73390 "-" "Mozilla/5.0 (compatible; BLEXBot/1.0; +http://webmeup-crawler.com/)"
157.90.177.217 - - [02/Dec/2021:06:00:11 +0100] "GET /incense-burner-soapstone-black-with-mandala-p-44688.html HTTP/1.0" 200 74131 "-" "Mozilla/5.0 (compatible; BLEXBot/1.0; +http://webmeup-crawler.com/)"
157.90.177.217 - - [02/Dec/2021:06:00:19 +0100] "GET /incense-burner-sticks-cones-flower-life-p-48488.html HTTP/1.0" 200 74075 "-" "Mozilla/5.0 (compatible; BLEXBot/1.0; +http://webmeup-crawler.com/)"
157.90.177.217 - - [02/Dec/2021:06:00:24 +0100] "GET /incense-burner-sticks-cones-p-48487.html HTTP/1.0" 200 73996 "-" "Mozilla/5.0 (compatible; BLEXBot/1.0; +http://webmeup-crawler.com/)"
157.90.177.217 - - [02/Dec/2021:06:00:29 +0100] "GET /incense-burner-sticks-cones-sandstone-flower-life-p-48357.html HTTP/1.0" 200 74220 "-" "Mozilla/5.0 (compatible; BLEXBot/1.0; +http://webmeup-crawler.com/)"
185.191.171.8 - - [02/Dec/2021:06:00:31 +0100] "GET /vintage-hanging-clock-p-55769.html?action=add_product HTTP/1.0" 302 476 "-" "Mozilla/5.0 (compatible; SemrushBot/7~bl; +http://www.semrush.com/bot.html)"
157.90.177.217 - - [02/Dec/2021:06:00:33 +0100] "GET /incense-burner-sticks-cones-sandstone-p-48356.html HTTP/1.0" 200 73461 "-" "Mozilla/5.0 (compatible; BLEXBot/1.0; +http://webmeup-crawler.com/)"
157.90.177.217 - - [02/Dec/2021:06:00:42 +0100] "GET /incense-burner-sticks-p-49360.html HTTP/1.0" 200 73904 "-" "Mozilla/5.0 (compatible; BLEXBot/1.0; +http://webmeup-crawler.com/)"
157.90.177.217 - - [02/Dec/2021:06:00:45 +0100] "GET /incense-c-231_226.html?page=1 HTTP/1.0" 200 92175 "-" "Mozilla/5.0 (compatible; BLEXBot/1.0; +http://webmeup-crawler.com/)"
58.250.125.149 - - [02/Dec/2021:06:00:45 +0100] "GET /nici-bear-with-scarf-keyring-pluch-p-7493.html HTTP/1.0" 200 70772 "-" "Sogou web spider/4.0(+http://www.sogou.com/docs/help/webmasters.htm#07)"
185.191.171.34 - - [02/Dec/2021:06:00:48 +0100] "GET /luggages-schoolbags-leather-shop-c-31.html?page=80 HTTP/1.0" 200 84386 "-" "Mozilla/5.0 (compatible; SemrushBot/7~bl; +http://www.semrush.com/bot.html)"
114.119.128.26 - - [02/Dec/2021:06:00:48 +0100] "GET /white-natural-mini-wooden-p-55031.html HTTP/1.0" 200 74144 "-" "Mozilla/5.0 (Linux; Android 7.0;) AppleWebKit/537.36 (KHTML, like Gecko) Mobile Safari/537.36 (compatible; PetalBot;+https://webmaster.petalsearch.com/site/petalbot)"
157.90.177.217 - - [02/Dec/2021:06:00:53 +0100] "GET /incense-chakras-p-44372.html HTTP/1.0" 200 73324 "-" "Mozilla/5.0 (compatible; BLEXBot/1.0; +http://webmeup-crawler.com/)"
123.125.109.101 - - [02/Dec/2021:06:00:54 +0100] "GET /templates/Pixame_v1/stylesheet.css HTTP/1.0" 200 267 "http://www.wonder-geek.com/accessories/keyrings/nici-bear-with-scarf-keyring-pluch-p-7493.html" "Mozilla/5.0 (X11; Linux x86_64) AppleWebKit/537.36 (KHTML, like Gecko) Chrome/73.0.3683.86 Safari/537.36"
157.90.177.217 - - [02/Dec/2021:06:00:57 +0100] "GET /incense-holder-cobra-bamboo-p-50617.html HTTP/1.0" 200 74083 "-" "Mozilla/5.0 (compatible; BLEXBot/1.0; +http://webmeup-crawler.com/)"
157.90.177.217 - - [02/Dec/2021:06:01:01 +0100] "GET /incense-holder-dragons-p-50616.html HTTP/1.0" 200 73918 "-" "Mozilla/5.0 (compatible; BLEXBot/1.0; +http://webmeup-crawler.com/)"
157.90.177.217 - - [02/Dec/2021:06:01:06 +0100] "GET /incense-holder-incense-burner-c-231_229.html?page=1 HTTP/1.0" 200 91104 "-" "Mozilla/5.0 (compatible; BLEXBot/1.0; +http://webmeup-crawler.com/)"
157.90.177.217 - - [02/Dec/2021:06:01:10 +0100] "GET /incense-holder-selenite-with-flower-life-p-47675.html HTTP/1.0" 200 73452 "-" "Mozilla/5.0 (compatible; BLEXBot/1.0; +http://webmeup-crawler.com/)"
157.90.177.217 - - [02/Dec/2021:06:01:13 +0100] "GET /incense-holder-selenite-with-flower-life-p-51552.html HTTP/1.0" 200 74553 "-" "Mozilla/5.0 (compatible; BLEXBot/1.0; +http://webmeup-crawler.com/)"
157.90.177.217 - - [02/Dec/2021:06:01:19 +0100] "GET /incense-lphant-rose-dawn-p-40374.html HTTP/1.0" 200 73523 "-" "Mozilla/5.0 (compatible; BLEXBot/1.0; +http://webmeup-crawler.com/)"
157.90.177.217 - - [02/Dec/2021:06:01:25 +0100] "GET /incense-lphant-rose-dewi-p-40377.html HTTP/1.0" 200 73606 "-" "Mozilla/5.0 (compatible; BLEXBot/1.0; +http://webmeup-crawler.com/)"
157.90.177.217 - - [02/Dec/2021:06:01:30 +0100] "GET /incense-lphant-rose-fleur-paradis-p-42040.html HTTP/1.0" 200 73748 "-" "Mozilla/5.0 (compatible; BLEXBot/1.0; +http://webmeup-crawler.com/)"
157.90.177.217 - - [02/Dec/2021:06:01:36 +0100] "GET /incense-lphant-rose-kamasutra-p-40373.html HTTP/1.0" 200 73465 "-" "Mozilla/5.0 (compatible; BLEXBot/1.0; +http://webmeup-crawler.com/)"
157.90.177.217 - - [02/Dec/2021:06:01:40 +0100] "GET /incense-lphant-rose-krishnaraj-p-41803.html HTTP/1.0" 200 73625 "-" "Mozilla/5.0 (compatible; BLEXBot/1.0; +http://webmeup-crawler.com/)"
157.90.177.217 - - [02/Dec/2021:06:01:48 +0100] "GET /incense-lphant-rose-maharani-p-42041.html HTTP/1.0" 200 73649 "-" "Mozilla/5.0 (compatible; BLEXBot/1.0; +http://webmeup-crawler.com/)"
54.36.149.5 - - [02/Dec/2021:06:01:51 +0100] "GET /incense-holder-incense-burner-c-231_229.html?page=2 HTTP/1.0" 200 91603 "-" "Mozilla/5.0 (compatible; AhrefsBot/7.0; +http://ahrefs.com/robot/)"
157.55.39.125 - - [02/Dec/2021:06:01:52 +0100] "GET /images/1300010240366.jpg HTTP/1.0" 200 259 "-" "Mozilla/5.0 (compatible; bingbot/2.0; +http://www.bing.com/bingbot.htm)"
157.90.177.217 - - [02/Dec/2021:06:01:52 +0100] "GET /incense-lphant-rose-natural-p-41804.html HTTP/1.0" 200 73502 "-" "Mozilla/5.0 (compatible; BLEXBot/1.0; +http://webmeup-crawler.com/)"
157.55.39.228 - - [02/Dec/2021:06:01:56 +0100] "GET /images/big_prod/8435333821862.jpg HTTP/1.0" 200 268 "-" "Mozilla/5.0 (compatible; bingbot/2.0; +http://www.bing.com/bingbot.htm)"
157.90.177.217 - - [02/Dec/2021:06:01:58 +0100] "GET /incense-lphant-rose-nirvana-p-40376.html HTTP/1.0" 200 73682 "-" "Mozilla/5.0 (compatible; BLEXBot/1.0; +http://webmeup-crawler.com/)"
157.90.177.217 - - [02/Dec/2021:06:02:04 +0100] "GET /incense-lphant-rose-patchouli-cleste-prema-p-40371.html HTTP/1.0" 200 73537 "-" "Mozilla/5.0 (compatible; BLEXBot/1.0; +http://webmeup-crawler.com/)"
157.90.177.217 - - [02/Dec/2021:06:02:09 +0100] "GET /incense-lphant-rose-rose-kashmir-p-40378.html HTTP/1.0" 200 73554 "-" "Mozilla/5.0 (compatible; BLEXBot/1.0; +http://webmeup-crawler.com/)"
157.90.177.217 - - [02/Dec/2021:06:02:15 +0100] "GET /incense-lphant-rose-sandalwood-p-40372.html HTTP/1.0" 200 73533 "-" "Mozilla/5.0 (compatible; BLEXBot/1.0; +http://webmeup-crawler.com/)"
114.119.128.39 - - [02/Dec/2021:06:02:17 +0100] "GET /ethnic-tray-natural-bamboo-cane-p-44987.html HTTP/1.0" 200 73459 "-" "Mozilla/5.0 (Linux; Android 7.0;) AppleWebKit/537.36 (KHTML, like Gecko) Mobile Safari/537.36 (compatible; PetalBot;+https://webmaster.petalsearch.com/site/petalbot)"
157.90.177.217 - - [02/Dec/2021:06:02:19 +0100] "GET /incense-lphant-rose-shyam-divine-lover-p-40370.html HTTP/1.0" 200 73536 "-" "Mozilla/5.0 (compatible; BLEXBot/1.0; +http://webmeup-crawler.com/)"
157.90.177.217 - - [02/Dec/2021:06:02:25 +0100] "GET /incense-lphant-rose-tibetan-valley-p-40375.html HTTP/1.0" 200 73637 "-" "Mozilla/5.0 (compatible; BLEXBot/1.0; +http://webmeup-crawler.com/)"
157.90.177.217 - - [02/Dec/2021:06:02:31 +0100] "GET /incense-lphant-rose-varuni-p-40379.html HTTP/1.0" 200 73496 "-" "Mozilla/5.0 (compatible; BLEXBot/1.0; +http://webmeup-crawler.com/)"
157.90.177.217 - - [02/Dec/2021:06:02:37 +0100] "GET /incense-marco-polo-treasures-kampuram-grams-p-45151.html HTTP/1.0" 200 74288 "-" "Mozilla/5.0 (compatible; BLEXBot/1.0; +http://webmeup-crawler.com/)"
185.191.171.15 - - [02/Dec/2021:06:02:37 +0100] "GET /laissez-lucie-faire-lauren-glasses-box-p-42665.html HTTP/1.0" 301 73547 "-" "Mozilla/5.0 (compatible; SemrushBot/7~bl; +http://www.semrush.com/bot.html)"
185.191.171.16 - - [02/Dec/2021:06:02:41 +0100] "GET /laissez-lucie-faire-lauren-glasses-p-42665.html HTTP/1.0" 200 73446 "-" "Mozilla/5.0 (compatible; SemrushBot/7~bl; +http://www.semrush.com/bot.html)"
157.90.177.217 - - [02/Dec/2021:06:02:46 +0100] "GET /incense-satya-champa-agarbatti-grams-about-sticks-p-39488.html HTTP/1.0" 200 73912 "-" "Mozilla/5.0 (compatible; BLEXBot/1.0; +http://webmeup-crawler.com/)"
157.90.177.217 - - [02/Dec/2021:06:02:54 +0100] "GET /incense-satya-champa-agarbatti-grams-about-sticks-p-40514.html HTTP/1.0" 200 73900 "-" "Mozilla/5.0 (compatible; BLEXBot/1.0; +http://webmeup-crawler.com/)"
157.90.177.217 - - [02/Dec/2021:06:02:57 +0100] "GET /incense-satya-champa-boxes-grams-p-54694.html HTTP/1.0" 200 74463 "-" "Mozilla/5.0 (compatible; BLEXBot/1.0; +http://webmeup-crawler.com/)"
157.90.177.217 - - [02/Dec/2021:06:03:03 +0100] "GET /incense-satya-champa-boxes-grams-p-56477.html HTTP/1.0" 200 74425 "-" "Mozilla/5.0 (compatible; BLEXBot/1.0; +http://webmeup-crawler.com/)"
17.121.114.85 - - [02/Dec/2021:06:03:07 +0100] "GET /images/1300010237380.jpg HTTP/1.0" 200 259 "-" "Mozilla/5.0 (Macintosh; Intel Mac OS X 10_15_5) AppleWebKit/605.1.15 (KHTML, like Gecko) Version/13.1.1 Safari/605.1.15 (Applebot/0.1; +http://www.apple.com/go/applebot)"
157.90.177.217 - - [02/Dec/2021:06:03:07 +0100] "GET /incense-satya-champa-grams-about-sticks-p-56479.html HTTP/1.0" 200 73815 "-" "Mozilla/5.0 (compatible; BLEXBot/1.0; +http://webmeup-crawler.com/)"
54.36.148.73 - - [02/Dec/2021:06:03:13 +0100] "GET /home-decoration-c-13.html?page=21 HTTP/1.0" 200 93070 "-" "Mozilla/5.0 (compatible; AhrefsBot/7.0; +http://ahrefs.com/robot/)"
157.90.177.217 - - [02/Dec/2021:06:03:14 +0100] "GET /incense-satya-champa-palo-santo-grams-about-sticks-p-44397.html HTTP/1.0" 200 73901 "-" "Mozilla/5.0 (compatible; BLEXBot/1.0; +http://webmeup-crawler.com/)"
157.90.177.217 - - [02/Dec/2021:06:03:19 +0100] "GET /incense-satya-champa-sandalwood-grams-about-sticks-p-44398.html HTTP/1.0" 200 74580 "-" "Mozilla/5.0 (compatible; BLEXBot/1.0; +http://webmeup-crawler.com/)"
157.90.177.217 - - [02/Dec/2021:06:03:25 +0100] "GET /incense-satya-champa-white-sage15-grams-about-sticks-p-48491.html HTTP/1.0" 200 73911 "-" "Mozilla/5.0 (compatible; BLEXBot/1.0; +http://webmeup-crawler.com/)"
157.90.177.217 - - [02/Dec/2021:06:03:28 +0100] "GET /incense-satya-dragon-blood-boxes-grams-p-54740.html HTTP/1.0" 200 74519 "-" "Mozilla/5.0 (compatible; BLEXBot/1.0; +http://webmeup-crawler.com/)"
157.90.177.217 - - [02/Dec/2021:06:03:32 +0100] "GET /incense-satya-myrrh-boxes-grams-p-54623.html HTTP/1.0" 200 74411 "-" "Mozilla/5.0 (compatible; BLEXBot/1.0; +http://webmeup-crawler.com/)"
157.90.177.217 - - [02/Dec/2021:06:03:37 +0100] "GET /incense-satya-namaste-boxes-grams-p-54234.html HTTP/1.0" 200 74434 "-" "Mozilla/5.0 (compatible; BLEXBot/1.0; +http://webmeup-crawler.com/)"
58.250.125.68 - - [02/Dec/2021:06:03:38 +0100] "GET /pencil-case-c-75.html HTTP/1.0" 301 94517 "-" "Sogou web spider/4.0(+http://www.sogou.com/docs/help/webmasters.htm#07)"
114.119.128.34 - - [02/Dec/2021:06:03:38 +0100] "GET /flared-lamp-in-multicolored-glass-p-49602.html HTTP/1.0" 301 73462 "-" "Mozilla/5.0 (Linux; Android 7.0;) AppleWebKit/537.36 (KHTML, like Gecko) Mobile Safari/537.36 (compatible; PetalBot;+https://webmaster.petalsearch.com/site/petalbot)"
157.90.177.217 - - [02/Dec/2021:06:03:42 +0100] "GET /incense-satya-opium-boxes-grams-p-56485.html HTTP/1.0" 200 74415 "-" "Mozilla/5.0 (compatible; BLEXBot/1.0; +http://webmeup-crawler.com/)"
58.250.125.70 - - [02/Dec/2021:06:03:44 +0100] "GET /pencil-case-c-31_75.html HTTP/1.0" 200 94597 "-" "Sogou web spider/4.0(+http://www.sogou.com/docs/help/webmasters.htm#07)"
114.119.128.34 - - [02/Dec/2021:06:03:45 +0100] "GET /flared-lamp-multicolored-glass-p-49602.html HTTP/1.0" 200 73365 "-" "Mozilla/5.0 (Linux; Android 7.0;) AppleWebKit/537.36 (KHTML, like Gecko) Mobile Safari/537.36 (compatible; PetalBot;+https://webmaster.petalsearch.com/site/petalbot)"
157.90.177.217 - - [02/Dec/2021:06:03:45 +0100] "GET /incense-satya-opium-grams-about-sticks-p-56483.html HTTP/1.0" 200 73783 "-" "Mozilla/5.0 (compatible; BLEXBot/1.0; +http://webmeup-crawler.com/)"
123.125.109.101 - - [02/Dec/2021:06:03:48 +0100] "GET /templates/Pixame_v1/stylesheet.css HTTP/1.0" 200 267 "http://www.wonder-geek.com/luggages-schoolbags-leather-shop/pencil-case-c-5_31_75.html" "Mozilla/5.0 (X11; Linux x86_64) AppleWebKit/537.36 (KHTML, like Gecko) Chrome/73.0.3683.86 Safari/537.36"
157.90.177.217 - - [02/Dec/2021:06:03:50 +0100] "GET /incense-satya-palo-santo-boxes-grams-p-54233.html HTTP/1.0" 200 74464 "-" "Mozilla/5.0 (compatible; BLEXBot/1.0; +http://webmeup-crawler.com/)"
157.90.177.217 - - [02/Dec/2021:06:03:55 +0100] "GET /incense-satya-patchouli-grams-about-sticks-p-54147.html HTTP/1.0" 200 73824 "-" "Mozilla/5.0 (compatible; BLEXBot/1.0; +http://webmeup-crawler.com/)"
157.90.177.217 - - [02/Dec/2021:06:03:59 +0100] "GET /incense-satya-pyramids-about-sticks-p-53779.html HTTP/1.0" 200 73879 "-" "Mozilla/5.0 (compatible; BLEXBot/1.0; +http://webmeup-crawler.com/)"
157.90.177.217 - - [02/Dec/2021:06:04:03 +0100] "GET /incense-satya-rose-boxes-grams-p-54245.html HTTP/1.0" 200 74409 "-" "Mozilla/5.0 (compatible; BLEXBot/1.0; +http://webmeup-crawler.com/)"
157.90.177.217 - - [02/Dec/2021:06:04:06 +0100] "GET /incense-satya-sandalwood-boxes-grams-p-54696.html HTTP/1.0" 200 74707 "-" "Mozilla/5.0 (compatible; BLEXBot/1.0; +http://webmeup-crawler.com/)"
20.109.132.165 - - [02/Dec/2021:06:04:13 +0100] "GET /images/big_prod/4029811392582.jpg HTTP/1.0" 200 268 "-" "Mozilla/5.0 (Windows NT 10.0; WOW64) AppleWebKit/537.36 (KHTML, like Gecko) Chrome/68.0.3440.106 Safari/537.36"
157.90.177.217 - - [02/Dec/2021:06:04:12 +0100] "GET /incense-satya-traditional-ayurveda-grams-about-sticks-p-53777.html HTTP/1.0" 200 74596 "-" "Mozilla/5.0 (compatible; BLEXBot/1.0; +http://webmeup-crawler.com/)"
157.90.177.217 - - [02/Dec/2021:06:04:20 +0100] "GET /incense-satya-tulsi-grams-about-sticks-p-53775.html HTTP/1.0" 200 74099 "-" "Mozilla/5.0 (compatible; BLEXBot/1.0; +http://webmeup-crawler.com/)"
157.90.177.217 - - [02/Dec/2021:06:04:23 +0100] "GET /incense-satya-vanilla-boxes-grams-p-54218.html HTTP/1.0" 200 74431 "-" "Mozilla/5.0 (compatible; BLEXBot/1.0; +http://webmeup-crawler.com/)"
185.191.171.40 - - [02/Dec/2021:06:04:24 +0100] "GET /monks-golden-resin-hear-silent-p-56200.html HTTP/1.0" 200 74703 "-" "Mozilla/5.0 (compatible; SemrushBot/7~bl; +http://www.semrush.com/bot.html)"
185.191.171.22 - - [02/Dec/2021:06:04:28 +0100] "GET /urss-black-tee-shirt-p-30594.html HTTP/1.0" 301 75250 "-" "Mozilla/5.0 (compatible; SemrushBot/7~bl; +http://www.semrush.com/bot.html)"
157.90.177.217 - - [02/Dec/2021:06:04:30 +0100] "GET /incense-satya-vanilla-grams-about-sticks-p-54217.html HTTP/1.0" 200 73796 "-" "Mozilla/5.0 (compatible; BLEXBot/1.0; +http://webmeup-crawler.com/)"
185.191.171.17 - - [02/Dec/2021:06:04:31 +0100] "GET /urss-black-shirt-p-30594.html HTTP/1.0" 200 75167 "-" "Mozilla/5.0 (compatible; SemrushBot/7~bl; +http://www.semrush.com/bot.html)"
157.90.177.217 - - [02/Dec/2021:06:04:35 +0100] "GET /incense-spiritual-guide-hexagon-packs-p-52837.html HTTP/1.0" 200 73560 "-" "Mozilla/5.0 (compatible; BLEXBot/1.0; +http://webmeup-crawler.com/)"
54.36.148.122 - - [02/Dec/2021:06:04:35 +0100] "GET /decorative-candle-apple-cinnamon-christmas-p-56870.html HTTP/1.0" 200 73521 "-" "Mozilla/5.0 (compatible; AhrefsBot/7.0; +http://ahrefs.com/robot/)"
157.90.177.217 - - [02/Dec/2021:06:04:43 +0100] "GET /incense-stick-holder-buddha-p-35509.html HTTP/1.0" 200 74279 "-" "Mozilla/5.0 (compatible; BLEXBot/1.0; +http://webmeup-crawler.com/)"
40.91.114.143 - - [02/Dec/2021:06:04:47 +0100] "GET /images/8003990585740.jpg HTTP/1.0" 200 259 "-" "Mozilla/4.0 (compatible; MSIE 7.0; Windows NT 6.0)"
157.90.177.217 - - [02/Dec/2021:06:04:51 +0100] "GET /incense-stick-holder-buddha-p-42793.html HTTP/1.0" 200 73389 "-" "Mozilla/5.0 (compatible; BLEXBot/1.0; +http://webmeup-crawler.com/)"
157.90.177.217 - - [02/Dec/2021:06:04:56 +0100] "GET /incense-stick-holder-buddha-p-44894.html HTTP/1.0" 200 73353 "-" "Mozilla/5.0 (compatible; BLEXBot/1.0; +http://webmeup-crawler.com/)"
114.119.128.253 - - [02/Dec/2021:06:04:58 +0100] "GET /bamboo-fiber-plant-cover-p-51945.html HTTP/1.0" 200 70699 "-" "Mozilla/5.0 (Linux; Android 7.0;) AppleWebKit/537.36 (KHTML, like Gecko) Mobile Safari/537.36 (compatible; PetalBot;+https://webmaster.petalsearch.com/site/petalbot)"
157.90.177.217 - - [02/Dec/2021:06:05:04 +0100] "GET /incense-stick-holder-buddha-p-44895.html HTTP/1.0" 200 73382 "-" "Mozilla/5.0 (compatible; BLEXBot/1.0; +http://webmeup-crawler.com/)"
157.90.177.217 - - [02/Dec/2021:06:05:11 +0100] "GET /incense-stick-holder-flower-p-43935.html HTTP/1.0" 200 73390 "-" "Mozilla/5.0 (compatible; BLEXBot/1.0; +http://webmeup-crawler.com/)"
17.121.113.53 - - [02/Dec/2021:06:05:14 +0100] "GET /images/big_prod_2/3574642579813C.jpg HTTP/1.0" 200 271 "-" "Mozilla/5.0 (Macintosh; Intel Mac OS X 10_15_5) AppleWebKit/605.1.15 (KHTML, like Gecko) Version/13.1.1 Safari/605.1.15 (Applebot/0.1; +http://www.apple.com/go/applebot)"
20.109.134.229 - - [02/Dec/2021:06:05:15 +0100] "GET /images/big_prod/7601020000150.jpg HTTP/1.0" 200 268 "-" "Mozilla/5.0 (Macintosh; U; PPC Mac OS X 10.5; en-US; rv:1.9.2.15) Gecko/20110303 Firefox/3.6.15"
157.90.177.217 - - [02/Dec/2021:06:05:17 +0100] "GET /incense-stick-holder-flowers-p-55241.html HTTP/1.0" 200 74287 "-" "Mozilla/5.0 (compatible; BLEXBot/1.0; +http://webmeup-crawler.com/)"
157.90.177.217 - - [02/Dec/2021:06:05:24 +0100] "GET /incense-stick-holder-ganesha-p-50381.html HTTP/1.0" 200 73383 "-" "Mozilla/5.0 (compatible; BLEXBot/1.0; +http://webmeup-crawler.com/)"
157.90.177.217 - - [02/Dec/2021:06:05:29 +0100] "GET /incense-stick-holder-hand-fatima-p-50385.html HTTP/1.0" 200 73435 "-" "Mozilla/5.0 (compatible; BLEXBot/1.0; +http://webmeup-crawler.com/)"
157.90.177.217 - - [02/Dec/2021:06:05:34 +0100] "GET /incense-stick-holder-little-buddha-p-46559.html HTTP/1.0" 200 73429 "-" "Mozilla/5.0 (compatible; BLEXBot/1.0; +http://webmeup-crawler.com/)"
20.109.133.1 - - [02/Dec/2021:06:05:36 +0100] "GET /images/big_prod/067103378283.jpg HTTP/1.0" 200 267 "-" "Mozilla/4.0 (compatible; MSIE 7.0; Windows NT 6.0)"
157.90.177.217 - - [02/Dec/2021:06:05:39 +0100] "GET /incense-stick-holder-little-buddha-p-54080.html HTTP/1.0" 200 73387 "-" "Mozilla/5.0 (compatible; BLEXBot/1.0; +http://webmeup-crawler.com/)"
157.90.177.217 - - [02/Dec/2021:06:05:46 +0100] "GET /incense-stick-holder-moon-little-buddha-p-53630.html HTTP/1.0" 200 74075 "-" "Mozilla/5.0 (compatible; BLEXBot/1.0; +http://webmeup-crawler.com/)"
54.36.148.46 - - [02/Dec/2021:06:05:54 +0100] "GET /stormtrooper-star-wars-isothermic-stainless-steel-bottle-p-56372.html HTTP/1.0" 200 74207 "-" "Mozilla/5.0 (compatible; AhrefsBot/7.0; +http://ahrefs.com/robot/)"
157.90.177.217 - - [02/Dec/2021:06:05:55 +0100] "GET /incense-stick-holder-om784-p-43936.html HTTP/1.0" 200 73378 "-" "Mozilla/5.0 (compatible; BLEXBot/1.0; +http://webmeup-crawler.com/)"
157.90.177.217 - - [02/Dec/2021:06:06:04 +0100] "GET /incense-stick-holder-p-53902.html HTTP/1.0" 200 73928 "-" "Mozilla/5.0 (compatible; BLEXBot/1.0; +http://webmeup-crawler.com/)"
157.90.177.217 - - [02/Dec/2021:06:06:10 +0100] "GET /incense-stick-holder-stars-p-55244.html HTTP/1.0" 200 74269 "-" "Mozilla/5.0 (compatible; BLEXBot/1.0; +http://webmeup-crawler.com/)"
157.90.177.217 - - [02/Dec/2021:06:06:17 +0100] "GET /robots.txt HTTP/1.0" 301 531 "-" "Mozilla/5.0 (compatible; BLEXBot/1.0; +http://webmeup-crawler.com/)"
157.90.177.217 - - [02/Dec/2021:06:06:17 +0100] "GET /robots.txt HTTP/1.0" 200 245 "-" "Mozilla/5.0 (compatible; BLEXBot/1.0; +http://webmeup-crawler.com/)"
157.90.177.217 - - [02/Dec/2021:06:06:18 +0100] "GET /incense-stick-holder-yang-p-35508.html HTTP/1.0" 200 74293 "-" "Mozilla/5.0 (compatible; BLEXBot/1.0; +http://webmeup-crawler.com/)"
157.90.177.217 - - [02/Dec/2021:06:06:21 +0100] "GET /incense-sticks-burner-storage-chakra-p-39490.html HTTP/1.0" 200 74338 "-" "Mozilla/5.0 (compatible; BLEXBot/1.0; +http://webmeup-crawler.com/)"
114.119.128.40 - - [02/Dec/2021:06:06:22 +0100] "GET /rolling-stones-zippo-lighter-p-49071.html HTTP/1.0" 301 70680 "-" "Mozilla/5.0 (Linux; Android 7.0;) AppleWebKit/537.36 (KHTML, like Gecko) Mobile Safari/537.36 (compatible; PetalBot;+https://webmaster.petalsearch.com/site/petalbot)"
114.119.128.40 - - [02/Dec/2021:06:06:26 +0100] "GET /-p-49071.html HTTP/1.0" 200 70613 "-" "Mozilla/5.0 (Linux; Android 7.0;) AppleWebKit/537.36 (KHTML, like Gecko) Mobile Safari/537.36 (compatible; PetalBot;+https://webmaster.petalsearch.com/site/petalbot)"
185.191.171.17 - - [02/Dec/2021:06:06:28 +0100] "GET /fragrance-sachet-welcome-home-p-40536.html HTTP/1.0" 200 73976 "-" "Mozilla/5.0 (compatible; SemrushBot/7~bl; +http://www.semrush.com/bot.html)"
51.68.224.127 - - [02/Dec/2021:06:06:28 +0100] "GET /adminweb/export_orders_xml.php?token=256de2z6edz6ed2z6DFSFsed2zed6zeDSFDSGdzedezfzf&maxorders=10&orderstart=1&status=14&start_date=2018-10-01 HTTP/1.0" 200 285 "-" "GesCom CharlotteBoutik Serveur"
51.68.224.127 - - [02/Dec/2021:06:06:29 +0100] "GET /adminweb/export_orders_xml.php?token=256de2z6edz6ed2z6DFSFsed2zed6zeDSFDSGdzedezfzf&maxorders=10&orderstart=1&status=6&start_date=2018-10-01 HTTP/1.0" 200 32471 "-" "GesCom CharlotteBoutik Serveur"
157.90.177.217 - - [02/Dec/2021:06:06:28 +0100] "GET /incense-sticks-burner-storage-flower-life-p-39336.html HTTP/1.0" 200 74420 "-" "Mozilla/5.0 (compatible; BLEXBot/1.0; +http://webmeup-crawler.com/)"
157.90.177.217 - - [02/Dec/2021:06:06:34 +0100] "GET /incense-sticks-burner-storage-ganesh-p-53400.html HTTP/1.0" 200 73705 "-" "Mozilla/5.0 (compatible; BLEXBot/1.0; +http://webmeup-crawler.com/)"
157.90.177.217 - - [02/Dec/2021:06:06:38 +0100] "GET /incense-sticks-burner-storage-lotus-p-39489.html HTTP/1.0" 200 74326 "-" "Mozilla/5.0 (compatible; BLEXBot/1.0; +http://webmeup-crawler.com/)"
157.90.177.217 - - [02/Dec/2021:06:06:44 +0100] "GET /incense-sticks-burner-storage-p-53556.html HTTP/1.0" 200 74300 "-" "Mozilla/5.0 (compatible; BLEXBot/1.0; +http://webmeup-crawler.com/)"
185.191.171.18 - - [02/Dec/2021:06:06:45 +0100] "GET /porcelain-bowl-tous-p-54486.html?action=add_product HTTP/1.0" 302 476 "-" "Mozilla/5.0 (compatible; SemrushBot/7~bl; +http://www.semrush.com/bot.html)"
157.90.177.217 - - [02/Dec/2021:06:06:53 +0100] "GET /incense-sticks-burner-storage-pentacle-p-49031.html HTTP/1.0" 200 74363 "-" "Mozilla/5.0 (compatible; BLEXBot/1.0; +http://webmeup-crawler.com/)"
157.90.177.217 - - [02/Dec/2021:06:06:59 +0100] "GET /incense-sticks-burner-storage-tree-life-p-42834.html HTTP/1.0" 200 74400 "-" "Mozilla/5.0 (compatible; BLEXBot/1.0; +http://webmeup-crawler.com/)"
157.90.177.217 - - [02/Dec/2021:06:07:05 +0100] "GET /incense-tree-life-grams-about-sticks-p-45150.html HTTP/1.0" 200 73831 "-" "Mozilla/5.0 (compatible; BLEXBot/1.0; +http://webmeup-crawler.com/)"
207.46.13.202 - - [02/Dec/2021:06:07:09 +0100] "GET /images/8428551001338.jpg HTTP/1.0" 200 259 "-" "Mozilla/5.0 (compatible; bingbot/2.0; +http://www.bing.com/bingbot.htm)"
157.90.177.217 - - [02/Dec/2021:06:07:10 +0100] "GET /india-clock-cbkreation-p-36921.html HTTP/1.0" 200 73251 "-" "Mozilla/5.0 (compatible; BLEXBot/1.0; +http://webmeup-crawler.com/)"
54.36.149.7 - - [02/Dec/2021:06:07:12 +0100] "GET /ceramic-face-vase-azure-blue-p-50088.html HTTP/1.0" 200 74420 "-" "Mozilla/5.0 (compatible; AhrefsBot/7.0; +http://ahrefs.com/robot/)"
157.90.177.217 - - [02/Dec/2021:06:07:19 +0100] "GET /indian-elephant-coasters-p-55595.html HTTP/1.0" 200 74316 "-" "Mozilla/5.0 (compatible; BLEXBot/1.0; +http://webmeup-crawler.com/)"
157.90.177.217 - - [02/Dec/2021:06:07:27 +0100] "GET /indian-elephant-statue-p-41477.html HTTP/1.0" 200 73343 "-" "Mozilla/5.0 (compatible; BLEXBot/1.0; +http://webmeup-crawler.com/)"
91.241.19.243 - - [02/Dec/2021:06:07:31 +0100] "GET / HTTP/1.0" 301 511 "-" "Mozilla/5.0 (Windows NT 6.1; WOW64) AppleWebKit/537.1 (KHTML, like Gecko) Chrome/22.0.1207.1 Safari/537.1"
185.191.171.10 - - [02/Dec/2021:06:07:30 +0100] "GET /mango-mandala-ethnic-box-215-14-cm-p-44280.html HTTP/1.0" 301 70680 "-" "Mozilla/5.0 (compatible; SemrushBot/7~bl; +http://www.semrush.com/bot.html)"
157.90.177.217 - - [02/Dec/2021:06:07:33 +0100] "GET /indian-fancy-bracelet-finish-golden-color-p-43740.html HTTP/1.0" 200 73359 "-" "Mozilla/5.0 (compatible; BLEXBot/1.0; +http://webmeup-crawler.com/)"
185.191.171.11 - - [02/Dec/2021:06:07:33 +0100] "GET /-p-44280.html HTTP/1.0" 200 70613 "-" "Mozilla/5.0 (compatible; SemrushBot/7~bl; +http://www.semrush.com/bot.html)"
91.241.19.243 - - [02/Dec/2021:06:07:33 +0100] "GET / HTTP/1.0" 200 151939 "-" "Mozilla/5.0 (Windows NT 6.1; WOW64) AppleWebKit/537.1 (KHTML, like Gecko) Chrome/22.0.1207.1 Safari/537.1"
157.90.177.217 - - [02/Dec/2021:06:07:38 +0100] "GET /indian-fancy-bracelet-finish-golden-color-p-43741.html HTTP/1.0" 200 73359 "-" "Mozilla/5.0 (compatible; BLEXBot/1.0; +http://webmeup-crawler.com/)"
185.191.171.42 - - [02/Dec/2021:06:07:38 +0100] "GET /statuette-family-monkeys-gilded-resin-p-55130.html HTTP/1.0" 200 70775 "-" "Mozilla/5.0 (compatible; SemrushBot/7~bl; +http://www.semrush.com/bot.html)"
114.119.128.26 - - [02/Dec/2021:06:07:42 +0100] "GET /nici-ayumi-brown-portfolio-p-33439.html HTTP/1.0" 200 73482 "-" "Mozilla/5.0 (Linux; Android 7.0;) AppleWebKit/537.36 (KHTML, like Gecko) Mobile Safari/537.36 (compatible; PetalBot;+https://webmaster.petalsearch.com/site/petalbot)"
157.90.177.217 - - [02/Dec/2021:06:07:47 +0100] "GET /indian-fancy-bracelet-finish-golden-color-p-43743.html HTTP/1.0" 200 73359 "-" "Mozilla/5.0 (compatible; BLEXBot/1.0; +http://webmeup-crawler.com/)"
157.90.177.217 - - [02/Dec/2021:06:07:51 +0100] "GET /indian-fancy-bracelet-finish-golden-color-p-43744.html HTTP/1.0" 200 73359 "-" "Mozilla/5.0 (compatible; BLEXBot/1.0; +http://webmeup-crawler.com/)"
157.90.177.217 - - [02/Dec/2021:06:07:57 +0100] "GET /indian-fancy-bracelet-finish-golden-color-p-43745.html HTTP/1.0" 200 73359 "-" "Mozilla/5.0 (compatible; BLEXBot/1.0; +http://webmeup-crawler.com/)"
185.191.171.20 - - [02/Dec/2021:06:08:01 +0100] "GET /don-drive-is-love-metal-plate-deco-p-36120.html HTTP/1.0" 301 73480 "-" "Mozilla/5.0 (compatible; SemrushBot/7~bl; +http://www.semrush.com/bot.html)"
157.90.177.217 - - [02/Dec/2021:06:08:02 +0100] "GET /indian-fancy-bracelet-finish-golden-color-p-43746.html HTTP/1.0" 200 73359 "-" "Mozilla/5.0 (compatible; BLEXBot/1.0; +http://webmeup-crawler.com/)"
185.191.171.24 - - [02/Dec/2021:06:08:04 +0100] "GET /drive-love-metal-plate-deco-p-36120.html HTTP/1.0" 200 73386 "-" "Mozilla/5.0 (compatible; SemrushBot/7~bl; +http://www.semrush.com/bot.html)"
157.90.177.217 - - [02/Dec/2021:06:08:09 +0100] "GET /indian-fancy-bracelet-finish-silvered-color-p-43747.html HTTP/1.0" 200 73375 "-" "Mozilla/5.0 (compatible; BLEXBot/1.0; +http://webmeup-crawler.com/)"
157.90.177.217 - - [02/Dec/2021:06:08:15 +0100] "GET /indian-fancy-bracelet-finish-silvered-color-p-43748.html HTTP/1.0" 200 73375 "-" "Mozilla/5.0 (compatible; BLEXBot/1.0; +http://webmeup-crawler.com/)"
157.90.177.217 - - [02/Dec/2021:06:08:18 +0100] "GET /indian-fancy-bracelet-finish-silvered-color-p-43749.html HTTP/1.0" 200 73375 "-" "Mozilla/5.0 (compatible; BLEXBot/1.0; +http://webmeup-crawler.com/)"
157.90.177.217 - - [02/Dec/2021:06:08:22 +0100] "GET /indian-fancy-bracelet-finish-silvered-color-p-43750.html HTTP/1.0" 200 73375 "-" "Mozilla/5.0 (compatible; BLEXBot/1.0; +http://webmeup-crawler.com/)"
157.90.177.217 - - [02/Dec/2021:06:08:29 +0100] "GET /indian-fancy-bracelet-finish-silvered-color-p-43751.html HTTP/1.0" 200 73379 "-" "Mozilla/5.0 (compatible; BLEXBot/1.0; +http://webmeup-crawler.com/)"
157.90.177.217 - - [02/Dec/2021:06:08:34 +0100] "GET /indian-fancy-bracelet-finish-silvered-color-p-43752.html HTTP/1.0" 200 73375 "-" "Mozilla/5.0 (compatible; BLEXBot/1.0; +http://webmeup-crawler.com/)"
54.36.149.89 - - [02/Dec/2021:06:08:35 +0100] "GET /golden-brass-round-ashtray-p-46442.html HTTP/1.0" 200 75648 "-" "Mozilla/5.0 (compatible; AhrefsBot/7.0; +http://ahrefs.com/robot/)"
157.90.177.217 - - [02/Dec/2021:06:08:39 +0100] "GET /indian-fancy-bracelet-finish-silvered-color-p-43753.html HTTP/1.0" 200 73375 "-" "Mozilla/5.0 (compatible; BLEXBot/1.0; +http://webmeup-crawler.com/)"
157.90.177.217 - - [02/Dec/2021:06:08:44 +0100] "GET /indian-porcelain-bowl-p-39623.html HTTP/1.0" 200 73245 "-" "Mozilla/5.0 (compatible; BLEXBot/1.0; +http://webmeup-crawler.com/)"
157.90.177.217 - - [02/Dec/2021:06:08:52 +0100] "GET /indian-roadking-collection-metal-plate-deco-p-37166.html HTTP/1.0" 200 73477 "-" "Mozilla/5.0 (compatible; BLEXBot/1.0; +http://webmeup-crawler.com/)"
157.90.177.217 - - [02/Dec/2021:06:08:56 +0100] "GET /indian-roadking-metal-plate-p-37180.html HTTP/1.0" 200 73463 "-" "Mozilla/5.0 (compatible; BLEXBot/1.0; +http://webmeup-crawler.com/)"
157.90.177.217 - - [02/Dec/2021:06:09:03 +0100] "GET /indian-soapstone-ashtray-p-50568.html HTTP/1.0" 200 73389 "-" "Mozilla/5.0 (compatible; BLEXBot/1.0; +http://webmeup-crawler.com/)"
157.90.177.217 - - [02/Dec/2021:06:09:08 +0100] "GET /indigo-adult-japenese-apron-p-45908.html HTTP/1.0" 200 73888 "-" "Mozilla/5.0 (compatible; BLEXBot/1.0; +http://webmeup-crawler.com/)"
114.119.128.40 - - [02/Dec/2021:06:09:09 +0100] "GET /lotus-candleholder-chakra-yellow-goldlining-p-35527.html HTTP/1.0" 200 74867 "-" "Mozilla/5.0 (Linux; Android 7.0;) AppleWebKit/537.36 (KHTML, like Gecko) Mobile Safari/537.36 (compatible; PetalBot;+https://webmaster.petalsearch.com/site/petalbot)"
185.191.171.8 - - [02/Dec/2021:06:09:10 +0100] "GET /cast-iron-oil-lamp-p-46495.html HTTP/1.0" 301 70748 "-" "Mozilla/5.0 (compatible; SemrushBot/7~bl; +http://www.semrush.com/bot.html)"
157.90.177.217 - - [02/Dec/2021:06:09:13 +0100] "GET /indigo-tulip-alarm-clock-p-47273.html HTTP/1.0" 200 74595 "-" "Mozilla/5.0 (compatible; BLEXBot/1.0; +http://webmeup-crawler.com/)"
185.191.171.26 - - [02/Dec/2021:06:09:14 +0100] "GET /cast-iron-lamp-p-46495.html HTTP/1.0" 200 70667 "-" "Mozilla/5.0 (compatible; SemrushBot/7~bl; +http://www.semrush.com/bot.html)"
157.90.177.217 - - [02/Dec/2021:06:09:16 +0100] "GET /indoor-crystal-time-indicator-p-55405.html HTTP/1.0" 200 74301 "-" "Mozilla/5.0 (compatible; BLEXBot/1.0; +http://webmeup-crawler.com/)"
157.90.177.217 - - [02/Dec/2021:06:09:20 +0100] "GET /indoor-crystal-time-indicator-p-55408.html HTTP/1.0" 200 74316 "-" "Mozilla/5.0 (compatible; BLEXBot/1.0; +http://webmeup-crawler.com/)"
185.191.171.24 - - [02/Dec/2021:06:09:25 +0100] "GET /ladybug-moneybox-p-37738.html HTTP/1.0" 200 73796 "-" "Mozilla/5.0 (compatible; SemrushBot/7~bl; +http://www.semrush.com/bot.html)"
157.90.177.217 - - [02/Dec/2021:06:09:26 +0100] "GET /induction-charger-alarm-clock-p-51763.html HTTP/1.0" 200 74299 "-" "Mozilla/5.0 (compatible; BLEXBot/1.0; +http://webmeup-crawler.com/)"
157.90.177.217 - - [02/Dec/2021:06:09:31 +0100] "GET /induction-charger-alarm-clock-p-51764.html HTTP/1.0" 200 74298 "-" "Mozilla/5.0 (compatible; BLEXBot/1.0; +http://webmeup-crawler.com/)"
157.90.177.217 - - [02/Dec/2021:06:09:36 +0100] "GET /induction-charger-alarm-clock-p-53134.html HTTP/1.0" 200 74091 "-" "Mozilla/5.0 (compatible; BLEXBot/1.0; +http://webmeup-crawler.com/)"
157.90.177.217 - - [02/Dec/2021:06:09:39 +0100] "GET /industrial-chandelier-patinated-copper-metal-p-38628.html HTTP/1.0" 200 73527 "-" "Mozilla/5.0 (compatible; BLEXBot/1.0; +http://webmeup-crawler.com/)"
