157.90.177.217 - - [02/Dec/2021:06:43:48 +0100] "GET /large-tassen-porcelain-mood-bowl-made-germany-p-43280.html HTTP/1.0" 200 73446 "-" "Mozilla/5.0 (compatible; BLEXBot/1.0; +http://webmeup-crawler.com/)"
54.36.149.57 - - [02/Dec/2021:06:43:54 +0100] "GET /household-linen-c-11.html?page=42 HTTP/1.0" 200 93197 "-" "Mozilla/5.0 (compatible; AhrefsBot/7.0; +http://ahrefs.com/robot/)"
157.90.177.217 - - [02/Dec/2021:06:44:00 +0100] "GET /large-tassen-porcelain-mood-bowl-made-germany-p-47548.html HTTP/1.0" 200 74585 "-" "Mozilla/5.0 (compatible; BLEXBot/1.0; +http://webmeup-crawler.com/)"
157.90.177.217 - - [02/Dec/2021:06:44:06 +0100] "GET /large-tassen-porcelain-mood-bowl-made-germany-p-47549.html HTTP/1.0" 200 74585 "-" "Mozilla/5.0 (compatible; BLEXBot/1.0; +http://webmeup-crawler.com/)"
40.77.167.66 - - [02/Dec/2021:06:44:07 +0100] "GET /images/mini_prod/3609810085220.jpg HTTP/1.0" 200 269 "-" "Mozilla/5.0 (compatible; bingbot/2.0; +http://www.bing.com/bingbot.htm)"
157.90.177.217 - - [02/Dec/2021:06:44:11 +0100] "GET /large-tassen-porcelain-mood-bowl-made-germany-p-47550.html HTTP/1.0" 200 74585 "-" "Mozilla/5.0 (compatible; BLEXBot/1.0; +http://webmeup-crawler.com/)"
157.90.177.217 - - [02/Dec/2021:06:44:16 +0100] "GET /large-tassen-porcelain-mood-bowl-made-germany-p-47551.html HTTP/1.0" 200 74585 "-" "Mozilla/5.0 (compatible; BLEXBot/1.0; +http://webmeup-crawler.com/)"
157.90.177.217 - - [02/Dec/2021:06:44:21 +0100] "GET /large-white-linen-lampshade-p-55931.html HTTP/1.0" 200 73957 "-" "Mozilla/5.0 (compatible; BLEXBot/1.0; +http://webmeup-crawler.com/)"
114.119.128.253 - - [02/Dec/2021:06:44:24 +0100] "GET /les-copains-abord-placemat-p-40663.html HTTP/1.0" 301 70792 "-" "Mozilla/5.0 (Linux; Android 7.0;) AppleWebKit/537.36 (KHTML, like Gecko) Mobile Safari/537.36 (compatible; PetalBot;+https://webmaster.petalsearch.com/site/petalbot)"
157.90.177.217 - - [02/Dec/2021:06:44:26 +0100] "GET /laundry-baskets-p-44778.html HTTP/1.0" 200 73285 "-" "Mozilla/5.0 (compatible; BLEXBot/1.0; +http://webmeup-crawler.com/)"
157.90.177.217 - - [02/Dec/2021:06:44:30 +0100] "GET /lavande-moroccan-ashtray-p-54603.html HTTP/1.0" 200 73221 "-" "Mozilla/5.0 (compatible; BLEXBot/1.0; +http://webmeup-crawler.com/)"
157.90.177.217 - - [02/Dec/2021:06:44:35 +0100] "GET /lavander-eyeglass-case-p-47642.html HTTP/1.0" 200 73281 "-" "Mozilla/5.0 (compatible; BLEXBot/1.0; +http://webmeup-crawler.com/)"
114.119.128.253 - - [02/Dec/2021:06:44:38 +0100] "GET /copains-abord-placemat-p-40663.html HTTP/1.0" 200 70703 "-" "Mozilla/5.0 (Linux; Android 7.0;) AppleWebKit/537.36 (KHTML, like Gecko) Mobile Safari/537.36 (compatible; PetalBot;+https://webmaster.petalsearch.com/site/petalbot)"
20.109.132.176 - - [02/Dec/2021:06:44:40 +0100] "GET /images/big_prod/8718375752609.jpg HTTP/1.0" 200 268 "-" "Mozilla/4.0 (compatible; MSIE 7.0; Windows NT 6.0)"
157.90.177.217 - - [02/Dec/2021:06:44:43 +0100] "GET /lavandula-small-ashtray-p-39664.html HTTP/1.0" 200 73248 "-" "Mozilla/5.0 (compatible; BLEXBot/1.0; +http://webmeup-crawler.com/)"
157.90.177.217 - - [02/Dec/2021:06:44:46 +0100] "GET /lavender-cigales-coasters-p-39620.html HTTP/1.0" 200 73277 "-" "Mozilla/5.0 (compatible; BLEXBot/1.0; +http://webmeup-crawler.com/)"
157.90.177.217 - - [02/Dec/2021:06:44:50 +0100] "GET /lavender-rosemary-adult-apron-p-39736.html HTTP/1.0" 200 73327 "-" "Mozilla/5.0 (compatible; BLEXBot/1.0; +http://webmeup-crawler.com/)"
157.90.177.217 - - [02/Dec/2021:06:44:55 +0100] "GET /leather-anchor-bracelet-p-43754.html HTTP/1.0" 200 73283 "-" "Mozilla/5.0 (compatible; BLEXBot/1.0; +http://webmeup-crawler.com/)"
157.90.177.217 - - [02/Dec/2021:06:44:59 +0100] "GET /legends-never-made-metal-clock-p-44431.html HTTP/1.0" 200 73473 "-" "Mozilla/5.0 (compatible; BLEXBot/1.0; +http://webmeup-crawler.com/)"
157.90.177.217 - - [02/Dec/2021:06:45:04 +0100] "GET /leopard-money-p-47937.html HTTP/1.0" 200 73287 "-" "Mozilla/5.0 (compatible; BLEXBot/1.0; +http://webmeup-crawler.com/)"
157.90.177.217 - - [02/Dec/2021:06:45:13 +0100] "GET /leopard-shoulder-made-france-p-52757.html HTTP/1.0" 200 74222 "-" "Mozilla/5.0 (compatible; BLEXBot/1.0; +http://webmeup-crawler.com/)"
54.36.148.213 - - [02/Dec/2021:06:45:18 +0100] "GET /godfather-pencil-p-7162.html HTTP/1.0" 200 73245 "-" "Mozilla/5.0 (compatible; AhrefsBot/7.0; +http://ahrefs.com/robot/)"
157.90.177.217 - - [02/Dec/2021:06:45:20 +0100] "GET /liban-clock-cbkreation-p-36924.html HTTP/1.0" 200 73251 "-" "Mozilla/5.0 (compatible; BLEXBot/1.0; +http://webmeup-crawler.com/)"
157.90.177.217 - - [02/Dec/2021:06:45:27 +0100] "GET /liberty-pink-strawberry-bracelet-p-16749.html HTTP/1.0" 200 73530 "-" "Mozilla/5.0 (compatible; BLEXBot/1.0; +http://webmeup-crawler.com/)"
157.90.177.217 - - [02/Dec/2021:06:45:31 +0100] "GET /liberty-russian-doll-money-cbkreation-p-18490.html HTTP/1.0" 200 73460 "-" "Mozilla/5.0 (compatible; BLEXBot/1.0; +http://webmeup-crawler.com/)"
157.90.177.217 - - [02/Dec/2021:06:45:36 +0100] "GET /liberty-russian-doll-mouse-cbkreation-p-18494.html HTTP/1.0" 200 73345 "-" "Mozilla/5.0 (compatible; BLEXBot/1.0; +http://webmeup-crawler.com/)"
157.90.177.217 - - [02/Dec/2021:06:45:42 +0100] "GET /libra-clasic-keyring-cbkreation-p-43244.html HTTP/1.0" 200 73389 "-" "Mozilla/5.0 (compatible; BLEXBot/1.0; +http://webmeup-crawler.com/)"
157.90.177.217 - - [02/Dec/2021:06:45:46 +0100] "GET /liechtenstein-clock-cbkreation-p-36928.html HTTP/1.0" 200 73308 "-" "Mozilla/5.0 (compatible; BLEXBot/1.0; +http://webmeup-crawler.com/)"
157.90.177.217 - - [02/Dec/2021:06:45:51 +0100] "GET /life-dream-keyring-cbkreation-p-43223.html HTTP/1.0" 200 73397 "-" "Mozilla/5.0 (compatible; BLEXBot/1.0; +http://webmeup-crawler.com/)"
185.191.171.40 - - [02/Dec/2021:06:45:55 +0100] "GET /uk-carlin-set-of-coasters-cbkreation-p-23362.html HTTP/1.0" 301 73111 "-" "Mozilla/5.0 (compatible; SemrushBot/7~bl; +http://www.semrush.com/bot.html)"
157.90.177.217 - - [02/Dec/2021:06:45:56 +0100] "GET /life-good-metal-plate-p-29228.html HTTP/1.0" 200 73277 "-" "Mozilla/5.0 (compatible; BLEXBot/1.0; +http://webmeup-crawler.com/)"
185.191.171.25 - - [02/Dec/2021:06:45:59 +0100] "GET /carlin-coasters-cbkreation-p-23362.html HTTP/1.0" 200 73018 "-" "Mozilla/5.0 (compatible; SemrushBot/7~bl; +http://www.semrush.com/bot.html)"
157.90.177.217 - - [02/Dec/2021:06:46:04 +0100] "GET /life-like-bicycle-metal-plate-deco-p-36126.html HTTP/1.0" 200 73356 "-" "Mozilla/5.0 (compatible; BLEXBot/1.0; +http://webmeup-crawler.com/)"
159.138.102.98 - - [02/Dec/2021:06:46:10 +0100] "GET /little-buddha-collection-yellow-p-50248.html HTTP/1.0" 200 70721 "-" "Mozilla/5.0 (Linux; Android 7.0;) AppleWebKit/537.36 (KHTML, like Gecko) Mobile Safari/537.36 (compatible; PetalBot;+https://webmaster.petalsearch.com/site/petalbot)"
157.90.177.217 - - [02/Dec/2021:06:46:11 +0100] "GET /life-simple-metal-plate-p-29230.html HTTP/1.0" 200 73311 "-" "Mozilla/5.0 (compatible; BLEXBot/1.0; +http://webmeup-crawler.com/)"
185.191.171.7 - - [02/Dec/2021:06:46:19 +0100] "GET /fff-sport-bag-p-52062.html HTTP/1.0" 301 70711 "-" "Mozilla/5.0 (compatible; SemrushBot/7~bl; +http://www.semrush.com/bot.html)"
157.90.177.217 - - [02/Dec/2021:06:46:19 +0100] "GET /light-blue-piggy-bank-p-54800.html HTTP/1.0" 200 73326 "-" "Mozilla/5.0 (compatible; BLEXBot/1.0; +http://webmeup-crawler.com/)"
185.191.171.35 - - [02/Dec/2021:06:46:22 +0100] "GET /sport-p-52062.html HTTP/1.0" 200 70639 "-" "Mozilla/5.0 (compatible; SemrushBot/7~bl; +http://www.semrush.com/bot.html)"
66.249.68.42 - - [02/Dec/2021:06:46:28 +0100] "GET /images/mini_prod/8433933251492.jpg HTTP/1.0" 200 269 "-" "Googlebot-Image/1.0"
157.90.177.217 - - [02/Dec/2021:06:46:25 +0100] "GET /light-brown-fitted-sheet-p-41414.html HTTP/1.0" 200 73365 "-" "Mozilla/5.0 (compatible; BLEXBot/1.0; +http://webmeup-crawler.com/)"
157.90.177.217 - - [02/Dec/2021:06:46:32 +0100] "GET /robots.txt HTTP/1.0" 301 531 "-" "Mozilla/5.0 (compatible; BLEXBot/1.0; +http://webmeup-crawler.com/)"
157.90.177.217 - - [02/Dec/2021:06:46:32 +0100] "GET /robots.txt HTTP/1.0" 200 245 "-" "Mozilla/5.0 (compatible; BLEXBot/1.0; +http://webmeup-crawler.com/)"
157.90.177.217 - - [02/Dec/2021:06:46:32 +0100] "GET /light-carry-your-yoga-chakras-p-50975.html HTTP/1.0" 200 73570 "-" "Mozilla/5.0 (compatible; BLEXBot/1.0; +http://webmeup-crawler.com/)"
54.36.148.187 - - [02/Dec/2021:06:46:33 +0100] "GET /verity-rose-starlet-decorative-plate-p-29155.html HTTP/1.0" 200 73400 "-" "Mozilla/5.0 (compatible; AhrefsBot/7.0; +http://ahrefs.com/robot/)"
157.90.177.217 - - [02/Dec/2021:06:46:40 +0100] "GET /light-grey-fitted-sheet-p-41413.html HTTP/1.0" 200 73357 "-" "Mozilla/5.0 (compatible; BLEXBot/1.0; +http://webmeup-crawler.com/)"
185.191.171.40 - - [02/Dec/2021:06:46:42 +0100] "GET /schoolbag-caramel-blue-butterfly-p-55617.html HTTP/1.0" 200 74636 "-" "Mozilla/5.0 (compatible; SemrushBot/7~bl; +http://www.semrush.com/bot.html)"
157.90.177.217 - - [02/Dec/2021:06:46:46 +0100] "GET /light-grey-fitted-sheet-p-41416.html HTTP/1.0" 200 74178 "-" "Mozilla/5.0 (compatible; BLEXBot/1.0; +http://webmeup-crawler.com/)"
157.90.177.217 - - [02/Dec/2021:06:46:53 +0100] "GET /light-purple-adult-cotton-apron-p-44363.html HTTP/1.0" 200 73293 "-" "Mozilla/5.0 (compatible; BLEXBot/1.0; +http://webmeup-crawler.com/)"
157.90.177.217 - - [02/Dec/2021:06:47:02 +0100] "GET /light-wood-table-lamp-scandinavian-spirit-p-51786.html HTTP/1.0" 200 74376 "-" "Mozilla/5.0 (compatible; BLEXBot/1.0; +http://webmeup-crawler.com/)"
185.191.171.14 - - [02/Dec/2021:06:46:49 +0100] "GET /home-and-decoration-c-13.html?page=240 HTTP/1.0" 301 94214 "-" "Mozilla/5.0 (compatible; SemrushBot/7~bl; +http://www.semrush.com/bot.html)"
114.119.128.34 - - [02/Dec/2021:06:47:13 +0100] "GET /images/mini_prod/1328399296118.jpg HTTP/1.0" 200 269 "-" "Mozilla/5.0 (Linux; Android 7.0;) AppleWebKit/537.36 (KHTML, like Gecko) Mobile Safari/537.36 (compatible; PetalBot;+https://webmaster.petalsearch.com/site/petalbot)"
157.90.177.217 - - [02/Dec/2021:06:47:06 +0100] "GET /lighting-c-86.html?page=1 HTTP/1.0" 200 90949 "-" "Mozilla/5.0 (compatible; BLEXBot/1.0; +http://webmeup-crawler.com/)"
185.191.171.25 - - [02/Dec/2021:06:47:09 +0100] "GET /home-decoration-c-13.html?page=240 HTTP/1.0" 200 94126 "-" "Mozilla/5.0 (compatible; SemrushBot/7~bl; +http://www.semrush.com/bot.html)"
157.90.177.217 - - [02/Dec/2021:06:47:18 +0100] "GET /lighting-c-86.html?page=12 HTTP/1.0" 200 92414 "-" "Mozilla/5.0 (compatible; BLEXBot/1.0; +http://webmeup-crawler.com/)"
185.191.171.2 - - [02/Dec/2021:06:47:27 +0100] "GET /blue-p-44954.html HTTP/1.0" 200 73181 "-" "Mozilla/5.0 (compatible; SemrushBot/7~bl; +http://www.semrush.com/bot.html)"
185.191.171.6 - - [02/Dec/2021:06:47:34 +0100] "GET /purple-brush-with-white-horse-p-34816.html?action=add_product HTTP/1.0" 302 476 "-" "Mozilla/5.0 (compatible; SemrushBot/7~bl; +http://www.semrush.com/bot.html)"
157.90.177.217 - - [02/Dec/2021:06:47:31 +0100] "GET /lighting-c-86.html?page=13 HTTP/1.0" 200 92833 "-" "Mozilla/5.0 (compatible; BLEXBot/1.0; +http://webmeup-crawler.com/)"
54.36.148.60 - - [02/Dec/2021:06:47:48 +0100] "GET /london-plymouth-cushion-p-27469.html HTTP/1.0" 200 73617 "-" "Mozilla/5.0 (compatible; AhrefsBot/7.0; +http://ahrefs.com/robot/)"
157.90.177.217 - - [02/Dec/2021:06:47:44 +0100] "GET /lighting-c-86.html?page=14 HTTP/1.0" 200 92630 "-" "Mozilla/5.0 (compatible; BLEXBot/1.0; +http://webmeup-crawler.com/)"
157.90.177.217 - - [02/Dec/2021:06:47:55 +0100] "GET /lighting-c-86.html?page=15 HTTP/1.0" 200 92521 "-" "Mozilla/5.0 (compatible; BLEXBot/1.0; +http://webmeup-crawler.com/)"
157.90.177.217 - - [02/Dec/2021:06:48:07 +0100] "GET /lighting-c-86.html?page=16 HTTP/1.0" 200 91964 "-" "Mozilla/5.0 (compatible; BLEXBot/1.0; +http://webmeup-crawler.com/)"
157.90.177.217 - - [02/Dec/2021:06:48:19 +0100] "GET /lighting-c-86.html?page=17 HTTP/1.0" 200 92668 "-" "Mozilla/5.0 (compatible; BLEXBot/1.0; +http://webmeup-crawler.com/)"
157.90.177.217 - - [02/Dec/2021:06:48:32 +0100] "GET /lighting-c-86.html?page=18 HTTP/1.0" 200 92431 "-" "Mozilla/5.0 (compatible; BLEXBot/1.0; +http://webmeup-crawler.com/)"
207.46.13.202 - - [02/Dec/2021:06:48:43 +0100] "GET /images/4029811317363.jpg HTTP/1.0" 200 259 "-" "Mozilla/5.0 (compatible; bingbot/2.0; +http://www.bing.com/bingbot.htm)"
114.119.128.26 - - [02/Dec/2021:06:48:43 +0100] "GET /images/big_prod_1/3609810072107a.jpg HTTP/1.0" 200 271 "-" "Mozilla/5.0 (Linux; Android 7.0;) AppleWebKit/537.36 (KHTML, like Gecko) Mobile Safari/537.36 (compatible; PetalBot;+https://webmaster.petalsearch.com/site/petalbot)"
54.36.148.57 - - [02/Dec/2021:06:48:41 +0100] "GET /cotton-floor-cushion-40-cm-albertine-p-51082.html HTTP/1.0" 301 70812 "-" "Mozilla/5.0 (compatible; AhrefsBot/7.0; +http://ahrefs.com/robot/)"
20.109.134.252 - - [02/Dec/2021:06:48:50 +0100] "GET /images/big_prod_4/3665269065916f.jpg HTTP/1.0" 200 271 "-" "Mozilla/5.0 (Windows NT 10.0; WOW64) AppleWebKit/537.36 (KHTML, like Gecko) Chrome/64.0.3282.186 Safari/537.36"
157.90.177.217 - - [02/Dec/2021:06:48:44 +0100] "GET /lighting-c-86.html?page=19 HTTP/1.0" 200 92468 "-" "Mozilla/5.0 (compatible; BLEXBot/1.0; +http://webmeup-crawler.com/)"
157.90.177.217 - - [02/Dec/2021:06:48:55 +0100] "GET /lighting-c-86.html?page=20 HTTP/1.0" 200 92629 "-" "Mozilla/5.0 (compatible; BLEXBot/1.0; +http://webmeup-crawler.com/)"
157.90.177.217 - - [02/Dec/2021:06:49:08 +0100] "GET /lighting-c-86.html?page=21 HTTP/1.0" 200 91862 "-" "Mozilla/5.0 (compatible; BLEXBot/1.0; +http://webmeup-crawler.com/)"
157.90.177.217 - - [02/Dec/2021:06:49:20 +0100] "GET /lilian-elephant-nightlight-p-56440.html HTTP/1.0" 200 74095 "-" "Mozilla/5.0 (compatible; BLEXBot/1.0; +http://webmeup-crawler.com/)"
54.36.148.228 - - [02/Dec/2021:06:49:04 +0100] "GET /home-decoration-c-13.html?page=20 HTTP/1.0" 200 92957 "-" "Mozilla/5.0 (compatible; AhrefsBot/7.0; +http://ahrefs.com/robot/)"
157.90.177.217 - - [02/Dec/2021:06:49:26 +0100] "GET /lily-ladybird-lace-curtain-p-7917.html HTTP/1.0" 200 73255 "-" "Mozilla/5.0 (compatible; BLEXBot/1.0; +http://webmeup-crawler.com/)"
157.90.177.217 - - [02/Dec/2021:06:49:30 +0100] "GET /limonade-coasters-p-42562.html HTTP/1.0" 200 73245 "-" "Mozilla/5.0 (compatible; BLEXBot/1.0; +http://webmeup-crawler.com/)"
20.109.134.252 - - [02/Dec/2021:06:49:34 +0100] "GET /images/big_prod/3296580363605.jpg HTTP/1.0" 200 268 "-" "Mozilla/5.0 (X11; Linux x86_64) AppleWebKit/537.36 (KHTML, like Gecko) Chrome/62.0.3202.62 Safari/537.36"
157.90.177.217 - - [02/Dec/2021:06:49:33 +0100] "GET /linen-c-11_68.html?page=1 HTTP/1.0" 200 91816 "-" "Mozilla/5.0 (compatible; BLEXBot/1.0; +http://webmeup-crawler.com/)"
157.90.177.217 - - [02/Dec/2021:06:49:50 +0100] "GET /lion-black-shirt-p-31153.html HTTP/1.0" 200 75181 "-" "Mozilla/5.0 (compatible; BLEXBot/1.0; +http://webmeup-crawler.com/)"
54.36.149.69 - - [02/Dec/2021:06:49:54 +0100] "GET /images/big_prod_2/1328399294992C.jpg HTTP/1.0" 200 271 "-" "Mozilla/5.0 (compatible; AhrefsBot/7.0; +http://ahrefs.com/robot/)"
157.90.177.217 - - [02/Dec/2021:06:49:54 +0100] "GET /lion-clasic-keyring-cbkreation-p-43250.html HTTP/1.0" 200 73381 "-" "Mozilla/5.0 (compatible; BLEXBot/1.0; +http://webmeup-crawler.com/)"
157.90.177.217 - - [02/Dec/2021:06:50:03 +0100] "GET /lion-grey-shirt-p-33764.html HTTP/1.0" 200 75161 "-" "Mozilla/5.0 (compatible; BLEXBot/1.0; +http://webmeup-crawler.com/)"
159.138.102.98 - - [02/Dec/2021:06:50:04 +0100] "GET /scented-candle-rainbow-waves-p-53629.html HTTP/1.0" 200 74552 "-" "Mozilla/5.0 (Linux; Android 7.0;) AppleWebKit/537.36 (KHTML, like Gecko) Mobile Safari/537.36 (compatible; PetalBot;+https://webmaster.petalsearch.com/site/petalbot)"
157.90.177.217 - - [02/Dec/2021:06:50:13 +0100] "GET /lion-mousepad-cbkreation-p-43304.html HTTP/1.0" 200 73301 "-" "Mozilla/5.0 (compatible; BLEXBot/1.0; +http://webmeup-crawler.com/)"
157.90.177.217 - - [02/Dec/2021:06:50:20 +0100] "GET /lion-plant-p-54312.html HTTP/1.0" 200 73754 "-" "Mozilla/5.0 (compatible; BLEXBot/1.0; +http://webmeup-crawler.com/)"
54.36.149.10 - - [02/Dec/2021:06:50:27 +0100] "GET /adhesive-roll-cement-tiles-p-52217.html HTTP/1.0" 200 74187 "-" "Mozilla/5.0 (compatible; AhrefsBot/7.0; +http://ahrefs.com/robot/)"
157.90.177.217 - - [02/Dec/2021:06:50:30 +0100] "GET /lion-plant-p-54313.html HTTP/1.0" 200 73754 "-" "Mozilla/5.0 (compatible; BLEXBot/1.0; +http://webmeup-crawler.com/)"
157.90.177.217 - - [02/Dec/2021:06:50:35 +0100] "GET /lion-plant-p-54314.html HTTP/1.0" 200 73754 "-" "Mozilla/5.0 (compatible; BLEXBot/1.0; +http://webmeup-crawler.com/)"
157.90.177.217 - - [02/Dec/2021:06:50:43 +0100] "GET /lion-shirt-p-31151.html HTTP/1.0" 200 75137 "-" "Mozilla/5.0 (compatible; BLEXBot/1.0; +http://webmeup-crawler.com/)"
185.191.171.40 - - [02/Dec/2021:06:50:48 +0100] "GET /boho-wooden-frame-30-30-cm-dream-love-p-39228.html HTTP/1.0" 301 73504 "-" "Mozilla/5.0 (compatible; SemrushBot/7~bl; +http://www.semrush.com/bot.html)"
20.109.134.228 - - [02/Dec/2021:06:50:51 +0100] "GET /images/big_prod_1/942GJ02b.jpg HTTP/1.0" 200 265 "-" "Mozilla/4.0 (compatible; MSIE 7.0; Windows NT 6.0)"
157.90.177.217 - - [02/Dec/2021:06:50:51 +0100] "GET /lion-white-shirt-p-31152.html HTTP/1.0" 200 75183 "-" "Mozilla/5.0 (compatible; BLEXBot/1.0; +http://webmeup-crawler.com/)"
185.191.171.35 - - [02/Dec/2021:06:50:52 +0100] "GET /boho-wooden-frame-dream-love-p-39228.html HTTP/1.0" 200 73409 "-" "Mozilla/5.0 (compatible; SemrushBot/7~bl; +http://www.semrush.com/bot.html)"
157.90.177.217 - - [02/Dec/2021:06:50:57 +0100] "GET /lion-white-women-shirt-p-31149.html HTTP/1.0" 200 75239 "-" "Mozilla/5.0 (compatible; BLEXBot/1.0; +http://webmeup-crawler.com/)"
185.191.171.17 - - [02/Dec/2021:06:50:59 +0100] "GET /yoda-stickers-p-15396.html HTTP/1.0" 200 70655 "-" "Mozilla/5.0 (compatible; SemrushBot/7~bl; +http://www.semrush.com/bot.html)"
157.90.177.217 - - [02/Dec/2021:06:51:05 +0100] "GET /lion-women-shirt-p-31150.html HTTP/1.0" 200 75216 "-" "Mozilla/5.0 (compatible; BLEXBot/1.0; +http://webmeup-crawler.com/)"
157.90.177.217 - - [02/Dec/2021:06:51:14 +0100] "GET /lire-money-cbkreation-p-24139.html HTTP/1.0" 200 73309 "-" "Mozilla/5.0 (compatible; BLEXBot/1.0; +http://webmeup-crawler.com/)"
157.90.177.217 - - [02/Dec/2021:06:51:23 +0100] "GET /lirette-bohme-ethnic-cream-orange-black-p-50878.html HTTP/1.0" 200 74242 "-" "Mozilla/5.0 (compatible; BLEXBot/1.0; +http://webmeup-crawler.com/)"
157.90.177.217 - - [02/Dec/2021:06:51:31 +0100] "GET /little-blue-purse-petit-prince-p-47475.html HTTP/1.0" 200 73376 "-" "Mozilla/5.0 (compatible; BLEXBot/1.0; +http://webmeup-crawler.com/)"
114.119.128.34 - - [02/Dec/2021:06:51:33 +0100] "GET /corsica-post-card-10x15-p-43549.html HTTP/1.0" 200 73215 "-" "Mozilla/5.0 (Linux; Android 7.0;) AppleWebKit/537.36 (KHTML, like Gecko) Mobile Safari/537.36 (compatible; PetalBot;+https://webmaster.petalsearch.com/site/petalbot)"
157.90.177.217 - - [02/Dec/2021:06:51:36 +0100] "GET /little-brown-bear-soft-p-22537.html HTTP/1.0" 200 73247 "-" "Mozilla/5.0 (compatible; BLEXBot/1.0; +http://webmeup-crawler.com/)"
157.55.39.228 - - [02/Dec/2021:06:51:41 +0100] "GET /images/med_prod/8435306284311.jpg HTTP/1.0" 200 268 "-" "Mozilla/5.0 (compatible; bingbot/2.0; +http://www.bing.com/bingbot.htm)"
185.191.171.3 - - [02/Dec/2021:06:51:41 +0100] "GET /large-tassen-porcelain-mood-bowl-made-germany-p-47548.html?action=add_product HTTP/1.0" 302 476 "-" "Mozilla/5.0 (compatible; SemrushBot/7~bl; +http://www.semrush.com/bot.html)"
157.90.177.217 - - [02/Dec/2021:06:51:42 +0100] "GET /little-buddha-collection-keychain-blue-p-50244.html HTTP/1.0" 200 73386 "-" "Mozilla/5.0 (compatible; BLEXBot/1.0; +http://webmeup-crawler.com/)"
157.90.177.217 - - [02/Dec/2021:06:51:51 +0100] "GET /little-buddha-collection-keychain-blue-p-50247.html HTTP/1.0" 200 73386 "-" "Mozilla/5.0 (compatible; BLEXBot/1.0; +http://webmeup-crawler.com/)"
157.90.177.217 - - [02/Dec/2021:06:51:57 +0100] "GET /little-buddha-collection-keychain-green-p-46073.html HTTP/1.0" 200 73423 "-" "Mozilla/5.0 (compatible; BLEXBot/1.0; +http://webmeup-crawler.com/)"
54.36.148.13 - - [02/Dec/2021:06:51:47 +0100] "GET /dishes-c-12.html?page=12 HTTP/1.0" 200 91567 "-" "Mozilla/5.0 (compatible; AhrefsBot/7.0; +http://ahrefs.com/robot/)"
157.90.177.217 - - [02/Dec/2021:06:52:04 +0100] "GET /little-buddha-collection-keychain-green-p-50245.html HTTP/1.0" 200 73391 "-" "Mozilla/5.0 (compatible; BLEXBot/1.0; +http://webmeup-crawler.com/)"
157.90.177.217 - - [02/Dec/2021:06:52:11 +0100] "GET /little-buddha-collection-keychain-orange-p-50243.html HTTP/1.0" 200 73396 "-" "Mozilla/5.0 (compatible; BLEXBot/1.0; +http://webmeup-crawler.com/)"
157.90.177.217 - - [02/Dec/2021:06:52:19 +0100] "GET /little-buddha-collection-keychain-p-53291.html HTTP/1.0" 200 73356 "-" "Mozilla/5.0 (compatible; BLEXBot/1.0; +http://webmeup-crawler.com/)"
157.90.177.217 - - [02/Dec/2021:06:52:27 +0100] "GET /little-buddha-collection-keychain-p-53293.html HTTP/1.0" 200 73356 "-" "Mozilla/5.0 (compatible; BLEXBot/1.0; +http://webmeup-crawler.com/)"
157.90.177.217 - - [02/Dec/2021:06:52:32 +0100] "GET /little-buddha-collection-keychain-p-53294.html HTTP/1.0" 200 73356 "-" "Mozilla/5.0 (compatible; BLEXBot/1.0; +http://webmeup-crawler.com/)"
157.90.177.217 - - [02/Dec/2021:06:52:40 +0100] "GET /little-buddha-collection-keychain-p-53295.html HTTP/1.0" 200 73356 "-" "Mozilla/5.0 (compatible; BLEXBot/1.0; +http://webmeup-crawler.com/)"
157.90.177.217 - - [02/Dec/2021:06:52:46 +0100] "GET /little-buddha-collection-keychain-p-53296.html HTTP/1.0" 200 73355 "-" "Mozilla/5.0 (compatible; BLEXBot/1.0; +http://webmeup-crawler.com/)"
157.90.177.217 - - [02/Dec/2021:06:52:54 +0100] "GET /little-buddha-collection-keychain-pink-p-50242.html HTTP/1.0" 200 73386 "-" "Mozilla/5.0 (compatible; BLEXBot/1.0; +http://webmeup-crawler.com/)"
114.119.128.37 - - [02/Dec/2021:06:52:59 +0100] "GET /mickey-mouse-mini-figurine-romero-britto-p-45799.html HTTP/1.0" 200 74332 "-" "Mozilla/5.0 (Linux; Android 7.0;) AppleWebKit/537.36 (KHTML, like Gecko) Mobile Safari/537.36 (compatible; PetalBot;+https://webmaster.petalsearch.com/site/petalbot)"
157.90.177.217 - - [02/Dec/2021:06:53:00 +0100] "GET /little-buddha-collection-keychain-yellow-p-50246.html HTTP/1.0" 200 73397 "-" "Mozilla/5.0 (compatible; BLEXBot/1.0; +http://webmeup-crawler.com/)"
157.90.177.217 - - [02/Dec/2021:06:53:06 +0100] "GET /little-buddha-glasses-case-yellow-p-50252.html HTTP/1.0" 200 74011 "-" "Mozilla/5.0 (compatible; BLEXBot/1.0; +http://webmeup-crawler.com/)"
157.90.177.217 - - [02/Dec/2021:06:53:16 +0100] "GET /little-buddha-magnet-orange-p-50262.html HTTP/1.0" 200 73276 "-" "Mozilla/5.0 (compatible; BLEXBot/1.0; +http://webmeup-crawler.com/)"
54.36.149.4 - - [02/Dec/2021:06:53:02 +0100] "GET /home-decoration-c-13.html?page=73 HTTP/1.0" 200 92184 "-" "Mozilla/5.0 (compatible; AhrefsBot/7.0; +http://ahrefs.com/robot/)"
157.90.177.217 - - [02/Dec/2021:06:53:21 +0100] "GET /little-buddha-magnet-turquoise-p-50265.html HTTP/1.0" 200 73291 "-" "Mozilla/5.0 (compatible; BLEXBot/1.0; +http://webmeup-crawler.com/)"
157.90.177.217 - - [02/Dec/2021:06:53:30 +0100] "GET /little-geisha-p-50775.html HTTP/1.0" 200 74246 "-" "Mozilla/5.0 (compatible; BLEXBot/1.0; +http://webmeup-crawler.com/)"
20.109.132.176 - - [02/Dec/2021:06:53:33 +0100] "GET /images/big_prod/5051276207131.jpg HTTP/1.0" 200 268 "-" "Mozilla/5.0 (X11; Linux x86_64) AppleWebKit/537.36 (KHTML, like Gecko) Chrome/62.0.3202.62 Safari/537.36"
157.90.177.217 - - [02/Dec/2021:06:53:37 +0100] "GET /little-geisha-p-50776.html HTTP/1.0" 200 74247 "-" "Mozilla/5.0 (compatible; BLEXBot/1.0; +http://webmeup-crawler.com/)"
185.191.171.42 - - [02/Dec/2021:06:53:44 +0100] "GET /isothermic-stainless-steel-bottle-mojito-cbkreation-p-51350.html?action=add_product HTTP/1.0" 302 476 "-" "Mozilla/5.0 (compatible; SemrushBot/7~bl; +http://www.semrush.com/bot.html)"
157.90.177.217 - - [02/Dec/2021:06:53:43 +0100] "GET /little-geisha-p-50777.html HTTP/1.0" 200 74527 "-" "Mozilla/5.0 (compatible; BLEXBot/1.0; +http://webmeup-crawler.com/)"
157.90.177.217 - - [02/Dec/2021:06:53:50 +0100] "GET /little-green-hearts-circle-coasters-cbkreation-p-17903.html HTTP/1.0" 200 73620 "-" "Mozilla/5.0 (compatible; BLEXBot/1.0; +http://webmeup-crawler.com/)"
157.90.177.217 - - [02/Dec/2021:06:53:57 +0100] "GET /little-green-hearts-mouse-cbkreation-p-17899.html HTTP/1.0" 200 73359 "-" "Mozilla/5.0 (compatible; BLEXBot/1.0; +http://webmeup-crawler.com/)"
157.90.177.217 - - [02/Dec/2021:06:54:04 +0100] "GET /little-miss-sunshine-hobo-p-5338.html HTTP/1.0" 200 73267 "-" "Mozilla/5.0 (compatible; BLEXBot/1.0; +http://webmeup-crawler.com/)"
157.90.177.217 - - [02/Dec/2021:06:54:10 +0100] "GET /little-miss-sunshine-reporter-p-3315.html HTTP/1.0" 200 73501 "-" "Mozilla/5.0 (compatible; BLEXBot/1.0; +http://webmeup-crawler.com/)"
157.90.177.217 - - [02/Dec/2021:06:54:15 +0100] "GET /little-miss-super-cawaii-cosmetic-p-21781.html HTTP/1.0" 200 73371 "-" "Mozilla/5.0 (compatible; BLEXBot/1.0; +http://webmeup-crawler.com/)"
157.90.177.217 - - [02/Dec/2021:06:54:22 +0100] "GET /little-miss-super-cawaii-cosmetic-p-21788.html HTTP/1.0" 200 73378 "-" "Mozilla/5.0 (compatible; BLEXBot/1.0; +http://webmeup-crawler.com/)"
54.36.149.60 - - [02/Dec/2021:06:54:26 +0100] "GET /mickey-snowman-collection-statuette-p-56639.html HTTP/1.0" 200 74664 "-" "Mozilla/5.0 (compatible; AhrefsBot/7.0; +http://ahrefs.com/robot/)"
114.119.128.253 - - [02/Dec/2021:06:54:28 +0100] "GET /marseille-white-tee-shirt-p-31255.html HTTP/1.0" 301 75047 "-" "Mozilla/5.0 (Linux; Android 7.0;) AppleWebKit/537.36 (KHTML, like Gecko) Mobile Safari/537.36 (compatible; PetalBot;+https://webmaster.petalsearch.com/site/petalbot)"
157.90.177.217 - - [02/Dec/2021:06:54:29 +0100] "GET /little-money-bank-p-56400.html HTTP/1.0" 200 74029 "-" "Mozilla/5.0 (compatible; BLEXBot/1.0; +http://webmeup-crawler.com/)"
185.191.171.25 - - [02/Dec/2021:06:54:29 +0100] "GET /the-ballerina-statue-collection-body-talk-p-40677.html HTTP/1.0" 301 74193 "-" "Mozilla/5.0 (compatible; SemrushBot/7~bl; +http://www.semrush.com/bot.html)"
185.191.171.13 - - [02/Dec/2021:06:54:35 +0100] "GET /ballerina-statue-collection-body-talk-p-40677.html HTTP/1.0" 200 74089 "-" "Mozilla/5.0 (compatible; SemrushBot/7~bl; +http://www.semrush.com/bot.html)"
114.119.128.253 - - [02/Dec/2021:06:54:38 +0100] "GET /marseille-white-shirt-p-31255.html HTTP/1.0" 200 74959 "-" "Mozilla/5.0 (Linux; Android 7.0;) AppleWebKit/537.36 (KHTML, like Gecko) Mobile Safari/537.36 (compatible; PetalBot;+https://webmaster.petalsearch.com/site/petalbot)"
157.90.177.217 - - [02/Dec/2021:06:54:39 +0100] "GET /little-panda-moneybox-p-47970.html HTTP/1.0" 200 73919 "-" "Mozilla/5.0 (compatible; BLEXBot/1.0; +http://webmeup-crawler.com/)"
157.90.177.217 - - [02/Dec/2021:06:54:49 +0100] "GET /little-panda-moneybox-p-48697.html HTTP/1.0" 200 73826 "-" "Mozilla/5.0 (compatible; BLEXBot/1.0; +http://webmeup-crawler.com/)"
157.90.177.217 - - [02/Dec/2021:06:54:55 +0100] "GET /little-peach-color-purse-petit-prince-p-47476.html HTTP/1.0" 200 73431 "-" "Mozilla/5.0 (compatible; BLEXBot/1.0; +http://webmeup-crawler.com/)"
185.191.171.1 - - [02/Dec/2021:06:55:01 +0100] "GET /dandelion-wall-sticker-p-41566.html HTTP/1.0" 200 73872 "-" "Mozilla/5.0 (compatible; SemrushBot/7~bl; +http://www.semrush.com/bot.html)"
157.90.177.217 - - [02/Dec/2021:06:55:03 +0100] "GET /little-prince-animated-music-p-16467.html HTTP/1.0" 200 74349 "-" "Mozilla/5.0 (compatible; BLEXBot/1.0; +http://webmeup-crawler.com/)"
157.90.177.217 - - [02/Dec/2021:06:55:08 +0100] "GET /little-prince-clock-p-54944.html HTTP/1.0" 200 73261 "-" "Mozilla/5.0 (compatible; BLEXBot/1.0; +http://webmeup-crawler.com/)"
185.191.171.12 - - [02/Dec/2021:06:55:14 +0100] "GET /world-large-clock-beige-black-p-52868.html?action=add_product HTTP/1.0" 302 476 "-" "Mozilla/5.0 (compatible; SemrushBot/7~bl; +http://www.semrush.com/bot.html)"
157.55.39.125 - - [02/Dec/2021:06:55:18 +0100] "GET /images/3700653502087.jpg HTTP/1.0" 200 259 "-" "Mozilla/5.0 (compatible; bingbot/2.0; +http://www.bing.com/bingbot.htm)"
157.90.177.217 - - [02/Dec/2021:06:55:14 +0100] "GET /little-prince-clock-p-54946.html HTTP/1.0" 200 73261 "-" "Mozilla/5.0 (compatible; BLEXBot/1.0; +http://webmeup-crawler.com/)"
157.90.177.217 - - [02/Dec/2021:06:55:25 +0100] "GET /little-prince-coasters-p-49724.html HTTP/1.0" 200 73299 "-" "Mozilla/5.0 (compatible; BLEXBot/1.0; +http://webmeup-crawler.com/)"
185.191.171.23 - - [02/Dec/2021:06:55:34 +0100] "GET /baseball-humorous-black-p-42582.html?action=add_product HTTP/1.0" 302 476 "-" "Mozilla/5.0 (compatible; SemrushBot/7~bl; +http://www.semrush.com/bot.html)"
157.90.177.217 - - [02/Dec/2021:06:55:33 +0100] "GET /little-prince-coasters-p-56351.html HTTP/1.0" 200 73922 "-" "Mozilla/5.0 (compatible; BLEXBot/1.0; +http://webmeup-crawler.com/)"
157.90.177.217 - - [02/Dec/2021:06:55:40 +0100] "GET /little-prince-exupery-little-tray-p-55863.html HTTP/1.0" 200 73625 "-" "Mozilla/5.0 (compatible; BLEXBot/1.0; +http://webmeup-crawler.com/)"
54.36.148.173 - - [02/Dec/2021:06:55:45 +0100] "GET /furniture-knob-sold-individually-p-55730.html HTTP/1.0" 200 74243 "-" "Mozilla/5.0 (compatible; AhrefsBot/7.0; +http://ahrefs.com/robot/)"
157.90.177.217 - - [02/Dec/2021:06:55:47 +0100] "GET /little-prince-exupery-little-tray-p-55864.html HTTP/1.0" 200 73625 "-" "Mozilla/5.0 (compatible; BLEXBot/1.0; +http://webmeup-crawler.com/)"
185.191.171.42 - - [02/Dec/2021:06:55:54 +0100] "GET /makeup-kit-mani-the-lucky-cat-beige-and-navy-blue-p-37356.html HTTP/1.0" 301 70871 "-" "Mozilla/5.0 (compatible; SemrushBot/7~bl; +http://www.semrush.com/bot.html)"
51.68.224.127 - - [02/Dec/2021:06:55:59 +0100] "GET /adminweb/export_orders_xml.php?token=256de2z6edz6ed2z6DFSFsed2zed6zeDSFDSGdzedezfzf&maxorders=10&orderstart=1&status=14&start_date=2018-10-01 HTTP/1.0" 200 285 "-" "GesCom CharlotteBoutik Serveur"
185.191.171.11 - - [02/Dec/2021:06:55:59 +0100] "GET /makeup-mani-lucky-beige-navy-blue-p-37356.html HTTP/1.0" 200 70771 "-" "Mozilla/5.0 (compatible; SemrushBot/7~bl; +http://www.semrush.com/bot.html)"
114.119.128.26 - - [02/Dec/2021:06:55:55 +0100] "GET /round-cushion-emotive-angry-p-48738.html HTTP/1.0" 301 70680 "-" "Mozilla/5.0 (Linux; Android 7.0;) AppleWebKit/537.36 (KHTML, like Gecko) Mobile Safari/537.36 (compatible; PetalBot;+https://webmaster.petalsearch.com/site/petalbot)"
157.90.177.217 - - [02/Dec/2021:06:55:54 +0100] "GET /little-prince-exupery-little-tray-p-55865.html HTTP/1.0" 200 73625 "-" "Mozilla/5.0 (compatible; BLEXBot/1.0; +http://webmeup-crawler.com/)"
51.68.224.127 - - [02/Dec/2021:06:56:00 +0100] "GET /adminweb/export_orders_xml.php?token=256de2z6edz6ed2z6DFSFsed2zed6zeDSFDSGdzedezfzf&maxorders=10&orderstart=1&status=6&start_date=2018-10-01 HTTP/1.0" 200 32471 "-" "GesCom CharlotteBoutik Serveur"
114.119.128.26 - - [02/Dec/2021:06:56:07 +0100] "GET /-p-48738.html HTTP/1.0" 200 70613 "-" "Mozilla/5.0 (Linux; Android 7.0;) AppleWebKit/537.36 (KHTML, like Gecko) Mobile Safari/537.36 (compatible; PetalBot;+https://webmaster.petalsearch.com/site/petalbot)"
157.90.177.217 - - [02/Dec/2021:06:56:06 +0100] "GET /little-prince-exupery-little-tray-p-55866.html HTTP/1.0" 200 73625 "-" "Mozilla/5.0 (compatible; BLEXBot/1.0; +http://webmeup-crawler.com/)"
185.191.171.2 - - [02/Dec/2021:06:56:15 +0100] "GET /tinted-candle-mass-grey-p-56104.html?action=add_product HTTP/1.0" 302 476 "-" "Mozilla/5.0 (compatible; SemrushBot/7~bl; +http://www.semrush.com/bot.html)"
157.90.177.217 - - [02/Dec/2021:06:56:15 +0100] "GET /little-prince-exupery-little-tray-p-55867.html HTTP/1.0" 200 73625 "-" "Mozilla/5.0 (compatible; BLEXBot/1.0; +http://webmeup-crawler.com/)"
157.90.177.217 - - [02/Dec/2021:06:56:22 +0100] "GET /little-prince-exupery-little-tray-p-55868.html HTTP/1.0" 200 73625 "-" "Mozilla/5.0 (compatible; BLEXBot/1.0; +http://webmeup-crawler.com/)"
157.90.177.217 - - [02/Dec/2021:06:56:29 +0100] "GET /little-prince-exupery-little-tray-p-55869.html HTTP/1.0" 200 73625 "-" "Mozilla/5.0 (compatible; BLEXBot/1.0; +http://webmeup-crawler.com/)"
20.109.132.36 - - [02/Dec/2021:06:56:38 +0100] "GET /images/big_prod/3520071526188.jpg HTTP/1.0" 200 268 "-" "Mozilla/4.0 (compatible; MSIE 7.0; Windows NT 6.0)"
157.90.177.217 - - [02/Dec/2021:06:56:40 +0100] "GET /robots.txt HTTP/1.0" 301 531 "-" "Mozilla/5.0 (compatible; BLEXBot/1.0; +http://webmeup-crawler.com/)"
157.90.177.217 - - [02/Dec/2021:06:56:40 +0100] "GET /robots.txt HTTP/1.0" 200 245 "-" "Mozilla/5.0 (compatible; BLEXBot/1.0; +http://webmeup-crawler.com/)"
157.90.177.217 - - [02/Dec/2021:06:56:40 +0100] "GET /little-prince-exupery-little-tray-p-56350.html HTTP/1.0" 200 74087 "-" "Mozilla/5.0 (compatible; BLEXBot/1.0; +http://webmeup-crawler.com/)"
216.244.66.242 - - [02/Dec/2021:06:56:53 +0100] "GET /robots.txt HTTP/1.0" 301 531 "-" "Mozilla/5.0 (compatible; DotBot/1.2; +https://opensiteexplorer.org/dotbot; help@moz.com)"
216.244.66.242 - - [02/Dec/2021:06:56:53 +0100] "GET /robots.txt HTTP/1.0" 200 245 "-" "Mozilla/5.0 (compatible; DotBot/1.2; +https://opensiteexplorer.org/dotbot; help@moz.com)"
216.244.66.242 - - [02/Dec/2021:06:56:53 +0100] "GET /robots.txt HTTP/1.0" 200 245 "-" "Mozilla/5.0 (compatible; DotBot/1.2; +https://opensiteexplorer.org/dotbot; help@moz.com)"
157.90.177.217 - - [02/Dec/2021:06:56:48 +0100] "GET /little-prince-eyeglass-case-p-45822.html HTTP/1.0" 200 73354 "-" "Mozilla/5.0 (compatible; BLEXBot/1.0; +http://webmeup-crawler.com/)"
157.90.177.217 - - [02/Dec/2021:06:57:03 +0100] "GET /little-prince-eyeglass-case-p-45823.html HTTP/1.0" 200 73354 "-" "Mozilla/5.0 (compatible; BLEXBot/1.0; +http://webmeup-crawler.com/)"
54.36.148.177 - - [02/Dec/2021:06:57:01 +0100] "GET /accessories-c-3.html?page=20 HTTP/1.0" 200 92616 "-" "Mozilla/5.0 (compatible; AhrefsBot/7.0; +http://ahrefs.com/robot/)"
157.90.177.217 - - [02/Dec/2021:06:57:12 +0100] "GET /little-prince-flat-pouch-made-france-p-52345.html HTTP/1.0" 200 74718 "-" "Mozilla/5.0 (compatible; BLEXBot/1.0; +http://webmeup-crawler.com/)"
114.119.128.37 - - [02/Dec/2021:06:57:16 +0100] "GET /images/big_prod/5400924139285.jpg HTTP/1.0" 200 268 "-" "Mozilla/5.0 (Linux; Android 7.0;) AppleWebKit/537.36 (KHTML, like Gecko) Mobile Safari/537.36 (compatible; PetalBot;+https://webmaster.petalsearch.com/site/petalbot)"
157.90.177.217 - - [02/Dec/2021:06:57:18 +0100] "GET /little-prince-make-pencil-case-made-france-p-52344.html HTTP/1.0" 200 74585 "-" "Mozilla/5.0 (compatible; BLEXBot/1.0; +http://webmeup-crawler.com/)"
157.90.177.217 - - [02/Dec/2021:06:57:24 +0100] "GET /little-prince-metal-bicycle-horn-p-55436.html HTTP/1.0" 200 74004 "-" "Mozilla/5.0 (compatible; BLEXBot/1.0; +http://webmeup-crawler.com/)"
157.90.177.217 - - [02/Dec/2021:06:57:31 +0100] "GET /little-prince-metal-bicycle-horn-p-55437.html HTTP/1.0" 200 73375 "-" "Mozilla/5.0 (compatible; BLEXBot/1.0; +http://webmeup-crawler.com/)"
157.90.177.217 - - [02/Dec/2021:06:57:36 +0100] "GET /little-prince-money-p-45847.html HTTP/1.0" 200 73321 "-" "Mozilla/5.0 (compatible; BLEXBot/1.0; +http://webmeup-crawler.com/)"
157.90.177.217 - - [02/Dec/2021:06:57:42 +0100] "GET /little-prince-money-p-45848.html HTTP/1.0" 200 73320 "-" "Mozilla/5.0 (compatible; BLEXBot/1.0; +http://webmeup-crawler.com/)"
157.90.177.217 - - [02/Dec/2021:06:57:48 +0100] "GET /little-prince-money-p-45849.html HTTP/1.0" 200 73318 "-" "Mozilla/5.0 (compatible; BLEXBot/1.0; +http://webmeup-crawler.com/)"
185.191.171.1 - - [02/Dec/2021:06:57:50 +0100] "GET /norika-protective-hard-case-iphone-p-11365.html?action=add_product HTTP/1.0" 302 476 "-" "Mozilla/5.0 (compatible; SemrushBot/7~bl; +http://www.semrush.com/bot.html)"
40.77.167.66 - - [02/Dec/2021:06:57:49 +0100] "GET /high-steinlen-chat-noir-p-47904.html HTTP/1.0" 200 73910 "-" "Mozilla/5.0 (compatible; bingbot/2.0; +http://www.bing.com/bingbot.htm)"
157.90.177.217 - - [02/Dec/2021:06:57:54 +0100] "GET /little-prince-money-p-45850.html HTTP/1.0" 200 73318 "-" "Mozilla/5.0 (compatible; BLEXBot/1.0; +http://webmeup-crawler.com/)"
185.191.171.14 - - [02/Dec/2021:06:57:59 +0100] "GET /round-clock-copains-abord-p-55666.html HTTP/1.0" 200 74192 "-" "Mozilla/5.0 (compatible; SemrushBot/7~bl; +http://www.semrush.com/bot.html)"
157.90.177.217 - - [02/Dec/2021:06:58:01 +0100] "GET /little-prince-musical-p-36930.html HTTP/1.0" 200 74475 "-" "Mozilla/5.0 (compatible; BLEXBot/1.0; +http://webmeup-crawler.com/)"
185.191.171.24 - - [02/Dec/2021:06:58:05 +0100] "GET /large-resin-statue-buddha-head-p-56035.html?action=add_product HTTP/1.0" 302 476 "-" "Mozilla/5.0 (compatible; SemrushBot/7~bl; +http://www.semrush.com/bot.html)"
185.191.171.42 - - [02/Dec/2021:06:58:07 +0100] "GET /lotus-candleholder-chakra-yellow-silverlining-p-54708.html?action=add_product HTTP/1.0" 302 476 "-" "Mozilla/5.0 (compatible; SemrushBot/7~bl; +http://www.semrush.com/bot.html)"
157.90.177.217 - - [02/Dec/2021:06:58:10 +0100] "GET /little-prince-navy-blue-jewelry-phosphorescent-p-16447.html HTTP/1.0" 200 74766 "-" "Mozilla/5.0 (compatible; BLEXBot/1.0; +http://webmeup-crawler.com/)"
157.90.177.217 - - [02/Dec/2021:06:58:15 +0100] "GET /little-prince-rose-figurine-p-54991.html HTTP/1.0" 200 77111 "-" "Mozilla/5.0 (compatible; BLEXBot/1.0; +http://webmeup-crawler.com/)"
157.90.177.217 - - [02/Dec/2021:06:58:20 +0100] "GET /little-prince-saint-exupery-bowl-p-44840.html HTTP/1.0" 200 73344 "-" "Mozilla/5.0 (compatible; BLEXBot/1.0; +http://webmeup-crawler.com/)"
157.90.177.217 - - [02/Dec/2021:06:58:26 +0100] "GET /little-prince-saint-exupery-bowl-p-44841.html HTTP/1.0" 200 73343 "-" "Mozilla/5.0 (compatible; BLEXBot/1.0; +http://webmeup-crawler.com/)"
54.36.148.207 - - [02/Dec/2021:06:58:27 +0100] "GET /cactus-round-side-table-p-51878.html HTTP/1.0" 200 73206 "-" "Mozilla/5.0 (compatible; AhrefsBot/7.0; +http://ahrefs.com/robot/)"
157.90.177.217 - - [02/Dec/2021:06:58:31 +0100] "GET /little-prince-saint-exupery-bowl-p-44842.html HTTP/1.0" 200 73345 "-" "Mozilla/5.0 (compatible; BLEXBot/1.0; +http://webmeup-crawler.com/)"
157.90.177.217 - - [02/Dec/2021:06:58:37 +0100] "GET /little-prince-saint-exupery-bowl-p-52494.html HTTP/1.0" 200 73344 "-" "Mozilla/5.0 (compatible; BLEXBot/1.0; +http://webmeup-crawler.com/)"
157.90.177.217 - - [02/Dec/2021:06:58:42 +0100] "GET /little-prince-saint-exupery-bowl-p-53767.html HTTP/1.0" 200 73980 "-" "Mozilla/5.0 (compatible; BLEXBot/1.0; +http://webmeup-crawler.com/)"
159.138.102.98 - - [02/Dec/2021:06:58:48 +0100] "GET /burlap-round-table-p-53082.html HTTP/1.0" 200 73795 "-" "Mozilla/5.0 (Linux; Android 7.0;) AppleWebKit/537.36 (KHTML, like Gecko) Mobile Safari/537.36 (compatible; PetalBot;+https://webmaster.petalsearch.com/site/petalbot)"
157.90.177.217 - - [02/Dec/2021:06:58:51 +0100] "GET /little-prince-saint-exupery-bowl-p-55396.html HTTP/1.0" 200 73344 "-" "Mozilla/5.0 (compatible; BLEXBot/1.0; +http://webmeup-crawler.com/)"
157.90.177.217 - - [02/Dec/2021:06:58:58 +0100] "GET /little-prince-saint-exupery-bowl-p-56231.html HTTP/1.0" 200 74431 "-" "Mozilla/5.0 (compatible; BLEXBot/1.0; +http://webmeup-crawler.com/)"
157.90.177.217 - - [02/Dec/2021:06:59:06 +0100] "GET /little-prince-saint-exupery-bowl-p-56232.html HTTP/1.0" 200 74431 "-" "Mozilla/5.0 (compatible; BLEXBot/1.0; +http://webmeup-crawler.com/)"
157.90.177.217 - - [02/Dec/2021:06:59:12 +0100] "GET /little-prince-saint-exupery-bowl-p-56348.html HTTP/1.0" 200 73343 "-" "Mozilla/5.0 (compatible; BLEXBot/1.0; +http://webmeup-crawler.com/)"
157.90.177.217 - - [02/Dec/2021:06:59:18 +0100] "GET /little-prince-saint-exupery-bowl-p-56349.html HTTP/1.0" 200 73343 "-" "Mozilla/5.0 (compatible; BLEXBot/1.0; +http://webmeup-crawler.com/)"
157.90.177.217 - - [02/Dec/2021:06:59:24 +0100] "GET /little-prince-saint-exupery-bowl-plane-p-53766.html HTTP/1.0" 200 74062 "-" "Mozilla/5.0 (compatible; BLEXBot/1.0; +http://webmeup-crawler.com/)"
157.90.177.217 - - [02/Dec/2021:06:59:29 +0100] "GET /little-prince-saint-exupery-wall-decoration-p-51868.html HTTP/1.0" 200 77154 "-" "Mozilla/5.0 (compatible; BLEXBot/1.0; +http://webmeup-crawler.com/)"
66.249.68.38 - - [02/Dec/2021:06:59:33 +0100] "GET /images/big_prod/3609810062054.jpg HTTP/1.0" 200 268 "-" "Googlebot-Image/1.0"
185.191.171.40 - - [02/Dec/2021:06:59:29 +0100] "GET /parrot-figurine-pottery-p-44980.html HTTP/1.0" 200 73340 "-" "Mozilla/5.0 (compatible; SemrushBot/7~bl; +http://www.semrush.com/bot.html)"
157.90.177.217 - - [02/Dec/2021:06:59:39 +0100] "GET /little-prince-soap-p-52467.html HTTP/1.0" 200 73555 "-" "Mozilla/5.0 (compatible; BLEXBot/1.0; +http://webmeup-crawler.com/)"
54.36.148.143 - - [02/Dec/2021:06:59:42 +0100] "GET /laissez-lucie-faire-zipped-purse-aladin-p-49013.html HTTP/1.0" 200 74133 "-" "Mozilla/5.0 (compatible; AhrefsBot/7.0; +http://ahrefs.com/robot/)"
157.90.177.217 - - [02/Dec/2021:06:59:45 +0100] "GET /little-prince-tote-p-47143.html HTTP/1.0" 200 73315 "-" "Mozilla/5.0 (compatible; BLEXBot/1.0; +http://webmeup-crawler.com/)"
185.191.171.37 - - [02/Dec/2021:06:59:49 +0100] "GET /disney-princess-white-swimsuit-p-30312.html HTTP/1.0" 200 74483 "-" "Mozilla/5.0 (compatible; SemrushBot/7~bl; +http://www.semrush.com/bot.html)"
157.90.177.217 - - [02/Dec/2021:06:59:53 +0100] "GET /little-prince-tote-p-51202.html HTTP/1.0" 200 73315 "-" "Mozilla/5.0 (compatible; BLEXBot/1.0; +http://webmeup-crawler.com/)"
157.90.177.217 - - [02/Dec/2021:06:59:59 +0100] "GET /little-prince-tote-p-56114.html HTTP/1.0" 200 73315 "-" "Mozilla/5.0 (compatible; BLEXBot/1.0; +http://webmeup-crawler.com/)"
157.90.177.217 - - [02/Dec/2021:07:00:07 +0100] "GET /little-toiletry-p-43372.html HTTP/1.0" 200 73324 "-" "Mozilla/5.0 (compatible; BLEXBot/1.0; +http://webmeup-crawler.com/)"
114.119.128.26 - - [02/Dec/2021:07:00:15 +0100] "GET /calimro-ashtray-p-24162.html HTTP/1.0" 200 73141 "-" "Mozilla/5.0 (Linux; Android 7.0;) AppleWebKit/537.36 (KHTML, like Gecko) Mobile Safari/537.36 (compatible; PetalBot;+https://webmaster.petalsearch.com/site/petalbot)"
157.90.177.217 - - [02/Dec/2021:07:00:15 +0100] "GET /little-toiletry-p-43374.html HTTP/1.0" 200 73324 "-" "Mozilla/5.0 (compatible; BLEXBot/1.0; +http://webmeup-crawler.com/)"
77.76.177.141 - - [02/Dec/2021:07:00:24 +0100] "GET /shopping_cart.php HTTP/1.0" 200 13298 "http://www.wonder-geek.com/lighting-c-86.html" "Mozilla/5.0 (Linux; Android 11; RMX1993) AppleWebKit/537.36 (KHTML, like Gecko) Chrome/96.0.4664.45 Mobile Safari/537.36"
77.76.177.141 - - [02/Dec/2021:07:00:25 +0100] "GET /swfobject.js HTTP/1.0" 404 1308 "http://www.wonder-geek.com/shopping_cart.php" "Mozilla/5.0 (Linux; Android 11; RMX1993) AppleWebKit/537.36 (KHTML, like Gecko) Chrome/96.0.4664.45 Mobile Safari/537.36"
77.76.177.141 - - [02/Dec/2021:07:00:25 +0100] "GET /swfobject.js HTTP/1.0" 404 1308 "http://www.wonder-geek.com/shopping_cart.php" "Mozilla/5.0 (Linux; Android 11; RMX1993) AppleWebKit/537.36 (KHTML, like Gecko) Chrome/96.0.4664.45 Mobile Safari/537.36"
77.76.177.141 - - [02/Dec/2021:07:00:25 +0100] "GET /templates/Pixame_v1/images/Middle_texture.jpg HTTP/1.0" 200 280 "http://www.wonder-geek.com/templates/Pixame_v1/stylesheet.css" "Mozilla/5.0 (Linux; Android 11; RMX1993) AppleWebKit/537.36 (KHTML, like Gecko) Chrome/96.0.4664.45 Mobile Safari/537.36"
77.76.177.141 - - [02/Dec/2021:07:00:26 +0100] "GET /templates/Pixame_v1/images/buttons/english/button_continue.gif HTTP/1.0" 200 1264 "http://www.wonder-geek.com/shopping_cart.php" "Mozilla/5.0 (Linux; Android 11; RMX1993) AppleWebKit/537.36 (KHTML, like Gecko) Chrome/96.0.4664.45 Mobile Safari/537.36"
157.90.177.217 - - [02/Dec/2021:07:00:25 +0100] "GET /little-toiletry-p-43375.html HTTP/1.0" 200 73324 "-" "Mozilla/5.0 (compatible; BLEXBot/1.0; +http://webmeup-crawler.com/)"
185.191.171.8 - - [02/Dec/2021:07:00:33 +0100] "GET /hello-kitty-giant-wall-p-18109.html?action=add_product HTTP/1.0" 302 476 "-" "Mozilla/5.0 (compatible; SemrushBot/7~bl; +http://www.semrush.com/bot.html)"
157.90.177.217 - - [02/Dec/2021:07:00:33 +0100] "GET /little-toiletry-p-43376.html HTTP/1.0" 200 73323 "-" "Mozilla/5.0 (compatible; BLEXBot/1.0; +http://webmeup-crawler.com/)"
20.109.134.252 - - [02/Dec/2021:07:00:39 +0100] "GET /images/big_prod/3660173212029.jpg HTTP/1.0" 200 268 "-" "Mozilla/5.0 (Macintosh; U; PPC Mac OS X 10.5; en-US; rv:1.9.2.15) Gecko/20110303 Firefox/3.6.15"
157.90.177.217 - - [02/Dec/2021:07:00:39 +0100] "GET /little-toiletry-p-43377.html HTTP/1.0" 200 73324 "-" "Mozilla/5.0 (compatible; BLEXBot/1.0; +http://webmeup-crawler.com/)"
157.90.177.217 - - [02/Dec/2021:07:00:44 +0100] "GET /little-toiletry-p-43378.html HTTP/1.0" 200 73327 "-" "Mozilla/5.0 (compatible; BLEXBot/1.0; +http://webmeup-crawler.com/)"
157.90.177.217 - - [02/Dec/2021:07:00:52 +0100] "GET /little-toiletry-p-43381.html HTTP/1.0" 200 73324 "-" "Mozilla/5.0 (compatible; BLEXBot/1.0; +http://webmeup-crawler.com/)"
157.90.177.217 - - [02/Dec/2021:07:00:57 +0100] "GET /little-toiletry-p-43382.html HTTP/1.0" 200 73324 "-" "Mozilla/5.0 (compatible; BLEXBot/1.0; +http://webmeup-crawler.com/)"
157.90.177.217 - - [02/Dec/2021:07:01:04 +0100] "GET /little-toiletry-p-43385.html HTTP/1.0" 200 73324 "-" "Mozilla/5.0 (compatible; BLEXBot/1.0; +http://webmeup-crawler.com/)"
54.36.148.229 - - [02/Dec/2021:07:01:07 +0100] "GET /kimmidoll-heart-keyring-p-32398.html HTTP/1.0" 200 73294 "-" "Mozilla/5.0 (compatible; AhrefsBot/7.0; +http://ahrefs.com/robot/)"
157.90.177.217 - - [02/Dec/2021:07:01:09 +0100] "GET /little-toiletry-p-43386.html HTTP/1.0" 200 73321 "-" "Mozilla/5.0 (compatible; BLEXBot/1.0; +http://webmeup-crawler.com/)"
157.90.177.217 - - [02/Dec/2021:07:01:18 +0100] "GET /little-toiletry-p-43388.html HTTP/1.0" 200 73324 "-" "Mozilla/5.0 (compatible; BLEXBot/1.0; +http://webmeup-crawler.com/)"
157.90.177.217 - - [02/Dec/2021:07:01:23 +0100] "GET /little-toiletry-p-43389.html HTTP/1.0" 200 73323 "-" "Mozilla/5.0 (compatible; BLEXBot/1.0; +http://webmeup-crawler.com/)"
157.90.177.217 - - [02/Dec/2021:07:01:28 +0100] "GET /little-toiletry-p-43392.html HTTP/1.0" 200 73324 "-" "Mozilla/5.0 (compatible; BLEXBot/1.0; +http://webmeup-crawler.com/)"
165.154.72.231 - - [02/Dec/2021:07:01:36 +0100] "GET /images/mini_prod/1399984284612.jpg HTTP/1.0" 200 269 "-" "Mozilla/5.0 (X11; Ubuntu; Linux x86_64; rv:72.0) Gecko/20100101 Firefox/72.0"
157.90.177.217 - - [02/Dec/2021:07:01:33 +0100] "GET /little-toiletry-p-43393.html HTTP/1.0" 200 73324 "-" "Mozilla/5.0 (compatible; BLEXBot/1.0; +http://webmeup-crawler.com/)"
157.90.177.217 - - [02/Dec/2021:07:01:40 +0100] "GET /little-toiletry-p-43394.html HTTP/1.0" 200 73324 "-" "Mozilla/5.0 (compatible; BLEXBot/1.0; +http://webmeup-crawler.com/)"
114.119.128.37 - - [02/Dec/2021:07:01:40 +0100] "GET /decorative-wooden-plate-apero-30-18-cm-p-49975.html HTTP/1.0" 301 74177 "-" "Mozilla/5.0 (Linux; Android 7.0;) AppleWebKit/537.36 (KHTML, like Gecko) Mobile Safari/537.36 (compatible; PetalBot;+https://webmaster.petalsearch.com/site/petalbot)"
157.90.177.217 - - [02/Dec/2021:07:01:47 +0100] "GET /little-toiletry-p-43395.html HTTP/1.0" 200 73324 "-" "Mozilla/5.0 (compatible; BLEXBot/1.0; +http://webmeup-crawler.com/)"
114.119.128.37 - - [02/Dec/2021:07:01:50 +0100] "GET /decorative-wooden-plate-apro-p-49975.html HTTP/1.0" 200 74082 "-" "Mozilla/5.0 (Linux; Android 7.0;) AppleWebKit/537.36 (KHTML, like Gecko) Mobile Safari/537.36 (compatible; PetalBot;+https://webmaster.petalsearch.com/site/petalbot)"
157.90.177.217 - - [02/Dec/2021:07:01:53 +0100] "GET /little-toiletry-p-43396.html HTTP/1.0" 200 73324 "-" "Mozilla/5.0 (compatible; BLEXBot/1.0; +http://webmeup-crawler.com/)"
157.55.39.228 - - [02/Dec/2021:07:01:54 +0100] "GET /mandala-p-43383.html HTTP/1.0" 200 74298 "-" "Mozilla/5.0 (compatible; bingbot/2.0; +http://www.bing.com/bingbot.htm)"
49.7.20.138 - - [02/Dec/2021:07:01:49 +0100] "GET /decorations-c-89.html HTTP/1.0" 301 91808 "-" "Sogou web spider/4.0(+http://www.sogou.com/docs/help/webmasters.htm#07)"
157.90.177.217 - - [02/Dec/2021:07:01:58 +0100] "GET /little-toiletry-p-43397.html HTTP/1.0" 200 73324 "-" "Mozilla/5.0 (compatible; BLEXBot/1.0; +http://webmeup-crawler.com/)"
66.249.68.38 - - [02/Dec/2021:07:02:01 +0100] "GET /buddha-canvas-frame-p-33993.html HTTP/1.0" 200 73351 "-" "Mozilla/5.0 (Linux; Android 6.0.1; Nexus 5X Build/MMB29P) AppleWebKit/537.36 (KHTML, like Gecko) Chrome/96.0.4664.45 Mobile Safari/537.36 (compatible; Googlebot/2.1; +http://www.google.com/bot.html)"
157.90.177.217 - - [02/Dec/2021:07:02:04 +0100] "GET /little-toiletry-p-43398.html HTTP/1.0" 200 73324 "-" "Mozilla/5.0 (compatible; BLEXBot/1.0; +http://webmeup-crawler.com/)"
185.191.171.25 - - [02/Dec/2021:07:02:05 +0100] "GET /angry-birds-3d-backpack-p-19649.html HTTP/1.0" 301 70776 "-" "Mozilla/5.0 (compatible; SemrushBot/7~bl; +http://www.semrush.com/bot.html)"
157.90.177.217 - - [02/Dec/2021:07:02:09 +0100] "GET /little-toiletry-p-43399.html HTTP/1.0" 200 73324 "-" "Mozilla/5.0 (compatible; BLEXBot/1.0; +http://webmeup-crawler.com/)"
157.90.177.217 - - [02/Dec/2021:07:02:14 +0100] "GET /little-toiletry-p-43400.html HTTP/1.0" 200 73324 "-" "Mozilla/5.0 (compatible; BLEXBot/1.0; +http://webmeup-crawler.com/)"
185.191.171.8 - - [02/Dec/2021:07:02:16 +0100] "GET /angry-birds-backpack-p-19649.html HTTP/1.0" 200 70689 "-" "Mozilla/5.0 (compatible; SemrushBot/7~bl; +http://www.semrush.com/bot.html)"
157.90.177.217 - - [02/Dec/2021:07:02:19 +0100] "GET /little-toiletry-p-43401.html HTTP/1.0" 200 73324 "-" "Mozilla/5.0 (compatible; BLEXBot/1.0; +http://webmeup-crawler.com/)"
157.90.177.217 - - [02/Dec/2021:07:02:26 +0100] "GET /little-toiletry-p-43402.html HTTP/1.0" 200 73323 "-" "Mozilla/5.0 (compatible; BLEXBot/1.0; +http://webmeup-crawler.com/)"
54.36.148.189 - - [02/Dec/2021:07:02:31 +0100] "GET /with-wooden-drawers-taipei-p-53914.html HTTP/1.0" 200 74068 "-" "Mozilla/5.0 (compatible; AhrefsBot/7.0; +http://ahrefs.com/robot/)"
