157.90.177.217 - - [02/Dec/2021:04:32:08 +0100] "GET /fragrances-ambiance-c-231.html?page=1 HTTP/1.0" 200 92775 "-" "Mozilla/5.0 (compatible; BLEXBot/1.0; +http://webmeup-crawler.com/)"
157.90.177.217 - - [02/Dec/2021:04:32:11 +0100] "GET /fragrances-ambiance-c-231.html?page=12 HTTP/1.0" 200 93755 "-" "Mozilla/5.0 (compatible; BLEXBot/1.0; +http://webmeup-crawler.com/)"
157.90.177.217 - - [02/Dec/2021:04:32:17 +0100] "GET /fragrances-ambiance-c-231.html?page=13 HTTP/1.0" 200 94050 "-" "Mozilla/5.0 (compatible; BLEXBot/1.0; +http://webmeup-crawler.com/)"
157.90.177.217 - - [02/Dec/2021:04:32:22 +0100] "GET /fragrances-ambiance-c-231.html?page=14 HTTP/1.0" 200 93847 "-" "Mozilla/5.0 (compatible; BLEXBot/1.0; +http://webmeup-crawler.com/)"
185.191.171.37 - - [02/Dec/2021:04:32:24 +0100] "GET /tetsubin-teapot-japanese-liter-p-54019.html HTTP/1.0" 200 73675 "-" "Mozilla/5.0 (compatible; SemrushBot/7~bl; +http://www.semrush.com/bot.html)"
157.90.177.217 - - [02/Dec/2021:04:32:29 +0100] "GET /fragrances-ambiance-c-231.html?page=15 HTTP/1.0" 200 93241 "-" "Mozilla/5.0 (compatible; BLEXBot/1.0; +http://webmeup-crawler.com/)"
185.191.171.22 - - [02/Dec/2021:04:32:32 +0100] "GET /-p-15666.html?action=add_product HTTP/1.0" 302 476 "-" "Mozilla/5.0 (compatible; SemrushBot/7~bl; +http://www.semrush.com/bot.html)"
207.46.13.202 - - [02/Dec/2021:04:32:39 +0100] "GET /images/big_prod_1/1345544554305b.jpg HTTP/1.0" 200 271 "-" "Mozilla/5.0 (compatible; bingbot/2.0; +http://www.bing.com/bingbot.htm)"
157.90.177.217 - - [02/Dec/2021:04:32:38 +0100] "GET /fragrances-ambiance-c-231.html?page=16 HTTP/1.0" 200 93256 "-" "Mozilla/5.0 (compatible; BLEXBot/1.0; +http://webmeup-crawler.com/)"
185.191.171.4 - - [02/Dec/2021:04:32:41 +0100] "GET /japan-bedclothes-p-38601.html?action=add_product HTTP/1.0" 302 476 "-" "Mozilla/5.0 (compatible; SemrushBot/7~bl; +http://www.semrush.com/bot.html)"
157.90.177.217 - - [02/Dec/2021:04:32:42 +0100] "GET /fragrances-ambiance-c-231.html?page=17 HTTP/1.0" 200 93295 "-" "Mozilla/5.0 (compatible; BLEXBot/1.0; +http://webmeup-crawler.com/)"
185.191.171.39 - - [02/Dec/2021:04:32:43 +0100] "GET /wooden-magazine-rack-compartments-p-35665.html HTTP/1.0" 200 73404 "-" "Mozilla/5.0 (compatible; SemrushBot/7~bl; +http://www.semrush.com/bot.html)"
157.90.177.217 - - [02/Dec/2021:04:32:45 +0100] "GET /fragrances-ambiance-c-231.html?page=18 HTTP/1.0" 200 93620 "-" "Mozilla/5.0 (compatible; BLEXBot/1.0; +http://webmeup-crawler.com/)"
157.90.177.217 - - [02/Dec/2021:04:32:49 +0100] "GET /fragrances-ambiance-c-231.html?page=19 HTTP/1.0" 200 93865 "-" "Mozilla/5.0 (compatible; BLEXBot/1.0; +http://webmeup-crawler.com/)"
157.90.177.217 - - [02/Dec/2021:04:32:56 +0100] "GET /fragrances-ambiance-c-231.html?page=20 HTTP/1.0" 200 93588 "-" "Mozilla/5.0 (compatible; BLEXBot/1.0; +http://webmeup-crawler.com/)"
157.90.177.217 - - [02/Dec/2021:04:33:05 +0100] "GET /fragrances-ambiance-c-231.html?page=21 HTTP/1.0" 200 93523 "-" "Mozilla/5.0 (compatible; BLEXBot/1.0; +http://webmeup-crawler.com/)"
185.191.171.36 - - [02/Dec/2021:04:33:06 +0100] "GET /polyresin-goddess-fortune-statuette-bronze-color-p-53045.html?action=add_product HTTP/1.0" 302 476 "-" "Mozilla/5.0 (compatible; SemrushBot/7~bl; +http://www.semrush.com/bot.html)"
157.90.177.217 - - [02/Dec/2021:04:33:08 +0100] "GET /frame-canvas-chocolate-p-26144.html HTTP/1.0" 200 73319 "-" "Mozilla/5.0 (compatible; BLEXBot/1.0; +http://webmeup-crawler.com/)"
157.90.177.217 - - [02/Dec/2021:04:33:11 +0100] "GET /frame-canvas-dogs-p-37030.html HTTP/1.0" 200 73365 "-" "Mozilla/5.0 (compatible; BLEXBot/1.0; +http://webmeup-crawler.com/)"
157.90.177.217 - - [02/Dec/2021:04:33:14 +0100] "GET /frame-canvas-flin-pour-autre-p-37032.html HTTP/1.0" 200 73517 "-" "Mozilla/5.0 (compatible; BLEXBot/1.0; +http://webmeup-crawler.com/)"
157.90.177.217 - - [02/Dec/2021:04:33:17 +0100] "GET /frame-canvas-free-beer-p-26148.html HTTP/1.0" 200 73300 "-" "Mozilla/5.0 (compatible; BLEXBot/1.0; +http://webmeup-crawler.com/)"
157.90.177.217 - - [02/Dec/2021:04:33:20 +0100] "GET /frame-canvas-puppies-p-26141.html HTTP/1.0" 200 73281 "-" "Mozilla/5.0 (compatible; BLEXBot/1.0; +http://webmeup-crawler.com/)"
157.90.177.217 - - [02/Dec/2021:04:33:23 +0100] "GET /frame-canvas-tits-chats-chats-chats-p-37031.html HTTP/1.0" 200 73538 "-" "Mozilla/5.0 (compatible; BLEXBot/1.0; +http://webmeup-crawler.com/)"
157.90.177.217 - - [02/Dec/2021:04:33:27 +0100] "GET /frame-canvas-toutou-airline-p-37033.html HTTP/1.0" 200 73414 "-" "Mozilla/5.0 (compatible; BLEXBot/1.0; +http://webmeup-crawler.com/)"
157.90.177.217 - - [02/Dec/2021:04:33:30 +0100] "GET /frames-flags-decorative-paintings-c-13_148.html?page=1 HTTP/1.0" 200 95396 "-" "Mozilla/5.0 (compatible; BLEXBot/1.0; +http://webmeup-crawler.com/)"
157.90.177.217 - - [02/Dec/2021:04:33:34 +0100] "GET /frames-flags-decorative-paintings-c-13_148.html?page=12 HTTP/1.0" 200 93817 "-" "Mozilla/5.0 (compatible; BLEXBot/1.0; +http://webmeup-crawler.com/)"
157.90.177.217 - - [02/Dec/2021:04:33:38 +0100] "GET /frames-flags-decorative-paintings-c-13_148.html?page=13 HTTP/1.0" 200 90787 "-" "Mozilla/5.0 (compatible; BLEXBot/1.0; +http://webmeup-crawler.com/)"
157.90.177.217 - - [02/Dec/2021:04:33:45 +0100] "GET /franc-money-cbkreation-p-24138.html HTTP/1.0" 200 73311 "-" "Mozilla/5.0 (compatible; BLEXBot/1.0; +http://webmeup-crawler.com/)"
157.90.177.217 - - [02/Dec/2021:04:33:50 +0100] "GET /francine-charming-dekor-bedclothes-p-43500.html HTTP/1.0" 200 73477 "-" "Mozilla/5.0 (compatible; BLEXBot/1.0; +http://webmeup-crawler.com/)"
157.90.177.217 - - [02/Dec/2021:04:33:55 +0100] "GET /free-beer-metal-plate-deco-p-36121.html HTTP/1.0" 200 73301 "-" "Mozilla/5.0 (compatible; BLEXBot/1.0; +http://webmeup-crawler.com/)"
157.90.177.217 - - [02/Dec/2021:04:34:01 +0100] "GET /freegun-liberty-cover-iphone-p-19120.html HTTP/1.0" 200 73617 "-" "Mozilla/5.0 (compatible; BLEXBot/1.0; +http://webmeup-crawler.com/)"
185.191.171.16 - - [02/Dec/2021:04:34:04 +0100] "GET /decorative-stickers-butterflies-grey-p-48983.html?action=add_product HTTP/1.0" 302 476 "-" "Mozilla/5.0 (compatible; SemrushBot/7~bl; +http://www.semrush.com/bot.html)"
157.90.177.217 - - [02/Dec/2021:04:34:04 +0100] "GET /french-bulldog-chihuahua-p-34850.html HTTP/1.0" 200 73334 "-" "Mozilla/5.0 (compatible; BLEXBot/1.0; +http://webmeup-crawler.com/)"
17.121.113.123 - - [02/Dec/2021:04:34:11 +0100] "GET /images/mini_prod/00scot.jpg HTTP/1.0" 200 262 "-" "Mozilla/5.0 (Macintosh; Intel Mac OS X 10_15_5) AppleWebKit/605.1.15 (KHTML, like Gecko) Version/13.1.1 Safari/605.1.15 (Applebot/0.1; +http://www.apple.com/go/applebot)"
157.90.177.217 - - [02/Dec/2021:04:34:11 +0100] "GET /french-flag-p-41709.html HTTP/1.0" 200 73293 "-" "Mozilla/5.0 (compatible; BLEXBot/1.0; +http://webmeup-crawler.com/)"
157.90.177.217 - - [02/Dec/2021:04:34:16 +0100] "GET /french-kiss-paris-p-39708.html HTTP/1.0" 200 73266 "-" "Mozilla/5.0 (compatible; BLEXBot/1.0; +http://webmeup-crawler.com/)"
157.90.177.217 - - [02/Dec/2021:04:34:22 +0100] "GET /french-riviera-black-cotton-shopping-p-38653.html HTTP/1.0" 200 73601 "-" "Mozilla/5.0 (compatible; BLEXBot/1.0; +http://webmeup-crawler.com/)"
157.90.177.217 - - [02/Dec/2021:04:34:27 +0100] "GET /french-riviera-white-pink-large-shopping-p-38647.html HTTP/1.0" 200 73745 "-" "Mozilla/5.0 (compatible; BLEXBot/1.0; +http://webmeup-crawler.com/)"
157.90.177.217 - - [02/Dec/2021:04:34:31 +0100] "GET /french-shirt-glass-coasters-p-45185.html HTTP/1.0" 200 73269 "-" "Mozilla/5.0 (compatible; BLEXBot/1.0; +http://webmeup-crawler.com/)"
157.90.177.217 - - [02/Dec/2021:04:34:37 +0100] "GET /robots.txt HTTP/1.0" 301 531 "-" "Mozilla/5.0 (compatible; BLEXBot/1.0; +http://webmeup-crawler.com/)"
157.90.177.217 - - [02/Dec/2021:04:34:37 +0100] "GET /robots.txt HTTP/1.0" 200 245 "-" "Mozilla/5.0 (compatible; BLEXBot/1.0; +http://webmeup-crawler.com/)"
157.90.177.217 - - [02/Dec/2021:04:34:37 +0100] "GET /fresh-story-card-p-20035.html HTTP/1.0" 200 73266 "-" "Mozilla/5.0 (compatible; BLEXBot/1.0; +http://webmeup-crawler.com/)"
185.191.171.44 - - [02/Dec/2021:04:34:40 +0100] "GET /household-linen-c-11.html?page=4 HTTP/1.0" 200 92152 "-" "Mozilla/5.0 (compatible; SemrushBot/7~bl; +http://www.semrush.com/bot.html)"
157.90.177.217 - - [02/Dec/2021:04:34:42 +0100] "GET /fringale-burlap-placemat-p-53499.html HTTP/1.0" 200 73854 "-" "Mozilla/5.0 (compatible; BLEXBot/1.0; +http://webmeup-crawler.com/)"
216.244.66.242 - - [02/Dec/2021:04:34:44 +0100] "GET /captain-america-figure-p-23424.html HTTP/1.0" 200 70691 "-" "Mozilla/5.0 (compatible; DotBot/1.2; +https://opensiteexplorer.org/dotbot; help@moz.com)"
157.90.177.217 - - [02/Dec/2021:04:34:48 +0100] "GET /frog-mini-melamine-tray-kook-kiub-p-55871.html HTTP/1.0" 200 73415 "-" "Mozilla/5.0 (compatible; BLEXBot/1.0; +http://webmeup-crawler.com/)"
216.244.66.242 - - [02/Dec/2021:04:34:49 +0100] "GET /cinderella-figure-p-19477.html HTTP/1.0" 200 70692 "-" "Mozilla/5.0 (compatible; DotBot/1.2; +https://opensiteexplorer.org/dotbot; help@moz.com)"
157.90.177.217 - - [02/Dec/2021:04:34:54 +0100] "GET /frosted-glass-betty-boop-eighteen-p-52349.html HTTP/1.0" 200 72999 "-" "Mozilla/5.0 (compatible; BLEXBot/1.0; +http://webmeup-crawler.com/)"
216.244.66.242 - - [02/Dec/2021:04:34:55 +0100] "GET /deco-horse-head-statue-p-44651.html HTTP/1.0" 200 70714 "-" "Mozilla/5.0 (compatible; DotBot/1.2; +https://opensiteexplorer.org/dotbot; help@moz.com)"
123.125.109.183 - - [02/Dec/2021:04:34:55 +0100] "GET /dishes/set-and-breakfast-set-c-5_12_61.html HTTP/1.0" 301 91158 "-" "Sogou web spider/4.0(+http://www.sogou.com/docs/help/webmasters.htm#07)"
157.90.177.217 - - [02/Dec/2021:04:34:58 +0100] "GET /frosted-glass-betty-boop-fifties-p-15439.html HTTP/1.0" 200 73761 "-" "Mozilla/5.0 (compatible; BLEXBot/1.0; +http://webmeup-crawler.com/)"
157.90.177.217 - - [02/Dec/2021:04:35:03 +0100] "GET /frosted-glass-betty-boop-thirties-p-13084.html HTTP/1.0" 200 73344 "-" "Mozilla/5.0 (compatible; BLEXBot/1.0; +http://webmeup-crawler.com/)"
123.125.109.159 - - [02/Dec/2021:04:35:02 +0100] "GET /breakfast-c-61.html HTTP/1.0" 301 91250 "-" "Sogou web spider/4.0(+http://www.sogou.com/docs/help/webmasters.htm#07)"
216.244.66.242 - - [02/Dec/2021:04:35:03 +0100] "GET /fishes-small-large-bowl-p-41635.html HTTP/1.0" 200 70719 "-" "Mozilla/5.0 (compatible; DotBot/1.2; +https://opensiteexplorer.org/dotbot; help@moz.com)"
157.90.177.217 - - [02/Dec/2021:04:35:06 +0100] "GET /frosted-glass-betty-boop-twenties-p-15442.html HTTP/1.0" 200 73280 "-" "Mozilla/5.0 (compatible; BLEXBot/1.0; +http://webmeup-crawler.com/)"
157.90.177.217 - - [02/Dec/2021:04:35:12 +0100] "GET /frozen-anna-canvas-frame-p-32977.html HTTP/1.0" 200 73309 "-" "Mozilla/5.0 (compatible; BLEXBot/1.0; +http://webmeup-crawler.com/)"
216.244.66.242 - - [02/Dec/2021:04:35:12 +0100] "GET /frozen-kristoff-figure-p-23414.html HTTP/1.0" 200 70714 "-" "Mozilla/5.0 (compatible; DotBot/1.2; +https://opensiteexplorer.org/dotbot; help@moz.com)"
157.90.177.217 - - [02/Dec/2021:04:35:17 +0100] "GET /frozen-jewelry-p-50883.html HTTP/1.0" 200 74402 "-" "Mozilla/5.0 (compatible; BLEXBot/1.0; +http://webmeup-crawler.com/)"
216.244.66.242 - - [02/Dec/2021:04:35:20 +0100] "GET /mickey-polar-plaid-p-26909.html HTTP/1.0" 200 70694 "-" "Mozilla/5.0 (compatible; DotBot/1.2; +https://opensiteexplorer.org/dotbot; help@moz.com)"
157.90.177.217 - - [02/Dec/2021:04:35:20 +0100] "GET /frozen-jewelry-p-53243.html HTTP/1.0" 200 74209 "-" "Mozilla/5.0 (compatible; BLEXBot/1.0; +http://webmeup-crawler.com/)"
157.90.177.217 - - [02/Dec/2021:04:35:25 +0100] "GET /frozen-rectangular-mirror-p-31611.html HTTP/1.0" 200 73281 "-" "Mozilla/5.0 (compatible; BLEXBot/1.0; +http://webmeup-crawler.com/)"
123.125.109.180 - - [02/Dec/2021:04:35:25 +0100] "GET /breakfast-c-12_61.html HTTP/1.0" 200 91278 "-" "Sogou web spider/4.0(+http://www.sogou.com/docs/help/webmasters.htm#07)"
216.244.66.242 - - [02/Dec/2021:04:35:26 +0100] "GET /mini-motsu-keel-toys-plush-p-46188.html HTTP/1.0" 200 70734 "-" "Mozilla/5.0 (compatible; DotBot/1.2; +https://opensiteexplorer.org/dotbot; help@moz.com)"
185.191.171.37 - - [02/Dec/2021:04:35:27 +0100] "GET /hearth-hot-water-bottle-p-45232.html HTTP/1.0" 301 70680 "-" "Mozilla/5.0 (compatible; SemrushBot/7~bl; +http://www.semrush.com/bot.html)"
185.191.171.42 - - [02/Dec/2021:04:35:29 +0100] "GET /-p-45232.html HTTP/1.0" 200 70613 "-" "Mozilla/5.0 (compatible; SemrushBot/7~bl; +http://www.semrush.com/bot.html)"
157.90.177.217 - - [02/Dec/2021:04:35:31 +0100] "GET /frozen-rectangular-mirror-p-31612.html HTTP/1.0" 200 73281 "-" "Mozilla/5.0 (compatible; BLEXBot/1.0; +http://webmeup-crawler.com/)"
216.244.66.242 - - [02/Dec/2021:04:35:32 +0100] "GET /simpsons-blue-swimsuit-p-30669.html HTTP/1.0" 200 70714 "-" "Mozilla/5.0 (compatible; DotBot/1.2; +https://opensiteexplorer.org/dotbot; help@moz.com)"
185.191.171.37 - - [02/Dec/2021:04:35:33 +0100] "GET /grey-rabbit-statuette-17-cm-p-44912.html HTTP/1.0" 301 70815 "-" "Mozilla/5.0 (compatible; SemrushBot/7~bl; +http://www.semrush.com/bot.html)"
157.90.177.217 - - [02/Dec/2021:04:35:34 +0100] "GET /frozen-white-pink-disney-p-35543.html HTTP/1.0" 200 73662 "-" "Mozilla/5.0 (compatible; BLEXBot/1.0; +http://webmeup-crawler.com/)"
185.191.171.33 - - [02/Dec/2021:04:35:36 +0100] "GET /grey-rabbit-statuette-p-44912.html HTTP/1.0" 200 70727 "-" "Mozilla/5.0 (compatible; SemrushBot/7~bl; +http://www.semrush.com/bot.html)"
216.244.66.242 - - [02/Dec/2021:04:35:37 +0100] "GET /verity-rose-gift-card-p-29168.html HTTP/1.0" 200 70709 "-" "Mozilla/5.0 (compatible; DotBot/1.2; +https://opensiteexplorer.org/dotbot; help@moz.com)"
157.90.177.217 - - [02/Dec/2021:04:35:38 +0100] "GET /fuel-pump-clock-p-35148.html HTTP/1.0" 200 73227 "-" "Mozilla/5.0 (compatible; BLEXBot/1.0; +http://webmeup-crawler.com/)"
185.191.171.37 - - [02/Dec/2021:04:35:41 +0100] "GET /andalusia-p-50766.html HTTP/1.0" 200 74010 "-" "Mozilla/5.0 (compatible; SemrushBot/7~bl; +http://www.semrush.com/bot.html)"
157.90.177.217 - - [02/Dec/2021:04:35:43 +0100] "GET /fuel-pump-clock-p-55134.html HTTP/1.0" 200 73828 "-" "Mozilla/5.0 (compatible; BLEXBot/1.0; +http://webmeup-crawler.com/)"
216.244.66.242 - - [02/Dec/2021:04:35:45 +0100] "GET /cherries-grey-butter-dish-p-34514.html HTTP/1.0" 200 70729 "-" "Mozilla/5.0 (compatible; DotBot/1.2; +https://opensiteexplorer.org/dotbot; help@moz.com)"
157.90.177.217 - - [02/Dec/2021:04:35:46 +0100] "GET /funky-bears-invaders-keychains-p-19201.html HTTP/1.0" 200 74223 "-" "Mozilla/5.0 (compatible; BLEXBot/1.0; +http://webmeup-crawler.com/)"
216.244.66.242 - - [02/Dec/2021:04:35:52 +0100] "GET /coca-cola-deco-lamp-p-27152.html HTTP/1.0" 301 70680 "-" "Mozilla/5.0 (compatible; DotBot/1.2; +https://opensiteexplorer.org/dotbot; help@moz.com)"
157.90.177.217 - - [02/Dec/2021:04:35:52 +0100] "GET /funky-bears-peace-silver-keychains-p-19195.html HTTP/1.0" 200 74526 "-" "Mozilla/5.0 (compatible; BLEXBot/1.0; +http://webmeup-crawler.com/)"
66.152.168.234 - - [02/Dec/2021:04:35:54 +0100] "GET /images/mini_prod/c8427787039436.jpg HTTP/1.0" 200 270 "-" "Mozilla/5.0 (X11; Ubuntu; Linux x86_64; rv:72.0) Gecko/20100101 Firefox/72.0"
157.90.177.217 - - [02/Dec/2021:04:35:55 +0100] "GET /funky-bears-smiley-nice-keychains-p-19199.html HTTP/1.0" 200 74539 "-" "Mozilla/5.0 (compatible; BLEXBot/1.0; +http://webmeup-crawler.com/)"
216.244.66.242 - - [02/Dec/2021:04:35:58 +0100] "GET /rectangular-signboard-arrow-wood-model-p-45477.html HTTP/1.0" 200 73428 "-" "Mozilla/5.0 (compatible; DotBot/1.2; +https://opensiteexplorer.org/dotbot; help@moz.com)"
157.90.177.217 - - [02/Dec/2021:04:35:59 +0100] "GET /funky-dolls-cosmetic-p-18875.html HTTP/1.0" 200 73293 "-" "Mozilla/5.0 (compatible; BLEXBot/1.0; +http://webmeup-crawler.com/)"
216.244.66.242 - - [02/Dec/2021:04:36:03 +0100] "GET /taraxacum-flowers-lighting-p-42368.html HTTP/1.0" 200 70734 "-" "Mozilla/5.0 (compatible; DotBot/1.2; +https://opensiteexplorer.org/dotbot; help@moz.com)"
157.90.177.217 - - [02/Dec/2021:04:36:04 +0100] "GET /funky-pencil-case-p-19067.html HTTP/1.0" 200 73801 "-" "Mozilla/5.0 (compatible; BLEXBot/1.0; +http://webmeup-crawler.com/)"
157.90.177.217 - - [02/Dec/2021:04:36:08 +0100] "GET /furnishings-c-13_87.html?page=1 HTTP/1.0" 200 91099 "-" "Mozilla/5.0 (compatible; BLEXBot/1.0; +http://webmeup-crawler.com/)"
157.90.177.217 - - [02/Dec/2021:04:36:12 +0100] "GET /furniture-knob-sold-individually-p-55985.html HTTP/1.0" 200 74027 "-" "Mozilla/5.0 (compatible; BLEXBot/1.0; +http://webmeup-crawler.com/)"
157.90.177.217 - - [02/Dec/2021:04:36:16 +0100] "GET /furniture-knob-sold-individually-p-55986.html HTTP/1.0" 200 74028 "-" "Mozilla/5.0 (compatible; BLEXBot/1.0; +http://webmeup-crawler.com/)"
185.191.171.37 - - [02/Dec/2021:04:36:16 +0100] "GET /noddy-melamine-bowl-p-12425.html HTTP/1.0" 200 70679 "-" "Mozilla/5.0 (compatible; SemrushBot/7~bl; +http://www.semrush.com/bot.html)"
157.90.177.217 - - [02/Dec/2021:04:36:20 +0100] "GET /furniture-knob-sold-individually-p-55987.html HTTP/1.0" 200 74028 "-" "Mozilla/5.0 (compatible; BLEXBot/1.0; +http://webmeup-crawler.com/)"
157.90.177.217 - - [02/Dec/2021:04:36:23 +0100] "GET /furniture-knob-sold-individually-p-55988.html HTTP/1.0" 200 74028 "-" "Mozilla/5.0 (compatible; BLEXBot/1.0; +http://webmeup-crawler.com/)"
185.191.171.42 - - [02/Dec/2021:04:36:25 +0100] "GET /retro-plane-clock-p-56710.html?action=add_product HTTP/1.0" 302 476 "-" "Mozilla/5.0 (compatible; SemrushBot/7~bl; +http://www.semrush.com/bot.html)"
157.90.177.217 - - [02/Dec/2021:04:36:26 +0100] "GET /galileo-thermometer-indoors-p-49619.html HTTP/1.0" 200 73978 "-" "Mozilla/5.0 (compatible; BLEXBot/1.0; +http://webmeup-crawler.com/)"
157.90.177.217 - - [02/Dec/2021:04:36:29 +0100] "GET /galileo-thermometer-indoors-p-50140.html HTTP/1.0" 200 73379 "-" "Mozilla/5.0 (compatible; BLEXBot/1.0; +http://webmeup-crawler.com/)"
157.90.177.217 - - [02/Dec/2021:04:36:32 +0100] "GET /galileo-thermometer-indoors-p-51226.html HTTP/1.0" 200 73373 "-" "Mozilla/5.0 (compatible; BLEXBot/1.0; +http://webmeup-crawler.com/)"
157.90.177.217 - - [02/Dec/2021:04:36:38 +0100] "GET /galileo-thermometer-indoors-p-53639.html HTTP/1.0" 200 73375 "-" "Mozilla/5.0 (compatible; BLEXBot/1.0; +http://webmeup-crawler.com/)"
185.191.171.22 - - [02/Dec/2021:04:36:39 +0100] "GET /sacha-ceramic-ball-cover-grey-p-55335.html HTTP/1.0" 200 74003 "-" "Mozilla/5.0 (compatible; SemrushBot/7~bl; +http://www.semrush.com/bot.html)"
157.90.177.217 - - [02/Dec/2021:04:36:42 +0100] "GET /galileo-thermometer-indoors-p-53640.html HTTP/1.0" 200 73371 "-" "Mozilla/5.0 (compatible; BLEXBot/1.0; +http://webmeup-crawler.com/)"
157.55.39.108 - - [02/Dec/2021:04:36:43 +0100] "GET /images/TBOB51SHNOIRb.jpg HTTP/1.0" 200 259 "-" "Mozilla/5.0 (compatible; bingbot/2.0; +http://www.bing.com/bingbot.htm)"
157.90.177.217 - - [02/Dec/2021:04:36:46 +0100] "GET /galileo-thermometer-indoors-p-55393.html HTTP/1.0" 200 73984 "-" "Mozilla/5.0 (compatible; BLEXBot/1.0; +http://webmeup-crawler.com/)"
157.90.177.217 - - [02/Dec/2021:04:36:51 +0100] "GET /galileo-thermometer-indoors-p-55397.html HTTP/1.0" 200 73988 "-" "Mozilla/5.0 (compatible; BLEXBot/1.0; +http://webmeup-crawler.com/)"
157.90.177.217 - - [02/Dec/2021:04:36:55 +0100] "GET /galileo-thermometer-indoors-p-55398.html HTTP/1.0" 200 74007 "-" "Mozilla/5.0 (compatible; BLEXBot/1.0; +http://webmeup-crawler.com/)"
157.90.177.217 - - [02/Dec/2021:04:37:01 +0100] "GET /galileo-thermometer-indoors-p-55399.html HTTP/1.0" 200 74010 "-" "Mozilla/5.0 (compatible; BLEXBot/1.0; +http://webmeup-crawler.com/)"
129.206.106.110 - - [02/Dec/2021:04:37:04 +0100] "GET /images/mini_prod/3503420077364.jpg HTTP/1.0" 200 269 "-" "Mozilla/5.0 (X11; Ubuntu; Linux x86_64; rv:72.0) Gecko/20100101 Firefox/72.0"
157.90.177.217 - - [02/Dec/2021:04:37:04 +0100] "GET /galileo-thermometer-indoors-p-55401.html HTTP/1.0" 200 74103 "-" "Mozilla/5.0 (compatible; BLEXBot/1.0; +http://webmeup-crawler.com/)"
185.191.171.15 - - [02/Dec/2021:04:37:06 +0100] "GET /kimmidoll-doll-10-cm-p-44067.html HTTP/1.0" 301 70773 "-" "Mozilla/5.0 (compatible; SemrushBot/7~bl; +http://www.semrush.com/bot.html)"
157.90.177.217 - - [02/Dec/2021:04:37:08 +0100] "GET /game-watch-iphone-cover-p-24918.html HTTP/1.0" 200 73113 "-" "Mozilla/5.0 (compatible; BLEXBot/1.0; +http://webmeup-crawler.com/)"
66.249.68.38 - - [02/Dec/2021:04:37:10 +0100] "GET /images/big_prod_2/1491693113433C.jpg HTTP/1.0" 200 271 "-" "Googlebot-Image/1.0"
185.191.171.45 - - [02/Dec/2021:04:37:09 +0100] "GET /kimmidoll-doll-p-44067.html HTTP/1.0" 200 70692 "-" "Mozilla/5.0 (compatible; SemrushBot/7~bl; +http://www.semrush.com/bot.html)"
157.90.177.217 - - [02/Dec/2021:04:37:12 +0100] "GET /gameboy-coasters-p-55995.html HTTP/1.0" 200 73209 "-" "Mozilla/5.0 (compatible; BLEXBot/1.0; +http://webmeup-crawler.com/)"
185.191.171.9 - - [02/Dec/2021:04:37:13 +0100] "GET /cbkreation-p-37843.html HTTP/1.0" 200 73248 "-" "Mozilla/5.0 (compatible; SemrushBot/7~bl; +http://www.semrush.com/bot.html)"
157.90.177.217 - - [02/Dec/2021:04:37:16 +0100] "GET /gamer-controller-ashtray-p-50122.html HTTP/1.0" 200 74039 "-" "Mozilla/5.0 (compatible; BLEXBot/1.0; +http://webmeup-crawler.com/)"
157.90.177.217 - - [02/Dec/2021:04:37:20 +0100] "GET /games-toys-c-4.html?page=1 HTTP/1.0" 200 93135 "-" "Mozilla/5.0 (compatible; BLEXBot/1.0; +http://webmeup-crawler.com/)"
157.90.177.217 - - [02/Dec/2021:04:37:23 +0100] "GET /games-toys-c-4.html?page=12 HTTP/1.0" 200 90131 "-" "Mozilla/5.0 (compatible; BLEXBot/1.0; +http://webmeup-crawler.com/)"
185.191.171.41 - - [02/Dec/2021:04:37:36 +0100] "GET /aluminum-bottle-journe-printed-france-p-56361.html HTTP/1.0" 200 74166 "-" "Mozilla/5.0 (compatible; SemrushBot/7~bl; +http://www.semrush.com/bot.html)"
17.121.114.6 - - [02/Dec/2021:04:37:58 +0100] "GET /images/mini_prod/5036278062209.jpg HTTP/1.0" 200 269 "-" "Mozilla/5.0 (Macintosh; Intel Mac OS X 10_15_5) AppleWebKit/605.1.15 (KHTML, like Gecko) Version/13.1.1 Safari/605.1.15 (Applebot/0.1; +http://www.apple.com/go/applebot)"
20.109.132.66 - - [02/Dec/2021:04:37:59 +0100] "GET /images/big_prod/1399980107731.jpg HTTP/1.0" 200 268 "-" "Mozilla/4.0 (compatible; MSIE 7.0; Windows NT 6.0)"
157.90.177.217 - - [02/Dec/2021:04:37:58 +0100] "GET /games-toys-c-4.html?page=13 HTTP/1.0" 200 77854 "-" "Mozilla/5.0 (compatible; BLEXBot/1.0; +http://webmeup-crawler.com/)"
157.90.177.217 - - [02/Dec/2021:04:38:15 +0100] "GET /ganesh-incense-holder-golden-aluminum-p-50384.html HTTP/1.0" 200 73471 "-" "Mozilla/5.0 (compatible; BLEXBot/1.0; +http://webmeup-crawler.com/)"
17.121.114.6 - - [02/Dec/2021:04:38:26 +0100] "GET /images/mini_prod/8422000190505.jpg HTTP/1.0" 200 269 "-" "Mozilla/5.0 (Macintosh; Intel Mac OS X 10_15_5) AppleWebKit/605.1.15 (KHTML, like Gecko) Version/13.1.1 Safari/605.1.15 (Applebot/0.1; +http://www.apple.com/go/applebot)"
157.90.177.217 - - [02/Dec/2021:04:38:26 +0100] "GET /ganesh-lotus-flower-incense-stick-holder-p-50382.html HTTP/1.0" 200 73484 "-" "Mozilla/5.0 (compatible; BLEXBot/1.0; +http://webmeup-crawler.com/)"
157.90.177.217 - - [02/Dec/2021:04:38:35 +0100] "GET /garage-mchanic-duty-metal-plate-p-28012.html HTTP/1.0" 200 73365 "-" "Mozilla/5.0 (compatible; BLEXBot/1.0; +http://webmeup-crawler.com/)"
120.92.83.223 - - [02/Dec/2021:04:38:48 +0100] "GET /images/mini_prod/8033667001167.jpg HTTP/1.0" 200 269 "-" "Mozilla/5.0 (Macintosh; U; Intel Mac OS X 10_6_3; ru-ru) AppleWebKit/533.16 (KHTML, like Gecko) Version/5.0 Safari/533.16"
157.55.39.228 - - [02/Dec/2021:04:38:48 +0100] "GET /images/big_prod/1304038301221.jpg HTTP/1.0" 200 268 "-" "Mozilla/5.0 (compatible; bingbot/2.0; +http://www.bing.com/bingbot.htm)"
157.90.177.217 - - [02/Dec/2021:04:38:47 +0100] "GET /garden-gnome-solar-p-29280.html HTTP/1.0" 200 73412 "-" "Mozilla/5.0 (compatible; BLEXBot/1.0; +http://webmeup-crawler.com/)"
157.55.39.228 - - [02/Dec/2021:04:38:50 +0100] "GET /wooden-sticker-strips-p-54625.html HTTP/1.0" 200 74372 "-" "Mozilla/5.0 (compatible; bingbot/2.0; +http://www.bing.com/bingbot.htm)"
157.90.177.217 - - [02/Dec/2021:04:38:56 +0100] "GET /garden-party-small-ashtray-p-37386.html HTTP/1.0" 200 73273 "-" "Mozilla/5.0 (compatible; BLEXBot/1.0; +http://webmeup-crawler.com/)"
66.249.68.40 - - [02/Dec/2021:04:39:06 +0100] "GET /images/mini_prod/1300000020077N.jpg HTTP/1.0" 200 270 "-" "Googlebot-Image/1.0"
185.191.171.40 - - [02/Dec/2021:04:39:08 +0100] "GET /decoration-and-protection-of-animal-iphone-cable-p-47287.html HTTP/1.0" 301 77516 "-" "Mozilla/5.0 (compatible; SemrushBot/7~bl; +http://www.semrush.com/bot.html)"
157.90.177.217 - - [02/Dec/2021:04:39:10 +0100] "GET /gare-wood-large-clock-p-38436.html HTTP/1.0" 200 73326 "-" "Mozilla/5.0 (compatible; BLEXBot/1.0; +http://webmeup-crawler.com/)"
185.191.171.43 - - [02/Dec/2021:04:39:12 +0100] "GET /decoration-protection-animal-iphone-cable-p-47287.html HTTP/1.0" 200 77408 "-" "Mozilla/5.0 (compatible; SemrushBot/7~bl; +http://www.semrush.com/bot.html)"
157.90.177.217 - - [02/Dec/2021:04:39:16 +0100] "GET /garfield-money-p-40946.html HTTP/1.0" 200 73249 "-" "Mozilla/5.0 (compatible; BLEXBot/1.0; +http://webmeup-crawler.com/)"
185.191.171.35 - - [02/Dec/2021:04:39:20 +0100] "GET /gorjuss-bath-towel-p-41021.html HTTP/1.0" 200 70675 "-" "Mozilla/5.0 (compatible; SemrushBot/7~bl; +http://www.semrush.com/bot.html)"
157.90.177.217 - - [02/Dec/2021:04:39:29 +0100] "GET /gasoline-pump-retro-table-clock-perpetual-calendar-p-56708.html HTTP/1.0" 200 74161 "-" "Mozilla/5.0 (compatible; BLEXBot/1.0; +http://webmeup-crawler.com/)"
185.191.171.16 - - [02/Dec/2021:04:39:30 +0100] "GET /red-porcelain-piggy-bank-p-46363.html HTTP/1.0" 301 70791 "-" "Mozilla/5.0 (compatible; SemrushBot/7~bl; +http://www.semrush.com/bot.html)"
185.191.171.5 - - [02/Dec/2021:04:39:34 +0100] "GET /porcelain-piggy-bank-p-46363.html HTTP/1.0" 200 70704 "-" "Mozilla/5.0 (compatible; SemrushBot/7~bl; +http://www.semrush.com/bot.html)"
185.191.171.1 - - [02/Dec/2021:04:39:37 +0100] "GET /gorjuss-tea-towel-new-heights-p-46929.html HTTP/1.0" 301 70785 "-" "Mozilla/5.0 (compatible; SemrushBot/7~bl; +http://www.semrush.com/bot.html)"
157.90.177.217 - - [02/Dec/2021:04:39:39 +0100] "GET /gaston-oven-mitt-p-52681.html HTTP/1.0" 200 73244 "-" "Mozilla/5.0 (compatible; BLEXBot/1.0; +http://webmeup-crawler.com/)"
185.191.171.18 - - [02/Dec/2021:04:39:40 +0100] "GET /gorjuss-towel-heights-p-46929.html HTTP/1.0" 200 70697 "-" "Mozilla/5.0 (compatible; SemrushBot/7~bl; +http://www.semrush.com/bot.html)"
54.36.148.228 - - [02/Dec/2021:04:39:47 +0100] "GET /fitted-sheet-cotton-percale-threads-p-56962.html HTTP/1.0" 200 74244 "-" "Mozilla/5.0 (compatible; AhrefsBot/7.0; +http://ahrefs.com/robot/)"
157.90.177.217 - - [02/Dec/2021:04:40:11 +0100] "GET /geisha-figurines-p-54863.html HTTP/1.0" 200 74194 "-" "Mozilla/5.0 (compatible; BLEXBot/1.0; +http://webmeup-crawler.com/)"
157.90.177.217 - - [02/Dec/2021:04:40:24 +0100] "GET /geisha-metal-keychain-cbkreation-p-23494.html HTTP/1.0" 200 74840 "-" "Mozilla/5.0 (compatible; BLEXBot/1.0; +http://webmeup-crawler.com/)"
185.191.171.4 - - [02/Dec/2021:04:40:35 +0100] "GET /monster-high-vertical-bag-p-18672.html HTTP/1.0" 301 70809 "-" "Mozilla/5.0 (compatible; SemrushBot/7~bl; +http://www.semrush.com/bot.html)"
185.191.171.22 - - [02/Dec/2021:04:40:38 +0100] "GET /monster-high-vertical-p-18672.html HTTP/1.0" 200 70721 "-" "Mozilla/5.0 (compatible; SemrushBot/7~bl; +http://www.semrush.com/bot.html)"
157.90.177.217 - - [02/Dec/2021:04:40:40 +0100] "GET /geisha-metal-keychain-cbkreation-p-23495.html HTTP/1.0" 200 74840 "-" "Mozilla/5.0 (compatible; BLEXBot/1.0; +http://webmeup-crawler.com/)"
185.191.171.37 - - [02/Dec/2021:04:40:41 +0100] "GET /gorjuss-eraser-p-40468.html HTTP/1.0" 200 73229 "-" "Mozilla/5.0 (compatible; SemrushBot/7~bl; +http://www.semrush.com/bot.html)"
185.191.171.25 - - [02/Dec/2021:04:40:58 +0100] "GET /fragrances-ambiance-c-231.html?page=22 HTTP/1.0" 200 93726 "-" "Mozilla/5.0 (compatible; SemrushBot/7~bl; +http://www.semrush.com/bot.html)"
129.206.106.110 - - [02/Dec/2021:04:41:08 +0100] "GET /images/mini_prod/1384010202883.jpg HTTP/1.0" 200 269 "-" "Mozilla/5.0 (X11; Ubuntu; Linux x86_64; rv:72.0) Gecko/20100101 Firefox/72.0"
54.36.148.29 - - [02/Dec/2021:04:41:09 +0100] "GET /aromatic-burner-flowers-white-p-56899.html HTTP/1.0" 200 74189 "-" "Mozilla/5.0 (compatible; AhrefsBot/7.0; +http://ahrefs.com/robot/)"
157.90.177.217 - - [02/Dec/2021:04:41:12 +0100] "GET /geishas-mouse-cbkreation-p-23467.html HTTP/1.0" 200 73269 "-" "Mozilla/5.0 (compatible; BLEXBot/1.0; +http://webmeup-crawler.com/)"
157.90.177.217 - - [02/Dec/2021:04:41:28 +0100] "GET /geishas-mouse-cbkreation-p-23469.html HTTP/1.0" 200 73264 "-" "Mozilla/5.0 (compatible; BLEXBot/1.0; +http://webmeup-crawler.com/)"
157.90.177.217 - - [02/Dec/2021:04:41:41 +0100] "GET /gemini-clasic-keyring-cbkreation-p-43249.html HTTP/1.0" 200 73397 "-" "Mozilla/5.0 (compatible; BLEXBot/1.0; +http://webmeup-crawler.com/)"
157.90.177.217 - - [02/Dec/2021:04:41:51 +0100] "GET /gemini-mousepad-cbkreation-p-43302.html HTTP/1.0" 200 73322 "-" "Mozilla/5.0 (compatible; BLEXBot/1.0; +http://webmeup-crawler.com/)"
157.90.177.217 - - [02/Dec/2021:04:42:18 +0100] "GET /gendarme-saint-tropez-metal-plate-deco-p-47183.html HTTP/1.0" 200 73528 "-" "Mozilla/5.0 (compatible; BLEXBot/1.0; +http://webmeup-crawler.com/)"
165.154.72.231 - - [02/Dec/2021:04:42:23 +0100] "GET /images/mini_prod/3661611901550.jpg HTTP/1.0" 200 269 "-" "Mozilla/5.0 (X11; Ubuntu; Linux x86_64; rv:72.0) Gecko/20100101 Firefox/72.0"
54.36.149.107 - - [02/Dec/2021:04:42:31 +0100] "GET /decorative-candle-white-lantern-p-56872.html HTTP/1.0" 200 73409 "-" "Mozilla/5.0 (compatible; AhrefsBot/7.0; +http://ahrefs.com/robot/)"
157.90.177.217 - - [02/Dec/2021:04:42:35 +0100] "GET /gentle-rain-metal-plate-deco-p-36044.html HTTP/1.0" 200 73319 "-" "Mozilla/5.0 (compatible; BLEXBot/1.0; +http://webmeup-crawler.com/)"
185.191.171.23 - - [02/Dec/2021:04:42:38 +0100] "GET /little-tortoise-statuette-p-43103.html?action=add_product HTTP/1.0" 302 476 "-" "Mozilla/5.0 (compatible; SemrushBot/7~bl; +http://www.semrush.com/bot.html)"
185.191.171.37 - - [02/Dec/2021:04:42:39 +0100] "GET /ecrivons-bonheur-canvas-frame-p-38516.html HTTP/1.0" 200 73442 "-" "Mozilla/5.0 (compatible; SemrushBot/7~bl; +http://www.semrush.com/bot.html)"
157.90.177.217 - - [02/Dec/2021:04:42:48 +0100] "GET /gentleman-beer-glass-p-55562.html HTTP/1.0" 200 73870 "-" "Mozilla/5.0 (compatible; BLEXBot/1.0; +http://webmeup-crawler.com/)"
207.46.13.202 - - [02/Dec/2021:04:42:51 +0100] "GET /ethnic-mask-wall-stickers-p-52319.html HTTP/1.0" 200 73954 "-" "Mozilla/5.0 (compatible; bingbot/2.0; +http://www.bing.com/bingbot.htm)"
185.191.171.19 - - [02/Dec/2021:04:42:58 +0100] "GET /hello-kitty-small-oval-placemat-p-17133.html HTTP/1.0" 200 73524 "-" "Mozilla/5.0 (compatible; SemrushBot/7~bl; +http://www.semrush.com/bot.html)"
157.90.177.217 - - [02/Dec/2021:04:43:22 +0100] "GET /gentleman-beer-p-54791.html HTTP/1.0" 200 73839 "-" "Mozilla/5.0 (compatible; BLEXBot/1.0; +http://webmeup-crawler.com/)"
54.36.149.51 - - [02/Dec/2021:04:43:53 +0100] "GET /rectangular-tray-ornaments-over-p-56864.html HTTP/1.0" 200 73436 "-" "Mozilla/5.0 (compatible; AhrefsBot/7.0; +http://ahrefs.com/robot/)"
157.90.177.217 - - [02/Dec/2021:04:43:56 +0100] "GET /gentleman-ceramic-p-54793.html HTTP/1.0" 200 73798 "-" "Mozilla/5.0 (compatible; BLEXBot/1.0; +http://webmeup-crawler.com/)"
185.191.171.39 - - [02/Dec/2021:04:44:16 +0100] "GET /london-p-26185.html HTTP/1.0" 200 73129 "-" "Mozilla/5.0 (compatible; SemrushBot/7~bl; +http://www.semrush.com/bot.html)"
185.191.171.3 - - [02/Dec/2021:04:44:19 +0100] "GET /blue-vintage-motorcycle-coat-rack-p-46695.html?action=add_product HTTP/1.0" 302 476 "-" "Mozilla/5.0 (compatible; SemrushBot/7~bl; +http://www.semrush.com/bot.html)"
157.90.177.217 - - [02/Dec/2021:04:44:29 +0100] "GET /gentleman-whiskey-glass-p-54792.html HTTP/1.0" 200 73837 "-" "Mozilla/5.0 (compatible; BLEXBot/1.0; +http://webmeup-crawler.com/)"
20.109.131.56 - - [02/Dec/2021:04:44:49 +0100] "GET /images/4025055993929.jpg HTTP/1.0" 200 259 "-" "Mozilla/5.0 (Macintosh; U; PPC Mac OS X 10.5; en-US; rv:1.9.2.15) Gecko/20110303 Firefox/3.6.15"
51.68.224.127 - - [02/Dec/2021:04:44:54 +0100] "GET /adminweb/export_orders_xml.php?token=256de2z6edz6ed2z6DFSFsed2zed6zeDSFDSGdzedezfzf&maxorders=10&orderstart=1&status=14&start_date=2018-10-01 HTTP/1.0" 200 285 "-" "GesCom CharlotteBoutik Serveur"
51.68.224.127 - - [02/Dec/2021:04:44:54 +0100] "GET /adminweb/export_orders_xml.php?token=256de2z6edz6ed2z6DFSFsed2zed6zeDSFDSGdzedezfzf&maxorders=10&orderstart=1&status=6&start_date=2018-10-01 HTTP/1.0" 200 32471 "-" "GesCom CharlotteBoutik Serveur"
17.121.114.46 - - [02/Dec/2021:04:45:01 +0100] "GET /images/big_prod/8433933113790.jpg HTTP/1.0" 200 268 "-" "Mozilla/5.0 (Macintosh; Intel Mac OS X 10_15_5) AppleWebKit/605.1.15 (KHTML, like Gecko) Version/13.1.1 Safari/605.1.15 (Applebot/0.1; +http://www.apple.com/go/applebot)"
157.90.177.217 - - [02/Dec/2021:04:45:02 +0100] "GET /robots.txt HTTP/1.0" 301 531 "-" "Mozilla/5.0 (compatible; BLEXBot/1.0; +http://webmeup-crawler.com/)"
157.90.177.217 - - [02/Dec/2021:04:45:02 +0100] "GET /robots.txt HTTP/1.0" 200 245 "-" "Mozilla/5.0 (compatible; BLEXBot/1.0; +http://webmeup-crawler.com/)"
157.90.177.217 - - [02/Dec/2021:04:45:02 +0100] "GET /geometric-motif-table-lamp-p-49888.html HTTP/1.0" 200 73368 "-" "Mozilla/5.0 (compatible; BLEXBot/1.0; +http://webmeup-crawler.com/)"
54.36.148.201 - - [02/Dec/2021:04:45:16 +0100] "GET /tweety-poster-p-36322.html HTTP/1.0" 200 73190 "-" "Mozilla/5.0 (compatible; AhrefsBot/7.0; +http://ahrefs.com/robot/)"
185.191.171.33 - - [02/Dec/2021:04:45:17 +0100] "GET /buddha-statue-polyresin-80-cm-p-36725.html HTTP/1.0" 301 73525 "-" "Mozilla/5.0 (compatible; SemrushBot/7~bl; +http://www.semrush.com/bot.html)"
185.191.171.19 - - [02/Dec/2021:04:45:21 +0100] "GET /buddha-statue-polyresin-p-36725.html HTTP/1.0" 200 73435 "-" "Mozilla/5.0 (compatible; SemrushBot/7~bl; +http://www.semrush.com/bot.html)"
157.90.177.217 - - [02/Dec/2021:04:45:25 +0100] "GET /georges-clounet-metal-ashtray-p-39508.html HTTP/1.0" 200 73298 "-" "Mozilla/5.0 (compatible; BLEXBot/1.0; +http://webmeup-crawler.com/)"
157.90.177.217 - - [02/Dec/2021:04:45:34 +0100] "GET /german-shepherd-keychain-p-26303.html HTTP/1.0" 200 73296 "-" "Mozilla/5.0 (compatible; BLEXBot/1.0; +http://webmeup-crawler.com/)"
157.90.177.217 - - [02/Dec/2021:04:45:47 +0100] "GET /german-vintage-flag-p-38268.html HTTP/1.0" 200 73256 "-" "Mozilla/5.0 (compatible; BLEXBot/1.0; +http://webmeup-crawler.com/)"
157.90.177.217 - - [02/Dec/2021:04:46:00 +0100] "GET /ghostbust-door-p-50103.html HTTP/1.0" 200 73493 "-" "Mozilla/5.0 (compatible; BLEXBot/1.0; +http://webmeup-crawler.com/)"
207.46.13.202 - - [02/Dec/2021:04:46:01 +0100] "GET /-p-24121.html HTTP/1.0" 200 70613 "-" "Mozilla/5.0 (compatible; bingbot/2.0; +http://www.bing.com/bingbot.htm)"
185.191.171.6 - - [02/Dec/2021:04:46:09 +0100] "GET /robots.txt HTTP/1.0" 200 245 "-" "Mozilla/5.0 (compatible; SemrushBot/7~bl; +http://www.semrush.com/bot.html)"
185.191.171.33 - - [02/Dec/2021:04:46:10 +0100] "GET /simpsons-p-27554.html HTTP/1.0" 200 73218 "-" "Mozilla/5.0 (compatible; SemrushBot/7~bl; +http://www.semrush.com/bot.html)"
157.90.177.217 - - [02/Dec/2021:04:46:12 +0100] "GET /gift-around-wine-bottle-accessories-p-49243.html HTTP/1.0" 200 74656 "-" "Mozilla/5.0 (compatible; BLEXBot/1.0; +http://webmeup-crawler.com/)"
185.191.171.6 - - [02/Dec/2021:04:46:15 +0100] "GET /gold-wall-mirror-p-53691.html HTTP/1.0" 200 73221 "-" "Mozilla/5.0 (compatible; SemrushBot/7~bl; +http://www.semrush.com/bot.html)"
185.191.171.16 - - [02/Dec/2021:04:46:25 +0100] "GET /sausage-with-knife-boucherie-charcuterie-p-47323.html HTTP/1.0" 200 74237 "-" "Mozilla/5.0 (compatible; SemrushBot/7~bl; +http://www.semrush.com/bot.html)"
157.90.177.217 - - [02/Dec/2021:04:46:27 +0100] "GET /gift-bottle-wine-p-46773.html HTTP/1.0" 200 73445 "-" "Mozilla/5.0 (compatible; BLEXBot/1.0; +http://webmeup-crawler.com/)"
54.36.149.67 - - [02/Dec/2021:04:46:44 +0100] "GET /votive-candle-hours-grass-p-33131.html HTTP/1.0" 200 74501 "-" "Mozilla/5.0 (compatible; AhrefsBot/7.0; +http://ahrefs.com/robot/)"
40.77.167.66 - - [02/Dec/2021:04:46:56 +0100] "GET /-p-33612.html HTTP/1.0" 200 70613 "-" "Mozilla/5.0 (compatible; bingbot/2.0; +http://www.bing.com/bingbot.htm)"
157.90.177.217 - - [02/Dec/2021:04:47:03 +0100] "GET /gift-bottle-wine-p-46812.html HTTP/1.0" 200 73432 "-" "Mozilla/5.0 (compatible; BLEXBot/1.0; +http://webmeup-crawler.com/)"
66.249.68.42 - - [02/Dec/2021:04:47:16 +0100] "GET /zen-women-tee-shirt-p-36615.html HTTP/1.0" 301 80136 "-" "Mozilla/5.0 (compatible; Googlebot/2.1; +http://www.google.com/bot.html)"
66.249.68.38 - - [02/Dec/2021:04:47:20 +0100] "GET /women-shirt-p-36615.html HTTP/1.0" 200 80058 "-" "Mozilla/5.0 (compatible; Googlebot/2.1; +http://www.google.com/bot.html)"
157.90.177.217 - - [02/Dec/2021:04:47:38 +0100] "GET /gingerbread-gingerbread-ball-p-22389.html HTTP/1.0" 200 73351 "-" "Mozilla/5.0 (compatible; BLEXBot/1.0; +http://webmeup-crawler.com/)"
157.90.177.217 - - [02/Dec/2021:04:47:58 +0100] "GET /gingerbread-p-30682.html HTTP/1.0" 200 73157 "-" "Mozilla/5.0 (compatible; BLEXBot/1.0; +http://webmeup-crawler.com/)"
207.46.13.202 - - [02/Dec/2021:04:48:02 +0100] "GET /kimmidoll-shopper-pink-satin-collection-p-49118.html HTTP/1.0" 200 74075 "-" "Mozilla/5.0 (compatible; bingbot/2.0; +http://www.bing.com/bingbot.htm)"
185.191.171.20 - - [02/Dec/2021:04:48:03 +0100] "GET /cotton-towel-retro-style-p-42571.html HTTP/1.0" 200 73271 "-" "Mozilla/5.0 (compatible; SemrushBot/7~bl; +http://www.semrush.com/bot.html)"
185.191.171.17 - - [02/Dec/2021:04:48:08 +0100] "GET /-p-49219.html?action=add_product HTTP/1.0" 302 476 "-" "Mozilla/5.0 (compatible; SemrushBot/7~bl; +http://www.semrush.com/bot.html)"
157.90.177.217 - - [02/Dec/2021:04:48:11 +0100] "GET /ginkgo-espresso-p-56487.html HTTP/1.0" 200 73257 "-" "Mozilla/5.0 (compatible; BLEXBot/1.0; +http://webmeup-crawler.com/)"
54.36.149.5 - - [02/Dec/2021:04:48:16 +0100] "GET /velvet-purse-black-burgundy-p-49965.html HTTP/1.0" 200 73932 "-" "Mozilla/5.0 (compatible; AhrefsBot/7.0; +http://ahrefs.com/robot/)"
185.191.171.20 - - [02/Dec/2021:04:48:10 +0100] "GET /money-boxes-c-13_83.html?page=5 HTTP/1.0" 200 93702 "-" "Mozilla/5.0 (compatible; SemrushBot/7~bl; +http://www.semrush.com/bot.html)"
157.90.177.217 - - [02/Dec/2021:04:48:24 +0100] "GET /ginkgo-p-55191.html HTTP/1.0" 200 73973 "-" "Mozilla/5.0 (compatible; BLEXBot/1.0; +http://webmeup-crawler.com/)"
93.159.230.89 - - [02/Dec/2021:04:48:37 +0100] "GET / HTTP/1.0" 301 511 "-" "Mozilla/5.0 (Windows NT 10.0; Win64; x64) AppleWebKit/537.36 (KHTML, like Gecko) Chrome/71.0.3578.98 Safari/537.36"
157.90.177.217 - - [02/Dec/2021:04:48:37 +0100] "GET /ginkgo-porcelain-p-56492.html HTTP/1.0" 200 73240 "-" "Mozilla/5.0 (compatible; BLEXBot/1.0; +http://webmeup-crawler.com/)"
157.90.177.217 - - [02/Dec/2021:04:48:48 +0100] "GET /ginnan-bedclothes-p-52092.html HTTP/1.0" 200 73902 "-" "Mozilla/5.0 (compatible; BLEXBot/1.0; +http://webmeup-crawler.com/)"
93.159.230.89 - - [02/Dec/2021:04:48:37 +0100] "GET / HTTP/1.0" 200 146874 "http://wonder-geek.com" "Mozilla/5.0 (Windows NT 10.0; Win64; x64) AppleWebKit/537.36 (KHTML, like Gecko) Chrome/71.0.3578.98 Safari/537.36"
157.90.177.217 - - [02/Dec/2021:04:49:08 +0100] "GET /ginnan-bedclothes-p-54675.html HTTP/1.0" 200 73902 "-" "Mozilla/5.0 (compatible; BLEXBot/1.0; +http://webmeup-crawler.com/)"
185.191.171.16 - - [02/Dec/2021:04:49:24 +0100] "GET /african-statuette-carrying-water-p-49338.html?action=add_product HTTP/1.0" 302 476 "-" "Mozilla/5.0 (compatible; SemrushBot/7~bl; +http://www.semrush.com/bot.html)"
40.77.167.66 - - [02/Dec/2021:04:49:37 +0100] "GET /images/3438100351949.jpg HTTP/1.0" 200 259 "-" "Mozilla/5.0 (compatible; bingbot/2.0; +http://www.bing.com/bingbot.htm)"
157.90.177.217 - - [02/Dec/2021:04:49:36 +0100] "GET /giraffe-money-p-55568.html HTTP/1.0" 200 73254 "-" "Mozilla/5.0 (compatible; BLEXBot/1.0; +http://webmeup-crawler.com/)"
54.36.148.14 - - [02/Dec/2021:04:49:39 +0100] "GET /ashtrays-c-13_240.html?page=1 HTTP/1.0" 200 91759 "-" "Mozilla/5.0 (compatible; AhrefsBot/7.0; +http://ahrefs.com/robot/)"
185.191.171.21 - - [02/Dec/2021:04:49:51 +0100] "GET /picerie-fine-metal-tray-p-41484.html HTTP/1.0" 200 73396 "-" "Mozilla/5.0 (compatible; SemrushBot/7~bl; +http://www.semrush.com/bot.html)"
66.249.68.40 - - [02/Dec/2021:04:49:56 +0100] "GET /images/big_prod_1/a4542202653784.jpg HTTP/1.0" 200 271 "-" "Googlebot-Image/1.0"
157.90.177.217 - - [02/Dec/2021:04:50:11 +0100] "GET /giraffe-wall-decoration-resin-p-52575.html HTTP/1.0" 200 73366 "-" "Mozilla/5.0 (compatible; BLEXBot/1.0; +http://webmeup-crawler.com/)"
185.191.171.41 - - [02/Dec/2021:04:50:32 +0100] "GET /jumping-into-fall-piglet-pooh-autum-leaves-figurine-p-56586.html?action=add_product HTTP/1.0" 302 476 "-" "Mozilla/5.0 (compatible; SemrushBot/7~bl; +http://www.semrush.com/bot.html)"
66.249.68.38 - - [02/Dec/2021:04:50:31 +0100] "GET /triangular-vintage-alarm-clock-gray-pink-p-55137.html HTTP/1.0" 200 74445 "-" "Mozilla/5.0 (Linux; Android 6.0.1; Nexus 5X Build/MMB29P) AppleWebKit/537.36 (KHTML, like Gecko) Chrome/96.0.4664.45 Mobile Safari/537.36 (compatible; Googlebot/2.1; +http://www.google.com/bot.html)"
157.90.177.217 - - [02/Dec/2021:04:50:33 +0100] "GET /girls-c-1.html?page=1 HTTP/1.0" 200 91870 "-" "Mozilla/5.0 (compatible; BLEXBot/1.0; +http://webmeup-crawler.com/)"
157.90.177.217 - - [02/Dec/2021:04:50:52 +0100] "GET /giulia-bedclothes-p-44050.html HTTP/1.0" 200 73425 "-" "Mozilla/5.0 (compatible; BLEXBot/1.0; +http://webmeup-crawler.com/)"
185.191.171.40 - - [02/Dec/2021:04:51:02 +0100] "GET /candle-hours-citrus-crush-p-33049.html?action=add_product HTTP/1.0" 302 476 "-" "Mozilla/5.0 (compatible; SemrushBot/7~bl; +http://www.semrush.com/bot.html)"
157.55.39.108 - - [02/Dec/2021:04:51:09 +0100] "GET /cotton-floor-cushion-p-51502.html HTTP/1.0" 200 70695 "-" "Mozilla/5.0 (compatible; bingbot/2.0; +http://www.bing.com/bingbot.htm)"
54.36.148.179 - - [02/Dec/2021:04:51:17 +0100] "GET /heart-mini-melamine-tray-p-37951.html HTTP/1.0" 200 73378 "-" "Mozilla/5.0 (compatible; AhrefsBot/7.0; +http://ahrefs.com/robot/)"
185.191.171.34 - - [02/Dec/2021:04:51:24 +0100] "GET /cotton-bath-p-55256.html?action=add_product HTTP/1.0" 302 476 "-" "Mozilla/5.0 (compatible; SemrushBot/7~bl; +http://www.semrush.com/bot.html)"
49.7.20.113 - - [02/Dec/2021:04:51:03 +0100] "GET / HTTP/1.0" 200 151980 "-" "Sogou web spider/4.0(+http://www.sogou.com/docs/help/webmasters.htm#07)"
157.90.177.217 - - [02/Dec/2021:04:51:26 +0100] "GET /glass-ashtray-betty-boop-p-15463.html HTTP/1.0" 200 73276 "-" "Mozilla/5.0 (compatible; BLEXBot/1.0; +http://webmeup-crawler.com/)"
185.191.171.7 - - [02/Dec/2021:04:51:35 +0100] "GET /dishes-c-12.html?page=85 HTTP/1.0" 200 92655 "-" "Mozilla/5.0 (compatible; SemrushBot/7~bl; +http://www.semrush.com/bot.html)"
157.90.177.217 - - [02/Dec/2021:04:52:02 +0100] "GET /glass-ashtray-p-36384.html HTTP/1.0" 200 73203 "-" "Mozilla/5.0 (compatible; BLEXBot/1.0; +http://webmeup-crawler.com/)"
157.55.39.228 - - [02/Dec/2021:04:52:09 +0100] "GET /luna-desk-blotter-p-37821.html HTTP/1.0" 200 70679 "-" "Mozilla/5.0 (compatible; bingbot/2.0; +http://www.bing.com/bingbot.htm)"
157.90.177.217 - - [02/Dec/2021:04:52:27 +0100] "GET /glass-ashtray-p-36385.html HTTP/1.0" 200 73203 "-" "Mozilla/5.0 (compatible; BLEXBot/1.0; +http://webmeup-crawler.com/)"
157.90.177.217 - - [02/Dec/2021:04:52:55 +0100] "GET /glass-ashtray-p-55679.html HTTP/1.0" 200 73847 "-" "Mozilla/5.0 (compatible; BLEXBot/1.0; +http://webmeup-crawler.com/)"
54.36.149.22 - - [02/Dec/2021:04:52:59 +0100] "GET /little-prince-saint-exupery-bowl-p-56232.html HTTP/1.0" 200 74431 "-" "Mozilla/5.0 (compatible; AhrefsBot/7.0; +http://ahrefs.com/robot/)"
66.249.68.38 - - [02/Dec/2021:04:53:03 +0100] "GET /-p-32090.html HTTP/1.0" 200 70613 "-" "Mozilla/5.0 (Linux; Android 6.0.1; Nexus 5X Build/MMB29P) AppleWebKit/537.36 (KHTML, like Gecko) Chrome/96.0.4664.45 Mobile Safari/537.36 (compatible; Googlebot/2.1; +http://www.google.com/bot.html)"
157.90.177.217 - - [02/Dec/2021:04:53:09 +0100] "GET /glass-ashtray-p-55680.html HTTP/1.0" 200 73848 "-" "Mozilla/5.0 (compatible; BLEXBot/1.0; +http://webmeup-crawler.com/)"
157.90.177.217 - - [02/Dec/2021:04:53:23 +0100] "GET /glass-ashtray-p-55681.html HTTP/1.0" 200 73847 "-" "Mozilla/5.0 (compatible; BLEXBot/1.0; +http://webmeup-crawler.com/)"
185.191.171.44 - - [02/Dec/2021:04:53:24 +0100] "GET /ty-monstaz-talking-plush-jazzy-p-19369.html HTTP/1.0" 301 70842 "-" "Mozilla/5.0 (compatible; SemrushBot/7~bl; +http://www.semrush.com/bot.html)"
185.191.171.19 - - [02/Dec/2021:04:53:28 +0100] "GET /monstaz-talking-plush-jazzy-p-19369.html HTTP/1.0" 200 70748 "-" "Mozilla/5.0 (compatible; SemrushBot/7~bl; +http://www.semrush.com/bot.html)"
185.191.171.39 - - [02/Dec/2021:04:53:32 +0100] "GET /holder-recycled-metal-elements-p-42324.html HTTP/1.0" 200 73406 "-" "Mozilla/5.0 (compatible; SemrushBot/7~bl; +http://www.semrush.com/bot.html)"
185.191.171.1 - - [02/Dec/2021:04:53:35 +0100] "GET /baltique-bedclothes-p-42857.html?action=add_product HTTP/1.0" 302 476 "-" "Mozilla/5.0 (compatible; SemrushBot/7~bl; +http://www.semrush.com/bot.html)"
157.90.177.217 - - [02/Dec/2021:04:53:34 +0100] "GET /glass-ashtray-p-55682.html HTTP/1.0" 200 73847 "-" "Mozilla/5.0 (compatible; BLEXBot/1.0; +http://webmeup-crawler.com/)"
157.90.177.217 - - [02/Dec/2021:04:53:43 +0100] "GET /glass-ashtray-p-55735.html HTTP/1.0" 200 73846 "-" "Mozilla/5.0 (compatible; BLEXBot/1.0; +http://webmeup-crawler.com/)"
20.99.252.246 - - [02/Dec/2021:04:53:53 +0100] "GET /images/big_prod/1300000023986.jpg HTTP/1.0" 200 268 "-" "Mozilla/4.0 (compatible; MSIE 7.0; Windows NT 6.0)"
157.90.177.217 - - [02/Dec/2021:04:53:58 +0100] "GET /glass-ashtray-p-55736.html HTTP/1.0" 200 73846 "-" "Mozilla/5.0 (compatible; BLEXBot/1.0; +http://webmeup-crawler.com/)"
20.109.130.196 - - [02/Dec/2021:04:54:01 +0100] "GET /images/N3681643200056.jpg HTTP/1.0" 200 260 "-" "Mozilla/5.0 (Windows NT 6.1; WOW64) AppleWebKit/537.36 (KHTML, like Gecko) Chrome/45.0.2454.101 Safari/537.36"
49.7.20.138 - - [02/Dec/2021:04:54:01 +0100] "GET /decorations-c-89.html HTTP/1.0" 301 91808 "-" "Sogou web spider/4.0(+http://www.sogou.com/docs/help/webmasters.htm#07)"
157.90.177.217 - - [02/Dec/2021:04:54:19 +0100] "GET /glass-ashtray-p-55737.html HTTP/1.0" 200 73846 "-" "Mozilla/5.0 (compatible; BLEXBot/1.0; +http://webmeup-crawler.com/)"
54.36.149.11 - - [02/Dec/2021:04:54:25 +0100] "GET /vintage-velocity-embossed-metal-plaque-p-56756.html HTTP/1.0" 200 74011 "-" "Mozilla/5.0 (compatible; AhrefsBot/7.0; +http://ahrefs.com/robot/)"
157.90.177.217 - - [02/Dec/2021:04:54:37 +0100] "GET /glass-ashtray-p-55739.html HTTP/1.0" 200 73846 "-" "Mozilla/5.0 (compatible; BLEXBot/1.0; +http://webmeup-crawler.com/)"
185.191.171.36 - - [02/Dec/2021:04:54:50 +0100] "GET /figurine-puppy-bowl-dalmatians-bone-shaped-dish-p-53985.html HTTP/1.0" 200 74937 "-" "Mozilla/5.0 (compatible; SemrushBot/7~bl; +http://www.semrush.com/bot.html)"
157.55.39.108 - - [02/Dec/2021:04:54:50 +0100] "GET /-p-35289.html HTTP/1.0" 200 70613 "-" "Mozilla/5.0 (compatible; bingbot/2.0; +http://www.bing.com/bingbot.htm)"
157.90.177.217 - - [02/Dec/2021:04:54:54 +0100] "GET /glass-ashtray-p-55740.html HTTP/1.0" 200 73269 "-" "Mozilla/5.0 (compatible; BLEXBot/1.0; +http://webmeup-crawler.com/)"
157.90.177.217 - - [02/Dec/2021:04:55:06 +0100] "GET /robots.txt HTTP/1.0" 301 531 "-" "Mozilla/5.0 (compatible; BLEXBot/1.0; +http://webmeup-crawler.com/)"
157.90.177.217 - - [02/Dec/2021:04:55:06 +0100] "GET /robots.txt HTTP/1.0" 200 245 "-" "Mozilla/5.0 (compatible; BLEXBot/1.0; +http://webmeup-crawler.com/)"
157.90.177.217 - - [02/Dec/2021:04:55:06 +0100] "GET /glass-ashtray-p-55741.html HTTP/1.0" 200 73267 "-" "Mozilla/5.0 (compatible; BLEXBot/1.0; +http://webmeup-crawler.com/)"
157.90.177.217 - - [02/Dec/2021:04:55:19 +0100] "GET /glass-ashtray-p-55742.html HTTP/1.0" 200 73267 "-" "Mozilla/5.0 (compatible; BLEXBot/1.0; +http://webmeup-crawler.com/)"
66.249.68.42 - - [02/Dec/2021:04:55:53 +0100] "GET /incense-rose-grams-about-sticks-p-52436.html HTTP/1.0" 200 73530 "-" "Mozilla/5.0 (Linux; Android 6.0.1; Nexus 5X Build/MMB29P) AppleWebKit/537.36 (KHTML, like Gecko) Chrome/96.0.4664.45 Mobile Safari/537.36 (compatible; Googlebot/2.1; +http://www.google.com/bot.html)"
185.191.171.26 - - [02/Dec/2021:04:55:57 +0100] "GET /braided-bracelet-victoria-couture-hello-kitty-p-13722.html?action=add_product HTTP/1.0" 302 476 "-" "Mozilla/5.0 (compatible; SemrushBot/7~bl; +http://www.semrush.com/bot.html)"
157.90.177.217 - - [02/Dec/2021:04:55:55 +0100] "GET /glass-ashtray-p-55743.html HTTP/1.0" 200 73267 "-" "Mozilla/5.0 (compatible; BLEXBot/1.0; +http://webmeup-crawler.com/)"
54.36.149.34 - - [02/Dec/2021:04:56:14 +0100] "GET /dotted-little-tray-p-29650.html HTTP/1.0" 200 73266 "-" "Mozilla/5.0 (compatible; AhrefsBot/7.0; +http://ahrefs.com/robot/)"
157.90.177.217 - - [02/Dec/2021:04:56:24 +0100] "GET /glass-ashtray-peace-love-p-15462.html HTTP/1.0" 200 73276 "-" "Mozilla/5.0 (compatible; BLEXBot/1.0; +http://webmeup-crawler.com/)"
157.90.177.217 - - [02/Dec/2021:04:56:43 +0100] "GET /glass-coasters-p-45183.html HTTP/1.0" 200 73189 "-" "Mozilla/5.0 (compatible; BLEXBot/1.0; +http://webmeup-crawler.com/)"
185.191.171.16 - - [02/Dec/2021:04:56:56 +0100] "GET /paperweight-girl-with-pearl-earring-vermeer-p-55504.html?action=add_product HTTP/1.0" 302 476 "-" "Mozilla/5.0 (compatible; SemrushBot/7~bl; +http://www.semrush.com/bot.html)"
157.90.177.217 - - [02/Dec/2021:04:57:04 +0100] "GET /glass-cups-with-wooden-cups-copper-inscriptions-p-49414.html HTTP/1.0" 200 73528 "-" "Mozilla/5.0 (compatible; BLEXBot/1.0; +http://webmeup-crawler.com/)"
