157.90.177.217 - - [02/Dec/2021:08:48:26 +0100] "GET /peugeot-magnets-p-49373.html HTTP/1.0" 200 73279 "-" "Mozilla/5.0 (compatible; BLEXBot/1.0; +http://webmeup-crawler.com/)"
157.90.177.217 - - [02/Dec/2021:08:48:32 +0100] "GET /peux-apro-adult-apron-p-42606.html HTTP/1.0" 200 73257 "-" "Mozilla/5.0 (compatible; BLEXBot/1.0; +http://webmeup-crawler.com/)"
157.90.177.217 - - [02/Dec/2021:08:48:39 +0100] "GET /phone-black-clock-p-45875.html HTTP/1.0" 200 74212 "-" "Mozilla/5.0 (compatible; BLEXBot/1.0; +http://webmeup-crawler.com/)"
157.90.177.217 - - [02/Dec/2021:08:48:45 +0100] "GET /picerie-fine-cotton-potholder-p-42569.html HTTP/1.0" 200 73314 "-" "Mozilla/5.0 (compatible; BLEXBot/1.0; +http://webmeup-crawler.com/)"
185.191.171.8 - - [02/Dec/2021:08:48:50 +0100] "GET /scented-candles-novenas-c-231_227.html?page=22 HTTP/1.0" 200 91367 "-" "Mozilla/5.0 (compatible; SemrushBot/7~bl; +http://www.semrush.com/bot.html)"
157.90.177.217 - - [02/Dec/2021:08:48:50 +0100] "GET /picerie-fine-metal-tray-p-41484.html HTTP/1.0" 200 73396 "-" "Mozilla/5.0 (compatible; BLEXBot/1.0; +http://webmeup-crawler.com/)"
157.90.177.217 - - [02/Dec/2021:08:49:04 +0100] "GET /piggy-bank-coconut-p-50590.html HTTP/1.0" 200 73855 "-" "Mozilla/5.0 (compatible; BLEXBot/1.0; +http://webmeup-crawler.com/)"
157.90.177.217 - - [02/Dec/2021:08:49:12 +0100] "GET /piggy-bank-girly-grey-p-42388.html HTTP/1.0" 200 73261 "-" "Mozilla/5.0 (compatible; BLEXBot/1.0; +http://webmeup-crawler.com/)"
157.90.177.217 - - [02/Dec/2021:08:49:24 +0100] "GET /piggy-bank-girly-purple-p-42387.html HTTP/1.0" 200 73279 "-" "Mozilla/5.0 (compatible; BLEXBot/1.0; +http://webmeup-crawler.com/)"
157.90.177.217 - - [02/Dec/2021:08:49:29 +0100] "GET /piggy-bank-p-54796.html HTTP/1.0" 200 73262 "-" "Mozilla/5.0 (compatible; BLEXBot/1.0; +http://webmeup-crawler.com/)"
157.90.177.217 - - [02/Dec/2021:08:49:37 +0100] "GET /piggy-bank-premire-tirelire-p-55717.html HTTP/1.0" 200 73966 "-" "Mozilla/5.0 (compatible; BLEXBot/1.0; +http://webmeup-crawler.com/)"
185.191.171.13 - - [02/Dec/2021:08:49:41 +0100] "GET /zippo-wallet-with-camouflage-pattern-p-49089.html HTTP/1.0" 200 74442 "-" "Mozilla/5.0 (compatible; SemrushBot/7~bl; +http://www.semrush.com/bot.html)"
157.90.177.217 - - [02/Dec/2021:08:49:43 +0100] "GET /piggy-bank-sandstone-enclosure-p-55125.html HTTP/1.0" 200 74309 "-" "Mozilla/5.0 (compatible; BLEXBot/1.0; +http://webmeup-crawler.com/)"
157.90.177.217 - - [02/Dec/2021:08:49:50 +0100] "GET /pikaly-bedclothes-p-45418.html HTTP/1.0" 200 73425 "-" "Mozilla/5.0 (compatible; BLEXBot/1.0; +http://webmeup-crawler.com/)"
157.90.177.217 - - [02/Dec/2021:08:49:57 +0100] "GET /pikaly-bedclothes-p-45419.html HTTP/1.0" 200 73425 "-" "Mozilla/5.0 (compatible; BLEXBot/1.0; +http://webmeup-crawler.com/)"
54.36.148.228 - - [02/Dec/2021:08:50:01 +0100] "GET /tablecloths-c-11_176.html?page=2 HTTP/1.0" 200 92369 "-" "Mozilla/5.0 (compatible; AhrefsBot/7.0; +http://ahrefs.com/robot/)"
157.90.177.217 - - [02/Dec/2021:08:50:01 +0100] "GET /pill-blue-p-34379.html HTTP/1.0" 200 73387 "-" "Mozilla/5.0 (compatible; BLEXBot/1.0; +http://webmeup-crawler.com/)"
185.191.171.35 - - [02/Dec/2021:08:50:12 +0100] "GET /forest-white-table-lamp-p-52975.html?action=add_product HTTP/1.0" 302 476 "-" "Mozilla/5.0 (compatible; SemrushBot/7~bl; +http://www.semrush.com/bot.html)"
157.90.177.217 - - [02/Dec/2021:08:50:13 +0100] "GET /pill-chat-bike-p-53834.html HTTP/1.0" 200 73400 "-" "Mozilla/5.0 (compatible; BLEXBot/1.0; +http://webmeup-crawler.com/)"
157.90.177.217 - - [02/Dec/2021:08:50:20 +0100] "GET /pill-chat-cushions-p-53836.html HTTP/1.0" 200 73432 "-" "Mozilla/5.0 (compatible; BLEXBot/1.0; +http://webmeup-crawler.com/)"
185.191.171.33 - - [02/Dec/2021:08:50:26 +0100] "GET /winnie-the-pooh-stationery-holder-p-15982.html HTTP/1.0" 301 70857 "-" "Mozilla/5.0 (compatible; SemrushBot/7~bl; +http://www.semrush.com/bot.html)"
49.7.20.113 - - [02/Dec/2021:08:50:29 +0100] "GET / HTTP/1.0" 301 511 "-" "Sogou web spider/4.0(+http://www.sogou.com/docs/help/webmasters.htm#07)"
185.191.171.8 - - [02/Dec/2021:08:50:29 +0100] "GET /winnie-pooh-stationery-holder-p-15982.html HTTP/1.0" 200 70761 "-" "Mozilla/5.0 (compatible; SemrushBot/7~bl; +http://www.semrush.com/bot.html)"
157.55.39.125 - - [02/Dec/2021:08:50:29 +0100] "GET /trays-c-12_159.html HTTP/1.0" 200 92305 "-" "Mozilla/5.0 (compatible; bingbot/2.0; +http://www.bing.com/bingbot.htm)"
185.191.171.39 - - [02/Dec/2021:08:50:34 +0100] "GET /goldorak-mug-p-30225.html HTTP/1.0" 301 73285 "-" "Mozilla/5.0 (compatible; SemrushBot/7~bl; +http://www.semrush.com/bot.html)"
157.90.177.217 - - [02/Dec/2021:08:50:34 +0100] "GET /pill-chat-piano-p-53835.html HTTP/1.0" 200 73408 "-" "Mozilla/5.0 (compatible; BLEXBot/1.0; +http://webmeup-crawler.com/)"
51.68.224.127 - - [02/Dec/2021:08:50:37 +0100] "GET /adminweb/export_orders_xml.php?token=256de2z6edz6ed2z6DFSFsed2zed6zeDSFDSGdzedezfzf&maxorders=10&orderstart=1&status=14&start_date=2018-10-01 HTTP/1.0" 200 285 "-" "GesCom CharlotteBoutik Serveur"
51.68.224.127 - - [02/Dec/2021:08:50:37 +0100] "GET /adminweb/export_orders_xml.php?token=256de2z6edz6ed2z6DFSFsed2zed6zeDSFDSGdzedezfzf&maxorders=10&orderstart=1&status=6&start_date=2018-10-01 HTTP/1.0" 200 32471 "-" "GesCom CharlotteBoutik Serveur"
185.191.171.17 - - [02/Dec/2021:08:50:37 +0100] "GET /goldorak-p-30225.html HTTP/1.0" 200 73210 "-" "Mozilla/5.0 (compatible; SemrushBot/7~bl; +http://www.semrush.com/bot.html)"
157.90.177.217 - - [02/Dec/2021:08:50:40 +0100] "GET /pinasun-bedclothes-p-47187.html HTTP/1.0" 200 73409 "-" "Mozilla/5.0 (compatible; BLEXBot/1.0; +http://webmeup-crawler.com/)"
157.90.177.217 - - [02/Dec/2021:08:50:47 +0100] "GET /pinasun-bedclothes-p-53550.html HTTP/1.0" 200 73430 "-" "Mozilla/5.0 (compatible; BLEXBot/1.0; +http://webmeup-crawler.com/)"
149.248.7.213 - - [02/Dec/2021:08:50:49 +0100] "GET /images/mini_prod/3700653502490.jpg HTTP/1.0" 200 269 "-" "Mozilla/5.0 (X11; Ubuntu; Linux x86_64; rv:72.0) Gecko/20100101 Firefox/72.0"
157.90.177.217 - - [02/Dec/2021:08:50:55 +0100] "GET /pink-adult-cotton-apron-p-44329.html HTTP/1.0" 200 73814 "-" "Mozilla/5.0 (compatible; BLEXBot/1.0; +http://webmeup-crawler.com/)"
157.90.177.217 - - [02/Dec/2021:08:51:02 +0100] "GET /pink-arrow-clock-p-41838.html HTTP/1.0" 200 73280 "-" "Mozilla/5.0 (compatible; BLEXBot/1.0; +http://webmeup-crawler.com/)"
216.244.66.242 - - [02/Dec/2021:08:51:08 +0100] "GET /marley-song-zippo-lighter-p-13400.html HTTP/1.0" 200 73742 "-" "Mozilla/5.0 (compatible; DotBot/1.2; +https://opensiteexplorer.org/dotbot; help@moz.com)"
157.90.177.217 - - [02/Dec/2021:08:51:10 +0100] "GET /pink-brown-cement-lamp-p-55602.html HTTP/1.0" 200 74035 "-" "Mozilla/5.0 (compatible; BLEXBot/1.0; +http://webmeup-crawler.com/)"
157.90.177.217 - - [02/Dec/2021:08:51:18 +0100] "GET /pink-buddha-statue-resin-p-50395.html HTTP/1.0" 200 73358 "-" "Mozilla/5.0 (compatible; BLEXBot/1.0; +http://webmeup-crawler.com/)"
118.184.177.84 - - [02/Dec/2021:08:51:23 +0100] "GET / HTTP/1.0" 200 151333 "-" "Sogou web spider/4.0(+http://www.sogou.com/docs/help/webmasters.htm#07)"
157.90.177.217 - - [02/Dec/2021:08:51:27 +0100] "GET /pink-fitted-sheet-p-39048.html HTTP/1.0" 200 73878 "-" "Mozilla/5.0 (compatible; BLEXBot/1.0; +http://webmeup-crawler.com/)"
20.109.134.252 - - [02/Dec/2021:08:51:34 +0100] "GET /images/big_prod/3453131130011.jpg HTTP/1.0" 200 268 "-" "Mozilla/5.0 (Windows NT 6.1; WOW64) AppleWebKit/537.36 (KHTML, like Gecko) Chrome/45.0.2454.101 Safari/537.36"
157.90.177.217 - - [02/Dec/2021:08:51:35 +0100] "GET /pink-fitted-sheet-p-48092.html HTTP/1.0" 200 73877 "-" "Mozilla/5.0 (compatible; BLEXBot/1.0; +http://webmeup-crawler.com/)"
157.90.177.217 - - [02/Dec/2021:08:51:43 +0100] "GET /pink-flamingo-ornament-p-41144.html HTTP/1.0" 200 73307 "-" "Mozilla/5.0 (compatible; BLEXBot/1.0; +http://webmeup-crawler.com/)"
157.90.177.217 - - [02/Dec/2021:08:51:52 +0100] "GET /pink-flamingo-white-women-shirt-p-34203.html HTTP/1.0" 200 75555 "-" "Mozilla/5.0 (compatible; BLEXBot/1.0; +http://webmeup-crawler.com/)"
185.191.171.39 - - [02/Dec/2021:08:51:57 +0100] "GET /cbkreation-p-37844.html?action=add_product HTTP/1.0" 302 476 "-" "Mozilla/5.0 (compatible; SemrushBot/7~bl; +http://www.semrush.com/bot.html)"
54.36.149.55 - - [02/Dec/2021:08:52:00 +0100] "GET / HTTP/1.0" 200 151642 "-" "Mozilla/5.0 (compatible; AhrefsBot/7.0; +http://ahrefs.com/robot/)"
157.90.177.217 - - [02/Dec/2021:08:52:02 +0100] "GET /pink-flamingo-white-women-shirt-p-34207.html HTTP/1.0" 200 75556 "-" "Mozilla/5.0 (compatible; BLEXBot/1.0; +http://webmeup-crawler.com/)"
185.191.171.2 - - [02/Dec/2021:08:52:03 +0100] "GET /monkey-statue-resin-do-not-see-anything-p-44246.html HTTP/1.0" 301 73521 "-" "Mozilla/5.0 (compatible; SemrushBot/7~bl; +http://www.semrush.com/bot.html)"
185.191.171.6 - - [02/Dec/2021:08:52:07 +0100] "GET /monkey-statue-resin-anything-p-44246.html HTTP/1.0" 200 73426 "-" "Mozilla/5.0 (compatible; SemrushBot/7~bl; +http://www.semrush.com/bot.html)"
157.90.177.217 - - [02/Dec/2021:08:52:08 +0100] "GET /pink-flamingos-small-melamine-tray-p-45167.html HTTP/1.0" 200 73397 "-" "Mozilla/5.0 (compatible; BLEXBot/1.0; +http://webmeup-crawler.com/)"
129.206.106.110 - - [02/Dec/2021:08:52:15 +0100] "GET /images/mini_prod/3700276274620.jpg HTTP/1.0" 200 269 "-" "Mozilla/5.0 (X11; Ubuntu; Linux x86_64; rv:72.0) Gecko/20100101 Firefox/72.0"
157.90.177.217 - - [02/Dec/2021:08:52:14 +0100] "GET /pink-jewelry-holder-statuette-p-55942.html HTTP/1.0" 200 73475 "-" "Mozilla/5.0 (compatible; BLEXBot/1.0; +http://webmeup-crawler.com/)"
157.90.177.217 - - [02/Dec/2021:08:52:21 +0100] "GET /pink-keychains-p-32586.html HTTP/1.0" 200 73241 "-" "Mozilla/5.0 (compatible; BLEXBot/1.0; +http://webmeup-crawler.com/)"
157.90.177.217 - - [02/Dec/2021:08:52:29 +0100] "GET /pink-panther-money-bank-p-56186.html HTTP/1.0" 200 73892 "-" "Mozilla/5.0 (compatible; BLEXBot/1.0; +http://webmeup-crawler.com/)"
157.90.177.217 - - [02/Dec/2021:08:52:35 +0100] "GET /pink-piggy-bank-p-49220.html HTTP/1.0" 200 73230 "-" "Mozilla/5.0 (compatible; BLEXBot/1.0; +http://webmeup-crawler.com/)"
157.90.177.217 - - [02/Dec/2021:08:52:40 +0100] "GET /pink-piggy-bank-p-55570.html HTTP/1.0" 200 73278 "-" "Mozilla/5.0 (compatible; BLEXBot/1.0; +http://webmeup-crawler.com/)"
157.90.177.217 - - [02/Dec/2021:08:52:45 +0100] "GET /pink-piggy-bank-p-55571.html HTTP/1.0" 200 73278 "-" "Mozilla/5.0 (compatible; BLEXBot/1.0; +http://webmeup-crawler.com/)"
49.7.20.138 - - [02/Dec/2021:08:52:54 +0100] "GET /decorations-c-89.html HTTP/1.0" 301 91808 "-" "Sogou web spider/4.0(+http://www.sogou.com/docs/help/webmasters.htm#07)"
157.90.177.217 - - [02/Dec/2021:08:52:55 +0100] "GET /pink-polyester-round-chair-cushion-p-47033.html HTTP/1.0" 200 73985 "-" "Mozilla/5.0 (compatible; BLEXBot/1.0; +http://webmeup-crawler.com/)"
157.90.177.217 - - [02/Dec/2021:08:53:03 +0100] "GET /pink-porcelain-bowl-with-small-gold-hearts-p-53702.html HTTP/1.0" 200 74026 "-" "Mozilla/5.0 (compatible; BLEXBot/1.0; +http://webmeup-crawler.com/)"
185.191.171.7 - - [02/Dec/2021:08:53:08 +0100] "GET /retro-vintage-chocolat-shoulder-p-18988.html?action=add_product HTTP/1.0" 302 476 "-" "Mozilla/5.0 (compatible; SemrushBot/7~bl; +http://www.semrush.com/bot.html)"
157.90.177.217 - - [02/Dec/2021:08:53:08 +0100] "GET /pink-porcelain-piggy-bank-p-46370.html HTTP/1.0" 200 73860 "-" "Mozilla/5.0 (compatible; BLEXBot/1.0; +http://webmeup-crawler.com/)"
157.90.177.217 - - [02/Dec/2021:08:53:15 +0100] "GET /pink-rabbit-money-bank-p-56195.html HTTP/1.0" 200 73881 "-" "Mozilla/5.0 (compatible; BLEXBot/1.0; +http://webmeup-crawler.com/)"
157.90.177.217 - - [02/Dec/2021:08:53:20 +0100] "GET /pink-rabbit-money-p-54820.html HTTP/1.0" 200 73286 "-" "Mozilla/5.0 (compatible; BLEXBot/1.0; +http://webmeup-crawler.com/)"
185.191.171.23 - - [02/Dec/2021:08:53:24 +0100] "GET /houndstooth-russian-doll-cushion-by-cbkreation-p-18422.html HTTP/1.0" 301 70877 "-" "Mozilla/5.0 (compatible; SemrushBot/7~bl; +http://www.semrush.com/bot.html)"
185.191.171.1 - - [02/Dec/2021:08:53:26 +0100] "GET /houndstooth-russian-doll-cushion-cbkreation-p-18422.html HTTP/1.0" 200 70767 "-" "Mozilla/5.0 (compatible; SemrushBot/7~bl; +http://www.semrush.com/bot.html)"
157.90.177.217 - - [02/Dec/2021:08:53:28 +0100] "GET /pink-rabbit-statuette-p-44914.html HTTP/1.0" 200 73307 "-" "Mozilla/5.0 (compatible; BLEXBot/1.0; +http://webmeup-crawler.com/)"
157.90.177.217 - - [02/Dec/2021:08:53:38 +0100] "GET /pink-statuette-p-44500.html HTTP/1.0" 200 73274 "-" "Mozilla/5.0 (compatible; BLEXBot/1.0; +http://webmeup-crawler.com/)"
157.90.177.217 - - [02/Dec/2021:08:53:46 +0100] "GET /pink-teddy-bear-plush-p-43260.html HTTP/1.0" 200 73297 "-" "Mozilla/5.0 (compatible; BLEXBot/1.0; +http://webmeup-crawler.com/)"
157.90.177.217 - - [02/Dec/2021:08:53:55 +0100] "GET /pink-tourmaline-sold-weight-p-48481.html HTTP/1.0" 200 74437 "-" "Mozilla/5.0 (compatible; BLEXBot/1.0; +http://webmeup-crawler.com/)"
157.90.177.217 - - [02/Dec/2021:08:54:04 +0100] "GET /pink-tourmaline-sold-weight-p-48548.html HTTP/1.0" 200 74437 "-" "Mozilla/5.0 (compatible; BLEXBot/1.0; +http://webmeup-crawler.com/)"
54.36.149.98 - - [02/Dec/2021:08:54:06 +0100] "GET /white-black-moroccan-ashtray-p-52624.html HTTP/1.0" 200 73251 "-" "Mozilla/5.0 (compatible; AhrefsBot/7.0; +http://ahrefs.com/robot/)"
157.90.177.217 - - [02/Dec/2021:08:54:08 +0100] "GET /pink-tourmaline-sold-weight-p-48549.html HTTP/1.0" 200 74437 "-" "Mozilla/5.0 (compatible; BLEXBot/1.0; +http://webmeup-crawler.com/)"
185.191.171.23 - - [02/Dec/2021:08:54:10 +0100] "GET /mobile-metal-bells-tree-p-50380.html HTTP/1.0" 200 73896 "-" "Mozilla/5.0 (compatible; SemrushBot/7~bl; +http://www.semrush.com/bot.html)"
157.90.177.217 - - [02/Dec/2021:08:54:14 +0100] "GET /pink-vintage-alarm-clock-p-38261.html HTTP/1.0" 200 73327 "-" "Mozilla/5.0 (compatible; BLEXBot/1.0; +http://webmeup-crawler.com/)"
157.90.177.217 - - [02/Dec/2021:08:54:21 +0100] "GET /pink-with-glitter-money-p-48230.html HTTP/1.0" 200 73339 "-" "Mozilla/5.0 (compatible; BLEXBot/1.0; +http://webmeup-crawler.com/)"
157.90.177.217 - - [02/Dec/2021:08:54:27 +0100] "GET /pinko-wooden-game-bottle-opener-p-53208.html HTTP/1.0" 200 74005 "-" "Mozilla/5.0 (compatible; BLEXBot/1.0; +http://webmeup-crawler.com/)"
157.90.177.217 - - [02/Dec/2021:08:54:33 +0100] "GET /pinko-wooden-game-bottle-opener-p-55554.html HTTP/1.0" 200 74215 "-" "Mozilla/5.0 (compatible; BLEXBot/1.0; +http://webmeup-crawler.com/)"
157.90.177.217 - - [02/Dec/2021:08:54:41 +0100] "GET /pirate-flag-p-41522.html HTTP/1.0" 200 73276 "-" "Mozilla/5.0 (compatible; BLEXBot/1.0; +http://webmeup-crawler.com/)"
157.90.177.217 - - [02/Dec/2021:08:54:50 +0100] "GET /pirate-flag-p-41710.html HTTP/1.0" 200 73300 "-" "Mozilla/5.0 (compatible; BLEXBot/1.0; +http://webmeup-crawler.com/)"
157.90.177.217 - - [02/Dec/2021:08:54:55 +0100] "GET /pirate-skull-ashtray-p-49213.html HTTP/1.0" 200 73809 "-" "Mozilla/5.0 (compatible; BLEXBot/1.0; +http://webmeup-crawler.com/)"
157.90.177.217 - - [02/Dec/2021:08:55:10 +0100] "GET /pisces-clasic-keyring-cbkreation-p-43251.html HTTP/1.0" 200 73397 "-" "Mozilla/5.0 (compatible; BLEXBot/1.0; +http://webmeup-crawler.com/)"
157.90.177.217 - - [02/Dec/2021:08:55:16 +0100] "GET /pisces-mousepad-cbkreation-p-43306.html HTTP/1.0" 200 73323 "-" "Mozilla/5.0 (compatible; BLEXBot/1.0; +http://webmeup-crawler.com/)"
185.191.171.8 - - [02/Dec/2021:08:55:19 +0100] "GET /barbecue-bar-paper-towel-dispenser-p-38258.html HTTP/1.0" 301 70828 "-" "Mozilla/5.0 (compatible; SemrushBot/7~bl; +http://www.semrush.com/bot.html)"
185.191.171.10 - - [02/Dec/2021:08:55:21 +0100] "GET /barbecue-paper-towel-dispenser-p-38258.html HTTP/1.0" 200 70731 "-" "Mozilla/5.0 (compatible; SemrushBot/7~bl; +http://www.semrush.com/bot.html)"
157.90.177.217 - - [02/Dec/2021:08:55:22 +0100] "GET /pistols-messenger-p-14499.html HTTP/1.0" 200 74822 "-" "Mozilla/5.0 (compatible; BLEXBot/1.0; +http://webmeup-crawler.com/)"
185.191.171.23 - - [02/Dec/2021:08:55:25 +0100] "GET /london-metal-keyring-union-jack-purse-p-35355.html HTTP/1.0" 200 73391 "-" "Mozilla/5.0 (compatible; SemrushBot/7~bl; +http://www.semrush.com/bot.html)"
157.90.177.217 - - [02/Dec/2021:08:55:29 +0100] "GET /place-cushions-p-53828.html HTTP/1.0" 200 73250 "-" "Mozilla/5.0 (compatible; BLEXBot/1.0; +http://webmeup-crawler.com/)"
157.90.177.217 - - [02/Dec/2021:08:55:36 +0100] "GET /place-jewels-poisson-p-53936.html HTTP/1.0" 200 73273 "-" "Mozilla/5.0 (compatible; BLEXBot/1.0; +http://webmeup-crawler.com/)"
157.90.177.217 - - [02/Dec/2021:08:55:42 +0100] "GET /place-piano-p-53827.html HTTP/1.0" 200 74611 "-" "Mozilla/5.0 (compatible; BLEXBot/1.0; +http://webmeup-crawler.com/)"
157.90.177.217 - - [02/Dec/2021:08:55:50 +0100] "GET /placemat-kiub-collection-amys-cushion-p-55911.html HTTP/1.0" 200 73445 "-" "Mozilla/5.0 (compatible; BLEXBot/1.0; +http://webmeup-crawler.com/)"
185.191.171.15 - - [02/Dec/2021:08:55:55 +0100] "GET /stationery-and-cardmaking-c-129.html?page=21 HTTP/1.0" 301 92838 "-" "Mozilla/5.0 (compatible; SemrushBot/7~bl; +http://www.semrush.com/bot.html)"
157.90.177.217 - - [02/Dec/2021:08:55:56 +0100] "GET /placemat-kiub-collection-amys-humming-bird-p-55904.html HTTP/1.0" 200 73418 "-" "Mozilla/5.0 (compatible; BLEXBot/1.0; +http://webmeup-crawler.com/)"
185.191.171.26 - - [02/Dec/2021:08:55:58 +0100] "GET /stationery-cardmaking-c-129.html?page=21 HTTP/1.0" 200 92744 "-" "Mozilla/5.0 (compatible; SemrushBot/7~bl; +http://www.semrush.com/bot.html)"
157.90.177.217 - - [02/Dec/2021:08:56:02 +0100] "GET /placemat-kiub-collection-amys-owls-p-55900.html HTTP/1.0" 200 73332 "-" "Mozilla/5.0 (compatible; BLEXBot/1.0; +http://webmeup-crawler.com/)"
157.90.177.217 - - [02/Dec/2021:08:56:07 +0100] "GET /placemat-kiub-collection-amys-toucan-p-55903.html HTTP/1.0" 200 73370 "-" "Mozilla/5.0 (compatible; BLEXBot/1.0; +http://webmeup-crawler.com/)"
157.90.177.217 - - [02/Dec/2021:08:56:14 +0100] "GET /placemat-kiub-collection-bike-p-55907.html HTTP/1.0" 200 73381 "-" "Mozilla/5.0 (compatible; BLEXBot/1.0; +http://webmeup-crawler.com/)"
149.248.7.213 - - [02/Dec/2021:08:56:22 +0100] "GET /images/mini_prod/9316188067454.jpg HTTP/1.0" 200 269 "-" "Mozilla/5.0 (X11; Ubuntu; Linux x86_64; rv:72.0) Gecko/20100101 Firefox/72.0"
157.90.177.217 - - [02/Dec/2021:08:56:23 +0100] "GET /placemat-kiub-collection-bird-cage-p-55901.html HTTP/1.0" 200 73354 "-" "Mozilla/5.0 (compatible; BLEXBot/1.0; +http://webmeup-crawler.com/)"
54.36.149.62 - - [02/Dec/2021:08:56:26 +0100] "GET /moroccan-ashtray-leaves-p-52627.html HTTP/1.0" 200 73220 "-" "Mozilla/5.0 (compatible; AhrefsBot/7.0; +http://ahrefs.com/robot/)"
185.191.171.23 - - [02/Dec/2021:08:56:29 +0100] "GET /cats-isothermic-stainless-steel-bottle-jewels-p-54546.html HTTP/1.0" 200 74161 "-" "Mozilla/5.0 (compatible; SemrushBot/7~bl; +http://www.semrush.com/bot.html)"
157.90.177.217 - - [02/Dec/2021:08:56:31 +0100] "GET /placemat-kiub-collection-birds-p-55909.html HTTP/1.0" 200 73395 "-" "Mozilla/5.0 (compatible; BLEXBot/1.0; +http://webmeup-crawler.com/)"
157.90.177.217 - - [02/Dec/2021:08:56:35 +0100] "GET /placemat-kiub-collection-bonsai-butterflies-p-55905.html HTTP/1.0" 200 73450 "-" "Mozilla/5.0 (compatible; BLEXBot/1.0; +http://webmeup-crawler.com/)"
157.90.177.217 - - [02/Dec/2021:08:56:42 +0100] "GET /placemat-kiub-collection-butterflies-p-55902.html HTTP/1.0" 200 73370 "-" "Mozilla/5.0 (compatible; BLEXBot/1.0; +http://webmeup-crawler.com/)"
157.90.177.217 - - [02/Dec/2021:08:56:48 +0100] "GET /placemat-kiub-collection-cats-love-paris-p-55908.html HTTP/1.0" 200 73445 "-" "Mozilla/5.0 (compatible; BLEXBot/1.0; +http://webmeup-crawler.com/)"
157.90.177.217 - - [02/Dec/2021:08:56:53 +0100] "GET /placemat-kiub-collection-cats-piano-p-55906.html HTTP/1.0" 200 74681 "-" "Mozilla/5.0 (compatible; BLEXBot/1.0; +http://webmeup-crawler.com/)"
185.191.171.24 - - [02/Dec/2021:08:56:55 +0100] "GET /candy-cloud-unicorn-twinkles-p-46646.html?action=add_product HTTP/1.0" 302 476 "-" "Mozilla/5.0 (compatible; SemrushBot/7~bl; +http://www.semrush.com/bot.html)"
185.191.171.33 - - [02/Dec/2021:08:56:59 +0100] "GET /cement-tile-stickers-15-15-cm-gray-p-43006.html HTTP/1.0" 301 74574 "-" "Mozilla/5.0 (compatible; SemrushBot/7~bl; +http://www.semrush.com/bot.html)"
157.90.177.217 - - [02/Dec/2021:08:57:00 +0100] "GET /placemat-kiub-collection-jewels-elephant-p-55921.html HTTP/1.0" 200 73428 "-" "Mozilla/5.0 (compatible; BLEXBot/1.0; +http://webmeup-crawler.com/)"
185.191.171.10 - - [02/Dec/2021:08:57:02 +0100] "GET /cement-tile-stickers-gray-p-43006.html HTTP/1.0" 200 74482 "-" "Mozilla/5.0 (compatible; SemrushBot/7~bl; +http://www.semrush.com/bot.html)"
157.90.177.217 - - [02/Dec/2021:08:57:08 +0100] "GET /placemat-kiub-collection-jewels-flamingo-p-55920.html HTTP/1.0" 200 73429 "-" "Mozilla/5.0 (compatible; BLEXBot/1.0; +http://webmeup-crawler.com/)"
157.90.177.217 - - [02/Dec/2021:08:57:16 +0100] "GET /placemat-kiub-collection-jewels-humming-bird-p-55918.html HTTP/1.0" 200 73460 "-" "Mozilla/5.0 (compatible; BLEXBot/1.0; +http://webmeup-crawler.com/)"
157.90.177.217 - - [02/Dec/2021:08:57:22 +0100] "GET /placemat-kiub-collection-jewels-humming-bird-p-55919.html HTTP/1.0" 200 73461 "-" "Mozilla/5.0 (compatible; BLEXBot/1.0; +http://webmeup-crawler.com/)"
157.90.177.217 - - [02/Dec/2021:08:57:26 +0100] "GET /placemat-kiub-collection-jewels-p-55913.html HTTP/1.0" 200 73379 "-" "Mozilla/5.0 (compatible; BLEXBot/1.0; +http://webmeup-crawler.com/)"
157.90.177.217 - - [02/Dec/2021:08:57:33 +0100] "GET /placemat-kiub-collection-jungle-cockatoo-p-55915.html HTTP/1.0" 200 73381 "-" "Mozilla/5.0 (compatible; BLEXBot/1.0; +http://webmeup-crawler.com/)"
40.91.114.143 - - [02/Dec/2021:08:57:40 +0100] "GET /images/med_prod/1399984220375NN.jpg HTTP/1.0" 200 270 "-" "Mozilla/5.0 (Windows NT 10.0; WOW64) AppleWebKit/537.36 (KHTML, like Gecko) Chrome/67.0.3396.99 Safari/537.36"
157.90.177.217 - - [02/Dec/2021:08:57:42 +0100] "GET /robots.txt HTTP/1.0" 301 531 "-" "Mozilla/5.0 (compatible; BLEXBot/1.0; +http://webmeup-crawler.com/)"
157.90.177.217 - - [02/Dec/2021:08:57:42 +0100] "GET /robots.txt HTTP/1.0" 200 245 "-" "Mozilla/5.0 (compatible; BLEXBot/1.0; +http://webmeup-crawler.com/)"
66.249.68.38 - - [02/Dec/2021:08:57:43 +0100] "GET /images/mini_prod/5400924064464.jpg HTTP/1.0" 200 269 "-" "Googlebot-Image/1.0"
157.90.177.217 - - [02/Dec/2021:08:57:43 +0100] "GET /placemat-kiub-collection-jungle-parrot-p-55916.html HTTP/1.0" 200 73364 "-" "Mozilla/5.0 (compatible; BLEXBot/1.0; +http://webmeup-crawler.com/)"
157.90.177.217 - - [02/Dec/2021:08:57:50 +0100] "GET /placemat-kiub-collection-jungle-parrots-p-55917.html HTTP/1.0" 200 73372 "-" "Mozilla/5.0 (compatible; BLEXBot/1.0; +http://webmeup-crawler.com/)"
157.90.177.217 - - [02/Dec/2021:08:57:56 +0100] "GET /placemat-kiub-collection-jungle-toucan-p-55914.html HTTP/1.0" 200 73364 "-" "Mozilla/5.0 (compatible; BLEXBot/1.0; +http://webmeup-crawler.com/)"
157.90.177.217 - - [02/Dec/2021:08:58:03 +0100] "GET /placemat-kiub-collection-kook-black-p-55912.html HTTP/1.0" 200 73363 "-" "Mozilla/5.0 (compatible; BLEXBot/1.0; +http://webmeup-crawler.com/)"
157.90.177.217 - - [02/Dec/2021:08:58:09 +0100] "GET /placemat-kiub-collection-owls-p-55899.html HTTP/1.0" 200 73293 "-" "Mozilla/5.0 (compatible; BLEXBot/1.0; +http://webmeup-crawler.com/)"
157.90.177.217 - - [02/Dec/2021:08:58:18 +0100] "GET /placemat-kiub-collection-p-55898.html HTTP/1.0" 200 73400 "-" "Mozilla/5.0 (compatible; BLEXBot/1.0; +http://webmeup-crawler.com/)"
157.90.177.217 - - [02/Dec/2021:08:58:25 +0100] "GET /placemat-little-prince-cape-p-53831.html HTTP/1.0" 200 73281 "-" "Mozilla/5.0 (compatible; BLEXBot/1.0; +http://webmeup-crawler.com/)"
157.90.177.217 - - [02/Dec/2021:08:58:30 +0100] "GET /placemat-little-prince-p-56242.html HTTP/1.0" 200 73261 "-" "Mozilla/5.0 (compatible; BLEXBot/1.0; +http://webmeup-crawler.com/)"
157.90.177.217 - - [02/Dec/2021:08:58:36 +0100] "GET /placemat-little-prince-p-56243.html HTTP/1.0" 200 73259 "-" "Mozilla/5.0 (compatible; BLEXBot/1.0; +http://webmeup-crawler.com/)"
54.36.148.250 - - [02/Dec/2021:08:58:43 +0100] "GET /picerie-fine-metal-tray-p-41484.html HTTP/1.0" 200 73396 "-" "Mozilla/5.0 (compatible; AhrefsBot/7.0; +http://ahrefs.com/robot/)"
157.90.177.217 - - [02/Dec/2021:08:58:49 +0100] "GET /placemat-little-prince-p-56244.html HTTP/1.0" 200 73261 "-" "Mozilla/5.0 (compatible; BLEXBot/1.0; +http://webmeup-crawler.com/)"
157.90.177.217 - - [02/Dec/2021:08:59:01 +0100] "GET /placemat-little-prince-p-56245.html HTTP/1.0" 200 73262 "-" "Mozilla/5.0 (compatible; BLEXBot/1.0; +http://webmeup-crawler.com/)"
157.90.177.217 - - [02/Dec/2021:08:59:12 +0100] "GET /placemat-little-prince-p-56246.html HTTP/1.0" 200 73262 "-" "Mozilla/5.0 (compatible; BLEXBot/1.0; +http://webmeup-crawler.com/)"
157.90.177.217 - - [02/Dec/2021:08:59:20 +0100] "GET /placemat-little-prince-p-56247.html HTTP/1.0" 200 73262 "-" "Mozilla/5.0 (compatible; BLEXBot/1.0; +http://webmeup-crawler.com/)"
157.90.177.217 - - [02/Dec/2021:08:59:26 +0100] "GET /placemat-little-prince-p-56248.html HTTP/1.0" 200 73261 "-" "Mozilla/5.0 (compatible; BLEXBot/1.0; +http://webmeup-crawler.com/)"
157.90.177.217 - - [02/Dec/2021:08:59:31 +0100] "GET /placemat-little-prince-p-56249.html HTTP/1.0" 200 73262 "-" "Mozilla/5.0 (compatible; BLEXBot/1.0; +http://webmeup-crawler.com/)"
157.90.177.217 - - [02/Dec/2021:08:59:40 +0100] "GET /placemat-little-prince-p-56250.html HTTP/1.0" 200 73262 "-" "Mozilla/5.0 (compatible; BLEXBot/1.0; +http://webmeup-crawler.com/)"
157.90.177.217 - - [02/Dec/2021:08:59:45 +0100] "GET /placemat-little-prince-p-56251.html HTTP/1.0" 200 73262 "-" "Mozilla/5.0 (compatible; BLEXBot/1.0; +http://webmeup-crawler.com/)"
157.90.177.217 - - [02/Dec/2021:08:59:51 +0100] "GET /placemat-little-prince-p-56252.html HTTP/1.0" 200 73250 "-" "Mozilla/5.0 (compatible; BLEXBot/1.0; +http://webmeup-crawler.com/)"
157.90.177.217 - - [02/Dec/2021:08:59:58 +0100] "GET /placemat-little-prince-p-56253.html HTTP/1.0" 200 73250 "-" "Mozilla/5.0 (compatible; BLEXBot/1.0; +http://webmeup-crawler.com/)"
157.90.177.217 - - [02/Dec/2021:09:00:05 +0100] "GET /placemat-little-prince-p-56254.html HTTP/1.0" 200 73250 "-" "Mozilla/5.0 (compatible; BLEXBot/1.0; +http://webmeup-crawler.com/)"
157.90.177.217 - - [02/Dec/2021:09:00:17 +0100] "GET /placemat-little-prince-p-56255.html HTTP/1.0" 200 73250 "-" "Mozilla/5.0 (compatible; BLEXBot/1.0; +http://webmeup-crawler.com/)"
157.90.177.217 - - [02/Dec/2021:09:00:22 +0100] "GET /placemat-little-prince-p-56256.html HTTP/1.0" 200 73250 "-" "Mozilla/5.0 (compatible; BLEXBot/1.0; +http://webmeup-crawler.com/)"
157.90.177.217 - - [02/Dec/2021:09:00:30 +0100] "GET /placemat-little-prince-p-56257.html HTTP/1.0" 200 73250 "-" "Mozilla/5.0 (compatible; BLEXBot/1.0; +http://webmeup-crawler.com/)"
157.90.177.217 - - [02/Dec/2021:09:00:38 +0100] "GET /placemat-little-prince-p-56258.html HTTP/1.0" 200 73250 "-" "Mozilla/5.0 (compatible; BLEXBot/1.0; +http://webmeup-crawler.com/)"
185.191.171.38 - - [02/Dec/2021:09:00:42 +0100] "GET /collectible-figurines-decorative-c-13_135.html HTTP/1.0" 200 96240 "-" "Mozilla/5.0 (compatible; SemrushBot/7~bl; +http://www.semrush.com/bot.html)"
185.191.171.45 - - [02/Dec/2021:09:00:47 +0100] "GET /bugatti-large-metal-plate-deco-p-26449.html HTTP/1.0" 200 73300 "-" "Mozilla/5.0 (compatible; SemrushBot/7~bl; +http://www.semrush.com/bot.html)"
157.90.177.217 - - [02/Dec/2021:09:00:51 +0100] "GET /placemat-little-prince-plane-p-53833.html HTTP/1.0" 200 73290 "-" "Mozilla/5.0 (compatible; BLEXBot/1.0; +http://webmeup-crawler.com/)"
54.36.148.25 - - [02/Dec/2021:09:00:51 +0100] "GET /tablecloths-c-11_176.html?page=4 HTTP/1.0" 200 87105 "-" "Mozilla/5.0 (compatible; AhrefsBot/7.0; +http://ahrefs.com/robot/)"
157.90.177.217 - - [02/Dec/2021:09:00:56 +0100] "GET /placemat-little-prince-sheep-p-55922.html HTTP/1.0" 200 73309 "-" "Mozilla/5.0 (compatible; BLEXBot/1.0; +http://webmeup-crawler.com/)"
20.99.252.246 - - [02/Dec/2021:09:01:01 +0100] "GET /images/3438100339831.jpg HTTP/1.0" 200 259 "-" "Mozilla/5.0 (Windows NT 10.0; WOW64) AppleWebKit/537.36 (KHTML, like Gecko) Chrome/64.0.3282.186 Safari/537.36"
157.90.177.217 - - [02/Dec/2021:09:01:00 +0100] "GET /planes-cushion-p-25908.html HTTP/1.0" 200 73285 "-" "Mozilla/5.0 (compatible; BLEXBot/1.0; +http://webmeup-crawler.com/)"
157.90.177.217 - - [02/Dec/2021:09:01:11 +0100] "GET /planes-cushion-p-25909.html HTTP/1.0" 200 73285 "-" "Mozilla/5.0 (compatible; BLEXBot/1.0; +http://webmeup-crawler.com/)"
185.191.171.45 - - [02/Dec/2021:09:01:19 +0100] "GET /gorjuss-ladybird-box-and-game-pads-p-28439.html HTTP/1.0" 301 70816 "-" "Mozilla/5.0 (compatible; SemrushBot/7~bl; +http://www.semrush.com/bot.html)"
157.90.177.217 - - [02/Dec/2021:09:01:19 +0100] "GET /planes-p-24525.html HTTP/1.0" 200 73301 "-" "Mozilla/5.0 (compatible; BLEXBot/1.0; +http://webmeup-crawler.com/)"
185.191.171.21 - - [02/Dec/2021:09:01:21 +0100] "GET /gorjuss-ladybird-game-pads-p-28439.html HTTP/1.0" 200 70723 "-" "Mozilla/5.0 (compatible; SemrushBot/7~bl; +http://www.semrush.com/bot.html)"
157.90.177.217 - - [02/Dec/2021:09:01:30 +0100] "GET /planes-p-24526.html HTTP/1.0" 200 73300 "-" "Mozilla/5.0 (compatible; BLEXBot/1.0; +http://webmeup-crawler.com/)"
157.90.177.217 - - [02/Dec/2021:09:01:37 +0100] "GET /planes-placemat-p-31795.html HTTP/1.0" 200 73280 "-" "Mozilla/5.0 (compatible; BLEXBot/1.0; +http://webmeup-crawler.com/)"
157.90.177.217 - - [02/Dec/2021:09:01:43 +0100] "GET /planes-placemat-p-31796.html HTTP/1.0" 200 73264 "-" "Mozilla/5.0 (compatible; BLEXBot/1.0; +http://webmeup-crawler.com/)"
157.90.177.217 - - [02/Dec/2021:09:01:51 +0100] "GET /planter-blue-p-55560.html HTTP/1.0" 200 74111 "-" "Mozilla/5.0 (compatible; BLEXBot/1.0; +http://webmeup-crawler.com/)"
157.90.177.217 - - [02/Dec/2021:09:01:59 +0100] "GET /planter-blue-p-55561.html HTTP/1.0" 200 74116 "-" "Mozilla/5.0 (compatible; BLEXBot/1.0; +http://webmeup-crawler.com/)"
17.121.114.92 - - [02/Dec/2021:09:02:03 +0100] "GET /images/mini_prod/3520071598673.jpg HTTP/1.0" 200 269 "-" "Mozilla/5.0 (Macintosh; Intel Mac OS X 10_15_5) AppleWebKit/605.1.15 (KHTML, like Gecko) Version/13.1.1 Safari/605.1.15 (Applebot/0.1; +http://www.apple.com/go/applebot)"
157.90.177.217 - - [02/Dec/2021:09:02:08 +0100] "GET /playboy-black-ashtray-p-15472.html HTTP/1.0" 200 73182 "-" "Mozilla/5.0 (compatible; BLEXBot/1.0; +http://webmeup-crawler.com/)"
157.90.177.217 - - [02/Dec/2021:09:02:15 +0100] "GET /playboy-keyring-p-33107.html HTTP/1.0" 200 73269 "-" "Mozilla/5.0 (compatible; BLEXBot/1.0; +http://webmeup-crawler.com/)"
157.90.177.217 - - [02/Dec/2021:09:02:23 +0100] "GET /playboy-stripe-metal-keyring-p-16456.html HTTP/1.0" 200 73259 "-" "Mozilla/5.0 (compatible; BLEXBot/1.0; +http://webmeup-crawler.com/)"
157.90.177.217 - - [02/Dec/2021:09:02:30 +0100] "GET /playboy-vintage-alarm-clock-p-13755.html HTTP/1.0" 200 73721 "-" "Mozilla/5.0 (compatible; BLEXBot/1.0; +http://webmeup-crawler.com/)"
157.90.177.217 - - [02/Dec/2021:09:02:36 +0100] "GET /please-disturb-metal-plate-p-29226.html HTTP/1.0" 200 73386 "-" "Mozilla/5.0 (compatible; BLEXBot/1.0; +http://webmeup-crawler.com/)"
157.90.177.217 - - [02/Dec/2021:09:02:46 +0100] "GET /plush-bear-glitter-motsu-keel-toys-p-54193.html HTTP/1.0" 200 73533 "-" "Mozilla/5.0 (compatible; BLEXBot/1.0; +http://webmeup-crawler.com/)"
54.36.148.24 - - [02/Dec/2021:09:02:51 +0100] "GET /dragon-money-p-55569.html HTTP/1.0" 200 73246 "-" "Mozilla/5.0 (compatible; AhrefsBot/7.0; +http://ahrefs.com/robot/)"
157.90.177.217 - - [02/Dec/2021:09:02:53 +0100] "GET /plush-britto-p-24361.html HTTP/1.0" 200 77480 "-" "Mozilla/5.0 (compatible; BLEXBot/1.0; +http://webmeup-crawler.com/)"
157.90.177.217 - - [02/Dec/2021:09:02:59 +0100] "GET /plush-bunny-glitter-motsu-keel-toys-p-54174.html HTTP/1.0" 200 73536 "-" "Mozilla/5.0 (compatible; BLEXBot/1.0; +http://webmeup-crawler.com/)"
157.90.177.217 - - [02/Dec/2021:09:03:04 +0100] "GET /plush-elephant-glitter-motsu-keel-toys-p-54190.html HTTP/1.0" 200 73560 "-" "Mozilla/5.0 (compatible; BLEXBot/1.0; +http://webmeup-crawler.com/)"
157.90.177.217 - - [02/Dec/2021:09:03:12 +0100] "GET /plush-elephant-glitter-motsu-keel-toys-p-54194.html HTTP/1.0" 200 73565 "-" "Mozilla/5.0 (compatible; BLEXBot/1.0; +http://webmeup-crawler.com/)"
20.109.130.196 - - [02/Dec/2021:09:03:14 +0100] "GET /images/med_prod/1399984286340.jpg HTTP/1.0" 200 268 "-" "Mozilla/5.0 (Windows NT 10.0; WOW64) AppleWebKit/537.36 (KHTML, like Gecko) Chrome/64.0.3282.186 Safari/537.36"
157.90.177.217 - - [02/Dec/2021:09:03:18 +0100] "GET /plush-keeleco-friendly-cheetah-p-51844.html HTTP/1.0" 200 74520 "-" "Mozilla/5.0 (compatible; BLEXBot/1.0; +http://webmeup-crawler.com/)"
157.90.177.217 - - [02/Dec/2021:09:03:33 +0100] "GET /plush-keeleco-friendly-emperor-penguin-p-51852.html HTTP/1.0" 200 74581 "-" "Mozilla/5.0 (compatible; BLEXBot/1.0; +http://webmeup-crawler.com/)"
157.90.177.217 - - [02/Dec/2021:09:03:40 +0100] "GET /plush-keeleco-friendly-frog-p-55365.html HTTP/1.0" 200 74145 "-" "Mozilla/5.0 (compatible; BLEXBot/1.0; +http://webmeup-crawler.com/)"
157.90.177.217 - - [02/Dec/2021:09:03:46 +0100] "GET /plush-keeleco-friendly-lion-p-51845.html HTTP/1.0" 200 74499 "-" "Mozilla/5.0 (compatible; BLEXBot/1.0; +http://webmeup-crawler.com/)"
185.191.171.18 - - [02/Dec/2021:09:03:54 +0100] "GET /king-silver-decorative-chess-piece-p-53099.html HTTP/1.0" 200 73380 "-" "Mozilla/5.0 (compatible; SemrushBot/7~bl; +http://www.semrush.com/bot.html)"
157.90.177.217 - - [02/Dec/2021:09:03:55 +0100] "GET /plush-keeleco-friendly-orangutan-p-51841.html HTTP/1.0" 200 74534 "-" "Mozilla/5.0 (compatible; BLEXBot/1.0; +http://webmeup-crawler.com/)"
157.90.177.217 - - [02/Dec/2021:09:04:03 +0100] "GET /plush-keeleco-friendly-p-53867.html HTTP/1.0" 200 74484 "-" "Mozilla/5.0 (compatible; BLEXBot/1.0; +http://webmeup-crawler.com/)"
157.90.177.217 - - [02/Dec/2021:09:04:10 +0100] "GET /plush-keeleco-friendly-p-55366.html HTTP/1.0" 200 74125 "-" "Mozilla/5.0 (compatible; BLEXBot/1.0; +http://webmeup-crawler.com/)"
40.77.167.66 - - [02/Dec/2021:09:04:11 +0100] "GET /images/med_prod/1399984237700.jpg HTTP/1.0" 200 268 "-" "Mozilla/5.0 (compatible; bingbot/2.0; +http://www.bing.com/bingbot.htm)"
157.90.177.217 - - [02/Dec/2021:09:04:17 +0100] "GET /plush-keeleco-friendly-p-55368.html HTTP/1.0" 200 74125 "-" "Mozilla/5.0 (compatible; BLEXBot/1.0; +http://webmeup-crawler.com/)"
157.90.177.217 - - [02/Dec/2021:09:04:27 +0100] "GET /plush-keeleco-friendly-p-55369.html HTTP/1.0" 200 74125 "-" "Mozilla/5.0 (compatible; BLEXBot/1.0; +http://webmeup-crawler.com/)"
185.191.171.38 - - [02/Dec/2021:09:04:31 +0100] "GET /coca-cola-red-metal-plate-30-20-cm-p-33714.html HTTP/1.0" 301 73407 "-" "Mozilla/5.0 (compatible; SemrushBot/7~bl; +http://www.semrush.com/bot.html)"
157.90.177.217 - - [02/Dec/2021:09:04:32 +0100] "GET /plush-keeleco-friendly-parrot-p-51853.html HTTP/1.0" 200 74518 "-" "Mozilla/5.0 (compatible; BLEXBot/1.0; +http://webmeup-crawler.com/)"
185.191.171.10 - - [02/Dec/2021:09:04:34 +0100] "GET /coca-cola-metal-plate-p-33714.html HTTP/1.0" 200 73319 "-" "Mozilla/5.0 (compatible; SemrushBot/7~bl; +http://www.semrush.com/bot.html)"
157.90.177.217 - - [02/Dec/2021:09:04:38 +0100] "GET /plush-keeleco-friendly-polar-bear-p-51847.html HTTP/1.0" 200 74541 "-" "Mozilla/5.0 (compatible; BLEXBot/1.0; +http://webmeup-crawler.com/)"
157.90.177.217 - - [02/Dec/2021:09:04:47 +0100] "GET /plush-keeleco-friendly-rabbit-p-55371.html HTTP/1.0" 200 74163 "-" "Mozilla/5.0 (compatible; BLEXBot/1.0; +http://webmeup-crawler.com/)"
185.191.171.10 - - [02/Dec/2021:09:04:49 +0100] "GET /-p-20447.html?action=add_product HTTP/1.0" 302 476 "-" "Mozilla/5.0 (compatible; SemrushBot/7~bl; +http://www.semrush.com/bot.html)"
185.191.171.39 - - [02/Dec/2021:09:04:51 +0100] "GET /bowl-happy-white-porcelain-1000-made-germany-p-47554.html?action=add_product HTTP/1.0" 302 476 "-" "Mozilla/5.0 (compatible; SemrushBot/7~bl; +http://www.semrush.com/bot.html)"
54.36.149.91 - - [02/Dec/2021:09:04:53 +0100] "GET /disney-princesses-cardigan-p-31129.html HTTP/1.0" 200 74747 "-" "Mozilla/5.0 (compatible; AhrefsBot/7.0; +http://ahrefs.com/robot/)"
157.90.177.217 - - [02/Dec/2021:09:04:54 +0100] "GET /plush-keeleco-friendly-sheep-p-55367.html HTTP/1.0" 200 74153 "-" "Mozilla/5.0 (compatible; BLEXBot/1.0; +http://webmeup-crawler.com/)"
185.191.171.13 - - [02/Dec/2021:09:05:00 +0100] "GET /light-gray-and-dark-gray-ceramic-flowerpot-email-effect-p-49997.html HTTP/1.0" 301 70937 "-" "Mozilla/5.0 (compatible; SemrushBot/7~bl; +http://www.semrush.com/bot.html)"
185.191.171.1 - - [02/Dec/2021:09:05:03 +0100] "GET /light-gray-dark-gray-ceramic-flowerpot-email-effect-p-49997.html HTTP/1.0" 200 70819 "-" "Mozilla/5.0 (compatible; SemrushBot/7~bl; +http://www.semrush.com/bot.html)"
3.121.185.214 - - [02/Dec/2021:09:05:16 +0100] "GET / HTTP/1.0" 200 150895 "-" "webprosbot/2.0 (+mailto:abuse-6337@webpros.com)"
157.90.177.217 - - [02/Dec/2021:09:05:33 +0100] "GET /plush-keeleco-friendly-squirrel-p-53872.html HTTP/1.0" 200 74527 "-" "Mozilla/5.0 (compatible; BLEXBot/1.0; +http://webmeup-crawler.com/)"
157.90.177.217 - - [02/Dec/2021:09:05:38 +0100] "GET /plush-keeleco-friendly-squirrel-p-55370.html HTTP/1.0" 200 74183 "-" "Mozilla/5.0 (compatible; BLEXBot/1.0; +http://webmeup-crawler.com/)"
157.90.177.217 - - [02/Dec/2021:09:05:44 +0100] "GET /plush-keeleco-friendly-tiger-p-51843.html HTTP/1.0" 200 74506 "-" "Mozilla/5.0 (compatible; BLEXBot/1.0; +http://webmeup-crawler.com/)"
157.90.177.217 - - [02/Dec/2021:09:05:52 +0100] "GET /plush-money-bank-children-p-37216.html HTTP/1.0" 200 73440 "-" "Mozilla/5.0 (compatible; BLEXBot/1.0; +http://webmeup-crawler.com/)"
157.90.177.217 - - [02/Dec/2021:09:05:59 +0100] "GET /plush-panda-glitter-motsu-keel-toys-p-54173.html HTTP/1.0" 200 73557 "-" "Mozilla/5.0 (compatible; BLEXBot/1.0; +http://webmeup-crawler.com/)"
157.90.177.217 - - [02/Dec/2021:09:06:05 +0100] "GET /plush-panda-glitter-motsu-keel-toys-p-54191.html HTTP/1.0" 200 73536 "-" "Mozilla/5.0 (compatible; BLEXBot/1.0; +http://webmeup-crawler.com/)"
157.90.177.217 - - [02/Dec/2021:09:06:13 +0100] "GET /plush-panda-glitter-motsu-keel-toys-p-54192.html HTTP/1.0" 200 73541 "-" "Mozilla/5.0 (compatible; BLEXBot/1.0; +http://webmeup-crawler.com/)"
185.191.171.19 - - [02/Dec/2021:09:06:15 +0100] "GET /statuette-jesus-christ-sacred-heart-p-47137.html?action=add_product HTTP/1.0" 302 476 "-" "Mozilla/5.0 (compatible; SemrushBot/7~bl; +http://www.semrush.com/bot.html)"
157.90.177.217 - - [02/Dec/2021:09:06:20 +0100] "GET /plush-puppy-alsatian-keel-toys-p-50297.html HTTP/1.0" 200 73457 "-" "Mozilla/5.0 (compatible; BLEXBot/1.0; +http://webmeup-crawler.com/)"
157.90.177.217 - - [02/Dec/2021:09:06:26 +0100] "GET /plush-puppy-alsatian-keel-toys-p-54205.html HTTP/1.0" 200 73514 "-" "Mozilla/5.0 (compatible; BLEXBot/1.0; +http://webmeup-crawler.com/)"
157.90.177.217 - - [02/Dec/2021:09:06:31 +0100] "GET /plush-tiger-glitter-motsu-keel-toys-p-54175.html HTTP/1.0" 200 73536 "-" "Mozilla/5.0 (compatible; BLEXBot/1.0; +http://webmeup-crawler.com/)"
51.68.224.127 - - [02/Dec/2021:09:06:42 +0100] "GET /adminweb/export_orders_xml.php?token=256de2z6edz6ed2z6DFSFsed2zed6zeDSFDSGdzedezfzf&maxorders=10&orderstart=1&status=14&start_date=2018-10-01 HTTP/1.0" 200 285 "-" "GesCom CharlotteBoutik Serveur"
51.68.224.127 - - [02/Dec/2021:09:06:42 +0100] "GET /adminweb/export_orders_xml.php?token=256de2z6edz6ed2z6DFSFsed2zed6zeDSFDSGdzedezfzf&maxorders=10&orderstart=1&status=6&start_date=2018-10-01 HTTP/1.0" 200 32471 "-" "GesCom CharlotteBoutik Serveur"
157.90.177.217 - - [02/Dec/2021:09:06:48 +0100] "GET /plush-tree-hanging-decorations-p-52655.html HTTP/1.0" 200 73402 "-" "Mozilla/5.0 (compatible; BLEXBot/1.0; +http://webmeup-crawler.com/)"
185.191.171.12 - - [02/Dec/2021:09:06:48 +0100] "GET /palace-duvet-cover-cotton-threads-p-45350.html?action=add_product HTTP/1.0" 302 476 "-" "Mozilla/5.0 (compatible; SemrushBot/7~bl; +http://www.semrush.com/bot.html)"
157.90.177.217 - - [02/Dec/2021:09:06:55 +0100] "GET /plush-tree-hanging-decorations-p-56119.html HTTP/1.0" 200 74080 "-" "Mozilla/5.0 (compatible; BLEXBot/1.0; +http://webmeup-crawler.com/)"
54.36.148.39 - - [02/Dec/2021:09:07:01 +0100] "GET /gold-lucky-moneybox-p-50827.html HTTP/1.0" 200 73834 "-" "Mozilla/5.0 (compatible; AhrefsBot/7.0; +http://ahrefs.com/robot/)"
157.90.177.217 - - [02/Dec/2021:09:07:03 +0100] "GET /plush-tree-hanging-decorations-p-56120.html HTTP/1.0" 200 73427 "-" "Mozilla/5.0 (compatible; BLEXBot/1.0; +http://webmeup-crawler.com/)"
157.90.177.217 - - [02/Dec/2021:09:07:09 +0100] "GET /plush-unicorn-glitter-motsu-keel-toys-p-54162.html HTTP/1.0" 200 73552 "-" "Mozilla/5.0 (compatible; BLEXBot/1.0; +http://webmeup-crawler.com/)"
157.90.177.217 - - [02/Dec/2021:09:07:17 +0100] "GET /plush-unicorn-glitter-motsu-keel-toys-p-54172.html HTTP/1.0" 200 73501 "-" "Mozilla/5.0 (compatible; BLEXBot/1.0; +http://webmeup-crawler.com/)"
185.191.171.36 - - [02/Dec/2021:09:07:21 +0100] "GET /mini-motsu-keel-toys-plush-p-46201.html HTTP/1.0" 200 70734 "-" "Mozilla/5.0 (compatible; SemrushBot/7~bl; +http://www.semrush.com/bot.html)"
157.90.177.217 - - [02/Dec/2021:09:07:24 +0100] "GET /plush-unicorn-glitter-motsu-keel-toys-p-54195.html HTTP/1.0" 200 73557 "-" "Mozilla/5.0 (compatible; BLEXBot/1.0; +http://webmeup-crawler.com/)"
157.90.177.217 - - [02/Dec/2021:09:07:30 +0100] "GET /pocket-ashtray-tontons-fumeurs-p-50899.html HTTP/1.0" 200 73959 "-" "Mozilla/5.0 (compatible; BLEXBot/1.0; +http://webmeup-crawler.com/)"
66.249.68.42 - - [02/Dec/2021:09:07:33 +0100] "GET /images/mini_prod/88157signes.jpg HTTP/1.0" 200 267 "-" "Googlebot-Image/1.0"
185.191.171.10 - - [02/Dec/2021:09:07:34 +0100] "GET /kimmidoll-doll-p-44067.html?action=add_product HTTP/1.0" 302 476 "-" "Mozilla/5.0 (compatible; SemrushBot/7~bl; +http://www.semrush.com/bot.html)"
157.90.177.217 - - [02/Dec/2021:09:07:41 +0100] "GET /poetic-cups-espresso-p-45269.html HTTP/1.0" 200 73246 "-" "Mozilla/5.0 (compatible; BLEXBot/1.0; +http://webmeup-crawler.com/)"
66.249.68.40 - - [02/Dec/2021:09:07:43 +0100] "GET /images/mini_prod/8712159170238Z.jpg HTTP/1.0" 200 270 "-" "Googlebot-Image/1.0"
157.90.177.217 - - [02/Dec/2021:09:07:45 +0100] "GET /robots.txt HTTP/1.0" 301 531 "-" "Mozilla/5.0 (compatible; BLEXBot/1.0; +http://webmeup-crawler.com/)"
157.90.177.217 - - [02/Dec/2021:09:07:45 +0100] "GET /robots.txt HTTP/1.0" 200 245 "-" "Mozilla/5.0 (compatible; BLEXBot/1.0; +http://webmeup-crawler.com/)"
157.90.177.217 - - [02/Dec/2021:09:07:45 +0100] "GET /pokemon-pikachu-school-p-55756.html HTTP/1.0" 200 73997 "-" "Mozilla/5.0 (compatible; BLEXBot/1.0; +http://webmeup-crawler.com/)"
157.90.177.217 - - [02/Dec/2021:09:07:54 +0100] "GET /polar-bear-small-round-magnet-p-31912.html HTTP/1.0" 200 73309 "-" "Mozilla/5.0 (compatible; BLEXBot/1.0; +http://webmeup-crawler.com/)"
157.90.177.217 - - [02/Dec/2021:09:08:01 +0100] "GET /policeman-tropez-mini-metal-tray-p-45222.html HTTP/1.0" 200 73441 "-" "Mozilla/5.0 (compatible; BLEXBot/1.0; +http://webmeup-crawler.com/)"
157.90.177.217 - - [02/Dec/2021:09:08:10 +0100] "GET /polyester-round-chair-cushion-p-54640.html HTTP/1.0" 200 73947 "-" "Mozilla/5.0 (compatible; BLEXBot/1.0; +http://webmeup-crawler.com/)"
157.90.177.217 - - [02/Dec/2021:09:08:16 +0100] "GET /polyester-today-chair-cushion-beige-p-49344.html HTTP/1.0" 200 74014 "-" "Mozilla/5.0 (compatible; BLEXBot/1.0; +http://webmeup-crawler.com/)"
157.90.177.217 - - [02/Dec/2021:09:08:22 +0100] "GET /polyester-today-chair-cushion-p-54325.html HTTP/1.0" 200 73938 "-" "Mozilla/5.0 (compatible; BLEXBot/1.0; +http://webmeup-crawler.com/)"
147.92.153.5 - - [02/Dec/2021:09:08:25 +0100] "GET /maori-jute-p-56975.html HTTP/1.0" 200 74158 "-" "Mozilla/5.0 (compatible; Linespider/1.1; +https://lin.ee/4dwXkTH)"
157.90.177.217 - - [02/Dec/2021:09:08:27 +0100] "GET /polypropylene-green-grey-outdoor-carpet-p-44048.html HTTP/1.0" 200 73592 "-" "Mozilla/5.0 (compatible; BLEXBot/1.0; +http://webmeup-crawler.com/)"
185.191.171.1 - - [02/Dec/2021:09:08:28 +0100] "GET /pedal-gray-p-52587.html HTTP/1.0" 200 74133 "-" "Mozilla/5.0 (compatible; SemrushBot/7~bl; +http://www.semrush.com/bot.html)"
185.191.171.7 - - [02/Dec/2021:09:08:32 +0100] "GET /volkswagen-golf-metal-plate-p-27974.html?action=add_product HTTP/1.0" 302 476 "-" "Mozilla/5.0 (compatible; SemrushBot/7~bl; +http://www.semrush.com/bot.html)"
157.90.177.217 - - [02/Dec/2021:09:08:33 +0100] "GET /polypropylene-grey-outdoor-carpet-p-44049.html HTTP/1.0" 200 73550 "-" "Mozilla/5.0 (compatible; BLEXBot/1.0; +http://webmeup-crawler.com/)"
185.191.171.21 - - [02/Dec/2021:09:08:34 +0100] "GET /paris-bistrot-metal-plate-p-47637.html HTTP/1.0" 200 73290 "-" "Mozilla/5.0 (compatible; SemrushBot/7~bl; +http://www.semrush.com/bot.html)"
157.90.177.217 - - [02/Dec/2021:09:08:40 +0100] "GET /polypropylene-orange-outdoor-carpet-p-44294.html HTTP/1.0" 200 73560 "-" "Mozilla/5.0 (compatible; BLEXBot/1.0; +http://webmeup-crawler.com/)"
185.191.171.21 - - [02/Dec/2021:09:08:45 +0100] "GET /beautiful-babushka-kimmidoll-beige-magnet-p-33213.html?action=add_product HTTP/1.0" 302 476 "-" "Mozilla/5.0 (compatible; SemrushBot/7~bl; +http://www.semrush.com/bot.html)"
157.90.177.217 - - [02/Dec/2021:09:08:48 +0100] "GET /polypropylene-orange-yellow-outdoor-carpet-p-44896.html HTTP/1.0" 200 73607 "-" "Mozilla/5.0 (compatible; BLEXBot/1.0; +http://webmeup-crawler.com/)"
157.90.177.217 - - [02/Dec/2021:09:08:58 +0100] "GET /polypropylene-yellow-green-outdoor-carpet-p-44897.html HTTP/1.0" 200 73602 "-" "Mozilla/5.0 (compatible; BLEXBot/1.0; +http://webmeup-crawler.com/)"
157.90.177.217 - - [02/Dec/2021:09:09:04 +0100] "GET /polyvinyl-messenger-p-48746.html HTTP/1.0" 200 73418 "-" "Mozilla/5.0 (compatible; BLEXBot/1.0; +http://webmeup-crawler.com/)"
157.90.177.217 - - [02/Dec/2021:09:09:10 +0100] "GET /poppies-small-ashtray-p-49154.html HTTP/1.0" 200 73233 "-" "Mozilla/5.0 (compatible; BLEXBot/1.0; +http://webmeup-crawler.com/)"
54.36.149.2 - - [02/Dec/2021:09:09:15 +0100] "GET /tessie-bear-plate-p-2168.html HTTP/1.0" 200 70669 "-" "Mozilla/5.0 (compatible; AhrefsBot/7.0; +http://ahrefs.com/robot/)"
157.90.177.217 - - [02/Dec/2021:09:09:17 +0100] "GET /porcelain-baroudeur-bike-p-56859.html HTTP/1.0" 200 73941 "-" "Mozilla/5.0 (compatible; BLEXBot/1.0; +http://webmeup-crawler.com/)"
157.90.177.217 - - [02/Dec/2021:09:09:24 +0100] "GET /porcelain-bowl-black-moon-stars-p-53706.html HTTP/1.0" 200 73915 "-" "Mozilla/5.0 (compatible; BLEXBot/1.0; +http://webmeup-crawler.com/)"
157.90.177.217 - - [02/Dec/2021:09:09:33 +0100] "GET /porcelain-bowl-cactus-p-54482.html HTTP/1.0" 200 73235 "-" "Mozilla/5.0 (compatible; BLEXBot/1.0; +http://webmeup-crawler.com/)"
157.90.177.217 - - [02/Dec/2021:09:09:38 +0100] "GET /porcelain-bowl-cats-p-54483.html HTTP/1.0" 200 73220 "-" "Mozilla/5.0 (compatible; BLEXBot/1.0; +http://webmeup-crawler.com/)"
20.109.134.252 - - [02/Dec/2021:09:09:40 +0100] "GET /images/big_prod_2/8424001704705C.jpg HTTP/1.0" 200 271 "-" "Mozilla/5.0 (Windows NT 10.0; WOW64) AppleWebKit/537.36 (KHTML, like Gecko) Chrome/68.0.3440.106 Safari/537.36"
157.90.177.217 - - [02/Dec/2021:09:09:45 +0100] "GET /porcelain-bowl-p-52631.html HTTP/1.0" 200 73213 "-" "Mozilla/5.0 (compatible; BLEXBot/1.0; +http://webmeup-crawler.com/)"
157.90.177.217 - - [02/Dec/2021:09:09:52 +0100] "GET /porcelain-bowl-pacha-p-54462.html HTTP/1.0" 200 73246 "-" "Mozilla/5.0 (compatible; BLEXBot/1.0; +http://webmeup-crawler.com/)"
157.90.177.217 - - [02/Dec/2021:09:10:00 +0100] "GET /porcelain-bowl-pieds-dans-p-54458.html HTTP/1.0" 200 73340 "-" "Mozilla/5.0 (compatible; BLEXBot/1.0; +http://webmeup-crawler.com/)"
157.90.177.217 - - [02/Dec/2021:09:10:07 +0100] "GET /porcelain-bowl-plumes-indians-p-39624.html HTTP/1.0" 200 73321 "-" "Mozilla/5.0 (compatible; BLEXBot/1.0; +http://webmeup-crawler.com/)"
157.90.177.217 - - [02/Dec/2021:09:10:16 +0100] "GET /porcelain-bowl-small-fish-p-54478.html HTTP/1.0" 200 73267 "-" "Mozilla/5.0 (compatible; BLEXBot/1.0; +http://webmeup-crawler.com/)"
157.90.177.217 - - [02/Dec/2021:09:10:25 +0100] "GET /porcelain-bowl-tous-p-54486.html HTTP/1.0" 200 73280 "-" "Mozilla/5.0 (compatible; BLEXBot/1.0; +http://webmeup-crawler.com/)"
157.90.177.217 - - [02/Dec/2021:09:10:33 +0100] "GET /porcelain-bowl-watermelon-p-54460.html HTTP/1.0" 200 73267 "-" "Mozilla/5.0 (compatible; BLEXBot/1.0; +http://webmeup-crawler.com/)"
185.191.171.45 - - [02/Dec/2021:09:10:39 +0100] "GET /robots.txt HTTP/1.0" 200 245 "-" "Mozilla/5.0 (compatible; SemrushBot/7~bl; +http://www.semrush.com/bot.html)"
185.191.171.23 - - [02/Dec/2021:09:10:39 +0100] "GET /glass-ashtray-p-55735.html HTTP/1.0" 200 73846 "-" "Mozilla/5.0 (compatible; SemrushBot/7~bl; +http://www.semrush.com/bot.html)"
157.90.177.217 - - [02/Dec/2021:09:10:41 +0100] "GET /porcelain-bowl-white-moon-stars-p-53705.html HTTP/1.0" 200 73915 "-" "Mozilla/5.0 (compatible; BLEXBot/1.0; +http://webmeup-crawler.com/)"
185.191.171.21 - - [02/Dec/2021:09:10:52 +0100] "GET /specials.php?page=45 HTTP/1.0" 200 124656 "-" "Mozilla/5.0 (compatible; SemrushBot/7~bl; +http://www.semrush.com/bot.html)"
157.90.177.217 - - [02/Dec/2021:09:10:53 +0100] "GET /porcelain-cheery-baffled-tassen-made-germany-p-47555.html HTTP/1.0" 200 75403 "-" "Mozilla/5.0 (compatible; BLEXBot/1.0; +http://webmeup-crawler.com/)"
185.191.171.38 - - [02/Dec/2021:09:10:56 +0100] "GET /sonny-angel-christmas-series-2016-figurines-p-47268.html?action=add_product HTTP/1.0" 302 476 "-" "Mozilla/5.0 (compatible; SemrushBot/7~bl; +http://www.semrush.com/bot.html)"
157.90.177.217 - - [02/Dec/2021:09:11:01 +0100] "GET /porcelain-funny-tasty-tassen-made-germany-p-50705.html HTTP/1.0" 200 75087 "-" "Mozilla/5.0 (compatible; BLEXBot/1.0; +http://webmeup-crawler.com/)"
