157.90.177.217 - - [02/Dec/2021:06:24:28 +0100] "GET /jolie-provence-clock-p-47704.html HTTP/1.0" 200 73239 "-" "Mozilla/5.0 (compatible; BLEXBot/1.0; +http://webmeup-crawler.com/)"
157.90.177.217 - - [02/Dec/2021:06:24:31 +0100] "GET /jolies-cocottes-adult-apron-p-43901.html HTTP/1.0" 200 73259 "-" "Mozilla/5.0 (compatible; BLEXBot/1.0; +http://webmeup-crawler.com/)"
157.90.177.217 - - [02/Dec/2021:06:24:36 +0100] "GET /jolly-nici-charm-phone-charm-p-33460.html HTTP/1.0" 200 73338 "-" "Mozilla/5.0 (compatible; BLEXBot/1.0; +http://webmeup-crawler.com/)"
54.36.148.70 - - [02/Dec/2021:06:24:38 +0100] "GET /gorjuss-eraser-p-43171.html HTTP/1.0" 200 73232 "-" "Mozilla/5.0 (compatible; AhrefsBot/7.0; +http://ahrefs.com/robot/)"
157.90.177.217 - - [02/Dec/2021:06:24:40 +0100] "GET /joseph-aromatika-incense-sticks-p-53445.html HTTP/1.0" 200 73381 "-" "Mozilla/5.0 (compatible; BLEXBot/1.0; +http://webmeup-crawler.com/)"
157.90.177.217 - - [02/Dec/2021:06:24:44 +0100] "GET /jouets-citron-magnet-p-15272.html HTTP/1.0" 200 73273 "-" "Mozilla/5.0 (compatible; BLEXBot/1.0; +http://webmeup-crawler.com/)"
157.90.177.217 - - [02/Dec/2021:06:24:48 +0100] "GET /joyeux-anniversaire-amuse-bien-card-p-20041.html HTTP/1.0" 200 73437 "-" "Mozilla/5.0 (compatible; BLEXBot/1.0; +http://webmeup-crawler.com/)"
54.36.148.122 - - [02/Dec/2021:06:24:51 +0100] "GET /images/big_prod/5400924158187.jpg HTTP/1.0" 200 268 "-" "Mozilla/5.0 (compatible; AhrefsBot/7.0; +http://ahrefs.com/robot/)"
114.119.128.253 - - [02/Dec/2021:06:24:49 +0100] "GET /metal-clock-in-the-shape-of-gramophone-50-cm-p-50025.html HTTP/1.0" 301 70850 "-" "Mozilla/5.0 (Linux; Android 7.0;) AppleWebKit/537.36 (KHTML, like Gecko) Mobile Safari/537.36 (compatible; PetalBot;+https://webmaster.petalsearch.com/site/petalbot)"
157.90.177.217 - - [02/Dec/2021:06:24:55 +0100] "GET /joyeux-anniversaire-card-p-20024.html HTTP/1.0" 200 73330 "-" "Mozilla/5.0 (compatible; BLEXBot/1.0; +http://webmeup-crawler.com/)"
54.236.1.13 - - [02/Dec/2021:06:24:58 +0100] "GET /images/1399984234846.jpg HTTP/1.0" 200 259 "-" "Mozilla/5.0 (compatible; Pinterestbot/1.0; +http://www.pinterest.com/bot.html)"
114.119.128.253 - - [02/Dec/2021:06:24:58 +0100] "GET /metal-clock-shape-gramophone-p-50025.html HTTP/1.0" 200 70755 "-" "Mozilla/5.0 (Linux; Android 7.0;) AppleWebKit/537.36 (KHTML, like Gecko) Mobile Safari/537.36 (compatible; PetalBot;+https://webmaster.petalsearch.com/site/petalbot)"
157.90.177.217 - - [02/Dec/2021:06:25:00 +0100] "GET /jungle-p-51730.html HTTP/1.0" 200 73907 "-" "Mozilla/5.0 (compatible; BLEXBot/1.0; +http://webmeup-crawler.com/)"
185.191.171.21 - - [02/Dec/2021:06:25:02 +0100] "GET /disney-showcase-cinderella-couture-force-p-51451.html HTTP/1.0" 200 74817 "-" "Mozilla/5.0 (compatible; SemrushBot/7~bl; +http://www.semrush.com/bot.html)"
157.90.177.217 - - [02/Dec/2021:06:25:04 +0100] "GET /jungle-p-51731.html HTTP/1.0" 200 73907 "-" "Mozilla/5.0 (compatible; BLEXBot/1.0; +http://webmeup-crawler.com/)"
157.90.177.217 - - [02/Dec/2021:06:25:09 +0100] "GET /junior-sport-p-52122.html HTTP/1.0" 200 74026 "-" "Mozilla/5.0 (compatible; BLEXBot/1.0; +http://webmeup-crawler.com/)"
20.109.133.1 - - [02/Dec/2021:06:25:12 +0100] "GET /images/big_prod/3503420102905.jpg HTTP/1.0" 200 268 "-" "Mozilla/5.0 (Windows NT 10.0; WOW64) AppleWebKit/537.36 (KHTML, like Gecko) Chrome/67.0.3396.99 Safari/537.36"
157.90.177.217 - - [02/Dec/2021:06:25:12 +0100] "GET /jute-p-56513.html HTTP/1.0" 200 74109 "-" "Mozilla/5.0 (compatible; BLEXBot/1.0; +http://webmeup-crawler.com/)"
157.90.177.217 - - [02/Dec/2021:06:25:17 +0100] "GET /jute-p-56515.html HTTP/1.0" 200 74109 "-" "Mozilla/5.0 (compatible; BLEXBot/1.0; +http://webmeup-crawler.com/)"
157.90.177.217 - - [02/Dec/2021:06:25:20 +0100] "GET /jute-p-56517.html HTTP/1.0" 200 74109 "-" "Mozilla/5.0 (compatible; BLEXBot/1.0; +http://webmeup-crawler.com/)"
185.191.171.17 - - [02/Dec/2021:06:25:23 +0100] "GET /tetsubin-black-et-gold-teapot-japanese-08-liter-p-38424.html HTTP/1.0" 301 73758 "-" "Mozilla/5.0 (compatible; SemrushBot/7~bl; +http://www.semrush.com/bot.html)"
157.90.177.217 - - [02/Dec/2021:06:25:24 +0100] "GET /jute-p-56518.html HTTP/1.0" 200 74109 "-" "Mozilla/5.0 (compatible; BLEXBot/1.0; +http://webmeup-crawler.com/)"
192.0.101.11 - - [02/Dec/2021:06:25:27 +0100] "GET /images/big_prod/8433933199497.jpg HTTP/1.0" 200 268 "-" "Photon/1.0"
185.191.171.37 - - [02/Dec/2021:06:25:25 +0100] "GET /tetsubin-black-gold-teapot-japanese-liter-p-38424.html HTTP/1.0" 200 73650 "-" "Mozilla/5.0 (compatible; SemrushBot/7~bl; +http://www.semrush.com/bot.html)"
157.90.177.217 - - [02/Dec/2021:06:25:28 +0100] "GET /jute-p-56519.html HTTP/1.0" 200 74098 "-" "Mozilla/5.0 (compatible; BLEXBot/1.0; +http://webmeup-crawler.com/)"
157.90.177.217 - - [02/Dec/2021:06:25:36 +0100] "GET /jute-p-56521.html HTTP/1.0" 200 74110 "-" "Mozilla/5.0 (compatible; BLEXBot/1.0; +http://webmeup-crawler.com/)"
157.90.177.217 - - [02/Dec/2021:06:25:40 +0100] "GET /jute-p-56523.html HTTP/1.0" 200 73909 "-" "Mozilla/5.0 (compatible; BLEXBot/1.0; +http://webmeup-crawler.com/)"
157.90.177.217 - - [02/Dec/2021:06:25:44 +0100] "GET /kanga-figure-p-28526.html HTTP/1.0" 200 73318 "-" "Mozilla/5.0 (compatible; BLEXBot/1.0; +http://webmeup-crawler.com/)"
157.90.177.217 - - [02/Dec/2021:06:25:48 +0100] "GET /karma-panda-night-light-p-55383.html HTTP/1.0" 200 74954 "-" "Mozilla/5.0 (compatible; BLEXBot/1.0; +http://webmeup-crawler.com/)"
114.119.128.39 - - [02/Dec/2021:06:25:49 +0100] "GET /disney-showcase-figurine-collection-tinker-bell-p-48458.html HTTP/1.0" 301 70680 "-" "Mozilla/5.0 (Linux; Android 7.0;) AppleWebKit/537.36 (KHTML, like Gecko) Mobile Safari/537.36 (compatible; PetalBot;+https://webmaster.petalsearch.com/site/petalbot)"
157.90.177.217 - - [02/Dec/2021:06:25:52 +0100] "GET /karur-bedclothes-p-54968.html HTTP/1.0" 200 73913 "-" "Mozilla/5.0 (compatible; BLEXBot/1.0; +http://webmeup-crawler.com/)"
114.119.128.39 - - [02/Dec/2021:06:25:55 +0100] "GET /-p-48458.html HTTP/1.0" 200 70613 "-" "Mozilla/5.0 (Linux; Android 7.0;) AppleWebKit/537.36 (KHTML, like Gecko) Mobile Safari/537.36 (compatible; PetalBot;+https://webmaster.petalsearch.com/site/petalbot)"
162.215.253.210 - - [02/Dec/2021:06:25:58 +0100] "GET /wordpress/ HTTP/1.0" 301 531 "-" "-"
162.215.253.210 - - [02/Dec/2021:06:25:59 +0100] "GET /wordpress/ HTTP/1.0" 404 1308 "-" "-"
157.90.177.217 - - [02/Dec/2021:06:25:58 +0100] "GET /karur-bedclothes-p-54969.html HTTP/1.0" 200 73913 "-" "Mozilla/5.0 (compatible; BLEXBot/1.0; +http://webmeup-crawler.com/)"
54.36.148.58 - - [02/Dec/2021:06:26:02 +0100] "GET /coca-cola-metal-plate-p-37077.html HTTP/1.0" 200 73374 "-" "Mozilla/5.0 (compatible; AhrefsBot/7.0; +http://ahrefs.com/robot/)"
157.90.177.217 - - [02/Dec/2021:06:26:03 +0100] "GET /katy-phone-cover-iphone-p-16764.html HTTP/1.0" 200 73974 "-" "Mozilla/5.0 (compatible; BLEXBot/1.0; +http://webmeup-crawler.com/)"
157.90.177.217 - - [02/Dec/2021:06:26:09 +0100] "GET /kawasaki-barrel-moneybox-p-52956.html HTTP/1.0" 200 73256 "-" "Mozilla/5.0 (compatible; BLEXBot/1.0; +http://webmeup-crawler.com/)"
157.90.177.217 - - [02/Dec/2021:06:26:23 +0100] "GET /keel-toys-plush-pipp-panda-p-51010.html HTTP/1.0" 200 73467 "-" "Mozilla/5.0 (compatible; BLEXBot/1.0; +http://webmeup-crawler.com/)"
157.90.177.217 - - [02/Dec/2021:06:26:27 +0100] "GET /robots.txt HTTP/1.0" 301 531 "-" "Mozilla/5.0 (compatible; BLEXBot/1.0; +http://webmeup-crawler.com/)"
157.90.177.217 - - [02/Dec/2021:06:26:28 +0100] "GET /robots.txt HTTP/1.0" 200 245 "-" "Mozilla/5.0 (compatible; BLEXBot/1.0; +http://webmeup-crawler.com/)"
157.90.177.217 - - [02/Dec/2021:06:26:28 +0100] "GET /keel-toys-plush-pipp-panda-p-51011.html HTTP/1.0" 200 73467 "-" "Mozilla/5.0 (compatible; BLEXBot/1.0; +http://webmeup-crawler.com/)"
157.90.177.217 - - [02/Dec/2021:06:26:39 +0100] "GET /keep-calm-drink-beer-metal-plate-deco-p-36123.html HTTP/1.0" 200 73416 "-" "Mozilla/5.0 (compatible; BLEXBot/1.0; +http://webmeup-crawler.com/)"
157.90.177.217 - - [02/Dec/2021:06:26:44 +0100] "GET /keep-calm-have-beer-metal-plate-p-27588.html HTTP/1.0" 200 73375 "-" "Mozilla/5.0 (compatible; BLEXBot/1.0; +http://webmeup-crawler.com/)"
157.90.177.217 - - [02/Dec/2021:06:26:52 +0100] "GET /keep-calm-metal-plate-deco-p-37229.html HTTP/1.0" 200 73276 "-" "Mozilla/5.0 (compatible; BLEXBot/1.0; +http://webmeup-crawler.com/)"
54.36.148.163 - - [02/Dec/2021:06:26:59 +0100] "GET /images/big_prod_1/5400924158187B.jpg HTTP/1.0" 200 271 "-" "Mozilla/5.0 (compatible; AhrefsBot/7.0; +http://ahrefs.com/robot/)"
157.90.177.217 - - [02/Dec/2021:06:27:02 +0100] "GET /keep-calm-shooters-p-27587.html HTTP/1.0" 200 73246 "-" "Mozilla/5.0 (compatible; BLEXBot/1.0; +http://webmeup-crawler.com/)"
185.191.171.6 - - [02/Dec/2021:06:27:06 +0100] "GET /tweety-money-p-8589.html?action=add_product HTTP/1.0" 302 476 "-" "Mozilla/5.0 (compatible; SemrushBot/7~bl; +http://www.semrush.com/bot.html)"
157.90.177.217 - - [02/Dec/2021:06:27:07 +0100] "GET /keyring-cbkreation-p-43225.html HTTP/1.0" 200 73309 "-" "Mozilla/5.0 (compatible; BLEXBot/1.0; +http://webmeup-crawler.com/)"
157.90.177.217 - - [02/Dec/2021:06:27:10 +0100] "GET /keyring-cbkreation-p-43231.html HTTP/1.0" 200 73309 "-" "Mozilla/5.0 (compatible; BLEXBot/1.0; +http://webmeup-crawler.com/)"
114.119.128.34 - - [02/Dec/2021:06:27:11 +0100] "GET /decorative-metal-plate-p-47951.html HTTP/1.0" 200 73303 "-" "Mozilla/5.0 (Linux; Android 7.0;) AppleWebKit/537.36 (KHTML, like Gecko) Mobile Safari/537.36 (compatible; PetalBot;+https://webmaster.petalsearch.com/site/petalbot)"
157.90.177.217 - - [02/Dec/2021:06:27:14 +0100] "GET /keyring-cbkreation-p-43234.html HTTP/1.0" 200 73303 "-" "Mozilla/5.0 (compatible; BLEXBot/1.0; +http://webmeup-crawler.com/)"
157.90.177.217 - - [02/Dec/2021:06:27:19 +0100] "GET /keyring-p-38017.html HTTP/1.0" 200 73180 "-" "Mozilla/5.0 (compatible; BLEXBot/1.0; +http://webmeup-crawler.com/)"
54.36.149.30 - - [02/Dec/2021:06:27:22 +0100] "GET /fragrances-ambiance-c-231.html?page=20 HTTP/1.0" 200 93588 "-" "Mozilla/5.0 (compatible; AhrefsBot/7.0; +http://ahrefs.com/robot/)"
157.90.177.217 - - [02/Dec/2021:06:27:26 +0100] "GET /keyrings-c-31_52.html?page=1 HTTP/1.0" 200 94329 "-" "Mozilla/5.0 (compatible; BLEXBot/1.0; +http://webmeup-crawler.com/)"
20.109.132.165 - - [02/Dec/2021:06:27:30 +0100] "GET /images/big_prod_1/8424346352678B.jpg HTTP/1.0" 200 271 "-" "Mozilla/5.0 (X11; Linux x86_64) AppleWebKit/537.36 (KHTML, like Gecko) Chrome/62.0.3202.62 Safari/537.36"
157.90.177.217 - - [02/Dec/2021:06:27:32 +0100] "GET /keyrings-c-31_52.html?page=12 HTTP/1.0" 200 93400 "-" "Mozilla/5.0 (compatible; BLEXBot/1.0; +http://webmeup-crawler.com/)"
185.191.171.24 - - [02/Dec/2021:06:27:37 +0100] "GET /candy-cloud-unicorn-lola-p-49790.html?action=add_product HTTP/1.0" 302 476 "-" "Mozilla/5.0 (compatible; SemrushBot/7~bl; +http://www.semrush.com/bot.html)"
157.90.177.217 - - [02/Dec/2021:06:27:39 +0100] "GET /keyrings-c-31_52.html?page=13 HTTP/1.0" 200 93334 "-" "Mozilla/5.0 (compatible; BLEXBot/1.0; +http://webmeup-crawler.com/)"
185.191.171.6 - - [02/Dec/2021:06:27:46 +0100] "GET /men-mug-p-22720.html HTTP/1.0" 301 73185 "-" "Mozilla/5.0 (compatible; SemrushBot/7~bl; +http://www.semrush.com/bot.html)"
157.90.177.217 - - [02/Dec/2021:06:27:47 +0100] "GET /keyrings-c-31_52.html?page=14 HTTP/1.0" 200 93375 "-" "Mozilla/5.0 (compatible; BLEXBot/1.0; +http://webmeup-crawler.com/)"
185.191.171.7 - - [02/Dec/2021:06:27:49 +0100] "GET /x-men-mug-p-22720.html HTTP/1.0" 200 73109 "-" "Mozilla/5.0 (compatible; SemrushBot/7~bl; +http://www.semrush.com/bot.html)"
157.90.177.217 - - [02/Dec/2021:06:27:52 +0100] "GET /keyrings-c-31_52.html?page=15 HTTP/1.0" 200 87781 "-" "Mozilla/5.0 (compatible; BLEXBot/1.0; +http://webmeup-crawler.com/)"
157.90.177.217 - - [02/Dec/2021:06:27:56 +0100] "GET /kids-school-c-31_80.html?page=1 HTTP/1.0" 200 90712 "-" "Mozilla/5.0 (compatible; BLEXBot/1.0; +http://webmeup-crawler.com/)"
157.90.177.217 - - [02/Dec/2021:06:28:03 +0100] "GET /kimmi-junior-jade-glass-p-15876.html HTTP/1.0" 200 73206 "-" "Mozilla/5.0 (compatible; BLEXBot/1.0; +http://webmeup-crawler.com/)"
157.90.177.217 - - [02/Dec/2021:06:28:08 +0100] "GET /kimmi-junior-large-backpack-p-14591.html HTTP/1.0" 200 73516 "-" "Mozilla/5.0 (compatible; BLEXBot/1.0; +http://webmeup-crawler.com/)"
66.152.168.234 - - [02/Dec/2021:06:28:11 +0100] "GET /images/mini_prod/3609810037571.jpg HTTP/1.0" 200 269 "-" "Mozilla/5.0 (X11; Ubuntu; Linux x86_64; rv:72.0) Gecko/20100101 Firefox/72.0"
157.90.177.217 - - [02/Dec/2021:06:28:13 +0100] "GET /kimmi-junior-large-backpack-p-19838.html HTTP/1.0" 200 75484 "-" "Mozilla/5.0 (compatible; BLEXBot/1.0; +http://webmeup-crawler.com/)"
157.90.177.217 - - [02/Dec/2021:06:28:17 +0100] "GET /kimmi-junior-sooki-keychains-p-7416.html HTTP/1.0" 200 73296 "-" "Mozilla/5.0 (compatible; BLEXBot/1.0; +http://webmeup-crawler.com/)"
157.90.177.217 - - [02/Dec/2021:06:28:20 +0100] "GET /kimmi-junior-sunshine-glass-p-15825.html HTTP/1.0" 200 73238 "-" "Mozilla/5.0 (compatible; BLEXBot/1.0; +http://webmeup-crawler.com/)"
157.90.177.217 - - [02/Dec/2021:06:28:23 +0100] "GET /kimmidoll-buckets-beige-satin-collection-p-13360.html HTTP/1.0" 200 73778 "-" "Mozilla/5.0 (compatible; BLEXBot/1.0; +http://webmeup-crawler.com/)"
157.90.177.217 - - [02/Dec/2021:06:28:28 +0100] "GET /kimmidoll-buckets-brown-satin-collection-p-13362.html HTTP/1.0" 200 73778 "-" "Mozilla/5.0 (compatible; BLEXBot/1.0; +http://webmeup-crawler.com/)"
157.90.177.217 - - [02/Dec/2021:06:28:32 +0100] "GET /kimmidoll-eika-phone-cover-iphone-p-18048.html HTTP/1.0" 200 76117 "-" "Mozilla/5.0 (compatible; BLEXBot/1.0; +http://webmeup-crawler.com/)"
114.119.128.39 - - [02/Dec/2021:06:28:35 +0100] "GET /light-bag-to-carry-your-yoga-mat-chakras-p-50975.html HTTP/1.0" 301 73666 "-" "Mozilla/5.0 (Linux; Android 7.0;) AppleWebKit/537.36 (KHTML, like Gecko) Mobile Safari/537.36 (compatible; PetalBot;+https://webmaster.petalsearch.com/site/petalbot)"
157.90.177.217 - - [02/Dec/2021:06:28:35 +0100] "GET /kimmidoll-haruyo-magnets-p-31960.html HTTP/1.0" 200 73271 "-" "Mozilla/5.0 (compatible; BLEXBot/1.0; +http://webmeup-crawler.com/)"
114.119.128.39 - - [02/Dec/2021:06:28:39 +0100] "GET /light-carry-your-yoga-chakras-p-50975.html HTTP/1.0" 200 73570 "-" "Mozilla/5.0 (Linux; Android 7.0;) AppleWebKit/537.36 (KHTML, like Gecko) Mobile Safari/537.36 (compatible; PetalBot;+https://webmaster.petalsearch.com/site/petalbot)"
54.36.148.199 - - [02/Dec/2021:06:28:38 +0100] "GET /cats-dubout-ballpoint-tablet-p-32242.html HTTP/1.0" 200 73547 "-" "Mozilla/5.0 (compatible; AhrefsBot/7.0; +http://ahrefs.com/robot/)"
157.90.177.217 - - [02/Dec/2021:06:28:41 +0100] "GET /kimmidoll-heart-keyring-p-32398.html HTTP/1.0" 200 73294 "-" "Mozilla/5.0 (compatible; BLEXBot/1.0; +http://webmeup-crawler.com/)"
157.90.177.217 - - [02/Dec/2021:06:28:45 +0100] "GET /kimmidoll-heart-keyring-p-32399.html HTTP/1.0" 200 73318 "-" "Mozilla/5.0 (compatible; BLEXBot/1.0; +http://webmeup-crawler.com/)"
157.90.177.217 - - [02/Dec/2021:06:28:50 +0100] "GET /kimmidoll-hobo-satin-collection-p-13371.html HTTP/1.0" 200 73811 "-" "Mozilla/5.0 (compatible; BLEXBot/1.0; +http://webmeup-crawler.com/)"
157.90.177.217 - - [02/Dec/2021:06:28:55 +0100] "GET /kimmidoll-honoka-bangle-p-15852.html HTTP/1.0" 200 74277 "-" "Mozilla/5.0 (compatible; BLEXBot/1.0; +http://webmeup-crawler.com/)"
185.191.171.43 - - [02/Dec/2021:06:28:57 +0100] "GET /wunzees-doll-65-cm-series-lilly-the-ladybug-p-45112.html HTTP/1.0" 301 70860 "-" "Mozilla/5.0 (compatible; SemrushBot/7~bl; +http://www.semrush.com/bot.html)"
157.90.177.217 - - [02/Dec/2021:06:29:00 +0100] "GET /kimmidoll-keyring-ayana-p-49767.html HTTP/1.0" 200 73269 "-" "Mozilla/5.0 (compatible; BLEXBot/1.0; +http://webmeup-crawler.com/)"
185.191.171.24 - - [02/Dec/2021:06:29:01 +0100] "GET /wunzees-doll-series-lilly-ladybug-p-45112.html HTTP/1.0" 200 70760 "-" "Mozilla/5.0 (compatible; SemrushBot/7~bl; +http://www.semrush.com/bot.html)"
157.90.177.217 - - [02/Dec/2021:06:29:06 +0100] "GET /kimmidoll-keyring-hiro-p-49768.html HTTP/1.0" 200 73264 "-" "Mozilla/5.0 (compatible; BLEXBot/1.0; +http://webmeup-crawler.com/)"
157.90.177.217 - - [02/Dec/2021:06:29:11 +0100] "GET /kimmidoll-keyring-honoka-p-49774.html HTTP/1.0" 200 73274 "-" "Mozilla/5.0 (compatible; BLEXBot/1.0; +http://webmeup-crawler.com/)"
185.191.171.12 - - [02/Dec/2021:06:29:16 +0100] "GET /johnny-hallyday-metal-plate-p-51148.html?action=add_product HTTP/1.0" 302 476 "-" "Mozilla/5.0 (compatible; SemrushBot/7~bl; +http://www.semrush.com/bot.html)"
157.90.177.217 - - [02/Dec/2021:06:29:16 +0100] "GET /kimmidoll-keyring-kazumi-p-49775.html HTTP/1.0" 200 73274 "-" "Mozilla/5.0 (compatible; BLEXBot/1.0; +http://webmeup-crawler.com/)"
157.90.177.217 - - [02/Dec/2021:06:29:20 +0100] "GET /kimmidoll-keyring-michi-p-49773.html HTTP/1.0" 200 73269 "-" "Mozilla/5.0 (compatible; BLEXBot/1.0; +http://webmeup-crawler.com/)"
54.36.148.130 - - [02/Dec/2021:06:29:23 +0100] "GET /images/big_prod_2/5400924158187C.jpg HTTP/1.0" 200 271 "-" "Mozilla/5.0 (compatible; AhrefsBot/7.0; +http://ahrefs.com/robot/)"
185.191.171.35 - - [02/Dec/2021:06:29:24 +0100] "GET /melt-home-christmas-p-46036.html HTTP/1.0" 200 73865 "-" "Mozilla/5.0 (compatible; SemrushBot/7~bl; +http://www.semrush.com/bot.html)"
157.90.177.217 - - [02/Dec/2021:06:29:24 +0100] "GET /kimmidoll-keyring-mieko-p-49770.html HTTP/1.0" 200 73269 "-" "Mozilla/5.0 (compatible; BLEXBot/1.0; +http://webmeup-crawler.com/)"
157.90.177.217 - - [02/Dec/2021:06:29:30 +0100] "GET /kimmidoll-keyring-miwa-p-49769.html HTTP/1.0" 200 73265 "-" "Mozilla/5.0 (compatible; BLEXBot/1.0; +http://webmeup-crawler.com/)"
157.90.177.217 - - [02/Dec/2021:06:29:34 +0100] "GET /kimmidoll-keyring-nonoko-p-49771.html HTTP/1.0" 200 73274 "-" "Mozilla/5.0 (compatible; BLEXBot/1.0; +http://webmeup-crawler.com/)"
157.90.177.217 - - [02/Dec/2021:06:29:39 +0100] "GET /kimmidoll-keyring-p-44100.html HTTP/1.0" 200 73233 "-" "Mozilla/5.0 (compatible; BLEXBot/1.0; +http://webmeup-crawler.com/)"
157.90.177.217 - - [02/Dec/2021:06:29:43 +0100] "GET /kimmidoll-keyring-satomi-p-49772.html HTTP/1.0" 200 73274 "-" "Mozilla/5.0 (compatible; BLEXBot/1.0; +http://webmeup-crawler.com/)"
157.90.177.217 - - [02/Dec/2021:06:29:46 +0100] "GET /kimmidoll-keyring-yumi-p-49776.html HTTP/1.0" 200 73264 "-" "Mozilla/5.0 (compatible; BLEXBot/1.0; +http://webmeup-crawler.com/)"
157.55.39.108 - - [02/Dec/2021:06:29:49 +0100] "GET /mani-lucky-keychain-p-46161.html HTTP/1.0" 200 73359 "-" "Mozilla/5.0 (compatible; bingbot/2.0; +http://www.bing.com/bingbot.htm)"
157.90.177.217 - - [02/Dec/2021:06:29:50 +0100] "GET /kimmidoll-love-elle-cover-iphone-p-17931.html HTTP/1.0" 200 73665 "-" "Mozilla/5.0 (compatible; BLEXBot/1.0; +http://webmeup-crawler.com/)"
157.90.177.217 - - [02/Dec/2021:06:29:54 +0100] "GET /kimmidoll-love-lacy-luck-cover-iphone-p-17929.html HTTP/1.0" 200 73708 "-" "Mozilla/5.0 (compatible; BLEXBot/1.0; +http://webmeup-crawler.com/)"
157.90.177.217 - - [02/Dec/2021:06:29:59 +0100] "GET /kimmidoll-makeup-p-42466.html HTTP/1.0" 200 73460 "-" "Mozilla/5.0 (compatible; BLEXBot/1.0; +http://webmeup-crawler.com/)"
114.119.128.26 - - [02/Dec/2021:06:29:59 +0100] "GET /the-ballerina-statue-collection-white-30-cm-p-40417.html HTTP/1.0" 301 73561 "-" "Mozilla/5.0 (Linux; Android 7.0;) AppleWebKit/537.36 (KHTML, like Gecko) Mobile Safari/537.36 (compatible; PetalBot;+https://webmaster.petalsearch.com/site/petalbot)"
157.90.177.217 - - [02/Dec/2021:06:30:04 +0100] "GET /kimmidoll-makeup-p-46151.html HTTP/1.0" 200 73980 "-" "Mozilla/5.0 (compatible; BLEXBot/1.0; +http://webmeup-crawler.com/)"
54.36.148.103 - - [02/Dec/2021:06:30:06 +0100] "GET /transportable-gray-table-lamp-p-56449.html HTTP/1.0" 200 74053 "-" "Mozilla/5.0 (compatible; AhrefsBot/7.0; +http://ahrefs.com/robot/)"
114.119.128.26 - - [02/Dec/2021:06:30:07 +0100] "GET /ballerina-statue-collection-white-p-40417.html HTTP/1.0" 200 73461 "-" "Mozilla/5.0 (Linux; Android 7.0;) AppleWebKit/537.36 (KHTML, like Gecko) Mobile Safari/537.36 (compatible; PetalBot;+https://webmaster.petalsearch.com/site/petalbot)"
157.90.177.217 - - [02/Dec/2021:06:30:08 +0100] "GET /kimmidoll-makeup-p-49157.html HTTP/1.0" 200 74025 "-" "Mozilla/5.0 (compatible; BLEXBot/1.0; +http://webmeup-crawler.com/)"
157.90.177.217 - - [02/Dec/2021:06:30:14 +0100] "GET /kimmidoll-mizuyo-jewelry-p-31948.html HTTP/1.0" 200 73470 "-" "Mozilla/5.0 (compatible; BLEXBot/1.0; +http://webmeup-crawler.com/)"
157.90.177.217 - - [02/Dec/2021:06:30:18 +0100] "GET /kimmidoll-mizuyo-magnets-p-31957.html HTTP/1.0" 200 73271 "-" "Mozilla/5.0 (compatible; BLEXBot/1.0; +http://webmeup-crawler.com/)"
157.90.177.217 - - [02/Dec/2021:06:30:24 +0100] "GET /kimmidoll-nami-phone-cover-iphone-p-18006.html HTTP/1.0" 200 73711 "-" "Mozilla/5.0 (compatible; BLEXBot/1.0; +http://webmeup-crawler.com/)"
157.90.177.217 - - [02/Dec/2021:06:30:28 +0100] "GET /kimmidoll-nobuko-bangle-p-15854.html HTTP/1.0" 200 74003 "-" "Mozilla/5.0 (compatible; BLEXBot/1.0; +http://webmeup-crawler.com/)"
157.90.177.217 - - [02/Dec/2021:06:30:32 +0100] "GET /kimmidoll-protective-hard-case-iphone-p-11366.html HTTP/1.0" 200 73556 "-" "Mozilla/5.0 (compatible; BLEXBot/1.0; +http://webmeup-crawler.com/)"
157.90.177.217 - - [02/Dec/2021:06:30:36 +0100] "GET /kimmidoll-saya-phone-cover-iphone-p-18047.html HTTP/1.0" 200 76117 "-" "Mozilla/5.0 (compatible; BLEXBot/1.0; +http://webmeup-crawler.com/)"
157.90.177.217 - - [02/Dec/2021:06:30:40 +0100] "GET /kimmidoll-shopper-beige-satin-collection-p-13357.html HTTP/1.0" 200 74384 "-" "Mozilla/5.0 (compatible; BLEXBot/1.0; +http://webmeup-crawler.com/)"
149.28.94.127 - - [02/Dec/2021:06:30:45 +0100] "GET /images/mini_prod/7601019995504.jpg HTTP/1.0" 200 269 "-" "Mozilla/5.0 (X11; Ubuntu; Linux x86_64; rv:72.0) Gecko/20100101 Firefox/72.0"
157.90.177.217 - - [02/Dec/2021:06:30:46 +0100] "GET /kimmidoll-shopper-pink-satin-collection-p-13354.html HTTP/1.0" 200 74590 "-" "Mozilla/5.0 (compatible; BLEXBot/1.0; +http://webmeup-crawler.com/)"
157.90.177.217 - - [02/Dec/2021:06:30:51 +0100] "GET /kimmidoll-shopper-pink-satin-collection-p-49118.html HTTP/1.0" 200 74075 "-" "Mozilla/5.0 (compatible; BLEXBot/1.0; +http://webmeup-crawler.com/)"
157.90.177.217 - - [02/Dec/2021:06:30:54 +0100] "GET /kimmijunior-willow-girly-p-17993.html HTTP/1.0" 200 73671 "-" "Mozilla/5.0 (compatible; BLEXBot/1.0; +http://webmeup-crawler.com/)"
40.77.167.66 - - [02/Dec/2021:06:30:56 +0100] "GET /cocacola-m-190.html HTTP/1.0" 200 90249 "-" "Mozilla/5.0 (compatible; bingbot/2.0; +http://www.bing.com/bingbot.htm)"
185.191.171.37 - - [02/Dec/2021:06:30:58 +0100] "GET /wooden-support-for-keys-grey-p-41923.html HTTP/1.0" 301 70802 "-" "Mozilla/5.0 (compatible; SemrushBot/7~bl; +http://www.semrush.com/bot.html)"
157.90.177.217 - - [02/Dec/2021:06:30:59 +0100] "GET /kitchen-gloves-potholders-c-11_178.html?page=1 HTTP/1.0" 200 90195 "-" "Mozilla/5.0 (compatible; BLEXBot/1.0; +http://webmeup-crawler.com/)"
185.191.171.44 - - [02/Dec/2021:06:31:02 +0100] "GET /wooden-support-keys-grey-p-41923.html HTTP/1.0" 200 70711 "-" "Mozilla/5.0 (compatible; SemrushBot/7~bl; +http://www.semrush.com/bot.html)"
157.90.177.217 - - [02/Dec/2021:06:31:03 +0100] "GET /kitchen-p-51617.html HTTP/1.0" 200 73353 "-" "Mozilla/5.0 (compatible; BLEXBot/1.0; +http://webmeup-crawler.com/)"
157.90.177.217 - - [02/Dec/2021:06:31:06 +0100] "GET /kitchen-p-51618.html HTTP/1.0" 200 73326 "-" "Mozilla/5.0 (compatible; BLEXBot/1.0; +http://webmeup-crawler.com/)"
185.191.171.9 - - [02/Dec/2021:06:31:10 +0100] "GET /industrial-pouf-storage-medium-size-only-p-45097.html?action=add_product HTTP/1.0" 302 476 "-" "Mozilla/5.0 (compatible; SemrushBot/7~bl; +http://www.semrush.com/bot.html)"
157.90.177.217 - - [02/Dec/2021:06:31:11 +0100] "GET /kitchen-p-51895.html HTTP/1.0" 200 73321 "-" "Mozilla/5.0 (compatible; BLEXBot/1.0; +http://webmeup-crawler.com/)"
157.90.177.217 - - [02/Dec/2021:06:31:15 +0100] "GET /kitchen-p-51896.html HTTP/1.0" 200 73321 "-" "Mozilla/5.0 (compatible; BLEXBot/1.0; +http://webmeup-crawler.com/)"
157.90.177.217 - - [02/Dec/2021:06:31:19 +0100] "GET /kitchen-p-51897.html HTTP/1.0" 200 73321 "-" "Mozilla/5.0 (compatible; BLEXBot/1.0; +http://webmeup-crawler.com/)"
157.90.177.217 - - [02/Dec/2021:06:31:24 +0100] "GET /kitchen-timer-clock-p-55014.html HTTP/1.0" 200 73263 "-" "Mozilla/5.0 (compatible; BLEXBot/1.0; +http://webmeup-crawler.com/)"
114.119.128.40 - - [02/Dec/2021:06:31:25 +0100] "GET /toneko-neko-shirt-p-29605.html HTTP/1.0" 200 74377 "-" "Mozilla/5.0 (Linux; Android 7.0;) AppleWebKit/537.36 (KHTML, like Gecko) Mobile Safari/537.36 (compatible; PetalBot;+https://webmaster.petalsearch.com/site/petalbot)"
185.191.171.45 - - [02/Dec/2021:06:31:25 +0100] "GET /sausage-with-knife-bodega-p-47319.html HTTP/1.0" 200 73303 "-" "Mozilla/5.0 (compatible; SemrushBot/7~bl; +http://www.semrush.com/bot.html)"
157.90.177.217 - - [02/Dec/2021:06:31:28 +0100] "GET /kitchen-towel-holder-hooks-p-47373.html HTTP/1.0" 200 73876 "-" "Mozilla/5.0 (compatible; BLEXBot/1.0; +http://webmeup-crawler.com/)"
157.90.177.217 - - [02/Dec/2021:06:31:32 +0100] "GET /kitchen-towel-holder-hooks-p-47374.html HTTP/1.0" 200 73876 "-" "Mozilla/5.0 (compatible; BLEXBot/1.0; +http://webmeup-crawler.com/)"
185.191.171.19 - - [02/Dec/2021:06:31:33 +0100] "GET /mini-melamine-tray-kook-kiub-p-55873.html HTTP/1.0" 200 73399 "-" "Mozilla/5.0 (compatible; SemrushBot/7~bl; +http://www.semrush.com/bot.html)"
157.90.177.217 - - [02/Dec/2021:06:31:35 +0100] "GET /kitchen-towel-holder-hooks-p-47375.html HTTP/1.0" 200 73876 "-" "Mozilla/5.0 (compatible; BLEXBot/1.0; +http://webmeup-crawler.com/)"
54.36.148.66 - - [02/Dec/2021:06:31:36 +0100] "GET /magnet-pour-mamie-p-56568.html HTTP/1.0" 200 73865 "-" "Mozilla/5.0 (compatible; AhrefsBot/7.0; +http://ahrefs.com/robot/)"
157.90.177.217 - - [02/Dec/2021:06:31:39 +0100] "GET /kitchen-towel-holder-hooks-p-52708.html HTTP/1.0" 200 73889 "-" "Mozilla/5.0 (compatible; BLEXBot/1.0; +http://webmeup-crawler.com/)"
157.90.177.217 - - [02/Dec/2021:06:31:45 +0100] "GET /kitchen-towel-holder-hooks-p-52709.html HTTP/1.0" 200 73888 "-" "Mozilla/5.0 (compatible; BLEXBot/1.0; +http://webmeup-crawler.com/)"
157.90.177.217 - - [02/Dec/2021:06:31:50 +0100] "GET /kitchen-towel-p-44414.html HTTP/1.0" 200 73247 "-" "Mozilla/5.0 (compatible; BLEXBot/1.0; +http://webmeup-crawler.com/)"
157.90.177.217 - - [02/Dec/2021:06:31:53 +0100] "GET /kitten-bedside-lamp-p-27172.html HTTP/1.0" 200 73271 "-" "Mozilla/5.0 (compatible; BLEXBot/1.0; +http://webmeup-crawler.com/)"
157.90.177.217 - - [02/Dec/2021:06:31:58 +0100] "GET /kitty-puppy-glass-clock-p-16427.html HTTP/1.0" 200 73270 "-" "Mozilla/5.0 (compatible; BLEXBot/1.0; +http://webmeup-crawler.com/)"
157.90.177.217 - - [02/Dec/2021:06:32:03 +0100] "GET /kiub-animals-jewels-coasters-p-53849.html HTTP/1.0" 200 73366 "-" "Mozilla/5.0 (compatible; BLEXBot/1.0; +http://webmeup-crawler.com/)"
157.90.177.217 - - [02/Dec/2021:06:32:06 +0100] "GET /kiub-cats-coasters-p-53847.html HTTP/1.0" 200 73286 "-" "Mozilla/5.0 (compatible; BLEXBot/1.0; +http://webmeup-crawler.com/)"
185.191.171.12 - - [02/Dec/2021:06:32:07 +0100] "GET /london-monuments-tray-p-28860.html HTTP/1.0" 200 70687 "-" "Mozilla/5.0 (compatible; SemrushBot/7~bl; +http://www.semrush.com/bot.html)"
157.90.177.217 - - [02/Dec/2021:06:32:10 +0100] "GET /kiub-cats-coasters-p-53848.html HTTP/1.0" 200 73286 "-" "Mozilla/5.0 (compatible; BLEXBot/1.0; +http://webmeup-crawler.com/)"
20.109.134.252 - - [02/Dec/2021:06:32:17 +0100] "GET /images/big_prod/5701359740665.jpg HTTP/1.0" 200 268 "-" "Mozilla/5.0 (Windows NT 6.1; WOW64) AppleWebKit/537.36 (KHTML, like Gecko) Chrome/45.0.2454.101 Safari/537.36"
157.90.177.217 - - [02/Dec/2021:06:32:17 +0100] "GET /kiub-coasters-little-prince-p-53846.html HTTP/1.0" 200 73346 "-" "Mozilla/5.0 (compatible; BLEXBot/1.0; +http://webmeup-crawler.com/)"
17.121.112.119 - - [02/Dec/2021:06:32:19 +0100] "GET /images/big_prod/8426000214971.jpg HTTP/1.0" 200 268 "-" "Mozilla/5.0 (Macintosh; Intel Mac OS X 10_15_5) AppleWebKit/605.1.15 (KHTML, like Gecko) Version/13.1.1 Safari/605.1.15 (Applebot/0.1; +http://www.apple.com/go/applebot)"
157.90.177.217 - - [02/Dec/2021:06:32:20 +0100] "GET /kiub-kook-rabbit-p-56851.html HTTP/1.0" 200 73926 "-" "Mozilla/5.0 (compatible; BLEXBot/1.0; +http://webmeup-crawler.com/)"
157.90.177.217 - - [02/Dec/2021:06:32:23 +0100] "GET /klimt-adele-p-55934.html HTTP/1.0" 200 73180 "-" "Mozilla/5.0 (compatible; BLEXBot/1.0; +http://webmeup-crawler.com/)"
157.90.177.217 - - [02/Dec/2021:06:32:26 +0100] "GET /klimt-adult-apron-p-51191.html HTTP/1.0" 200 73183 "-" "Mozilla/5.0 (compatible; BLEXBot/1.0; +http://webmeup-crawler.com/)"
157.90.177.217 - - [02/Dec/2021:06:32:29 +0100] "GET /klimt-adult-apron-p-51192.html HTTP/1.0" 200 73183 "-" "Mozilla/5.0 (compatible; BLEXBot/1.0; +http://webmeup-crawler.com/)"
157.90.177.217 - - [02/Dec/2021:06:32:33 +0100] "GET /klimt-adult-apron-p-51193.html HTTP/1.0" 200 73183 "-" "Mozilla/5.0 (compatible; BLEXBot/1.0; +http://webmeup-crawler.com/)"
17.121.112.119 - - [02/Dec/2021:06:32:43 +0100] "GET /images/mini_prod/4025055017786.jpg HTTP/1.0" 200 269 "-" "Mozilla/5.0 (Macintosh; Intel Mac OS X 10_15_5) AppleWebKit/605.1.15 (KHTML, like Gecko) Version/13.1.1 Safari/605.1.15 (Applebot/0.1; +http://www.apple.com/go/applebot)"
114.119.128.39 - - [02/Dec/2021:06:32:57 +0100] "GET /lille-losc-p-50783.html HTTP/1.0" 200 73939 "-" "Mozilla/5.0 (Linux; Android 7.0;) AppleWebKit/537.36 (KHTML, like Gecko) Mobile Safari/537.36 (compatible; PetalBot;+https://webmaster.petalsearch.com/site/petalbot)"
54.36.149.104 - - [02/Dec/2021:06:33:01 +0100] "GET /incense-tree-life-grams-about-sticks-p-45150.html HTTP/1.0" 200 73831 "-" "Mozilla/5.0 (compatible; AhrefsBot/7.0; +http://ahrefs.com/robot/)"
157.90.177.217 - - [02/Dec/2021:06:33:07 +0100] "GET /klimt-baiser-little-cord-made-france-p-47417.html HTTP/1.0" 200 74212 "-" "Mozilla/5.0 (compatible; BLEXBot/1.0; +http://webmeup-crawler.com/)"
157.90.177.217 - - [02/Dec/2021:06:33:12 +0100] "GET /klimt-baiser-make-pencil-case-made-france-p-47418.html HTTP/1.0" 200 74285 "-" "Mozilla/5.0 (compatible; BLEXBot/1.0; +http://webmeup-crawler.com/)"
157.90.177.217 - - [02/Dec/2021:06:33:19 +0100] "GET /klimt-baiser-shoulder-hook-made-france-p-47416.html HTTP/1.0" 200 74299 "-" "Mozilla/5.0 (compatible; BLEXBot/1.0; +http://webmeup-crawler.com/)"
157.90.177.217 - - [02/Dec/2021:06:33:27 +0100] "GET /klimt-coasters-p-51866.html HTTP/1.0" 200 73176 "-" "Mozilla/5.0 (compatible; BLEXBot/1.0; +http://webmeup-crawler.com/)"
157.90.177.217 - - [02/Dec/2021:06:33:32 +0100] "GET /klimt-eyeglass-case-p-51198.html HTTP/1.0" 200 73238 "-" "Mozilla/5.0 (compatible; BLEXBot/1.0; +http://webmeup-crawler.com/)"
157.90.177.217 - - [02/Dec/2021:06:33:35 +0100] "GET /klimt-eyeglass-case-p-51199.html HTTP/1.0" 200 73238 "-" "Mozilla/5.0 (compatible; BLEXBot/1.0; +http://webmeup-crawler.com/)"
157.90.177.217 - - [02/Dec/2021:06:33:42 +0100] "GET /klimt-eyeglass-case-p-51200.html HTTP/1.0" 200 73238 "-" "Mozilla/5.0 (compatible; BLEXBot/1.0; +http://webmeup-crawler.com/)"
157.90.177.217 - - [02/Dec/2021:06:33:47 +0100] "GET /klimt-tote-p-51201.html HTTP/1.0" 200 73808 "-" "Mozilla/5.0 (compatible; BLEXBot/1.0; +http://webmeup-crawler.com/)"
157.90.177.217 - - [02/Dec/2021:06:33:51 +0100] "GET /koala-money-p-55391.html HTTP/1.0" 200 74178 "-" "Mozilla/5.0 (compatible; BLEXBot/1.0; +http://webmeup-crawler.com/)"
157.90.177.217 - - [02/Dec/2021:06:33:55 +0100] "GET /koala-nightlight-p-53123.html HTTP/1.0" 200 74202 "-" "Mozilla/5.0 (compatible; BLEXBot/1.0; +http://webmeup-crawler.com/)"
157.90.177.217 - - [02/Dec/2021:06:34:01 +0100] "GET /koala-nightlight-pink-p-55360.html HTTP/1.0" 200 74284 "-" "Mozilla/5.0 (compatible; BLEXBot/1.0; +http://webmeup-crawler.com/)"
157.90.177.217 - - [02/Dec/2021:06:34:05 +0100] "GET /kook-bowl-p-53771.html HTTP/1.0" 200 73773 "-" "Mozilla/5.0 (compatible; BLEXBot/1.0; +http://webmeup-crawler.com/)"
157.90.177.217 - - [02/Dec/2021:06:34:11 +0100] "GET /kori-kumi-cover-ipad-mini-p-30488.html HTTP/1.0" 200 73478 "-" "Mozilla/5.0 (compatible; BLEXBot/1.0; +http://webmeup-crawler.com/)"
157.90.177.217 - - [02/Dec/2021:06:34:13 +0100] "GET /kori-kumi-flat-pocket-p-30502.html HTTP/1.0" 200 73941 "-" "Mozilla/5.0 (compatible; BLEXBot/1.0; +http://webmeup-crawler.com/)"
157.90.177.217 - - [02/Dec/2021:06:34:18 +0100] "GET /kori-kumi-glasses-p-30482.html HTTP/1.0" 200 73884 "-" "Mozilla/5.0 (compatible; BLEXBot/1.0; +http://webmeup-crawler.com/)"
157.90.177.217 - - [02/Dec/2021:06:34:22 +0100] "GET /kori-kumi-horizontal-shoulder-p-30501.html HTTP/1.0" 200 73665 "-" "Mozilla/5.0 (compatible; BLEXBot/1.0; +http://webmeup-crawler.com/)"
185.191.171.44 - - [02/Dec/2021:06:34:24 +0100] "GET /kimmi-junior-pen-colors-king-blue-p-18585.html HTTP/1.0" 301 73397 "-" "Mozilla/5.0 (compatible; SemrushBot/7~bl; +http://www.semrush.com/bot.html)"
185.191.171.35 - - [02/Dec/2021:06:34:27 +0100] "GET /kimmi-junior-colors-king-blue-p-18585.html HTTP/1.0" 200 73301 "-" "Mozilla/5.0 (compatible; SemrushBot/7~bl; +http://www.semrush.com/bot.html)"
157.90.177.217 - - [02/Dec/2021:06:34:28 +0100] "GET /kothai-large-p-26707.html HTTP/1.0" 200 73314 "-" "Mozilla/5.0 (compatible; BLEXBot/1.0; +http://webmeup-crawler.com/)"
54.36.149.11 - - [02/Dec/2021:06:34:28 +0100] "GET /mugs-mazagrans-c-12_57.html?page=21 HTTP/1.0" 200 97149 "-" "Mozilla/5.0 (compatible; AhrefsBot/7.0; +http://ahrefs.com/robot/)"
20.109.134.252 - - [02/Dec/2021:06:34:36 +0100] "GET /images/big_prod/4012390384352.jpg HTTP/1.0" 200 268 "-" "Mozilla/5.0 (Windows NT 10.0; WOW64) AppleWebKit/537.36 (KHTML, like Gecko) Chrome/67.0.3396.99 Safari/537.36"
157.90.177.217 - - [02/Dec/2021:06:34:35 +0100] "GET /kothai-p-26706.html HTTP/1.0" 200 73266 "-" "Mozilla/5.0 (compatible; BLEXBot/1.0; +http://webmeup-crawler.com/)"
157.90.177.217 - - [02/Dec/2021:06:34:39 +0100] "GET /kothai-union-jack-alarm-clock-p-13750.html HTTP/1.0" 200 73447 "-" "Mozilla/5.0 (compatible; BLEXBot/1.0; +http://webmeup-crawler.com/)"
157.90.177.217 - - [02/Dec/2021:06:34:43 +0100] "GET /kyoto-black-p-39303.html HTTP/1.0" 200 73386 "-" "Mozilla/5.0 (compatible; BLEXBot/1.0; +http://webmeup-crawler.com/)"
157.90.177.217 - - [02/Dec/2021:06:34:48 +0100] "GET /kyoto-cherry-p-39304.html HTTP/1.0" 200 73394 "-" "Mozilla/5.0 (compatible; BLEXBot/1.0; +http://webmeup-crawler.com/)"
157.90.177.217 - - [02/Dec/2021:06:34:53 +0100] "GET /lady-deliverance-aromatika-incense-sticks-p-53453.html HTTP/1.0" 200 73443 "-" "Mozilla/5.0 (compatible; BLEXBot/1.0; +http://webmeup-crawler.com/)"
157.90.177.217 - - [02/Dec/2021:06:34:58 +0100] "GET /lady-fatima-aromatika-incense-sticks-p-53449.html HTTP/1.0" 200 73418 "-" "Mozilla/5.0 (compatible; BLEXBot/1.0; +http://webmeup-crawler.com/)"
157.90.177.217 - - [02/Dec/2021:06:35:05 +0100] "GET /lady-lourdes-aromatika-incense-sticks-p-53443.html HTTP/1.0" 200 73423 "-" "Mozilla/5.0 (compatible; BLEXBot/1.0; +http://webmeup-crawler.com/)"
157.90.177.217 - - [02/Dec/2021:06:35:09 +0100] "GET /lady-phone-cover-iphone-p-16763.html HTTP/1.0" 200 73974 "-" "Mozilla/5.0 (compatible; BLEXBot/1.0; +http://webmeup-crawler.com/)"
157.90.177.217 - - [02/Dec/2021:06:35:13 +0100] "GET /ladybug-metal-glass-decoration-p-42809.html HTTP/1.0" 200 73524 "-" "Mozilla/5.0 (compatible; BLEXBot/1.0; +http://webmeup-crawler.com/)"
157.90.177.217 - - [02/Dec/2021:06:35:16 +0100] "GET /lagoona-blue-figure-p-22568.html HTTP/1.0" 200 73305 "-" "Mozilla/5.0 (compatible; BLEXBot/1.0; +http://webmeup-crawler.com/)"
157.90.177.217 - - [02/Dec/2021:06:35:23 +0100] "GET /laissez-lucie-faire-amadou-glasses-p-44821.html HTTP/1.0" 200 73427 "-" "Mozilla/5.0 (compatible; BLEXBot/1.0; +http://webmeup-crawler.com/)"
129.206.106.110 - - [02/Dec/2021:06:35:25 +0100] "GET /images/mini_prod/3503420096426.jpg HTTP/1.0" 200 269 "-" "Mozilla/5.0 (X11; Ubuntu; Linux x86_64; rv:72.0) Gecko/20100101 Firefox/72.0"
17.121.112.34 - - [02/Dec/2021:06:35:31 +0100] "GET /images/mini_prod/8422023017841F.jpg HTTP/1.0" 200 270 "-" "Mozilla/5.0 (Macintosh; Intel Mac OS X 10_15_5) AppleWebKit/605.1.15 (KHTML, like Gecko) Version/13.1.1 Safari/605.1.15 (Applebot/0.1; +http://www.apple.com/go/applebot)"
157.90.177.217 - - [02/Dec/2021:06:35:33 +0100] "GET /laissez-lucie-faire-bear-mini-p-42261.html HTTP/1.0" 200 73387 "-" "Mozilla/5.0 (compatible; BLEXBot/1.0; +http://webmeup-crawler.com/)"
185.191.171.39 - - [02/Dec/2021:06:35:35 +0100] "GET /vanity-mickey-mouse-comics-vintage-p-34771.html HTTP/1.0" 200 70774 "-" "Mozilla/5.0 (compatible; SemrushBot/7~bl; +http://www.semrush.com/bot.html)"
185.191.171.39 - - [02/Dec/2021:06:35:39 +0100] "GET /merci-gustave-minnie-miss-liberty-mug-p-34905.html HTTP/1.0" 301 73513 "-" "Mozilla/5.0 (compatible; SemrushBot/7~bl; +http://www.semrush.com/bot.html)"
157.90.177.217 - - [02/Dec/2021:06:35:44 +0100] "GET /laissez-lucie-faire-bichette-glasses-p-42662.html HTTP/1.0" 200 73458 "-" "Mozilla/5.0 (compatible; BLEXBot/1.0; +http://webmeup-crawler.com/)"
114.119.128.253 - - [02/Dec/2021:06:35:46 +0100] "GET /images/big_prod/3700572751757.jpg HTTP/1.0" 200 268 "-" "Mozilla/5.0 (Linux; Android 7.0;) AppleWebKit/537.36 (KHTML, like Gecko) Mobile Safari/537.36 (compatible; PetalBot;+https://webmaster.petalsearch.com/site/petalbot)"
185.191.171.25 - - [02/Dec/2021:06:35:47 +0100] "GET /merci-gustave-minnie-miss-liberty-p-34905.html HTTP/1.0" 200 73413 "-" "Mozilla/5.0 (compatible; SemrushBot/7~bl; +http://www.semrush.com/bot.html)"
157.90.177.217 - - [02/Dec/2021:06:35:52 +0100] "GET /laissez-lucie-faire-cups-espresso-cups-espresso-p-38469.html HTTP/1.0" 200 73486 "-" "Mozilla/5.0 (compatible; BLEXBot/1.0; +http://webmeup-crawler.com/)"
185.191.171.37 - - [02/Dec/2021:06:35:52 +0100] "GET /small-baby-teeth-p-51579.html HTTP/1.0" 200 74149 "-" "Mozilla/5.0 (compatible; SemrushBot/7~bl; +http://www.semrush.com/bot.html)"
54.36.149.49 - - [02/Dec/2021:06:35:54 +0100] "GET /home-decoration-c-13.html?page=72 HTTP/1.0" 200 91768 "-" "Mozilla/5.0 (compatible; AhrefsBot/7.0; +http://ahrefs.com/robot/)"
185.191.171.6 - - [02/Dec/2021:06:35:56 +0100] "GET /corsica-white-p-43548.html HTTP/1.0" 200 73196 "-" "Mozilla/5.0 (compatible; SemrushBot/7~bl; +http://www.semrush.com/bot.html)"
157.90.177.217 - - [02/Dec/2021:06:35:58 +0100] "GET /laissez-lucie-faire-cups-espresso-cups-espresso-p-42256.html HTTP/1.0" 200 73485 "-" "Mozilla/5.0 (compatible; BLEXBot/1.0; +http://webmeup-crawler.com/)"
147.92.153.1 - - [02/Dec/2021:06:36:01 +0100] "GET /door-plate-prire-ptanque-p-56789.html HTTP/1.0" 200 73964 "-" "Mozilla/5.0 (compatible; Linespider/1.1; +https://lin.ee/4dwXkTH)"
157.90.177.217 - - [02/Dec/2021:06:36:04 +0100] "GET /laissez-lucie-faire-jack-glasses-p-42663.html HTTP/1.0" 200 73436 "-" "Mozilla/5.0 (compatible; BLEXBot/1.0; +http://webmeup-crawler.com/)"
157.90.177.217 - - [02/Dec/2021:06:36:08 +0100] "GET /laissez-lucie-faire-kate-glasses-p-42664.html HTTP/1.0" 200 73436 "-" "Mozilla/5.0 (compatible; BLEXBot/1.0; +http://webmeup-crawler.com/)"
157.90.177.217 - - [02/Dec/2021:06:36:16 +0100] "GET /laissez-lucie-faire-large-make-manu-p-44834.html HTTP/1.0" 200 73549 "-" "Mozilla/5.0 (compatible; BLEXBot/1.0; +http://webmeup-crawler.com/)"
149.28.94.127 - - [02/Dec/2021:06:36:19 +0100] "GET /images/mini_prod/3281099993733.jpg HTTP/1.0" 200 269 "-" "Mozilla/5.0 (X11; Ubuntu; Linux x86_64; rv:72.0) Gecko/20100101 Firefox/72.0"
157.90.177.217 - - [02/Dec/2021:06:36:25 +0100] "GET /laissez-lucie-faire-large-make-roberto-p-44830.html HTTP/1.0" 200 73609 "-" "Mozilla/5.0 (compatible; BLEXBot/1.0; +http://webmeup-crawler.com/)"
157.90.177.217 - - [02/Dec/2021:06:36:31 +0100] "GET /robots.txt HTTP/1.0" 301 531 "-" "Mozilla/5.0 (compatible; BLEXBot/1.0; +http://webmeup-crawler.com/)"
157.90.177.217 - - [02/Dec/2021:06:36:31 +0100] "GET /robots.txt HTTP/1.0" 200 245 "-" "Mozilla/5.0 (compatible; BLEXBot/1.0; +http://webmeup-crawler.com/)"
157.90.177.217 - - [02/Dec/2021:06:36:31 +0100] "GET /laissez-lucie-faire-large-make-wendy-p-49007.html HTTP/1.0" 200 74196 "-" "Mozilla/5.0 (compatible; BLEXBot/1.0; +http://webmeup-crawler.com/)"
157.90.177.217 - - [02/Dec/2021:06:36:38 +0100] "GET /laissez-lucie-faire-large-wallet-phenix-p-42659.html HTTP/1.0" 200 73563 "-" "Mozilla/5.0 (compatible; BLEXBot/1.0; +http://webmeup-crawler.com/)"
157.90.177.217 - - [02/Dec/2021:06:36:45 +0100] "GET /laissez-lucie-faire-lauren-glasses-p-42665.html HTTP/1.0" 200 73446 "-" "Mozilla/5.0 (compatible; BLEXBot/1.0; +http://webmeup-crawler.com/)"
54.36.148.231 - - [02/Dec/2021:06:36:50 +0100] "GET /images/big_prod/028399294992.jpg HTTP/1.0" 200 267 "-" "Mozilla/5.0 (compatible; AhrefsBot/7.0; +http://ahrefs.com/robot/)"
157.90.177.217 - - [02/Dec/2021:06:36:51 +0100] "GET /laissez-lucie-faire-liberty-adult-apron-p-39875.html HTTP/1.0" 200 73357 "-" "Mozilla/5.0 (compatible; BLEXBot/1.0; +http://webmeup-crawler.com/)"
157.55.39.108 - - [02/Dec/2021:06:37:05 +0100] "GET /images/big_prod_1/3520071772844B.jpg HTTP/1.0" 200 271 "-" "Mozilla/5.0 (compatible; bingbot/2.0; +http://www.bing.com/bingbot.htm)"
157.90.177.217 - - [02/Dec/2021:06:37:01 +0100] "GET /laissez-lucie-faire-make-maria-p-38980.html HTTP/1.0" 200 74197 "-" "Mozilla/5.0 (compatible; BLEXBot/1.0; +http://webmeup-crawler.com/)"
114.119.128.37 - - [02/Dec/2021:06:37:09 +0100] "GET /om-small-box-carved-p-41662.html HTTP/1.0" 301 74147 "-" "Mozilla/5.0 (Linux; Android 7.0;) AppleWebKit/537.36 (KHTML, like Gecko) Mobile Safari/537.36 (compatible; PetalBot;+https://webmaster.petalsearch.com/site/petalbot)"
157.90.177.217 - - [02/Dec/2021:06:37:09 +0100] "GET /laissez-lucie-faire-make-phenix-p-42655.html HTTP/1.0" 200 73530 "-" "Mozilla/5.0 (compatible; BLEXBot/1.0; +http://webmeup-crawler.com/)"
54.36.148.161 - - [02/Dec/2021:06:37:12 +0100] "GET /tealight-metal-p-31497.html HTTP/1.0" 200 73322 "-" "Mozilla/5.0 (compatible; AhrefsBot/7.0; +http://ahrefs.com/robot/)"
114.119.128.37 - - [02/Dec/2021:06:37:13 +0100] "GET /small-carved-p-41662.html HTTP/1.0" 200 74068 "-" "Mozilla/5.0 (Linux; Android 7.0;) AppleWebKit/537.36 (KHTML, like Gecko) Mobile Safari/537.36 (compatible; PetalBot;+https://webmaster.petalsearch.com/site/petalbot)"
157.90.177.217 - - [02/Dec/2021:06:37:15 +0100] "GET /laissez-lucie-faire-make-wapi-p-49004.html HTTP/1.0" 200 74385 "-" "Mozilla/5.0 (compatible; BLEXBot/1.0; +http://webmeup-crawler.com/)"
185.191.171.37 - - [02/Dec/2021:06:37:16 +0100] "GET /nici-bubble-keyring-plush-p-35195.html HTTP/1.0" 200 73300 "-" "Mozilla/5.0 (compatible; SemrushBot/7~bl; +http://www.semrush.com/bot.html)"
157.90.177.217 - - [02/Dec/2021:06:37:22 +0100] "GET /laissez-lucie-faire-make-wendy-p-49005.html HTTP/1.0" 200 74398 "-" "Mozilla/5.0 (compatible; BLEXBot/1.0; +http://webmeup-crawler.com/)"
157.90.177.217 - - [02/Dec/2021:06:37:28 +0100] "GET /laissez-lucie-faire-manu-glasses-p-44820.html HTTP/1.0" 200 73417 "-" "Mozilla/5.0 (compatible; BLEXBot/1.0; +http://webmeup-crawler.com/)"
185.191.171.3 - - [02/Dec/2021:06:37:30 +0100] "GET /polyresin-statuette-justicia-p-50204.html?action=add_product HTTP/1.0" 302 476 "-" "Mozilla/5.0 (compatible; SemrushBot/7~bl; +http://www.semrush.com/bot.html)"
157.90.177.217 - - [02/Dec/2021:06:37:35 +0100] "GET /laissez-lucie-faire-paris-p-31090.html HTTP/1.0" 200 73288 "-" "Mozilla/5.0 (compatible; BLEXBot/1.0; +http://webmeup-crawler.com/)"
157.90.177.217 - - [02/Dec/2021:06:37:41 +0100] "GET /laissez-lucie-faire-phenix-glasses-p-42669.html HTTP/1.0" 200 73446 "-" "Mozilla/5.0 (compatible; BLEXBot/1.0; +http://webmeup-crawler.com/)"
157.90.177.217 - - [02/Dec/2021:06:37:46 +0100] "GET /laissez-lucie-faire-placemat-p-31116.html HTTP/1.0" 200 73278 "-" "Mozilla/5.0 (compatible; BLEXBot/1.0; +http://webmeup-crawler.com/)"
157.90.177.217 - - [02/Dec/2021:06:37:55 +0100] "GET /laissez-lucie-faire-placemat-p-42715.html HTTP/1.0" 200 73261 "-" "Mozilla/5.0 (compatible; BLEXBot/1.0; +http://webmeup-crawler.com/)"
157.90.177.217 - - [02/Dec/2021:06:38:01 +0100] "GET /laissez-lucie-faire-toiletry-tino-p-49010.html HTTP/1.0" 200 74332 "-" "Mozilla/5.0 (compatible; BLEXBot/1.0; +http://webmeup-crawler.com/)"
185.191.171.42 - - [02/Dec/2021:06:38:02 +0100] "GET /marseille-olympique-laser-keyring-p-52736.html HTTP/1.0" 200 74196 "-" "Mozilla/5.0 (compatible; SemrushBot/7~bl; +http://www.semrush.com/bot.html)"
157.90.177.217 - - [02/Dec/2021:06:38:07 +0100] "GET /laissez-lucie-faire-toiletry-wendy-p-49011.html HTTP/1.0" 200 74345 "-" "Mozilla/5.0 (compatible; BLEXBot/1.0; +http://webmeup-crawler.com/)"
157.90.177.217 - - [02/Dec/2021:06:38:14 +0100] "GET /laissez-lucie-faire-wapi-glasses-p-49003.html HTTP/1.0" 200 74046 "-" "Mozilla/5.0 (compatible; BLEXBot/1.0; +http://webmeup-crawler.com/)"
157.90.177.217 - - [02/Dec/2021:06:38:18 +0100] "GET /lama-mania-cups-espresso-p-53414.html HTTP/1.0" 200 73276 "-" "Mozilla/5.0 (compatible; BLEXBot/1.0; +http://webmeup-crawler.com/)"
157.90.177.217 - - [02/Dec/2021:06:38:22 +0100] "GET /lamas-adult-apron-p-45572.html HTTP/1.0" 200 73194 "-" "Mozilla/5.0 (compatible; BLEXBot/1.0; +http://webmeup-crawler.com/)"
157.90.177.217 - - [02/Dec/2021:06:38:29 +0100] "GET /lamas-large-bowl-p-45766.html HTTP/1.0" 200 73176 "-" "Mozilla/5.0 (compatible; BLEXBot/1.0; +http://webmeup-crawler.com/)"
114.119.128.40 - - [02/Dec/2021:06:38:32 +0100] "GET /teo-jasmin-small-cabas-nova-p-43470.html HTTP/1.0" 301 74272 "-" "Mozilla/5.0 (Linux; Android 7.0;) AppleWebKit/537.36 (KHTML, like Gecko) Mobile Safari/537.36 (compatible; PetalBot;+https://webmaster.petalsearch.com/site/petalbot)"
157.90.177.217 - - [02/Dec/2021:06:38:35 +0100] "GET /lamas-table-p-45632.html HTTP/1.0" 200 73159 "-" "Mozilla/5.0 (compatible; BLEXBot/1.0; +http://webmeup-crawler.com/)"
54.36.149.87 - - [02/Dec/2021:06:38:37 +0100] "GET /furniture-knob-sold-individually-p-55702.html HTTP/1.0" 200 74243 "-" "Mozilla/5.0 (compatible; AhrefsBot/7.0; +http://ahrefs.com/robot/)"
114.119.128.40 - - [02/Dec/2021:06:38:37 +0100] "GET /jasmin-small-cabas-nova-p-43470.html HTTP/1.0" 200 74182 "-" "Mozilla/5.0 (Linux; Android 7.0;) AppleWebKit/537.36 (KHTML, like Gecko) Mobile Safari/537.36 (compatible; PetalBot;+https://webmaster.petalsearch.com/site/petalbot)"
157.90.177.217 - - [02/Dec/2021:06:38:43 +0100] "GET /lamp-spirit-charger-p-34692.html HTTP/1.0" 200 73443 "-" "Mozilla/5.0 (compatible; BLEXBot/1.0; +http://webmeup-crawler.com/)"
49.7.20.113 - - [02/Dec/2021:06:38:49 +0100] "GET / HTTP/1.0" 500 73218 "-" "Sogou web spider/4.0(+http://www.sogou.com/docs/help/webmasters.htm#07)"
157.90.177.217 - - [02/Dec/2021:06:38:51 +0100] "GET /lampshades-c-86_277.html?page=1 HTTP/1.0" 200 88835 "-" "Mozilla/5.0 (compatible; BLEXBot/1.0; +http://webmeup-crawler.com/)"
157.90.177.217 - - [02/Dec/2021:06:38:58 +0100] "GET /lantern-black-clock-p-45672.html HTTP/1.0" 200 73398 "-" "Mozilla/5.0 (compatible; BLEXBot/1.0; +http://webmeup-crawler.com/)"
51.68.224.127 - - [02/Dec/2021:06:39:03 +0100] "GET /adminweb/export_orders_xml.php?token=256de2z6edz6ed2z6DFSFsed2zed6zeDSFDSGdzedezfzf&maxorders=10&orderstart=1&status=14&start_date=2018-10-01 HTTP/1.0" 200 285 "-" "GesCom CharlotteBoutik Serveur"
51.68.224.127 - - [02/Dec/2021:06:39:03 +0100] "GET /adminweb/export_orders_xml.php?token=256de2z6edz6ed2z6DFSFsed2zed6zeDSFDSGdzedezfzf&maxorders=10&orderstart=1&status=6&start_date=2018-10-01 HTTP/1.0" 200 32471 "-" "GesCom CharlotteBoutik Serveur"
157.90.177.217 - - [02/Dec/2021:06:39:05 +0100] "GET /lantern-clock-p-45675.html HTTP/1.0" 200 73379 "-" "Mozilla/5.0 (compatible; BLEXBot/1.0; +http://webmeup-crawler.com/)"
157.90.177.217 - - [02/Dec/2021:06:39:12 +0100] "GET /large-bamboo-timpani-cats-p-49563.html HTTP/1.0" 200 73285 "-" "Mozilla/5.0 (compatible; BLEXBot/1.0; +http://webmeup-crawler.com/)"
185.191.171.15 - - [02/Dec/2021:06:39:16 +0100] "GET /stationery-and-cardmaking-c-129.html HTTP/1.0" 301 92751 "-" "Mozilla/5.0 (compatible; SemrushBot/7~bl; +http://www.semrush.com/bot.html)"
157.90.177.217 - - [02/Dec/2021:06:39:18 +0100] "GET /large-bowl-p-40459.html HTTP/1.0" 200 73128 "-" "Mozilla/5.0 (compatible; BLEXBot/1.0; +http://webmeup-crawler.com/)"
185.191.171.37 - - [02/Dec/2021:06:39:19 +0100] "GET /stationery-cardmaking-c-129.html HTTP/1.0" 200 92665 "-" "Mozilla/5.0 (compatible; SemrushBot/7~bl; +http://www.semrush.com/bot.html)"
185.191.171.19 - - [02/Dec/2021:06:39:23 +0100] "GET /hand-fatima-porcelain-lamp-p-52751.html?action=add_product HTTP/1.0" 302 476 "-" "Mozilla/5.0 (compatible; SemrushBot/7~bl; +http://www.semrush.com/bot.html)"
17.121.114.191 - - [02/Dec/2021:06:39:25 +0100] "GET /images/big_prod/4029811452781.jpg HTTP/1.0" 200 268 "-" "Mozilla/5.0 (Macintosh; Intel Mac OS X 10_15_5) AppleWebKit/605.1.15 (KHTML, like Gecko) Version/13.1.1 Safari/605.1.15 (Applebot/0.1; +http://www.apple.com/go/applebot)"
157.90.177.217 - - [02/Dec/2021:06:39:24 +0100] "GET /large-bowl-p-52621.html HTTP/1.0" 200 73132 "-" "Mozilla/5.0 (compatible; BLEXBot/1.0; +http://webmeup-crawler.com/)"
185.191.171.33 - - [02/Dec/2021:06:39:25 +0100] "GET /jasmin-geisha-companion-portfolio-p-40532.html?action=add_product HTTP/1.0" 302 476 "-" "Mozilla/5.0 (compatible; SemrushBot/7~bl; +http://www.semrush.com/bot.html)"
185.191.171.39 - - [02/Dec/2021:06:39:27 +0100] "GET /love-paris-p-39709.html?action=add_product HTTP/1.0" 302 476 "-" "Mozilla/5.0 (compatible; SemrushBot/7~bl; +http://www.semrush.com/bot.html)"
185.191.171.40 - - [02/Dec/2021:06:39:30 +0100] "GET /set-of-boards-of-wall-stickers-nici-p-14912.html HTTP/1.0" 301 70819 "-" "Mozilla/5.0 (compatible; SemrushBot/7~bl; +http://www.semrush.com/bot.html)"
157.90.177.217 - - [02/Dec/2021:06:39:32 +0100] "GET /large-bowl-p-53015.html HTTP/1.0" 200 73114 "-" "Mozilla/5.0 (compatible; BLEXBot/1.0; +http://webmeup-crawler.com/)"
