157.90.177.217 - - [02/Dec/2021:07:15:11 +0100] "GET /magnet-citron-p-40118.html HTTP/1.0" 200 73289 "-" "Mozilla/5.0 (compatible; BLEXBot/1.0; +http://webmeup-crawler.com/)"
157.90.177.217 - - [02/Dec/2021:07:15:16 +0100] "GET /magnet-citron-p-40120.html HTTP/1.0" 200 73259 "-" "Mozilla/5.0 (compatible; BLEXBot/1.0; +http://webmeup-crawler.com/)"
157.90.177.217 - - [02/Dec/2021:07:15:20 +0100] "GET /magnet-citron-p-40121.html HTTP/1.0" 200 73259 "-" "Mozilla/5.0 (compatible; BLEXBot/1.0; +http://webmeup-crawler.com/)"
157.90.177.217 - - [02/Dec/2021:07:15:24 +0100] "GET /magnet-citron-p-40122.html HTTP/1.0" 200 73259 "-" "Mozilla/5.0 (compatible; BLEXBot/1.0; +http://webmeup-crawler.com/)"
157.90.177.217 - - [02/Dec/2021:07:15:28 +0100] "GET /magnet-citron-p-40123.html HTTP/1.0" 200 73259 "-" "Mozilla/5.0 (compatible; BLEXBot/1.0; +http://webmeup-crawler.com/)"
157.90.177.217 - - [02/Dec/2021:07:15:34 +0100] "GET /magnet-citron-p-40124.html HTTP/1.0" 200 73259 "-" "Mozilla/5.0 (compatible; BLEXBot/1.0; +http://webmeup-crawler.com/)"
157.90.177.217 - - [02/Dec/2021:07:15:38 +0100] "GET /magnet-control-tassen-made-germany-p-47556.html HTTP/1.0" 200 74338 "-" "Mozilla/5.0 (compatible; BLEXBot/1.0; +http://webmeup-crawler.com/)"
157.90.177.217 - - [02/Dec/2021:07:15:41 +0100] "GET /magnet-dreamy-tassen-p-47559.html HTTP/1.0" 200 74182 "-" "Mozilla/5.0 (compatible; BLEXBot/1.0; +http://webmeup-crawler.com/)"
157.90.177.217 - - [02/Dec/2021:07:15:46 +0100] "GET /magnet-grinning-tassen-made-germany-p-47557.html HTTP/1.0" 200 74312 "-" "Mozilla/5.0 (compatible; BLEXBot/1.0; +http://webmeup-crawler.com/)"
157.90.177.217 - - [02/Dec/2021:07:15:51 +0100] "GET /magnet-happy-tassen-p-47561.html HTTP/1.0" 200 74175 "-" "Mozilla/5.0 (compatible; BLEXBot/1.0; +http://webmeup-crawler.com/)"
157.90.177.217 - - [02/Dec/2021:07:15:54 +0100] "GET /magnet-kissing-tassen-p-47560.html HTTP/1.0" 200 74193 "-" "Mozilla/5.0 (compatible; BLEXBot/1.0; +http://webmeup-crawler.com/)"
157.90.177.217 - - [02/Dec/2021:07:15:58 +0100] "GET /magnet-lavender-p-30711.html HTTP/1.0" 200 75354 "-" "Mozilla/5.0 (compatible; BLEXBot/1.0; +http://webmeup-crawler.com/)"
66.249.68.40 - - [02/Dec/2021:07:16:03 +0100] "GET /ads.txt HTTP/1.0" 404 1308 "-" "Mozilla/5.0 (compatible; Googlebot/2.1; +http://www.google.com/bot.html)"
157.90.177.217 - - [02/Dec/2021:07:16:03 +0100] "GET /magnet-little-prince-exupery-p-51219.html HTTP/1.0" 200 73331 "-" "Mozilla/5.0 (compatible; BLEXBot/1.0; +http://webmeup-crawler.com/)"
157.90.177.217 - - [02/Dec/2021:07:16:07 +0100] "GET /magnet-made-france-lavender-p-39446.html HTTP/1.0" 200 73385 "-" "Mozilla/5.0 (compatible; BLEXBot/1.0; +http://webmeup-crawler.com/)"
185.191.171.6 - - [02/Dec/2021:07:16:08 +0100] "GET /elmer-soft-ball-p-28352.html HTTP/1.0" 200 70679 "-" "Mozilla/5.0 (compatible; SemrushBot/7~bl; +http://www.semrush.com/bot.html)"
216.244.66.242 - - [02/Dec/2021:07:16:11 +0100] "GET /decorative-globe-p-42006.html HTTP/1.0" 200 70684 "-" "Mozilla/5.0 (compatible; DotBot/1.2; +https://opensiteexplorer.org/dotbot; help@moz.com)"
157.90.177.217 - - [02/Dec/2021:07:16:11 +0100] "GET /magnet-relief-little-prince-exupery-p-48346.html HTTP/1.0" 200 73430 "-" "Mozilla/5.0 (compatible; BLEXBot/1.0; +http://webmeup-crawler.com/)"
157.90.177.217 - - [02/Dec/2021:07:16:18 +0100] "GET /magnet-relief-little-prince-exupery-p-49210.html HTTP/1.0" 200 73369 "-" "Mozilla/5.0 (compatible; BLEXBot/1.0; +http://webmeup-crawler.com/)"
17.121.113.168 - - [02/Dec/2021:07:16:20 +0100] "GET /images/mini_prod/3553567139166.jpg HTTP/1.0" 200 269 "-" "Mozilla/5.0 (Macintosh; Intel Mac OS X 10_15_5) AppleWebKit/605.1.15 (KHTML, like Gecko) Version/13.1.1 Safari/605.1.15 (Applebot/0.1; +http://www.apple.com/go/applebot)"
157.90.177.217 - - [02/Dec/2021:07:16:22 +0100] "GET /magnet-relief-yellow-tour-france-p-54974.html HTTP/1.0" 200 73342 "-" "Mozilla/5.0 (compatible; BLEXBot/1.0; +http://webmeup-crawler.com/)"
157.90.177.217 - - [02/Dec/2021:07:16:28 +0100] "GET /magnet-resin-camembert-made-france-p-39110.html HTTP/1.0" 200 74224 "-" "Mozilla/5.0 (compatible; BLEXBot/1.0; +http://webmeup-crawler.com/)"
157.90.177.217 - - [02/Dec/2021:07:16:33 +0100] "GET /magnet-resin-camembert-petit-made-france-p-39120.html HTTP/1.0" 200 74394 "-" "Mozilla/5.0 (compatible; BLEXBot/1.0; +http://webmeup-crawler.com/)"
157.90.177.217 - - [02/Dec/2021:07:16:36 +0100] "GET /magnet-resin-plaisirs-france-made-france-p-39447.html HTTP/1.0" 200 73508 "-" "Mozilla/5.0 (compatible; BLEXBot/1.0; +http://webmeup-crawler.com/)"
157.90.177.217 - - [02/Dec/2021:07:16:40 +0100] "GET /magnet-tasty-tassen-made-germany-p-47558.html HTTP/1.0" 200 74291 "-" "Mozilla/5.0 (compatible; BLEXBot/1.0; +http://webmeup-crawler.com/)"
54.36.148.28 - - [02/Dec/2021:07:16:42 +0100] "GET /household-linen-c-11.html?page=44 HTTP/1.0" 200 93155 "-" "Mozilla/5.0 (compatible; AhrefsBot/7.0; +http://ahrefs.com/robot/)"
157.90.177.217 - - [02/Dec/2021:07:16:48 +0100] "GET /robots.txt HTTP/1.0" 301 531 "-" "Mozilla/5.0 (compatible; BLEXBot/1.0; +http://webmeup-crawler.com/)"
157.90.177.217 - - [02/Dec/2021:07:16:48 +0100] "GET /robots.txt HTTP/1.0" 200 245 "-" "Mozilla/5.0 (compatible; BLEXBot/1.0; +http://webmeup-crawler.com/)"
157.90.177.217 - - [02/Dec/2021:07:16:48 +0100] "GET /magnet-tour-france-p-51687.html HTTP/1.0" 200 73211 "-" "Mozilla/5.0 (compatible; BLEXBot/1.0; +http://webmeup-crawler.com/)"
157.90.177.217 - - [02/Dec/2021:07:16:53 +0100] "GET /magneti-stick-dressing-janod-p-20544.html HTTP/1.0" 200 73443 "-" "Mozilla/5.0 (compatible; BLEXBot/1.0; +http://webmeup-crawler.com/)"
216.244.66.242 - - [02/Dec/2021:07:16:57 +0100] "GET /cats-adult-apron-p-31411.html HTTP/1.0" 200 70684 "-" "Mozilla/5.0 (compatible; DotBot/1.2; +https://opensiteexplorer.org/dotbot; help@moz.com)"
185.191.171.7 - - [02/Dec/2021:07:16:59 +0100] "GET /cotton-floor-cushion-p-51756.html?action=add_product HTTP/1.0" 302 476 "-" "Mozilla/5.0 (compatible; SemrushBot/7~bl; +http://www.semrush.com/bot.html)"
216.244.66.242 - - [02/Dec/2021:07:17:03 +0100] "GET /heartfelt-vintage-gorjuss-post-card-p-34623.html HTTP/1.0" 200 70779 "-" "Mozilla/5.0 (compatible; DotBot/1.2; +https://opensiteexplorer.org/dotbot; help@moz.com)"
216.244.66.242 - - [02/Dec/2021:07:17:09 +0100] "GET /spiderman-cardigan-p-31337.html HTTP/1.0" 200 70694 "-" "Mozilla/5.0 (compatible; DotBot/1.2; +https://opensiteexplorer.org/dotbot; help@moz.com)"
202.61.253.63 - - [02/Dec/2021:07:17:31 +0100] "GET /robots.txt HTTP/1.0" 200 245 "-" "Mozilla/5.0 (compatible; MJ12bot/v1.4.8; http://mj12bot.com/)"
157.90.177.217 - - [02/Dec/2021:07:17:31 +0100] "GET /magnetic-globe-p-51890.html HTTP/1.0" 200 73838 "-" "Mozilla/5.0 (compatible; BLEXBot/1.0; +http://webmeup-crawler.com/)"
202.61.253.63 - - [02/Dec/2021:07:17:34 +0100] "GET /bathroom-accessories-c-13_172.html?page=4 HTTP/1.0" 200 91215 "-" "Mozilla/5.0 (compatible; MJ12bot/v1.4.8; http://mj12bot.com/)"
157.90.177.217 - - [02/Dec/2021:07:17:37 +0100] "GET /magnets-c-13_134.html?page=1 HTTP/1.0" 200 91852 "-" "Mozilla/5.0 (compatible; BLEXBot/1.0; +http://webmeup-crawler.com/)"
157.90.177.217 - - [02/Dec/2021:07:17:42 +0100] "GET /magnets-french-riviera-p-48341.html HTTP/1.0" 200 73357 "-" "Mozilla/5.0 (compatible; BLEXBot/1.0; +http://webmeup-crawler.com/)"
216.244.66.242 - - [02/Dec/2021:07:17:43 +0100] "GET /chat-chat-chat-toilet-seat-p-31401.html HTTP/1.0" 200 70734 "-" "Mozilla/5.0 (compatible; DotBot/1.2; +https://opensiteexplorer.org/dotbot; help@moz.com)"
157.90.177.217 - - [02/Dec/2021:07:17:46 +0100] "GET /magnets-gogh-p-48342.html HTTP/1.0" 200 73926 "-" "Mozilla/5.0 (compatible; BLEXBot/1.0; +http://webmeup-crawler.com/)"
157.90.177.217 - - [02/Dec/2021:07:17:53 +0100] "GET /magnets-gustav-klimt-p-51681.html HTTP/1.0" 200 73349 "-" "Mozilla/5.0 (compatible; BLEXBot/1.0; +http://webmeup-crawler.com/)"
216.244.66.242 - - [02/Dec/2021:07:17:53 +0100] "GET /gorjuss-scented-pencil-ruby-p-41177.html HTTP/1.0" 200 70724 "-" "Mozilla/5.0 (compatible; DotBot/1.2; +https://opensiteexplorer.org/dotbot; help@moz.com)"
202.61.253.63 - - [02/Dec/2021:07:17:56 +0100] "GET /pizza-authentic-italian-oven-mitt-p-37764.html HTTP/1.0" 200 73388 "-" "Mozilla/5.0 (compatible; MJ12bot/v1.4.8; http://mj12bot.com/)"
157.90.177.217 - - [02/Dec/2021:07:17:57 +0100] "GET /magnets-paris-p-48343.html HTTP/1.0" 200 73312 "-" "Mozilla/5.0 (compatible; BLEXBot/1.0; +http://webmeup-crawler.com/)"
216.244.66.242 - - [02/Dec/2021:07:18:02 +0100] "GET /horse-bath-towel-p-40754.html HTTP/1.0" 301 70680 "-" "Mozilla/5.0 (compatible; DotBot/1.2; +https://opensiteexplorer.org/dotbot; help@moz.com)"
157.90.177.217 - - [02/Dec/2021:07:18:03 +0100] "GET /magnets-paris-p-48344.html HTTP/1.0" 200 73312 "-" "Mozilla/5.0 (compatible; BLEXBot/1.0; +http://webmeup-crawler.com/)"
157.90.177.217 - - [02/Dec/2021:07:18:08 +0100] "GET /magnets-provence-p-48340.html HTTP/1.0" 200 73327 "-" "Mozilla/5.0 (compatible; BLEXBot/1.0; +http://webmeup-crawler.com/)"
216.244.66.242 - - [02/Dec/2021:07:18:09 +0100] "GET /raving-rabbids-large-glass-p-24541.html HTTP/1.0" 200 70734 "-" "Mozilla/5.0 (compatible; DotBot/1.2; +https://opensiteexplorer.org/dotbot; help@moz.com)"
157.90.177.217 - - [02/Dec/2021:07:18:12 +0100] "GET /maison-vacances-wall-hanger-p-41102.html HTTP/1.0" 200 73500 "-" "Mozilla/5.0 (compatible; BLEXBot/1.0; +http://webmeup-crawler.com/)"
157.90.177.217 - - [02/Dec/2021:07:18:15 +0100] "GET /maisy-baby-training-p-19429.html HTTP/1.0" 200 73427 "-" "Mozilla/5.0 (compatible; BLEXBot/1.0; +http://webmeup-crawler.com/)"
54.36.148.10 - - [02/Dec/2021:07:18:17 +0100] "GET /home-decoration-c-13.html?page=75 HTTP/1.0" 200 92576 "-" "Mozilla/5.0 (compatible; AhrefsBot/7.0; +http://ahrefs.com/robot/)"
216.244.66.242 - - [02/Dec/2021:07:18:18 +0100] "GET /rectangular-signboard-arrow-wood-model-p-45478.html HTTP/1.0" 200 73430 "-" "Mozilla/5.0 (compatible; DotBot/1.2; +https://opensiteexplorer.org/dotbot; help@moz.com)"
157.90.177.217 - - [02/Dec/2021:07:18:21 +0100] "GET /maisy-melamine-baby-dinner-p-9329.html HTTP/1.0" 200 73372 "-" "Mozilla/5.0 (compatible; BLEXBot/1.0; +http://webmeup-crawler.com/)"
157.90.177.217 - - [02/Dec/2021:07:18:24 +0100] "GET /make-planet-green-again-adult-apron-p-55852.html HTTP/1.0" 200 74000 "-" "Mozilla/5.0 (compatible; BLEXBot/1.0; +http://webmeup-crawler.com/)"
216.244.66.242 - - [02/Dec/2021:07:18:27 +0100] "GET /skull-yellow-moneybox-p-34176.html HTTP/1.0" 200 70709 "-" "Mozilla/5.0 (compatible; DotBot/1.2; +https://opensiteexplorer.org/dotbot; help@moz.com)"
157.90.177.217 - - [02/Dec/2021:07:18:27 +0100] "GET /makeup-cabinet-with-music-frozen-p-51485.html HTTP/1.0" 200 74459 "-" "Mozilla/5.0 (compatible; BLEXBot/1.0; +http://webmeup-crawler.com/)"
185.191.171.1 - - [02/Dec/2021:07:18:34 +0100] "GET /-p-42302.html?action=add_product HTTP/1.0" 302 476 "-" "Mozilla/5.0 (compatible; SemrushBot/7~bl; +http://www.semrush.com/bot.html)"
216.244.66.242 - - [02/Dec/2021:07:18:34 +0100] "GET /stade-toulousain-pencil-case-p-30633.html HTTP/1.0" 200 70744 "-" "Mozilla/5.0 (compatible; DotBot/1.2; +https://opensiteexplorer.org/dotbot; help@moz.com)"
157.90.177.217 - - [02/Dec/2021:07:18:36 +0100] "GET /makeup-mani-lucky-light-pink-p-37357.html HTTP/1.0" 200 73507 "-" "Mozilla/5.0 (compatible; BLEXBot/1.0; +http://webmeup-crawler.com/)"
185.191.171.44 - - [02/Dec/2021:07:18:36 +0100] "GET /paris-mouse-p-14082.html HTTP/1.0" 200 73172 "-" "Mozilla/5.0 (compatible; SemrushBot/7~bl; +http://www.semrush.com/bot.html)"
216.244.66.242 - - [02/Dec/2021:07:18:41 +0100] "GET /starry-russian-black-samsung-galaxy-note-phone-cover-cbkreation-p-18483.html HTTP/1.0" 200 70928 "-" "Mozilla/5.0 (compatible; DotBot/1.2; +https://opensiteexplorer.org/dotbot; help@moz.com)"
157.90.177.217 - - [02/Dec/2021:07:18:41 +0100] "GET /makeup-mani-lucky-light-pink-p-47622.html HTTP/1.0" 200 74144 "-" "Mozilla/5.0 (compatible; BLEXBot/1.0; +http://webmeup-crawler.com/)"
20.109.132.165 - - [02/Dec/2021:07:18:45 +0100] "GET /images/big_prod/8720088296288.jpg HTTP/1.0" 200 268 "-" "Mozilla/5.0 (X11; Linux x86_64) AppleWebKit/537.36 (KHTML, like Gecko) Chrome/62.0.3202.62 Safari/537.36"
216.244.66.242 - - [02/Dec/2021:07:18:47 +0100] "GET /tweety-cupidon-clock-p-17433.html HTTP/1.0" 301 70680 "-" "Mozilla/5.0 (compatible; DotBot/1.2; +https://opensiteexplorer.org/dotbot; help@moz.com)"
185.191.171.42 - - [02/Dec/2021:07:18:50 +0100] "GET /leopard-bling-decorative-statue-p-35416.html HTTP/1.0" 200 73390 "-" "Mozilla/5.0 (compatible; SemrushBot/7~bl; +http://www.semrush.com/bot.html)"
157.90.177.217 - - [02/Dec/2021:07:18:51 +0100] "GET /makeup-mani-lucky-p-44101.html HTTP/1.0" 200 73405 "-" "Mozilla/5.0 (compatible; BLEXBot/1.0; +http://webmeup-crawler.com/)"
216.244.66.242 - - [02/Dec/2021:07:18:52 +0100] "GET /laissez-lucie-faire-zipped-purse-bernard-p-38984.html HTTP/1.0" 200 70780 "-" "Mozilla/5.0 (compatible; DotBot/1.2; +https://opensiteexplorer.org/dotbot; help@moz.com)"
20.109.134.229 - - [02/Dec/2021:07:18:54 +0100] "GET /images/med_prod/1345544787208.jpg HTTP/1.0" 200 268 "-" "Mozilla/5.0 (Windows NT 10.0; ) Gecko/20100101 Firefox/61.0"
157.90.177.217 - - [02/Dec/2021:07:18:53 +0100] "GET /makeup-mani-lucky-p-44102.html HTTP/1.0" 200 73405 "-" "Mozilla/5.0 (compatible; BLEXBot/1.0; +http://webmeup-crawler.com/)"
157.90.177.217 - - [02/Dec/2021:07:18:56 +0100] "GET /makeup-mani-lucky-p-47623.html HTTP/1.0" 200 74018 "-" "Mozilla/5.0 (compatible; BLEXBot/1.0; +http://webmeup-crawler.com/)"
185.191.171.33 - - [02/Dec/2021:07:19:02 +0100] "GET /decorative-owls-patinated-resin-p-56441.html?action=add_product HTTP/1.0" 302 476 "-" "Mozilla/5.0 (compatible; SemrushBot/7~bl; +http://www.semrush.com/bot.html)"
157.90.177.217 - - [02/Dec/2021:07:19:03 +0100] "GET /makeup-mani-lucky-pink-p-37355.html HTTP/1.0" 200 73459 "-" "Mozilla/5.0 (compatible; BLEXBot/1.0; +http://webmeup-crawler.com/)"
157.90.177.217 - - [02/Dec/2021:07:19:09 +0100] "GET /makeup-retro-pastoral-poetry-p-37594.html HTTP/1.0" 200 73448 "-" "Mozilla/5.0 (compatible; BLEXBot/1.0; +http://webmeup-crawler.com/)"
185.191.171.10 - - [02/Dec/2021:07:19:12 +0100] "GET /towel-bath-towels-c-11_70.html?page=3 HTTP/1.0" 200 85788 "-" "Mozilla/5.0 (compatible; SemrushBot/7~bl; +http://www.semrush.com/bot.html)"
157.90.177.217 - - [02/Dec/2021:07:19:15 +0100] "GET /makeup-retro-school-p-37593.html HTTP/1.0" 200 73400 "-" "Mozilla/5.0 (compatible; BLEXBot/1.0; +http://webmeup-crawler.com/)"
157.90.177.217 - - [02/Dec/2021:07:19:21 +0100] "GET /mala-labradorite-quality-beads-p-47248.html HTTP/1.0" 200 74439 "-" "Mozilla/5.0 (compatible; BLEXBot/1.0; +http://webmeup-crawler.com/)"
157.90.177.217 - - [02/Dec/2021:07:19:25 +0100] "GET /maldives-jute-p-56460.html HTTP/1.0" 200 74216 "-" "Mozilla/5.0 (compatible; BLEXBot/1.0; +http://webmeup-crawler.com/)"
157.90.177.217 - - [02/Dec/2021:07:19:30 +0100] "GET /male-statuette-base-p-56776.html HTTP/1.0" 200 74158 "-" "Mozilla/5.0 (compatible; BLEXBot/1.0; +http://webmeup-crawler.com/)"
185.191.171.10 - - [02/Dec/2021:07:19:30 +0100] "GET /white-and-silver-ceramic-lamp-p-52783.html HTTP/1.0" 301 70765 "-" "Mozilla/5.0 (compatible; SemrushBot/7~bl; +http://www.semrush.com/bot.html)"
185.191.171.11 - - [02/Dec/2021:07:19:34 +0100] "GET /silver-ceramic-lamp-p-52783.html HTTP/1.0" 200 70679 "-" "Mozilla/5.0 (compatible; SemrushBot/7~bl; +http://www.semrush.com/bot.html)"
157.90.177.217 - - [02/Dec/2021:07:19:35 +0100] "GET /maman-elle-dchire-black-women-shirt-p-30945.html HTTP/1.0" 200 75341 "-" "Mozilla/5.0 (compatible; BLEXBot/1.0; +http://webmeup-crawler.com/)"
157.90.177.217 - - [02/Dec/2021:07:19:40 +0100] "GET /maman-elle-dchire-white-shirt-p-48998.html HTTP/1.0" 200 75300 "-" "Mozilla/5.0 (compatible; BLEXBot/1.0; +http://webmeup-crawler.com/)"
54.36.149.9 - - [02/Dec/2021:07:19:42 +0100] "GET /marble-tile-stickers-p-51946.html HTTP/1.0" 200 73986 "-" "Mozilla/5.0 (compatible; AhrefsBot/7.0; +http://ahrefs.com/robot/)"
157.90.177.217 - - [02/Dec/2021:07:19:43 +0100] "GET /maman-super-maman-adult-apron-p-54711.html HTTP/1.0" 200 73364 "-" "Mozilla/5.0 (compatible; BLEXBot/1.0; +http://webmeup-crawler.com/)"
157.90.177.217 - - [02/Dec/2021:07:19:47 +0100] "GET /mandala-blue-carpet-p-56387.html HTTP/1.0" 200 74202 "-" "Mozilla/5.0 (compatible; BLEXBot/1.0; +http://webmeup-crawler.com/)"
157.90.177.217 - - [02/Dec/2021:07:19:53 +0100] "GET /mandala-coasters-blue-p-54075.html HTTP/1.0" 200 73266 "-" "Mozilla/5.0 (compatible; BLEXBot/1.0; +http://webmeup-crawler.com/)"
157.90.177.217 - - [02/Dec/2021:07:19:58 +0100] "GET /mandala-coasters-blue-p-54076.html HTTP/1.0" 200 73266 "-" "Mozilla/5.0 (compatible; BLEXBot/1.0; +http://webmeup-crawler.com/)"
157.90.177.217 - - [02/Dec/2021:07:20:03 +0100] "GET /mandala-coasters-ceramic-p-44401.html HTTP/1.0" 200 73952 "-" "Mozilla/5.0 (compatible; BLEXBot/1.0; +http://webmeup-crawler.com/)"
20.109.134.252 - - [02/Dec/2021:07:20:07 +0100] "GET /images/img25630.jpg HTTP/1.0" 200 254 "-" "Mozilla/4.0 (compatible; MSIE 7.0; Windows NT 6.0)"
185.191.171.25 - - [02/Dec/2021:07:20:08 +0100] "GET /little-prince-placemat-p-47172.html HTTP/1.0" 200 73357 "-" "Mozilla/5.0 (compatible; SemrushBot/7~bl; +http://www.semrush.com/bot.html)"
157.90.177.217 - - [02/Dec/2021:07:20:08 +0100] "GET /mandala-coasters-orange-p-54064.html HTTP/1.0" 200 73280 "-" "Mozilla/5.0 (compatible; BLEXBot/1.0; +http://webmeup-crawler.com/)"
216.244.66.242 - - [02/Dec/2021:07:20:10 +0100] "GET /small-oval-placemat-p-17138.html HTTP/1.0" 200 73626 "-" "Mozilla/5.0 (compatible; DotBot/1.2; +https://opensiteexplorer.org/dotbot; help@moz.com)"
157.90.177.217 - - [02/Dec/2021:07:20:14 +0100] "GET /mandala-coasters-orange-p-54066.html HTTP/1.0" 200 73280 "-" "Mozilla/5.0 (compatible; BLEXBot/1.0; +http://webmeup-crawler.com/)"
157.90.177.217 - - [02/Dec/2021:07:20:17 +0100] "GET /mandala-coasters-orange-p-54067.html HTTP/1.0" 200 73280 "-" "Mozilla/5.0 (compatible; BLEXBot/1.0; +http://webmeup-crawler.com/)"
157.90.177.217 - - [02/Dec/2021:07:20:20 +0100] "GET /mandala-coasters-p-53024.html HTTP/1.0" 200 73209 "-" "Mozilla/5.0 (compatible; BLEXBot/1.0; +http://webmeup-crawler.com/)"
157.90.177.217 - - [02/Dec/2021:07:20:23 +0100] "GET /mandala-coasters-p-54068.html HTTP/1.0" 200 73251 "-" "Mozilla/5.0 (compatible; BLEXBot/1.0; +http://webmeup-crawler.com/)"
157.90.177.217 - - [02/Dec/2021:07:20:28 +0100] "GET /mandala-coasters-p-54069.html HTTP/1.0" 200 73251 "-" "Mozilla/5.0 (compatible; BLEXBot/1.0; +http://webmeup-crawler.com/)"
157.90.177.217 - - [02/Dec/2021:07:20:35 +0100] "GET /mandala-coasters-p-54070.html HTTP/1.0" 200 73251 "-" "Mozilla/5.0 (compatible; BLEXBot/1.0; +http://webmeup-crawler.com/)"
157.90.177.217 - - [02/Dec/2021:07:20:39 +0100] "GET /mandala-coasters-p-55596.html HTTP/1.0" 200 74243 "-" "Mozilla/5.0 (compatible; BLEXBot/1.0; +http://webmeup-crawler.com/)"
157.90.177.217 - - [02/Dec/2021:07:20:43 +0100] "GET /mandala-coasters-p-55597.html HTTP/1.0" 200 74243 "-" "Mozilla/5.0 (compatible; BLEXBot/1.0; +http://webmeup-crawler.com/)"
157.90.177.217 - - [02/Dec/2021:07:20:46 +0100] "GET /mandala-coasters-pink-p-54071.html HTTP/1.0" 200 73266 "-" "Mozilla/5.0 (compatible; BLEXBot/1.0; +http://webmeup-crawler.com/)"
20.109.134.228 - - [02/Dec/2021:07:20:51 +0100] "GET /images/med_prod/8435306284311.jpg HTTP/1.0" 200 268 "-" "Mozilla/5.0 (Windows NT 10.0; WOW64) AppleWebKit/537.36 (KHTML, like Gecko) Chrome/64.0.3282.186 Safari/537.36"
157.90.177.217 - - [02/Dec/2021:07:20:52 +0100] "GET /mandala-coasters-pink-p-54073.html HTTP/1.0" 200 73266 "-" "Mozilla/5.0 (compatible; BLEXBot/1.0; +http://webmeup-crawler.com/)"
66.249.68.40 - - [02/Dec/2021:07:20:55 +0100] "GET /fairy-lights-c-86_279.html HTTP/1.0" 200 84894 "-" "Mozilla/5.0 (Linux; Android 6.0.1; Nexus 5X Build/MMB29P) AppleWebKit/537.36 (KHTML, like Gecko) Chrome/96.0.4664.45 Mobile Safari/537.36 (compatible; Googlebot/2.1; +http://www.google.com/bot.html)"
157.90.177.217 - - [02/Dec/2021:07:20:57 +0100] "GET /mandala-coasters-purple-p-54077.html HTTP/1.0" 200 73280 "-" "Mozilla/5.0 (compatible; BLEXBot/1.0; +http://webmeup-crawler.com/)"
157.90.177.217 - - [02/Dec/2021:07:21:02 +0100] "GET /mandala-mini-tray-p-45584.html HTTP/1.0" 200 73300 "-" "Mozilla/5.0 (compatible; BLEXBot/1.0; +http://webmeup-crawler.com/)"
157.90.177.217 - - [02/Dec/2021:07:21:06 +0100] "GET /mandala-p-55188.html HTTP/1.0" 200 73978 "-" "Mozilla/5.0 (compatible; BLEXBot/1.0; +http://webmeup-crawler.com/)"
216.244.66.242 - - [02/Dec/2021:07:21:06 +0100] "GET /despicable-marbles-p-33480.html HTTP/1.0" 200 73427 "-" "Mozilla/5.0 (compatible; DotBot/1.2; +https://opensiteexplorer.org/dotbot; help@moz.com)"
54.36.149.7 - - [02/Dec/2021:07:21:11 +0100] "GET /dishes-c-12.html?page=13 HTTP/1.0" 200 91680 "-" "Mozilla/5.0 (compatible; AhrefsBot/7.0; +http://ahrefs.com/robot/)"
157.90.177.217 - - [02/Dec/2021:07:21:12 +0100] "GET /mandala-p-55189.html HTTP/1.0" 200 73979 "-" "Mozilla/5.0 (compatible; BLEXBot/1.0; +http://webmeup-crawler.com/)"
157.90.177.217 - - [02/Dec/2021:07:21:17 +0100] "GET /mandalas-coasters-p-47155.html HTTP/1.0" 200 74036 "-" "Mozilla/5.0 (compatible; BLEXBot/1.0; +http://webmeup-crawler.com/)"
157.90.177.217 - - [02/Dec/2021:07:21:24 +0100] "GET /mandalas-coasters-p-47156.html HTTP/1.0" 200 74036 "-" "Mozilla/5.0 (compatible; BLEXBot/1.0; +http://webmeup-crawler.com/)"
207.46.13.202 - - [02/Dec/2021:07:21:26 +0100] "GET /images/big_prod/3494150108834.jpg HTTP/1.0" 200 268 "-" "Mozilla/5.0 (compatible; bingbot/2.0; +http://www.bing.com/bingbot.htm)"
157.90.177.217 - - [02/Dec/2021:07:21:29 +0100] "GET /mango-wood-mirror-round-p-49412.html HTTP/1.0" 200 73272 "-" "Mozilla/5.0 (compatible; BLEXBot/1.0; +http://webmeup-crawler.com/)"
185.191.171.35 - - [02/Dec/2021:07:21:30 +0100] "GET /johnny-hallyday-zippo-lighter-p-49856.html HTTP/1.0" 200 74376 "-" "Mozilla/5.0 (compatible; SemrushBot/7~bl; +http://www.semrush.com/bot.html)"
157.90.177.217 - - [02/Dec/2021:07:21:33 +0100] "GET /mani-lucky-brush-p-44110.html HTTP/1.0" 200 73276 "-" "Mozilla/5.0 (compatible; BLEXBot/1.0; +http://webmeup-crawler.com/)"
157.90.177.217 - - [02/Dec/2021:07:21:36 +0100] "GET /mani-lucky-compact-mirror-p-37334.html HTTP/1.0" 200 73371 "-" "Mozilla/5.0 (compatible; BLEXBot/1.0; +http://webmeup-crawler.com/)"
157.90.177.217 - - [02/Dec/2021:07:21:41 +0100] "GET /mani-lucky-glasses-case-p-42404.html HTTP/1.0" 200 73979 "-" "Mozilla/5.0 (compatible; BLEXBot/1.0; +http://webmeup-crawler.com/)"
157.90.177.217 - - [02/Dec/2021:07:21:45 +0100] "GET /mani-lucky-glasses-case-p-42406.html HTTP/1.0" 200 73979 "-" "Mozilla/5.0 (compatible; BLEXBot/1.0; +http://webmeup-crawler.com/)"
157.90.177.217 - - [02/Dec/2021:07:21:48 +0100] "GET /mani-lucky-glasses-case-p-47576.html HTTP/1.0" 200 73979 "-" "Mozilla/5.0 (compatible; BLEXBot/1.0; +http://webmeup-crawler.com/)"
140.205.80.107 - - [02/Dec/2021:07:21:55 +0100] "GET /images/mini_prod/100_4189.gif HTTP/1.0" 200 263 "http://www.wonder-geek.com/girls-c-1.html" "YisouSpider"
157.90.177.217 - - [02/Dec/2021:07:21:54 +0100] "GET /mani-lucky-glasses-case-p-49902.html HTTP/1.0" 200 73364 "-" "Mozilla/5.0 (compatible; BLEXBot/1.0; +http://webmeup-crawler.com/)"
157.90.177.217 - - [02/Dec/2021:07:21:58 +0100] "GET /mani-lucky-glasses-case-p-49903.html HTTP/1.0" 200 73364 "-" "Mozilla/5.0 (compatible; BLEXBot/1.0; +http://webmeup-crawler.com/)"
157.90.177.217 - - [02/Dec/2021:07:22:03 +0100] "GET /mani-lucky-keychain-p-44125.html HTTP/1.0" 200 73534 "-" "Mozilla/5.0 (compatible; BLEXBot/1.0; +http://webmeup-crawler.com/)"
157.90.177.217 - - [02/Dec/2021:07:22:08 +0100] "GET /mani-lucky-keychain-p-44126.html HTTP/1.0" 200 73562 "-" "Mozilla/5.0 (compatible; BLEXBot/1.0; +http://webmeup-crawler.com/)"
157.90.177.217 - - [02/Dec/2021:07:22:14 +0100] "GET /mani-lucky-keychain-p-44129.html HTTP/1.0" 200 73359 "-" "Mozilla/5.0 (compatible; BLEXBot/1.0; +http://webmeup-crawler.com/)"
185.191.171.35 - - [02/Dec/2021:07:22:17 +0100] "GET /bamboo-mister-biscuits-p-48631.html?action=add_product HTTP/1.0" 302 476 "-" "Mozilla/5.0 (compatible; SemrushBot/7~bl; +http://www.semrush.com/bot.html)"
185.191.171.19 - - [02/Dec/2021:07:22:19 +0100] "GET /toiletry-p-42970.html?action=add_product HTTP/1.0" 302 476 "-" "Mozilla/5.0 (compatible; SemrushBot/7~bl; +http://www.semrush.com/bot.html)"
157.90.177.217 - - [02/Dec/2021:07:22:19 +0100] "GET /mani-lucky-keychain-p-46161.html HTTP/1.0" 200 73359 "-" "Mozilla/5.0 (compatible; BLEXBot/1.0; +http://webmeup-crawler.com/)"
157.90.177.217 - - [02/Dec/2021:07:22:25 +0100] "GET /mani-lucky-keychain-p-49906.html HTTP/1.0" 200 73534 "-" "Mozilla/5.0 (compatible; BLEXBot/1.0; +http://webmeup-crawler.com/)"
185.191.171.4 - - [02/Dec/2021:07:22:26 +0100] "GET /rallye-de-monte-carlo-poster-p-15235.html HTTP/1.0" 301 70680 "-" "Mozilla/5.0 (compatible; SemrushBot/7~bl; +http://www.semrush.com/bot.html)"
185.191.171.20 - - [02/Dec/2021:07:22:29 +0100] "GET /-p-15235.html HTTP/1.0" 200 70613 "-" "Mozilla/5.0 (compatible; SemrushBot/7~bl; +http://www.semrush.com/bot.html)"
157.90.177.217 - - [02/Dec/2021:07:22:31 +0100] "GET /mani-lucky-keychain-p-49907.html HTTP/1.0" 200 73534 "-" "Mozilla/5.0 (compatible; BLEXBot/1.0; +http://webmeup-crawler.com/)"
185.191.171.44 - - [02/Dec/2021:07:22:32 +0100] "GET /ballerina-statue-collection-white-p-40422.html HTTP/1.0" 200 73439 "-" "Mozilla/5.0 (compatible; SemrushBot/7~bl; +http://www.semrush.com/bot.html)"
157.90.177.217 - - [02/Dec/2021:07:22:39 +0100] "GET /mani-lucky-keychain-p-49912.html HTTP/1.0" 200 73534 "-" "Mozilla/5.0 (compatible; BLEXBot/1.0; +http://webmeup-crawler.com/)"
185.191.171.11 - - [02/Dec/2021:07:22:43 +0100] "GET /decorative-dolomite-p-56071.html?action=add_product HTTP/1.0" 302 476 "-" "Mozilla/5.0 (compatible; SemrushBot/7~bl; +http://www.semrush.com/bot.html)"
64.233.173.241 - - [02/Dec/2021:07:22:45 +0100] "GET /images/big_prod/8718657465975.jpg HTTP/1.0" 200 268 "-" "Mozilla/5.0 (Windows NT 5.1; rv:11.0) Gecko Firefox/11.0 (via ggpht.com GoogleImageProxy)"
157.90.177.217 - - [02/Dec/2021:07:22:44 +0100] "GET /mani-lucky-keychain-p-49914.html HTTP/1.0" 200 73534 "-" "Mozilla/5.0 (compatible; BLEXBot/1.0; +http://webmeup-crawler.com/)"
54.36.148.202 - - [02/Dec/2021:07:22:45 +0100] "GET /incense-holder-incense-burner-c-231_229.html?page=4 HTTP/1.0" 200 91071 "-" "Mozilla/5.0 (compatible; AhrefsBot/7.0; +http://ahrefs.com/robot/)"
185.191.171.1 - - [02/Dec/2021:07:22:49 +0100] "GET /cavaillon-lampshade-p-56323.html HTTP/1.0" 200 73877 "-" "Mozilla/5.0 (compatible; SemrushBot/7~bl; +http://www.semrush.com/bot.html)"
157.90.177.217 - - [02/Dec/2021:07:22:51 +0100] "GET /mani-lucky-keychain-p-49915.html HTTP/1.0" 200 73534 "-" "Mozilla/5.0 (compatible; BLEXBot/1.0; +http://webmeup-crawler.com/)"
157.90.177.217 - - [02/Dec/2021:07:23:01 +0100] "GET /mani-lucky-keychain-p-49916.html HTTP/1.0" 200 73534 "-" "Mozilla/5.0 (compatible; BLEXBot/1.0; +http://webmeup-crawler.com/)"
157.90.177.217 - - [02/Dec/2021:07:23:08 +0100] "GET /mani-lucky-p-47609.html HTTP/1.0" 200 73507 "-" "Mozilla/5.0 (compatible; BLEXBot/1.0; +http://webmeup-crawler.com/)"
20.109.133.1 - - [02/Dec/2021:07:23:14 +0100] "GET /images/big_prod/3503420077364.jpg HTTP/1.0" 200 268 "-" "Mozilla/4.0 (compatible; MSIE 7.0; Windows NT 6.0)"
157.90.177.217 - - [02/Dec/2021:07:23:14 +0100] "GET /mani-lucky-pink-keychain-p-39934.html HTTP/1.0" 200 73569 "-" "Mozilla/5.0 (compatible; BLEXBot/1.0; +http://webmeup-crawler.com/)"
157.90.177.217 - - [02/Dec/2021:07:23:19 +0100] "GET /mani-lucky-pink-keychain-p-42480.html HTTP/1.0" 200 73587 "-" "Mozilla/5.0 (compatible; BLEXBot/1.0; +http://webmeup-crawler.com/)"
157.90.177.217 - - [02/Dec/2021:07:23:27 +0100] "GET /manicure-articles-c-31_204.html?page=1 HTTP/1.0" 200 89863 "-" "Mozilla/5.0 (compatible; BLEXBot/1.0; +http://webmeup-crawler.com/)"
185.191.171.9 - - [02/Dec/2021:07:23:33 +0100] "GET /horse-alarm-clock-cbkreation-p-25048.html?action=add_product HTTP/1.0" 302 476 "-" "Mozilla/5.0 (compatible; SemrushBot/7~bl; +http://www.semrush.com/bot.html)"
157.90.177.217 - - [02/Dec/2021:07:23:36 +0100] "GET /manoir-duvet-cover-cotton-threads-p-52102.html HTTP/1.0" 200 74205 "-" "Mozilla/5.0 (compatible; BLEXBot/1.0; +http://webmeup-crawler.com/)"
157.90.177.217 - - [02/Dec/2021:07:23:41 +0100] "GET /manoir-white-sheer-eyelet-curtain-p-39039.html HTTP/1.0" 200 76227 "-" "Mozilla/5.0 (compatible; BLEXBot/1.0; +http://webmeup-crawler.com/)"
157.90.177.217 - - [02/Dec/2021:07:23:47 +0100] "GET /maori-jute-p-56925.html HTTP/1.0" 200 74357 "-" "Mozilla/5.0 (compatible; BLEXBot/1.0; +http://webmeup-crawler.com/)"
185.191.171.6 - - [02/Dec/2021:07:23:54 +0100] "GET /african-decoration-child-leopard-p-53726.html HTTP/1.0" 200 73444 "-" "Mozilla/5.0 (compatible; SemrushBot/7~bl; +http://www.semrush.com/bot.html)"
157.90.177.217 - - [02/Dec/2021:07:23:56 +0100] "GET /margaret-lampshade-p-52962.html HTTP/1.0" 200 73890 "-" "Mozilla/5.0 (compatible; BLEXBot/1.0; +http://webmeup-crawler.com/)"
185.191.171.6 - - [02/Dec/2021:07:23:59 +0100] "GET /paris-muggrey-p-44010.html HTTP/1.0" 200 73191 "-" "Mozilla/5.0 (compatible; SemrushBot/7~bl; +http://www.semrush.com/bot.html)"
157.90.177.217 - - [02/Dec/2021:07:24:01 +0100] "GET /marilyn-glass-wall-clock-p-53929.html HTTP/1.0" 200 73278 "-" "Mozilla/5.0 (compatible; BLEXBot/1.0; +http://webmeup-crawler.com/)"
157.90.177.217 - - [02/Dec/2021:07:24:07 +0100] "GET /marilyn-monroe-airlines-blue-cosmetic-p-7116.html HTTP/1.0" 200 73582 "-" "Mozilla/5.0 (compatible; BLEXBot/1.0; +http://webmeup-crawler.com/)"
157.90.177.217 - - [02/Dec/2021:07:24:13 +0100] "GET /marilyn-monroe-clock-p-20707.html HTTP/1.0" 200 73193 "-" "Mozilla/5.0 (compatible; BLEXBot/1.0; +http://webmeup-crawler.com/)"
157.90.177.217 - - [02/Dec/2021:07:24:18 +0100] "GET /marilyn-monroe-james-dean-audrey-hepburn-mini-magnets-p-8172.html HTTP/1.0" 200 73650 "-" "Mozilla/5.0 (compatible; BLEXBot/1.0; +http://webmeup-crawler.com/)"
157.90.177.217 - - [02/Dec/2021:07:24:25 +0100] "GET /marilyn-monroe-metal-plate-p-8162.html HTTP/1.0" 200 73249 "-" "Mozilla/5.0 (compatible; BLEXBot/1.0; +http://webmeup-crawler.com/)"
185.191.171.5 - - [02/Dec/2021:07:24:32 +0100] "GET /snow-white-couture-force-figurine-p-53355.html HTTP/1.0" 200 75211 "-" "Mozilla/5.0 (compatible; SemrushBot/7~bl; +http://www.semrush.com/bot.html)"
157.90.177.217 - - [02/Dec/2021:07:24:32 +0100] "GET /marilyn-monroe-mini-magnet-mirror-p-19663.html HTTP/1.0" 200 73411 "-" "Mozilla/5.0 (compatible; BLEXBot/1.0; +http://webmeup-crawler.com/)"
157.90.177.217 - - [02/Dec/2021:07:24:39 +0100] "GET /marilyn-monroe-quadriptych-p-35719.html HTTP/1.0" 200 73427 "-" "Mozilla/5.0 (compatible; BLEXBot/1.0; +http://webmeup-crawler.com/)"
157.90.177.217 - - [02/Dec/2021:07:24:44 +0100] "GET /marilyn-monroe-rectangular-mirror-p-48303.html HTTP/1.0" 200 73307 "-" "Mozilla/5.0 (compatible; BLEXBot/1.0; +http://webmeup-crawler.com/)"
20.109.133.1 - - [02/Dec/2021:07:24:48 +0100] "GET /images/5203199036064.jpg HTTP/1.0" 200 259 "-" "Mozilla/5.0 (X11; Linux x86_64) AppleWebKit/537.36 (KHTML, like Gecko) Chrome/62.0.3202.62 Safari/537.36"
157.90.177.217 - - [02/Dec/2021:07:24:50 +0100] "GET /marilyn-monroe-rectangular-mirror-p-7145.html HTTP/1.0" 200 73306 "-" "Mozilla/5.0 (compatible; BLEXBot/1.0; +http://webmeup-crawler.com/)"
157.90.177.217 - - [02/Dec/2021:07:24:57 +0100] "GET /marilyn-monroe-seven-year-itch-mirror-p-29037.html HTTP/1.0" 200 73361 "-" "Mozilla/5.0 (compatible; BLEXBot/1.0; +http://webmeup-crawler.com/)"
157.90.177.217 - - [02/Dec/2021:07:25:03 +0100] "GET /marilyn-movie-metal-clock-p-6342.html HTTP/1.0" 200 73252 "-" "Mozilla/5.0 (compatible; BLEXBot/1.0; +http://webmeup-crawler.com/)"
54.36.148.213 - - [02/Dec/2021:07:25:14 +0100] "GET /vichy-little-tray-p-29649.html HTTP/1.0" 200 73258 "-" "Mozilla/5.0 (compatible; AhrefsBot/7.0; +http://ahrefs.com/robot/)"
157.90.177.217 - - [02/Dec/2021:07:25:15 +0100] "GET /marilyn-strass-mobile-sock-p-1998.html HTTP/1.0" 200 73136 "-" "Mozilla/5.0 (compatible; BLEXBot/1.0; +http://webmeup-crawler.com/)"
185.191.171.20 - - [02/Dec/2021:07:25:21 +0100] "GET /zippo-candle-utility-lighter-p-43700.html?action=add_product HTTP/1.0" 302 476 "-" "Mozilla/5.0 (compatible; SemrushBot/7~bl; +http://www.semrush.com/bot.html)"
157.90.177.217 - - [02/Dec/2021:07:25:24 +0100] "GET /marine-laundry-basket-black-white-p-48829.html HTTP/1.0" 200 74271 "-" "Mozilla/5.0 (compatible; BLEXBot/1.0; +http://webmeup-crawler.com/)"
157.90.177.217 - - [02/Dec/2021:07:25:33 +0100] "GET /marine-laundry-basket-black-white-p-48910.html HTTP/1.0" 200 74263 "-" "Mozilla/5.0 (compatible; BLEXBot/1.0; +http://webmeup-crawler.com/)"
185.191.171.6 - - [02/Dec/2021:07:25:33 +0100] "GET /-p-39728.html?action=add_product HTTP/1.0" 302 476 "-" "Mozilla/5.0 (compatible; SemrushBot/7~bl; +http://www.semrush.com/bot.html)"
157.90.177.217 - - [02/Dec/2021:07:25:42 +0100] "GET /marine-laundry-basket-black-white-p-48940.html HTTP/1.0" 200 74263 "-" "Mozilla/5.0 (compatible; BLEXBot/1.0; +http://webmeup-crawler.com/)"
157.90.177.217 - - [02/Dec/2021:07:25:51 +0100] "GET /marine-navigation-magnifier-feet-p-49609.html HTTP/1.0" 200 73687 "-" "Mozilla/5.0 (compatible; BLEXBot/1.0; +http://webmeup-crawler.com/)"
157.90.177.217 - - [02/Dec/2021:07:25:56 +0100] "GET /marine-navigation-magnifier-feet-p-52904.html HTTP/1.0" 200 73434 "-" "Mozilla/5.0 (compatible; BLEXBot/1.0; +http://webmeup-crawler.com/)"
157.90.177.217 - - [02/Dec/2021:07:26:01 +0100] "GET /marley-lion-mini-magnet-mirror-p-19669.html HTTP/1.0" 200 73375 "-" "Mozilla/5.0 (compatible; BLEXBot/1.0; +http://webmeup-crawler.com/)"
157.90.177.217 - - [02/Dec/2021:07:26:06 +0100] "GET /marley-mirror-p-37745.html HTTP/1.0" 200 73179 "-" "Mozilla/5.0 (compatible; BLEXBot/1.0; +http://webmeup-crawler.com/)"
20.109.132.138 - - [02/Dec/2021:07:26:11 +0100] "GET /images/4025055902754.jpg HTTP/1.0" 200 259 "-" "Mozilla/5.0 (Windows NT 10.0; WOW64) AppleWebKit/537.36 (KHTML, like Gecko) Chrome/68.0.3440.106 Safari/537.36"
157.90.177.217 - - [02/Dec/2021:07:26:14 +0100] "GET /marley-mirror-p-7142.html HTTP/1.0" 200 73160 "-" "Mozilla/5.0 (compatible; BLEXBot/1.0; +http://webmeup-crawler.com/)"
157.90.177.217 - - [02/Dec/2021:07:26:18 +0100] "GET /marley-rectangular-mirror-p-48297.html HTTP/1.0" 200 73270 "-" "Mozilla/5.0 (compatible; BLEXBot/1.0; +http://webmeup-crawler.com/)"
157.90.177.217 - - [02/Dec/2021:07:26:24 +0100] "GET /marley-yellow-alarm-clock-p-14119.html HTTP/1.0" 200 73334 "-" "Mozilla/5.0 (compatible; BLEXBot/1.0; +http://webmeup-crawler.com/)"
157.90.177.217 - - [02/Dec/2021:07:26:29 +0100] "GET /marley-yellow-alarm-clock-p-14121.html HTTP/1.0" 200 73333 "-" "Mozilla/5.0 (compatible; BLEXBot/1.0; +http://webmeup-crawler.com/)"
157.90.177.217 - - [02/Dec/2021:07:26:33 +0100] "GET /marseillaise-expressions-shirt-p-35577.html HTTP/1.0" 200 75294 "-" "Mozilla/5.0 (compatible; BLEXBot/1.0; +http://webmeup-crawler.com/)"
185.191.171.17 - - [02/Dec/2021:07:26:37 +0100] "GET /us-eagle-adult-cap-by-cbkreation-p-36537.html HTTP/1.0" 301 70680 "-" "Mozilla/5.0 (compatible; SemrushBot/7~bl; +http://www.semrush.com/bot.html)"
157.90.177.217 - - [02/Dec/2021:07:26:38 +0100] "GET /marseillaise-expressions-white-women-shirt-p-35575.html HTTP/1.0" 200 75394 "-" "Mozilla/5.0 (compatible; BLEXBot/1.0; +http://webmeup-crawler.com/)"
185.191.171.1 - - [02/Dec/2021:07:26:40 +0100] "GET /-p-36537.html HTTP/1.0" 200 70613 "-" "Mozilla/5.0 (compatible; SemrushBot/7~bl; +http://www.semrush.com/bot.html)"
185.191.171.17 - - [02/Dec/2021:07:26:45 +0100] "GET /sonny-angel-christmas-limited-series-2019-p-51492.html HTTP/1.0" 200 74202 "-" "Mozilla/5.0 (compatible; SemrushBot/7~bl; +http://www.semrush.com/bot.html)"
157.90.177.217 - - [02/Dec/2021:07:26:49 +0100] "GET /robots.txt HTTP/1.0" 301 531 "-" "Mozilla/5.0 (compatible; BLEXBot/1.0; +http://webmeup-crawler.com/)"
157.90.177.217 - - [02/Dec/2021:07:26:50 +0100] "GET /robots.txt HTTP/1.0" 200 245 "-" "Mozilla/5.0 (compatible; BLEXBot/1.0; +http://webmeup-crawler.com/)"
157.90.177.217 - - [02/Dec/2021:07:26:50 +0100] "GET /marseillaises-expressions-white-women-shirt-p-35574.html HTTP/1.0" 200 75403 "-" "Mozilla/5.0 (compatible; BLEXBot/1.0; +http://webmeup-crawler.com/)"
157.90.177.217 - - [02/Dec/2021:07:26:58 +0100] "GET /marseille-ashtray-p-42892.html HTTP/1.0" 200 70671 "-" "Mozilla/5.0 (compatible; BLEXBot/1.0; +http://webmeup-crawler.com/)"
157.90.177.217 - - [02/Dec/2021:07:27:10 +0100] "GET /marseille-black-shirt-p-31254.html HTTP/1.0" 200 75775 "-" "Mozilla/5.0 (compatible; BLEXBot/1.0; +http://webmeup-crawler.com/)"
157.90.177.217 - - [02/Dec/2021:07:27:16 +0100] "GET /marseille-clock-p-47712.html HTTP/1.0" 200 73199 "-" "Mozilla/5.0 (compatible; BLEXBot/1.0; +http://webmeup-crawler.com/)"
157.90.177.217 - - [02/Dec/2021:07:27:24 +0100] "GET /marseille-coasters-p-44318.html HTTP/1.0" 200 73226 "-" "Mozilla/5.0 (compatible; BLEXBot/1.0; +http://webmeup-crawler.com/)"
185.191.171.24 - - [02/Dec/2021:07:27:26 +0100] "GET /mani-the-lucky-cat-keychain-p-49911.html HTTP/1.0" 301 70781 "-" "Mozilla/5.0 (compatible; SemrushBot/7~bl; +http://www.semrush.com/bot.html)"
157.90.177.217 - - [02/Dec/2021:07:27:27 +0100] "GET /marseille-coasters-p-51776.html HTTP/1.0" 200 73209 "-" "Mozilla/5.0 (compatible; BLEXBot/1.0; +http://webmeup-crawler.com/)"
185.191.171.44 - - [02/Dec/2021:07:27:29 +0100] "GET /mani-lucky-keychain-p-49911.html HTTP/1.0" 200 70695 "-" "Mozilla/5.0 (compatible; SemrushBot/7~bl; +http://www.semrush.com/bot.html)"
157.90.177.217 - - [02/Dec/2021:07:27:35 +0100] "GET /marseille-decorative-metal-plate-cbkreation-p-53155.html HTTP/1.0" 200 73430 "-" "Mozilla/5.0 (compatible; BLEXBot/1.0; +http://webmeup-crawler.com/)"
157.90.177.217 - - [02/Dec/2021:07:27:41 +0100] "GET /marseille-football-boot-money-p-27187.html HTTP/1.0" 200 73344 "-" "Mozilla/5.0 (compatible; BLEXBot/1.0; +http://webmeup-crawler.com/)"
149.248.7.213 - - [02/Dec/2021:07:27:44 +0100] "GET /images/mini_prod/8003990607299.jpg HTTP/1.0" 200 269 "-" "Mozilla/5.0 (X11; Ubuntu; Linux x86_64; rv:72.0) Gecko/20100101 Firefox/72.0"
74.125.208.126 - - [02/Dec/2021:07:27:45 +0100] "GET /images/big_prod_3/d1300000019972.jpg HTTP/1.0" 200 271 "-" "Mozilla/5.0 (Windows NT 5.1; rv:11.0) Gecko Firefox/11.0 (via ggpht.com GoogleImageProxy)"
157.90.177.217 - - [02/Dec/2021:07:27:46 +0100] "GET /marseille-large-cabas-p-39397.html HTTP/1.0" 200 73290 "-" "Mozilla/5.0 (compatible; BLEXBot/1.0; +http://webmeup-crawler.com/)"
54.36.148.72 - - [02/Dec/2021:07:27:50 +0100] "GET /specials.php?page=16 HTTP/1.0" 200 124923 "-" "Mozilla/5.0 (compatible; AhrefsBot/7.0; +http://ahrefs.com/robot/)"
157.90.177.217 - - [02/Dec/2021:07:27:52 +0100] "GET /marseille-metal-plate-p-47636.html HTTP/1.0" 200 73247 "-" "Mozilla/5.0 (compatible; BLEXBot/1.0; +http://webmeup-crawler.com/)"
178.23.220.11 - - [02/Dec/2021:07:27:57 +0100] "GET /sigil-lucifer-satatic-book-handbag-in-the-shape-of-book-p-40613.html HTTP/1.0" 301 75605 "http://www.google.com/" "Mozilla/5.0 (Linux; Android 11; SM-T290) AppleWebKit/537.36 (KHTML, like Gecko) Chrome/96.0.4664.45 Safari/537.36"
178.23.220.11 - - [02/Dec/2021:07:27:59 +0100] "GET /sigil-lucifer-satatic-book-handbag-shape-book-p-40613.html HTTP/1.0" 200 75493 "http://www.google.com/" "Mozilla/5.0 (Linux; Android 11; SM-T290) AppleWebKit/537.36 (KHTML, like Gecko) Chrome/96.0.4664.45 Safari/537.36"
178.23.220.11 - - [02/Dec/2021:07:28:01 +0100] "GET /templates/Pixame_v1/stylesheet.css HTTP/1.0" 200 267 "http://www.wonder-geek.com/sigil-lucifer-satatic-book-handbag-shape-book-p-40613.html" "Mozilla/5.0 (Linux; Android 11; SM-T290) AppleWebKit/537.36 (KHTML, like Gecko) Chrome/96.0.4664.45 Safari/537.36"
178.23.220.11 - - [02/Dec/2021:07:28:01 +0100] "GET /js/jquery.js HTTP/1.0" 200 252 "http://www.wonder-geek.com/sigil-lucifer-satatic-book-handbag-shape-book-p-40613.html" "Mozilla/5.0 (Linux; Android 11; SM-T290) AppleWebKit/537.36 (KHTML, like Gecko) Chrome/96.0.4664.45 Safari/537.36"
178.23.220.11 - - [02/Dec/2021:07:28:01 +0100] "GET /highslide/highslide.js HTTP/1.0" 200 262 "http://www.wonder-geek.com/sigil-lucifer-satatic-book-handbag-shape-book-p-40613.html" "Mozilla/5.0 (Linux; Android 11; SM-T290) AppleWebKit/537.36 (KHTML, like Gecko) Chrome/96.0.4664.45 Safari/537.36"
178.23.220.11 - - [02/Dec/2021:07:28:01 +0100] "GET /js/jquery.jqzoom.js HTTP/1.0" 200 259 "http://www.wonder-geek.com/sigil-lucifer-satatic-book-handbag-shape-book-p-40613.html" "Mozilla/5.0 (Linux; Android 11; SM-T290) AppleWebKit/537.36 (KHTML, like Gecko) Chrome/96.0.4664.45 Safari/537.36"
178.23.220.11 - - [02/Dec/2021:07:28:01 +0100] "GET /mondial_relay/js/jquery-1.3.2.min.js HTTP/1.0" 200 276 "http://www.wonder-geek.com/sigil-lucifer-satatic-book-handbag-shape-book-p-40613.html" "Mozilla/5.0 (Linux; Android 11; SM-T290) AppleWebKit/537.36 (KHTML, like Gecko) Chrome/96.0.4664.45 Safari/537.36"
178.23.220.11 - - [02/Dec/2021:07:28:01 +0100] "GET /swfobject.js HTTP/1.0" 404 1308 "http://www.wonder-geek.com/sigil-lucifer-satatic-book-handbag-shape-book-p-40613.html" "Mozilla/5.0 (Linux; Android 11; SM-T290) AppleWebKit/537.36 (KHTML, like Gecko) Chrome/96.0.4664.45 Safari/537.36"
178.23.220.11 - - [02/Dec/2021:07:28:01 +0100] "GET /templates/Pixame_v1/images/icon_accueil2.png HTTP/1.0" 200 278 "http://www.wonder-geek.com/sigil-lucifer-satatic-book-handbag-shape-book-p-40613.html" "Mozilla/5.0 (Linux; Android 11; SM-T290) AppleWebKit/537.36 (KHTML, like Gecko) Chrome/96.0.4664.45 Safari/537.36"
178.23.220.11 - - [02/Dec/2021:07:28:01 +0100] "GET /templates/Pixame_v1/images/infobox/pixel_trans.gif HTTP/1.0" 200 328 "http://www.wonder-geek.com/sigil-lucifer-satatic-book-handbag-shape-book-p-40613.html" "Mozilla/5.0 (Linux; Android 11; SM-T290) AppleWebKit/537.36 (KHTML, like Gecko) Chrome/96.0.4664.45 Safari/537.36"
178.23.220.11 - - [02/Dec/2021:07:28:01 +0100] "GET /images/pixel_trans.gif HTTP/1.0" 200 328 "http://www.wonder-geek.com/sigil-lucifer-satatic-book-handbag-shape-book-p-40613.html" "Mozilla/5.0 (Linux; Android 11; SM-T290) AppleWebKit/537.36 (KHTML, like Gecko) Chrome/96.0.4664.45 Safari/537.36"
178.23.220.11 - - [02/Dec/2021:07:28:01 +0100] "GET /templates/Pixame_v1/images/pixel_trans.gif HTTP/1.0" 200 328 "http://www.wonder-geek.com/sigil-lucifer-satatic-book-handbag-shape-book-p-40613.html" "Mozilla/5.0 (Linux; Android 11; SM-T290) AppleWebKit/537.36 (KHTML, like Gecko) Chrome/96.0.4664.45 Safari/537.36"
178.23.220.11 - - [02/Dec/2021:07:28:01 +0100] "GET /images/big_prod_1/b1300000019972.jpg HTTP/1.0" 200 271 "http://www.wonder-geek.com/sigil-lucifer-satatic-book-handbag-shape-book-p-40613.html" "Mozilla/5.0 (Linux; Android 11; SM-T290) AppleWebKit/537.36 (KHTML, like Gecko) Chrome/96.0.4664.45 Safari/537.36"
178.23.220.11 - - [02/Dec/2021:07:28:01 +0100] "GET /images/big_prod/1300000019972.jpg HTTP/1.0" 200 268 "http://www.wonder-geek.com/sigil-lucifer-satatic-book-handbag-shape-book-p-40613.html" "Mozilla/5.0 (Linux; Android 11; SM-T290) AppleWebKit/537.36 (KHTML, like Gecko) Chrome/96.0.4664.45 Safari/537.36"
178.23.220.11 - - [02/Dec/2021:07:28:01 +0100] "GET /swfobject.js HTTP/1.0" 404 1308 "http://www.wonder-geek.com/sigil-lucifer-satatic-book-handbag-shape-book-p-40613.html" "Mozilla/5.0 (Linux; Android 11; SM-T290) AppleWebKit/537.36 (KHTML, like Gecko) Chrome/96.0.4664.45 Safari/537.36"
178.23.220.11 - - [02/Dec/2021:07:28:01 +0100] "GET /templates/Pixame_v1/images/Bottom_texture.jpg HTTP/1.0" 200 280 "http://www.wonder-geek.com/templates/Pixame_v1/stylesheet.css" "Mozilla/5.0 (Linux; Android 11; SM-T290) AppleWebKit/537.36 (KHTML, like Gecko) Chrome/96.0.4664.45 Safari/537.36"
178.23.220.11 - - [02/Dec/2021:07:28:01 +0100] "GET /templates/Pixame_v1/images/Middle_texture.jpg HTTP/1.0" 200 280 "http://www.wonder-geek.com/templates/Pixame_v1/stylesheet.css" "Mozilla/5.0 (Linux; Android 11; SM-T290) AppleWebKit/537.36 (KHTML, like Gecko) Chrome/96.0.4664.45 Safari/537.36"
178.23.220.11 - - [02/Dec/2021:07:28:01 +0100] "GET /templates/Pixame_v1/images/header.png HTTP/1.0" 200 271 "http://www.wonder-geek.com/templates/Pixame_v1/stylesheet.css" "Mozilla/5.0 (Linux; Android 11; SM-T290) AppleWebKit/537.36 (KHTML, like Gecko) Chrome/96.0.4664.45 Safari/537.36"
178.23.220.11 - - [02/Dec/2021:07:28:01 +0100] "GET /templates/Pixame_v1/images/header-object.png HTTP/1.0" 200 278 "http://www.wonder-geek.com/templates/Pixame_v1/stylesheet.css" "Mozilla/5.0 (Linux; Android 11; SM-T290) AppleWebKit/537.36 (KHTML, like Gecko) Chrome/96.0.4664.45 Safari/537.36"
178.23.220.11 - - [02/Dec/2021:07:28:01 +0100] "GET /templates/Pixame_v1/images/nav.png HTTP/1.0" 200 268 "http://www.wonder-geek.com/templates/Pixame_v1/stylesheet.css" "Mozilla/5.0 (Linux; Android 11; SM-T290) AppleWebKit/537.36 (KHTML, like Gecko) Chrome/96.0.4664.45 Safari/537.36"
178.23.220.11 - - [02/Dec/2021:07:28:01 +0100] "GET /images/big_prod_2/c1300000019972.jpg HTTP/1.0" 200 271 "http://www.wonder-geek.com/sigil-lucifer-satatic-book-handbag-shape-book-p-40613.html" "Mozilla/5.0 (Linux; Android 11; SM-T290) AppleWebKit/537.36 (KHTML, like Gecko) Chrome/96.0.4664.45 Safari/537.36"
178.23.220.11 - - [02/Dec/2021:07:28:01 +0100] "GET /images/big_prod_3/d1300000019972.jpg HTTP/1.0" 200 271 "http://www.wonder-geek.com/sigil-lucifer-satatic-book-handbag-shape-book-p-40613.html" "Mozilla/5.0 (Linux; Android 11; SM-T290) AppleWebKit/537.36 (KHTML, like Gecko) Chrome/96.0.4664.45 Safari/537.36"
178.23.220.11 - - [02/Dec/2021:07:28:02 +0100] "GET /design/productsenstock.png HTTP/1.0" 200 260 "http://www.wonder-geek.com/templates/Pixame_v1/stylesheet.css" "Mozilla/5.0 (Linux; Android 11; SM-T290) AppleWebKit/537.36 (KHTML, like Gecko) Chrome/96.0.4664.45 Safari/537.36"
178.23.220.11 - - [02/Dec/2021:07:28:02 +0100] "GET /highslide/graphics/zoomin.cur HTTP/1.0" 200 614 "http://www.wonder-geek.com/templates/Pixame_v1/stylesheet.css" "Mozilla/5.0 (Linux; Android 11; SM-T290) AppleWebKit/537.36 (KHTML, like Gecko) Chrome/96.0.4664.45 Safari/537.36"
178.23.220.11 - - [02/Dec/2021:07:28:02 +0100] "GET /templates/Pixame_v1/images/infobox/infobox_footer_middle.gif HTTP/1.0" 200 357 "http://www.wonder-geek.com/sigil-lucifer-satatic-book-handbag-shape-book-p-40613.html" "Mozilla/5.0 (Linux; Android 11; SM-T290) AppleWebKit/537.36 (KHTML, like Gecko) Chrome/96.0.4664.45 Safari/537.36"
178.23.220.11 - - [02/Dec/2021:07:28:02 +0100] "GET /templates/Pixame_v1/images/buttons/english/button_in_cart.gif HTTP/1.0" 200 295 "http://www.wonder-geek.com/sigil-lucifer-satatic-book-handbag-shape-book-p-40613.html" "Mozilla/5.0 (Linux; Android 11; SM-T290) AppleWebKit/537.36 (KHTML, like Gecko) Chrome/96.0.4664.45 Safari/537.36"
185.191.171.2 - - [02/Dec/2021:07:28:00 +0100] "GET /lot-of-pairs-of-mickey-mouse-socks-size-19-22-p-25178.html HTTP/1.0" 301 70680 "-" "Mozilla/5.0 (compatible; SemrushBot/7~bl; +http://www.semrush.com/bot.html)"
178.23.220.11 - - [02/Dec/2021:07:28:02 +0100] "GET /highslide/graphics/outlines/drop-shadow.png HTTP/1.0" 200 277 "http://www.wonder-geek.com/sigil-lucifer-satatic-book-handbag-shape-book-p-40613.html" "Mozilla/5.0 (Linux; Android 11; SM-T290) AppleWebKit/537.36 (KHTML, like Gecko) Chrome/96.0.4664.45 Safari/537.36"
178.23.220.11 - - [02/Dec/2021:07:28:02 +0100] "GET /highslide/graphics/zoomout.cur HTTP/1.0" 200 614 "http://www.wonder-geek.com/sigil-lucifer-satatic-book-handbag-shape-book-p-40613.html" "Mozilla/5.0 (Linux; Android 11; SM-T290) AppleWebKit/537.36 (KHTML, like Gecko) Chrome/96.0.4664.45 Safari/537.36"
178.23.220.11 - - [02/Dec/2021:07:28:02 +0100] "GET /highslide/graphics/loader.white.gif HTTP/1.0" 200 960 "http://www.wonder-geek.com/templates/Pixame_v1/stylesheet.css" "Mozilla/5.0 (Linux; Android 11; SM-T290) AppleWebKit/537.36 (KHTML, like Gecko) Chrome/96.0.4664.45 Safari/537.36"
178.23.220.11 - - [02/Dec/2021:07:28:03 +0100] "GET /favicon.ico HTTP/1.0" 200 260 "http://www.wonder-geek.com/sigil-lucifer-satatic-book-handbag-shape-book-p-40613.html" "Mozilla/5.0 (Linux; Android 11; SM-T290) AppleWebKit/537.36 (KHTML, like Gecko) Chrome/96.0.4664.45 Safari/537.36"
157.90.177.217 - - [02/Dec/2021:07:28:02 +0100] "GET /marseille-olympique-laser-keyring-p-52736.html HTTP/1.0" 200 74196 "-" "Mozilla/5.0 (compatible; BLEXBot/1.0; +http://webmeup-crawler.com/)"
185.191.171.33 - - [02/Dec/2021:07:28:04 +0100] "GET /-p-25178.html HTTP/1.0" 200 70613 "-" "Mozilla/5.0 (compatible; SemrushBot/7~bl; +http://www.semrush.com/bot.html)"
157.90.177.217 - - [02/Dec/2021:07:28:09 +0100] "GET /marseille-retro-coasters-p-47088.html HTTP/1.0" 200 73289 "-" "Mozilla/5.0 (compatible; BLEXBot/1.0; +http://webmeup-crawler.com/)"
20.109.131.178 - - [02/Dec/2021:07:28:14 +0100] "GET /images/big_prod/1384010202760.jpg HTTP/1.0" 200 268 "-" "Mozilla/4.0 (compatible; MSIE 7.0; Windows NT 6.0)"
157.90.177.217 - - [02/Dec/2021:07:28:17 +0100] "GET /marseille-retro-coasters-p-47089.html HTTP/1.0" 200 73289 "-" "Mozilla/5.0 (compatible; BLEXBot/1.0; +http://webmeup-crawler.com/)"
157.90.177.217 - - [02/Dec/2021:07:28:26 +0100] "GET /marseille-shirt-p-31253.html HTTP/1.0" 200 75185 "-" "Mozilla/5.0 (compatible; BLEXBot/1.0; +http://webmeup-crawler.com/)"
185.191.171.24 - - [02/Dec/2021:07:28:31 +0100] "GET /decorative-wooden-plate-fait-maison-p-49976.html?action=add_product HTTP/1.0" 302 476 "-" "Mozilla/5.0 (compatible; SemrushBot/7~bl; +http://www.semrush.com/bot.html)"
157.90.177.217 - - [02/Dec/2021:07:28:34 +0100] "GET /marseille-white-shirt-p-31255.html HTTP/1.0" 200 74959 "-" "Mozilla/5.0 (compatible; BLEXBot/1.0; +http://webmeup-crawler.com/)"
157.90.177.217 - - [02/Dec/2021:07:28:40 +0100] "GET /marseille-white-women-shirt-p-31250.html HTTP/1.0" 200 75321 "-" "Mozilla/5.0 (compatible; BLEXBot/1.0; +http://webmeup-crawler.com/)"
