185.191.171.43 - - [02/Dec/2021:06:09:43 +0100] "GET /real-madrid-organiser-file-p-52044.html HTTP/1.0" 200 70707 "-" "Mozilla/5.0 (compatible; SemrushBot/7~bl; +http://www.semrush.com/bot.html)"
149.28.94.127 - - [02/Dec/2021:06:09:46 +0100] "GET /images/mini_prod/1384010178843.jpg HTTP/1.0" 200 269 "-" "Mozilla/5.0 (X11; Ubuntu; Linux x86_64; rv:72.0) Gecko/20100101 Firefox/72.0"
157.90.177.217 - - [02/Dec/2021:06:09:47 +0100] "GET /industrial-chandelier-patinated-metal-p-38630.html HTTP/1.0" 200 73473 "-" "Mozilla/5.0 (compatible; BLEXBot/1.0; +http://webmeup-crawler.com/)"
129.206.106.110 - - [02/Dec/2021:06:09:49 +0100] "GET /images/mini_prod/MISES-EN-SITUATION-06.jpg HTTP/1.0" 200 277 "-" "Mozilla/5.0 (X11; Ubuntu; Linux x86_64; rv:72.0) Gecko/20100101 Firefox/72.0"
157.90.177.217 - - [02/Dec/2021:06:09:51 +0100] "GET /industrial-clock-with-gears-p-52614.html HTTP/1.0" 200 74410 "-" "Mozilla/5.0 (compatible; BLEXBot/1.0; +http://webmeup-crawler.com/)"
54.36.149.60 - - [02/Dec/2021:06:09:53 +0100] "GET /dishes-c-12.html?page=19 HTTP/1.0" 200 91982 "-" "Mozilla/5.0 (compatible; AhrefsBot/7.0; +http://ahrefs.com/robot/)"
157.90.177.217 - - [02/Dec/2021:06:09:55 +0100] "GET /industrial-clock-with-gears-p-53018.html HTTP/1.0" 200 74004 "-" "Mozilla/5.0 (compatible; BLEXBot/1.0; +http://webmeup-crawler.com/)"
157.90.177.217 - - [02/Dec/2021:06:10:04 +0100] "GET /industrial-retro-clock-aged-metal-p-45093.html HTTP/1.0" 200 73585 "-" "Mozilla/5.0 (compatible; BLEXBot/1.0; +http://webmeup-crawler.com/)"
157.90.177.217 - - [02/Dec/2021:06:10:11 +0100] "GET /industrial-retro-clock-aged-metal-p-48587.html HTTP/1.0" 200 74261 "-" "Mozilla/5.0 (compatible; BLEXBot/1.0; +http://webmeup-crawler.com/)"
157.90.177.217 - - [02/Dec/2021:06:10:17 +0100] "GET /industrial-retro-clock-aged-metal-p-48588.html HTTP/1.0" 200 73518 "-" "Mozilla/5.0 (compatible; BLEXBot/1.0; +http://webmeup-crawler.com/)"
185.191.171.36 - - [02/Dec/2021:06:10:19 +0100] "GET /love-cats-salt-pepper-shakers-p-45924.html HTTP/1.0" 200 73339 "-" "Mozilla/5.0 (compatible; SemrushBot/7~bl; +http://www.semrush.com/bot.html)"
157.90.177.217 - - [02/Dec/2021:06:10:25 +0100] "GET /industrial-storage-large-size-only-p-53386.html HTTP/1.0" 200 74250 "-" "Mozilla/5.0 (compatible; BLEXBot/1.0; +http://webmeup-crawler.com/)"
114.119.128.34 - - [02/Dec/2021:06:10:31 +0100] "GET /hello-kitty-large-bag-flat-high-street-by-camomilla-p-14844.html HTTP/1.0" 301 70956 "-" "Mozilla/5.0 (Linux; Android 7.0;) AppleWebKit/537.36 (KHTML, like Gecko) Mobile Safari/537.36 (compatible; PetalBot;+https://webmaster.petalsearch.com/site/petalbot)"
185.191.171.44 - - [02/Dec/2021:06:10:32 +0100] "GET /stone-polychrome-jasper-grams-p-46581.html HTTP/1.0" 200 74577 "-" "Mozilla/5.0 (compatible; SemrushBot/7~bl; +http://www.semrush.com/bot.html)"
157.90.177.217 - - [02/Dec/2021:06:10:33 +0100] "GET /industrial-storage-medium-size-only-p-45109.html HTTP/1.0" 200 74261 "-" "Mozilla/5.0 (compatible; BLEXBot/1.0; +http://webmeup-crawler.com/)"
114.119.128.34 - - [02/Dec/2021:06:10:36 +0100] "GET /hello-kitty-large-flat-high-street-camomilla-p-14844.html HTTP/1.0" 200 70845 "-" "Mozilla/5.0 (Linux; Android 7.0;) AppleWebKit/537.36 (KHTML, like Gecko) Mobile Safari/537.36 (compatible; PetalBot;+https://webmaster.petalsearch.com/site/petalbot)"
157.90.177.217 - - [02/Dec/2021:06:10:39 +0100] "GET /industrial-storage-small-size-only-p-45110.html HTTP/1.0" 200 74245 "-" "Mozilla/5.0 (compatible; BLEXBot/1.0; +http://webmeup-crawler.com/)"
157.90.177.217 - - [02/Dec/2021:06:10:46 +0100] "GET /infuser-rest-c-12_247.html?page=1 HTTP/1.0" 200 89537 "-" "Mozilla/5.0 (compatible; BLEXBot/1.0; +http://webmeup-crawler.com/)"
157.90.177.217 - - [02/Dec/2021:06:10:51 +0100] "GET /iphone-black-padded-olivia-paris-p-16885.html HTTP/1.0" 200 76513 "-" "Mozilla/5.0 (compatible; BLEXBot/1.0; +http://webmeup-crawler.com/)"
157.90.177.217 - - [02/Dec/2021:06:10:56 +0100] "GET /iphone-case-bump-silicone-p-25375.html HTTP/1.0" 200 73521 "-" "Mozilla/5.0 (compatible; BLEXBot/1.0; +http://webmeup-crawler.com/)"
185.191.171.21 - - [02/Dec/2021:06:11:02 +0100] "GET /gray-donkey-money-p-54811.html HTTP/1.0" 200 73286 "-" "Mozilla/5.0 (compatible; SemrushBot/7~bl; +http://www.semrush.com/bot.html)"
157.90.177.217 - - [02/Dec/2021:06:11:04 +0100] "GET /iphone-case-bump-silicone-p-25376.html HTTP/1.0" 200 73526 "-" "Mozilla/5.0 (compatible; BLEXBot/1.0; +http://webmeup-crawler.com/)"
185.191.171.9 - - [02/Dec/2021:06:11:08 +0100] "GET /retro-led-sign-bar-bire-et-chope-p-42688.html HTTP/1.0" 301 70803 "-" "Mozilla/5.0 (compatible; SemrushBot/7~bl; +http://www.semrush.com/bot.html)"
157.90.177.217 - - [02/Dec/2021:06:11:09 +0100] "GET /iphone-case-bump-silicone-p-49441.html HTTP/1.0" 200 75830 "-" "Mozilla/5.0 (compatible; BLEXBot/1.0; +http://webmeup-crawler.com/)"
185.191.171.17 - - [02/Dec/2021:06:11:10 +0100] "GET /retro-sign-bire-chope-p-42688.html HTTP/1.0" 200 70715 "-" "Mozilla/5.0 (compatible; SemrushBot/7~bl; +http://www.semrush.com/bot.html)"
54.36.148.165 - - [02/Dec/2021:06:11:14 +0100] "GET /york-yankees-black-bowling-p-11593.html HTTP/1.0" 200 73683 "-" "Mozilla/5.0 (compatible; AhrefsBot/7.0; +http://ahrefs.com/robot/)"
157.90.177.217 - - [02/Dec/2021:06:11:14 +0100] "GET /iphone-case-silicone-audiocassette-p-25372.html HTTP/1.0" 200 76048 "-" "Mozilla/5.0 (compatible; BLEXBot/1.0; +http://webmeup-crawler.com/)"
20.109.131.231 - - [02/Dec/2021:06:11:21 +0100] "GET /images/3524550045153.jpg HTTP/1.0" 200 259 "-" "Mozilla/5.0 (Windows NT 10.0; WOW64) AppleWebKit/537.36 (KHTML, like Gecko) Chrome/67.0.3396.99 Safari/537.36"
157.90.177.217 - - [02/Dec/2021:06:11:21 +0100] "GET /iphone-case-silicone-audiocassette-p-25373.html HTTP/1.0" 200 76048 "-" "Mozilla/5.0 (compatible; BLEXBot/1.0; +http://webmeup-crawler.com/)"
66.249.68.38 - - [02/Dec/2021:06:11:33 +0100] "GET /images/big_prod/3503420053337.jpg HTTP/1.0" 200 268 "-" "Googlebot-Image/1.0"
49.7.20.113 - - [02/Dec/2021:06:11:31 +0100] "GET / HTTP/1.0" 200 151553 "-" "Sogou web spider/4.0(+http://www.sogou.com/docs/help/webmasters.htm#07)"
157.90.177.217 - - [02/Dec/2021:06:11:32 +0100] "GET /iphone-case-silicone-audiocassette-p-25374.html HTTP/1.0" 200 76048 "-" "Mozilla/5.0 (compatible; BLEXBot/1.0; +http://webmeup-crawler.com/)"
157.90.177.217 - - [02/Dec/2021:06:11:39 +0100] "GET /iphone-silicone-black-shell-audiocassette-p-18936.html HTTP/1.0" 200 76738 "-" "Mozilla/5.0 (compatible; BLEXBot/1.0; +http://webmeup-crawler.com/)"
157.90.177.217 - - [02/Dec/2021:06:11:45 +0100] "GET /iphone-silicone-bleue-shell-audiocassette-p-18940.html HTTP/1.0" 200 76671 "-" "Mozilla/5.0 (compatible; BLEXBot/1.0; +http://webmeup-crawler.com/)"
157.90.177.217 - - [02/Dec/2021:06:11:50 +0100] "GET /iphone-silicone-shell-audiocassette-p-18939.html HTTP/1.0" 200 76644 "-" "Mozilla/5.0 (compatible; BLEXBot/1.0; +http://webmeup-crawler.com/)"
114.119.128.34 - - [02/Dec/2021:06:11:50 +0100] "GET /little-prince-tote-p-50595.html HTTP/1.0" 200 73308 "-" "Mozilla/5.0 (Linux; Android 7.0;) AppleWebKit/537.36 (KHTML, like Gecko) Mobile Safari/537.36 (compatible; PetalBot;+https://webmaster.petalsearch.com/site/petalbot)"
216.244.66.242 - - [02/Dec/2021:06:11:52 +0100] "GET /backpacks-c-31_77.html HTTP/1.0" 301 555 "-" "Mozilla/5.0 (compatible; DotBot/1.2; +https://opensiteexplorer.org/dotbot; help@moz.com)"
157.90.177.217 - - [02/Dec/2021:06:11:57 +0100] "GET /iphone-silicone-white-shell-audiocassette-p-18933.html HTTP/1.0" 200 73737 "-" "Mozilla/5.0 (compatible; BLEXBot/1.0; +http://webmeup-crawler.com/)"
185.191.34.223 - - [02/Dec/2021:06:12:00 +0100] "GET /contact_us.php HTTP/1.0" 200 26241 "-" "Mozilla/5.0 (Windows NT 10.0; Win64; x64) AppleWebKit/537.36 (KHTML, like Gecko) Chrome/94.0.4606.81 Safari/537.36"
185.191.34.223 - - [02/Dec/2021:06:12:00 +0100] "GET /contact_us.php?action=send HTTP/1.0" 200 26257 "-" "Mozilla/5.0 (Windows NT 10.0; Win64; x64) AppleWebKit/537.36 (KHTML, like Gecko) Chrome/94.0.4606.81 Safari/537.36"
157.90.177.217 - - [02/Dec/2021:06:12:00 +0100] "GET /iphone-silicone-white-shell-audiocassette-p-18938.html HTTP/1.0" 200 76671 "-" "Mozilla/5.0 (compatible; BLEXBot/1.0; +http://webmeup-crawler.com/)"
185.191.34.223 - - [02/Dec/2021:06:12:01 +0100] "GET / HTTP/1.0" 200 151883 "-" "Mozilla/5.0 (Windows NT 10.0; Win64; x64) AppleWebKit/537.36 (KHTML, like Gecko) Chrome/94.0.4606.81 Safari/537.36"
157.90.177.217 - - [02/Dec/2021:06:12:04 +0100] "GET /iridescent-white-piggy-bank-p-48696.html HTTP/1.0" 200 73909 "-" "Mozilla/5.0 (compatible; BLEXBot/1.0; +http://webmeup-crawler.com/)"
207.46.13.202 - - [02/Dec/2021:06:12:09 +0100] "GET /images/med_prod/1341689801502.jpg HTTP/1.0" 200 268 "-" "Mozilla/5.0 (compatible; bingbot/2.0; +http://www.bing.com/bingbot.htm)"
157.90.177.217 - - [02/Dec/2021:06:12:11 +0100] "GET /irlande-clock-cbkreation-p-36922.html HTTP/1.0" 200 73265 "-" "Mozilla/5.0 (compatible; BLEXBot/1.0; +http://webmeup-crawler.com/)"
185.191.171.38 - - [02/Dec/2021:06:12:16 +0100] "GET /isothermic-stainless-steel-bottle-hedgehog-cbkreation-p-51044.html?action=add_product HTTP/1.0" 302 476 "-" "Mozilla/5.0 (compatible; SemrushBot/7~bl; +http://www.semrush.com/bot.html)"
157.90.177.217 - - [02/Dec/2021:06:12:17 +0100] "GET /iron-keyring-p-32338.html HTTP/1.0" 200 73211 "-" "Mozilla/5.0 (compatible; BLEXBot/1.0; +http://webmeup-crawler.com/)"
185.191.171.38 - - [02/Dec/2021:06:12:21 +0100] "GET /blue-with-reliefs-earthenware-p-52448.html HTTP/1.0" 200 70727 "-" "Mozilla/5.0 (compatible; SemrushBot/7~bl; +http://www.semrush.com/bot.html)"
157.90.177.217 - - [02/Dec/2021:06:12:23 +0100] "GET /isaline-bedclothes-p-50845.html HTTP/1.0" 200 73294 "-" "Mozilla/5.0 (compatible; BLEXBot/1.0; +http://webmeup-crawler.com/)"
54.36.148.159 - - [02/Dec/2021:06:12:33 +0100] "GET /little-prince-tote-p-56114.html HTTP/1.0" 200 73315 "-" "Mozilla/5.0 (compatible; AhrefsBot/7.0; +http://ahrefs.com/robot/)"
157.90.177.217 - - [02/Dec/2021:06:12:39 +0100] "GET /islande-clock-cbkreation-p-36923.html HTTP/1.0" 200 73266 "-" "Mozilla/5.0 (compatible; BLEXBot/1.0; +http://webmeup-crawler.com/)"
157.90.177.217 - - [02/Dec/2021:06:12:49 +0100] "GET /italia-dolce-vita-breakfast-p-25932.html HTTP/1.0" 200 73331 "-" "Mozilla/5.0 (compatible; BLEXBot/1.0; +http://webmeup-crawler.com/)"
185.191.171.35 - - [02/Dec/2021:06:12:55 +0100] "GET /star-wars-air-mat-p-34886.html HTTP/1.0" 301 73506 "-" "Mozilla/5.0 (compatible; SemrushBot/7~bl; +http://www.semrush.com/bot.html)"
157.90.177.217 - - [02/Dec/2021:06:12:57 +0100] "GET /italian-chair-cushion-p-49362.html HTTP/1.0" 200 73267 "-" "Mozilla/5.0 (compatible; BLEXBot/1.0; +http://webmeup-crawler.com/)"
185.191.171.23 - - [02/Dec/2021:06:12:58 +0100] "GET /star-wars-p-34886.html HTTP/1.0" 200 73430 "-" "Mozilla/5.0 (compatible; SemrushBot/7~bl; +http://www.semrush.com/bot.html)"
157.90.177.217 - - [02/Dec/2021:06:13:05 +0100] "GET /italian-chair-cushion-p-52359.html HTTP/1.0" 200 73265 "-" "Mozilla/5.0 (compatible; BLEXBot/1.0; +http://webmeup-crawler.com/)"
185.191.171.18 - - [02/Dec/2021:06:13:06 +0100] "GET /tetsubin-blue-teapot-japanese-p-39675.html?action=add_product HTTP/1.0" 302 476 "-" "Mozilla/5.0 (compatible; SemrushBot/7~bl; +http://www.semrush.com/bot.html)"
114.119.128.40 - - [02/Dec/2021:06:13:15 +0100] "GET /images/big_prod/8445148004916.jpg HTTP/1.0" 200 268 "-" "Mozilla/5.0 (Linux; Android 7.0;) AppleWebKit/537.36 (KHTML, like Gecko) Mobile Safari/537.36 (compatible; PetalBot;+https://webmaster.petalsearch.com/site/petalbot)"
157.90.177.217 - - [02/Dec/2021:06:13:15 +0100] "GET /italian-clock-cbkreation-p-28477.html HTTP/1.0" 200 73234 "-" "Mozilla/5.0 (compatible; BLEXBot/1.0; +http://webmeup-crawler.com/)"
54.36.148.147 - - [02/Dec/2021:06:13:25 +0100] "GET /images/big_prod/3700281653441.jpg HTTP/1.0" 200 268 "-" "Mozilla/5.0 (compatible; AhrefsBot/7.0; +http://ahrefs.com/robot/)"
157.90.177.217 - - [02/Dec/2021:06:13:24 +0100] "GET /italian-dolce-vita-black-women-shirt-p-30958.html HTTP/1.0" 200 75331 "-" "Mozilla/5.0 (compatible; BLEXBot/1.0; +http://webmeup-crawler.com/)"
157.90.177.217 - - [02/Dec/2021:06:13:33 +0100] "GET /italian-scooter-black-women-shirt-p-30953.html HTTP/1.0" 200 75345 "-" "Mozilla/5.0 (compatible; BLEXBot/1.0; +http://webmeup-crawler.com/)"
157.90.177.217 - - [02/Dec/2021:06:13:41 +0100] "GET /italian-scooter-cbkreation-p-13412.html HTTP/1.0" 200 73313 "-" "Mozilla/5.0 (compatible; BLEXBot/1.0; +http://webmeup-crawler.com/)"
157.90.177.217 - - [02/Dec/2021:06:13:48 +0100] "GET /italian-scooter-cbkreation-p-13416.html HTTP/1.0" 200 73359 "-" "Mozilla/5.0 (compatible; BLEXBot/1.0; +http://webmeup-crawler.com/)"
157.90.177.217 - - [02/Dec/2021:06:13:57 +0100] "GET /italian-scooter-white-women-shirt-p-30954.html HTTP/1.0" 200 75341 "-" "Mozilla/5.0 (compatible; BLEXBot/1.0; +http://webmeup-crawler.com/)"
54.36.148.149 - - [02/Dec/2021:06:13:58 +0100] "GET /household-linen-c-11.html?page=48 HTTP/1.0" 200 92752 "-" "Mozilla/5.0 (compatible; AhrefsBot/7.0; +http://ahrefs.com/robot/)"
157.90.177.217 - - [02/Dec/2021:06:14:03 +0100] "GET /italian-scooter-wood-clock-p-41360.html HTTP/1.0" 200 73345 "-" "Mozilla/5.0 (compatible; BLEXBot/1.0; +http://webmeup-crawler.com/)"
157.90.177.217 - - [02/Dec/2021:06:14:12 +0100] "GET /italy-flag-p-41520.html HTTP/1.0" 200 73269 "-" "Mozilla/5.0 (compatible; BLEXBot/1.0; +http://webmeup-crawler.com/)"
185.191.171.36 - - [02/Dec/2021:06:14:14 +0100] "GET /bridget-large-bowl-p-50607.html?action=add_product HTTP/1.0" 302 476 "-" "Mozilla/5.0 (compatible; SemrushBot/7~bl; +http://www.semrush.com/bot.html)"
157.55.39.223 - - [02/Dec/2021:06:14:15 +0100] "GET /images/med_prod/7316197615563.jpg HTTP/1.0" 200 268 "-" "Mozilla/5.0 (compatible; bingbot/2.0; +http://www.bing.com/bingbot.htm)"
157.90.177.217 - - [02/Dec/2021:06:14:23 +0100] "GET /jacadi-kids-school-navy-blue-p-44879.html HTTP/1.0" 200 74399 "-" "Mozilla/5.0 (compatible; BLEXBot/1.0; +http://webmeup-crawler.com/)"
216.244.66.242 - - [02/Dec/2021:06:14:28 +0100] "GET /hens-ceramic-pie-dish-red-model-only-p-44496.html HTTP/1.0" 301 609 "-" "Mozilla/5.0 (compatible; DotBot/1.2; +https://opensiteexplorer.org/dotbot; help@moz.com)"
216.244.66.242 - - [02/Dec/2021:06:14:34 +0100] "GET /hook-weathered-surfboard-metal-75-cm-p-44437.html HTTP/1.0" 301 609 "-" "Mozilla/5.0 (compatible; DotBot/1.2; +https://opensiteexplorer.org/dotbot; help@moz.com)"
185.191.171.11 - - [02/Dec/2021:06:14:39 +0100] "GET /small-heart-ceramic-trinket-box-pulling-on-your-heart-strings-p-34743.html HTTP/1.0" 301 70958 "-" "Mozilla/5.0 (compatible; SemrushBot/7~bl; +http://www.semrush.com/bot.html)"
157.90.177.217 - - [02/Dec/2021:06:14:39 +0100] "GET /jack-daniel-rectangular-mirror-p-10869.html HTTP/1.0" 200 73296 "-" "Mozilla/5.0 (compatible; BLEXBot/1.0; +http://webmeup-crawler.com/)"
185.191.171.16 - - [02/Dec/2021:06:14:42 +0100] "GET /small-heart-ceramic-trinket-pulling-your-heart-strings-p-34743.html HTTP/1.0" 200 70837 "-" "Mozilla/5.0 (compatible; SemrushBot/7~bl; +http://www.semrush.com/bot.html)"
157.90.177.217 - - [02/Dec/2021:06:14:47 +0100] "GET /jack-daniel-rectangular-mirror-p-48301.html HTTP/1.0" 200 73306 "-" "Mozilla/5.0 (compatible; BLEXBot/1.0; +http://webmeup-crawler.com/)"
157.90.177.217 - - [02/Dec/2021:06:14:53 +0100] "GET /jakarta-dark-blue-carpet-p-48423.html HTTP/1.0" 200 74108 "-" "Mozilla/5.0 (compatible; BLEXBot/1.0; +http://webmeup-crawler.com/)"
114.119.128.253 - - [02/Dec/2021:06:14:56 +0100] "GET /the-ballerina-statue-collection-body-talk-p-38819.html HTTP/1.0" 301 74193 "-" "Mozilla/5.0 (Linux; Android 7.0;) AppleWebKit/537.36 (KHTML, like Gecko) Mobile Safari/537.36 (compatible; PetalBot;+https://webmaster.petalsearch.com/site/petalbot)"
114.119.128.253 - - [02/Dec/2021:06:15:03 +0100] "GET /ballerina-statue-collection-body-talk-p-38819.html HTTP/1.0" 200 74089 "-" "Mozilla/5.0 (Linux; Android 7.0;) AppleWebKit/537.36 (KHTML, like Gecko) Mobile Safari/537.36 (compatible; PetalBot;+https://webmaster.petalsearch.com/site/petalbot)"
157.90.177.217 - - [02/Dec/2021:06:15:04 +0100] "GET /jakarta-dark-blue-carpet-p-48425.html HTTP/1.0" 200 74100 "-" "Mozilla/5.0 (compatible; BLEXBot/1.0; +http://webmeup-crawler.com/)"
157.90.177.217 - - [02/Dec/2021:06:15:16 +0100] "GET /jakarta-light-blue-carpet-p-48422.html HTTP/1.0" 200 74119 "-" "Mozilla/5.0 (compatible; BLEXBot/1.0; +http://webmeup-crawler.com/)"
54.36.149.105 - - [02/Dec/2021:06:15:19 +0100] "GET /household-linen-c-11.html?page=49 HTTP/1.0" 200 93158 "-" "Mozilla/5.0 (compatible; AhrefsBot/7.0; +http://ahrefs.com/robot/)"
157.90.177.217 - - [02/Dec/2021:06:15:26 +0100] "GET /jakarta-light-blue-carpet-p-48424.html HTTP/1.0" 200 74106 "-" "Mozilla/5.0 (compatible; BLEXBot/1.0; +http://webmeup-crawler.com/)"
157.90.177.217 - - [02/Dec/2021:06:15:33 +0100] "GET /jakarta-yellow-carpet-p-48420.html HTTP/1.0" 200 74062 "-" "Mozilla/5.0 (compatible; BLEXBot/1.0; +http://webmeup-crawler.com/)"
54.36.148.210 - - [02/Dec/2021:06:15:41 +0100] "GET /images/big_prod_1/3700281653441a.jpg HTTP/1.0" 200 271 "-" "Mozilla/5.0 (compatible; AhrefsBot/7.0; +http://ahrefs.com/robot/)"
157.90.177.217 - - [02/Dec/2021:06:15:42 +0100] "GET /jakarta-yellow-carpet-p-48421.html HTTP/1.0" 200 74073 "-" "Mozilla/5.0 (compatible; BLEXBot/1.0; +http://webmeup-crawler.com/)"
157.90.177.217 - - [02/Dec/2021:06:15:51 +0100] "GET /jamaica-flag-guitar-keyring-p-14626.html HTTP/1.0" 200 73597 "-" "Mozilla/5.0 (compatible; BLEXBot/1.0; +http://webmeup-crawler.com/)"
20.109.132.165 - - [02/Dec/2021:06:15:59 +0100] "GET /images/big_prod/1384010200759.jpg HTTP/1.0" 200 268 "-" "Mozilla/5.0 (Windows NT 10.0; ) Gecko/20100101 Firefox/61.0"
157.90.177.217 - - [02/Dec/2021:06:16:00 +0100] "GET /jamaica-guitar-keyring-p-14627.html HTTP/1.0" 200 73557 "-" "Mozilla/5.0 (compatible; BLEXBot/1.0; +http://webmeup-crawler.com/)"
185.191.171.7 - - [02/Dec/2021:06:16:01 +0100] "GET /dancer-jewelery-box-p-42718.html HTTP/1.0" 301 74067 "-" "Mozilla/5.0 (compatible; SemrushBot/7~bl; +http://www.semrush.com/bot.html)"
185.191.171.10 - - [02/Dec/2021:06:16:05 +0100] "GET /dancer-jewelery-p-42718.html HTTP/1.0" 200 73985 "-" "Mozilla/5.0 (compatible; SemrushBot/7~bl; +http://www.semrush.com/bot.html)"
114.119.128.34 - - [02/Dec/2021:06:16:06 +0100] "GET /zebra-canvas-frame-p-42145.html HTTP/1.0" 200 73347 "-" "Mozilla/5.0 (Linux; Android 7.0;) AppleWebKit/537.36 (KHTML, like Gecko) Mobile Safari/537.36 (compatible; PetalBot;+https://webmaster.petalsearch.com/site/petalbot)"
157.90.177.217 - - [02/Dec/2021:06:16:08 +0100] "GET /jamaica-keyring-cbkreation-p-43229.html HTTP/1.0" 200 73349 "-" "Mozilla/5.0 (compatible; BLEXBot/1.0; +http://webmeup-crawler.com/)"
185.191.171.25 - - [02/Dec/2021:06:16:09 +0100] "GET /cotton-floor-cushion-40-cm-elisabeth-p-52550.html HTTP/1.0" 301 74045 "-" "Mozilla/5.0 (compatible; SemrushBot/7~bl; +http://www.semrush.com/bot.html)"
185.191.171.18 - - [02/Dec/2021:06:16:12 +0100] "GET /cotton-floor-cushion-elisabeth-p-52550.html HTTP/1.0" 200 73948 "-" "Mozilla/5.0 (compatible; SemrushBot/7~bl; +http://www.semrush.com/bot.html)"
157.90.177.217 - - [02/Dec/2021:06:16:15 +0100] "GET /jamaica-lion-guitar-keyring-p-14625.html HTTP/1.0" 200 73597 "-" "Mozilla/5.0 (compatible; BLEXBot/1.0; +http://webmeup-crawler.com/)"
185.191.171.45 - - [02/Dec/2021:06:16:15 +0100] "GET /salt-pepper-shaker-sets-c-12_160.html?page=3 HTTP/1.0" 200 91797 "-" "Mozilla/5.0 (compatible; SemrushBot/7~bl; +http://www.semrush.com/bot.html)"
157.90.177.217 - - [02/Dec/2021:06:16:24 +0100] "GET /robots.txt HTTP/1.0" 301 531 "-" "Mozilla/5.0 (compatible; BLEXBot/1.0; +http://webmeup-crawler.com/)"
157.90.177.217 - - [02/Dec/2021:06:16:24 +0100] "GET /robots.txt HTTP/1.0" 200 245 "-" "Mozilla/5.0 (compatible; BLEXBot/1.0; +http://webmeup-crawler.com/)"
157.90.177.217 - - [02/Dec/2021:06:16:25 +0100] "GET /jamaica-mouse-cbkreation-p-13981.html HTTP/1.0" 200 73244 "-" "Mozilla/5.0 (compatible; BLEXBot/1.0; +http://webmeup-crawler.com/)"
185.191.171.7 - - [02/Dec/2021:06:16:30 +0100] "GET /despicable-me-puzzle-45-pieces-p-27684.html HTTP/1.0" 301 73547 "-" "Mozilla/5.0 (compatible; SemrushBot/7~bl; +http://www.semrush.com/bot.html)"
185.191.171.17 - - [02/Dec/2021:06:16:32 +0100] "GET /despicable-puzzle-pieces-p-27684.html HTTP/1.0" 200 73456 "-" "Mozilla/5.0 (compatible; SemrushBot/7~bl; +http://www.semrush.com/bot.html)"
157.90.177.217 - - [02/Dec/2021:06:16:34 +0100] "GET /jamaica-peace-guitar-keyring-p-14624.html HTTP/1.0" 200 73605 "-" "Mozilla/5.0 (compatible; BLEXBot/1.0; +http://webmeup-crawler.com/)"
185.191.171.34 - - [02/Dec/2021:06:16:35 +0100] "GET /bolster-case-cotton-percale-threads-p-51254.html HTTP/1.0" 200 74474 "-" "Mozilla/5.0 (compatible; SemrushBot/7~bl; +http://www.semrush.com/bot.html)"
185.191.171.9 - - [02/Dec/2021:06:16:38 +0100] "GET /-p-6216.html?action=add_product HTTP/1.0" 302 476 "-" "Mozilla/5.0 (compatible; SemrushBot/7~bl; +http://www.semrush.com/bot.html)"
157.90.177.217 - - [02/Dec/2021:06:16:39 +0100] "GET /jamaican-clock-cbkreation-p-24418.html HTTP/1.0" 200 73243 "-" "Mozilla/5.0 (compatible; BLEXBot/1.0; +http://webmeup-crawler.com/)"
54.36.149.35 - - [02/Dec/2021:06:16:38 +0100] "GET /cats-shower-curtain-p-55300.html HTTP/1.0" 200 73946 "-" "Mozilla/5.0 (compatible; AhrefsBot/7.0; +http://ahrefs.com/robot/)"
157.90.177.217 - - [02/Dec/2021:06:16:45 +0100] "GET /jamaican-color-ashtray-p-38299.html HTTP/1.0" 200 73240 "-" "Mozilla/5.0 (compatible; BLEXBot/1.0; +http://webmeup-crawler.com/)"
185.191.171.40 - - [02/Dec/2021:06:16:46 +0100] "GET /amazon-love-tote-butterflies-p-50285.html HTTP/1.0" 200 74376 "-" "Mozilla/5.0 (compatible; SemrushBot/7~bl; +http://www.semrush.com/bot.html)"
157.90.177.217 - - [02/Dec/2021:06:16:53 +0100] "GET /jamaican-dollar-money-cbkreation-p-24146.html HTTP/1.0" 200 73396 "-" "Mozilla/5.0 (compatible; BLEXBot/1.0; +http://webmeup-crawler.com/)"
157.90.177.217 - - [02/Dec/2021:06:17:02 +0100] "GET /jamais-trop-tard-pour-rien-faire-metal-plate-deco-p-45081.html HTTP/1.0" 200 73398 "-" "Mozilla/5.0 (compatible; BLEXBot/1.0; +http://webmeup-crawler.com/)"
157.90.177.217 - - [02/Dec/2021:06:17:06 +0100] "GET /jane-crowther-bowl-p-54777.html HTTP/1.0" 200 73971 "-" "Mozilla/5.0 (compatible; BLEXBot/1.0; +http://webmeup-crawler.com/)"
157.90.177.217 - - [02/Dec/2021:06:17:12 +0100] "GET /jane-crowther-frog-bowl-p-54778.html HTTP/1.0" 200 73989 "-" "Mozilla/5.0 (compatible; BLEXBot/1.0; +http://webmeup-crawler.com/)"
157.90.177.217 - - [02/Dec/2021:06:17:17 +0100] "GET /jane-crowther-ziggy-bowl-p-53863.html HTTP/1.0" 200 73921 "-" "Mozilla/5.0 (compatible; BLEXBot/1.0; +http://webmeup-crawler.com/)"
124.71.153.13 - - [02/Dec/2021:06:17:19 +0100] "GET /images/mini_prod/3453131122429.jpg HTTP/1.0" 200 269 "-" "Mozilla/5.0 (X11; Ubuntu; Linux x86_64; rv:72.0) Gecko/20100101 Firefox/72.0"
157.90.177.217 - - [02/Dec/2021:06:17:21 +0100] "GET /jane-crowther-ziggy-bowl-p-53865.html HTTP/1.0" 200 73921 "-" "Mozilla/5.0 (compatible; BLEXBot/1.0; +http://webmeup-crawler.com/)"
114.119.128.39 - - [02/Dec/2021:06:17:23 +0100] "GET /carpet-p-56390.html HTTP/1.0" 200 74179 "-" "Mozilla/5.0 (Linux; Android 7.0;) AppleWebKit/537.36 (KHTML, like Gecko) Mobile Safari/537.36 (compatible; PetalBot;+https://webmaster.petalsearch.com/site/petalbot)"
157.90.177.217 - - [02/Dec/2021:06:17:28 +0100] "GET /jane-crowther-ziggy-elephant-bowl-p-53864.html HTTP/1.0" 200 73979 "-" "Mozilla/5.0 (compatible; BLEXBot/1.0; +http://webmeup-crawler.com/)"
157.90.177.217 - - [02/Dec/2021:06:17:34 +0100] "GET /jane-crowther-ziggy-saucer-p-54267.html HTTP/1.0" 200 73323 "-" "Mozilla/5.0 (compatible; BLEXBot/1.0; +http://webmeup-crawler.com/)"
185.191.171.18 - - [02/Dec/2021:06:17:34 +0100] "GET /small-wooden-towel-holder-hang-p-51021.html HTTP/1.0" 200 73388 "-" "Mozilla/5.0 (compatible; SemrushBot/7~bl; +http://www.semrush.com/bot.html)"
157.90.177.217 - - [02/Dec/2021:06:17:38 +0100] "GET /jangal-jute-p-56459.html HTTP/1.0" 200 74170 "-" "Mozilla/5.0 (compatible; BLEXBot/1.0; +http://webmeup-crawler.com/)"
157.90.177.217 - - [02/Dec/2021:06:17:43 +0100] "GET /janod-axion-birthday-p-20553.html HTTP/1.0" 200 74157 "-" "Mozilla/5.0 (compatible; BLEXBot/1.0; +http://webmeup-crawler.com/)"
185.191.171.38 - - [02/Dec/2021:06:17:43 +0100] "GET /love-personnalized-mouse-p-17682.html HTTP/1.0" 200 73507 "-" "Mozilla/5.0 (compatible; SemrushBot/7~bl; +http://www.semrush.com/bot.html)"
157.90.177.217 - - [02/Dec/2021:06:17:49 +0100] "GET /japan-bedclothes-p-38601.html HTTP/1.0" 200 73302 "-" "Mozilla/5.0 (compatible; BLEXBot/1.0; +http://webmeup-crawler.com/)"
157.90.177.217 - - [02/Dec/2021:06:17:56 +0100] "GET /japan-clock-cbkreation-p-24686.html HTTP/1.0" 200 73361 "-" "Mozilla/5.0 (compatible; BLEXBot/1.0; +http://webmeup-crawler.com/)"
54.36.148.249 - - [02/Dec/2021:06:18:01 +0100] "GET /images/big_prod/5400924181024.jpg HTTP/1.0" 200 268 "-" "Mozilla/5.0 (compatible; AhrefsBot/7.0; +http://ahrefs.com/robot/)"
185.191.171.7 - - [02/Dec/2021:06:18:00 +0100] "GET /shaped-old-fan-clock-p-38098.html HTTP/1.0" 301 73447 "-" "Mozilla/5.0 (compatible; SemrushBot/7~bl; +http://www.semrush.com/bot.html)"
185.191.171.14 - - [02/Dec/2021:06:18:03 +0100] "GET /shaped-clock-p-38098.html HTTP/1.0" 200 73368 "-" "Mozilla/5.0 (compatible; SemrushBot/7~bl; +http://www.semrush.com/bot.html)"
157.90.177.217 - - [02/Dec/2021:06:18:04 +0100] "GET /japan-keyring-cbkreation-p-43241.html HTTP/1.0" 200 73333 "-" "Mozilla/5.0 (compatible; BLEXBot/1.0; +http://webmeup-crawler.com/)"
54.36.148.133 - - [02/Dec/2021:06:18:09 +0100] "GET /specials.php?page=17 HTTP/1.0" 200 125322 "-" "Mozilla/5.0 (compatible; AhrefsBot/7.0; +http://ahrefs.com/robot/)"
157.90.177.217 - - [02/Dec/2021:06:18:11 +0100] "GET /japan-money-cbkreation-p-24001.html HTTP/1.0" 200 73294 "-" "Mozilla/5.0 (compatible; BLEXBot/1.0; +http://webmeup-crawler.com/)"
157.90.177.217 - - [02/Dec/2021:06:18:17 +0100] "GET /japan-mouse-cbkreation-p-23466.html HTTP/1.0" 200 73268 "-" "Mozilla/5.0 (compatible; BLEXBot/1.0; +http://webmeup-crawler.com/)"
157.90.177.217 - - [02/Dec/2021:06:18:25 +0100] "GET /japan-mouse-cbkreation-p-28460.html HTTP/1.0" 200 73268 "-" "Mozilla/5.0 (compatible; BLEXBot/1.0; +http://webmeup-crawler.com/)"
185.191.171.45 - - [02/Dec/2021:06:18:28 +0100] "GET /mareva-coated-tablecloth-grey-yellow-p-45347.html?action=add_product HTTP/1.0" 302 476 "-" "Mozilla/5.0 (compatible; SemrushBot/7~bl; +http://www.semrush.com/bot.html)"
157.90.177.217 - - [02/Dec/2021:06:18:29 +0100] "GET /japan-rags-shoulder-p-26354.html HTTP/1.0" 200 73525 "-" "Mozilla/5.0 (compatible; BLEXBot/1.0; +http://webmeup-crawler.com/)"
157.90.177.217 - - [02/Dec/2021:06:18:35 +0100] "GET /jasmin-apache-companion-portfolio-p-40531.html HTTP/1.0" 200 73626 "-" "Mozilla/5.0 (compatible; BLEXBot/1.0; +http://webmeup-crawler.com/)"
157.90.177.217 - - [02/Dec/2021:06:18:40 +0100] "GET /jasmin-avoriaz-large-soup-bowl-p-34950.html HTTP/1.0" 200 73367 "-" "Mozilla/5.0 (compatible; BLEXBot/1.0; +http://webmeup-crawler.com/)"
157.90.177.217 - - [02/Dec/2021:06:18:43 +0100] "GET /jasmin-bowl-p-32942.html HTTP/1.0" 200 73189 "-" "Mozilla/5.0 (compatible; BLEXBot/1.0; +http://webmeup-crawler.com/)"
114.119.128.26 - - [02/Dec/2021:06:18:44 +0100] "GET /hello-kitty-tote-bag-with-blue-and-black-stripes-39-cm-p-46801.html HTTP/1.0" 301 73919 "-" "Mozilla/5.0 (Linux; Android 7.0;) AppleWebKit/537.36 (KHTML, like Gecko) Mobile Safari/537.36 (compatible; PetalBot;+https://webmaster.petalsearch.com/site/petalbot)"
157.90.177.217 - - [02/Dec/2021:06:18:48 +0100] "GET /jasmin-bowling-america-denim-p-38689.html HTTP/1.0" 200 74221 "-" "Mozilla/5.0 (compatible; BLEXBot/1.0; +http://webmeup-crawler.com/)"
17.121.112.84 - - [02/Dec/2021:06:18:49 +0100] "GET /bread-bags-pie-bag-c-11_179.html HTTP/1.0" 301 81862 "-" "Mozilla/5.0 (Macintosh; Intel Mac OS X 10_15_5) AppleWebKit/605.1.15 (KHTML, like Gecko) Version/13.1.1 Safari/605.1.15 (Applebot/0.1; +http://www.apple.com/go/applebot)"
17.121.112.84 - - [02/Dec/2021:06:18:51 +0100] "GET /bread-bags-c-179.html HTTP/1.0" 301 81743 "-" "Mozilla/5.0 (Macintosh; Intel Mac OS X 10_15_5) AppleWebKit/605.1.15 (KHTML, like Gecko) Version/13.1.1 Safari/605.1.15 (Applebot/0.1; +http://www.apple.com/go/applebot)"
157.90.177.217 - - [02/Dec/2021:06:18:52 +0100] "GET /jasmin-brown-melamine-tray-p-37947.html HTTP/1.0" 200 73377 "-" "Mozilla/5.0 (compatible; BLEXBot/1.0; +http://webmeup-crawler.com/)"
114.119.128.26 - - [02/Dec/2021:06:18:52 +0100] "GET /hello-kitty-tote-with-blue-black-stripes-p-46801.html HTTP/1.0" 200 73812 "-" "Mozilla/5.0 (Linux; Android 7.0;) AppleWebKit/537.36 (KHTML, like Gecko) Mobile Safari/537.36 (compatible; PetalBot;+https://webmaster.petalsearch.com/site/petalbot)"
40.77.167.66 - - [02/Dec/2021:06:18:55 +0100] "GET /images/mini_prod/9316188081177.jpg HTTP/1.0" 200 269 "-" "Mozilla/5.0 (compatible; bingbot/2.0; +http://www.bing.com/bingbot.htm)"
17.121.112.84 - - [02/Dec/2021:06:18:53 +0100] "GET /bread-bags-c-11_179.html HTTP/1.0" 200 81787 "-" "Mozilla/5.0 (Macintosh; Intel Mac OS X 10_15_5) AppleWebKit/605.1.15 (KHTML, like Gecko) Version/13.1.1 Safari/605.1.15 (Applebot/0.1; +http://www.apple.com/go/applebot)"
157.90.177.217 - - [02/Dec/2021:06:18:57 +0100] "GET /jasmin-cabas-allover-nova-p-45865.html HTTP/1.0" 200 74263 "-" "Mozilla/5.0 (compatible; BLEXBot/1.0; +http://webmeup-crawler.com/)"
157.90.177.217 - - [02/Dec/2021:06:19:04 +0100] "GET /jasmin-cabas-marley-p-41276.html HTTP/1.0" 200 74201 "-" "Mozilla/5.0 (compatible; BLEXBot/1.0; +http://webmeup-crawler.com/)"
157.90.177.217 - - [02/Dec/2021:06:19:08 +0100] "GET /jasmin-coasters-p-34892.html HTTP/1.0" 200 73230 "-" "Mozilla/5.0 (compatible; BLEXBot/1.0; +http://webmeup-crawler.com/)"
157.90.177.217 - - [02/Dec/2021:06:19:13 +0100] "GET /jasmin-companion-portfolio-amrica-white-p-38696.html HTTP/1.0" 200 74647 "-" "Mozilla/5.0 (compatible; BLEXBot/1.0; +http://webmeup-crawler.com/)"
157.90.177.217 - - [02/Dec/2021:06:19:18 +0100] "GET /jasmin-companion-portfolio-denim-p-37995.html HTTP/1.0" 200 74851 "-" "Mozilla/5.0 (compatible; BLEXBot/1.0; +http://webmeup-crawler.com/)"
157.90.177.217 - - [02/Dec/2021:06:19:23 +0100] "GET /jasmin-companion-portfolio-nova-p-43160.html HTTP/1.0" 200 74809 "-" "Mozilla/5.0 (compatible; BLEXBot/1.0; +http://webmeup-crawler.com/)"
49.7.20.138 - - [02/Dec/2021:06:19:24 +0100] "GET /decorations-c-89.html HTTP/1.0" 301 91808 "-" "Sogou web spider/4.0(+http://www.sogou.com/docs/help/webmasters.htm#07)"
40.77.167.66 - - [02/Dec/2021:06:19:26 +0100] "GET /salt-boxes-jars-c-12_223.html HTTP/1.0" 200 90816 "-" "Mozilla/5.0 (compatible; bingbot/2.0; +http://www.bing.com/bingbot.htm)"
157.90.177.217 - - [02/Dec/2021:06:19:27 +0100] "GET /jasmin-cups-espresso-p-39840.html HTTP/1.0" 200 73305 "-" "Mozilla/5.0 (compatible; BLEXBot/1.0; +http://webmeup-crawler.com/)"
54.36.148.71 - - [02/Dec/2021:06:19:30 +0100] "GET /incense-holder-incense-burner-c-231_229.html?page=3 HTTP/1.0" 200 92531 "-" "Mozilla/5.0 (compatible; AhrefsBot/7.0; +http://ahrefs.com/robot/)"
185.191.171.38 - - [02/Dec/2021:06:19:30 +0100] "GET /makeup-kit-retro-pastoral-poetry-p-37594.html HTTP/1.0" 301 73543 "-" "Mozilla/5.0 (compatible; SemrushBot/7~bl; +http://www.semrush.com/bot.html)"
157.90.177.217 - - [02/Dec/2021:06:19:34 +0100] "GET /jasmin-glass-coasters-p-37886.html HTTP/1.0" 200 73234 "-" "Mozilla/5.0 (compatible; BLEXBot/1.0; +http://webmeup-crawler.com/)"
185.191.171.25 - - [02/Dec/2021:06:19:34 +0100] "GET /makeup-retro-pastoral-poetry-p-37594.html HTTP/1.0" 200 73448 "-" "Mozilla/5.0 (compatible; SemrushBot/7~bl; +http://www.semrush.com/bot.html)"
157.90.177.217 - - [02/Dec/2021:06:19:38 +0100] "GET /jasmin-inuit-large-soup-bowl-p-41626.html HTTP/1.0" 200 73350 "-" "Mozilla/5.0 (compatible; BLEXBot/1.0; +http://webmeup-crawler.com/)"
185.191.171.44 - - [02/Dec/2021:06:19:39 +0100] "GET /hanging-decoration-p-56136.html?action=add_product HTTP/1.0" 302 476 "-" "Mozilla/5.0 (compatible; SemrushBot/7~bl; +http://www.semrush.com/bot.html)"
185.191.171.37 - - [02/Dec/2021:06:19:40 +0100] "GET /robots.txt HTTP/1.0" 200 245 "-" "Mozilla/5.0 (compatible; SemrushBot/7~bl; +http://www.semrush.com/bot.html)"
185.191.171.15 - - [02/Dec/2021:06:19:41 +0100] "GET /starry-russian-doll-small-cbkreation-p-18464.html?action=add_product HTTP/1.0" 302 476 "-" "Mozilla/5.0 (compatible; SemrushBot/7~bl; +http://www.semrush.com/bot.html)"
149.28.94.127 - - [02/Dec/2021:06:19:45 +0100] "GET /images/mini_prod/1300000081092.jpg HTTP/1.0" 200 269 "-" "Mozilla/5.0 (X11; Ubuntu; Linux x86_64; rv:72.0) Gecko/20100101 Firefox/72.0"
157.90.177.217 - - [02/Dec/2021:06:19:44 +0100] "GET /jasmin-jasmine-college-companion-portfolio-p-35088.html HTTP/1.0" 200 74300 "-" "Mozilla/5.0 (compatible; BLEXBot/1.0; +http://webmeup-crawler.com/)"
157.55.39.228 - - [02/Dec/2021:06:19:48 +0100] "GET /highslide/graphics/zoomout.cur HTTP/1.0" 200 614 "-" "Mozilla/5.0 (compatible; bingbot/2.0; +http://www.bing.com/bingbot.htm)"
157.90.177.217 - - [02/Dec/2021:06:19:50 +0100] "GET /jasmin-jasmine-companion-portfolio-maiko-p-44222.html HTTP/1.0" 200 74501 "-" "Mozilla/5.0 (compatible; BLEXBot/1.0; +http://webmeup-crawler.com/)"
157.90.177.217 - - [02/Dec/2021:06:19:56 +0100] "GET /jasmin-jasmine-companion-portfolio-morioka-p-44224.html HTTP/1.0" 200 74519 "-" "Mozilla/5.0 (compatible; BLEXBot/1.0; +http://webmeup-crawler.com/)"
157.90.177.217 - - [02/Dec/2021:06:19:59 +0100] "GET /jasmin-jasmine-companion-portfolio-tiffany-beige-p-38700.html HTTP/1.0" 200 74340 "-" "Mozilla/5.0 (compatible; BLEXBot/1.0; +http://webmeup-crawler.com/)"
157.90.177.217 - - [02/Dec/2021:06:20:08 +0100] "GET /jasmin-jasmine-geisha-companion-portfolio-p-40530.html HTTP/1.0" 200 74541 "-" "Mozilla/5.0 (compatible; BLEXBot/1.0; +http://webmeup-crawler.com/)"
157.90.177.217 - - [02/Dec/2021:06:20:14 +0100] "GET /jasmin-jasmine-racing-companion-portfolio-p-46991.html HTTP/1.0" 200 74541 "-" "Mozilla/5.0 (compatible; BLEXBot/1.0; +http://webmeup-crawler.com/)"
114.119.128.26 - - [02/Dec/2021:06:20:14 +0100] "GET /frida-khalo-rectangular-presentation-dish-model-p-49545.html HTTP/1.0" 200 73593 "-" "Mozilla/5.0 (Linux; Android 7.0;) AppleWebKit/537.36 (KHTML, like Gecko) Mobile Safari/537.36 (compatible; PetalBot;+https://webmaster.petalsearch.com/site/petalbot)"
157.90.177.217 - - [02/Dec/2021:06:20:18 +0100] "GET /jasmin-jasmine-racing-companion-portfolio-p-46992.html HTTP/1.0" 200 74541 "-" "Mozilla/5.0 (compatible; BLEXBot/1.0; +http://webmeup-crawler.com/)"
157.90.177.217 - - [02/Dec/2021:06:20:24 +0100] "GET /jasmin-jasmine-rockabilly-companion-portfolio-p-39129.html HTTP/1.0" 200 74347 "-" "Mozilla/5.0 (compatible; BLEXBot/1.0; +http://webmeup-crawler.com/)"
157.90.177.217 - - [02/Dec/2021:06:20:31 +0100] "GET /jasmin-large-cabas-jasmine-black-p-38367.html HTTP/1.0" 200 74310 "-" "Mozilla/5.0 (compatible; BLEXBot/1.0; +http://webmeup-crawler.com/)"
157.90.177.217 - - [02/Dec/2021:06:20:34 +0100] "GET /jasmin-large-cabas-jasmine-p-43475.html HTTP/1.0" 200 74268 "-" "Mozilla/5.0 (compatible; BLEXBot/1.0; +http://webmeup-crawler.com/)"
185.191.171.37 - - [02/Dec/2021:06:20:35 +0100] "GET /salt-pepper-shaker-sets-c-12_160.html?page=1 HTTP/1.0" 200 90839 "-" "Mozilla/5.0 (compatible; SemrushBot/7~bl; +http://www.semrush.com/bot.html)"
157.55.39.223 - - [02/Dec/2021:06:20:37 +0100] "GET /austin-mini-service-clock-p-37050.html HTTP/1.0" 200 70715 "-" "Mozilla/5.0 (compatible; bingbot/2.0; +http://www.bing.com/bingbot.htm)"
157.90.177.217 - - [02/Dec/2021:06:20:39 +0100] "GET /jasmin-large-cabas-maiko-p-43140.html HTTP/1.0" 200 74189 "-" "Mozilla/5.0 (compatible; BLEXBot/1.0; +http://webmeup-crawler.com/)"
157.90.177.217 - - [02/Dec/2021:06:20:44 +0100] "GET /jasmin-large-cabas-morioka-p-43139.html HTTP/1.0" 200 74203 "-" "Mozilla/5.0 (compatible; BLEXBot/1.0; +http://webmeup-crawler.com/)"
157.90.177.217 - - [02/Dec/2021:06:20:48 +0100] "GET /jasmin-large-cabas-p-43480.html HTTP/1.0" 200 74134 "-" "Mozilla/5.0 (compatible; BLEXBot/1.0; +http://webmeup-crawler.com/)"
54.36.148.135 - - [02/Dec/2021:06:20:53 +0100] "GET /dishes-c-12.html?page=17 HTTP/1.0" 200 91758 "-" "Mozilla/5.0 (compatible; AhrefsBot/7.0; +http://ahrefs.com/robot/)"
157.90.177.217 - - [02/Dec/2021:06:20:56 +0100] "GET /jasmin-make-morioka-p-46995.html HTTP/1.0" 200 73427 "-" "Mozilla/5.0 (compatible; BLEXBot/1.0; +http://webmeup-crawler.com/)"
185.191.171.39 - - [02/Dec/2021:06:20:58 +0100] "GET /bonheur-dans-ceramic-with-infuser-p-31534.html HTTP/1.0" 200 70771 "-" "Mozilla/5.0 (compatible; SemrushBot/7~bl; +http://www.semrush.com/bot.html)"
157.90.177.217 - - [02/Dec/2021:06:20:59 +0100] "GET /jasmin-make-nova-p-43162.html HTTP/1.0" 200 73424 "-" "Mozilla/5.0 (compatible; BLEXBot/1.0; +http://webmeup-crawler.com/)"
157.90.177.217 - - [02/Dec/2021:06:21:05 +0100] "GET /jasmin-make-pouch-maiko-p-46996.html HTTP/1.0" 200 74089 "-" "Mozilla/5.0 (compatible; BLEXBot/1.0; +http://webmeup-crawler.com/)"
20.109.131.56 - - [02/Dec/2021:06:21:07 +0100] "GET /images/big_prod/5036278061592.jpg HTTP/1.0" 200 268 "-" "Mozilla/4.0 (compatible; MSIE 7.0; Windows NT 6.0)"
185.191.171.38 - - [02/Dec/2021:06:21:05 +0100] "GET /buddha-canvas-frame-40-40-cm-p-39964.html HTTP/1.0" 301 73430 "-" "Mozilla/5.0 (compatible; SemrushBot/7~bl; +http://www.semrush.com/bot.html)"
157.90.177.217 - - [02/Dec/2021:06:21:09 +0100] "GET /jasmin-make-pouch-nikko-p-44221.html HTTP/1.0" 200 74065 "-" "Mozilla/5.0 (compatible; BLEXBot/1.0; +http://webmeup-crawler.com/)"
185.191.171.3 - - [02/Dec/2021:06:21:09 +0100] "GET /buddha-canvas-frame-p-39964.html HTTP/1.0" 200 73344 "-" "Mozilla/5.0 (compatible; SemrushBot/7~bl; +http://www.semrush.com/bot.html)"
157.90.177.217 - - [02/Dec/2021:06:21:15 +0100] "GET /jasmin-make-pouch-racing-p-43463.html HTTP/1.0" 200 73501 "-" "Mozilla/5.0 (compatible; BLEXBot/1.0; +http://webmeup-crawler.com/)"
157.90.177.217 - - [02/Dec/2021:06:21:19 +0100] "GET /jasmin-make-pouch-steed-grey-p-38705.html HTTP/1.0" 200 73488 "-" "Mozilla/5.0 (compatible; BLEXBot/1.0; +http://webmeup-crawler.com/)"
157.90.177.217 - - [02/Dec/2021:06:21:24 +0100] "GET /jasmin-marley-companion-portfolio-p-40982.html HTTP/1.0" 200 73605 "-" "Mozilla/5.0 (compatible; BLEXBot/1.0; +http://webmeup-crawler.com/)"
157.90.177.217 - - [02/Dec/2021:06:21:28 +0100] "GET /jasmin-medium-cabas-jasmine-p-43473.html HTTP/1.0" 200 74247 "-" "Mozilla/5.0 (compatible; BLEXBot/1.0; +http://webmeup-crawler.com/)"
185.191.171.39 - - [02/Dec/2021:06:21:29 +0100] "GET /volkswagen-electronic-lighter-p-47731.html HTTP/1.0" 301 70680 "-" "Mozilla/5.0 (compatible; SemrushBot/7~bl; +http://www.semrush.com/bot.html)"
185.191.171.2 - - [02/Dec/2021:06:21:31 +0100] "GET /-p-47731.html HTTP/1.0" 200 70613 "-" "Mozilla/5.0 (compatible; SemrushBot/7~bl; +http://www.semrush.com/bot.html)"
157.90.177.217 - - [02/Dec/2021:06:21:32 +0100] "GET /jasmin-medium-cabas-jasmine-p-43474.html HTTP/1.0" 200 74247 "-" "Mozilla/5.0 (compatible; BLEXBot/1.0; +http://webmeup-crawler.com/)"
20.109.132.176 - - [02/Dec/2021:06:21:36 +0100] "GET /images/3661443382978.jpg HTTP/1.0" 200 259 "-" "Mozilla/5.0 (Macintosh; U; PPC Mac OS X 10.5; en-US; rv:1.9.2.15) Gecko/20110303 Firefox/3.6.15"
114.119.128.34 - - [02/Dec/2021:06:21:37 +0100] "GET /decorative-globe-p-40904.html HTTP/1.0" 200 73271 "-" "Mozilla/5.0 (Linux; Android 7.0;) AppleWebKit/537.36 (KHTML, like Gecko) Mobile Safari/537.36 (compatible; PetalBot;+https://webmaster.petalsearch.com/site/petalbot)"
157.90.177.217 - - [02/Dec/2021:06:21:37 +0100] "GET /jasmin-medium-cabas-p-44211.html HTTP/1.0" 200 74161 "-" "Mozilla/5.0 (compatible; BLEXBot/1.0; +http://webmeup-crawler.com/)"
185.191.171.9 - - [02/Dec/2021:06:21:44 +0100] "GET /raving-rabbits-white-shirt-p-30142.html?action=add_product HTTP/1.0" 302 476 "-" "Mozilla/5.0 (compatible; SemrushBot/7~bl; +http://www.semrush.com/bot.html)"
157.90.177.217 - - [02/Dec/2021:06:21:44 +0100] "GET /jasmin-medium-cabas-p-44213.html HTTP/1.0" 200 74161 "-" "Mozilla/5.0 (compatible; BLEXBot/1.0; +http://webmeup-crawler.com/)"
216.244.66.242 - - [02/Dec/2021:06:21:46 +0100] "GET /horse-watch-p-28763.html HTTP/1.0" 200 70659 "-" "Mozilla/5.0 (compatible; DotBot/1.2; +https://opensiteexplorer.org/dotbot; help@moz.com)"
157.90.177.217 - - [02/Dec/2021:06:21:47 +0100] "GET /jasmin-mouse-p-31373.html HTTP/1.0" 200 73240 "-" "Mozilla/5.0 (compatible; BLEXBot/1.0; +http://webmeup-crawler.com/)"
157.90.177.217 - - [02/Dec/2021:06:21:53 +0100] "GET /jasmin-music-groovy-handbag-hanger-p-34891.html HTTP/1.0" 200 73426 "-" "Mozilla/5.0 (compatible; BLEXBot/1.0; +http://webmeup-crawler.com/)"
157.90.177.217 - - [02/Dec/2021:06:21:57 +0100] "GET /jasmin-racing-handbag-hanger-p-34890.html HTTP/1.0" 200 74004 "-" "Mozilla/5.0 (compatible; BLEXBot/1.0; +http://webmeup-crawler.com/)"
157.90.177.217 - - [02/Dec/2021:06:22:00 +0100] "GET /jasmin-shoulder-p-31591.html HTTP/1.0" 200 73567 "-" "Mozilla/5.0 (compatible; BLEXBot/1.0; +http://webmeup-crawler.com/)"
157.90.177.217 - - [02/Dec/2021:06:22:05 +0100] "GET /jasmin-shoulder-p-31592.html HTTP/1.0" 200 73567 "-" "Mozilla/5.0 (compatible; BLEXBot/1.0; +http://webmeup-crawler.com/)"
54.36.149.96 - - [02/Dec/2021:06:22:09 +0100] "GET /dubout-cats-metal-keyring-p-32236.html HTTP/1.0" 200 73290 "-" "Mozilla/5.0 (compatible; AhrefsBot/7.0; +http://ahrefs.com/robot/)"
157.90.177.217 - - [02/Dec/2021:06:22:11 +0100] "GET /jasmin-small-cabas-apache-purple-p-45863.html HTTP/1.0" 200 74245 "-" "Mozilla/5.0 (compatible; BLEXBot/1.0; +http://webmeup-crawler.com/)"
157.90.177.217 - - [02/Dec/2021:06:22:18 +0100] "GET /jasmin-small-cabas-jasmine-p-43468.html HTTP/1.0" 200 74255 "-" "Mozilla/5.0 (compatible; BLEXBot/1.0; +http://webmeup-crawler.com/)"
157.90.177.217 - - [02/Dec/2021:06:22:23 +0100] "GET /jasmin-small-cabas-nova-p-43470.html HTTP/1.0" 200 74182 "-" "Mozilla/5.0 (compatible; BLEXBot/1.0; +http://webmeup-crawler.com/)"
157.90.177.217 - - [02/Dec/2021:06:22:29 +0100] "GET /jasmin-surf-handbag-hanger-p-34889.html HTTP/1.0" 200 73984 "-" "Mozilla/5.0 (compatible; BLEXBot/1.0; +http://webmeup-crawler.com/)"
157.90.177.217 - - [02/Dec/2021:06:22:35 +0100] "GET /jasmin-week-clock-p-34976.html HTTP/1.0" 200 73300 "-" "Mozilla/5.0 (compatible; BLEXBot/1.0; +http://webmeup-crawler.com/)"
54.36.149.99 - - [02/Dec/2021:06:22:39 +0100] "GET /images/big_prod_1/5400924181024B.jpg HTTP/1.0" 200 271 "-" "Mozilla/5.0 (compatible; AhrefsBot/7.0; +http://ahrefs.com/robot/)"
157.90.177.217 - - [02/Dec/2021:06:22:38 +0100] "GET /jazzy-candy-cloud-keychain-p-49750.html HTTP/1.0" 200 73285 "-" "Mozilla/5.0 (compatible; BLEXBot/1.0; +http://webmeup-crawler.com/)"
157.90.177.217 - - [02/Dec/2021:06:22:40 +0100] "GET /jazzy-candy-cloud-keychain-p-49760.html HTTP/1.0" 200 73282 "-" "Mozilla/5.0 (compatible; BLEXBot/1.0; +http://webmeup-crawler.com/)"
51.68.224.127 - - [02/Dec/2021:06:22:42 +0100] "GET /adminweb/export_orders_xml.php?token=256de2z6edz6ed2z6DFSFsed2zed6zeDSFDSGdzedezfzf&maxorders=10&orderstart=1&status=14&start_date=2018-10-01 HTTP/1.0" 200 285 "-" "GesCom CharlotteBoutik Serveur"
51.68.224.127 - - [02/Dec/2021:06:22:42 +0100] "GET /adminweb/export_orders_xml.php?token=256de2z6edz6ed2z6DFSFsed2zed6zeDSFDSGdzedezfzf&maxorders=10&orderstart=1&status=6&start_date=2018-10-01 HTTP/1.0" 200 32471 "-" "GesCom CharlotteBoutik Serveur"
157.90.177.217 - - [02/Dec/2021:06:22:44 +0100] "GET /jeans-black-backpack-laptop-p-35998.html HTTP/1.0" 200 73657 "-" "Mozilla/5.0 (compatible; BLEXBot/1.0; +http://webmeup-crawler.com/)"
157.90.177.217 - - [02/Dec/2021:06:22:48 +0100] "GET /jeans-gray-khaki-union-jack-backpack-p-35993.html HTTP/1.0" 200 73728 "-" "Mozilla/5.0 (compatible; BLEXBot/1.0; +http://webmeup-crawler.com/)"
157.90.177.217 - - [02/Dec/2021:06:22:57 +0100] "GET /jeans-grey-backpack-laptop-p-33488.html HTTP/1.0" 200 73653 "-" "Mozilla/5.0 (compatible; BLEXBot/1.0; +http://webmeup-crawler.com/)"
157.90.177.217 - - [02/Dec/2021:06:23:00 +0100] "GET /jeans-pink-backpack-p-35995.html HTTP/1.0" 200 74169 "-" "Mozilla/5.0 (compatible; BLEXBot/1.0; +http://webmeup-crawler.com/)"
157.90.177.217 - - [02/Dec/2021:06:23:06 +0100] "GET /jerrican-american-flag-wall-decor-p-51440.html HTTP/1.0" 200 73392 "-" "Mozilla/5.0 (compatible; BLEXBot/1.0; +http://webmeup-crawler.com/)"
114.119.128.253 - - [02/Dec/2021:06:23:07 +0100] "GET /porcelain-pacha-p-54463.html HTTP/1.0" 200 73233 "-" "Mozilla/5.0 (Linux; Android 7.0;) AppleWebKit/537.36 (KHTML, like Gecko) Mobile Safari/537.36 (compatible; PetalBot;+https://webmaster.petalsearch.com/site/petalbot)"
157.90.177.217 - - [02/Dec/2021:06:23:08 +0100] "GET /jerrican-wall-decor-p-51438.html HTTP/1.0" 200 73352 "-" "Mozilla/5.0 (compatible; BLEXBot/1.0; +http://webmeup-crawler.com/)"
157.90.177.217 - - [02/Dec/2021:06:23:14 +0100] "GET /jewelry-boxes-holders-c-13_150_131.html?page=1 HTTP/1.0" 200 91273 "-" "Mozilla/5.0 (compatible; BLEXBot/1.0; +http://webmeup-crawler.com/)"
157.90.177.217 - - [02/Dec/2021:06:23:19 +0100] "GET /jewelry-holder-mirror-p-55772.html HTTP/1.0" 200 74151 "-" "Mozilla/5.0 (compatible; BLEXBot/1.0; +http://webmeup-crawler.com/)"
54.36.148.132 - - [02/Dec/2021:06:23:23 +0100] "GET /pusheen-stormy-with-balloons-p-41960.html HTTP/1.0" 200 74461 "-" "Mozilla/5.0 (compatible; AhrefsBot/7.0; +http://ahrefs.com/robot/)"
157.90.177.217 - - [02/Dec/2021:06:23:23 +0100] "GET /jewelry-holder-mirror-stand-p-53688.html HTTP/1.0" 200 74255 "-" "Mozilla/5.0 (compatible; BLEXBot/1.0; +http://webmeup-crawler.com/)"
185.191.171.44 - - [02/Dec/2021:06:23:27 +0100] "GET /kettle-on-pendulum-clock-p-41648.html HTTP/1.0" 301 73524 "-" "Mozilla/5.0 (compatible; SemrushBot/7~bl; +http://www.semrush.com/bot.html)"
157.90.177.217 - - [02/Dec/2021:06:23:28 +0100] "GET /jewelry-holder-statuette-p-55943.html HTTP/1.0" 200 73435 "-" "Mozilla/5.0 (compatible; BLEXBot/1.0; +http://webmeup-crawler.com/)"
185.191.171.42 - - [02/Dec/2021:06:23:30 +0100] "GET /kettle-pendulum-clock-p-41648.html HTTP/1.0" 200 73436 "-" "Mozilla/5.0 (compatible; SemrushBot/7~bl; +http://www.semrush.com/bot.html)"
157.90.177.217 - - [02/Dec/2021:06:23:32 +0100] "GET /jewels-bowl-p-54550.html HTTP/1.0" 200 73807 "-" "Mozilla/5.0 (compatible; BLEXBot/1.0; +http://webmeup-crawler.com/)"
157.90.177.217 - - [02/Dec/2021:06:23:38 +0100] "GET /jewels-cats-espresso-p-54559.html HTTP/1.0" 200 74115 "-" "Mozilla/5.0 (compatible; BLEXBot/1.0; +http://webmeup-crawler.com/)"
157.90.177.217 - - [02/Dec/2021:06:23:43 +0100] "GET /johnnie-walker-label-mirror-p-48302.html HTTP/1.0" 200 73313 "-" "Mozilla/5.0 (compatible; BLEXBot/1.0; +http://webmeup-crawler.com/)"
157.90.177.217 - - [02/Dec/2021:06:23:47 +0100] "GET /johnny-hallyday-clock-p-11918.html HTTP/1.0" 200 73260 "-" "Mozilla/5.0 (compatible; BLEXBot/1.0; +http://webmeup-crawler.com/)"
185.191.171.36 - - [02/Dec/2021:06:23:48 +0100] "GET /zodiac-high-ceramic-p-30790.html?action=add_product HTTP/1.0" 302 476 "-" "Mozilla/5.0 (compatible; SemrushBot/7~bl; +http://www.semrush.com/bot.html)"
165.154.72.231 - - [02/Dec/2021:06:23:51 +0100] "GET /images/mini_prod/3457019604168.jpg HTTP/1.0" 200 269 "-" "Mozilla/5.0 (X11; Ubuntu; Linux x86_64; rv:72.0) Gecko/20100101 Firefox/72.0"
157.90.177.217 - - [02/Dec/2021:06:23:52 +0100] "GET /johnny-hallyday-clock-p-7086.html HTTP/1.0" 200 72956 "-" "Mozilla/5.0 (compatible; BLEXBot/1.0; +http://webmeup-crawler.com/)"
157.90.177.217 - - [02/Dec/2021:06:23:57 +0100] "GET /johnny-hallyday-clock-p-7244.html HTTP/1.0" 200 72959 "-" "Mozilla/5.0 (compatible; BLEXBot/1.0; +http://webmeup-crawler.com/)"
157.90.177.217 - - [02/Dec/2021:06:24:01 +0100] "GET /johnny-hallyday-glass-wall-clock-p-9324.html HTTP/1.0" 200 73347 "-" "Mozilla/5.0 (compatible; BLEXBot/1.0; +http://webmeup-crawler.com/)"
66.249.68.42 - - [02/Dec/2021:06:24:03 +0100] "GET /pendulum-ohm-polished-black-agate-p-45154.html HTTP/1.0" 301 74481 "-" "Mozilla/5.0 (Linux; Android 6.0.1; Nexus 5X Build/MMB29P) AppleWebKit/537.36 (KHTML, like Gecko) Chrome/96.0.4664.45 Mobile Safari/537.36 (compatible; Googlebot/2.1; +http://www.google.com/bot.html)"
66.249.68.40 - - [02/Dec/2021:06:24:05 +0100] "GET /pendulum-polished-black-agate-p-45154.html HTTP/1.0" 200 74385 "-" "Mozilla/5.0 (Linux; Android 6.0.1; Nexus 5X Build/MMB29P) AppleWebKit/537.36 (KHTML, like Gecko) Chrome/96.0.4664.45 Mobile Safari/537.36 (compatible; Googlebot/2.1; +http://www.google.com/bot.html)"
157.90.177.217 - - [02/Dec/2021:06:24:05 +0100] "GET /johnny-hallyday-mouse-p-10933.html HTTP/1.0" 200 73236 "-" "Mozilla/5.0 (compatible; BLEXBot/1.0; +http://webmeup-crawler.com/)"
185.191.171.43 - - [02/Dec/2021:06:24:08 +0100] "GET /pill-box-curiosity-mirabelle-p-38203.html HTTP/1.0" 301 70802 "-" "Mozilla/5.0 (compatible; SemrushBot/7~bl; +http://www.semrush.com/bot.html)"
157.90.177.217 - - [02/Dec/2021:06:24:09 +0100] "GET /johnny-hallyday-mouse-p-38853.html HTTP/1.0" 200 73239 "-" "Mozilla/5.0 (compatible; BLEXBot/1.0; +http://webmeup-crawler.com/)"
185.191.171.2 - - [02/Dec/2021:06:24:11 +0100] "GET /pill-curiosity-mirabelle-p-38203.html HTTP/1.0" 200 70711 "-" "Mozilla/5.0 (compatible; SemrushBot/7~bl; +http://www.semrush.com/bot.html)"
157.90.177.217 - - [02/Dec/2021:06:24:14 +0100] "GET /johnny-hallyday-wooden-clock-p-8247.html HTTP/1.0" 200 73388 "-" "Mozilla/5.0 (compatible; BLEXBot/1.0; +http://webmeup-crawler.com/)"
185.191.171.42 - - [02/Dec/2021:06:24:17 +0100] "GET /home-decoration-c-13.html?page=30 HTTP/1.0" 200 92979 "-" "Mozilla/5.0 (compatible; SemrushBot/7~bl; +http://www.semrush.com/bot.html)"
157.90.177.217 - - [02/Dec/2021:06:24:20 +0100] "GET /johnny-hallyday-wooden-clock-p-8249.html HTTP/1.0" 200 73282 "-" "Mozilla/5.0 (compatible; BLEXBot/1.0; +http://webmeup-crawler.com/)"
157.90.177.217 - - [02/Dec/2021:06:24:25 +0100] "GET /jolie-provence-adult-apron-p-47693.html HTTP/1.0" 200 73228 "-" "Mozilla/5.0 (compatible; BLEXBot/1.0; +http://webmeup-crawler.com/)"
