157.90.177.217 - - [02/Dec/2021:07:02:33 +0100] "GET /little-toiletry-p-43403.html HTTP/1.0" 200 73324 "-" "Mozilla/5.0 (compatible; BLEXBot/1.0; +http://webmeup-crawler.com/)"
157.90.177.217 - - [02/Dec/2021:07:02:41 +0100] "GET /little-toiletry-p-43404.html HTTP/1.0" 200 73328 "-" "Mozilla/5.0 (compatible; BLEXBot/1.0; +http://webmeup-crawler.com/)"
147.92.153.12 - - [02/Dec/2021:07:02:25 +0100] "GET /decorations-c-13_89.html HTTP/1.0" 200 91856 "-" "Mozilla/5.0 (compatible; Linespider/1.1; +https://lin.ee/4dwXkTH)"
157.90.177.217 - - [02/Dec/2021:07:02:47 +0100] "GET /little-toiletry-p-43405.html HTTP/1.0" 200 73324 "-" "Mozilla/5.0 (compatible; BLEXBot/1.0; +http://webmeup-crawler.com/)"
157.90.177.217 - - [02/Dec/2021:07:02:53 +0100] "GET /little-toiletry-p-43406.html HTTP/1.0" 200 73324 "-" "Mozilla/5.0 (compatible; BLEXBot/1.0; +http://webmeup-crawler.com/)"
157.90.177.217 - - [02/Dec/2021:07:02:59 +0100] "GET /little-toiletry-p-43407.html HTTP/1.0" 200 73324 "-" "Mozilla/5.0 (compatible; BLEXBot/1.0; +http://webmeup-crawler.com/)"
157.90.177.217 - - [02/Dec/2021:07:03:03 +0100] "GET /little-toiletry-p-43408.html HTTP/1.0" 200 73324 "-" "Mozilla/5.0 (compatible; BLEXBot/1.0; +http://webmeup-crawler.com/)"
114.119.128.253 - - [02/Dec/2021:07:03:06 +0100] "GET /images/mini_prod/1020322298588.jpg HTTP/1.0" 200 269 "-" "Mozilla/5.0 (Linux; Android 7.0;) AppleWebKit/537.36 (KHTML, like Gecko) Mobile Safari/537.36 (compatible; PetalBot;+https://webmaster.petalsearch.com/site/petalbot)"
157.90.177.217 - - [02/Dec/2021:07:03:07 +0100] "GET /little-toiletry-p-43409.html HTTP/1.0" 200 73324 "-" "Mozilla/5.0 (compatible; BLEXBot/1.0; +http://webmeup-crawler.com/)"
157.90.177.217 - - [02/Dec/2021:07:03:11 +0100] "GET /little-toiletry-p-43411.html HTTP/1.0" 200 73324 "-" "Mozilla/5.0 (compatible; BLEXBot/1.0; +http://webmeup-crawler.com/)"
157.55.39.125 - - [02/Dec/2021:07:03:18 +0100] "GET /images/8435306246456.jpg HTTP/1.0" 200 259 "-" "Mozilla/5.0 (compatible; bingbot/2.0; +http://www.bing.com/bingbot.htm)"
157.90.177.217 - - [02/Dec/2021:07:03:20 +0100] "GET /little-toiletry-p-43412.html HTTP/1.0" 200 73324 "-" "Mozilla/5.0 (compatible; BLEXBot/1.0; +http://webmeup-crawler.com/)"
157.90.177.217 - - [02/Dec/2021:07:03:28 +0100] "GET /little-toiletry-p-43413.html HTTP/1.0" 200 73324 "-" "Mozilla/5.0 (compatible; BLEXBot/1.0; +http://webmeup-crawler.com/)"
185.191.171.37 - - [02/Dec/2021:07:03:33 +0100] "GET /retro-surf-metal-plate-deco-20-30-cm-p-46420.html HTTP/1.0" 301 70866 "-" "Mozilla/5.0 (compatible; SemrushBot/7~bl; +http://www.semrush.com/bot.html)"
185.191.171.39 - - [02/Dec/2021:07:03:36 +0100] "GET /retro-surf-metal-plate-deco-p-46420.html HTTP/1.0" 200 70772 "-" "Mozilla/5.0 (compatible; SemrushBot/7~bl; +http://www.semrush.com/bot.html)"
157.90.177.217 - - [02/Dec/2021:07:03:34 +0100] "GET /little-toiletry-p-43414.html HTTP/1.0" 200 73312 "-" "Mozilla/5.0 (compatible; BLEXBot/1.0; +http://webmeup-crawler.com/)"
157.90.177.217 - - [02/Dec/2021:07:03:44 +0100] "GET /little-toiletry-p-43415.html HTTP/1.0" 200 73323 "-" "Mozilla/5.0 (compatible; BLEXBot/1.0; +http://webmeup-crawler.com/)"
157.90.177.217 - - [02/Dec/2021:07:03:51 +0100] "GET /little-toiletry-p-43416.html HTTP/1.0" 200 73323 "-" "Mozilla/5.0 (compatible; BLEXBot/1.0; +http://webmeup-crawler.com/)"
54.36.148.63 - - [02/Dec/2021:07:03:55 +0100] "GET /russian-dolls-cbkreation-clock-p-24414.html HTTP/1.0" 200 73264 "-" "Mozilla/5.0 (compatible; AhrefsBot/7.0; +http://ahrefs.com/robot/)"
157.90.177.217 - - [02/Dec/2021:07:04:00 +0100] "GET /little-toiletry-p-43417.html HTTP/1.0" 200 73324 "-" "Mozilla/5.0 (compatible; BLEXBot/1.0; +http://webmeup-crawler.com/)"
157.90.177.217 - - [02/Dec/2021:07:04:04 +0100] "GET /little-toiletry-p-43418.html HTTP/1.0" 200 73324 "-" "Mozilla/5.0 (compatible; BLEXBot/1.0; +http://webmeup-crawler.com/)"
157.90.177.217 - - [02/Dec/2021:07:04:10 +0100] "GET /little-toiletry-p-43420.html HTTP/1.0" 200 73324 "-" "Mozilla/5.0 (compatible; BLEXBot/1.0; +http://webmeup-crawler.com/)"
157.90.177.217 - - [02/Dec/2021:07:04:17 +0100] "GET /little-toiletry-p-43421.html HTTP/1.0" 200 73324 "-" "Mozilla/5.0 (compatible; BLEXBot/1.0; +http://webmeup-crawler.com/)"
185.191.171.17 - - [02/Dec/2021:07:04:19 +0100] "GET /pepe-jeans-kaki-backpack-with-pencil-case-p-45079.html HTTP/1.0" 301 70860 "-" "Mozilla/5.0 (compatible; SemrushBot/7~bl; +http://www.semrush.com/bot.html)"
185.191.171.38 - - [02/Dec/2021:07:04:24 +0100] "GET /jeans-kaki-backpack-with-pencil-case-p-45079.html HTTP/1.0" 200 70757 "-" "Mozilla/5.0 (compatible; SemrushBot/7~bl; +http://www.semrush.com/bot.html)"
157.90.177.217 - - [02/Dec/2021:07:04:27 +0100] "GET /little-toiletry-p-43424.html HTTP/1.0" 200 73324 "-" "Mozilla/5.0 (compatible; BLEXBot/1.0; +http://webmeup-crawler.com/)"
157.90.177.217 - - [02/Dec/2021:07:04:32 +0100] "GET /little-toiletry-p-43425.html HTTP/1.0" 200 73324 "-" "Mozilla/5.0 (compatible; BLEXBot/1.0; +http://webmeup-crawler.com/)"
157.90.177.217 - - [02/Dec/2021:07:04:37 +0100] "GET /little-toiletry-p-43803.html HTTP/1.0" 200 73324 "-" "Mozilla/5.0 (compatible; BLEXBot/1.0; +http://webmeup-crawler.com/)"
114.119.128.34 - - [02/Dec/2021:07:04:41 +0100] "GET /bunny-nightlight-p-53122.html HTTP/1.0" 200 70675 "-" "Mozilla/5.0 (Linux; Android 7.0;) AppleWebKit/537.36 (KHTML, like Gecko) Mobile Safari/537.36 (compatible; PetalBot;+https://webmaster.petalsearch.com/site/petalbot)"
157.90.177.217 - - [02/Dec/2021:07:04:44 +0100] "GET /little-toiletry-p-45065.html HTTP/1.0" 200 73324 "-" "Mozilla/5.0 (compatible; BLEXBot/1.0; +http://webmeup-crawler.com/)"
157.90.177.217 - - [02/Dec/2021:07:04:54 +0100] "GET /little-tortoise-statuette-p-43103.html HTTP/1.0" 200 73327 "-" "Mozilla/5.0 (compatible; BLEXBot/1.0; +http://webmeup-crawler.com/)"
185.191.171.42 - - [02/Dec/2021:07:05:02 +0100] "GET /kundalini-chakras-wall-decoration-p-38792.html?action=add_product HTTP/1.0" 302 476 "-" "Mozilla/5.0 (compatible; SemrushBot/7~bl; +http://www.semrush.com/bot.html)"
157.90.177.217 - - [02/Dec/2021:07:05:00 +0100] "GET /little-tortoise-statuette-p-43104.html HTTP/1.0" 200 73344 "-" "Mozilla/5.0 (compatible; BLEXBot/1.0; +http://webmeup-crawler.com/)"
157.90.177.217 - - [02/Dec/2021:07:05:08 +0100] "GET /little-tree-life-bonsai-pink-quartz-p-47193.html HTTP/1.0" 200 73344 "-" "Mozilla/5.0 (compatible; BLEXBot/1.0; +http://webmeup-crawler.com/)"
157.90.177.217 - - [02/Dec/2021:07:05:13 +0100] "GET /littlest-petshop-double-wall-acrylic-glasses-p-4667.html HTTP/1.0" 200 73465 "-" "Mozilla/5.0 (compatible; BLEXBot/1.0; +http://webmeup-crawler.com/)"
157.90.177.217 - - [02/Dec/2021:07:05:17 +0100] "GET /littlest-petshop-magic-tracer-p-6917.html HTTP/1.0" 200 73592 "-" "Mozilla/5.0 (compatible; BLEXBot/1.0; +http://webmeup-crawler.com/)"
54.36.148.158 - - [02/Dec/2021:07:05:20 +0100] "GET /jasmin-purse-p-40985.html HTTP/1.0" 200 73227 "-" "Mozilla/5.0 (compatible; AhrefsBot/7.0; +http://ahrefs.com/robot/)"
157.90.177.217 - - [02/Dec/2021:07:05:22 +0100] "GET /littlest-petshop-stamp-tissue-p-6587.html HTTP/1.0" 200 73583 "-" "Mozilla/5.0 (compatible; BLEXBot/1.0; +http://webmeup-crawler.com/)"
66.249.68.40 - - [02/Dec/2021:07:05:29 +0100] "GET /swfobject.js HTTP/1.0" 404 1308 "http://www.wonder-geek.com/buddha-canvas-frame-p-33993.html" "Mozilla/5.0 (Linux; Android 6.0.1; Nexus 5X Build/MMB29P) AppleWebKit/537.36 (KHTML, like Gecko) Chrome/95.0.4638.69 Mobile Safari/537.36 (compatible; Googlebot/2.1; +http://www.google.com/bot.html)"
157.90.177.217 - - [02/Dec/2021:07:05:30 +0100] "GET /littlest-petshop-travel-p-6374.html HTTP/1.0" 200 73555 "-" "Mozilla/5.0 (compatible; BLEXBot/1.0; +http://webmeup-crawler.com/)"
157.90.177.217 - - [02/Dec/2021:07:05:37 +0100] "GET /live-dream-large-cabas-p-42928.html HTTP/1.0" 200 73333 "-" "Mozilla/5.0 (compatible; BLEXBot/1.0; +http://webmeup-crawler.com/)"
17.121.113.47 - - [02/Dec/2021:07:05:44 +0100] "GET /images/mini_prod/3453131138796.jpg HTTP/1.0" 200 269 "-" "Mozilla/5.0 (Macintosh; Intel Mac OS X 10_15_5) AppleWebKit/605.1.15 (KHTML, like Gecko) Version/13.1.1 Safari/605.1.15 (Applebot/0.1; +http://www.apple.com/go/applebot)"
157.90.177.217 - - [02/Dec/2021:07:05:42 +0100] "GET /live-dream-white-shirt-p-43145.html HTTP/1.0" 200 76603 "-" "Mozilla/5.0 (compatible; BLEXBot/1.0; +http://webmeup-crawler.com/)"
157.90.177.217 - - [02/Dec/2021:07:05:49 +0100] "GET /live-ride-black-shirt-p-30592.html HTTP/1.0" 200 75225 "-" "Mozilla/5.0 (compatible; BLEXBot/1.0; +http://webmeup-crawler.com/)"
20.109.134.228 - - [02/Dec/2021:07:05:57 +0100] "GET /images/big_prod/1374040548082.jpg HTTP/1.0" 200 268 "-" "Mozilla/5.0 (Windows NT 10.0; WOW64) AppleWebKit/537.36 (KHTML, like Gecko) Chrome/64.0.3282.186 Safari/537.36"
157.90.177.217 - - [02/Dec/2021:07:05:56 +0100] "GET /live-ride-cbkreation-p-30662.html HTTP/1.0" 200 73304 "-" "Mozilla/5.0 (compatible; BLEXBot/1.0; +http://webmeup-crawler.com/)"
157.90.177.217 - - [02/Dec/2021:07:06:01 +0100] "GET /live-ride-cbkreation-p-30663.html HTTP/1.0" 200 73303 "-" "Mozilla/5.0 (compatible; BLEXBot/1.0; +http://webmeup-crawler.com/)"
185.191.171.2 - - [02/Dec/2021:07:06:05 +0100] "GET /chambre-range-metal-plate-p-47541.html HTTP/1.0" 200 73288 "-" "Mozilla/5.0 (compatible; SemrushBot/7~bl; +http://www.semrush.com/bot.html)"
157.90.177.217 - - [02/Dec/2021:07:06:07 +0100] "GET /live-ride-shirt-p-30586.html HTTP/1.0" 200 75155 "-" "Mozilla/5.0 (compatible; BLEXBot/1.0; +http://webmeup-crawler.com/)"
157.90.177.217 - - [02/Dec/2021:07:06:14 +0100] "GET /live-ride-white-shirt-p-30591.html HTTP/1.0" 200 75223 "-" "Mozilla/5.0 (compatible; BLEXBot/1.0; +http://webmeup-crawler.com/)"
157.90.177.217 - - [02/Dec/2021:07:06:19 +0100] "GET /locomotive-clock-p-38095.html HTTP/1.0" 200 73271 "-" "Mozilla/5.0 (compatible; BLEXBot/1.0; +http://webmeup-crawler.com/)"
114.119.128.253 - - [02/Dec/2021:07:06:13 +0100] "GET /home-and-decoration-c-13.html?page=237 HTTP/1.0" 301 93381 "-" "Mozilla/5.0 (Linux; Android 7.0;) AppleWebKit/537.36 (KHTML, like Gecko) Mobile Safari/537.36 (compatible; PetalBot;+https://webmaster.petalsearch.com/site/petalbot)"
157.90.177.217 - - [02/Dec/2021:07:06:29 +0100] "GET /lois-brown-leather-card-holders-p-36013.html HTTP/1.0" 200 73444 "-" "Mozilla/5.0 (compatible; BLEXBot/1.0; +http://webmeup-crawler.com/)"
157.90.177.217 - - [02/Dec/2021:07:06:35 +0100] "GET /lois-jean-wallet-women-p-38155.html HTTP/1.0" 200 74468 "-" "Mozilla/5.0 (compatible; BLEXBot/1.0; +http://webmeup-crawler.com/)"
157.90.177.217 - - [02/Dec/2021:07:06:39 +0100] "GET /lois-jean-wallet-women-p-38156.html HTTP/1.0" 200 74471 "-" "Mozilla/5.0 (compatible; BLEXBot/1.0; +http://webmeup-crawler.com/)"
54.36.148.109 - - [02/Dec/2021:07:06:43 +0100] "GET /bookends-hands-asian-spirit-p-50011.html HTTP/1.0" 200 74300 "-" "Mozilla/5.0 (compatible; AhrefsBot/7.0; +http://ahrefs.com/robot/)"
157.90.177.217 - - [02/Dec/2021:07:06:48 +0100] "GET /robots.txt HTTP/1.0" 301 531 "-" "Mozilla/5.0 (compatible; BLEXBot/1.0; +http://webmeup-crawler.com/)"
157.90.177.217 - - [02/Dec/2021:07:06:48 +0100] "GET /robots.txt HTTP/1.0" 200 245 "-" "Mozilla/5.0 (compatible; BLEXBot/1.0; +http://webmeup-crawler.com/)"
157.90.177.217 - - [02/Dec/2021:07:06:48 +0100] "GET /lois-pink-indian-wallet-women-p-38152.html HTTP/1.0" 200 74563 "-" "Mozilla/5.0 (compatible; BLEXBot/1.0; +http://webmeup-crawler.com/)"
49.7.20.113 - - [02/Dec/2021:07:06:31 +0100] "GET / HTTP/1.0" 200 151419 "-" "Sogou web spider/4.0(+http://www.sogou.com/docs/help/webmasters.htm#07)"
114.119.128.253 - - [02/Dec/2021:07:06:38 +0100] "GET /home-decoration-c-13.html?page=237 HTTP/1.0" 500 73384 "-" "Mozilla/5.0 (Linux; Android 7.0;) AppleWebKit/537.36 (KHTML, like Gecko) Mobile Safari/537.36 (compatible; PetalBot;+https://webmaster.petalsearch.com/site/petalbot)"
157.90.177.217 - - [02/Dec/2021:07:06:55 +0100] "GET /lola-candy-cloud-keychain-p-49755.html HTTP/1.0" 200 73280 "-" "Mozilla/5.0 (compatible; BLEXBot/1.0; +http://webmeup-crawler.com/)"
185.191.171.37 - - [02/Dec/2021:07:06:58 +0100] "GET /johnny-hallyday-zippo-lighter-p-49854.html HTTP/1.0" 200 74376 "-" "Mozilla/5.0 (compatible; SemrushBot/7~bl; +http://www.semrush.com/bot.html)"
157.90.177.217 - - [02/Dec/2021:07:07:00 +0100] "GET /lola-candy-cloud-keychain-p-49764.html HTTP/1.0" 200 73277 "-" "Mozilla/5.0 (compatible; BLEXBot/1.0; +http://webmeup-crawler.com/)"
157.90.177.217 - - [02/Dec/2021:07:07:05 +0100] "GET /london-academy-backpack-p-40876.html HTTP/1.0" 200 73687 "-" "Mozilla/5.0 (compatible; BLEXBot/1.0; +http://webmeup-crawler.com/)"
157.90.177.217 - - [02/Dec/2021:07:07:10 +0100] "GET /london-academy-backpack-p-44926.html HTTP/1.0" 200 74211 "-" "Mozilla/5.0 (compatible; BLEXBot/1.0; +http://webmeup-crawler.com/)"
157.90.177.217 - - [02/Dec/2021:07:07:15 +0100] "GET /london-ashtray-p-36623.html HTTP/1.0" 200 73183 "-" "Mozilla/5.0 (compatible; BLEXBot/1.0; +http://webmeup-crawler.com/)"
114.119.128.39 - - [02/Dec/2021:07:07:25 +0100] "GET /images/mini_prod/8719172832136b.jpg HTTP/1.0" 200 270 "-" "Mozilla/5.0 (Linux; Android 7.0;) AppleWebKit/537.36 (KHTML, like Gecko) Mobile Safari/537.36 (compatible; PetalBot;+https://webmaster.petalsearch.com/site/petalbot)"
165.154.72.231 - - [02/Dec/2021:07:07:26 +0100] "GET /images/mini_prod/1361623281047.jpg HTTP/1.0" 200 269 "-" "Mozilla/5.0 (X11; Ubuntu; Linux x86_64; rv:72.0) Gecko/20100101 Firefox/72.0"
157.90.177.217 - - [02/Dec/2021:07:07:26 +0100] "GET /london-ashtray-p-36625.html HTTP/1.0" 200 73207 "-" "Mozilla/5.0 (compatible; BLEXBot/1.0; +http://webmeup-crawler.com/)"
157.90.177.217 - - [02/Dec/2021:07:07:32 +0100] "GET /london-bowling-p-11519.html HTTP/1.0" 200 73403 "-" "Mozilla/5.0 (compatible; BLEXBot/1.0; +http://webmeup-crawler.com/)"
157.90.177.217 - - [02/Dec/2021:07:07:38 +0100] "GET /london-bridge-ashtray-p-40190.html HTTP/1.0" 200 73217 "-" "Mozilla/5.0 (compatible; BLEXBot/1.0; +http://webmeup-crawler.com/)"
157.90.177.217 - - [02/Dec/2021:07:07:46 +0100] "GET /london-cosmetic-p-10989.html HTTP/1.0" 200 73181 "-" "Mozilla/5.0 (compatible; BLEXBot/1.0; +http://webmeup-crawler.com/)"
185.191.171.38 - - [02/Dec/2021:07:07:51 +0100] "GET /cats-shadow-door-plate-bedroom-p-46410.html HTTP/1.0" 200 73339 "-" "Mozilla/5.0 (compatible; SemrushBot/7~bl; +http://www.semrush.com/bot.html)"
157.90.177.217 - - [02/Dec/2021:07:07:53 +0100] "GET /london-cosmetic-p-17576.html HTTP/1.0" 200 73295 "-" "Mozilla/5.0 (compatible; BLEXBot/1.0; +http://webmeup-crawler.com/)"
216.244.66.242 - - [02/Dec/2021:07:07:58 +0100] "GET /bagshandbags-shoulder-bags-c-31_81.html HTTP/1.0" 301 589 "-" "Mozilla/5.0 (compatible; DotBot/1.2; +https://opensiteexplorer.org/dotbot; help@moz.com)"
157.90.177.217 - - [02/Dec/2021:07:08:00 +0100] "GET /london-keyring-p-22601.html HTTP/1.0" 200 73175 "-" "Mozilla/5.0 (compatible; BLEXBot/1.0; +http://webmeup-crawler.com/)"
157.90.177.217 - - [02/Dec/2021:07:08:05 +0100] "GET /london-keyring-p-22603.html HTTP/1.0" 200 73151 "-" "Mozilla/5.0 (compatible; BLEXBot/1.0; +http://webmeup-crawler.com/)"
157.90.177.217 - - [02/Dec/2021:07:08:13 +0100] "GET /london-lord-brian-opener-p-53488.html HTTP/1.0" 200 73304 "-" "Mozilla/5.0 (compatible; BLEXBot/1.0; +http://webmeup-crawler.com/)"
157.90.177.217 - - [02/Dec/2021:07:08:18 +0100] "GET /london-metal-keyring-p-18872.html HTTP/1.0" 200 73252 "-" "Mozilla/5.0 (compatible; BLEXBot/1.0; +http://webmeup-crawler.com/)"
54.36.148.8 - - [02/Dec/2021:07:08:02 +0100] "GET /home-decoration-c-13.html?page=78 HTTP/1.0" 200 92625 "-" "Mozilla/5.0 (compatible; AhrefsBot/7.0; +http://ahrefs.com/robot/)"
157.90.177.217 - - [02/Dec/2021:07:08:23 +0100] "GET /london-p-26185.html HTTP/1.0" 200 73129 "-" "Mozilla/5.0 (compatible; BLEXBot/1.0; +http://webmeup-crawler.com/)"
157.90.177.217 - - [02/Dec/2021:07:08:30 +0100] "GET /london-phone-ashtray-p-40189.html HTTP/1.0" 200 73235 "-" "Mozilla/5.0 (compatible; BLEXBot/1.0; +http://webmeup-crawler.com/)"
157.90.177.217 - - [02/Dec/2021:07:08:37 +0100] "GET /london-piggy-moneybox-p-27853.html HTTP/1.0" 200 73216 "-" "Mozilla/5.0 (compatible; BLEXBot/1.0; +http://webmeup-crawler.com/)"
157.90.177.217 - - [02/Dec/2021:07:08:43 +0100] "GET /london-rectangular-mirror-p-29006.html HTTP/1.0" 200 73264 "-" "Mozilla/5.0 (compatible; BLEXBot/1.0; +http://webmeup-crawler.com/)"
157.90.177.217 - - [02/Dec/2021:07:08:48 +0100] "GET /london-rectangular-mirror-p-37758.html HTTP/1.0" 200 73284 "-" "Mozilla/5.0 (compatible; BLEXBot/1.0; +http://webmeup-crawler.com/)"
157.90.177.217 - - [02/Dec/2021:07:08:54 +0100] "GET /london-shopping-p-26502.html HTTP/1.0" 200 73464 "-" "Mozilla/5.0 (compatible; BLEXBot/1.0; +http://webmeup-crawler.com/)"
114.119.128.34 - - [02/Dec/2021:07:08:56 +0100] "GET /bird-terracotta-planter-p-55317.html HTTP/1.0" 200 73962 "-" "Mozilla/5.0 (Linux; Android 7.0;) AppleWebKit/537.36 (KHTML, like Gecko) Mobile Safari/537.36 (compatible; PetalBot;+https://webmaster.petalsearch.com/site/petalbot)"
157.90.177.217 - - [02/Dec/2021:07:08:59 +0100] "GET /london-shoulder-p-10997.html HTTP/1.0" 200 73522 "-" "Mozilla/5.0 (compatible; BLEXBot/1.0; +http://webmeup-crawler.com/)"
157.90.177.217 - - [02/Dec/2021:07:09:02 +0100] "GET /london-tower-bridge-canvas-frame-p-28408.html HTTP/1.0" 200 73397 "-" "Mozilla/5.0 (compatible; BLEXBot/1.0; +http://webmeup-crawler.com/)"
157.90.177.217 - - [02/Dec/2021:07:09:09 +0100] "GET /london-union-jack-authentic-cbkreation-p-13832.html HTTP/1.0" 200 73400 "-" "Mozilla/5.0 (compatible; BLEXBot/1.0; +http://webmeup-crawler.com/)"
5.255.253.187 - - [02/Dec/2021:07:09:13 +0100] "GET /robots.txt HTTP/1.0" 200 245 "-" "Mozilla/5.0 (compatible; YandexBot/3.0; +http://yandex.com/bots)"
157.90.177.217 - - [02/Dec/2021:07:09:12 +0100] "GET /london-union-jack-cbkreation-p-13411.html HTTP/1.0" 200 73337 "-" "Mozilla/5.0 (compatible; BLEXBot/1.0; +http://webmeup-crawler.com/)"
5.255.253.187 - - [02/Dec/2021:07:09:17 +0100] "GET /images/9316188041409.jpg HTTP/1.0" 200 259 "-" "Mozilla/5.0 (compatible; YandexImages/3.0; +http://yandex.com/bots)"
157.90.177.217 - - [02/Dec/2021:07:09:17 +0100] "GET /london-union-jack-clock-p-10801.html HTTP/1.0" 200 73246 "-" "Mozilla/5.0 (compatible; BLEXBot/1.0; +http://webmeup-crawler.com/)"
185.191.171.39 - - [02/Dec/2021:07:09:18 +0100] "GET /little-resin-monk-p-56786.html HTTP/1.0" 200 74037 "-" "Mozilla/5.0 (compatible; SemrushBot/7~bl; +http://www.semrush.com/bot.html)"
5.255.253.187 - - [02/Dec/2021:07:09:21 +0100] "GET /images/DSCN0944b.jpg HTTP/1.0" 200 255 "-" "Mozilla/5.0 (compatible; YandexImages/3.0; +http://yandex.com/bots)"
157.90.177.217 - - [02/Dec/2021:07:09:20 +0100] "GET /london-union-jack-metal-magnet-p-10802.html HTTP/1.0" 200 73251 "-" "Mozilla/5.0 (compatible; BLEXBot/1.0; +http://webmeup-crawler.com/)"
157.90.177.217 - - [02/Dec/2021:07:09:23 +0100] "GET /london-vintage-clock-p-26170.html HTTP/1.0" 200 73392 "-" "Mozilla/5.0 (compatible; BLEXBot/1.0; +http://webmeup-crawler.com/)"
54.36.149.17 - - [02/Dec/2021:07:09:25 +0100] "GET /frankie-kimmidoll-love-p-21769.html HTTP/1.0" 200 77691 "-" "Mozilla/5.0 (compatible; AhrefsBot/7.0; +http://ahrefs.com/robot/)"
157.90.177.217 - - [02/Dec/2021:07:09:27 +0100] "GET /london-westminster-rectangular-mirror-p-29009.html HTTP/1.0" 200 73336 "-" "Mozilla/5.0 (compatible; BLEXBot/1.0; +http://webmeup-crawler.com/)"
157.90.177.217 - - [02/Dec/2021:07:09:32 +0100] "GET /long-beach-metal-plate-deco-p-34325.html HTTP/1.0" 200 73282 "-" "Mozilla/5.0 (compatible; BLEXBot/1.0; +http://webmeup-crawler.com/)"
66.152.168.234 - - [02/Dec/2021:07:09:37 +0100] "GET /images/mini_prod/1399984241813.jpg HTTP/1.0" 200 269 "-" "Mozilla/5.0 (X11; Ubuntu; Linux x86_64; rv:72.0) Gecko/20100101 Firefox/72.0"
157.90.177.217 - - [02/Dec/2021:07:09:36 +0100] "GET /long-playing-clock-cbkreation-p-24373.html HTTP/1.0" 200 73423 "-" "Mozilla/5.0 (compatible; BLEXBot/1.0; +http://webmeup-crawler.com/)"
157.90.177.217 - - [02/Dec/2021:07:09:40 +0100] "GET /longbeach-bedclothes-p-52069.html HTTP/1.0" 200 73304 "-" "Mozilla/5.0 (compatible; BLEXBot/1.0; +http://webmeup-crawler.com/)"
157.90.177.217 - - [02/Dec/2021:07:09:43 +0100] "GET /longbeach-bedclothes-p-52070.html HTTP/1.0" 200 73304 "-" "Mozilla/5.0 (compatible; BLEXBot/1.0; +http://webmeup-crawler.com/)"
40.77.167.66 - - [02/Dec/2021:07:09:40 +0100] "GET / HTTP/1.0" 200 151482 "-" "Mozilla/5.0 (compatible; bingbot/2.0; +http://www.bing.com/bingbot.htm)"
157.90.177.217 - - [02/Dec/2021:07:09:49 +0100] "GET /lotus-cork-coasters-p-45030.html HTTP/1.0" 200 73876 "-" "Mozilla/5.0 (compatible; BLEXBot/1.0; +http://webmeup-crawler.com/)"
185.191.171.17 - - [02/Dec/2021:07:09:49 +0100] "GET /-p-33426.html?action=add_product HTTP/1.0" 302 476 "-" "Mozilla/5.0 (compatible; SemrushBot/7~bl; +http://www.semrush.com/bot.html)"
157.90.177.217 - - [02/Dec/2021:07:09:52 +0100] "GET /lotus-flower-incense-stick-holder-p-53909.html HTTP/1.0" 200 74027 "-" "Mozilla/5.0 (compatible; BLEXBot/1.0; +http://webmeup-crawler.com/)"
157.90.177.217 - - [02/Dec/2021:07:09:55 +0100] "GET /lotus-mobile-wood-metal-p-56720.html HTTP/1.0" 200 74219 "-" "Mozilla/5.0 (compatible; BLEXBot/1.0; +http://webmeup-crawler.com/)"
157.90.177.217 - - [02/Dec/2021:07:10:00 +0100] "GET /louison-bedclothes-p-52099.html HTTP/1.0" 200 73323 "-" "Mozilla/5.0 (compatible; BLEXBot/1.0; +http://webmeup-crawler.com/)"
157.90.177.217 - - [02/Dec/2021:07:10:07 +0100] "GET /louison-bedclothes-p-52100.html HTTP/1.0" 200 73319 "-" "Mozilla/5.0 (compatible; BLEXBot/1.0; +http://webmeup-crawler.com/)"
157.90.177.217 - - [02/Dec/2021:07:10:11 +0100] "GET /love-cats-p-42694.html HTTP/1.0" 200 73176 "-" "Mozilla/5.0 (compatible; BLEXBot/1.0; +http://webmeup-crawler.com/)"
157.90.177.217 - - [02/Dec/2021:07:10:17 +0100] "GET /love-cats-saucer-p-45922.html HTTP/1.0" 200 73285 "-" "Mozilla/5.0 (compatible; BLEXBot/1.0; +http://webmeup-crawler.com/)"
157.90.177.217 - - [02/Dec/2021:07:10:21 +0100] "GET /love-corsica-mini-tray-p-54760.html HTTP/1.0" 200 73915 "-" "Mozilla/5.0 (compatible; BLEXBot/1.0; +http://webmeup-crawler.com/)"
5.55.109.1 - - [02/Dec/2021:07:10:22 +0100] "GET /mini-wireless-speaker-vintage-microphone-p-47524.html HTTP/1.0" 200 74256 "https://www.google.com/" "Mozilla/5.0 (Windows NT 10.0; Win64; x64; rv:89.0) Gecko/20100101 Firefox/89.0"
114.119.128.40 - - [02/Dec/2021:07:10:24 +0100] "GET /images/big_prod_2/3700281656602C.jpg HTTP/1.0" 200 271 "-" "Mozilla/5.0 (Linux; Android 7.0;) AppleWebKit/537.36 (KHTML, like Gecko) Mobile Safari/537.36 (compatible; PetalBot;+https://webmaster.petalsearch.com/site/petalbot)"
5.55.109.1 - - [02/Dec/2021:07:10:25 +0100] "GET /templates/Pixame_v1/stylesheet.css HTTP/1.0" 200 267 "http://www.wonder-geek.com/mini-wireless-speaker-vintage-microphone-p-47524.html" "Mozilla/5.0 (Windows NT 10.0; Win64; x64; rv:89.0) Gecko/20100101 Firefox/89.0"
5.55.109.1 - - [02/Dec/2021:07:10:25 +0100] "GET /highslide/highslide.js HTTP/1.0" 200 262 "http://www.wonder-geek.com/mini-wireless-speaker-vintage-microphone-p-47524.html" "Mozilla/5.0 (Windows NT 10.0; Win64; x64; rv:89.0) Gecko/20100101 Firefox/89.0"
5.55.109.1 - - [02/Dec/2021:07:10:25 +0100] "GET /js/jquery.js HTTP/1.0" 200 252 "http://www.wonder-geek.com/mini-wireless-speaker-vintage-microphone-p-47524.html" "Mozilla/5.0 (Windows NT 10.0; Win64; x64; rv:89.0) Gecko/20100101 Firefox/89.0"
5.55.109.1 - - [02/Dec/2021:07:10:25 +0100] "GET /mondial_relay/js/jquery-1.3.2.min.js HTTP/1.0" 200 276 "http://www.wonder-geek.com/mini-wireless-speaker-vintage-microphone-p-47524.html" "Mozilla/5.0 (Windows NT 10.0; Win64; x64; rv:89.0) Gecko/20100101 Firefox/89.0"
5.55.109.1 - - [02/Dec/2021:07:10:25 +0100] "GET /js/jquery.jqzoom.js HTTP/1.0" 200 259 "http://www.wonder-geek.com/mini-wireless-speaker-vintage-microphone-p-47524.html" "Mozilla/5.0 (Windows NT 10.0; Win64; x64; rv:89.0) Gecko/20100101 Firefox/89.0"
5.55.109.1 - - [02/Dec/2021:07:10:25 +0100] "GET /swfobject.js HTTP/1.0" 404 1308 "http://www.wonder-geek.com/mini-wireless-speaker-vintage-microphone-p-47524.html" "Mozilla/5.0 (Windows NT 10.0; Win64; x64; rv:89.0) Gecko/20100101 Firefox/89.0"
5.55.109.1 - - [02/Dec/2021:07:10:25 +0100] "GET /images/big_prod/3660173208824.jpg HTTP/1.0" 200 268 "http://www.wonder-geek.com/mini-wireless-speaker-vintage-microphone-p-47524.html" "Mozilla/5.0 (Windows NT 10.0; Win64; x64; rv:89.0) Gecko/20100101 Firefox/89.0"
5.55.109.1 - - [02/Dec/2021:07:10:25 +0100] "GET /templates/Pixame_v1/images/icon_accueil2.png HTTP/1.0" 200 278 "http://www.wonder-geek.com/mini-wireless-speaker-vintage-microphone-p-47524.html" "Mozilla/5.0 (Windows NT 10.0; Win64; x64; rv:89.0) Gecko/20100101 Firefox/89.0"
5.55.109.1 - - [02/Dec/2021:07:10:25 +0100] "GET /templates/Pixame_v1/images/pixel_trans.gif HTTP/1.0" 200 328 "http://www.wonder-geek.com/mini-wireless-speaker-vintage-microphone-p-47524.html" "Mozilla/5.0 (Windows NT 10.0; Win64; x64; rv:89.0) Gecko/20100101 Firefox/89.0"
5.55.109.1 - - [02/Dec/2021:07:10:25 +0100] "GET /images/pixel_trans.gif HTTP/1.0" 200 328 "http://www.wonder-geek.com/mini-wireless-speaker-vintage-microphone-p-47524.html" "Mozilla/5.0 (Windows NT 10.0; Win64; x64; rv:89.0) Gecko/20100101 Firefox/89.0"
5.55.109.1 - - [02/Dec/2021:07:10:25 +0100] "GET /images/big_prod_1/3660173208824a.jpg HTTP/1.0" 200 271 "http://www.wonder-geek.com/mini-wireless-speaker-vintage-microphone-p-47524.html" "Mozilla/5.0 (Windows NT 10.0; Win64; x64; rv:89.0) Gecko/20100101 Firefox/89.0"
5.55.109.1 - - [02/Dec/2021:07:10:25 +0100] "GET /templates/Pixame_v1/images/infobox/pixel_trans.gif HTTP/1.0" 200 328 "http://www.wonder-geek.com/mini-wireless-speaker-vintage-microphone-p-47524.html" "Mozilla/5.0 (Windows NT 10.0; Win64; x64; rv:89.0) Gecko/20100101 Firefox/89.0"
5.55.109.1 - - [02/Dec/2021:07:10:25 +0100] "GET /swfobject.js HTTP/1.0" 404 1308 "http://www.wonder-geek.com/mini-wireless-speaker-vintage-microphone-p-47524.html" "Mozilla/5.0 (Windows NT 10.0; Win64; x64; rv:89.0) Gecko/20100101 Firefox/89.0"
5.55.109.1 - - [02/Dec/2021:07:10:25 +0100] "GET /templates/Pixame_v1/images/Bottom_texture.jpg HTTP/1.0" 200 280 "http://www.wonder-geek.com/templates/Pixame_v1/stylesheet.css" "Mozilla/5.0 (Windows NT 10.0; Win64; x64; rv:89.0) Gecko/20100101 Firefox/89.0"
5.55.109.1 - - [02/Dec/2021:07:10:25 +0100] "GET /templates/Pixame_v1/images/Middle_texture.jpg HTTP/1.0" 200 280 "http://www.wonder-geek.com/templates/Pixame_v1/stylesheet.css" "Mozilla/5.0 (Windows NT 10.0; Win64; x64; rv:89.0) Gecko/20100101 Firefox/89.0"
5.55.109.1 - - [02/Dec/2021:07:10:25 +0100] "GET /templates/Pixame_v1/images/nav.png HTTP/1.0" 200 268 "http://www.wonder-geek.com/templates/Pixame_v1/stylesheet.css" "Mozilla/5.0 (Windows NT 10.0; Win64; x64; rv:89.0) Gecko/20100101 Firefox/89.0"
5.55.109.1 - - [02/Dec/2021:07:10:25 +0100] "GET /templates/Pixame_v1/images/header.png HTTP/1.0" 200 271 "http://www.wonder-geek.com/templates/Pixame_v1/stylesheet.css" "Mozilla/5.0 (Windows NT 10.0; Win64; x64; rv:89.0) Gecko/20100101 Firefox/89.0"
5.55.109.1 - - [02/Dec/2021:07:10:25 +0100] "GET /templates/Pixame_v1/images/header-object.png HTTP/1.0" 200 278 "http://www.wonder-geek.com/templates/Pixame_v1/stylesheet.css" "Mozilla/5.0 (Windows NT 10.0; Win64; x64; rv:89.0) Gecko/20100101 Firefox/89.0"
5.55.109.1 - - [02/Dec/2021:07:10:25 +0100] "GET /design/productsenstock.png HTTP/1.0" 200 260 "http://www.wonder-geek.com/templates/Pixame_v1/stylesheet.css" "Mozilla/5.0 (Windows NT 10.0; Win64; x64; rv:89.0) Gecko/20100101 Firefox/89.0"
5.55.109.1 - - [02/Dec/2021:07:10:25 +0100] "GET /templates/Pixame_v1/images/infobox/infobox_footer_middle.gif HTTP/1.0" 200 357 "http://www.wonder-geek.com/mini-wireless-speaker-vintage-microphone-p-47524.html" "Mozilla/5.0 (Windows NT 10.0; Win64; x64; rv:89.0) Gecko/20100101 Firefox/89.0"
5.55.109.1 - - [02/Dec/2021:07:10:25 +0100] "GET /templates/Pixame_v1/images/flash.swf HTTP/1.0" 200 290 "http://www.wonder-geek.com/mini-wireless-speaker-vintage-microphone-p-47524.html" "Mozilla/5.0 (Windows NT 10.0; Win64; x64; rv:89.0) Gecko/20100101 Firefox/89.0"
5.55.109.1 - - [02/Dec/2021:07:10:25 +0100] "GET /templates/Pixame_v1/images/buttons/english/button_in_cart.gif HTTP/1.0" 200 295 "http://www.wonder-geek.com/mini-wireless-speaker-vintage-microphone-p-47524.html" "Mozilla/5.0 (Windows NT 10.0; Win64; x64; rv:89.0) Gecko/20100101 Firefox/89.0"
5.55.109.1 - - [02/Dec/2021:07:10:26 +0100] "GET /highslide/graphics/zoomin.cur HTTP/1.0" 200 614 "http://www.wonder-geek.com/templates/Pixame_v1/stylesheet.css" "Mozilla/5.0 (Windows NT 10.0; Win64; x64; rv:89.0) Gecko/20100101 Firefox/89.0"
5.55.109.1 - - [02/Dec/2021:07:10:26 +0100] "GET /favicon.ico HTTP/1.0" 200 260 "http://www.wonder-geek.com/mini-wireless-speaker-vintage-microphone-p-47524.html" "Mozilla/5.0 (Windows NT 10.0; Win64; x64; rv:89.0) Gecko/20100101 Firefox/89.0"
5.55.109.1 - - [02/Dec/2021:07:10:26 +0100] "GET /highslide/graphics/outlines/drop-shadow.png HTTP/1.0" 200 277 "http://www.wonder-geek.com/mini-wireless-speaker-vintage-microphone-p-47524.html" "Mozilla/5.0 (Windows NT 10.0; Win64; x64; rv:89.0) Gecko/20100101 Firefox/89.0"
5.55.109.1 - - [02/Dec/2021:07:10:26 +0100] "GET /highslide/graphics/zoomout.cur HTTP/1.0" 200 614 "http://www.wonder-geek.com/mini-wireless-speaker-vintage-microphone-p-47524.html" "Mozilla/5.0 (Windows NT 10.0; Win64; x64; rv:89.0) Gecko/20100101 Firefox/89.0"
5.55.109.1 - - [02/Dec/2021:07:10:26 +0100] "GET /highslide/graphics/loader.white.gif HTTP/1.0" 200 960 "http://www.wonder-geek.com/templates/Pixame_v1/stylesheet.css" "Mozilla/5.0 (Windows NT 10.0; Win64; x64; rv:89.0) Gecko/20100101 Firefox/89.0"
157.90.177.217 - - [02/Dec/2021:07:10:26 +0100] "GET /love-country-white-women-shirt-p-33797.html HTTP/1.0" 200 75560 "-" "Mozilla/5.0 (compatible; BLEXBot/1.0; +http://webmeup-crawler.com/)"
157.90.177.217 - - [02/Dec/2021:07:10:32 +0100] "GET /love-heart-bedclothes-p-35340.html HTTP/1.0" 200 73995 "-" "Mozilla/5.0 (compatible; BLEXBot/1.0; +http://webmeup-crawler.com/)"
157.90.177.217 - - [02/Dec/2021:07:10:42 +0100] "GET /love-heart-bedclothes-p-39650.html HTTP/1.0" 200 73995 "-" "Mozilla/5.0 (compatible; BLEXBot/1.0; +http://webmeup-crawler.com/)"
157.90.177.217 - - [02/Dec/2021:07:10:47 +0100] "GET /love-london-money-cbkreation-p-24003.html HTTP/1.0" 200 73376 "-" "Mozilla/5.0 (compatible; BLEXBot/1.0; +http://webmeup-crawler.com/)"
54.36.148.174 - - [02/Dec/2021:07:10:49 +0100] "GET /candle-hours-citrus-crush-p-33049.html HTTP/1.0" 200 74494 "-" "Mozilla/5.0 (compatible; AhrefsBot/7.0; +http://ahrefs.com/robot/)"
157.90.177.217 - - [02/Dec/2021:07:10:53 +0100] "GET /love-london-mouse-cbkreation-p-13921.html HTTP/1.0" 200 73297 "-" "Mozilla/5.0 (compatible; BLEXBot/1.0; +http://webmeup-crawler.com/)"
157.90.177.217 - - [02/Dec/2021:07:11:00 +0100] "GET /love-london-mouse-cbkreation-p-23324.html HTTP/1.0" 200 73296 "-" "Mozilla/5.0 (compatible; BLEXBot/1.0; +http://webmeup-crawler.com/)"
185.191.171.37 - - [02/Dec/2021:07:11:02 +0100] "GET /cuba-steel-sign-42-30-cm-p-41514.html HTTP/1.0" 301 70767 "-" "Mozilla/5.0 (compatible; SemrushBot/7~bl; +http://www.semrush.com/bot.html)"
5.55.109.1 - - [02/Dec/2021:07:11:01 +0100] "GET /small-appliances-hifi-c-13_88.html HTTP/1.0" 200 90057 "http://www.wonder-geek.com/mini-wireless-speaker-vintage-microphone-p-47524.html" "Mozilla/5.0 (Windows NT 10.0; Win64; x64; rv:89.0) Gecko/20100101 Firefox/89.0"
5.55.109.1 - - [02/Dec/2021:07:11:05 +0100] "GET /images/mini_prod/3760121797735.jpg HTTP/1.0" 200 269 "http://www.wonder-geek.com/small-appliances-hifi-c-13_88.html" "Mozilla/5.0 (Windows NT 10.0; Win64; x64; rv:89.0) Gecko/20100101 Firefox/89.0"
5.55.109.1 - - [02/Dec/2021:07:11:05 +0100] "GET /swfobject.js HTTP/1.0" 404 1308 "http://www.wonder-geek.com/small-appliances-hifi-c-13_88.html" "Mozilla/5.0 (Windows NT 10.0; Win64; x64; rv:89.0) Gecko/20100101 Firefox/89.0"
5.55.109.1 - - [02/Dec/2021:07:11:05 +0100] "GET /images/mini_prod/3660173151304.jpg HTTP/1.0" 200 269 "http://www.wonder-geek.com/small-appliances-hifi-c-13_88.html" "Mozilla/5.0 (Windows NT 10.0; Win64; x64; rv:89.0) Gecko/20100101 Firefox/89.0"
5.55.109.1 - - [02/Dec/2021:07:11:05 +0100] "GET /images/mini_prod/7321950234301.jpg HTTP/1.0" 200 269 "http://www.wonder-geek.com/small-appliances-hifi-c-13_88.html" "Mozilla/5.0 (Windows NT 10.0; Win64; x64; rv:89.0) Gecko/20100101 Firefox/89.0"
5.55.109.1 - - [02/Dec/2021:07:11:05 +0100] "GET /images/mini_prod/3660173124520.jpg HTTP/1.0" 200 269 "http://www.wonder-geek.com/small-appliances-hifi-c-13_88.html" "Mozilla/5.0 (Windows NT 10.0; Win64; x64; rv:89.0) Gecko/20100101 Firefox/89.0"
5.55.109.1 - - [02/Dec/2021:07:11:05 +0100] "GET /images/mini_prod/1399984255629.jpg HTTP/1.0" 200 269 "http://www.wonder-geek.com/small-appliances-hifi-c-13_88.html" "Mozilla/5.0 (Windows NT 10.0; Win64; x64; rv:89.0) Gecko/20100101 Firefox/89.0"
5.55.109.1 - - [02/Dec/2021:07:11:05 +0100] "GET /js/jquery.min.js HTTP/1.0" 404 1308 "http://www.wonder-geek.com/small-appliances-hifi-c-13_88.html" "Mozilla/5.0 (Windows NT 10.0; Win64; x64; rv:89.0) Gecko/20100101 Firefox/89.0"
5.55.109.1 - - [02/Dec/2021:07:11:05 +0100] "GET /js/jquery.masonry.min.js HTTP/1.0" 200 264 "http://www.wonder-geek.com/small-appliances-hifi-c-13_88.html" "Mozilla/5.0 (Windows NT 10.0; Win64; x64; rv:89.0) Gecko/20100101 Firefox/89.0"
5.55.109.1 - - [02/Dec/2021:07:11:05 +0100] "GET /js/modernizr-transitions.js HTTP/1.0" 200 267 "http://www.wonder-geek.com/small-appliances-hifi-c-13_88.html" "Mozilla/5.0 (Windows NT 10.0; Win64; x64; rv:89.0) Gecko/20100101 Firefox/89.0"
5.55.109.1 - - [02/Dec/2021:07:11:05 +0100] "GET /images/mini_prod/1399984255643.jpg HTTP/1.0" 200 269 "http://www.wonder-geek.com/small-appliances-hifi-c-13_88.html" "Mozilla/5.0 (Windows NT 10.0; Win64; x64; rv:89.0) Gecko/20100101 Firefox/89.0"
5.55.109.1 - - [02/Dec/2021:07:11:05 +0100] "GET /images/mini_prod/3700276295700.jpg HTTP/1.0" 200 269 "http://www.wonder-geek.com/small-appliances-hifi-c-13_88.html" "Mozilla/5.0 (Windows NT 10.0; Win64; x64; rv:89.0) Gecko/20100101 Firefox/89.0"
5.55.109.1 - - [02/Dec/2021:07:11:05 +0100] "GET /images/mini_prod/3660173208343.jpg HTTP/1.0" 200 269 "http://www.wonder-geek.com/small-appliances-hifi-c-13_88.html" "Mozilla/5.0 (Windows NT 10.0; Win64; x64; rv:89.0) Gecko/20100101 Firefox/89.0"
5.55.109.1 - - [02/Dec/2021:07:11:05 +0100] "GET /design/fondcurrent.jpg HTTP/1.0" 200 683 "http://www.wonder-geek.com/templates/Pixame_v1/stylesheet.css" "Mozilla/5.0 (Windows NT 10.0; Win64; x64; rv:89.0) Gecko/20100101 Firefox/89.0"
5.55.109.1 - - [02/Dec/2021:07:11:05 +0100] "GET /design/fondothers.jpg HTTP/1.0" 200 667 "http://www.wonder-geek.com/templates/Pixame_v1/stylesheet.css" "Mozilla/5.0 (Windows NT 10.0; Win64; x64; rv:89.0) Gecko/20100101 Firefox/89.0"
5.55.109.1 - - [02/Dec/2021:07:11:05 +0100] "GET /images/mini_prod/3660173208367.jpg HTTP/1.0" 200 269 "http://www.wonder-geek.com/small-appliances-hifi-c-13_88.html" "Mozilla/5.0 (Windows NT 10.0; Win64; x64; rv:89.0) Gecko/20100101 Firefox/89.0"
5.55.109.1 - - [02/Dec/2021:07:11:05 +0100] "GET /images/mini_prod/3661443603141.jpg HTTP/1.0" 200 269 "http://www.wonder-geek.com/small-appliances-hifi-c-13_88.html" "Mozilla/5.0 (Windows NT 10.0; Win64; x64; rv:89.0) Gecko/20100101 Firefox/89.0"
5.55.109.1 - - [02/Dec/2021:07:11:05 +0100] "GET /images/mini_prod/3660173213934.jpg HTTP/1.0" 200 269 "http://www.wonder-geek.com/small-appliances-hifi-c-13_88.html" "Mozilla/5.0 (Windows NT 10.0; Win64; x64; rv:89.0) Gecko/20100101 Firefox/89.0"
5.55.109.1 - - [02/Dec/2021:07:11:05 +0100] "GET /images/mini_prod/3660173208824.jpg HTTP/1.0" 200 269 "http://www.wonder-geek.com/small-appliances-hifi-c-13_88.html" "Mozilla/5.0 (Windows NT 10.0; Win64; x64; rv:89.0) Gecko/20100101 Firefox/89.0"
5.55.109.1 - - [02/Dec/2021:07:11:05 +0100] "GET /images/mini_prod/3660173208350.jpg HTTP/1.0" 200 269 "http://www.wonder-geek.com/small-appliances-hifi-c-13_88.html" "Mozilla/5.0 (Windows NT 10.0; Win64; x64; rv:89.0) Gecko/20100101 Firefox/89.0"
5.55.109.1 - - [02/Dec/2021:07:11:05 +0100] "GET /images/mini_prod/3661443901308.jpg HTTP/1.0" 200 269 "http://www.wonder-geek.com/small-appliances-hifi-c-13_88.html" "Mozilla/5.0 (Windows NT 10.0; Win64; x64; rv:89.0) Gecko/20100101 Firefox/89.0"
5.55.109.1 - - [02/Dec/2021:07:11:05 +0100] "GET /images/mini_prod/4029811391929.jpg HTTP/1.0" 200 269 "http://www.wonder-geek.com/small-appliances-hifi-c-13_88.html" "Mozilla/5.0 (Windows NT 10.0; Win64; x64; rv:89.0) Gecko/20100101 Firefox/89.0"
5.55.109.1 - - [02/Dec/2021:07:11:05 +0100] "GET /images/mini_prod/8424001118625B.jpg HTTP/1.0" 200 270 "http://www.wonder-geek.com/small-appliances-hifi-c-13_88.html" "Mozilla/5.0 (Windows NT 10.0; Win64; x64; rv:89.0) Gecko/20100101 Firefox/89.0"
5.55.109.1 - - [02/Dec/2021:07:11:05 +0100] "GET /images/mini_prod/8424001118601B.jpg HTTP/1.0" 200 270 "http://www.wonder-geek.com/small-appliances-hifi-c-13_88.html" "Mozilla/5.0 (Windows NT 10.0; Win64; x64; rv:89.0) Gecko/20100101 Firefox/89.0"
5.55.109.1 - - [02/Dec/2021:07:11:05 +0100] "GET /images/mini_prod/3660173176253.jpg HTTP/1.0" 200 269 "http://www.wonder-geek.com/small-appliances-hifi-c-13_88.html" "Mozilla/5.0 (Windows NT 10.0; Win64; x64; rv:89.0) Gecko/20100101 Firefox/89.0"
5.55.109.1 - - [02/Dec/2021:07:11:05 +0100] "GET /images/mini_prod/3660173200040.jpg HTTP/1.0" 200 269 "http://www.wonder-geek.com/small-appliances-hifi-c-13_88.html" "Mozilla/5.0 (Windows NT 10.0; Win64; x64; rv:89.0) Gecko/20100101 Firefox/89.0"
5.55.109.1 - - [02/Dec/2021:07:11:05 +0100] "GET /images/mini_prod/3660173200033.jpg HTTP/1.0" 200 269 "http://www.wonder-geek.com/small-appliances-hifi-c-13_88.html" "Mozilla/5.0 (Windows NT 10.0; Win64; x64; rv:89.0) Gecko/20100101 Firefox/89.0"
185.191.171.4 - - [02/Dec/2021:07:11:04 +0100] "GET /cuba-steel-sign-p-41514.html HTTP/1.0" 200 70685 "-" "Mozilla/5.0 (compatible; SemrushBot/7~bl; +http://www.semrush.com/bot.html)"
157.90.177.217 - - [02/Dec/2021:07:11:08 +0100] "GET /love-message-canvas-frame-p-32913.html HTTP/1.0" 200 73326 "-" "Mozilla/5.0 (compatible; BLEXBot/1.0; +http://webmeup-crawler.com/)"
157.90.177.217 - - [02/Dec/2021:07:11:11 +0100] "GET /love-mini-rectangular-tray-p-54919.html HTTP/1.0" 200 73372 "-" "Mozilla/5.0 (compatible; BLEXBot/1.0; +http://webmeup-crawler.com/)"
157.90.177.217 - - [02/Dec/2021:07:11:18 +0100] "GET /love-paris-coasters-p-39750.html HTTP/1.0" 200 73289 "-" "Mozilla/5.0 (compatible; BLEXBot/1.0; +http://webmeup-crawler.com/)"
5.55.109.1 - - [02/Dec/2021:07:11:20 +0100] "GET /mini-wireless-speaker-vintage-microphone-p-47524.html HTTP/1.0" 200 74256 "https://www.google.com/" "Mozilla/5.0 (Windows NT 10.0; Win64; x64; rv:89.0) Gecko/20100101 Firefox/89.0"
157.90.177.217 - - [02/Dec/2021:07:11:25 +0100] "GET /love-paris-p-39709.html HTTP/1.0" 200 73196 "-" "Mozilla/5.0 (compatible; BLEXBot/1.0; +http://webmeup-crawler.com/)"
157.90.177.217 - - [02/Dec/2021:07:11:30 +0100] "GET /love-phone-cover-iphone-p-18971.html HTTP/1.0" 200 76041 "-" "Mozilla/5.0 (compatible; BLEXBot/1.0; +http://webmeup-crawler.com/)"
157.90.177.217 - - [02/Dec/2021:07:11:35 +0100] "GET /love-pink-blue-post-office-p-19828.html HTTP/1.0" 200 73657 "-" "Mozilla/5.0 (compatible; BLEXBot/1.0; +http://webmeup-crawler.com/)"
157.90.177.217 - - [02/Dec/2021:07:11:43 +0100] "GET /love-story-large-metal-plate-deco-p-36114.html HTTP/1.0" 200 73330 "-" "Mozilla/5.0 (compatible; BLEXBot/1.0; +http://webmeup-crawler.com/)"
157.90.177.217 - - [02/Dec/2021:07:11:48 +0100] "GET /lover-pouch-kiub-collection-p-54784.html HTTP/1.0" 200 73524 "-" "Mozilla/5.0 (compatible; BLEXBot/1.0; +http://webmeup-crawler.com/)"
157.90.177.217 - - [02/Dec/2021:07:11:55 +0100] "GET /lowrider-motorcycle-repair-collection-metal-plate-deco-p-37167.html HTTP/1.0" 200 73548 "-" "Mozilla/5.0 (compatible; BLEXBot/1.0; +http://webmeup-crawler.com/)"
157.90.177.217 - - [02/Dec/2021:07:12:00 +0100] "GET /lucky-etienne-boyer-shirt-p-30983.html HTTP/1.0" 200 75250 "-" "Mozilla/5.0 (compatible; BLEXBot/1.0; +http://webmeup-crawler.com/)"
17.121.113.61 - - [02/Dec/2021:07:12:04 +0100] "GET /images/big_prod_1/4036113307503A.jpg HTTP/1.0" 200 271 "-" "Mozilla/5.0 (Macintosh; Intel Mac OS X 10_15_5) AppleWebKit/605.1.15 (KHTML, like Gecko) Version/13.1.1 Safari/605.1.15 (Applebot/0.1; +http://www.apple.com/go/applebot)"
185.191.171.18 - - [02/Dec/2021:07:12:07 +0100] "GET /white-piggy-bank-p-55574.html?action=add_product HTTP/1.0" 302 476 "-" "Mozilla/5.0 (compatible; SemrushBot/7~bl; +http://www.semrush.com/bot.html)"
157.90.177.217 - - [02/Dec/2021:07:12:07 +0100] "GET /luggages-schoolbags-leather-shop-c-31.html?page=1 HTTP/1.0" 200 92628 "-" "Mozilla/5.0 (compatible; BLEXBot/1.0; +http://webmeup-crawler.com/)"
157.90.177.217 - - [02/Dec/2021:07:12:14 +0100] "GET /luggages-schoolbags-leather-shop-c-31.html?page=12 HTTP/1.0" 200 93929 "-" "Mozilla/5.0 (compatible; BLEXBot/1.0; +http://webmeup-crawler.com/)"
185.191.171.37 - - [02/Dec/2021:07:12:18 +0100] "GET /salt-and-pepper-shakers-80-p-47046.html HTTP/1.0" 301 70680 "-" "Mozilla/5.0 (compatible; SemrushBot/7~bl; +http://www.semrush.com/bot.html)"
54.36.148.201 - - [02/Dec/2021:07:12:21 +0100] "GET /home-decoration-c-13.html?page=79 HTTP/1.0" 200 92246 "-" "Mozilla/5.0 (compatible; AhrefsBot/7.0; +http://ahrefs.com/robot/)"
185.191.171.10 - - [02/Dec/2021:07:12:22 +0100] "GET /-p-47046.html HTTP/1.0" 200 70613 "-" "Mozilla/5.0 (compatible; SemrushBot/7~bl; +http://www.semrush.com/bot.html)"
51.68.224.127 - - [02/Dec/2021:07:12:25 +0100] "GET /adminweb/export_orders_xml.php?token=256de2z6edz6ed2z6DFSFsed2zed6zeDSFDSGdzedezfzf&maxorders=10&orderstart=1&status=14&start_date=2018-10-01 HTTP/1.0" 200 285 "-" "GesCom CharlotteBoutik Serveur"
157.90.177.217 - - [02/Dec/2021:07:12:23 +0100] "GET /luggages-schoolbags-leather-shop-c-31.html?page=13 HTTP/1.0" 200 93184 "-" "Mozilla/5.0 (compatible; BLEXBot/1.0; +http://webmeup-crawler.com/)"
51.68.224.127 - - [02/Dec/2021:07:12:25 +0100] "GET /adminweb/export_orders_xml.php?token=256de2z6edz6ed2z6DFSFsed2zed6zeDSFDSGdzedezfzf&maxorders=10&orderstart=1&status=6&start_date=2018-10-01 HTTP/1.0" 200 32471 "-" "GesCom CharlotteBoutik Serveur"
185.191.171.36 - - [02/Dec/2021:07:12:27 +0100] "GET /flower-life-chakra-pyramid-with-crystal-point-p-54365.html?action=add_product HTTP/1.0" 302 476 "-" "Mozilla/5.0 (compatible; SemrushBot/7~bl; +http://www.semrush.com/bot.html)"
157.90.177.217 - - [02/Dec/2021:07:12:30 +0100] "GET /luggages-schoolbags-leather-shop-c-31.html?page=14 HTTP/1.0" 200 93431 "-" "Mozilla/5.0 (compatible; BLEXBot/1.0; +http://webmeup-crawler.com/)"
157.90.177.217 - - [02/Dec/2021:07:12:38 +0100] "GET /luggages-schoolbags-leather-shop-c-31.html?page=15 HTTP/1.0" 200 94596 "-" "Mozilla/5.0 (compatible; BLEXBot/1.0; +http://webmeup-crawler.com/)"
157.90.177.217 - - [02/Dec/2021:07:12:42 +0100] "GET /luggages-schoolbags-leather-shop-c-31.html?page=16 HTTP/1.0" 200 93004 "-" "Mozilla/5.0 (compatible; BLEXBot/1.0; +http://webmeup-crawler.com/)"
185.191.171.9 - - [02/Dec/2021:07:12:47 +0100] "GET /disney-princess-pink-p-28296.html?action=add_product HTTP/1.0" 302 476 "-" "Mozilla/5.0 (compatible; SemrushBot/7~bl; +http://www.semrush.com/bot.html)"
157.90.177.217 - - [02/Dec/2021:07:12:50 +0100] "GET /luggages-schoolbags-leather-shop-c-31.html?page=17 HTTP/1.0" 200 92912 "-" "Mozilla/5.0 (compatible; BLEXBot/1.0; +http://webmeup-crawler.com/)"
157.90.177.217 - - [02/Dec/2021:07:12:58 +0100] "GET /luggages-schoolbags-leather-shop-c-31.html?page=18 HTTP/1.0" 200 94560 "-" "Mozilla/5.0 (compatible; BLEXBot/1.0; +http://webmeup-crawler.com/)"
149.248.7.213 - - [02/Dec/2021:07:13:03 +0100] "GET /images/mini_prod/1399984258194.jpg HTTP/1.0" 200 269 "-" "Mozilla/5.0 (X11; Ubuntu; Linux x86_64; rv:72.0) Gecko/20100101 Firefox/72.0"
157.90.177.217 - - [02/Dec/2021:07:13:10 +0100] "GET /luggages-schoolbags-leather-shop-c-31.html?page=19 HTTP/1.0" 200 93148 "-" "Mozilla/5.0 (compatible; BLEXBot/1.0; +http://webmeup-crawler.com/)"
157.90.177.217 - - [02/Dec/2021:07:13:15 +0100] "GET /luggages-schoolbags-leather-shop-c-31.html?page=20 HTTP/1.0" 200 93395 "-" "Mozilla/5.0 (compatible; BLEXBot/1.0; +http://webmeup-crawler.com/)"
157.90.177.217 - - [02/Dec/2021:07:13:20 +0100] "GET /luggages-schoolbags-leather-shop-c-31.html?page=21 HTTP/1.0" 200 94169 "-" "Mozilla/5.0 (compatible; BLEXBot/1.0; +http://webmeup-crawler.com/)"
157.90.177.217 - - [02/Dec/2021:07:13:26 +0100] "GET /lulu-castagnette-cover-iphone-p-19094.html HTTP/1.0" 200 73587 "-" "Mozilla/5.0 (compatible; BLEXBot/1.0; +http://webmeup-crawler.com/)"
157.90.177.217 - - [02/Dec/2021:07:13:31 +0100] "GET /luminous-earth-globe-decoration-p-52914.html HTTP/1.0" 200 74005 "-" "Mozilla/5.0 (compatible; BLEXBot/1.0; +http://webmeup-crawler.com/)"
157.90.177.217 - - [02/Dec/2021:07:13:38 +0100] "GET /luminous-earth-globe-decoration-p-52915.html HTTP/1.0" 200 74216 "-" "Mozilla/5.0 (compatible; BLEXBot/1.0; +http://webmeup-crawler.com/)"
54.36.149.32 - - [02/Dec/2021:07:13:40 +0100] "GET /images/big_prod/8712159171877.jpg HTTP/1.0" 200 268 "-" "Mozilla/5.0 (compatible; AhrefsBot/7.0; +http://ahrefs.com/robot/)"
157.90.177.217 - - [02/Dec/2021:07:13:42 +0100] "GET /luminous-globe-p-51891.html HTTP/1.0" 200 73909 "-" "Mozilla/5.0 (compatible; BLEXBot/1.0; +http://webmeup-crawler.com/)"
157.90.177.217 - - [02/Dec/2021:07:13:45 +0100] "GET /luminous-ultrasonic-diffuser-essential-oils-p-51007.html HTTP/1.0" 200 74829 "-" "Mozilla/5.0 (compatible; BLEXBot/1.0; +http://webmeup-crawler.com/)"
54.36.148.149 - - [02/Dec/2021:07:13:46 +0100] "GET /home-decoration-c-13.html?page=76 HTTP/1.0" 200 92838 "-" "Mozilla/5.0 (compatible; AhrefsBot/7.0; +http://ahrefs.com/robot/)"
157.90.177.217 - - [02/Dec/2021:07:13:49 +0100] "GET /luminous-ultrasonic-diffuser-essential-oils-p-51008.html HTTP/1.0" 200 74829 "-" "Mozilla/5.0 (compatible; BLEXBot/1.0; +http://webmeup-crawler.com/)"
157.90.177.217 - - [02/Dec/2021:07:13:52 +0100] "GET /luna-blue-bowl-p-37513.html HTTP/1.0" 200 73174 "-" "Mozilla/5.0 (compatible; BLEXBot/1.0; +http://webmeup-crawler.com/)"
157.90.177.217 - - [02/Dec/2021:07:13:55 +0100] "GET /luna-disney-apron-chef-p-37538.html HTTP/1.0" 200 73304 "-" "Mozilla/5.0 (compatible; BLEXBot/1.0; +http://webmeup-crawler.com/)"
157.90.177.217 - - [02/Dec/2021:07:14:00 +0100] "GET /lyon-black-shirt-p-31275.html HTTP/1.0" 200 75175 "-" "Mozilla/5.0 (compatible; BLEXBot/1.0; +http://webmeup-crawler.com/)"
157.90.177.217 - - [02/Dec/2021:07:14:03 +0100] "GET /lyon-shirt-p-31274.html HTTP/1.0" 200 75123 "-" "Mozilla/5.0 (compatible; BLEXBot/1.0; +http://webmeup-crawler.com/)"
157.90.177.217 - - [02/Dec/2021:07:14:07 +0100] "GET /lyon-white-shirt-p-31276.html HTTP/1.0" 200 75165 "-" "Mozilla/5.0 (compatible; BLEXBot/1.0; +http://webmeup-crawler.com/)"
157.90.177.217 - - [02/Dec/2021:07:14:11 +0100] "GET /lyon-white-women-shirt-p-31278.html HTTP/1.0" 200 75258 "-" "Mozilla/5.0 (compatible; BLEXBot/1.0; +http://webmeup-crawler.com/)"
157.90.177.217 - - [02/Dec/2021:07:14:17 +0100] "GET /lyon-women-black-shirt-p-31277.html HTTP/1.0" 200 75234 "-" "Mozilla/5.0 (compatible; BLEXBot/1.0; +http://webmeup-crawler.com/)"
157.90.177.217 - - [02/Dec/2021:07:14:22 +0100] "GET /macarons-adult-apron-p-44188.html HTTP/1.0" 200 73204 "-" "Mozilla/5.0 (compatible; BLEXBot/1.0; +http://webmeup-crawler.com/)"
157.90.177.217 - - [02/Dec/2021:07:14:29 +0100] "GET /macaroons-mouse-cbkreation-p-13989.html HTTP/1.0" 200 73241 "-" "Mozilla/5.0 (compatible; BLEXBot/1.0; +http://webmeup-crawler.com/)"
20.109.134.229 - - [02/Dec/2021:07:14:31 +0100] "GET /images/big_prod/8422019282000.jpg HTTP/1.0" 200 268 "-" "Mozilla/5.0 (Windows NT 6.1; WOW64) AppleWebKit/537.36 (KHTML, like Gecko) Chrome/45.0.2454.101 Safari/537.36"
207.46.13.202 - - [02/Dec/2021:07:14:35 +0100] "GET /images/B00316-copie.jpg HTTP/1.0" 200 258 "-" "Mozilla/5.0 (compatible; bingbot/2.0; +http://www.bing.com/bingbot.htm)"
157.90.177.217 - - [02/Dec/2021:07:14:35 +0100] "GET /made-eyelets-curtain-p-31459.html HTTP/1.0" 200 75422 "-" "Mozilla/5.0 (compatible; BLEXBot/1.0; +http://webmeup-crawler.com/)"
157.90.177.217 - - [02/Dec/2021:07:14:40 +0100] "GET /made-semi-sheer-voile-grommet-panel-p-31458.html HTTP/1.0" 200 75537 "-" "Mozilla/5.0 (compatible; BLEXBot/1.0; +http://webmeup-crawler.com/)"
157.90.177.217 - - [02/Dec/2021:07:14:46 +0100] "GET /mademoiselle-paris-handbag-p-27854.html HTTP/1.0" 200 73453 "-" "Mozilla/5.0 (compatible; BLEXBot/1.0; +http://webmeup-crawler.com/)"
157.90.177.217 - - [02/Dec/2021:07:14:53 +0100] "GET /magician-tweety-mirror-p-17421.html HTTP/1.0" 200 73198 "-" "Mozilla/5.0 (compatible; BLEXBot/1.0; +http://webmeup-crawler.com/)"
157.90.177.217 - - [02/Dec/2021:07:15:00 +0100] "GET /magnet-blue-combi-volkswagen-collection-p-34194.html HTTP/1.0" 200 73577 "-" "Mozilla/5.0 (compatible; BLEXBot/1.0; +http://webmeup-crawler.com/)"
157.90.177.217 - - [02/Dec/2021:07:15:05 +0100] "GET /magnet-citron-p-40116.html HTTP/1.0" 200 73259 "-" "Mozilla/5.0 (compatible; BLEXBot/1.0; +http://webmeup-crawler.com/)"
185.191.171.15 - - [02/Dec/2021:07:15:08 +0100] "GET /candle-holder-incense-burner-cones-incense-sticks-buddha-p-48764.html?action=add_product HTTP/1.0" 302 476 "-" "Mozilla/5.0 (compatible; SemrushBot/7~bl; +http://www.semrush.com/bot.html)"
157.90.177.217 - - [02/Dec/2021:07:15:08 +0100] "GET /magnet-citron-p-40117.html HTTP/1.0" 200 73289 "-" "Mozilla/5.0 (compatible; BLEXBot/1.0; +http://webmeup-crawler.com/)"
185.191.171.24 - - [02/Dec/2021:07:15:09 +0100] "GET /robots.txt HTTP/1.0" 200 245 "-" "Mozilla/5.0 (compatible; SemrushBot/7~bl; +http://www.semrush.com/bot.html)"
54.36.149.85 - - [02/Dec/2021:07:15:11 +0100] "GET /charmmy-kitty-mattress-swimming-pool-p-5989.html HTTP/1.0" 200 73200 "-" "Mozilla/5.0 (compatible; AhrefsBot/7.0; +http://ahrefs.com/robot/)"
