54.36.148.160 - - [02/Dec/2021:11:33:12 +0100] "GET /cushion-cover-dark-beige-p-43615.html HTTP/1.0" 200 74079 "-" "Mozilla/5.0 (compatible; AhrefsBot/7.0; +http://ahrefs.com/robot/)"
185.191.171.23 - - [02/Dec/2021:11:33:15 +0100] "GET /white-ceramic-teapot-little-prince-saint-exupery-p-44860.html?action=add_product HTTP/1.0" 302 476 "-" "Mozilla/5.0 (compatible; SemrushBot/7~bl; +http://www.semrush.com/bot.html)"
157.90.177.217 - - [02/Dec/2021:11:33:15 +0100] "GET /valdrome-p-43963.html HTTP/1.0" 200 73957 "-" "Mozilla/5.0 (compatible; BLEXBot/1.0; +http://webmeup-crawler.com/)"
185.191.171.18 - - [02/Dec/2021:11:33:17 +0100] "GET /ceramic-salt-pot-with-spoon-aderne-p-50633.html HTTP/1.0" 301 73448 "-" "Mozilla/5.0 (compatible; SemrushBot/7~bl; +http://www.semrush.com/bot.html)"
185.191.171.3 - - [02/Dec/2021:11:33:20 +0100] "GET /ceramic-salt-with-spoon-aderne-p-50633.html HTTP/1.0" 200 73351 "-" "Mozilla/5.0 (compatible; SemrushBot/7~bl; +http://www.semrush.com/bot.html)"
157.90.177.217 - - [02/Dec/2021:11:33:21 +0100] "GET /valdrome-p-43964.html HTTP/1.0" 200 73975 "-" "Mozilla/5.0 (compatible; BLEXBot/1.0; +http://webmeup-crawler.com/)"
157.90.177.217 - - [02/Dec/2021:11:33:26 +0100] "GET /valentine-etienne-boyer-shirt-p-33853.html HTTP/1.0" 200 75863 "-" "Mozilla/5.0 (compatible; BLEXBot/1.0; +http://webmeup-crawler.com/)"
17.121.113.3 - - [02/Dec/2021:11:33:28 +0100] "GET /images/big_prod_1/3700516279262B.jpg HTTP/1.0" 200 271 "-" "Mozilla/5.0 (Macintosh; Intel Mac OS X 10_15_5) AppleWebKit/605.1.15 (KHTML, like Gecko) Version/13.1.1 Safari/605.1.15 (Applebot/0.1; +http://www.apple.com/go/applebot)"
185.191.171.10 - - [02/Dec/2021:11:33:32 +0100] "GET /coconut-fibers-doormat-welcome-house-p-56385.html?action=add_product HTTP/1.0" 302 476 "-" "Mozilla/5.0 (compatible; SemrushBot/7~bl; +http://www.semrush.com/bot.html)"
157.90.177.217 - - [02/Dec/2021:11:33:34 +0100] "GET /velvet-curtain-orchid-p-50737.html HTTP/1.0" 200 76337 "-" "Mozilla/5.0 (compatible; BLEXBot/1.0; +http://webmeup-crawler.com/)"
185.191.171.16 - - [02/Dec/2021:11:33:37 +0100] "GET /corsica-white-mug-p-43557.html HTTP/1.0" 301 70761 "-" "Mozilla/5.0 (compatible; SemrushBot/7~bl; +http://www.semrush.com/bot.html)"
185.191.171.21 - - [02/Dec/2021:11:33:40 +0100] "GET /corsica-white-p-43557.html HTTP/1.0" 200 70681 "-" "Mozilla/5.0 (compatible; SemrushBot/7~bl; +http://www.semrush.com/bot.html)"
157.90.177.217 - - [02/Dec/2021:11:33:41 +0100] "GET /velvet-purse-black-burgundy-p-49965.html HTTP/1.0" 200 73932 "-" "Mozilla/5.0 (compatible; BLEXBot/1.0; +http://webmeup-crawler.com/)"
157.90.177.217 - - [02/Dec/2021:11:33:47 +0100] "GET /velvet-purse-black-gold-p-49963.html HTTP/1.0" 200 73904 "-" "Mozilla/5.0 (compatible; BLEXBot/1.0; +http://webmeup-crawler.com/)"
157.90.177.217 - - [02/Dec/2021:11:33:50 +0100] "GET /velvet-purse-black-white-p-49964.html HTTP/1.0" 200 73911 "-" "Mozilla/5.0 (compatible; BLEXBot/1.0; +http://webmeup-crawler.com/)"
157.90.177.217 - - [02/Dec/2021:11:33:58 +0100] "GET /velvet-purse-turquoise-p-49966.html HTTP/1.0" 200 73877 "-" "Mozilla/5.0 (compatible; BLEXBot/1.0; +http://webmeup-crawler.com/)"
157.90.177.217 - - [02/Dec/2021:11:34:05 +0100] "GET /verity-rose-moonstruck-mirror-p-29163.html HTTP/1.0" 200 73428 "-" "Mozilla/5.0 (compatible; BLEXBot/1.0; +http://webmeup-crawler.com/)"
157.90.177.217 - - [02/Dec/2021:11:34:13 +0100] "GET /verity-rose-starlet-mirror-p-29172.html HTTP/1.0" 200 73404 "-" "Mozilla/5.0 (compatible; BLEXBot/1.0; +http://webmeup-crawler.com/)"
157.90.177.217 - - [02/Dec/2021:11:34:18 +0100] "GET /verona-sheer-eyelet-curtain-p-38908.html HTTP/1.0" 200 76397 "-" "Mozilla/5.0 (compatible; BLEXBot/1.0; +http://webmeup-crawler.com/)"
124.71.153.13 - - [02/Dec/2021:11:34:20 +0100] "GET /images/mini_prod/8422360068315.jpg HTTP/1.0" 200 269 "-" "Mozilla/5.0 (X11; Ubuntu; Linux x86_64; rv:72.0) Gecko/20100101 Firefox/72.0"
157.90.177.217 - - [02/Dec/2021:11:34:22 +0100] "GET /versailles-flower-grey-p-51544.html HTTP/1.0" 200 74144 "-" "Mozilla/5.0 (compatible; BLEXBot/1.0; +http://webmeup-crawler.com/)"
157.90.177.217 - - [02/Dec/2021:11:34:30 +0100] "GET /vespa-beige-phone-cover-iphone-p-23054.html HTTP/1.0" 200 76276 "-" "Mozilla/5.0 (compatible; BLEXBot/1.0; +http://webmeup-crawler.com/)"
114.119.128.253 - - [02/Dec/2021:11:34:37 +0100] "GET /zebra-wall-decoration-in-resin-p-52574.html HTTP/1.0" 301 73453 "-" "Mozilla/5.0 (Linux; Android 7.0;) AppleWebKit/537.36 (KHTML, like Gecko) Mobile Safari/537.36 (compatible; PetalBot;+https://webmaster.petalsearch.com/site/petalbot)"
157.90.177.217 - - [02/Dec/2021:11:34:38 +0100] "GET /vespa-blue-card-holder-p-15578.html HTTP/1.0" 200 73360 "-" "Mozilla/5.0 (compatible; BLEXBot/1.0; +http://webmeup-crawler.com/)"
114.119.128.253 - - [02/Dec/2021:11:34:41 +0100] "GET /zebra-wall-decoration-resin-p-52574.html HTTP/1.0" 200 73359 "-" "Mozilla/5.0 (Linux; Android 7.0;) AppleWebKit/537.36 (KHTML, like Gecko) Mobile Safari/537.36 (compatible; PetalBot;+https://webmaster.petalsearch.com/site/petalbot)"
157.90.177.217 - - [02/Dec/2021:11:34:42 +0100] "GET /vespa-card-holder-p-15581.html HTTP/1.0" 200 73344 "-" "Mozilla/5.0 (compatible; BLEXBot/1.0; +http://webmeup-crawler.com/)"
157.90.177.217 - - [02/Dec/2021:11:34:49 +0100] "GET /vespa-clock-p-21430.html HTTP/1.0" 200 73120 "-" "Mozilla/5.0 (compatible; BLEXBot/1.0; +http://webmeup-crawler.com/)"
157.90.177.217 - - [02/Dec/2021:11:34:53 +0100] "GET /vespa-green-phone-cover-iphone-p-11775.html HTTP/1.0" 200 73433 "-" "Mozilla/5.0 (compatible; BLEXBot/1.0; +http://webmeup-crawler.com/)"
157.90.177.217 - - [02/Dec/2021:11:35:00 +0100] "GET /vespa-ipad-pencil-case-p-13046.html HTTP/1.0" 200 73556 "-" "Mozilla/5.0 (compatible; BLEXBot/1.0; +http://webmeup-crawler.com/)"
157.90.177.217 - - [02/Dec/2021:11:35:04 +0100] "GET /vespa-metal-collection-hanging-plate-p-45987.html HTTP/1.0" 200 73614 "-" "Mozilla/5.0 (compatible; BLEXBot/1.0; +http://webmeup-crawler.com/)"
157.90.177.217 - - [02/Dec/2021:11:35:12 +0100] "GET /vespa-mini-yellow-flashlight-keychain-p-18630.html HTTP/1.0" 200 73405 "-" "Mozilla/5.0 (compatible; BLEXBot/1.0; +http://webmeup-crawler.com/)"
5.255.253.187 - - [02/Dec/2021:11:35:19 +0100] "GET /robots.txt HTTP/1.0" 200 245 "-" "Mozilla/5.0 (compatible; YandexBot/3.0; +http://yandex.com/bots)"
157.90.177.217 - - [02/Dec/2021:11:35:18 +0100] "GET /vespa-pink-phone-cover-iphone-p-23052.html HTTP/1.0" 200 76268 "-" "Mozilla/5.0 (compatible; BLEXBot/1.0; +http://webmeup-crawler.com/)"
54.36.149.31 - - [02/Dec/2021:11:35:21 +0100] "GET /placemat-little-prince-p-56255.html HTTP/1.0" 200 73250 "-" "Mozilla/5.0 (compatible; AhrefsBot/7.0; +http://ahrefs.com/robot/)"
5.255.253.187 - - [02/Dec/2021:11:35:23 +0100] "GET /decorative-thermometer-metal-gendarme-p-47086.html HTTP/1.0" 200 73467 "-" "Mozilla/5.0 (compatible; YandexBot/3.0; +http://yandex.com/bots)"
157.90.177.217 - - [02/Dec/2021:11:35:25 +0100] "GET /vespa-scooter-clock-p-29041.html HTTP/1.0" 200 73256 "-" "Mozilla/5.0 (compatible; BLEXBot/1.0; +http://webmeup-crawler.com/)"
185.191.171.12 - - [02/Dec/2021:11:35:29 +0100] "GET /kellogg-small-steel-fridge-magnets-p-31628.html?action=add_product HTTP/1.0" 302 476 "-" "Mozilla/5.0 (compatible; SemrushBot/7~bl; +http://www.semrush.com/bot.html)"
157.90.177.217 - - [02/Dec/2021:11:35:30 +0100] "GET /vespa-sports-khaki-p-32644.html HTTP/1.0" 200 73685 "-" "Mozilla/5.0 (compatible; BLEXBot/1.0; +http://webmeup-crawler.com/)"
185.191.171.42 - - [02/Dec/2021:11:35:46 +0100] "GET /porcelain-pacha-p-54463.html HTTP/1.0" 200 73233 "-" "Mozilla/5.0 (compatible; SemrushBot/7~bl; +http://www.semrush.com/bot.html)"
114.119.128.37 - - [02/Dec/2021:11:35:54 +0100] "GET /girls-c-1.html HTTP/1.0" 200 91859 "-" "Mozilla/5.0 (Linux; Android 7.0;) AppleWebKit/537.36 (KHTML, like Gecko) Mobile Safari/537.36 (compatible; PetalBot;+https://webmaster.petalsearch.com/site/petalbot)"
185.191.171.1 - - [02/Dec/2021:11:35:56 +0100] "GET /llama-love-round-metal-storage-box-p-47618.html HTTP/1.0" 301 70680 "-" "Mozilla/5.0 (compatible; SemrushBot/7~bl; +http://www.semrush.com/bot.html)"
185.191.171.35 - - [02/Dec/2021:11:35:59 +0100] "GET /-p-47618.html HTTP/1.0" 200 70613 "-" "Mozilla/5.0 (compatible; SemrushBot/7~bl; +http://www.semrush.com/bot.html)"
157.90.177.217 - - [02/Dec/2021:11:36:04 +0100] "GET /veux-soleil-placemat-p-49106.html HTTP/1.0" 200 73429 "-" "Mozilla/5.0 (compatible; BLEXBot/1.0; +http://webmeup-crawler.com/)"
185.191.171.1 - - [02/Dec/2021:11:36:10 +0100] "GET /theme-cats-flin-pour-autre-tisanire-p-45731.html?action=add_product HTTP/1.0" 302 476 "-" "Mozilla/5.0 (compatible; SemrushBot/7~bl; +http://www.semrush.com/bot.html)"
157.90.177.217 - - [02/Dec/2021:11:36:12 +0100] "GET /vieillis-adult-apron-p-53178.html HTTP/1.0" 200 73234 "-" "Mozilla/5.0 (compatible; BLEXBot/1.0; +http://webmeup-crawler.com/)"
185.191.171.25 - - [02/Dec/2021:11:36:13 +0100] "GET /cherry-blossom-sticker-p-39177.html?action=add_product HTTP/1.0" 302 476 "-" "Mozilla/5.0 (compatible; SemrushBot/7~bl; +http://www.semrush.com/bot.html)"
185.191.171.40 - - [02/Dec/2021:11:36:15 +0100] "GET /robots.txt HTTP/1.0" 200 245 "-" "Mozilla/5.0 (compatible; SemrushBot/7~bl; +http://www.semrush.com/bot.html)"
216.244.66.242 - - [02/Dec/2021:11:36:19 +0100] "GET /robots.txt HTTP/1.0" 200 245 "-" "Mozilla/5.0 (compatible; DotBot/1.2; +https://opensiteexplorer.org/dotbot; help@moz.com)"
157.90.177.217 - - [02/Dec/2021:11:36:20 +0100] "GET /vieillis-coasters-p-53171.html HTTP/1.0" 200 73261 "-" "Mozilla/5.0 (compatible; BLEXBot/1.0; +http://webmeup-crawler.com/)"
157.90.177.217 - - [02/Dec/2021:11:36:24 +0100] "GET /vinci-joconde-little-cord-made-france-p-47438.html HTTP/1.0" 200 73604 "-" "Mozilla/5.0 (compatible; BLEXBot/1.0; +http://webmeup-crawler.com/)"
157.90.177.217 - - [02/Dec/2021:11:36:30 +0100] "GET /vinci-joconde-make-pencil-case-made-france-p-47449.html HTTP/1.0" 200 73669 "-" "Mozilla/5.0 (compatible; BLEXBot/1.0; +http://webmeup-crawler.com/)"
157.90.177.217 - - [02/Dec/2021:11:36:35 +0100] "GET /vinci-joconde-shoulder-hook-made-france-p-47432.html HTTP/1.0" 200 73687 "-" "Mozilla/5.0 (compatible; BLEXBot/1.0; +http://webmeup-crawler.com/)"
157.90.177.217 - - [02/Dec/2021:11:36:42 +0100] "GET /vinci-photo-tour-p-27709.html HTTP/1.0" 200 73715 "-" "Mozilla/5.0 (compatible; BLEXBot/1.0; +http://webmeup-crawler.com/)"
157.90.177.217 - - [02/Dec/2021:11:36:49 +0100] "GET /vintage-alarm-clock-p-38262.html HTTP/1.0" 200 73311 "-" "Mozilla/5.0 (compatible; BLEXBot/1.0; +http://webmeup-crawler.com/)"
157.90.177.217 - - [02/Dec/2021:11:36:54 +0100] "GET /vintage-black-clock-p-46778.html HTTP/1.0" 200 73340 "-" "Mozilla/5.0 (compatible; BLEXBot/1.0; +http://webmeup-crawler.com/)"
157.90.177.217 - - [02/Dec/2021:11:37:00 +0100] "GET /vintage-cars-small-steel-fridge-magnets-p-37060.html HTTP/1.0" 200 73502 "-" "Mozilla/5.0 (compatible; BLEXBot/1.0; +http://webmeup-crawler.com/)"
185.191.171.12 - - [02/Dec/2021:11:37:05 +0100] "GET /household-linen-c-11.html HTTP/1.0" 200 92759 "-" "Mozilla/5.0 (compatible; SemrushBot/7~bl; +http://www.semrush.com/bot.html)"
157.90.177.217 - - [02/Dec/2021:11:37:06 +0100] "GET /vintage-cola-cola-bottle-canvas-frame-p-33385.html HTTP/1.0" 200 73562 "-" "Mozilla/5.0 (compatible; BLEXBot/1.0; +http://webmeup-crawler.com/)"
157.90.177.217 - - [02/Dec/2021:11:37:12 +0100] "GET /vintage-cola-cola-canvas-frame-p-33386.html HTTP/1.0" 200 73506 "-" "Mozilla/5.0 (compatible; BLEXBot/1.0; +http://webmeup-crawler.com/)"
114.119.128.40 - - [02/Dec/2021:11:37:17 +0100] "GET /au-bistrot-kitchen-towel-p-47945.html HTTP/1.0" 301 70781 "-" "Mozilla/5.0 (Linux; Android 7.0;) AppleWebKit/537.36 (KHTML, like Gecko) Mobile Safari/537.36 (compatible; PetalBot;+https://webmaster.petalsearch.com/site/petalbot)"
157.90.177.217 - - [02/Dec/2021:11:37:17 +0100] "GET /vintage-cola-cola-glamour-canvas-frame-p-33384.html HTTP/1.0" 200 73570 "-" "Mozilla/5.0 (compatible; BLEXBot/1.0; +http://webmeup-crawler.com/)"
114.119.128.40 - - [02/Dec/2021:11:37:20 +0100] "GET /bistrot-kitchen-towel-p-47945.html HTTP/1.0" 200 70693 "-" "Mozilla/5.0 (Linux; Android 7.0;) AppleWebKit/537.36 (KHTML, like Gecko) Mobile Safari/537.36 (compatible; PetalBot;+https://webmaster.petalsearch.com/site/petalbot)"
54.36.148.33 - - [02/Dec/2021:11:37:25 +0100] "GET /little-geisha-p-50779.html HTTP/1.0" 200 74246 "-" "Mozilla/5.0 (compatible; AhrefsBot/7.0; +http://ahrefs.com/robot/)"
157.90.177.217 - - [02/Dec/2021:11:37:27 +0100] "GET /vintage-cooper-clock-p-46777.html HTTP/1.0" 200 73373 "-" "Mozilla/5.0 (compatible; BLEXBot/1.0; +http://webmeup-crawler.com/)"
157.90.177.217 - - [02/Dec/2021:11:37:34 +0100] "GET /vintage-flag-p-38271.html HTTP/1.0" 200 73247 "-" "Mozilla/5.0 (compatible; BLEXBot/1.0; +http://webmeup-crawler.com/)"
157.90.177.217 - - [02/Dec/2021:11:37:41 +0100] "GET /vintage-motorcycle-coat-rack-p-46694.html HTTP/1.0" 200 73393 "-" "Mozilla/5.0 (compatible; BLEXBot/1.0; +http://webmeup-crawler.com/)"
66.249.93.249 - - [02/Dec/2021:11:37:45 +0100] "GET /images/big_prod_1/3700572752969B.jpg HTTP/1.0" 200 271 "-" "Mozilla/5.0 (Windows NT 5.1; rv:11.0) Gecko Firefox/11.0 (via ggpht.com GoogleImageProxy)"
185.191.171.43 - - [02/Dec/2021:11:37:46 +0100] "GET /melt-pearl-bouquet-p-42633.html HTTP/1.0" 200 73829 "-" "Mozilla/5.0 (compatible; SemrushBot/7~bl; +http://www.semrush.com/bot.html)"
157.90.177.217 - - [02/Dec/2021:11:37:46 +0100] "GET /vintage-phone-cover-iphone-p-20216.html HTTP/1.0" 200 75941 "-" "Mozilla/5.0 (compatible; BLEXBot/1.0; +http://webmeup-crawler.com/)"
157.90.177.217 - - [02/Dec/2021:11:37:54 +0100] "GET /vintage-pink-phone-cover-iphone-p-20214.html HTTP/1.0" 200 75683 "-" "Mozilla/5.0 (compatible; BLEXBot/1.0; +http://webmeup-crawler.com/)"
157.55.39.223 - - [02/Dec/2021:11:37:58 +0100] "GET /mirror-c-13_133.html HTTP/1.0" 200 92057 "-" "Mozilla/5.0 (compatible; bingbot/2.0; +http://www.bing.com/bingbot.htm)"
157.90.177.217 - - [02/Dec/2021:11:38:02 +0100] "GET /vintage-velocity-embossed-metal-plaque-p-56756.html HTTP/1.0" 200 74011 "-" "Mozilla/5.0 (compatible; BLEXBot/1.0; +http://webmeup-crawler.com/)"
157.90.177.217 - - [02/Dec/2021:11:38:06 +0100] "GET /violette-white-porcelain-bowl-p-56510.html HTTP/1.0" 200 73303 "-" "Mozilla/5.0 (compatible; BLEXBot/1.0; +http://webmeup-crawler.com/)"
157.90.177.217 - - [02/Dec/2021:11:38:11 +0100] "GET /virgo-clasic-keyring-cbkreation-p-43257.html HTTP/1.0" 200 73389 "-" "Mozilla/5.0 (compatible; BLEXBot/1.0; +http://webmeup-crawler.com/)"
157.90.177.217 - - [02/Dec/2021:11:38:16 +0100] "GET /virgo-mousepad-cbkreation-p-43313.html HTTP/1.0" 200 73314 "-" "Mozilla/5.0 (compatible; BLEXBot/1.0; +http://webmeup-crawler.com/)"
157.90.177.217 - - [02/Dec/2021:11:38:23 +0100] "GET /vive-paris-hairbrush-p-18965.html HTTP/1.0" 200 73241 "-" "Mozilla/5.0 (compatible; BLEXBot/1.0; +http://webmeup-crawler.com/)"
157.90.177.217 - - [02/Dec/2021:11:38:29 +0100] "GET /vive-paris-hairbrush-p-20208.html HTTP/1.0" 200 73240 "-" "Mozilla/5.0 (compatible; BLEXBot/1.0; +http://webmeup-crawler.com/)"
157.90.177.217 - - [02/Dec/2021:11:38:33 +0100] "GET /volkswagen-adult-apron-p-34171.html HTTP/1.0" 200 73247 "-" "Mozilla/5.0 (compatible; BLEXBot/1.0; +http://webmeup-crawler.com/)"
159.138.102.98 - - [02/Dec/2021:11:38:38 +0100] "GET /corset-black-shirt-p-30121.html HTTP/1.0" 200 74416 "-" "Mozilla/5.0 (Linux; Android 7.0;) AppleWebKit/537.36 (KHTML, like Gecko) Mobile Safari/537.36 (compatible; PetalBot;+https://webmaster.petalsearch.com/site/petalbot)"
157.90.177.217 - - [02/Dec/2021:11:38:44 +0100] "GET /volkswagen-beetle-metal-plate-p-26427.html HTTP/1.0" 200 73392 "-" "Mozilla/5.0 (compatible; BLEXBot/1.0; +http://webmeup-crawler.com/)"
157.90.177.217 - - [02/Dec/2021:11:38:50 +0100] "GET /volkswagen-bulli-metal-plate-p-26425.html HTTP/1.0" 200 73384 "-" "Mozilla/5.0 (compatible; BLEXBot/1.0; +http://webmeup-crawler.com/)"
157.90.177.217 - - [02/Dec/2021:11:38:57 +0100] "GET /volkswagen-bulli-moneybox-p-26367.html HTTP/1.0" 200 72962 "-" "Mozilla/5.0 (compatible; BLEXBot/1.0; +http://webmeup-crawler.com/)"
157.90.177.217 - - [02/Dec/2021:11:39:01 +0100] "GET /volkswagen-bully-rectangular-mirror-p-29010.html HTTP/1.0" 200 73320 "-" "Mozilla/5.0 (compatible; BLEXBot/1.0; +http://webmeup-crawler.com/)"
17.121.114.81 - - [02/Dec/2021:11:39:07 +0100] "GET /images/mini_prod/3609810062085a.jpg HTTP/1.0" 200 270 "-" "Mozilla/5.0 (Macintosh; Intel Mac OS X 10_15_5) AppleWebKit/605.1.15 (KHTML, like Gecko) Version/13.1.1 Safari/605.1.15 (Applebot/0.1; +http://www.apple.com/go/applebot)"
157.90.177.217 - - [02/Dec/2021:11:39:09 +0100] "GET /volkswagen-flower-messenger-p-18923.html HTTP/1.0" 200 74153 "-" "Mozilla/5.0 (compatible; BLEXBot/1.0; +http://webmeup-crawler.com/)"
185.191.171.42 - - [02/Dec/2021:11:39:09 +0100] "GET /ceramic-salt-with-spoon-cabourg-p-47866.html HTTP/1.0" 301 73541 "-" "Mozilla/5.0 (compatible; SemrushBot/7~bl; +http://www.semrush.com/bot.html)"
185.191.171.41 - - [02/Dec/2021:11:39:13 +0100] "GET /salt-with-spoon-cabourg-p-47866.html HTTP/1.0" 200 73451 "-" "Mozilla/5.0 (compatible; SemrushBot/7~bl; +http://www.semrush.com/bot.html)"
157.90.177.217 - - [02/Dec/2021:11:39:13 +0100] "GET /volkswagen-golf-metal-plate-p-27974.html HTTP/1.0" 200 73377 "-" "Mozilla/5.0 (compatible; BLEXBot/1.0; +http://webmeup-crawler.com/)"
157.90.177.217 - - [02/Dec/2021:11:39:23 +0100] "GET /robots.txt HTTP/1.0" 301 531 "-" "Mozilla/5.0 (compatible; BLEXBot/1.0; +http://webmeup-crawler.com/)"
157.90.177.217 - - [02/Dec/2021:11:39:23 +0100] "GET /robots.txt HTTP/1.0" 200 245 "-" "Mozilla/5.0 (compatible; BLEXBot/1.0; +http://webmeup-crawler.com/)"
54.36.148.117 - - [02/Dec/2021:11:39:22 +0100] "GET /burner-soapstone-buddha-p-56892.html HTTP/1.0" 200 74240 "-" "Mozilla/5.0 (compatible; AhrefsBot/7.0; +http://ahrefs.com/robot/)"
157.90.177.217 - - [02/Dec/2021:11:39:23 +0100] "GET /volkswagen-light-keychain-p-28755.html HTTP/1.0" 200 73292 "-" "Mozilla/5.0 (compatible; BLEXBot/1.0; +http://webmeup-crawler.com/)"
157.90.177.217 - - [02/Dec/2021:11:39:29 +0100] "GET /volkswagen-light-keychain-yellow-p-28754.html HTTP/1.0" 200 73325 "-" "Mozilla/5.0 (compatible; BLEXBot/1.0; +http://webmeup-crawler.com/)"
157.90.177.217 - - [02/Dec/2021:11:39:35 +0100] "GET /volkswagen-metal-plate-p-12552.html HTTP/1.0" 200 73220 "-" "Mozilla/5.0 (compatible; BLEXBot/1.0; +http://webmeup-crawler.com/)"
157.90.177.217 - - [02/Dec/2021:11:39:41 +0100] "GET /volkswagen-mini-magnets-enamelled-p-31623.html HTTP/1.0" 200 73587 "-" "Mozilla/5.0 (compatible; BLEXBot/1.0; +http://webmeup-crawler.com/)"
157.90.177.217 - - [02/Dec/2021:11:39:51 +0100] "GET /volkswagen-mini-magnets-enamelled-p-38437.html HTTP/1.0" 200 73587 "-" "Mozilla/5.0 (compatible; BLEXBot/1.0; +http://webmeup-crawler.com/)"
157.90.177.217 - - [02/Dec/2021:11:39:54 +0100] "GET /volkswagen-mini-magnets-enamelled-p-38438.html HTTP/1.0" 200 73587 "-" "Mozilla/5.0 (compatible; BLEXBot/1.0; +http://webmeup-crawler.com/)"
185.191.171.7 - - [02/Dec/2021:11:39:56 +0100] "GET /radio-wood-look-with-bluetooth-p-39011.html HTTP/1.0" 200 73626 "-" "Mozilla/5.0 (compatible; SemrushBot/7~bl; +http://www.semrush.com/bot.html)"
157.90.177.217 - - [02/Dec/2021:11:40:00 +0100] "GET /volkswagen-moneybox-p-40270.html HTTP/1.0" 200 73244 "-" "Mozilla/5.0 (compatible; BLEXBot/1.0; +http://webmeup-crawler.com/)"
114.119.128.39 - - [02/Dec/2021:11:40:03 +0100] "GET /beer-glass-bottle-opener-p-53490.html HTTP/1.0" 200 74271 "-" "Mozilla/5.0 (Linux; Android 7.0;) AppleWebKit/537.36 (KHTML, like Gecko) Mobile Safari/537.36 (compatible; PetalBot;+https://webmaster.petalsearch.com/site/petalbot)"
157.90.177.217 - - [02/Dec/2021:11:40:06 +0100] "GET /volkswagen-service-metal-plate-p-37174.html HTTP/1.0" 200 73418 "-" "Mozilla/5.0 (compatible; BLEXBot/1.0; +http://webmeup-crawler.com/)"
157.90.177.217 - - [02/Dec/2021:11:40:12 +0100] "GET /volkswagen-small-metal-plate-p-29714.html HTTP/1.0" 200 73048 "-" "Mozilla/5.0 (compatible; BLEXBot/1.0; +http://webmeup-crawler.com/)"
157.90.177.217 - - [02/Dec/2021:11:40:17 +0100] "GET /volkswagen-small-metal-plate-p-29715.html HTTP/1.0" 200 73322 "-" "Mozilla/5.0 (compatible; BLEXBot/1.0; +http://webmeup-crawler.com/)"
157.90.177.217 - - [02/Dec/2021:11:40:22 +0100] "GET /volkswagen-small-metal-plate-p-29716.html HTTP/1.0" 200 73066 "-" "Mozilla/5.0 (compatible; BLEXBot/1.0; +http://webmeup-crawler.com/)"
157.90.177.217 - - [02/Dec/2021:11:40:26 +0100] "GET /volkswagen-small-metal-plate-p-29717.html HTTP/1.0" 200 73322 "-" "Mozilla/5.0 (compatible; BLEXBot/1.0; +http://webmeup-crawler.com/)"
157.90.177.217 - - [02/Dec/2021:11:40:29 +0100] "GET /volkwagen-blue-power-bank-3000mah-p-35061.html HTTP/1.0" 200 76000 "-" "Mozilla/5.0 (compatible; BLEXBot/1.0; +http://webmeup-crawler.com/)"
157.90.177.217 - - [02/Dec/2021:11:40:34 +0100] "GET /volkwagen-power-bank-3000mah-p-35060.html HTTP/1.0" 200 75984 "-" "Mozilla/5.0 (compatible; BLEXBot/1.0; +http://webmeup-crawler.com/)"
157.90.177.217 - - [02/Dec/2021:11:40:39 +0100] "GET /votive-candle-bergamot-moss-white-musk-p-46871.html HTTP/1.0" 200 74037 "-" "Mozilla/5.0 (compatible; BLEXBot/1.0; +http://webmeup-crawler.com/)"
157.90.177.217 - - [02/Dec/2021:11:40:42 +0100] "GET /votive-candle-bloom-p-49930.html HTTP/1.0" 200 73947 "-" "Mozilla/5.0 (compatible; BLEXBot/1.0; +http://webmeup-crawler.com/)"
157.90.177.217 - - [02/Dec/2021:11:40:45 +0100] "GET /votive-candle-cashmere-p-46018.html HTTP/1.0" 200 73848 "-" "Mozilla/5.0 (compatible; BLEXBot/1.0; +http://webmeup-crawler.com/)"
157.90.177.217 - - [02/Dec/2021:11:40:50 +0100] "GET /votive-candle-christmas-night-p-42617.html HTTP/1.0" 200 73886 "-" "Mozilla/5.0 (compatible; BLEXBot/1.0; +http://webmeup-crawler.com/)"
157.90.177.217 - - [02/Dec/2021:11:40:54 +0100] "GET /votive-candle-damask-rose-arabian-jasmine-p-46866.html HTTP/1.0" 200 74077 "-" "Mozilla/5.0 (compatible; BLEXBot/1.0; +http://webmeup-crawler.com/)"
157.90.177.217 - - [02/Dec/2021:11:40:57 +0100] "GET /votive-candle-home-christmas-p-46035.html HTTP/1.0" 200 73951 "-" "Mozilla/5.0 (compatible; BLEXBot/1.0; +http://webmeup-crawler.com/)"
157.90.177.217 - - [02/Dec/2021:11:41:01 +0100] "GET /votive-candle-hours-baked-apple-p-38118.html HTTP/1.0" 200 74374 "-" "Mozilla/5.0 (compatible; BLEXBot/1.0; +http://webmeup-crawler.com/)"
157.90.177.217 - - [02/Dec/2021:11:41:04 +0100] "GET /votive-candle-hours-basil-lime-mandarin-p-47624.html HTTP/1.0" 200 73958 "-" "Mozilla/5.0 (compatible; BLEXBot/1.0; +http://webmeup-crawler.com/)"
157.90.177.217 - - [02/Dec/2021:11:41:08 +0100] "GET /votive-candle-hours-calming-aloe-p-43773.html HTTP/1.0" 200 73845 "-" "Mozilla/5.0 (compatible; BLEXBot/1.0; +http://webmeup-crawler.com/)"
185.191.171.15 - - [02/Dec/2021:11:41:10 +0100] "GET /gorjuss-ladybird-keyring-p-41198.html?action=add_product HTTP/1.0" 302 476 "-" "Mozilla/5.0 (compatible; SemrushBot/7~bl; +http://www.semrush.com/bot.html)"
157.90.177.217 - - [02/Dec/2021:11:41:11 +0100] "GET /votive-candle-hours-caramel-cupcake-p-38121.html HTTP/1.0" 200 74421 "-" "Mozilla/5.0 (compatible; BLEXBot/1.0; +http://webmeup-crawler.com/)"
157.90.177.217 - - [02/Dec/2021:11:41:16 +0100] "GET /votive-candle-hours-cerulean-p-38947.html HTTP/1.0" 200 74394 "-" "Mozilla/5.0 (compatible; BLEXBot/1.0; +http://webmeup-crawler.com/)"
157.90.177.217 - - [02/Dec/2021:11:41:20 +0100] "GET /votive-candle-hours-christmas-cupcake-p-33122.html HTTP/1.0" 200 74561 "-" "Mozilla/5.0 (compatible; BLEXBot/1.0; +http://webmeup-crawler.com/)"
157.90.177.217 - - [02/Dec/2021:11:41:24 +0100] "GET /votive-candle-hours-cinnamon-spice-medium-p-33126.html HTTP/1.0" 200 74607 "-" "Mozilla/5.0 (compatible; BLEXBot/1.0; +http://webmeup-crawler.com/)"
159.138.102.98 - - [02/Dec/2021:11:41:25 +0100] "GET /dubout-cats-small-white-shopping-bag-p-32259.html HTTP/1.0" 301 73667 "-" "Mozilla/5.0 (Linux; Android 7.0;) AppleWebKit/537.36 (KHTML, like Gecko) Mobile Safari/537.36 (compatible; PetalBot;+https://webmaster.petalsearch.com/site/petalbot)"
157.90.177.217 - - [02/Dec/2021:11:41:29 +0100] "GET /votive-candle-hours-citrus-crush-p-33127.html HTTP/1.0" 200 74537 "-" "Mozilla/5.0 (compatible; BLEXBot/1.0; +http://webmeup-crawler.com/)"
159.138.102.98 - - [02/Dec/2021:11:41:29 +0100] "GET /dubout-cats-small-white-shopping-p-32259.html HTTP/1.0" 200 73568 "-" "Mozilla/5.0 (Linux; Android 7.0;) AppleWebKit/537.36 (KHTML, like Gecko) Mobile Safari/537.36 (compatible; PetalBot;+https://webmaster.petalsearch.com/site/petalbot)"
157.90.177.217 - - [02/Dec/2021:11:41:31 +0100] "GET /votive-candle-hours-cotton-soft-p-33121.html HTTP/1.0" 200 74531 "-" "Mozilla/5.0 (compatible; BLEXBot/1.0; +http://webmeup-crawler.com/)"
157.90.177.217 - - [02/Dec/2021:11:41:35 +0100] "GET /votive-candle-hours-dawn-mist-p-33120.html HTTP/1.0" 200 74528 "-" "Mozilla/5.0 (compatible; BLEXBot/1.0; +http://webmeup-crawler.com/)"
157.90.177.217 - - [02/Dec/2021:11:41:39 +0100] "GET /votive-candle-hours-eastern-promise-p-38112.html HTTP/1.0" 200 74417 "-" "Mozilla/5.0 (compatible; BLEXBot/1.0; +http://webmeup-crawler.com/)"
185.191.171.39 - - [02/Dec/2021:11:41:41 +0100] "GET /winemaker-bottle-holder-made-metal-table-decoration-p-45737.html?action=add_product HTTP/1.0" 302 476 "-" "Mozilla/5.0 (compatible; SemrushBot/7~bl; +http://www.semrush.com/bot.html)"
157.90.177.217 - - [02/Dec/2021:11:41:43 +0100] "GET /votive-candle-hours-french-vanilla-p-33125.html HTTP/1.0" 200 74557 "-" "Mozilla/5.0 (compatible; BLEXBot/1.0; +http://webmeup-crawler.com/)"
54.36.148.109 - - [02/Dec/2021:11:41:44 +0100] "GET /nici-pooh-pencil-case-p-54621.html HTTP/1.0" 200 73463 "-" "Mozilla/5.0 (compatible; AhrefsBot/7.0; +http://ahrefs.com/robot/)"
157.90.177.217 - - [02/Dec/2021:11:41:48 +0100] "GET /votive-candle-hours-fresh-linen-p-33132.html HTTP/1.0" 200 74535 "-" "Mozilla/5.0 (compatible; BLEXBot/1.0; +http://webmeup-crawler.com/)"
157.90.177.217 - - [02/Dec/2021:11:41:51 +0100] "GET /votive-candle-hours-grass-p-33131.html HTTP/1.0" 200 74501 "-" "Mozilla/5.0 (compatible; BLEXBot/1.0; +http://webmeup-crawler.com/)"
157.90.177.217 - - [02/Dec/2021:11:41:54 +0100] "GET /votive-candle-hours-intense-p-33119.html HTTP/1.0" 200 74528 "-" "Mozilla/5.0 (compatible; BLEXBot/1.0; +http://webmeup-crawler.com/)"
185.191.171.7 - - [02/Dec/2021:11:41:56 +0100] "GET /black-fancy-elastic-bracelet-p-43726.html HTTP/1.0" 200 73253 "-" "Mozilla/5.0 (compatible; SemrushBot/7~bl; +http://www.semrush.com/bot.html)"
157.90.177.217 - - [02/Dec/2021:11:41:59 +0100] "GET /votive-candle-hours-jasmine-daydream-p-33123.html HTTP/1.0" 200 74617 "-" "Mozilla/5.0 (compatible; BLEXBot/1.0; +http://webmeup-crawler.com/)"
157.90.177.217 - - [02/Dec/2021:11:42:02 +0100] "GET /votive-candle-hours-jasmine-freesia-p-38945.html HTTP/1.0" 200 74433 "-" "Mozilla/5.0 (compatible; BLEXBot/1.0; +http://webmeup-crawler.com/)"
157.90.177.217 - - [02/Dec/2021:11:42:07 +0100] "GET /votive-candle-hours-lavender-sage-p-33124.html HTTP/1.0" 200 74566 "-" "Mozilla/5.0 (compatible; BLEXBot/1.0; +http://webmeup-crawler.com/)"
157.90.177.217 - - [02/Dec/2021:11:42:10 +0100] "GET /votive-candle-hours-lemon-amalfi-p-47629.html HTTP/1.0" 200 73894 "-" "Mozilla/5.0 (compatible; BLEXBot/1.0; +http://webmeup-crawler.com/)"
157.90.177.217 - - [02/Dec/2021:11:42:12 +0100] "GET /votive-candle-hours-paradise-sunset-p-39902.html HTTP/1.0" 200 73908 "-" "Mozilla/5.0 (compatible; BLEXBot/1.0; +http://webmeup-crawler.com/)"
185.191.171.25 - - [02/Dec/2021:11:42:14 +0100] "GET /strawberry-shortcake-hat-years-p-22146.html HTTP/1.0" 301 73512 "-" "Mozilla/5.0 (compatible; SemrushBot/7~bl; +http://www.semrush.com/bot.html)"
157.90.177.217 - - [02/Dec/2021:11:42:15 +0100] "GET /votive-candle-hours-pearl-bouquet-p-34629.html HTTP/1.0" 200 74628 "-" "Mozilla/5.0 (compatible; BLEXBot/1.0; +http://webmeup-crawler.com/)"
185.191.171.8 - - [02/Dec/2021:11:42:17 +0100] "GET /strawberry-shortcake-years-p-22146.html HTTP/1.0" 200 73419 "-" "Mozilla/5.0 (compatible; SemrushBot/7~bl; +http://www.semrush.com/bot.html)"
157.90.177.217 - - [02/Dec/2021:11:42:18 +0100] "GET /votive-candle-hours-pink-grapefruit-cassis-p-35341.html HTTP/1.0" 200 74676 "-" "Mozilla/5.0 (compatible; BLEXBot/1.0; +http://webmeup-crawler.com/)"
157.90.177.217 - - [02/Dec/2021:11:42:25 +0100] "GET /votive-candle-hours-rambling-rose-p-33117.html HTTP/1.0" 200 74536 "-" "Mozilla/5.0 (compatible; BLEXBot/1.0; +http://webmeup-crawler.com/)"
157.90.177.217 - - [02/Dec/2021:11:42:31 +0100] "GET /votive-candle-hours-sandalwood-vanilla-p-37308.html HTTP/1.0" 200 74649 "-" "Mozilla/5.0 (compatible; BLEXBot/1.0; +http://webmeup-crawler.com/)"
157.90.177.217 - - [02/Dec/2021:11:42:37 +0100] "GET /votive-candle-hours-simply-mulberry-p-35342.html HTTP/1.0" 200 74607 "-" "Mozilla/5.0 (compatible; BLEXBot/1.0; +http://webmeup-crawler.com/)"
157.90.177.217 - - [02/Dec/2021:11:42:41 +0100] "GET /votive-candle-hours-simply-p-33130.html HTTP/1.0" 200 74507 "-" "Mozilla/5.0 (compatible; BLEXBot/1.0; +http://webmeup-crawler.com/)"
54.36.148.72 - - [02/Dec/2021:11:42:43 +0100] "GET /images/big_prod/5400924160135.jpg HTTP/1.0" 200 268 "-" "Mozilla/5.0 (compatible; AhrefsBot/7.0; +http://ahrefs.com/robot/)"
157.90.177.217 - - [02/Dec/2021:11:42:46 +0100] "GET /votive-candle-hours-strawberry-cream-p-38108.html HTTP/1.0" 200 74443 "-" "Mozilla/5.0 (compatible; BLEXBot/1.0; +http://webmeup-crawler.com/)"
114.119.128.37 - - [02/Dec/2021:11:42:47 +0100] "GET /decorative-stickers-butterflies-grey-p-48983.html HTTP/1.0" 200 74032 "-" "Mozilla/5.0 (Linux; Android 7.0;) AppleWebKit/537.36 (KHTML, like Gecko) Mobile Safari/537.36 (compatible; PetalBot;+https://webmaster.petalsearch.com/site/petalbot)"
157.90.177.217 - - [02/Dec/2021:11:42:49 +0100] "GET /votive-candle-hours-sweet-black-cherries-p-33128.html HTTP/1.0" 200 74603 "-" "Mozilla/5.0 (compatible; BLEXBot/1.0; +http://webmeup-crawler.com/)"
157.90.177.217 - - [02/Dec/2021:11:42:53 +0100] "GET /votive-candle-hours-sweet-p-34630.html HTTP/1.0" 200 74376 "-" "Mozilla/5.0 (compatible; BLEXBot/1.0; +http://webmeup-crawler.com/)"
157.90.177.217 - - [02/Dec/2021:11:42:57 +0100] "GET /votive-candle-hours-true-enchantment-p-33129.html HTTP/1.0" 200 74574 "-" "Mozilla/5.0 (compatible; BLEXBot/1.0; +http://webmeup-crawler.com/)"
157.90.177.217 - - [02/Dec/2021:11:43:00 +0100] "GET /votive-candle-pina-colada-p-44132.html HTTP/1.0" 200 74013 "-" "Mozilla/5.0 (compatible; BLEXBot/1.0; +http://webmeup-crawler.com/)"
157.90.177.217 - - [02/Dec/2021:11:43:03 +0100] "GET /votive-candle-plum-orange-blossom-p-46024.html HTTP/1.0" 200 74004 "-" "Mozilla/5.0 (compatible; BLEXBot/1.0; +http://webmeup-crawler.com/)"
157.90.177.217 - - [02/Dec/2021:11:43:07 +0100] "GET /votive-candle-rose-p-42630.html HTTP/1.0" 200 73853 "-" "Mozilla/5.0 (compatible; BLEXBot/1.0; +http://webmeup-crawler.com/)"
157.90.177.217 - - [02/Dec/2021:11:43:10 +0100] "GET /votive-candle-spicy-mandarin-p-49933.html HTTP/1.0" 200 73980 "-" "Mozilla/5.0 (compatible; BLEXBot/1.0; +http://webmeup-crawler.com/)"
157.90.177.217 - - [02/Dec/2021:11:43:14 +0100] "GET /votive-candle-stopover-mediterranean-p-44131.html HTTP/1.0" 200 74188 "-" "Mozilla/5.0 (compatible; BLEXBot/1.0; +http://webmeup-crawler.com/)"
157.90.177.217 - - [02/Dec/2021:11:43:16 +0100] "GET /votive-candle-sugar-spice-p-42626.html HTTP/1.0" 200 73906 "-" "Mozilla/5.0 (compatible; BLEXBot/1.0; +http://webmeup-crawler.com/)"
157.90.177.217 - - [02/Dec/2021:11:43:20 +0100] "GET /votive-candle-sweet-apple-treat-p-42613.html HTTP/1.0" 200 73944 "-" "Mozilla/5.0 (compatible; BLEXBot/1.0; +http://webmeup-crawler.com/)"
157.90.177.217 - - [02/Dec/2021:11:43:25 +0100] "GET /votive-candle-violet-moon-p-42622.html HTTP/1.0" 200 73904 "-" "Mozilla/5.0 (compatible; BLEXBot/1.0; +http://webmeup-crawler.com/)"
157.90.177.217 - - [02/Dec/2021:11:43:29 +0100] "GET /votive-candle-white-eucalyptus-p-46863.html HTTP/1.0" 200 73957 "-" "Mozilla/5.0 (compatible; BLEXBot/1.0; +http://webmeup-crawler.com/)"
157.90.177.217 - - [02/Dec/2021:11:43:33 +0100] "GET /walking-dead-shirt-p-29584.html HTTP/1.0" 200 74387 "-" "Mozilla/5.0 (compatible; BLEXBot/1.0; +http://webmeup-crawler.com/)"
157.90.177.217 - - [02/Dec/2021:11:43:36 +0100] "GET /walking-dead-shirt-p-29586.html HTTP/1.0" 200 74903 "-" "Mozilla/5.0 (compatible; BLEXBot/1.0; +http://webmeup-crawler.com/)"
157.90.177.217 - - [02/Dec/2021:11:43:40 +0100] "GET /wall-coat-wooden-supports-p-52250.html HTTP/1.0" 200 73957 "-" "Mozilla/5.0 (compatible; BLEXBot/1.0; +http://webmeup-crawler.com/)"
83.9.245.111 - - [02/Dec/2021:11:43:43 +0100] "GET /images/big_prod/3700516228062.jpg HTTP/1.0" 200 268 "https://search-dre.dt.dbankcloud.com/" "Mozilla/5.0 (Linux; Android 10; JNY-LX1 Build/HUAWEIJNY-L21; wv) AppleWebKit/537.36 (KHTML, like Gecko) Version/4.0 Chrome/88.0.4324.93 Mobile Safari/537.36"
157.90.177.217 - - [02/Dec/2021:11:43:45 +0100] "GET /wall-decor-octopus-p-47397.html HTTP/1.0" 200 73970 "-" "Mozilla/5.0 (compatible; BLEXBot/1.0; +http://webmeup-crawler.com/)"
157.90.177.217 - - [02/Dec/2021:11:43:49 +0100] "GET /wall-decoration-blue-gold-model-p-38577.html HTTP/1.0" 200 73429 "-" "Mozilla/5.0 (compatible; BLEXBot/1.0; +http://webmeup-crawler.com/)"
157.90.177.217 - - [02/Dec/2021:11:43:53 +0100] "GET /wall-decoration-branch-p-47492.html HTTP/1.0" 200 73321 "-" "Mozilla/5.0 (compatible; BLEXBot/1.0; +http://webmeup-crawler.com/)"
157.90.177.217 - - [02/Dec/2021:11:43:56 +0100] "GET /wall-decoration-cactus-mirror-p-47504.html HTTP/1.0" 200 73321 "-" "Mozilla/5.0 (compatible; BLEXBot/1.0; +http://webmeup-crawler.com/)"
54.36.149.23 - - [02/Dec/2021:11:43:58 +0100] "GET /cats-adult-apron-p-41606.html HTTP/1.0" 200 73173 "-" "Mozilla/5.0 (compatible; AhrefsBot/7.0; +http://ahrefs.com/robot/)"
157.90.177.217 - - [02/Dec/2021:11:44:00 +0100] "GET /wall-decoration-cork-mappemonde-p-40615.html HTTP/1.0" 200 74078 "-" "Mozilla/5.0 (compatible; BLEXBot/1.0; +http://webmeup-crawler.com/)"
157.90.177.217 - - [02/Dec/2021:11:44:04 +0100] "GET /wall-decoration-green-model-p-38571.html HTTP/1.0" 200 73393 "-" "Mozilla/5.0 (compatible; BLEXBot/1.0; +http://webmeup-crawler.com/)"
157.90.177.217 - - [02/Dec/2021:11:44:06 +0100] "GET /wall-decoration-green-model-p-41004.html HTTP/1.0" 200 73366 "-" "Mozilla/5.0 (compatible; BLEXBot/1.0; +http://webmeup-crawler.com/)"
114.119.128.40 - - [02/Dec/2021:11:44:07 +0100] "GET /dopey-romero-britto-small-notebook-p-32418.html HTTP/1.0" 200 73406 "-" "Mozilla/5.0 (Linux; Android 7.0;) AppleWebKit/537.36 (KHTML, like Gecko) Mobile Safari/537.36 (compatible; PetalBot;+https://webmaster.petalsearch.com/site/petalbot)"
66.102.9.243 - - [02/Dec/2021:11:44:11 +0100] "GET /images/big_prod/3453131148917.jpg HTTP/1.0" 200 268 "-" "Mozilla/5.0 (Windows NT 5.1; rv:11.0) Gecko Firefox/11.0 (via ggpht.com GoogleImageProxy)"
157.90.177.217 - - [02/Dec/2021:11:44:11 +0100] "GET /wall-decoration-green-tabby-p-41105.html HTTP/1.0" 200 73367 "-" "Mozilla/5.0 (compatible; BLEXBot/1.0; +http://webmeup-crawler.com/)"
157.90.177.217 - - [02/Dec/2021:11:44:13 +0100] "GET /wall-decoration-hang-croix-camargue-p-40448.html HTTP/1.0" 200 73443 "-" "Mozilla/5.0 (compatible; BLEXBot/1.0; +http://webmeup-crawler.com/)"
85.206.21.19 - - [02/Dec/2021:11:44:16 +0100] "GET /christmas-tree-decoration-little-prince-p-50292.html HTTP/1.0" 200 73458 "https://www.google.com/" "Mozilla/5.0 (Windows NT 6.1; rv:94.0) Gecko/20100101 Firefox/94.0"
85.206.21.19 - - [02/Dec/2021:11:44:17 +0100] "GET /templates/Pixame_v1/stylesheet.css HTTP/1.0" 200 267 "http://www.wonder-geek.com/christmas-tree-decoration-little-prince-p-50292.html" "Mozilla/5.0 (Windows NT 6.1; rv:94.0) Gecko/20100101 Firefox/94.0"
85.206.21.19 - - [02/Dec/2021:11:44:17 +0100] "GET /highslide/highslide.js HTTP/1.0" 200 262 "http://www.wonder-geek.com/christmas-tree-decoration-little-prince-p-50292.html" "Mozilla/5.0 (Windows NT 6.1; rv:94.0) Gecko/20100101 Firefox/94.0"
85.206.21.19 - - [02/Dec/2021:11:44:17 +0100] "GET /js/jquery.js HTTP/1.0" 200 252 "http://www.wonder-geek.com/christmas-tree-decoration-little-prince-p-50292.html" "Mozilla/5.0 (Windows NT 6.1; rv:94.0) Gecko/20100101 Firefox/94.0"
85.206.21.19 - - [02/Dec/2021:11:44:17 +0100] "GET /js/jquery.jqzoom.js HTTP/1.0" 200 259 "http://www.wonder-geek.com/christmas-tree-decoration-little-prince-p-50292.html" "Mozilla/5.0 (Windows NT 6.1; rv:94.0) Gecko/20100101 Firefox/94.0"
85.206.21.19 - - [02/Dec/2021:11:44:17 +0100] "GET /mondial_relay/js/jquery-1.3.2.min.js HTTP/1.0" 200 276 "http://www.wonder-geek.com/christmas-tree-decoration-little-prince-p-50292.html" "Mozilla/5.0 (Windows NT 6.1; rv:94.0) Gecko/20100101 Firefox/94.0"
85.206.21.19 - - [02/Dec/2021:11:44:17 +0100] "GET /swfobject.js HTTP/1.0" 404 1308 "http://www.wonder-geek.com/christmas-tree-decoration-little-prince-p-50292.html" "Mozilla/5.0 (Windows NT 6.1; rv:94.0) Gecko/20100101 Firefox/94.0"
85.206.21.19 - - [02/Dec/2021:11:44:18 +0100] "GET /images/big_prod/3453131148917.jpg HTTP/1.0" 200 268 "http://www.wonder-geek.com/christmas-tree-decoration-little-prince-p-50292.html" "Mozilla/5.0 (Windows NT 6.1; rv:94.0) Gecko/20100101 Firefox/94.0"
85.206.21.19 - - [02/Dec/2021:11:44:18 +0100] "GET /templates/Pixame_v1/images/icon_accueil2.png HTTP/1.0" 200 278 "http://www.wonder-geek.com/christmas-tree-decoration-little-prince-p-50292.html" "Mozilla/5.0 (Windows NT 6.1; rv:94.0) Gecko/20100101 Firefox/94.0"
85.206.21.19 - - [02/Dec/2021:11:44:18 +0100] "GET /templates/Pixame_v1/images/infobox/pixel_trans.gif HTTP/1.0" 200 328 "http://www.wonder-geek.com/christmas-tree-decoration-little-prince-p-50292.html" "Mozilla/5.0 (Windows NT 6.1; rv:94.0) Gecko/20100101 Firefox/94.0"
85.206.21.19 - - [02/Dec/2021:11:44:18 +0100] "GET /images/pixel_trans.gif HTTP/1.0" 200 328 "http://www.wonder-geek.com/christmas-tree-decoration-little-prince-p-50292.html" "Mozilla/5.0 (Windows NT 6.1; rv:94.0) Gecko/20100101 Firefox/94.0"
85.206.21.19 - - [02/Dec/2021:11:44:18 +0100] "GET /templates/Pixame_v1/images/pixel_trans.gif HTTP/1.0" 200 328 "http://www.wonder-geek.com/christmas-tree-decoration-little-prince-p-50292.html" "Mozilla/5.0 (Windows NT 6.1; rv:94.0) Gecko/20100101 Firefox/94.0"
85.206.21.19 - - [02/Dec/2021:11:44:18 +0100] "GET /templates/Pixame_v1/images/Bottom_texture.jpg HTTP/1.0" 200 280 "http://www.wonder-geek.com/templates/Pixame_v1/stylesheet.css" "Mozilla/5.0 (Windows NT 6.1; rv:94.0) Gecko/20100101 Firefox/94.0"
85.206.21.19 - - [02/Dec/2021:11:44:18 +0100] "GET /swfobject.js HTTP/1.0" 404 1308 "http://www.wonder-geek.com/christmas-tree-decoration-little-prince-p-50292.html" "Mozilla/5.0 (Windows NT 6.1; rv:94.0) Gecko/20100101 Firefox/94.0"
85.206.21.19 - - [02/Dec/2021:11:44:18 +0100] "GET /templates/Pixame_v1/images/Middle_texture.jpg HTTP/1.0" 200 280 "http://www.wonder-geek.com/templates/Pixame_v1/stylesheet.css" "Mozilla/5.0 (Windows NT 6.1; rv:94.0) Gecko/20100101 Firefox/94.0"
85.206.21.19 - - [02/Dec/2021:11:44:18 +0100] "GET /templates/Pixame_v1/images/header.png HTTP/1.0" 200 271 "http://www.wonder-geek.com/templates/Pixame_v1/stylesheet.css" "Mozilla/5.0 (Windows NT 6.1; rv:94.0) Gecko/20100101 Firefox/94.0"
85.206.21.19 - - [02/Dec/2021:11:44:18 +0100] "GET /templates/Pixame_v1/images/nav.png HTTP/1.0" 200 268 "http://www.wonder-geek.com/templates/Pixame_v1/stylesheet.css" "Mozilla/5.0 (Windows NT 6.1; rv:94.0) Gecko/20100101 Firefox/94.0"
85.206.21.19 - - [02/Dec/2021:11:44:18 +0100] "GET /templates/Pixame_v1/images/header-object.png HTTP/1.0" 200 278 "http://www.wonder-geek.com/templates/Pixame_v1/stylesheet.css" "Mozilla/5.0 (Windows NT 6.1; rv:94.0) Gecko/20100101 Firefox/94.0"
85.206.21.19 - - [02/Dec/2021:11:44:18 +0100] "GET /templates/Pixame_v1/images/flash.swf HTTP/1.0" 200 290 "http://www.wonder-geek.com/christmas-tree-decoration-little-prince-p-50292.html" "Mozilla/5.0 (Windows NT 6.1; rv:94.0) Gecko/20100101 Firefox/94.0"
85.206.21.19 - - [02/Dec/2021:11:44:18 +0100] "GET /templates/Pixame_v1/images/buttons/english/button_in_cart.gif HTTP/1.0" 200 295 "http://www.wonder-geek.com/christmas-tree-decoration-little-prince-p-50292.html" "Mozilla/5.0 (Windows NT 6.1; rv:94.0) Gecko/20100101 Firefox/94.0"
85.206.21.19 - - [02/Dec/2021:11:44:18 +0100] "GET /design/productsenstock.png HTTP/1.0" 200 260 "http://www.wonder-geek.com/templates/Pixame_v1/stylesheet.css" "Mozilla/5.0 (Windows NT 6.1; rv:94.0) Gecko/20100101 Firefox/94.0"
85.206.21.19 - - [02/Dec/2021:11:44:18 +0100] "GET /templates/Pixame_v1/images/infobox/infobox_footer_middle.gif HTTP/1.0" 200 357 "http://www.wonder-geek.com/christmas-tree-decoration-little-prince-p-50292.html" "Mozilla/5.0 (Windows NT 6.1; rv:94.0) Gecko/20100101 Firefox/94.0"
85.206.21.19 - - [02/Dec/2021:11:44:18 +0100] "GET /highslide/graphics/zoomin.cur HTTP/1.0" 200 614 "http://www.wonder-geek.com/templates/Pixame_v1/stylesheet.css" "Mozilla/5.0 (Windows NT 6.1; rv:94.0) Gecko/20100101 Firefox/94.0"
85.206.21.19 - - [02/Dec/2021:11:44:18 +0100] "GET /favicon.ico HTTP/1.0" 200 260 "http://www.wonder-geek.com/christmas-tree-decoration-little-prince-p-50292.html" "Mozilla/5.0 (Windows NT 6.1; rv:94.0) Gecko/20100101 Firefox/94.0"
85.206.21.19 - - [02/Dec/2021:11:44:18 +0100] "GET /highslide/graphics/outlines/drop-shadow.png HTTP/1.0" 200 277 "http://www.wonder-geek.com/christmas-tree-decoration-little-prince-p-50292.html" "Mozilla/5.0 (Windows NT 6.1; rv:94.0) Gecko/20100101 Firefox/94.0"
85.206.21.19 - - [02/Dec/2021:11:44:18 +0100] "GET /highslide/graphics/zoomout.cur HTTP/1.0" 200 614 "http://www.wonder-geek.com/christmas-tree-decoration-little-prince-p-50292.html" "Mozilla/5.0 (Windows NT 6.1; rv:94.0) Gecko/20100101 Firefox/94.0"
85.206.21.19 - - [02/Dec/2021:11:44:18 +0100] "GET /highslide/graphics/loader.white.gif HTTP/1.0" 200 960 "http://www.wonder-geek.com/templates/Pixame_v1/stylesheet.css" "Mozilla/5.0 (Windows NT 6.1; rv:94.0) Gecko/20100101 Firefox/94.0"
157.90.177.217 - - [02/Dec/2021:11:44:18 +0100] "GET /wall-decoration-hang-p-42749.html HTTP/1.0" 200 73384 "-" "Mozilla/5.0 (compatible; BLEXBot/1.0; +http://webmeup-crawler.com/)"
157.90.177.217 - - [02/Dec/2021:11:44:22 +0100] "GET /wall-decoration-horse-black-white-p-37574.html HTTP/1.0" 200 73473 "-" "Mozilla/5.0 (compatible; BLEXBot/1.0; +http://webmeup-crawler.com/)"
185.191.171.13 - - [02/Dec/2021:11:44:22 +0100] "GET /-p-52542.html?action=add_product HTTP/1.0" 302 476 "-" "Mozilla/5.0 (compatible; SemrushBot/7~bl; +http://www.semrush.com/bot.html)"
157.90.177.217 - - [02/Dec/2021:11:44:25 +0100] "GET /wall-decoration-mirror-flower-p-48720.html HTTP/1.0" 200 73922 "-" "Mozilla/5.0 (compatible; BLEXBot/1.0; +http://webmeup-crawler.com/)"
185.191.171.10 - - [02/Dec/2021:11:44:27 +0100] "GET /-p-32999.html?action=add_product HTTP/1.0" 302 476 "-" "Mozilla/5.0 (compatible; SemrushBot/7~bl; +http://www.semrush.com/bot.html)"
157.90.177.217 - - [02/Dec/2021:11:44:30 +0100] "GET /wall-decoration-mirror-flower-p-48822.html HTTP/1.0" 200 73922 "-" "Mozilla/5.0 (compatible; BLEXBot/1.0; +http://webmeup-crawler.com/)"
85.206.21.19 - - [02/Dec/2021:11:44:33 +0100] "GET /highslide/graphics/fullexpand.gif HTTP/1.0" 200 495 "http://www.wonder-geek.com/templates/Pixame_v1/stylesheet.css" "Mozilla/5.0 (Windows NT 6.1; rv:94.0) Gecko/20100101 Firefox/94.0"
157.90.177.217 - - [02/Dec/2021:11:44:35 +0100] "GET /wall-decoration-mirror-metal-flower-p-50498.html HTTP/1.0" 200 73359 "-" "Mozilla/5.0 (compatible; BLEXBot/1.0; +http://webmeup-crawler.com/)"
157.90.177.217 - - [02/Dec/2021:11:44:38 +0100] "GET /wall-decoration-mirror-metal-leaves-p-50499.html HTTP/1.0" 200 73359 "-" "Mozilla/5.0 (compatible; BLEXBot/1.0; +http://webmeup-crawler.com/)"
157.90.177.217 - - [02/Dec/2021:11:44:41 +0100] "GET /wall-decoration-mirror-metal-leaves-p-50500.html HTTP/1.0" 200 73359 "-" "Mozilla/5.0 (compatible; BLEXBot/1.0; +http://webmeup-crawler.com/)"
157.90.177.217 - - [02/Dec/2021:11:44:44 +0100] "GET /wall-decoration-mirror-p-48718.html HTTP/1.0" 200 73270 "-" "Mozilla/5.0 (compatible; BLEXBot/1.0; +http://webmeup-crawler.com/)"
157.90.177.217 - - [02/Dec/2021:11:44:47 +0100] "GET /wall-decoration-mirror-p-48721.html HTTP/1.0" 200 73913 "-" "Mozilla/5.0 (compatible; BLEXBot/1.0; +http://webmeup-crawler.com/)"
157.90.177.217 - - [02/Dec/2021:11:44:51 +0100] "GET /wall-decoration-mirror-p-51799.html HTTP/1.0" 200 74084 "-" "Mozilla/5.0 (compatible; BLEXBot/1.0; +http://webmeup-crawler.com/)"
157.90.177.217 - - [02/Dec/2021:11:44:54 +0100] "GET /wall-decoration-pump-gasoline-metal-p-50189.html HTTP/1.0" 200 73427 "-" "Mozilla/5.0 (compatible; BLEXBot/1.0; +http://webmeup-crawler.com/)"
157.90.177.217 - - [02/Dec/2021:11:44:58 +0100] "GET /wall-decoration-purple-model-p-38569.html HTTP/1.0" 200 73372 "-" "Mozilla/5.0 (compatible; BLEXBot/1.0; +http://webmeup-crawler.com/)"
157.90.177.217 - - [02/Dec/2021:11:45:03 +0100] "GET /wall-decoration-relief-bath-vintage-p-46063.html HTTP/1.0" 200 73474 "-" "Mozilla/5.0 (compatible; BLEXBot/1.0; +http://webmeup-crawler.com/)"
157.90.177.217 - - [02/Dec/2021:11:45:08 +0100] "GET /wall-decoration-relief-bath-vintage-p-46103.html HTTP/1.0" 200 73474 "-" "Mozilla/5.0 (compatible; BLEXBot/1.0; +http://webmeup-crawler.com/)"
66.249.68.40 - - [02/Dec/2021:11:45:12 +0100] "GET /images/big_prod/9316188079679.jpg HTTP/1.0" 200 268 "-" "Googlebot-Image/1.0"
157.90.177.217 - - [02/Dec/2021:11:45:12 +0100] "GET /wall-decoration-yellow-model-p-38570.html HTTP/1.0" 200 73398 "-" "Mozilla/5.0 (compatible; BLEXBot/1.0; +http://webmeup-crawler.com/)"
157.90.177.217 - - [02/Dec/2021:11:45:16 +0100] "GET /wall-hanging-blue-buddha-p-49458.html HTTP/1.0" 200 73422 "-" "Mozilla/5.0 (compatible; BLEXBot/1.0; +http://webmeup-crawler.com/)"
185.191.171.22 - - [02/Dec/2021:11:45:18 +0100] "GET /tropical-pouch-paradise-p-49551.html HTTP/1.0" 200 74010 "-" "Mozilla/5.0 (compatible; SemrushBot/7~bl; +http://www.semrush.com/bot.html)"
157.90.177.217 - - [02/Dec/2021:11:45:20 +0100] "GET /wall-hanging-ganesha-p-49457.html HTTP/1.0" 200 73414 "-" "Mozilla/5.0 (compatible; BLEXBot/1.0; +http://webmeup-crawler.com/)"
157.90.177.217 - - [02/Dec/2021:11:45:24 +0100] "GET /want-mini-magnet-mirror-p-19664.html HTTP/1.0" 200 73251 "-" "Mozilla/5.0 (compatible; BLEXBot/1.0; +http://webmeup-crawler.com/)"
157.90.177.217 - - [02/Dec/2021:11:45:27 +0100] "GET /warning-alien-zone-metal-plate-deco-p-46330.html HTTP/1.0" 200 73346 "-" "Mozilla/5.0 (compatible; BLEXBot/1.0; +http://webmeup-crawler.com/)"
185.191.171.42 - - [02/Dec/2021:11:45:27 +0100] "GET /retro-coffee-wooden-wall-decoration-hang-p-35918.html?action=add_product HTTP/1.0" 302 476 "-" "Mozilla/5.0 (compatible; SemrushBot/7~bl; +http://www.semrush.com/bot.html)"
157.90.177.217 - - [02/Dec/2021:11:45:30 +0100] "GET /warning-genius-work-metal-plate-deco-p-36129.html HTTP/1.0" 200 73372 "-" "Mozilla/5.0 (compatible; BLEXBot/1.0; +http://webmeup-crawler.com/)"
157.90.177.217 - - [02/Dec/2021:11:45:34 +0100] "GET /wash-large-metal-plate-deco-p-35495.html HTTP/1.0" 200 73330 "-" "Mozilla/5.0 (compatible; BLEXBot/1.0; +http://webmeup-crawler.com/)"
157.90.177.217 - - [02/Dec/2021:11:45:38 +0100] "GET /water-glasses-p-46522.html HTTP/1.0" 200 73902 "-" "Mozilla/5.0 (compatible; BLEXBot/1.0; +http://webmeup-crawler.com/)"
114.119.128.37 - - [02/Dec/2021:11:45:40 +0100] "GET /images/big_prod_1/3453131155236B.jpg HTTP/1.0" 200 271 "-" "Mozilla/5.0 (Linux; Android 7.0;) AppleWebKit/537.36 (KHTML, like Gecko) Mobile Safari/537.36 (compatible; PetalBot;+https://webmaster.petalsearch.com/site/petalbot)"
157.90.177.217 - - [02/Dec/2021:11:45:46 +0100] "GET /waterproof-polyester-mattress-protector-p-49341.html HTTP/1.0" 200 73487 "-" "Mozilla/5.0 (compatible; BLEXBot/1.0; +http://webmeup-crawler.com/)"
157.90.177.217 - - [02/Dec/2021:11:45:50 +0100] "GET /waterproof-polyester-mattress-protector-p-49342.html HTTP/1.0" 200 73502 "-" "Mozilla/5.0 (compatible; BLEXBot/1.0; +http://webmeup-crawler.com/)"
157.90.177.217 - - [02/Dec/2021:11:45:53 +0100] "GET /waterproof-polyester-mattress-protector-p-49343.html HTTP/1.0" 200 73522 "-" "Mozilla/5.0 (compatible; BLEXBot/1.0; +http://webmeup-crawler.com/)"
157.90.177.217 - - [02/Dec/2021:11:45:56 +0100] "GET /wave-surf-area-metal-plate-deco-p-35411.html HTTP/1.0" 200 73346 "-" "Mozilla/5.0 (compatible; BLEXBot/1.0; +http://webmeup-crawler.com/)"
54.36.148.206 - - [02/Dec/2021:11:46:00 +0100] "GET /cuba-metal-tray-p-39516.html HTTP/1.0" 200 73319 "-" "Mozilla/5.0 (compatible; AhrefsBot/7.0; +http://ahrefs.com/robot/)"
157.90.177.217 - - [02/Dec/2021:11:46:00 +0100] "GET /weapon-mtal-keyring-colt-python-p-31991.html HTTP/1.0" 200 73347 "-" "Mozilla/5.0 (compatible; BLEXBot/1.0; +http://webmeup-crawler.com/)"
157.55.39.228 - - [02/Dec/2021:11:46:01 +0100] "GET /pillow-case-cotton-percale-threads-p-51255.html HTTP/1.0" 200 74198 "-" "Mozilla/5.0 (compatible; bingbot/2.0; +http://www.bing.com/bingbot.htm)"
157.90.177.217 - - [02/Dec/2021:11:46:06 +0100] "GET /weapon-mtal-keyring-desert-eagle-p-31992.html HTTP/1.0" 200 73396 "-" "Mozilla/5.0 (compatible; BLEXBot/1.0; +http://webmeup-crawler.com/)"
157.90.177.217 - - [02/Dec/2021:11:46:09 +0100] "GET /weapon-mtal-keyring-famas-p-31990.html HTTP/1.0" 200 73298 "-" "Mozilla/5.0 (compatible; BLEXBot/1.0; +http://webmeup-crawler.com/)"
157.90.177.217 - - [02/Dec/2021:11:46:11 +0100] "GET /weapon-mtal-keyring-five-seven-p-31989.html HTTP/1.0" 200 73357 "-" "Mozilla/5.0 (compatible; BLEXBot/1.0; +http://webmeup-crawler.com/)"
157.90.177.217 - - [02/Dec/2021:11:46:14 +0100] "GET /weapon-mtal-keyring-p-31993.html HTTP/1.0" 200 73245 "-" "Mozilla/5.0 (compatible; BLEXBot/1.0; +http://webmeup-crawler.com/)"
216.244.66.242 - - [02/Dec/2021:11:46:16 +0100] "GET /images/5010065555228.jpg HTTP/1.0" 200 259 "-" "Mozilla/5.0 (compatible; DotBot/1.2; +https://opensiteexplorer.org/dotbot; help@moz.com)"
