157.55.39.223 - - [02/Dec/2021:07:28:43 +0100] "GET /little-prince-rose-figurine-p-54991.html HTTP/1.0" 200 77111 "-" "Mozilla/5.0 (compatible; bingbot/2.0; +http://www.bing.com/bingbot.htm)"
157.90.177.217 - - [02/Dec/2021:07:28:44 +0100] "GET /marseille-women-black-shirt-p-31251.html HTTP/1.0" 200 75010 "-" "Mozilla/5.0 (compatible; BLEXBot/1.0; +http://webmeup-crawler.com/)"
51.68.224.127 - - [02/Dec/2021:07:28:46 +0100] "GET /adminweb/export_orders_xml.php?token=256de2z6edz6ed2z6DFSFsed2zed6zeDSFDSGdzedezfzf&maxorders=10&orderstart=1&status=14&start_date=2018-10-01 HTTP/1.0" 200 285 "-" "GesCom CharlotteBoutik Serveur"
51.68.224.127 - - [02/Dec/2021:07:28:47 +0100] "GET /adminweb/export_orders_xml.php?token=256de2z6edz6ed2z6DFSFsed2zed6zeDSFDSGdzedezfzf&maxorders=10&orderstart=1&status=6&start_date=2018-10-01 HTTP/1.0" 200 32471 "-" "GesCom CharlotteBoutik Serveur"
185.191.171.26 - - [02/Dec/2021:07:28:51 +0100] "GET /cotton-kitchen-towel-pastis-p-44199.html HTTP/1.0" 200 73274 "-" "Mozilla/5.0 (compatible; SemrushBot/7~bl; +http://www.semrush.com/bot.html)"
157.90.177.217 - - [02/Dec/2021:07:28:52 +0100] "GET /marseilles-soap-magnet-p-30712.html HTTP/1.0" 200 75381 "-" "Mozilla/5.0 (compatible; BLEXBot/1.0; +http://webmeup-crawler.com/)"
157.90.177.217 - - [02/Dec/2021:07:28:59 +0100] "GET /marshall-backpack-p-26525.html HTTP/1.0" 200 73631 "-" "Mozilla/5.0 (compatible; BLEXBot/1.0; +http://webmeup-crawler.com/)"
157.90.177.217 - - [02/Dec/2021:07:29:08 +0100] "GET /marshmallow-keychain-p-15240.html HTTP/1.0" 200 73423 "-" "Mozilla/5.0 (compatible; BLEXBot/1.0; +http://webmeup-crawler.com/)"
20.109.134.252 - - [02/Dec/2021:07:29:13 +0100] "GET /images/big_prod/8433933143247.jpg HTTP/1.0" 200 268 "-" "Mozilla/5.0 (Windows NT 10.0; ) Gecko/20100101 Firefox/61.0"
157.90.177.217 - - [02/Dec/2021:07:29:20 +0100] "GET /marsupilami-money-p-40948.html HTTP/1.0" 200 73849 "-" "Mozilla/5.0 (compatible; BLEXBot/1.0; +http://webmeup-crawler.com/)"
157.90.177.217 - - [02/Dec/2021:07:29:28 +0100] "GET /martini-metal-plate-p-11414.html HTTP/1.0" 200 73178 "-" "Mozilla/5.0 (compatible; BLEXBot/1.0; +http://webmeup-crawler.com/)"
157.90.177.217 - - [02/Dec/2021:07:29:32 +0100] "GET /marvel-avengers-backpack-p-36231.html HTTP/1.0" 200 73447 "-" "Mozilla/5.0 (compatible; BLEXBot/1.0; +http://webmeup-crawler.com/)"
20.109.131.231 - - [02/Dec/2021:07:29:35 +0100] "GET /images/big_prod/1750287000000.jpg HTTP/1.0" 200 268 "-" "Mozilla/5.0 (Windows NT 10.0; WOW64) AppleWebKit/537.36 (KHTML, like Gecko) Chrome/64.0.3282.186 Safari/537.36"
157.90.177.217 - - [02/Dec/2021:07:29:40 +0100] "GET /marvel-avengers-civil-backpack-p-35550.html HTTP/1.0" 200 73554 "-" "Mozilla/5.0 (compatible; BLEXBot/1.0; +http://webmeup-crawler.com/)"
20.109.134.252 - - [02/Dec/2021:07:29:46 +0100] "GET /images/4025055094251.jpg HTTP/1.0" 200 259 "-" "Mozilla/5.0 (Windows NT 10.0; ) Gecko/20100101 Firefox/61.0"
157.90.177.217 - - [02/Dec/2021:07:29:46 +0100] "GET /marvel-avengers-large-backpack-p-30759.html HTTP/1.0" 200 73469 "-" "Mozilla/5.0 (compatible; BLEXBot/1.0; +http://webmeup-crawler.com/)"
157.90.177.217 - - [02/Dec/2021:07:29:54 +0100] "GET /mary-mother-aromatika-incense-sticks-p-53454.html HTTP/1.0" 200 73418 "-" "Mozilla/5.0 (compatible; BLEXBot/1.0; +http://webmeup-crawler.com/)"
157.90.177.217 - - [02/Dec/2021:07:29:58 +0100] "GET /masala-white-sage-incense-p-51487.html HTTP/1.0" 200 73385 "-" "Mozilla/5.0 (compatible; BLEXBot/1.0; +http://webmeup-crawler.com/)"
185.191.171.19 - - [02/Dec/2021:07:29:59 +0100] "GET /tann-kids-school-light-pink-p-44874.html?action=add_product HTTP/1.0" 302 476 "-" "Mozilla/5.0 (compatible; SemrushBot/7~bl; +http://www.semrush.com/bot.html)"
157.90.177.217 - - [02/Dec/2021:07:30:02 +0100] "GET /masha-bear-doll-sled-p-36999.html HTTP/1.0" 200 74014 "-" "Mozilla/5.0 (compatible; BLEXBot/1.0; +http://webmeup-crawler.com/)"
157.90.177.217 - - [02/Dec/2021:07:30:08 +0100] "GET /masha-bear-magnetic-board-p-32474.html HTTP/1.0" 200 73509 "-" "Mozilla/5.0 (compatible; BLEXBot/1.0; +http://webmeup-crawler.com/)"
157.90.177.217 - - [02/Dec/2021:07:30:13 +0100] "GET /mastic-adult-cotton-apron-p-39045.html HTTP/1.0" 200 73245 "-" "Mozilla/5.0 (compatible; BLEXBot/1.0; +http://webmeup-crawler.com/)"
157.90.177.217 - - [02/Dec/2021:07:30:19 +0100] "GET /mastic-fitted-sheet-p-43591.html HTTP/1.0" 200 73304 "-" "Mozilla/5.0 (compatible; BLEXBot/1.0; +http://webmeup-crawler.com/)"
54.36.149.11 - - [02/Dec/2021:07:30:21 +0100] "GET /specials.php?page=15 HTTP/1.0" 200 124877 "-" "Mozilla/5.0 (compatible; AhrefsBot/7.0; +http://ahrefs.com/robot/)"
157.90.177.217 - - [02/Dec/2021:07:30:25 +0100] "GET /matriochka-black-women-shirt-p-30988.html HTTP/1.0" 200 75258 "-" "Mozilla/5.0 (compatible; BLEXBot/1.0; +http://webmeup-crawler.com/)"
157.90.177.217 - - [02/Dec/2021:07:30:31 +0100] "GET /matriochka-white-women-shirt-p-30984.html HTTP/1.0" 200 75294 "-" "Mozilla/5.0 (compatible; BLEXBot/1.0; +http://webmeup-crawler.com/)"
157.90.177.217 - - [02/Dec/2021:07:30:38 +0100] "GET /matriochka-white-women-shirt-p-30985.html HTTP/1.0" 200 75291 "-" "Mozilla/5.0 (compatible; BLEXBot/1.0; +http://webmeup-crawler.com/)"
157.90.177.217 - - [02/Dec/2021:07:30:44 +0100] "GET /matriochka-white-women-shirt-p-30987.html HTTP/1.0" 200 75298 "-" "Mozilla/5.0 (compatible; BLEXBot/1.0; +http://webmeup-crawler.com/)"
157.90.177.217 - - [02/Dec/2021:07:30:48 +0100] "GET /matriochka-white-women-shirt-p-30989.html HTTP/1.0" 200 75253 "-" "Mozilla/5.0 (compatible; BLEXBot/1.0; +http://webmeup-crawler.com/)"
185.191.171.11 - - [02/Dec/2021:07:30:56 +0100] "GET /spice-furniture-wooden-turnstile-p-47326.html HTTP/1.0" 200 74158 "-" "Mozilla/5.0 (compatible; SemrushBot/7~bl; +http://www.semrush.com/bot.html)"
157.90.177.217 - - [02/Dec/2021:07:30:57 +0100] "GET /matt-black-resin-figurines-wisdom-p-56906.html HTTP/1.0" 200 74487 "-" "Mozilla/5.0 (compatible; BLEXBot/1.0; +http://webmeup-crawler.com/)"
124.71.153.13 - - [02/Dec/2021:07:30:59 +0100] "GET /images/mini_prod/8435333849699.jpg HTTP/1.0" 200 269 "-" "Mozilla/5.0 (X11; Ubuntu; Linux x86_64; rv:72.0) Gecko/20100101 Firefox/72.0"
157.90.177.217 - - [02/Dec/2021:07:31:04 +0100] "GET /mattress-cover-c-11_197.html?page=1 HTTP/1.0" 200 90433 "-" "Mozilla/5.0 (compatible; BLEXBot/1.0; +http://webmeup-crawler.com/)"
157.90.177.217 - - [02/Dec/2021:07:31:09 +0100] "GET /maurice-lamp-white-resin-p-56902.html HTTP/1.0" 200 73991 "-" "Mozilla/5.0 (compatible; BLEXBot/1.0; +http://webmeup-crawler.com/)"
157.90.177.217 - - [02/Dec/2021:07:31:15 +0100] "GET /maxi-moroccan-ashtray-cendrier-p-51872.html HTTP/1.0" 200 73301 "-" "Mozilla/5.0 (compatible; BLEXBot/1.0; +http://webmeup-crawler.com/)"
157.90.177.217 - - [02/Dec/2021:07:31:21 +0100] "GET /mditation-black-purple-p-53674.html HTTP/1.0" 200 74769 "-" "Mozilla/5.0 (compatible; BLEXBot/1.0; +http://webmeup-crawler.com/)"
66.249.68.42 - - [02/Dec/2021:07:31:28 +0100] "GET /images/mini_prod/3453131159128.jpg HTTP/1.0" 200 269 "-" "Googlebot-Image/1.0"
157.90.177.217 - - [02/Dec/2021:07:31:29 +0100] "GET /mditation-lotus-black-p-46539.html HTTP/1.0" 200 74706 "-" "Mozilla/5.0 (compatible; BLEXBot/1.0; +http://webmeup-crawler.com/)"
185.191.171.40 - - [02/Dec/2021:07:31:32 +0100] "GET /mug-you-are-an-angel-in-french-p-40441.html HTTP/1.0" 301 73431 "-" "Mozilla/5.0 (compatible; SemrushBot/7~bl; +http://www.semrush.com/bot.html)"
157.90.177.217 - - [02/Dec/2021:07:31:33 +0100] "GET /meditation-cushion-black-organic-cotton-p-47257.html HTTP/1.0" 200 74906 "-" "Mozilla/5.0 (compatible; BLEXBot/1.0; +http://webmeup-crawler.com/)"
185.191.171.39 - - [02/Dec/2021:07:31:35 +0100] "GET /angel-french-p-40441.html HTTP/1.0" 200 73352 "-" "Mozilla/5.0 (compatible; SemrushBot/7~bl; +http://www.semrush.com/bot.html)"
157.90.177.217 - - [02/Dec/2021:07:31:40 +0100] "GET /meditation-cushion-chakra-indigo-p-45370.html HTTP/1.0" 200 75132 "-" "Mozilla/5.0 (compatible; BLEXBot/1.0; +http://webmeup-crawler.com/)"
17.121.112.97 - - [02/Dec/2021:07:31:46 +0100] "GET /images/mini_prod/3014627939718.jpg HTTP/1.0" 200 269 "-" "Mozilla/5.0 (Macintosh; Intel Mac OS X 10_15_5) AppleWebKit/605.1.15 (KHTML, like Gecko) Version/13.1.1 Safari/605.1.15 (Applebot/0.1; +http://www.apple.com/go/applebot)"
157.90.177.217 - - [02/Dec/2021:07:31:47 +0100] "GET /meditation-cushion-chakra-vishudda-blue-p-45369.html HTTP/1.0" 200 75141 "-" "Mozilla/5.0 (compatible; BLEXBot/1.0; +http://webmeup-crawler.com/)"
157.90.177.217 - - [02/Dec/2021:07:31:53 +0100] "GET /meditation-cushion-organic-cotton-p-51650.html HTTP/1.0" 200 74878 "-" "Mozilla/5.0 (compatible; BLEXBot/1.0; +http://webmeup-crawler.com/)"
157.90.177.217 - - [02/Dec/2021:07:32:00 +0100] "GET /meditation-cushion-organic-cotton-p-52923.html HTTP/1.0" 200 70735 "-" "Mozilla/5.0 (compatible; BLEXBot/1.0; +http://webmeup-crawler.com/)"
157.90.177.217 - - [02/Dec/2021:07:32:09 +0100] "GET /meditation-cushion-organic-cotton-p-52924.html HTTP/1.0" 200 74194 "-" "Mozilla/5.0 (compatible; BLEXBot/1.0; +http://webmeup-crawler.com/)"
157.90.177.217 - - [02/Dec/2021:07:32:18 +0100] "GET /meditation-cushion-organic-cotton-p-53628.html HTTP/1.0" 200 74813 "-" "Mozilla/5.0 (compatible; BLEXBot/1.0; +http://webmeup-crawler.com/)"
157.90.177.217 - - [02/Dec/2021:07:32:24 +0100] "GET /meditation-cushion-yoga-bolster-black-p-45364.html HTTP/1.0" 200 75009 "-" "Mozilla/5.0 (compatible; BLEXBot/1.0; +http://webmeup-crawler.com/)"
157.90.177.217 - - [02/Dec/2021:07:32:34 +0100] "GET /meditation-flower-life-goldenand-black-p-45373.html HTTP/1.0" 200 74859 "-" "Mozilla/5.0 (compatible; BLEXBot/1.0; +http://webmeup-crawler.com/)"
157.90.177.217 - - [02/Dec/2021:07:32:38 +0100] "GET /megaphone-brass-p-47454.html HTTP/1.0" 200 73237 "-" "Mozilla/5.0 (compatible; BLEXBot/1.0; +http://webmeup-crawler.com/)"
54.36.148.208 - - [02/Dec/2021:07:32:44 +0100] "GET /accessories-c-3.html?page=21 HTTP/1.0" 200 90818 "-" "Mozilla/5.0 (compatible; AhrefsBot/7.0; +http://ahrefs.com/robot/)"
157.90.177.217 - - [02/Dec/2021:07:32:48 +0100] "GET /megve-rochebrune-ring-p-50006.html HTTP/1.0" 200 73315 "-" "Mozilla/5.0 (compatible; BLEXBot/1.0; +http://webmeup-crawler.com/)"
157.90.177.217 - - [02/Dec/2021:07:32:53 +0100] "GET /meilleur-adult-apron-p-42605.html HTTP/1.0" 200 73225 "-" "Mozilla/5.0 (compatible; BLEXBot/1.0; +http://webmeup-crawler.com/)"
20.109.133.1 - - [02/Dec/2021:07:33:05 +0100] "GET /images/big_prod/4029811352753.jpg HTTP/1.0" 200 268 "-" "Mozilla/5.0 (X11; Linux x86_64) AppleWebKit/537.36 (KHTML, like Gecko) Chrome/62.0.3202.62 Safari/537.36"
17.121.114.28 - - [02/Dec/2021:07:33:05 +0100] "GET /images/big_prod/3281640395405.jpg HTTP/1.0" 200 268 "-" "Mozilla/5.0 (Macintosh; Intel Mac OS X 10_15_5) AppleWebKit/605.1.15 (KHTML, like Gecko) Version/13.1.1 Safari/605.1.15 (Applebot/0.1; +http://www.apple.com/go/applebot)"
157.90.177.217 - - [02/Dec/2021:07:33:06 +0100] "GET /meilleur-coasters-p-50289.html HTTP/1.0" 200 73230 "-" "Mozilla/5.0 (compatible; BLEXBot/1.0; +http://webmeup-crawler.com/)"
157.90.177.217 - - [02/Dec/2021:07:33:12 +0100] "GET /meilleure-maman-adult-apron-p-54949.html HTTP/1.0" 200 73281 "-" "Mozilla/5.0 (compatible; BLEXBot/1.0; +http://webmeup-crawler.com/)"
157.90.177.217 - - [02/Dec/2021:07:33:18 +0100] "GET /melt-amber-forest-p-43766.html HTTP/1.0" 200 73837 "-" "Mozilla/5.0 (compatible; BLEXBot/1.0; +http://webmeup-crawler.com/)"
157.90.177.217 - - [02/Dec/2021:07:33:24 +0100] "GET /melt-baked-apple-p-37438.html HTTP/1.0" 200 73805 "-" "Mozilla/5.0 (compatible; BLEXBot/1.0; +http://webmeup-crawler.com/)"
157.90.177.217 - - [02/Dec/2021:07:33:28 +0100] "GET /melt-basil-lime-mandarin-p-47625.html HTTP/1.0" 200 73936 "-" "Mozilla/5.0 (compatible; BLEXBot/1.0; +http://webmeup-crawler.com/)"
185.191.171.13 - - [02/Dec/2021:07:33:28 +0100] "GET /shore-heartwood-creek-santa-claus-statue-lighted-star-large-p-53256.html?action=add_product HTTP/1.0" 302 476 "-" "Mozilla/5.0 (compatible; SemrushBot/7~bl; +http://www.semrush.com/bot.html)"
157.90.177.217 - - [02/Dec/2021:07:33:30 +0100] "GET /melt-bergamot-moss-white-musk-p-46870.html HTTP/1.0" 200 73980 "-" "Mozilla/5.0 (compatible; BLEXBot/1.0; +http://webmeup-crawler.com/)"
157.90.177.217 - - [02/Dec/2021:07:33:39 +0100] "GET /melt-calming-aloe-p-43772.html HTTP/1.0" 200 73830 "-" "Mozilla/5.0 (compatible; BLEXBot/1.0; +http://webmeup-crawler.com/)"
157.90.177.217 - - [02/Dec/2021:07:33:43 +0100] "GET /melt-caramel-cupcake-p-37439.html HTTP/1.0" 200 73852 "-" "Mozilla/5.0 (compatible; BLEXBot/1.0; +http://webmeup-crawler.com/)"
157.90.177.217 - - [02/Dec/2021:07:33:46 +0100] "GET /melt-cerulean-p-38944.html HTTP/1.0" 200 73823 "-" "Mozilla/5.0 (compatible; BLEXBot/1.0; +http://webmeup-crawler.com/)"
157.90.177.217 - - [02/Dec/2021:07:33:51 +0100] "GET /melt-christmas-cupcake-p-38111.html HTTP/1.0" 200 73884 "-" "Mozilla/5.0 (compatible; BLEXBot/1.0; +http://webmeup-crawler.com/)"
157.90.177.217 - - [02/Dec/2021:07:33:54 +0100] "GET /melt-christmas-night-p-42620.html HTTP/1.0" 200 73955 "-" "Mozilla/5.0 (compatible; BLEXBot/1.0; +http://webmeup-crawler.com/)"
20.109.132.36 - - [02/Dec/2021:07:33:56 +0100] "GET /images/big_prod/8433933046036.jpg HTTP/1.0" 200 268 "-" "Mozilla/5.0 (Macintosh; U; PPC Mac OS X 10.5; en-US; rv:1.9.2.15) Gecko/20110303 Firefox/3.6.15"
157.90.177.217 - - [02/Dec/2021:07:34:01 +0100] "GET /melt-christmas-spirit-p-38103.html HTTP/1.0" 200 73849 "-" "Mozilla/5.0 (compatible; BLEXBot/1.0; +http://webmeup-crawler.com/)"
157.90.177.217 - - [02/Dec/2021:07:34:05 +0100] "GET /melt-christmas-tree-p-39000.html HTTP/1.0" 200 73836 "-" "Mozilla/5.0 (compatible; BLEXBot/1.0; +http://webmeup-crawler.com/)"
20.109.131.231 - - [02/Dec/2021:07:34:20 +0100] "GET /images/6942138999105.jpg HTTP/1.0" 200 259 "-" "Mozilla/5.0 (Windows NT 6.1; WOW64) AppleWebKit/537.36 (KHTML, like Gecko) Chrome/45.0.2454.101 Safari/537.36"
157.90.177.217 - - [02/Dec/2021:07:34:16 +0100] "GET /melt-cinnamon-spice-p-37440.html HTTP/1.0" 200 73855 "-" "Mozilla/5.0 (compatible; BLEXBot/1.0; +http://webmeup-crawler.com/)"
157.90.177.217 - - [02/Dec/2021:07:34:28 +0100] "GET /melt-citrus-crush-p-37441.html HTTP/1.0" 200 73821 "-" "Mozilla/5.0 (compatible; BLEXBot/1.0; +http://webmeup-crawler.com/)"
157.90.177.217 - - [02/Dec/2021:07:34:35 +0100] "GET /melt-eastern-promise-p-37437.html HTTP/1.0" 200 73849 "-" "Mozilla/5.0 (compatible; BLEXBot/1.0; +http://webmeup-crawler.com/)"
157.90.177.217 - - [02/Dec/2021:07:34:40 +0100] "GET /melt-french-vanilla-p-37442.html HTTP/1.0" 200 73841 "-" "Mozilla/5.0 (compatible; BLEXBot/1.0; +http://webmeup-crawler.com/)"
157.90.177.217 - - [02/Dec/2021:07:34:42 +0100] "GET /melt-fresh-linen-p-39002.html HTTP/1.0" 200 73860 "-" "Mozilla/5.0 (compatible; BLEXBot/1.0; +http://webmeup-crawler.com/)"
157.90.177.217 - - [02/Dec/2021:07:34:47 +0100] "GET /melt-gingerbread-house-p-46029.html HTTP/1.0" 200 73867 "-" "Mozilla/5.0 (compatible; BLEXBot/1.0; +http://webmeup-crawler.com/)"
157.90.177.217 - - [02/Dec/2021:07:34:51 +0100] "GET /melt-grass-p-42638.html HTTP/1.0" 200 73812 "-" "Mozilla/5.0 (compatible; BLEXBot/1.0; +http://webmeup-crawler.com/)"
157.90.177.217 - - [02/Dec/2021:07:34:57 +0100] "GET /melt-home-christmas-p-46036.html HTTP/1.0" 200 73865 "-" "Mozilla/5.0 (compatible; BLEXBot/1.0; +http://webmeup-crawler.com/)"
157.90.177.217 - - [02/Dec/2021:07:35:05 +0100] "GET /melt-jasmine-daydream-p-37443.html HTTP/1.0" 200 73859 "-" "Mozilla/5.0 (compatible; BLEXBot/1.0; +http://webmeup-crawler.com/)"
157.90.177.217 - - [02/Dec/2021:07:35:13 +0100] "GET /melt-lemon-amalfi-p-47628.html HTTP/1.0" 200 73872 "-" "Mozilla/5.0 (compatible; BLEXBot/1.0; +http://webmeup-crawler.com/)"
40.91.75.111 - - [02/Dec/2021:07:35:16 +0100] "GET /images/big_prod/1384010202067.jpg HTTP/1.0" 200 268 "-" "Mozilla/5.0 (Windows NT 10.0; WOW64) AppleWebKit/537.36 (KHTML, like Gecko) Chrome/67.0.3396.99 Safari/537.36"
185.191.171.41 - - [02/Dec/2021:07:35:17 +0100] "GET /klimt-tote-p-51201.html?action=add_product HTTP/1.0" 302 476 "-" "Mozilla/5.0 (compatible; SemrushBot/7~bl; +http://www.semrush.com/bot.html)"
157.90.177.217 - - [02/Dec/2021:07:35:18 +0100] "GET /melt-lime-splash-p-39894.html HTTP/1.0" 200 73811 "-" "Mozilla/5.0 (compatible; BLEXBot/1.0; +http://webmeup-crawler.com/)"
54.36.148.211 - - [02/Dec/2021:07:35:20 +0100] "GET /dishes-c-12.html?page=21 HTTP/1.0" 200 92296 "-" "Mozilla/5.0 (compatible; AhrefsBot/7.0; +http://ahrefs.com/robot/)"
157.90.177.217 - - [02/Dec/2021:07:35:23 +0100] "GET /melt-pearl-bouquet-p-42633.html HTTP/1.0" 200 73829 "-" "Mozilla/5.0 (compatible; BLEXBot/1.0; +http://webmeup-crawler.com/)"
157.90.177.217 - - [02/Dec/2021:07:35:29 +0100] "GET /melt-pink-blossom-p-38943.html HTTP/1.0" 200 73819 "-" "Mozilla/5.0 (compatible; BLEXBot/1.0; +http://webmeup-crawler.com/)"
20.109.134.252 - - [02/Dec/2021:07:35:40 +0100] "GET /images/big_prod_1/8424346355587B.jpg HTTP/1.0" 200 271 "-" "Mozilla/5.0 (Windows NT 6.1; WOW64) AppleWebKit/537.36 (KHTML, like Gecko) Chrome/45.0.2454.101 Safari/537.36"
157.90.177.217 - - [02/Dec/2021:07:35:37 +0100] "GET /melt-pink-grapefruit-cassis-p-42635.html HTTP/1.0" 200 73913 "-" "Mozilla/5.0 (compatible; BLEXBot/1.0; +http://webmeup-crawler.com/)"
157.90.177.217 - - [02/Dec/2021:07:35:45 +0100] "GET /melt-rambling-rose-p-39001.html HTTP/1.0" 200 73831 "-" "Mozilla/5.0 (compatible; BLEXBot/1.0; +http://webmeup-crawler.com/)"
157.90.177.217 - - [02/Dec/2021:07:35:52 +0100] "GET /melt-sandalwood-vanilla-p-39004.html HTTP/1.0" 200 73932 "-" "Mozilla/5.0 (compatible; BLEXBot/1.0; +http://webmeup-crawler.com/)"
40.91.114.143 - - [02/Dec/2021:07:35:55 +0100] "GET /images/big_prod/1399985100874.jpg HTTP/1.0" 200 268 "-" "Mozilla/5.0 (Windows NT 10.0; WOW64) AppleWebKit/537.36 (KHTML, like Gecko) Chrome/67.0.3396.99 Safari/537.36"
157.55.39.125 - - [02/Dec/2021:07:35:52 +0100] "GET /pencil-case-c-31_75.html HTTP/1.0" 200 94597 "-" "Mozilla/5.0 (compatible; bingbot/2.0; +http://www.bing.com/bingbot.htm)"
157.90.177.217 - - [02/Dec/2021:07:35:57 +0100] "GET /melt-simply-mulberry-p-42634.html HTTP/1.0" 200 73857 "-" "Mozilla/5.0 (compatible; BLEXBot/1.0; +http://webmeup-crawler.com/)"
157.90.177.217 - - [02/Dec/2021:07:36:02 +0100] "GET /melt-simply-p-42636.html HTTP/1.0" 200 73819 "-" "Mozilla/5.0 (compatible; BLEXBot/1.0; +http://webmeup-crawler.com/)"
157.90.177.217 - - [02/Dec/2021:07:36:09 +0100] "GET /melt-snow-angel-p-39003.html HTTP/1.0" 200 73846 "-" "Mozilla/5.0 (compatible; BLEXBot/1.0; +http://webmeup-crawler.com/)"
185.191.171.40 - - [02/Dec/2021:07:36:12 +0100] "GET /tea-bag-saucer-p-40673.html HTTP/1.0" 301 73228 "-" "Mozilla/5.0 (compatible; SemrushBot/7~bl; +http://www.semrush.com/bot.html)"
157.90.177.217 - - [02/Dec/2021:07:36:12 +0100] "GET /melt-stopover-mediterranean-p-44134.html HTTP/1.0" 200 74133 "-" "Mozilla/5.0 (compatible; BLEXBot/1.0; +http://webmeup-crawler.com/)"
185.191.171.24 - - [02/Dec/2021:07:36:15 +0100] "GET /saucer-p-40673.html HTTP/1.0" 200 73155 "-" "Mozilla/5.0 (compatible; SemrushBot/7~bl; +http://www.semrush.com/bot.html)"
147.92.153.1 - - [02/Dec/2021:07:36:18 +0100] "GET /mtal-signs-c-13_130.html HTTP/1.0" 200 94530 "-" "Mozilla/5.0 (compatible; Linespider/1.1; +https://lin.ee/4dwXkTH)"
157.90.177.217 - - [02/Dec/2021:07:36:18 +0100] "GET /melt-strawberry-cream-p-39006.html HTTP/1.0" 200 73942 "-" "Mozilla/5.0 (compatible; BLEXBot/1.0; +http://webmeup-crawler.com/)"
157.90.177.217 - - [02/Dec/2021:07:36:25 +0100] "GET /melt-sweet-apple-treat-p-42612.html HTTP/1.0" 200 73903 "-" "Mozilla/5.0 (compatible; BLEXBot/1.0; +http://webmeup-crawler.com/)"
17.121.112.23 - - [02/Dec/2021:07:36:30 +0100] "GET /images/mini_prod/3609810083332.jpg HTTP/1.0" 200 269 "-" "Mozilla/5.0 (Macintosh; Intel Mac OS X 10_15_5) AppleWebKit/605.1.15 (KHTML, like Gecko) Version/13.1.1 Safari/605.1.15 (Applebot/0.1; +http://www.apple.com/go/applebot)"
157.90.177.217 - - [02/Dec/2021:07:36:30 +0100] "GET /melt-sweet-black-cherries-p-37444.html HTTP/1.0" 200 73887 "-" "Mozilla/5.0 (compatible; BLEXBot/1.0; +http://webmeup-crawler.com/)"
157.90.177.217 - - [02/Dec/2021:07:36:33 +0100] "GET /melt-true-enchantment-p-39005.html HTTP/1.0" 200 73893 "-" "Mozilla/5.0 (compatible; BLEXBot/1.0; +http://webmeup-crawler.com/)"
17.121.112.23 - - [02/Dec/2021:07:36:38 +0100] "GET /images/big_prod/1384010207154.jpg HTTP/1.0" 200 268 "-" "Mozilla/5.0 (Macintosh; Intel Mac OS X 10_15_5) AppleWebKit/605.1.15 (KHTML, like Gecko) Version/13.1.1 Safari/605.1.15 (Applebot/0.1; +http://www.apple.com/go/applebot)"
185.191.171.40 - - [02/Dec/2021:07:37:00 +0100] "GET /mickey-ceiling-light-p-33141.html?action=add_product HTTP/1.0" 302 476 "-" "Mozilla/5.0 (compatible; SemrushBot/7~bl; +http://www.semrush.com/bot.html)"
157.90.177.217 - - [02/Dec/2021:07:37:07 +0100] "GET /robots.txt HTTP/1.0" 301 531 "-" "Mozilla/5.0 (compatible; BLEXBot/1.0; +http://webmeup-crawler.com/)"
157.90.177.217 - - [02/Dec/2021:07:37:07 +0100] "GET /robots.txt HTTP/1.0" 200 245 "-" "Mozilla/5.0 (compatible; BLEXBot/1.0; +http://webmeup-crawler.com/)"
185.191.171.20 - - [02/Dec/2021:07:37:08 +0100] "GET /oval-carpet-p-52537.html?action=add_product HTTP/1.0" 302 476 "-" "Mozilla/5.0 (compatible; SemrushBot/7~bl; +http://www.semrush.com/bot.html)"
157.90.177.217 - - [02/Dec/2021:07:37:07 +0100] "GET /melt-twilight-p-37314.html HTTP/1.0" 200 73801 "-" "Mozilla/5.0 (compatible; BLEXBot/1.0; +http://webmeup-crawler.com/)"
157.90.177.217 - - [02/Dec/2021:07:37:11 +0100] "GET /melt-violet-moon-p-42621.html HTTP/1.0" 200 73848 "-" "Mozilla/5.0 (compatible; BLEXBot/1.0; +http://webmeup-crawler.com/)"
185.191.171.13 - - [02/Dec/2021:07:37:15 +0100] "GET /-p-44343.html?action=add_product HTTP/1.0" 302 476 "-" "Mozilla/5.0 (compatible; SemrushBot/7~bl; +http://www.semrush.com/bot.html)"
157.90.177.217 - - [02/Dec/2021:07:37:17 +0100] "GET /melt-warmer-moroccan-lattice-p-48096.html HTTP/1.0" 200 73985 "-" "Mozilla/5.0 (compatible; BLEXBot/1.0; +http://webmeup-crawler.com/)"
157.55.39.108 - - [02/Dec/2021:07:37:21 +0100] "GET /images/10362.jpg HTTP/1.0" 200 251 "-" "Mozilla/5.0 (compatible; bingbot/2.0; +http://www.bing.com/bingbot.htm)"
54.36.148.37 - - [02/Dec/2021:07:37:43 +0100] "GET /specials.php?page=14 HTTP/1.0" 200 125626 "-" "Mozilla/5.0 (compatible; AhrefsBot/7.0; +http://ahrefs.com/robot/)"
185.191.171.14 - - [02/Dec/2021:07:37:51 +0100] "GET /horses-stickers-p-19589.html HTTP/1.0" 200 72965 "-" "Mozilla/5.0 (compatible; SemrushBot/7~bl; +http://www.semrush.com/bot.html)"
157.90.177.217 - - [02/Dec/2021:07:38:05 +0100] "GET /melt-warmer-p-46882.html HTTP/1.0" 200 73860 "-" "Mozilla/5.0 (compatible; BLEXBot/1.0; +http://webmeup-crawler.com/)"
157.55.39.228 - - [02/Dec/2021:07:38:06 +0100] "GET /images/4029811304431.jpg HTTP/1.0" 200 259 "-" "Mozilla/5.0 (compatible; bingbot/2.0; +http://www.bing.com/bingbot.htm)"
157.90.177.217 - - [02/Dec/2021:07:38:10 +0100] "GET /melt-welcome-home-p-37445.html HTTP/1.0" 200 73828 "-" "Mozilla/5.0 (compatible; BLEXBot/1.0; +http://webmeup-crawler.com/)"
157.90.177.217 - - [02/Dec/2021:07:38:15 +0100] "GET /melt-white-eucalyptus-p-46862.html HTTP/1.0" 200 73941 "-" "Mozilla/5.0 (compatible; BLEXBot/1.0; +http://webmeup-crawler.com/)"
49.7.20.113 - - [02/Dec/2021:07:38:15 +0100] "GET / HTTP/1.0" 200 152051 "-" "Sogou web spider/4.0(+http://www.sogou.com/docs/help/webmasters.htm#07)"
157.90.177.217 - - [02/Dec/2021:07:38:22 +0100] "GET /melt-winter-wonderland-p-51054.html HTTP/1.0" 200 74023 "-" "Mozilla/5.0 (compatible; BLEXBot/1.0; +http://webmeup-crawler.com/)"
185.191.171.2 - - [02/Dec/2021:07:38:23 +0100] "GET /gray-metal-table-lamp-p-52982.html HTTP/1.0" 200 70687 "-" "Mozilla/5.0 (compatible; SemrushBot/7~bl; +http://www.semrush.com/bot.html)"
157.90.177.217 - - [02/Dec/2021:07:38:27 +0100] "GET /memo-wall-puzzle-cork-mappemonde-p-55020.html HTTP/1.0" 200 74075 "-" "Mozilla/5.0 (compatible; BLEXBot/1.0; +http://webmeup-crawler.com/)"
20.109.134.229 - - [02/Dec/2021:07:38:30 +0100] "GET /images/big_prod/9316188065436.jpg HTTP/1.0" 200 268 "-" "Mozilla/5.0 (Macintosh; U; PPC Mac OS X 10.5; en-US; rv:1.9.2.15) Gecko/20110303 Firefox/3.6.15"
157.90.177.217 - - [02/Dec/2021:07:38:30 +0100] "GET /menu-soir-adult-apron-p-49747.html HTTP/1.0" 200 73227 "-" "Mozilla/5.0 (compatible; BLEXBot/1.0; +http://webmeup-crawler.com/)"
157.90.177.217 - - [02/Dec/2021:07:38:34 +0100] "GET /mercedes-benz-metal-caddy-p-55661.html HTTP/1.0" 200 74056 "-" "Mozilla/5.0 (compatible; BLEXBot/1.0; +http://webmeup-crawler.com/)"
157.90.177.217 - - [02/Dec/2021:07:38:39 +0100] "GET /mercedes-benz-metal-plate-p-45958.html HTTP/1.0" 200 73339 "-" "Mozilla/5.0 (compatible; BLEXBot/1.0; +http://webmeup-crawler.com/)"
20.109.132.138 - - [02/Dec/2021:07:38:40 +0100] "GET /images/big_prod/3609810072053.jpg HTTP/1.0" 200 268 "-" "Mozilla/5.0 (Windows NT 10.0; ) Gecko/20100101 Firefox/61.0"
185.191.171.38 - - [02/Dec/2021:07:38:42 +0100] "GET /cotton-floor-cushion-light-pink-p-43508.html HTTP/1.0" 200 73945 "-" "Mozilla/5.0 (compatible; SemrushBot/7~bl; +http://www.semrush.com/bot.html)"
157.90.177.217 - - [02/Dec/2021:07:38:44 +0100] "GET /mercedes-benz-metal-plate-p-45959.html HTTP/1.0" 200 73328 "-" "Mozilla/5.0 (compatible; BLEXBot/1.0; +http://webmeup-crawler.com/)"
157.90.177.217 - - [02/Dec/2021:07:38:47 +0100] "GET /mercedes-large-p-55660.html HTTP/1.0" 200 73962 "-" "Mozilla/5.0 (compatible; BLEXBot/1.0; +http://webmeup-crawler.com/)"
157.90.177.217 - - [02/Dec/2021:07:38:51 +0100] "GET /merci-gustave-paris-chic-cosmetic-make-p-38462.html HTTP/1.0" 200 73482 "-" "Mozilla/5.0 (compatible; BLEXBot/1.0; +http://webmeup-crawler.com/)"
157.90.177.217 - - [02/Dec/2021:07:38:57 +0100] "GET /merciful-christ-aromatika-incense-sticks-p-53429.html HTTP/1.0" 200 73418 "-" "Mozilla/5.0 (compatible; BLEXBot/1.0; +http://webmeup-crawler.com/)"
157.90.177.217 - - [02/Dec/2021:07:39:01 +0100] "GET /messenger-black-marshall-p-26347.html HTTP/1.0" 200 73656 "-" "Mozilla/5.0 (compatible; BLEXBot/1.0; +http://webmeup-crawler.com/)"
157.90.177.217 - - [02/Dec/2021:07:39:04 +0100] "GET /messenger-black-yellow-marshall-p-26345.html HTTP/1.0" 200 73694 "-" "Mozilla/5.0 (compatible; BLEXBot/1.0; +http://webmeup-crawler.com/)"
157.55.39.228 - - [02/Dec/2021:07:39:06 +0100] "GET /images/med_prod/1384010178683.jpg HTTP/1.0" 200 268 "-" "Mozilla/5.0 (compatible; bingbot/2.0; +http://www.bing.com/bingbot.htm)"
157.90.177.217 - - [02/Dec/2021:07:39:12 +0100] "GET /metal-bell-hanging-lamp-p-45420.html HTTP/1.0" 200 73362 "-" "Mozilla/5.0 (compatible; BLEXBot/1.0; +http://webmeup-crawler.com/)"
185.191.171.25 - - [02/Dec/2021:07:39:12 +0100] "GET /good-year-large-metal-plate-deco-p-43531.html HTTP/1.0" 200 73349 "-" "Mozilla/5.0 (compatible; SemrushBot/7~bl; +http://www.semrush.com/bot.html)"
49.7.20.138 - - [02/Dec/2021:07:39:15 +0100] "GET /decorations-c-89.html HTTP/1.0" 301 91808 "-" "Sogou web spider/4.0(+http://www.sogou.com/docs/help/webmasters.htm#07)"
185.191.171.23 - - [02/Dec/2021:07:39:16 +0100] "GET /owl-purple-cushion-p-36803.html HTTP/1.0" 301 70680 "-" "Mozilla/5.0 (compatible; SemrushBot/7~bl; +http://www.semrush.com/bot.html)"
185.191.171.37 - - [02/Dec/2021:07:39:20 +0100] "GET /-p-36803.html HTTP/1.0" 200 70613 "-" "Mozilla/5.0 (compatible; SemrushBot/7~bl; +http://www.semrush.com/bot.html)"
185.191.171.36 - - [02/Dec/2021:07:39:36 +0100] "GET /laissez-lucie-faire-olga-glasses-box-p-38965.html HTTP/1.0" 301 70860 "-" "Mozilla/5.0 (compatible; SemrushBot/7~bl; +http://www.semrush.com/bot.html)"
185.191.171.13 - - [02/Dec/2021:07:39:39 +0100] "GET /laissez-lucie-faire-olga-glasses-p-38965.html HTTP/1.0" 200 70761 "-" "Mozilla/5.0 (compatible; SemrushBot/7~bl; +http://www.semrush.com/bot.html)"
157.90.177.217 - - [02/Dec/2021:07:39:47 +0100] "GET /metal-bottle-holder-lovers-p-51688.html HTTP/1.0" 200 73363 "-" "Mozilla/5.0 (compatible; BLEXBot/1.0; +http://webmeup-crawler.com/)"
54.36.149.3 - - [02/Dec/2021:07:39:57 +0100] "GET /small-soft-toys-christmas-balls-p-56332.html HTTP/1.0" 200 74587 "-" "Mozilla/5.0 (compatible; AhrefsBot/7.0; +http://ahrefs.com/robot/)"
185.191.171.9 - - [02/Dec/2021:07:39:59 +0100] "GET /home-and-decoration-c-13.html?page=17 HTTP/1.0" 301 93202 "-" "Mozilla/5.0 (compatible; SemrushBot/7~bl; +http://www.semrush.com/bot.html)"
185.191.171.41 - - [02/Dec/2021:07:40:03 +0100] "GET /home-decoration-c-13.html?page=17 HTTP/1.0" 200 93115 "-" "Mozilla/5.0 (compatible; SemrushBot/7~bl; +http://www.semrush.com/bot.html)"
157.55.39.108 - - [02/Dec/2021:07:40:12 +0100] "GET /images/med_prod/3700653593177.jpg HTTP/1.0" 200 268 "-" "Mozilla/5.0 (compatible; bingbot/2.0; +http://www.bing.com/bingbot.htm)"
157.90.177.217 - - [02/Dec/2021:07:40:20 +0100] "GET /metal-bottle-holder-santa-claus-p-53249.html HTTP/1.0" 200 73391 "-" "Mozilla/5.0 (compatible; BLEXBot/1.0; +http://webmeup-crawler.com/)"
157.55.39.125 - - [02/Dec/2021:07:40:33 +0100] "GET /images/big_prod/045544960090.jpg HTTP/1.0" 200 267 "-" "Mozilla/5.0 (compatible; bingbot/2.0; +http://www.bing.com/bingbot.htm)"
157.90.177.217 - - [02/Dec/2021:07:40:51 +0100] "GET /metal-boxes-storage-c-13_150_218.html?page=1 HTTP/1.0" 200 90323 "-" "Mozilla/5.0 (compatible; BLEXBot/1.0; +http://webmeup-crawler.com/)"
165.154.72.231 - - [02/Dec/2021:07:41:18 +0100] "GET /images/mini_prod/8028501269414.jpg HTTP/1.0" 200 269 "-" "Mozilla/5.0 (X11; Ubuntu; Linux x86_64; rv:72.0) Gecko/20100101 Firefox/72.0"
157.90.177.217 - - [02/Dec/2021:07:41:23 +0100] "GET /metal-capacity-p-52986.html HTTP/1.0" 200 74084 "-" "Mozilla/5.0 (compatible; BLEXBot/1.0; +http://webmeup-crawler.com/)"
157.90.177.217 - - [02/Dec/2021:07:41:35 +0100] "GET /metal-capacity-p-52989.html HTTP/1.0" 200 74084 "-" "Mozilla/5.0 (compatible; BLEXBot/1.0; +http://webmeup-crawler.com/)"
157.90.177.217 - - [02/Dec/2021:07:41:44 +0100] "GET /metal-clock-p-47984.html HTTP/1.0" 200 74102 "-" "Mozilla/5.0 (compatible; BLEXBot/1.0; +http://webmeup-crawler.com/)"
157.90.177.217 - - [02/Dec/2021:07:41:52 +0100] "GET /metal-clock-projector-p-47982.html HTTP/1.0" 200 74263 "-" "Mozilla/5.0 (compatible; BLEXBot/1.0; +http://webmeup-crawler.com/)"
157.90.177.217 - - [02/Dec/2021:07:41:55 +0100] "GET /metal-clock-projector-p-47983.html HTTP/1.0" 200 74002 "-" "Mozilla/5.0 (compatible; BLEXBot/1.0; +http://webmeup-crawler.com/)"
157.90.177.217 - - [02/Dec/2021:07:41:58 +0100] "GET /metal-clock-radio-p-54034.html HTTP/1.0" 200 74333 "-" "Mozilla/5.0 (compatible; BLEXBot/1.0; +http://webmeup-crawler.com/)"
185.191.171.2 - - [02/Dec/2021:07:42:03 +0100] "GET /cats-dubout-placemat-p-32429.html HTTP/1.0" 200 75799 "-" "Mozilla/5.0 (compatible; SemrushBot/7~bl; +http://www.semrush.com/bot.html)"
157.90.177.217 - - [02/Dec/2021:07:42:04 +0100] "GET /metal-clock-radio-p-54035.html HTTP/1.0" 200 73333 "-" "Mozilla/5.0 (compatible; BLEXBot/1.0; +http://webmeup-crawler.com/)"
185.191.171.15 - - [02/Dec/2021:07:42:07 +0100] "GET /suite-prochain-apro-clock-p-45026.html?action=add_product HTTP/1.0" 302 476 "-" "Mozilla/5.0 (compatible; SemrushBot/7~bl; +http://www.semrush.com/bot.html)"
20.109.134.228 - - [02/Dec/2021:07:42:11 +0100] "GET /images/big_prod/1399984239247BEYBLADE.jpg HTTP/1.0" 200 276 "-" "Mozilla/5.0 (Macintosh; U; PPC Mac OS X 10.5; en-US; rv:1.9.2.15) Gecko/20110303 Firefox/3.6.15"
157.90.177.217 - - [02/Dec/2021:07:42:10 +0100] "GET /metal-cylindrical-coffee-p-52611.html HTTP/1.0" 200 73425 "-" "Mozilla/5.0 (compatible; BLEXBot/1.0; +http://webmeup-crawler.com/)"
54.36.149.7 - - [02/Dec/2021:07:42:13 +0100] "GET /virgin-child-prayer-candle-novena-p-47130.html HTTP/1.0" 200 74126 "-" "Mozilla/5.0 (compatible; AhrefsBot/7.0; +http://ahrefs.com/robot/)"
157.90.177.217 - - [02/Dec/2021:07:42:14 +0100] "GET /metal-cylindrical-p-52613.html HTTP/1.0" 200 73392 "-" "Mozilla/5.0 (compatible; BLEXBot/1.0; +http://webmeup-crawler.com/)"
157.90.177.217 - - [02/Dec/2021:07:42:18 +0100] "GET /metal-ding-dong-bell-bike-black-p-40741.html HTTP/1.0" 200 73350 "-" "Mozilla/5.0 (compatible; BLEXBot/1.0; +http://webmeup-crawler.com/)"
185.191.171.25 - - [02/Dec/2021:07:42:20 +0100] "GET /raving-rabbits-tumbler-with-straw-p-31695.html?action=add_product HTTP/1.0" 302 476 "-" "Mozilla/5.0 (compatible; SemrushBot/7~bl; +http://www.semrush.com/bot.html)"
207.46.13.202 - - [02/Dec/2021:07:42:18 +0100] "GET /wall-sticker-c-13_187.html HTTP/1.0" 200 93547 "-" "Mozilla/5.0 (compatible; bingbot/2.0; +http://www.bing.com/bingbot.htm)"
157.90.177.217 - - [02/Dec/2021:07:42:21 +0100] "GET /metal-ding-dong-bell-bike-black-p-40743.html HTTP/1.0" 200 73352 "-" "Mozilla/5.0 (compatible; BLEXBot/1.0; +http://webmeup-crawler.com/)"
157.90.177.217 - - [02/Dec/2021:07:42:25 +0100] "GET /metal-ding-dong-bell-bike-blue-p-40745.html HTTP/1.0" 200 73351 "-" "Mozilla/5.0 (compatible; BLEXBot/1.0; +http://webmeup-crawler.com/)"
157.90.177.217 - - [02/Dec/2021:07:42:29 +0100] "GET /metal-ding-dong-bell-bike-grey-p-40746.html HTTP/1.0" 200 73351 "-" "Mozilla/5.0 (compatible; BLEXBot/1.0; +http://webmeup-crawler.com/)"
185.191.171.37 - - [02/Dec/2021:07:42:41 +0100] "GET /buddhist-little-monk-meditation-p-46808.html?action=add_product HTTP/1.0" 302 476 "-" "Mozilla/5.0 (compatible; SemrushBot/7~bl; +http://www.semrush.com/bot.html)"
157.90.177.217 - - [02/Dec/2021:07:42:33 +0100] "GET /metal-keychain-little-prince-p-47480.html HTTP/1.0" 200 77060 "-" "Mozilla/5.0 (compatible; BLEXBot/1.0; +http://webmeup-crawler.com/)"
185.191.171.1 - - [02/Dec/2021:07:42:43 +0100] "GET /small-tins-gorjuss-ladybird-p-48401.html?action=add_product HTTP/1.0" 302 476 "-" "Mozilla/5.0 (compatible; SemrushBot/7~bl; +http://www.semrush.com/bot.html)"
157.90.177.217 - - [02/Dec/2021:07:42:45 +0100] "GET /metal-keychain-unicorn-p-47481.html HTTP/1.0" 200 73254 "-" "Mozilla/5.0 (compatible; BLEXBot/1.0; +http://webmeup-crawler.com/)"
185.191.171.37 - - [02/Dec/2021:07:42:45 +0100] "GET /white-buddha-statue-polyresin-p-53722.html?action=add_product HTTP/1.0" 302 476 "-" "Mozilla/5.0 (compatible; SemrushBot/7~bl; +http://www.semrush.com/bot.html)"
185.191.171.43 - - [02/Dec/2021:07:42:52 +0100] "GET /love-paris-coasters-p-39750.html?action=add_product HTTP/1.0" 302 476 "-" "Mozilla/5.0 (compatible; SemrushBot/7~bl; +http://www.semrush.com/bot.html)"
157.90.177.217 - - [02/Dec/2021:07:42:52 +0100] "GET /metal-pendulum-wooden-stand-with-sand-p-50619.html HTTP/1.0" 200 74022 "-" "Mozilla/5.0 (compatible; BLEXBot/1.0; +http://webmeup-crawler.com/)"
157.90.177.217 - - [02/Dec/2021:07:42:55 +0100] "GET /metal-plate-black-white-photo-elvis-presley-army-p-49188.html HTTP/1.0" 200 73511 "-" "Mozilla/5.0 (compatible; BLEXBot/1.0; +http://webmeup-crawler.com/)"
157.90.177.217 - - [02/Dec/2021:07:43:00 +0100] "GET /metal-plate-deco-p-54397.html HTTP/1.0" 200 73773 "-" "Mozilla/5.0 (compatible; BLEXBot/1.0; +http://webmeup-crawler.com/)"
157.90.177.217 - - [02/Dec/2021:07:43:04 +0100] "GET /metal-plate-deco-p-54398.html HTTP/1.0" 200 73773 "-" "Mozilla/5.0 (compatible; BLEXBot/1.0; +http://webmeup-crawler.com/)"
157.90.177.217 - - [02/Dec/2021:07:43:09 +0100] "GET /metal-plate-deco-p-56118.html HTTP/1.0" 200 73773 "-" "Mozilla/5.0 (compatible; BLEXBot/1.0; +http://webmeup-crawler.com/)"
157.90.177.217 - - [02/Dec/2021:07:43:14 +0100] "GET /metal-plate-p-34881.html HTTP/1.0" 200 73270 "-" "Mozilla/5.0 (compatible; BLEXBot/1.0; +http://webmeup-crawler.com/)"
157.90.177.217 - - [02/Dec/2021:07:43:16 +0100] "GET /metal-plate-p-37169.html HTTP/1.0" 200 73265 "-" "Mozilla/5.0 (compatible; BLEXBot/1.0; +http://webmeup-crawler.com/)"
157.90.177.217 - - [02/Dec/2021:07:43:22 +0100] "GET /metal-plate-p-41515.html HTTP/1.0" 200 73238 "-" "Mozilla/5.0 (compatible; BLEXBot/1.0; +http://webmeup-crawler.com/)"
157.90.177.217 - - [02/Dec/2021:07:43:27 +0100] "GET /metal-plate-pictures-king-elvis-presley-p-49189.html HTTP/1.0" 200 73397 "-" "Mozilla/5.0 (compatible; BLEXBot/1.0; +http://webmeup-crawler.com/)"
157.90.177.217 - - [02/Dec/2021:07:43:31 +0100] "GET /metal-push-ashtray-ceramic-tiles-p-47355.html HTTP/1.0" 200 73278 "-" "Mozilla/5.0 (compatible; BLEXBot/1.0; +http://webmeup-crawler.com/)"
157.90.177.217 - - [02/Dec/2021:07:43:37 +0100] "GET /metal-push-ashtray-ceramic-tiles-p-47356.html HTTP/1.0" 200 73292 "-" "Mozilla/5.0 (compatible; BLEXBot/1.0; +http://webmeup-crawler.com/)"
157.90.177.217 - - [02/Dec/2021:07:43:41 +0100] "GET /metal-push-ashtray-ceramic-tiles-p-47357.html HTTP/1.0" 200 73278 "-" "Mozilla/5.0 (compatible; BLEXBot/1.0; +http://webmeup-crawler.com/)"
157.90.177.217 - - [02/Dec/2021:07:43:47 +0100] "GET /metal-push-ashtray-p-53572.html HTTP/1.0" 200 73184 "-" "Mozilla/5.0 (compatible; BLEXBot/1.0; +http://webmeup-crawler.com/)"
157.90.177.217 - - [02/Dec/2021:07:43:50 +0100] "GET /metal-push-ashtray-p-53573.html HTTP/1.0" 200 73184 "-" "Mozilla/5.0 (compatible; BLEXBot/1.0; +http://webmeup-crawler.com/)"
157.90.177.217 - - [02/Dec/2021:07:43:56 +0100] "GET /metal-push-ashtray-p-53574.html HTTP/1.0" 200 73773 "-" "Mozilla/5.0 (compatible; BLEXBot/1.0; +http://webmeup-crawler.com/)"
54.36.149.84 - - [02/Dec/2021:07:44:02 +0100] "GET /images/8033667001822.jpg HTTP/1.0" 200 259 "-" "Mozilla/5.0 (compatible; AhrefsBot/7.0; +http://ahrefs.com/robot/)"
157.90.177.217 - - [02/Dec/2021:07:44:04 +0100] "GET /metal-retro-calendar-decorated-with-bird-p-40400.html HTTP/1.0" 200 73434 "-" "Mozilla/5.0 (compatible; BLEXBot/1.0; +http://webmeup-crawler.com/)"
157.55.39.228 - - [02/Dec/2021:07:44:06 +0100] "GET /images/8033667513738.jpg HTTP/1.0" 200 259 "-" "Mozilla/5.0 (compatible; bingbot/2.0; +http://www.bing.com/bingbot.htm)"
20.109.134.228 - - [02/Dec/2021:07:44:11 +0100] "GET /images/big_prod/8422099381075.jpg HTTP/1.0" 200 268 "-" "Mozilla/5.0 (Windows NT 10.0; WOW64) AppleWebKit/537.36 (KHTML, like Gecko) Chrome/64.0.3282.186 Safari/537.36"
5.9.156.121 - - [02/Dec/2021:07:44:14 +0100] "GET /robots.txt HTTP/1.0" 200 245 "-" "Mozilla/5.0 (compatible; MJ12bot/v1.4.8; http://mj12bot.com/)"
157.90.177.217 - - [02/Dec/2021:07:44:16 +0100] "GET /metal-shaped-radio-brown-clock-p-44501.html HTTP/1.0" 200 73477 "-" "Mozilla/5.0 (compatible; BLEXBot/1.0; +http://webmeup-crawler.com/)"
157.90.177.217 - - [02/Dec/2021:07:44:19 +0100] "GET /metal-shaped-radio-clock-p-44502.html HTTP/1.0" 200 73453 "-" "Mozilla/5.0 (compatible; BLEXBot/1.0; +http://webmeup-crawler.com/)"
5.9.156.121 - - [02/Dec/2021:07:44:19 +0100] "GET /bathroom-accessories-c-13_172.html?page=5 HTTP/1.0" 200 83252 "-" "Mozilla/5.0 (compatible; MJ12bot/v1.4.8; http://mj12bot.com/)"
165.154.72.231 - - [02/Dec/2021:07:44:22 +0100] "GET /images/mini_prod/8422666661500.jpg HTTP/1.0" 200 269 "-" "Mozilla/5.0 (X11; Ubuntu; Linux x86_64; rv:72.0) Gecko/20100101 Firefox/72.0"
157.90.177.217 - - [02/Dec/2021:07:44:22 +0100] "GET /metal-spencer-container-holder-p-45745.html HTTP/1.0" 200 73285 "-" "Mozilla/5.0 (compatible; BLEXBot/1.0; +http://webmeup-crawler.com/)"
185.191.171.43 - - [02/Dec/2021:07:44:25 +0100] "GET /bag-hung-and-bag-mirrors-c-31_258.html HTTP/1.0" 301 90768 "-" "Mozilla/5.0 (compatible; SemrushBot/7~bl; +http://www.semrush.com/bot.html)"
157.90.177.217 - - [02/Dec/2021:07:44:26 +0100] "GET /metal-structure-hang-fairy-p-44241.html HTTP/1.0" 200 73441 "-" "Mozilla/5.0 (compatible; BLEXBot/1.0; +http://webmeup-crawler.com/)"
5.9.156.121 - - [02/Dec/2021:07:44:27 +0100] "GET /bathroom-accessories-c-13_172.html?page=6 HTTP/1.0" 200 83252 "-" "Mozilla/5.0 (compatible; MJ12bot/v1.4.8; http://mj12bot.com/)"
185.191.171.43 - - [02/Dec/2021:07:44:30 +0100] "GET /hung-mirrors-c-258.html HTTP/1.0" 301 90613 "-" "Mozilla/5.0 (compatible; SemrushBot/7~bl; +http://www.semrush.com/bot.html)"
157.90.177.217 - - [02/Dec/2021:07:44:32 +0100] "GET /metal-structure-hang-fairy-p-46790.html HTTP/1.0" 200 73406 "-" "Mozilla/5.0 (compatible; BLEXBot/1.0; +http://webmeup-crawler.com/)"
54.36.148.193 - - [02/Dec/2021:07:44:33 +0100] "GET /notebook-notebook-diary-c-129_185.html HTTP/1.0" 200 92071 "-" "Mozilla/5.0 (compatible; AhrefsBot/7.0; +http://ahrefs.com/robot/)"
157.55.39.228 - - [02/Dec/2021:07:44:36 +0100] "GET /images/big_prod/8435306294815.jpg HTTP/1.0" 200 268 "-" "Mozilla/5.0 (compatible; bingbot/2.0; +http://www.bing.com/bingbot.htm)"
185.191.171.22 - - [02/Dec/2021:07:44:34 +0100] "GET /hung-mirrors-c-31_258.html HTTP/1.0" 200 90691 "-" "Mozilla/5.0 (compatible; SemrushBot/7~bl; +http://www.semrush.com/bot.html)"
5.9.156.121 - - [02/Dec/2021:07:44:37 +0100] "GET /batman-black-shirt-p-29544.html HTTP/1.0" 200 74353 "-" "Mozilla/5.0 (compatible; MJ12bot/v1.4.8; http://mj12bot.com/)"
157.90.177.217 - - [02/Dec/2021:07:44:39 +0100] "GET /metal-transistor-clock-p-52712.html HTTP/1.0" 200 73348 "-" "Mozilla/5.0 (compatible; BLEXBot/1.0; +http://webmeup-crawler.com/)"
5.9.156.121 - - [02/Dec/2021:07:44:42 +0100] "GET /blue-sloth-moneybox-p-52237.html HTTP/1.0" 200 70679 "-" "Mozilla/5.0 (compatible; MJ12bot/v1.4.8; http://mj12bot.com/)"
157.90.177.217 - - [02/Dec/2021:07:44:45 +0100] "GET /metal-wall-hook-wines-p-46796.html HTTP/1.0" 200 74105 "-" "Mozilla/5.0 (compatible; BLEXBot/1.0; +http://webmeup-crawler.com/)"
185.191.171.43 - - [02/Dec/2021:07:44:47 +0100] "GET /pyramid-glass-brass-hang-p-46785.html HTTP/1.0" 200 73624 "-" "Mozilla/5.0 (compatible; SemrushBot/7~bl; +http://www.semrush.com/bot.html)"
5.9.156.121 - - [02/Dec/2021:07:44:47 +0100] "GET /bookend-c-13_202.html?page=2 HTTP/1.0" 200 82988 "-" "Mozilla/5.0 (compatible; MJ12bot/v1.4.8; http://mj12bot.com/)"
185.191.171.34 - - [02/Dec/2021:07:44:52 +0100] "GET /incense-goloka-champa-agarbatti-grams-p-42766.html?action=add_product HTTP/1.0" 302 476 "-" "Mozilla/5.0 (compatible; SemrushBot/7~bl; +http://www.semrush.com/bot.html)"
157.90.177.217 - - [02/Dec/2021:07:44:52 +0100] "GET /mexican-food-p-19041.html HTTP/1.0" 200 73170 "-" "Mozilla/5.0 (compatible; BLEXBot/1.0; +http://webmeup-crawler.com/)"
157.90.177.217 - - [02/Dec/2021:07:44:57 +0100] "GET /mexique-clock-cbkreation-p-28476.html HTTP/1.0" 200 73235 "-" "Mozilla/5.0 (compatible; BLEXBot/1.0; +http://webmeup-crawler.com/)"
5.9.156.121 - - [02/Dec/2021:07:44:57 +0100] "GET /candy-cloud-hair-brush-bubblegum-p-49779.html HTTP/1.0" 200 73330 "-" "Mozilla/5.0 (compatible; MJ12bot/v1.4.8; http://mj12bot.com/)"
157.90.177.217 - - [02/Dec/2021:07:45:01 +0100] "GET /mhari-collection-metal-plate-deco-p-37160.html HTTP/1.0" 200 73373 "-" "Mozilla/5.0 (compatible; BLEXBot/1.0; +http://webmeup-crawler.com/)"
5.9.156.121 - - [02/Dec/2021:07:45:01 +0100] "GET /chinese-ceramic-perfume-diffuser-beige-p-47197.html HTTP/1.0" 200 74100 "-" "Mozilla/5.0 (compatible; MJ12bot/v1.4.8; http://mj12bot.com/)"
51.68.224.127 - - [02/Dec/2021:07:45:02 +0100] "GET /adminweb/export_orders_xml.php?token=256de2z6edz6ed2z6DFSFsed2zed6zeDSFDSGdzedezfzf&maxorders=10&orderstart=1&status=14&start_date=2018-10-01 HTTP/1.0" 200 285 "-" "GesCom CharlotteBoutik Serveur"
51.68.224.127 - - [02/Dec/2021:07:45:02 +0100] "GET /adminweb/export_orders_xml.php?token=256de2z6edz6ed2z6DFSFsed2zed6zeDSFDSGdzedezfzf&maxorders=10&orderstart=1&status=6&start_date=2018-10-01 HTTP/1.0" 200 32471 "-" "GesCom CharlotteBoutik Serveur"
157.90.177.217 - - [02/Dec/2021:07:45:05 +0100] "GET /miaou-large-bowl-p-50610.html HTTP/1.0" 200 73176 "-" "Mozilla/5.0 (compatible; BLEXBot/1.0; +http://webmeup-crawler.com/)"
5.9.156.121 - - [02/Dec/2021:07:45:06 +0100] "GET /coasters-c-12_157.html?page=3 HTTP/1.0" 200 93363 "-" "Mozilla/5.0 (compatible; MJ12bot/v1.4.8; http://mj12bot.com/)"
157.90.177.217 - - [02/Dec/2021:07:45:09 +0100] "GET /michelle-allen-keyring-p-36949.html HTTP/1.0" 200 74525 "-" "Mozilla/5.0 (compatible; BLEXBot/1.0; +http://webmeup-crawler.com/)"
5.9.156.121 - - [02/Dec/2021:07:45:12 +0100] "GET /coasters-c-12_157.html?page=4 HTTP/1.0" 200 93331 "-" "Mozilla/5.0 (compatible; MJ12bot/v1.4.8; http://mj12bot.com/)"
157.90.177.217 - - [02/Dec/2021:07:45:15 +0100] "GET /michelle-allen-keyring-p-36950.html HTTP/1.0" 200 74525 "-" "Mozilla/5.0 (compatible; BLEXBot/1.0; +http://webmeup-crawler.com/)"
157.90.177.217 - - [02/Dec/2021:07:45:18 +0100] "GET /michelle-arlen-glass-clock-p-24295.html HTTP/1.0" 200 73646 "-" "Mozilla/5.0 (compatible; BLEXBot/1.0; +http://webmeup-crawler.com/)"
5.9.156.121 - - [02/Dec/2021:07:45:20 +0100] "GET /coca-cola-bottle-shaped-table-lamp-p-55537.html HTTP/1.0" 200 74204 "-" "Mozilla/5.0 (compatible; MJ12bot/v1.4.8; http://mj12bot.com/)"
157.90.177.217 - - [02/Dec/2021:07:45:22 +0100] "GET /mickael-phone-cover-iphone-p-15950.html HTTP/1.0" 200 73998 "-" "Mozilla/5.0 (compatible; BLEXBot/1.0; +http://webmeup-crawler.com/)"
157.90.177.217 - - [02/Dec/2021:07:45:27 +0100] "GET /mickey-mouse-figurine-ornement-collection-disney-traditions-p-12114.html HTTP/1.0" 200 73676 "-" "Mozilla/5.0 (compatible; BLEXBot/1.0; +http://webmeup-crawler.com/)"
5.9.156.121 - - [02/Dec/2021:07:45:27 +0100] "GET /corsica-post-card-10x15-p-43556.html HTTP/1.0" 200 73215 "-" "Mozilla/5.0 (compatible; MJ12bot/v1.4.8; http://mj12bot.com/)"
157.90.177.217 - - [02/Dec/2021:07:45:32 +0100] "GET /mickey-mouse-large-backpack-p-25090.html HTTP/1.0" 200 73642 "-" "Mozilla/5.0 (compatible; BLEXBot/1.0; +http://webmeup-crawler.com/)"
5.9.156.121 - - [02/Dec/2021:07:45:34 +0100] "GET /high-school-musical-photo-frame-p-4289.html HTTP/1.0" 200 73308 "-" "Mozilla/5.0 (compatible; MJ12bot/v1.4.8; http://mj12bot.com/)"
157.90.177.217 - - [02/Dec/2021:07:45:37 +0100] "GET /milan-phone-cover-iphone-p-13214.html HTTP/1.0" 200 73545 "-" "Mozilla/5.0 (compatible; BLEXBot/1.0; +http://webmeup-crawler.com/)"
5.9.156.121 - - [02/Dec/2021:07:45:39 +0100] "GET /kiub-collection-cats-cool-p-54783.html HTTP/1.0" 200 74099 "-" "Mozilla/5.0 (compatible; MJ12bot/v1.4.8; http://mj12bot.com/)"
157.90.177.217 - - [02/Dec/2021:07:45:41 +0100] "GET /mini-dlices-coffee-mugs-p-24643.html HTTP/1.0" 200 73427 "-" "Mozilla/5.0 (compatible; BLEXBot/1.0; +http://webmeup-crawler.com/)"
5.9.156.121 - - [02/Dec/2021:07:45:43 +0100] "GET /mickey-birthday-card-with-envelope-p-25252.html HTTP/1.0" 200 73311 "-" "Mozilla/5.0 (compatible; MJ12bot/v1.4.8; http://mj12bot.com/)"
5.9.156.121 - - [02/Dec/2021:07:45:48 +0100] "GET /mickey-birthday-card-with-envelope-p-25258.html HTTP/1.0" 200 73312 "-" "Mozilla/5.0 (compatible; MJ12bot/v1.4.8; http://mj12bot.com/)"
157.90.177.217 - - [02/Dec/2021:07:45:49 +0100] "GET /mini-luxy-ceramic-planter-green-p-55327.html HTTP/1.0" 200 74032 "-" "Mozilla/5.0 (compatible; BLEXBot/1.0; +http://webmeup-crawler.com/)"
185.191.171.24 - - [02/Dec/2021:07:45:54 +0100] "GET /kids-school-p-52080.html HTTP/1.0" 200 74095 "-" "Mozilla/5.0 (compatible; SemrushBot/7~bl; +http://www.semrush.com/bot.html)"
157.90.177.217 - - [02/Dec/2021:07:45:55 +0100] "GET /mini-luxy-ceramic-planter-p-55330.html HTTP/1.0" 200 73405 "-" "Mozilla/5.0 (compatible; BLEXBot/1.0; +http://webmeup-crawler.com/)"
5.9.156.121 - - [02/Dec/2021:07:45:55 +0100] "GET /mirror-c-13_133.html?page=4 HTTP/1.0" 200 92467 "-" "Mozilla/5.0 (compatible; MJ12bot/v1.4.8; http://mj12bot.com/)"
157.90.177.217 - - [02/Dec/2021:07:46:00 +0100] "GET /mini-magnetic-plate-rtro-wine-lovers-gracefully-p-34407.html HTTP/1.0" 200 73530 "-" "Mozilla/5.0 (compatible; BLEXBot/1.0; +http://webmeup-crawler.com/)"
185.191.171.40 - - [02/Dec/2021:07:46:02 +0100] "GET /stade-toulousain-apron-p-27274.html HTTP/1.0" 200 70714 "-" "Mozilla/5.0 (compatible; SemrushBot/7~bl; +http://www.semrush.com/bot.html)"
5.9.156.121 - - [02/Dec/2021:07:46:03 +0100] "GET /parma-perfume-diffuser-p-35891.html HTTP/1.0" 200 73368 "-" "Mozilla/5.0 (compatible; MJ12bot/v1.4.8; http://mj12bot.com/)"
157.90.177.217 - - [02/Dec/2021:07:46:05 +0100] "GET /mini-melamine-tray-kook-kiub-p-55870.html HTTP/1.0" 200 73399 "-" "Mozilla/5.0 (compatible; BLEXBot/1.0; +http://webmeup-crawler.com/)"
5.9.156.121 - - [02/Dec/2021:07:46:08 +0100] "GET /placemat-brasserie-familiale-p-53595.html HTTP/1.0" 200 73891 "-" "Mozilla/5.0 (compatible; MJ12bot/v1.4.8; http://mj12bot.com/)"
157.90.177.217 - - [02/Dec/2021:07:46:11 +0100] "GET /mini-melamine-tray-kook-kiub-p-55873.html HTTP/1.0" 200 73399 "-" "Mozilla/5.0 (compatible; BLEXBot/1.0; +http://webmeup-crawler.com/)"
5.9.156.121 - - [02/Dec/2021:07:46:15 +0100] "GET /pretty-unicorn-water-bottle-p-56127.html HTTP/1.0" 200 74041 "-" "Mozilla/5.0 (compatible; MJ12bot/v1.4.8; http://mj12bot.com/)"
157.90.177.217 - - [02/Dec/2021:07:46:16 +0100] "GET /mini-melamine-tray-kook-kiub-p-55874.html HTTP/1.0" 200 73399 "-" "Mozilla/5.0 (compatible; BLEXBot/1.0; +http://webmeup-crawler.com/)"
216.244.66.242 - - [02/Dec/2021:07:46:20 +0100] "GET /robots.txt HTTP/1.0" 200 245 "-" "Mozilla/5.0 (compatible; DotBot/1.2; +https://opensiteexplorer.org/dotbot; help@moz.com)"
216.244.66.242 - - [02/Dec/2021:07:46:20 +0100] "GET /robots.txt HTTP/1.0" 301 531 "-" "Mozilla/5.0 (compatible; DotBot/1.2; +https://opensiteexplorer.org/dotbot; help@moz.com)"
216.244.66.242 - - [02/Dec/2021:07:46:21 +0100] "GET /robots.txt HTTP/1.0" 200 245 "-" "Mozilla/5.0 (compatible; DotBot/1.2; +https://opensiteexplorer.org/dotbot; help@moz.com)"
5.9.156.121 - - [02/Dec/2021:07:46:21 +0100] "GET /resin-deer-bookend-p-56183.html HTTP/1.0" 200 73929 "-" "Mozilla/5.0 (compatible; MJ12bot/v1.4.8; http://mj12bot.com/)"
157.90.177.217 - - [02/Dec/2021:07:46:22 +0100] "GET /mini-melamine-tray-p-53813.html HTTP/1.0" 200 73307 "-" "Mozilla/5.0 (compatible; BLEXBot/1.0; +http://webmeup-crawler.com/)"
157.55.39.108 - - [02/Dec/2021:07:46:24 +0100] "GET /images/070309_152834_PEEL_h3CWsx.jpg HTTP/1.0" 200 271 "-" "Mozilla/5.0 (compatible; bingbot/2.0; +http://www.bing.com/bingbot.htm)"
5.9.156.121 - - [02/Dec/2021:07:46:26 +0100] "GET /white-piggy-bank-p-55553.html HTTP/1.0" 200 74012 "-" "Mozilla/5.0 (compatible; MJ12bot/v1.4.8; http://mj12bot.com/)"
185.191.171.42 - - [02/Dec/2021:07:46:27 +0100] "GET /teo-jasmin-brown-melamine-tray-p-37947.html HTTP/1.0" 301 73470 "-" "Mozilla/5.0 (compatible; SemrushBot/7~bl; +http://www.semrush.com/bot.html)"
