185.191.171.42 - - [02/Dec/2021:11:56:06 +0100] "GET /french-flag-p-41709.html HTTP/1.0" 200 73293 "-" "Mozilla/5.0 (compatible; SemrushBot/7~bl; +http://www.semrush.com/bot.html)"
157.90.177.217 - - [02/Dec/2021:11:56:08 +0100] "GET /wooden-holder-jewelry-p-55559.html HTTP/1.0" 200 74914 "-" "Mozilla/5.0 (compatible; BLEXBot/1.0; +http://webmeup-crawler.com/)"
157.90.177.217 - - [02/Dec/2021:11:56:12 +0100] "GET /wooden-hook-mirror-hooks-p-52864.html HTTP/1.0" 200 73372 "-" "Mozilla/5.0 (compatible; BLEXBot/1.0; +http://webmeup-crawler.com/)"
157.90.177.217 - - [02/Dec/2021:11:56:17 +0100] "GET /wooden-incense-holder-p-42764.html HTTP/1.0" 200 73427 "-" "Mozilla/5.0 (compatible; BLEXBot/1.0; +http://webmeup-crawler.com/)"
157.90.177.217 - - [02/Dec/2021:11:56:21 +0100] "GET /wooden-incense-stick-holder-with-incense-cones-p-38740.html HTTP/1.0" 200 74327 "-" "Mozilla/5.0 (compatible; BLEXBot/1.0; +http://webmeup-crawler.com/)"
157.90.177.217 - - [02/Dec/2021:11:56:25 +0100] "GET /wooden-kitchen-with-clock-p-32058.html HTTP/1.0" 200 73336 "-" "Mozilla/5.0 (compatible; BLEXBot/1.0; +http://webmeup-crawler.com/)"
157.90.177.217 - - [02/Dec/2021:11:56:30 +0100] "GET /wooden-magazine-rack-compartments-p-35665.html HTTP/1.0" 200 73404 "-" "Mozilla/5.0 (compatible; BLEXBot/1.0; +http://webmeup-crawler.com/)"
54.36.148.224 - - [02/Dec/2021:11:56:36 +0100] "GET /mini-metal-tray-banania-herv-morvan-p-35251.html HTTP/1.0" 200 73473 "-" "Mozilla/5.0 (compatible; AhrefsBot/7.0; +http://ahrefs.com/robot/)"
157.90.177.217 - - [02/Dec/2021:11:56:37 +0100] "GET /wooden-p-35422.html HTTP/1.0" 200 73290 "-" "Mozilla/5.0 (compatible; BLEXBot/1.0; +http://webmeup-crawler.com/)"
157.90.177.217 - - [02/Dec/2021:11:56:43 +0100] "GET /wooden-storage-boxes-p-56509.html HTTP/1.0" 200 74242 "-" "Mozilla/5.0 (compatible; BLEXBot/1.0; +http://webmeup-crawler.com/)"
114.119.128.253 - - [02/Dec/2021:11:56:46 +0100] "GET /captain-amrica-shirt-p-29615.html HTTP/1.0" 200 74642 "-" "Mozilla/5.0 (Linux; Android 7.0;) AppleWebKit/537.36 (KHTML, like Gecko) Mobile Safari/537.36 (compatible; PetalBot;+https://webmaster.petalsearch.com/site/petalbot)"
185.191.171.18 - - [02/Dec/2021:11:56:47 +0100] "GET /collectible-figurines-decorative-c-13_135.html?page=57 HTTP/1.0" 200 96918 "-" "Mozilla/5.0 (compatible; SemrushBot/7~bl; +http://www.semrush.com/bot.html)"
157.90.177.217 - - [02/Dec/2021:11:56:48 +0100] "GET /wooden-storage-boxes-p-56511.html HTTP/1.0" 200 74450 "-" "Mozilla/5.0 (compatible; BLEXBot/1.0; +http://webmeup-crawler.com/)"
157.90.177.217 - - [02/Dec/2021:11:56:51 +0100] "GET /wooden-wall-decoration-hang-p-42746.html HTTP/1.0" 200 73514 "-" "Mozilla/5.0 (compatible; BLEXBot/1.0; +http://webmeup-crawler.com/)"
157.90.177.217 - - [02/Dec/2021:11:56:56 +0100] "GET /wooden-wall-decoration-hang-p-42748.html HTTP/1.0" 200 73514 "-" "Mozilla/5.0 (compatible; BLEXBot/1.0; +http://webmeup-crawler.com/)"
157.90.177.217 - - [02/Dec/2021:11:57:00 +0100] "GET /wooden-windchime-chimes-p-43534.html HTTP/1.0" 200 73963 "-" "Mozilla/5.0 (compatible; BLEXBot/1.0; +http://webmeup-crawler.com/)"
157.90.177.217 - - [02/Dec/2021:11:57:04 +0100] "GET /wooden-windchime-chimes-p-43535.html HTTP/1.0" 200 73955 "-" "Mozilla/5.0 (compatible; BLEXBot/1.0; +http://webmeup-crawler.com/)"
157.90.177.217 - - [02/Dec/2021:11:57:08 +0100] "GET /wooden-windchime-chimes-p-43537.html HTTP/1.0" 200 73348 "-" "Mozilla/5.0 (compatible; BLEXBot/1.0; +http://webmeup-crawler.com/)"
54.36.148.77 - - [02/Dec/2021:11:57:12 +0100] "GET /images/big_prod/8712159144611.jpg HTTP/1.0" 200 268 "-" "Mozilla/5.0 (compatible; AhrefsBot/7.0; +http://ahrefs.com/robot/)"
157.90.177.217 - - [02/Dec/2021:11:57:12 +0100] "GET /woodlove-charming-dekor-bedclothes-p-36434.html HTTP/1.0" 200 74148 "-" "Mozilla/5.0 (compatible; BLEXBot/1.0; +http://webmeup-crawler.com/)"
157.90.177.217 - - [02/Dec/2021:11:57:17 +0100] "GET /woodlove-charming-dekor-bedclothes-p-36795.html HTTP/1.0" 200 74148 "-" "Mozilla/5.0 (compatible; BLEXBot/1.0; +http://webmeup-crawler.com/)"
157.90.177.217 - - [02/Dec/2021:11:57:19 +0100] "GET /woodlove-charming-dekor-bedclothes-p-42851.html HTTP/1.0" 200 74148 "-" "Mozilla/5.0 (compatible; BLEXBot/1.0; +http://webmeup-crawler.com/)"
157.90.177.217 - - [02/Dec/2021:11:57:22 +0100] "GET /woodlove-charming-dekor-bedclothes-p-42852.html HTTP/1.0" 200 74148 "-" "Mozilla/5.0 (compatible; BLEXBot/1.0; +http://webmeup-crawler.com/)"
157.90.177.217 - - [02/Dec/2021:11:57:25 +0100] "GET /woody-bedclothes-p-55196.html HTTP/1.0" 200 73895 "-" "Mozilla/5.0 (compatible; BLEXBot/1.0; +http://webmeup-crawler.com/)"
157.90.177.217 - - [02/Dec/2021:11:57:31 +0100] "GET /world-cork-wall-puzzle-p-55019.html HTTP/1.0" 200 74110 "-" "Mozilla/5.0 (compatible; BLEXBot/1.0; +http://webmeup-crawler.com/)"
157.90.177.217 - - [02/Dec/2021:11:57:34 +0100] "GET /world-large-clock-brown-beige-p-52869.html HTTP/1.0" 200 73359 "-" "Mozilla/5.0 (compatible; BLEXBot/1.0; +http://webmeup-crawler.com/)"
185.191.171.12 - - [02/Dec/2021:11:57:39 +0100] "GET /toiletbrush-bamboo-p-53708.html?action=add_product HTTP/1.0" 302 476 "-" "Mozilla/5.0 (compatible; SemrushBot/7~bl; +http://www.semrush.com/bot.html)"
157.90.177.217 - - [02/Dec/2021:11:57:39 +0100] "GET /world-large-clock-p-52866.html HTTP/1.0" 200 73245 "-" "Mozilla/5.0 (compatible; BLEXBot/1.0; +http://webmeup-crawler.com/)"
157.90.177.217 - - [02/Dec/2021:11:57:42 +0100] "GET /world-large-clock-p-55766.html HTTP/1.0" 200 73818 "-" "Mozilla/5.0 (compatible; BLEXBot/1.0; +http://webmeup-crawler.com/)"
157.90.177.217 - - [02/Dec/2021:11:57:47 +0100] "GET /world-metal-clock-p-47947.html HTTP/1.0" 200 73286 "-" "Mozilla/5.0 (compatible; BLEXBot/1.0; +http://webmeup-crawler.com/)"
20.112.46.197 - - [02/Dec/2021:11:57:52 +0100] "GET /images/med_prod/3520071345574.jpg HTTP/1.0" 200 268 "-" "Mozilla/5.0 (Windows NT 10.0; WOW64) AppleWebKit/537.36 (KHTML, like Gecko) Chrome/67.0.3396.99 Safari/537.36"
157.90.177.217 - - [02/Dec/2021:11:57:50 +0100] "GET /wunzees-doll-series-bella-rabbit-p-45122.html HTTP/1.0" 200 74119 "-" "Mozilla/5.0 (compatible; BLEXBot/1.0; +http://webmeup-crawler.com/)"
185.191.171.37 - - [02/Dec/2021:11:57:53 +0100] "GET /statue-gold-bear-franois-pompon-p-55506.html?action=add_product HTTP/1.0" 302 476 "-" "Mozilla/5.0 (compatible; SemrushBot/7~bl; +http://www.semrush.com/bot.html)"
157.90.177.217 - - [02/Dec/2021:11:57:56 +0100] "GET /wunzees-doll-series-blossom-p-45114.html HTTP/1.0" 200 74094 "-" "Mozilla/5.0 (compatible; BLEXBot/1.0; +http://webmeup-crawler.com/)"
185.191.171.23 - - [02/Dec/2021:11:57:58 +0100] "GET /avengers-wastebasket-p-31190.html HTTP/1.0" 200 73261 "-" "Mozilla/5.0 (compatible; SemrushBot/7~bl; +http://www.semrush.com/bot.html)"
157.90.177.217 - - [02/Dec/2021:11:58:01 +0100] "GET /wunzees-doll-series-candy-p-45111.html HTTP/1.0" 200 74080 "-" "Mozilla/5.0 (compatible; BLEXBot/1.0; +http://webmeup-crawler.com/)"
157.90.177.217 - - [02/Dec/2021:11:58:05 +0100] "GET /wunzees-doll-series-flora-p-45117.html HTTP/1.0" 200 74090 "-" "Mozilla/5.0 (compatible; BLEXBot/1.0; +http://webmeup-crawler.com/)"
157.90.177.217 - - [02/Dec/2021:11:58:08 +0100] "GET /wunzees-doll-series-frankie-frog-p-45120.html HTTP/1.0" 200 74119 "-" "Mozilla/5.0 (compatible; BLEXBot/1.0; +http://webmeup-crawler.com/)"
114.119.128.26 - - [02/Dec/2021:11:58:09 +0100] "GET /horses-mug-by-cbkreation-p-28499.html HTTP/1.0" 301 73313 "-" "Mozilla/5.0 (Linux; Android 7.0;) AppleWebKit/537.36 (KHTML, like Gecko) Mobile Safari/537.36 (compatible; PetalBot;+https://webmaster.petalsearch.com/site/petalbot)"
157.90.177.217 - - [02/Dec/2021:11:58:12 +0100] "GET /wunzees-doll-series-ginger-giraffe-p-45115.html HTTP/1.0" 200 74123 "-" "Mozilla/5.0 (compatible; BLEXBot/1.0; +http://webmeup-crawler.com/)"
114.119.128.26 - - [02/Dec/2021:11:58:13 +0100] "GET /horses-cbkreation-p-28499.html HTTP/1.0" 200 73229 "-" "Mozilla/5.0 (Linux; Android 7.0;) AppleWebKit/537.36 (KHTML, like Gecko) Mobile Safari/537.36 (compatible; PetalBot;+https://webmaster.petalsearch.com/site/petalbot)"
157.90.177.217 - - [02/Dec/2021:11:58:15 +0100] "GET /wunzees-doll-series-lulu-panther-p-45118.html HTTP/1.0" 200 74119 "-" "Mozilla/5.0 (compatible; BLEXBot/1.0; +http://webmeup-crawler.com/)"
157.90.177.217 - - [02/Dec/2021:11:58:20 +0100] "GET /wunzees-doll-series-penny-p-45119.html HTTP/1.0" 200 74090 "-" "Mozilla/5.0 (compatible; BLEXBot/1.0; +http://webmeup-crawler.com/)"
157.90.177.217 - - [02/Dec/2021:11:58:23 +0100] "GET /wunzees-doll-series-polly-panda-p-45113.html HTTP/1.0" 200 74102 "-" "Mozilla/5.0 (compatible; BLEXBot/1.0; +http://webmeup-crawler.com/)"
157.90.177.217 - - [02/Dec/2021:11:58:26 +0100] "GET /wyatt-gund-plush-p-34523.html HTTP/1.0" 200 73602 "-" "Mozilla/5.0 (compatible; BLEXBot/1.0; +http://webmeup-crawler.com/)"
157.90.177.217 - - [02/Dec/2021:11:58:32 +0100] "GET /yang-clock-cbkreation-p-24708.html HTTP/1.0" 200 73401 "-" "Mozilla/5.0 (compatible; BLEXBot/1.0; +http://webmeup-crawler.com/)"
104.144.248.54 - - [02/Dec/2021:11:58:38 +0100] "HEAD /images/big_prod/8719172832068c.jpg HTTP/1.0" 200 292 "-" "Go-http-client/1.1"
104.144.248.54 - - [02/Dec/2021:11:58:38 +0100] "GET /images/big_prod/8719172832068c.jpg HTTP/1.0" 200 269 "-" "Go-http-client/1.1"
157.90.177.217 - - [02/Dec/2021:11:58:40 +0100] "GET /yankees-backpack-p-19840.html HTTP/1.0" 200 73516 "-" "Mozilla/5.0 (compatible; BLEXBot/1.0; +http://webmeup-crawler.com/)"
54.36.148.155 - - [02/Dec/2021:11:58:42 +0100] "GET /lucia-prayer-candle-novena-p-44425.html HTTP/1.0" 200 74081 "-" "Mozilla/5.0 (compatible; AhrefsBot/7.0; +http://ahrefs.com/robot/)"
157.90.177.217 - - [02/Dec/2021:11:58:43 +0100] "GET /yellow-adult-cotton-apron-p-44364.html HTTP/1.0" 200 73245 "-" "Mozilla/5.0 (compatible; BLEXBot/1.0; +http://webmeup-crawler.com/)"
157.90.177.217 - - [02/Dec/2021:11:58:49 +0100] "GET /yellow-apple-shaped-moneybox-p-36476.html HTTP/1.0" 200 73317 "-" "Mozilla/5.0 (compatible; BLEXBot/1.0; +http://webmeup-crawler.com/)"
157.90.177.217 - - [02/Dec/2021:11:58:52 +0100] "GET /yellow-buddha-statue-resin-p-50394.html HTTP/1.0" 200 73374 "-" "Mozilla/5.0 (compatible; BLEXBot/1.0; +http://webmeup-crawler.com/)"
157.90.177.217 - - [02/Dec/2021:11:58:55 +0100] "GET /yellow-cocci-metal-plate-deco-p-34331.html HTTP/1.0" 200 73299 "-" "Mozilla/5.0 (compatible; BLEXBot/1.0; +http://webmeup-crawler.com/)"
157.90.177.217 - - [02/Dec/2021:11:59:00 +0100] "GET /yellow-glass-ashtray-p-36382.html HTTP/1.0" 200 73235 "-" "Mozilla/5.0 (compatible; BLEXBot/1.0; +http://webmeup-crawler.com/)"
157.90.177.217 - - [02/Dec/2021:11:59:03 +0100] "GET /yellow-keychain-little-prince-p-47477.html HTTP/1.0" 200 73383 "-" "Mozilla/5.0 (compatible; BLEXBot/1.0; +http://webmeup-crawler.com/)"
157.90.177.217 - - [02/Dec/2021:11:59:07 +0100] "GET /yellow-meditation-buddha-resin-statuette-p-50398.html HTTP/1.0" 200 73489 "-" "Mozilla/5.0 (compatible; BLEXBot/1.0; +http://webmeup-crawler.com/)"
157.90.177.217 - - [02/Dec/2021:11:59:10 +0100] "GET /yellow-piggy-bank-p-54795.html HTTP/1.0" 200 73294 "-" "Mozilla/5.0 (compatible; BLEXBot/1.0; +http://webmeup-crawler.com/)"
157.90.177.217 - - [02/Dec/2021:11:59:13 +0100] "GET /yellow-record-player-speaker-alarm-clock-p-56949.html HTTP/1.0" 200 74399 "-" "Mozilla/5.0 (compatible; BLEXBot/1.0; +http://webmeup-crawler.com/)"
157.90.177.217 - - [02/Dec/2021:11:59:17 +0100] "GET /yellow-submarine-clock-p-29298.html HTTP/1.0" 200 73236 "-" "Mozilla/5.0 (compatible; BLEXBot/1.0; +http://webmeup-crawler.com/)"
157.90.177.217 - - [02/Dec/2021:11:59:22 +0100] "GET /yellow-tropical-flowerpot-p-54304.html HTTP/1.0" 200 73877 "-" "Mozilla/5.0 (compatible; BLEXBot/1.0; +http://webmeup-crawler.com/)"
157.90.177.217 - - [02/Dec/2021:11:59:25 +0100] "GET /yellow-vintage-motorcycle-coat-rack-p-46692.html HTTP/1.0" 200 73425 "-" "Mozilla/5.0 (compatible; BLEXBot/1.0; +http://webmeup-crawler.com/)"
157.90.177.217 - - [02/Dec/2021:11:59:30 +0100] "GET /robots.txt HTTP/1.0" 301 531 "-" "Mozilla/5.0 (compatible; BLEXBot/1.0; +http://webmeup-crawler.com/)"
157.90.177.217 - - [02/Dec/2021:11:59:30 +0100] "GET /robots.txt HTTP/1.0" 200 245 "-" "Mozilla/5.0 (compatible; BLEXBot/1.0; +http://webmeup-crawler.com/)"
157.90.177.217 - - [02/Dec/2021:11:59:30 +0100] "GET /yoga-bolster-meditation-cushion-chakra-anahata-p-45368.html HTTP/1.0" 200 75253 "-" "Mozilla/5.0 (compatible; BLEXBot/1.0; +http://webmeup-crawler.com/)"
114.119.128.26 - - [02/Dec/2021:11:59:31 +0100] "GET /hello-kitty-little-blue-purse-wallet-camomilla-p-11041.html HTTP/1.0" 200 73577 "-" "Mozilla/5.0 (Linux; Android 7.0;) AppleWebKit/537.36 (KHTML, like Gecko) Mobile Safari/537.36 (compatible; PetalBot;+https://webmaster.petalsearch.com/site/petalbot)"
157.90.177.217 - - [02/Dec/2021:11:59:36 +0100] "GET /yoga-bolster-meditation-cushion-chakra-manipura-p-45367.html HTTP/1.0" 200 75325 "-" "Mozilla/5.0 (compatible; BLEXBot/1.0; +http://webmeup-crawler.com/)"
157.90.177.217 - - [02/Dec/2021:11:59:38 +0100] "GET /yoga-bolster-meditation-cushion-chakra-muladhara-p-45365.html HTTP/1.0" 200 75292 "-" "Mozilla/5.0 (compatible; BLEXBot/1.0; +http://webmeup-crawler.com/)"
157.90.177.217 - - [02/Dec/2021:11:59:42 +0100] "GET /yoga-bolster-meditation-cushion-chakra-sahasrara-p-45371.html HTTP/1.0" 200 75299 "-" "Mozilla/5.0 (compatible; BLEXBot/1.0; +http://webmeup-crawler.com/)"
157.90.177.217 - - [02/Dec/2021:11:59:46 +0100] "GET /yoga-bolster-meditation-cushion-chakra-svadishtana-p-45366.html HTTP/1.0" 200 75293 "-" "Mozilla/5.0 (compatible; BLEXBot/1.0; +http://webmeup-crawler.com/)"
157.90.177.217 - - [02/Dec/2021:11:59:49 +0100] "GET /york-black-shirt-p-30906.html HTTP/1.0" 200 75172 "-" "Mozilla/5.0 (compatible; BLEXBot/1.0; +http://webmeup-crawler.com/)"
157.90.177.217 - - [02/Dec/2021:11:59:53 +0100] "GET /york-city-rectangular-mirror-p-37749.html HTTP/1.0" 200 73306 "-" "Mozilla/5.0 (compatible; BLEXBot/1.0; +http://webmeup-crawler.com/)"
157.90.177.217 - - [02/Dec/2021:11:59:58 +0100] "GET /york-shirt-p-29599.html HTTP/1.0" 200 74451 "-" "Mozilla/5.0 (compatible; BLEXBot/1.0; +http://webmeup-crawler.com/)"
157.90.177.217 - - [02/Dec/2021:12:00:04 +0100] "GET /york-shirt-p-30909.html HTTP/1.0" 200 75135 "-" "Mozilla/5.0 (compatible; BLEXBot/1.0; +http://webmeup-crawler.com/)"
157.90.177.217 - - [02/Dec/2021:12:00:10 +0100] "GET /york-white-shirt-p-30908.html HTTP/1.0" 200 75175 "-" "Mozilla/5.0 (compatible; BLEXBot/1.0; +http://webmeup-crawler.com/)"
157.90.177.217 - - [02/Dec/2021:12:00:16 +0100] "GET /york-yankees-black-bowling-p-11593.html HTTP/1.0" 200 73683 "-" "Mozilla/5.0 (compatible; BLEXBot/1.0; +http://webmeup-crawler.com/)"
157.90.177.217 - - [02/Dec/2021:12:00:21 +0100] "GET /york-yankees-blue-post-office-p-14498.html HTTP/1.0" 200 74826 "-" "Mozilla/5.0 (compatible; BLEXBot/1.0; +http://webmeup-crawler.com/)"
157.90.177.217 - - [02/Dec/2021:12:00:26 +0100] "GET /york-yankees-cover-iphone-p-19097.html HTTP/1.0" 200 73561 "-" "Mozilla/5.0 (compatible; BLEXBot/1.0; +http://webmeup-crawler.com/)"
157.90.177.217 - - [02/Dec/2021:12:00:30 +0100] "GET /york-yankees-navy-bowling-p-11594.html HTTP/1.0" 200 73675 "-" "Mozilla/5.0 (compatible; BLEXBot/1.0; +http://webmeup-crawler.com/)"
157.90.177.217 - - [02/Dec/2021:12:00:34 +0100] "GET /york-yankees-notebook-tablet-p-22600.html HTTP/1.0" 200 73768 "-" "Mozilla/5.0 (compatible; BLEXBot/1.0; +http://webmeup-crawler.com/)"
157.90.177.217 - - [02/Dec/2021:12:00:37 +0100] "GET /york-yankees-post-office-p-19810.html HTTP/1.0" 200 74090 "-" "Mozilla/5.0 (compatible; BLEXBot/1.0; +http://webmeup-crawler.com/)"
185.191.171.33 - - [02/Dec/2021:12:00:37 +0100] "GET /ceramic-bowl-relief-flemme-rose-p-47055.html HTTP/1.0" 200 70709 "-" "Mozilla/5.0 (compatible; SemrushBot/7~bl; +http://www.semrush.com/bot.html)"
54.36.148.160 - - [02/Dec/2021:12:00:40 +0100] "GET /cushion-cover-p-43616.html HTTP/1.0" 200 73988 "-" "Mozilla/5.0 (compatible; AhrefsBot/7.0; +http://ahrefs.com/robot/)"
157.90.177.217 - - [02/Dec/2021:12:00:41 +0100] "GET /york-yankees-school-p-41167.html HTTP/1.0" 200 73774 "-" "Mozilla/5.0 (compatible; BLEXBot/1.0; +http://webmeup-crawler.com/)"
157.90.177.217 - - [02/Dec/2021:12:00:47 +0100] "GET /york-yankees-vertical-navy-shoulder-p-11589.html HTTP/1.0" 200 73797 "-" "Mozilla/5.0 (compatible; BLEXBot/1.0; +http://webmeup-crawler.com/)"
185.191.171.40 - - [02/Dec/2021:12:00:49 +0100] "GET /islande-clock-cbkreation-p-36923.html HTTP/1.0" 200 73266 "-" "Mozilla/5.0 (compatible; SemrushBot/7~bl; +http://www.semrush.com/bot.html)"
157.90.177.217 - - [02/Dec/2021:12:00:54 +0100] "GET /york-yankees-vertical-shoulder-p-11585.html HTTP/1.0" 200 73763 "-" "Mozilla/5.0 (compatible; BLEXBot/1.0; +http://webmeup-crawler.com/)"
20.99.177.5 - - [02/Dec/2021:12:00:58 +0100] "GET /images/3585190441880.jpg HTTP/1.0" 200 259 "-" "Mozilla/5.0 (Macintosh; U; PPC Mac OS X 10.5; en-US; rv:1.9.2.15) Gecko/20110303 Firefox/3.6.15"
157.90.177.217 - - [02/Dec/2021:12:00:59 +0100] "GET /your-party-michelle-allen-breakfast-p-38166.html HTTP/1.0" 200 73473 "-" "Mozilla/5.0 (compatible; BLEXBot/1.0; +http://webmeup-crawler.com/)"
157.90.177.217 - - [02/Dec/2021:12:01:02 +0100] "GET /yuan-money-cbkreation-p-24145.html HTTP/1.0" 200 73309 "-" "Mozilla/5.0 (compatible; BLEXBot/1.0; +http://webmeup-crawler.com/)"
114.119.128.26 - - [02/Dec/2021:12:01:04 +0100] "GET /images/big_prod_1/8422069058877B.jpg HTTP/1.0" 200 271 "-" "Mozilla/5.0 (Linux; Android 7.0;) AppleWebKit/537.36 (KHTML, like Gecko) Mobile Safari/537.36 (compatible; PetalBot;+https://webmaster.petalsearch.com/site/petalbot)"
157.90.177.217 - - [02/Dec/2021:12:01:06 +0100] "GET /yuco-quilted-glove-potholder-curry-p-48214.html HTTP/1.0" 200 74363 "-" "Mozilla/5.0 (compatible; BLEXBot/1.0; +http://webmeup-crawler.com/)"
157.90.177.217 - - [02/Dec/2021:12:01:11 +0100] "GET /yuco-quilted-glove-potholder-jade-p-48215.html HTTP/1.0" 200 74354 "-" "Mozilla/5.0 (compatible; BLEXBot/1.0; +http://webmeup-crawler.com/)"
185.191.171.16 - - [02/Dec/2021:12:01:14 +0100] "GET /cushion-headboard-c-11_173.html?page=2 HTTP/1.0" 200 88842 "-" "Mozilla/5.0 (compatible; SemrushBot/7~bl; +http://www.semrush.com/bot.html)"
157.90.177.217 - - [02/Dec/2021:12:01:16 +0100] "GET /yumiko-black-p-50773.html HTTP/1.0" 200 74229 "-" "Mozilla/5.0 (compatible; BLEXBot/1.0; +http://webmeup-crawler.com/)"
157.90.177.217 - - [02/Dec/2021:12:01:20 +0100] "GET /yumiko-gold-p-50772.html HTTP/1.0" 200 74221 "-" "Mozilla/5.0 (compatible; BLEXBot/1.0; +http://webmeup-crawler.com/)"
157.90.177.217 - - [02/Dec/2021:12:01:23 +0100] "GET /yumiko-p-50771.html HTTP/1.0" 200 74161 "-" "Mozilla/5.0 (compatible; BLEXBot/1.0; +http://webmeup-crawler.com/)"
157.90.177.217 - - [02/Dec/2021:12:01:29 +0100] "GET /yuna-kimmidoll-swarovski-chain-bracelet-with-charm-p-15884.html HTTP/1.0" 200 73696 "-" "Mozilla/5.0 (compatible; BLEXBot/1.0; +http://webmeup-crawler.com/)"
157.90.177.217 - - [02/Dec/2021:12:01:35 +0100] "GET /yuna-phone-cover-iphone-p-18005.html HTTP/1.0" 200 76159 "-" "Mozilla/5.0 (compatible; BLEXBot/1.0; +http://webmeup-crawler.com/)"
157.90.177.217 - - [02/Dec/2021:12:01:40 +0100] "GET /zebra-canvas-frame-p-42145.html HTTP/1.0" 200 73347 "-" "Mozilla/5.0 (compatible; BLEXBot/1.0; +http://webmeup-crawler.com/)"
157.90.177.217 - - [02/Dec/2021:12:01:43 +0100] "GET /zebra-jewelry-holder-statuette-p-55823.html HTTP/1.0" 200 73459 "-" "Mozilla/5.0 (compatible; BLEXBot/1.0; +http://webmeup-crawler.com/)"
157.90.177.217 - - [02/Dec/2021:12:01:46 +0100] "GET /zebra-jewelry-holder-statuette-p-55824.html HTTP/1.0" 200 73467 "-" "Mozilla/5.0 (compatible; BLEXBot/1.0; +http://webmeup-crawler.com/)"
157.90.177.217 - - [02/Dec/2021:12:01:50 +0100] "GET /zebra-money-p-47939.html HTTP/1.0" 200 73267 "-" "Mozilla/5.0 (compatible; BLEXBot/1.0; +http://webmeup-crawler.com/)"
157.90.177.217 - - [02/Dec/2021:12:01:53 +0100] "GET /zebra-money-p-54516.html HTTP/1.0" 200 73359 "-" "Mozilla/5.0 (compatible; BLEXBot/1.0; +http://webmeup-crawler.com/)"
157.90.177.217 - - [02/Dec/2021:12:01:57 +0100] "GET /zebra-money-p-55563.html HTTP/1.0" 200 73238 "-" "Mozilla/5.0 (compatible; BLEXBot/1.0; +http://webmeup-crawler.com/)"
157.90.177.217 - - [02/Dec/2021:12:02:00 +0100] "GET /zebra-wall-decoration-resin-p-52574.html HTTP/1.0" 200 73359 "-" "Mozilla/5.0 (compatible; BLEXBot/1.0; +http://webmeup-crawler.com/)"
157.90.177.217 - - [02/Dec/2021:12:02:04 +0100] "GET /zenia-bedclothes-p-55197.html HTTP/1.0" 200 73895 "-" "Mozilla/5.0 (compatible; BLEXBot/1.0; +http://webmeup-crawler.com/)"
185.191.171.19 - - [02/Dec/2021:12:02:04 +0100] "GET /paris-corkscrew-triumphal-arch-bronze-color-p-38609.html HTTP/1.0" 200 73423 "-" "Mozilla/5.0 (compatible; SemrushBot/7~bl; +http://www.semrush.com/bot.html)"
157.90.177.217 - - [02/Dec/2021:12:02:09 +0100] "GET /zinc-adult-cotton-apron-p-39046.html HTTP/1.0" 200 73830 "-" "Mozilla/5.0 (compatible; BLEXBot/1.0; +http://webmeup-crawler.com/)"
157.90.177.217 - - [02/Dec/2021:12:02:12 +0100] "GET /zinc-fitted-sheet-p-43592.html HTTP/1.0" 200 74146 "-" "Mozilla/5.0 (compatible; BLEXBot/1.0; +http://webmeup-crawler.com/)"
157.90.177.217 - - [02/Dec/2021:12:02:16 +0100] "GET /zinc-kitchen-towel-p-44416.html HTTP/1.0" 200 73260 "-" "Mozilla/5.0 (compatible; BLEXBot/1.0; +http://webmeup-crawler.com/)"
157.90.177.217 - - [02/Dec/2021:12:02:19 +0100] "GET /zinc-look-metal-flowerpot-cover-p-55455.html HTTP/1.0" 200 73935 "-" "Mozilla/5.0 (compatible; BLEXBot/1.0; +http://webmeup-crawler.com/)"
114.119.128.37 - - [02/Dec/2021:12:02:22 +0100] "GET /images/big_prod_2/8424001512058C.jpg HTTP/1.0" 200 271 "-" "Mozilla/5.0 (Linux; Android 7.0;) AppleWebKit/537.36 (KHTML, like Gecko) Mobile Safari/537.36 (compatible; PetalBot;+https://webmaster.petalsearch.com/site/petalbot)"
157.90.177.217 - - [02/Dec/2021:12:02:23 +0100] "GET /zinc-look-metal-flowerpot-cover-pumpkin-beige-p-55463.html HTTP/1.0" 200 74086 "-" "Mozilla/5.0 (compatible; BLEXBot/1.0; +http://webmeup-crawler.com/)"
157.90.177.217 - - [02/Dec/2021:12:02:28 +0100] "GET /zinc-look-metal-flowerpot-cover-pumpkin-blue-p-55461.html HTTP/1.0" 200 74079 "-" "Mozilla/5.0 (compatible; BLEXBot/1.0; +http://webmeup-crawler.com/)"
129.206.106.110 - - [02/Dec/2021:12:02:29 +0100] "GET /images/mini_prod/3660173176314.jpg HTTP/1.0" 200 269 "-" "Mozilla/5.0 (X11; Ubuntu; Linux x86_64; rv:72.0) Gecko/20100101 Firefox/72.0"
157.90.177.217 - - [02/Dec/2021:12:02:31 +0100] "GET /zinc-look-metal-flowerpot-cover-pumpkin-green-p-55458.html HTTP/1.0" 200 74086 "-" "Mozilla/5.0 (compatible; BLEXBot/1.0; +http://webmeup-crawler.com/)"
157.90.177.217 - - [02/Dec/2021:12:02:35 +0100] "GET /zinc-look-metal-flowerpot-cover-pumpkin-green-p-55462.html HTTP/1.0" 200 74086 "-" "Mozilla/5.0 (compatible; BLEXBot/1.0; +http://webmeup-crawler.com/)"
157.90.177.217 - - [02/Dec/2021:12:02:38 +0100] "GET /zinc-look-metal-flowerpot-cover-pumpkin-yellow-p-55459.html HTTP/1.0" 200 74093 "-" "Mozilla/5.0 (compatible; BLEXBot/1.0; +http://webmeup-crawler.com/)"
66.249.68.42 - - [02/Dec/2021:12:02:39 +0100] "GET /fitted-sheet-p-27507.html HTTP/1.0" 200 73754 "-" "Mozilla/5.0 (Linux; Android 6.0.1; Nexus 5X Build/MMB29P) AppleWebKit/537.36 (KHTML, like Gecko) Chrome/96.0.4664.45 Mobile Safari/537.36 (compatible; Googlebot/2.1; +http://www.google.com/bot.html)"
54.36.148.222 - - [02/Dec/2021:12:02:39 +0100] "GET /verity-rose-cupcake-decorative-plate-p-29157.html HTTP/1.0" 200 73400 "-" "Mozilla/5.0 (compatible; AhrefsBot/7.0; +http://ahrefs.com/robot/)"
157.90.177.217 - - [02/Dec/2021:12:02:42 +0100] "GET /zinc-look-metal-flowerpot-cover-pumpkin-yellow-p-55460.html HTTP/1.0" 200 74093 "-" "Mozilla/5.0 (compatible; BLEXBot/1.0; +http://webmeup-crawler.com/)"
185.191.171.34 - - [02/Dec/2021:12:02:44 +0100] "GET /sacha-ceramic-ball-cover-white-p-55333.html?action=add_product HTTP/1.0" 302 476 "-" "Mozilla/5.0 (compatible; SemrushBot/7~bl; +http://www.semrush.com/bot.html)"
157.90.177.217 - - [02/Dec/2021:12:02:45 +0100] "GET /zippo-bracelet-black-leather-stainless-steel-p-49082.html HTTP/1.0" 200 74435 "-" "Mozilla/5.0 (compatible; BLEXBot/1.0; +http://webmeup-crawler.com/)"
20.112.46.197 - - [02/Dec/2021:12:02:48 +0100] "GET /images/big_prod/3665269061161.jpg HTTP/1.0" 200 268 "-" "Mozilla/5.0 (Macintosh; U; PPC Mac OS X 10.5; en-US; rv:1.9.2.15) Gecko/20110303 Firefox/3.6.15"
157.90.177.217 - - [02/Dec/2021:12:02:52 +0100] "GET /zippo-flat-bracelet-braided-leather-black-silver-stai-p-49086.html HTTP/1.0" 200 74523 "-" "Mozilla/5.0 (compatible; BLEXBot/1.0; +http://webmeup-crawler.com/)"
157.90.177.217 - - [02/Dec/2021:12:02:55 +0100] "GET /zippo-torque-bracelet-twisted-stainless-steel-p-49084.html HTTP/1.0" 200 74312 "-" "Mozilla/5.0 (compatible; BLEXBot/1.0; +http://webmeup-crawler.com/)"
157.90.177.217 - - [02/Dec/2021:12:02:59 +0100] "GET /zodiac-black-women-shirt-p-30803.html HTTP/1.0" 200 75243 "-" "Mozilla/5.0 (compatible; BLEXBot/1.0; +http://webmeup-crawler.com/)"
157.90.177.217 - - [02/Dec/2021:12:03:03 +0100] "GET /zodiac-black-women-shirt-p-30804.html HTTP/1.0" 200 75243 "-" "Mozilla/5.0 (compatible; BLEXBot/1.0; +http://webmeup-crawler.com/)"
157.90.177.217 - - [02/Dec/2021:12:03:06 +0100] "GET /zodiac-black-women-shirt-p-30805.html HTTP/1.0" 200 75243 "-" "Mozilla/5.0 (compatible; BLEXBot/1.0; +http://webmeup-crawler.com/)"
157.90.177.217 - - [02/Dec/2021:12:03:09 +0100] "GET /zodiac-black-women-shirt-p-30806.html HTTP/1.0" 200 75243 "-" "Mozilla/5.0 (compatible; BLEXBot/1.0; +http://webmeup-crawler.com/)"
157.90.177.217 - - [02/Dec/2021:12:03:12 +0100] "GET /zodiac-black-women-shirt-p-30807.html HTTP/1.0" 200 75243 "-" "Mozilla/5.0 (compatible; BLEXBot/1.0; +http://webmeup-crawler.com/)"
157.90.177.217 - - [02/Dec/2021:12:03:16 +0100] "GET /zodiac-black-women-shirt-p-30808.html HTTP/1.0" 200 75245 "-" "Mozilla/5.0 (compatible; BLEXBot/1.0; +http://webmeup-crawler.com/)"
51.68.224.127 - - [02/Dec/2021:12:03:19 +0100] "GET /adminweb/export_orders_xml.php?token=256de2z6edz6ed2z6DFSFsed2zed6zeDSFDSGdzedezfzf&maxorders=10&orderstart=1&status=14&start_date=2018-10-01 HTTP/1.0" 200 285 "-" "GesCom CharlotteBoutik Serveur"
51.68.224.127 - - [02/Dec/2021:12:03:19 +0100] "GET /adminweb/export_orders_xml.php?token=256de2z6edz6ed2z6DFSFsed2zed6zeDSFDSGdzedezfzf&maxorders=10&orderstart=1&status=6&start_date=2018-10-01 HTTP/1.0" 200 32471 "-" "GesCom CharlotteBoutik Serveur"
157.90.177.217 - - [02/Dec/2021:12:03:20 +0100] "GET /zodiac-black-women-shirt-p-30809.html HTTP/1.0" 200 75243 "-" "Mozilla/5.0 (compatible; BLEXBot/1.0; +http://webmeup-crawler.com/)"
157.90.177.217 - - [02/Dec/2021:12:03:27 +0100] "GET /zodiac-black-women-shirt-p-30810.html HTTP/1.0" 200 75245 "-" "Mozilla/5.0 (compatible; BLEXBot/1.0; +http://webmeup-crawler.com/)"
157.90.177.217 - - [02/Dec/2021:12:03:31 +0100] "GET /zodiac-black-women-shirt-p-30811.html HTTP/1.0" 200 75247 "-" "Mozilla/5.0 (compatible; BLEXBot/1.0; +http://webmeup-crawler.com/)"
157.90.177.217 - - [02/Dec/2021:12:03:36 +0100] "GET /zodiac-black-women-shirt-p-30812.html HTTP/1.0" 200 75241 "-" "Mozilla/5.0 (compatible; BLEXBot/1.0; +http://webmeup-crawler.com/)"
157.90.177.217 - - [02/Dec/2021:12:03:39 +0100] "GET /zodiac-black-women-shirt-p-30813.html HTTP/1.0" 200 75241 "-" "Mozilla/5.0 (compatible; BLEXBot/1.0; +http://webmeup-crawler.com/)"
17.121.113.191 - - [02/Dec/2021:12:03:41 +0100] "GET /images/mini_prod/8029759059925.jpg HTTP/1.0" 200 269 "-" "Mozilla/5.0 (Macintosh; Intel Mac OS X 10_15_5) AppleWebKit/605.1.15 (KHTML, like Gecko) Version/13.1.1 Safari/605.1.15 (Applebot/0.1; +http://www.apple.com/go/applebot)"
157.90.177.217 - - [02/Dec/2021:12:03:44 +0100] "GET /zodiac-white-women-shirt-p-30777.html HTTP/1.0" 200 75274 "-" "Mozilla/5.0 (compatible; BLEXBot/1.0; +http://webmeup-crawler.com/)"
157.90.177.217 - - [02/Dec/2021:12:03:47 +0100] "GET /zodiac-white-women-shirt-p-30792.html HTTP/1.0" 200 75274 "-" "Mozilla/5.0 (compatible; BLEXBot/1.0; +http://webmeup-crawler.com/)"
114.119.128.39 - - [02/Dec/2021:12:03:48 +0100] "GET /specials.php?page=27 HTTP/1.0" 200 125023 "-" "Mozilla/5.0 (Linux; Android 7.0;) AppleWebKit/537.36 (KHTML, like Gecko) Mobile Safari/537.36 (compatible; PetalBot;+https://webmaster.petalsearch.com/site/petalbot)"
157.90.177.217 - - [02/Dec/2021:12:03:50 +0100] "GET /zodiac-white-women-shirt-p-30793.html HTTP/1.0" 200 75274 "-" "Mozilla/5.0 (compatible; BLEXBot/1.0; +http://webmeup-crawler.com/)"
157.90.177.217 - - [02/Dec/2021:12:03:55 +0100] "GET /zodiac-white-women-shirt-p-30794.html HTTP/1.0" 200 75274 "-" "Mozilla/5.0 (compatible; BLEXBot/1.0; +http://webmeup-crawler.com/)"
157.90.177.217 - - [02/Dec/2021:12:03:58 +0100] "GET /zodiac-white-women-shirt-p-30795.html HTTP/1.0" 200 75274 "-" "Mozilla/5.0 (compatible; BLEXBot/1.0; +http://webmeup-crawler.com/)"
157.90.177.217 - - [02/Dec/2021:12:04:01 +0100] "GET /zodiac-white-women-shirt-p-30796.html HTTP/1.0" 200 75274 "-" "Mozilla/5.0 (compatible; BLEXBot/1.0; +http://webmeup-crawler.com/)"
157.90.177.217 - - [02/Dec/2021:12:04:04 +0100] "GET /zodiac-white-women-shirt-p-30797.html HTTP/1.0" 200 75274 "-" "Mozilla/5.0 (compatible; BLEXBot/1.0; +http://webmeup-crawler.com/)"
157.90.177.217 - - [02/Dec/2021:12:04:10 +0100] "GET /zodiac-white-women-shirt-p-30798.html HTTP/1.0" 200 75272 "-" "Mozilla/5.0 (compatible; BLEXBot/1.0; +http://webmeup-crawler.com/)"
157.90.177.217 - - [02/Dec/2021:12:04:13 +0100] "GET /zodiac-white-women-shirt-p-30799.html HTTP/1.0" 200 75272 "-" "Mozilla/5.0 (compatible; BLEXBot/1.0; +http://webmeup-crawler.com/)"
157.90.177.217 - - [02/Dec/2021:12:04:19 +0100] "GET /zodiac-white-women-shirt-p-30800.html HTTP/1.0" 200 75276 "-" "Mozilla/5.0 (compatible; BLEXBot/1.0; +http://webmeup-crawler.com/)"
157.90.177.217 - - [02/Dec/2021:12:04:22 +0100] "GET /zodiac-white-women-shirt-p-30801.html HTTP/1.0" 200 75276 "-" "Mozilla/5.0 (compatible; BLEXBot/1.0; +http://webmeup-crawler.com/)"
157.90.177.217 - - [02/Dec/2021:12:04:28 +0100] "GET /zodiac-white-women-shirt-p-30802.html HTTP/1.0" 200 75278 "-" "Mozilla/5.0 (compatible; BLEXBot/1.0; +http://webmeup-crawler.com/)"
157.90.177.217 - - [02/Dec/2021:12:04:33 +0100] "GET /zodiacal-clock-cbkreation-p-28581.html HTTP/1.0" 200 73249 "-" "Mozilla/5.0 (compatible; BLEXBot/1.0; +http://webmeup-crawler.com/)"
157.90.177.217 - - [02/Dec/2021:12:04:37 +0100] "GET /zombie-sniper-mouse-cbkreation-p-30148.html HTTP/1.0" 200 73353 "-" "Mozilla/5.0 (compatible; BLEXBot/1.0; +http://webmeup-crawler.com/)"
54.36.148.184 - - [02/Dec/2021:12:04:42 +0100] "GET /paris-shower-curtain-p-52156.html HTTP/1.0" 200 73957 "-" "Mozilla/5.0 (compatible; AhrefsBot/7.0; +http://ahrefs.com/robot/)"
157.90.177.217 - - [02/Dec/2021:12:04:43 +0100] "GET /zombie-sniper-shirt-p-30201.html HTTP/1.0" 200 75740 "-" "Mozilla/5.0 (compatible; BLEXBot/1.0; +http://webmeup-crawler.com/)"
66.249.68.38 - - [02/Dec/2021:12:04:43 +0100] "GET /robots-retro-salt-and-pepper-p-28862.html HTTP/1.0" 301 70798 "-" "Mozilla/5.0 (Linux; Android 6.0.1; Nexus 5X Build/MMB29P) AppleWebKit/537.36 (KHTML, like Gecko) Chrome/96.0.4664.45 Mobile Safari/537.36 (compatible; Googlebot/2.1; +http://www.google.com/bot.html)"
66.249.68.38 - - [02/Dec/2021:12:04:46 +0100] "GET /-p-41940.html HTTP/1.0" 200 70613 "-" "Mozilla/5.0 (Linux; Android 6.0.1; Nexus 5X Build/MMB29P) AppleWebKit/537.36 (KHTML, like Gecko) Chrome/96.0.4664.45 Mobile Safari/537.36 (compatible; Googlebot/2.1; +http://www.google.com/bot.html)"
66.249.68.38 - - [02/Dec/2021:12:04:47 +0100] "GET /paris-pencil-case-p-15434.html HTTP/1.0" 200 73237 "-" "Mozilla/5.0 (Linux; Android 6.0.1; Nexus 5X Build/MMB29P) AppleWebKit/537.36 (KHTML, like Gecko) Chrome/96.0.4664.45 Mobile Safari/537.36 (compatible; Googlebot/2.1; +http://www.google.com/bot.html)"
66.249.68.40 - - [02/Dec/2021:12:04:49 +0100] "GET /mugs-saucers-chouettes-michelle-allen-p-56941.html HTTP/1.0" 200 74566 "-" "Mozilla/5.0 (compatible; Googlebot/2.1; +http://www.google.com/bot.html)"
66.249.68.38 - - [02/Dec/2021:12:04:51 +0100] "GET /shopping-cats-dubout-p-53970.html HTTP/1.0" 200 73487 "-" "Mozilla/5.0 (Linux; Android 6.0.1; Nexus 5X Build/MMB29P) AppleWebKit/537.36 (KHTML, like Gecko) Chrome/96.0.4664.45 Mobile Safari/537.36 (compatible; Googlebot/2.1; +http://www.google.com/bot.html)"
66.249.68.38 - - [02/Dec/2021:12:04:54 +0100] "GET /robots-retro-salt-pepper-p-28862.html HTTP/1.0" 200 70707 "-" "Mozilla/5.0 (Linux; Android 6.0.1; Nexus 5X Build/MMB29P) AppleWebKit/537.36 (KHTML, like Gecko) Chrome/96.0.4664.45 Mobile Safari/537.36 (compatible; Googlebot/2.1; +http://www.google.com/bot.html)"
66.249.68.38 - - [02/Dec/2021:12:04:57 +0100] "GET /-m-19.html HTTP/1.0" 200 79862 "-" "Mozilla/5.0 (Linux; Android 6.0.1; Nexus 5X Build/MMB29P) AppleWebKit/537.36 (KHTML, like Gecko) Chrome/96.0.4664.45 Mobile Safari/537.36 (compatible; Googlebot/2.1; +http://www.google.com/bot.html)"
114.119.128.37 - - [02/Dec/2021:12:05:14 +0100] "GET /incense-elephant-rose-15-gr-kamasutra-p-40373.html HTTP/1.0" 301 73561 "-" "Mozilla/5.0 (Linux; Android 7.0;) AppleWebKit/537.36 (KHTML, like Gecko) Mobile Safari/537.36 (compatible; PetalBot;+https://webmaster.petalsearch.com/site/petalbot)"
114.119.128.37 - - [02/Dec/2021:12:05:20 +0100] "GET /incense-lphant-rose-kamasutra-p-40373.html HTTP/1.0" 200 73465 "-" "Mozilla/5.0 (Linux; Android 7.0;) AppleWebKit/537.36 (KHTML, like Gecko) Mobile Safari/537.36 (compatible; PetalBot;+https://webmaster.petalsearch.com/site/petalbot)"
185.191.171.25 - - [02/Dec/2021:12:06:00 +0100] "GET /wall-decoration-in-wood-and-mdf-c-13_274.html?page=6 HTTP/1.0" 301 94750 "-" "Mozilla/5.0 (compatible; SemrushBot/7~bl; +http://www.semrush.com/bot.html)"
185.191.171.24 - - [02/Dec/2021:12:06:05 +0100] "GET /wall-decoration-wood-c-274.html?page=6 HTTP/1.0" 301 94627 "-" "Mozilla/5.0 (compatible; SemrushBot/7~bl; +http://www.semrush.com/bot.html)"
185.191.171.15 - - [02/Dec/2021:12:06:08 +0100] "GET /wall-decoration-wood-c-13_274.html?page=6 HTTP/1.0" 200 94658 "-" "Mozilla/5.0 (compatible; SemrushBot/7~bl; +http://www.semrush.com/bot.html)"
114.119.128.253 - - [02/Dec/2021:12:06:35 +0100] "GET /images/mini_prod/8420327480439.jpg HTTP/1.0" 200 269 "-" "Mozilla/5.0 (Linux; Android 7.0;) AppleWebKit/537.36 (KHTML, like Gecko) Mobile Safari/537.36 (compatible; PetalBot;+https://webmaster.petalsearch.com/site/petalbot)"
54.36.148.233 - - [02/Dec/2021:12:06:37 +0100] "GET /images/big_prod/8720088297957.jpg HTTP/1.0" 200 268 "-" "Mozilla/5.0 (compatible; AhrefsBot/7.0; +http://ahrefs.com/robot/)"
185.191.171.40 - - [02/Dec/2021:12:06:49 +0100] "GET /cactus-flower-resin-p-48535.html?action=add_product HTTP/1.0" 302 476 "-" "Mozilla/5.0 (compatible; SemrushBot/7~bl; +http://www.semrush.com/bot.html)"
54.36.149.12 - - [02/Dec/2021:12:06:59 +0100] "GET /allen-pill-p-51382.html HTTP/1.0" 200 73896 "-" "Mozilla/5.0 (compatible; AhrefsBot/7.0; +http://ahrefs.com/robot/)"
185.191.171.2 - - [02/Dec/2021:12:07:03 +0100] "GET /metal-clock-shape-motorcycle-white-color-p-50024.html?action=add_product HTTP/1.0" 302 476 "-" "Mozilla/5.0 (compatible; SemrushBot/7~bl; +http://www.semrush.com/bot.html)"
185.191.171.43 - - [02/Dec/2021:12:07:17 +0100] "GET /red-polyvinyl-messenger-bag-p-48746.html HTTP/1.0" 301 73504 "-" "Mozilla/5.0 (compatible; SemrushBot/7~bl; +http://www.semrush.com/bot.html)"
185.191.171.40 - - [02/Dec/2021:12:07:20 +0100] "GET /polyvinyl-messenger-p-48746.html HTTP/1.0" 200 73418 "-" "Mozilla/5.0 (compatible; SemrushBot/7~bl; +http://www.semrush.com/bot.html)"
185.191.171.39 - - [02/Dec/2021:12:07:54 +0100] "GET /paperweight-p-50129.html HTTP/1.0" 200 70657 "-" "Mozilla/5.0 (compatible; SemrushBot/7~bl; +http://www.semrush.com/bot.html)"
114.119.128.37 - - [02/Dec/2021:12:07:54 +0100] "GET /jiminy-cricket-figure-collection-romro-britto-p-20313.html HTTP/1.0" 200 77793 "-" "Mozilla/5.0 (Linux; Android 7.0;) AppleWebKit/537.36 (KHTML, like Gecko) Mobile Safari/537.36 (compatible; PetalBot;+https://webmaster.petalsearch.com/site/petalbot)"
185.191.171.17 - - [02/Dec/2021:12:07:58 +0100] "GET /box-of-sardines-metal-clock-30-cm-p-47910.html HTTP/1.0" 301 70796 "-" "Mozilla/5.0 (compatible; SemrushBot/7~bl; +http://www.semrush.com/bot.html)"
185.191.171.40 - - [02/Dec/2021:12:08:01 +0100] "GET /sardines-metal-clock-p-47910.html HTTP/1.0" 200 70709 "-" "Mozilla/5.0 (compatible; SemrushBot/7~bl; +http://www.semrush.com/bot.html)"
54.36.148.32 - - [02/Dec/2021:12:08:56 +0100] "GET /corsica-wall-decoration-p-44560.html HTTP/1.0" 200 73271 "-" "Mozilla/5.0 (compatible; AhrefsBot/7.0; +http://ahrefs.com/robot/)"
66.249.68.42 - - [02/Dec/2021:12:09:19 +0100] "GET /weenicons-east-cost-shirt-p-29582.html HTTP/1.0" 200 74700 "-" "Mozilla/5.0 (Linux; Android 6.0.1; Nexus 5X Build/MMB29P) AppleWebKit/537.36 (KHTML, like Gecko) Chrome/96.0.4664.45 Mobile Safari/537.36 (compatible; Googlebot/2.1; +http://www.google.com/bot.html)"
114.119.128.40 - - [02/Dec/2021:12:09:20 +0100] "GET /zen-singing-bowl-p-36058.html HTTP/1.0" 301 73280 "-" "Mozilla/5.0 (Linux; Android 7.0;) AppleWebKit/537.36 (KHTML, like Gecko) Mobile Safari/537.36 (compatible; PetalBot;+https://webmaster.petalsearch.com/site/petalbot)"
185.191.171.24 - - [02/Dec/2021:12:09:22 +0100] "GET /capricorn-mousepad-by-cbkreation-p-43301.html HTTP/1.0" 301 73442 "-" "Mozilla/5.0 (compatible; SemrushBot/7~bl; +http://www.semrush.com/bot.html)"
114.119.128.40 - - [02/Dec/2021:12:09:24 +0100] "GET /singing-bowl-p-36058.html HTTP/1.0" 200 73201 "-" "Mozilla/5.0 (Linux; Android 7.0;) AppleWebKit/537.36 (KHTML, like Gecko) Mobile Safari/537.36 (compatible; PetalBot;+https://webmaster.petalsearch.com/site/petalbot)"
185.191.171.39 - - [02/Dec/2021:12:09:26 +0100] "GET /capricorn-mousepad-cbkreation-p-43301.html HTTP/1.0" 200 73346 "-" "Mozilla/5.0 (compatible; SemrushBot/7~bl; +http://www.semrush.com/bot.html)"
185.191.171.25 - - [02/Dec/2021:12:10:04 +0100] "GET /mug-with-tea-infuser-c-12_221.html?page=3 HTTP/1.0" 301 92290 "-" "Mozilla/5.0 (compatible; SemrushBot/7~bl; +http://www.semrush.com/bot.html)"
185.191.171.19 - - [02/Dec/2021:12:10:09 +0100] "GET /with-infuser-c-221.html?page=3 HTTP/1.0" 301 92189 "-" "Mozilla/5.0 (compatible; SemrushBot/7~bl; +http://www.semrush.com/bot.html)"
185.191.171.5 - - [02/Dec/2021:12:10:13 +0100] "GET /with-infuser-c-12_221.html?page=3 HTTP/1.0" 200 92206 "-" "Mozilla/5.0 (compatible; SemrushBot/7~bl; +http://www.semrush.com/bot.html)"
114.119.128.37 - - [02/Dec/2021:12:10:47 +0100] "GET /vanity-printed-running-horses-p-35450.html HTTP/1.0" 200 75716 "-" "Mozilla/5.0 (Linux; Android 7.0;) AppleWebKit/537.36 (KHTML, like Gecko) Mobile Safari/537.36 (compatible; PetalBot;+https://webmaster.petalsearch.com/site/petalbot)"
185.191.171.5 - - [02/Dec/2021:12:10:50 +0100] "GET /aromatic-burner-flowers-brown-p-56898.html?action=add_product HTTP/1.0" 302 476 "-" "Mozilla/5.0 (compatible; SemrushBot/7~bl; +http://www.semrush.com/bot.html)"
54.36.148.185 - - [02/Dec/2021:12:10:59 +0100] "GET /images/big_prod/8718657467191.jpg HTTP/1.0" 200 268 "-" "Mozilla/5.0 (compatible; AhrefsBot/7.0; +http://ahrefs.com/robot/)"
54.36.148.55 - - [02/Dec/2021:12:10:59 +0100] "GET /purse-wallet-c-31_76.html?page=3 HTTP/1.0" 200 92817 "-" "Mozilla/5.0 (compatible; AhrefsBot/7.0; +http://ahrefs.com/robot/)"
185.191.171.6 - - [02/Dec/2021:12:11:32 +0100] "GET /figurine-caricature-polyrsine-dentist-p-45227.html?action=add_product HTTP/1.0" 302 476 "-" "Mozilla/5.0 (compatible; SemrushBot/7~bl; +http://www.semrush.com/bot.html)"
185.191.171.12 - - [02/Dec/2021:12:12:04 +0100] "GET /lion-chinese-guardian-statue-female-p-50068.html?action=add_product HTTP/1.0" 302 476 "-" "Mozilla/5.0 (compatible; SemrushBot/7~bl; +http://www.semrush.com/bot.html)"
185.191.171.8 - - [02/Dec/2021:12:12:09 +0100] "GET /mickey-club-house-umbrella-p-20500.html?action=add_product HTTP/1.0" 302 476 "-" "Mozilla/5.0 (compatible; SemrushBot/7~bl; +http://www.semrush.com/bot.html)"
49.7.20.122 - - [02/Dec/2021:12:12:10 +0100] "GET / HTTP/1.0" 200 150768 "-" "Sogou web spider/4.0(+http://www.sogou.com/docs/help/webmasters.htm#07)"
185.191.171.14 - - [02/Dec/2021:12:12:17 +0100] "GET /frozen-musical-box-p-38309.html HTTP/1.0" 301 70680 "-" "Mozilla/5.0 (compatible; SemrushBot/7~bl; +http://www.semrush.com/bot.html)"
114.119.128.26 - - [02/Dec/2021:12:12:19 +0100] "GET /cement-tiles-placemat-p-52176.html HTTP/1.0" 200 73370 "-" "Mozilla/5.0 (Linux; Android 7.0;) AppleWebKit/537.36 (KHTML, like Gecko) Mobile Safari/537.36 (compatible; PetalBot;+https://webmaster.petalsearch.com/site/petalbot)"
185.191.171.3 - - [02/Dec/2021:12:12:19 +0100] "GET /-p-38309.html HTTP/1.0" 200 70613 "-" "Mozilla/5.0 (compatible; SemrushBot/7~bl; +http://www.semrush.com/bot.html)"
20.109.132.138 - - [02/Dec/2021:12:12:21 +0100] "GET /images/big_prod/8719497611072.jpg HTTP/1.0" 200 268 "-" "Mozilla/5.0 (Windows NT 10.0; WOW64) AppleWebKit/537.36 (KHTML, like Gecko) Chrome/67.0.3396.99 Safari/537.36"
54.36.148.24 - - [02/Dec/2021:12:12:50 +0100] "GET /pepe-jeans-gray-small-shoulder-p-35986.html HTTP/1.0" 200 73683 "-" "Mozilla/5.0 (compatible; AhrefsBot/7.0; +http://ahrefs.com/robot/)"
185.191.171.4 - - [02/Dec/2021:12:12:52 +0100] "GET /cats-dubout-figurine-save-seat-p-33747.html HTTP/1.0" 200 74420 "-" "Mozilla/5.0 (compatible; SemrushBot/7~bl; +http://www.semrush.com/bot.html)"
92.140.54.122 - - [02/Dec/2021:12:12:55 +0100] "GET /adminweb/export_orders_xml.php?token=256de2z6edz6ed2z6DFSFsed2zed6zeDSFDSGdzedezfzf&maxorders=10&orderstart=1&status=14&start_date=2018-10-01 HTTP/1.0" 200 285 "-" "GesCom CharlotteBoutik Serveur"
92.140.54.122 - - [02/Dec/2021:12:12:55 +0100] "GET /adminweb/export_orders_xml.php?token=256de2z6edz6ed2z6DFSFsed2zed6zeDSFDSGdzedezfzf&maxorders=10&orderstart=1&status=6&start_date=2018-10-01 HTTP/1.0" 200 32471 "-" "GesCom CharlotteBoutik Serveur"
185.191.171.23 - - [02/Dec/2021:12:13:41 +0100] "GET /cbkreation-russian-doll-phone-cover-for-iphone-p-22441.html HTTP/1.0" 301 70941 "-" "Mozilla/5.0 (compatible; SemrushBot/7~bl; +http://www.semrush.com/bot.html)"
159.138.102.98 - - [02/Dec/2021:12:13:45 +0100] "GET /athena-statuette-bronze-aspect-resin-p-52834.html HTTP/1.0" 200 73424 "-" "Mozilla/5.0 (Linux; Android 7.0;) AppleWebKit/537.36 (KHTML, like Gecko) Mobile Safari/537.36 (compatible; PetalBot;+https://webmaster.petalsearch.com/site/petalbot)"
185.191.171.25 - - [02/Dec/2021:12:13:45 +0100] "GET /cbkreation-russian-doll-phone-cover-iphone-p-22441.html HTTP/1.0" 200 70832 "-" "Mozilla/5.0 (compatible; SemrushBot/7~bl; +http://www.semrush.com/bot.html)"
106.53.124.110 - - [02/Dec/2021:12:14:33 +0100] "GET /images/mini_prod/1384000000307.jpg HTTP/1.0" 200 269 "-" "Mozilla/5.0 (X11; Ubuntu; Linux x86_64; rv:72.0) Gecko/20100101 Firefox/72.0"
185.191.171.23 - - [02/Dec/2021:12:14:34 +0100] "GET /-p-49631.html?action=add_product HTTP/1.0" 302 476 "-" "Mozilla/5.0 (compatible; SemrushBot/7~bl; +http://www.semrush.com/bot.html)"
185.191.171.7 - - [02/Dec/2021:12:14:44 +0100] "GET /urban-culture-phone-cover-for-iphone-3g-3gs-p-14764.html HTTP/1.0" 301 74239 "-" "Mozilla/5.0 (compatible; SemrushBot/7~bl; +http://www.semrush.com/bot.html)"
185.191.171.35 - - [02/Dec/2021:12:14:47 +0100] "GET /urban-culture-phone-cover-iphone-p-14764.html HTTP/1.0" 200 74140 "-" "Mozilla/5.0 (compatible; SemrushBot/7~bl; +http://www.semrush.com/bot.html)"
54.36.148.221 - - [02/Dec/2021:12:14:49 +0100] "GET /playboy-stripe-metal-keyring-p-16456.html HTTP/1.0" 200 73259 "-" "Mozilla/5.0 (compatible; AhrefsBot/7.0; +http://ahrefs.com/robot/)"
114.119.128.26 - - [02/Dec/2021:12:15:03 +0100] "GET /ambient-light-under-glass-bell-p-43220.html HTTP/1.0" 200 73384 "-" "Mozilla/5.0 (Linux; Android 7.0;) AppleWebKit/537.36 (KHTML, like Gecko) Mobile Safari/537.36 (compatible; PetalBot;+https://webmaster.petalsearch.com/site/petalbot)"
54.36.149.15 - - [02/Dec/2021:12:15:24 +0100] "GET /images/big_prod_1/8718657467191B.jpg HTTP/1.0" 200 271 "-" "Mozilla/5.0 (compatible; AhrefsBot/7.0; +http://ahrefs.com/robot/)"
185.191.171.5 - - [02/Dec/2021:12:15:51 +0100] "GET /marseille-metal-tray-30-cm-p-47149.html HTTP/1.0" 301 73410 "-" "Mozilla/5.0 (compatible; SemrushBot/7~bl; +http://www.semrush.com/bot.html)"
185.191.171.18 - - [02/Dec/2021:12:15:55 +0100] "GET /marseille-metal-tray-p-47149.html HTTP/1.0" 200 73323 "-" "Mozilla/5.0 (compatible; SemrushBot/7~bl; +http://www.semrush.com/bot.html)"
185.191.171.25 - - [02/Dec/2021:12:16:16 +0100] "GET /cotton-floor-cushion-green-p-48835.html?action=add_product HTTP/1.0" 302 476 "-" "Mozilla/5.0 (compatible; SemrushBot/7~bl; +http://www.semrush.com/bot.html)"
185.191.171.36 - - [02/Dec/2021:12:16:30 +0100] "GET /cute-tealight-little-buddhist-monk-p-46669.html HTTP/1.0" 200 73440 "-" "Mozilla/5.0 (compatible; SemrushBot/7~bl; +http://www.semrush.com/bot.html)"
185.191.171.34 - - [02/Dec/2021:12:16:38 +0100] "GET /large-candle-hours-fresh-linen-p-33018.html?action=add_product HTTP/1.0" 302 476 "-" "Mozilla/5.0 (compatible; SemrushBot/7~bl; +http://www.semrush.com/bot.html)"
185.191.171.9 - - [02/Dec/2021:12:16:44 +0100] "GET /simpsons-team-beach-towel-p-18820.html?action=add_product HTTP/1.0" 302 476 "-" "Mozilla/5.0 (compatible; SemrushBot/7~bl; +http://www.semrush.com/bot.html)"
54.36.148.106 - - [02/Dec/2021:12:16:48 +0100] "GET /purse-wallet-c-31_76.html?page=4 HTTP/1.0" 200 93088 "-" "Mozilla/5.0 (compatible; AhrefsBot/7.0; +http://ahrefs.com/robot/)"
105.209.133.206 - - [02/Dec/2021:12:17:31 +0100] "GET /contact_us.php HTTP/1.0" 200 26241 "http://www.wonder-geek.com/contact_us.php" "Mozilla/5.0 (Windows NT 6.3; Win64; x64) AppleWebKit/537.36 (KHTML, like Gecko) Chrome/83.0.4103.61 Safari/537.36"
185.191.171.15 - - [02/Dec/2021:12:17:34 +0100] "GET /home-and-decoration-c-13.html?page=223 HTTP/1.0" 301 92578 "-" "Mozilla/5.0 (compatible; SemrushBot/7~bl; +http://www.semrush.com/bot.html)"
185.191.171.34 - - [02/Dec/2021:12:17:38 +0100] "GET /home-decoration-c-13.html?page=223 HTTP/1.0" 200 92490 "-" "Mozilla/5.0 (compatible; SemrushBot/7~bl; +http://www.semrush.com/bot.html)"
185.191.171.26 - - [02/Dec/2021:12:17:50 +0100] "GET /round-side-table-with-wooden-top-50-cm-p-49686.html HTTP/1.0" 301 70830 "-" "Mozilla/5.0 (compatible; SemrushBot/7~bl; +http://www.semrush.com/bot.html)"
185.191.171.20 - - [02/Dec/2021:12:17:53 +0100] "GET /round-side-table-with-wooden-p-49686.html HTTP/1.0" 200 70735 "-" "Mozilla/5.0 (compatible; SemrushBot/7~bl; +http://www.semrush.com/bot.html)"
185.191.171.9 - - [02/Dec/2021:12:18:06 +0100] "GET /les-vilaines-filles-beach-towel-170-90-cm-p-51708.html HTTP/1.0" 301 73491 "-" "Mozilla/5.0 (compatible; SemrushBot/7~bl; +http://www.semrush.com/bot.html)"
185.191.171.7 - - [02/Dec/2021:12:18:09 +0100] "GET /vilaines-filles-beach-towel-p-51708.html HTTP/1.0" 200 73397 "-" "Mozilla/5.0 (compatible; SemrushBot/7~bl; +http://www.semrush.com/bot.html)"
185.191.171.33 - - [02/Dec/2021:12:18:12 +0100] "GET /plush-keeleco-friendly-hedgehog-p-55364.html HTTP/1.0" 200 70743 "-" "Mozilla/5.0 (compatible; SemrushBot/7~bl; +http://www.semrush.com/bot.html)"
17.121.115.194 - - [02/Dec/2021:12:18:18 +0100] "GET /images/mini_prod/8422019609012.jpg HTTP/1.0" 200 269 "-" "Mozilla/5.0 (Macintosh; Intel Mac OS X 10_15_5) AppleWebKit/605.1.15 (KHTML, like Gecko) Version/13.1.1 Safari/605.1.15 (Applebot/0.1; +http://www.apple.com/go/applebot)"
54.36.149.21 - - [02/Dec/2021:12:18:46 +0100] "GET /mini-metal-tray-chat-noir-p-41051.html HTTP/1.0" 200 73386 "-" "Mozilla/5.0 (compatible; AhrefsBot/7.0; +http://ahrefs.com/robot/)"
185.191.171.23 - - [02/Dec/2021:12:19:37 +0100] "GET /ethnic-tray-wood-p-48565.html HTTP/1.0" 200 73327 "-" "Mozilla/5.0 (compatible; SemrushBot/7~bl; +http://www.semrush.com/bot.html)"
54.36.148.233 - - [02/Dec/2021:12:20:00 +0100] "GET /images/big_prod_2/8718657467191C.jpg HTTP/1.0" 200 271 "-" "Mozilla/5.0 (compatible; AhrefsBot/7.0; +http://ahrefs.com/robot/)"
185.191.171.7 - - [02/Dec/2021:12:20:09 +0100] "GET /harley-davidson-mini-p-27955.html?action=add_product HTTP/1.0" 302 476 "-" "Mozilla/5.0 (compatible; SemrushBot/7~bl; +http://www.semrush.com/bot.html)"
20.109.130.196 - - [02/Dec/2021:12:20:29 +0100] "GET /images/big_prod/1399984264089.jpg HTTP/1.0" 200 268 "-" "Mozilla/5.0 (Windows NT 6.1; WOW64) AppleWebKit/537.36 (KHTML, like Gecko) Chrome/45.0.2454.101 Safari/537.36"
192.102.204.55 - - [02/Dec/2021:12:20:36 +0100] "GET /images/mini_prod/4036113830780.jpg HTTP/1.0" 200 269 "-" "Mozilla/5.0 (X11; Ubuntu; Linux x86_64; rv:72.0) Gecko/20100101 Firefox/72.0"
54.36.148.176 - - [02/Dec/2021:12:20:48 +0100] "GET /marley-pencil-p-5063.html HTTP/1.0" 200 73188 "-" "Mozilla/5.0 (compatible; AhrefsBot/7.0; +http://ahrefs.com/robot/)"
185.191.171.44 - - [02/Dec/2021:12:21:20 +0100] "GET /santa-claus-fine-bone-china-p-56866.html?action=add_product HTTP/1.0" 302 476 "-" "Mozilla/5.0 (compatible; SemrushBot/7~bl; +http://www.semrush.com/bot.html)"
185.191.171.37 - - [02/Dec/2021:12:21:28 +0100] "GET /teo-jasmin-medium-cabas-teo-nova-p-43482.html HTTP/1.0" 301 70788 "-" "Mozilla/5.0 (compatible; SemrushBot/7~bl; +http://www.semrush.com/bot.html)"
185.191.171.38 - - [02/Dec/2021:12:21:31 +0100] "GET /jasmin-medium-cabas-nova-p-43482.html HTTP/1.0" 200 70697 "-" "Mozilla/5.0 (compatible; SemrushBot/7~bl; +http://www.semrush.com/bot.html)"
185.191.171.10 - - [02/Dec/2021:12:21:35 +0100] "GET /-p-30164.html?action=add_product HTTP/1.0" 302 476 "-" "Mozilla/5.0 (compatible; SemrushBot/7~bl; +http://www.semrush.com/bot.html)"
51.68.224.127 - - [02/Dec/2021:12:21:37 +0100] "GET /adminweb/export_orders_xml.php?token=256de2z6edz6ed2z6DFSFsed2zed6zeDSFDSGdzedezfzf&maxorders=10&orderstart=1&status=14&start_date=2018-10-01 HTTP/1.0" 200 285 "-" "GesCom CharlotteBoutik Serveur"
51.68.224.127 - - [02/Dec/2021:12:21:37 +0100] "GET /adminweb/export_orders_xml.php?token=256de2z6edz6ed2z6DFSFsed2zed6zeDSFDSGdzedezfzf&maxorders=10&orderstart=1&status=6&start_date=2018-10-01 HTTP/1.0" 200 32471 "-" "GesCom CharlotteBoutik Serveur"
