34.69.86.164 - - [02/Dec/2021:05:52:18 +0100] "GET /templates/Pixame_v1/images/nav.png HTTP/1.1" 200 1283 "http://www.wonder-geek.com/templates/Pixame_v1/stylesheet.css" "Mozilla/5.0 (X11; Linux i686 (x86_64)) AppleWebKit/537.36 (KHTML, like Gecko) Chrome/98.0.4742.0 Safari/537.36"
34.69.86.164 - - [02/Dec/2021:05:52:19 +0100] "GET /design/productsenstock.png HTTP/1.1" 200 4743 "http://www.wonder-geek.com/templates/Pixame_v1/stylesheet.css" "Mozilla/5.0 (X11; Linux i686 (x86_64)) AppleWebKit/537.36 (KHTML, like Gecko) Chrome/98.0.4742.0 Safari/537.36"
34.69.86.164 - - [02/Dec/2021:05:52:19 +0100] "GET /templates/Pixame_v1/images/Middle_texture.jpg HTTP/1.1" 200 249620 "http://www.wonder-geek.com/templates/Pixame_v1/stylesheet.css" "Mozilla/5.0 (X11; Linux i686 (x86_64)) AppleWebKit/537.36 (KHTML, like Gecko) Chrome/98.0.4742.0 Safari/537.36"
34.69.86.164 - - [02/Dec/2021:05:52:19 +0100] "GET /templates/Pixame_v1/images/header-object.png HTTP/1.1" 200 106050 "http://www.wonder-geek.com/templates/Pixame_v1/stylesheet.css" "Mozilla/5.0 (X11; Linux i686 (x86_64)) AppleWebKit/537.36 (KHTML, like Gecko) Chrome/98.0.4742.0 Safari/537.36"
34.69.86.164 - - [02/Dec/2021:05:52:19 +0100] "GET /images/mini_prod/3503420503368.jpg HTTP/1.1" 200 6170 "http://www.wonder-geek.com/" "Mozilla/5.0 (X11; Linux i686 (x86_64)) AppleWebKit/537.36 (KHTML, like Gecko) Chrome/98.0.4742.0 Safari/537.36"
34.69.86.164 - - [02/Dec/2021:05:52:19 +0100] "GET /images/mini_prod/5400924160340.jpg HTTP/1.1" 200 6517 "http://www.wonder-geek.com/" "Mozilla/5.0 (X11; Linux i686 (x86_64)) AppleWebKit/537.36 (KHTML, like Gecko) Chrome/98.0.4742.0 Safari/537.36"
34.69.86.164 - - [02/Dec/2021:05:52:19 +0100] "GET /images/mini_prod/4250255859649.jpg HTTP/1.1" 200 2531 "http://www.wonder-geek.com/" "Mozilla/5.0 (X11; Linux i686 (x86_64)) AppleWebKit/537.36 (KHTML, like Gecko) Chrome/98.0.4742.0 Safari/537.36"
34.69.86.164 - - [02/Dec/2021:05:52:19 +0100] "GET /images/mini_prod/8433933208441.jpg HTTP/1.1" 200 6943 "http://www.wonder-geek.com/" "Mozilla/5.0 (X11; Linux i686 (x86_64)) AppleWebKit/537.36 (KHTML, like Gecko) Chrome/98.0.4742.0 Safari/537.36"
34.69.86.164 - - [02/Dec/2021:05:52:19 +0100] "GET /images/mini_prod/8712159144611.jpg HTTP/1.1" 200 8740 "http://www.wonder-geek.com/" "Mozilla/5.0 (X11; Linux i686 (x86_64)) AppleWebKit/537.36 (KHTML, like Gecko) Chrome/98.0.4742.0 Safari/537.36"
66.152.168.234 - - [02/Dec/2021:05:52:20 +0100] "GET /images/mini_prod/3660173124445.jpg HTTP/1.1" 200 5144 "-" "Mozilla/5.0 (X11; Ubuntu; Linux x86_64; rv:72.0) Gecko/20100101 Firefox/72.0"
34.69.86.164 - - [02/Dec/2021:05:52:20 +0100] "GET /images/mini_prod/4542202657348.jpg HTTP/1.1" 200 7470 "http://www.wonder-geek.com/" "Mozilla/5.0 (X11; Linux i686 (x86_64)) AppleWebKit/537.36 (KHTML, like Gecko) Chrome/98.0.4742.0 Safari/537.36"
157.55.39.223 - - [02/Dec/2021:05:52:46 +0100] "GET /images/big_prod_1/8422004266008B.jpg HTTP/1.1" 200 565160 "-" "Mozilla/5.0 (compatible; bingbot/2.0; +http://www.bing.com/bingbot.htm)"
20.109.134.229 - - [02/Dec/2021:05:52:48 +0100] "GET /images/big_prod/1399984239810.jpg HTTP/1.1" 200 67817 "-" "Mozilla/5.0 (Macintosh; U; PPC Mac OS X 10.5; en-US; rv:1.9.2.15) Gecko/20110303 Firefox/3.6.15"
40.91.114.143 - - [02/Dec/2021:05:53:21 +0100] "GET /images/8741502132395.jpg HTTP/1.1" 200 37974 "-" "Mozilla/5.0 (Windows NT 10.0; ) Gecko/20100101 Firefox/61.0"
159.138.102.98 - - [02/Dec/2021:05:54:04 +0100] "GET /images/med_prod/1345544820790.jpg HTTP/1.1" 200 70239 "-" "Mozilla/5.0 (Linux; Android 7.0;) AppleWebKit/537.36 (KHTML, like Gecko) Mobile Safari/537.36 (compatible; PetalBot;+https://webmaster.petalsearch.com/site/petalbot)"
66.249.68.42 - - [02/Dec/2021:05:54:28 +0100] "GET /images/big_prod_1/8422015449810B.jpg HTTP/1.1" 200 188937 "-" "Googlebot-Image/1.0"
157.55.39.108 - - [02/Dec/2021:05:54:31 +0100] "GET /images/big_prod/3014627880096.jpg HTTP/1.1" 200 63040 "-" "Mozilla/5.0 (compatible; bingbot/2.0; +http://www.bing.com/bingbot.htm)"
20.109.134.229 - - [02/Dec/2021:05:55:23 +0100] "GET /images/big_prod/3609810070967.jpg HTTP/1.1" 200 89225 "-" "Mozilla/5.0 (Windows NT 10.0; WOW64) AppleWebKit/537.36 (KHTML, like Gecko) Chrome/68.0.3440.106 Safari/537.36"
157.90.177.217 - - [02/Dec/2021:05:56:11 +0100] "GET /robots.txt HTTP/1.1" 304 0 "-" "Mozilla/5.0 (compatible; BLEXBot/1.0; +http://webmeup-crawler.com/)"
40.91.114.143 - - [02/Dec/2021:05:56:26 +0100] "GET /images/big_prod_3/b4542202656389.jpg HTTP/1.1" 200 99785 "-" "Mozilla/5.0 (Windows NT 10.0; WOW64) AppleWebKit/537.36 (KHTML, like Gecko) Chrome/64.0.3282.186 Safari/537.36"
20.109.134.228 - - [02/Dec/2021:05:57:16 +0100] "GET /images/big_prod/3609810063181.jpg HTTP/1.1" 200 89614 "-" "Mozilla/5.0 (Windows NT 10.0; WOW64) AppleWebKit/537.36 (KHTML, like Gecko) Chrome/64.0.3282.186 Safari/537.36"
124.71.153.13 - - [02/Dec/2021:05:57:26 +0100] "GET /images/mini_prod/3014627830152.jpg HTTP/1.1" 200 5652 "-" "Mozilla/5.0 (X11; Ubuntu; Linux x86_64; rv:72.0) Gecko/20100101 Firefox/72.0"
114.119.128.40 - - [02/Dec/2021:05:58:09 +0100] "GET /images/big_prod_1/8424346051106B.jpg HTTP/1.1" 200 356039 "-" "Mozilla/5.0 (Linux; Android 7.0;) AppleWebKit/537.36 (KHTML, like Gecko) Mobile Safari/537.36 (compatible; PetalBot;+https://webmaster.petalsearch.com/site/petalbot)"
17.121.113.147 - - [02/Dec/2021:05:58:52 +0100] "GET /images/big_prod_1/8422017143204.jpg HTTP/1.1" 200 104844 "-" "Mozilla/5.0 (Macintosh; Intel Mac OS X 10_15_5) AppleWebKit/605.1.15 (KHTML, like Gecko) Version/13.1.1 Safari/605.1.15 (Applebot/0.1; +http://www.apple.com/go/applebot)"
216.244.66.242 - - [02/Dec/2021:05:59:05 +0100] "GET /robots.txt HTTP/1.1" 200 2438 "-" "Mozilla/5.0 (compatible; DotBot/1.2; +https://opensiteexplorer.org/dotbot; help@moz.com)"
216.244.66.242 - - [02/Dec/2021:05:59:06 +0100] "GET /robots.txt HTTP/1.1" 200 2438 "-" "Mozilla/5.0 (compatible; DotBot/1.2; +https://opensiteexplorer.org/dotbot; help@moz.com)"
123.125.109.101 - - [02/Dec/2021:06:00:55 +0100] "GET /templates/Pixame_v1/stylesheet.css HTTP/1.1" 200 56057 "http://www.wonder-geek.com/accessories/keyrings/nici-bear-with-scarf-keyring-pluch-p-7493.html" "Mozilla/5.0 (X11; Linux x86_64) AppleWebKit/537.36 (KHTML, like Gecko) Chrome/73.0.3683.86 Safari/537.36"
157.55.39.125 - - [02/Dec/2021:06:01:53 +0100] "GET /images/1300010240366.jpg HTTP/1.1" 200 165051 "-" "Mozilla/5.0 (compatible; bingbot/2.0; +http://www.bing.com/bingbot.htm)"
157.55.39.228 - - [02/Dec/2021:06:01:57 +0100] "GET /images/big_prod/8435333821862.jpg HTTP/1.1" 200 148467 "-" "Mozilla/5.0 (compatible; bingbot/2.0; +http://www.bing.com/bingbot.htm)"
17.121.114.85 - - [02/Dec/2021:06:03:07 +0100] "GET /images/1300010237380.jpg HTTP/1.1" 200 55846 "-" "Mozilla/5.0 (Macintosh; Intel Mac OS X 10_15_5) AppleWebKit/605.1.15 (KHTML, like Gecko) Version/13.1.1 Safari/605.1.15 (Applebot/0.1; +http://www.apple.com/go/applebot)"
123.125.109.101 - - [02/Dec/2021:06:03:49 +0100] "GET /templates/Pixame_v1/stylesheet.css HTTP/1.1" 200 56057 "http://www.wonder-geek.com/luggages-schoolbags-leather-shop/pencil-case-c-5_31_75.html" "Mozilla/5.0 (X11; Linux x86_64) AppleWebKit/537.36 (KHTML, like Gecko) Chrome/73.0.3683.86 Safari/537.36"
20.109.132.165 - - [02/Dec/2021:06:04:15 +0100] "GET /images/big_prod/4029811392582.jpg HTTP/1.1" 200 142529 "-" "Mozilla/5.0 (Windows NT 10.0; WOW64) AppleWebKit/537.36 (KHTML, like Gecko) Chrome/68.0.3440.106 Safari/537.36"
40.91.114.143 - - [02/Dec/2021:06:04:48 +0100] "GET /images/8003990585740.jpg HTTP/1.1" 200 28332 "-" "Mozilla/4.0 (compatible; MSIE 7.0; Windows NT 6.0)"
17.121.113.53 - - [02/Dec/2021:06:05:15 +0100] "GET /images/big_prod_2/3574642579813C.jpg HTTP/1.1" 200 970437 "-" "Mozilla/5.0 (Macintosh; Intel Mac OS X 10_15_5) AppleWebKit/605.1.15 (KHTML, like Gecko) Version/13.1.1 Safari/605.1.15 (Applebot/0.1; +http://www.apple.com/go/applebot)"
20.109.134.229 - - [02/Dec/2021:06:05:16 +0100] "GET /images/big_prod/7601020000150.jpg HTTP/1.1" 200 72453 "-" "Mozilla/5.0 (Macintosh; U; PPC Mac OS X 10.5; en-US; rv:1.9.2.15) Gecko/20110303 Firefox/3.6.15"
20.109.133.1 - - [02/Dec/2021:06:05:38 +0100] "GET /images/big_prod/067103378283.jpg HTTP/1.1" 200 166552 "-" "Mozilla/4.0 (compatible; MSIE 7.0; Windows NT 6.0)"
157.90.177.217 - - [02/Dec/2021:06:06:17 +0100] "GET /robots.txt HTTP/1.1" 304 0 "-" "Mozilla/5.0 (compatible; BLEXBot/1.0; +http://webmeup-crawler.com/)"
207.46.13.202 - - [02/Dec/2021:06:07:09 +0100] "GET /images/8428551001338.jpg HTTP/1.1" 200 22756 "-" "Mozilla/5.0 (compatible; bingbot/2.0; +http://www.bing.com/bingbot.htm)"
149.28.94.127 - - [02/Dec/2021:06:09:46 +0100] "GET /images/mini_prod/1384010178843.jpg HTTP/1.1" 200 6521 "-" "Mozilla/5.0 (X11; Ubuntu; Linux x86_64; rv:72.0) Gecko/20100101 Firefox/72.0"
129.206.106.110 - - [02/Dec/2021:06:09:49 +0100] "GET /images/mini_prod/MISES-EN-SITUATION-06.jpg HTTP/1.1" 200 7140 "-" "Mozilla/5.0 (X11; Ubuntu; Linux x86_64; rv:72.0) Gecko/20100101 Firefox/72.0"
20.109.131.231 - - [02/Dec/2021:06:11:21 +0100] "GET /images/3524550045153.jpg HTTP/1.1" 200 35114 "-" "Mozilla/5.0 (Windows NT 10.0; WOW64) AppleWebKit/537.36 (KHTML, like Gecko) Chrome/67.0.3396.99 Safari/537.36"
66.249.68.38 - - [02/Dec/2021:06:11:33 +0100] "GET /images/big_prod/3503420053337.jpg HTTP/1.1" 200 370571 "-" "Googlebot-Image/1.0"
207.46.13.202 - - [02/Dec/2021:06:12:09 +0100] "GET /images/med_prod/1341689801502.jpg HTTP/1.1" 200 129026 "-" "Mozilla/5.0 (compatible; bingbot/2.0; +http://www.bing.com/bingbot.htm)"
114.119.128.40 - - [02/Dec/2021:06:13:16 +0100] "GET /images/big_prod/8445148004916.jpg HTTP/1.1" 200 324894 "-" "Mozilla/5.0 (Linux; Android 7.0;) AppleWebKit/537.36 (KHTML, like Gecko) Mobile Safari/537.36 (compatible; PetalBot;+https://webmaster.petalsearch.com/site/petalbot)"
54.36.148.147 - - [02/Dec/2021:06:13:25 +0100] "GET /images/big_prod/3700281653441.jpg HTTP/1.1" 200 49338 "-" "Mozilla/5.0 (compatible; AhrefsBot/7.0; +http://ahrefs.com/robot/)"
157.55.39.223 - - [02/Dec/2021:06:14:16 +0100] "GET /images/med_prod/7316197615563.jpg HTTP/1.1" 200 262025 "-" "Mozilla/5.0 (compatible; bingbot/2.0; +http://www.bing.com/bingbot.htm)"
54.36.148.210 - - [02/Dec/2021:06:15:41 +0100] "GET /images/big_prod_1/3700281653441a.jpg HTTP/1.1" 200 76813 "-" "Mozilla/5.0 (compatible; AhrefsBot/7.0; +http://ahrefs.com/robot/)"
20.109.132.165 - - [02/Dec/2021:06:16:00 +0100] "GET /images/big_prod/1384010200759.jpg HTTP/1.1" 200 95670 "-" "Mozilla/5.0 (Windows NT 10.0; ) Gecko/20100101 Firefox/61.0"
157.90.177.217 - - [02/Dec/2021:06:16:24 +0100] "GET /robots.txt HTTP/1.1" 304 0 "-" "Mozilla/5.0 (compatible; BLEXBot/1.0; +http://webmeup-crawler.com/)"
124.71.153.13 - - [02/Dec/2021:06:17:19 +0100] "GET /images/mini_prod/3453131122429.jpg HTTP/1.1" 200 5704 "-" "Mozilla/5.0 (X11; Ubuntu; Linux x86_64; rv:72.0) Gecko/20100101 Firefox/72.0"
54.36.148.249 - - [02/Dec/2021:06:18:01 +0100] "GET /images/big_prod/5400924181024.jpg HTTP/1.1" 200 260713 "-" "Mozilla/5.0 (compatible; AhrefsBot/7.0; +http://ahrefs.com/robot/)"
40.77.167.66 - - [02/Dec/2021:06:18:55 +0100] "GET /images/mini_prod/9316188081177.jpg HTTP/1.1" 200 8679 "-" "Mozilla/5.0 (compatible; bingbot/2.0; +http://www.bing.com/bingbot.htm)"
185.191.171.37 - - [02/Dec/2021:06:19:40 +0100] "GET /robots.txt HTTP/1.1" 200 2438 "-" "Mozilla/5.0 (compatible; SemrushBot/7~bl; +http://www.semrush.com/bot.html)"
149.28.94.127 - - [02/Dec/2021:06:19:45 +0100] "GET /images/mini_prod/1300000081092.jpg HTTP/1.1" 200 7067 "-" "Mozilla/5.0 (X11; Ubuntu; Linux x86_64; rv:72.0) Gecko/20100101 Firefox/72.0"
20.109.131.56 - - [02/Dec/2021:06:21:07 +0100] "GET /images/big_prod/5036278061592.jpg HTTP/1.1" 200 113492 "-" "Mozilla/4.0 (compatible; MSIE 7.0; Windows NT 6.0)"
20.109.132.176 - - [02/Dec/2021:06:21:36 +0100] "GET /images/3661443382978.jpg HTTP/1.1" 200 15950 "-" "Mozilla/5.0 (Macintosh; U; PPC Mac OS X 10.5; en-US; rv:1.9.2.15) Gecko/20110303 Firefox/3.6.15"
54.36.149.99 - - [02/Dec/2021:06:22:39 +0100] "GET /images/big_prod_1/5400924181024B.jpg HTTP/1.1" 200 479639 "-" "Mozilla/5.0 (compatible; AhrefsBot/7.0; +http://ahrefs.com/robot/)"
165.154.72.231 - - [02/Dec/2021:06:23:52 +0100] "GET /images/mini_prod/3457019604168.jpg HTTP/1.1" 200 9175 "-" "Mozilla/5.0 (X11; Ubuntu; Linux x86_64; rv:72.0) Gecko/20100101 Firefox/72.0"
54.36.148.122 - - [02/Dec/2021:06:24:51 +0100] "GET /images/big_prod/5400924158187.jpg HTTP/1.1" 200 284389 "-" "Mozilla/5.0 (compatible; AhrefsBot/7.0; +http://ahrefs.com/robot/)"
54.236.1.13 - - [02/Dec/2021:06:24:58 +0100] "GET /images/1399984234846.jpg HTTP/1.1" 200 170240 "-" "Mozilla/5.0 (compatible; Pinterestbot/1.0; +http://www.pinterest.com/bot.html)"
20.109.133.1 - - [02/Dec/2021:06:25:13 +0100] "GET /images/big_prod/3503420102905.jpg HTTP/1.1" 200 127978 "-" "Mozilla/5.0 (Windows NT 10.0; WOW64) AppleWebKit/537.36 (KHTML, like Gecko) Chrome/67.0.3396.99 Safari/537.36"
192.0.101.11 - - [02/Dec/2021:06:25:28 +0100] "GET /images/big_prod/8433933199497.jpg HTTP/1.1" 200 254189 "-" "Photon/1.0"
157.90.177.217 - - [02/Dec/2021:06:26:28 +0100] "GET /robots.txt HTTP/1.1" 304 0 "-" "Mozilla/5.0 (compatible; BLEXBot/1.0; +http://webmeup-crawler.com/)"
54.36.148.163 - - [02/Dec/2021:06:26:59 +0100] "GET /images/big_prod_1/5400924158187B.jpg HTTP/1.1" 200 451056 "-" "Mozilla/5.0 (compatible; AhrefsBot/7.0; +http://ahrefs.com/robot/)"
20.109.132.165 - - [02/Dec/2021:06:27:31 +0100] "GET /images/big_prod_1/8424346352678B.jpg HTTP/1.1" 200 77011 "-" "Mozilla/5.0 (X11; Linux x86_64) AppleWebKit/537.36 (KHTML, like Gecko) Chrome/62.0.3202.62 Safari/537.36"
66.152.168.234 - - [02/Dec/2021:06:28:11 +0100] "GET /images/mini_prod/3609810037571.jpg HTTP/1.1" 200 8264 "-" "Mozilla/5.0 (X11; Ubuntu; Linux x86_64; rv:72.0) Gecko/20100101 Firefox/72.0"
54.36.148.130 - - [02/Dec/2021:06:29:23 +0100] "GET /images/big_prod_2/5400924158187C.jpg HTTP/1.1" 200 437338 "-" "Mozilla/5.0 (compatible; AhrefsBot/7.0; +http://ahrefs.com/robot/)"
149.28.94.127 - - [02/Dec/2021:06:30:46 +0100] "GET /images/mini_prod/7601019995504.jpg HTTP/1.1" 200 8885 "-" "Mozilla/5.0 (X11; Ubuntu; Linux x86_64; rv:72.0) Gecko/20100101 Firefox/72.0"
20.109.134.252 - - [02/Dec/2021:06:32:18 +0100] "GET /images/big_prod/5701359740665.jpg HTTP/1.1" 200 151781 "-" "Mozilla/5.0 (Windows NT 6.1; WOW64) AppleWebKit/537.36 (KHTML, like Gecko) Chrome/45.0.2454.101 Safari/537.36"
17.121.112.119 - - [02/Dec/2021:06:32:19 +0100] "GET /images/big_prod/8426000214971.jpg HTTP/1.1" 200 108997 "-" "Mozilla/5.0 (Macintosh; Intel Mac OS X 10_15_5) AppleWebKit/605.1.15 (KHTML, like Gecko) Version/13.1.1 Safari/605.1.15 (Applebot/0.1; +http://www.apple.com/go/applebot)"
17.121.112.119 - - [02/Dec/2021:06:32:43 +0100] "GET /images/mini_prod/4025055017786.jpg HTTP/1.1" 200 4658 "-" "Mozilla/5.0 (Macintosh; Intel Mac OS X 10_15_5) AppleWebKit/605.1.15 (KHTML, like Gecko) Version/13.1.1 Safari/605.1.15 (Applebot/0.1; +http://www.apple.com/go/applebot)"
20.109.134.252 - - [02/Dec/2021:06:34:36 +0100] "GET /images/big_prod/4012390384352.jpg HTTP/1.1" 200 91105 "-" "Mozilla/5.0 (Windows NT 10.0; WOW64) AppleWebKit/537.36 (KHTML, like Gecko) Chrome/67.0.3396.99 Safari/537.36"
129.206.106.110 - - [02/Dec/2021:06:35:25 +0100] "GET /images/mini_prod/3503420096426.jpg HTTP/1.1" 200 7190 "-" "Mozilla/5.0 (X11; Ubuntu; Linux x86_64; rv:72.0) Gecko/20100101 Firefox/72.0"
17.121.112.34 - - [02/Dec/2021:06:35:31 +0100] "GET /images/mini_prod/8422023017841F.jpg HTTP/1.1" 200 8340 "-" "Mozilla/5.0 (Macintosh; Intel Mac OS X 10_15_5) AppleWebKit/605.1.15 (KHTML, like Gecko) Version/13.1.1 Safari/605.1.15 (Applebot/0.1; +http://www.apple.com/go/applebot)"
114.119.128.253 - - [02/Dec/2021:06:35:47 +0100] "GET /images/big_prod/3700572751757.jpg HTTP/1.1" 200 108743 "-" "Mozilla/5.0 (Linux; Android 7.0;) AppleWebKit/537.36 (KHTML, like Gecko) Mobile Safari/537.36 (compatible; PetalBot;+https://webmaster.petalsearch.com/site/petalbot)"
149.28.94.127 - - [02/Dec/2021:06:36:19 +0100] "GET /images/mini_prod/3281099993733.jpg HTTP/1.1" 200 6009 "-" "Mozilla/5.0 (X11; Ubuntu; Linux x86_64; rv:72.0) Gecko/20100101 Firefox/72.0"
157.90.177.217 - - [02/Dec/2021:06:36:31 +0100] "GET /robots.txt HTTP/1.1" 304 0 "-" "Mozilla/5.0 (compatible; BLEXBot/1.0; +http://webmeup-crawler.com/)"
54.36.148.231 - - [02/Dec/2021:06:36:50 +0100] "GET /images/big_prod/028399294992.jpg HTTP/1.1" 200 78267 "-" "Mozilla/5.0 (compatible; AhrefsBot/7.0; +http://ahrefs.com/robot/)"
157.55.39.108 - - [02/Dec/2021:06:37:06 +0100] "GET /images/big_prod_1/3520071772844B.jpg HTTP/1.1" 200 369611 "-" "Mozilla/5.0 (compatible; bingbot/2.0; +http://www.bing.com/bingbot.htm)"
17.121.114.191 - - [02/Dec/2021:06:39:26 +0100] "GET /images/big_prod/4029811452781.jpg HTTP/1.1" 200 65211 "-" "Mozilla/5.0 (Macintosh; Intel Mac OS X 10_15_5) AppleWebKit/605.1.15 (KHTML, like Gecko) Version/13.1.1 Safari/605.1.15 (Applebot/0.1; +http://www.apple.com/go/applebot)"
129.206.106.110 - - [02/Dec/2021:06:39:44 +0100] "GET /images/mini_prod/3661443610439.jpg HTTP/1.1" 200 7147 "-" "Mozilla/5.0 (X11; Ubuntu; Linux x86_64; rv:72.0) Gecko/20100101 Firefox/72.0"
114.119.128.26 - - [02/Dec/2021:06:40:02 +0100] "GET /images/mini_prod/8442649086755.jpg HTTP/1.1" 200 8577 "-" "Mozilla/5.0 (Linux; Android 7.0;) AppleWebKit/537.36 (KHTML, like Gecko) Mobile Safari/537.36 (compatible; PetalBot;+https://webmaster.petalsearch.com/site/petalbot)"
17.121.113.66 - - [02/Dec/2021:06:41:10 +0100] "GET /images/big_prod_1/8424346255313B.jpg HTTP/1.1" 200 139879 "-" "Mozilla/5.0 (Macintosh; Intel Mac OS X 10_15_5) AppleWebKit/605.1.15 (KHTML, like Gecko) Version/13.1.1 Safari/605.1.15 (Applebot/0.1; +http://www.apple.com/go/applebot)"
106.53.124.110 - - [02/Dec/2021:06:41:26 +0100] "GET /images/1300010240274.jpg HTTP/1.1" 200 89484 "-" "Mozilla/5.0 (X11; Ubuntu; Linux x86_64; rv:72.0) Gecko/20100101 Firefox/72.0"
17.121.113.66 - - [02/Dec/2021:06:41:28 +0100] "GET /images/big_prod/3700516279262.jpg HTTP/1.1" 200 622976 "-" "Mozilla/5.0 (Macintosh; Intel Mac OS X 10_15_5) AppleWebKit/605.1.15 (KHTML, like Gecko) Version/13.1.1 Safari/605.1.15 (Applebot/0.1; +http://www.apple.com/go/applebot)"
161.156.29.33 - - [02/Dec/2021:06:41:29 +0100] "GET /robots.txt HTTP/1.1" 200 2438 "-" "Mozilla/5.0 (compatible; oBot/2.3.1; +http://www.xforce-security.com/crawler/)"
161.156.29.33 - - [02/Dec/2021:06:41:34 +0100] "GET /images/mini_prod/4542202657416.jpg HTTP/1.1" 200 4030 "-" "Mozilla/5.0 (compatible; oBot/2.3.1; +http://www.xforce-security.com/crawler/)"
161.156.29.33 - - [02/Dec/2021:06:41:34 +0100] "GET /images/mini_prod/3442440302820.jpg HTTP/1.1" 200 4295 "-" "Mozilla/5.0 (compatible; oBot/2.3.1; +http://www.xforce-security.com/crawler/)"
161.156.29.33 - - [02/Dec/2021:06:41:34 +0100] "GET /images/mini_prod/8433933251423.jpg HTTP/1.1" 200 6429 "-" "Mozilla/5.0 (compatible; oBot/2.3.1; +http://www.xforce-security.com/crawler/)"
161.156.29.33 - - [02/Dec/2021:06:41:35 +0100] "GET /images/mini_prod/8433933252918.jpg HTTP/1.1" 200 4518 "-" "Mozilla/5.0 (compatible; oBot/2.3.1; +http://www.xforce-security.com/crawler/)"
161.156.29.33 - - [02/Dec/2021:06:41:35 +0100] "GET /images/mini_prod/8422046534646.jpg HTTP/1.1" 200 4012 "-" "Mozilla/5.0 (compatible; oBot/2.3.1; +http://www.xforce-security.com/crawler/)"
161.156.29.33 - - [02/Dec/2021:06:41:35 +0100] "GET /images/mini_prod/8433933228616A.jpg HTTP/1.1" 200 8547 "-" "Mozilla/5.0 (compatible; oBot/2.3.1; +http://www.xforce-security.com/crawler/)"
161.156.29.33 - - [02/Dec/2021:06:41:35 +0100] "GET /images/mini_prod/8712159172157.jpg HTTP/1.1" 200 9089 "-" "Mozilla/5.0 (compatible; oBot/2.3.1; +http://www.xforce-security.com/crawler/)"
161.156.29.33 - - [02/Dec/2021:06:41:35 +0100] "GET /images/mini_prod/8433933244388.jpg HTTP/1.1" 200 13533 "-" "Mozilla/5.0 (compatible; oBot/2.3.1; +http://www.xforce-security.com/crawler/)"
161.156.29.33 - - [02/Dec/2021:06:41:35 +0100] "GET /images/mini_prod/5400924182717.jpg HTTP/1.1" 200 5562 "-" "Mozilla/5.0 (compatible; oBot/2.3.1; +http://www.xforce-security.com/crawler/)"
161.156.29.33 - - [02/Dec/2021:06:41:36 +0100] "GET /images/mini_prod/8433933252901.jpg HTTP/1.1" 200 4189 "-" "Mozilla/5.0 (compatible; oBot/2.3.1; +http://www.xforce-security.com/crawler/)"
161.156.29.33 - - [02/Dec/2021:06:41:36 +0100] "GET /images/mini_prod/3700572761626.jpg HTTP/1.1" 200 6780 "-" "Mozilla/5.0 (compatible; oBot/2.3.1; +http://www.xforce-security.com/crawler/)"
161.156.29.33 - - [02/Dec/2021:06:41:36 +0100] "GET /images/mini_prod/1020322305446.jpg HTTP/1.1" 200 7232 "-" "Mozilla/5.0 (compatible; oBot/2.3.1; +http://www.xforce-security.com/crawler/)"
161.156.29.33 - - [02/Dec/2021:06:41:36 +0100] "GET /images/mini_prod/Z8712159172089.jpg HTTP/1.1" 200 8370 "-" "Mozilla/5.0 (compatible; oBot/2.3.1; +http://www.xforce-security.com/crawler/)"
161.156.29.33 - - [02/Dec/2021:06:41:37 +0100] "GET /images/mini_prod/4250255820021.jpg HTTP/1.1" 200 5473 "-" "Mozilla/5.0 (compatible; oBot/2.3.1; +http://www.xforce-security.com/crawler/)"
161.156.29.33 - - [02/Dec/2021:06:41:37 +0100] "GET /images/mini_prod/3520071651323B.jpg HTTP/1.1" 200 4997 "-" "Mozilla/5.0 (compatible; oBot/2.3.1; +http://www.xforce-security.com/crawler/)"
161.156.29.33 - - [02/Dec/2021:06:41:37 +0100] "GET /images/mini_prod/3418175274107.jpg HTTP/1.1" 200 3214 "-" "Mozilla/5.0 (compatible; oBot/2.3.1; +http://www.xforce-security.com/crawler/)"
161.156.29.33 - - [02/Dec/2021:06:41:37 +0100] "GET /images/mini_prod/8424346043859.jpg HTTP/1.1" 200 10202 "-" "Mozilla/5.0 (compatible; oBot/2.3.1; +http://www.xforce-security.com/crawler/)"
161.156.29.33 - - [02/Dec/2021:06:41:37 +0100] "GET /images/mini_prod/3442449973571.jpg HTTP/1.1" 200 2367 "-" "Mozilla/5.0 (compatible; oBot/2.3.1; +http://www.xforce-security.com/crawler/)"
161.156.29.33 - - [02/Dec/2021:06:41:37 +0100] "GET /images/mini_prod/3520071818139.jpg HTTP/1.1" 200 7278 "-" "Mozilla/5.0 (compatible; oBot/2.3.1; +http://www.xforce-security.com/crawler/)"
161.156.29.33 - - [02/Dec/2021:06:41:38 +0100] "GET /images/mini_prod/8433933251492.jpg HTTP/1.1" 200 5897 "-" "Mozilla/5.0 (compatible; oBot/2.3.1; +http://www.xforce-security.com/crawler/)"
161.156.29.33 - - [02/Dec/2021:06:41:38 +0100] "GET /images/mini_prod/3660173241210.jpg HTTP/1.1" 200 4903 "-" "Mozilla/5.0 (compatible; oBot/2.3.1; +http://www.xforce-security.com/crawler/)"
161.156.29.33 - - [02/Dec/2021:06:41:38 +0100] "GET /images/mini_prod/8433933243084.jpg HTTP/1.1" 200 5780 "-" "Mozilla/5.0 (compatible; oBot/2.3.1; +http://www.xforce-security.com/crawler/)"
161.156.29.33 - - [02/Dec/2021:06:41:38 +0100] "GET /images/mini_prod/4012677165544.jpg HTTP/1.1" 200 7422 "-" "Mozilla/5.0 (compatible; oBot/2.3.1; +http://www.xforce-security.com/crawler/)"
161.156.29.33 - - [02/Dec/2021:06:41:38 +0100] "GET /images/mini_prod/3660173232324.jpg HTTP/1.1" 200 3920 "-" "Mozilla/5.0 (compatible; oBot/2.3.1; +http://www.xforce-security.com/crawler/)"
161.156.29.33 - - [02/Dec/2021:06:41:39 +0100] "GET /images/mini_prod/3453131158251C.jpg HTTP/1.1" 200 4548 "-" "Mozilla/5.0 (compatible; oBot/2.3.1; +http://www.xforce-security.com/crawler/)"
161.156.29.33 - - [02/Dec/2021:06:41:39 +0100] "GET /images/mini_prod/8712159168266.jpg HTTP/1.1" 200 9125 "-" "Mozilla/5.0 (compatible; oBot/2.3.1; +http://www.xforce-security.com/crawler/)"
161.156.29.33 - - [02/Dec/2021:06:41:39 +0100] "GET /images/mini_prod/3700572737096.jpg HTTP/1.1" 200 4669 "-" "Mozilla/5.0 (compatible; oBot/2.3.1; +http://www.xforce-security.com/crawler/)"
161.156.29.33 - - [02/Dec/2021:06:41:39 +0100] "GET /images/mini_prod/1328399296088.jpg HTTP/1.1" 200 6729 "-" "Mozilla/5.0 (compatible; oBot/2.3.1; +http://www.xforce-security.com/crawler/)"
161.156.29.33 - - [02/Dec/2021:06:41:39 +0100] "GET /images/mini_prod/1328399294824.jpg HTTP/1.1" 200 6132 "-" "Mozilla/5.0 (compatible; oBot/2.3.1; +http://www.xforce-security.com/crawler/)"
161.156.29.33 - - [02/Dec/2021:06:41:39 +0100] "GET /images/mini_prod/5400924181024.jpg HTTP/1.1" 200 4635 "-" "Mozilla/5.0 (compatible; oBot/2.3.1; +http://www.xforce-security.com/crawler/)"
161.156.29.33 - - [02/Dec/2021:06:41:40 +0100] "GET /images/mini_prod/3700344927113.jpg HTTP/1.1" 200 4021 "-" "Mozilla/5.0 (compatible; oBot/2.3.1; +http://www.xforce-security.com/crawler/)"
161.156.29.33 - - [02/Dec/2021:06:41:40 +0100] "GET /images/mini_prod/5400924160296.jpg HTTP/1.1" 200 6120 "-" "Mozilla/5.0 (compatible; oBot/2.3.1; +http://www.xforce-security.com/crawler/)"
161.156.29.33 - - [02/Dec/2021:06:41:40 +0100] "GET /images/mini_prod/8433933245828.jpg HTTP/1.1" 200 7289 "-" "Mozilla/5.0 (compatible; oBot/2.3.1; +http://www.xforce-security.com/crawler/)"
161.156.29.33 - - [02/Dec/2021:06:41:40 +0100] "GET /images/mini_prod/ZZ8712159167115.jpg HTTP/1.1" 200 7491 "-" "Mozilla/5.0 (compatible; oBot/2.3.1; +http://www.xforce-security.com/crawler/)"
161.156.29.33 - - [02/Dec/2021:06:41:40 +0100] "GET /images/mini_prod/1020322305415.jpg HTTP/1.1" 200 6719 "-" "Mozilla/5.0 (compatible; oBot/2.3.1; +http://www.xforce-security.com/crawler/)"
161.156.29.33 - - [02/Dec/2021:06:41:40 +0100] "GET /images/mini_prod/8712159170238Z.jpg HTTP/1.1" 200 6910 "-" "Mozilla/5.0 (compatible; oBot/2.3.1; +http://www.xforce-security.com/crawler/)"
161.156.29.33 - - [02/Dec/2021:06:41:40 +0100] "GET /images/mini_prod/3660173237275.jpg HTTP/1.1" 200 5376 "-" "Mozilla/5.0 (compatible; oBot/2.3.1; +http://www.xforce-security.com/crawler/)"
161.156.29.33 - - [02/Dec/2021:06:41:41 +0100] "GET /images/mini_prod/3418178596039.jpg HTTP/1.1" 200 7747 "-" "Mozilla/5.0 (compatible; oBot/2.3.1; +http://www.xforce-security.com/crawler/)"
161.156.29.33 - - [02/Dec/2021:06:41:41 +0100] "GET /images/mini_prod/4542202657164.jpg HTTP/1.1" 200 3024 "-" "Mozilla/5.0 (compatible; oBot/2.3.1; +http://www.xforce-security.com/crawler/)"
161.156.29.33 - - [02/Dec/2021:06:41:41 +0100] "GET /images/mini_prod/8712159160277.jpg HTTP/1.1" 200 8679 "-" "Mozilla/5.0 (compatible; oBot/2.3.1; +http://www.xforce-security.com/crawler/)"
161.156.29.33 - - [02/Dec/2021:06:41:41 +0100] "GET /images/mini_prod/3503420505294.jpg HTTP/1.1" 200 5355 "-" "Mozilla/5.0 (compatible; oBot/2.3.1; +http://www.xforce-security.com/crawler/)"
161.156.29.33 - - [02/Dec/2021:06:41:41 +0100] "GET /images/mini_prod/8433933060377.jpg HTTP/1.1" 200 5643 "-" "Mozilla/5.0 (compatible; oBot/2.3.1; +http://www.xforce-security.com/crawler/)"
161.156.29.33 - - [02/Dec/2021:06:41:41 +0100] "GET /images/mini_prod/3700572730646.jpg HTTP/1.1" 200 9360 "-" "Mozilla/5.0 (compatible; oBot/2.3.1; +http://www.xforce-security.com/crawler/)"
161.156.29.33 - - [02/Dec/2021:06:41:41 +0100] "GET /images/mini_prod/3665269156836.jpg HTTP/1.1" 200 3872 "-" "Mozilla/5.0 (compatible; oBot/2.3.1; +http://www.xforce-security.com/crawler/)"
161.156.29.33 - - [02/Dec/2021:06:41:41 +0100] "GET /images/mini_prod/3665269157697.jpg HTTP/1.1" 200 5983 "-" "Mozilla/5.0 (compatible; oBot/2.3.1; +http://www.xforce-security.com/crawler/)"
161.156.29.33 - - [02/Dec/2021:06:41:41 +0100] "GET /images/mini_prod/3520071824581.jpg HTTP/1.1" 200 6307 "-" "Mozilla/5.0 (compatible; oBot/2.3.1; +http://www.xforce-security.com/crawler/)"
161.156.29.33 - - [02/Dec/2021:06:41:41 +0100] "GET /images/mini_prod/5400924182748.jpg HTTP/1.1" 200 5167 "-" "Mozilla/5.0 (compatible; oBot/2.3.1; +http://www.xforce-security.com/crawler/)"
161.156.29.33 - - [02/Dec/2021:06:41:41 +0100] "GET /images/mini_prod/3453131158152.jpg HTTP/1.1" 200 7526 "-" "Mozilla/5.0 (compatible; oBot/2.3.1; +http://www.xforce-security.com/crawler/)"
161.156.29.33 - - [02/Dec/2021:06:41:41 +0100] "GET /images/mini_prod/8433933227398.jpg HTTP/1.1" 200 7256 "-" "Mozilla/5.0 (compatible; oBot/2.3.1; +http://www.xforce-security.com/crawler/)"
161.156.29.33 - - [02/Dec/2021:06:41:41 +0100] "GET /images/mini_prod/8422015293727.jpg HTTP/1.1" 200 5087 "-" "Mozilla/5.0 (compatible; oBot/2.3.1; +http://www.xforce-security.com/crawler/)"
161.156.29.33 - - [02/Dec/2021:06:41:41 +0100] "GET /images/mini_prod/3520071818153.jpg HTTP/1.1" 200 5795 "-" "Mozilla/5.0 (compatible; oBot/2.3.1; +http://www.xforce-security.com/crawler/)"
161.156.29.33 - - [02/Dec/2021:06:41:41 +0100] "GET /images/mini_prod/3701206600106.jpg HTTP/1.1" 200 5525 "-" "Mozilla/5.0 (compatible; oBot/2.3.1; +http://www.xforce-security.com/crawler/)"
161.156.29.33 - - [02/Dec/2021:06:41:41 +0100] "GET /images/mini_prod/8433933239186.jpg HTTP/1.1" 200 6004 "-" "Mozilla/5.0 (compatible; oBot/2.3.1; +http://www.xforce-security.com/crawler/)"
161.156.29.33 - - [02/Dec/2021:06:41:41 +0100] "GET /images/mini_prod/8433933243954.jpg HTTP/1.1" 200 6549 "-" "Mozilla/5.0 (compatible; oBot/2.3.1; +http://www.xforce-security.com/crawler/)"
161.156.29.33 - - [02/Dec/2021:06:41:41 +0100] "GET /images/mini_prod/3418178546034.jpg HTTP/1.1" 200 7865 "-" "Mozilla/5.0 (compatible; oBot/2.3.1; +http://www.xforce-security.com/crawler/)"
161.156.29.33 - - [02/Dec/2021:06:41:41 +0100] "GET /images/mini_prod/8433933228722A.jpg HTTP/1.1" 200 6531 "-" "Mozilla/5.0 (compatible; oBot/2.3.1; +http://www.xforce-security.com/crawler/)"
161.156.29.33 - - [02/Dec/2021:06:41:41 +0100] "GET /images/mini_prod/1328399294817.jpg HTTP/1.1" 200 8580 "-" "Mozilla/5.0 (compatible; oBot/2.3.1; +http://www.xforce-security.com/crawler/)"
161.156.29.33 - - [02/Dec/2021:06:41:42 +0100] "GET /images/mini_prod/3453131157995.jpg HTTP/1.1" 200 8365 "-" "Mozilla/5.0 (compatible; oBot/2.3.1; +http://www.xforce-security.com/crawler/)"
161.156.29.33 - - [02/Dec/2021:06:41:42 +0100] "GET /images/mini_prod/8712159158120.jpg HTTP/1.1" 200 7255 "-" "Mozilla/5.0 (compatible; oBot/2.3.1; +http://www.xforce-security.com/crawler/)"
161.156.29.33 - - [02/Dec/2021:06:41:42 +0100] "GET /images/mini_prod/8433933239254.jpg HTTP/1.1" 200 4775 "-" "Mozilla/5.0 (compatible; oBot/2.3.1; +http://www.xforce-security.com/crawler/)"
161.156.29.33 - - [02/Dec/2021:06:41:42 +0100] "GET /images/mini_prod/3700344927137.jpg HTTP/1.1" 200 9653 "-" "Mozilla/5.0 (compatible; oBot/2.3.1; +http://www.xforce-security.com/crawler/)"
161.156.29.33 - - [02/Dec/2021:06:41:42 +0100] "GET /images/mini_prod/8720088298015.jpg HTTP/1.1" 200 7693 "-" "Mozilla/5.0 (compatible; oBot/2.3.1; +http://www.xforce-security.com/crawler/)"
161.156.29.33 - - [02/Dec/2021:06:41:42 +0100] "GET /images/mini_prod/542202657430b.jpg HTTP/1.1" 200 9177 "-" "Mozilla/5.0 (compatible; oBot/2.3.1; +http://www.xforce-security.com/crawler/)"
161.156.29.33 - - [02/Dec/2021:06:41:42 +0100] "GET /images/mini_prod/3660173238968.jpg HTTP/1.1" 200 5624 "-" "Mozilla/5.0 (compatible; oBot/2.3.1; +http://www.xforce-security.com/crawler/)"
161.156.29.33 - - [02/Dec/2021:06:41:58 +0100] "GET /images/mini_prod/3453131130493B.jpg HTTP/1.1" 200 8250 "-" "Mozilla/5.0 (compatible; oBot/2.3.1; +http://www.xforce-security.com/crawler/)"
161.156.29.33 - - [02/Dec/2021:06:42:00 +0100] "GET /images/mini_prod/1300010241332.jpg HTTP/1.1" 200 8226 "-" "Mozilla/5.0 (compatible; oBot/2.3.1; +http://www.xforce-security.com/crawler/)"
161.156.29.33 - - [02/Dec/2021:06:42:02 +0100] "GET /images/mini_prod/1300010241431.jpg HTTP/1.1" 200 7187 "-" "Mozilla/5.0 (compatible; oBot/2.3.1; +http://www.xforce-security.com/crawler/)"
161.156.29.33 - - [02/Dec/2021:06:42:03 +0100] "GET /images/mini_prod/1300010241424.jpg HTTP/1.1" 200 7566 "-" "Mozilla/5.0 (compatible; oBot/2.3.1; +http://www.xforce-security.com/crawler/)"
161.156.29.33 - - [02/Dec/2021:06:42:04 +0100] "GET /images/mini_prod/1399984260067.jpg HTTP/1.1" 200 7189 "-" "Mozilla/5.0 (compatible; oBot/2.3.1; +http://www.xforce-security.com/crawler/)"
161.156.29.33 - - [02/Dec/2021:06:42:05 +0100] "GET /images/mini_prod/3453131135511B.jpg HTTP/1.1" 200 6168 "-" "Mozilla/5.0 (compatible; oBot/2.3.1; +http://www.xforce-security.com/crawler/)"
161.156.29.33 - - [02/Dec/2021:06:42:18 +0100] "GET /images/mini_prod/3453131148245.jpg HTTP/1.1" 200 6754 "-" "Mozilla/5.0 (compatible; oBot/2.3.1; +http://www.xforce-security.com/crawler/)"
161.156.29.33 - - [02/Dec/2021:06:42:19 +0100] "GET /images/mini_prod/3560600292184.jpg HTTP/1.1" 200 5764 "-" "Mozilla/5.0 (compatible; oBot/2.3.1; +http://www.xforce-security.com/crawler/)"
161.156.29.33 - - [02/Dec/2021:06:42:19 +0100] "GET /images/mini_prod/5424023554145C.jpg HTTP/1.1" 200 5667 "-" "Mozilla/5.0 (compatible; oBot/2.3.1; +http://www.xforce-security.com/crawler/)"
161.156.29.33 - - [02/Dec/2021:06:42:19 +0100] "GET /images/mini_prod/1399985000372.jpg HTTP/1.1" 200 5934 "-" "Mozilla/5.0 (compatible; oBot/2.3.1; +http://www.xforce-security.com/crawler/)"
161.156.29.33 - - [02/Dec/2021:06:42:19 +0100] "GET /images/mini_prod/8003990631300.jpg HTTP/1.1" 200 7670 "-" "Mozilla/5.0 (compatible; oBot/2.3.1; +http://www.xforce-security.com/crawler/)"
161.156.29.33 - - [02/Dec/2021:06:42:19 +0100] "GET /images/mini_prod/4425055184981.jpg HTTP/1.1" 200 5948 "-" "Mozilla/5.0 (compatible; oBot/2.3.1; +http://www.xforce-security.com/crawler/)"
161.156.29.33 - - [02/Dec/2021:06:42:20 +0100] "GET /images/mini_prod/4325055184984.jpg HTTP/1.1" 200 6386 "-" "Mozilla/5.0 (compatible; oBot/2.3.1; +http://www.xforce-security.com/crawler/)"
161.156.29.33 - - [02/Dec/2021:06:42:20 +0100] "GET /images/mini_prod/4225055184987.jpg HTTP/1.1" 200 6250 "-" "Mozilla/5.0 (compatible; oBot/2.3.1; +http://www.xforce-security.com/crawler/)"
161.156.29.33 - - [02/Dec/2021:06:42:20 +0100] "GET /images/mini_prod/8422010439298.jpg HTTP/1.1" 200 8536 "-" "Mozilla/5.0 (compatible; oBot/2.3.1; +http://www.xforce-security.com/crawler/)"
161.156.29.33 - - [02/Dec/2021:06:42:20 +0100] "GET /images/mini_prod/8422010439281.jpg HTTP/1.1" 200 8644 "-" "Mozilla/5.0 (compatible; oBot/2.3.1; +http://www.xforce-security.com/crawler/)"
161.156.29.33 - - [02/Dec/2021:06:42:20 +0100] "GET /images/mini_prod/8422010439274.jpg HTTP/1.1" 200 9077 "-" "Mozilla/5.0 (compatible; oBot/2.3.1; +http://www.xforce-security.com/crawler/)"
161.156.29.33 - - [02/Dec/2021:06:42:21 +0100] "GET /images/mini_prod/3453131148238.jpg HTTP/1.1" 200 6441 "-" "Mozilla/5.0 (compatible; oBot/2.3.1; +http://www.xforce-security.com/crawler/)"
161.156.29.33 - - [02/Dec/2021:06:42:21 +0100] "GET /images/mini_prod/3453131148221.jpg HTTP/1.1" 200 6003 "-" "Mozilla/5.0 (compatible; oBot/2.3.1; +http://www.xforce-security.com/crawler/)"
66.152.168.234 - - [02/Dec/2021:06:42:27 +0100] "GET /images/mini_prod/8003990623473.jpg HTTP/1.1" 200 7056 "-" "Mozilla/5.0 (X11; Ubuntu; Linux x86_64; rv:72.0) Gecko/20100101 Firefox/72.0"
40.77.167.66 - - [02/Dec/2021:06:42:28 +0100] "GET /images/med_prod/00000000000000corseg.jpg HTTP/1.1" 200 78063 "-" "Mozilla/5.0 (compatible; bingbot/2.0; +http://www.bing.com/bingbot.htm)"
161.156.29.33 - - [02/Dec/2021:06:42:34 +0100] "GET /images/mini_prod/3494157821026.jpg HTTP/1.1" 200 5185 "-" "Mozilla/5.0 (compatible; oBot/2.3.1; +http://www.xforce-security.com/crawler/)"
161.156.29.33 - - [02/Dec/2021:06:42:34 +0100] "GET /images/mini_prod/7316197616034.jpg HTTP/1.1" 200 8377 "-" "Mozilla/5.0 (compatible; oBot/2.3.1; +http://www.xforce-security.com/crawler/)"
161.156.29.33 - - [02/Dec/2021:06:42:34 +0100] "GET /images/mini_prod/3700276274453.jpg HTTP/1.1" 200 8068 "-" "Mozilla/5.0 (compatible; oBot/2.3.1; +http://www.xforce-security.com/crawler/)"
161.156.29.33 - - [02/Dec/2021:06:42:34 +0100] "GET /images/mini_prod/3565750295870.jpg HTTP/1.1" 200 9034 "-" "Mozilla/5.0 (compatible; oBot/2.3.1; +http://www.xforce-security.com/crawler/)"
161.156.29.33 - - [02/Dec/2021:06:42:34 +0100] "GET /images/mini_prod/3565750308785.jpg HTTP/1.1" 200 11653 "-" "Mozilla/5.0 (compatible; oBot/2.3.1; +http://www.xforce-security.com/crawler/)"
161.156.29.33 - - [02/Dec/2021:06:42:34 +0100] "GET /images/mini_prod/3565750308792.jpg HTTP/1.1" 200 9010 "-" "Mozilla/5.0 (compatible; oBot/2.3.1; +http://www.xforce-security.com/crawler/)"
161.156.29.33 - - [02/Dec/2021:06:42:34 +0100] "GET /images/mini_prod/3565750308778.jpg HTTP/1.1" 200 9750 "-" "Mozilla/5.0 (compatible; oBot/2.3.1; +http://www.xforce-security.com/crawler/)"
161.156.29.33 - - [02/Dec/2021:06:42:35 +0100] "GET /images/mini_prod/3565750308808.jpg HTTP/1.1" 200 7452 "-" "Mozilla/5.0 (compatible; oBot/2.3.1; +http://www.xforce-security.com/crawler/)"
161.156.29.33 - - [02/Dec/2021:06:42:35 +0100] "GET /images/mini_prod/5601392310972.jpg HTTP/1.1" 200 7621 "-" "Mozilla/5.0 (compatible; oBot/2.3.1; +http://www.xforce-security.com/crawler/)"
161.156.29.33 - - [02/Dec/2021:06:42:35 +0100] "GET /images/mini_prod/3700276274149.jpg HTTP/1.1" 200 8354 "-" "Mozilla/5.0 (compatible; oBot/2.3.1; +http://www.xforce-security.com/crawler/)"
161.156.29.33 - - [02/Dec/2021:06:42:35 +0100] "GET /images/mini_prod/7316197616027.jpg HTTP/1.1" 200 8029 "-" "Mozilla/5.0 (compatible; oBot/2.3.1; +http://www.xforce-security.com/crawler/)"
161.156.29.33 - - [02/Dec/2021:06:42:35 +0100] "GET /images/mini_prod/8422535757310.jpg HTTP/1.1" 200 8326 "-" "Mozilla/5.0 (compatible; oBot/2.3.1; +http://www.xforce-security.com/crawler/)"
161.156.29.33 - - [02/Dec/2021:06:42:35 +0100] "GET /images/mini_prod/020507_123955_PEEL_fkZscm.jpg HTTP/1.1" 200 16462 "-" "Mozilla/5.0 (compatible; oBot/2.3.1; +http://www.xforce-security.com/crawler/)"
161.156.29.33 - - [02/Dec/2021:06:42:35 +0100] "GET /images/mini_prod/5899913831666.jpg HTTP/1.1" 200 5189 "-" "Mozilla/5.0 (compatible; oBot/2.3.1; +http://www.xforce-security.com/crawler/)"
161.156.29.33 - - [02/Dec/2021:06:42:37 +0100] "GET /images/big_prod/1384010184646.jpg HTTP/1.1" 200 72204 "-" "Mozilla/5.0 (compatible; oBot/2.3.1; +http://www.xforce-security.com/crawler/)"
161.156.29.33 - - [02/Dec/2021:06:42:57 +0100] "GET /images/mini_prod/8712159172386.jpg HTTP/1.1" 200 8843 "-" "Mozilla/5.0 (compatible; oBot/2.3.1; +http://www.xforce-security.com/crawler/)"
161.156.29.33 - - [02/Dec/2021:06:42:57 +0100] "GET /images/mini_prod/8712159172294.jpg HTTP/1.1" 200 8578 "-" "Mozilla/5.0 (compatible; oBot/2.3.1; +http://www.xforce-security.com/crawler/)"
161.156.29.33 - - [02/Dec/2021:06:42:57 +0100] "GET /images/mini_prod/8712159171877.jpg HTTP/1.1" 200 8043 "-" "Mozilla/5.0 (compatible; oBot/2.3.1; +http://www.xforce-security.com/crawler/)"
161.156.29.33 - - [02/Dec/2021:06:42:57 +0100] "GET /images/mini_prod/3700281659689.jpg HTTP/1.1" 200 5101 "-" "Mozilla/5.0 (compatible; oBot/2.3.1; +http://www.xforce-security.com/crawler/)"
161.156.29.33 - - [02/Dec/2021:06:42:57 +0100] "GET /images/mini_prod/8720088298008.jpg HTTP/1.1" 200 4922 "-" "Mozilla/5.0 (compatible; oBot/2.3.1; +http://www.xforce-security.com/crawler/)"
161.156.29.33 - - [02/Dec/2021:06:42:57 +0100] "GET /images/mini_prod/8720088297995.jpg HTTP/1.1" 200 7821 "-" "Mozilla/5.0 (compatible; oBot/2.3.1; +http://www.xforce-security.com/crawler/)"
161.156.29.33 - - [02/Dec/2021:06:42:57 +0100] "GET /images/mini_prod/4250255840463.jpg HTTP/1.1" 200 4132 "-" "Mozilla/5.0 (compatible; oBot/2.3.1; +http://www.xforce-security.com/crawler/)"
161.156.29.33 - - [02/Dec/2021:06:42:57 +0100] "GET /images/mini_prod/4250255840470.jpg HTTP/1.1" 200 4011 "-" "Mozilla/5.0 (compatible; oBot/2.3.1; +http://www.xforce-security.com/crawler/)"
161.156.29.33 - - [02/Dec/2021:06:42:57 +0100] "GET /images/mini_prod/4250255840456.jpg HTTP/1.1" 200 4399 "-" "Mozilla/5.0 (compatible; oBot/2.3.1; +http://www.xforce-security.com/crawler/)"
161.156.29.33 - - [02/Dec/2021:06:42:57 +0100] "GET /images/mini_prod/3700281652789.jpg HTTP/1.1" 200 6735 "-" "Mozilla/5.0 (compatible; oBot/2.3.1; +http://www.xforce-security.com/crawler/)"
161.156.29.33 - - [02/Dec/2021:06:42:57 +0100] "GET /images/mini_prod/3503420131004.jpg HTTP/1.1" 200 6674 "-" "Mozilla/5.0 (compatible; oBot/2.3.1; +http://www.xforce-security.com/crawler/)"
161.156.29.33 - - [02/Dec/2021:06:42:57 +0100] "GET /images/mini_prod/8720088297964.jpg HTTP/1.1" 200 4924 "-" "Mozilla/5.0 (compatible; oBot/2.3.1; +http://www.xforce-security.com/crawler/)"
161.156.29.33 - - [02/Dec/2021:06:42:58 +0100] "GET /images/mini_prod/8720088297957.jpg HTTP/1.1" 200 4481 "-" "Mozilla/5.0 (compatible; oBot/2.3.1; +http://www.xforce-security.com/crawler/)"
161.156.29.33 - - [02/Dec/2021:06:42:58 +0100] "GET /images/mini_prod/3700281650532.jpg HTTP/1.1" 200 8799 "-" "Mozilla/5.0 (compatible; oBot/2.3.1; +http://www.xforce-security.com/crawler/)"
161.156.29.33 - - [02/Dec/2021:06:42:58 +0100] "GET /images/mini_prod/8718657461090C.jpg HTTP/1.1" 200 3672 "-" "Mozilla/5.0 (compatible; oBot/2.3.1; +http://www.xforce-security.com/crawler/)"
161.156.29.33 - - [02/Dec/2021:06:42:58 +0100] "GET /images/mini_prod/8718657461168.jpg HTTP/1.1" 200 3585 "-" "Mozilla/5.0 (compatible; oBot/2.3.1; +http://www.xforce-security.com/crawler/)"
161.156.29.33 - - [02/Dec/2021:06:42:59 +0100] "GET /images/mini_prod/BB7601019993487B.jpg HTTP/1.1" 200 6423 "-" "Mozilla/5.0 (compatible; oBot/2.3.1; +http://www.xforce-security.com/crawler/)"
161.156.29.33 - - [02/Dec/2021:06:42:59 +0100] "GET /images/mini_prod/7601019991704.jpg HTTP/1.1" 200 5190 "-" "Mozilla/5.0 (compatible; oBot/2.3.1; +http://www.xforce-security.com/crawler/)"
161.156.29.33 - - [02/Dec/2021:06:42:59 +0100] "GET /images/mini_prod/7601019991711.jpg HTTP/1.1" 200 8442 "-" "Mozilla/5.0 (compatible; oBot/2.3.1; +http://www.xforce-security.com/crawler/)"
161.156.29.33 - - [02/Dec/2021:06:42:59 +0100] "GET /images/mini_prod/7601019991797.jpg HTTP/1.1" 200 7232 "-" "Mozilla/5.0 (compatible; oBot/2.3.1; +http://www.xforce-security.com/crawler/)"
161.156.29.33 - - [02/Dec/2021:06:43:04 +0100] "GET /images/mini_prod/4029811325313.jpg HTTP/1.1" 200 9920 "-" "Mozilla/5.0 (compatible; oBot/2.3.1; +http://www.xforce-security.com/crawler/)"
161.156.29.33 - - [02/Dec/2021:06:43:04 +0100] "GET /images/mini_prod/img25630.gif HTTP/1.1" 200 10428 "-" "Mozilla/5.0 (compatible; oBot/2.3.1; +http://www.xforce-security.com/crawler/)"
161.156.29.33 - - [02/Dec/2021:06:43:04 +0100] "GET /images/mini_prod/078257582280.jpg HTTP/1.1" 200 10395 "-" "Mozilla/5.0 (compatible; oBot/2.3.1; +http://www.xforce-security.com/crawler/)"
161.156.29.33 - - [02/Dec/2021:06:43:04 +0100] "GET /images/mini_prod/8421440076059.jpg HTTP/1.1" 200 9662 "-" "Mozilla/5.0 (compatible; oBot/2.3.1; +http://www.xforce-security.com/crawler/)"
161.156.29.33 - - [02/Dec/2021:06:43:04 +0100] "GET /images/mini_prod/6942138906110.jpg HTTP/1.1" 200 9983 "-" "Mozilla/5.0 (compatible; oBot/2.3.1; +http://www.xforce-security.com/crawler/)"
161.156.29.33 - - [02/Dec/2021:06:43:04 +0100] "GET /images/mini_prod/8421440013221.jpg HTTP/1.1" 200 10404 "-" "Mozilla/5.0 (compatible; oBot/2.3.1; +http://www.xforce-security.com/crawler/)"
161.156.29.33 - - [02/Dec/2021:06:43:04 +0100] "GET /images/mini_prod/8001011164813.jpg HTTP/1.1" 200 8232 "-" "Mozilla/5.0 (compatible; oBot/2.3.1; +http://www.xforce-security.com/crawler/)"
161.156.29.33 - - [02/Dec/2021:06:43:04 +0100] "GET /images/mini_prod/3437018505000.jpg HTTP/1.1" 200 6035 "-" "Mozilla/5.0 (compatible; oBot/2.3.1; +http://www.xforce-security.com/crawler/)"
161.156.29.33 - - [02/Dec/2021:06:43:04 +0100] "GET /images/mini_prod/5701359740467.jpg HTTP/1.1" 200 7554 "-" "Mozilla/5.0 (compatible; oBot/2.3.1; +http://www.xforce-security.com/crawler/)"
161.156.29.33 - - [02/Dec/2021:06:43:04 +0100] "GET /images/mini_prod/4029811325320.jpg HTTP/1.1" 200 9866 "-" "Mozilla/5.0 (compatible; oBot/2.3.1; +http://www.xforce-security.com/crawler/)"
161.156.29.33 - - [02/Dec/2021:06:43:06 +0100] "GET /images/mini_prod/8029759070555.jpg HTTP/1.1" 200 7490 "-" "Mozilla/5.0 (compatible; oBot/2.3.1; +http://www.xforce-security.com/crawler/)"
161.156.29.33 - - [02/Dec/2021:06:43:06 +0100] "GET /images/mini_prod/1399984247167.jpg HTTP/1.1" 200 5891 "-" "Mozilla/5.0 (compatible; oBot/2.3.1; +http://www.xforce-security.com/crawler/)"
161.156.29.33 - - [02/Dec/2021:06:43:06 +0100] "GET /images/mini_prod/1399984243404.jpg HTTP/1.1" 200 4847 "-" "Mozilla/5.0 (compatible; oBot/2.3.1; +http://www.xforce-security.com/crawler/)"
161.156.29.33 - - [02/Dec/2021:06:43:06 +0100] "GET /images/mini_prod/1399984243718.jpg HTTP/1.1" 200 5618 "-" "Mozilla/5.0 (compatible; oBot/2.3.1; +http://www.xforce-security.com/crawler/)"
161.156.29.33 - - [02/Dec/2021:06:43:06 +0100] "GET /images/mini_prod/1399984244142.jpg HTTP/1.1" 200 4035 "-" "Mozilla/5.0 (compatible; oBot/2.3.1; +http://www.xforce-security.com/crawler/)"
161.156.29.33 - - [02/Dec/2021:06:43:06 +0100] "GET /images/mini_prod/1399984244173.jpg HTTP/1.1" 200 4387 "-" "Mozilla/5.0 (compatible; oBot/2.3.1; +http://www.xforce-security.com/crawler/)"
161.156.29.33 - - [02/Dec/2021:06:43:06 +0100] "GET /images/mini_prod/1399984244166.jpg HTTP/1.1" 200 4014 "-" "Mozilla/5.0 (compatible; oBot/2.3.1; +http://www.xforce-security.com/crawler/)"
161.156.29.33 - - [02/Dec/2021:06:43:06 +0100] "GET /images/mini_prod/3700276281796.jpg HTTP/1.1" 200 8279 "-" "Mozilla/5.0 (compatible; oBot/2.3.1; +http://www.xforce-security.com/crawler/)"
161.156.29.33 - - [02/Dec/2021:06:43:11 +0100] "GET /images/mini_prod/PAPIER-DECHIRE-30_COUSSIN-30-05.jpg HTTP/1.1" 200 6755 "-" "Mozilla/5.0 (compatible; oBot/2.3.1; +http://www.xforce-security.com/crawler/)"
161.156.29.33 - - [02/Dec/2021:06:43:11 +0100] "GET /images/mini_prod/ST-VALENTIN-09.jpg HTTP/1.1" 200 6113 "-" "Mozilla/5.0 (compatible; oBot/2.3.1; +http://www.xforce-security.com/crawler/)"
161.156.29.33 - - [02/Dec/2021:06:43:11 +0100] "GET /images/mini_prod/ST-VALENTIN-11.jpg HTTP/1.1" 200 6215 "-" "Mozilla/5.0 (compatible; oBot/2.3.1; +http://www.xforce-security.com/crawler/)"
161.156.29.33 - - [02/Dec/2021:06:43:11 +0100] "GET /images/mini_prod/MISES-EN-SITUATION-09.jpg HTTP/1.1" 200 6127 "-" "Mozilla/5.0 (compatible; oBot/2.3.1; +http://www.xforce-security.com/crawler/)"
161.156.29.33 - - [02/Dec/2021:06:43:12 +0100] "GET /images/mini_prod/MISES-EN-SITUATION-11.jpg HTTP/1.1" 200 7010 "-" "Mozilla/5.0 (compatible; oBot/2.3.1; +http://www.xforce-security.com/crawler/)"
54.36.148.184 - - [02/Dec/2021:06:43:26 +0100] "GET /images/big_prod_1/1328399294992B.jpg HTTP/1.1" 200 57511 "-" "Mozilla/5.0 (compatible; AhrefsBot/7.0; +http://ahrefs.com/robot/)"
20.109.131.231 - - [02/Dec/2021:06:43:30 +0100] "GET /images/3784222266501k.jpg HTTP/1.1" 200 42259 "-" "Mozilla/5.0 (Windows NT 6.1; WOW64) AppleWebKit/537.36 (KHTML, like Gecko) Chrome/45.0.2454.101 Safari/537.36"
40.77.167.66 - - [02/Dec/2021:06:44:07 +0100] "GET /images/mini_prod/3609810085220.jpg HTTP/1.1" 200 6776 "-" "Mozilla/5.0 (compatible; bingbot/2.0; +http://www.bing.com/bingbot.htm)"
20.109.132.176 - - [02/Dec/2021:06:44:41 +0100] "GET /images/big_prod/8718375752609.jpg HTTP/1.1" 200 165475 "-" "Mozilla/4.0 (compatible; MSIE 7.0; Windows NT 6.0)"
66.249.68.42 - - [02/Dec/2021:06:46:28 +0100] "GET /images/mini_prod/8433933251492.jpg HTTP/1.1" 200 5897 "-" "Googlebot-Image/1.0"
157.90.177.217 - - [02/Dec/2021:06:46:32 +0100] "GET /robots.txt HTTP/1.1" 304 0 "-" "Mozilla/5.0 (compatible; BLEXBot/1.0; +http://webmeup-crawler.com/)"
114.119.128.34 - - [02/Dec/2021:06:47:13 +0100] "GET /images/mini_prod/1328399296118.jpg HTTP/1.1" 200 3951 "-" "Mozilla/5.0 (Linux; Android 7.0;) AppleWebKit/537.36 (KHTML, like Gecko) Mobile Safari/537.36 (compatible; PetalBot;+https://webmaster.petalsearch.com/site/petalbot)"
207.46.13.202 - - [02/Dec/2021:06:48:43 +0100] "GET /images/4029811317363.jpg HTTP/1.1" 200 136907 "-" "Mozilla/5.0 (compatible; bingbot/2.0; +http://www.bing.com/bingbot.htm)"
114.119.128.26 - - [02/Dec/2021:06:48:44 +0100] "GET /images/big_prod_1/3609810072107a.jpg HTTP/1.1" 200 266097 "-" "Mozilla/5.0 (Linux; Android 7.0;) AppleWebKit/537.36 (KHTML, like Gecko) Mobile Safari/537.36 (compatible; PetalBot;+https://webmaster.petalsearch.com/site/petalbot)"
20.109.134.252 - - [02/Dec/2021:06:48:50 +0100] "GET /images/big_prod_4/3665269065916f.jpg HTTP/1.1" 200 171708 "-" "Mozilla/5.0 (Windows NT 10.0; WOW64) AppleWebKit/537.36 (KHTML, like Gecko) Chrome/64.0.3282.186 Safari/537.36"
20.109.134.252 - - [02/Dec/2021:06:49:35 +0100] "GET /images/big_prod/3296580363605.jpg HTTP/1.1" 200 159918 "-" "Mozilla/5.0 (X11; Linux x86_64) AppleWebKit/537.36 (KHTML, like Gecko) Chrome/62.0.3202.62 Safari/537.36"
54.36.149.69 - - [02/Dec/2021:06:49:54 +0100] "GET /images/big_prod_2/1328399294992C.jpg HTTP/1.1" 200 142345 "-" "Mozilla/5.0 (compatible; AhrefsBot/7.0; +http://ahrefs.com/robot/)"
20.109.134.228 - - [02/Dec/2021:06:50:52 +0100] "GET /images/big_prod_1/942GJ02b.jpg HTTP/1.1" 200 122001 "-" "Mozilla/4.0 (compatible; MSIE 7.0; Windows NT 6.0)"
157.55.39.228 - - [02/Dec/2021:06:51:41 +0100] "GET /images/med_prod/8435306284311.jpg HTTP/1.1" 200 76571 "-" "Mozilla/5.0 (compatible; bingbot/2.0; +http://www.bing.com/bingbot.htm)"
20.109.132.176 - - [02/Dec/2021:06:53:34 +0100] "GET /images/big_prod/5051276207131.jpg HTTP/1.1" 200 95899 "-" "Mozilla/5.0 (X11; Linux x86_64) AppleWebKit/537.36 (KHTML, like Gecko) Chrome/62.0.3202.62 Safari/537.36"
157.55.39.125 - - [02/Dec/2021:06:55:18 +0100] "GET /images/3700653502087.jpg HTTP/1.1" 200 19452 "-" "Mozilla/5.0 (compatible; bingbot/2.0; +http://www.bing.com/bingbot.htm)"
20.109.132.36 - - [02/Dec/2021:06:56:39 +0100] "GET /images/big_prod/3520071526188.jpg HTTP/1.1" 200 92807 "-" "Mozilla/4.0 (compatible; MSIE 7.0; Windows NT 6.0)"
157.90.177.217 - - [02/Dec/2021:06:56:40 +0100] "GET /robots.txt HTTP/1.1" 304 0 "-" "Mozilla/5.0 (compatible; BLEXBot/1.0; +http://webmeup-crawler.com/)"
216.244.66.242 - - [02/Dec/2021:06:56:53 +0100] "GET /robots.txt HTTP/1.1" 200 2438 "-" "Mozilla/5.0 (compatible; DotBot/1.2; +https://opensiteexplorer.org/dotbot; help@moz.com)"
216.244.66.242 - - [02/Dec/2021:06:56:53 +0100] "GET /robots.txt HTTP/1.1" 200 2438 "-" "Mozilla/5.0 (compatible; DotBot/1.2; +https://opensiteexplorer.org/dotbot; help@moz.com)"
114.119.128.37 - - [02/Dec/2021:06:57:18 +0100] "GET /images/big_prod/5400924139285.jpg HTTP/1.1" 200 293882 "-" "Mozilla/5.0 (Linux; Android 7.0;) AppleWebKit/537.36 (KHTML, like Gecko) Mobile Safari/537.36 (compatible; PetalBot;+https://webmaster.petalsearch.com/site/petalbot)"
