66.249.68.38 - - [02/Dec/2021:06:59:33 +0100] "GET /images/big_prod/3609810062054.jpg HTTP/1.1" 200 93871 "-" "Googlebot-Image/1.0"
77.76.177.141 - - [02/Dec/2021:07:00:26 +0100] "GET /templates/Pixame_v1/images/Middle_texture.jpg HTTP/1.1" 200 249620 "http://www.wonder-geek.com/templates/Pixame_v1/stylesheet.css" "Mozilla/5.0 (Linux; Android 11; RMX1993) AppleWebKit/537.36 (KHTML, like Gecko) Chrome/96.0.4664.45 Mobile Safari/537.36"
20.109.134.252 - - [02/Dec/2021:07:00:39 +0100] "GET /images/big_prod/3660173212029.jpg HTTP/1.1" 200 51848 "-" "Mozilla/5.0 (Macintosh; U; PPC Mac OS X 10.5; en-US; rv:1.9.2.15) Gecko/20110303 Firefox/3.6.15"
165.154.72.231 - - [02/Dec/2021:07:01:36 +0100] "GET /images/mini_prod/1399984284612.jpg HTTP/1.1" 200 6400 "-" "Mozilla/5.0 (X11; Ubuntu; Linux x86_64; rv:72.0) Gecko/20100101 Firefox/72.0"
114.119.128.253 - - [02/Dec/2021:07:03:06 +0100] "GET /images/mini_prod/1020322298588.jpg HTTP/1.1" 200 8522 "-" "Mozilla/5.0 (Linux; Android 7.0;) AppleWebKit/537.36 (KHTML, like Gecko) Mobile Safari/537.36 (compatible; PetalBot;+https://webmaster.petalsearch.com/site/petalbot)"
157.55.39.125 - - [02/Dec/2021:07:03:19 +0100] "GET /images/8435306246456.jpg HTTP/1.1" 200 75807 "-" "Mozilla/5.0 (compatible; bingbot/2.0; +http://www.bing.com/bingbot.htm)"
17.121.113.47 - - [02/Dec/2021:07:05:44 +0100] "GET /images/mini_prod/3453131138796.jpg HTTP/1.1" 200 5409 "-" "Mozilla/5.0 (Macintosh; Intel Mac OS X 10_15_5) AppleWebKit/605.1.15 (KHTML, like Gecko) Version/13.1.1 Safari/605.1.15 (Applebot/0.1; +http://www.apple.com/go/applebot)"
20.109.134.228 - - [02/Dec/2021:07:05:57 +0100] "GET /images/big_prod/1374040548082.jpg HTTP/1.1" 200 35349 "-" "Mozilla/5.0 (Windows NT 10.0; WOW64) AppleWebKit/537.36 (KHTML, like Gecko) Chrome/64.0.3282.186 Safari/537.36"
157.90.177.217 - - [02/Dec/2021:07:06:48 +0100] "GET /robots.txt HTTP/1.1" 304 0 "-" "Mozilla/5.0 (compatible; BLEXBot/1.0; +http://webmeup-crawler.com/)"
114.119.128.39 - - [02/Dec/2021:07:07:25 +0100] "GET /images/mini_prod/8719172832136b.jpg HTTP/1.1" 200 3506 "-" "Mozilla/5.0 (Linux; Android 7.0;) AppleWebKit/537.36 (KHTML, like Gecko) Mobile Safari/537.36 (compatible; PetalBot;+https://webmaster.petalsearch.com/site/petalbot)"
165.154.72.231 - - [02/Dec/2021:07:07:26 +0100] "GET /images/mini_prod/1361623281047.jpg HTTP/1.1" 200 5324 "-" "Mozilla/5.0 (X11; Ubuntu; Linux x86_64; rv:72.0) Gecko/20100101 Firefox/72.0"
5.255.253.187 - - [02/Dec/2021:07:09:13 +0100] "GET /robots.txt HTTP/1.1" 200 2438 "-" "Mozilla/5.0 (compatible; YandexBot/3.0; +http://yandex.com/bots)"
5.255.253.187 - - [02/Dec/2021:07:09:17 +0100] "GET /images/9316188041409.jpg HTTP/1.1" 200 36858 "-" "Mozilla/5.0 (compatible; YandexImages/3.0; +http://yandex.com/bots)"
5.255.253.187 - - [02/Dec/2021:07:09:21 +0100] "GET /images/DSCN0944b.jpg HTTP/1.1" 200 33251 "-" "Mozilla/5.0 (compatible; YandexImages/3.0; +http://yandex.com/bots)"
66.152.168.234 - - [02/Dec/2021:07:09:37 +0100] "GET /images/mini_prod/1399984241813.jpg HTTP/1.1" 200 6456 "-" "Mozilla/5.0 (X11; Ubuntu; Linux x86_64; rv:72.0) Gecko/20100101 Firefox/72.0"
5.55.109.1 - - [02/Dec/2021:07:10:25 +0100] "GET /js/jquery.jqzoom.js HTTP/1.1" 200 4761 "http://www.wonder-geek.com/mini-wireless-speaker-vintage-microphone-p-47524.html" "Mozilla/5.0 (Windows NT 10.0; Win64; x64; rv:89.0) Gecko/20100101 Firefox/89.0"
5.55.109.1 - - [02/Dec/2021:07:10:25 +0100] "GET /highslide/highslide.js HTTP/1.1" 200 42909 "http://www.wonder-geek.com/mini-wireless-speaker-vintage-microphone-p-47524.html" "Mozilla/5.0 (Windows NT 10.0; Win64; x64; rv:89.0) Gecko/20100101 Firefox/89.0"
5.55.109.1 - - [02/Dec/2021:07:10:25 +0100] "GET /js/jquery.js HTTP/1.1" 200 54075 "http://www.wonder-geek.com/mini-wireless-speaker-vintage-microphone-p-47524.html" "Mozilla/5.0 (Windows NT 10.0; Win64; x64; rv:89.0) Gecko/20100101 Firefox/89.0"
5.55.109.1 - - [02/Dec/2021:07:10:25 +0100] "GET /templates/Pixame_v1/stylesheet.css HTTP/1.1" 200 56057 "http://www.wonder-geek.com/mini-wireless-speaker-vintage-microphone-p-47524.html" "Mozilla/5.0 (Windows NT 10.0; Win64; x64; rv:89.0) Gecko/20100101 Firefox/89.0"
5.55.109.1 - - [02/Dec/2021:07:10:25 +0100] "GET /mondial_relay/js/jquery-1.3.2.min.js HTTP/1.1" 200 57254 "http://www.wonder-geek.com/mini-wireless-speaker-vintage-microphone-p-47524.html" "Mozilla/5.0 (Windows NT 10.0; Win64; x64; rv:89.0) Gecko/20100101 Firefox/89.0"
5.55.109.1 - - [02/Dec/2021:07:10:25 +0100] "GET /templates/Pixame_v1/images/icon_accueil2.png HTTP/1.1" 200 1137 "http://www.wonder-geek.com/mini-wireless-speaker-vintage-microphone-p-47524.html" "Mozilla/5.0 (Windows NT 10.0; Win64; x64; rv:89.0) Gecko/20100101 Firefox/89.0"
5.55.109.1 - - [02/Dec/2021:07:10:25 +0100] "GET /templates/Pixame_v1/images/nav.png HTTP/1.1" 200 1283 "http://www.wonder-geek.com/templates/Pixame_v1/stylesheet.css" "Mozilla/5.0 (Windows NT 10.0; Win64; x64; rv:89.0) Gecko/20100101 Firefox/89.0"
5.55.109.1 - - [02/Dec/2021:07:10:25 +0100] "GET /images/big_prod/3660173208824.jpg HTTP/1.1" 200 54796 "http://www.wonder-geek.com/mini-wireless-speaker-vintage-microphone-p-47524.html" "Mozilla/5.0 (Windows NT 10.0; Win64; x64; rv:89.0) Gecko/20100101 Firefox/89.0"
5.55.109.1 - - [02/Dec/2021:07:10:25 +0100] "GET /templates/Pixame_v1/images/Bottom_texture.jpg HTTP/1.1" 200 56290 "http://www.wonder-geek.com/templates/Pixame_v1/stylesheet.css" "Mozilla/5.0 (Windows NT 10.0; Win64; x64; rv:89.0) Gecko/20100101 Firefox/89.0"
5.55.109.1 - - [02/Dec/2021:07:10:25 +0100] "GET /images/big_prod_1/3660173208824a.jpg HTTP/1.1" 200 72730 "http://www.wonder-geek.com/mini-wireless-speaker-vintage-microphone-p-47524.html" "Mozilla/5.0 (Windows NT 10.0; Win64; x64; rv:89.0) Gecko/20100101 Firefox/89.0"
5.55.109.1 - - [02/Dec/2021:07:10:25 +0100] "GET /design/productsenstock.png HTTP/1.1" 200 4743 "http://www.wonder-geek.com/templates/Pixame_v1/stylesheet.css" "Mozilla/5.0 (Windows NT 10.0; Win64; x64; rv:89.0) Gecko/20100101 Firefox/89.0"
5.55.109.1 - - [02/Dec/2021:07:10:25 +0100] "GET /templates/Pixame_v1/images/header.png HTTP/1.1" 200 70245 "http://www.wonder-geek.com/templates/Pixame_v1/stylesheet.css" "Mozilla/5.0 (Windows NT 10.0; Win64; x64; rv:89.0) Gecko/20100101 Firefox/89.0"
5.55.109.1 - - [02/Dec/2021:07:10:25 +0100] "GET /templates/Pixame_v1/images/flash.swf HTTP/1.1" 200 2868 "http://www.wonder-geek.com/mini-wireless-speaker-vintage-microphone-p-47524.html" "Mozilla/5.0 (Windows NT 10.0; Win64; x64; rv:89.0) Gecko/20100101 Firefox/89.0"
5.55.109.1 - - [02/Dec/2021:07:10:25 +0100] "GET /templates/Pixame_v1/images/buttons/english/button_in_cart.gif HTTP/1.1" 200 1212 "http://www.wonder-geek.com/mini-wireless-speaker-vintage-microphone-p-47524.html" "Mozilla/5.0 (Windows NT 10.0; Win64; x64; rv:89.0) Gecko/20100101 Firefox/89.0"
5.55.109.1 - - [02/Dec/2021:07:10:26 +0100] "GET /templates/Pixame_v1/images/header-object.png HTTP/1.1" 200 106050 "http://www.wonder-geek.com/templates/Pixame_v1/stylesheet.css" "Mozilla/5.0 (Windows NT 10.0; Win64; x64; rv:89.0) Gecko/20100101 Firefox/89.0"
114.119.128.40 - - [02/Dec/2021:07:10:26 +0100] "GET /images/big_prod_2/3700281656602C.jpg HTTP/1.1" 200 817637 "-" "Mozilla/5.0 (Linux; Android 7.0;) AppleWebKit/537.36 (KHTML, like Gecko) Mobile Safari/537.36 (compatible; PetalBot;+https://webmaster.petalsearch.com/site/petalbot)"
5.55.109.1 - - [02/Dec/2021:07:10:26 +0100] "GET /favicon.ico HTTP/1.1" 200 1591 "http://www.wonder-geek.com/mini-wireless-speaker-vintage-microphone-p-47524.html" "Mozilla/5.0 (Windows NT 10.0; Win64; x64; rv:89.0) Gecko/20100101 Firefox/89.0"
5.55.109.1 - - [02/Dec/2021:07:10:26 +0100] "GET /templates/Pixame_v1/images/Middle_texture.jpg HTTP/1.1" 200 249620 "http://www.wonder-geek.com/templates/Pixame_v1/stylesheet.css" "Mozilla/5.0 (Windows NT 10.0; Win64; x64; rv:89.0) Gecko/20100101 Firefox/89.0"
5.55.109.1 - - [02/Dec/2021:07:10:26 +0100] "GET /highslide/graphics/outlines/drop-shadow.png HTTP/1.1" 200 2022 "http://www.wonder-geek.com/mini-wireless-speaker-vintage-microphone-p-47524.html" "Mozilla/5.0 (Windows NT 10.0; Win64; x64; rv:89.0) Gecko/20100101 Firefox/89.0"
5.55.109.1 - - [02/Dec/2021:07:11:05 +0100] "GET /images/mini_prod/3760121797735.jpg HTTP/1.1" 200 12244 "http://www.wonder-geek.com/small-appliances-hifi-c-13_88.html" "Mozilla/5.0 (Windows NT 10.0; Win64; x64; rv:89.0) Gecko/20100101 Firefox/89.0"
5.55.109.1 - - [02/Dec/2021:07:11:05 +0100] "GET /images/mini_prod/3660173151304.jpg HTTP/1.1" 200 6527 "http://www.wonder-geek.com/small-appliances-hifi-c-13_88.html" "Mozilla/5.0 (Windows NT 10.0; Win64; x64; rv:89.0) Gecko/20100101 Firefox/89.0"
5.55.109.1 - - [02/Dec/2021:07:11:05 +0100] "GET /images/mini_prod/7321950234301.jpg HTTP/1.1" 200 11218 "http://www.wonder-geek.com/small-appliances-hifi-c-13_88.html" "Mozilla/5.0 (Windows NT 10.0; Win64; x64; rv:89.0) Gecko/20100101 Firefox/89.0"
5.55.109.1 - - [02/Dec/2021:07:11:05 +0100] "GET /images/mini_prod/3660173124520.jpg HTTP/1.1" 200 6595 "http://www.wonder-geek.com/small-appliances-hifi-c-13_88.html" "Mozilla/5.0 (Windows NT 10.0; Win64; x64; rv:89.0) Gecko/20100101 Firefox/89.0"
5.55.109.1 - - [02/Dec/2021:07:11:05 +0100] "GET /images/mini_prod/1399984255629.jpg HTTP/1.1" 200 7274 "http://www.wonder-geek.com/small-appliances-hifi-c-13_88.html" "Mozilla/5.0 (Windows NT 10.0; Win64; x64; rv:89.0) Gecko/20100101 Firefox/89.0"
5.55.109.1 - - [02/Dec/2021:07:11:05 +0100] "GET /js/jquery.masonry.min.js HTTP/1.1" 200 5392 "http://www.wonder-geek.com/small-appliances-hifi-c-13_88.html" "Mozilla/5.0 (Windows NT 10.0; Win64; x64; rv:89.0) Gecko/20100101 Firefox/89.0"
5.55.109.1 - - [02/Dec/2021:07:11:05 +0100] "GET /js/modernizr-transitions.js HTTP/1.1" 200 2026 "http://www.wonder-geek.com/small-appliances-hifi-c-13_88.html" "Mozilla/5.0 (Windows NT 10.0; Win64; x64; rv:89.0) Gecko/20100101 Firefox/89.0"
5.55.109.1 - - [02/Dec/2021:07:11:05 +0100] "GET /images/mini_prod/1399984255643.jpg HTTP/1.1" 200 7334 "http://www.wonder-geek.com/small-appliances-hifi-c-13_88.html" "Mozilla/5.0 (Windows NT 10.0; Win64; x64; rv:89.0) Gecko/20100101 Firefox/89.0"
5.55.109.1 - - [02/Dec/2021:07:11:05 +0100] "GET /images/mini_prod/3700276295700.jpg HTTP/1.1" 200 7548 "http://www.wonder-geek.com/small-appliances-hifi-c-13_88.html" "Mozilla/5.0 (Windows NT 10.0; Win64; x64; rv:89.0) Gecko/20100101 Firefox/89.0"
5.55.109.1 - - [02/Dec/2021:07:11:05 +0100] "GET /images/mini_prod/3660173208343.jpg HTTP/1.1" 200 7285 "http://www.wonder-geek.com/small-appliances-hifi-c-13_88.html" "Mozilla/5.0 (Windows NT 10.0; Win64; x64; rv:89.0) Gecko/20100101 Firefox/89.0"
5.55.109.1 - - [02/Dec/2021:07:11:05 +0100] "GET /images/mini_prod/3660173208367.jpg HTTP/1.1" 200 7542 "http://www.wonder-geek.com/small-appliances-hifi-c-13_88.html" "Mozilla/5.0 (Windows NT 10.0; Win64; x64; rv:89.0) Gecko/20100101 Firefox/89.0"
5.55.109.1 - - [02/Dec/2021:07:11:05 +0100] "GET /images/mini_prod/3661443603141.jpg HTTP/1.1" 200 8081 "http://www.wonder-geek.com/small-appliances-hifi-c-13_88.html" "Mozilla/5.0 (Windows NT 10.0; Win64; x64; rv:89.0) Gecko/20100101 Firefox/89.0"
5.55.109.1 - - [02/Dec/2021:07:11:05 +0100] "GET /images/mini_prod/3660173213934.jpg HTTP/1.1" 200 4313 "http://www.wonder-geek.com/small-appliances-hifi-c-13_88.html" "Mozilla/5.0 (Windows NT 10.0; Win64; x64; rv:89.0) Gecko/20100101 Firefox/89.0"
5.55.109.1 - - [02/Dec/2021:07:11:05 +0100] "GET /images/mini_prod/3660173208824.jpg HTTP/1.1" 200 4322 "http://www.wonder-geek.com/small-appliances-hifi-c-13_88.html" "Mozilla/5.0 (Windows NT 10.0; Win64; x64; rv:89.0) Gecko/20100101 Firefox/89.0"
5.55.109.1 - - [02/Dec/2021:07:11:05 +0100] "GET /images/mini_prod/3660173208350.jpg HTTP/1.1" 200 7132 "http://www.wonder-geek.com/small-appliances-hifi-c-13_88.html" "Mozilla/5.0 (Windows NT 10.0; Win64; x64; rv:89.0) Gecko/20100101 Firefox/89.0"
5.55.109.1 - - [02/Dec/2021:07:11:05 +0100] "GET /images/mini_prod/3661443901308.jpg HTTP/1.1" 200 5260 "http://www.wonder-geek.com/small-appliances-hifi-c-13_88.html" "Mozilla/5.0 (Windows NT 10.0; Win64; x64; rv:89.0) Gecko/20100101 Firefox/89.0"
5.55.109.1 - - [02/Dec/2021:07:11:05 +0100] "GET /images/mini_prod/4029811391929.jpg HTTP/1.1" 200 9363 "http://www.wonder-geek.com/small-appliances-hifi-c-13_88.html" "Mozilla/5.0 (Windows NT 10.0; Win64; x64; rv:89.0) Gecko/20100101 Firefox/89.0"
5.55.109.1 - - [02/Dec/2021:07:11:05 +0100] "GET /images/mini_prod/8424001118625B.jpg HTTP/1.1" 200 8114 "http://www.wonder-geek.com/small-appliances-hifi-c-13_88.html" "Mozilla/5.0 (Windows NT 10.0; Win64; x64; rv:89.0) Gecko/20100101 Firefox/89.0"
5.55.109.1 - - [02/Dec/2021:07:11:05 +0100] "GET /images/mini_prod/8424001118601B.jpg HTTP/1.1" 200 7612 "http://www.wonder-geek.com/small-appliances-hifi-c-13_88.html" "Mozilla/5.0 (Windows NT 10.0; Win64; x64; rv:89.0) Gecko/20100101 Firefox/89.0"
5.55.109.1 - - [02/Dec/2021:07:11:05 +0100] "GET /images/mini_prod/3660173176253.jpg HTTP/1.1" 200 8775 "http://www.wonder-geek.com/small-appliances-hifi-c-13_88.html" "Mozilla/5.0 (Windows NT 10.0; Win64; x64; rv:89.0) Gecko/20100101 Firefox/89.0"
5.55.109.1 - - [02/Dec/2021:07:11:05 +0100] "GET /images/mini_prod/3660173200040.jpg HTTP/1.1" 200 8625 "http://www.wonder-geek.com/small-appliances-hifi-c-13_88.html" "Mozilla/5.0 (Windows NT 10.0; Win64; x64; rv:89.0) Gecko/20100101 Firefox/89.0"
5.55.109.1 - - [02/Dec/2021:07:11:05 +0100] "GET /images/mini_prod/3660173200033.jpg HTTP/1.1" 200 7698 "http://www.wonder-geek.com/small-appliances-hifi-c-13_88.html" "Mozilla/5.0 (Windows NT 10.0; Win64; x64; rv:89.0) Gecko/20100101 Firefox/89.0"
17.121.113.61 - - [02/Dec/2021:07:12:05 +0100] "GET /images/big_prod_1/4036113307503A.jpg HTTP/1.1" 200 133407 "-" "Mozilla/5.0 (Macintosh; Intel Mac OS X 10_15_5) AppleWebKit/605.1.15 (KHTML, like Gecko) Version/13.1.1 Safari/605.1.15 (Applebot/0.1; +http://www.apple.com/go/applebot)"
149.248.7.213 - - [02/Dec/2021:07:13:03 +0100] "GET /images/mini_prod/1399984258194.jpg HTTP/1.1" 200 8780 "-" "Mozilla/5.0 (X11; Ubuntu; Linux x86_64; rv:72.0) Gecko/20100101 Firefox/72.0"
54.36.149.32 - - [02/Dec/2021:07:13:40 +0100] "GET /images/big_prod/8712159171877.jpg HTTP/1.1" 200 414117 "-" "Mozilla/5.0 (compatible; AhrefsBot/7.0; +http://ahrefs.com/robot/)"
20.109.134.229 - - [02/Dec/2021:07:14:32 +0100] "GET /images/big_prod/8422019282000.jpg HTTP/1.1" 200 188473 "-" "Mozilla/5.0 (Windows NT 6.1; WOW64) AppleWebKit/537.36 (KHTML, like Gecko) Chrome/45.0.2454.101 Safari/537.36"
207.46.13.202 - - [02/Dec/2021:07:14:36 +0100] "GET /images/B00316-copie.jpg HTTP/1.1" 200 30768 "-" "Mozilla/5.0 (compatible; bingbot/2.0; +http://www.bing.com/bingbot.htm)"
185.191.171.24 - - [02/Dec/2021:07:15:09 +0100] "GET /robots.txt HTTP/1.1" 200 2438 "-" "Mozilla/5.0 (compatible; SemrushBot/7~bl; +http://www.semrush.com/bot.html)"
17.121.113.168 - - [02/Dec/2021:07:16:20 +0100] "GET /images/mini_prod/3553567139166.jpg HTTP/1.1" 200 7202 "-" "Mozilla/5.0 (Macintosh; Intel Mac OS X 10_15_5) AppleWebKit/605.1.15 (KHTML, like Gecko) Version/13.1.1 Safari/605.1.15 (Applebot/0.1; +http://www.apple.com/go/applebot)"
157.90.177.217 - - [02/Dec/2021:07:16:48 +0100] "GET /robots.txt HTTP/1.1" 304 0 "-" "Mozilla/5.0 (compatible; BLEXBot/1.0; +http://webmeup-crawler.com/)"
202.61.253.63 - - [02/Dec/2021:07:17:31 +0100] "GET /robots.txt HTTP/1.1" 200 2438 "-" "Mozilla/5.0 (compatible; MJ12bot/v1.4.8; http://mj12bot.com/)"
20.109.132.165 - - [02/Dec/2021:07:18:45 +0100] "GET /images/big_prod/8720088296288.jpg HTTP/1.1" 200 66102 "-" "Mozilla/5.0 (X11; Linux x86_64) AppleWebKit/537.36 (KHTML, like Gecko) Chrome/62.0.3202.62 Safari/537.36"
20.109.134.229 - - [02/Dec/2021:07:18:55 +0100] "GET /images/med_prod/1345544787208.jpg HTTP/1.1" 200 89874 "-" "Mozilla/5.0 (Windows NT 10.0; ) Gecko/20100101 Firefox/61.0"
20.109.134.252 - - [02/Dec/2021:07:20:08 +0100] "GET /images/img25630.jpg HTTP/1.1" 200 24094 "-" "Mozilla/4.0 (compatible; MSIE 7.0; Windows NT 6.0)"
20.109.134.228 - - [02/Dec/2021:07:20:52 +0100] "GET /images/med_prod/8435306284311.jpg HTTP/1.1" 200 76571 "-" "Mozilla/5.0 (Windows NT 10.0; WOW64) AppleWebKit/537.36 (KHTML, like Gecko) Chrome/64.0.3282.186 Safari/537.36"
207.46.13.202 - - [02/Dec/2021:07:21:26 +0100] "GET /images/big_prod/3494150108834.jpg HTTP/1.1" 200 135107 "-" "Mozilla/5.0 (compatible; bingbot/2.0; +http://www.bing.com/bingbot.htm)"
140.205.80.107 - - [02/Dec/2021:07:21:55 +0100] "GET /images/mini_prod/100_4189.gif HTTP/1.1" 200 10830 "http://www.wonder-geek.com/girls-c-1.html" "YisouSpider"
64.233.173.241 - - [02/Dec/2021:07:22:46 +0100] "GET /images/big_prod/8718657465975.jpg HTTP/1.1" 200 83823 "-" "Mozilla/5.0 (Windows NT 5.1; rv:11.0) Gecko Firefox/11.0 (via ggpht.com GoogleImageProxy)"
20.109.133.1 - - [02/Dec/2021:07:23:15 +0100] "GET /images/big_prod/3503420077364.jpg HTTP/1.1" 200 73517 "-" "Mozilla/4.0 (compatible; MSIE 7.0; Windows NT 6.0)"
20.109.133.1 - - [02/Dec/2021:07:24:48 +0100] "GET /images/5203199036064.jpg HTTP/1.1" 200 37596 "-" "Mozilla/5.0 (X11; Linux x86_64) AppleWebKit/537.36 (KHTML, like Gecko) Chrome/62.0.3202.62 Safari/537.36"
20.109.132.138 - - [02/Dec/2021:07:26:12 +0100] "GET /images/4025055902754.jpg HTTP/1.1" 200 38656 "-" "Mozilla/5.0 (Windows NT 10.0; WOW64) AppleWebKit/537.36 (KHTML, like Gecko) Chrome/68.0.3440.106 Safari/537.36"
157.90.177.217 - - [02/Dec/2021:07:26:50 +0100] "GET /robots.txt HTTP/1.1" 304 0 "-" "Mozilla/5.0 (compatible; BLEXBot/1.0; +http://webmeup-crawler.com/)"
149.248.7.213 - - [02/Dec/2021:07:27:44 +0100] "GET /images/mini_prod/8003990607299.jpg HTTP/1.1" 200 8786 "-" "Mozilla/5.0 (X11; Ubuntu; Linux x86_64; rv:72.0) Gecko/20100101 Firefox/72.0"
74.125.208.126 - - [02/Dec/2021:07:27:45 +0100] "GET /images/big_prod_3/d1300000019972.jpg HTTP/1.1" 200 123666 "-" "Mozilla/5.0 (Windows NT 5.1; rv:11.0) Gecko Firefox/11.0 (via ggpht.com GoogleImageProxy)"
178.23.220.11 - - [02/Dec/2021:07:28:01 +0100] "GET /templates/Pixame_v1/stylesheet.css HTTP/1.1" 200 56057 "http://www.wonder-geek.com/sigil-lucifer-satatic-book-handbag-shape-book-p-40613.html" "Mozilla/5.0 (Linux; Android 11; SM-T290) AppleWebKit/537.36 (KHTML, like Gecko) Chrome/96.0.4664.45 Safari/537.36"
178.23.220.11 - - [02/Dec/2021:07:28:01 +0100] "GET /js/jquery.jqzoom.js HTTP/1.1" 200 4761 "http://www.wonder-geek.com/sigil-lucifer-satatic-book-handbag-shape-book-p-40613.html" "Mozilla/5.0 (Linux; Android 11; SM-T290) AppleWebKit/537.36 (KHTML, like Gecko) Chrome/96.0.4664.45 Safari/537.36"
178.23.220.11 - - [02/Dec/2021:07:28:01 +0100] "GET /mondial_relay/js/jquery-1.3.2.min.js HTTP/1.1" 200 57254 "http://www.wonder-geek.com/sigil-lucifer-satatic-book-handbag-shape-book-p-40613.html" "Mozilla/5.0 (Linux; Android 11; SM-T290) AppleWebKit/537.36 (KHTML, like Gecko) Chrome/96.0.4664.45 Safari/537.36"
178.23.220.11 - - [02/Dec/2021:07:28:01 +0100] "GET /js/jquery.js HTTP/1.1" 200 54075 "http://www.wonder-geek.com/sigil-lucifer-satatic-book-handbag-shape-book-p-40613.html" "Mozilla/5.0 (Linux; Android 11; SM-T290) AppleWebKit/537.36 (KHTML, like Gecko) Chrome/96.0.4664.45 Safari/537.36"
178.23.220.11 - - [02/Dec/2021:07:28:01 +0100] "GET /highslide/highslide.js HTTP/1.1" 200 42909 "http://www.wonder-geek.com/sigil-lucifer-satatic-book-handbag-shape-book-p-40613.html" "Mozilla/5.0 (Linux; Android 11; SM-T290) AppleWebKit/537.36 (KHTML, like Gecko) Chrome/96.0.4664.45 Safari/537.36"
178.23.220.11 - - [02/Dec/2021:07:28:01 +0100] "GET /templates/Pixame_v1/images/icon_accueil2.png HTTP/1.1" 200 1137 "http://www.wonder-geek.com/sigil-lucifer-satatic-book-handbag-shape-book-p-40613.html" "Mozilla/5.0 (Linux; Android 11; SM-T290) AppleWebKit/537.36 (KHTML, like Gecko) Chrome/96.0.4664.45 Safari/537.36"
178.23.220.11 - - [02/Dec/2021:07:28:01 +0100] "GET /images/big_prod_1/b1300000019972.jpg HTTP/1.1" 200 76171 "http://www.wonder-geek.com/sigil-lucifer-satatic-book-handbag-shape-book-p-40613.html" "Mozilla/5.0 (Linux; Android 11; SM-T290) AppleWebKit/537.36 (KHTML, like Gecko) Chrome/96.0.4664.45 Safari/537.36"
178.23.220.11 - - [02/Dec/2021:07:28:01 +0100] "GET /templates/Pixame_v1/images/Bottom_texture.jpg HTTP/1.1" 200 56290 "http://www.wonder-geek.com/templates/Pixame_v1/stylesheet.css" "Mozilla/5.0 (Linux; Android 11; SM-T290) AppleWebKit/537.36 (KHTML, like Gecko) Chrome/96.0.4664.45 Safari/537.36"
178.23.220.11 - - [02/Dec/2021:07:28:01 +0100] "GET /templates/Pixame_v1/images/header.png HTTP/1.1" 200 70245 "http://www.wonder-geek.com/templates/Pixame_v1/stylesheet.css" "Mozilla/5.0 (Linux; Android 11; SM-T290) AppleWebKit/537.36 (KHTML, like Gecko) Chrome/96.0.4664.45 Safari/537.36"
178.23.220.11 - - [02/Dec/2021:07:28:01 +0100] "GET /templates/Pixame_v1/images/nav.png HTTP/1.1" 200 1283 "http://www.wonder-geek.com/templates/Pixame_v1/stylesheet.css" "Mozilla/5.0 (Linux; Android 11; SM-T290) AppleWebKit/537.36 (KHTML, like Gecko) Chrome/96.0.4664.45 Safari/537.36"
178.23.220.11 - - [02/Dec/2021:07:28:01 +0100] "GET /images/big_prod_3/d1300000019972.jpg HTTP/1.1" 200 123666 "http://www.wonder-geek.com/sigil-lucifer-satatic-book-handbag-shape-book-p-40613.html" "Mozilla/5.0 (Linux; Android 11; SM-T290) AppleWebKit/537.36 (KHTML, like Gecko) Chrome/96.0.4664.45 Safari/537.36"
178.23.220.11 - - [02/Dec/2021:07:28:02 +0100] "GET /templates/Pixame_v1/images/header-object.png HTTP/1.1" 200 106050 "http://www.wonder-geek.com/templates/Pixame_v1/stylesheet.css" "Mozilla/5.0 (Linux; Android 11; SM-T290) AppleWebKit/537.36 (KHTML, like Gecko) Chrome/96.0.4664.45 Safari/537.36"
178.23.220.11 - - [02/Dec/2021:07:28:02 +0100] "GET /images/big_prod/1300000019972.jpg HTTP/1.1" 200 162015 "http://www.wonder-geek.com/sigil-lucifer-satatic-book-handbag-shape-book-p-40613.html" "Mozilla/5.0 (Linux; Android 11; SM-T290) AppleWebKit/537.36 (KHTML, like Gecko) Chrome/96.0.4664.45 Safari/537.36"
178.23.220.11 - - [02/Dec/2021:07:28:02 +0100] "GET /design/productsenstock.png HTTP/1.1" 200 4743 "http://www.wonder-geek.com/templates/Pixame_v1/stylesheet.css" "Mozilla/5.0 (Linux; Android 11; SM-T290) AppleWebKit/537.36 (KHTML, like Gecko) Chrome/96.0.4664.45 Safari/537.36"
178.23.220.11 - - [02/Dec/2021:07:28:02 +0100] "GET /templates/Pixame_v1/images/buttons/english/button_in_cart.gif HTTP/1.1" 200 1212 "http://www.wonder-geek.com/sigil-lucifer-satatic-book-handbag-shape-book-p-40613.html" "Mozilla/5.0 (Linux; Android 11; SM-T290) AppleWebKit/537.36 (KHTML, like Gecko) Chrome/96.0.4664.45 Safari/537.36"
178.23.220.11 - - [02/Dec/2021:07:28:02 +0100] "GET /templates/Pixame_v1/images/Middle_texture.jpg HTTP/1.1" 200 249620 "http://www.wonder-geek.com/templates/Pixame_v1/stylesheet.css" "Mozilla/5.0 (Linux; Android 11; SM-T290) AppleWebKit/537.36 (KHTML, like Gecko) Chrome/96.0.4664.45 Safari/537.36"
178.23.220.11 - - [02/Dec/2021:07:28:02 +0100] "GET /images/big_prod_2/c1300000019972.jpg HTTP/1.1" 200 123131 "http://www.wonder-geek.com/sigil-lucifer-satatic-book-handbag-shape-book-p-40613.html" "Mozilla/5.0 (Linux; Android 11; SM-T290) AppleWebKit/537.36 (KHTML, like Gecko) Chrome/96.0.4664.45 Safari/537.36"
178.23.220.11 - - [02/Dec/2021:07:28:02 +0100] "GET /highslide/graphics/outlines/drop-shadow.png HTTP/1.1" 200 2022 "http://www.wonder-geek.com/sigil-lucifer-satatic-book-handbag-shape-book-p-40613.html" "Mozilla/5.0 (Linux; Android 11; SM-T290) AppleWebKit/537.36 (KHTML, like Gecko) Chrome/96.0.4664.45 Safari/537.36"
178.23.220.11 - - [02/Dec/2021:07:28:03 +0100] "GET /favicon.ico HTTP/1.1" 200 1591 "http://www.wonder-geek.com/sigil-lucifer-satatic-book-handbag-shape-book-p-40613.html" "Mozilla/5.0 (Linux; Android 11; SM-T290) AppleWebKit/537.36 (KHTML, like Gecko) Chrome/96.0.4664.45 Safari/537.36"
20.109.131.178 - - [02/Dec/2021:07:28:15 +0100] "GET /images/big_prod/1384010202760.jpg HTTP/1.1" 200 82892 "-" "Mozilla/4.0 (compatible; MSIE 7.0; Windows NT 6.0)"
20.109.134.252 - - [02/Dec/2021:07:29:13 +0100] "GET /images/big_prod/8433933143247.jpg HTTP/1.1" 200 55068 "-" "Mozilla/5.0 (Windows NT 10.0; ) Gecko/20100101 Firefox/61.0"
20.109.131.231 - - [02/Dec/2021:07:29:36 +0100] "GET /images/big_prod/1750287000000.jpg HTTP/1.1" 200 116622 "-" "Mozilla/5.0 (Windows NT 10.0; WOW64) AppleWebKit/537.36 (KHTML, like Gecko) Chrome/64.0.3282.186 Safari/537.36"
20.109.134.252 - - [02/Dec/2021:07:29:46 +0100] "GET /images/4025055094251.jpg HTTP/1.1" 200 39110 "-" "Mozilla/5.0 (Windows NT 10.0; ) Gecko/20100101 Firefox/61.0"
124.71.153.13 - - [02/Dec/2021:07:30:59 +0100] "GET /images/mini_prod/8435333849699.jpg HTTP/1.1" 200 8654 "-" "Mozilla/5.0 (X11; Ubuntu; Linux x86_64; rv:72.0) Gecko/20100101 Firefox/72.0"
66.249.68.42 - - [02/Dec/2021:07:31:28 +0100] "GET /images/mini_prod/3453131159128.jpg HTTP/1.1" 200 9397 "-" "Googlebot-Image/1.0"
17.121.112.97 - - [02/Dec/2021:07:31:46 +0100] "GET /images/mini_prod/3014627939718.jpg HTTP/1.1" 200 5770 "-" "Mozilla/5.0 (Macintosh; Intel Mac OS X 10_15_5) AppleWebKit/605.1.15 (KHTML, like Gecko) Version/13.1.1 Safari/605.1.15 (Applebot/0.1; +http://www.apple.com/go/applebot)"
17.121.114.28 - - [02/Dec/2021:07:33:06 +0100] "GET /images/big_prod/3281640395405.jpg HTTP/1.1" 200 61937 "-" "Mozilla/5.0 (Macintosh; Intel Mac OS X 10_15_5) AppleWebKit/605.1.15 (KHTML, like Gecko) Version/13.1.1 Safari/605.1.15 (Applebot/0.1; +http://www.apple.com/go/applebot)"
20.109.133.1 - - [02/Dec/2021:07:33:06 +0100] "GET /images/big_prod/4029811352753.jpg HTTP/1.1" 200 49662 "-" "Mozilla/5.0 (X11; Linux x86_64) AppleWebKit/537.36 (KHTML, like Gecko) Chrome/62.0.3202.62 Safari/537.36"
20.109.132.36 - - [02/Dec/2021:07:33:57 +0100] "GET /images/big_prod/8433933046036.jpg HTTP/1.1" 200 45271 "-" "Mozilla/5.0 (Macintosh; U; PPC Mac OS X 10.5; en-US; rv:1.9.2.15) Gecko/20110303 Firefox/3.6.15"
20.109.131.231 - - [02/Dec/2021:07:34:21 +0100] "GET /images/6942138999105.jpg HTTP/1.1" 200 36314 "-" "Mozilla/5.0 (Windows NT 6.1; WOW64) AppleWebKit/537.36 (KHTML, like Gecko) Chrome/45.0.2454.101 Safari/537.36"
40.91.75.111 - - [02/Dec/2021:07:35:17 +0100] "GET /images/big_prod/1384010202067.jpg HTTP/1.1" 200 123899 "-" "Mozilla/5.0 (Windows NT 10.0; WOW64) AppleWebKit/537.36 (KHTML, like Gecko) Chrome/67.0.3396.99 Safari/537.36"
20.109.134.252 - - [02/Dec/2021:07:35:41 +0100] "GET /images/big_prod_1/8424346355587B.jpg HTTP/1.1" 200 198222 "-" "Mozilla/5.0 (Windows NT 6.1; WOW64) AppleWebKit/537.36 (KHTML, like Gecko) Chrome/45.0.2454.101 Safari/537.36"
40.91.114.143 - - [02/Dec/2021:07:35:56 +0100] "GET /images/big_prod/1399985100874.jpg HTTP/1.1" 200 72289 "-" "Mozilla/5.0 (Windows NT 10.0; WOW64) AppleWebKit/537.36 (KHTML, like Gecko) Chrome/67.0.3396.99 Safari/537.36"
17.121.112.23 - - [02/Dec/2021:07:36:30 +0100] "GET /images/mini_prod/3609810083332.jpg HTTP/1.1" 200 5847 "-" "Mozilla/5.0 (Macintosh; Intel Mac OS X 10_15_5) AppleWebKit/605.1.15 (KHTML, like Gecko) Version/13.1.1 Safari/605.1.15 (Applebot/0.1; +http://www.apple.com/go/applebot)"
17.121.112.23 - - [02/Dec/2021:07:36:38 +0100] "GET /images/big_prod/1384010207154.jpg HTTP/1.1" 200 37327 "-" "Mozilla/5.0 (Macintosh; Intel Mac OS X 10_15_5) AppleWebKit/605.1.15 (KHTML, like Gecko) Version/13.1.1 Safari/605.1.15 (Applebot/0.1; +http://www.apple.com/go/applebot)"
157.90.177.217 - - [02/Dec/2021:07:37:07 +0100] "GET /robots.txt HTTP/1.1" 304 0 "-" "Mozilla/5.0 (compatible; BLEXBot/1.0; +http://webmeup-crawler.com/)"
157.55.39.108 - - [02/Dec/2021:07:37:21 +0100] "GET /images/10362.jpg HTTP/1.1" 200 15409 "-" "Mozilla/5.0 (compatible; bingbot/2.0; +http://www.bing.com/bingbot.htm)"
157.55.39.228 - - [02/Dec/2021:07:38:07 +0100] "GET /images/4029811304431.jpg HTTP/1.1" 200 123116 "-" "Mozilla/5.0 (compatible; bingbot/2.0; +http://www.bing.com/bingbot.htm)"
20.109.134.229 - - [02/Dec/2021:07:38:30 +0100] "GET /images/big_prod/9316188065436.jpg HTTP/1.1" 200 79711 "-" "Mozilla/5.0 (Macintosh; U; PPC Mac OS X 10.5; en-US; rv:1.9.2.15) Gecko/20110303 Firefox/3.6.15"
20.109.132.138 - - [02/Dec/2021:07:38:41 +0100] "GET /images/big_prod/3609810072053.jpg HTTP/1.1" 200 188688 "-" "Mozilla/5.0 (Windows NT 10.0; ) Gecko/20100101 Firefox/61.0"
157.55.39.228 - - [02/Dec/2021:07:39:06 +0100] "GET /images/med_prod/1384010178683.jpg HTTP/1.1" 200 52216 "-" "Mozilla/5.0 (compatible; bingbot/2.0; +http://www.bing.com/bingbot.htm)"
157.55.39.108 - - [02/Dec/2021:07:40:12 +0100] "GET /images/med_prod/3700653593177.jpg HTTP/1.1" 200 123066 "-" "Mozilla/5.0 (compatible; bingbot/2.0; +http://www.bing.com/bingbot.htm)"
157.55.39.125 - - [02/Dec/2021:07:40:33 +0100] "GET /images/big_prod/045544960090.jpg HTTP/1.1" 200 122129 "-" "Mozilla/5.0 (compatible; bingbot/2.0; +http://www.bing.com/bingbot.htm)"
165.154.72.231 - - [02/Dec/2021:07:41:18 +0100] "GET /images/mini_prod/8028501269414.jpg HTTP/1.1" 200 5478 "-" "Mozilla/5.0 (X11; Ubuntu; Linux x86_64; rv:72.0) Gecko/20100101 Firefox/72.0"
20.109.134.228 - - [02/Dec/2021:07:42:12 +0100] "GET /images/big_prod/1399984239247BEYBLADE.jpg HTTP/1.1" 200 89368 "-" "Mozilla/5.0 (Macintosh; U; PPC Mac OS X 10.5; en-US; rv:1.9.2.15) Gecko/20110303 Firefox/3.6.15"
54.36.149.84 - - [02/Dec/2021:07:44:02 +0100] "GET /images/8033667001822.jpg HTTP/1.1" 200 78033 "-" "Mozilla/5.0 (compatible; AhrefsBot/7.0; +http://ahrefs.com/robot/)"
157.55.39.228 - - [02/Dec/2021:07:44:06 +0100] "GET /images/8033667513738.jpg HTTP/1.1" 200 25840 "-" "Mozilla/5.0 (compatible; bingbot/2.0; +http://www.bing.com/bingbot.htm)"
20.109.134.228 - - [02/Dec/2021:07:44:11 +0100] "GET /images/big_prod/8422099381075.jpg HTTP/1.1" 200 58496 "-" "Mozilla/5.0 (Windows NT 10.0; WOW64) AppleWebKit/537.36 (KHTML, like Gecko) Chrome/64.0.3282.186 Safari/537.36"
5.9.156.121 - - [02/Dec/2021:07:44:14 +0100] "GET /robots.txt HTTP/1.1" 200 2438 "-" "Mozilla/5.0 (compatible; MJ12bot/v1.4.8; http://mj12bot.com/)"
165.154.72.231 - - [02/Dec/2021:07:44:22 +0100] "GET /images/mini_prod/8422666661500.jpg HTTP/1.1" 200 5126 "-" "Mozilla/5.0 (X11; Ubuntu; Linux x86_64; rv:72.0) Gecko/20100101 Firefox/72.0"
157.55.39.228 - - [02/Dec/2021:07:44:37 +0100] "GET /images/big_prod/8435306294815.jpg HTTP/1.1" 200 104546 "-" "Mozilla/5.0 (compatible; bingbot/2.0; +http://www.bing.com/bingbot.htm)"
216.244.66.242 - - [02/Dec/2021:07:46:20 +0100] "GET /robots.txt HTTP/1.1" 200 2438 "-" "Mozilla/5.0 (compatible; DotBot/1.2; +https://opensiteexplorer.org/dotbot; help@moz.com)"
216.244.66.242 - - [02/Dec/2021:07:46:21 +0100] "GET /robots.txt HTTP/1.1" 200 2438 "-" "Mozilla/5.0 (compatible; DotBot/1.2; +https://opensiteexplorer.org/dotbot; help@moz.com)"
157.55.39.108 - - [02/Dec/2021:07:46:24 +0100] "GET /images/070309_152834_PEEL_h3CWsx.jpg HTTP/1.1" 200 66448 "-" "Mozilla/5.0 (compatible; bingbot/2.0; +http://www.bing.com/bingbot.htm)"
157.90.177.217 - - [02/Dec/2021:07:47:07 +0100] "GET /robots.txt HTTP/1.1" 304 0 "-" "Mozilla/5.0 (compatible; BLEXBot/1.0; +http://webmeup-crawler.com/)"
66.249.68.38 - - [02/Dec/2021:07:47:33 +0100] "GET /images/big_prod/1384010204917.jpg HTTP/1.1" 200 35603 "-" "Googlebot-Image/1.0"
101.32.45.142 - - [02/Dec/2021:07:52:28 +0100] "GET /images/mini_prod/52131990360631-fushia.jpg HTTP/1.1" 200 7630 "-" "Mozilla/5.0 (X11; Ubuntu; Linux x86_64; rv:72.0) Gecko/20100101 Firefox/72.0"
17.121.113.116 - - [02/Dec/2021:07:53:18 +0100] "GET /images/mini_prod/1399986101894.jpg HTTP/1.1" 200 9340 "-" "Mozilla/5.0 (Macintosh; Intel Mac OS X 10_15_5) AppleWebKit/605.1.15 (KHTML, like Gecko) Version/13.1.1 Safari/605.1.15 (Applebot/0.1; +http://www.apple.com/go/applebot)"
66.249.68.40 - - [02/Dec/2021:07:53:58 +0100] "GET /images/mini_prod/3700281653441.jpg HTTP/1.1" 200 4594 "-" "Googlebot-Image/1.0"
20.109.133.1 - - [02/Dec/2021:07:54:22 +0100] "GET /images/3437011010006.jpg HTTP/1.1" 200 82428 "-" "Mozilla/5.0 (Macintosh; U; PPC Mac OS X 10.5; en-US; rv:1.9.2.15) Gecko/20110303 Firefox/3.6.15"
20.109.134.228 - - [02/Dec/2021:07:54:56 +0100] "GET /images/med_prod/5018997610176.jpg HTTP/1.1" 200 165738 "-" "Mozilla/5.0 (Windows NT 10.0; ) Gecko/20100101 Firefox/61.0"
149.248.7.213 - - [02/Dec/2021:07:56:46 +0100] "GET /images/mini_prod/3684225058366.jpg HTTP/1.1" 200 7452 "-" "Mozilla/5.0 (X11; Ubuntu; Linux x86_64; rv:72.0) Gecko/20100101 Firefox/72.0"
157.90.177.217 - - [02/Dec/2021:07:57:10 +0100] "GET /robots.txt HTTP/1.1" 304 0 "-" "Mozilla/5.0 (compatible; BLEXBot/1.0; +http://webmeup-crawler.com/)"
20.109.131.178 - - [02/Dec/2021:08:00:26 +0100] "GET /images/big_prod_1/5410574484604B.jpg HTTP/1.1" 200 146219 "-" "Mozilla/5.0 (X11; Linux x86_64) AppleWebKit/537.36 (KHTML, like Gecko) Chrome/62.0.3202.62 Safari/537.36"
50.17.48.111 - - [02/Dec/2021:08:00:50 +0100] "GET /images/mini_prod/3760116310321.jpg HTTP/1.1" 200 10103 "-" "Mozilla/5.0 (X11; Ubuntu; Linux x86_64; rv:72.0) Gecko/20100101 Firefox/72.0"
147.92.153.11 - - [02/Dec/2021:08:03:10 +0100] "GET /images/big_prod/3665269156621.jpg HTTP/1.1" 200 136372 "-" "Mozilla/5.0 (compatible; Linespider/1.1; +https://lin.ee/4dwXkTH)"
20.109.134.252 - - [02/Dec/2021:08:04:21 +0100] "GET /images/big_prod_1/8424001424788N.jpg HTTP/1.1" 200 176848 "-" "Mozilla/5.0 (Windows NT 10.0; ) Gecko/20100101 Firefox/61.0"
66.249.68.38 - - [02/Dec/2021:08:05:28 +0100] "GET /images/mini_prod/8433933244791.jpg HTTP/1.1" 200 14494 "-" "Googlebot-Image/1.0"
66.249.93.249 - - [02/Dec/2021:08:06:35 +0100] "GET /images/6953270925044.jpg HTTP/1.1" 200 17760 "-" "Mozilla/5.0 (Windows NT 5.1; rv:11.0) Gecko Firefox/11.0 (via ggpht.com GoogleImageProxy)"
157.90.177.217 - - [02/Dec/2021:08:07:14 +0100] "GET /robots.txt HTTP/1.1" 304 0 "-" "Mozilla/5.0 (compatible; BLEXBot/1.0; +http://webmeup-crawler.com/)"
157.55.39.223 - - [02/Dec/2021:08:07:17 +0100] "GET /images/3281640393609.jpg HTTP/1.1" 200 44927 "-" "Mozilla/5.0 (compatible; bingbot/2.0; +http://www.bing.com/bingbot.htm)"
185.191.171.26 - - [02/Dec/2021:08:09:55 +0100] "GET /robots.txt HTTP/1.1" 200 2438 "-" "Mozilla/5.0 (compatible; SemrushBot/7~bl; +http://www.semrush.com/bot.html)"
149.248.7.213 - - [02/Dec/2021:08:11:34 +0100] "GET /images/mini_prod/1384010183823.jpg HTTP/1.1" 200 10828 "-" "Mozilla/5.0 (X11; Ubuntu; Linux x86_64; rv:72.0) Gecko/20100101 Firefox/72.0"
17.121.113.39 - - [02/Dec/2021:08:13:11 +0100] "GET /images/mini_prod/8422087179332.jpg HTTP/1.1" 200 6266 "-" "Mozilla/5.0 (Macintosh; Intel Mac OS X 10_15_5) AppleWebKit/605.1.15 (KHTML, like Gecko) Version/13.1.1 Safari/605.1.15 (Applebot/0.1; +http://www.apple.com/go/applebot)"
149.248.7.213 - - [02/Dec/2021:08:13:17 +0100] "GET /images/mini_prod/3453131150996.jpg HTTP/1.1" 200 11998 "-" "Mozilla/5.0 (X11; Ubuntu; Linux x86_64; rv:72.0) Gecko/20100101 Firefox/72.0"
66.249.68.40 - - [02/Dec/2021:08:16:28 +0100] "GET /images/mini_prod/ZZ8712159167115.jpg HTTP/1.1" 200 7491 "-" "Googlebot-Image/1.0"
165.154.72.231 - - [02/Dec/2021:08:17:04 +0100] "GET /images/mini_prod/5018997513248.jpg HTTP/1.1" 200 7065 "-" "Mozilla/5.0 (X11; Ubuntu; Linux x86_64; rv:72.0) Gecko/20100101 Firefox/72.0"
157.90.177.217 - - [02/Dec/2021:08:17:20 +0100] "GET /robots.txt HTTP/1.1" 304 0 "-" "Mozilla/5.0 (compatible; BLEXBot/1.0; +http://webmeup-crawler.com/)"
165.154.72.231 - - [02/Dec/2021:08:18:38 +0100] "GET /images/mini_prod/070209_191201_PEEL_gnVzFs.jpg HTTP/1.1" 200 16519 "-" "Mozilla/5.0 (X11; Ubuntu; Linux x86_64; rv:72.0) Gecko/20100101 Firefox/72.0"
40.91.75.111 - - [02/Dec/2021:08:19:25 +0100] "GET /images/1399984253496.jpg HTTP/1.1" 200 30397 "-" "Mozilla/4.0 (compatible; MSIE 7.0; Windows NT 6.0)"
157.55.39.228 - - [02/Dec/2021:08:19:40 +0100] "GET /images/big_prod_2/8424346352654C.jpg HTTP/1.1" 200 70797 "-" "Mozilla/5.0 (compatible; bingbot/2.0; +http://www.bing.com/bingbot.htm)"
17.121.113.88 - - [02/Dec/2021:08:20:12 +0100] "GET /images/med_prod/3660173152707.jpg HTTP/1.1" 200 152992 "-" "Mozilla/5.0 (Macintosh; Intel Mac OS X 10_15_5) AppleWebKit/605.1.15 (KHTML, like Gecko) Version/13.1.1 Safari/605.1.15 (Applebot/0.1; +http://www.apple.com/go/applebot)"
40.77.167.66 - - [02/Dec/2021:08:24:18 +0100] "GET /images/8435306246487bis.jpg HTTP/1.1" 200 101681 "-" "Mozilla/5.0 (compatible; bingbot/2.0; +http://www.bing.com/bingbot.htm)"
157.90.177.217 - - [02/Dec/2021:08:27:24 +0100] "GET /robots.txt HTTP/1.1" 304 0 "-" "Mozilla/5.0 (compatible; BLEXBot/1.0; +http://webmeup-crawler.com/)"
66.249.68.38 - - [02/Dec/2021:08:27:43 +0100] "GET /images/mini_prod/4012677167067.jpg HTTP/1.1" 200 6875 "-" "Googlebot-Image/1.0"
17.121.115.168 - - [02/Dec/2021:08:28:37 +0100] "GET /images/big_prod/8422016629013.jpg HTTP/1.1" 200 131184 "-" "Mozilla/5.0 (Macintosh; Intel Mac OS X 10_15_5) AppleWebKit/605.1.15 (KHTML, like Gecko) Version/13.1.1 Safari/605.1.15 (Applebot/0.1; +http://www.apple.com/go/applebot)"
20.109.131.231 - - [02/Dec/2021:08:30:01 +0100] "GET /images/big_prod_1/8422202425832.jpg HTTP/1.1" 200 49541 "-" "Mozilla/5.0 (Windows NT 10.0; WOW64) AppleWebKit/537.36 (KHTML, like Gecko) Chrome/67.0.3396.99 Safari/537.36"
20.109.132.138 - - [02/Dec/2021:08:30:05 +0100] "GET /images/big_prod/3609810095076.jpg HTTP/1.1" 200 160320 "-" "Mozilla/5.0 (X11; Linux x86_64) AppleWebKit/537.36 (KHTML, like Gecko) Chrome/62.0.3202.62 Safari/537.36"
165.154.72.231 - - [02/Dec/2021:08:31:20 +0100] "GET /images/mini_prod/5415203956408.jpg HTTP/1.1" 200 5372 "-" "Mozilla/5.0 (X11; Ubuntu; Linux x86_64; rv:72.0) Gecko/20100101 Firefox/72.0"
216.244.66.242 - - [02/Dec/2021:08:32:04 +0100] "GET /robots.txt HTTP/1.1" 200 2438 "-" "Mozilla/5.0 (compatible; DotBot/1.2; +https://opensiteexplorer.org/dotbot; help@moz.com)"
157.90.177.217 - - [02/Dec/2021:08:37:31 +0100] "GET /robots.txt HTTP/1.1" 304 0 "-" "Mozilla/5.0 (compatible; BLEXBot/1.0; +http://webmeup-crawler.com/)"
66.249.68.42 - - [02/Dec/2021:08:37:43 +0100] "GET /images/mini_prod/000010262313.jpg HTTP/1.1" 200 6881 "-" "Googlebot-Image/1.0"
20.99.252.246 - - [02/Dec/2021:08:38:14 +0100] "GET /images/big_prod/3700344890745.jpg HTTP/1.1" 200 70434 "-" "Mozilla/5.0 (Windows NT 10.0; WOW64) AppleWebKit/537.36 (KHTML, like Gecko) Chrome/67.0.3396.99 Safari/537.36"
40.91.75.111 - - [02/Dec/2021:08:38:20 +0100] "GET /images/4007176125175.jpg HTTP/1.1" 200 17435 "-" "Mozilla/4.0 (compatible; MSIE 7.0; Windows NT 6.0)"
17.121.113.90 - - [02/Dec/2021:08:38:36 +0100] "GET /images/big_prod/3609810065215a.jpg HTTP/1.1" 200 127123 "-" "Mozilla/5.0 (Macintosh; Intel Mac OS X 10_15_5) AppleWebKit/605.1.15 (KHTML, like Gecko) Version/13.1.1 Safari/605.1.15 (Applebot/0.1; +http://www.apple.com/go/applebot)"
129.206.106.110 - - [02/Dec/2021:08:38:55 +0100] "GET /images/mini_prod/8033667001167.jpg HTTP/1.1" 200 11189 "-" "Mozilla/5.0 (X11; Ubuntu; Linux x86_64; rv:72.0) Gecko/20100101 Firefox/72.0"
20.109.133.1 - - [02/Dec/2021:08:39:27 +0100] "GET /images/big_prod/1328399219049.jpg HTTP/1.1" 200 64808 "-" "Mozilla/4.0 (compatible; MSIE 7.0; Windows NT 6.0)"
120.92.83.223 - - [02/Dec/2021:08:40:03 +0100] "GET /images/mini_prod/3700276274620.jpg HTTP/1.1" 200 9463 "-" "Mozilla/5.0 (Macintosh; U; Intel Mac OS X 10_5_8; fi-fi) AppleWebKit/531.9 (KHTML, like Gecko) Version/4.0.3 Safari/531.9"
216.244.66.242 - - [02/Dec/2021:08:41:43 +0100] "GET /images/3681643302910.jpg HTTP/1.1" 200 24614 "-" "Mozilla/5.0 (compatible; DotBot/1.2; +https://opensiteexplorer.org/dotbot; help@moz.com)"
17.121.114.11 - - [02/Dec/2021:08:42:27 +0100] "GET /images/big_prod/8422017143204.jpg HTTP/1.1" 200 104844 "-" "Mozilla/5.0 (Macintosh; Intel Mac OS X 10_15_5) AppleWebKit/605.1.15 (KHTML, like Gecko) Version/13.1.1 Safari/605.1.15 (Applebot/0.1; +http://www.apple.com/go/applebot)"
129.206.106.110 - - [02/Dec/2021:08:46:29 +0100] "GET /images/mini_prod/3760054863347.jpg HTTP/1.1" 200 9931 "-" "Mozilla/5.0 (X11; Ubuntu; Linux x86_64; rv:72.0) Gecko/20100101 Firefox/72.0"
129.206.106.110 - - [02/Dec/2021:08:47:09 +0100] "GET /images/mini_prod/524352[2].jpg HTTP/1.1" 200 5054 "-" "Mozilla/5.0 (X11; Ubuntu; Linux x86_64; rv:72.0) Gecko/20100101 Firefox/72.0"
157.90.177.217 - - [02/Dec/2021:08:47:34 +0100] "GET /robots.txt HTTP/1.1" 304 0 "-" "Mozilla/5.0 (compatible; BLEXBot/1.0; +http://webmeup-crawler.com/)"
66.249.68.38 - - [02/Dec/2021:08:47:43 +0100] "GET /images/mini_prod/8718657461168.jpg HTTP/1.1" 200 3585 "-" "Googlebot-Image/1.0"
149.248.7.213 - - [02/Dec/2021:08:50:49 +0100] "GET /images/mini_prod/3700653502490.jpg HTTP/1.1" 200 10049 "-" "Mozilla/5.0 (X11; Ubuntu; Linux x86_64; rv:72.0) Gecko/20100101 Firefox/72.0"
20.109.134.252 - - [02/Dec/2021:08:51:35 +0100] "GET /images/big_prod/3453131130011.jpg HTTP/1.1" 200 130506 "-" "Mozilla/5.0 (Windows NT 6.1; WOW64) AppleWebKit/537.36 (KHTML, like Gecko) Chrome/45.0.2454.101 Safari/537.36"
129.206.106.110 - - [02/Dec/2021:08:52:15 +0100] "GET /images/mini_prod/3700276274620.jpg HTTP/1.1" 200 9463 "-" "Mozilla/5.0 (X11; Ubuntu; Linux x86_64; rv:72.0) Gecko/20100101 Firefox/72.0"
149.248.7.213 - - [02/Dec/2021:08:56:22 +0100] "GET /images/mini_prod/9316188067454.jpg HTTP/1.1" 200 6118 "-" "Mozilla/5.0 (X11; Ubuntu; Linux x86_64; rv:72.0) Gecko/20100101 Firefox/72.0"
40.91.114.143 - - [02/Dec/2021:08:57:40 +0100] "GET /images/med_prod/1399984220375NN.jpg HTTP/1.1" 200 86027 "-" "Mozilla/5.0 (Windows NT 10.0; WOW64) AppleWebKit/537.36 (KHTML, like Gecko) Chrome/67.0.3396.99 Safari/537.36"
157.90.177.217 - - [02/Dec/2021:08:57:42 +0100] "GET /robots.txt HTTP/1.1" 304 0 "-" "Mozilla/5.0 (compatible; BLEXBot/1.0; +http://webmeup-crawler.com/)"
66.249.68.38 - - [02/Dec/2021:08:57:43 +0100] "GET /images/mini_prod/5400924064464.jpg HTTP/1.1" 200 5735 "-" "Googlebot-Image/1.0"
20.99.252.246 - - [02/Dec/2021:09:01:02 +0100] "GET /images/3438100339831.jpg HTTP/1.1" 200 20467 "-" "Mozilla/5.0 (Windows NT 10.0; WOW64) AppleWebKit/537.36 (KHTML, like Gecko) Chrome/64.0.3282.186 Safari/537.36"
17.121.114.92 - - [02/Dec/2021:09:02:03 +0100] "GET /images/mini_prod/3520071598673.jpg HTTP/1.1" 200 3485 "-" "Mozilla/5.0 (Macintosh; Intel Mac OS X 10_15_5) AppleWebKit/605.1.15 (KHTML, like Gecko) Version/13.1.1 Safari/605.1.15 (Applebot/0.1; +http://www.apple.com/go/applebot)"
20.109.130.196 - - [02/Dec/2021:09:03:14 +0100] "GET /images/med_prod/1399984286340.jpg HTTP/1.1" 200 96991 "-" "Mozilla/5.0 (Windows NT 10.0; WOW64) AppleWebKit/537.36 (KHTML, like Gecko) Chrome/64.0.3282.186 Safari/537.36"
40.77.167.66 - - [02/Dec/2021:09:04:11 +0100] "GET /images/med_prod/1399984237700.jpg HTTP/1.1" 200 33410 "-" "Mozilla/5.0 (compatible; bingbot/2.0; +http://www.bing.com/bingbot.htm)"
66.249.68.42 - - [02/Dec/2021:09:07:33 +0100] "GET /images/mini_prod/88157signes.jpg HTTP/1.1" 200 6717 "-" "Googlebot-Image/1.0"
66.249.68.40 - - [02/Dec/2021:09:07:43 +0100] "GET /images/mini_prod/8712159170238Z.jpg HTTP/1.1" 200 6910 "-" "Googlebot-Image/1.0"
157.90.177.217 - - [02/Dec/2021:09:07:45 +0100] "GET /robots.txt HTTP/1.1" 304 0 "-" "Mozilla/5.0 (compatible; BLEXBot/1.0; +http://webmeup-crawler.com/)"
20.109.134.252 - - [02/Dec/2021:09:09:42 +0100] "GET /images/big_prod_2/8424001704705C.jpg HTTP/1.1" 200 266303 "-" "Mozilla/5.0 (Windows NT 10.0; WOW64) AppleWebKit/537.36 (KHTML, like Gecko) Chrome/68.0.3440.106 Safari/537.36"
185.191.171.45 - - [02/Dec/2021:09:10:39 +0100] "GET /robots.txt HTTP/1.1" 200 2438 "-" "Mozilla/5.0 (compatible; SemrushBot/7~bl; +http://www.semrush.com/bot.html)"
17.121.114.47 - - [02/Dec/2021:09:11:11 +0100] "GET /images/big_prod_2/3574642579790C.jpg HTTP/1.1" 200 509841 "-" "Mozilla/5.0 (Macintosh; Intel Mac OS X 10_15_5) AppleWebKit/605.1.15 (KHTML, like Gecko) Version/13.1.1 Safari/605.1.15 (Applebot/0.1; +http://www.apple.com/go/applebot)"
165.154.72.231 - - [02/Dec/2021:09:11:34 +0100] "GET /images/mini_prod/5036278062209.jpg HTTP/1.1" 200 6756 "-" "Mozilla/5.0 (X11; Ubuntu; Linux x86_64; rv:72.0) Gecko/20100101 Firefox/72.0"
17.121.115.199 - - [02/Dec/2021:09:11:56 +0100] "GET /images/big_prod/1384010205006.jpg HTTP/1.1" 200 59316 "-" "Mozilla/5.0 (Macintosh; Intel Mac OS X 10_15_5) AppleWebKit/605.1.15 (KHTML, like Gecko) Version/13.1.1 Safari/605.1.15 (Applebot/0.1; +http://www.apple.com/go/applebot)"
129.206.106.110 - - [02/Dec/2021:09:15:12 +0100] "GET /images/mini_prod/8422666661517.jpg HTTP/1.1" 200 6375 "-" "Mozilla/5.0 (X11; Ubuntu; Linux x86_64; rv:72.0) Gecko/20100101 Firefox/72.0"
20.109.132.176 - - [02/Dec/2021:09:16:27 +0100] "GET /images/big_prod_2/1491693047073C.jpg HTTP/1.1" 200 106144 "-" "Mozilla/5.0 (Windows NT 10.0; WOW64) AppleWebKit/537.36 (KHTML, like Gecko) Chrome/64.0.3282.186 Safari/537.36"
216.244.66.242 - - [02/Dec/2021:09:16:59 +0100] "GET /robots.txt HTTP/1.1" 200 2438 "-" "Mozilla/5.0 (compatible; DotBot/1.2; +https://opensiteexplorer.org/dotbot; help@moz.com)"
66.249.68.40 - - [02/Dec/2021:09:17:43 +0100] "GET /images/mini_prod/4895220303460.jpg HTTP/1.1" 200 4409 "-" "Googlebot-Image/1.0"
157.90.177.217 - - [02/Dec/2021:09:17:49 +0100] "GET /robots.txt HTTP/1.1" 304 0 "-" "Mozilla/5.0 (compatible; BLEXBot/1.0; +http://webmeup-crawler.com/)"
165.154.72.231 - - [02/Dec/2021:09:18:14 +0100] "GET /images/mini_prod/3700653593221.jpg HTTP/1.1" 200 7466 "-" "Mozilla/5.0 (X11; Ubuntu; Linux x86_64; rv:72.0) Gecko/20100101 Firefox/72.0"
40.77.167.66 - - [02/Dec/2021:09:23:13 +0100] "GET /images/5411854144379.jpg HTTP/1.1" 200 40109 "-" "Mozilla/5.0 (compatible; bingbot/2.0; +http://www.bing.com/bingbot.htm)"
207.46.13.202 - - [02/Dec/2021:09:24:19 +0100] "GET /images/big_prod_1/191693128574B.jpg HTTP/1.1" 200 110898 "-" "Mozilla/5.0 (compatible; bingbot/2.0; +http://www.bing.com/bingbot.htm)"
188.156.188.222 - - [02/Dec/2021:09:24:47 +0100] "GET /highslide/highslide.js HTTP/1.1" 200 42909 "http://www.wonder-geek.com/gift-infuser-buddha-blue-p-55593.html" "Mozilla/5.0 (Windows NT 10.0; Win64; x64) AppleWebKit/537.36 (KHTML, like Gecko) Chrome/96.0.4664.55 Safari/537.36 Edg/96.0.1054.34"
188.156.188.222 - - [02/Dec/2021:09:24:47 +0100] "GET /templates/Pixame_v1/stylesheet.css HTTP/1.1" 200 56057 "http://www.wonder-geek.com/gift-infuser-buddha-blue-p-55593.html" "Mozilla/5.0 (Windows NT 10.0; Win64; x64) AppleWebKit/537.36 (KHTML, like Gecko) Chrome/96.0.4664.55 Safari/537.36 Edg/96.0.1054.34"
188.156.188.222 - - [02/Dec/2021:09:24:47 +0100] "GET /js/jquery.js HTTP/1.1" 200 54075 "http://www.wonder-geek.com/gift-infuser-buddha-blue-p-55593.html" "Mozilla/5.0 (Windows NT 10.0; Win64; x64) AppleWebKit/537.36 (KHTML, like Gecko) Chrome/96.0.4664.55 Safari/537.36 Edg/96.0.1054.34"
188.156.188.222 - - [02/Dec/2021:09:24:47 +0100] "GET /js/jquery.jqzoom.js HTTP/1.1" 200 4761 "http://www.wonder-geek.com/gift-infuser-buddha-blue-p-55593.html" "Mozilla/5.0 (Windows NT 10.0; Win64; x64) AppleWebKit/537.36 (KHTML, like Gecko) Chrome/96.0.4664.55 Safari/537.36 Edg/96.0.1054.34"
188.156.188.222 - - [02/Dec/2021:09:24:47 +0100] "GET /mondial_relay/js/jquery-1.3.2.min.js HTTP/1.1" 200 57254 "http://www.wonder-geek.com/gift-infuser-buddha-blue-p-55593.html" "Mozilla/5.0 (Windows NT 10.0; Win64; x64) AppleWebKit/537.36 (KHTML, like Gecko) Chrome/96.0.4664.55 Safari/537.36 Edg/96.0.1054.34"
188.156.188.222 - - [02/Dec/2021:09:24:47 +0100] "GET /templates/Pixame_v1/images/icon_accueil2.png HTTP/1.1" 200 1137 "http://www.wonder-geek.com/gift-infuser-buddha-blue-p-55593.html" "Mozilla/5.0 (Windows NT 10.0; Win64; x64) AppleWebKit/537.36 (KHTML, like Gecko) Chrome/96.0.4664.55 Safari/537.36 Edg/96.0.1054.34"
188.156.188.222 - - [02/Dec/2021:09:24:47 +0100] "GET /templates/Pixame_v1/images/Bottom_texture.jpg HTTP/1.1" 200 56290 "http://www.wonder-geek.com/templates/Pixame_v1/stylesheet.css" "Mozilla/5.0 (Windows NT 10.0; Win64; x64) AppleWebKit/537.36 (KHTML, like Gecko) Chrome/96.0.4664.55 Safari/537.36 Edg/96.0.1054.34"
188.156.188.222 - - [02/Dec/2021:09:24:47 +0100] "GET /templates/Pixame_v1/images/nav.png HTTP/1.1" 200 1283 "http://www.wonder-geek.com/templates/Pixame_v1/stylesheet.css" "Mozilla/5.0 (Windows NT 10.0; Win64; x64) AppleWebKit/537.36 (KHTML, like Gecko) Chrome/96.0.4664.55 Safari/537.36 Edg/96.0.1054.34"
188.156.188.222 - - [02/Dec/2021:09:24:47 +0100] "GET /templates/Pixame_v1/images/header.png HTTP/1.1" 200 70245 "http://www.wonder-geek.com/templates/Pixame_v1/stylesheet.css" "Mozilla/5.0 (Windows NT 10.0; Win64; x64) AppleWebKit/537.36 (KHTML, like Gecko) Chrome/96.0.4664.55 Safari/537.36 Edg/96.0.1054.34"
188.156.188.222 - - [02/Dec/2021:09:24:47 +0100] "GET /templates/Pixame_v1/images/Middle_texture.jpg HTTP/1.1" 200 249620 "http://www.wonder-geek.com/templates/Pixame_v1/stylesheet.css" "Mozilla/5.0 (Windows NT 10.0; Win64; x64) AppleWebKit/537.36 (KHTML, like Gecko) Chrome/96.0.4664.55 Safari/537.36 Edg/96.0.1054.34"
188.156.188.222 - - [02/Dec/2021:09:24:47 +0100] "GET /templates/Pixame_v1/images/header-object.png HTTP/1.1" 200 106050 "http://www.wonder-geek.com/templates/Pixame_v1/stylesheet.css" "Mozilla/5.0 (Windows NT 10.0; Win64; x64) AppleWebKit/537.36 (KHTML, like Gecko) Chrome/96.0.4664.55 Safari/537.36 Edg/96.0.1054.34"
188.156.188.222 - - [02/Dec/2021:09:24:47 +0100] "GET /design/productsenstock.png HTTP/1.1" 200 4743 "http://www.wonder-geek.com/templates/Pixame_v1/stylesheet.css" "Mozilla/5.0 (Windows NT 10.0; Win64; x64) AppleWebKit/537.36 (KHTML, like Gecko) Chrome/96.0.4664.55 Safari/537.36 Edg/96.0.1054.34"
188.156.188.222 - - [02/Dec/2021:09:24:47 +0100] "GET /images/big_prod/8720088299746.jpg HTTP/1.1" 200 135488 "http://www.wonder-geek.com/gift-infuser-buddha-blue-p-55593.html" "Mozilla/5.0 (Windows NT 10.0; Win64; x64) AppleWebKit/537.36 (KHTML, like Gecko) Chrome/96.0.4664.55 Safari/537.36 Edg/96.0.1054.34"
188.156.188.222 - - [02/Dec/2021:09:24:47 +0100] "GET /images/big_prod_1/8720088299746a.jpg HTTP/1.1" 200 149673 "http://www.wonder-geek.com/gift-infuser-buddha-blue-p-55593.html" "Mozilla/5.0 (Windows NT 10.0; Win64; x64) AppleWebKit/537.36 (KHTML, like Gecko) Chrome/96.0.4664.55 Safari/537.36 Edg/96.0.1054.34"
188.156.188.222 - - [02/Dec/2021:09:24:47 +0100] "GET /images/big_prod_4/8720088299708d.jpg HTTP/1.1" 200 79378 "http://www.wonder-geek.com/gift-infuser-buddha-blue-p-55593.html" "Mozilla/5.0 (Windows NT 10.0; Win64; x64) AppleWebKit/537.36 (KHTML, like Gecko) Chrome/96.0.4664.55 Safari/537.36 Edg/96.0.1054.34"
