51.68.224.127 - - [15/Dec/2021:14:53:03 +0100] "GET /adminweb/export_orders_xml.php?token=256de2z6edz6ed2z6DFSFsed2zed6zeDSFDSGdzedezfzf&maxorders=10&orderstart=1&status=6&start_date=2018-10-01 HTTP/1.0" 200 32471 "-" "GesCom CharlotteBoutik Serveur"
157.55.39.125 - - [15/Dec/2021:14:53:11 +0100] "GET /ceramic-salt-with-spoon-dory-p-50637.html HTTP/1.0" 200 73305 "-" "Mozilla/5.0 (compatible; bingbot/2.0; +http://www.bing.com/bingbot.htm)"
20.99.156.33 - - [15/Dec/2021:14:53:36 +0100] "GET /images/big_prod/3453131131452.jpg HTTP/1.0" 200 268 "-" "Mozilla/5.0 (Windows NT 10.0; WOW64) AppleWebKit/537.36 (KHTML, like Gecko) Chrome/68.0.3440.106 Safari/537.36"
185.191.171.11 - - [15/Dec/2021:14:53:49 +0100] "GET /r2d2-hobo-p-29265.html?action=add_product HTTP/1.0" 302 476 "-" "Mozilla/5.0 (compatible; SemrushBot/7~bl; +http://www.semrush.com/bot.html)"
185.191.171.22 - - [15/Dec/2021:14:54:04 +0100] "GET /lyon-shirt-p-31274.html?action=add_product HTTP/1.0" 302 476 "-" "Mozilla/5.0 (compatible; SemrushBot/7~bl; +http://www.semrush.com/bot.html)"
185.191.171.18 - - [15/Dec/2021:14:54:19 +0100] "GET /metal-trivet-p-35370.html HTTP/1.0" 200 73174 "-" "Mozilla/5.0 (compatible; SemrushBot/7~bl; +http://www.semrush.com/bot.html)"
185.191.171.45 - - [15/Dec/2021:14:54:21 +0100] "GET /pansy-over-cotton-towel-p-55470.html HTTP/1.0" 200 73508 "-" "Mozilla/5.0 (compatible; SemrushBot/7~bl; +http://www.semrush.com/bot.html)"
54.36.148.243 - - [15/Dec/2021:14:55:05 +0100] "GET /beige-lampshade-p-55938.html HTTP/1.0" 200 73349 "-" "Mozilla/5.0 (compatible; AhrefsBot/7.0; +http://ahrefs.com/robot/)"
185.191.171.25 - - [15/Dec/2021:14:55:31 +0100] "GET /-p-23116.html?action=add_product HTTP/1.0" 302 476 "-" "Mozilla/5.0 (compatible; SemrushBot/7~bl; +http://www.semrush.com/bot.html)"
157.55.39.125 - - [15/Dec/2021:14:55:43 +0100] "GET /avengers-marvel-kids-school-p-36229.html HTTP/1.0" 200 73545 "-" "Mozilla/5.0 (compatible; bingbot/2.0; +http://www.bing.com/bingbot.htm)"
144.202.104.167 - - [15/Dec/2021:14:55:51 +0100] "GET /images/mini_prod/3453131146241.jpg HTTP/1.0" 200 269 "-" "Mozilla/5.0 (X11; Ubuntu; Linux x86_64; rv:72.0) Gecko/20100101 Firefox/72.0"
185.191.171.18 - - [15/Dec/2021:14:55:53 +0100] "GET /flamingo-tisanire-p-42272.html HTTP/1.0" 200 73267 "-" "Mozilla/5.0 (compatible; SemrushBot/7~bl; +http://www.semrush.com/bot.html)"
20.99.156.67 - - [15/Dec/2021:14:55:59 +0100] "GET /images/big_prod/8718657467153.jpg HTTP/1.0" 200 268 "-" "Mozilla/5.0 (Windows NT 10.0; WOW64) AppleWebKit/537.36 (KHTML, like Gecko) Chrome/68.0.3440.106 Safari/537.36"
185.191.171.19 - - [15/Dec/2021:14:56:46 +0100] "GET /moki-bedspread-p-53241.html?action=add_product HTTP/1.0" 302 476 "-" "Mozilla/5.0 (compatible; SemrushBot/7~bl; +http://www.semrush.com/bot.html)"
216.244.66.242 - - [15/Dec/2021:14:56:51 +0100] "GET /french-riviera-black-cotton-shopping-p-38653.html HTTP/1.0" 200 73601 "-" "Mozilla/5.0 (compatible; DotBot/1.2; +https://opensiteexplorer.org/dotbot; help@moz.com)"
185.191.171.26 - - [15/Dec/2021:14:56:52 +0100] "GET /collectible-figurines-decorative-c-13_135.html?page=12 HTTP/1.0" 200 96945 "-" "Mozilla/5.0 (compatible; SemrushBot/7~bl; +http://www.semrush.com/bot.html)"
185.191.171.39 - - [15/Dec/2021:14:57:10 +0100] "GET /gloss-lips-london-phone-p-37162.html?action=add_product HTTP/1.0" 302 476 "-" "Mozilla/5.0 (compatible; SemrushBot/7~bl; +http://www.semrush.com/bot.html)"
54.36.148.243 - - [15/Dec/2021:14:57:42 +0100] "GET /flower-joris-collection-p-54679.html HTTP/1.0" 200 73319 "-" "Mozilla/5.0 (compatible; AhrefsBot/7.0; +http://ahrefs.com/robot/)"
185.191.171.33 - - [15/Dec/2021:14:58:00 +0100] "GET /white-ellipse-flower-table-lamp-p-52979.html HTTP/1.0" 200 74015 "-" "Mozilla/5.0 (compatible; SemrushBot/7~bl; +http://www.semrush.com/bot.html)"
185.191.171.22 - - [15/Dec/2021:14:58:09 +0100] "GET /himalayan-mini-mood-salt-lamp-sphere-white-p-46683.html?action=add_product HTTP/1.0" 302 476 "-" "Mozilla/5.0 (compatible; SemrushBot/7~bl; +http://www.semrush.com/bot.html)"
207.46.13.52 - - [15/Dec/2021:14:58:09 +0100] "GET /black-madonna-aromatika-incense-sticks-p-53428.html HTTP/1.0" 200 73407 "-" "Mozilla/5.0 (compatible; bingbot/2.0; +http://www.bing.com/bingbot.htm)"
40.77.167.66 - - [15/Dec/2021:14:58:59 +0100] "GET /astronaut-lamp-p-52987.html HTTP/1.0" 200 73268 "-" "Mozilla/5.0 (compatible; bingbot/2.0; +http://www.bing.com/bingbot.htm)"
207.46.13.52 - - [15/Dec/2021:14:59:02 +0100] "GET /images/TBA26SF2noir.jpg HTTP/1.0" 200 258 "-" "Mozilla/5.0 (compatible; bingbot/2.0; +http://www.bing.com/bingbot.htm)"
216.244.66.242 - - [15/Dec/2021:14:59:00 +0100] "GET /cushions-c-13_11_71.html?page=3 HTTP/1.0" 200 90014 "-" "Mozilla/5.0 (compatible; DotBot/1.2; +https://opensiteexplorer.org/dotbot; help@moz.com)"
185.191.171.18 - - [15/Dec/2021:14:59:34 +0100] "GET /barbapapa-beauty-bag-p-3318.html HTTP/1.0" 301 73513 "-" "Mozilla/5.0 (compatible; SemrushBot/7~bl; +http://www.semrush.com/bot.html)"
185.191.171.1 - - [15/Dec/2021:14:59:40 +0100] "GET /barbapapa-beauty-p-3318.html HTTP/1.0" 200 73431 "-" "Mozilla/5.0 (compatible; SemrushBot/7~bl; +http://www.semrush.com/bot.html)"
185.191.171.20 - - [15/Dec/2021:15:00:12 +0100] "GET /minnie-mouse-large-disney-suitcase-p-31209.html HTTP/1.0" 200 70774 "-" "Mozilla/5.0 (compatible; SemrushBot/7~bl; +http://www.semrush.com/bot.html)"
185.191.171.37 - - [15/Dec/2021:15:00:19 +0100] "GET /glass-with-porcelain-infuser-p-41872.html HTTP/1.0" 200 73339 "-" "Mozilla/5.0 (compatible; SemrushBot/7~bl; +http://www.semrush.com/bot.html)"
54.36.148.243 - - [15/Dec/2021:15:00:20 +0100] "GET /pill-blue-p-34379.html HTTP/1.0" 200 73387 "-" "Mozilla/5.0 (compatible; AhrefsBot/7.0; +http://ahrefs.com/robot/)"
185.191.171.15 - - [15/Dec/2021:15:01:04 +0100] "GET /retro-metal-tray-p-40728.html HTTP/1.0" 200 73295 "-" "Mozilla/5.0 (compatible; SemrushBot/7~bl; +http://www.semrush.com/bot.html)"
20.99.156.119 - - [15/Dec/2021:15:01:09 +0100] "GET /images/big_prod/8424346085446.jpg HTTP/1.0" 200 268 "-" "Mozilla/5.0 (Windows NT 10.0; WOW64) AppleWebKit/537.36 (KHTML, like Gecko) Chrome/64.0.3282.186 Safari/537.36"
149.28.94.127 - - [15/Dec/2021:15:01:21 +0100] "GET /images/mini_prod/8432699066876.jpg HTTP/1.0" 200 269 "-" "Mozilla/5.0 (X11; Ubuntu; Linux x86_64; rv:72.0) Gecko/20100101 Firefox/72.0"
207.46.13.52 - - [15/Dec/2021:15:02:05 +0100] "GET /round-trays-c-12_159_263.html HTTP/1.0" 200 90911 "-" "Mozilla/5.0 (compatible; bingbot/2.0; +http://www.bing.com/bingbot.htm)"
185.191.171.35 - - [15/Dec/2021:15:02:15 +0100] "GET /copper-bottle-with-screw-flower-life-engraved-p-44266.html?action=add_product HTTP/1.0" 302 476 "-" "Mozilla/5.0 (compatible; SemrushBot/7~bl; +http://www.semrush.com/bot.html)"
185.191.171.39 - - [15/Dec/2021:15:02:20 +0100] "GET /isothermic-stainless-steel-bottle-lovely-panda-by-cbkreation-p-51046.html HTTP/1.0" 301 73691 "-" "Mozilla/5.0 (compatible; SemrushBot/7~bl; +http://www.semrush.com/bot.html)"
185.191.171.40 - - [15/Dec/2021:15:02:23 +0100] "GET /isothermic-stainless-steel-bottle-lovely-panda-cbkreation-p-51046.html HTTP/1.0" 200 73567 "-" "Mozilla/5.0 (compatible; SemrushBot/7~bl; +http://www.semrush.com/bot.html)"
157.55.39.125 - - [15/Dec/2021:15:02:42 +0100] "GET /kids-school-c-31_80.html HTTP/1.0" 200 90701 "-" "Mozilla/5.0 (compatible; bingbot/2.0; +http://www.bing.com/bingbot.htm)"
40.77.167.66 - - [15/Dec/2021:15:02:54 +0100] "GET /images/med_prod/8718375752265.jpg HTTP/1.0" 200 268 "-" "Mozilla/5.0 (compatible; bingbot/2.0; +http://www.bing.com/bingbot.htm)"
54.36.148.243 - - [15/Dec/2021:15:02:53 +0100] "GET /rolling-stones-england-flag-zippo-lighter-p-22405.html HTTP/1.0" 200 75833 "-" "Mozilla/5.0 (compatible; AhrefsBot/7.0; +http://ahrefs.com/robot/)"
185.191.171.24 - - [15/Dec/2021:15:03:55 +0100] "GET /mango-statue-head-buddha-p-46054.html?action=add_product HTTP/1.0" 302 476 "-" "Mozilla/5.0 (compatible; SemrushBot/7~bl; +http://www.semrush.com/bot.html)"
185.191.171.2 - - [15/Dec/2021:15:03:59 +0100] "GET /meditation-cushion-organic-cotton-p-52924.html?action=add_product HTTP/1.0" 302 476 "-" "Mozilla/5.0 (compatible; SemrushBot/7~bl; +http://www.semrush.com/bot.html)"
185.191.171.34 - - [15/Dec/2021:15:04:11 +0100] "GET /beyblade-p-27883.html HTTP/1.0" 200 73339 "-" "Mozilla/5.0 (compatible; SemrushBot/7~bl; +http://www.semrush.com/bot.html)"
185.191.171.25 - - [15/Dec/2021:15:04:40 +0100] "GET /cushions-c-11_71.html?page=7 HTTP/1.0" 200 79705 "-" "Mozilla/5.0 (compatible; SemrushBot/7~bl; +http://www.semrush.com/bot.html)"
54.36.148.243 - - [15/Dec/2021:15:05:13 +0100] "GET /pepe-jeans-gray-shoulder-p-35984.html HTTP/1.0" 200 73658 "-" "Mozilla/5.0 (compatible; AhrefsBot/7.0; +http://ahrefs.com/robot/)"
185.191.171.25 - - [15/Dec/2021:15:05:34 +0100] "GET /noddy-baby-training-p-18269.html?action=add_product HTTP/1.0" 302 476 "-" "Mozilla/5.0 (compatible; SemrushBot/7~bl; +http://www.semrush.com/bot.html)"
185.191.171.16 - - [15/Dec/2021:15:05:46 +0100] "GET /cars-ball-filled-p-11526.html?action=add_product HTTP/1.0" 302 476 "-" "Mozilla/5.0 (compatible; SemrushBot/7~bl; +http://www.semrush.com/bot.html)"
74.125.209.50 - - [15/Dec/2021:15:05:53 +0100] "GET /images/big_prod/8422044301004.jpg HTTP/1.0" 200 268 "-" "Mozilla/5.0 (Windows NT 5.1; rv:11.0) Gecko Firefox/11.0 (via ggpht.com GoogleImageProxy)"
185.191.171.40 - - [15/Dec/2021:15:05:56 +0100] "GET /branch-pink-orchid-wall-sticker-p-39306.html?action=add_product HTTP/1.0" 302 476 "-" "Mozilla/5.0 (compatible; SemrushBot/7~bl; +http://www.semrush.com/bot.html)"
74.125.209.50 - - [15/Dec/2021:15:06:29 +0100] "GET /images/big_prod/3503420021480.jpg HTTP/1.0" 200 268 "-" "Mozilla/5.0 (Windows NT 5.1; rv:11.0) Gecko Firefox/11.0 (via ggpht.com GoogleImageProxy)"
185.191.171.21 - - [15/Dec/2021:15:06:37 +0100] "GET /argentina-mouse-pad-cbkreation-p-13982.html HTTP/1.0" 301 73353 "-" "Mozilla/5.0 (compatible; SemrushBot/7~bl; +http://www.semrush.com/bot.html)"
185.191.171.4 - - [15/Dec/2021:15:06:40 +0100] "GET /argentina-mouse-cbkreation-p-13982.html HTTP/1.0" 200 73260 "-" "Mozilla/5.0 (compatible; SemrushBot/7~bl; +http://www.semrush.com/bot.html)"
207.46.13.52 - - [15/Dec/2021:15:07:26 +0100] "GET /soft-toys-security-blanket-c-4_46.html HTTP/1.0" 200 92079 "-" "Mozilla/5.0 (compatible; bingbot/2.0; +http://www.bing.com/bingbot.htm)"
74.125.209.50 - - [15/Dec/2021:15:07:46 +0100] "GET /images/big_prod/3609810098848.jpg HTTP/1.0" 200 268 "-" "Mozilla/5.0 (Windows NT 5.1; rv:11.0) Gecko Firefox/11.0 (via ggpht.com GoogleImageProxy)"
185.191.171.22 - - [15/Dec/2021:15:07:51 +0100] "GET /postcard-with-envelope-p-48858.html?action=add_product HTTP/1.0" 302 476 "-" "Mozilla/5.0 (compatible; SemrushBot/7~bl; +http://www.semrush.com/bot.html)"
54.36.148.243 - - [15/Dec/2021:15:07:55 +0100] "GET /hello-kitty-figure-p-2906.html HTTP/1.0" 200 73313 "-" "Mozilla/5.0 (compatible; AhrefsBot/7.0; +http://ahrefs.com/robot/)"
77.75.76.160 - - [15/Dec/2021:15:08:05 +0100] "GET /robots.txt HTTP/1.0" 200 245 "-" "Mozilla/5.0 (compatible; SeznamBot/3.2; +http://napoveda.seznam.cz/en/seznambot-intro/)"
77.75.76.160 - - [15/Dec/2021:15:08:05 +0100] "GET /rendez-vous-bons-amis-clock-p-45025.html HTTP/1.0" 200 73382 "-" "Mozilla/5.0 (compatible; SeznamBot/3.2; +http://napoveda.seznam.cz/en/seznambot-intro/)"
185.191.171.13 - - [15/Dec/2021:15:08:29 +0100] "GET /silhouette-ceramic-vase-modigliani-caryatide-p-54321.html?action=add_product HTTP/1.0" 302 476 "-" "Mozilla/5.0 (compatible; SemrushBot/7~bl; +http://www.semrush.com/bot.html)"
123.183.224.16 - - [15/Dec/2021:15:08:35 +0100] "GET /robots.txt HTTP/1.0" 301 531 "-" "Sogou web spider/4.0(+http://www.sogou.com/docs/help/webmasters.htm#07)"
123.183.224.15 - - [15/Dec/2021:15:08:38 +0100] "GET /robots.txt HTTP/1.0" 200 245 "-" "Sogou web spider/4.0(+http://www.sogou.com/docs/help/webmasters.htm#07)"
185.191.171.21 - - [15/Dec/2021:15:08:58 +0100] "GET /metal-tray-p-45851.html HTTP/1.0" 200 73297 "-" "Mozilla/5.0 (compatible; SemrushBot/7~bl; +http://www.semrush.com/bot.html)"
74.125.209.50 - - [15/Dec/2021:15:09:00 +0100] "GET /images/big_prod/3503420076466.jpg HTTP/1.0" 200 268 "-" "Mozilla/5.0 (Windows NT 5.1; rv:11.0) Gecko Firefox/11.0 (via ggpht.com GoogleImageProxy)"
157.55.39.228 - - [15/Dec/2021:15:09:07 +0100] "GET /images/big_prod/7601020000396.jpg HTTP/1.0" 200 268 "-" "Mozilla/5.0 (compatible; bingbot/2.0; +http://www.bing.com/bingbot.htm)"
51.68.224.127 - - [15/Dec/2021:15:09:08 +0100] "GET /adminweb/export_orders_xml.php?token=256de2z6edz6ed2z6DFSFsed2zed6zeDSFDSGdzedezfzf&maxorders=10&orderstart=1&status=14&start_date=2018-10-01 HTTP/1.0" 200 285 "-" "GesCom CharlotteBoutik Serveur"
51.68.224.127 - - [15/Dec/2021:15:09:08 +0100] "GET /adminweb/export_orders_xml.php?token=256de2z6edz6ed2z6DFSFsed2zed6zeDSFDSGdzedezfzf&maxorders=10&orderstart=1&status=6&start_date=2018-10-01 HTTP/1.0" 200 32471 "-" "GesCom CharlotteBoutik Serveur"
185.191.171.14 - - [15/Dec/2021:15:09:29 +0100] "GET /gorjuss-cards-supplied-with-envelope-little-p-48370.html HTTP/1.0" 200 73564 "-" "Mozilla/5.0 (compatible; SemrushBot/7~bl; +http://www.semrush.com/bot.html)"
185.191.171.37 - - [15/Dec/2021:15:10:10 +0100] "GET /llama-love-figurine-p-47612.html?action=add_product HTTP/1.0" 302 476 "-" "Mozilla/5.0 (compatible; SemrushBot/7~bl; +http://www.semrush.com/bot.html)"
54.36.148.243 - - [15/Dec/2021:15:10:13 +0100] "GET /buddha-statue-polyresin-p-36725.html HTTP/1.0" 200 73435 "-" "Mozilla/5.0 (compatible; AhrefsBot/7.0; +http://ahrefs.com/robot/)"
185.191.171.2 - - [15/Dec/2021:15:10:17 +0100] "GET /kimmidoll-kazumi-nail-files-p-31934.html?action=add_product HTTP/1.0" 302 476 "-" "Mozilla/5.0 (compatible; SemrushBot/7~bl; +http://www.semrush.com/bot.html)"
185.191.171.40 - - [15/Dec/2021:15:10:23 +0100] "GET /prayer-candle-novena-p-44463.html?action=add_product HTTP/1.0" 302 476 "-" "Mozilla/5.0 (compatible; SemrushBot/7~bl; +http://www.semrush.com/bot.html)"
74.125.209.52 - - [15/Dec/2021:15:11:00 +0100] "GET /images/big_prod/3503420064418.jpg HTTP/1.0" 200 268 "-" "Mozilla/5.0 (Windows NT 5.1; rv:11.0) Gecko Firefox/11.0 (via ggpht.com GoogleImageProxy)"
185.191.171.17 - - [15/Dec/2021:15:11:10 +0100] "GET /paris-shopping-p-46248.html?action=add_product HTTP/1.0" 302 476 "-" "Mozilla/5.0 (compatible; SemrushBot/7~bl; +http://www.semrush.com/bot.html)"
207.46.13.52 - - [15/Dec/2021:15:11:28 +0100] "GET /small-pink-money-p-54805.html HTTP/1.0" 200 73288 "-" "Mozilla/5.0 (compatible; bingbot/2.0; +http://www.bing.com/bingbot.htm)"
20.99.156.128 - - [15/Dec/2021:15:11:38 +0100] "GET /images/big_prod/1328399219636.jpg HTTP/1.0" 200 268 "-" "Mozilla/5.0 (Windows NT 10.0; ) Gecko/20100101 Firefox/61.0"
207.46.13.52 - - [15/Dec/2021:15:11:55 +0100] "GET /images/big_prod_3/1328399271337c.jpg HTTP/1.0" 200 271 "-" "Mozilla/5.0 (compatible; bingbot/2.0; +http://www.bing.com/bingbot.htm)"
74.125.209.52 - - [15/Dec/2021:15:12:05 +0100] "GET /images/big_prod/1399985100560.jpg HTTP/1.0" 200 268 "-" "Mozilla/5.0 (Windows NT 5.1; rv:11.0) Gecko Firefox/11.0 (via ggpht.com GoogleImageProxy)"
74.125.209.52 - - [15/Dec/2021:15:12:38 +0100] "GET /images/big_prod/3503420074479.jpg HTTP/1.0" 200 268 "-" "Mozilla/5.0 (Windows NT 5.1; rv:11.0) Gecko Firefox/11.0 (via ggpht.com GoogleImageProxy)"
185.191.171.17 - - [15/Dec/2021:15:12:46 +0100] "GET /buddha-statue-p-44981.html?action=add_product HTTP/1.0" 302 476 "-" "Mozilla/5.0 (compatible; SemrushBot/7~bl; +http://www.semrush.com/bot.html)"
54.36.148.243 - - [15/Dec/2021:15:12:51 +0100] "GET /pillow-protector-bolster-protector-c-11_276.html HTTP/1.0" 200 83685 "-" "Mozilla/5.0 (compatible; AhrefsBot/7.0; +http://ahrefs.com/robot/)"
185.191.171.22 - - [15/Dec/2021:15:13:02 +0100] "GET /trays-c-12_159.html?page=5 HTTP/1.0" 200 92278 "-" "Mozilla/5.0 (compatible; SemrushBot/7~bl; +http://www.semrush.com/bot.html)"
185.191.171.43 - - [15/Dec/2021:15:13:11 +0100] "GET /nitro-backpack-stash-blur-orange-trims-49-cm-p-35706.html HTTP/1.0" 301 70680 "-" "Mozilla/5.0 (compatible; SemrushBot/7~bl; +http://www.semrush.com/bot.html)"
185.191.171.26 - - [15/Dec/2021:15:13:14 +0100] "GET /-p-35706.html HTTP/1.0" 200 70613 "-" "Mozilla/5.0 (compatible; SemrushBot/7~bl; +http://www.semrush.com/bot.html)"
185.191.171.19 - - [15/Dec/2021:15:13:28 +0100] "GET /invaders-cbkreation-p-14179.html?action=add_product HTTP/1.0" 302 476 "-" "Mozilla/5.0 (compatible; SemrushBot/7~bl; +http://www.semrush.com/bot.html)"
40.77.167.66 - - [15/Dec/2021:15:13:57 +0100] "GET /scented-candle-made-france-almond-milk-p-57032.html HTTP/1.0" 301 613 "-" "Mozilla/5.0 (compatible; bingbot/2.0; +http://www.bing.com/bingbot.htm)"
185.191.171.14 - - [15/Dec/2021:15:13:57 +0100] "GET /teo-jasmin-jasmine-mug-p-43458.html HTTP/1.0" 301 70779 "-" "Mozilla/5.0 (compatible; SemrushBot/7~bl; +http://www.semrush.com/bot.html)"
185.191.171.1 - - [15/Dec/2021:15:14:02 +0100] "GET /jasmin-jasmine-p-43458.html HTTP/1.0" 200 70698 "-" "Mozilla/5.0 (compatible; SemrushBot/7~bl; +http://www.semrush.com/bot.html)"
40.77.167.66 - - [15/Dec/2021:15:14:10 +0100] "GET /scented-candle-made-france-almond-milk-p-57032.html HTTP/1.0" 200 74884 "-" "Mozilla/5.0 (compatible; bingbot/2.0; +http://www.bing.com/bingbot.htm)"
66.102.9.239 - - [15/Dec/2021:15:15:19 +0100] "GET /images/big_prod/3660173200040.jpg HTTP/1.0" 200 268 "-" "Mozilla/5.0 (Windows NT 5.1; rv:11.0) Gecko Firefox/11.0 (via ggpht.com GoogleImageProxy)"
54.36.148.243 - - [15/Dec/2021:15:15:36 +0100] "GET /velocycle-isothermic-stainless-steel-bottle-p-54536.html HTTP/1.0" 200 73419 "-" "Mozilla/5.0 (compatible; AhrefsBot/7.0; +http://ahrefs.com/robot/)"
185.191.171.45 - - [15/Dec/2021:15:15:46 +0100] "GET /high-school-musical-compact-umbrella-p-20492.html?action=add_product HTTP/1.0" 302 476 "-" "Mozilla/5.0 (compatible; SemrushBot/7~bl; +http://www.semrush.com/bot.html)"
66.249.93.249 - - [15/Dec/2021:15:15:47 +0100] "GET /images/big_prod_1/B8422017231710B.jpg HTTP/1.0" 200 272 "-" "Mozilla/5.0 (Windows NT 5.1; rv:11.0) Gecko Firefox/11.0 (via ggpht.com GoogleImageProxy)"
157.55.39.125 - - [15/Dec/2021:15:16:22 +0100] "GET /images/5702015124928.jpg HTTP/1.0" 200 259 "-" "Mozilla/5.0 (compatible; bingbot/2.0; +http://www.bing.com/bingbot.htm)"
185.191.171.45 - - [15/Dec/2021:15:16:30 +0100] "GET /blue-p-45709.html HTTP/1.0" 200 73894 "-" "Mozilla/5.0 (compatible; SemrushBot/7~bl; +http://www.semrush.com/bot.html)"
185.191.171.45 - - [15/Dec/2021:15:16:33 +0100] "GET /terracotta-ginkgo-cover-green-p-55532.html HTTP/1.0" 200 74031 "-" "Mozilla/5.0 (compatible; SemrushBot/7~bl; +http://www.semrush.com/bot.html)"
66.249.70.90 - - [15/Dec/2021:15:16:50 +0100] "GET /parrots-table-lamp-p-55082.html HTTP/1.0" 200 70687 "-" "Mozilla/5.0 (Linux; Android 6.0.1; Nexus 5X Build/MMB29P) AppleWebKit/537.36 (KHTML, like Gecko) Chrome/96.0.4664.93 Mobile Safari/537.36 (compatible; Googlebot/2.1; +http://www.google.com/bot.html)"
185.191.171.42 - - [15/Dec/2021:15:17:36 +0100] "GET /support-metal-bottle-the-mechanic-p-39627.html HTTP/1.0" 301 70863 "-" "Mozilla/5.0 (compatible; SemrushBot/7~bl; +http://www.semrush.com/bot.html)"
185.191.171.45 - - [15/Dec/2021:15:17:39 +0100] "GET /support-metal-bottle-mechanic-p-39627.html HTTP/1.0" 200 70767 "-" "Mozilla/5.0 (compatible; SemrushBot/7~bl; +http://www.semrush.com/bot.html)"
54.36.148.243 - - [15/Dec/2021:15:18:05 +0100] "GET /hello-kitty-black-note-book-p-25576.html HTTP/1.0" 200 73450 "-" "Mozilla/5.0 (compatible; AhrefsBot/7.0; +http://ahrefs.com/robot/)"
185.191.171.40 - - [15/Dec/2021:15:18:58 +0100] "GET /protective-cover-cotton-fleece-p-53660.html?action=add_product HTTP/1.0" 302 476 "-" "Mozilla/5.0 (compatible; SemrushBot/7~bl; +http://www.semrush.com/bot.html)"
185.191.171.4 - - [15/Dec/2021:15:19:04 +0100] "GET /-p-40299.html?action=add_product HTTP/1.0" 302 476 "-" "Mozilla/5.0 (compatible; SemrushBot/7~bl; +http://www.semrush.com/bot.html)"
185.191.171.43 - - [15/Dec/2021:15:20:02 +0100] "GET /coca-cola-blue-metal-plate-p-37156.html?action=add_product HTTP/1.0" 302 476 "-" "Mozilla/5.0 (compatible; SemrushBot/7~bl; +http://www.semrush.com/bot.html)"
185.191.171.43 - - [15/Dec/2021:15:20:16 +0100] "GET /confederes-flag-90-150-cm-p-41660.html HTTP/1.0" 301 70761 "-" "Mozilla/5.0 (compatible; SemrushBot/7~bl; +http://www.semrush.com/bot.html)"
185.191.171.45 - - [15/Dec/2021:15:20:19 +0100] "GET /confdrs-flag-p-41660.html HTTP/1.0" 200 70682 "-" "Mozilla/5.0 (compatible; SemrushBot/7~bl; +http://www.semrush.com/bot.html)"
185.191.171.8 - - [15/Dec/2021:15:20:23 +0100] "GET /decoration-young-african-p-50051.html?action=add_product HTTP/1.0" 302 476 "-" "Mozilla/5.0 (compatible; SemrushBot/7~bl; +http://www.semrush.com/bot.html)"
54.36.148.243 - - [15/Dec/2021:15:20:30 +0100] "GET /moroccan-ashtray-tropical-p-52626.html HTTP/1.0" 200 73230 "-" "Mozilla/5.0 (compatible; AhrefsBot/7.0; +http://ahrefs.com/robot/)"
185.191.171.26 - - [15/Dec/2021:15:20:40 +0100] "GET /windchime-yang-five-chimes-p-40513.html?action=add_product HTTP/1.0" 302 476 "-" "Mozilla/5.0 (compatible; SemrushBot/7~bl; +http://www.semrush.com/bot.html)"
185.191.171.26 - - [15/Dec/2021:15:20:40 +0100] "GET /robots.txt HTTP/1.0" 200 245 "-" "Mozilla/5.0 (compatible; SemrushBot/7~bl; +http://www.semrush.com/bot.html)"
185.191.171.18 - - [15/Dec/2021:15:22:07 +0100] "GET /curry-polyester-round-chair-cushion-p-55088.html HTTP/1.0" 200 73997 "-" "Mozilla/5.0 (compatible; SemrushBot/7~bl; +http://www.semrush.com/bot.html)"
207.46.13.52 - - [15/Dec/2021:15:22:36 +0100] "GET /images/big_prod/4025055092158NN.jpg HTTP/1.0" 200 270 "-" "Mozilla/5.0 (compatible; bingbot/2.0; +http://www.bing.com/bingbot.htm)"
185.191.171.15 - - [15/Dec/2021:15:22:39 +0100] "GET /sacred-heart-mary-prayer-candle-novena-p-44461.html?action=add_product HTTP/1.0" 302 476 "-" "Mozilla/5.0 (compatible; SemrushBot/7~bl; +http://www.semrush.com/bot.html)"
54.36.148.243 - - [15/Dec/2021:15:22:44 +0100] "GET /lotus-candleholder-light-black-silverlining-p-38923.html HTTP/1.0" 200 74853 "-" "Mozilla/5.0 (compatible; AhrefsBot/7.0; +http://ahrefs.com/robot/)"
185.191.171.18 - - [15/Dec/2021:15:22:58 +0100] "GET /burundi-round-side-table-p-51697.html?action=add_product HTTP/1.0" 302 476 "-" "Mozilla/5.0 (compatible; SemrushBot/7~bl; +http://www.semrush.com/bot.html)"
185.191.171.18 - - [15/Dec/2021:15:23:01 +0100] "GET /opera-rock-bedclothes-p-35317.html?action=add_product HTTP/1.0" 302 476 "-" "Mozilla/5.0 (compatible; SemrushBot/7~bl; +http://www.semrush.com/bot.html)"
185.191.171.45 - - [15/Dec/2021:15:24:11 +0100] "GET /angry-birds-hair-ornements-p-19410.html?action=add_product HTTP/1.0" 302 476 "-" "Mozilla/5.0 (compatible; SemrushBot/7~bl; +http://www.semrush.com/bot.html)"
185.191.171.25 - - [15/Dec/2021:15:24:19 +0100] "GET /baby-doll-paola-reina-p-7361.html?action=add_product HTTP/1.0" 302 476 "-" "Mozilla/5.0 (compatible; SemrushBot/7~bl; +http://www.semrush.com/bot.html)"
185.191.171.41 - - [15/Dec/2021:15:24:28 +0100] "GET /emily-lili-petrol-p-30435.html HTTP/1.0" 200 70679 "-" "Mozilla/5.0 (compatible; SemrushBot/7~bl; +http://www.semrush.com/bot.html)"
40.77.167.66 - - [15/Dec/2021:15:24:31 +0100] "GET /scented-candle-made-france-almond-milk-p-57032.html HTTP/1.0" 301 613 "-" "Mozilla/5.0 (compatible; bingbot/2.0; +http://www.bing.com/bingbot.htm)"
185.191.171.38 - - [15/Dec/2021:15:24:33 +0100] "GET /quebec-keyring-by-cbkreation-p-43235.html HTTP/1.0" 301 73433 "-" "Mozilla/5.0 (compatible; SemrushBot/7~bl; +http://www.semrush.com/bot.html)"
185.191.171.2 - - [15/Dec/2021:15:24:36 +0100] "GET /quebec-keyring-cbkreation-p-43235.html HTTP/1.0" 200 73341 "-" "Mozilla/5.0 (compatible; SemrushBot/7~bl; +http://www.semrush.com/bot.html)"
185.191.171.45 - - [15/Dec/2021:15:24:39 +0100] "GET /orange-pot-with-reliefs-earthenware-p-52267.html HTTP/1.0" 301 70834 "-" "Mozilla/5.0 (compatible; SemrushBot/7~bl; +http://www.semrush.com/bot.html)"
40.77.167.66 - - [15/Dec/2021:15:24:40 +0100] "GET /scented-candle-made-france-almond-milk-p-57032.html HTTP/1.0" 200 74884 "-" "Mozilla/5.0 (compatible; bingbot/2.0; +http://www.bing.com/bingbot.htm)"
185.191.171.25 - - [15/Dec/2021:15:24:41 +0100] "GET /orange-with-reliefs-earthenware-p-52267.html HTTP/1.0" 200 70736 "-" "Mozilla/5.0 (compatible; SemrushBot/7~bl; +http://www.semrush.com/bot.html)"
185.191.171.16 - - [15/Dec/2021:15:24:55 +0100] "GET /furniture-knob-sold-individually-p-55977.html HTTP/1.0" 200 74027 "-" "Mozilla/5.0 (compatible; SemrushBot/7~bl; +http://www.semrush.com/bot.html)"
54.36.148.243 - - [15/Dec/2021:15:25:16 +0100] "GET /harley-davidson-skull-lighter-p-45316.html HTTP/1.0" 200 74347 "-" "Mozilla/5.0 (compatible; AhrefsBot/7.0; +http://ahrefs.com/robot/)"
185.191.171.18 - - [15/Dec/2021:15:25:28 +0100] "GET /candle-hours-baked-apple-p-38119.html?action=add_product HTTP/1.0" 302 476 "-" "Mozilla/5.0 (compatible; SemrushBot/7~bl; +http://www.semrush.com/bot.html)"
157.55.39.228 - - [15/Dec/2021:15:25:28 +0100] "GET /images/3700235419345.jpg HTTP/1.0" 200 259 "-" "Mozilla/5.0 (compatible; bingbot/2.0; +http://www.bing.com/bingbot.htm)"
185.191.171.13 - - [15/Dec/2021:15:25:31 +0100] "GET /decorative-ball-silver-resin-p-57064.html HTTP/1.0" 200 74004 "-" "Mozilla/5.0 (compatible; SemrushBot/7~bl; +http://www.semrush.com/bot.html)"
51.68.224.127 - - [15/Dec/2021:15:25:36 +0100] "GET /adminweb/export_orders_xml.php?token=256de2z6edz6ed2z6DFSFsed2zed6zeDSFDSGdzedezfzf&maxorders=10&orderstart=1&status=14&start_date=2018-10-01 HTTP/1.0" 200 285 "-" "GesCom CharlotteBoutik Serveur"
51.68.224.127 - - [15/Dec/2021:15:25:36 +0100] "GET /adminweb/export_orders_xml.php?token=256de2z6edz6ed2z6DFSFsed2zed6zeDSFDSGdzedezfzf&maxorders=10&orderstart=1&status=6&start_date=2018-10-01 HTTP/1.0" 200 32471 "-" "GesCom CharlotteBoutik Serveur"
185.191.171.16 - - [15/Dec/2021:15:25:52 +0100] "GET /set-of-bed-linen-c-11_68.html?page=5 HTTP/1.0" 301 91783 "-" "Mozilla/5.0 (compatible; SemrushBot/7~bl; +http://www.semrush.com/bot.html)"
185.191.171.39 - - [15/Dec/2021:15:25:55 +0100] "GET /linen-c-68.html?page=5 HTTP/1.0" 301 91664 "-" "Mozilla/5.0 (compatible; SemrushBot/7~bl; +http://www.semrush.com/bot.html)"
185.191.171.37 - - [15/Dec/2021:15:25:58 +0100] "GET /linen-c-11_68.html?page=5 HTTP/1.0" 200 91707 "-" "Mozilla/5.0 (compatible; SemrushBot/7~bl; +http://www.semrush.com/bot.html)"
216.244.66.242 - - [15/Dec/2021:15:26:12 +0100] "GET /robots.txt HTTP/1.0" 200 245 "-" "Mozilla/5.0 (compatible; DotBot/1.2; +https://opensiteexplorer.org/dotbot; help@moz.com)"
185.191.171.4 - - [15/Dec/2021:15:26:21 +0100] "GET /figurine-scorcerer-mickey-p-53352.html HTTP/1.0" 200 74853 "-" "Mozilla/5.0 (compatible; SemrushBot/7~bl; +http://www.semrush.com/bot.html)"
66.249.70.70 - - [15/Dec/2021:15:26:37 +0100] "GET /-m-3.html HTTP/1.0" 200 78635 "-" "Mozilla/5.0 (Linux; Android 6.0.1; Nexus 5X Build/MMB29P) AppleWebKit/537.36 (KHTML, like Gecko) Chrome/96.0.4664.93 Mobile Safari/537.36 (compatible; Googlebot/2.1; +http://www.google.com/bot.html)"
66.249.70.72 - - [15/Dec/2021:15:26:45 +0100] "GET /images/big_prod/3609810079700.jpg HTTP/1.0" 200 268 "-" "Googlebot-Image/1.0"
185.191.171.24 - - [15/Dec/2021:15:26:48 +0100] "GET /paris-tour-eiffel-small-metal-plate-postcard-p-15296.html HTTP/1.0" 200 70779 "-" "Mozilla/5.0 (compatible; SemrushBot/7~bl; +http://www.semrush.com/bot.html)"
157.55.39.0 - - [15/Dec/2021:15:26:51 +0100] "GET /images/mini_prod/8422009014604.jpg HTTP/1.0" 200 269 "-" "Mozilla/5.0 (compatible; bingbot/2.0; +http://www.bing.com/bingbot.htm)"
185.191.171.38 - - [15/Dec/2021:15:27:15 +0100] "GET /memory-bolster-140-38-cm-p-47975.html HTTP/1.0" 301 70764 "-" "Mozilla/5.0 (compatible; SemrushBot/7~bl; +http://www.semrush.com/bot.html)"
185.191.171.19 - - [15/Dec/2021:15:27:17 +0100] "GET /memory-bolster-p-47975.html HTTP/1.0" 200 70683 "-" "Mozilla/5.0 (compatible; SemrushBot/7~bl; +http://www.semrush.com/bot.html)"
185.191.171.45 - - [15/Dec/2021:15:27:28 +0100] "GET /set-of-plush-tree-hanging-decorations-p-52655.html HTTP/1.0" 301 73499 "-" "Mozilla/5.0 (compatible; SemrushBot/7~bl; +http://www.semrush.com/bot.html)"
185.191.171.21 - - [15/Dec/2021:15:27:31 +0100] "GET /plush-tree-hanging-decorations-p-52655.html HTTP/1.0" 200 73402 "-" "Mozilla/5.0 (compatible; SemrushBot/7~bl; +http://www.semrush.com/bot.html)"
54.36.148.243 - - [15/Dec/2021:15:27:37 +0100] "GET /saint-expedit-prayer-candle-novena-p-44448.html HTTP/1.0" 200 74109 "-" "Mozilla/5.0 (compatible; AhrefsBot/7.0; +http://ahrefs.com/robot/)"
185.191.171.35 - - [15/Dec/2021:15:27:40 +0100] "GET /cats-tray-in-autumn-p-45536.html HTTP/1.0" 301 70776 "-" "Mozilla/5.0 (compatible; SemrushBot/7~bl; +http://www.semrush.com/bot.html)"
185.191.171.4 - - [15/Dec/2021:15:27:42 +0100] "GET /cats-tray-autumn-p-45536.html HTTP/1.0" 200 70693 "-" "Mozilla/5.0 (compatible; SemrushBot/7~bl; +http://www.semrush.com/bot.html)"
185.191.171.3 - - [15/Dec/2021:15:27:46 +0100] "GET /wicker-basket-24-cm-p-48598.html HTTP/1.0" 301 73283 "-" "Mozilla/5.0 (compatible; SemrushBot/7~bl; +http://www.semrush.com/bot.html)"
185.191.171.23 - - [15/Dec/2021:15:27:48 +0100] "GET /wicker-basket-p-48598.html HTTP/1.0" 200 73203 "-" "Mozilla/5.0 (compatible; SemrushBot/7~bl; +http://www.semrush.com/bot.html)"
42.194.241.189 - - [15/Dec/2021:15:28:54 +0100] "GET /images/mini_prod/8003990631829.jpg HTTP/1.0" 200 269 "-" "Mozilla/5.0 (X11; Ubuntu; Linux x86_64; rv:72.0) Gecko/20100101 Firefox/72.0"
185.191.171.9 - - [15/Dec/2021:15:29:24 +0100] "GET /polar-cover-wolf-150-130-cm-p-39093.html HTTP/1.0" 301 70680 "-" "Mozilla/5.0 (compatible; SemrushBot/7~bl; +http://www.semrush.com/bot.html)"
185.191.171.21 - - [15/Dec/2021:15:29:29 +0100] "GET /-p-39093.html HTTP/1.0" 200 70613 "-" "Mozilla/5.0 (compatible; SemrushBot/7~bl; +http://www.semrush.com/bot.html)"
157.55.39.125 - - [15/Dec/2021:15:29:44 +0100] "GET /purse-wallet-c-31_76.html HTTP/1.0" 200 91318 "-" "Mozilla/5.0 (compatible; bingbot/2.0; +http://www.bing.com/bingbot.htm)"
185.191.171.21 - - [15/Dec/2021:15:29:47 +0100] "GET /specials.php?page=27 HTTP/1.0" 200 125078 "-" "Mozilla/5.0 (compatible; SemrushBot/7~bl; +http://www.semrush.com/bot.html)"
157.55.39.0 - - [15/Dec/2021:15:30:00 +0100] "GET /swfobject.js HTTP/1.0" 404 1308 "-" "Mozilla/5.0 (compatible; bingbot/2.0; +http://www.bing.com/bingbot.htm)"
54.36.148.243 - - [15/Dec/2021:15:29:58 +0100] "GET /london-metal-keyring-welsh-guard-p-35353.html HTTP/1.0" 200 73349 "-" "Mozilla/5.0 (compatible; AhrefsBot/7.0; +http://ahrefs.com/robot/)"
207.46.13.52 - - [15/Dec/2021:15:30:05 +0100] "GET /js/jquery.min.js HTTP/1.0" 404 1308 "-" "Mozilla/5.0 (compatible; bingbot/2.0; +http://www.bing.com/bingbot.htm)"
185.191.171.9 - - [15/Dec/2021:15:30:09 +0100] "GET /wooden-p-31512.html?action=add_product HTTP/1.0" 302 476 "-" "Mozilla/5.0 (compatible; SemrushBot/7~bl; +http://www.semrush.com/bot.html)"
185.191.171.8 - - [15/Dec/2021:15:30:42 +0100] "GET /-p-39210.html?action=add_product HTTP/1.0" 302 476 "-" "Mozilla/5.0 (compatible; SemrushBot/7~bl; +http://www.semrush.com/bot.html)"
185.191.171.7 - - [15/Dec/2021:15:30:43 +0100] "GET /jane-crowther-bowl-p-54777.html HTTP/1.0" 200 73971 "-" "Mozilla/5.0 (compatible; SemrushBot/7~bl; +http://www.semrush.com/bot.html)"
185.191.171.1 - - [15/Dec/2021:15:31:21 +0100] "GET /-p-47509.html?action=add_product HTTP/1.0" 302 476 "-" "Mozilla/5.0 (compatible; SemrushBot/7~bl; +http://www.semrush.com/bot.html)"
66.249.70.74 - - [15/Dec/2021:15:31:50 +0100] "GET /black-resin-lamp-p-55240.html HTTP/1.0" 200 70691 "-" "Mozilla/5.0 (compatible; Googlebot/2.1; +http://www.google.com/bot.html)"
147.92.153.6 - - [15/Dec/2021:15:32:01 +0100] "GET /chickens-bread-p-45579.html HTTP/1.0" 200 73269 "-" "Mozilla/5.0 (compatible; Linespider/1.1; +https://lin.ee/4dwXkTH)"
54.36.148.243 - - [15/Dec/2021:15:32:23 +0100] "GET /ginkgo-p-55191.html HTTP/1.0" 200 73973 "-" "Mozilla/5.0 (compatible; AhrefsBot/7.0; +http://ahrefs.com/robot/)"
185.191.171.19 - - [15/Dec/2021:15:32:49 +0100] "GET /horse-small-round-magnet-p-31913.html HTTP/1.0" 200 73239 "-" "Mozilla/5.0 (compatible; SemrushBot/7~bl; +http://www.semrush.com/bot.html)"
157.55.39.0 - - [15/Dec/2021:15:33:40 +0100] "GET /images/med_prod/1399984220375NN.jpg HTTP/1.0" 200 270 "-" "Mozilla/5.0 (compatible; bingbot/2.0; +http://www.bing.com/bingbot.htm)"
185.191.171.4 - - [15/Dec/2021:15:33:59 +0100] "GET /small-candle-bergamot-moss-white-musk-p-46872.html HTTP/1.0" 200 73878 "-" "Mozilla/5.0 (compatible; SemrushBot/7~bl; +http://www.semrush.com/bot.html)"
185.191.171.36 - - [15/Dec/2021:15:34:16 +0100] "GET /large-cabas-p-43426.html?action=add_product HTTP/1.0" 302 476 "-" "Mozilla/5.0 (compatible; SemrushBot/7~bl; +http://www.semrush.com/bot.html)"
54.36.148.243 - - [15/Dec/2021:15:34:42 +0100] "GET /ours-tray-melamine-p-45555.html HTTP/1.0" 200 73337 "-" "Mozilla/5.0 (compatible; AhrefsBot/7.0; +http://ahrefs.com/robot/)"
185.191.171.4 - - [15/Dec/2021:15:34:49 +0100] "GET /keep-calm-and-have-beer-metal-plate-40-30-cm-p-27588.html HTTP/1.0" 301 73473 "-" "Mozilla/5.0 (compatible; SemrushBot/7~bl; +http://www.semrush.com/bot.html)"
185.191.171.22 - - [15/Dec/2021:15:34:52 +0100] "GET /keep-calm-have-beer-metal-plate-p-27588.html HTTP/1.0" 200 73375 "-" "Mozilla/5.0 (compatible; SemrushBot/7~bl; +http://www.semrush.com/bot.html)"
185.191.171.36 - - [15/Dec/2021:15:34:54 +0100] "GET /round-teak-bowl-p-56168.html?action=add_product HTTP/1.0" 302 476 "-" "Mozilla/5.0 (compatible; SemrushBot/7~bl; +http://www.semrush.com/bot.html)"
157.55.39.228 - - [15/Dec/2021:15:35:10 +0100] "GET /nice-flag-p-38276.html HTTP/1.0" 200 70661 "-" "Mozilla/5.0 (compatible; bingbot/2.0; +http://www.bing.com/bingbot.htm)"
157.55.39.125 - - [15/Dec/2021:15:35:14 +0100] "GET /images/big_prod/1399984239247BEYBLADE.jpg HTTP/1.0" 200 276 "-" "Mozilla/5.0 (compatible; bingbot/2.0; +http://www.bing.com/bingbot.htm)"
216.244.66.242 - - [15/Dec/2021:15:35:20 +0100] "GET /black-cushion-p-34160.html HTTP/1.0" 301 70680 "-" "Mozilla/5.0 (compatible; DotBot/1.2; +https://opensiteexplorer.org/dotbot; help@moz.com)"
216.244.66.242 - - [15/Dec/2021:15:35:26 +0100] "GET /wooden-incense-holder-box-p-42765.html HTTP/1.0" 301 70809 "-" "Mozilla/5.0 (compatible; DotBot/1.2; +https://opensiteexplorer.org/dotbot; help@moz.com)"
157.55.39.125 - - [15/Dec/2021:15:35:35 +0100] "GET /-p-34593.html HTTP/1.0" 200 70613 "-" "Mozilla/5.0 (compatible; bingbot/2.0; +http://www.bing.com/bingbot.htm)"
216.244.66.242 - - [15/Dec/2021:15:35:42 +0100] "GET /car-papers-holder-indian-spirit-14-cm-light-pink-p-42940.html HTTP/1.0" 301 70680 "-" "Mozilla/5.0 (compatible; DotBot/1.2; +https://opensiteexplorer.org/dotbot; help@moz.com)"
185.191.171.15 - - [15/Dec/2021:15:35:42 +0100] "GET /ceramic-lamp-p-53932.html HTTP/1.0" 200 70663 "-" "Mozilla/5.0 (compatible; SemrushBot/7~bl; +http://www.semrush.com/bot.html)"
207.46.13.52 - - [15/Dec/2021:15:35:47 +0100] "GET /games-toys-c-4.html HTTP/1.0" 200 93124 "-" "Mozilla/5.0 (compatible; bingbot/2.0; +http://www.bing.com/bingbot.htm)"
216.244.66.242 - - [15/Dec/2021:15:35:48 +0100] "GET /finding-dory-small-backpack-p-36293.html HTTP/1.0" 200 70711 "-" "Mozilla/5.0 (compatible; DotBot/1.2; +https://opensiteexplorer.org/dotbot; help@moz.com)"
216.244.66.242 - - [15/Dec/2021:15:35:58 +0100] "GET /harry-potter-figurine-hermione-p-49390.html HTTP/1.0" 301 70680 "-" "Mozilla/5.0 (compatible; DotBot/1.2; +https://opensiteexplorer.org/dotbot; help@moz.com)"
20.99.155.218 - - [15/Dec/2021:15:36:12 +0100] "GET /images/big_prod_1/chequier.jpg HTTP/1.0" 200 265 "-" "Mozilla/5.0 (Windows NT 10.0; WOW64) AppleWebKit/537.36 (KHTML, like Gecko) Chrome/67.0.3396.99 Safari/537.36"
216.244.66.242 - - [15/Dec/2021:15:36:18 +0100] "GET /mini-rectangular-tray-mini-van-summer-palm-green-p-40892.html HTTP/1.0" 301 70680 "-" "Mozilla/5.0 (compatible; DotBot/1.2; +https://opensiteexplorer.org/dotbot; help@moz.com)"
185.191.171.36 - - [15/Dec/2021:15:36:33 +0100] "GET /hanging-decoration-tour-france-p-52276.html HTTP/1.0" 200 73374 "-" "Mozilla/5.0 (compatible; SemrushBot/7~bl; +http://www.semrush.com/bot.html)"
216.244.66.242 - - [15/Dec/2021:15:36:35 +0100] "GET /organic-stone-ground-flour-whole-grain-tin-box-p-41016.html HTTP/1.0" 301 70923 "-" "Mozilla/5.0 (compatible; DotBot/1.2; +https://opensiteexplorer.org/dotbot; help@moz.com)"
216.244.66.242 - - [15/Dec/2021:15:36:53 +0100] "GET /polar-bear-bedclothes-260-240-cm-p-39283.html HTTP/1.0" 301 70680 "-" "Mozilla/5.0 (compatible; DotBot/1.2; +https://opensiteexplorer.org/dotbot; help@moz.com)"
54.36.148.243 - - [15/Dec/2021:15:36:56 +0100] "GET /figurine-golden-octopus-glass-bubble-p-48950.html HTTP/1.0" 200 74377 "-" "Mozilla/5.0 (compatible; AhrefsBot/7.0; +http://ahrefs.com/robot/)"
216.244.66.242 - - [15/Dec/2021:15:37:08 +0100] "GET /sarah-kay-pairs-of-socks-27-30-p-25530.html HTTP/1.0" 301 70680 "-" "Mozilla/5.0 (compatible; DotBot/1.2; +https://opensiteexplorer.org/dotbot; help@moz.com)"
216.244.66.242 - - [15/Dec/2021:15:37:21 +0100] "GET /tweety-set-of-10-paper-plates-p-17202.html HTTP/1.0" 301 70815 "-" "Mozilla/5.0 (compatible; DotBot/1.2; +https://opensiteexplorer.org/dotbot; help@moz.com)"
216.244.66.242 - - [15/Dec/2021:15:37:34 +0100] "GET /braided-bracelet-victoria-couture-hello-kitty-red-p-13722.html HTTP/1.0" 301 70959 "-" "Mozilla/5.0 (compatible; DotBot/1.2; +https://opensiteexplorer.org/dotbot; help@moz.com)"
185.191.171.17 - - [15/Dec/2021:15:37:44 +0100] "GET /elephants-wood-jewelry-p-45999.html?action=add_product HTTP/1.0" 302 476 "-" "Mozilla/5.0 (compatible; SemrushBot/7~bl; +http://www.semrush.com/bot.html)"
216.244.66.242 - - [15/Dec/2021:15:37:48 +0100] "GET /johnny-hallyday-black-cigarettes-case-and-lighter-p-31928.html HTTP/1.0" 301 70680 "-" "Mozilla/5.0 (compatible; DotBot/1.2; +https://opensiteexplorer.org/dotbot; help@moz.com)"
40.77.167.66 - - [15/Dec/2021:15:37:51 +0100] "GET / HTTP/1.0" 200 152700 "-" "Mozilla/5.0 (compatible; bingbot/2.0; +http://www.bing.com/bingbot.htm)"
216.244.66.242 - - [15/Dec/2021:15:37:59 +0100] "GET /johnny-hallyday-purple-cigarettes-case-and-lighter-p-31930.html HTTP/1.0" 301 70680 "-" "Mozilla/5.0 (compatible; DotBot/1.2; +https://opensiteexplorer.org/dotbot; help@moz.com)"
216.244.66.242 - - [15/Dec/2021:15:38:09 +0100] "GET /lot-of-pairs-of-socks-simpsons-teacher-lisa-35-38-p-24637.html HTTP/1.0" 301 70680 "-" "Mozilla/5.0 (compatible; DotBot/1.2; +https://opensiteexplorer.org/dotbot; help@moz.com)"
216.244.66.242 - - [15/Dec/2021:15:38:18 +0100] "GET /peas-russian-doll-iphone-phone-metal-cover-by-cbkreation-p-18551.html HTTP/1.0" 301 70983 "-" "Mozilla/5.0 (compatible; DotBot/1.2; +https://opensiteexplorer.org/dotbot; help@moz.com)"
157.55.39.228 - - [15/Dec/2021:15:38:21 +0100] "GET /capsule-coffee-p-31506.html HTTP/1.0" 200 73923 "-" "Mozilla/5.0 (compatible; bingbot/2.0; +http://www.bing.com/bingbot.htm)"
216.244.66.242 - - [15/Dec/2021:15:38:26 +0100] "GET /russian-doll-liberty-metal-mat-keychain-cbkreation-p-23488.html HTTP/1.0" 301 75070 "-" "Mozilla/5.0 (compatible; DotBot/1.2; +https://opensiteexplorer.org/dotbot; help@moz.com)"
20.99.156.119 - - [15/Dec/2021:15:38:29 +0100] "GET /images/med_prod/4036113231822.jpg HTTP/1.0" 200 268 "-" "Mozilla/5.0 (Windows NT 10.0; WOW64) AppleWebKit/537.36 (KHTML, like Gecko) Chrome/64.0.3282.186 Safari/537.36"
216.244.66.242 - - [15/Dec/2021:15:38:33 +0100] "GET /white-phone-cover-moustach-for-iphone-and-cbkreation-p-16973.html HTTP/1.0" 301 70944 "-" "Mozilla/5.0 (compatible; DotBot/1.2; +https://opensiteexplorer.org/dotbot; help@moz.com)"
216.244.66.242 - - [15/Dec/2021:15:38:39 +0100] "GET /aprons-c-11_74.html?page=5 HTTP/1.0" 200 92415 "-" "Mozilla/5.0 (compatible; DotBot/1.2; +https://opensiteexplorer.org/dotbot; help@moz.com)"
185.191.171.37 - - [15/Dec/2021:15:38:40 +0100] "GET /bookend-wood-bicycle-p-44788.html?action=add_product HTTP/1.0" 302 476 "-" "Mozilla/5.0 (compatible; SemrushBot/7~bl; +http://www.semrush.com/bot.html)"
216.244.66.242 - - [15/Dec/2021:15:38:46 +0100] "GET /rattan-baskets-p-45463.html HTTP/1.0" 200 73256 "-" "Mozilla/5.0 (compatible; DotBot/1.2; +https://opensiteexplorer.org/dotbot; help@moz.com)"
185.191.171.35 - - [15/Dec/2021:15:39:05 +0100] "GET /star-wars-blue-training-bottle-p-29945.html HTTP/1.0" 200 73369 "-" "Mozilla/5.0 (compatible; SemrushBot/7~bl; +http://www.semrush.com/bot.html)"
216.244.66.242 - - [15/Dec/2021:15:39:17 +0100] "GET /light-bulb-amber-loop-p-42507.html HTTP/1.0" 200 73908 "-" "Mozilla/5.0 (compatible; DotBot/1.2; +https://opensiteexplorer.org/dotbot; help@moz.com)"
54.36.148.243 - - [15/Dec/2021:15:39:25 +0100] "GET /retro-aged-metal-look-p-52538.html HTTP/1.0" 200 74262 "-" "Mozilla/5.0 (compatible; AhrefsBot/7.0; +http://ahrefs.com/robot/)"
185.191.171.39 - - [15/Dec/2021:15:39:32 +0100] "GET /wooden-range-bottle-old-style-pink-p-35876.html HTTP/1.0" 301 70875 "-" "Mozilla/5.0 (compatible; SemrushBot/7~bl; +http://www.semrush.com/bot.html)"
185.191.171.36 - - [15/Dec/2021:15:39:35 +0100] "GET /wooden-range-bottle-style-pink-p-35876.html HTTP/1.0" 200 70778 "-" "Mozilla/5.0 (compatible; SemrushBot/7~bl; +http://www.semrush.com/bot.html)"
216.244.66.242 - - [15/Dec/2021:15:39:42 +0100] "GET /mini-cooper-1300-p-27589.html HTTP/1.0" 200 73260 "-" "Mozilla/5.0 (compatible; DotBot/1.2; +https://opensiteexplorer.org/dotbot; help@moz.com)"
207.46.13.52 - - [15/Dec/2021:15:39:48 +0100] "GET /little-prince-gift-pieces-p-30323.html HTTP/1.0" 200 70759 "-" "Mozilla/5.0 (compatible; bingbot/2.0; +http://www.bing.com/bingbot.htm)"
66.249.70.88 - - [15/Dec/2021:15:39:50 +0100] "GET /nici-porcupine-plush-25-cm-p-35176.html HTTP/1.0" 301 70782 "-" "Mozilla/5.0 (Linux; Android 6.0.1; Nexus 5X Build/MMB29P) AppleWebKit/537.36 (KHTML, like Gecko) Chrome/96.0.4664.93 Mobile Safari/537.36 (compatible; Googlebot/2.1; +http://www.google.com/bot.html)"
66.249.70.90 - - [15/Dec/2021:15:39:52 +0100] "GET /nici-porcupine-plush-p-35176.html HTTP/1.0" 200 70695 "-" "Mozilla/5.0 (Linux; Android 6.0.1; Nexus 5X Build/MMB29P) AppleWebKit/537.36 (KHTML, like Gecko) Chrome/96.0.4664.93 Mobile Safari/537.36 (compatible; Googlebot/2.1; +http://www.google.com/bot.html)"
185.191.171.5 - - [15/Dec/2021:15:40:05 +0100] "GET /vintage-trivet-p-40820.html?action=add_product HTTP/1.0" 302 476 "-" "Mozilla/5.0 (compatible; SemrushBot/7~bl; +http://www.semrush.com/bot.html)"
185.191.171.11 - - [15/Dec/2021:15:40:19 +0100] "GET /kimmidoll-ayana-p-49824.html HTTP/1.0" 200 73279 "-" "Mozilla/5.0 (compatible; SemrushBot/7~bl; +http://www.semrush.com/bot.html)"
216.244.66.242 - - [15/Dec/2021:15:40:25 +0100] "GET /little-prince-placemat-p-47173.html HTTP/1.0" 200 73356 "-" "Mozilla/5.0 (compatible; DotBot/1.2; +https://opensiteexplorer.org/dotbot; help@moz.com)"
185.191.171.35 - - [15/Dec/2021:15:40:54 +0100] "GET /-p-29788.html?action=add_product HTTP/1.0" 302 476 "-" "Mozilla/5.0 (compatible; SemrushBot/7~bl; +http://www.semrush.com/bot.html)"
185.191.171.38 - - [15/Dec/2021:15:41:35 +0100] "GET /cherry-musical-jewelry-p-16470.html?action=add_product HTTP/1.0" 302 476 "-" "Mozilla/5.0 (compatible; SemrushBot/7~bl; +http://www.semrush.com/bot.html)"
185.191.171.44 - - [15/Dec/2021:15:41:39 +0100] "GET /household-linen-c-11.html?page=10 HTTP/1.0" 200 92573 "-" "Mozilla/5.0 (compatible; SemrushBot/7~bl; +http://www.semrush.com/bot.html)"
54.36.148.243 - - [15/Dec/2021:15:42:04 +0100] "GET /horses-keyring-p-33559.html HTTP/1.0" 200 74426 "-" "Mozilla/5.0 (compatible; AhrefsBot/7.0; +http://ahrefs.com/robot/)"
185.191.171.24 - - [15/Dec/2021:15:42:07 +0100] "GET /retro-motorcycle-storage-seat-p-49590.html?action=add_product HTTP/1.0" 302 476 "-" "Mozilla/5.0 (compatible; SemrushBot/7~bl; +http://www.semrush.com/bot.html)"
51.68.224.127 - - [15/Dec/2021:15:42:18 +0100] "GET /adminweb/export_orders_xml.php?token=256de2z6edz6ed2z6DFSFsed2zed6zeDSFDSGdzedezfzf&maxorders=10&orderstart=1&status=14&start_date=2018-10-01 HTTP/1.0" 200 285 "-" "GesCom CharlotteBoutik Serveur"
51.68.224.127 - - [15/Dec/2021:15:42:18 +0100] "GET /adminweb/export_orders_xml.php?token=256de2z6edz6ed2z6DFSFsed2zed6zeDSFDSGdzedezfzf&maxorders=10&orderstart=1&status=6&start_date=2018-10-01 HTTP/1.0" 200 32471 "-" "GesCom CharlotteBoutik Serveur"
185.191.171.26 - - [15/Dec/2021:15:42:51 +0100] "GET /brass-bell-with-wooden-handle-p-56650.html HTTP/1.0" 200 73953 "-" "Mozilla/5.0 (compatible; SemrushBot/7~bl; +http://www.semrush.com/bot.html)"
185.191.171.24 - - [15/Dec/2021:15:43:10 +0100] "GET /-p-42768.html?action=add_product HTTP/1.0" 302 476 "-" "Mozilla/5.0 (compatible; SemrushBot/7~bl; +http://www.semrush.com/bot.html)"
17.121.115.207 - - [15/Dec/2021:15:43:22 +0100] "GET /paris-napkins-dispenser-p-39503.html HTTP/1.0" 200 70695 "-" "Mozilla/5.0 (Macintosh; Intel Mac OS X 10_15_5) AppleWebKit/605.1.15 (KHTML, like Gecko) Version/13.1.1 Safari/605.1.15 (Applebot/0.1; +http://www.apple.com/go/applebot)"
52.149.21.95 - - [15/Dec/2021:15:43:40 +0100] "GET /images/big_prod_1/b720322296225.jpg HTTP/1.0" 200 270 "-" "Mozilla/5.0 (X11; Linux x86_64) AppleWebKit/537.36 (KHTML, like Gecko) Chrome/62.0.3202.62 Safari/537.36"
216.244.66.242 - - [15/Dec/2021:15:43:43 +0100] "GET /fitted-sheet-p-31982.html HTTP/1.0" 200 73166 "-" "Mozilla/5.0 (compatible; DotBot/1.2; +https://opensiteexplorer.org/dotbot; help@moz.com)"
216.244.66.242 - - [15/Dec/2021:15:44:03 +0100] "GET /happy-colors-kitchen-scale-p-24656.html HTTP/1.0" 200 73503 "-" "Mozilla/5.0 (compatible; DotBot/1.2; +https://opensiteexplorer.org/dotbot; help@moz.com)"
20.99.156.41 - - [15/Dec/2021:15:44:11 +0100] "GET /images/big_prod/8422159638002N.jpg HTTP/1.0" 200 269 "-" "Mozilla/5.0 (X11; Linux x86_64) AppleWebKit/537.36 (KHTML, like Gecko) Chrome/62.0.3202.62 Safari/537.36"
185.191.171.36 - - [15/Dec/2021:15:44:31 +0100] "GET /infuser-rest-c-12_247.html?page=3 HTTP/1.0" 200 78481 "-" "Mozilla/5.0 (compatible; SemrushBot/7~bl; +http://www.semrush.com/bot.html)"
157.55.39.0 - - [15/Dec/2021:15:44:41 +0100] "GET /images/3540949809809.jpg HTTP/1.0" 200 259 "-" "Mozilla/5.0 (compatible; bingbot/2.0; +http://www.bing.com/bingbot.htm)"
54.36.148.243 - - [15/Dec/2021:15:44:42 +0100] "GET /miss-mindy-jessica-rabbit-vinyl-figurine-p-46501.html HTTP/1.0" 200 73876 "-" "Mozilla/5.0 (compatible; AhrefsBot/7.0; +http://ahrefs.com/robot/)"
207.46.13.52 - - [15/Dec/2021:15:44:56 +0100] "GET /images/big_prod/1300000023962.jpg HTTP/1.0" 200 268 "-" "Mozilla/5.0 (compatible; bingbot/2.0; +http://www.bing.com/bingbot.htm)"
157.55.39.125 - - [15/Dec/2021:15:46:06 +0100] "GET /images/big_prod_1/8424345932369B.jpg HTTP/1.0" 200 271 "-" "Mozilla/5.0 (compatible; bingbot/2.0; +http://www.bing.com/bingbot.htm)"
185.191.171.43 - - [15/Dec/2021:15:46:26 +0100] "GET /-p-39068.html?action=add_product HTTP/1.0" 302 476 "-" "Mozilla/5.0 (compatible; SemrushBot/7~bl; +http://www.semrush.com/bot.html)"
66.249.70.74 - - [15/Dec/2021:15:46:51 +0100] "GET /black-resin-lamp-p-55240.html HTTP/1.0" 200 70691 "-" "Mozilla/5.0 (Linux; Android 6.0.1; Nexus 5X Build/MMB29P) AppleWebKit/537.36 (KHTML, like Gecko) Chrome/96.0.4664.93 Mobile Safari/537.36 (compatible; Googlebot/2.1; +http://www.google.com/bot.html)"
54.36.148.243 - - [15/Dec/2021:15:47:22 +0100] "GET /tree-bears-lighting-p-55819.html HTTP/1.0" 200 74019 "-" "Mozilla/5.0 (compatible; AhrefsBot/7.0; +http://ahrefs.com/robot/)"
185.191.171.26 - - [15/Dec/2021:15:47:35 +0100] "GET /simpsons-towel-p-15143.html HTTP/1.0" 200 73304 "-" "Mozilla/5.0 (compatible; SemrushBot/7~bl; +http://www.semrush.com/bot.html)"
185.191.171.36 - - [15/Dec/2021:15:48:23 +0100] "GET /chutje-wall-sticker-p-48980.html HTTP/1.0" 200 73978 "-" "Mozilla/5.0 (compatible; SemrushBot/7~bl; +http://www.semrush.com/bot.html)"
185.191.171.26 - - [15/Dec/2021:15:49:48 +0100] "GET /unicorn-charm-ball-p-54943.html?action=add_product HTTP/1.0" 302 476 "-" "Mozilla/5.0 (compatible; SemrushBot/7~bl; +http://www.semrush.com/bot.html)"
54.36.148.243 - - [15/Dec/2021:15:49:53 +0100] "GET /decoration-protection-animal-iphone-cable-p-47286.html HTTP/1.0" 200 77408 "-" "Mozilla/5.0 (compatible; AhrefsBot/7.0; +http://ahrefs.com/robot/)"
185.191.171.8 - - [15/Dec/2021:15:50:19 +0100] "GET /-p-39360.html?action=add_product HTTP/1.0" 302 476 "-" "Mozilla/5.0 (compatible; SemrushBot/7~bl; +http://www.semrush.com/bot.html)"
185.191.171.10 - - [15/Dec/2021:15:51:01 +0100] "GET /small-baby-teeth-beige-small-mouse-p-44658.html HTTP/1.0" 200 73519 "-" "Mozilla/5.0 (compatible; SemrushBot/7~bl; +http://www.semrush.com/bot.html)"
185.191.171.8 - - [15/Dec/2021:15:51:05 +0100] "GET /kiss-statue-rodin-p-50989.html?action=add_product HTTP/1.0" 302 476 "-" "Mozilla/5.0 (compatible; SemrushBot/7~bl; +http://www.semrush.com/bot.html)"
185.191.171.23 - - [15/Dec/2021:15:52:27 +0100] "GET /allen-desings-p-44322.html?action=add_product HTTP/1.0" 302 476 "-" "Mozilla/5.0 (compatible; SemrushBot/7~bl; +http://www.semrush.com/bot.html)"
157.55.39.125 - - [15/Dec/2021:15:52:29 +0100] "GET /dishes-dishes-c-251.html HTTP/1.0" 301 89722 "-" "Mozilla/5.0 (compatible; bingbot/2.0; +http://www.bing.com/bingbot.htm)"
54.36.148.243 - - [15/Dec/2021:15:52:34 +0100] "GET /decoration-protection-animal-iphone-cable-p-47287.html HTTP/1.0" 200 77408 "-" "Mozilla/5.0 (compatible; AhrefsBot/7.0; +http://ahrefs.com/robot/)"
185.191.171.45 - - [15/Dec/2021:15:52:52 +0100] "GET /lighting-c-86.html?page=22 HTTP/1.0" 200 91683 "-" "Mozilla/5.0 (compatible; SemrushBot/7~bl; +http://www.semrush.com/bot.html)"
45.76.250.213 - - [15/Dec/2021:15:53:06 +0100] "GET /images/mini_prod/8432699066876.jpg HTTP/1.0" 200 269 "-" "Mozilla/5.0 (X11; Ubuntu; Linux x86_64; rv:72.0) Gecko/20100101 Firefox/72.0"
157.55.39.223 - - [15/Dec/2021:15:53:32 +0100] "GET /little-prince-money-p-45849.html HTTP/1.0" 200 73318 "-" "Mozilla/5.0 (compatible; bingbot/2.0; +http://www.bing.com/bingbot.htm)"
