157.55.39.0 - - [15/Dec/2021:03:16:18 +0100] "GET /images/spi2.jpg HTTP/1.0" 200 250 "-" "Mozilla/5.0 (compatible; bingbot/2.0; +http://www.bing.com/bingbot.htm)"
40.77.167.66 - - [15/Dec/2021:03:16:47 +0100] "GET /-p-18561.html HTTP/1.0" 200 70613 "-" "Mozilla/5.0 (compatible; bingbot/2.0; +http://www.bing.com/bingbot.htm)"
185.191.171.22 - - [15/Dec/2021:03:16:51 +0100] "GET /tooth-p-56880.html HTTP/1.0" 200 73849 "-" "Mozilla/5.0 (compatible; SemrushBot/7~bl; +http://www.semrush.com/bot.html)"
185.191.171.20 - - [15/Dec/2021:03:17:08 +0100] "GET /chevrolet-metal-plate-deco-p-45219.html HTTP/1.0" 200 73349 "-" "Mozilla/5.0 (compatible; SemrushBot/7~bl; +http://www.semrush.com/bot.html)"
54.36.148.243 - - [15/Dec/2021:03:17:16 +0100] "GET /hello-kitty-camomilla-handbag-p-4409.html HTTP/1.0" 200 75852 "-" "Mozilla/5.0 (compatible; AhrefsBot/7.0; +http://ahrefs.com/robot/)"
185.191.171.14 - - [15/Dec/2021:03:17:25 +0100] "GET /abstract-ceramic-motif-lamp-55-cm-p-49335.html HTTP/1.0" 301 73431 "-" "Mozilla/5.0 (compatible; SemrushBot/7~bl; +http://www.semrush.com/bot.html)"
40.77.167.66 - - [15/Dec/2021:03:17:25 +0100] "GET / HTTP/1.0" 200 152481 "-" "Mozilla/5.0 (compatible; bingbot/2.0; +http://www.bing.com/bingbot.htm)"
185.191.171.23 - - [15/Dec/2021:03:17:30 +0100] "GET /abstract-ceramic-motif-lamp-p-49335.html HTTP/1.0" 200 73337 "-" "Mozilla/5.0 (compatible; SemrushBot/7~bl; +http://www.semrush.com/bot.html)"
185.191.171.11 - - [15/Dec/2021:03:17:59 +0100] "GET /cars-disney-birthday-3d-card-with-envelope-p-34430.html HTTP/1.0" 301 70914 "-" "Mozilla/5.0 (compatible; SemrushBot/7~bl; +http://www.semrush.com/bot.html)"
185.191.171.41 - - [15/Dec/2021:03:18:02 +0100] "GET /cars-disney-birthday-card-with-envelope-p-34430.html HTTP/1.0" 200 70808 "-" "Mozilla/5.0 (compatible; SemrushBot/7~bl; +http://www.semrush.com/bot.html)"
114.119.128.34 - - [15/Dec/2021:03:18:13 +0100] "GET /butterfly-wall-decoration-yellow-p-48802.html HTTP/1.0" 200 73455 "-" "Mozilla/5.0 (Linux; Android 7.0;) AppleWebKit/537.36 (KHTML, like Gecko) Mobile Safari/537.36 (compatible; PetalBot;+https://webmaster.petalsearch.com/site/petalbot)"
154.54.249.198 - - [15/Dec/2021:03:18:50 +0100] "GET /robots.txt HTTP/1.0" 200 245 "-" "Mozilla/5.0 (compatible; Barkrowler/0.9; +https://babbar.tech/crawler)"
185.191.171.23 - - [15/Dec/2021:03:19:02 +0100] "GET /zippo-harley-davidson-lighter-belt-case-p-56219.html?action=add_product HTTP/1.0" 302 476 "-" "Mozilla/5.0 (compatible; SemrushBot/7~bl; +http://www.semrush.com/bot.html)"
66.249.70.74 - - [15/Dec/2021:03:19:04 +0100] "GET /keith-haring-tote-p-39089.html HTTP/1.0" 200 73280 "-" "Mozilla/5.0 (Linux; Android 6.0.1; Nexus 5X Build/MMB29P) AppleWebKit/537.36 (KHTML, like Gecko) Chrome/96.0.4664.93 Mobile Safari/537.36 (compatible; Googlebot/2.1; +http://www.google.com/bot.html)"
154.54.249.198 - - [15/Dec/2021:03:19:05 +0100] "GET /sponge-stand-c-12_256.html HTTP/1.0" 200 77806 "-" "Mozilla/5.0 (compatible; Barkrowler/0.9; +https://babbar.tech/crawler)"
185.191.171.40 - - [15/Dec/2021:03:19:20 +0100] "GET /white-bamboo-p-48025.html?action=add_product HTTP/1.0" 302 476 "-" "Mozilla/5.0 (compatible; SemrushBot/7~bl; +http://www.semrush.com/bot.html)"
154.54.249.198 - - [15/Dec/2021:03:19:22 +0100] "GET /london-stamp-cushion-p-26110.html HTTP/1.0" 200 73488 "-" "Mozilla/5.0 (compatible; Barkrowler/0.9; +https://babbar.tech/crawler)"
185.191.171.14 - - [15/Dec/2021:03:19:28 +0100] "GET /bilbao-coated-tablecloth-grey-and-orange-p-45343.html HTTP/1.0" 301 73517 "-" "Mozilla/5.0 (compatible; SemrushBot/7~bl; +http://www.semrush.com/bot.html)"
185.191.171.26 - - [15/Dec/2021:03:19:31 +0100] "GET /bilbao-coated-tablecloth-grey-orange-p-45343.html HTTP/1.0" 200 73414 "-" "Mozilla/5.0 (compatible; SemrushBot/7~bl; +http://www.semrush.com/bot.html)"
185.191.171.1 - - [15/Dec/2021:03:19:33 +0100] "GET /ethnic-style-burlap-table-p-48448.html HTTP/1.0" 200 73839 "-" "Mozilla/5.0 (compatible; SemrushBot/7~bl; +http://www.semrush.com/bot.html)"
154.54.249.198 - - [15/Dec/2021:03:19:39 +0100] "GET /cotton-floor-cushion-beige-p-38997.html HTTP/1.0" 200 73992 "-" "Mozilla/5.0 (compatible; Barkrowler/0.9; +https://babbar.tech/crawler)"
114.119.128.26 - - [15/Dec/2021:03:20:05 +0100] "GET /bohochic-bedclothes-p-52938.html HTTP/1.0" 301 70680 "-" "Mozilla/5.0 (Linux; Android 7.0;) AppleWebKit/537.36 (KHTML, like Gecko) Mobile Safari/537.36 (compatible; PetalBot;+https://webmaster.petalsearch.com/site/petalbot)"
114.119.128.26 - - [15/Dec/2021:03:20:09 +0100] "GET /-p-52938.html HTTP/1.0" 200 70613 "-" "Mozilla/5.0 (Linux; Android 7.0;) AppleWebKit/537.36 (KHTML, like Gecko) Mobile Safari/537.36 (compatible; PetalBot;+https://webmaster.petalsearch.com/site/petalbot)"
54.36.148.243 - - [15/Dec/2021:03:20:16 +0100] "GET /mirabelle-calendar-year-2016-p-31180.html HTTP/1.0" 200 73482 "-" "Mozilla/5.0 (compatible; AhrefsBot/7.0; +http://ahrefs.com/robot/)"
51.68.224.127 - - [15/Dec/2021:03:22:02 +0100] "GET /adminweb/export_orders_xml.php?token=256de2z6edz6ed2z6DFSFsed2zed6zeDSFDSGdzedezfzf&maxorders=10&orderstart=1&status=14&start_date=2018-10-01 HTTP/1.0" 200 285 "-" "GesCom CharlotteBoutik Serveur"
51.68.224.127 - - [15/Dec/2021:03:22:02 +0100] "GET /adminweb/export_orders_xml.php?token=256de2z6edz6ed2z6DFSFsed2zed6zeDSFDSGdzedezfzf&maxorders=10&orderstart=1&status=6&start_date=2018-10-01 HTTP/1.0" 200 32471 "-" "GesCom CharlotteBoutik Serveur"
54.36.148.243 - - [15/Dec/2021:03:23:14 +0100] "GET /clear-cheshire-figurine-p-54994.html HTTP/1.0" 200 74377 "-" "Mozilla/5.0 (compatible; AhrefsBot/7.0; +http://ahrefs.com/robot/)"
147.92.153.7 - - [15/Dec/2021:03:23:36 +0100] "GET /mini-trays-c-12_159_260.html?page=6 HTTP/1.0" 200 92473 "-" "Mozilla/5.0 (compatible; Linespider/1.1; +https://lin.ee/4dwXkTH)"
185.191.171.6 - - [15/Dec/2021:03:24:18 +0100] "GET /les-copains-abord-metal-plate-deco-p-51898.html HTTP/1.0" 301 74013 "-" "Mozilla/5.0 (compatible; SemrushBot/7~bl; +http://www.semrush.com/bot.html)"
185.191.171.3 - - [15/Dec/2021:03:24:21 +0100] "GET /copains-abord-metal-plate-deco-p-51898.html HTTP/1.0" 200 73916 "-" "Mozilla/5.0 (compatible; SemrushBot/7~bl; +http://www.semrush.com/bot.html)"
185.191.171.33 - - [15/Dec/2021:03:24:25 +0100] "GET /lady-liberty-zippo-lighter-p-32566.html?action=add_product HTTP/1.0" 302 476 "-" "Mozilla/5.0 (compatible; SemrushBot/7~bl; +http://www.semrush.com/bot.html)"
185.191.171.34 - - [15/Dec/2021:03:24:35 +0100] "GET /yuna-kimmidoll-swarovski-chain-bracelet-with-charm-p-15884.html?action=add_product HTTP/1.0" 302 476 "-" "Mozilla/5.0 (compatible; SemrushBot/7~bl; +http://www.semrush.com/bot.html)"
185.191.171.2 - - [15/Dec/2021:03:24:45 +0100] "GET /buddha-moon-statuette-p-53040.html HTTP/1.0" 200 73319 "-" "Mozilla/5.0 (compatible; SemrushBot/7~bl; +http://www.semrush.com/bot.html)"
207.46.13.52 - - [15/Dec/2021:03:25:02 +0100] "GET /images/big_prod_1/1345544973540a.jpg HTTP/1.0" 200 271 "-" "Mozilla/5.0 (compatible; bingbot/2.0; +http://www.bing.com/bingbot.htm)"
64.62.252.174 - - [15/Dec/2021:03:25:05 +0100] "GET /robots.txt HTTP/1.0" 200 245 "-" "The Knowledge AI"
64.62.252.174 - - [15/Dec/2021:03:25:05 +0100] "GET /alarms-clocks-clocks-and-watches/alarms-clocks/nici-cat-mini-alarm-clock-p-10089.html HTTP/1.0" 301 70680 "-" "The Knowledge AI"
66.249.70.70 - - [15/Dec/2021:03:25:32 +0100] "GET /round-tray-exotic-leaves-p-53192.html HTTP/1.0" 200 73437 "-" "Mozilla/5.0 (Linux; Android 6.0.1; Nexus 5X Build/MMB29P) AppleWebKit/537.36 (KHTML, like Gecko) Chrome/96.0.4664.93 Mobile Safari/537.36 (compatible; Googlebot/2.1; +http://www.google.com/bot.html)"
185.191.171.44 - - [15/Dec/2021:03:25:57 +0100] "GET /small-green-japanese-cast-iron-teapot-liter-p-54887.html?action=add_product HTTP/1.0" 302 476 "-" "Mozilla/5.0 (compatible; SemrushBot/7~bl; +http://www.semrush.com/bot.html)"
54.36.148.243 - - [15/Dec/2021:03:26:06 +0100] "GET /beatles-notebook-p-17107.html HTTP/1.0" 200 73407 "-" "Mozilla/5.0 (compatible; AhrefsBot/7.0; +http://ahrefs.com/robot/)"
185.191.171.14 - - [15/Dec/2021:03:26:27 +0100] "GET /mtal-signs-c-13_130.html?page=16 HTTP/1.0" 200 95302 "-" "Mozilla/5.0 (compatible; SemrushBot/7~bl; +http://www.semrush.com/bot.html)"
64.62.252.174 - - [15/Dec/2021:03:26:50 +0100] "GET / HTTP/1.0" 200 152162 "-" "The Knowledge AI"
114.119.128.26 - - [15/Dec/2021:03:27:32 +0100] "GET /dragonfly-wall-decoration-p-40997.html HTTP/1.0" 200 73371 "-" "Mozilla/5.0 (Linux; Android 7.0;) AppleWebKit/537.36 (KHTML, like Gecko) Mobile Safari/537.36 (compatible; PetalBot;+https://webmaster.petalsearch.com/site/petalbot)"
185.191.171.20 - - [15/Dec/2021:03:27:54 +0100] "GET /washed-linen-pillowcase-65-65-cm-natural-p-48168.html HTTP/1.0" 301 70866 "-" "Mozilla/5.0 (compatible; SemrushBot/7~bl; +http://www.semrush.com/bot.html)"
185.191.171.21 - - [15/Dec/2021:03:27:56 +0100] "GET /washed-linen-pillowcase-natural-p-48168.html HTTP/1.0" 200 70768 "-" "Mozilla/5.0 (compatible; SemrushBot/7~bl; +http://www.semrush.com/bot.html)"
40.77.167.66 - - [15/Dec/2021:03:28:16 +0100] "GET /images/big_prod_1/3609810027572.jpg HTTP/1.0" 200 270 "-" "Mozilla/5.0 (compatible; bingbot/2.0; +http://www.bing.com/bingbot.htm)"
185.191.171.44 - - [15/Dec/2021:03:28:23 +0100] "GET /standing-flower-p-51970.html?action=add_product HTTP/1.0" 302 476 "-" "Mozilla/5.0 (compatible; SemrushBot/7~bl; +http://www.semrush.com/bot.html)"
54.36.148.243 - - [15/Dec/2021:03:28:51 +0100] "GET /fragrance-sachet-fresh-linen-p-40545.html HTTP/1.0" 200 73984 "-" "Mozilla/5.0 (compatible; AhrefsBot/7.0; +http://ahrefs.com/robot/)"
66.249.70.74 - - [15/Dec/2021:03:29:06 +0100] "GET /only-etienne-boyer-shirt-p-33854.html HTTP/1.0" 200 75807 "-" "Mozilla/5.0 (Linux; Android 6.0.1; Nexus 5X Build/MMB29P) AppleWebKit/537.36 (KHTML, like Gecko) Chrome/96.0.4664.93 Mobile Safari/537.36 (compatible; Googlebot/2.1; +http://www.google.com/bot.html)"
35.162.204.40 - - [15/Dec/2021:03:29:29 +0100] "GET / HTTP/1.0" 301 511 "-" "Mozilla/5.0 (X11; Linux x86_64) AppleWebKit/537.36 (KHTML, like Gecko) Chrome/83.0.4103.97 Safari/537.36"
35.162.204.40 - - [15/Dec/2021:03:29:30 +0100] "GET / HTTP/1.0" 200 152019 "-" "Mozilla/5.0 (X11; Linux x86_64) AppleWebKit/537.36 (KHTML, like Gecko) Chrome/83.0.4103.97 Safari/537.36"
185.191.171.36 - - [15/Dec/2021:03:29:44 +0100] "GET /cats-dubout-candle-holder-p-33349.html HTTP/1.0" 200 74337 "-" "Mozilla/5.0 (compatible; SemrushBot/7~bl; +http://www.semrush.com/bot.html)"
216.244.66.242 - - [15/Dec/2021:03:29:50 +0100] "GET /robots.txt HTTP/1.0" 200 245 "-" "Mozilla/5.0 (compatible; DotBot/1.2; +https://opensiteexplorer.org/dotbot; help@moz.com)"
185.191.171.36 - - [15/Dec/2021:03:30:02 +0100] "GET /littlest-petshop-swimsuit-p-30263.html?action=add_product HTTP/1.0" 302 476 "-" "Mozilla/5.0 (compatible; SemrushBot/7~bl; +http://www.semrush.com/bot.html)"
185.191.171.37 - - [15/Dec/2021:03:30:07 +0100] "GET /save-queen-cushion-cbkreation-p-20699.html HTTP/1.0" 200 70713 "-" "Mozilla/5.0 (compatible; SemrushBot/7~bl; +http://www.semrush.com/bot.html)"
54.149.45.18 - - [15/Dec/2021:03:30:18 +0100] "GET /favicon.ico HTTP/1.0" 301 533 "-" "Mozilla/5.0 (X11; Linux x86_64) AppleWebKit/537.36 (KHTML, like Gecko) Chrome/83.0.4103.97 Safari/537.36"
54.149.45.18 - - [15/Dec/2021:03:30:19 +0100] "GET /favicon.ico HTTP/1.0" 200 260 "http://wonder-geek.com/favicon.ico" "Mozilla/5.0 (X11; Linux x86_64) AppleWebKit/537.36 (KHTML, like Gecko) Chrome/83.0.4103.97 Safari/537.36"
185.191.171.7 - - [15/Dec/2021:03:30:20 +0100] "GET /small-baby-teeth-pink-unicorn-p-51937.html HTTP/1.0" 200 73469 "-" "Mozilla/5.0 (compatible; SemrushBot/7~bl; +http://www.semrush.com/bot.html)"
66.249.70.70 - - [15/Dec/2021:03:30:25 +0100] "GET /images/big_prod_1/3700281650341a.jpg HTTP/1.0" 200 271 "-" "Googlebot-Image/1.0"
185.191.171.37 - - [15/Dec/2021:03:30:28 +0100] "GET /round-carpet-p-48048.html?action=add_product HTTP/1.0" 302 476 "-" "Mozilla/5.0 (compatible; SemrushBot/7~bl; +http://www.semrush.com/bot.html)"
185.191.171.21 - - [15/Dec/2021:03:30:38 +0100] "GET /angry-birds-bag-for-ds-p-19170.html HTTP/1.0" 301 70680 "-" "Mozilla/5.0 (compatible; SemrushBot/7~bl; +http://www.semrush.com/bot.html)"
185.191.171.10 - - [15/Dec/2021:03:30:41 +0100] "GET /-p-19170.html HTTP/1.0" 200 70613 "-" "Mozilla/5.0 (compatible; SemrushBot/7~bl; +http://www.semrush.com/bot.html)"
114.119.128.39 - - [15/Dec/2021:03:30:48 +0100] "GET /corsica-red-tee-shirt-p-35444.html HTTP/1.0" 301 75213 "-" "Mozilla/5.0 (Linux; Android 7.0;) AppleWebKit/537.36 (KHTML, like Gecko) Mobile Safari/537.36 (compatible; PetalBot;+https://webmaster.petalsearch.com/site/petalbot)"
114.119.128.39 - - [15/Dec/2021:03:30:54 +0100] "GET /corsica-shirt-p-35444.html HTTP/1.0" 200 75133 "-" "Mozilla/5.0 (Linux; Android 7.0;) AppleWebKit/537.36 (KHTML, like Gecko) Mobile Safari/537.36 (compatible; PetalBot;+https://webmaster.petalsearch.com/site/petalbot)"
40.77.167.66 - - [15/Dec/2021:03:31:07 +0100] "GET /images/Pyjdbz.jpg HTTP/1.0" 200 252 "-" "Mozilla/5.0 (compatible; bingbot/2.0; +http://www.bing.com/bingbot.htm)"
17.121.113.197 - - [15/Dec/2021:03:31:08 +0100] "GET /incense-stick-holder-p-56703.html HTTP/1.0" 200 74016 "-" "Mozilla/5.0 (Macintosh; Intel Mac OS X 10_15_5) AppleWebKit/605.1.15 (KHTML, like Gecko) Version/13.1.1 Safari/605.1.15 (Applebot/0.1; +http://www.apple.com/go/applebot)"
157.55.39.223 - - [15/Dec/2021:03:31:09 +0100] "GET /images/big_prod/8422014754311.jpg HTTP/1.0" 200 268 "-" "Mozilla/5.0 (compatible; bingbot/2.0; +http://www.bing.com/bingbot.htm)"
66.249.70.72 - - [15/Dec/2021:03:31:10 +0100] "GET /images/mini_prod/8712159160208.jpg HTTP/1.0" 200 269 "-" "Googlebot-Image/1.0"
185.191.171.36 - - [15/Dec/2021:03:31:31 +0100] "GET /tree-of-life-candle-holder-p-48031.html HTTP/1.0" 301 73446 "-" "Mozilla/5.0 (compatible; SemrushBot/7~bl; +http://www.semrush.com/bot.html)"
185.191.171.43 - - [15/Dec/2021:03:31:35 +0100] "GET /tree-life-candle-holder-p-48031.html HTTP/1.0" 200 73356 "-" "Mozilla/5.0 (compatible; SemrushBot/7~bl; +http://www.semrush.com/bot.html)"
54.36.148.243 - - [15/Dec/2021:03:31:53 +0100] "GET /cars-sports-bottle-p-25062.html HTTP/1.0" 200 73208 "-" "Mozilla/5.0 (compatible; AhrefsBot/7.0; +http://ahrefs.com/robot/)"
185.191.171.6 - - [15/Dec/2021:03:32:21 +0100] "GET /elvis-rock-small-steel-fridge-magnets-p-12539.html HTTP/1.0" 200 70789 "-" "Mozilla/5.0 (compatible; SemrushBot/7~bl; +http://www.semrush.com/bot.html)"
185.191.171.41 - - [15/Dec/2021:03:32:25 +0100] "GET /large-sandstone-vase-51-cm-p-52244.html HTTP/1.0" 301 70782 "-" "Mozilla/5.0 (compatible; SemrushBot/7~bl; +http://www.semrush.com/bot.html)"
185.191.171.13 - - [15/Dec/2021:03:32:28 +0100] "GET /large-sandstone-vase-p-52244.html HTTP/1.0" 200 70695 "-" "Mozilla/5.0 (compatible; SemrushBot/7~bl; +http://www.semrush.com/bot.html)"
157.55.39.125 - - [15/Dec/2021:03:33:25 +0100] "GET /images/220908_180730_PEEL_BWnUW8.jpg HTTP/1.0" 200 271 "-" "Mozilla/5.0 (compatible; bingbot/2.0; +http://www.bing.com/bingbot.htm)"
185.191.171.25 - - [15/Dec/2021:03:33:30 +0100] "GET /tendresse-duvet-cover-washed-cotton-gauze-p-54430.html HTTP/1.0" 200 74674 "-" "Mozilla/5.0 (compatible; SemrushBot/7~bl; +http://www.semrush.com/bot.html)"
207.46.13.52 - - [15/Dec/2021:03:34:37 +0100] "GET /images/big_prod_3/1328399219636c.jpg HTTP/1.0" 200 271 "-" "Mozilla/5.0 (compatible; bingbot/2.0; +http://www.bing.com/bingbot.htm)"
54.36.148.243 - - [15/Dec/2021:03:35:06 +0100] "GET /retro-alarm-clock-flip-yellow-p-53136.html HTTP/1.0" 200 73346 "-" "Mozilla/5.0 (compatible; AhrefsBot/7.0; +http://ahrefs.com/robot/)"
185.191.171.38 - - [15/Dec/2021:03:35:29 +0100] "GET /pugsley-keel-toys-plush-unicorn-light-pink-p-46897.html?action=add_product HTTP/1.0" 302 476 "-" "Mozilla/5.0 (compatible; SemrushBot/7~bl; +http://www.semrush.com/bot.html)"
74.125.209.52 - - [15/Dec/2021:03:35:41 +0100] "GET /images/big_prod/4029811450381.jpg HTTP/1.0" 200 268 "-" "Mozilla/5.0 (Windows NT 5.1; rv:11.0) Gecko Firefox/11.0 (via ggpht.com GoogleImageProxy)"
66.249.70.70 - - [15/Dec/2021:03:37:04 +0100] "GET /high-school-musical-black-shopping-p-24268.html HTTP/1.0" 200 73662 "-" "Mozilla/5.0 (Linux; Android 6.0.1; Nexus 5X Build/MMB29P) AppleWebKit/537.36 (KHTML, like Gecko) Chrome/96.0.4664.93 Mobile Safari/537.36 (compatible; Googlebot/2.1; +http://www.google.com/bot.html)"
185.191.171.16 - - [15/Dec/2021:03:37:16 +0100] "GET /maisy-great-spoon-melamine-p-19448.html?action=add_product HTTP/1.0" 302 476 "-" "Mozilla/5.0 (compatible; SemrushBot/7~bl; +http://www.semrush.com/bot.html)"
185.191.171.34 - - [15/Dec/2021:03:37:46 +0100] "GET /om-mug-p-43115.html HTTP/1.0" 200 73087 "-" "Mozilla/5.0 (compatible; SemrushBot/7~bl; +http://www.semrush.com/bot.html)"
54.36.148.243 - - [15/Dec/2021:03:37:56 +0100] "GET /bamboo-fiber-plant-cover-p-54253.html HTTP/1.0" 200 73262 "-" "Mozilla/5.0 (compatible; AhrefsBot/7.0; +http://ahrefs.com/robot/)"
185.191.171.6 - - [15/Dec/2021:03:37:57 +0100] "GET /retro-delicacies-round-clock-p-31474.html HTTP/1.0" 200 70715 "-" "Mozilla/5.0 (compatible; SemrushBot/7~bl; +http://www.semrush.com/bot.html)"
185.191.171.14 - - [15/Dec/2021:03:38:13 +0100] "GET /incense-satya-nag-champa-spiritual-15-grams-or-about-15-sticks-p-45280.html HTTP/1.0" 301 74725 "-" "Mozilla/5.0 (compatible; SemrushBot/7~bl; +http://www.semrush.com/bot.html)"
185.191.171.24 - - [15/Dec/2021:03:38:16 +0100] "GET /incense-satya-champa-spiritual-grams-about-sticks-p-45280.html HTTP/1.0" 200 74609 "-" "Mozilla/5.0 (compatible; SemrushBot/7~bl; +http://www.semrush.com/bot.html)"
207.46.13.52 - - [15/Dec/2021:03:38:27 +0100] "GET /images/big_prod/3574642018213.jpg HTTP/1.0" 200 268 "-" "Mozilla/5.0 (compatible; bingbot/2.0; +http://www.bing.com/bingbot.htm)"
51.68.224.127 - - [15/Dec/2021:03:38:28 +0100] "GET /adminweb/export_orders_xml.php?token=256de2z6edz6ed2z6DFSFsed2zed6zeDSFDSGdzedezfzf&maxorders=10&orderstart=1&status=14&start_date=2018-10-01 HTTP/1.0" 200 285 "-" "GesCom CharlotteBoutik Serveur"
51.68.224.127 - - [15/Dec/2021:03:38:28 +0100] "GET /adminweb/export_orders_xml.php?token=256de2z6edz6ed2z6DFSFsed2zed6zeDSFDSGdzedezfzf&maxorders=10&orderstart=1&status=6&start_date=2018-10-01 HTTP/1.0" 200 32471 "-" "GesCom CharlotteBoutik Serveur"
185.191.171.23 - - [15/Dec/2021:03:38:38 +0100] "GET /decorative-metal-bell-with-rope-p-41462.html?action=add_product HTTP/1.0" 302 476 "-" "Mozilla/5.0 (compatible; SemrushBot/7~bl; +http://www.semrush.com/bot.html)"
185.191.171.24 - - [15/Dec/2021:03:39:39 +0100] "GET /retro-french-adult-apron-p-40734.html HTTP/1.0" 200 73263 "-" "Mozilla/5.0 (compatible; SemrushBot/7~bl; +http://www.semrush.com/bot.html)"
110.249.202.185 - - [15/Dec/2021:03:39:41 +0100] "GET /highslide/graphics/zoomout.cur HTTP/1.0" 200 614 "http://www.wonder-geek.com/umbrella-holders-home-wherever-your-p-46916.html" "Mozilla/5.0 (Linux; Android 5.0) AppleWebKit/537.36 (KHTML, like Gecko) Mobile Safari/537.36 (compatible; Bytespider; https://zhanzhang.toutiao.com/)"
216.244.66.242 - - [15/Dec/2021:03:40:27 +0100] "GET /barbapapa-dinner-p-1273.html HTTP/1.0" 301 70677 "-" "Mozilla/5.0 (compatible; DotBot/1.2; +https://opensiteexplorer.org/dotbot; help@moz.com)"
54.36.148.243 - - [15/Dec/2021:03:40:40 +0100] "GET /plush-tree-hanging-decorations-p-52655.html HTTP/1.0" 200 73402 "-" "Mozilla/5.0 (compatible; AhrefsBot/7.0; +http://ahrefs.com/robot/)"
216.244.66.242 - - [15/Dec/2021:03:40:44 +0100] "GET /moroccan-ashtray-p-40635.html HTTP/1.0" 200 73220 "-" "Mozilla/5.0 (compatible; DotBot/1.2; +https://opensiteexplorer.org/dotbot; help@moz.com)"
185.191.171.38 - - [15/Dec/2021:03:40:57 +0100] "GET /britain-mug-p-28662.html HTTP/1.0" 301 73179 "-" "Mozilla/5.0 (compatible; SemrushBot/7~bl; +http://www.semrush.com/bot.html)"
5.255.253.187 - - [15/Dec/2021:03:40:59 +0100] "GET /harley-davidson-mini-p-31640.html HTTP/1.0" 200 73413 "-" "Mozilla/5.0 (compatible; YandexBot/3.0; +http://yandex.com/bots)"
216.244.66.242 - - [15/Dec/2021:03:41:00 +0100] "GET /figurine-caricature-polyrsine-nurse-p-41149.html HTTP/1.0" 301 70680 "-" "Mozilla/5.0 (compatible; DotBot/1.2; +https://opensiteexplorer.org/dotbot; help@moz.com)"
185.191.171.2 - - [15/Dec/2021:03:41:00 +0100] "GET /britain-p-28662.html HTTP/1.0" 200 73105 "-" "Mozilla/5.0 (compatible; SemrushBot/7~bl; +http://www.semrush.com/bot.html)"
5.255.253.187 - - [15/Dec/2021:03:41:05 +0100] "GET /tea-pot-c-12_175.html HTTP/1.0" 200 91157 "-" "Mozilla/5.0 (compatible; YandexBot/3.0; +http://yandex.com/bots)"
5.255.253.187 - - [15/Dec/2021:03:41:07 +0100] "GET /perfumes-interior-c-231_234.html HTTP/1.0" 200 91936 "-" "Mozilla/5.0 (compatible; YandexBot/3.0; +http://yandex.com/bots)"
5.255.253.187 - - [15/Dec/2021:03:41:09 +0100] "GET /umbrellas-c-31_16.html HTTP/1.0" 200 91616 "-" "Mozilla/5.0 (compatible; YandexBot/3.0; +http://yandex.com/bots)"
185.191.171.36 - - [15/Dec/2021:03:41:37 +0100] "GET /faut-faire-stickers-p-39331.html HTTP/1.0" 200 73487 "-" "Mozilla/5.0 (compatible; SemrushBot/7~bl; +http://www.semrush.com/bot.html)"
185.191.171.7 - - [15/Dec/2021:03:42:02 +0100] "GET /duvet-cover-cotton-percale-threads-p-48157.html HTTP/1.0" 200 73551 "-" "Mozilla/5.0 (compatible; SemrushBot/7~bl; +http://www.semrush.com/bot.html)"
185.191.171.40 - - [15/Dec/2021:03:42:23 +0100] "GET /black-silver-earth-globe-p-54179.html?action=add_product HTTP/1.0" 302 476 "-" "Mozilla/5.0 (compatible; SemrushBot/7~bl; +http://www.semrush.com/bot.html)"
185.191.171.1 - - [15/Dec/2021:03:42:56 +0100] "GET /hand-aluminum-box-from-fatima-p-47407.html HTTP/1.0" 301 70680 "-" "Mozilla/5.0 (compatible; SemrushBot/7~bl; +http://www.semrush.com/bot.html)"
185.191.171.25 - - [15/Dec/2021:03:42:58 +0100] "GET /-p-47407.html HTTP/1.0" 200 70613 "-" "Mozilla/5.0 (compatible; SemrushBot/7~bl; +http://www.semrush.com/bot.html)"
185.191.171.36 - - [15/Dec/2021:03:43:04 +0100] "GET /love-personnalized-black-shell-galaxy-note-p-17687.html?action=add_product HTTP/1.0" 302 476 "-" "Mozilla/5.0 (compatible; SemrushBot/7~bl; +http://www.semrush.com/bot.html)"
54.36.148.243 - - [15/Dec/2021:03:43:16 +0100] "GET /cinderella-transformation-figurine-wonderful-dream-come-true-p-52196.html HTTP/1.0" 200 74277 "-" "Mozilla/5.0 (compatible; AhrefsBot/7.0; +http://ahrefs.com/robot/)"
185.191.171.14 - - [15/Dec/2021:03:44:19 +0100] "GET /zinc-look-metal-flowerpot-cover-pumpkin-yellow-p-55459.html HTTP/1.0" 200 74093 "-" "Mozilla/5.0 (compatible; SemrushBot/7~bl; +http://www.semrush.com/bot.html)"
17.121.112.217 - - [15/Dec/2021:03:44:33 +0100] "GET /-p-35787.html HTTP/1.0" 200 70613 "-" "Mozilla/5.0 (Macintosh; Intel Mac OS X 10_15_5) AppleWebKit/605.1.15 (KHTML, like Gecko) Version/13.1.1 Safari/605.1.15 (Applebot/0.1; +http://www.apple.com/go/applebot)"
185.191.171.22 - - [15/Dec/2021:03:44:34 +0100] "GET /cats-dubout-figurine-cute-black-p-40345.html?action=add_product HTTP/1.0" 302 476 "-" "Mozilla/5.0 (compatible; SemrushBot/7~bl; +http://www.semrush.com/bot.html)"
185.191.171.5 - - [15/Dec/2021:03:45:20 +0100] "GET /flower-market-metal-planter-zinc-look-beige-p-55464.html HTTP/1.0" 200 74325 "-" "Mozilla/5.0 (compatible; SemrushBot/7~bl; +http://www.semrush.com/bot.html)"
74.125.209.48 - - [15/Dec/2021:03:45:25 +0100] "GET /images/big_prod_2/1328399282470b.jpg HTTP/1.0" 200 271 "-" "Mozilla/5.0 (Windows NT 5.1; rv:11.0) Gecko Firefox/11.0 (via ggpht.com GoogleImageProxy)"
120.33.36.132 - - [15/Dec/2021:03:45:35 +0100] "HEAD / HTTP/1.0" 200 386 "www.wonder-geek.com" "Mozilla/5.0 (compatible; MSIE 9.0; Windows NT 6.1; Trident/5.0)"
54.36.148.243 - - [15/Dec/2021:03:45:55 +0100] "GET /melamine-pitcher-hello-wild-p-52675.html HTTP/1.0" 200 73310 "-" "Mozilla/5.0 (compatible; AhrefsBot/7.0; +http://ahrefs.com/robot/)"
185.191.171.5 - - [15/Dec/2021:03:46:26 +0100] "GET /decorative-hedgehog-p-49176.html?action=add_product HTTP/1.0" 302 476 "-" "Mozilla/5.0 (compatible; SemrushBot/7~bl; +http://www.semrush.com/bot.html)"
207.46.13.52 - - [15/Dec/2021:03:46:46 +0100] "GET /images/big_prod/1399980107618.jpg HTTP/1.0" 200 268 "-" "Mozilla/5.0 (compatible; bingbot/2.0; +http://www.bing.com/bingbot.htm)"
185.191.171.20 - - [15/Dec/2021:03:46:46 +0100] "GET /minnie-mouse-apron-and-chef-hat-p-29525.html HTTP/1.0" 301 70833 "-" "Mozilla/5.0 (compatible; SemrushBot/7~bl; +http://www.semrush.com/bot.html)"
185.191.171.5 - - [15/Dec/2021:03:46:49 +0100] "GET /minnie-mouse-apron-chef-p-29525.html HTTP/1.0" 200 70743 "-" "Mozilla/5.0 (compatible; SemrushBot/7~bl; +http://www.semrush.com/bot.html)"
185.191.171.22 - - [15/Dec/2021:03:47:04 +0100] "GET /robots.txt HTTP/1.0" 200 245 "-" "Mozilla/5.0 (compatible; SemrushBot/7~bl; +http://www.semrush.com/bot.html)"
185.191.171.26 - - [15/Dec/2021:03:47:05 +0100] "GET /carlin-eyeglass-case-p-30553.html HTTP/1.0" 301 70680 "-" "Mozilla/5.0 (compatible; SemrushBot/7~bl; +http://www.semrush.com/bot.html)"
185.191.171.12 - - [15/Dec/2021:03:47:08 +0100] "GET /-p-30553.html HTTP/1.0" 200 70613 "-" "Mozilla/5.0 (compatible; SemrushBot/7~bl; +http://www.semrush.com/bot.html)"
216.244.66.242 - - [15/Dec/2021:03:47:43 +0100] "GET /happy-hobo-p-5336.html HTTP/1.0" 200 73460 "-" "Mozilla/5.0 (compatible; DotBot/1.2; +https://opensiteexplorer.org/dotbot; help@moz.com)"
17.121.114.58 - - [15/Dec/2021:03:47:46 +0100] "GET /shower-curtain-p-39391.html HTTP/1.0" 200 73314 "-" "Mozilla/5.0 (Macintosh; Intel Mac OS X 10_15_5) AppleWebKit/605.1.15 (KHTML, like Gecko) Version/13.1.1 Safari/605.1.15 (Applebot/0.1; +http://www.apple.com/go/applebot)"
114.119.128.26 - - [15/Dec/2021:03:47:48 +0100] "GET /andalusia-tea-box-150-p-50767.html HTTP/1.0" 301 74084 "-" "Mozilla/5.0 (Linux; Android 7.0;) AppleWebKit/537.36 (KHTML, like Gecko) Mobile Safari/537.36 (compatible; PetalBot;+https://webmaster.petalsearch.com/site/petalbot)"
216.244.66.242 - - [15/Dec/2021:03:47:55 +0100] "GET /stone-labradorite-grams-p-46590.html HTTP/1.0" 200 74908 "-" "Mozilla/5.0 (compatible; DotBot/1.2; +https://opensiteexplorer.org/dotbot; help@moz.com)"
114.119.128.26 - - [15/Dec/2021:03:47:57 +0100] "GET /andalusia-p-50767.html HTTP/1.0" 200 74008 "-" "Mozilla/5.0 (Linux; Android 7.0;) AppleWebKit/537.36 (KHTML, like Gecko) Mobile Safari/537.36 (compatible; PetalBot;+https://webmaster.petalsearch.com/site/petalbot)"
216.244.66.242 - - [15/Dec/2021:03:48:06 +0100] "GET /yuco-quilted-glove-potholder-jade-p-48215.html HTTP/1.0" 200 74354 "-" "Mozilla/5.0 (compatible; DotBot/1.2; +https://opensiteexplorer.org/dotbot; help@moz.com)"
66.249.70.74 - - [15/Dec/2021:03:48:16 +0100] "GET /images/big_prod/1750374000005.jpg HTTP/1.0" 200 268 "-" "Googlebot-Image/1.0"
210.175.199.90 - - [15/Dec/2021:03:48:29 +0100] "GET /images/med_prod/1384010178423.jpg HTTP/1.0" 200 268 "https://www.bing.com/" "Mozilla/5.0 (Windows NT 10.0; Win64; x64) AppleWebKit/537.36 (KHTML, like Gecko) Chrome/96.0.4664.55 Safari/537.36 Edg/96.0.1054.43"
210.175.199.90 - - [15/Dec/2021:03:48:31 +0100] "GET /favicon.ico HTTP/1.0" 200 260 "http://www.wonder-geek.com/images/med_prod/1384010178423.jpg" "Mozilla/5.0 (Windows NT 10.0; Win64; x64) AppleWebKit/537.36 (KHTML, like Gecko) Chrome/96.0.4664.55 Safari/537.36 Edg/96.0.1054.43"
54.36.148.243 - - [15/Dec/2021:03:48:51 +0100] "GET /charmmy-kitty-dress-p-31105.html HTTP/1.0" 200 74364 "-" "Mozilla/5.0 (compatible; AhrefsBot/7.0; +http://ahrefs.com/robot/)"
185.191.171.11 - - [15/Dec/2021:03:50:21 +0100] "GET /-p-33098.html?action=add_product HTTP/1.0" 302 476 "-" "Mozilla/5.0 (compatible; SemrushBot/7~bl; +http://www.semrush.com/bot.html)"
185.191.171.2 - - [15/Dec/2021:03:50:23 +0100] "GET /glass-votive-holder-heart-home-metallic-pink-p-39904.html?action=add_product HTTP/1.0" 302 476 "-" "Mozilla/5.0 (compatible; SemrushBot/7~bl; +http://www.semrush.com/bot.html)"
185.191.171.10 - - [15/Dec/2021:03:50:28 +0100] "GET /beatles-cover-smartphone-p-8883.html HTTP/1.0" 200 73550 "-" "Mozilla/5.0 (compatible; SemrushBot/7~bl; +http://www.semrush.com/bot.html)"
185.191.171.39 - - [15/Dec/2021:03:51:27 +0100] "GET /sagittarus-clasic-keyring-cbkreation-p-43252.html HTTP/1.0" 200 73429 "-" "Mozilla/5.0 (compatible; SemrushBot/7~bl; +http://www.semrush.com/bot.html)"
54.36.148.243 - - [15/Dec/2021:03:51:35 +0100] "GET /bracelets-c-3_200.html HTTP/1.0" 200 91174 "-" "Mozilla/5.0 (compatible; AhrefsBot/7.0; +http://ahrefs.com/robot/)"
185.191.171.39 - - [15/Dec/2021:03:51:37 +0100] "GET /box-little-stars-birth-p-33522.html HTTP/1.0" 301 70768 "-" "Mozilla/5.0 (compatible; SemrushBot/7~bl; +http://www.semrush.com/bot.html)"
185.191.171.16 - - [15/Dec/2021:03:51:40 +0100] "GET /little-stars-birth-p-33522.html HTTP/1.0" 200 70683 "-" "Mozilla/5.0 (compatible; SemrushBot/7~bl; +http://www.semrush.com/bot.html)"
185.191.171.41 - - [15/Dec/2021:03:51:54 +0100] "GET /paperweight-magritte-p-53520.html?action=add_product HTTP/1.0" 302 476 "-" "Mozilla/5.0 (compatible; SemrushBot/7~bl; +http://www.semrush.com/bot.html)"
185.191.171.36 - - [15/Dec/2021:03:52:28 +0100] "GET /curtain-eyelets-chambray-140-240-cm-p-38037.html HTTP/1.0" 301 75636 "-" "Mozilla/5.0 (compatible; SemrushBot/7~bl; +http://www.semrush.com/bot.html)"
185.191.171.4 - - [15/Dec/2021:03:52:30 +0100] "GET /curtain-eyelets-chambray-p-38037.html HTTP/1.0" 200 75545 "-" "Mozilla/5.0 (compatible; SemrushBot/7~bl; +http://www.semrush.com/bot.html)"
45.76.250.213 - - [15/Dec/2021:03:52:38 +0100] "GET /images/mini_prod/8432699066876.jpg HTTP/1.0" 200 269 "-" "Mozilla/5.0 (X11; Ubuntu; Linux x86_64; rv:72.0) Gecko/20100101 Firefox/72.0"
185.191.171.9 - - [15/Dec/2021:03:53:03 +0100] "GET /teo-jasmin-teo-liberty-companion-portfolio-p-39131.html HTTP/1.0" 301 70856 "-" "Mozilla/5.0 (compatible; SemrushBot/7~bl; +http://www.semrush.com/bot.html)"
185.191.171.4 - - [15/Dec/2021:03:53:06 +0100] "GET /jasmin-liberty-companion-portfolio-p-39131.html HTTP/1.0" 200 70755 "-" "Mozilla/5.0 (compatible; SemrushBot/7~bl; +http://www.semrush.com/bot.html)"
185.191.171.9 - - [15/Dec/2021:03:54:09 +0100] "GET /buddha-head-decoration-p-45857.html?action=add_product HTTP/1.0" 302 476 "-" "Mozilla/5.0 (compatible; SemrushBot/7~bl; +http://www.semrush.com/bot.html)"
54.36.148.243 - - [15/Dec/2021:03:54:21 +0100] "GET /doormat-p-53934.html HTTP/1.0" 200 73989 "-" "Mozilla/5.0 (compatible; AhrefsBot/7.0; +http://ahrefs.com/robot/)"
185.191.171.10 - - [15/Dec/2021:03:54:45 +0100] "GET /set-of-tassen-porcelain-mood-mini-bowls-made-in-germany-p-52159.html HTTP/1.0" 301 74570 "-" "Mozilla/5.0 (compatible; SemrushBot/7~bl; +http://www.semrush.com/bot.html)"
185.191.171.16 - - [15/Dec/2021:03:54:48 +0100] "GET /tassen-porcelain-mood-mini-bowls-made-germany-p-52159.html HTTP/1.0" 200 74458 "-" "Mozilla/5.0 (compatible; SemrushBot/7~bl; +http://www.semrush.com/bot.html)"
51.68.224.127 - - [15/Dec/2021:03:54:50 +0100] "GET /adminweb/export_orders_xml.php?token=256de2z6edz6ed2z6DFSFsed2zed6zeDSFDSGdzedezfzf&maxorders=10&orderstart=1&status=14&start_date=2018-10-01 HTTP/1.0" 200 285 "-" "GesCom CharlotteBoutik Serveur"
51.68.224.127 - - [15/Dec/2021:03:54:50 +0100] "GET /adminweb/export_orders_xml.php?token=256de2z6edz6ed2z6DFSFsed2zed6zeDSFDSGdzedezfzf&maxorders=10&orderstart=1&status=6&start_date=2018-10-01 HTTP/1.0" 200 32471 "-" "GesCom CharlotteBoutik Serveur"
114.119.128.253 - - [15/Dec/2021:03:54:50 +0100] "GET /gift-box-watch-vespa-red-women-and-keychain-p-18599.html HTTP/1.0" 301 73719 "-" "Mozilla/5.0 (Linux; Android 7.0;) AppleWebKit/537.36 (KHTML, like Gecko) Mobile Safari/537.36 (compatible; PetalBot;+https://webmaster.petalsearch.com/site/petalbot)"
114.119.128.253 - - [15/Dec/2021:03:54:53 +0100] "GET /gift-watch-vespa-women-keychain-p-18599.html HTTP/1.0" 200 73621 "-" "Mozilla/5.0 (Linux; Android 7.0;) AppleWebKit/537.36 (KHTML, like Gecko) Mobile Safari/537.36 (compatible; PetalBot;+https://webmaster.petalsearch.com/site/petalbot)"
66.249.70.74 - - [15/Dec/2021:03:55:04 +0100] "GET /angry-birds-sports-p-29472.html HTTP/1.0" 200 73484 "-" "Mozilla/5.0 (Linux; Android 6.0.1; Nexus 5X Build/MMB29P) AppleWebKit/537.36 (KHTML, like Gecko) Chrome/96.0.4664.93 Mobile Safari/537.36 (compatible; Googlebot/2.1; +http://www.google.com/bot.html)"
185.191.171.7 - - [15/Dec/2021:03:55:12 +0100] "GET /kimmidoll-wastebasket-p-27442.html?action=add_product HTTP/1.0" 302 476 "-" "Mozilla/5.0 (compatible; SemrushBot/7~bl; +http://www.semrush.com/bot.html)"
157.55.39.228 - - [15/Dec/2021:03:55:31 +0100] "GET /stone-amethyst-sold-weight-grams-p-46545.html HTTP/1.0" 200 74286 "-" "Mozilla/5.0 (compatible; bingbot/2.0; +http://www.bing.com/bingbot.htm)"
147.92.153.12 - - [15/Dec/2021:03:55:54 +0100] "GET /tour-france-little-tray-p-51675.html HTTP/1.0" 200 73355 "-" "Mozilla/5.0 (compatible; Linespider/1.1; +https://lin.ee/4dwXkTH)"
185.191.171.34 - - [15/Dec/2021:03:56:11 +0100] "GET /angry-birds-wallet-p-19173.html?action=add_product HTTP/1.0" 302 476 "-" "Mozilla/5.0 (compatible; SemrushBot/7~bl; +http://www.semrush.com/bot.html)"
185.191.171.18 - - [15/Dec/2021:03:56:35 +0100] "GET /laissez-lucie-faire-toiletry-byako-p-38977.html?action=add_product HTTP/1.0" 302 476 "-" "Mozilla/5.0 (compatible; SemrushBot/7~bl; +http://www.semrush.com/bot.html)"
157.55.39.223 - - [15/Dec/2021:03:57:03 +0100] "GET /images/med_prod/1341689313944.jpg HTTP/1.0" 200 268 "-" "Mozilla/5.0 (compatible; bingbot/2.0; +http://www.bing.com/bingbot.htm)"
54.36.148.243 - - [15/Dec/2021:03:57:08 +0100] "GET /blooms-michelle-allen-designs-coasters-p-54545.html HTTP/1.0" 200 74165 "-" "Mozilla/5.0 (compatible; AhrefsBot/7.0; +http://ahrefs.com/robot/)"
40.77.167.66 - - [15/Dec/2021:03:57:20 +0100] "GET /images/mini_prod/3560600316521.jpg HTTP/1.0" 200 269 "-" "Mozilla/5.0 (compatible; bingbot/2.0; +http://www.bing.com/bingbot.htm)"
185.191.171.16 - - [15/Dec/2021:03:58:08 +0100] "GET /moto-retro-ottoman-storage-p-47384.html HTTP/1.0" 200 73446 "-" "Mozilla/5.0 (compatible; SemrushBot/7~bl; +http://www.semrush.com/bot.html)"
185.191.171.7 - - [15/Dec/2021:03:58:26 +0100] "GET /avengers-p-37514.html HTTP/1.0" 200 70643 "-" "Mozilla/5.0 (compatible; SemrushBot/7~bl; +http://www.semrush.com/bot.html)"
185.191.171.3 - - [15/Dec/2021:03:59:28 +0100] "GET /jacquard-anti-stain-tablecloth-beige-140-240-cm-p-35479.html HTTP/1.0" 301 70680 "-" "Mozilla/5.0 (compatible; SemrushBot/7~bl; +http://www.semrush.com/bot.html)"
185.191.171.19 - - [15/Dec/2021:03:59:31 +0100] "GET /-p-35479.html HTTP/1.0" 200 70613 "-" "Mozilla/5.0 (compatible; SemrushBot/7~bl; +http://www.semrush.com/bot.html)"
185.191.171.15 - - [15/Dec/2021:03:59:47 +0100] "GET /votive-candle-home-christmas-p-46035.html HTTP/1.0" 200 73951 "-" "Mozilla/5.0 (compatible; SemrushBot/7~bl; +http://www.semrush.com/bot.html)"
54.36.148.243 - - [15/Dec/2021:04:00:03 +0100] "GET /specials.php?page=10 HTTP/1.0" 200 125349 "-" "Mozilla/5.0 (compatible; AhrefsBot/7.0; +http://ahrefs.com/robot/)"
157.55.39.125 - - [15/Dec/2021:04:00:08 +0100] "GET /images/mini_prod/3681643306130.jpg HTTP/1.0" 200 269 "-" "Mozilla/5.0 (compatible; bingbot/2.0; +http://www.bing.com/bingbot.htm)"
36.110.199.139 - - [15/Dec/2021:04:00:14 +0100] "GET /images/mini_prod/5018997513248.jpg HTTP/1.0" 200 269 "-" "Mozilla/5.0"
114.119.128.26 - - [15/Dec/2021:04:00:17 +0100] "GET /christopher-zippo-lighter-p-53269.html HTTP/1.0" 200 75084 "-" "Mozilla/5.0 (Linux; Android 7.0;) AppleWebKit/537.36 (KHTML, like Gecko) Mobile Safari/537.36 (compatible; PetalBot;+https://webmaster.petalsearch.com/site/petalbot)"
185.191.171.8 - - [15/Dec/2021:04:01:51 +0100] "GET /indian-craft-box-drawers-p-37257.html HTTP/1.0" 301 73682 "-" "Mozilla/5.0 (compatible; SemrushBot/7~bl; +http://www.semrush.com/bot.html)"
185.191.171.42 - - [15/Dec/2021:04:01:54 +0100] "GET /indian-craft-drawers-p-37257.html HTTP/1.0" 200 73595 "-" "Mozilla/5.0 (compatible; SemrushBot/7~bl; +http://www.semrush.com/bot.html)"
185.191.171.13 - - [15/Dec/2021:04:02:18 +0100] "GET /trudi-perla-lamb-soft-p-16221.html?action=add_product HTTP/1.0" 302 476 "-" "Mozilla/5.0 (compatible; SemrushBot/7~bl; +http://www.semrush.com/bot.html)"
159.138.102.98 - - [15/Dec/2021:04:02:23 +0100] "GET /frame-canvas-hot-chocolate-p-26144.html HTTP/1.0" 301 73408 "-" "Mozilla/5.0 (Linux; Android 7.0;) AppleWebKit/537.36 (KHTML, like Gecko) Mobile Safari/537.36 (compatible; PetalBot;+https://webmaster.petalsearch.com/site/petalbot)"
159.138.102.98 - - [15/Dec/2021:04:02:24 +0100] "GET /frame-canvas-chocolate-p-26144.html HTTP/1.0" 200 73319 "-" "Mozilla/5.0 (Linux; Android 7.0;) AppleWebKit/537.36 (KHTML, like Gecko) Mobile Safari/537.36 (compatible; PetalBot;+https://webmaster.petalsearch.com/site/petalbot)"
185.191.171.16 - - [15/Dec/2021:04:02:29 +0100] "GET /watercolor-finding-dory-p-37131.html?action=add_product HTTP/1.0" 302 476 "-" "Mozilla/5.0 (compatible; SemrushBot/7~bl; +http://www.semrush.com/bot.html)"
185.191.171.42 - - [15/Dec/2021:04:02:55 +0100] "GET /wall-decoration-mandala-lotus-wooden-pastel-colors-p-46059.html HTTP/1.0" 200 73520 "-" "Mozilla/5.0 (compatible; SemrushBot/7~bl; +http://www.semrush.com/bot.html)"
185.191.171.40 - - [15/Dec/2021:04:03:13 +0100] "GET /dishes-c-12.html?page=63 HTTP/1.0" 200 92190 "-" "Mozilla/5.0 (compatible; SemrushBot/7~bl; +http://www.semrush.com/bot.html)"
54.36.148.243 - - [15/Dec/2021:04:03:15 +0100] "GET /ethnic-carpet-p-56014.html HTTP/1.0" 200 73924 "-" "Mozilla/5.0 (compatible; AhrefsBot/7.0; +http://ahrefs.com/robot/)"
185.191.171.5 - - [15/Dec/2021:04:03:17 +0100] "GET /metal-beer-bucket-blue-p-44737.html HTTP/1.0" 200 73254 "-" "Mozilla/5.0 (compatible; SemrushBot/7~bl; +http://www.semrush.com/bot.html)"
185.191.171.19 - - [15/Dec/2021:04:03:58 +0100] "GET /barbabright-marine-figure-p-468.html HTTP/1.0" 301 70674 "-" "Mozilla/5.0 (compatible; SemrushBot/7~bl; +http://www.semrush.com/bot.html)"
185.191.171.34 - - [15/Dec/2021:04:04:01 +0100] "GET /-p-468.html HTTP/1.0" 200 70609 "-" "Mozilla/5.0 (compatible; SemrushBot/7~bl; +http://www.semrush.com/bot.html)"
114.119.128.37 - - [15/Dec/2021:04:04:11 +0100] "GET /large-metal-plate-deco-p-33723.html HTTP/1.0" 200 73260 "-" "Mozilla/5.0 (Linux; Android 7.0;) AppleWebKit/537.36 (KHTML, like Gecko) Mobile Safari/537.36 (compatible; PetalBot;+https://webmaster.petalsearch.com/site/petalbot)"
185.191.171.42 - - [15/Dec/2021:04:04:22 +0100] "GET /tissuebox-amaro-gold-p-49611.html?action=add_product HTTP/1.0" 302 476 "-" "Mozilla/5.0 (compatible; SemrushBot/7~bl; +http://www.semrush.com/bot.html)"
185.191.171.20 - - [15/Dec/2021:04:04:34 +0100] "GET /dubout-cats-metal-keyring-p-47166.html?action=add_product HTTP/1.0" 302 476 "-" "Mozilla/5.0 (compatible; SemrushBot/7~bl; +http://www.semrush.com/bot.html)"
207.46.13.52 - - [15/Dec/2021:04:04:47 +0100] "GET /images/big_prod_1/8422810090736a.jpg HTTP/1.0" 200 271 "-" "Mozilla/5.0 (compatible; bingbot/2.0; +http://www.bing.com/bingbot.htm)"
157.55.39.0 - - [15/Dec/2021:04:05:04 +0100] "GET /miss-miew-pinky-pink-p-42845.html HTTP/1.0" 200 73410 "-" "Mozilla/5.0 (compatible; bingbot/2.0; +http://www.bing.com/bingbot.htm)"
66.249.70.70 - - [15/Dec/2021:04:05:22 +0100] "GET /images/big_prod/1328399294848.jpg HTTP/1.0" 200 268 "-" "Googlebot-Image/1.0"
185.191.171.14 - - [15/Dec/2021:04:05:43 +0100] "GET /cats-by-dubout-photo-frame-the-third-eye-p-33753.html HTTP/1.0" 301 74524 "-" "Mozilla/5.0 (compatible; SemrushBot/7~bl; +http://www.semrush.com/bot.html)"
185.191.171.18 - - [15/Dec/2021:04:05:47 +0100] "GET /cats-dubout-photo-frame-third-p-33753.html HTTP/1.0" 200 74428 "-" "Mozilla/5.0 (compatible; SemrushBot/7~bl; +http://www.semrush.com/bot.html)"
20.99.156.41 - - [15/Dec/2021:04:05:52 +0100] "GET /images/big_prod_1/3609810096240b.jpg HTTP/1.0" 200 271 "-" "Mozilla/5.0 (Windows NT 10.0; WOW64) AppleWebKit/537.36 (KHTML, like Gecko) Chrome/64.0.3282.186 Safari/537.36"
54.36.148.243 - - [15/Dec/2021:04:06:33 +0100] "GET /decorative-globe-p-54109.html HTTP/1.0" 200 73271 "-" "Mozilla/5.0 (compatible; AhrefsBot/7.0; +http://ahrefs.com/robot/)"
185.191.171.9 - - [15/Dec/2021:04:06:34 +0100] "GET /schoolbag-caramel-gold-glitter-p-55619.html?action=add_product HTTP/1.0" 302 476 "-" "Mozilla/5.0 (compatible; SemrushBot/7~bl; +http://www.semrush.com/bot.html)"
185.191.171.20 - - [15/Dec/2021:04:06:36 +0100] "GET /disney-princess-snow-white-parka-p-31246.html HTTP/1.0" 200 74523 "-" "Mozilla/5.0 (compatible; SemrushBot/7~bl; +http://www.semrush.com/bot.html)"
185.191.171.35 - - [15/Dec/2021:04:06:39 +0100] "GET /cement-tile-coasters-p-56004.html HTTP/1.0" 200 73295 "-" "Mozilla/5.0 (compatible; SemrushBot/7~bl; +http://www.semrush.com/bot.html)"
207.46.13.52 - - [15/Dec/2021:04:07:07 +0100] "GET /images/big_prod_1/8422017305305a.jpg HTTP/1.0" 200 271 "-" "Mozilla/5.0 (compatible; bingbot/2.0; +http://www.bing.com/bingbot.htm)"
66.249.70.72 - - [15/Dec/2021:04:07:31 +0100] "GET /saffron-flower-fragrance-diffuser-made-provence-p-57053.html HTTP/1.0" 200 74727 "-" "Mozilla/5.0 (compatible; Googlebot/2.1; +http://www.google.com/bot.html)"
185.191.171.42 - - [15/Dec/2021:04:07:38 +0100] "GET /jasmin-blue-melamine-tray-p-50098.html?action=add_product HTTP/1.0" 302 476 "-" "Mozilla/5.0 (compatible; SemrushBot/7~bl; +http://www.semrush.com/bot.html)"
185.191.171.5 - - [15/Dec/2021:04:07:41 +0100] "GET /-p-42932.html?action=add_product HTTP/1.0" 302 476 "-" "Mozilla/5.0 (compatible; SemrushBot/7~bl; +http://www.semrush.com/bot.html)"
185.191.171.13 - - [15/Dec/2021:04:08:10 +0100] "GET /toiletry-p-45067.html HTTP/1.0" 200 73269 "-" "Mozilla/5.0 (compatible; SemrushBot/7~bl; +http://www.semrush.com/bot.html)"
17.121.115.136 - - [15/Dec/2021:04:08:13 +0100] "GET /lisa-flower-p-51553.html HTTP/1.0" 200 70655 "-" "Mozilla/5.0 (Macintosh; Intel Mac OS X 10_15_5) AppleWebKit/605.1.15 (KHTML, like Gecko) Version/13.1.1 Safari/605.1.15 (Applebot/0.1; +http://www.apple.com/go/applebot)"
66.249.70.70 - - [15/Dec/2021:04:08:59 +0100] "GET /js/jquery.min.js HTTP/1.0" 404 1308 "http://www.wonder-geek.com/frames-flags-decorative-paintings-c-13_148.html?page=6" "Mozilla/5.0 (Linux; Android 6.0.1; Nexus 5X Build/MMB29P) AppleWebKit/537.36 (KHTML, like Gecko) Chrome/96.0.4664.45 Mobile Safari/537.36 (compatible; Googlebot/2.1; +http://www.google.com/bot.html)"
185.191.171.17 - - [15/Dec/2021:04:09:05 +0100] "GET /cats-by-dubout-pie-dish-p-42361.html HTTP/1.0" 301 73304 "-" "Mozilla/5.0 (compatible; SemrushBot/7~bl; +http://www.semrush.com/bot.html)"
185.191.171.23 - - [15/Dec/2021:04:09:09 +0100] "GET /cats-dubout-dish-p-42361.html HTTP/1.0" 200 73221 "-" "Mozilla/5.0 (compatible; SemrushBot/7~bl; +http://www.semrush.com/bot.html)"
185.191.171.34 - - [15/Dec/2021:04:09:23 +0100] "GET /lyna-lampshade-p-55990.html HTTP/1.0" 200 70659 "-" "Mozilla/5.0 (compatible; SemrushBot/7~bl; +http://www.semrush.com/bot.html)"
54.36.148.243 - - [15/Dec/2021:04:09:27 +0100] "GET /strawberry-shortcake-embroidered-vest-p-36364.html HTTP/1.0" 200 74627 "-" "Mozilla/5.0 (compatible; AhrefsBot/7.0; +http://ahrefs.com/robot/)"
66.249.70.72 - - [15/Dec/2021:04:10:00 +0100] "GET /decorative-useful-little-buddha-p-53307.html HTTP/1.0" 200 73373 "-" "Mozilla/5.0 (Linux; Android 6.0.1; Nexus 5X Build/MMB29P) AppleWebKit/537.36 (KHTML, like Gecko) Chrome/96.0.4664.93 Mobile Safari/537.36 (compatible; Googlebot/2.1; +http://www.google.com/bot.html)"
185.191.171.3 - - [15/Dec/2021:04:10:22 +0100] "GET /bolster-case-green-p-43668.html HTTP/1.0" 200 73485 "-" "Mozilla/5.0 (compatible; SemrushBot/7~bl; +http://www.semrush.com/bot.html)"
185.191.171.3 - - [15/Dec/2021:04:11:08 +0100] "GET /home-and-decoration-c-13.html?page=165 HTTP/1.0" 301 93232 "-" "Mozilla/5.0 (compatible; SemrushBot/7~bl; +http://www.semrush.com/bot.html)"
185.191.171.20 - - [15/Dec/2021:04:11:11 +0100] "GET /home-decoration-c-13.html?page=165 HTTP/1.0" 200 93144 "-" "Mozilla/5.0 (compatible; SemrushBot/7~bl; +http://www.semrush.com/bot.html)"
51.68.224.127 - - [15/Dec/2021:04:11:19 +0100] "GET /adminweb/export_orders_xml.php?token=256de2z6edz6ed2z6DFSFsed2zed6zeDSFDSGdzedezfzf&maxorders=10&orderstart=1&status=14&start_date=2018-10-01 HTTP/1.0" 200 285 "-" "GesCom CharlotteBoutik Serveur"
51.68.224.127 - - [15/Dec/2021:04:11:19 +0100] "GET /adminweb/export_orders_xml.php?token=256de2z6edz6ed2z6DFSFsed2zed6zeDSFDSGdzedezfzf&maxorders=10&orderstart=1&status=6&start_date=2018-10-01 HTTP/1.0" 200 32471 "-" "GesCom CharlotteBoutik Serveur"
157.55.39.125 - - [15/Dec/2021:04:11:38 +0100] "GET /images/1399984254882.jpg HTTP/1.0" 200 259 "-" "Mozilla/5.0 (compatible; bingbot/2.0; +http://www.bing.com/bingbot.htm)"
40.77.167.66 - - [15/Dec/2021:04:11:41 +0100] "GET /high-school-musical-scarf-p-22254.html HTTP/1.0" 200 73445 "-" "Mozilla/5.0 (compatible; bingbot/2.0; +http://www.bing.com/bingbot.htm)"
185.191.171.42 - - [15/Dec/2021:04:11:41 +0100] "GET /-p-52354.html?action=add_product HTTP/1.0" 302 476 "-" "Mozilla/5.0 (compatible; SemrushBot/7~bl; +http://www.semrush.com/bot.html)"
144.202.104.167 - - [15/Dec/2021:04:12:00 +0100] "GET /images/mini_prod/SatyaArabianMusk.jpg HTTP/1.0" 200 272 "-" "Mozilla/5.0 (X11; Ubuntu; Linux x86_64; rv:72.0) Gecko/20100101 Firefox/72.0"
54.36.148.243 - - [15/Dec/2021:04:12:26 +0100] "GET /flasks-c-12_245.html HTTP/1.0" 200 79825 "-" "Mozilla/5.0 (compatible; AhrefsBot/7.0; +http://ahrefs.com/robot/)"
40.77.167.66 - - [15/Dec/2021:04:12:42 +0100] "GET /kimmidoll-glasses-case-p-47584.html HTTP/1.0" 200 73911 "-" "Mozilla/5.0 (compatible; bingbot/2.0; +http://www.bing.com/bingbot.htm)"
185.191.171.45 - - [15/Dec/2021:04:12:43 +0100] "GET /kimmidoll-storage-cardboard-boxes-p-31955.html HTTP/1.0" 301 70680 "-" "Mozilla/5.0 (compatible; SemrushBot/7~bl; +http://www.semrush.com/bot.html)"
185.191.171.40 - - [15/Dec/2021:04:12:47 +0100] "GET /-p-31955.html HTTP/1.0" 200 70613 "-" "Mozilla/5.0 (compatible; SemrushBot/7~bl; +http://www.semrush.com/bot.html)"
66.249.70.70 - - [15/Dec/2021:04:13:04 +0100] "GET /small-resin-monkey-statuette-nothing-p-55812.html HTTP/1.0" 200 73604 "-" "Mozilla/5.0 (Linux; Android 6.0.1; Nexus 5X Build/MMB29P) AppleWebKit/537.36 (KHTML, like Gecko) Chrome/96.0.4664.93 Mobile Safari/537.36 (compatible; Googlebot/2.1; +http://www.google.com/bot.html)"
207.46.13.52 - - [15/Dec/2021:04:13:09 +0100] "GET /small-wallet-oops-daisy-gorjuss-p-35561.html HTTP/1.0" 200 74615 "-" "Mozilla/5.0 (compatible; bingbot/2.0; +http://www.bing.com/bingbot.htm)"
157.55.39.0 - - [15/Dec/2021:04:13:15 +0100] "GET /images/3720276295609.jpg HTTP/1.0" 200 259 "-" "Mozilla/5.0 (compatible; bingbot/2.0; +http://www.bing.com/bingbot.htm)"
185.191.171.37 - - [15/Dec/2021:04:13:18 +0100] "GET /paris-pink-companion-wallet-p-38622.html?action=add_product HTTP/1.0" 302 476 "-" "Mozilla/5.0 (compatible; SemrushBot/7~bl; +http://www.semrush.com/bot.html)"
185.191.171.20 - - [15/Dec/2021:04:13:43 +0100] "GET /ceramic-planter-green-p-55309.html HTTP/1.0" 200 73979 "-" "Mozilla/5.0 (compatible; SemrushBot/7~bl; +http://www.semrush.com/bot.html)"
185.191.171.4 - - [15/Dec/2021:04:13:57 +0100] "GET /cats-cups-espresso-p-48605.html HTTP/1.0" 200 70697 "-" "Mozilla/5.0 (compatible; SemrushBot/7~bl; +http://www.semrush.com/bot.html)"
216.244.66.242 - - [15/Dec/2021:04:14:26 +0100] "GET /robots.txt HTTP/1.0" 200 245 "-" "Mozilla/5.0 (compatible; DotBot/1.2; +https://opensiteexplorer.org/dotbot; help@moz.com)"
157.55.39.125 - - [15/Dec/2021:04:14:29 +0100] "GET /images/3700653590350.jpg HTTP/1.0" 200 259 "-" "Mozilla/5.0 (compatible; bingbot/2.0; +http://www.bing.com/bingbot.htm)"
185.191.171.18 - - [15/Dec/2021:04:14:54 +0100] "GET /strawberry-shortcake-bathrobe-size-years-p-12632.html?action=add_product HTTP/1.0" 302 476 "-" "Mozilla/5.0 (compatible; SemrushBot/7~bl; +http://www.semrush.com/bot.html)"
185.191.171.45 - - [15/Dec/2021:04:15:01 +0100] "GET /bamboo-fiber-plant-cover-p-55178.html?action=add_product HTTP/1.0" 302 476 "-" "Mozilla/5.0 (compatible; SemrushBot/7~bl; +http://www.semrush.com/bot.html)"
54.36.148.243 - - [15/Dec/2021:04:15:29 +0100] "GET /-i-17.html HTTP/1.0" 200 99770 "-" "Mozilla/5.0 (compatible; AhrefsBot/7.0; +http://ahrefs.com/robot/)"
20.99.156.128 - - [15/Dec/2021:04:15:31 +0100] "GET /images/big_prod_3/8424346039234D.jpg HTTP/1.0" 200 271 "-" "Mozilla/5.0 (Windows NT 10.0; WOW64) AppleWebKit/537.36 (KHTML, like Gecko) Chrome/68.0.3440.106 Safari/537.36"
185.191.171.39 - - [15/Dec/2021:04:15:41 +0100] "GET /metal-bicycle-horn-michelle-allen-designs-p-57017.html HTTP/1.0" 200 73453 "-" "Mozilla/5.0 (compatible; SemrushBot/7~bl; +http://www.semrush.com/bot.html)"
185.191.171.15 - - [15/Dec/2021:04:15:58 +0100] "GET /-p-36312.html?action=add_product HTTP/1.0" 302 476 "-" "Mozilla/5.0 (compatible; SemrushBot/7~bl; +http://www.semrush.com/bot.html)"
52.146.59.154 - - [15/Dec/2021:04:16:21 +0100] "GET /images/8435333807699.jpg HTTP/1.0" 200 259 "-" "DuckDuckBot/1.1; (+http://duckduckgo.com/duckduckbot.html)"
172.221.124.22 - - [15/Dec/2021:04:16:26 +0100] "GET /images/8435333807699.jpg HTTP/1.0" 200 259 "https://duckduckgo.com/" "Mozilla/5.0 (Linux; Android 6.0.1; SM-S327VL Build/MMB29M; wv) AppleWebKit/537.36 (KHTML, like Gecko) Version/4.0 Chrome/96.0.4664.92 Mobile Safari/537.36"
172.221.124.22 - - [15/Dec/2021:04:16:27 +0100] "GET /favicon.ico HTTP/1.0" 200 260 "http://www.wonder-geek.com/images/8435333807699.jpg" "Mozilla/5.0 (Linux; Android 6.0.1; SM-S327VL Build/MMB29M; wv) AppleWebKit/537.36 (KHTML, like Gecko) Version/4.0 Chrome/96.0.4664.92 Mobile Safari/537.36"
185.191.171.35 - - [15/Dec/2021:04:17:19 +0100] "GET /resin-deer-bookend-p-56183.html HTTP/1.0" 200 73929 "-" "Mozilla/5.0 (compatible; SemrushBot/7~bl; +http://www.semrush.com/bot.html)"
185.191.171.3 - - [15/Dec/2021:04:17:32 +0100] "GET /black-metal-table-lamp-p-50111.html HTTP/1.0" 301 70680 "-" "Mozilla/5.0 (compatible; SemrushBot/7~bl; +http://www.semrush.com/bot.html)"
185.191.171.25 - - [15/Dec/2021:04:17:35 +0100] "GET /-p-50111.html HTTP/1.0" 200 70613 "-" "Mozilla/5.0 (compatible; SemrushBot/7~bl; +http://www.semrush.com/bot.html)"
