178.175.130.251 - - [15/Dec/2021:07:09:52 +0100] "GET /fitted-sheet-cotton-percale-threads-p-44300.html HTTP/1.0" 200 73573 "http://www.wonder-geek.com/fitted-sheet-cotton-percale-threads-p-44300.html" "Mozilla/5.0 (Windows NT 10.0; Win64; x64) AppleWebKit/537.36 (KHTML, like Gecko) Chrome/90.0.4430.85 Safari/537.36 Edg/90.0.818.49"
178.175.130.251 - - [15/Dec/2021:07:09:56 +0100] "GET /create_account.php HTTP/1.0" 200 33633 "http://www.wonder-geek.com/create_account.php" "Mozilla/5.0 (Windows NT 10.0; Win64; x64) AppleWebKit/537.36 (KHTML, like Gecko) Chrome/90.0.4430.85 Safari/537.36 Edg/90.0.818.49"
178.175.130.251 - - [15/Dec/2021:07:09:57 +0100] "POST /create_account.php HTTP/1.0" 200 34311 "http://www.wonder-geek.com/create_account.php" "Mozilla/5.0 (Windows NT 10.0; Win64; x64) AppleWebKit/537.36 (KHTML, like Gecko) Chrome/90.0.4430.85 Safari/537.36 Edg/90.0.818.49"
178.175.130.251 - - [15/Dec/2021:07:09:57 +0100] "GET /fitted-sheet-cotton-percale-threads-p-44300.html HTTP/1.0" 200 73573 "http://www.wonder-geek.com/fitted-sheet-cotton-percale-threads-p-44300.html" "Mozilla/5.0 (Windows NT 10.0; Win64; x64) AppleWebKit/537.36 (KHTML, like Gecko) Chrome/90.0.4430.85 Safari/537.36 Edg/90.0.818.49"
85.10.207.195 - - [15/Dec/2021:07:10:00 +0100] "GET /-p-46757.html HTTP/1.0" 200 70613 "-" "Mozilla/5.0 (compatible; MJ12bot/v1.4.8; http://mj12bot.com/)"
5.255.253.187 - - [15/Dec/2021:07:10:04 +0100] "GET /robots.txt HTTP/1.0" 200 245 "-" "Mozilla/5.0 (compatible; YandexBot/3.0; +http://yandex.com/bots)"
85.10.207.195 - - [15/Dec/2021:07:10:06 +0100] "GET /-p-46764.html HTTP/1.0" 200 70613 "-" "Mozilla/5.0 (compatible; MJ12bot/v1.4.8; http://mj12bot.com/)"
5.255.253.187 - - [15/Dec/2021:07:10:08 +0100] "GET /simpsons-alarm-clock-p-1938.html HTTP/1.0" 301 70677 "-" "Mozilla/5.0 (compatible; YandexBot/3.0; +http://yandex.com/bots)"
114.119.128.40 - - [15/Dec/2021:07:10:10 +0100] "GET /nici-moon-ville-p-22368.html HTTP/1.0" 200 73375 "-" "Mozilla/5.0 (Linux; Android 7.0;) AppleWebKit/537.36 (KHTML, like Gecko) Mobile Safari/537.36 (compatible; PetalBot;+https://webmaster.petalsearch.com/site/petalbot)"
5.255.253.176 - - [15/Dec/2021:07:10:11 +0100] "GET /-p-1938.html HTTP/1.0" 200 70611 "-" "Mozilla/5.0 (compatible; YandexBot/3.0; +http://yandex.com/bots)"
85.10.207.195 - - [15/Dec/2021:07:10:12 +0100] "GET /-p-475.html HTTP/1.0" 200 70609 "-" "Mozilla/5.0 (compatible; MJ12bot/v1.4.8; http://mj12bot.com/)"
185.191.171.24 - - [15/Dec/2021:07:10:15 +0100] "GET /paris-ashtray-p-36152.html HTTP/1.0" 200 73225 "-" "Mozilla/5.0 (compatible; SemrushBot/7~bl; +http://www.semrush.com/bot.html)"
85.10.207.195 - - [15/Dec/2021:07:10:20 +0100] "GET /-p-48122.html HTTP/1.0" 200 70613 "-" "Mozilla/5.0 (compatible; MJ12bot/v1.4.8; http://mj12bot.com/)"
85.10.207.195 - - [15/Dec/2021:07:10:31 +0100] "GET /-p-48153.html HTTP/1.0" 200 70613 "-" "Mozilla/5.0 (compatible; MJ12bot/v1.4.8; http://mj12bot.com/)"
85.10.207.195 - - [15/Dec/2021:07:10:40 +0100] "GET /-p-49120.html HTTP/1.0" 200 70613 "-" "Mozilla/5.0 (compatible; MJ12bot/v1.4.8; http://mj12bot.com/)"
85.10.207.195 - - [15/Dec/2021:07:10:48 +0100] "GET /-p-51352.html HTTP/1.0" 200 70613 "-" "Mozilla/5.0 (compatible; MJ12bot/v1.4.8; http://mj12bot.com/)"
85.10.207.195 - - [15/Dec/2021:07:10:57 +0100] "GET /-p-51389.html HTTP/1.0" 200 70613 "-" "Mozilla/5.0 (compatible; MJ12bot/v1.4.8; http://mj12bot.com/)"
85.10.207.195 - - [15/Dec/2021:07:11:03 +0100] "GET /-p-51390.html HTTP/1.0" 200 70613 "-" "Mozilla/5.0 (compatible; MJ12bot/v1.4.8; http://mj12bot.com/)"
85.10.207.195 - - [15/Dec/2021:07:11:10 +0100] "GET /-p-51876.html HTTP/1.0" 200 70613 "-" "Mozilla/5.0 (compatible; MJ12bot/v1.4.8; http://mj12bot.com/)"
85.10.207.195 - - [15/Dec/2021:07:11:17 +0100] "GET /-p-51877.html HTTP/1.0" 200 70613 "-" "Mozilla/5.0 (compatible; MJ12bot/v1.4.8; http://mj12bot.com/)"
85.10.207.195 - - [15/Dec/2021:07:11:25 +0100] "GET /-p-7714.html HTTP/1.0" 200 70611 "-" "Mozilla/5.0 (compatible; MJ12bot/v1.4.8; http://mj12bot.com/)"
85.10.207.195 - - [15/Dec/2021:07:11:33 +0100] "GET /-p-9040.html HTTP/1.0" 200 70611 "-" "Mozilla/5.0 (compatible; MJ12bot/v1.4.8; http://mj12bot.com/)"
185.191.171.44 - - [15/Dec/2021:07:11:35 +0100] "GET /lama-hot-water-bottle-p-45234.html HTTP/1.0" 301 73339 "-" "Mozilla/5.0 (compatible; SemrushBot/7~bl; +http://www.semrush.com/bot.html)"
85.10.207.195 - - [15/Dec/2021:07:11:37 +0100] "GET /alarms-clocks-clocks-and-watches/alarms-clocks/bob-marley-yellow-alarm-clock-p-14119.html HTTP/1.0" 301 73426 "-" "Mozilla/5.0 (compatible; MJ12bot/v1.4.8; http://mj12bot.com/)"
185.191.171.16 - - [15/Dec/2021:07:11:39 +0100] "GET /lama-water-bottle-p-45234.html HTTP/1.0" 200 73255 "-" "Mozilla/5.0 (compatible; SemrushBot/7~bl; +http://www.semrush.com/bot.html)"
85.10.207.195 - - [15/Dec/2021:07:11:42 +0100] "GET /marley-yellow-alarm-clock-p-14119.html HTTP/1.0" 200 73334 "-" "Mozilla/5.0 (compatible; MJ12bot/v1.4.8; http://mj12bot.com/)"
185.191.171.21 - - [15/Dec/2021:07:11:42 +0100] "GET /mexican-food-p-19041.html HTTP/1.0" 200 73170 "-" "Mozilla/5.0 (compatible; SemrushBot/7~bl; +http://www.semrush.com/bot.html)"
85.10.207.195 - - [15/Dec/2021:07:11:49 +0100] "GET /aphrodite-statuette-in-bronze-aspect-resin-p-53645.html HTTP/1.0" 301 73555 "-" "Mozilla/5.0 (compatible; MJ12bot/v1.4.8; http://mj12bot.com/)"
114.119.128.34 - - [15/Dec/2021:07:11:54 +0100] "GET /images/mini_prod/3660173192420.jpg HTTP/1.0" 200 269 "-" "Mozilla/5.0 (Linux; Android 7.0;) AppleWebKit/537.36 (KHTML, like Gecko) Mobile Safari/537.36 (compatible; PetalBot;+https://webmaster.petalsearch.com/site/petalbot)"
54.36.148.243 - - [15/Dec/2021:07:11:52 +0100] "GET /coasters-mandala-p-50120.html HTTP/1.0" 200 73171 "-" "Mozilla/5.0 (compatible; AhrefsBot/7.0; +http://ahrefs.com/robot/)"
85.10.207.195 - - [15/Dec/2021:07:11:55 +0100] "GET /aphrodite-statuette-bronze-aspect-resin-p-53645.html HTTP/1.0" 200 73449 "-" "Mozilla/5.0 (compatible; MJ12bot/v1.4.8; http://mj12bot.com/)"
85.10.207.195 - - [15/Dec/2021:07:12:00 +0100] "GET /aujourd-hui-est-ton-jour-card-p-20049.html HTTP/1.0" 301 73463 "-" "Mozilla/5.0 (compatible; MJ12bot/v1.4.8; http://mj12bot.com/)"
85.10.207.195 - - [15/Dec/2021:07:12:06 +0100] "GET /aujourd-jour-card-p-20049.html HTTP/1.0" 200 73379 "-" "Mozilla/5.0 (compatible; MJ12bot/v1.4.8; http://mj12bot.com/)"
85.10.207.195 - - [15/Dec/2021:07:12:13 +0100] "GET /babouchka-table-lamp-light-pink-p-42364.html HTTP/1.0" 301 70680 "-" "Mozilla/5.0 (compatible; MJ12bot/v1.4.8; http://mj12bot.com/)"
85.10.207.195 - - [15/Dec/2021:07:12:16 +0100] "GET /-p-42364.html HTTP/1.0" 200 70613 "-" "Mozilla/5.0 (compatible; MJ12bot/v1.4.8; http://mj12bot.com/)"
85.10.207.195 - - [15/Dec/2021:07:12:22 +0100] "GET /babouchka-table-lamp-silver-p-42367.html HTTP/1.0" 301 70680 "-" "Mozilla/5.0 (compatible; MJ12bot/v1.4.8; http://mj12bot.com/)"
185.191.171.18 - - [15/Dec/2021:07:12:22 +0100] "GET /wall-decoration-green-model-p-41004.html HTTP/1.0" 200 73366 "-" "Mozilla/5.0 (compatible; SemrushBot/7~bl; +http://www.semrush.com/bot.html)"
185.191.171.24 - - [15/Dec/2021:07:12:26 +0100] "GET /statue-p-41893.html?action=add_product HTTP/1.0" 302 476 "-" "Mozilla/5.0 (compatible; SemrushBot/7~bl; +http://www.semrush.com/bot.html)"
85.10.207.195 - - [15/Dec/2021:07:12:28 +0100] "GET /-p-42367.html HTTP/1.0" 200 70613 "-" "Mozilla/5.0 (compatible; MJ12bot/v1.4.8; http://mj12bot.com/)"
185.191.171.37 - - [15/Dec/2021:07:12:32 +0100] "GET /lire-money-cbkreation-p-24139.html HTTP/1.0" 200 73309 "-" "Mozilla/5.0 (compatible; SemrushBot/7~bl; +http://www.semrush.com/bot.html)"
85.10.207.195 - - [15/Dec/2021:07:12:39 +0100] "GET /bakugan-bowl-p-14008.html HTTP/1.0" 200 70664 "-" "Mozilla/5.0 (compatible; MJ12bot/v1.4.8; http://mj12bot.com/)"
157.55.39.0 - - [15/Dec/2021:07:12:42 +0100] "GET /kiub-collection-little-prince-cool-p-56241.html HTTP/1.0" 200 74159 "-" "Mozilla/5.0 (compatible; bingbot/2.0; +http://www.bing.com/bingbot.htm)"
85.10.207.195 - - [15/Dec/2021:07:12:49 +0100] "GET /baloo-grand-jester-studios-figure-collection-p-36228.html HTTP/1.0" 301 70680 "-" "Mozilla/5.0 (compatible; MJ12bot/v1.4.8; http://mj12bot.com/)"
85.10.207.195 - - [15/Dec/2021:07:13:00 +0100] "GET /-p-36228.html HTTP/1.0" 200 70613 "-" "Mozilla/5.0 (compatible; MJ12bot/v1.4.8; http://mj12bot.com/)"
85.10.207.195 - - [15/Dec/2021:07:13:11 +0100] "GET /bamboo-fiber-plant-cover-p-51273.html HTTP/1.0" 200 73864 "-" "Mozilla/5.0 (compatible; MJ12bot/v1.4.8; http://mj12bot.com/)"
85.10.207.195 - - [15/Dec/2021:07:13:20 +0100] "GET /bamboo-fiber-plant-cover-p-51274.html HTTP/1.0" 200 70699 "-" "Mozilla/5.0 (compatible; MJ12bot/v1.4.8; http://mj12bot.com/)"
85.10.207.195 - - [15/Dec/2021:07:13:29 +0100] "GET /barbabright-box-p-7714.html HTTP/1.0" 301 70677 "-" "Mozilla/5.0 (compatible; MJ12bot/v1.4.8; http://mj12bot.com/)"
85.10.207.195 - - [15/Dec/2021:07:13:35 +0100] "GET /-p-7714.html HTTP/1.0" 200 70611 "-" "Mozilla/5.0 (compatible; MJ12bot/v1.4.8; http://mj12bot.com/)"
114.119.128.40 - - [15/Dec/2021:07:13:40 +0100] "GET /images/big_prod/3665269169072.jpg HTTP/1.0" 200 268 "-" "Mozilla/5.0 (Linux; Android 7.0;) AppleWebKit/537.36 (KHTML, like Gecko) Mobile Safari/537.36 (compatible; PetalBot;+https://webmaster.petalsearch.com/site/petalbot)"
85.10.207.195 - - [15/Dec/2021:07:13:46 +0100] "GET /barbalala-box-p-23078.html HTTP/1.0" 301 70680 "-" "Mozilla/5.0 (compatible; MJ12bot/v1.4.8; http://mj12bot.com/)"
85.10.207.195 - - [15/Dec/2021:07:13:53 +0100] "GET /-p-23078.html HTTP/1.0" 200 70613 "-" "Mozilla/5.0 (compatible; MJ12bot/v1.4.8; http://mj12bot.com/)"
85.10.207.195 - - [15/Dec/2021:07:14:01 +0100] "GET /barbalib-figure-p-475.html HTTP/1.0" 301 70674 "-" "Mozilla/5.0 (compatible; MJ12bot/v1.4.8; http://mj12bot.com/)"
66.249.70.70 - - [15/Dec/2021:07:14:04 +0100] "GET /soft-toys-security-blanket-c-46.html?page=9 HTTP/1.0" 301 91900 "-" "Mozilla/5.0 (Linux; Android 6.0.1; Nexus 5X Build/MMB29P) AppleWebKit/537.36 (KHTML, like Gecko) Chrome/96.0.4664.93 Mobile Safari/537.36 (compatible; Googlebot/2.1; +http://www.google.com/bot.html)"
66.249.70.70 - - [15/Dec/2021:07:14:06 +0100] "GET /soft-toys-security-blanket-c-4_46.html?page=9 HTTP/1.0" 200 91915 "-" "Mozilla/5.0 (Linux; Android 6.0.1; Nexus 5X Build/MMB29P) AppleWebKit/537.36 (KHTML, like Gecko) Chrome/96.0.4664.93 Mobile Safari/537.36 (compatible; Googlebot/2.1; +http://www.google.com/bot.html)"
85.10.207.195 - - [15/Dec/2021:07:14:09 +0100] "GET /-p-475.html HTTP/1.0" 200 70609 "-" "Mozilla/5.0 (compatible; MJ12bot/v1.4.8; http://mj12bot.com/)"
85.10.207.195 - - [15/Dec/2021:07:14:16 +0100] "GET /barbecue-wooden-wall-decoration-hang-p-44740.html HTTP/1.0" 200 73488 "-" "Mozilla/5.0 (compatible; MJ12bot/v1.4.8; http://mj12bot.com/)"
216.244.66.242 - - [15/Dec/2021:07:14:17 +0100] "GET /robots.txt HTTP/1.0" 200 245 "-" "Mozilla/5.0 (compatible; DotBot/1.2; +https://opensiteexplorer.org/dotbot; help@moz.com)"
157.55.39.223 - - [15/Dec/2021:07:14:22 +0100] "GET /images/big_prod/8422033178754.jpg HTTP/1.0" 200 268 "-" "Mozilla/5.0 (compatible; bingbot/2.0; +http://www.bing.com/bingbot.htm)"
185.191.171.12 - - [15/Dec/2021:07:14:21 +0100] "GET /pendants-and-necklaces-c-3_214.html HTTP/1.0" 301 90698 "-" "Mozilla/5.0 (compatible; SemrushBot/7~bl; +http://www.semrush.com/bot.html)"
54.36.148.243 - - [15/Dec/2021:07:14:22 +0100] "GET /collectible-figurines-decorative-c-13_135.html?page=57 HTTP/1.0" 200 96599 "-" "Mozilla/5.0 (compatible; AhrefsBot/7.0; +http://ahrefs.com/robot/)"
185.191.171.15 - - [15/Dec/2021:07:14:25 +0100] "GET /pendants-necklaces-c-214.html HTTP/1.0" 301 90588 "-" "Mozilla/5.0 (compatible; SemrushBot/7~bl; +http://www.semrush.com/bot.html)"
85.10.207.195 - - [15/Dec/2021:07:14:28 +0100] "GET /barbecue-wooden-wall-decoration-to-hang-p-44740.html HTTP/1.0" 301 73591 "-" "Mozilla/5.0 (compatible; MJ12bot/v1.4.8; http://mj12bot.com/)"
185.191.171.20 - - [15/Dec/2021:07:14:28 +0100] "GET /pendants-necklaces-c-3_214.html HTTP/1.0" 200 90615 "-" "Mozilla/5.0 (compatible; SemrushBot/7~bl; +http://www.semrush.com/bot.html)"
85.10.207.195 - - [15/Dec/2021:07:14:34 +0100] "GET /barbecue-wooden-wall-decoration-hang-p-44740.html HTTP/1.0" 200 73488 "-" "Mozilla/5.0 (compatible; MJ12bot/v1.4.8; http://mj12bot.com/)"
85.10.207.195 - - [15/Dec/2021:07:14:39 +0100] "GET /barbecue-wooden-wall-decoration-to-hang-p-46097.html HTTP/1.0" 301 70680 "-" "Mozilla/5.0 (compatible; MJ12bot/v1.4.8; http://mj12bot.com/)"
85.10.207.195 - - [15/Dec/2021:07:14:44 +0100] "GET /-p-46097.html HTTP/1.0" 200 70613 "-" "Mozilla/5.0 (compatible; MJ12bot/v1.4.8; http://mj12bot.com/)"
85.10.207.195 - - [15/Dec/2021:07:14:48 +0100] "GET /barbecue-wooden-wall-decoration-to-hang-p-46098.html HTTP/1.0" 301 70680 "-" "Mozilla/5.0 (compatible; MJ12bot/v1.4.8; http://mj12bot.com/)"
17.121.115.136 - - [15/Dec/2021:07:14:51 +0100] "GET /star-wars-vehicle-miniature-with-miniature-character-p-33427.html HTTP/1.0" 200 73688 "-" "Mozilla/5.0 (Macintosh; Intel Mac OS X 10_15_5) AppleWebKit/605.1.15 (KHTML, like Gecko) Version/13.1.1 Safari/605.1.15 (Applebot/0.1; +http://www.apple.com/go/applebot)"
85.10.207.195 - - [15/Dec/2021:07:14:53 +0100] "GET /-p-46098.html HTTP/1.0" 200 70613 "-" "Mozilla/5.0 (compatible; MJ12bot/v1.4.8; http://mj12bot.com/)"
85.10.207.195 - - [15/Dec/2021:07:14:56 +0100] "GET /bart-simpsons-skate-mobile-sock-p-17483.html HTTP/1.0" 301 70680 "-" "Mozilla/5.0 (compatible; MJ12bot/v1.4.8; http://mj12bot.com/)"
85.10.207.195 - - [15/Dec/2021:07:15:00 +0100] "GET /-p-17483.html HTTP/1.0" 200 70613 "-" "Mozilla/5.0 (compatible; MJ12bot/v1.4.8; http://mj12bot.com/)"
85.10.207.195 - - [15/Dec/2021:07:15:03 +0100] "GET /bart-simpsons-soccer-mobile-sock-p-17484.html HTTP/1.0" 301 70680 "-" "Mozilla/5.0 (compatible; MJ12bot/v1.4.8; http://mj12bot.com/)"
85.10.207.195 - - [15/Dec/2021:07:15:07 +0100] "GET /-p-17484.html HTTP/1.0" 200 70613 "-" "Mozilla/5.0 (compatible; MJ12bot/v1.4.8; http://mj12bot.com/)"
85.10.207.195 - - [15/Dec/2021:07:15:10 +0100] "GET /batman-dark-knight-rises-poster-p-15740.html HTTP/1.0" 200 70777 "-" "Mozilla/5.0 (compatible; MJ12bot/v1.4.8; http://mj12bot.com/)"
85.10.207.195 - - [15/Dec/2021:07:15:14 +0100] "GET /batman-poster-p-30936.html HTTP/1.0" 200 70669 "-" "Mozilla/5.0 (compatible; MJ12bot/v1.4.8; http://mj12bot.com/)"
85.10.207.195 - - [15/Dec/2021:07:15:18 +0100] "GET /batman-the-dark-knight-rises-poster-p-15740.html HTTP/1.0" 301 70875 "-" "Mozilla/5.0 (compatible; MJ12bot/v1.4.8; http://mj12bot.com/)"
85.10.207.195 - - [15/Dec/2021:07:15:21 +0100] "GET /batman-dark-knight-rises-poster-p-15740.html HTTP/1.0" 200 70777 "-" "Mozilla/5.0 (compatible; MJ12bot/v1.4.8; http://mj12bot.com/)"
5.255.253.187 - - [15/Dec/2021:07:15:26 +0100] "GET /images/DSCN4019.jpg HTTP/1.0" 200 254 "-" "Mozilla/5.0 (compatible; YandexImages/3.0; +http://yandex.com/bots)"
85.10.207.195 - - [15/Dec/2021:07:15:26 +0100] "GET /bbq-menu-wooden-wall-decoration-to-hang-p-44739.html HTTP/1.0" 301 73579 "-" "Mozilla/5.0 (compatible; MJ12bot/v1.4.8; http://mj12bot.com/)"
114.119.128.40 - - [15/Dec/2021:07:15:27 +0100] "GET /cruzado-money-cbkreation-p-24149.html HTTP/1.0" 200 73333 "-" "Mozilla/5.0 (Linux; Android 7.0;) AppleWebKit/537.36 (KHTML, like Gecko) Mobile Safari/537.36 (compatible; PetalBot;+https://webmaster.petalsearch.com/site/petalbot)"
85.10.207.195 - - [15/Dec/2021:07:15:29 +0100] "GET /menu-wooden-wall-decoration-hang-p-44739.html HTTP/1.0" 200 73480 "-" "Mozilla/5.0 (compatible; MJ12bot/v1.4.8; http://mj12bot.com/)"
85.10.207.195 - - [15/Dec/2021:07:15:33 +0100] "GET /beach-cabin-mini-rectangular-tray-p-54911.html HTTP/1.0" 200 73391 "-" "Mozilla/5.0 (compatible; MJ12bot/v1.4.8; http://mj12bot.com/)"
85.10.207.195 - - [15/Dec/2021:07:15:37 +0100] "GET /beach-campers-large-metal-plate-deco-p-36115.html HTTP/1.0" 200 70747 "-" "Mozilla/5.0 (compatible; MJ12bot/v1.4.8; http://mj12bot.com/)"
85.10.207.195 - - [15/Dec/2021:07:15:40 +0100] "GET /beach-metal-plate-deco-p-34326.html HTTP/1.0" 200 73247 "-" "Mozilla/5.0 (compatible; MJ12bot/v1.4.8; http://mj12bot.com/)"
51.68.224.127 - - [15/Dec/2021:07:15:44 +0100] "GET /adminweb/export_orders_xml.php?token=256de2z6edz6ed2z6DFSFsed2zed6zeDSFDSGdzedezfzf&maxorders=10&orderstart=1&status=14&start_date=2018-10-01 HTTP/1.0" 200 285 "-" "GesCom CharlotteBoutik Serveur"
51.68.224.127 - - [15/Dec/2021:07:15:44 +0100] "GET /adminweb/export_orders_xml.php?token=256de2z6edz6ed2z6DFSFsed2zed6zeDSFDSGdzedezfzf&maxorders=10&orderstart=1&status=6&start_date=2018-10-01 HTTP/1.0" 200 32471 "-" "GesCom CharlotteBoutik Serveur"
85.10.207.195 - - [15/Dec/2021:07:15:53 +0100] "GET /bear-plush-26-cm-p-25888.html HTTP/1.0" 301 73372 "-" "Mozilla/5.0 (compatible; MJ12bot/v1.4.8; http://mj12bot.com/)"
157.55.39.0 - - [15/Dec/2021:07:16:02 +0100] "GET /kimmidoll-glasses-case-p-44287.html HTTP/1.0" 200 73314 "-" "Mozilla/5.0 (compatible; bingbot/2.0; +http://www.bing.com/bingbot.htm)"
85.10.207.195 - - [15/Dec/2021:07:16:02 +0100] "GET /bear-plush-p-25888.html HTTP/1.0" 200 73295 "-" "Mozilla/5.0 (compatible; MJ12bot/v1.4.8; http://mj12bot.com/)"
85.10.207.195 - - [15/Dec/2021:07:16:13 +0100] "GET /bear-plush-p-25888.html HTTP/1.0" 200 73295 "-" "Mozilla/5.0 (compatible; MJ12bot/v1.4.8; http://mj12bot.com/)"
185.191.171.24 - - [15/Dec/2021:07:16:14 +0100] "GET /decorative-globe-p-40903.html HTTP/1.0" 200 73269 "-" "Mozilla/5.0 (compatible; SemrushBot/7~bl; +http://www.semrush.com/bot.html)"
85.10.207.195 - - [15/Dec/2021:07:16:24 +0100] "GET /bear-potholder-and-glove-set-laissez-lucie-faire-p-42231.html HTTP/1.0" 301 70875 "-" "Mozilla/5.0 (compatible; MJ12bot/v1.4.8; http://mj12bot.com/)"
85.10.207.195 - - [15/Dec/2021:07:16:28 +0100] "GET /bear-potholder-glove-laissez-lucie-faire-p-42231.html HTTP/1.0" 200 70768 "-" "Mozilla/5.0 (compatible; MJ12bot/v1.4.8; http://mj12bot.com/)"
17.121.112.65 - - [15/Dec/2021:07:16:29 +0100] "GET /-p-51871.html HTTP/1.0" 200 70613 "-" "Mozilla/5.0 (Macintosh; Intel Mac OS X 10_15_5) AppleWebKit/605.1.15 (KHTML, like Gecko) Version/13.1.1 Safari/605.1.15 (Applebot/0.1; +http://www.apple.com/go/applebot)"
207.46.13.52 - - [15/Dec/2021:07:16:36 +0100] "GET /images/mini_prod/3665269014358.jpg HTTP/1.0" 200 269 "-" "Mozilla/5.0 (compatible; bingbot/2.0; +http://www.bing.com/bingbot.htm)"
157.55.39.125 - - [15/Dec/2021:07:16:35 +0100] "GET /mirrors-with-floral-inspiration-p-52925.html HTTP/1.0" 200 73501 "-" "Mozilla/5.0 (compatible; bingbot/2.0; +http://www.bing.com/bingbot.htm)"
85.10.207.195 - - [15/Dec/2021:07:16:36 +0100] "GET /bear-potholder-glove-laissez-lucie-faire-p-42231.html HTTP/1.0" 200 70768 "-" "Mozilla/5.0 (compatible; MJ12bot/v1.4.8; http://mj12bot.com/)"
85.10.207.195 - - [15/Dec/2021:07:16:48 +0100] "GET /beatles-box-p-28457.html HTTP/1.0" 301 70680 "-" "Mozilla/5.0 (compatible; MJ12bot/v1.4.8; http://mj12bot.com/)"
157.55.39.0 - - [15/Dec/2021:07:16:52 +0100] "GET /images/big_prod/7601020000372.jpg HTTP/1.0" 200 268 "-" "Mozilla/5.0 (compatible; bingbot/2.0; +http://www.bing.com/bingbot.htm)"
85.10.207.195 - - [15/Dec/2021:07:16:51 +0100] "GET /-p-28457.html HTTP/1.0" 200 70613 "-" "Mozilla/5.0 (compatible; MJ12bot/v1.4.8; http://mj12bot.com/)"
85.10.207.195 - - [15/Dec/2021:07:16:55 +0100] "GET /beatles-box-p-4132.html HTTP/1.0" 301 70722 "-" "Mozilla/5.0 (compatible; MJ12bot/v1.4.8; http://mj12bot.com/)"
85.10.207.195 - - [15/Dec/2021:07:16:58 +0100] "GET /beatles-p-4132.html HTTP/1.0" 200 70649 "-" "Mozilla/5.0 (compatible; MJ12bot/v1.4.8; http://mj12bot.com/)"
85.10.207.195 - - [15/Dec/2021:07:17:02 +0100] "GET /beatles-box-p-5129.html HTTP/1.0" 301 70710 "-" "Mozilla/5.0 (compatible; MJ12bot/v1.4.8; http://mj12bot.com/)"
85.10.207.195 - - [15/Dec/2021:07:17:06 +0100] "GET /beatles-p-5129.html HTTP/1.0" 200 70637 "-" "Mozilla/5.0 (compatible; MJ12bot/v1.4.8; http://mj12bot.com/)"
185.191.171.35 - - [15/Dec/2021:07:17:06 +0100] "GET /nightmare-before-christmas-sally-figurine-p-53358.html?action=add_product HTTP/1.0" 302 476 "-" "Mozilla/5.0 (compatible; SemrushBot/7~bl; +http://www.semrush.com/bot.html)"
114.119.128.37 - - [15/Dec/2021:07:17:07 +0100] "GET /strawberry-shortcake-cap-p-22141.html HTTP/1.0" 301 70803 "-" "Mozilla/5.0 (Linux; Android 7.0;) AppleWebKit/537.36 (KHTML, like Gecko) Mobile Safari/537.36 (compatible; PetalBot;+https://webmaster.petalsearch.com/site/petalbot)"
85.10.207.195 - - [15/Dec/2021:07:17:09 +0100] "GET /beatles-box-p-8886.html HTTP/1.0" 301 70722 "-" "Mozilla/5.0 (compatible; MJ12bot/v1.4.8; http://mj12bot.com/)"
114.119.128.37 - - [15/Dec/2021:07:17:09 +0100] "GET /strawberry-shortcake-p-22141.html HTTP/1.0" 200 70716 "-" "Mozilla/5.0 (Linux; Android 7.0;) AppleWebKit/537.36 (KHTML, like Gecko) Mobile Safari/537.36 (compatible; PetalBot;+https://webmaster.petalsearch.com/site/petalbot)"
54.36.148.243 - - [15/Dec/2021:07:17:12 +0100] "GET /coasters-mandala-p-50117.html HTTP/1.0" 200 73171 "-" "Mozilla/5.0 (compatible; AhrefsBot/7.0; +http://ahrefs.com/robot/)"
85.10.207.195 - - [15/Dec/2021:07:17:12 +0100] "GET /beatles-p-8886.html HTTP/1.0" 200 70649 "-" "Mozilla/5.0 (compatible; MJ12bot/v1.4.8; http://mj12bot.com/)"
51.159.23.22 - - [15/Dec/2021:07:17:13 +0100] "GET /contact_us.php HTTP/1.0" 301 539 "http://wonder-geek.com/contact_us.php" "Mozilla/5.0 (Windows NT 10.0; Win64; x64) AppleWebKit/537.36 (KHTML, like Gecko) Chrome/90.0.4430.85 Safari/537.36 Edg/90.0.818.49"
51.159.23.22 - - [15/Dec/2021:07:17:13 +0100] "GET /contact_us.php HTTP/1.0" 200 26241 "http://www.wonder-geek.com/contact_us.php" "Mozilla/5.0 (Windows NT 10.0; Win64; x64) AppleWebKit/537.36 (KHTML, like Gecko) Chrome/90.0.4430.85 Safari/537.36 Edg/90.0.818.49"
85.10.207.195 - - [15/Dec/2021:07:17:15 +0100] "GET /beatles-help-metal-magnet-p-10806.html HTTP/1.0" 200 73210 "-" "Mozilla/5.0 (compatible; MJ12bot/v1.4.8; http://mj12bot.com/)"
51.159.23.22 - - [15/Dec/2021:07:17:14 +0100] "GET /index.php HTTP/1.0" 200 152912 "http://www.wonder-geek.com/index.php" "Mozilla/5.0 (Windows NT 10.0; Win64; x64) AppleWebKit/537.36 (KHTML, like Gecko) Chrome/90.0.4430.85 Safari/537.36 Edg/90.0.818.49"
51.159.23.22 - - [15/Dec/2021:07:17:17 +0100] "GET /trivet-boards-c-12_158.html HTTP/1.0" 200 94422 "http://www.wonder-geek.com/trivet-boards-c-12_158.html" "Mozilla/5.0 (Windows NT 10.0; Win64; x64) AppleWebKit/537.36 (KHTML, like Gecko) Chrome/90.0.4430.85 Safari/537.36 Edg/90.0.818.49"
85.10.207.195 - - [15/Dec/2021:07:17:20 +0100] "GET /beatles-let-it-be-metal-magnet-p-10810.html HTTP/1.0" 301 70821 "-" "Mozilla/5.0 (compatible; MJ12bot/v1.4.8; http://mj12bot.com/)"
51.159.23.22 - - [15/Dec/2021:07:17:20 +0100] "GET /cardboard-boxes-storage-c-13_150_216.html HTTP/1.0" 200 78053 "http://www.wonder-geek.com/cardboard-boxes-storage-c-13_150_216.html" "Mozilla/5.0 (Windows NT 10.0; Win64; x64) AppleWebKit/537.36 (KHTML, like Gecko) Chrome/90.0.4430.85 Safari/537.36 Edg/90.0.818.49"
185.191.171.40 - - [15/Dec/2021:07:17:23 +0100] "GET /gund-mini-elephant-sound-plush-p-34856.html HTTP/1.0" 301 70680 "-" "Mozilla/5.0 (compatible; SemrushBot/7~bl; +http://www.semrush.com/bot.html)"
51.159.23.22 - - [15/Dec/2021:07:17:23 +0100] "GET /cushion-headboard-c-11_173.html HTTP/1.0" 200 88831 "http://www.wonder-geek.com/cushion-headboard-c-11_173.html" "Mozilla/5.0 (Windows NT 10.0; Win64; x64) AppleWebKit/537.36 (KHTML, like Gecko) Chrome/90.0.4430.85 Safari/537.36 Edg/90.0.818.49"
85.10.207.195 - - [15/Dec/2021:07:17:23 +0100] "GET /beatles-metal-magnet-p-10810.html HTTP/1.0" 200 70734 "-" "Mozilla/5.0 (compatible; MJ12bot/v1.4.8; http://mj12bot.com/)"
185.191.171.19 - - [15/Dec/2021:07:17:25 +0100] "GET /-p-34856.html HTTP/1.0" 200 70613 "-" "Mozilla/5.0 (compatible; SemrushBot/7~bl; +http://www.semrush.com/bot.html)"
51.159.23.22 - - [15/Dec/2021:07:17:26 +0100] "GET /board-games-c-4_47.html HTTP/1.0" 200 75951 "http://www.wonder-geek.com/board-games-c-4_47.html" "Mozilla/5.0 (Windows NT 10.0; Win64; x64) AppleWebKit/537.36 (KHTML, like Gecko) Chrome/90.0.4430.85 Safari/537.36 Edg/90.0.818.49"
85.10.207.195 - - [15/Dec/2021:07:17:27 +0100] "GET /beatles-logo-metal-magnet-p-10808.html HTTP/1.0" 200 73210 "-" "Mozilla/5.0 (compatible; MJ12bot/v1.4.8; http://mj12bot.com/)"
85.10.207.195 - - [15/Dec/2021:07:17:31 +0100] "GET /beatles-metal-magnet-p-10810.html HTTP/1.0" 200 70734 "-" "Mozilla/5.0 (compatible; MJ12bot/v1.4.8; http://mj12bot.com/)"
85.10.207.195 - - [15/Dec/2021:07:17:35 +0100] "GET /beatles-p-4132.html HTTP/1.0" 200 70649 "-" "Mozilla/5.0 (compatible; MJ12bot/v1.4.8; http://mj12bot.com/)"
85.10.207.195 - - [15/Dec/2021:07:17:38 +0100] "GET /beatles-p-5129.html HTTP/1.0" 200 70637 "-" "Mozilla/5.0 (compatible; MJ12bot/v1.4.8; http://mj12bot.com/)"
85.10.207.195 - - [15/Dec/2021:07:17:41 +0100] "GET /beatles-p-8886.html HTTP/1.0" 200 70649 "-" "Mozilla/5.0 (compatible; MJ12bot/v1.4.8; http://mj12bot.com/)"
85.10.207.195 - - [15/Dec/2021:07:17:45 +0100] "GET /beatles-picture-metal-magnet-p-10807.html HTTP/1.0" 200 70715 "-" "Mozilla/5.0 (compatible; MJ12bot/v1.4.8; http://mj12bot.com/)"
85.10.207.195 - - [15/Dec/2021:07:17:49 +0100] "GET /beatles-sergent-pepper-metal-magnet-p-20730.html HTTP/1.0" 200 70767 "-" "Mozilla/5.0 (compatible; MJ12bot/v1.4.8; http://mj12bot.com/)"
85.10.207.195 - - [15/Dec/2021:07:17:52 +0100] "GET /beatles-storage-box-p-5111.html HTTP/1.0" 301 70750 "-" "Mozilla/5.0 (compatible; MJ12bot/v1.4.8; http://mj12bot.com/)"
85.10.207.195 - - [15/Dec/2021:07:17:56 +0100] "GET /beatles-storage-p-5111.html HTTP/1.0" 200 70669 "-" "Mozilla/5.0 (compatible; MJ12bot/v1.4.8; http://mj12bot.com/)"
85.10.207.195 - - [15/Dec/2021:07:17:58 +0100] "GET /beatles-storage-box-p-8262.html HTTP/1.0" 301 70750 "-" "Mozilla/5.0 (compatible; MJ12bot/v1.4.8; http://mj12bot.com/)"
52.149.21.87 - - [15/Dec/2021:07:18:02 +0100] "GET /images/4036113830056.jpg HTTP/1.0" 200 259 "-" "Mozilla/5.0 (Windows NT 10.0; WOW64) AppleWebKit/537.36 (KHTML, like Gecko) Chrome/67.0.3396.99 Safari/537.36"
85.10.207.195 - - [15/Dec/2021:07:18:02 +0100] "GET /beatles-storage-p-8262.html HTTP/1.0" 200 70669 "-" "Mozilla/5.0 (compatible; MJ12bot/v1.4.8; http://mj12bot.com/)"
85.10.207.195 - - [15/Dec/2021:07:18:05 +0100] "GET /beatles-storage-p-5111.html HTTP/1.0" 200 70669 "-" "Mozilla/5.0 (compatible; MJ12bot/v1.4.8; http://mj12bot.com/)"
17.121.112.69 - - [15/Dec/2021:07:18:06 +0100] "GET /mcstuffins-swimming-armband-p-35062.html HTTP/1.0" 200 70751 "-" "Mozilla/5.0 (Macintosh; Intel Mac OS X 10_15_5) AppleWebKit/605.1.15 (KHTML, like Gecko) Version/13.1.1 Safari/605.1.15 (Applebot/0.1; +http://www.apple.com/go/applebot)"
85.10.207.195 - - [15/Dec/2021:07:18:08 +0100] "GET /beatles-storage-p-8262.html HTTP/1.0" 200 70669 "-" "Mozilla/5.0 (compatible; MJ12bot/v1.4.8; http://mj12bot.com/)"
85.10.207.195 - - [15/Dec/2021:07:18:11 +0100] "GET /beatles-vintage-metal-magnet-p-10809.html HTTP/1.0" 200 73253 "-" "Mozilla/5.0 (compatible; MJ12bot/v1.4.8; http://mj12bot.com/)"
85.10.207.195 - - [15/Dec/2021:07:18:15 +0100] "GET /bedspread-boutis-pillowcases-p-53278.html HTTP/1.0" 200 70765 "-" "Mozilla/5.0 (compatible; MJ12bot/v1.4.8; http://mj12bot.com/)"
85.10.207.195 - - [15/Dec/2021:07:18:18 +0100] "GET /beer-chope-metal-plate-deco-p-34328.html HTTP/1.0" 200 73310 "-" "Mozilla/5.0 (compatible; MJ12bot/v1.4.8; http://mj12bot.com/)"
20.99.155.199 - - [15/Dec/2021:07:18:22 +0100] "GET /images/big_prod/3612875124827.jpg HTTP/1.0" 200 268 "-" "Mozilla/5.0 (Macintosh; U; PPC Mac OS X 10.5; en-US; rv:1.9.2.15) Gecko/20110303 Firefox/3.6.15"
85.10.207.195 - - [15/Dec/2021:07:18:21 +0100] "GET /beer-how-to-order-poster-p-32262.html HTTP/1.0" 301 70800 "-" "Mozilla/5.0 (compatible; MJ12bot/v1.4.8; http://mj12bot.com/)"
185.191.171.19 - - [15/Dec/2021:07:18:23 +0100] "GET /plush-keel-toys-giraffe-p-50303.html HTTP/1.0" 200 70699 "-" "Mozilla/5.0 (compatible; SemrushBot/7~bl; +http://www.semrush.com/bot.html)"
85.10.207.195 - - [15/Dec/2021:07:18:25 +0100] "GET /beer-order-poster-p-32262.html HTTP/1.0" 200 70716 "-" "Mozilla/5.0 (compatible; MJ12bot/v1.4.8; http://mj12bot.com/)"
85.10.207.195 - - [15/Dec/2021:07:18:32 +0100] "GET /beer-large-metal-plate-deco-p-34319.html HTTP/1.0" 200 73310 "-" "Mozilla/5.0 (compatible; MJ12bot/v1.4.8; http://mj12bot.com/)"
85.10.207.195 - - [15/Dec/2021:07:18:42 +0100] "GET /beer-order-poster-p-32262.html HTTP/1.0" 200 70716 "-" "Mozilla/5.0 (compatible; MJ12bot/v1.4.8; http://mj12bot.com/)"
114.119.128.34 - - [15/Dec/2021:07:18:51 +0100] "GET /fina-metal-can-money-box-p-52953.html HTTP/1.0" 301 70766 "-" "Mozilla/5.0 (Linux; Android 7.0;) AppleWebKit/537.36 (KHTML, like Gecko) Mobile Safari/537.36 (compatible; PetalBot;+https://webmaster.petalsearch.com/site/petalbot)"
85.10.207.195 - - [15/Dec/2021:07:18:51 +0100] "GET /beige-bunny-plush-28-cm-p-25884.html HTTP/1.0" 301 70767 "-" "Mozilla/5.0 (compatible; MJ12bot/v1.4.8; http://mj12bot.com/)"
114.119.128.34 - - [15/Dec/2021:07:18:52 +0100] "GET /fina-metal-money-p-52953.html HTTP/1.0" 200 70683 "-" "Mozilla/5.0 (Linux; Android 7.0;) AppleWebKit/537.36 (KHTML, like Gecko) Mobile Safari/537.36 (compatible; PetalBot;+https://webmaster.petalsearch.com/site/petalbot)"
185.191.171.42 - - [15/Dec/2021:07:18:55 +0100] "GET /-p-50997.html?action=add_product HTTP/1.0" 302 476 "-" "Mozilla/5.0 (compatible; SemrushBot/7~bl; +http://www.semrush.com/bot.html)"
85.10.207.195 - - [15/Dec/2021:07:18:57 +0100] "GET /beige-bunny-plush-p-25884.html HTTP/1.0" 200 70683 "-" "Mozilla/5.0 (compatible; MJ12bot/v1.4.8; http://mj12bot.com/)"
17.121.115.103 - - [15/Dec/2021:07:19:03 +0100] "GET /-p-34635.html HTTP/1.0" 200 70613 "-" "Mozilla/5.0 (Macintosh; Intel Mac OS X 10_15_5) AppleWebKit/605.1.15 (KHTML, like Gecko) Version/13.1.1 Safari/605.1.15 (Applebot/0.1; +http://www.apple.com/go/applebot)"
85.10.207.195 - - [15/Dec/2021:07:19:03 +0100] "GET /beige-bunny-plush-p-25884.html HTTP/1.0" 200 70683 "-" "Mozilla/5.0 (compatible; MJ12bot/v1.4.8; http://mj12bot.com/)"
157.55.39.228 - - [15/Dec/2021:07:19:10 +0100] "GET /images/mini_prod/8720088291092.jpg HTTP/1.0" 200 269 "-" "Mozilla/5.0 (compatible; bingbot/2.0; +http://www.bing.com/bingbot.htm)"
85.10.207.195 - - [15/Dec/2021:07:19:14 +0100] "GET /beige-elephant-and-her-baby-decorative-statue-p-36447.html HTTP/1.0" 301 73581 "-" "Mozilla/5.0 (compatible; MJ12bot/v1.4.8; http://mj12bot.com/)"
85.10.207.195 - - [15/Dec/2021:07:19:18 +0100] "GET /beige-elephant-baby-decorative-statue-p-36447.html HTTP/1.0" 200 73477 "-" "Mozilla/5.0 (compatible; MJ12bot/v1.4.8; http://mj12bot.com/)"
85.10.207.195 - - [15/Dec/2021:07:19:23 +0100] "GET /belle-and-the-beast-the-ball-figurine-collection-p-18001.html HTTP/1.0" 301 73576 "-" "Mozilla/5.0 (compatible; MJ12bot/v1.4.8; http://mj12bot.com/)"
157.55.39.125 - - [15/Dec/2021:07:19:27 +0100] "GET /images/mini_prod/3700572739427.jpg HTTP/1.0" 200 269 "-" "Mozilla/5.0 (compatible; bingbot/2.0; +http://www.bing.com/bingbot.htm)"
185.191.171.21 - - [15/Dec/2021:07:19:26 +0100] "GET /tealight-holders-and-candle-holders-c-231_230.html?page=2 HTTP/1.0" 301 93515 "-" "Mozilla/5.0 (compatible; SemrushBot/7~bl; +http://www.semrush.com/bot.html)"
185.191.171.23 - - [15/Dec/2021:07:19:29 +0100] "GET /tealight-holders-candle-holders-c-230.html?page=2 HTTP/1.0" 301 93384 "-" "Mozilla/5.0 (compatible; SemrushBot/7~bl; +http://www.semrush.com/bot.html)"
85.10.207.195 - - [15/Dec/2021:07:19:29 +0100] "GET /belle-beast-ball-figurine-collection-p-18001.html HTTP/1.0" 200 73473 "-" "Mozilla/5.0 (compatible; MJ12bot/v1.4.8; http://mj12bot.com/)"
185.191.171.38 - - [15/Dec/2021:07:19:32 +0100] "GET /tealight-holders-candle-holders-c-231_230.html?page=2 HTTP/1.0" 200 93412 "-" "Mozilla/5.0 (compatible; SemrushBot/7~bl; +http://www.semrush.com/bot.html)"
85.10.207.195 - - [15/Dec/2021:07:19:37 +0100] "GET /belle-wedding-disney-showcase-haute-couture-figurine-p-29827.html HTTP/1.0" 301 70680 "-" "Mozilla/5.0 (compatible; MJ12bot/v1.4.8; http://mj12bot.com/)"
85.10.207.195 - - [15/Dec/2021:07:19:41 +0100] "GET /-p-29827.html HTTP/1.0" 200 70613 "-" "Mozilla/5.0 (compatible; MJ12bot/v1.4.8; http://mj12bot.com/)"
85.10.207.195 - - [15/Dec/2021:07:19:48 +0100] "GET /ben-10-poncho-towel-p-5729.html HTTP/1.0" 301 73410 "-" "Mozilla/5.0 (compatible; MJ12bot/v1.4.8; http://mj12bot.com/)"
54.36.148.243 - - [15/Dec/2021:07:19:48 +0100] "GET /coasters-mandala-p-50119.html HTTP/1.0" 200 73171 "-" "Mozilla/5.0 (compatible; AhrefsBot/7.0; +http://ahrefs.com/robot/)"
85.10.207.195 - - [15/Dec/2021:07:19:53 +0100] "GET /poncho-towel-p-5729.html HTTP/1.0" 200 73332 "-" "Mozilla/5.0 (compatible; MJ12bot/v1.4.8; http://mj12bot.com/)"
85.10.207.195 - - [15/Dec/2021:07:20:05 +0100] "GET /best-summer-mono-wooden-hook-p-37236.html HTTP/1.0" 200 73404 "-" "Mozilla/5.0 (compatible; MJ12bot/v1.4.8; http://mj12bot.com/)"
85.10.207.195 - - [15/Dec/2021:07:20:11 +0100] "GET /betty-boop-large-sticker-p-2981.html HTTP/1.0" 200 73235 "-" "Mozilla/5.0 (compatible; MJ12bot/v1.4.8; http://mj12bot.com/)"
85.10.207.195 - - [15/Dec/2021:07:20:15 +0100] "GET /bird-wall-decoration-p-42003.html HTTP/1.0" 200 73310 "-" "Mozilla/5.0 (compatible; MJ12bot/v1.4.8; http://mj12bot.com/)"
85.10.207.195 - - [15/Dec/2021:07:20:20 +0100] "GET /black-charm-ball-p-54937.html HTTP/1.0" 200 74276 "-" "Mozilla/5.0 (compatible; MJ12bot/v1.4.8; http://mj12bot.com/)"
85.10.207.195 - - [15/Dec/2021:07:20:25 +0100] "GET /black-horse-moneybox-p-25021.html HTTP/1.0" 200 73840 "-" "Mozilla/5.0 (compatible; MJ12bot/v1.4.8; http://mj12bot.com/)"
185.191.171.23 - - [15/Dec/2021:07:20:26 +0100] "GET /figurine-caricature-polyrsine-baker-p-48690.html?action=add_product HTTP/1.0" 302 476 "-" "Mozilla/5.0 (compatible; SemrushBot/7~bl; +http://www.semrush.com/bot.html)"
85.10.207.195 - - [15/Dec/2021:07:20:30 +0100] "GET /black-metal-wall-mandala-60-cm-p-46794.html HTTP/1.0" 301 70833 "-" "Mozilla/5.0 (compatible; MJ12bot/v1.4.8; http://mj12bot.com/)"
85.10.207.195 - - [15/Dec/2021:07:20:34 +0100] "GET /black-metal-wall-mandala-p-46794.html HTTP/1.0" 200 70742 "-" "Mozilla/5.0 (compatible; MJ12bot/v1.4.8; http://mj12bot.com/)"
216.244.66.242 - - [15/Dec/2021:07:20:38 +0100] "GET /pencil-c-129_183.html?page=4 HTTP/1.0" 200 84110 "-" "Mozilla/5.0 (compatible; DotBot/1.2; +https://opensiteexplorer.org/dotbot; help@moz.com)"
85.10.207.195 - - [15/Dec/2021:07:20:39 +0100] "GET /black-metal-wall-mandala-p-46794.html HTTP/1.0" 200 70742 "-" "Mozilla/5.0 (compatible; MJ12bot/v1.4.8; http://mj12bot.com/)"
114.119.128.40 - - [15/Dec/2021:07:20:41 +0100] "GET /paris-cotton-adult-apron-p-41605.html HTTP/1.0" 200 73237 "-" "Mozilla/5.0 (Linux; Android 7.0;) AppleWebKit/537.36 (KHTML, like Gecko) Mobile Safari/537.36 (compatible; PetalBot;+https://webmaster.petalsearch.com/site/petalbot)"
85.10.207.195 - - [15/Dec/2021:07:20:43 +0100] "GET /black-old-scooter-clock-p-46084.html HTTP/1.0" 301 74185 "-" "Mozilla/5.0 (compatible; MJ12bot/v1.4.8; http://mj12bot.com/)"
85.10.207.195 - - [15/Dec/2021:07:20:48 +0100] "GET /black-scooter-clock-p-46084.html HTTP/1.0" 200 74099 "-" "Mozilla/5.0 (compatible; MJ12bot/v1.4.8; http://mj12bot.com/)"
85.10.207.195 - - [15/Dec/2021:07:20:52 +0100] "GET /black-scooter-clock-p-46084.html HTTP/1.0" 200 74099 "-" "Mozilla/5.0 (compatible; MJ12bot/v1.4.8; http://mj12bot.com/)"
85.10.207.195 - - [15/Dec/2021:07:20:56 +0100] "GET /blue-and-gold-owl-statuette-10-cm-p-38553.html HTTP/1.0" 301 70793 "-" "Mozilla/5.0 (compatible; MJ12bot/v1.4.8; http://mj12bot.com/)"
157.55.39.125 - - [15/Dec/2021:07:20:58 +0100] "GET /carlin-british-mouse-cbkreation-p-20740.html HTTP/1.0" 200 73345 "-" "Mozilla/5.0 (compatible; bingbot/2.0; +http://www.bing.com/bingbot.htm)"
85.10.207.195 - - [15/Dec/2021:07:21:00 +0100] "GET /blue-gold-statuette-p-38553.html HTTP/1.0" 200 70707 "-" "Mozilla/5.0 (compatible; MJ12bot/v1.4.8; http://mj12bot.com/)"
85.10.207.195 - - [15/Dec/2021:07:21:04 +0100] "GET /blue-dragon-money-p-54838.html HTTP/1.0" 200 73285 "-" "Mozilla/5.0 (compatible; MJ12bot/v1.4.8; http://mj12bot.com/)"
85.10.207.195 - - [15/Dec/2021:07:21:08 +0100] "GET /blue-gold-statuette-p-38553.html HTTP/1.0" 200 70707 "-" "Mozilla/5.0 (compatible; MJ12bot/v1.4.8; http://mj12bot.com/)"
20.99.156.92 - - [15/Dec/2021:07:21:12 +0100] "GET /images/1399984254875.jpg HTTP/1.0" 200 259 "-" "Mozilla/5.0 (Windows NT 10.0; WOW64) AppleWebKit/537.36 (KHTML, like Gecko) Chrome/67.0.3396.99 Safari/537.36"
85.10.207.195 - - [15/Dec/2021:07:21:12 +0100] "GET /blue-old-phone-clock-p-46082.html HTTP/1.0" 301 70758 "-" "Mozilla/5.0 (compatible; MJ12bot/v1.4.8; http://mj12bot.com/)"
85.10.207.195 - - [15/Dec/2021:07:21:16 +0100] "GET /blue-phone-clock-p-46082.html HTTP/1.0" 200 70675 "-" "Mozilla/5.0 (compatible; MJ12bot/v1.4.8; http://mj12bot.com/)"
185.191.171.45 - - [15/Dec/2021:07:21:19 +0100] "GET /hanging-board-vintage-motard-deco-born-to-ride-34-cm-p-49492.html HTTP/1.0" 301 73628 "-" "Mozilla/5.0 (compatible; SemrushBot/7~bl; +http://www.semrush.com/bot.html)"
85.10.207.195 - - [15/Dec/2021:07:21:19 +0100] "GET /blue-phone-clock-p-46082.html HTTP/1.0" 200 70675 "-" "Mozilla/5.0 (compatible; MJ12bot/v1.4.8; http://mj12bot.com/)"
185.191.171.38 - - [15/Dec/2021:07:21:22 +0100] "GET /hanging-board-vintage-motard-deco-born-ride-p-49492.html HTTP/1.0" 200 73518 "-" "Mozilla/5.0 (compatible; SemrushBot/7~bl; +http://www.semrush.com/bot.html)"
85.10.207.195 - - [15/Dec/2021:07:21:25 +0100] "GET /blue-wooden-surfboard-clock-50-cm-p-42047.html HTTP/1.0" 301 70680 "-" "Mozilla/5.0 (compatible; MJ12bot/v1.4.8; http://mj12bot.com/)"
85.10.207.195 - - [15/Dec/2021:07:21:28 +0100] "GET /-p-42047.html HTTP/1.0" 200 70613 "-" "Mozilla/5.0 (compatible; MJ12bot/v1.4.8; http://mj12bot.com/)"
85.10.207.195 - - [15/Dec/2021:07:21:33 +0100] "GET /bmw-large-box-p-40275.html HTTP/1.0" 301 73372 "-" "Mozilla/5.0 (compatible; MJ12bot/v1.4.8; http://mj12bot.com/)"
85.10.207.195 - - [15/Dec/2021:07:21:36 +0100] "GET /large-p-40275.html HTTP/1.0" 200 73300 "-" "Mozilla/5.0 (compatible; MJ12bot/v1.4.8; http://mj12bot.com/)"
85.10.207.195 - - [15/Dec/2021:07:21:39 +0100] "GET /bmw-metal-plate-20-15-cm-p-37169.html HTTP/1.0" 301 73343 "-" "Mozilla/5.0 (compatible; MJ12bot/v1.4.8; http://mj12bot.com/)"
85.10.207.195 - - [15/Dec/2021:07:21:43 +0100] "GET /metal-plate-p-37169.html HTTP/1.0" 200 73265 "-" "Mozilla/5.0 (compatible; MJ12bot/v1.4.8; http://mj12bot.com/)"
85.10.207.195 - - [15/Dec/2021:07:21:47 +0100] "GET /bob-langrish-horse-waterfall-poster-p-22648.html HTTP/1.0" 301 70869 "-" "Mozilla/5.0 (compatible; MJ12bot/v1.4.8; http://mj12bot.com/)"
144.202.100.211 - - [15/Dec/2021:07:21:50 +0100] "GET /images/mini_prod/5415203621801.jpg HTTP/1.0" 200 269 "-" "Mozilla/5.0 (X11; Ubuntu; Linux x86_64; rv:72.0) Gecko/20100101 Firefox/72.0"
85.10.207.195 - - [15/Dec/2021:07:21:50 +0100] "GET /langrish-horse-waterfall-poster-p-22648.html HTTP/1.0" 200 70771 "-" "Mozilla/5.0 (compatible; MJ12bot/v1.4.8; http://mj12bot.com/)"
85.10.207.195 - - [15/Dec/2021:07:21:54 +0100] "GET /bob-marley-legendary-poster-p-15735.html HTTP/1.0" 301 70821 "-" "Mozilla/5.0 (compatible; MJ12bot/v1.4.8; http://mj12bot.com/)"
104.244.72.247 - - [15/Dec/2021:07:21:55 +0100] "GET /contact_us.php HTTP/1.0" 200 26241 "http://www.wonder-geek.com/contact_us.php" "Mozilla/5.0 (Windows NT 10.0) AppleWebKit/537.36 (KHTML, like Gecko) Chrome/90.0.4430.85 Safari/537.36 Edg/90.0.818.46"
104.244.72.247 - - [15/Dec/2021:07:21:57 +0100] "POST /contact_us.php?action=send HTTP/1.0" 200 26452 "http://www.wonder-geek.com/contact_us.php" "Mozilla/5.0 (Windows NT 10.0) AppleWebKit/537.36 (KHTML, like Gecko) Chrome/90.0.4430.85 Safari/537.36 Edg/90.0.818.46"
104.244.72.247 - - [15/Dec/2021:07:21:57 +0100] "GET /contact_us.php HTTP/1.0" 200 26241 "http://www.wonder-geek.com/contact_us.php" "Mozilla/5.0 (Windows NT 10.0) AppleWebKit/537.36 (KHTML, like Gecko) Chrome/90.0.4430.85 Safari/537.36 Edg/90.0.818.46"
85.10.207.195 - - [15/Dec/2021:07:21:58 +0100] "GET /marley-legendary-poster-p-15735.html HTTP/1.0" 200 70731 "-" "Mozilla/5.0 (compatible; MJ12bot/v1.4.8; http://mj12bot.com/)"
85.10.207.195 - - [15/Dec/2021:07:22:01 +0100] "GET /bob-marley-yellow-alarm-clock-p-14119.html HTTP/1.0" 301 73426 "-" "Mozilla/5.0 (compatible; MJ12bot/v1.4.8; http://mj12bot.com/)"
85.10.207.195 - - [15/Dec/2021:07:22:04 +0100] "GET /marley-yellow-alarm-clock-p-14119.html HTTP/1.0" 200 73334 "-" "Mozilla/5.0 (compatible; MJ12bot/v1.4.8; http://mj12bot.com/)"
185.191.171.17 - - [15/Dec/2021:07:22:05 +0100] "GET /love-personnalized-ipad-pink-shell-p-17685.html?action=add_product HTTP/1.0" 302 476 "-" "Mozilla/5.0 (compatible; SemrushBot/7~bl; +http://www.semrush.com/bot.html)"
185.191.171.3 - - [15/Dec/2021:07:22:07 +0100] "GET /memory-bolster-p-47975.html?action=add_product HTTP/1.0" 302 476 "-" "Mozilla/5.0 (compatible; SemrushBot/7~bl; +http://www.semrush.com/bot.html)"
85.10.207.195 - - [15/Dec/2021:07:22:08 +0100] "GET /box-in-hammered-brass-and-engraved-glass-75-65-45-cm-p-46782.html HTTP/1.0" 301 70879 "-" "Mozilla/5.0 (compatible; MJ12bot/v1.4.8; http://mj12bot.com/)"
85.10.207.195 - - [15/Dec/2021:07:22:11 +0100] "GET /hammered-brass-engraved-glass-p-46782.html HTTP/1.0" 200 70783 "-" "Mozilla/5.0 (compatible; MJ12bot/v1.4.8; http://mj12bot.com/)"
85.10.207.195 - - [15/Dec/2021:07:22:14 +0100] "GET /boxes-and-storage-box-c-13_150.html?page=12 HTTP/1.0" 301 94930 "-" "Mozilla/5.0 (compatible; MJ12bot/v1.4.8; http://mj12bot.com/)"
85.10.207.195 - - [15/Dec/2021:07:22:17 +0100] "GET /boxes-storage-c-150.html?page=12 HTTP/1.0" 301 94810 "-" "Mozilla/5.0 (compatible; MJ12bot/v1.4.8; http://mj12bot.com/)"
85.10.207.195 - - [15/Dec/2021:07:22:21 +0100] "GET /boxes-storage-c-13_150.html?page=12 HTTP/1.0" 200 94844 "-" "Mozilla/5.0 (compatible; MJ12bot/v1.4.8; http://mj12bot.com/)"
54.36.148.243 - - [15/Dec/2021:07:22:22 +0100] "GET /collectible-figurines-decorative-c-13_135.html?page=52 HTTP/1.0" 200 97110 "-" "Mozilla/5.0 (compatible; AhrefsBot/7.0; +http://ahrefs.com/robot/)"
114.119.128.37 - - [15/Dec/2021:07:22:23 +0100] "GET /decorative-door-sticker-p-51536.html HTTP/1.0" 200 74067 "-" "Mozilla/5.0 (Linux; Android 7.0;) AppleWebKit/537.36 (KHTML, like Gecko) Mobile Safari/537.36 (compatible; PetalBot;+https://webmaster.petalsearch.com/site/petalbot)"
85.10.207.195 - - [15/Dec/2021:07:22:26 +0100] "GET /boxes-and-storage-box-c-13_150.html?page=13 HTTP/1.0" 301 94185 "-" "Mozilla/5.0 (compatible; MJ12bot/v1.4.8; http://mj12bot.com/)"
93.158.131.163 - - [15/Dec/2021:07:22:31 +0100] "GET /images/1399984255544.jpg HTTP/1.0" 200 259 "-" "Mozilla/5.0 (compatible; YandexImageResizer/2.0; +http://yandex.com/bots)"
85.10.207.195 - - [15/Dec/2021:07:22:30 +0100] "GET /boxes-storage-c-150.html?page=13 HTTP/1.0" 301 94065 "-" "Mozilla/5.0 (compatible; MJ12bot/v1.4.8; http://mj12bot.com/)"
85.10.207.195 - - [15/Dec/2021:07:22:32 +0100] "GET /boxes-storage-c-13_150.html?page=13 HTTP/1.0" 200 94099 "-" "Mozilla/5.0 (compatible; MJ12bot/v1.4.8; http://mj12bot.com/)"
85.10.207.195 - - [15/Dec/2021:07:22:40 +0100] "GET /boxes-and-storage-box-c-13_150.html?page=14 HTTP/1.0" 301 94367 "-" "Mozilla/5.0 (compatible; MJ12bot/v1.4.8; http://mj12bot.com/)"
85.10.207.195 - - [15/Dec/2021:07:22:45 +0100] "GET /boxes-storage-c-150.html?page=14 HTTP/1.0" 301 94247 "-" "Mozilla/5.0 (compatible; MJ12bot/v1.4.8; http://mj12bot.com/)"
155.138.175.238 - - [15/Dec/2021:07:22:50 +0100] "GET /images/mini_prod/8718375751152.jpg HTTP/1.0" 200 269 "-" "Mozilla/5.0 (X11; Ubuntu; Linux x86_64; rv:72.0) Gecko/20100101 Firefox/72.0"
85.10.207.195 - - [15/Dec/2021:07:22:50 +0100] "GET /boxes-storage-c-13_150.html?page=14 HTTP/1.0" 200 94281 "-" "Mozilla/5.0 (compatible; MJ12bot/v1.4.8; http://mj12bot.com/)"
85.10.207.195 - - [15/Dec/2021:07:22:57 +0100] "GET /boxes-and-storage-box-c-13_150.html?page=15 HTTP/1.0" 301 94563 "-" "Mozilla/5.0 (compatible; MJ12bot/v1.4.8; http://mj12bot.com/)"
85.10.207.195 - - [15/Dec/2021:07:23:03 +0100] "GET /boxes-storage-c-150.html?page=15 HTTP/1.0" 301 94443 "-" "Mozilla/5.0 (compatible; MJ12bot/v1.4.8; http://mj12bot.com/)"
85.10.207.195 - - [15/Dec/2021:07:23:10 +0100] "GET /boxes-storage-c-13_150.html?page=15 HTTP/1.0" 200 94477 "-" "Mozilla/5.0 (compatible; MJ12bot/v1.4.8; http://mj12bot.com/)"
85.10.207.195 - - [15/Dec/2021:07:23:18 +0100] "GET /boxes-and-storage-box-c-13_150.html?page=16 HTTP/1.0" 301 94411 "-" "Mozilla/5.0 (compatible; MJ12bot/v1.4.8; http://mj12bot.com/)"
85.10.207.195 - - [15/Dec/2021:07:23:25 +0100] "GET /boxes-storage-c-150.html?page=16 HTTP/1.0" 301 94291 "-" "Mozilla/5.0 (compatible; MJ12bot/v1.4.8; http://mj12bot.com/)"
85.10.207.195 - - [15/Dec/2021:07:23:29 +0100] "GET /boxes-storage-c-13_150.html?page=16 HTTP/1.0" 200 94325 "-" "Mozilla/5.0 (compatible; MJ12bot/v1.4.8; http://mj12bot.com/)"
85.10.207.195 - - [15/Dec/2021:07:23:39 +0100] "GET /boxes-and-storage-box-c-13_150.html?page=17 HTTP/1.0" 301 94660 "-" "Mozilla/5.0 (compatible; MJ12bot/v1.4.8; http://mj12bot.com/)"
85.10.207.195 - - [15/Dec/2021:07:23:45 +0100] "GET /boxes-storage-c-150.html?page=17 HTTP/1.0" 301 94540 "-" "Mozilla/5.0 (compatible; MJ12bot/v1.4.8; http://mj12bot.com/)"
85.10.207.195 - - [15/Dec/2021:07:23:50 +0100] "GET /boxes-storage-c-13_150.html?page=17 HTTP/1.0" 200 94574 "-" "Mozilla/5.0 (compatible; MJ12bot/v1.4.8; http://mj12bot.com/)"
185.191.171.34 - - [15/Dec/2021:07:23:51 +0100] "GET /wooden-tray-with-handles-p-49701.html HTTP/1.0" 200 73427 "-" "Mozilla/5.0 (compatible; SemrushBot/7~bl; +http://www.semrush.com/bot.html)"
85.10.207.195 - - [15/Dec/2021:07:23:56 +0100] "GET /boxes-and-storage-box-c-13_150.html?page=18 HTTP/1.0" 301 94574 "-" "Mozilla/5.0 (compatible; MJ12bot/v1.4.8; http://mj12bot.com/)"
85.10.207.195 - - [15/Dec/2021:07:24:03 +0100] "GET /boxes-storage-c-150.html?page=18 HTTP/1.0" 301 94454 "-" "Mozilla/5.0 (compatible; MJ12bot/v1.4.8; http://mj12bot.com/)"
85.10.207.195 - - [15/Dec/2021:07:24:07 +0100] "GET /boxes-storage-c-13_150.html?page=18 HTTP/1.0" 200 94488 "-" "Mozilla/5.0 (compatible; MJ12bot/v1.4.8; http://mj12bot.com/)"
185.191.171.9 - - [15/Dec/2021:07:24:13 +0100] "GET /star-wars-rebels-stickers-p-31214.html HTTP/1.0" 200 73324 "-" "Mozilla/5.0 (compatible; SemrushBot/7~bl; +http://www.semrush.com/bot.html)"
85.10.207.195 - - [15/Dec/2021:07:24:14 +0100] "GET /boxes-and-storage-box-c-13_150.html?page=19 HTTP/1.0" 301 94800 "-" "Mozilla/5.0 (compatible; MJ12bot/v1.4.8; http://mj12bot.com/)"
85.10.207.195 - - [15/Dec/2021:07:24:20 +0100] "GET /boxes-storage-c-150.html?page=19 HTTP/1.0" 301 94680 "-" "Mozilla/5.0 (compatible; MJ12bot/v1.4.8; http://mj12bot.com/)"
85.10.207.195 - - [15/Dec/2021:07:24:25 +0100] "GET /boxes-storage-c-13_150.html?page=19 HTTP/1.0" 200 94714 "-" "Mozilla/5.0 (compatible; MJ12bot/v1.4.8; http://mj12bot.com/)"
185.191.171.24 - - [15/Dec/2021:07:24:26 +0100] "GET /wall-decoration-music-p-51025.html?action=add_product HTTP/1.0" 302 476 "-" "Mozilla/5.0 (compatible; SemrushBot/7~bl; +http://www.semrush.com/bot.html)"
85.10.207.195 - - [15/Dec/2021:07:24:30 +0100] "GET /boxes-and-storage-box-c-13_150.html?page=22 HTTP/1.0" 301 92951 "-" "Mozilla/5.0 (compatible; MJ12bot/v1.4.8; http://mj12bot.com/)"
85.10.207.195 - - [15/Dec/2021:07:24:39 +0100] "GET /boxes-storage-c-150.html?page=22 HTTP/1.0" 301 92831 "-" "Mozilla/5.0 (compatible; MJ12bot/v1.4.8; http://mj12bot.com/)"
85.10.207.195 - - [15/Dec/2021:07:24:44 +0100] "GET /boxes-storage-c-13_150.html?page=22 HTTP/1.0" 200 92865 "-" "Mozilla/5.0 (compatible; MJ12bot/v1.4.8; http://mj12bot.com/)"
54.36.148.243 - - [15/Dec/2021:07:24:50 +0100] "GET /collectible-figurines-decorative-c-13_135.html?page=56 HTTP/1.0" 200 96938 "-" "Mozilla/5.0 (compatible; AhrefsBot/7.0; +http://ahrefs.com/robot/)"
85.10.207.195 - - [15/Dec/2021:07:24:51 +0100] "GET /boxes-storage-c-13_150.html?page=12 HTTP/1.0" 200 94844 "-" "Mozilla/5.0 (compatible; MJ12bot/v1.4.8; http://mj12bot.com/)"
216.244.66.242 - - [15/Dec/2021:07:24:54 +0100] "GET /decorative-thermometer-metal-gendarme-p-47086.html HTTP/1.0" 200 73467 "-" "Mozilla/5.0 (compatible; DotBot/1.2; +https://opensiteexplorer.org/dotbot; help@moz.com)"
85.10.207.195 - - [15/Dec/2021:07:24:56 +0100] "GET /boxes-storage-c-13_150.html?page=13 HTTP/1.0" 200 94099 "-" "Mozilla/5.0 (compatible; MJ12bot/v1.4.8; http://mj12bot.com/)"
216.244.66.242 - - [15/Dec/2021:07:25:02 +0100] "GET /images/7601019993036.jpg HTTP/1.0" 200 259 "-" "Mozilla/5.0 (compatible; DotBot/1.2; +https://opensiteexplorer.org/dotbot; help@moz.com)"
85.10.207.195 - - [15/Dec/2021:07:25:03 +0100] "GET /boxes-storage-c-13_150.html?page=14 HTTP/1.0" 200 94281 "-" "Mozilla/5.0 (compatible; MJ12bot/v1.4.8; http://mj12bot.com/)"
216.244.66.242 - - [15/Dec/2021:07:25:07 +0100] "GET /white-sage-california-incense-p-48492.html HTTP/1.0" 200 73319 "-" "Mozilla/5.0 (compatible; DotBot/1.2; +https://opensiteexplorer.org/dotbot; help@moz.com)"
85.10.207.195 - - [15/Dec/2021:07:25:11 +0100] "GET /boxes-storage-c-13_150.html?page=15 HTTP/1.0" 200 94477 "-" "Mozilla/5.0 (compatible; MJ12bot/v1.4.8; http://mj12bot.com/)"
85.10.207.195 - - [15/Dec/2021:07:25:18 +0100] "GET /boxes-storage-c-13_150.html?page=16 HTTP/1.0" 200 94325 "-" "Mozilla/5.0 (compatible; MJ12bot/v1.4.8; http://mj12bot.com/)"
85.10.207.195 - - [15/Dec/2021:07:25:25 +0100] "GET /boxes-storage-c-13_150.html?page=17 HTTP/1.0" 200 94574 "-" "Mozilla/5.0 (compatible; MJ12bot/v1.4.8; http://mj12bot.com/)"
85.10.207.195 - - [15/Dec/2021:07:25:33 +0100] "GET /boxes-storage-c-13_150.html?page=18 HTTP/1.0" 200 94488 "-" "Mozilla/5.0 (compatible; MJ12bot/v1.4.8; http://mj12bot.com/)"
85.10.207.195 - - [15/Dec/2021:07:25:40 +0100] "GET /boxes-storage-c-13_150.html?page=19 HTTP/1.0" 200 94714 "-" "Mozilla/5.0 (compatible; MJ12bot/v1.4.8; http://mj12bot.com/)"
85.10.207.195 - - [15/Dec/2021:07:25:45 +0100] "GET /boxes-storage-c-13_150.html?page=22 HTTP/1.0" 200 92865 "-" "Mozilla/5.0 (compatible; MJ12bot/v1.4.8; http://mj12bot.com/)"
