185.191.171.8 - - [15/Dec/2021:10:43:26 +0100] "GET /winter-wonders-eeyore-christmas-figurine-p-57020.html HTTP/1.0" 200 74504 "-" "Mozilla/5.0 (compatible; SemrushBot/7~bl; +http://www.semrush.com/bot.html)"
185.191.171.19 - - [15/Dec/2021:10:44:04 +0100] "GET /liberty-russian-doll-samsung-galaxy-note-phone-cover-cbkreation-p-18538.html?action=add_product HTTP/1.0" 302 476 "-" "Mozilla/5.0 (compatible; SemrushBot/7~bl; +http://www.semrush.com/bot.html)"
185.191.171.7 - - [15/Dec/2021:10:44:15 +0100] "GET /sweet-lily-fine-bone-china-p-55473.html HTTP/1.0" 200 73418 "-" "Mozilla/5.0 (compatible; SemrushBot/7~bl; +http://www.semrush.com/bot.html)"
157.55.39.125 - - [15/Dec/2021:10:45:27 +0100] "GET /trays-medium-size-c-12_159_265.html HTTP/1.0" 200 90799 "-" "Mozilla/5.0 (compatible; bingbot/2.0; +http://www.bing.com/bingbot.htm)"
157.55.39.228 - - [15/Dec/2021:10:45:52 +0100] "GET /skull-grey-leather-bracelet-p-38477.html HTTP/1.0" 200 73268 "-" "Mozilla/5.0 (compatible; bingbot/2.0; +http://www.bing.com/bingbot.htm)"
185.191.171.37 - - [15/Dec/2021:10:45:56 +0100] "GET /cotton-floor-cushion-rouge-p-51074.html?action=add_product HTTP/1.0" 302 476 "-" "Mozilla/5.0 (compatible; SemrushBot/7~bl; +http://www.semrush.com/bot.html)"
54.36.148.243 - - [15/Dec/2021:10:46:06 +0100] "GET /fragrance-sachet-dawn-mist-p-40562.html HTTP/1.0" 200 73955 "-" "Mozilla/5.0 (compatible; AhrefsBot/7.0; +http://ahrefs.com/robot/)"
185.191.171.33 - - [15/Dec/2021:10:46:07 +0100] "GET /doormats-and-entrance-carpets-c-11_266.html?page=1 HTTP/1.0" 301 91251 "-" "Mozilla/5.0 (compatible; SemrushBot/7~bl; +http://www.semrush.com/bot.html)"
185.191.171.20 - - [15/Dec/2021:10:46:11 +0100] "GET /doormats-entrance-carpets-c-266.html?page=1 HTTP/1.0" 301 91168 "-" "Mozilla/5.0 (compatible; SemrushBot/7~bl; +http://www.semrush.com/bot.html)"
185.191.171.36 - - [15/Dec/2021:10:46:14 +0100] "GET /doormats-entrance-carpets-c-11_269_266.html?page=1 HTTP/1.0" 200 91291 "-" "Mozilla/5.0 (compatible; SemrushBot/7~bl; +http://www.semrush.com/bot.html)"
185.191.171.14 - - [15/Dec/2021:10:47:05 +0100] "GET /cement-tile-stickers-p-50327.html?action=add_product HTTP/1.0" 302 476 "-" "Mozilla/5.0 (compatible; SemrushBot/7~bl; +http://www.semrush.com/bot.html)"
157.55.39.125 - - [15/Dec/2021:10:47:07 +0100] "GET /images/DSCN4698.jpg HTTP/1.0" 200 254 "-" "Mozilla/5.0 (compatible; bingbot/2.0; +http://www.bing.com/bingbot.htm)"
207.46.13.52 - - [15/Dec/2021:10:47:17 +0100] "GET /images/big_prod/8719497611911.jpg HTTP/1.0" 200 268 "-" "Mozilla/5.0 (compatible; bingbot/2.0; +http://www.bing.com/bingbot.htm)"
185.191.171.20 - - [15/Dec/2021:10:47:48 +0100] "GET /carpet-p-56010.html HTTP/1.0" 200 73933 "-" "Mozilla/5.0 (compatible; SemrushBot/7~bl; +http://www.semrush.com/bot.html)"
185.191.171.37 - - [15/Dec/2021:10:47:57 +0100] "GET /louise-flower-p-51547.html HTTP/1.0" 200 70663 "-" "Mozilla/5.0 (compatible; SemrushBot/7~bl; +http://www.semrush.com/bot.html)"
185.191.171.43 - - [15/Dec/2021:10:48:00 +0100] "GET /black-piggy-bank-p-54797.html HTTP/1.0" 200 73286 "-" "Mozilla/5.0 (compatible; SemrushBot/7~bl; +http://www.semrush.com/bot.html)"
157.55.39.223 - - [15/Dec/2021:10:48:04 +0100] "GET /images/big_prod_2/8424345932369C.jpg HTTP/1.0" 200 271 "-" "Mozilla/5.0 (compatible; bingbot/2.0; +http://www.bing.com/bingbot.htm)"
185.191.171.8 - - [15/Dec/2021:10:48:28 +0100] "GET /-p-48120.html?action=add_product HTTP/1.0" 302 476 "-" "Mozilla/5.0 (compatible; SemrushBot/7~bl; +http://www.semrush.com/bot.html)"
40.77.167.66 - - [15/Dec/2021:10:48:40 +0100] "GET /images/med_prod/b8422535846281.jpg HTTP/1.0" 200 269 "-" "Mozilla/5.0 (compatible; bingbot/2.0; +http://www.bing.com/bingbot.htm)"
185.191.171.4 - - [15/Dec/2021:10:48:44 +0100] "GET /stone-labradorite-grams-p-46587.html?action=add_product HTTP/1.0" 302 476 "-" "Mozilla/5.0 (compatible; SemrushBot/7~bl; +http://www.semrush.com/bot.html)"
185.191.171.10 - - [15/Dec/2021:10:49:09 +0100] "GET /cook-potholder-p-54734.html HTTP/1.0" 200 73210 "-" "Mozilla/5.0 (compatible; SemrushBot/7~bl; +http://www.semrush.com/bot.html)"
20.99.155.218 - - [15/Dec/2021:10:49:31 +0100] "GET /images/big_prod/3609810079731.jpg HTTP/1.0" 200 268 "-" "Mozilla/5.0 (Windows NT 10.0; WOW64) AppleWebKit/537.36 (KHTML, like Gecko) Chrome/64.0.3282.186 Safari/537.36"
54.36.148.243 - - [15/Dec/2021:10:49:34 +0100] "GET /white-star-table-hanging-lamp-p-52983.html HTTP/1.0" 200 74283 "-" "Mozilla/5.0 (compatible; AhrefsBot/7.0; +http://ahrefs.com/robot/)"
185.191.171.5 - - [15/Dec/2021:10:49:37 +0100] "GET /parrot-money-p-54818.html HTTP/1.0" 200 73271 "-" "Mozilla/5.0 (compatible; SemrushBot/7~bl; +http://www.semrush.com/bot.html)"
157.55.39.115 - - [15/Dec/2021:10:49:41 +0100] "GET /robots.txt HTTP/1.0" 200 245 "-" "Mozilla/5.0 (compatible; bingbot/2.0; +http://www.bing.com/bingbot.htm)"
157.55.39.223 - - [15/Dec/2021:10:49:44 +0100] "GET /images/pyjama2009dbzbleu.jpg HTTP/1.0" 200 263 "-" "Mozilla/5.0 (compatible; bingbot/2.0; +http://www.bing.com/bingbot.htm)"
185.191.171.26 - - [15/Dec/2021:10:49:58 +0100] "GET /-p-33144.html?action=add_product HTTP/1.0" 302 476 "-" "Mozilla/5.0 (compatible; SemrushBot/7~bl; +http://www.semrush.com/bot.html)"
185.191.171.18 - - [15/Dec/2021:10:50:07 +0100] "GET /hedgehogs-teapot-with-metal-infuser-p-42250.html HTTP/1.0" 200 73322 "-" "Mozilla/5.0 (compatible; SemrushBot/7~bl; +http://www.semrush.com/bot.html)"
45.76.250.213 - - [15/Dec/2021:10:51:10 +0100] "GET /images/mini_prod/3503420132834.jpg HTTP/1.0" 200 269 "-" "Mozilla/5.0 (X11; Ubuntu; Linux x86_64; rv:72.0) Gecko/20100101 Firefox/72.0"
51.68.224.127 - - [15/Dec/2021:10:51:43 +0100] "GET /adminweb/export_orders_xml.php?token=256de2z6edz6ed2z6DFSFsed2zed6zeDSFDSGdzedezfzf&maxorders=10&orderstart=1&status=14&start_date=2018-10-01 HTTP/1.0" 200 285 "-" "GesCom CharlotteBoutik Serveur"
51.68.224.127 - - [15/Dec/2021:10:51:43 +0100] "GET /adminweb/export_orders_xml.php?token=256de2z6edz6ed2z6DFSFsed2zed6zeDSFDSGdzedezfzf&maxorders=10&orderstart=1&status=6&start_date=2018-10-01 HTTP/1.0" 200 32471 "-" "GesCom CharlotteBoutik Serveur"
54.36.148.243 - - [15/Dec/2021:10:53:13 +0100] "GET /little-prince-saint-exupery-wall-decoration-p-51868.html HTTP/1.0" 200 77154 "-" "Mozilla/5.0 (compatible; AhrefsBot/7.0; +http://ahrefs.com/robot/)"
185.191.171.37 - - [15/Dec/2021:10:54:15 +0100] "GET /-p-24444.html?action=add_product HTTP/1.0" 302 476 "-" "Mozilla/5.0 (compatible; SemrushBot/7~bl; +http://www.semrush.com/bot.html)"
185.191.171.36 - - [15/Dec/2021:10:54:47 +0100] "GET /cushion-cover-cement-tiles-p-56313.html HTTP/1.0" 200 74127 "-" "Mozilla/5.0 (compatible; SemrushBot/7~bl; +http://www.semrush.com/bot.html)"
185.191.171.10 - - [15/Dec/2021:10:55:26 +0100] "GET /enjoy-your-life-p-40462.html HTTP/1.0" 200 73214 "-" "Mozilla/5.0 (compatible; SemrushBot/7~bl; +http://www.semrush.com/bot.html)"
157.55.39.0 - - [15/Dec/2021:10:56:03 +0100] "GET /decorations-c-13_89.html HTTP/1.0" 200 91856 "-" "Mozilla/5.0 (compatible; bingbot/2.0; +http://www.bing.com/bingbot.htm)"
185.191.171.45 - - [15/Dec/2021:10:56:21 +0100] "GET /candy-cloud-compact-mirror-bella-p-49891.html HTTP/1.0" 200 74506 "-" "Mozilla/5.0 (compatible; SemrushBot/7~bl; +http://www.semrush.com/bot.html)"
185.191.171.41 - - [15/Dec/2021:10:56:31 +0100] "GET /-p-43614.html?action=add_product HTTP/1.0" 302 476 "-" "Mozilla/5.0 (compatible; SemrushBot/7~bl; +http://www.semrush.com/bot.html)"
185.191.171.22 - - [15/Dec/2021:10:56:44 +0100] "GET /buddha-statue-polyresin-p-40353.html HTTP/1.0" 200 73331 "-" "Mozilla/5.0 (compatible; SemrushBot/7~bl; +http://www.semrush.com/bot.html)"
54.36.148.243 - - [15/Dec/2021:10:56:54 +0100] "GET /russian-doll-metal-keyring-cbkreation-p-31773.html HTTP/1.0" 200 73351 "-" "Mozilla/5.0 (compatible; AhrefsBot/7.0; +http://ahrefs.com/robot/)"
185.191.171.17 - - [15/Dec/2021:10:57:17 +0100] "GET /chair-cushion-reversible-grey-and-pink-40-cm-p-36460.html HTTP/1.0" 301 70680 "-" "Mozilla/5.0 (compatible; SemrushBot/7~bl; +http://www.semrush.com/bot.html)"
185.191.171.7 - - [15/Dec/2021:10:57:20 +0100] "GET /-p-36460.html HTTP/1.0" 200 70613 "-" "Mozilla/5.0 (compatible; SemrushBot/7~bl; +http://www.semrush.com/bot.html)"
216.244.66.242 - - [15/Dec/2021:10:57:43 +0100] "GET /robots.txt HTTP/1.0" 200 245 "-" "Mozilla/5.0 (compatible; DotBot/1.2; +https://opensiteexplorer.org/dotbot; help@moz.com)"
185.191.171.1 - - [15/Dec/2021:10:58:00 +0100] "GET /jakarta-light-blue-carpet-p-48422.html?action=add_product HTTP/1.0" 302 476 "-" "Mozilla/5.0 (compatible; SemrushBot/7~bl; +http://www.semrush.com/bot.html)"
185.191.171.33 - - [15/Dec/2021:10:58:46 +0100] "GET /corsica-metal-plate-p-52507.html HTTP/1.0" 200 73210 "-" "Mozilla/5.0 (compatible; SemrushBot/7~bl; +http://www.semrush.com/bot.html)"
185.191.171.17 - - [15/Dec/2021:10:58:53 +0100] "GET /chair-cushion-lyna-p-45680.html HTTP/1.0" 200 70691 "-" "Mozilla/5.0 (compatible; SemrushBot/7~bl; +http://www.semrush.com/bot.html)"
185.191.171.38 - - [15/Dec/2021:10:59:50 +0100] "GET /jane-crowther-fish-p-53866.html?action=add_product HTTP/1.0" 302 476 "-" "Mozilla/5.0 (compatible; SemrushBot/7~bl; +http://www.semrush.com/bot.html)"
185.191.171.24 - - [15/Dec/2021:10:59:55 +0100] "GET /taurus-clasic-keyring-cbkreation-p-43254.html?action=add_product HTTP/1.0" 302 476 "-" "Mozilla/5.0 (compatible; SemrushBot/7~bl; +http://www.semrush.com/bot.html)"
54.36.148.243 - - [15/Dec/2021:11:00:13 +0100] "GET /white-lampshade-p-56326.html HTTP/1.0" 200 74030 "-" "Mozilla/5.0 (compatible; AhrefsBot/7.0; +http://ahrefs.com/robot/)"
185.191.171.23 - - [15/Dec/2021:11:00:19 +0100] "GET /specials.php?page=6 HTTP/1.0" 200 124832 "-" "Mozilla/5.0 (compatible; SemrushBot/7~bl; +http://www.semrush.com/bot.html)"
185.191.171.19 - - [15/Dec/2021:11:00:47 +0100] "GET /fragrances-ambiance-c-231.html?page=26 HTTP/1.0" 200 93295 "-" "Mozilla/5.0 (compatible; SemrushBot/7~bl; +http://www.semrush.com/bot.html)"
17.121.113.48 - - [15/Dec/2021:11:01:09 +0100] "GET /little-brown-cover-p-30442.html HTTP/1.0" 200 73255 "-" "Mozilla/5.0 (Macintosh; Intel Mac OS X 10_15_5) AppleWebKit/605.1.15 (KHTML, like Gecko) Version/13.1.1 Safari/605.1.15 (Applebot/0.1; +http://www.apple.com/go/applebot)"
185.191.171.44 - - [15/Dec/2021:11:01:38 +0100] "GET /collection-mirabelle-pursuit-happiness-pocket-mirror-p-19999.html HTTP/1.0" 200 73835 "-" "Mozilla/5.0 (compatible; SemrushBot/7~bl; +http://www.semrush.com/bot.html)"
157.55.39.223 - - [15/Dec/2021:11:01:45 +0100] "GET /images/mini_prod/8427787039368.jpg HTTP/1.0" 200 269 "-" "Mozilla/5.0 (compatible; bingbot/2.0; +http://www.bing.com/bingbot.htm)"
185.191.171.40 - - [15/Dec/2021:11:01:49 +0100] "GET /jasmin-chandelier-p-31376.html HTTP/1.0" 200 73439 "-" "Mozilla/5.0 (compatible; SemrushBot/7~bl; +http://www.semrush.com/bot.html)"
185.191.171.25 - - [15/Dec/2021:11:01:55 +0100] "GET /lin-and-white-curtain-eyelets-verone-135-260-cm-p-38900.html HTTP/1.0" 301 70680 "-" "Mozilla/5.0 (compatible; SemrushBot/7~bl; +http://www.semrush.com/bot.html)"
185.191.171.15 - - [15/Dec/2021:11:01:58 +0100] "GET /-p-38900.html HTTP/1.0" 200 70613 "-" "Mozilla/5.0 (compatible; SemrushBot/7~bl; +http://www.semrush.com/bot.html)"
185.191.171.26 - - [15/Dec/2021:11:02:59 +0100] "GET /snuff-said-christmas-chip-dale-figurine-p-56116.html?action=add_product HTTP/1.0" 302 476 "-" "Mozilla/5.0 (compatible; SemrushBot/7~bl; +http://www.semrush.com/bot.html)"
20.99.155.218 - - [15/Dec/2021:11:03:21 +0100] "GET /images/big_prod/8422010194807.jpg HTTP/1.0" 200 268 "-" "Mozilla/5.0 (Windows NT 6.1; WOW64) AppleWebKit/537.36 (KHTML, like Gecko) Chrome/45.0.2454.101 Safari/537.36"
54.36.148.243 - - [15/Dec/2021:11:04:01 +0100] "GET /decorative-useful-gogh-p-55439.html HTTP/1.0" 200 73947 "-" "Mozilla/5.0 (compatible; AhrefsBot/7.0; +http://ahrefs.com/robot/)"
185.191.171.39 - - [15/Dec/2021:11:04:37 +0100] "GET /frozen-stamp-set-p-32149.html HTTP/1.0" 301 70755 "-" "Mozilla/5.0 (compatible; SemrushBot/7~bl; +http://www.semrush.com/bot.html)"
185.191.171.7 - - [15/Dec/2021:11:04:40 +0100] "GET /frozen-stamp-p-32149.html HTTP/1.0" 200 70676 "-" "Mozilla/5.0 (compatible; SemrushBot/7~bl; +http://www.semrush.com/bot.html)"
20.99.156.128 - - [15/Dec/2021:11:05:11 +0100] "GET /images/big_prod_3/242BFc.jpg HTTP/1.0" 200 263 "-" "Mozilla/5.0 (Windows NT 10.0; WOW64) AppleWebKit/537.36 (KHTML, like Gecko) Chrome/67.0.3396.99 Safari/537.36"
185.191.171.25 - - [15/Dec/2021:11:05:24 +0100] "GET /white-knight-chess-piece-p-51210.html?action=add_product HTTP/1.0" 302 476 "-" "Mozilla/5.0 (compatible; SemrushBot/7~bl; +http://www.semrush.com/bot.html)"
157.55.39.125 - - [15/Dec/2021:11:06:37 +0100] "GET /images/med_prod/3681643111185.jpg HTTP/1.0" 200 268 "-" "Mozilla/5.0 (compatible; bingbot/2.0; +http://www.bing.com/bingbot.htm)"
147.92.153.4 - - [15/Dec/2021:11:06:50 +0100] "GET /mini-trays-c-12_159_260.html?page=2 HTTP/1.0" 200 92445 "-" "Mozilla/5.0 (compatible; Linespider/1.1; +https://lin.ee/4dwXkTH)"
144.202.100.211 - - [15/Dec/2021:11:06:53 +0100] "GET /images/mini_prod/3574642575150.jpg HTTP/1.0" 200 269 "-" "Mozilla/5.0 (X11; Ubuntu; Linux x86_64; rv:72.0) Gecko/20100101 Firefox/72.0"
216.244.66.242 - - [15/Dec/2021:11:06:57 +0100] "GET /chair-cushion-sides-grey-light-pink-p-47025.html HTTP/1.0" 200 73438 "-" "Mozilla/5.0 (compatible; DotBot/1.2; +https://opensiteexplorer.org/dotbot; help@moz.com)"
185.191.171.36 - - [15/Dec/2021:11:07:26 +0100] "GET /household-linen-c-11.html?page=28 HTTP/1.0" 200 93350 "-" "Mozilla/5.0 (compatible; SemrushBot/7~bl; +http://www.semrush.com/bot.html)"
51.68.224.127 - - [15/Dec/2021:11:07:41 +0100] "GET /adminweb/export_orders_xml.php?token=256de2z6edz6ed2z6DFSFsed2zed6zeDSFDSGdzedezfzf&maxorders=10&orderstart=1&status=14&start_date=2018-10-01 HTTP/1.0" 200 285 "-" "GesCom CharlotteBoutik Serveur"
51.68.224.127 - - [15/Dec/2021:11:07:41 +0100] "GET /adminweb/export_orders_xml.php?token=256de2z6edz6ed2z6DFSFsed2zed6zeDSFDSGdzedezfzf&maxorders=10&orderstart=1&status=6&start_date=2018-10-01 HTTP/1.0" 200 32471 "-" "GesCom CharlotteBoutik Serveur"
54.36.148.243 - - [15/Dec/2021:11:07:58 +0100] "GET /bowl-white-porcelain-springy-collection-p-54573.html HTTP/1.0" 200 73330 "-" "Mozilla/5.0 (compatible; AhrefsBot/7.0; +http://ahrefs.com/robot/)"
20.99.156.33 - - [15/Dec/2021:11:08:34 +0100] "GET /images/8033667001167.jpg HTTP/1.0" 200 259 "-" "Mozilla/5.0 (Windows NT 10.0; ) Gecko/20100101 Firefox/61.0"
185.191.171.36 - - [15/Dec/2021:11:09:09 +0100] "GET /caravelle-vintage-clock-p-45890.html?action=add_product HTTP/1.0" 302 476 "-" "Mozilla/5.0 (compatible; SemrushBot/7~bl; +http://www.semrush.com/bot.html)"
157.55.39.228 - - [15/Dec/2021:11:09:13 +0100] "GET /images/8849233801242.jpg HTTP/1.0" 200 259 "-" "Mozilla/5.0 (compatible; bingbot/2.0; +http://www.bing.com/bingbot.htm)"
185.191.171.11 - - [15/Dec/2021:11:09:32 +0100] "GET /handmade-metal-karateka-figurine-recycling-p-42322.html HTTP/1.0" 200 73478 "-" "Mozilla/5.0 (compatible; SemrushBot/7~bl; +http://www.semrush.com/bot.html)"
185.191.171.33 - - [15/Dec/2021:11:09:47 +0100] "GET /macaroons-mouse-cbkreation-p-13989.html HTTP/1.0" 200 73241 "-" "Mozilla/5.0 (compatible; SemrushBot/7~bl; +http://www.semrush.com/bot.html)"
185.191.171.2 - - [15/Dec/2021:11:09:50 +0100] "GET /magnet-citron-79-54-cm-p-40119.html HTTP/1.0" 301 70797 "-" "Mozilla/5.0 (compatible; SemrushBot/7~bl; +http://www.semrush.com/bot.html)"
185.191.171.19 - - [15/Dec/2021:11:09:53 +0100] "GET /magnet-citron-p-40119.html HTTP/1.0" 200 70717 "-" "Mozilla/5.0 (compatible; SemrushBot/7~bl; +http://www.semrush.com/bot.html)"
216.244.66.242 - - [15/Dec/2021:11:10:05 +0100] "GET /dishes/set-and-breakfast-set-c-5_12_61.html HTTP/1.0" 301 91158 "-" "Mozilla/5.0 (compatible; DotBot/1.2; +https://opensiteexplorer.org/dotbot; help@moz.com)"
216.244.66.242 - - [15/Dec/2021:11:10:12 +0100] "GET /household-linen/aprons-c-13_11_74.html HTTP/1.0" 301 92569 "-" "Mozilla/5.0 (compatible; DotBot/1.2; +https://opensiteexplorer.org/dotbot; help@moz.com)"
216.244.66.242 - - [15/Dec/2021:11:10:20 +0100] "GET /london-mirror-p-29317.html HTTP/1.0" 200 73258 "-" "Mozilla/5.0 (compatible; DotBot/1.2; +https://opensiteexplorer.org/dotbot; help@moz.com)"
216.244.66.242 - - [15/Dec/2021:11:10:30 +0100] "GET /nici-ayumi-brown-portfolio-p-33439.html HTTP/1.0" 200 73482 "-" "Mozilla/5.0 (compatible; DotBot/1.2; +https://opensiteexplorer.org/dotbot; help@moz.com)"
216.244.66.242 - - [15/Dec/2021:11:10:36 +0100] "GET /personalized-products-c-97.html?page=3 HTTP/1.0" 200 90099 "-" "Mozilla/5.0 (compatible; DotBot/1.2; +https://opensiteexplorer.org/dotbot; help@moz.com)"
216.244.66.242 - - [15/Dec/2021:11:10:42 +0100] "GET /stone-green-opal-grams-p-46620.html HTTP/1.0" 200 74412 "-" "Mozilla/5.0 (compatible; DotBot/1.2; +https://opensiteexplorer.org/dotbot; help@moz.com)"
185.191.171.10 - - [15/Dec/2021:11:10:49 +0100] "GET /disney-showcase-figurine-collection-belle-p-39602.html?action=add_product HTTP/1.0" 302 476 "-" "Mozilla/5.0 (compatible; SemrushBot/7~bl; +http://www.semrush.com/bot.html)"
185.191.171.13 - - [15/Dec/2021:11:10:59 +0100] "GET /chime-gecko-metal-glass-blue-p-37205.html HTTP/1.0" 200 73380 "-" "Mozilla/5.0 (compatible; SemrushBot/7~bl; +http://www.semrush.com/bot.html)"
185.191.171.12 - - [15/Dec/2021:11:11:27 +0100] "GET /pink-porcelain-bowl-with-small-gold-hearts-p-53702.html?action=add_product HTTP/1.0" 302 476 "-" "Mozilla/5.0 (compatible; SemrushBot/7~bl; +http://www.semrush.com/bot.html)"
54.36.148.243 - - [15/Dec/2021:11:11:38 +0100] "GET /small-candle-blood-orange-heart-home-p-56287.html HTTP/1.0" 200 74440 "-" "Mozilla/5.0 (compatible; AhrefsBot/7.0; +http://ahrefs.com/robot/)"
222.252.35.40 - - [15/Dec/2021:11:11:50 +0100] "GET /water-hyacinth-table-lamp-p-55246.html HTTP/1.0" 200 74359 "https://www.google.com.vn/" "Mozilla/5.0 (Windows NT 6.1; WOW64) AppleWebKit/537.36 (KHTML, like Gecko) coc_coc_browser/82.0.144 Chrome/76.0.3809.144 Safari/537.36"
222.252.35.40 - - [15/Dec/2021:11:11:56 +0100] "GET /templates/Pixame_v1/stylesheet.css HTTP/1.0" 200 267 "http://www.wonder-geek.com/water-hyacinth-table-lamp-p-55246.html" "Mozilla/5.0 (Windows NT 6.1; WOW64) AppleWebKit/537.36 (KHTML, like Gecko) coc_coc_browser/82.0.144 Chrome/76.0.3809.144 Safari/537.36"
222.252.35.40 - - [15/Dec/2021:11:11:56 +0100] "GET /highslide/highslide.js HTTP/1.0" 200 262 "http://www.wonder-geek.com/water-hyacinth-table-lamp-p-55246.html" "Mozilla/5.0 (Windows NT 6.1; WOW64) AppleWebKit/537.36 (KHTML, like Gecko) coc_coc_browser/82.0.144 Chrome/76.0.3809.144 Safari/537.36"
222.252.35.40 - - [15/Dec/2021:11:11:57 +0100] "GET /js/jquery.js HTTP/1.0" 200 252 "http://www.wonder-geek.com/water-hyacinth-table-lamp-p-55246.html" "Mozilla/5.0 (Windows NT 6.1; WOW64) AppleWebKit/537.36 (KHTML, like Gecko) coc_coc_browser/82.0.144 Chrome/76.0.3809.144 Safari/537.36"
222.252.35.40 - - [15/Dec/2021:11:11:57 +0100] "GET /js/jquery.jqzoom.js HTTP/1.0" 200 259 "http://www.wonder-geek.com/water-hyacinth-table-lamp-p-55246.html" "Mozilla/5.0 (Windows NT 6.1; WOW64) AppleWebKit/537.36 (KHTML, like Gecko) coc_coc_browser/82.0.144 Chrome/76.0.3809.144 Safari/537.36"
222.252.35.40 - - [15/Dec/2021:11:11:57 +0100] "GET /mondial_relay/js/jquery-1.3.2.min.js HTTP/1.0" 200 276 "http://www.wonder-geek.com/water-hyacinth-table-lamp-p-55246.html" "Mozilla/5.0 (Windows NT 6.1; WOW64) AppleWebKit/537.36 (KHTML, like Gecko) coc_coc_browser/82.0.144 Chrome/76.0.3809.144 Safari/537.36"
222.252.35.40 - - [15/Dec/2021:11:11:57 +0100] "GET /swfobject.js HTTP/1.0" 404 1308 "http://www.wonder-geek.com/water-hyacinth-table-lamp-p-55246.html" "Mozilla/5.0 (Windows NT 6.1; WOW64) AppleWebKit/537.36 (KHTML, like Gecko) coc_coc_browser/82.0.144 Chrome/76.0.3809.144 Safari/537.36"
222.252.35.40 - - [15/Dec/2021:11:11:58 +0100] "GET /templates/Pixame_v1/images/icon_accueil2.png HTTP/1.0" 200 278 "http://www.wonder-geek.com/water-hyacinth-table-lamp-p-55246.html" "Mozilla/5.0 (Windows NT 6.1; WOW64) AppleWebKit/537.36 (KHTML, like Gecko) coc_coc_browser/82.0.144 Chrome/76.0.3809.144 Safari/537.36"
222.252.35.40 - - [15/Dec/2021:11:11:58 +0100] "GET /templates/Pixame_v1/images/infobox/pixel_trans.gif HTTP/1.0" 200 328 "http://www.wonder-geek.com/water-hyacinth-table-lamp-p-55246.html" "Mozilla/5.0 (Windows NT 6.1; WOW64) AppleWebKit/537.36 (KHTML, like Gecko) coc_coc_browser/82.0.144 Chrome/76.0.3809.144 Safari/537.36"
222.252.35.40 - - [15/Dec/2021:11:11:58 +0100] "GET /swfobject.js HTTP/1.0" 404 1308 "http://www.wonder-geek.com/water-hyacinth-table-lamp-p-55246.html" "Mozilla/5.0 (Windows NT 6.1; WOW64) AppleWebKit/537.36 (KHTML, like Gecko) coc_coc_browser/82.0.144 Chrome/76.0.3809.144 Safari/537.36"
222.252.35.40 - - [15/Dec/2021:11:11:59 +0100] "GET /images/pixel_trans.gif HTTP/1.0" 200 328 "http://www.wonder-geek.com/water-hyacinth-table-lamp-p-55246.html" "Mozilla/5.0 (Windows NT 6.1; WOW64) AppleWebKit/537.36 (KHTML, like Gecko) coc_coc_browser/82.0.144 Chrome/76.0.3809.144 Safari/537.36"
222.252.35.40 - - [15/Dec/2021:11:11:59 +0100] "GET /images/big_prod/8445148004237.jpg HTTP/1.0" 200 268 "http://www.wonder-geek.com/water-hyacinth-table-lamp-p-55246.html" "Mozilla/5.0 (Windows NT 6.1; WOW64) AppleWebKit/537.36 (KHTML, like Gecko) coc_coc_browser/82.0.144 Chrome/76.0.3809.144 Safari/537.36"
222.252.35.40 - - [15/Dec/2021:11:11:59 +0100] "GET /templates/Pixame_v1/images/pixel_trans.gif HTTP/1.0" 200 328 "http://www.wonder-geek.com/water-hyacinth-table-lamp-p-55246.html" "Mozilla/5.0 (Windows NT 6.1; WOW64) AppleWebKit/537.36 (KHTML, like Gecko) coc_coc_browser/82.0.144 Chrome/76.0.3809.144 Safari/537.36"
222.252.35.40 - - [15/Dec/2021:11:11:59 +0100] "GET /templates/Pixame_v1/images/Middle_texture.jpg HTTP/1.0" 200 280 "http://www.wonder-geek.com/templates/Pixame_v1/stylesheet.css" "Mozilla/5.0 (Windows NT 6.1; WOW64) AppleWebKit/537.36 (KHTML, like Gecko) coc_coc_browser/82.0.144 Chrome/76.0.3809.144 Safari/537.36"
222.252.35.40 - - [15/Dec/2021:11:11:59 +0100] "GET /templates/Pixame_v1/images/Bottom_texture.jpg HTTP/1.0" 200 280 "http://www.wonder-geek.com/templates/Pixame_v1/stylesheet.css" "Mozilla/5.0 (Windows NT 6.1; WOW64) AppleWebKit/537.36 (KHTML, like Gecko) coc_coc_browser/82.0.144 Chrome/76.0.3809.144 Safari/537.36"
222.252.35.40 - - [15/Dec/2021:11:12:00 +0100] "GET /templates/Pixame_v1/images/header.png HTTP/1.0" 200 271 "http://www.wonder-geek.com/templates/Pixame_v1/stylesheet.css" "Mozilla/5.0 (Windows NT 6.1; WOW64) AppleWebKit/537.36 (KHTML, like Gecko) coc_coc_browser/82.0.144 Chrome/76.0.3809.144 Safari/537.36"
222.252.35.40 - - [15/Dec/2021:11:12:00 +0100] "GET /templates/Pixame_v1/images/header-object.png HTTP/1.0" 200 278 "http://www.wonder-geek.com/templates/Pixame_v1/stylesheet.css" "Mozilla/5.0 (Windows NT 6.1; WOW64) AppleWebKit/537.36 (KHTML, like Gecko) coc_coc_browser/82.0.144 Chrome/76.0.3809.144 Safari/537.36"
222.252.35.40 - - [15/Dec/2021:11:12:00 +0100] "GET /templates/Pixame_v1/images/nav.png HTTP/1.0" 200 268 "http://www.wonder-geek.com/templates/Pixame_v1/stylesheet.css" "Mozilla/5.0 (Windows NT 6.1; WOW64) AppleWebKit/537.36 (KHTML, like Gecko) coc_coc_browser/82.0.144 Chrome/76.0.3809.144 Safari/537.36"
222.252.35.40 - - [15/Dec/2021:11:12:00 +0100] "GET /highslide/graphics/zoomin.cur HTTP/1.0" 200 614 "http://www.wonder-geek.com/templates/Pixame_v1/stylesheet.css" "Mozilla/5.0 (Windows NT 6.1; WOW64) AppleWebKit/537.36 (KHTML, like Gecko) coc_coc_browser/82.0.144 Chrome/76.0.3809.144 Safari/537.36"
222.252.35.40 - - [15/Dec/2021:11:12:01 +0100] "GET /design/productsenstock.png HTTP/1.0" 200 260 "http://www.wonder-geek.com/templates/Pixame_v1/stylesheet.css" "Mozilla/5.0 (Windows NT 6.1; WOW64) AppleWebKit/537.36 (KHTML, like Gecko) coc_coc_browser/82.0.144 Chrome/76.0.3809.144 Safari/537.36"
222.252.35.40 - - [15/Dec/2021:11:12:01 +0100] "GET /templates/Pixame_v1/images/infobox/infobox_footer_middle.gif HTTP/1.0" 200 357 "http://www.wonder-geek.com/" "Mozilla/5.0 (Windows NT 6.1; WOW64) AppleWebKit/537.36 (KHTML, like Gecko) coc_coc_browser/82.0.144 Chrome/76.0.3809.144 Safari/537.36"
222.252.35.40 - - [15/Dec/2021:11:12:01 +0100] "GET /images/big_prod_1/8445148004237a.jpg HTTP/1.0" 200 271 "http://www.wonder-geek.com/water-hyacinth-table-lamp-p-55246.html" "Mozilla/5.0 (Windows NT 6.1; WOW64) AppleWebKit/537.36 (KHTML, like Gecko) coc_coc_browser/82.0.144 Chrome/76.0.3809.144 Safari/537.36"
222.252.35.40 - - [15/Dec/2021:11:12:01 +0100] "GET /images/big_prod_2/8445148004237b.jpg HTTP/1.0" 200 271 "http://www.wonder-geek.com/water-hyacinth-table-lamp-p-55246.html" "Mozilla/5.0 (Windows NT 6.1; WOW64) AppleWebKit/537.36 (KHTML, like Gecko) coc_coc_browser/82.0.144 Chrome/76.0.3809.144 Safari/537.36"
222.252.35.40 - - [15/Dec/2021:11:12:01 +0100] "GET /images/big_prod_3/8445148004237c.jpg HTTP/1.0" 200 271 "http://www.wonder-geek.com/water-hyacinth-table-lamp-p-55246.html" "Mozilla/5.0 (Windows NT 6.1; WOW64) AppleWebKit/537.36 (KHTML, like Gecko) coc_coc_browser/82.0.144 Chrome/76.0.3809.144 Safari/537.36"
222.252.35.40 - - [15/Dec/2021:11:12:01 +0100] "GET /templates/Pixame_v1/images/buttons/english/button_in_cart.gif HTTP/1.0" 200 295 "http://www.wonder-geek.com/water-hyacinth-table-lamp-p-55246.html" "Mozilla/5.0 (Windows NT 6.1; WOW64) AppleWebKit/537.36 (KHTML, like Gecko) coc_coc_browser/82.0.144 Chrome/76.0.3809.144 Safari/537.36"
222.252.35.40 - - [15/Dec/2021:11:12:02 +0100] "GET /highslide/graphics/outlines/drop-shadow.png HTTP/1.0" 200 277 "http://www.wonder-geek.com/water-hyacinth-table-lamp-p-55246.html" "Mozilla/5.0 (Windows NT 6.1; WOW64) AppleWebKit/537.36 (KHTML, like Gecko) coc_coc_browser/82.0.144 Chrome/76.0.3809.144 Safari/537.36"
222.252.35.40 - - [15/Dec/2021:11:12:02 +0100] "GET /highslide/graphics/zoomout.cur HTTP/1.0" 200 614 "http://www.wonder-geek.com/water-hyacinth-table-lamp-p-55246.html" "Mozilla/5.0 (Windows NT 6.1; WOW64) AppleWebKit/537.36 (KHTML, like Gecko) coc_coc_browser/82.0.144 Chrome/76.0.3809.144 Safari/537.36"
222.252.35.40 - - [15/Dec/2021:11:12:02 +0100] "GET /highslide/graphics/loader.white.gif HTTP/1.0" 200 960 "http://www.wonder-geek.com/templates/Pixame_v1/stylesheet.css" "Mozilla/5.0 (Windows NT 6.1; WOW64) AppleWebKit/537.36 (KHTML, like Gecko) coc_coc_browser/82.0.144 Chrome/76.0.3809.144 Safari/537.36"
222.252.35.40 - - [15/Dec/2021:11:12:02 +0100] "GET /favicon.ico HTTP/1.0" 200 260 "http://www.wonder-geek.com/water-hyacinth-table-lamp-p-55246.html" "Mozilla/5.0 (Windows NT 6.1; WOW64) AppleWebKit/537.36 (KHTML, like Gecko) coc_coc_browser/82.0.144 Chrome/76.0.3809.144 Safari/537.36"
185.191.171.4 - - [15/Dec/2021:11:12:57 +0100] "GET /green-piggy-bank-premire-tirelire-p-53364.html HTTP/1.0" 200 73269 "-" "Mozilla/5.0 (compatible; SemrushBot/7~bl; +http://www.semrush.com/bot.html)"
185.191.171.5 - - [15/Dec/2021:11:13:12 +0100] "GET /freshener-heart-home-cerulean-p-40605.html HTTP/1.0" 200 73614 "-" "Mozilla/5.0 (compatible; SemrushBot/7~bl; +http://www.semrush.com/bot.html)"
185.191.171.15 - - [15/Dec/2021:11:13:21 +0100] "GET /schoolbag-caramel-wolf-p-55616.html HTTP/1.0" 200 74333 "-" "Mozilla/5.0 (compatible; SemrushBot/7~bl; +http://www.semrush.com/bot.html)"
144.202.98.39 - - [15/Dec/2021:11:13:43 +0100] "GET /images/mini_prod/3453131146241.jpg HTTP/1.0" 200 269 "-" "Mozilla/5.0 (X11; Ubuntu; Linux x86_64; rv:72.0) Gecko/20100101 Firefox/72.0"
185.191.171.24 - - [15/Dec/2021:11:14:01 +0100] "GET /the-ballerina-statue-collection-p-38746.html HTTP/1.0" 301 70817 "-" "Mozilla/5.0 (compatible; SemrushBot/7~bl; +http://www.semrush.com/bot.html)"
185.191.171.23 - - [15/Dec/2021:11:14:05 +0100] "GET /ballerina-statue-collection-p-38746.html HTTP/1.0" 200 70723 "-" "Mozilla/5.0 (compatible; SemrushBot/7~bl; +http://www.semrush.com/bot.html)"
216.244.66.242 - - [15/Dec/2021:11:14:21 +0100] "GET /cushion-cover-p-52123.html HTTP/1.0" 200 73401 "-" "Mozilla/5.0 (compatible; DotBot/1.2; +https://opensiteexplorer.org/dotbot; help@moz.com)"
54.36.148.243 - - [15/Dec/2021:11:15:24 +0100] "GET /jackets-coats-parkas-c-1_27.html HTTP/1.0" 200 83855 "-" "Mozilla/5.0 (compatible; AhrefsBot/7.0; +http://ahrefs.com/robot/)"
185.191.171.39 - - [15/Dec/2021:11:16:37 +0100] "GET /damask-shower-curtain-p-52460.html?action=add_product HTTP/1.0" 302 476 "-" "Mozilla/5.0 (compatible; SemrushBot/7~bl; +http://www.semrush.com/bot.html)"
185.191.171.8 - - [15/Dec/2021:11:16:42 +0100] "GET /jasmin-black-note-book-pages-p-30137.html?action=add_product HTTP/1.0" 302 476 "-" "Mozilla/5.0 (compatible; SemrushBot/7~bl; +http://www.semrush.com/bot.html)"
159.75.102.74 - - [15/Dec/2021:11:17:35 +0100] "GET /images/mini_prod/3014627769278.jpg HTTP/1.0" 200 269 "-" "Mozilla/5.0 (X11; Ubuntu; Linux x86_64; rv:72.0) Gecko/20100101 Firefox/72.0"
66.249.70.70 - - [15/Dec/2021:11:17:54 +0100] "GET /gentleman-whiskey-glass-p-54792.html HTTP/1.0" 200 73837 "-" "Mozilla/5.0 (Linux; Android 6.0.1; Nexus 5X Build/MMB29P) AppleWebKit/537.36 (KHTML, like Gecko) Chrome/96.0.4664.93 Mobile Safari/537.36 (compatible; Googlebot/2.1; +http://www.google.com/bot.html)"
207.46.13.52 - - [15/Dec/2021:11:18:40 +0100] "GET /images/8003990628133.jpg HTTP/1.0" 200 259 "-" "Mozilla/5.0 (compatible; bingbot/2.0; +http://www.bing.com/bingbot.htm)"
185.191.171.14 - - [15/Dec/2021:11:18:46 +0100] "GET /love-personnalized-ipad-white-shell-p-17684.html?action=add_product HTTP/1.0" 302 476 "-" "Mozilla/5.0 (compatible; SemrushBot/7~bl; +http://www.semrush.com/bot.html)"
54.36.148.243 - - [15/Dec/2021:11:19:09 +0100] "GET /decorative-figurine-aged-metal-p-56055.html HTTP/1.0" 200 73440 "-" "Mozilla/5.0 (compatible; AhrefsBot/7.0; +http://ahrefs.com/robot/)"
185.191.171.45 - - [15/Dec/2021:11:19:44 +0100] "GET /little-buddha-retractable-ballpoint-blue-p-43063.html?action=add_product HTTP/1.0" 302 476 "-" "Mozilla/5.0 (compatible; SemrushBot/7~bl; +http://www.semrush.com/bot.html)"
185.191.171.6 - - [15/Dec/2021:11:19:56 +0100] "GET /pink-p-45708.html?action=add_product HTTP/1.0" 302 476 "-" "Mozilla/5.0 (compatible; SemrushBot/7~bl; +http://www.semrush.com/bot.html)"
106.52.131.116 - - [15/Dec/2021:11:20:45 +0100] "GET /images/mini_prod/8435306215780.jpg HTTP/1.0" 200 269 "-" "Mozilla/5.0 (X11; Ubuntu; Linux x86_64; rv:72.0) Gecko/20100101 Firefox/72.0"
185.191.171.9 - - [15/Dec/2021:11:21:19 +0100] "GET /-p-19023.html?action=add_product HTTP/1.0" 302 476 "-" "Mozilla/5.0 (compatible; SemrushBot/7~bl; +http://www.semrush.com/bot.html)"
185.191.171.37 - - [15/Dec/2021:11:22:18 +0100] "GET /eggcups-made-germany-tassen-p-43320.html HTTP/1.0" 200 73414 "-" "Mozilla/5.0 (compatible; SemrushBot/7~bl; +http://www.semrush.com/bot.html)"
185.191.171.2 - - [15/Dec/2021:11:22:51 +0100] "GET /saint-jude-prayer-candle-novena-p-47127.html HTTP/1.0" 200 74094 "-" "Mozilla/5.0 (compatible; SemrushBot/7~bl; +http://www.semrush.com/bot.html)"
54.36.148.243 - - [15/Dec/2021:11:23:16 +0100] "GET /rebecca-bonbon-coin-purse-p-26002.html HTTP/1.0" 200 73316 "-" "Mozilla/5.0 (compatible; AhrefsBot/7.0; +http://ahrefs.com/robot/)"
157.55.39.125 - - [15/Dec/2021:11:23:21 +0100] "GET /images/med_prod/8435306288548.jpg HTTP/1.0" 200 268 "-" "Mozilla/5.0 (compatible; bingbot/2.0; +http://www.bing.com/bingbot.htm)"
51.68.224.127 - - [15/Dec/2021:11:23:40 +0100] "GET /adminweb/export_orders_xml.php?token=256de2z6edz6ed2z6DFSFsed2zed6zeDSFDSGdzedezfzf&maxorders=10&orderstart=1&status=14&start_date=2018-10-01 HTTP/1.0" 200 285 "-" "GesCom CharlotteBoutik Serveur"
51.68.224.127 - - [15/Dec/2021:11:23:41 +0100] "GET /adminweb/export_orders_xml.php?token=256de2z6edz6ed2z6DFSFsed2zed6zeDSFDSGdzedezfzf&maxorders=10&orderstart=1&status=6&start_date=2018-10-01 HTTP/1.0" 200 32471 "-" "GesCom CharlotteBoutik Serveur"
185.191.171.45 - - [15/Dec/2021:11:24:01 +0100] "GET /mandala-coasters-p-54070.html HTTP/1.0" 200 73251 "-" "Mozilla/5.0 (compatible; SemrushBot/7~bl; +http://www.semrush.com/bot.html)"
23.228.109.147 - - [15/Dec/2021:11:24:28 +0100] "GET /assets/global/plugins/jquery-file-upload/server/php/index.php?file=tf2rghf.jpg HTTP/1.0" 301 667 "-" "ALittle Client"
23.228.109.147 - - [15/Dec/2021:11:24:38 +0100] "GET /assets/global/plugins/jquery-file-upload/server/php/index.php?file=tf2rghf.jpg HTTP/1.0" 404 1308 "-" "ALittle Client"
36.110.199.136 - - [15/Dec/2021:11:25:57 +0100] "GET /images/mini_prod/DSCN6253.jpg HTTP/1.0" 200 264 "-" "Mozilla/5.0"
185.191.171.16 - - [15/Dec/2021:11:26:15 +0100] "GET /decorative-vase-indian-inspiration-p-41524.html?action=add_product HTTP/1.0" 302 476 "-" "Mozilla/5.0 (compatible; SemrushBot/7~bl; +http://www.semrush.com/bot.html)"
157.55.39.228 - - [15/Dec/2021:11:26:36 +0100] "GET /cookware-yellow-p-41841.html HTTP/1.0" 200 73226 "-" "Mozilla/5.0 (compatible; bingbot/2.0; +http://www.bing.com/bingbot.htm)"
144.202.98.39 - - [15/Dec/2021:11:27:01 +0100] "GET /images/mini_prod/1399984264287.jpg HTTP/1.0" 200 269 "-" "Mozilla/5.0 (X11; Ubuntu; Linux x86_64; rv:72.0) Gecko/20100101 Firefox/72.0"
185.191.171.25 - - [15/Dec/2021:11:27:04 +0100] "GET /home-and-decoration-c-13.html?page=277 HTTP/1.0" 301 93847 "-" "Mozilla/5.0 (compatible; SemrushBot/7~bl; +http://www.semrush.com/bot.html)"
185.191.171.37 - - [15/Dec/2021:11:27:09 +0100] "GET /home-decoration-c-13.html?page=277 HTTP/1.0" 200 93759 "-" "Mozilla/5.0 (compatible; SemrushBot/7~bl; +http://www.semrush.com/bot.html)"
54.36.148.243 - - [15/Dec/2021:11:27:21 +0100] "GET /emotion-phantom-ceramic-moneybox-p-48760.html HTTP/1.0" 200 73957 "-" "Mozilla/5.0 (compatible; AhrefsBot/7.0; +http://ahrefs.com/robot/)"
52.149.21.87 - - [15/Dec/2021:11:27:31 +0100] "GET /images/big_prod_1/4029811390830B.jpg HTTP/1.0" 200 271 "-" "Mozilla/4.0 (compatible; MSIE 7.0; Windows NT 6.0)"
185.191.171.20 - - [15/Dec/2021:11:28:26 +0100] "GET /wood-cactus-neon-ornament-p-45692.html HTTP/1.0" 200 73365 "-" "Mozilla/5.0 (compatible; SemrushBot/7~bl; +http://www.semrush.com/bot.html)"
147.92.153.1 - - [15/Dec/2021:11:29:35 +0100] "GET /galileo-thermometer-indoors-p-50115.html HTTP/1.0" 200 74071 "-" "Mozilla/5.0 (compatible; Linespider/1.1; +https://lin.ee/4dwXkTH)"
20.99.156.109 - - [15/Dec/2021:11:30:08 +0100] "GET /images/big_prod/3503420208263.jpg HTTP/1.0" 200 268 "-" "Mozilla/5.0 (Macintosh; U; PPC Mac OS X 10.5; en-US; rv:1.9.2.15) Gecko/20110303 Firefox/3.6.15"
185.191.171.18 - - [15/Dec/2021:11:30:25 +0100] "GET /piggy-bank-p-54796.html HTTP/1.0" 200 73262 "-" "Mozilla/5.0 (compatible; SemrushBot/7~bl; +http://www.semrush.com/bot.html)"
66.249.70.70 - - [15/Dec/2021:11:30:32 +0100] "GET /deco-horse-head-statue-p-44644.html HTTP/1.0" 200 70691 "-" "Mozilla/5.0 (Linux; Android 6.0.1; Nexus 5X Build/MMB29P) AppleWebKit/537.36 (KHTML, like Gecko) Chrome/96.0.4664.93 Mobile Safari/537.36 (compatible; Googlebot/2.1; +http://www.google.com/bot.html)"
66.249.70.74 - - [15/Dec/2021:11:30:34 +0100] "GET /stationery-cardmaking-c-129.html?page=5 HTTP/1.0" 200 93538 "-" "Mozilla/5.0 (compatible; Googlebot/2.1; +http://www.google.com/bot.html)"
66.249.70.72 - - [15/Dec/2021:11:30:36 +0100] "GET /nici-leopard-plush-33-cm-p-22796.html HTTP/1.0" 301 70680 "-" "Mozilla/5.0 (compatible; Googlebot/2.1; +http://www.google.com/bot.html)"
66.249.70.72 - - [15/Dec/2021:11:30:37 +0100] "GET /padma-blue-p-54308.html HTTP/1.0" 200 73967 "-" "Mozilla/5.0 (Linux; Android 6.0.1; Nexus 5X Build/MMB29P) AppleWebKit/537.36 (KHTML, like Gecko) Chrome/96.0.4664.93 Mobile Safari/537.36 (compatible; Googlebot/2.1; +http://www.google.com/bot.html)"
66.249.70.70 - - [15/Dec/2021:11:30:39 +0100] "GET /-p-22796.html HTTP/1.0" 200 70613 "-" "Mozilla/5.0 (compatible; Googlebot/2.1; +http://www.google.com/bot.html)"
54.36.148.243 - - [15/Dec/2021:11:31:26 +0100] "GET /mani-lucky-charm-size-anniversaire-p-33289.html HTTP/1.0" 200 73604 "-" "Mozilla/5.0 (compatible; AhrefsBot/7.0; +http://ahrefs.com/robot/)"
185.191.171.18 - - [15/Dec/2021:11:32:04 +0100] "GET /sleeping-beauty-with-animals-disney-traditions-p-51163.html?action=add_product HTTP/1.0" 302 476 "-" "Mozilla/5.0 (compatible; SemrushBot/7~bl; +http://www.semrush.com/bot.html)"
157.97.173.108 - - [15/Dec/2021:11:32:44 +0100] "GET /dragon-ball-orange-training-bottle-p-31196.html HTTP/1.0" 200 70739 "https://r.search.yahoo.com/_ylt=AwrJ6iQ3xLlh_QIAEFOV.Qt.;_ylu=c2VjA3NyBHNsawNpbWcEb2lkA2Q0ZmNkZDZkOWMwZmI5NzBhNDk2NGJlNmUxZGU2N2RhBGdwb3MDMzUEaXQDYmluZw--/RV=2/RE=1639593143/RO=11/RU=http%3a%2f%2fwww.wonder-geek.com%2fdragon-ball-orange-training-bottle-p-31196.html/RK=2/RS=y7asQadVOH8Dj84bq3r6ugSyagw-" "Mozilla/5.0 (Windows NT 10.0; Win64; x64) AppleWebKit/537.36 (KHTML, like Gecko) Chrome/96.0.4664.110 Safari/537.36"
157.97.173.108 - - [15/Dec/2021:11:32:45 +0100] "GET /templates/Pixame_v1/stylesheet.css HTTP/1.0" 200 267 "http://www.wonder-geek.com/dragon-ball-orange-training-bottle-p-31196.html" "Mozilla/5.0 (Windows NT 10.0; Win64; x64) AppleWebKit/537.36 (KHTML, like Gecko) Chrome/96.0.4664.110 Safari/537.36"
157.97.173.108 - - [15/Dec/2021:11:32:45 +0100] "GET /highslide/highslide.js HTTP/1.0" 200 262 "http://www.wonder-geek.com/dragon-ball-orange-training-bottle-p-31196.html" "Mozilla/5.0 (Windows NT 10.0; Win64; x64) AppleWebKit/537.36 (KHTML, like Gecko) Chrome/96.0.4664.110 Safari/537.36"
157.97.173.108 - - [15/Dec/2021:11:32:45 +0100] "GET /js/jquery.js HTTP/1.0" 200 252 "http://www.wonder-geek.com/dragon-ball-orange-training-bottle-p-31196.html" "Mozilla/5.0 (Windows NT 10.0; Win64; x64) AppleWebKit/537.36 (KHTML, like Gecko) Chrome/96.0.4664.110 Safari/537.36"
157.97.173.108 - - [15/Dec/2021:11:32:45 +0100] "GET /js/jquery.jqzoom.js HTTP/1.0" 200 259 "http://www.wonder-geek.com/dragon-ball-orange-training-bottle-p-31196.html" "Mozilla/5.0 (Windows NT 10.0; Win64; x64) AppleWebKit/537.36 (KHTML, like Gecko) Chrome/96.0.4664.110 Safari/537.36"
157.97.173.108 - - [15/Dec/2021:11:32:45 +0100] "GET /mondial_relay/js/jquery-1.3.2.min.js HTTP/1.0" 200 276 "http://www.wonder-geek.com/dragon-ball-orange-training-bottle-p-31196.html" "Mozilla/5.0 (Windows NT 10.0; Win64; x64) AppleWebKit/537.36 (KHTML, like Gecko) Chrome/96.0.4664.110 Safari/537.36"
157.97.173.108 - - [15/Dec/2021:11:32:45 +0100] "GET /swfobject.js HTTP/1.0" 404 1308 "http://www.wonder-geek.com/dragon-ball-orange-training-bottle-p-31196.html" "Mozilla/5.0 (Windows NT 10.0; Win64; x64) AppleWebKit/537.36 (KHTML, like Gecko) Chrome/96.0.4664.110 Safari/537.36"
157.97.173.108 - - [15/Dec/2021:11:32:45 +0100] "GET /templates/Pixame_v1/images/icon_accueil2.png HTTP/1.0" 200 278 "http://www.wonder-geek.com/dragon-ball-orange-training-bottle-p-31196.html" "Mozilla/5.0 (Windows NT 10.0; Win64; x64) AppleWebKit/537.36 (KHTML, like Gecko) Chrome/96.0.4664.110 Safari/537.36"
157.97.173.108 - - [15/Dec/2021:11:32:45 +0100] "GET /templates/Pixame_v1/images/infobox/pixel_trans.gif HTTP/1.0" 200 328 "http://www.wonder-geek.com/dragon-ball-orange-training-bottle-p-31196.html" "Mozilla/5.0 (Windows NT 10.0; Win64; x64) AppleWebKit/537.36 (KHTML, like Gecko) Chrome/96.0.4664.110 Safari/537.36"
157.97.173.108 - - [15/Dec/2021:11:32:45 +0100] "GET /templates/Pixame_v1/images/pixel_trans.gif HTTP/1.0" 200 328 "http://www.wonder-geek.com/dragon-ball-orange-training-bottle-p-31196.html" "Mozilla/5.0 (Windows NT 10.0; Win64; x64) AppleWebKit/537.36 (KHTML, like Gecko) Chrome/96.0.4664.110 Safari/537.36"
157.97.173.108 - - [15/Dec/2021:11:32:45 +0100] "GET /templates/Pixame_v1/images/buttons/english/button_continue.gif HTTP/1.0" 200 1264 "http://www.wonder-geek.com/dragon-ball-orange-training-bottle-p-31196.html" "Mozilla/5.0 (Windows NT 10.0; Win64; x64) AppleWebKit/537.36 (KHTML, like Gecko) Chrome/96.0.4664.110 Safari/537.36"
157.97.173.108 - - [15/Dec/2021:11:32:45 +0100] "GET /templates/Pixame_v1/images/Bottom_texture.jpg HTTP/1.0" 200 280 "http://www.wonder-geek.com/templates/Pixame_v1/stylesheet.css" "Mozilla/5.0 (Windows NT 10.0; Win64; x64) AppleWebKit/537.36 (KHTML, like Gecko) Chrome/96.0.4664.110 Safari/537.36"
157.97.173.108 - - [15/Dec/2021:11:32:45 +0100] "GET /images/pixel_trans.gif HTTP/1.0" 200 328 "http://www.wonder-geek.com/dragon-ball-orange-training-bottle-p-31196.html" "Mozilla/5.0 (Windows NT 10.0; Win64; x64) AppleWebKit/537.36 (KHTML, like Gecko) Chrome/96.0.4664.110 Safari/537.36"
157.97.173.108 - - [15/Dec/2021:11:32:45 +0100] "GET /templates/Pixame_v1/images/Middle_texture.jpg HTTP/1.0" 200 280 "http://www.wonder-geek.com/templates/Pixame_v1/stylesheet.css" "Mozilla/5.0 (Windows NT 10.0; Win64; x64) AppleWebKit/537.36 (KHTML, like Gecko) Chrome/96.0.4664.110 Safari/537.36"
157.97.173.108 - - [15/Dec/2021:11:32:45 +0100] "GET /templates/Pixame_v1/images/nav.png HTTP/1.0" 200 268 "http://www.wonder-geek.com/templates/Pixame_v1/stylesheet.css" "Mozilla/5.0 (Windows NT 10.0; Win64; x64) AppleWebKit/537.36 (KHTML, like Gecko) Chrome/96.0.4664.110 Safari/537.36"
157.97.173.108 - - [15/Dec/2021:11:32:45 +0100] "GET /templates/Pixame_v1/images/header.png HTTP/1.0" 200 271 "http://www.wonder-geek.com/templates/Pixame_v1/stylesheet.css" "Mozilla/5.0 (Windows NT 10.0; Win64; x64) AppleWebKit/537.36 (KHTML, like Gecko) Chrome/96.0.4664.110 Safari/537.36"
157.97.173.108 - - [15/Dec/2021:11:32:45 +0100] "GET /templates/Pixame_v1/images/header-object.png HTTP/1.0" 200 278 "http://www.wonder-geek.com/templates/Pixame_v1/stylesheet.css" "Mozilla/5.0 (Windows NT 10.0; Win64; x64) AppleWebKit/537.36 (KHTML, like Gecko) Chrome/96.0.4664.110 Safari/537.36"
157.97.173.108 - - [15/Dec/2021:11:32:45 +0100] "GET /design/productsenstock.png HTTP/1.0" 200 260 "http://www.wonder-geek.com/templates/Pixame_v1/stylesheet.css" "Mozilla/5.0 (Windows NT 10.0; Win64; x64) AppleWebKit/537.36 (KHTML, like Gecko) Chrome/96.0.4664.110 Safari/537.36"
157.97.173.108 - - [15/Dec/2021:11:32:45 +0100] "GET /templates/Pixame_v1/images/infobox/infobox_footer_middle.gif HTTP/1.0" 200 357 "http://www.wonder-geek.com/dragon-ball-orange-training-bottle-p-31196.html" "Mozilla/5.0 (Windows NT 10.0; Win64; x64) AppleWebKit/537.36 (KHTML, like Gecko) Chrome/96.0.4664.110 Safari/537.36"
157.97.173.108 - - [15/Dec/2021:11:32:46 +0100] "GET /highslide/graphics/outlines/drop-shadow.png HTTP/1.0" 200 277 "http://www.wonder-geek.com/dragon-ball-orange-training-bottle-p-31196.html" "Mozilla/5.0 (Windows NT 10.0; Win64; x64) AppleWebKit/537.36 (KHTML, like Gecko) Chrome/96.0.4664.110 Safari/537.36"
157.97.173.108 - - [15/Dec/2021:11:32:46 +0100] "GET /highslide/graphics/zoomout.cur HTTP/1.0" 200 614 "http://www.wonder-geek.com/dragon-ball-orange-training-bottle-p-31196.html" "Mozilla/5.0 (Windows NT 10.0; Win64; x64) AppleWebKit/537.36 (KHTML, like Gecko) Chrome/96.0.4664.110 Safari/537.36"
157.97.173.108 - - [15/Dec/2021:11:32:46 +0100] "GET /highslide/graphics/loader.white.gif HTTP/1.0" 200 960 "http://www.wonder-geek.com/templates/Pixame_v1/stylesheet.css" "Mozilla/5.0 (Windows NT 10.0; Win64; x64) AppleWebKit/537.36 (KHTML, like Gecko) Chrome/96.0.4664.110 Safari/537.36"
157.97.173.108 - - [15/Dec/2021:11:32:46 +0100] "GET /favicon.ico HTTP/1.0" 200 260 "http://www.wonder-geek.com/dragon-ball-orange-training-bottle-p-31196.html" "Mozilla/5.0 (Windows NT 10.0; Win64; x64) AppleWebKit/537.36 (KHTML, like Gecko) Chrome/96.0.4664.110 Safari/537.36"
185.191.171.24 - - [15/Dec/2021:11:33:24 +0100] "GET /-p-44612.html?action=add_product HTTP/1.0" 302 476 "-" "Mozilla/5.0 (compatible; SemrushBot/7~bl; +http://www.semrush.com/bot.html)"
185.191.171.19 - - [15/Dec/2021:11:33:38 +0100] "GET /-p-47966.html?action=add_product HTTP/1.0" 302 476 "-" "Mozilla/5.0 (compatible; SemrushBot/7~bl; +http://www.semrush.com/bot.html)"
185.191.171.24 - - [15/Dec/2021:11:33:40 +0100] "GET /small-blue-crocodile-money-p-54812.html?action=add_product HTTP/1.0" 302 476 "-" "Mozilla/5.0 (compatible; SemrushBot/7~bl; +http://www.semrush.com/bot.html)"
185.191.171.3 - - [15/Dec/2021:11:34:12 +0100] "GET /polar-blanket-grey-130-160-cm-p-43352.html HTTP/1.0" 301 70680 "-" "Mozilla/5.0 (compatible; SemrushBot/7~bl; +http://www.semrush.com/bot.html)"
185.191.171.36 - - [15/Dec/2021:11:34:15 +0100] "GET /-p-43352.html HTTP/1.0" 200 70613 "-" "Mozilla/5.0 (compatible; SemrushBot/7~bl; +http://www.semrush.com/bot.html)"
185.191.171.35 - - [15/Dec/2021:11:34:55 +0100] "GET /paris-bistrot-metal-tray-34-cm-p-39511.html HTTP/1.0" 301 73464 "-" "Mozilla/5.0 (compatible; SemrushBot/7~bl; +http://www.semrush.com/bot.html)"
185.191.171.13 - - [15/Dec/2021:11:34:58 +0100] "GET /paris-bistrot-metal-tray-p-39511.html HTTP/1.0" 200 73373 "-" "Mozilla/5.0 (compatible; SemrushBot/7~bl; +http://www.semrush.com/bot.html)"
185.191.171.11 - - [15/Dec/2021:11:35:02 +0100] "GET /nightlight-green-despicable-p-33708.html?action=add_product HTTP/1.0" 302 476 "-" "Mozilla/5.0 (compatible; SemrushBot/7~bl; +http://www.semrush.com/bot.html)"
185.191.171.7 - - [15/Dec/2021:11:35:09 +0100] "GET /phone-cover-iphone-cbkreation-p-13939.html?action=add_product HTTP/1.0" 302 476 "-" "Mozilla/5.0 (compatible; SemrushBot/7~bl; +http://www.semrush.com/bot.html)"
20.99.156.41 - - [15/Dec/2021:11:35:09 +0100] "GET /images/big_prod/3503420028274.jpg HTTP/1.0" 200 268 "-" "Mozilla/5.0 (Windows NT 6.1; WOW64) AppleWebKit/537.36 (KHTML, like Gecko) Chrome/45.0.2454.101 Safari/537.36"
207.46.13.52 - - [15/Dec/2021:11:35:22 +0100] "GET /pillowcases-bolstercases-c-11_166.html HTTP/1.0" 200 90948 "-" "Mozilla/5.0 (compatible; bingbot/2.0; +http://www.bing.com/bingbot.htm)"
54.36.148.243 - - [15/Dec/2021:11:35:33 +0100] "GET /black-zippo-fire-starter-p-51933.html HTTP/1.0" 200 74134 "-" "Mozilla/5.0 (compatible; AhrefsBot/7.0; +http://ahrefs.com/robot/)"
185.191.171.37 - - [15/Dec/2021:11:35:45 +0100] "GET /tarot-flower-life-engraved-p-39337.html HTTP/1.0" 200 74191 "-" "Mozilla/5.0 (compatible; SemrushBot/7~bl; +http://www.semrush.com/bot.html)"
185.191.171.7 - - [15/Dec/2021:11:37:01 +0100] "GET /robots.txt HTTP/1.0" 200 245 "-" "Mozilla/5.0 (compatible; SemrushBot/7~bl; +http://www.semrush.com/bot.html)"
185.191.171.22 - - [15/Dec/2021:11:37:01 +0100] "GET /cats-dubout-cotton-kitchen-towel-made-france-p-36635.html?action=add_product HTTP/1.0" 302 476 "-" "Mozilla/5.0 (compatible; SemrushBot/7~bl; +http://www.semrush.com/bot.html)"
144.202.98.39 - - [15/Dec/2021:11:37:16 +0100] "GET /images/mini_prod/1399984239810.jpg HTTP/1.0" 200 269 "-" "Mozilla/5.0 (X11; Ubuntu; Linux x86_64; rv:72.0) Gecko/20100101 Firefox/72.0"
45.76.250.213 - - [15/Dec/2021:11:38:37 +0100] "GET /images/mini_prod/8421440076059.jpg HTTP/1.0" 200 269 "-" "Mozilla/5.0 (X11; Ubuntu; Linux x86_64; rv:72.0) Gecko/20100101 Firefox/72.0"
185.191.171.23 - - [15/Dec/2021:11:38:46 +0100] "GET /scent-heart-home-welcoming-fire-p-53328.html?action=add_product HTTP/1.0" 302 476 "-" "Mozilla/5.0 (compatible; SemrushBot/7~bl; +http://www.semrush.com/bot.html)"
185.191.171.14 - - [15/Dec/2021:11:39:08 +0100] "GET /big-paris-magnetic-clock-p-17314.html HTTP/1.0" 301 70778 "-" "Mozilla/5.0 (compatible; SemrushBot/7~bl; +http://www.semrush.com/bot.html)"
185.191.171.45 - - [15/Dec/2021:11:39:11 +0100] "GET /paris-magnetic-clock-p-17314.html HTTP/1.0" 200 70691 "-" "Mozilla/5.0 (compatible; SemrushBot/7~bl; +http://www.semrush.com/bot.html)"
185.191.171.19 - - [15/Dec/2021:11:39:21 +0100] "GET /fiat-yellow-clock-p-29047.html?action=add_product HTTP/1.0" 302 476 "-" "Mozilla/5.0 (compatible; SemrushBot/7~bl; +http://www.semrush.com/bot.html)"
54.36.148.243 - - [15/Dec/2021:11:39:37 +0100] "GET /cotton-glove-holder-little-prince-exupry-p-53862.html HTTP/1.0" 200 78189 "-" "Mozilla/5.0 (compatible; AhrefsBot/7.0; +http://ahrefs.com/robot/)"
185.191.171.20 - - [15/Dec/2021:11:39:44 +0100] "GET /mickey-mouse-facets-figurine-p-56731.html HTTP/1.0" 200 74588 "-" "Mozilla/5.0 (compatible; SemrushBot/7~bl; +http://www.semrush.com/bot.html)"
185.191.171.20 - - [15/Dec/2021:11:39:55 +0100] "GET /skull-and-snake-figure-p-41716.html HTTP/1.0" 301 70768 "-" "Mozilla/5.0 (compatible; SemrushBot/7~bl; +http://www.semrush.com/bot.html)"
185.191.171.37 - - [15/Dec/2021:11:39:58 +0100] "GET /skull-snake-figure-p-41716.html HTTP/1.0" 200 70683 "-" "Mozilla/5.0 (compatible; SemrushBot/7~bl; +http://www.semrush.com/bot.html)"
17.121.113.222 - - [15/Dec/2021:11:40:35 +0100] "GET /aurora-small-flexible-molds-p-28215.html HTTP/1.0" 200 73468 "-" "Mozilla/5.0 (Macintosh; Intel Mac OS X 10_15_5) AppleWebKit/605.1.15 (KHTML, like Gecko) Version/13.1.1 Safari/605.1.15 (Applebot/0.1; +http://www.apple.com/go/applebot)"
185.191.171.34 - - [15/Dec/2021:11:40:44 +0100] "GET /protects-mattress-fleece-cotton-p-39149.html?action=add_product HTTP/1.0" 302 476 "-" "Mozilla/5.0 (compatible; SemrushBot/7~bl; +http://www.semrush.com/bot.html)"
185.191.171.38 - - [15/Dec/2021:11:40:52 +0100] "GET /table-lamp-white-and-wood-p-41369.html HTTP/1.0" 301 73477 "-" "Mozilla/5.0 (compatible; SemrushBot/7~bl; +http://www.semrush.com/bot.html)"
185.191.171.23 - - [15/Dec/2021:11:40:56 +0100] "GET /table-lamp-white-wood-p-41369.html HTTP/1.0" 200 73389 "-" "Mozilla/5.0 (compatible; SemrushBot/7~bl; +http://www.semrush.com/bot.html)"
185.191.171.18 - - [15/Dec/2021:11:41:00 +0100] "GET /buddha-zippo-lighter-p-39530.html HTTP/1.0" 200 75554 "-" "Mozilla/5.0 (compatible; SemrushBot/7~bl; +http://www.semrush.com/bot.html)"
51.68.224.127 - - [15/Dec/2021:11:41:09 +0100] "GET /adminweb/export_orders_xml.php?token=256de2z6edz6ed2z6DFSFsed2zed6zeDSFDSGdzedezfzf&maxorders=10&orderstart=1&status=14&start_date=2018-10-01 HTTP/1.0" 200 285 "-" "GesCom CharlotteBoutik Serveur"
51.68.224.127 - - [15/Dec/2021:11:41:09 +0100] "GET /adminweb/export_orders_xml.php?token=256de2z6edz6ed2z6DFSFsed2zed6zeDSFDSGdzedezfzf&maxorders=10&orderstart=1&status=6&start_date=2018-10-01 HTTP/1.0" 200 32471 "-" "GesCom CharlotteBoutik Serveur"
40.77.167.66 - - [15/Dec/2021:11:41:14 +0100] "GET /images/3660173161402.jpg HTTP/1.0" 200 259 "-" "Mozilla/5.0 (compatible; bingbot/2.0; +http://www.bing.com/bingbot.htm)"
