54.36.148.243 - - [15/Dec/2021:04:18:25 +0100] "GET /floor-cushions-c-11_182.html HTTP/1.0" 200 91229 "-" "Mozilla/5.0 (compatible; AhrefsBot/7.0; +http://ahrefs.com/robot/)"
159.138.102.98 - - [15/Dec/2021:04:19:06 +0100] "GET /images/mini_prod/3700572761596.jpg HTTP/1.0" 200 269 "-" "Mozilla/5.0 (Linux; Android 7.0;) AppleWebKit/537.36 (KHTML, like Gecko) Mobile Safari/537.36 (compatible; PetalBot;+https://webmaster.petalsearch.com/site/petalbot)"
185.191.171.45 - - [15/Dec/2021:04:19:05 +0100] "GET /meditation-cushion-red-organic-cotton-p-51650.html HTTP/1.0" 301 74978 "-" "Mozilla/5.0 (compatible; SemrushBot/7~bl; +http://www.semrush.com/bot.html)"
185.191.171.12 - - [15/Dec/2021:04:19:08 +0100] "GET /meditation-cushion-organic-cotton-p-51650.html HTTP/1.0" 200 74878 "-" "Mozilla/5.0 (compatible; SemrushBot/7~bl; +http://www.semrush.com/bot.html)"
185.191.171.2 - - [15/Dec/2021:04:19:32 +0100] "GET /adults-c-53.html?page=15 HTTP/1.0" 200 85957 "-" "Mozilla/5.0 (compatible; SemrushBot/7~bl; +http://www.semrush.com/bot.html)"
17.121.115.202 - - [15/Dec/2021:04:19:56 +0100] "GET /high-klimt-baiser-p-47903.html HTTP/1.0" 200 70689 "-" "Mozilla/5.0 (Macintosh; Intel Mac OS X 10_15_5) AppleWebKit/605.1.15 (KHTML, like Gecko) Version/13.1.1 Safari/605.1.15 (Applebot/0.1; +http://www.apple.com/go/applebot)"
185.191.171.3 - - [15/Dec/2021:04:20:29 +0100] "GET /red-polyester-round-chair-cushion-p-46460.html HTTP/1.0" 301 74062 "-" "Mozilla/5.0 (compatible; SemrushBot/7~bl; +http://www.semrush.com/bot.html)"
185.191.171.22 - - [15/Dec/2021:04:20:32 +0100] "GET /polyester-round-chair-cushion-p-46460.html HTTP/1.0" 200 73966 "-" "Mozilla/5.0 (compatible; SemrushBot/7~bl; +http://www.semrush.com/bot.html)"
185.191.171.33 - - [15/Dec/2021:04:20:51 +0100] "GET /buddha-moon-statuette-p-53040.html?action=add_product HTTP/1.0" 302 476 "-" "Mozilla/5.0 (compatible; SemrushBot/7~bl; +http://www.semrush.com/bot.html)"
17.121.113.163 - - [15/Dec/2021:04:21:06 +0100] "GET /skull-door-knocker-p-34183.html HTTP/1.0" 200 73232 "-" "Mozilla/5.0 (Macintosh; Intel Mac OS X 10_15_5) AppleWebKit/605.1.15 (KHTML, like Gecko) Version/13.1.1 Safari/605.1.15 (Applebot/0.1; +http://www.apple.com/go/applebot)"
185.191.171.16 - - [15/Dec/2021:04:21:15 +0100] "GET /mani-the-lucky-cat-keychain-p-46161.html HTTP/1.0" 301 73445 "-" "Mozilla/5.0 (compatible; SemrushBot/7~bl; +http://www.semrush.com/bot.html)"
185.191.171.9 - - [15/Dec/2021:04:21:18 +0100] "GET /mani-lucky-keychain-p-46161.html HTTP/1.0" 200 73359 "-" "Mozilla/5.0 (compatible; SemrushBot/7~bl; +http://www.semrush.com/bot.html)"
185.191.171.23 - - [15/Dec/2021:04:21:25 +0100] "GET /retro-mustache-barber-p-41580.html?action=add_product HTTP/1.0" 302 476 "-" "Mozilla/5.0 (compatible; SemrushBot/7~bl; +http://www.semrush.com/bot.html)"
54.36.148.243 - - [15/Dec/2021:04:21:28 +0100] "GET /small-trays-c-12_159_261.html HTTP/1.0" 200 90054 "-" "Mozilla/5.0 (compatible; AhrefsBot/7.0; +http://ahrefs.com/robot/)"
178.175.130.251 - - [15/Dec/2021:04:21:29 +0100] "GET /fitted-sheet-in-cotton-percale-80-threads-160-200-30-cm-p-44300.html HTTP/1.0" 301 73675 "http://www.wonder-geek.com/fitted-sheet-in-cotton-percale-80-threads-160-200-30-cm-p-44300.html" "Mozilla/5.0 (Windows NT 6.1; WOW64) AppleWebKit/537.36 (KHTML, like Gecko) Chrome/90.0.4430.85 Safari/537.36"
178.175.130.251 - - [15/Dec/2021:04:21:32 +0100] "GET /fitted-sheet-cotton-percale-threads-p-44300.html HTTP/1.0" 200 73573 "http://www.wonder-geek.com/fitted-sheet-cotton-percale-threads-p-44300.html" "Mozilla/5.0 (Windows NT 6.1; WOW64) AppleWebKit/537.36 (KHTML, like Gecko) Chrome/90.0.4430.85 Safari/537.36"
178.175.130.251 - - [15/Dec/2021:04:21:34 +0100] "GET /create_account.php HTTP/1.0" 200 33633 "http://www.wonder-geek.com/create_account.php" "Mozilla/5.0 (Windows NT 6.1; WOW64) AppleWebKit/537.36 (KHTML, like Gecko) Chrome/90.0.4430.85 Safari/537.36"
185.191.171.25 - - [15/Dec/2021:04:21:45 +0100] "GET /recette-amiti-adult-apron-p-55856.html?action=add_product HTTP/1.0" 302 476 "-" "Mozilla/5.0 (compatible; SemrushBot/7~bl; +http://www.semrush.com/bot.html)"
66.249.70.70 - - [15/Dec/2021:04:22:28 +0100] "GET /images/mini_prod/8422019037334C.jpg HTTP/1.0" 200 270 "-" "Googlebot-Image/1.0"
178.175.130.251 - - [15/Dec/2021:04:22:33 +0100] "POST /create_account.php HTTP/1.0" 200 34279 "http://www.wonder-geek.com/create_account.php" "Mozilla/5.0 (Windows NT 6.1; WOW64) AppleWebKit/537.36 (KHTML, like Gecko) Chrome/90.0.4430.85 Safari/537.36"
178.175.130.251 - - [15/Dec/2021:04:22:34 +0100] "GET /fitted-sheet-cotton-percale-threads-p-44300.html HTTP/1.0" 200 73573 "http://www.wonder-geek.com/fitted-sheet-cotton-percale-threads-p-44300.html" "Mozilla/5.0 (Windows NT 6.1; WOW64) AppleWebKit/537.36 (KHTML, like Gecko) Chrome/90.0.4430.85 Safari/537.36"
216.244.66.242 - - [15/Dec/2021:04:22:37 +0100] "GET /cold-beer-large-glass-p-28793.html HTTP/1.0" 301 70680 "-" "Mozilla/5.0 (compatible; DotBot/1.2; +https://opensiteexplorer.org/dotbot; help@moz.com)"
216.244.66.242 - - [15/Dec/2021:04:23:10 +0100] "GET /sugar-and-spice-calendar-year-2018-p-36749.html HTTP/1.0" 301 70828 "-" "Mozilla/5.0 (compatible; DotBot/1.2; +https://opensiteexplorer.org/dotbot; help@moz.com)"
185.191.171.44 - - [15/Dec/2021:04:23:31 +0100] "GET /esotericism-lithotherapy-c-174.html?page=5 HTTP/1.0" 200 92384 "-" "Mozilla/5.0 (compatible; SemrushBot/7~bl; +http://www.semrush.com/bot.html)"
185.191.171.36 - - [15/Dec/2021:04:24:00 +0100] "GET /little-prince-exupery-little-tray-p-55869.html HTTP/1.0" 200 73625 "-" "Mozilla/5.0 (compatible; SemrushBot/7~bl; +http://www.semrush.com/bot.html)"
40.77.167.66 - - [15/Dec/2021:04:24:04 +0100] "GET /-p-47898.html HTTP/1.0" 200 70613 "-" "Mozilla/5.0 (compatible; bingbot/2.0; +http://www.bing.com/bingbot.htm)"
185.191.171.34 - - [15/Dec/2021:04:24:05 +0100] "GET /metal-plate-p-41515.html HTTP/1.0" 200 73238 "-" "Mozilla/5.0 (compatible; SemrushBot/7~bl; +http://www.semrush.com/bot.html)"
114.119.128.40 - - [15/Dec/2021:04:24:08 +0100] "GET /scooters-saltshaker-and-pepper-pot-p-27737.html HTTP/1.0" 301 73392 "-" "Mozilla/5.0 (Linux; Android 7.0;) AppleWebKit/537.36 (KHTML, like Gecko) Mobile Safari/537.36 (compatible; PetalBot;+https://webmaster.petalsearch.com/site/petalbot)"
114.119.128.40 - - [15/Dec/2021:04:24:09 +0100] "GET /scooters-saltshaker-pepper-p-27737.html HTTP/1.0" 200 73299 "-" "Mozilla/5.0 (Linux; Android 7.0;) AppleWebKit/537.36 (KHTML, like Gecko) Mobile Safari/537.36 (compatible; PetalBot;+https://webmaster.petalsearch.com/site/petalbot)"
54.36.148.243 - - [15/Dec/2021:04:24:28 +0100] "GET /purse-wallet-c-31_76.html HTTP/1.0" 200 91318 "-" "Mozilla/5.0 (compatible; AhrefsBot/7.0; +http://ahrefs.com/robot/)"
23.146.241.19 - - [15/Dec/2021:04:24:31 +0100] "GET /.env HTTP/1.0" 301 519 "-" "Mozilla/5.0 (Macintosh; Intel Mac OS X 10.15; rv:77.0) Gecko/20100101 Firefox/77.0"
23.146.241.19 - - [15/Dec/2021:04:24:31 +0100] "GET /.env HTTP/1.0" 404 1308 "-" "Mozilla/5.0 (Macintosh; Intel Mac OS X 10.15; rv:77.0) Gecko/20100101 Firefox/77.0"
157.55.39.228 - - [15/Dec/2021:04:25:23 +0100] "GET /images/big_prod/4029811400898.jpg HTTP/1.0" 200 268 "-" "Mozilla/5.0 (compatible; bingbot/2.0; +http://www.bing.com/bingbot.htm)"
185.191.171.34 - - [15/Dec/2021:04:25:43 +0100] "GET /industrial-retro-clock-in-aged-metal-165-175-cm-p-48586.html HTTP/1.0" 301 70871 "-" "Mozilla/5.0 (compatible; SemrushBot/7~bl; +http://www.semrush.com/bot.html)"
185.191.171.21 - - [15/Dec/2021:04:25:46 +0100] "GET /industrial-retro-clock-aged-metal-p-48586.html HTTP/1.0" 200 70771 "-" "Mozilla/5.0 (compatible; SemrushBot/7~bl; +http://www.semrush.com/bot.html)"
114.119.128.39 - - [15/Dec/2021:04:25:57 +0100] "GET /doormat-love-cats-60-cm-p-52765.html HTTP/1.0" 301 74407 "-" "Mozilla/5.0 (Linux; Android 7.0;) AppleWebKit/537.36 (KHTML, like Gecko) Mobile Safari/537.36 (compatible; PetalBot;+https://webmaster.petalsearch.com/site/petalbot)"
114.119.128.39 - - [15/Dec/2021:04:25:59 +0100] "GET /doormat-love-cats-p-52765.html HTTP/1.0" 200 74323 "-" "Mozilla/5.0 (Linux; Android 7.0;) AppleWebKit/537.36 (KHTML, like Gecko) Mobile Safari/537.36 (compatible; PetalBot;+https://webmaster.petalsearch.com/site/petalbot)"
95.91.75.28 - - [15/Dec/2021:04:26:20 +0100] "GET /robots.txt HTTP/1.0" 200 245 "-" "Mozilla/5.0 (compatible; MJ12bot/v1.4.8; http://mj12bot.com/)"
95.91.75.28 - - [15/Dec/2021:04:26:23 +0100] "GET /zen-singing-bowl-p-36058.html HTTP/1.0" 301 73280 "-" "Mozilla/5.0 (compatible; MJ12bot/v1.4.8; http://mj12bot.com/)"
95.91.75.28 - - [15/Dec/2021:04:26:26 +0100] "GET /singing-bowl-p-36058.html HTTP/1.0" 200 73201 "-" "Mozilla/5.0 (compatible; MJ12bot/v1.4.8; http://mj12bot.com/)"
95.91.75.28 - - [15/Dec/2021:04:26:29 +0100] "GET /zen-singing-bowl-p-42028.html HTTP/1.0" 301 70680 "-" "Mozilla/5.0 (compatible; MJ12bot/v1.4.8; http://mj12bot.com/)"
95.91.75.28 - - [15/Dec/2021:04:26:32 +0100] "GET /-p-42028.html HTTP/1.0" 200 70613 "-" "Mozilla/5.0 (compatible; MJ12bot/v1.4.8; http://mj12bot.com/)"
185.191.171.5 - - [15/Dec/2021:04:26:40 +0100] "GET /jasmin-medium-cabas-jasmine-p-46979.html HTTP/1.0" 200 70703 "-" "Mozilla/5.0 (compatible; SemrushBot/7~bl; +http://www.semrush.com/bot.html)"
157.55.39.223 - - [15/Dec/2021:04:26:45 +0100] "GET /images/big_prod_1/3091693063516B.jpg HTTP/1.0" 200 271 "-" "Mozilla/5.0 (compatible; bingbot/2.0; +http://www.bing.com/bingbot.htm)"
157.55.39.125 - - [15/Dec/2021:04:26:49 +0100] "GET /images/big_prod/1341689464356.jpg HTTP/1.0" 200 268 "-" "Mozilla/5.0 (compatible; bingbot/2.0; +http://www.bing.com/bingbot.htm)"
185.191.171.12 - - [15/Dec/2021:04:27:06 +0100] "GET /london-cosmetic-p-17576.html?action=add_product HTTP/1.0" 302 476 "-" "Mozilla/5.0 (compatible; SemrushBot/7~bl; +http://www.semrush.com/bot.html)"
185.191.171.45 - - [15/Dec/2021:04:27:13 +0100] "GET /bamboo-black-tray-p-48014.html HTTP/1.0" 200 70671 "-" "Mozilla/5.0 (compatible; SemrushBot/7~bl; +http://www.semrush.com/bot.html)"
54.36.148.243 - - [15/Dec/2021:04:27:16 +0100] "GET /cushions-c-11_71.html HTTP/1.0" 200 90892 "-" "Mozilla/5.0 (compatible; AhrefsBot/7.0; +http://ahrefs.com/robot/)"
51.68.224.127 - - [15/Dec/2021:04:27:45 +0100] "GET /adminweb/export_orders_xml.php?token=256de2z6edz6ed2z6DFSFsed2zed6zeDSFDSGdzedezfzf&maxorders=10&orderstart=1&status=14&start_date=2018-10-01 HTTP/1.0" 200 285 "-" "GesCom CharlotteBoutik Serveur"
51.68.224.127 - - [15/Dec/2021:04:27:45 +0100] "GET /adminweb/export_orders_xml.php?token=256de2z6edz6ed2z6DFSFsed2zed6zeDSFDSGdzedezfzf&maxorders=10&orderstart=1&status=6&start_date=2018-10-01 HTTP/1.0" 200 32471 "-" "GesCom CharlotteBoutik Serveur"
74.125.209.50 - - [15/Dec/2021:04:28:07 +0100] "GET /images/big_prod/5027166920039.jpg HTTP/1.0" 200 268 "-" "Mozilla/5.0 (Windows NT 5.1; rv:11.0) Gecko Firefox/11.0 (via ggpht.com GoogleImageProxy)"
157.55.39.0 - - [15/Dec/2021:04:29:35 +0100] "GET /images/big_prod/5701359746056.jpg HTTP/1.0" 200 268 "-" "Mozilla/5.0 (compatible; bingbot/2.0; +http://www.bing.com/bingbot.htm)"
54.36.148.243 - - [15/Dec/2021:04:30:10 +0100] "GET /lighting-c-86.html HTTP/1.0" 200 90940 "-" "Mozilla/5.0 (compatible; AhrefsBot/7.0; +http://ahrefs.com/robot/)"
216.244.66.242 - - [15/Dec/2021:04:30:36 +0100] "GET /avengers-stickers-p-31212.html HTTP/1.0" 200 73260 "-" "Mozilla/5.0 (compatible; DotBot/1.2; +https://opensiteexplorer.org/dotbot; help@moz.com)"
185.191.171.39 - - [15/Dec/2021:04:30:38 +0100] "GET /prince-persia-shirt-p-29595.html HTTP/1.0" 200 74681 "-" "Mozilla/5.0 (compatible; SemrushBot/7~bl; +http://www.semrush.com/bot.html)"
216.244.66.242 - - [15/Dec/2021:04:30:42 +0100] "GET /keyrings-c-3_52.html?page=4 HTTP/1.0" 200 94381 "-" "Mozilla/5.0 (compatible; DotBot/1.2; +https://opensiteexplorer.org/dotbot; help@moz.com)"
102.129.145.231 - - [15/Dec/2021:04:30:46 +0100] "GET /contact_us.php HTTP/1.0" 301 539 "-" "Mozilla/5.0 (Windows NT 10.0; Win64; x64) AppleWebKit/537.36 (KHTML, like Gecko) Chrome/96.0.4664.93 Safari/537.36"
102.129.145.231 - - [15/Dec/2021:04:30:47 +0100] "GET /contact_us.php HTTP/1.0" 200 26241 "-" "Mozilla/5.0 (Windows NT 10.0; Win64; x64) AppleWebKit/537.36 (KHTML, like Gecko) Chrome/96.0.4664.93 Safari/537.36"
216.244.66.242 - - [15/Dec/2021:04:30:48 +0100] "GET /pendulum-selenite-drop-shaped-with-chakra-chain-p-45032.html HTTP/1.0" 200 74734 "-" "Mozilla/5.0 (compatible; DotBot/1.2; +https://opensiteexplorer.org/dotbot; help@moz.com)"
216.244.66.242 - - [15/Dec/2021:04:30:59 +0100] "GET /stone-septarian-grams-p-46596.html HTTP/1.0" 200 74579 "-" "Mozilla/5.0 (compatible; DotBot/1.2; +https://opensiteexplorer.org/dotbot; help@moz.com)"
66.249.70.74 - - [15/Dec/2021:04:31:04 +0100] "GET /figures-sonny-angel-birthday-gift-bear-series-complete-p-54725.html HTTP/1.0" 200 74587 "-" "Mozilla/5.0 (Linux; Android 6.0.1; Nexus 5X Build/MMB29P) AppleWebKit/537.36 (KHTML, like Gecko) Chrome/96.0.4664.93 Mobile Safari/537.36 (compatible; Googlebot/2.1; +http://www.google.com/bot.html)"
157.55.39.223 - - [15/Dec/2021:04:31:47 +0100] "GET /decorative-metal-plate-p-51436.html HTTP/1.0" 200 70727 "-" "Mozilla/5.0 (compatible; bingbot/2.0; +http://www.bing.com/bingbot.htm)"
185.191.171.19 - - [15/Dec/2021:04:33:17 +0100] "GET /coconut-fibers-doormat-love-cats-p-53696.html HTTP/1.0" 200 74220 "-" "Mozilla/5.0 (compatible; SemrushBot/7~bl; +http://www.semrush.com/bot.html)"
185.191.171.7 - - [15/Dec/2021:04:33:30 +0100] "GET /zen-shower-curtain-180-200-cm-p-50725.html HTTP/1.0" 301 74009 "-" "Mozilla/5.0 (compatible; SemrushBot/7~bl; +http://www.semrush.com/bot.html)"
54.36.148.243 - - [15/Dec/2021:04:33:32 +0100] "GET /cosmetic-bags-flat-purse-c-31_239.html HTTP/1.0" 200 95561 "-" "Mozilla/5.0 (compatible; AhrefsBot/7.0; +http://ahrefs.com/robot/)"
185.191.171.17 - - [15/Dec/2021:04:33:33 +0100] "GET /shower-curtain-p-50725.html HTTP/1.0" 200 73928 "-" "Mozilla/5.0 (compatible; SemrushBot/7~bl; +http://www.semrush.com/bot.html)"
185.191.171.15 - - [15/Dec/2021:04:33:38 +0100] "GET /mtal-signs-c-13_130.html?page=10 HTTP/1.0" 200 95608 "-" "Mozilla/5.0 (compatible; SemrushBot/7~bl; +http://www.semrush.com/bot.html)"
185.191.171.13 - - [15/Dec/2021:04:34:19 +0100] "GET /flasks-c-12_245.html HTTP/1.0" 200 79825 "-" "Mozilla/5.0 (compatible; SemrushBot/7~bl; +http://www.semrush.com/bot.html)"
54.36.148.243 - - [15/Dec/2021:04:34:47 +0100] "GET /pression-depression-metal-plate-deco-p-57073.html HTTP/1.0" 200 73913 "-" "Mozilla/5.0 (compatible; AhrefsBot/7.0; +http://ahrefs.com/robot/)"
185.191.171.8 - - [15/Dec/2021:04:35:01 +0100] "GET /emoticon-cushion-emoji-p-42820.html HTTP/1.0" 301 70680 "-" "Mozilla/5.0 (compatible; SemrushBot/7~bl; +http://www.semrush.com/bot.html)"
185.191.171.43 - - [15/Dec/2021:04:35:04 +0100] "GET /-p-42820.html HTTP/1.0" 200 70613 "-" "Mozilla/5.0 (compatible; SemrushBot/7~bl; +http://www.semrush.com/bot.html)"
114.119.128.39 - - [15/Dec/2021:04:35:06 +0100] "GET /images/big_prod_1/3457098824365b.jpg HTTP/1.0" 200 271 "-" "Mozilla/5.0 (Linux; Android 7.0;) AppleWebKit/537.36 (KHTML, like Gecko) Mobile Safari/537.36 (compatible; PetalBot;+https://webmaster.petalsearch.com/site/petalbot)"
66.249.70.74 - - [15/Dec/2021:04:35:17 +0100] "GET /mala-golden-quartz-aa-quality-108-beads-p-51002.html HTTP/1.0" 301 76570 "-" "Mozilla/5.0 (Linux; Android 6.0.1; Nexus 5X Build/MMB29P) AppleWebKit/537.36 (KHTML, like Gecko) Chrome/96.0.4664.93 Mobile Safari/537.36 (compatible; Googlebot/2.1; +http://www.google.com/bot.html)"
66.249.70.70 - - [15/Dec/2021:04:35:19 +0100] "GET /mala-golden-quartz-quality-beads-p-51002.html HTTP/1.0" 200 76471 "-" "Mozilla/5.0 (Linux; Android 6.0.1; Nexus 5X Build/MMB29P) AppleWebKit/537.36 (KHTML, like Gecko) Chrome/96.0.4664.93 Mobile Safari/537.36 (compatible; Googlebot/2.1; +http://www.google.com/bot.html)"
185.191.171.10 - - [15/Dec/2021:04:35:22 +0100] "GET /washed-dyed-cotton-tablecloth-p-55050.html HTTP/1.0" 200 74117 "-" "Mozilla/5.0 (compatible; SemrushBot/7~bl; +http://www.semrush.com/bot.html)"
185.191.171.13 - - [15/Dec/2021:04:35:37 +0100] "GET /mugs-and-mazagrans-c-12_57.html?page=11 HTTP/1.0" 301 97314 "-" "Mozilla/5.0 (compatible; SemrushBot/7~bl; +http://www.semrush.com/bot.html)"
185.191.171.7 - - [15/Dec/2021:04:35:42 +0100] "GET /mugs-mazagrans-c-57.html?page=11 HTTP/1.0" 301 97213 "-" "Mozilla/5.0 (compatible; SemrushBot/7~bl; +http://www.semrush.com/bot.html)"
185.191.171.15 - - [15/Dec/2021:04:35:45 +0100] "GET /mugs-mazagrans-c-12_57.html?page=11 HTTP/1.0" 200 97228 "-" "Mozilla/5.0 (compatible; SemrushBot/7~bl; +http://www.semrush.com/bot.html)"
66.249.70.72 - - [15/Dec/2021:04:36:15 +0100] "GET /images/big_prod/8718375753279.jpg HTTP/1.0" 200 268 "-" "Googlebot-Image/1.0"
185.191.171.25 - - [15/Dec/2021:04:36:30 +0100] "GET /lion-clasic-keyring-by-cbkreation-p-43250.html HTTP/1.0" 301 73478 "-" "Mozilla/5.0 (compatible; SemrushBot/7~bl; +http://www.semrush.com/bot.html)"
185.191.171.44 - - [15/Dec/2021:04:36:33 +0100] "GET /lion-clasic-keyring-cbkreation-p-43250.html HTTP/1.0" 200 73381 "-" "Mozilla/5.0 (compatible; SemrushBot/7~bl; +http://www.semrush.com/bot.html)"
185.191.171.25 - - [15/Dec/2021:04:37:14 +0100] "GET /wooden-cubi-cover-amour-gloire-p-57019.html HTTP/1.0" 200 74204 "-" "Mozilla/5.0 (compatible; SemrushBot/7~bl; +http://www.semrush.com/bot.html)"
185.191.171.18 - - [15/Dec/2021:04:37:42 +0100] "GET /flower-power-cbkreation-p-14676.html?action=add_product HTTP/1.0" 302 476 "-" "Mozilla/5.0 (compatible; SemrushBot/7~bl; +http://www.semrush.com/bot.html)"
54.36.148.243 - - [15/Dec/2021:04:37:51 +0100] "GET /tinkerbell-disney-jean-p-30235.html HTTP/1.0" 200 74441 "-" "Mozilla/5.0 (compatible; AhrefsBot/7.0; +http://ahrefs.com/robot/)"
185.191.171.13 - - [15/Dec/2021:04:38:04 +0100] "GET /-p-21443.html?action=add_product HTTP/1.0" 302 476 "-" "Mozilla/5.0 (compatible; SemrushBot/7~bl; +http://www.semrush.com/bot.html)"
185.191.171.13 - - [15/Dec/2021:04:38:41 +0100] "GET /table-lamp-metal-gray-color-p-57003.html?action=add_product HTTP/1.0" 302 476 "-" "Mozilla/5.0 (compatible; SemrushBot/7~bl; +http://www.semrush.com/bot.html)"
185.191.171.11 - - [15/Dec/2021:04:39:21 +0100] "GET /wooden-wall-decoration-flamingo-p-42798.html HTTP/1.0" 200 73341 "-" "Mozilla/5.0 (compatible; SemrushBot/7~bl; +http://www.semrush.com/bot.html)"
17.121.115.149 - - [15/Dec/2021:04:39:26 +0100] "GET /paperweight-kiub-collection-p-55896.html HTTP/1.0" 200 74045 "-" "Mozilla/5.0 (Macintosh; Intel Mac OS X 10_15_5) AppleWebKit/605.1.15 (KHTML, like Gecko) Version/13.1.1 Safari/605.1.15 (Applebot/0.1; +http://www.apple.com/go/applebot)"
157.55.39.0 - - [15/Dec/2021:04:39:36 +0100] "GET /images/8462181600189.jpg HTTP/1.0" 200 259 "-" "Mozilla/5.0 (compatible; bingbot/2.0; +http://www.bing.com/bingbot.htm)"
54.36.148.243 - - [15/Dec/2021:04:40:39 +0100] "GET /cars-melamine-bowl-p-20355.html HTTP/1.0" 200 73289 "-" "Mozilla/5.0 (compatible; AhrefsBot/7.0; +http://ahrefs.com/robot/)"
185.191.171.24 - - [15/Dec/2021:04:40:41 +0100] "GET /musical-jewelry-box-p-42719.html HTTP/1.0" 301 73437 "-" "Mozilla/5.0 (compatible; SemrushBot/7~bl; +http://www.semrush.com/bot.html)"
185.191.171.35 - - [15/Dec/2021:04:40:44 +0100] "GET /musical-jewelry-p-42719.html HTTP/1.0" 200 73355 "-" "Mozilla/5.0 (compatible; SemrushBot/7~bl; +http://www.semrush.com/bot.html)"
185.191.171.2 - - [15/Dec/2021:04:40:59 +0100] "GET /incense-lphant-rose-varuni-p-40379.html HTTP/1.0" 200 73496 "-" "Mozilla/5.0 (compatible; SemrushBot/7~bl; +http://www.semrush.com/bot.html)"
173.48.38.155 - - [15/Dec/2021:04:41:39 +0100] "GET /cotton-floor-cushion-daphn-p-54415.html HTTP/1.0" 200 74036 "https://www.google.com/" "Mozilla/5.0 (iPhone; CPU iPhone OS 15_1 like Mac OS X) AppleWebKit/605.1.15 (KHTML, like Gecko) Version/15.1 Mobile/15E148 Safari/604.1"
173.48.38.155 - - [15/Dec/2021:04:41:40 +0100] "GET /templates/Pixame_v1/stylesheet.css HTTP/1.0" 200 267 "http://www.wonder-geek.com/cotton-floor-cushion-daphn-p-54415.html" "Mozilla/5.0 (iPhone; CPU iPhone OS 15_1 like Mac OS X) AppleWebKit/605.1.15 (KHTML, like Gecko) Version/15.1 Mobile/15E148 Safari/604.1"
173.48.38.155 - - [15/Dec/2021:04:41:40 +0100] "GET /highslide/highslide.js HTTP/1.0" 200 262 "http://www.wonder-geek.com/cotton-floor-cushion-daphn-p-54415.html" "Mozilla/5.0 (iPhone; CPU iPhone OS 15_1 like Mac OS X) AppleWebKit/605.1.15 (KHTML, like Gecko) Version/15.1 Mobile/15E148 Safari/604.1"
173.48.38.155 - - [15/Dec/2021:04:41:40 +0100] "GET /js/jquery.jqzoom.js HTTP/1.0" 200 259 "http://www.wonder-geek.com/cotton-floor-cushion-daphn-p-54415.html" "Mozilla/5.0 (iPhone; CPU iPhone OS 15_1 like Mac OS X) AppleWebKit/605.1.15 (KHTML, like Gecko) Version/15.1 Mobile/15E148 Safari/604.1"
173.48.38.155 - - [15/Dec/2021:04:41:40 +0100] "GET /js/jquery.js HTTP/1.0" 200 252 "http://www.wonder-geek.com/cotton-floor-cushion-daphn-p-54415.html" "Mozilla/5.0 (iPhone; CPU iPhone OS 15_1 like Mac OS X) AppleWebKit/605.1.15 (KHTML, like Gecko) Version/15.1 Mobile/15E148 Safari/604.1"
173.48.38.155 - - [15/Dec/2021:04:41:40 +0100] "GET /mondial_relay/js/jquery-1.3.2.min.js HTTP/1.0" 200 276 "http://www.wonder-geek.com/cotton-floor-cushion-daphn-p-54415.html" "Mozilla/5.0 (iPhone; CPU iPhone OS 15_1 like Mac OS X) AppleWebKit/605.1.15 (KHTML, like Gecko) Version/15.1 Mobile/15E148 Safari/604.1"
173.48.38.155 - - [15/Dec/2021:04:41:41 +0100] "GET /swfobject.js HTTP/1.0" 404 1308 "http://www.wonder-geek.com/cotton-floor-cushion-daphn-p-54415.html" "Mozilla/5.0 (iPhone; CPU iPhone OS 15_1 like Mac OS X) AppleWebKit/605.1.15 (KHTML, like Gecko) Version/15.1 Mobile/15E148 Safari/604.1"
173.48.38.155 - - [15/Dec/2021:04:41:41 +0100] "GET /templates/Pixame_v1/images/icon_accueil2.png HTTP/1.0" 200 278 "http://www.wonder-geek.com/cotton-floor-cushion-daphn-p-54415.html" "Mozilla/5.0 (iPhone; CPU iPhone OS 15_1 like Mac OS X) AppleWebKit/605.1.15 (KHTML, like Gecko) Version/15.1 Mobile/15E148 Safari/604.1"
173.48.38.155 - - [15/Dec/2021:04:41:41 +0100] "GET /templates/Pixame_v1/images/infobox/pixel_trans.gif HTTP/1.0" 200 328 "http://www.wonder-geek.com/cotton-floor-cushion-daphn-p-54415.html" "Mozilla/5.0 (iPhone; CPU iPhone OS 15_1 like Mac OS X) AppleWebKit/605.1.15 (KHTML, like Gecko) Version/15.1 Mobile/15E148 Safari/604.1"
173.48.38.155 - - [15/Dec/2021:04:41:41 +0100] "GET /images/pixel_trans.gif HTTP/1.0" 200 328 "http://www.wonder-geek.com/cotton-floor-cushion-daphn-p-54415.html" "Mozilla/5.0 (iPhone; CPU iPhone OS 15_1 like Mac OS X) AppleWebKit/605.1.15 (KHTML, like Gecko) Version/15.1 Mobile/15E148 Safari/604.1"
173.48.38.155 - - [15/Dec/2021:04:41:41 +0100] "GET /templates/Pixame_v1/images/Bottom_texture.jpg HTTP/1.0" 200 280 "http://www.wonder-geek.com/cotton-floor-cushion-daphn-p-54415.html" "Mozilla/5.0 (iPhone; CPU iPhone OS 15_1 like Mac OS X) AppleWebKit/605.1.15 (KHTML, like Gecko) Version/15.1 Mobile/15E148 Safari/604.1"
173.48.38.155 - - [15/Dec/2021:04:41:41 +0100] "GET /templates/Pixame_v1/images/pixel_trans.gif HTTP/1.0" 200 328 "http://www.wonder-geek.com/cotton-floor-cushion-daphn-p-54415.html" "Mozilla/5.0 (iPhone; CPU iPhone OS 15_1 like Mac OS X) AppleWebKit/605.1.15 (KHTML, like Gecko) Version/15.1 Mobile/15E148 Safari/604.1"
173.48.38.155 - - [15/Dec/2021:04:41:41 +0100] "GET /templates/Pixame_v1/images/nav.png HTTP/1.0" 200 268 "http://www.wonder-geek.com/cotton-floor-cushion-daphn-p-54415.html" "Mozilla/5.0 (iPhone; CPU iPhone OS 15_1 like Mac OS X) AppleWebKit/605.1.15 (KHTML, like Gecko) Version/15.1 Mobile/15E148 Safari/604.1"
173.48.38.155 - - [15/Dec/2021:04:41:41 +0100] "GET /templates/Pixame_v1/images/header.png HTTP/1.0" 200 271 "http://www.wonder-geek.com/cotton-floor-cushion-daphn-p-54415.html" "Mozilla/5.0 (iPhone; CPU iPhone OS 15_1 like Mac OS X) AppleWebKit/605.1.15 (KHTML, like Gecko) Version/15.1 Mobile/15E148 Safari/604.1"
173.48.38.155 - - [15/Dec/2021:04:41:41 +0100] "GET /templates/Pixame_v1/images/Middle_texture.jpg HTTP/1.0" 200 280 "http://www.wonder-geek.com/cotton-floor-cushion-daphn-p-54415.html" "Mozilla/5.0 (iPhone; CPU iPhone OS 15_1 like Mac OS X) AppleWebKit/605.1.15 (KHTML, like Gecko) Version/15.1 Mobile/15E148 Safari/604.1"
173.48.38.155 - - [15/Dec/2021:04:41:41 +0100] "GET /images/big_prod_1/3665269129762a.jpg HTTP/1.0" 200 271 "http://www.wonder-geek.com/cotton-floor-cushion-daphn-p-54415.html" "Mozilla/5.0 (iPhone; CPU iPhone OS 15_1 like Mac OS X) AppleWebKit/605.1.15 (KHTML, like Gecko) Version/15.1 Mobile/15E148 Safari/604.1"
173.48.38.155 - - [15/Dec/2021:04:41:41 +0100] "GET /templates/Pixame_v1/images/buttons/english/button_in_cart.gif HTTP/1.0" 200 295 "http://www.wonder-geek.com/cotton-floor-cushion-daphn-p-54415.html" "Mozilla/5.0 (iPhone; CPU iPhone OS 15_1 like Mac OS X) AppleWebKit/605.1.15 (KHTML, like Gecko) Version/15.1 Mobile/15E148 Safari/604.1"
173.48.38.155 - - [15/Dec/2021:04:41:41 +0100] "GET /templates/Pixame_v1/images/infobox/infobox_footer_middle.gif HTTP/1.0" 200 357 "http://www.wonder-geek.com/cotton-floor-cushion-daphn-p-54415.html" "Mozilla/5.0 (iPhone; CPU iPhone OS 15_1 like Mac OS X) AppleWebKit/605.1.15 (KHTML, like Gecko) Version/15.1 Mobile/15E148 Safari/604.1"
173.48.38.155 - - [15/Dec/2021:04:41:41 +0100] "GET /images/big_prod/3665269129762.jpg HTTP/1.0" 200 268 "http://www.wonder-geek.com/cotton-floor-cushion-daphn-p-54415.html" "Mozilla/5.0 (iPhone; CPU iPhone OS 15_1 like Mac OS X) AppleWebKit/605.1.15 (KHTML, like Gecko) Version/15.1 Mobile/15E148 Safari/604.1"
173.48.38.155 - - [15/Dec/2021:04:41:41 +0100] "GET /design/productsenstock.png HTTP/1.0" 200 260 "http://www.wonder-geek.com/cotton-floor-cushion-daphn-p-54415.html" "Mozilla/5.0 (iPhone; CPU iPhone OS 15_1 like Mac OS X) AppleWebKit/605.1.15 (KHTML, like Gecko) Version/15.1 Mobile/15E148 Safari/604.1"
173.48.38.155 - - [15/Dec/2021:04:41:41 +0100] "GET /templates/Pixame_v1/images/header-object.png HTTP/1.0" 200 278 "http://www.wonder-geek.com/cotton-floor-cushion-daphn-p-54415.html" "Mozilla/5.0 (iPhone; CPU iPhone OS 15_1 like Mac OS X) AppleWebKit/605.1.15 (KHTML, like Gecko) Version/15.1 Mobile/15E148 Safari/604.1"
173.48.38.155 - - [15/Dec/2021:04:41:42 +0100] "GET /highslide/graphics/zoomin.cur HTTP/1.0" 200 614 "http://www.wonder-geek.com/cotton-floor-cushion-daphn-p-54415.html" "Mozilla/5.0 (iPhone; CPU iPhone OS 15_1 like Mac OS X) AppleWebKit/605.1.15 (KHTML, like Gecko) Version/15.1 Mobile/15E148 Safari/604.1"
173.48.38.155 - - [15/Dec/2021:04:41:42 +0100] "GET /highslide/graphics/loader.white.gif HTTP/1.0" 200 960 "http://www.wonder-geek.com/cotton-floor-cushion-daphn-p-54415.html" "Mozilla/5.0 (iPhone; CPU iPhone OS 15_1 like Mac OS X) AppleWebKit/605.1.15 (KHTML, like Gecko) Version/15.1 Mobile/15E148 Safari/604.1"
173.48.38.155 - - [15/Dec/2021:04:41:42 +0100] "GET /highslide/graphics/outlines/drop-shadow.png HTTP/1.0" 200 277 "http://www.wonder-geek.com/cotton-floor-cushion-daphn-p-54415.html" "Mozilla/5.0 (iPhone; CPU iPhone OS 15_1 like Mac OS X) AppleWebKit/605.1.15 (KHTML, like Gecko) Version/15.1 Mobile/15E148 Safari/604.1"
173.48.38.155 - - [15/Dec/2021:04:41:42 +0100] "GET /highslide/graphics/zoomout.cur HTTP/1.0" 200 614 "http://www.wonder-geek.com/cotton-floor-cushion-daphn-p-54415.html" "Mozilla/5.0 (iPhone; CPU iPhone OS 15_1 like Mac OS X) AppleWebKit/605.1.15 (KHTML, like Gecko) Version/15.1 Mobile/15E148 Safari/604.1"
173.48.38.155 - - [15/Dec/2021:04:41:43 +0100] "GET /favicon.ico HTTP/1.0" 200 260 "http://www.wonder-geek.com/cotton-floor-cushion-daphn-p-54415.html" "Mozilla/5.0 (iPhone; CPU iPhone OS 15_1 like Mac OS X) AppleWebKit/605.1.15 (KHTML, like Gecko) Version/15.1 Mobile/15E148 Safari/604.1"
185.191.171.9 - - [15/Dec/2021:04:42:40 +0100] "GET /robots.txt HTTP/1.0" 200 245 "-" "Mozilla/5.0 (compatible; SemrushBot/7~bl; +http://www.semrush.com/bot.html)"
185.191.171.42 - - [15/Dec/2021:04:42:40 +0100] "GET /dopey-figure-collection-romero-britto-p-53511.html?action=add_product HTTP/1.0" 302 476 "-" "Mozilla/5.0 (compatible; SemrushBot/7~bl; +http://www.semrush.com/bot.html)"
148.251.9.145 - - [15/Dec/2021:04:43:05 +0100] "GET /robots.txt HTTP/1.0" 200 245 "-" "Mozilla/5.0 (compatible; MJ12bot/v1.4.8; http://mj12bot.com/)"
148.251.9.145 - - [15/Dec/2021:04:43:12 +0100] "GET /mini-white-natural-wooden-p-55030.html HTTP/1.0" 200 74144 "-" "Mozilla/5.0 (compatible; MJ12bot/v1.4.8; http://mj12bot.com/)"
148.251.9.145 - - [15/Dec/2021:04:43:20 +0100] "GET /miss-miew-pinky-pink-tea-box-p-42844.html HTTP/1.0" 301 74106 "-" "Mozilla/5.0 (compatible; MJ12bot/v1.4.8; http://mj12bot.com/)"
54.36.148.243 - - [15/Dec/2021:04:43:25 +0100] "GET /resin-monks-p-56198.html HTTP/1.0" 200 74244 "-" "Mozilla/5.0 (compatible; AhrefsBot/7.0; +http://ahrefs.com/robot/)"
17.121.112.201 - - [15/Dec/2021:04:43:31 +0100] "GET /head-wallet-model-p-39439.html HTTP/1.0" 200 73263 "-" "Mozilla/5.0 (Macintosh; Intel Mac OS X 10_15_5) AppleWebKit/605.1.15 (KHTML, like Gecko) Version/13.1.1 Safari/605.1.15 (Applebot/0.1; +http://www.apple.com/go/applebot)"
148.251.9.145 - - [15/Dec/2021:04:43:32 +0100] "GET /miss-miew-pinky-pink-p-42844.html HTTP/1.0" 200 74019 "-" "Mozilla/5.0 (compatible; MJ12bot/v1.4.8; http://mj12bot.com/)"
148.251.9.145 - - [15/Dec/2021:04:43:41 +0100] "GET /monkey-statue-resin-said-nothing-nothing-seen-nothing-heard-p-36553.html HTTP/1.0" 200 73593 "-" "Mozilla/5.0 (compatible; MJ12bot/v1.4.8; http://mj12bot.com/)"
148.251.9.145 - - [15/Dec/2021:04:43:51 +0100] "GET /moroccan-ashtray-crase-p-51876.html HTTP/1.0" 301 70680 "-" "Mozilla/5.0 (compatible; MJ12bot/v1.4.8; http://mj12bot.com/)"
148.251.9.145 - - [15/Dec/2021:04:44:02 +0100] "GET /-p-51876.html HTTP/1.0" 200 70613 "-" "Mozilla/5.0 (compatible; MJ12bot/v1.4.8; http://mj12bot.com/)"
157.55.39.223 - - [15/Dec/2021:04:44:07 +0100] "GET /images/mini_prod/1345544565615.jpg HTTP/1.0" 404 1308 "-" "Mozilla/5.0 (compatible; bingbot/2.0; +http://www.bing.com/bingbot.htm)"
51.68.224.127 - - [15/Dec/2021:04:44:09 +0100] "GET /adminweb/export_orders_xml.php?token=256de2z6edz6ed2z6DFSFsed2zed6zeDSFDSGdzedezfzf&maxorders=10&orderstart=1&status=14&start_date=2018-10-01 HTTP/1.0" 200 285 "-" "GesCom CharlotteBoutik Serveur"
51.68.224.127 - - [15/Dec/2021:04:44:09 +0100] "GET /adminweb/export_orders_xml.php?token=256de2z6edz6ed2z6DFSFsed2zed6zeDSFDSGdzedezfzf&maxorders=10&orderstart=1&status=6&start_date=2018-10-01 HTTP/1.0" 200 32471 "-" "GesCom CharlotteBoutik Serveur"
148.251.9.145 - - [15/Dec/2021:04:44:11 +0100] "GET /moroccan-ashtray-le-paquet-p-51874.html HTTP/1.0" 301 73319 "-" "Mozilla/5.0 (compatible; MJ12bot/v1.4.8; http://mj12bot.com/)"
185.191.171.40 - - [15/Dec/2021:04:44:17 +0100] "GET /little-prince-saint-exupery-bowl-p-56232.html HTTP/1.0" 200 74431 "-" "Mozilla/5.0 (compatible; SemrushBot/7~bl; +http://www.semrush.com/bot.html)"
148.251.9.145 - - [15/Dec/2021:04:44:19 +0100] "GET /moroccan-ashtray-paquet-p-51874.html HTTP/1.0" 200 73229 "-" "Mozilla/5.0 (compatible; MJ12bot/v1.4.8; http://mj12bot.com/)"
148.251.9.145 - - [15/Dec/2021:04:44:29 +0100] "GET /moroccan-ashtray-moderation-p-51875.html HTTP/1.0" 301 70780 "-" "Mozilla/5.0 (compatible; MJ12bot/v1.4.8; http://mj12bot.com/)"
148.251.9.145 - - [15/Dec/2021:04:44:37 +0100] "GET /moroccan-ashtray-modration-p-51875.html HTTP/1.0" 200 70687 "-" "Mozilla/5.0 (compatible; MJ12bot/v1.4.8; http://mj12bot.com/)"
148.251.9.145 - - [15/Dec/2021:04:44:45 +0100] "GET /moroccan-ashtray-modration-p-51875.html HTTP/1.0" 200 70687 "-" "Mozilla/5.0 (compatible; MJ12bot/v1.4.8; http://mj12bot.com/)"
148.251.9.145 - - [15/Dec/2021:04:45:01 +0100] "GET /moroccan-ashtray-paquet-p-51874.html HTTP/1.0" 200 73229 "-" "Mozilla/5.0 (compatible; MJ12bot/v1.4.8; http://mj12bot.com/)"
148.251.9.145 - - [15/Dec/2021:04:45:08 +0100] "GET /moroccan-ashtray-sailor-man-p-51877.html HTTP/1.0" 301 70680 "-" "Mozilla/5.0 (compatible; MJ12bot/v1.4.8; http://mj12bot.com/)"
148.251.9.145 - - [15/Dec/2021:04:45:18 +0100] "GET /-p-51877.html HTTP/1.0" 200 70613 "-" "Mozilla/5.0 (compatible; MJ12bot/v1.4.8; http://mj12bot.com/)"
148.251.9.145 - - [15/Dec/2021:04:45:27 +0100] "GET /olives-mini-rectangular-tray-p-54917.html HTTP/1.0" 200 73396 "-" "Mozilla/5.0 (compatible; MJ12bot/v1.4.8; http://mj12bot.com/)"
185.191.171.43 - - [15/Dec/2021:04:45:30 +0100] "GET /gorjuss-dear-alice-pill-p-30850.html HTTP/1.0" 200 70703 "-" "Mozilla/5.0 (compatible; SemrushBot/7~bl; +http://www.semrush.com/bot.html)"
148.251.9.145 - - [15/Dec/2021:04:45:38 +0100] "GET /owls-stickers-p-39236.html HTTP/1.0" 200 73189 "-" "Mozilla/5.0 (compatible; MJ12bot/v1.4.8; http://mj12bot.com/)"
148.251.9.145 - - [15/Dec/2021:04:45:48 +0100] "GET /panther-statuette-21-cm-p-40204.html HTTP/1.0" 301 70767 "-" "Mozilla/5.0 (compatible; MJ12bot/v1.4.8; http://mj12bot.com/)"
185.191.171.44 - - [15/Dec/2021:04:45:54 +0100] "GET /pear-resin-gold-patina-p-40002.html HTTP/1.0" 200 73350 "-" "Mozilla/5.0 (compatible; SemrushBot/7~bl; +http://www.semrush.com/bot.html)"
148.251.9.145 - - [15/Dec/2021:04:45:57 +0100] "GET /panther-statuette-p-40204.html HTTP/1.0" 200 70683 "-" "Mozilla/5.0 (compatible; MJ12bot/v1.4.8; http://mj12bot.com/)"
54.36.148.243 - - [15/Dec/2021:04:46:05 +0100] "GET /ceramic-metal-lamp-p-52768.html HTTP/1.0" 200 73342 "-" "Mozilla/5.0 (compatible; AhrefsBot/7.0; +http://ahrefs.com/robot/)"
148.251.9.145 - - [15/Dec/2021:04:46:07 +0100] "GET /panther-statuette-p-40204.html HTTP/1.0" 200 70683 "-" "Mozilla/5.0 (compatible; MJ12bot/v1.4.8; http://mj12bot.com/)"
148.251.9.145 - - [15/Dec/2021:04:46:19 +0100] "GET /paris-city-sticker-p-32980.html HTTP/1.0" 200 73905 "-" "Mozilla/5.0 (compatible; MJ12bot/v1.4.8; http://mj12bot.com/)"
185.191.171.23 - - [15/Dec/2021:04:46:26 +0100] "GET /large-candle-hours-jasmine-daydream-p-33009.html HTTP/1.0" 200 74625 "-" "Mozilla/5.0 (compatible; SemrushBot/7~bl; +http://www.semrush.com/bot.html)"
148.251.9.145 - - [15/Dec/2021:04:46:27 +0100] "GET /perrier-metal-plate-postcard-p-15149.html HTTP/1.0" 200 73113 "-" "Mozilla/5.0 (compatible; MJ12bot/v1.4.8; http://mj12bot.com/)"
40.77.167.66 - - [15/Dec/2021:04:46:35 +0100] "GET /images/big_prod/3503420151002.jpg HTTP/1.0" 200 268 "-" "Mozilla/5.0 (compatible; bingbot/2.0; +http://www.bing.com/bingbot.htm)"
148.251.9.145 - - [15/Dec/2021:04:46:36 +0100] "GET /pill-box-marseille-soap-p-51389.html HTTP/1.0" 301 70680 "-" "Mozilla/5.0 (compatible; MJ12bot/v1.4.8; http://mj12bot.com/)"
148.251.9.145 - - [15/Dec/2021:04:46:42 +0100] "GET /-p-51389.html HTTP/1.0" 200 70613 "-" "Mozilla/5.0 (compatible; MJ12bot/v1.4.8; http://mj12bot.com/)"
157.55.39.223 - - [15/Dec/2021:04:46:42 +0100] "GET /ball-keyring-p-56637.html HTTP/1.0" 200 73982 "-" "Mozilla/5.0 (compatible; bingbot/2.0; +http://www.bing.com/bingbot.htm)"
185.191.171.13 - - [15/Dec/2021:04:46:44 +0100] "GET /women-shirt-p-36615.html HTTP/1.0" 200 80058 "-" "Mozilla/5.0 (compatible; SemrushBot/7~bl; +http://www.semrush.com/bot.html)"
148.251.9.145 - - [15/Dec/2021:04:46:51 +0100] "GET /pill-box-provence-p-51390.html HTTP/1.0" 301 70680 "-" "Mozilla/5.0 (compatible; MJ12bot/v1.4.8; http://mj12bot.com/)"
207.46.13.52 - - [15/Dec/2021:04:46:51 +0100] "GET /kitchen-towel-beige-p-54117.html HTTP/1.0" 200 73272 "-" "Mozilla/5.0 (compatible; bingbot/2.0; +http://www.bing.com/bingbot.htm)"
185.191.171.24 - - [15/Dec/2021:04:46:53 +0100] "GET /britto-flower-pill-box-p-32625.html HTTP/1.0" 301 70791 "-" "Mozilla/5.0 (compatible; SemrushBot/7~bl; +http://www.semrush.com/bot.html)"
185.191.171.16 - - [15/Dec/2021:04:46:59 +0100] "GET /britto-flower-pill-p-32625.html HTTP/1.0" 200 70706 "-" "Mozilla/5.0 (compatible; SemrushBot/7~bl; +http://www.semrush.com/bot.html)"
148.251.9.145 - - [15/Dec/2021:04:47:01 +0100] "GET /-p-51390.html HTTP/1.0" 200 70613 "-" "Mozilla/5.0 (compatible; MJ12bot/v1.4.8; http://mj12bot.com/)"
89.186.188.30 - - [15/Dec/2021:04:47:12 +0100] "GET /images/mini_prod/b8012052011455.jpg HTTP/1.0" 200 270 "-" "Mozilla/5.0 (X11; Ubuntu; Linux x86_64; rv:72.0) Gecko/20100101 Firefox/72.0"
148.251.9.145 - - [15/Dec/2021:04:47:13 +0100] "GET /pillow-case-cotton-percale-threads-p-51255.html HTTP/1.0" 200 74198 "-" "Mozilla/5.0 (compatible; MJ12bot/v1.4.8; http://mj12bot.com/)"
5.255.253.187 - - [15/Dec/2021:04:47:20 +0100] "GET /robots.txt HTTP/1.0" 200 245 "-" "Mozilla/5.0 (compatible; YandexBot/3.0; +http://yandex.com/bots)"
5.255.253.187 - - [15/Dec/2021:04:47:23 +0100] "GET /-p-23422.html HTTP/1.0" 200 70613 "-" "Mozilla/5.0 (compatible; YandexBot/3.0; +http://yandex.com/bots)"
148.251.9.145 - - [15/Dec/2021:04:47:27 +0100] "GET /pillow-case-in-cotton-percale-80-threads-50-70-cm-p-51255.html HTTP/1.0" 301 74299 "-" "Mozilla/5.0 (compatible; MJ12bot/v1.4.8; http://mj12bot.com/)"
185.191.171.38 - - [15/Dec/2021:04:47:34 +0100] "GET /horse-photo-frame-p-26643.html HTTP/1.0" 200 73250 "-" "Mozilla/5.0 (compatible; SemrushBot/7~bl; +http://www.semrush.com/bot.html)"
114.119.128.39 - - [15/Dec/2021:04:47:35 +0100] "GET /pink-elephant-piggy-bank-p-47728.html HTTP/1.0" 200 70699 "-" "Mozilla/5.0 (Linux; Android 7.0;) AppleWebKit/537.36 (KHTML, like Gecko) Mobile Safari/537.36 (compatible; PetalBot;+https://webmaster.petalsearch.com/site/petalbot)"
148.251.9.145 - - [15/Dec/2021:04:47:38 +0100] "GET /pillow-case-cotton-percale-threads-p-51255.html HTTP/1.0" 200 74198 "-" "Mozilla/5.0 (compatible; MJ12bot/v1.4.8; http://mj12bot.com/)"
148.251.9.145 - - [15/Dec/2021:04:47:48 +0100] "GET /plant-suspensions-wall-sticker-p-51879.html HTTP/1.0" 200 73966 "-" "Mozilla/5.0 (compatible; MJ12bot/v1.4.8; http://mj12bot.com/)"
66.249.70.70 - - [15/Dec/2021:04:47:55 +0100] "GET /images/big_prod_3/1328399294848c.jpg HTTP/1.0" 200 271 "-" "Googlebot-Image/1.0"
148.251.9.145 - - [15/Dec/2021:04:48:00 +0100] "GET /plant-wall-sticker-p-51882.html HTTP/1.0" 200 73846 "-" "Mozilla/5.0 (compatible; MJ12bot/v1.4.8; http://mj12bot.com/)"
185.191.171.44 - - [15/Dec/2021:04:48:09 +0100] "GET /mini-melamine-tray-p-55847.html HTTP/1.0" 200 73307 "-" "Mozilla/5.0 (compatible; SemrushBot/7~bl; +http://www.semrush.com/bot.html)"
185.191.171.3 - - [15/Dec/2021:04:48:14 +0100] "GET /-p-24805.html?action=add_product HTTP/1.0" 302 476 "-" "Mozilla/5.0 (compatible; SemrushBot/7~bl; +http://www.semrush.com/bot.html)"
148.251.9.145 - - [15/Dec/2021:04:48:12 +0100] "GET /plants-wall-sticker-p-51880.html HTTP/1.0" 200 73857 "-" "Mozilla/5.0 (compatible; MJ12bot/v1.4.8; http://mj12bot.com/)"
40.77.167.66 - - [15/Dec/2021:04:48:16 +0100] "GET /kimmidoll-wastebasket-p-27442.html HTTP/1.0" 200 70687 "-" "Mozilla/5.0 (compatible; bingbot/2.0; +http://www.bing.com/bingbot.htm)"
148.251.9.145 - - [15/Dec/2021:04:48:24 +0100] "GET /plush-keeleco-eco-friendly-tortoise-p-51856.html HTTP/1.0" 301 70819 "-" "Mozilla/5.0 (compatible; MJ12bot/v1.4.8; http://mj12bot.com/)"
148.251.9.145 - - [15/Dec/2021:04:48:31 +0100] "GET /plush-keeleco-friendly-tortoise-p-51856.html HTTP/1.0" 200 70721 "-" "Mozilla/5.0 (compatible; MJ12bot/v1.4.8; http://mj12bot.com/)"
54.36.148.243 - - [15/Dec/2021:04:48:37 +0100] "GET /gund-mini-tiger-sound-plush-p-34854.html HTTP/1.0" 200 73384 "-" "Mozilla/5.0 (compatible; AhrefsBot/7.0; +http://ahrefs.com/robot/)"
148.251.9.145 - - [15/Dec/2021:04:48:41 +0100] "GET /plush-keeleco-friendly-tortoise-p-51856.html HTTP/1.0" 200 70721 "-" "Mozilla/5.0 (compatible; MJ12bot/v1.4.8; http://mj12bot.com/)"
40.77.167.66 - - [15/Dec/2021:04:48:54 +0100] "GET /images/big_prod/8422017859778.jpg HTTP/1.0" 200 268 "-" "Mozilla/5.0 (compatible; bingbot/2.0; +http://www.bing.com/bingbot.htm)"
148.251.9.145 - - [15/Dec/2021:04:48:53 +0100] "GET /poncho-towel-p-5729.html HTTP/1.0" 200 73332 "-" "Mozilla/5.0 (compatible; MJ12bot/v1.4.8; http://mj12bot.com/)"
40.77.167.66 - - [15/Dec/2021:04:49:05 +0100] "GET /images/mini_prod/3609810063198.jpg HTTP/1.0" 200 269 "-" "Mozilla/5.0 (compatible; bingbot/2.0; +http://www.bing.com/bingbot.htm)"
148.251.9.145 - - [15/Dec/2021:04:49:02 +0100] "GET /portugal-glass-cutting-board-by-cbkreation-p-51182.html HTTP/1.0" 301 73464 "-" "Mozilla/5.0 (compatible; MJ12bot/v1.4.8; http://mj12bot.com/)"
185.191.171.45 - - [15/Dec/2021:04:49:08 +0100] "GET /-p-48251.html?action=add_product HTTP/1.0" 302 476 "-" "Mozilla/5.0 (compatible; SemrushBot/7~bl; +http://www.semrush.com/bot.html)"
148.251.9.145 - - [15/Dec/2021:04:49:08 +0100] "GET /portugal-glass-cutting-board-cbkreation-p-51182.html HTTP/1.0" 200 73358 "-" "Mozilla/5.0 (compatible; MJ12bot/v1.4.8; http://mj12bot.com/)"
148.251.9.145 - - [15/Dec/2021:04:49:16 +0100] "GET /portugal-glass-cutting-board-cbkreation-p-51182.html HTTP/1.0" 200 73358 "-" "Mozilla/5.0 (compatible; MJ12bot/v1.4.8; http://mj12bot.com/)"
148.251.9.145 - - [15/Dec/2021:04:49:25 +0100] "GET /resin-statue-monks-hear-see-seeing-p-48284.html HTTP/1.0" 301 73508 "-" "Mozilla/5.0 (compatible; MJ12bot/v1.4.8; http://mj12bot.com/)"
148.251.9.145 - - [15/Dec/2021:04:49:31 +0100] "GET /resin-statue-monks-hear-seeing-p-48284.html HTTP/1.0" 200 73411 "-" "Mozilla/5.0 (compatible; MJ12bot/v1.4.8; http://mj12bot.com/)"
185.191.171.37 - - [15/Dec/2021:04:49:35 +0100] "GET /om-mug-p-54142.html?action=add_product HTTP/1.0" 302 476 "-" "Mozilla/5.0 (compatible; SemrushBot/7~bl; +http://www.semrush.com/bot.html)"
148.251.9.145 - - [15/Dec/2021:04:49:38 +0100] "GET /resin-statue-monks-hear-seeing-p-48284.html HTTP/1.0" 200 73411 "-" "Mozilla/5.0 (compatible; MJ12bot/v1.4.8; http://mj12bot.com/)"
185.191.171.42 - - [15/Dec/2021:04:49:41 +0100] "GET /yellow-apple-shaped-moneybox-p-36476.html HTTP/1.0" 200 73317 "-" "Mozilla/5.0 (compatible; SemrushBot/7~bl; +http://www.semrush.com/bot.html)"
148.251.9.145 - - [15/Dec/2021:04:49:50 +0100] "GET /rock-crystal-obelisk-p-51172.html HTTP/1.0" 200 73475 "-" "Mozilla/5.0 (compatible; MJ12bot/v1.4.8; http://mj12bot.com/)"
148.251.9.145 - - [15/Dec/2021:04:49:58 +0100] "GET /rosie-white-mini-rectangular-tray-p-54915.html HTTP/1.0" 200 73391 "-" "Mozilla/5.0 (compatible; MJ12bot/v1.4.8; http://mj12bot.com/)"
148.251.9.145 - - [15/Dec/2021:04:50:07 +0100] "GET /round-tablecloth-azulejos-treated-anti-stain-orange-180-180-cm-p-51352.html HTTP/1.0" 301 70680 "-" "Mozilla/5.0 (compatible; MJ12bot/v1.4.8; http://mj12bot.com/)"
148.251.9.145 - - [15/Dec/2021:04:50:18 +0100] "GET /-p-51352.html HTTP/1.0" 200 70613 "-" "Mozilla/5.0 (compatible; MJ12bot/v1.4.8; http://mj12bot.com/)"
148.251.9.145 - - [15/Dec/2021:04:50:26 +0100] "GET /round-tablecloth-azulejos-treated-anti-stain-orange-p-51352.html HTTP/1.0" 301 70680 "-" "Mozilla/5.0 (compatible; MJ12bot/v1.4.8; http://mj12bot.com/)"
148.251.9.145 - - [15/Dec/2021:04:50:38 +0100] "GET /-p-51352.html HTTP/1.0" 200 70613 "-" "Mozilla/5.0 (compatible; MJ12bot/v1.4.8; http://mj12bot.com/)"
185.191.171.41 - - [15/Dec/2021:04:50:43 +0100] "GET /volkswagen-mini-magnets-enamelled-p-38437.html?action=add_product HTTP/1.0" 302 476 "-" "Mozilla/5.0 (compatible; SemrushBot/7~bl; +http://www.semrush.com/bot.html)"
148.251.9.145 - - [15/Dec/2021:04:50:44 +0100] "GET /route-logo-metal-magnet-p-8188.html HTTP/1.0" 200 73244 "-" "Mozilla/5.0 (compatible; MJ12bot/v1.4.8; http://mj12bot.com/)"
114.119.128.39 - - [15/Dec/2021:04:50:45 +0100] "GET /white-cotton-kitchen-towel-45-70-cm-lu-petit-beurre-p-42549.html HTTP/1.0" 301 73539 "-" "Mozilla/5.0 (Linux; Android 7.0;) AppleWebKit/537.36 (KHTML, like Gecko) Mobile Safari/537.36 (compatible; PetalBot;+https://webmaster.petalsearch.com/site/petalbot)"
114.119.128.39 - - [15/Dec/2021:04:50:49 +0100] "GET /white-cotton-kitchen-towel-petit-beurre-p-42549.html HTTP/1.0" 200 73433 "-" "Mozilla/5.0 (Linux; Android 7.0;) AppleWebKit/537.36 (KHTML, like Gecko) Mobile Safari/537.36 (compatible; PetalBot;+https://webmaster.petalsearch.com/site/petalbot)"
148.251.9.145 - - [15/Dec/2021:04:50:52 +0100] "GET /salt-pepper-camargua-p-55003.html HTTP/1.0" 200 73297 "-" "Mozilla/5.0 (compatible; MJ12bot/v1.4.8; http://mj12bot.com/)"
66.249.70.74 - - [15/Dec/2021:04:50:56 +0100] "GET /betty-boop-beauty-p-4843.html HTTP/1.0" 200 73267 "-" "Mozilla/5.0 (Linux; Android 6.0.1; Nexus 5X Build/MMB29P) AppleWebKit/537.36 (KHTML, like Gecko) Chrome/96.0.4664.93 Mobile Safari/537.36 (compatible; Googlebot/2.1; +http://www.google.com/bot.html)"
144.202.100.211 - - [15/Dec/2021:04:51:04 +0100] "GET /images/big_prod/3014627830404.jpg HTTP/1.0" 200 268 "-" "Mozilla/5.0 (X11; Ubuntu; Linux x86_64; rv:72.0) Gecko/20100101 Firefox/72.0"
148.251.9.145 - - [15/Dec/2021:04:51:02 +0100] "GET /scent-cup-heart-and-home-tuscan-fig-p-53335.html HTTP/1.0" 301 73822 "-" "Mozilla/5.0 (compatible; MJ12bot/v1.4.8; http://mj12bot.com/)"
45.32.141.214 - - [15/Dec/2021:04:51:06 +0100] "GET /images/mini_prod/5024693125289.jpg HTTP/1.0" 200 269 "-" "Mozilla/5.0 (X11; Ubuntu; Linux x86_64; rv:72.0) Gecko/20100101 Firefox/72.0"
54.36.148.243 - - [15/Dec/2021:04:51:10 +0100] "GET /fragrance-sachet-coconut-escape-p-40535.html HTTP/1.0" 200 73985 "-" "Mozilla/5.0 (compatible; AhrefsBot/7.0; +http://ahrefs.com/robot/)"
148.251.9.145 - - [15/Dec/2021:04:51:11 +0100] "GET /scent-heart-home-tuscan-p-53335.html HTTP/1.0" 200 73732 "-" "Mozilla/5.0 (compatible; MJ12bot/v1.4.8; http://mj12bot.com/)"
148.251.9.145 - - [15/Dec/2021:04:51:21 +0100] "GET /scent-cup-heart-and-home-welcoming-fire-p-53328.html HTTP/1.0" 301 70845 "-" "Mozilla/5.0 (compatible; MJ12bot/v1.4.8; http://mj12bot.com/)"
148.251.9.145 - - [15/Dec/2021:04:51:29 +0100] "GET /scent-heart-home-welcoming-fire-p-53328.html HTTP/1.0" 200 70747 "-" "Mozilla/5.0 (compatible; MJ12bot/v1.4.8; http://mj12bot.com/)"
148.251.9.145 - - [15/Dec/2021:04:51:37 +0100] "GET /scent-heart-home-tuscan-p-53335.html HTTP/1.0" 200 73732 "-" "Mozilla/5.0 (compatible; MJ12bot/v1.4.8; http://mj12bot.com/)"
185.191.171.15 - - [15/Dec/2021:04:51:42 +0100] "GET /pucca-p-22263.html HTTP/1.0" 200 73250 "-" "Mozilla/5.0 (compatible; SemrushBot/7~bl; +http://www.semrush.com/bot.html)"
185.191.171.38 - - [15/Dec/2021:04:51:47 +0100] "GET /tetsubin-black-teapot-japanese-liter-p-39977.html HTTP/1.0" 200 73594 "-" "Mozilla/5.0 (compatible; SemrushBot/7~bl; +http://www.semrush.com/bot.html)"
148.251.9.145 - - [15/Dec/2021:04:51:48 +0100] "GET /scent-heart-home-welcoming-fire-p-53328.html HTTP/1.0" 200 70747 "-" "Mozilla/5.0 (compatible; MJ12bot/v1.4.8; http://mj12bot.com/)"
148.251.9.145 - - [15/Dec/2021:04:52:00 +0100] "GET /set-bedspread-boutis-and-pillowcases-240-260-cm-p-53278.html HTTP/1.0" 301 70860 "-" "Mozilla/5.0 (compatible; MJ12bot/v1.4.8; http://mj12bot.com/)"
148.251.9.145 - - [15/Dec/2021:04:52:12 +0100] "GET /bedspread-boutis-pillowcases-p-53278.html HTTP/1.0" 200 70765 "-" "Mozilla/5.0 (compatible; MJ12bot/v1.4.8; http://mj12bot.com/)"
148.251.9.145 - - [15/Dec/2021:04:52:21 +0100] "GET /shore-blessed-birth-bethlehem-piece-mini-nativity-p-53273.html HTTP/1.0" 200 70833 "-" "Mozilla/5.0 (compatible; MJ12bot/v1.4.8; http://mj12bot.com/)"
148.251.9.145 - - [15/Dec/2021:04:52:27 +0100] "GET /singing-bowl-p-35426.html HTTP/1.0" 200 73194 "-" "Mozilla/5.0 (compatible; MJ12bot/v1.4.8; http://mj12bot.com/)"
148.251.9.145 - - [15/Dec/2021:04:52:38 +0100] "GET /singing-bowl-p-36057.html HTTP/1.0" 200 73198 "-" "Mozilla/5.0 (compatible; MJ12bot/v1.4.8; http://mj12bot.com/)"
148.251.9.145 - - [15/Dec/2021:04:52:46 +0100] "GET /singing-bowl-p-36058.html HTTP/1.0" 200 73201 "-" "Mozilla/5.0 (compatible; MJ12bot/v1.4.8; http://mj12bot.com/)"
185.191.171.45 - - [15/Dec/2021:04:52:48 +0100] "GET /waxed-concrete-tile-stickers-p-51949.html?action=add_product HTTP/1.0" 302 476 "-" "Mozilla/5.0 (compatible; SemrushBot/7~bl; +http://www.semrush.com/bot.html)"
148.251.9.145 - - [15/Dec/2021:04:52:55 +0100] "GET /sixtine-bedspread-180-240-cm-p-51294.html HTTP/1.0" 301 74058 "-" "Mozilla/5.0 (compatible; MJ12bot/v1.4.8; http://mj12bot.com/)"
148.251.9.145 - - [15/Dec/2021:04:53:02 +0100] "GET /sixtine-bedspread-p-51294.html HTTP/1.0" 200 73974 "-" "Mozilla/5.0 (compatible; MJ12bot/v1.4.8; http://mj12bot.com/)"
148.251.9.145 - - [15/Dec/2021:04:53:10 +0100] "GET /sixtine-bedspread-p-51294.html HTTP/1.0" 200 73974 "-" "Mozilla/5.0 (compatible; MJ12bot/v1.4.8; http://mj12bot.com/)"
148.251.9.145 - - [15/Dec/2021:04:53:17 +0100] "GET /sixtine-microfiber-pillowcase-65-65-cm-p-51364.html HTTP/1.0" 301 70837 "-" "Mozilla/5.0 (compatible; MJ12bot/v1.4.8; http://mj12bot.com/)"
148.251.9.145 - - [15/Dec/2021:04:53:26 +0100] "GET /sixtine-microfiber-pillowcase-p-51364.html HTTP/1.0" 200 70741 "-" "Mozilla/5.0 (compatible; MJ12bot/v1.4.8; http://mj12bot.com/)"
148.251.9.145 - - [15/Dec/2021:04:53:34 +0100] "GET /sixtine-microfiber-pillowcase-p-51364.html HTTP/1.0" 200 70741 "-" "Mozilla/5.0 (compatible; MJ12bot/v1.4.8; http://mj12bot.com/)"
54.36.148.243 - - [15/Dec/2021:04:53:38 +0100] "GET /gund-mini-lion-sound-plush-p-34857.html HTTP/1.0" 200 73376 "-" "Mozilla/5.0 (compatible; AhrefsBot/7.0; +http://ahrefs.com/robot/)"
148.251.9.145 - - [15/Dec/2021:04:53:41 +0100] "GET /skateboarding-buddies-charlie-brown-and-snoopy-figurines-p-37217.html HTTP/1.0" 301 70680 "-" "Mozilla/5.0 (compatible; MJ12bot/v1.4.8; http://mj12bot.com/)"
148.251.9.145 - - [15/Dec/2021:04:53:50 +0100] "GET /-p-37217.html HTTP/1.0" 200 70613 "-" "Mozilla/5.0 (compatible; MJ12bot/v1.4.8; http://mj12bot.com/)"
207.46.13.52 - - [15/Dec/2021:04:53:52 +0100] "GET /images/mini_prod/3608860260144.jpg HTTP/1.0" 200 269 "-" "Mozilla/5.0 (compatible; bingbot/2.0; +http://www.bing.com/bingbot.htm)"
148.251.9.145 - - [15/Dec/2021:04:53:57 +0100] "GET /small-baby-teeth-p-53345.html HTTP/1.0" 200 73361 "-" "Mozilla/5.0 (compatible; MJ12bot/v1.4.8; http://mj12bot.com/)"
185.191.171.25 - - [15/Dec/2021:04:54:02 +0100] "GET /set-of-bear-glasses-p-47048.html HTTP/1.0" 301 70770 "-" "Mozilla/5.0 (compatible; SemrushBot/7~bl; +http://www.semrush.com/bot.html)"
185.191.171.19 - - [15/Dec/2021:04:54:06 +0100] "GET /bear-glasses-p-47048.html HTTP/1.0" 200 70691 "-" "Mozilla/5.0 (compatible; SemrushBot/7~bl; +http://www.semrush.com/bot.html)"
