148.251.9.145 - - [15/Dec/2021:04:54:08 +0100] "GET /small-box-for-baby-teeth-p-53345.html HTTP/1.0" 301 73444 "-" "Mozilla/5.0 (compatible; MJ12bot/v1.4.8; http://mj12bot.com/)"
148.251.9.145 - - [15/Dec/2021:04:54:18 +0100] "GET /small-baby-teeth-p-53345.html HTTP/1.0" 200 73361 "-" "Mozilla/5.0 (compatible; MJ12bot/v1.4.8; http://mj12bot.com/)"
148.251.9.145 - - [15/Dec/2021:04:54:27 +0100] "GET /small-candle-ginger-lemongrass-p-53337.html HTTP/1.0" 200 73927 "-" "Mozilla/5.0 (compatible; MJ12bot/v1.4.8; http://mj12bot.com/)"
148.251.9.145 - - [15/Dec/2021:04:54:36 +0100] "GET /small-jar-candle-ginger-and-lemongrass-p-53337.html HTTP/1.0" 301 74024 "-" "Mozilla/5.0 (compatible; MJ12bot/v1.4.8; http://mj12bot.com/)"
148.251.9.145 - - [15/Dec/2021:04:54:44 +0100] "GET /small-candle-ginger-lemongrass-p-53337.html HTTP/1.0" 200 73927 "-" "Mozilla/5.0 (compatible; MJ12bot/v1.4.8; http://mj12bot.com/)"
157.55.39.0 - - [15/Dec/2021:04:54:47 +0100] "GET /images/big_prod/5415203612564.jpg HTTP/1.0" 200 268 "-" "Mozilla/5.0 (compatible; bingbot/2.0; +http://www.bing.com/bingbot.htm)"
148.251.9.145 - - [15/Dec/2021:04:54:54 +0100] "GET /solar-powered-sunflower-dancing-p-33552.html HTTP/1.0" 200 73565 "-" "Mozilla/5.0 (compatible; MJ12bot/v1.4.8; http://mj12bot.com/)"
185.191.171.43 - - [15/Dec/2021:04:55:02 +0100] "GET /winnie-the-pooh-pirate-figure-p-4716.html HTTP/1.0" 301 73490 "-" "Mozilla/5.0 (compatible; SemrushBot/7~bl; +http://www.semrush.com/bot.html)"
148.251.9.145 - - [15/Dec/2021:04:55:05 +0100] "GET /sonny-angel-tree-ornament-by-la-duree-p-32514.html HTTP/1.0" 301 73763 "-" "Mozilla/5.0 (compatible; MJ12bot/v1.4.8; http://mj12bot.com/)"
185.191.171.43 - - [15/Dec/2021:04:55:06 +0100] "GET /winnie-pooh-pirate-figure-p-4716.html HTTP/1.0" 200 73399 "-" "Mozilla/5.0 (compatible; SemrushBot/7~bl; +http://www.semrush.com/bot.html)"
148.251.9.145 - - [15/Dec/2021:04:55:16 +0100] "GET /sonny-angel-tree-ornament-dure-p-32514.html HTTP/1.0" 200 73666 "-" "Mozilla/5.0 (compatible; MJ12bot/v1.4.8; http://mj12bot.com/)"
185.191.171.35 - - [15/Dec/2021:04:55:16 +0100] "GET /bookend-horse-busts-p-56911.html HTTP/1.0" 200 73825 "-" "Mozilla/5.0 (compatible; SemrushBot/7~bl; +http://www.semrush.com/bot.html)"
148.251.9.145 - - [15/Dec/2021:04:55:28 +0100] "GET /sonny-angel-tree-ornament-dure-p-32514.html HTTP/1.0" 200 73666 "-" "Mozilla/5.0 (compatible; MJ12bot/v1.4.8; http://mj12bot.com/)"
148.251.9.145 - - [15/Dec/2021:04:55:37 +0100] "GET /sonny-angel-vegetable-series-p-51168.html HTTP/1.0" 200 73535 "-" "Mozilla/5.0 (compatible; MJ12bot/v1.4.8; http://mj12bot.com/)"
148.251.9.145 - - [15/Dec/2021:04:55:43 +0100] "GET /sparrows-blossom-mini-rectangular-tray-p-54910.html HTTP/1.0" 200 73426 "-" "Mozilla/5.0 (compatible; MJ12bot/v1.4.8; http://mj12bot.com/)"
148.251.9.145 - - [15/Dec/2021:04:55:55 +0100] "GET /spiderman-photo-frame-p-37017.html HTTP/1.0" 301 70680 "-" "Mozilla/5.0 (compatible; MJ12bot/v1.4.8; http://mj12bot.com/)"
36.110.199.241 - - [15/Dec/2021:04:55:57 +0100] "GET /images/mini_prod/070209_191201_PEEL_gnVzFs.jpg HTTP/1.0" 200 281 "-" "Mozilla/5.0"
148.251.9.145 - - [15/Dec/2021:04:56:02 +0100] "GET /-p-37017.html HTTP/1.0" 200 70613 "-" "Mozilla/5.0 (compatible; MJ12bot/v1.4.8; http://mj12bot.com/)"
54.36.148.243 - - [15/Dec/2021:04:56:09 +0100] "GET /cats-isothermic-stainless-steel-bottle-jewels-p-54547.html HTTP/1.0" 200 74161 "-" "Mozilla/5.0 (compatible; AhrefsBot/7.0; +http://ahrefs.com/robot/)"
148.251.9.145 - - [15/Dec/2021:04:56:10 +0100] "GET /spongebob-alarm-clock-p-10333.html HTTP/1.0" 200 73260 "-" "Mozilla/5.0 (compatible; MJ12bot/v1.4.8; http://mj12bot.com/)"
148.251.9.145 - - [15/Dec/2021:04:56:15 +0100] "GET /spongebob-alarm-clock-p-8337.html HTTP/1.0" 301 70677 "-" "Mozilla/5.0 (compatible; MJ12bot/v1.4.8; http://mj12bot.com/)"
185.191.171.18 - - [15/Dec/2021:04:56:18 +0100] "GET /wooden-metal-frame-86-86-cm-rosace-p-45868.html HTTP/1.0" 301 74102 "-" "Mozilla/5.0 (compatible; SemrushBot/7~bl; +http://www.semrush.com/bot.html)"
185.191.171.16 - - [15/Dec/2021:04:56:22 +0100] "GET /wooden-metal-frame-rosace-p-45868.html HTTP/1.0" 200 74010 "-" "Mozilla/5.0 (compatible; SemrushBot/7~bl; +http://www.semrush.com/bot.html)"
148.251.9.145 - - [15/Dec/2021:04:56:23 +0100] "GET /-p-8337.html HTTP/1.0" 200 70611 "-" "Mozilla/5.0 (compatible; MJ12bot/v1.4.8; http://mj12bot.com/)"
185.191.171.37 - - [15/Dec/2021:04:56:27 +0100] "GET /large-jar-candle-70-hours-sweet-pea-p-34631.html HTTP/1.0" 301 74485 "-" "Mozilla/5.0 (compatible; SemrushBot/7~bl; +http://www.semrush.com/bot.html)"
148.251.9.145 - - [15/Dec/2021:04:56:31 +0100] "GET /spring-in-bloom-frozen-fever-anna-figure-collection-p-34270.html HTTP/1.0" 301 70680 "-" "Mozilla/5.0 (compatible; MJ12bot/v1.4.8; http://mj12bot.com/)"
185.191.171.16 - - [15/Dec/2021:04:56:32 +0100] "GET /large-candle-hours-sweet-p-34631.html HTTP/1.0" 200 74394 "-" "Mozilla/5.0 (compatible; SemrushBot/7~bl; +http://www.semrush.com/bot.html)"
148.251.9.145 - - [15/Dec/2021:04:56:38 +0100] "GET /-p-34270.html HTTP/1.0" 200 70613 "-" "Mozilla/5.0 (compatible; MJ12bot/v1.4.8; http://mj12bot.com/)"
185.191.171.43 - - [15/Dec/2021:04:56:44 +0100] "GET /teo-jasmin-small-box-p-41169.html HTTP/1.0" 301 70680 "-" "Mozilla/5.0 (compatible; SemrushBot/7~bl; +http://www.semrush.com/bot.html)"
148.251.9.145 - - [15/Dec/2021:04:56:46 +0100] "GET /stade-toulousain-black-bowl-p-43110.html HTTP/1.0" 200 70711 "-" "Mozilla/5.0 (compatible; MJ12bot/v1.4.8; http://mj12bot.com/)"
185.191.171.16 - - [15/Dec/2021:04:56:49 +0100] "GET /-p-41169.html HTTP/1.0" 200 70613 "-" "Mozilla/5.0 (compatible; SemrushBot/7~bl; +http://www.semrush.com/bot.html)"
148.251.9.145 - - [15/Dec/2021:04:56:53 +0100] "GET /star-wars-bb8-clock-24-cm-p-35775.html HTTP/1.0" 301 70791 "-" "Mozilla/5.0 (compatible; MJ12bot/v1.4.8; http://mj12bot.com/)"
108.45.65.6 - - [15/Dec/2021:04:57:00 +0100] "GET /images/big_prod/8435333820537.jpg HTTP/1.0" 200 268 "-" "Mozilla/5.0 (Macintosh; Intel Mac OS X 10_13_6) AppleWebKit/605.1.15 (KHTML, like Gecko) Version/13.1.2 Safari/605.1.15"
148.251.9.145 - - [15/Dec/2021:04:57:00 +0100] "GET /star-wars-clock-p-35775.html HTTP/1.0" 200 70709 "-" "Mozilla/5.0 (compatible; MJ12bot/v1.4.8; http://mj12bot.com/)"
89.186.188.30 - - [15/Dec/2021:04:57:02 +0100] "GET /images/mini_prod/5050293803197.jpg HTTP/1.0" 200 269 "-" "Mozilla/5.0 (X11; Ubuntu; Linux x86_64; rv:72.0) Gecko/20100101 Firefox/72.0"
185.191.171.15 - - [15/Dec/2021:04:57:08 +0100] "GET /curtain-eyelet-washed-white-p-48134.html?action=add_product HTTP/1.0" 302 476 "-" "Mozilla/5.0 (compatible; SemrushBot/7~bl; +http://www.semrush.com/bot.html)"
114.119.128.34 - - [15/Dec/2021:04:57:10 +0100] "GET /sausage-box-with-knife-happy-therapie-p-47686.html HTTP/1.0" 301 73436 "-" "Mozilla/5.0 (Linux; Android 7.0;) AppleWebKit/537.36 (KHTML, like Gecko) Mobile Safari/537.36 (compatible; PetalBot;+https://webmaster.petalsearch.com/site/petalbot)"
148.251.9.145 - - [15/Dec/2021:04:57:11 +0100] "GET /star-wars-chewbacca-keyring-p-32337.html HTTP/1.0" 200 73307 "-" "Mozilla/5.0 (compatible; MJ12bot/v1.4.8; http://mj12bot.com/)"
114.119.128.34 - - [15/Dec/2021:04:57:14 +0100] "GET /sausage-with-knife-happy-thrapie-p-47686.html HTTP/1.0" 200 73337 "-" "Mozilla/5.0 (Linux; Android 7.0;) AppleWebKit/537.36 (KHTML, like Gecko) Mobile Safari/537.36 (compatible; PetalBot;+https://webmaster.petalsearch.com/site/petalbot)"
148.251.9.145 - - [15/Dec/2021:04:57:19 +0100] "GET /star-wars-clock-p-35775.html HTTP/1.0" 200 70709 "-" "Mozilla/5.0 (compatible; MJ12bot/v1.4.8; http://mj12bot.com/)"
148.251.9.145 - - [15/Dec/2021:04:57:30 +0100] "GET /star-wars-darth-vader-cushion-p-34017.html HTTP/1.0" 301 70680 "-" "Mozilla/5.0 (compatible; MJ12bot/v1.4.8; http://mj12bot.com/)"
157.55.39.228 - - [15/Dec/2021:04:57:36 +0100] "GET /images/3700057121686.jpg HTTP/1.0" 200 259 "-" "Mozilla/5.0 (compatible; bingbot/2.0; +http://www.bing.com/bingbot.htm)"
148.251.9.145 - - [15/Dec/2021:04:57:38 +0100] "GET /-p-34017.html HTTP/1.0" 200 70613 "-" "Mozilla/5.0 (compatible; MJ12bot/v1.4.8; http://mj12bot.com/)"
148.251.9.145 - - [15/Dec/2021:04:57:47 +0100] "GET /star-wars-vader-cushion-p-34015.html HTTP/1.0" 301 70680 "-" "Mozilla/5.0 (compatible; MJ12bot/v1.4.8; http://mj12bot.com/)"
148.251.9.145 - - [15/Dec/2021:04:57:55 +0100] "GET /-p-34015.html HTTP/1.0" 200 70613 "-" "Mozilla/5.0 (compatible; MJ12bot/v1.4.8; http://mj12bot.com/)"
148.251.9.145 - - [15/Dec/2021:04:58:01 +0100] "GET /star-wars-yoda-cushion-p-34018.html HTTP/1.0" 301 70680 "-" "Mozilla/5.0 (compatible; MJ12bot/v1.4.8; http://mj12bot.com/)"
148.251.9.145 - - [15/Dec/2021:04:58:11 +0100] "GET /-p-34018.html HTTP/1.0" 200 70613 "-" "Mozilla/5.0 (compatible; MJ12bot/v1.4.8; http://mj12bot.com/)"
185.191.171.15 - - [15/Dec/2021:04:58:21 +0100] "GET /wooden-retro-chest-345-cm-p-50139.html HTTP/1.0" 301 70776 "-" "Mozilla/5.0 (compatible; SemrushBot/7~bl; +http://www.semrush.com/bot.html)"
148.251.9.145 - - [15/Dec/2021:04:58:21 +0100] "GET /statue-decorating-catistic-lying-cat-p-37143.html HTTP/1.0" 301 73513 "-" "Mozilla/5.0 (compatible; MJ12bot/v1.4.8; http://mj12bot.com/)"
185.191.171.40 - - [15/Dec/2021:04:58:26 +0100] "GET /wooden-retro-chest-p-50139.html HTTP/1.0" 200 70691 "-" "Mozilla/5.0 (compatible; SemrushBot/7~bl; +http://www.semrush.com/bot.html)"
148.251.9.145 - - [15/Dec/2021:04:58:33 +0100] "GET /statue-decorating-catistic-lying-p-37143.html HTTP/1.0" 200 73414 "-" "Mozilla/5.0 (compatible; MJ12bot/v1.4.8; http://mj12bot.com/)"
148.251.9.145 - - [15/Dec/2021:04:58:42 +0100] "GET /statue-decorating-catistic-lying-p-37143.html HTTP/1.0" 200 73414 "-" "Mozilla/5.0 (compatible; MJ12bot/v1.4.8; http://mj12bot.com/)"
148.251.9.145 - - [15/Dec/2021:04:58:47 +0100] "GET /statue-the-white-bear-of-francois-pompon-11-21-cm-p-44147.html HTTP/1.0" 301 74545 "-" "Mozilla/5.0 (compatible; MJ12bot/v1.4.8; http://mj12bot.com/)"
54.36.148.243 - - [15/Dec/2021:04:58:48 +0100] "GET /small-candle-black-vanilla-heart-home-p-56288.html HTTP/1.0" 200 74488 "-" "Mozilla/5.0 (compatible; AhrefsBot/7.0; +http://ahrefs.com/robot/)"
185.191.171.23 - - [15/Dec/2021:04:58:53 +0100] "GET /statuette-sonny-angel-bobbing-head-sheep-p-54741.html?action=add_product HTTP/1.0" 302 476 "-" "Mozilla/5.0 (compatible; SemrushBot/7~bl; +http://www.semrush.com/bot.html)"
148.251.9.145 - - [15/Dec/2021:04:58:55 +0100] "GET /statue-white-bear-franois-pompon-p-44147.html HTTP/1.0" 200 74446 "-" "Mozilla/5.0 (compatible; MJ12bot/v1.4.8; http://mj12bot.com/)"
216.244.66.242 - - [15/Dec/2021:04:58:58 +0100] "GET /robots.txt HTTP/1.0" 200 245 "-" "Mozilla/5.0 (compatible; DotBot/1.2; +https://opensiteexplorer.org/dotbot; help@moz.com)"
148.251.9.145 - - [15/Dec/2021:04:59:03 +0100] "GET /stitch-figurine-by-romero-britto-p-33575.html HTTP/1.0" 301 70680 "-" "Mozilla/5.0 (compatible; MJ12bot/v1.4.8; http://mj12bot.com/)"
148.251.9.145 - - [15/Dec/2021:04:59:09 +0100] "GET /-p-33575.html HTTP/1.0" 200 70613 "-" "Mozilla/5.0 (compatible; MJ12bot/v1.4.8; http://mj12bot.com/)"
148.251.9.145 - - [15/Dec/2021:04:59:16 +0100] "GET /stop-wooden-plate-69-17-cm-p-37742.html HTTP/1.0" 301 73365 "-" "Mozilla/5.0 (compatible; MJ12bot/v1.4.8; http://mj12bot.com/)"
148.251.9.145 - - [15/Dec/2021:04:59:24 +0100] "GET /stop-wooden-plate-p-37742.html HTTP/1.0" 200 73281 "-" "Mozilla/5.0 (compatible; MJ12bot/v1.4.8; http://mj12bot.com/)"
148.251.9.145 - - [15/Dec/2021:04:59:32 +0100] "GET /stop-wooden-plate-p-37742.html HTTP/1.0" 200 73281 "-" "Mozilla/5.0 (compatible; MJ12bot/v1.4.8; http://mj12bot.com/)"
66.249.70.72 - - [15/Dec/2021:04:59:35 +0100] "GET /images/big_prod/3700572752228a.jpg HTTP/1.0" 200 269 "-" "Googlebot-Image/1.0"
157.55.39.223 - - [15/Dec/2021:04:59:38 +0100] "GET /images/6953270923989.jpg HTTP/1.0" 200 259 "-" "Mozilla/5.0 (compatible; bingbot/2.0; +http://www.bing.com/bingbot.htm)"
148.251.9.145 - - [15/Dec/2021:04:59:41 +0100] "GET /storage-chest-pouf-gray-velvet-p-45807.html HTTP/1.0" 200 70781 "-" "Mozilla/5.0 (compatible; MJ12bot/v1.4.8; http://mj12bot.com/)"
148.251.9.145 - - [15/Dec/2021:04:59:48 +0100] "GET /storage-chest-pouf-in-gray-velvet-36-cm-p-45807.html HTTP/1.0" 301 70878 "-" "Mozilla/5.0 (compatible; MJ12bot/v1.4.8; http://mj12bot.com/)"
148.251.9.145 - - [15/Dec/2021:04:59:54 +0100] "GET /storage-chest-pouf-gray-velvet-p-45807.html HTTP/1.0" 200 70781 "-" "Mozilla/5.0 (compatible; MJ12bot/v1.4.8; http://mj12bot.com/)"
148.251.9.145 - - [15/Dec/2021:05:00:01 +0100] "GET /storybook-alice-in-wonderland-tea-party-figure-collection-p-34263.html HTTP/1.0" 301 74892 "-" "Mozilla/5.0 (compatible; MJ12bot/v1.4.8; http://mj12bot.com/)"
148.251.9.145 - - [15/Dec/2021:05:00:12 +0100] "GET /storybook-alice-wonderland-party-figure-collection-p-34263.html HTTP/1.0" 200 74775 "-" "Mozilla/5.0 (compatible; MJ12bot/v1.4.8; http://mj12bot.com/)"
148.251.9.145 - - [15/Dec/2021:05:00:24 +0100] "GET /strawberry-shortcake-towel-p-9040.html HTTP/1.0" 301 70677 "-" "Mozilla/5.0 (compatible; MJ12bot/v1.4.8; http://mj12bot.com/)"
148.251.9.145 - - [15/Dec/2021:05:00:32 +0100] "GET /-p-9040.html HTTP/1.0" 200 70611 "-" "Mozilla/5.0 (compatible; MJ12bot/v1.4.8; http://mj12bot.com/)"
148.251.9.145 - - [15/Dec/2021:05:00:39 +0100] "GET /sugar-bowl-pastry-p-55000.html HTTP/1.0" 200 73257 "-" "Mozilla/5.0 (compatible; MJ12bot/v1.4.8; http://mj12bot.com/)"
148.251.9.145 - - [15/Dec/2021:05:00:48 +0100] "GET /summer-life-door-mat-p-36101.html HTTP/1.0" 301 70680 "-" "Mozilla/5.0 (compatible; MJ12bot/v1.4.8; http://mj12bot.com/)"
148.251.9.145 - - [15/Dec/2021:05:00:57 +0100] "GET /-p-36101.html HTTP/1.0" 200 70613 "-" "Mozilla/5.0 (compatible; MJ12bot/v1.4.8; http://mj12bot.com/)"
66.249.70.72 - - [15/Dec/2021:05:01:04 +0100] "GET /textile-small-suitcase-50-cm-p-37096.html HTTP/1.0" 301 70821 "-" "Mozilla/5.0 (compatible; Googlebot/2.1; +http://www.google.com/bot.html)"
148.251.9.145 - - [15/Dec/2021:05:01:06 +0100] "GET /summer-travel-wood-clock-33-cm-p-36098.html HTTP/1.0" 301 70680 "-" "Mozilla/5.0 (compatible; MJ12bot/v1.4.8; http://mj12bot.com/)"
66.249.70.74 - - [15/Dec/2021:05:01:07 +0100] "GET /textile-small-suitcase-p-37096.html HTTP/1.0" 200 70732 "-" "Mozilla/5.0 (compatible; Googlebot/2.1; +http://www.google.com/bot.html)"
185.191.171.39 - - [15/Dec/2021:05:01:07 +0100] "GET /selenite-spirale-p-44370.html HTTP/1.0" 200 73901 "-" "Mozilla/5.0 (compatible; SemrushBot/7~bl; +http://www.semrush.com/bot.html)"
148.251.9.145 - - [15/Dec/2021:05:01:13 +0100] "GET /-p-36098.html HTTP/1.0" 200 70613 "-" "Mozilla/5.0 (compatible; MJ12bot/v1.4.8; http://mj12bot.com/)"
148.251.9.145 - - [15/Dec/2021:05:01:20 +0100] "GET /sun-wall-decoration-39-39-cm-blue-and-gold-model-p-38577.html HTTP/1.0" 301 73527 "-" "Mozilla/5.0 (compatible; MJ12bot/v1.4.8; http://mj12bot.com/)"
157.55.39.228 - - [15/Dec/2021:05:01:27 +0100] "GET /images/big_prod/1348422000628.jpg HTTP/1.0" 200 268 "-" "Mozilla/5.0 (compatible; bingbot/2.0; +http://www.bing.com/bingbot.htm)"
54.36.148.243 - - [15/Dec/2021:05:01:26 +0100] "GET /pocahontas-princess-passion-figurine-p-48461.html HTTP/1.0" 200 74525 "-" "Mozilla/5.0 (compatible; AhrefsBot/7.0; +http://ahrefs.com/robot/)"
148.251.9.145 - - [15/Dec/2021:05:01:27 +0100] "GET /wall-decoration-blue-gold-model-p-38577.html HTTP/1.0" 200 73429 "-" "Mozilla/5.0 (compatible; MJ12bot/v1.4.8; http://mj12bot.com/)"
148.251.9.145 - - [15/Dec/2021:05:01:34 +0100] "GET /sun-wall-decoration-39-39-cm-gold-model-p-38579.html HTTP/1.0" 301 70808 "-" "Mozilla/5.0 (compatible; MJ12bot/v1.4.8; http://mj12bot.com/)"
148.251.9.145 - - [15/Dec/2021:05:01:38 +0100] "GET /wall-decoration-gold-model-p-38579.html HTTP/1.0" 200 70715 "-" "Mozilla/5.0 (compatible; MJ12bot/v1.4.8; http://mj12bot.com/)"
148.251.9.145 - - [15/Dec/2021:05:01:46 +0100] "GET /support-metal-bottle-long-live-newlyweds-p-45838.html HTTP/1.0" 200 73496 "-" "Mozilla/5.0 (compatible; MJ12bot/v1.4.8; http://mj12bot.com/)"
51.68.224.127 - - [15/Dec/2021:05:01:48 +0100] "GET /adminweb/export_orders_xml.php?token=256de2z6edz6ed2z6DFSFsed2zed6zeDSFDSGdzedezfzf&maxorders=10&orderstart=1&status=14&start_date=2018-10-01 HTTP/1.0" 200 285 "-" "GesCom CharlotteBoutik Serveur"
51.68.224.127 - - [15/Dec/2021:05:01:49 +0100] "GET /adminweb/export_orders_xml.php?token=256de2z6edz6ed2z6DFSFsed2zed6zeDSFDSGdzedezfzf&maxorders=10&orderstart=1&status=6&start_date=2018-10-01 HTTP/1.0" 200 32471 "-" "GesCom CharlotteBoutik Serveur"
148.251.9.145 - - [15/Dec/2021:05:01:53 +0100] "GET /support-metal-bottle-long-live-the-newlyweds-p-45838.html HTTP/1.0" 301 73603 "-" "Mozilla/5.0 (compatible; MJ12bot/v1.4.8; http://mj12bot.com/)"
148.251.9.145 - - [15/Dec/2021:05:02:00 +0100] "GET /support-metal-bottle-long-live-newlyweds-p-45838.html HTTP/1.0" 200 73496 "-" "Mozilla/5.0 (compatible; MJ12bot/v1.4.8; http://mj12bot.com/)"
148.251.9.145 - - [15/Dec/2021:05:02:08 +0100] "GET /surf-the-wave-wood-clock-33-cm-p-36099.html HTTP/1.0" 301 70680 "-" "Mozilla/5.0 (compatible; MJ12bot/v1.4.8; http://mj12bot.com/)"
148.251.9.145 - - [15/Dec/2021:05:02:16 +0100] "GET /-p-36099.html HTTP/1.0" 200 70613 "-" "Mozilla/5.0 (compatible; MJ12bot/v1.4.8; http://mj12bot.com/)"
185.191.171.43 - - [15/Dec/2021:05:02:23 +0100] "GET /wall-sticker-p-36151.html HTTP/1.0" 200 73205 "-" "Mozilla/5.0 (compatible; SemrushBot/7~bl; +http://www.semrush.com/bot.html)"
148.251.9.145 - - [15/Dec/2021:05:02:25 +0100] "GET /surfboard-ceramic-magnet-10-cm-p-42049.html HTTP/1.0" 301 74275 "-" "Mozilla/5.0 (compatible; MJ12bot/v1.4.8; http://mj12bot.com/)"
148.251.9.145 - - [15/Dec/2021:05:02:32 +0100] "GET /surfboard-ceramic-magnet-p-42049.html HTTP/1.0" 200 74184 "-" "Mozilla/5.0 (compatible; MJ12bot/v1.4.8; http://mj12bot.com/)"
148.251.9.145 - - [15/Dec/2021:05:02:39 +0100] "GET /surfboard-ceramic-magnet-10-cm-p-42052.html HTTP/1.0" 301 74275 "-" "Mozilla/5.0 (compatible; MJ12bot/v1.4.8; http://mj12bot.com/)"
148.251.9.145 - - [15/Dec/2021:05:02:45 +0100] "GET /surfboard-ceramic-magnet-p-42052.html HTTP/1.0" 200 74184 "-" "Mozilla/5.0 (compatible; MJ12bot/v1.4.8; http://mj12bot.com/)"
148.251.9.145 - - [15/Dec/2021:05:02:54 +0100] "GET /surfboard-ceramic-magnet-10-cm-p-42054.html HTTP/1.0" 301 70680 "-" "Mozilla/5.0 (compatible; MJ12bot/v1.4.8; http://mj12bot.com/)"
148.251.9.145 - - [15/Dec/2021:05:03:01 +0100] "GET /-p-42054.html HTTP/1.0" 200 70613 "-" "Mozilla/5.0 (compatible; MJ12bot/v1.4.8; http://mj12bot.com/)"
148.251.9.145 - - [15/Dec/2021:05:03:09 +0100] "GET /surfboard-ceramic-magnet-p-42049.html HTTP/1.0" 200 74184 "-" "Mozilla/5.0 (compatible; MJ12bot/v1.4.8; http://mj12bot.com/)"
148.251.9.145 - - [15/Dec/2021:05:03:15 +0100] "GET /surfboard-ceramic-magnet-p-42052.html HTTP/1.0" 200 74184 "-" "Mozilla/5.0 (compatible; MJ12bot/v1.4.8; http://mj12bot.com/)"
148.251.9.145 - - [15/Dec/2021:05:03:22 +0100] "GET /surfboard-wooden-wall-decoration-60-cm-p-46757.html HTTP/1.0" 301 70680 "-" "Mozilla/5.0 (compatible; MJ12bot/v1.4.8; http://mj12bot.com/)"
148.251.9.145 - - [15/Dec/2021:05:03:29 +0100] "GET /-p-46757.html HTTP/1.0" 200 70613 "-" "Mozilla/5.0 (compatible; MJ12bot/v1.4.8; http://mj12bot.com/)"
148.251.9.145 - - [15/Dec/2021:05:03:37 +0100] "GET /surfing-surfboard-wooden-wall-decoration-p-36080.html HTTP/1.0" 301 70680 "-" "Mozilla/5.0 (compatible; MJ12bot/v1.4.8; http://mj12bot.com/)"
185.191.171.14 - - [15/Dec/2021:05:03:40 +0100] "GET /that-italia-pink-triangular-alarm-clock-p-24930.html HTTP/1.0" 200 73459 "-" "Mozilla/5.0 (compatible; SemrushBot/7~bl; +http://www.semrush.com/bot.html)"
185.191.171.15 - - [15/Dec/2021:05:03:45 +0100] "GET /scented-candle-made-france-musk-p-57033.html HTTP/1.0" 200 74791 "-" "Mozilla/5.0 (compatible; SemrushBot/7~bl; +http://www.semrush.com/bot.html)"
148.251.9.145 - - [15/Dec/2021:05:03:46 +0100] "GET /-p-36080.html HTTP/1.0" 200 70613 "-" "Mozilla/5.0 (compatible; MJ12bot/v1.4.8; http://mj12bot.com/)"
148.251.9.145 - - [15/Dec/2021:05:03:52 +0100] "GET /swallow-wall-decoration-24-19-cm-p-43105.html HTTP/1.0" 301 73440 "-" "Mozilla/5.0 (compatible; MJ12bot/v1.4.8; http://mj12bot.com/)"
148.251.9.145 - - [15/Dec/2021:05:04:02 +0100] "GET /swallow-wall-decoration-p-43105.html HTTP/1.0" 200 73350 "-" "Mozilla/5.0 (compatible; MJ12bot/v1.4.8; http://mj12bot.com/)"
157.55.39.228 - - [15/Dec/2021:05:04:07 +0100] "GET /images/1341689750626.jpg HTTP/1.0" 200 259 "-" "Mozilla/5.0 (compatible; bingbot/2.0; +http://www.bing.com/bingbot.htm)"
148.251.9.145 - - [15/Dec/2021:05:04:10 +0100] "GET /swallow-wall-decoration-p-43105.html HTTP/1.0" 200 73350 "-" "Mozilla/5.0 (compatible; MJ12bot/v1.4.8; http://mj12bot.com/)"
54.36.148.243 - - [15/Dec/2021:05:04:11 +0100] "GET /disney-princess-dress-p-31106.html HTTP/1.0" 200 74377 "-" "Mozilla/5.0 (compatible; AhrefsBot/7.0; +http://ahrefs.com/robot/)"
148.251.9.145 - - [15/Dec/2021:05:04:17 +0100] "GET /sweet-lily-mini-rectangular-tray-p-54916.html HTTP/1.0" 200 73384 "-" "Mozilla/5.0 (compatible; MJ12bot/v1.4.8; http://mj12bot.com/)"
148.251.9.145 - - [15/Dec/2021:05:04:24 +0100] "GET /table-decoration-bowl-elephant-p-48816.html HTTP/1.0" 200 70725 "-" "Mozilla/5.0 (compatible; MJ12bot/v1.4.8; http://mj12bot.com/)"
185.191.171.24 - - [15/Dec/2021:05:04:27 +0100] "GET /decoration-world-map-p-48248.html HTTP/1.0" 301 70758 "-" "Mozilla/5.0 (compatible; SemrushBot/7~bl; +http://www.semrush.com/bot.html)"
185.191.171.4 - - [15/Dec/2021:05:04:30 +0100] "GET /decoration-world-p-48248.html HTTP/1.0" 200 70675 "-" "Mozilla/5.0 (compatible; SemrushBot/7~bl; +http://www.semrush.com/bot.html)"
207.46.13.52 - - [15/Dec/2021:05:04:33 +0100] "GET /images/big_prod/8904245400149.jpg HTTP/1.0" 200 268 "-" "Mozilla/5.0 (compatible; bingbot/2.0; +http://www.bing.com/bingbot.htm)"
148.251.9.145 - - [15/Dec/2021:05:04:33 +0100] "GET /tablecloth-washed-linen-170-170-cm-paon-p-48122.html HTTP/1.0" 301 70680 "-" "Mozilla/5.0 (compatible; MJ12bot/v1.4.8; http://mj12bot.com/)"
148.251.9.145 - - [15/Dec/2021:05:04:40 +0100] "GET /-p-48122.html HTTP/1.0" 200 70613 "-" "Mozilla/5.0 (compatible; MJ12bot/v1.4.8; http://mj12bot.com/)"
185.191.171.22 - - [15/Dec/2021:05:04:44 +0100] "GET /quote-wall-stickers-parakeets-p-47314.html HTTP/1.0" 200 74060 "-" "Mozilla/5.0 (compatible; SemrushBot/7~bl; +http://www.semrush.com/bot.html)"
148.251.9.145 - - [15/Dec/2021:05:04:49 +0100] "GET /taurus-decorative-statue-p-44609.html HTTP/1.0" 200 70724 "-" "Mozilla/5.0 (compatible; MJ12bot/v1.4.8; http://mj12bot.com/)"
148.251.9.145 - - [15/Dec/2021:05:04:57 +0100] "GET /tea-light-holder-pentacle-black-soapstone-wicca-25-cm-p-44680.html HTTP/1.0" 301 75088 "-" "Mozilla/5.0 (compatible; MJ12bot/v1.4.8; http://mj12bot.com/)"
148.251.9.145 - - [15/Dec/2021:05:05:04 +0100] "GET /light-holder-pentacle-black-soapstone-wicca-p-44680.html HTTP/1.0" 200 74978 "-" "Mozilla/5.0 (compatible; MJ12bot/v1.4.8; http://mj12bot.com/)"
148.251.9.145 - - [15/Dec/2021:05:05:11 +0100] "GET /tea-wooden-box-butterflies-and-ribbon-p-37613.html HTTP/1.0" 301 70863 "-" "Mozilla/5.0 (compatible; MJ12bot/v1.4.8; http://mj12bot.com/)"
148.251.9.145 - - [15/Dec/2021:05:05:17 +0100] "GET /wooden-butterflies-ribbon-p-37613.html HTTP/1.0" 200 70771 "-" "Mozilla/5.0 (compatible; MJ12bot/v1.4.8; http://mj12bot.com/)"
148.251.9.145 - - [15/Dec/2021:05:05:23 +0100] "GET /teo-jasmin-espresso-cups-p-28930.html HTTP/1.0" 301 70680 "-" "Mozilla/5.0 (compatible; MJ12bot/v1.4.8; http://mj12bot.com/)"
148.251.9.145 - - [15/Dec/2021:05:05:31 +0100] "GET /-p-28930.html HTTP/1.0" 200 70613 "-" "Mozilla/5.0 (compatible; MJ12bot/v1.4.8; http://mj12bot.com/)"
148.251.9.145 - - [15/Dec/2021:05:05:38 +0100] "GET /teo-jasmin-large-cabas-p-44153.html HTTP/1.0" 301 70768 "-" "Mozilla/5.0 (compatible; MJ12bot/v1.4.8; http://mj12bot.com/)"
185.191.171.16 - - [15/Dec/2021:05:05:42 +0100] "GET /marseille-classic-cbkreation-p-31257.html?action=add_product HTTP/1.0" 302 476 "-" "Mozilla/5.0 (compatible; SemrushBot/7~bl; +http://www.semrush.com/bot.html)"
148.251.9.145 - - [15/Dec/2021:05:05:43 +0100] "GET /jasmin-large-cabas-p-44153.html HTTP/1.0" 200 70683 "-" "Mozilla/5.0 (compatible; MJ12bot/v1.4.8; http://mj12bot.com/)"
157.55.39.0 - - [15/Dec/2021:05:05:48 +0100] "GET /images/mini_prod/3560600313766.jpg HTTP/1.0" 200 269 "-" "Mozilla/5.0 (compatible; bingbot/2.0; +http://www.bing.com/bingbot.htm)"
148.251.9.145 - - [15/Dec/2021:05:05:49 +0100] "GET /teo-jasmin-set-cups-espresso-p-32923.html HTTP/1.0" 301 70680 "-" "Mozilla/5.0 (compatible; MJ12bot/v1.4.8; http://mj12bot.com/)"
148.251.9.145 - - [15/Dec/2021:05:05:54 +0100] "GET /-p-32923.html HTTP/1.0" 200 70613 "-" "Mozilla/5.0 (compatible; MJ12bot/v1.4.8; http://mj12bot.com/)"
185.191.171.40 - - [15/Dec/2021:05:05:59 +0100] "GET /cars-straws-p-16548.html?action=add_product HTTP/1.0" 302 476 "-" "Mozilla/5.0 (compatible; SemrushBot/7~bl; +http://www.semrush.com/bot.html)"
148.251.9.145 - - [15/Dec/2021:05:06:02 +0100] "GET /teo-jasmin-teo-jasmine-large-soup-bowl-p-42240.html HTTP/1.0" 301 70881 "-" "Mozilla/5.0 (compatible; MJ12bot/v1.4.8; http://mj12bot.com/)"
185.191.171.40 - - [15/Dec/2021:05:06:06 +0100] "GET /little-prince-saint-exupery-white-ceramic-p-44846.html?action=add_product HTTP/1.0" 302 476 "-" "Mozilla/5.0 (compatible; SemrushBot/7~bl; +http://www.semrush.com/bot.html)"
148.251.9.145 - - [15/Dec/2021:05:06:06 +0100] "GET /jasmin-jasmine-large-soup-bowl-p-42240.html HTTP/1.0" 200 70784 "-" "Mozilla/5.0 (compatible; MJ12bot/v1.4.8; http://mj12bot.com/)"
185.191.171.3 - - [15/Dec/2021:05:06:09 +0100] "GET /hello-kitty-turquoise-magnet-p-9458.html?action=add_product HTTP/1.0" 302 476 "-" "Mozilla/5.0 (compatible; SemrushBot/7~bl; +http://www.semrush.com/bot.html)"
148.251.9.145 - - [15/Dec/2021:05:06:14 +0100] "GET /teo-jasmin-teo-surf-large-bowl-p-34912.html HTTP/1.0" 301 70833 "-" "Mozilla/5.0 (compatible; MJ12bot/v1.4.8; http://mj12bot.com/)"
148.251.9.145 - - [15/Dec/2021:05:06:23 +0100] "GET /jasmin-surf-large-bowl-p-34912.html HTTP/1.0" 200 70744 "-" "Mozilla/5.0 (compatible; MJ12bot/v1.4.8; http://mj12bot.com/)"
148.251.9.145 - - [15/Dec/2021:05:06:30 +0100] "GET /terracotta-soldier-statuette-emperor-p-52432.html HTTP/1.0" 200 74350 "-" "Mozilla/5.0 (compatible; MJ12bot/v1.4.8; http://mj12bot.com/)"
54.36.148.243 - - [15/Dec/2021:05:06:33 +0100] "GET /hello-kitty-face-personal-diary-p-16391.html HTTP/1.0" 200 75786 "-" "Mozilla/5.0 (compatible; AhrefsBot/7.0; +http://ahrefs.com/robot/)"
148.251.9.145 - - [15/Dec/2021:05:06:37 +0100] "GET /terracotta-soldier-statuette-of-emperor-qin-p-52432.html HTTP/1.0" 301 74453 "-" "Mozilla/5.0 (compatible; MJ12bot/v1.4.8; http://mj12bot.com/)"
148.251.9.145 - - [15/Dec/2021:05:06:46 +0100] "GET /terracotta-soldier-statuette-emperor-p-52432.html HTTP/1.0" 200 74350 "-" "Mozilla/5.0 (compatible; MJ12bot/v1.4.8; http://mj12bot.com/)"
148.251.9.145 - - [15/Dec/2021:05:06:54 +0100] "GET /the-best-summer-mono-wooden-peg-hook-p-37236.html HTTP/1.0" 301 73499 "-" "Mozilla/5.0 (compatible; MJ12bot/v1.4.8; http://mj12bot.com/)"
185.191.171.24 - - [15/Dec/2021:05:06:54 +0100] "GET /bag-of-25-kg-of-chewing-gum-machine-compatible-p-51767.html HTTP/1.0" 301 70842 "-" "Mozilla/5.0 (compatible; SemrushBot/7~bl; +http://www.semrush.com/bot.html)"
185.191.171.16 - - [15/Dec/2021:05:06:59 +0100] "GET /chewing-machine-compatible-p-51767.html HTTP/1.0" 200 70749 "-" "Mozilla/5.0 (compatible; SemrushBot/7~bl; +http://www.semrush.com/bot.html)"
148.251.9.145 - - [15/Dec/2021:05:07:00 +0100] "GET /best-summer-mono-wooden-hook-p-37236.html HTTP/1.0" 200 73404 "-" "Mozilla/5.0 (compatible; MJ12bot/v1.4.8; http://mj12bot.com/)"
148.251.9.145 - - [15/Dec/2021:05:07:08 +0100] "GET /the-endless-summer-wooden-wall-decoration-to-hang-p-36037.html HTTP/1.0" 301 70680 "-" "Mozilla/5.0 (compatible; MJ12bot/v1.4.8; http://mj12bot.com/)"
185.191.171.20 - - [15/Dec/2021:05:07:03 +0100] "GET /lighting-c-86.html?page=2 HTTP/1.0" 200 92621 "-" "Mozilla/5.0 (compatible; SemrushBot/7~bl; +http://www.semrush.com/bot.html)"
148.251.9.145 - - [15/Dec/2021:05:07:15 +0100] "GET /-p-36037.html HTTP/1.0" 200 70613 "-" "Mozilla/5.0 (compatible; MJ12bot/v1.4.8; http://mj12bot.com/)"
185.191.171.7 - - [15/Dec/2021:05:07:17 +0100] "GET /skull-sailor-moneybox-brown-p-32592.html?action=add_product HTTP/1.0" 302 476 "-" "Mozilla/5.0 (compatible; SemrushBot/7~bl; +http://www.semrush.com/bot.html)"
148.251.9.145 - - [15/Dec/2021:05:07:22 +0100] "GET /the-foxes-gorjuss-box-p-29448.html HTTP/1.0" 301 70751 "-" "Mozilla/5.0 (compatible; MJ12bot/v1.4.8; http://mj12bot.com/)"
148.251.9.145 - - [15/Dec/2021:05:07:29 +0100] "GET /foxes-gorjuss-p-29448.html HTTP/1.0" 200 70671 "-" "Mozilla/5.0 (compatible; MJ12bot/v1.4.8; http://mj12bot.com/)"
216.244.66.242 - - [15/Dec/2021:05:07:29 +0100] "GET /cosmos-bedclothes-p-39988.html HTTP/1.0" 301 70680 "-" "Mozilla/5.0 (compatible; DotBot/1.2; +https://opensiteexplorer.org/dotbot; help@moz.com)"
148.251.9.145 - - [15/Dec/2021:05:07:38 +0100] "GET /the-girl-who-has-everything-ariel-figurine-p-37677.html HTTP/1.0" 301 70680 "-" "Mozilla/5.0 (compatible; MJ12bot/v1.4.8; http://mj12bot.com/)"
216.244.66.242 - - [15/Dec/2021:05:07:39 +0100] "GET /frozen-elsa-jewelry-p-36931.html HTTP/1.0" 301 70680 "-" "Mozilla/5.0 (compatible; DotBot/1.2; +https://opensiteexplorer.org/dotbot; help@moz.com)"
148.251.9.145 - - [15/Dec/2021:05:07:46 +0100] "GET /-p-37677.html HTTP/1.0" 200 70613 "-" "Mozilla/5.0 (compatible; MJ12bot/v1.4.8; http://mj12bot.com/)"
148.251.9.145 - - [15/Dec/2021:05:07:57 +0100] "GET /the-little-prince-green-jewelry-box-p-53235.html HTTP/1.0" 301 74433 "-" "Mozilla/5.0 (compatible; MJ12bot/v1.4.8; http://mj12bot.com/)"
148.251.9.145 - - [15/Dec/2021:05:08:03 +0100] "GET /little-prince-green-jewelry-p-53235.html HTTP/1.0" 200 74339 "-" "Mozilla/5.0 (compatible; MJ12bot/v1.4.8; http://mj12bot.com/)"
148.251.9.145 - - [15/Dec/2021:05:08:09 +0100] "GET /the-little-prince-money-box-p-45850.html HTTP/1.0" 301 73404 "-" "Mozilla/5.0 (compatible; MJ12bot/v1.4.8; http://mj12bot.com/)"
185.191.171.7 - - [15/Dec/2021:05:08:12 +0100] "GET /zen-canvas-frame-40-40-cm-p-38508.html HTTP/1.0" 301 73393 "-" "Mozilla/5.0 (compatible; SemrushBot/7~bl; +http://www.semrush.com/bot.html)"
148.251.9.145 - - [15/Dec/2021:05:08:15 +0100] "GET /little-prince-money-p-45850.html HTTP/1.0" 200 73318 "-" "Mozilla/5.0 (compatible; MJ12bot/v1.4.8; http://mj12bot.com/)"
185.191.171.20 - - [15/Dec/2021:05:08:18 +0100] "GET /canvas-frame-p-38508.html HTTP/1.0" 200 73314 "-" "Mozilla/5.0 (compatible; SemrushBot/7~bl; +http://www.semrush.com/bot.html)"
148.251.9.145 - - [15/Dec/2021:05:08:21 +0100] "GET /the-little-prince-of-saint-exupery-wall-decoration-17-12-cm-p-51867.html HTTP/1.0" 301 73645 "-" "Mozilla/5.0 (compatible; MJ12bot/v1.4.8; http://mj12bot.com/)"
148.251.9.145 - - [15/Dec/2021:05:08:30 +0100] "GET /little-prince-saint-exupery-wall-decoration-p-51867.html HTTP/1.0" 200 73535 "-" "Mozilla/5.0 (compatible; MJ12bot/v1.4.8; http://mj12bot.com/)"
148.251.9.145 - - [15/Dec/2021:05:08:39 +0100] "GET /the-little-prince-of-st-exupery-figurine-p-44603.html HTTP/1.0" 301 73530 "-" "Mozilla/5.0 (compatible; MJ12bot/v1.4.8; http://mj12bot.com/)"
148.251.9.145 - - [15/Dec/2021:05:08:46 +0100] "GET /little-prince-exupery-figurine-p-44603.html HTTP/1.0" 200 73433 "-" "Mozilla/5.0 (compatible; MJ12bot/v1.4.8; http://mj12bot.com/)"
148.251.9.145 - - [15/Dec/2021:05:08:57 +0100] "GET /the-nightmare-before-christmas-waterball-p-45974.html HTTP/1.0" 301 70680 "-" "Mozilla/5.0 (compatible; MJ12bot/v1.4.8; http://mj12bot.com/)"
54.36.148.243 - - [15/Dec/2021:05:09:00 +0100] "GET /water-bottle-liters-knitting-p-56877.html HTTP/1.0" 200 74103 "-" "Mozilla/5.0 (compatible; AhrefsBot/7.0; +http://ahrefs.com/robot/)"
148.251.9.145 - - [15/Dec/2021:05:09:05 +0100] "GET /-p-45974.html HTTP/1.0" 200 70613 "-" "Mozilla/5.0 (compatible; MJ12bot/v1.4.8; http://mj12bot.com/)"
114.119.128.26 - - [15/Dec/2021:05:09:13 +0100] "GET /images/mini_prod/3574642577703.jpg HTTP/1.0" 200 269 "-" "Mozilla/5.0 (Linux; Android 7.0;) AppleWebKit/537.36 (KHTML, like Gecko) Mobile Safari/537.36 (compatible; PetalBot;+https://webmaster.petalsearch.com/site/petalbot)"
148.251.9.145 - - [15/Dec/2021:05:09:11 +0100] "GET /the-white-bear-by-pompon-10-cm-p-46907.html HTTP/1.0" 301 74254 "-" "Mozilla/5.0 (compatible; MJ12bot/v1.4.8; http://mj12bot.com/)"
148.251.9.145 - - [15/Dec/2021:05:09:18 +0100] "GET /white-bear-pompon-p-46907.html HTTP/1.0" 200 74170 "-" "Mozilla/5.0 (compatible; MJ12bot/v1.4.8; http://mj12bot.com/)"
148.251.9.145 - - [15/Dec/2021:05:09:24 +0100] "GET /the-white-bear-by-pompon-10cm-p-46907.html HTTP/1.0" 301 74254 "-" "Mozilla/5.0 (compatible; MJ12bot/v1.4.8; http://mj12bot.com/)"
148.251.9.145 - - [15/Dec/2021:05:09:32 +0100] "GET /white-bear-pompon-p-46907.html HTTP/1.0" 200 74170 "-" "Mozilla/5.0 (compatible; MJ12bot/v1.4.8; http://mj12bot.com/)"
185.191.171.37 - - [15/Dec/2021:05:09:35 +0100] "GET /matriochka-black-women-tee-shirt-p-30988.html HTTP/1.0" 301 75353 "-" "Mozilla/5.0 (compatible; SemrushBot/7~bl; +http://www.semrush.com/bot.html)"
148.251.9.145 - - [15/Dec/2021:05:09:40 +0100] "GET /thermometer-metal-plate-deco-25-20-cm-we-serve-good-food-p-40001.html HTTP/1.0" 301 70920 "-" "Mozilla/5.0 (compatible; MJ12bot/v1.4.8; http://mj12bot.com/)"
185.191.171.19 - - [15/Dec/2021:05:09:40 +0100] "GET /matriochka-black-women-shirt-p-30988.html HTTP/1.0" 200 75258 "-" "Mozilla/5.0 (compatible; SemrushBot/7~bl; +http://www.semrush.com/bot.html)"
148.251.9.145 - - [15/Dec/2021:05:09:47 +0100] "GET /thermometer-metal-plate-deco-serve-good-food-p-40001.html HTTP/1.0" 200 70809 "-" "Mozilla/5.0 (compatible; MJ12bot/v1.4.8; http://mj12bot.com/)"
148.251.9.145 - - [15/Dec/2021:05:09:54 +0100] "GET /thermometer-metal-plate-deco-serve-good-food-p-40001.html HTTP/1.0" 200 70809 "-" "Mozilla/5.0 (compatible; MJ12bot/v1.4.8; http://mj12bot.com/)"
148.251.9.145 - - [15/Dec/2021:05:10:01 +0100] "GET /thinkerbell-disney-figure-collection-by-britto-p-21427.html HTTP/1.0" 301 70680 "-" "Mozilla/5.0 (compatible; MJ12bot/v1.4.8; http://mj12bot.com/)"
185.191.171.6 - - [15/Dec/2021:05:10:02 +0100] "GET /pot-retro-glass-cleaning-day-happy-time-p-36022.html HTTP/1.0" 301 70845 "-" "Mozilla/5.0 (compatible; SemrushBot/7~bl; +http://www.semrush.com/bot.html)"
185.191.171.21 - - [15/Dec/2021:05:10:08 +0100] "GET /retro-glass-cleaning-happy-time-p-36022.html HTTP/1.0" 200 70747 "-" "Mozilla/5.0 (compatible; SemrushBot/7~bl; +http://www.semrush.com/bot.html)"
148.251.9.145 - - [15/Dec/2021:05:10:09 +0100] "GET /-p-21427.html HTTP/1.0" 200 70613 "-" "Mozilla/5.0 (compatible; MJ12bot/v1.4.8; http://mj12bot.com/)"
148.251.9.145 - - [15/Dec/2021:05:10:14 +0100] "GET /thompson-and-thompson-keyring-p-12357.html HTTP/1.0" 301 70680 "-" "Mozilla/5.0 (compatible; MJ12bot/v1.4.8; http://mj12bot.com/)"
148.251.9.145 - - [15/Dec/2021:05:10:20 +0100] "GET /-p-12357.html HTTP/1.0" 200 70613 "-" "Mozilla/5.0 (compatible; MJ12bot/v1.4.8; http://mj12bot.com/)"
148.251.9.145 - - [15/Dec/2021:05:10:25 +0100] "GET /three-little-pigs-naf-naf-figure-p-3610.html HTTP/1.0" 301 70677 "-" "Mozilla/5.0 (compatible; MJ12bot/v1.4.8; http://mj12bot.com/)"
148.251.9.145 - - [15/Dec/2021:05:10:32 +0100] "GET /-p-3610.html HTTP/1.0" 200 70611 "-" "Mozilla/5.0 (compatible; MJ12bot/v1.4.8; http://mj12bot.com/)"
148.251.9.145 - - [15/Dec/2021:05:10:38 +0100] "GET /tigger-winnie-the-pooh-disney-glitter-globe-p-33591.html HTTP/1.0" 301 70680 "-" "Mozilla/5.0 (compatible; MJ12bot/v1.4.8; http://mj12bot.com/)"
185.191.171.4 - - [15/Dec/2021:05:10:42 +0100] "GET /savane-bedclothes-240-220-cm-p-42599.html HTTP/1.0" 301 70680 "-" "Mozilla/5.0 (compatible; SemrushBot/7~bl; +http://www.semrush.com/bot.html)"
148.251.9.145 - - [15/Dec/2021:05:10:45 +0100] "GET /-p-33591.html HTTP/1.0" 200 70613 "-" "Mozilla/5.0 (compatible; MJ12bot/v1.4.8; http://mj12bot.com/)"
185.191.171.35 - - [15/Dec/2021:05:10:45 +0100] "GET /-p-42599.html HTTP/1.0" 200 70613 "-" "Mozilla/5.0 (compatible; SemrushBot/7~bl; +http://www.semrush.com/bot.html)"
148.251.9.145 - - [15/Dec/2021:05:10:50 +0100] "GET /tinker-bell-disney-figure-collection-by-britto-p-20774.html HTTP/1.0" 301 70680 "-" "Mozilla/5.0 (compatible; MJ12bot/v1.4.8; http://mj12bot.com/)"
148.251.9.145 - - [15/Dec/2021:05:10:56 +0100] "GET /-p-20774.html HTTP/1.0" 200 70613 "-" "Mozilla/5.0 (compatible; MJ12bot/v1.4.8; http://mj12bot.com/)"
148.251.9.145 - - [15/Dec/2021:05:11:03 +0100] "GET /tinker-bell-disney-grand-jester-figure-collection-p-26688.html HTTP/1.0" 301 70680 "-" "Mozilla/5.0 (compatible; MJ12bot/v1.4.8; http://mj12bot.com/)"
148.251.9.145 - - [15/Dec/2021:05:11:08 +0100] "GET /-p-26688.html HTTP/1.0" 200 70613 "-" "Mozilla/5.0 (compatible; MJ12bot/v1.4.8; http://mj12bot.com/)"
66.249.70.72 - - [15/Dec/2021:05:11:15 +0100] "GET /images/mini_prod/5018997612774.jpg HTTP/1.0" 200 269 "-" "Googlebot-Image/1.0"
148.251.9.145 - - [15/Dec/2021:05:11:15 +0100] "GET /tinker-bell-figurine-collection-disney-traditions-fun-elf-p-20188.html HTTP/1.0" 301 73668 "-" "Mozilla/5.0 (compatible; MJ12bot/v1.4.8; http://mj12bot.com/)"
148.251.9.145 - - [15/Dec/2021:05:11:20 +0100] "GET /tinker-bell-figurine-collection-disney-traditions-p-20188.html HTTP/1.0" 200 73552 "-" "Mozilla/5.0 (compatible; MJ12bot/v1.4.8; http://mj12bot.com/)"
207.46.13.52 - - [15/Dec/2021:05:11:23 +0100] "GET /images/big_prod_1/8718375752562a.jpg HTTP/1.0" 200 271 "-" "Mozilla/5.0 (compatible; bingbot/2.0; +http://www.bing.com/bingbot.htm)"
148.251.9.145 - - [15/Dec/2021:05:11:27 +0100] "GET /tinker-bell-spring-figure-collection-disney-traditions-p-31439.html HTTP/1.0" 301 70680 "-" "Mozilla/5.0 (compatible; MJ12bot/v1.4.8; http://mj12bot.com/)"
54.36.148.243 - - [15/Dec/2021:05:11:31 +0100] "GET /koala-nightlight-p-53123.html HTTP/1.0" 200 74203 "-" "Mozilla/5.0 (compatible; AhrefsBot/7.0; +http://ahrefs.com/robot/)"
148.251.9.145 - - [15/Dec/2021:05:11:36 +0100] "GET /-p-31439.html HTTP/1.0" 200 70613 "-" "Mozilla/5.0 (compatible; MJ12bot/v1.4.8; http://mj12bot.com/)"
185.191.171.40 - - [15/Dec/2021:05:11:36 +0100] "GET /crystal-salt-lamp-sphere-grey-p-48663.html HTTP/1.0" 200 74903 "-" "Mozilla/5.0 (compatible; SemrushBot/7~bl; +http://www.semrush.com/bot.html)"
148.251.9.145 - - [15/Dec/2021:05:11:42 +0100] "GET /tinkerbell-collection-box-by-romano-britto-p-20287.html HTTP/1.0" 301 70680 "-" "Mozilla/5.0 (compatible; MJ12bot/v1.4.8; http://mj12bot.com/)"
148.251.9.145 - - [15/Dec/2021:05:11:48 +0100] "GET /-p-20287.html HTTP/1.0" 200 70613 "-" "Mozilla/5.0 (compatible; MJ12bot/v1.4.8; http://mj12bot.com/)"
148.251.9.145 - - [15/Dec/2021:05:11:55 +0100] "GET /tinkerbell-figure-p-2869.html HTTP/1.0" 301 70677 "-" "Mozilla/5.0 (compatible; MJ12bot/v1.4.8; http://mj12bot.com/)"
148.251.9.145 - - [15/Dec/2021:05:12:04 +0100] "GET /-p-2869.html HTTP/1.0" 200 70611 "-" "Mozilla/5.0 (compatible; MJ12bot/v1.4.8; http://mj12bot.com/)"
185.191.171.20 - - [15/Dec/2021:05:12:28 +0100] "GET /makeup-cabinet-with-music-ballet-dancer-p-57013.html HTTP/1.0" 200 74423 "-" "Mozilla/5.0 (compatible; SemrushBot/7~bl; +http://www.semrush.com/bot.html)"
185.191.171.20 - - [15/Dec/2021:05:13:06 +0100] "GET /vase-dolomite-ocher-yellow-finish-p-55115.html HTTP/1.0" 200 74328 "-" "Mozilla/5.0 (compatible; SemrushBot/7~bl; +http://www.semrush.com/bot.html)"
185.191.171.13 - - [15/Dec/2021:05:13:41 +0100] "GET /glass-with-porcelain-infuser-p-41872.html?action=add_product HTTP/1.0" 302 476 "-" "Mozilla/5.0 (compatible; SemrushBot/7~bl; +http://www.semrush.com/bot.html)"
54.36.148.243 - - [15/Dec/2021:05:13:56 +0100] "GET /kimmidoll-brush-p-42415.html HTTP/1.0" 200 73242 "-" "Mozilla/5.0 (compatible; AhrefsBot/7.0; +http://ahrefs.com/robot/)"
185.191.171.7 - - [15/Dec/2021:05:14:21 +0100] "GET /harley-davidson-large-metal-plate-p-40292.html?action=add_product HTTP/1.0" 302 476 "-" "Mozilla/5.0 (compatible; SemrushBot/7~bl; +http://www.semrush.com/bot.html)"
148.251.9.145 - - [15/Dec/2021:05:14:21 +0100] "GET /tinkerbell-flower-fairy-disney-figure-disney-traditions-p-24347.html HTTP/1.0" 301 70680 "-" "Mozilla/5.0 (compatible; MJ12bot/v1.4.8; http://mj12bot.com/)"
148.251.9.145 - - [15/Dec/2021:05:14:24 +0100] "GET /-p-24347.html HTTP/1.0" 200 70613 "-" "Mozilla/5.0 (compatible; MJ12bot/v1.4.8; http://mj12bot.com/)"
148.251.9.145 - - [15/Dec/2021:05:14:27 +0100] "GET /tinkerbell-let-the-season-ring-figure-disney-traditions-p-14043.html HTTP/1.0" 301 70680 "-" "Mozilla/5.0 (compatible; MJ12bot/v1.4.8; http://mj12bot.com/)"
148.251.9.145 - - [15/Dec/2021:05:14:31 +0100] "GET /-p-14043.html HTTP/1.0" 200 70613 "-" "Mozilla/5.0 (compatible; MJ12bot/v1.4.8; http://mj12bot.com/)"
148.251.9.145 - - [15/Dec/2021:05:14:35 +0100] "GET /tintin-et-snowy-keyring-p-12359.html HTTP/1.0" 301 70680 "-" "Mozilla/5.0 (compatible; MJ12bot/v1.4.8; http://mj12bot.com/)"
148.251.9.145 - - [15/Dec/2021:05:14:38 +0100] "GET /-p-12359.html HTTP/1.0" 200 70613 "-" "Mozilla/5.0 (compatible; MJ12bot/v1.4.8; http://mj12bot.com/)"
148.251.9.145 - - [15/Dec/2021:05:14:44 +0100] "GET /top-model-brush-p-24937.html HTTP/1.0" 301 70680 "-" "Mozilla/5.0 (compatible; MJ12bot/v1.4.8; http://mj12bot.com/)"
148.251.9.145 - - [15/Dec/2021:05:14:49 +0100] "GET /-p-24937.html HTTP/1.0" 200 70613 "-" "Mozilla/5.0 (compatible; MJ12bot/v1.4.8; http://mj12bot.com/)"
148.251.9.145 - - [15/Dec/2021:05:14:54 +0100] "GET /toucan-resin-green-perch-p-44709.html HTTP/1.0" 200 73359 "-" "Mozilla/5.0 (compatible; MJ12bot/v1.4.8; http://mj12bot.com/)"
148.251.9.145 - - [15/Dec/2021:05:14:57 +0100] "GET /toucan-resin-on-green-perch-24-cm-p-44709.html HTTP/1.0" 301 73450 "-" "Mozilla/5.0 (compatible; MJ12bot/v1.4.8; http://mj12bot.com/)"
148.251.9.145 - - [15/Dec/2021:05:15:02 +0100] "GET /toucan-resin-green-perch-p-44709.html HTTP/1.0" 200 73359 "-" "Mozilla/5.0 (compatible; MJ12bot/v1.4.8; http://mj12bot.com/)"
148.251.9.145 - - [15/Dec/2021:05:15:07 +0100] "GET /tourmaline-obelisk-p-51174.html HTTP/1.0" 200 73472 "-" "Mozilla/5.0 (compatible; MJ12bot/v1.4.8; http://mj12bot.com/)"
148.251.9.145 - - [15/Dec/2021:05:15:11 +0100] "GET /transformers-100-pieces-puzzle-p-27697.html HTTP/1.0" 301 70680 "-" "Mozilla/5.0 (compatible; MJ12bot/v1.4.8; http://mj12bot.com/)"
148.251.9.145 - - [15/Dec/2021:05:15:13 +0100] "GET /-p-27697.html HTTP/1.0" 200 70613 "-" "Mozilla/5.0 (compatible; MJ12bot/v1.4.8; http://mj12bot.com/)"
148.251.9.145 - - [15/Dec/2021:05:15:18 +0100] "GET /transformers-100-pieces-puzzle-p-27702.html HTTP/1.0" 301 70680 "-" "Mozilla/5.0 (compatible; MJ12bot/v1.4.8; http://mj12bot.com/)"
185.191.171.22 - - [15/Dec/2021:05:15:18 +0100] "GET /little-buddha-collection-statuette-pink-p-46066.html?action=add_product HTTP/1.0" 302 476 "-" "Mozilla/5.0 (compatible; SemrushBot/7~bl; +http://www.semrush.com/bot.html)"
148.251.9.145 - - [15/Dec/2021:05:15:21 +0100] "GET /-p-27702.html HTTP/1.0" 200 70613 "-" "Mozilla/5.0 (compatible; MJ12bot/v1.4.8; http://mj12bot.com/)"
148.251.9.145 - - [15/Dec/2021:05:15:26 +0100] "GET /tropical-surf-paradise-wooden-wall-decoration-to-hang-p-36852.html HTTP/1.0" 301 70680 "-" "Mozilla/5.0 (compatible; MJ12bot/v1.4.8; http://mj12bot.com/)"
159.138.102.98 - - [15/Dec/2021:05:15:27 +0100] "GET /metal-wall-hook-wines-p-46796.html HTTP/1.0" 200 74105 "-" "Mozilla/5.0 (Linux; Android 7.0;) AppleWebKit/537.36 (KHTML, like Gecko) Mobile Safari/537.36 (compatible; PetalBot;+https://webmaster.petalsearch.com/site/petalbot)"
148.251.9.145 - - [15/Dec/2021:05:15:31 +0100] "GET /-p-36852.html HTTP/1.0" 200 70613 "-" "Mozilla/5.0 (compatible; MJ12bot/v1.4.8; http://mj12bot.com/)"
148.251.9.145 - - [15/Dec/2021:05:15:35 +0100] "GET /turtle-wall-decoration-p-48972.html HTTP/1.0" 200 70691 "-" "Mozilla/5.0 (compatible; MJ12bot/v1.4.8; http://mj12bot.com/)"
148.251.9.145 - - [15/Dec/2021:05:15:38 +0100] "GET /uk-telephone-box-glass-clock-p-33038.html HTTP/1.0" 301 70680 "-" "Mozilla/5.0 (compatible; MJ12bot/v1.4.8; http://mj12bot.com/)"
148.251.9.145 - - [15/Dec/2021:05:15:42 +0100] "GET /-p-33038.html HTTP/1.0" 200 70613 "-" "Mozilla/5.0 (compatible; MJ12bot/v1.4.8; http://mj12bot.com/)"
185.191.171.12 - - [15/Dec/2021:05:15:43 +0100] "GET /-p-36931.html?action=add_product HTTP/1.0" 302 476 "-" "Mozilla/5.0 (compatible; SemrushBot/7~bl; +http://www.semrush.com/bot.html)"
148.251.9.145 - - [15/Dec/2021:05:15:47 +0100] "GET /une-pincee-de-gaiete-canvas-frame-28-28-cm-p-38520.html HTTP/1.0" 301 70680 "-" "Mozilla/5.0 (compatible; MJ12bot/v1.4.8; http://mj12bot.com/)"
148.251.9.145 - - [15/Dec/2021:05:15:49 +0100] "GET /-p-38520.html HTTP/1.0" 200 70613 "-" "Mozilla/5.0 (compatible; MJ12bot/v1.4.8; http://mj12bot.com/)"
148.251.9.145 - - [15/Dec/2021:05:15:54 +0100] "GET /unicorn-hot-water-bottle-p-53277.html HTTP/1.0" 301 74181 "-" "Mozilla/5.0 (compatible; MJ12bot/v1.4.8; http://mj12bot.com/)"
185.191.171.45 - - [15/Dec/2021:05:15:54 +0100] "GET /robot-kid-clock-by-jo-p-39991.html HTTP/1.0" 301 73290 "-" "Mozilla/5.0 (compatible; SemrushBot/7~bl; +http://www.semrush.com/bot.html)"
185.191.171.12 - - [15/Dec/2021:05:16:00 +0100] "GET /robot-clock-p-39991.html HTTP/1.0" 200 73212 "-" "Mozilla/5.0 (compatible; SemrushBot/7~bl; +http://www.semrush.com/bot.html)"
216.244.66.242 - - [15/Dec/2021:05:16:00 +0100] "GET /-p-35055.html HTTP/1.0" 200 70613 "-" "Mozilla/5.0 (compatible; DotBot/1.2; +https://opensiteexplorer.org/dotbot; help@moz.com)"
148.251.9.145 - - [15/Dec/2021:05:16:00 +0100] "GET /unicorn-water-bottle-p-53277.html HTTP/1.0" 200 74094 "-" "Mozilla/5.0 (compatible; MJ12bot/v1.4.8; http://mj12bot.com/)"
185.191.171.10 - - [15/Dec/2021:05:16:03 +0100] "GET /gorjuss-cards-supplied-with-envelope-tall-tails-p-48390.html HTTP/1.0" 200 73572 "-" "Mozilla/5.0 (compatible; SemrushBot/7~bl; +http://www.semrush.com/bot.html)"
185.191.171.41 - - [15/Dec/2021:05:16:07 +0100] "GET /rectangular-indoor-carpet-p-53797.html HTTP/1.0" 200 74100 "-" "Mozilla/5.0 (compatible; SemrushBot/7~bl; +http://www.semrush.com/bot.html)"
148.251.9.145 - - [15/Dec/2021:05:16:07 +0100] "GET /unicorn-water-bottle-p-53277.html HTTP/1.0" 200 74094 "-" "Mozilla/5.0 (compatible; MJ12bot/v1.4.8; http://mj12bot.com/)"
66.249.70.74 - - [15/Dec/2021:05:16:12 +0100] "GET /dollar-money-cbkreation-p-24136.html HTTP/1.0" 200 73324 "-" "Mozilla/5.0 (Linux; Android 6.0.1; Nexus 5X Build/MMB29P) AppleWebKit/537.36 (KHTML, like Gecko) Chrome/96.0.4664.93 Mobile Safari/537.36 (compatible; Googlebot/2.1; +http://www.google.com/bot.html)"
216.244.66.242 - - [15/Dec/2021:05:16:13 +0100] "GET /-p-47256.html HTTP/1.0" 200 70613 "-" "Mozilla/5.0 (compatible; DotBot/1.2; +https://opensiteexplorer.org/dotbot; help@moz.com)"
148.251.9.145 - - [15/Dec/2021:05:16:13 +0100] "GET /union-jack-clock-p-31845.html HTTP/1.0" 301 70680 "-" "Mozilla/5.0 (compatible; MJ12bot/v1.4.8; http://mj12bot.com/)"
148.251.9.145 - - [15/Dec/2021:05:16:20 +0100] "GET /-p-31845.html HTTP/1.0" 200 70613 "-" "Mozilla/5.0 (compatible; MJ12bot/v1.4.8; http://mj12bot.com/)"
216.244.66.242 - - [15/Dec/2021:05:16:25 +0100] "GET /beige-small-baby-teeth-p-33507.html HTTP/1.0" 200 73404 "-" "Mozilla/5.0 (compatible; DotBot/1.2; +https://opensiteexplorer.org/dotbot; help@moz.com)"
148.251.9.145 - - [15/Dec/2021:05:16:27 +0100] "GET /union-jack-keep-calm-and-carry-on-clock-p-25428.html HTTP/1.0" 301 73482 "-" "Mozilla/5.0 (compatible; MJ12bot/v1.4.8; http://mj12bot.com/)"
54.36.148.243 - - [15/Dec/2021:05:16:30 +0100] "GET /fragrance-sachet-intense-p-40547.html HTTP/1.0" 200 73943 "-" "Mozilla/5.0 (compatible; AhrefsBot/7.0; +http://ahrefs.com/robot/)"
148.251.9.145 - - [15/Dec/2021:05:16:32 +0100] "GET /union-jack-keep-calm-carry-clock-p-25428.html HTTP/1.0" 200 73383 "-" "Mozilla/5.0 (compatible; MJ12bot/v1.4.8; http://mj12bot.com/)"
216.244.66.242 - - [15/Dec/2021:05:16:36 +0100] "GET /gray-metal-linen-lamp-p-55121.html HTTP/1.0" 200 73985 "-" "Mozilla/5.0 (compatible; DotBot/1.2; +https://opensiteexplorer.org/dotbot; help@moz.com)"
148.251.9.145 - - [15/Dec/2021:05:16:37 +0100] "GET /union-jack-keep-calm-carry-clock-p-25428.html HTTP/1.0" 200 73383 "-" "Mozilla/5.0 (compatible; MJ12bot/v1.4.8; http://mj12bot.com/)"
148.251.9.145 - - [15/Dec/2021:05:16:41 +0100] "GET /united-states-of-america-air-force-cushion-p-36468.html HTTP/1.0" 301 70680 "-" "Mozilla/5.0 (compatible; MJ12bot/v1.4.8; http://mj12bot.com/)"
148.251.9.145 - - [15/Dec/2021:05:16:46 +0100] "GET /-p-36468.html HTTP/1.0" 200 70613 "-" "Mozilla/5.0 (compatible; MJ12bot/v1.4.8; http://mj12bot.com/)"
148.251.9.145 - - [15/Dec/2021:05:16:51 +0100] "GET /united-states-of-america-cushion-p-36464.html HTTP/1.0" 301 70680 "-" "Mozilla/5.0 (compatible; MJ12bot/v1.4.8; http://mj12bot.com/)"
148.251.9.145 - - [15/Dec/2021:05:16:56 +0100] "GET /-p-36464.html HTTP/1.0" 200 70613 "-" "Mozilla/5.0 (compatible; MJ12bot/v1.4.8; http://mj12bot.com/)"
148.251.9.145 - - [15/Dec/2021:05:17:02 +0100] "GET /us-route-66-logo-metal-magnet-p-8188.html HTTP/1.0" 301 73333 "-" "Mozilla/5.0 (compatible; MJ12bot/v1.4.8; http://mj12bot.com/)"
148.251.9.145 - - [15/Dec/2021:05:17:07 +0100] "GET /route-logo-metal-magnet-p-8188.html HTTP/1.0" 200 73244 "-" "Mozilla/5.0 (compatible; MJ12bot/v1.4.8; http://mj12bot.com/)"
148.251.9.145 - - [15/Dec/2021:05:17:12 +0100] "GET /veux-du-soleil-placemat-p-49106.html HTTP/1.0" 301 73516 "-" "Mozilla/5.0 (compatible; MJ12bot/v1.4.8; http://mj12bot.com/)"
148.251.9.145 - - [15/Dec/2021:05:17:16 +0100] "GET /veux-soleil-placemat-p-49106.html HTTP/1.0" 200 73429 "-" "Mozilla/5.0 (compatible; MJ12bot/v1.4.8; http://mj12bot.com/)"
148.251.9.145 - - [15/Dec/2021:05:17:21 +0100] "GET /veux-soleil-placemat-p-49106.html HTTP/1.0" 200 73429 "-" "Mozilla/5.0 (compatible; MJ12bot/v1.4.8; http://mj12bot.com/)"
185.191.171.36 - - [15/Dec/2021:05:17:22 +0100] "GET /good-year-large-metal-plate-deco-p-43529.html HTTP/1.0" 200 73349 "-" "Mozilla/5.0 (compatible; SemrushBot/7~bl; +http://www.semrush.com/bot.html)"
