159.138.102.98 - - [16/Dec/2021:01:29:38 +0100] "GET /mirror-to-hang-mosaics-butterfly-p-46422.html HTTP/1.0" 301 73408 "-" "Mozilla/5.0 (Linux; Android 7.0;) AppleWebKit/537.36 (KHTML, like Gecko) Mobile Safari/537.36 (compatible; PetalBot;+https://webmaster.petalsearch.com/site/petalbot)"
159.138.102.98 - - [16/Dec/2021:01:29:44 +0100] "GET /mirror-hang-mosaics-butterfly-p-46422.html HTTP/1.0" 200 73312 "-" "Mozilla/5.0 (Linux; Android 7.0;) AppleWebKit/537.36 (KHTML, like Gecko) Mobile Safari/537.36 (compatible; PetalBot;+https://webmaster.petalsearch.com/site/petalbot)"
185.191.171.26 - - [16/Dec/2021:01:30:06 +0100] "GET /christmas-mickey-mouse-figurine-p-56728.html HTTP/1.0" 200 74578 "-" "Mozilla/5.0 (compatible; SemrushBot/7~bl; +http://www.semrush.com/bot.html)"
54.36.148.243 - - [16/Dec/2021:01:30:08 +0100] "GET /table-lamp-silver-metal-p-42338.html HTTP/1.0" 200 73351 "-" "Mozilla/5.0 (compatible; AhrefsBot/7.0; +http://ahrefs.com/robot/)"
175.102.16.34 - - [16/Dec/2021:01:30:24 +0100] "GET /images/mini_prod/5415203956408.jpg HTTP/1.0" 200 269 "-" "Mozilla/5.0 (X11; Ubuntu; Linux x86_64; rv:72.0) Gecko/20100101 Firefox/72.0"
118.140.213.251 - - [16/Dec/2021:01:30:36 +0100] "GET /images/mini_prod/5415203956408.jpg HTTP/1.0" 200 269 "-" "Mozilla/5.0 (X11; Ubuntu; Linux x86_64; rv:72.0) Gecko/20100101 Firefox/72.0"
157.55.39.223 - - [16/Dec/2021:01:30:37 +0100] "GET /images/big_prod_1/1328399219599a.jpg HTTP/1.0" 200 271 "-" "Mozilla/5.0 (compatible; bingbot/2.0; +http://www.bing.com/bingbot.htm)"
185.191.171.39 - - [16/Dec/2021:01:30:37 +0100] "GET /frosted-glass-betty-boop-eighteen-p-52349.html HTTP/1.0" 200 72999 "-" "Mozilla/5.0 (compatible; SemrushBot/7~bl; +http://www.semrush.com/bot.html)"
157.55.39.0 - - [16/Dec/2021:01:31:27 +0100] "GET /macaron-alarm-clock-cbkreation-p-25005.html HTTP/1.0" 200 73372 "-" "Mozilla/5.0 (compatible; bingbot/2.0; +http://www.bing.com/bingbot.htm)"
114.119.128.34 - - [16/Dec/2021:01:31:45 +0100] "GET /bamboo-retro-tray-espresso-p-51685.html HTTP/1.0" 200 73332 "-" "Mozilla/5.0 (Linux; Android 7.0;) AppleWebKit/537.36 (KHTML, like Gecko) Mobile Safari/537.36 (compatible; PetalBot;+https://webmaster.petalsearch.com/site/petalbot)"
185.191.171.13 - - [16/Dec/2021:01:31:51 +0100] "GET /heart-and-home-eco-friendly-stick-diffuser-vanilla-rosewood-p-52807.html HTTP/1.0" 301 74615 "-" "Mozilla/5.0 (compatible; SemrushBot/7~bl; +http://www.semrush.com/bot.html)"
185.191.171.2 - - [16/Dec/2021:01:31:55 +0100] "GET /heart-home-friendly-stick-diffuser-vanilla-rosewood-p-52807.html HTTP/1.0" 200 74497 "-" "Mozilla/5.0 (compatible; SemrushBot/7~bl; +http://www.semrush.com/bot.html)"
54.36.148.243 - - [16/Dec/2021:01:32:40 +0100] "GET /salt-with-wooden-spoon-sardella-p-54527.html HTTP/1.0" 200 73308 "-" "Mozilla/5.0 (compatible; AhrefsBot/7.0; +http://ahrefs.com/robot/)"
114.119.128.34 - - [16/Dec/2021:01:33:53 +0100] "GET /images/big_prod_1/8424346367474a.jpg HTTP/1.0" 200 271 "-" "Mozilla/5.0 (Linux; Android 7.0;) AppleWebKit/537.36 (KHTML, like Gecko) Mobile Safari/537.36 (compatible; PetalBot;+https://webmaster.petalsearch.com/site/petalbot)"
147.92.153.8 - - [16/Dec/2021:01:34:30 +0100] "GET /mini-cooper-union-jack-figurine-p-28503.html HTTP/1.0" 200 73406 "-" "Mozilla/5.0 (compatible; Linespider/1.1; +https://lin.ee/4dwXkTH)"
54.36.148.243 - - [16/Dec/2021:01:34:59 +0100] "GET /cotton-kitchen-towel-rgles-maison-sont-simples-p-56283.html HTTP/1.0" 200 73482 "-" "Mozilla/5.0 (compatible; AhrefsBot/7.0; +http://ahrefs.com/robot/)"
185.191.171.23 - - [16/Dec/2021:01:35:16 +0100] "GET /white-gold-peacock-jewelry-holder-statuette-p-56815.html?action=add_product HTTP/1.0" 302 476 "-" "Mozilla/5.0 (compatible; SemrushBot/7~bl; +http://www.semrush.com/bot.html)"
157.55.39.228 - - [16/Dec/2021:01:35:26 +0100] "GET /images/3438100343395.jpg HTTP/1.0" 200 259 "-" "Mozilla/5.0 (compatible; bingbot/2.0; +http://www.bing.com/bingbot.htm)"
185.191.171.42 - - [16/Dec/2021:01:35:32 +0100] "GET /golden-decorative-game-dice-p-53101.html?action=add_product HTTP/1.0" 302 476 "-" "Mozilla/5.0 (compatible; SemrushBot/7~bl; +http://www.semrush.com/bot.html)"
155.138.175.238 - - [16/Dec/2021:01:35:38 +0100] "GET /images/mini_prod/8003990589939.jpg HTTP/1.0" 200 269 "-" "Mozilla/5.0 (X11; Ubuntu; Linux x86_64; rv:72.0) Gecko/20100101 Firefox/72.0"
185.191.171.43 - - [16/Dec/2021:01:35:37 +0100] "GET /duet-of-ethnic-masks-on-pedestal-p-50859.html HTTP/1.0" 301 73460 "-" "Mozilla/5.0 (compatible; SemrushBot/7~bl; +http://www.semrush.com/bot.html)"
185.191.171.5 - - [16/Dec/2021:01:35:40 +0100] "GET /duet-ethnic-masks-pedestal-p-50859.html HTTP/1.0" 200 73367 "-" "Mozilla/5.0 (compatible; SemrushBot/7~bl; +http://www.semrush.com/bot.html)"
66.249.70.74 - - [16/Dec/2021:01:35:47 +0100] "GET /images/mini_prod/3665269121278.jpg HTTP/1.0" 200 269 "-" "Googlebot-Image/1.0"
114.119.128.40 - - [16/Dec/2021:01:36:08 +0100] "GET /smoking-metal-plate-deco-p-46331.html HTTP/1.0" 200 73304 "-" "Mozilla/5.0 (Linux; Android 7.0;) AppleWebKit/537.36 (KHTML, like Gecko) Mobile Safari/537.36 (compatible; PetalBot;+https://webmaster.petalsearch.com/site/petalbot)"
5.255.253.187 - - [16/Dec/2021:01:36:13 +0100] "GET /cotton-bed-base-cover-160-200-cm-canon-de-fusil-p-44228.html HTTP/1.0" 301 73525 "-" "Mozilla/5.0 (compatible; YandexBot/3.0; +http://yandex.com/bots)"
5.255.253.187 - - [16/Dec/2021:01:36:16 +0100] "GET /cotton-base-cover-canon-fusil-p-44228.html HTTP/1.0" 200 73429 "-" "Mozilla/5.0 (compatible; YandexBot/3.0; +http://yandex.com/bots)"
185.191.171.39 - - [16/Dec/2021:01:36:41 +0100] "GET /duvet-cover-cotton-percale-threads-p-43840.html?action=add_product HTTP/1.0" 302 476 "-" "Mozilla/5.0 (compatible; SemrushBot/7~bl; +http://www.semrush.com/bot.html)"
185.191.171.2 - - [16/Dec/2021:01:36:43 +0100] "GET /galileo-thermometer-indoors-p-53639.html HTTP/1.0" 200 73375 "-" "Mozilla/5.0 (compatible; SemrushBot/7~bl; +http://www.semrush.com/bot.html)"
207.46.13.62 - - [16/Dec/2021:01:36:49 +0100] "GET /images/3681643402207.jpg HTTP/1.0" 200 259 "-" "Mozilla/5.0 (compatible; bingbot/2.0; +http://www.bing.com/bingbot.htm)"
54.36.148.243 - - [16/Dec/2021:01:37:15 +0100] "GET /buster-figure-p-8557.html HTTP/1.0" 200 73283 "-" "Mozilla/5.0 (compatible; AhrefsBot/7.0; +http://ahrefs.com/robot/)"
17.121.114.83 - - [16/Dec/2021:01:37:18 +0100] "GET /star-wars-captain-phasma-poster-p-36316.html HTTP/1.0" 200 70727 "-" "Mozilla/5.0 (Macintosh; Intel Mac OS X 10_15_5) AppleWebKit/605.1.15 (KHTML, like Gecko) Version/13.1.1 Safari/605.1.15 (Applebot/0.1; +http://www.apple.com/go/applebot)"
66.249.70.74 - - [16/Dec/2021:01:37:38 +0100] "GET /irlande-clock-cbkreation-p-36922.html HTTP/1.0" 200 73265 "-" "Mozilla/5.0 (compatible; Googlebot/2.1; +http://www.google.com/bot.html)"
185.191.171.36 - - [16/Dec/2021:01:37:47 +0100] "GET /cupcakes-cbkreation-p-17350.html?action=add_product HTTP/1.0" 302 476 "-" "Mozilla/5.0 (compatible; SemrushBot/7~bl; +http://www.semrush.com/bot.html)"
114.119.128.40 - - [16/Dec/2021:01:38:06 +0100] "GET /glass-jellyfish-paperweight-75-cm-p-52790.html HTTP/1.0" 301 73417 "-" "Mozilla/5.0 (Linux; Android 7.0;) AppleWebKit/537.36 (KHTML, like Gecko) Mobile Safari/537.36 (compatible; PetalBot;+https://webmaster.petalsearch.com/site/petalbot)"
114.119.128.40 - - [16/Dec/2021:01:38:08 +0100] "GET /glass-jellyfish-paperweight-p-52790.html HTTP/1.0" 200 73323 "-" "Mozilla/5.0 (Linux; Android 7.0;) AppleWebKit/537.36 (KHTML, like Gecko) Mobile Safari/537.36 (compatible; PetalBot;+https://webmaster.petalsearch.com/site/petalbot)"
24.13.67.112 - - [16/Dec/2021:01:38:21 +0100] "GET /lola-ceramic-piggy-bank-p-49599.html HTTP/1.0" 200 70707 "https://www.google.com/" "Mozilla/5.0 (iPhone; CPU iPhone OS 15_1_1 like Mac OS X) AppleWebKit/605.1.15 (KHTML, like Gecko) Version/15.1 Mobile/15E148 Safari/604.1"
24.13.67.112 - - [16/Dec/2021:01:38:22 +0100] "GET /templates/Pixame_v1/stylesheet.css HTTP/1.0" 200 267 "http://www.wonder-geek.com/lola-ceramic-piggy-bank-p-49599.html" "Mozilla/5.0 (iPhone; CPU iPhone OS 15_1_1 like Mac OS X) AppleWebKit/605.1.15 (KHTML, like Gecko) Version/15.1 Mobile/15E148 Safari/604.1"
24.13.67.112 - - [16/Dec/2021:01:38:22 +0100] "GET /highslide/highslide.js HTTP/1.0" 200 262 "http://www.wonder-geek.com/lola-ceramic-piggy-bank-p-49599.html" "Mozilla/5.0 (iPhone; CPU iPhone OS 15_1_1 like Mac OS X) AppleWebKit/605.1.15 (KHTML, like Gecko) Version/15.1 Mobile/15E148 Safari/604.1"
24.13.67.112 - - [16/Dec/2021:01:38:22 +0100] "GET /js/jquery.js HTTP/1.0" 200 252 "http://www.wonder-geek.com/lola-ceramic-piggy-bank-p-49599.html" "Mozilla/5.0 (iPhone; CPU iPhone OS 15_1_1 like Mac OS X) AppleWebKit/605.1.15 (KHTML, like Gecko) Version/15.1 Mobile/15E148 Safari/604.1"
24.13.67.112 - - [16/Dec/2021:01:38:22 +0100] "GET /mondial_relay/js/jquery-1.3.2.min.js HTTP/1.0" 200 276 "http://www.wonder-geek.com/lola-ceramic-piggy-bank-p-49599.html" "Mozilla/5.0 (iPhone; CPU iPhone OS 15_1_1 like Mac OS X) AppleWebKit/605.1.15 (KHTML, like Gecko) Version/15.1 Mobile/15E148 Safari/604.1"
24.13.67.112 - - [16/Dec/2021:01:38:22 +0100] "GET /js/jquery.jqzoom.js HTTP/1.0" 200 259 "http://www.wonder-geek.com/lola-ceramic-piggy-bank-p-49599.html" "Mozilla/5.0 (iPhone; CPU iPhone OS 15_1_1 like Mac OS X) AppleWebKit/605.1.15 (KHTML, like Gecko) Version/15.1 Mobile/15E148 Safari/604.1"
24.13.67.112 - - [16/Dec/2021:01:38:22 +0100] "GET /swfobject.js HTTP/1.0" 404 1308 "http://www.wonder-geek.com/lola-ceramic-piggy-bank-p-49599.html" "Mozilla/5.0 (iPhone; CPU iPhone OS 15_1_1 like Mac OS X) AppleWebKit/605.1.15 (KHTML, like Gecko) Version/15.1 Mobile/15E148 Safari/604.1"
24.13.67.112 - - [16/Dec/2021:01:38:22 +0100] "GET /templates/Pixame_v1/images/icon_accueil2.png HTTP/1.0" 200 278 "http://www.wonder-geek.com/lola-ceramic-piggy-bank-p-49599.html" "Mozilla/5.0 (iPhone; CPU iPhone OS 15_1_1 like Mac OS X) AppleWebKit/605.1.15 (KHTML, like Gecko) Version/15.1 Mobile/15E148 Safari/604.1"
24.13.67.112 - - [16/Dec/2021:01:38:22 +0100] "GET /templates/Pixame_v1/images/infobox/pixel_trans.gif HTTP/1.0" 200 328 "http://www.wonder-geek.com/lola-ceramic-piggy-bank-p-49599.html" "Mozilla/5.0 (iPhone; CPU iPhone OS 15_1_1 like Mac OS X) AppleWebKit/605.1.15 (KHTML, like Gecko) Version/15.1 Mobile/15E148 Safari/604.1"
24.13.67.112 - - [16/Dec/2021:01:38:22 +0100] "GET /templates/Pixame_v1/images/Middle_texture.jpg HTTP/1.0" 200 280 "http://www.wonder-geek.com/lola-ceramic-piggy-bank-p-49599.html" "Mozilla/5.0 (iPhone; CPU iPhone OS 15_1_1 like Mac OS X) AppleWebKit/605.1.15 (KHTML, like Gecko) Version/15.1 Mobile/15E148 Safari/604.1"
24.13.67.112 - - [16/Dec/2021:01:38:22 +0100] "GET /templates/Pixame_v1/images/Bottom_texture.jpg HTTP/1.0" 200 280 "http://www.wonder-geek.com/lola-ceramic-piggy-bank-p-49599.html" "Mozilla/5.0 (iPhone; CPU iPhone OS 15_1_1 like Mac OS X) AppleWebKit/605.1.15 (KHTML, like Gecko) Version/15.1 Mobile/15E148 Safari/604.1"
24.13.67.112 - - [16/Dec/2021:01:38:22 +0100] "GET /templates/Pixame_v1/images/header-object.png HTTP/1.0" 200 278 "http://www.wonder-geek.com/lola-ceramic-piggy-bank-p-49599.html" "Mozilla/5.0 (iPhone; CPU iPhone OS 15_1_1 like Mac OS X) AppleWebKit/605.1.15 (KHTML, like Gecko) Version/15.1 Mobile/15E148 Safari/604.1"
24.13.67.112 - - [16/Dec/2021:01:38:22 +0100] "GET /templates/Pixame_v1/images/header.png HTTP/1.0" 200 271 "http://www.wonder-geek.com/lola-ceramic-piggy-bank-p-49599.html" "Mozilla/5.0 (iPhone; CPU iPhone OS 15_1_1 like Mac OS X) AppleWebKit/605.1.15 (KHTML, like Gecko) Version/15.1 Mobile/15E148 Safari/604.1"
24.13.67.112 - - [16/Dec/2021:01:38:22 +0100] "GET /templates/Pixame_v1/images/nav.png HTTP/1.0" 200 268 "http://www.wonder-geek.com/lola-ceramic-piggy-bank-p-49599.html" "Mozilla/5.0 (iPhone; CPU iPhone OS 15_1_1 like Mac OS X) AppleWebKit/605.1.15 (KHTML, like Gecko) Version/15.1 Mobile/15E148 Safari/604.1"
24.13.67.112 - - [16/Dec/2021:01:38:23 +0100] "GET /templates/Pixame_v1/images/infobox/infobox_footer_middle.gif HTTP/1.0" 200 357 "http://www.wonder-geek.com/lola-ceramic-piggy-bank-p-49599.html" "Mozilla/5.0 (iPhone; CPU iPhone OS 15_1_1 like Mac OS X) AppleWebKit/605.1.15 (KHTML, like Gecko) Version/15.1 Mobile/15E148 Safari/604.1"
24.13.67.112 - - [16/Dec/2021:01:38:23 +0100] "GET /templates/Pixame_v1/images/pixel_trans.gif HTTP/1.0" 200 328 "http://www.wonder-geek.com/lola-ceramic-piggy-bank-p-49599.html" "Mozilla/5.0 (iPhone; CPU iPhone OS 15_1_1 like Mac OS X) AppleWebKit/605.1.15 (KHTML, like Gecko) Version/15.1 Mobile/15E148 Safari/604.1"
24.13.67.112 - - [16/Dec/2021:01:38:23 +0100] "GET /images/pixel_trans.gif HTTP/1.0" 200 328 "http://www.wonder-geek.com/lola-ceramic-piggy-bank-p-49599.html" "Mozilla/5.0 (iPhone; CPU iPhone OS 15_1_1 like Mac OS X) AppleWebKit/605.1.15 (KHTML, like Gecko) Version/15.1 Mobile/15E148 Safari/604.1"
24.13.67.112 - - [16/Dec/2021:01:38:23 +0100] "GET /design/productsenstock.png HTTP/1.0" 200 260 "http://www.wonder-geek.com/lola-ceramic-piggy-bank-p-49599.html" "Mozilla/5.0 (iPhone; CPU iPhone OS 15_1_1 like Mac OS X) AppleWebKit/605.1.15 (KHTML, like Gecko) Version/15.1 Mobile/15E148 Safari/604.1"
24.13.67.112 - - [16/Dec/2021:01:38:23 +0100] "GET /templates/Pixame_v1/images/buttons/english/button_continue.gif HTTP/1.0" 200 1264 "http://www.wonder-geek.com/lola-ceramic-piggy-bank-p-49599.html" "Mozilla/5.0 (iPhone; CPU iPhone OS 15_1_1 like Mac OS X) AppleWebKit/605.1.15 (KHTML, like Gecko) Version/15.1 Mobile/15E148 Safari/604.1"
24.13.67.112 - - [16/Dec/2021:01:38:24 +0100] "GET /highslide/graphics/outlines/drop-shadow.png HTTP/1.0" 200 277 "http://www.wonder-geek.com/lola-ceramic-piggy-bank-p-49599.html" "Mozilla/5.0 (iPhone; CPU iPhone OS 15_1_1 like Mac OS X) AppleWebKit/605.1.15 (KHTML, like Gecko) Version/15.1 Mobile/15E148 Safari/604.1"
24.13.67.112 - - [16/Dec/2021:01:38:24 +0100] "GET /highslide/graphics/loader.white.gif HTTP/1.0" 200 960 "http://www.wonder-geek.com/lola-ceramic-piggy-bank-p-49599.html" "Mozilla/5.0 (iPhone; CPU iPhone OS 15_1_1 like Mac OS X) AppleWebKit/605.1.15 (KHTML, like Gecko) Version/15.1 Mobile/15E148 Safari/604.1"
24.13.67.112 - - [16/Dec/2021:01:38:24 +0100] "GET /highslide/graphics/zoomout.cur HTTP/1.0" 200 614 "http://www.wonder-geek.com/lola-ceramic-piggy-bank-p-49599.html" "Mozilla/5.0 (iPhone; CPU iPhone OS 15_1_1 like Mac OS X) AppleWebKit/605.1.15 (KHTML, like Gecko) Version/15.1 Mobile/15E148 Safari/604.1"
24.13.67.112 - - [16/Dec/2021:01:38:24 +0100] "GET /favicon.ico HTTP/1.0" 200 260 "http://www.wonder-geek.com/lola-ceramic-piggy-bank-p-49599.html" "Mozilla/5.0 (iPhone; CPU iPhone OS 15_1_1 like Mac OS X) AppleWebKit/605.1.15 (KHTML, like Gecko) Version/15.1 Mobile/15E148 Safari/604.1"
24.13.67.112 - - [16/Dec/2021:01:38:28 +0100] "GET /lola-ceramic-piggy-bank-p-49599.html HTTP/1.0" 200 70707 "https://www.google.com/" "Mozilla/5.0 (iPhone; CPU iPhone OS 15_1_1 like Mac OS X) AppleWebKit/605.1.15 (KHTML, like Gecko) Version/15.1 Mobile/15E148 Safari/604.1"
185.191.171.24 - - [16/Dec/2021:01:38:57 +0100] "GET /raving-rabbids-magnetic-clock-p-17394.html HTTP/1.0" 200 73387 "-" "Mozilla/5.0 (compatible; SemrushBot/7~bl; +http://www.semrush.com/bot.html)"
54.36.148.243 - - [16/Dec/2021:01:39:30 +0100] "GET /lighting-c-86.html?page=9 HTTP/1.0" 200 91588 "-" "Mozilla/5.0 (compatible; AhrefsBot/7.0; +http://ahrefs.com/robot/)"
185.191.171.23 - - [16/Dec/2021:01:39:39 +0100] "GET /merite-sa-biere-metal-tray-33-cm-p-53579.html HTTP/1.0" 301 74258 "-" "Mozilla/5.0 (compatible; SemrushBot/7~bl; +http://www.semrush.com/bot.html)"
185.191.171.42 - - [16/Dec/2021:01:39:42 +0100] "GET /merite-biere-metal-tray-p-53579.html HTTP/1.0" 200 74168 "-" "Mozilla/5.0 (compatible; SemrushBot/7~bl; +http://www.semrush.com/bot.html)"
51.68.224.127 - - [16/Dec/2021:01:39:57 +0100] "GET /adminweb/export_orders_xml.php?token=256de2z6edz6ed2z6DFSFsed2zed6zeDSFDSGdzedezfzf&maxorders=10&orderstart=1&status=14&start_date=2018-10-01 HTTP/1.0" 200 285 "-" "GesCom CharlotteBoutik Serveur"
51.68.224.127 - - [16/Dec/2021:01:39:57 +0100] "GET /adminweb/export_orders_xml.php?token=256de2z6edz6ed2z6DFSFsed2zed6zeDSFDSGdzedezfzf&maxorders=10&orderstart=1&status=6&start_date=2018-10-01 HTTP/1.0" 200 32471 "-" "GesCom CharlotteBoutik Serveur"
159.138.102.98 - - [16/Dec/2021:01:40:11 +0100] "GET /dessert-dish-glass-with-anti-slip-feet-p-47346.html HTTP/1.0" 200 73970 "-" "Mozilla/5.0 (Linux; Android 7.0;) AppleWebKit/537.36 (KHTML, like Gecko) Mobile Safari/537.36 (compatible; PetalBot;+https://webmaster.petalsearch.com/site/petalbot)"
157.55.39.122 - - [16/Dec/2021:01:40:14 +0100] "GET /images/med_prod/4010070303013.jpg HTTP/1.0" 200 268 "-" "Mozilla/5.0 (compatible; bingbot/2.0; +http://www.bing.com/bingbot.htm)"
185.191.171.43 - - [16/Dec/2021:01:40:28 +0100] "GET /russian-doll-figurine-jewelry-p-27612.html HTTP/1.0" 301 70680 "-" "Mozilla/5.0 (compatible; SemrushBot/7~bl; +http://www.semrush.com/bot.html)"
185.191.171.45 - - [16/Dec/2021:01:40:30 +0100] "GET /-p-27612.html HTTP/1.0" 200 70613 "-" "Mozilla/5.0 (compatible; SemrushBot/7~bl; +http://www.semrush.com/bot.html)"
157.55.39.223 - - [16/Dec/2021:01:41:08 +0100] "GET /images/med_prod/8712269006120.jpg HTTP/1.0" 200 268 "-" "Mozilla/5.0 (compatible; bingbot/2.0; +http://www.bing.com/bingbot.htm)"
54.36.148.243 - - [16/Dec/2021:01:41:27 +0100] "GET /cushion-cover-birds-p-49955.html HTTP/1.0" 200 74091 "-" "Mozilla/5.0 (compatible; AhrefsBot/7.0; +http://ahrefs.com/robot/)"
17.121.114.77 - - [16/Dec/2021:01:41:30 +0100] "GET /gogh-little-tray-p-51671.html HTTP/1.0" 200 70679 "-" "Mozilla/5.0 (Macintosh; Intel Mac OS X 10_15_5) AppleWebKit/605.1.15 (KHTML, like Gecko) Version/13.1.1 Safari/605.1.15 (Applebot/0.1; +http://www.apple.com/go/applebot)"
5.255.253.187 - - [16/Dec/2021:01:42:09 +0100] "GET /wooden-cubi-cover-vieillis-p-56692.html HTTP/1.0" 200 74162 "-" "Mozilla/5.0 (compatible; YandexBot/3.0; +http://yandex.com/bots)"
114.119.128.37 - - [16/Dec/2021:01:42:28 +0100] "GET /cruella-devil-disney-traditions-shore-collection-p-51178.html HTTP/1.0" 200 75018 "-" "Mozilla/5.0 (Linux; Android 7.0;) AppleWebKit/537.36 (KHTML, like Gecko) Mobile Safari/537.36 (compatible; PetalBot;+https://webmaster.petalsearch.com/site/petalbot)"
66.249.70.74 - - [16/Dec/2021:01:42:31 +0100] "GET /softy-cotton-fleece-mattress-p-56954.html HTTP/1.0" 200 73502 "-" "Mozilla/5.0 (Linux; Android 6.0.1; Nexus 5X Build/MMB29P) AppleWebKit/537.36 (KHTML, like Gecko) Chrome/96.0.4664.93 Mobile Safari/537.36 (compatible; Googlebot/2.1; +http://www.google.com/bot.html)"
66.249.70.70 - - [16/Dec/2021:01:42:55 +0100] "GET /emily-strange-round-p-15088.html HTTP/1.0" 200 73528 "-" "Mozilla/5.0 (Linux; Android 6.0.1; Nexus 5X Build/MMB29P) AppleWebKit/537.36 (KHTML, like Gecko) Chrome/96.0.4664.93 Mobile Safari/537.36 (compatible; Googlebot/2.1; +http://www.google.com/bot.html)"
185.191.171.7 - - [16/Dec/2021:01:43:03 +0100] "GET /provence-p-44539.html?action=add_product HTTP/1.0" 302 476 "-" "Mozilla/5.0 (compatible; SemrushBot/7~bl; +http://www.semrush.com/bot.html)"
54.36.148.243 - - [16/Dec/2021:01:43:23 +0100] "GET /door-p-50102.html HTTP/1.0" 200 73449 "-" "Mozilla/5.0 (compatible; AhrefsBot/7.0; +http://ahrefs.com/robot/)"
185.191.171.18 - - [16/Dec/2021:01:43:48 +0100] "GET /california-khaki-shoulder-p-37121.html HTTP/1.0" 200 73641 "-" "Mozilla/5.0 (compatible; SemrushBot/7~bl; +http://www.semrush.com/bot.html)"
185.191.171.40 - - [16/Dec/2021:01:43:59 +0100] "GET /isothermic-stainless-steel-bottle-p-56551.html?action=add_product HTTP/1.0" 302 476 "-" "Mozilla/5.0 (compatible; SemrushBot/7~bl; +http://www.semrush.com/bot.html)"
185.191.171.13 - - [16/Dec/2021:01:44:26 +0100] "GET /carpet-mandala-blue-p-42035.html?action=add_product HTTP/1.0" 302 476 "-" "Mozilla/5.0 (compatible; SemrushBot/7~bl; +http://www.semrush.com/bot.html)"
157.55.39.223 - - [16/Dec/2021:01:44:28 +0100] "GET /images/big_prod/8419810093386.jpg HTTP/1.0" 200 268 "-" "Mozilla/5.0 (compatible; bingbot/2.0; +http://www.bing.com/bingbot.htm)"
114.119.128.39 - - [16/Dec/2021:01:44:28 +0100] "GET /images/big_prod_1/1020322305439B.jpg HTTP/1.0" 200 271 "-" "Mozilla/5.0 (Linux; Android 7.0;) AppleWebKit/537.36 (KHTML, like Gecko) Mobile Safari/537.36 (compatible; PetalBot;+https://webmaster.petalsearch.com/site/petalbot)"
185.191.171.3 - - [16/Dec/2021:01:44:29 +0100] "GET /figurine-jack-skellington-sally-p-55972.html HTTP/1.0" 200 74925 "-" "Mozilla/5.0 (compatible; SemrushBot/7~bl; +http://www.semrush.com/bot.html)"
144.202.104.167 - - [16/Dec/2021:01:44:40 +0100] "GET /images/mini_prod/78-4153.jpg HTTP/1.0" 200 263 "-" "Mozilla/5.0 (X11; Ubuntu; Linux x86_64; rv:72.0) Gecko/20100101 Firefox/72.0"
185.191.171.18 - - [16/Dec/2021:01:44:45 +0100] "GET /chic-mariniere-mug-p-45190.html HTTP/1.0" 301 70767 "-" "Mozilla/5.0 (compatible; SemrushBot/7~bl; +http://www.semrush.com/bot.html)"
185.191.171.18 - - [16/Dec/2021:01:44:47 +0100] "GET /chic-mariniere-p-45190.html HTTP/1.0" 200 70686 "-" "Mozilla/5.0 (compatible; SemrushBot/7~bl; +http://www.semrush.com/bot.html)"
54.36.148.243 - - [16/Dec/2021:01:45:29 +0100] "GET /fairies-fairy-lights-p-24738.html HTTP/1.0" 200 73445 "-" "Mozilla/5.0 (compatible; AhrefsBot/7.0; +http://ahrefs.com/robot/)"
185.191.171.7 - - [16/Dec/2021:01:45:32 +0100] "GET /-p-49348.html?action=add_product HTTP/1.0" 302 476 "-" "Mozilla/5.0 (compatible; SemrushBot/7~bl; +http://www.semrush.com/bot.html)"
114.119.128.253 - - [16/Dec/2021:01:46:33 +0100] "GET /marvel-avengers-clock-p-31607.html HTTP/1.0" 200 70687 "-" "Mozilla/5.0 (Linux; Android 7.0;) AppleWebKit/537.36 (KHTML, like Gecko) Mobile Safari/537.36 (compatible; PetalBot;+https://webmaster.petalsearch.com/site/petalbot)"
185.191.171.23 - - [16/Dec/2021:01:46:42 +0100] "GET /trivet-and-boards-cut-c-12_158.html?page=11 HTTP/1.0" 301 91852 "-" "Mozilla/5.0 (compatible; SemrushBot/7~bl; +http://www.semrush.com/bot.html)"
185.191.171.44 - - [16/Dec/2021:01:46:45 +0100] "GET /trivet-boards-c-158.html?page=11 HTTP/1.0" 301 91751 "-" "Mozilla/5.0 (compatible; SemrushBot/7~bl; +http://www.semrush.com/bot.html)"
185.191.171.6 - - [16/Dec/2021:01:46:49 +0100] "GET /trivet-boards-c-12_158.html?page=11 HTTP/1.0" 200 91766 "-" "Mozilla/5.0 (compatible; SemrushBot/7~bl; +http://www.semrush.com/bot.html)"
54.36.148.166 - - [16/Dec/2021:01:46:52 +0100] "GET /images/mini_prod/3700281659221.jpg HTTP/1.0" 200 269 "-" "Mozilla/5.0 (compatible; AhrefsBot/7.0; +http://ahrefs.com/robot/)"
185.191.171.39 - - [16/Dec/2021:01:46:54 +0100] "GET /gold-lucky-cat-moneybox-p-50827.html HTTP/1.0" 301 73920 "-" "Mozilla/5.0 (compatible; SemrushBot/7~bl; +http://www.semrush.com/bot.html)"
20.99.156.128 - - [16/Dec/2021:01:46:55 +0100] "GET /images/big_prod_1/b3574642018220.jpg HTTP/1.0" 200 271 "-" "Mozilla/5.0 (X11; Linux x86_64) AppleWebKit/537.36 (KHTML, like Gecko) Chrome/62.0.3202.62 Safari/537.36"
185.191.171.43 - - [16/Dec/2021:01:46:57 +0100] "GET /gold-lucky-moneybox-p-50827.html HTTP/1.0" 200 73834 "-" "Mozilla/5.0 (compatible; SemrushBot/7~bl; +http://www.semrush.com/bot.html)"
185.191.171.12 - - [16/Dec/2021:01:47:01 +0100] "GET /large-clock-world-map-p-51513.html HTTP/1.0" 301 70763 "-" "Mozilla/5.0 (compatible; SemrushBot/7~bl; +http://www.semrush.com/bot.html)"
185.191.171.2 - - [16/Dec/2021:01:47:03 +0100] "GET /large-clock-world-p-51513.html HTTP/1.0" 200 70679 "-" "Mozilla/5.0 (compatible; SemrushBot/7~bl; +http://www.semrush.com/bot.html)"
157.55.39.228 - - [16/Dec/2021:01:47:08 +0100] "GET /money-boxes-c-13_83.html HTTP/1.0" 200 93108 "-" "Mozilla/5.0 (compatible; bingbot/2.0; +http://www.bing.com/bingbot.htm)"
185.191.171.12 - - [16/Dec/2021:01:47:20 +0100] "GET /winnie-pooh-yellow-swimsuit-p-30253.html HTTP/1.0" 200 74762 "-" "Mozilla/5.0 (compatible; SemrushBot/7~bl; +http://www.semrush.com/bot.html)"
54.36.148.243 - - [16/Dec/2021:01:47:34 +0100] "GET /rectangular-kitchen-towel-cotton-paris-p-51356.html HTTP/1.0" 200 73413 "-" "Mozilla/5.0 (compatible; AhrefsBot/7.0; +http://ahrefs.com/robot/)"
185.191.171.45 - - [16/Dec/2021:01:47:44 +0100] "GET /water-bottle-liters-blue-grey-p-56878.html HTTP/1.0" 200 74128 "-" "Mozilla/5.0 (compatible; SemrushBot/7~bl; +http://www.semrush.com/bot.html)"
207.46.13.62 - - [16/Dec/2021:01:48:40 +0100] "GET /images/med_prod/4036113232072.jpg HTTP/1.0" 200 268 "-" "Mozilla/5.0 (compatible; bingbot/2.0; +http://www.bing.com/bingbot.htm)"
114.119.128.26 - - [16/Dec/2021:01:48:39 +0100] "GET /snowman-decoration-p-49646.html HTTP/1.0" 200 73320 "-" "Mozilla/5.0 (Linux; Android 7.0;) AppleWebKit/537.36 (KHTML, like Gecko) Mobile Safari/537.36 (compatible; PetalBot;+https://webmaster.petalsearch.com/site/petalbot)"
66.249.70.70 - - [16/Dec/2021:01:49:06 +0100] "GET /images/big_prod/8718375754184.jpg HTTP/1.0" 200 268 "-" "Googlebot-Image/1.0"
155.138.175.238 - - [16/Dec/2021:01:49:22 +0100] "GET /images/mini_prod/8421440012309.jpg HTTP/1.0" 200 269 "-" "Mozilla/5.0 (X11; Ubuntu; Linux x86_64; rv:72.0) Gecko/20100101 Firefox/72.0"
54.36.148.243 - - [16/Dec/2021:01:49:51 +0100] "GET /gothic-lolita-white-cushion-p-22188.html HTTP/1.0" 200 73507 "-" "Mozilla/5.0 (compatible; AhrefsBot/7.0; +http://ahrefs.com/robot/)"
66.249.70.70 - - [16/Dec/2021:01:50:00 +0100] "GET /olaf-with-flower-figure-collection-p-30717.html HTTP/1.0" 200 73398 "-" "Mozilla/5.0 (Linux; Android 6.0.1; Nexus 5X Build/MMB29P) AppleWebKit/537.36 (KHTML, like Gecko) Chrome/96.0.4664.93 Mobile Safari/537.36 (compatible; Googlebot/2.1; +http://www.google.com/bot.html)"
66.249.70.70 - - [16/Dec/2021:01:50:01 +0100] "GET /relief-panel-elephants-carved-wood-p-47213.html HTTP/1.0" 200 74721 "-" "Mozilla/5.0 (Linux; Android 6.0.1; Nexus 5X Build/MMB29P) AppleWebKit/537.36 (KHTML, like Gecko) Chrome/96.0.4664.93 Mobile Safari/537.36 (compatible; Googlebot/2.1; +http://www.google.com/bot.html)"
66.249.70.70 - - [16/Dec/2021:01:50:03 +0100] "GET /pepe-jeans-kensington-laptop-p-41324.html HTTP/1.0" 200 73635 "-" "Mozilla/5.0 (Linux; Android 6.0.1; Nexus 5X Build/MMB29P) AppleWebKit/537.36 (KHTML, like Gecko) Chrome/96.0.4664.93 Mobile Safari/537.36 (compatible; Googlebot/2.1; +http://www.google.com/bot.html)"
185.191.171.38 - - [16/Dec/2021:01:50:21 +0100] "GET /paris-shower-curtain-180-200-cm-p-52156.html HTTP/1.0" 301 74044 "-" "Mozilla/5.0 (compatible; SemrushBot/7~bl; +http://www.semrush.com/bot.html)"
185.191.171.17 - - [16/Dec/2021:01:50:23 +0100] "GET /paris-shower-curtain-p-52156.html HTTP/1.0" 200 73957 "-" "Mozilla/5.0 (compatible; SemrushBot/7~bl; +http://www.semrush.com/bot.html)"
185.191.171.20 - - [16/Dec/2021:01:50:26 +0100] "GET /geishas-pot-cookware-cbkreation-p-29710.html HTTP/1.0" 301 73388 "-" "Mozilla/5.0 (compatible; SemrushBot/7~bl; +http://www.semrush.com/bot.html)"
185.191.171.45 - - [16/Dec/2021:01:50:29 +0100] "GET /geishas-cookware-cbkreation-p-29710.html HTTP/1.0" 200 73294 "-" "Mozilla/5.0 (compatible; SemrushBot/7~bl; +http://www.semrush.com/bot.html)"
45.76.250.213 - - [16/Dec/2021:01:50:31 +0100] "GET /images/mini_prod/8435333834275.jpg HTTP/1.0" 200 269 "-" "Mozilla/5.0 (X11; Ubuntu; Linux x86_64; rv:72.0) Gecko/20100101 Firefox/72.0"
175.102.16.34 - - [16/Dec/2021:01:50:34 +0100] "GET /images/mini_prod/3760116326407.jpg HTTP/1.0" 200 269 "-" "Mozilla/5.0 (X11; Ubuntu; Linux x86_64; rv:72.0) Gecko/20100101 Firefox/72.0"
159.138.102.98 - - [16/Dec/2021:01:50:47 +0100] "GET /resin-statue-p-53409.html HTTP/1.0" 200 73852 "-" "Mozilla/5.0 (Linux; Android 7.0;) AppleWebKit/537.36 (KHTML, like Gecko) Mobile Safari/537.36 (compatible; PetalBot;+https://webmaster.petalsearch.com/site/petalbot)"
155.138.175.238 - - [16/Dec/2021:01:50:49 +0100] "GET /images/med_prod/3700516207456.jpg HTTP/1.0" 200 268 "-" "Mozilla/5.0 (X11; Ubuntu; Linux x86_64; rv:72.0) Gecko/20100101 Firefox/72.0"
17.121.112.155 - - [16/Dec/2021:01:50:47 +0100] "GET /wolf-plaid-p-53213.html HTTP/1.0" 200 73295 "-" "Mozilla/5.0 (Macintosh; Intel Mac OS X 10_15_5) AppleWebKit/605.1.15 (KHTML, like Gecko) Version/13.1.1 Safari/605.1.15 (Applebot/0.1; +http://www.apple.com/go/applebot)"
185.191.171.41 - - [16/Dec/2021:01:50:52 +0100] "GET /fff-sport-bag-p-44947.html HTTP/1.0" 301 70725 "-" "Mozilla/5.0 (compatible; SemrushBot/7~bl; +http://www.semrush.com/bot.html)"
185.191.171.37 - - [16/Dec/2021:01:50:55 +0100] "GET /sport-p-44947.html HTTP/1.0" 200 70653 "-" "Mozilla/5.0 (compatible; SemrushBot/7~bl; +http://www.semrush.com/bot.html)"
216.244.66.242 - - [16/Dec/2021:01:51:09 +0100] "GET /robots.txt HTTP/1.0" 200 245 "-" "Mozilla/5.0 (compatible; DotBot/1.2; +https://opensiteexplorer.org/dotbot; help@moz.com)"
185.191.171.2 - - [16/Dec/2021:01:51:35 +0100] "GET /white-moon-table-lamp-p-52568.html?action=add_product HTTP/1.0" 302 476 "-" "Mozilla/5.0 (compatible; SemrushBot/7~bl; +http://www.semrush.com/bot.html)"
54.36.148.243 - - [16/Dec/2021:01:51:44 +0100] "GET /sharpei-keychains-p-26300.html HTTP/1.0" 200 73240 "-" "Mozilla/5.0 (compatible; AhrefsBot/7.0; +http://ahrefs.com/robot/)"
185.191.171.10 - - [16/Dec/2021:01:51:57 +0100] "GET /little-toiletry-p-43406.html HTTP/1.0" 200 73324 "-" "Mozilla/5.0 (compatible; SemrushBot/7~bl; +http://www.semrush.com/bot.html)"
175.102.16.34 - - [16/Dec/2021:01:52:14 +0100] "GET /images/mini_prod/mug-i-love-02.jpg HTTP/1.0" 200 269 "-" "Mozilla/5.0 (X11; Ubuntu; Linux x86_64; rv:72.0) Gecko/20100101 Firefox/72.0"
185.191.171.34 - - [16/Dec/2021:01:52:59 +0100] "GET /rugs-c-11_269.html?page=5 HTTP/1.0" 200 91537 "-" "Mozilla/5.0 (compatible; SemrushBot/7~bl; +http://www.semrush.com/bot.html)"
45.76.250.213 - - [16/Dec/2021:01:53:01 +0100] "GET /images/mini_prod/3609810061897.jpg HTTP/1.0" 200 269 "-" "Mozilla/5.0 (X11; Ubuntu; Linux x86_64; rv:72.0) Gecko/20100101 Firefox/72.0"
114.119.128.26 - - [16/Dec/2021:01:52:59 +0100] "GET /york-yankees-blue-post-office-p-14498.html HTTP/1.0" 200 74826 "-" "Mozilla/5.0 (Linux; Android 7.0;) AppleWebKit/537.36 (KHTML, like Gecko) Mobile Safari/537.36 (compatible; PetalBot;+https://webmaster.petalsearch.com/site/petalbot)"
31.42.176.162 - - [16/Dec/2021:01:53:11 +0100] "GET /contact_us.php HTTP/1.0" 200 26241 "http://www.wonder-geek.com/contact_us.php" "Mozilla/5.0 (Windows NT 6.1; Win64; x64) AppleWebKit/537.36 (KHTML, like Gecko) Chrome/90.0.4430.85 Safari/537.36 Edg/90.0.818.49"
31.42.176.162 - - [16/Dec/2021:01:53:12 +0100] "POST /contact_us.php?action=send HTTP/1.0" 200 26710 "http://www.wonder-geek.com/contact_us.php" "Mozilla/5.0 (Windows NT 6.1; Win64; x64) AppleWebKit/537.36 (KHTML, like Gecko) Chrome/90.0.4430.85 Safari/537.36 Edg/90.0.818.49"
185.191.171.19 - - [16/Dec/2021:01:53:20 +0100] "GET /with-infuser-cutty-p-48726.html?action=add_product HTTP/1.0" 302 476 "-" "Mozilla/5.0 (compatible; SemrushBot/7~bl; +http://www.semrush.com/bot.html)"
157.55.39.228 - - [16/Dec/2021:01:53:38 +0100] "GET /images/big_prod/8432699037265.jpg HTTP/1.0" 200 268 "-" "Mozilla/5.0 (compatible; bingbot/2.0; +http://www.bing.com/bingbot.htm)"
54.36.148.243 - - [16/Dec/2021:01:53:42 +0100] "GET /green-japan-keyring-cbkreation-p-43243.html HTTP/1.0" 200 73381 "-" "Mozilla/5.0 (compatible; AhrefsBot/7.0; +http://ahrefs.com/robot/)"
185.191.171.8 - - [16/Dec/2021:01:53:46 +0100] "GET /light-garland-alpaca-p-53148.html?action=add_product HTTP/1.0" 302 476 "-" "Mozilla/5.0 (compatible; SemrushBot/7~bl; +http://www.semrush.com/bot.html)"
185.191.171.19 - - [16/Dec/2021:01:53:57 +0100] "GET /lavender-provence-little-tray-p-39727.html?action=add_product HTTP/1.0" 302 476 "-" "Mozilla/5.0 (compatible; SemrushBot/7~bl; +http://www.semrush.com/bot.html)"
185.191.171.10 - - [16/Dec/2021:01:54:33 +0100] "GET /philosophizing-monkey-rheinhold-p-46899.html HTTP/1.0" 200 74054 "-" "Mozilla/5.0 (compatible; SemrushBot/7~bl; +http://www.semrush.com/bot.html)"
185.191.171.8 - - [16/Dec/2021:01:54:55 +0100] "GET /light-wood-table-lamp-scandinavian-spirit-p-50721.html?action=add_product HTTP/1.0" 302 476 "-" "Mozilla/5.0 (compatible; SemrushBot/7~bl; +http://www.semrush.com/bot.html)"
114.119.128.40 - - [16/Dec/2021:01:55:07 +0100] "GET /images/big_prod/028399282609.jpg HTTP/1.0" 200 267 "-" "Mozilla/5.0 (Linux; Android 7.0;) AppleWebKit/537.36 (KHTML, like Gecko) Mobile Safari/537.36 (compatible; PetalBot;+https://webmaster.petalsearch.com/site/petalbot)"
185.191.171.12 - - [16/Dec/2021:01:55:19 +0100] "GET /cats-dubout-placemat-p-47082.html HTTP/1.0" 200 73290 "-" "Mozilla/5.0 (compatible; SemrushBot/7~bl; +http://www.semrush.com/bot.html)"
54.36.148.243 - - [16/Dec/2021:01:55:34 +0100] "GET /puppies-boots-wildside-poster-p-25820.html HTTP/1.0" 200 73295 "-" "Mozilla/5.0 (compatible; AhrefsBot/7.0; +http://ahrefs.com/robot/)"
66.249.70.72 - - [16/Dec/2021:01:55:39 +0100] "GET /dishes/suitcase-lunch-and-lunch-box/barbapapa-horizontal-lunch-bag-p-13770.html HTTP/1.0" 301 73847 "-" "Mozilla/5.0 (Linux; Android 6.0.1; Nexus 5X Build/MMB29P) AppleWebKit/537.36 (KHTML, like Gecko) Chrome/96.0.4664.93 Mobile Safari/537.36 (compatible; Googlebot/2.1; +http://www.google.com/bot.html)"
66.249.70.72 - - [16/Dec/2021:01:55:41 +0100] "GET /barbapapa-horizontal-lunch-p-13770.html HTTP/1.0" 200 73754 "-" "Mozilla/5.0 (Linux; Android 6.0.1; Nexus 5X Build/MMB29P) AppleWebKit/537.36 (KHTML, like Gecko) Chrome/96.0.4664.93 Mobile Safari/537.36 (compatible; Googlebot/2.1; +http://www.google.com/bot.html)"
185.191.171.34 - - [16/Dec/2021:01:56:01 +0100] "GET /lois-jean-wallet-women-p-38154.html?action=add_product HTTP/1.0" 302 476 "-" "Mozilla/5.0 (compatible; SemrushBot/7~bl; +http://www.semrush.com/bot.html)"
51.68.224.127 - - [16/Dec/2021:01:56:03 +0100] "GET /adminweb/export_orders_xml.php?token=256de2z6edz6ed2z6DFSFsed2zed6zeDSFDSGdzedezfzf&maxorders=10&orderstart=1&status=14&start_date=2018-10-01 HTTP/1.0" 200 285 "-" "GesCom CharlotteBoutik Serveur"
51.68.224.127 - - [16/Dec/2021:01:56:03 +0100] "GET /adminweb/export_orders_xml.php?token=256de2z6edz6ed2z6DFSFsed2zed6zeDSFDSGdzedezfzf&maxorders=10&orderstart=1&status=6&start_date=2018-10-01 HTTP/1.0" 200 32471 "-" "GesCom CharlotteBoutik Serveur"
185.191.171.8 - - [16/Dec/2021:01:57:15 +0100] "GET /skull-money-resin-skated-gold-p-37766.html?action=add_product HTTP/1.0" 302 476 "-" "Mozilla/5.0 (compatible; SemrushBot/7~bl; +http://www.semrush.com/bot.html)"
114.119.128.39 - - [16/Dec/2021:01:57:15 +0100] "GET /le-provencal-soap-dispenser-p-53459.html HTTP/1.0" 301 73412 "-" "Mozilla/5.0 (Linux; Android 7.0;) AppleWebKit/537.36 (KHTML, like Gecko) Mobile Safari/537.36 (compatible; PetalBot;+https://webmaster.petalsearch.com/site/petalbot)"
114.119.128.39 - - [16/Dec/2021:01:57:17 +0100] "GET /provenal-soap-dispenser-p-53459.html HTTP/1.0" 200 73322 "-" "Mozilla/5.0 (Linux; Android 7.0;) AppleWebKit/537.36 (KHTML, like Gecko) Mobile Safari/537.36 (compatible; PetalBot;+https://webmaster.petalsearch.com/site/petalbot)"
185.191.171.37 - - [16/Dec/2021:01:57:42 +0100] "GET /-p-42381.html?action=add_product HTTP/1.0" 302 476 "-" "Mozilla/5.0 (compatible; SemrushBot/7~bl; +http://www.semrush.com/bot.html)"
185.191.171.37 - - [16/Dec/2021:01:57:43 +0100] "GET /owl-statue-12-cm-p-36380.html HTTP/1.0" 301 70720 "-" "Mozilla/5.0 (compatible; SemrushBot/7~bl; +http://www.semrush.com/bot.html)"
54.36.148.243 - - [16/Dec/2021:01:57:45 +0100] "GET /light-garland-pastel-deer-p-55385.html HTTP/1.0" 200 74447 "-" "Mozilla/5.0 (compatible; AhrefsBot/7.0; +http://ahrefs.com/robot/)"
185.191.171.25 - - [16/Dec/2021:01:57:46 +0100] "GET /statue-p-36380.html HTTP/1.0" 200 70647 "-" "Mozilla/5.0 (compatible; SemrushBot/7~bl; +http://www.semrush.com/bot.html)"
207.46.13.62 - - [16/Dec/2021:01:58:21 +0100] "GET /images/210320123420070.jpg HTTP/1.0" 200 261 "-" "Mozilla/5.0 (compatible; bingbot/2.0; +http://www.bing.com/bingbot.htm)"
66.249.70.74 - - [16/Dec/2021:01:58:44 +0100] "GET /swfobject.js HTTP/1.0" 404 1308 "http://www.wonder-geek.com/barbapapa-horizontal-lunch-p-13770.html" "Mozilla/5.0 (Linux; Android 6.0.1; Nexus 5X Build/MMB29P) AppleWebKit/537.36 (KHTML, like Gecko) Chrome/96.0.4664.45 Mobile Safari/537.36 (compatible; Googlebot/2.1; +http://www.google.com/bot.html)"
114.119.128.253 - - [16/Dec/2021:01:59:26 +0100] "GET /yang-clock-cbkreation-p-24708.html HTTP/1.0" 200 73401 "-" "Mozilla/5.0 (Linux; Android 7.0;) AppleWebKit/537.36 (KHTML, like Gecko) Mobile Safari/537.36 (compatible; PetalBot;+https://webmaster.petalsearch.com/site/petalbot)"
216.244.66.242 - - [16/Dec/2021:01:59:48 +0100] "GET /writing-correction-c-129_186.html?page=4 HTTP/1.0" 200 92963 "-" "Mozilla/5.0 (compatible; DotBot/1.2; +https://opensiteexplorer.org/dotbot; help@moz.com)"
185.191.171.14 - - [16/Dec/2021:01:59:50 +0100] "GET /good-year-tires-p-45966.html HTTP/1.0" 200 73196 "-" "Mozilla/5.0 (compatible; SemrushBot/7~bl; +http://www.semrush.com/bot.html)"
54.36.148.243 - - [16/Dec/2021:01:59:52 +0100] "GET /rectangular-kitchen-towel-cotton-pastis-marseille-p-48527.html HTTP/1.0" 200 73541 "-" "Mozilla/5.0 (compatible; AhrefsBot/7.0; +http://ahrefs.com/robot/)"
216.244.66.242 - - [16/Dec/2021:02:00:20 +0100] "GET /baseball-bat-humorous-black-p-42585.html HTTP/1.0" 301 70821 "-" "Mozilla/5.0 (compatible; DotBot/1.2; +https://opensiteexplorer.org/dotbot; help@moz.com)"
185.191.171.18 - - [16/Dec/2021:02:00:35 +0100] "GET /collectible-figurines-and-decorative-c-13_135.html?page=21 HTTP/1.0" 301 96786 "-" "Mozilla/5.0 (compatible; SemrushBot/7~bl; +http://www.semrush.com/bot.html)"
157.55.39.223 - - [16/Dec/2021:02:00:41 +0100] "GET /images/med_prod/1384010181416.jpg HTTP/1.0" 200 268 "-" "Mozilla/5.0 (compatible; bingbot/2.0; +http://www.bing.com/bingbot.htm)"
216.244.66.242 - - [16/Dec/2021:02:00:41 +0100] "GET /large-kimmidoll-cardboard-storage-p-47964.html HTTP/1.0" 301 70680 "-" "Mozilla/5.0 (compatible; DotBot/1.2; +https://opensiteexplorer.org/dotbot; help@moz.com)"
185.191.171.33 - - [16/Dec/2021:02:00:41 +0100] "GET /collectible-figurines-decorative-c-135.html?page=21 HTTP/1.0" 301 96663 "-" "Mozilla/5.0 (compatible; SemrushBot/7~bl; +http://www.semrush.com/bot.html)"
185.191.171.35 - - [16/Dec/2021:02:00:45 +0100] "GET /collectible-figurines-decorative-c-13_135.html?page=21 HTTP/1.0" 200 96681 "-" "Mozilla/5.0 (compatible; SemrushBot/7~bl; +http://www.semrush.com/bot.html)"
157.55.39.223 - - [16/Dec/2021:02:00:51 +0100] "GET /polyresin-goddess-fortune-statuette-bronze-color-p-56771.html HTTP/1.0" 200 74183 "-" "Mozilla/5.0 (compatible; bingbot/2.0; +http://www.bing.com/bingbot.htm)"
216.244.66.242 - - [16/Dec/2021:02:00:58 +0100] "GET /little-prince-night-magic-lantern-p-30597.html HTTP/1.0" 301 70680 "-" "Mozilla/5.0 (compatible; DotBot/1.2; +https://opensiteexplorer.org/dotbot; help@moz.com)"
185.191.171.5 - - [16/Dec/2021:02:00:58 +0100] "GET /barbabravo-personal-diary-p-5116.html HTTP/1.0" 301 70677 "-" "Mozilla/5.0 (compatible; SemrushBot/7~bl; +http://www.semrush.com/bot.html)"
185.191.171.8 - - [16/Dec/2021:02:01:02 +0100] "GET /-p-5116.html HTTP/1.0" 200 70611 "-" "Mozilla/5.0 (compatible; SemrushBot/7~bl; +http://www.semrush.com/bot.html)"
216.244.66.242 - - [16/Dec/2021:02:01:13 +0100] "GET /small-metallic-retro-garage-full-servic-p-38916.html HTTP/1.0" 301 70680 "-" "Mozilla/5.0 (compatible; DotBot/1.2; +https://opensiteexplorer.org/dotbot; help@moz.com)"
114.119.128.40 - - [16/Dec/2021:02:01:34 +0100] "GET /ceramic-vase-silver-tree-p-53020.html HTTP/1.0" 200 70711 "-" "Mozilla/5.0 (Linux; Android 7.0;) AppleWebKit/537.36 (KHTML, like Gecko) Mobile Safari/537.36 (compatible; PetalBot;+https://webmaster.petalsearch.com/site/petalbot)"
185.191.171.2 - - [16/Dec/2021:02:01:42 +0100] "GET /book-lamp-real-wood-maple-size-p-54339.html HTTP/1.0" 200 74697 "-" "Mozilla/5.0 (compatible; SemrushBot/7~bl; +http://www.semrush.com/bot.html)"
54.36.148.243 - - [16/Dec/2021:02:01:47 +0100] "GET /harley-davidson-cross-lighter-p-45323.html HTTP/1.0" 200 74350 "-" "Mozilla/5.0 (compatible; AhrefsBot/7.0; +http://ahrefs.com/robot/)"
185.191.171.3 - - [16/Dec/2021:02:02:14 +0100] "GET /jasmin-medium-cabas-p-44211.html?action=add_product HTTP/1.0" 302 476 "-" "Mozilla/5.0 (compatible; SemrushBot/7~bl; +http://www.semrush.com/bot.html)"
207.46.13.52 - - [16/Dec/2021:02:02:16 +0100] "GET /images/big_prod_2/1328399219612b.jpg HTTP/1.0" 200 271 "-" "Mozilla/5.0 (compatible; bingbot/2.0; +http://www.bing.com/bingbot.htm)"
185.191.171.41 - - [16/Dec/2021:02:03:20 +0100] "GET /sticker-for-windows-chakra-p-48354.html HTTP/1.0" 301 73402 "-" "Mozilla/5.0 (compatible; SemrushBot/7~bl; +http://www.semrush.com/bot.html)"
185.191.171.44 - - [16/Dec/2021:02:03:23 +0100] "GET /sticker-windows-chakra-p-48354.html HTTP/1.0" 200 73313 "-" "Mozilla/5.0 (compatible; SemrushBot/7~bl; +http://www.semrush.com/bot.html)"
54.36.148.243 - - [16/Dec/2021:02:03:35 +0100] "GET /playboy-zippo-lighter-p-13392.html HTTP/1.0" 200 73684 "-" "Mozilla/5.0 (compatible; AhrefsBot/7.0; +http://ahrefs.com/robot/)"
114.119.128.253 - - [16/Dec/2021:02:03:39 +0100] "GET /wall-stickers-hummingbirds-p-51119.html HTTP/1.0" 200 74005 "-" "Mozilla/5.0 (Linux; Android 7.0;) AppleWebKit/537.36 (KHTML, like Gecko) Mobile Safari/537.36 (compatible; PetalBot;+https://webmaster.petalsearch.com/site/petalbot)"
66.249.70.74 - - [16/Dec/2021:02:03:40 +0100] "GET /queen-egypt-statue-p-54881.html HTTP/1.0" 200 73275 "-" "Mozilla/5.0 (Linux; Android 6.0.1; Nexus 5X Build/MMB29P) AppleWebKit/537.36 (KHTML, like Gecko) Chrome/96.0.4664.93 Mobile Safari/537.36 (compatible; Googlebot/2.1; +http://www.google.com/bot.html)"
185.191.171.40 - - [16/Dec/2021:02:03:52 +0100] "GET /round-rattan-table-lamp-p-54577.html?action=add_product HTTP/1.0" 302 476 "-" "Mozilla/5.0 (compatible; SemrushBot/7~bl; +http://www.semrush.com/bot.html)"
185.191.171.25 - - [16/Dec/2021:02:04:06 +0100] "GET /bamboo-fiber-plant-cover-p-55352.html?action=add_product HTTP/1.0" 302 476 "-" "Mozilla/5.0 (compatible; SemrushBot/7~bl; +http://www.semrush.com/bot.html)"
66.249.70.70 - - [16/Dec/2021:02:04:50 +0100] "GET /-p-29149.html HTTP/1.0" 200 70613 "-" "Mozilla/5.0 (Linux; Android 6.0.1; Nexus 5X Build/MMB29P) AppleWebKit/537.36 (KHTML, like Gecko) Chrome/96.0.4664.93 Mobile Safari/537.36 (compatible; Googlebot/2.1; +http://www.google.com/bot.html)"
54.36.148.243 - - [16/Dec/2021:02:05:31 +0100] "GET /london-metal-keyring-union-jack-purse-p-35355.html HTTP/1.0" 200 73391 "-" "Mozilla/5.0 (compatible; AhrefsBot/7.0; +http://ahrefs.com/robot/)"
114.119.128.37 - - [16/Dec/2021:02:05:49 +0100] "GET /%20images/big_prod/8422020065852B.jpg HTTP/1.0" 404 1308 "-" "Mozilla/5.0 (Linux; Android 7.0;) AppleWebKit/537.36 (KHTML, like Gecko) Mobile Safari/537.36 (compatible; PetalBot;+https://webmaster.petalsearch.com/site/petalbot)"
185.191.171.11 - - [16/Dec/2021:02:06:00 +0100] "GET /metal-plate-deco-p-54901.html HTTP/1.0" 200 73772 "-" "Mozilla/5.0 (compatible; SemrushBot/7~bl; +http://www.semrush.com/bot.html)"
185.191.171.25 - - [16/Dec/2021:02:06:59 +0100] "GET /foldable-wooden-bed-tray-p-52296.html HTTP/1.0" 301 74441 "-" "Mozilla/5.0 (compatible; SemrushBot/7~bl; +http://www.semrush.com/bot.html)"
185.191.171.23 - - [16/Dec/2021:02:07:02 +0100] "GET /foldable-wooden-tray-p-52296.html HTTP/1.0" 200 74354 "-" "Mozilla/5.0 (compatible; SemrushBot/7~bl; +http://www.semrush.com/bot.html)"
185.191.171.16 - - [16/Dec/2021:02:07:11 +0100] "GET /-p-41901.html?action=add_product HTTP/1.0" 302 476 "-" "Mozilla/5.0 (compatible; SemrushBot/7~bl; +http://www.semrush.com/bot.html)"
185.191.171.34 - - [16/Dec/2021:02:07:22 +0100] "GET /metal-shaped-radio-clock-p-51431.html HTTP/1.0" 200 70707 "-" "Mozilla/5.0 (compatible; SemrushBot/7~bl; +http://www.semrush.com/bot.html)"
66.249.70.70 - - [16/Dec/2021:02:07:34 +0100] "GET /images/big_prod/3503420158926.jpg HTTP/1.0" 200 268 "-" "Googlebot-Image/1.0"
54.36.148.243 - - [16/Dec/2021:02:07:33 +0100] "GET /incense-c-231_226.html?page=6 HTTP/1.0" 200 78696 "-" "Mozilla/5.0 (compatible; AhrefsBot/7.0; +http://ahrefs.com/robot/)"
185.191.171.14 - - [16/Dec/2021:02:07:47 +0100] "GET /robots.txt HTTP/1.0" 200 245 "-" "Mozilla/5.0 (compatible; SemrushBot/7~bl; +http://www.semrush.com/bot.html)"
185.191.171.12 - - [16/Dec/2021:02:07:47 +0100] "GET /vase-flower-soliflore-c-13_232.html?page=4 HTTP/1.0" 301 84066 "-" "Mozilla/5.0 (compatible; SemrushBot/7~bl; +http://www.semrush.com/bot.html)"
185.191.171.21 - - [16/Dec/2021:02:07:51 +0100] "GET /vase-soliflore-c-232.html?page=4 HTTP/1.0" 301 83943 "-" "Mozilla/5.0 (compatible; SemrushBot/7~bl; +http://www.semrush.com/bot.html)"
185.191.171.13 - - [16/Dec/2021:02:07:54 +0100] "GET /vase-soliflore-c-13_232.html?page=4 HTTP/1.0" 200 83980 "-" "Mozilla/5.0 (compatible; SemrushBot/7~bl; +http://www.semrush.com/bot.html)"
114.119.128.37 - - [16/Dec/2021:02:07:58 +0100] "GET /led-light-bulb-g95-loop-e27-p-42512.html HTTP/1.0" 301 73305 "-" "Mozilla/5.0 (Linux; Android 7.0;) AppleWebKit/537.36 (KHTML, like Gecko) Mobile Safari/537.36 (compatible; PetalBot;+https://webmaster.petalsearch.com/site/petalbot)"
114.119.128.37 - - [16/Dec/2021:02:08:00 +0100] "GET /light-bulb-loop-p-42512.html HTTP/1.0" 200 73223 "-" "Mozilla/5.0 (Linux; Android 7.0;) AppleWebKit/537.36 (KHTML, like Gecko) Mobile Safari/537.36 (compatible; PetalBot;+https://webmaster.petalsearch.com/site/petalbot)"
185.191.171.37 - - [16/Dec/2021:02:08:33 +0100] "GET /wooden-metal-frame-rosace-p-45868.html HTTP/1.0" 200 74010 "-" "Mozilla/5.0 (compatible; SemrushBot/7~bl; +http://www.semrush.com/bot.html)"
216.244.66.242 - - [16/Dec/2021:02:08:52 +0100] "GET /clock-sweetest-happiness-wooden-p-47342.html HTTP/1.0" 200 73420 "-" "Mozilla/5.0 (compatible; DotBot/1.2; +https://opensiteexplorer.org/dotbot; help@moz.com)"
185.191.171.25 - - [16/Dec/2021:02:08:58 +0100] "GET /wall-decoration-in-wood-and-mdf-c-13_274.html?page=5 HTTP/1.0" 301 94250 "-" "Mozilla/5.0 (compatible; SemrushBot/7~bl; +http://www.semrush.com/bot.html)"
185.191.171.40 - - [16/Dec/2021:02:09:02 +0100] "GET /wall-decoration-wood-c-274.html?page=5 HTTP/1.0" 301 94127 "-" "Mozilla/5.0 (compatible; SemrushBot/7~bl; +http://www.semrush.com/bot.html)"
185.191.171.20 - - [16/Dec/2021:02:09:07 +0100] "GET /wall-decoration-wood-c-13_274.html?page=5 HTTP/1.0" 200 94158 "-" "Mozilla/5.0 (compatible; SemrushBot/7~bl; +http://www.semrush.com/bot.html)"
54.36.148.243 - - [16/Dec/2021:02:09:24 +0100] "GET /sandstone-lamp-p-55792.html HTTP/1.0" 200 74158 "-" "Mozilla/5.0 (compatible; AhrefsBot/7.0; +http://ahrefs.com/robot/)"
159.138.102.98 - - [16/Dec/2021:02:10:01 +0100] "GET /ceramic-lamp-p-52280.html HTTP/1.0" 200 74062 "-" "Mozilla/5.0 (Linux; Android 7.0;) AppleWebKit/537.36 (KHTML, like Gecko) Mobile Safari/537.36 (compatible; PetalBot;+https://webmaster.petalsearch.com/site/petalbot)"
54.36.148.243 - - [16/Dec/2021:02:11:17 +0100] "GET /glass-lamp-p-47224.html HTTP/1.0" 200 73848 "-" "Mozilla/5.0 (compatible; AhrefsBot/7.0; +http://ahrefs.com/robot/)"
207.46.13.52 - - [16/Dec/2021:02:11:18 +0100] "GET /glass-votive-candles-holder-mirror-p-42178.html HTTP/1.0" 200 74148 "-" "Mozilla/5.0 (compatible; bingbot/2.0; +http://www.bing.com/bingbot.htm)"
66.249.70.70 - - [16/Dec/2021:02:11:26 +0100] "GET /bowl-love-pets-p-31697.html HTTP/1.0" 200 73252 "-" "Mozilla/5.0 (compatible; Googlebot/2.1; +http://www.google.com/bot.html)"
185.191.171.44 - - [16/Dec/2021:02:11:37 +0100] "GET /large-bamboo-vase-p-54290.html?action=add_product HTTP/1.0" 302 476 "-" "Mozilla/5.0 (compatible; SemrushBot/7~bl; +http://www.semrush.com/bot.html)"
185.191.171.39 - - [16/Dec/2021:02:11:43 +0100] "GET /wunzees-doll-series-flora-p-45117.html?action=add_product HTTP/1.0" 302 476 "-" "Mozilla/5.0 (compatible; SemrushBot/7~bl; +http://www.semrush.com/bot.html)"
114.119.128.26 - - [16/Dec/2021:02:12:13 +0100] "GET /espresso-set-cups-dogs-p-49737.html HTTP/1.0" 301 73338 "-" "Mozilla/5.0 (Linux; Android 7.0;) AppleWebKit/537.36 (KHTML, like Gecko) Mobile Safari/537.36 (compatible; PetalBot;+https://webmaster.petalsearch.com/site/petalbot)"
114.119.128.26 - - [16/Dec/2021:02:12:17 +0100] "GET /espresso-cups-dogs-p-49737.html HTTP/1.0" 200 73253 "-" "Mozilla/5.0 (Linux; Android 7.0;) AppleWebKit/537.36 (KHTML, like Gecko) Mobile Safari/537.36 (compatible; PetalBot;+https://webmaster.petalsearch.com/site/petalbot)"
51.68.224.127 - - [16/Dec/2021:02:12:19 +0100] "GET /adminweb/export_orders_xml.php?token=256de2z6edz6ed2z6DFSFsed2zed6zeDSFDSGdzedezfzf&maxorders=10&orderstart=1&status=14&start_date=2018-10-01 HTTP/1.0" 200 285 "-" "GesCom CharlotteBoutik Serveur"
51.68.224.127 - - [16/Dec/2021:02:12:19 +0100] "GET /adminweb/export_orders_xml.php?token=256de2z6edz6ed2z6DFSFsed2zed6zeDSFDSGdzedezfzf&maxorders=10&orderstart=1&status=6&start_date=2018-10-01 HTTP/1.0" 200 32471 "-" "GesCom CharlotteBoutik Serveur"
147.92.153.14 - - [16/Dec/2021:02:12:28 +0100] "GET /images/big_prod/8424345302193B.jpg HTTP/1.0" 200 269 "-" "Mozilla/5.0 (compatible; Linespider/1.1; +https://lin.ee/4dwXkTH)"
