148.251.9.145 - - [15/Dec/2021:05:17:26 +0100] "GET /vintage-best-surfing-wooden-wall-decoration-hang-p-36083.html HTTP/1.0" 200 73572 "-" "Mozilla/5.0 (compatible; MJ12bot/v1.4.8; http://mj12bot.com/)"
148.251.9.145 - - [15/Dec/2021:05:17:31 +0100] "GET /vintage-best-surfing-wooden-wall-decoration-to-hang-p-36083.html HTTP/1.0" 301 73687 "-" "Mozilla/5.0 (compatible; MJ12bot/v1.4.8; http://mj12bot.com/)"
148.251.9.145 - - [15/Dec/2021:05:17:34 +0100] "GET /vintage-best-surfing-wooden-wall-decoration-hang-p-36083.html HTTP/1.0" 200 73572 "-" "Mozilla/5.0 (compatible; MJ12bot/v1.4.8; http://mj12bot.com/)"
148.251.9.145 - - [15/Dec/2021:05:17:38 +0100] "GET /vintage-car-long-beach-wooden-wall-decoration-to-hang-p-36035.html HTTP/1.0" 301 73693 "-" "Mozilla/5.0 (compatible; MJ12bot/v1.4.8; http://mj12bot.com/)"
148.251.9.145 - - [15/Dec/2021:05:17:43 +0100] "GET /vintage-long-beach-wooden-wall-decoration-hang-p-36035.html HTTP/1.0" 200 73580 "-" "Mozilla/5.0 (compatible; MJ12bot/v1.4.8; http://mj12bot.com/)"
148.251.9.145 - - [15/Dec/2021:05:17:48 +0100] "GET /vintage-car-long-hawaii-wooden-wall-decoration-to-hang-p-36036.html HTTP/1.0" 301 73702 "-" "Mozilla/5.0 (compatible; MJ12bot/v1.4.8; http://mj12bot.com/)"
148.251.9.145 - - [15/Dec/2021:05:17:54 +0100] "GET /vintage-long-hawaii-wooden-wall-decoration-hang-p-36036.html HTTP/1.0" 200 73588 "-" "Mozilla/5.0 (compatible; MJ12bot/v1.4.8; http://mj12bot.com/)"
148.251.9.145 - - [15/Dec/2021:05:17:58 +0100] "GET /vintage-long-beach-wooden-wall-decoration-hang-p-36035.html HTTP/1.0" 200 73580 "-" "Mozilla/5.0 (compatible; MJ12bot/v1.4.8; http://mj12bot.com/)"
148.251.9.145 - - [15/Dec/2021:05:18:03 +0100] "GET /vintage-long-hawaii-wooden-wall-decoration-hang-p-36036.html HTTP/1.0" 200 73588 "-" "Mozilla/5.0 (compatible; MJ12bot/v1.4.8; http://mj12bot.com/)"
185.191.171.10 - - [15/Dec/2021:05:18:04 +0100] "GET /gorjuss-clip-stationery-time-p-41205.html?action=add_product HTTP/1.0" 302 476 "-" "Mozilla/5.0 (compatible; SemrushBot/7~bl; +http://www.semrush.com/bot.html)"
148.251.9.145 - - [15/Dec/2021:05:18:07 +0100] "GET /vintage-metal-plate-deco-p-38041.html HTTP/1.0" 200 70724 "-" "Mozilla/5.0 (compatible; MJ12bot/v1.4.8; http://mj12bot.com/)"
51.68.224.127 - - [15/Dec/2021:05:18:10 +0100] "GET /adminweb/export_orders_xml.php?token=256de2z6edz6ed2z6DFSFsed2zed6zeDSFDSGdzedezfzf&maxorders=10&orderstart=1&status=14&start_date=2018-10-01 HTTP/1.0" 200 285 "-" "GesCom CharlotteBoutik Serveur"
51.68.224.127 - - [15/Dec/2021:05:18:10 +0100] "GET /adminweb/export_orders_xml.php?token=256de2z6edz6ed2z6DFSFsed2zed6zeDSFDSGdzedezfzf&maxorders=10&orderstart=1&status=6&start_date=2018-10-01 HTTP/1.0" 200 32471 "-" "GesCom CharlotteBoutik Serveur"
148.251.9.145 - - [15/Dec/2021:05:18:13 +0100] "GET /vintage-super-surfer-wooden-wall-decoration-hang-p-36084.html HTTP/1.0" 200 73572 "-" "Mozilla/5.0 (compatible; MJ12bot/v1.4.8; http://mj12bot.com/)"
185.191.171.45 - - [15/Dec/2021:05:18:16 +0100] "GET /homer-simpsons-happy-p-19276.html?action=add_product HTTP/1.0" 302 476 "-" "Mozilla/5.0 (compatible; SemrushBot/7~bl; +http://www.semrush.com/bot.html)"
148.251.9.145 - - [15/Dec/2021:05:18:17 +0100] "GET /vintage-super-surfer-wooden-wall-decoration-to-hang-p-36084.html HTTP/1.0" 301 73687 "-" "Mozilla/5.0 (compatible; MJ12bot/v1.4.8; http://mj12bot.com/)"
148.251.9.145 - - [15/Dec/2021:05:18:20 +0100] "GET /vintage-super-surfer-wooden-wall-decoration-hang-p-36084.html HTTP/1.0" 200 73572 "-" "Mozilla/5.0 (compatible; MJ12bot/v1.4.8; http://mj12bot.com/)"
148.251.9.145 - - [15/Dec/2021:05:18:25 +0100] "GET /virgin-mary-statue-205-cm-p-37369.html HTTP/1.0" 301 70680 "-" "Mozilla/5.0 (compatible; MJ12bot/v1.4.8; http://mj12bot.com/)"
148.251.9.145 - - [15/Dec/2021:05:18:28 +0100] "GET /-p-37369.html HTTP/1.0" 200 70613 "-" "Mozilla/5.0 (compatible; MJ12bot/v1.4.8; http://mj12bot.com/)"
185.191.171.10 - - [15/Dec/2021:05:18:30 +0100] "GET /aromatic-burner-flowers-brown-p-56898.html HTTP/1.0" 200 74812 "-" "Mozilla/5.0 (compatible; SemrushBot/7~bl; +http://www.semrush.com/bot.html)"
148.251.9.145 - - [15/Dec/2021:05:18:34 +0100] "GET /vivienne-hedgehog-cement-p-44524.html HTTP/1.0" 200 73352 "-" "Mozilla/5.0 (compatible; MJ12bot/v1.4.8; http://mj12bot.com/)"
148.251.9.145 - - [15/Dec/2021:05:18:39 +0100] "GET /vivienne-hedgehog-in-cement-25-cm-p-44524.html HTTP/1.0" 301 73443 "-" "Mozilla/5.0 (compatible; MJ12bot/v1.4.8; http://mj12bot.com/)"
148.251.9.145 - - [15/Dec/2021:05:18:43 +0100] "GET /vivienne-hedgehog-cement-p-44524.html HTTP/1.0" 200 73352 "-" "Mozilla/5.0 (compatible; MJ12bot/v1.4.8; http://mj12bot.com/)"
66.249.70.72 - - [15/Dec/2021:05:18:46 +0100] "GET /-p-36422.html HTTP/1.0" 200 70613 "-" "Mozilla/5.0 (Linux; Android 6.0.1; Nexus 5X Build/MMB29P) AppleWebKit/537.36 (KHTML, like Gecko) Chrome/96.0.4664.93 Mobile Safari/537.36 (compatible; Googlebot/2.1; +http://www.google.com/bot.html)"
148.251.9.145 - - [15/Dec/2021:05:18:47 +0100] "GET /volkswagen-beetle-keyring-blue-p-37753.html HTTP/1.0" 301 70680 "-" "Mozilla/5.0 (compatible; MJ12bot/v1.4.8; http://mj12bot.com/)"
148.251.9.145 - - [15/Dec/2021:05:18:53 +0100] "GET /-p-37753.html HTTP/1.0" 200 70613 "-" "Mozilla/5.0 (compatible; MJ12bot/v1.4.8; http://mj12bot.com/)"
148.251.9.145 - - [15/Dec/2021:05:18:56 +0100] "GET /volkswagen-beetle-keyring-pink-p-37754.html HTTP/1.0" 301 70680 "-" "Mozilla/5.0 (compatible; MJ12bot/v1.4.8; http://mj12bot.com/)"
148.251.9.145 - - [15/Dec/2021:05:19:00 +0100] "GET /-p-37754.html HTTP/1.0" 200 70613 "-" "Mozilla/5.0 (compatible; MJ12bot/v1.4.8; http://mj12bot.com/)"
54.36.148.243 - - [15/Dec/2021:05:19:03 +0100] "GET /monkey-statue-resin-p-47520.html HTTP/1.0" 200 73276 "-" "Mozilla/5.0 (compatible; AhrefsBot/7.0; +http://ahrefs.com/robot/)"
148.251.9.145 - - [15/Dec/2021:05:19:05 +0100] "GET /volkswagen-beetle-keyring-yellow-p-37755.html HTTP/1.0" 301 70680 "-" "Mozilla/5.0 (compatible; MJ12bot/v1.4.8; http://mj12bot.com/)"
148.251.9.145 - - [15/Dec/2021:05:19:10 +0100] "GET /-p-37755.html HTTP/1.0" 200 70613 "-" "Mozilla/5.0 (compatible; MJ12bot/v1.4.8; http://mj12bot.com/)"
148.251.9.145 - - [15/Dec/2021:05:19:14 +0100] "GET /votive-candle-gingerbread-house-p-46028.html HTTP/1.0" 200 70765 "-" "Mozilla/5.0 (compatible; MJ12bot/v1.4.8; http://mj12bot.com/)"
148.251.9.145 - - [15/Dec/2021:05:19:20 +0100] "GET /votive-candle-home-christmas-p-46035.html HTTP/1.0" 200 73951 "-" "Mozilla/5.0 (compatible; MJ12bot/v1.4.8; http://mj12bot.com/)"
148.251.9.145 - - [15/Dec/2021:05:19:25 +0100] "GET /votive-candle-home-for-christmas-p-46035.html HTTP/1.0" 301 74046 "-" "Mozilla/5.0 (compatible; MJ12bot/v1.4.8; http://mj12bot.com/)"
148.251.9.145 - - [15/Dec/2021:05:19:30 +0100] "GET /votive-candle-home-christmas-p-46035.html HTTP/1.0" 200 73951 "-" "Mozilla/5.0 (compatible; MJ12bot/v1.4.8; http://mj12bot.com/)"
148.251.9.145 - - [15/Dec/2021:05:19:34 +0100] "GET /votive-candle-plum-and-orange-blossom-p-46024.html HTTP/1.0" 301 74104 "-" "Mozilla/5.0 (compatible; MJ12bot/v1.4.8; http://mj12bot.com/)"
148.251.9.145 - - [15/Dec/2021:05:19:38 +0100] "GET /votive-candle-plum-orange-blossom-p-46024.html HTTP/1.0" 200 74004 "-" "Mozilla/5.0 (compatible; MJ12bot/v1.4.8; http://mj12bot.com/)"
148.251.9.145 - - [15/Dec/2021:05:19:42 +0100] "GET /votive-candle-plum-orange-blossom-p-46024.html HTTP/1.0" 200 74004 "-" "Mozilla/5.0 (compatible; MJ12bot/v1.4.8; http://mj12bot.com/)"
148.251.9.145 - - [15/Dec/2021:05:19:47 +0100] "GET /wall-buddha-heads-45-cm-p-40980.html HTTP/1.0" 301 70680 "-" "Mozilla/5.0 (compatible; MJ12bot/v1.4.8; http://mj12bot.com/)"
148.251.9.145 - - [15/Dec/2021:05:19:50 +0100] "GET /-p-40980.html HTTP/1.0" 200 70613 "-" "Mozilla/5.0 (compatible; MJ12bot/v1.4.8; http://mj12bot.com/)"
148.251.9.145 - - [15/Dec/2021:05:19:54 +0100] "GET /wall-carved-buddha-heads-p-37576.html HTTP/1.0" 200 70724 "-" "Mozilla/5.0 (compatible; MJ12bot/v1.4.8; http://mj12bot.com/)"
148.251.9.145 - - [15/Dec/2021:05:20:00 +0100] "GET /wall-deco-african-mask-tears-p-48949.html HTTP/1.0" 200 70723 "-" "Mozilla/5.0 (compatible; MJ12bot/v1.4.8; http://mj12bot.com/)"
148.251.9.145 - - [15/Dec/2021:05:20:04 +0100] "GET /wall-deco-smiling-african-mask-p-48948.html HTTP/1.0" 200 73341 "-" "Mozilla/5.0 (compatible; MJ12bot/v1.4.8; http://mj12bot.com/)"
148.251.9.145 - - [15/Dec/2021:05:20:09 +0100] "GET /wall-decoration-blue-gold-model-p-38577.html HTTP/1.0" 200 73429 "-" "Mozilla/5.0 (compatible; MJ12bot/v1.4.8; http://mj12bot.com/)"
148.251.9.145 - - [15/Dec/2021:05:20:15 +0100] "GET /wall-decoration-boat-48-cm-p-49099.html HTTP/1.0" 301 70782 "-" "Mozilla/5.0 (compatible; MJ12bot/v1.4.8; http://mj12bot.com/)"
148.251.9.145 - - [15/Dec/2021:05:20:19 +0100] "GET /wall-decoration-boat-p-49099.html HTTP/1.0" 200 70695 "-" "Mozilla/5.0 (compatible; MJ12bot/v1.4.8; http://mj12bot.com/)"
148.251.9.145 - - [15/Dec/2021:05:20:23 +0100] "GET /wall-decoration-boat-64-cm-p-37192.html HTTP/1.0" 301 70680 "-" "Mozilla/5.0 (compatible; MJ12bot/v1.4.8; http://mj12bot.com/)"
148.251.9.145 - - [15/Dec/2021:05:20:27 +0100] "GET /-p-37192.html HTTP/1.0" 200 70613 "-" "Mozilla/5.0 (compatible; MJ12bot/v1.4.8; http://mj12bot.com/)"
185.191.171.3 - - [15/Dec/2021:05:20:28 +0100] "GET /-p-53783.html?action=add_product HTTP/1.0" 302 476 "-" "Mozilla/5.0 (compatible; SemrushBot/7~bl; +http://www.semrush.com/bot.html)"
148.251.9.145 - - [15/Dec/2021:05:20:31 +0100] "GET /wall-decoration-boat-p-49099.html HTTP/1.0" 200 70695 "-" "Mozilla/5.0 (compatible; MJ12bot/v1.4.8; http://mj12bot.com/)"
148.251.9.145 - - [15/Dec/2021:05:20:36 +0100] "GET /wall-decoration-boats-58-cm-p-49120.html HTTP/1.0" 301 70680 "-" "Mozilla/5.0 (compatible; MJ12bot/v1.4.8; http://mj12bot.com/)"
148.251.9.145 - - [15/Dec/2021:05:20:39 +0100] "GET /-p-49120.html HTTP/1.0" 200 70613 "-" "Mozilla/5.0 (compatible; MJ12bot/v1.4.8; http://mj12bot.com/)"
148.251.9.145 - - [15/Dec/2021:05:20:44 +0100] "GET /wall-decoration-cat-24-61-cm-p-45748.html HTTP/1.0" 301 70775 "-" "Mozilla/5.0 (compatible; MJ12bot/v1.4.8; http://mj12bot.com/)"
148.251.9.145 - - [15/Dec/2021:05:20:49 +0100] "GET /wall-decoration-p-45748.html HTTP/1.0" 200 70693 "-" "Mozilla/5.0 (compatible; MJ12bot/v1.4.8; http://mj12bot.com/)"
148.251.9.145 - - [15/Dec/2021:05:20:54 +0100] "GET /wall-decoration-cat-24-61cm-p-45748.html HTTP/1.0" 301 70775 "-" "Mozilla/5.0 (compatible; MJ12bot/v1.4.8; http://mj12bot.com/)"
148.251.9.145 - - [15/Dec/2021:05:20:58 +0100] "GET /wall-decoration-p-45748.html HTTP/1.0" 200 70693 "-" "Mozilla/5.0 (compatible; MJ12bot/v1.4.8; http://mj12bot.com/)"
148.251.9.145 - - [15/Dec/2021:05:21:03 +0100] "GET /wall-decoration-electric-guitar-82-cm-p-37190.html HTTP/1.0" 301 70680 "-" "Mozilla/5.0 (compatible; MJ12bot/v1.4.8; http://mj12bot.com/)"
148.251.9.145 - - [15/Dec/2021:05:21:09 +0100] "GET /-p-37190.html HTTP/1.0" 200 70613 "-" "Mozilla/5.0 (compatible; MJ12bot/v1.4.8; http://mj12bot.com/)"
148.251.9.145 - - [15/Dec/2021:05:21:13 +0100] "GET /wall-decoration-gold-model-p-38579.html HTTP/1.0" 200 70715 "-" "Mozilla/5.0 (compatible; MJ12bot/v1.4.8; http://mj12bot.com/)"
148.251.9.145 - - [15/Dec/2021:05:21:17 +0100] "GET /wall-decoration-in-relief-bath-vintage-60-45-cm-p-46063.html HTTP/1.0" 301 73576 "-" "Mozilla/5.0 (compatible; MJ12bot/v1.4.8; http://mj12bot.com/)"
148.251.9.145 - - [15/Dec/2021:05:21:22 +0100] "GET /wall-decoration-relief-bath-vintage-p-46063.html HTTP/1.0" 200 73474 "-" "Mozilla/5.0 (compatible; MJ12bot/v1.4.8; http://mj12bot.com/)"
148.251.9.145 - - [15/Dec/2021:05:21:26 +0100] "GET /wall-decoration-mandala-lotus-wooden-pastel-colors-50-cm-p-46059.html HTTP/1.0" 301 73637 "-" "Mozilla/5.0 (compatible; MJ12bot/v1.4.8; http://mj12bot.com/)"
148.251.9.145 - - [15/Dec/2021:05:21:30 +0100] "GET /wall-decoration-mandala-lotus-wooden-pastel-colors-p-46059.html HTTP/1.0" 200 73520 "-" "Mozilla/5.0 (compatible; MJ12bot/v1.4.8; http://mj12bot.com/)"
148.251.9.145 - - [15/Dec/2021:05:21:34 +0100] "GET /wall-decoration-mandala-lotus-wooden-pastel-colors-p-46059.html HTTP/1.0" 200 73520 "-" "Mozilla/5.0 (compatible; MJ12bot/v1.4.8; http://mj12bot.com/)"
148.251.9.145 - - [15/Dec/2021:05:21:38 +0100] "GET /wall-decoration-music-50-cm-p-46763.html HTTP/1.0" 301 70815 "-" "Mozilla/5.0 (compatible; MJ12bot/v1.4.8; http://mj12bot.com/)"
148.251.9.145 - - [15/Dec/2021:05:21:42 +0100] "GET /wall-decoration-music-p-46763.html HTTP/1.0" 200 70727 "-" "Mozilla/5.0 (compatible; MJ12bot/v1.4.8; http://mj12bot.com/)"
54.36.148.243 - - [15/Dec/2021:05:21:42 +0100] "GET /spice-furniture-wooden-retro-turnstile-p-45511.html HTTP/1.0" 200 73567 "-" "Mozilla/5.0 (compatible; AhrefsBot/7.0; +http://ahrefs.com/robot/)"
157.55.39.125 - - [15/Dec/2021:05:21:45 +0100] "GET /images/med_prod/1341689418304.jpg HTTP/1.0" 200 268 "-" "Mozilla/5.0 (compatible; bingbot/2.0; +http://www.bing.com/bingbot.htm)"
148.251.9.145 - - [15/Dec/2021:05:21:47 +0100] "GET /wall-decoration-music-60-cm-p-46764.html HTTP/1.0" 301 70680 "-" "Mozilla/5.0 (compatible; MJ12bot/v1.4.8; http://mj12bot.com/)"
148.251.9.145 - - [15/Dec/2021:05:21:52 +0100] "GET /-p-46764.html HTTP/1.0" 200 70613 "-" "Mozilla/5.0 (compatible; MJ12bot/v1.4.8; http://mj12bot.com/)"
148.251.9.145 - - [15/Dec/2021:05:21:56 +0100] "GET /wall-decoration-music-90-cm-p-41092.html HTTP/1.0" 301 70680 "-" "Mozilla/5.0 (compatible; MJ12bot/v1.4.8; http://mj12bot.com/)"
148.251.9.145 - - [15/Dec/2021:05:22:00 +0100] "GET /-p-41092.html HTTP/1.0" 200 70613 "-" "Mozilla/5.0 (compatible; MJ12bot/v1.4.8; http://mj12bot.com/)"
148.251.9.145 - - [15/Dec/2021:05:22:05 +0100] "GET /wall-decoration-music-p-46763.html HTTP/1.0" 200 70727 "-" "Mozilla/5.0 (compatible; MJ12bot/v1.4.8; http://mj12bot.com/)"
148.251.9.145 - - [15/Dec/2021:05:22:09 +0100] "GET /wall-decoration-p-45748.html HTTP/1.0" 200 70693 "-" "Mozilla/5.0 (compatible; MJ12bot/v1.4.8; http://mj12bot.com/)"
148.251.9.145 - - [15/Dec/2021:05:22:13 +0100] "GET /wall-decoration-pump-gasoline-metal-80-cm-blue-p-44745.html HTTP/1.0" 301 73569 "-" "Mozilla/5.0 (compatible; MJ12bot/v1.4.8; http://mj12bot.com/)"
148.251.9.145 - - [15/Dec/2021:05:22:17 +0100] "GET /wall-decoration-pump-gasoline-metal-blue-p-44745.html HTTP/1.0" 200 73462 "-" "Mozilla/5.0 (compatible; MJ12bot/v1.4.8; http://mj12bot.com/)"
148.251.9.145 - - [15/Dec/2021:05:22:20 +0100] "GET /wall-decoration-pump-gasoline-metal-blue-p-44745.html HTTP/1.0" 200 73462 "-" "Mozilla/5.0 (compatible; MJ12bot/v1.4.8; http://mj12bot.com/)"
148.251.9.145 - - [15/Dec/2021:05:22:24 +0100] "GET /wall-decoration-relief-bath-vintage-p-46063.html HTTP/1.0" 200 73474 "-" "Mozilla/5.0 (compatible; MJ12bot/v1.4.8; http://mj12bot.com/)"
148.251.9.145 - - [15/Dec/2021:05:22:29 +0100] "GET /wall-decoration-theme-marine-60-cm-p-41093.html HTTP/1.0" 301 70822 "-" "Mozilla/5.0 (compatible; MJ12bot/v1.4.8; http://mj12bot.com/)"
148.251.9.145 - - [15/Dec/2021:05:22:32 +0100] "GET /wall-decoration-theme-marine-p-41093.html HTTP/1.0" 200 70727 "-" "Mozilla/5.0 (compatible; MJ12bot/v1.4.8; http://mj12bot.com/)"
148.251.9.145 - - [15/Dec/2021:05:22:36 +0100] "GET /wall-decoration-theme-marine-p-41093.html HTTP/1.0" 200 70727 "-" "Mozilla/5.0 (compatible; MJ12bot/v1.4.8; http://mj12bot.com/)"
148.251.9.145 - - [15/Dec/2021:05:22:41 +0100] "GET /wall-umbrella-p-6102.html HTTP/1.0" 301 70677 "-" "Mozilla/5.0 (compatible; MJ12bot/v1.4.8; http://mj12bot.com/)"
148.251.9.145 - - [15/Dec/2021:05:22:45 +0100] "GET /-p-6102.html HTTP/1.0" 200 70611 "-" "Mozilla/5.0 (compatible; MJ12bot/v1.4.8; http://mj12bot.com/)"
148.251.9.145 - - [15/Dec/2021:05:22:49 +0100] "GET /washed-dyed-cotton-tablecloth-p-55040.html HTTP/1.0" 200 74324 "-" "Mozilla/5.0 (compatible; MJ12bot/v1.4.8; http://mj12bot.com/)"
148.251.9.145 - - [15/Dec/2021:05:22:52 +0100] "GET /washed-dyed-cotton-tablecloth-p-55043.html HTTP/1.0" 200 74117 "-" "Mozilla/5.0 (compatible; MJ12bot/v1.4.8; http://mj12bot.com/)"
148.251.9.145 - - [15/Dec/2021:05:22:56 +0100] "GET /washed-dyed-cotton-tablecloth-pearl-p-55048.html HTTP/1.0" 200 74210 "-" "Mozilla/5.0 (compatible; MJ12bot/v1.4.8; http://mj12bot.com/)"
148.251.9.145 - - [15/Dec/2021:05:23:00 +0100] "GET /washed-linen-bed-skirt-granite-color-140-200-cm-p-48113.html HTTP/1.0" 301 70920 "-" "Mozilla/5.0 (compatible; MJ12bot/v1.4.8; http://mj12bot.com/)"
185.191.171.45 - - [15/Dec/2021:05:23:00 +0100] "GET /guardian-angel-statue-angel-baptism-p-56832.html HTTP/1.0" 200 74065 "-" "Mozilla/5.0 (compatible; SemrushBot/7~bl; +http://www.semrush.com/bot.html)"
148.251.9.145 - - [15/Dec/2021:05:23:05 +0100] "GET /washed-linen-skirt-granite-color-p-48113.html HTTP/1.0" 200 70821 "-" "Mozilla/5.0 (compatible; MJ12bot/v1.4.8; http://mj12bot.com/)"
157.55.39.228 - - [15/Dec/2021:05:23:10 +0100] "GET /images/big_prod/8422001017757.jpg HTTP/1.0" 200 268 "-" "Mozilla/5.0 (compatible; bingbot/2.0; +http://www.bing.com/bingbot.htm)"
148.251.9.145 - - [15/Dec/2021:05:23:09 +0100] "GET /washed-linen-bed-skirt-white-140-200-cm-p-48114.html HTTP/1.0" 301 70854 "-" "Mozilla/5.0 (compatible; MJ12bot/v1.4.8; http://mj12bot.com/)"
148.251.9.145 - - [15/Dec/2021:05:23:13 +0100] "GET /washed-linen-skirt-white-p-48114.html HTTP/1.0" 200 70763 "-" "Mozilla/5.0 (compatible; MJ12bot/v1.4.8; http://mj12bot.com/)"
148.251.9.145 - - [15/Dec/2021:05:23:17 +0100] "GET /washed-linen-duvet-cover-240-260-cm-natural-p-48153.html HTTP/1.0" 301 70680 "-" "Mozilla/5.0 (compatible; MJ12bot/v1.4.8; http://mj12bot.com/)"
148.251.9.145 - - [15/Dec/2021:05:23:21 +0100] "GET /-p-48153.html HTTP/1.0" 200 70613 "-" "Mozilla/5.0 (compatible; MJ12bot/v1.4.8; http://mj12bot.com/)"
148.251.9.145 - - [15/Dec/2021:05:23:24 +0100] "GET /washed-linen-skirt-granite-color-p-48113.html HTTP/1.0" 200 70821 "-" "Mozilla/5.0 (compatible; MJ12bot/v1.4.8; http://mj12bot.com/)"
148.251.9.145 - - [15/Dec/2021:05:23:30 +0100] "GET /washed-linen-skirt-white-p-48114.html HTTP/1.0" 200 70763 "-" "Mozilla/5.0 (compatible; MJ12bot/v1.4.8; http://mj12bot.com/)"
185.191.171.39 - - [15/Dec/2021:05:23:34 +0100] "GET /olympique-marseille-ashtray-p-54145.html HTTP/1.0" 301 70680 "-" "Mozilla/5.0 (compatible; SemrushBot/7~bl; +http://www.semrush.com/bot.html)"
148.251.9.145 - - [15/Dec/2021:05:23:35 +0100] "GET /washed-linen-towel-46-70-cm-granite-p-48131.html HTTP/1.0" 301 70842 "-" "Mozilla/5.0 (compatible; MJ12bot/v1.4.8; http://mj12bot.com/)"
185.191.171.21 - - [15/Dec/2021:05:23:37 +0100] "GET /-p-54145.html HTTP/1.0" 200 70613 "-" "Mozilla/5.0 (compatible; SemrushBot/7~bl; +http://www.semrush.com/bot.html)"
148.251.9.145 - - [15/Dec/2021:05:23:41 +0100] "GET /washed-linen-towel-granite-p-48131.html HTTP/1.0" 200 70749 "-" "Mozilla/5.0 (compatible; MJ12bot/v1.4.8; http://mj12bot.com/)"
148.251.9.145 - - [15/Dec/2021:05:23:51 +0100] "GET /washed-linen-towel-46-70-cm-tomette-p-48133.html HTTP/1.0" 301 70842 "-" "Mozilla/5.0 (compatible; MJ12bot/v1.4.8; http://mj12bot.com/)"
148.251.9.145 - - [15/Dec/2021:05:23:55 +0100] "GET /washed-linen-towel-tomette-p-48133.html HTTP/1.0" 200 70749 "-" "Mozilla/5.0 (compatible; MJ12bot/v1.4.8; http://mj12bot.com/)"
148.251.9.145 - - [15/Dec/2021:05:23:58 +0100] "GET /washed-linen-towel-granite-p-48131.html HTTP/1.0" 200 70749 "-" "Mozilla/5.0 (compatible; MJ12bot/v1.4.8; http://mj12bot.com/)"
185.191.171.17 - - [15/Dec/2021:05:24:01 +0100] "GET /metal-boxes-and-storage-c-13_150_218.html?page=3 HTTP/1.0" 301 82632 "-" "Mozilla/5.0 (compatible; SemrushBot/7~bl; +http://www.semrush.com/bot.html)"
148.251.9.145 - - [15/Dec/2021:05:24:02 +0100] "GET /washed-linen-towel-tomette-p-48133.html HTTP/1.0" 200 70749 "-" "Mozilla/5.0 (compatible; MJ12bot/v1.4.8; http://mj12bot.com/)"
185.191.171.41 - - [15/Dec/2021:05:24:05 +0100] "GET /metal-boxes-storage-c-218.html?page=3 HTTP/1.0" 301 82386 "-" "Mozilla/5.0 (compatible; SemrushBot/7~bl; +http://www.semrush.com/bot.html)"
54.36.148.243 - - [15/Dec/2021:05:24:07 +0100] "GET /cuba-cork-coaster-p-40268.html HTTP/1.0" 200 73182 "-" "Mozilla/5.0 (compatible; AhrefsBot/7.0; +http://ahrefs.com/robot/)"
148.251.9.145 - - [15/Dec/2021:05:24:08 +0100] "GET /wax-melt-home-for-christmas-p-46036.html HTTP/1.0" 301 73951 "-" "Mozilla/5.0 (compatible; MJ12bot/v1.4.8; http://mj12bot.com/)"
185.191.171.9 - - [15/Dec/2021:05:24:09 +0100] "GET /metal-boxes-storage-c-13_150_218.html?page=3 HTTP/1.0" 200 82541 "-" "Mozilla/5.0 (compatible; SemrushBot/7~bl; +http://www.semrush.com/bot.html)"
148.251.9.145 - - [15/Dec/2021:05:24:12 +0100] "GET /melt-home-christmas-p-46036.html HTTP/1.0" 200 73865 "-" "Mozilla/5.0 (compatible; MJ12bot/v1.4.8; http://mj12bot.com/)"
185.191.171.41 - - [15/Dec/2021:05:24:15 +0100] "GET /pocket-warmer-little-panda-p-54998.html HTTP/1.0" 200 74527 "-" "Mozilla/5.0 (compatible; SemrushBot/7~bl; +http://www.semrush.com/bot.html)"
148.251.9.145 - - [15/Dec/2021:05:24:16 +0100] "GET /we-don-have-wi-fi-wooden-plate-69-17-cm-p-37744.html HTTP/1.0" 301 73468 "-" "Mozilla/5.0 (compatible; MJ12bot/v1.4.8; http://mj12bot.com/)"
185.191.171.39 - - [15/Dec/2021:05:24:19 +0100] "GET /wood-dream-beautiful-dreams-p-43923.html?action=add_product HTTP/1.0" 302 476 "-" "Mozilla/5.0 (compatible; SemrushBot/7~bl; +http://www.semrush.com/bot.html)"
148.251.9.145 - - [15/Dec/2021:05:24:21 +0100] "GET /have-wooden-plate-p-37744.html HTTP/1.0" 200 73384 "-" "Mozilla/5.0 (compatible; MJ12bot/v1.4.8; http://mj12bot.com/)"
148.251.9.145 - - [15/Dec/2021:05:24:28 +0100] "GET /welcome-california-wooden-wall-decoration-hang-p-36034.html HTTP/1.0" 200 73574 "-" "Mozilla/5.0 (compatible; MJ12bot/v1.4.8; http://mj12bot.com/)"
148.251.9.145 - - [15/Dec/2021:05:24:33 +0100] "GET /welcome-cat-wipes-coconut-fiber-p-46019.html HTTP/1.0" 301 70680 "-" "Mozilla/5.0 (compatible; MJ12bot/v1.4.8; http://mj12bot.com/)"
148.251.9.145 - - [15/Dec/2021:05:24:37 +0100] "GET /-p-46019.html HTTP/1.0" 200 70613 "-" "Mozilla/5.0 (compatible; MJ12bot/v1.4.8; http://mj12bot.com/)"
148.251.9.145 - - [15/Dec/2021:05:24:40 +0100] "GET /welcome-to-california-wooden-wall-decoration-to-hang-p-36034.html HTTP/1.0" 301 73687 "-" "Mozilla/5.0 (compatible; MJ12bot/v1.4.8; http://mj12bot.com/)"
148.251.9.145 - - [15/Dec/2021:05:24:44 +0100] "GET /welcome-california-wooden-wall-decoration-hang-p-36034.html HTTP/1.0" 200 73574 "-" "Mozilla/5.0 (compatible; MJ12bot/v1.4.8; http://mj12bot.com/)"
148.251.9.145 - - [15/Dec/2021:05:24:48 +0100] "GET /welcome-to-paradise-surfboard-wooden-wall-decoration-p-36079.html HTTP/1.0" 301 70680 "-" "Mozilla/5.0 (compatible; MJ12bot/v1.4.8; http://mj12bot.com/)"
148.251.9.145 - - [15/Dec/2021:05:24:51 +0100] "GET /-p-36079.html HTTP/1.0" 200 70613 "-" "Mozilla/5.0 (compatible; MJ12bot/v1.4.8; http://mj12bot.com/)"
17.121.114.242 - - [15/Dec/2021:05:24:53 +0100] "GET /-p-35607.html HTTP/1.0" 200 70613 "-" "Mozilla/5.0 (Macintosh; Intel Mac OS X 10_15_5) AppleWebKit/605.1.15 (KHTML, like Gecko) Version/13.1.1 Safari/605.1.15 (Applebot/0.1; +http://www.apple.com/go/applebot)"
148.251.9.145 - - [15/Dec/2021:05:24:56 +0100] "GET /what-up-doc-bugs-bunny-p-36946.html HTTP/1.0" 301 70680 "-" "Mozilla/5.0 (compatible; MJ12bot/v1.4.8; http://mj12bot.com/)"
148.251.9.145 - - [15/Dec/2021:05:25:00 +0100] "GET /-p-36946.html HTTP/1.0" 200 70613 "-" "Mozilla/5.0 (compatible; MJ12bot/v1.4.8; http://mj12bot.com/)"
148.251.9.145 - - [15/Dec/2021:05:25:06 +0100] "GET /white-babouchka-table-lamp-size-p-44641.html HTTP/1.0" 200 74015 "-" "Mozilla/5.0 (compatible; MJ12bot/v1.4.8; http://mj12bot.com/)"
148.251.9.145 - - [15/Dec/2021:05:25:10 +0100] "GET /white-babouchka-table-lamp-size-xxl-p-44641.html HTTP/1.0" 301 74113 "-" "Mozilla/5.0 (compatible; MJ12bot/v1.4.8; http://mj12bot.com/)"
148.251.9.145 - - [15/Dec/2021:05:25:15 +0100] "GET /white-babouchka-table-lamp-size-p-44641.html HTTP/1.0" 200 74015 "-" "Mozilla/5.0 (compatible; MJ12bot/v1.4.8; http://mj12bot.com/)"
148.251.9.145 - - [15/Dec/2021:05:25:19 +0100] "GET /white-buddha-perfume-diffuser-p-31887.html HTTP/1.0" 301 73464 "-" "Mozilla/5.0 (compatible; MJ12bot/v1.4.8; http://mj12bot.com/)"
148.251.9.145 - - [15/Dec/2021:05:25:24 +0100] "GET /buddha-perfume-diffuser-p-31887.html HTTP/1.0" 200 73374 "-" "Mozilla/5.0 (compatible; MJ12bot/v1.4.8; http://mj12bot.com/)"
148.251.9.145 - - [15/Dec/2021:05:25:28 +0100] "GET /white-cat-statue-165-cm-p-37588.html HTTP/1.0" 301 70779 "-" "Mozilla/5.0 (compatible; MJ12bot/v1.4.8; http://mj12bot.com/)"
185.191.171.25 - - [15/Dec/2021:05:25:30 +0100] "GET /decorative-turttle-statue-p-53807.html HTTP/1.0" 200 73335 "-" "Mozilla/5.0 (compatible; SemrushBot/7~bl; +http://www.semrush.com/bot.html)"
148.251.9.145 - - [15/Dec/2021:05:25:32 +0100] "GET /white-statue-p-37588.html HTTP/1.0" 200 70700 "-" "Mozilla/5.0 (compatible; MJ12bot/v1.4.8; http://mj12bot.com/)"
148.251.9.145 - - [15/Dec/2021:05:25:36 +0100] "GET /white-dledmv-french-heritage-tee-shirt-p-35627.html HTTP/1.0" 301 70680 "-" "Mozilla/5.0 (compatible; MJ12bot/v1.4.8; http://mj12bot.com/)"
148.251.9.145 - - [15/Dec/2021:05:25:39 +0100] "GET /-p-35627.html HTTP/1.0" 200 70613 "-" "Mozilla/5.0 (compatible; MJ12bot/v1.4.8; http://mj12bot.com/)"
148.251.9.145 - - [15/Dec/2021:05:25:43 +0100] "GET /white-dledmv-team-tee-shirt-p-35845.html HTTP/1.0" 301 70680 "-" "Mozilla/5.0 (compatible; MJ12bot/v1.4.8; http://mj12bot.com/)"
148.251.9.145 - - [15/Dec/2021:05:25:46 +0100] "GET /-p-35845.html HTTP/1.0" 200 70613 "-" "Mozilla/5.0 (compatible; MJ12bot/v1.4.8; http://mj12bot.com/)"
148.251.9.145 - - [15/Dec/2021:05:25:50 +0100] "GET /white-ganesh-statue-19-cm-p-38545.html HTTP/1.0" 301 70680 "-" "Mozilla/5.0 (compatible; MJ12bot/v1.4.8; http://mj12bot.com/)"
148.251.9.145 - - [15/Dec/2021:05:25:53 +0100] "GET /-p-38545.html HTTP/1.0" 200 70613 "-" "Mozilla/5.0 (compatible; MJ12bot/v1.4.8; http://mj12bot.com/)"
148.251.9.145 - - [15/Dec/2021:05:25:56 +0100] "GET /white-ganesh-statue-24-cm-p-38546.html HTTP/1.0" 301 70803 "-" "Mozilla/5.0 (compatible; MJ12bot/v1.4.8; http://mj12bot.com/)"
148.251.9.145 - - [15/Dec/2021:05:26:00 +0100] "GET /white-ganesh-statue-p-38546.html HTTP/1.0" 200 70717 "-" "Mozilla/5.0 (compatible; MJ12bot/v1.4.8; http://mj12bot.com/)"
148.251.9.145 - - [15/Dec/2021:05:26:05 +0100] "GET /white-ganesh-statue-p-38546.html HTTP/1.0" 200 70717 "-" "Mozilla/5.0 (compatible; MJ12bot/v1.4.8; http://mj12bot.com/)"
148.251.9.145 - - [15/Dec/2021:05:26:09 +0100] "GET /white-natural-wooden-p-55030.html HTTP/1.0" 301 74236 "-" "Mozilla/5.0 (compatible; MJ12bot/v1.4.8; http://mj12bot.com/)"
157.55.39.228 - - [15/Dec/2021:05:26:11 +0100] "GET /images/med_prod/9316188016254.jpg HTTP/1.0" 200 268 "-" "Mozilla/5.0 (compatible; bingbot/2.0; +http://www.bing.com/bingbot.htm)"
185.191.171.2 - - [15/Dec/2021:05:26:14 +0100] "GET /incense-satya-myrrh-grams-about-sticks-p-54219.html HTTP/1.0" 200 73796 "-" "Mozilla/5.0 (compatible; SemrushBot/7~bl; +http://www.semrush.com/bot.html)"
148.251.9.145 - - [15/Dec/2021:05:26:14 +0100] "GET /mini-white-natural-wooden-p-55030.html HTTP/1.0" 200 74144 "-" "Mozilla/5.0 (compatible; MJ12bot/v1.4.8; http://mj12bot.com/)"
148.251.9.145 - - [15/Dec/2021:05:26:19 +0100] "GET /white-origami-panther-statue-47-cm-p-37288.html HTTP/1.0" 301 70857 "-" "Mozilla/5.0 (compatible; MJ12bot/v1.4.8; http://mj12bot.com/)"
74.125.210.82 - - [15/Dec/2021:05:26:23 +0100] "GET /images/1341689387563.jpg HTTP/1.0" 200 259 "-" "Mozilla/5.0 (Windows NT 5.1; rv:11.0) Gecko Firefox/11.0 (via ggpht.com GoogleImageProxy)"
157.55.39.0 - - [15/Dec/2021:05:26:23 +0100] "GET /images/big_prod_2/8422099001102BC.jpg HTTP/1.0" 200 272 "-" "Mozilla/5.0 (compatible; bingbot/2.0; +http://www.bing.com/bingbot.htm)"
148.251.9.145 - - [15/Dec/2021:05:26:23 +0100] "GET /white-origami-panther-statue-p-37288.html HTTP/1.0" 200 70762 "-" "Mozilla/5.0 (compatible; MJ12bot/v1.4.8; http://mj12bot.com/)"
148.251.9.145 - - [15/Dec/2021:05:26:28 +0100] "GET /white-origami-panther-statue-p-37288.html HTTP/1.0" 200 70762 "-" "Mozilla/5.0 (compatible; MJ12bot/v1.4.8; http://mj12bot.com/)"
148.251.9.145 - - [15/Dec/2021:05:26:32 +0100] "GET /white-owl-perfume-diffuser-p-31890.html HTTP/1.0" 301 70680 "-" "Mozilla/5.0 (compatible; MJ12bot/v1.4.8; http://mj12bot.com/)"
148.251.9.145 - - [15/Dec/2021:05:26:35 +0100] "GET /-p-31890.html HTTP/1.0" 200 70613 "-" "Mozilla/5.0 (compatible; MJ12bot/v1.4.8; http://mj12bot.com/)"
54.36.148.243 - - [15/Dec/2021:05:26:36 +0100] "GET /dubout-cats-compact-double-mirror-p-37047.html HTTP/1.0" 200 74873 "-" "Mozilla/5.0 (compatible; AhrefsBot/7.0; +http://ahrefs.com/robot/)"
185.191.171.42 - - [15/Dec/2021:05:26:39 +0100] "GET /luggages-schoolbags-leather-shop-c-31.html HTTP/1.0" 200 92616 "-" "Mozilla/5.0 (compatible; SemrushBot/7~bl; +http://www.semrush.com/bot.html)"
148.251.9.145 - - [15/Dec/2021:05:26:40 +0100] "GET /white-perfume-diffuser-p-31890.html HTTP/1.0" 301 70680 "-" "Mozilla/5.0 (compatible; MJ12bot/v1.4.8; http://mj12bot.com/)"
148.251.9.145 - - [15/Dec/2021:05:26:44 +0100] "GET /-p-31890.html HTTP/1.0" 200 70613 "-" "Mozilla/5.0 (compatible; MJ12bot/v1.4.8; http://mj12bot.com/)"
148.251.9.145 - - [15/Dec/2021:05:26:48 +0100] "GET /white-statue-p-37588.html HTTP/1.0" 200 70700 "-" "Mozilla/5.0 (compatible; MJ12bot/v1.4.8; http://mj12bot.com/)"
148.251.9.145 - - [15/Dec/2021:05:26:54 +0100] "GET /white-wooden-aged-appearance-medium-model-p-52442.html HTTP/1.0" 200 70783 "-" "Mozilla/5.0 (compatible; MJ12bot/v1.4.8; http://mj12bot.com/)"
185.191.171.39 - - [15/Dec/2021:05:26:58 +0100] "GET /decoration-hedgehog-beige-resin-p-45435.html HTTP/1.0" 200 73374 "-" "Mozilla/5.0 (compatible; SemrushBot/7~bl; +http://www.semrush.com/bot.html)"
148.251.9.145 - - [15/Dec/2021:05:26:59 +0100] "GET /white-wooden-aged-appearance-small-model-p-52441.html HTTP/1.0" 200 70779 "-" "Mozilla/5.0 (compatible; MJ12bot/v1.4.8; http://mj12bot.com/)"
148.251.9.145 - - [15/Dec/2021:05:27:04 +0100] "GET /white-wooden-aged-appearance-tall-model-p-52443.html HTTP/1.0" 200 70775 "-" "Mozilla/5.0 (compatible; MJ12bot/v1.4.8; http://mj12bot.com/)"
148.251.9.145 - - [15/Dec/2021:05:27:06 +0100] "GET /white-wooden-box-aged-appearance-medium-model-p-52442.html HTTP/1.0" 301 70891 "-" "Mozilla/5.0 (compatible; MJ12bot/v1.4.8; http://mj12bot.com/)"
148.251.9.145 - - [15/Dec/2021:05:27:10 +0100] "GET /white-wooden-aged-appearance-medium-model-p-52442.html HTTP/1.0" 200 70783 "-" "Mozilla/5.0 (compatible; MJ12bot/v1.4.8; http://mj12bot.com/)"
148.251.9.145 - - [15/Dec/2021:05:27:13 +0100] "GET /white-wooden-box-aged-appearance-small-model-p-52441.html HTTP/1.0" 301 70886 "-" "Mozilla/5.0 (compatible; MJ12bot/v1.4.8; http://mj12bot.com/)"
148.251.9.145 - - [15/Dec/2021:05:27:18 +0100] "GET /white-wooden-aged-appearance-small-model-p-52441.html HTTP/1.0" 200 70779 "-" "Mozilla/5.0 (compatible; MJ12bot/v1.4.8; http://mj12bot.com/)"
148.251.9.145 - - [15/Dec/2021:05:27:22 +0100] "GET /white-wooden-box-aged-appearance-tall-model-p-52443.html HTTP/1.0" 301 70881 "-" "Mozilla/5.0 (compatible; MJ12bot/v1.4.8; http://mj12bot.com/)"
157.55.39.223 - - [15/Dec/2021:05:27:22 +0100] "GET /mini-mood-salt-lamp-sphere-white-p-47212.html HTTP/1.0" 200 70731 "-" "Mozilla/5.0 (compatible; bingbot/2.0; +http://www.bing.com/bingbot.htm)"
148.251.9.145 - - [15/Dec/2021:05:27:26 +0100] "GET /white-wooden-aged-appearance-tall-model-p-52443.html HTTP/1.0" 200 70775 "-" "Mozilla/5.0 (compatible; MJ12bot/v1.4.8; http://mj12bot.com/)"
148.251.9.145 - - [15/Dec/2021:05:27:30 +0100] "GET /wick-ellipse-candle-heart-and-home-home-for-christmas-p-53317.html HTTP/1.0" 301 70919 "-" "Mozilla/5.0 (compatible; MJ12bot/v1.4.8; http://mj12bot.com/)"
148.251.9.145 - - [15/Dec/2021:05:27:35 +0100] "GET /wick-ellipse-candle-heart-home-home-christmas-p-53317.html HTTP/1.0" 200 70807 "-" "Mozilla/5.0 (compatible; MJ12bot/v1.4.8; http://mj12bot.com/)"
185.191.171.24 - - [15/Dec/2021:05:27:38 +0100] "GET /brown-horse-mouse-p-24683.html?action=add_product HTTP/1.0" 302 476 "-" "Mozilla/5.0 (compatible; SemrushBot/7~bl; +http://www.semrush.com/bot.html)"
148.251.9.145 - - [15/Dec/2021:05:27:39 +0100] "GET /wick-ellipse-candle-heart-home-home-christmas-p-53317.html HTTP/1.0" 200 70807 "-" "Mozilla/5.0 (compatible; MJ12bot/v1.4.8; http://mj12bot.com/)"
148.251.9.145 - - [15/Dec/2021:05:27:42 +0100] "GET /wild-porcelain-bowl-480-ml-p-40247.html HTTP/1.0" 301 70779 "-" "Mozilla/5.0 (compatible; MJ12bot/v1.4.8; http://mj12bot.com/)"
148.251.9.145 - - [15/Dec/2021:05:27:46 +0100] "GET /wild-porcelain-bowl-p-40247.html HTTP/1.0" 200 70693 "-" "Mozilla/5.0 (compatible; MJ12bot/v1.4.8; http://mj12bot.com/)"
148.251.9.145 - - [15/Dec/2021:05:27:49 +0100] "GET /wild-porcelain-bowl-p-40247.html HTTP/1.0" 200 70693 "-" "Mozilla/5.0 (compatible; MJ12bot/v1.4.8; http://mj12bot.com/)"
66.249.70.70 - - [15/Dec/2021:05:27:53 +0100] "GET /images/big_prod/8424346519705.jpg HTTP/1.0" 200 268 "-" "Googlebot-Image/1.0"
148.251.9.145 - - [15/Dec/2021:05:27:53 +0100] "GET /wind-butterflies-stickers-20-70-cm-p-36142.html HTTP/1.0" 301 74071 "-" "Mozilla/5.0 (compatible; MJ12bot/v1.4.8; http://mj12bot.com/)"
148.251.9.145 - - [15/Dec/2021:05:27:57 +0100] "GET /wind-butterflies-stickers-p-36142.html HTTP/1.0" 200 73979 "-" "Mozilla/5.0 (compatible; MJ12bot/v1.4.8; http://mj12bot.com/)"
148.251.9.145 - - [15/Dec/2021:05:28:00 +0100] "GET /wind-butterflies-stickers-p-36142.html HTTP/1.0" 200 73979 "-" "Mozilla/5.0 (compatible; MJ12bot/v1.4.8; http://mj12bot.com/)"
148.251.9.145 - - [15/Dec/2021:05:28:04 +0100] "GET /wind-chime-agate-natural-p-47044.html HTTP/1.0" 200 74352 "-" "Mozilla/5.0 (compatible; MJ12bot/v1.4.8; http://mj12bot.com/)"
148.251.9.145 - - [15/Dec/2021:05:28:08 +0100] "GET /wind-chime-agate-purple-p-47043.html HTTP/1.0" 200 74142 "-" "Mozilla/5.0 (compatible; MJ12bot/v1.4.8; http://mj12bot.com/)"
159.138.102.98 - - [15/Dec/2021:05:28:08 +0100] "GET /young-thumper-figure-p-2918.html HTTP/1.0" 200 70702 "-" "Mozilla/5.0 (Linux; Android 7.0;) AppleWebKit/537.36 (KHTML, like Gecko) Mobile Safari/537.36 (compatible; PetalBot;+https://webmaster.petalsearch.com/site/petalbot)"
148.251.9.145 - - [15/Dec/2021:05:28:12 +0100] "GET /wind-chime-angel-purple-p-40218.html HTTP/1.0" 200 74185 "-" "Mozilla/5.0 (compatible; MJ12bot/v1.4.8; http://mj12bot.com/)"
148.251.9.145 - - [15/Dec/2021:05:28:16 +0100] "GET /winnie-pooh-disney-glitter-globe-p-33592.html HTTP/1.0" 301 70680 "-" "Mozilla/5.0 (compatible; MJ12bot/v1.4.8; http://mj12bot.com/)"
185.191.171.25 - - [15/Dec/2021:05:28:17 +0100] "GET /carpet-p-52811.html HTTP/1.0" 200 73339 "-" "Mozilla/5.0 (compatible; SemrushBot/7~bl; +http://www.semrush.com/bot.html)"
148.251.9.145 - - [15/Dec/2021:05:28:19 +0100] "GET /-p-33592.html HTTP/1.0" 200 70613 "-" "Mozilla/5.0 (compatible; MJ12bot/v1.4.8; http://mj12bot.com/)"
148.251.9.145 - - [15/Dec/2021:05:28:22 +0100] "GET /winnie-the-pooh-disney-glitter-globe-p-33592.html HTTP/1.0" 301 70680 "-" "Mozilla/5.0 (compatible; MJ12bot/v1.4.8; http://mj12bot.com/)"
148.251.9.145 - - [15/Dec/2021:05:28:25 +0100] "GET /-p-33592.html HTTP/1.0" 200 70613 "-" "Mozilla/5.0 (compatible; MJ12bot/v1.4.8; http://mj12bot.com/)"
148.251.9.145 - - [15/Dec/2021:05:28:28 +0100] "GET /winnie-the-pooh-presents-from-pooh-figure-collection-p-18146.html HTTP/1.0" 301 70680 "-" "Mozilla/5.0 (compatible; MJ12bot/v1.4.8; http://mj12bot.com/)"
148.251.9.145 - - [15/Dec/2021:05:28:31 +0100] "GET /-p-18146.html HTTP/1.0" 200 70613 "-" "Mozilla/5.0 (compatible; MJ12bot/v1.4.8; http://mj12bot.com/)"
185.191.171.42 - - [15/Dec/2021:05:28:31 +0100] "GET /kimmi-junior-gracie-wooden-pen-p-15836.html HTTP/1.0" 301 73379 "-" "Mozilla/5.0 (compatible; SemrushBot/7~bl; +http://www.semrush.com/bot.html)"
148.251.9.145 - - [15/Dec/2021:05:28:34 +0100] "GET /winnie-the-pooh-storybook-p-31418.html HTTP/1.0" 301 70680 "-" "Mozilla/5.0 (compatible; MJ12bot/v1.4.8; http://mj12bot.com/)"
185.191.171.25 - - [15/Dec/2021:05:28:35 +0100] "GET /kimmi-junior-gracie-wooden-p-15836.html HTTP/1.0" 200 73286 "-" "Mozilla/5.0 (compatible; SemrushBot/7~bl; +http://www.semrush.com/bot.html)"
148.251.9.145 - - [15/Dec/2021:05:28:37 +0100] "GET /-p-31418.html HTTP/1.0" 200 70613 "-" "Mozilla/5.0 (compatible; MJ12bot/v1.4.8; http://mj12bot.com/)"
148.251.9.145 - - [15/Dec/2021:05:28:40 +0100] "GET /winter-chamonix-wooden-wall-decoration-hang-p-36862.html HTTP/1.0" 200 73446 "-" "Mozilla/5.0 (compatible; MJ12bot/v1.4.8; http://mj12bot.com/)"
148.251.9.145 - - [15/Dec/2021:05:28:44 +0100] "GET /winter-chamonix-wooden-wall-decoration-to-hang-p-36862.html HTTP/1.0" 301 73556 "-" "Mozilla/5.0 (compatible; MJ12bot/v1.4.8; http://mj12bot.com/)"
148.251.9.145 - - [15/Dec/2021:05:28:47 +0100] "GET /winter-chamonix-wooden-wall-decoration-hang-p-36862.html HTTP/1.0" 200 73446 "-" "Mozilla/5.0 (compatible; MJ12bot/v1.4.8; http://mj12bot.com/)"
157.55.39.223 - - [15/Dec/2021:05:28:51 +0100] "GET /images/big_prod_1/5051276219585.jpg HTTP/1.0" 200 270 "-" "Mozilla/5.0 (compatible; bingbot/2.0; +http://www.bing.com/bingbot.htm)"
148.251.9.145 - - [15/Dec/2021:05:28:51 +0100] "GET /wise-wings-integrity-figurine-p-51819.html HTTP/1.0" 200 70711 "-" "Mozilla/5.0 (compatible; MJ12bot/v1.4.8; http://mj12bot.com/)"
148.251.9.145 - - [15/Dec/2021:05:28:56 +0100] "GET /wise-wings-integrity-owl-figurine-p-51819.html HTTP/1.0" 301 70807 "-" "Mozilla/5.0 (compatible; MJ12bot/v1.4.8; http://mj12bot.com/)"
148.251.9.145 - - [15/Dec/2021:05:28:59 +0100] "GET /wise-wings-integrity-figurine-p-51819.html HTTP/1.0" 200 70711 "-" "Mozilla/5.0 (compatible; MJ12bot/v1.4.8; http://mj12bot.com/)"
54.36.148.243 - - [15/Dec/2021:05:29:03 +0100] "GET /allen-designs-small-flowerpot-baby-birdie-p-51396.html HTTP/1.0" 200 74068 "-" "Mozilla/5.0 (compatible; AhrefsBot/7.0; +http://ahrefs.com/robot/)"
148.251.9.145 - - [15/Dec/2021:05:29:04 +0100] "GET /wise-wings-knowledge-figurine-p-51805.html HTTP/1.0" 200 70711 "-" "Mozilla/5.0 (compatible; MJ12bot/v1.4.8; http://mj12bot.com/)"
5.255.253.187 - - [15/Dec/2021:05:29:06 +0100] "GET /hello-kitty-bedside-lamp-p-18722.html HTTP/1.0" 301 70680 "-" "Mozilla/5.0 (compatible; YandexBot/3.0; +http://yandex.com/bots)"
5.255.253.187 - - [15/Dec/2021:05:29:09 +0100] "GET /-p-18722.html HTTP/1.0" 200 70613 "-" "Mozilla/5.0 (compatible; YandexBot/3.0; +http://yandex.com/bots)"
148.251.9.145 - - [15/Dec/2021:05:29:11 +0100] "GET /wise-wings-knowledge-owl-figurine-p-51805.html HTTP/1.0" 301 70807 "-" "Mozilla/5.0 (compatible; MJ12bot/v1.4.8; http://mj12bot.com/)"
185.191.171.13 - - [15/Dec/2021:05:29:13 +0100] "GET /stationery-cardmaking-c-129.html?page=28 HTTP/1.0" 200 92609 "-" "Mozilla/5.0 (compatible; SemrushBot/7~bl; +http://www.semrush.com/bot.html)"
148.251.9.145 - - [15/Dec/2021:05:29:18 +0100] "GET /wise-wings-knowledge-figurine-p-51805.html HTTP/1.0" 200 70711 "-" "Mozilla/5.0 (compatible; MJ12bot/v1.4.8; http://mj12bot.com/)"
185.191.171.25 - - [15/Dec/2021:05:29:24 +0100] "GET /keep-calm-have-beer-metal-plate-p-27588.html HTTP/1.0" 200 73375 "-" "Mozilla/5.0 (compatible; SemrushBot/7~bl; +http://www.semrush.com/bot.html)"
148.251.9.145 - - [15/Dec/2021:05:29:25 +0100] "GET /wise-wings-wisdom-figurine-p-51807.html HTTP/1.0" 200 70705 "-" "Mozilla/5.0 (compatible; MJ12bot/v1.4.8; http://mj12bot.com/)"
148.251.9.145 - - [15/Dec/2021:05:29:31 +0100] "GET /wise-wings-wisdom-owl-figurine-p-51807.html HTTP/1.0" 301 70798 "-" "Mozilla/5.0 (compatible; MJ12bot/v1.4.8; http://mj12bot.com/)"
148.251.9.145 - - [15/Dec/2021:05:29:35 +0100] "GET /wise-wings-wisdom-figurine-p-51807.html HTTP/1.0" 200 70705 "-" "Mozilla/5.0 (compatible; MJ12bot/v1.4.8; http://mj12bot.com/)"
148.251.9.145 - - [15/Dec/2021:05:29:39 +0100] "GET /wolf-clock-by-lisa-parker-p-34142.html HTTP/1.0" 301 70786 "-" "Mozilla/5.0 (compatible; MJ12bot/v1.4.8; http://mj12bot.com/)"
185.191.171.33 - - [15/Dec/2021:05:29:40 +0100] "GET /olga-tooth-p-56882.html HTTP/1.0" 200 73866 "-" "Mozilla/5.0 (compatible; SemrushBot/7~bl; +http://www.semrush.com/bot.html)"
148.251.9.145 - - [15/Dec/2021:05:29:44 +0100] "GET /wolf-clock-lisa-parker-p-34142.html HTTP/1.0" 200 70697 "-" "Mozilla/5.0 (compatible; MJ12bot/v1.4.8; http://mj12bot.com/)"
148.251.9.145 - - [15/Dec/2021:05:29:49 +0100] "GET /wolf-clock-lisa-parker-p-34142.html HTTP/1.0" 200 70697 "-" "Mozilla/5.0 (compatible; MJ12bot/v1.4.8; http://mj12bot.com/)"
148.251.9.145 - - [15/Dec/2021:05:29:54 +0100] "GET /wooden-aluminum-effigy-buddha-p-46009.html HTTP/1.0" 200 70735 "-" "Mozilla/5.0 (compatible; MJ12bot/v1.4.8; http://mj12bot.com/)"
148.251.9.145 - - [15/Dec/2021:05:29:57 +0100] "GET /wooden-box-and-aluminum-effigy-buddha-p-46009.html HTTP/1.0" 301 70831 "-" "Mozilla/5.0 (compatible; MJ12bot/v1.4.8; http://mj12bot.com/)"
148.251.9.145 - - [15/Dec/2021:05:30:01 +0100] "GET /wooden-aluminum-effigy-buddha-p-46009.html HTTP/1.0" 200 70735 "-" "Mozilla/5.0 (compatible; MJ12bot/v1.4.8; http://mj12bot.com/)"
148.251.9.145 - - [15/Dec/2021:05:30:05 +0100] "GET /wooden-box-carved-floral-pattern-21-cm-p-46053.html HTTP/1.0" 301 70869 "-" "Mozilla/5.0 (compatible; MJ12bot/v1.4.8; http://mj12bot.com/)"
148.251.9.145 - - [15/Dec/2021:05:30:09 +0100] "GET /wooden-carved-floral-pattern-p-46053.html HTTP/1.0" 200 70774 "-" "Mozilla/5.0 (compatible; MJ12bot/v1.4.8; http://mj12bot.com/)"
148.251.9.145 - - [15/Dec/2021:05:30:14 +0100] "GET /wooden-box-carved-indian-floral-pattern-175-cm-p-46040.html HTTP/1.0" 301 70917 "-" "Mozilla/5.0 (compatible; MJ12bot/v1.4.8; http://mj12bot.com/)"
148.251.9.145 - - [15/Dec/2021:05:30:18 +0100] "GET /wooden-carved-indian-floral-pattern-p-46040.html HTTP/1.0" 200 70815 "-" "Mozilla/5.0 (compatible; MJ12bot/v1.4.8; http://mj12bot.com/)"
148.251.9.145 - - [15/Dec/2021:05:30:23 +0100] "GET /wooden-box-carved-indian-floral-pattern-255-cm-p-46032.html HTTP/1.0" 301 70869 "-" "Mozilla/5.0 (compatible; MJ12bot/v1.4.8; http://mj12bot.com/)"
148.251.9.145 - - [15/Dec/2021:05:30:28 +0100] "GET /wooden-carved-indian-floral-pattern-p-46032.html HTTP/1.0" 200 70767 "-" "Mozilla/5.0 (compatible; MJ12bot/v1.4.8; http://mj12bot.com/)"
148.251.9.145 - - [15/Dec/2021:05:30:32 +0100] "GET /wooden-box-carved-indian-floral-pattern-255-cm-p-46078.html HTTP/1.0" 301 70917 "-" "Mozilla/5.0 (compatible; MJ12bot/v1.4.8; http://mj12bot.com/)"
148.251.9.145 - - [15/Dec/2021:05:30:37 +0100] "GET /wooden-carved-indian-floral-pattern-p-46078.html HTTP/1.0" 200 70815 "-" "Mozilla/5.0 (compatible; MJ12bot/v1.4.8; http://mj12bot.com/)"
148.251.9.145 - - [15/Dec/2021:05:30:41 +0100] "GET /wooden-box-hand-of-fatima-wood-blue-aged-and-brass-255-cm-p-46079.html HTTP/1.0" 301 74680 "-" "Mozilla/5.0 (compatible; MJ12bot/v1.4.8; http://mj12bot.com/)"
185.191.171.26 - - [15/Dec/2021:05:30:43 +0100] "GET /-p-41775.html?action=add_product HTTP/1.0" 302 476 "-" "Mozilla/5.0 (compatible; SemrushBot/7~bl; +http://www.semrush.com/bot.html)"
185.191.171.3 - - [15/Dec/2021:05:30:45 +0100] "GET /votive-candle-hours-twilight-p-37309.html?action=add_product HTTP/1.0" 302 476 "-" "Mozilla/5.0 (compatible; SemrushBot/7~bl; +http://www.semrush.com/bot.html)"
148.251.9.145 - - [15/Dec/2021:05:30:46 +0100] "GET /wooden-hand-fatima-wood-blue-aged-brass-p-46079.html HTTP/1.0" 200 74574 "-" "Mozilla/5.0 (compatible; MJ12bot/v1.4.8; http://mj12bot.com/)"
148.251.9.145 - - [15/Dec/2021:05:30:50 +0100] "GET /wooden-butterflies-ribbon-p-37613.html HTTP/1.0" 200 70771 "-" "Mozilla/5.0 (compatible; MJ12bot/v1.4.8; http://mj12bot.com/)"
148.251.9.145 - - [15/Dec/2021:05:30:57 +0100] "GET /wooden-calendar-clock-p-55025.html HTTP/1.0" 200 70699 "-" "Mozilla/5.0 (compatible; MJ12bot/v1.4.8; http://mj12bot.com/)"
148.251.9.145 - - [15/Dec/2021:05:31:02 +0100] "GET /wooden-carved-floral-pattern-p-46053.html HTTP/1.0" 200 70774 "-" "Mozilla/5.0 (compatible; MJ12bot/v1.4.8; http://mj12bot.com/)"
148.251.9.145 - - [15/Dec/2021:05:31:05 +0100] "GET /wooden-carved-indian-floral-pattern-p-46032.html HTTP/1.0" 200 70767 "-" "Mozilla/5.0 (compatible; MJ12bot/v1.4.8; http://mj12bot.com/)"
185.191.171.24 - - [15/Dec/2021:05:31:08 +0100] "GET /nici-plush-collection-bubble-penguin-p-35160.html HTTP/1.0" 200 70747 "-" "Mozilla/5.0 (compatible; SemrushBot/7~bl; +http://www.semrush.com/bot.html)"
148.251.9.145 - - [15/Dec/2021:05:31:10 +0100] "GET /wooden-carved-indian-floral-pattern-p-46040.html HTTP/1.0" 200 70815 "-" "Mozilla/5.0 (compatible; MJ12bot/v1.4.8; http://mj12bot.com/)"
148.251.9.145 - - [15/Dec/2021:05:31:13 +0100] "GET /wooden-carved-indian-floral-pattern-p-46078.html HTTP/1.0" 200 70815 "-" "Mozilla/5.0 (compatible; MJ12bot/v1.4.8; http://mj12bot.com/)"
148.251.9.145 - - [15/Dec/2021:05:31:17 +0100] "GET /wooden-cellar-p-44517.html HTTP/1.0" 200 70726 "-" "Mozilla/5.0 (compatible; MJ12bot/v1.4.8; http://mj12bot.com/)"
148.251.9.145 - - [15/Dec/2021:05:31:21 +0100] "GET /wooden-egg-cellar-18-16-cm-p-44517.html HTTP/1.0" 301 70806 "-" "Mozilla/5.0 (compatible; MJ12bot/v1.4.8; http://mj12bot.com/)"
148.251.9.145 - - [15/Dec/2021:05:31:24 +0100] "GET /wooden-cellar-p-44517.html HTTP/1.0" 200 70726 "-" "Mozilla/5.0 (compatible; MJ12bot/v1.4.8; http://mj12bot.com/)"
148.251.9.145 - - [15/Dec/2021:05:31:28 +0100] "GET /wooden-hand-fatima-wood-blue-aged-brass-p-46079.html HTTP/1.0" 200 74574 "-" "Mozilla/5.0 (compatible; MJ12bot/v1.4.8; http://mj12bot.com/)"
54.36.148.243 - - [15/Dec/2021:05:31:32 +0100] "GET /moroccan-ashtray-p-40669.html HTTP/1.0" 200 73221 "-" "Mozilla/5.0 (compatible; AhrefsBot/7.0; +http://ahrefs.com/robot/)"
148.251.9.145 - - [15/Dec/2021:05:31:34 +0100] "GET /wooden-magazine-rack-compartments-p-35665.html HTTP/1.0" 200 73404 "-" "Mozilla/5.0 (compatible; MJ12bot/v1.4.8; http://mj12bot.com/)"
148.251.9.145 - - [15/Dec/2021:05:31:42 +0100] "GET /wooden-range-bottle-old-style-green-p-35877.html HTTP/1.0" 301 70881 "-" "Mozilla/5.0 (compatible; MJ12bot/v1.4.8; http://mj12bot.com/)"
148.251.9.145 - - [15/Dec/2021:05:31:48 +0100] "GET /wooden-range-bottle-style-green-p-35877.html HTTP/1.0" 200 70783 "-" "Mozilla/5.0 (compatible; MJ12bot/v1.4.8; http://mj12bot.com/)"
148.251.9.145 - - [15/Dec/2021:05:31:57 +0100] "GET /wooden-range-bottle-old-style-pink-p-35876.html HTTP/1.0" 301 70875 "-" "Mozilla/5.0 (compatible; MJ12bot/v1.4.8; http://mj12bot.com/)"
148.251.9.145 - - [15/Dec/2021:05:32:03 +0100] "GET /wooden-range-bottle-style-pink-p-35876.html HTTP/1.0" 200 70778 "-" "Mozilla/5.0 (compatible; MJ12bot/v1.4.8; http://mj12bot.com/)"
148.251.9.145 - - [15/Dec/2021:05:32:09 +0100] "GET /wooden-range-bottle-old-style-white-p-35875.html HTTP/1.0" 301 70881 "-" "Mozilla/5.0 (compatible; MJ12bot/v1.4.8; http://mj12bot.com/)"
185.191.171.10 - - [15/Dec/2021:05:32:10 +0100] "GET /stitch-illuminated-figurine-p-47009.html HTTP/1.0" 200 74019 "-" "Mozilla/5.0 (compatible; SemrushBot/7~bl; +http://www.semrush.com/bot.html)"
148.251.9.145 - - [15/Dec/2021:05:32:14 +0100] "GET /wooden-range-bottle-style-white-p-35875.html HTTP/1.0" 200 70783 "-" "Mozilla/5.0 (compatible; MJ12bot/v1.4.8; http://mj12bot.com/)"
148.251.9.145 - - [15/Dec/2021:05:32:18 +0100] "GET /wooden-range-bottle-style-green-p-35877.html HTTP/1.0" 200 70783 "-" "Mozilla/5.0 (compatible; MJ12bot/v1.4.8; http://mj12bot.com/)"
148.251.9.145 - - [15/Dec/2021:05:32:22 +0100] "GET /wooden-range-bottle-style-pink-p-35876.html HTTP/1.0" 200 70778 "-" "Mozilla/5.0 (compatible; MJ12bot/v1.4.8; http://mj12bot.com/)"
148.251.9.145 - - [15/Dec/2021:05:32:28 +0100] "GET /wooden-range-bottle-style-white-p-35875.html HTTP/1.0" 200 70783 "-" "Mozilla/5.0 (compatible; MJ12bot/v1.4.8; http://mj12bot.com/)"
148.251.9.145 - - [15/Dec/2021:05:32:33 +0100] "GET /yellow-cigarette-machine-peace-and-love-p-14143.html HTTP/1.0" 301 70680 "-" "Mozilla/5.0 (compatible; MJ12bot/v1.4.8; http://mj12bot.com/)"
185.191.171.26 - - [15/Dec/2021:05:32:33 +0100] "GET /canard-duck-night-light-light-pink-p-39610.html?action=add_product HTTP/1.0" 302 476 "-" "Mozilla/5.0 (compatible; SemrushBot/7~bl; +http://www.semrush.com/bot.html)"
207.46.13.52 - - [15/Dec/2021:05:32:36 +0100] "GET /images/big_prod/5051276388144.jpg HTTP/1.0" 200 268 "-" "Mozilla/5.0 (compatible; bingbot/2.0; +http://www.bing.com/bingbot.htm)"
148.251.9.145 - - [15/Dec/2021:05:32:37 +0100] "GET /-p-14143.html HTTP/1.0" 200 70613 "-" "Mozilla/5.0 (compatible; MJ12bot/v1.4.8; http://mj12bot.com/)"
148.251.9.145 - - [15/Dec/2021:05:32:41 +0100] "GET /zen-buddha-frame-with-metal-under-50-50-cm-p-37554.html HTTP/1.0" 301 70890 "-" "Mozilla/5.0 (compatible; MJ12bot/v1.4.8; http://mj12bot.com/)"
148.251.9.145 - - [15/Dec/2021:05:32:46 +0100] "GET /buddha-frame-with-metal-under-p-37554.html HTTP/1.0" 200 70794 "-" "Mozilla/5.0 (compatible; MJ12bot/v1.4.8; http://mj12bot.com/)"
148.251.9.145 - - [15/Dec/2021:05:32:51 +0100] "GET /zen-butterflies-stickers-20-70-cm-p-36143.html HTTP/1.0" 301 70842 "-" "Mozilla/5.0 (compatible; MJ12bot/v1.4.8; http://mj12bot.com/)"
148.251.9.145 - - [15/Dec/2021:05:32:53 +0100] "GET /butterflies-stickers-p-36143.html HTTP/1.0" 200 70755 "-" "Mozilla/5.0 (compatible; MJ12bot/v1.4.8; http://mj12bot.com/)"
185.191.171.5 - - [15/Dec/2021:05:32:54 +0100] "GET /salt-and-pepper-pot-henette-collection-p-52670.html HTTP/1.0" 301 73455 "-" "Mozilla/5.0 (compatible; SemrushBot/7~bl; +http://www.semrush.com/bot.html)"
148.251.9.145 - - [15/Dec/2021:05:32:57 +0100] "GET /zen-canvas-frame-40-40-cm-p-38504.html HTTP/1.0" 301 73397 "-" "Mozilla/5.0 (compatible; MJ12bot/v1.4.8; http://mj12bot.com/)"
185.191.171.38 - - [15/Dec/2021:05:32:59 +0100] "GET /salt-pepper-henette-collection-p-52670.html HTTP/1.0" 200 73358 "-" "Mozilla/5.0 (compatible; SemrushBot/7~bl; +http://www.semrush.com/bot.html)"
148.251.9.145 - - [15/Dec/2021:05:33:03 +0100] "GET /canvas-frame-p-38504.html HTTP/1.0" 200 73318 "-" "Mozilla/5.0 (compatible; MJ12bot/v1.4.8; http://mj12bot.com/)"
148.251.9.145 - - [15/Dec/2021:05:33:09 +0100] "GET /zen-canvas-frame-40-40-cm-p-38505.html HTTP/1.0" 301 73393 "-" "Mozilla/5.0 (compatible; MJ12bot/v1.4.8; http://mj12bot.com/)"
