85.10.207.195 - - [15/Dec/2021:07:25:55 +0100] "GET /boxes-storage-c-150.html?page=12 HTTP/1.0" 301 94810 "-" "Mozilla/5.0 (compatible; MJ12bot/v1.4.8; http://mj12bot.com/)"
85.10.207.195 - - [15/Dec/2021:07:25:59 +0100] "GET /boxes-storage-c-13_150.html?page=12 HTTP/1.0" 200 94844 "-" "Mozilla/5.0 (compatible; MJ12bot/v1.4.8; http://mj12bot.com/)"
85.10.207.195 - - [15/Dec/2021:07:26:05 +0100] "GET /boxes-storage-c-150.html?page=13 HTTP/1.0" 301 94065 "-" "Mozilla/5.0 (compatible; MJ12bot/v1.4.8; http://mj12bot.com/)"
85.10.207.195 - - [15/Dec/2021:07:26:13 +0100] "GET /boxes-storage-c-13_150.html?page=13 HTTP/1.0" 200 94099 "-" "Mozilla/5.0 (compatible; MJ12bot/v1.4.8; http://mj12bot.com/)"
85.10.207.195 - - [15/Dec/2021:07:26:20 +0100] "GET /boxes-storage-c-150.html?page=14 HTTP/1.0" 301 94247 "-" "Mozilla/5.0 (compatible; MJ12bot/v1.4.8; http://mj12bot.com/)"
85.10.207.195 - - [15/Dec/2021:07:26:24 +0100] "GET /boxes-storage-c-13_150.html?page=14 HTTP/1.0" 200 94281 "-" "Mozilla/5.0 (compatible; MJ12bot/v1.4.8; http://mj12bot.com/)"
185.191.171.33 - - [15/Dec/2021:07:26:28 +0100] "GET /st-michel-statue-23-cm-p-53036.html HTTP/1.0" 301 73378 "-" "Mozilla/5.0 (compatible; SemrushBot/7~bl; +http://www.semrush.com/bot.html)"
85.10.207.195 - - [15/Dec/2021:07:26:30 +0100] "GET /boxes-storage-c-150.html?page=15 HTTP/1.0" 301 94443 "-" "Mozilla/5.0 (compatible; MJ12bot/v1.4.8; http://mj12bot.com/)"
185.191.171.4 - - [15/Dec/2021:07:26:32 +0100] "GET /michel-statue-p-53036.html HTTP/1.0" 200 73298 "-" "Mozilla/5.0 (compatible; SemrushBot/7~bl; +http://www.semrush.com/bot.html)"
85.10.207.195 - - [15/Dec/2021:07:26:36 +0100] "GET /boxes-storage-c-13_150.html?page=15 HTTP/1.0" 200 94477 "-" "Mozilla/5.0 (compatible; MJ12bot/v1.4.8; http://mj12bot.com/)"
85.10.207.195 - - [15/Dec/2021:07:26:43 +0100] "GET /boxes-storage-c-150.html?page=16 HTTP/1.0" 301 94291 "-" "Mozilla/5.0 (compatible; MJ12bot/v1.4.8; http://mj12bot.com/)"
85.10.207.195 - - [15/Dec/2021:07:26:49 +0100] "GET /boxes-storage-c-13_150.html?page=16 HTTP/1.0" 200 94325 "-" "Mozilla/5.0 (compatible; MJ12bot/v1.4.8; http://mj12bot.com/)"
85.10.207.195 - - [15/Dec/2021:07:26:55 +0100] "GET /boxes-storage-c-150.html?page=17 HTTP/1.0" 301 94540 "-" "Mozilla/5.0 (compatible; MJ12bot/v1.4.8; http://mj12bot.com/)"
85.10.207.195 - - [15/Dec/2021:07:26:59 +0100] "GET /boxes-storage-c-13_150.html?page=17 HTTP/1.0" 200 94574 "-" "Mozilla/5.0 (compatible; MJ12bot/v1.4.8; http://mj12bot.com/)"
85.10.207.195 - - [15/Dec/2021:07:27:03 +0100] "GET /boxes-storage-c-150.html?page=18 HTTP/1.0" 301 94454 "-" "Mozilla/5.0 (compatible; MJ12bot/v1.4.8; http://mj12bot.com/)"
85.10.207.195 - - [15/Dec/2021:07:27:06 +0100] "GET /boxes-storage-c-13_150.html?page=18 HTTP/1.0" 200 94488 "-" "Mozilla/5.0 (compatible; MJ12bot/v1.4.8; http://mj12bot.com/)"
85.10.207.195 - - [15/Dec/2021:07:27:11 +0100] "GET /boxes-storage-c-150.html?page=19 HTTP/1.0" 301 94680 "-" "Mozilla/5.0 (compatible; MJ12bot/v1.4.8; http://mj12bot.com/)"
85.10.207.195 - - [15/Dec/2021:07:27:14 +0100] "GET /boxes-storage-c-13_150.html?page=19 HTTP/1.0" 200 94714 "-" "Mozilla/5.0 (compatible; MJ12bot/v1.4.8; http://mj12bot.com/)"
85.10.207.195 - - [15/Dec/2021:07:27:18 +0100] "GET /boxes-storage-c-150.html?page=22 HTTP/1.0" 301 92831 "-" "Mozilla/5.0 (compatible; MJ12bot/v1.4.8; http://mj12bot.com/)"
85.10.207.195 - - [15/Dec/2021:07:27:21 +0100] "GET /boxes-storage-c-13_150.html?page=22 HTTP/1.0" 200 92865 "-" "Mozilla/5.0 (compatible; MJ12bot/v1.4.8; http://mj12bot.com/)"
185.191.171.38 - - [15/Dec/2021:07:27:22 +0100] "GET /petit-ours-brun-p-27779.html HTTP/1.0" 200 70671 "-" "Mozilla/5.0 (compatible; SemrushBot/7~bl; +http://www.semrush.com/bot.html)"
85.10.207.195 - - [15/Dec/2021:07:27:25 +0100] "GET /boy-best-friend-elliott-dragon-figurine-p-37696.html HTTP/1.0" 301 74081 "-" "Mozilla/5.0 (compatible; MJ12bot/v1.4.8; http://mj12bot.com/)"
85.10.207.195 - - [15/Dec/2021:07:27:28 +0100] "GET /best-friend-elliott-dragon-figurine-p-37696.html HTTP/1.0" 200 73979 "-" "Mozilla/5.0 (compatible; MJ12bot/v1.4.8; http://mj12bot.com/)"
54.36.148.243 - - [15/Dec/2021:07:27:29 +0100] "GET /collectible-figurines-decorative-c-13_135.html?page=59 HTTP/1.0" 200 97705 "-" "Mozilla/5.0 (compatible; AhrefsBot/7.0; +http://ahrefs.com/robot/)"
85.10.207.195 - - [15/Dec/2021:07:27:32 +0100] "GET /british-cat-round-box-p-15931.html HTTP/1.0" 301 73421 "-" "Mozilla/5.0 (compatible; MJ12bot/v1.4.8; http://mj12bot.com/)"
85.10.207.195 - - [15/Dec/2021:07:27:39 +0100] "GET /british-round-p-15931.html HTTP/1.0" 200 73341 "-" "Mozilla/5.0 (compatible; MJ12bot/v1.4.8; http://mj12bot.com/)"
85.10.207.195 - - [15/Dec/2021:07:27:44 +0100] "GET /british-dog-round-box-p-15933.html HTTP/1.0" 301 73413 "-" "Mozilla/5.0 (compatible; MJ12bot/v1.4.8; http://mj12bot.com/)"
85.10.207.195 - - [15/Dec/2021:07:27:49 +0100] "GET /british-round-p-15933.html HTTP/1.0" 200 73333 "-" "Mozilla/5.0 (compatible; MJ12bot/v1.4.8; http://mj12bot.com/)"
185.191.171.19 - - [15/Dec/2021:07:27:52 +0100] "GET /resin-decorative-tassel-p-56416.html HTTP/1.0" 200 73956 "-" "Mozilla/5.0 (compatible; SemrushBot/7~bl; +http://www.semrush.com/bot.html)"
85.10.207.195 - - [15/Dec/2021:07:27:54 +0100] "GET /british-round-p-15931.html HTTP/1.0" 200 73341 "-" "Mozilla/5.0 (compatible; MJ12bot/v1.4.8; http://mj12bot.com/)"
185.191.171.13 - - [15/Dec/2021:07:27:55 +0100] "GET /cushion-cover-40-40-cm-p-52125.html HTTP/1.0" 301 73480 "-" "Mozilla/5.0 (compatible; SemrushBot/7~bl; +http://www.semrush.com/bot.html)"
114.119.128.40 - - [15/Dec/2021:07:27:56 +0100] "GET /taurus-metal-rests-flat-p-43890.html HTTP/1.0" 200 73239 "-" "Mozilla/5.0 (Linux; Android 7.0;) AppleWebKit/537.36 (KHTML, like Gecko) Mobile Safari/537.36 (compatible; PetalBot;+https://webmaster.petalsearch.com/site/petalbot)"
185.191.171.38 - - [15/Dec/2021:07:27:59 +0100] "GET /cushion-cover-p-52125.html HTTP/1.0" 200 73400 "-" "Mozilla/5.0 (compatible; SemrushBot/7~bl; +http://www.semrush.com/bot.html)"
85.10.207.195 - - [15/Dec/2021:07:28:00 +0100] "GET /british-round-p-15933.html HTTP/1.0" 200 73333 "-" "Mozilla/5.0 (compatible; MJ12bot/v1.4.8; http://mj12bot.com/)"
85.10.207.195 - - [15/Dec/2021:07:28:09 +0100] "GET /britto-ceramic-bowl-p-32655.html HTTP/1.0" 200 70711 "-" "Mozilla/5.0 (compatible; MJ12bot/v1.4.8; http://mj12bot.com/)"
85.10.207.195 - - [15/Dec/2021:07:28:12 +0100] "GET /britto-green-ceramic-bowl-p-32657.html HTTP/1.0" 200 70729 "-" "Mozilla/5.0 (compatible; MJ12bot/v1.4.8; http://mj12bot.com/)"
85.10.207.195 - - [15/Dec/2021:07:28:16 +0100] "GET /britto-red-ceramic-bowl-p-32655.html HTTP/1.0" 301 70797 "-" "Mozilla/5.0 (compatible; MJ12bot/v1.4.8; http://mj12bot.com/)"
85.10.207.195 - - [15/Dec/2021:07:28:20 +0100] "GET /britto-ceramic-bowl-p-32655.html HTTP/1.0" 200 70711 "-" "Mozilla/5.0 (compatible; MJ12bot/v1.4.8; http://mj12bot.com/)"
85.10.207.195 - - [15/Dec/2021:07:28:24 +0100] "GET /britto-yellow-ceramic-bowl-p-32656.html HTTP/1.0" 200 70734 "-" "Mozilla/5.0 (compatible; MJ12bot/v1.4.8; http://mj12bot.com/)"
85.10.207.195 - - [15/Dec/2021:07:28:27 +0100] "GET /brown-horse-figurine-in-resin-p-53655.html HTTP/1.0" 301 73466 "-" "Mozilla/5.0 (compatible; MJ12bot/v1.4.8; http://mj12bot.com/)"
85.10.207.195 - - [15/Dec/2021:07:28:33 +0100] "GET /brown-horse-figurine-resin-p-53655.html HTTP/1.0" 200 73373 "-" "Mozilla/5.0 (compatible; MJ12bot/v1.4.8; http://mj12bot.com/)"
85.10.207.195 - - [15/Dec/2021:07:28:36 +0100] "GET /buddha-child-statue-polyresin-anything-p-46720.html HTTP/1.0" 200 73512 "-" "Mozilla/5.0 (compatible; MJ12bot/v1.4.8; http://mj12bot.com/)"
85.10.207.195 - - [15/Dec/2021:07:28:40 +0100] "GET /buddha-child-statue-polyresin-do-not-see-anything-36-cm-p-46720.html HTTP/1.0" 301 73617 "-" "Mozilla/5.0 (compatible; MJ12bot/v1.4.8; http://mj12bot.com/)"
85.10.207.195 - - [15/Dec/2021:07:28:45 +0100] "GET /buddha-child-statue-polyresin-anything-p-46720.html HTTP/1.0" 200 73512 "-" "Mozilla/5.0 (compatible; MJ12bot/v1.4.8; http://mj12bot.com/)"
85.10.207.195 - - [15/Dec/2021:07:28:50 +0100] "GET /buddha-frame-with-metal-under-p-37554.html HTTP/1.0" 200 70794 "-" "Mozilla/5.0 (compatible; MJ12bot/v1.4.8; http://mj12bot.com/)"
85.10.207.195 - - [15/Dec/2021:07:28:53 +0100] "GET /buddha-perfume-diffuser-p-31887.html HTTP/1.0" 200 73374 "-" "Mozilla/5.0 (compatible; MJ12bot/v1.4.8; http://mj12bot.com/)"
85.10.207.195 - - [15/Dec/2021:07:28:57 +0100] "GET /buddha-resin-patina-old-statue-35-cm-p-38067.html HTTP/1.0" 301 70857 "-" "Mozilla/5.0 (compatible; MJ12bot/v1.4.8; http://mj12bot.com/)"
85.10.207.195 - - [15/Dec/2021:07:29:00 +0100] "GET /buddha-resin-patina-statue-p-38067.html HTTP/1.0" 200 70764 "-" "Mozilla/5.0 (compatible; MJ12bot/v1.4.8; http://mj12bot.com/)"
85.10.207.195 - - [15/Dec/2021:07:29:03 +0100] "GET /buddha-resin-patina-statue-p-38067.html HTTP/1.0" 200 70764 "-" "Mozilla/5.0 (compatible; MJ12bot/v1.4.8; http://mj12bot.com/)"
85.10.207.195 - - [15/Dec/2021:07:29:07 +0100] "GET /buddha-statue-fiberglass-58-cm-p-36052.html HTTP/1.0" 301 70833 "-" "Mozilla/5.0 (compatible; MJ12bot/v1.4.8; http://mj12bot.com/)"
85.10.207.195 - - [15/Dec/2021:07:29:11 +0100] "GET /buddha-statue-fiberglass-p-36052.html HTTP/1.0" 200 70742 "-" "Mozilla/5.0 (compatible; MJ12bot/v1.4.8; http://mj12bot.com/)"
85.10.207.195 - - [15/Dec/2021:07:29:14 +0100] "GET /buddha-statue-fiberglass-p-36052.html HTTP/1.0" 200 70742 "-" "Mozilla/5.0 (compatible; MJ12bot/v1.4.8; http://mj12bot.com/)"
85.10.207.195 - - [15/Dec/2021:07:29:17 +0100] "GET /buddha-statue-polyresin-47-cm-p-36728.html HTTP/1.0" 301 70680 "-" "Mozilla/5.0 (compatible; MJ12bot/v1.4.8; http://mj12bot.com/)"
85.10.207.195 - - [15/Dec/2021:07:29:20 +0100] "GET /-p-36728.html HTTP/1.0" 200 70613 "-" "Mozilla/5.0 (compatible; MJ12bot/v1.4.8; http://mj12bot.com/)"
85.10.207.195 - - [15/Dec/2021:07:29:23 +0100] "GET /buddha-statue-polyresin-50-cm-p-43099.html HTTP/1.0" 301 70680 "-" "Mozilla/5.0 (compatible; MJ12bot/v1.4.8; http://mj12bot.com/)"
85.10.207.195 - - [15/Dec/2021:07:29:26 +0100] "GET /-p-43099.html HTTP/1.0" 200 70613 "-" "Mozilla/5.0 (compatible; MJ12bot/v1.4.8; http://mj12bot.com/)"
85.10.207.195 - - [15/Dec/2021:07:29:30 +0100] "GET /butterflies-stickers-p-36143.html HTTP/1.0" 200 70755 "-" "Mozilla/5.0 (compatible; MJ12bot/v1.4.8; http://mj12bot.com/)"
216.244.66.242 - - [15/Dec/2021:07:29:31 +0100] "GET /small-soft-pastel-bear-p-53982.html HTTP/1.0" 200 73455 "-" "Mozilla/5.0 (compatible; DotBot/1.2; +https://opensiteexplorer.org/dotbot; help@moz.com)"
85.10.207.195 - - [15/Dec/2021:07:29:34 +0100] "GET /canvas-frame-p-38318.html HTTP/1.0" 200 73250 "-" "Mozilla/5.0 (compatible; MJ12bot/v1.4.8; http://mj12bot.com/)"
66.249.70.72 - - [15/Dec/2021:07:29:36 +0100] "GET /ads.txt HTTP/1.0" 404 1308 "-" "Mozilla/5.0 (compatible; Googlebot/2.1; +http://www.google.com/bot.html)"
85.10.207.195 - - [15/Dec/2021:07:29:38 +0100] "GET /canvas-frame-p-38504.html HTTP/1.0" 200 73318 "-" "Mozilla/5.0 (compatible; MJ12bot/v1.4.8; http://mj12bot.com/)"
85.10.207.195 - - [15/Dec/2021:07:29:42 +0100] "GET /canvas-frame-p-38505.html HTTP/1.0" 200 73314 "-" "Mozilla/5.0 (compatible; MJ12bot/v1.4.8; http://mj12bot.com/)"
85.10.207.195 - - [15/Dec/2021:07:29:45 +0100] "GET /canvas-frame-p-38508.html HTTP/1.0" 200 73314 "-" "Mozilla/5.0 (compatible; MJ12bot/v1.4.8; http://mj12bot.com/)"
85.10.207.195 - - [15/Dec/2021:07:29:49 +0100] "GET /cats-bees-mini-rectangular-tray-p-54906.html HTTP/1.0" 200 73415 "-" "Mozilla/5.0 (compatible; MJ12bot/v1.4.8; http://mj12bot.com/)"
85.10.207.195 - - [15/Dec/2021:07:29:54 +0100] "GET /ceramic-lamp-p-52409.html HTTP/1.0" 200 74138 "-" "Mozilla/5.0 (compatible; MJ12bot/v1.4.8; http://mj12bot.com/)"
54.36.148.243 - - [15/Dec/2021:07:30:01 +0100] "GET /frozen-flat-pocket-p-34132.html HTTP/1.0" 200 73316 "-" "Mozilla/5.0 (compatible; AhrefsBot/7.0; +http://ahrefs.com/robot/)"
85.10.207.195 - - [15/Dec/2021:07:30:06 +0100] "GET /classic-horse-mini-rectangular-tray-p-54912.html HTTP/1.0" 200 73405 "-" "Mozilla/5.0 (compatible; MJ12bot/v1.4.8; http://mj12bot.com/)"
85.10.207.195 - - [15/Dec/2021:07:30:16 +0100] "GET /crayola-jumbo-crayons-p-16599.html HTTP/1.0" 200 70739 "-" "Mozilla/5.0 (compatible; MJ12bot/v1.4.8; http://mj12bot.com/)"
114.119.128.253 - - [15/Dec/2021:07:30:18 +0100] "GET /gorjuss-stamps-with-scarf-p-40495.html HTTP/1.0" 200 73385 "-" "Mozilla/5.0 (Linux; Android 7.0;) AppleWebKit/537.36 (KHTML, like Gecko) Mobile Safari/537.36 (compatible; PetalBot;+https://webmaster.petalsearch.com/site/petalbot)"
85.10.207.195 - - [15/Dec/2021:07:30:24 +0100] "GET /cushion-upholstery-cover-p-55029.html HTTP/1.0" 200 70729 "-" "Mozilla/5.0 (compatible; MJ12bot/v1.4.8; http://mj12bot.com/)"
85.10.207.195 - - [15/Dec/2021:07:30:29 +0100] "GET /decorative-henna-foot-in-wood-28-cm-p-46814.html HTTP/1.0" 301 73567 "-" "Mozilla/5.0 (compatible; MJ12bot/v1.4.8; http://mj12bot.com/)"
85.10.207.195 - - [15/Dec/2021:07:30:35 +0100] "GET /decorative-henna-foot-wood-p-46814.html HTTP/1.0" 200 73474 "-" "Mozilla/5.0 (compatible; MJ12bot/v1.4.8; http://mj12bot.com/)"
85.10.207.195 - - [15/Dec/2021:07:30:42 +0100] "GET /decorative-henna-foot-wood-p-46814.html HTTP/1.0" 200 73474 "-" "Mozilla/5.0 (compatible; MJ12bot/v1.4.8; http://mj12bot.com/)"
85.10.207.195 - - [15/Dec/2021:07:30:48 +0100] "GET /fitted-sheet-cotton-percale-threads-p-51249.html HTTP/1.0" 200 74235 "-" "Mozilla/5.0 (compatible; MJ12bot/v1.4.8; http://mj12bot.com/)"
85.10.207.195 - - [15/Dec/2021:07:30:57 +0100] "GET /fitted-sheet-in-cotton-percale-80-threads-90-190-30-cm-p-51249.html HTTP/1.0" 301 74337 "-" "Mozilla/5.0 (compatible; MJ12bot/v1.4.8; http://mj12bot.com/)"
85.10.207.195 - - [15/Dec/2021:07:31:01 +0100] "GET /fitted-sheet-cotton-percale-threads-p-51249.html HTTP/1.0" 200 74235 "-" "Mozilla/5.0 (compatible; MJ12bot/v1.4.8; http://mj12bot.com/)"
85.10.207.195 - - [15/Dec/2021:07:31:07 +0100] "GET /foxes-gorjuss-p-29448.html HTTP/1.0" 200 70671 "-" "Mozilla/5.0 (compatible; MJ12bot/v1.4.8; http://mj12bot.com/)"
85.10.207.195 - - [15/Dec/2021:07:31:13 +0100] "GET /fragrance-sachet-cinnamon-spice-p-40559.html HTTP/1.0" 200 73991 "-" "Mozilla/5.0 (compatible; MJ12bot/v1.4.8; http://mj12bot.com/)"
216.244.66.242 - - [15/Dec/2021:07:31:14 +0100] "GET /sixtine-bedspread-p-51295.html HTTP/1.0" 200 73974 "-" "Mozilla/5.0 (compatible; DotBot/1.2; +https://opensiteexplorer.org/dotbot; help@moz.com)"
85.10.207.195 - - [15/Dec/2021:07:31:19 +0100] "GET /fragrance-sachet-coconut-escape-p-40535.html HTTP/1.0" 200 73985 "-" "Mozilla/5.0 (compatible; MJ12bot/v1.4.8; http://mj12bot.com/)"
85.10.207.195 - - [15/Dec/2021:07:31:25 +0100] "GET /fragrance-sachet-dawn-mist-p-40562.html HTTP/1.0" 200 73955 "-" "Mozilla/5.0 (compatible; MJ12bot/v1.4.8; http://mj12bot.com/)"
185.191.171.9 - - [15/Dec/2021:07:31:30 +0100] "GET /citroen-sm-metal-plate-20-15-cm-p-37175.html HTTP/1.0" 301 73434 "-" "Mozilla/5.0 (compatible; SemrushBot/7~bl; +http://www.semrush.com/bot.html)"
85.10.207.195 - - [15/Dec/2021:07:31:31 +0100] "GET /fragrance-sachet-eastern-promise-p-40558.html HTTP/1.0" 200 70716 "-" "Mozilla/5.0 (compatible; MJ12bot/v1.4.8; http://mj12bot.com/)"
185.191.171.2 - - [15/Dec/2021:07:31:32 +0100] "GET /citroen-metal-plate-p-37175.html HTTP/1.0" 200 73348 "-" "Mozilla/5.0 (compatible; SemrushBot/7~bl; +http://www.semrush.com/bot.html)"
185.191.171.7 - - [15/Dec/2021:07:31:36 +0100] "GET /yakari-feather-headdress-figure-p-15659.html HTTP/1.0" 200 70759 "-" "Mozilla/5.0 (compatible; SemrushBot/7~bl; +http://www.semrush.com/bot.html)"
85.10.207.195 - - [15/Dec/2021:07:31:39 +0100] "GET /fragrance-sachet-french-vanilla-p-40550.html HTTP/1.0" 200 74003 "-" "Mozilla/5.0 (compatible; MJ12bot/v1.4.8; http://mj12bot.com/)"
20.99.156.119 - - [15/Dec/2021:07:31:45 +0100] "GET /images/3660532001554.jpg HTTP/1.0" 200 259 "-" "Mozilla/5.0 (Macintosh; U; PPC Mac OS X 10.5; en-US; rv:1.9.2.15) Gecko/20110303 Firefox/3.6.15"
85.10.207.195 - - [15/Dec/2021:07:31:46 +0100] "GET /funny-pets-mobile-sock-p-33096.html HTTP/1.0" 200 73398 "-" "Mozilla/5.0 (compatible; MJ12bot/v1.4.8; http://mj12bot.com/)"
85.10.207.195 - - [15/Dec/2021:07:31:51 +0100] "GET /games-and-toys/soft-toys-security-blanket/burglar-pink-panther-little-soft-toy-p-18794.html HTTP/1.0" 301 70680 "-" "Mozilla/5.0 (compatible; MJ12bot/v1.4.8; http://mj12bot.com/)"
85.10.207.195 - - [15/Dec/2021:07:31:57 +0100] "GET /-p-18794.html HTTP/1.0" 200 70613 "-" "Mozilla/5.0 (compatible; MJ12bot/v1.4.8; http://mj12bot.com/)"
85.10.207.195 - - [15/Dec/2021:07:32:03 +0100] "GET /games-and-toys/toys/beyblade-mattress-swimming-pool-p-14358.html HTTP/1.0" 301 73528 "-" "Mozilla/5.0 (compatible; MJ12bot/v1.4.8; http://mj12bot.com/)"
114.119.128.34 - - [15/Dec/2021:07:32:03 +0100] "GET /decorations-c-13_89.html?page=3 HTTP/1.0" 200 92526 "-" "Mozilla/5.0 (Linux; Android 7.0;) AppleWebKit/537.36 (KHTML, like Gecko) Mobile Safari/537.36 (compatible; PetalBot;+https://webmaster.petalsearch.com/site/petalbot)"
157.55.39.125 - - [15/Dec/2021:07:32:07 +0100] "GET /images/b4010070225216.jpg HTTP/1.0" 200 260 "-" "Mozilla/5.0 (compatible; bingbot/2.0; +http://www.bing.com/bingbot.htm)"
85.10.207.195 - - [15/Dec/2021:07:32:08 +0100] "GET /beyblade-mattress-swimming-pool-p-14358.html HTTP/1.0" 200 73430 "-" "Mozilla/5.0 (compatible; MJ12bot/v1.4.8; http://mj12bot.com/)"
85.10.207.195 - - [15/Dec/2021:07:32:13 +0100] "GET /gentleman-beer-p-54791.html HTTP/1.0" 200 73839 "-" "Mozilla/5.0 (compatible; MJ12bot/v1.4.8; http://mj12bot.com/)"
85.10.207.195 - - [15/Dec/2021:07:32:18 +0100] "GET /glass-cutting-board-by-cbkreation-p-51278.html HTTP/1.0" 301 73416 "-" "Mozilla/5.0 (compatible; MJ12bot/v1.4.8; http://mj12bot.com/)"
51.68.224.127 - - [15/Dec/2021:07:32:22 +0100] "GET /adminweb/export_orders_xml.php?token=256de2z6edz6ed2z6DFSFsed2zed6zeDSFDSGdzedezfzf&maxorders=10&orderstart=1&status=14&start_date=2018-10-01 HTTP/1.0" 200 285 "-" "GesCom CharlotteBoutik Serveur"
51.68.224.127 - - [15/Dec/2021:07:32:22 +0100] "GET /adminweb/export_orders_xml.php?token=256de2z6edz6ed2z6DFSFsed2zed6zeDSFDSGdzedezfzf&maxorders=10&orderstart=1&status=6&start_date=2018-10-01 HTTP/1.0" 200 32471 "-" "GesCom CharlotteBoutik Serveur"
85.10.207.195 - - [15/Dec/2021:07:32:24 +0100] "GET /glass-cutting-board-cbkreation-p-51278.html HTTP/1.0" 200 73319 "-" "Mozilla/5.0 (compatible; MJ12bot/v1.4.8; http://mj12bot.com/)"
54.36.148.243 - - [15/Dec/2021:07:32:23 +0100] "GET /collectible-figurines-decorative-c-13_135.html?page=55 HTTP/1.0" 200 96929 "-" "Mozilla/5.0 (compatible; AhrefsBot/7.0; +http://ahrefs.com/robot/)"
85.10.207.195 - - [15/Dec/2021:07:32:28 +0100] "GET /glass-cutting-board-by-cbkreation-p-51279.html HTTP/1.0" 301 73416 "-" "Mozilla/5.0 (compatible; MJ12bot/v1.4.8; http://mj12bot.com/)"
85.10.207.195 - - [15/Dec/2021:07:32:34 +0100] "GET /glass-cutting-board-cbkreation-p-51279.html HTTP/1.0" 200 73319 "-" "Mozilla/5.0 (compatible; MJ12bot/v1.4.8; http://mj12bot.com/)"
85.10.207.195 - - [15/Dec/2021:07:32:39 +0100] "GET /glass-cutting-board-by-cbkreation-p-51280.html HTTP/1.0" 301 73416 "-" "Mozilla/5.0 (compatible; MJ12bot/v1.4.8; http://mj12bot.com/)"
85.10.207.195 - - [15/Dec/2021:07:32:43 +0100] "GET /glass-cutting-board-cbkreation-p-51280.html HTTP/1.0" 200 73319 "-" "Mozilla/5.0 (compatible; MJ12bot/v1.4.8; http://mj12bot.com/)"
144.202.100.211 - - [15/Dec/2021:07:32:45 +0100] "GET /images/mini_prod/5018997619261.jpg HTTP/1.0" 200 269 "-" "Mozilla/5.0 (X11; Ubuntu; Linux x86_64; rv:72.0) Gecko/20100101 Firefox/72.0"
85.10.207.195 - - [15/Dec/2021:07:32:46 +0100] "GET /glass-cutting-board-by-cbkreation-p-51286.html HTTP/1.0" 301 73416 "-" "Mozilla/5.0 (compatible; MJ12bot/v1.4.8; http://mj12bot.com/)"
85.10.207.195 - - [15/Dec/2021:07:32:53 +0100] "GET /glass-cutting-board-cbkreation-p-51286.html HTTP/1.0" 200 73319 "-" "Mozilla/5.0 (compatible; MJ12bot/v1.4.8; http://mj12bot.com/)"
85.10.207.195 - - [15/Dec/2021:07:33:00 +0100] "GET /glass-cutting-board-by-cbkreation-p-51291.html HTTP/1.0" 301 73416 "-" "Mozilla/5.0 (compatible; MJ12bot/v1.4.8; http://mj12bot.com/)"
85.10.207.195 - - [15/Dec/2021:07:33:04 +0100] "GET /glass-cutting-board-cbkreation-p-51291.html HTTP/1.0" 200 73319 "-" "Mozilla/5.0 (compatible; MJ12bot/v1.4.8; http://mj12bot.com/)"
85.10.207.195 - - [15/Dec/2021:07:33:12 +0100] "GET /glass-cutting-board-cbkreation-p-51278.html HTTP/1.0" 200 73319 "-" "Mozilla/5.0 (compatible; MJ12bot/v1.4.8; http://mj12bot.com/)"
85.10.207.195 - - [15/Dec/2021:07:33:17 +0100] "GET /glass-cutting-board-cbkreation-p-51279.html HTTP/1.0" 200 73319 "-" "Mozilla/5.0 (compatible; MJ12bot/v1.4.8; http://mj12bot.com/)"
185.191.171.18 - - [15/Dec/2021:07:33:18 +0100] "GET /medusa-glass-paperweight-p-53637.html?action=add_product HTTP/1.0" 302 476 "-" "Mozilla/5.0 (compatible; SemrushBot/7~bl; +http://www.semrush.com/bot.html)"
85.10.207.195 - - [15/Dec/2021:07:33:24 +0100] "GET /glass-cutting-board-cbkreation-p-51280.html HTTP/1.0" 200 73319 "-" "Mozilla/5.0 (compatible; MJ12bot/v1.4.8; http://mj12bot.com/)"
85.10.207.195 - - [15/Dec/2021:07:33:30 +0100] "GET /glass-cutting-board-cbkreation-p-51286.html HTTP/1.0" 200 73319 "-" "Mozilla/5.0 (compatible; MJ12bot/v1.4.8; http://mj12bot.com/)"
85.10.207.195 - - [15/Dec/2021:07:33:35 +0100] "GET /glass-cutting-board-cbkreation-p-51291.html HTTP/1.0" 200 73319 "-" "Mozilla/5.0 (compatible; MJ12bot/v1.4.8; http://mj12bot.com/)"
85.10.207.195 - - [15/Dec/2021:07:33:41 +0100] "GET /gorjuss-dear-alice-pill-box-p-30850.html HTTP/1.0" 301 70793 "-" "Mozilla/5.0 (compatible; MJ12bot/v1.4.8; http://mj12bot.com/)"
85.10.207.195 - - [15/Dec/2021:07:33:46 +0100] "GET /gorjuss-dear-alice-pill-p-30850.html HTTP/1.0" 200 70703 "-" "Mozilla/5.0 (compatible; MJ12bot/v1.4.8; http://mj12bot.com/)"
114.119.128.26 - - [15/Dec/2021:07:33:48 +0100] "GET /paris-p-30431.html HTTP/1.0" 200 73108 "-" "Mozilla/5.0 (Linux; Android 7.0;) AppleWebKit/537.36 (KHTML, like Gecko) Mobile Safari/537.36 (compatible; PetalBot;+https://webmaster.petalsearch.com/site/petalbot)"
85.10.207.195 - - [15/Dec/2021:07:33:52 +0100] "GET /gorjuss-dear-alice-pill-p-30850.html HTTP/1.0" 200 70703 "-" "Mozilla/5.0 (compatible; MJ12bot/v1.4.8; http://mj12bot.com/)"
85.10.207.195 - - [15/Dec/2021:07:33:58 +0100] "GET /hammered-brass-engraved-glass-p-46782.html HTTP/1.0" 200 70783 "-" "Mozilla/5.0 (compatible; MJ12bot/v1.4.8; http://mj12bot.com/)"
85.10.207.195 - - [15/Dec/2021:07:34:04 +0100] "GET /harley-davidson-large-box-p-37071.html HTTP/1.0" 301 73464 "-" "Mozilla/5.0 (compatible; MJ12bot/v1.4.8; http://mj12bot.com/)"
85.10.207.195 - - [15/Dec/2021:07:34:09 +0100] "GET /harley-davidson-large-p-37071.html HTTP/1.0" 200 73376 "-" "Mozilla/5.0 (compatible; MJ12bot/v1.4.8; http://mj12bot.com/)"
20.99.156.109 - - [15/Dec/2021:07:34:13 +0100] "GET /images/DSCN1982.jpg HTTP/1.0" 200 254 "-" "Mozilla/4.0 (compatible; MSIE 7.0; Windows NT 6.0)"
85.10.207.195 - - [15/Dec/2021:07:34:15 +0100] "GET /harley-davidson-sugar-box-p-27958.html HTTP/1.0" 301 70783 "-" "Mozilla/5.0 (compatible; MJ12bot/v1.4.8; http://mj12bot.com/)"
85.10.207.195 - - [15/Dec/2021:07:34:22 +0100] "GET /harley-davidson-sugar-p-27958.html HTTP/1.0" 200 70695 "-" "Mozilla/5.0 (compatible; MJ12bot/v1.4.8; http://mj12bot.com/)"
85.10.207.195 - - [15/Dec/2021:07:34:28 +0100] "GET /harley-davidson-sugar-p-27958.html HTTP/1.0" 200 70695 "-" "Mozilla/5.0 (compatible; MJ12bot/v1.4.8; http://mj12bot.com/)"
85.10.207.195 - - [15/Dec/2021:07:34:37 +0100] "GET /harley-davidson-zippo-lighter-laser-p-53266.html HTTP/1.0" 200 75659 "-" "Mozilla/5.0 (compatible; MJ12bot/v1.4.8; http://mj12bot.com/)"
85.10.207.195 - - [15/Dec/2021:07:34:46 +0100] "GET /harley-davidson-zippo-lighter-p-53267.html HTTP/1.0" 200 74572 "-" "Mozilla/5.0 (compatible; MJ12bot/v1.4.8; http://mj12bot.com/)"
54.36.148.243 - - [15/Dec/2021:07:34:46 +0100] "GET /collectible-figurines-decorative-c-13_135.html?page=53 HTTP/1.0" 200 97267 "-" "Mozilla/5.0 (compatible; AhrefsBot/7.0; +http://ahrefs.com/robot/)"
85.10.207.195 - - [15/Dec/2021:07:34:53 +0100] "GET /have-wooden-plate-p-37744.html HTTP/1.0" 200 73384 "-" "Mozilla/5.0 (compatible; MJ12bot/v1.4.8; http://mj12bot.com/)"
85.10.207.195 - - [15/Dec/2021:07:34:58 +0100] "GET /home-and-decoration/magnets/route-logo-metal-magnet-p-8188.html HTTP/1.0" 301 73333 "-" "Mozilla/5.0 (compatible; MJ12bot/v1.4.8; http://mj12bot.com/)"
185.191.171.2 - - [15/Dec/2021:07:35:00 +0100] "GET /robots.txt HTTP/1.0" 200 245 "-" "Mozilla/5.0 (compatible; SemrushBot/7~bl; +http://www.semrush.com/bot.html)"
185.191.171.33 - - [15/Dec/2021:07:35:01 +0100] "GET /the-raving-rabbits-lamp-p-37548.html HTTP/1.0" 301 70680 "-" "Mozilla/5.0 (compatible; SemrushBot/7~bl; +http://www.semrush.com/bot.html)"
185.191.171.20 - - [15/Dec/2021:07:35:05 +0100] "GET /-p-37548.html HTTP/1.0" 200 70613 "-" "Mozilla/5.0 (compatible; SemrushBot/7~bl; +http://www.semrush.com/bot.html)"
85.10.207.195 - - [15/Dec/2021:07:35:05 +0100] "GET /route-logo-metal-magnet-p-8188.html HTTP/1.0" 200 73244 "-" "Mozilla/5.0 (compatible; MJ12bot/v1.4.8; http://mj12bot.com/)"
85.10.207.195 - - [15/Dec/2021:07:35:12 +0100] "GET /home/stationery-school-supplies/crayola-set-jumbo-crayons-p-16599.html HTTP/1.0" 301 70827 "-" "Mozilla/5.0 (compatible; MJ12bot/v1.4.8; http://mj12bot.com/)"
85.10.207.195 - - [15/Dec/2021:07:35:18 +0100] "GET /crayola-jumbo-crayons-p-16599.html HTTP/1.0" 200 70739 "-" "Mozilla/5.0 (compatible; MJ12bot/v1.4.8; http://mj12bot.com/)"
85.10.207.195 - - [15/Dec/2021:07:35:25 +0100] "GET /household-linen/towel-bath-towels/strawberry-shortcake-towel-p-9040.html HTTP/1.0" 301 70677 "-" "Mozilla/5.0 (compatible; MJ12bot/v1.4.8; http://mj12bot.com/)"
85.10.207.195 - - [15/Dec/2021:07:35:30 +0100] "GET /-p-9040.html HTTP/1.0" 200 70611 "-" "Mozilla/5.0 (compatible; MJ12bot/v1.4.8; http://mj12bot.com/)"
114.119.128.37 - - [15/Dec/2021:07:35:33 +0100] "GET /hanging-board-vintage-motard-deco-born-to-ride-34-cm-p-49492.html HTTP/1.0" 301 73628 "-" "Mozilla/5.0 (Linux; Android 7.0;) AppleWebKit/537.36 (KHTML, like Gecko) Mobile Safari/537.36 (compatible; PetalBot;+https://webmaster.petalsearch.com/site/petalbot)"
85.10.207.195 - - [15/Dec/2021:07:35:34 +0100] "GET /incense-rose-15-grams-or-about-15-sticks-p-52436.html HTTP/1.0" 301 73628 "-" "Mozilla/5.0 (compatible; MJ12bot/v1.4.8; http://mj12bot.com/)"
114.119.128.37 - - [15/Dec/2021:07:35:35 +0100] "GET /hanging-board-vintage-motard-deco-born-ride-p-49492.html HTTP/1.0" 200 73518 "-" "Mozilla/5.0 (Linux; Android 7.0;) AppleWebKit/537.36 (KHTML, like Gecko) Mobile Safari/537.36 (compatible; PetalBot;+https://webmaster.petalsearch.com/site/petalbot)"
85.10.207.195 - - [15/Dec/2021:07:35:40 +0100] "GET /incense-rose-grams-about-sticks-p-52436.html HTTP/1.0" 200 73530 "-" "Mozilla/5.0 (compatible; MJ12bot/v1.4.8; http://mj12bot.com/)"
185.191.171.38 - - [15/Dec/2021:07:35:41 +0100] "GET /dora-explorer-flowers-poster-p-32302.html?action=add_product HTTP/1.0" 302 476 "-" "Mozilla/5.0 (compatible; SemrushBot/7~bl; +http://www.semrush.com/bot.html)"
85.10.207.195 - - [15/Dec/2021:07:35:48 +0100] "GET /incense-rose-grams-about-sticks-p-52436.html HTTP/1.0" 200 73530 "-" "Mozilla/5.0 (compatible; MJ12bot/v1.4.8; http://mj12bot.com/)"
85.10.207.195 - - [15/Dec/2021:07:35:54 +0100] "GET /indian-craft-box-drawers-p-37257.html HTTP/1.0" 301 73682 "-" "Mozilla/5.0 (compatible; MJ12bot/v1.4.8; http://mj12bot.com/)"
85.10.207.195 - - [15/Dec/2021:07:36:00 +0100] "GET /indian-craft-drawers-p-37257.html HTTP/1.0" 200 73595 "-" "Mozilla/5.0 (compatible; MJ12bot/v1.4.8; http://mj12bot.com/)"
85.10.207.195 - - [15/Dec/2021:07:36:10 +0100] "GET /indian-craft-box-drawers-p-37258.html HTTP/1.0" 301 70778 "-" "Mozilla/5.0 (compatible; MJ12bot/v1.4.8; http://mj12bot.com/)"
85.10.207.195 - - [15/Dec/2021:07:36:15 +0100] "GET /indian-craft-drawers-p-37258.html HTTP/1.0" 200 70691 "-" "Mozilla/5.0 (compatible; MJ12bot/v1.4.8; http://mj12bot.com/)"
85.10.207.195 - - [15/Dec/2021:07:36:22 +0100] "GET /indian-craft-drawers-p-37257.html HTTP/1.0" 200 73595 "-" "Mozilla/5.0 (compatible; MJ12bot/v1.4.8; http://mj12bot.com/)"
185.191.171.20 - - [15/Dec/2021:07:36:27 +0100] "GET /nintendo-up-laptop-cover-p-17625.html HTTP/1.0" 301 76077 "-" "Mozilla/5.0 (compatible; SemrushBot/7~bl; +http://www.semrush.com/bot.html)"
85.10.207.195 - - [15/Dec/2021:07:36:29 +0100] "GET /indian-craft-drawers-p-37258.html HTTP/1.0" 200 70691 "-" "Mozilla/5.0 (compatible; MJ12bot/v1.4.8; http://mj12bot.com/)"
185.191.171.3 - - [15/Dec/2021:07:36:30 +0100] "GET /nintendo-laptop-cover-p-17625.html HTTP/1.0" 200 75989 "-" "Mozilla/5.0 (compatible; SemrushBot/7~bl; +http://www.semrush.com/bot.html)"
85.10.207.195 - - [15/Dec/2021:07:36:40 +0100] "GET /jasmin-jasmine-large-soup-bowl-p-42240.html HTTP/1.0" 200 70784 "-" "Mozilla/5.0 (compatible; MJ12bot/v1.4.8; http://mj12bot.com/)"
85.10.207.195 - - [15/Dec/2021:07:36:49 +0100] "GET /jasmin-large-cabas-p-44153.html HTTP/1.0" 200 70683 "-" "Mozilla/5.0 (compatible; MJ12bot/v1.4.8; http://mj12bot.com/)"
85.10.207.195 - - [15/Dec/2021:07:37:01 +0100] "GET /jasmin-surf-large-bowl-p-34912.html HTTP/1.0" 200 70744 "-" "Mozilla/5.0 (compatible; MJ12bot/v1.4.8; http://mj12bot.com/)"
54.36.148.243 - - [15/Dec/2021:07:37:06 +0100] "GET /collectible-figurines-decorative-c-13_135.html?page=54 HTTP/1.0" 200 97126 "-" "Mozilla/5.0 (compatible; AhrefsBot/7.0; +http://ahrefs.com/robot/)"
85.10.207.195 - - [15/Dec/2021:07:37:11 +0100] "GET /jim-shore-blessed-birth-in-bethlehem-piece-mini-nativity-p-53273.html HTTP/1.0" 301 70949 "-" "Mozilla/5.0 (compatible; MJ12bot/v1.4.8; http://mj12bot.com/)"
114.119.128.40 - - [15/Dec/2021:07:37:14 +0100] "GET /harley-davidson-swarovski-lighter-p-22411.html HTTP/1.0" 200 75646 "-" "Mozilla/5.0 (Linux; Android 7.0;) AppleWebKit/537.36 (KHTML, like Gecko) Mobile Safari/537.36 (compatible; PetalBot;+https://webmaster.petalsearch.com/site/petalbot)"
85.10.207.195 - - [15/Dec/2021:07:37:19 +0100] "GET /shore-blessed-birth-bethlehem-piece-mini-nativity-p-53273.html HTTP/1.0" 200 70833 "-" "Mozilla/5.0 (compatible; MJ12bot/v1.4.8; http://mj12bot.com/)"
185.191.171.7 - - [15/Dec/2021:07:37:30 +0100] "GET /white-babouchka-table-lamp-size-p-44641.html?action=add_product HTTP/1.0" 302 476 "-" "Mozilla/5.0 (compatible; SemrushBot/7~bl; +http://www.semrush.com/bot.html)"
85.10.207.195 - - [15/Dec/2021:07:37:30 +0100] "GET /klimt-tote-bag-p-51201.html HTTP/1.0" 301 73885 "-" "Mozilla/5.0 (compatible; MJ12bot/v1.4.8; http://mj12bot.com/)"
66.249.70.70 - - [15/Dec/2021:07:37:32 +0100] "GET /salt-with-wooden-spoon-caspienne-p-54523.html HTTP/1.0" 200 70721 "-" "Mozilla/5.0 (compatible; Googlebot/2.1; +http://www.google.com/bot.html)"
85.10.207.195 - - [15/Dec/2021:07:37:37 +0100] "GET /klimt-tote-p-51201.html HTTP/1.0" 200 73808 "-" "Mozilla/5.0 (compatible; MJ12bot/v1.4.8; http://mj12bot.com/)"
66.249.70.70 - - [15/Dec/2021:07:37:37 +0100] "GET /candy-cloud-pencil-case-bubblegum-p-49848.html HTTP/1.0" 200 73339 "-" "Mozilla/5.0 (Linux; Android 6.0.1; Nexus 5X Build/MMB29P) AppleWebKit/537.36 (KHTML, like Gecko) Chrome/96.0.4664.93 Mobile Safari/537.36 (compatible; Googlebot/2.1; +http://www.google.com/bot.html)"
66.249.70.70 - - [15/Dec/2021:07:37:39 +0100] "GET /football-shoe-pencil-case-p-41684.html HTTP/1.0" 200 73325 "-" "Mozilla/5.0 (Linux; Android 6.0.1; Nexus 5X Build/MMB29P) AppleWebKit/537.36 (KHTML, like Gecko) Chrome/96.0.4664.93 Mobile Safari/537.36 (compatible; Googlebot/2.1; +http://www.google.com/bot.html)"
85.10.207.195 - - [15/Dec/2021:07:37:42 +0100] "GET /klimt-tote-p-51201.html HTTP/1.0" 200 73808 "-" "Mozilla/5.0 (compatible; MJ12bot/v1.4.8; http://mj12bot.com/)"
85.10.207.195 - - [15/Dec/2021:07:37:46 +0100] "GET /langrish-horse-waterfall-poster-p-22648.html HTTP/1.0" 200 70771 "-" "Mozilla/5.0 (compatible; MJ12bot/v1.4.8; http://mj12bot.com/)"
85.10.207.195 - - [15/Dec/2021:07:37:50 +0100] "GET /large-industrial-hanging-pendulum-union-hotel-p-51370.html HTTP/1.0" 200 73515 "-" "Mozilla/5.0 (compatible; MJ12bot/v1.4.8; http://mj12bot.com/)"
85.10.207.195 - - [15/Dec/2021:07:37:55 +0100] "GET /large-mango-wood-box-white-paint-and-rhinestones-25cm-p-46736.html HTTP/1.0" 301 70911 "-" "Mozilla/5.0 (compatible; MJ12bot/v1.4.8; http://mj12bot.com/)"
185.191.171.22 - - [15/Dec/2021:07:37:58 +0100] "GET /cakes-spoons-p-51766.html HTTP/1.0" 200 73748 "-" "Mozilla/5.0 (compatible; SemrushBot/7~bl; +http://www.semrush.com/bot.html)"
85.10.207.195 - - [15/Dec/2021:07:37:59 +0100] "GET /large-mango-wood-white-paint-rhinestones-25cm-p-46736.html HTTP/1.0" 200 70799 "-" "Mozilla/5.0 (compatible; MJ12bot/v1.4.8; http://mj12bot.com/)"
85.10.207.195 - - [15/Dec/2021:07:38:03 +0100] "GET /large-mango-wood-white-paint-rhinestones-25cm-p-46736.html HTTP/1.0" 200 70799 "-" "Mozilla/5.0 (compatible; MJ12bot/v1.4.8; http://mj12bot.com/)"
85.10.207.195 - - [15/Dec/2021:07:38:08 +0100] "GET /large-p-40275.html HTTP/1.0" 200 73300 "-" "Mozilla/5.0 (compatible; MJ12bot/v1.4.8; http://mj12bot.com/)"
85.10.207.195 - - [15/Dec/2021:07:38:12 +0100] "GET /large-porcelain-bowl-botanic-p-51796.html HTTP/1.0" 200 70719 "-" "Mozilla/5.0 (compatible; MJ12bot/v1.4.8; http://mj12bot.com/)"
85.10.207.195 - - [15/Dec/2021:07:38:16 +0100] "GET /light-holder-pentacle-black-soapstone-wicca-p-44680.html HTTP/1.0" 200 74978 "-" "Mozilla/5.0 (compatible; MJ12bot/v1.4.8; http://mj12bot.com/)"
85.10.207.195 - - [15/Dec/2021:07:38:19 +0100] "GET /light-wood-table-lamp-scandinavian-spirit-41-cm-p-52410.html HTTP/1.0" 301 74785 "-" "Mozilla/5.0 (compatible; MJ12bot/v1.4.8; http://mj12bot.com/)"
85.10.207.195 - - [15/Dec/2021:07:38:23 +0100] "GET /light-wood-table-lamp-scandinavian-spirit-p-52410.html HTTP/1.0" 200 74677 "-" "Mozilla/5.0 (compatible; MJ12bot/v1.4.8; http://mj12bot.com/)"
157.55.39.223 - - [15/Dec/2021:07:38:25 +0100] "GET /images/mini_prod/8422324780925.jpg HTTP/1.0" 200 269 "-" "Mozilla/5.0 (compatible; bingbot/2.0; +http://www.bing.com/bingbot.htm)"
185.191.171.26 - - [15/Dec/2021:07:38:25 +0100] "GET /candy-cloud-bamboo-dreamer-p-51811.html HTTP/1.0" 200 70691 "-" "Mozilla/5.0 (compatible; SemrushBot/7~bl; +http://www.semrush.com/bot.html)"
85.10.207.195 - - [15/Dec/2021:07:38:26 +0100] "GET /light-wood-table-lamp-scandinavian-spirit-p-52410.html HTTP/1.0" 200 74677 "-" "Mozilla/5.0 (compatible; MJ12bot/v1.4.8; http://mj12bot.com/)"
85.10.207.195 - - [15/Dec/2021:07:38:31 +0100] "GET /little-buddha-collection-keychain-p-53293.html HTTP/1.0" 200 73356 "-" "Mozilla/5.0 (compatible; MJ12bot/v1.4.8; http://mj12bot.com/)"
85.10.207.195 - - [15/Dec/2021:07:38:36 +0100] "GET /little-buddha-collection-keychain-p-53294.html HTTP/1.0" 200 73356 "-" "Mozilla/5.0 (compatible; MJ12bot/v1.4.8; http://mj12bot.com/)"
185.191.171.4 - - [15/Dec/2021:07:38:39 +0100] "GET /tetsubin-blue-teapot-japanese-liter-p-36405.html?action=add_product HTTP/1.0" 302 476 "-" "Mozilla/5.0 (compatible; SemrushBot/7~bl; +http://www.semrush.com/bot.html)"
85.10.207.195 - - [15/Dec/2021:07:38:41 +0100] "GET /little-buddha-collection-keychain-p-53295.html HTTP/1.0" 200 73356 "-" "Mozilla/5.0 (compatible; MJ12bot/v1.4.8; http://mj12bot.com/)"
85.10.207.195 - - [15/Dec/2021:07:38:45 +0100] "GET /little-buddha-collection-statuette-p-53288.html HTTP/1.0" 200 73395 "-" "Mozilla/5.0 (compatible; MJ12bot/v1.4.8; http://mj12bot.com/)"
85.10.207.195 - - [15/Dec/2021:07:38:50 +0100] "GET /little-buddha-collection-statuette-p-53290.html HTTP/1.0" 200 73395 "-" "Mozilla/5.0 (compatible; MJ12bot/v1.4.8; http://mj12bot.com/)"
85.10.207.195 - - [15/Dec/2021:07:38:55 +0100] "GET /little-buddha-notebook-155-112-cm-p-53280.html HTTP/1.0" 301 70810 "-" "Mozilla/5.0 (compatible; MJ12bot/v1.4.8; http://mj12bot.com/)"
159.138.102.98 - - [15/Dec/2021:07:38:56 +0100] "GET /redskins-large-backpack-p-30574.html HTTP/1.0" 200 73681 "-" "Mozilla/5.0 (Linux; Android 7.0;) AppleWebKit/537.36 (KHTML, like Gecko) Mobile Safari/537.36 (compatible; PetalBot;+https://webmaster.petalsearch.com/site/petalbot)"
85.10.207.195 - - [15/Dec/2021:07:39:00 +0100] "GET /little-buddha-notebook-p-53280.html HTTP/1.0" 200 70721 "-" "Mozilla/5.0 (compatible; MJ12bot/v1.4.8; http://mj12bot.com/)"
185.191.171.8 - - [15/Dec/2021:07:39:01 +0100] "GET /-p-41125.html?action=add_product HTTP/1.0" 302 476 "-" "Mozilla/5.0 (compatible; SemrushBot/7~bl; +http://www.semrush.com/bot.html)"
85.10.207.195 - - [15/Dec/2021:07:39:11 +0100] "GET /little-buddha-notebook-p-53280.html HTTP/1.0" 200 70721 "-" "Mozilla/5.0 (compatible; MJ12bot/v1.4.8; http://mj12bot.com/)"
85.10.207.195 - - [15/Dec/2021:07:39:15 +0100] "GET /little-prince-green-jewelry-p-53235.html HTTP/1.0" 200 74339 "-" "Mozilla/5.0 (compatible; MJ12bot/v1.4.8; http://mj12bot.com/)"
85.10.207.195 - - [15/Dec/2021:07:39:19 +0100] "GET /little-prince-money-p-45850.html HTTP/1.0" 200 73318 "-" "Mozilla/5.0 (compatible; MJ12bot/v1.4.8; http://mj12bot.com/)"
54.36.148.243 - - [15/Dec/2021:07:39:20 +0100] "GET /glasses-case-c-31_164.html?page=4 HTTP/1.0" 200 81657 "-" "Mozilla/5.0 (compatible; AhrefsBot/7.0; +http://ahrefs.com/robot/)"
85.10.207.195 - - [15/Dec/2021:07:39:23 +0100] "GET /little-prince-saint-exupery-wall-decoration-p-51867.html HTTP/1.0" 200 73535 "-" "Mozilla/5.0 (compatible; MJ12bot/v1.4.8; http://mj12bot.com/)"
85.10.207.195 - - [15/Dec/2021:07:39:28 +0100] "GET /love-mini-rectangular-tray-p-54919.html HTTP/1.0" 200 73372 "-" "Mozilla/5.0 (compatible; MJ12bot/v1.4.8; http://mj12bot.com/)"
85.10.207.195 - - [15/Dec/2021:07:39:32 +0100] "GET /mareva-coated-tablecloth-grey-and-blue-p-51239.html HTTP/1.0" 301 73499 "-" "Mozilla/5.0 (compatible; MJ12bot/v1.4.8; http://mj12bot.com/)"
185.191.171.9 - - [15/Dec/2021:07:39:36 +0100] "GET /coca-cola-mirror-p-33000.html HTTP/1.0" 200 73201 "-" "Mozilla/5.0 (compatible; SemrushBot/7~bl; +http://www.semrush.com/bot.html)"
85.10.207.195 - - [15/Dec/2021:07:39:38 +0100] "GET /mareva-coated-tablecloth-grey-blue-p-51239.html HTTP/1.0" 200 73398 "-" "Mozilla/5.0 (compatible; MJ12bot/v1.4.8; http://mj12bot.com/)"
85.10.207.195 - - [15/Dec/2021:07:39:43 +0100] "GET /mareva-coated-tablecloth-grey-blue-p-51239.html HTTP/1.0" 200 73398 "-" "Mozilla/5.0 (compatible; MJ12bot/v1.4.8; http://mj12bot.com/)"
85.10.207.195 - - [15/Dec/2021:07:39:46 +0100] "GET /marley-legendary-poster-p-15735.html HTTP/1.0" 200 70731 "-" "Mozilla/5.0 (compatible; MJ12bot/v1.4.8; http://mj12bot.com/)"
85.10.207.195 - - [15/Dec/2021:07:39:50 +0100] "GET /marley-yellow-alarm-clock-p-14119.html HTTP/1.0" 200 73334 "-" "Mozilla/5.0 (compatible; MJ12bot/v1.4.8; http://mj12bot.com/)"
85.10.207.195 - - [15/Dec/2021:07:40:04 +0100] "GET /melt-home-christmas-p-46036.html HTTP/1.0" 200 73865 "-" "Mozilla/5.0 (compatible; MJ12bot/v1.4.8; http://mj12bot.com/)"
85.10.207.195 - - [15/Dec/2021:07:40:11 +0100] "GET /memo-wall-puzzle-cork-mappemonde-p-55020.html HTTP/1.0" 200 74075 "-" "Mozilla/5.0 (compatible; MJ12bot/v1.4.8; http://mj12bot.com/)"
185.191.171.26 - - [15/Dec/2021:07:40:18 +0100] "GET /lighting-c-13_86.html?page=32 HTTP/1.0" 200 81037 "-" "Mozilla/5.0 (compatible; SemrushBot/7~bl; +http://www.semrush.com/bot.html)"
85.10.207.195 - - [15/Dec/2021:07:40:28 +0100] "GET /menu-wooden-wall-decoration-hang-p-44739.html HTTP/1.0" 200 73480 "-" "Mozilla/5.0 (compatible; MJ12bot/v1.4.8; http://mj12bot.com/)"
85.10.207.195 - - [15/Dec/2021:07:40:37 +0100] "GET /metal-plate-p-37169.html HTTP/1.0" 200 73265 "-" "Mozilla/5.0 (compatible; MJ12bot/v1.4.8; http://mj12bot.com/)"
114.119.128.40 - - [15/Dec/2021:07:40:42 +0100] "GET /mugs-mazagrans-c-12_57.html HTTP/1.0" 200 96259 "-" "Mozilla/5.0 (Linux; Android 7.0;) AppleWebKit/537.36 (KHTML, like Gecko) Mobile Safari/537.36 (compatible; PetalBot;+https://webmaster.petalsearch.com/site/petalbot)"
85.10.207.195 - - [15/Dec/2021:07:40:46 +0100] "GET /mini-trays-c-12_159_260.html?page=3 HTTP/1.0" 200 92349 "-" "Mozilla/5.0 (compatible; MJ12bot/v1.4.8; http://mj12bot.com/)"
85.10.207.195 - - [15/Dec/2021:07:40:59 +0100] "GET /mini-trays-c-12_159_260.html?page=4 HTTP/1.0" 200 92903 "-" "Mozilla/5.0 (compatible; MJ12bot/v1.4.8; http://mj12bot.com/)"
85.10.207.195 - - [15/Dec/2021:07:41:08 +0100] "GET /mini-trays-c-12_159_260.html?page=6 HTTP/1.0" 200 92473 "-" "Mozilla/5.0 (compatible; MJ12bot/v1.4.8; http://mj12bot.com/)"
54.36.148.243 - - [15/Dec/2021:07:41:49 +0100] "GET /empire-taxi-cushion-p-27466.html HTTP/1.0" 200 73455 "-" "Mozilla/5.0 (compatible; AhrefsBot/7.0; +http://ahrefs.com/robot/)"
185.191.171.24 - - [15/Dec/2021:07:42:02 +0100] "GET /cushion-cover-cement-tiles-p-49958.html HTTP/1.0" 200 74139 "-" "Mozilla/5.0 (compatible; SemrushBot/7~bl; +http://www.semrush.com/bot.html)"
45.76.250.213 - - [15/Dec/2021:07:42:14 +0100] "GET /images/mini_prod/8718969196024B.jpg HTTP/1.0" 200 270 "-" "Mozilla/5.0 (X11; Ubuntu; Linux x86_64; rv:72.0) Gecko/20100101 Firefox/72.0"
114.119.128.34 - - [15/Dec/2021:07:42:26 +0100] "GET /led-buddha-lamp-17-cm-p-48681.html HTTP/1.0" 301 70680 "-" "Mozilla/5.0 (Linux; Android 7.0;) AppleWebKit/537.36 (KHTML, like Gecko) Mobile Safari/537.36 (compatible; PetalBot;+https://webmaster.petalsearch.com/site/petalbot)"
114.119.128.34 - - [15/Dec/2021:07:42:28 +0100] "GET /-p-48681.html HTTP/1.0" 200 70613 "-" "Mozilla/5.0 (Linux; Android 7.0;) AppleWebKit/537.36 (KHTML, like Gecko) Mobile Safari/537.36 (compatible; PetalBot;+https://webmaster.petalsearch.com/site/petalbot)"
95.173.161.74 - - [15/Dec/2021:07:42:33 +0100] "GET / HTTP/1.0" 301 511 "-" "python-requests/2.25.1"
185.191.171.40 - - [15/Dec/2021:07:42:47 +0100] "GET /cups-c-12_248.html HTTP/1.0" 200 85765 "-" "Mozilla/5.0 (compatible; SemrushBot/7~bl; +http://www.semrush.com/bot.html)"
185.191.171.6 - - [15/Dec/2021:07:43:01 +0100] "GET /blooming-garden-fine-bone-china-p-54924.html HTTP/1.0" 200 73458 "-" "Mozilla/5.0 (compatible; SemrushBot/7~bl; +http://www.semrush.com/bot.html)"
185.191.171.4 - - [15/Dec/2021:07:43:04 +0100] "GET /love-story-large-metal-plate-deco-p-36114.html?action=add_product HTTP/1.0" 302 476 "-" "Mozilla/5.0 (compatible; SemrushBot/7~bl; +http://www.semrush.com/bot.html)"
95.173.161.74 - - [15/Dec/2021:07:43:12 +0100] "GET / HTTP/1.0" 200 152654 "-" "python-requests/2.25.1"
185.191.171.10 - - [15/Dec/2021:07:43:16 +0100] "GET /retro-steel-table-lamp-black-p-52534.html HTTP/1.0" 200 74245 "-" "Mozilla/5.0 (compatible; SemrushBot/7~bl; +http://www.semrush.com/bot.html)"
147.92.153.17 - - [15/Dec/2021:07:43:17 +0100] "GET /tour-france-little-tray-p-51674.html HTTP/1.0" 200 73356 "-" "Mozilla/5.0 (compatible; Linespider/1.1; +https://lin.ee/4dwXkTH)"
185.191.171.38 - - [15/Dec/2021:07:43:29 +0100] "GET /ethnic-style-burlap-table-p-48451.html HTTP/1.0" 200 73839 "-" "Mozilla/5.0 (compatible; SemrushBot/7~bl; +http://www.semrush.com/bot.html)"
40.77.167.66 - - [15/Dec/2021:07:43:34 +0100] "GET /images/mini_prod/3700572722436.jpg HTTP/1.0" 200 269 "-" "Mozilla/5.0 (compatible; bingbot/2.0; +http://www.bing.com/bingbot.htm)"
157.55.39.223 - - [15/Dec/2021:07:43:36 +0100] "GET /images/med_prod/3700653593221.jpg HTTP/1.0" 200 268 "-" "Mozilla/5.0 (compatible; bingbot/2.0; +http://www.bing.com/bingbot.htm)"
114.119.128.26 - - [15/Dec/2021:07:44:08 +0100] "GET /allen-p-25809.html HTTP/1.0" 200 73151 "-" "Mozilla/5.0 (Linux; Android 7.0;) AppleWebKit/537.36 (KHTML, like Gecko) Mobile Safari/537.36 (compatible; PetalBot;+https://webmaster.petalsearch.com/site/petalbot)"
54.36.148.243 - - [15/Dec/2021:07:44:22 +0100] "GET /splendid-skaters-victorian-mickey-minnie-mouse-waterbal-p-56581.html HTTP/1.0" 200 75080 "-" "Mozilla/5.0 (compatible; AhrefsBot/7.0; +http://ahrefs.com/robot/)"
216.228.112.22 - - [15/Dec/2021:07:45:09 +0100] "GET /images/mini_prod/8424346350001.jpg HTTP/1.0" 200 269 "-" "Mozilla/5.0 (X11; Ubuntu; Linux x86_64; rv:72.0) Gecko/20100101 Firefox/72.0"
185.191.171.34 - - [15/Dec/2021:07:45:42 +0100] "GET /round-wall-classic-clock-p-32077.html?action=add_product HTTP/1.0" 302 476 "-" "Mozilla/5.0 (compatible; SemrushBot/7~bl; +http://www.semrush.com/bot.html)"
114.119.128.40 - - [15/Dec/2021:07:45:49 +0100] "GET /tour-de-france-little-tray-21-14-cm-p-51674.html HTTP/1.0" 301 73446 "-" "Mozilla/5.0 (Linux; Android 7.0;) AppleWebKit/537.36 (KHTML, like Gecko) Mobile Safari/537.36 (compatible; PetalBot;+https://webmaster.petalsearch.com/site/petalbot)"
114.119.128.40 - - [15/Dec/2021:07:45:51 +0100] "GET /tour-france-little-tray-p-51674.html HTTP/1.0" 200 73356 "-" "Mozilla/5.0 (Linux; Android 7.0;) AppleWebKit/537.36 (KHTML, like Gecko) Mobile Safari/537.36 (compatible; PetalBot;+https://webmaster.petalsearch.com/site/petalbot)"
185.191.171.3 - - [15/Dec/2021:07:45:53 +0100] "GET /decorative-cotton-hearts-hang-margaret-p-55651.html?action=add_product HTTP/1.0" 302 476 "-" "Mozilla/5.0 (compatible; SemrushBot/7~bl; +http://www.semrush.com/bot.html)"
185.191.171.15 - - [15/Dec/2021:07:46:47 +0100] "GET /animals-alarm-clock-cbkreation-p-43811.html HTTP/1.0" 200 73402 "-" "Mozilla/5.0 (compatible; SemrushBot/7~bl; +http://www.semrush.com/bot.html)"
54.36.148.243 - - [15/Dec/2021:07:46:50 +0100] "GET /ceramic-lamp-p-51782.html HTTP/1.0" 200 73921 "-" "Mozilla/5.0 (compatible; AhrefsBot/7.0; +http://ahrefs.com/robot/)"
207.46.13.52 - - [15/Dec/2021:07:46:51 +0100] "GET /gentleman-ceramic-p-54793.html HTTP/1.0" 200 73798 "-" "Mozilla/5.0 (compatible; bingbot/2.0; +http://www.bing.com/bingbot.htm)"
185.191.171.10 - - [15/Dec/2021:07:47:04 +0100] "GET /cheshire-alice-figurine-figurine-p-41983.html HTTP/1.0" 200 74689 "-" "Mozilla/5.0 (compatible; SemrushBot/7~bl; +http://www.semrush.com/bot.html)"
185.191.171.26 - - [15/Dec/2021:07:47:12 +0100] "GET /dubout-cats-white-mug-p-35235.html HTTP/1.0" 301 73294 "-" "Mozilla/5.0 (compatible; SemrushBot/7~bl; +http://www.semrush.com/bot.html)"
185.191.171.34 - - [15/Dec/2021:07:47:15 +0100] "GET /dubout-cats-white-p-35235.html HTTP/1.0" 200 73210 "-" "Mozilla/5.0 (compatible; SemrushBot/7~bl; +http://www.semrush.com/bot.html)"
185.191.171.2 - - [15/Dec/2021:07:47:24 +0100] "GET /wick-ellipse-candle-heart-and-home-baubles-and-berries-p-53329.html HTTP/1.0" 301 70924 "-" "Mozilla/5.0 (compatible; SemrushBot/7~bl; +http://www.semrush.com/bot.html)"
185.191.171.2 - - [15/Dec/2021:07:47:27 +0100] "GET /wick-ellipse-candle-heart-home-baubles-berries-p-53329.html HTTP/1.0" 200 70811 "-" "Mozilla/5.0 (compatible; SemrushBot/7~bl; +http://www.semrush.com/bot.html)"
185.191.171.41 - - [15/Dec/2021:07:47:30 +0100] "GET /flower-fairies-jewelry-p-53246.html HTTP/1.0" 200 74240 "-" "Mozilla/5.0 (compatible; SemrushBot/7~bl; +http://www.semrush.com/bot.html)"
114.119.128.34 - - [15/Dec/2021:07:47:31 +0100] "GET /incense-sticks-burner-storage-pentacle-p-49031.html HTTP/1.0" 200 74363 "-" "Mozilla/5.0 (Linux; Android 7.0;) AppleWebKit/537.36 (KHTML, like Gecko) Mobile Safari/537.36 (compatible; PetalBot;+https://webmaster.petalsearch.com/site/petalbot)"
185.191.171.18 - - [15/Dec/2021:07:47:43 +0100] "GET /tinker-bell-disney-card-with-envelope-p-34438.html HTTP/1.0" 200 73385 "-" "Mozilla/5.0 (compatible; SemrushBot/7~bl; +http://www.semrush.com/bot.html)"
52.149.21.95 - - [15/Dec/2021:07:48:04 +0100] "GET /images/big_prod_1/8422017143211a.jpg HTTP/1.0" 200 271 "-" "Mozilla/5.0 (Windows NT 10.0; ) Gecko/20100101 Firefox/61.0"
185.191.171.25 - - [15/Dec/2021:07:48:51 +0100] "GET /bear-ceramic-with-infuser-p-32209.html?action=add_product HTTP/1.0" 302 476 "-" "Mozilla/5.0 (compatible; SemrushBot/7~bl; +http://www.semrush.com/bot.html)"
51.68.224.127 - - [15/Dec/2021:07:48:56 +0100] "GET /adminweb/export_orders_xml.php?token=256de2z6edz6ed2z6DFSFsed2zed6zeDSFDSGdzedezfzf&maxorders=10&orderstart=1&status=14&start_date=2018-10-01 HTTP/1.0" 200 285 "-" "GesCom CharlotteBoutik Serveur"
51.68.224.127 - - [15/Dec/2021:07:48:56 +0100] "GET /adminweb/export_orders_xml.php?token=256de2z6edz6ed2z6DFSFsed2zed6zeDSFDSGdzedezfzf&maxorders=10&orderstart=1&status=6&start_date=2018-10-01 HTTP/1.0" 200 32471 "-" "GesCom CharlotteBoutik Serveur"
95.108.213.29 - - [15/Dec/2021:07:49:00 +0100] "GET /dora-explorer-swimming-ring-p-14353.html HTTP/1.0" 200 70751 "-" "Mozilla/5.0 (compatible; YandexBot/3.0; +http://yandex.com/bots)"
185.191.171.39 - - [15/Dec/2021:07:49:22 +0100] "GET /anise-ganesh-glass-lamp-p-50580.html HTTP/1.0" 200 73911 "-" "Mozilla/5.0 (compatible; SemrushBot/7~bl; +http://www.semrush.com/bot.html)"
54.36.148.243 - - [15/Dec/2021:07:49:39 +0100] "GET /pets-rock-audrey-hairbrush-p-15943.html HTTP/1.0" 200 73301 "-" "Mozilla/5.0 (compatible; AhrefsBot/7.0; +http://ahrefs.com/robot/)"
185.191.171.21 - - [15/Dec/2021:07:49:47 +0100] "GET /cosmetic-bags-and-flat-purse-c-31_239.html?page=7 HTTP/1.0" 301 96070 "-" "Mozilla/5.0 (compatible; SemrushBot/7~bl; +http://www.semrush.com/bot.html)"
185.191.171.2 - - [15/Dec/2021:07:49:50 +0100] "GET /cosmetic-bags-flat-purse-c-239.html?page=7 HTTP/1.0" 301 95915 "-" "Mozilla/5.0 (compatible; SemrushBot/7~bl; +http://www.semrush.com/bot.html)"
185.191.171.45 - - [15/Dec/2021:07:49:54 +0100] "GET /cosmetic-bags-flat-purse-c-31_239.html?page=7 HTTP/1.0" 200 95974 "-" "Mozilla/5.0 (compatible; SemrushBot/7~bl; +http://www.semrush.com/bot.html)"
155.138.175.238 - - [15/Dec/2021:07:50:46 +0100] "GET /images/mini_prod/1399984280591.jpg HTTP/1.0" 200 269 "-" "Mozilla/5.0 (X11; Ubuntu; Linux x86_64; rv:72.0) Gecko/20100101 Firefox/72.0"
114.119.128.39 - - [15/Dec/2021:07:51:10 +0100] "GET /images/mini_prod/3700572750255.jpg HTTP/1.0" 200 269 "-" "Mozilla/5.0 (Linux; Android 7.0;) AppleWebKit/537.36 (KHTML, like Gecko) Mobile Safari/537.36 (compatible; PetalBot;+https://webmaster.petalsearch.com/site/petalbot)"
185.191.171.44 - - [15/Dec/2021:07:51:12 +0100] "GET /chair-cushion-scratchs-blue-p-49314.html?action=add_product HTTP/1.0" 302 476 "-" "Mozilla/5.0 (compatible; SemrushBot/7~bl; +http://www.semrush.com/bot.html)"
