207.46.13.52 - - [15/Dec/2021:23:46:35 +0100] "GET /images/1308421750146.jpg HTTP/1.0" 200 259 "-" "Mozilla/5.0 (compatible; bingbot/2.0; +http://www.bing.com/bingbot.htm)"
216.244.66.242 - - [15/Dec/2021:23:46:59 +0100] "GET /cold-beer-large-glass-p-28792.html HTTP/1.0" 301 70680 "-" "Mozilla/5.0 (compatible; DotBot/1.2; +https://opensiteexplorer.org/dotbot; help@moz.com)"
114.119.128.26 - - [15/Dec/2021:23:47:01 +0100] "GET /van-gogh-terrasse-du-caf-le-soir-city-bag-made-in-france-p-47425.html HTTP/1.0" 301 73834 "-" "Mozilla/5.0 (Linux; Android 7.0;) AppleWebKit/537.36 (KHTML, like Gecko) Mobile Safari/537.36 (compatible; PetalBot;+https://webmaster.petalsearch.com/site/petalbot)"
114.119.128.26 - - [15/Dec/2021:23:47:03 +0100] "GET /gogh-terrasse-soir-city-made-france-p-47425.html HTTP/1.0" 200 73732 "-" "Mozilla/5.0 (Linux; Android 7.0;) AppleWebKit/537.36 (KHTML, like Gecko) Mobile Safari/537.36 (compatible; PetalBot;+https://webmaster.petalsearch.com/site/petalbot)"
185.191.171.18 - - [15/Dec/2021:23:47:04 +0100] "GET /little-prince-clock-p-54946.html?action=add_product HTTP/1.0" 302 476 "-" "Mozilla/5.0 (compatible; SemrushBot/7~bl; +http://www.semrush.com/bot.html)"
216.244.66.242 - - [15/Dec/2021:23:47:06 +0100] "GET /table-lamp-green-p-41368.html HTTP/1.0" 301 70680 "-" "Mozilla/5.0 (compatible; DotBot/1.2; +https://opensiteexplorer.org/dotbot; help@moz.com)"
66.249.70.72 - - [15/Dec/2021:23:47:13 +0100] "GET /images/mini_prod/4260082937786.jpg HTTP/1.0" 200 269 "-" "Googlebot-Image/1.0"
54.36.148.243 - - [15/Dec/2021:23:47:18 +0100] "GET /jamaica-flag-guitar-keyring-p-14626.html HTTP/1.0" 200 73597 "-" "Mozilla/5.0 (compatible; AhrefsBot/7.0; +http://ahrefs.com/robot/)"
216.244.66.242 - - [15/Dec/2021:23:47:36 +0100] "GET /boho-wooden-frame-60-30-cm-dream-catcher-p-41740.html HTTP/1.0" 301 70897 "-" "Mozilla/5.0 (compatible; DotBot/1.2; +https://opensiteexplorer.org/dotbot; help@moz.com)"
216.244.66.242 - - [15/Dec/2021:23:47:43 +0100] "GET /jar-candle-30-hours-waiting-for-santa-p-33026.html HTTP/1.0" 301 70826 "-" "Mozilla/5.0 (compatible; DotBot/1.2; +https://opensiteexplorer.org/dotbot; help@moz.com)"
23.100.232.233 - - [15/Dec/2021:23:47:47 +0100] "GET /empty-tray-pocket-tree-life-pattern-carved-wood-p-53773.html HTTP/1.0" 301 631 "-" "Mozilla/5.0 (compatible; MSIE 9.0; Windows NT 6.0; Trident/5.0;  Trident/5.0)"
23.100.232.233 - - [15/Dec/2021:23:47:47 +0100] "GET /empty-tray-pocket-tree-life-pattern-carved-wood-p-53773.html HTTP/1.0" 200 73577 "-" "Mozilla/5.0 (compatible; MSIE 9.0; Windows NT 6.0; Trident/5.0;  Trident/5.0)"
23.100.232.233 - - [15/Dec/2021:23:47:49 +0100] "GET /templates/Pixame_v1/stylesheet.css HTTP/1.0" 200 267 "http://www.wonder-geek.com/empty-tray-pocket-tree-life-pattern-carved-wood-p-53773.html" "Mozilla/5.0 (compatible; MSIE 9.0; Windows NT 6.0; Trident/5.0;  Trident/5.0)"
23.100.232.233 - - [15/Dec/2021:23:47:49 +0100] "GET /highslide/highslide.js HTTP/1.0" 200 262 "http://www.wonder-geek.com/empty-tray-pocket-tree-life-pattern-carved-wood-p-53773.html" "Mozilla/5.0 (compatible; MSIE 9.0; Windows NT 6.0; Trident/5.0;  Trident/5.0)"
23.100.232.233 - - [15/Dec/2021:23:47:49 +0100] "GET /js/jquery.js HTTP/1.0" 200 252 "http://www.wonder-geek.com/empty-tray-pocket-tree-life-pattern-carved-wood-p-53773.html" "Mozilla/5.0 (compatible; MSIE 9.0; Windows NT 6.0; Trident/5.0;  Trident/5.0)"
23.100.232.233 - - [15/Dec/2021:23:47:49 +0100] "GET /js/jquery.jqzoom.js HTTP/1.0" 200 259 "http://www.wonder-geek.com/empty-tray-pocket-tree-life-pattern-carved-wood-p-53773.html" "Mozilla/5.0 (compatible; MSIE 9.0; Windows NT 6.0; Trident/5.0;  Trident/5.0)"
23.100.232.233 - - [15/Dec/2021:23:47:49 +0100] "GET /mondial_relay/js/jquery-1.3.2.min.js HTTP/1.0" 200 276 "http://www.wonder-geek.com/empty-tray-pocket-tree-life-pattern-carved-wood-p-53773.html" "Mozilla/5.0 (compatible; MSIE 9.0; Windows NT 6.0; Trident/5.0;  Trident/5.0)"
23.100.232.233 - - [15/Dec/2021:23:47:49 +0100] "GET /swfobject.js HTTP/1.0" 404 1308 "http://www.wonder-geek.com/empty-tray-pocket-tree-life-pattern-carved-wood-p-53773.html" "Mozilla/5.0 (compatible; MSIE 9.0; Windows NT 6.0; Trident/5.0;  Trident/5.0)"
23.100.232.233 - - [15/Dec/2021:23:47:49 +0100] "GET /style.ie7.css HTTP/1.0" 404 1308 "http://www.wonder-geek.com/empty-tray-pocket-tree-life-pattern-carved-wood-p-53773.html" "Mozilla/5.0 (compatible; MSIE 9.0; Windows NT 6.0; Trident/5.0;  Trident/5.0)"
23.100.232.233 - - [15/Dec/2021:23:47:50 +0100] "GET /templates/Pixame_v1/images/flash.swf HTTP/1.0" 200 290 "http://www.wonder-geek.com/empty-tray-pocket-tree-life-pattern-carved-wood-p-53773.html" "Mozilla/5.0 (compatible; MSIE 9.0; Windows NT 6.0; Trident/5.0;  Trident/5.0)"
23.100.232.233 - - [15/Dec/2021:23:47:50 +0100] "GET /highslide/graphics/zoomin.cur HTTP/1.0" 200 614 "http://www.wonder-geek.com/empty-tray-pocket-tree-life-pattern-carved-wood-p-53773.html" "Mozilla/5.0 (compatible; MSIE 9.0; Windows NT 6.0; Trident/5.0;  Trident/5.0)"
23.100.232.233 - - [15/Dec/2021:23:47:50 +0100] "GET /highslide/graphics/zoomout.cur HTTP/1.0" 200 614 "http://www.wonder-geek.com/empty-tray-pocket-tree-life-pattern-carved-wood-p-53773.html" "Mozilla/5.0 (compatible; MSIE 9.0; Windows NT 6.0; Trident/5.0;  Trident/5.0)"
216.244.66.242 - - [15/Dec/2021:23:47:53 +0100] "GET /london-wooden-wall-decoration-to-hang-p-35913.html HTTP/1.0" 301 70884 "-" "Mozilla/5.0 (compatible; DotBot/1.2; +https://opensiteexplorer.org/dotbot; help@moz.com)"
216.244.66.242 - - [15/Dec/2021:23:48:00 +0100] "GET /pegase-training-bottle-by-cbkreation-p-33775.html HTTP/1.0" 301 73721 "-" "Mozilla/5.0 (compatible; DotBot/1.2; +https://opensiteexplorer.org/dotbot; help@moz.com)"
216.244.66.242 - - [15/Dec/2021:23:48:08 +0100] "GET /pucca-pair-of-bobby-socks-size-35-38-or-12-uk-p-36788.html HTTP/1.0" 301 70680 "-" "Mozilla/5.0 (compatible; DotBot/1.2; +https://opensiteexplorer.org/dotbot; help@moz.com)"
216.244.66.242 - - [15/Dec/2021:23:48:14 +0100] "GET /retro-distributor-box-biker-style-15-15-10-cm-p-37269.html HTTP/1.0" 301 70680 "-" "Mozilla/5.0 (compatible; DotBot/1.2; +https://opensiteexplorer.org/dotbot; help@moz.com)"
216.244.66.242 - - [15/Dec/2021:23:48:20 +0100] "GET /the-ballerina-statue-collection-body-talk-p-40674.html HTTP/1.0" 301 74193 "-" "Mozilla/5.0 (compatible; DotBot/1.2; +https://opensiteexplorer.org/dotbot; help@moz.com)"
216.244.66.242 - - [15/Dec/2021:23:48:27 +0100] "GET /wall-russian-doll-shirt-by-cbkreation-p-30063.html HTTP/1.0" 301 70680 "-" "Mozilla/5.0 (compatible; DotBot/1.2; +https://opensiteexplorer.org/dotbot; help@moz.com)"
216.244.66.242 - - [15/Dec/2021:23:48:33 +0100] "GET /wooden-wall-decoration-hang-p-41536.html HTTP/1.0" 301 70680 "-" "Mozilla/5.0 (compatible; DotBot/1.2; +https://opensiteexplorer.org/dotbot; help@moz.com)"
185.191.171.34 - - [15/Dec/2021:23:48:52 +0100] "GET /large-candle-hours-freesia-white-jasmine-p-55378.html HTTP/1.0" 200 74525 "-" "Mozilla/5.0 (compatible; SemrushBot/7~bl; +http://www.semrush.com/bot.html)"
114.119.128.39 - - [15/Dec/2021:23:49:06 +0100] "GET /mister-men-black-reporter-bag-p-3314.html HTTP/1.0" 301 73561 "-" "Mozilla/5.0 (Linux; Android 7.0;) AppleWebKit/537.36 (KHTML, like Gecko) Mobile Safari/537.36 (compatible; PetalBot;+https://webmaster.petalsearch.com/site/petalbot)"
114.119.128.39 - - [15/Dec/2021:23:49:08 +0100] "GET /mister-black-reporter-p-3314.html HTTP/1.0" 200 73474 "-" "Mozilla/5.0 (Linux; Android 7.0;) AppleWebKit/537.36 (KHTML, like Gecko) Mobile Safari/537.36 (compatible; PetalBot;+https://webmaster.petalsearch.com/site/petalbot)"
185.191.171.2 - - [15/Dec/2021:23:49:44 +0100] "GET /protecting-cotton-pillow-boil-p-48987.html?action=add_product HTTP/1.0" 302 476 "-" "Mozilla/5.0 (compatible; SemrushBot/7~bl; +http://www.semrush.com/bot.html)"
54.36.148.243 - - [15/Dec/2021:23:49:55 +0100] "GET /unicorn-night-light-p-55389.html HTTP/1.0" 200 75030 "-" "Mozilla/5.0 (compatible; AhrefsBot/7.0; +http://ahrefs.com/robot/)"
185.191.171.36 - - [15/Dec/2021:23:49:55 +0100] "GET /yoga-statuette-utthita-parsvakonasana-side-angle-posture-p-50077.html?action=add_product HTTP/1.0" 302 476 "-" "Mozilla/5.0 (compatible; SemrushBot/7~bl; +http://www.semrush.com/bot.html)"
216.244.66.242 - - [15/Dec/2021:23:50:10 +0100] "GET /provence-soap-marseille-soap-p-39122.html HTTP/1.0" 200 73623 "-" "Mozilla/5.0 (compatible; DotBot/1.2; +https://opensiteexplorer.org/dotbot; help@moz.com)"
20.99.156.67 - - [15/Dec/2021:23:50:15 +0100] "GET /images/big_prod/3609810072138.jpg HTTP/1.0" 200 268 "-" "Mozilla/5.0 (Macintosh; U; PPC Mac OS X 10.5; en-US; rv:1.9.2.15) Gecko/20110303 Firefox/3.6.15"
157.55.39.223 - - [15/Dec/2021:23:50:19 +0100] "GET /fina-metal-money-p-52953.html HTTP/1.0" 200 70683 "-" "Mozilla/5.0 (compatible; bingbot/2.0; +http://www.bing.com/bingbot.htm)"
181.168.93.14 - - [15/Dec/2021:23:50:26 +0100] "GET /contact_us.php HTTP/1.0" 200 26241 "http://www.wonder-geek.com/contact_us.php" "Mozilla/5.0 (Windows NT 6.3) AppleWebKit/537.36 (KHTML, like Gecko) Chrome/90.0.4430.72 Safari/537.36"
88.111.180.134 - - [15/Dec/2021:23:50:27 +0100] "GET /jane-crowther-p-54766.html HTTP/1.0" 200 73937 "-" "Mozilla/5.0 (iPad; CPU OS 15_1 like Mac OS X) AppleWebKit/605.1.15 (KHTML, like Gecko) Version/15.1 Mobile/15E148 Safari/604.1"
88.111.180.134 - - [15/Dec/2021:23:50:28 +0100] "GET /templates/Pixame_v1/stylesheet.css HTTP/1.0" 200 267 "http://www.wonder-geek.com/" "Mozilla/5.0 (iPad; CPU OS 15_1 like Mac OS X) AppleWebKit/605.1.15 (KHTML, like Gecko) Version/15.1 Mobile/15E148 Safari/604.1"
88.111.180.134 - - [15/Dec/2021:23:50:28 +0100] "GET /highslide/highslide.js HTTP/1.0" 200 262 "http://www.wonder-geek.com/" "Mozilla/5.0 (iPad; CPU OS 15_1 like Mac OS X) AppleWebKit/605.1.15 (KHTML, like Gecko) Version/15.1 Mobile/15E148 Safari/604.1"
88.111.180.134 - - [15/Dec/2021:23:50:28 +0100] "GET /mondial_relay/js/jquery-1.3.2.min.js HTTP/1.0" 200 276 "http://www.wonder-geek.com/" "Mozilla/5.0 (iPad; CPU OS 15_1 like Mac OS X) AppleWebKit/605.1.15 (KHTML, like Gecko) Version/15.1 Mobile/15E148 Safari/604.1"
88.111.180.134 - - [15/Dec/2021:23:50:28 +0100] "GET /swfobject.js HTTP/1.0" 404 1308 "http://www.wonder-geek.com/" "Mozilla/5.0 (iPad; CPU OS 15_1 like Mac OS X) AppleWebKit/605.1.15 (KHTML, like Gecko) Version/15.1 Mobile/15E148 Safari/604.1"
88.111.180.134 - - [15/Dec/2021:23:50:28 +0100] "GET /js/jquery.js HTTP/1.0" 200 252 "http://www.wonder-geek.com/" "Mozilla/5.0 (iPad; CPU OS 15_1 like Mac OS X) AppleWebKit/605.1.15 (KHTML, like Gecko) Version/15.1 Mobile/15E148 Safari/604.1"
88.111.180.134 - - [15/Dec/2021:23:50:28 +0100] "GET /js/jquery.jqzoom.js HTTP/1.0" 200 259 "http://www.wonder-geek.com/" "Mozilla/5.0 (iPad; CPU OS 15_1 like Mac OS X) AppleWebKit/605.1.15 (KHTML, like Gecko) Version/15.1 Mobile/15E148 Safari/604.1"
88.111.180.134 - - [15/Dec/2021:23:50:29 +0100] "GET /templates/Pixame_v1/images/icon_accueil2.png HTTP/1.0" 200 278 "http://www.wonder-geek.com/" "Mozilla/5.0 (iPad; CPU OS 15_1 like Mac OS X) AppleWebKit/605.1.15 (KHTML, like Gecko) Version/15.1 Mobile/15E148 Safari/604.1"
88.111.180.134 - - [15/Dec/2021:23:50:29 +0100] "GET /templates/Pixame_v1/images/infobox/pixel_trans.gif HTTP/1.0" 200 328 "http://www.wonder-geek.com/" "Mozilla/5.0 (iPad; CPU OS 15_1 like Mac OS X) AppleWebKit/605.1.15 (KHTML, like Gecko) Version/15.1 Mobile/15E148 Safari/604.1"
88.111.180.134 - - [15/Dec/2021:23:50:29 +0100] "GET /templates/Pixame_v1/images/Bottom_texture.jpg HTTP/1.0" 200 280 "http://www.wonder-geek.com/" "Mozilla/5.0 (iPad; CPU OS 15_1 like Mac OS X) AppleWebKit/605.1.15 (KHTML, like Gecko) Version/15.1 Mobile/15E148 Safari/604.1"
88.111.180.134 - - [15/Dec/2021:23:50:29 +0100] "GET /images/big_prod/3700572750576.jpg HTTP/1.0" 200 268 "http://www.wonder-geek.com/" "Mozilla/5.0 (iPad; CPU OS 15_1 like Mac OS X) AppleWebKit/605.1.15 (KHTML, like Gecko) Version/15.1 Mobile/15E148 Safari/604.1"
181.168.93.14 - - [15/Dec/2021:23:50:28 +0100] "POST /contact_us.php?action=send HTTP/1.0" 200 26501 "http://www.wonder-geek.com/contact_us.php" "Mozilla/5.0 (Windows NT 6.3) AppleWebKit/537.36 (KHTML, like Gecko) Chrome/90.0.4430.72 Safari/537.36"
88.111.180.134 - - [15/Dec/2021:23:50:29 +0100] "GET /templates/Pixame_v1/images/nav.png HTTP/1.0" 200 268 "http://www.wonder-geek.com/" "Mozilla/5.0 (iPad; CPU OS 15_1 like Mac OS X) AppleWebKit/605.1.15 (KHTML, like Gecko) Version/15.1 Mobile/15E148 Safari/604.1"
88.111.180.134 - - [15/Dec/2021:23:50:29 +0100] "GET /templates/Pixame_v1/images/pixel_trans.gif HTTP/1.0" 200 328 "http://www.wonder-geek.com/" "Mozilla/5.0 (iPad; CPU OS 15_1 like Mac OS X) AppleWebKit/605.1.15 (KHTML, like Gecko) Version/15.1 Mobile/15E148 Safari/604.1"
88.111.180.134 - - [15/Dec/2021:23:50:29 +0100] "GET /templates/Pixame_v1/images/Middle_texture.jpg HTTP/1.0" 200 280 "http://www.wonder-geek.com/" "Mozilla/5.0 (iPad; CPU OS 15_1 like Mac OS X) AppleWebKit/605.1.15 (KHTML, like Gecko) Version/15.1 Mobile/15E148 Safari/604.1"
88.111.180.134 - - [15/Dec/2021:23:50:29 +0100] "GET /templates/Pixame_v1/images/header.png HTTP/1.0" 200 271 "http://www.wonder-geek.com/" "Mozilla/5.0 (iPad; CPU OS 15_1 like Mac OS X) AppleWebKit/605.1.15 (KHTML, like Gecko) Version/15.1 Mobile/15E148 Safari/604.1"
88.111.180.134 - - [15/Dec/2021:23:50:29 +0100] "GET /templates/Pixame_v1/images/infobox/infobox_footer_middle.gif HTTP/1.0" 200 357 "http://www.wonder-geek.com/" "Mozilla/5.0 (iPad; CPU OS 15_1 like Mac OS X) AppleWebKit/605.1.15 (KHTML, like Gecko) Version/15.1 Mobile/15E148 Safari/604.1"
88.111.180.134 - - [15/Dec/2021:23:50:29 +0100] "GET /templates/Pixame_v1/images/header-object.png HTTP/1.0" 200 278 "http://www.wonder-geek.com/" "Mozilla/5.0 (iPad; CPU OS 15_1 like Mac OS X) AppleWebKit/605.1.15 (KHTML, like Gecko) Version/15.1 Mobile/15E148 Safari/604.1"
88.111.180.134 - - [15/Dec/2021:23:50:30 +0100] "GET /images/pixel_trans.gif HTTP/1.0" 200 328 "http://www.wonder-geek.com/" "Mozilla/5.0 (iPad; CPU OS 15_1 like Mac OS X) AppleWebKit/605.1.15 (KHTML, like Gecko) Version/15.1 Mobile/15E148 Safari/604.1"
88.111.180.134 - - [15/Dec/2021:23:50:30 +0100] "GET /design/productsenstock.png HTTP/1.0" 200 260 "http://www.wonder-geek.com/" "Mozilla/5.0 (iPad; CPU OS 15_1 like Mac OS X) AppleWebKit/605.1.15 (KHTML, like Gecko) Version/15.1 Mobile/15E148 Safari/604.1"
88.111.180.134 - - [15/Dec/2021:23:50:31 +0100] "GET /images/big_prod_1/3700572750576B.jpg HTTP/1.0" 200 271 "http://www.wonder-geek.com/" "Mozilla/5.0 (iPad; CPU OS 15_1 like Mac OS X) AppleWebKit/605.1.15 (KHTML, like Gecko) Version/15.1 Mobile/15E148 Safari/604.1"
88.111.180.134 - - [15/Dec/2021:23:50:31 +0100] "GET /templates/Pixame_v1/images/buttons/english/button_in_cart.gif HTTP/1.0" 200 295 "http://www.wonder-geek.com/" "Mozilla/5.0 (iPad; CPU OS 15_1 like Mac OS X) AppleWebKit/605.1.15 (KHTML, like Gecko) Version/15.1 Mobile/15E148 Safari/604.1"
88.111.180.134 - - [15/Dec/2021:23:50:31 +0100] "GET /highslide/graphics/zoomin.cur HTTP/1.0" 200 614 "http://www.wonder-geek.com/" "Mozilla/5.0 (iPad; CPU OS 15_1 like Mac OS X) AppleWebKit/605.1.15 (KHTML, like Gecko) Version/15.1 Mobile/15E148 Safari/604.1"
88.111.180.134 - - [15/Dec/2021:23:50:33 +0100] "GET /highslide/graphics/outlines/drop-shadow.png HTTP/1.0" 200 277 "http://www.wonder-geek.com/" "Mozilla/5.0 (iPad; CPU OS 15_1 like Mac OS X) AppleWebKit/605.1.15 (KHTML, like Gecko) Version/15.1 Mobile/15E148 Safari/604.1"
88.111.180.134 - - [15/Dec/2021:23:50:33 +0100] "GET /highslide/graphics/zoomout.cur HTTP/1.0" 200 614 "http://www.wonder-geek.com/" "Mozilla/5.0 (iPad; CPU OS 15_1 like Mac OS X) AppleWebKit/605.1.15 (KHTML, like Gecko) Version/15.1 Mobile/15E148 Safari/604.1"
88.111.180.134 - - [15/Dec/2021:23:50:33 +0100] "GET /highslide/graphics/loader.white.gif HTTP/1.0" 200 960 "http://www.wonder-geek.com/" "Mozilla/5.0 (iPad; CPU OS 15_1 like Mac OS X) AppleWebKit/605.1.15 (KHTML, like Gecko) Version/15.1 Mobile/15E148 Safari/604.1"
88.111.180.134 - - [15/Dec/2021:23:50:34 +0100] "GET /favicon.ico HTTP/1.0" 200 260 "http://www.wonder-geek.com/" "Mozilla/5.0 (iPad; CPU OS 15_1 like Mac OS X) AppleWebKit/605.1.15 (KHTML, like Gecko) Version/15.1 Mobile/15E148 Safari/604.1"
157.55.39.0 - - [15/Dec/2021:23:50:47 +0100] "GET /bowls-c-12_60.html?page=5 HTTP/1.0" 200 92685 "-" "Mozilla/5.0 (compatible; bingbot/2.0; +http://www.bing.com/bingbot.htm)"
114.119.128.40 - - [15/Dec/2021:23:51:10 +0100] "GET /aprons-c-11_74.html?page=5 HTTP/1.0" 200 92415 "-" "Mozilla/5.0 (Linux; Android 7.0;) AppleWebKit/537.36 (KHTML, like Gecko) Mobile Safari/537.36 (compatible; PetalBot;+https://webmaster.petalsearch.com/site/petalbot)"
185.191.171.10 - - [15/Dec/2021:23:51:45 +0100] "GET /white-table-lamp-p-44530.html HTTP/1.0" 200 73280 "-" "Mozilla/5.0 (compatible; SemrushBot/7~bl; +http://www.semrush.com/bot.html)"
147.92.153.12 - - [15/Dec/2021:23:51:56 +0100] "GET /images/big_prod/3442440234183.jpg HTTP/1.0" 200 268 "-" "Mozilla/5.0 (compatible; Linespider/1.1; +https://lin.ee/4dwXkTH)"
45.76.250.213 - - [15/Dec/2021:23:52:12 +0100] "GET /images/mini_prod/3272760404221.jpg HTTP/1.0" 200 269 "-" "Mozilla/5.0 (X11; Ubuntu; Linux x86_64; rv:72.0) Gecko/20100101 Firefox/72.0"
216.244.66.242 - - [15/Dec/2021:23:52:12 +0100] "GET /images/big_prod/8433933190739.jpg HTTP/1.0" 200 268 "-" "Mozilla/5.0 (compatible; DotBot/1.2; +https://opensiteexplorer.org/dotbot; help@moz.com)"
185.191.171.17 - - [15/Dec/2021:23:52:21 +0100] "GET /trivet-boards-c-12_158.html?page=8 HTTP/1.0" 200 94240 "-" "Mozilla/5.0 (compatible; SemrushBot/7~bl; +http://www.semrush.com/bot.html)"
54.36.148.243 - - [15/Dec/2021:23:52:27 +0100] "GET /ball-zippo-lighter-p-39534.html HTTP/1.0" 200 75545 "-" "Mozilla/5.0 (compatible; AhrefsBot/7.0; +http://ahrefs.com/robot/)"
45.76.250.213 - - [15/Dec/2021:23:52:28 +0100] "GET /images/big_prod_1/3700281645163a.jpg HTTP/1.0" 200 271 "-" "Mozilla/5.0 (X11; Ubuntu; Linux x86_64; rv:72.0) Gecko/20100101 Firefox/72.0"
157.55.39.0 - - [15/Dec/2021:23:52:46 +0100] "GET /images/mini_prod/1384000000444.jpg HTTP/1.0" 200 269 "-" "Mozilla/5.0 (compatible; bingbot/2.0; +http://www.bing.com/bingbot.htm)"
185.191.171.17 - - [15/Dec/2021:23:53:02 +0100] "GET /winx-picnic-p-17168.html?action=add_product HTTP/1.0" 302 476 "-" "Mozilla/5.0 (compatible; SemrushBot/7~bl; +http://www.semrush.com/bot.html)"
159.138.102.98 - - [15/Dec/2021:23:53:19 +0100] "GET /mandalas-coasters-p-47156.html HTTP/1.0" 200 74036 "-" "Mozilla/5.0 (Linux; Android 7.0;) AppleWebKit/537.36 (KHTML, like Gecko) Mobile Safari/537.36 (compatible; PetalBot;+https://webmaster.petalsearch.com/site/petalbot)"
175.102.16.34 - - [15/Dec/2021:23:53:51 +0100] "GET /images/mini_prod/tsmlshreck.jpg HTTP/1.0" 200 266 "-" "Mozilla/5.0 (X11; Ubuntu; Linux x86_64; rv:72.0) Gecko/20100101 Firefox/72.0"
175.102.16.34 - - [15/Dec/2021:23:53:57 +0100] "GET /images/mini_prod/070209_191201_PEEL_gnVzFs.jpg HTTP/1.0" 200 281 "-" "Mozilla/5.0 (X11; Ubuntu; Linux x86_64; rv:72.0) Gecko/20100101 Firefox/72.0"
185.191.171.39 - - [15/Dec/2021:23:53:57 +0100] "GET /monkeys-statue-resin-p-47521.html HTTP/1.0" 200 73296 "-" "Mozilla/5.0 (compatible; SemrushBot/7~bl; +http://www.semrush.com/bot.html)"
185.191.171.21 - - [15/Dec/2021:23:54:10 +0100] "GET /tiger-porcelain-p-54466.html?action=add_product HTTP/1.0" 302 476 "-" "Mozilla/5.0 (compatible; SemrushBot/7~bl; +http://www.semrush.com/bot.html)"
157.55.39.228 - - [15/Dec/2021:23:54:16 +0100] "GET /images/4007176153376.jpg HTTP/1.0" 200 259 "-" "Mozilla/5.0 (compatible; bingbot/2.0; +http://www.bing.com/bingbot.htm)"
216.244.66.242 - - [15/Dec/2021:23:54:26 +0100] "GET /saucer-p-40673.html HTTP/1.0" 200 73155 "-" "Mozilla/5.0 (compatible; DotBot/1.2; +https://opensiteexplorer.org/dotbot; help@moz.com)"
185.191.171.39 - - [15/Dec/2021:23:54:42 +0100] "GET /lyon-white-women-shirt-p-31278.html HTTP/1.0" 200 75258 "-" "Mozilla/5.0 (compatible; SemrushBot/7~bl; +http://www.semrush.com/bot.html)"
185.191.171.36 - - [15/Dec/2021:23:54:46 +0100] "GET /-p-48281.html?action=add_product HTTP/1.0" 302 476 "-" "Mozilla/5.0 (compatible; SemrushBot/7~bl; +http://www.semrush.com/bot.html)"
185.191.171.42 - - [15/Dec/2021:23:54:57 +0100] "GET /cars-crayola-reusable-erasable-coloring-pages-p-50949.html HTTP/1.0" 200 70785 "-" "Mozilla/5.0 (compatible; SemrushBot/7~bl; +http://www.semrush.com/bot.html)"
185.191.171.7 - - [15/Dec/2021:23:54:59 +0100] "GET /kimmidoll-makeup-p-46151.html?action=add_product HTTP/1.0" 302 476 "-" "Mozilla/5.0 (compatible; SemrushBot/7~bl; +http://www.semrush.com/bot.html)"
54.36.148.243 - - [15/Dec/2021:23:55:13 +0100] "GET /burlap-round-table-p-50960.html HTTP/1.0" 200 73796 "-" "Mozilla/5.0 (compatible; AhrefsBot/7.0; +http://ahrefs.com/robot/)"
114.119.128.37 - - [15/Dec/2021:23:55:25 +0100] "GET /cupcakes-cushion-personalized-picture-p-16981.html HTTP/1.0" 200 73833 "-" "Mozilla/5.0 (Linux; Android 7.0;) AppleWebKit/537.36 (KHTML, like Gecko) Mobile Safari/537.36 (compatible; PetalBot;+https://webmaster.petalsearch.com/site/petalbot)"
185.191.171.33 - - [15/Dec/2021:23:55:32 +0100] "GET /theme-lavander-tree-leaves-tisanire-p-51423.html?action=add_product HTTP/1.0" 302 476 "-" "Mozilla/5.0 (compatible; SemrushBot/7~bl; +http://www.semrush.com/bot.html)"
185.191.171.42 - - [15/Dec/2021:23:55:34 +0100] "GET /mexique-clock-cbkreation-p-28476.html?action=add_product HTTP/1.0" 302 476 "-" "Mozilla/5.0 (compatible; SemrushBot/7~bl; +http://www.semrush.com/bot.html)"
185.191.171.13 - - [15/Dec/2021:23:55:49 +0100] "GET /vilaines-filles-beach-towel-p-51714.html?action=add_product HTTP/1.0" 302 476 "-" "Mozilla/5.0 (compatible; SemrushBot/7~bl; +http://www.semrush.com/bot.html)"
185.191.171.39 - - [15/Dec/2021:23:56:22 +0100] "GET /laissez-lucie-faire-small-wallet-roberto-p-44825.html?action=add_product HTTP/1.0" 302 476 "-" "Mozilla/5.0 (compatible; SemrushBot/7~bl; +http://www.semrush.com/bot.html)"
114.119.128.34 - - [15/Dec/2021:23:57:28 +0100] "GET /images/big_prod/8424001854486.jpg HTTP/1.0" 200 268 "-" "Mozilla/5.0 (Linux; Android 7.0;) AppleWebKit/537.36 (KHTML, like Gecko) Mobile Safari/537.36 (compatible; PetalBot;+https://webmaster.petalsearch.com/site/petalbot)"
185.191.171.23 - - [15/Dec/2021:23:57:36 +0100] "GET /gorse-umbrella-flower-fairies-p-41705.html HTTP/1.0" 200 75143 "-" "Mozilla/5.0 (compatible; SemrushBot/7~bl; +http://www.semrush.com/bot.html)"
185.191.171.45 - - [15/Dec/2021:23:57:40 +0100] "GET /-p-30612.html?action=add_product HTTP/1.0" 302 476 "-" "Mozilla/5.0 (compatible; SemrushBot/7~bl; +http://www.semrush.com/bot.html)"
185.191.171.40 - - [15/Dec/2021:23:57:43 +0100] "GET /-p-53915.html?action=add_product HTTP/1.0" 302 476 "-" "Mozilla/5.0 (compatible; SemrushBot/7~bl; +http://www.semrush.com/bot.html)"
66.249.70.74 - - [15/Dec/2021:23:57:55 +0100] "GET /images/big_prod_1/3442440234220b.jpg HTTP/1.0" 200 271 "-" "Googlebot-Image/1.0"
54.36.148.243 - - [15/Dec/2021:23:57:57 +0100] "GET /calm-serenity-large-lamp-p-35764.html HTTP/1.0" 200 73396 "-" "Mozilla/5.0 (compatible; AhrefsBot/7.0; +http://ahrefs.com/robot/)"
185.191.171.39 - - [15/Dec/2021:23:58:10 +0100] "GET /black-brown-leather-bracelet-p-38487.html HTTP/1.0" 200 73338 "-" "Mozilla/5.0 (compatible; SemrushBot/7~bl; +http://www.semrush.com/bot.html)"
185.191.171.13 - - [15/Dec/2021:23:58:15 +0100] "GET /-p-36620.html?action=add_product HTTP/1.0" 302 476 "-" "Mozilla/5.0 (compatible; SemrushBot/7~bl; +http://www.semrush.com/bot.html)"
149.28.215.57 - - [15/Dec/2021:23:58:32 +0100] "GET /images/mini_prod/8719075391150.jpg HTTP/1.0" 200 269 "-" "Mozilla/5.0 (X11; Ubuntu; Linux x86_64; rv:72.0) Gecko/20100101 Firefox/72.0"
159.138.102.98 - - [15/Dec/2021:23:59:36 +0100] "GET /hello-kitty-felt-figurines-p-7481.html HTTP/1.0" 200 73395 "-" "Mozilla/5.0 (Linux; Android 7.0;) AppleWebKit/537.36 (KHTML, like Gecko) Mobile Safari/537.36 (compatible; PetalBot;+https://webmaster.petalsearch.com/site/petalbot)"
185.191.171.11 - - [15/Dec/2021:23:59:50 +0100] "GET /cotton-floor-cushion-purple-p-53471.html?action=add_product HTTP/1.0" 302 476 "-" "Mozilla/5.0 (compatible; SemrushBot/7~bl; +http://www.semrush.com/bot.html)"
157.55.39.228 - - [15/Dec/2021:23:59:57 +0100] "GET /indian-roadking-collection-metal-plate-deco-p-37166.html HTTP/1.0" 200 73477 "-" "Mozilla/5.0 (compatible; bingbot/2.0; +http://www.bing.com/bingbot.htm)"
54.36.148.243 - - [16/Dec/2021:00:00:34 +0100] "GET /salt-with-spoon-camargua-p-54571.html HTTP/1.0" 200 73294 "-" "Mozilla/5.0 (compatible; AhrefsBot/7.0; +http://ahrefs.com/robot/)"
185.191.171.6 - - [16/Dec/2021:00:01:17 +0100] "GET /caramel-purple-rabbits-p-48795.html HTTP/1.0" 200 73457 "-" "Mozilla/5.0 (compatible; SemrushBot/7~bl; +http://www.semrush.com/bot.html)"
149.28.215.57 - - [16/Dec/2021:00:01:27 +0100] "GET /images/mini_prod/DSCN0788bis.jpg HTTP/1.0" 200 267 "-" "Mozilla/5.0 (X11; Ubuntu; Linux x86_64; rv:72.0) Gecko/20100101 Firefox/72.0"
114.119.128.26 - - [16/Dec/2021:00:01:43 +0100] "GET /salt-and-pepper-pot-chabada-p-47917.html HTTP/1.0" 301 73330 "-" "Mozilla/5.0 (Linux; Android 7.0;) AppleWebKit/537.36 (KHTML, like Gecko) Mobile Safari/537.36 (compatible; PetalBot;+https://webmaster.petalsearch.com/site/petalbot)"
114.119.128.26 - - [16/Dec/2021:00:01:47 +0100] "GET /salt-pepper-chabada-p-47917.html HTTP/1.0" 200 73244 "-" "Mozilla/5.0 (Linux; Android 7.0;) AppleWebKit/537.36 (KHTML, like Gecko) Mobile Safari/537.36 (compatible; PetalBot;+https://webmaster.petalsearch.com/site/petalbot)"
185.191.171.40 - - [16/Dec/2021:00:01:49 +0100] "GET /decorative-statuettes-monkeys-wisdom-brown-p-52742.html HTTP/1.0" 200 73522 "-" "Mozilla/5.0 (compatible; SemrushBot/7~bl; +http://www.semrush.com/bot.html)"
185.191.171.45 - - [16/Dec/2021:00:02:10 +0100] "GET /white-cat-alarm-clock-p-28797.html HTTP/1.0" 301 73346 "-" "Mozilla/5.0 (compatible; SemrushBot/7~bl; +http://www.semrush.com/bot.html)"
185.191.171.40 - - [16/Dec/2021:00:02:13 +0100] "GET /white-alarm-clock-p-28797.html HTTP/1.0" 200 73262 "-" "Mozilla/5.0 (compatible; SemrushBot/7~bl; +http://www.semrush.com/bot.html)"
66.249.70.70 - - [16/Dec/2021:00:02:20 +0100] "GET /tealight-holders-candle-holders-c-231_230.html HTTP/1.0" 200 92338 "-" "Mozilla/5.0 (Linux; Android 6.0.1; Nexus 5X Build/MMB29P) AppleWebKit/537.36 (KHTML, like Gecko) Chrome/96.0.4664.93 Mobile Safari/537.36 (compatible; Googlebot/2.1; +http://www.google.com/bot.html)"
51.68.224.127 - - [16/Dec/2021:00:02:26 +0100] "GET /adminweb/export_orders_xml.php?token=256de2z6edz6ed2z6DFSFsed2zed6zeDSFDSGdzedezfzf&maxorders=10&orderstart=1&status=14&start_date=2018-10-01 HTTP/1.0" 200 285 "-" "GesCom CharlotteBoutik Serveur"
51.68.224.127 - - [16/Dec/2021:00:02:26 +0100] "GET /adminweb/export_orders_xml.php?token=256de2z6edz6ed2z6DFSFsed2zed6zeDSFDSGdzedezfzf&maxorders=10&orderstart=1&status=6&start_date=2018-10-01 HTTP/1.0" 200 32471 "-" "GesCom CharlotteBoutik Serveur"
185.191.171.40 - - [16/Dec/2021:00:02:41 +0100] "GET /washed-linen-skirt-granite-color-p-48113.html?action=add_product HTTP/1.0" 302 476 "-" "Mozilla/5.0 (compatible; SemrushBot/7~bl; +http://www.semrush.com/bot.html)"
54.36.148.243 - - [16/Dec/2021:00:03:09 +0100] "GET /harley-davidson-grey-dusk-zippo-lighter-p-52760.html HTTP/1.0" 200 76555 "-" "Mozilla/5.0 (compatible; AhrefsBot/7.0; +http://ahrefs.com/robot/)"
95.108.213.29 - - [16/Dec/2021:00:03:10 +0100] "GET /-p-478.html HTTP/1.0" 200 70609 "-" "Mozilla/5.0 (compatible; YandexBot/3.0; +http://yandex.com/bots)"
114.119.128.26 - - [16/Dec/2021:00:03:44 +0100] "GET /kimmidoll-pen-sonomi-p-49826.html HTTP/1.0" 301 73367 "-" "Mozilla/5.0 (Linux; Android 7.0;) AppleWebKit/537.36 (KHTML, like Gecko) Mobile Safari/537.36 (compatible; PetalBot;+https://webmaster.petalsearch.com/site/petalbot)"
114.119.128.26 - - [16/Dec/2021:00:03:50 +0100] "GET /kimmidoll-sonomi-p-49826.html HTTP/1.0" 200 73284 "-" "Mozilla/5.0 (Linux; Android 7.0;) AppleWebKit/537.36 (KHTML, like Gecko) Mobile Safari/537.36 (compatible; PetalBot;+https://webmaster.petalsearch.com/site/petalbot)"
20.99.155.235 - - [16/Dec/2021:00:04:27 +0100] "GET /images/big_prod/3701206604371.jpg HTTP/1.0" 200 268 "-" "Mozilla/5.0 (Windows NT 6.1; WOW64) AppleWebKit/537.36 (KHTML, like Gecko) Chrome/45.0.2454.101 Safari/537.36"
157.55.39.0 - - [16/Dec/2021:00:04:48 +0100] "GET /kaloo-plume-natural-rabbit-soft-p-15730.html HTTP/1.0" 200 70771 "-" "Mozilla/5.0 (compatible; bingbot/2.0; +http://www.bing.com/bingbot.htm)"
185.191.171.40 - - [16/Dec/2021:00:05:06 +0100] "GET /mugs-and-mazagrans-c-12_57.html?page=15 HTTP/1.0" 301 97750 "-" "Mozilla/5.0 (compatible; SemrushBot/7~bl; +http://www.semrush.com/bot.html)"
185.191.171.6 - - [16/Dec/2021:00:05:10 +0100] "GET /mugs-mazagrans-c-57.html?page=15 HTTP/1.0" 301 97649 "-" "Mozilla/5.0 (compatible; SemrushBot/7~bl; +http://www.semrush.com/bot.html)"
185.191.171.5 - - [16/Dec/2021:00:05:13 +0100] "GET /mugs-mazagrans-c-12_57.html?page=15 HTTP/1.0" 200 97664 "-" "Mozilla/5.0 (compatible; SemrushBot/7~bl; +http://www.semrush.com/bot.html)"
157.55.39.125 - - [16/Dec/2021:00:05:21 +0100] "GET /images/big_prod_1/8485012480231B.jpg HTTP/1.0" 200 271 "-" "Mozilla/5.0 (compatible; bingbot/2.0; +http://www.bing.com/bingbot.htm)"
185.191.171.2 - - [16/Dec/2021:00:05:25 +0100] "GET /soap-dish-famants-camargue-cast-iron-p-45764.html?action=add_product HTTP/1.0" 302 476 "-" "Mozilla/5.0 (compatible; SemrushBot/7~bl; +http://www.semrush.com/bot.html)"
185.191.171.24 - - [16/Dec/2021:00:05:40 +0100] "GET /jasmin-jasmine-companion-portfolio-tiffany-beige-p-38700.html?action=add_product HTTP/1.0" 302 476 "-" "Mozilla/5.0 (compatible; SemrushBot/7~bl; +http://www.semrush.com/bot.html)"
51.222.253.6 - - [16/Dec/2021:00:05:41 +0100] "GET /robots.txt HTTP/1.0" 200 245 "-" "Mozilla/5.0 (compatible; AhrefsBot/7.0; +http://ahrefs.com/robot/)"
54.36.148.243 - - [16/Dec/2021:00:05:42 +0100] "GET /grey-keychains-p-32588.html HTTP/1.0" 200 73240 "-" "Mozilla/5.0 (compatible; AhrefsBot/7.0; +http://ahrefs.com/robot/)"
159.138.102.98 - - [16/Dec/2021:00:05:49 +0100] "GET /resin-monks-p-56198.html HTTP/1.0" 200 74244 "-" "Mozilla/5.0 (Linux; Android 7.0;) AppleWebKit/537.36 (KHTML, like Gecko) Mobile Safari/537.36 (compatible; PetalBot;+https://webmaster.petalsearch.com/site/petalbot)"
185.191.171.34 - - [16/Dec/2021:00:05:58 +0100] "GET /great-black-gold-elephant-statuette-p-45871.html HTTP/1.0" 200 73420 "-" "Mozilla/5.0 (compatible; SemrushBot/7~bl; +http://www.semrush.com/bot.html)"
157.55.39.223 - - [16/Dec/2021:00:06:38 +0100] "GET /images/big_prod_1/8433933164440b.jpg HTTP/1.0" 200 271 "-" "Mozilla/5.0 (compatible; bingbot/2.0; +http://www.bing.com/bingbot.htm)"
185.191.171.3 - - [16/Dec/2021:00:06:41 +0100] "GET /mini-metal-tray-dubout-cats-p-52475.html HTTP/1.0" 200 73378 "-" "Mozilla/5.0 (compatible; SemrushBot/7~bl; +http://www.semrush.com/bot.html)"
110.238.46.0 - - [16/Dec/2021:00:07:11 +0100] "GET /contact_us.php HTTP/1.0" 200 26241 "http://www.wonder-geek.com/contact_us.php" "Mozilla/5.0 (Windows NT 10.0; Win64; x64) AppleWebKit/537.36 (KHTML, like Gecko) Chrome/90.0.4430.85 Safari/537.36 Edg/90.0.818.49"
207.46.13.52 - - [16/Dec/2021:00:07:25 +0100] "GET /avengers-marvel-lunch-bottle-p-35777.html HTTP/1.0" 200 70768 "-" "Mozilla/5.0 (compatible; bingbot/2.0; +http://www.bing.com/bingbot.htm)"
110.238.46.0 - - [16/Dec/2021:00:07:28 +0100] "POST /contact_us.php?action=send HTTP/1.0" 200 26517 "http://www.wonder-geek.com/contact_us.php" "Mozilla/5.0 (Windows NT 10.0; Win64; x64) AppleWebKit/537.36 (KHTML, like Gecko) Chrome/90.0.4430.85 Safari/537.36 Edg/90.0.818.49"
114.119.128.34 - - [16/Dec/2021:00:07:49 +0100] "GET /images/big_prod_2/8424001704613B.jpg HTTP/1.0" 200 271 "-" "Mozilla/5.0 (Linux; Android 7.0;) AppleWebKit/537.36 (KHTML, like Gecko) Mobile Safari/537.36 (compatible; PetalBot;+https://webmaster.petalsearch.com/site/petalbot)"
54.36.148.243 - - [16/Dec/2021:00:08:28 +0100] "GET /kori-kumi-flat-pocket-p-30502.html HTTP/1.0" 200 73941 "-" "Mozilla/5.0 (compatible; AhrefsBot/7.0; +http://ahrefs.com/robot/)"
66.249.70.74 - - [16/Dec/2021:00:08:36 +0100] "GET /images/big_prod/8424346229147.jpg HTTP/1.0" 200 268 "-" "Googlebot-Image/1.0"
185.191.171.19 - - [16/Dec/2021:00:08:40 +0100] "GET /robots.txt HTTP/1.0" 200 245 "-" "Mozilla/5.0 (compatible; SemrushBot/7~bl; +http://www.semrush.com/bot.html)"
185.191.171.9 - - [16/Dec/2021:00:08:41 +0100] "GET /ceramic-seasoning-set-paris-p-50688.html HTTP/1.0" 301 70797 "-" "Mozilla/5.0 (compatible; SemrushBot/7~bl; +http://www.semrush.com/bot.html)"
185.191.171.1 - - [16/Dec/2021:00:08:44 +0100] "GET /ceramic-seasoning-paris-p-50688.html HTTP/1.0" 200 70707 "-" "Mozilla/5.0 (compatible; SemrushBot/7~bl; +http://www.semrush.com/bot.html)"
157.55.39.223 - - [16/Dec/2021:00:08:49 +0100] "GET /tweety-money-p-24161.html HTTP/1.0" 200 73212 "-" "Mozilla/5.0 (compatible; bingbot/2.0; +http://www.bing.com/bingbot.htm)"
185.191.171.41 - - [16/Dec/2021:00:09:04 +0100] "GET /little-buddha-magnet-pink-p-50263.html HTTP/1.0" 200 70693 "-" "Mozilla/5.0 (compatible; SemrushBot/7~bl; +http://www.semrush.com/bot.html)"
5.255.253.187 - - [16/Dec/2021:00:09:50 +0100] "GET /russian-doll-placemat-p-28539.html HTTP/1.0" 301 70680 "-" "Mozilla/5.0 (compatible; YandexBot/3.0; +http://yandex.com/bots)"
5.255.253.187 - - [16/Dec/2021:00:09:53 +0100] "GET /-p-28539.html HTTP/1.0" 200 70613 "-" "Mozilla/5.0 (compatible; YandexBot/3.0; +http://yandex.com/bots)"
114.119.128.34 - - [16/Dec/2021:00:09:58 +0100] "GET /duvet-cover-in-cotton-percale-80-threads-260-240-cm-p-52104.html HTTP/1.0" 301 73652 "-" "Mozilla/5.0 (Linux; Android 7.0;) AppleWebKit/537.36 (KHTML, like Gecko) Mobile Safari/537.36 (compatible; PetalBot;+https://webmaster.petalsearch.com/site/petalbot)"
114.119.128.34 - - [16/Dec/2021:00:10:01 +0100] "GET /duvet-cover-cotton-percale-threads-p-52104.html HTTP/1.0" 200 73551 "-" "Mozilla/5.0 (Linux; Android 7.0;) AppleWebKit/537.36 (KHTML, like Gecko) Mobile Safari/537.36 (compatible; PetalBot;+https://webmaster.petalsearch.com/site/petalbot)"
185.191.171.25 - - [16/Dec/2021:00:10:12 +0100] "GET /scented-candle-made-france-amber-vanilla-p-57037.html HTTP/1.0" 200 74782 "-" "Mozilla/5.0 (compatible; SemrushBot/7~bl; +http://www.semrush.com/bot.html)"
185.191.171.8 - - [16/Dec/2021:00:10:33 +0100] "GET /lisa-flower-p-51545.html HTTP/1.0" 200 70655 "-" "Mozilla/5.0 (compatible; SemrushBot/7~bl; +http://www.semrush.com/bot.html)"
185.191.171.8 - - [16/Dec/2021:00:10:40 +0100] "GET /le-chat-noir-theophile-alexandre-steinlen-candle-holder-p-38935.html HTTP/1.0" 301 74374 "-" "Mozilla/5.0 (compatible; SemrushBot/7~bl; +http://www.semrush.com/bot.html)"
185.191.171.26 - - [16/Dec/2021:00:10:43 +0100] "GET /chat-noir-thophile-alexandre-steinlen-candle-holder-p-38935.html HTTP/1.0" 200 74256 "-" "Mozilla/5.0 (compatible; SemrushBot/7~bl; +http://www.semrush.com/bot.html)"
54.36.148.243 - - [16/Dec/2021:00:11:04 +0100] "GET /luminous-figurine-castle-little-mermaid-p-56306.html HTTP/1.0" 200 74158 "-" "Mozilla/5.0 (compatible; AhrefsBot/7.0; +http://ahrefs.com/robot/)"
185.191.171.35 - - [16/Dec/2021:00:11:28 +0100] "GET /dubout-cats-large-portfolio-p-32246.html HTTP/1.0" 200 73467 "-" "Mozilla/5.0 (compatible; SemrushBot/7~bl; +http://www.semrush.com/bot.html)"
114.119.128.34 - - [16/Dec/2021:00:12:04 +0100] "GET /sonny-angel-christmas-limited-series-2017-p-53388.html HTTP/1.0" 200 75208 "-" "Mozilla/5.0 (Linux; Android 7.0;) AppleWebKit/537.36 (KHTML, like Gecko) Mobile Safari/537.36 (compatible; PetalBot;+https://webmaster.petalsearch.com/site/petalbot)"
17.121.112.54 - - [16/Dec/2021:00:12:14 +0100] "GET /sixtine-bedspread-p-51295.html HTTP/1.0" 200 73974 "-" "Mozilla/5.0 (Macintosh; Intel Mac OS X 10_15_5) AppleWebKit/605.1.15 (KHTML, like Gecko) Version/13.1.1 Safari/605.1.15 (Applebot/0.1; +http://www.apple.com/go/applebot)"
175.102.16.34 - - [16/Dec/2021:00:12:24 +0100] "GET /images/mini_prod/1439122000008.jpg HTTP/1.0" 200 269 "-" "Mozilla/5.0 (X11; Ubuntu; Linux x86_64; rv:72.0) Gecko/20100101 Firefox/72.0"
207.46.13.62 - - [16/Dec/2021:00:13:31 +0100] "GET /images/big_prod/8433933193334.jpg HTTP/1.0" 200 268 "-" "Mozilla/5.0 (compatible; bingbot/2.0; +http://www.bing.com/bingbot.htm)"
54.36.148.243 - - [16/Dec/2021:00:13:51 +0100] "GET /specials.php?page=30 HTTP/1.0" 200 125377 "-" "Mozilla/5.0 (compatible; AhrefsBot/7.0; +http://ahrefs.com/robot/)"
114.119.128.40 - - [16/Dec/2021:00:14:09 +0100] "GET /polar-blanket-light-green-130-160-cm-p-43664.html HTTP/1.0" 301 74050 "-" "Mozilla/5.0 (Linux; Android 7.0;) AppleWebKit/537.36 (KHTML, like Gecko) Mobile Safari/537.36 (compatible; PetalBot;+https://webmaster.petalsearch.com/site/petalbot)"
114.119.128.40 - - [16/Dec/2021:00:14:11 +0100] "GET /polar-blanket-light-green-p-43664.html HTTP/1.0" 200 73958 "-" "Mozilla/5.0 (Linux; Android 7.0;) AppleWebKit/537.36 (KHTML, like Gecko) Mobile Safari/537.36 (compatible; PetalBot;+https://webmaster.petalsearch.com/site/petalbot)"
185.191.171.7 - - [16/Dec/2021:00:14:16 +0100] "GET /headrest-cushion-bambou-50-70-cm-p-51962.html HTTP/1.0" 301 74008 "-" "Mozilla/5.0 (compatible; SemrushBot/7~bl; +http://www.semrush.com/bot.html)"
185.191.171.25 - - [16/Dec/2021:00:14:19 +0100] "GET /headrest-cushion-bambou-p-51962.html HTTP/1.0" 200 73918 "-" "Mozilla/5.0 (compatible; SemrushBot/7~bl; +http://www.semrush.com/bot.html)"
66.249.88.94 - - [16/Dec/2021:00:14:28 +0100] "GET /images/big_prod/8435153867736.jpg HTTP/1.0" 200 268 "-" "Mozilla/5.0 (Windows NT 5.1; rv:11.0) Gecko Firefox/11.0 (via ggpht.com GoogleImageProxy)"
174.248.43.78 - - [16/Dec/2021:00:14:29 +0100] "GET /gold-black-elephant-table-lamp-p-54617.html HTTP/1.0" 200 73383 "https://www.google.com/" "Mozilla/5.0 (Linux; Android 12; SM-G998U) AppleWebKit/537.36 (KHTML, like Gecko) Chrome/96.0.4664.92 Mobile Safari/537.36"
174.248.43.78 - - [16/Dec/2021:00:14:31 +0100] "GET /templates/Pixame_v1/stylesheet.css HTTP/1.0" 200 267 "http://www.wonder-geek.com/gold-black-elephant-table-lamp-p-54617.html" "Mozilla/5.0 (Linux; Android 12; SM-G998U) AppleWebKit/537.36 (KHTML, like Gecko) Chrome/96.0.4664.92 Mobile Safari/537.36"
174.248.43.78 - - [16/Dec/2021:00:14:31 +0100] "GET /js/jquery.jqzoom.js HTTP/1.0" 200 259 "http://www.wonder-geek.com/gold-black-elephant-table-lamp-p-54617.html" "Mozilla/5.0 (Linux; Android 12; SM-G998U) AppleWebKit/537.36 (KHTML, like Gecko) Chrome/96.0.4664.92 Mobile Safari/537.36"
174.248.43.78 - - [16/Dec/2021:00:14:31 +0100] "GET /highslide/highslide.js HTTP/1.0" 200 262 "http://www.wonder-geek.com/gold-black-elephant-table-lamp-p-54617.html" "Mozilla/5.0 (Linux; Android 12; SM-G998U) AppleWebKit/537.36 (KHTML, like Gecko) Chrome/96.0.4664.92 Mobile Safari/537.36"
174.248.43.78 - - [16/Dec/2021:00:14:31 +0100] "GET /js/jquery.js HTTP/1.0" 200 252 "http://www.wonder-geek.com/gold-black-elephant-table-lamp-p-54617.html" "Mozilla/5.0 (Linux; Android 12; SM-G998U) AppleWebKit/537.36 (KHTML, like Gecko) Chrome/96.0.4664.92 Mobile Safari/537.36"
174.248.43.78 - - [16/Dec/2021:00:14:31 +0100] "GET /mondial_relay/js/jquery-1.3.2.min.js HTTP/1.0" 200 276 "http://www.wonder-geek.com/gold-black-elephant-table-lamp-p-54617.html" "Mozilla/5.0 (Linux; Android 12; SM-G998U) AppleWebKit/537.36 (KHTML, like Gecko) Chrome/96.0.4664.92 Mobile Safari/537.36"
174.248.43.78 - - [16/Dec/2021:00:14:31 +0100] "GET /swfobject.js HTTP/1.0" 404 1308 "http://www.wonder-geek.com/gold-black-elephant-table-lamp-p-54617.html" "Mozilla/5.0 (Linux; Android 12; SM-G998U) AppleWebKit/537.36 (KHTML, like Gecko) Chrome/96.0.4664.92 Mobile Safari/537.36"
174.248.43.78 - - [16/Dec/2021:00:14:31 +0100] "GET /templates/Pixame_v1/images/icon_accueil2.png HTTP/1.0" 200 278 "http://www.wonder-geek.com/gold-black-elephant-table-lamp-p-54617.html" "Mozilla/5.0 (Linux; Android 12; SM-G998U) AppleWebKit/537.36 (KHTML, like Gecko) Chrome/96.0.4664.92 Mobile Safari/537.36"
174.248.43.78 - - [16/Dec/2021:00:14:31 +0100] "GET /templates/Pixame_v1/images/infobox/pixel_trans.gif HTTP/1.0" 200 328 "http://www.wonder-geek.com/gold-black-elephant-table-lamp-p-54617.html" "Mozilla/5.0 (Linux; Android 12; SM-G998U) AppleWebKit/537.36 (KHTML, like Gecko) Chrome/96.0.4664.92 Mobile Safari/537.36"
174.248.43.78 - - [16/Dec/2021:00:14:31 +0100] "GET /images/big_prod/8435153867736.jpg HTTP/1.0" 200 268 "http://www.wonder-geek.com/gold-black-elephant-table-lamp-p-54617.html" "Mozilla/5.0 (Linux; Android 12; SM-G998U) AppleWebKit/537.36 (KHTML, like Gecko) Chrome/96.0.4664.92 Mobile Safari/537.36"
174.248.43.78 - - [16/Dec/2021:00:14:31 +0100] "GET /images/pixel_trans.gif HTTP/1.0" 200 328 "http://www.wonder-geek.com/gold-black-elephant-table-lamp-p-54617.html" "Mozilla/5.0 (Linux; Android 12; SM-G998U) AppleWebKit/537.36 (KHTML, like Gecko) Chrome/96.0.4664.92 Mobile Safari/537.36"
174.248.43.78 - - [16/Dec/2021:00:14:31 +0100] "GET /templates/Pixame_v1/images/pixel_trans.gif HTTP/1.0" 200 328 "http://www.wonder-geek.com/gold-black-elephant-table-lamp-p-54617.html" "Mozilla/5.0 (Linux; Android 12; SM-G998U) AppleWebKit/537.36 (KHTML, like Gecko) Chrome/96.0.4664.92 Mobile Safari/537.36"
174.248.43.78 - - [16/Dec/2021:00:14:31 +0100] "GET /templates/Pixame_v1/images/Bottom_texture.jpg HTTP/1.0" 200 280 "http://www.wonder-geek.com/templates/Pixame_v1/stylesheet.css" "Mozilla/5.0 (Linux; Android 12; SM-G998U) AppleWebKit/537.36 (KHTML, like Gecko) Chrome/96.0.4664.92 Mobile Safari/537.36"
174.248.43.78 - - [16/Dec/2021:00:14:31 +0100] "GET /templates/Pixame_v1/images/Middle_texture.jpg HTTP/1.0" 200 280 "http://www.wonder-geek.com/templates/Pixame_v1/stylesheet.css" "Mozilla/5.0 (Linux; Android 12; SM-G998U) AppleWebKit/537.36 (KHTML, like Gecko) Chrome/96.0.4664.92 Mobile Safari/537.36"
174.248.43.78 - - [16/Dec/2021:00:14:32 +0100] "GET /templates/Pixame_v1/images/header-object.png HTTP/1.0" 200 278 "http://www.wonder-geek.com/templates/Pixame_v1/stylesheet.css" "Mozilla/5.0 (Linux; Android 12; SM-G998U) AppleWebKit/537.36 (KHTML, like Gecko) Chrome/96.0.4664.92 Mobile Safari/537.36"
174.248.43.78 - - [16/Dec/2021:00:14:32 +0100] "GET /templates/Pixame_v1/images/header.png HTTP/1.0" 200 271 "http://www.wonder-geek.com/templates/Pixame_v1/stylesheet.css" "Mozilla/5.0 (Linux; Android 12; SM-G998U) AppleWebKit/537.36 (KHTML, like Gecko) Chrome/96.0.4664.92 Mobile Safari/537.36"
174.248.43.78 - - [16/Dec/2021:00:14:32 +0100] "GET /templates/Pixame_v1/images/nav.png HTTP/1.0" 200 268 "http://www.wonder-geek.com/templates/Pixame_v1/stylesheet.css" "Mozilla/5.0 (Linux; Android 12; SM-G998U) AppleWebKit/537.36 (KHTML, like Gecko) Chrome/96.0.4664.92 Mobile Safari/537.36"
174.248.43.78 - - [16/Dec/2021:00:14:32 +0100] "GET /highslide/graphics/zoomin.cur HTTP/1.0" 200 614 "http://www.wonder-geek.com/templates/Pixame_v1/stylesheet.css" "Mozilla/5.0 (Linux; Android 12; SM-G998U) AppleWebKit/537.36 (KHTML, like Gecko) Chrome/96.0.4664.92 Mobile Safari/537.36"
174.248.43.78 - - [16/Dec/2021:00:14:32 +0100] "GET /design/productsenstock.png HTTP/1.0" 200 260 "http://www.wonder-geek.com/templates/Pixame_v1/stylesheet.css" "Mozilla/5.0 (Linux; Android 12; SM-G998U) AppleWebKit/537.36 (KHTML, like Gecko) Chrome/96.0.4664.92 Mobile Safari/537.36"
174.248.43.78 - - [16/Dec/2021:00:14:32 +0100] "GET /templates/Pixame_v1/images/infobox/infobox_footer_middle.gif HTTP/1.0" 200 357 "http://www.wonder-geek.com/gold-black-elephant-table-lamp-p-54617.html" "Mozilla/5.0 (Linux; Android 12; SM-G998U) AppleWebKit/537.36 (KHTML, like Gecko) Chrome/96.0.4664.92 Mobile Safari/537.36"
174.248.43.78 - - [16/Dec/2021:00:14:32 +0100] "GET /templates/Pixame_v1/images/buttons/english/button_in_cart.gif HTTP/1.0" 200 295 "http://www.wonder-geek.com/gold-black-elephant-table-lamp-p-54617.html" "Mozilla/5.0 (Linux; Android 12; SM-G998U) AppleWebKit/537.36 (KHTML, like Gecko) Chrome/96.0.4664.92 Mobile Safari/537.36"
174.248.43.78 - - [16/Dec/2021:00:14:33 +0100] "GET /highslide/graphics/zoomout.cur HTTP/1.0" 200 614 "http://www.wonder-geek.com/gold-black-elephant-table-lamp-p-54617.html" "Mozilla/5.0 (Linux; Android 12; SM-G998U) AppleWebKit/537.36 (KHTML, like Gecko) Chrome/96.0.4664.92 Mobile Safari/537.36"
174.248.43.78 - - [16/Dec/2021:00:14:33 +0100] "GET /highslide/graphics/outlines/drop-shadow.png HTTP/1.0" 200 277 "http://www.wonder-geek.com/gold-black-elephant-table-lamp-p-54617.html" "Mozilla/5.0 (Linux; Android 12; SM-G998U) AppleWebKit/537.36 (KHTML, like Gecko) Chrome/96.0.4664.92 Mobile Safari/537.36"
174.248.43.78 - - [16/Dec/2021:00:14:33 +0100] "GET /highslide/graphics/loader.white.gif HTTP/1.0" 200 960 "http://www.wonder-geek.com/templates/Pixame_v1/stylesheet.css" "Mozilla/5.0 (Linux; Android 12; SM-G998U) AppleWebKit/537.36 (KHTML, like Gecko) Chrome/96.0.4664.92 Mobile Safari/537.36"
174.248.43.78 - - [16/Dec/2021:00:14:33 +0100] "GET /favicon.ico HTTP/1.0" 200 260 "http://www.wonder-geek.com/gold-black-elephant-table-lamp-p-54617.html" "Mozilla/5.0 (Linux; Android 12; SM-G998U) AppleWebKit/537.36 (KHTML, like Gecko) Chrome/96.0.4664.92 Mobile Safari/537.36"
185.191.171.45 - - [16/Dec/2021:00:14:38 +0100] "GET /little-toiletry-p-43412.html?action=add_product HTTP/1.0" 302 476 "-" "Mozilla/5.0 (compatible; SemrushBot/7~bl; +http://www.semrush.com/bot.html)"
185.191.171.11 - - [16/Dec/2021:00:14:57 +0100] "GET /wood-frame-ophthalmologist-1035-p-42312.html HTTP/1.0" 200 73355 "-" "Mozilla/5.0 (compatible; SemrushBot/7~bl; +http://www.semrush.com/bot.html)"
185.191.171.5 - - [16/Dec/2021:00:15:22 +0100] "GET /blue-bowl-with-white-lines-porcelain-p-56191.html HTTP/1.0" 200 73417 "-" "Mozilla/5.0 (compatible; SemrushBot/7~bl; +http://www.semrush.com/bot.html)"
185.191.171.21 - - [16/Dec/2021:00:15:26 +0100] "GET /travel-trunk-p-49061.html?action=add_product HTTP/1.0" 302 476 "-" "Mozilla/5.0 (compatible; SemrushBot/7~bl; +http://www.semrush.com/bot.html)"
8.209.109.51 - - [16/Dec/2021:00:15:42 +0100] "GET /images/8435306259579.jpg HTTP/1.0" 200 259 "https://google.com" "Mozilla/5.0 (X11; U; Linux x86_64) AppleWebKit/537.36 (KHTML, like Gecko) Chrome/71.0.3541.77 Safari/537.36"
175.102.16.34 - - [16/Dec/2021:00:15:52 +0100] "GET /images/mini_prod/8435333853245.jpg HTTP/1.0" 200 269 "-" "Mozilla/5.0 (X11; Ubuntu; Linux x86_64; rv:72.0) Gecko/20100101 Firefox/72.0"
157.55.39.125 - - [16/Dec/2021:00:16:13 +0100] "GET /images/med_prod/1399984272190.jpg HTTP/1.0" 200 268 "-" "Mozilla/5.0 (compatible; bingbot/2.0; +http://www.bing.com/bingbot.htm)"
185.191.171.24 - - [16/Dec/2021:00:16:13 +0100] "GET /hello-kitty-hair-ornements-p-13570.html?action=add_product HTTP/1.0" 302 476 "-" "Mozilla/5.0 (compatible; SemrushBot/7~bl; +http://www.semrush.com/bot.html)"
54.36.148.243 - - [16/Dec/2021:00:16:24 +0100] "GET /blue-ginkgo-tray-p-56803.html HTTP/1.0" 200 73288 "-" "Mozilla/5.0 (compatible; AhrefsBot/7.0; +http://ahrefs.com/robot/)"
185.191.171.24 - - [16/Dec/2021:00:16:28 +0100] "GET /gorjuss-cards-supplied-with-envelope-shine-p-48365.html?action=add_product HTTP/1.0" 302 476 "-" "Mozilla/5.0 (compatible; SemrushBot/7~bl; +http://www.semrush.com/bot.html)"
71.179.200.105 - - [16/Dec/2021:00:16:33 +0100] "GET /robots.txt HTTP/1.0" 200 245 "-" "Mozilla/5.0 (compatible; MJ12bot/v1.4.8; http://mj12bot.com/)"
71.179.200.105 - - [16/Dec/2021:00:16:34 +0100] "GET /decorative-ball-silver-resin-p-57069.html HTTP/1.0" 200 74004 "-" "Mozilla/5.0 (compatible; MJ12bot/v1.4.8; http://mj12bot.com/)"
71.179.200.105 - - [16/Dec/2021:00:16:37 +0100] "GET /jour-boire-metal-plate-deco-p-57074.html HTTP/1.0" 200 73880 "-" "Mozilla/5.0 (compatible; MJ12bot/v1.4.8; http://mj12bot.com/)"
71.179.200.105 - - [16/Dec/2021:00:16:40 +0100] "GET /orange-blossom-fragrance-diffuser-made-provence-p-57055.html HTTP/1.0" 200 74727 "-" "Mozilla/5.0 (compatible; MJ12bot/v1.4.8; http://mj12bot.com/)"
207.46.13.62 - - [16/Dec/2021:00:16:52 +0100] "GET /cactus-ethnic-style-burlap-table-p-48437.html HTTP/1.0" 200 73888 "-" "Mozilla/5.0 (compatible; bingbot/2.0; +http://www.bing.com/bingbot.htm)"
157.55.39.125 - - [16/Dec/2021:00:16:55 +0100] "GET /scented-candle-made-france-mint-basil-p-57049.html HTTP/1.0" 301 611 "-" "Mozilla/5.0 (compatible; bingbot/2.0; +http://www.bing.com/bingbot.htm)"
185.191.171.6 - - [16/Dec/2021:00:16:56 +0100] "GET /cats-cactus-pvc-placemat-p-45288.html HTTP/1.0" 301 70778 "-" "Mozilla/5.0 (compatible; SemrushBot/7~bl; +http://www.semrush.com/bot.html)"
185.191.171.24 - - [16/Dec/2021:00:17:00 +0100] "GET /cats-cactus-placemat-p-45288.html HTTP/1.0" 200 70691 "-" "Mozilla/5.0 (compatible; SemrushBot/7~bl; +http://www.semrush.com/bot.html)"
157.55.39.125 - - [16/Dec/2021:00:17:04 +0100] "GET /scented-candle-made-france-mint-basil-p-57049.html HTTP/1.0" 200 74892 "-" "Mozilla/5.0 (compatible; bingbot/2.0; +http://www.bing.com/bingbot.htm)"
66.249.70.72 - - [16/Dec/2021:00:17:12 +0100] "GET /vespa-ipad-bag-and-pencil-case-p-13046.html HTTP/1.0" 301 73645 "-" "Mozilla/5.0 (Linux; Android 6.0.1; Nexus 5X Build/MMB29P) AppleWebKit/537.36 (KHTML, like Gecko) Chrome/96.0.4664.93 Mobile Safari/537.36 (compatible; Googlebot/2.1; +http://www.google.com/bot.html)"
66.249.70.72 - - [16/Dec/2021:00:17:14 +0100] "GET /vespa-ipad-pencil-case-p-13046.html HTTP/1.0" 200 73556 "-" "Mozilla/5.0 (Linux; Android 6.0.1; Nexus 5X Build/MMB29P) AppleWebKit/537.36 (KHTML, like Gecko) Chrome/96.0.4664.93 Mobile Safari/537.36 (compatible; Googlebot/2.1; +http://www.google.com/bot.html)"
114.119.128.26 - - [16/Dec/2021:00:17:29 +0100] "GET /travel-documents-passport-boarding-pass-p-47347.html HTTP/1.0" 200 74274 "-" "Mozilla/5.0 (Linux; Android 7.0;) AppleWebKit/537.36 (KHTML, like Gecko) Mobile Safari/537.36 (compatible; PetalBot;+https://webmaster.petalsearch.com/site/petalbot)"
157.55.39.223 - - [16/Dec/2021:00:17:52 +0100] "GET /-p-39703.html HTTP/1.0" 200 70613 "-" "Mozilla/5.0 (compatible; bingbot/2.0; +http://www.bing.com/bingbot.htm)"
