157.55.39.223 - - [15/Dec/2021:06:23:50 +0100] "GET /-p-49657.html HTTP/1.0" 200 70613 "-" "Mozilla/5.0 (compatible; bingbot/2.0; +http://www.bing.com/bingbot.htm)"
114.119.128.26 - - [15/Dec/2021:06:23:50 +0100] "GET /glass-cutting-board-by-cbkreation-p-51907.html HTTP/1.0" 301 73416 "-" "Mozilla/5.0 (Linux; Android 7.0;) AppleWebKit/537.36 (KHTML, like Gecko) Mobile Safari/537.36 (compatible; PetalBot;+https://webmaster.petalsearch.com/site/petalbot)"
114.119.128.26 - - [15/Dec/2021:06:23:53 +0100] "GET /glass-cutting-board-cbkreation-p-51907.html HTTP/1.0" 200 73319 "-" "Mozilla/5.0 (Linux; Android 7.0;) AppleWebKit/537.36 (KHTML, like Gecko) Mobile Safari/537.36 (compatible; PetalBot;+https://webmaster.petalsearch.com/site/petalbot)"
51.68.224.127 - - [15/Dec/2021:06:24:13 +0100] "GET /adminweb/export_orders_xml.php?token=256de2z6edz6ed2z6DFSFsed2zed6zeDSFDSGdzedezfzf&maxorders=10&orderstart=1&status=14&start_date=2018-10-01 HTTP/1.0" 200 285 "-" "GesCom CharlotteBoutik Serveur"
185.191.171.9 - - [15/Dec/2021:06:24:11 +0100] "GET /gorjuss-chronicles-wooden-brooch-ruby8203-p-38198.html HTTP/1.0" 200 74849 "-" "Mozilla/5.0 (compatible; SemrushBot/7~bl; +http://www.semrush.com/bot.html)"
51.68.224.127 - - [15/Dec/2021:06:24:13 +0100] "GET /adminweb/export_orders_xml.php?token=256de2z6edz6ed2z6DFSFsed2zed6zeDSFDSGdzedezfzf&maxorders=10&orderstart=1&status=6&start_date=2018-10-01 HTTP/1.0" 200 32471 "-" "GesCom CharlotteBoutik Serveur"
54.36.148.243 - - [15/Dec/2021:06:24:24 +0100] "GET /white-porcelain-table-lamp-p-56805.html HTTP/1.0" 200 73914 "-" "Mozilla/5.0 (compatible; AhrefsBot/7.0; +http://ahrefs.com/robot/)"
185.191.171.34 - - [15/Dec/2021:06:24:27 +0100] "GET /resin-statue-monks-hear-seeing-p-50026.html?action=add_product HTTP/1.0" 302 476 "-" "Mozilla/5.0 (compatible; SemrushBot/7~bl; +http://www.semrush.com/bot.html)"
103.131.71.135 - - [15/Dec/2021:06:24:38 +0100] "GET /robots.txt HTTP/1.0" 301 531 "-" "Mozilla/5.0 (compatible; coccocbot-web/1.0; +http://help.coccoc.com/searchengine)"
185.191.171.38 - - [15/Dec/2021:06:24:38 +0100] "GET /snake-wooden-wall-decoration-p-46822.html HTTP/1.0" 200 73339 "-" "Mozilla/5.0 (compatible; SemrushBot/7~bl; +http://www.semrush.com/bot.html)"
103.131.71.135 - - [15/Dec/2021:06:24:41 +0100] "GET /robots.txt HTTP/1.0" 200 245 "-" "Mozilla/5.0 (compatible; coccocbot-web/1.0; +http://help.coccoc.com/searchengine)"
185.191.171.7 - - [15/Dec/2021:06:24:47 +0100] "GET /-p-46859.html?action=add_product HTTP/1.0" 302 476 "-" "Mozilla/5.0 (compatible; SemrushBot/7~bl; +http://www.semrush.com/bot.html)"
157.55.39.0 - - [15/Dec/2021:06:24:47 +0100] "GET /images/med_prod/8435306270062.jpg HTTP/1.0" 200 268 "-" "Mozilla/5.0 (compatible; bingbot/2.0; +http://www.bing.com/bingbot.htm)"
185.191.171.24 - - [15/Dec/2021:06:25:05 +0100] "GET /roma-pencil-p-49256.html?action=add_product HTTP/1.0" 302 476 "-" "Mozilla/5.0 (compatible; SemrushBot/7~bl; +http://www.semrush.com/bot.html)"
185.191.171.37 - - [15/Dec/2021:06:25:09 +0100] "GET /stationery-cardmaking-c-129.html?page=14 HTTP/1.0" 200 92950 "-" "Mozilla/5.0 (compatible; SemrushBot/7~bl; +http://www.semrush.com/bot.html)"
185.191.171.15 - - [15/Dec/2021:06:25:26 +0100] "GET /little-toiletry-p-43406.html?action=add_product HTTP/1.0" 302 476 "-" "Mozilla/5.0 (compatible; SemrushBot/7~bl; +http://www.semrush.com/bot.html)"
114.119.128.37 - - [15/Dec/2021:06:25:41 +0100] "GET /figurine-puppy-bowl-dalmatians-bone-shaped-dish-p-53985.html HTTP/1.0" 200 74937 "-" "Mozilla/5.0 (Linux; Android 7.0;) AppleWebKit/537.36 (KHTML, like Gecko) Mobile Safari/537.36 (compatible; PetalBot;+https://webmaster.petalsearch.com/site/petalbot)"
17.121.114.85 - - [15/Dec/2021:06:25:42 +0100] "GET /surfboard-ceramic-magnet-p-42057.html HTTP/1.0" 200 74184 "-" "Mozilla/5.0 (Macintosh; Intel Mac OS X 10_15_5) AppleWebKit/605.1.15 (KHTML, like Gecko) Version/13.1.1 Safari/605.1.15 (Applebot/0.1; +http://www.apple.com/go/applebot)"
185.191.171.6 - - [15/Dec/2021:06:25:52 +0100] "GET /wooden-wall-decoration-tahitian-theme-p-47316.html HTTP/1.0" 200 74119 "-" "Mozilla/5.0 (compatible; SemrushBot/7~bl; +http://www.semrush.com/bot.html)"
157.55.39.228 - - [15/Dec/2021:06:27:05 +0100] "GET /images/big_prod/1341689137243.jpg HTTP/1.0" 200 268 "-" "Mozilla/5.0 (compatible; bingbot/2.0; +http://www.bing.com/bingbot.htm)"
54.36.148.243 - - [15/Dec/2021:06:27:06 +0100] "GET /scented-candle-made-france-amber-vanilla-p-57037.html HTTP/1.0" 200 74782 "-" "Mozilla/5.0 (compatible; AhrefsBot/7.0; +http://ahrefs.com/robot/)"
216.244.66.242 - - [15/Dec/2021:06:27:36 +0100] "GET /robots.txt HTTP/1.0" 200 245 "-" "Mozilla/5.0 (compatible; DotBot/1.2; +https://opensiteexplorer.org/dotbot; help@moz.com)"
185.191.171.15 - - [15/Dec/2021:06:27:40 +0100] "GET /votive-candle-hours-eastern-promise-p-38112.html?action=add_product HTTP/1.0" 302 476 "-" "Mozilla/5.0 (compatible; SemrushBot/7~bl; +http://www.semrush.com/bot.html)"
185.191.171.37 - - [15/Dec/2021:06:27:46 +0100] "GET /cement-tile-stickers-p-51626.html?action=add_product HTTP/1.0" 302 476 "-" "Mozilla/5.0 (compatible; SemrushBot/7~bl; +http://www.semrush.com/bot.html)"
40.77.167.66 - - [15/Dec/2021:06:27:56 +0100] "GET /images/3760194799919.jpg HTTP/1.0" 200 259 "-" "Mozilla/5.0 (compatible; bingbot/2.0; +http://www.bing.com/bingbot.htm)"
185.191.171.39 - - [15/Dec/2021:06:28:32 +0100] "GET /minions-lunchbox-p-33059.html HTTP/1.0" 301 70680 "-" "Mozilla/5.0 (compatible; SemrushBot/7~bl; +http://www.semrush.com/bot.html)"
185.191.171.24 - - [15/Dec/2021:06:28:35 +0100] "GET /-p-33059.html HTTP/1.0" 200 70613 "-" "Mozilla/5.0 (compatible; SemrushBot/7~bl; +http://www.semrush.com/bot.html)"
40.77.167.66 - - [15/Dec/2021:06:28:56 +0100] "GET /images/DSCN0652vert.jpg HTTP/1.0" 200 258 "-" "Mozilla/5.0 (compatible; bingbot/2.0; +http://www.bing.com/bingbot.htm)"
185.191.171.39 - - [15/Dec/2021:06:29:30 +0100] "GET /verity-rose-moonstruck-photo-frame-p-29148.html HTTP/1.0" 200 73375 "-" "Mozilla/5.0 (compatible; SemrushBot/7~bl; +http://www.semrush.com/bot.html)"
54.36.148.243 - - [15/Dec/2021:06:29:45 +0100] "GET /corsica-side-table-p-56625.html HTTP/1.0" 200 73984 "-" "Mozilla/5.0 (compatible; AhrefsBot/7.0; +http://ahrefs.com/robot/)"
157.55.39.228 - - [15/Dec/2021:06:30:16 +0100] "GET /dishes/suitcase-lunch-and-lunch-box/dora-the-explorer-picnic-bag-p-16808.html HTTP/1.0" 301 665 "-" "Mozilla/5.0 (compatible; bingbot/2.0; +http://www.bing.com/bingbot.htm)"
20.99.155.235 - - [15/Dec/2021:06:30:24 +0100] "GET /images/big_prod/629TITInoir.jpg HTTP/1.0" 200 266 "-" "Mozilla/5.0 (Windows NT 6.1; WOW64) AppleWebKit/537.36 (KHTML, like Gecko) Chrome/45.0.2454.101 Safari/537.36"
95.108.213.29 - - [15/Dec/2021:06:30:36 +0100] "GET /nici-moon-ville-mug-p-22377.html HTTP/1.0" 301 73300 "-" "Mozilla/5.0 (compatible; YandexBot/3.0; +http://yandex.com/bots)"
5.255.253.187 - - [15/Dec/2021:06:30:39 +0100] "GET /nici-moon-ville-p-22377.html HTTP/1.0" 200 73218 "-" "Mozilla/5.0 (compatible; YandexBot/3.0; +http://yandex.com/bots)"
157.55.39.223 - - [15/Dec/2021:06:30:48 +0100] "GET /images/big_prod_1/1367103004083a.jpg HTTP/1.0" 200 271 "-" "Mozilla/5.0 (compatible; bingbot/2.0; +http://www.bing.com/bingbot.htm)"
114.119.128.26 - - [15/Dec/2021:06:30:53 +0100] "GET /only-etienne-boyer-shirt-p-33854.html HTTP/1.0" 200 75807 "-" "Mozilla/5.0 (Linux; Android 7.0;) AppleWebKit/537.36 (KHTML, like Gecko) Mobile Safari/537.36 (compatible; PetalBot;+https://webmaster.petalsearch.com/site/petalbot)"
66.249.70.74 - - [15/Dec/2021:06:31:05 +0100] "GET /daddy-little-princess-ariel-and-triton-figurine-p-45824.html HTTP/1.0" 301 75708 "-" "Mozilla/5.0 (Linux; Android 6.0.1; Nexus 5X Build/MMB29P) AppleWebKit/537.36 (KHTML, like Gecko) Chrome/96.0.4664.93 Mobile Safari/537.36 (compatible; Googlebot/2.1; +http://www.google.com/bot.html)"
66.249.70.74 - - [15/Dec/2021:06:31:06 +0100] "GET /daddy-little-princess-ariel-triton-figurine-p-45824.html HTTP/1.0" 200 75598 "-" "Mozilla/5.0 (Linux; Android 6.0.1; Nexus 5X Build/MMB29P) AppleWebKit/537.36 (KHTML, like Gecko) Chrome/96.0.4664.93 Mobile Safari/537.36 (compatible; Googlebot/2.1; +http://www.google.com/bot.html)"
54.36.148.243 - - [15/Dec/2021:06:32:30 +0100] "GET /wall-decoration-hang-p-56891.html HTTP/1.0" 200 73374 "-" "Mozilla/5.0 (compatible; AhrefsBot/7.0; +http://ahrefs.com/robot/)"
114.119.128.37 - - [15/Dec/2021:06:32:51 +0100] "GET /shell-metal-plate-deco-405-215-cm-p-41069.html HTTP/1.0" 301 73440 "-" "Mozilla/5.0 (Linux; Android 7.0;) AppleWebKit/537.36 (KHTML, like Gecko) Mobile Safari/537.36 (compatible; PetalBot;+https://webmaster.petalsearch.com/site/petalbot)"
114.119.128.37 - - [15/Dec/2021:06:32:55 +0100] "GET /shell-metal-plate-deco-p-41069.html HTTP/1.0" 200 73351 "-" "Mozilla/5.0 (Linux; Android 7.0;) AppleWebKit/537.36 (KHTML, like Gecko) Mobile Safari/537.36 (compatible; PetalBot;+https://webmaster.petalsearch.com/site/petalbot)"
185.191.171.12 - - [15/Dec/2021:06:33:00 +0100] "GET /cats-by-dubout-vase-p-33351.html HTTP/1.0" 301 74282 "-" "Mozilla/5.0 (compatible; SemrushBot/7~bl; +http://www.semrush.com/bot.html)"
185.191.171.4 - - [15/Dec/2021:06:33:03 +0100] "GET /cats-dubout-vase-p-33351.html HTTP/1.0" 200 74199 "-" "Mozilla/5.0 (compatible; SemrushBot/7~bl; +http://www.semrush.com/bot.html)"
66.249.70.72 - - [15/Dec/2021:06:33:08 +0100] "GET /mouse-cbkreation-p-23325.html HTTP/1.0" 200 73278 "-" "Mozilla/5.0 (Linux; Android 6.0.1; Nexus 5X Build/MMB29P) AppleWebKit/537.36 (KHTML, like Gecko) Chrome/96.0.4664.93 Mobile Safari/537.36 (compatible; Googlebot/2.1; +http://www.google.com/bot.html)"
155.138.175.238 - - [15/Dec/2021:06:33:40 +0100] "GET /images/mini_prod/1399984254899.jpg HTTP/1.0" 200 269 "-" "Mozilla/5.0 (X11; Ubuntu; Linux x86_64; rv:72.0) Gecko/20100101 Firefox/72.0"
185.191.171.21 - - [15/Dec/2021:06:34:07 +0100] "GET /candy-cloud-unicorn-bubbles-p-49792.html HTTP/1.0" 200 73790 "-" "Mozilla/5.0 (compatible; SemrushBot/7~bl; +http://www.semrush.com/bot.html)"
185.191.171.36 - - [15/Dec/2021:06:34:10 +0100] "GET /parrot-figurine-flocked-resin-p-54029.html HTTP/1.0" 200 74229 "-" "Mozilla/5.0 (compatible; SemrushBot/7~bl; +http://www.semrush.com/bot.html)"
185.191.171.13 - - [15/Dec/2021:06:34:13 +0100] "GET /robots.txt HTTP/1.0" 200 245 "-" "Mozilla/5.0 (compatible; SemrushBot/7~bl; +http://www.semrush.com/bot.html)"
185.191.171.42 - - [15/Dec/2021:06:34:13 +0100] "GET /cats-street-saltshaker-p-46878.html?action=add_product HTTP/1.0" 302 476 "-" "Mozilla/5.0 (compatible; SemrushBot/7~bl; +http://www.semrush.com/bot.html)"
185.191.171.36 - - [15/Dec/2021:06:34:19 +0100] "GET /star-wars-kylo-large-backpack-p-35539.html?action=add_product HTTP/1.0" 302 476 "-" "Mozilla/5.0 (compatible; SemrushBot/7~bl; +http://www.semrush.com/bot.html)"
157.55.39.0 - - [15/Dec/2021:06:34:28 +0100] "GET /images/8435339303133.jpg HTTP/1.0" 200 259 "-" "Mozilla/5.0 (compatible; bingbot/2.0; +http://www.bing.com/bingbot.htm)"
114.119.128.37 - - [15/Dec/2021:06:35:03 +0100] "GET /tigger-figure-by-britto-p-29824.html HTTP/1.0" 301 73369 "-" "Mozilla/5.0 (Linux; Android 7.0;) AppleWebKit/537.36 (KHTML, like Gecko) Mobile Safari/537.36 (compatible; PetalBot;+https://webmaster.petalsearch.com/site/petalbot)"
114.119.128.37 - - [15/Dec/2021:06:35:06 +0100] "GET /tigger-figure-britto-p-29824.html HTTP/1.0" 200 73282 "-" "Mozilla/5.0 (Linux; Android 7.0;) AppleWebKit/537.36 (KHTML, like Gecko) Mobile Safari/537.36 (compatible; PetalBot;+https://webmaster.petalsearch.com/site/petalbot)"
185.191.171.18 - - [15/Dec/2021:06:35:12 +0100] "GET /head-lamp-silver-p-55536.html HTTP/1.0" 200 73244 "-" "Mozilla/5.0 (compatible; SemrushBot/7~bl; +http://www.semrush.com/bot.html)"
54.36.148.243 - - [15/Dec/2021:06:35:14 +0100] "GET /scented-candle-made-france-orange-blossom-p-57042.html HTTP/1.0" 200 74947 "-" "Mozilla/5.0 (compatible; AhrefsBot/7.0; +http://ahrefs.com/robot/)"
216.244.66.242 - - [15/Dec/2021:06:35:44 +0100] "GET /kitten-p-27598.html HTTP/1.0" 301 70680 "-" "Mozilla/5.0 (compatible; DotBot/1.2; +https://opensiteexplorer.org/dotbot; help@moz.com)"
185.191.171.15 - - [15/Dec/2021:06:36:06 +0100] "GET /candy-cloud-bamboo-cake-p-51809.html?action=add_product HTTP/1.0" 302 476 "-" "Mozilla/5.0 (compatible; SemrushBot/7~bl; +http://www.semrush.com/bot.html)"
185.191.171.35 - - [15/Dec/2021:06:36:42 +0100] "GET /golden-retriever-pencil-case-p-40829.html HTTP/1.0" 200 73329 "-" "Mozilla/5.0 (compatible; SemrushBot/7~bl; +http://www.semrush.com/bot.html)"
185.191.171.22 - - [15/Dec/2021:06:37:12 +0100] "GET /branch-and-birds-stickers-20-70-cm-p-36141.html HTTP/1.0" 301 73432 "-" "Mozilla/5.0 (compatible; SemrushBot/7~bl; +http://www.semrush.com/bot.html)"
185.191.171.2 - - [15/Dec/2021:06:37:15 +0100] "GET /branch-birds-stickers-p-36141.html HTTP/1.0" 200 73344 "-" "Mozilla/5.0 (compatible; SemrushBot/7~bl; +http://www.semrush.com/bot.html)"
54.36.148.243 - - [15/Dec/2021:06:38:03 +0100] "GET /coasters-c-12_157.html HTTP/1.0" 200 92556 "-" "Mozilla/5.0 (compatible; AhrefsBot/7.0; +http://ahrefs.com/robot/)"
185.191.171.36 - - [15/Dec/2021:06:38:10 +0100] "GET /stormtrooper-white-hobo-bag-p-29267.html HTTP/1.0" 301 73769 "-" "Mozilla/5.0 (compatible; SemrushBot/7~bl; +http://www.semrush.com/bot.html)"
185.191.171.10 - - [15/Dec/2021:06:38:14 +0100] "GET /stormtrooper-white-hobo-p-29267.html HTTP/1.0" 200 73679 "-" "Mozilla/5.0 (compatible; SemrushBot/7~bl; +http://www.semrush.com/bot.html)"
216.244.66.242 - - [15/Dec/2021:06:39:27 +0100] "GET /mouse-cbkreation-p-23325.html HTTP/1.0" 200 73278 "-" "Mozilla/5.0 (compatible; DotBot/1.2; +https://opensiteexplorer.org/dotbot; help@moz.com)"
157.55.39.0 - - [15/Dec/2021:06:39:38 +0100] "GET /pocket-warmer-panda-wink-gray-p-55004.html HTTP/1.0" 200 74555 "-" "Mozilla/5.0 (compatible; bingbot/2.0; +http://www.bing.com/bingbot.htm)"
157.55.39.223 - - [15/Dec/2021:06:40:31 +0100] "GET /boxes-and-storage-in-ceramics-c-13_150_219.html HTTP/1.0" 301 78122 "-" "Mozilla/5.0 (compatible; bingbot/2.0; +http://www.bing.com/bingbot.htm)"
20.99.156.10 - - [15/Dec/2021:06:40:37 +0100] "GET /images/big_prod_1/8717202559642a.jpg HTTP/1.0" 200 271 "-" "Mozilla/5.0 (Windows NT 6.1; WOW64) AppleWebKit/537.36 (KHTML, like Gecko) Chrome/45.0.2454.101 Safari/537.36"
54.36.148.243 - - [15/Dec/2021:06:40:56 +0100] "GET /large-decorative-bell-gold-metal-p-56600.html HTTP/1.0" 200 74262 "-" "Mozilla/5.0 (compatible; AhrefsBot/7.0; +http://ahrefs.com/robot/)"
216.244.66.242 - - [15/Dec/2021:06:41:18 +0100] "GET /petit-beurre-placemat-p-28607.html HTTP/1.0" 200 73198 "-" "Mozilla/5.0 (compatible; DotBot/1.2; +https://opensiteexplorer.org/dotbot; help@moz.com)"
51.68.224.127 - - [15/Dec/2021:06:41:19 +0100] "GET /adminweb/export_orders_xml.php?token=256de2z6edz6ed2z6DFSFsed2zed6zeDSFDSGdzedezfzf&maxorders=10&orderstart=1&status=14&start_date=2018-10-01 HTTP/1.0" 200 285 "-" "GesCom CharlotteBoutik Serveur"
51.68.224.127 - - [15/Dec/2021:06:41:20 +0100] "GET /adminweb/export_orders_xml.php?token=256de2z6edz6ed2z6DFSFsed2zed6zeDSFDSGdzedezfzf&maxorders=10&orderstart=1&status=6&start_date=2018-10-01 HTTP/1.0" 200 32471 "-" "GesCom CharlotteBoutik Serveur"
185.191.171.22 - - [15/Dec/2021:06:41:26 +0100] "GET /monstro-gepetto-and-pinocchio-figure-collection-p-51177.html HTTP/1.0" 301 75525 "-" "Mozilla/5.0 (compatible; SemrushBot/7~bl; +http://www.semrush.com/bot.html)"
185.191.171.14 - - [15/Dec/2021:06:41:29 +0100] "GET /monstro-gepetto-pinocchio-figure-collection-p-51177.html HTTP/1.0" 200 75415 "-" "Mozilla/5.0 (compatible; SemrushBot/7~bl; +http://www.semrush.com/bot.html)"
185.191.171.22 - - [15/Dec/2021:06:41:32 +0100] "GET /keychain-or-jewel-bag-dream-catcher-white-p-40015.html HTTP/1.0" 301 70896 "-" "Mozilla/5.0 (compatible; SemrushBot/7~bl; +http://www.semrush.com/bot.html)"
185.191.171.14 - - [15/Dec/2021:06:41:36 +0100] "GET /keychain-jewel-dream-catcher-white-p-40015.html HTTP/1.0" 200 70795 "-" "Mozilla/5.0 (compatible; SemrushBot/7~bl; +http://www.semrush.com/bot.html)"
144.202.100.211 - - [15/Dec/2021:06:42:22 +0100] "GET /images/mini_prod/3700653592125.jpg HTTP/1.0" 200 269 "-" "Mozilla/5.0 (X11; Ubuntu; Linux x86_64; rv:72.0) Gecko/20100101 Firefox/72.0"
185.191.171.13 - - [15/Dec/2021:06:42:26 +0100] "GET /melt-baked-apple-p-37438.html HTTP/1.0" 200 73805 "-" "Mozilla/5.0 (compatible; SemrushBot/7~bl; +http://www.semrush.com/bot.html)"
155.138.175.238 - - [15/Dec/2021:06:42:44 +0100] "GET /images/mini_prod/1300000030076.jpg HTTP/1.0" 200 269 "-" "Mozilla/5.0 (X11; Ubuntu; Linux x86_64; rv:72.0) Gecko/20100101 Firefox/72.0"
17.121.112.131 - - [15/Dec/2021:06:43:07 +0100] "GET /horses-stickers-p-19589.html HTTP/1.0" 200 72965 "-" "Mozilla/5.0 (Macintosh; Intel Mac OS X 10_15_5) AppleWebKit/605.1.15 (KHTML, like Gecko) Version/13.1.1 Safari/605.1.15 (Applebot/0.1; +http://www.apple.com/go/applebot)"
147.92.153.13 - - [15/Dec/2021:06:43:23 +0100] "GET /mini-trays-c-12_159_260.html?page=5 HTTP/1.0" 200 92627 "-" "Mozilla/5.0 (compatible; Linespider/1.1; +https://lin.ee/4dwXkTH)"
114.119.128.39 - - [15/Dec/2021:06:43:45 +0100] "GET /saint-anne-prayer-candle-novena-p-47128.html HTTP/1.0" 200 74094 "-" "Mozilla/5.0 (Linux; Android 7.0;) AppleWebKit/537.36 (KHTML, like Gecko) Mobile Safari/537.36 (compatible; PetalBot;+https://webmaster.petalsearch.com/site/petalbot)"
54.36.148.243 - - [15/Dec/2021:06:43:52 +0100] "GET /perfumes-interior-c-231_234.html HTTP/1.0" 200 91936 "-" "Mozilla/5.0 (compatible; AhrefsBot/7.0; +http://ahrefs.com/robot/)"
185.191.171.2 - - [15/Dec/2021:06:43:53 +0100] "GET /fisherman-metal-bottle-holder-p-56373.html HTTP/1.0" 200 74067 "-" "Mozilla/5.0 (compatible; SemrushBot/7~bl; +http://www.semrush.com/bot.html)"
185.191.171.36 - - [15/Dec/2021:06:43:56 +0100] "GET /sophie-giraffe-glitter-globe-p-30604.html?action=add_product HTTP/1.0" 302 476 "-" "Mozilla/5.0 (compatible; SemrushBot/7~bl; +http://www.semrush.com/bot.html)"
185.191.171.14 - - [15/Dec/2021:06:44:23 +0100] "GET /cement-plant-pots-p-54293.html HTTP/1.0" 200 70689 "-" "Mozilla/5.0 (compatible; SemrushBot/7~bl; +http://www.semrush.com/bot.html)"
17.121.113.185 - - [15/Dec/2021:06:44:50 +0100] "GET /cats-ground-sheet-p-52148.html HTTP/1.0" 200 70693 "-" "Mozilla/5.0 (Macintosh; Intel Mac OS X 10_15_5) AppleWebKit/605.1.15 (KHTML, like Gecko) Version/13.1.1 Safari/605.1.15 (Applebot/0.1; +http://www.apple.com/go/applebot)"
216.244.66.242 - - [15/Dec/2021:06:44:55 +0100] "GET /laundry-basket-p-49921.html HTTP/1.0" 200 73883 "-" "Mozilla/5.0 (compatible; DotBot/1.2; +https://opensiteexplorer.org/dotbot; help@moz.com)"
185.191.171.18 - - [15/Dec/2021:06:44:59 +0100] "GET /good-year-large-metal-plate-deco-p-43527.html?action=add_product HTTP/1.0" 302 476 "-" "Mozilla/5.0 (compatible; SemrushBot/7~bl; +http://www.semrush.com/bot.html)"
51.15.59.15 - - [15/Dec/2021:06:45:20 +0100] "GET /contact_us.php HTTP/1.0" 200 26241 "http://www.wonder-geek.com/contact_us.php" "Mozilla/5.0 (Windows NT 10.0; Win64; x64) AppleWebKit/537.36 (KHTML, like Gecko) Chrome/90.0.4430.85 Safari/537.36"
163.172.213.212 - - [15/Dec/2021:06:45:23 +0100] "POST /contact_us.php?action=send HTTP/1.0" 200 26711 "http://www.wonder-geek.com/contact_us.php" "Mozilla/5.0 (Windows NT 10.0; Win64; x64) AppleWebKit/537.36 (KHTML, like Gecko) Chrome/90.0.4430.85 Safari/537.36"
114.119.128.253 - - [15/Dec/2021:06:45:31 +0100] "GET /images/big_prod_1/8422015450816B.jpg HTTP/1.0" 200 271 "-" "Mozilla/5.0 (Linux; Android 7.0;) AppleWebKit/537.36 (KHTML, like Gecko) Mobile Safari/537.36 (compatible; PetalBot;+https://webmaster.petalsearch.com/site/petalbot)"
45.11.21.244 - - [15/Dec/2021:06:45:51 +0100] "GET /create_account.php HTTP/1.0" 301 547 "http://wonder-geek.com/create_account.php" "Mozilla/5.0 (Windows NT 10.0; Win64; x64) AppleWebKit/537.36 (KHTML, like Gecko) Chrome/90.0.4430.85 Safari/537.36 Edg/90.0.818.46"
45.86.0.150 - - [15/Dec/2021:06:45:52 +0100] "GET /create_account.php HTTP/1.0" 200 33633 "http://www.wonder-geek.com/create_account.php" "Mozilla/5.0 (Windows NT 10.0; Win64; x64) AppleWebKit/537.36 (KHTML, like Gecko) Chrome/90.0.4430.85 Safari/537.36 Edg/90.0.818.46"
157.55.39.223 - - [15/Dec/2021:06:46:09 +0100] "GET /images/big_prod_1/b5018997612996.jpg HTTP/1.0" 200 271 "-" "Mozilla/5.0 (compatible; bingbot/2.0; +http://www.bing.com/bingbot.htm)"
45.15.72.114 - - [15/Dec/2021:06:45:55 +0100] "GET /index.php HTTP/1.0" 200 152995 "http://www.wonder-geek.com/index.php" "Mozilla/5.0 (Windows NT 10.0; Win64; x64) AppleWebKit/537.36 (KHTML, like Gecko) Chrome/90.0.4430.85 Safari/537.36 Edg/90.0.818.46"
185.191.171.14 - - [15/Dec/2021:06:46:20 +0100] "GET /au-fil-du-temps-large-bowl-p-45339.html HTTP/1.0" 301 70797 "-" "Mozilla/5.0 (compatible; SemrushBot/7~bl; +http://www.semrush.com/bot.html)"
185.191.171.25 - - [15/Dec/2021:06:46:24 +0100] "GET /temps-large-bowl-p-45339.html HTTP/1.0" 200 70714 "-" "Mozilla/5.0 (compatible; SemrushBot/7~bl; +http://www.semrush.com/bot.html)"
45.86.0.150 - - [15/Dec/2021:06:46:17 +0100] "GET /trivet-boards-c-12_158.html HTTP/1.0" 200 94422 "http://www.wonder-geek.com/trivet-boards-c-12_158.html" "Mozilla/5.0 (Windows NT 10.0; Win64; x64) AppleWebKit/537.36 (KHTML, like Gecko) Chrome/90.0.4430.85 Safari/537.36 Edg/90.0.818.46"
92.119.193.162 - - [15/Dec/2021:06:46:34 +0100] "GET /cardboard-boxes-storage-c-13_150_216.html HTTP/1.0" 200 78053 "http://www.wonder-geek.com/cardboard-boxes-storage-c-13_150_216.html" "Mozilla/5.0 (Windows NT 10.0; Win64; x64) AppleWebKit/537.36 (KHTML, like Gecko) Chrome/90.0.4430.85 Safari/537.36 Edg/90.0.818.46"
54.36.148.243 - - [15/Dec/2021:06:46:36 +0100] "GET /figures-c-4_15.html HTTP/1.0" 200 91732 "-" "Mozilla/5.0 (compatible; AhrefsBot/7.0; +http://ahrefs.com/robot/)"
45.86.0.150 - - [15/Dec/2021:06:46:47 +0100] "GET /contact_us.php HTTP/1.0" 200 26241 "http://www.wonder-geek.com/contact_us.php" "Mozilla/5.0 (Windows NT 10.0; Win64; x64) AppleWebKit/537.36 (KHTML, like Gecko) Chrome/90.0.4430.85 Safari/537.36 Edg/90.0.818.46"
45.86.0.150 - - [15/Dec/2021:06:46:47 +0100] "POST /contact_us.php?action=send HTTP/1.0" 200 28344 "http://www.wonder-geek.com/contact_us.php" "Mozilla/5.0 (Windows NT 10.0; Win64; x64) AppleWebKit/537.36 (KHTML, like Gecko) Chrome/90.0.4430.85 Safari/537.36 Edg/90.0.818.46"
185.191.171.20 - - [15/Dec/2021:06:46:50 +0100] "GET /cats-dubout-large-bowl-p-40054.html HTTP/1.0" 200 73247 "-" "Mozilla/5.0 (compatible; SemrushBot/7~bl; +http://www.semrush.com/bot.html)"
114.119.128.39 - - [15/Dec/2021:06:47:16 +0100] "GET /images/big_prod/3453131157995.jpg HTTP/1.0" 200 268 "-" "Mozilla/5.0 (Linux; Android 7.0;) AppleWebKit/537.36 (KHTML, like Gecko) Mobile Safari/537.36 (compatible; PetalBot;+https://webmaster.petalsearch.com/site/petalbot)"
185.191.171.35 - - [15/Dec/2021:06:47:45 +0100] "GET /love-personnalized-set-of-coffee-cups-p-17676.html HTTP/1.0" 301 70967 "-" "Mozilla/5.0 (compatible; SemrushBot/7~bl; +http://www.semrush.com/bot.html)"
185.191.171.1 - - [15/Dec/2021:06:47:48 +0100] "GET /love-personnalized-coffee-cups-p-17676.html HTTP/1.0" 200 70870 "-" "Mozilla/5.0 (compatible; SemrushBot/7~bl; +http://www.semrush.com/bot.html)"
185.191.171.21 - - [15/Dec/2021:06:48:03 +0100] "GET /golden-decorative-game-dice-p-53101.html HTTP/1.0" 200 70711 "-" "Mozilla/5.0 (compatible; SemrushBot/7~bl; +http://www.semrush.com/bot.html)"
104.244.77.139 - - [15/Dec/2021:06:48:13 +0100] "GET /contact_us.php HTTP/1.0" 200 26241 "http://www.wonder-geek.com/contact_us.php" "Mozilla/5.0 (Windows NT 10.0; Win64; x64) AppleWebKit/537.36 (KHTML, like Gecko) Chrome/90.0.4430.72 Safari/537.36 Edg/90.0.818.42"
104.244.77.139 - - [15/Dec/2021:06:48:14 +0100] "POST /contact_us.php?action=send HTTP/1.0" 200 26756 "http://www.wonder-geek.com/contact_us.php" "Mozilla/5.0 (Windows NT 10.0; Win64; x64) AppleWebKit/537.36 (KHTML, like Gecko) Chrome/90.0.4430.72 Safari/537.36 Edg/90.0.818.42"
104.244.77.139 - - [15/Dec/2021:06:48:15 +0100] "GET /contact_us.php HTTP/1.0" 200 26241 "http://www.wonder-geek.com/contact_us.php" "Mozilla/5.0 (Windows NT 10.0; Win64; x64) AppleWebKit/537.36 (KHTML, like Gecko) Chrome/90.0.4430.72 Safari/537.36 Edg/90.0.818.42"
114.119.128.26 - - [15/Dec/2021:06:49:03 +0100] "GET /home-decoration-c-13.html?page=195 HTTP/1.0" 200 92670 "-" "Mozilla/5.0 (Linux; Android 7.0;) AppleWebKit/537.36 (KHTML, like Gecko) Mobile Safari/537.36 (compatible; PetalBot;+https://webmaster.petalsearch.com/site/petalbot)"
185.191.171.23 - - [15/Dec/2021:06:49:45 +0100] "GET /dubout-cats-cover-pillow-p-32247.html?action=add_product HTTP/1.0" 302 476 "-" "Mozilla/5.0 (compatible; SemrushBot/7~bl; +http://www.semrush.com/bot.html)"
185.191.171.33 - - [15/Dec/2021:06:49:55 +0100] "GET /nici-sweet-hearts-pink-turtle-plush-25-cm-p-35179.html HTTP/1.0" 301 70857 "-" "Mozilla/5.0 (compatible; SemrushBot/7~bl; +http://www.semrush.com/bot.html)"
185.191.171.18 - - [15/Dec/2021:06:49:59 +0100] "GET /nici-sweet-hearts-pink-turtle-plush-p-35179.html HTTP/1.0" 200 70755 "-" "Mozilla/5.0 (compatible; SemrushBot/7~bl; +http://www.semrush.com/bot.html)"
114.119.128.39 - - [15/Dec/2021:06:50:56 +0100] "GET /stars-wars-darth-vader-phone-cover-iphone-p-16767.html HTTP/1.0" 200 74104 "-" "Mozilla/5.0 (Linux; Android 7.0;) AppleWebKit/537.36 (KHTML, like Gecko) Mobile Safari/537.36 (compatible; PetalBot;+https://webmaster.petalsearch.com/site/petalbot)"
185.191.171.26 - - [15/Dec/2021:06:51:02 +0100] "GET /ginkgo-espresso-p-56487.html?action=add_product HTTP/1.0" 302 476 "-" "Mozilla/5.0 (compatible; SemrushBot/7~bl; +http://www.semrush.com/bot.html)"
185.191.171.13 - - [15/Dec/2021:06:51:32 +0100] "GET /coca-cola-bottle-shaped-table-lamp-p-55537.html HTTP/1.0" 200 74204 "-" "Mozilla/5.0 (compatible; SemrushBot/7~bl; +http://www.semrush.com/bot.html)"
185.191.171.37 - - [15/Dec/2021:06:51:37 +0100] "GET /vespa-beige-phone-cover-iphone-p-23054.html HTTP/1.0" 200 76276 "-" "Mozilla/5.0 (compatible; SemrushBot/7~bl; +http://www.semrush.com/bot.html)"
185.191.171.5 - - [15/Dec/2021:06:52:19 +0100] "GET /large-graphic-tray-43-cm-p-44934.html HTTP/1.0" 301 70797 "-" "Mozilla/5.0 (compatible; SemrushBot/7~bl; +http://www.semrush.com/bot.html)"
185.191.171.16 - - [15/Dec/2021:06:52:24 +0100] "GET /large-graphic-tray-p-44934.html HTTP/1.0" 200 70712 "-" "Mozilla/5.0 (compatible; SemrushBot/7~bl; +http://www.semrush.com/bot.html)"
185.191.171.22 - - [15/Dec/2021:06:52:28 +0100] "GET /catches-dreams-diameter-of-16-cm-p-43945.html HTTP/1.0" 301 70804 "-" "Mozilla/5.0 (compatible; SemrushBot/7~bl; +http://www.semrush.com/bot.html)"
185.191.171.37 - - [15/Dec/2021:06:52:32 +0100] "GET /catches-dreams-diameter-p-43945.html HTTP/1.0" 200 70714 "-" "Mozilla/5.0 (compatible; SemrushBot/7~bl; +http://www.semrush.com/bot.html)"
114.119.128.34 - - [15/Dec/2021:06:52:38 +0100] "GET /cat-by-michelle-allen-little-tray-20-14-cm-p-39729.html HTTP/1.0" 301 73541 "-" "Mozilla/5.0 (Linux; Android 7.0;) AppleWebKit/537.36 (KHTML, like Gecko) Mobile Safari/537.36 (compatible; PetalBot;+https://webmaster.petalsearch.com/site/petalbot)"
114.119.128.34 - - [15/Dec/2021:06:52:41 +0100] "GET /michelle-allen-little-tray-p-39729.html HTTP/1.0" 200 73448 "-" "Mozilla/5.0 (Linux; Android 7.0;) AppleWebKit/537.36 (KHTML, like Gecko) Mobile Safari/537.36 (compatible; PetalBot;+https://webmaster.petalsearch.com/site/petalbot)"
185.191.171.21 - - [15/Dec/2021:06:52:46 +0100] "GET /panda-water-bottle-p-48675.html HTTP/1.0" 200 73861 "-" "Mozilla/5.0 (compatible; SemrushBot/7~bl; +http://www.semrush.com/bot.html)"
185.191.171.7 - - [15/Dec/2021:06:53:46 +0100] "GET /isaline-bedclothes-p-50846.html HTTP/1.0" 301 70680 "-" "Mozilla/5.0 (compatible; SemrushBot/7~bl; +http://www.semrush.com/bot.html)"
185.191.171.37 - - [15/Dec/2021:06:53:51 +0100] "GET /support-metal-bottle-the-guitarist-p-44571.html HTTP/1.0" 301 73513 "-" "Mozilla/5.0 (compatible; SemrushBot/7~bl; +http://www.semrush.com/bot.html)"
185.191.171.2 - - [15/Dec/2021:06:53:55 +0100] "GET /support-metal-bottle-guitarist-p-44571.html HTTP/1.0" 200 73416 "-" "Mozilla/5.0 (compatible; SemrushBot/7~bl; +http://www.semrush.com/bot.html)"
157.55.39.125 - - [15/Dec/2021:06:53:55 +0100] "GET /andalusia-p-50766.html HTTP/1.0" 200 74010 "-" "Mozilla/5.0 (compatible; bingbot/2.0; +http://www.bing.com/bingbot.htm)"
45.32.141.214 - - [15/Dec/2021:06:54:18 +0100] "GET /images/mini_prod/8719075391150.jpg HTTP/1.0" 200 269 "-" "Mozilla/5.0 (X11; Ubuntu; Linux x86_64; rv:72.0) Gecko/20100101 Firefox/72.0"
185.191.171.34 - - [15/Dec/2021:06:55:07 +0100] "GET /terracotta-piggy-bank-with-small-hammer-p-37733.html?action=add_product HTTP/1.0" 302 476 "-" "Mozilla/5.0 (compatible; SemrushBot/7~bl; +http://www.semrush.com/bot.html)"
45.76.250.213 - - [15/Dec/2021:06:55:19 +0100] "GET /images/big_prod_1/5903313954105b.jpg HTTP/1.0" 200 271 "-" "Mozilla/5.0 (X11; Ubuntu; Linux x86_64; rv:72.0) Gecko/20100101 Firefox/72.0"
185.191.171.37 - - [15/Dec/2021:06:55:21 +0100] "GET /holder-wood-p-47969.html?action=add_product HTTP/1.0" 302 476 "-" "Mozilla/5.0 (compatible; SemrushBot/7~bl; +http://www.semrush.com/bot.html)"
20.99.156.33 - - [15/Dec/2021:06:55:25 +0100] "GET /images/big_prod/3442440232073.jpg HTTP/1.0" 200 268 "-" "Mozilla/5.0 (Windows NT 10.0; ) Gecko/20100101 Firefox/61.0"
17.121.114.190 - - [15/Dec/2021:06:55:41 +0100] "GET /bread-box-c-13_150_211.html HTTP/1.0" 301 77664 "-" "Mozilla/5.0 (Macintosh; Intel Mac OS X 10_15_5) AppleWebKit/605.1.15 (KHTML, like Gecko) Version/13.1.1 Safari/605.1.15 (Applebot/0.1; +http://www.apple.com/go/applebot)"
17.121.114.190 - - [15/Dec/2021:06:55:53 +0100] "GET /bread-c-211.html HTTP/1.0" 301 77425 "-" "Mozilla/5.0 (Macintosh; Intel Mac OS X 10_15_5) AppleWebKit/605.1.15 (KHTML, like Gecko) Version/13.1.1 Safari/605.1.15 (Applebot/0.1; +http://www.apple.com/go/applebot)"
20.99.156.33 - - [15/Dec/2021:06:56:00 +0100] "GET /images/3281643376302.jpg HTTP/1.0" 200 259 "-" "Mozilla/5.0 (Windows NT 10.0; WOW64) AppleWebKit/537.36 (KHTML, like Gecko) Chrome/64.0.3282.186 Safari/537.36"
17.121.114.190 - - [15/Dec/2021:06:55:57 +0100] "GET /bread-c-13_150_211.html HTTP/1.0" 200 77594 "-" "Mozilla/5.0 (Macintosh; Intel Mac OS X 10_15_5) AppleWebKit/605.1.15 (KHTML, like Gecko) Version/13.1.1 Safari/605.1.15 (Applebot/0.1; +http://www.apple.com/go/applebot)"
185.191.171.37 - - [15/Dec/2021:06:56:04 +0100] "GET /dishes-c-13_12.html?page=119 HTTP/1.0" 200 93983 "-" "Mozilla/5.0 (compatible; SemrushBot/7~bl; +http://www.semrush.com/bot.html)"
185.191.171.44 - - [15/Dec/2021:06:57:11 +0100] "GET /nuova-fiat-blue-shoulder-p-17078.html?action=add_product HTTP/1.0" 302 476 "-" "Mozilla/5.0 (compatible; SemrushBot/7~bl; +http://www.semrush.com/bot.html)"
45.32.141.214 - - [15/Dec/2021:06:57:13 +0100] "GET /images/mini_prod/DSCN0788bis.jpg HTTP/1.0" 200 267 "-" "Mozilla/5.0 (X11; Ubuntu; Linux x86_64; rv:72.0) Gecko/20100101 Firefox/72.0"
185.191.171.15 - - [15/Dec/2021:06:57:47 +0100] "GET /monkey-money-p-54817.html HTTP/1.0" 200 73246 "-" "Mozilla/5.0 (compatible; SemrushBot/7~bl; +http://www.semrush.com/bot.html)"
185.191.171.11 - - [15/Dec/2021:06:58:14 +0100] "GET /protects-mattress-fleece-cotton-p-39147.html?action=add_product HTTP/1.0" 302 476 "-" "Mozilla/5.0 (compatible; SemrushBot/7~bl; +http://www.semrush.com/bot.html)"
51.68.224.127 - - [15/Dec/2021:06:58:45 +0100] "GET /adminweb/export_orders_xml.php?token=256de2z6edz6ed2z6DFSFsed2zed6zeDSFDSGdzedezfzf&maxorders=10&orderstart=1&status=14&start_date=2018-10-01 HTTP/1.0" 200 285 "-" "GesCom CharlotteBoutik Serveur"
51.68.224.127 - - [15/Dec/2021:06:58:45 +0100] "GET /adminweb/export_orders_xml.php?token=256de2z6edz6ed2z6DFSFsed2zed6zeDSFDSGdzedezfzf&maxorders=10&orderstart=1&status=6&start_date=2018-10-01 HTTP/1.0" 200 32471 "-" "GesCom CharlotteBoutik Serveur"
185.191.171.10 - - [15/Dec/2021:06:58:52 +0100] "GET /cars-mattress-inflatable-surfboard-p-19985.html HTTP/1.0" 200 73496 "-" "Mozilla/5.0 (compatible; SemrushBot/7~bl; +http://www.semrush.com/bot.html)"
114.119.128.253 - - [15/Dec/2021:06:58:58 +0100] "GET /lion-grey-shirt-p-33764.html HTTP/1.0" 200 75161 "-" "Mozilla/5.0 (Linux; Android 7.0;) AppleWebKit/537.36 (KHTML, like Gecko) Mobile Safari/537.36 (compatible; PetalBot;+https://webmaster.petalsearch.com/site/petalbot)"
185.191.171.41 - - [15/Dec/2021:06:59:20 +0100] "GET /cats-dubout-figurine-third-p-32711.html HTTP/1.0" 200 75768 "-" "Mozilla/5.0 (compatible; SemrushBot/7~bl; +http://www.semrush.com/bot.html)"
185.191.171.12 - - [15/Dec/2021:06:59:28 +0100] "GET /mum-and-baby-monkey-statuette-p-46703.html HTTP/1.0" 301 70791 "-" "Mozilla/5.0 (compatible; SemrushBot/7~bl; +http://www.semrush.com/bot.html)"
85.10.207.195 - - [15/Dec/2021:06:59:31 +0100] "GET /robots.txt HTTP/1.0" 200 245 "-" "Mozilla/5.0 (compatible; MJ12bot/v1.4.8; http://mj12bot.com/)"
185.191.171.38 - - [15/Dec/2021:06:59:32 +0100] "GET /baby-monkey-statuette-p-46703.html HTTP/1.0" 200 70703 "-" "Mozilla/5.0 (compatible; SemrushBot/7~bl; +http://www.semrush.com/bot.html)"
85.10.207.195 - - [15/Dec/2021:06:59:35 +0100] "GET /-p-14043.html HTTP/1.0" 200 70613 "-" "Mozilla/5.0 (compatible; MJ12bot/v1.4.8; http://mj12bot.com/)"
85.10.207.195 - - [15/Dec/2021:06:59:43 +0100] "GET /-p-14709.html HTTP/1.0" 200 70613 "-" "Mozilla/5.0 (compatible; MJ12bot/v1.4.8; http://mj12bot.com/)"
85.10.207.195 - - [15/Dec/2021:06:59:53 +0100] "GET /-p-17483.html HTTP/1.0" 200 70613 "-" "Mozilla/5.0 (compatible; MJ12bot/v1.4.8; http://mj12bot.com/)"
85.10.207.195 - - [15/Dec/2021:07:00:02 +0100] "GET /-p-17484.html HTTP/1.0" 200 70613 "-" "Mozilla/5.0 (compatible; MJ12bot/v1.4.8; http://mj12bot.com/)"
85.10.207.195 - - [15/Dec/2021:07:00:12 +0100] "GET /-p-18146.html HTTP/1.0" 200 70613 "-" "Mozilla/5.0 (compatible; MJ12bot/v1.4.8; http://mj12bot.com/)"
85.10.207.195 - - [15/Dec/2021:07:00:29 +0100] "GET /-p-20287.html HTTP/1.0" 200 70613 "-" "Mozilla/5.0 (compatible; MJ12bot/v1.4.8; http://mj12bot.com/)"
20.99.156.119 - - [15/Dec/2021:07:00:34 +0100] "GET /images/big_prod/028399108268.jpg HTTP/1.0" 200 267 "-" "Mozilla/5.0 (Windows NT 10.0; WOW64) AppleWebKit/537.36 (KHTML, like Gecko) Chrome/64.0.3282.186 Safari/537.36"
85.10.207.195 - - [15/Dec/2021:07:00:37 +0100] "GET /-p-20774.html HTTP/1.0" 200 70613 "-" "Mozilla/5.0 (compatible; MJ12bot/v1.4.8; http://mj12bot.com/)"
85.10.207.195 - - [15/Dec/2021:07:00:44 +0100] "GET /-p-21427.html HTTP/1.0" 200 70613 "-" "Mozilla/5.0 (compatible; MJ12bot/v1.4.8; http://mj12bot.com/)"
159.138.102.98 - - [15/Dec/2021:07:00:46 +0100] "GET /little-toiletry-bag-p-43378.html HTTP/1.0" 301 73409 "-" "Mozilla/5.0 (Linux; Android 7.0;) AppleWebKit/537.36 (KHTML, like Gecko) Mobile Safari/537.36 (compatible; PetalBot;+https://webmaster.petalsearch.com/site/petalbot)"
85.10.207.195 - - [15/Dec/2021:07:00:53 +0100] "GET /-p-22943.html HTTP/1.0" 200 70613 "-" "Mozilla/5.0 (compatible; MJ12bot/v1.4.8; http://mj12bot.com/)"
159.138.102.98 - - [15/Dec/2021:07:00:57 +0100] "GET /little-toiletry-p-43378.html HTTP/1.0" 200 73327 "-" "Mozilla/5.0 (Linux; Android 7.0;) AppleWebKit/537.36 (KHTML, like Gecko) Mobile Safari/537.36 (compatible; PetalBot;+https://webmaster.petalsearch.com/site/petalbot)"
185.191.171.20 - - [15/Dec/2021:07:01:06 +0100] "GET /mani-lucky-p-47567.html?action=add_product HTTP/1.0" 302 476 "-" "Mozilla/5.0 (compatible; SemrushBot/7~bl; +http://www.semrush.com/bot.html)"
85.10.207.195 - - [15/Dec/2021:07:01:06 +0100] "GET /-p-22944.html HTTP/1.0" 200 70613 "-" "Mozilla/5.0 (compatible; MJ12bot/v1.4.8; http://mj12bot.com/)"
85.10.207.195 - - [15/Dec/2021:07:01:17 +0100] "GET /-p-22945.html HTTP/1.0" 200 70613 "-" "Mozilla/5.0 (compatible; MJ12bot/v1.4.8; http://mj12bot.com/)"
185.191.171.40 - - [15/Dec/2021:07:01:23 +0100] "GET /welcome-paradise-wooden-wall-decoration-hang-p-42120.html?action=add_product HTTP/1.0" 302 476 "-" "Mozilla/5.0 (compatible; SemrushBot/7~bl; +http://www.semrush.com/bot.html)"
85.10.207.195 - - [15/Dec/2021:07:01:23 +0100] "GET /-p-23078.html HTTP/1.0" 200 70613 "-" "Mozilla/5.0 (compatible; MJ12bot/v1.4.8; http://mj12bot.com/)"
85.10.207.195 - - [15/Dec/2021:07:01:27 +0100] "GET /-p-24347.html HTTP/1.0" 200 70613 "-" "Mozilla/5.0 (compatible; MJ12bot/v1.4.8; http://mj12bot.com/)"
85.10.207.195 - - [15/Dec/2021:07:01:31 +0100] "GET /-p-26688.html HTTP/1.0" 200 70613 "-" "Mozilla/5.0 (compatible; MJ12bot/v1.4.8; http://mj12bot.com/)"
85.10.207.195 - - [15/Dec/2021:07:01:38 +0100] "GET /-p-2670.html HTTP/1.0" 200 70611 "-" "Mozilla/5.0 (compatible; MJ12bot/v1.4.8; http://mj12bot.com/)"
85.10.207.195 - - [15/Dec/2021:07:01:44 +0100] "GET /-p-28457.html HTTP/1.0" 200 70613 "-" "Mozilla/5.0 (compatible; MJ12bot/v1.4.8; http://mj12bot.com/)"
185.191.171.9 - - [15/Dec/2021:07:01:52 +0100] "GET /african-woman-decoration-p-55664.html?action=add_product HTTP/1.0" 302 476 "-" "Mozilla/5.0 (compatible; SemrushBot/7~bl; +http://www.semrush.com/bot.html)"
85.10.207.195 - - [15/Dec/2021:07:01:51 +0100] "GET /-p-28930.html HTTP/1.0" 200 70613 "-" "Mozilla/5.0 (compatible; MJ12bot/v1.4.8; http://mj12bot.com/)"
85.10.207.195 - - [15/Dec/2021:07:01:58 +0100] "GET /-p-29197.html HTTP/1.0" 200 70613 "-" "Mozilla/5.0 (compatible; MJ12bot/v1.4.8; http://mj12bot.com/)"
85.10.207.195 - - [15/Dec/2021:07:02:03 +0100] "GET /-p-29198.html HTTP/1.0" 200 70613 "-" "Mozilla/5.0 (compatible; MJ12bot/v1.4.8; http://mj12bot.com/)"
85.10.207.195 - - [15/Dec/2021:07:02:10 +0100] "GET /-p-29199.html HTTP/1.0" 200 70613 "-" "Mozilla/5.0 (compatible; MJ12bot/v1.4.8; http://mj12bot.com/)"
85.10.207.195 - - [15/Dec/2021:07:02:15 +0100] "GET /-p-29827.html HTTP/1.0" 200 70613 "-" "Mozilla/5.0 (compatible; MJ12bot/v1.4.8; http://mj12bot.com/)"
185.191.171.8 - - [15/Dec/2021:07:02:17 +0100] "GET /salad-bowl-bowls-bamboo-cutlery-p-47785.html HTTP/1.0" 200 70783 "-" "Mozilla/5.0 (compatible; SemrushBot/7~bl; +http://www.semrush.com/bot.html)"
85.10.207.195 - - [15/Dec/2021:07:02:20 +0100] "GET /-p-31418.html HTTP/1.0" 200 70613 "-" "Mozilla/5.0 (compatible; MJ12bot/v1.4.8; http://mj12bot.com/)"
85.10.207.195 - - [15/Dec/2021:07:02:23 +0100] "GET /-p-31439.html HTTP/1.0" 200 70613 "-" "Mozilla/5.0 (compatible; MJ12bot/v1.4.8; http://mj12bot.com/)"
85.10.207.195 - - [15/Dec/2021:07:02:28 +0100] "GET /-p-31845.html HTTP/1.0" 200 70613 "-" "Mozilla/5.0 (compatible; MJ12bot/v1.4.8; http://mj12bot.com/)"
114.119.128.39 - - [15/Dec/2021:07:02:29 +0100] "GET /shopping-kandinsky-p-53535.html HTTP/1.0" 200 74044 "-" "Mozilla/5.0 (Linux; Android 7.0;) AppleWebKit/537.36 (KHTML, like Gecko) Mobile Safari/537.36 (compatible; PetalBot;+https://webmaster.petalsearch.com/site/petalbot)"
85.10.207.195 - - [15/Dec/2021:07:02:32 +0100] "GET /-p-31890.html HTTP/1.0" 200 70613 "-" "Mozilla/5.0 (compatible; MJ12bot/v1.4.8; http://mj12bot.com/)"
85.10.207.195 - - [15/Dec/2021:07:02:38 +0100] "GET /-p-32923.html HTTP/1.0" 200 70613 "-" "Mozilla/5.0 (compatible; MJ12bot/v1.4.8; http://mj12bot.com/)"
185.191.171.10 - - [15/Dec/2021:07:02:34 +0100] "GET /yumiko-p-50774.html HTTP/1.0" 200 74679 "-" "Mozilla/5.0 (compatible; SemrushBot/7~bl; +http://www.semrush.com/bot.html)"
85.10.207.195 - - [15/Dec/2021:07:02:43 +0100] "GET /-p-33038.html HTTP/1.0" 200 70613 "-" "Mozilla/5.0 (compatible; MJ12bot/v1.4.8; http://mj12bot.com/)"
85.10.207.195 - - [15/Dec/2021:07:02:48 +0100] "GET /-p-33575.html HTTP/1.0" 200 70613 "-" "Mozilla/5.0 (compatible; MJ12bot/v1.4.8; http://mj12bot.com/)"
185.191.171.14 - - [15/Dec/2021:07:02:49 +0100] "GET /carved-chest-mango-wood-malle-p-45996.html HTTP/1.0" 200 70717 "-" "Mozilla/5.0 (compatible; SemrushBot/7~bl; +http://www.semrush.com/bot.html)"
185.191.171.15 - - [15/Dec/2021:07:03:01 +0100] "GET /laundry-basket-p-52236.html?action=add_product HTTP/1.0" 302 476 "-" "Mozilla/5.0 (compatible; SemrushBot/7~bl; +http://www.semrush.com/bot.html)"
85.10.207.195 - - [15/Dec/2021:07:03:03 +0100] "GET /-p-33591.html HTTP/1.0" 200 70613 "-" "Mozilla/5.0 (compatible; MJ12bot/v1.4.8; http://mj12bot.com/)"
155.138.175.238 - - [15/Dec/2021:07:03:13 +0100] "GET /images/mini_prod/1384010176269.jpg HTTP/1.0" 200 269 "-" "Mozilla/5.0 (X11; Ubuntu; Linux x86_64; rv:72.0) Gecko/20100101 Firefox/72.0"
85.10.207.195 - - [15/Dec/2021:07:03:14 +0100] "GET /-p-33592.html HTTP/1.0" 200 70613 "-" "Mozilla/5.0 (compatible; MJ12bot/v1.4.8; http://mj12bot.com/)"
85.10.207.195 - - [15/Dec/2021:07:03:25 +0100] "GET /-p-34015.html HTTP/1.0" 200 70613 "-" "Mozilla/5.0 (compatible; MJ12bot/v1.4.8; http://mj12bot.com/)"
85.10.207.195 - - [15/Dec/2021:07:03:39 +0100] "GET /-p-34017.html HTTP/1.0" 200 70613 "-" "Mozilla/5.0 (compatible; MJ12bot/v1.4.8; http://mj12bot.com/)"
85.10.207.195 - - [15/Dec/2021:07:03:54 +0100] "GET /-p-34018.html HTTP/1.0" 200 70613 "-" "Mozilla/5.0 (compatible; MJ12bot/v1.4.8; http://mj12bot.com/)"
85.10.207.195 - - [15/Dec/2021:07:04:04 +0100] "GET /-p-34270.html HTTP/1.0" 200 70613 "-" "Mozilla/5.0 (compatible; MJ12bot/v1.4.8; http://mj12bot.com/)"
85.10.207.195 - - [15/Dec/2021:07:04:16 +0100] "GET /-p-35627.html HTTP/1.0" 200 70613 "-" "Mozilla/5.0 (compatible; MJ12bot/v1.4.8; http://mj12bot.com/)"
85.10.207.195 - - [15/Dec/2021:07:04:24 +0100] "GET /-p-35845.html HTTP/1.0" 200 70613 "-" "Mozilla/5.0 (compatible; MJ12bot/v1.4.8; http://mj12bot.com/)"
85.10.207.195 - - [15/Dec/2021:07:04:34 +0100] "GET /-p-36037.html HTTP/1.0" 200 70613 "-" "Mozilla/5.0 (compatible; MJ12bot/v1.4.8; http://mj12bot.com/)"
74.125.209.52 - - [15/Dec/2021:07:04:39 +0100] "GET /images/big_prod_1/4045233029578AB.jpg HTTP/1.0" 200 272 "-" "Mozilla/5.0 (Windows NT 5.1; rv:11.0) Gecko Firefox/11.0 (via ggpht.com GoogleImageProxy)"
85.10.207.195 - - [15/Dec/2021:07:04:42 +0100] "GET /-p-36079.html HTTP/1.0" 200 70613 "-" "Mozilla/5.0 (compatible; MJ12bot/v1.4.8; http://mj12bot.com/)"
85.10.207.195 - - [15/Dec/2021:07:04:53 +0100] "GET /-p-36080.html HTTP/1.0" 200 70613 "-" "Mozilla/5.0 (compatible; MJ12bot/v1.4.8; http://mj12bot.com/)"
85.10.207.195 - - [15/Dec/2021:07:05:00 +0100] "GET /-p-36098.html HTTP/1.0" 200 70613 "-" "Mozilla/5.0 (compatible; MJ12bot/v1.4.8; http://mj12bot.com/)"
85.10.207.195 - - [15/Dec/2021:07:05:11 +0100] "GET /-p-36099.html HTTP/1.0" 200 70613 "-" "Mozilla/5.0 (compatible; MJ12bot/v1.4.8; http://mj12bot.com/)"
85.10.207.195 - - [15/Dec/2021:07:05:22 +0100] "GET /-p-36101.html HTTP/1.0" 200 70613 "-" "Mozilla/5.0 (compatible; MJ12bot/v1.4.8; http://mj12bot.com/)"
66.249.70.70 - - [15/Dec/2021:07:05:27 +0100] "GET /images/big_prod/3760076655906.jpg HTTP/1.0" 200 268 "-" "Googlebot-Image/1.0"
185.191.171.21 - - [15/Dec/2021:07:05:28 +0100] "GET /please-disturb-metal-plate-p-29226.html HTTP/1.0" 200 73386 "-" "Mozilla/5.0 (compatible; SemrushBot/7~bl; +http://www.semrush.com/bot.html)"
85.10.207.195 - - [15/Dec/2021:07:05:31 +0100] "GET /-p-36228.html HTTP/1.0" 200 70613 "-" "Mozilla/5.0 (compatible; MJ12bot/v1.4.8; http://mj12bot.com/)"
85.10.207.195 - - [15/Dec/2021:07:05:39 +0100] "GET /-p-36464.html HTTP/1.0" 200 70613 "-" "Mozilla/5.0 (compatible; MJ12bot/v1.4.8; http://mj12bot.com/)"
52.149.21.95 - - [15/Dec/2021:07:05:45 +0100] "GET /images/big_prod/3014627935703.jpg HTTP/1.0" 200 268 "-" "Mozilla/5.0 (Windows NT 10.0; WOW64) AppleWebKit/537.36 (KHTML, like Gecko) Chrome/64.0.3282.186 Safari/537.36"
85.10.207.195 - - [15/Dec/2021:07:05:49 +0100] "GET /-p-36468.html HTTP/1.0" 200 70613 "-" "Mozilla/5.0 (compatible; MJ12bot/v1.4.8; http://mj12bot.com/)"
85.10.207.195 - - [15/Dec/2021:07:05:57 +0100] "GET /-p-36728.html HTTP/1.0" 200 70613 "-" "Mozilla/5.0 (compatible; MJ12bot/v1.4.8; http://mj12bot.com/)"
185.191.171.24 - - [15/Dec/2021:07:05:59 +0100] "GET /rectangular-signboard-arrow-wood-model-p-45479.html?action=add_product HTTP/1.0" 302 476 "-" "Mozilla/5.0 (compatible; SemrushBot/7~bl; +http://www.semrush.com/bot.html)"
85.10.207.195 - - [15/Dec/2021:07:06:06 +0100] "GET /-p-36852.html HTTP/1.0" 200 70613 "-" "Mozilla/5.0 (compatible; MJ12bot/v1.4.8; http://mj12bot.com/)"
85.10.207.195 - - [15/Dec/2021:07:06:16 +0100] "GET /-p-36946.html HTTP/1.0" 200 70613 "-" "Mozilla/5.0 (compatible; MJ12bot/v1.4.8; http://mj12bot.com/)"
185.191.171.21 - - [15/Dec/2021:07:06:17 +0100] "GET /ducati-thermometer-p-40035.html?action=add_product HTTP/1.0" 302 476 "-" "Mozilla/5.0 (compatible; SemrushBot/7~bl; +http://www.semrush.com/bot.html)"
85.10.207.195 - - [15/Dec/2021:07:06:24 +0100] "GET /-p-37017.html HTTP/1.0" 200 70613 "-" "Mozilla/5.0 (compatible; MJ12bot/v1.4.8; http://mj12bot.com/)"
157.55.39.223 - - [15/Dec/2021:07:06:31 +0100] "GET /images/big_prod/8422001017634.jpg HTTP/1.0" 200 268 "-" "Mozilla/5.0 (compatible; bingbot/2.0; +http://www.bing.com/bingbot.htm)"
85.10.207.195 - - [15/Dec/2021:07:06:31 +0100] "GET /-p-37190.html HTTP/1.0" 200 70613 "-" "Mozilla/5.0 (compatible; MJ12bot/v1.4.8; http://mj12bot.com/)"
40.77.167.66 - - [15/Dec/2021:07:06:37 +0100] "GET /images/8003990578315.jpg HTTP/1.0" 200 259 "-" "Mozilla/5.0 (compatible; bingbot/2.0; +http://www.bing.com/bingbot.htm)"
85.10.207.195 - - [15/Dec/2021:07:06:38 +0100] "GET /-p-37192.html HTTP/1.0" 200 70613 "-" "Mozilla/5.0 (compatible; MJ12bot/v1.4.8; http://mj12bot.com/)"
114.119.128.39 - - [15/Dec/2021:07:06:42 +0100] "GET /paul-frank-backpack-p-15109.html HTTP/1.0" 200 74110 "-" "Mozilla/5.0 (Linux; Android 7.0;) AppleWebKit/537.36 (KHTML, like Gecko) Mobile Safari/537.36 (compatible; PetalBot;+https://webmaster.petalsearch.com/site/petalbot)"
85.10.207.195 - - [15/Dec/2021:07:06:46 +0100] "GET /-p-37217.html HTTP/1.0" 200 70613 "-" "Mozilla/5.0 (compatible; MJ12bot/v1.4.8; http://mj12bot.com/)"
85.10.207.195 - - [15/Dec/2021:07:06:53 +0100] "GET /-p-37369.html HTTP/1.0" 200 70613 "-" "Mozilla/5.0 (compatible; MJ12bot/v1.4.8; http://mj12bot.com/)"
85.10.207.195 - - [15/Dec/2021:07:07:01 +0100] "GET /-p-37677.html HTTP/1.0" 200 70613 "-" "Mozilla/5.0 (compatible; MJ12bot/v1.4.8; http://mj12bot.com/)"
85.10.207.195 - - [15/Dec/2021:07:07:12 +0100] "GET /-p-37753.html HTTP/1.0" 200 70613 "-" "Mozilla/5.0 (compatible; MJ12bot/v1.4.8; http://mj12bot.com/)"
20.99.156.33 - - [15/Dec/2021:07:07:19 +0100] "GET /images/big_prod_1/3014627557349aa.jpg HTTP/1.0" 200 272 "-" "Mozilla/5.0 (Windows NT 10.0; WOW64) AppleWebKit/537.36 (KHTML, like Gecko) Chrome/68.0.3440.106 Safari/537.36"
85.10.207.195 - - [15/Dec/2021:07:07:21 +0100] "GET /-p-37754.html HTTP/1.0" 200 70613 "-" "Mozilla/5.0 (compatible; MJ12bot/v1.4.8; http://mj12bot.com/)"
85.10.207.195 - - [15/Dec/2021:07:07:30 +0100] "GET /-p-37755.html HTTP/1.0" 200 70613 "-" "Mozilla/5.0 (compatible; MJ12bot/v1.4.8; http://mj12bot.com/)"
85.10.207.195 - - [15/Dec/2021:07:07:38 +0100] "GET /-p-38298.html HTTP/1.0" 200 70613 "-" "Mozilla/5.0 (compatible; MJ12bot/v1.4.8; http://mj12bot.com/)"
85.10.207.195 - - [15/Dec/2021:07:07:48 +0100] "GET /-p-38520.html HTTP/1.0" 200 70613 "-" "Mozilla/5.0 (compatible; MJ12bot/v1.4.8; http://mj12bot.com/)"
85.10.207.195 - - [15/Dec/2021:07:08:03 +0100] "GET /-p-38545.html HTTP/1.0" 200 70613 "-" "Mozilla/5.0 (compatible; MJ12bot/v1.4.8; http://mj12bot.com/)"
85.10.207.195 - - [15/Dec/2021:07:08:09 +0100] "GET /-p-40980.html HTTP/1.0" 200 70613 "-" "Mozilla/5.0 (compatible; MJ12bot/v1.4.8; http://mj12bot.com/)"
85.10.207.195 - - [15/Dec/2021:07:08:18 +0100] "GET /-p-41092.html HTTP/1.0" 200 70613 "-" "Mozilla/5.0 (compatible; MJ12bot/v1.4.8; http://mj12bot.com/)"
85.10.207.195 - - [15/Dec/2021:07:08:25 +0100] "GET /-p-42028.html HTTP/1.0" 200 70613 "-" "Mozilla/5.0 (compatible; MJ12bot/v1.4.8; http://mj12bot.com/)"
85.10.207.195 - - [15/Dec/2021:07:08:34 +0100] "GET /-p-42047.html HTTP/1.0" 200 70613 "-" "Mozilla/5.0 (compatible; MJ12bot/v1.4.8; http://mj12bot.com/)"
159.138.102.98 - - [15/Dec/2021:07:08:26 +0100] "GET /home-decoration-c-13.html?page=135 HTTP/1.0" 200 92555 "-" "Mozilla/5.0 (Linux; Android 7.0;) AppleWebKit/537.36 (KHTML, like Gecko) Mobile Safari/537.36 (compatible; PetalBot;+https://webmaster.petalsearch.com/site/petalbot)"
85.10.207.195 - - [15/Dec/2021:07:08:44 +0100] "GET /-p-42054.html HTTP/1.0" 200 70613 "-" "Mozilla/5.0 (compatible; MJ12bot/v1.4.8; http://mj12bot.com/)"
185.191.171.7 - - [15/Dec/2021:07:08:52 +0100] "GET /umbrella-shaped-surfing-style-p-46508.html HTTP/1.0" 200 70767 "-" "Mozilla/5.0 (compatible; SemrushBot/7~bl; +http://www.semrush.com/bot.html)"
85.10.207.195 - - [15/Dec/2021:07:08:53 +0100] "GET /-p-42364.html HTTP/1.0" 200 70613 "-" "Mozilla/5.0 (compatible; MJ12bot/v1.4.8; http://mj12bot.com/)"
85.10.207.195 - - [15/Dec/2021:07:09:01 +0100] "GET /-p-42367.html HTTP/1.0" 200 70613 "-" "Mozilla/5.0 (compatible; MJ12bot/v1.4.8; http://mj12bot.com/)"
85.10.207.195 - - [15/Dec/2021:07:09:13 +0100] "GET /-p-43099.html HTTP/1.0" 200 70613 "-" "Mozilla/5.0 (compatible; MJ12bot/v1.4.8; http://mj12bot.com/)"
85.10.207.195 - - [15/Dec/2021:07:09:26 +0100] "GET /-p-45974.html HTTP/1.0" 200 70613 "-" "Mozilla/5.0 (compatible; MJ12bot/v1.4.8; http://mj12bot.com/)"
85.10.207.195 - - [15/Dec/2021:07:09:32 +0100] "GET /-p-46019.html HTTP/1.0" 200 70613 "-" "Mozilla/5.0 (compatible; MJ12bot/v1.4.8; http://mj12bot.com/)"
85.10.207.195 - - [15/Dec/2021:07:09:42 +0100] "GET /-p-46097.html HTTP/1.0" 200 70613 "-" "Mozilla/5.0 (compatible; MJ12bot/v1.4.8; http://mj12bot.com/)"
85.10.207.195 - - [15/Dec/2021:07:09:48 +0100] "GET /-p-46098.html HTTP/1.0" 200 70613 "-" "Mozilla/5.0 (compatible; MJ12bot/v1.4.8; http://mj12bot.com/)"
178.175.130.251 - - [15/Dec/2021:07:09:48 +0100] "GET /fitted-sheet-in-cotton-percale-80-threads-160-200-30-cm-p-44300.html HTTP/1.0" 301 73675 "http://www.wonder-geek.com/fitted-sheet-in-cotton-percale-80-threads-160-200-30-cm-p-44300.html" "Mozilla/5.0 (Windows NT 10.0; Win64; x64) AppleWebKit/537.36 (KHTML, like Gecko) Chrome/90.0.4430.85 Safari/537.36 Edg/90.0.818.49"
