49.7.20.112 - - [15/Dec/2021:12:46:35 +0100] "GET / HTTP/1.0" 200 151913 "-" "Sogou web spider/4.0(+http://www.sogou.com/docs/help/webmasters.htm#07)"
185.191.171.22 - - [15/Dec/2021:12:47:11 +0100] "GET /marsupilami-money-p-40948.html?action=add_product HTTP/1.0" 302 476 "-" "Mozilla/5.0 (compatible; SemrushBot/7~bl; +http://www.semrush.com/bot.html)"
157.55.39.0 - - [15/Dec/2021:12:47:34 +0100] "GET /images/big_prod/3520071807164.jpg HTTP/1.0" 200 268 "-" "Mozilla/5.0 (compatible; bingbot/2.0; +http://www.bing.com/bingbot.htm)"
157.55.39.228 - - [15/Dec/2021:12:47:48 +0100] "GET /sloth-moneybox-p-52234.html HTTP/1.0" 200 73791 "-" "Mozilla/5.0 (compatible; bingbot/2.0; +http://www.bing.com/bingbot.htm)"
216.244.66.242 - - [15/Dec/2021:12:47:55 +0100] "GET /arlsienne-oven-mitt-p-43814.html HTTP/1.0" 200 73268 "-" "Mozilla/5.0 (compatible; DotBot/1.2; +https://opensiteexplorer.org/dotbot; help@moz.com)"
216.244.66.242 - - [15/Dec/2021:12:48:05 +0100] "GET /frida-khalo-saucer-p-50163.html HTTP/1.0" 200 73271 "-" "Mozilla/5.0 (compatible; DotBot/1.2; +https://opensiteexplorer.org/dotbot; help@moz.com)"
157.55.39.125 - - [15/Dec/2021:12:48:08 +0100] "GET /images/med_prod/1384010183106.jpg HTTP/1.0" 200 268 "-" "Mozilla/5.0 (compatible; bingbot/2.0; +http://www.bing.com/bingbot.htm)"
216.244.66.242 - - [15/Dec/2021:12:48:13 +0100] "GET /minnie-mouse-disney-glitter-globe-p-33589.html HTTP/1.0" 200 73460 "-" "Mozilla/5.0 (compatible; DotBot/1.2; +https://opensiteexplorer.org/dotbot; help@moz.com)"
185.191.171.43 - - [15/Dec/2021:12:48:17 +0100] "GET /geishas-pot-cookware-cbkreation-p-29728.html HTTP/1.0" 301 73400 "-" "Mozilla/5.0 (compatible; SemrushBot/7~bl; +http://www.semrush.com/bot.html)"
185.191.171.44 - - [15/Dec/2021:12:48:20 +0100] "GET /geishas-cookware-cbkreation-p-29728.html HTTP/1.0" 200 73306 "-" "Mozilla/5.0 (compatible; SemrushBot/7~bl; +http://www.semrush.com/bot.html)"
216.244.66.242 - - [15/Dec/2021:12:48:21 +0100] "GET /yoda-stickers-p-15396.html HTTP/1.0" 200 70655 "-" "Mozilla/5.0 (compatible; DotBot/1.2; +https://opensiteexplorer.org/dotbot; help@moz.com)"
185.191.171.8 - - [15/Dec/2021:12:48:23 +0100] "GET /glass-cutting-board-cbkreation-p-51334.html?action=add_product HTTP/1.0" 302 476 "-" "Mozilla/5.0 (compatible; SemrushBot/7~bl; +http://www.semrush.com/bot.html)"
185.191.171.21 - - [15/Dec/2021:12:48:25 +0100] "GET /harley-davidson-large-box-p-38444.html HTTP/1.0" 301 73488 "-" "Mozilla/5.0 (compatible; SemrushBot/7~bl; +http://www.semrush.com/bot.html)"
185.191.171.43 - - [15/Dec/2021:12:48:27 +0100] "GET /harley-davidson-large-p-38444.html HTTP/1.0" 200 73400 "-" "Mozilla/5.0 (compatible; SemrushBot/7~bl; +http://www.semrush.com/bot.html)"
185.191.171.42 - - [15/Dec/2021:12:48:30 +0100] "GET /cement-tile-coasters-p-56007.html?action=add_product HTTP/1.0" 302 476 "-" "Mozilla/5.0 (compatible; SemrushBot/7~bl; +http://www.semrush.com/bot.html)"
54.36.148.243 - - [15/Dec/2021:12:48:51 +0100] "GET /cotton-floor-cushion-beige-p-47895.html HTTP/1.0" 200 73910 "-" "Mozilla/5.0 (compatible; AhrefsBot/7.0; +http://ahrefs.com/robot/)"
1.53.133.46 - - [15/Dec/2021:12:48:53 +0100] "POST /contact_us.php?action=send HTTP/1.0" 200 26481 "http://www.wonder-geek.com/contact_us.php" "Mozilla/5.0 (Windows NT 10.0; Win64; x64) AppleWebKit/537.36 (KHTML, like Gecko) Chrome/90.0.4430.72 Safari/537.36 Edg/90.0.818.39"
155.138.175.238 - - [15/Dec/2021:12:49:05 +0100] "GET /images/mini_prod/3565750196443.jpg HTTP/1.0" 200 269 "-" "Mozilla/5.0 (X11; Ubuntu; Linux x86_64; rv:72.0) Gecko/20100101 Firefox/72.0"
5.161.56.161 - - [15/Dec/2021:12:49:17 +0100] "GET /small-boxes-and-pill-c-13_150_154.html HTTP/1.0" 301 90589 "-" "Mozilla/5.0 (Windows NT 10.0; Win64; x64) AppleWebKit/537.36 (KHTML, like Gecko) Chrome/84.0.4147.105 Safari/537.36"
5.161.56.161 - - [15/Dec/2021:12:49:19 +0100] "GET /small-boxes-pill-c-154.html HTTP/1.0" 301 90343 "-" "Mozilla/5.0 (Windows NT 10.0; Win64; x64) AppleWebKit/537.36 (KHTML, like Gecko) Chrome/84.0.4147.105 Safari/537.36"
5.161.56.161 - - [15/Dec/2021:12:49:21 +0100] "GET /small-boxes-pill-c-13_150_154.html HTTP/1.0" 200 90508 "-" "Mozilla/5.0 (Windows NT 10.0; Win64; x64) AppleWebKit/537.36 (KHTML, like Gecko) Chrome/84.0.4147.105 Safari/537.36"
66.249.70.72 - - [15/Dec/2021:12:49:55 +0100] "GET /sentiment-towel-kitchen-towel-p-43645.html HTTP/1.0" 200 74030 "-" "Mozilla/5.0 (Linux; Android 6.0.1; Nexus 5X Build/MMB29P) AppleWebKit/537.36 (KHTML, like Gecko) Chrome/96.0.4664.93 Mobile Safari/537.36 (compatible; Googlebot/2.1; +http://www.google.com/bot.html)"
157.55.39.125 - - [15/Dec/2021:12:50:19 +0100] "GET /petit-coin-paradis-wall-sticker-p-39310.html HTTP/1.0" 200 74058 "-" "Mozilla/5.0 (compatible; bingbot/2.0; +http://www.bing.com/bingbot.htm)"
185.191.171.21 - - [15/Dec/2021:12:50:20 +0100] "GET /exit-decorative-metal-plate-20-50-cm-p-47953.html HTTP/1.0" 301 70818 "-" "Mozilla/5.0 (compatible; SemrushBot/7~bl; +http://www.semrush.com/bot.html)"
185.191.171.2 - - [15/Dec/2021:12:50:25 +0100] "GET /exit-decorative-metal-plate-p-47953.html HTTP/1.0" 200 70724 "-" "Mozilla/5.0 (compatible; SemrushBot/7~bl; +http://www.semrush.com/bot.html)"
157.55.39.0 - - [15/Dec/2021:12:50:45 +0100] "GET /cushion-headboard-c-11_173.html HTTP/1.0" 200 88831 "-" "Mozilla/5.0 (compatible; bingbot/2.0; +http://www.bing.com/bingbot.htm)"
157.55.39.228 - - [15/Dec/2021:12:51:10 +0100] "GET /bottle-holder-beer-bucket-c-12_224.html HTTP/1.0" 200 90046 "-" "Mozilla/5.0 (compatible; bingbot/2.0; +http://www.bing.com/bingbot.htm)"
54.36.148.243 - - [15/Dec/2021:12:51:28 +0100] "GET /paulownia-trunk-table-lamp-p-48261.html HTTP/1.0" 200 74106 "-" "Mozilla/5.0 (compatible; AhrefsBot/7.0; +http://ahrefs.com/robot/)"
175.102.16.34 - - [15/Dec/2021:12:51:30 +0100] "GET /images/mini_prod/b8427787034837.jpg HTTP/1.0" 200 270 "-" "Mozilla/5.0 (X11; Ubuntu; Linux x86_64; rv:72.0) Gecko/20100101 Firefox/72.0"
185.191.171.37 - - [15/Dec/2021:12:51:35 +0100] "GET /tisanire-cement-tiles-gray-p-55750.html?action=add_product HTTP/1.0" 302 476 "-" "Mozilla/5.0 (compatible; SemrushBot/7~bl; +http://www.semrush.com/bot.html)"
185.191.171.42 - - [15/Dec/2021:12:51:54 +0100] "GET /tree-life-zippo-lighter-p-56224.html?action=add_product HTTP/1.0" 302 476 "-" "Mozilla/5.0 (compatible; SemrushBot/7~bl; +http://www.semrush.com/bot.html)"
185.191.171.10 - - [15/Dec/2021:12:52:12 +0100] "GET /light-bulb-amber-loop-p-42507.html?action=add_product HTTP/1.0" 302 476 "-" "Mozilla/5.0 (compatible; SemrushBot/7~bl; +http://www.semrush.com/bot.html)"
185.191.171.36 - - [15/Dec/2021:12:52:21 +0100] "GET /grand-prix-moto-glasses-p-41486.html HTTP/1.0" 200 73327 "-" "Mozilla/5.0 (compatible; SemrushBot/7~bl; +http://www.semrush.com/bot.html)"
66.249.70.70 - - [15/Dec/2021:12:52:21 +0100] "GET /retro-chest-p-34949.html HTTP/1.0" 200 73216 "-" "Mozilla/5.0 (Linux; Android 6.0.1; Nexus 5X Build/MMB29P) AppleWebKit/537.36 (KHTML, like Gecko) Chrome/96.0.4664.93 Mobile Safari/537.36 (compatible; Googlebot/2.1; +http://www.google.com/bot.html)"
66.249.70.72 - - [15/Dec/2021:12:53:22 +0100] "GET /images/big_prod_3/4250255859625c.jpg HTTP/1.0" 200 271 "-" "Googlebot-Image/1.0"
185.191.171.13 - - [15/Dec/2021:12:53:30 +0100] "GET /copper-metal-table-lamp-p-52985.html HTTP/1.0" 200 70695 "-" "Mozilla/5.0 (compatible; SemrushBot/7~bl; +http://www.semrush.com/bot.html)"
185.191.171.22 - - [15/Dec/2021:12:53:39 +0100] "GET /stationery-cardmaking-c-129.html?page=15 HTTP/1.0" 200 92906 "-" "Mozilla/5.0 (compatible; SemrushBot/7~bl; +http://www.semrush.com/bot.html)"
157.55.39.223 - - [15/Dec/2021:12:53:53 +0100] "GET /images/6942138908640.jpg HTTP/1.0" 200 259 "-" "Mozilla/5.0 (compatible; bingbot/2.0; +http://www.bing.com/bingbot.htm)"
185.191.171.11 - - [15/Dec/2021:12:54:07 +0100] "GET /wall-decoration-cactus-mirror-p-47504.html?action=add_product HTTP/1.0" 302 476 "-" "Mozilla/5.0 (compatible; SemrushBot/7~bl; +http://www.semrush.com/bot.html)"
54.36.148.243 - - [15/Dec/2021:12:54:23 +0100] "GET /gorse-umbrella-flower-fairies-p-41705.html HTTP/1.0" 200 75143 "-" "Mozilla/5.0 (compatible; AhrefsBot/7.0; +http://ahrefs.com/robot/)"
66.249.70.72 - - [15/Dec/2021:12:55:37 +0100] "GET /frames-flags-decorative-paintings-c-13_148.html?page=2 HTTP/1.0" 200 96159 "-" "Mozilla/5.0 (Linux; Android 6.0.1; Nexus 5X Build/MMB29P) AppleWebKit/537.36 (KHTML, like Gecko) Chrome/96.0.4664.93 Mobile Safari/537.36 (compatible; Googlebot/2.1; +http://www.google.com/bot.html)"
185.191.171.6 - - [15/Dec/2021:12:56:17 +0100] "GET /yoga-meditation-statue-p-50391.html?action=add_product HTTP/1.0" 302 476 "-" "Mozilla/5.0 (compatible; SemrushBot/7~bl; +http://www.semrush.com/bot.html)"
185.191.171.39 - - [15/Dec/2021:12:56:42 +0100] "GET /gorjuss-dear-alice-maxi-portfolio-p-26467.html?action=add_product HTTP/1.0" 302 476 "-" "Mozilla/5.0 (compatible; SemrushBot/7~bl; +http://www.semrush.com/bot.html)"
185.191.171.15 - - [15/Dec/2021:12:57:10 +0100] "GET /vintage-stitch-pendulum-clock-p-45657.html?action=add_product HTTP/1.0" 302 476 "-" "Mozilla/5.0 (compatible; SemrushBot/7~bl; +http://www.semrush.com/bot.html)"
54.36.148.243 - - [15/Dec/2021:12:57:11 +0100] "GET /incense-c-231_226.html?page=4 HTTP/1.0" 200 91998 "-" "Mozilla/5.0 (compatible; AhrefsBot/7.0; +http://ahrefs.com/robot/)"
45.32.141.214 - - [15/Dec/2021:12:57:15 +0100] "GET /images/mini_prod/8422535842405.jpg HTTP/1.0" 200 269 "-" "Mozilla/5.0 (X11; Ubuntu; Linux x86_64; rv:72.0) Gecko/20100101 Firefox/72.0"
185.191.171.7 - - [15/Dec/2021:12:57:58 +0100] "GET /set-of-neon-colored-pencils-top-model-p-15795.html HTTP/1.0" 301 73155 "-" "Mozilla/5.0 (compatible; SemrushBot/7~bl; +http://www.semrush.com/bot.html)"
185.191.171.13 - - [15/Dec/2021:12:58:02 +0100] "GET /neon-colored-pencils-model-p-15795.html HTTP/1.0" 200 73062 "-" "Mozilla/5.0 (compatible; SemrushBot/7~bl; +http://www.semrush.com/bot.html)"
185.191.171.36 - - [15/Dec/2021:12:58:27 +0100] "GET /temps-large-bowl-p-45339.html?action=add_product HTTP/1.0" 302 476 "-" "Mozilla/5.0 (compatible; SemrushBot/7~bl; +http://www.semrush.com/bot.html)"
185.191.171.15 - - [15/Dec/2021:12:58:29 +0100] "GET /kimmidoll-love-collection-p-21726.html?action=add_product HTTP/1.0" 302 476 "-" "Mozilla/5.0 (compatible; SemrushBot/7~bl; +http://www.semrush.com/bot.html)"
157.55.39.228 - - [15/Dec/2021:12:58:51 +0100] "GET /-p-12863.html HTTP/1.0" 200 70613 "-" "Mozilla/5.0 (compatible; bingbot/2.0; +http://www.bing.com/bingbot.htm)"
147.92.153.18 - - [15/Dec/2021:12:59:04 +0100] "GET /images/big_prod/8433933228906.jpg HTTP/1.0" 200 268 "-" "Mozilla/5.0 (compatible; Linespider/1.1; +https://lin.ee/4dwXkTH)"
185.191.171.38 - - [15/Dec/2021:12:59:06 +0100] "GET /home-decoration-c-13.html?page=45 HTTP/1.0" 200 93299 "-" "Mozilla/5.0 (compatible; SemrushBot/7~bl; +http://www.semrush.com/bot.html)"
20.99.156.67 - - [15/Dec/2021:12:59:13 +0100] "GET /images/big_prod/3014627950010.jpg HTTP/1.0" 200 268 "-" "Mozilla/5.0 (Windows NT 10.0; ) Gecko/20100101 Firefox/61.0"
207.46.13.52 - - [15/Dec/2021:12:59:34 +0100] "GET /-p-37770.html HTTP/1.0" 200 70613 "-" "Mozilla/5.0 (compatible; bingbot/2.0; +http://www.bing.com/bingbot.htm)"
54.36.148.243 - - [15/Dec/2021:12:59:53 +0100] "GET /golden-parrot-wall-decoration-statuette-p-49709.html HTTP/1.0" 200 73437 "-" "Mozilla/5.0 (compatible; AhrefsBot/7.0; +http://ahrefs.com/robot/)"
185.191.171.1 - - [15/Dec/2021:13:00:09 +0100] "GET /travel-phosphorescent-polar-plaid-p-51609.html HTTP/1.0" 200 73357 "-" "Mozilla/5.0 (compatible; SemrushBot/7~bl; +http://www.semrush.com/bot.html)"
185.191.171.11 - - [15/Dec/2021:13:00:16 +0100] "GET /small-box-for-baby-teeth-fir-light-green-p-42380.html HTTP/1.0" 301 70680 "-" "Mozilla/5.0 (compatible; SemrushBot/7~bl; +http://www.semrush.com/bot.html)"
185.191.171.38 - - [15/Dec/2021:13:00:19 +0100] "GET /-p-42380.html HTTP/1.0" 200 70613 "-" "Mozilla/5.0 (compatible; SemrushBot/7~bl; +http://www.semrush.com/bot.html)"
20.99.156.119 - - [15/Dec/2021:13:00:43 +0100] "GET /images/big_prod/3565750277968.jpg HTTP/1.0" 200 268 "-" "Mozilla/5.0 (Windows NT 10.0; ) Gecko/20100101 Firefox/61.0"
20.99.156.128 - - [15/Dec/2021:13:01:27 +0100] "GET /images/panpan.jpg HTTP/1.0" 200 252 "-" "Mozilla/5.0 (Windows NT 10.0; WOW64) AppleWebKit/537.36 (KHTML, like Gecko) Chrome/67.0.3396.99 Safari/537.36"
51.68.224.127 - - [15/Dec/2021:13:01:34 +0100] "GET /adminweb/export_orders_xml.php?token=256de2z6edz6ed2z6DFSFsed2zed6zeDSFDSGdzedezfzf&maxorders=10&orderstart=1&status=14&start_date=2018-10-01 HTTP/1.0" 200 285 "-" "GesCom CharlotteBoutik Serveur"
51.68.224.127 - - [15/Dec/2021:13:01:34 +0100] "GET /adminweb/export_orders_xml.php?token=256de2z6edz6ed2z6DFSFsed2zed6zeDSFDSGdzedezfzf&maxorders=10&orderstart=1&status=6&start_date=2018-10-01 HTTP/1.0" 200 32471 "-" "GesCom CharlotteBoutik Serveur"
185.191.171.3 - - [15/Dec/2021:13:01:38 +0100] "GET /keychain-jewel-tree-life-p-40749.html?action=add_product HTTP/1.0" 302 476 "-" "Mozilla/5.0 (compatible; SemrushBot/7~bl; +http://www.semrush.com/bot.html)"
74.125.209.50 - - [15/Dec/2021:13:02:46 +0100] "GET /images/big_prod/8433933100721.jpg HTTP/1.0" 200 268 "-" "Mozilla/5.0 (Windows NT 5.1; rv:11.0) Gecko Firefox/11.0 (via ggpht.com GoogleImageProxy)"
155.138.175.238 - - [15/Dec/2021:13:03:05 +0100] "GET /images/mini_prod/3700276281758050720122.jpg HTTP/1.0" 200 278 "-" "Mozilla/5.0 (X11; Ubuntu; Linux x86_64; rv:72.0) Gecko/20100101 Firefox/72.0"
54.36.148.243 - - [15/Dec/2021:13:03:05 +0100] "GET /himalayan-mini-salt-lamp-sphere-orange-light-powered-p-38793.html HTTP/1.0" 200 75071 "-" "Mozilla/5.0 (compatible; AhrefsBot/7.0; +http://ahrefs.com/robot/)"
185.191.171.34 - - [15/Dec/2021:13:03:38 +0100] "GET /despicable-satchel-p-30361.html?action=add_product HTTP/1.0" 302 476 "-" "Mozilla/5.0 (compatible; SemrushBot/7~bl; +http://www.semrush.com/bot.html)"
185.191.171.25 - - [15/Dec/2021:13:03:47 +0100] "GET /set-of-bamboo-cups-humming-bird-p-49567.html HTTP/1.0" 301 70782 "-" "Mozilla/5.0 (compatible; SemrushBot/7~bl; +http://www.semrush.com/bot.html)"
185.191.171.7 - - [15/Dec/2021:13:03:50 +0100] "GET /bamboo-cups-humming-bird-p-49567.html HTTP/1.0" 200 70691 "-" "Mozilla/5.0 (compatible; SemrushBot/7~bl; +http://www.semrush.com/bot.html)"
185.191.171.37 - - [15/Dec/2021:13:03:52 +0100] "GET /penguin-money-p-54816.html HTTP/1.0" 200 73254 "-" "Mozilla/5.0 (compatible; SemrushBot/7~bl; +http://www.semrush.com/bot.html)"
185.191.171.26 - - [15/Dec/2021:13:03:55 +0100] "GET /boho-terracotta-p-51887.html?action=add_product HTTP/1.0" 302 476 "-" "Mozilla/5.0 (compatible; SemrushBot/7~bl; +http://www.semrush.com/bot.html)"
185.191.171.16 - - [15/Dec/2021:13:03:57 +0100] "GET /food-bowl-love-pets-p-31709.html?action=add_product HTTP/1.0" 302 476 "-" "Mozilla/5.0 (compatible; SemrushBot/7~bl; +http://www.semrush.com/bot.html)"
185.191.171.10 - - [15/Dec/2021:13:03:58 +0100] "GET /pink-tourmaline-sold-by-weight-170-grs-p-48548.html HTTP/1.0" 301 74531 "-" "Mozilla/5.0 (compatible; SemrushBot/7~bl; +http://www.semrush.com/bot.html)"
185.191.171.34 - - [15/Dec/2021:13:04:01 +0100] "GET /pink-tourmaline-sold-weight-p-48548.html HTTP/1.0" 200 74437 "-" "Mozilla/5.0 (compatible; SemrushBot/7~bl; +http://www.semrush.com/bot.html)"
17.121.115.222 - - [15/Dec/2021:13:04:06 +0100] "GET /plates-c-12_58.html HTTP/1.0" 301 79420 "-" "Mozilla/5.0 (Macintosh; Intel Mac OS X 10_15_5) AppleWebKit/605.1.15 (KHTML, like Gecko) Version/13.1.1 Safari/605.1.15 (Applebot/0.1; +http://www.apple.com/go/applebot)"
17.121.115.222 - - [15/Dec/2021:13:04:08 +0100] "GET /plates-cups-c-58.html HTTP/1.0" 301 79319 "-" "Mozilla/5.0 (Macintosh; Intel Mac OS X 10_15_5) AppleWebKit/605.1.15 (KHTML, like Gecko) Version/13.1.1 Safari/605.1.15 (Applebot/0.1; +http://www.apple.com/go/applebot)"
17.121.115.222 - - [15/Dec/2021:13:04:10 +0100] "GET /plates-cups-c-12_58.html HTTP/1.0" 200 79345 "-" "Mozilla/5.0 (Macintosh; Intel Mac OS X 10_15_5) AppleWebKit/605.1.15 (KHTML, like Gecko) Version/13.1.1 Safari/605.1.15 (Applebot/0.1; +http://www.apple.com/go/applebot)"
185.191.171.5 - - [15/Dec/2021:13:04:14 +0100] "GET /cotton-floor-cushion-chrysler-40-40-30-cm-p-49128.html HTTP/1.0" 301 70680 "-" "Mozilla/5.0 (compatible; SemrushBot/7~bl; +http://www.semrush.com/bot.html)"
45.32.141.214 - - [15/Dec/2021:13:04:16 +0100] "GET /images/mini_prod/3700653592828.jpg HTTP/1.0" 200 269 "-" "Mozilla/5.0 (X11; Ubuntu; Linux x86_64; rv:72.0) Gecko/20100101 Firefox/72.0"
185.191.171.25 - - [15/Dec/2021:13:04:17 +0100] "GET /-p-49128.html HTTP/1.0" 200 70613 "-" "Mozilla/5.0 (compatible; SemrushBot/7~bl; +http://www.semrush.com/bot.html)"
17.121.113.170 - - [15/Dec/2021:13:04:21 +0100] "GET /bouteilles-bordeaux-little-tray-p-44552.html HTTP/1.0" 200 73485 "-" "Mozilla/5.0 (Macintosh; Intel Mac OS X 10_15_5) AppleWebKit/605.1.15 (KHTML, like Gecko) Version/13.1.1 Safari/605.1.15 (Applebot/0.1; +http://www.apple.com/go/applebot)"
40.77.167.66 - - [15/Dec/2021:13:04:33 +0100] "GET /images/big_prod/3574641017385.jpg HTTP/1.0" 200 268 "-" "Mozilla/5.0 (compatible; bingbot/2.0; +http://www.bing.com/bingbot.htm)"
185.191.171.7 - - [15/Dec/2021:13:04:34 +0100] "GET /suitcase-braiding-imitation-leather-p-49870.html?action=add_product HTTP/1.0" 302 476 "-" "Mozilla/5.0 (compatible; SemrushBot/7~bl; +http://www.semrush.com/bot.html)"
20.99.156.41 - - [15/Dec/2021:13:04:49 +0100] "GET /images/big_prod_2/c8435337081934.jpg HTTP/1.0" 200 271 "-" "Mozilla/5.0 (Windows NT 10.0; ) Gecko/20100101 Firefox/61.0"
106.52.131.116 - - [15/Dec/2021:13:04:49 +0100] "GET /images/mini_prod/9316188029582.jpg HTTP/1.0" 200 269 "-" "Mozilla/5.0 (X11; Ubuntu; Linux x86_64; rv:72.0) Gecko/20100101 Firefox/72.0"
35.189.215.79 - - [15/Dec/2021:13:04:55 +0100] "GET / HTTP/1.0" 200 152728 "-" "Mozilla/5.0 (Windows NT 10.0; Win64; x64) AppleWebKit/537.36 (KHTML, like Gecko) Chrome/84.0.4147.105 Safari/537.36"
216.228.112.22 - - [15/Dec/2021:13:05:09 +0100] "GET /images/mini_prod/3609810022287.jpg HTTP/1.0" 200 269 "-" "Mozilla/5.0 (X11; Ubuntu; Linux x86_64; rv:72.0) Gecko/20100101 Firefox/72.0"
207.46.13.52 - - [15/Dec/2021:13:05:21 +0100] "GET /images/3453131103527.jpg HTTP/1.0" 200 259 "-" "Mozilla/5.0 (compatible; bingbot/2.0; +http://www.bing.com/bingbot.htm)"
45.76.250.213 - - [15/Dec/2021:13:05:28 +0100] "GET /images/big_prod_1/b3660173196275.jpg HTTP/1.0" 200 271 "-" "Mozilla/5.0 (X11; Ubuntu; Linux x86_64; rv:72.0) Gecko/20100101 Firefox/72.0"
66.249.70.72 - - [15/Dec/2021:13:06:01 +0100] "GET /figurine-lucky-luke-averell-dalton-with-hammer-p-15687.html HTTP/1.0" 200 70834 "-" "Mozilla/5.0 (Linux; Android 6.0.1; Nexus 5X Build/MMB29P) AppleWebKit/537.36 (KHTML, like Gecko) Chrome/96.0.4664.93 Mobile Safari/537.36 (compatible; Googlebot/2.1; +http://www.google.com/bot.html)"
54.36.148.243 - - [15/Dec/2021:13:06:10 +0100] "GET /beige-lampshade-p-56324.html HTTP/1.0" 200 73927 "-" "Mozilla/5.0 (compatible; AhrefsBot/7.0; +http://ahrefs.com/robot/)"
154.54.249.198 - - [15/Dec/2021:13:07:09 +0100] "GET /robots.txt HTTP/1.0" 200 245 "-" "Mozilla/5.0 (compatible; Barkrowler/0.9; +https://babbar.tech/crawler)"
185.191.171.9 - - [15/Dec/2021:13:07:22 +0100] "GET /wise-wings-glasses-case-p-51857.html HTTP/1.0" 200 73654 "-" "Mozilla/5.0 (compatible; SemrushBot/7~bl; +http://www.semrush.com/bot.html)"
154.54.249.198 - - [15/Dec/2021:13:07:24 +0100] "GET /trivet-boards-c-12_158.html HTTP/1.0" 200 94422 "-" "Mozilla/5.0 (compatible; Barkrowler/0.9; +https://babbar.tech/crawler)"
154.54.249.198 - - [15/Dec/2021:13:07:41 +0100] "GET /boxes-textile-storage-c-13_150_215.html HTTP/1.0" 200 78451 "-" "Mozilla/5.0 (compatible; Barkrowler/0.9; +https://babbar.tech/crawler)"
185.191.171.34 - - [15/Dec/2021:13:07:44 +0100] "GET /umbrella-stand-mosaic-ecru-brown-mother-pearl-p-48042.html?action=add_product HTTP/1.0" 302 476 "-" "Mozilla/5.0 (compatible; SemrushBot/7~bl; +http://www.semrush.com/bot.html)"
154.54.249.198 - - [15/Dec/2021:13:07:58 +0100] "GET /stone-labradorite-grams-p-46587.html HTTP/1.0" 200 74908 "-" "Mozilla/5.0 (compatible; Barkrowler/0.9; +https://babbar.tech/crawler)"
157.55.39.0 - - [15/Dec/2021:13:08:16 +0100] "GET /images/big_prod/281413.jpg HTTP/1.0" 200 261 "-" "Mozilla/5.0 (compatible; bingbot/2.0; +http://www.bing.com/bingbot.htm)"
154.54.249.198 - - [15/Dec/2021:13:08:14 +0100] "GET /decorative-earth-globes-c-13_233.html?page=2 HTTP/1.0" 200 78912 "-" "Mozilla/5.0 (compatible; Barkrowler/0.9; +https://babbar.tech/crawler)"
157.55.39.125 - - [15/Dec/2021:13:08:21 +0100] "GET /decorative-owl-statue-p-52825.html HTTP/1.0" 301 73346 "-" "Mozilla/5.0 (compatible; bingbot/2.0; +http://www.bing.com/bingbot.htm)"
185.191.171.3 - - [15/Dec/2021:13:08:42 +0100] "GET /light-wood-table-lamp-scandinavian-spirit-p-51786.html?action=add_product HTTP/1.0" 302 476 "-" "Mozilla/5.0 (compatible; SemrushBot/7~bl; +http://www.semrush.com/bot.html)"
17.121.114.33 - - [15/Dec/2021:13:08:42 +0100] "GET /frankie-stein-figure-p-22565.html HTTP/1.0" 200 73310 "-" "Mozilla/5.0 (Macintosh; Intel Mac OS X 10_15_5) AppleWebKit/605.1.15 (KHTML, like Gecko) Version/13.1.1 Safari/605.1.15 (Applebot/0.1; +http://www.apple.com/go/applebot)"
54.36.148.243 - - [15/Dec/2021:13:08:57 +0100] "GET /schoolbag-caramel-poetic-dragonfly-p-55618.html HTTP/1.0" 200 74654 "-" "Mozilla/5.0 (compatible; AhrefsBot/7.0; +http://ahrefs.com/robot/)"
157.55.39.0 - - [15/Dec/2021:13:09:06 +0100] "GET /wall-decoration-wood-c-274.html HTTP/1.0" 301 93018 "-" "Mozilla/5.0 (compatible; bingbot/2.0; +http://www.bing.com/bingbot.htm)"
185.191.171.35 - - [15/Dec/2021:13:09:26 +0100] "GET /-p-44666.html?action=add_product HTTP/1.0" 302 476 "-" "Mozilla/5.0 (compatible; SemrushBot/7~bl; +http://www.semrush.com/bot.html)"
157.55.39.228 - - [15/Dec/2021:13:09:45 +0100] "GET /images/mini_prod/3665269031997.jpg HTTP/1.0" 200 269 "-" "Mozilla/5.0 (compatible; bingbot/2.0; +http://www.bing.com/bingbot.htm)"
17.121.114.42 - - [15/Dec/2021:13:10:12 +0100] "GET /bread-bags-pie-bag-c-11_179.html HTTP/1.0" 301 81862 "-" "Mozilla/5.0 (Macintosh; Intel Mac OS X 10_15_5) AppleWebKit/605.1.15 (KHTML, like Gecko) Version/13.1.1 Safari/605.1.15 (Applebot/0.1; +http://www.apple.com/go/applebot)"
17.121.114.42 - - [15/Dec/2021:13:10:14 +0100] "GET /bread-bags-c-179.html HTTP/1.0" 301 81743 "-" "Mozilla/5.0 (Macintosh; Intel Mac OS X 10_15_5) AppleWebKit/605.1.15 (KHTML, like Gecko) Version/13.1.1 Safari/605.1.15 (Applebot/0.1; +http://www.apple.com/go/applebot)"
17.121.114.42 - - [15/Dec/2021:13:10:16 +0100] "GET /bread-bags-c-11_179.html HTTP/1.0" 200 81787 "-" "Mozilla/5.0 (Macintosh; Intel Mac OS X 10_15_5) AppleWebKit/605.1.15 (KHTML, like Gecko) Version/13.1.1 Safari/605.1.15 (Applebot/0.1; +http://www.apple.com/go/applebot)"
185.191.171.16 - - [15/Dec/2021:13:10:24 +0100] "GET /elephants-lamp-in-resin-101-cm-p-45860.html HTTP/1.0" 301 70680 "-" "Mozilla/5.0 (compatible; SemrushBot/7~bl; +http://www.semrush.com/bot.html)"
185.191.171.37 - - [15/Dec/2021:13:10:28 +0100] "GET /-p-45860.html HTTP/1.0" 200 70613 "-" "Mozilla/5.0 (compatible; SemrushBot/7~bl; +http://www.semrush.com/bot.html)"
185.191.171.43 - - [15/Dec/2021:13:10:31 +0100] "GET /bilbao-coated-tablecloth-blue-p-45345.html HTTP/1.0" 200 73362 "-" "Mozilla/5.0 (compatible; SemrushBot/7~bl; +http://www.semrush.com/bot.html)"
66.249.70.70 - - [15/Dec/2021:13:10:47 +0100] "GET /images/big_prod/8718317572463.jpg HTTP/1.0" 200 268 "-" "Googlebot-Image/1.0"
157.55.39.125 - - [15/Dec/2021:13:10:51 +0100] "GET /mister-long-sleeve-shirt-p-31041.html HTTP/1.0" 200 74421 "-" "Mozilla/5.0 (compatible; bingbot/2.0; +http://www.bing.com/bingbot.htm)"
157.55.39.0 - - [15/Dec/2021:13:10:56 +0100] "GET /microfibre-base-cover-white-p-53948.html HTTP/1.0" 200 73423 "-" "Mozilla/5.0 (compatible; bingbot/2.0; +http://www.bing.com/bingbot.htm)"
185.191.171.18 - - [15/Dec/2021:13:11:15 +0100] "GET /white-pineapple-in-natural-wax-leds-p-40174.html HTTP/1.0" 301 70828 "-" "Mozilla/5.0 (compatible; SemrushBot/7~bl; +http://www.semrush.com/bot.html)"
185.191.171.12 - - [15/Dec/2021:13:11:18 +0100] "GET /white-pineapple-natural-leds-p-40174.html HTTP/1.0" 200 70733 "-" "Mozilla/5.0 (compatible; SemrushBot/7~bl; +http://www.semrush.com/bot.html)"
216.244.66.242 - - [15/Dec/2021:13:11:36 +0100] "GET /robots.txt HTTP/1.0" 200 245 "-" "Mozilla/5.0 (compatible; DotBot/1.2; +https://opensiteexplorer.org/dotbot; help@moz.com)"
185.191.171.24 - - [15/Dec/2021:13:11:38 +0100] "GET /boutis-quilt-bedspread-c-11_194.html HTTP/1.0" 200 88307 "-" "Mozilla/5.0 (compatible; SemrushBot/7~bl; +http://www.semrush.com/bot.html)"
54.36.148.243 - - [15/Dec/2021:13:11:55 +0100] "GET /london-metal-keyring-union-jack-boot-p-35354.html HTTP/1.0" 200 73383 "-" "Mozilla/5.0 (compatible; AhrefsBot/7.0; +http://ahrefs.com/robot/)"
185.191.171.20 - - [15/Dec/2021:13:11:59 +0100] "GET /hello-kitty-p-22245.html?action=add_product HTTP/1.0" 302 476 "-" "Mozilla/5.0 (compatible; SemrushBot/7~bl; +http://www.semrush.com/bot.html)"
157.55.39.228 - - [15/Dec/2021:13:12:25 +0100] "GET /images/big_prod/3681643219171.jpg HTTP/1.0" 200 268 "-" "Mozilla/5.0 (compatible; bingbot/2.0; +http://www.bing.com/bingbot.htm)"
175.102.16.34 - - [15/Dec/2021:13:12:32 +0100] "GET /images/mini_prod/1399984284612.jpg HTTP/1.0" 200 269 "-" "Mozilla/5.0 (X11; Ubuntu; Linux x86_64; rv:72.0) Gecko/20100101 Firefox/72.0"
207.46.13.52 - - [15/Dec/2021:13:12:38 +0100] "GET /little-prince-navy-blue-jewelry-phosphorescent-p-16447.html HTTP/1.0" 200 74766 "-" "Mozilla/5.0 (compatible; bingbot/2.0; +http://www.bing.com/bingbot.htm)"
118.140.213.251 - - [15/Dec/2021:13:12:47 +0100] "GET /images/mini_prod/1399984284612.jpg HTTP/1.0" 200 269 "-" "Mozilla/5.0 (X11; Ubuntu; Linux x86_64; rv:72.0) Gecko/20100101 Firefox/72.0"
185.191.171.11 - - [15/Dec/2021:13:13:01 +0100] "GET /banania-metal-plate-p-30392.html HTTP/1.0" 200 73266 "-" "Mozilla/5.0 (compatible; SemrushBot/7~bl; +http://www.semrush.com/bot.html)"
185.191.171.40 - - [15/Dec/2021:13:13:04 +0100] "GET /rainbow-bookends-p-50759.html?action=add_product HTTP/1.0" 302 476 "-" "Mozilla/5.0 (compatible; SemrushBot/7~bl; +http://www.semrush.com/bot.html)"
157.55.39.125 - - [15/Dec/2021:13:14:00 +0100] "GET /images/8028501692724.jpg HTTP/1.0" 200 259 "-" "Mozilla/5.0 (compatible; bingbot/2.0; +http://www.bing.com/bingbot.htm)"
185.191.171.20 - - [15/Dec/2021:13:14:26 +0100] "GET /ceramic-salt-with-spoon-dory-p-50650.html HTTP/1.0" 200 73325 "-" "Mozilla/5.0 (compatible; SemrushBot/7~bl; +http://www.semrush.com/bot.html)"
54.36.148.243 - - [15/Dec/2021:13:15:08 +0100] "GET /cubi-door-wood-copains-abord-p-56140.html HTTP/1.0" 200 74054 "-" "Mozilla/5.0 (compatible; AhrefsBot/7.0; +http://ahrefs.com/robot/)"
157.55.39.125 - - [15/Dec/2021:13:15:32 +0100] "GET /images/3760194750842.jpg HTTP/1.0" 200 259 "-" "Mozilla/5.0 (compatible; bingbot/2.0; +http://www.bing.com/bingbot.htm)"
157.55.39.125 - - [15/Dec/2021:13:15:33 +0100] "GET /floor-cushions-c-11_182.html HTTP/1.0" 200 91229 "-" "Mozilla/5.0 (compatible; bingbot/2.0; +http://www.bing.com/bingbot.htm)"
216.228.112.22 - - [15/Dec/2021:13:15:39 +0100] "GET /images/mini_prod/Image91.jpg HTTP/1.0" 200 263 "-" "Mozilla/5.0 (X11; Ubuntu; Linux x86_64; rv:72.0) Gecko/20100101 Firefox/72.0"
66.249.70.72 - - [15/Dec/2021:13:15:47 +0100] "GET /burner-soapstone-flower-life-p-48789.html HTTP/1.0" 200 73493 "-" "Mozilla/5.0 (Linux; Android 6.0.1; Nexus 5X Build/MMB29P) AppleWebKit/537.36 (KHTML, like Gecko) Chrome/96.0.4664.93 Mobile Safari/537.36 (compatible; Googlebot/2.1; +http://www.google.com/bot.html)"
185.191.171.4 - - [15/Dec/2021:13:16:03 +0100] "GET /round-mirror-to-suspend-rope-p-52178.html HTTP/1.0" 301 70680 "-" "Mozilla/5.0 (compatible; SemrushBot/7~bl; +http://www.semrush.com/bot.html)"
185.191.171.18 - - [15/Dec/2021:13:16:06 +0100] "GET /-p-52178.html HTTP/1.0" 200 70613 "-" "Mozilla/5.0 (compatible; SemrushBot/7~bl; +http://www.semrush.com/bot.html)"
185.191.171.15 - - [15/Dec/2021:13:16:12 +0100] "GET /merry-tree-trimming-decorating-tree-with-illuminated-p-56171.html HTTP/1.0" 200 74639 "-" "Mozilla/5.0 (compatible; SemrushBot/7~bl; +http://www.semrush.com/bot.html)"
66.249.70.70 - - [15/Dec/2021:13:16:25 +0100] "GET /small-baby-teeth-small-mouse-p-49165.html HTTP/1.0" 200 73487 "-" "Mozilla/5.0 (compatible; Googlebot/2.1; +http://www.google.com/bot.html)"
157.55.39.0 - - [15/Dec/2021:13:16:32 +0100] "GET /kiub-collection-little-prince-cool-p-56241.html HTTP/1.0" 200 74159 "-" "Mozilla/5.0 (compatible; bingbot/2.0; +http://www.bing.com/bingbot.htm)"
185.191.171.38 - - [15/Dec/2021:13:16:43 +0100] "GET /white-stars-table-lamp-p-55271.html HTTP/1.0" 200 73887 "-" "Mozilla/5.0 (compatible; SemrushBot/7~bl; +http://www.semrush.com/bot.html)"
185.191.171.22 - - [15/Dec/2021:13:16:47 +0100] "GET /coasters-cccp-cbkreation-p-28525.html HTTP/1.0" 200 73283 "-" "Mozilla/5.0 (compatible; SemrushBot/7~bl; +http://www.semrush.com/bot.html)"
51.68.224.127 - - [15/Dec/2021:13:17:32 +0100] "GET /adminweb/export_orders_xml.php?token=256de2z6edz6ed2z6DFSFsed2zed6zeDSFDSGdzedezfzf&maxorders=10&orderstart=1&status=14&start_date=2018-10-01 HTTP/1.0" 200 285 "-" "GesCom CharlotteBoutik Serveur"
51.68.224.127 - - [15/Dec/2021:13:17:32 +0100] "GET /adminweb/export_orders_xml.php?token=256de2z6edz6ed2z6DFSFsed2zed6zeDSFDSGdzedezfzf&maxorders=10&orderstart=1&status=6&start_date=2018-10-01 HTTP/1.0" 200 32471 "-" "GesCom CharlotteBoutik Serveur"
157.55.39.0 - - [15/Dec/2021:13:18:07 +0100] "GET /images/mini_prod/3608860226812.jpg HTTP/1.0" 200 269 "-" "Mozilla/5.0 (compatible; bingbot/2.0; +http://www.bing.com/bingbot.htm)"
66.249.93.253 - - [15/Dec/2021:13:18:09 +0100] "GET /images/big_prod_1/1491693047073B.jpg HTTP/1.0" 200 271 "-" "Mozilla/5.0 (Windows NT 5.1; rv:11.0) Gecko Firefox/11.0 (via ggpht.com GoogleImageProxy)"
77.204.106.140 - - [15/Dec/2021:13:18:11 +0100] "GET /paris-saint-germain-zippo-lighter-p-49098.html HTTP/1.0" 200 76488 "https://www.google.com/" "Mozilla/5.0 (Windows NT 10.0; Win64; x64) AppleWebKit/537.36 (KHTML, like Gecko) Chrome/96.0.4664.93 Safari/537.36"
77.204.106.140 - - [15/Dec/2021:13:18:14 +0100] "GET /templates/Pixame_v1/stylesheet.css HTTP/1.0" 200 267 "http://www.wonder-geek.com/paris-saint-germain-zippo-lighter-p-49098.html" "Mozilla/5.0 (Windows NT 10.0; Win64; x64) AppleWebKit/537.36 (KHTML, like Gecko) Chrome/96.0.4664.93 Safari/537.36"
77.204.106.140 - - [15/Dec/2021:13:18:14 +0100] "GET /mondial_relay/js/jquery-1.3.2.min.js HTTP/1.0" 200 276 "http://www.wonder-geek.com/paris-saint-germain-zippo-lighter-p-49098.html" "Mozilla/5.0 (Windows NT 10.0; Win64; x64) AppleWebKit/537.36 (KHTML, like Gecko) Chrome/96.0.4664.93 Safari/537.36"
77.204.106.140 - - [15/Dec/2021:13:18:14 +0100] "GET /js/jquery.js HTTP/1.0" 200 252 "http://www.wonder-geek.com/paris-saint-germain-zippo-lighter-p-49098.html" "Mozilla/5.0 (Windows NT 10.0; Win64; x64) AppleWebKit/537.36 (KHTML, like Gecko) Chrome/96.0.4664.93 Safari/537.36"
77.204.106.140 - - [15/Dec/2021:13:18:14 +0100] "GET /js/jquery.jqzoom.js HTTP/1.0" 200 259 "http://www.wonder-geek.com/paris-saint-germain-zippo-lighter-p-49098.html" "Mozilla/5.0 (Windows NT 10.0; Win64; x64) AppleWebKit/537.36 (KHTML, like Gecko) Chrome/96.0.4664.93 Safari/537.36"
77.204.106.140 - - [15/Dec/2021:13:18:14 +0100] "GET /highslide/highslide.js HTTP/1.0" 200 262 "http://www.wonder-geek.com/paris-saint-germain-zippo-lighter-p-49098.html" "Mozilla/5.0 (Windows NT 10.0; Win64; x64) AppleWebKit/537.36 (KHTML, like Gecko) Chrome/96.0.4664.93 Safari/537.36"
77.204.106.140 - - [15/Dec/2021:13:18:14 +0100] "GET /swfobject.js HTTP/1.0" 404 1308 "http://www.wonder-geek.com/paris-saint-germain-zippo-lighter-p-49098.html" "Mozilla/5.0 (Windows NT 10.0; Win64; x64) AppleWebKit/537.36 (KHTML, like Gecko) Chrome/96.0.4664.93 Safari/537.36"
77.204.106.140 - - [15/Dec/2021:13:18:14 +0100] "GET /templates/Pixame_v1/images/icon_accueil2.png HTTP/1.0" 200 278 "http://www.wonder-geek.com/paris-saint-germain-zippo-lighter-p-49098.html" "Mozilla/5.0 (Windows NT 10.0; Win64; x64) AppleWebKit/537.36 (KHTML, like Gecko) Chrome/96.0.4664.93 Safari/537.36"
77.204.106.140 - - [15/Dec/2021:13:18:14 +0100] "GET /templates/Pixame_v1/images/infobox/pixel_trans.gif HTTP/1.0" 200 328 "http://www.wonder-geek.com/paris-saint-germain-zippo-lighter-p-49098.html" "Mozilla/5.0 (Windows NT 10.0; Win64; x64) AppleWebKit/537.36 (KHTML, like Gecko) Chrome/96.0.4664.93 Safari/537.36"
77.204.106.140 - - [15/Dec/2021:13:18:14 +0100] "GET /templates/Pixame_v1/images/pixel_trans.gif HTTP/1.0" 200 328 "http://www.wonder-geek.com/paris-saint-germain-zippo-lighter-p-49098.html" "Mozilla/5.0 (Windows NT 10.0; Win64; x64) AppleWebKit/537.36 (KHTML, like Gecko) Chrome/96.0.4664.93 Safari/537.36"
77.204.106.140 - - [15/Dec/2021:13:18:14 +0100] "GET /images/big_prod_2/1491693047073C.jpg HTTP/1.0" 200 271 "http://www.wonder-geek.com/paris-saint-germain-zippo-lighter-p-49098.html" "Mozilla/5.0 (Windows NT 10.0; Win64; x64) AppleWebKit/537.36 (KHTML, like Gecko) Chrome/96.0.4664.93 Safari/537.36"
77.204.106.140 - - [15/Dec/2021:13:18:14 +0100] "GET /images/big_prod/1491693047073.jpg HTTP/1.0" 200 268 "http://www.wonder-geek.com/paris-saint-germain-zippo-lighter-p-49098.html" "Mozilla/5.0 (Windows NT 10.0; Win64; x64) AppleWebKit/537.36 (KHTML, like Gecko) Chrome/96.0.4664.93 Safari/537.36"
77.204.106.140 - - [15/Dec/2021:13:18:14 +0100] "GET /images/big_prod_1/1491693047073B.jpg HTTP/1.0" 200 271 "http://www.wonder-geek.com/paris-saint-germain-zippo-lighter-p-49098.html" "Mozilla/5.0 (Windows NT 10.0; Win64; x64) AppleWebKit/537.36 (KHTML, like Gecko) Chrome/96.0.4664.93 Safari/537.36"
77.204.106.140 - - [15/Dec/2021:13:18:14 +0100] "GET /images/pixel_trans.gif HTTP/1.0" 200 328 "http://www.wonder-geek.com/paris-saint-germain-zippo-lighter-p-49098.html" "Mozilla/5.0 (Windows NT 10.0; Win64; x64) AppleWebKit/537.36 (KHTML, like Gecko) Chrome/96.0.4664.93 Safari/537.36"
77.204.106.140 - - [15/Dec/2021:13:18:14 +0100] "GET /swfobject.js HTTP/1.0" 404 1308 "http://www.wonder-geek.com/paris-saint-germain-zippo-lighter-p-49098.html" "Mozilla/5.0 (Windows NT 10.0; Win64; x64) AppleWebKit/537.36 (KHTML, like Gecko) Chrome/96.0.4664.93 Safari/537.36"
77.204.106.140 - - [15/Dec/2021:13:18:14 +0100] "GET /templates/Pixame_v1/images/nav.png HTTP/1.0" 200 268 "http://www.wonder-geek.com/templates/Pixame_v1/stylesheet.css" "Mozilla/5.0 (Windows NT 10.0; Win64; x64) AppleWebKit/537.36 (KHTML, like Gecko) Chrome/96.0.4664.93 Safari/537.36"
77.204.106.140 - - [15/Dec/2021:13:18:14 +0100] "GET /templates/Pixame_v1/images/Bottom_texture.jpg HTTP/1.0" 200 280 "http://www.wonder-geek.com/templates/Pixame_v1/stylesheet.css" "Mozilla/5.0 (Windows NT 10.0; Win64; x64) AppleWebKit/537.36 (KHTML, like Gecko) Chrome/96.0.4664.93 Safari/537.36"
77.204.106.140 - - [15/Dec/2021:13:18:14 +0100] "GET /templates/Pixame_v1/images/Middle_texture.jpg HTTP/1.0" 200 280 "http://www.wonder-geek.com/templates/Pixame_v1/stylesheet.css" "Mozilla/5.0 (Windows NT 10.0; Win64; x64) AppleWebKit/537.36 (KHTML, like Gecko) Chrome/96.0.4664.93 Safari/537.36"
77.204.106.140 - - [15/Dec/2021:13:18:14 +0100] "GET /templates/Pixame_v1/images/header.png HTTP/1.0" 200 271 "http://www.wonder-geek.com/templates/Pixame_v1/stylesheet.css" "Mozilla/5.0 (Windows NT 10.0; Win64; x64) AppleWebKit/537.36 (KHTML, like Gecko) Chrome/96.0.4664.93 Safari/537.36"
77.204.106.140 - - [15/Dec/2021:13:18:14 +0100] "GET /templates/Pixame_v1/images/header-object.png HTTP/1.0" 200 278 "http://www.wonder-geek.com/templates/Pixame_v1/stylesheet.css" "Mozilla/5.0 (Windows NT 10.0; Win64; x64) AppleWebKit/537.36 (KHTML, like Gecko) Chrome/96.0.4664.93 Safari/537.36"
77.204.106.140 - - [15/Dec/2021:13:18:14 +0100] "GET /design/productsenstock.png HTTP/1.0" 200 260 "http://www.wonder-geek.com/templates/Pixame_v1/stylesheet.css" "Mozilla/5.0 (Windows NT 10.0; Win64; x64) AppleWebKit/537.36 (KHTML, like Gecko) Chrome/96.0.4664.93 Safari/537.36"
77.204.106.140 - - [15/Dec/2021:13:18:14 +0100] "GET /templates/Pixame_v1/images/infobox/infobox_footer_middle.gif HTTP/1.0" 200 357 "http://www.wonder-geek.com/paris-saint-germain-zippo-lighter-p-49098.html" "Mozilla/5.0 (Windows NT 10.0; Win64; x64) AppleWebKit/537.36 (KHTML, like Gecko) Chrome/96.0.4664.93 Safari/537.36"
77.204.106.140 - - [15/Dec/2021:13:18:14 +0100] "GET /templates/Pixame_v1/images/buttons/english/button_in_cart.gif HTTP/1.0" 200 295 "http://www.wonder-geek.com/paris-saint-germain-zippo-lighter-p-49098.html" "Mozilla/5.0 (Windows NT 10.0; Win64; x64) AppleWebKit/537.36 (KHTML, like Gecko) Chrome/96.0.4664.93 Safari/537.36"
77.204.106.140 - - [15/Dec/2021:13:18:14 +0100] "GET /highslide/graphics/zoomin.cur HTTP/1.0" 200 614 "http://www.wonder-geek.com/templates/Pixame_v1/stylesheet.css" "Mozilla/5.0 (Windows NT 10.0; Win64; x64) AppleWebKit/537.36 (KHTML, like Gecko) Chrome/96.0.4664.93 Safari/537.36"
77.204.106.140 - - [15/Dec/2021:13:18:14 +0100] "GET /highslide/graphics/loader.white.gif HTTP/1.0" 200 960 "http://www.wonder-geek.com/templates/Pixame_v1/stylesheet.css" "Mozilla/5.0 (Windows NT 10.0; Win64; x64) AppleWebKit/537.36 (KHTML, like Gecko) Chrome/96.0.4664.93 Safari/537.36"
77.204.106.140 - - [15/Dec/2021:13:18:14 +0100] "GET /favicon.ico HTTP/1.0" 200 260 "http://www.wonder-geek.com/paris-saint-germain-zippo-lighter-p-49098.html" "Mozilla/5.0 (Windows NT 10.0; Win64; x64) AppleWebKit/537.36 (KHTML, like Gecko) Chrome/96.0.4664.93 Safari/537.36"
77.204.106.140 - - [15/Dec/2021:13:18:14 +0100] "GET /highslide/graphics/outlines/drop-shadow.png HTTP/1.0" 200 277 "http://www.wonder-geek.com/paris-saint-germain-zippo-lighter-p-49098.html" "Mozilla/5.0 (Windows NT 10.0; Win64; x64) AppleWebKit/537.36 (KHTML, like Gecko) Chrome/96.0.4664.93 Safari/537.36"
77.204.106.140 - - [15/Dec/2021:13:18:14 +0100] "GET /highslide/graphics/zoomout.cur HTTP/1.0" 200 614 "http://www.wonder-geek.com/paris-saint-germain-zippo-lighter-p-49098.html" "Mozilla/5.0 (Windows NT 10.0; Win64; x64) AppleWebKit/537.36 (KHTML, like Gecko) Chrome/96.0.4664.93 Safari/537.36"
66.249.70.72 - - [15/Dec/2021:13:18:16 +0100] "GET /wall-sticker-c-13_187.html HTTP/1.0" 200 93549 "-" "Mozilla/5.0 (Linux; Android 6.0.1; Nexus 5X Build/MMB29P) AppleWebKit/537.36 (KHTML, like Gecko) Chrome/96.0.4664.93 Mobile Safari/537.36 (compatible; Googlebot/2.1; +http://www.google.com/bot.html)"
54.36.148.243 - - [15/Dec/2021:13:18:23 +0100] "GET /placemat-kiub-collection-amys-owls-p-55900.html HTTP/1.0" 200 73332 "-" "Mozilla/5.0 (compatible; AhrefsBot/7.0; +http://ahrefs.com/robot/)"
185.191.171.3 - - [15/Dec/2021:13:18:56 +0100] "GET /cushion-cover-40-60-cm-p-52123.html HTTP/1.0" 301 73481 "-" "Mozilla/5.0 (compatible; SemrushBot/7~bl; +http://www.semrush.com/bot.html)"
185.191.171.45 - - [15/Dec/2021:13:18:58 +0100] "GET /cushion-cover-p-52123.html HTTP/1.0" 200 73401 "-" "Mozilla/5.0 (compatible; SemrushBot/7~bl; +http://www.semrush.com/bot.html)"
5.255.253.187 - - [15/Dec/2021:13:19:18 +0100] "GET /-p-27833.html HTTP/1.0" 200 70613 "-" "Mozilla/5.0 (compatible; YandexBot/3.0; +http://yandex.com/bots)"
185.191.171.4 - - [15/Dec/2021:13:19:23 +0100] "GET /black-bamboo-box-p-48023.html HTTP/1.0" 301 70726 "-" "Mozilla/5.0 (compatible; SemrushBot/7~bl; +http://www.semrush.com/bot.html)"
185.191.171.45 - - [15/Dec/2021:13:19:26 +0100] "GET /black-bamboo-p-48023.html HTTP/1.0" 200 70647 "-" "Mozilla/5.0 (compatible; SemrushBot/7~bl; +http://www.semrush.com/bot.html)"
20.99.155.232 - - [15/Dec/2021:13:19:35 +0100] "GET /images/DSCN0952b.jpg HTTP/1.0" 200 255 "-" "Mozilla/5.0 (Windows NT 10.0; WOW64) AppleWebKit/537.36 (KHTML, like Gecko) Chrome/68.0.3440.106 Safari/537.36"
66.249.70.70 - - [15/Dec/2021:13:19:52 +0100] "GET /-p-17523.html HTTP/1.0" 200 70613 "-" "Mozilla/5.0 (Linux; Android 6.0.1; Nexus 5X Build/MMB29P) AppleWebKit/537.36 (KHTML, like Gecko) Chrome/96.0.4664.93 Mobile Safari/537.36 (compatible; Googlebot/2.1; +http://www.google.com/bot.html)"
66.249.70.72 - - [15/Dec/2021:13:20:00 +0100] "GET /images/med_prod/3457701005013.jpg HTTP/1.0" 200 268 "-" "Googlebot-Image/1.0"
185.191.171.43 - - [15/Dec/2021:13:20:18 +0100] "GET /cuba-metal-tray-p-39516.html?action=add_product HTTP/1.0" 302 476 "-" "Mozilla/5.0 (compatible; SemrushBot/7~bl; +http://www.semrush.com/bot.html)"
77.75.77.109 - - [15/Dec/2021:13:20:25 +0100] "GET /robots.txt HTTP/1.0" 200 245 "-" "Mozilla/5.0 (compatible; SeznamBot/3.2; +http://napoveda.seznam.cz/en/seznambot-intro/)"
77.75.77.109 - - [15/Dec/2021:13:20:25 +0100] "GET /images/med_prod/4029811340538NN.jpg HTTP/1.0" 200 270 "-" "Mozilla/5.0 (compatible; SeznamBot/3.2; +http://napoveda.seznam.cz/en/seznambot-intro/)"
17.121.114.68 - - [15/Dec/2021:13:20:36 +0100] "GET /snow-and-glitter-ball-c-13_259.html HTTP/1.0" 301 90517 "-" "Mozilla/5.0 (Macintosh; Intel Mac OS X 10_15_5) AppleWebKit/605.1.15 (KHTML, like Gecko) Version/13.1.1 Safari/605.1.15 (Applebot/0.1; +http://www.apple.com/go/applebot)"
17.121.114.68 - - [15/Dec/2021:13:20:38 +0100] "GET /snow-glitter-ball-c-259.html HTTP/1.0" 301 90394 "-" "Mozilla/5.0 (Macintosh; Intel Mac OS X 10_15_5) AppleWebKit/605.1.15 (KHTML, like Gecko) Version/13.1.1 Safari/605.1.15 (Applebot/0.1; +http://www.apple.com/go/applebot)"
17.121.114.68 - - [15/Dec/2021:13:20:40 +0100] "GET /snow-glitter-ball-c-13_259.html HTTP/1.0" 200 90435 "-" "Mozilla/5.0 (Macintosh; Intel Mac OS X 10_15_5) AppleWebKit/605.1.15 (KHTML, like Gecko) Version/13.1.1 Safari/605.1.15 (Applebot/0.1; +http://www.apple.com/go/applebot)"
185.191.171.6 - - [15/Dec/2021:13:20:52 +0100] "GET /desert-wall-sticker-p-49924.html HTTP/1.0" 301 70680 "-" "Mozilla/5.0 (compatible; SemrushBot/7~bl; +http://www.semrush.com/bot.html)"
185.191.171.45 - - [15/Dec/2021:13:20:55 +0100] "GET /-p-49924.html HTTP/1.0" 200 70613 "-" "Mozilla/5.0 (compatible; SemrushBot/7~bl; +http://www.semrush.com/bot.html)"
54.36.148.243 - - [15/Dec/2021:13:21:29 +0100] "GET /miraculous-virgin-prayer-candle-novena-p-44455.html HTTP/1.0" 200 74129 "-" "Mozilla/5.0 (compatible; AhrefsBot/7.0; +http://ahrefs.com/robot/)"
147.92.153.13 - - [15/Dec/2021:13:21:37 +0100] "GET /images/big_prod_2/22849b.jpg HTTP/1.0" 200 263 "-" "Mozilla/5.0 (compatible; Linespider/1.1; +https://lin.ee/4dwXkTH)"
157.55.39.223 - - [15/Dec/2021:13:21:39 +0100] "GET /images/big_prod/8422001874602.jpg HTTP/1.0" 200 268 "-" "Mozilla/5.0 (compatible; bingbot/2.0; +http://www.bing.com/bingbot.htm)"
66.249.93.251 - - [15/Dec/2021:13:21:47 +0100] "GET /images/big_prod_2/bambou1.jpg HTTP/1.0" 200 264 "-" "Mozilla/5.0 (Windows NT 5.1; rv:11.0) Gecko Firefox/11.0 (via ggpht.com GoogleImageProxy)"
185.191.171.5 - - [15/Dec/2021:13:21:51 +0100] "GET /index.php HTTP/1.0" 200 152178 "-" "Mozilla/5.0 (compatible; SemrushBot/7~bl; +http://www.semrush.com/bot.html)"
185.191.171.18 - - [15/Dec/2021:13:22:24 +0100] "GET /nici-milo-gorilla-memo-clip-p-4972.html HTTP/1.0" 200 73297 "-" "Mozilla/5.0 (compatible; SemrushBot/7~bl; +http://www.semrush.com/bot.html)"
185.191.171.40 - - [15/Dec/2021:13:22:27 +0100] "GET /aged-bleached-wood-whale-p-54505.html?action=add_product HTTP/1.0" 302 476 "-" "Mozilla/5.0 (compatible; SemrushBot/7~bl; +http://www.semrush.com/bot.html)"
185.191.171.41 - - [15/Dec/2021:13:23:02 +0100] "GET /toiletry-bag-p-43804.html HTTP/1.0" 301 73344 "-" "Mozilla/5.0 (compatible; SemrushBot/7~bl; +http://www.semrush.com/bot.html)"
185.191.171.22 - - [15/Dec/2021:13:23:05 +0100] "GET /toiletry-p-43804.html HTTP/1.0" 200 73269 "-" "Mozilla/5.0 (compatible; SemrushBot/7~bl; +http://www.semrush.com/bot.html)"
185.191.171.5 - - [15/Dec/2021:13:23:09 +0100] "GET /statuette-jesus-christ-redeemer-resin-p-46650.html HTTP/1.0" 200 73438 "-" "Mozilla/5.0 (compatible; SemrushBot/7~bl; +http://www.semrush.com/bot.html)"
185.191.171.4 - - [15/Dec/2021:13:23:19 +0100] "GET /skull-sailor-moneybox-grey-p-32590.html HTTP/1.0" 200 73267 "-" "Mozilla/5.0 (compatible; SemrushBot/7~bl; +http://www.semrush.com/bot.html)"
66.249.70.70 - - [15/Dec/2021:13:23:44 +0100] "GET /images/big_prod_1/1328399219544a.jpg HTTP/1.0" 200 271 "-" "Googlebot-Image/1.0"
54.36.148.243 - - [15/Dec/2021:13:24:33 +0100] "GET /door-plate-prire-ptanque-p-56789.html HTTP/1.0" 200 73964 "-" "Mozilla/5.0 (compatible; AhrefsBot/7.0; +http://ahrefs.com/robot/)"
216.244.66.242 - - [15/Dec/2021:13:24:37 +0100] "GET /images/3700815390170.jpg HTTP/1.0" 200 259 "-" "Mozilla/5.0 (compatible; DotBot/1.2; +https://opensiteexplorer.org/dotbot; help@moz.com)"
207.46.13.52 - - [15/Dec/2021:13:24:53 +0100] "GET /images/big_prod/8718657460567.jpg HTTP/1.0" 200 268 "-" "Mozilla/5.0 (compatible; bingbot/2.0; +http://www.bing.com/bingbot.htm)"
157.55.39.125 - - [15/Dec/2021:13:24:55 +0100] "GET /lady-lourdes-aromatika-incense-sticks-p-53443.html HTTP/1.0" 200 73423 "-" "Mozilla/5.0 (compatible; bingbot/2.0; +http://www.bing.com/bingbot.htm)"
216.244.66.242 - - [15/Dec/2021:13:24:59 +0100] "GET /incense-chakras-p-44372.html HTTP/1.0" 200 73324 "-" "Mozilla/5.0 (compatible; DotBot/1.2; +https://opensiteexplorer.org/dotbot; help@moz.com)"
216.244.66.242 - - [15/Dec/2021:13:25:10 +0100] "GET /janod-farm-stamps-p-19504.html HTTP/1.0" 200 70689 "-" "Mozilla/5.0 (compatible; DotBot/1.2; +https://opensiteexplorer.org/dotbot; help@moz.com)"
185.191.171.7 - - [15/Dec/2021:13:25:16 +0100] "GET /buddha-canvas-frame-40-40-cm-p-34003.html HTTP/1.0" 301 73431 "-" "Mozilla/5.0 (compatible; SemrushBot/7~bl; +http://www.semrush.com/bot.html)"
185.191.171.15 - - [15/Dec/2021:13:25:19 +0100] "GET /buddha-canvas-frame-p-34003.html HTTP/1.0" 200 73345 "-" "Mozilla/5.0 (compatible; SemrushBot/7~bl; +http://www.semrush.com/bot.html)"
216.244.66.242 - - [15/Dec/2021:13:25:20 +0100] "GET /wood-silver-lamp-p-46769.html HTTP/1.0" 301 70680 "-" "Mozilla/5.0 (compatible; DotBot/1.2; +https://opensiteexplorer.org/dotbot; help@moz.com)"
185.191.171.19 - - [15/Dec/2021:13:25:27 +0100] "GET /dessert-dish-glass-with-anti-slip-feet-p-47336.html?action=add_product HTTP/1.0" 302 476 "-" "Mozilla/5.0 (compatible; SemrushBot/7~bl; +http://www.semrush.com/bot.html)"
185.191.171.24 - - [15/Dec/2021:13:25:29 +0100] "GET /flower-tijuana-cactus-p-46414.html?action=add_product HTTP/1.0" 302 476 "-" "Mozilla/5.0 (compatible; SemrushBot/7~bl; +http://www.semrush.com/bot.html)"
216.244.66.242 - - [15/Dec/2021:13:25:44 +0100] "GET /incense-marco-polo-treasures-kampuram-30-grams-p-45151.html HTTP/1.0" 301 74398 "-" "Mozilla/5.0 (compatible; DotBot/1.2; +https://opensiteexplorer.org/dotbot; help@moz.com)"
216.244.66.242 - - [15/Dec/2021:13:25:54 +0100] "GET /johnny-hallyday-blue-neon-wall-clock-p-24167.html HTTP/1.0" 200 73410 "-" "Mozilla/5.0 (compatible; DotBot/1.2; +https://opensiteexplorer.org/dotbot; help@moz.com)"
216.244.66.242 - - [15/Dec/2021:13:26:05 +0100] "GET /retro-wood-office-lighting-p-35688.html HTTP/1.0" 200 70707 "-" "Mozilla/5.0 (compatible; DotBot/1.2; +https://opensiteexplorer.org/dotbot; help@moz.com)"
216.244.66.242 - - [15/Dec/2021:13:26:13 +0100] "GET /someday-you-will-be-real-boy-storybook-pinocchio-p-41687.html HTTP/1.0" 301 74151 "-" "Mozilla/5.0 (compatible; DotBot/1.2; +https://opensiteexplorer.org/dotbot; help@moz.com)"
66.249.70.72 - - [15/Dec/2021:13:26:37 +0100] "GET /large-porcelain-bowl-pineapple-p-56087.html HTTP/1.0" 200 73302 "-" "Mozilla/5.0 (Linux; Android 6.0.1; Nexus 5X Build/MMB29P) AppleWebKit/537.36 (KHTML, like Gecko) Chrome/96.0.4664.93 Mobile Safari/537.36 (compatible; Googlebot/2.1; +http://www.google.com/bot.html)"
66.249.70.70 - - [15/Dec/2021:13:26:49 +0100] "GET /buddha-clock-cbkreation-p-36682.html HTTP/1.0" 200 73266 "-" "Mozilla/5.0 (compatible; Googlebot/2.1; +http://www.google.com/bot.html)"
20.99.156.33 - - [15/Dec/2021:13:27:04 +0100] "GET /images/big_prod_3/540400644559b.jpg HTTP/1.0" 200 270 "-" "Mozilla/4.0 (compatible; MSIE 7.0; Windows NT 6.0)"
185.191.171.12 - - [15/Dec/2021:13:27:08 +0100] "GET /wall-sticker-c-13_187.html?page=9 HTTP/1.0" 200 94662 "-" "Mozilla/5.0 (compatible; SemrushBot/7~bl; +http://www.semrush.com/bot.html)"
185.191.171.1 - - [15/Dec/2021:13:27:11 +0100] "GET /paul-frank-round-pencil-case-p-20066.html HTTP/1.0" 200 73323 "-" "Mozilla/5.0 (compatible; SemrushBot/7~bl; +http://www.semrush.com/bot.html)"
54.36.148.243 - - [15/Dec/2021:13:27:25 +0100] "GET /relax-mono-wooden-hook-p-37237.html HTTP/1.0" 200 73322 "-" "Mozilla/5.0 (compatible; AhrefsBot/7.0; +http://ahrefs.com/robot/)"
185.191.171.41 - - [15/Dec/2021:13:27:25 +0100] "GET /strawberry-shortcake-hat-years-p-22145.html HTTP/1.0" 301 73487 "-" "Mozilla/5.0 (compatible; SemrushBot/7~bl; +http://www.semrush.com/bot.html)"
185.191.171.6 - - [15/Dec/2021:13:27:29 +0100] "GET /strawberry-shortcake-years-p-22145.html HTTP/1.0" 200 73394 "-" "Mozilla/5.0 (compatible; SemrushBot/7~bl; +http://www.semrush.com/bot.html)"
185.191.171.37 - - [15/Dec/2021:13:28:02 +0100] "GET /leaves-round-placemat-p-55836.html HTTP/1.0" 200 73797 "-" "Mozilla/5.0 (compatible; SemrushBot/7~bl; +http://www.semrush.com/bot.html)"
66.249.70.70 - - [15/Dec/2021:13:28:12 +0100] "GET /images/big_prod/1300000019958.jpg HTTP/1.0" 200 268 "-" "Googlebot-Image/1.0"
157.55.39.125 - - [15/Dec/2021:13:28:35 +0100] "GET /horse-kitchen-towel-p-38814.html HTTP/1.0" 200 73212 "-" "Mozilla/5.0 (compatible; bingbot/2.0; +http://www.bing.com/bingbot.htm)"
185.191.171.16 - - [15/Dec/2021:13:28:36 +0100] "GET /robots.txt HTTP/1.0" 200 245 "-" "Mozilla/5.0 (compatible; SemrushBot/7~bl; +http://www.semrush.com/bot.html)"
185.191.171.6 - - [15/Dec/2021:13:28:37 +0100] "GET /nici-snow-rabbit-wallet-p-33670.html?action=add_product HTTP/1.0" 302 476 "-" "Mozilla/5.0 (compatible; SemrushBot/7~bl; +http://www.semrush.com/bot.html)"
