66.249.70.88 - - [15/Dec/2021:14:09:48 +0100] "GET /coated-placemat-azulejos-p-51357.html HTTP/1.0" 200 70699 "-" "Mozilla/5.0 (Linux; Android 6.0.1; Nexus 5X Build/MMB29P) AppleWebKit/537.36 (KHTML, like Gecko) Chrome/96.0.4664.93 Mobile Safari/537.36 (compatible; Googlebot/2.1; +http://www.google.com/bot.html)"
216.244.66.242 - - [15/Dec/2021:14:09:49 +0100] "GET /emily-the-strange-notebook-p-24366.html HTTP/1.0" 301 70680 "-" "Mozilla/5.0 (compatible; DotBot/1.2; +https://opensiteexplorer.org/dotbot; help@moz.com)"
216.244.66.242 - - [15/Dec/2021:14:10:00 +0100] "GET /gorjuss-biscuit-tin-oops-daisy-p-40475.html HTTP/1.0" 301 70806 "-" "Mozilla/5.0 (compatible; DotBot/1.2; +https://opensiteexplorer.org/dotbot; help@moz.com)"
216.244.66.242 - - [15/Dec/2021:14:10:10 +0100] "GET /indian-elephant-statue-13-cm-p-40163.html HTTP/1.0" 301 70680 "-" "Mozilla/5.0 (compatible; DotBot/1.2; +https://opensiteexplorer.org/dotbot; help@moz.com)"
216.244.66.242 - - [15/Dec/2021:14:10:18 +0100] "GET /key-box-form-of-old-letter-box-p-37372.html HTTP/1.0" 301 70680 "-" "Mozilla/5.0 (compatible; DotBot/1.2; +https://opensiteexplorer.org/dotbot; help@moz.com)"
216.244.66.242 - - [15/Dec/2021:14:10:25 +0100] "GET /makeup-kit-retro-old-school-p-37593.html HTTP/1.0" 301 73486 "-" "Mozilla/5.0 (compatible; DotBot/1.2; +https://opensiteexplorer.org/dotbot; help@moz.com)"
185.191.171.14 - - [15/Dec/2021:14:10:31 +0100] "GET /metal-gears-pendulum-p-50235.html HTTP/1.0" 301 70680 "-" "Mozilla/5.0 (compatible; SemrushBot/7~bl; +http://www.semrush.com/bot.html)"
216.244.66.242 - - [15/Dec/2021:14:10:32 +0100] "GET /marmot-potholder-and-glove-set-p-38757.html HTTP/1.0" 301 70827 "-" "Mozilla/5.0 (compatible; DotBot/1.2; +https://opensiteexplorer.org/dotbot; help@moz.com)"
185.191.171.1 - - [15/Dec/2021:14:10:34 +0100] "GET /-p-50235.html HTTP/1.0" 200 70613 "-" "Mozilla/5.0 (compatible; SemrushBot/7~bl; +http://www.semrush.com/bot.html)"
216.244.66.242 - - [15/Dec/2021:14:10:40 +0100] "GET /mobile-bells-metal-elephant-p-41508.html HTTP/1.0" 301 74017 "-" "Mozilla/5.0 (compatible; DotBot/1.2; +https://opensiteexplorer.org/dotbot; help@moz.com)"
185.191.171.2 - - [15/Dec/2021:14:10:47 +0100] "GET /decoration-african-water-carrier-p-52877.html?action=add_product HTTP/1.0" 302 476 "-" "Mozilla/5.0 (compatible; SemrushBot/7~bl; +http://www.semrush.com/bot.html)"
216.244.66.242 - - [15/Dec/2021:14:10:48 +0100] "GET /poster-suchard-milka-50-70-cm-p-40162.html HTTP/1.0" 301 70824 "-" "Mozilla/5.0 (compatible; DotBot/1.2; +https://opensiteexplorer.org/dotbot; help@moz.com)"
17.121.113.229 - - [15/Dec/2021:14:10:53 +0100] "GET /protective-bamboo-pillow-cover-p-43573.html HTTP/1.0" 200 70745 "-" "Mozilla/5.0 (Macintosh; Intel Mac OS X 10_15_5) AppleWebKit/605.1.15 (KHTML, like Gecko) Version/13.1.1 Safari/605.1.15 (Applebot/0.1; +http://www.apple.com/go/applebot)"
216.244.66.242 - - [15/Dec/2021:14:10:53 +0100] "GET /ty-monstaz-talking-plush-jazzy-p-19369.html HTTP/1.0" 301 70842 "-" "Mozilla/5.0 (compatible; DotBot/1.2; +https://opensiteexplorer.org/dotbot; help@moz.com)"
216.244.66.242 - - [15/Dec/2021:14:11:06 +0100] "GET /winnie-the-pooh-coloring-pencil-p-10047.html HTTP/1.0" 301 70845 "-" "Mozilla/5.0 (compatible; DotBot/1.2; +https://opensiteexplorer.org/dotbot; help@moz.com)"
54.36.148.243 - - [15/Dec/2021:14:11:26 +0100] "GET /white-whale-table-lamp-p-56804.html HTTP/1.0" 200 73878 "-" "Mozilla/5.0 (compatible; AhrefsBot/7.0; +http://ahrefs.com/robot/)"
185.191.171.6 - - [15/Dec/2021:14:11:29 +0100] "GET /psg-lighter-p-43718.html HTTP/1.0" 301 70713 "-" "Mozilla/5.0 (compatible; SemrushBot/7~bl; +http://www.semrush.com/bot.html)"
185.191.171.25 - - [15/Dec/2021:14:11:32 +0100] "GET /lighter-p-43718.html HTTP/1.0" 200 70639 "-" "Mozilla/5.0 (compatible; SemrushBot/7~bl; +http://www.semrush.com/bot.html)"
185.191.171.24 - - [15/Dec/2021:14:11:51 +0100] "GET /candle-hours-blood-orange-heart-home-p-56290.html HTTP/1.0" 200 74814 "-" "Mozilla/5.0 (compatible; SemrushBot/7~bl; +http://www.semrush.com/bot.html)"
157.55.39.0 - - [15/Dec/2021:14:12:34 +0100] "GET /-p-45467.html HTTP/1.0" 200 70613 "-" "Mozilla/5.0 (compatible; bingbot/2.0; +http://www.bing.com/bingbot.htm)"
157.55.39.228 - - [15/Dec/2021:14:12:40 +0100] "GET /brown-metal-buddha-mobile-p-56750.html HTTP/1.0" 200 73883 "-" "Mozilla/5.0 (compatible; bingbot/2.0; +http://www.bing.com/bingbot.htm)"
185.191.171.13 - - [15/Dec/2021:14:13:02 +0100] "GET /nici-jolly-lynn-sheep-plush-p-35184.html HTTP/1.0" 200 70723 "-" "Mozilla/5.0 (compatible; SemrushBot/7~bl; +http://www.semrush.com/bot.html)"
185.191.171.36 - - [15/Dec/2021:14:13:06 +0100] "GET /espresso-cups-corsica-p-54764.html?action=add_product HTTP/1.0" 302 476 "-" "Mozilla/5.0 (compatible; SemrushBot/7~bl; +http://www.semrush.com/bot.html)"
147.92.153.7 - - [15/Dec/2021:14:14:24 +0100] "GET /cherry-bread-p-39617.html HTTP/1.0" 200 73300 "-" "Mozilla/5.0 (compatible; Linespider/1.1; +https://lin.ee/4dwXkTH)"
157.55.39.228 - - [15/Dec/2021:14:14:31 +0100] "GET /images/mini_prod/9316188082143.jpg HTTP/1.0" 200 269 "-" "Mozilla/5.0 (compatible; bingbot/2.0; +http://www.bing.com/bingbot.htm)"
54.36.148.243 - - [15/Dec/2021:14:14:37 +0100] "GET /boutis-quilt-bedspread-c-11_194.html HTTP/1.0" 200 88307 "-" "Mozilla/5.0 (compatible; AhrefsBot/7.0; +http://ahrefs.com/robot/)"
66.249.70.92 - - [15/Dec/2021:14:14:41 +0100] "GET /images/big_prod_1/8422005569689C.jpg HTTP/1.0" 200 271 "-" "Googlebot-Image/1.0"
185.191.171.41 - - [15/Dec/2021:14:14:49 +0100] "GET /model-felt-yellow-p-20192.html HTTP/1.0" 200 73367 "-" "Mozilla/5.0 (compatible; SemrushBot/7~bl; +http://www.semrush.com/bot.html)"
185.191.171.42 - - [15/Dec/2021:14:15:12 +0100] "GET /bear-soup-bowl-with-spoon-p-45601.html?action=add_product HTTP/1.0" 302 476 "-" "Mozilla/5.0 (compatible; SemrushBot/7~bl; +http://www.semrush.com/bot.html)"
66.249.70.88 - - [15/Dec/2021:14:16:14 +0100] "GET /jasmin-surf-placemat-p-34931.html HTTP/1.0" 200 70699 "-" "Mozilla/5.0 (Linux; Android 6.0.1; Nexus 5X Build/MMB29P) AppleWebKit/537.36 (KHTML, like Gecko) Chrome/96.0.4664.93 Mobile Safari/537.36 (compatible; Googlebot/2.1; +http://www.google.com/bot.html)"
17.121.112.54 - - [15/Dec/2021:14:17:02 +0100] "GET /adults-c-53.html HTTP/1.0" 200 93279 "-" "Mozilla/5.0 (Macintosh; Intel Mac OS X 10_15_5) AppleWebKit/605.1.15 (KHTML, like Gecko) Version/13.1.1 Safari/605.1.15 (Applebot/0.1; +http://www.apple.com/go/applebot)"
185.191.171.14 - - [15/Dec/2021:14:17:14 +0100] "GET /gorjuss-pencil-p-49477.html HTTP/1.0" 200 74028 "-" "Mozilla/5.0 (compatible; SemrushBot/7~bl; +http://www.semrush.com/bot.html)"
185.191.171.12 - - [15/Dec/2021:14:17:18 +0100] "GET /-p-28643.html?action=add_product HTTP/1.0" 302 476 "-" "Mozilla/5.0 (compatible; SemrushBot/7~bl; +http://www.semrush.com/bot.html)"
157.55.39.125 - - [15/Dec/2021:14:17:28 +0100] "GET /decorative-elephants-statue-41-20-cm-p-44668.html HTTP/1.0" 301 70680 "-" "Mozilla/5.0 (compatible; bingbot/2.0; +http://www.bing.com/bingbot.htm)"
54.36.148.243 - - [15/Dec/2021:14:17:32 +0100] "GET /hairbrushes-c-3_203.html HTTP/1.0" 200 89497 "-" "Mozilla/5.0 (compatible; AhrefsBot/7.0; +http://ahrefs.com/robot/)"
185.191.171.11 - - [15/Dec/2021:14:17:56 +0100] "GET /volkswagen-mini-magnets-enamelled-p-38438.html HTTP/1.0" 200 73587 "-" "Mozilla/5.0 (compatible; SemrushBot/7~bl; +http://www.semrush.com/bot.html)"
175.102.16.34 - - [15/Dec/2021:14:18:18 +0100] "GET /images/mini_prod/DSCN7550.jpg HTTP/1.0" 200 264 "-" "Mozilla/5.0 (X11; Ubuntu; Linux x86_64; rv:72.0) Gecko/20100101 Firefox/72.0"
185.191.171.23 - - [15/Dec/2021:14:18:25 +0100] "GET /beer-beer-metal-plate-deco-p-36751.html?action=add_product HTTP/1.0" 302 476 "-" "Mozilla/5.0 (compatible; SemrushBot/7~bl; +http://www.semrush.com/bot.html)"
185.191.171.12 - - [15/Dec/2021:14:18:58 +0100] "GET /mani-lucky-keychain-p-44121.html?action=add_product HTTP/1.0" 302 476 "-" "Mozilla/5.0 (compatible; SemrushBot/7~bl; +http://www.semrush.com/bot.html)"
5.255.253.187 - - [15/Dec/2021:14:19:51 +0100] "GET /wooden-cubi-cover-vieillis-p-56692.html HTTP/1.0" 200 74162 "-" "Mozilla/5.0 (compatible; YandexBot/3.0; +http://yandex.com/bots)"
5.255.253.187 - - [15/Dec/2021:14:19:54 +0100] "GET /photo-frames-memo-clips-c-13_132.html HTTP/1.0" 200 91097 "-" "Mozilla/5.0 (compatible; YandexBot/3.0; +http://yandex.com/bots)"
185.191.171.38 - - [15/Dec/2021:14:19:55 +0100] "GET /garage-mchanic-duty-metal-plate-p-28012.html HTTP/1.0" 200 73365 "-" "Mozilla/5.0 (compatible; SemrushBot/7~bl; +http://www.semrush.com/bot.html)"
5.255.253.187 - - [15/Dec/2021:14:19:57 +0100] "GET /stainless-steel-piece-barbecue-p-41219.html HTTP/1.0" 200 73423 "-" "Mozilla/5.0 (compatible; YandexBot/3.0; +http://yandex.com/bots)"
5.255.253.187 - - [15/Dec/2021:14:19:59 +0100] "GET /bamboo-tray-spicy-p-46452.html HTTP/1.0" 200 73228 "-" "Mozilla/5.0 (compatible; YandexBot/3.0; +http://yandex.com/bots)"
5.255.253.187 - - [15/Dec/2021:14:20:02 +0100] "GET /bodega-toothpick-display-p-53465.html HTTP/1.0" 200 73251 "-" "Mozilla/5.0 (compatible; YandexBot/3.0; +http://yandex.com/bots)"
5.255.253.187 - - [15/Dec/2021:14:20:05 +0100] "GET /wooden-cubi-cover-bonne-franquette-p-56693.html HTTP/1.0" 200 74168 "-" "Mozilla/5.0 (compatible; YandexBot/3.0; +http://yandex.com/bots)"
5.255.253.187 - - [15/Dec/2021:14:20:07 +0100] "GET /salsa-ramekin-p-37453.html HTTP/1.0" 200 73191 "-" "Mozilla/5.0 (compatible; YandexBot/3.0; +http://yandex.com/bots)"
5.255.253.187 - - [15/Dec/2021:14:20:10 +0100] "GET /stainless-steel-piece-barbecue-p-41218.html HTTP/1.0" 200 73392 "-" "Mozilla/5.0 (compatible; YandexBot/3.0; +http://yandex.com/bots)"
5.255.253.187 - - [15/Dec/2021:14:20:12 +0100] "GET /cocktail-sticks-amis-p-47138.html HTTP/1.0" 200 73423 "-" "Mozilla/5.0 (compatible; YandexBot/3.0; +http://yandex.com/bots)"
5.255.253.187 - - [15/Dec/2021:14:20:15 +0100] "GET /tasting-pieces-p-45736.html HTTP/1.0" 200 73264 "-" "Mozilla/5.0 (compatible; YandexBot/3.0; +http://yandex.com/bots)"
5.255.253.187 - - [15/Dec/2021:14:20:17 +0100] "GET /stainless-steel-piece-barbecue-p-48878.html HTTP/1.0" 200 74280 "-" "Mozilla/5.0 (compatible; YandexBot/3.0; +http://yandex.com/bots)"
157.55.39.0 - - [15/Dec/2021:14:20:22 +0100] "GET /images/8422360068315.jpg HTTP/1.0" 200 259 "-" "Mozilla/5.0 (compatible; bingbot/2.0; +http://www.bing.com/bingbot.htm)"
185.191.171.33 - - [15/Dec/2021:14:20:34 +0100] "GET /love-and-peace-grey-shirt-p-30147.html HTTP/1.0" 301 74810 "-" "Mozilla/5.0 (compatible; SemrushBot/7~bl; +http://www.semrush.com/bot.html)"
185.191.171.10 - - [15/Dec/2021:14:20:37 +0100] "GET /love-peace-grey-shirt-p-30147.html HTTP/1.0" 200 74722 "-" "Mozilla/5.0 (compatible; SemrushBot/7~bl; +http://www.semrush.com/bot.html)"
54.36.148.243 - - [15/Dec/2021:14:20:39 +0100] "GET /tables-c-13_206.html HTTP/1.0" 200 89848 "-" "Mozilla/5.0 (compatible; AhrefsBot/7.0; +http://ahrefs.com/robot/)"
5.255.253.187 - - [15/Dec/2021:14:20:54 +0100] "GET /images/mini_prod/cadrehsm.gif HTTP/1.0" 200 263 "-" "Mozilla/5.0 (compatible; YandexImages/3.0; +http://yandex.com/bots)"
5.255.253.187 - - [15/Dec/2021:14:20:57 +0100] "GET /images/mini_prod/3520071634081.jpg HTTP/1.0" 200 269 "-" "Mozilla/5.0 (compatible; YandexImages/3.0; +http://yandex.com/bots)"
5.255.253.187 - - [15/Dec/2021:14:20:59 +0100] "GET /images/mini_prod/3453131143189.jpg HTTP/1.0" 200 269 "-" "Mozilla/5.0 (compatible; YandexImages/3.0; +http://yandex.com/bots)"
5.255.253.187 - - [15/Dec/2021:14:21:01 +0100] "GET /images/mini_prod/TROME3249.gif HTTP/1.0" 200 264 "-" "Mozilla/5.0 (compatible; YandexImages/3.0; +http://yandex.com/bots)"
5.255.253.187 - - [15/Dec/2021:14:21:03 +0100] "GET /images/mini_prod/3609810020597.jpg HTTP/1.0" 200 269 "-" "Mozilla/5.0 (compatible; YandexImages/3.0; +http://yandex.com/bots)"
5.255.253.187 - - [15/Dec/2021:14:21:05 +0100] "GET /images/mini_prod/TROME3250.gif HTTP/1.0" 200 264 "-" "Mozilla/5.0 (compatible; YandexImages/3.0; +http://yandex.com/bots)"
5.255.253.187 - - [15/Dec/2021:14:21:07 +0100] "GET /images/mini_prod/4029811312436.jpg HTTP/1.0" 200 269 "-" "Mozilla/5.0 (compatible; YandexImages/3.0; +http://yandex.com/bots)"
5.255.253.176 - - [15/Dec/2021:14:21:09 +0100] "GET /hanging-frame-marin-theme-p-44034.html HTTP/1.0" 200 73347 "-" "Mozilla/5.0 (compatible; YandexBot/3.0; +http://yandex.com/bots)"
51.68.224.127 - - [15/Dec/2021:14:21:10 +0100] "GET /adminweb/export_orders_xml.php?token=256de2z6edz6ed2z6DFSFsed2zed6zeDSFDSGdzedezfzf&maxorders=10&orderstart=1&status=14&start_date=2018-10-01 HTTP/1.0" 200 285 "-" "GesCom CharlotteBoutik Serveur"
51.68.224.127 - - [15/Dec/2021:14:21:11 +0100] "GET /adminweb/export_orders_xml.php?token=256de2z6edz6ed2z6DFSFsed2zed6zeDSFDSGdzedezfzf&maxorders=10&orderstart=1&status=6&start_date=2018-10-01 HTTP/1.0" 200 32471 "-" "GesCom CharlotteBoutik Serveur"
5.255.253.187 - - [15/Dec/2021:14:21:10 +0100] "GET /miss-photo-frame-p-5145.html HTTP/1.0" 200 73265 "-" "Mozilla/5.0 (compatible; YandexBot/3.0; +http://yandex.com/bots)"
5.255.253.176 - - [15/Dec/2021:14:21:12 +0100] "GET /photo-frames-memo-clips-c-13_132.html?page=3 HTTP/1.0" 200 81165 "-" "Mozilla/5.0 (compatible; YandexBot/3.0; +http://yandex.com/bots)"
5.255.253.187 - - [15/Dec/2021:14:21:14 +0100] "GET /wanted-photo-frame-p-28800.html HTTP/1.0" 200 73207 "-" "Mozilla/5.0 (compatible; YandexBot/3.0; +http://yandex.com/bots)"
216.228.112.22 - - [15/Dec/2021:14:21:18 +0100] "GET /images/mini_prod/3760116310338.jpg HTTP/1.0" 200 269 "-" "Mozilla/5.0 (X11; Ubuntu; Linux x86_64; rv:72.0) Gecko/20100101 Firefox/72.0"
185.191.171.2 - - [15/Dec/2021:14:21:31 +0100] "GET /decorative-candle-santa-interior-p-56871.html HTTP/1.0" 200 73417 "-" "Mozilla/5.0 (compatible; SemrushBot/7~bl; +http://www.semrush.com/bot.html)"
155.138.175.238 - - [15/Dec/2021:14:21:37 +0100] "GET /images/mini_prod/8435306240584N.jpg HTTP/1.0" 200 270 "-" "Mozilla/5.0 (X11; Ubuntu; Linux x86_64; rv:72.0) Gecko/20100101 Firefox/72.0"
5.255.253.187 - - [15/Dec/2021:14:21:53 +0100] "GET /barbecue-aperitif-c-12_254.html?page=2 HTTP/1.0" 200 81578 "-" "Mozilla/5.0 (compatible; YandexBot/3.0; +http://yandex.com/bots)"
207.46.13.52 - - [15/Dec/2021:14:21:59 +0100] "GET /collectible-figurines-decorative-c-13_135.html HTTP/1.0" 200 96240 "-" "Mozilla/5.0 (compatible; bingbot/2.0; +http://www.bing.com/bingbot.htm)"
40.77.167.66 - - [15/Dec/2021:14:23:04 +0100] "GET /images/big_prod/8020912049685.jpg HTTP/1.0" 200 268 "-" "Mozilla/5.0 (compatible; bingbot/2.0; +http://www.bing.com/bingbot.htm)"
185.191.171.40 - - [15/Dec/2021:14:23:14 +0100] "GET /collectible-figurines-and-decorative-c-13_135.html?page=36 HTTP/1.0" 301 96903 "-" "Mozilla/5.0 (compatible; SemrushBot/7~bl; +http://www.semrush.com/bot.html)"
185.191.171.7 - - [15/Dec/2021:14:23:17 +0100] "GET /collectible-figurines-decorative-c-135.html?page=36 HTTP/1.0" 301 96780 "-" "Mozilla/5.0 (compatible; SemrushBot/7~bl; +http://www.semrush.com/bot.html)"
185.191.171.41 - - [15/Dec/2021:14:23:21 +0100] "GET /collectible-figurines-decorative-c-13_135.html?page=36 HTTP/1.0" 200 96798 "-" "Mozilla/5.0 (compatible; SemrushBot/7~bl; +http://www.semrush.com/bot.html)"
185.191.171.13 - - [15/Dec/2021:14:23:35 +0100] "GET /round-mirror-hanging-indian-spirit-p-44035.html HTTP/1.0" 200 73321 "-" "Mozilla/5.0 (compatible; SemrushBot/7~bl; +http://www.semrush.com/bot.html)"
54.36.148.243 - - [15/Dec/2021:14:23:41 +0100] "GET /indoor-fountains-c-13_272.html HTTP/1.0" 200 84930 "-" "Mozilla/5.0 (compatible; AhrefsBot/7.0; +http://ahrefs.com/robot/)"
3.81.11.162 - - [15/Dec/2021:14:23:49 +0100] "GET /umbrellas-c-31_16.html HTTP/1.0" 200 91616 "-" "Mozilla/5.0 (Macintosh; Intel Mac OS X 10_14_6) AppleWebKit/605.1.15 (KHTML, like Gecko) Version/13.0.3 Safari/605.1.15"
5.255.253.187 - - [15/Dec/2021:14:24:05 +0100] "GET /cubi-door-wood-amateurs-bons-p-56788.html HTTP/1.0" 200 74035 "-" "Mozilla/5.0 (compatible; YandexBot/3.0; +http://yandex.com/bots)"
66.249.70.90 - - [15/Dec/2021:14:24:08 +0100] "GET /images/big_prod/3700281645842.jpg HTTP/1.0" 200 268 "-" "Googlebot-Image/1.0"
5.255.253.187 - - [15/Dec/2021:14:24:17 +0100] "GET /cocktail-sticks-peux-apro-p-47141.html HTTP/1.0" 200 73461 "-" "Mozilla/5.0 (compatible; YandexBot/3.0; +http://yandex.com/bots)"
5.255.253.187 - - [15/Dec/2021:14:24:19 +0100] "GET /marley-mirror-p-49814.html HTTP/1.0" 200 73201 "-" "Mozilla/5.0 (compatible; YandexBot/3.0; +http://yandex.com/bots)"
185.191.171.24 - - [15/Dec/2021:14:24:28 +0100] "GET /fitted-sheet-cotton-percale-threads-p-51243.html?action=add_product HTTP/1.0" 302 476 "-" "Mozilla/5.0 (compatible; SemrushBot/7~bl; +http://www.semrush.com/bot.html)"
5.255.253.187 - - [15/Dec/2021:14:24:42 +0100] "GET /wooden-aperitif-board-cups-spoons-p-55441.html HTTP/1.0" 200 74345 "-" "Mozilla/5.0 (compatible; YandexBot/3.0; +http://yandex.com/bots)"
5.255.253.187 - - [15/Dec/2021:14:24:43 +0100] "GET /bamboo-tray-tous-mayo-p-46453.html HTTP/1.0" 200 73847 "-" "Mozilla/5.0 (compatible; YandexBot/3.0; +http://yandex.com/bots)"
5.255.253.187 - - [15/Dec/2021:14:24:59 +0100] "GET /cuba-toothpick-display-p-53466.html HTTP/1.0" 200 73220 "-" "Mozilla/5.0 (compatible; YandexBot/3.0; +http://yandex.com/bots)"
5.255.253.187 - - [15/Dec/2021:14:25:00 +0100] "GET /paris-toothpick-display-p-53463.html HTTP/1.0" 200 73225 "-" "Mozilla/5.0 (compatible; YandexBot/3.0; +http://yandex.com/bots)"
185.191.171.3 - - [15/Dec/2021:14:25:14 +0100] "GET /harmony-bath-mat-55-100-cm-lin-p-48748.html HTTP/1.0" 301 70680 "-" "Mozilla/5.0 (compatible; SemrushBot/7~bl; +http://www.semrush.com/bot.html)"
185.191.171.39 - - [15/Dec/2021:14:25:16 +0100] "GET /-p-48748.html HTTP/1.0" 200 70613 "-" "Mozilla/5.0 (compatible; SemrushBot/7~bl; +http://www.semrush.com/bot.html)"
185.191.171.45 - - [15/Dec/2021:14:25:22 +0100] "GET /london-puzzles-nathalie-lete-p-27751.html?action=add_product HTTP/1.0" 302 476 "-" "Mozilla/5.0 (compatible; SemrushBot/7~bl; +http://www.semrush.com/bot.html)"
157.55.39.0 - - [15/Dec/2021:14:25:24 +0100] "GET /images/3585190850064.jpg HTTP/1.0" 200 259 "-" "Mozilla/5.0 (compatible; bingbot/2.0; +http://www.bing.com/bingbot.htm)"
54.36.148.243 - - [15/Dec/2021:14:25:38 +0100] "GET / HTTP/1.0" 200 152151 "-" "Mozilla/5.0 (compatible; AhrefsBot/7.0; +http://ahrefs.com/robot/)"
185.191.171.16 - - [15/Dec/2021:14:26:30 +0100] "GET /campaign-spirit-adult-apron-p-44189.html?action=add_product HTTP/1.0" 302 476 "-" "Mozilla/5.0 (compatible; SemrushBot/7~bl; +http://www.semrush.com/bot.html)"
216.228.112.22 - - [15/Dec/2021:14:27:51 +0100] "GET /images/mini_prod/5036278058585.jpg HTTP/1.0" 200 269 "-" "Mozilla/5.0 (X11; Ubuntu; Linux x86_64; rv:72.0) Gecko/20100101 Firefox/72.0"
185.191.171.25 - - [15/Dec/2021:14:28:17 +0100] "GET /tiger-trophy-statuette-p-54210.html HTTP/1.0" 200 73881 "-" "Mozilla/5.0 (compatible; SemrushBot/7~bl; +http://www.semrush.com/bot.html)"
54.36.148.243 - - [15/Dec/2021:14:28:27 +0100] "GET /dragon-ball-black-hoodies-p-29562.html HTTP/1.0" 200 73738 "-" "Mozilla/5.0 (compatible; AhrefsBot/7.0; +http://ahrefs.com/robot/)"
74.125.209.48 - - [15/Dec/2021:14:28:36 +0100] "GET /images/big_prod/8420015226592.jpg HTTP/1.0" 200 268 "-" "Mozilla/5.0 (Windows NT 5.1; rv:11.0) Gecko Firefox/11.0 (via ggpht.com GoogleImageProxy)"
175.102.16.34 - - [15/Dec/2021:14:28:37 +0100] "GET /images/mini_prod/5701359678982.jpg HTTP/1.0" 200 269 "-" "Mozilla/5.0 (X11; Ubuntu; Linux x86_64; rv:72.0) Gecko/20100101 Firefox/72.0"
157.55.39.228 - - [15/Dec/2021:14:28:47 +0100] "GET /images/8003990623497.jpg HTTP/1.0" 200 259 "-" "Mozilla/5.0 (compatible; bingbot/2.0; +http://www.bing.com/bingbot.htm)"
185.191.171.20 - - [15/Dec/2021:14:28:47 +0100] "GET /robots.txt HTTP/1.0" 200 245 "-" "Mozilla/5.0 (compatible; SemrushBot/7~bl; +http://www.semrush.com/bot.html)"
185.191.171.16 - - [15/Dec/2021:14:28:47 +0100] "GET /iphone-silicone-black-shell-audiocassette-p-18936.html?action=add_product HTTP/1.0" 302 476 "-" "Mozilla/5.0 (compatible; SemrushBot/7~bl; +http://www.semrush.com/bot.html)"
185.191.171.39 - - [15/Dec/2021:14:28:57 +0100] "GET /stone-potholder-glove-p-40206.html HTTP/1.0" 200 73307 "-" "Mozilla/5.0 (compatible; SemrushBot/7~bl; +http://www.semrush.com/bot.html)"
185.191.171.21 - - [15/Dec/2021:14:29:25 +0100] "GET /lady-guadalupe-prayer-candle-novena-p-48893.html?action=add_product HTTP/1.0" 302 476 "-" "Mozilla/5.0 (compatible; SemrushBot/7~bl; +http://www.semrush.com/bot.html)"
13.66.139.1 - - [15/Dec/2021:14:29:26 +0100] "GET /robots.txt HTTP/1.0" 200 245 "-" "Mozilla/5.0 (compatible; bingbot/2.0; +http://www.bing.com/bingbot.htm)"
185.191.171.15 - - [15/Dec/2021:14:29:29 +0100] "GET /statuette-african-child-elephant-p-53724.html HTTP/1.0" 200 73449 "-" "Mozilla/5.0 (compatible; SemrushBot/7~bl; +http://www.semrush.com/bot.html)"
185.191.171.33 - - [15/Dec/2021:14:29:34 +0100] "GET /pig-in-brushed-chrome-resin-30-17-cm-p-44707.html HTTP/1.0" 301 73490 "-" "Mozilla/5.0 (compatible; SemrushBot/7~bl; +http://www.semrush.com/bot.html)"
13.66.139.0 - - [15/Dec/2021:14:29:35 +0100] "GET /boxes-storage-c-150.html?page=5 HTTP/1.0" 301 94682 "-" "Mozilla/5.0 (compatible; bingbot/2.0; +http://www.bing.com/bingbot.htm)"
185.191.171.11 - - [15/Dec/2021:14:29:37 +0100] "GET /brushed-chrome-resin-p-44707.html HTTP/1.0" 200 73403 "-" "Mozilla/5.0 (compatible; SemrushBot/7~bl; +http://www.semrush.com/bot.html)"
185.191.171.15 - - [15/Dec/2021:14:29:57 +0100] "GET /corsica-little-tray-p-49742.html?action=add_product HTTP/1.0" 302 476 "-" "Mozilla/5.0 (compatible; SemrushBot/7~bl; +http://www.semrush.com/bot.html)"
77.75.78.172 - - [15/Dec/2021:14:30:31 +0100] "GET /robots.txt HTTP/1.0" 200 245 "-" "Mozilla/5.0 (compatible; SeznamBot/3.2; +http://napoveda.seznam.cz/en/seznambot-intro/)"
77.75.78.172 - - [15/Dec/2021:14:30:31 +0100] "GET /images/3438100316986.jpg HTTP/1.0" 200 259 "-" "Mozilla/5.0 (compatible; SeznamBot/3.2; +http://napoveda.seznam.cz/en/seznambot-intro/)"
20.99.155.199 - - [15/Dec/2021:14:30:31 +0100] "GET /images/big_prod/4895220300506.jpg HTTP/1.0" 200 268 "-" "Mozilla/5.0 (Windows NT 6.1; WOW64) AppleWebKit/537.36 (KHTML, like Gecko) Chrome/45.0.2454.101 Safari/537.36"
175.102.16.34 - - [15/Dec/2021:14:30:51 +0100] "GET /images/mini_prod/1361623281047.jpg HTTP/1.0" 200 269 "-" "Mozilla/5.0 (X11; Ubuntu; Linux x86_64; rv:72.0) Gecko/20100101 Firefox/72.0"
95.163.255.62 - - [15/Dec/2021:14:31:04 +0100] "GET /robots.txt HTTP/1.0" 200 245 "-" "Mozilla/5.0 (compatible; Linux x86_64; Mail.RU_Bot/2.0; +http://go.mail.ru/help/robots)"
95.163.255.68 - - [15/Dec/2021:14:31:09 +0100] "GET / HTTP/1.0" 200 152169 "-" "Mozilla/5.0 (compatible; Linux x86_64; Mail.RU_Bot/2.0; +http://go.mail.ru/help/robots)"
157.55.39.125 - - [15/Dec/2021:14:31:18 +0100] "GET /images/big_prod/5415203503664.jpg HTTP/1.0" 200 268 "-" "Mozilla/5.0 (compatible; bingbot/2.0; +http://www.bing.com/bingbot.htm)"
185.191.171.14 - - [15/Dec/2021:14:31:23 +0100] "GET /london-union-jack-cbkreation-p-13411.html?action=add_product HTTP/1.0" 302 476 "-" "Mozilla/5.0 (compatible; SemrushBot/7~bl; +http://www.semrush.com/bot.html)"
54.36.148.243 - - [15/Dec/2021:14:31:39 +0100] "GET /tropical-paradise-skull-surfboard-wooden-wall-decoration-p-49187.html HTTP/1.0" 200 74197 "-" "Mozilla/5.0 (compatible; AhrefsBot/7.0; +http://ahrefs.com/robot/)"
74.125.209.48 - - [15/Dec/2021:14:31:41 +0100] "GET /images/big_prod_1/8420015226592B.jpg HTTP/1.0" 200 271 "-" "Mozilla/5.0 (Windows NT 5.1; rv:11.0) Gecko Firefox/11.0 (via ggpht.com GoogleImageProxy)"
185.191.171.43 - - [15/Dec/2021:14:31:50 +0100] "GET /bamboo-fiber-plant-cover-p-54406.html HTTP/1.0" 200 70699 "-" "Mozilla/5.0 (compatible; SemrushBot/7~bl; +http://www.semrush.com/bot.html)"
20.99.156.109 - - [15/Dec/2021:14:32:31 +0100] "GET /images/big_prod/3014627935710a.jpg HTTP/1.0" 200 269 "-" "Mozilla/5.0 (Windows NT 6.1; WOW64) AppleWebKit/537.36 (KHTML, like Gecko) Chrome/45.0.2454.101 Safari/537.36"
66.249.70.92 - - [15/Dec/2021:14:33:08 +0100] "GET /that-italia-glass-p-15582.html HTTP/1.0" 200 70675 "-" "Mozilla/5.0 (Linux; Android 6.0.1; Nexus 5X Build/MMB29P) AppleWebKit/537.36 (KHTML, like Gecko) Chrome/96.0.4664.93 Mobile Safari/537.36 (compatible; Googlebot/2.1; +http://www.google.com/bot.html)"
17.121.115.130 - - [15/Dec/2021:14:33:23 +0100] "GET /lion-women-shirt-p-31150.html HTTP/1.0" 200 75216 "-" "Mozilla/5.0 (Macintosh; Intel Mac OS X 10_15_5) AppleWebKit/605.1.15 (KHTML, like Gecko) Version/13.1.1 Safari/605.1.15 (Applebot/0.1; +http://www.apple.com/go/applebot)"
185.191.171.16 - - [15/Dec/2021:14:33:23 +0100] "GET /gogh-terrasse-cafe-make-pencil-case-made-france-p-49160.html?action=add_product HTTP/1.0" 302 476 "-" "Mozilla/5.0 (compatible; SemrushBot/7~bl; +http://www.semrush.com/bot.html)"
54.36.148.243 - - [15/Dec/2021:14:34:32 +0100] "GET /gray-metal-zippo-cigarette-case-carabiner-clip-p-46843.html HTTP/1.0" 200 74724 "-" "Mozilla/5.0 (compatible; AhrefsBot/7.0; +http://ahrefs.com/robot/)"
157.55.39.0 - - [15/Dec/2021:14:34:46 +0100] "GET /retro-pink-eyeglass-case-p-30013.html HTTP/1.0" 200 73310 "-" "Mozilla/5.0 (compatible; bingbot/2.0; +http://www.bing.com/bingbot.htm)"
144.202.100.211 - - [15/Dec/2021:14:35:01 +0100] "GET /images/mini_prod/3574642017162.jpg HTTP/1.0" 200 269 "-" "Mozilla/5.0 (X11; Ubuntu; Linux x86_64; rv:72.0) Gecko/20100101 Firefox/72.0"
157.55.39.223 - - [15/Dec/2021:14:35:14 +0100] "GET /images/big_prod/3681643219157.jpg HTTP/1.0" 200 268 "-" "Mozilla/5.0 (compatible; bingbot/2.0; +http://www.bing.com/bingbot.htm)"
185.191.171.21 - - [15/Dec/2021:14:35:14 +0100] "GET /city-with-infuser-model-p-54149.html HTTP/1.0" 200 73325 "-" "Mozilla/5.0 (compatible; SemrushBot/7~bl; +http://www.semrush.com/bot.html)"
185.191.171.3 - - [15/Dec/2021:14:35:29 +0100] "GET /moto-guzzi-barrel-moneybox-p-52957.html?action=add_product HTTP/1.0" 302 476 "-" "Mozilla/5.0 (compatible; SemrushBot/7~bl; +http://www.semrush.com/bot.html)"
185.191.171.35 - - [15/Dec/2021:14:35:50 +0100] "GET /pill-box-if-only-mirabelle-p-38204.html HTTP/1.0" 301 70783 "-" "Mozilla/5.0 (compatible; SemrushBot/7~bl; +http://www.semrush.com/bot.html)"
185.191.171.1 - - [15/Dec/2021:14:35:52 +0100] "GET /pill-only-mirabelle-p-38204.html HTTP/1.0" 200 70697 "-" "Mozilla/5.0 (compatible; SemrushBot/7~bl; +http://www.semrush.com/bot.html)"
185.191.171.24 - - [15/Dec/2021:14:35:56 +0100] "GET /mexique-clock-cbkreation-p-28476.html HTTP/1.0" 200 73235 "-" "Mozilla/5.0 (compatible; SemrushBot/7~bl; +http://www.semrush.com/bot.html)"
185.191.171.43 - - [15/Dec/2021:14:35:59 +0100] "GET /shaped-night-light-p-56208.html?action=add_product HTTP/1.0" 302 476 "-" "Mozilla/5.0 (compatible; SemrushBot/7~bl; +http://www.semrush.com/bot.html)"
66.102.9.243 - - [15/Dec/2021:14:36:24 +0100] "GET /images/big_prod/4260082936802z.jpg HTTP/1.0" 200 269 "-" "Mozilla/5.0 (Windows NT 5.1; rv:11.0) Gecko Firefox/11.0 (via ggpht.com GoogleImageProxy)"
46.230.142.18 - - [15/Dec/2021:14:36:28 +0100] "GET /little-geisha-p-50780.html HTTP/1.0" 200 75136 "-" "Mozilla/5.0 (iPhone; CPU iPhone OS 15_1 like Mac OS X) AppleWebKit/605.1.15 (KHTML, like Gecko) Version/15.1 Mobile/15E148 Safari/604.1"
46.230.142.18 - - [15/Dec/2021:14:36:30 +0100] "GET /highslide/highslide.js HTTP/1.0" 200 262 "http://www.wonder-geek.com/little-geisha-p-50780.html" "Mozilla/5.0 (iPhone; CPU iPhone OS 15_1 like Mac OS X) AppleWebKit/605.1.15 (KHTML, like Gecko) Version/15.1 Mobile/15E148 Safari/604.1"
46.230.142.18 - - [15/Dec/2021:14:36:30 +0100] "GET /templates/Pixame_v1/stylesheet.css HTTP/1.0" 200 267 "http://www.wonder-geek.com/little-geisha-p-50780.html" "Mozilla/5.0 (iPhone; CPU iPhone OS 15_1 like Mac OS X) AppleWebKit/605.1.15 (KHTML, like Gecko) Version/15.1 Mobile/15E148 Safari/604.1"
46.230.142.18 - - [15/Dec/2021:14:36:30 +0100] "GET /js/jquery.jqzoom.js HTTP/1.0" 200 259 "http://www.wonder-geek.com/little-geisha-p-50780.html" "Mozilla/5.0 (iPhone; CPU iPhone OS 15_1 like Mac OS X) AppleWebKit/605.1.15 (KHTML, like Gecko) Version/15.1 Mobile/15E148 Safari/604.1"
46.230.142.18 - - [15/Dec/2021:14:36:30 +0100] "GET /js/jquery.js HTTP/1.0" 200 252 "http://www.wonder-geek.com/little-geisha-p-50780.html" "Mozilla/5.0 (iPhone; CPU iPhone OS 15_1 like Mac OS X) AppleWebKit/605.1.15 (KHTML, like Gecko) Version/15.1 Mobile/15E148 Safari/604.1"
46.230.142.18 - - [15/Dec/2021:14:36:30 +0100] "GET /mondial_relay/js/jquery-1.3.2.min.js HTTP/1.0" 200 276 "http://www.wonder-geek.com/little-geisha-p-50780.html" "Mozilla/5.0 (iPhone; CPU iPhone OS 15_1 like Mac OS X) AppleWebKit/605.1.15 (KHTML, like Gecko) Version/15.1 Mobile/15E148 Safari/604.1"
207.46.13.52 - - [15/Dec/2021:14:36:30 +0100] "GET /images/big_prod/5051276344430.jpg HTTP/1.0" 200 268 "-" "Mozilla/5.0 (compatible; bingbot/2.0; +http://www.bing.com/bingbot.htm)"
46.230.142.18 - - [15/Dec/2021:14:36:30 +0100] "GET /swfobject.js HTTP/1.0" 404 1308 "http://www.wonder-geek.com/little-geisha-p-50780.html" "Mozilla/5.0 (iPhone; CPU iPhone OS 15_1 like Mac OS X) AppleWebKit/605.1.15 (KHTML, like Gecko) Version/15.1 Mobile/15E148 Safari/604.1"
46.230.142.18 - - [15/Dec/2021:14:36:30 +0100] "GET /templates/Pixame_v1/images/infobox/pixel_trans.gif HTTP/1.0" 200 328 "http://www.wonder-geek.com/little-geisha-p-50780.html" "Mozilla/5.0 (iPhone; CPU iPhone OS 15_1 like Mac OS X) AppleWebKit/605.1.15 (KHTML, like Gecko) Version/15.1 Mobile/15E148 Safari/604.1"
46.230.142.18 - - [15/Dec/2021:14:36:30 +0100] "GET /templates/Pixame_v1/images/icon_accueil2.png HTTP/1.0" 200 278 "http://www.wonder-geek.com/little-geisha-p-50780.html" "Mozilla/5.0 (iPhone; CPU iPhone OS 15_1 like Mac OS X) AppleWebKit/605.1.15 (KHTML, like Gecko) Version/15.1 Mobile/15E148 Safari/604.1"
46.230.142.18 - - [15/Dec/2021:14:36:30 +0100] "GET /templates/Pixame_v1/images/pixel_trans.gif HTTP/1.0" 200 328 "http://www.wonder-geek.com/little-geisha-p-50780.html" "Mozilla/5.0 (iPhone; CPU iPhone OS 15_1 like Mac OS X) AppleWebKit/605.1.15 (KHTML, like Gecko) Version/15.1 Mobile/15E148 Safari/604.1"
46.230.142.18 - - [15/Dec/2021:14:36:30 +0100] "GET /images/pixel_trans.gif HTTP/1.0" 200 328 "http://www.wonder-geek.com/little-geisha-p-50780.html" "Mozilla/5.0 (iPhone; CPU iPhone OS 15_1 like Mac OS X) AppleWebKit/605.1.15 (KHTML, like Gecko) Version/15.1 Mobile/15E148 Safari/604.1"
46.230.142.18 - - [15/Dec/2021:14:36:30 +0100] "GET /templates/Pixame_v1/images/header-object.png HTTP/1.0" 200 278 "http://www.wonder-geek.com/little-geisha-p-50780.html" "Mozilla/5.0 (iPhone; CPU iPhone OS 15_1 like Mac OS X) AppleWebKit/605.1.15 (KHTML, like Gecko) Version/15.1 Mobile/15E148 Safari/604.1"
46.230.142.18 - - [15/Dec/2021:14:36:30 +0100] "GET /templates/Pixame_v1/images/Middle_texture.jpg HTTP/1.0" 200 280 "http://www.wonder-geek.com/little-geisha-p-50780.html" "Mozilla/5.0 (iPhone; CPU iPhone OS 15_1 like Mac OS X) AppleWebKit/605.1.15 (KHTML, like Gecko) Version/15.1 Mobile/15E148 Safari/604.1"
46.230.142.18 - - [15/Dec/2021:14:36:30 +0100] "GET /templates/Pixame_v1/images/Bottom_texture.jpg HTTP/1.0" 200 280 "http://www.wonder-geek.com/little-geisha-p-50780.html" "Mozilla/5.0 (iPhone; CPU iPhone OS 15_1 like Mac OS X) AppleWebKit/605.1.15 (KHTML, like Gecko) Version/15.1 Mobile/15E148 Safari/604.1"
46.230.142.18 - - [15/Dec/2021:14:36:30 +0100] "GET /templates/Pixame_v1/images/header.png HTTP/1.0" 200 271 "http://www.wonder-geek.com/little-geisha-p-50780.html" "Mozilla/5.0 (iPhone; CPU iPhone OS 15_1 like Mac OS X) AppleWebKit/605.1.15 (KHTML, like Gecko) Version/15.1 Mobile/15E148 Safari/604.1"
46.230.142.18 - - [15/Dec/2021:14:36:30 +0100] "GET /templates/Pixame_v1/images/nav.png HTTP/1.0" 200 268 "http://www.wonder-geek.com/little-geisha-p-50780.html" "Mozilla/5.0 (iPhone; CPU iPhone OS 15_1 like Mac OS X) AppleWebKit/605.1.15 (KHTML, like Gecko) Version/15.1 Mobile/15E148 Safari/604.1"
46.230.142.18 - - [15/Dec/2021:14:36:30 +0100] "GET /images/big_prod_1/4260082936789.jpg HTTP/1.0" 200 270 "http://www.wonder-geek.com/little-geisha-p-50780.html" "Mozilla/5.0 (iPhone; CPU iPhone OS 15_1 like Mac OS X) AppleWebKit/605.1.15 (KHTML, like Gecko) Version/15.1 Mobile/15E148 Safari/604.1"
46.230.142.18 - - [15/Dec/2021:14:36:30 +0100] "GET /images/big_prod/4260082936802z.jpg HTTP/1.0" 200 269 "http://www.wonder-geek.com/little-geisha-p-50780.html" "Mozilla/5.0 (iPhone; CPU iPhone OS 15_1 like Mac OS X) AppleWebKit/605.1.15 (KHTML, like Gecko) Version/15.1 Mobile/15E148 Safari/604.1"
46.230.142.18 - - [15/Dec/2021:14:36:30 +0100] "GET /templates/Pixame_v1/images/buttons/english/button_in_cart.gif HTTP/1.0" 200 295 "http://www.wonder-geek.com/little-geisha-p-50780.html" "Mozilla/5.0 (iPhone; CPU iPhone OS 15_1 like Mac OS X) AppleWebKit/605.1.15 (KHTML, like Gecko) Version/15.1 Mobile/15E148 Safari/604.1"
46.230.142.18 - - [15/Dec/2021:14:36:30 +0100] "GET /templates/Pixame_v1/images/infobox/infobox_footer_middle.gif HTTP/1.0" 200 357 "http://www.wonder-geek.com/little-geisha-p-50780.html" "Mozilla/5.0 (iPhone; CPU iPhone OS 15_1 like Mac OS X) AppleWebKit/605.1.15 (KHTML, like Gecko) Version/15.1 Mobile/15E148 Safari/604.1"
46.230.142.18 - - [15/Dec/2021:14:36:31 +0100] "GET /design/productsenstock.png HTTP/1.0" 200 260 "http://www.wonder-geek.com/little-geisha-p-50780.html" "Mozilla/5.0 (iPhone; CPU iPhone OS 15_1 like Mac OS X) AppleWebKit/605.1.15 (KHTML, like Gecko) Version/15.1 Mobile/15E148 Safari/604.1"
46.230.142.18 - - [15/Dec/2021:14:36:31 +0100] "GET /highslide/graphics/zoomin.cur HTTP/1.0" 200 614 "http://www.wonder-geek.com/little-geisha-p-50780.html" "Mozilla/5.0 (iPhone; CPU iPhone OS 15_1 like Mac OS X) AppleWebKit/605.1.15 (KHTML, like Gecko) Version/15.1 Mobile/15E148 Safari/604.1"
46.230.142.18 - - [15/Dec/2021:14:36:31 +0100] "GET /highslide/graphics/zoomout.cur HTTP/1.0" 200 614 "http://www.wonder-geek.com/little-geisha-p-50780.html" "Mozilla/5.0 (iPhone; CPU iPhone OS 15_1 like Mac OS X) AppleWebKit/605.1.15 (KHTML, like Gecko) Version/15.1 Mobile/15E148 Safari/604.1"
46.230.142.18 - - [15/Dec/2021:14:36:31 +0100] "GET /highslide/graphics/loader.white.gif HTTP/1.0" 200 960 "http://www.wonder-geek.com/little-geisha-p-50780.html" "Mozilla/5.0 (iPhone; CPU iPhone OS 15_1 like Mac OS X) AppleWebKit/605.1.15 (KHTML, like Gecko) Version/15.1 Mobile/15E148 Safari/604.1"
46.230.142.18 - - [15/Dec/2021:14:36:31 +0100] "GET /highslide/graphics/outlines/drop-shadow.png HTTP/1.0" 200 277 "http://www.wonder-geek.com/little-geisha-p-50780.html" "Mozilla/5.0 (iPhone; CPU iPhone OS 15_1 like Mac OS X) AppleWebKit/605.1.15 (KHTML, like Gecko) Version/15.1 Mobile/15E148 Safari/604.1"
46.230.142.18 - - [15/Dec/2021:14:36:31 +0100] "GET /favicon.ico HTTP/1.0" 200 260 "http://www.wonder-geek.com/little-geisha-p-50780.html" "Mozilla/5.0 (iPhone; CPU iPhone OS 15_1 like Mac OS X) AppleWebKit/605.1.15 (KHTML, like Gecko) Version/15.1 Mobile/15E148 Safari/604.1"
66.102.9.241 - - [15/Dec/2021:14:36:46 +0100] "GET /images/big_prod/4260082936772a.jpg HTTP/1.0" 200 269 "-" "Mozilla/5.0 (Windows NT 5.1; rv:11.0) Gecko Firefox/11.0 (via ggpht.com GoogleImageProxy)"
185.191.171.15 - - [15/Dec/2021:14:36:59 +0100] "GET /desk-lamp-shaped-pantin-29-cm-p-46004.html HTTP/1.0" 301 70680 "-" "Mozilla/5.0 (compatible; SemrushBot/7~bl; +http://www.semrush.com/bot.html)"
185.191.171.11 - - [15/Dec/2021:14:37:02 +0100] "GET /-p-46004.html HTTP/1.0" 200 70613 "-" "Mozilla/5.0 (compatible; SemrushBot/7~bl; +http://www.semrush.com/bot.html)"
54.36.148.243 - - [15/Dec/2021:14:37:05 +0100] "GET /llama-love-glasses-case-p-47581.html HTTP/1.0" 200 73915 "-" "Mozilla/5.0 (compatible; AhrefsBot/7.0; +http://ahrefs.com/robot/)"
51.68.224.127 - - [15/Dec/2021:14:37:05 +0100] "GET /adminweb/export_orders_xml.php?token=256de2z6edz6ed2z6DFSFsed2zed6zeDSFDSGdzedezfzf&maxorders=10&orderstart=1&status=14&start_date=2018-10-01 HTTP/1.0" 200 285 "-" "GesCom CharlotteBoutik Serveur"
51.68.224.127 - - [15/Dec/2021:14:37:06 +0100] "GET /adminweb/export_orders_xml.php?token=256de2z6edz6ed2z6DFSFsed2zed6zeDSFDSGdzedezfzf&maxorders=10&orderstart=1&status=6&start_date=2018-10-01 HTTP/1.0" 200 32471 "-" "GesCom CharlotteBoutik Serveur"
185.191.171.18 - - [15/Dec/2021:14:38:02 +0100] "GET /disney-heartstrings-tigger-figurine-p-44597.html?action=add_product HTTP/1.0" 302 476 "-" "Mozilla/5.0 (compatible; SemrushBot/7~bl; +http://www.semrush.com/bot.html)"
106.39.217.141 - - [15/Dec/2021:14:38:08 +0100] "GET /images/mini_prod/8003990630525.jpg HTTP/1.0" 200 269 "-" "Mozilla/5.0 (X11; Ubuntu; Linux x86_64; rv:72.0) Gecko/20100101 Firefox/72.0"
185.191.171.15 - - [15/Dec/2021:14:38:11 +0100] "GET /tweety-clock-p-33040.html HTTP/1.0" 200 70651 "-" "Mozilla/5.0 (compatible; SemrushBot/7~bl; +http://www.semrush.com/bot.html)"
185.191.171.24 - - [15/Dec/2021:14:38:34 +0100] "GET /stone-septarian-grams-p-46598.html?action=add_product HTTP/1.0" 302 476 "-" "Mozilla/5.0 (compatible; SemrushBot/7~bl; +http://www.semrush.com/bot.html)"
185.191.171.2 - - [15/Dec/2021:14:38:46 +0100] "GET /large-heart-ceramic-trinket-hush-little-bunny-p-34739.html HTTP/1.0" 200 73708 "-" "Mozilla/5.0 (compatible; SemrushBot/7~bl; +http://www.semrush.com/bot.html)"
185.191.171.15 - - [15/Dec/2021:14:39:21 +0100] "GET /flowers-butterflies-wall-sticker-p-57063.html?action=add_product HTTP/1.0" 302 476 "-" "Mozilla/5.0 (compatible; SemrushBot/7~bl; +http://www.semrush.com/bot.html)"
54.36.148.243 - - [15/Dec/2021:14:39:28 +0100] "GET /night-clothes-c-1_24.html HTTP/1.0" 200 69546 "-" "Mozilla/5.0 (compatible; AhrefsBot/7.0; +http://ahrefs.com/robot/)"
17.121.113.154 - - [15/Dec/2021:14:40:04 +0100] "GET /anti-rfid-card-holder-cards-silver-p-50168.html HTTP/1.0" 200 74586 "-" "Mozilla/5.0 (Macintosh; Intel Mac OS X 10_15_5) AppleWebKit/605.1.15 (KHTML, like Gecko) Version/13.1.1 Safari/605.1.15 (Applebot/0.1; +http://www.apple.com/go/applebot)"
157.55.39.125 - - [15/Dec/2021:14:40:29 +0100] "GET /chairs-cushion-c-11_165.html HTTP/1.0" 200 91403 "-" "Mozilla/5.0 (compatible; bingbot/2.0; +http://www.bing.com/bingbot.htm)"
1.10.141.220 - - [15/Dec/2021:14:40:31 +0100] "GET /contact_us.php HTTP/1.0" 200 26241 "http://www.wonder-geek.com/contact_us.php" "Mozilla/5.0 (Windows NT 6.1; Win64; x64) AppleWebKit/537.36 (KHTML, like Gecko) Chrome/83.0.4093.3 Safari/537.36"
157.55.39.0 - - [15/Dec/2021:14:41:04 +0100] "GET /images/3700791210028.jpg HTTP/1.0" 200 259 "-" "Mozilla/5.0 (compatible; bingbot/2.0; +http://www.bing.com/bingbot.htm)"
216.244.66.242 - - [15/Dec/2021:14:41:16 +0100] "GET /robots.txt HTTP/1.0" 200 245 "-" "Mozilla/5.0 (compatible; DotBot/1.2; +https://opensiteexplorer.org/dotbot; help@moz.com)"
185.191.171.3 - - [15/Dec/2021:14:41:23 +0100] "GET /resin-stone-boxes-storage-c-13_150_84.html HTTP/1.0" 200 85098 "-" "Mozilla/5.0 (compatible; SemrushBot/7~bl; +http://www.semrush.com/bot.html)"
185.191.171.16 - - [15/Dec/2021:14:41:29 +0100] "GET /frozen-sven-figure-p-23416.html?action=add_product HTTP/1.0" 302 476 "-" "Mozilla/5.0 (compatible; SemrushBot/7~bl; +http://www.semrush.com/bot.html)"
185.191.171.43 - - [15/Dec/2021:14:41:36 +0100] "GET /the-simpsons-family-beach-towel-p-18819.html HTTP/1.0" 301 70680 "-" "Mozilla/5.0 (compatible; SemrushBot/7~bl; +http://www.semrush.com/bot.html)"
185.191.171.1 - - [15/Dec/2021:14:41:38 +0100] "GET /-p-18819.html HTTP/1.0" 200 70613 "-" "Mozilla/5.0 (compatible; SemrushBot/7~bl; +http://www.semrush.com/bot.html)"
185.191.171.16 - - [15/Dec/2021:14:41:44 +0100] "GET /magnet-resin-plaisirs-france-made-france-p-39447.html?action=add_product HTTP/1.0" 302 476 "-" "Mozilla/5.0 (compatible; SemrushBot/7~bl; +http://www.semrush.com/bot.html)"
54.36.148.243 - - [15/Dec/2021:14:42:08 +0100] "GET /buddha-statue-polyresin-p-36727.html HTTP/1.0" 200 73345 "-" "Mozilla/5.0 (compatible; AhrefsBot/7.0; +http://ahrefs.com/robot/)"
185.191.171.7 - - [15/Dec/2021:14:42:31 +0100] "GET /resin-statuette-naked-p-53047.html HTTP/1.0" 200 73321 "-" "Mozilla/5.0 (compatible; SemrushBot/7~bl; +http://www.semrush.com/bot.html)"
40.77.167.66 - - [15/Dec/2021:14:42:56 +0100] "GET /london-sticker-p-35393.html HTTP/1.0" 200 73293 "-" "Mozilla/5.0 (compatible; bingbot/2.0; +http://www.bing.com/bingbot.htm)"
185.191.171.40 - - [15/Dec/2021:14:43:51 +0100] "GET /small-tinbox-rtro-motorcycle-p-41345.html HTTP/1.0" 200 70747 "-" "Mozilla/5.0 (compatible; SemrushBot/7~bl; +http://www.semrush.com/bot.html)"
185.191.171.26 - - [15/Dec/2021:14:44:02 +0100] "GET /sophie-girafe-musical-luminous-snow-globe-night-light-p-56596.html?action=add_product HTTP/1.0" 302 476 "-" "Mozilla/5.0 (compatible; SemrushBot/7~bl; +http://www.semrush.com/bot.html)"
185.191.171.11 - - [15/Dec/2021:14:44:30 +0100] "GET /coca-cola-sugar-p-31660.html HTTP/1.0" 200 70671 "-" "Mozilla/5.0 (compatible; SemrushBot/7~bl; +http://www.semrush.com/bot.html)"
54.36.148.243 - - [15/Dec/2021:14:44:46 +0100] "GET /dubout-cats-compact-mirror-p-32233.html HTTP/1.0" 200 73323 "-" "Mozilla/5.0 (compatible; AhrefsBot/7.0; +http://ahrefs.com/robot/)"
149.28.215.57 - - [15/Dec/2021:14:44:57 +0100] "GET /images/mini_prod/5024693125289.jpg HTTP/1.0" 200 269 "-" "Mozilla/5.0 (X11; Ubuntu; Linux x86_64; rv:72.0) Gecko/20100101 Firefox/72.0"
40.77.167.66 - - [15/Dec/2021:14:45:15 +0100] "GET /images/8432699066869.jpg HTTP/1.0" 200 259 "-" "Mozilla/5.0 (compatible; bingbot/2.0; +http://www.bing.com/bingbot.htm)"
185.191.171.7 - - [15/Dec/2021:14:45:38 +0100] "GET /sonny-angel-animal-series-special-color-p-46400.html?action=add_product HTTP/1.0" 302 476 "-" "Mozilla/5.0 (compatible; SemrushBot/7~bl; +http://www.semrush.com/bot.html)"
185.191.171.11 - - [15/Dec/2021:14:46:18 +0100] "GET /buddha-canvas-frame-p-39965.html HTTP/1.0" 200 70701 "-" "Mozilla/5.0 (compatible; SemrushBot/7~bl; +http://www.semrush.com/bot.html)"
185.191.171.34 - - [15/Dec/2021:14:46:53 +0100] "GET /camargue-metal-rests-flat-p-47888.html HTTP/1.0" 200 73249 "-" "Mozilla/5.0 (compatible; SemrushBot/7~bl; +http://www.semrush.com/bot.html)"
185.191.171.34 - - [15/Dec/2021:14:47:05 +0100] "GET /silver-skull-mini-figure-p-34190.html?action=add_product HTTP/1.0" 302 476 "-" "Mozilla/5.0 (compatible; SemrushBot/7~bl; +http://www.semrush.com/bot.html)"
185.191.171.10 - - [15/Dec/2021:14:47:16 +0100] "GET /fragrance-case-cabinet-diffuser-c-231_228.html HTTP/1.0" 200 90441 "-" "Mozilla/5.0 (compatible; SemrushBot/7~bl; +http://www.semrush.com/bot.html)"
54.36.148.243 - - [15/Dec/2021:14:47:22 +0100] "GET /small-trays-c-12_159_261.html?page=1 HTTP/1.0" 200 90065 "-" "Mozilla/5.0 (compatible; AhrefsBot/7.0; +http://ahrefs.com/robot/)"
175.102.16.34 - - [15/Dec/2021:14:47:47 +0100] "GET /images/mini_prod/3700653593269.jpg HTTP/1.0" 200 269 "-" "Mozilla/5.0 (X11; Ubuntu; Linux x86_64; rv:72.0) Gecko/20100101 Firefox/72.0"
185.191.171.12 - - [15/Dec/2021:14:48:35 +0100] "GET /mountain-animals-kitchen-towel-p-45540.html?action=add_product HTTP/1.0" 302 476 "-" "Mozilla/5.0 (compatible; SemrushBot/7~bl; +http://www.semrush.com/bot.html)"
157.55.39.0 - - [15/Dec/2021:14:48:47 +0100] "GET /images/med_prod/8412497761180.jpg HTTP/1.0" 200 268 "-" "Mozilla/5.0 (compatible; bingbot/2.0; +http://www.bing.com/bingbot.htm)"
185.191.171.34 - - [15/Dec/2021:14:48:58 +0100] "GET /decorative-wooden-plate-cuisine-p-55489.html HTTP/1.0" 200 74091 "-" "Mozilla/5.0 (compatible; SemrushBot/7~bl; +http://www.semrush.com/bot.html)"
157.55.39.125 - - [15/Dec/2021:14:49:00 +0100] "GET /images/big_prod/8412497489763.jpg HTTP/1.0" 200 268 "-" "Mozilla/5.0 (compatible; bingbot/2.0; +http://www.bing.com/bingbot.htm)"
66.249.70.92 - - [15/Dec/2021:14:49:10 +0100] "GET /images/big_prod/3453131112123.jpg HTTP/1.0" 200 268 "-" "Googlebot-Image/1.0"
185.191.171.42 - - [15/Dec/2021:14:49:12 +0100] "GET /drink-good-beer-metal-plate-deco-p-34327.html HTTP/1.0" 200 73322 "-" "Mozilla/5.0 (compatible; SemrushBot/7~bl; +http://www.semrush.com/bot.html)"
185.191.171.45 - - [15/Dec/2021:14:49:20 +0100] "GET /betty-boop-zippo-lighter-p-27299.html?action=add_product HTTP/1.0" 302 476 "-" "Mozilla/5.0 (compatible; SemrushBot/7~bl; +http://www.semrush.com/bot.html)"
185.191.171.5 - - [15/Dec/2021:14:49:30 +0100] "GET /door-plate-p-50999.html?action=add_product HTTP/1.0" 302 476 "-" "Mozilla/5.0 (compatible; SemrushBot/7~bl; +http://www.semrush.com/bot.html)"
40.77.167.66 - - [15/Dec/2021:14:49:45 +0100] "GET /images/big_prod/1328399144228.jpg HTTP/1.0" 200 268 "-" "Mozilla/5.0 (compatible; bingbot/2.0; +http://www.bing.com/bingbot.htm)"
54.36.148.243 - - [15/Dec/2021:14:49:57 +0100] "GET /playmobil-rule-p-13387.html HTTP/1.0" 200 73170 "-" "Mozilla/5.0 (compatible; AhrefsBot/7.0; +http://ahrefs.com/robot/)"
185.191.171.2 - - [15/Dec/2021:14:50:24 +0100] "GET /bedding-protection-c-11_192.html?page=3 HTTP/1.0" 200 79003 "-" "Mozilla/5.0 (compatible; SemrushBot/7~bl; +http://www.semrush.com/bot.html)"
216.244.66.242 - - [15/Dec/2021:14:50:35 +0100] "GET /om-mug-p-47390.html HTTP/1.0" 200 70627 "-" "Mozilla/5.0 (compatible; DotBot/1.2; +https://opensiteexplorer.org/dotbot; help@moz.com)"
17.121.115.74 - - [15/Dec/2021:14:50:37 +0100] "GET /disney-princess-backpack-p-10763.html HTTP/1.0" 200 73247 "-" "Mozilla/5.0 (Macintosh; Intel Mac OS X 10_15_5) AppleWebKit/605.1.15 (KHTML, like Gecko) Version/13.1.1 Safari/605.1.15 (Applebot/0.1; +http://www.apple.com/go/applebot)"
216.244.66.242 - - [15/Dec/2021:14:50:53 +0100] "GET /hearth-water-bottle-p-45230.html HTTP/1.0" 301 70680 "-" "Mozilla/5.0 (compatible; DotBot/1.2; +https://opensiteexplorer.org/dotbot; help@moz.com)"
216.244.66.242 - - [15/Dec/2021:14:50:59 +0100] "GET /jasmin-orange-p-28918.html HTTP/1.0" 301 70680 "-" "Mozilla/5.0 (compatible; DotBot/1.2; +https://opensiteexplorer.org/dotbot; help@moz.com)"
216.244.66.242 - - [15/Dec/2021:14:51:06 +0100] "GET /mini-magnetic-plate-rtro-p-30547.html HTTP/1.0" 301 70680 "-" "Mozilla/5.0 (compatible; DotBot/1.2; +https://opensiteexplorer.org/dotbot; help@moz.com)"
157.55.39.223 - - [15/Dec/2021:14:51:09 +0100] "GET /incense-champa-super-grams-about-sticks-p-48090.html HTTP/1.0" 200 73833 "-" "Mozilla/5.0 (compatible; bingbot/2.0; +http://www.bing.com/bingbot.htm)"
216.244.66.242 - - [15/Dec/2021:14:51:15 +0100] "GET /abs-suitcase-cabin-compatible-company-low-cost-p-37087.html HTTP/1.0" 301 70880 "-" "Mozilla/5.0 (compatible; DotBot/1.2; +https://opensiteexplorer.org/dotbot; help@moz.com)"
185.191.171.21 - - [15/Dec/2021:14:51:27 +0100] "GET /metal-keychain-the-little-prince-p-47480.html HTTP/1.0" 301 77093 "-" "Mozilla/5.0 (compatible; SemrushBot/7~bl; +http://www.semrush.com/bot.html)"
216.244.66.242 - - [15/Dec/2021:14:51:27 +0100] "GET /buddhist-statue-in-resin-do-not-listen-to-evil-p-34571.html HTTP/1.0" 301 70865 "-" "Mozilla/5.0 (compatible; DotBot/1.2; +https://opensiteexplorer.org/dotbot; help@moz.com)"
185.191.171.34 - - [15/Dec/2021:14:51:30 +0100] "GET /metal-keychain-little-prince-p-47480.html HTTP/1.0" 200 76998 "-" "Mozilla/5.0 (compatible; SemrushBot/7~bl; +http://www.semrush.com/bot.html)"
207.46.13.52 - - [15/Dec/2021:14:51:31 +0100] "GET /ceramic-cork-trivet-cement-tiles-p-53064.html HTTP/1.0" 200 73392 "-" "Mozilla/5.0 (compatible; bingbot/2.0; +http://www.bing.com/bingbot.htm)"
216.244.66.242 - - [15/Dec/2021:14:51:38 +0100] "GET /disney-princess-musical-figure-p-4066.html HTTP/1.0" 200 70752 "-" "Mozilla/5.0 (compatible; DotBot/1.2; +https://opensiteexplorer.org/dotbot; help@moz.com)"
216.244.66.242 - - [15/Dec/2021:14:51:47 +0100] "GET /donald-duck-great-wall-sticker-repositionable-p-18831.html HTTP/1.0" 200 73640 "-" "Mozilla/5.0 (compatible; DotBot/1.2; +https://opensiteexplorer.org/dotbot; help@moz.com)"
185.191.171.23 - - [15/Dec/2021:14:51:56 +0100] "GET /minnie-mouse-large-disney-suitcase-p-31209.html?action=add_product HTTP/1.0" 302 476 "-" "Mozilla/5.0 (compatible; SemrushBot/7~bl; +http://www.semrush.com/bot.html)"
216.244.66.242 - - [15/Dec/2021:14:51:56 +0100] "GET /mini-magnetic-plate-everything-is-so-fabulous-here-cm-p-34421.html HTTP/1.0" 301 70992 "-" "Mozilla/5.0 (compatible; DotBot/1.2; +https://opensiteexplorer.org/dotbot; help@moz.com)"
20.99.156.33 - - [15/Dec/2021:14:52:05 +0100] "GET /images/big_prod_2/76001110TFa.jpg HTTP/1.0" 200 268 "-" "Mozilla/5.0 (Windows NT 10.0; WOW64) AppleWebKit/537.36 (KHTML, like Gecko) Chrome/64.0.3282.186 Safari/537.36"
216.244.66.242 - - [15/Dec/2021:14:52:04 +0100] "GET /pillow-case-in-cotton-percale-80-threads-50-70-cm-p-43854.html HTTP/1.0" 301 74298 "-" "Mozilla/5.0 (compatible; DotBot/1.2; +https://opensiteexplorer.org/dotbot; help@moz.com)"
66.249.85.116 - - [15/Dec/2021:14:52:09 +0100] "GET /images/big_prod/8904245400262.jpg HTTP/1.0" 200 268 "-" "Mozilla/5.0 (Windows NT 5.1; rv:11.0) Gecko Firefox/11.0 (via ggpht.com GoogleImageProxy)"
40.77.167.66 - - [15/Dec/2021:14:52:08 +0100] "GET /furnishings-c-13_87.html HTTP/1.0" 200 91088 "-" "Mozilla/5.0 (compatible; bingbot/2.0; +http://www.bing.com/bingbot.htm)"
185.191.171.25 - - [15/Dec/2021:14:52:08 +0100] "GET /thai-buddha-statue-wood-p-46691.html HTTP/1.0" 200 73359 "-" "Mozilla/5.0 (compatible; SemrushBot/7~bl; +http://www.semrush.com/bot.html)"
147.92.153.4 - - [15/Dec/2021:14:52:15 +0100] "GET /cats-cactus-bread-p-45577.html HTTP/1.0" 200 73315 "-" "Mozilla/5.0 (compatible; Linespider/1.1; +https://lin.ee/4dwXkTH)"
157.55.39.0 - - [15/Dec/2021:14:52:16 +0100] "GET /glass-jellyfish-paperweight-65-cm-p-52865.html HTTP/1.0" 301 73423 "-" "Mozilla/5.0 (compatible; bingbot/2.0; +http://www.bing.com/bingbot.htm)"
54.36.148.243 - - [15/Dec/2021:14:52:35 +0100] "GET /chair-cushion-sides-ecru-p-34841.html HTTP/1.0" 200 74015 "-" "Mozilla/5.0 (compatible; AhrefsBot/7.0; +http://ahrefs.com/robot/)"
51.68.224.127 - - [15/Dec/2021:14:53:02 +0100] "GET /adminweb/export_orders_xml.php?token=256de2z6edz6ed2z6DFSFsed2zed6zeDSFDSGdzedezfzf&maxorders=10&orderstart=1&status=14&start_date=2018-10-01 HTTP/1.0" 200 285 "-" "GesCom CharlotteBoutik Serveur"
