23.100.232.233 - - [16/Dec/2021:00:57:30 +0100] "GET /js/jquery.jqzoom.js HTTP/1.0" 200 259 "http://www.wonder-geek.com/-p-18355.html" "Mozilla/5.0 (compatible; MSIE 9.0; Windows NT 6.0; Trident/5.0;  Trident/5.0)"
23.100.232.233 - - [16/Dec/2021:00:57:30 +0100] "GET /mondial_relay/js/jquery-1.3.2.min.js HTTP/1.0" 200 276 "http://www.wonder-geek.com/-p-18355.html" "Mozilla/5.0 (compatible; MSIE 9.0; Windows NT 6.0; Trident/5.0;  Trident/5.0)"
23.100.232.233 - - [16/Dec/2021:00:57:30 +0100] "GET /swfobject.js HTTP/1.0" 404 1308 "http://www.wonder-geek.com/-p-18355.html" "Mozilla/5.0 (compatible; MSIE 9.0; Windows NT 6.0; Trident/5.0;  Trident/5.0)"
23.100.232.233 - - [16/Dec/2021:00:57:30 +0100] "GET /style.ie7.css HTTP/1.0" 404 1308 "http://www.wonder-geek.com/-p-18355.html" "Mozilla/5.0 (compatible; MSIE 9.0; Windows NT 6.0; Trident/5.0;  Trident/5.0)"
23.100.232.233 - - [16/Dec/2021:00:57:34 +0100] "GET /templates/Pixame_v1/images/flash.swf HTTP/1.0" 200 290 "http://www.wonder-geek.com/-p-18355.html" "Mozilla/5.0 (compatible; MSIE 9.0; Windows NT 6.0; Trident/5.0;  Trident/5.0)"
23.100.232.233 - - [16/Dec/2021:00:57:34 +0100] "GET /highslide/graphics/zoomout.cur HTTP/1.0" 200 614 "http://www.wonder-geek.com/-p-18355.html" "Mozilla/5.0 (compatible; MSIE 9.0; Windows NT 6.0; Trident/5.0;  Trident/5.0)"
114.119.128.37 - - [16/Dec/2021:00:57:44 +0100] "GET /disney-princess-card-with-envelope-p-34458.html HTTP/1.0" 200 73361 "-" "Mozilla/5.0 (Linux; Android 7.0;) AppleWebKit/537.36 (KHTML, like Gecko) Mobile Safari/537.36 (compatible; PetalBot;+https://webmaster.petalsearch.com/site/petalbot)"
5.255.253.187 - - [16/Dec/2021:00:57:49 +0100] "GET /images/3700057117672.jpg HTTP/1.0" 200 259 "-" "Mozilla/5.0 (compatible; YandexImages/3.0; +http://yandex.com/bots)"
185.191.171.20 - - [16/Dec/2021:00:58:10 +0100] "GET /-p-39791.html?action=add_product HTTP/1.0" 302 476 "-" "Mozilla/5.0 (compatible; SemrushBot/7~bl; +http://www.semrush.com/bot.html)"
185.191.171.42 - - [16/Dec/2021:00:58:12 +0100] "GET /resin-statuette-gymnast-on-the-world-39-cm-p-52840.html HTTP/1.0" 301 73529 "-" "Mozilla/5.0 (compatible; SemrushBot/7~bl; +http://www.semrush.com/bot.html)"
185.191.171.20 - - [16/Dec/2021:00:58:16 +0100] "GET /resin-statuette-gymnast-world-p-52840.html HTTP/1.0" 200 73433 "-" "Mozilla/5.0 (compatible; SemrushBot/7~bl; +http://www.semrush.com/bot.html)"
185.191.171.24 - - [16/Dec/2021:00:58:20 +0100] "GET /crystal-glass-and-metal-lamp-p-52025.html HTTP/1.0" 301 74238 "-" "Mozilla/5.0 (compatible; SemrushBot/7~bl; +http://www.semrush.com/bot.html)"
185.191.171.14 - - [16/Dec/2021:00:58:23 +0100] "GET /crystal-glass-metal-lamp-p-52025.html HTTP/1.0" 200 74147 "-" "Mozilla/5.0 (compatible; SemrushBot/7~bl; +http://www.semrush.com/bot.html)"
185.191.171.5 - - [16/Dec/2021:00:58:26 +0100] "GET /horses-metal-trivet-24-20-cm-p-40446.html HTTP/1.0" 301 73358 "-" "Mozilla/5.0 (compatible; SemrushBot/7~bl; +http://www.semrush.com/bot.html)"
185.191.171.45 - - [16/Dec/2021:00:58:29 +0100] "GET /horses-metal-trivet-p-40446.html HTTP/1.0" 200 73272 "-" "Mozilla/5.0 (compatible; SemrushBot/7~bl; +http://www.semrush.com/bot.html)"
54.36.148.243 - - [16/Dec/2021:00:59:13 +0100] "GET / HTTP/1.0" 200 151551 "-" "Mozilla/5.0 (compatible; AhrefsBot/7.0; +http://ahrefs.com/robot/)"
185.191.171.16 - - [16/Dec/2021:00:59:17 +0100] "GET /-p-38338.html?action=add_product HTTP/1.0" 302 476 "-" "Mozilla/5.0 (compatible; SemrushBot/7~bl; +http://www.semrush.com/bot.html)"
66.249.70.72 - - [16/Dec/2021:00:59:31 +0100] "GET /accessories/accessories-mobiles/eika-kimmidoll-ipad-and-tablet-cover-p-18062.html HTTP/1.0" 301 70680 "-" "Mozilla/5.0 (compatible; Googlebot/2.1; +http://www.google.com/bot.html)"
66.249.70.72 - - [16/Dec/2021:00:59:33 +0100] "GET /-p-18062.html HTTP/1.0" 200 70613 "-" "Mozilla/5.0 (compatible; Googlebot/2.1; +http://www.google.com/bot.html)"
114.119.128.34 - - [16/Dec/2021:00:59:50 +0100] "GET /van-gogh-nuit-etoilee-eyeglass-case-p-47643.html HTTP/1.0" 301 70680 "-" "Mozilla/5.0 (Linux; Android 7.0;) AppleWebKit/537.36 (KHTML, like Gecko) Mobile Safari/537.36 (compatible; PetalBot;+https://webmaster.petalsearch.com/site/petalbot)"
114.119.128.34 - - [16/Dec/2021:00:59:53 +0100] "GET /-p-47643.html HTTP/1.0" 200 70613 "-" "Mozilla/5.0 (Linux; Android 7.0;) AppleWebKit/537.36 (KHTML, like Gecko) Mobile Safari/537.36 (compatible; PetalBot;+https://webmaster.petalsearch.com/site/petalbot)"
66.249.70.72 - - [16/Dec/2021:01:00:03 +0100] "GET /create-your-topmodel-kitty-colouring-book-p-35832.html HTTP/1.0" 301 70680 "-" "Mozilla/5.0 (compatible; Googlebot/2.1; +http://www.google.com/bot.html)"
66.249.70.70 - - [16/Dec/2021:01:00:06 +0100] "GET /-p-35832.html HTTP/1.0" 200 70613 "-" "Mozilla/5.0 (compatible; Googlebot/2.1; +http://www.google.com/bot.html)"
66.249.70.72 - - [16/Dec/2021:01:00:08 +0100] "GET /images/big_prod_1/b5018997612996.jpg HTTP/1.0" 200 271 "-" "Googlebot-Image/1.0"
185.191.171.4 - - [16/Dec/2021:01:00:28 +0100] "GET /jasmin-large-cabas-nikko-p-43138.html?action=add_product HTTP/1.0" 302 476 "-" "Mozilla/5.0 (compatible; SemrushBot/7~bl; +http://www.semrush.com/bot.html)"
207.46.13.62 - - [16/Dec/2021:01:00:45 +0100] "GET /images/big_prod/1341689712303.jpg HTTP/1.0" 200 268 "-" "Mozilla/5.0 (compatible; bingbot/2.0; +http://www.bing.com/bingbot.htm)"
185.191.171.22 - - [16/Dec/2021:01:00:59 +0100] "GET /spiderman-keyring-p-28269.html HTTP/1.0" 200 72891 "-" "Mozilla/5.0 (compatible; SemrushBot/7~bl; +http://www.semrush.com/bot.html)"
66.249.85.116 - - [16/Dec/2021:01:01:11 +0100] "GET /images/big_prod/3453131143189.jpg HTTP/1.0" 200 268 "-" "Mozilla/5.0 (Windows NT 5.1; rv:11.0) Gecko Firefox/11.0 (via ggpht.com GoogleImageProxy)"
54.36.148.243 - - [16/Dec/2021:01:01:25 +0100] "GET /eggcups-made-germany-tassen-p-43320.html HTTP/1.0" 200 73414 "-" "Mozilla/5.0 (compatible; AhrefsBot/7.0; +http://ahrefs.com/robot/)"
66.249.70.74 - - [16/Dec/2021:01:01:37 +0100] "GET /salt-pepper-milk-p-47918.html HTTP/1.0" 200 73264 "-" "Mozilla/5.0 (Linux; Android 6.0.1; Nexus 5X Build/MMB29P) AppleWebKit/537.36 (KHTML, like Gecko) Chrome/96.0.4664.93 Mobile Safari/537.36 (compatible; Googlebot/2.1; +http://www.google.com/bot.html)"
114.119.128.40 - - [16/Dec/2021:01:01:57 +0100] "GET /images/mini_prod/3700281653519D.jpg HTTP/1.0" 200 270 "-" "Mozilla/5.0 (Linux; Android 7.0;) AppleWebKit/537.36 (KHTML, like Gecko) Mobile Safari/537.36 (compatible; PetalBot;+https://webmaster.petalsearch.com/site/petalbot)"
185.191.171.10 - - [16/Dec/2021:01:02:02 +0100] "GET /deco-gold-statue-p-44624.html HTTP/1.0" 200 73301 "-" "Mozilla/5.0 (compatible; SemrushBot/7~bl; +http://www.semrush.com/bot.html)"
185.191.171.37 - - [16/Dec/2021:01:02:05 +0100] "GET /kitchen-towel-cook-collection-p-54749.html HTTP/1.0" 200 73285 "-" "Mozilla/5.0 (compatible; SemrushBot/7~bl; +http://www.semrush.com/bot.html)"
175.102.16.34 - - [16/Dec/2021:01:02:10 +0100] "GET /images/mini_prod/4717115143022.jpg HTTP/1.0" 200 269 "-" "Mozilla/5.0 (X11; Ubuntu; Linux x86_64; rv:72.0) Gecko/20100101 Firefox/72.0"
52.146.59.154 - - [16/Dec/2021:01:02:25 +0100] "GET /images/big_prod/8719497610860.jpg HTTP/1.0" 200 268 "-" "DuckDuckBot/1.1; (+http://duckduckgo.com/duckduckbot.html)"
52.146.59.154 - - [16/Dec/2021:01:02:26 +0100] "GET /images/big_prod/8719497610846.jpg HTTP/1.0" 200 268 "-" "DuckDuckBot/1.1; (+http://duckduckgo.com/duckduckbot.html)"
185.191.171.20 - - [16/Dec/2021:01:02:27 +0100] "GET /jane-crowther-p-54769.html HTTP/1.0" 200 74026 "-" "Mozilla/5.0 (compatible; SemrushBot/7~bl; +http://www.semrush.com/bot.html)"
185.191.171.36 - - [16/Dec/2021:01:03:07 +0100] "GET /wooden-cellar-p-51435.html?action=add_product HTTP/1.0" 302 476 "-" "Mozilla/5.0 (compatible; SemrushBot/7~bl; +http://www.semrush.com/bot.html)"
54.36.148.243 - - [16/Dec/2021:01:03:14 +0100] "GET /frozen-keyring-p-28271.html HTTP/1.0" 200 72868 "-" "Mozilla/5.0 (compatible; AhrefsBot/7.0; +http://ahrefs.com/robot/)"
20.99.156.67 - - [16/Dec/2021:01:03:16 +0100] "GET /images/big_prod_1/b5018997627761.jpg HTTP/1.0" 200 271 "-" "Mozilla/5.0 (Windows NT 6.1; WOW64) AppleWebKit/537.36 (KHTML, like Gecko) Chrome/45.0.2454.101 Safari/537.36"
185.191.171.41 - - [16/Dec/2021:01:03:33 +0100] "GET /hanging-wooden-wall-decoration-joyeux-p-52391.html HTTP/1.0" 200 73491 "-" "Mozilla/5.0 (compatible; SemrushBot/7~bl; +http://www.semrush.com/bot.html)"
52.149.21.95 - - [16/Dec/2021:01:03:42 +0100] "GET /images/big_prod_1/8419810094963a.jpg HTTP/1.0" 200 271 "-" "Mozilla/5.0 (X11; Linux x86_64) AppleWebKit/537.36 (KHTML, like Gecko) Chrome/62.0.3202.62 Safari/537.36"
114.119.128.26 - - [16/Dec/2021:01:04:03 +0100] "GET /surfboard-ceramic-magnet-10-cm-p-42051.html HTTP/1.0" 301 70802 "-" "Mozilla/5.0 (Linux; Android 7.0;) AppleWebKit/537.36 (KHTML, like Gecko) Mobile Safari/537.36 (compatible; PetalBot;+https://webmaster.petalsearch.com/site/petalbot)"
114.119.128.26 - - [16/Dec/2021:01:04:04 +0100] "GET /surfboard-ceramic-magnet-p-42051.html HTTP/1.0" 200 70711 "-" "Mozilla/5.0 (Linux; Android 7.0;) AppleWebKit/537.36 (KHTML, like Gecko) Mobile Safari/537.36 (compatible; PetalBot;+https://webmaster.petalsearch.com/site/petalbot)"
185.191.171.21 - - [16/Dec/2021:01:04:38 +0100] "GET /fragrance-sachet-eastern-promise-p-40558.html?action=add_product HTTP/1.0" 302 476 "-" "Mozilla/5.0 (compatible; SemrushBot/7~bl; +http://www.semrush.com/bot.html)"
185.191.171.33 - - [16/Dec/2021:01:04:48 +0100] "GET /figure-p-15663.html?action=add_product HTTP/1.0" 302 476 "-" "Mozilla/5.0 (compatible; SemrushBot/7~bl; +http://www.semrush.com/bot.html)"
155.138.175.238 - - [16/Dec/2021:01:05:21 +0100] "GET /images/mini_prod/8011717796409.jpg HTTP/1.0" 200 269 "-" "Mozilla/5.0 (X11; Ubuntu; Linux x86_64; rv:72.0) Gecko/20100101 Firefox/72.0"
185.191.171.8 - - [16/Dec/2021:01:05:30 +0100] "GET /owls-p-27605.html?action=add_product HTTP/1.0" 302 476 "-" "Mozilla/5.0 (compatible; SemrushBot/7~bl; +http://www.semrush.com/bot.html)"
54.36.148.243 - - [16/Dec/2021:01:05:31 +0100] "GET /jewelry-holder-mirror-p-55772.html HTTP/1.0" 200 74151 "-" "Mozilla/5.0 (compatible; AhrefsBot/7.0; +http://ahrefs.com/robot/)"
185.191.171.24 - - [16/Dec/2021:01:05:37 +0100] "GET /flower-foot-p-54291.html HTTP/1.0" 200 73803 "-" "Mozilla/5.0 (compatible; SemrushBot/7~bl; +http://www.semrush.com/bot.html)"
159.138.102.98 - - [16/Dec/2021:01:06:12 +0100] "GET /placemat-little-prince-p-56250.html HTTP/1.0" 200 73262 "-" "Mozilla/5.0 (Linux; Android 7.0;) AppleWebKit/537.36 (KHTML, like Gecko) Mobile Safari/537.36 (compatible; PetalBot;+https://webmaster.petalsearch.com/site/petalbot)"
216.244.66.242 - - [16/Dec/2021:01:06:30 +0100] "GET /robots.txt HTTP/1.0" 200 245 "-" "Mozilla/5.0 (compatible; DotBot/1.2; +https://opensiteexplorer.org/dotbot; help@moz.com)"
51.68.224.127 - - [16/Dec/2021:01:06:54 +0100] "GET /adminweb/export_orders_xml.php?token=256de2z6edz6ed2z6DFSFsed2zed6zeDSFDSGdzedezfzf&maxorders=10&orderstart=1&status=14&start_date=2018-10-01 HTTP/1.0" 200 285 "-" "GesCom CharlotteBoutik Serveur"
51.68.224.127 - - [16/Dec/2021:01:06:54 +0100] "GET /adminweb/export_orders_xml.php?token=256de2z6edz6ed2z6DFSFsed2zed6zeDSFDSGdzedezfzf&maxorders=10&orderstart=1&status=6&start_date=2018-10-01 HTTP/1.0" 200 32471 "-" "GesCom CharlotteBoutik Serveur"
173.23.104.17 - - [16/Dec/2021:01:07:26 +0100] "GET /mini-metal-tray-bcassine-p-35254.html HTTP/1.0" 200 73373 "https://www.google.com/" "Mozilla/5.0 (iPad; CPU OS 15_1 like Mac OS X) AppleWebKit/605.1.15 (KHTML, like Gecko) Version/15.0 Mobile/15E148 Safari/604.1"
173.23.104.17 - - [16/Dec/2021:01:07:27 +0100] "GET /templates/Pixame_v1/stylesheet.css HTTP/1.0" 200 267 "http://www.wonder-geek.com/mini-metal-tray-bcassine-p-35254.html" "Mozilla/5.0 (iPad; CPU OS 15_1 like Mac OS X) AppleWebKit/605.1.15 (KHTML, like Gecko) Version/15.0 Mobile/15E148 Safari/604.1"
173.23.104.17 - - [16/Dec/2021:01:07:27 +0100] "GET /highslide/highslide.js HTTP/1.0" 200 262 "http://www.wonder-geek.com/mini-metal-tray-bcassine-p-35254.html" "Mozilla/5.0 (iPad; CPU OS 15_1 like Mac OS X) AppleWebKit/605.1.15 (KHTML, like Gecko) Version/15.0 Mobile/15E148 Safari/604.1"
173.23.104.17 - - [16/Dec/2021:01:07:27 +0100] "GET /js/jquery.jqzoom.js HTTP/1.0" 200 259 "http://www.wonder-geek.com/mini-metal-tray-bcassine-p-35254.html" "Mozilla/5.0 (iPad; CPU OS 15_1 like Mac OS X) AppleWebKit/605.1.15 (KHTML, like Gecko) Version/15.0 Mobile/15E148 Safari/604.1"
173.23.104.17 - - [16/Dec/2021:01:07:27 +0100] "GET /js/jquery.js HTTP/1.0" 200 252 "http://www.wonder-geek.com/mini-metal-tray-bcassine-p-35254.html" "Mozilla/5.0 (iPad; CPU OS 15_1 like Mac OS X) AppleWebKit/605.1.15 (KHTML, like Gecko) Version/15.0 Mobile/15E148 Safari/604.1"
173.23.104.17 - - [16/Dec/2021:01:07:27 +0100] "GET /mondial_relay/js/jquery-1.3.2.min.js HTTP/1.0" 200 276 "http://www.wonder-geek.com/mini-metal-tray-bcassine-p-35254.html" "Mozilla/5.0 (iPad; CPU OS 15_1 like Mac OS X) AppleWebKit/605.1.15 (KHTML, like Gecko) Version/15.0 Mobile/15E148 Safari/604.1"
173.23.104.17 - - [16/Dec/2021:01:07:27 +0100] "GET /swfobject.js HTTP/1.0" 404 1308 "http://www.wonder-geek.com/mini-metal-tray-bcassine-p-35254.html" "Mozilla/5.0 (iPad; CPU OS 15_1 like Mac OS X) AppleWebKit/605.1.15 (KHTML, like Gecko) Version/15.0 Mobile/15E148 Safari/604.1"
173.23.104.17 - - [16/Dec/2021:01:07:28 +0100] "GET /templates/Pixame_v1/images/icon_accueil2.png HTTP/1.0" 200 278 "http://www.wonder-geek.com/mini-metal-tray-bcassine-p-35254.html" "Mozilla/5.0 (iPad; CPU OS 15_1 like Mac OS X) AppleWebKit/605.1.15 (KHTML, like Gecko) Version/15.0 Mobile/15E148 Safari/604.1"
173.23.104.17 - - [16/Dec/2021:01:07:28 +0100] "GET /templates/Pixame_v1/images/infobox/pixel_trans.gif HTTP/1.0" 200 328 "http://www.wonder-geek.com/mini-metal-tray-bcassine-p-35254.html" "Mozilla/5.0 (iPad; CPU OS 15_1 like Mac OS X) AppleWebKit/605.1.15 (KHTML, like Gecko) Version/15.0 Mobile/15E148 Safari/604.1"
173.23.104.17 - - [16/Dec/2021:01:07:28 +0100] "GET /templates/Pixame_v1/images/header.png HTTP/1.0" 200 271 "http://www.wonder-geek.com/mini-metal-tray-bcassine-p-35254.html" "Mozilla/5.0 (iPad; CPU OS 15_1 like Mac OS X) AppleWebKit/605.1.15 (KHTML, like Gecko) Version/15.0 Mobile/15E148 Safari/604.1"
173.23.104.17 - - [16/Dec/2021:01:07:28 +0100] "GET /templates/Pixame_v1/images/nav.png HTTP/1.0" 200 268 "http://www.wonder-geek.com/mini-metal-tray-bcassine-p-35254.html" "Mozilla/5.0 (iPad; CPU OS 15_1 like Mac OS X) AppleWebKit/605.1.15 (KHTML, like Gecko) Version/15.0 Mobile/15E148 Safari/604.1"
173.23.104.17 - - [16/Dec/2021:01:07:28 +0100] "GET /images/big_prod/3565750245158.jpg HTTP/1.0" 200 268 "http://www.wonder-geek.com/mini-metal-tray-bcassine-p-35254.html" "Mozilla/5.0 (iPad; CPU OS 15_1 like Mac OS X) AppleWebKit/605.1.15 (KHTML, like Gecko) Version/15.0 Mobile/15E148 Safari/604.1"
173.23.104.17 - - [16/Dec/2021:01:07:28 +0100] "GET /templates/Pixame_v1/images/Bottom_texture.jpg HTTP/1.0" 200 280 "http://www.wonder-geek.com/mini-metal-tray-bcassine-p-35254.html" "Mozilla/5.0 (iPad; CPU OS 15_1 like Mac OS X) AppleWebKit/605.1.15 (KHTML, like Gecko) Version/15.0 Mobile/15E148 Safari/604.1"
173.23.104.17 - - [16/Dec/2021:01:07:28 +0100] "GET /templates/Pixame_v1/images/Middle_texture.jpg HTTP/1.0" 200 280 "http://www.wonder-geek.com/mini-metal-tray-bcassine-p-35254.html" "Mozilla/5.0 (iPad; CPU OS 15_1 like Mac OS X) AppleWebKit/605.1.15 (KHTML, like Gecko) Version/15.0 Mobile/15E148 Safari/604.1"
173.23.104.17 - - [16/Dec/2021:01:07:28 +0100] "GET /templates/Pixame_v1/images/header-object.png HTTP/1.0" 200 278 "http://www.wonder-geek.com/mini-metal-tray-bcassine-p-35254.html" "Mozilla/5.0 (iPad; CPU OS 15_1 like Mac OS X) AppleWebKit/605.1.15 (KHTML, like Gecko) Version/15.0 Mobile/15E148 Safari/604.1"
173.23.104.17 - - [16/Dec/2021:01:07:28 +0100] "GET /templates/Pixame_v1/images/buttons/english/button_in_cart.gif HTTP/1.0" 200 295 "http://www.wonder-geek.com/mini-metal-tray-bcassine-p-35254.html" "Mozilla/5.0 (iPad; CPU OS 15_1 like Mac OS X) AppleWebKit/605.1.15 (KHTML, like Gecko) Version/15.0 Mobile/15E148 Safari/604.1"
173.23.104.17 - - [16/Dec/2021:01:07:28 +0100] "GET /templates/Pixame_v1/images/pixel_trans.gif HTTP/1.0" 200 328 "http://www.wonder-geek.com/mini-metal-tray-bcassine-p-35254.html" "Mozilla/5.0 (iPad; CPU OS 15_1 like Mac OS X) AppleWebKit/605.1.15 (KHTML, like Gecko) Version/15.0 Mobile/15E148 Safari/604.1"
173.23.104.17 - - [16/Dec/2021:01:07:28 +0100] "GET /templates/Pixame_v1/images/infobox/infobox_footer_middle.gif HTTP/1.0" 200 357 "http://www.wonder-geek.com/mini-metal-tray-bcassine-p-35254.html" "Mozilla/5.0 (iPad; CPU OS 15_1 like Mac OS X) AppleWebKit/605.1.15 (KHTML, like Gecko) Version/15.0 Mobile/15E148 Safari/604.1"
173.23.104.17 - - [16/Dec/2021:01:07:28 +0100] "GET /images/pixel_trans.gif HTTP/1.0" 200 328 "http://www.wonder-geek.com/mini-metal-tray-bcassine-p-35254.html" "Mozilla/5.0 (iPad; CPU OS 15_1 like Mac OS X) AppleWebKit/605.1.15 (KHTML, like Gecko) Version/15.0 Mobile/15E148 Safari/604.1"
173.23.104.17 - - [16/Dec/2021:01:07:29 +0100] "GET /design/productsenstock.png HTTP/1.0" 200 260 "http://www.wonder-geek.com/mini-metal-tray-bcassine-p-35254.html" "Mozilla/5.0 (iPad; CPU OS 15_1 like Mac OS X) AppleWebKit/605.1.15 (KHTML, like Gecko) Version/15.0 Mobile/15E148 Safari/604.1"
173.23.104.17 - - [16/Dec/2021:01:07:29 +0100] "GET /highslide/graphics/zoomin.cur HTTP/1.0" 200 614 "http://www.wonder-geek.com/mini-metal-tray-bcassine-p-35254.html" "Mozilla/5.0 (iPad; CPU OS 15_1 like Mac OS X) AppleWebKit/605.1.15 (KHTML, like Gecko) Version/15.0 Mobile/15E148 Safari/604.1"
173.23.104.17 - - [16/Dec/2021:01:07:29 +0100] "GET /highslide/graphics/outlines/drop-shadow.png HTTP/1.0" 200 277 "http://www.wonder-geek.com/mini-metal-tray-bcassine-p-35254.html" "Mozilla/5.0 (iPad; CPU OS 15_1 like Mac OS X) AppleWebKit/605.1.15 (KHTML, like Gecko) Version/15.0 Mobile/15E148 Safari/604.1"
173.23.104.17 - - [16/Dec/2021:01:07:29 +0100] "GET /highslide/graphics/zoomout.cur HTTP/1.0" 200 614 "http://www.wonder-geek.com/mini-metal-tray-bcassine-p-35254.html" "Mozilla/5.0 (iPad; CPU OS 15_1 like Mac OS X) AppleWebKit/605.1.15 (KHTML, like Gecko) Version/15.0 Mobile/15E148 Safari/604.1"
173.23.104.17 - - [16/Dec/2021:01:07:29 +0100] "GET /highslide/graphics/loader.white.gif HTTP/1.0" 200 960 "http://www.wonder-geek.com/mini-metal-tray-bcassine-p-35254.html" "Mozilla/5.0 (iPad; CPU OS 15_1 like Mac OS X) AppleWebKit/605.1.15 (KHTML, like Gecko) Version/15.0 Mobile/15E148 Safari/604.1"
173.23.104.17 - - [16/Dec/2021:01:07:29 +0100] "GET /favicon.ico HTTP/1.0" 200 260 "-" "Mozilla/5.0 (iPad; CPU OS 15_1 like Mac OS X) AppleWebKit/605.1.15 (KHTML, like Gecko) Version/15.0 Mobile/15E148 Safari/604.1"
45.76.250.213 - - [16/Dec/2021:01:07:31 +0100] "GET /images/mini_prod/8433933142325.jpg HTTP/1.0" 200 269 "-" "Mozilla/5.0 (X11; Ubuntu; Linux x86_64; rv:72.0) Gecko/20100101 Firefox/72.0"
54.36.148.243 - - [16/Dec/2021:01:07:48 +0100] "GET /corsica-wall-decoration-p-48234.html HTTP/1.0" 200 73269 "-" "Mozilla/5.0 (compatible; AhrefsBot/7.0; +http://ahrefs.com/robot/)"
45.76.250.213 - - [16/Dec/2021:01:08:01 +0100] "GET /images/mini_prod/1300000021562.jpg HTTP/1.0" 200 269 "-" "Mozilla/5.0 (X11; Ubuntu; Linux x86_64; rv:72.0) Gecko/20100101 Firefox/72.0"
114.119.128.37 - - [16/Dec/2021:01:08:20 +0100] "GET /postcard-with-envelope-anniversary-years-p-48849.html HTTP/1.0" 200 73464 "-" "Mozilla/5.0 (Linux; Android 7.0;) AppleWebKit/537.36 (KHTML, like Gecko) Mobile Safari/537.36 (compatible; PetalBot;+https://webmaster.petalsearch.com/site/petalbot)"
20.99.156.128 - - [16/Dec/2021:01:08:44 +0100] "GET /images/big_prod/3453131143875.jpg HTTP/1.0" 200 268 "-" "Mozilla/5.0 (Windows NT 10.0; WOW64) AppleWebKit/537.36 (KHTML, like Gecko) Chrome/64.0.3282.186 Safari/537.36"
185.191.171.25 - - [16/Dec/2021:01:08:57 +0100] "GET /robots.txt HTTP/1.0" 200 245 "-" "Mozilla/5.0 (compatible; SemrushBot/7~bl; +http://www.semrush.com/bot.html)"
185.191.171.45 - - [16/Dec/2021:01:08:57 +0100] "GET /cast-iron-trivet-p-53643.html?action=add_product HTTP/1.0" 302 476 "-" "Mozilla/5.0 (compatible; SemrushBot/7~bl; +http://www.semrush.com/bot.html)"
185.191.171.7 - - [16/Dec/2021:01:09:20 +0100] "GET /banania-set-of-coasters-p-40040.html HTTP/1.0" 301 73322 "-" "Mozilla/5.0 (compatible; SemrushBot/7~bl; +http://www.semrush.com/bot.html)"
185.191.171.10 - - [16/Dec/2021:01:09:24 +0100] "GET /banania-coasters-p-40040.html HTTP/1.0" 200 73239 "-" "Mozilla/5.0 (compatible; SemrushBot/7~bl; +http://www.semrush.com/bot.html)"
66.249.70.72 - - [16/Dec/2021:01:09:28 +0100] "GET /images/mini_prod/8422010756418.jpg HTTP/1.0" 200 269 "-" "Googlebot-Image/1.0"
185.191.171.45 - - [16/Dec/2021:01:09:28 +0100] "GET /japan-rags-shoulder-p-26354.html?action=add_product HTTP/1.0" 302 476 "-" "Mozilla/5.0 (compatible; SemrushBot/7~bl; +http://www.semrush.com/bot.html)"
185.191.171.19 - - [16/Dec/2021:01:09:30 +0100] "GET /vespa-metal-collection-hanging-plate-p-45987.html HTTP/1.0" 200 73614 "-" "Mozilla/5.0 (compatible; SemrushBot/7~bl; +http://www.semrush.com/bot.html)"
66.249.70.72 - - [16/Dec/2021:01:09:42 +0100] "GET /welcome-round-doormat-p-55101.html HTTP/1.0" 200 74051 "-" "Mozilla/5.0 (Linux; Android 6.0.1; Nexus 5X Build/MMB29P) AppleWebKit/537.36 (KHTML, like Gecko) Chrome/96.0.4664.93 Mobile Safari/537.36 (compatible; Googlebot/2.1; +http://www.google.com/bot.html)"
54.36.148.243 - - [16/Dec/2021:01:09:49 +0100] "GET /london-academy-backpack-p-44926.html HTTP/1.0" 200 74211 "-" "Mozilla/5.0 (compatible; AhrefsBot/7.0; +http://ahrefs.com/robot/)"
114.119.128.37 - - [16/Dec/2021:01:10:31 +0100] "GET /cats-shadow-door-plate-bedroom-p-46410.html HTTP/1.0" 200 73339 "-" "Mozilla/5.0 (Linux; Android 7.0;) AppleWebKit/537.36 (KHTML, like Gecko) Mobile Safari/537.36 (compatible; PetalBot;+https://webmaster.petalsearch.com/site/petalbot)"
185.191.171.39 - - [16/Dec/2021:01:10:31 +0100] "GET /skull-aviator-helmet-figure-p-34152.html HTTP/1.0" 200 73329 "-" "Mozilla/5.0 (compatible; SemrushBot/7~bl; +http://www.semrush.com/bot.html)"
5.255.253.187 - - [16/Dec/2021:01:10:47 +0100] "GET /images/8004332880059.jpg HTTP/1.0" 200 259 "-" "Mozilla/5.0 (compatible; YandexImages/3.0; +http://yandex.com/bots)"
185.191.171.40 - - [16/Dec/2021:01:11:37 +0100] "GET /disney-planes-bowl-p-24536.html HTTP/1.0" 200 70675 "-" "Mozilla/5.0 (compatible; SemrushBot/7~bl; +http://www.semrush.com/bot.html)"
54.36.148.243 - - [16/Dec/2021:01:11:52 +0100] "GET /glasses-little-prince-p-53840.html HTTP/1.0" 200 73389 "-" "Mozilla/5.0 (compatible; AhrefsBot/7.0; +http://ahrefs.com/robot/)"
66.249.70.74 - - [16/Dec/2021:01:11:55 +0100] "GET /cement-plant-pots-p-54293.html HTTP/1.0" 200 70689 "-" "Mozilla/5.0 (Linux; Android 6.0.1; Nexus 5X Build/MMB29P) AppleWebKit/537.36 (KHTML, like Gecko) Chrome/96.0.4664.93 Mobile Safari/537.36 (compatible; Googlebot/2.1; +http://www.google.com/bot.html)"
185.191.171.34 - - [16/Dec/2021:01:12:18 +0100] "GET /hannah-montana-stationery-p-19924.html HTTP/1.0" 200 73410 "-" "Mozilla/5.0 (compatible; SemrushBot/7~bl; +http://www.semrush.com/bot.html)"
114.119.128.37 - - [16/Dec/2021:01:12:36 +0100] "GET /corsica-calvi-vintage-poster-30-40-cm-p-44871.html HTTP/1.0" 301 70832 "-" "Mozilla/5.0 (Linux; Android 7.0;) AppleWebKit/537.36 (KHTML, like Gecko) Mobile Safari/537.36 (compatible; PetalBot;+https://webmaster.petalsearch.com/site/petalbot)"
114.119.128.37 - - [16/Dec/2021:01:12:38 +0100] "GET /corsica-calvi-vintage-poster-p-44871.html HTTP/1.0" 200 70737 "-" "Mozilla/5.0 (Linux; Android 7.0;) AppleWebKit/537.36 (KHTML, like Gecko) Mobile Safari/537.36 (compatible; PetalBot;+https://webmaster.petalsearch.com/site/petalbot)"
185.191.171.14 - - [16/Dec/2021:01:12:42 +0100] "GET /isothermic-stainless-steel-bottle-virgo-cbkreation-p-51042.html?action=add_product HTTP/1.0" 302 476 "-" "Mozilla/5.0 (compatible; SemrushBot/7~bl; +http://www.semrush.com/bot.html)"
45.76.250.213 - - [16/Dec/2021:01:13:02 +0100] "GET /images/big_prod_1/8717318193042a.jpg HTTP/1.0" 200 271 "-" "Mozilla/5.0 (X11; Ubuntu; Linux x86_64; rv:72.0) Gecko/20100101 Firefox/72.0"
147.92.153.3 - - [16/Dec/2021:01:13:12 +0100] "GET /porsche-turbo-white-p-28341.html HTTP/1.0" 200 73255 "-" "Mozilla/5.0 (compatible; Linespider/1.1; +https://lin.ee/4dwXkTH)"
185.191.171.25 - - [16/Dec/2021:01:13:34 +0100] "GET /aluminum-bottle-roaarrr-printed-france-p-56359.html?action=add_product HTTP/1.0" 302 476 "-" "Mozilla/5.0 (compatible; SemrushBot/7~bl; +http://www.semrush.com/bot.html)"
45.76.250.213 - - [16/Dec/2021:01:13:34 +0100] "GET /images/mini_prod/6942138908640.jpg HTTP/1.0" 200 269 "-" "Mozilla/5.0 (X11; Ubuntu; Linux x86_64; rv:72.0) Gecko/20100101 Firefox/72.0"
54.36.148.243 - - [16/Dec/2021:01:13:57 +0100] "GET /cushion-cover-boho-p-49957.html HTTP/1.0" 200 73466 "-" "Mozilla/5.0 (compatible; AhrefsBot/7.0; +http://ahrefs.com/robot/)"
185.191.171.16 - - [16/Dec/2021:01:14:14 +0100] "GET /minnie-mouse-figure-collection-romano-britto-p-20773.html?action=add_product HTTP/1.0" 302 476 "-" "Mozilla/5.0 (compatible; SemrushBot/7~bl; +http://www.semrush.com/bot.html)"
185.191.171.35 - - [16/Dec/2021:01:14:30 +0100] "GET /candle-heart-home-tuscan-p-53333.html?action=add_product HTTP/1.0" 302 476 "-" "Mozilla/5.0 (compatible; SemrushBot/7~bl; +http://www.semrush.com/bot.html)"
66.249.70.72 - - [16/Dec/2021:01:14:33 +0100] "GET /little-prince-sugar-p-52469.html HTTP/1.0" 200 73403 "-" "Mozilla/5.0 (compatible; Googlebot/2.1; +http://www.google.com/bot.html)"
157.55.39.228 - - [16/Dec/2021:01:14:34 +0100] "GET /charmmy-kitty-small-cosmetic-p-26658.html HTTP/1.0" 200 73554 "-" "Mozilla/5.0 (compatible; bingbot/2.0; +http://www.bing.com/bingbot.htm)"
114.119.128.26 - - [16/Dec/2021:01:14:42 +0100] "GET /plush-unicorn-glitter-motsu-keel-toys-p-54162.html HTTP/1.0" 200 73552 "-" "Mozilla/5.0 (Linux; Android 7.0;) AppleWebKit/537.36 (KHTML, like Gecko) Mobile Safari/537.36 (compatible; PetalBot;+https://webmaster.petalsearch.com/site/petalbot)"
207.46.13.62 - - [16/Dec/2021:01:14:46 +0100] "GET /images/big_prod/8718375751152.jpg HTTP/1.0" 200 268 "-" "Mozilla/5.0 (compatible; bingbot/2.0; +http://www.bing.com/bingbot.htm)"
185.191.171.36 - - [16/Dec/2021:01:14:51 +0100] "GET /despecable-keyring-p-33101.html HTTP/1.0" 200 73954 "-" "Mozilla/5.0 (compatible; SemrushBot/7~bl; +http://www.semrush.com/bot.html)"
20.99.156.128 - - [16/Dec/2021:01:14:57 +0100] "GET /images/big_prod/8424346057382.jpg HTTP/1.0" 200 268 "-" "Mozilla/5.0 (Windows NT 10.0; WOW64) AppleWebKit/537.36 (KHTML, like Gecko) Chrome/64.0.3282.186 Safari/537.36"
216.244.66.242 - - [16/Dec/2021:01:15:13 +0100] "GET /cuisine-chef-clock-p-41551.html HTTP/1.0" 301 70680 "-" "Mozilla/5.0 (compatible; DotBot/1.2; +https://opensiteexplorer.org/dotbot; help@moz.com)"
23.100.232.233 - - [16/Dec/2021:01:15:28 +0100] "GET /marvel-spiderman-suitcase-p-28823.html HTTP/1.0" 301 70680 "-" "Mozilla/5.0 (compatible; MSIE 9.0; Windows NT 6.0; Trident/5.0;  Trident/5.0)"
23.100.232.233 - - [16/Dec/2021:01:15:30 +0100] "GET /-p-28823.html HTTP/1.0" 200 70613 "-" "Mozilla/5.0 (compatible; MSIE 9.0; Windows NT 6.0; Trident/5.0;  Trident/5.0)"
23.100.232.233 - - [16/Dec/2021:01:15:32 +0100] "GET /templates/Pixame_v1/stylesheet.css HTTP/1.0" 200 267 "http://www.wonder-geek.com/-p-28823.html" "Mozilla/5.0 (compatible; MSIE 9.0; Windows NT 6.0; Trident/5.0;  Trident/5.0)"
23.100.232.233 - - [16/Dec/2021:01:15:32 +0100] "GET /highslide/highslide.js HTTP/1.0" 200 262 "http://www.wonder-geek.com/-p-28823.html" "Mozilla/5.0 (compatible; MSIE 9.0; Windows NT 6.0; Trident/5.0;  Trident/5.0)"
23.100.232.233 - - [16/Dec/2021:01:15:33 +0100] "GET /js/jquery.js HTTP/1.0" 200 252 "http://www.wonder-geek.com/-p-28823.html" "Mozilla/5.0 (compatible; MSIE 9.0; Windows NT 6.0; Trident/5.0;  Trident/5.0)"
23.100.232.233 - - [16/Dec/2021:01:15:33 +0100] "GET /js/jquery.jqzoom.js HTTP/1.0" 200 259 "http://www.wonder-geek.com/-p-28823.html" "Mozilla/5.0 (compatible; MSIE 9.0; Windows NT 6.0; Trident/5.0;  Trident/5.0)"
23.100.232.233 - - [16/Dec/2021:01:15:33 +0100] "GET /mondial_relay/js/jquery-1.3.2.min.js HTTP/1.0" 200 276 "http://www.wonder-geek.com/-p-28823.html" "Mozilla/5.0 (compatible; MSIE 9.0; Windows NT 6.0; Trident/5.0;  Trident/5.0)"
23.100.232.233 - - [16/Dec/2021:01:15:33 +0100] "GET /style.ie7.css HTTP/1.0" 404 1308 "http://www.wonder-geek.com/-p-28823.html" "Mozilla/5.0 (compatible; MSIE 9.0; Windows NT 6.0; Trident/5.0;  Trident/5.0)"
23.100.232.233 - - [16/Dec/2021:01:15:33 +0100] "GET /swfobject.js HTTP/1.0" 404 1308 "http://www.wonder-geek.com/-p-28823.html" "Mozilla/5.0 (compatible; MSIE 9.0; Windows NT 6.0; Trident/5.0;  Trident/5.0)"
23.100.232.233 - - [16/Dec/2021:01:15:34 +0100] "GET /templates/Pixame_v1/images/flash.swf HTTP/1.0" 200 290 "http://www.wonder-geek.com/-p-28823.html" "Mozilla/5.0 (compatible; MSIE 9.0; Windows NT 6.0; Trident/5.0;  Trident/5.0)"
23.100.232.233 - - [16/Dec/2021:01:15:34 +0100] "GET /highslide/graphics/zoomout.cur HTTP/1.0" 200 614 "http://www.wonder-geek.com/-p-28823.html" "Mozilla/5.0 (compatible; MSIE 9.0; Windows NT 6.0; Trident/5.0;  Trident/5.0)"
185.191.171.38 - - [16/Dec/2021:01:15:41 +0100] "GET /home-fragrance-heart-home-spiced-apple-cinnamon-p-56998.html HTTP/1.0" 200 74698 "-" "Mozilla/5.0 (compatible; SemrushBot/7~bl; +http://www.semrush.com/bot.html)"
216.244.66.242 - - [16/Dec/2021:01:15:44 +0100] "GET /mini-flashlight-light-disney-princess-p-35790.html HTTP/1.0" 301 70680 "-" "Mozilla/5.0 (compatible; DotBot/1.2; +https://opensiteexplorer.org/dotbot; help@moz.com)"
185.191.171.40 - - [16/Dec/2021:01:15:47 +0100] "GET /-p-49595.html?action=add_product HTTP/1.0" 302 476 "-" "Mozilla/5.0 (compatible; SemrushBot/7~bl; +http://www.semrush.com/bot.html)"
54.36.148.243 - - [16/Dec/2021:01:15:58 +0100] "GET /smiley-happiness-soup-notebook-p-16398.html HTTP/1.0" 200 73355 "-" "Mozilla/5.0 (compatible; AhrefsBot/7.0; +http://ahrefs.com/robot/)"
185.191.171.4 - - [16/Dec/2021:01:16:25 +0100] "GET /yellow-green-spiral-glass-paperweight-p-52215.html?action=add_product HTTP/1.0" 302 476 "-" "Mozilla/5.0 (compatible; SemrushBot/7~bl; +http://www.semrush.com/bot.html)"
114.119.128.40 - - [16/Dec/2021:01:16:49 +0100] "GET /images/big_prod_1/8717202559039b.jpg HTTP/1.0" 200 271 "-" "Mozilla/5.0 (Linux; Android 7.0;) AppleWebKit/537.36 (KHTML, like Gecko) Mobile Safari/537.36 (compatible; PetalBot;+https://webmaster.petalsearch.com/site/petalbot)"
157.55.39.223 - - [16/Dec/2021:01:17:06 +0100] "GET /images/big_prod/3700407620128.jpg HTTP/1.0" 200 268 "-" "Mozilla/5.0 (compatible; bingbot/2.0; +http://www.bing.com/bingbot.htm)"
185.191.171.17 - - [16/Dec/2021:01:17:23 +0100] "GET /indian-elephant-statue-16-cm-p-40164.html HTTP/1.0" 301 70792 "-" "Mozilla/5.0 (compatible; SemrushBot/7~bl; +http://www.semrush.com/bot.html)"
185.191.171.23 - - [16/Dec/2021:01:17:26 +0100] "GET /indian-elephant-statue-p-40164.html HTTP/1.0" 200 70703 "-" "Mozilla/5.0 (compatible; SemrushBot/7~bl; +http://www.semrush.com/bot.html)"
157.55.39.0 - - [16/Dec/2021:01:17:44 +0100] "GET /images/med_prod/8435107825720.jpg HTTP/1.0" 200 268 "-" "Mozilla/5.0 (compatible; bingbot/2.0; +http://www.bing.com/bingbot.htm)"
54.36.148.243 - - [16/Dec/2021:01:18:08 +0100] "GET /harley-davidson-lighter-p-41024.html HTTP/1.0" 200 73697 "-" "Mozilla/5.0 (compatible; AhrefsBot/7.0; +http://ahrefs.com/robot/)"
66.249.70.72 - - [16/Dec/2021:01:18:39 +0100] "GET /strawberry-shortcake-towel-p-141.html HTTP/1.0" 200 70703 "-" "Mozilla/5.0 (Linux; Android 6.0.1; Nexus 5X Build/MMB29P) AppleWebKit/537.36 (KHTML, like Gecko) Chrome/96.0.4664.93 Mobile Safari/537.36 (compatible; Googlebot/2.1; +http://www.google.com/bot.html)"
157.55.39.223 - - [16/Dec/2021:01:18:55 +0100] "GET /images/big_prod/8718375753873a.jpg HTTP/1.0" 200 269 "-" "Mozilla/5.0 (compatible; bingbot/2.0; +http://www.bing.com/bingbot.htm)"
114.119.128.39 - - [16/Dec/2021:01:18:57 +0100] "GET /decorative-earth-globes-c-13_233.html HTTP/1.0" 200 88955 "-" "Mozilla/5.0 (Linux; Android 7.0;) AppleWebKit/537.36 (KHTML, like Gecko) Mobile Safari/537.36 (compatible; PetalBot;+https://webmaster.petalsearch.com/site/petalbot)"
185.191.171.26 - - [16/Dec/2021:01:19:14 +0100] "GET /bolster-case-light-grey-p-35967.html?action=add_product HTTP/1.0" 302 476 "-" "Mozilla/5.0 (compatible; SemrushBot/7~bl; +http://www.semrush.com/bot.html)"
185.191.171.18 - - [16/Dec/2021:01:19:30 +0100] "GET /flower-life-pendant-silver-with-amethyst-p-45456.html?action=add_product HTTP/1.0" 302 476 "-" "Mozilla/5.0 (compatible; SemrushBot/7~bl; +http://www.semrush.com/bot.html)"
185.191.171.1 - - [16/Dec/2021:01:20:34 +0100] "GET /burlap-round-table-p-53151.html?action=add_product HTTP/1.0" 302 476 "-" "Mozilla/5.0 (compatible; SemrushBot/7~bl; +http://www.semrush.com/bot.html)"
54.36.148.243 - - [16/Dec/2021:01:20:44 +0100] "GET /huey-figurine-p-20561.html HTTP/1.0" 200 73276 "-" "Mozilla/5.0 (compatible; AhrefsBot/7.0; +http://ahrefs.com/robot/)"
114.119.128.40 - - [16/Dec/2021:01:21:04 +0100] "GET /oriental-teapot-liter-p-48806.html HTTP/1.0" 200 74149 "-" "Mozilla/5.0 (Linux; Android 7.0;) AppleWebKit/537.36 (KHTML, like Gecko) Mobile Safari/537.36 (compatible; PetalBot;+https://webmaster.petalsearch.com/site/petalbot)"
185.191.171.6 - - [16/Dec/2021:01:21:44 +0100] "GET /statuette-elephant-baby-p-55269.html HTTP/1.0" 200 73989 "-" "Mozilla/5.0 (compatible; SemrushBot/7~bl; +http://www.semrush.com/bot.html)"
54.236.1.11 - - [16/Dec/2021:01:22:02 +0100] "GET /images/7316191713234.jpg HTTP/1.0" 200 259 "-" "Mozilla/5.0 (compatible; Pinterestbot/1.0; +http://www.pinterest.com/bot.html)"
185.191.171.37 - - [16/Dec/2021:01:22:02 +0100] "GET /london-metal-keyring-union-jack-boot-p-35354.html HTTP/1.0" 200 73383 "-" "Mozilla/5.0 (compatible; SemrushBot/7~bl; +http://www.semrush.com/bot.html)"
66.249.70.72 - - [16/Dec/2021:01:22:38 +0100] "GET /images/mini_prod/5051276424491.jpg HTTP/1.0" 200 269 "-" "Googlebot-Image/1.0"
185.191.171.24 - - [16/Dec/2021:01:22:51 +0100] "GET /sport-p-44947.html?action=add_product HTTP/1.0" 302 476 "-" "Mozilla/5.0 (compatible; SemrushBot/7~bl; +http://www.semrush.com/bot.html)"
74.125.210.82 - - [16/Dec/2021:01:23:00 +0100] "GET /images/big_prod_1/8720088299722a.jpg HTTP/1.0" 200 271 "-" "Mozilla/5.0 (Windows NT 5.1; rv:11.0) Gecko Firefox/11.0 (via ggpht.com GoogleImageProxy)"
157.55.39.122 - - [16/Dec/2021:01:23:02 +0100] "GET /images/mini_prod/8718317728983.jpg HTTP/1.0" 200 269 "-" "Mozilla/5.0 (compatible; bingbot/2.0; +http://www.bing.com/bingbot.htm)"
67.172.212.215 - - [16/Dec/2021:01:23:03 +0100] "GET /gift-infuser-elephant-p-55592.html HTTP/1.0" 200 75057 "-" "Mozilla/5.0 (Macintosh; Intel Mac OS X 10_15_6) AppleWebKit/605.1.15 (KHTML, like Gecko) Version/14.1.2 Safari/605.1.15"
67.172.212.215 - - [16/Dec/2021:01:23:05 +0100] "GET /templates/Pixame_v1/stylesheet.css HTTP/1.0" 200 267 "http://www.wonder-geek.com/gift-infuser-elephant-p-55592.html" "Mozilla/5.0 (Macintosh; Intel Mac OS X 10_15_6) AppleWebKit/605.1.15 (KHTML, like Gecko) Version/14.1.2 Safari/605.1.15"
67.172.212.215 - - [16/Dec/2021:01:23:05 +0100] "GET /highslide/highslide.js HTTP/1.0" 200 262 "http://www.wonder-geek.com/gift-infuser-elephant-p-55592.html" "Mozilla/5.0 (Macintosh; Intel Mac OS X 10_15_6) AppleWebKit/605.1.15 (KHTML, like Gecko) Version/14.1.2 Safari/605.1.15"
67.172.212.215 - - [16/Dec/2021:01:23:05 +0100] "GET /js/jquery.js HTTP/1.0" 200 252 "http://www.wonder-geek.com/gift-infuser-elephant-p-55592.html" "Mozilla/5.0 (Macintosh; Intel Mac OS X 10_15_6) AppleWebKit/605.1.15 (KHTML, like Gecko) Version/14.1.2 Safari/605.1.15"
67.172.212.215 - - [16/Dec/2021:01:23:05 +0100] "GET /js/jquery.jqzoom.js HTTP/1.0" 200 259 "http://www.wonder-geek.com/gift-infuser-elephant-p-55592.html" "Mozilla/5.0 (Macintosh; Intel Mac OS X 10_15_6) AppleWebKit/605.1.15 (KHTML, like Gecko) Version/14.1.2 Safari/605.1.15"
67.172.212.215 - - [16/Dec/2021:01:23:05 +0100] "GET /mondial_relay/js/jquery-1.3.2.min.js HTTP/1.0" 200 276 "http://www.wonder-geek.com/gift-infuser-elephant-p-55592.html" "Mozilla/5.0 (Macintosh; Intel Mac OS X 10_15_6) AppleWebKit/605.1.15 (KHTML, like Gecko) Version/14.1.2 Safari/605.1.15"
67.172.212.215 - - [16/Dec/2021:01:23:05 +0100] "GET /swfobject.js HTTP/1.0" 404 1308 "http://www.wonder-geek.com/gift-infuser-elephant-p-55592.html" "Mozilla/5.0 (Macintosh; Intel Mac OS X 10_15_6) AppleWebKit/605.1.15 (KHTML, like Gecko) Version/14.1.2 Safari/605.1.15"
67.172.212.215 - - [16/Dec/2021:01:23:05 +0100] "GET /templates/Pixame_v1/images/icon_accueil2.png HTTP/1.0" 200 278 "http://www.wonder-geek.com/gift-infuser-elephant-p-55592.html" "Mozilla/5.0 (Macintosh; Intel Mac OS X 10_15_6) AppleWebKit/605.1.15 (KHTML, like Gecko) Version/14.1.2 Safari/605.1.15"
67.172.212.215 - - [16/Dec/2021:01:23:05 +0100] "GET /templates/Pixame_v1/images/infobox/pixel_trans.gif HTTP/1.0" 200 328 "http://www.wonder-geek.com/gift-infuser-elephant-p-55592.html" "Mozilla/5.0 (Macintosh; Intel Mac OS X 10_15_6) AppleWebKit/605.1.15 (KHTML, like Gecko) Version/14.1.2 Safari/605.1.15"
67.172.212.215 - - [16/Dec/2021:01:23:05 +0100] "GET /templates/Pixame_v1/images/pixel_trans.gif HTTP/1.0" 200 328 "http://www.wonder-geek.com/gift-infuser-elephant-p-55592.html" "Mozilla/5.0 (Macintosh; Intel Mac OS X 10_15_6) AppleWebKit/605.1.15 (KHTML, like Gecko) Version/14.1.2 Safari/605.1.15"
67.172.212.215 - - [16/Dec/2021:01:23:05 +0100] "GET /images/pixel_trans.gif HTTP/1.0" 200 328 "http://www.wonder-geek.com/gift-infuser-elephant-p-55592.html" "Mozilla/5.0 (Macintosh; Intel Mac OS X 10_15_6) AppleWebKit/605.1.15 (KHTML, like Gecko) Version/14.1.2 Safari/605.1.15"
67.172.212.215 - - [16/Dec/2021:01:23:05 +0100] "GET /images/big_prod/8720088299722.jpg HTTP/1.0" 200 268 "http://www.wonder-geek.com/gift-infuser-elephant-p-55592.html" "Mozilla/5.0 (Macintosh; Intel Mac OS X 10_15_6) AppleWebKit/605.1.15 (KHTML, like Gecko) Version/14.1.2 Safari/605.1.15"
67.172.212.215 - - [16/Dec/2021:01:23:05 +0100] "GET /images/big_prod_1/8720088299722a.jpg HTTP/1.0" 200 271 "http://www.wonder-geek.com/gift-infuser-elephant-p-55592.html" "Mozilla/5.0 (Macintosh; Intel Mac OS X 10_15_6) AppleWebKit/605.1.15 (KHTML, like Gecko) Version/14.1.2 Safari/605.1.15"
67.172.212.215 - - [16/Dec/2021:01:23:05 +0100] "GET /images/big_prod_2/8720088299722b.jpg HTTP/1.0" 200 271 "http://www.wonder-geek.com/gift-infuser-elephant-p-55592.html" "Mozilla/5.0 (Macintosh; Intel Mac OS X 10_15_6) AppleWebKit/605.1.15 (KHTML, like Gecko) Version/14.1.2 Safari/605.1.15"
67.172.212.215 - - [16/Dec/2021:01:23:05 +0100] "GET /images/big_prod_3/8720088299722c.jpg HTTP/1.0" 200 271 "http://www.wonder-geek.com/gift-infuser-elephant-p-55592.html" "Mozilla/5.0 (Macintosh; Intel Mac OS X 10_15_6) AppleWebKit/605.1.15 (KHTML, like Gecko) Version/14.1.2 Safari/605.1.15"
67.172.212.215 - - [16/Dec/2021:01:23:06 +0100] "GET /images/big_prod_4/8720088299708d.jpg HTTP/1.0" 200 271 "http://www.wonder-geek.com/gift-infuser-elephant-p-55592.html" "Mozilla/5.0 (Macintosh; Intel Mac OS X 10_15_6) AppleWebKit/605.1.15 (KHTML, like Gecko) Version/14.1.2 Safari/605.1.15"
67.172.212.215 - - [16/Dec/2021:01:23:06 +0100] "GET /templates/Pixame_v1/images/buttons/english/button_in_cart.gif HTTP/1.0" 200 295 "http://www.wonder-geek.com/gift-infuser-elephant-p-55592.html" "Mozilla/5.0 (Macintosh; Intel Mac OS X 10_15_6) AppleWebKit/605.1.15 (KHTML, like Gecko) Version/14.1.2 Safari/605.1.15"
67.172.212.215 - - [16/Dec/2021:01:23:06 +0100] "GET /templates/Pixame_v1/images/Bottom_texture.jpg HTTP/1.0" 200 280 "http://www.wonder-geek.com/gift-infuser-elephant-p-55592.html" "Mozilla/5.0 (Macintosh; Intel Mac OS X 10_15_6) AppleWebKit/605.1.15 (KHTML, like Gecko) Version/14.1.2 Safari/605.1.15"
67.172.212.215 - - [16/Dec/2021:01:23:06 +0100] "GET /templates/Pixame_v1/images/Middle_texture.jpg HTTP/1.0" 200 280 "http://www.wonder-geek.com/gift-infuser-elephant-p-55592.html" "Mozilla/5.0 (Macintosh; Intel Mac OS X 10_15_6) AppleWebKit/605.1.15 (KHTML, like Gecko) Version/14.1.2 Safari/605.1.15"
67.172.212.215 - - [16/Dec/2021:01:23:06 +0100] "GET /templates/Pixame_v1/images/nav.png HTTP/1.0" 200 268 "http://www.wonder-geek.com/gift-infuser-elephant-p-55592.html" "Mozilla/5.0 (Macintosh; Intel Mac OS X 10_15_6) AppleWebKit/605.1.15 (KHTML, like Gecko) Version/14.1.2 Safari/605.1.15"
67.172.212.215 - - [16/Dec/2021:01:23:06 +0100] "GET /templates/Pixame_v1/images/header.png HTTP/1.0" 200 271 "http://www.wonder-geek.com/gift-infuser-elephant-p-55592.html" "Mozilla/5.0 (Macintosh; Intel Mac OS X 10_15_6) AppleWebKit/605.1.15 (KHTML, like Gecko) Version/14.1.2 Safari/605.1.15"
67.172.212.215 - - [16/Dec/2021:01:23:06 +0100] "GET /templates/Pixame_v1/images/header-object.png HTTP/1.0" 200 278 "http://www.wonder-geek.com/gift-infuser-elephant-p-55592.html" "Mozilla/5.0 (Macintosh; Intel Mac OS X 10_15_6) AppleWebKit/605.1.15 (KHTML, like Gecko) Version/14.1.2 Safari/605.1.15"
67.172.212.215 - - [16/Dec/2021:01:23:06 +0100] "GET /design/productsenstock.png HTTP/1.0" 200 260 "http://www.wonder-geek.com/gift-infuser-elephant-p-55592.html" "Mozilla/5.0 (Macintosh; Intel Mac OS X 10_15_6) AppleWebKit/605.1.15 (KHTML, like Gecko) Version/14.1.2 Safari/605.1.15"
67.172.212.215 - - [16/Dec/2021:01:23:06 +0100] "GET /templates/Pixame_v1/images/infobox/infobox_footer_middle.gif HTTP/1.0" 200 357 "http://www.wonder-geek.com/gift-infuser-elephant-p-55592.html" "Mozilla/5.0 (Macintosh; Intel Mac OS X 10_15_6) AppleWebKit/605.1.15 (KHTML, like Gecko) Version/14.1.2 Safari/605.1.15"
67.172.212.215 - - [16/Dec/2021:01:23:06 +0100] "GET /highslide/graphics/zoomin.cur HTTP/1.0" 200 614 "http://www.wonder-geek.com/gift-infuser-elephant-p-55592.html" "Mozilla/5.0 (Macintosh; Intel Mac OS X 10_15_6) AppleWebKit/605.1.15 (KHTML, like Gecko) Version/14.1.2 Safari/605.1.15"
67.172.212.215 - - [16/Dec/2021:01:23:06 +0100] "GET /highslide/graphics/outlines/drop-shadow.png HTTP/1.0" 200 277 "http://www.wonder-geek.com/gift-infuser-elephant-p-55592.html" "Mozilla/5.0 (Macintosh; Intel Mac OS X 10_15_6) AppleWebKit/605.1.15 (KHTML, like Gecko) Version/14.1.2 Safari/605.1.15"
67.172.212.215 - - [16/Dec/2021:01:23:06 +0100] "GET /highslide/graphics/zoomout.cur HTTP/1.0" 200 614 "http://www.wonder-geek.com/gift-infuser-elephant-p-55592.html" "Mozilla/5.0 (Macintosh; Intel Mac OS X 10_15_6) AppleWebKit/605.1.15 (KHTML, like Gecko) Version/14.1.2 Safari/605.1.15"
67.172.212.215 - - [16/Dec/2021:01:23:06 +0100] "GET /highslide/graphics/loader.white.gif HTTP/1.0" 200 960 "http://www.wonder-geek.com/gift-infuser-elephant-p-55592.html" "Mozilla/5.0 (Macintosh; Intel Mac OS X 10_15_6) AppleWebKit/605.1.15 (KHTML, like Gecko) Version/14.1.2 Safari/605.1.15"
67.172.212.215 - - [16/Dec/2021:01:23:07 +0100] "GET /favicon.ico HTTP/1.0" 200 260 "http://www.wonder-geek.com/gift-infuser-elephant-p-55592.html" "Mozilla/5.0 (Macintosh; Intel Mac OS X 10_15_6) AppleWebKit/605.1.15 (KHTML, like Gecko) Version/14.1.2 Safari/605.1.15"
157.55.39.223 - - [16/Dec/2021:01:23:06 +0100] "GET /round-stones-chakra-p-42875.html HTTP/1.0" 200 73366 "-" "Mozilla/5.0 (compatible; bingbot/2.0; +http://www.bing.com/bingbot.htm)"
175.102.16.34 - - [16/Dec/2021:01:23:15 +0100] "GET /images/mini_prod/3457019600467.jpg HTTP/1.0" 200 269 "-" "Mozilla/5.0 (X11; Ubuntu; Linux x86_64; rv:72.0) Gecko/20100101 Firefox/72.0"
114.119.128.26 - - [16/Dec/2021:01:23:13 +0100] "GET /mandala-p-43384.html HTTP/1.0" 200 74298 "-" "Mozilla/5.0 (Linux; Android 7.0;) AppleWebKit/537.36 (KHTML, like Gecko) Mobile Safari/537.36 (compatible; PetalBot;+https://webmaster.petalsearch.com/site/petalbot)"
54.36.148.243 - - [16/Dec/2021:01:23:15 +0100] "GET /tree-life-zippo-lighter-p-56303.html HTTP/1.0" 200 74485 "-" "Mozilla/5.0 (compatible; AhrefsBot/7.0; +http://ahrefs.com/robot/)"
157.55.39.228 - - [16/Dec/2021:01:23:17 +0100] "GET /hello-kitty-pink-wristband-p-11966.html HTTP/1.0" 200 73252 "-" "Mozilla/5.0 (compatible; bingbot/2.0; +http://www.bing.com/bingbot.htm)"
185.191.171.15 - - [16/Dec/2021:01:23:28 +0100] "GET /corsica-white-mug-p-43555.html HTTP/1.0" 301 73276 "-" "Mozilla/5.0 (compatible; SemrushBot/7~bl; +http://www.semrush.com/bot.html)"
17.121.115.114 - - [16/Dec/2021:01:23:29 +0100] "GET /-p-49307.html HTTP/1.0" 200 70613 "-" "Mozilla/5.0 (Macintosh; Intel Mac OS X 10_15_5) AppleWebKit/605.1.15 (KHTML, like Gecko) Version/13.1.1 Safari/605.1.15 (Applebot/0.1; +http://www.apple.com/go/applebot)"
185.191.171.26 - - [16/Dec/2021:01:23:33 +0100] "GET /corsica-white-p-43555.html HTTP/1.0" 200 73196 "-" "Mozilla/5.0 (compatible; SemrushBot/7~bl; +http://www.semrush.com/bot.html)"
216.244.66.242 - - [16/Dec/2021:01:23:35 +0100] "GET /flower-life-coasters-p-45152.html HTTP/1.0" 200 74108 "-" "Mozilla/5.0 (compatible; DotBot/1.2; +https://opensiteexplorer.org/dotbot; help@moz.com)"
185.191.171.20 - - [16/Dec/2021:01:23:39 +0100] "GET /roma-pencil-pot-p-49256.html HTTP/1.0" 301 73309 "-" "Mozilla/5.0 (compatible; SemrushBot/7~bl; +http://www.semrush.com/bot.html)"
51.68.224.127 - - [16/Dec/2021:01:23:46 +0100] "GET /adminweb/export_orders_xml.php?token=256de2z6edz6ed2z6DFSFsed2zed6zeDSFDSGdzedezfzf&maxorders=10&orderstart=1&status=14&start_date=2018-10-01 HTTP/1.0" 200 285 "-" "GesCom CharlotteBoutik Serveur"
185.191.171.24 - - [16/Dec/2021:01:23:44 +0100] "GET /roma-pencil-p-49256.html HTTP/1.0" 200 73231 "-" "Mozilla/5.0 (compatible; SemrushBot/7~bl; +http://www.semrush.com/bot.html)"
51.68.224.127 - - [16/Dec/2021:01:23:46 +0100] "GET /adminweb/export_orders_xml.php?token=256de2z6edz6ed2z6DFSFsed2zed6zeDSFDSGdzedezfzf&maxorders=10&orderstart=1&status=6&start_date=2018-10-01 HTTP/1.0" 200 32471 "-" "GesCom CharlotteBoutik Serveur"
157.55.39.0 - - [16/Dec/2021:01:24:45 +0100] "GET /images/big_prod/1384010207789.jpg HTTP/1.0" 200 268 "-" "Mozilla/5.0 (compatible; bingbot/2.0; +http://www.bing.com/bingbot.htm)"
66.249.70.70 - - [16/Dec/2021:01:24:47 +0100] "GET /canvas-frame-p-38319.html HTTP/1.0" 200 73250 "-" "Mozilla/5.0 (Linux; Android 6.0.1; Nexus 5X Build/MMB29P) AppleWebKit/537.36 (KHTML, like Gecko) Chrome/96.0.4664.93 Mobile Safari/537.36 (compatible; Googlebot/2.1; +http://www.google.com/bot.html)"
185.191.171.24 - - [16/Dec/2021:01:25:04 +0100] "GET /anarchy-adult-cap-by-cbkreation-p-29962.html HTTP/1.0" 301 70790 "-" "Mozilla/5.0 (compatible; SemrushBot/7~bl; +http://www.semrush.com/bot.html)"
185.191.171.1 - - [16/Dec/2021:01:25:09 +0100] "GET /anarchy-adult-cbkreation-p-29962.html HTTP/1.0" 200 70699 "-" "Mozilla/5.0 (compatible; SemrushBot/7~bl; +http://www.semrush.com/bot.html)"
159.138.102.98 - - [16/Dec/2021:01:25:20 +0100] "GET /zen-canvas-frame-40-40-cm-p-38508.html HTTP/1.0" 301 73393 "-" "Mozilla/5.0 (Linux; Android 7.0;) AppleWebKit/537.36 (KHTML, like Gecko) Mobile Safari/537.36 (compatible; PetalBot;+https://webmaster.petalsearch.com/site/petalbot)"
17.121.113.196 - - [16/Dec/2021:01:25:21 +0100] "GET /bonheur-dans-ceramic-with-infuser-p-31534.html HTTP/1.0" 200 70771 "-" "Mozilla/5.0 (Macintosh; Intel Mac OS X 10_15_5) AppleWebKit/605.1.15 (KHTML, like Gecko) Version/13.1.1 Safari/605.1.15 (Applebot/0.1; +http://www.apple.com/go/applebot)"
159.138.102.98 - - [16/Dec/2021:01:25:31 +0100] "GET /canvas-frame-p-38508.html HTTP/1.0" 200 73314 "-" "Mozilla/5.0 (Linux; Android 7.0;) AppleWebKit/537.36 (KHTML, like Gecko) Mobile Safari/537.36 (compatible; PetalBot;+https://webmaster.petalsearch.com/site/petalbot)"
45.76.250.213 - - [16/Dec/2021:01:25:36 +0100] "GET /images/mini_prod/3660173185545.jpg HTTP/1.0" 200 269 "-" "Mozilla/5.0 (X11; Ubuntu; Linux x86_64; rv:72.0) Gecko/20100101 Firefox/72.0"
54.36.148.243 - - [16/Dec/2021:01:25:32 +0100] "GET /angel-statue-angel-baptism-p-51138.html HTTP/1.0" 200 73979 "-" "Mozilla/5.0 (compatible; AhrefsBot/7.0; +http://ahrefs.com/robot/)"
185.191.171.44 - - [16/Dec/2021:01:26:07 +0100] "GET /pusheen-waterdazzler-globe-p-41962.html HTTP/1.0" 200 74486 "-" "Mozilla/5.0 (compatible; SemrushBot/7~bl; +http://www.semrush.com/bot.html)"
176.10.99.200 - - [16/Dec/2021:01:26:58 +0100] "GET /contact_us.php HTTP/1.0" 200 26241 "http://www.wonder-geek.com/contact_us.php" "Mozilla/5.0 (Windows NT 10.0; WOW64) AppleWebKit/537.36 (KHTML, like Gecko) Chrome/90.0.4430.93 Safari/537.36"
185.191.171.26 - - [16/Dec/2021:01:27:01 +0100] "GET /potholder-glove-p-51739.html?action=add_product HTTP/1.0" 302 476 "-" "Mozilla/5.0 (compatible; SemrushBot/7~bl; +http://www.semrush.com/bot.html)"
185.220.101.53 - - [16/Dec/2021:01:27:12 +0100] "POST /contact_us.php?action=send HTTP/1.0" 200 26695 "http://www.wonder-geek.com/contact_us.php" "Mozilla/5.0 (Windows NT 10.0; WOW64) AppleWebKit/537.36 (KHTML, like Gecko) Chrome/90.0.4430.93 Safari/537.36"
114.119.128.40 - - [16/Dec/2021:01:27:28 +0100] "GET /pepsi-metal-plate-40-30-cm-p-40310.html HTTP/1.0" 301 73470 "-" "Mozilla/5.0 (Linux; Android 7.0;) AppleWebKit/537.36 (KHTML, like Gecko) Mobile Safari/537.36 (compatible; PetalBot;+https://webmaster.petalsearch.com/site/petalbot)"
207.46.13.52 - - [16/Dec/2021:01:27:43 +0100] "GET /images/big_prod/1384010203149.jpg HTTP/1.0" 200 268 "-" "Mozilla/5.0 (compatible; bingbot/2.0; +http://www.bing.com/bingbot.htm)"
114.119.128.40 - - [16/Dec/2021:01:27:39 +0100] "GET /pepsi-metal-plate-p-40310.html HTTP/1.0" 200 73386 "-" "Mozilla/5.0 (Linux; Android 7.0;) AppleWebKit/537.36 (KHTML, like Gecko) Mobile Safari/537.36 (compatible; PetalBot;+https://webmaster.petalsearch.com/site/petalbot)"
54.36.148.243 - - [16/Dec/2021:01:27:56 +0100] "GET /burlap-round-table-bistrot-p-51526.html HTTP/1.0" 200 73862 "-" "Mozilla/5.0 (compatible; AhrefsBot/7.0; +http://ahrefs.com/robot/)"
45.76.250.213 - - [16/Dec/2021:01:28:46 +0100] "GET /images/mini_prod/5051276388168.jpg HTTP/1.0" 200 269 "-" "Mozilla/5.0 (X11; Ubuntu; Linux x86_64; rv:72.0) Gecko/20100101 Firefox/72.0"
