185.191.171.1 - - [15/Dec/2021:11:41:15 +0100] "GET /metal-glass-tray-p-48800.html?action=add_product HTTP/1.0" 302 476 "-" "Mozilla/5.0 (compatible; SemrushBot/7~bl; +http://www.semrush.com/bot.html)"
185.191.171.1 - - [15/Dec/2021:11:41:27 +0100] "GET /rebecca-bonbon-coin-purse-p-26002.html?action=add_product HTTP/1.0" 302 476 "-" "Mozilla/5.0 (compatible; SemrushBot/7~bl; +http://www.semrush.com/bot.html)"
216.244.66.242 - - [15/Dec/2021:11:42:26 +0100] "GET /robots.txt HTTP/1.0" 200 245 "-" "Mozilla/5.0 (compatible; DotBot/1.2; +https://opensiteexplorer.org/dotbot; help@moz.com)"
5.255.253.187 - - [15/Dec/2021:11:42:45 +0100] "GET /robots.txt HTTP/1.0" 200 245 "-" "Mozilla/5.0 (compatible; YandexBot/3.0; +http://yandex.com/bots)"
5.255.253.187 - - [15/Dec/2021:11:42:49 +0100] "GET /luggages-schoolbags-leather-shop/pencil-case/power-rangers-pencil-case-p-20663.html HTTP/1.0" 301 70680 "-" "Mozilla/5.0 (compatible; YandexBot/3.0; +http://yandex.com/bots)"
185.191.171.13 - - [15/Dec/2021:11:42:49 +0100] "GET /love-heart-bedclothes-p-39650.html?action=add_product HTTP/1.0" 302 476 "-" "Mozilla/5.0 (compatible; SemrushBot/7~bl; +http://www.semrush.com/bot.html)"
5.255.253.176 - - [15/Dec/2021:11:42:53 +0100] "GET /-p-20663.html HTTP/1.0" 200 70613 "-" "Mozilla/5.0 (compatible; YandexBot/3.0; +http://yandex.com/bots)"
54.36.148.243 - - [15/Dec/2021:11:43:09 +0100] "GET /cars-backpack-p-13339.html HTTP/1.0" 200 73567 "-" "Mozilla/5.0 (compatible; AhrefsBot/7.0; +http://ahrefs.com/robot/)"
185.191.171.1 - - [15/Dec/2021:11:43:33 +0100] "GET /pokemon-tee-shirt-p-31061.html HTTP/1.0" 301 74410 "-" "Mozilla/5.0 (compatible; SemrushBot/7~bl; +http://www.semrush.com/bot.html)"
185.191.171.15 - - [15/Dec/2021:11:43:36 +0100] "GET /pokemon-shirt-p-31061.html HTTP/1.0" 200 74330 "-" "Mozilla/5.0 (compatible; SemrushBot/7~bl; +http://www.semrush.com/bot.html)"
185.191.171.40 - - [15/Dec/2021:11:44:02 +0100] "GET /gorjuss-dear-alice-sketchbook-p-30467.html?action=add_product HTTP/1.0" 302 476 "-" "Mozilla/5.0 (compatible; SemrushBot/7~bl; +http://www.semrush.com/bot.html)"
185.191.171.13 - - [15/Dec/2021:11:44:04 +0100] "GET /monkey-lamp-53-cm-p-45375.html HTTP/1.0" 301 70680 "-" "Mozilla/5.0 (compatible; SemrushBot/7~bl; +http://www.semrush.com/bot.html)"
185.191.171.42 - - [15/Dec/2021:11:44:07 +0100] "GET /-p-45375.html HTTP/1.0" 200 70613 "-" "Mozilla/5.0 (compatible; SemrushBot/7~bl; +http://www.semrush.com/bot.html)"
185.191.171.10 - - [15/Dec/2021:11:44:10 +0100] "GET /table-loving-cats-p-53826.html?action=add_product HTTP/1.0" 302 476 "-" "Mozilla/5.0 (compatible; SemrushBot/7~bl; +http://www.semrush.com/bot.html)"
185.191.171.25 - - [15/Dec/2021:11:44:49 +0100] "GET /gorjuss-trinket-little-wings-p-51404.html?action=add_product HTTP/1.0" 302 476 "-" "Mozilla/5.0 (compatible; SemrushBot/7~bl; +http://www.semrush.com/bot.html)"
185.191.171.24 - - [15/Dec/2021:11:44:52 +0100] "GET /bolster-case-washed-linen-natural-p-48172.html?action=add_product HTTP/1.0" 302 476 "-" "Mozilla/5.0 (compatible; SemrushBot/7~bl; +http://www.semrush.com/bot.html)"
20.99.156.67 - - [15/Dec/2021:11:45:09 +0100] "GET /images/big_prod/5050293850245.jpg HTTP/1.0" 200 268 "-" "Mozilla/5.0 (Windows NT 6.1; WOW64) AppleWebKit/537.36 (KHTML, like Gecko) Chrome/45.0.2454.101 Safari/537.36"
20.99.155.232 - - [15/Dec/2021:11:45:25 +0100] "GET /images/big_prod/4029811344390.jpg HTTP/1.0" 200 268 "-" "Mozilla/5.0 (Windows NT 6.1; WOW64) AppleWebKit/537.36 (KHTML, like Gecko) Chrome/45.0.2454.101 Safari/537.36"
66.249.70.70 - - [15/Dec/2021:11:45:51 +0100] "GET /images/big_prod/8424346534753.jpg HTTP/1.0" 200 268 "-" "Googlebot-Image/1.0"
185.191.171.44 - - [15/Dec/2021:11:46:14 +0100] "GET /miso-cute-kimmidoll-love-p-21767.html?action=add_product HTTP/1.0" 302 476 "-" "Mozilla/5.0 (compatible; SemrushBot/7~bl; +http://www.semrush.com/bot.html)"
54.36.148.243 - - [15/Dec/2021:11:46:29 +0100] "GET /exotic-spirit-tray-tropical-flowers-p-49320.html HTTP/1.0" 200 73441 "-" "Mozilla/5.0 (compatible; AhrefsBot/7.0; +http://ahrefs.com/robot/)"
185.191.171.39 - - [15/Dec/2021:11:46:30 +0100] "GET /pyramid-mini-salt-lamp-with-lamp-p-47208.html HTTP/1.0" 200 70739 "-" "Mozilla/5.0 (compatible; SemrushBot/7~bl; +http://www.semrush.com/bot.html)"
155.138.175.238 - - [15/Dec/2021:11:47:10 +0100] "GET /images/mini_prod/8433933220627.jpg HTTP/1.0" 200 269 "-" "Mozilla/5.0 (X11; Ubuntu; Linux x86_64; rv:72.0) Gecko/20100101 Firefox/72.0"
222.252.35.40 - - [15/Dec/2021:11:47:31 +0100] "GET /water-hyacinth-table-lamp-p-55246.html HTTP/1.0" 200 74359 "https://www.google.com.vn/" "Mozilla/5.0 (Windows NT 6.1; WOW64) AppleWebKit/537.36 (KHTML, like Gecko) coc_coc_browser/82.0.144 Chrome/76.0.3809.144 Safari/537.36"
54.36.148.243 - - [15/Dec/2021:11:49:27 +0100] "GET /retro-industriel-chandelier-p-50082.html HTTP/1.0" 200 74437 "-" "Mozilla/5.0 (compatible; AhrefsBot/7.0; +http://ahrefs.com/robot/)"
185.191.171.23 - - [15/Dec/2021:11:50:47 +0100] "GET /cotton-floor-cushion-blue-40-cm-p-52121.html HTTP/1.0" 301 70680 "-" "Mozilla/5.0 (compatible; SemrushBot/7~bl; +http://www.semrush.com/bot.html)"
185.191.171.23 - - [15/Dec/2021:11:50:50 +0100] "GET /-p-52121.html HTTP/1.0" 200 70613 "-" "Mozilla/5.0 (compatible; SemrushBot/7~bl; +http://www.semrush.com/bot.html)"
207.46.13.52 - - [15/Dec/2021:11:51:03 +0100] "GET /images/1341689196004.jpg HTTP/1.0" 200 259 "-" "Mozilla/5.0 (compatible; bingbot/2.0; +http://www.bing.com/bingbot.htm)"
40.77.167.66 - - [15/Dec/2021:11:51:17 +0100] "GET /salt-boxes-jars-c-12_223.html HTTP/1.0" 200 90815 "-" "Mozilla/5.0 (compatible; bingbot/2.0; +http://www.bing.com/bingbot.htm)"
185.191.171.13 - - [15/Dec/2021:11:51:26 +0100] "GET /nici-love-pooh-wallet-p-23167.html?action=add_product HTTP/1.0" 302 476 "-" "Mozilla/5.0 (compatible; SemrushBot/7~bl; +http://www.semrush.com/bot.html)"
185.191.171.1 - - [15/Dec/2021:11:51:39 +0100] "GET /gold-resin-skull-figure-p-42287.html HTTP/1.0" 200 73360 "-" "Mozilla/5.0 (compatible; SemrushBot/7~bl; +http://www.semrush.com/bot.html)"
144.202.98.39 - - [15/Dec/2021:11:51:54 +0100] "GET /images/mini_prod/1399984257180.jpg HTTP/1.0" 200 269 "-" "Mozilla/5.0 (X11; Ubuntu; Linux x86_64; rv:72.0) Gecko/20100101 Firefox/72.0"
54.36.148.243 - - [15/Dec/2021:11:52:12 +0100] "GET /cats-shadow-door-plate-bathroom-p-46412.html HTTP/1.0" 200 73344 "-" "Mozilla/5.0 (compatible; AhrefsBot/7.0; +http://ahrefs.com/robot/)"
185.191.171.41 - - [15/Dec/2021:11:53:07 +0100] "GET /toucan-porcelain-p-54479.html HTTP/1.0" 200 73201 "-" "Mozilla/5.0 (compatible; SemrushBot/7~bl; +http://www.semrush.com/bot.html)"
185.191.171.1 - - [15/Dec/2021:11:53:21 +0100] "GET /pounds-money-cbkreation-p-24140.html HTTP/1.0" 200 73361 "-" "Mozilla/5.0 (compatible; SemrushBot/7~bl; +http://www.semrush.com/bot.html)"
185.191.171.17 - - [15/Dec/2021:11:53:32 +0100] "GET /-p-49115.html?action=add_product HTTP/1.0" 302 476 "-" "Mozilla/5.0 (compatible; SemrushBot/7~bl; +http://www.semrush.com/bot.html)"
20.99.156.92 - - [15/Dec/2021:11:53:56 +0100] "GET /images/big_prod_1/8422010063585B.jpg HTTP/1.0" 200 271 "-" "Mozilla/5.0 (Windows NT 6.1; WOW64) AppleWebKit/537.36 (KHTML, like Gecko) Chrome/45.0.2454.101 Safari/537.36"
185.191.171.9 - - [15/Dec/2021:11:53:59 +0100] "GET /fitted-sheet-cotton-percale-threads-p-51246.html?action=add_product HTTP/1.0" 302 476 "-" "Mozilla/5.0 (compatible; SemrushBot/7~bl; +http://www.semrush.com/bot.html)"
185.191.171.39 - - [15/Dec/2021:11:54:36 +0100] "GET /teo-jasmin-marley-jamaica-large-lamp-p-35759.html HTTP/1.0" 301 73691 "-" "Mozilla/5.0 (compatible; SemrushBot/7~bl; +http://www.semrush.com/bot.html)"
185.191.171.11 - - [15/Dec/2021:11:54:39 +0100] "GET /jasmin-marley-jamaica-large-lamp-p-35759.html HTTP/1.0" 200 73592 "-" "Mozilla/5.0 (compatible; SemrushBot/7~bl; +http://www.semrush.com/bot.html)"
185.191.171.36 - - [15/Dec/2021:11:54:47 +0100] "GET /dubout-cats-tote-papillon-p-47163.html?action=add_product HTTP/1.0" 302 476 "-" "Mozilla/5.0 (compatible; SemrushBot/7~bl; +http://www.semrush.com/bot.html)"
216.244.66.242 - - [15/Dec/2021:11:54:58 +0100] "GET /audrey-hepburn-poster-p-8451.html HTTP/1.0" 200 70685 "-" "Mozilla/5.0 (compatible; DotBot/1.2; +https://opensiteexplorer.org/dotbot; help@moz.com)"
216.244.66.242 - - [15/Dec/2021:11:55:05 +0100] "GET /johnny-hallyday-lamp-p-6728.html HTTP/1.0" 301 70677 "-" "Mozilla/5.0 (compatible; DotBot/1.2; +https://opensiteexplorer.org/dotbot; help@moz.com)"
216.244.66.242 - - [15/Dec/2021:11:55:13 +0100] "GET /model-message-p-36840.html HTTP/1.0" 301 70680 "-" "Mozilla/5.0 (compatible; DotBot/1.2; +https://opensiteexplorer.org/dotbot; help@moz.com)"
54.36.148.243 - - [15/Dec/2021:11:55:13 +0100] "GET /restaurant-mustache-little-tray-p-26500.html HTTP/1.0" 200 73368 "-" "Mozilla/5.0 (compatible; AhrefsBot/7.0; +http://ahrefs.com/robot/)"
216.244.66.242 - - [15/Dec/2021:11:55:17 +0100] "GET /little-buddha-collection-statuette-black-13-cm-p-46064.html HTTP/1.0" 301 70858 "-" "Mozilla/5.0 (compatible; DotBot/1.2; +https://opensiteexplorer.org/dotbot; help@moz.com)"
216.244.66.242 - - [15/Dec/2021:11:55:23 +0100] "GET /lotus-candleholder-chakra-orange-silverlining-p-35529.html HTTP/1.0" 200 74889 "-" "Mozilla/5.0 (compatible; DotBot/1.2; +https://opensiteexplorer.org/dotbot; help@moz.com)"
17.121.115.140 - - [15/Dec/2021:11:55:35 +0100] "GET /gund-elephant-plush-p-16345.html HTTP/1.0" 200 77815 "-" "Mozilla/5.0 (Macintosh; Intel Mac OS X 10_15_5) AppleWebKit/605.1.15 (KHTML, like Gecko) Version/13.1.1 Safari/605.1.15 (Applebot/0.1; +http://www.apple.com/go/applebot)"
216.244.66.242 - - [15/Dec/2021:11:55:37 +0100] "GET /the-princess-and-the-frog-peel-and-stick-wall-decals-p-22525.html HTTP/1.0" 301 73628 "-" "Mozilla/5.0 (compatible; DotBot/1.2; +https://opensiteexplorer.org/dotbot; help@moz.com)"
185.191.171.22 - - [15/Dec/2021:11:55:38 +0100] "GET /jane-crowther-p-53855.html HTTP/1.0" 200 73925 "-" "Mozilla/5.0 (compatible; SemrushBot/7~bl; +http://www.semrush.com/bot.html)"
185.191.171.20 - - [15/Dec/2021:11:55:43 +0100] "GET /provencal-arabesques-carpet-p-48574.html?action=add_product HTTP/1.0" 302 476 "-" "Mozilla/5.0 (compatible; SemrushBot/7~bl; +http://www.semrush.com/bot.html)"
185.191.171.20 - - [15/Dec/2021:11:55:53 +0100] "GET /coca-cola-metal-plate-p-28077.html HTTP/1.0" 200 73275 "-" "Mozilla/5.0 (compatible; SemrushBot/7~bl; +http://www.semrush.com/bot.html)"
185.191.171.26 - - [15/Dec/2021:11:56:58 +0100] "GET /rattan-baskets-p-45462.html HTTP/1.0" 200 73256 "-" "Mozilla/5.0 (compatible; SemrushBot/7~bl; +http://www.semrush.com/bot.html)"
51.68.224.127 - - [15/Dec/2021:11:57:13 +0100] "GET /adminweb/export_orders_xml.php?token=256de2z6edz6ed2z6DFSFsed2zed6zeDSFDSGdzedezfzf&maxorders=10&orderstart=1&status=14&start_date=2018-10-01 HTTP/1.0" 200 285 "-" "GesCom CharlotteBoutik Serveur"
51.68.224.127 - - [15/Dec/2021:11:57:13 +0100] "GET /adminweb/export_orders_xml.php?token=256de2z6edz6ed2z6DFSFsed2zed6zeDSFDSGdzedezfzf&maxorders=10&orderstart=1&status=6&start_date=2018-10-01 HTTP/1.0" 200 32471 "-" "GesCom CharlotteBoutik Serveur"
185.191.171.9 - - [15/Dec/2021:11:57:37 +0100] "GET /mani-the-lucky-cat-beige-notebook-p-37345.html HTTP/1.0" 301 70680 "-" "Mozilla/5.0 (compatible; SemrushBot/7~bl; +http://www.semrush.com/bot.html)"
185.191.171.7 - - [15/Dec/2021:11:57:39 +0100] "GET /-p-37345.html HTTP/1.0" 200 70613 "-" "Mozilla/5.0 (compatible; SemrushBot/7~bl; +http://www.semrush.com/bot.html)"
40.77.167.66 - - [15/Dec/2021:11:58:07 +0100] "GET /breakfast-c-12_61.html HTTP/1.0" 200 91278 "-" "Mozilla/5.0 (compatible; bingbot/2.0; +http://www.bing.com/bingbot.htm)"
54.36.148.243 - - [15/Dec/2021:11:58:25 +0100] "GET /large-industrial-hanging-pendulum-p-51369.html HTTP/1.0" 200 73449 "-" "Mozilla/5.0 (compatible; AhrefsBot/7.0; +http://ahrefs.com/robot/)"
185.191.171.11 - - [15/Dec/2021:11:58:26 +0100] "GET /statuette-african-child-and-an-elephant-p-53723.html HTTP/1.0" 301 73550 "-" "Mozilla/5.0 (compatible; SemrushBot/7~bl; +http://www.semrush.com/bot.html)"
185.191.171.21 - - [15/Dec/2021:11:58:31 +0100] "GET /statuette-african-child-elephant-p-53723.html HTTP/1.0" 200 73451 "-" "Mozilla/5.0 (compatible; SemrushBot/7~bl; +http://www.semrush.com/bot.html)"
185.191.171.39 - - [15/Dec/2021:11:59:39 +0100] "GET /jungle-wall-sticker-p-42967.html HTTP/1.0" 200 73249 "-" "Mozilla/5.0 (compatible; SemrushBot/7~bl; +http://www.semrush.com/bot.html)"
185.191.171.18 - - [15/Dec/2021:12:01:06 +0100] "GET /betty-boop-zippo-lighter-p-27299.html HTTP/1.0" 200 70724 "-" "Mozilla/5.0 (compatible; SemrushBot/7~bl; +http://www.semrush.com/bot.html)"
185.191.171.11 - - [15/Dec/2021:12:01:12 +0100] "GET /galactik-football-pair-of-socks-size-23-26-p-46848.html HTTP/1.0" 301 70680 "-" "Mozilla/5.0 (compatible; SemrushBot/7~bl; +http://www.semrush.com/bot.html)"
185.191.171.5 - - [15/Dec/2021:12:01:16 +0100] "GET /-p-46848.html HTTP/1.0" 200 70613 "-" "Mozilla/5.0 (compatible; SemrushBot/7~bl; +http://www.semrush.com/bot.html)"
185.191.171.12 - - [15/Dec/2021:12:01:19 +0100] "GET /gorjuss-trinket-hatter-p-49469.html?action=add_product HTTP/1.0" 302 476 "-" "Mozilla/5.0 (compatible; SemrushBot/7~bl; +http://www.semrush.com/bot.html)"
54.36.148.243 - - [15/Dec/2021:12:01:36 +0100] "GET /candle-hours-blood-orange-heart-home-p-56290.html HTTP/1.0" 200 74814 "-" "Mozilla/5.0 (compatible; AhrefsBot/7.0; +http://ahrefs.com/robot/)"
147.92.153.14 - - [15/Dec/2021:12:01:37 +0100] "GET /galileo-thermometer-indoors-p-53641.html HTTP/1.0" 200 73371 "-" "Mozilla/5.0 (compatible; Linespider/1.1; +https://lin.ee/4dwXkTH)"
185.191.171.7 - - [15/Dec/2021:12:01:46 +0100] "GET /cats-dish-cake-parts-splitter-p-48614.html?action=add_product HTTP/1.0" 302 476 "-" "Mozilla/5.0 (compatible; SemrushBot/7~bl; +http://www.semrush.com/bot.html)"
185.191.171.35 - - [15/Dec/2021:12:01:57 +0100] "GET /ceramic-cork-trivet-mandala-p-53069.html HTTP/1.0" 200 73358 "-" "Mozilla/5.0 (compatible; SemrushBot/7~bl; +http://www.semrush.com/bot.html)"
185.191.171.3 - - [15/Dec/2021:12:02:36 +0100] "GET /-p-23269.html?action=add_product HTTP/1.0" 302 476 "-" "Mozilla/5.0 (compatible; SemrushBot/7~bl; +http://www.semrush.com/bot.html)"
185.191.171.16 - - [15/Dec/2021:12:03:00 +0100] "GET /plush-christmas-tree-decoration-11-cm-p-49649.html HTTP/1.0" 301 73480 "-" "Mozilla/5.0 (compatible; SemrushBot/7~bl; +http://www.semrush.com/bot.html)"
185.191.171.19 - - [15/Dec/2021:12:03:04 +0100] "GET /plush-christmas-tree-decoration-p-49649.html HTTP/1.0" 200 73382 "-" "Mozilla/5.0 (compatible; SemrushBot/7~bl; +http://www.semrush.com/bot.html)"
216.228.112.22 - - [15/Dec/2021:12:03:05 +0100] "GET /images/mini_prod/5050293803975.jpg HTTP/1.0" 200 269 "-" "Mozilla/5.0 (X11; Ubuntu; Linux x86_64; rv:72.0) Gecko/20100101 Firefox/72.0"
185.191.171.9 - - [15/Dec/2021:12:03:14 +0100] "GET /schoolbag-caramel-wolf-p-55616.html?action=add_product HTTP/1.0" 302 476 "-" "Mozilla/5.0 (compatible; SemrushBot/7~bl; +http://www.semrush.com/bot.html)"
17.121.114.20 - - [15/Dec/2021:12:03:50 +0100] "GET /pink-fitted-sheet-p-48092.html HTTP/1.0" 200 73877 "-" "Mozilla/5.0 (Macintosh; Intel Mac OS X 10_15_5) AppleWebKit/605.1.15 (KHTML, like Gecko) Version/13.1.1 Safari/605.1.15 (Applebot/0.1; +http://www.apple.com/go/applebot)"
185.191.171.8 - - [15/Dec/2021:12:03:57 +0100] "GET /indian-boho-dream-catcher-wall-sticker-board-p-42995.html?action=add_product HTTP/1.0" 302 476 "-" "Mozilla/5.0 (compatible; SemrushBot/7~bl; +http://www.semrush.com/bot.html)"
185.191.171.16 - - [15/Dec/2021:12:04:32 +0100] "GET /margaret-lampshade-p-52962.html HTTP/1.0" 200 73890 "-" "Mozilla/5.0 (compatible; SemrushBot/7~bl; +http://www.semrush.com/bot.html)"
54.36.149.86 - - [15/Dec/2021:12:04:57 +0100] "GET /robots.txt HTTP/1.0" 200 245 "-" "Mozilla/5.0 (compatible; AhrefsBot/7.0; +http://ahrefs.com/robot/)"
155.138.175.238 - - [15/Dec/2021:12:04:59 +0100] "GET /images/mini_prod/3612874112801.jpg HTTP/1.0" 200 269 "-" "Mozilla/5.0 (X11; Ubuntu; Linux x86_64; rv:72.0) Gecko/20100101 Firefox/72.0"
54.36.148.243 - - [15/Dec/2021:12:04:58 +0100] "GET /grey-isothermic-stainless-steel-bottle-cbkreation-p-54163.html HTTP/1.0" 200 74150 "-" "Mozilla/5.0 (compatible; AhrefsBot/7.0; +http://ahrefs.com/robot/)"
185.191.171.17 - - [15/Dec/2021:12:05:34 +0100] "GET /bolster-case-white-p-46742.html HTTP/1.0" 200 74125 "-" "Mozilla/5.0 (compatible; SemrushBot/7~bl; +http://www.semrush.com/bot.html)"
185.191.171.18 - - [15/Dec/2021:12:06:19 +0100] "GET /thunderbird-riviera-rectangular-canvas-frame-p-19029.html HTTP/1.0" 200 70779 "-" "Mozilla/5.0 (compatible; SemrushBot/7~bl; +http://www.semrush.com/bot.html)"
185.191.171.13 - - [15/Dec/2021:12:06:37 +0100] "GET /fitted-sheet-blue-p-26402.html?action=add_product HTTP/1.0" 302 476 "-" "Mozilla/5.0 (compatible; SemrushBot/7~bl; +http://www.semrush.com/bot.html)"
185.191.171.37 - - [15/Dec/2021:12:06:42 +0100] "GET /bag-for-shopping-kandinsky-40-40-cm-p-53535.html HTTP/1.0" 301 74129 "-" "Mozilla/5.0 (compatible; SemrushBot/7~bl; +http://www.semrush.com/bot.html)"
185.191.171.41 - - [15/Dec/2021:12:06:44 +0100] "GET /shopping-kandinsky-p-53535.html HTTP/1.0" 200 74044 "-" "Mozilla/5.0 (compatible; SemrushBot/7~bl; +http://www.semrush.com/bot.html)"
185.191.171.43 - - [15/Dec/2021:12:06:51 +0100] "GET /gorjuss-gadget-pouch-p-49163.html HTTP/1.0" 200 70683 "-" "Mozilla/5.0 (compatible; SemrushBot/7~bl; +http://www.semrush.com/bot.html)"
54.36.148.243 - - [15/Dec/2021:12:07:52 +0100] "GET /rolling-stones-white-zippo-lighter-p-32568.html HTTP/1.0" 200 75777 "-" "Mozilla/5.0 (compatible; AhrefsBot/7.0; +http://ahrefs.com/robot/)"
185.191.171.11 - - [15/Dec/2021:12:08:54 +0100] "GET /jasmin-large-cabas-jasmine-p-43476.html?action=add_product HTTP/1.0" 302 476 "-" "Mozilla/5.0 (compatible; SemrushBot/7~bl; +http://www.semrush.com/bot.html)"
66.249.70.72 - - [15/Dec/2021:12:10:03 +0100] "GET /nici-ayumi-pink-and-brown-shoulder-bag-p-33440.html HTTP/1.0" 301 73852 "-" "Mozilla/5.0 (compatible; Googlebot/2.1; +http://www.google.com/bot.html)"
66.249.70.70 - - [15/Dec/2021:12:10:04 +0100] "GET /nici-ayumi-pink-brown-shoulder-p-33440.html HTTP/1.0" 200 73755 "-" "Mozilla/5.0 (compatible; Googlebot/2.1; +http://www.google.com/bot.html)"
185.191.171.17 - - [15/Dec/2021:12:10:04 +0100] "GET /bamboo-fiber-plant-cover-p-54252.html HTTP/1.0" 200 73886 "-" "Mozilla/5.0 (compatible; SemrushBot/7~bl; +http://www.semrush.com/bot.html)"
185.191.171.6 - - [15/Dec/2021:12:10:36 +0100] "GET /funky-pencil-case-p-19067.html?action=add_product HTTP/1.0" 302 476 "-" "Mozilla/5.0 (compatible; SemrushBot/7~bl; +http://www.semrush.com/bot.html)"
54.36.148.243 - - [15/Dec/2021:12:10:36 +0100] "GET /decorative-useful-klimt-p-52199.html HTTP/1.0" 200 73929 "-" "Mozilla/5.0 (compatible; AhrefsBot/7.0; +http://ahrefs.com/robot/)"
185.191.171.12 - - [15/Dec/2021:12:11:05 +0100] "GET /brass-compass-ornament-efiltower-france-p-47452.html HTTP/1.0" 200 74007 "-" "Mozilla/5.0 (compatible; SemrushBot/7~bl; +http://www.semrush.com/bot.html)"
157.55.39.0 - - [15/Dec/2021:12:11:13 +0100] "GET /cats-porcelain-p-54790.html HTTP/1.0" 200 73196 "-" "Mozilla/5.0 (compatible; bingbot/2.0; +http://www.bing.com/bingbot.htm)"
66.249.70.70 - - [15/Dec/2021:12:11:27 +0100] "GET /finding-dory-homework-notebooks-p-40846.html HTTP/1.0" 200 73639 "-" "Mozilla/5.0 (Linux; Android 6.0.1; Nexus 5X Build/MMB29P) AppleWebKit/537.36 (KHTML, like Gecko) Chrome/96.0.4664.93 Mobile Safari/537.36 (compatible; Googlebot/2.1; +http://www.google.com/bot.html)"
185.191.171.4 - - [15/Dec/2021:12:11:57 +0100] "GET /ceramic-lamp-p-51792.html?action=add_product HTTP/1.0" 302 476 "-" "Mozilla/5.0 (compatible; SemrushBot/7~bl; +http://www.semrush.com/bot.html)"
185.191.171.26 - - [15/Dec/2021:12:12:15 +0100] "GET /kimmidoll-vanity-collection-p-44105.html?action=add_product HTTP/1.0" 302 476 "-" "Mozilla/5.0 (compatible; SemrushBot/7~bl; +http://www.semrush.com/bot.html)"
5.255.253.187 - - [15/Dec/2021:12:12:45 +0100] "GET /coca-cola-blue-metal-plate-p-37156.html HTTP/1.0" 200 73335 "-" "Mozilla/5.0 (compatible; YandexBot/3.0; +http://yandex.com/bots)"
157.55.39.125 - - [15/Dec/2021:12:12:56 +0100] "GET /watches-c-3_66.html HTTP/1.0" 200 91347 "-" "Mozilla/5.0 (compatible; bingbot/2.0; +http://www.bing.com/bingbot.htm)"
5.255.253.187 - - [15/Dec/2021:12:12:57 +0100] "GET /long-sleeves-shirts-c-2_40.html HTTP/1.0" 200 69596 "-" "Mozilla/5.0 (compatible; YandexBot/3.0; +http://yandex.com/bots)"
185.191.171.39 - - [15/Dec/2021:12:13:04 +0100] "GET /pillowcase-color-lila-powder-p-46740.html HTTP/1.0" 200 74048 "-" "Mozilla/5.0 (compatible; SemrushBot/7~bl; +http://www.semrush.com/bot.html)"
185.191.171.23 - - [15/Dec/2021:12:13:13 +0100] "GET /bart-homer-simpsons-oval-alarm-clock-p-14532.html?action=add_product HTTP/1.0" 302 476 "-" "Mozilla/5.0 (compatible; SemrushBot/7~bl; +http://www.semrush.com/bot.html)"
51.68.224.127 - - [15/Dec/2021:12:13:14 +0100] "GET /adminweb/export_orders_xml.php?token=256de2z6edz6ed2z6DFSFsed2zed6zeDSFDSGdzedezfzf&maxorders=10&orderstart=1&status=14&start_date=2018-10-01 HTTP/1.0" 200 285 "-" "GesCom CharlotteBoutik Serveur"
54.36.148.243 - - [15/Dec/2021:12:13:12 +0100] "GET /decorative-useful-klimt-p-52200.html HTTP/1.0" 200 73926 "-" "Mozilla/5.0 (compatible; AhrefsBot/7.0; +http://ahrefs.com/robot/)"
185.191.171.39 - - [15/Dec/2021:12:13:16 +0100] "GET /italian-style-mirror-p-21298.html?action=add_product HTTP/1.0" 302 476 "-" "Mozilla/5.0 (compatible; SemrushBot/7~bl; +http://www.semrush.com/bot.html)"
51.68.224.127 - - [15/Dec/2021:12:13:15 +0100] "GET /adminweb/export_orders_xml.php?token=256de2z6edz6ed2z6DFSFsed2zed6zeDSFDSGdzedezfzf&maxorders=10&orderstart=1&status=6&start_date=2018-10-01 HTTP/1.0" 200 32471 "-" "GesCom CharlotteBoutik Serveur"
66.249.70.74 - - [15/Dec/2021:12:13:15 +0100] "GET /lotus-petal-atmospheric-pink-light-green-gold-trim-p-53736.html HTTP/1.0" 200 74251 "-" "Mozilla/5.0 (Linux; Android 6.0.1; Nexus 5X Build/MMB29P) AppleWebKit/537.36 (KHTML, like Gecko) Chrome/96.0.4664.93 Mobile Safari/537.36 (compatible; Googlebot/2.1; +http://www.google.com/bot.html)"
185.191.171.17 - - [15/Dec/2021:12:13:39 +0100] "GET /cats-dubout-cotton-kitchen-towel-made-in-france-p-36636.html HTTP/1.0" 301 70950 "-" "Mozilla/5.0 (compatible; SemrushBot/7~bl; +http://www.semrush.com/bot.html)"
185.191.171.40 - - [15/Dec/2021:12:13:42 +0100] "GET /cats-dubout-cotton-kitchen-towel-made-france-p-36636.html HTTP/1.0" 200 70839 "-" "Mozilla/5.0 (compatible; SemrushBot/7~bl; +http://www.semrush.com/bot.html)"
185.191.171.43 - - [15/Dec/2021:12:13:50 +0100] "GET /corsica-calanche-piana-placemat-p-49720.html HTTP/1.0" 200 73386 "-" "Mozilla/5.0 (compatible; SemrushBot/7~bl; +http://www.semrush.com/bot.html)"
185.191.171.25 - - [15/Dec/2021:12:15:02 +0100] "GET /decorative-turttle-statue-p-53807.html?action=add_product HTTP/1.0" 302 476 "-" "Mozilla/5.0 (compatible; SemrushBot/7~bl; +http://www.semrush.com/bot.html)"
54.36.148.243 - - [15/Dec/2021:12:15:41 +0100] "GET /christmas-tree-decoration-little-prince-p-50292.html HTTP/1.0" 200 73458 "-" "Mozilla/5.0 (compatible; AhrefsBot/7.0; +http://ahrefs.com/robot/)"
185.191.171.18 - - [15/Dec/2021:12:15:58 +0100] "GET /bamboo-tray-cats-p-49577.html HTTP/1.0" 200 70657 "-" "Mozilla/5.0 (compatible; SemrushBot/7~bl; +http://www.semrush.com/bot.html)"
185.191.171.43 - - [15/Dec/2021:12:16:01 +0100] "GET /magnet-grinning-tassen-p-47557.html HTTP/1.0" 301 74414 "-" "Mozilla/5.0 (compatible; SemrushBot/7~bl; +http://www.semrush.com/bot.html)"
185.191.171.16 - - [15/Dec/2021:12:16:04 +0100] "GET /magnet-grinning-tassen-made-germany-p-47557.html HTTP/1.0" 200 74312 "-" "Mozilla/5.0 (compatible; SemrushBot/7~bl; +http://www.semrush.com/bot.html)"
40.77.167.66 - - [15/Dec/2021:12:16:07 +0100] "GET /mandala-coasters-p-55597.html HTTP/1.0" 200 74244 "-" "Mozilla/5.0 (compatible; bingbot/2.0; +http://www.bing.com/bingbot.htm)"
185.191.171.20 - - [15/Dec/2021:12:17:27 +0100] "GET /orange-polyester-round-chair-cushion-p-47036.html?action=add_product HTTP/1.0" 302 476 "-" "Mozilla/5.0 (compatible; SemrushBot/7~bl; +http://www.semrush.com/bot.html)"
54.36.148.243 - - [15/Dec/2021:12:18:16 +0100] "GET /chair-cushion-sides-khaki-linen-p-54645.html HTTP/1.0" 200 74004 "-" "Mozilla/5.0 (compatible; AhrefsBot/7.0; +http://ahrefs.com/robot/)"
78.153.199.26 - - [15/Dec/2021:12:18:43 +0100] "GET /contact_us.php HTTP/1.0" 200 26241 "-" "Mozilla/5.0 (Windows NT 10.0; WOW64) AppleWebKit/537.36 (KHTML, like Gecko) Chrome/53.0.2785.104 Safari/537.36 Core/1.53.5155.400 QQBrowser/9.7.13231.400"
78.153.199.26 - - [15/Dec/2021:12:18:44 +0100] "GET /images/pixel_trans.gif HTTP/1.0" 200 328 "http://www.wonder-geek.com/contact_us.php?action=send" "Mozilla/5.0 (Windows NT 10.0; WOW64) AppleWebKit/537.36 (KHTML, like Gecko) Chrome/53.0.2785.104 Safari/537.36 Core/1.53.5155.400 QQBrowser/9.7.13231.400"
78.153.199.26 - - [15/Dec/2021:12:18:44 +0100] "GET /images/pixel_trans.gif HTTP/1.0" 200 328 "http://www.wonder-geek.com/contact_us.php?action=send" "Mozilla/5.0 (Windows NT 10.0; WOW64) AppleWebKit/537.36 (KHTML, like Gecko) Chrome/53.0.2785.104 Safari/537.36 Core/1.53.5155.400 QQBrowser/9.7.13231.400"
40.77.167.66 - - [15/Dec/2021:12:18:50 +0100] "GET /flatwares-c-12_63.html HTTP/1.0" 200 89808 "-" "Mozilla/5.0 (compatible; bingbot/2.0; +http://www.bing.com/bingbot.htm)"
157.55.39.228 - - [15/Dec/2021:12:18:55 +0100] "GET /good-point-c-151.html HTTP/1.0" 301 79596 "-" "Mozilla/5.0 (compatible; bingbot/2.0; +http://www.bing.com/bingbot.htm)"
185.191.171.38 - - [15/Dec/2021:12:20:24 +0100] "GET /mini-motsu-christmas-keel-toys-plush-p-50316.html?action=add_product HTTP/1.0" 302 476 "-" "Mozilla/5.0 (compatible; SemrushBot/7~bl; +http://www.semrush.com/bot.html)"
54.36.148.243 - - [15/Dec/2021:12:21:00 +0100] "GET /marseille-ashtray-p-42892.html HTTP/1.0" 200 73777 "-" "Mozilla/5.0 (compatible; AhrefsBot/7.0; +http://ahrefs.com/robot/)"
45.76.250.213 - - [15/Dec/2021:12:21:14 +0100] "GET /images/mini_prod/1399984236208.jpg HTTP/1.0" 200 269 "-" "Mozilla/5.0 (X11; Ubuntu; Linux x86_64; rv:72.0) Gecko/20100101 Firefox/72.0"
40.77.167.66 - - [15/Dec/2021:12:21:18 +0100] "GET /images/7321950234301.jpg HTTP/1.0" 200 259 "-" "Mozilla/5.0 (compatible; bingbot/2.0; +http://www.bing.com/bingbot.htm)"
185.191.171.15 - - [15/Dec/2021:12:21:21 +0100] "GET /mickal-statue-polyresin-p-51746.html?action=add_product HTTP/1.0" 302 476 "-" "Mozilla/5.0 (compatible; SemrushBot/7~bl; +http://www.semrush.com/bot.html)"
155.138.175.238 - - [15/Dec/2021:12:21:30 +0100] "GET /images/mini_prod/8422015826574.jpg HTTP/1.0" 200 269 "-" "Mozilla/5.0 (X11; Ubuntu; Linux x86_64; rv:72.0) Gecko/20100101 Firefox/72.0"
185.191.171.11 - - [15/Dec/2021:12:21:32 +0100] "GET /typewriter-pendulum-clock-michelle-allen-p-53180.html?action=add_product HTTP/1.0" 302 476 "-" "Mozilla/5.0 (compatible; SemrushBot/7~bl; +http://www.semrush.com/bot.html)"
185.191.171.13 - - [15/Dec/2021:12:21:44 +0100] "GET /paw-patrol-suitcase-p-31203.html HTTP/1.0" 301 70680 "-" "Mozilla/5.0 (compatible; SemrushBot/7~bl; +http://www.semrush.com/bot.html)"
207.46.13.52 - - [15/Dec/2021:12:21:47 +0100] "GET /saucer-p-53819.html HTTP/1.0" 200 73199 "-" "Mozilla/5.0 (compatible; bingbot/2.0; +http://www.bing.com/bingbot.htm)"
185.191.171.21 - - [15/Dec/2021:12:21:47 +0100] "GET /-p-31203.html HTTP/1.0" 200 70613 "-" "Mozilla/5.0 (compatible; SemrushBot/7~bl; +http://www.semrush.com/bot.html)"
185.191.171.37 - - [15/Dec/2021:12:22:32 +0100] "GET /bottle-rack-best-wine-p-53207.html?action=add_product HTTP/1.0" 302 476 "-" "Mozilla/5.0 (compatible; SemrushBot/7~bl; +http://www.semrush.com/bot.html)"
185.191.171.1 - - [15/Dec/2021:12:23:08 +0100] "GET /figurine-caricature-polyrsine-biker-racer-p-42886.html HTTP/1.0" 200 73660 "-" "Mozilla/5.0 (compatible; SemrushBot/7~bl; +http://www.semrush.com/bot.html)"
195.234.109.76 - - [15/Dec/2021:12:23:14 +0100] "GET /images/med_prod/1384010179680N.jpg HTTP/1.0" 200 269 "-" "Photon/1.0"
147.92.153.6 - - [15/Dec/2021:12:23:23 +0100] "GET /cotton-napkin-sold-individually-p-52107.html HTTP/1.0" 200 73417 "-" "Mozilla/5.0 (compatible; Linespider/1.1; +https://lin.ee/4dwXkTH)"
54.36.148.243 - - [15/Dec/2021:12:23:26 +0100] "GET /fuzion-flying-eagle-zippo-lighter-p-41038.html HTTP/1.0" 200 75247 "-" "Mozilla/5.0 (compatible; AhrefsBot/7.0; +http://ahrefs.com/robot/)"
103.131.71.82 - - [15/Dec/2021:12:23:29 +0100] "GET /robots.txt HTTP/1.0" 301 531 "-" "Mozilla/5.0 (compatible; coccocbot-web/1.0; +http://help.coccoc.com/searchengine)"
103.131.71.82 - - [15/Dec/2021:12:23:32 +0100] "GET /robots.txt HTTP/1.0" 200 245 "-" "Mozilla/5.0 (compatible; coccocbot-web/1.0; +http://help.coccoc.com/searchengine)"
185.191.171.23 - - [15/Dec/2021:12:23:36 +0100] "GET /parci-bedclothes-p-49134.html HTTP/1.0" 200 73284 "-" "Mozilla/5.0 (compatible; SemrushBot/7~bl; +http://www.semrush.com/bot.html)"
216.228.112.22 - - [15/Dec/2021:12:24:17 +0100] "GET /images/mini_prod/1384010183595.jpg HTTP/1.0" 200 269 "-" "Mozilla/5.0 (X11; Ubuntu; Linux x86_64; rv:72.0) Gecko/20100101 Firefox/72.0"
144.202.98.39 - - [15/Dec/2021:12:24:28 +0100] "GET /images/mini_prod/1399984241813.jpg HTTP/1.0" 200 269 "-" "Mozilla/5.0 (X11; Ubuntu; Linux x86_64; rv:72.0) Gecko/20100101 Firefox/72.0"
185.191.171.44 - - [15/Dec/2021:12:24:46 +0100] "GET /atlantic-surf-spot-small-ashtray-p-39665.html?action=add_product HTTP/1.0" 302 476 "-" "Mozilla/5.0 (compatible; SemrushBot/7~bl; +http://www.semrush.com/bot.html)"
77.75.79.11 - - [15/Dec/2021:12:25:48 +0100] "GET /robots.txt HTTP/1.0" 200 245 "-" "Mozilla/5.0 (compatible; SeznamBot/3.2; +http://napoveda.seznam.cz/en/seznambot-intro/)"
77.75.79.11 - - [15/Dec/2021:12:25:49 +0100] "GET /images/big_prod/3453131139618.jpg HTTP/1.0" 200 268 "-" "Mozilla/5.0 (compatible; SeznamBot/3.2; +http://napoveda.seznam.cz/en/seznambot-intro/)"
144.202.98.39 - - [15/Dec/2021:12:25:53 +0100] "GET /images/mini_prod/7601019993043.jpg HTTP/1.0" 200 269 "-" "Mozilla/5.0 (X11; Ubuntu; Linux x86_64; rv:72.0) Gecko/20100101 Firefox/72.0"
54.36.148.243 - - [15/Dec/2021:12:26:30 +0100] "GET /curtain-eyelets-blue-p-35311.html HTTP/1.0" 200 76201 "-" "Mozilla/5.0 (compatible; AhrefsBot/7.0; +http://ahrefs.com/robot/)"
216.244.66.242 - - [15/Dec/2021:12:27:07 +0100] "GET /robots.txt HTTP/1.0" 200 245 "-" "Mozilla/5.0 (compatible; DotBot/1.2; +https://opensiteexplorer.org/dotbot; help@moz.com)"
185.191.171.25 - - [15/Dec/2021:12:27:19 +0100] "GET /luggages-schoolbags-leather-shop-c-31.html?page=7 HTTP/1.0" 200 92611 "-" "Mozilla/5.0 (compatible; SemrushBot/7~bl; +http://www.semrush.com/bot.html)"
185.191.171.12 - - [15/Dec/2021:12:27:34 +0100] "GET /retro-wooden-motorcycle-riders-frame-hang-p-46409.html?action=add_product HTTP/1.0" 302 476 "-" "Mozilla/5.0 (compatible; SemrushBot/7~bl; +http://www.semrush.com/bot.html)"
175.102.16.34 - - [15/Dec/2021:12:27:40 +0100] "GET /images/mini_prod/MISES-EN-SITUATION-D02.jpg HTTP/1.0" 200 278 "-" "Mozilla/5.0 (X11; Ubuntu; Linux x86_64; rv:72.0) Gecko/20100101 Firefox/72.0"
185.191.171.26 - - [15/Dec/2021:12:27:41 +0100] "GET /large-candle-hours-simply-mulberry-p-53883.html?action=add_product HTTP/1.0" 302 476 "-" "Mozilla/5.0 (compatible; SemrushBot/7~bl; +http://www.semrush.com/bot.html)"
185.191.171.44 - - [15/Dec/2021:12:27:50 +0100] "GET /toiletry-p-43804.html?action=add_product HTTP/1.0" 302 476 "-" "Mozilla/5.0 (compatible; SemrushBot/7~bl; +http://www.semrush.com/bot.html)"
207.46.13.52 - - [15/Dec/2021:12:28:18 +0100] "GET /decorative-box-with-measuring-vase-p-53072.html HTTP/1.0" 301 73541 "-" "Mozilla/5.0 (compatible; bingbot/2.0; +http://www.bing.com/bingbot.htm)"
51.68.224.127 - - [15/Dec/2021:12:29:15 +0100] "GET /adminweb/export_orders_xml.php?token=256de2z6edz6ed2z6DFSFsed2zed6zeDSFDSGdzedezfzf&maxorders=10&orderstart=1&status=14&start_date=2018-10-01 HTTP/1.0" 200 285 "-" "GesCom CharlotteBoutik Serveur"
51.68.224.127 - - [15/Dec/2021:12:29:15 +0100] "GET /adminweb/export_orders_xml.php?token=256de2z6edz6ed2z6DFSFsed2zed6zeDSFDSGdzedezfzf&maxorders=10&orderstart=1&status=6&start_date=2018-10-01 HTTP/1.0" 200 32471 "-" "GesCom CharlotteBoutik Serveur"
157.55.39.0 - - [15/Dec/2021:12:29:33 +0100] "GET /heart-home-friendly-stick-diffuser-vanilla-rosewood-p-52807.html HTTP/1.0" 200 74497 "-" "Mozilla/5.0 (compatible; bingbot/2.0; +http://www.bing.com/bingbot.htm)"
54.36.148.243 - - [15/Dec/2021:12:29:36 +0100] "GET /brown-metal-buddha-mobile-p-56750.html HTTP/1.0" 200 73883 "-" "Mozilla/5.0 (compatible; AhrefsBot/7.0; +http://ahrefs.com/robot/)"
185.191.171.4 - - [15/Dec/2021:12:29:50 +0100] "GET /home-decoration-c-13.html?page=206 HTTP/1.0" 200 93064 "-" "Mozilla/5.0 (compatible; SemrushBot/7~bl; +http://www.semrush.com/bot.html)"
46.8.56.82 - - [15/Dec/2021:12:30:31 +0100] "GET /create_account.php HTTP/1.0" 301 547 "http://wonder-geek.com/create_account.php" "Mozilla/5.0 (Windows NT 10.0) AppleWebKit/537.36 (KHTML, like Gecko) Chrome/90.0.4430.85 Safari/537.36"
109.248.13.193 - - [15/Dec/2021:12:30:31 +0100] "GET /create_account.php HTTP/1.0" 200 33633 "http://www.wonder-geek.com/create_account.php" "Mozilla/5.0 (Windows NT 10.0) AppleWebKit/537.36 (KHTML, like Gecko) Chrome/90.0.4430.85 Safari/537.36"
46.8.56.82 - - [15/Dec/2021:12:30:33 +0100] "GET /index.php HTTP/1.0" 200 152945 "http://www.wonder-geek.com/index.php" "Mozilla/5.0 (Windows NT 10.0) AppleWebKit/537.36 (KHTML, like Gecko) Chrome/90.0.4430.85 Safari/537.36"
46.8.56.82 - - [15/Dec/2021:12:30:37 +0100] "GET /trivet-boards-c-12_158.html HTTP/1.0" 200 94422 "http://www.wonder-geek.com/trivet-boards-c-12_158.html" "Mozilla/5.0 (Windows NT 10.0) AppleWebKit/537.36 (KHTML, like Gecko) Chrome/90.0.4430.85 Safari/537.36"
46.8.56.82 - - [15/Dec/2021:12:30:40 +0100] "GET /cardboard-boxes-storage-c-13_150_216.html HTTP/1.0" 200 78053 "http://www.wonder-geek.com/cardboard-boxes-storage-c-13_150_216.html" "Mozilla/5.0 (Windows NT 10.0) AppleWebKit/537.36 (KHTML, like Gecko) Chrome/90.0.4430.85 Safari/537.36"
109.248.12.53 - - [15/Dec/2021:12:30:43 +0100] "GET /contact_us.php HTTP/1.0" 200 26241 "http://www.wonder-geek.com/contact_us.php" "Mozilla/5.0 (Windows NT 10.0) AppleWebKit/537.36 (KHTML, like Gecko) Chrome/90.0.4430.85 Safari/537.36"
109.248.12.53 - - [15/Dec/2021:12:30:44 +0100] "POST /contact_us.php?action=send HTTP/1.0" 200 34237 "http://www.wonder-geek.com/contact_us.php" "Mozilla/5.0 (Windows NT 10.0) AppleWebKit/537.36 (KHTML, like Gecko) Chrome/90.0.4430.85 Safari/537.36"
185.191.171.43 - - [15/Dec/2021:12:31:23 +0100] "GET /yoga-indigo-gray-1000-p-51550.html HTTP/1.0" 200 74779 "-" "Mozilla/5.0 (compatible; SemrushBot/7~bl; +http://www.semrush.com/bot.html)"
185.191.171.40 - - [15/Dec/2021:12:31:26 +0100] "GET /kimmidoll-notepad-p-11323.html?action=add_product HTTP/1.0" 302 476 "-" "Mozilla/5.0 (compatible; SemrushBot/7~bl; +http://www.semrush.com/bot.html)"
185.191.171.6 - - [15/Dec/2021:12:31:38 +0100] "GET /umbrella-shaped-surfing-style-p-46508.html?action=add_product HTTP/1.0" 302 476 "-" "Mozilla/5.0 (compatible; SemrushBot/7~bl; +http://www.semrush.com/bot.html)"
185.191.171.40 - - [15/Dec/2021:12:31:47 +0100] "GET /violetta-badges-p-28293.html HTTP/1.0" 200 73216 "-" "Mozilla/5.0 (compatible; SemrushBot/7~bl; +http://www.semrush.com/bot.html)"
185.191.171.42 - - [15/Dec/2021:12:32:06 +0100] "GET /fitted-sheet-cotton-percale-threads-p-43830.html HTTP/1.0" 200 70791 "-" "Mozilla/5.0 (compatible; SemrushBot/7~bl; +http://www.semrush.com/bot.html)"
54.36.148.243 - - [15/Dec/2021:12:32:27 +0100] "GET /kimmidoll-brush-p-44111.html HTTP/1.0" 200 73242 "-" "Mozilla/5.0 (compatible; AhrefsBot/7.0; +http://ahrefs.com/robot/)"
185.191.171.18 - - [15/Dec/2021:12:33:06 +0100] "GET /cotton-floor-cushion-red-45-cm-darla-p-43218.html HTTP/1.0" 301 70680 "-" "Mozilla/5.0 (compatible; SemrushBot/7~bl; +http://www.semrush.com/bot.html)"
185.191.171.13 - - [15/Dec/2021:12:33:09 +0100] "GET /-p-43218.html HTTP/1.0" 200 70613 "-" "Mozilla/5.0 (compatible; SemrushBot/7~bl; +http://www.semrush.com/bot.html)"
185.191.171.42 - - [15/Dec/2021:12:33:29 +0100] "GET /hanging-board-vintage-motard-deco-born-ride-p-49492.html HTTP/1.0" 200 73518 "-" "Mozilla/5.0 (compatible; SemrushBot/7~bl; +http://www.semrush.com/bot.html)"
45.76.250.213 - - [15/Dec/2021:12:33:42 +0100] "GET /images/mini_prod/8433933455869.jpg HTTP/1.0" 200 269 "-" "Mozilla/5.0 (X11; Ubuntu; Linux x86_64; rv:72.0) Gecko/20100101 Firefox/72.0"
185.191.171.17 - - [15/Dec/2021:12:34:05 +0100] "GET /robots.txt HTTP/1.0" 200 245 "-" "Mozilla/5.0 (compatible; SemrushBot/7~bl; +http://www.semrush.com/bot.html)"
185.191.171.43 - - [15/Dec/2021:12:34:05 +0100] "GET /hello-kitty-bracelet-silver-plated-brass-p-11507.html HTTP/1.0" 200 73378 "-" "Mozilla/5.0 (compatible; SemrushBot/7~bl; +http://www.semrush.com/bot.html)"
20.99.155.232 - - [15/Dec/2021:12:34:09 +0100] "GET /images/big_prod_1/5018997612170.jpg HTTP/1.0" 200 270 "-" "Mozilla/5.0 (X11; Linux x86_64) AppleWebKit/537.36 (KHTML, like Gecko) Chrome/62.0.3202.62 Safari/537.36"
157.55.39.125 - - [15/Dec/2021:12:34:17 +0100] "GET /barbecue-paper-towel-dispenser-p-38258.html HTTP/1.0" 200 70731 "-" "Mozilla/5.0 (compatible; bingbot/2.0; +http://www.bing.com/bingbot.htm)"
216.228.112.22 - - [15/Dec/2021:12:34:44 +0100] "GET /images/mini_prod/8424001278886.jpg HTTP/1.0" 200 269 "-" "Mozilla/5.0 (X11; Ubuntu; Linux x86_64; rv:72.0) Gecko/20100101 Firefox/72.0"
185.191.171.13 - - [15/Dec/2021:12:34:49 +0100] "GET /beige-elephant-baby-decorative-statue-p-36447.html?action=add_product HTTP/1.0" 302 476 "-" "Mozilla/5.0 (compatible; SemrushBot/7~bl; +http://www.semrush.com/bot.html)"
66.249.70.74 - - [15/Dec/2021:12:34:51 +0100] "GET /towel-p-5735.html HTTP/1.0" 200 73282 "-" "Mozilla/5.0 (Linux; Android 6.0.1; Nexus 5X Build/MMB29P) AppleWebKit/537.36 (KHTML, like Gecko) Chrome/96.0.4664.93 Mobile Safari/537.36 (compatible; Googlebot/2.1; +http://www.google.com/bot.html)"
66.249.70.72 - - [15/Dec/2021:12:34:53 +0100] "GET /paris-tree-decoration-hanging-p-31812.html HTTP/1.0" 200 73367 "-" "Mozilla/5.0 (compatible; Googlebot/2.1; +http://www.google.com/bot.html)"
66.249.70.70 - - [15/Dec/2021:12:34:55 +0100] "GET /luminous-guardian-angel-porcelain-heart-p-44967.html HTTP/1.0" 200 73447 "-" "Mozilla/5.0 (compatible; Googlebot/2.1; +http://www.google.com/bot.html)"
155.138.175.238 - - [15/Dec/2021:12:34:57 +0100] "GET /images/mini_prod/3014627889327.jpg HTTP/1.0" 200 269 "-" "Mozilla/5.0 (X11; Ubuntu; Linux x86_64; rv:72.0) Gecko/20100101 Firefox/72.0"
66.249.70.70 - - [15/Dec/2021:12:34:56 +0100] "GET /figurine-lucky-luke-averell-dalton-with-hammer-p-15687.html HTTP/1.0" 200 70834 "-" "Mozilla/5.0 (compatible; Googlebot/2.1; +http://www.google.com/bot.html)"
185.191.171.18 - - [15/Dec/2021:12:35:14 +0100] "GET /indian-fancy-bracelet-finish-golden-color-p-43741.html?action=add_product HTTP/1.0" 302 476 "-" "Mozilla/5.0 (compatible; SemrushBot/7~bl; +http://www.semrush.com/bot.html)"
54.36.148.243 - - [15/Dec/2021:12:35:15 +0100] "GET /geometric-motif-table-lamp-p-49888.html HTTP/1.0" 200 73368 "-" "Mozilla/5.0 (compatible; AhrefsBot/7.0; +http://ahrefs.com/robot/)"
66.249.70.74 - - [15/Dec/2021:12:35:56 +0100] "GET /images/mini_prod/3453131138741.jpg HTTP/1.0" 200 269 "-" "Googlebot-Image/1.0"
74.125.209.48 - - [15/Dec/2021:12:36:37 +0100] "GET /images/big_prod/720322284512.jpg HTTP/1.0" 200 267 "-" "Mozilla/5.0 (Windows NT 5.1; rv:11.0) Gecko Firefox/11.0 (via ggpht.com GoogleImageProxy)"
185.191.171.45 - - [15/Dec/2021:12:36:39 +0100] "GET /man-resin-statue-p-53405.html HTTP/1.0" 301 73954 "-" "Mozilla/5.0 (compatible; SemrushBot/7~bl; +http://www.semrush.com/bot.html)"
185.191.171.39 - - [15/Dec/2021:12:36:42 +0100] "GET /home-and-decoration-c-13.html?page=157 HTTP/1.0" 301 93106 "-" "Mozilla/5.0 (compatible; SemrushBot/7~bl; +http://www.semrush.com/bot.html)"
185.191.171.20 - - [15/Dec/2021:12:36:56 +0100] "GET /resin-statue-p-53405.html HTTP/1.0" 200 73875 "-" "Mozilla/5.0 (compatible; SemrushBot/7~bl; +http://www.semrush.com/bot.html)"
185.191.171.22 - - [15/Dec/2021:12:36:59 +0100] "GET /home-decoration-c-13.html?page=157 HTTP/1.0" 200 93018 "-" "Mozilla/5.0 (compatible; SemrushBot/7~bl; +http://www.semrush.com/bot.html)"
74.125.209.52 - - [15/Dec/2021:12:37:34 +0100] "GET /images/big_prod_1/FLOWERFAIRIES.jpg HTTP/1.0" 200 270 "-" "Mozilla/5.0 (Windows NT 5.1; rv:11.0) Gecko Firefox/11.0 (via ggpht.com GoogleImageProxy)"
157.55.39.223 - - [15/Dec/2021:12:37:42 +0100] "GET /disney-britto-mickey-minnie-mouse-limited-edition-p-47684.html HTTP/1.0" 200 74822 "-" "Mozilla/5.0 (compatible; bingbot/2.0; +http://www.bing.com/bingbot.htm)"
216.228.112.22 - - [15/Dec/2021:12:37:49 +0100] "GET /images/mini_prod/8033667001174.jpg HTTP/1.0" 200 269 "-" "Mozilla/5.0 (X11; Ubuntu; Linux x86_64; rv:72.0) Gecko/20100101 Firefox/72.0"
54.36.148.243 - - [15/Dec/2021:12:38:02 +0100] "GET /kitchen-towel-holder-hooks-p-52708.html HTTP/1.0" 200 73889 "-" "Mozilla/5.0 (compatible; AhrefsBot/7.0; +http://ahrefs.com/robot/)"
185.191.171.34 - - [15/Dec/2021:12:38:05 +0100] "GET /ethnic-mandala-decorative-tray-28-cm-p-48716.html HTTP/1.0" 301 70832 "-" "Mozilla/5.0 (compatible; SemrushBot/7~bl; +http://www.semrush.com/bot.html)"
185.191.171.16 - - [15/Dec/2021:12:38:08 +0100] "GET /ethnic-mandala-decorative-tray-p-48716.html HTTP/1.0" 200 70735 "-" "Mozilla/5.0 (compatible; SemrushBot/7~bl; +http://www.semrush.com/bot.html)"
45.32.141.214 - - [15/Dec/2021:12:38:16 +0100] "GET /images/mini_prod/8435333835920.jpg HTTP/1.0" 200 269 "-" "Mozilla/5.0 (X11; Ubuntu; Linux x86_64; rv:72.0) Gecko/20100101 Firefox/72.0"
157.55.39.0 - - [15/Dec/2021:12:38:43 +0100] "GET /coca-cola-small-steel-fridge-magnets-p-31625.html HTTP/1.0" 200 70747 "-" "Mozilla/5.0 (compatible; bingbot/2.0; +http://www.bing.com/bingbot.htm)"
185.191.171.14 - - [15/Dec/2021:12:39:27 +0100] "GET /darling-bedclothes-p-51591.html?action=add_product HTTP/1.0" 302 476 "-" "Mozilla/5.0 (compatible; SemrushBot/7~bl; +http://www.semrush.com/bot.html)"
20.99.156.33 - - [15/Dec/2021:12:39:37 +0100] "GET /images/big_prod_1/3453131152440b.jpg HTTP/1.0" 200 271 "-" "Mozilla/5.0 (Macintosh; U; PPC Mac OS X 10.5; en-US; rv:1.9.2.15) Gecko/20110303 Firefox/3.6.15"
185.191.171.22 - - [15/Dec/2021:12:39:40 +0100] "GET /quartz-geode-size-about-p-44408.html HTTP/1.0" 200 74326 "-" "Mozilla/5.0 (compatible; SemrushBot/7~bl; +http://www.semrush.com/bot.html)"
157.55.39.223 - - [15/Dec/2021:12:39:42 +0100] "GET /lighting-c-13_86.html HTTP/1.0" 200 91135 "-" "Mozilla/5.0 (compatible; bingbot/2.0; +http://www.bing.com/bingbot.htm)"
185.191.171.39 - - [15/Dec/2021:12:39:44 +0100] "GET /love-cats-salt-pepper-shakers-p-37306.html HTTP/1.0" 200 73338 "-" "Mozilla/5.0 (compatible; SemrushBot/7~bl; +http://www.semrush.com/bot.html)"
185.191.171.21 - - [15/Dec/2021:12:39:54 +0100] "GET /-p-42994.html?action=add_product HTTP/1.0" 302 476 "-" "Mozilla/5.0 (compatible; SemrushBot/7~bl; +http://www.semrush.com/bot.html)"
216.244.66.242 - - [15/Dec/2021:12:40:02 +0100] "GET /bodega-metal-large-clock-p-40696.html HTTP/1.0" 200 70724 "-" "Mozilla/5.0 (compatible; DotBot/1.2; +https://opensiteexplorer.org/dotbot; help@moz.com)"
216.244.66.242 - - [15/Dec/2021:12:40:08 +0100] "GET /cactus-ornament-p-40740.html HTTP/1.0" 301 70680 "-" "Mozilla/5.0 (compatible; DotBot/1.2; +https://opensiteexplorer.org/dotbot; help@moz.com)"
185.191.171.24 - - [15/Dec/2021:12:40:17 +0100] "GET /kimmidoll-dolls-yumi-p-49798.html?action=add_product HTTP/1.0" 302 476 "-" "Mozilla/5.0 (compatible; SemrushBot/7~bl; +http://www.semrush.com/bot.html)"
216.244.66.242 - - [15/Dec/2021:12:40:17 +0100] "GET /table-lamp-p-41367.html HTTP/1.0" 301 70680 "-" "Mozilla/5.0 (compatible; DotBot/1.2; +https://opensiteexplorer.org/dotbot; help@moz.com)"
216.244.66.242 - - [15/Dec/2021:12:40:30 +0100] "GET /mickey-mouse-christmas-ball-filled-p-11524.html HTTP/1.0" 200 70774 "-" "Mozilla/5.0 (compatible; DotBot/1.2; +https://opensiteexplorer.org/dotbot; help@moz.com)"
20.99.155.199 - - [15/Dec/2021:12:40:33 +0100] "GET /images/med_prod/0398976773300d.jpg HTTP/1.0" 200 269 "-" "Mozilla/5.0 (X11; Linux x86_64) AppleWebKit/537.36 (KHTML, like Gecko) Chrome/62.0.3202.62 Safari/537.36"
216.244.66.242 - - [15/Dec/2021:12:40:41 +0100] "GET /transformers-wheeljack-figure-build-p-21603.html HTTP/1.0" 301 70680 "-" "Mozilla/5.0 (compatible; DotBot/1.2; +https://opensiteexplorer.org/dotbot; help@moz.com)"
216.244.66.242 - - [15/Dec/2021:12:40:50 +0100] "GET /white-wooden-magazine-rack-compartments-p-42203.html HTTP/1.0" 200 70811 "-" "Mozilla/5.0 (compatible; DotBot/1.2; +https://opensiteexplorer.org/dotbot; help@moz.com)"
54.36.148.243 - - [15/Dec/2021:12:40:52 +0100] "GET /large-hanging-clock-london-p-50948.html HTTP/1.0" 200 73406 "-" "Mozilla/5.0 (compatible; AhrefsBot/7.0; +http://ahrefs.com/robot/)"
216.244.66.242 - - [15/Dec/2021:12:41:00 +0100] "GET /cbkreation-russian-doll-phone-cover-for-iphone-and-4s-p-22440.html HTTP/1.0" 301 70962 "-" "Mozilla/5.0 (compatible; DotBot/1.2; +https://opensiteexplorer.org/dotbot; help@moz.com)"
216.244.66.242 - - [15/Dec/2021:12:41:10 +0100] "GET /set-of-pair-of-socks-strawberry-shortcake-size-27-30-p-24881.html HTTP/1.0" 301 70680 "-" "Mozilla/5.0 (compatible; DotBot/1.2; +https://opensiteexplorer.org/dotbot; help@moz.com)"
207.46.13.52 - - [15/Dec/2021:12:41:58 +0100] "GET /difference-accessoriess-c-12_59.html HTTP/1.0" 200 89447 "-" "Mozilla/5.0 (compatible; bingbot/2.0; +http://www.bing.com/bingbot.htm)"
20.99.156.10 - - [15/Dec/2021:12:42:09 +0100] "GET /images/big_prod/1300000023993.jpg HTTP/1.0" 200 268 "-" "Mozilla/4.0 (compatible; MSIE 7.0; Windows NT 6.0)"
185.191.171.19 - - [15/Dec/2021:12:42:17 +0100] "GET /cotton-floor-cushion-green-45-cm-p-47894.html HTTP/1.0" 301 74003 "-" "Mozilla/5.0 (compatible; SemrushBot/7~bl; +http://www.semrush.com/bot.html)"
185.191.171.10 - - [15/Dec/2021:12:42:20 +0100] "GET /cotton-floor-cushion-green-p-47894.html HTTP/1.0" 200 73910 "-" "Mozilla/5.0 (compatible; SemrushBot/7~bl; +http://www.semrush.com/bot.html)"
185.191.171.40 - - [15/Dec/2021:12:42:23 +0100] "GET /lulu-castagnette-p-16377.html?action=add_product HTTP/1.0" 302 476 "-" "Mozilla/5.0 (compatible; SemrushBot/7~bl; +http://www.semrush.com/bot.html)"
17.121.112.125 - - [15/Dec/2021:12:42:47 +0100] "GET /-p-51076.html HTTP/1.0" 200 70613 "-" "Mozilla/5.0 (Macintosh; Intel Mac OS X 10_15_5) AppleWebKit/605.1.15 (KHTML, like Gecko) Version/13.1.1 Safari/605.1.15 (Applebot/0.1; +http://www.apple.com/go/applebot)"
66.249.70.72 - - [15/Dec/2021:12:42:56 +0100] "GET /textile-small-suitcase-p-37096.html HTTP/1.0" 200 70732 "-" "Mozilla/5.0 (compatible; Googlebot/2.1; +http://www.google.com/bot.html)"
185.191.171.42 - - [15/Dec/2021:12:43:31 +0100] "GET /betty-boop-kiss-lamp-p-14558.html HTTP/1.0" 301 70680 "-" "Mozilla/5.0 (compatible; SemrushBot/7~bl; +http://www.semrush.com/bot.html)"
185.191.171.35 - - [15/Dec/2021:12:43:33 +0100] "GET /-p-14558.html HTTP/1.0" 200 70613 "-" "Mozilla/5.0 (compatible; SemrushBot/7~bl; +http://www.semrush.com/bot.html)"
54.36.148.243 - - [15/Dec/2021:12:43:38 +0100] "GET /cotton-apron-owlet-allen-designs-p-56807.html HTTP/1.0" 200 74067 "-" "Mozilla/5.0 (compatible; AhrefsBot/7.0; +http://ahrefs.com/robot/)"
66.249.70.70 - - [15/Dec/2021:12:44:09 +0100] "GET /winchester-metal-plate-deco-p-42348.html HTTP/1.0" 200 73377 "-" "Mozilla/5.0 (Linux; Android 6.0.1; Nexus 5X Build/MMB29P) AppleWebKit/537.36 (KHTML, like Gecko) Chrome/96.0.4664.93 Mobile Safari/537.36 (compatible; Googlebot/2.1; +http://www.google.com/bot.html)"
185.191.171.12 - - [15/Dec/2021:12:44:29 +0100] "GET /phone-cover-iphone-cbkreation-p-13934.html?action=add_product HTTP/1.0" 302 476 "-" "Mozilla/5.0 (compatible; SemrushBot/7~bl; +http://www.semrush.com/bot.html)"
185.191.171.44 - - [15/Dec/2021:12:44:35 +0100] "GET /picapica-tapas-tablecloth-anti-stain-p-34993.html HTTP/1.0" 200 73429 "-" "Mozilla/5.0 (compatible; SemrushBot/7~bl; +http://www.semrush.com/bot.html)"
1.53.133.46 - - [15/Dec/2021:12:44:52 +0100] "GET /contact_us.php HTTP/1.0" 200 26241 "http://www.wonder-geek.com/contact_us.php" "Mozilla/5.0 (Windows NT 10.0; Win64; x64) AppleWebKit/537.36 (KHTML, like Gecko) Chrome/90.0.4430.72 Safari/537.36 Edg/90.0.818.39"
216.244.66.242 - - [15/Dec/2021:12:44:59 +0100] "GET /lisboa-p-47118.html HTTP/1.0" 200 74011 "-" "Mozilla/5.0 (compatible; DotBot/1.2; +https://opensiteexplorer.org/dotbot; help@moz.com)"
175.102.16.34 - - [15/Dec/2021:12:45:09 +0100] "GET /images/mini_prod/5051265800619.jpg HTTP/1.0" 200 269 "-" "Mozilla/5.0 (X11; Ubuntu; Linux x86_64; rv:72.0) Gecko/20100101 Firefox/72.0"
66.249.70.74 - - [15/Dec/2021:12:45:14 +0100] "GET /candle-heart-home-christmas-tree-p-53322.html HTTP/1.0" 200 70751 "-" "Mozilla/5.0 (Linux; Android 6.0.1; Nexus 5X Build/MMB29P) AppleWebKit/537.36 (KHTML, like Gecko) Chrome/96.0.4664.93 Mobile Safari/537.36 (compatible; Googlebot/2.1; +http://www.google.com/bot.html)"
51.68.224.127 - - [15/Dec/2021:12:45:29 +0100] "GET /adminweb/export_orders_xml.php?token=256de2z6edz6ed2z6DFSFsed2zed6zeDSFDSGdzedezfzf&maxorders=10&orderstart=1&status=14&start_date=2018-10-01 HTTP/1.0" 200 285 "-" "GesCom CharlotteBoutik Serveur"
51.68.224.127 - - [15/Dec/2021:12:45:29 +0100] "GET /adminweb/export_orders_xml.php?token=256de2z6edz6ed2z6DFSFsed2zed6zeDSFDSGdzedezfzf&maxorders=10&orderstart=1&status=6&start_date=2018-10-01 HTTP/1.0" 200 32471 "-" "GesCom CharlotteBoutik Serveur"
54.36.148.243 - - [15/Dec/2021:12:46:10 +0100] "GET /flower-white-table-lamp-p-52974.html HTTP/1.0" 200 73934 "-" "Mozilla/5.0 (compatible; AhrefsBot/7.0; +http://ahrefs.com/robot/)"
20.99.156.119 - - [15/Dec/2021:12:46:17 +0100] "GET /images/big_prod/4260082936796.jpg HTTP/1.0" 200 268 "-" "Mozilla/5.0 (Windows NT 10.0; ) Gecko/20100101 Firefox/61.0"
