82.38.19.144 - - [15/Dec/2021:23:01:55 +0100] "GET /templates/Pixame_v1/images/icon_accueil2.png HTTP/1.1" 200 1137 "http://www.wonder-geek.com/lego-superman-lite-super-heroes-keychains-p-27072.html" "Mozilla/5.0 (Windows NT 6.1; Win64; x64) AppleWebKit/537.36 (KHTML, like Gecko) Chrome/96.0.4664.110 Safari/537.36"
82.38.19.144 - - [15/Dec/2021:23:01:56 +0100] "GET /templates/Pixame_v1/images/buttons/english/button_in_cart.gif HTTP/1.1" 200 1212 "http://www.wonder-geek.com/lego-superman-lite-super-heroes-keychains-p-27072.html" "Mozilla/5.0 (Windows NT 6.1; Win64; x64) AppleWebKit/537.36 (KHTML, like Gecko) Chrome/96.0.4664.110 Safari/537.36"
82.38.19.144 - - [15/Dec/2021:23:01:56 +0100] "GET /templates/Pixame_v1/images/Bottom_texture.jpg HTTP/1.1" 200 56290 "http://www.wonder-geek.com/templates/Pixame_v1/stylesheet.css" "Mozilla/5.0 (Windows NT 6.1; Win64; x64) AppleWebKit/537.36 (KHTML, like Gecko) Chrome/96.0.4664.110 Safari/537.36"
82.38.19.144 - - [15/Dec/2021:23:01:56 +0100] "GET /templates/Pixame_v1/images/nav.png HTTP/1.1" 200 1283 "http://www.wonder-geek.com/templates/Pixame_v1/stylesheet.css" "Mozilla/5.0 (Windows NT 6.1; Win64; x64) AppleWebKit/537.36 (KHTML, like Gecko) Chrome/96.0.4664.110 Safari/537.36"
82.38.19.144 - - [15/Dec/2021:23:01:56 +0100] "GET /templates/Pixame_v1/images/header.png HTTP/1.1" 200 70245 "http://www.wonder-geek.com/templates/Pixame_v1/stylesheet.css" "Mozilla/5.0 (Windows NT 6.1; Win64; x64) AppleWebKit/537.36 (KHTML, like Gecko) Chrome/96.0.4664.110 Safari/537.36"
82.38.19.144 - - [15/Dec/2021:23:01:56 +0100] "GET /templates/Pixame_v1/images/header-object.png HTTP/1.1" 200 106050 "http://www.wonder-geek.com/templates/Pixame_v1/stylesheet.css" "Mozilla/5.0 (Windows NT 6.1; Win64; x64) AppleWebKit/537.36 (KHTML, like Gecko) Chrome/96.0.4664.110 Safari/537.36"
82.38.19.144 - - [15/Dec/2021:23:01:56 +0100] "GET /images/4895028509248.jpg HTTP/1.1" 200 109651 "http://www.wonder-geek.com/lego-superman-lite-super-heroes-keychains-p-27072.html" "Mozilla/5.0 (Windows NT 6.1; Win64; x64) AppleWebKit/537.36 (KHTML, like Gecko) Chrome/96.0.4664.110 Safari/537.36"
82.38.19.144 - - [15/Dec/2021:23:01:56 +0100] "GET /design/productsenstock.png HTTP/1.1" 200 4743 "http://www.wonder-geek.com/templates/Pixame_v1/stylesheet.css" "Mozilla/5.0 (Windows NT 6.1; Win64; x64) AppleWebKit/537.36 (KHTML, like Gecko) Chrome/96.0.4664.110 Safari/537.36"
82.38.19.144 - - [15/Dec/2021:23:01:56 +0100] "GET /templates/Pixame_v1/images/Middle_texture.jpg HTTP/1.1" 200 249620 "http://www.wonder-geek.com/templates/Pixame_v1/stylesheet.css" "Mozilla/5.0 (Windows NT 6.1; Win64; x64) AppleWebKit/537.36 (KHTML, like Gecko) Chrome/96.0.4664.110 Safari/537.36"
82.38.19.144 - - [15/Dec/2021:23:01:56 +0100] "GET /highslide/graphics/outlines/drop-shadow.png HTTP/1.1" 200 2022 "http://www.wonder-geek.com/lego-superman-lite-super-heroes-keychains-p-27072.html" "Mozilla/5.0 (Windows NT 6.1; Win64; x64) AppleWebKit/537.36 (KHTML, like Gecko) Chrome/96.0.4664.110 Safari/537.36"
82.38.19.144 - - [15/Dec/2021:23:01:56 +0100] "GET /favicon.ico HTTP/1.1" 200 1591 "http://www.wonder-geek.com/lego-superman-lite-super-heroes-keychains-p-27072.html" "Mozilla/5.0 (Windows NT 6.1; Win64; x64) AppleWebKit/537.36 (KHTML, like Gecko) Chrome/96.0.4664.110 Safari/537.36"
175.102.16.34 - - [15/Dec/2021:23:02:31 +0100] "GET /images/mini_prod/c8427787039436.jpg HTTP/1.1" 200 8933 "-" "Mozilla/5.0 (X11; Ubuntu; Linux x86_64; rv:72.0) Gecko/20100101 Firefox/72.0"
216.244.66.242 - - [15/Dec/2021:23:02:37 +0100] "GET /images/5010065075092.jpg HTTP/1.1" 200 53154 "-" "Mozilla/5.0 (compatible; DotBot/1.2; +https://opensiteexplorer.org/dotbot; help@moz.com)"
20.99.156.109 - - [15/Dec/2021:23:03:01 +0100] "GET /images/B11068-copie-4.jpg HTTP/1.1" 200 42021 "-" "Mozilla/5.0 (Windows NT 10.0; WOW64) AppleWebKit/537.36 (KHTML, like Gecko) Chrome/64.0.3282.186 Safari/537.36"
40.77.167.66 - - [15/Dec/2021:23:03:31 +0100] "GET /images/5414629126112.jpg HTTP/1.1" 200 91645 "-" "Mozilla/5.0 (compatible; bingbot/2.0; +http://www.bing.com/bingbot.htm)"
175.102.16.34 - - [15/Dec/2021:23:04:01 +0100] "GET /images/mini_prod/5018997513248.jpg HTTP/1.1" 200 7065 "-" "Mozilla/5.0 (X11; Ubuntu; Linux x86_64; rv:72.0) Gecko/20100101 Firefox/72.0"
159.138.102.98 - - [15/Dec/2021:23:04:37 +0100] "GET /images/big_prod_1/8422648608219a.jpg HTTP/1.1" 200 315494 "-" "Mozilla/5.0 (Linux; Android 7.0;) AppleWebKit/537.36 (KHTML, like Gecko) Mobile Safari/537.36 (compatible; PetalBot;+https://webmaster.petalsearch.com/site/petalbot)"
20.99.155.232 - - [15/Dec/2021:23:06:12 +0100] "GET /images/med_prod/DUB54.jpg HTTP/1.1" 200 56953 "-" "Mozilla/5.0 (Windows NT 10.0; WOW64) AppleWebKit/537.36 (KHTML, like Gecko) Chrome/64.0.3282.186 Safari/537.36"
207.46.13.52 - - [15/Dec/2021:23:07:01 +0100] "GET /images/mini_prod/8718657466859.jpg HTTP/1.1" 200 3042 "-" "Mozilla/5.0 (compatible; bingbot/2.0; +http://www.bing.com/bingbot.htm)"
185.191.171.34 - - [15/Dec/2021:23:07:50 +0100] "GET /robots.txt HTTP/1.1" 200 2438 "-" "Mozilla/5.0 (compatible; SemrushBot/7~bl; +http://www.semrush.com/bot.html)"
66.249.70.74 - - [15/Dec/2021:23:08:34 +0100] "GET /images/big_prod/3609810099876.jpg HTTP/1.1" 200 296895 "-" "Googlebot-Image/1.0"
216.244.66.242 - - [15/Dec/2021:23:11:14 +0100] "GET /images/1399984253779.jpg HTTP/1.1" 200 17199 "-" "Mozilla/5.0 (compatible; DotBot/1.2; +https://opensiteexplorer.org/dotbot; help@moz.com)"
216.244.66.242 - - [15/Dec/2021:23:11:21 +0100] "GET /images/DSCN07092euros.jpg HTTP/1.1" 200 41528 "-" "Mozilla/5.0 (compatible; DotBot/1.2; +https://opensiteexplorer.org/dotbot; help@moz.com)"
20.99.155.218 - - [15/Dec/2021:23:14:05 +0100] "GET /images/big_prod/8422014032808A.jpg HTTP/1.1" 200 85302 "-" "Mozilla/5.0 (Windows NT 10.0; ) Gecko/20100101 Firefox/61.0"
20.99.156.128 - - [15/Dec/2021:23:15:51 +0100] "GET /images/med_prod/4036113102702.jpg HTTP/1.1" 200 112881 "-" "Mozilla/4.0 (compatible; MSIE 7.0; Windows NT 6.0)"
155.138.175.238 - - [15/Dec/2021:23:15:56 +0100] "GET /images/mini_prod/3520071720609.jpg HTTP/1.1" 200 5447 "-" "Mozilla/5.0 (X11; Ubuntu; Linux x86_64; rv:72.0) Gecko/20100101 Firefox/72.0"
175.102.16.34 - - [15/Dec/2021:23:17:04 +0100] "GET /images/mini_prod/8435333835920.jpg HTTP/1.1" 200 9023 "-" "Mozilla/5.0 (X11; Ubuntu; Linux x86_64; rv:72.0) Gecko/20100101 Firefox/72.0"
66.249.70.70 - - [15/Dec/2021:23:17:14 +0100] "GET /images/big_prod/3442440234220.jpg HTTP/1.1" 200 65503 "-" "Googlebot-Image/1.0"
52.149.21.87 - - [15/Dec/2021:23:17:17 +0100] "GET /images/big_prod/3503420084041.jpg HTTP/1.1" 200 104422 "-" "Mozilla/5.0 (Windows NT 10.0; WOW64) AppleWebKit/537.36 (KHTML, like Gecko) Chrome/64.0.3282.186 Safari/537.36"
45.76.250.213 - - [15/Dec/2021:23:18:07 +0100] "GET /images/mini_prod/3760116310321.jpg HTTP/1.1" 200 10103 "-" "Mozilla/5.0 (X11; Ubuntu; Linux x86_64; rv:72.0) Gecko/20100101 Firefox/72.0"
52.149.21.95 - - [15/Dec/2021:23:22:09 +0100] "GET /images/big_prod_1/1328399219544a.jpg HTTP/1.1" 200 76267 "-" "Mozilla/5.0 (Windows NT 6.1; WOW64) AppleWebKit/537.36 (KHTML, like Gecko) Chrome/45.0.2454.101 Safari/537.36"
114.119.128.39 - - [15/Dec/2021:23:22:49 +0100] "GET /images/big_prod/041689489458.jpg HTTP/1.1" 200 111987 "-" "Mozilla/5.0 (Linux; Android 7.0;) AppleWebKit/537.36 (KHTML, like Gecko) Mobile Safari/537.36 (compatible; PetalBot;+https://webmaster.petalsearch.com/site/petalbot)"
20.99.156.33 - - [15/Dec/2021:23:23:36 +0100] "GET /images/big_prod_1/BOISDEOUD.jpg HTTP/1.1" 200 625707 "-" "Mozilla/5.0 (Windows NT 10.0; WOW64) AppleWebKit/537.36 (KHTML, like Gecko) Chrome/64.0.3282.186 Safari/537.36"
45.76.250.213 - - [15/Dec/2021:23:23:40 +0100] "GET /images/mini_prod/1399984220306.jpg HTTP/1.1" 200 5329 "-" "Mozilla/5.0 (X11; Ubuntu; Linux x86_64; rv:72.0) Gecko/20100101 Firefox/72.0"
157.55.39.228 - - [15/Dec/2021:23:24:56 +0100] "GET /images/big_prod/8433933445907.jpg HTTP/1.1" 200 73641 "-" "Mozilla/5.0 (compatible; bingbot/2.0; +http://www.bing.com/bingbot.htm)"
66.249.70.74 - - [15/Dec/2021:23:25:53 +0100] "GET /images/big_prod/1328399282463.jpg HTTP/1.1" 200 160871 "-" "Googlebot-Image/1.0"
175.7.199.75 - - [15/Dec/2021:23:26:27 +0100] "GET /images/mini_prod/8412497371747.jpg HTTP/1.1" 200 8125 "-" "Mozilla/5.0 (Windows NT 10.0; Win64; x64) AppleWebKit/537.36 (KHTML, like Gecko) Chrome/95.0.4638.69 Safari/537.36"
149.28.215.57 - - [15/Dec/2021:23:26:57 +0100] "GET /images/mini_prod/4029811408481.jpg HTTP/1.1" 200 8277 "-" "Mozilla/5.0 (X11; Ubuntu; Linux x86_64; rv:72.0) Gecko/20100101 Firefox/72.0"
157.55.39.228 - - [15/Dec/2021:23:29:07 +0100] "GET /images/big_prod/8433933100387b.jpg HTTP/1.1" 200 94631 "-" "Mozilla/5.0 (compatible; bingbot/2.0; +http://www.bing.com/bingbot.htm)"
74.125.208.114 - - [15/Dec/2021:23:29:53 +0100] "GET /images/big_prod/4029811451272.jpg HTTP/1.1" 200 190462 "-" "Mozilla/5.0 (Windows NT 5.1; rv:11.0) Gecko Firefox/11.0 (via ggpht.com GoogleImageProxy)"
144.202.104.167 - - [15/Dec/2021:23:31:24 +0100] "GET /images/mini_prod/1399984241813.jpg HTTP/1.1" 200 6456 "-" "Mozilla/5.0 (X11; Ubuntu; Linux x86_64; rv:72.0) Gecko/20100101 Firefox/72.0"
74.125.209.52 - - [15/Dec/2021:23:32:24 +0100] "GET /images/4007176121887.jpg HTTP/1.1" 200 25745 "-" "Mozilla/5.0 (Windows NT 5.1; rv:11.0) Gecko Firefox/11.0 (via ggpht.com GoogleImageProxy)"
144.202.104.167 - - [15/Dec/2021:23:33:14 +0100] "GET /images/mini_prod/7601019993043.jpg HTTP/1.1" 200 6604 "-" "Mozilla/5.0 (X11; Ubuntu; Linux x86_64; rv:72.0) Gecko/20100101 Firefox/72.0"
20.99.155.199 - - [15/Dec/2021:23:33:47 +0100] "GET /images/big_prod/3565750285796.jpg HTTP/1.1" 200 103356 "-" "Mozilla/5.0 (Windows NT 10.0; WOW64) AppleWebKit/537.36 (KHTML, like Gecko) Chrome/67.0.3396.99 Safari/537.36"
114.119.146.158 - - [15/Dec/2021:23:34:32 +0100] "GET /robots.txt HTTP/1.1" 200 2438 "-" "Mozilla/5.0 (compatible;PetalBot;+https://webmaster.petalsearch.com/site/petalbot)"
155.138.175.238 - - [15/Dec/2021:23:36:03 +0100] "GET /images/mini_prod/3453131141055.jpg HTTP/1.1" 200 5884 "-" "Mozilla/5.0 (X11; Ubuntu; Linux x86_64; rv:72.0) Gecko/20100101 Firefox/72.0"
66.249.70.72 - - [15/Dec/2021:23:36:35 +0100] "GET /images/big_prod_1/1345544904490N.jpg HTTP/1.1" 200 102000 "-" "Googlebot-Image/1.0"
45.76.250.213 - - [15/Dec/2021:23:37:04 +0100] "GET /images/mini_prod/8424001159550N.jpg HTTP/1.1" 200 5098 "-" "Mozilla/5.0 (X11; Ubuntu; Linux x86_64; rv:72.0) Gecko/20100101 Firefox/72.0"
216.244.66.242 - - [15/Dec/2021:23:37:17 +0100] "GET /robots.txt HTTP/1.1" 200 2438 "-" "Mozilla/5.0 (compatible; DotBot/1.2; +https://opensiteexplorer.org/dotbot; help@moz.com)"
155.138.175.238 - - [15/Dec/2021:23:38:17 +0100] "GET /images/mini_prod/1399984234747.jpg HTTP/1.1" 200 10333 "-" "Mozilla/5.0 (X11; Ubuntu; Linux x86_64; rv:72.0) Gecko/20100101 Firefox/72.0"
157.55.39.125 - - [15/Dec/2021:23:38:41 +0100] "GET /images/3609810021013.jpg HTTP/1.1" 200 149759 "-" "Mozilla/5.0 (compatible; bingbot/2.0; +http://www.bing.com/bingbot.htm)"
74.125.212.48 - - [15/Dec/2021:23:39:42 +0100] "GET /images/8421440087406.jpg HTTP/1.1" 200 46784 "-" "Mozilla/5.0 (Windows NT 5.1; rv:11.0) Gecko Firefox/11.0 (via ggpht.com GoogleImageProxy)"
114.119.128.37 - - [15/Dec/2021:23:40:47 +0100] "GET /images/big_prod/8424001634125.jpg HTTP/1.1" 200 180279 "-" "Mozilla/5.0 (Linux; Android 7.0;) AppleWebKit/537.36 (KHTML, like Gecko) Mobile Safari/537.36 (compatible; PetalBot;+https://webmaster.petalsearch.com/site/petalbot)"
175.102.16.34 - - [15/Dec/2021:23:41:14 +0100] "GET /images/mini_prod/3661443611184.jpg HTTP/1.1" 200 6428 "-" "Mozilla/5.0 (X11; Ubuntu; Linux x86_64; rv:72.0) Gecko/20100101 Firefox/72.0"
157.55.39.0 - - [15/Dec/2021:23:42:38 +0100] "GET /images/big_prod/8718375750865.jpg HTTP/1.1" 200 59422 "-" "Mozilla/5.0 (compatible; bingbot/2.0; +http://www.bing.com/bingbot.htm)"
216.228.112.22 - - [15/Dec/2021:23:44:39 +0100] "GET /images/mini_prod/8424001552757.jpg HTTP/1.1" 200 9067 "-" "Mozilla/5.0 (X11; Ubuntu; Linux x86_64; rv:72.0) Gecko/20100101 Firefox/72.0"
159.75.102.74 - - [15/Dec/2021:23:45:14 +0100] "GET /images/mini_prod/5213199036063.jpg HTTP/1.1" 200 7655 "-" "Mozilla/5.0 (X11; Ubuntu; Linux x86_64; rv:72.0) Gecko/20100101 Firefox/72.0"
216.244.66.242 - - [15/Dec/2021:23:45:51 +0100] "GET /images/med_prod/8435306284311.jpg HTTP/1.1" 200 76571 "-" "Mozilla/5.0 (compatible; DotBot/1.2; +https://opensiteexplorer.org/dotbot; help@moz.com)"
66.249.93.227 - - [15/Dec/2021:23:45:53 +0100] "GET /images/big_prod/3700572750576.jpg HTTP/1.1" 200 458152 "-" "Mozilla/5.0 (Windows NT 5.1; rv:11.0) Gecko Firefox/11.0 (via ggpht.com GoogleImageProxy)"
157.55.39.115 - - [15/Dec/2021:23:46:15 +0100] "GET /robots.txt HTTP/1.1" 200 2438 "-" "Mozilla/5.0 (compatible; bingbot/2.0; +http://www.bing.com/bingbot.htm)"
207.46.13.52 - - [15/Dec/2021:23:46:36 +0100] "GET /images/1308421750146.jpg HTTP/1.1" 200 71329 "-" "Mozilla/5.0 (compatible; bingbot/2.0; +http://www.bing.com/bingbot.htm)"
66.249.70.72 - - [15/Dec/2021:23:47:13 +0100] "GET /images/mini_prod/4260082937786.jpg HTTP/1.1" 200 4277 "-" "Googlebot-Image/1.0"
23.100.232.233 - - [15/Dec/2021:23:47:49 +0100] "GET /templates/Pixame_v1/stylesheet.css HTTP/1.1" 200 56057 "http://www.wonder-geek.com/empty-tray-pocket-tree-life-pattern-carved-wood-p-53773.html" "Mozilla/5.0 (compatible; MSIE 9.0; Windows NT 6.0; Trident/5.0;  Trident/5.0)"
23.100.232.233 - - [15/Dec/2021:23:47:49 +0100] "GET /highslide/highslide.js HTTP/1.1" 200 42909 "http://www.wonder-geek.com/empty-tray-pocket-tree-life-pattern-carved-wood-p-53773.html" "Mozilla/5.0 (compatible; MSIE 9.0; Windows NT 6.0; Trident/5.0;  Trident/5.0)"
23.100.232.233 - - [15/Dec/2021:23:47:49 +0100] "GET /js/jquery.jqzoom.js HTTP/1.1" 200 4761 "http://www.wonder-geek.com/empty-tray-pocket-tree-life-pattern-carved-wood-p-53773.html" "Mozilla/5.0 (compatible; MSIE 9.0; Windows NT 6.0; Trident/5.0;  Trident/5.0)"
23.100.232.233 - - [15/Dec/2021:23:47:49 +0100] "GET /js/jquery.js HTTP/1.1" 200 54075 "http://www.wonder-geek.com/empty-tray-pocket-tree-life-pattern-carved-wood-p-53773.html" "Mozilla/5.0 (compatible; MSIE 9.0; Windows NT 6.0; Trident/5.0;  Trident/5.0)"
23.100.232.233 - - [15/Dec/2021:23:47:49 +0100] "GET /mondial_relay/js/jquery-1.3.2.min.js HTTP/1.1" 200 57254 "http://www.wonder-geek.com/empty-tray-pocket-tree-life-pattern-carved-wood-p-53773.html" "Mozilla/5.0 (compatible; MSIE 9.0; Windows NT 6.0; Trident/5.0;  Trident/5.0)"
23.100.232.233 - - [15/Dec/2021:23:47:50 +0100] "GET /templates/Pixame_v1/images/flash.swf HTTP/1.1" 200 2868 "http://www.wonder-geek.com/empty-tray-pocket-tree-life-pattern-carved-wood-p-53773.html" "Mozilla/5.0 (compatible; MSIE 9.0; Windows NT 6.0; Trident/5.0;  Trident/5.0)"
20.99.156.67 - - [15/Dec/2021:23:50:16 +0100] "GET /images/big_prod/3609810072138.jpg HTTP/1.1" 200 168570 "-" "Mozilla/5.0 (Macintosh; U; PPC Mac OS X 10.5; en-US; rv:1.9.2.15) Gecko/20110303 Firefox/3.6.15"
88.111.180.134 - - [15/Dec/2021:23:50:28 +0100] "GET /js/jquery.jqzoom.js HTTP/1.1" 200 4761 "http://www.wonder-geek.com/" "Mozilla/5.0 (iPad; CPU OS 15_1 like Mac OS X) AppleWebKit/605.1.15 (KHTML, like Gecko) Version/15.1 Mobile/15E148 Safari/604.1"
88.111.180.134 - - [15/Dec/2021:23:50:28 +0100] "GET /templates/Pixame_v1/stylesheet.css HTTP/1.1" 200 56057 "http://www.wonder-geek.com/" "Mozilla/5.0 (iPad; CPU OS 15_1 like Mac OS X) AppleWebKit/605.1.15 (KHTML, like Gecko) Version/15.1 Mobile/15E148 Safari/604.1"
88.111.180.134 - - [15/Dec/2021:23:50:29 +0100] "GET /highslide/highslide.js HTTP/1.1" 200 42909 "http://www.wonder-geek.com/" "Mozilla/5.0 (iPad; CPU OS 15_1 like Mac OS X) AppleWebKit/605.1.15 (KHTML, like Gecko) Version/15.1 Mobile/15E148 Safari/604.1"
88.111.180.134 - - [15/Dec/2021:23:50:29 +0100] "GET /mondial_relay/js/jquery-1.3.2.min.js HTTP/1.1" 200 57254 "http://www.wonder-geek.com/" "Mozilla/5.0 (iPad; CPU OS 15_1 like Mac OS X) AppleWebKit/605.1.15 (KHTML, like Gecko) Version/15.1 Mobile/15E148 Safari/604.1"
88.111.180.134 - - [15/Dec/2021:23:50:29 +0100] "GET /js/jquery.js HTTP/1.1" 200 54075 "http://www.wonder-geek.com/" "Mozilla/5.0 (iPad; CPU OS 15_1 like Mac OS X) AppleWebKit/605.1.15 (KHTML, like Gecko) Version/15.1 Mobile/15E148 Safari/604.1"
88.111.180.134 - - [15/Dec/2021:23:50:29 +0100] "GET /templates/Pixame_v1/images/icon_accueil2.png HTTP/1.1" 200 1137 "http://www.wonder-geek.com/" "Mozilla/5.0 (iPad; CPU OS 15_1 like Mac OS X) AppleWebKit/605.1.15 (KHTML, like Gecko) Version/15.1 Mobile/15E148 Safari/604.1"
88.111.180.134 - - [15/Dec/2021:23:50:29 +0100] "GET /templates/Pixame_v1/images/Bottom_texture.jpg HTTP/1.1" 200 56290 "http://www.wonder-geek.com/" "Mozilla/5.0 (iPad; CPU OS 15_1 like Mac OS X) AppleWebKit/605.1.15 (KHTML, like Gecko) Version/15.1 Mobile/15E148 Safari/604.1"
88.111.180.134 - - [15/Dec/2021:23:50:29 +0100] "GET /templates/Pixame_v1/images/nav.png HTTP/1.1" 200 1283 "http://www.wonder-geek.com/" "Mozilla/5.0 (iPad; CPU OS 15_1 like Mac OS X) AppleWebKit/605.1.15 (KHTML, like Gecko) Version/15.1 Mobile/15E148 Safari/604.1"
88.111.180.134 - - [15/Dec/2021:23:50:29 +0100] "GET /templates/Pixame_v1/images/header.png HTTP/1.1" 200 70245 "http://www.wonder-geek.com/" "Mozilla/5.0 (iPad; CPU OS 15_1 like Mac OS X) AppleWebKit/605.1.15 (KHTML, like Gecko) Version/15.1 Mobile/15E148 Safari/604.1"
88.111.180.134 - - [15/Dec/2021:23:50:30 +0100] "GET /templates/Pixame_v1/images/header-object.png HTTP/1.1" 200 106050 "http://www.wonder-geek.com/" "Mozilla/5.0 (iPad; CPU OS 15_1 like Mac OS X) AppleWebKit/605.1.15 (KHTML, like Gecko) Version/15.1 Mobile/15E148 Safari/604.1"
88.111.180.134 - - [15/Dec/2021:23:50:30 +0100] "GET /design/productsenstock.png HTTP/1.1" 200 4743 "http://www.wonder-geek.com/" "Mozilla/5.0 (iPad; CPU OS 15_1 like Mac OS X) AppleWebKit/605.1.15 (KHTML, like Gecko) Version/15.1 Mobile/15E148 Safari/604.1"
88.111.180.134 - - [15/Dec/2021:23:50:30 +0100] "GET /templates/Pixame_v1/images/Middle_texture.jpg HTTP/1.1" 200 249620 "http://www.wonder-geek.com/" "Mozilla/5.0 (iPad; CPU OS 15_1 like Mac OS X) AppleWebKit/605.1.15 (KHTML, like Gecko) Version/15.1 Mobile/15E148 Safari/604.1"
88.111.180.134 - - [15/Dec/2021:23:50:31 +0100] "GET /images/big_prod/3700572750576.jpg HTTP/1.1" 200 458152 "http://www.wonder-geek.com/" "Mozilla/5.0 (iPad; CPU OS 15_1 like Mac OS X) AppleWebKit/605.1.15 (KHTML, like Gecko) Version/15.1 Mobile/15E148 Safari/604.1"
88.111.180.134 - - [15/Dec/2021:23:50:31 +0100] "GET /templates/Pixame_v1/images/buttons/english/button_in_cart.gif HTTP/1.1" 200 1212 "http://www.wonder-geek.com/" "Mozilla/5.0 (iPad; CPU OS 15_1 like Mac OS X) AppleWebKit/605.1.15 (KHTML, like Gecko) Version/15.1 Mobile/15E148 Safari/604.1"
88.111.180.134 - - [15/Dec/2021:23:50:33 +0100] "GET /images/big_prod_1/3700572750576B.jpg HTTP/1.1" 200 461475 "http://www.wonder-geek.com/" "Mozilla/5.0 (iPad; CPU OS 15_1 like Mac OS X) AppleWebKit/605.1.15 (KHTML, like Gecko) Version/15.1 Mobile/15E148 Safari/604.1"
88.111.180.134 - - [15/Dec/2021:23:50:33 +0100] "GET /highslide/graphics/outlines/drop-shadow.png HTTP/1.1" 200 2022 "http://www.wonder-geek.com/" "Mozilla/5.0 (iPad; CPU OS 15_1 like Mac OS X) AppleWebKit/605.1.15 (KHTML, like Gecko) Version/15.1 Mobile/15E148 Safari/604.1"
88.111.180.134 - - [15/Dec/2021:23:50:34 +0100] "GET /favicon.ico HTTP/1.1" 200 1591 "http://www.wonder-geek.com/" "Mozilla/5.0 (iPad; CPU OS 15_1 like Mac OS X) AppleWebKit/605.1.15 (KHTML, like Gecko) Version/15.1 Mobile/15E148 Safari/604.1"
147.92.153.12 - - [15/Dec/2021:23:51:57 +0100] "GET /images/big_prod/3442440234183.jpg HTTP/1.1" 200 270204 "-" "Mozilla/5.0 (compatible; Linespider/1.1; +https://lin.ee/4dwXkTH)"
45.76.250.213 - - [15/Dec/2021:23:52:12 +0100] "GET /images/mini_prod/3272760404221.jpg HTTP/1.1" 200 5042 "-" "Mozilla/5.0 (X11; Ubuntu; Linux x86_64; rv:72.0) Gecko/20100101 Firefox/72.0"
216.244.66.242 - - [15/Dec/2021:23:52:13 +0100] "GET /images/big_prod/8433933190739.jpg HTTP/1.1" 200 114700 "-" "Mozilla/5.0 (compatible; DotBot/1.2; +https://opensiteexplorer.org/dotbot; help@moz.com)"
45.76.250.213 - - [15/Dec/2021:23:52:29 +0100] "GET /images/big_prod_1/3700281645163a.jpg HTTP/1.1" 200 268788 "-" "Mozilla/5.0 (X11; Ubuntu; Linux x86_64; rv:72.0) Gecko/20100101 Firefox/72.0"
157.55.39.0 - - [15/Dec/2021:23:52:46 +0100] "GET /images/mini_prod/1384000000444.jpg HTTP/1.1" 200 4243 "-" "Mozilla/5.0 (compatible; bingbot/2.0; +http://www.bing.com/bingbot.htm)"
175.102.16.34 - - [15/Dec/2021:23:53:53 +0100] "GET /images/mini_prod/tsmlshreck.jpg HTTP/1.1" 200 7710 "-" "Mozilla/5.0 (X11; Ubuntu; Linux x86_64; rv:72.0) Gecko/20100101 Firefox/72.0"
175.102.16.34 - - [15/Dec/2021:23:54:10 +0100] "GET /images/mini_prod/070209_191201_PEEL_gnVzFs.jpg HTTP/1.1" 200 16519 "-" "Mozilla/5.0 (X11; Ubuntu; Linux x86_64; rv:72.0) Gecko/20100101 Firefox/72.0"
157.55.39.228 - - [15/Dec/2021:23:54:16 +0100] "GET /images/4007176153376.jpg HTTP/1.1" 200 28206 "-" "Mozilla/5.0 (compatible; bingbot/2.0; +http://www.bing.com/bingbot.htm)"
114.119.128.34 - - [15/Dec/2021:23:57:30 +0100] "GET /images/big_prod/8424001854486.jpg HTTP/1.1" 200 612917 "-" "Mozilla/5.0 (Linux; Android 7.0;) AppleWebKit/537.36 (KHTML, like Gecko) Mobile Safari/537.36 (compatible; PetalBot;+https://webmaster.petalsearch.com/site/petalbot)"
66.249.70.74 - - [15/Dec/2021:23:57:55 +0100] "GET /images/big_prod_1/3442440234220b.jpg HTTP/1.1" 200 45194 "-" "Googlebot-Image/1.0"
149.28.215.57 - - [15/Dec/2021:23:58:32 +0100] "GET /images/mini_prod/8719075391150.jpg HTTP/1.1" 200 6883 "-" "Mozilla/5.0 (X11; Ubuntu; Linux x86_64; rv:72.0) Gecko/20100101 Firefox/72.0"
149.28.215.57 - - [16/Dec/2021:00:01:27 +0100] "GET /images/mini_prod/DSCN0788bis.jpg HTTP/1.1" 200 5044 "-" "Mozilla/5.0 (X11; Ubuntu; Linux x86_64; rv:72.0) Gecko/20100101 Firefox/72.0"
20.99.155.235 - - [16/Dec/2021:00:04:28 +0100] "GET /images/big_prod/3701206604371.jpg HTTP/1.1" 200 305068 "-" "Mozilla/5.0 (Windows NT 6.1; WOW64) AppleWebKit/537.36 (KHTML, like Gecko) Chrome/45.0.2454.101 Safari/537.36"
157.55.39.125 - - [16/Dec/2021:00:05:22 +0100] "GET /images/big_prod_1/8485012480231B.jpg HTTP/1.1" 200 367814 "-" "Mozilla/5.0 (compatible; bingbot/2.0; +http://www.bing.com/bingbot.htm)"
51.222.253.6 - - [16/Dec/2021:00:05:41 +0100] "GET /robots.txt HTTP/1.1" 200 2438 "-" "Mozilla/5.0 (compatible; AhrefsBot/7.0; +http://ahrefs.com/robot/)"
157.55.39.223 - - [16/Dec/2021:00:06:39 +0100] "GET /images/big_prod_1/8433933164440b.jpg HTTP/1.1" 200 87092 "-" "Mozilla/5.0 (compatible; bingbot/2.0; +http://www.bing.com/bingbot.htm)"
114.119.128.34 - - [16/Dec/2021:00:07:51 +0100] "GET /images/big_prod_2/8424001704613B.jpg HTTP/1.1" 200 822939 "-" "Mozilla/5.0 (Linux; Android 7.0;) AppleWebKit/537.36 (KHTML, like Gecko) Mobile Safari/537.36 (compatible; PetalBot;+https://webmaster.petalsearch.com/site/petalbot)"
66.249.70.74 - - [16/Dec/2021:00:08:37 +0100] "GET /images/big_prod/8424346229147.jpg HTTP/1.1" 200 331988 "-" "Googlebot-Image/1.0"
185.191.171.19 - - [16/Dec/2021:00:08:40 +0100] "GET /robots.txt HTTP/1.1" 200 2438 "-" "Mozilla/5.0 (compatible; SemrushBot/7~bl; +http://www.semrush.com/bot.html)"
175.102.16.34 - - [16/Dec/2021:00:12:25 +0100] "GET /images/mini_prod/1439122000008.jpg HTTP/1.1" 200 7103 "-" "Mozilla/5.0 (X11; Ubuntu; Linux x86_64; rv:72.0) Gecko/20100101 Firefox/72.0"
207.46.13.62 - - [16/Dec/2021:00:13:31 +0100] "GET /images/big_prod/8433933193334.jpg HTTP/1.1" 200 89734 "-" "Mozilla/5.0 (compatible; bingbot/2.0; +http://www.bing.com/bingbot.htm)"
66.249.88.94 - - [16/Dec/2021:00:14:29 +0100] "GET /images/big_prod/8435153867736.jpg HTTP/1.1" 200 79710 "-" "Mozilla/5.0 (Windows NT 5.1; rv:11.0) Gecko Firefox/11.0 (via ggpht.com GoogleImageProxy)"
174.248.43.78 - - [16/Dec/2021:00:14:31 +0100] "GET /js/jquery.jqzoom.js HTTP/1.1" 200 4761 "http://www.wonder-geek.com/gold-black-elephant-table-lamp-p-54617.html" "Mozilla/5.0 (Linux; Android 12; SM-G998U) AppleWebKit/537.36 (KHTML, like Gecko) Chrome/96.0.4664.92 Mobile Safari/537.36"
174.248.43.78 - - [16/Dec/2021:00:14:31 +0100] "GET /highslide/highslide.js HTTP/1.1" 200 42909 "http://www.wonder-geek.com/gold-black-elephant-table-lamp-p-54617.html" "Mozilla/5.0 (Linux; Android 12; SM-G998U) AppleWebKit/537.36 (KHTML, like Gecko) Chrome/96.0.4664.92 Mobile Safari/537.36"
174.248.43.78 - - [16/Dec/2021:00:14:31 +0100] "GET /js/jquery.js HTTP/1.1" 200 54075 "http://www.wonder-geek.com/gold-black-elephant-table-lamp-p-54617.html" "Mozilla/5.0 (Linux; Android 12; SM-G998U) AppleWebKit/537.36 (KHTML, like Gecko) Chrome/96.0.4664.92 Mobile Safari/537.36"
174.248.43.78 - - [16/Dec/2021:00:14:31 +0100] "GET /templates/Pixame_v1/stylesheet.css HTTP/1.1" 200 56057 "http://www.wonder-geek.com/gold-black-elephant-table-lamp-p-54617.html" "Mozilla/5.0 (Linux; Android 12; SM-G998U) AppleWebKit/537.36 (KHTML, like Gecko) Chrome/96.0.4664.92 Mobile Safari/537.36"
174.248.43.78 - - [16/Dec/2021:00:14:31 +0100] "GET /mondial_relay/js/jquery-1.3.2.min.js HTTP/1.1" 200 57254 "http://www.wonder-geek.com/gold-black-elephant-table-lamp-p-54617.html" "Mozilla/5.0 (Linux; Android 12; SM-G998U) AppleWebKit/537.36 (KHTML, like Gecko) Chrome/96.0.4664.92 Mobile Safari/537.36"
174.248.43.78 - - [16/Dec/2021:00:14:31 +0100] "GET /templates/Pixame_v1/images/icon_accueil2.png HTTP/1.1" 200 1137 "http://www.wonder-geek.com/gold-black-elephant-table-lamp-p-54617.html" "Mozilla/5.0 (Linux; Android 12; SM-G998U) AppleWebKit/537.36 (KHTML, like Gecko) Chrome/96.0.4664.92 Mobile Safari/537.36"
174.248.43.78 - - [16/Dec/2021:00:14:32 +0100] "GET /templates/Pixame_v1/images/nav.png HTTP/1.1" 200 1283 "http://www.wonder-geek.com/templates/Pixame_v1/stylesheet.css" "Mozilla/5.0 (Linux; Android 12; SM-G998U) AppleWebKit/537.36 (KHTML, like Gecko) Chrome/96.0.4664.92 Mobile Safari/537.36"
174.248.43.78 - - [16/Dec/2021:00:14:32 +0100] "GET /templates/Pixame_v1/images/Bottom_texture.jpg HTTP/1.1" 200 56290 "http://www.wonder-geek.com/templates/Pixame_v1/stylesheet.css" "Mozilla/5.0 (Linux; Android 12; SM-G998U) AppleWebKit/537.36 (KHTML, like Gecko) Chrome/96.0.4664.92 Mobile Safari/537.36"
174.248.43.78 - - [16/Dec/2021:00:14:32 +0100] "GET /images/big_prod/8435153867736.jpg HTTP/1.1" 200 79710 "http://www.wonder-geek.com/gold-black-elephant-table-lamp-p-54617.html" "Mozilla/5.0 (Linux; Android 12; SM-G998U) AppleWebKit/537.36 (KHTML, like Gecko) Chrome/96.0.4664.92 Mobile Safari/537.36"
174.248.43.78 - - [16/Dec/2021:00:14:32 +0100] "GET /templates/Pixame_v1/images/header.png HTTP/1.1" 200 70245 "http://www.wonder-geek.com/templates/Pixame_v1/stylesheet.css" "Mozilla/5.0 (Linux; Android 12; SM-G998U) AppleWebKit/537.36 (KHTML, like Gecko) Chrome/96.0.4664.92 Mobile Safari/537.36"
174.248.43.78 - - [16/Dec/2021:00:14:32 +0100] "GET /templates/Pixame_v1/images/header-object.png HTTP/1.1" 200 106050 "http://www.wonder-geek.com/templates/Pixame_v1/stylesheet.css" "Mozilla/5.0 (Linux; Android 12; SM-G998U) AppleWebKit/537.36 (KHTML, like Gecko) Chrome/96.0.4664.92 Mobile Safari/537.36"
174.248.43.78 - - [16/Dec/2021:00:14:32 +0100] "GET /design/productsenstock.png HTTP/1.1" 200 4743 "http://www.wonder-geek.com/templates/Pixame_v1/stylesheet.css" "Mozilla/5.0 (Linux; Android 12; SM-G998U) AppleWebKit/537.36 (KHTML, like Gecko) Chrome/96.0.4664.92 Mobile Safari/537.36"
174.248.43.78 - - [16/Dec/2021:00:14:32 +0100] "GET /templates/Pixame_v1/images/buttons/english/button_in_cart.gif HTTP/1.1" 200 1212 "http://www.wonder-geek.com/gold-black-elephant-table-lamp-p-54617.html" "Mozilla/5.0 (Linux; Android 12; SM-G998U) AppleWebKit/537.36 (KHTML, like Gecko) Chrome/96.0.4664.92 Mobile Safari/537.36"
174.248.43.78 - - [16/Dec/2021:00:14:32 +0100] "GET /templates/Pixame_v1/images/Middle_texture.jpg HTTP/1.1" 200 249620 "http://www.wonder-geek.com/templates/Pixame_v1/stylesheet.css" "Mozilla/5.0 (Linux; Android 12; SM-G998U) AppleWebKit/537.36 (KHTML, like Gecko) Chrome/96.0.4664.92 Mobile Safari/537.36"
174.248.43.78 - - [16/Dec/2021:00:14:33 +0100] "GET /highslide/graphics/outlines/drop-shadow.png HTTP/1.1" 200 2022 "http://www.wonder-geek.com/gold-black-elephant-table-lamp-p-54617.html" "Mozilla/5.0 (Linux; Android 12; SM-G998U) AppleWebKit/537.36 (KHTML, like Gecko) Chrome/96.0.4664.92 Mobile Safari/537.36"
174.248.43.78 - - [16/Dec/2021:00:14:33 +0100] "GET /favicon.ico HTTP/1.1" 200 1591 "http://www.wonder-geek.com/gold-black-elephant-table-lamp-p-54617.html" "Mozilla/5.0 (Linux; Android 12; SM-G998U) AppleWebKit/537.36 (KHTML, like Gecko) Chrome/96.0.4664.92 Mobile Safari/537.36"
8.209.109.51 - - [16/Dec/2021:00:15:42 +0100] "GET /images/8435306259579.jpg HTTP/1.1" 200 92515 "https://google.com" "Mozilla/5.0 (X11; U; Linux x86_64) AppleWebKit/537.36 (KHTML, like Gecko) Chrome/71.0.3541.77 Safari/537.36"
175.102.16.34 - - [16/Dec/2021:00:15:56 +0100] "GET /images/mini_prod/8435333853245.jpg HTTP/1.1" 200 9369 "-" "Mozilla/5.0 (X11; Ubuntu; Linux x86_64; rv:72.0) Gecko/20100101 Firefox/72.0"
157.55.39.125 - - [16/Dec/2021:00:16:13 +0100] "GET /images/med_prod/1399984272190.jpg HTTP/1.1" 200 155055 "-" "Mozilla/5.0 (compatible; bingbot/2.0; +http://www.bing.com/bingbot.htm)"
71.179.200.105 - - [16/Dec/2021:00:16:33 +0100] "GET /robots.txt HTTP/1.1" 200 2438 "-" "Mozilla/5.0 (compatible; MJ12bot/v1.4.8; http://mj12bot.com/)"
66.249.70.72 - - [16/Dec/2021:00:19:19 +0100] "GET /images/big_prod/3700344871669.jpg HTTP/1.1" 200 66039 "-" "Googlebot-Image/1.0"
89.186.188.30 - - [16/Dec/2021:00:20:14 +0100] "GET /images/mini_prod/5213199036063.jpg HTTP/1.1" 200 7655 "-" "Mozilla/5.0 (X11; Ubuntu; Linux x86_64; rv:72.0) Gecko/20100101 Firefox/72.0"
207.46.13.62 - - [16/Dec/2021:00:21:21 +0100] "GET /images/big_prod_1/4250255859472a.jpg HTTP/1.1" 200 78986 "-" "Mozilla/5.0 (compatible; bingbot/2.0; +http://www.bing.com/bingbot.htm)"
114.119.128.37 - - [16/Dec/2021:00:21:41 +0100] "GET /images/mini_prod/8435465005734.jpg HTTP/1.1" 200 4475 "-" "Mozilla/5.0 (Linux; Android 7.0;) AppleWebKit/537.36 (KHTML, like Gecko) Mobile Safari/537.36 (compatible; PetalBot;+https://webmaster.petalsearch.com/site/petalbot)"
216.244.66.242 - - [16/Dec/2021:00:21:41 +0100] "GET /robots.txt HTTP/1.1" 200 2438 "-" "Mozilla/5.0 (compatible; DotBot/1.2; +https://opensiteexplorer.org/dotbot; help@moz.com)"
217.113.247.3 - - [16/Dec/2021:00:21:57 +0100] "GET /images/big_prod/028399188536.jpg HTTP/1.1" 200 170175 "https://www.wangzze.xyz/" "Mozilla/5.0 (iPhone; CPU iPhone OS 13_3_1 like Mac OS X) AppleWebKit/605.1.15 (KHTML, like Gecko) Version/13.0.5 Mobile/15E148 Safari/604.1"
157.55.39.125 - - [16/Dec/2021:00:22:44 +0100] "GET /images/3700057117382.jpg HTTP/1.1" 200 28654 "-" "Mozilla/5.0 (compatible; bingbot/2.0; +http://www.bing.com/bingbot.htm)"
52.149.21.87 - - [16/Dec/2021:00:22:55 +0100] "GET /images/8421440065404.jpg HTTP/1.1" 200 31660 "-" "Mozilla/5.0 (Windows NT 10.0; ) Gecko/20100101 Firefox/61.0"
114.119.128.26 - - [16/Dec/2021:00:23:51 +0100] "GET /images/mini_prod/8720512972320.jpg HTTP/1.1" 200 9767 "-" "Mozilla/5.0 (Linux; Android 7.0;) AppleWebKit/537.36 (KHTML, like Gecko) Mobile Safari/537.36 (compatible; PetalBot;+https://webmaster.petalsearch.com/site/petalbot)"
36.110.199.243 - - [16/Dec/2021:00:24:46 +0100] "GET /images/mini_prod/5036278062209.jpg HTTP/1.1" 200 6756 "-" "Mozilla/5.0"
20.99.156.119 - - [16/Dec/2021:00:25:22 +0100] "GET /images/big_prod_1/6971640206074a.jpg HTTP/1.1" 200 172154 "-" "Mozilla/5.0 (Windows NT 10.0; WOW64) AppleWebKit/537.36 (KHTML, like Gecko) Chrome/67.0.3396.99 Safari/537.36"
74.125.208.112 - - [16/Dec/2021:00:25:43 +0100] "GET /images/big_prod_1/TASSENMAGNET.jpg HTTP/1.1" 200 82024 "-" "Mozilla/5.0 (Windows NT 5.1; rv:11.0) Gecko Firefox/11.0 (via ggpht.com GoogleImageProxy)"
20.99.155.232 - - [16/Dec/2021:00:25:44 +0100] "GET /images/big_prod/5018997621721.jpg HTTP/1.1" 200 123037 "-" "Mozilla/5.0 (Windows NT 10.0; WOW64) AppleWebKit/537.36 (KHTML, like Gecko) Chrome/67.0.3396.99 Safari/537.36"
114.119.128.37 - - [16/Dec/2021:00:25:56 +0100] "GET /images/big_prod_1/8433933147184a.jpg HTTP/1.1" 200 191208 "-" "Mozilla/5.0 (Linux; Android 7.0;) AppleWebKit/537.36 (KHTML, like Gecko) Mobile Safari/537.36 (compatible; PetalBot;+https://webmaster.petalsearch.com/site/petalbot)"
108.231.76.126 - - [16/Dec/2021:00:26:33 +0100] "GET /highslide/highslide.js HTTP/1.1" 200 42909 "http://www.wonder-geek.com/artist-jimmy-liao-rabbit-figure-sonny-angel-p-56919.html" "Mozilla/5.0 (Windows NT 10.0; Win64; x64) AppleWebKit/537.36 (KHTML, like Gecko) Chrome/96.0.4664.93 Safari/537.36"
108.231.76.126 - - [16/Dec/2021:00:26:33 +0100] "GET /js/jquery.jqzoom.js HTTP/1.1" 200 4761 "http://www.wonder-geek.com/artist-jimmy-liao-rabbit-figure-sonny-angel-p-56919.html" "Mozilla/5.0 (Windows NT 10.0; Win64; x64) AppleWebKit/537.36 (KHTML, like Gecko) Chrome/96.0.4664.93 Safari/537.36"
108.231.76.126 - - [16/Dec/2021:00:26:33 +0100] "GET /templates/Pixame_v1/stylesheet.css HTTP/1.1" 200 56057 "http://www.wonder-geek.com/artist-jimmy-liao-rabbit-figure-sonny-angel-p-56919.html" "Mozilla/5.0 (Windows NT 10.0; Win64; x64) AppleWebKit/537.36 (KHTML, like Gecko) Chrome/96.0.4664.93 Safari/537.36"
108.231.76.126 - - [16/Dec/2021:00:26:33 +0100] "GET /js/jquery.js HTTP/1.1" 200 54075 "http://www.wonder-geek.com/artist-jimmy-liao-rabbit-figure-sonny-angel-p-56919.html" "Mozilla/5.0 (Windows NT 10.0; Win64; x64) AppleWebKit/537.36 (KHTML, like Gecko) Chrome/96.0.4664.93 Safari/537.36"
108.231.76.126 - - [16/Dec/2021:00:26:34 +0100] "GET /mondial_relay/js/jquery-1.3.2.min.js HTTP/1.1" 200 57254 "http://www.wonder-geek.com/artist-jimmy-liao-rabbit-figure-sonny-angel-p-56919.html" "Mozilla/5.0 (Windows NT 10.0; Win64; x64) AppleWebKit/537.36 (KHTML, like Gecko) Chrome/96.0.4664.93 Safari/537.36"
108.231.76.126 - - [16/Dec/2021:00:26:34 +0100] "GET /templates/Pixame_v1/images/icon_accueil2.png HTTP/1.1" 200 1137 "http://www.wonder-geek.com/artist-jimmy-liao-rabbit-figure-sonny-angel-p-56919.html" "Mozilla/5.0 (Windows NT 10.0; Win64; x64) AppleWebKit/537.36 (KHTML, like Gecko) Chrome/96.0.4664.93 Safari/537.36"
108.231.76.126 - - [16/Dec/2021:00:26:34 +0100] "GET /templates/Pixame_v1/images/Bottom_texture.jpg HTTP/1.1" 200 56290 "http://www.wonder-geek.com/templates/Pixame_v1/stylesheet.css" "Mozilla/5.0 (Windows NT 10.0; Win64; x64) AppleWebKit/537.36 (KHTML, like Gecko) Chrome/96.0.4664.93 Safari/537.36"
108.231.76.126 - - [16/Dec/2021:00:26:34 +0100] "GET /templates/Pixame_v1/images/nav.png HTTP/1.1" 200 1283 "http://www.wonder-geek.com/templates/Pixame_v1/stylesheet.css" "Mozilla/5.0 (Windows NT 10.0; Win64; x64) AppleWebKit/537.36 (KHTML, like Gecko) Chrome/96.0.4664.93 Safari/537.36"
108.231.76.126 - - [16/Dec/2021:00:26:34 +0100] "GET /templates/Pixame_v1/images/header.png HTTP/1.1" 200 70245 "http://www.wonder-geek.com/templates/Pixame_v1/stylesheet.css" "Mozilla/5.0 (Windows NT 10.0; Win64; x64) AppleWebKit/537.36 (KHTML, like Gecko) Chrome/96.0.4664.93 Safari/537.36"
108.231.76.126 - - [16/Dec/2021:00:26:34 +0100] "GET /templates/Pixame_v1/images/header-object.png HTTP/1.1" 200 106050 "http://www.wonder-geek.com/templates/Pixame_v1/stylesheet.css" "Mozilla/5.0 (Windows NT 10.0; Win64; x64) AppleWebKit/537.36 (KHTML, like Gecko) Chrome/96.0.4664.93 Safari/537.36"
108.231.76.126 - - [16/Dec/2021:00:26:34 +0100] "GET /images/big_prod/4542202657416.jpg HTTP/1.1" 200 78438 "http://www.wonder-geek.com/artist-jimmy-liao-rabbit-figure-sonny-angel-p-56919.html" "Mozilla/5.0 (Windows NT 10.0; Win64; x64) AppleWebKit/537.36 (KHTML, like Gecko) Chrome/96.0.4664.93 Safari/537.36"
108.231.76.126 - - [16/Dec/2021:00:26:34 +0100] "GET /design/productsenstock.png HTTP/1.1" 200 4743 "http://www.wonder-geek.com/templates/Pixame_v1/stylesheet.css" "Mozilla/5.0 (Windows NT 10.0; Win64; x64) AppleWebKit/537.36 (KHTML, like Gecko) Chrome/96.0.4664.93 Safari/537.36"
108.231.76.126 - - [16/Dec/2021:00:26:35 +0100] "GET /templates/Pixame_v1/images/Middle_texture.jpg HTTP/1.1" 200 249620 "http://www.wonder-geek.com/templates/Pixame_v1/stylesheet.css" "Mozilla/5.0 (Windows NT 10.0; Win64; x64) AppleWebKit/537.36 (KHTML, like Gecko) Chrome/96.0.4664.93 Safari/537.36"
108.231.76.126 - - [16/Dec/2021:00:26:35 +0100] "GET /templates/Pixame_v1/images/buttons/english/button_in_cart.gif HTTP/1.1" 200 1212 "http://www.wonder-geek.com/artist-jimmy-liao-rabbit-figure-sonny-angel-p-56919.html" "Mozilla/5.0 (Windows NT 10.0; Win64; x64) AppleWebKit/537.36 (KHTML, like Gecko) Chrome/96.0.4664.93 Safari/537.36"
108.231.76.126 - - [16/Dec/2021:00:26:35 +0100] "GET /images/big_prod_1/4542202657416a.jpg HTTP/1.1" 200 82989 "http://www.wonder-geek.com/artist-jimmy-liao-rabbit-figure-sonny-angel-p-56919.html" "Mozilla/5.0 (Windows NT 10.0; Win64; x64) AppleWebKit/537.36 (KHTML, like Gecko) Chrome/96.0.4664.93 Safari/537.36"
108.231.76.126 - - [16/Dec/2021:00:26:35 +0100] "GET /highslide/graphics/outlines/drop-shadow.png HTTP/1.1" 200 2022 "http://www.wonder-geek.com/artist-jimmy-liao-rabbit-figure-sonny-angel-p-56919.html" "Mozilla/5.0 (Windows NT 10.0; Win64; x64) AppleWebKit/537.36 (KHTML, like Gecko) Chrome/96.0.4664.93 Safari/537.36"
108.231.76.126 - - [16/Dec/2021:00:26:35 +0100] "GET /favicon.ico HTTP/1.1" 200 1591 "http://www.wonder-geek.com/artist-jimmy-liao-rabbit-figure-sonny-angel-p-56919.html" "Mozilla/5.0 (Windows NT 10.0; Win64; x64) AppleWebKit/537.36 (KHTML, like Gecko) Chrome/96.0.4664.93 Safari/537.36"
114.119.128.253 - - [16/Dec/2021:00:27:58 +0100] "GET /images/big_prod/8422077100018.jpg HTTP/1.1" 200 115803 "-" "Mozilla/5.0 (Linux; Android 7.0;) AppleWebKit/537.36 (KHTML, like Gecko) Mobile Safari/537.36 (compatible; PetalBot;+https://webmaster.petalsearch.com/site/petalbot)"
207.46.13.62 - - [16/Dec/2021:00:28:03 +0100] "GET /images/big_prod/8717318154029.jpg HTTP/1.1" 200 88412 "-" "Mozilla/5.0 (compatible; bingbot/2.0; +http://www.bing.com/bingbot.htm)"
216.244.66.242 - - [16/Dec/2021:00:29:24 +0100] "GET /images/med_prod/3272760426933.jpg HTTP/1.1" 200 127591 "-" "Mozilla/5.0 (compatible; DotBot/1.2; +https://opensiteexplorer.org/dotbot; help@moz.com)"
66.249.70.72 - - [16/Dec/2021:00:30:00 +0100] "GET /images/mini_prod/8422023017834C.jpg HTTP/1.1" 200 8836 "-" "Googlebot-Image/1.0"
20.99.156.41 - - [16/Dec/2021:00:30:26 +0100] "GET /images/8427787047523.jpg HTTP/1.1" 200 39890 "-" "Mozilla/5.0 (Macintosh; U; PPC Mac OS X 10.5; en-US; rv:1.9.2.15) Gecko/20110303 Firefox/3.6.15"
157.55.39.223 - - [16/Dec/2021:00:31:41 +0100] "GET /images/mini_prod/5400924022280.jpg HTTP/1.1" 200 5516 "-" "Mozilla/5.0 (compatible; bingbot/2.0; +http://www.bing.com/bingbot.htm)"
207.46.13.52 - - [16/Dec/2021:00:32:37 +0100] "GET /images/big_prod/b191693004021.jpg HTTP/1.1" 200 140431 "-" "Mozilla/5.0 (compatible; bingbot/2.0; +http://www.bing.com/bingbot.htm)"
114.119.128.39 - - [16/Dec/2021:00:34:21 +0100] "GET /images/big_prod/3520071800547.jpg HTTP/1.1" 200 202269 "-" "Mozilla/5.0 (Linux; Android 7.0;) AppleWebKit/537.36 (KHTML, like Gecko) Mobile Safari/537.36 (compatible; PetalBot;+https://webmaster.petalsearch.com/site/petalbot)"
157.55.39.228 - - [16/Dec/2021:00:34:31 +0100] "GET /images/med_prod/5414451289627.jpg HTTP/1.1" 200 70477 "-" "Mozilla/5.0 (compatible; bingbot/2.0; +http://www.bing.com/bingbot.htm)"
106.52.131.116 - - [16/Dec/2021:00:35:28 +0100] "GET /images/mini_prod/3700276874486.jpg HTTP/1.1" 200 8884 "-" "Mozilla/5.0 (X11; Ubuntu; Linux x86_64; rv:72.0) Gecko/20100101 Firefox/72.0"
20.99.155.232 - - [16/Dec/2021:00:37:12 +0100] "GET /images/med_prod/3520071345673.jpg HTTP/1.1" 200 201434 "-" "Mozilla/5.0 (Windows NT 10.0; WOW64) AppleWebKit/537.36 (KHTML, like Gecko) Chrome/67.0.3396.99 Safari/537.36"
207.46.13.62 - - [16/Dec/2021:00:38:43 +0100] "GET /images/big_prod/4006592916817.jpg HTTP/1.1" 200 81185 "-" "Mozilla/5.0 (compatible; bingbot/2.0; +http://www.bing.com/bingbot.htm)"
20.69.67.192 - - [16/Dec/2021:00:39:27 +0100] "GET /images/big_prod/1384010203088.jpg HTTP/1.1" 200 115289 "-" "DuckDuckBot/1.1; (+http://duckduckgo.com/duckduckbot.html)"
45.76.250.213 - - [16/Dec/2021:00:40:46 +0100] "GET /images/mini_prod/3700653510389.jpg HTTP/1.1" 200 11868 "-" "Mozilla/5.0 (X11; Ubuntu; Linux x86_64; rv:72.0) Gecko/20100101 Firefox/72.0"
20.99.155.235 - - [16/Dec/2021:00:41:24 +0100] "GET /images/big_prod/9316188054812.jpg HTTP/1.1" 200 124222 "-" "Mozilla/4.0 (compatible; MSIE 7.0; Windows NT 6.0)"
5.255.253.187 - - [16/Dec/2021:00:43:08 +0100] "GET /robots.txt HTTP/1.1" 200 2438 "-" "Mozilla/5.0 (compatible; YandexBot/3.0; +http://yandex.com/bots)"
66.249.70.70 - - [16/Dec/2021:00:43:10 +0100] "GET /images/mini_prod/4036113232140.jpg HTTP/1.1" 200 7304 "-" "Googlebot-Image/1.0"
23.100.232.233 - - [16/Dec/2021:00:43:28 +0100] "GET /templates/Pixame_v1/stylesheet.css HTTP/1.1" 200 56057 "http://www.wonder-geek.com/rugbyman-statuette-p-51568.html" "Mozilla/5.0 (compatible; MSIE 9.0; Windows NT 6.0; Trident/5.0;  Trident/5.0)"
23.100.232.233 - - [16/Dec/2021:00:43:29 +0100] "GET /highslide/highslide.js HTTP/1.1" 200 42909 "http://www.wonder-geek.com/rugbyman-statuette-p-51568.html" "Mozilla/5.0 (compatible; MSIE 9.0; Windows NT 6.0; Trident/5.0;  Trident/5.0)"
23.100.232.233 - - [16/Dec/2021:00:43:29 +0100] "GET /js/jquery.js HTTP/1.1" 200 54075 "http://www.wonder-geek.com/rugbyman-statuette-p-51568.html" "Mozilla/5.0 (compatible; MSIE 9.0; Windows NT 6.0; Trident/5.0;  Trident/5.0)"
23.100.232.233 - - [16/Dec/2021:00:43:29 +0100] "GET /mondial_relay/js/jquery-1.3.2.min.js HTTP/1.1" 200 57254 "http://www.wonder-geek.com/rugbyman-statuette-p-51568.html" "Mozilla/5.0 (compatible; MSIE 9.0; Windows NT 6.0; Trident/5.0;  Trident/5.0)"
23.100.232.233 - - [16/Dec/2021:00:43:29 +0100] "GET /js/jquery.jqzoom.js HTTP/1.1" 200 4761 "http://www.wonder-geek.com/rugbyman-statuette-p-51568.html" "Mozilla/5.0 (compatible; MSIE 9.0; Windows NT 6.0; Trident/5.0;  Trident/5.0)"
23.100.232.233 - - [16/Dec/2021:00:43:31 +0100] "GET /templates/Pixame_v1/images/flash.swf HTTP/1.1" 200 2868 "http://www.wonder-geek.com/rugbyman-statuette-p-51568.html" "Mozilla/5.0 (compatible; MSIE 9.0; Windows NT 6.0; Trident/5.0;  Trident/5.0)"
20.99.156.10 - - [16/Dec/2021:00:43:42 +0100] "GET /images/med_prod/3519570206011.jpg HTTP/1.1" 200 54296 "-" "Mozilla/5.0 (Windows NT 10.0; WOW64) AppleWebKit/537.36 (KHTML, like Gecko) Chrome/64.0.3282.186 Safari/537.36"
23.100.232.233 - - [16/Dec/2021:00:44:27 +0100] "GET /templates/Pixame_v1/stylesheet.css HTTP/1.1" 200 56057 "http://www.wonder-geek.com/tweety-surf-money-p-34080.html" "Mozilla/5.0 (compatible; MSIE 9.0; Windows NT 6.0; Trident/5.0;  Trident/5.0)"
23.100.232.233 - - [16/Dec/2021:00:44:27 +0100] "GET /highslide/highslide.js HTTP/1.1" 200 42909 "http://www.wonder-geek.com/tweety-surf-money-p-34080.html" "Mozilla/5.0 (compatible; MSIE 9.0; Windows NT 6.0; Trident/5.0;  Trident/5.0)"
23.100.232.233 - - [16/Dec/2021:00:44:27 +0100] "GET /js/jquery.js HTTP/1.1" 200 54075 "http://www.wonder-geek.com/tweety-surf-money-p-34080.html" "Mozilla/5.0 (compatible; MSIE 9.0; Windows NT 6.0; Trident/5.0;  Trident/5.0)"
23.100.232.233 - - [16/Dec/2021:00:44:28 +0100] "GET /js/jquery.jqzoom.js HTTP/1.1" 200 4761 "http://www.wonder-geek.com/tweety-surf-money-p-34080.html" "Mozilla/5.0 (compatible; MSIE 9.0; Windows NT 6.0; Trident/5.0;  Trident/5.0)"
23.100.232.233 - - [16/Dec/2021:00:44:29 +0100] "GET /mondial_relay/js/jquery-1.3.2.min.js HTTP/1.1" 200 57254 "http://www.wonder-geek.com/tweety-surf-money-p-34080.html" "Mozilla/5.0 (compatible; MSIE 9.0; Windows NT 6.0; Trident/5.0;  Trident/5.0)"
23.100.232.233 - - [16/Dec/2021:00:44:31 +0100] "GET /templates/Pixame_v1/images/flash.swf HTTP/1.1" 200 2868 "http://www.wonder-geek.com/tweety-surf-money-p-34080.html" "Mozilla/5.0 (compatible; MSIE 9.0; Windows NT 6.0; Trident/5.0;  Trident/5.0)"
155.138.175.238 - - [16/Dec/2021:00:45:06 +0100] "GET /images/mini_prod/8422096017625.jpg HTTP/1.1" 200 7723 "-" "Mozilla/5.0 (X11; Ubuntu; Linux x86_64; rv:72.0) Gecko/20100101 Firefox/72.0"
207.46.13.62 - - [16/Dec/2021:00:45:44 +0100] "GET /images/4846603169999.jpg HTTP/1.1" 200 64726 "-" "Mozilla/5.0 (compatible; bingbot/2.0; +http://www.bing.com/bingbot.htm)"
144.202.104.167 - - [16/Dec/2021:00:47:15 +0100] "GET /images/mini_prod/3609810061910.jpg HTTP/1.1" 200 9540 "-" "Mozilla/5.0 (X11; Ubuntu; Linux x86_64; rv:72.0) Gecko/20100101 Firefox/72.0"
20.99.156.128 - - [16/Dec/2021:00:47:56 +0100] "GET /images/big_prod/3609810020597.jpg HTTP/1.1" 200 102411 "-" "Mozilla/5.0 (Windows NT 10.0; WOW64) AppleWebKit/537.36 (KHTML, like Gecko) Chrome/64.0.3282.186 Safari/537.36"
157.55.39.122 - - [16/Dec/2021:00:49:19 +0100] "GET /images/1399984264867.jpg HTTP/1.1" 200 118003 "-" "Mozilla/5.0 (compatible; bingbot/2.0; +http://www.bing.com/bingbot.htm)"
52.149.21.87 - - [16/Dec/2021:00:49:44 +0100] "GET /images/8028501692281.jpg HTTP/1.1" 200 32310 "-" "Mozilla/5.0 (Windows NT 10.0; ) Gecko/20100101 Firefox/61.0"
44.242.120.20 - - [16/Dec/2021:00:50:01 +0100] "GET /images/big_prod/5406924021049.jpg HTTP/1.1" 200 29717 "-" "Mozilla/5.0 (Windows NT 10.0; Win64; x64) AppleWebKit/537.36 (KHTML, like Gecko) Chrome/89.0.4389.114 Safari/537.36"
74.125.212.48 - - [16/Dec/2021:00:52:49 +0100] "GET /images/big_prod/3660173200040.jpg HTTP/1.1" 200 117529 "-" "Mozilla/5.0 (Windows NT 5.1; rv:11.0) Gecko Firefox/11.0 (via ggpht.com GoogleImageProxy)"
23.100.232.233 - - [16/Dec/2021:00:57:29 +0100] "GET /highslide/highslide.js HTTP/1.1" 200 42909 "http://www.wonder-geek.com/-p-18355.html" "Mozilla/5.0 (compatible; MSIE 9.0; Windows NT 6.0; Trident/5.0;  Trident/5.0)"
23.100.232.233 - - [16/Dec/2021:00:57:29 +0100] "GET /templates/Pixame_v1/stylesheet.css HTTP/1.1" 200 56057 "http://www.wonder-geek.com/-p-18355.html" "Mozilla/5.0 (compatible; MSIE 9.0; Windows NT 6.0; Trident/5.0;  Trident/5.0)"
23.100.232.233 - - [16/Dec/2021:00:57:30 +0100] "GET /js/jquery.jqzoom.js HTTP/1.1" 200 4761 "http://www.wonder-geek.com/-p-18355.html" "Mozilla/5.0 (compatible; MSIE 9.0; Windows NT 6.0; Trident/5.0;  Trident/5.0)"
23.100.232.233 - - [16/Dec/2021:00:57:30 +0100] "GET /js/jquery.js HTTP/1.1" 200 54075 "http://www.wonder-geek.com/-p-18355.html" "Mozilla/5.0 (compatible; MSIE 9.0; Windows NT 6.0; Trident/5.0;  Trident/5.0)"
23.100.232.233 - - [16/Dec/2021:00:57:30 +0100] "GET /mondial_relay/js/jquery-1.3.2.min.js HTTP/1.1" 200 57254 "http://www.wonder-geek.com/-p-18355.html" "Mozilla/5.0 (compatible; MSIE 9.0; Windows NT 6.0; Trident/5.0;  Trident/5.0)"
23.100.232.233 - - [16/Dec/2021:00:57:34 +0100] "GET /templates/Pixame_v1/images/flash.swf HTTP/1.1" 200 2868 "http://www.wonder-geek.com/-p-18355.html" "Mozilla/5.0 (compatible; MSIE 9.0; Windows NT 6.0; Trident/5.0;  Trident/5.0)"
5.255.253.187 - - [16/Dec/2021:00:57:49 +0100] "GET /images/3700057117672.jpg HTTP/1.1" 200 91296 "-" "Mozilla/5.0 (compatible; YandexImages/3.0; +http://yandex.com/bots)"
66.249.70.72 - - [16/Dec/2021:01:00:08 +0100] "GET /images/big_prod_1/b5018997612996.jpg HTTP/1.1" 200 138629 "-" "Googlebot-Image/1.0"
207.46.13.62 - - [16/Dec/2021:01:00:46 +0100] "GET /images/big_prod/1341689712303.jpg HTTP/1.1" 200 87228 "-" "Mozilla/5.0 (compatible; bingbot/2.0; +http://www.bing.com/bingbot.htm)"
66.249.85.116 - - [16/Dec/2021:01:01:11 +0100] "GET /images/big_prod/3453131143189.jpg HTTP/1.1" 200 74362 "-" "Mozilla/5.0 (Windows NT 5.1; rv:11.0) Gecko Firefox/11.0 (via ggpht.com GoogleImageProxy)"
114.119.128.40 - - [16/Dec/2021:01:01:57 +0100] "GET /images/mini_prod/3700281653519D.jpg HTTP/1.1" 200 11512 "-" "Mozilla/5.0 (Linux; Android 7.0;) AppleWebKit/537.36 (KHTML, like Gecko) Mobile Safari/537.36 (compatible; PetalBot;+https://webmaster.petalsearch.com/site/petalbot)"
175.102.16.34 - - [16/Dec/2021:01:02:10 +0100] "GET /images/mini_prod/4717115143022.jpg HTTP/1.1" 200 5268 "-" "Mozilla/5.0 (X11; Ubuntu; Linux x86_64; rv:72.0) Gecko/20100101 Firefox/72.0"
52.146.59.154 - - [16/Dec/2021:01:02:25 +0100] "GET /images/big_prod/8719497610860.jpg HTTP/1.1" 200 81019 "-" "DuckDuckBot/1.1; (+http://duckduckgo.com/duckduckbot.html)"
52.146.59.154 - - [16/Dec/2021:01:02:26 +0100] "GET /images/big_prod/8719497610846.jpg HTTP/1.1" 200 76607 "-" "DuckDuckBot/1.1; (+http://duckduckgo.com/duckduckbot.html)"
20.99.156.67 - - [16/Dec/2021:01:03:17 +0100] "GET /images/big_prod_1/b5018997627761.jpg HTTP/1.1" 200 117045 "-" "Mozilla/5.0 (Windows NT 6.1; WOW64) AppleWebKit/537.36 (KHTML, like Gecko) Chrome/45.0.2454.101 Safari/537.36"
52.149.21.95 - - [16/Dec/2021:01:03:43 +0100] "GET /images/big_prod_1/8419810094963a.jpg HTTP/1.1" 200 245717 "-" "Mozilla/5.0 (X11; Linux x86_64) AppleWebKit/537.36 (KHTML, like Gecko) Chrome/62.0.3202.62 Safari/537.36"
155.138.175.238 - - [16/Dec/2021:01:05:21 +0100] "GET /images/mini_prod/8011717796409.jpg HTTP/1.1" 200 7969 "-" "Mozilla/5.0 (X11; Ubuntu; Linux x86_64; rv:72.0) Gecko/20100101 Firefox/72.0"
216.244.66.242 - - [16/Dec/2021:01:06:30 +0100] "GET /robots.txt HTTP/1.1" 200 2438 "-" "Mozilla/5.0 (compatible; DotBot/1.2; +https://opensiteexplorer.org/dotbot; help@moz.com)"
173.23.104.17 - - [16/Dec/2021:01:07:27 +0100] "GET /js/jquery.jqzoom.js HTTP/1.1" 200 4761 "http://www.wonder-geek.com/mini-metal-tray-bcassine-p-35254.html" "Mozilla/5.0 (iPad; CPU OS 15_1 like Mac OS X) AppleWebKit/605.1.15 (KHTML, like Gecko) Version/15.0 Mobile/15E148 Safari/604.1"
173.23.104.17 - - [16/Dec/2021:01:07:27 +0100] "GET /templates/Pixame_v1/stylesheet.css HTTP/1.1" 200 56057 "http://www.wonder-geek.com/mini-metal-tray-bcassine-p-35254.html" "Mozilla/5.0 (iPad; CPU OS 15_1 like Mac OS X) AppleWebKit/605.1.15 (KHTML, like Gecko) Version/15.0 Mobile/15E148 Safari/604.1"
173.23.104.17 - - [16/Dec/2021:01:07:27 +0100] "GET /highslide/highslide.js HTTP/1.1" 200 42909 "http://www.wonder-geek.com/mini-metal-tray-bcassine-p-35254.html" "Mozilla/5.0 (iPad; CPU OS 15_1 like Mac OS X) AppleWebKit/605.1.15 (KHTML, like Gecko) Version/15.0 Mobile/15E148 Safari/604.1"
