157.55.39.0 - - [15/Dec/2021:03:16:19 +0100] "GET /images/spi2.jpg HTTP/1.1" 200 95145 "-" "Mozilla/5.0 (compatible; bingbot/2.0; +http://www.bing.com/bingbot.htm)"
154.54.249.198 - - [15/Dec/2021:03:18:50 +0100] "GET /robots.txt HTTP/1.1" 200 2438 "-" "Mozilla/5.0 (compatible; Barkrowler/0.9; +https://babbar.tech/crawler)"
207.46.13.52 - - [15/Dec/2021:03:25:03 +0100] "GET /images/big_prod_1/1345544973540a.jpg HTTP/1.1" 200 84624 "-" "Mozilla/5.0 (compatible; bingbot/2.0; +http://www.bing.com/bingbot.htm)"
64.62.252.174 - - [15/Dec/2021:03:25:05 +0100] "GET /robots.txt HTTP/1.1" 200 2438 "-" "The Knowledge AI"
40.77.167.66 - - [15/Dec/2021:03:28:17 +0100] "GET /images/big_prod_1/3609810027572.jpg HTTP/1.1" 200 90764 "-" "Mozilla/5.0 (compatible; bingbot/2.0; +http://www.bing.com/bingbot.htm)"
216.244.66.242 - - [15/Dec/2021:03:29:50 +0100] "GET /robots.txt HTTP/1.1" 200 2438 "-" "Mozilla/5.0 (compatible; DotBot/1.2; +https://opensiteexplorer.org/dotbot; help@moz.com)"
54.149.45.18 - - [15/Dec/2021:03:30:19 +0100] "GET /favicon.ico HTTP/1.1" 200 1591 "http://wonder-geek.com/favicon.ico" "Mozilla/5.0 (X11; Linux x86_64) AppleWebKit/537.36 (KHTML, like Gecko) Chrome/83.0.4103.97 Safari/537.36"
66.249.70.70 - - [15/Dec/2021:03:30:26 +0100] "GET /images/big_prod_1/3700281650341a.jpg HTTP/1.1" 200 157599 "-" "Googlebot-Image/1.0"
40.77.167.66 - - [15/Dec/2021:03:31:07 +0100] "GET /images/Pyjdbz.jpg HTTP/1.1" 200 32888 "-" "Mozilla/5.0 (compatible; bingbot/2.0; +http://www.bing.com/bingbot.htm)"
157.55.39.223 - - [15/Dec/2021:03:31:10 +0100] "GET /images/big_prod/8422014754311.jpg HTTP/1.1" 200 43757 "-" "Mozilla/5.0 (compatible; bingbot/2.0; +http://www.bing.com/bingbot.htm)"
66.249.70.72 - - [15/Dec/2021:03:31:10 +0100] "GET /images/mini_prod/8712159160208.jpg HTTP/1.1" 200 5621 "-" "Googlebot-Image/1.0"
157.55.39.125 - - [15/Dec/2021:03:33:25 +0100] "GET /images/220908_180730_PEEL_BWnUW8.jpg HTTP/1.1" 200 58673 "-" "Mozilla/5.0 (compatible; bingbot/2.0; +http://www.bing.com/bingbot.htm)"
207.46.13.52 - - [15/Dec/2021:03:34:38 +0100] "GET /images/big_prod_3/1328399219636c.jpg HTTP/1.1" 200 70126 "-" "Mozilla/5.0 (compatible; bingbot/2.0; +http://www.bing.com/bingbot.htm)"
74.125.209.52 - - [15/Dec/2021:03:35:41 +0100] "GET /images/big_prod/4029811450381.jpg HTTP/1.1" 200 121928 "-" "Mozilla/5.0 (Windows NT 5.1; rv:11.0) Gecko Firefox/11.0 (via ggpht.com GoogleImageProxy)"
207.46.13.52 - - [15/Dec/2021:03:38:27 +0100] "GET /images/big_prod/3574642018213.jpg HTTP/1.1" 200 39301 "-" "Mozilla/5.0 (compatible; bingbot/2.0; +http://www.bing.com/bingbot.htm)"
74.125.209.48 - - [15/Dec/2021:03:45:26 +0100] "GET /images/big_prod_2/1328399282470b.jpg HTTP/1.1" 200 113932 "-" "Mozilla/5.0 (Windows NT 5.1; rv:11.0) Gecko Firefox/11.0 (via ggpht.com GoogleImageProxy)"
207.46.13.52 - - [15/Dec/2021:03:46:46 +0100] "GET /images/big_prod/1399980107618.jpg HTTP/1.1" 200 116300 "-" "Mozilla/5.0 (compatible; bingbot/2.0; +http://www.bing.com/bingbot.htm)"
185.191.171.22 - - [15/Dec/2021:03:47:05 +0100] "GET /robots.txt HTTP/1.1" 200 2438 "-" "Mozilla/5.0 (compatible; SemrushBot/7~bl; +http://www.semrush.com/bot.html)"
66.249.70.74 - - [15/Dec/2021:03:48:16 +0100] "GET /images/big_prod/1750374000005.jpg HTTP/1.1" 200 82154 "-" "Googlebot-Image/1.0"
210.175.199.90 - - [15/Dec/2021:03:48:30 +0100] "GET /images/med_prod/1384010178423.jpg HTTP/1.1" 200 76130 "https://www.bing.com/" "Mozilla/5.0 (Windows NT 10.0; Win64; x64) AppleWebKit/537.36 (KHTML, like Gecko) Chrome/96.0.4664.55 Safari/537.36 Edg/96.0.1054.43"
210.175.199.90 - - [15/Dec/2021:03:48:31 +0100] "GET /favicon.ico HTTP/1.1" 200 1591 "http://www.wonder-geek.com/images/med_prod/1384010178423.jpg" "Mozilla/5.0 (Windows NT 10.0; Win64; x64) AppleWebKit/537.36 (KHTML, like Gecko) Chrome/96.0.4664.55 Safari/537.36 Edg/96.0.1054.43"
45.76.250.213 - - [15/Dec/2021:03:52:38 +0100] "GET /images/mini_prod/8432699066876.jpg HTTP/1.1" 200 9209 "-" "Mozilla/5.0 (X11; Ubuntu; Linux x86_64; rv:72.0) Gecko/20100101 Firefox/72.0"
157.55.39.223 - - [15/Dec/2021:03:57:03 +0100] "GET /images/med_prod/1341689313944.jpg HTTP/1.1" 200 113011 "-" "Mozilla/5.0 (compatible; bingbot/2.0; +http://www.bing.com/bingbot.htm)"
40.77.167.66 - - [15/Dec/2021:03:57:20 +0100] "GET /images/mini_prod/3560600316521.jpg HTTP/1.1" 200 7865 "-" "Mozilla/5.0 (compatible; bingbot/2.0; +http://www.bing.com/bingbot.htm)"
157.55.39.125 - - [15/Dec/2021:04:00:08 +0100] "GET /images/mini_prod/3681643306130.jpg HTTP/1.1" 200 6745 "-" "Mozilla/5.0 (compatible; bingbot/2.0; +http://www.bing.com/bingbot.htm)"
36.110.199.139 - - [15/Dec/2021:04:00:14 +0100] "GET /images/mini_prod/5018997513248.jpg HTTP/1.1" 200 7065 "-" "Mozilla/5.0"
207.46.13.52 - - [15/Dec/2021:04:04:48 +0100] "GET /images/big_prod_1/8422810090736a.jpg HTTP/1.1" 200 164486 "-" "Mozilla/5.0 (compatible; bingbot/2.0; +http://www.bing.com/bingbot.htm)"
66.249.70.70 - - [15/Dec/2021:04:05:22 +0100] "GET /images/big_prod/1328399294848.jpg HTTP/1.1" 200 99445 "-" "Googlebot-Image/1.0"
20.99.156.41 - - [15/Dec/2021:04:05:53 +0100] "GET /images/big_prod_1/3609810096240b.jpg HTTP/1.1" 200 108869 "-" "Mozilla/5.0 (Windows NT 10.0; WOW64) AppleWebKit/537.36 (KHTML, like Gecko) Chrome/64.0.3282.186 Safari/537.36"
207.46.13.52 - - [15/Dec/2021:04:07:08 +0100] "GET /images/big_prod_1/8422017305305a.jpg HTTP/1.1" 200 174466 "-" "Mozilla/5.0 (compatible; bingbot/2.0; +http://www.bing.com/bingbot.htm)"
157.55.39.125 - - [15/Dec/2021:04:11:39 +0100] "GET /images/1399984254882.jpg HTTP/1.1" 200 149926 "-" "Mozilla/5.0 (compatible; bingbot/2.0; +http://www.bing.com/bingbot.htm)"
144.202.104.167 - - [15/Dec/2021:04:12:00 +0100] "GET /images/mini_prod/SatyaArabianMusk.jpg HTTP/1.1" 200 5297 "-" "Mozilla/5.0 (X11; Ubuntu; Linux x86_64; rv:72.0) Gecko/20100101 Firefox/72.0"
157.55.39.0 - - [15/Dec/2021:04:13:15 +0100] "GET /images/3720276295609.jpg HTTP/1.1" 200 39000 "-" "Mozilla/5.0 (compatible; bingbot/2.0; +http://www.bing.com/bingbot.htm)"
216.244.66.242 - - [15/Dec/2021:04:14:26 +0100] "GET /robots.txt HTTP/1.1" 200 2438 "-" "Mozilla/5.0 (compatible; DotBot/1.2; +https://opensiteexplorer.org/dotbot; help@moz.com)"
157.55.39.125 - - [15/Dec/2021:04:14:29 +0100] "GET /images/3700653590350.jpg HTTP/1.1" 200 21285 "-" "Mozilla/5.0 (compatible; bingbot/2.0; +http://www.bing.com/bingbot.htm)"
20.99.156.128 - - [15/Dec/2021:04:15:32 +0100] "GET /images/big_prod_3/8424346039234D.jpg HTTP/1.1" 200 274519 "-" "Mozilla/5.0 (Windows NT 10.0; WOW64) AppleWebKit/537.36 (KHTML, like Gecko) Chrome/68.0.3440.106 Safari/537.36"
52.146.59.154 - - [15/Dec/2021:04:16:21 +0100] "GET /images/8435333807699.jpg HTTP/1.1" 200 100833 "-" "DuckDuckBot/1.1; (+http://duckduckgo.com/duckduckbot.html)"
172.221.124.22 - - [15/Dec/2021:04:16:27 +0100] "GET /images/8435333807699.jpg HTTP/1.1" 200 100833 "https://duckduckgo.com/" "Mozilla/5.0 (Linux; Android 6.0.1; SM-S327VL Build/MMB29M; wv) AppleWebKit/537.36 (KHTML, like Gecko) Version/4.0 Chrome/96.0.4664.92 Mobile Safari/537.36"
172.221.124.22 - - [15/Dec/2021:04:16:27 +0100] "GET /favicon.ico HTTP/1.1" 200 1591 "http://www.wonder-geek.com/images/8435333807699.jpg" "Mozilla/5.0 (Linux; Android 6.0.1; SM-S327VL Build/MMB29M; wv) AppleWebKit/537.36 (KHTML, like Gecko) Version/4.0 Chrome/96.0.4664.92 Mobile Safari/537.36"
159.138.102.98 - - [15/Dec/2021:04:19:06 +0100] "GET /images/mini_prod/3700572761596.jpg HTTP/1.1" 200 7339 "-" "Mozilla/5.0 (Linux; Android 7.0;) AppleWebKit/537.36 (KHTML, like Gecko) Mobile Safari/537.36 (compatible; PetalBot;+https://webmaster.petalsearch.com/site/petalbot)"
66.249.70.70 - - [15/Dec/2021:04:22:28 +0100] "GET /images/mini_prod/8422019037334C.jpg HTTP/1.1" 200 8428 "-" "Googlebot-Image/1.0"
157.55.39.228 - - [15/Dec/2021:04:25:24 +0100] "GET /images/big_prod/4029811400898.jpg HTTP/1.1" 200 115852 "-" "Mozilla/5.0 (compatible; bingbot/2.0; +http://www.bing.com/bingbot.htm)"
95.91.75.28 - - [15/Dec/2021:04:26:20 +0100] "GET /robots.txt HTTP/1.1" 200 2438 "-" "Mozilla/5.0 (compatible; MJ12bot/v1.4.8; http://mj12bot.com/)"
157.55.39.223 - - [15/Dec/2021:04:26:45 +0100] "GET /images/big_prod_1/3091693063516B.jpg HTTP/1.1" 200 105659 "-" "Mozilla/5.0 (compatible; bingbot/2.0; +http://www.bing.com/bingbot.htm)"
157.55.39.125 - - [15/Dec/2021:04:26:50 +0100] "GET /images/big_prod/1341689464356.jpg HTTP/1.1" 200 165754 "-" "Mozilla/5.0 (compatible; bingbot/2.0; +http://www.bing.com/bingbot.htm)"
74.125.209.50 - - [15/Dec/2021:04:28:08 +0100] "GET /images/big_prod/5027166920039.jpg HTTP/1.1" 200 165648 "-" "Mozilla/5.0 (Windows NT 5.1; rv:11.0) Gecko Firefox/11.0 (via ggpht.com GoogleImageProxy)"
157.55.39.0 - - [15/Dec/2021:04:29:35 +0100] "GET /images/big_prod/5701359746056.jpg HTTP/1.1" 200 76463 "-" "Mozilla/5.0 (compatible; bingbot/2.0; +http://www.bing.com/bingbot.htm)"
114.119.128.39 - - [15/Dec/2021:04:35:07 +0100] "GET /images/big_prod_1/3457098824365b.jpg HTTP/1.1" 200 89484 "-" "Mozilla/5.0 (Linux; Android 7.0;) AppleWebKit/537.36 (KHTML, like Gecko) Mobile Safari/537.36 (compatible; PetalBot;+https://webmaster.petalsearch.com/site/petalbot)"
66.249.70.72 - - [15/Dec/2021:04:36:15 +0100] "GET /images/big_prod/8718375753279.jpg HTTP/1.1" 200 158404 "-" "Googlebot-Image/1.0"
157.55.39.0 - - [15/Dec/2021:04:39:36 +0100] "GET /images/8462181600189.jpg HTTP/1.1" 200 38768 "-" "Mozilla/5.0 (compatible; bingbot/2.0; +http://www.bing.com/bingbot.htm)"
173.48.38.155 - - [15/Dec/2021:04:41:40 +0100] "GET /js/jquery.jqzoom.js HTTP/1.1" 200 4761 "http://www.wonder-geek.com/cotton-floor-cushion-daphn-p-54415.html" "Mozilla/5.0 (iPhone; CPU iPhone OS 15_1 like Mac OS X) AppleWebKit/605.1.15 (KHTML, like Gecko) Version/15.1 Mobile/15E148 Safari/604.1"
173.48.38.155 - - [15/Dec/2021:04:41:41 +0100] "GET /highslide/highslide.js HTTP/1.1" 200 42909 "http://www.wonder-geek.com/cotton-floor-cushion-daphn-p-54415.html" "Mozilla/5.0 (iPhone; CPU iPhone OS 15_1 like Mac OS X) AppleWebKit/605.1.15 (KHTML, like Gecko) Version/15.1 Mobile/15E148 Safari/604.1"
173.48.38.155 - - [15/Dec/2021:04:41:41 +0100] "GET /templates/Pixame_v1/stylesheet.css HTTP/1.1" 200 56057 "http://www.wonder-geek.com/cotton-floor-cushion-daphn-p-54415.html" "Mozilla/5.0 (iPhone; CPU iPhone OS 15_1 like Mac OS X) AppleWebKit/605.1.15 (KHTML, like Gecko) Version/15.1 Mobile/15E148 Safari/604.1"
173.48.38.155 - - [15/Dec/2021:04:41:41 +0100] "GET /js/jquery.js HTTP/1.1" 200 54075 "http://www.wonder-geek.com/cotton-floor-cushion-daphn-p-54415.html" "Mozilla/5.0 (iPhone; CPU iPhone OS 15_1 like Mac OS X) AppleWebKit/605.1.15 (KHTML, like Gecko) Version/15.1 Mobile/15E148 Safari/604.1"
173.48.38.155 - - [15/Dec/2021:04:41:41 +0100] "GET /mondial_relay/js/jquery-1.3.2.min.js HTTP/1.1" 200 57254 "http://www.wonder-geek.com/cotton-floor-cushion-daphn-p-54415.html" "Mozilla/5.0 (iPhone; CPU iPhone OS 15_1 like Mac OS X) AppleWebKit/605.1.15 (KHTML, like Gecko) Version/15.1 Mobile/15E148 Safari/604.1"
173.48.38.155 - - [15/Dec/2021:04:41:41 +0100] "GET /templates/Pixame_v1/images/icon_accueil2.png HTTP/1.1" 200 1137 "http://www.wonder-geek.com/cotton-floor-cushion-daphn-p-54415.html" "Mozilla/5.0 (iPhone; CPU iPhone OS 15_1 like Mac OS X) AppleWebKit/605.1.15 (KHTML, like Gecko) Version/15.1 Mobile/15E148 Safari/604.1"
173.48.38.155 - - [15/Dec/2021:04:41:41 +0100] "GET /templates/Pixame_v1/images/nav.png HTTP/1.1" 200 1283 "http://www.wonder-geek.com/cotton-floor-cushion-daphn-p-54415.html" "Mozilla/5.0 (iPhone; CPU iPhone OS 15_1 like Mac OS X) AppleWebKit/605.1.15 (KHTML, like Gecko) Version/15.1 Mobile/15E148 Safari/604.1"
173.48.38.155 - - [15/Dec/2021:04:41:41 +0100] "GET /templates/Pixame_v1/images/buttons/english/button_in_cart.gif HTTP/1.1" 200 1212 "http://www.wonder-geek.com/cotton-floor-cushion-daphn-p-54415.html" "Mozilla/5.0 (iPhone; CPU iPhone OS 15_1 like Mac OS X) AppleWebKit/605.1.15 (KHTML, like Gecko) Version/15.1 Mobile/15E148 Safari/604.1"
173.48.38.155 - - [15/Dec/2021:04:41:41 +0100] "GET /templates/Pixame_v1/images/header.png HTTP/1.1" 200 70245 "http://www.wonder-geek.com/cotton-floor-cushion-daphn-p-54415.html" "Mozilla/5.0 (iPhone; CPU iPhone OS 15_1 like Mac OS X) AppleWebKit/605.1.15 (KHTML, like Gecko) Version/15.1 Mobile/15E148 Safari/604.1"
173.48.38.155 - - [15/Dec/2021:04:41:41 +0100] "GET /templates/Pixame_v1/images/Bottom_texture.jpg HTTP/1.1" 200 56290 "http://www.wonder-geek.com/cotton-floor-cushion-daphn-p-54415.html" "Mozilla/5.0 (iPhone; CPU iPhone OS 15_1 like Mac OS X) AppleWebKit/605.1.15 (KHTML, like Gecko) Version/15.1 Mobile/15E148 Safari/604.1"
173.48.38.155 - - [15/Dec/2021:04:41:41 +0100] "GET /design/productsenstock.png HTTP/1.1" 200 4743 "http://www.wonder-geek.com/cotton-floor-cushion-daphn-p-54415.html" "Mozilla/5.0 (iPhone; CPU iPhone OS 15_1 like Mac OS X) AppleWebKit/605.1.15 (KHTML, like Gecko) Version/15.1 Mobile/15E148 Safari/604.1"
173.48.38.155 - - [15/Dec/2021:04:41:42 +0100] "GET /images/big_prod_1/3665269129762a.jpg HTTP/1.1" 200 207020 "http://www.wonder-geek.com/cotton-floor-cushion-daphn-p-54415.html" "Mozilla/5.0 (iPhone; CPU iPhone OS 15_1 like Mac OS X) AppleWebKit/605.1.15 (KHTML, like Gecko) Version/15.1 Mobile/15E148 Safari/604.1"
173.48.38.155 - - [15/Dec/2021:04:41:42 +0100] "GET /images/big_prod/3665269129762.jpg HTTP/1.1" 200 176584 "http://www.wonder-geek.com/cotton-floor-cushion-daphn-p-54415.html" "Mozilla/5.0 (iPhone; CPU iPhone OS 15_1 like Mac OS X) AppleWebKit/605.1.15 (KHTML, like Gecko) Version/15.1 Mobile/15E148 Safari/604.1"
173.48.38.155 - - [15/Dec/2021:04:41:42 +0100] "GET /templates/Pixame_v1/images/header-object.png HTTP/1.1" 200 106050 "http://www.wonder-geek.com/cotton-floor-cushion-daphn-p-54415.html" "Mozilla/5.0 (iPhone; CPU iPhone OS 15_1 like Mac OS X) AppleWebKit/605.1.15 (KHTML, like Gecko) Version/15.1 Mobile/15E148 Safari/604.1"
173.48.38.155 - - [15/Dec/2021:04:41:42 +0100] "GET /templates/Pixame_v1/images/Middle_texture.jpg HTTP/1.1" 200 249620 "http://www.wonder-geek.com/cotton-floor-cushion-daphn-p-54415.html" "Mozilla/5.0 (iPhone; CPU iPhone OS 15_1 like Mac OS X) AppleWebKit/605.1.15 (KHTML, like Gecko) Version/15.1 Mobile/15E148 Safari/604.1"
173.48.38.155 - - [15/Dec/2021:04:41:42 +0100] "GET /highslide/graphics/outlines/drop-shadow.png HTTP/1.1" 200 2022 "http://www.wonder-geek.com/cotton-floor-cushion-daphn-p-54415.html" "Mozilla/5.0 (iPhone; CPU iPhone OS 15_1 like Mac OS X) AppleWebKit/605.1.15 (KHTML, like Gecko) Version/15.1 Mobile/15E148 Safari/604.1"
173.48.38.155 - - [15/Dec/2021:04:41:43 +0100] "GET /favicon.ico HTTP/1.1" 200 1591 "http://www.wonder-geek.com/cotton-floor-cushion-daphn-p-54415.html" "Mozilla/5.0 (iPhone; CPU iPhone OS 15_1 like Mac OS X) AppleWebKit/605.1.15 (KHTML, like Gecko) Version/15.1 Mobile/15E148 Safari/604.1"
185.191.171.9 - - [15/Dec/2021:04:42:40 +0100] "GET /robots.txt HTTP/1.1" 200 2438 "-" "Mozilla/5.0 (compatible; SemrushBot/7~bl; +http://www.semrush.com/bot.html)"
148.251.9.145 - - [15/Dec/2021:04:43:05 +0100] "GET /robots.txt HTTP/1.1" 200 2438 "-" "Mozilla/5.0 (compatible; MJ12bot/v1.4.8; http://mj12bot.com/)"
40.77.167.66 - - [15/Dec/2021:04:46:35 +0100] "GET /images/big_prod/3503420151002.jpg HTTP/1.1" 200 46846 "-" "Mozilla/5.0 (compatible; bingbot/2.0; +http://www.bing.com/bingbot.htm)"
89.186.188.30 - - [15/Dec/2021:04:47:12 +0100] "GET /images/mini_prod/b8012052011455.jpg HTTP/1.1" 200 7581 "-" "Mozilla/5.0 (X11; Ubuntu; Linux x86_64; rv:72.0) Gecko/20100101 Firefox/72.0"
5.255.253.187 - - [15/Dec/2021:04:47:20 +0100] "GET /robots.txt HTTP/1.1" 200 2438 "-" "Mozilla/5.0 (compatible; YandexBot/3.0; +http://yandex.com/bots)"
66.249.70.70 - - [15/Dec/2021:04:47:55 +0100] "GET /images/big_prod_3/1328399294848c.jpg HTTP/1.1" 200 77163 "-" "Googlebot-Image/1.0"
40.77.167.66 - - [15/Dec/2021:04:48:54 +0100] "GET /images/big_prod/8422017859778.jpg HTTP/1.1" 200 89473 "-" "Mozilla/5.0 (compatible; bingbot/2.0; +http://www.bing.com/bingbot.htm)"
40.77.167.66 - - [15/Dec/2021:04:49:05 +0100] "GET /images/mini_prod/3609810063198.jpg HTTP/1.1" 200 8309 "-" "Mozilla/5.0 (compatible; bingbot/2.0; +http://www.bing.com/bingbot.htm)"
144.202.100.211 - - [15/Dec/2021:04:51:05 +0100] "GET /images/big_prod/3014627830404.jpg HTTP/1.1" 200 104584 "-" "Mozilla/5.0 (X11; Ubuntu; Linux x86_64; rv:72.0) Gecko/20100101 Firefox/72.0"
45.32.141.214 - - [15/Dec/2021:04:51:06 +0100] "GET /images/mini_prod/5024693125289.jpg HTTP/1.1" 200 5612 "-" "Mozilla/5.0 (X11; Ubuntu; Linux x86_64; rv:72.0) Gecko/20100101 Firefox/72.0"
207.46.13.52 - - [15/Dec/2021:04:53:52 +0100] "GET /images/mini_prod/3608860260144.jpg HTTP/1.1" 200 7198 "-" "Mozilla/5.0 (compatible; bingbot/2.0; +http://www.bing.com/bingbot.htm)"
157.55.39.0 - - [15/Dec/2021:04:54:48 +0100] "GET /images/big_prod/5415203612564.jpg HTTP/1.1" 200 92621 "-" "Mozilla/5.0 (compatible; bingbot/2.0; +http://www.bing.com/bingbot.htm)"
36.110.199.241 - - [15/Dec/2021:04:55:57 +0100] "GET /images/mini_prod/070209_191201_PEEL_gnVzFs.jpg HTTP/1.1" 200 16519 "-" "Mozilla/5.0"
108.45.65.6 - - [15/Dec/2021:04:57:01 +0100] "GET /images/big_prod/8435333820537.jpg HTTP/1.1" 200 144874 "-" "Mozilla/5.0 (Macintosh; Intel Mac OS X 10_13_6) AppleWebKit/605.1.15 (KHTML, like Gecko) Version/13.1.2 Safari/605.1.15"
89.186.188.30 - - [15/Dec/2021:04:57:02 +0100] "GET /images/mini_prod/5050293803197.jpg HTTP/1.1" 200 9360 "-" "Mozilla/5.0 (X11; Ubuntu; Linux x86_64; rv:72.0) Gecko/20100101 Firefox/72.0"
157.55.39.228 - - [15/Dec/2021:04:57:36 +0100] "GET /images/3700057121686.jpg HTTP/1.1" 200 75376 "-" "Mozilla/5.0 (compatible; bingbot/2.0; +http://www.bing.com/bingbot.htm)"
216.244.66.242 - - [15/Dec/2021:04:58:58 +0100] "GET /robots.txt HTTP/1.1" 200 2438 "-" "Mozilla/5.0 (compatible; DotBot/1.2; +https://opensiteexplorer.org/dotbot; help@moz.com)"
66.249.70.72 - - [15/Dec/2021:04:59:35 +0100] "GET /images/big_prod/3700572752228a.jpg HTTP/1.1" 200 151660 "-" "Googlebot-Image/1.0"
157.55.39.223 - - [15/Dec/2021:04:59:39 +0100] "GET /images/6953270923989.jpg HTTP/1.1" 200 35747 "-" "Mozilla/5.0 (compatible; bingbot/2.0; +http://www.bing.com/bingbot.htm)"
157.55.39.228 - - [15/Dec/2021:05:01:27 +0100] "GET /images/big_prod/1348422000628.jpg HTTP/1.1" 200 41534 "-" "Mozilla/5.0 (compatible; bingbot/2.0; +http://www.bing.com/bingbot.htm)"
157.55.39.228 - - [15/Dec/2021:05:04:08 +0100] "GET /images/1341689750626.jpg HTTP/1.1" 200 141489 "-" "Mozilla/5.0 (compatible; bingbot/2.0; +http://www.bing.com/bingbot.htm)"
207.46.13.52 - - [15/Dec/2021:05:04:33 +0100] "GET /images/big_prod/8904245400149.jpg HTTP/1.1" 200 72134 "-" "Mozilla/5.0 (compatible; bingbot/2.0; +http://www.bing.com/bingbot.htm)"
157.55.39.0 - - [15/Dec/2021:05:05:48 +0100] "GET /images/mini_prod/3560600313766.jpg HTTP/1.1" 200 7191 "-" "Mozilla/5.0 (compatible; bingbot/2.0; +http://www.bing.com/bingbot.htm)"
114.119.128.26 - - [15/Dec/2021:05:09:13 +0100] "GET /images/mini_prod/3574642577703.jpg HTTP/1.1" 200 3308 "-" "Mozilla/5.0 (Linux; Android 7.0;) AppleWebKit/537.36 (KHTML, like Gecko) Mobile Safari/537.36 (compatible; PetalBot;+https://webmaster.petalsearch.com/site/petalbot)"
66.249.70.72 - - [15/Dec/2021:05:11:15 +0100] "GET /images/mini_prod/5018997612774.jpg HTTP/1.1" 200 6903 "-" "Googlebot-Image/1.0"
207.46.13.52 - - [15/Dec/2021:05:11:24 +0100] "GET /images/big_prod_1/8718375752562a.jpg HTTP/1.1" 200 117857 "-" "Mozilla/5.0 (compatible; bingbot/2.0; +http://www.bing.com/bingbot.htm)"
157.55.39.125 - - [15/Dec/2021:05:21:46 +0100] "GET /images/med_prod/1341689418304.jpg HTTP/1.1" 200 74697 "-" "Mozilla/5.0 (compatible; bingbot/2.0; +http://www.bing.com/bingbot.htm)"
157.55.39.228 - - [15/Dec/2021:05:23:10 +0100] "GET /images/big_prod/8422001017757.jpg HTTP/1.1" 200 59738 "-" "Mozilla/5.0 (compatible; bingbot/2.0; +http://www.bing.com/bingbot.htm)"
157.55.39.228 - - [15/Dec/2021:05:26:11 +0100] "GET /images/med_prod/9316188016254.jpg HTTP/1.1" 200 108715 "-" "Mozilla/5.0 (compatible; bingbot/2.0; +http://www.bing.com/bingbot.htm)"
74.125.210.82 - - [15/Dec/2021:05:26:23 +0100] "GET /images/1341689387563.jpg HTTP/1.1" 200 73236 "-" "Mozilla/5.0 (Windows NT 5.1; rv:11.0) Gecko Firefox/11.0 (via ggpht.com GoogleImageProxy)"
157.55.39.0 - - [15/Dec/2021:05:26:24 +0100] "GET /images/big_prod_2/8422099001102BC.jpg HTTP/1.1" 200 132284 "-" "Mozilla/5.0 (compatible; bingbot/2.0; +http://www.bing.com/bingbot.htm)"
66.249.70.70 - - [15/Dec/2021:05:27:54 +0100] "GET /images/big_prod/8424346519705.jpg HTTP/1.1" 200 106558 "-" "Googlebot-Image/1.0"
157.55.39.223 - - [15/Dec/2021:05:28:52 +0100] "GET /images/big_prod_1/5051276219585.jpg HTTP/1.1" 200 44002 "-" "Mozilla/5.0 (compatible; bingbot/2.0; +http://www.bing.com/bingbot.htm)"
207.46.13.52 - - [15/Dec/2021:05:32:37 +0100] "GET /images/big_prod/5051276388144.jpg HTTP/1.1" 200 215766 "-" "Mozilla/5.0 (compatible; bingbot/2.0; +http://www.bing.com/bingbot.htm)"
149.202.82.11 - - [15/Dec/2021:05:33:48 +0100] "GET /robots.txt HTTP/1.1" 200 2438 "-" "Mozilla/5.0 (compatible; MJ12bot/v1.4.8; http://mj12bot.com/)"
66.249.70.70 - - [15/Dec/2021:05:35:03 +0100] "GET /images/mini_prod/3503420076862.jpg HTTP/1.1" 200 5921 "-" "Googlebot-Image/1.0"
185.191.171.12 - - [15/Dec/2021:05:35:51 +0100] "GET /robots.txt HTTP/1.1" 200 2438 "-" "Mozilla/5.0 (compatible; SemrushBot/7~bl; +http://www.semrush.com/bot.html)"
157.55.39.0 - - [15/Dec/2021:05:36:32 +0100] "GET /images/37006535002050.jpg HTTP/1.1" 200 31808 "-" "Mozilla/5.0 (compatible; bingbot/2.0; +http://www.bing.com/bingbot.htm)"
89.186.188.30 - - [15/Dec/2021:05:36:36 +0100] "GET /images/mini_prod/8430957052104.jpg HTTP/1.1" 200 7397 "-" "Mozilla/5.0 (X11; Ubuntu; Linux x86_64; rv:72.0) Gecko/20100101 Firefox/72.0"
114.119.128.39 - - [15/Dec/2021:05:38:08 +0100] "GET /images/big_prod/8433933184080.jpg HTTP/1.1" 200 88344 "-" "Mozilla/5.0 (Linux; Android 7.0;) AppleWebKit/537.36 (KHTML, like Gecko) Mobile Safari/537.36 (compatible; PetalBot;+https://webmaster.petalsearch.com/site/petalbot)"
157.55.39.0 - - [15/Dec/2021:05:38:52 +0100] "GET /images/med_prod/1384010176504.jpg HTTP/1.1" 200 57426 "-" "Mozilla/5.0 (compatible; bingbot/2.0; +http://www.bing.com/bingbot.htm)"
155.138.175.238 - - [15/Dec/2021:05:39:50 +0100] "GET /images/mini_prod/34DSCN8154.jpg HTTP/1.1" 200 6798 "-" "Mozilla/5.0 (X11; Ubuntu; Linux x86_64; rv:72.0) Gecko/20100101 Firefox/72.0"
66.249.70.72 - - [15/Dec/2021:05:41:00 +0100] "GET /images/mini_prod/1328399294848.jpg HTTP/1.1" 200 6932 "-" "Googlebot-Image/1.0"
45.76.250.213 - - [15/Dec/2021:05:42:40 +0100] "GET /images/mini_prod/9316188070225.jpg HTTP/1.1" 200 5288 "-" "Mozilla/5.0 (X11; Ubuntu; Linux x86_64; rv:72.0) Gecko/20100101 Firefox/72.0"
114.119.128.37 - - [15/Dec/2021:05:43:11 +0100] "GET /images/big_prod/3520071810805.jpg HTTP/1.1" 200 622994 "-" "Mozilla/5.0 (Linux; Android 7.0;) AppleWebKit/537.36 (KHTML, like Gecko) Mobile Safari/537.36 (compatible; PetalBot;+https://webmaster.petalsearch.com/site/petalbot)"
216.244.66.242 - - [15/Dec/2021:05:43:23 +0100] "GET /robots.txt HTTP/1.1" 200 2438 "-" "Mozilla/5.0 (compatible; DotBot/1.2; +https://opensiteexplorer.org/dotbot; help@moz.com)"
20.99.156.41 - - [15/Dec/2021:05:44:59 +0100] "GET /images/big_prod/8718969170086.jpg HTTP/1.1" 200 115278 "-" "Mozilla/5.0 (Windows NT 10.0; WOW64) AppleWebKit/537.36 (KHTML, like Gecko) Chrome/64.0.3282.186 Safari/537.36"
207.46.13.52 - - [15/Dec/2021:05:45:17 +0100] "GET /images/big_prod_1/4029811376018.jpg HTTP/1.1" 200 132668 "-" "Mozilla/5.0 (compatible; bingbot/2.0; +http://www.bing.com/bingbot.htm)"
157.55.39.0 - - [15/Dec/2021:05:49:13 +0100] "GET /images/1399984241455.jpg HTTP/1.1" 200 97143 "-" "Mozilla/5.0 (compatible; bingbot/2.0; +http://www.bing.com/bingbot.htm)"
155.138.175.238 - - [15/Dec/2021:05:51:25 +0100] "GET /images/mini_prod/3660218979290.jpg HTTP/1.1" 200 5623 "-" "Mozilla/5.0 (X11; Ubuntu; Linux x86_64; rv:72.0) Gecko/20100101 Firefox/72.0"
5.255.253.176 - - [15/Dec/2021:05:52:27 +0100] "GET /images/B3609080364223.jpg HTTP/1.1" 200 116023 "-" "Mozilla/5.0 (compatible; YandexImages/3.0; +http://yandex.com/bots)"
157.55.39.125 - - [15/Dec/2021:05:52:29 +0100] "GET /images/big_prod/5051276219653B.jpg HTTP/1.1" 200 54982 "-" "Mozilla/5.0 (compatible; bingbot/2.0; +http://www.bing.com/bingbot.htm)"
157.55.39.125 - - [15/Dec/2021:05:52:58 +0100] "GET /images/3281640391483.jpg HTTP/1.1" 200 40235 "-" "Mozilla/5.0 (compatible; bingbot/2.0; +http://www.bing.com/bingbot.htm)"
52.149.21.87 - - [15/Dec/2021:05:53:38 +0100] "GET /images/med_prod/8718291503118.jpg HTTP/1.1" 200 117319 "-" "Mozilla/5.0 (Macintosh; U; PPC Mac OS X 10.5; en-US; rv:1.9.2.15) Gecko/20110303 Firefox/3.6.15"
207.46.13.52 - - [15/Dec/2021:05:53:48 +0100] "GET /images/8028501262569.jpg HTTP/1.1" 200 92692 "-" "Mozilla/5.0 (compatible; bingbot/2.0; +http://www.bing.com/bingbot.htm)"
66.249.70.72 - - [15/Dec/2021:05:54:11 +0100] "GET /images/big_prod/8433933059975.jpg HTTP/1.1" 200 279949 "-" "Googlebot-Image/1.0"
207.46.13.52 - - [15/Dec/2021:05:55:40 +0100] "GET /images/big_prod_1/1300000023641B.jpg HTTP/1.1" 200 791779 "-" "Mozilla/5.0 (compatible; bingbot/2.0; +http://www.bing.com/bingbot.htm)"
157.55.39.125 - - [15/Dec/2021:05:57:20 +0100] "GET /images/big_prod/3700516221759.jpg HTTP/1.1" 200 127465 "-" "Mozilla/5.0 (compatible; bingbot/2.0; +http://www.bing.com/bingbot.htm)"
157.55.39.223 - - [15/Dec/2021:05:59:15 +0100] "GET /images/3681643302392.jpg HTTP/1.1" 200 33452 "-" "Mozilla/5.0 (compatible; bingbot/2.0; +http://www.bing.com/bingbot.htm)"
155.138.175.238 - - [15/Dec/2021:05:59:50 +0100] "GET /images/big_prod_1/028399270163c.jpg HTTP/1.1" 200 181759 "-" "Mozilla/5.0 (X11; Ubuntu; Linux x86_64; rv:72.0) Gecko/20100101 Firefox/72.0"
114.119.128.34 - - [15/Dec/2021:06:01:06 +0100] "GET /images/big_prod/1328399138968.jpg HTTP/1.1" 200 107718 "-" "Mozilla/5.0 (Linux; Android 7.0;) AppleWebKit/537.36 (KHTML, like Gecko) Mobile Safari/537.36 (compatible; PetalBot;+https://webmaster.petalsearch.com/site/petalbot)"
157.55.39.0 - - [15/Dec/2021:06:03:15 +0100] "GET /images/big_prod/1384220103253.jpg HTTP/1.1" 200 92544 "-" "Mozilla/5.0 (compatible; bingbot/2.0; +http://www.bing.com/bingbot.htm)"
207.46.13.52 - - [15/Dec/2021:06:03:39 +0100] "GET /images/big_prod_1/b041689489458.jpg HTTP/1.1" 200 88304 "-" "Mozilla/5.0 (compatible; bingbot/2.0; +http://www.bing.com/bingbot.htm)"
155.138.175.238 - - [15/Dec/2021:06:04:55 +0100] "GET /images/mini_prod/3609810083196.jpg HTTP/1.1" 200 5227 "-" "Mozilla/5.0 (X11; Ubuntu; Linux x86_64; rv:72.0) Gecko/20100101 Firefox/72.0"
144.202.100.211 - - [15/Dec/2021:06:05:01 +0100] "GET /images/mini_prod/SatyaArabianMusk.jpg HTTP/1.1" 200 5297 "-" "Mozilla/5.0 (X11; Ubuntu; Linux x86_64; rv:72.0) Gecko/20100101 Firefox/72.0"
192.55.46.56 - - [15/Dec/2021:06:05:38 +0100] "GET /images/mini_prod/3700653593320.jpg HTTP/1.1" 200 5267 "-" "Mozilla/5.0 (X11; Ubuntu; Linux x86_64; rv:72.0) Gecko/20100101 Firefox/72.0"
157.55.39.125 - - [15/Dec/2021:06:05:59 +0100] "GET /images/1341689283520.jpg HTTP/1.1" 200 161790 "-" "Mozilla/5.0 (compatible; bingbot/2.0; +http://www.bing.com/bingbot.htm)"
216.228.112.22 - - [15/Dec/2021:06:06:54 +0100] "GET /images/med_prod/8435306265839.jpg HTTP/1.1" 200 81615 "-" "Mozilla/5.0 (X11; Ubuntu; Linux x86_64; rv:72.0) Gecko/20100101 Firefox/72.0"
157.55.39.125 - - [15/Dec/2021:06:07:09 +0100] "GET /images/big_prod/1384010190883.jpg HTTP/1.1" 200 101789 "-" "Mozilla/5.0 (compatible; bingbot/2.0; +http://www.bing.com/bingbot.htm)"
66.249.70.74 - - [15/Dec/2021:06:07:20 +0100] "GET /images/big_prod/3609810058736.jpg HTTP/1.1" 200 171042 "-" "Googlebot-Image/1.0"
40.77.167.66 - - [15/Dec/2021:06:07:21 +0100] "GET /images/4007176123942.jpg HTTP/1.1" 200 23982 "-" "Mozilla/5.0 (compatible; bingbot/2.0; +http://www.bing.com/bingbot.htm)"
157.55.39.228 - - [15/Dec/2021:06:08:04 +0100] "GET /images/big_prod/8433933129968N.jpg HTTP/1.1" 200 180485 "-" "Mozilla/5.0 (compatible; bingbot/2.0; +http://www.bing.com/bingbot.htm)"
104.173.118.130 - - [15/Dec/2021:06:08:57 +0100] "GET /images/big_prod_1/b8435333807804.jpg HTTP/1.1" 200 86824 "-" "Mozilla/5.0 (Windows NT 10.0; Win64; x64) AppleWebKit/537.36 (KHTML, like Gecko) Chrome/84.0.4147.89 Safari/537.36"
45.76.250.213 - - [15/Dec/2021:06:12:38 +0100] "GET /images/mini_prod/8006180300482.jpg HTTP/1.1" 200 6255 "-" "Mozilla/5.0 (X11; Ubuntu; Linux x86_64; rv:72.0) Gecko/20100101 Firefox/72.0"
20.99.155.218 - - [15/Dec/2021:06:13:05 +0100] "GET /images/big_prod_2/1384010205945c.jpg HTTP/1.1" 200 75693 "-" "Mozilla/5.0 (Windows NT 10.0; WOW64) AppleWebKit/537.36 (KHTML, like Gecko) Chrome/64.0.3282.186 Safari/537.36"
40.77.167.66 - - [15/Dec/2021:06:14:46 +0100] "GET /images/big_prod/3494157821026.jpg HTTP/1.1" 200 78529 "-" "Mozilla/5.0 (compatible; bingbot/2.0; +http://www.bing.com/bingbot.htm)"
20.99.156.33 - - [15/Dec/2021:06:14:52 +0100] "GET /images/big_prod_2/a4542202425725.jpg HTTP/1.1" 200 59309 "-" "Mozilla/5.0 (X11; Linux x86_64) AppleWebKit/537.36 (KHTML, like Gecko) Chrome/62.0.3202.62 Safari/537.36"
207.46.13.52 - - [15/Dec/2021:06:15:30 +0100] "GET /images/big_prod/8435333824252.jpg HTTP/1.1" 200 151697 "-" "Mozilla/5.0 (compatible; bingbot/2.0; +http://www.bing.com/bingbot.htm)"
157.55.39.0 - - [15/Dec/2021:06:15:56 +0100] "GET /images/big_prod/1384010207987.jpg HTTP/1.1" 200 140324 "-" "Mozilla/5.0 (compatible; bingbot/2.0; +http://www.bing.com/bingbot.htm)"
144.202.100.211 - - [15/Dec/2021:06:17:08 +0100] "GET /images/mini_prod/5425023084267.jpg HTTP/1.1" 200 7482 "-" "Mozilla/5.0 (X11; Ubuntu; Linux x86_64; rv:72.0) Gecko/20100101 Firefox/72.0"
64.233.173.239 - - [15/Dec/2021:06:17:38 +0100] "GET /images/70265.jpg HTTP/1.1" 200 45874 "-" "Mozilla/5.0 (Windows NT 5.1; rv:11.0) Gecko Firefox/11.0 (via ggpht.com GoogleImageProxy)"
66.249.70.72 - - [15/Dec/2021:06:20:27 +0100] "GET /images/big_prod_1/3520071792552aa.jpg HTTP/1.1" 200 135263 "-" "Googlebot-Image/1.0"
45.32.141.214 - - [15/Dec/2021:06:22:06 +0100] "GET /images/mini_prod/4029811408481.jpg HTTP/1.1" 200 8277 "-" "Mozilla/5.0 (X11; Ubuntu; Linux x86_64; rv:72.0) Gecko/20100101 Firefox/72.0"
157.55.39.228 - - [15/Dec/2021:06:22:15 +0100] "GET /images/big_prod/3503420100871.jpg HTTP/1.1" 200 97255 "-" "Mozilla/5.0 (compatible; bingbot/2.0; +http://www.bing.com/bingbot.htm)"
20.99.156.109 - - [15/Dec/2021:06:23:17 +0100] "GET /images/big_prod/8424346357284.jpg HTTP/1.1" 200 132834 "-" "Mozilla/5.0 (X11; Linux x86_64) AppleWebKit/537.36 (KHTML, like Gecko) Chrome/62.0.3202.62 Safari/537.36"
103.131.71.135 - - [15/Dec/2021:06:24:41 +0100] "GET /robots.txt HTTP/1.1" 200 2438 "-" "Mozilla/5.0 (compatible; coccocbot-web/1.0; +http://help.coccoc.com/searchengine)"
157.55.39.0 - - [15/Dec/2021:06:24:48 +0100] "GET /images/med_prod/8435306270062.jpg HTTP/1.1" 200 92313 "-" "Mozilla/5.0 (compatible; bingbot/2.0; +http://www.bing.com/bingbot.htm)"
157.55.39.228 - - [15/Dec/2021:06:27:06 +0100] "GET /images/big_prod/1341689137243.jpg HTTP/1.1" 200 142093 "-" "Mozilla/5.0 (compatible; bingbot/2.0; +http://www.bing.com/bingbot.htm)"
216.244.66.242 - - [15/Dec/2021:06:27:36 +0100] "GET /robots.txt HTTP/1.1" 200 2438 "-" "Mozilla/5.0 (compatible; DotBot/1.2; +https://opensiteexplorer.org/dotbot; help@moz.com)"
40.77.167.66 - - [15/Dec/2021:06:27:56 +0100] "GET /images/3760194799919.jpg HTTP/1.1" 200 44076 "-" "Mozilla/5.0 (compatible; bingbot/2.0; +http://www.bing.com/bingbot.htm)"
40.77.167.66 - - [15/Dec/2021:06:28:56 +0100] "GET /images/DSCN0652vert.jpg HTTP/1.1" 200 37053 "-" "Mozilla/5.0 (compatible; bingbot/2.0; +http://www.bing.com/bingbot.htm)"
20.99.155.235 - - [15/Dec/2021:06:30:25 +0100] "GET /images/big_prod/629TITInoir.jpg HTTP/1.1" 200 114394 "-" "Mozilla/5.0 (Windows NT 6.1; WOW64) AppleWebKit/537.36 (KHTML, like Gecko) Chrome/45.0.2454.101 Safari/537.36"
157.55.39.223 - - [15/Dec/2021:06:30:48 +0100] "GET /images/big_prod_1/1367103004083a.jpg HTTP/1.1" 200 119714 "-" "Mozilla/5.0 (compatible; bingbot/2.0; +http://www.bing.com/bingbot.htm)"
155.138.175.238 - - [15/Dec/2021:06:33:40 +0100] "GET /images/mini_prod/1399984254899.jpg HTTP/1.1" 200 11153 "-" "Mozilla/5.0 (X11; Ubuntu; Linux x86_64; rv:72.0) Gecko/20100101 Firefox/72.0"
185.191.171.13 - - [15/Dec/2021:06:34:13 +0100] "GET /robots.txt HTTP/1.1" 200 2438 "-" "Mozilla/5.0 (compatible; SemrushBot/7~bl; +http://www.semrush.com/bot.html)"
157.55.39.0 - - [15/Dec/2021:06:34:28 +0100] "GET /images/8435339303133.jpg HTTP/1.1" 200 38279 "-" "Mozilla/5.0 (compatible; bingbot/2.0; +http://www.bing.com/bingbot.htm)"
20.99.156.10 - - [15/Dec/2021:06:40:38 +0100] "GET /images/big_prod_1/8717202559642a.jpg HTTP/1.1" 200 131974 "-" "Mozilla/5.0 (Windows NT 6.1; WOW64) AppleWebKit/537.36 (KHTML, like Gecko) Chrome/45.0.2454.101 Safari/537.36"
144.202.100.211 - - [15/Dec/2021:06:42:22 +0100] "GET /images/mini_prod/3700653592125.jpg HTTP/1.1" 200 8710 "-" "Mozilla/5.0 (X11; Ubuntu; Linux x86_64; rv:72.0) Gecko/20100101 Firefox/72.0"
155.138.175.238 - - [15/Dec/2021:06:42:44 +0100] "GET /images/mini_prod/1300000030076.jpg HTTP/1.1" 200 6211 "-" "Mozilla/5.0 (X11; Ubuntu; Linux x86_64; rv:72.0) Gecko/20100101 Firefox/72.0"
114.119.128.253 - - [15/Dec/2021:06:45:32 +0100] "GET /images/big_prod_1/8422015450816B.jpg HTTP/1.1" 200 298994 "-" "Mozilla/5.0 (Linux; Android 7.0;) AppleWebKit/537.36 (KHTML, like Gecko) Mobile Safari/537.36 (compatible; PetalBot;+https://webmaster.petalsearch.com/site/petalbot)"
157.55.39.223 - - [15/Dec/2021:06:46:10 +0100] "GET /images/big_prod_1/b5018997612996.jpg HTTP/1.1" 200 138629 "-" "Mozilla/5.0 (compatible; bingbot/2.0; +http://www.bing.com/bingbot.htm)"
114.119.128.39 - - [15/Dec/2021:06:47:17 +0100] "GET /images/big_prod/3453131157995.jpg HTTP/1.1" 200 101742 "-" "Mozilla/5.0 (Linux; Android 7.0;) AppleWebKit/537.36 (KHTML, like Gecko) Mobile Safari/537.36 (compatible; PetalBot;+https://webmaster.petalsearch.com/site/petalbot)"
45.32.141.214 - - [15/Dec/2021:06:54:18 +0100] "GET /images/mini_prod/8719075391150.jpg HTTP/1.1" 200 6883 "-" "Mozilla/5.0 (X11; Ubuntu; Linux x86_64; rv:72.0) Gecko/20100101 Firefox/72.0"
45.76.250.213 - - [15/Dec/2021:06:55:20 +0100] "GET /images/big_prod_1/5903313954105b.jpg HTTP/1.1" 200 102609 "-" "Mozilla/5.0 (X11; Ubuntu; Linux x86_64; rv:72.0) Gecko/20100101 Firefox/72.0"
20.99.156.33 - - [15/Dec/2021:06:55:26 +0100] "GET /images/big_prod/3442440232073.jpg HTTP/1.1" 200 118996 "-" "Mozilla/5.0 (Windows NT 10.0; ) Gecko/20100101 Firefox/61.0"
20.99.156.33 - - [15/Dec/2021:06:56:00 +0100] "GET /images/3281643376302.jpg HTTP/1.1" 200 20269 "-" "Mozilla/5.0 (Windows NT 10.0; WOW64) AppleWebKit/537.36 (KHTML, like Gecko) Chrome/64.0.3282.186 Safari/537.36"
45.32.141.214 - - [15/Dec/2021:06:57:13 +0100] "GET /images/mini_prod/DSCN0788bis.jpg HTTP/1.1" 200 5044 "-" "Mozilla/5.0 (X11; Ubuntu; Linux x86_64; rv:72.0) Gecko/20100101 Firefox/72.0"
85.10.207.195 - - [15/Dec/2021:06:59:31 +0100] "GET /robots.txt HTTP/1.1" 200 2438 "-" "Mozilla/5.0 (compatible; MJ12bot/v1.4.8; http://mj12bot.com/)"
20.99.156.119 - - [15/Dec/2021:07:00:34 +0100] "GET /images/big_prod/028399108268.jpg HTTP/1.1" 200 58760 "-" "Mozilla/5.0 (Windows NT 10.0; WOW64) AppleWebKit/537.36 (KHTML, like Gecko) Chrome/64.0.3282.186 Safari/537.36"
155.138.175.238 - - [15/Dec/2021:07:03:13 +0100] "GET /images/mini_prod/1384010176269.jpg HTTP/1.1" 200 5641 "-" "Mozilla/5.0 (X11; Ubuntu; Linux x86_64; rv:72.0) Gecko/20100101 Firefox/72.0"
74.125.209.52 - - [15/Dec/2021:07:04:39 +0100] "GET /images/big_prod_1/4045233029578AB.jpg HTTP/1.1" 200 104912 "-" "Mozilla/5.0 (Windows NT 5.1; rv:11.0) Gecko Firefox/11.0 (via ggpht.com GoogleImageProxy)"
66.249.70.70 - - [15/Dec/2021:07:05:27 +0100] "GET /images/big_prod/3760076655906.jpg HTTP/1.1" 200 55296 "-" "Googlebot-Image/1.0"
52.149.21.95 - - [15/Dec/2021:07:05:46 +0100] "GET /images/big_prod/3014627935703.jpg HTTP/1.1" 200 283728 "-" "Mozilla/5.0 (Windows NT 10.0; WOW64) AppleWebKit/537.36 (KHTML, like Gecko) Chrome/64.0.3282.186 Safari/537.36"
157.55.39.223 - - [15/Dec/2021:07:06:32 +0100] "GET /images/big_prod/8422001017634.jpg HTTP/1.1" 200 88229 "-" "Mozilla/5.0 (compatible; bingbot/2.0; +http://www.bing.com/bingbot.htm)"
40.77.167.66 - - [15/Dec/2021:07:06:37 +0100] "GET /images/8003990578315.jpg HTTP/1.1" 200 30118 "-" "Mozilla/5.0 (compatible; bingbot/2.0; +http://www.bing.com/bingbot.htm)"
20.99.156.33 - - [15/Dec/2021:07:07:20 +0100] "GET /images/big_prod_1/3014627557349aa.jpg HTTP/1.1" 200 284027 "-" "Mozilla/5.0 (Windows NT 10.0; WOW64) AppleWebKit/537.36 (KHTML, like Gecko) Chrome/68.0.3440.106 Safari/537.36"
5.255.253.187 - - [15/Dec/2021:07:10:04 +0100] "GET /robots.txt HTTP/1.1" 200 2438 "-" "Mozilla/5.0 (compatible; YandexBot/3.0; +http://yandex.com/bots)"
114.119.128.34 - - [15/Dec/2021:07:11:54 +0100] "GET /images/mini_prod/3660173192420.jpg HTTP/1.1" 200 5602 "-" "Mozilla/5.0 (Linux; Android 7.0;) AppleWebKit/537.36 (KHTML, like Gecko) Mobile Safari/537.36 (compatible; PetalBot;+https://webmaster.petalsearch.com/site/petalbot)"
114.119.128.40 - - [15/Dec/2021:07:13:40 +0100] "GET /images/big_prod/3665269169072.jpg HTTP/1.1" 200 114454 "-" "Mozilla/5.0 (Linux; Android 7.0;) AppleWebKit/537.36 (KHTML, like Gecko) Mobile Safari/537.36 (compatible; PetalBot;+https://webmaster.petalsearch.com/site/petalbot)"
216.244.66.242 - - [15/Dec/2021:07:14:17 +0100] "GET /robots.txt HTTP/1.1" 200 2438 "-" "Mozilla/5.0 (compatible; DotBot/1.2; +https://opensiteexplorer.org/dotbot; help@moz.com)"
157.55.39.223 - - [15/Dec/2021:07:14:23 +0100] "GET /images/big_prod/8422033178754.jpg HTTP/1.1" 200 93734 "-" "Mozilla/5.0 (compatible; bingbot/2.0; +http://www.bing.com/bingbot.htm)"
5.255.253.187 - - [15/Dec/2021:07:15:26 +0100] "GET /images/DSCN4019.jpg HTTP/1.1" 200 47674 "-" "Mozilla/5.0 (compatible; YandexImages/3.0; +http://yandex.com/bots)"
207.46.13.52 - - [15/Dec/2021:07:16:36 +0100] "GET /images/mini_prod/3665269014358.jpg HTTP/1.1" 200 4142 "-" "Mozilla/5.0 (compatible; bingbot/2.0; +http://www.bing.com/bingbot.htm)"
157.55.39.0 - - [15/Dec/2021:07:16:52 +0100] "GET /images/big_prod/7601020000372.jpg HTTP/1.1" 200 125155 "-" "Mozilla/5.0 (compatible; bingbot/2.0; +http://www.bing.com/bingbot.htm)"
52.149.21.87 - - [15/Dec/2021:07:18:02 +0100] "GET /images/4036113830056.jpg HTTP/1.1" 200 61620 "-" "Mozilla/5.0 (Windows NT 10.0; WOW64) AppleWebKit/537.36 (KHTML, like Gecko) Chrome/67.0.3396.99 Safari/537.36"
20.99.155.199 - - [15/Dec/2021:07:18:23 +0100] "GET /images/big_prod/3612875124827.jpg HTTP/1.1" 200 40229 "-" "Mozilla/5.0 (Macintosh; U; PPC Mac OS X 10.5; en-US; rv:1.9.2.15) Gecko/20110303 Firefox/3.6.15"
157.55.39.228 - - [15/Dec/2021:07:19:10 +0100] "GET /images/mini_prod/8720088291092.jpg HTTP/1.1" 200 2783 "-" "Mozilla/5.0 (compatible; bingbot/2.0; +http://www.bing.com/bingbot.htm)"
157.55.39.125 - - [15/Dec/2021:07:19:27 +0100] "GET /images/mini_prod/3700572739427.jpg HTTP/1.1" 200 6464 "-" "Mozilla/5.0 (compatible; bingbot/2.0; +http://www.bing.com/bingbot.htm)"
20.99.156.92 - - [15/Dec/2021:07:21:13 +0100] "GET /images/1399984254875.jpg HTTP/1.1" 200 152328 "-" "Mozilla/5.0 (Windows NT 10.0; WOW64) AppleWebKit/537.36 (KHTML, like Gecko) Chrome/67.0.3396.99 Safari/537.36"
144.202.100.211 - - [15/Dec/2021:07:21:50 +0100] "GET /images/mini_prod/5415203621801.jpg HTTP/1.1" 200 5348 "-" "Mozilla/5.0 (X11; Ubuntu; Linux x86_64; rv:72.0) Gecko/20100101 Firefox/72.0"
93.158.131.163 - - [15/Dec/2021:07:22:32 +0100] "GET /images/1399984255544.jpg HTTP/1.1" 200 103662 "-" "Mozilla/5.0 (compatible; YandexImageResizer/2.0; +http://yandex.com/bots)"
155.138.175.238 - - [15/Dec/2021:07:22:50 +0100] "GET /images/mini_prod/8718375751152.jpg HTTP/1.1" 200 8242 "-" "Mozilla/5.0 (X11; Ubuntu; Linux x86_64; rv:72.0) Gecko/20100101 Firefox/72.0"
216.244.66.242 - - [15/Dec/2021:07:25:02 +0100] "GET /images/7601019993036.jpg HTTP/1.1" 200 23271 "-" "Mozilla/5.0 (compatible; DotBot/1.2; +https://opensiteexplorer.org/dotbot; help@moz.com)"
20.99.156.119 - - [15/Dec/2021:07:31:45 +0100] "GET /images/3660532001554.jpg HTTP/1.1" 200 23010 "-" "Mozilla/5.0 (Macintosh; U; PPC Mac OS X 10.5; en-US; rv:1.9.2.15) Gecko/20110303 Firefox/3.6.15"
157.55.39.125 - - [15/Dec/2021:07:32:07 +0100] "GET /images/b4010070225216.jpg HTTP/1.1" 200 101177 "-" "Mozilla/5.0 (compatible; bingbot/2.0; +http://www.bing.com/bingbot.htm)"
144.202.100.211 - - [15/Dec/2021:07:32:45 +0100] "GET /images/mini_prod/5018997619261.jpg HTTP/1.1" 200 11280 "-" "Mozilla/5.0 (X11; Ubuntu; Linux x86_64; rv:72.0) Gecko/20100101 Firefox/72.0"
20.99.156.109 - - [15/Dec/2021:07:34:13 +0100] "GET /images/DSCN1982.jpg HTTP/1.1" 200 19772 "-" "Mozilla/4.0 (compatible; MSIE 7.0; Windows NT 6.0)"
185.191.171.2 - - [15/Dec/2021:07:35:01 +0100] "GET /robots.txt HTTP/1.1" 200 2438 "-" "Mozilla/5.0 (compatible; SemrushBot/7~bl; +http://www.semrush.com/bot.html)"
157.55.39.223 - - [15/Dec/2021:07:38:25 +0100] "GET /images/mini_prod/8422324780925.jpg HTTP/1.1" 200 7790 "-" "Mozilla/5.0 (compatible; bingbot/2.0; +http://www.bing.com/bingbot.htm)"
45.76.250.213 - - [15/Dec/2021:07:42:14 +0100] "GET /images/mini_prod/8718969196024B.jpg HTTP/1.1" 200 6240 "-" "Mozilla/5.0 (X11; Ubuntu; Linux x86_64; rv:72.0) Gecko/20100101 Firefox/72.0"
40.77.167.66 - - [15/Dec/2021:07:43:34 +0100] "GET /images/mini_prod/3700572722436.jpg HTTP/1.1" 200 7029 "-" "Mozilla/5.0 (compatible; bingbot/2.0; +http://www.bing.com/bingbot.htm)"
157.55.39.223 - - [15/Dec/2021:07:43:36 +0100] "GET /images/med_prod/3700653593221.jpg HTTP/1.1" 200 118153 "-" "Mozilla/5.0 (compatible; bingbot/2.0; +http://www.bing.com/bingbot.htm)"
216.228.112.22 - - [15/Dec/2021:07:45:09 +0100] "GET /images/mini_prod/8424346350001.jpg HTTP/1.1" 200 12731 "-" "Mozilla/5.0 (X11; Ubuntu; Linux x86_64; rv:72.0) Gecko/20100101 Firefox/72.0"
52.149.21.95 - - [15/Dec/2021:07:48:05 +0100] "GET /images/big_prod_1/8422017143211a.jpg HTTP/1.1" 200 125981 "-" "Mozilla/5.0 (Windows NT 10.0; ) Gecko/20100101 Firefox/61.0"
155.138.175.238 - - [15/Dec/2021:07:50:46 +0100] "GET /images/mini_prod/1399984280591.jpg HTTP/1.1" 200 11587 "-" "Mozilla/5.0 (X11; Ubuntu; Linux x86_64; rv:72.0) Gecko/20100101 Firefox/72.0"
114.119.128.39 - - [15/Dec/2021:07:51:10 +0100] "GET /images/mini_prod/3700572750255.jpg HTTP/1.1" 200 6547 "-" "Mozilla/5.0 (Linux; Android 7.0;) AppleWebKit/537.36 (KHTML, like Gecko) Mobile Safari/537.36 (compatible; PetalBot;+https://webmaster.petalsearch.com/site/petalbot)"
157.55.39.125 - - [15/Dec/2021:07:54:10 +0100] "GET /images/mini_prod/3609810089174.jpg HTTP/1.1" 200 4623 "-" "Mozilla/5.0 (compatible; bingbot/2.0; +http://www.bing.com/bingbot.htm)"
20.99.156.10 - - [15/Dec/2021:07:56:34 +0100] "GET /images/big_prod/4029811343591.jpg HTTP/1.1" 200 99734 "-" "Mozilla/5.0 (Windows NT 10.0; WOW64) AppleWebKit/537.36 (KHTML, like Gecko) Chrome/68.0.3440.106 Safari/537.36"
155.138.175.238 - - [15/Dec/2021:07:56:54 +0100] "GET /images/mini_prod/8435333842263.jpg HTTP/1.1" 200 11056 "-" "Mozilla/5.0 (X11; Ubuntu; Linux x86_64; rv:72.0) Gecko/20100101 Firefox/72.0"
130.255.166.80 - - [15/Dec/2021:08:01:06 +0100] "GET /robots.txt HTTP/1.1" 200 2438 "http://wonder-geek.com/robots.txt" "Mozilla/5.0 (Macintosh; Intel Mac OS X 10_13_6) AppleWebKit/537.36 (KHTML, like Gecko) Chrome/91.0.4472.114 Safari/537.36"
216.244.66.242 - - [15/Dec/2021:08:01:31 +0100] "GET /robots.txt HTTP/1.1" 200 2438 "-" "Mozilla/5.0 (compatible; DotBot/1.2; +https://opensiteexplorer.org/dotbot; help@moz.com)"
45.76.250.213 - - [15/Dec/2021:08:03:30 +0100] "GET /images/mini_prod/MISES-EN-SITUATION-15.jpg HTTP/1.1" 200 8630 "-" "Mozilla/5.0 (X11; Ubuntu; Linux x86_64; rv:72.0) Gecko/20100101 Firefox/72.0"
157.55.39.0 - - [15/Dec/2021:08:06:56 +0100] "GET /images/big_prod/3014627898749.jpg HTTP/1.1" 200 38018 "-" "Mozilla/5.0 (compatible; bingbot/2.0; +http://www.bing.com/bingbot.htm)"
207.46.13.52 - - [15/Dec/2021:08:07:32 +0100] "GET /images/big_prod/3014627973460.jpg HTTP/1.1" 200 63318 "-" "Mozilla/5.0 (compatible; bingbot/2.0; +http://www.bing.com/bingbot.htm)"
155.138.175.238 - - [15/Dec/2021:08:07:38 +0100] "GET /images/mini_prod/1384010206300.jpg HTTP/1.1" 200 8505 "-" "Mozilla/5.0 (X11; Ubuntu; Linux x86_64; rv:72.0) Gecko/20100101 Firefox/72.0"
207.46.13.52 - - [15/Dec/2021:08:07:51 +0100] "GET /images/3700276874486.jpg HTTP/1.1" 200 46281 "-" "Mozilla/5.0 (compatible; bingbot/2.0; +http://www.bing.com/bingbot.htm)"
20.99.156.10 - - [15/Dec/2021:08:12:26 +0100] "GET /images/big_prod/5400924053277.jpg HTTP/1.1" 200 86383 "-" "Mozilla/5.0 (Macintosh; U; PPC Mac OS X 10.5; en-US; rv:1.9.2.15) Gecko/20110303 Firefox/3.6.15"
207.46.13.52 - - [15/Dec/2021:08:14:32 +0100] "GET /images/5055071669316.jpg HTTP/1.1" 200 43231 "-" "Mozilla/5.0 (compatible; bingbot/2.0; +http://www.bing.com/bingbot.htm)"
35.238.239.39 - - [15/Dec/2021:08:17:38 +0100] "GET /highslide/highslide.js HTTP/1.1" 200 42909 "http://www.wonder-geek.com/" "Mozilla/5.0 (X11; Linux x86_64) AppleWebKit/537.36 (KHTML, like Gecko) Chrome/99.0.4768.0 Safari/537.36"
35.238.239.39 - - [15/Dec/2021:08:17:38 +0100] "GET /templates/Pixame_v1/stylesheet.css HTTP/1.1" 200 56057 "http://www.wonder-geek.com/" "Mozilla/5.0 (X11; Linux x86_64) AppleWebKit/537.36 (KHTML, like Gecko) Chrome/99.0.4768.0 Safari/537.36"
35.238.239.39 - - [15/Dec/2021:08:17:39 +0100] "GET /js/jquery.js HTTP/1.1" 200 54075 "http://www.wonder-geek.com/" "Mozilla/5.0 (X11; Linux x86_64) AppleWebKit/537.36 (KHTML, like Gecko) Chrome/99.0.4768.0 Safari/537.36"
35.238.239.39 - - [15/Dec/2021:08:17:39 +0100] "GET /js/jquery.jqzoom.js HTTP/1.1" 200 4761 "http://www.wonder-geek.com/" "Mozilla/5.0 (X11; Linux x86_64) AppleWebKit/537.36 (KHTML, like Gecko) Chrome/99.0.4768.0 Safari/537.36"
35.238.239.39 - - [15/Dec/2021:08:17:39 +0100] "GET /mondial_relay/js/jquery-1.3.2.min.js HTTP/1.1" 200 57254 "http://www.wonder-geek.com/" "Mozilla/5.0 (X11; Linux x86_64) AppleWebKit/537.36 (KHTML, like Gecko) Chrome/99.0.4768.0 Safari/537.36"
35.238.239.39 - - [15/Dec/2021:08:17:39 +0100] "GET /js/jquery.masonry.min.js HTTP/1.1" 200 5392 "http://www.wonder-geek.com/" "Mozilla/5.0 (X11; Linux x86_64) AppleWebKit/537.36 (KHTML, like Gecko) Chrome/99.0.4768.0 Safari/537.36"
35.238.239.39 - - [15/Dec/2021:08:17:39 +0100] "GET /js/modernizr-transitions.js HTTP/1.1" 200 2026 "http://www.wonder-geek.com/" "Mozilla/5.0 (X11; Linux x86_64) AppleWebKit/537.36 (KHTML, like Gecko) Chrome/99.0.4768.0 Safari/537.36"
35.238.239.39 - - [15/Dec/2021:08:17:39 +0100] "GET /templates/Pixame_v1/images/icon_accueil2.png HTTP/1.1" 200 1137 "http://www.wonder-geek.com/" "Mozilla/5.0 (X11; Linux x86_64) AppleWebKit/537.36 (KHTML, like Gecko) Chrome/99.0.4768.0 Safari/537.36"
35.238.239.39 - - [15/Dec/2021:08:17:40 +0100] "GET /templates/Pixame_v1/images/Bottom_texture.jpg HTTP/1.1" 200 56290 "http://www.wonder-geek.com/templates/Pixame_v1/stylesheet.css" "Mozilla/5.0 (X11; Linux x86_64) AppleWebKit/537.36 (KHTML, like Gecko) Chrome/99.0.4768.0 Safari/537.36"
35.238.239.39 - - [15/Dec/2021:08:17:40 +0100] "GET /templates/Pixame_v1/images/header.png HTTP/1.1" 200 70245 "http://www.wonder-geek.com/templates/Pixame_v1/stylesheet.css" "Mozilla/5.0 (X11; Linux x86_64) AppleWebKit/537.36 (KHTML, like Gecko) Chrome/99.0.4768.0 Safari/537.36"
35.238.239.39 - - [15/Dec/2021:08:17:40 +0100] "GET /templates/Pixame_v1/images/header-object.png HTTP/1.1" 200 106050 "http://www.wonder-geek.com/templates/Pixame_v1/stylesheet.css" "Mozilla/5.0 (X11; Linux x86_64) AppleWebKit/537.36 (KHTML, like Gecko) Chrome/99.0.4768.0 Safari/537.36"
35.238.239.39 - - [15/Dec/2021:08:17:40 +0100] "GET /templates/Pixame_v1/images/Middle_texture.jpg HTTP/1.1" 200 249620 "http://www.wonder-geek.com/templates/Pixame_v1/stylesheet.css" "Mozilla/5.0 (X11; Linux x86_64) AppleWebKit/537.36 (KHTML, like Gecko) Chrome/99.0.4768.0 Safari/537.36"
35.238.239.39 - - [15/Dec/2021:08:17:41 +0100] "GET /templates/Pixame_v1/images/nav.png HTTP/1.1" 200 1283 "http://www.wonder-geek.com/templates/Pixame_v1/stylesheet.css" "Mozilla/5.0 (X11; Linux x86_64) AppleWebKit/537.36 (KHTML, like Gecko) Chrome/99.0.4768.0 Safari/537.36"
35.238.239.39 - - [15/Dec/2021:08:17:41 +0100] "GET /design/productsenstock.png HTTP/1.1" 200 4743 "http://www.wonder-geek.com/templates/Pixame_v1/stylesheet.css" "Mozilla/5.0 (X11; Linux x86_64) AppleWebKit/537.36 (KHTML, like Gecko) Chrome/99.0.4768.0 Safari/537.36"
35.238.239.39 - - [15/Dec/2021:08:17:41 +0100] "GET /images/mini_prod/3660173240718.jpg HTTP/1.1" 200 4789 "http://www.wonder-geek.com/" "Mozilla/5.0 (X11; Linux x86_64) AppleWebKit/537.36 (KHTML, like Gecko) Chrome/99.0.4768.0 Safari/537.36"
35.238.239.39 - - [15/Dec/2021:08:17:41 +0100] "GET /images/mini_prod/8422084818043.jpg HTTP/1.1" 200 4550 "http://www.wonder-geek.com/" "Mozilla/5.0 (X11; Linux x86_64) AppleWebKit/537.36 (KHTML, like Gecko) Chrome/99.0.4768.0 Safari/537.36"
35.238.239.39 - - [15/Dec/2021:08:17:42 +0100] "GET /images/mini_prod/8422084818012.jpg HTTP/1.1" 200 4623 "http://www.wonder-geek.com/" "Mozilla/5.0 (X11; Linux x86_64) AppleWebKit/537.36 (KHTML, like Gecko) Chrome/99.0.4768.0 Safari/537.36"
35.238.239.39 - - [15/Dec/2021:08:17:42 +0100] "GET /images/mini_prod/8445148004602.jpg HTTP/1.1" 200 8600 "http://www.wonder-geek.com/" "Mozilla/5.0 (X11; Linux x86_64) AppleWebKit/537.36 (KHTML, like Gecko) Chrome/99.0.4768.0 Safari/537.36"
35.238.239.39 - - [15/Dec/2021:08:17:42 +0100] "GET /images/mini_prod/3665269156683.jpg HTTP/1.1" 200 7710 "http://www.wonder-geek.com/" "Mozilla/5.0 (X11; Linux x86_64) AppleWebKit/537.36 (KHTML, like Gecko) Chrome/99.0.4768.0 Safari/537.36"
35.238.239.39 - - [15/Dec/2021:08:17:49 +0100] "GET /images/mini_prod/8712159171877.jpg HTTP/1.1" 200 8043 "http://www.wonder-geek.com/" "Mozilla/5.0 (X11; Linux x86_64) AppleWebKit/537.36 (KHTML, like Gecko) Chrome/99.0.4768.0 Safari/537.36"
