173.23.104.17 - - [16/Dec/2021:01:07:28 +0100] "GET /js/jquery.js HTTP/1.1" 200 54075 "http://www.wonder-geek.com/mini-metal-tray-bcassine-p-35254.html" "Mozilla/5.0 (iPad; CPU OS 15_1 like Mac OS X) AppleWebKit/605.1.15 (KHTML, like Gecko) Version/15.0 Mobile/15E148 Safari/604.1"
173.23.104.17 - - [16/Dec/2021:01:07:28 +0100] "GET /mondial_relay/js/jquery-1.3.2.min.js HTTP/1.1" 200 57254 "http://www.wonder-geek.com/mini-metal-tray-bcassine-p-35254.html" "Mozilla/5.0 (iPad; CPU OS 15_1 like Mac OS X) AppleWebKit/605.1.15 (KHTML, like Gecko) Version/15.0 Mobile/15E148 Safari/604.1"
173.23.104.17 - - [16/Dec/2021:01:07:28 +0100] "GET /templates/Pixame_v1/images/icon_accueil2.png HTTP/1.1" 200 1137 "http://www.wonder-geek.com/mini-metal-tray-bcassine-p-35254.html" "Mozilla/5.0 (iPad; CPU OS 15_1 like Mac OS X) AppleWebKit/605.1.15 (KHTML, like Gecko) Version/15.0 Mobile/15E148 Safari/604.1"
173.23.104.17 - - [16/Dec/2021:01:07:28 +0100] "GET /templates/Pixame_v1/images/nav.png HTTP/1.1" 200 1283 "http://www.wonder-geek.com/mini-metal-tray-bcassine-p-35254.html" "Mozilla/5.0 (iPad; CPU OS 15_1 like Mac OS X) AppleWebKit/605.1.15 (KHTML, like Gecko) Version/15.0 Mobile/15E148 Safari/604.1"
173.23.104.17 - - [16/Dec/2021:01:07:28 +0100] "GET /templates/Pixame_v1/images/header.png HTTP/1.1" 200 70245 "http://www.wonder-geek.com/mini-metal-tray-bcassine-p-35254.html" "Mozilla/5.0 (iPad; CPU OS 15_1 like Mac OS X) AppleWebKit/605.1.15 (KHTML, like Gecko) Version/15.0 Mobile/15E148 Safari/604.1"
173.23.104.17 - - [16/Dec/2021:01:07:28 +0100] "GET /images/big_prod/3565750245158.jpg HTTP/1.1" 200 87502 "http://www.wonder-geek.com/mini-metal-tray-bcassine-p-35254.html" "Mozilla/5.0 (iPad; CPU OS 15_1 like Mac OS X) AppleWebKit/605.1.15 (KHTML, like Gecko) Version/15.0 Mobile/15E148 Safari/604.1"
173.23.104.17 - - [16/Dec/2021:01:07:28 +0100] "GET /templates/Pixame_v1/images/Bottom_texture.jpg HTTP/1.1" 200 56290 "http://www.wonder-geek.com/mini-metal-tray-bcassine-p-35254.html" "Mozilla/5.0 (iPad; CPU OS 15_1 like Mac OS X) AppleWebKit/605.1.15 (KHTML, like Gecko) Version/15.0 Mobile/15E148 Safari/604.1"
173.23.104.17 - - [16/Dec/2021:01:07:28 +0100] "GET /templates/Pixame_v1/images/buttons/english/button_in_cart.gif HTTP/1.1" 200 1212 "http://www.wonder-geek.com/mini-metal-tray-bcassine-p-35254.html" "Mozilla/5.0 (iPad; CPU OS 15_1 like Mac OS X) AppleWebKit/605.1.15 (KHTML, like Gecko) Version/15.0 Mobile/15E148 Safari/604.1"
173.23.104.17 - - [16/Dec/2021:01:07:28 +0100] "GET /templates/Pixame_v1/images/header-object.png HTTP/1.1" 200 106050 "http://www.wonder-geek.com/mini-metal-tray-bcassine-p-35254.html" "Mozilla/5.0 (iPad; CPU OS 15_1 like Mac OS X) AppleWebKit/605.1.15 (KHTML, like Gecko) Version/15.0 Mobile/15E148 Safari/604.1"
173.23.104.17 - - [16/Dec/2021:01:07:29 +0100] "GET /design/productsenstock.png HTTP/1.1" 200 4743 "http://www.wonder-geek.com/mini-metal-tray-bcassine-p-35254.html" "Mozilla/5.0 (iPad; CPU OS 15_1 like Mac OS X) AppleWebKit/605.1.15 (KHTML, like Gecko) Version/15.0 Mobile/15E148 Safari/604.1"
173.23.104.17 - - [16/Dec/2021:01:07:29 +0100] "GET /templates/Pixame_v1/images/Middle_texture.jpg HTTP/1.1" 200 249620 "http://www.wonder-geek.com/mini-metal-tray-bcassine-p-35254.html" "Mozilla/5.0 (iPad; CPU OS 15_1 like Mac OS X) AppleWebKit/605.1.15 (KHTML, like Gecko) Version/15.0 Mobile/15E148 Safari/604.1"
173.23.104.17 - - [16/Dec/2021:01:07:29 +0100] "GET /highslide/graphics/outlines/drop-shadow.png HTTP/1.1" 200 2022 "http://www.wonder-geek.com/mini-metal-tray-bcassine-p-35254.html" "Mozilla/5.0 (iPad; CPU OS 15_1 like Mac OS X) AppleWebKit/605.1.15 (KHTML, like Gecko) Version/15.0 Mobile/15E148 Safari/604.1"
173.23.104.17 - - [16/Dec/2021:01:07:29 +0100] "GET /favicon.ico HTTP/1.1" 200 1591 "-" "Mozilla/5.0 (iPad; CPU OS 15_1 like Mac OS X) AppleWebKit/605.1.15 (KHTML, like Gecko) Version/15.0 Mobile/15E148 Safari/604.1"
45.76.250.213 - - [16/Dec/2021:01:07:31 +0100] "GET /images/mini_prod/8433933142325.jpg HTTP/1.1" 200 6048 "-" "Mozilla/5.0 (X11; Ubuntu; Linux x86_64; rv:72.0) Gecko/20100101 Firefox/72.0"
45.76.250.213 - - [16/Dec/2021:01:08:01 +0100] "GET /images/mini_prod/1300000021562.jpg HTTP/1.1" 200 5402 "-" "Mozilla/5.0 (X11; Ubuntu; Linux x86_64; rv:72.0) Gecko/20100101 Firefox/72.0"
20.99.156.128 - - [16/Dec/2021:01:08:45 +0100] "GET /images/big_prod/3453131143875.jpg HTTP/1.1" 200 86820 "-" "Mozilla/5.0 (Windows NT 10.0; WOW64) AppleWebKit/537.36 (KHTML, like Gecko) Chrome/64.0.3282.186 Safari/537.36"
185.191.171.25 - - [16/Dec/2021:01:08:57 +0100] "GET /robots.txt HTTP/1.1" 200 2438 "-" "Mozilla/5.0 (compatible; SemrushBot/7~bl; +http://www.semrush.com/bot.html)"
66.249.70.72 - - [16/Dec/2021:01:09:28 +0100] "GET /images/mini_prod/8422010756418.jpg HTTP/1.1" 200 7648 "-" "Googlebot-Image/1.0"
5.255.253.187 - - [16/Dec/2021:01:10:47 +0100] "GET /images/8004332880059.jpg HTTP/1.1" 200 32049 "-" "Mozilla/5.0 (compatible; YandexImages/3.0; +http://yandex.com/bots)"
45.76.250.213 - - [16/Dec/2021:01:13:02 +0100] "GET /images/big_prod_1/8717318193042a.jpg HTTP/1.1" 200 190748 "-" "Mozilla/5.0 (X11; Ubuntu; Linux x86_64; rv:72.0) Gecko/20100101 Firefox/72.0"
45.76.250.213 - - [16/Dec/2021:01:13:35 +0100] "GET /images/mini_prod/6942138908640.jpg HTTP/1.1" 200 7028 "-" "Mozilla/5.0 (X11; Ubuntu; Linux x86_64; rv:72.0) Gecko/20100101 Firefox/72.0"
207.46.13.62 - - [16/Dec/2021:01:14:47 +0100] "GET /images/big_prod/8718375751152.jpg HTTP/1.1" 200 117615 "-" "Mozilla/5.0 (compatible; bingbot/2.0; +http://www.bing.com/bingbot.htm)"
20.99.156.128 - - [16/Dec/2021:01:14:58 +0100] "GET /images/big_prod/8424346057382.jpg HTTP/1.1" 200 179720 "-" "Mozilla/5.0 (Windows NT 10.0; WOW64) AppleWebKit/537.36 (KHTML, like Gecko) Chrome/64.0.3282.186 Safari/537.36"
23.100.232.233 - - [16/Dec/2021:01:15:32 +0100] "GET /templates/Pixame_v1/stylesheet.css HTTP/1.1" 200 56057 "http://www.wonder-geek.com/-p-28823.html" "Mozilla/5.0 (compatible; MSIE 9.0; Windows NT 6.0; Trident/5.0;  Trident/5.0)"
23.100.232.233 - - [16/Dec/2021:01:15:32 +0100] "GET /highslide/highslide.js HTTP/1.1" 200 42909 "http://www.wonder-geek.com/-p-28823.html" "Mozilla/5.0 (compatible; MSIE 9.0; Windows NT 6.0; Trident/5.0;  Trident/5.0)"
23.100.232.233 - - [16/Dec/2021:01:15:33 +0100] "GET /js/jquery.js HTTP/1.1" 200 54075 "http://www.wonder-geek.com/-p-28823.html" "Mozilla/5.0 (compatible; MSIE 9.0; Windows NT 6.0; Trident/5.0;  Trident/5.0)"
23.100.232.233 - - [16/Dec/2021:01:15:33 +0100] "GET /js/jquery.jqzoom.js HTTP/1.1" 200 4761 "http://www.wonder-geek.com/-p-28823.html" "Mozilla/5.0 (compatible; MSIE 9.0; Windows NT 6.0; Trident/5.0;  Trident/5.0)"
23.100.232.233 - - [16/Dec/2021:01:15:33 +0100] "GET /mondial_relay/js/jquery-1.3.2.min.js HTTP/1.1" 200 57254 "http://www.wonder-geek.com/-p-28823.html" "Mozilla/5.0 (compatible; MSIE 9.0; Windows NT 6.0; Trident/5.0;  Trident/5.0)"
23.100.232.233 - - [16/Dec/2021:01:15:34 +0100] "GET /templates/Pixame_v1/images/flash.swf HTTP/1.1" 200 2868 "http://www.wonder-geek.com/-p-28823.html" "Mozilla/5.0 (compatible; MSIE 9.0; Windows NT 6.0; Trident/5.0;  Trident/5.0)"
114.119.128.40 - - [16/Dec/2021:01:16:50 +0100] "GET /images/big_prod_1/8717202559039b.jpg HTTP/1.1" 200 119582 "-" "Mozilla/5.0 (Linux; Android 7.0;) AppleWebKit/537.36 (KHTML, like Gecko) Mobile Safari/537.36 (compatible; PetalBot;+https://webmaster.petalsearch.com/site/petalbot)"
157.55.39.223 - - [16/Dec/2021:01:17:06 +0100] "GET /images/big_prod/3700407620128.jpg HTTP/1.1" 200 56366 "-" "Mozilla/5.0 (compatible; bingbot/2.0; +http://www.bing.com/bingbot.htm)"
157.55.39.0 - - [16/Dec/2021:01:17:45 +0100] "GET /images/med_prod/8435107825720.jpg HTTP/1.1" 200 150306 "-" "Mozilla/5.0 (compatible; bingbot/2.0; +http://www.bing.com/bingbot.htm)"
157.55.39.223 - - [16/Dec/2021:01:18:56 +0100] "GET /images/big_prod/8718375753873a.jpg HTTP/1.1" 200 73344 "-" "Mozilla/5.0 (compatible; bingbot/2.0; +http://www.bing.com/bingbot.htm)"
54.236.1.11 - - [16/Dec/2021:01:22:02 +0100] "GET /images/7316191713234.jpg HTTP/1.1" 200 150227 "-" "Mozilla/5.0 (compatible; Pinterestbot/1.0; +http://www.pinterest.com/bot.html)"
66.249.70.72 - - [16/Dec/2021:01:22:38 +0100] "GET /images/mini_prod/5051276424491.jpg HTTP/1.1" 200 2719 "-" "Googlebot-Image/1.0"
74.125.210.82 - - [16/Dec/2021:01:23:00 +0100] "GET /images/big_prod_1/8720088299722a.jpg HTTP/1.1" 200 117609 "-" "Mozilla/5.0 (Windows NT 5.1; rv:11.0) Gecko Firefox/11.0 (via ggpht.com GoogleImageProxy)"
157.55.39.122 - - [16/Dec/2021:01:23:02 +0100] "GET /images/mini_prod/8718317728983.jpg HTTP/1.1" 200 6929 "-" "Mozilla/5.0 (compatible; bingbot/2.0; +http://www.bing.com/bingbot.htm)"
67.172.212.215 - - [16/Dec/2021:01:23:05 +0100] "GET /templates/Pixame_v1/stylesheet.css HTTP/1.1" 200 56057 "http://www.wonder-geek.com/gift-infuser-elephant-p-55592.html" "Mozilla/5.0 (Macintosh; Intel Mac OS X 10_15_6) AppleWebKit/605.1.15 (KHTML, like Gecko) Version/14.1.2 Safari/605.1.15"
67.172.212.215 - - [16/Dec/2021:01:23:05 +0100] "GET /highslide/highslide.js HTTP/1.1" 200 42909 "http://www.wonder-geek.com/gift-infuser-elephant-p-55592.html" "Mozilla/5.0 (Macintosh; Intel Mac OS X 10_15_6) AppleWebKit/605.1.15 (KHTML, like Gecko) Version/14.1.2 Safari/605.1.15"
67.172.212.215 - - [16/Dec/2021:01:23:05 +0100] "GET /js/jquery.jqzoom.js HTTP/1.1" 200 4761 "http://www.wonder-geek.com/gift-infuser-elephant-p-55592.html" "Mozilla/5.0 (Macintosh; Intel Mac OS X 10_15_6) AppleWebKit/605.1.15 (KHTML, like Gecko) Version/14.1.2 Safari/605.1.15"
67.172.212.215 - - [16/Dec/2021:01:23:05 +0100] "GET /js/jquery.js HTTP/1.1" 200 54075 "http://www.wonder-geek.com/gift-infuser-elephant-p-55592.html" "Mozilla/5.0 (Macintosh; Intel Mac OS X 10_15_6) AppleWebKit/605.1.15 (KHTML, like Gecko) Version/14.1.2 Safari/605.1.15"
67.172.212.215 - - [16/Dec/2021:01:23:05 +0100] "GET /mondial_relay/js/jquery-1.3.2.min.js HTTP/1.1" 200 57254 "http://www.wonder-geek.com/gift-infuser-elephant-p-55592.html" "Mozilla/5.0 (Macintosh; Intel Mac OS X 10_15_6) AppleWebKit/605.1.15 (KHTML, like Gecko) Version/14.1.2 Safari/605.1.15"
67.172.212.215 - - [16/Dec/2021:01:23:05 +0100] "GET /templates/Pixame_v1/images/icon_accueil2.png HTTP/1.1" 200 1137 "http://www.wonder-geek.com/gift-infuser-elephant-p-55592.html" "Mozilla/5.0 (Macintosh; Intel Mac OS X 10_15_6) AppleWebKit/605.1.15 (KHTML, like Gecko) Version/14.1.2 Safari/605.1.15"
67.172.212.215 - - [16/Dec/2021:01:23:06 +0100] "GET /images/big_prod_2/8720088299722b.jpg HTTP/1.1" 200 142084 "http://www.wonder-geek.com/gift-infuser-elephant-p-55592.html" "Mozilla/5.0 (Macintosh; Intel Mac OS X 10_15_6) AppleWebKit/605.1.15 (KHTML, like Gecko) Version/14.1.2 Safari/605.1.15"
67.172.212.215 - - [16/Dec/2021:01:23:06 +0100] "GET /images/big_prod/8720088299722.jpg HTTP/1.1" 200 130639 "http://www.wonder-geek.com/gift-infuser-elephant-p-55592.html" "Mozilla/5.0 (Macintosh; Intel Mac OS X 10_15_6) AppleWebKit/605.1.15 (KHTML, like Gecko) Version/14.1.2 Safari/605.1.15"
67.172.212.215 - - [16/Dec/2021:01:23:06 +0100] "GET /images/big_prod_1/8720088299722a.jpg HTTP/1.1" 200 117609 "http://www.wonder-geek.com/gift-infuser-elephant-p-55592.html" "Mozilla/5.0 (Macintosh; Intel Mac OS X 10_15_6) AppleWebKit/605.1.15 (KHTML, like Gecko) Version/14.1.2 Safari/605.1.15"
67.172.212.215 - - [16/Dec/2021:01:23:06 +0100] "GET /images/big_prod_3/8720088299722c.jpg HTTP/1.1" 200 124138 "http://www.wonder-geek.com/gift-infuser-elephant-p-55592.html" "Mozilla/5.0 (Macintosh; Intel Mac OS X 10_15_6) AppleWebKit/605.1.15 (KHTML, like Gecko) Version/14.1.2 Safari/605.1.15"
67.172.212.215 - - [16/Dec/2021:01:23:06 +0100] "GET /images/big_prod_4/8720088299708d.jpg HTTP/1.1" 200 79378 "http://www.wonder-geek.com/gift-infuser-elephant-p-55592.html" "Mozilla/5.0 (Macintosh; Intel Mac OS X 10_15_6) AppleWebKit/605.1.15 (KHTML, like Gecko) Version/14.1.2 Safari/605.1.15"
67.172.212.215 - - [16/Dec/2021:01:23:06 +0100] "GET /templates/Pixame_v1/images/buttons/english/button_in_cart.gif HTTP/1.1" 200 1212 "http://www.wonder-geek.com/gift-infuser-elephant-p-55592.html" "Mozilla/5.0 (Macintosh; Intel Mac OS X 10_15_6) AppleWebKit/605.1.15 (KHTML, like Gecko) Version/14.1.2 Safari/605.1.15"
67.172.212.215 - - [16/Dec/2021:01:23:06 +0100] "GET /templates/Pixame_v1/images/Bottom_texture.jpg HTTP/1.1" 200 56290 "http://www.wonder-geek.com/gift-infuser-elephant-p-55592.html" "Mozilla/5.0 (Macintosh; Intel Mac OS X 10_15_6) AppleWebKit/605.1.15 (KHTML, like Gecko) Version/14.1.2 Safari/605.1.15"
67.172.212.215 - - [16/Dec/2021:01:23:06 +0100] "GET /templates/Pixame_v1/images/nav.png HTTP/1.1" 200 1283 "http://www.wonder-geek.com/gift-infuser-elephant-p-55592.html" "Mozilla/5.0 (Macintosh; Intel Mac OS X 10_15_6) AppleWebKit/605.1.15 (KHTML, like Gecko) Version/14.1.2 Safari/605.1.15"
67.172.212.215 - - [16/Dec/2021:01:23:06 +0100] "GET /templates/Pixame_v1/images/header.png HTTP/1.1" 200 70245 "http://www.wonder-geek.com/gift-infuser-elephant-p-55592.html" "Mozilla/5.0 (Macintosh; Intel Mac OS X 10_15_6) AppleWebKit/605.1.15 (KHTML, like Gecko) Version/14.1.2 Safari/605.1.15"
67.172.212.215 - - [16/Dec/2021:01:23:06 +0100] "GET /design/productsenstock.png HTTP/1.1" 200 4743 "http://www.wonder-geek.com/gift-infuser-elephant-p-55592.html" "Mozilla/5.0 (Macintosh; Intel Mac OS X 10_15_6) AppleWebKit/605.1.15 (KHTML, like Gecko) Version/14.1.2 Safari/605.1.15"
67.172.212.215 - - [16/Dec/2021:01:23:06 +0100] "GET /templates/Pixame_v1/images/Middle_texture.jpg HTTP/1.1" 200 249620 "http://www.wonder-geek.com/gift-infuser-elephant-p-55592.html" "Mozilla/5.0 (Macintosh; Intel Mac OS X 10_15_6) AppleWebKit/605.1.15 (KHTML, like Gecko) Version/14.1.2 Safari/605.1.15"
67.172.212.215 - - [16/Dec/2021:01:23:06 +0100] "GET /templates/Pixame_v1/images/header-object.png HTTP/1.1" 200 106050 "http://www.wonder-geek.com/gift-infuser-elephant-p-55592.html" "Mozilla/5.0 (Macintosh; Intel Mac OS X 10_15_6) AppleWebKit/605.1.15 (KHTML, like Gecko) Version/14.1.2 Safari/605.1.15"
67.172.212.215 - - [16/Dec/2021:01:23:06 +0100] "GET /highslide/graphics/outlines/drop-shadow.png HTTP/1.1" 200 2022 "http://www.wonder-geek.com/gift-infuser-elephant-p-55592.html" "Mozilla/5.0 (Macintosh; Intel Mac OS X 10_15_6) AppleWebKit/605.1.15 (KHTML, like Gecko) Version/14.1.2 Safari/605.1.15"
67.172.212.215 - - [16/Dec/2021:01:23:07 +0100] "GET /favicon.ico HTTP/1.1" 200 1591 "http://www.wonder-geek.com/gift-infuser-elephant-p-55592.html" "Mozilla/5.0 (Macintosh; Intel Mac OS X 10_15_6) AppleWebKit/605.1.15 (KHTML, like Gecko) Version/14.1.2 Safari/605.1.15"
175.102.16.34 - - [16/Dec/2021:01:23:16 +0100] "GET /images/mini_prod/3457019600467.jpg HTTP/1.1" 200 5487 "-" "Mozilla/5.0 (X11; Ubuntu; Linux x86_64; rv:72.0) Gecko/20100101 Firefox/72.0"
157.55.39.0 - - [16/Dec/2021:01:24:45 +0100] "GET /images/big_prod/1384010207789.jpg HTTP/1.1" 200 91631 "-" "Mozilla/5.0 (compatible; bingbot/2.0; +http://www.bing.com/bingbot.htm)"
45.76.250.213 - - [16/Dec/2021:01:25:36 +0100] "GET /images/mini_prod/3660173185545.jpg HTTP/1.1" 200 6537 "-" "Mozilla/5.0 (X11; Ubuntu; Linux x86_64; rv:72.0) Gecko/20100101 Firefox/72.0"
207.46.13.52 - - [16/Dec/2021:01:27:43 +0100] "GET /images/big_prod/1384010203149.jpg HTTP/1.1" 200 90422 "-" "Mozilla/5.0 (compatible; bingbot/2.0; +http://www.bing.com/bingbot.htm)"
45.76.250.213 - - [16/Dec/2021:01:28:46 +0100] "GET /images/mini_prod/5051276388168.jpg HTTP/1.1" 200 5258 "-" "Mozilla/5.0 (X11; Ubuntu; Linux x86_64; rv:72.0) Gecko/20100101 Firefox/72.0"
175.102.16.34 - - [16/Dec/2021:01:30:29 +0100] "GET /images/mini_prod/5415203956408.jpg HTTP/1.1" 200 5372 "-" "Mozilla/5.0 (X11; Ubuntu; Linux x86_64; rv:72.0) Gecko/20100101 Firefox/72.0"
118.140.213.251 - - [16/Dec/2021:01:30:36 +0100] "GET /images/mini_prod/5415203956408.jpg HTTP/1.1" 200 5372 "-" "Mozilla/5.0 (X11; Ubuntu; Linux x86_64; rv:72.0) Gecko/20100101 Firefox/72.0"
157.55.39.223 - - [16/Dec/2021:01:30:38 +0100] "GET /images/big_prod_1/1328399219599a.jpg HTTP/1.1" 200 57637 "-" "Mozilla/5.0 (compatible; bingbot/2.0; +http://www.bing.com/bingbot.htm)"
114.119.128.34 - - [16/Dec/2021:01:33:54 +0100] "GET /images/big_prod_1/8424346367474a.jpg HTTP/1.1" 200 387543 "-" "Mozilla/5.0 (Linux; Android 7.0;) AppleWebKit/537.36 (KHTML, like Gecko) Mobile Safari/537.36 (compatible; PetalBot;+https://webmaster.petalsearch.com/site/petalbot)"
157.55.39.228 - - [16/Dec/2021:01:35:26 +0100] "GET /images/3438100343395.jpg HTTP/1.1" 200 21778 "-" "Mozilla/5.0 (compatible; bingbot/2.0; +http://www.bing.com/bingbot.htm)"
155.138.175.238 - - [16/Dec/2021:01:35:38 +0100] "GET /images/mini_prod/8003990589939.jpg HTTP/1.1" 200 10390 "-" "Mozilla/5.0 (X11; Ubuntu; Linux x86_64; rv:72.0) Gecko/20100101 Firefox/72.0"
66.249.70.74 - - [16/Dec/2021:01:35:47 +0100] "GET /images/mini_prod/3665269121278.jpg HTTP/1.1" 200 5465 "-" "Googlebot-Image/1.0"
207.46.13.62 - - [16/Dec/2021:01:36:49 +0100] "GET /images/3681643402207.jpg HTTP/1.1" 200 42413 "-" "Mozilla/5.0 (compatible; bingbot/2.0; +http://www.bing.com/bingbot.htm)"
24.13.67.112 - - [16/Dec/2021:01:38:22 +0100] "GET /js/jquery.jqzoom.js HTTP/1.1" 200 4761 "http://www.wonder-geek.com/lola-ceramic-piggy-bank-p-49599.html" "Mozilla/5.0 (iPhone; CPU iPhone OS 15_1_1 like Mac OS X) AppleWebKit/605.1.15 (KHTML, like Gecko) Version/15.1 Mobile/15E148 Safari/604.1"
24.13.67.112 - - [16/Dec/2021:01:38:22 +0100] "GET /templates/Pixame_v1/stylesheet.css HTTP/1.1" 200 56057 "http://www.wonder-geek.com/lola-ceramic-piggy-bank-p-49599.html" "Mozilla/5.0 (iPhone; CPU iPhone OS 15_1_1 like Mac OS X) AppleWebKit/605.1.15 (KHTML, like Gecko) Version/15.1 Mobile/15E148 Safari/604.1"
24.13.67.112 - - [16/Dec/2021:01:38:22 +0100] "GET /highslide/highslide.js HTTP/1.1" 200 42909 "http://www.wonder-geek.com/lola-ceramic-piggy-bank-p-49599.html" "Mozilla/5.0 (iPhone; CPU iPhone OS 15_1_1 like Mac OS X) AppleWebKit/605.1.15 (KHTML, like Gecko) Version/15.1 Mobile/15E148 Safari/604.1"
24.13.67.112 - - [16/Dec/2021:01:38:22 +0100] "GET /js/jquery.js HTTP/1.1" 200 54075 "http://www.wonder-geek.com/lola-ceramic-piggy-bank-p-49599.html" "Mozilla/5.0 (iPhone; CPU iPhone OS 15_1_1 like Mac OS X) AppleWebKit/605.1.15 (KHTML, like Gecko) Version/15.1 Mobile/15E148 Safari/604.1"
24.13.67.112 - - [16/Dec/2021:01:38:22 +0100] "GET /mondial_relay/js/jquery-1.3.2.min.js HTTP/1.1" 200 57254 "http://www.wonder-geek.com/lola-ceramic-piggy-bank-p-49599.html" "Mozilla/5.0 (iPhone; CPU iPhone OS 15_1_1 like Mac OS X) AppleWebKit/605.1.15 (KHTML, like Gecko) Version/15.1 Mobile/15E148 Safari/604.1"
24.13.67.112 - - [16/Dec/2021:01:38:22 +0100] "GET /templates/Pixame_v1/images/icon_accueil2.png HTTP/1.1" 200 1137 "http://www.wonder-geek.com/lola-ceramic-piggy-bank-p-49599.html" "Mozilla/5.0 (iPhone; CPU iPhone OS 15_1_1 like Mac OS X) AppleWebKit/605.1.15 (KHTML, like Gecko) Version/15.1 Mobile/15E148 Safari/604.1"
24.13.67.112 - - [16/Dec/2021:01:38:22 +0100] "GET /templates/Pixame_v1/images/nav.png HTTP/1.1" 200 1283 "http://www.wonder-geek.com/lola-ceramic-piggy-bank-p-49599.html" "Mozilla/5.0 (iPhone; CPU iPhone OS 15_1_1 like Mac OS X) AppleWebKit/605.1.15 (KHTML, like Gecko) Version/15.1 Mobile/15E148 Safari/604.1"
24.13.67.112 - - [16/Dec/2021:01:38:23 +0100] "GET /templates/Pixame_v1/images/Bottom_texture.jpg HTTP/1.1" 200 56290 "http://www.wonder-geek.com/lola-ceramic-piggy-bank-p-49599.html" "Mozilla/5.0 (iPhone; CPU iPhone OS 15_1_1 like Mac OS X) AppleWebKit/605.1.15 (KHTML, like Gecko) Version/15.1 Mobile/15E148 Safari/604.1"
24.13.67.112 - - [16/Dec/2021:01:38:23 +0100] "GET /templates/Pixame_v1/images/header.png HTTP/1.1" 200 70245 "http://www.wonder-geek.com/lola-ceramic-piggy-bank-p-49599.html" "Mozilla/5.0 (iPhone; CPU iPhone OS 15_1_1 like Mac OS X) AppleWebKit/605.1.15 (KHTML, like Gecko) Version/15.1 Mobile/15E148 Safari/604.1"
24.13.67.112 - - [16/Dec/2021:01:38:23 +0100] "GET /templates/Pixame_v1/images/header-object.png HTTP/1.1" 200 106050 "http://www.wonder-geek.com/lola-ceramic-piggy-bank-p-49599.html" "Mozilla/5.0 (iPhone; CPU iPhone OS 15_1_1 like Mac OS X) AppleWebKit/605.1.15 (KHTML, like Gecko) Version/15.1 Mobile/15E148 Safari/604.1"
24.13.67.112 - - [16/Dec/2021:01:38:23 +0100] "GET /design/productsenstock.png HTTP/1.1" 200 4743 "http://www.wonder-geek.com/lola-ceramic-piggy-bank-p-49599.html" "Mozilla/5.0 (iPhone; CPU iPhone OS 15_1_1 like Mac OS X) AppleWebKit/605.1.15 (KHTML, like Gecko) Version/15.1 Mobile/15E148 Safari/604.1"
24.13.67.112 - - [16/Dec/2021:01:38:23 +0100] "GET /templates/Pixame_v1/images/Middle_texture.jpg HTTP/1.1" 200 249620 "http://www.wonder-geek.com/lola-ceramic-piggy-bank-p-49599.html" "Mozilla/5.0 (iPhone; CPU iPhone OS 15_1_1 like Mac OS X) AppleWebKit/605.1.15 (KHTML, like Gecko) Version/15.1 Mobile/15E148 Safari/604.1"
24.13.67.112 - - [16/Dec/2021:01:38:24 +0100] "GET /highslide/graphics/outlines/drop-shadow.png HTTP/1.1" 200 2022 "http://www.wonder-geek.com/lola-ceramic-piggy-bank-p-49599.html" "Mozilla/5.0 (iPhone; CPU iPhone OS 15_1_1 like Mac OS X) AppleWebKit/605.1.15 (KHTML, like Gecko) Version/15.1 Mobile/15E148 Safari/604.1"
24.13.67.112 - - [16/Dec/2021:01:38:24 +0100] "GET /favicon.ico HTTP/1.1" 200 1591 "http://www.wonder-geek.com/lola-ceramic-piggy-bank-p-49599.html" "Mozilla/5.0 (iPhone; CPU iPhone OS 15_1_1 like Mac OS X) AppleWebKit/605.1.15 (KHTML, like Gecko) Version/15.1 Mobile/15E148 Safari/604.1"
157.55.39.122 - - [16/Dec/2021:01:40:15 +0100] "GET /images/med_prod/4010070303013.jpg HTTP/1.1" 200 157110 "-" "Mozilla/5.0 (compatible; bingbot/2.0; +http://www.bing.com/bingbot.htm)"
157.55.39.223 - - [16/Dec/2021:01:41:08 +0100] "GET /images/med_prod/8712269006120.jpg HTTP/1.1" 200 96751 "-" "Mozilla/5.0 (compatible; bingbot/2.0; +http://www.bing.com/bingbot.htm)"
157.55.39.223 - - [16/Dec/2021:01:44:28 +0100] "GET /images/big_prod/8419810093386.jpg HTTP/1.1" 200 37352 "-" "Mozilla/5.0 (compatible; bingbot/2.0; +http://www.bing.com/bingbot.htm)"
114.119.128.39 - - [16/Dec/2021:01:44:29 +0100] "GET /images/big_prod_1/1020322305439B.jpg HTTP/1.1" 200 126698 "-" "Mozilla/5.0 (Linux; Android 7.0;) AppleWebKit/537.36 (KHTML, like Gecko) Mobile Safari/537.36 (compatible; PetalBot;+https://webmaster.petalsearch.com/site/petalbot)"
144.202.104.167 - - [16/Dec/2021:01:44:40 +0100] "GET /images/mini_prod/78-4153.jpg HTTP/1.1" 200 7250 "-" "Mozilla/5.0 (X11; Ubuntu; Linux x86_64; rv:72.0) Gecko/20100101 Firefox/72.0"
54.36.148.166 - - [16/Dec/2021:01:46:52 +0100] "GET /images/mini_prod/3700281659221.jpg HTTP/1.1" 200 7177 "-" "Mozilla/5.0 (compatible; AhrefsBot/7.0; +http://ahrefs.com/robot/)"
20.99.156.128 - - [16/Dec/2021:01:46:56 +0100] "GET /images/big_prod_1/b3574642018220.jpg HTTP/1.1" 200 66403 "-" "Mozilla/5.0 (X11; Linux x86_64) AppleWebKit/537.36 (KHTML, like Gecko) Chrome/62.0.3202.62 Safari/537.36"
207.46.13.62 - - [16/Dec/2021:01:48:40 +0100] "GET /images/med_prod/4036113232072.jpg HTTP/1.1" 200 171463 "-" "Mozilla/5.0 (compatible; bingbot/2.0; +http://www.bing.com/bingbot.htm)"
66.249.70.70 - - [16/Dec/2021:01:49:06 +0100] "GET /images/big_prod/8718375754184.jpg HTTP/1.1" 200 136824 "-" "Googlebot-Image/1.0"
155.138.175.238 - - [16/Dec/2021:01:49:22 +0100] "GET /images/mini_prod/8421440012309.jpg HTTP/1.1" 200 10252 "-" "Mozilla/5.0 (X11; Ubuntu; Linux x86_64; rv:72.0) Gecko/20100101 Firefox/72.0"
45.76.250.213 - - [16/Dec/2021:01:50:31 +0100] "GET /images/mini_prod/8435333834275.jpg HTTP/1.1" 200 7794 "-" "Mozilla/5.0 (X11; Ubuntu; Linux x86_64; rv:72.0) Gecko/20100101 Firefox/72.0"
175.102.16.34 - - [16/Dec/2021:01:50:39 +0100] "GET /images/mini_prod/3760116326407.jpg HTTP/1.1" 200 9624 "-" "Mozilla/5.0 (X11; Ubuntu; Linux x86_64; rv:72.0) Gecko/20100101 Firefox/72.0"
155.138.175.238 - - [16/Dec/2021:01:50:50 +0100] "GET /images/med_prod/3700516207456.jpg HTTP/1.1" 200 84133 "-" "Mozilla/5.0 (X11; Ubuntu; Linux x86_64; rv:72.0) Gecko/20100101 Firefox/72.0"
216.244.66.242 - - [16/Dec/2021:01:51:09 +0100] "GET /robots.txt HTTP/1.1" 200 2438 "-" "Mozilla/5.0 (compatible; DotBot/1.2; +https://opensiteexplorer.org/dotbot; help@moz.com)"
175.102.16.34 - - [16/Dec/2021:01:52:18 +0100] "GET /images/mini_prod/mug-i-love-02.jpg HTTP/1.1" 200 6298 "-" "Mozilla/5.0 (X11; Ubuntu; Linux x86_64; rv:72.0) Gecko/20100101 Firefox/72.0"
45.76.250.213 - - [16/Dec/2021:01:53:01 +0100] "GET /images/mini_prod/3609810061897.jpg HTTP/1.1" 200 8631 "-" "Mozilla/5.0 (X11; Ubuntu; Linux x86_64; rv:72.0) Gecko/20100101 Firefox/72.0"
157.55.39.228 - - [16/Dec/2021:01:53:38 +0100] "GET /images/big_prod/8432699037265.jpg HTTP/1.1" 200 62602 "-" "Mozilla/5.0 (compatible; bingbot/2.0; +http://www.bing.com/bingbot.htm)"
114.119.128.40 - - [16/Dec/2021:01:55:08 +0100] "GET /images/big_prod/028399282609.jpg HTTP/1.1" 200 129995 "-" "Mozilla/5.0 (Linux; Android 7.0;) AppleWebKit/537.36 (KHTML, like Gecko) Mobile Safari/537.36 (compatible; PetalBot;+https://webmaster.petalsearch.com/site/petalbot)"
207.46.13.62 - - [16/Dec/2021:01:58:21 +0100] "GET /images/210320123420070.jpg HTTP/1.1" 200 61075 "-" "Mozilla/5.0 (compatible; bingbot/2.0; +http://www.bing.com/bingbot.htm)"
157.55.39.223 - - [16/Dec/2021:02:00:42 +0100] "GET /images/med_prod/1384010181416.jpg HTTP/1.1" 200 192514 "-" "Mozilla/5.0 (compatible; bingbot/2.0; +http://www.bing.com/bingbot.htm)"
207.46.13.52 - - [16/Dec/2021:02:02:16 +0100] "GET /images/big_prod_2/1328399219612b.jpg HTTP/1.1" 200 61913 "-" "Mozilla/5.0 (compatible; bingbot/2.0; +http://www.bing.com/bingbot.htm)"
66.249.70.70 - - [16/Dec/2021:02:07:34 +0100] "GET /images/big_prod/3503420158926.jpg HTTP/1.1" 200 45926 "-" "Googlebot-Image/1.0"
185.191.171.14 - - [16/Dec/2021:02:07:47 +0100] "GET /robots.txt HTTP/1.1" 200 2438 "-" "Mozilla/5.0 (compatible; SemrushBot/7~bl; +http://www.semrush.com/bot.html)"
147.92.153.14 - - [16/Dec/2021:02:12:28 +0100] "GET /images/big_prod/8424345302193B.jpg HTTP/1.1" 200 193094 "-" "Mozilla/5.0 (compatible; Linespider/1.1; +https://lin.ee/4dwXkTH)"
