155.138.175.238 - - [15/Dec/2021:11:47:10 +0100] "GET /images/mini_prod/8433933220627.jpg HTTP/1.1" 200 7701 "-" "Mozilla/5.0 (X11; Ubuntu; Linux x86_64; rv:72.0) Gecko/20100101 Firefox/72.0"
207.46.13.52 - - [15/Dec/2021:11:51:04 +0100] "GET /images/1341689196004.jpg HTTP/1.1" 200 86457 "-" "Mozilla/5.0 (compatible; bingbot/2.0; +http://www.bing.com/bingbot.htm)"
144.202.98.39 - - [15/Dec/2021:11:51:54 +0100] "GET /images/mini_prod/1399984257180.jpg HTTP/1.1" 200 11219 "-" "Mozilla/5.0 (X11; Ubuntu; Linux x86_64; rv:72.0) Gecko/20100101 Firefox/72.0"
20.99.156.92 - - [15/Dec/2021:11:53:57 +0100] "GET /images/big_prod_1/8422010063585B.jpg HTTP/1.1" 200 126731 "-" "Mozilla/5.0 (Windows NT 6.1; WOW64) AppleWebKit/537.36 (KHTML, like Gecko) Chrome/45.0.2454.101 Safari/537.36"
216.228.112.22 - - [15/Dec/2021:12:03:05 +0100] "GET /images/mini_prod/5050293803975.jpg HTTP/1.1" 200 10730 "-" "Mozilla/5.0 (X11; Ubuntu; Linux x86_64; rv:72.0) Gecko/20100101 Firefox/72.0"
54.36.149.86 - - [15/Dec/2021:12:04:57 +0100] "GET /robots.txt HTTP/1.1" 200 2438 "-" "Mozilla/5.0 (compatible; AhrefsBot/7.0; +http://ahrefs.com/robot/)"
155.138.175.238 - - [15/Dec/2021:12:04:59 +0100] "GET /images/mini_prod/3612874112801.jpg HTTP/1.1" 200 8728 "-" "Mozilla/5.0 (X11; Ubuntu; Linux x86_64; rv:72.0) Gecko/20100101 Firefox/72.0"
45.76.250.213 - - [15/Dec/2021:12:21:14 +0100] "GET /images/mini_prod/1399984236208.jpg HTTP/1.1" 200 9826 "-" "Mozilla/5.0 (X11; Ubuntu; Linux x86_64; rv:72.0) Gecko/20100101 Firefox/72.0"
40.77.167.66 - - [15/Dec/2021:12:21:18 +0100] "GET /images/7321950234301.jpg HTTP/1.1" 200 123763 "-" "Mozilla/5.0 (compatible; bingbot/2.0; +http://www.bing.com/bingbot.htm)"
155.138.175.238 - - [15/Dec/2021:12:21:30 +0100] "GET /images/mini_prod/8422015826574.jpg HTTP/1.1" 200 6083 "-" "Mozilla/5.0 (X11; Ubuntu; Linux x86_64; rv:72.0) Gecko/20100101 Firefox/72.0"
195.234.109.76 - - [15/Dec/2021:12:23:14 +0100] "GET /images/med_prod/1384010179680N.jpg HTTP/1.1" 200 164812 "-" "Photon/1.0"
103.131.71.82 - - [15/Dec/2021:12:23:32 +0100] "GET /robots.txt HTTP/1.1" 200 2438 "-" "Mozilla/5.0 (compatible; coccocbot-web/1.0; +http://help.coccoc.com/searchengine)"
216.228.112.22 - - [15/Dec/2021:12:24:17 +0100] "GET /images/mini_prod/1384010183595.jpg HTTP/1.1" 200 7110 "-" "Mozilla/5.0 (X11; Ubuntu; Linux x86_64; rv:72.0) Gecko/20100101 Firefox/72.0"
144.202.98.39 - - [15/Dec/2021:12:24:28 +0100] "GET /images/mini_prod/1399984241813.jpg HTTP/1.1" 200 6456 "-" "Mozilla/5.0 (X11; Ubuntu; Linux x86_64; rv:72.0) Gecko/20100101 Firefox/72.0"
77.75.79.11 - - [15/Dec/2021:12:25:48 +0100] "GET /robots.txt HTTP/1.1" 200 2438 "-" "Mozilla/5.0 (compatible; SeznamBot/3.2; +http://napoveda.seznam.cz/en/seznambot-intro/)"
77.75.79.11 - - [15/Dec/2021:12:25:49 +0100] "GET /images/big_prod/3453131139618.jpg HTTP/1.1" 200 73213 "-" "Mozilla/5.0 (compatible; SeznamBot/3.2; +http://napoveda.seznam.cz/en/seznambot-intro/)"
144.202.98.39 - - [15/Dec/2021:12:25:53 +0100] "GET /images/mini_prod/7601019993043.jpg HTTP/1.1" 200 6604 "-" "Mozilla/5.0 (X11; Ubuntu; Linux x86_64; rv:72.0) Gecko/20100101 Firefox/72.0"
216.244.66.242 - - [15/Dec/2021:12:27:07 +0100] "GET /robots.txt HTTP/1.1" 200 2438 "-" "Mozilla/5.0 (compatible; DotBot/1.2; +https://opensiteexplorer.org/dotbot; help@moz.com)"
175.102.16.34 - - [15/Dec/2021:12:27:42 +0100] "GET /images/mini_prod/MISES-EN-SITUATION-D02.jpg HTTP/1.1" 200 6458 "-" "Mozilla/5.0 (X11; Ubuntu; Linux x86_64; rv:72.0) Gecko/20100101 Firefox/72.0"
45.76.250.213 - - [15/Dec/2021:12:33:42 +0100] "GET /images/mini_prod/8433933455869.jpg HTTP/1.1" 200 6047 "-" "Mozilla/5.0 (X11; Ubuntu; Linux x86_64; rv:72.0) Gecko/20100101 Firefox/72.0"
185.191.171.17 - - [15/Dec/2021:12:34:05 +0100] "GET /robots.txt HTTP/1.1" 200 2438 "-" "Mozilla/5.0 (compatible; SemrushBot/7~bl; +http://www.semrush.com/bot.html)"
20.99.155.232 - - [15/Dec/2021:12:34:10 +0100] "GET /images/big_prod_1/5018997612170.jpg HTTP/1.1" 200 109866 "-" "Mozilla/5.0 (X11; Linux x86_64) AppleWebKit/537.36 (KHTML, like Gecko) Chrome/62.0.3202.62 Safari/537.36"
216.228.112.22 - - [15/Dec/2021:12:34:44 +0100] "GET /images/mini_prod/8424001278886.jpg HTTP/1.1" 200 5892 "-" "Mozilla/5.0 (X11; Ubuntu; Linux x86_64; rv:72.0) Gecko/20100101 Firefox/72.0"
155.138.175.238 - - [15/Dec/2021:12:34:57 +0100] "GET /images/mini_prod/3014627889327.jpg HTTP/1.1" 200 8172 "-" "Mozilla/5.0 (X11; Ubuntu; Linux x86_64; rv:72.0) Gecko/20100101 Firefox/72.0"
66.249.70.74 - - [15/Dec/2021:12:35:56 +0100] "GET /images/mini_prod/3453131138741.jpg HTTP/1.1" 200 3118 "-" "Googlebot-Image/1.0"
74.125.209.48 - - [15/Dec/2021:12:36:38 +0100] "GET /images/big_prod/720322284512.jpg HTTP/1.1" 200 122084 "-" "Mozilla/5.0 (Windows NT 5.1; rv:11.0) Gecko Firefox/11.0 (via ggpht.com GoogleImageProxy)"
74.125.209.52 - - [15/Dec/2021:12:37:35 +0100] "GET /images/big_prod_1/FLOWERFAIRIES.jpg HTTP/1.1" 200 145664 "-" "Mozilla/5.0 (Windows NT 5.1; rv:11.0) Gecko Firefox/11.0 (via ggpht.com GoogleImageProxy)"
216.228.112.22 - - [15/Dec/2021:12:37:49 +0100] "GET /images/mini_prod/8033667001174.jpg HTTP/1.1" 200 6992 "-" "Mozilla/5.0 (X11; Ubuntu; Linux x86_64; rv:72.0) Gecko/20100101 Firefox/72.0"
45.32.141.214 - - [15/Dec/2021:12:38:16 +0100] "GET /images/mini_prod/8435333835920.jpg HTTP/1.1" 200 9023 "-" "Mozilla/5.0 (X11; Ubuntu; Linux x86_64; rv:72.0) Gecko/20100101 Firefox/72.0"
20.99.156.33 - - [15/Dec/2021:12:39:39 +0100] "GET /images/big_prod_1/3453131152440b.jpg HTTP/1.1" 200 256486 "-" "Mozilla/5.0 (Macintosh; U; PPC Mac OS X 10.5; en-US; rv:1.9.2.15) Gecko/20110303 Firefox/3.6.15"
20.99.155.199 - - [15/Dec/2021:12:40:34 +0100] "GET /images/med_prod/0398976773300d.jpg HTTP/1.1" 200 76712 "-" "Mozilla/5.0 (X11; Linux x86_64) AppleWebKit/537.36 (KHTML, like Gecko) Chrome/62.0.3202.62 Safari/537.36"
20.99.156.10 - - [15/Dec/2021:12:42:10 +0100] "GET /images/big_prod/1300000023993.jpg HTTP/1.1" 200 51364 "-" "Mozilla/4.0 (compatible; MSIE 7.0; Windows NT 6.0)"
175.102.16.34 - - [15/Dec/2021:12:45:12 +0100] "GET /images/mini_prod/5051265800619.jpg HTTP/1.1" 200 9282 "-" "Mozilla/5.0 (X11; Ubuntu; Linux x86_64; rv:72.0) Gecko/20100101 Firefox/72.0"
20.99.156.119 - - [15/Dec/2021:12:46:18 +0100] "GET /images/big_prod/4260082936796.jpg HTTP/1.1" 200 99686 "-" "Mozilla/5.0 (Windows NT 10.0; ) Gecko/20100101 Firefox/61.0"
157.55.39.0 - - [15/Dec/2021:12:47:34 +0100] "GET /images/big_prod/3520071807164.jpg HTTP/1.1" 200 113423 "-" "Mozilla/5.0 (compatible; bingbot/2.0; +http://www.bing.com/bingbot.htm)"
157.55.39.125 - - [15/Dec/2021:12:48:09 +0100] "GET /images/med_prod/1384010183106.jpg HTTP/1.1" 200 131775 "-" "Mozilla/5.0 (compatible; bingbot/2.0; +http://www.bing.com/bingbot.htm)"
155.138.175.238 - - [15/Dec/2021:12:49:05 +0100] "GET /images/mini_prod/3565750196443.jpg HTTP/1.1" 200 8594 "-" "Mozilla/5.0 (X11; Ubuntu; Linux x86_64; rv:72.0) Gecko/20100101 Firefox/72.0"
175.102.16.34 - - [15/Dec/2021:12:51:31 +0100] "GET /images/mini_prod/b8427787034837.jpg HTTP/1.1" 200 7964 "-" "Mozilla/5.0 (X11; Ubuntu; Linux x86_64; rv:72.0) Gecko/20100101 Firefox/72.0"
66.249.70.72 - - [15/Dec/2021:12:53:22 +0100] "GET /images/big_prod_3/4250255859625c.jpg HTTP/1.1" 200 34850 "-" "Googlebot-Image/1.0"
157.55.39.223 - - [15/Dec/2021:12:53:53 +0100] "GET /images/6942138908640.jpg HTTP/1.1" 200 37384 "-" "Mozilla/5.0 (compatible; bingbot/2.0; +http://www.bing.com/bingbot.htm)"
45.32.141.214 - - [15/Dec/2021:12:57:15 +0100] "GET /images/mini_prod/8422535842405.jpg HTTP/1.1" 200 7028 "-" "Mozilla/5.0 (X11; Ubuntu; Linux x86_64; rv:72.0) Gecko/20100101 Firefox/72.0"
147.92.153.18 - - [15/Dec/2021:12:59:06 +0100] "GET /images/big_prod/8433933228906.jpg HTTP/1.1" 200 407914 "-" "Mozilla/5.0 (compatible; Linespider/1.1; +https://lin.ee/4dwXkTH)"
20.99.156.67 - - [15/Dec/2021:12:59:13 +0100] "GET /images/big_prod/3014627950010.jpg HTTP/1.1" 200 54999 "-" "Mozilla/5.0 (Windows NT 10.0; ) Gecko/20100101 Firefox/61.0"
20.99.156.119 - - [15/Dec/2021:13:00:44 +0100] "GET /images/big_prod/3565750277968.jpg HTTP/1.1" 200 45492 "-" "Mozilla/5.0 (Windows NT 10.0; ) Gecko/20100101 Firefox/61.0"
20.99.156.128 - - [15/Dec/2021:13:01:27 +0100] "GET /images/panpan.jpg HTTP/1.1" 200 19060 "-" "Mozilla/5.0 (Windows NT 10.0; WOW64) AppleWebKit/537.36 (KHTML, like Gecko) Chrome/67.0.3396.99 Safari/537.36"
74.125.209.50 - - [15/Dec/2021:13:02:46 +0100] "GET /images/big_prod/8433933100721.jpg HTTP/1.1" 200 65108 "-" "Mozilla/5.0 (Windows NT 5.1; rv:11.0) Gecko Firefox/11.0 (via ggpht.com GoogleImageProxy)"
155.138.175.238 - - [15/Dec/2021:13:03:06 +0100] "GET /images/mini_prod/3700276281758050720122.jpg HTTP/1.1" 200 8097 "-" "Mozilla/5.0 (X11; Ubuntu; Linux x86_64; rv:72.0) Gecko/20100101 Firefox/72.0"
45.32.141.214 - - [15/Dec/2021:13:04:16 +0100] "GET /images/mini_prod/3700653592828.jpg HTTP/1.1" 200 6180 "-" "Mozilla/5.0 (X11; Ubuntu; Linux x86_64; rv:72.0) Gecko/20100101 Firefox/72.0"
40.77.167.66 - - [15/Dec/2021:13:04:33 +0100] "GET /images/big_prod/3574641017385.jpg HTTP/1.1" 200 176880 "-" "Mozilla/5.0 (compatible; bingbot/2.0; +http://www.bing.com/bingbot.htm)"
20.99.156.41 - - [15/Dec/2021:13:04:50 +0100] "GET /images/big_prod_2/c8435337081934.jpg HTTP/1.1" 200 110950 "-" "Mozilla/5.0 (Windows NT 10.0; ) Gecko/20100101 Firefox/61.0"
106.52.131.116 - - [15/Dec/2021:13:04:51 +0100] "GET /images/mini_prod/9316188029582.jpg HTTP/1.1" 200 5972 "-" "Mozilla/5.0 (X11; Ubuntu; Linux x86_64; rv:72.0) Gecko/20100101 Firefox/72.0"
216.228.112.22 - - [15/Dec/2021:13:05:09 +0100] "GET /images/mini_prod/3609810022287.jpg HTTP/1.1" 200 9769 "-" "Mozilla/5.0 (X11; Ubuntu; Linux x86_64; rv:72.0) Gecko/20100101 Firefox/72.0"
207.46.13.52 - - [15/Dec/2021:13:05:21 +0100] "GET /images/3453131103527.jpg HTTP/1.1" 200 22956 "-" "Mozilla/5.0 (compatible; bingbot/2.0; +http://www.bing.com/bingbot.htm)"
45.76.250.213 - - [15/Dec/2021:13:05:29 +0100] "GET /images/big_prod_1/b3660173196275.jpg HTTP/1.1" 200 114825 "-" "Mozilla/5.0 (X11; Ubuntu; Linux x86_64; rv:72.0) Gecko/20100101 Firefox/72.0"
154.54.249.198 - - [15/Dec/2021:13:07:09 +0100] "GET /robots.txt HTTP/1.1" 200 2438 "-" "Mozilla/5.0 (compatible; Barkrowler/0.9; +https://babbar.tech/crawler)"
157.55.39.0 - - [15/Dec/2021:13:08:16 +0100] "GET /images/big_prod/281413.jpg HTTP/1.1" 200 120834 "-" "Mozilla/5.0 (compatible; bingbot/2.0; +http://www.bing.com/bingbot.htm)"
157.55.39.228 - - [15/Dec/2021:13:09:45 +0100] "GET /images/mini_prod/3665269031997.jpg HTTP/1.1" 200 5032 "-" "Mozilla/5.0 (compatible; bingbot/2.0; +http://www.bing.com/bingbot.htm)"
66.249.70.70 - - [15/Dec/2021:13:10:48 +0100] "GET /images/big_prod/8718317572463.jpg HTTP/1.1" 200 82612 "-" "Googlebot-Image/1.0"
216.244.66.242 - - [15/Dec/2021:13:11:36 +0100] "GET /robots.txt HTTP/1.1" 200 2438 "-" "Mozilla/5.0 (compatible; DotBot/1.2; +https://opensiteexplorer.org/dotbot; help@moz.com)"
157.55.39.228 - - [15/Dec/2021:13:12:25 +0100] "GET /images/big_prod/3681643219171.jpg HTTP/1.1" 200 179861 "-" "Mozilla/5.0 (compatible; bingbot/2.0; +http://www.bing.com/bingbot.htm)"
175.102.16.34 - - [15/Dec/2021:13:12:37 +0100] "GET /images/mini_prod/1399984284612.jpg HTTP/1.1" 200 6400 "-" "Mozilla/5.0 (X11; Ubuntu; Linux x86_64; rv:72.0) Gecko/20100101 Firefox/72.0"
118.140.213.251 - - [15/Dec/2021:13:12:47 +0100] "GET /images/mini_prod/1399984284612.jpg HTTP/1.1" 200 6400 "-" "Mozilla/5.0 (X11; Ubuntu; Linux x86_64; rv:72.0) Gecko/20100101 Firefox/72.0"
157.55.39.125 - - [15/Dec/2021:13:14:01 +0100] "GET /images/8028501692724.jpg HTTP/1.1" 200 83691 "-" "Mozilla/5.0 (compatible; bingbot/2.0; +http://www.bing.com/bingbot.htm)"
157.55.39.125 - - [15/Dec/2021:13:15:32 +0100] "GET /images/3760194750842.jpg HTTP/1.1" 200 37385 "-" "Mozilla/5.0 (compatible; bingbot/2.0; +http://www.bing.com/bingbot.htm)"
216.228.112.22 - - [15/Dec/2021:13:15:40 +0100] "GET /images/mini_prod/Image91.jpg HTTP/1.1" 200 21448 "-" "Mozilla/5.0 (X11; Ubuntu; Linux x86_64; rv:72.0) Gecko/20100101 Firefox/72.0"
157.55.39.0 - - [15/Dec/2021:13:18:07 +0100] "GET /images/mini_prod/3608860226812.jpg HTTP/1.1" 200 6202 "-" "Mozilla/5.0 (compatible; bingbot/2.0; +http://www.bing.com/bingbot.htm)"
66.249.93.253 - - [15/Dec/2021:13:18:09 +0100] "GET /images/big_prod_1/1491693047073B.jpg HTTP/1.1" 200 132604 "-" "Mozilla/5.0 (Windows NT 5.1; rv:11.0) Gecko Firefox/11.0 (via ggpht.com GoogleImageProxy)"
77.204.106.140 - - [15/Dec/2021:13:18:14 +0100] "GET /js/jquery.jqzoom.js HTTP/1.1" 200 4761 "http://www.wonder-geek.com/paris-saint-germain-zippo-lighter-p-49098.html" "Mozilla/5.0 (Windows NT 10.0; Win64; x64) AppleWebKit/537.36 (KHTML, like Gecko) Chrome/96.0.4664.93 Safari/537.36"
77.204.106.140 - - [15/Dec/2021:13:18:14 +0100] "GET /highslide/highslide.js HTTP/1.1" 200 42909 "http://www.wonder-geek.com/paris-saint-germain-zippo-lighter-p-49098.html" "Mozilla/5.0 (Windows NT 10.0; Win64; x64) AppleWebKit/537.36 (KHTML, like Gecko) Chrome/96.0.4664.93 Safari/537.36"
77.204.106.140 - - [15/Dec/2021:13:18:14 +0100] "GET /templates/Pixame_v1/stylesheet.css HTTP/1.1" 200 56057 "http://www.wonder-geek.com/paris-saint-germain-zippo-lighter-p-49098.html" "Mozilla/5.0 (Windows NT 10.0; Win64; x64) AppleWebKit/537.36 (KHTML, like Gecko) Chrome/96.0.4664.93 Safari/537.36"
77.204.106.140 - - [15/Dec/2021:13:18:14 +0100] "GET /mondial_relay/js/jquery-1.3.2.min.js HTTP/1.1" 200 57254 "http://www.wonder-geek.com/paris-saint-germain-zippo-lighter-p-49098.html" "Mozilla/5.0 (Windows NT 10.0; Win64; x64) AppleWebKit/537.36 (KHTML, like Gecko) Chrome/96.0.4664.93 Safari/537.36"
77.204.106.140 - - [15/Dec/2021:13:18:14 +0100] "GET /js/jquery.js HTTP/1.1" 200 54075 "http://www.wonder-geek.com/paris-saint-germain-zippo-lighter-p-49098.html" "Mozilla/5.0 (Windows NT 10.0; Win64; x64) AppleWebKit/537.36 (KHTML, like Gecko) Chrome/96.0.4664.93 Safari/537.36"
77.204.106.140 - - [15/Dec/2021:13:18:14 +0100] "GET /templates/Pixame_v1/images/icon_accueil2.png HTTP/1.1" 200 1137 "http://www.wonder-geek.com/paris-saint-germain-zippo-lighter-p-49098.html" "Mozilla/5.0 (Windows NT 10.0; Win64; x64) AppleWebKit/537.36 (KHTML, like Gecko) Chrome/96.0.4664.93 Safari/537.36"
77.204.106.140 - - [15/Dec/2021:13:18:14 +0100] "GET /images/big_prod_2/1491693047073C.jpg HTTP/1.1" 200 106144 "http://www.wonder-geek.com/paris-saint-germain-zippo-lighter-p-49098.html" "Mozilla/5.0 (Windows NT 10.0; Win64; x64) AppleWebKit/537.36 (KHTML, like Gecko) Chrome/96.0.4664.93 Safari/537.36"
77.204.106.140 - - [15/Dec/2021:13:18:14 +0100] "GET /images/big_prod_1/1491693047073B.jpg HTTP/1.1" 200 132604 "http://www.wonder-geek.com/paris-saint-germain-zippo-lighter-p-49098.html" "Mozilla/5.0 (Windows NT 10.0; Win64; x64) AppleWebKit/537.36 (KHTML, like Gecko) Chrome/96.0.4664.93 Safari/537.36"
77.204.106.140 - - [15/Dec/2021:13:18:14 +0100] "GET /images/big_prod/1491693047073.jpg HTTP/1.1" 200 152565 "http://www.wonder-geek.com/paris-saint-germain-zippo-lighter-p-49098.html" "Mozilla/5.0 (Windows NT 10.0; Win64; x64) AppleWebKit/537.36 (KHTML, like Gecko) Chrome/96.0.4664.93 Safari/537.36"
77.204.106.140 - - [15/Dec/2021:13:18:14 +0100] "GET /templates/Pixame_v1/images/nav.png HTTP/1.1" 200 1283 "http://www.wonder-geek.com/templates/Pixame_v1/stylesheet.css" "Mozilla/5.0 (Windows NT 10.0; Win64; x64) AppleWebKit/537.36 (KHTML, like Gecko) Chrome/96.0.4664.93 Safari/537.36"
77.204.106.140 - - [15/Dec/2021:13:18:14 +0100] "GET /templates/Pixame_v1/images/Bottom_texture.jpg HTTP/1.1" 200 56290 "http://www.wonder-geek.com/templates/Pixame_v1/stylesheet.css" "Mozilla/5.0 (Windows NT 10.0; Win64; x64) AppleWebKit/537.36 (KHTML, like Gecko) Chrome/96.0.4664.93 Safari/537.36"
77.204.106.140 - - [15/Dec/2021:13:18:14 +0100] "GET /templates/Pixame_v1/images/header.png HTTP/1.1" 200 70245 "http://www.wonder-geek.com/templates/Pixame_v1/stylesheet.css" "Mozilla/5.0 (Windows NT 10.0; Win64; x64) AppleWebKit/537.36 (KHTML, like Gecko) Chrome/96.0.4664.93 Safari/537.36"
77.204.106.140 - - [15/Dec/2021:13:18:14 +0100] "GET /design/productsenstock.png HTTP/1.1" 200 4743 "http://www.wonder-geek.com/templates/Pixame_v1/stylesheet.css" "Mozilla/5.0 (Windows NT 10.0; Win64; x64) AppleWebKit/537.36 (KHTML, like Gecko) Chrome/96.0.4664.93 Safari/537.36"
77.204.106.140 - - [15/Dec/2021:13:18:14 +0100] "GET /templates/Pixame_v1/images/header-object.png HTTP/1.1" 200 106050 "http://www.wonder-geek.com/templates/Pixame_v1/stylesheet.css" "Mozilla/5.0 (Windows NT 10.0; Win64; x64) AppleWebKit/537.36 (KHTML, like Gecko) Chrome/96.0.4664.93 Safari/537.36"
77.204.106.140 - - [15/Dec/2021:13:18:14 +0100] "GET /templates/Pixame_v1/images/buttons/english/button_in_cart.gif HTTP/1.1" 200 1212 "http://www.wonder-geek.com/paris-saint-germain-zippo-lighter-p-49098.html" "Mozilla/5.0 (Windows NT 10.0; Win64; x64) AppleWebKit/537.36 (KHTML, like Gecko) Chrome/96.0.4664.93 Safari/537.36"
77.204.106.140 - - [15/Dec/2021:13:18:14 +0100] "GET /templates/Pixame_v1/images/Middle_texture.jpg HTTP/1.1" 200 249620 "http://www.wonder-geek.com/templates/Pixame_v1/stylesheet.css" "Mozilla/5.0 (Windows NT 10.0; Win64; x64) AppleWebKit/537.36 (KHTML, like Gecko) Chrome/96.0.4664.93 Safari/537.36"
77.204.106.140 - - [15/Dec/2021:13:18:14 +0100] "GET /favicon.ico HTTP/1.1" 200 1591 "http://www.wonder-geek.com/paris-saint-germain-zippo-lighter-p-49098.html" "Mozilla/5.0 (Windows NT 10.0; Win64; x64) AppleWebKit/537.36 (KHTML, like Gecko) Chrome/96.0.4664.93 Safari/537.36"
77.204.106.140 - - [15/Dec/2021:13:18:14 +0100] "GET /highslide/graphics/outlines/drop-shadow.png HTTP/1.1" 200 2022 "http://www.wonder-geek.com/paris-saint-germain-zippo-lighter-p-49098.html" "Mozilla/5.0 (Windows NT 10.0; Win64; x64) AppleWebKit/537.36 (KHTML, like Gecko) Chrome/96.0.4664.93 Safari/537.36"
20.99.155.232 - - [15/Dec/2021:13:19:35 +0100] "GET /images/DSCN0952b.jpg HTTP/1.1" 200 33189 "-" "Mozilla/5.0 (Windows NT 10.0; WOW64) AppleWebKit/537.36 (KHTML, like Gecko) Chrome/68.0.3440.106 Safari/537.36"
66.249.70.72 - - [15/Dec/2021:13:20:00 +0100] "GET /images/med_prod/3457701005013.jpg HTTP/1.1" 200 55936 "-" "Googlebot-Image/1.0"
77.75.77.109 - - [15/Dec/2021:13:20:25 +0100] "GET /robots.txt HTTP/1.1" 200 2438 "-" "Mozilla/5.0 (compatible; SeznamBot/3.2; +http://napoveda.seznam.cz/en/seznambot-intro/)"
77.75.77.109 - - [15/Dec/2021:13:20:25 +0100] "GET /images/med_prod/4029811340538NN.jpg HTTP/1.1" 200 48029 "-" "Mozilla/5.0 (compatible; SeznamBot/3.2; +http://napoveda.seznam.cz/en/seznambot-intro/)"
147.92.153.13 - - [15/Dec/2021:13:21:38 +0100] "GET /images/big_prod_2/22849b.jpg HTTP/1.1" 200 202073 "-" "Mozilla/5.0 (compatible; Linespider/1.1; +https://lin.ee/4dwXkTH)"
157.55.39.223 - - [15/Dec/2021:13:21:40 +0100] "GET /images/big_prod/8422001874602.jpg HTTP/1.1" 200 137767 "-" "Mozilla/5.0 (compatible; bingbot/2.0; +http://www.bing.com/bingbot.htm)"
66.249.93.251 - - [15/Dec/2021:13:21:47 +0100] "GET /images/big_prod_2/bambou1.jpg HTTP/1.1" 200 518303 "-" "Mozilla/5.0 (Windows NT 5.1; rv:11.0) Gecko Firefox/11.0 (via ggpht.com GoogleImageProxy)"
66.249.70.70 - - [15/Dec/2021:13:23:44 +0100] "GET /images/big_prod_1/1328399219544a.jpg HTTP/1.1" 200 76267 "-" "Googlebot-Image/1.0"
216.244.66.242 - - [15/Dec/2021:13:24:38 +0100] "GET /images/3700815390170.jpg HTTP/1.1" 200 111962 "-" "Mozilla/5.0 (compatible; DotBot/1.2; +https://opensiteexplorer.org/dotbot; help@moz.com)"
207.46.13.52 - - [15/Dec/2021:13:24:53 +0100] "GET /images/big_prod/8718657460567.jpg HTTP/1.1" 200 44211 "-" "Mozilla/5.0 (compatible; bingbot/2.0; +http://www.bing.com/bingbot.htm)"
20.99.156.33 - - [15/Dec/2021:13:27:05 +0100] "GET /images/big_prod_3/540400644559b.jpg HTTP/1.1" 200 128498 "-" "Mozilla/4.0 (compatible; MSIE 7.0; Windows NT 6.0)"
66.249.70.70 - - [15/Dec/2021:13:28:12 +0100] "GET /images/big_prod/1300000019958.jpg HTTP/1.1" 200 87082 "-" "Googlebot-Image/1.0"
185.191.171.16 - - [15/Dec/2021:13:28:36 +0100] "GET /robots.txt HTTP/1.1" 200 2438 "-" "Mozilla/5.0 (compatible; SemrushBot/7~bl; +http://www.semrush.com/bot.html)"
66.249.93.251 - - [15/Dec/2021:13:29:33 +0100] "GET /images/big_prod/8422063500037.jpg HTTP/1.1" 200 150195 "-" "Mozilla/5.0 (Windows NT 5.1; rv:11.0) Gecko Firefox/11.0 (via ggpht.com GoogleImageProxy)"
82.11.215.60 - - [15/Dec/2021:13:29:39 +0100] "GET /templates/Pixame_v1/stylesheet.css HTTP/1.1" 200 56057 "http://www.wonder-geek.com/black-swan-money-p-54822.html" "Mozilla/5.0 (iPhone; CPU iPhone OS 14_8_1 like Mac OS X) AppleWebKit/605.1.15 (KHTML, like Gecko) Version/14.1.2 Mobile/15E148 Safari/604.1"
82.11.215.60 - - [15/Dec/2021:13:29:39 +0100] "GET /highslide/highslide.js HTTP/1.1" 200 42909 "http://www.wonder-geek.com/black-swan-money-p-54822.html" "Mozilla/5.0 (iPhone; CPU iPhone OS 14_8_1 like Mac OS X) AppleWebKit/605.1.15 (KHTML, like Gecko) Version/14.1.2 Mobile/15E148 Safari/604.1"
82.11.215.60 - - [15/Dec/2021:13:29:39 +0100] "GET /js/jquery.jqzoom.js HTTP/1.1" 200 4761 "http://www.wonder-geek.com/black-swan-money-p-54822.html" "Mozilla/5.0 (iPhone; CPU iPhone OS 14_8_1 like Mac OS X) AppleWebKit/605.1.15 (KHTML, like Gecko) Version/14.1.2 Mobile/15E148 Safari/604.1"
82.11.215.60 - - [15/Dec/2021:13:29:39 +0100] "GET /js/jquery.js HTTP/1.1" 200 54075 "http://www.wonder-geek.com/black-swan-money-p-54822.html" "Mozilla/5.0 (iPhone; CPU iPhone OS 14_8_1 like Mac OS X) AppleWebKit/605.1.15 (KHTML, like Gecko) Version/14.1.2 Mobile/15E148 Safari/604.1"
82.11.215.60 - - [15/Dec/2021:13:29:39 +0100] "GET /mondial_relay/js/jquery-1.3.2.min.js HTTP/1.1" 200 57254 "http://www.wonder-geek.com/black-swan-money-p-54822.html" "Mozilla/5.0 (iPhone; CPU iPhone OS 14_8_1 like Mac OS X) AppleWebKit/605.1.15 (KHTML, like Gecko) Version/14.1.2 Mobile/15E148 Safari/604.1"
82.11.215.60 - - [15/Dec/2021:13:29:39 +0100] "GET /templates/Pixame_v1/images/icon_accueil2.png HTTP/1.1" 200 1137 "http://www.wonder-geek.com/black-swan-money-p-54822.html" "Mozilla/5.0 (iPhone; CPU iPhone OS 14_8_1 like Mac OS X) AppleWebKit/605.1.15 (KHTML, like Gecko) Version/14.1.2 Mobile/15E148 Safari/604.1"
82.11.215.60 - - [15/Dec/2021:13:29:39 +0100] "GET /templates/Pixame_v1/images/buttons/english/button_in_cart.gif HTTP/1.1" 200 1212 "http://www.wonder-geek.com/black-swan-money-p-54822.html" "Mozilla/5.0 (iPhone; CPU iPhone OS 14_8_1 like Mac OS X) AppleWebKit/605.1.15 (KHTML, like Gecko) Version/14.1.2 Mobile/15E148 Safari/604.1"
82.11.215.60 - - [15/Dec/2021:13:29:39 +0100] "GET /templates/Pixame_v1/images/Bottom_texture.jpg HTTP/1.1" 200 56290 "http://www.wonder-geek.com/black-swan-money-p-54822.html" "Mozilla/5.0 (iPhone; CPU iPhone OS 14_8_1 like Mac OS X) AppleWebKit/605.1.15 (KHTML, like Gecko) Version/14.1.2 Mobile/15E148 Safari/604.1"
82.11.215.60 - - [15/Dec/2021:13:29:39 +0100] "GET /templates/Pixame_v1/images/nav.png HTTP/1.1" 200 1283 "http://www.wonder-geek.com/black-swan-money-p-54822.html" "Mozilla/5.0 (iPhone; CPU iPhone OS 14_8_1 like Mac OS X) AppleWebKit/605.1.15 (KHTML, like Gecko) Version/14.1.2 Mobile/15E148 Safari/604.1"
82.11.215.60 - - [15/Dec/2021:13:29:39 +0100] "GET /templates/Pixame_v1/images/header.png HTTP/1.1" 200 70245 "http://www.wonder-geek.com/black-swan-money-p-54822.html" "Mozilla/5.0 (iPhone; CPU iPhone OS 14_8_1 like Mac OS X) AppleWebKit/605.1.15 (KHTML, like Gecko) Version/14.1.2 Mobile/15E148 Safari/604.1"
82.11.215.60 - - [15/Dec/2021:13:29:39 +0100] "GET /images/big_prod/8422063500037.jpg HTTP/1.1" 200 150195 "http://www.wonder-geek.com/black-swan-money-p-54822.html" "Mozilla/5.0 (iPhone; CPU iPhone OS 14_8_1 like Mac OS X) AppleWebKit/605.1.15 (KHTML, like Gecko) Version/14.1.2 Mobile/15E148 Safari/604.1"
82.11.215.60 - - [15/Dec/2021:13:29:39 +0100] "GET /templates/Pixame_v1/images/header-object.png HTTP/1.1" 200 106050 "http://www.wonder-geek.com/black-swan-money-p-54822.html" "Mozilla/5.0 (iPhone; CPU iPhone OS 14_8_1 like Mac OS X) AppleWebKit/605.1.15 (KHTML, like Gecko) Version/14.1.2 Mobile/15E148 Safari/604.1"
82.11.215.60 - - [15/Dec/2021:13:29:39 +0100] "GET /design/productsenstock.png HTTP/1.1" 200 4743 "http://www.wonder-geek.com/black-swan-money-p-54822.html" "Mozilla/5.0 (iPhone; CPU iPhone OS 14_8_1 like Mac OS X) AppleWebKit/605.1.15 (KHTML, like Gecko) Version/14.1.2 Mobile/15E148 Safari/604.1"
82.11.215.60 - - [15/Dec/2021:13:29:39 +0100] "GET /templates/Pixame_v1/images/Middle_texture.jpg HTTP/1.1" 200 249620 "http://www.wonder-geek.com/black-swan-money-p-54822.html" "Mozilla/5.0 (iPhone; CPU iPhone OS 14_8_1 like Mac OS X) AppleWebKit/605.1.15 (KHTML, like Gecko) Version/14.1.2 Mobile/15E148 Safari/604.1"
82.11.215.60 - - [15/Dec/2021:13:29:39 +0100] "GET /highslide/graphics/outlines/drop-shadow.png HTTP/1.1" 200 2022 "http://www.wonder-geek.com/black-swan-money-p-54822.html" "Mozilla/5.0 (iPhone; CPU iPhone OS 14_8_1 like Mac OS X) AppleWebKit/605.1.15 (KHTML, like Gecko) Version/14.1.2 Mobile/15E148 Safari/604.1"
82.11.215.60 - - [15/Dec/2021:13:29:40 +0100] "GET /favicon.ico HTTP/1.1" 200 1591 "http://www.wonder-geek.com/black-swan-money-p-54822.html" "Mozilla/5.0 (iPhone; CPU iPhone OS 14_8_1 like Mac OS X) AppleWebKit/605.1.15 (KHTML, like Gecko) Version/14.1.2 Mobile/15E148 Safari/604.1"
207.46.13.52 - - [15/Dec/2021:13:31:03 +0100] "GET /images/3662468000076.jpg HTTP/1.1" 200 39608 "-" "Mozilla/5.0 (compatible; bingbot/2.0; +http://www.bing.com/bingbot.htm)"
5.255.253.187 - - [15/Dec/2021:13:32:17 +0100] "GET /robots.txt HTTP/1.1" 200 2438 "-" "Mozilla/5.0 (compatible; YandexBot/3.0; +http://yandex.com/bots)"
40.77.167.66 - - [15/Dec/2021:13:34:55 +0100] "GET /images/med_prod/1384010176146.jpg HTTP/1.1" 200 76529 "-" "Mozilla/5.0 (compatible; bingbot/2.0; +http://www.bing.com/bingbot.htm)"
52.149.21.87 - - [15/Dec/2021:13:35:47 +0100] "GET /images/big_prod/9316188086868a.jpg HTTP/1.1" 200 228431 "-" "Mozilla/5.0 (Macintosh; U; PPC Mac OS X 10.5; en-US; rv:1.9.2.15) Gecko/20110303 Firefox/3.6.15"
157.55.39.0 - - [15/Dec/2021:13:36:48 +0100] "GET /images/5010994661113.jpg HTTP/1.1" 200 56295 "-" "Mozilla/5.0 (compatible; bingbot/2.0; +http://www.bing.com/bingbot.htm)"
66.249.70.74 - - [15/Dec/2021:13:37:30 +0100] "GET /images/big_prod/1384000001694.jpg HTTP/1.1" 200 96013 "-" "Googlebot-Image/1.0"
17.121.115.68 - - [15/Dec/2021:13:41:22 +0100] "GET /robots.txt HTTP/1.1" 200 2438 "-" "Mozilla/5.0 (Macintosh; Intel Mac OS X 10_15_5) AppleWebKit/605.1.15 (KHTML, like Gecko) Version/13.1.1 Safari/605.1.15 (Applebot/0.1; +http://www.apple.com/go/applebot)"
144.202.98.39 - - [15/Dec/2021:13:42:05 +0100] "GET /images/mini_prod/3609810061910.jpg HTTP/1.1" 200 9540 "-" "Mozilla/5.0 (X11; Ubuntu; Linux x86_64; rv:72.0) Gecko/20100101 Firefox/72.0"
175.102.16.34 - - [15/Dec/2021:13:42:57 +0100] "GET /images/1300010240274.jpg HTTP/1.1" 200 24616 "-" "Mozilla/5.0 (X11; Ubuntu; Linux x86_64; rv:72.0) Gecko/20100101 Firefox/72.0"
118.140.213.251 - - [15/Dec/2021:13:42:59 +0100] "GET /images/1300010240274.jpg HTTP/1.1" 200 89484 "-" "Mozilla/5.0 (X11; Ubuntu; Linux x86_64; rv:72.0) Gecko/20100101 Firefox/72.0"
20.99.155.218 - - [15/Dec/2021:13:43:08 +0100] "GET /images/big_prod_1/8904245400088a.jpg HTTP/1.1" 200 136033 "-" "Mozilla/5.0 (Windows NT 10.0; WOW64) AppleWebKit/537.36 (KHTML, like Gecko) Chrome/67.0.3396.99 Safari/537.36"
20.99.155.235 - - [15/Dec/2021:13:44:21 +0100] "GET /images/big_prod/3574642575839.jpg HTTP/1.1" 200 29041 "-" "Mozilla/5.0 (Macintosh; U; PPC Mac OS X 10.5; en-US; rv:1.9.2.15) Gecko/20110303 Firefox/3.6.15"
172.56.34.65 - - [15/Dec/2021:13:44:50 +0100] "GET /images/big_prod/8433833240121.jpg HTTP/1.1" 200 624123 "https://www.wangzze.xyz/" "Mozilla/5.0 (iPhone; CPU iPhone OS 15_1_1 like Mac OS X) AppleWebKit/605.1.15 (KHTML, like Gecko) Version/15.1 Mobile/15E148 Safari/604.1"
66.249.70.90 - - [15/Dec/2021:13:46:48 +0100] "GET /images/big_prod/3574642576652.jpg HTTP/1.1" 200 42759 "-" "Googlebot-Image/1.0"
20.99.156.109 - - [15/Dec/2021:13:48:18 +0100] "GET /images/big_prod_3/5018997523339C.jpg HTTP/1.1" 200 242193 "-" "Mozilla/4.0 (compatible; MSIE 7.0; Windows NT 6.0)"
207.46.13.52 - - [15/Dec/2021:13:48:44 +0100] "GET /images/041689210595.jpg HTTP/1.1" 200 103257 "-" "Mozilla/5.0 (compatible; bingbot/2.0; +http://www.bing.com/bingbot.htm)"
89.186.188.30 - - [15/Dec/2021:13:48:57 +0100] "GET /images/mini_prod/5203199036064.jpg HTTP/1.1" 200 8070 "-" "Mozilla/5.0 (X11; Ubuntu; Linux x86_64; rv:72.0) Gecko/20100101 Firefox/72.0"
175.102.16.34 - - [15/Dec/2021:13:49:13 +0100] "GET /images/mini_prod/3014627830138.jpg HTTP/1.1" 200 5395 "-" "Mozilla/5.0 (X11; Ubuntu; Linux x86_64; rv:72.0) Gecko/20100101 Firefox/72.0"
157.55.39.228 - - [15/Dec/2021:13:49:30 +0100] "GET /images/big_prod/1345544973496.jpg HTTP/1.1" 200 105144 "-" "Mozilla/5.0 (compatible; bingbot/2.0; +http://www.bing.com/bingbot.htm)"
175.102.16.34 - - [15/Dec/2021:13:49:32 +0100] "GET /images/mini_prod/5050293802954.jpg HTTP/1.1" 200 10057 "-" "Mozilla/5.0 (X11; Ubuntu; Linux x86_64; rv:72.0) Gecko/20100101 Firefox/72.0"
157.55.39.223 - - [15/Dec/2021:13:52:00 +0100] "GET /images/big_prod/8011717798946.jpg HTTP/1.1" 200 86267 "-" "Mozilla/5.0 (compatible; bingbot/2.0; +http://www.bing.com/bingbot.htm)"
157.55.39.228 - - [15/Dec/2021:13:52:39 +0100] "GET /images/med_prod/3700653593115.jpg HTTP/1.1" 200 93593 "-" "Mozilla/5.0 (compatible; bingbot/2.0; +http://www.bing.com/bingbot.htm)"
155.138.175.238 - - [15/Dec/2021:13:54:21 +0100] "GET /images/mini_prod/1384010204245.jpg HTTP/1.1" 200 11100 "-" "Mozilla/5.0 (X11; Ubuntu; Linux x86_64; rv:72.0) Gecko/20100101 Firefox/72.0"
155.138.175.238 - - [15/Dec/2021:13:54:29 +0100] "GET /images/mini_prod/c8427787034837.jpg HTTP/1.1" 200 8743 "-" "Mozilla/5.0 (X11; Ubuntu; Linux x86_64; rv:72.0) Gecko/20100101 Firefox/72.0"
216.244.66.242 - - [15/Dec/2021:13:56:51 +0100] "GET /robots.txt HTTP/1.1" 200 2438 "-" "Mozilla/5.0 (compatible; DotBot/1.2; +https://opensiteexplorer.org/dotbot; help@moz.com)"
74.125.209.48 - - [15/Dec/2021:13:58:32 +0100] "GET /images/big_prod/3503420235252.jpg HTTP/1.1" 200 145959 "-" "Mozilla/5.0 (Windows NT 5.1; rv:11.0) Gecko Firefox/11.0 (via ggpht.com GoogleImageProxy)"
144.202.100.211 - - [15/Dec/2021:13:59:10 +0100] "GET /images/mini_prod/5018997621721.jpg HTTP/1.1" 200 7566 "-" "Mozilla/5.0 (X11; Ubuntu; Linux x86_64; rv:72.0) Gecko/20100101 Firefox/72.0"
74.125.210.94 - - [15/Dec/2021:13:59:12 +0100] "GET /images/big_prod/3565750290066.jpg HTTP/1.1" 200 51725 "-" "Mozilla/5.0 (Windows NT 5.1; rv:11.0) Gecko Firefox/11.0 (via ggpht.com GoogleImageProxy)"
64.231.75.186 - - [15/Dec/2021:13:59:36 +0100] "GET /js/jquery.jqzoom.js HTTP/1.1" 200 4761 "http://www.wonder-geek.com/little-prince-saint-exupery-cookie-p-44862.html" "Mozilla/5.0 (Macintosh; Intel Mac OS X 10_14_6) AppleWebKit/605.1.15 (KHTML, like Gecko) Version/14.1.2 Safari/605.1.15"
64.231.75.186 - - [15/Dec/2021:13:59:36 +0100] "GET /templates/Pixame_v1/stylesheet.css HTTP/1.1" 200 56057 "http://www.wonder-geek.com/little-prince-saint-exupery-cookie-p-44862.html" "Mozilla/5.0 (Macintosh; Intel Mac OS X 10_14_6) AppleWebKit/605.1.15 (KHTML, like Gecko) Version/14.1.2 Safari/605.1.15"
64.231.75.186 - - [15/Dec/2021:13:59:36 +0100] "GET /js/jquery.js HTTP/1.1" 200 54075 "http://www.wonder-geek.com/little-prince-saint-exupery-cookie-p-44862.html" "Mozilla/5.0 (Macintosh; Intel Mac OS X 10_14_6) AppleWebKit/605.1.15 (KHTML, like Gecko) Version/14.1.2 Safari/605.1.15"
64.231.75.186 - - [15/Dec/2021:13:59:36 +0100] "GET /highslide/highslide.js HTTP/1.1" 200 42909 "http://www.wonder-geek.com/little-prince-saint-exupery-cookie-p-44862.html" "Mozilla/5.0 (Macintosh; Intel Mac OS X 10_14_6) AppleWebKit/605.1.15 (KHTML, like Gecko) Version/14.1.2 Safari/605.1.15"
64.231.75.186 - - [15/Dec/2021:13:59:36 +0100] "GET /templates/Pixame_v1/images/icon_accueil2.png HTTP/1.1" 200 1137 "http://www.wonder-geek.com/little-prince-saint-exupery-cookie-p-44862.html" "Mozilla/5.0 (Macintosh; Intel Mac OS X 10_14_6) AppleWebKit/605.1.15 (KHTML, like Gecko) Version/14.1.2 Safari/605.1.15"
64.231.75.186 - - [15/Dec/2021:13:59:36 +0100] "GET /mondial_relay/js/jquery-1.3.2.min.js HTTP/1.1" 200 57254 "http://www.wonder-geek.com/little-prince-saint-exupery-cookie-p-44862.html" "Mozilla/5.0 (Macintosh; Intel Mac OS X 10_14_6) AppleWebKit/605.1.15 (KHTML, like Gecko) Version/14.1.2 Safari/605.1.15"
64.231.75.186 - - [15/Dec/2021:13:59:36 +0100] "GET /templates/Pixame_v1/images/buttons/english/button_in_cart.gif HTTP/1.1" 200 1212 "http://www.wonder-geek.com/little-prince-saint-exupery-cookie-p-44862.html" "Mozilla/5.0 (Macintosh; Intel Mac OS X 10_14_6) AppleWebKit/605.1.15 (KHTML, like Gecko) Version/14.1.2 Safari/605.1.15"
64.231.75.186 - - [15/Dec/2021:13:59:36 +0100] "GET /images/big_prod/3565750290066.jpg HTTP/1.1" 200 51725 "http://www.wonder-geek.com/little-prince-saint-exupery-cookie-p-44862.html" "Mozilla/5.0 (Macintosh; Intel Mac OS X 10_14_6) AppleWebKit/605.1.15 (KHTML, like Gecko) Version/14.1.2 Safari/605.1.15"
64.231.75.186 - - [15/Dec/2021:13:59:36 +0100] "GET /templates/Pixame_v1/images/nav.png HTTP/1.1" 200 1283 "http://www.wonder-geek.com/little-prince-saint-exupery-cookie-p-44862.html" "Mozilla/5.0 (Macintosh; Intel Mac OS X 10_14_6) AppleWebKit/605.1.15 (KHTML, like Gecko) Version/14.1.2 Safari/605.1.15"
64.231.75.186 - - [15/Dec/2021:13:59:37 +0100] "GET /templates/Pixame_v1/images/Bottom_texture.jpg HTTP/1.1" 200 56290 "http://www.wonder-geek.com/little-prince-saint-exupery-cookie-p-44862.html" "Mozilla/5.0 (Macintosh; Intel Mac OS X 10_14_6) AppleWebKit/605.1.15 (KHTML, like Gecko) Version/14.1.2 Safari/605.1.15"
64.231.75.186 - - [15/Dec/2021:13:59:37 +0100] "GET /design/productsenstock.png HTTP/1.1" 200 4743 "http://www.wonder-geek.com/little-prince-saint-exupery-cookie-p-44862.html" "Mozilla/5.0 (Macintosh; Intel Mac OS X 10_14_6) AppleWebKit/605.1.15 (KHTML, like Gecko) Version/14.1.2 Safari/605.1.15"
64.231.75.186 - - [15/Dec/2021:13:59:37 +0100] "GET /templates/Pixame_v1/images/header.png HTTP/1.1" 200 70245 "http://www.wonder-geek.com/little-prince-saint-exupery-cookie-p-44862.html" "Mozilla/5.0 (Macintosh; Intel Mac OS X 10_14_6) AppleWebKit/605.1.15 (KHTML, like Gecko) Version/14.1.2 Safari/605.1.15"
64.231.75.186 - - [15/Dec/2021:13:59:37 +0100] "GET /templates/Pixame_v1/images/header-object.png HTTP/1.1" 200 106050 "http://www.wonder-geek.com/little-prince-saint-exupery-cookie-p-44862.html" "Mozilla/5.0 (Macintosh; Intel Mac OS X 10_14_6) AppleWebKit/605.1.15 (KHTML, like Gecko) Version/14.1.2 Safari/605.1.15"
64.231.75.186 - - [15/Dec/2021:13:59:37 +0100] "GET /templates/Pixame_v1/images/Middle_texture.jpg HTTP/1.1" 200 249620 "http://www.wonder-geek.com/little-prince-saint-exupery-cookie-p-44862.html" "Mozilla/5.0 (Macintosh; Intel Mac OS X 10_14_6) AppleWebKit/605.1.15 (KHTML, like Gecko) Version/14.1.2 Safari/605.1.15"
64.231.75.186 - - [15/Dec/2021:13:59:37 +0100] "GET /highslide/graphics/outlines/drop-shadow.png HTTP/1.1" 200 2022 "http://www.wonder-geek.com/little-prince-saint-exupery-cookie-p-44862.html" "Mozilla/5.0 (Macintosh; Intel Mac OS X 10_14_6) AppleWebKit/605.1.15 (KHTML, like Gecko) Version/14.1.2 Safari/605.1.15"
64.231.75.186 - - [15/Dec/2021:13:59:38 +0100] "GET /favicon.ico HTTP/1.1" 200 1591 "http://www.wonder-geek.com/little-prince-saint-exupery-cookie-p-44862.html" "Mozilla/5.0 (Macintosh; Intel Mac OS X 10_14_6) AppleWebKit/605.1.15 (KHTML, like Gecko) Version/14.1.2 Safari/605.1.15"
74.125.209.48 - - [15/Dec/2021:14:00:24 +0100] "GET /images/big_prod_1/3503420235252B.jpg HTTP/1.1" 200 279855 "-" "Mozilla/5.0 (Windows NT 5.1; rv:11.0) Gecko Firefox/11.0 (via ggpht.com GoogleImageProxy)"
167.114.158.241 - - [15/Dec/2021:14:04:00 +0100] "GET /robots.txt HTTP/1.1" 200 2438 "-" "Mozilla/5.0 (compatible; MJ12bot/v1.4.8; http://mj12bot.com/)"
157.55.39.0 - - [15/Dec/2021:14:04:32 +0100] "GET /images/med_prod/9316188056441.jpg HTTP/1.1" 200 109329 "-" "Mozilla/5.0 (compatible; bingbot/2.0; +http://www.bing.com/bingbot.htm)"
74.125.209.50 - - [15/Dec/2021:14:05:01 +0100] "GET /images/big_prod/8719075391839.jpg HTTP/1.1" 200 76297 "-" "Mozilla/5.0 (Windows NT 5.1; rv:11.0) Gecko Firefox/11.0 (via ggpht.com GoogleImageProxy)"
66.249.70.90 - - [15/Dec/2021:14:05:23 +0100] "GET /images/mini_prod/3503420138164.jpg HTTP/1.1" 200 5079 "-" "Googlebot-Image/1.0"
20.99.156.10 - - [15/Dec/2021:14:05:28 +0100] "GET /images/big_prod_2/1328399219599b.jpg HTTP/1.1" 200 63734 "-" "Mozilla/5.0 (X11; Linux x86_64) AppleWebKit/537.36 (KHTML, like Gecko) Chrome/62.0.3202.62 Safari/537.36"
45.32.141.214 - - [15/Dec/2021:14:06:35 +0100] "GET /images/mini_prod/3453131147712.jpg HTTP/1.1" 200 6147 "-" "Mozilla/5.0 (X11; Ubuntu; Linux x86_64; rv:72.0) Gecko/20100101 Firefox/72.0"
157.55.39.228 - - [15/Dec/2021:14:14:31 +0100] "GET /images/mini_prod/9316188082143.jpg HTTP/1.1" 200 3832 "-" "Mozilla/5.0 (compatible; bingbot/2.0; +http://www.bing.com/bingbot.htm)"
66.249.70.92 - - [15/Dec/2021:14:14:41 +0100] "GET /images/big_prod_1/8422005569689C.jpg HTTP/1.1" 200 44449 "-" "Googlebot-Image/1.0"
175.102.16.34 - - [15/Dec/2021:14:18:22 +0100] "GET /images/mini_prod/DSCN7550.jpg HTTP/1.1" 200 5109 "-" "Mozilla/5.0 (X11; Ubuntu; Linux x86_64; rv:72.0) Gecko/20100101 Firefox/72.0"
157.55.39.0 - - [15/Dec/2021:14:20:22 +0100] "GET /images/8422360068315.jpg HTTP/1.1" 200 39915 "-" "Mozilla/5.0 (compatible; bingbot/2.0; +http://www.bing.com/bingbot.htm)"
5.255.253.187 - - [15/Dec/2021:14:20:55 +0100] "GET /images/mini_prod/cadrehsm.gif HTTP/1.1" 200 16218 "-" "Mozilla/5.0 (compatible; YandexImages/3.0; +http://yandex.com/bots)"
5.255.253.187 - - [15/Dec/2021:14:20:57 +0100] "GET /images/mini_prod/3520071634081.jpg HTTP/1.1" 200 4043 "-" "Mozilla/5.0 (compatible; YandexImages/3.0; +http://yandex.com/bots)"
5.255.253.187 - - [15/Dec/2021:14:20:59 +0100] "GET /images/mini_prod/3453131143189.jpg HTTP/1.1" 200 8517 "-" "Mozilla/5.0 (compatible; YandexImages/3.0; +http://yandex.com/bots)"
5.255.253.187 - - [15/Dec/2021:14:21:01 +0100] "GET /images/mini_prod/TROME3249.gif HTTP/1.1" 200 15155 "-" "Mozilla/5.0 (compatible; YandexImages/3.0; +http://yandex.com/bots)"
5.255.253.187 - - [15/Dec/2021:14:21:03 +0100] "GET /images/mini_prod/3609810020597.jpg HTTP/1.1" 200 9175 "-" "Mozilla/5.0 (compatible; YandexImages/3.0; +http://yandex.com/bots)"
5.255.253.187 - - [15/Dec/2021:14:21:05 +0100] "GET /images/mini_prod/TROME3250.gif HTTP/1.1" 200 18188 "-" "Mozilla/5.0 (compatible; YandexImages/3.0; +http://yandex.com/bots)"
5.255.253.187 - - [15/Dec/2021:14:21:07 +0100] "GET /images/mini_prod/4029811312436.jpg HTTP/1.1" 200 5630 "-" "Mozilla/5.0 (compatible; YandexImages/3.0; +http://yandex.com/bots)"
216.228.112.22 - - [15/Dec/2021:14:21:19 +0100] "GET /images/mini_prod/3760116310338.jpg HTTP/1.1" 200 10695 "-" "Mozilla/5.0 (X11; Ubuntu; Linux x86_64; rv:72.0) Gecko/20100101 Firefox/72.0"
155.138.175.238 - - [15/Dec/2021:14:21:37 +0100] "GET /images/mini_prod/8435306240584N.jpg HTTP/1.1" 200 6363 "-" "Mozilla/5.0 (X11; Ubuntu; Linux x86_64; rv:72.0) Gecko/20100101 Firefox/72.0"
40.77.167.66 - - [15/Dec/2021:14:23:04 +0100] "GET /images/big_prod/8020912049685.jpg HTTP/1.1" 200 80008 "-" "Mozilla/5.0 (compatible; bingbot/2.0; +http://www.bing.com/bingbot.htm)"
66.249.70.90 - - [15/Dec/2021:14:24:08 +0100] "GET /images/big_prod/3700281645842.jpg HTTP/1.1" 200 107479 "-" "Googlebot-Image/1.0"
157.55.39.0 - - [15/Dec/2021:14:25:24 +0100] "GET /images/3585190850064.jpg HTTP/1.1" 200 42295 "-" "Mozilla/5.0 (compatible; bingbot/2.0; +http://www.bing.com/bingbot.htm)"
216.228.112.22 - - [15/Dec/2021:14:27:51 +0100] "GET /images/mini_prod/5036278058585.jpg HTTP/1.1" 200 8938 "-" "Mozilla/5.0 (X11; Ubuntu; Linux x86_64; rv:72.0) Gecko/20100101 Firefox/72.0"
74.125.209.48 - - [15/Dec/2021:14:28:36 +0100] "GET /images/big_prod/8420015226592.jpg HTTP/1.1" 200 88051 "-" "Mozilla/5.0 (Windows NT 5.1; rv:11.0) Gecko Firefox/11.0 (via ggpht.com GoogleImageProxy)"
175.102.16.34 - - [15/Dec/2021:14:28:42 +0100] "GET /images/mini_prod/5701359678982.jpg HTTP/1.1" 200 9154 "-" "Mozilla/5.0 (X11; Ubuntu; Linux x86_64; rv:72.0) Gecko/20100101 Firefox/72.0"
157.55.39.228 - - [15/Dec/2021:14:28:47 +0100] "GET /images/8003990623497.jpg HTTP/1.1" 200 40343 "-" "Mozilla/5.0 (compatible; bingbot/2.0; +http://www.bing.com/bingbot.htm)"
185.191.171.20 - - [15/Dec/2021:14:28:47 +0100] "GET /robots.txt HTTP/1.1" 200 2438 "-" "Mozilla/5.0 (compatible; SemrushBot/7~bl; +http://www.semrush.com/bot.html)"
13.66.139.1 - - [15/Dec/2021:14:29:26 +0100] "GET /robots.txt HTTP/1.1" 200 2438 "-" "Mozilla/5.0 (compatible; bingbot/2.0; +http://www.bing.com/bingbot.htm)"
77.75.78.172 - - [15/Dec/2021:14:30:31 +0100] "GET /robots.txt HTTP/1.1" 200 2438 "-" "Mozilla/5.0 (compatible; SeznamBot/3.2; +http://napoveda.seznam.cz/en/seznambot-intro/)"
77.75.78.172 - - [15/Dec/2021:14:30:31 +0100] "GET /images/3438100316986.jpg HTTP/1.1" 200 26893 "-" "Mozilla/5.0 (compatible; SeznamBot/3.2; +http://napoveda.seznam.cz/en/seznambot-intro/)"
20.99.155.199 - - [15/Dec/2021:14:30:32 +0100] "GET /images/big_prod/4895220300506.jpg HTTP/1.1" 200 56320 "-" "Mozilla/5.0 (Windows NT 6.1; WOW64) AppleWebKit/537.36 (KHTML, like Gecko) Chrome/45.0.2454.101 Safari/537.36"
175.102.16.34 - - [15/Dec/2021:14:30:52 +0100] "GET /images/mini_prod/1361623281047.jpg HTTP/1.1" 200 5324 "-" "Mozilla/5.0 (X11; Ubuntu; Linux x86_64; rv:72.0) Gecko/20100101 Firefox/72.0"
95.163.255.62 - - [15/Dec/2021:14:31:06 +0100] "GET /robots.txt HTTP/1.0" 200 2438 "-" "Mozilla/5.0 (compatible; Linux x86_64; Mail.RU_Bot/2.0; +http://go.mail.ru/help/robots)"
157.55.39.125 - - [15/Dec/2021:14:31:18 +0100] "GET /images/big_prod/5415203503664.jpg HTTP/1.1" 200 44275 "-" "Mozilla/5.0 (compatible; bingbot/2.0; +http://www.bing.com/bingbot.htm)"
74.125.209.48 - - [15/Dec/2021:14:31:41 +0100] "GET /images/big_prod_1/8420015226592B.jpg HTTP/1.1" 200 103027 "-" "Mozilla/5.0 (Windows NT 5.1; rv:11.0) Gecko Firefox/11.0 (via ggpht.com GoogleImageProxy)"
20.99.156.109 - - [15/Dec/2021:14:32:32 +0100] "GET /images/big_prod/3014627935710a.jpg HTTP/1.1" 200 166143 "-" "Mozilla/5.0 (Windows NT 6.1; WOW64) AppleWebKit/537.36 (KHTML, like Gecko) Chrome/45.0.2454.101 Safari/537.36"
144.202.100.211 - - [15/Dec/2021:14:35:01 +0100] "GET /images/mini_prod/3574642017162.jpg HTTP/1.1" 200 5342 "-" "Mozilla/5.0 (X11; Ubuntu; Linux x86_64; rv:72.0) Gecko/20100101 Firefox/72.0"
157.55.39.223 - - [15/Dec/2021:14:35:15 +0100] "GET /images/big_prod/3681643219157.jpg HTTP/1.1" 200 159674 "-" "Mozilla/5.0 (compatible; bingbot/2.0; +http://www.bing.com/bingbot.htm)"
66.102.9.243 - - [15/Dec/2021:14:36:24 +0100] "GET /images/big_prod/4260082936802z.jpg HTTP/1.1" 200 103308 "-" "Mozilla/5.0 (Windows NT 5.1; rv:11.0) Gecko Firefox/11.0 (via ggpht.com GoogleImageProxy)"
46.230.142.18 - - [15/Dec/2021:14:36:30 +0100] "GET /js/jquery.jqzoom.js HTTP/1.1" 200 4761 "http://www.wonder-geek.com/little-geisha-p-50780.html" "Mozilla/5.0 (iPhone; CPU iPhone OS 15_1 like Mac OS X) AppleWebKit/605.1.15 (KHTML, like Gecko) Version/15.1 Mobile/15E148 Safari/604.1"
46.230.142.18 - - [15/Dec/2021:14:36:30 +0100] "GET /highslide/highslide.js HTTP/1.1" 200 42909 "http://www.wonder-geek.com/little-geisha-p-50780.html" "Mozilla/5.0 (iPhone; CPU iPhone OS 15_1 like Mac OS X) AppleWebKit/605.1.15 (KHTML, like Gecko) Version/15.1 Mobile/15E148 Safari/604.1"
46.230.142.18 - - [15/Dec/2021:14:36:30 +0100] "GET /js/jquery.js HTTP/1.1" 200 54075 "http://www.wonder-geek.com/little-geisha-p-50780.html" "Mozilla/5.0 (iPhone; CPU iPhone OS 15_1 like Mac OS X) AppleWebKit/605.1.15 (KHTML, like Gecko) Version/15.1 Mobile/15E148 Safari/604.1"
46.230.142.18 - - [15/Dec/2021:14:36:30 +0100] "GET /mondial_relay/js/jquery-1.3.2.min.js HTTP/1.1" 200 57254 "http://www.wonder-geek.com/little-geisha-p-50780.html" "Mozilla/5.0 (iPhone; CPU iPhone OS 15_1 like Mac OS X) AppleWebKit/605.1.15 (KHTML, like Gecko) Version/15.1 Mobile/15E148 Safari/604.1"
46.230.142.18 - - [15/Dec/2021:14:36:30 +0100] "GET /templates/Pixame_v1/stylesheet.css HTTP/1.1" 200 56057 "http://www.wonder-geek.com/little-geisha-p-50780.html" "Mozilla/5.0 (iPhone; CPU iPhone OS 15_1 like Mac OS X) AppleWebKit/605.1.15 (KHTML, like Gecko) Version/15.1 Mobile/15E148 Safari/604.1"
207.46.13.52 - - [15/Dec/2021:14:36:30 +0100] "GET /images/big_prod/5051276344430.jpg HTTP/1.1" 200 76909 "-" "Mozilla/5.0 (compatible; bingbot/2.0; +http://www.bing.com/bingbot.htm)"
46.230.142.18 - - [15/Dec/2021:14:36:30 +0100] "GET /templates/Pixame_v1/images/icon_accueil2.png HTTP/1.1" 200 1137 "http://www.wonder-geek.com/little-geisha-p-50780.html" "Mozilla/5.0 (iPhone; CPU iPhone OS 15_1 like Mac OS X) AppleWebKit/605.1.15 (KHTML, like Gecko) Version/15.1 Mobile/15E148 Safari/604.1"
46.230.142.18 - - [15/Dec/2021:14:36:30 +0100] "GET /templates/Pixame_v1/images/Bottom_texture.jpg HTTP/1.1" 200 56290 "http://www.wonder-geek.com/little-geisha-p-50780.html" "Mozilla/5.0 (iPhone; CPU iPhone OS 15_1 like Mac OS X) AppleWebKit/605.1.15 (KHTML, like Gecko) Version/15.1 Mobile/15E148 Safari/604.1"
46.230.142.18 - - [15/Dec/2021:14:36:30 +0100] "GET /templates/Pixame_v1/images/nav.png HTTP/1.1" 200 1283 "http://www.wonder-geek.com/little-geisha-p-50780.html" "Mozilla/5.0 (iPhone; CPU iPhone OS 15_1 like Mac OS X) AppleWebKit/605.1.15 (KHTML, like Gecko) Version/15.1 Mobile/15E148 Safari/604.1"
46.230.142.18 - - [15/Dec/2021:14:36:30 +0100] "GET /templates/Pixame_v1/images/header.png HTTP/1.1" 200 70245 "http://www.wonder-geek.com/little-geisha-p-50780.html" "Mozilla/5.0 (iPhone; CPU iPhone OS 15_1 like Mac OS X) AppleWebKit/605.1.15 (KHTML, like Gecko) Version/15.1 Mobile/15E148 Safari/604.1"
46.230.142.18 - - [15/Dec/2021:14:36:30 +0100] "GET /templates/Pixame_v1/images/header-object.png HTTP/1.1" 200 106050 "http://www.wonder-geek.com/little-geisha-p-50780.html" "Mozilla/5.0 (iPhone; CPU iPhone OS 15_1 like Mac OS X) AppleWebKit/605.1.15 (KHTML, like Gecko) Version/15.1 Mobile/15E148 Safari/604.1"
46.230.142.18 - - [15/Dec/2021:14:36:30 +0100] "GET /templates/Pixame_v1/images/buttons/english/button_in_cart.gif HTTP/1.1" 200 1212 "http://www.wonder-geek.com/little-geisha-p-50780.html" "Mozilla/5.0 (iPhone; CPU iPhone OS 15_1 like Mac OS X) AppleWebKit/605.1.15 (KHTML, like Gecko) Version/15.1 Mobile/15E148 Safari/604.1"
46.230.142.18 - - [15/Dec/2021:14:36:30 +0100] "GET /images/big_prod_1/4260082936789.jpg HTTP/1.1" 200 108793 "http://www.wonder-geek.com/little-geisha-p-50780.html" "Mozilla/5.0 (iPhone; CPU iPhone OS 15_1 like Mac OS X) AppleWebKit/605.1.15 (KHTML, like Gecko) Version/15.1 Mobile/15E148 Safari/604.1"
46.230.142.18 - - [15/Dec/2021:14:36:31 +0100] "GET /images/big_prod/4260082936802z.jpg HTTP/1.1" 200 103308 "http://www.wonder-geek.com/little-geisha-p-50780.html" "Mozilla/5.0 (iPhone; CPU iPhone OS 15_1 like Mac OS X) AppleWebKit/605.1.15 (KHTML, like Gecko) Version/15.1 Mobile/15E148 Safari/604.1"
46.230.142.18 - - [15/Dec/2021:14:36:31 +0100] "GET /design/productsenstock.png HTTP/1.1" 200 4743 "http://www.wonder-geek.com/little-geisha-p-50780.html" "Mozilla/5.0 (iPhone; CPU iPhone OS 15_1 like Mac OS X) AppleWebKit/605.1.15 (KHTML, like Gecko) Version/15.1 Mobile/15E148 Safari/604.1"
46.230.142.18 - - [15/Dec/2021:14:36:31 +0100] "GET /templates/Pixame_v1/images/Middle_texture.jpg HTTP/1.1" 200 249620 "http://www.wonder-geek.com/little-geisha-p-50780.html" "Mozilla/5.0 (iPhone; CPU iPhone OS 15_1 like Mac OS X) AppleWebKit/605.1.15 (KHTML, like Gecko) Version/15.1 Mobile/15E148 Safari/604.1"
46.230.142.18 - - [15/Dec/2021:14:36:31 +0100] "GET /highslide/graphics/outlines/drop-shadow.png HTTP/1.1" 200 2022 "http://www.wonder-geek.com/little-geisha-p-50780.html" "Mozilla/5.0 (iPhone; CPU iPhone OS 15_1 like Mac OS X) AppleWebKit/605.1.15 (KHTML, like Gecko) Version/15.1 Mobile/15E148 Safari/604.1"
46.230.142.18 - - [15/Dec/2021:14:36:31 +0100] "GET /favicon.ico HTTP/1.1" 200 1591 "http://www.wonder-geek.com/little-geisha-p-50780.html" "Mozilla/5.0 (iPhone; CPU iPhone OS 15_1 like Mac OS X) AppleWebKit/605.1.15 (KHTML, like Gecko) Version/15.1 Mobile/15E148 Safari/604.1"
66.102.9.241 - - [15/Dec/2021:14:36:46 +0100] "GET /images/big_prod/4260082936772a.jpg HTTP/1.1" 200 97129 "-" "Mozilla/5.0 (Windows NT 5.1; rv:11.0) Gecko Firefox/11.0 (via ggpht.com GoogleImageProxy)"
106.39.217.141 - - [15/Dec/2021:14:38:09 +0100] "GET /images/mini_prod/8003990630525.jpg HTTP/1.1" 200 6211 "-" "Mozilla/5.0 (X11; Ubuntu; Linux x86_64; rv:72.0) Gecko/20100101 Firefox/72.0"
157.55.39.0 - - [15/Dec/2021:14:41:05 +0100] "GET /images/3700791210028.jpg HTTP/1.1" 200 155328 "-" "Mozilla/5.0 (compatible; bingbot/2.0; +http://www.bing.com/bingbot.htm)"
216.244.66.242 - - [15/Dec/2021:14:41:16 +0100] "GET /robots.txt HTTP/1.1" 200 2438 "-" "Mozilla/5.0 (compatible; DotBot/1.2; +https://opensiteexplorer.org/dotbot; help@moz.com)"
149.28.215.57 - - [15/Dec/2021:14:44:57 +0100] "GET /images/mini_prod/5024693125289.jpg HTTP/1.1" 200 5612 "-" "Mozilla/5.0 (X11; Ubuntu; Linux x86_64; rv:72.0) Gecko/20100101 Firefox/72.0"
40.77.167.66 - - [15/Dec/2021:14:45:15 +0100] "GET /images/8432699066869.jpg HTTP/1.1" 200 49120 "-" "Mozilla/5.0 (compatible; bingbot/2.0; +http://www.bing.com/bingbot.htm)"
175.102.16.34 - - [15/Dec/2021:14:47:49 +0100] "GET /images/mini_prod/3700653593269.jpg HTTP/1.1" 200 6857 "-" "Mozilla/5.0 (X11; Ubuntu; Linux x86_64; rv:72.0) Gecko/20100101 Firefox/72.0"
157.55.39.0 - - [15/Dec/2021:14:48:47 +0100] "GET /images/med_prod/8412497761180.jpg HTTP/1.1" 200 55967 "-" "Mozilla/5.0 (compatible; bingbot/2.0; +http://www.bing.com/bingbot.htm)"
157.55.39.125 - - [15/Dec/2021:14:49:00 +0100] "GET /images/big_prod/8412497489763.jpg HTTP/1.1" 200 66098 "-" "Mozilla/5.0 (compatible; bingbot/2.0; +http://www.bing.com/bingbot.htm)"
66.249.70.92 - - [15/Dec/2021:14:49:10 +0100] "GET /images/big_prod/3453131112123.jpg HTTP/1.1" 200 44677 "-" "Googlebot-Image/1.0"
40.77.167.66 - - [15/Dec/2021:14:49:45 +0100] "GET /images/big_prod/1328399144228.jpg HTTP/1.1" 200 74664 "-" "Mozilla/5.0 (compatible; bingbot/2.0; +http://www.bing.com/bingbot.htm)"
