35.238.239.39 - - [15/Dec/2021:08:17:49 +0100] "GET /images/mini_prod/8720088298008.jpg HTTP/1.1" 200 4922 "http://www.wonder-geek.com/" "Mozilla/5.0 (X11; Linux x86_64) AppleWebKit/537.36 (KHTML, like Gecko) Chrome/99.0.4768.0 Safari/537.36"
35.238.239.39 - - [15/Dec/2021:08:17:49 +0100] "GET /images/mini_prod/3700572761626.jpg HTTP/1.1" 200 6780 "http://www.wonder-geek.com/" "Mozilla/5.0 (X11; Linux x86_64) AppleWebKit/537.36 (KHTML, like Gecko) Chrome/99.0.4768.0 Safari/537.36"
35.238.239.39 - - [15/Dec/2021:08:17:49 +0100] "GET /images/mini_prod/8422084818081.jpg HTTP/1.1" 200 4618 "http://www.wonder-geek.com/" "Mozilla/5.0 (X11; Linux x86_64) AppleWebKit/537.36 (KHTML, like Gecko) Chrome/99.0.4768.0 Safari/537.36"
35.238.239.39 - - [15/Dec/2021:08:17:49 +0100] "GET /images/mini_prod/3660173238968.jpg HTTP/1.1" 200 5624 "http://www.wonder-geek.com/" "Mozilla/5.0 (X11; Linux x86_64) AppleWebKit/537.36 (KHTML, like Gecko) Chrome/99.0.4768.0 Safari/537.36"
35.238.239.39 - - [15/Dec/2021:08:17:49 +0100] "GET /images/mini_prod/3700344927236.jpg HTTP/1.1" 200 10289 "http://www.wonder-geek.com/" "Mozilla/5.0 (X11; Linux x86_64) AppleWebKit/537.36 (KHTML, like Gecko) Chrome/99.0.4768.0 Safari/537.36"
35.238.239.39 - - [15/Dec/2021:08:17:49 +0100] "GET /images/mini_prod/3700281659238.jpg HTTP/1.1" 200 6386 "http://www.wonder-geek.com/" "Mozilla/5.0 (X11; Linux x86_64) AppleWebKit/537.36 (KHTML, like Gecko) Chrome/99.0.4768.0 Safari/537.36"
35.238.239.39 - - [15/Dec/2021:08:17:49 +0100] "GET /images/mini_prod/8422084818074.jpg HTTP/1.1" 200 3904 "http://www.wonder-geek.com/" "Mozilla/5.0 (X11; Linux x86_64) AppleWebKit/537.36 (KHTML, like Gecko) Chrome/99.0.4768.0 Safari/537.36"
35.238.239.39 - - [15/Dec/2021:08:17:49 +0100] "GET /images/mini_prod/1328399294824.jpg HTTP/1.1" 200 6132 "http://www.wonder-geek.com/" "Mozilla/5.0 (X11; Linux x86_64) AppleWebKit/537.36 (KHTML, like Gecko) Chrome/99.0.4768.0 Safari/537.36"
35.238.239.39 - - [15/Dec/2021:08:17:49 +0100] "GET /images/mini_prod/8422084818067.jpg HTTP/1.1" 200 4790 "http://www.wonder-geek.com/" "Mozilla/5.0 (X11; Linux x86_64) AppleWebKit/537.36 (KHTML, like Gecko) Chrome/99.0.4768.0 Safari/537.36"
35.238.239.39 - - [15/Dec/2021:08:17:49 +0100] "GET /images/mini_prod/4012677166633.jpg HTTP/1.1" 200 4761 "http://www.wonder-geek.com/" "Mozilla/5.0 (X11; Linux x86_64) AppleWebKit/537.36 (KHTML, like Gecko) Chrome/99.0.4768.0 Safari/537.36"
35.238.239.39 - - [15/Dec/2021:08:17:49 +0100] "GET /images/mini_prod/8422084818098.jpg HTTP/1.1" 200 5587 "http://www.wonder-geek.com/" "Mozilla/5.0 (X11; Linux x86_64) AppleWebKit/537.36 (KHTML, like Gecko) Chrome/99.0.4768.0 Safari/537.36"
35.238.239.39 - - [15/Dec/2021:08:17:49 +0100] "GET /images/mini_prod/8422084800086.jpg HTTP/1.1" 200 4113 "http://www.wonder-geek.com/" "Mozilla/5.0 (X11; Linux x86_64) AppleWebKit/537.36 (KHTML, like Gecko) Chrome/99.0.4768.0 Safari/537.36"
35.238.239.39 - - [15/Dec/2021:08:17:49 +0100] "GET /images/mini_prod/8718657467191.jpg HTTP/1.1" 200 5436 "http://www.wonder-geek.com/" "Mozilla/5.0 (X11; Linux x86_64) AppleWebKit/537.36 (KHTML, like Gecko) Chrome/99.0.4768.0 Safari/537.36"
35.238.239.39 - - [15/Dec/2021:08:17:49 +0100] "GET /images/mini_prod/3665269159721.jpg HTTP/1.1" 200 7474 "http://www.wonder-geek.com/" "Mozilla/5.0 (X11; Linux x86_64) AppleWebKit/537.36 (KHTML, like Gecko) Chrome/99.0.4768.0 Safari/537.36"
35.238.239.39 - - [15/Dec/2021:08:17:49 +0100] "GET /images/mini_prod/3700281659221.jpg HTTP/1.1" 200 7177 "http://www.wonder-geek.com/" "Mozilla/5.0 (X11; Linux x86_64) AppleWebKit/537.36 (KHTML, like Gecko) Chrome/99.0.4768.0 Safari/537.36"
35.238.239.39 - - [15/Dec/2021:08:17:50 +0100] "GET /images/mini_prod/8712159158120.jpg HTTP/1.1" 200 7255 "http://www.wonder-geek.com/" "Mozilla/5.0 (X11; Linux x86_64) AppleWebKit/537.36 (KHTML, like Gecko) Chrome/99.0.4768.0 Safari/537.36"
35.238.239.39 - - [15/Dec/2021:08:17:50 +0100] "GET /images/mini_prod/8720088297957.jpg HTTP/1.1" 200 4481 "http://www.wonder-geek.com/" "Mozilla/5.0 (X11; Linux x86_64) AppleWebKit/537.36 (KHTML, like Gecko) Chrome/99.0.4768.0 Safari/537.36"
35.238.239.39 - - [15/Dec/2021:08:17:50 +0100] "GET /images/mini_prod/3660173237275.jpg HTTP/1.1" 200 5376 "http://www.wonder-geek.com/" "Mozilla/5.0 (X11; Linux x86_64) AppleWebKit/537.36 (KHTML, like Gecko) Chrome/99.0.4768.0 Safari/537.36"
35.238.239.39 - - [15/Dec/2021:08:17:50 +0100] "GET /images/mini_prod/1300000022118.jpg HTTP/1.1" 200 9390 "http://www.wonder-geek.com/" "Mozilla/5.0 (X11; Linux x86_64) AppleWebKit/537.36 (KHTML, like Gecko) Chrome/99.0.4768.0 Safari/537.36"
35.238.239.39 - - [15/Dec/2021:08:17:50 +0100] "GET /images/mini_prod/3457019601952.jpg HTTP/1.1" 200 7059 "http://www.wonder-geek.com/" "Mozilla/5.0 (X11; Linux x86_64) AppleWebKit/537.36 (KHTML, like Gecko) Chrome/99.0.4768.0 Safari/537.36"
35.238.239.39 - - [15/Dec/2021:08:17:50 +0100] "GET /images/mini_prod/8422084800024.jpg HTTP/1.1" 200 4020 "http://www.wonder-geek.com/" "Mozilla/5.0 (X11; Linux x86_64) AppleWebKit/537.36 (KHTML, like Gecko) Chrome/99.0.4768.0 Safari/537.36"
35.238.239.39 - - [15/Dec/2021:08:17:50 +0100] "GET /images/mini_prod/8720088297940.jpg HTTP/1.1" 200 4591 "http://www.wonder-geek.com/" "Mozilla/5.0 (X11; Linux x86_64) AppleWebKit/537.36 (KHTML, like Gecko) Chrome/99.0.4768.0 Safari/537.36"
35.238.239.39 - - [15/Dec/2021:08:17:50 +0100] "GET /images/mini_prod/3014627974924.jpg HTTP/1.1" 200 5110 "http://www.wonder-geek.com/" "Mozilla/5.0 (X11; Linux x86_64) AppleWebKit/537.36 (KHTML, like Gecko) Chrome/99.0.4768.0 Safari/537.36"
35.238.239.39 - - [15/Dec/2021:08:17:50 +0100] "GET /images/mini_prod/3442440298345.jpg HTTP/1.1" 200 10639 "http://www.wonder-geek.com/" "Mozilla/5.0 (X11; Linux x86_64) AppleWebKit/537.36 (KHTML, like Gecko) Chrome/99.0.4768.0 Safari/537.36"
35.238.239.39 - - [15/Dec/2021:08:17:50 +0100] "GET /images/mini_prod/3453131157995.jpg HTTP/1.1" 200 8365 "http://www.wonder-geek.com/" "Mozilla/5.0 (X11; Linux x86_64) AppleWebKit/537.36 (KHTML, like Gecko) Chrome/99.0.4768.0 Safari/537.36"
35.238.239.39 - - [15/Dec/2021:08:17:50 +0100] "GET /images/mini_prod/8422084818104.jpg HTTP/1.1" 200 4569 "http://www.wonder-geek.com/" "Mozilla/5.0 (X11; Linux x86_64) AppleWebKit/537.36 (KHTML, like Gecko) Chrome/99.0.4768.0 Safari/537.36"
35.238.239.39 - - [15/Dec/2021:08:17:50 +0100] "GET /images/mini_prod/3453131158169.jpg HTTP/1.1" 200 8860 "http://www.wonder-geek.com/" "Mozilla/5.0 (X11; Linux x86_64) AppleWebKit/537.36 (KHTML, like Gecko) Chrome/99.0.4768.0 Safari/537.36"
35.238.239.39 - - [15/Dec/2021:08:17:50 +0100] "GET /images/mini_prod/3665269028515.jpg HTTP/1.1" 200 5561 "http://www.wonder-geek.com/" "Mozilla/5.0 (X11; Linux x86_64) AppleWebKit/537.36 (KHTML, like Gecko) Chrome/99.0.4768.0 Safari/537.36"
35.238.239.39 - - [15/Dec/2021:08:17:50 +0100] "GET /images/mini_prod/5400924182748.jpg HTTP/1.1" 200 5167 "http://www.wonder-geek.com/" "Mozilla/5.0 (X11; Linux x86_64) AppleWebKit/537.36 (KHTML, like Gecko) Chrome/99.0.4768.0 Safari/537.36"
35.238.239.39 - - [15/Dec/2021:08:17:50 +0100] "GET /images/mini_prod/8445146006974.jpg HTTP/1.1" 200 3108 "http://www.wonder-geek.com/" "Mozilla/5.0 (X11; Linux x86_64) AppleWebKit/537.36 (KHTML, like Gecko) Chrome/99.0.4768.0 Safari/537.36"
35.238.239.39 - - [15/Dec/2021:08:17:50 +0100] "GET /images/mini_prod/3453131158237.jpg HTTP/1.1" 200 7674 "http://www.wonder-geek.com/" "Mozilla/5.0 (X11; Linux x86_64) AppleWebKit/537.36 (KHTML, like Gecko) Chrome/99.0.4768.0 Safari/537.36"
35.238.239.39 - - [15/Dec/2021:08:17:50 +0100] "GET /images/mini_prod/8718657462530.jpg HTTP/1.1" 200 7087 "http://www.wonder-geek.com/" "Mozilla/5.0 (X11; Linux x86_64) AppleWebKit/537.36 (KHTML, like Gecko) Chrome/99.0.4768.0 Safari/537.36"
35.238.239.39 - - [15/Dec/2021:08:17:50 +0100] "GET /images/mini_prod/5051276424514b.jpg HTTP/1.1" 200 6895 "http://www.wonder-geek.com/" "Mozilla/5.0 (X11; Linux x86_64) AppleWebKit/537.36 (KHTML, like Gecko) Chrome/99.0.4768.0 Safari/537.36"
155.138.175.238 - - [15/Dec/2021:08:18:15 +0100] "GET /images/mini_prod/9316188081023.jpg HTTP/1.1" 200 5732 "-" "Mozilla/5.0 (X11; Ubuntu; Linux x86_64; rv:72.0) Gecko/20100101 Firefox/72.0"
114.119.128.40 - - [15/Dec/2021:08:19:59 +0100] "GET /images/mini_prod/3503420102462.jpg HTTP/1.1" 200 6091 "-" "Mozilla/5.0 (Linux; Android 7.0;) AppleWebKit/537.36 (KHTML, like Gecko) Mobile Safari/537.36 (compatible; PetalBot;+https://webmaster.petalsearch.com/site/petalbot)"
188.222.167.195 - - [15/Dec/2021:08:21:22 +0100] "GET /images/1300010237281.jpg HTTP/1.1" 200 78647 "https://www.bing.com/" "Mozilla/5.0 (Windows NT 10.0; Win64; x64) AppleWebKit/537.36 (KHTML, like Gecko) Chrome/96.0.4664.93 Safari/537.36 Edg/96.0.1054.53"
188.222.167.195 - - [15/Dec/2021:08:21:22 +0100] "GET /favicon.ico HTTP/1.1" 200 1591 "http://www.wonder-geek.com/images/1300010237281.jpg" "Mozilla/5.0 (Windows NT 10.0; Win64; x64) AppleWebKit/537.36 (KHTML, like Gecko) Chrome/96.0.4664.93 Safari/537.36 Edg/96.0.1054.53"
157.55.39.223 - - [15/Dec/2021:08:22:11 +0100] "GET /images/big_prod/1399985100072.jpg HTTP/1.1" 200 102525 "-" "Mozilla/5.0 (compatible; bingbot/2.0; +http://www.bing.com/bingbot.htm)"
157.55.39.223 - - [15/Dec/2021:08:25:41 +0100] "GET /images/big_prod/3503420093814.jpg HTTP/1.1" 200 68354 "-" "Mozilla/5.0 (compatible; bingbot/2.0; +http://www.bing.com/bingbot.htm)"
20.99.156.67 - - [15/Dec/2021:08:26:24 +0100] "GET /images/med_prod/1384010184295.jpg HTTP/1.1" 200 78170 "-" "Mozilla/5.0 (Windows NT 10.0; ) Gecko/20100101 Firefox/61.0"
114.119.128.253 - - [15/Dec/2021:08:26:28 +0100] "GET /images/big_prod/1345544878999.jpg HTTP/1.1" 200 269328 "-" "Mozilla/5.0 (Linux; Android 7.0;) AppleWebKit/537.36 (KHTML, like Gecko) Mobile Safari/537.36 (compatible; PetalBot;+https://webmaster.petalsearch.com/site/petalbot)"
147.92.153.14 - - [15/Dec/2021:08:26:50 +0100] "GET /robots.txt HTTP/1.1" 200 2438 "-" "Mozilla/5.0 (compatible; Linespider/1.1; +https://lin.ee/4dwXkTH)"
157.55.39.0 - - [15/Dec/2021:08:27:59 +0100] "GET /images/4025055094589.jpg HTTP/1.1" 200 26386 "-" "Mozilla/5.0 (compatible; bingbot/2.0; +http://www.bing.com/bingbot.htm)"
114.119.128.40 - - [15/Dec/2021:08:29:47 +0100] "GET /images/big_prod_1/8424346034895N.jpg HTTP/1.1" 200 142293 "-" "Mozilla/5.0 (Linux; Android 7.0;) AppleWebKit/537.36 (KHTML, like Gecko) Mobile Safari/537.36 (compatible; PetalBot;+https://webmaster.petalsearch.com/site/petalbot)"
52.149.21.87 - - [15/Dec/2021:08:30:47 +0100] "GET /images/big_prod/3442440255225.jpg HTTP/1.1" 200 173046 "-" "Mozilla/5.0 (X11; Linux x86_64) AppleWebKit/537.36 (KHTML, like Gecko) Chrome/62.0.3202.62 Safari/537.36"
5.255.253.187 - - [15/Dec/2021:08:31:19 +0100] "GET /images/big_prod_1/a4542202653760.jpg HTTP/1.1" 200 85184 "-" "Mozilla/5.0 (compatible; YandexImages/3.0; +http://yandex.com/bots)"
144.202.100.211 - - [15/Dec/2021:08:32:40 +0100] "GET /images/mini_prod/4029811320004.jpg HTTP/1.1" 200 7560 "-" "Mozilla/5.0 (X11; Ubuntu; Linux x86_64; rv:72.0) Gecko/20100101 Firefox/72.0"
185.191.171.24 - - [15/Dec/2021:08:34:55 +0100] "GET /robots.txt HTTP/1.1" 200 2438 "-" "Mozilla/5.0 (compatible; SemrushBot/7~bl; +http://www.semrush.com/bot.html)"
114.119.128.39 - - [15/Dec/2021:08:35:08 +0100] "GET /images/mini_prod/8424346540273.jpg HTTP/1.1" 200 7226 "-" "Mozilla/5.0 (Linux; Android 7.0;) AppleWebKit/537.36 (KHTML, like Gecko) Mobile Safari/537.36 (compatible; PetalBot;+https://webmaster.petalsearch.com/site/petalbot)"
66.249.70.72 - - [15/Dec/2021:08:35:30 +0100] "GET /images/mini_prod/8712159171945.jpg HTTP/1.1" 200 8220 "-" "Googlebot-Image/1.0"
157.55.39.223 - - [15/Dec/2021:08:35:50 +0100] "GET /images/3524550045153.jpg HTTP/1.1" 200 35114 "-" "Mozilla/5.0 (compatible; bingbot/2.0; +http://www.bing.com/bingbot.htm)"
92.184.112.194 - - [15/Dec/2021:08:36:28 +0100] "GET /images/7316191496120.jpg HTTP/1.1" 200 48630 "-" "WhatsApp/2.21.23.23 Android/11 Device/samsung-SM-A405FN"
157.55.39.228 - - [15/Dec/2021:08:37:58 +0100] "GET /images/mini_prod/5027148026278.jpg HTTP/1.1" 200 3827 "-" "Mozilla/5.0 (compatible; bingbot/2.0; +http://www.bing.com/bingbot.htm)"
74.125.209.52 - - [15/Dec/2021:08:39:40 +0100] "GET /images/big_prod/7601020000181.jpg HTTP/1.1" 200 70122 "-" "Mozilla/5.0 (Windows NT 5.1; rv:11.0) Gecko Firefox/11.0 (via ggpht.com GoogleImageProxy)"
103.131.71.84 - - [15/Dec/2021:08:42:16 +0100] "GET /robots.txt HTTP/1.1" 200 2438 "-" "Mozilla/5.0 (compatible; coccocbot-web/1.0; +http://help.coccoc.com/searchengine)"
216.244.66.242 - - [15/Dec/2021:08:45:55 +0100] "GET /robots.txt HTTP/1.1" 200 2438 "-" "Mozilla/5.0 (compatible; DotBot/1.2; +https://opensiteexplorer.org/dotbot; help@moz.com)"
66.249.70.70 - - [15/Dec/2021:08:48:03 +0100] "GET /images/big_prod/3160704002377.jpg HTTP/1.1" 200 132367 "-" "Googlebot-Image/1.0"
157.55.39.125 - - [15/Dec/2021:08:50:07 +0100] "GET /images/big_prod_2/3660173239071b.jpg HTTP/1.1" 200 213814 "-" "Mozilla/5.0 (compatible; bingbot/2.0; +http://www.bing.com/bingbot.htm)"
52.149.21.87 - - [15/Dec/2021:08:50:56 +0100] "GET /images/big_prod_1/b3660173224114.jpg HTTP/1.1" 200 34255 "-" "Mozilla/4.0 (compatible; MSIE 7.0; Windows NT 6.0)"
52.149.21.87 - - [15/Dec/2021:08:53:18 +0100] "GET /images/big_prod/3014627885800.jpg HTTP/1.1" 200 39663 "-" "Mozilla/5.0 (Windows NT 10.0; WOW64) AppleWebKit/537.36 (KHTML, like Gecko) Chrome/67.0.3396.99 Safari/537.36"
157.55.39.125 - - [15/Dec/2021:08:54:16 +0100] "GET /images/big_prod/3457010912309c.jpg HTTP/1.1" 200 103250 "-" "Mozilla/5.0 (compatible; bingbot/2.0; +http://www.bing.com/bingbot.htm)"
114.119.128.40 - - [15/Dec/2021:08:57:13 +0100] "GET /images/big_prod/8424346089963.jpg HTTP/1.1" 200 59028 "-" "Mozilla/5.0 (Linux; Android 7.0;) AppleWebKit/537.36 (KHTML, like Gecko) Mobile Safari/537.36 (compatible; PetalBot;+https://webmaster.petalsearch.com/site/petalbot)"
157.55.39.125 - - [15/Dec/2021:08:57:46 +0100] "GET /images/big_prod_1/8433933141298.jpg HTTP/1.1" 200 112936 "-" "Mozilla/5.0 (compatible; bingbot/2.0; +http://www.bing.com/bingbot.htm)"
155.138.175.238 - - [15/Dec/2021:08:57:58 +0100] "GET /images/mini_prod/1384010202760.jpg HTTP/1.1" 200 6697 "-" "Mozilla/5.0 (X11; Ubuntu; Linux x86_64; rv:72.0) Gecko/20100101 Firefox/72.0"
40.77.167.66 - - [15/Dec/2021:08:58:41 +0100] "GET /images/big_prod_1/8718657460710b.jpg HTTP/1.1" 200 101207 "-" "Mozilla/5.0 (compatible; bingbot/2.0; +http://www.bing.com/bingbot.htm)"
114.119.128.39 - - [15/Dec/2021:08:58:47 +0100] "GET /images/big_prod/3609810083196b.jpg HTTP/1.1" 200 46865 "-" "Mozilla/5.0 (Linux; Android 7.0;) AppleWebKit/537.36 (KHTML, like Gecko) Mobile Safari/537.36 (compatible; PetalBot;+https://webmaster.petalsearch.com/site/petalbot)"
155.138.175.238 - - [15/Dec/2021:09:01:40 +0100] "GET /images/mini_prod/3760116310338.jpg HTTP/1.1" 200 10695 "-" "Mozilla/5.0 (X11; Ubuntu; Linux x86_64; rv:72.0) Gecko/20100101 Firefox/72.0"
20.99.155.218 - - [15/Dec/2021:09:01:42 +0100] "GET /images/big_prod/3565750258820.jpg HTTP/1.1" 200 139452 "-" "Mozilla/5.0 (Windows NT 10.0; ) Gecko/20100101 Firefox/61.0"
5.255.253.187 - - [15/Dec/2021:09:03:48 +0100] "GET /robots.txt HTTP/1.1" 200 2438 "-" "Mozilla/5.0 (compatible; YandexBot/3.0; +http://yandex.com/bots)"
40.77.167.66 - - [15/Dec/2021:09:08:50 +0100] "GET /images/big_prod/3784322266500.jpg HTTP/1.1" 200 100269 "-" "Mozilla/5.0 (compatible; bingbot/2.0; +http://www.bing.com/bingbot.htm)"
66.249.70.72 - - [15/Dec/2021:09:09:00 +0100] "GET /images/med_prod/1384010184288.jpg HTTP/1.1" 200 105765 "-" "Googlebot-Image/1.0"
20.99.155.218 - - [15/Dec/2021:09:16:44 +0100] "GET /images/big_prod/3503420083075.jpg HTTP/1.1" 200 49661 "-" "Mozilla/5.0 (Windows NT 10.0; WOW64) AppleWebKit/537.36 (KHTML, like Gecko) Chrome/67.0.3396.99 Safari/537.36"
159.226.19.154 - - [15/Dec/2021:09:17:03 +0100] "GET /images/big_prod/3503420112188.jpg HTTP/1.1" 200 73945 "-" "Mozilla/5.0 (Windows NT 10.0; Win64; x64) AppleWebKit/537.36 (KHTML, like Gecko) Chrome/54.0.2840.99 Safari/537.36"
40.77.167.66 - - [15/Dec/2021:09:17:54 +0100] "GET /images/donaldpouce.jpg HTTP/1.1" 200 18633 "-" "Mozilla/5.0 (compatible; bingbot/2.0; +http://www.bing.com/bingbot.htm)"
40.77.167.66 - - [15/Dec/2021:09:20:13 +0100] "GET /images/med_prod/4036113830186.jpg HTTP/1.1" 200 189024 "-" "Mozilla/5.0 (compatible; bingbot/2.0; +http://www.bing.com/bingbot.htm)"
40.77.167.66 - - [15/Dec/2021:09:22:00 +0100] "GET /images/mini_prod/3574642576652.jpg HTTP/1.1" 200 3255 "-" "Mozilla/5.0 (compatible; bingbot/2.0; +http://www.bing.com/bingbot.htm)"
20.99.156.109 - - [15/Dec/2021:09:23:53 +0100] "GET /images/big_prod_1/8433933186480a.jpg HTTP/1.1" 200 146157 "-" "Mozilla/5.0 (Windows NT 10.0; WOW64) AppleWebKit/537.36 (KHTML, like Gecko) Chrome/67.0.3396.99 Safari/537.36"
155.138.175.238 - - [15/Dec/2021:09:24:40 +0100] "GET /images/mini_prod/1384010206966.jpg HTTP/1.1" 200 8895 "-" "Mozilla/5.0 (X11; Ubuntu; Linux x86_64; rv:72.0) Gecko/20100101 Firefox/72.0"
52.149.21.95 - - [15/Dec/2021:09:25:42 +0100] "GET /images/big_prod_1/8424346057382N.jpg HTTP/1.1" 200 188743 "-" "Mozilla/5.0 (Macintosh; U; PPC Mac OS X 10.5; en-US; rv:1.9.2.15) Gecko/20110303 Firefox/3.6.15"
209.141.33.65 - - [15/Dec/2021:09:27:36 +0100] "GET /favicon.ico HTTP/1.1" 200 1591 "http://wonder-geek.com/favicon.ico" "Chrome/54.0 (Windows NT 10.0)"
207.46.13.52 - - [15/Dec/2021:09:29:30 +0100] "GET /images/3521320617121.jpg HTTP/1.1" 200 17900 "-" "Mozilla/5.0 (compatible; bingbot/2.0; +http://www.bing.com/bingbot.htm)"
216.244.66.242 - - [15/Dec/2021:09:30:04 +0100] "GET /robots.txt HTTP/1.1" 200 2438 "-" "Mozilla/5.0 (compatible; DotBot/1.2; +https://opensiteexplorer.org/dotbot; help@moz.com)"
20.99.155.199 - - [15/Dec/2021:09:30:46 +0100] "GET /images/med_prod/3700516206961.jpg HTTP/1.1" 200 76403 "-" "Mozilla/5.0 (Windows NT 10.0; WOW64) AppleWebKit/537.36 (KHTML, like Gecko) Chrome/67.0.3396.99 Safari/537.36"
157.55.39.228 - - [15/Dec/2021:09:31:33 +0100] "GET /images/8427787035957.jpg HTTP/1.1" 200 35423 "-" "Mozilla/5.0 (compatible; bingbot/2.0; +http://www.bing.com/bingbot.htm)"
40.77.167.66 - - [15/Dec/2021:09:34:32 +0100] "GET /images/mini_prod/3608860088236.jpg HTTP/1.1" 200 7333 "-" "Mozilla/5.0 (compatible; bingbot/2.0; +http://www.bing.com/bingbot.htm)"
157.55.39.0 - - [15/Dec/2021:09:34:35 +0100] "GET /images/mini_prod/3585190169029.gif HTTP/1.1" 200 10262 "-" "Mozilla/5.0 (compatible; bingbot/2.0; +http://www.bing.com/bingbot.htm)"
77.75.79.11 - - [15/Dec/2021:09:36:27 +0100] "GET /robots.txt HTTP/1.1" 200 2438 "-" "Mozilla/5.0 (compatible; SeznamBot/3.2; +http://napoveda.seznam.cz/en/seznambot-intro/)"
185.191.171.37 - - [15/Dec/2021:09:38:46 +0100] "GET /robots.txt HTTP/1.1" 200 2438 "-" "Mozilla/5.0 (compatible; SemrushBot/7~bl; +http://www.semrush.com/bot.html)"
66.249.93.251 - - [15/Dec/2021:09:39:10 +0100] "GET /images/big_prod/1300000022118.jpg HTTP/1.1" 200 161601 "-" "Mozilla/5.0 (Windows NT 5.1; rv:11.0) Gecko Firefox/11.0 (via ggpht.com GoogleImageProxy)"
66.249.82.151 - - [15/Dec/2021:09:39:32 +0100] "GET /images/8028501263726.jpg HTTP/1.1" 200 51486 "-" "Mozilla/5.0 (Windows NT 5.1; rv:11.0) Gecko Firefox/11.0 (via ggpht.com GoogleImageProxy)"
45.32.141.214 - - [15/Dec/2021:09:40:39 +0100] "GET /images/mini_prod/3700276227640.jpg HTTP/1.1" 200 7318 "-" "Mozilla/5.0 (X11; Ubuntu; Linux x86_64; rv:72.0) Gecko/20100101 Firefox/72.0"
144.202.100.211 - - [15/Dec/2021:09:44:10 +0100] "GET /images/mini_prod/8012052070612.jpg HTTP/1.1" 200 5013 "-" "Mozilla/5.0 (X11; Ubuntu; Linux x86_64; rv:72.0) Gecko/20100101 Firefox/72.0"
66.249.70.72 - - [15/Dec/2021:09:45:08 +0100] "GET /images/big_prod/3503420053337.jpg HTTP/1.1" 200 370571 "-" "Googlebot-Image/1.0"
216.244.66.242 - - [15/Dec/2021:09:46:54 +0100] "GET /images/Double-rideau-Charlotte.jpg HTTP/1.1" 200 33662 "-" "Mozilla/5.0 (compatible; DotBot/1.2; +https://opensiteexplorer.org/dotbot; help@moz.com)"
192.102.204.55 - - [15/Dec/2021:09:47:45 +0100] "GET /images/mini_prod/3665269032109.jpg HTTP/1.1" 200 5386 "-" "Mozilla/5.0 (X11; Ubuntu; Linux x86_64; rv:72.0) Gecko/20100101 Firefox/72.0"
157.55.39.228 - - [15/Dec/2021:09:50:16 +0100] "GET /images/big_prod/8433933179307.jpg HTTP/1.1" 200 121200 "-" "Mozilla/5.0 (compatible; bingbot/2.0; +http://www.bing.com/bingbot.htm)"
157.55.39.228 - - [15/Dec/2021:09:55:06 +0100] "GET /images/big_prod/4542202662076NN.jpg HTTP/1.1" 200 59080 "-" "Mozilla/5.0 (compatible; bingbot/2.0; +http://www.bing.com/bingbot.htm)"
36.110.199.241 - - [15/Dec/2021:09:58:16 +0100] "GET /images/mini_prod/5415203956408.jpg HTTP/1.1" 200 5372 "-" "Mozilla/5.0"
20.99.155.199 - - [15/Dec/2021:09:59:07 +0100] "GET /images/big_prod/5404006044795.jpg HTTP/1.1" 200 40155 "-" "Mozilla/5.0 (Windows NT 10.0; ) Gecko/20100101 Firefox/61.0"
155.138.175.238 - - [15/Dec/2021:09:59:26 +0100] "GET /images/mini_prod/3457019600467.jpg HTTP/1.1" 200 5487 "-" "Mozilla/5.0 (X11; Ubuntu; Linux x86_64; rv:72.0) Gecko/20100101 Firefox/72.0"
40.77.167.66 - - [15/Dec/2021:09:59:46 +0100] "GET /images/big_prod/1004038301060.jpg HTTP/1.1" 200 105716 "-" "Mozilla/5.0 (compatible; bingbot/2.0; +http://www.bing.com/bingbot.htm)"
157.55.39.228 - - [15/Dec/2021:09:59:47 +0100] "GET /images/big_prod/1345544878944.jpg HTTP/1.1" 200 106639 "-" "Mozilla/5.0 (compatible; bingbot/2.0; +http://www.bing.com/bingbot.htm)"
157.55.39.223 - - [15/Dec/2021:09:59:49 +0100] "GET /images/mini_prod/3760233683490.jpg HTTP/1.1" 200 11905 "-" "Mozilla/5.0 (compatible; bingbot/2.0; +http://www.bing.com/bingbot.htm)"
45.76.250.213 - - [15/Dec/2021:10:00:04 +0100] "GET /images/mini_prod/1384010179567.jpg HTTP/1.1" 200 5622 "-" "Mozilla/5.0 (X11; Ubuntu; Linux x86_64; rv:72.0) Gecko/20100101 Firefox/72.0"
20.99.155.235 - - [15/Dec/2021:10:01:08 +0100] "GET /images/3776076281717.jpg HTTP/1.1" 200 34442 "-" "Mozilla/5.0 (Windows NT 6.1; WOW64) AppleWebKit/537.36 (KHTML, like Gecko) Chrome/45.0.2454.101 Safari/537.36"
74.125.209.48 - - [15/Dec/2021:10:02:19 +0100] "GET /images/big_prod_1/5018997627013a.jpg HTTP/1.1" 200 99272 "-" "Mozilla/5.0 (Windows NT 5.1; rv:11.0) Gecko Firefox/11.0 (via ggpht.com GoogleImageProxy)"
74.125.209.48 - - [15/Dec/2021:10:03:24 +0100] "GET /images/big_prod_2/5018997627013b.jpg HTTP/1.1" 200 126294 "-" "Mozilla/5.0 (Windows NT 5.1; rv:11.0) Gecko Firefox/11.0 (via ggpht.com GoogleImageProxy)"
157.55.39.125 - - [15/Dec/2021:10:05:12 +0100] "GET /images/big_prod/3609810045095.jpg HTTP/1.1" 200 125457 "-" "Mozilla/5.0 (compatible; bingbot/2.0; +http://www.bing.com/bingbot.htm)"
66.249.70.70 - - [15/Dec/2021:10:05:27 +0100] "GET /images/big_prod_2/8424346225033C.jpg HTTP/1.1" 200 69408 "-" "Googlebot-Image/1.0"
52.149.21.95 - - [15/Dec/2021:10:05:52 +0100] "GET /images/big_prod/3660173221557.jpg HTTP/1.1" 200 54249 "-" "Mozilla/5.0 (Windows NT 10.0; WOW64) AppleWebKit/537.36 (KHTML, like Gecko) Chrome/67.0.3396.99 Safari/537.36"
20.99.156.10 - - [15/Dec/2021:10:07:53 +0100] "GET /images/big_prod/5036381288466.jpg HTTP/1.1" 200 64176 "-" "Mozilla/5.0 (X11; Linux x86_64) AppleWebKit/537.36 (KHTML, like Gecko) Chrome/62.0.3202.62 Safari/537.36"
216.228.112.22 - - [15/Dec/2021:10:08:38 +0100] "GET /images/mini_prod/MISES-EN-SITUATION-04.jpg HTTP/1.1" 200 7628 "-" "Mozilla/5.0 (X11; Ubuntu; Linux x86_64; rv:72.0) Gecko/20100101 Firefox/72.0"
20.99.156.67 - - [15/Dec/2021:10:08:50 +0100] "GET /images/big_prod/8419810092440.jpg HTTP/1.1" 200 162415 "-" "Mozilla/5.0 (Windows NT 6.1; WOW64) AppleWebKit/537.36 (KHTML, like Gecko) Chrome/45.0.2454.101 Safari/537.36"
207.46.13.52 - - [15/Dec/2021:10:11:24 +0100] "GET /images/75256bis.jpg HTTP/1.1" 200 34967 "-" "Mozilla/5.0 (compatible; bingbot/2.0; +http://www.bing.com/bingbot.htm)"
66.249.70.70 - - [15/Dec/2021:10:11:42 +0100] "GET /images/big_prod/3612875121390.jpg HTTP/1.1" 200 85236 "-" "Googlebot-Image/1.0"
20.99.156.10 - - [15/Dec/2021:10:11:47 +0100] "GET /images/big_prod/8422015725518.jpg HTTP/1.1" 200 49977 "-" "Mozilla/5.0 (Windows NT 6.1; WOW64) AppleWebKit/537.36 (KHTML, like Gecko) Chrome/45.0.2454.101 Safari/537.36"
155.138.175.238 - - [15/Dec/2021:10:12:51 +0100] "GET /images/mini_prod/3662468005507.jpg HTTP/1.1" 200 9998 "-" "Mozilla/5.0 (X11; Ubuntu; Linux x86_64; rv:72.0) Gecko/20100101 Firefox/72.0"
144.202.100.211 - - [15/Dec/2021:10:14:10 +0100] "GET /images/mini_prod/4036113280295.jpg HTTP/1.1" 200 7057 "-" "Mozilla/5.0 (X11; Ubuntu; Linux x86_64; rv:72.0) Gecko/20100101 Firefox/72.0"
216.244.66.242 - - [15/Dec/2021:10:14:23 +0100] "GET /robots.txt HTTP/1.1" 200 2438 "-" "Mozilla/5.0 (compatible; DotBot/1.2; +https://opensiteexplorer.org/dotbot; help@moz.com)"
192.102.204.55 - - [15/Dec/2021:10:20:18 +0100] "GET /images/mini_prod/1399984241820.jpg HTTP/1.1" 200 6560 "-" "Mozilla/5.0 (X11; Ubuntu; Linux x86_64; rv:72.0) Gecko/20100101 Firefox/72.0"
40.77.167.66 - - [15/Dec/2021:10:24:58 +0100] "GET /images/3599990859158.jpg HTTP/1.1" 200 37813 "-" "Mozilla/5.0 (compatible; bingbot/2.0; +http://www.bing.com/bingbot.htm)"
157.55.39.228 - - [15/Dec/2021:10:26:09 +0100] "GET /images/big_prod/8001011166282.jpg HTTP/1.1" 200 147389 "-" "Mozilla/5.0 (compatible; bingbot/2.0; +http://www.bing.com/bingbot.htm)"
20.99.156.128 - - [15/Dec/2021:10:29:43 +0100] "GET /images/big_prod/3520071699424.jpg HTTP/1.1" 200 49006 "-" "Mozilla/4.0 (compatible; MSIE 7.0; Windows NT 6.0)"
109.73.36.242 - - [15/Dec/2021:10:30:10 +0100] "GET /highslide/highslide.js HTTP/1.1" 200 42909 "http://www.wonder-geek.com/harley-davidson-parking-only-metal-plate-p-23299.html" "Mozilla/5.0 (Windows NT 10.0; Win64; x64) AppleWebKit/537.36 (KHTML, like Gecko) Chrome/94.0.4606.81 Safari/537.36 OPR/80.0.4170.63"
109.73.36.242 - - [15/Dec/2021:10:30:10 +0100] "GET /js/jquery.jqzoom.js HTTP/1.1" 200 4761 "http://www.wonder-geek.com/harley-davidson-parking-only-metal-plate-p-23299.html" "Mozilla/5.0 (Windows NT 10.0; Win64; x64) AppleWebKit/537.36 (KHTML, like Gecko) Chrome/94.0.4606.81 Safari/537.36 OPR/80.0.4170.63"
109.73.36.242 - - [15/Dec/2021:10:30:10 +0100] "GET /templates/Pixame_v1/stylesheet.css HTTP/1.1" 200 56057 "http://www.wonder-geek.com/harley-davidson-parking-only-metal-plate-p-23299.html" "Mozilla/5.0 (Windows NT 10.0; Win64; x64) AppleWebKit/537.36 (KHTML, like Gecko) Chrome/94.0.4606.81 Safari/537.36 OPR/80.0.4170.63"
109.73.36.242 - - [15/Dec/2021:10:30:10 +0100] "GET /js/jquery.js HTTP/1.1" 200 54075 "http://www.wonder-geek.com/harley-davidson-parking-only-metal-plate-p-23299.html" "Mozilla/5.0 (Windows NT 10.0; Win64; x64) AppleWebKit/537.36 (KHTML, like Gecko) Chrome/94.0.4606.81 Safari/537.36 OPR/80.0.4170.63"
109.73.36.242 - - [15/Dec/2021:10:30:10 +0100] "GET /mondial_relay/js/jquery-1.3.2.min.js HTTP/1.1" 200 57254 "http://www.wonder-geek.com/harley-davidson-parking-only-metal-plate-p-23299.html" "Mozilla/5.0 (Windows NT 10.0; Win64; x64) AppleWebKit/537.36 (KHTML, like Gecko) Chrome/94.0.4606.81 Safari/537.36 OPR/80.0.4170.63"
109.73.36.242 - - [15/Dec/2021:10:30:10 +0100] "GET /templates/Pixame_v1/images/icon_accueil2.png HTTP/1.1" 200 1137 "http://www.wonder-geek.com/harley-davidson-parking-only-metal-plate-p-23299.html" "Mozilla/5.0 (Windows NT 10.0; Win64; x64) AppleWebKit/537.36 (KHTML, like Gecko) Chrome/94.0.4606.81 Safari/537.36 OPR/80.0.4170.63"
109.73.36.242 - - [15/Dec/2021:10:30:11 +0100] "GET /templates/Pixame_v1/images/buttons/english/button_in_cart.gif HTTP/1.1" 200 1212 "http://www.wonder-geek.com/harley-davidson-parking-only-metal-plate-p-23299.html" "Mozilla/5.0 (Windows NT 10.0; Win64; x64) AppleWebKit/537.36 (KHTML, like Gecko) Chrome/94.0.4606.81 Safari/537.36 OPR/80.0.4170.63"
109.73.36.242 - - [15/Dec/2021:10:30:11 +0100] "GET /templates/Pixame_v1/images/nav.png HTTP/1.1" 200 1283 "http://www.wonder-geek.com/templates/Pixame_v1/stylesheet.css" "Mozilla/5.0 (Windows NT 10.0; Win64; x64) AppleWebKit/537.36 (KHTML, like Gecko) Chrome/94.0.4606.81 Safari/537.36 OPR/80.0.4170.63"
109.73.36.242 - - [15/Dec/2021:10:30:11 +0100] "GET /templates/Pixame_v1/images/Bottom_texture.jpg HTTP/1.1" 200 56290 "http://www.wonder-geek.com/templates/Pixame_v1/stylesheet.css" "Mozilla/5.0 (Windows NT 10.0; Win64; x64) AppleWebKit/537.36 (KHTML, like Gecko) Chrome/94.0.4606.81 Safari/537.36 OPR/80.0.4170.63"
109.73.36.242 - - [15/Dec/2021:10:30:11 +0100] "GET /templates/Pixame_v1/images/header.png HTTP/1.1" 200 70245 "http://www.wonder-geek.com/templates/Pixame_v1/stylesheet.css" "Mozilla/5.0 (Windows NT 10.0; Win64; x64) AppleWebKit/537.36 (KHTML, like Gecko) Chrome/94.0.4606.81 Safari/537.36 OPR/80.0.4170.63"
109.73.36.242 - - [15/Dec/2021:10:30:11 +0100] "GET /design/productsenstock.png HTTP/1.1" 200 4743 "http://www.wonder-geek.com/templates/Pixame_v1/stylesheet.css" "Mozilla/5.0 (Windows NT 10.0; Win64; x64) AppleWebKit/537.36 (KHTML, like Gecko) Chrome/94.0.4606.81 Safari/537.36 OPR/80.0.4170.63"
109.73.36.242 - - [15/Dec/2021:10:30:11 +0100] "GET /templates/Pixame_v1/images/header-object.png HTTP/1.1" 200 106050 "http://www.wonder-geek.com/templates/Pixame_v1/stylesheet.css" "Mozilla/5.0 (Windows NT 10.0; Win64; x64) AppleWebKit/537.36 (KHTML, like Gecko) Chrome/94.0.4606.81 Safari/537.36 OPR/80.0.4170.63"
109.73.36.242 - - [15/Dec/2021:10:30:11 +0100] "GET /images/big_prod/4036113261171.jpg HTTP/1.1" 200 133773 "http://www.wonder-geek.com/harley-davidson-parking-only-metal-plate-p-23299.html" "Mozilla/5.0 (Windows NT 10.0; Win64; x64) AppleWebKit/537.36 (KHTML, like Gecko) Chrome/94.0.4606.81 Safari/537.36 OPR/80.0.4170.63"
109.73.36.242 - - [15/Dec/2021:10:30:12 +0100] "GET /templates/Pixame_v1/images/Middle_texture.jpg HTTP/1.1" 200 249620 "http://www.wonder-geek.com/templates/Pixame_v1/stylesheet.css" "Mozilla/5.0 (Windows NT 10.0; Win64; x64) AppleWebKit/537.36 (KHTML, like Gecko) Chrome/94.0.4606.81 Safari/537.36 OPR/80.0.4170.63"
109.73.36.242 - - [15/Dec/2021:10:30:12 +0100] "GET /highslide/graphics/outlines/drop-shadow.png HTTP/1.1" 200 2022 "http://www.wonder-geek.com/harley-davidson-parking-only-metal-plate-p-23299.html" "Mozilla/5.0 (Windows NT 10.0; Win64; x64) AppleWebKit/537.36 (KHTML, like Gecko) Chrome/94.0.4606.81 Safari/537.36 OPR/80.0.4170.63"
109.73.36.242 - - [15/Dec/2021:10:30:12 +0100] "GET /favicon.ico HTTP/1.1" 200 1591 "http://www.wonder-geek.com/harley-davidson-parking-only-metal-plate-p-23299.html" "Mozilla/5.0 (Windows NT 10.0; Win64; x64) AppleWebKit/537.36 (KHTML, like Gecko) Chrome/94.0.4606.81 Safari/537.36 OPR/80.0.4170.63"
66.249.93.249 - - [15/Dec/2021:10:30:28 +0100] "GET /images/med_prod/3520071345581.jpg HTTP/1.1" 200 135255 "-" "Mozilla/5.0 (Windows NT 5.1; rv:11.0) Gecko Firefox/11.0 (via ggpht.com GoogleImageProxy)"
64.233.173.243 - - [15/Dec/2021:10:31:27 +0100] "GET /images/big_prod_1/3660173208824a.jpg HTTP/1.1" 200 72730 "-" "Mozilla/5.0 (Windows NT 5.1; rv:11.0) Gecko Firefox/11.0 (via ggpht.com GoogleImageProxy)"
157.55.39.125 - - [15/Dec/2021:10:32:25 +0100] "GET /images/big_prod_1/3700407618576B.jpg HTTP/1.1" 200 75441 "-" "Mozilla/5.0 (compatible; bingbot/2.0; +http://www.bing.com/bingbot.htm)"
42.105.24.196 - - [15/Dec/2021:10:32:50 +0100] "GET /images/big_prod_1/b8435333807804.jpg HTTP/1.1" 200 86824 "-" "com.google.android.apps.searchlite/68789 (Linux; U; Android 9; en_IN; SM-J701F; Build/PPR1.180610.011; Cronet/91.0.4472.164)"
20.99.156.92 - - [15/Dec/2021:10:33:17 +0100] "GET /images/B12618.jpg HTTP/1.1" 200 22702 "-" "Mozilla/5.0 (Windows NT 6.1; WOW64) AppleWebKit/537.36 (KHTML, like Gecko) Chrome/45.0.2454.101 Safari/537.36"
113.124.217.37 - - [15/Dec/2021:10:34:19 +0100] "GET /robots.txt HTTP/1.1" 200 2438 "-" "Mozilla/5.0 (Macintosh; Intel Mac OS X 10_13_5) AppleWebKit/537.36 (KHTML, like Gecko) Chrome/69.0.3497.100 Safari/537.36"
185.191.171.4 - - [15/Dec/2021:10:36:54 +0100] "GET /robots.txt HTTP/1.1" 200 2438 "-" "Mozilla/5.0 (compatible; SemrushBot/7~bl; +http://www.semrush.com/bot.html)"
20.99.156.109 - - [15/Dec/2021:10:38:49 +0100] "GET /images/big_prod/1300000021944.jpg HTTP/1.1" 200 36213 "-" "Mozilla/5.0 (Windows NT 10.0; WOW64) AppleWebKit/537.36 (KHTML, like Gecko) Chrome/67.0.3396.99 Safari/537.36"
157.55.39.125 - - [15/Dec/2021:10:38:55 +0100] "GET /images/1399984259993.jpg HTTP/1.1" 200 122158 "-" "Mozilla/5.0 (compatible; bingbot/2.0; +http://www.bing.com/bingbot.htm)"
157.55.39.125 - - [15/Dec/2021:10:40:05 +0100] "GET /images/3438100317129.jpg HTTP/1.1" 200 26740 "-" "Mozilla/5.0 (compatible; bingbot/2.0; +http://www.bing.com/bingbot.htm)"
64.233.173.243 - - [15/Dec/2021:10:40:46 +0100] "GET /images/big_prod_2/8424001641178b.jpg HTTP/1.1" 200 83162 "-" "Mozilla/5.0 (Windows NT 5.1; rv:11.0) Gecko Firefox/11.0 (via ggpht.com GoogleImageProxy)"
64.233.173.243 - - [15/Dec/2021:10:41:07 +0100] "GET /images/big_prod/8424001641178.jpg HTTP/1.1" 200 72356 "-" "Mozilla/5.0 (Windows NT 5.1; rv:11.0) Gecko Firefox/11.0 (via ggpht.com GoogleImageProxy)"
77.75.78.163 - - [15/Dec/2021:10:41:41 +0100] "GET /robots.txt HTTP/1.1" 200 2438 "-" "Mozilla/5.0 (compatible; SeznamBot/3.2; +http://napoveda.seznam.cz/en/seznambot-intro/)"
20.99.156.128 - - [15/Dec/2021:10:42:35 +0100] "GET /images/DSCN4048b.jpg HTTP/1.1" 200 25481 "-" "Mozilla/5.0 (X11; Linux x86_64) AppleWebKit/537.36 (KHTML, like Gecko) Chrome/62.0.3202.62 Safari/537.36"
66.249.70.70 - - [15/Dec/2021:10:43:05 +0100] "GET /images/big_prod/8422060206000.jpg HTTP/1.1" 200 78104 "-" "Googlebot-Image/1.0"
157.55.39.125 - - [15/Dec/2021:10:47:07 +0100] "GET /images/DSCN4698.jpg HTTP/1.1" 200 16150 "-" "Mozilla/5.0 (compatible; bingbot/2.0; +http://www.bing.com/bingbot.htm)"
207.46.13.52 - - [15/Dec/2021:10:47:17 +0100] "GET /images/big_prod/8719497611911.jpg HTTP/1.1" 200 54997 "-" "Mozilla/5.0 (compatible; bingbot/2.0; +http://www.bing.com/bingbot.htm)"
157.55.39.223 - - [15/Dec/2021:10:48:04 +0100] "GET /images/big_prod_2/8424345932369C.jpg HTTP/1.1" 200 47195 "-" "Mozilla/5.0 (compatible; bingbot/2.0; +http://www.bing.com/bingbot.htm)"
40.77.167.66 - - [15/Dec/2021:10:48:40 +0100] "GET /images/med_prod/b8422535846281.jpg HTTP/1.1" 200 142057 "-" "Mozilla/5.0 (compatible; bingbot/2.0; +http://www.bing.com/bingbot.htm)"
20.99.155.218 - - [15/Dec/2021:10:49:31 +0100] "GET /images/big_prod/3609810079731.jpg HTTP/1.1" 200 57537 "-" "Mozilla/5.0 (Windows NT 10.0; WOW64) AppleWebKit/537.36 (KHTML, like Gecko) Chrome/64.0.3282.186 Safari/537.36"
157.55.39.115 - - [15/Dec/2021:10:49:41 +0100] "GET /robots.txt HTTP/1.1" 200 2438 "-" "Mozilla/5.0 (compatible; bingbot/2.0; +http://www.bing.com/bingbot.htm)"
157.55.39.223 - - [15/Dec/2021:10:49:44 +0100] "GET /images/pyjama2009dbzbleu.jpg HTTP/1.1" 200 18566 "-" "Mozilla/5.0 (compatible; bingbot/2.0; +http://www.bing.com/bingbot.htm)"
45.76.250.213 - - [15/Dec/2021:10:51:10 +0100] "GET /images/mini_prod/3503420132834.jpg HTTP/1.1" 200 5202 "-" "Mozilla/5.0 (X11; Ubuntu; Linux x86_64; rv:72.0) Gecko/20100101 Firefox/72.0"
216.244.66.242 - - [15/Dec/2021:10:57:43 +0100] "GET /robots.txt HTTP/1.1" 200 2438 "-" "Mozilla/5.0 (compatible; DotBot/1.2; +https://opensiteexplorer.org/dotbot; help@moz.com)"
157.55.39.223 - - [15/Dec/2021:11:01:45 +0100] "GET /images/mini_prod/8427787039368.jpg HTTP/1.1" 200 8109 "-" "Mozilla/5.0 (compatible; bingbot/2.0; +http://www.bing.com/bingbot.htm)"
20.99.155.218 - - [15/Dec/2021:11:03:21 +0100] "GET /images/big_prod/8422010194807.jpg HTTP/1.1" 200 65564 "-" "Mozilla/5.0 (Windows NT 6.1; WOW64) AppleWebKit/537.36 (KHTML, like Gecko) Chrome/45.0.2454.101 Safari/537.36"
20.99.156.128 - - [15/Dec/2021:11:05:12 +0100] "GET /images/big_prod_3/242BFc.jpg HTTP/1.1" 200 78863 "-" "Mozilla/5.0 (Windows NT 10.0; WOW64) AppleWebKit/537.36 (KHTML, like Gecko) Chrome/67.0.3396.99 Safari/537.36"
157.55.39.125 - - [15/Dec/2021:11:06:38 +0100] "GET /images/med_prod/3681643111185.jpg HTTP/1.1" 200 116984 "-" "Mozilla/5.0 (compatible; bingbot/2.0; +http://www.bing.com/bingbot.htm)"
144.202.100.211 - - [15/Dec/2021:11:06:53 +0100] "GET /images/mini_prod/3574642575150.jpg HTTP/1.1" 200 6351 "-" "Mozilla/5.0 (X11; Ubuntu; Linux x86_64; rv:72.0) Gecko/20100101 Firefox/72.0"
20.99.156.33 - - [15/Dec/2021:11:08:34 +0100] "GET /images/8033667001167.jpg HTTP/1.1" 200 64456 "-" "Mozilla/5.0 (Windows NT 10.0; ) Gecko/20100101 Firefox/61.0"
157.55.39.228 - - [15/Dec/2021:11:09:13 +0100] "GET /images/8849233801242.jpg HTTP/1.1" 200 26141 "-" "Mozilla/5.0 (compatible; bingbot/2.0; +http://www.bing.com/bingbot.htm)"
222.252.35.40 - - [15/Dec/2021:11:11:56 +0100] "GET /highslide/highslide.js HTTP/1.1" 200 42909 "http://www.wonder-geek.com/water-hyacinth-table-lamp-p-55246.html" "Mozilla/5.0 (Windows NT 6.1; WOW64) AppleWebKit/537.36 (KHTML, like Gecko) coc_coc_browser/82.0.144 Chrome/76.0.3809.144 Safari/537.36"
222.252.35.40 - - [15/Dec/2021:11:11:56 +0100] "GET /templates/Pixame_v1/stylesheet.css HTTP/1.1" 200 56057 "http://www.wonder-geek.com/water-hyacinth-table-lamp-p-55246.html" "Mozilla/5.0 (Windows NT 6.1; WOW64) AppleWebKit/537.36 (KHTML, like Gecko) coc_coc_browser/82.0.144 Chrome/76.0.3809.144 Safari/537.36"
222.252.35.40 - - [15/Dec/2021:11:11:57 +0100] "GET /js/jquery.js HTTP/1.1" 200 54075 "http://www.wonder-geek.com/water-hyacinth-table-lamp-p-55246.html" "Mozilla/5.0 (Windows NT 6.1; WOW64) AppleWebKit/537.36 (KHTML, like Gecko) coc_coc_browser/82.0.144 Chrome/76.0.3809.144 Safari/537.36"
222.252.35.40 - - [15/Dec/2021:11:11:57 +0100] "GET /js/jquery.jqzoom.js HTTP/1.1" 200 4761 "http://www.wonder-geek.com/water-hyacinth-table-lamp-p-55246.html" "Mozilla/5.0 (Windows NT 6.1; WOW64) AppleWebKit/537.36 (KHTML, like Gecko) coc_coc_browser/82.0.144 Chrome/76.0.3809.144 Safari/537.36"
222.252.35.40 - - [15/Dec/2021:11:11:57 +0100] "GET /mondial_relay/js/jquery-1.3.2.min.js HTTP/1.1" 200 57254 "http://www.wonder-geek.com/water-hyacinth-table-lamp-p-55246.html" "Mozilla/5.0 (Windows NT 6.1; WOW64) AppleWebKit/537.36 (KHTML, like Gecko) coc_coc_browser/82.0.144 Chrome/76.0.3809.144 Safari/537.36"
222.252.35.40 - - [15/Dec/2021:11:11:58 +0100] "GET /templates/Pixame_v1/images/icon_accueil2.png HTTP/1.1" 200 1137 "http://www.wonder-geek.com/water-hyacinth-table-lamp-p-55246.html" "Mozilla/5.0 (Windows NT 6.1; WOW64) AppleWebKit/537.36 (KHTML, like Gecko) coc_coc_browser/82.0.144 Chrome/76.0.3809.144 Safari/537.36"
222.252.35.40 - - [15/Dec/2021:11:11:59 +0100] "GET /templates/Pixame_v1/images/Bottom_texture.jpg HTTP/1.1" 200 56290 "http://www.wonder-geek.com/templates/Pixame_v1/stylesheet.css" "Mozilla/5.0 (Windows NT 6.1; WOW64) AppleWebKit/537.36 (KHTML, like Gecko) coc_coc_browser/82.0.144 Chrome/76.0.3809.144 Safari/537.36"
222.252.35.40 - - [15/Dec/2021:11:12:00 +0100] "GET /templates/Pixame_v1/images/header.png HTTP/1.1" 200 70245 "http://www.wonder-geek.com/templates/Pixame_v1/stylesheet.css" "Mozilla/5.0 (Windows NT 6.1; WOW64) AppleWebKit/537.36 (KHTML, like Gecko) coc_coc_browser/82.0.144 Chrome/76.0.3809.144 Safari/537.36"
222.252.35.40 - - [15/Dec/2021:11:12:00 +0100] "GET /images/big_prod/8445148004237.jpg HTTP/1.1" 200 190288 "http://www.wonder-geek.com/water-hyacinth-table-lamp-p-55246.html" "Mozilla/5.0 (Windows NT 6.1; WOW64) AppleWebKit/537.36 (KHTML, like Gecko) coc_coc_browser/82.0.144 Chrome/76.0.3809.144 Safari/537.36"
222.252.35.40 - - [15/Dec/2021:11:12:00 +0100] "GET /templates/Pixame_v1/images/nav.png HTTP/1.1" 200 1283 "http://www.wonder-geek.com/templates/Pixame_v1/stylesheet.css" "Mozilla/5.0 (Windows NT 6.1; WOW64) AppleWebKit/537.36 (KHTML, like Gecko) coc_coc_browser/82.0.144 Chrome/76.0.3809.144 Safari/537.36"
222.252.35.40 - - [15/Dec/2021:11:12:00 +0100] "GET /templates/Pixame_v1/images/header-object.png HTTP/1.1" 200 106050 "http://www.wonder-geek.com/templates/Pixame_v1/stylesheet.css" "Mozilla/5.0 (Windows NT 6.1; WOW64) AppleWebKit/537.36 (KHTML, like Gecko) coc_coc_browser/82.0.144 Chrome/76.0.3809.144 Safari/537.36"
222.252.35.40 - - [15/Dec/2021:11:12:01 +0100] "GET /templates/Pixame_v1/images/Middle_texture.jpg HTTP/1.1" 200 249620 "http://www.wonder-geek.com/templates/Pixame_v1/stylesheet.css" "Mozilla/5.0 (Windows NT 6.1; WOW64) AppleWebKit/537.36 (KHTML, like Gecko) coc_coc_browser/82.0.144 Chrome/76.0.3809.144 Safari/537.36"
222.252.35.40 - - [15/Dec/2021:11:12:01 +0100] "GET /design/productsenstock.png HTTP/1.1" 200 4743 "http://www.wonder-geek.com/templates/Pixame_v1/stylesheet.css" "Mozilla/5.0 (Windows NT 6.1; WOW64) AppleWebKit/537.36 (KHTML, like Gecko) coc_coc_browser/82.0.144 Chrome/76.0.3809.144 Safari/537.36"
222.252.35.40 - - [15/Dec/2021:11:12:01 +0100] "GET /images/big_prod_2/8445148004237b.jpg HTTP/1.1" 200 138070 "http://www.wonder-geek.com/water-hyacinth-table-lamp-p-55246.html" "Mozilla/5.0 (Windows NT 6.1; WOW64) AppleWebKit/537.36 (KHTML, like Gecko) coc_coc_browser/82.0.144 Chrome/76.0.3809.144 Safari/537.36"
222.252.35.40 - - [15/Dec/2021:11:12:01 +0100] "GET /images/big_prod_1/8445148004237a.jpg HTTP/1.1" 200 174005 "http://www.wonder-geek.com/water-hyacinth-table-lamp-p-55246.html" "Mozilla/5.0 (Windows NT 6.1; WOW64) AppleWebKit/537.36 (KHTML, like Gecko) coc_coc_browser/82.0.144 Chrome/76.0.3809.144 Safari/537.36"
222.252.35.40 - - [15/Dec/2021:11:12:01 +0100] "GET /templates/Pixame_v1/images/buttons/english/button_in_cart.gif HTTP/1.1" 200 1212 "http://www.wonder-geek.com/water-hyacinth-table-lamp-p-55246.html" "Mozilla/5.0 (Windows NT 6.1; WOW64) AppleWebKit/537.36 (KHTML, like Gecko) coc_coc_browser/82.0.144 Chrome/76.0.3809.144 Safari/537.36"
222.252.35.40 - - [15/Dec/2021:11:12:02 +0100] "GET /images/big_prod_3/8445148004237c.jpg HTTP/1.1" 200 317965 "http://www.wonder-geek.com/water-hyacinth-table-lamp-p-55246.html" "Mozilla/5.0 (Windows NT 6.1; WOW64) AppleWebKit/537.36 (KHTML, like Gecko) coc_coc_browser/82.0.144 Chrome/76.0.3809.144 Safari/537.36"
222.252.35.40 - - [15/Dec/2021:11:12:02 +0100] "GET /highslide/graphics/outlines/drop-shadow.png HTTP/1.1" 200 2022 "http://www.wonder-geek.com/water-hyacinth-table-lamp-p-55246.html" "Mozilla/5.0 (Windows NT 6.1; WOW64) AppleWebKit/537.36 (KHTML, like Gecko) coc_coc_browser/82.0.144 Chrome/76.0.3809.144 Safari/537.36"
222.252.35.40 - - [15/Dec/2021:11:12:02 +0100] "GET /favicon.ico HTTP/1.1" 200 1591 "http://www.wonder-geek.com/water-hyacinth-table-lamp-p-55246.html" "Mozilla/5.0 (Windows NT 6.1; WOW64) AppleWebKit/537.36 (KHTML, like Gecko) coc_coc_browser/82.0.144 Chrome/76.0.3809.144 Safari/537.36"
144.202.98.39 - - [15/Dec/2021:11:13:43 +0100] "GET /images/mini_prod/3453131146241.jpg HTTP/1.1" 200 6277 "-" "Mozilla/5.0 (X11; Ubuntu; Linux x86_64; rv:72.0) Gecko/20100101 Firefox/72.0"
159.75.102.74 - - [15/Dec/2021:11:17:36 +0100] "GET /images/mini_prod/3014627769278.jpg HTTP/1.1" 200 6606 "-" "Mozilla/5.0 (X11; Ubuntu; Linux x86_64; rv:72.0) Gecko/20100101 Firefox/72.0"
207.46.13.52 - - [15/Dec/2021:11:18:40 +0100] "GET /images/8003990628133.jpg HTTP/1.1" 200 41035 "-" "Mozilla/5.0 (compatible; bingbot/2.0; +http://www.bing.com/bingbot.htm)"
106.52.131.116 - - [15/Dec/2021:11:20:45 +0100] "GET /images/mini_prod/8435306215780.jpg HTTP/1.1" 200 6366 "-" "Mozilla/5.0 (X11; Ubuntu; Linux x86_64; rv:72.0) Gecko/20100101 Firefox/72.0"
157.55.39.125 - - [15/Dec/2021:11:23:21 +0100] "GET /images/med_prod/8435306288548.jpg HTTP/1.1" 200 62514 "-" "Mozilla/5.0 (compatible; bingbot/2.0; +http://www.bing.com/bingbot.htm)"
36.110.199.136 - - [15/Dec/2021:11:25:57 +0100] "GET /images/mini_prod/DSCN6253.jpg HTTP/1.1" 200 5623 "-" "Mozilla/5.0"
144.202.98.39 - - [15/Dec/2021:11:27:01 +0100] "GET /images/mini_prod/1399984264287.jpg HTTP/1.1" 200 6918 "-" "Mozilla/5.0 (X11; Ubuntu; Linux x86_64; rv:72.0) Gecko/20100101 Firefox/72.0"
52.149.21.87 - - [15/Dec/2021:11:27:32 +0100] "GET /images/big_prod_1/4029811390830B.jpg HTTP/1.1" 200 101472 "-" "Mozilla/4.0 (compatible; MSIE 7.0; Windows NT 6.0)"
20.99.156.109 - - [15/Dec/2021:11:30:09 +0100] "GET /images/big_prod/3503420208263.jpg HTTP/1.1" 200 102596 "-" "Mozilla/5.0 (Macintosh; U; PPC Mac OS X 10.5; en-US; rv:1.9.2.15) Gecko/20110303 Firefox/3.6.15"
157.97.173.108 - - [15/Dec/2021:11:32:45 +0100] "GET /js/jquery.jqzoom.js HTTP/1.1" 200 4761 "http://www.wonder-geek.com/dragon-ball-orange-training-bottle-p-31196.html" "Mozilla/5.0 (Windows NT 10.0; Win64; x64) AppleWebKit/537.36 (KHTML, like Gecko) Chrome/96.0.4664.110 Safari/537.36"
157.97.173.108 - - [15/Dec/2021:11:32:45 +0100] "GET /highslide/highslide.js HTTP/1.1" 200 42909 "http://www.wonder-geek.com/dragon-ball-orange-training-bottle-p-31196.html" "Mozilla/5.0 (Windows NT 10.0; Win64; x64) AppleWebKit/537.36 (KHTML, like Gecko) Chrome/96.0.4664.110 Safari/537.36"
157.97.173.108 - - [15/Dec/2021:11:32:45 +0100] "GET /templates/Pixame_v1/stylesheet.css HTTP/1.1" 200 56057 "http://www.wonder-geek.com/dragon-ball-orange-training-bottle-p-31196.html" "Mozilla/5.0 (Windows NT 10.0; Win64; x64) AppleWebKit/537.36 (KHTML, like Gecko) Chrome/96.0.4664.110 Safari/537.36"
157.97.173.108 - - [15/Dec/2021:11:32:45 +0100] "GET /js/jquery.js HTTP/1.1" 200 54075 "http://www.wonder-geek.com/dragon-ball-orange-training-bottle-p-31196.html" "Mozilla/5.0 (Windows NT 10.0; Win64; x64) AppleWebKit/537.36 (KHTML, like Gecko) Chrome/96.0.4664.110 Safari/537.36"
157.97.173.108 - - [15/Dec/2021:11:32:45 +0100] "GET /mondial_relay/js/jquery-1.3.2.min.js HTTP/1.1" 200 57254 "http://www.wonder-geek.com/dragon-ball-orange-training-bottle-p-31196.html" "Mozilla/5.0 (Windows NT 10.0; Win64; x64) AppleWebKit/537.36 (KHTML, like Gecko) Chrome/96.0.4664.110 Safari/537.36"
157.97.173.108 - - [15/Dec/2021:11:32:45 +0100] "GET /templates/Pixame_v1/images/icon_accueil2.png HTTP/1.1" 200 1137 "http://www.wonder-geek.com/dragon-ball-orange-training-bottle-p-31196.html" "Mozilla/5.0 (Windows NT 10.0; Win64; x64) AppleWebKit/537.36 (KHTML, like Gecko) Chrome/96.0.4664.110 Safari/537.36"
157.97.173.108 - - [15/Dec/2021:11:32:45 +0100] "GET /templates/Pixame_v1/images/nav.png HTTP/1.1" 200 1283 "http://www.wonder-geek.com/templates/Pixame_v1/stylesheet.css" "Mozilla/5.0 (Windows NT 10.0; Win64; x64) AppleWebKit/537.36 (KHTML, like Gecko) Chrome/96.0.4664.110 Safari/537.36"
157.97.173.108 - - [15/Dec/2021:11:32:45 +0100] "GET /templates/Pixame_v1/images/Bottom_texture.jpg HTTP/1.1" 200 56290 "http://www.wonder-geek.com/templates/Pixame_v1/stylesheet.css" "Mozilla/5.0 (Windows NT 10.0; Win64; x64) AppleWebKit/537.36 (KHTML, like Gecko) Chrome/96.0.4664.110 Safari/537.36"
157.97.173.108 - - [15/Dec/2021:11:32:45 +0100] "GET /templates/Pixame_v1/images/header.png HTTP/1.1" 200 70245 "http://www.wonder-geek.com/templates/Pixame_v1/stylesheet.css" "Mozilla/5.0 (Windows NT 10.0; Win64; x64) AppleWebKit/537.36 (KHTML, like Gecko) Chrome/96.0.4664.110 Safari/537.36"
157.97.173.108 - - [15/Dec/2021:11:32:45 +0100] "GET /design/productsenstock.png HTTP/1.1" 200 4743 "http://www.wonder-geek.com/templates/Pixame_v1/stylesheet.css" "Mozilla/5.0 (Windows NT 10.0; Win64; x64) AppleWebKit/537.36 (KHTML, like Gecko) Chrome/96.0.4664.110 Safari/537.36"
157.97.173.108 - - [15/Dec/2021:11:32:45 +0100] "GET /templates/Pixame_v1/images/header-object.png HTTP/1.1" 200 106050 "http://www.wonder-geek.com/templates/Pixame_v1/stylesheet.css" "Mozilla/5.0 (Windows NT 10.0; Win64; x64) AppleWebKit/537.36 (KHTML, like Gecko) Chrome/96.0.4664.110 Safari/537.36"
157.97.173.108 - - [15/Dec/2021:11:32:45 +0100] "GET /templates/Pixame_v1/images/Middle_texture.jpg HTTP/1.1" 200 249620 "http://www.wonder-geek.com/templates/Pixame_v1/stylesheet.css" "Mozilla/5.0 (Windows NT 10.0; Win64; x64) AppleWebKit/537.36 (KHTML, like Gecko) Chrome/96.0.4664.110 Safari/537.36"
157.97.173.108 - - [15/Dec/2021:11:32:46 +0100] "GET /highslide/graphics/outlines/drop-shadow.png HTTP/1.1" 200 2022 "http://www.wonder-geek.com/dragon-ball-orange-training-bottle-p-31196.html" "Mozilla/5.0 (Windows NT 10.0; Win64; x64) AppleWebKit/537.36 (KHTML, like Gecko) Chrome/96.0.4664.110 Safari/537.36"
157.97.173.108 - - [15/Dec/2021:11:32:46 +0100] "GET /favicon.ico HTTP/1.1" 200 1591 "http://www.wonder-geek.com/dragon-ball-orange-training-bottle-p-31196.html" "Mozilla/5.0 (Windows NT 10.0; Win64; x64) AppleWebKit/537.36 (KHTML, like Gecko) Chrome/96.0.4664.110 Safari/537.36"
20.99.156.41 - - [15/Dec/2021:11:35:10 +0100] "GET /images/big_prod/3503420028274.jpg HTTP/1.1" 200 66405 "-" "Mozilla/5.0 (Windows NT 6.1; WOW64) AppleWebKit/537.36 (KHTML, like Gecko) Chrome/45.0.2454.101 Safari/537.36"
185.191.171.7 - - [15/Dec/2021:11:37:01 +0100] "GET /robots.txt HTTP/1.1" 200 2438 "-" "Mozilla/5.0 (compatible; SemrushBot/7~bl; +http://www.semrush.com/bot.html)"
144.202.98.39 - - [15/Dec/2021:11:37:16 +0100] "GET /images/mini_prod/1399984239810.jpg HTTP/1.1" 200 5187 "-" "Mozilla/5.0 (X11; Ubuntu; Linux x86_64; rv:72.0) Gecko/20100101 Firefox/72.0"
45.76.250.213 - - [15/Dec/2021:11:38:37 +0100] "GET /images/mini_prod/8421440076059.jpg HTTP/1.1" 200 9662 "-" "Mozilla/5.0 (X11; Ubuntu; Linux x86_64; rv:72.0) Gecko/20100101 Firefox/72.0"
40.77.167.66 - - [15/Dec/2021:11:41:14 +0100] "GET /images/3660173161402.jpg HTTP/1.1" 200 35165 "-" "Mozilla/5.0 (compatible; bingbot/2.0; +http://www.bing.com/bingbot.htm)"
216.244.66.242 - - [15/Dec/2021:11:42:26 +0100] "GET /robots.txt HTTP/1.1" 200 2438 "-" "Mozilla/5.0 (compatible; DotBot/1.2; +https://opensiteexplorer.org/dotbot; help@moz.com)"
5.255.253.187 - - [15/Dec/2021:11:42:45 +0100] "GET /robots.txt HTTP/1.1" 200 2438 "-" "Mozilla/5.0 (compatible; YandexBot/3.0; +http://yandex.com/bots)"
20.99.156.67 - - [15/Dec/2021:11:45:10 +0100] "GET /images/big_prod/5050293850245.jpg HTTP/1.1" 200 113763 "-" "Mozilla/5.0 (Windows NT 6.1; WOW64) AppleWebKit/537.36 (KHTML, like Gecko) Chrome/45.0.2454.101 Safari/537.36"
20.99.155.232 - - [15/Dec/2021:11:45:25 +0100] "GET /images/big_prod/4029811344390.jpg HTTP/1.1" 200 68515 "-" "Mozilla/5.0 (Windows NT 6.1; WOW64) AppleWebKit/537.36 (KHTML, like Gecko) Chrome/45.0.2454.101 Safari/537.36"
66.249.70.70 - - [15/Dec/2021:11:45:51 +0100] "GET /images/big_prod/8424346534753.jpg HTTP/1.1" 200 134101 "-" "Googlebot-Image/1.0"
