95.91.110.186 - - [23/Jan/2022:06:10:57 +0100] "GET /verity-rose-moonstruck-mirror-bag-p-29163.html HTTP/1.0" 301 73629 "-" "Mozilla/5.0 (compatible; MJ12bot/v1.4.8; http://mj12bot.com/)"
91.193.128.55 - - [23/Jan/2022:06:11:00 +0100] "GET /contact_us.php HTTP/1.0" 301 539 "http://wonder-geek.com/contact_us.php" "Mozilla/5.0 (Windows NT 6.1) AppleWebKit/537.36 (KHTML, like Gecko) Chrome/90.0.4430.93 Safari/537.36"
91.193.128.55 - - [23/Jan/2022:06:11:01 +0100] "GET /contact_us.php HTTP/1.0" 200 26238 "http://www.wonder-geek.com/contact_us.php" "Mozilla/5.0 (Windows NT 6.1) AppleWebKit/537.36 (KHTML, like Gecko) Chrome/90.0.4430.93 Safari/537.36"
91.193.128.55 - - [23/Jan/2022:06:11:01 +0100] "POST /contact_us.php?action=send HTTP/1.0" 200 26583 "http://www.wonder-geek.com/contact_us.php" "Mozilla/5.0 (Windows NT 6.1) AppleWebKit/537.36 (KHTML, like Gecko) Chrome/90.0.4430.93 Safari/537.36"
154.54.249.198 - - [23/Jan/2022:06:11:03 +0100] "GET /silver-leopard-statuette-p-54258.html HTTP/1.0" 200 70804 "-" "Mozilla/5.0 (compatible; Barkrowler/0.9; +https://babbar.tech/crawler)"
95.91.110.186 - - [23/Jan/2022:06:11:07 +0100] "GET /verity-rose-moonstruck-mirror-p-29163.html HTTP/1.0" 200 73533 "-" "Mozilla/5.0 (compatible; MJ12bot/v1.4.8; http://mj12bot.com/)"
54.36.148.243 - - [23/Jan/2022:06:11:11 +0100] "GET /night-light-p-26899.html HTTP/1.0" 200 73399 "-" "Mozilla/5.0 (compatible; AhrefsBot/7.0; +http://ahrefs.com/robot/)"
95.91.110.186 - - [23/Jan/2022:06:11:15 +0100] "GET /verity-rose-moonstruck-mirror-p-29163.html HTTP/1.0" 200 73533 "-" "Mozilla/5.0 (compatible; MJ12bot/v1.4.8; http://mj12bot.com/)"
154.54.249.198 - - [23/Jan/2022:06:11:19 +0100] "GET /silver-amethyst-brass-earrings-p-44961.html HTTP/1.0" 200 73491 "-" "Mozilla/5.0 (compatible; Barkrowler/0.9; +https://babbar.tech/crawler)"
95.91.110.186 - - [23/Jan/2022:06:11:24 +0100] "GET /verity-rose-pen-bonne-copine-p-29968.html HTTP/1.0" 301 70938 "-" "Mozilla/5.0 (compatible; MJ12bot/v1.4.8; http://mj12bot.com/)"
157.55.39.122 - - [23/Jan/2022:06:11:27 +0100] "GET /images/med_prod/1384010179550.jpg HTTP/1.0" 200 268 "-" "Mozilla/5.0 (compatible; bingbot/2.0; +http://www.bing.com/bingbot.htm)"
95.91.110.186 - - [23/Jan/2022:06:11:33 +0100] "GET /verity-rose-bonne-copine-p-29968.html HTTP/1.0" 200 70847 "-" "Mozilla/5.0 (compatible; MJ12bot/v1.4.8; http://mj12bot.com/)"
147.92.153.15 - - [23/Jan/2022:06:11:33 +0100] "GET /cotton-napkin-sold-individually-p-51264.html HTTP/1.0" 200 73521 "-" "Mozilla/5.0 (compatible; Linespider/1.1; +https://lin.ee/4dwXkTH)"
154.54.249.198 - - [23/Jan/2022:06:11:36 +0100] "GET /silver-amethyst-brass-earrings-p-44818.html HTTP/1.0" 200 73456 "-" "Mozilla/5.0 (compatible; Barkrowler/0.9; +https://babbar.tech/crawler)"
95.91.110.186 - - [23/Jan/2022:06:11:42 +0100] "GET /verity-rose-pen-ma-fille-amour-p-29965.html HTTP/1.0" 301 70947 "-" "Mozilla/5.0 (compatible; MJ12bot/v1.4.8; http://mj12bot.com/)"
95.91.110.186 - - [23/Jan/2022:06:11:49 +0100] "GET /verity-rose-fille-amour-p-29965.html HTTP/1.0" 200 70857 "-" "Mozilla/5.0 (compatible; MJ12bot/v1.4.8; http://mj12bot.com/)"
154.54.249.198 - - [23/Jan/2022:06:11:53 +0100] "GET /silver-moon-table-lamp-p-55266.html HTTP/1.0" 200 74192 "-" "Mozilla/5.0 (compatible; Barkrowler/0.9; +https://babbar.tech/crawler)"
95.91.110.186 - - [23/Jan/2022:06:11:58 +0100] "GET /verity-rose-pen-ma-meilleure-amie-p-29966.html HTTP/1.0" 301 70959 "-" "Mozilla/5.0 (compatible; MJ12bot/v1.4.8; http://mj12bot.com/)"
95.91.110.186 - - [23/Jan/2022:06:12:07 +0100] "GET /verity-rose-meilleure-amie-p-29966.html HTTP/1.0" 200 70866 "-" "Mozilla/5.0 (compatible; MJ12bot/v1.4.8; http://mj12bot.com/)"
154.54.249.198 - - [23/Jan/2022:06:12:09 +0100] "GET /pencil-cbkreation-p-50325.html HTTP/1.0" 200 73386 "-" "Mozilla/5.0 (compatible; Barkrowler/0.9; +https://babbar.tech/crawler)"
185.191.171.8 - - [23/Jan/2022:06:12:10 +0100] "GET /paris-tree-decoration-hanging-p-31812.html?action=add_product HTTP/1.0" 302 476 "-" "Mozilla/5.0 (compatible; SemrushBot/7~bl; +http://www.semrush.com/bot.html)"
95.91.110.186 - - [23/Jan/2022:06:12:18 +0100] "GET /verity-rose-pen-mon-stylo-p-29967.html HTTP/1.0" 301 70785 "-" "Mozilla/5.0 (compatible; MJ12bot/v1.4.8; http://mj12bot.com/)"
95.91.110.186 - - [23/Jan/2022:06:12:25 +0100] "GET /-p-29967.html HTTP/1.0" 200 70718 "-" "Mozilla/5.0 (compatible; MJ12bot/v1.4.8; http://mj12bot.com/)"
157.55.39.125 - - [23/Jan/2022:06:12:26 +0100] "GET /magnet-singing-tassen-made-germany-p-56781.html HTTP/1.0" 200 74408 "-" "Mozilla/5.0 (compatible; bingbot/2.0; +http://www.bing.com/bingbot.htm)"
154.54.249.198 - - [23/Jan/2022:06:12:26 +0100] "GET /pencil-cbkreation-p-50324.html HTTP/1.0" 200 73386 "-" "Mozilla/5.0 (compatible; Barkrowler/0.9; +https://babbar.tech/crawler)"
95.91.110.186 - - [23/Jan/2022:06:12:29 +0100] "GET /verity-rose-pen-perle-rare-p-29964.html HTTP/1.0" 301 70926 "-" "Mozilla/5.0 (compatible; MJ12bot/v1.4.8; http://mj12bot.com/)"
95.91.110.186 - - [23/Jan/2022:06:12:37 +0100] "GET /verity-rose-perle-rare-p-29964.html HTTP/1.0" 200 70837 "-" "Mozilla/5.0 (compatible; MJ12bot/v1.4.8; http://mj12bot.com/)"
154.54.249.198 - - [23/Jan/2022:06:12:43 +0100] "GET /pencil-cbkreation-p-43449.html HTTP/1.0" 200 73349 "-" "Mozilla/5.0 (compatible; Barkrowler/0.9; +https://babbar.tech/crawler)"
95.91.110.186 - - [23/Jan/2022:06:12:48 +0100] "GET /verity-rose-pen-une-maman-merveilleuse-p-29963.html HTTP/1.0" 301 70986 "-" "Mozilla/5.0 (compatible; MJ12bot/v1.4.8; http://mj12bot.com/)"
95.91.110.186 - - [23/Jan/2022:06:12:57 +0100] "GET /verity-rose-maman-merveilleuse-p-29963.html HTTP/1.0" 200 70889 "-" "Mozilla/5.0 (compatible; MJ12bot/v1.4.8; http://mj12bot.com/)"
154.54.249.198 - - [23/Jan/2022:06:13:00 +0100] "GET /pencil-cbkreation-p-43446.html HTTP/1.0" 200 73350 "-" "Mozilla/5.0 (compatible; Barkrowler/0.9; +https://babbar.tech/crawler)"
185.191.171.5 - - [23/Jan/2022:06:13:01 +0100] "GET /decorative-figurine-aged-metal-p-56056.html HTTP/1.0" 200 73545 "-" "Mozilla/5.0 (compatible; SemrushBot/7~bl; +http://www.semrush.com/bot.html)"
95.91.110.186 - - [23/Jan/2022:06:13:06 +0100] "GET /verity-rose-perle-rare-p-29964.html HTTP/1.0" 200 70837 "-" "Mozilla/5.0 (compatible; MJ12bot/v1.4.8; http://mj12bot.com/)"
95.91.110.186 - - [23/Jan/2022:06:13:12 +0100] "GET /verity-rose-set-of-hair-clips-p-29187.html HTTP/1.0" 301 70935 "-" "Mozilla/5.0 (compatible; MJ12bot/v1.4.8; http://mj12bot.com/)"
154.54.249.198 - - [23/Jan/2022:06:13:16 +0100] "GET /pencil-cbkreation-p-43447.html HTTP/1.0" 200 70762 "-" "Mozilla/5.0 (compatible; Barkrowler/0.9; +https://babbar.tech/crawler)"
95.91.110.186 - - [23/Jan/2022:06:13:17 +0100] "GET /verity-rose-hair-clips-p-29187.html HTTP/1.0" 200 70846 "-" "Mozilla/5.0 (compatible; MJ12bot/v1.4.8; http://mj12bot.com/)"
185.191.171.14 - - [23/Jan/2022:06:13:25 +0100] "GET /silver-king-decorative-chess-piece-p-49296.html HTTP/1.0" 301 70785 "-" "Mozilla/5.0 (compatible; SemrushBot/7~bl; +http://www.semrush.com/bot.html)"
95.91.110.186 - - [23/Jan/2022:06:13:26 +0100] "GET /verity-rose-set-of-hair-clips-p-29188.html HTTP/1.0" 301 70935 "-" "Mozilla/5.0 (compatible; MJ12bot/v1.4.8; http://mj12bot.com/)"
185.191.171.3 - - [23/Jan/2022:06:13:28 +0100] "GET /-p-49296.html HTTP/1.0" 200 70718 "-" "Mozilla/5.0 (compatible; SemrushBot/7~bl; +http://www.semrush.com/bot.html)"
54.36.148.243 - - [23/Jan/2022:06:13:30 +0100] "GET /mobile-trees-leaves-rusty-metal-p-49498.html HTTP/1.0" 200 74109 "-" "Mozilla/5.0 (compatible; AhrefsBot/7.0; +http://ahrefs.com/robot/)"
154.54.249.198 - - [23/Jan/2022:06:13:32 +0100] "GET /pencil-cbkreation-p-43450.html HTTP/1.0" 200 73349 "-" "Mozilla/5.0 (compatible; Barkrowler/0.9; +https://babbar.tech/crawler)"
95.91.110.186 - - [23/Jan/2022:06:13:38 +0100] "GET /verity-rose-hair-clips-p-29188.html HTTP/1.0" 200 70846 "-" "Mozilla/5.0 (compatible; MJ12bot/v1.4.8; http://mj12bot.com/)"
95.91.110.186 - - [23/Jan/2022:06:13:49 +0100] "GET /verity-rose-set-of-hair-clips-retro-p-29183.html HTTP/1.0" 301 70971 "-" "Mozilla/5.0 (compatible; MJ12bot/v1.4.8; http://mj12bot.com/)"
154.54.249.198 - - [23/Jan/2022:06:13:50 +0100] "GET /pencil-cbkreation-p-33816.html HTTP/1.0" 200 73374 "-" "Mozilla/5.0 (compatible; Barkrowler/0.9; +https://babbar.tech/crawler)"
95.91.110.186 - - [23/Jan/2022:06:13:55 +0100] "GET /verity-rose-hair-clips-retro-p-29183.html HTTP/1.0" 200 70876 "-" "Mozilla/5.0 (compatible; MJ12bot/v1.4.8; http://mj12bot.com/)"
185.191.171.38 - - [23/Jan/2022:06:13:58 +0100] "GET /melt-cinnamon-spice-p-37440.html?action=add_product HTTP/1.0" 302 476 "-" "Mozilla/5.0 (compatible; SemrushBot/7~bl; +http://www.semrush.com/bot.html)"
114.119.128.37 - - [23/Jan/2022:06:14:01 +0100] "GET /coconut-fibers-doormat-foliage-p-56984.html HTTP/1.0" 200 74534 "-" "Mozilla/5.0 (Linux; Android 7.0;) AppleWebKit/537.36 (KHTML, like Gecko) Mobile Safari/537.36 (compatible; PetalBot;+https://webmaster.petalsearch.com/site/petalbot)"
95.91.110.186 - - [23/Jan/2022:06:14:02 +0100] "GET /verity-rose-set-of-hair-clips-retro-p-29184.html HTTP/1.0" 301 73552 "-" "Mozilla/5.0 (compatible; MJ12bot/v1.4.8; http://mj12bot.com/)"
185.191.171.40 - - [23/Jan/2022:06:14:04 +0100] "GET /maoi-candle-hours-p-42282.html HTTP/1.0" 200 73436 "-" "Mozilla/5.0 (compatible; SemrushBot/7~bl; +http://www.semrush.com/bot.html)"
154.54.249.198 - - [23/Jan/2022:06:14:06 +0100] "GET /pencil-cbkreation-p-41503.html HTTP/1.0" 200 73386 "-" "Mozilla/5.0 (compatible; Barkrowler/0.9; +https://babbar.tech/crawler)"
95.91.110.186 - - [23/Jan/2022:06:14:10 +0100] "GET /verity-rose-hair-clips-retro-p-29184.html HTTP/1.0" 200 73457 "-" "Mozilla/5.0 (compatible; MJ12bot/v1.4.8; http://mj12bot.com/)"
95.91.110.186 - - [23/Jan/2022:06:14:22 +0100] "GET /verity-rose-set-of-hair-clips-retro-p-29185.html HTTP/1.0" 301 70971 "-" "Mozilla/5.0 (compatible; MJ12bot/v1.4.8; http://mj12bot.com/)"
154.54.249.198 - - [23/Jan/2022:06:14:23 +0100] "GET /pencil-cbkreation-p-41504.html HTTP/1.0" 200 73386 "-" "Mozilla/5.0 (compatible; Barkrowler/0.9; +https://babbar.tech/crawler)"
95.91.110.186 - - [23/Jan/2022:06:14:28 +0100] "GET /verity-rose-hair-clips-retro-p-29185.html HTTP/1.0" 200 70876 "-" "Mozilla/5.0 (compatible; MJ12bot/v1.4.8; http://mj12bot.com/)"
95.91.110.186 - - [23/Jan/2022:06:14:37 +0100] "GET /verity-rose-starlet-decorative-plate-p-29155.html HTTP/1.0" 200 73505 "-" "Mozilla/5.0 (compatible; MJ12bot/v1.4.8; http://mj12bot.com/)"
154.54.249.198 - - [23/Jan/2022:06:14:40 +0100] "GET /pencil-pot-c-129_183.html?page=3 HTTP/1.0" 301 91323 "-" "Mozilla/5.0 (compatible; Barkrowler/0.9; +https://babbar.tech/crawler)"
95.91.110.186 - - [23/Jan/2022:06:14:46 +0100] "GET /verity-rose-starlet-mirror-bag-p-29172.html HTTP/1.0" 301 73602 "-" "Mozilla/5.0 (compatible; MJ12bot/v1.4.8; http://mj12bot.com/)"
185.191.171.40 - - [23/Jan/2022:06:14:51 +0100] "GET /the-thinker-statue-of-deep-contemplation-by-rodin-25-cm-p-43678.html HTTP/1.0" 301 74410 "-" "Mozilla/5.0 (compatible; SemrushBot/7~bl; +http://www.semrush.com/bot.html)"
95.91.110.186 - - [23/Jan/2022:06:14:54 +0100] "GET /verity-rose-starlet-mirror-p-29172.html HTTP/1.0" 200 73509 "-" "Mozilla/5.0 (compatible; MJ12bot/v1.4.8; http://mj12bot.com/)"
185.191.171.40 - - [23/Jan/2022:06:14:54 +0100] "GET /thinker-statue-deep-contemplation-rodin-p-43678.html HTTP/1.0" 200 74304 "-" "Mozilla/5.0 (compatible; SemrushBot/7~bl; +http://www.semrush.com/bot.html)"
154.54.249.198 - - [23/Jan/2022:06:14:57 +0100] "GET /pencil-pot-c-129_183.html?page=2 HTTP/1.0" 301 91562 "-" "Mozilla/5.0 (compatible; Barkrowler/0.9; +https://babbar.tech/crawler)"
95.91.110.186 - - [23/Jan/2022:06:15:02 +0100] "GET /verity-rose-starlet-mirror-p-29172.html HTTP/1.0" 200 73509 "-" "Mozilla/5.0 (compatible; MJ12bot/v1.4.8; http://mj12bot.com/)"
95.91.110.186 - - [23/Jan/2022:06:15:10 +0100] "GET /vespa-125-white-shoulder-bag-p-15587.html HTTP/1.0" 301 70920 "-" "Mozilla/5.0 (compatible; MJ12bot/v1.4.8; http://mj12bot.com/)"
154.54.249.198 - - [23/Jan/2022:06:15:14 +0100] "GET /pencil-pot-c-129_183.html?page=1 HTTP/1.0" 301 91023 "-" "Mozilla/5.0 (compatible; Barkrowler/0.9; +https://babbar.tech/crawler)"
95.91.110.186 - - [23/Jan/2022:06:15:17 +0100] "GET /vespa-white-shoulder-p-15587.html HTTP/1.0" 200 70833 "-" "Mozilla/5.0 (compatible; MJ12bot/v1.4.8; http://mj12bot.com/)"
95.91.110.186 - - [23/Jan/2022:06:15:29 +0100] "GET /vespa-1948-collection-small-mug-p-13039.html HTTP/1.0" 301 70950 "-" "Mozilla/5.0 (compatible; MJ12bot/v1.4.8; http://mj12bot.com/)"
154.54.249.198 - - [23/Jan/2022:06:15:31 +0100] "GET /pencil-pot-c-129_183.html?page=4 HTTP/1.0" 301 84293 "-" "Mozilla/5.0 (compatible; Barkrowler/0.9; +https://babbar.tech/crawler)"
95.91.110.186 - - [23/Jan/2022:06:15:36 +0100] "GET /vespa-1948-collection-small-p-13039.html HTTP/1.0" 200 70856 "-" "Mozilla/5.0 (compatible; MJ12bot/v1.4.8; http://mj12bot.com/)"
95.91.110.186 - - [23/Jan/2022:06:15:45 +0100] "GET /vespa-1948-collection-small-p-13039.html HTTP/1.0" 200 70856 "-" "Mozilla/5.0 (compatible; MJ12bot/v1.4.8; http://mj12bot.com/)"
54.36.148.243 - - [23/Jan/2022:06:15:47 +0100] "GET /votive-candle-spicy-mandarin-p-49933.html HTTP/1.0" 200 74085 "-" "Mozilla/5.0 (compatible; AhrefsBot/7.0; +http://ahrefs.com/robot/)"
154.54.249.198 - - [23/Jan/2022:06:15:47 +0100] "GET /cupcakes-cbkreation-p-17354.html HTTP/1.0" 200 73346 "-" "Mozilla/5.0 (compatible; Barkrowler/0.9; +https://babbar.tech/crawler)"
95.91.110.186 - - [23/Jan/2022:06:15:53 +0100] "GET /vespa-1953-collection-small-mug-p-13030.html HTTP/1.0" 301 70950 "-" "Mozilla/5.0 (compatible; MJ12bot/v1.4.8; http://mj12bot.com/)"
95.91.110.186 - - [23/Jan/2022:06:16:02 +0100] "GET /vespa-1953-collection-small-p-13030.html HTTP/1.0" 200 70856 "-" "Mozilla/5.0 (compatible; MJ12bot/v1.4.8; http://mj12bot.com/)"
185.191.171.25 - - [23/Jan/2022:06:16:04 +0100] "GET /blacks-litre-p-31417.html?action=add_product HTTP/1.0" 302 476 "-" "Mozilla/5.0 (compatible; SemrushBot/7~bl; +http://www.semrush.com/bot.html)"
154.54.249.198 - - [23/Jan/2022:06:16:06 +0100] "GET /cupcake-paris-charm-ball-p-54938.html HTTP/1.0" 200 74240 "-" "Mozilla/5.0 (compatible; Barkrowler/0.9; +https://babbar.tech/crawler)"
95.91.110.186 - - [23/Jan/2022:06:16:10 +0100] "GET /vespa-1953-collection-small-p-13030.html HTTP/1.0" 200 70856 "-" "Mozilla/5.0 (compatible; MJ12bot/v1.4.8; http://mj12bot.com/)"
51.68.224.127 - - [23/Jan/2022:06:16:17 +0100] "GET /adminweb/export_orders_xml.php?token=256de2z6edz6ed2z6DFSFsed2zed6zeDSFDSGdzedezfzf&maxorders=10&orderstart=1&status=14&start_date=2018-10-01 HTTP/1.0" 200 285 "-" "GesCom CharlotteBoutik Serveur"
51.68.224.127 - - [23/Jan/2022:06:16:17 +0100] "GET /adminweb/export_orders_xml.php?token=256de2z6edz6ed2z6DFSFsed2zed6zeDSFDSGdzedezfzf&maxorders=10&orderstart=1&status=6&start_date=2018-10-01 HTTP/1.0" 200 32795 "-" "GesCom CharlotteBoutik Serveur"
114.119.128.40 - - [23/Jan/2022:06:16:19 +0100] "GET /images/big_prod/8433933017074.jpg HTTP/1.0" 200 268 "-" "Mozilla/5.0 (Linux; Android 7.0;) AppleWebKit/537.36 (KHTML, like Gecko) Mobile Safari/537.36 (compatible; PetalBot;+https://webmaster.petalsearch.com/site/petalbot)"
95.91.110.186 - - [23/Jan/2022:06:16:19 +0100] "GET /vespa-beige-lighter-p-13439.html HTTP/1.0" 200 70804 "-" "Mozilla/5.0 (compatible; MJ12bot/v1.4.8; http://mj12bot.com/)"
154.54.249.198 - - [23/Jan/2022:06:16:22 +0100] "GET /leaves-round-placemat-p-51925.html HTTP/1.0" 200 73901 "-" "Mozilla/5.0 (compatible; Barkrowler/0.9; +https://babbar.tech/crawler)"
185.191.171.8 - - [23/Jan/2022:06:16:29 +0100] "GET /dubout-cats-soap-box-10-65-28-cm-p-40108.html HTTP/1.0" 301 73728 "-" "Mozilla/5.0 (compatible; SemrushBot/7~bl; +http://www.semrush.com/bot.html)"
185.191.171.4 - - [23/Jan/2022:06:16:32 +0100] "GET /dubout-cats-soap-p-40108.html HTTP/1.0" 200 73645 "-" "Mozilla/5.0 (compatible; SemrushBot/7~bl; +http://www.semrush.com/bot.html)"
95.91.110.186 - - [23/Jan/2022:06:16:32 +0100] "GET /vespa-black-pocket-keychain-p-32654.html HTTP/1.0" 200 70844 "-" "Mozilla/5.0 (compatible; MJ12bot/v1.4.8; http://mj12bot.com/)"
154.54.249.198 - - [23/Jan/2022:06:16:39 +0100] "GET /leaves-round-placemat-p-56308.html HTTP/1.0" 200 73902 "-" "Mozilla/5.0 (compatible; Barkrowler/0.9; +https://babbar.tech/crawler)"
95.91.110.186 - - [23/Jan/2022:06:16:39 +0100] "GET /vespa-round-metal-lighter-p-15567.html HTTP/1.0" 200 70846 "-" "Mozilla/5.0 (compatible; MJ12bot/v1.4.8; http://mj12bot.com/)"
95.91.110.186 - - [23/Jan/2022:06:16:47 +0100] "GET /vespa-round-metal-lighter-red-p-15567.html HTTP/1.0" 301 70938 "-" "Mozilla/5.0 (compatible; MJ12bot/v1.4.8; http://mj12bot.com/)"
154.54.249.198 - - [23/Jan/2022:06:16:55 +0100] "GET /framework-kitten-canvas-p-31839.html HTTP/1.0" 200 73408 "-" "Mozilla/5.0 (compatible; Barkrowler/0.9; +https://babbar.tech/crawler)"
95.91.110.186 - - [23/Jan/2022:06:16:57 +0100] "GET /vespa-round-metal-lighter-p-15567.html HTTP/1.0" 200 70846 "-" "Mozilla/5.0 (compatible; MJ12bot/v1.4.8; http://mj12bot.com/)"
95.91.110.186 - - [23/Jan/2022:06:17:04 +0100] "GET /vespa-servizio-espresso-set-p-18624.html HTTP/1.0" 301 70785 "-" "Mozilla/5.0 (compatible; MJ12bot/v1.4.8; http://mj12bot.com/)"
154.54.249.198 - - [23/Jan/2022:06:17:11 +0100] "GET /panther-trophy-statuette-p-54209.html HTTP/1.0" 200 74006 "-" "Mozilla/5.0 (compatible; Barkrowler/0.9; +https://babbar.tech/crawler)"
95.91.110.186 - - [23/Jan/2022:06:17:13 +0100] "GET /-p-18624.html HTTP/1.0" 200 70718 "-" "Mozilla/5.0 (compatible; MJ12bot/v1.4.8; http://mj12bot.com/)"
95.91.110.186 - - [23/Jan/2022:06:17:21 +0100] "GET /vespa-silver-keyring-p-33773.html HTTP/1.0" 200 70809 "-" "Mozilla/5.0 (compatible; MJ12bot/v1.4.8; http://mj12bot.com/)"
185.191.171.4 - - [23/Jan/2022:06:17:26 +0100] "GET /le-sucre-metal-plate-20-15-cm-p-47546.html HTTP/1.0" 301 70893 "-" "Mozilla/5.0 (compatible; SemrushBot/7~bl; +http://www.semrush.com/bot.html)"
154.54.249.198 - - [23/Jan/2022:06:17:28 +0100] "GET /panther-christmas-baubles-p-56204.html HTTP/1.0" 200 74085 "-" "Mozilla/5.0 (compatible; Barkrowler/0.9; +https://babbar.tech/crawler)"
17.121.115.48 - - [23/Jan/2022:06:17:31 +0100] "GET /images/big_prod_2/3700230606146b.jpg HTTP/1.0" 200 271 "-" "Mozilla/5.0 (Macintosh; Intel Mac OS X 10_15_5) AppleWebKit/605.1.15 (KHTML, like Gecko) Version/13.1.1 Safari/605.1.15 (Applebot/0.1; +http://www.apple.com/go/applebot)"
95.91.110.186 - - [23/Jan/2022:06:17:29 +0100] "GET /vespa-small-bag-navy-blue-p-18590.html HTTP/1.0" 301 70785 "-" "Mozilla/5.0 (compatible; MJ12bot/v1.4.8; http://mj12bot.com/)"
185.191.171.9 - - [23/Jan/2022:06:17:29 +0100] "GET /sucre-metal-plate-p-47546.html HTTP/1.0" 200 70809 "-" "Mozilla/5.0 (compatible; SemrushBot/7~bl; +http://www.semrush.com/bot.html)"
185.191.171.4 - - [23/Jan/2022:06:17:40 +0100] "GET /votive-metal-candles-holder-p-42183.html?action=add_product HTTP/1.0" 302 476 "-" "Mozilla/5.0 (compatible; SemrushBot/7~bl; +http://www.semrush.com/bot.html)"
95.91.110.186 - - [23/Jan/2022:06:17:40 +0100] "GET /-p-18590.html HTTP/1.0" 200 70718 "-" "Mozilla/5.0 (compatible; MJ12bot/v1.4.8; http://mj12bot.com/)"
154.54.249.198 - - [23/Jan/2022:06:17:45 +0100] "GET /sugar-box-c-13_150_152.html?page=2 HTTP/1.0" 301 90357 "-" "Mozilla/5.0 (compatible; Barkrowler/0.9; +https://babbar.tech/crawler)"
157.55.39.153 - - [23/Jan/2022:06:17:46 +0100] "GET /carpet-imitation-cowhide-p-48438.html HTTP/1.0" 200 74350 "-" "Mozilla/5.0 (compatible; bingbot/2.0; +http://www.bing.com/bingbot.htm)"
95.91.110.186 - - [23/Jan/2022:06:17:47 +0100] "GET /vespa-white-desk-lamp-p-24807.html HTTP/1.0" 200 70814 "-" "Mozilla/5.0 (compatible; MJ12bot/v1.4.8; http://mj12bot.com/)"
95.91.110.186 - - [23/Jan/2022:06:17:54 +0100] "GET /vespa-white-keyring-p-33774.html HTTP/1.0" 200 70804 "-" "Mozilla/5.0 (compatible; MJ12bot/v1.4.8; http://mj12bot.com/)"
54.36.148.243 - - [23/Jan/2022:06:17:59 +0100] "GET /lantern-clock-p-45675.html HTTP/1.0" 200 73484 "-" "Mozilla/5.0 (compatible; AhrefsBot/7.0; +http://ahrefs.com/robot/)"
154.54.249.198 - - [23/Jan/2022:06:18:02 +0100] "GET /sugar-box-c-13_150_152.html?page=1 HTTP/1.0" 301 90357 "-" "Mozilla/5.0 (compatible; Barkrowler/0.9; +https://babbar.tech/crawler)"
95.91.110.186 - - [23/Jan/2022:06:18:05 +0100] "GET /vespa-white-shoulder-p-15587.html HTTP/1.0" 200 70833 "-" "Mozilla/5.0 (compatible; MJ12bot/v1.4.8; http://mj12bot.com/)"
95.91.110.186 - - [23/Jan/2022:06:18:13 +0100] "GET /vintage-brown-ottoman-p-20199.html HTTP/1.0" 200 70823 "-" "Mozilla/5.0 (compatible; MJ12bot/v1.4.8; http://mj12bot.com/)"
154.54.249.198 - - [23/Jan/2022:06:18:20 +0100] "GET /sugar-ameline-collection-p-56478.html HTTP/1.0" 200 73617 "-" "Mozilla/5.0 (compatible; Barkrowler/0.9; +https://babbar.tech/crawler)"
95.91.110.186 - - [23/Jan/2022:06:18:21 +0100] "GET /vintage-orange-ottoman-p-20200.html HTTP/1.0" 200 70828 "-" "Mozilla/5.0 (compatible; MJ12bot/v1.4.8; http://mj12bot.com/)"
95.91.110.186 - - [23/Jan/2022:06:18:31 +0100] "GET /white-horse-glass-clock-p-24951.html HTTP/1.0" 301 70785 "-" "Mozilla/5.0 (compatible; MJ12bot/v1.4.8; http://mj12bot.com/)"
154.54.249.198 - - [23/Jan/2022:06:18:36 +0100] "GET /lait-frais-france-clock-p-39567.html HTTP/1.0" 200 70806 "-" "Mozilla/5.0 (compatible; Barkrowler/0.9; +https://babbar.tech/crawler)"
95.91.110.186 - - [23/Jan/2022:06:18:40 +0100] "GET /-p-24951.html HTTP/1.0" 200 70718 "-" "Mozilla/5.0 (compatible; MJ12bot/v1.4.8; http://mj12bot.com/)"
17.121.115.184 - - [23/Jan/2022:06:18:42 +0100] "GET /bravo-card-p-20037.html HTTP/1.0" 200 73323 "-" "Mozilla/5.0 (Macintosh; Intel Mac OS X 10_15_5) AppleWebKit/605.1.15 (KHTML, like Gecko) Version/13.1.1 Safari/605.1.15 (Applebot/0.1; +http://www.apple.com/go/applebot)"
95.91.110.186 - - [23/Jan/2022:06:18:50 +0100] "GET /white-horse-training-bottle-by-cbk-p-29796.html HTTP/1.0" 301 73842 "-" "Mozilla/5.0 (compatible; MJ12bot/v1.4.8; http://mj12bot.com/)"
154.54.249.198 - - [23/Jan/2022:06:18:53 +0100] "GET /lait-frais-de-france-clock-p-39567.html HTTP/1.0" 301 70896 "-" "Mozilla/5.0 (compatible; Barkrowler/0.9; +https://babbar.tech/crawler)"
95.91.110.186 - - [23/Jan/2022:06:19:03 +0100] "GET /white-horse-training-bottle-cbkreation-p-29796.html HTTP/1.0" 200 73737 "-" "Mozilla/5.0 (compatible; MJ12bot/v1.4.8; http://mj12bot.com/)"
114.119.128.37 - - [23/Jan/2022:06:19:04 +0100] "GET /matryoshka-high-ceramic-p-29688.html HTTP/1.0" 200 73370 "-" "Mozilla/5.0 (Linux; Android 7.0;) AppleWebKit/537.36 (KHTML, like Gecko) Mobile Safari/537.36 (compatible; PetalBot;+https://webmaster.petalsearch.com/site/petalbot)"
154.54.249.198 - - [23/Jan/2022:06:19:09 +0100] "GET /pots-cookie-jars-c-250.html?page=2 HTTP/1.0" 301 87602 "-" "Mozilla/5.0 (compatible; Barkrowler/0.9; +https://babbar.tech/crawler)"
95.91.110.186 - - [23/Jan/2022:06:19:20 +0100] "GET /white-horse-training-bottle-by-cbkreation-p-29796.html HTTP/1.0" 301 73842 "-" "Mozilla/5.0 (compatible; MJ12bot/v1.4.8; http://mj12bot.com/)"
154.54.249.198 - - [23/Jan/2022:06:19:26 +0100] "GET /pots-cookie-jars-c-12_250.html?page=3 HTTP/1.0" 200 87615 "-" "Mozilla/5.0 (compatible; Barkrowler/0.9; +https://babbar.tech/crawler)"
185.191.171.10 - - [23/Jan/2022:06:19:26 +0100] "GET /elephant-gold-jewelry-stand-and-white-cup-p-48827.html HTTP/1.0" 301 73747 "-" "Mozilla/5.0 (compatible; SemrushBot/7~bl; +http://www.semrush.com/bot.html)"
185.191.171.34 - - [23/Jan/2022:06:19:30 +0100] "GET /elephant-gold-jewelry-stand-white-p-48827.html HTTP/1.0" 200 73647 "-" "Mozilla/5.0 (compatible; SemrushBot/7~bl; +http://www.semrush.com/bot.html)"
95.91.110.186 - - [23/Jan/2022:06:19:32 +0100] "GET /white-horse-training-bottle-cbkreation-p-29796.html HTTP/1.0" 200 73737 "-" "Mozilla/5.0 (compatible; MJ12bot/v1.4.8; http://mj12bot.com/)"
154.54.249.198 - - [23/Jan/2022:06:19:43 +0100] "GET /pots-cookie-jars-c-12_250.html?page=2 HTTP/1.0" 200 87615 "-" "Mozilla/5.0 (compatible; Barkrowler/0.9; +https://babbar.tech/crawler)"
95.91.110.186 - - [23/Jan/2022:06:19:43 +0100] "GET /white-horses-stationery-box-p-33630.html HTTP/1.0" 301 70926 "-" "Mozilla/5.0 (compatible; MJ12bot/v1.4.8; http://mj12bot.com/)"
95.91.110.186 - - [23/Jan/2022:06:19:58 +0100] "GET /white-horses-stationery-p-33630.html HTTP/1.0" 200 70836 "-" "Mozilla/5.0 (compatible; MJ12bot/v1.4.8; http://mj12bot.com/)"
154.54.249.198 - - [23/Jan/2022:06:19:59 +0100] "GET /pots-and-cookie-jars-c-12_250.html HTTP/1.0" 301 90467 "-" "Mozilla/5.0 (compatible; Barkrowler/0.9; +https://babbar.tech/crawler)"
95.91.110.186 - - [23/Jan/2022:06:20:07 +0100] "GET /white-horses-stationery-p-33630.html HTTP/1.0" 200 70836 "-" "Mozilla/5.0 (compatible; MJ12bot/v1.4.8; http://mj12bot.com/)"
95.91.110.186 - - [23/Jan/2022:06:20:16 +0100] "GET /white-p-40800.html HTTP/1.0" 200 70758 "-" "Mozilla/5.0 (compatible; MJ12bot/v1.4.8; http://mj12bot.com/)"
154.54.249.198 - - [23/Jan/2022:06:20:16 +0100] "GET /elsa-anna-frozen-poster-p-30917.html HTTP/1.0" 200 70836 "-" "Mozilla/5.0 (compatible; Barkrowler/0.9; +https://babbar.tech/crawler)"
185.191.171.20 - - [23/Jan/2022:06:20:18 +0100] "GET /laissez-lucie-faire-paris-p-31090.html?action=add_product HTTP/1.0" 302 476 "-" "Mozilla/5.0 (compatible; SemrushBot/7~bl; +http://www.semrush.com/bot.html)"
185.191.171.38 - - [23/Jan/2022:06:20:24 +0100] "GET /mini-motsu-keel-toys-plush-p-46202.html?action=add_product HTTP/1.0" 302 476 "-" "Mozilla/5.0 (compatible; SemrushBot/7~bl; +http://www.semrush.com/bot.html)"
185.191.171.2 - - [23/Jan/2022:06:20:24 +0100] "GET /robots.txt HTTP/1.0" 200 245 "-" "Mozilla/5.0 (compatible; SemrushBot/7~bl; +http://www.semrush.com/bot.html)"
95.91.110.186 - - [23/Jan/2022:06:20:25 +0100] "GET /white-pebbles-cushion-40-40-cm-p-36891.html HTTP/1.0" 301 70785 "-" "Mozilla/5.0 (compatible; MJ12bot/v1.4.8; http://mj12bot.com/)"
154.54.249.198 - - [23/Jan/2022:06:20:34 +0100] "GET /biker-figurine-decorative-p-32156.html HTTP/1.0" 200 73599 "-" "Mozilla/5.0 (compatible; Barkrowler/0.9; +https://babbar.tech/crawler)"
54.36.148.243 - - [23/Jan/2022:06:20:35 +0100] "GET /unicorn-white-clock-p-53503.html HTTP/1.0" 200 73360 "-" "Mozilla/5.0 (compatible; AhrefsBot/7.0; +http://ahrefs.com/robot/)"
95.91.110.186 - - [23/Jan/2022:06:20:36 +0100] "GET /-p-36891.html HTTP/1.0" 200 70718 "-" "Mozilla/5.0 (compatible; MJ12bot/v1.4.8; http://mj12bot.com/)"
95.91.110.186 - - [23/Jan/2022:06:20:48 +0100] "GET /white-piggy-bank-p-32853.html HTTP/1.0" 301 70785 "-" "Mozilla/5.0 (compatible; MJ12bot/v1.4.8; http://mj12bot.com/)"
154.54.249.198 - - [23/Jan/2022:06:20:50 +0100] "GET /utensil-and-cutlery-pot-c-12_244.html HTTP/1.0" 301 90341 "-" "Mozilla/5.0 (compatible; Barkrowler/0.9; +https://babbar.tech/crawler)"
95.91.110.186 - - [23/Jan/2022:06:20:54 +0100] "GET /-p-32853.html HTTP/1.0" 200 70718 "-" "Mozilla/5.0 (compatible; MJ12bot/v1.4.8; http://mj12bot.com/)"
185.191.171.37 - - [23/Jan/2022:06:20:56 +0100] "GET /pot-for-flowers-boho-10-cm-p-50800.html HTTP/1.0" 301 74043 "-" "Mozilla/5.0 (compatible; SemrushBot/7~bl; +http://www.semrush.com/bot.html)"
95.91.110.186 - - [23/Jan/2022:06:21:01 +0100] "GET /white-rabbit-figurine-by-miss-mindy-p-44928.html HTTP/1.0" 301 70785 "-" "Mozilla/5.0 (compatible; MJ12bot/v1.4.8; http://mj12bot.com/)"
154.54.249.198 - - [23/Jan/2022:06:21:07 +0100] "GET /resin-deer-bookend-p-56183.html HTTP/1.0" 200 74034 "-" "Mozilla/5.0 (compatible; Barkrowler/0.9; +https://babbar.tech/crawler)"
95.91.110.186 - - [23/Jan/2022:06:21:14 +0100] "GET /-p-44928.html HTTP/1.0" 200 70718 "-" "Mozilla/5.0 (compatible; MJ12bot/v1.4.8; http://mj12bot.com/)"
154.54.249.198 - - [23/Jan/2022:06:21:23 +0100] "GET /resin-deer-bookend-p-56179.html HTTP/1.0" 200 73959 "-" "Mozilla/5.0 (compatible; Barkrowler/0.9; +https://babbar.tech/crawler)"
95.91.110.186 - - [23/Jan/2022:06:21:25 +0100] "GET /white-rabbit-gorjuss-trinket-p-22762.html HTTP/1.0" 200 70873 "-" "Mozilla/5.0 (compatible; MJ12bot/v1.4.8; http://mj12bot.com/)"
95.91.110.186 - - [23/Jan/2022:06:21:37 +0100] "GET /white-rabbit-gorjuss-trinket-tin-box-p-22762.html HTTP/1.0" 301 70968 "-" "Mozilla/5.0 (compatible; MJ12bot/v1.4.8; http://mj12bot.com/)"
154.54.249.198 - - [23/Jan/2022:06:21:40 +0100] "GET /resin-decoration-bird-p-56203.html HTTP/1.0" 301 74185 "-" "Mozilla/5.0 (compatible; Barkrowler/0.9; +https://babbar.tech/crawler)"
185.191.171.37 - - [23/Jan/2022:06:21:48 +0100] "GET /chair-cushion-cedar-green-p-45929.html?action=add_product HTTP/1.0" 302 476 "-" "Mozilla/5.0 (compatible; SemrushBot/7~bl; +http://www.semrush.com/bot.html)"
95.91.110.186 - - [23/Jan/2022:06:21:49 +0100] "GET /white-rabbit-gorjuss-trinket-p-22762.html HTTP/1.0" 200 70873 "-" "Mozilla/5.0 (compatible; MJ12bot/v1.4.8; http://mj12bot.com/)"
154.54.249.198 - - [23/Jan/2022:06:21:56 +0100] "GET /resin-decoration-bird-p-56202.html HTTP/1.0" 200 74043 "-" "Mozilla/5.0 (compatible; Barkrowler/0.9; +https://babbar.tech/crawler)"
95.91.110.186 - - [23/Jan/2022:06:22:02 +0100] "GET /white-rabbit-mini-figurine-p-47682.html HTTP/1.0" 200 74720 "-" "Mozilla/5.0 (compatible; MJ12bot/v1.4.8; http://mj12bot.com/)"
154.54.249.198 - - [23/Jan/2022:06:22:12 +0100] "GET /resin-chess-lamp-p-53607.html HTTP/1.0" 200 74029 "-" "Mozilla/5.0 (compatible; Barkrowler/0.9; +https://babbar.tech/crawler)"
95.91.110.186 - - [23/Jan/2022:06:22:14 +0100] "GET /white-rabbit-notebook-p-24480.html HTTP/1.0" 301 70785 "-" "Mozilla/5.0 (compatible; MJ12bot/v1.4.8; http://mj12bot.com/)"
157.55.39.153 - - [23/Jan/2022:06:22:15 +0100] "GET /magnet-kissed-tassen-made-germany-p-56782.html HTTP/1.0" 200 74401 "-" "Mozilla/5.0 (compatible; bingbot/2.0; +http://www.bing.com/bingbot.htm)"
95.91.110.186 - - [23/Jan/2022:06:22:25 +0100] "GET /-p-24480.html HTTP/1.0" 200 70718 "-" "Mozilla/5.0 (compatible; MJ12bot/v1.4.8; http://mj12bot.com/)"
154.54.249.198 - - [23/Jan/2022:06:22:30 +0100] "GET /resin-keychains-dog-p-38494.html HTTP/1.0" 301 73451 "-" "Mozilla/5.0 (compatible; Barkrowler/0.9; +https://babbar.tech/crawler)"
95.91.110.186 - - [23/Jan/2022:06:22:40 +0100] "GET /white-rabbit-statuette-17-cm-p-44913.html HTTP/1.0" 301 70926 "-" "Mozilla/5.0 (compatible; MJ12bot/v1.4.8; http://mj12bot.com/)"
54.36.148.243 - - [23/Jan/2022:06:22:44 +0100] "GET /cafe-gare-vintage-clock-p-45889.html HTTP/1.0" 200 73503 "-" "Mozilla/5.0 (compatible; AhrefsBot/7.0; +http://ahrefs.com/robot/)"
95.91.110.186 - - [23/Jan/2022:06:22:48 +0100] "GET /white-rabbit-statuette-p-44913.html HTTP/1.0" 200 70837 "-" "Mozilla/5.0 (compatible; MJ12bot/v1.4.8; http://mj12bot.com/)"
154.54.249.198 - - [23/Jan/2022:06:22:48 +0100] "GET /achshund-bookend-p-51892.html HTTP/1.0" 200 74094 "-" "Mozilla/5.0 (compatible; Barkrowler/0.9; +https://babbar.tech/crawler)"
185.191.171.4 - - [23/Jan/2022:06:23:04 +0100] "GET /nightlight-shaped-ice-cream-led-p-44646.html HTTP/1.0" 301 73534 "-" "Mozilla/5.0 (compatible; SemrushBot/7~bl; +http://www.semrush.com/bot.html)"
154.54.249.198 - - [23/Jan/2022:06:23:06 +0100] "GET /lamp-bonhomme-ivory-p-40616.html HTTP/1.0" 200 74396 "-" "Mozilla/5.0 (compatible; Barkrowler/0.9; +https://babbar.tech/crawler)"
185.191.171.4 - - [23/Jan/2022:06:23:08 +0100] "GET /nightlight-shaped-cream-p-44646.html HTTP/1.0" 200 73444 "-" "Mozilla/5.0 (compatible; SemrushBot/7~bl; +http://www.semrush.com/bot.html)"
95.91.110.186 - - [23/Jan/2022:06:23:08 +0100] "GET /white-rabbit-statuette-p-44913.html HTTP/1.0" 200 70837 "-" "Mozilla/5.0 (compatible; MJ12bot/v1.4.8; http://mj12bot.com/)"
185.191.171.26 - - [23/Jan/2022:06:23:11 +0100] "GET /dora-explorer-baby-with-mittens-p-50929.html?action=add_product HTTP/1.0" 302 476 "-" "Mozilla/5.0 (compatible; SemrushBot/7~bl; +http://www.semrush.com/bot.html)"
95.91.110.186 - - [23/Jan/2022:06:23:17 +0100] "GET /white-rabbit-table-lamp-p-32216.html HTTP/1.0" 200 70800 "-" "Mozilla/5.0 (compatible; MJ12bot/v1.4.8; http://mj12bot.com/)"
185.191.171.6 - - [23/Jan/2022:06:23:22 +0100] "GET /beige-lampshade-p-55834.html?action=add_product HTTP/1.0" 302 476 "-" "Mozilla/5.0 (compatible; SemrushBot/7~bl; +http://www.semrush.com/bot.html)"
154.54.249.198 - - [23/Jan/2022:06:23:23 +0100] "GET /lamp-buddha-pink-p-44891.html HTTP/1.0" 200 73428 "-" "Mozilla/5.0 (compatible; Barkrowler/0.9; +https://babbar.tech/crawler)"
95.91.110.186 - - [23/Jan/2022:06:23:26 +0100] "GET /white-wooden-tray-p-41814.html HTTP/1.0" 301 70785 "-" "Mozilla/5.0 (compatible; MJ12bot/v1.4.8; http://mj12bot.com/)"
185.191.171.10 - - [23/Jan/2022:06:23:27 +0100] "GET /jafar-figurine-disney-traditions-by-jim-shore-collection-p-51176.html HTTP/1.0" 301 75369 "-" "Mozilla/5.0 (compatible; SemrushBot/7~bl; +http://www.semrush.com/bot.html)"
185.191.171.10 - - [23/Jan/2022:06:23:32 +0100] "GET /jafar-figurine-disney-traditions-shore-collection-p-51176.html HTTP/1.0" 200 75253 "-" "Mozilla/5.0 (compatible; SemrushBot/7~bl; +http://www.semrush.com/bot.html)"
95.91.110.186 - - [23/Jan/2022:06:23:39 +0100] "GET /-p-41814.html HTTP/1.0" 200 70718 "-" "Mozilla/5.0 (compatible; MJ12bot/v1.4.8; http://mj12bot.com/)"
154.54.249.198 - - [23/Jan/2022:06:23:39 +0100] "GET /mystic-skull-moneybox-p-52262.html HTTP/1.0" 200 73339 "-" "Mozilla/5.0 (compatible; Barkrowler/0.9; +https://babbar.tech/crawler)"
157.55.39.125 - - [23/Jan/2022:06:23:47 +0100] "GET /lyon-women-black-shirt-p-31277.html HTTP/1.0" 200 75339 "-" "Mozilla/5.0 (compatible; bingbot/2.0; +http://www.bing.com/bingbot.htm)"
95.91.110.186 - - [23/Jan/2022:06:23:47 +0100] "GET /windchime-bonheur-chimes-p-43530.html HTTP/1.0" 200 73999 "-" "Mozilla/5.0 (compatible; MJ12bot/v1.4.8; http://mj12bot.com/)"
154.54.249.198 - - [23/Jan/2022:06:23:57 +0100] "GET /mystic-skull-moneybox-p-52303.html HTTP/1.0" 200 73339 "-" "Mozilla/5.0 (compatible; Barkrowler/0.9; +https://babbar.tech/crawler)"
95.91.110.186 - - [23/Jan/2022:06:23:59 +0100] "GET /windchime-chimes-75-cm-p-43538.html HTTP/1.0" 301 74065 "-" "Mozilla/5.0 (compatible; MJ12bot/v1.4.8; http://mj12bot.com/)"
95.91.110.186 - - [23/Jan/2022:06:24:06 +0100] "GET /windchime-chimes-p-43538.html HTTP/1.0" 200 73982 "-" "Mozilla/5.0 (compatible; MJ12bot/v1.4.8; http://mj12bot.com/)"
95.91.110.186 - - [23/Jan/2022:06:24:12 +0100] "GET /windchime-chimes-80-cm-p-43539.html HTTP/1.0" 301 74049 "-" "Mozilla/5.0 (compatible; MJ12bot/v1.4.8; http://mj12bot.com/)"
154.54.249.198 - - [23/Jan/2022:06:24:14 +0100] "GET /mystic-skull-moneybox-p-52302.html HTTP/1.0" 200 73339 "-" "Mozilla/5.0 (compatible; Barkrowler/0.9; +https://babbar.tech/crawler)"
106.11.154.30 - - [23/Jan/2022:06:24:17 +0100] "GET /images/mini_prod/063562527453.gif HTTP/1.0" 200 267 "http://www.wonder-geek.com/bowls-c-12_60.html" "YisouSpider"
95.91.110.186 - - [23/Jan/2022:06:24:24 +0100] "GET /windchime-chimes-p-43539.html HTTP/1.0" 200 73966 "-" "Mozilla/5.0 (compatible; MJ12bot/v1.4.8; http://mj12bot.com/)"
185.191.171.43 - - [23/Jan/2022:06:24:31 +0100] "GET /powder-candle-bougie-autrement-glitter-silver-p-53083.html?action=add_product HTTP/1.0" 302 476 "-" "Mozilla/5.0 (compatible; SemrushBot/7~bl; +http://www.semrush.com/bot.html)"
95.91.110.186 - - [23/Jan/2022:06:24:31 +0100] "GET /windchime-chimes-p-43532.html HTTP/1.0" 200 73963 "-" "Mozilla/5.0 (compatible; MJ12bot/v1.4.8; http://mj12bot.com/)"
154.54.249.198 - - [23/Jan/2022:06:24:32 +0100] "GET /funny-pets-kitchen-towel-p-43796.html HTTP/1.0" 200 73352 "-" "Mozilla/5.0 (compatible; Barkrowler/0.9; +https://babbar.tech/crawler)"
66.249.66.202 - - [23/Jan/2022:06:24:39 +0100] "GET /small-heart-home-candle-christmas-tree-p-57120.html HTTP/1.0" 200 74722 "-" "Mozilla/5.0 (Linux; Android 6.0.1; Nexus 5X Build/MMB29P) AppleWebKit/537.36 (KHTML, like Gecko) Chrome/97.0.4692.71 Mobile Safari/537.36 (compatible; Googlebot/2.1; +http://www.google.com/bot.html)"
95.91.110.186 - - [23/Jan/2022:06:24:41 +0100] "GET /windchime-chimes-p-43538.html HTTP/1.0" 200 73982 "-" "Mozilla/5.0 (compatible; MJ12bot/v1.4.8; http://mj12bot.com/)"
154.54.249.198 - - [23/Jan/2022:06:24:50 +0100] "GET /funny-pets-kitchen-towel-p-43391.html HTTP/1.0" 200 73352 "-" "Mozilla/5.0 (compatible; Barkrowler/0.9; +https://babbar.tech/crawler)"
95.91.110.186 - - [23/Jan/2022:06:24:56 +0100] "GET /windchime-chimes-p-43539.html HTTP/1.0" 200 73966 "-" "Mozilla/5.0 (compatible; MJ12bot/v1.4.8; http://mj12bot.com/)"
185.191.171.4 - - [23/Jan/2022:06:25:05 +0100] "GET /lion-plant-p-54312.html HTTP/1.0" 200 73859 "-" "Mozilla/5.0 (compatible; SemrushBot/7~bl; +http://www.semrush.com/bot.html)"
95.91.110.186 - - [23/Jan/2022:06:25:06 +0100] "GET /windchime-wood-chimes-p-43519.html HTTP/1.0" 200 73992 "-" "Mozilla/5.0 (compatible; MJ12bot/v1.4.8; http://mj12bot.com/)"
154.54.249.198 - - [23/Jan/2022:06:25:09 +0100] "GET /funny-pets-mobile-sock-p-33078.html HTTP/1.0" 200 73526 "-" "Mozilla/5.0 (compatible; Barkrowler/0.9; +https://babbar.tech/crawler)"
54.36.148.243 - - [23/Jan/2022:06:25:11 +0100] "GET /fitted-sheet-cotton-percale-threads-p-56964.html HTTP/1.0" 200 73678 "-" "Mozilla/5.0 (compatible; AhrefsBot/7.0; +http://ahrefs.com/robot/)"
95.91.110.186 - - [23/Jan/2022:06:25:12 +0100] "GET /windchime-wood-chimes-p-43520.html HTTP/1.0" 200 73992 "-" "Mozilla/5.0 (compatible; MJ12bot/v1.4.8; http://mj12bot.com/)"
95.91.110.186 - - [23/Jan/2022:06:25:21 +0100] "GET /windchime-wood-five-chimes-p-43514.html HTTP/1.0" 200 74016 "-" "Mozilla/5.0 (compatible; MJ12bot/v1.4.8; http://mj12bot.com/)"
185.191.171.21 - - [23/Jan/2022:06:25:25 +0100] "GET /owl-potholder-and-glove-set-p-37924.html HTTP/1.0" 301 70874 "-" "Mozilla/5.0 (compatible; SemrushBot/7~bl; +http://www.semrush.com/bot.html)"
185.191.171.12 - - [23/Jan/2022:06:25:29 +0100] "GET /potholder-glove-p-37924.html HTTP/1.0" 200 70792 "-" "Mozilla/5.0 (compatible; SemrushBot/7~bl; +http://www.semrush.com/bot.html)"
154.54.249.198 - - [23/Jan/2022:06:25:30 +0100] "GET /funny-pets-mobile-sock-p-33094.html HTTP/1.0" 200 73526 "-" "Mozilla/5.0 (compatible; Barkrowler/0.9; +https://babbar.tech/crawler)"
95.91.110.186 - - [23/Jan/2022:06:25:29 +0100] "GET /windchime-wood-five-chimes-p-43517.html HTTP/1.0" 200 74016 "-" "Mozilla/5.0 (compatible; MJ12bot/v1.4.8; http://mj12bot.com/)"
95.91.110.186 - - [23/Jan/2022:06:25:45 +0100] "GET /windchime-zen-chimes-p-43532.html HTTP/1.0" 301 74046 "-" "Mozilla/5.0 (compatible; MJ12bot/v1.4.8; http://mj12bot.com/)"
17.121.114.238 - - [23/Jan/2022:06:25:54 +0100] "GET /metal-metal-paper-reel-p-42682.html HTTP/1.0" 200 73485 "-" "Mozilla/5.0 (Macintosh; Intel Mac OS X 10_15_5) AppleWebKit/605.1.15 (KHTML, like Gecko) Version/13.1.1 Safari/605.1.15 (Applebot/0.1; +http://www.apple.com/go/applebot)"
95.91.110.186 - - [23/Jan/2022:06:25:54 +0100] "GET /windchime-chimes-p-43532.html HTTP/1.0" 200 73963 "-" "Mozilla/5.0 (compatible; MJ12bot/v1.4.8; http://mj12bot.com/)"
154.54.249.198 - - [23/Jan/2022:06:25:55 +0100] "GET /funny-pets-mobile-sock-p-33097.html HTTP/1.0" 200 73526 "-" "Mozilla/5.0 (compatible; Barkrowler/0.9; +https://babbar.tech/crawler)"
185.191.171.39 - - [23/Jan/2022:06:25:56 +0100] "GET /rectangular-kitchen-towel-in-cotton-huile-dolive-p-51355.html HTTP/1.0" 301 73710 "-" "Mozilla/5.0 (compatible; SemrushBot/7~bl; +http://www.semrush.com/bot.html)"
95.91.110.186 - - [23/Jan/2022:06:26:06 +0100] "GET /winged-parma-piggy-bank-p-35465.html HTTP/1.0" 301 70785 "-" "Mozilla/5.0 (compatible; MJ12bot/v1.4.8; http://mj12bot.com/)"
185.191.171.10 - - [23/Jan/2022:06:26:08 +0100] "GET /rectangular-kitchen-towel-cotton-huile-dolive-p-51355.html HTTP/1.0" 200 73598 "-" "Mozilla/5.0 (compatible; SemrushBot/7~bl; +http://www.semrush.com/bot.html)"
185.191.171.45 - - [23/Jan/2022:06:26:15 +0100] "GET /petit-prince-exupry-collection-p-52454.html?action=add_product HTTP/1.0" 302 476 "-" "Mozilla/5.0 (compatible; SemrushBot/7~bl; +http://www.semrush.com/bot.html)"
95.91.110.186 - - [23/Jan/2022:06:26:14 +0100] "GET /-p-35465.html HTTP/1.0" 200 70718 "-" "Mozilla/5.0 (compatible; MJ12bot/v1.4.8; http://mj12bot.com/)"
154.54.249.198 - - [23/Jan/2022:06:26:19 +0100] "GET /funny-pets-mobile-sock-p-33096.html HTTP/1.0" 200 73503 "-" "Mozilla/5.0 (compatible; Barkrowler/0.9; +https://babbar.tech/crawler)"
95.91.110.186 - - [23/Jan/2022:06:26:24 +0100] "GET /winnie-cap-scarf-and-glove-set-54-cm-p-22272.html HTTP/1.0" 301 70923 "-" "Mozilla/5.0 (compatible; MJ12bot/v1.4.8; http://mj12bot.com/)"
95.91.110.186 - - [23/Jan/2022:06:26:36 +0100] "GET /winnie-scarf-glove-p-22272.html HTTP/1.0" 200 70838 "-" "Mozilla/5.0 (compatible; MJ12bot/v1.4.8; http://mj12bot.com/)"
154.54.249.198 - - [23/Jan/2022:06:26:38 +0100] "GET /cosmetic-bags-flat-purse-c-239.html HTTP/1.0" 301 95600 "-" "Mozilla/5.0 (compatible; Barkrowler/0.9; +https://babbar.tech/crawler)"
185.191.171.23 - - [23/Jan/2022:06:26:42 +0100] "GET /-p-27585.html?action=add_product HTTP/1.0" 302 476 "-" "Mozilla/5.0 (compatible; SemrushBot/7~bl; +http://www.semrush.com/bot.html)"
95.91.110.186 - - [23/Jan/2022:06:26:44 +0100] "GET /winnie-cap-scarf-and-glove-set-56-cm-p-22270.html HTTP/1.0" 301 70785 "-" "Mozilla/5.0 (compatible; MJ12bot/v1.4.8; http://mj12bot.com/)"
95.91.110.186 - - [23/Jan/2022:06:26:52 +0100] "GET /-p-22270.html HTTP/1.0" 200 70718 "-" "Mozilla/5.0 (compatible; MJ12bot/v1.4.8; http://mj12bot.com/)"
154.54.249.198 - - [23/Jan/2022:06:26:55 +0100] "GET /barcelone-ashtray-p-38010.html HTTP/1.0" 200 73308 "-" "Mozilla/5.0 (compatible; Barkrowler/0.9; +https://babbar.tech/crawler)"
95.91.110.186 - - [23/Jan/2022:06:27:04 +0100] "GET /winnie-cap-scarf-and-glove-set-56-cm-p-26730.html HTTP/1.0" 301 70785 "-" "Mozilla/5.0 (compatible; MJ12bot/v1.4.8; http://mj12bot.com/)"
193.177.162.34 - - [23/Jan/2022:06:27:12 +0100] "GET /images/mini_prod/1399984241820.jpg HTTP/1.0" 200 269 "-" "Mozilla/5.0 (X11; Ubuntu; Linux x86_64; rv:72.0) Gecko/20100101 Firefox/72.0"
185.191.171.12 - - [23/Jan/2022:06:27:10 +0100] "GET /mani-the-lucky-cat-glasses-case-p-39909.html HTTP/1.0" 301 70785 "-" "Mozilla/5.0 (compatible; SemrushBot/7~bl; +http://www.semrush.com/bot.html)"
154.54.249.198 - - [23/Jan/2022:06:27:12 +0100] "GET /sloth-moneybox-p-52234.html HTTP/1.0" 200 73896 "-" "Mozilla/5.0 (compatible; Barkrowler/0.9; +https://babbar.tech/crawler)"
95.91.110.186 - - [23/Jan/2022:06:27:13 +0100] "GET /-p-26730.html HTTP/1.0" 200 70718 "-" "Mozilla/5.0 (compatible; MJ12bot/v1.4.8; http://mj12bot.com/)"
185.191.171.33 - - [23/Jan/2022:06:27:14 +0100] "GET /-p-39909.html HTTP/1.0" 200 70718 "-" "Mozilla/5.0 (compatible; SemrushBot/7~bl; +http://www.semrush.com/bot.html)"
95.91.110.186 - - [23/Jan/2022:06:27:21 +0100] "GET /winnie-cap-scarf-and-glove-set-56-cm-p-26732.html HTTP/1.0" 301 70785 "-" "Mozilla/5.0 (compatible; MJ12bot/v1.4.8; http://mj12bot.com/)"
95.91.110.186 - - [23/Jan/2022:06:27:29 +0100] "GET /-p-26732.html HTTP/1.0" 200 70718 "-" "Mozilla/5.0 (compatible; MJ12bot/v1.4.8; http://mj12bot.com/)"
154.54.249.198 - - [23/Jan/2022:06:27:29 +0100] "GET /tucano-bedclothes-p-48832.html HTTP/1.0" 301 70785 "-" "Mozilla/5.0 (compatible; Barkrowler/0.9; +https://babbar.tech/crawler)"
54.36.148.243 - - [23/Jan/2022:06:27:37 +0100] "GET /french-riviera-black-cotton-shopping-p-38653.html HTTP/1.0" 200 73706 "-" "Mozilla/5.0 (compatible; AhrefsBot/7.0; +http://ahrefs.com/robot/)"
95.91.110.186 - - [23/Jan/2022:06:27:38 +0100] "GET /winnie-cap-scarf-and-glove-set-58-cm-p-22271.html HTTP/1.0" 301 70785 "-" "Mozilla/5.0 (compatible; MJ12bot/v1.4.8; http://mj12bot.com/)"
95.91.110.186 - - [23/Jan/2022:06:27:46 +0100] "GET /-p-22271.html HTTP/1.0" 200 70718 "-" "Mozilla/5.0 (compatible; MJ12bot/v1.4.8; http://mj12bot.com/)"
154.54.249.198 - - [23/Jan/2022:06:27:46 +0100] "GET /bedding-protection-c-11_192.html?page=3 HTTP/1.0" 200 79108 "-" "Mozilla/5.0 (compatible; Barkrowler/0.9; +https://babbar.tech/crawler)"
40.77.167.47 - - [23/Jan/2022:06:27:50 +0100] "GET /small-cool-lunch-blue-p-44328.html HTTP/1.0" 200 73544 "-" "Mozilla/5.0 (compatible; bingbot/2.0; +http://www.bing.com/bingbot.htm)"
95.91.110.186 - - [23/Jan/2022:06:27:53 +0100] "GET /winnie-gloves-p-18834.html HTTP/1.0" 301 70785 "-" "Mozilla/5.0 (compatible; MJ12bot/v1.4.8; http://mj12bot.com/)"
185.191.171.8 - - [23/Jan/2022:06:27:55 +0100] "GET /muzeum-red-mug-p-28665.html HTTP/1.0" 301 70785 "-" "Mozilla/5.0 (compatible; SemrushBot/7~bl; +http://www.semrush.com/bot.html)"
95.91.110.186 - - [23/Jan/2022:06:27:56 +0100] "GET /-p-18834.html HTTP/1.0" 200 70718 "-" "Mozilla/5.0 (compatible; MJ12bot/v1.4.8; http://mj12bot.com/)"
185.191.171.40 - - [23/Jan/2022:06:27:58 +0100] "GET /-p-28665.html HTTP/1.0" 200 70718 "-" "Mozilla/5.0 (compatible; SemrushBot/7~bl; +http://www.semrush.com/bot.html)"
154.54.249.198 - - [23/Jan/2022:06:28:03 +0100] "GET /bedding-protection-c-11_192.html?page=1 HTTP/1.0" 200 91126 "-" "Mozilla/5.0 (compatible; Barkrowler/0.9; +https://babbar.tech/crawler)"
95.91.110.186 - - [23/Jan/2022:06:28:05 +0100] "GET /winnie-light-p-33157.html HTTP/1.0" 301 70785 "-" "Mozilla/5.0 (compatible; MJ12bot/v1.4.8; http://mj12bot.com/)"
95.91.110.186 - - [23/Jan/2022:06:28:13 +0100] "GET /-p-33157.html HTTP/1.0" 200 70718 "-" "Mozilla/5.0 (compatible; MJ12bot/v1.4.8; http://mj12bot.com/)"
95.91.110.186 - - [23/Jan/2022:06:28:20 +0100] "GET /winnie-light-up-led-p-33157.html HTTP/1.0" 301 70785 "-" "Mozilla/5.0 (compatible; MJ12bot/v1.4.8; http://mj12bot.com/)"
154.54.249.198 - - [23/Jan/2022:06:28:20 +0100] "GET /bedding-protection-c-11_192.html?page=2 HTTP/1.0" 200 91622 "-" "Mozilla/5.0 (compatible; Barkrowler/0.9; +https://babbar.tech/crawler)"
95.91.110.186 - - [23/Jan/2022:06:28:27 +0100] "GET /-p-33157.html HTTP/1.0" 200 70718 "-" "Mozilla/5.0 (compatible; MJ12bot/v1.4.8; http://mj12bot.com/)"
154.54.249.198 - - [23/Jan/2022:06:28:39 +0100] "GET /bedding-protection-c-11_192.html?page=4 HTTP/1.0" 200 79108 "-" "Mozilla/5.0 (compatible; Barkrowler/0.9; +https://babbar.tech/crawler)"
95.91.110.186 - - [23/Jan/2022:06:28:39 +0100] "GET /winnie-scarf-glove-p-22272.html HTTP/1.0" 200 70838 "-" "Mozilla/5.0 (compatible; MJ12bot/v1.4.8; http://mj12bot.com/)"
185.191.171.11 - - [23/Jan/2022:06:28:46 +0100] "GET /tinted-candle-in-the-mass-dark-blue-color-p-48926.html HTTP/1.0" 301 73572 "-" "Mozilla/5.0 (compatible; SemrushBot/7~bl; +http://www.semrush.com/bot.html)"
114.119.128.39 - - [23/Jan/2022:06:28:47 +0100] "GET /japanese-white-gold-cast-iron-liter-teapot-p-54889.html HTTP/1.0" 200 74449 "-" "Mozilla/5.0 (Linux; Android 7.0;) AppleWebKit/537.36 (KHTML, like Gecko) Mobile Safari/537.36 (compatible; PetalBot;+https://webmaster.petalsearch.com/site/petalbot)"
95.91.110.186 - - [23/Jan/2022:06:28:48 +0100] "GET /winnie-sticker-p-24720.html HTTP/1.0" 301 70785 "-" "Mozilla/5.0 (compatible; MJ12bot/v1.4.8; http://mj12bot.com/)"
185.191.171.35 - - [23/Jan/2022:06:28:49 +0100] "GET /tinted-candle-mass-dark-blue-color-p-48926.html HTTP/1.0" 200 73471 "-" "Mozilla/5.0 (compatible; SemrushBot/7~bl; +http://www.semrush.com/bot.html)"
185.191.171.1 - - [23/Jan/2022:06:28:54 +0100] "GET /candy-cloud-unicorn-bella-p-49791.html HTTP/1.0" 200 70796 "-" "Mozilla/5.0 (compatible; SemrushBot/7~bl; +http://www.semrush.com/bot.html)"
95.91.110.186 - - [23/Jan/2022:06:28:55 +0100] "GET /-p-24720.html HTTP/1.0" 200 70718 "-" "Mozilla/5.0 (compatible; MJ12bot/v1.4.8; http://mj12bot.com/)"
154.54.249.198 - - [23/Jan/2022:06:28:55 +0100] "GET /bedclothes-parma-striped-p-44344.html HTTP/1.0" 200 73527 "-" "Mozilla/5.0 (compatible; Barkrowler/0.9; +https://babbar.tech/crawler)"
185.191.171.40 - - [23/Jan/2022:06:28:57 +0100] "GET /pear-resin-gold-patina-p-40002.html?action=add_product HTTP/1.0" 302 476 "-" "Mozilla/5.0 (compatible; SemrushBot/7~bl; +http://www.semrush.com/bot.html)"
95.91.110.186 - - [23/Jan/2022:06:29:05 +0100] "GET /wooden-storage-drawers-painted-oriental-motif-p-47699.html HTTP/1.0" 301 70785 "-" "Mozilla/5.0 (compatible; MJ12bot/v1.4.8; http://mj12bot.com/)"
185.191.171.18 - - [23/Jan/2022:06:29:06 +0100] "GET /body-baby-knight-p-50931.html HTTP/1.0" 200 73260 "-" "Mozilla/5.0 (compatible; SemrushBot/7~bl; +http://www.semrush.com/bot.html)"
154.54.249.198 - - [23/Jan/2022:06:29:12 +0100] "GET /bedclothes-beige-striped-p-44342.html HTTP/1.0" 301 70785 "-" "Mozilla/5.0 (compatible; Barkrowler/0.9; +https://babbar.tech/crawler)"
95.91.110.186 - - [23/Jan/2022:06:29:15 +0100] "GET /-p-47699.html HTTP/1.0" 200 70718 "-" "Mozilla/5.0 (compatible; MJ12bot/v1.4.8; http://mj12bot.com/)"
95.91.110.186 - - [23/Jan/2022:06:29:20 +0100] "GET /yakari-figure-p-15655.html HTTP/1.0" 301 70785 "-" "Mozilla/5.0 (compatible; MJ12bot/v1.4.8; http://mj12bot.com/)"
95.91.110.186 - - [23/Jan/2022:06:29:27 +0100] "GET /-p-15655.html HTTP/1.0" 200 70718 "-" "Mozilla/5.0 (compatible; MJ12bot/v1.4.8; http://mj12bot.com/)"
154.54.249.198 - - [23/Jan/2022:06:29:28 +0100] "GET /bedclothes-blue-striped-p-44341.html HTTP/1.0" 301 70785 "-" "Mozilla/5.0 (compatible; Barkrowler/0.9; +https://babbar.tech/crawler)"
157.55.39.153 - - [23/Jan/2022:06:29:36 +0100] "GET /images/big_prod/1384010202913.jpg HTTP/1.0" 200 268 "-" "Mozilla/5.0 (compatible; bingbot/2.0; +http://www.bing.com/bingbot.htm)"
95.91.110.186 - - [23/Jan/2022:06:29:37 +0100] "GET /yankees-backpack-p-22233.html HTTP/1.0" 301 70785 "-" "Mozilla/5.0 (compatible; MJ12bot/v1.4.8; http://mj12bot.com/)"
95.91.110.186 - - [23/Jan/2022:06:29:44 +0100] "GET /-p-22233.html HTTP/1.0" 200 70718 "-" "Mozilla/5.0 (compatible; MJ12bot/v1.4.8; http://mj12bot.com/)"
154.54.249.198 - - [23/Jan/2022:06:29:45 +0100] "GET /bedclothes-pink-striped-p-44345.html HTTP/1.0" 200 73520 "-" "Mozilla/5.0 (compatible; Barkrowler/0.9; +https://babbar.tech/crawler)"
95.91.110.186 - - [23/Jan/2022:06:29:50 +0100] "GET /years-cars-bathrobe-p-15621.html HTTP/1.0" 301 70785 "-" "Mozilla/5.0 (compatible; MJ12bot/v1.4.8; http://mj12bot.com/)"
95.91.110.186 - - [23/Jan/2022:06:29:56 +0100] "GET /-p-15621.html HTTP/1.0" 200 70718 "-" "Mozilla/5.0 (compatible; MJ12bot/v1.4.8; http://mj12bot.com/)"
