195.123.209.118 - - [23/Jan/2022:11:49:32 +0100] "GET / HTTP/1.0" 500 73327 "https://npotelecom.ru/" "Mozilla/4.0 (compatible; MSIE 6.0; Windows NT 5.1; SV1; InfoPath.1"
185.191.171.4 - - [23/Jan/2022:11:49:34 +0100] "GET /cccp-star-adult-military-cap-by-cbkreation-p-36525.html HTTP/1.0" 301 73643 "-" "Mozilla/5.0 (compatible; SemrushBot/7~bl; +http://www.semrush.com/bot.html)"
195.123.209.118 - - [23/Jan/2022:11:49:33 +0100] "GET / HTTP/1.0" 500 73327 "https://npotelecom.ru/" "Mozilla/4.0 (compatible; MSIE 6.0; Windows NT 5.1; SV1; InfoPath.1"
195.123.209.118 - - [23/Jan/2022:11:49:34 +0100] "GET / HTTP/1.0" 500 73327 "https://npotelecom.ru/" "Mozilla/4.0 (compatible; MSIE 6.0; Windows NT 5.1; SV1; InfoPath.1"
192.99.9.25 - - [23/Jan/2022:11:49:37 +0100] "GET /-p-10163.html HTTP/1.0" 200 70718 "-" "Mozilla/5.0 (compatible; MJ12bot/v1.4.8; http://mj12bot.com/)"
185.191.171.44 - - [23/Jan/2022:11:49:38 +0100] "GET /cccp-star-adult-military-cbkration-p-36525.html HTTP/1.0" 200 73542 "-" "Mozilla/5.0 (compatible; SemrushBot/7~bl; +http://www.semrush.com/bot.html)"
192.99.9.25 - - [23/Jan/2022:11:49:40 +0100] "GET /-p-11466.html HTTP/1.0" 200 70718 "-" "Mozilla/5.0 (compatible; MJ12bot/v1.4.8; http://mj12bot.com/)"
185.191.171.20 - - [23/Jan/2022:11:49:40 +0100] "GET /pencil-case-c-31_75.html?page=6 HTTP/1.0" 200 94594 "-" "Mozilla/5.0 (compatible; SemrushBot/7~bl; +http://www.semrush.com/bot.html)"
192.99.9.25 - - [23/Jan/2022:11:49:43 +0100] "GET /-p-12214.html HTTP/1.0" 200 70718 "-" "Mozilla/5.0 (compatible; MJ12bot/v1.4.8; http://mj12bot.com/)"
192.99.9.25 - - [23/Jan/2022:11:49:47 +0100] "GET /-p-13089.html HTTP/1.0" 200 70718 "-" "Mozilla/5.0 (compatible; MJ12bot/v1.4.8; http://mj12bot.com/)"
192.99.9.25 - - [23/Jan/2022:11:49:50 +0100] "GET /-p-13093.html HTTP/1.0" 200 70718 "-" "Mozilla/5.0 (compatible; MJ12bot/v1.4.8; http://mj12bot.com/)"
192.99.9.25 - - [23/Jan/2022:11:49:53 +0100] "GET /-p-13306.html HTTP/1.0" 200 70718 "-" "Mozilla/5.0 (compatible; MJ12bot/v1.4.8; http://mj12bot.com/)"
192.99.9.25 - - [23/Jan/2022:11:49:56 +0100] "GET /-p-13821.html HTTP/1.0" 200 70718 "-" "Mozilla/5.0 (compatible; MJ12bot/v1.4.8; http://mj12bot.com/)"
192.99.9.25 - - [23/Jan/2022:11:49:59 +0100] "GET /-p-13824.html HTTP/1.0" 200 70718 "-" "Mozilla/5.0 (compatible; MJ12bot/v1.4.8; http://mj12bot.com/)"
185.191.171.14 - - [23/Jan/2022:11:50:03 +0100] "GET /-p-17411.html?action=add_product HTTP/1.0" 302 476 "-" "Mozilla/5.0 (compatible; SemrushBot/7~bl; +http://www.semrush.com/bot.html)"
192.99.9.25 - - [23/Jan/2022:11:50:02 +0100] "GET /-p-13917.html HTTP/1.0" 200 70718 "-" "Mozilla/5.0 (compatible; MJ12bot/v1.4.8; http://mj12bot.com/)"
192.99.9.25 - - [23/Jan/2022:11:50:05 +0100] "GET /-p-14215.html HTTP/1.0" 200 70718 "-" "Mozilla/5.0 (compatible; MJ12bot/v1.4.8; http://mj12bot.com/)"
192.99.9.25 - - [23/Jan/2022:11:50:09 +0100] "GET /-p-14562.html HTTP/1.0" 200 70718 "-" "Mozilla/5.0 (compatible; MJ12bot/v1.4.8; http://mj12bot.com/)"
192.99.9.25 - - [23/Jan/2022:11:50:12 +0100] "GET /-p-14622.html HTTP/1.0" 200 70718 "-" "Mozilla/5.0 (compatible; MJ12bot/v1.4.8; http://mj12bot.com/)"
192.99.9.25 - - [23/Jan/2022:11:50:16 +0100] "GET /-p-14866.html HTTP/1.0" 200 70718 "-" "Mozilla/5.0 (compatible; MJ12bot/v1.4.8; http://mj12bot.com/)"
17.121.112.50 - - [23/Jan/2022:11:50:17 +0100] "GET /images/big_prod/3503420121401.jpg HTTP/1.0" 200 268 "-" "Mozilla/5.0 (Macintosh; Intel Mac OS X 10_15_5) AppleWebKit/605.1.15 (KHTML, like Gecko) Version/13.1.1 Safari/605.1.15 (Applebot/0.1; +http://www.apple.com/go/applebot)"
192.99.9.25 - - [23/Jan/2022:11:50:19 +0100] "GET /-p-15411.html HTTP/1.0" 200 70718 "-" "Mozilla/5.0 (compatible; MJ12bot/v1.4.8; http://mj12bot.com/)"
192.99.9.25 - - [23/Jan/2022:11:50:23 +0100] "GET /-p-15423.html HTTP/1.0" 200 70718 "-" "Mozilla/5.0 (compatible; MJ12bot/v1.4.8; http://mj12bot.com/)"
192.99.9.25 - - [23/Jan/2022:11:50:27 +0100] "GET /-p-15621.html HTTP/1.0" 200 70718 "-" "Mozilla/5.0 (compatible; MJ12bot/v1.4.8; http://mj12bot.com/)"
192.99.9.25 - - [23/Jan/2022:11:50:30 +0100] "GET /-p-15655.html HTTP/1.0" 200 70718 "-" "Mozilla/5.0 (compatible; MJ12bot/v1.4.8; http://mj12bot.com/)"
192.99.9.25 - - [23/Jan/2022:11:50:34 +0100] "GET /-p-16110.html HTTP/1.0" 200 70718 "-" "Mozilla/5.0 (compatible; MJ12bot/v1.4.8; http://mj12bot.com/)"
54.36.148.243 - - [23/Jan/2022:11:50:35 +0100] "GET /thread-count-cotton-percale-fitted-sheet-p-54443.html HTTP/1.0" 200 74499 "-" "Mozilla/5.0 (compatible; AhrefsBot/7.0; +http://ahrefs.com/robot/)"
192.99.9.25 - - [23/Jan/2022:11:50:37 +0100] "GET /-p-16360.html HTTP/1.0" 200 70718 "-" "Mozilla/5.0 (compatible; MJ12bot/v1.4.8; http://mj12bot.com/)"
192.99.9.25 - - [23/Jan/2022:11:50:41 +0100] "GET /-p-16363.html HTTP/1.0" 200 70718 "-" "Mozilla/5.0 (compatible; MJ12bot/v1.4.8; http://mj12bot.com/)"
192.99.9.25 - - [23/Jan/2022:11:50:44 +0100] "GET /-p-16373.html HTTP/1.0" 200 70718 "-" "Mozilla/5.0 (compatible; MJ12bot/v1.4.8; http://mj12bot.com/)"
192.99.9.25 - - [23/Jan/2022:11:50:47 +0100] "GET /-p-16396.html HTTP/1.0" 200 70718 "-" "Mozilla/5.0 (compatible; MJ12bot/v1.4.8; http://mj12bot.com/)"
192.99.9.25 - - [23/Jan/2022:11:50:51 +0100] "GET /-p-16582.html HTTP/1.0" 200 70718 "-" "Mozilla/5.0 (compatible; MJ12bot/v1.4.8; http://mj12bot.com/)"
192.99.9.25 - - [23/Jan/2022:11:50:54 +0100] "GET /-p-16835.html HTTP/1.0" 200 70718 "-" "Mozilla/5.0 (compatible; MJ12bot/v1.4.8; http://mj12bot.com/)"
192.99.9.25 - - [23/Jan/2022:11:50:57 +0100] "GET /-p-16948.html HTTP/1.0" 200 70718 "-" "Mozilla/5.0 (compatible; MJ12bot/v1.4.8; http://mj12bot.com/)"
192.99.9.25 - - [23/Jan/2022:11:51:00 +0100] "GET /-p-16950.html HTTP/1.0" 200 70718 "-" "Mozilla/5.0 (compatible; MJ12bot/v1.4.8; http://mj12bot.com/)"
192.99.9.25 - - [23/Jan/2022:11:51:03 +0100] "GET /-p-16953.html HTTP/1.0" 200 70718 "-" "Mozilla/5.0 (compatible; MJ12bot/v1.4.8; http://mj12bot.com/)"
192.99.9.25 - - [23/Jan/2022:11:51:07 +0100] "GET /-p-17393.html HTTP/1.0" 200 70718 "-" "Mozilla/5.0 (compatible; MJ12bot/v1.4.8; http://mj12bot.com/)"
192.99.9.25 - - [23/Jan/2022:11:51:10 +0100] "GET /-p-17568.html HTTP/1.0" 200 70718 "-" "Mozilla/5.0 (compatible; MJ12bot/v1.4.8; http://mj12bot.com/)"
192.99.9.25 - - [23/Jan/2022:11:51:14 +0100] "GET /-p-17603.html HTTP/1.0" 200 70718 "-" "Mozilla/5.0 (compatible; MJ12bot/v1.4.8; http://mj12bot.com/)"
192.99.9.25 - - [23/Jan/2022:11:51:17 +0100] "GET /-p-18302.html HTTP/1.0" 200 70718 "-" "Mozilla/5.0 (compatible; MJ12bot/v1.4.8; http://mj12bot.com/)"
192.99.9.25 - - [23/Jan/2022:11:51:20 +0100] "GET /-p-18411.html HTTP/1.0" 200 70718 "-" "Mozilla/5.0 (compatible; MJ12bot/v1.4.8; http://mj12bot.com/)"
192.99.9.25 - - [23/Jan/2022:11:51:23 +0100] "GET /-p-18624.html HTTP/1.0" 200 70718 "-" "Mozilla/5.0 (compatible; MJ12bot/v1.4.8; http://mj12bot.com/)"
185.191.171.17 - - [23/Jan/2022:11:51:26 +0100] "GET /wooden-decorative-plate-30-cm-brasserie-mousses-p-53547.html HTTP/1.0" 301 74317 "-" "Mozilla/5.0 (compatible; SemrushBot/7~bl; +http://www.semrush.com/bot.html)"
192.99.9.25 - - [23/Jan/2022:11:51:26 +0100] "GET /-p-18683.html HTTP/1.0" 200 70718 "-" "Mozilla/5.0 (compatible; MJ12bot/v1.4.8; http://mj12bot.com/)"
185.191.171.44 - - [23/Jan/2022:11:51:29 +0100] "GET /wooden-decorative-plate-brasserie-mousses-p-53547.html HTTP/1.0" 200 74209 "-" "Mozilla/5.0 (compatible; SemrushBot/7~bl; +http://www.semrush.com/bot.html)"
192.99.9.25 - - [23/Jan/2022:11:51:31 +0100] "GET /-p-18834.html HTTP/1.0" 200 70718 "-" "Mozilla/5.0 (compatible; MJ12bot/v1.4.8; http://mj12bot.com/)"
159.138.102.98 - - [23/Jan/2022:11:51:34 +0100] "GET /soulful-soliloquy-jack-skellington-fountain-figurine-p-53262.html HTTP/1.0" 200 75500 "-" "Mozilla/5.0 (Linux; Android 7.0;) AppleWebKit/537.36 (KHTML, like Gecko) Mobile Safari/537.36 (compatible; PetalBot;+https://webmaster.petalsearch.com/site/petalbot)"
192.99.9.25 - - [23/Jan/2022:11:51:34 +0100] "GET /-p-19049.html HTTP/1.0" 200 70718 "-" "Mozilla/5.0 (compatible; MJ12bot/v1.4.8; http://mj12bot.com/)"
192.99.9.25 - - [23/Jan/2022:11:51:38 +0100] "GET /-p-19092.html HTTP/1.0" 200 70718 "-" "Mozilla/5.0 (compatible; MJ12bot/v1.4.8; http://mj12bot.com/)"
192.99.9.25 - - [23/Jan/2022:11:51:41 +0100] "GET /-p-19114.html HTTP/1.0" 200 70718 "-" "Mozilla/5.0 (compatible; MJ12bot/v1.4.8; http://mj12bot.com/)"
192.99.9.25 - - [23/Jan/2022:11:51:44 +0100] "GET /-p-19146.html HTTP/1.0" 200 70718 "-" "Mozilla/5.0 (compatible; MJ12bot/v1.4.8; http://mj12bot.com/)"
192.99.9.25 - - [23/Jan/2022:11:51:47 +0100] "GET /-p-19715.html HTTP/1.0" 200 70718 "-" "Mozilla/5.0 (compatible; MJ12bot/v1.4.8; http://mj12bot.com/)"
192.99.9.25 - - [23/Jan/2022:11:51:50 +0100] "GET /-p-20836.html HTTP/1.0" 200 70718 "-" "Mozilla/5.0 (compatible; MJ12bot/v1.4.8; http://mj12bot.com/)"
192.99.9.25 - - [23/Jan/2022:11:51:53 +0100] "GET /-p-21324.html HTTP/1.0" 200 70718 "-" "Mozilla/5.0 (compatible; MJ12bot/v1.4.8; http://mj12bot.com/)"
192.99.9.25 - - [23/Jan/2022:11:51:56 +0100] "GET /-p-21505.html HTTP/1.0" 200 70718 "-" "Mozilla/5.0 (compatible; MJ12bot/v1.4.8; http://mj12bot.com/)"
192.99.9.25 - - [23/Jan/2022:11:52:00 +0100] "GET /-p-21577.html HTTP/1.0" 200 70718 "-" "Mozilla/5.0 (compatible; MJ12bot/v1.4.8; http://mj12bot.com/)"
192.99.9.25 - - [23/Jan/2022:11:52:03 +0100] "GET /-p-21643.html HTTP/1.0" 200 70718 "-" "Mozilla/5.0 (compatible; MJ12bot/v1.4.8; http://mj12bot.com/)"
192.99.9.25 - - [23/Jan/2022:11:52:06 +0100] "GET /-p-21690.html HTTP/1.0" 200 70718 "-" "Mozilla/5.0 (compatible; MJ12bot/v1.4.8; http://mj12bot.com/)"
192.99.9.25 - - [23/Jan/2022:11:52:10 +0100] "GET /-p-21841.html HTTP/1.0" 200 70718 "-" "Mozilla/5.0 (compatible; MJ12bot/v1.4.8; http://mj12bot.com/)"
192.99.9.25 - - [23/Jan/2022:11:52:13 +0100] "GET /-p-21860.html HTTP/1.0" 200 70718 "-" "Mozilla/5.0 (compatible; MJ12bot/v1.4.8; http://mj12bot.com/)"
192.99.9.25 - - [23/Jan/2022:11:52:16 +0100] "GET /-p-21863.html HTTP/1.0" 200 70718 "-" "Mozilla/5.0 (compatible; MJ12bot/v1.4.8; http://mj12bot.com/)"
192.99.9.25 - - [23/Jan/2022:11:52:20 +0100] "GET /-p-21866.html HTTP/1.0" 200 70718 "-" "Mozilla/5.0 (compatible; MJ12bot/v1.4.8; http://mj12bot.com/)"
192.99.9.25 - - [23/Jan/2022:11:52:23 +0100] "GET /-p-22094.html HTTP/1.0" 200 70718 "-" "Mozilla/5.0 (compatible; MJ12bot/v1.4.8; http://mj12bot.com/)"
192.99.9.25 - - [23/Jan/2022:11:52:26 +0100] "GET /-p-22095.html HTTP/1.0" 200 70718 "-" "Mozilla/5.0 (compatible; MJ12bot/v1.4.8; http://mj12bot.com/)"
192.99.9.25 - - [23/Jan/2022:11:52:29 +0100] "GET /-p-22233.html HTTP/1.0" 200 70718 "-" "Mozilla/5.0 (compatible; MJ12bot/v1.4.8; http://mj12bot.com/)"
185.191.171.14 - - [23/Jan/2022:11:52:31 +0100] "GET /elephant-statuette-shore-p-51779.html?action=add_product HTTP/1.0" 302 476 "-" "Mozilla/5.0 (compatible; SemrushBot/7~bl; +http://www.semrush.com/bot.html)"
192.99.9.25 - - [23/Jan/2022:11:52:32 +0100] "GET /-p-22270.html HTTP/1.0" 200 70718 "-" "Mozilla/5.0 (compatible; MJ12bot/v1.4.8; http://mj12bot.com/)"
192.99.9.25 - - [23/Jan/2022:11:52:35 +0100] "GET /-p-22271.html HTTP/1.0" 200 70718 "-" "Mozilla/5.0 (compatible; MJ12bot/v1.4.8; http://mj12bot.com/)"
192.99.9.25 - - [23/Jan/2022:11:52:39 +0100] "GET /-p-22317.html HTTP/1.0" 200 70718 "-" "Mozilla/5.0 (compatible; MJ12bot/v1.4.8; http://mj12bot.com/)"
192.99.9.25 - - [23/Jan/2022:11:52:42 +0100] "GET /-p-22355.html HTTP/1.0" 200 70718 "-" "Mozilla/5.0 (compatible; MJ12bot/v1.4.8; http://mj12bot.com/)"
192.99.9.25 - - [23/Jan/2022:11:52:45 +0100] "GET /-p-22356.html HTTP/1.0" 200 70718 "-" "Mozilla/5.0 (compatible; MJ12bot/v1.4.8; http://mj12bot.com/)"
192.99.9.25 - - [23/Jan/2022:11:52:48 +0100] "GET /-p-22458.html HTTP/1.0" 200 70718 "-" "Mozilla/5.0 (compatible; MJ12bot/v1.4.8; http://mj12bot.com/)"
192.99.9.25 - - [23/Jan/2022:11:52:52 +0100] "GET /-p-23115.html HTTP/1.0" 200 70718 "-" "Mozilla/5.0 (compatible; MJ12bot/v1.4.8; http://mj12bot.com/)"
192.99.9.25 - - [23/Jan/2022:11:52:55 +0100] "GET /-p-23193.html HTTP/1.0" 200 70718 "-" "Mozilla/5.0 (compatible; MJ12bot/v1.4.8; http://mj12bot.com/)"
192.99.9.25 - - [23/Jan/2022:11:52:58 +0100] "GET /-p-23350.html HTTP/1.0" 200 70718 "-" "Mozilla/5.0 (compatible; MJ12bot/v1.4.8; http://mj12bot.com/)"
192.99.9.25 - - [23/Jan/2022:11:53:01 +0100] "GET /-p-24178.html HTTP/1.0" 200 70718 "-" "Mozilla/5.0 (compatible; MJ12bot/v1.4.8; http://mj12bot.com/)"
192.99.9.25 - - [23/Jan/2022:11:53:04 +0100] "GET /-p-24277.html HTTP/1.0" 200 70718 "-" "Mozilla/5.0 (compatible; MJ12bot/v1.4.8; http://mj12bot.com/)"
192.99.9.25 - - [23/Jan/2022:11:53:07 +0100] "GET /-p-24547.html HTTP/1.0" 200 70718 "-" "Mozilla/5.0 (compatible; MJ12bot/v1.4.8; http://mj12bot.com/)"
192.99.9.25 - - [23/Jan/2022:11:53:10 +0100] "GET /-p-24720.html HTTP/1.0" 200 70718 "-" "Mozilla/5.0 (compatible; MJ12bot/v1.4.8; http://mj12bot.com/)"
185.191.171.6 - - [23/Jan/2022:11:53:12 +0100] "GET /mirror-to-hang-mosaics-elephant-p-46423.html HTTP/1.0" 301 70926 "-" "Mozilla/5.0 (compatible; SemrushBot/7~bl; +http://www.semrush.com/bot.html)"
192.99.9.25 - - [23/Jan/2022:11:53:14 +0100] "GET /-p-24909.html HTTP/1.0" 200 70718 "-" "Mozilla/5.0 (compatible; MJ12bot/v1.4.8; http://mj12bot.com/)"
185.191.171.9 - - [23/Jan/2022:11:53:15 +0100] "GET /mirror-hang-mosaics-elephant-p-46423.html HTTP/1.0" 200 70831 "-" "Mozilla/5.0 (compatible; SemrushBot/7~bl; +http://www.semrush.com/bot.html)"
192.99.9.25 - - [23/Jan/2022:11:53:17 +0100] "GET /-p-24951.html HTTP/1.0" 200 70718 "-" "Mozilla/5.0 (compatible; MJ12bot/v1.4.8; http://mj12bot.com/)"
192.99.9.25 - - [23/Jan/2022:11:53:20 +0100] "GET /-p-25023.html HTTP/1.0" 200 70718 "-" "Mozilla/5.0 (compatible; MJ12bot/v1.4.8; http://mj12bot.com/)"
192.99.9.25 - - [23/Jan/2022:11:53:24 +0100] "GET /-p-25039.html HTTP/1.0" 200 70718 "-" "Mozilla/5.0 (compatible; MJ12bot/v1.4.8; http://mj12bot.com/)"
192.99.9.25 - - [23/Jan/2022:11:53:27 +0100] "GET /-p-25158.html HTTP/1.0" 200 70718 "-" "Mozilla/5.0 (compatible; MJ12bot/v1.4.8; http://mj12bot.com/)"
192.99.9.25 - - [23/Jan/2022:11:53:31 +0100] "GET /-p-25159.html HTTP/1.0" 200 70718 "-" "Mozilla/5.0 (compatible; MJ12bot/v1.4.8; http://mj12bot.com/)"
185.191.171.11 - - [23/Jan/2022:11:53:40 +0100] "GET /california-custom-glass-clock-p-55076.html HTTP/1.0" 200 73537 "-" "Mozilla/5.0 (compatible; SemrushBot/7~bl; +http://www.semrush.com/bot.html)"
54.36.148.243 - - [23/Jan/2022:11:53:42 +0100] "GET /mistletoe-kiss-stitch-angel-with-mistletoe-figurine-p-56811.html HTTP/1.0" 200 74639 "-" "Mozilla/5.0 (compatible; AhrefsBot/7.0; +http://ahrefs.com/robot/)"
185.191.171.26 - - [23/Jan/2022:11:54:35 +0100] "GET /natural-wood-statue-41-cm-p-49597.html HTTP/1.0" 301 73522 "-" "Mozilla/5.0 (compatible; SemrushBot/7~bl; +http://www.semrush.com/bot.html)"
185.191.171.18 - - [23/Jan/2022:11:54:39 +0100] "GET /natural-wood-statue-p-49597.html HTTP/1.0" 200 73436 "-" "Mozilla/5.0 (compatible; SemrushBot/7~bl; +http://www.semrush.com/bot.html)"
185.191.171.21 - - [23/Jan/2022:11:54:53 +0100] "GET /tooth-glass-lavender-parma-p-39762.html?action=add_product HTTP/1.0" 302 476 "-" "Mozilla/5.0 (compatible; SemrushBot/7~bl; +http://www.semrush.com/bot.html)"
193.177.162.34 - - [23/Jan/2022:11:54:59 +0100] "GET /images/mini_prod/8424346350001.jpg HTTP/1.0" 200 269 "-" "Mozilla/5.0 (X11; Ubuntu; Linux x86_64; rv:72.0) Gecko/20100101 Firefox/72.0"
54.36.148.192 - - [23/Jan/2022:11:55:35 +0100] "GET /hanging-metal-structure-butterfly-50-33-cm-p-46788.html HTTP/1.0" 301 73643 "-" "Mozilla/5.0 (compatible; AhrefsBot/7.0; +http://ahrefs.com/robot/)"
147.92.153.2 - - [23/Jan/2022:11:55:37 +0100] "GET /model-criterium-p-35449.html HTTP/1.0" 200 73395 "-" "Mozilla/5.0 (compatible; Linespider/1.1; +https://lin.ee/4dwXkTH)"
54.36.148.243 - - [23/Jan/2022:11:56:41 +0100] "GET /tibetan-treasure-hand-painted-flowers-p-54961.html HTTP/1.0" 200 74877 "-" "Mozilla/5.0 (compatible; AhrefsBot/7.0; +http://ahrefs.com/robot/)"
114.119.128.37 - - [23/Jan/2022:11:57:54 +0100] "GET /johnny-hallyday-set-bar-p-19526.html HTTP/1.0" 301 73544 "-" "Mozilla/5.0 (Linux; Android 7.0;) AppleWebKit/537.36 (KHTML, like Gecko) Mobile Safari/537.36 (compatible; PetalBot;+https://webmaster.petalsearch.com/site/petalbot)"
114.119.128.37 - - [23/Jan/2022:11:57:57 +0100] "GET /johnny-hallyday-p-19526.html HTTP/1.0" 200 73462 "-" "Mozilla/5.0 (Linux; Android 7.0;) AppleWebKit/537.36 (KHTML, like Gecko) Mobile Safari/537.36 (compatible; PetalBot;+https://webmaster.petalsearch.com/site/petalbot)"
185.191.171.1 - - [23/Jan/2022:11:58:06 +0100] "GET /monster-high-companion-wallet-p-15502.html HTTP/1.0" 200 74203 "-" "Mozilla/5.0 (compatible; SemrushBot/7~bl; +http://www.semrush.com/bot.html)"
216.244.66.242 - - [23/Jan/2022:11:58:59 +0100] "GET /zodiac-black-women-shirt-p-30813.html HTTP/1.0" 200 75346 "-" "Mozilla/5.0 (compatible; DotBot/1.2; +https://opensiteexplorer.org/dotbot; help@moz.com)"
185.191.171.44 - - [23/Jan/2022:11:59:26 +0100] "GET /round-fringed-rug-90-cm-p-53785.html HTTP/1.0" 301 74346 "-" "Mozilla/5.0 (compatible; SemrushBot/7~bl; +http://www.semrush.com/bot.html)"
185.191.171.13 - - [23/Jan/2022:11:59:29 +0100] "GET /round-fringed-p-53785.html HTTP/1.0" 200 74266 "-" "Mozilla/5.0 (compatible; SemrushBot/7~bl; +http://www.semrush.com/bot.html)"
54.36.148.243 - - [23/Jan/2022:11:59:35 +0100] "GET /emotion-white-color-statuette-p-48428.html HTTP/1.0" 200 74088 "-" "Mozilla/5.0 (compatible; AhrefsBot/7.0; +http://ahrefs.com/robot/)"
185.191.171.45 - - [23/Jan/2022:12:00:02 +0100] "GET /renault-metal-can-money-box-p-52949.html HTTP/1.0" 301 73487 "-" "Mozilla/5.0 (compatible; SemrushBot/7~bl; +http://www.semrush.com/bot.html)"
185.191.171.36 - - [23/Jan/2022:12:00:08 +0100] "GET /renault-metal-money-p-52949.html HTTP/1.0" 200 73401 "-" "Mozilla/5.0 (compatible; SemrushBot/7~bl; +http://www.semrush.com/bot.html)"
185.191.171.5 - - [23/Jan/2022:12:00:22 +0100] "GET /small-tinbox-retro-motorcycle-55-25-cm-p-41335.html HTTP/1.0" 301 70998 "-" "Mozilla/5.0 (compatible; SemrushBot/7~bl; +http://www.semrush.com/bot.html)"
185.191.171.35 - - [23/Jan/2022:12:00:25 +0100] "GET /small-tinbox-rtro-motorcycle-p-41335.html HTTP/1.0" 200 70903 "-" "Mozilla/5.0 (compatible; SemrushBot/7~bl; +http://www.semrush.com/bot.html)"
185.191.171.1 - - [23/Jan/2022:12:00:29 +0100] "GET /small-candle-plum-orange-blossom-p-46022.html?action=add_product HTTP/1.0" 302 476 "-" "Mozilla/5.0 (compatible; SemrushBot/7~bl; +http://www.semrush.com/bot.html)"
185.191.171.39 - - [23/Jan/2022:12:00:36 +0100] "GET /pencil-case-turning-into-pencil-bear-p-49226.html HTTP/1.0" 200 74629 "-" "Mozilla/5.0 (compatible; SemrushBot/7~bl; +http://www.semrush.com/bot.html)"
185.191.171.39 - - [23/Jan/2022:12:00:47 +0100] "GET /decorative-statuette-monkeys-wisdom-green-p-53624.html HTTP/1.0" 200 73640 "-" "Mozilla/5.0 (compatible; SemrushBot/7~bl; +http://www.semrush.com/bot.html)"
51.68.224.127 - - [23/Jan/2022:12:02:21 +0100] "GET /adminweb/export_orders_xml.php?token=256de2z6edz6ed2z6DFSFsed2zed6zeDSFDSGdzedezfzf&maxorders=10&orderstart=1&status=14&start_date=2018-10-01 HTTP/1.0" 200 285 "-" "GesCom CharlotteBoutik Serveur"
51.68.224.127 - - [23/Jan/2022:12:02:21 +0100] "GET /adminweb/export_orders_xml.php?token=256de2z6edz6ed2z6DFSFsed2zed6zeDSFDSGdzedezfzf&maxorders=10&orderstart=1&status=6&start_date=2018-10-01 HTTP/1.0" 200 32795 "-" "GesCom CharlotteBoutik Serveur"
54.36.148.243 - - [23/Jan/2022:12:02:35 +0100] "GET /small-cups-plank-christmas-p-57089.html HTTP/1.0" 200 73570 "-" "Mozilla/5.0 (compatible; AhrefsBot/7.0; +http://ahrefs.com/robot/)"
66.249.66.199 - - [23/Jan/2022:12:02:59 +0100] "GET /images/big_prod/50200424346216482.jpg HTTP/1.0" 200 272 "-" "Googlebot-Image/1.0"
185.191.171.15 - - [23/Jan/2022:12:03:07 +0100] "GET /gift-box-cat-bowl-and-plaid-p-31525.html HTTP/1.0" 301 73756 "-" "Mozilla/5.0 (compatible; SemrushBot/7~bl; +http://www.semrush.com/bot.html)"
185.191.171.25 - - [23/Jan/2022:12:03:10 +0100] "GET /gift-bowl-plaid-p-31525.html HTTP/1.0" 200 73674 "-" "Mozilla/5.0 (compatible; SemrushBot/7~bl; +http://www.semrush.com/bot.html)"
114.119.128.39 - - [23/Jan/2022:12:03:21 +0100] "GET /welcome-surf-wooden-wall-decoration-to-hang-p-41386.html HTTP/1.0" 301 73719 "-" "Mozilla/5.0 (Linux; Android 7.0;) AppleWebKit/537.36 (KHTML, like Gecko) Mobile Safari/537.36 (compatible; PetalBot;+https://webmaster.petalsearch.com/site/petalbot)"
114.119.128.39 - - [23/Jan/2022:12:03:23 +0100] "GET /welcome-surf-wooden-wall-decoration-hang-p-41386.html HTTP/1.0" 200 73612 "-" "Mozilla/5.0 (Linux; Android 7.0;) AppleWebKit/537.36 (KHTML, like Gecko) Mobile Safari/537.36 (compatible; PetalBot;+https://webmaster.petalsearch.com/site/petalbot)"
185.191.171.6 - - [23/Jan/2022:12:03:55 +0100] "GET /horse-mouse-p-24680.html HTTP/1.0" 200 73239 "-" "Mozilla/5.0 (compatible; SemrushBot/7~bl; +http://www.semrush.com/bot.html)"
185.191.171.2 - - [23/Jan/2022:12:04:18 +0100] "GET /double-round-metal-mirror-to-put-on-golden-look-p-52463.html HTTP/1.0" 301 74536 "-" "Mozilla/5.0 (compatible; SemrushBot/7~bl; +http://www.semrush.com/bot.html)"
185.191.171.6 - - [23/Jan/2022:12:04:21 +0100] "GET /double-round-metal-mirror-golden-look-p-52463.html HTTP/1.0" 200 74432 "-" "Mozilla/5.0 (compatible; SemrushBot/7~bl; +http://www.semrush.com/bot.html)"
185.191.171.6 - - [23/Jan/2022:12:04:51 +0100] "GET /figures-c-4_15.html?page=1 HTTP/1.0" 200 91848 "-" "Mozilla/5.0 (compatible; SemrushBot/7~bl; +http://www.semrush.com/bot.html)"
157.55.39.62 - - [23/Jan/2022:12:05:26 +0100] "GET /images/8421440076011.jpg HTTP/1.0" 200 259 "-" "Mozilla/5.0 (compatible; bingbot/2.0; +http://www.bing.com/bingbot.htm)"
54.36.148.243 - - [23/Jan/2022:12:05:33 +0100] "GET /gift-piggy-banks-p-57196.html HTTP/1.0" 200 74120 "-" "Mozilla/5.0 (compatible; AhrefsBot/7.0; +http://ahrefs.com/robot/)"
157.55.39.125 - - [23/Jan/2022:12:05:40 +0100] "GET /images/3524550007120.jpg HTTP/1.0" 200 259 "-" "Mozilla/5.0 (compatible; bingbot/2.0; +http://www.bing.com/bingbot.htm)"
114.119.128.26 - - [23/Jan/2022:12:06:01 +0100] "GET /harley-davidson-mini-box-p-27955.html HTTP/1.0" 301 70883 "-" "Mozilla/5.0 (Linux; Android 7.0;) AppleWebKit/537.36 (KHTML, like Gecko) Mobile Safari/537.36 (compatible; PetalBot;+https://webmaster.petalsearch.com/site/petalbot)"
114.119.128.26 - - [23/Jan/2022:12:06:06 +0100] "GET /harley-davidson-mini-p-27955.html HTTP/1.0" 200 70796 "-" "Mozilla/5.0 (Linux; Android 7.0;) AppleWebKit/537.36 (KHTML, like Gecko) Mobile Safari/537.36 (compatible; PetalBot;+https://webmaster.petalsearch.com/site/petalbot)"
185.191.171.44 - - [23/Jan/2022:12:06:36 +0100] "GET /orchids-wall-stickers-p-52222.html HTTP/1.0" 200 74046 "-" "Mozilla/5.0 (compatible; SemrushBot/7~bl; +http://www.semrush.com/bot.html)"
185.191.171.15 - - [23/Jan/2022:12:06:39 +0100] "GET /russian-doll-liberty-metal-keychain-cbkreation-p-23488.html HTTP/1.0" 200 75062 "-" "Mozilla/5.0 (compatible; SemrushBot/7~bl; +http://www.semrush.com/bot.html)"
54.36.148.161 - - [23/Jan/2022:12:06:49 +0100] "GET /sugar-box-c-13_150_152.html HTTP/1.0" 301 90339 "-" "Mozilla/5.0 (compatible; AhrefsBot/7.0; +http://ahrefs.com/robot/)"
185.191.171.41 - - [23/Jan/2022:12:07:19 +0100] "GET /windchime-wood-five-chimes-p-43515.html HTTP/1.0" 200 73419 "-" "Mozilla/5.0 (compatible; SemrushBot/7~bl; +http://www.semrush.com/bot.html)"
185.191.171.10 - - [23/Jan/2022:12:07:43 +0100] "GET /flower-soho-collection-p-54636.html HTTP/1.0" 200 73434 "-" "Mozilla/5.0 (compatible; SemrushBot/7~bl; +http://www.semrush.com/bot.html)"
51.104.180.26 - - [23/Jan/2022:12:07:56 +0100] "GET /images/med_prod/3503420125157.jpg HTTP/1.0" 200 268 "-" "DuckDuckBot/1.1; (+http://duckduckgo.com/duckduckbot.html)"
66.249.66.199 - - [23/Jan/2022:12:07:55 +0100] "GET /provence-soap-marseille-soap-p-39422.html HTTP/1.0" 200 73728 "-" "Mozilla/5.0 (compatible; Googlebot/2.1; +http://www.google.com/bot.html)"
185.191.171.3 - - [23/Jan/2022:12:08:23 +0100] "GET /pink-beauty-nail-p-28912.html?action=add_product HTTP/1.0" 302 476 "-" "Mozilla/5.0 (compatible; SemrushBot/7~bl; +http://www.semrush.com/bot.html)"
185.191.171.10 - - [23/Jan/2022:12:10:21 +0100] "GET /robots.txt HTTP/1.0" 200 245 "-" "Mozilla/5.0 (compatible; SemrushBot/7~bl; +http://www.semrush.com/bot.html)"
185.191.171.21 - - [23/Jan/2022:12:10:21 +0100] "GET /pillow-case-cotton-percale-threads-p-51255.html HTTP/1.0" 200 74303 "-" "Mozilla/5.0 (compatible; SemrushBot/7~bl; +http://www.semrush.com/bot.html)"
185.191.171.38 - - [23/Jan/2022:12:10:50 +0100] "GET /handy-manny-lunch-bag-p-13318.html HTTP/1.0" 301 73523 "-" "Mozilla/5.0 (compatible; SemrushBot/7~bl; +http://www.semrush.com/bot.html)"
185.191.171.33 - - [23/Jan/2022:12:10:52 +0100] "GET /handy-manny-lunch-p-13318.html HTTP/1.0" 200 73439 "-" "Mozilla/5.0 (compatible; SemrushBot/7~bl; +http://www.semrush.com/bot.html)"
114.119.128.253 - - [23/Jan/2022:12:10:57 +0100] "GET /melt-cinnamon-spice-p-37440.html HTTP/1.0" 200 73960 "-" "Mozilla/5.0 (Linux; Android 7.0;) AppleWebKit/537.36 (KHTML, like Gecko) Mobile Safari/537.36 (compatible; PetalBot;+https://webmaster.petalsearch.com/site/petalbot)"
185.191.171.5 - - [23/Jan/2022:12:13:29 +0100] "GET /robots.txt HTTP/1.0" 301 531 "-" "Mozilla/5.0 (compatible; SemrushBot/7~bl; +http://www.semrush.com/bot.html)"
185.191.171.40 - - [23/Jan/2022:12:13:30 +0100] "GET /robots.txt HTTP/1.0" 200 245 "-" "Mozilla/5.0 (compatible; SemrushBot/7~bl; +http://www.semrush.com/bot.html)"
185.191.171.10 - - [23/Jan/2022:12:13:30 +0100] "GET /alarms-clocks-clocks-and-watches/alarms-clocks/winnie-the-pooh-alarm-clock-p-1927.html HTTP/1.0" 301 683 "-" "Mozilla/5.0 (compatible; SemrushBot/7~bl; +http://www.semrush.com/bot.html)"
185.191.171.22 - - [23/Jan/2022:12:13:30 +0100] "GET /eeyore-peel-and-stick-wall-decals-p-22528.html HTTP/1.0" 301 73666 "-" "Mozilla/5.0 (compatible; SemrushBot/7~bl; +http://www.semrush.com/bot.html)"
185.191.171.45 - - [23/Jan/2022:12:13:36 +0100] "GET /eeyore-peel-stick-wall-decals-p-22528.html HTTP/1.0" 200 73570 "-" "Mozilla/5.0 (compatible; SemrushBot/7~bl; +http://www.semrush.com/bot.html)"
185.191.171.24 - - [23/Jan/2022:12:13:39 +0100] "GET /alarms-clocks-clocks-and-watches/alarms-clocks/winnie-the-pooh-alarm-clock-p-1927.html HTTP/1.0" 301 70782 "-" "Mozilla/5.0 (compatible; SemrushBot/7~bl; +http://www.semrush.com/bot.html)"
185.191.171.24 - - [23/Jan/2022:12:13:42 +0100] "GET /-p-1927.html HTTP/1.0" 200 70716 "-" "Mozilla/5.0 (compatible; SemrushBot/7~bl; +http://www.semrush.com/bot.html)"
114.119.128.253 - - [23/Jan/2022:12:13:43 +0100] "GET /aromatic-stearin-candle-100-hours-1st-chakra-muladhara-p-39491.html HTTP/1.0" 301 75939 "-" "Mozilla/5.0 (Linux; Android 7.0;) AppleWebKit/537.36 (KHTML, like Gecko) Mobile Safari/537.36 (compatible; PetalBot;+https://webmaster.petalsearch.com/site/petalbot)"
114.119.128.253 - - [23/Jan/2022:12:13:46 +0100] "GET /aromatic-stearin-candle-hours-chakra-muladhara-p-39491.html HTTP/1.0" 200 75826 "-" "Mozilla/5.0 (Linux; Android 7.0;) AppleWebKit/537.36 (KHTML, like Gecko) Mobile Safari/537.36 (compatible; PetalBot;+https://webmaster.petalsearch.com/site/petalbot)"
185.191.171.4 - - [23/Jan/2022:12:13:47 +0100] "GET /stade-toulousain-otholder-glove-p-27276.html HTTP/1.0" 200 70836 "-" "Mozilla/5.0 (compatible; SemrushBot/7~bl; +http://www.semrush.com/bot.html)"
40.77.167.47 - - [23/Jan/2022:12:14:54 +0100] "GET /makeup-cabinet-with-music-ballet-dancer-p-57013.html HTTP/1.0" 200 74528 "-" "Mozilla/5.0 (compatible; bingbot/2.0; +http://www.bing.com/bingbot.htm)"
54.36.148.243 - - [23/Jan/2022:12:14:59 +0100] "GET /statue-santa-claus-lucky-santa-p-56946.html HTTP/1.0" 200 74409 "-" "Mozilla/5.0 (compatible; AhrefsBot/7.0; +http://ahrefs.com/robot/)"
157.55.39.153 - - [23/Jan/2022:12:16:00 +0100] "GET /lighting-c-13_86.html HTTP/1.0" 200 91260 "-" "Mozilla/5.0 (compatible; bingbot/2.0; +http://www.bing.com/bingbot.htm)"
157.55.39.62 - - [23/Jan/2022:12:16:17 +0100] "GET /js/modernizr-transitions.js HTTP/1.0" 200 267 "-" "Mozilla/5.0 (compatible; bingbot/2.0; +http://www.bing.com/bingbot.htm)"
157.55.39.125 - - [23/Jan/2022:12:16:21 +0100] "GET /js/jquery.masonry.min.js HTTP/1.0" 200 264 "-" "Mozilla/5.0 (compatible; bingbot/2.0; +http://www.bing.com/bingbot.htm)"
159.138.102.98 - - [23/Jan/2022:12:16:28 +0100] "GET /gorjuss-pencil-pot-p-49477.html HTTP/1.0" 301 74214 "-" "Mozilla/5.0 (Linux; Android 7.0;) AppleWebKit/537.36 (KHTML, like Gecko) Mobile Safari/537.36 (compatible; PetalBot;+https://webmaster.petalsearch.com/site/petalbot)"
40.77.167.47 - - [23/Jan/2022:12:16:33 +0100] "GET /images/big_prod/4029811410309.jpg HTTP/1.0" 200 268 "-" "Mozilla/5.0 (compatible; bingbot/2.0; +http://www.bing.com/bingbot.htm)"
159.138.102.98 - - [23/Jan/2022:12:16:37 +0100] "GET /gorjuss-pencil-p-49477.html HTTP/1.0" 200 74133 "-" "Mozilla/5.0 (Linux; Android 7.0;) AppleWebKit/537.36 (KHTML, like Gecko) Mobile Safari/537.36 (compatible; PetalBot;+https://webmaster.petalsearch.com/site/petalbot)"
157.55.39.122 - - [23/Jan/2022:12:16:44 +0100] "GET /images/med_prod/3661977002793.jpg HTTP/1.0" 200 268 "-" "Mozilla/5.0 (compatible; bingbot/2.0; +http://www.bing.com/bingbot.htm)"
54.36.148.243 - - [23/Jan/2022:12:17:08 +0100] "GET /singing-bowl-p-36058.html HTTP/1.0" 200 73306 "-" "Mozilla/5.0 (compatible; AhrefsBot/7.0; +http://ahrefs.com/robot/)"
185.191.171.23 - - [23/Jan/2022:12:18:19 +0100] "GET /-p-39093.html?action=add_product HTTP/1.0" 302 476 "-" "Mozilla/5.0 (compatible; SemrushBot/7~bl; +http://www.semrush.com/bot.html)"
185.191.171.33 - - [23/Jan/2022:12:18:24 +0100] "GET /psg-paris-saint-germain-backpack-p-52187.html HTTP/1.0" 301 70923 "-" "Mozilla/5.0 (compatible; SemrushBot/7~bl; +http://www.semrush.com/bot.html)"
185.191.171.15 - - [23/Jan/2022:12:18:26 +0100] "GET /paris-saint-germain-backpack-p-52187.html HTTP/1.0" 200 70828 "-" "Mozilla/5.0 (compatible; SemrushBot/7~bl; +http://www.semrush.com/bot.html)"
185.191.171.16 - - [23/Jan/2022:12:18:36 +0100] "GET /figurine-princesse-jasmine-couture-force-p-54052.html HTTP/1.0" 200 70874 "-" "Mozilla/5.0 (compatible; SemrushBot/7~bl; +http://www.semrush.com/bot.html)"
51.68.224.127 - - [23/Jan/2022:12:18:40 +0100] "GET /adminweb/export_orders_xml.php?token=256de2z6edz6ed2z6DFSFsed2zed6zeDSFDSGdzedezfzf&maxorders=10&orderstart=1&status=14&start_date=2018-10-01 HTTP/1.0" 200 285 "-" "GesCom CharlotteBoutik Serveur"
51.68.224.127 - - [23/Jan/2022:12:18:40 +0100] "GET /adminweb/export_orders_xml.php?token=256de2z6edz6ed2z6DFSFsed2zed6zeDSFDSGdzedezfzf&maxorders=10&orderstart=1&status=6&start_date=2018-10-01 HTTP/1.0" 200 32795 "-" "GesCom CharlotteBoutik Serveur"
114.119.128.34 - - [23/Jan/2022:12:19:13 +0100] "GET /saffron-color-bamboo-p-48029.html HTTP/1.0" 200 70768 "-" "Mozilla/5.0 (Linux; Android 7.0;) AppleWebKit/537.36 (KHTML, like Gecko) Mobile Safari/537.36 (compatible; PetalBot;+https://webmaster.petalsearch.com/site/petalbot)"
54.36.148.243 - - [23/Jan/2022:12:19:26 +0100] "GET /yogi-yogini-yogamat-blue-p-45290.html HTTP/1.0" 200 74010 "-" "Mozilla/5.0 (compatible; AhrefsBot/7.0; +http://ahrefs.com/robot/)"
185.191.171.35 - - [23/Jan/2022:12:19:51 +0100] "GET /white-gold-tortoise-statue-resin-p-49991.html?action=add_product HTTP/1.0" 302 476 "-" "Mozilla/5.0 (compatible; SemrushBot/7~bl; +http://www.semrush.com/bot.html)"
185.191.171.21 - - [23/Jan/2022:12:19:59 +0100] "GET /kimmi-junior-set-of-10-felt-p-15815.html HTTP/1.0" 301 75772 "-" "Mozilla/5.0 (compatible; SemrushBot/7~bl; +http://www.semrush.com/bot.html)"
185.191.171.8 - - [23/Jan/2022:12:20:02 +0100] "GET /kimmi-junior-felt-p-15815.html HTTP/1.0" 200 75688 "-" "Mozilla/5.0 (compatible; SemrushBot/7~bl; +http://www.semrush.com/bot.html)"
185.191.171.38 - - [23/Jan/2022:12:20:26 +0100] "GET /figurine-rodin-two-hands-p-53590.html HTTP/1.0" 301 74120 "-" "Mozilla/5.0 (compatible; SemrushBot/7~bl; +http://www.semrush.com/bot.html)"
185.191.171.10 - - [23/Jan/2022:12:20:29 +0100] "GET /figurine-rodin-hands-p-53590.html HTTP/1.0" 200 74033 "-" "Mozilla/5.0 (compatible; SemrushBot/7~bl; +http://www.semrush.com/bot.html)"
185.191.171.39 - - [23/Jan/2022:12:21:20 +0100] "GET /mickey-figure-collection-p-20167.html?action=add_product HTTP/1.0" 302 476 "-" "Mozilla/5.0 (compatible; SemrushBot/7~bl; +http://www.semrush.com/bot.html)"
54.36.148.243 - - [23/Jan/2022:12:21:39 +0100] "GET /large-decorative-bell-gold-metal-p-56600.html HTTP/1.0" 200 74367 "-" "Mozilla/5.0 (compatible; AhrefsBot/7.0; +http://ahrefs.com/robot/)"
77.88.5.243 - - [23/Jan/2022:12:21:59 +0100] "GET /images/4007176129012.jpg HTTP/1.0" 200 259 "-" "Mozilla/5.0 (compatible; YandexImages/3.0; +http://yandex.com/bots)"
157.55.39.125 - - [23/Jan/2022:12:22:13 +0100] "GET /mtal-signs-c-13_130.html HTTP/1.0" 200 94672 "-" "Mozilla/5.0 (compatible; bingbot/2.0; +http://www.bing.com/bingbot.htm)"
17.121.114.136 - - [23/Jan/2022:12:22:33 +0100] "GET /vase-soliflore-c-13_232.html HTTP/1.0" 200 90525 "-" "Mozilla/5.0 (Macintosh; Intel Mac OS X 10_15_5) AppleWebKit/605.1.15 (KHTML, like Gecko) Version/13.1.1 Safari/605.1.15 (Applebot/0.1; +http://www.apple.com/go/applebot)"
185.191.171.40 - - [23/Jan/2022:12:22:51 +0100] "GET /chocolat-menier-large-metal-plate-30-40-cm-p-27381.html HTTP/1.0" 301 73612 "-" "Mozilla/5.0 (compatible; SemrushBot/7~bl; +http://www.semrush.com/bot.html)"
185.191.171.18 - - [23/Jan/2022:12:22:54 +0100] "GET /chocolat-menier-large-metal-plate-p-27381.html HTTP/1.0" 200 73512 "-" "Mozilla/5.0 (compatible; SemrushBot/7~bl; +http://www.semrush.com/bot.html)"
185.191.171.43 - - [23/Jan/2022:12:22:57 +0100] "GET /wooden-hanging-tree-decoration-p-56572.html HTTP/1.0" 200 74116 "-" "Mozilla/5.0 (compatible; SemrushBot/7~bl; +http://www.semrush.com/bot.html)"
185.191.171.1 - - [23/Jan/2022:12:23:52 +0100] "GET /gorjuss-gadget-pouch-p-49163.html?action=add_product HTTP/1.0" 302 476 "-" "Mozilla/5.0 (compatible; SemrushBot/7~bl; +http://www.semrush.com/bot.html)"
157.55.39.125 - - [23/Jan/2022:12:23:52 +0100] "GET /images/big_prod/3609810065154Z.jpg HTTP/1.0" 200 269 "-" "Mozilla/5.0 (compatible; bingbot/2.0; +http://www.bing.com/bingbot.htm)"
54.36.148.243 - - [23/Jan/2022:12:24:12 +0100] "GET /ford-zippo-lighter-p-49081.html HTTP/1.0" 200 74542 "-" "Mozilla/5.0 (compatible; AhrefsBot/7.0; +http://ahrefs.com/robot/)"
185.191.171.33 - - [23/Jan/2022:12:24:14 +0100] "GET /cats-dubout-sugar-p-26839.html HTTP/1.0" 200 73487 "-" "Mozilla/5.0 (compatible; SemrushBot/7~bl; +http://www.semrush.com/bot.html)"
185.191.171.18 - - [23/Jan/2022:12:24:26 +0100] "GET /brass-solar-clock-p-52852.html?action=add_product HTTP/1.0" 302 476 "-" "Mozilla/5.0 (compatible; SemrushBot/7~bl; +http://www.semrush.com/bot.html)"
66.249.68.28 - - [23/Jan/2022:12:24:40 +0100] "GET /funky-bears-keychain-p-19213.html HTTP/1.0" 200 70821 "-" "Mozilla/5.0 (Linux; Android 6.0.1; Nexus 5X Build/MMB29P) AppleWebKit/537.36 (KHTML, like Gecko) Chrome/97.0.4692.71 Mobile Safari/537.36 (compatible; Googlebot/2.1; +http://www.google.com/bot.html)"
185.191.171.35 - - [23/Jan/2022:12:25:35 +0100] "GET /archangel-michael-statuette-20-cm-p-48909.html HTTP/1.0" 301 74174 "-" "Mozilla/5.0 (compatible; SemrushBot/7~bl; +http://www.semrush.com/bot.html)"
185.191.171.35 - - [23/Jan/2022:12:25:37 +0100] "GET /archangel-michael-statuette-p-48909.html HTTP/1.0" 200 74080 "-" "Mozilla/5.0 (compatible; SemrushBot/7~bl; +http://www.semrush.com/bot.html)"
54.36.148.243 - - [23/Jan/2022:12:26:35 +0100] "GET /jewelry-holder-flower-dress-p-47489.html HTTP/1.0" 200 73507 "-" "Mozilla/5.0 (compatible; AhrefsBot/7.0; +http://ahrefs.com/robot/)"
114.119.128.37 - - [23/Jan/2022:12:26:48 +0100] "GET /images/big_prod/3700281657876B.jpg HTTP/1.0" 200 269 "-" "Mozilla/5.0 (Linux; Android 7.0;) AppleWebKit/537.36 (KHTML, like Gecko) Mobile Safari/537.36 (compatible; PetalBot;+https://webmaster.petalsearch.com/site/petalbot)"
185.191.171.13 - - [23/Jan/2022:12:27:47 +0100] "GET /statuette-jesus-christ-sacred-heart-inside-outside-p-48905.html HTTP/1.0" 200 74380 "-" "Mozilla/5.0 (compatible; SemrushBot/7~bl; +http://www.semrush.com/bot.html)"
185.191.171.45 - - [23/Jan/2022:12:28:00 +0100] "GET /brasil-mouse-cbkreation-p-25986.html?action=add_product HTTP/1.0" 302 476 "-" "Mozilla/5.0 (compatible; SemrushBot/7~bl; +http://www.semrush.com/bot.html)"
185.191.171.18 - - [23/Jan/2022:12:28:44 +0100] "GET /candle-hours-true-enchantment-p-53892.html HTTP/1.0" 200 74638 "-" "Mozilla/5.0 (compatible; SemrushBot/7~bl; +http://www.semrush.com/bot.html)"
54.36.148.243 - - [23/Jan/2022:12:29:07 +0100] "GET /pink-jewelry-holder-statuette-p-55942.html HTTP/1.0" 200 73579 "-" "Mozilla/5.0 (compatible; AhrefsBot/7.0; +http://ahrefs.com/robot/)"
185.191.171.2 - - [23/Jan/2022:12:29:22 +0100] "GET /rehab-is-for-quitters-metal-plate-deco-25-33-cm-p-39980.html HTTP/1.0" 301 71016 "-" "Mozilla/5.0 (compatible; SemrushBot/7~bl; +http://www.semrush.com/bot.html)"
185.191.171.11 - - [23/Jan/2022:12:29:25 +0100] "GET /rehab-quitters-metal-plate-deco-p-39980.html HTTP/1.0" 200 70918 "-" "Mozilla/5.0 (compatible; SemrushBot/7~bl; +http://www.semrush.com/bot.html)"
185.191.171.19 - - [23/Jan/2022:12:29:52 +0100] "GET /little-buddha-notebook-155-112-cm-blue-p-50257.html HTTP/1.0" 301 73622 "-" "Mozilla/5.0 (compatible; SemrushBot/7~bl; +http://www.semrush.com/bot.html)"
185.191.171.34 - - [23/Jan/2022:12:29:54 +0100] "GET /little-buddha-notebook-blue-p-50257.html HTTP/1.0" 200 73528 "-" "Mozilla/5.0 (compatible; SemrushBot/7~bl; +http://www.semrush.com/bot.html)"
216.244.66.242 - - [23/Jan/2022:12:30:36 +0100] "GET /robots.txt HTTP/1.0" 200 245 "-" "Mozilla/5.0 (compatible; DotBot/1.2; +https://opensiteexplorer.org/dotbot; help@moz.com)"
185.191.171.14 - - [23/Jan/2022:12:31:06 +0100] "GET /-p-41502.html?action=add_product HTTP/1.0" 302 476 "-" "Mozilla/5.0 (compatible; SemrushBot/7~bl; +http://www.semrush.com/bot.html)"
114.119.128.26 - - [23/Jan/2022:12:31:22 +0100] "GET /dubout-cats-white-p-52490.html HTTP/1.0" 200 73314 "-" "Mozilla/5.0 (Linux; Android 7.0;) AppleWebKit/537.36 (KHTML, like Gecko) Mobile Safari/537.36 (compatible; PetalBot;+https://webmaster.petalsearch.com/site/petalbot)"
54.36.148.243 - - [23/Jan/2022:12:31:35 +0100] "GET /glass-film-iphone-p-38284.html HTTP/1.0" 200 75810 "-" "Mozilla/5.0 (compatible; AhrefsBot/7.0; +http://ahrefs.com/robot/)"
185.191.171.22 - - [23/Jan/2022:12:31:43 +0100] "GET /ice-cream-clock-by-allen-p-34166.html HTTP/1.0" 301 70874 "-" "Mozilla/5.0 (compatible; SemrushBot/7~bl; +http://www.semrush.com/bot.html)"
185.191.171.16 - - [23/Jan/2022:12:31:46 +0100] "GET /cream-clock-allen-p-34166.html HTTP/1.0" 200 70790 "-" "Mozilla/5.0 (compatible; SemrushBot/7~bl; +http://www.semrush.com/bot.html)"
185.191.171.2 - - [23/Jan/2022:12:33:40 +0100] "GET /tinted-candle-mass-white-p-56090.html HTTP/1.0" 200 74031 "-" "Mozilla/5.0 (compatible; SemrushBot/7~bl; +http://www.semrush.com/bot.html)"
114.119.128.26 - - [23/Jan/2022:12:34:04 +0100] "GET /elephant-statuette-by-jim-shore-p-51779.html HTTP/1.0" 301 74425 "-" "Mozilla/5.0 (Linux; Android 7.0;) AppleWebKit/537.36 (KHTML, like Gecko) Mobile Safari/537.36 (compatible; PetalBot;+https://webmaster.petalsearch.com/site/petalbot)"
114.119.128.26 - - [23/Jan/2022:12:34:06 +0100] "GET /elephant-statuette-shore-p-51779.html HTTP/1.0" 200 74334 "-" "Mozilla/5.0 (Linux; Android 7.0;) AppleWebKit/537.36 (KHTML, like Gecko) Mobile Safari/537.36 (compatible; PetalBot;+https://webmaster.petalsearch.com/site/petalbot)"
54.36.148.243 - - [23/Jan/2022:12:34:08 +0100] "GET /spiderman-swimsuit-p-30822.html HTTP/1.0" 200 74515 "-" "Mozilla/5.0 (compatible; AhrefsBot/7.0; +http://ahrefs.com/robot/)"
54.36.148.0 - - [23/Jan/2022:12:34:10 +0100] "GET /backpack-nici-horses-p-35209.html HTTP/1.0" 301 70785 "-" "Mozilla/5.0 (compatible; AhrefsBot/7.0; +http://ahrefs.com/robot/)"
106.11.152.101 - - [23/Jan/2022:12:34:38 +0100] "GET /images/mini_prod/8422071322430.jpg HTTP/1.0" 200 269 "http://www.wonder-geek.com/coasters-c-12_157.html" "YisouSpider"
51.68.224.127 - - [23/Jan/2022:12:35:01 +0100] "GET /adminweb/export_orders_xml.php?token=256de2z6edz6ed2z6DFSFsed2zed6zeDSFDSGdzedezfzf&maxorders=10&orderstart=1&status=14&start_date=2018-10-01 HTTP/1.0" 200 285 "-" "GesCom CharlotteBoutik Serveur"
51.68.224.127 - - [23/Jan/2022:12:35:01 +0100] "GET /adminweb/export_orders_xml.php?token=256de2z6edz6ed2z6DFSFsed2zed6zeDSFDSGdzedezfzf&maxorders=10&orderstart=1&status=6&start_date=2018-10-01 HTTP/1.0" 200 32795 "-" "GesCom CharlotteBoutik Serveur"
147.92.153.4 - - [23/Jan/2022:12:35:03 +0100] "GET /writing-correction-c-129_186.html?page=4 HTTP/1.0" 200 93068 "-" "Mozilla/5.0 (compatible; Linespider/1.1; +https://lin.ee/4dwXkTH)"
157.55.39.125 - - [23/Jan/2022:12:35:53 +0100] "GET /images/mini_prod/4029811392605.jpg HTTP/1.0" 200 269 "-" "Mozilla/5.0 (compatible; bingbot/2.0; +http://www.bing.com/bingbot.htm)"
54.36.148.243 - - [23/Jan/2022:12:36:51 +0100] "GET /paris-corkscrew-notre-dame-paris-metal-copper-color-p-38611.html HTTP/1.0" 200 73577 "-" "Mozilla/5.0 (compatible; AhrefsBot/7.0; +http://ahrefs.com/robot/)"
40.77.167.47 - - [23/Jan/2022:12:36:55 +0100] "GET /images/big_prod/3453131129145.jpg HTTP/1.0" 200 268 "-" "Mozilla/5.0 (compatible; bingbot/2.0; +http://www.bing.com/bingbot.htm)"
66.249.68.28 - - [23/Jan/2022:12:37:55 +0100] "GET /provence-potholder-p-51446.html HTTP/1.0" 200 70782 "-" "Mozilla/5.0 (Linux; Android 6.0.1; Nexus 5X Build/MMB29P) AppleWebKit/537.36 (KHTML, like Gecko) Chrome/97.0.4692.99 Mobile Safari/537.36 (compatible; Googlebot/2.1; +http://www.google.com/bot.html)"
185.191.171.14 - - [23/Jan/2022:12:38:13 +0100] "GET /welcome-motunui-moana-with-figurine-p-53999.html HTTP/1.0" 200 75334 "-" "Mozilla/5.0 (compatible; SemrushBot/7~bl; +http://www.semrush.com/bot.html)"
185.191.171.7 - - [23/Jan/2022:12:38:58 +0100] "GET /little-prince-saint-exupery-cookie-p-44862.html HTTP/1.0" 200 73513 "-" "Mozilla/5.0 (compatible; SemrushBot/7~bl; +http://www.semrush.com/bot.html)"
54.236.1.11 - - [23/Jan/2022:12:38:59 +0100] "GET /retro-set-of-coasters-p-28601.html HTTP/1.0" 301 70887 "-" "Mozilla/5.0 (compatible; Pinterestbot/1.0; +http://www.pinterest.com/bot.html)"
185.191.171.18 - - [23/Jan/2022:12:39:02 +0100] "GET /retro-ceramic-flatware-retro-combi-p-42153.html?action=add_product HTTP/1.0" 302 476 "-" "Mozilla/5.0 (compatible; SemrushBot/7~bl; +http://www.semrush.com/bot.html)"
54.236.1.11 - - [23/Jan/2022:12:39:01 +0100] "GET /retro-coasters-p-28601.html HTTP/1.0" 200 70806 "-" "Mozilla/5.0 (compatible; Pinterestbot/1.0; +http://www.pinterest.com/bot.html)"
54.236.1.11 - - [23/Jan/2022:12:39:30 +0100] "GET /retro-set-of-coasters-p-28601.html HTTP/1.0" 301 70887 "-" "Mozilla/5.0 (compatible; Pinterestbot/1.0; +http://www.pinterest.com/bot.html)"
54.36.148.243 - - [23/Jan/2022:12:39:30 +0100] "GET /iphone-silicone-bleue-shell-audiocassette-p-18940.html HTTP/1.0" 200 76776 "-" "Mozilla/5.0 (compatible; AhrefsBot/7.0; +http://ahrefs.com/robot/)"
54.236.1.11 - - [23/Jan/2022:12:39:31 +0100] "GET /retro-coasters-p-28601.html HTTP/1.0" 200 70806 "-" "Mozilla/5.0 (compatible; Pinterestbot/1.0; +http://www.pinterest.com/bot.html)"
49.7.20.113 - - [23/Jan/2022:12:39:59 +0100] "GET / HTTP/1.0" 200 95825 "-" "Sogou web spider/4.0(+http://www.sogou.com/docs/help/webmasters.htm#07)"
54.236.1.11 - - [23/Jan/2022:12:40:01 +0100] "GET /retro-set-of-coasters-p-28601.html HTTP/1.0" 301 70887 "-" "Mozilla/5.0 (compatible; Pinterestbot/1.0; +http://www.pinterest.com/bot.html)"
54.236.1.11 - - [23/Jan/2022:12:40:03 +0100] "GET /retro-coasters-p-28601.html HTTP/1.0" 200 70806 "-" "Mozilla/5.0 (compatible; Pinterestbot/1.0; +http://www.pinterest.com/bot.html)"
185.191.171.15 - - [23/Jan/2022:12:40:10 +0100] "GET /jungle-p-51731.html HTTP/1.0" 200 74012 "-" "Mozilla/5.0 (compatible; SemrushBot/7~bl; +http://www.semrush.com/bot.html)"
185.191.171.44 - - [23/Jan/2022:12:40:40 +0100] "GET /peas-russian-doll-cushion-cbkreation-p-18570.html?action=add_product HTTP/1.0" 302 476 "-" "Mozilla/5.0 (compatible; SemrushBot/7~bl; +http://www.semrush.com/bot.html)"
185.191.171.36 - - [23/Jan/2022:12:40:49 +0100] "GET /foghorn-decoration-brass-p-41465.html HTTP/1.0" 200 73366 "-" "Mozilla/5.0 (compatible; SemrushBot/7~bl; +http://www.semrush.com/bot.html)"
185.191.171.23 - - [23/Jan/2022:12:40:52 +0100] "GET /gift-around-wine-bottle-accessories-p-49243.html HTTP/1.0" 200 74761 "-" "Mozilla/5.0 (compatible; SemrushBot/7~bl; +http://www.semrush.com/bot.html)"
185.191.171.6 - - [23/Jan/2022:12:41:08 +0100] "GET /food-storage-pets-beige-p-42184.html HTTP/1.0" 200 73306 "-" "Mozilla/5.0 (compatible; SemrushBot/7~bl; +http://www.semrush.com/bot.html)"
185.191.171.14 - - [23/Jan/2022:12:41:54 +0100] "GET /eccentric-p-49403.html?action=add_product HTTP/1.0" 302 476 "-" "Mozilla/5.0 (compatible; SemrushBot/7~bl; +http://www.semrush.com/bot.html)"
54.36.148.243 - - [23/Jan/2022:12:42:07 +0100] "GET /teapot-with-infuser-liters-p-49612.html HTTP/1.0" 200 73385 "-" "Mozilla/5.0 (compatible; AhrefsBot/7.0; +http://ahrefs.com/robot/)"
185.191.171.10 - - [23/Jan/2022:12:42:10 +0100] "GET /kandinsky-silhouette-ceramic-vase-gravitation-p-55062.html HTTP/1.0" 200 74689 "-" "Mozilla/5.0 (compatible; SemrushBot/7~bl; +http://www.semrush.com/bot.html)"
216.244.66.242 - - [23/Jan/2022:12:42:47 +0100] "GET /cast-iron-door-lock-cat-p-49464.html HTTP/1.0" 301 73426 "-" "Mozilla/5.0 (compatible; DotBot/1.2; +https://opensiteexplorer.org/dotbot; help@moz.com)"
114.119.128.37 - - [23/Jan/2022:12:43:20 +0100] "GET /images/big_prod_1/8422046534646B.jpg HTTP/1.0" 200 271 "-" "Mozilla/5.0 (Linux; Android 7.0;) AppleWebKit/537.36 (KHTML, like Gecko) Mobile Safari/537.36 (compatible; PetalBot;+https://webmaster.petalsearch.com/site/petalbot)"
54.236.1.13 - - [23/Jan/2022:12:43:50 +0100] "GET /apple-touch-icon.png HTTP/1.0" 404 1308 "-" "Mozilla/5.0 (compatible; Pinterestbot/1.0; +http://www.pinterest.com/bot.html)"
185.191.171.22 - - [23/Jan/2022:12:43:50 +0100] "GET /chair-cushion-sides-green-and-grey-40-cm-p-47893.html HTTP/1.0" 301 73549 "-" "Mozilla/5.0 (compatible; SemrushBot/7~bl; +http://www.semrush.com/bot.html)"
185.191.171.26 - - [23/Jan/2022:12:43:53 +0100] "GET /chair-cushion-sides-green-grey-p-47893.html HTTP/1.0" 200 73452 "-" "Mozilla/5.0 (compatible; SemrushBot/7~bl; +http://www.semrush.com/bot.html)"
185.191.171.45 - - [23/Jan/2022:12:43:56 +0100] "GET /mustache-necktie-and-top-hat-mug-p-24310.html HTTP/1.0" 301 73689 "-" "Mozilla/5.0 (compatible; SemrushBot/7~bl; +http://www.semrush.com/bot.html)"
185.191.171.40 - - [23/Jan/2022:12:44:00 +0100] "GET /mustache-necktie-p-24310.html HTTP/1.0" 200 73606 "-" "Mozilla/5.0 (compatible; SemrushBot/7~bl; +http://www.semrush.com/bot.html)"
207.46.13.190 - - [23/Jan/2022:12:44:38 +0100] "GET /cushion-cover-40-40-cm-cacatoeas-p-52019.html HTTP/1.0" 301 74294 "-" "Mozilla/5.0 (compatible; bingbot/2.0; +http://www.bing.com/bingbot.htm)"
54.36.148.243 - - [23/Jan/2022:12:44:54 +0100] "GET /artist-halloween-night-rabbit-figure-sheep-p-37900.html HTTP/1.0" 200 74191 "-" "Mozilla/5.0 (compatible; AhrefsBot/7.0; +http://ahrefs.com/robot/)"
185.191.171.41 - - [23/Jan/2022:12:45:13 +0100] "GET /tour-france-coasters-p-51773.html HTTP/1.0" 200 73347 "-" "Mozilla/5.0 (compatible; SemrushBot/7~bl; +http://www.semrush.com/bot.html)"
216.244.66.242 - - [23/Jan/2022:12:46:57 +0100] "GET /rebecca-bonbon-credit-card-sticker-p-8821.html HTTP/1.0" 200 73272 "-" "Mozilla/5.0 (compatible; DotBot/1.2; +https://opensiteexplorer.org/dotbot; help@moz.com)"
157.55.39.125 - - [23/Jan/2022:12:47:14 +0100] "GET /images/big_prod/8424346352616.jpg HTTP/1.0" 200 268 "-" "Mozilla/5.0 (compatible; bingbot/2.0; +http://www.bing.com/bingbot.htm)"
17.121.114.154 - - [23/Jan/2022:12:47:13 +0100] "GET /games-toys-c-4.html HTTP/1.0" 200 93229 "-" "Mozilla/5.0 (Macintosh; Intel Mac OS X 10_15_5) AppleWebKit/605.1.15 (KHTML, like Gecko) Version/13.1.1 Safari/605.1.15 (Applebot/0.1; +http://www.apple.com/go/applebot)"
54.36.148.243 - - [23/Jan/2022:12:47:23 +0100] "GET /game-thrones-house-stark-p-54997.html HTTP/1.0" 200 74437 "-" "Mozilla/5.0 (compatible; AhrefsBot/7.0; +http://ahrefs.com/robot/)"
185.191.171.19 - - [23/Jan/2022:12:48:17 +0100] "GET /lena-bedclothes-p-57075.html?action=add_product HTTP/1.0" 302 476 "-" "Mozilla/5.0 (compatible; SemrushBot/7~bl; +http://www.semrush.com/bot.html)"
185.191.171.35 - - [23/Jan/2022:12:49:29 +0100] "GET /sticker-windows-chakra-p-48349.html HTTP/1.0" 200 73418 "-" "Mozilla/5.0 (compatible; SemrushBot/7~bl; +http://www.semrush.com/bot.html)"
185.191.171.5 - - [23/Jan/2022:12:50:00 +0100] "GET /dinosaur-nightlight-green-p-55363.html HTTP/1.0" 200 74651 "-" "Mozilla/5.0 (compatible; SemrushBot/7~bl; +http://www.semrush.com/bot.html)"
54.36.148.243 - - [23/Jan/2022:12:50:02 +0100] "GET /keyrings-c-31_52.html?page=15 HTTP/1.0" 200 87886 "-" "Mozilla/5.0 (compatible; AhrefsBot/7.0; +http://ahrefs.com/robot/)"
114.119.128.39 - - [23/Jan/2022:12:50:11 +0100] "GET /set-of-decorative-cotton-hearts-to-hang-10-cm-charline-p-51651.html HTTP/1.0" 301 75278 "-" "Mozilla/5.0 (Linux; Android 7.0;) AppleWebKit/537.36 (KHTML, like Gecko) Mobile Safari/537.36 (compatible; PetalBot;+https://webmaster.petalsearch.com/site/petalbot)"
114.119.128.39 - - [23/Jan/2022:12:50:16 +0100] "GET /decorative-cotton-hearts-hang-charline-p-51651.html HTTP/1.0" 200 75173 "-" "Mozilla/5.0 (Linux; Android 7.0;) AppleWebKit/537.36 (KHTML, like Gecko) Mobile Safari/537.36 (compatible; PetalBot;+https://webmaster.petalsearch.com/site/petalbot)"
185.191.171.40 - - [23/Jan/2022:12:50:30 +0100] "GET /cushion-cbkreation-p-22445.html?action=add_product HTTP/1.0" 302 476 "-" "Mozilla/5.0 (compatible; SemrushBot/7~bl; +http://www.semrush.com/bot.html)"
185.191.171.6 - - [23/Jan/2022:12:50:57 +0100] "GET /indian-boho-wolf-wall-sticker-p-45019.html HTTP/1.0" 200 74176 "-" "Mozilla/5.0 (compatible; SemrushBot/7~bl; +http://www.semrush.com/bot.html)"
