54.36.148.4 - - [23/Jan/2022:09:22:57 +0100] "GET /le-petit-prince-de-st-exupery-collection-mug-p-44543.html HTTP/1.0" 301 74499 "-" "Mozilla/5.0 (compatible; AhrefsBot/7.0; +http://ahrefs.com/robot/)"
148.251.244.137 - - [23/Jan/2022:09:22:59 +0100] "GET /hello-kitty-tote-bag-with-blue-and-black-stripes-39-cm-p-46801.html HTTP/1.0" 301 74024 "-" "Mozilla/5.0 (compatible; MJ12bot/v1.4.8; http://mj12bot.com/)"
167.114.173.115 - - [23/Jan/2022:09:23:00 +0100] "GET /ballerina-statue-collection-p-41825.html HTTP/1.0" 200 70862 "-" "Mozilla/5.0 (compatible; MJ12bot/v1.4.8; http://mj12bot.com/)"
167.114.173.115 - - [23/Jan/2022:09:23:05 +0100] "GET /the-ballerina-statue-collection-p-41826.html HTTP/1.0" 301 70956 "-" "Mozilla/5.0 (compatible; MJ12bot/v1.4.8; http://mj12bot.com/)"
148.251.244.137 - - [23/Jan/2022:09:23:06 +0100] "GET /hello-kitty-tote-with-blue-black-stripes-p-46801.html HTTP/1.0" 200 73917 "-" "Mozilla/5.0 (compatible; MJ12bot/v1.4.8; http://mj12bot.com/)"
167.114.173.115 - - [23/Jan/2022:09:23:10 +0100] "GET /ballerina-statue-collection-p-41826.html HTTP/1.0" 200 70862 "-" "Mozilla/5.0 (compatible; MJ12bot/v1.4.8; http://mj12bot.com/)"
185.191.171.9 - - [23/Jan/2022:09:23:13 +0100] "GET /hello-kitty-camomilla-pink-sequins-shopping-p-8398.html HTTP/1.0" 200 73862 "-" "Mozilla/5.0 (compatible; SemrushBot/7~bl; +http://www.semrush.com/bot.html)"
167.114.173.115 - - [23/Jan/2022:09:23:15 +0100] "GET /the-beatles-handbag-hanger-p-11850.html HTTP/1.0" 301 70785 "-" "Mozilla/5.0 (compatible; MJ12bot/v1.4.8; http://mj12bot.com/)"
148.251.244.137 - - [23/Jan/2022:09:23:14 +0100] "GET /hello-kitty-tote-with-blue-black-stripes-p-46801.html HTTP/1.0" 200 73917 "-" "Mozilla/5.0 (compatible; MJ12bot/v1.4.8; http://mj12bot.com/)"
167.114.173.115 - - [23/Jan/2022:09:23:21 +0100] "GET /-p-11850.html HTTP/1.0" 200 70718 "-" "Mozilla/5.0 (compatible; MJ12bot/v1.4.8; http://mj12bot.com/)"
167.114.173.115 - - [23/Jan/2022:09:23:26 +0100] "GET /the-beatles-shirt-p-29552.html HTTP/1.0" 301 70872 "-" "Mozilla/5.0 (compatible; MJ12bot/v1.4.8; http://mj12bot.com/)"
148.251.244.137 - - [23/Jan/2022:09:23:26 +0100] "GET /hello-kitty-towel-p-8929.html HTTP/1.0" 200 70774 "-" "Mozilla/5.0 (compatible; MJ12bot/v1.4.8; http://mj12bot.com/)"
167.114.173.115 - - [23/Jan/2022:09:23:30 +0100] "GET /beatles-shirt-p-29552.html HTTP/1.0" 200 70792 "-" "Mozilla/5.0 (compatible; MJ12bot/v1.4.8; http://mj12bot.com/)"
148.251.244.137 - - [23/Jan/2022:09:23:34 +0100] "GET /hello-kitty-towel-p-8930.html HTTP/1.0" 301 70782 "-" "Mozilla/5.0 (compatible; MJ12bot/v1.4.8; http://mj12bot.com/)"
167.114.173.115 - - [23/Jan/2022:09:23:35 +0100] "GET /the-beatles-shirt-p-29553.html HTTP/1.0" 301 70785 "-" "Mozilla/5.0 (compatible; MJ12bot/v1.4.8; http://mj12bot.com/)"
167.114.173.115 - - [23/Jan/2022:09:23:40 +0100] "GET /-p-29553.html HTTP/1.0" 200 70718 "-" "Mozilla/5.0 (compatible; MJ12bot/v1.4.8; http://mj12bot.com/)"
148.251.244.137 - - [23/Jan/2022:09:23:42 +0100] "GET /-p-8930.html HTTP/1.0" 200 70716 "-" "Mozilla/5.0 (compatible; MJ12bot/v1.4.8; http://mj12bot.com/)"
167.114.173.115 - - [23/Jan/2022:09:23:44 +0100] "GET /the-care-bears-puzzle-20-pieces-p-21505.html HTTP/1.0" 301 70785 "-" "Mozilla/5.0 (compatible; MJ12bot/v1.4.8; http://mj12bot.com/)"
167.114.173.115 - - [23/Jan/2022:09:23:49 +0100] "GET /-p-21505.html HTTP/1.0" 200 70718 "-" "Mozilla/5.0 (compatible; MJ12bot/v1.4.8; http://mj12bot.com/)"
148.251.244.137 - - [23/Jan/2022:09:23:50 +0100] "GET /hello-kitty-training-bottle-p-11868.html HTTP/1.0" 200 70844 "-" "Mozilla/5.0 (compatible; MJ12bot/v1.4.8; http://mj12bot.com/)"
167.114.173.115 - - [23/Jan/2022:09:23:54 +0100] "GET /the-care-bears-puzzle-20-pieces-p-21514.html HTTP/1.0" 301 70941 "-" "Mozilla/5.0 (compatible; MJ12bot/v1.4.8; http://mj12bot.com/)"
167.114.173.115 - - [23/Jan/2022:09:23:58 +0100] "GET /care-bears-puzzle-pieces-p-21514.html HTTP/1.0" 200 70850 "-" "Mozilla/5.0 (compatible; MJ12bot/v1.4.8; http://mj12bot.com/)"
148.251.244.137 - - [23/Jan/2022:09:23:59 +0100] "GET /hello-kitty-velvet-hooded-jacket-by-camomilla-p-30138.html HTTP/1.0" 301 70785 "-" "Mozilla/5.0 (compatible; MJ12bot/v1.4.8; http://mj12bot.com/)"
185.191.171.9 - - [23/Jan/2022:09:23:45 +0100] "GET /clocks-c-13_67.html?page=8 HTTP/1.0" 200 93870 "-" "Mozilla/5.0 (compatible; SemrushBot/7~bl; +http://www.semrush.com/bot.html)"
167.114.173.115 - - [23/Jan/2022:09:24:02 +0100] "GET /the-centurion-figure-p-15697.html HTTP/1.0" 301 70884 "-" "Mozilla/5.0 (compatible; MJ12bot/v1.4.8; http://mj12bot.com/)"
167.114.173.115 - - [23/Jan/2022:09:24:06 +0100] "GET /centurion-figure-p-15697.html HTTP/1.0" 200 70801 "-" "Mozilla/5.0 (compatible; MJ12bot/v1.4.8; http://mj12bot.com/)"
148.251.244.137 - - [23/Jan/2022:09:24:07 +0100] "GET /-p-30138.html HTTP/1.0" 200 70718 "-" "Mozilla/5.0 (compatible; MJ12bot/v1.4.8; http://mj12bot.com/)"
167.114.173.115 - - [23/Jan/2022:09:24:11 +0100] "GET /the-doors-metal-keyring-p-23083.html HTTP/1.0" 301 73420 "-" "Mozilla/5.0 (compatible; MJ12bot/v1.4.8; http://mj12bot.com/)"
148.251.244.137 - - [23/Jan/2022:09:24:14 +0100] "GET /henry-james-quote-wall-stickers-50-70-cm-p-42965.html HTTP/1.0" 301 73602 "-" "Mozilla/5.0 (compatible; MJ12bot/v1.4.8; http://mj12bot.com/)"
167.114.173.115 - - [23/Jan/2022:09:24:15 +0100] "GET /doors-metal-keyring-p-23083.html HTTP/1.0" 200 73334 "-" "Mozilla/5.0 (compatible; MJ12bot/v1.4.8; http://mj12bot.com/)"
54.36.148.243 - - [23/Jan/2022:09:24:06 +0100] "GET /bath-c-11_269_267.html HTTP/1.0" 200 86370 "-" "Mozilla/5.0 (compatible; AhrefsBot/7.0; +http://ahrefs.com/robot/)"
167.114.173.115 - - [23/Jan/2022:09:24:21 +0100] "GET /the-helmet-fireman-sam-p-32482.html HTTP/1.0" 301 70785 "-" "Mozilla/5.0 (compatible; MJ12bot/v1.4.8; http://mj12bot.com/)"
185.191.171.43 - - [23/Jan/2022:09:24:21 +0100] "GET /stone-amethyst-sold-by-weight-120-130-grams-p-46542.html HTTP/1.0" 301 74490 "-" "Mozilla/5.0 (compatible; SemrushBot/7~bl; +http://www.semrush.com/bot.html)"
148.251.244.137 - - [23/Jan/2022:09:24:22 +0100] "GET /henry-james-quote-wall-stickers-p-42965.html HTTP/1.0" 200 73504 "-" "Mozilla/5.0 (compatible; MJ12bot/v1.4.8; http://mj12bot.com/)"
167.114.173.115 - - [23/Jan/2022:09:24:26 +0100] "GET /-p-32482.html HTTP/1.0" 200 70718 "-" "Mozilla/5.0 (compatible; MJ12bot/v1.4.8; http://mj12bot.com/)"
185.191.171.18 - - [23/Jan/2022:09:24:27 +0100] "GET /stone-amethyst-sold-weight-grams-p-46542.html HTTP/1.0" 200 74391 "-" "Mozilla/5.0 (compatible; SemrushBot/7~bl; +http://www.semrush.com/bot.html)"
167.114.173.115 - - [23/Jan/2022:09:24:31 +0100] "GET /the-hobbit-dwarven-battle-axe-roleplay-weapon-p-16589.html HTTP/1.0" 301 70785 "-" "Mozilla/5.0 (compatible; MJ12bot/v1.4.8; http://mj12bot.com/)"
95.91.15.103 - - [23/Jan/2022:09:24:28 +0100] "GET /socks-c-1_141.html?page=9 HTTP/1.0" 200 78925 "-" "Mozilla/5.0 (compatible; MJ12bot/v1.4.8; http://mj12bot.com/)"
148.251.244.137 - - [23/Jan/2022:09:24:31 +0100] "GET /henry-james-quote-wall-stickers-p-42965.html HTTP/1.0" 200 73504 "-" "Mozilla/5.0 (compatible; MJ12bot/v1.4.8; http://mj12bot.com/)"
167.114.173.115 - - [23/Jan/2022:09:24:36 +0100] "GET /-p-16589.html HTTP/1.0" 200 70718 "-" "Mozilla/5.0 (compatible; MJ12bot/v1.4.8; http://mj12bot.com/)"
66.249.66.205 - - [23/Jan/2022:09:24:39 +0100] "GET /monster-high-stationery-p-20401.html HTTP/1.0" 200 73614 "-" "Mozilla/5.0 (Linux; Android 6.0.1; Nexus 5X Build/MMB29P) AppleWebKit/537.36 (KHTML, like Gecko) Chrome/97.0.4692.71 Mobile Safari/537.36 (compatible; Googlebot/2.1; +http://www.google.com/bot.html)"
167.114.173.115 - - [23/Jan/2022:09:24:41 +0100] "GET /the-jungle-book-disney-3d-card-with-envelope-p-34441.html HTTP/1.0" 301 70785 "-" "Mozilla/5.0 (compatible; MJ12bot/v1.4.8; http://mj12bot.com/)"
95.91.15.103 - - [23/Jan/2022:09:24:38 +0100] "GET /socks-c-2_142.html?page=3 HTTP/1.0" 200 80435 "-" "Mozilla/5.0 (compatible; MJ12bot/v1.4.8; http://mj12bot.com/)"
148.251.244.137 - - [23/Jan/2022:09:24:40 +0100] "GET /hermes-statuette-in-bronze-aspect-resin-p-52833.html HTTP/1.0" 301 73650 "-" "Mozilla/5.0 (compatible; MJ12bot/v1.4.8; http://mj12bot.com/)"
167.114.173.115 - - [23/Jan/2022:09:24:45 +0100] "GET /-p-34441.html HTTP/1.0" 200 70718 "-" "Mozilla/5.0 (compatible; MJ12bot/v1.4.8; http://mj12bot.com/)"
148.251.244.137 - - [23/Jan/2022:09:24:47 +0100] "GET /herms-statuette-bronze-aspect-resin-p-52833.html HTTP/1.0" 200 73548 "-" "Mozilla/5.0 (compatible; MJ12bot/v1.4.8; http://mj12bot.com/)"
167.114.173.115 - - [23/Jan/2022:09:24:49 +0100] "GET /the-kiss-statue-by-rodin-14-cm-p-50989.html HTTP/1.0" 301 74143 "-" "Mozilla/5.0 (compatible; MJ12bot/v1.4.8; http://mj12bot.com/)"
167.114.173.115 - - [23/Jan/2022:09:24:56 +0100] "GET /kiss-statue-rodin-p-50989.html HTTP/1.0" 200 74059 "-" "Mozilla/5.0 (compatible; MJ12bot/v1.4.8; http://mj12bot.com/)"
95.91.15.103 - - [23/Jan/2022:09:24:53 +0100] "GET /socks-c-2_142.html?page=4 HTTP/1.0" 200 80435 "-" "Mozilla/5.0 (compatible; MJ12bot/v1.4.8; http://mj12bot.com/)"
148.251.244.137 - - [23/Jan/2022:09:24:58 +0100] "GET /herms-statuette-bronze-aspect-resin-p-52833.html HTTP/1.0" 200 73548 "-" "Mozilla/5.0 (compatible; MJ12bot/v1.4.8; http://mj12bot.com/)"
167.114.173.115 - - [23/Jan/2022:09:25:02 +0100] "GET /the-little-friend-gorjuss-mug-p-46939.html HTTP/1.0" 301 70872 "-" "Mozilla/5.0 (compatible; MJ12bot/v1.4.8; http://mj12bot.com/)"
148.251.244.137 - - [23/Jan/2022:09:25:06 +0100] "GET /heron-stone-flower-p-54181.html HTTP/1.0" 200 70788 "-" "Mozilla/5.0 (compatible; MJ12bot/v1.4.8; http://mj12bot.com/)"
167.114.173.115 - - [23/Jan/2022:09:25:07 +0100] "GET /little-friend-gorjuss-p-46939.html HTTP/1.0" 200 70784 "-" "Mozilla/5.0 (compatible; MJ12bot/v1.4.8; http://mj12bot.com/)"
167.114.173.115 - - [23/Jan/2022:09:25:11 +0100] "GET /the-little-mermaid-figure-p-27319.html HTTP/1.0" 301 70785 "-" "Mozilla/5.0 (compatible; MJ12bot/v1.4.8; http://mj12bot.com/)"
148.251.244.137 - - [23/Jan/2022:09:25:13 +0100] "GET /heron-stone-flower-p-54182.html HTTP/1.0" 200 70788 "-" "Mozilla/5.0 (compatible; MJ12bot/v1.4.8; http://mj12bot.com/)"
167.114.173.115 - - [23/Jan/2022:09:25:16 +0100] "GET /-p-27319.html HTTP/1.0" 200 70718 "-" "Mozilla/5.0 (compatible; MJ12bot/v1.4.8; http://mj12bot.com/)"
167.114.173.115 - - [23/Jan/2022:09:25:21 +0100] "GET /the-little-mermaid-figure-p-27320.html HTTP/1.0" 301 70914 "-" "Mozilla/5.0 (compatible; MJ12bot/v1.4.8; http://mj12bot.com/)"
148.251.244.137 - - [23/Jan/2022:09:25:22 +0100] "GET /home-fragrance-heart-home-bergamot-marine-musk-p-55307.html HTTP/1.0" 200 74582 "-" "Mozilla/5.0 (compatible; MJ12bot/v1.4.8; http://mj12bot.com/)"
167.114.173.115 - - [23/Jan/2022:09:25:25 +0100] "GET /little-mermaid-figure-p-27320.html HTTP/1.0" 200 70826 "-" "Mozilla/5.0 (compatible; MJ12bot/v1.4.8; http://mj12bot.com/)"
167.114.173.115 - - [23/Jan/2022:09:25:29 +0100] "GET /the-little-prince-backpack-p-1855.html HTTP/1.0" 301 70782 "-" "Mozilla/5.0 (compatible; MJ12bot/v1.4.8; http://mj12bot.com/)"
148.251.244.137 - - [23/Jan/2022:09:25:32 +0100] "GET /home-fragrance-heart-home-vanilla-rosewood-p-52819.html HTTP/1.0" 200 74777 "-" "Mozilla/5.0 (compatible; MJ12bot/v1.4.8; http://mj12bot.com/)"
167.114.173.115 - - [23/Jan/2022:09:25:33 +0100] "GET /-p-1855.html HTTP/1.0" 200 70716 "-" "Mozilla/5.0 (compatible; MJ12bot/v1.4.8; http://mj12bot.com/)"
167.114.173.115 - - [23/Jan/2022:09:25:40 +0100] "GET /the-little-prince-flowers-paper-towel-dispenser-p-35242.html HTTP/1.0" 301 73624 "-" "Mozilla/5.0 (compatible; MJ12bot/v1.4.8; http://mj12bot.com/)"
148.251.244.137 - - [23/Jan/2022:09:25:42 +0100] "GET /horse-blue-wastebasket-p-29691.html HTTP/1.0" 200 70819 "-" "Mozilla/5.0 (compatible; MJ12bot/v1.4.8; http://mj12bot.com/)"
23.81.123.63 - - [23/Jan/2022:09:25:43 +0100] "GET /contact_us.php HTTP/1.0" 200 26238 "-" "Mozilla/5.0 (Windows NT 10.0; WOW64) AppleWebKit/537.36 (KHTML, like Gecko) Chrome/53.0.2785.104 Safari/537.36 Core/1.53.5155.400 QQBrowser/9.7.13231.400"
185.191.171.6 - - [23/Jan/2022:09:25:43 +0100] "GET /-p-41938.html?action=add_product HTTP/1.0" 302 476 "-" "Mozilla/5.0 (compatible; SemrushBot/7~bl; +http://www.semrush.com/bot.html)"
23.81.123.63 - - [23/Jan/2022:09:25:45 +0100] "GET /images/pixel_trans.gif HTTP/1.0" 200 328 "http://www.wonder-geek.com/contact_us.php?action=send" "Mozilla/5.0 (Windows NT 10.0; WOW64) AppleWebKit/537.36 (KHTML, like Gecko) Chrome/53.0.2785.104 Safari/537.36 Core/1.53.5155.400 QQBrowser/9.7.13231.400"
23.81.123.63 - - [23/Jan/2022:09:25:46 +0100] "GET /images/pixel_trans.gif HTTP/1.0" 200 328 "http://www.wonder-geek.com/contact_us.php?action=send" "Mozilla/5.0 (Windows NT 10.0; WOW64) AppleWebKit/537.36 (KHTML, like Gecko) Chrome/53.0.2785.104 Safari/537.36 Core/1.53.5155.400 QQBrowser/9.7.13231.400"
167.114.173.115 - - [23/Jan/2022:09:25:46 +0100] "GET /little-prince-flowers-paper-towel-dispenser-p-35242.html HTTP/1.0" 200 73514 "-" "Mozilla/5.0 (compatible; MJ12bot/v1.4.8; http://mj12bot.com/)"
148.251.244.137 - - [23/Jan/2022:09:25:48 +0100] "GET /horse-bookend-p-33807.html HTTP/1.0" 301 70785 "-" "Mozilla/5.0 (compatible; MJ12bot/v1.4.8; http://mj12bot.com/)"
167.114.173.115 - - [23/Jan/2022:09:25:51 +0100] "GET /the-little-prince-of-saint-exupery-bowl-p-44842.html HTTP/1.0" 301 73548 "-" "Mozilla/5.0 (compatible; MJ12bot/v1.4.8; http://mj12bot.com/)"
148.251.244.137 - - [23/Jan/2022:09:25:52 +0100] "GET /-p-33807.html HTTP/1.0" 200 70718 "-" "Mozilla/5.0 (compatible; MJ12bot/v1.4.8; http://mj12bot.com/)"
167.114.173.115 - - [23/Jan/2022:09:25:57 +0100] "GET /little-prince-saint-exupery-bowl-p-44842.html HTTP/1.0" 200 73449 "-" "Mozilla/5.0 (compatible; MJ12bot/v1.4.8; http://mj12bot.com/)"
167.114.173.115 - - [23/Jan/2022:09:26:03 +0100] "GET /the-little-prince-of-saint-exupery-bowl-p-44843.html HTTP/1.0" 301 70949 "-" "Mozilla/5.0 (compatible; MJ12bot/v1.4.8; http://mj12bot.com/)"
148.251.244.137 - - [23/Jan/2022:09:26:03 +0100] "GET /horse-canvas-frame-p-32912.html HTTP/1.0" 200 73394 "-" "Mozilla/5.0 (compatible; MJ12bot/v1.4.8; http://mj12bot.com/)"
167.114.173.115 - - [23/Jan/2022:09:26:09 +0100] "GET /little-prince-saint-exupery-bowl-p-44843.html HTTP/1.0" 200 70850 "-" "Mozilla/5.0 (compatible; MJ12bot/v1.4.8; http://mj12bot.com/)"
157.55.39.125 - - [23/Jan/2022:09:26:14 +0100] "GET /images/8718375531020.jpg HTTP/1.0" 200 259 "-" "Mozilla/5.0 (compatible; bingbot/2.0; +http://www.bing.com/bingbot.htm)"
148.251.244.137 - - [23/Jan/2022:09:26:12 +0100] "GET /horse-cast-iron-wall-bell-20-cm-p-51564.html HTTP/1.0" 301 70912 "-" "Mozilla/5.0 (compatible; MJ12bot/v1.4.8; http://mj12bot.com/)"
54.36.148.243 - - [23/Jan/2022:09:26:15 +0100] "GET /musical-matryoshka-star-projector-p-57229.html HTTP/1.0" 200 74153 "-" "Mozilla/5.0 (compatible; AhrefsBot/7.0; +http://ahrefs.com/robot/)"
167.114.173.115 - - [23/Jan/2022:09:26:15 +0100] "GET /the-little-prince-paper-towel-dispenser-p-28596.html HTTP/1.0" 301 73552 "-" "Mozilla/5.0 (compatible; MJ12bot/v1.4.8; http://mj12bot.com/)"
148.251.244.137 - - [23/Jan/2022:09:26:19 +0100] "GET /horse-cast-iron-wall-bell-p-51564.html HTTP/1.0" 200 70820 "-" "Mozilla/5.0 (compatible; MJ12bot/v1.4.8; http://mj12bot.com/)"
95.91.15.103 - - [23/Jan/2022:09:26:16 +0100] "GET /socks-c-2_142.html?page=5 HTTP/1.0" 200 80435 "-" "Mozilla/5.0 (compatible; MJ12bot/v1.4.8; http://mj12bot.com/)"
167.114.173.115 - - [23/Jan/2022:09:26:21 +0100] "GET /little-prince-paper-towel-dispenser-p-28596.html HTTP/1.0" 200 73450 "-" "Mozilla/5.0 (compatible; MJ12bot/v1.4.8; http://mj12bot.com/)"
148.251.244.137 - - [23/Jan/2022:09:26:25 +0100] "GET /horse-cast-iron-wall-bell-p-51564.html HTTP/1.0" 200 70820 "-" "Mozilla/5.0 (compatible; MJ12bot/v1.4.8; http://mj12bot.com/)"
167.114.173.115 - - [23/Jan/2022:09:26:27 +0100] "GET /the-little-prince-pink-secret-diary-p-13306.html HTTP/1.0" 301 70785 "-" "Mozilla/5.0 (compatible; MJ12bot/v1.4.8; http://mj12bot.com/)"
167.114.173.115 - - [23/Jan/2022:09:26:32 +0100] "GET /-p-13306.html HTTP/1.0" 200 70718 "-" "Mozilla/5.0 (compatible; MJ12bot/v1.4.8; http://mj12bot.com/)"
95.91.15.103 - - [23/Jan/2022:09:26:28 +0100] "GET /socks-c-2_142.html?page=6 HTTP/1.0" 200 80435 "-" "Mozilla/5.0 (compatible; MJ12bot/v1.4.8; http://mj12bot.com/)"
167.114.173.115 - - [23/Jan/2022:09:26:38 +0100] "GET /the-little-prince-placemat-p-30344.html HTTP/1.0" 301 70920 "-" "Mozilla/5.0 (compatible; MJ12bot/v1.4.8; http://mj12bot.com/)"
185.191.171.35 - - [23/Jan/2022:09:26:42 +0100] "GET /-p-37804.html?action=add_product HTTP/1.0" 302 476 "-" "Mozilla/5.0 (compatible; SemrushBot/7~bl; +http://www.semrush.com/bot.html)"
167.114.173.115 - - [23/Jan/2022:09:26:43 +0100] "GET /little-prince-placemat-p-30344.html HTTP/1.0" 200 70831 "-" "Mozilla/5.0 (compatible; MJ12bot/v1.4.8; http://mj12bot.com/)"
167.114.173.115 - - [23/Jan/2022:09:26:48 +0100] "GET /the-little-prince-round-table-p-26513.html HTTP/1.0" 301 70908 "-" "Mozilla/5.0 (compatible; MJ12bot/v1.4.8; http://mj12bot.com/)"
167.114.173.115 - - [23/Jan/2022:09:26:53 +0100] "GET /little-prince-round-table-p-26513.html HTTP/1.0" 200 70816 "-" "Mozilla/5.0 (compatible; MJ12bot/v1.4.8; http://mj12bot.com/)"
167.114.173.115 - - [23/Jan/2022:09:26:57 +0100] "GET /the-little-prince-small-lampshade-for-lamp-or-ceiling-p-30601.html HTTP/1.0" 301 70785 "-" "Mozilla/5.0 (compatible; MJ12bot/v1.4.8; http://mj12bot.com/)"
167.114.173.115 - - [23/Jan/2022:09:27:03 +0100] "GET /-p-30601.html HTTP/1.0" 200 70718 "-" "Mozilla/5.0 (compatible; MJ12bot/v1.4.8; http://mj12bot.com/)"
185.191.171.21 - - [23/Jan/2022:09:26:48 +0100] "GET /corkscrew-bottle-opener-sommelier-kit-c-12_213.html?page=2 HTTP/1.0" 301 88986 "-" "Mozilla/5.0 (compatible; SemrushBot/7~bl; +http://www.semrush.com/bot.html)"
167.114.173.115 - - [23/Jan/2022:09:27:09 +0100] "GET /the-little-prince-toddler-flatware-set-p-30325.html HTTP/1.0" 301 70980 "-" "Mozilla/5.0 (compatible; MJ12bot/v1.4.8; http://mj12bot.com/)"
167.114.173.115 - - [23/Jan/2022:09:27:16 +0100] "GET /little-prince-toddler-flatware-p-30325.html HTTP/1.0" 200 70883 "-" "Mozilla/5.0 (compatible; MJ12bot/v1.4.8; http://mj12bot.com/)"
185.191.171.25 - - [23/Jan/2022:09:27:09 +0100] "GET /corkscrew-bottle-opener-sommelier-c-213.html?page=2 HTTP/1.0" 301 88885 "-" "Mozilla/5.0 (compatible; SemrushBot/7~bl; +http://www.semrush.com/bot.html)"
167.114.173.115 - - [23/Jan/2022:09:27:22 +0100] "GET /the-little-prince-toddler-flatware-set-p-9320.html HTTP/1.0" 301 70977 "-" "Mozilla/5.0 (compatible; MJ12bot/v1.4.8; http://mj12bot.com/)"
167.114.173.115 - - [23/Jan/2022:09:27:27 +0100] "GET /little-prince-toddler-flatware-p-9320.html HTTP/1.0" 200 70881 "-" "Mozilla/5.0 (compatible; MJ12bot/v1.4.8; http://mj12bot.com/)"
167.114.173.115 - - [23/Jan/2022:09:27:32 +0100] "GET /the-little-prince-training-bottle-p-9319.html HTTP/1.0" 301 73559 "-" "Mozilla/5.0 (compatible; MJ12bot/v1.4.8; http://mj12bot.com/)"
167.114.173.115 - - [23/Jan/2022:09:27:37 +0100] "GET /little-prince-training-bottle-p-9319.html HTTP/1.0" 200 73464 "-" "Mozilla/5.0 (compatible; MJ12bot/v1.4.8; http://mj12bot.com/)"
95.91.15.103 - - [23/Jan/2022:09:27:32 +0100] "GET /socks-c-2_142.html?page=8 HTTP/1.0" 200 80435 "-" "Mozilla/5.0 (compatible; MJ12bot/v1.4.8; http://mj12bot.com/)"
185.191.171.37 - - [23/Jan/2022:09:27:22 +0100] "GET /corkscrew-bottle-opener-sommelier-c-12_213.html?page=2 HTTP/1.0" 200 88881 "-" "Mozilla/5.0 (compatible; SemrushBot/7~bl; +http://www.semrush.com/bot.html)"
167.114.173.115 - - [23/Jan/2022:09:27:43 +0100] "GET /the-little-prince-trivet-p-27386.html HTTP/1.0" 301 70883 "-" "Mozilla/5.0 (compatible; MJ12bot/v1.4.8; http://mj12bot.com/)"
185.191.171.22 - - [23/Jan/2022:09:27:43 +0100] "GET /jar-candle-heart-and-home-welcoming-fire-p-53326.html HTTP/1.0" 301 73918 "-" "Mozilla/5.0 (compatible; SemrushBot/7~bl; +http://www.semrush.com/bot.html)"
167.114.173.115 - - [23/Jan/2022:09:27:48 +0100] "GET /little-prince-trivet-p-27386.html HTTP/1.0" 200 70796 "-" "Mozilla/5.0 (compatible; MJ12bot/v1.4.8; http://mj12bot.com/)"
185.191.171.23 - - [23/Jan/2022:09:27:48 +0100] "GET /candle-heart-home-welcoming-fire-p-53326.html HTTP/1.0" 200 73819 "-" "Mozilla/5.0 (compatible; SemrushBot/7~bl; +http://www.semrush.com/bot.html)"
167.114.173.115 - - [23/Jan/2022:09:27:53 +0100] "GET /the-little-prince-trolley-p-10318.html HTTP/1.0" 301 70914 "-" "Mozilla/5.0 (compatible; MJ12bot/v1.4.8; http://mj12bot.com/)"
167.114.173.115 - - [23/Jan/2022:09:27:57 +0100] "GET /little-prince-trolley-p-10318.html HTTP/1.0" 200 70826 "-" "Mozilla/5.0 (compatible; MJ12bot/v1.4.8; http://mj12bot.com/)"
167.114.173.115 - - [23/Jan/2022:09:28:02 +0100] "GET /the-little-prince-white-piggy-bank-p-34711.html HTTP/1.0" 301 70785 "-" "Mozilla/5.0 (compatible; MJ12bot/v1.4.8; http://mj12bot.com/)"
167.114.173.115 - - [23/Jan/2022:09:28:06 +0100] "GET /-p-34711.html HTTP/1.0" 200 70718 "-" "Mozilla/5.0 (compatible; MJ12bot/v1.4.8; http://mj12bot.com/)"
167.114.173.115 - - [23/Jan/2022:09:28:11 +0100] "GET /the-marseillaise-expressions-red-tee-shirt-p-35577.html HTTP/1.0" 301 75496 "-" "Mozilla/5.0 (compatible; MJ12bot/v1.4.8; http://mj12bot.com/)"
185.191.171.21 - - [23/Jan/2022:09:27:53 +0100] "GET /collectible-figurines-and-decorative-c-13_135.html?page=60 HTTP/1.0" 301 97938 "-" "Mozilla/5.0 (compatible; SemrushBot/7~bl; +http://www.semrush.com/bot.html)"
167.114.173.115 - - [23/Jan/2022:09:28:17 +0100] "GET /marseillaise-expressions-shirt-p-35577.html HTTP/1.0" 200 75399 "-" "Mozilla/5.0 (compatible; MJ12bot/v1.4.8; http://mj12bot.com/)"
167.114.173.115 - - [23/Jan/2022:09:28:22 +0100] "GET /the-marseillaise-expressions-white-women-tee-shirt-p-35575.html HTTP/1.0" 301 75608 "-" "Mozilla/5.0 (compatible; MJ12bot/v1.4.8; http://mj12bot.com/)"
167.114.173.115 - - [23/Jan/2022:09:28:28 +0100] "GET /marseillaise-expressions-white-women-shirt-p-35575.html HTTP/1.0" 200 75499 "-" "Mozilla/5.0 (compatible; MJ12bot/v1.4.8; http://mj12bot.com/)"
185.191.171.22 - - [23/Jan/2022:09:28:20 +0100] "GET /collectible-figurines-decorative-c-135.html?page=60 HTTP/1.0" 301 97815 "-" "Mozilla/5.0 (compatible; SemrushBot/7~bl; +http://www.semrush.com/bot.html)"
167.114.173.115 - - [23/Jan/2022:09:28:33 +0100] "GET /the-marseillaises-expressions-white-women-tee-shirt-p-35574.html HTTP/1.0" 301 75618 "-" "Mozilla/5.0 (compatible; MJ12bot/v1.4.8; http://mj12bot.com/)"
167.114.173.115 - - [23/Jan/2022:09:28:38 +0100] "GET /marseillaises-expressions-white-women-shirt-p-35574.html HTTP/1.0" 200 75508 "-" "Mozilla/5.0 (compatible; MJ12bot/v1.4.8; http://mj12bot.com/)"
167.114.173.115 - - [23/Jan/2022:09:28:45 +0100] "GET /the-modular-weapon-of-jedi-soldiers-p-33425.html HTTP/1.0" 301 70965 "-" "Mozilla/5.0 (compatible; MJ12bot/v1.4.8; http://mj12bot.com/)"
95.91.15.103 - - [23/Jan/2022:09:28:42 +0100] "GET /socks-c-2_142.html?page=9 HTTP/1.0" 200 80435 "-" "Mozilla/5.0 (compatible; MJ12bot/v1.4.8; http://mj12bot.com/)"
167.114.173.115 - - [23/Jan/2022:09:28:50 +0100] "GET /modular-weapon-jedi-soldiers-p-33425.html HTTP/1.0" 200 70870 "-" "Mozilla/5.0 (compatible; MJ12bot/v1.4.8; http://mj12bot.com/)"
167.114.173.115 - - [23/Jan/2022:09:28:56 +0100] "GET /the-shadow-frame-cats-by-dubout-cat-nap-p-38858.html HTTP/1.0" 301 70929 "-" "Mozilla/5.0 (compatible; MJ12bot/v1.4.8; http://mj12bot.com/)"
185.191.171.12 - - [23/Jan/2022:09:28:34 +0100] "GET /collectible-figurines-decorative-c-13_135.html?page=60 HTTP/1.0" 200 97833 "-" "Mozilla/5.0 (compatible; SemrushBot/7~bl; +http://www.semrush.com/bot.html)"
185.191.171.24 - - [23/Jan/2022:09:29:01 +0100] "GET /royal-burgundy-ceramic-flowerpot-p-42173.html HTTP/1.0" 200 70836 "-" "Mozilla/5.0 (compatible; SemrushBot/7~bl; +http://www.semrush.com/bot.html)"
95.91.15.103 - - [23/Jan/2022:09:29:01 +0100] "GET /socks-for-adults-c-53_137.html?page=1 HTTP/1.0" 301 69877 "-" "Mozilla/5.0 (compatible; MJ12bot/v1.4.8; http://mj12bot.com/)"
167.114.173.115 - - [23/Jan/2022:09:29:01 +0100] "GET /shadow-frame-cats-dubout-p-38858.html HTTP/1.0" 200 70838 "-" "Mozilla/5.0 (compatible; MJ12bot/v1.4.8; http://mj12bot.com/)"
185.191.171.45 - - [23/Jan/2022:09:29:04 +0100] "GET /little-prince-pink-jewelry-p-41994.html?action=add_product HTTP/1.0" 302 476 "-" "Mozilla/5.0 (compatible; SemrushBot/7~bl; +http://www.semrush.com/bot.html)"
216.244.66.242 - - [23/Jan/2022:09:29:03 +0100] "GET /tree-decoration-figurine-heartwood-creek-p-31816.html HTTP/1.0" 200 73580 "-" "Mozilla/5.0 (compatible; DotBot/1.2; +https://opensiteexplorer.org/dotbot; help@moz.com)"
185.191.171.7 - - [23/Jan/2022:09:29:06 +0100] "GET /decoration-african-water-carrier-p-50858.html HTTP/1.0" 200 73508 "-" "Mozilla/5.0 (compatible; SemrushBot/7~bl; +http://www.semrush.com/bot.html)"
95.91.15.103 - - [23/Jan/2022:09:29:07 +0100] "GET /socks-adults-c-137.html?page=1 HTTP/1.0" 301 69779 "-" "Mozilla/5.0 (compatible; MJ12bot/v1.4.8; http://mj12bot.com/)"
167.114.173.115 - - [23/Jan/2022:09:29:07 +0100] "GET /the-shadow-frame-cats-by-dubout-cat-nap-p-38864.html HTTP/1.0" 301 70971 "-" "Mozilla/5.0 (compatible; MJ12bot/v1.4.8; http://mj12bot.com/)"
185.191.171.5 - - [23/Jan/2022:09:29:11 +0100] "GET /vespa-scooter-clock-p-23042.html?action=add_product HTTP/1.0" 302 476 "-" "Mozilla/5.0 (compatible; SemrushBot/7~bl; +http://www.semrush.com/bot.html)"
185.191.171.7 - - [23/Jan/2022:09:29:13 +0100] "GET /headrest-cushion-50-70-cm-p-53491.html HTTP/1.0" 301 74057 "-" "Mozilla/5.0 (compatible; SemrushBot/7~bl; +http://www.semrush.com/bot.html)"
167.114.173.115 - - [23/Jan/2022:09:29:14 +0100] "GET /shadow-frame-cats-dubout-p-38864.html HTTP/1.0" 200 70880 "-" "Mozilla/5.0 (compatible; MJ12bot/v1.4.8; http://mj12bot.com/)"
95.91.15.103 - - [23/Jan/2022:09:29:14 +0100] "GET /socks-adults-c-53_137.html?page=1 HTTP/1.0" 200 69793 "-" "Mozilla/5.0 (compatible; MJ12bot/v1.4.8; http://mj12bot.com/)"
185.191.171.38 - - [23/Jan/2022:09:29:18 +0100] "GET /headrest-cushion-p-53491.html HTTP/1.0" 200 73974 "-" "Mozilla/5.0 (compatible; SemrushBot/7~bl; +http://www.semrush.com/bot.html)"
167.114.173.115 - - [23/Jan/2022:09:29:19 +0100] "GET /the-shadow-frame-cats-by-dubout-cutie-p-38865.html HTTP/1.0" 301 70943 "-" "Mozilla/5.0 (compatible; MJ12bot/v1.4.8; http://mj12bot.com/)"
95.91.15.103 - - [23/Jan/2022:09:29:23 +0100] "GET /socks-for-adults-c-53_137.html?page=2 HTTP/1.0" 301 69877 "-" "Mozilla/5.0 (compatible; MJ12bot/v1.4.8; http://mj12bot.com/)"
167.114.173.115 - - [23/Jan/2022:09:29:25 +0100] "GET /shadow-frame-cats-dubout-cutie-p-38865.html HTTP/1.0" 200 70846 "-" "Mozilla/5.0 (compatible; MJ12bot/v1.4.8; http://mj12bot.com/)"
95.91.15.103 - - [23/Jan/2022:09:29:28 +0100] "GET /socks-adults-c-137.html?page=2 HTTP/1.0" 301 69779 "-" "Mozilla/5.0 (compatible; MJ12bot/v1.4.8; http://mj12bot.com/)"
167.114.173.115 - - [23/Jan/2022:09:29:30 +0100] "GET /the-shadow-frame-cats-by-dubout-dinner-p-38862.html HTTP/1.0" 301 70995 "-" "Mozilla/5.0 (compatible; MJ12bot/v1.4.8; http://mj12bot.com/)"
95.91.15.103 - - [23/Jan/2022:09:29:32 +0100] "GET /socks-adults-c-53_137.html?page=2 HTTP/1.0" 200 69793 "-" "Mozilla/5.0 (compatible; MJ12bot/v1.4.8; http://mj12bot.com/)"
167.114.173.115 - - [23/Jan/2022:09:29:34 +0100] "GET /shadow-frame-cats-dubout-dinner-p-38862.html HTTP/1.0" 200 70897 "-" "Mozilla/5.0 (compatible; MJ12bot/v1.4.8; http://mj12bot.com/)"
167.114.173.115 - - [23/Jan/2022:09:29:39 +0100] "GET /the-simpsons-shirt-p-29591.html HTTP/1.0" 301 70878 "-" "Mozilla/5.0 (compatible; MJ12bot/v1.4.8; http://mj12bot.com/)"
95.91.15.103 - - [23/Jan/2022:09:29:38 +0100] "GET /soft-hot-water-bottle-les-vilaines-filles-p-52643.html HTTP/1.0" 301 73703 "-" "Mozilla/5.0 (compatible; MJ12bot/v1.4.8; http://mj12bot.com/)"
167.114.173.115 - - [23/Jan/2022:09:29:43 +0100] "GET /simpsons-shirt-p-29591.html HTTP/1.0" 200 70797 "-" "Mozilla/5.0 (compatible; MJ12bot/v1.4.8; http://mj12bot.com/)"
95.91.15.103 - - [23/Jan/2022:09:29:44 +0100] "GET /soft-water-bottle-vilaines-filles-p-52643.html HTTP/1.0" 200 73603 "-" "Mozilla/5.0 (compatible; MJ12bot/v1.4.8; http://mj12bot.com/)"
54.36.148.243 - - [23/Jan/2022:09:29:46 +0100] "GET /zebra-resin-lamp-p-55234.html HTTP/1.0" 200 74234 "-" "Mozilla/5.0 (compatible; AhrefsBot/7.0; +http://ahrefs.com/robot/)"
216.244.66.242 - - [23/Jan/2022:09:29:45 +0100] "GET /chair-cushion-velcro-powder-and-gray-38-cm-p-43505.html HTTP/1.0" 301 73605 "-" "Mozilla/5.0 (compatible; DotBot/1.2; +https://opensiteexplorer.org/dotbot; help@moz.com)"
167.114.173.115 - - [23/Jan/2022:09:29:50 +0100] "GET /the-simpsons-shopping-trolley-p-20548.html HTTP/1.0" 301 70938 "-" "Mozilla/5.0 (compatible; MJ12bot/v1.4.8; http://mj12bot.com/)"
167.114.173.115 - - [23/Jan/2022:09:29:58 +0100] "GET /simpsons-shopping-trolley-p-20548.html HTTP/1.0" 200 70846 "-" "Mozilla/5.0 (compatible; MJ12bot/v1.4.8; http://mj12bot.com/)"
167.114.173.115 - - [23/Jan/2022:09:30:04 +0100] "GET /the-simpsons-tee-shirt-p-29593.html HTTP/1.0" 301 74814 "-" "Mozilla/5.0 (compatible; MJ12bot/v1.4.8; http://mj12bot.com/)"
167.114.173.115 - - [23/Jan/2022:09:30:12 +0100] "GET /simpsons-shirt-p-29593.html HTTP/1.0" 200 74733 "-" "Mozilla/5.0 (compatible; MJ12bot/v1.4.8; http://mj12bot.com/)"
167.114.173.115 - - [23/Jan/2022:09:30:19 +0100] "GET /the-spongebob-3d-clock-p-12220.html HTTP/1.0" 301 70864 "-" "Mozilla/5.0 (compatible; MJ12bot/v1.4.8; http://mj12bot.com/)"
185.191.171.36 - - [23/Jan/2022:09:30:19 +0100] "GET /dubout-cats-tote-bag-gros-dodo-p-47164.html HTTP/1.0" 301 73566 "-" "Mozilla/5.0 (compatible; SemrushBot/7~bl; +http://www.semrush.com/bot.html)"
167.114.173.115 - - [23/Jan/2022:09:30:25 +0100] "GET /spongebob-clock-p-12220.html HTTP/1.0" 200 70782 "-" "Mozilla/5.0 (compatible; MJ12bot/v1.4.8; http://mj12bot.com/)"
185.191.171.1 - - [23/Jan/2022:09:30:25 +0100] "GET /dubout-cats-tote-gros-dodo-p-47164.html HTTP/1.0" 200 73473 "-" "Mozilla/5.0 (compatible; SemrushBot/7~bl; +http://www.semrush.com/bot.html)"
167.114.173.115 - - [23/Jan/2022:09:30:31 +0100] "GET /the-spongebob-acrylic-glasses-p-14869.html HTTP/1.0" 301 70785 "-" "Mozilla/5.0 (compatible; MJ12bot/v1.4.8; http://mj12bot.com/)"
185.191.171.36 - - [23/Jan/2022:09:30:31 +0100] "GET /isothermic-stainless-steel-bottle-sagittarius-by-cbkreation-p-51034.html HTTP/1.0" 301 73782 "-" "Mozilla/5.0 (compatible; SemrushBot/7~bl; +http://www.semrush.com/bot.html)"
167.114.173.115 - - [23/Jan/2022:09:30:35 +0100] "GET /-p-14869.html HTTP/1.0" 200 70718 "-" "Mozilla/5.0 (compatible; MJ12bot/v1.4.8; http://mj12bot.com/)"
95.91.15.103 - - [23/Jan/2022:09:30:35 +0100] "GET /soft-hot-water-bottle-with-pompoms-p-52641.html HTTP/1.0" 301 74249 "-" "Mozilla/5.0 (compatible; MJ12bot/v1.4.8; http://mj12bot.com/)"
185.191.171.6 - - [23/Jan/2022:09:30:37 +0100] "GET /isothermic-stainless-steel-bottle-sagittarius-cbkreation-p-51034.html HTTP/1.0" 200 73659 "-" "Mozilla/5.0 (compatible; SemrushBot/7~bl; +http://www.semrush.com/bot.html)"
167.114.173.115 - - [23/Jan/2022:09:30:41 +0100] "GET /the-spongebob-punk-is-not-dead-wall-clock-p-13457.html HTTP/1.0" 301 73591 "-" "Mozilla/5.0 (compatible; MJ12bot/v1.4.8; http://mj12bot.com/)"
185.191.171.20 - - [23/Jan/2022:09:30:44 +0100] "GET /votive-candle-red-rose-p-42630.html HTTP/1.0" 301 74043 "-" "Mozilla/5.0 (compatible; SemrushBot/7~bl; +http://www.semrush.com/bot.html)"
167.114.173.115 - - [23/Jan/2022:09:30:47 +0100] "GET /spongebob-punk-dead-wall-clock-p-13457.html HTTP/1.0" 200 73494 "-" "Mozilla/5.0 (compatible; MJ12bot/v1.4.8; http://mj12bot.com/)"
185.191.171.26 - - [23/Jan/2022:09:30:49 +0100] "GET /votive-candle-rose-p-42630.html HTTP/1.0" 200 73958 "-" "Mozilla/5.0 (compatible; SemrushBot/7~bl; +http://www.semrush.com/bot.html)"
167.114.173.115 - - [23/Jan/2022:09:30:52 +0100] "GET /the-spongebob-small-oval-placemat-p-17139.html HTTP/1.0" 301 73714 "-" "Mozilla/5.0 (compatible; MJ12bot/v1.4.8; http://mj12bot.com/)"
167.114.173.115 - - [23/Jan/2022:09:30:57 +0100] "GET /spongebob-small-oval-placemat-p-17139.html HTTP/1.0" 200 73618 "-" "Mozilla/5.0 (compatible; MJ12bot/v1.4.8; http://mj12bot.com/)"
167.114.173.115 - - [23/Jan/2022:09:31:03 +0100] "GET /the-spongebob-wall-light-p-11192.html HTTP/1.0" 301 73661 "-" "Mozilla/5.0 (compatible; MJ12bot/v1.4.8; http://mj12bot.com/)"
167.114.173.115 - - [23/Jan/2022:09:31:08 +0100] "GET /spongebob-wall-light-p-11192.html HTTP/1.0" 200 73574 "-" "Mozilla/5.0 (compatible; MJ12bot/v1.4.8; http://mj12bot.com/)"
95.91.15.103 - - [23/Jan/2022:09:31:12 +0100] "GET /soft-water-bottle-with-pompoms-p-52641.html HTTP/1.0" 200 74152 "-" "Mozilla/5.0 (compatible; MJ12bot/v1.4.8; http://mj12bot.com/)"
167.114.173.115 - - [23/Jan/2022:09:31:14 +0100] "GET /the-thinker-statue-of-deep-contemplation-by-rodin-15-cm-p-43679.html HTTP/1.0" 301 74408 "-" "Mozilla/5.0 (compatible; MJ12bot/v1.4.8; http://mj12bot.com/)"
167.114.173.115 - - [23/Jan/2022:09:31:20 +0100] "GET /thinker-statue-deep-contemplation-rodin-p-43679.html HTTP/1.0" 200 74302 "-" "Mozilla/5.0 (compatible; MJ12bot/v1.4.8; http://mj12bot.com/)"
95.91.15.103 - - [23/Jan/2022:09:31:20 +0100] "GET /soft-water-bottle-vilaines-filles-p-52643.html HTTP/1.0" 200 73603 "-" "Mozilla/5.0 (compatible; MJ12bot/v1.4.8; http://mj12bot.com/)"
167.114.173.115 - - [23/Jan/2022:09:31:26 +0100] "GET /the-thinker-statue-of-deep-contemplation-by-rodin-25-cm-p-43678.html HTTP/1.0" 301 74410 "-" "Mozilla/5.0 (compatible; MJ12bot/v1.4.8; http://mj12bot.com/)"
185.191.171.19 - - [23/Jan/2022:09:31:28 +0100] "GET /gorjuss-oops-daisy-glasses-p-43164.html HTTP/1.0" 200 74094 "-" "Mozilla/5.0 (compatible; SemrushBot/7~bl; +http://www.semrush.com/bot.html)"
167.114.173.115 - - [23/Jan/2022:09:31:33 +0100] "GET /thinker-statue-deep-contemplation-rodin-p-43678.html HTTP/1.0" 200 74304 "-" "Mozilla/5.0 (compatible; MJ12bot/v1.4.8; http://mj12bot.com/)"
185.191.171.16 - - [23/Jan/2022:09:31:34 +0100] "GET /protects-mattress-fleece-cotton-p-39148.html HTTP/1.0" 200 73521 "-" "Mozilla/5.0 (compatible; SemrushBot/7~bl; +http://www.semrush.com/bot.html)"
54.36.148.243 - - [23/Jan/2022:09:31:35 +0100] "GET /mandalorian-ceramic-p-54995.html HTTP/1.0" 200 73989 "-" "Mozilla/5.0 (compatible; AhrefsBot/7.0; +http://ahrefs.com/robot/)"
185.191.171.36 - - [23/Jan/2022:09:31:39 +0100] "GET /roses-paperweight-charles-rennie-mackintosh-p-56633.html HTTP/1.0" 200 74726 "-" "Mozilla/5.0 (compatible; SemrushBot/7~bl; +http://www.semrush.com/bot.html)"
167.114.173.115 - - [23/Jan/2022:09:31:41 +0100] "GET /thekla-figure-p-11176.html HTTP/1.0" 301 70785 "-" "Mozilla/5.0 (compatible; MJ12bot/v1.4.8; http://mj12bot.com/)"
167.114.173.115 - - [23/Jan/2022:09:31:45 +0100] "GET /-p-11176.html HTTP/1.0" 200 70718 "-" "Mozilla/5.0 (compatible; MJ12bot/v1.4.8; http://mj12bot.com/)"
95.91.15.103 - - [23/Jan/2022:09:31:48 +0100] "GET /soft-water-bottle-with-pompoms-p-52641.html HTTP/1.0" 200 74152 "-" "Mozilla/5.0 (compatible; MJ12bot/v1.4.8; http://mj12bot.com/)"
167.114.173.115 - - [23/Jan/2022:09:31:50 +0100] "GET /theme-cats-tisaniere-p-44911.html HTTP/1.0" 301 73495 "-" "Mozilla/5.0 (compatible; MJ12bot/v1.4.8; http://mj12bot.com/)"
167.114.173.115 - - [23/Jan/2022:09:31:57 +0100] "GET /theme-cats-tisanire-p-44911.html HTTP/1.0" 200 73409 "-" "Mozilla/5.0 (compatible; MJ12bot/v1.4.8; http://mj12bot.com/)"
167.114.173.115 - - [23/Jan/2022:09:32:03 +0100] "GET /theme-cats-tisanire-p-44911.html HTTP/1.0" 200 73409 "-" "Mozilla/5.0 (compatible; MJ12bot/v1.4.8; http://mj12bot.com/)"
216.244.66.242 - - [23/Jan/2022:09:32:06 +0100] "GET /boho-canvas-frame-p-41545.html HTTP/1.0" 200 73468 "-" "Mozilla/5.0 (compatible; DotBot/1.2; +https://opensiteexplorer.org/dotbot; help@moz.com)"
167.114.173.115 - - [23/Jan/2022:09:32:08 +0100] "GET /theme-indian-mug-p-39662.html HTTP/1.0" 301 73373 "-" "Mozilla/5.0 (compatible; MJ12bot/v1.4.8; http://mj12bot.com/)"
167.114.173.115 - - [23/Jan/2022:09:32:13 +0100] "GET /theme-indian-p-39662.html HTTP/1.0" 200 73294 "-" "Mozilla/5.0 (compatible; MJ12bot/v1.4.8; http://mj12bot.com/)"
95.91.15.103 - - [23/Jan/2022:09:32:19 +0100] "GET /solar-powered-dancing-duck-p-28888.html HTTP/1.0" 200 70812 "-" "Mozilla/5.0 (compatible; MJ12bot/v1.4.8; http://mj12bot.com/)"
167.114.173.115 - - [23/Jan/2022:09:32:20 +0100] "GET /theme-indian-p-39662.html HTTP/1.0" 200 73294 "-" "Mozilla/5.0 (compatible; MJ12bot/v1.4.8; http://mj12bot.com/)"
167.114.173.115 - - [23/Jan/2022:09:32:27 +0100] "GET /thinkerbell-cushion-p-23093.html HTTP/1.0" 301 70785 "-" "Mozilla/5.0 (compatible; MJ12bot/v1.4.8; http://mj12bot.com/)"
167.114.173.115 - - [23/Jan/2022:09:32:31 +0100] "GET /-p-23093.html HTTP/1.0" 200 70718 "-" "Mozilla/5.0 (compatible; MJ12bot/v1.4.8; http://mj12bot.com/)"
167.114.173.115 - - [23/Jan/2022:09:32:36 +0100] "GET /this-is-love-bedclothes-220-240-cm-p-33900.html HTTP/1.0" 301 70785 "-" "Mozilla/5.0 (compatible; MJ12bot/v1.4.8; http://mj12bot.com/)"
167.114.173.115 - - [23/Jan/2022:09:32:40 +0100] "GET /-p-33900.html HTTP/1.0" 200 70718 "-" "Mozilla/5.0 (compatible; MJ12bot/v1.4.8; http://mj12bot.com/)"
167.114.173.115 - - [23/Jan/2022:09:32:44 +0100] "GET /thor-avengers-figure-30-cm-p-32439.html HTTP/1.0" 301 70785 "-" "Mozilla/5.0 (compatible; MJ12bot/v1.4.8; http://mj12bot.com/)"
167.114.173.115 - - [23/Jan/2022:09:32:49 +0100] "GET /-p-32439.html HTTP/1.0" 200 70718 "-" "Mozilla/5.0 (compatible; MJ12bot/v1.4.8; http://mj12bot.com/)"
167.114.173.115 - - [23/Jan/2022:09:32:53 +0100] "GET /thor-avengers-figure-p-29848.html HTTP/1.0" 301 70785 "-" "Mozilla/5.0 (compatible; MJ12bot/v1.4.8; http://mj12bot.com/)"
167.114.173.115 - - [23/Jan/2022:09:32:57 +0100] "GET /-p-29848.html HTTP/1.0" 200 70718 "-" "Mozilla/5.0 (compatible; MJ12bot/v1.4.8; http://mj12bot.com/)"
216.244.66.242 - - [23/Jan/2022:09:33:00 +0100] "GET /boho-wooden-frame-dream-love-p-39228.html HTTP/1.0" 200 73514 "-" "Mozilla/5.0 (compatible; DotBot/1.2; +https://opensiteexplorer.org/dotbot; help@moz.com)"
167.114.173.115 - - [23/Jan/2022:09:33:01 +0100] "GET /thor-marvel-mug-p-26008.html HTTP/1.0" 301 73353 "-" "Mozilla/5.0 (compatible; MJ12bot/v1.4.8; http://mj12bot.com/)"
167.114.173.115 - - [23/Jan/2022:09:33:08 +0100] "GET /thor-marvel-p-26008.html HTTP/1.0" 200 73275 "-" "Mozilla/5.0 (compatible; MJ12bot/v1.4.8; http://mj12bot.com/)"
95.91.15.103 - - [23/Jan/2022:09:33:13 +0100] "GET /solar-powered-dancing-monkey-p-28883.html HTTP/1.0" 200 70820 "-" "Mozilla/5.0 (compatible; MJ12bot/v1.4.8; http://mj12bot.com/)"
167.114.173.115 - - [23/Jan/2022:09:33:13 +0100] "GET /thor-marvel-p-26008.html HTTP/1.0" 200 73275 "-" "Mozilla/5.0 (compatible; MJ12bot/v1.4.8; http://mj12bot.com/)"
167.114.173.115 - - [23/Jan/2022:09:33:19 +0100] "GET /tiki-bar-beige-metal-tray-33-cm-p-35049.html HTTP/1.0" 301 70785 "-" "Mozilla/5.0 (compatible; MJ12bot/v1.4.8; http://mj12bot.com/)"
216.244.66.242 - - [23/Jan/2022:09:33:21 +0100] "GET /wall-decoration-relief-bath-vintage-p-46063.html HTTP/1.0" 200 73579 "-" "Mozilla/5.0 (compatible; DotBot/1.2; +https://opensiteexplorer.org/dotbot; help@moz.com)"
167.114.173.115 - - [23/Jan/2022:09:33:24 +0100] "GET /-p-35049.html HTTP/1.0" 200 70718 "-" "Mozilla/5.0 (compatible; MJ12bot/v1.4.8; http://mj12bot.com/)"
54.36.148.243 - - [23/Jan/2022:09:33:27 +0100] "GET /moto-retro-ottoman-storage-p-47384.html HTTP/1.0" 200 73551 "-" "Mozilla/5.0 (compatible; AhrefsBot/7.0; +http://ahrefs.com/robot/)"
167.114.173.115 - - [23/Jan/2022:09:33:28 +0100] "GET /tiki-beige-metal-tray-p-35049.html HTTP/1.0" 301 70785 "-" "Mozilla/5.0 (compatible; MJ12bot/v1.4.8; http://mj12bot.com/)"
167.114.173.115 - - [23/Jan/2022:09:33:32 +0100] "GET /-p-35049.html HTTP/1.0" 200 70718 "-" "Mozilla/5.0 (compatible; MJ12bot/v1.4.8; http://mj12bot.com/)"
167.114.173.115 - - [23/Jan/2022:09:33:36 +0100] "GET /tinker-bell-disney-water-ball-p-47683.html HTTP/1.0" 301 70785 "-" "Mozilla/5.0 (compatible; MJ12bot/v1.4.8; http://mj12bot.com/)"
167.114.173.115 - - [23/Jan/2022:09:33:40 +0100] "GET /-p-47683.html HTTP/1.0" 200 70718 "-" "Mozilla/5.0 (compatible; MJ12bot/v1.4.8; http://mj12bot.com/)"
167.114.173.115 - - [23/Jan/2022:09:33:44 +0100] "GET /tinkerbell-disney-secret-box-collection-p-29101.html HTTP/1.0" 301 70958 "-" "Mozilla/5.0 (compatible; MJ12bot/v1.4.8; http://mj12bot.com/)"
185.191.171.39 - - [23/Jan/2022:09:33:47 +0100] "GET /barbapapa-money-p-7295.html HTTP/1.0" 200 70794 "-" "Mozilla/5.0 (compatible; SemrushBot/7~bl; +http://www.semrush.com/bot.html)"
167.114.173.115 - - [23/Jan/2022:09:33:48 +0100] "GET /tinkerbell-disney-secret-collection-p-29101.html HTTP/1.0" 200 70856 "-" "Mozilla/5.0 (compatible; MJ12bot/v1.4.8; http://mj12bot.com/)"
167.114.173.115 - - [23/Jan/2022:09:33:53 +0100] "GET /tinkerbell-disney-secret-collection-p-29101.html HTTP/1.0" 200 70856 "-" "Mozilla/5.0 (compatible; MJ12bot/v1.4.8; http://mj12bot.com/)"
167.114.173.115 - - [23/Jan/2022:09:33:57 +0100] "GET /tinkerbell-figure-collection-by-romero-britto-p-13951.html HTTP/1.0" 301 70785 "-" "Mozilla/5.0 (compatible; MJ12bot/v1.4.8; http://mj12bot.com/)"
95.91.15.103 - - [23/Jan/2022:09:33:59 +0100] "GET /solar-powered-shark-dancing-p-38828.html HTTP/1.0" 200 73638 "-" "Mozilla/5.0 (compatible; MJ12bot/v1.4.8; http://mj12bot.com/)"
167.114.173.115 - - [23/Jan/2022:09:34:01 +0100] "GET /-p-13951.html HTTP/1.0" 200 70718 "-" "Mozilla/5.0 (compatible; MJ12bot/v1.4.8; http://mj12bot.com/)"
167.114.173.115 - - [23/Jan/2022:09:34:05 +0100] "GET /tinkerbell-girl-brief-size-years-p-26921.html HTTP/1.0" 301 70785 "-" "Mozilla/5.0 (compatible; MJ12bot/v1.4.8; http://mj12bot.com/)"
167.114.173.115 - - [23/Jan/2022:09:34:09 +0100] "GET /-p-26921.html HTTP/1.0" 200 70718 "-" "Mozilla/5.0 (compatible; MJ12bot/v1.4.8; http://mj12bot.com/)"
185.191.171.20 - - [23/Jan/2022:09:34:11 +0100] "GET /sorcerer-mickey-figure-collection-britto-p-18000.html HTTP/1.0" 200 75503 "-" "Mozilla/5.0 (compatible; SemrushBot/7~bl; +http://www.semrush.com/bot.html)"
167.114.173.115 - - [23/Jan/2022:09:34:13 +0100] "GET /tinkerbell-girl-brief-size-years-p-26922.html HTTP/1.0" 301 70785 "-" "Mozilla/5.0 (compatible; MJ12bot/v1.4.8; http://mj12bot.com/)"
167.114.173.115 - - [23/Jan/2022:09:34:18 +0100] "GET /-p-26922.html HTTP/1.0" 200 70718 "-" "Mozilla/5.0 (compatible; MJ12bot/v1.4.8; http://mj12bot.com/)"
167.114.173.115 - - [23/Jan/2022:09:34:23 +0100] "GET /tinkerbell-leggings-years-p-23538.html HTTP/1.0" 301 70785 "-" "Mozilla/5.0 (compatible; MJ12bot/v1.4.8; http://mj12bot.com/)"
185.191.171.3 - - [23/Jan/2022:09:34:25 +0100] "GET /humming-bird-mini-melamine-tray-p-55850.html HTTP/1.0" 200 70832 "-" "Mozilla/5.0 (compatible; SemrushBot/7~bl; +http://www.semrush.com/bot.html)"
167.114.173.115 - - [23/Jan/2022:09:34:27 +0100] "GET /-p-23538.html HTTP/1.0" 200 70718 "-" "Mozilla/5.0 (compatible; MJ12bot/v1.4.8; http://mj12bot.com/)"
167.114.173.115 - - [23/Jan/2022:09:34:33 +0100] "GET /tinkerbell-little-backpack-p-26410.html HTTP/1.0" 301 70785 "-" "Mozilla/5.0 (compatible; MJ12bot/v1.4.8; http://mj12bot.com/)"
167.114.173.115 - - [23/Jan/2022:09:34:37 +0100] "GET /-p-26410.html HTTP/1.0" 200 70718 "-" "Mozilla/5.0 (compatible; MJ12bot/v1.4.8; http://mj12bot.com/)"
51.68.224.127 - - [23/Jan/2022:09:34:41 +0100] "GET /adminweb/export_orders_xml.php?token=256de2z6edz6ed2z6DFSFsed2zed6zeDSFDSGdzedezfzf&maxorders=10&orderstart=1&status=14&start_date=2018-10-01 HTTP/1.0" 200 285 "-" "GesCom CharlotteBoutik Serveur"
167.114.173.115 - - [23/Jan/2022:09:34:42 +0100] "GET /tinkerbell-pajama-p-31302.html HTTP/1.0" 200 70794 "-" "Mozilla/5.0 (compatible; MJ12bot/v1.4.8; http://mj12bot.com/)"
51.68.224.127 - - [23/Jan/2022:09:34:41 +0100] "GET /adminweb/export_orders_xml.php?token=256de2z6edz6ed2z6DFSFsed2zed6zeDSFDSGdzedezfzf&maxorders=10&orderstart=1&status=6&start_date=2018-10-01 HTTP/1.0" 200 32795 "-" "GesCom CharlotteBoutik Serveur"
23.94.178.196 - - [23/Jan/2022:09:34:50 +0100] "GET /images/mini_prod/3700516220868.jpg HTTP/1.0" 200 269 "-" "Mozilla/5.0 (Macintosh; Intel Mac OS X 11_1) AppleWebKit/537.36 (KHTML, like Gecko) Chrome/87.0.4280.88 Safari/537.36"
167.114.173.115 - - [23/Jan/2022:09:34:48 +0100] "GET /tinkerbell-pajama-p-31303.html HTTP/1.0" 301 70785 "-" "Mozilla/5.0 (compatible; MJ12bot/v1.4.8; http://mj12bot.com/)"
167.160.66.70 - - [23/Jan/2022:09:34:50 +0100] "GET /templates/Pixame_v1/images/infobox/pixel_trans.gif HTTP/1.0" 200 328 "-" "Mozilla/5.0 (Windows NT 10.0; Win64; x64) AppleWebKit/537.36 (KHTML, like Gecko) Chrome/88.0.4324.104 Safari/537.36"
167.114.173.115 - - [23/Jan/2022:09:34:52 +0100] "GET /-p-31303.html HTTP/1.0" 200 70718 "-" "Mozilla/5.0 (compatible; MJ12bot/v1.4.8; http://mj12bot.com/)"
167.114.173.115 - - [23/Jan/2022:09:34:57 +0100] "GET /trolley-backpack-oops-daisy-gorjuss-p-35556.html HTTP/1.0" 200 70902 "-" "Mozilla/5.0 (compatible; MJ12bot/v1.4.8; http://mj12bot.com/)"
185.191.171.15 - - [23/Jan/2022:09:34:57 +0100] "GET /cotton-kitchen-towel-made-france-p-43976.html HTTP/1.0" 200 73545 "-" "Mozilla/5.0 (compatible; SemrushBot/7~bl; +http://www.semrush.com/bot.html)"
167.114.173.115 - - [23/Jan/2022:09:35:02 +0100] "GET /trolley-backpack-teo-jasmin-gray-and-pink-p-40872.html HTTP/1.0" 301 70785 "-" "Mozilla/5.0 (compatible; MJ12bot/v1.4.8; http://mj12bot.com/)"
95.91.15.103 - - [23/Jan/2022:09:35:02 +0100] "GET /sonny-angel-animal-series-p-27668.html HTTP/1.0" 200 70840 "-" "Mozilla/5.0 (compatible; MJ12bot/v1.4.8; http://mj12bot.com/)"
185.191.171.39 - - [23/Jan/2022:09:35:06 +0100] "GET /britto-bear-pill-p-32631.html HTTP/1.0" 200 70780 "-" "Mozilla/5.0 (compatible; SemrushBot/7~bl; +http://www.semrush.com/bot.html)"
167.114.173.115 - - [23/Jan/2022:09:35:06 +0100] "GET /-p-40872.html HTTP/1.0" 200 70718 "-" "Mozilla/5.0 (compatible; MJ12bot/v1.4.8; http://mj12bot.com/)"
167.114.173.115 - - [23/Jan/2022:09:35:11 +0100] "GET /trolley-miss-sunshine-p-20100.html HTTP/1.0" 301 70785 "-" "Mozilla/5.0 (compatible; MJ12bot/v1.4.8; http://mj12bot.com/)"
95.91.15.103 - - [23/Jan/2022:09:35:14 +0100] "GET /sonny-angel-animal-series-p-27669.html HTTP/1.0" 200 70812 "-" "Mozilla/5.0 (compatible; MJ12bot/v1.4.8; http://mj12bot.com/)"
167.114.173.115 - - [23/Jan/2022:09:35:16 +0100] "GET /-p-20100.html HTTP/1.0" 200 70718 "-" "Mozilla/5.0 (compatible; MJ12bot/v1.4.8; http://mj12bot.com/)"
167.114.173.115 - - [23/Jan/2022:09:35:21 +0100] "GET /tropia-bedclothes-220-240-cm-p-41766.html HTTP/1.0" 301 70785 "-" "Mozilla/5.0 (compatible; MJ12bot/v1.4.8; http://mj12bot.com/)"
95.91.15.103 - - [23/Jan/2022:09:35:22 +0100] "GET /sonny-angel-animals-series-figure-p-27663.html HTTP/1.0" 200 70844 "-" "Mozilla/5.0 (compatible; MJ12bot/v1.4.8; http://mj12bot.com/)"
167.114.173.115 - - [23/Jan/2022:09:35:25 +0100] "GET /-p-41766.html HTTP/1.0" 200 70718 "-" "Mozilla/5.0 (compatible; MJ12bot/v1.4.8; http://mj12bot.com/)"
54.36.148.243 - - [23/Jan/2022:09:35:26 +0100] "GET /mustache-white-women-shirt-p-31174.html HTTP/1.0" 200 75390 "-" "Mozilla/5.0 (compatible; AhrefsBot/7.0; +http://ahrefs.com/robot/)"
167.114.173.115 - - [23/Jan/2022:09:35:29 +0100] "GET /tropia-bedclothes-p-41766.html HTTP/1.0" 301 70785 "-" "Mozilla/5.0 (compatible; MJ12bot/v1.4.8; http://mj12bot.com/)"
167.114.173.115 - - [23/Jan/2022:09:35:33 +0100] "GET /-p-41766.html HTTP/1.0" 200 70718 "-" "Mozilla/5.0 (compatible; MJ12bot/v1.4.8; http://mj12bot.com/)"
167.114.173.115 - - [23/Jan/2022:09:35:37 +0100] "GET /tropia-door-mat-coconut-fiber-p-41801.html HTTP/1.0" 301 70785 "-" "Mozilla/5.0 (compatible; MJ12bot/v1.4.8; http://mj12bot.com/)"
167.114.173.115 - - [23/Jan/2022:09:35:41 +0100] "GET /-p-41801.html HTTP/1.0" 200 70718 "-" "Mozilla/5.0 (compatible; MJ12bot/v1.4.8; http://mj12bot.com/)"
167.114.173.115 - - [23/Jan/2022:09:35:45 +0100] "GET /tropical-bar-wood-large-clock-p-35331.html HTTP/1.0" 301 70785 "-" "Mozilla/5.0 (compatible; MJ12bot/v1.4.8; http://mj12bot.com/)"
167.114.173.115 - - [23/Jan/2022:09:35:49 +0100] "GET /-p-35331.html HTTP/1.0" 200 70718 "-" "Mozilla/5.0 (compatible; MJ12bot/v1.4.8; http://mj12bot.com/)"
167.114.173.115 - - [23/Jan/2022:09:35:53 +0100] "GET /unicorn-plush-parma-and-white-11-cm-p-47654.html HTTP/1.0" 301 73553 "-" "Mozilla/5.0 (compatible; MJ12bot/v1.4.8; http://mj12bot.com/)"
167.114.173.115 - - [23/Jan/2022:09:35:57 +0100] "GET /unicorn-plush-parma-white-p-47654.html HTTP/1.0" 200 73461 "-" "Mozilla/5.0 (compatible; MJ12bot/v1.4.8; http://mj12bot.com/)"
167.114.173.115 - - [23/Jan/2022:09:36:03 +0100] "GET /unicorn-plush-parma-white-p-47654.html HTTP/1.0" 200 73461 "-" "Mozilla/5.0 (compatible; MJ12bot/v1.4.8; http://mj12bot.com/)"
167.114.173.115 - - [23/Jan/2022:09:36:09 +0100] "GET /unicorn-plush-pink-and-white-11-cm-p-47653.html HTTP/1.0" 301 73544 "-" "Mozilla/5.0 (compatible; MJ12bot/v1.4.8; http://mj12bot.com/)"
167.114.173.115 - - [23/Jan/2022:09:36:14 +0100] "GET /unicorn-plush-pink-white-p-47653.html HTTP/1.0" 200 73453 "-" "Mozilla/5.0 (compatible; MJ12bot/v1.4.8; http://mj12bot.com/)"
95.91.15.103 - - [23/Jan/2022:09:36:15 +0100] "GET /sonny-angel-cactus-series-figure-p-51723.html HTTP/1.0" 200 74442 "-" "Mozilla/5.0 (compatible; MJ12bot/v1.4.8; http://mj12bot.com/)"
167.114.173.115 - - [23/Jan/2022:09:36:20 +0100] "GET /unicorn-plush-purple-and-white-20-cm-p-47652.html HTTP/1.0" 301 73600 "-" "Mozilla/5.0 (compatible; MJ12bot/v1.4.8; http://mj12bot.com/)"
167.114.173.115 - - [23/Jan/2022:09:36:25 +0100] "GET /unicorn-plush-purple-white-p-47652.html HTTP/1.0" 200 73507 "-" "Mozilla/5.0 (compatible; MJ12bot/v1.4.8; http://mj12bot.com/)"
167.114.173.115 - - [23/Jan/2022:09:36:30 +0100] "GET /unicorn-plush-purple-white-p-47652.html HTTP/1.0" 200 73507 "-" "Mozilla/5.0 (compatible; MJ12bot/v1.4.8; http://mj12bot.com/)"
167.114.173.115 - - [23/Jan/2022:09:36:35 +0100] "GET /unicorn-rainbow-moneybox-p-34627.html HTTP/1.0" 200 70829 "-" "Mozilla/5.0 (compatible; MJ12bot/v1.4.8; http://mj12bot.com/)"
167.114.173.115 - - [23/Jan/2022:09:36:39 +0100] "GET /unicorn-rainbow-salt-and-pepper-p-35405.html HTTP/1.0" 301 70950 "-" "Mozilla/5.0 (compatible; MJ12bot/v1.4.8; http://mj12bot.com/)"
