185.191.171.25 - - [23/Jan/2022:05:19:03 +0100] "GET /home-decoration-c-13.html?page=8 HTTP/1.0" 200 92565 "-" "Mozilla/5.0 (compatible; SemrushBot/7~bl; +http://www.semrush.com/bot.html)"
154.54.249.198 - - [23/Jan/2022:05:19:03 +0100] "GET /pitchers-drink-dispensers-c-243.html HTTP/1.0" 301 90062 "-" "Mozilla/5.0 (compatible; Barkrowler/0.9; +https://babbar.tech/crawler)"
154.54.249.198 - - [23/Jan/2022:05:19:20 +0100] "GET /tour-de-france-adult-apron-p-51197.html HTTP/1.0" 301 73423 "-" "Mozilla/5.0 (compatible; Barkrowler/0.9; +https://babbar.tech/crawler)"
114.119.128.34 - - [23/Jan/2022:05:19:20 +0100] "GET /gorjuss-cards-supplied-with-an-envelope-seven-sisters-p-48384.html HTTP/1.0" 301 73809 "-" "Mozilla/5.0 (Linux; Android 7.0;) AppleWebKit/537.36 (KHTML, like Gecko) Mobile Safari/537.36 (compatible; PetalBot;+https://webmaster.petalsearch.com/site/petalbot)"
185.191.171.35 - - [23/Jan/2022:05:19:22 +0100] "GET /kimmidoll-keyring-kazuko-p-42468.html?action=add_product HTTP/1.0" 302 476 "-" "Mozilla/5.0 (compatible; SemrushBot/7~bl; +http://www.semrush.com/bot.html)"
185.191.171.22 - - [23/Jan/2022:05:19:30 +0100] "GET /happy-thrapie-adult-apron-p-45520.html?action=add_product HTTP/1.0" 302 476 "-" "Mozilla/5.0 (compatible; SemrushBot/7~bl; +http://www.semrush.com/bot.html)"
157.55.39.122 - - [23/Jan/2022:05:19:33 +0100] "GET /himalayan-mini-mood-salt-lamp-pyramid-p-40685.html HTTP/1.0" 200 75471 "-" "Mozilla/5.0 (compatible; bingbot/2.0; +http://www.bing.com/bingbot.htm)"
114.119.128.34 - - [23/Jan/2022:05:19:34 +0100] "GET /gorjuss-cards-supplied-with-envelope-seven-sisters-p-48384.html HTTP/1.0" 200 73692 "-" "Mozilla/5.0 (Linux; Android 7.0;) AppleWebKit/537.36 (KHTML, like Gecko) Mobile Safari/537.36 (compatible; PetalBot;+https://webmaster.petalsearch.com/site/petalbot)"
154.54.249.198 - - [23/Jan/2022:05:19:37 +0100] "GET /tour-de-france-snow-globe-p-53653.html HTTP/1.0" 301 73481 "-" "Mozilla/5.0 (compatible; Barkrowler/0.9; +https://babbar.tech/crawler)"
157.55.39.62 - - [23/Jan/2022:05:19:38 +0100] "GET /isothermic-stainless-steel-bottle-virgo-cbkreation-p-51042.html HTTP/1.0" 200 73617 "-" "Mozilla/5.0 (compatible; bingbot/2.0; +http://www.bing.com/bingbot.htm)"
95.91.110.186 - - [23/Jan/2022:05:19:44 +0100] "GET /robots.txt HTTP/1.0" 200 245 "-" "Mozilla/5.0 (compatible; MJ12bot/v1.4.8; http://mj12bot.com/)"
95.91.110.186 - - [23/Jan/2022:05:19:50 +0100] "GET /topmodel-jean-expanding-stationery-model-p-33950.html HTTP/1.0" 200 70945 "-" "Mozilla/5.0 (compatible; MJ12bot/v1.4.8; http://mj12bot.com/)"
185.191.171.24 - - [23/Jan/2022:05:19:52 +0100] "GET /home-decoration-c-13.html?page=211 HTTP/1.0" 200 93533 "-" "Mozilla/5.0 (compatible; SemrushBot/7~bl; +http://www.semrush.com/bot.html)"
154.54.249.198 - - [23/Jan/2022:05:19:53 +0100] "GET /tour-de-france-snow-globe-p-52188.html HTTP/1.0" 301 73483 "-" "Mozilla/5.0 (compatible; Barkrowler/0.9; +https://babbar.tech/crawler)"
95.91.110.186 - - [23/Jan/2022:05:20:01 +0100] "GET /topmodel-love-song-expanding-and-all-stationery-top-model-p-33984.html HTTP/1.0" 301 71082 "-" "Mozilla/5.0 (compatible; MJ12bot/v1.4.8; http://mj12bot.com/)"
95.91.110.186 - - [23/Jan/2022:05:20:08 +0100] "GET /topmodel-love-song-expanding-stationery-model-p-33984.html HTTP/1.0" 200 70970 "-" "Mozilla/5.0 (compatible; MJ12bot/v1.4.8; http://mj12bot.com/)"
154.54.249.198 - - [23/Jan/2022:05:20:10 +0100] "GET /brass-decorative-telescope-p-40141.html HTTP/1.0" 200 73475 "-" "Mozilla/5.0 (compatible; Barkrowler/0.9; +https://babbar.tech/crawler)"
157.55.39.122 - - [23/Jan/2022:05:20:12 +0100] "GET /images/big_prod/8422096017618.jpg HTTP/1.0" 200 268 "-" "Mozilla/5.0 (compatible; bingbot/2.0; +http://www.bing.com/bingbot.htm)"
95.91.110.186 - - [23/Jan/2022:05:20:17 +0100] "GET /topmodel-love-song-expanding-stationery-model-p-33984.html HTTP/1.0" 200 70970 "-" "Mozilla/5.0 (compatible; MJ12bot/v1.4.8; http://mj12bot.com/)"
95.91.110.186 - - [23/Jan/2022:05:20:26 +0100] "GET /topped-ballerina-p-40767.html HTTP/1.0" 200 70771 "-" "Mozilla/5.0 (compatible; MJ12bot/v1.4.8; http://mj12bot.com/)"
154.54.249.198 - - [23/Jan/2022:05:20:27 +0100] "GET /brass-sextant-with-box-p-51518.html HTTP/1.0" 301 73493 "-" "Mozilla/5.0 (compatible; Barkrowler/0.9; +https://babbar.tech/crawler)"
193.177.162.34 - - [23/Jan/2022:05:20:34 +0100] "GET /images/mini_prod/1439116000007N.jpg HTTP/1.0" 200 270 "-" "Mozilla/5.0 (X11; Ubuntu; Linux x86_64; rv:72.0) Gecko/20100101 Firefox/72.0"
95.91.110.186 - - [23/Jan/2022:05:20:39 +0100] "GET /topped-golden-retriever-puppy-p-40764.html HTTP/1.0" 200 70821 "-" "Mozilla/5.0 (compatible; MJ12bot/v1.4.8; http://mj12bot.com/)"
154.54.249.198 - - [23/Jan/2022:05:20:44 +0100] "GET /brass-compass-sundial-p-52855.html HTTP/1.0" 200 73956 "-" "Mozilla/5.0 (compatible; Barkrowler/0.9; +https://babbar.tech/crawler)"
95.91.110.186 - - [23/Jan/2022:05:20:51 +0100] "GET /topped-gorjuss-brought-love-compartments-p-41184.html HTTP/1.0" 200 70894 "-" "Mozilla/5.0 (compatible; MJ12bot/v1.4.8; http://mj12bot.com/)"
154.54.249.198 - - [23/Jan/2022:05:21:01 +0100] "GET /brass-compass-ornament-egypt-p-41450.html HTTP/1.0" 301 70785 "-" "Mozilla/5.0 (compatible; Barkrowler/0.9; +https://babbar.tech/crawler)"
95.91.110.186 - - [23/Jan/2022:05:21:04 +0100] "GET /topped-gorjuss-ruby-compartments-p-41183.html HTTP/1.0" 200 70878 "-" "Mozilla/5.0 (compatible; MJ12bot/v1.4.8; http://mj12bot.com/)"
95.91.110.186 - - [23/Jan/2022:05:21:13 +0100] "GET /topped-gorjuss-sugar-spice-compartments-p-41182.html HTTP/1.0" 200 70892 "-" "Mozilla/5.0 (compatible; MJ12bot/v1.4.8; http://mj12bot.com/)"
154.54.249.198 - - [23/Jan/2022:05:21:17 +0100] "GET /brazil-cbkreation-p-24119.html HTTP/1.0" 200 73317 "-" "Mozilla/5.0 (compatible; Barkrowler/0.9; +https://babbar.tech/crawler)"
95.91.110.186 - - [23/Jan/2022:05:21:23 +0100] "GET /topped-gorjuss-sugar-spice-triple-compartment-p-41181.html HTTP/1.0" 200 70964 "-" "Mozilla/5.0 (compatible; MJ12bot/v1.4.8; http://mj12bot.com/)"
95.91.110.186 - - [23/Jan/2022:05:21:30 +0100] "GET /topped-kit-ballerina-p-40767.html HTTP/1.0" 301 70854 "-" "Mozilla/5.0 (compatible; MJ12bot/v1.4.8; http://mj12bot.com/)"
154.54.249.198 - - [23/Jan/2022:05:21:33 +0100] "GET /crasy-allen-tote-p-53174.html HTTP/1.0" 200 73404 "-" "Mozilla/5.0 (compatible; Barkrowler/0.9; +https://babbar.tech/crawler)"
95.91.110.186 - - [23/Jan/2022:05:21:39 +0100] "GET /topped-ballerina-p-40767.html HTTP/1.0" 200 70771 "-" "Mozilla/5.0 (compatible; MJ12bot/v1.4.8; http://mj12bot.com/)"
95.91.110.186 - - [23/Jan/2022:05:21:47 +0100] "GET /topped-kit-golden-retriever-puppy-p-40764.html HTTP/1.0" 301 70917 "-" "Mozilla/5.0 (compatible; MJ12bot/v1.4.8; http://mj12bot.com/)"
154.54.249.198 - - [23/Jan/2022:05:21:50 +0100] "GET /crasy-allen-tote-p-53173.html HTTP/1.0" 200 73404 "-" "Mozilla/5.0 (compatible; Barkrowler/0.9; +https://babbar.tech/crawler)"
95.91.110.186 - - [23/Jan/2022:05:21:55 +0100] "GET /topped-golden-retriever-puppy-p-40764.html HTTP/1.0" 200 70821 "-" "Mozilla/5.0 (compatible; MJ12bot/v1.4.8; http://mj12bot.com/)"
159.138.102.98 - - [23/Jan/2022:05:22:03 +0100] "GET /images/mini_prod/3665269180299.jpg HTTP/1.0" 200 269 "-" "Mozilla/5.0 (Linux; Android 7.0;) AppleWebKit/537.36 (KHTML, like Gecko) Mobile Safari/537.36 (compatible; PetalBot;+https://webmaster.petalsearch.com/site/petalbot)"
95.91.110.186 - - [23/Jan/2022:05:22:04 +0100] "GET /topped-kit-gorjuss-ruby-compartments-p-41183.html HTTP/1.0" 301 70977 "-" "Mozilla/5.0 (compatible; MJ12bot/v1.4.8; http://mj12bot.com/)"
154.54.249.198 - - [23/Jan/2022:05:22:07 +0100] "GET /allen-pill-box-flowers-p-51384.html HTTP/1.0" 301 74181 "-" "Mozilla/5.0 (compatible; Barkrowler/0.9; +https://babbar.tech/crawler)"
95.91.110.186 - - [23/Jan/2022:05:22:11 +0100] "GET /topped-gorjuss-ruby-compartments-p-41183.html HTTP/1.0" 200 70878 "-" "Mozilla/5.0 (compatible; MJ12bot/v1.4.8; http://mj12bot.com/)"
95.91.110.186 - - [23/Jan/2022:05:22:19 +0100] "GET /topped-kit-gorjuss-sugar-and-spice-compartments-p-41182.html HTTP/1.0" 301 70998 "-" "Mozilla/5.0 (compatible; MJ12bot/v1.4.8; http://mj12bot.com/)"
154.54.249.198 - - [23/Jan/2022:05:22:23 +0100] "GET /allen-designs-crazy-p-53200.html HTTP/1.0" 200 73499 "-" "Mozilla/5.0 (compatible; Barkrowler/0.9; +https://babbar.tech/crawler)"
95.91.110.186 - - [23/Jan/2022:05:22:27 +0100] "GET /topped-gorjuss-sugar-spice-compartments-p-41182.html HTTP/1.0" 200 70892 "-" "Mozilla/5.0 (compatible; MJ12bot/v1.4.8; http://mj12bot.com/)"
95.91.110.186 - - [23/Jan/2022:05:22:35 +0100] "GET /topped-kit-gorjuss-sugar-and-spice-triple-compartment-p-41181.html HTTP/1.0" 301 71076 "-" "Mozilla/5.0 (compatible; MJ12bot/v1.4.8; http://mj12bot.com/)"
185.191.171.9 - - [23/Jan/2022:05:22:36 +0100] "GET /emily-lili-petrol-p-30435.html?action=add_product HTTP/1.0" 302 476 "-" "Mozilla/5.0 (compatible; SemrushBot/7~bl; +http://www.semrush.com/bot.html)"
154.54.249.198 - - [23/Jan/2022:05:22:39 +0100] "GET /allen-the-owl-tote-bag-p-47660.html HTTP/1.0" 301 74054 "-" "Mozilla/5.0 (compatible; Barkrowler/0.9; +https://babbar.tech/crawler)"
95.91.110.186 - - [23/Jan/2022:05:22:43 +0100] "GET /topped-gorjuss-sugar-spice-triple-compartment-p-41181.html HTTP/1.0" 200 70964 "-" "Mozilla/5.0 (compatible; MJ12bot/v1.4.8; http://mj12bot.com/)"
185.191.171.44 - - [23/Jan/2022:05:22:47 +0100] "GET /robots.txt HTTP/1.0" 200 245 "-" "Mozilla/5.0 (compatible; SemrushBot/7~bl; +http://www.semrush.com/bot.html)"
185.191.171.39 - - [23/Jan/2022:05:22:47 +0100] "GET /water-bottles-and-sport-bottles-c-12_161.html HTTP/1.0" 301 93150 "-" "Mozilla/5.0 (compatible; SemrushBot/7~bl; +http://www.semrush.com/bot.html)"
95.91.110.186 - - [23/Jan/2022:05:22:50 +0100] "GET /topped-kit-gorjuss-you-brought-me-love-compartments-p-41184.html HTTP/1.0" 301 71001 "-" "Mozilla/5.0 (compatible; MJ12bot/v1.4.8; http://mj12bot.com/)"
185.191.171.24 - - [23/Jan/2022:05:22:50 +0100] "GET /water-bottles-sport-bottles-c-161.html HTTP/1.0" 301 93049 "-" "Mozilla/5.0 (compatible; SemrushBot/7~bl; +http://www.semrush.com/bot.html)"
185.191.171.5 - - [23/Jan/2022:05:22:55 +0100] "GET /water-bottles-sport-bottles-c-12_161.html HTTP/1.0" 200 93058 "-" "Mozilla/5.0 (compatible; SemrushBot/7~bl; +http://www.semrush.com/bot.html)"
154.54.249.198 - - [23/Jan/2022:05:22:56 +0100] "GET /waterproof-pillow-cover-p-50923.html HTTP/1.0" 200 70822 "-" "Mozilla/5.0 (compatible; Barkrowler/0.9; +https://babbar.tech/crawler)"
185.191.171.9 - - [23/Jan/2022:05:22:58 +0100] "GET /white-hook-metal-p-44992.html HTTP/1.0" 200 73441 "-" "Mozilla/5.0 (compatible; SemrushBot/7~bl; +http://www.semrush.com/bot.html)"
95.91.110.186 - - [23/Jan/2022:05:23:00 +0100] "GET /topped-gorjuss-brought-love-compartments-p-41184.html HTTP/1.0" 200 70894 "-" "Mozilla/5.0 (compatible; MJ12bot/v1.4.8; http://mj12bot.com/)"
95.91.110.186 - - [23/Jan/2022:05:23:09 +0100] "GET /topped-kit-kitten-p-40763.html HTTP/1.0" 301 70869 "-" "Mozilla/5.0 (compatible; MJ12bot/v1.4.8; http://mj12bot.com/)"
154.54.249.198 - - [23/Jan/2022:05:23:13 +0100] "GET /game-thrones-keyring-p-28268.html HTTP/1.0" 200 73307 "-" "Mozilla/5.0 (compatible; Barkrowler/0.9; +https://babbar.tech/crawler)"
95.91.110.186 - - [23/Jan/2022:05:23:15 +0100] "GET /topped-kitten-p-40763.html HTTP/1.0" 200 70789 "-" "Mozilla/5.0 (compatible; MJ12bot/v1.4.8; http://mj12bot.com/)"
95.91.110.186 - - [23/Jan/2022:05:23:23 +0100] "GET /topped-kitten-p-40763.html HTTP/1.0" 200 70789 "-" "Mozilla/5.0 (compatible; MJ12bot/v1.4.8; http://mj12bot.com/)"
185.191.171.10 - - [23/Jan/2022:05:23:27 +0100] "GET /nici-jolly-lynn-sheep-plush-19-cm-p-35184.html HTTP/1.0" 301 70922 "-" "Mozilla/5.0 (compatible; SemrushBot/7~bl; +http://www.semrush.com/bot.html)"
185.191.171.36 - - [23/Jan/2022:05:23:29 +0100] "GET /nici-jolly-lynn-sheep-plush-p-35184.html HTTP/1.0" 200 70828 "-" "Mozilla/5.0 (compatible; SemrushBot/7~bl; +http://www.semrush.com/bot.html)"
154.54.249.198 - - [23/Jan/2022:05:23:30 +0100] "GET /pascal-figurine-britto-p-55219.html HTTP/1.0" 200 74291 "-" "Mozilla/5.0 (compatible; Barkrowler/0.9; +https://babbar.tech/crawler)"
95.91.110.186 - - [23/Jan/2022:05:23:33 +0100] "GET /tortoise-metal-wall-decoration-24-cm-p-42806.html HTTP/1.0" 301 73646 "-" "Mozilla/5.0 (compatible; MJ12bot/v1.4.8; http://mj12bot.com/)"
185.191.171.2 - - [23/Jan/2022:05:23:38 +0100] "GET /sentiment-towel-kitchen-towel-p-43644.html HTTP/1.0" 200 74135 "-" "Mozilla/5.0 (compatible; SemrushBot/7~bl; +http://www.semrush.com/bot.html)"
95.91.110.186 - - [23/Jan/2022:05:23:42 +0100] "GET /tortoise-metal-wall-decoration-p-42806.html HTTP/1.0" 200 73549 "-" "Mozilla/5.0 (compatible; MJ12bot/v1.4.8; http://mj12bot.com/)"
185.191.171.36 - - [23/Jan/2022:05:23:46 +0100] "GET /enjoy-your-life-p-40462.html?action=add_product HTTP/1.0" 302 476 "-" "Mozilla/5.0 (compatible; SemrushBot/7~bl; +http://www.semrush.com/bot.html)"
154.54.249.198 - - [23/Jan/2022:05:23:47 +0100] "GET /gourmandise-canvas-frame-p-43093.html HTTP/1.0" 200 73489 "-" "Mozilla/5.0 (compatible; Barkrowler/0.9; +https://babbar.tech/crawler)"
95.91.110.186 - - [23/Jan/2022:05:23:51 +0100] "GET /tortoise-metal-wall-decoration-p-42806.html HTTP/1.0" 200 73549 "-" "Mozilla/5.0 (compatible; MJ12bot/v1.4.8; http://mj12bot.com/)"
95.91.110.186 - - [23/Jan/2022:05:24:01 +0100] "GET /towel-bath-towels-c-13_11_70.html HTTP/1.0" 200 91056 "-" "Mozilla/5.0 (compatible; MJ12bot/v1.4.8; http://mj12bot.com/)"
154.54.249.198 - - [23/Jan/2022:05:24:03 +0100] "GET /marseille-money-box-p-42894.html HTTP/1.0" 301 73408 "-" "Mozilla/5.0 (compatible; Barkrowler/0.9; +https://babbar.tech/crawler)"
95.91.110.186 - - [23/Jan/2022:05:24:11 +0100] "GET /towel-bath-towels-c-13_11_70.html?page=1 HTTP/1.0" 200 91067 "-" "Mozilla/5.0 (compatible; MJ12bot/v1.4.8; http://mj12bot.com/)"
95.91.110.186 - - [23/Jan/2022:05:24:19 +0100] "GET /towel-bath-towels-c-13_11_70.html?page=5 HTTP/1.0" 200 86077 "-" "Mozilla/5.0 (compatible; MJ12bot/v1.4.8; http://mj12bot.com/)"
154.54.249.198 - - [23/Jan/2022:05:24:20 +0100] "GET /marseille-little-tray-p-47718.html HTTP/1.0" 200 70794 "-" "Mozilla/5.0 (compatible; Barkrowler/0.9; +https://babbar.tech/crawler)"
95.91.110.186 - - [23/Jan/2022:05:24:32 +0100] "GET /toy-story-blue-swimsuit-p-30827.html HTTP/1.0" 301 70902 "-" "Mozilla/5.0 (compatible; MJ12bot/v1.4.8; http://mj12bot.com/)"
154.54.249.198 - - [23/Jan/2022:05:24:37 +0100] "GET /marseille-black-tee-shirt-p-31254.html HTTP/1.0" 301 75968 "-" "Mozilla/5.0 (compatible; Barkrowler/0.9; +https://babbar.tech/crawler)"
95.91.110.186 - - [23/Jan/2022:05:24:38 +0100] "GET /story-blue-swimsuit-p-30827.html HTTP/1.0" 200 70816 "-" "Mozilla/5.0 (compatible; MJ12bot/v1.4.8; http://mj12bot.com/)"
66.249.66.205 - - [23/Jan/2022:05:24:38 +0100] "GET /set-of-black-mustache-circle-coasters-by-cbkreation-p-16702.html HTTP/1.0" 301 73720 "-" "Mozilla/5.0 (Linux; Android 6.0.1; Nexus 5X Build/MMB29P) AppleWebKit/537.36 (KHTML, like Gecko) Chrome/97.0.4692.71 Mobile Safari/537.36 (compatible; Googlebot/2.1; +http://www.google.com/bot.html)"
66.249.66.56 - - [23/Jan/2022:05:24:41 +0100] "GET /black-mustache-circle-coasters-cbkreation-p-16702.html HTTP/1.0" 200 73612 "-" "Mozilla/5.0 (Linux; Android 6.0.1; Nexus 5X Build/MMB29P) AppleWebKit/537.36 (KHTML, like Gecko) Chrome/97.0.4692.71 Mobile Safari/537.36 (compatible; Googlebot/2.1; +http://www.google.com/bot.html)"
95.91.110.186 - - [23/Jan/2022:05:24:44 +0100] "GET /toy-story-mazagran-p-6607.html HTTP/1.0" 301 70869 "-" "Mozilla/5.0 (compatible; MJ12bot/v1.4.8; http://mj12bot.com/)"
159.138.102.98 - - [23/Jan/2022:05:24:47 +0100] "GET /kitchen-towel-p-38797.html HTTP/1.0" 200 73289 "-" "Mozilla/5.0 (Linux; Android 7.0;) AppleWebKit/537.36 (KHTML, like Gecko) Mobile Safari/537.36 (compatible; PetalBot;+https://webmaster.petalsearch.com/site/petalbot)"
95.91.110.186 - - [23/Jan/2022:05:24:51 +0100] "GET /story-mazagran-p-6607.html HTTP/1.0" 200 70789 "-" "Mozilla/5.0 (compatible; MJ12bot/v1.4.8; http://mj12bot.com/)"
154.54.249.198 - - [23/Jan/2022:05:24:54 +0100] "GET /marseille-black-money-box-p-24221.html HTTP/1.0" 301 73425 "-" "Mozilla/5.0 (compatible; Barkrowler/0.9; +https://babbar.tech/crawler)"
95.91.110.186 - - [23/Jan/2022:05:25:01 +0100] "GET /toy-story-red-swimsuit-p-30830.html HTTP/1.0" 301 70785 "-" "Mozilla/5.0 (compatible; MJ12bot/v1.4.8; http://mj12bot.com/)"
95.91.110.186 - - [23/Jan/2022:05:25:07 +0100] "GET /-p-30830.html HTTP/1.0" 200 70718 "-" "Mozilla/5.0 (compatible; MJ12bot/v1.4.8; http://mj12bot.com/)"
154.54.249.198 - - [23/Jan/2022:05:25:10 +0100] "GET /marseille-ashtray-p-42892.html HTTP/1.0" 200 73882 "-" "Mozilla/5.0 (compatible; Barkrowler/0.9; +https://babbar.tech/crawler)"
95.91.110.186 - - [23/Jan/2022:05:25:15 +0100] "GET /toy-story-round-pencil-case-p-10139.html HTTP/1.0" 301 70785 "-" "Mozilla/5.0 (compatible; MJ12bot/v1.4.8; http://mj12bot.com/)"
157.55.39.125 - - [23/Jan/2022:05:25:21 +0100] "GET /decorative-metal-plate-cbkreation-p-52896.html HTTP/1.0" 200 73479 "-" "Mozilla/5.0 (compatible; bingbot/2.0; +http://www.bing.com/bingbot.htm)"
95.91.110.186 - - [23/Jan/2022:05:25:25 +0100] "GET /-p-10139.html HTTP/1.0" 200 70718 "-" "Mozilla/5.0 (compatible; MJ12bot/v1.4.8; http://mj12bot.com/)"
154.54.249.198 - - [23/Jan/2022:05:25:27 +0100] "GET /marseille-red-tee-shirt-p-31253.html HTTP/1.0" 301 75372 "-" "Mozilla/5.0 (compatible; Barkrowler/0.9; +https://babbar.tech/crawler)"
54.36.148.243 - - [23/Jan/2022:05:25:30 +0100] "GET /mickey-club-house-umbrella-p-20500.html HTTP/1.0" 200 73595 "-" "Mozilla/5.0 (compatible; AhrefsBot/7.0; +http://ahrefs.com/robot/)"
95.91.110.186 - - [23/Jan/2022:05:25:35 +0100] "GET /toy-story-table-p-6382.html HTTP/1.0" 301 70782 "-" "Mozilla/5.0 (compatible; MJ12bot/v1.4.8; http://mj12bot.com/)"
154.54.249.198 - - [23/Jan/2022:05:25:43 +0100] "GET /marseille-cbkreation-p-31256.html HTTP/1.0" 200 73381 "-" "Mozilla/5.0 (compatible; Barkrowler/0.9; +https://babbar.tech/crawler)"
95.91.110.186 - - [23/Jan/2022:05:25:45 +0100] "GET /-p-6382.html HTTP/1.0" 200 70716 "-" "Mozilla/5.0 (compatible; MJ12bot/v1.4.8; http://mj12bot.com/)"
95.91.110.186 - - [23/Jan/2022:05:25:57 +0100] "GET /toy-story-under-turtleneck-sweater-p-31340.html HTTP/1.0" 301 70785 "-" "Mozilla/5.0 (compatible; MJ12bot/v1.4.8; http://mj12bot.com/)"
154.54.249.198 - - [23/Jan/2022:05:26:00 +0100] "GET /marseille-metal-plate-p-47636.html HTTP/1.0" 200 73353 "-" "Mozilla/5.0 (compatible; Barkrowler/0.9; +https://babbar.tech/crawler)"
95.91.110.186 - - [23/Jan/2022:05:26:04 +0100] "GET /-p-31340.html HTTP/1.0" 200 70718 "-" "Mozilla/5.0 (compatible; MJ12bot/v1.4.8; http://mj12bot.com/)"
95.91.110.186 - - [23/Jan/2022:05:26:13 +0100] "GET /toy-story-watch-p-7903.html HTTP/1.0" 301 70782 "-" "Mozilla/5.0 (compatible; MJ12bot/v1.4.8; http://mj12bot.com/)"
154.54.249.198 - - [23/Jan/2022:05:26:16 +0100] "GET /marseille-metal-tray-p-47149.html HTTP/1.0" 200 73428 "-" "Mozilla/5.0 (compatible; Barkrowler/0.9; +https://babbar.tech/crawler)"
95.91.110.186 - - [23/Jan/2022:05:26:22 +0100] "GET /-p-7903.html HTTP/1.0" 200 70716 "-" "Mozilla/5.0 (compatible; MJ12bot/v1.4.8; http://mj12bot.com/)"
95.91.110.186 - - [23/Jan/2022:05:26:31 +0100] "GET /transformers-autobot-bulkhead-figure-p-25300.html HTTP/1.0" 301 70785 "-" "Mozilla/5.0 (compatible; MJ12bot/v1.4.8; http://mj12bot.com/)"
154.54.249.198 - - [23/Jan/2022:05:26:33 +0100] "GET /marseille-wastebasket-p-48436.html HTTP/1.0" 200 73340 "-" "Mozilla/5.0 (compatible; Barkrowler/0.9; +https://babbar.tech/crawler)"
95.91.110.186 - - [23/Jan/2022:05:26:39 +0100] "GET /-p-25300.html HTTP/1.0" 200 70718 "-" "Mozilla/5.0 (compatible; MJ12bot/v1.4.8; http://mj12bot.com/)"
95.91.110.186 - - [23/Jan/2022:05:26:48 +0100] "GET /transformers-autobot-bumblebee-figure-p-25301.html HTTP/1.0" 301 70785 "-" "Mozilla/5.0 (compatible; MJ12bot/v1.4.8; http://mj12bot.com/)"
154.54.249.198 - - [23/Jan/2022:05:26:49 +0100] "GET /marseille-soap-soap-p-40115.html HTTP/1.0" 200 73656 "-" "Mozilla/5.0 (compatible; Barkrowler/0.9; +https://babbar.tech/crawler)"
185.191.171.19 - - [23/Jan/2022:05:26:54 +0100] "GET /llama-love-figurine-10-cm-p-47616.html HTTP/1.0" 301 73487 "-" "Mozilla/5.0 (compatible; SemrushBot/7~bl; +http://www.semrush.com/bot.html)"
185.191.171.5 - - [23/Jan/2022:05:26:58 +0100] "GET /llama-love-figurine-p-47616.html HTTP/1.0" 200 73401 "-" "Mozilla/5.0 (compatible; SemrushBot/7~bl; +http://www.semrush.com/bot.html)"
95.91.110.186 - - [23/Jan/2022:05:26:58 +0100] "GET /-p-25301.html HTTP/1.0" 200 70718 "-" "Mozilla/5.0 (compatible; MJ12bot/v1.4.8; http://mj12bot.com/)"
154.54.249.198 - - [23/Jan/2022:05:27:06 +0100] "GET /marseille-soap-soap-p-40114.html HTTP/1.0" 200 73657 "-" "Mozilla/5.0 (compatible; Barkrowler/0.9; +https://babbar.tech/crawler)"
54.36.148.243 - - [23/Jan/2022:05:27:08 +0100] "GET /disney-princess-backpack-p-10763.html HTTP/1.0" 200 73352 "-" "Mozilla/5.0 (compatible; AhrefsBot/7.0; +http://ahrefs.com/robot/)"
95.91.110.186 - - [23/Jan/2022:05:27:07 +0100] "GET /transformers-autobot-drift-figurine-p-26121.html HTTP/1.0" 301 70785 "-" "Mozilla/5.0 (compatible; MJ12bot/v1.4.8; http://mj12bot.com/)"
95.91.110.186 - - [23/Jan/2022:05:27:17 +0100] "GET /-p-26121.html HTTP/1.0" 200 70718 "-" "Mozilla/5.0 (compatible; MJ12bot/v1.4.8; http://mj12bot.com/)"
51.68.224.127 - - [23/Jan/2022:05:27:19 +0100] "GET /adminweb/export_orders_xml.php?token=256de2z6edz6ed2z6DFSFsed2zed6zeDSFDSGdzedezfzf&maxorders=10&orderstart=1&status=14&start_date=2018-10-01 HTTP/1.0" 200 285 "-" "GesCom CharlotteBoutik Serveur"
51.68.224.127 - - [23/Jan/2022:05:27:19 +0100] "GET /adminweb/export_orders_xml.php?token=256de2z6edz6ed2z6DFSFsed2zed6zeDSFDSGdzedezfzf&maxorders=10&orderstart=1&status=6&start_date=2018-10-01 HTTP/1.0" 200 32795 "-" "GesCom CharlotteBoutik Serveur"
154.54.249.198 - - [23/Jan/2022:05:27:23 +0100] "GET /marseille-white-tee-shirt-p-31255.html HTTP/1.0" 301 75152 "-" "Mozilla/5.0 (compatible; Barkrowler/0.9; +https://babbar.tech/crawler)"
95.91.110.186 - - [23/Jan/2022:05:27:26 +0100] "GET /transformers-autobot-hound-figurine-p-26115.html HTTP/1.0" 301 70785 "-" "Mozilla/5.0 (compatible; MJ12bot/v1.4.8; http://mj12bot.com/)"
114.119.128.34 - - [23/Jan/2022:05:27:29 +0100] "GET /writing-correction-c-129_186.html?page=3 HTTP/1.0" 200 93153 "-" "Mozilla/5.0 (Linux; Android 7.0;) AppleWebKit/537.36 (KHTML, like Gecko) Mobile Safari/537.36 (compatible; PetalBot;+https://webmaster.petalsearch.com/site/petalbot)"
95.91.110.186 - - [23/Jan/2022:05:27:34 +0100] "GET /-p-26115.html HTTP/1.0" 200 70718 "-" "Mozilla/5.0 (compatible; MJ12bot/v1.4.8; http://mj12bot.com/)"
154.54.249.198 - - [23/Jan/2022:05:27:39 +0100] "GET /snow-glitter-ball-c-13_259.html?page=2 HTTP/1.0" 200 89309 "-" "Mozilla/5.0 (compatible; Barkrowler/0.9; +https://babbar.tech/crawler)"
95.91.110.186 - - [23/Jan/2022:05:27:48 +0100] "GET /transformers-autobot-prowl-figure-p-25297.html HTTP/1.0" 301 70785 "-" "Mozilla/5.0 (compatible; MJ12bot/v1.4.8; http://mj12bot.com/)"
157.55.39.125 - - [23/Jan/2022:05:27:51 +0100] "GET /merciful-christ-aromatika-incense-sticks-p-53429.html HTTP/1.0" 200 73522 "-" "Mozilla/5.0 (compatible; bingbot/2.0; +http://www.bing.com/bingbot.htm)"
95.91.110.186 - - [23/Jan/2022:05:27:53 +0100] "GET /-p-25297.html HTTP/1.0" 200 70718 "-" "Mozilla/5.0 (compatible; MJ12bot/v1.4.8; http://mj12bot.com/)"
154.54.249.198 - - [23/Jan/2022:05:27:57 +0100] "GET /disney-princess-white-swimsuit-p-30312.html HTTP/1.0" 200 74588 "-" "Mozilla/5.0 (compatible; Barkrowler/0.9; +https://babbar.tech/crawler)"
40.77.167.47 - - [23/Jan/2022:05:28:03 +0100] "GET /images/med_prod/3520071345611.jpg HTTP/1.0" 200 268 "-" "Mozilla/5.0 (compatible; bingbot/2.0; +http://www.bing.com/bingbot.htm)"
95.91.110.186 - - [23/Jan/2022:05:28:07 +0100] "GET /transformers-autobot-ratchet-figure-p-25298.html HTTP/1.0" 301 70785 "-" "Mozilla/5.0 (compatible; MJ12bot/v1.4.8; http://mj12bot.com/)"
154.54.249.198 - - [23/Jan/2022:05:28:14 +0100] "GET /disney-princess-white-swimsuit-p-30311.html HTTP/1.0" 200 74554 "-" "Mozilla/5.0 (compatible; Barkrowler/0.9; +https://babbar.tech/crawler)"
95.91.110.186 - - [23/Jan/2022:05:28:17 +0100] "GET /-p-25298.html HTTP/1.0" 200 70718 "-" "Mozilla/5.0 (compatible; MJ12bot/v1.4.8; http://mj12bot.com/)"
185.191.171.15 - - [23/Jan/2022:05:28:24 +0100] "GET /zodiac-black-women-tee-shirt-p-30811.html HTTP/1.0" 301 75443 "-" "Mozilla/5.0 (compatible; SemrushBot/7~bl; +http://www.semrush.com/bot.html)"
95.91.110.186 - - [23/Jan/2022:05:28:26 +0100] "GET /transformers-autobot-smokescreen-figure-p-25299.html HTTP/1.0" 301 70785 "-" "Mozilla/5.0 (compatible; MJ12bot/v1.4.8; http://mj12bot.com/)"
185.191.171.15 - - [23/Jan/2022:05:28:27 +0100] "GET /zodiac-black-women-shirt-p-30811.html HTTP/1.0" 200 75352 "-" "Mozilla/5.0 (compatible; SemrushBot/7~bl; +http://www.semrush.com/bot.html)"
154.54.249.198 - - [23/Jan/2022:05:28:31 +0100] "GET /disney-princess-aurora-jacket-p-31248.html HTTP/1.0" 200 74743 "-" "Mozilla/5.0 (compatible; Barkrowler/0.9; +https://babbar.tech/crawler)"
95.91.110.186 - - [23/Jan/2022:05:28:33 +0100] "GET /-p-25299.html HTTP/1.0" 200 70718 "-" "Mozilla/5.0 (compatible; MJ12bot/v1.4.8; http://mj12bot.com/)"
95.91.110.186 - - [23/Jan/2022:05:28:42 +0100] "GET /transformers-bumblebee-figurine-p-26118.html HTTP/1.0" 301 70785 "-" "Mozilla/5.0 (compatible; MJ12bot/v1.4.8; http://mj12bot.com/)"
154.54.249.198 - - [23/Jan/2022:05:28:47 +0100] "GET /disney-princess-storage-stool-p-24528.html HTTP/1.0" 200 70854 "-" "Mozilla/5.0 (compatible; Barkrowler/0.9; +https://babbar.tech/crawler)"
95.91.110.186 - - [23/Jan/2022:05:28:50 +0100] "GET /-p-26118.html HTTP/1.0" 200 70718 "-" "Mozilla/5.0 (compatible; MJ12bot/v1.4.8; http://mj12bot.com/)"
185.191.171.23 - - [23/Jan/2022:05:28:52 +0100] "GET /chime-gecko-metal-and-glass-blue-p-37205.html HTTP/1.0" 301 73580 "-" "Mozilla/5.0 (compatible; SemrushBot/7~bl; +http://www.semrush.com/bot.html)"
185.191.171.1 - - [23/Jan/2022:05:28:56 +0100] "GET /chime-gecko-metal-glass-blue-p-37205.html HTTP/1.0" 200 73485 "-" "Mozilla/5.0 (compatible; SemrushBot/7~bl; +http://www.semrush.com/bot.html)"
54.36.148.243 - - [23/Jan/2022:05:28:57 +0100] "GET /frozen-white-pink-disney-p-35543.html HTTP/1.0" 200 73767 "-" "Mozilla/5.0 (compatible; AhrefsBot/7.0; +http://ahrefs.com/robot/)"
95.91.110.186 - - [23/Jan/2022:05:28:59 +0100] "GET /transformers-bumblebee-figurine-p-26123.html HTTP/1.0" 301 70785 "-" "Mozilla/5.0 (compatible; MJ12bot/v1.4.8; http://mj12bot.com/)"
185.191.171.12 - - [23/Jan/2022:05:29:01 +0100] "GET /volkswagen-electronic-lighter-p-47734.html HTTP/1.0" 301 70785 "-" "Mozilla/5.0 (compatible; SemrushBot/7~bl; +http://www.semrush.com/bot.html)"
154.54.249.198 - - [23/Jan/2022:05:29:03 +0100] "GET /disney-princess-blue-swimsuit-p-30309.html HTTP/1.0" 200 75133 "-" "Mozilla/5.0 (compatible; Barkrowler/0.9; +https://babbar.tech/crawler)"
185.191.171.42 - - [23/Jan/2022:05:29:05 +0100] "GET /-p-47734.html HTTP/1.0" 200 70718 "-" "Mozilla/5.0 (compatible; SemrushBot/7~bl; +http://www.semrush.com/bot.html)"
95.91.110.186 - - [23/Jan/2022:05:29:07 +0100] "GET /-p-26123.html HTTP/1.0" 200 70718 "-" "Mozilla/5.0 (compatible; MJ12bot/v1.4.8; http://mj12bot.com/)"
95.91.110.186 - - [23/Jan/2022:05:29:14 +0100] "GET /transformers-crosshairs-figurine-p-26116.html HTTP/1.0" 301 70785 "-" "Mozilla/5.0 (compatible; MJ12bot/v1.4.8; http://mj12bot.com/)"
154.54.249.198 - - [23/Jan/2022:05:29:20 +0100] "GET /disney-princess-pink-mug-p-49526.html HTTP/1.0" 301 70883 "-" "Mozilla/5.0 (compatible; Barkrowler/0.9; +https://babbar.tech/crawler)"
95.91.110.186 - - [23/Jan/2022:05:29:23 +0100] "GET /-p-26116.html HTTP/1.0" 200 70718 "-" "Mozilla/5.0 (compatible; MJ12bot/v1.4.8; http://mj12bot.com/)"
95.91.110.186 - - [23/Jan/2022:05:29:30 +0100] "GET /transformers-dinobot-strafe-figurine-p-26117.html HTTP/1.0" 301 70785 "-" "Mozilla/5.0 (compatible; MJ12bot/v1.4.8; http://mj12bot.com/)"
154.54.249.198 - - [23/Jan/2022:05:29:36 +0100] "GET /disney-princess-pencil-case-p-44919.html HTTP/1.0" 200 73418 "-" "Mozilla/5.0 (compatible; Barkrowler/0.9; +https://babbar.tech/crawler)"
95.91.110.186 - - [23/Jan/2022:05:29:40 +0100] "GET /-p-26117.html HTTP/1.0" 200 70718 "-" "Mozilla/5.0 (compatible; MJ12bot/v1.4.8; http://mj12bot.com/)"
185.191.171.1 - - [23/Jan/2022:05:29:43 +0100] "GET /johnny-hallyday-mouse-pad-p-10931.html HTTP/1.0" 301 73450 "-" "Mozilla/5.0 (compatible; SemrushBot/7~bl; +http://www.semrush.com/bot.html)"
185.191.171.43 - - [23/Jan/2022:05:29:47 +0100] "GET /johnny-hallyday-mouse-p-10931.html HTTP/1.0" 200 73362 "-" "Mozilla/5.0 (compatible; SemrushBot/7~bl; +http://www.semrush.com/bot.html)"
185.191.171.33 - - [23/Jan/2022:05:29:50 +0100] "GET /resin-skull-ashtray-p-30011.html HTTP/1.0" 200 73299 "-" "Mozilla/5.0 (compatible; SemrushBot/7~bl; +http://www.semrush.com/bot.html)"
95.91.110.186 - - [23/Jan/2022:05:29:50 +0100] "GET /transformers-grimlock-figurine-p-26113.html HTTP/1.0" 301 70785 "-" "Mozilla/5.0 (compatible; MJ12bot/v1.4.8; http://mj12bot.com/)"
185.191.171.36 - - [23/Jan/2022:05:29:53 +0100] "GET /lily-ladybird-lace-curtain-p-7917.html HTTP/1.0" 200 73360 "-" "Mozilla/5.0 (compatible; SemrushBot/7~bl; +http://www.semrush.com/bot.html)"
154.54.249.198 - - [23/Jan/2022:05:29:53 +0100] "GET /disney-princesses-cardigan-p-31129.html HTTP/1.0" 200 74852 "-" "Mozilla/5.0 (compatible; Barkrowler/0.9; +https://babbar.tech/crawler)"
95.91.110.186 - - [23/Jan/2022:05:29:57 +0100] "GET /-p-26113.html HTTP/1.0" 200 70718 "-" "Mozilla/5.0 (compatible; MJ12bot/v1.4.8; http://mj12bot.com/)"
95.91.110.186 - - [23/Jan/2022:05:30:06 +0100] "GET /transformers-grimlock-figurine-p-26120.html HTTP/1.0" 301 70785 "-" "Mozilla/5.0 (compatible; MJ12bot/v1.4.8; http://mj12bot.com/)"
154.54.249.198 - - [23/Jan/2022:05:30:10 +0100] "GET /disney-princesses-pull-under-p-31127.html HTTP/1.0" 200 74572 "-" "Mozilla/5.0 (compatible; Barkrowler/0.9; +https://babbar.tech/crawler)"
114.119.128.26 - - [23/Jan/2022:05:30:13 +0100] "GET /nightlight-shaped-rabbit-led-p-37286.html HTTP/1.0" 301 73490 "-" "Mozilla/5.0 (Linux; Android 7.0;) AppleWebKit/537.36 (KHTML, like Gecko) Mobile Safari/537.36 (compatible; PetalBot;+https://webmaster.petalsearch.com/site/petalbot)"
95.91.110.186 - - [23/Jan/2022:05:30:13 +0100] "GET /-p-26120.html HTTP/1.0" 200 70718 "-" "Mozilla/5.0 (compatible; MJ12bot/v1.4.8; http://mj12bot.com/)"
114.119.128.26 - - [23/Jan/2022:05:30:17 +0100] "GET /nightlight-shaped-rabbit-p-37286.html HTTP/1.0" 200 73399 "-" "Mozilla/5.0 (Linux; Android 7.0;) AppleWebKit/537.36 (KHTML, like Gecko) Mobile Safari/537.36 (compatible; PetalBot;+https://webmaster.petalsearch.com/site/petalbot)"
185.191.171.1 - - [23/Jan/2022:05:30:24 +0100] "GET /jasmin-surf-p-34919.html?action=add_product HTTP/1.0" 302 476 "-" "Mozilla/5.0 (compatible; SemrushBot/7~bl; +http://www.semrush.com/bot.html)"
95.91.110.186 - - [23/Jan/2022:05:30:22 +0100] "GET /transformers-grimlock-figurine-p-29884.html HTTP/1.0" 301 70785 "-" "Mozilla/5.0 (compatible; MJ12bot/v1.4.8; http://mj12bot.com/)"
157.55.39.122 - - [23/Jan/2022:05:30:24 +0100] "GET /mug-with-infuser-for-tea-keya-p-47848.html HTTP/1.0" 301 73495 "-" "Mozilla/5.0 (compatible; bingbot/2.0; +http://www.bing.com/bingbot.htm)"
154.54.249.198 - - [23/Jan/2022:05:30:27 +0100] "GET /disney-planes-storage-stool-p-24530.html HTTP/1.0" 200 73270 "-" "Mozilla/5.0 (compatible; Barkrowler/0.9; +https://babbar.tech/crawler)"
95.91.110.186 - - [23/Jan/2022:05:30:31 +0100] "GET /-p-29884.html HTTP/1.0" 200 70718 "-" "Mozilla/5.0 (compatible; MJ12bot/v1.4.8; http://mj12bot.com/)"
95.91.110.186 - - [23/Jan/2022:05:30:40 +0100] "GET /transformers-optimum-prime-figurine-p-26114.html HTTP/1.0" 301 70785 "-" "Mozilla/5.0 (compatible; MJ12bot/v1.4.8; http://mj12bot.com/)"
154.54.249.198 - - [23/Jan/2022:05:30:43 +0100] "GET /disney-planes-photo-frame-p-37014.html HTTP/1.0" 200 73430 "-" "Mozilla/5.0 (compatible; Barkrowler/0.9; +https://babbar.tech/crawler)"
54.36.148.243 - - [23/Jan/2022:05:30:45 +0100] "GET /strawberry-shortcake-pink-blue-swimsuit-p-30246.html HTTP/1.0" 200 74668 "-" "Mozilla/5.0 (compatible; AhrefsBot/7.0; +http://ahrefs.com/robot/)"
95.91.110.186 - - [23/Jan/2022:05:30:48 +0100] "GET /-p-26114.html HTTP/1.0" 200 70718 "-" "Mozilla/5.0 (compatible; MJ12bot/v1.4.8; http://mj12bot.com/)"
154.54.249.198 - - [23/Jan/2022:05:31:00 +0100] "GET /disney-frozen-lunchbox-p-37036.html HTTP/1.0" 200 73356 "-" "Mozilla/5.0 (compatible; Barkrowler/0.9; +https://babbar.tech/crawler)"
95.91.110.186 - - [23/Jan/2022:05:31:01 +0100] "GET /transformers-optimus-prime-figurine-p-26119.html HTTP/1.0" 301 70785 "-" "Mozilla/5.0 (compatible; MJ12bot/v1.4.8; http://mj12bot.com/)"
95.91.110.186 - - [23/Jan/2022:05:31:09 +0100] "GET /-p-26119.html HTTP/1.0" 200 70718 "-" "Mozilla/5.0 (compatible; MJ12bot/v1.4.8; http://mj12bot.com/)"
154.54.249.198 - - [23/Jan/2022:05:31:16 +0100] "GET /disney-frozen-anna-mug-p-28165.html HTTP/1.0" 301 73671 "-" "Mozilla/5.0 (compatible; Barkrowler/0.9; +https://babbar.tech/crawler)"
95.91.110.186 - - [23/Jan/2022:05:31:17 +0100] "GET /transformers-optimus-prime-figurine-p-26122.html HTTP/1.0" 301 70785 "-" "Mozilla/5.0 (compatible; MJ12bot/v1.4.8; http://mj12bot.com/)"
95.91.110.186 - - [23/Jan/2022:05:31:25 +0100] "GET /-p-26122.html HTTP/1.0" 200 70718 "-" "Mozilla/5.0 (compatible; MJ12bot/v1.4.8; http://mj12bot.com/)"
154.54.249.198 - - [23/Jan/2022:05:31:33 +0100] "GET /salamander-wall-decoration-p-48633.html HTTP/1.0" 200 73470 "-" "Mozilla/5.0 (compatible; Barkrowler/0.9; +https://babbar.tech/crawler)"
95.91.110.186 - - [23/Jan/2022:05:31:33 +0100] "GET /transformers-pencil-case-p-26415.html HTTP/1.0" 301 70785 "-" "Mozilla/5.0 (compatible; MJ12bot/v1.4.8; http://mj12bot.com/)"
185.191.171.14 - - [23/Jan/2022:05:31:42 +0100] "GET /rectangular-burlap-placemat-corsica-p-50941.html HTTP/1.0" 200 74043 "-" "Mozilla/5.0 (compatible; SemrushBot/7~bl; +http://www.semrush.com/bot.html)"
95.91.110.186 - - [23/Jan/2022:05:31:42 +0100] "GET /-p-26415.html HTTP/1.0" 200 70718 "-" "Mozilla/5.0 (compatible; MJ12bot/v1.4.8; http://mj12bot.com/)"
154.54.249.198 - - [23/Jan/2022:05:31:49 +0100] "GET /salamander-wall-decoration-p-49171.html HTTP/1.0" 200 74057 "-" "Mozilla/5.0 (compatible; Barkrowler/0.9; +https://babbar.tech/crawler)"
95.91.110.186 - - [23/Jan/2022:05:31:51 +0100] "GET /transformers-pradacon-skystalker-figure-p-25302.html HTTP/1.0" 301 70785 "-" "Mozilla/5.0 (compatible; MJ12bot/v1.4.8; http://mj12bot.com/)"
185.191.171.38 - - [23/Jan/2022:05:31:56 +0100] "GET /sentiment-towel-kitchen-towel-p-43643.html HTTP/1.0" 200 74135 "-" "Mozilla/5.0 (compatible; SemrushBot/7~bl; +http://www.semrush.com/bot.html)"
95.91.110.186 - - [23/Jan/2022:05:31:59 +0100] "GET /-p-25302.html HTTP/1.0" 200 70718 "-" "Mozilla/5.0 (compatible; MJ12bot/v1.4.8; http://mj12bot.com/)"
95.91.110.186 - - [23/Jan/2022:05:32:05 +0100] "GET /transformers-prime-beast-hunters-knock-out-figure-p-21574.html HTTP/1.0" 301 70785 "-" "Mozilla/5.0 (compatible; MJ12bot/v1.4.8; http://mj12bot.com/)"
154.54.249.198 - - [23/Jan/2022:05:32:06 +0100] "GET /high-school-musical-shopping-p-24267.html HTTP/1.0" 200 73747 "-" "Mozilla/5.0 (compatible; Barkrowler/0.9; +https://babbar.tech/crawler)"
185.191.171.39 - - [23/Jan/2022:05:32:12 +0100] "GET /small-panda-resin-p-48270.html HTTP/1.0" 200 74073 "-" "Mozilla/5.0 (compatible; SemrushBot/7~bl; +http://www.semrush.com/bot.html)"
95.91.110.186 - - [23/Jan/2022:05:32:14 +0100] "GET /-p-21574.html HTTP/1.0" 200 70718 "-" "Mozilla/5.0 (compatible; MJ12bot/v1.4.8; http://mj12bot.com/)"
154.54.249.198 - - [23/Jan/2022:05:32:24 +0100] "GET /high-school-musical-pajamas-p-31305.html HTTP/1.0" 301 70785 "-" "Mozilla/5.0 (compatible; Barkrowler/0.9; +https://babbar.tech/crawler)"
95.91.110.186 - - [23/Jan/2022:05:32:28 +0100] "GET /transformers-prime-beast-hunters-ultimate-dragon-figure-p-21598.html HTTP/1.0" 301 70785 "-" "Mozilla/5.0 (compatible; MJ12bot/v1.4.8; http://mj12bot.com/)"
95.91.110.186 - - [23/Jan/2022:05:32:39 +0100] "GET /-p-21598.html HTTP/1.0" 200 70718 "-" "Mozilla/5.0 (compatible; MJ12bot/v1.4.8; http://mj12bot.com/)"
154.54.249.198 - - [23/Jan/2022:05:32:40 +0100] "GET /high-school-musical-picnic-p-3538.html HTTP/1.0" 200 75765 "-" "Mozilla/5.0 (compatible; Barkrowler/0.9; +https://babbar.tech/crawler)"
54.36.148.243 - - [23/Jan/2022:05:32:42 +0100] "GET /hello-kitty-victoria-casal-couture-white-watch-p-20140.html HTTP/1.0" 200 73518 "-" "Mozilla/5.0 (compatible; AhrefsBot/7.0; +http://ahrefs.com/robot/)"
95.91.110.186 - - [23/Jan/2022:05:32:44 +0100] "GET /transformers-prime-beast-hunters-vertebreak-figure-p-21573.html HTTP/1.0" 301 70785 "-" "Mozilla/5.0 (compatible; MJ12bot/v1.4.8; http://mj12bot.com/)"
95.91.110.186 - - [23/Jan/2022:05:32:53 +0100] "GET /-p-21573.html HTTP/1.0" 200 70718 "-" "Mozilla/5.0 (compatible; MJ12bot/v1.4.8; http://mj12bot.com/)"
154.54.249.198 - - [23/Jan/2022:05:32:56 +0100] "GET /high-school-musical-scarf-p-22254.html HTTP/1.0" 200 73550 "-" "Mozilla/5.0 (compatible; Barkrowler/0.9; +https://babbar.tech/crawler)"
114.119.128.253 - - [23/Jan/2022:05:32:56 +0100] "GET /gray-porcelain-bowl-with-small-gold-hearts-p-53703.html HTTP/1.0" 200 74132 "-" "Mozilla/5.0 (Linux; Android 7.0;) AppleWebKit/537.36 (KHTML, like Gecko) Mobile Safari/537.36 (compatible; PetalBot;+https://webmaster.petalsearch.com/site/petalbot)"
95.91.110.186 - - [23/Jan/2022:05:33:02 +0100] "GET /transformers-prime-bumblebee-figure-p-21595.html HTTP/1.0" 301 70785 "-" "Mozilla/5.0 (compatible; MJ12bot/v1.4.8; http://mj12bot.com/)"
185.191.171.40 - - [23/Jan/2022:05:33:05 +0100] "GET /retro-beach-and-surf-box-45-cm-p-40336.html HTTP/1.0" 301 74080 "-" "Mozilla/5.0 (compatible; SemrushBot/7~bl; +http://www.semrush.com/bot.html)"
185.191.171.2 - - [23/Jan/2022:05:33:08 +0100] "GET /retro-beach-surf-p-40336.html HTTP/1.0" 200 73997 "-" "Mozilla/5.0 (compatible; SemrushBot/7~bl; +http://www.semrush.com/bot.html)"
95.91.110.186 - - [23/Jan/2022:05:33:09 +0100] "GET /-p-21595.html HTTP/1.0" 200 70718 "-" "Mozilla/5.0 (compatible; MJ12bot/v1.4.8; http://mj12bot.com/)"
154.54.249.198 - - [23/Jan/2022:05:33:13 +0100] "GET /high-school-musical-scarf-p-22257.html HTTP/1.0" 200 73548 "-" "Mozilla/5.0 (compatible; Barkrowler/0.9; +https://babbar.tech/crawler)"
95.91.110.186 - - [23/Jan/2022:05:33:19 +0100] "GET /transformers-prime-optimus-prime-figure-p-21594.html HTTP/1.0" 301 70785 "-" "Mozilla/5.0 (compatible; MJ12bot/v1.4.8; http://mj12bot.com/)"
95.91.110.186 - - [23/Jan/2022:05:33:27 +0100] "GET /-p-21594.html HTTP/1.0" 200 70718 "-" "Mozilla/5.0 (compatible; MJ12bot/v1.4.8; http://mj12bot.com/)"
154.54.249.198 - - [23/Jan/2022:05:33:29 +0100] "GET /high-school-musical-scarf-p-22256.html HTTP/1.0" 200 73549 "-" "Mozilla/5.0 (compatible; Barkrowler/0.9; +https://babbar.tech/crawler)"
17.121.113.10 - - [23/Jan/2022:05:33:35 +0100] "GET /small-wooden-towel-holder-hang-p-51021.html HTTP/1.0" 200 73493 "-" "Mozilla/5.0 (Macintosh; Intel Mac OS X 10_15_5) AppleWebKit/605.1.15 (KHTML, like Gecko) Version/13.1.1 Safari/605.1.15 (Applebot/0.1; +http://www.apple.com/go/applebot)"
95.91.110.186 - - [23/Jan/2022:05:33:35 +0100] "GET /transformers-prime-optimus-prime-figure-p-21596.html HTTP/1.0" 301 70785 "-" "Mozilla/5.0 (compatible; MJ12bot/v1.4.8; http://mj12bot.com/)"
95.91.110.186 - - [23/Jan/2022:05:33:43 +0100] "GET /-p-21596.html HTTP/1.0" 200 70718 "-" "Mozilla/5.0 (compatible; MJ12bot/v1.4.8; http://mj12bot.com/)"
154.54.249.198 - - [23/Jan/2022:05:33:45 +0100] "GET /high-school-musical-handbag-p-6466.html HTTP/1.0" 200 75955 "-" "Mozilla/5.0 (compatible; Barkrowler/0.9; +https://babbar.tech/crawler)"
95.91.110.186 - - [23/Jan/2022:05:33:51 +0100] "GET /transformers-protect-post-p-18106.html HTTP/1.0" 301 70785 "-" "Mozilla/5.0 (compatible; MJ12bot/v1.4.8; http://mj12bot.com/)"
95.91.110.186 - - [23/Jan/2022:05:33:59 +0100] "GET /-p-18106.html HTTP/1.0" 200 70718 "-" "Mozilla/5.0 (compatible; MJ12bot/v1.4.8; http://mj12bot.com/)"
154.54.249.198 - - [23/Jan/2022:05:34:02 +0100] "GET /bolster-case-yellow-p-55446.html HTTP/1.0" 200 74284 "-" "Mozilla/5.0 (compatible; Barkrowler/0.9; +https://babbar.tech/crawler)"
95.91.110.186 - - [23/Jan/2022:05:34:08 +0100] "GET /transformers-rescue-bots-energize-blades-the-copter-bot-p-27674.html HTTP/1.0" 301 70785 "-" "Mozilla/5.0 (compatible; MJ12bot/v1.4.8; http://mj12bot.com/)"
40.77.167.47 - - [23/Jan/2022:05:34:14 +0100] "GET /images/big_prod/8904245400149.jpg HTTP/1.0" 200 268 "-" "Mozilla/5.0 (compatible; bingbot/2.0; +http://www.bing.com/bingbot.htm)"
95.91.110.186 - - [23/Jan/2022:05:34:17 +0100] "GET /-p-27674.html HTTP/1.0" 200 70718 "-" "Mozilla/5.0 (compatible; MJ12bot/v1.4.8; http://mj12bot.com/)"
154.54.249.198 - - [23/Jan/2022:05:34:18 +0100] "GET /bolster-case-pink-p-33867.html HTTP/1.0" 200 74221 "-" "Mozilla/5.0 (compatible; Barkrowler/0.9; +https://babbar.tech/crawler)"
95.91.110.186 - - [23/Jan/2022:05:34:26 +0100] "GET /transformers-rescue-bots-energize-boulder-the-construction-bot-p-27673.html HTTP/1.0" 301 70785 "-" "Mozilla/5.0 (compatible; MJ12bot/v1.4.8; http://mj12bot.com/)"
95.91.110.186 - - [23/Jan/2022:05:34:30 +0100] "GET /-p-27673.html HTTP/1.0" 200 70718 "-" "Mozilla/5.0 (compatible; MJ12bot/v1.4.8; http://mj12bot.com/)"
54.36.148.243 - - [23/Jan/2022:05:34:33 +0100] "GET /football-clock-cbkreation-p-24709.html HTTP/1.0" 200 73496 "-" "Mozilla/5.0 (compatible; AhrefsBot/7.0; +http://ahrefs.com/robot/)"
154.54.249.198 - - [23/Jan/2022:05:34:36 +0100] "GET /bolster-case-color-p-41302.html HTTP/1.0" 200 73632 "-" "Mozilla/5.0 (compatible; Barkrowler/0.9; +https://babbar.tech/crawler)"
95.91.110.186 - - [23/Jan/2022:05:34:41 +0100] "GET /transformers-rescue-bots-energize-bumblebee-figure-p-22216.html HTTP/1.0" 301 70785 "-" "Mozilla/5.0 (compatible; MJ12bot/v1.4.8; http://mj12bot.com/)"
95.91.110.186 - - [23/Jan/2022:05:34:48 +0100] "GET /-p-22216.html HTTP/1.0" 200 70718 "-" "Mozilla/5.0 (compatible; MJ12bot/v1.4.8; http://mj12bot.com/)"
154.54.249.198 - - [23/Jan/2022:05:34:52 +0100] "GET /bolster-case-white-p-46742.html HTTP/1.0" 200 74230 "-" "Mozilla/5.0 (compatible; Barkrowler/0.9; +https://babbar.tech/crawler)"
95.91.110.186 - - [23/Jan/2022:05:34:54 +0100] "GET /transformers-rescue-bots-p-29866.html HTTP/1.0" 301 70785 "-" "Mozilla/5.0 (compatible; MJ12bot/v1.4.8; http://mj12bot.com/)"
95.91.110.186 - - [23/Jan/2022:05:35:03 +0100] "GET /-p-29866.html HTTP/1.0" 200 70718 "-" "Mozilla/5.0 (compatible; MJ12bot/v1.4.8; http://mj12bot.com/)"
154.54.249.198 - - [23/Jan/2022:05:35:08 +0100] "GET /bolster-case-blue-p-44234.html HTTP/1.0" 200 74204 "-" "Mozilla/5.0 (compatible; Barkrowler/0.9; +https://babbar.tech/crawler)"
95.91.110.186 - - [23/Jan/2022:05:35:12 +0100] "GET /transformers-rescue-bots-p-29867.html HTTP/1.0" 301 70785 "-" "Mozilla/5.0 (compatible; MJ12bot/v1.4.8; http://mj12bot.com/)"
95.91.110.186 - - [23/Jan/2022:05:35:18 +0100] "GET /-p-29867.html HTTP/1.0" 200 70718 "-" "Mozilla/5.0 (compatible; MJ12bot/v1.4.8; http://mj12bot.com/)"
154.54.249.198 - - [23/Jan/2022:05:35:25 +0100] "GET /bolster-case-grey-p-36588.html HTTP/1.0" 200 73607 "-" "Mozilla/5.0 (compatible; Barkrowler/0.9; +https://babbar.tech/crawler)"
95.91.110.186 - - [23/Jan/2022:05:35:27 +0100] "GET /transformers-rid-flip-and-change-autobot-drift-figure-p-27682.html HTTP/1.0" 301 70785 "-" "Mozilla/5.0 (compatible; MJ12bot/v1.4.8; http://mj12bot.com/)"
185.191.171.7 - - [23/Jan/2022:05:35:32 +0100] "GET /isothermic-stainless-steel-bottle-corsica-cbkreation-p-51912.html?action=add_product HTTP/1.0" 302 476 "-" "Mozilla/5.0 (compatible; SemrushBot/7~bl; +http://www.semrush.com/bot.html)"
95.91.110.186 - - [23/Jan/2022:05:35:35 +0100] "GET /-p-27682.html HTTP/1.0" 200 70718 "-" "Mozilla/5.0 (compatible; MJ12bot/v1.4.8; http://mj12bot.com/)"
159.138.102.98 - - [23/Jan/2022:05:35:40 +0100] "GET /mouse-saucer-p-55884.html HTTP/1.0" 200 73376 "-" "Mozilla/5.0 (Linux; Android 7.0;) AppleWebKit/537.36 (KHTML, like Gecko) Mobile Safari/537.36 (compatible; PetalBot;+https://webmaster.petalsearch.com/site/petalbot)"
154.54.249.198 - - [23/Jan/2022:05:35:41 +0100] "GET /bolster-case-grey-p-34838.html HTTP/1.0" 200 73600 "-" "Mozilla/5.0 (compatible; Barkrowler/0.9; +https://babbar.tech/crawler)"
95.91.110.186 - - [23/Jan/2022:05:35:43 +0100] "GET /transformers-rid-flip-and-change-bumblebee-figure-p-27687.html HTTP/1.0" 301 70785 "-" "Mozilla/5.0 (compatible; MJ12bot/v1.4.8; http://mj12bot.com/)"
95.91.110.186 - - [23/Jan/2022:05:35:49 +0100] "GET /-p-27687.html HTTP/1.0" 200 70718 "-" "Mozilla/5.0 (compatible; MJ12bot/v1.4.8; http://mj12bot.com/)"
185.191.171.20 - - [23/Jan/2022:05:35:52 +0100] "GET /retro-gramophone-clock-p-50206.html?action=add_product HTTP/1.0" 302 476 "-" "Mozilla/5.0 (compatible; SemrushBot/7~bl; +http://www.semrush.com/bot.html)"
95.91.110.186 - - [23/Jan/2022:05:35:58 +0100] "GET /transformers-rid-flip-and-change-decepticon-lockdown-figure-p-27688.html HTTP/1.0" 301 70785 "-" "Mozilla/5.0 (compatible; MJ12bot/v1.4.8; http://mj12bot.com/)"
154.54.249.198 - - [23/Jan/2022:05:35:59 +0100] "GET /bolster-case-black-p-34840.html HTTP/1.0" 200 73609 "-" "Mozilla/5.0 (compatible; Barkrowler/0.9; +https://babbar.tech/crawler)"
95.91.110.186 - - [23/Jan/2022:05:36:05 +0100] "GET /-p-27688.html HTTP/1.0" 200 70718 "-" "Mozilla/5.0 (compatible; MJ12bot/v1.4.8; http://mj12bot.com/)"
95.91.110.186 - - [23/Jan/2022:05:36:13 +0100] "GET /transformers-rid-one-step-magic-bumblebee-figure-p-27700.html HTTP/1.0" 301 70785 "-" "Mozilla/5.0 (compatible; MJ12bot/v1.4.8; http://mj12bot.com/)"
154.54.249.198 - - [23/Jan/2022:05:36:16 +0100] "GET /have-coffee-moneybox-p-37054.html HTTP/1.0" 200 70792 "-" "Mozilla/5.0 (compatible; Barkrowler/0.9; +https://babbar.tech/crawler)"
95.91.110.186 - - [23/Jan/2022:05:36:18 +0100] "GET /-p-27700.html HTTP/1.0" 200 70718 "-" "Mozilla/5.0 (compatible; MJ12bot/v1.4.8; http://mj12bot.com/)"
95.91.110.186 - - [23/Jan/2022:05:36:24 +0100] "GET /transformers-rid-one-step-magic-dinobot-slash-figure-p-27705.html HTTP/1.0" 301 70785 "-" "Mozilla/5.0 (compatible; MJ12bot/v1.4.8; http://mj12bot.com/)"
95.91.110.186 - - [23/Jan/2022:05:36:32 +0100] "GET /-p-27705.html HTTP/1.0" 200 70718 "-" "Mozilla/5.0 (compatible; MJ12bot/v1.4.8; http://mj12bot.com/)"
54.36.148.243 - - [23/Jan/2022:05:36:32 +0100] "GET /isothermic-stainless-steel-bottle-cbkreation-p-54157.html HTTP/1.0" 200 74220 "-" "Mozilla/5.0 (compatible; AhrefsBot/7.0; +http://ahrefs.com/robot/)"
154.54.249.198 - - [23/Jan/2022:05:36:32 +0100] "GET /birds-jewels-saucer-p-57182.html HTTP/1.0" 200 73383 "-" "Mozilla/5.0 (compatible; Barkrowler/0.9; +https://babbar.tech/crawler)"
95.91.110.186 - - [23/Jan/2022:05:36:39 +0100] "GET /transformers-rid-one-step-magic-lockdown-figure-p-27694.html HTTP/1.0" 301 70785 "-" "Mozilla/5.0 (compatible; MJ12bot/v1.4.8; http://mj12bot.com/)"
95.91.110.186 - - [23/Jan/2022:05:36:46 +0100] "GET /-p-27694.html HTTP/1.0" 200 70718 "-" "Mozilla/5.0 (compatible; MJ12bot/v1.4.8; http://mj12bot.com/)"
154.54.249.198 - - [23/Jan/2022:05:36:50 +0100] "GET /moon-lamp-11-cm-p-50114.html HTTP/1.0" 301 73980 "-" "Mozilla/5.0 (compatible; Barkrowler/0.9; +https://babbar.tech/crawler)"
95.91.110.186 - - [23/Jan/2022:05:36:52 +0100] "GET /transformers-sideswipe-robot-p-29878.html HTTP/1.0" 301 70785 "-" "Mozilla/5.0 (compatible; MJ12bot/v1.4.8; http://mj12bot.com/)"
95.91.110.186 - - [23/Jan/2022:05:36:57 +0100] "GET /-p-29878.html HTTP/1.0" 200 70718 "-" "Mozilla/5.0 (compatible; MJ12bot/v1.4.8; http://mj12bot.com/)"
157.55.39.153 - - [23/Jan/2022:05:37:00 +0100] "GET /earrings-flower-life-silver-with-amethyst-p-45457.html HTTP/1.0" 200 74174 "-" "Mozilla/5.0 (compatible; bingbot/2.0; +http://www.bing.com/bingbot.htm)"
88.198.41.229 - - [23/Jan/2022:05:37:06 +0100] "GET /kimmi-junior-paige-keychains-p-7424.html HTTP/1.0" 200 70847 "-" "Mozilla/5.0 (X11; Linux x86_64) AppleWebKit/537.36 (KHTML, like Gecko) Chrome/86.0.4240.111 Safari/537.36"
95.91.110.186 - - [23/Jan/2022:05:37:06 +0100] "GET /transformers-soundwave-figure-build-p-21602.html HTTP/1.0" 301 70785 "-" "Mozilla/5.0 (compatible; MJ12bot/v1.4.8; http://mj12bot.com/)"
154.54.249.198 - - [23/Jan/2022:05:37:06 +0100] "GET /chica-loca-beauty-bag-p-20095.html HTTP/1.0" 301 73629 "-" "Mozilla/5.0 (compatible; Barkrowler/0.9; +https://babbar.tech/crawler)"
185.191.171.3 - - [23/Jan/2022:05:37:06 +0100] "GET /collectible-figurines-decorative-c-13_135.html?page=47 HTTP/1.0" 200 96360 "-" "Mozilla/5.0 (compatible; SemrushBot/7~bl; +http://www.semrush.com/bot.html)"
95.91.110.186 - - [23/Jan/2022:05:37:13 +0100] "GET /-p-21602.html HTTP/1.0" 200 70718 "-" "Mozilla/5.0 (compatible; MJ12bot/v1.4.8; http://mj12bot.com/)"
95.91.110.186 - - [23/Jan/2022:05:37:22 +0100] "GET /transformers-soundwave-figure-to-build-p-21602.html HTTP/1.0" 301 70785 "-" "Mozilla/5.0 (compatible; MJ12bot/v1.4.8; http://mj12bot.com/)"
154.54.249.198 - - [23/Jan/2022:05:37:23 +0100] "GET /graffiti-compact-mirror-p-26196.html HTTP/1.0" 200 70800 "-" "Mozilla/5.0 (compatible; Barkrowler/0.9; +https://babbar.tech/crawler)"
95.91.110.186 - - [23/Jan/2022:05:37:31 +0100] "GET /-p-21602.html HTTP/1.0" 200 70718 "-" "Mozilla/5.0 (compatible; MJ12bot/v1.4.8; http://mj12bot.com/)"
185.191.171.15 - - [23/Jan/2022:05:37:33 +0100] "GET /pinasun-bedclothes-p-47187.html HTTP/1.0" 200 73514 "-" "Mozilla/5.0 (compatible; SemrushBot/7~bl; +http://www.semrush.com/bot.html)"
157.55.39.122 - - [23/Jan/2022:05:37:34 +0100] "GET /balloon-pencil-holder-p-54146.html HTTP/1.0" 200 73355 "-" "Mozilla/5.0 (compatible; bingbot/2.0; +http://www.bing.com/bingbot.htm)"
185.191.171.23 - - [23/Jan/2022:05:37:36 +0100] "GET /burlap-round-table-set-corsica-p-50938.html HTTP/1.0" 301 74090 "-" "Mozilla/5.0 (compatible; SemrushBot/7~bl; +http://www.semrush.com/bot.html)"
