167.114.173.115 - - [23/Jan/2022:09:04:53 +0100] "GET /teo-jasmin-homework-notebooks-p-40848.html HTTP/1.0" 301 70785 "-" "Mozilla/5.0 (compatible; MJ12bot/v1.4.8; http://mj12bot.com/)"
148.251.244.137 - - [23/Jan/2022:09:04:54 +0100] "GET /-p-35838.html HTTP/1.0" 200 70718 "-" "Mozilla/5.0 (compatible; MJ12bot/v1.4.8; http://mj12bot.com/)"
167.114.173.115 - - [23/Jan/2022:09:04:57 +0100] "GET /-p-40848.html HTTP/1.0" 200 70718 "-" "Mozilla/5.0 (compatible; MJ12bot/v1.4.8; http://mj12bot.com/)"
54.36.148.243 - - [23/Jan/2022:09:04:58 +0100] "GET /barbecue-party-cutting-board-p-42579.html HTTP/1.0" 200 73398 "-" "Mozilla/5.0 (compatible; AhrefsBot/7.0; +http://ahrefs.com/robot/)"
167.114.173.115 - - [23/Jan/2022:09:05:01 +0100] "GET /teo-jasmin-jasmine-apache-companion-portfolio-p-40529.html HTTP/1.0" 301 71034 "-" "Mozilla/5.0 (compatible; MJ12bot/v1.4.8; http://mj12bot.com/)"
148.251.244.137 - - [23/Jan/2022:09:05:05 +0100] "GET /-p-36891.html HTTP/1.0" 200 70718 "-" "Mozilla/5.0 (compatible; MJ12bot/v1.4.8; http://mj12bot.com/)"
167.114.173.115 - - [23/Jan/2022:09:05:07 +0100] "GET /jasmin-jasmine-apache-companion-portfolio-p-40529.html HTTP/1.0" 200 70926 "-" "Mozilla/5.0 (compatible; MJ12bot/v1.4.8; http://mj12bot.com/)"
148.251.244.137 - - [23/Jan/2022:09:05:11 +0100] "GET /-p-36954.html HTTP/1.0" 200 70718 "-" "Mozilla/5.0 (compatible; MJ12bot/v1.4.8; http://mj12bot.com/)"
157.55.39.125 - - [23/Jan/2022:09:05:12 +0100] "GET /images/big_prod/8422001017665.jpg HTTP/1.0" 200 268 "-" "Mozilla/5.0 (compatible; bingbot/2.0; +http://www.bing.com/bingbot.htm)"
167.114.173.115 - - [23/Jan/2022:09:05:11 +0100] "GET /teo-jasmin-jasmine-apache-parma-chandelier-p-35769.html HTTP/1.0" 301 71016 "-" "Mozilla/5.0 (compatible; MJ12bot/v1.4.8; http://mj12bot.com/)"
95.91.15.103 - - [23/Jan/2022:09:05:14 +0100] "GET /smiley-reporter-p-16739.html HTTP/1.0" 200 73688 "-" "Mozilla/5.0 (compatible; MJ12bot/v1.4.8; http://mj12bot.com/)"
167.114.173.115 - - [23/Jan/2022:09:05:16 +0100] "GET /jasmin-jasmine-apache-parma-chandelier-p-35769.html HTTP/1.0" 200 70911 "-" "Mozilla/5.0 (compatible; MJ12bot/v1.4.8; http://mj12bot.com/)"
148.251.244.137 - - [23/Jan/2022:09:05:18 +0100] "GET /-p-36989.html HTTP/1.0" 200 70718 "-" "Mozilla/5.0 (compatible; MJ12bot/v1.4.8; http://mj12bot.com/)"
95.91.15.103 - - [23/Jan/2022:09:05:19 +0100] "GET /smirnoff-vodka-mirror-p-32543.html HTTP/1.0" 200 70814 "-" "Mozilla/5.0 (compatible; MJ12bot/v1.4.8; http://mj12bot.com/)"
167.114.173.115 - - [23/Jan/2022:09:05:20 +0100] "GET /teo-jasmin-jasmine-apache-small-lamp-p-35753.html HTTP/1.0" 301 70785 "-" "Mozilla/5.0 (compatible; MJ12bot/v1.4.8; http://mj12bot.com/)"
95.91.15.103 - - [23/Jan/2022:09:05:23 +0100] "GET /smokers-items-c-3_112.html?page=10 HTTP/1.0" 200 86093 "-" "Mozilla/5.0 (compatible; MJ12bot/v1.4.8; http://mj12bot.com/)"
185.191.171.12 - - [23/Jan/2022:09:05:24 +0100] "GET /retro-shoulder-p-18991.html?action=add_product HTTP/1.0" 302 476 "-" "Mozilla/5.0 (compatible; SemrushBot/7~bl; +http://www.semrush.com/bot.html)"
148.251.244.137 - - [23/Jan/2022:09:05:25 +0100] "GET /-p-37282.html HTTP/1.0" 200 70718 "-" "Mozilla/5.0 (compatible; MJ12bot/v1.4.8; http://mj12bot.com/)"
167.114.173.115 - - [23/Jan/2022:09:05:25 +0100] "GET /-p-35753.html HTTP/1.0" 200 70718 "-" "Mozilla/5.0 (compatible; MJ12bot/v1.4.8; http://mj12bot.com/)"
95.91.15.103 - - [23/Jan/2022:09:05:32 +0100] "GET /smurf-beach-towel-p-13089.html HTTP/1.0" 301 70785 "-" "Mozilla/5.0 (compatible; MJ12bot/v1.4.8; http://mj12bot.com/)"
167.114.173.115 - - [23/Jan/2022:09:05:31 +0100] "GET /teo-jasmin-jasmine-geisha-companion-portfolio-p-40530.html HTTP/1.0" 301 74754 "-" "Mozilla/5.0 (compatible; MJ12bot/v1.4.8; http://mj12bot.com/)"
148.251.244.137 - - [23/Jan/2022:09:05:32 +0100] "GET /-p-37692.html HTTP/1.0" 200 70718 "-" "Mozilla/5.0 (compatible; MJ12bot/v1.4.8; http://mj12bot.com/)"
167.114.173.115 - - [23/Jan/2022:09:05:36 +0100] "GET /jasmin-jasmine-geisha-companion-portfolio-p-40530.html HTTP/1.0" 200 74646 "-" "Mozilla/5.0 (compatible; MJ12bot/v1.4.8; http://mj12bot.com/)"
95.91.15.103 - - [23/Jan/2022:09:05:38 +0100] "GET /-p-13089.html HTTP/1.0" 200 70718 "-" "Mozilla/5.0 (compatible; MJ12bot/v1.4.8; http://mj12bot.com/)"
148.251.244.137 - - [23/Jan/2022:09:05:38 +0100] "GET /-p-38834.html HTTP/1.0" 200 70718 "-" "Mozilla/5.0 (compatible; MJ12bot/v1.4.8; http://mj12bot.com/)"
167.114.173.115 - - [23/Jan/2022:09:05:39 +0100] "GET /teo-jasmin-keychains-p-28358.html HTTP/1.0" 301 70785 "-" "Mozilla/5.0 (compatible; MJ12bot/v1.4.8; http://mj12bot.com/)"
167.114.173.115 - - [23/Jan/2022:09:05:44 +0100] "GET /-p-28358.html HTTP/1.0" 200 70718 "-" "Mozilla/5.0 (compatible; MJ12bot/v1.4.8; http://mj12bot.com/)"
95.91.15.103 - - [23/Jan/2022:09:05:44 +0100] "GET /smurf-costaud-resin-figurine-collection-p-22576.html HTTP/1.0" 200 73543 "-" "Mozilla/5.0 (compatible; MJ12bot/v1.4.8; http://mj12bot.com/)"
148.251.244.137 - - [23/Jan/2022:09:05:45 +0100] "GET /-p-39578.html HTTP/1.0" 200 70718 "-" "Mozilla/5.0 (compatible; MJ12bot/v1.4.8; http://mj12bot.com/)"
167.114.173.115 - - [23/Jan/2022:09:05:47 +0100] "GET /teo-jasmin-keychains-p-32016.html HTTP/1.0" 301 73415 "-" "Mozilla/5.0 (compatible; MJ12bot/v1.4.8; http://mj12bot.com/)"
17.121.112.137 - - [23/Jan/2022:09:05:48 +0100] "GET /-p-27646.html HTTP/1.0" 200 70718 "-" "Mozilla/5.0 (Macintosh; Intel Mac OS X 10_15_5) AppleWebKit/605.1.15 (KHTML, like Gecko) Version/13.1.1 Safari/605.1.15 (Applebot/0.1; +http://www.apple.com/go/applebot)"
95.91.15.103 - - [23/Jan/2022:09:05:50 +0100] "GET /smurf-guitarist-figure-p-35118.html HTTP/1.0" 301 70785 "-" "Mozilla/5.0 (compatible; MJ12bot/v1.4.8; http://mj12bot.com/)"
167.114.173.115 - - [23/Jan/2022:09:05:52 +0100] "GET /jasmin-keychains-p-32016.html HTTP/1.0" 200 73332 "-" "Mozilla/5.0 (compatible; MJ12bot/v1.4.8; http://mj12bot.com/)"
148.251.244.137 - - [23/Jan/2022:09:05:53 +0100] "GET /-p-39677.html HTTP/1.0" 200 70718 "-" "Mozilla/5.0 (compatible; MJ12bot/v1.4.8; http://mj12bot.com/)"
95.91.15.103 - - [23/Jan/2022:09:05:55 +0100] "GET /-p-35118.html HTTP/1.0" 200 70718 "-" "Mozilla/5.0 (compatible; MJ12bot/v1.4.8; http://mj12bot.com/)"
167.114.173.115 - - [23/Jan/2022:09:05:55 +0100] "GET /teo-jasmin-keychains-p-32017.html HTTP/1.0" 301 70785 "-" "Mozilla/5.0 (compatible; MJ12bot/v1.4.8; http://mj12bot.com/)"
167.114.173.115 - - [23/Jan/2022:09:05:59 +0100] "GET /-p-32017.html HTTP/1.0" 200 70718 "-" "Mozilla/5.0 (compatible; MJ12bot/v1.4.8; http://mj12bot.com/)"
148.251.244.137 - - [23/Jan/2022:09:06:00 +0100] "GET /-p-39681.html HTTP/1.0" 200 70718 "-" "Mozilla/5.0 (compatible; MJ12bot/v1.4.8; http://mj12bot.com/)"
167.114.173.115 - - [23/Jan/2022:09:06:03 +0100] "GET /teo-jasmin-keychains-p-32018.html HTTP/1.0" 301 73415 "-" "Mozilla/5.0 (compatible; MJ12bot/v1.4.8; http://mj12bot.com/)"
167.114.173.115 - - [23/Jan/2022:09:06:07 +0100] "GET /jasmin-keychains-p-32018.html HTTP/1.0" 200 73332 "-" "Mozilla/5.0 (compatible; MJ12bot/v1.4.8; http://mj12bot.com/)"
95.91.15.103 - - [23/Jan/2022:09:06:08 +0100] "GET /smurf-hair-ornements-p-19284.html HTTP/1.0" 200 70836 "-" "Mozilla/5.0 (compatible; MJ12bot/v1.4.8; http://mj12bot.com/)"
148.251.244.137 - - [23/Jan/2022:09:06:10 +0100] "GET /-p-39682.html HTTP/1.0" 200 70718 "-" "Mozilla/5.0 (compatible; MJ12bot/v1.4.8; http://mj12bot.com/)"
167.114.173.115 - - [23/Jan/2022:09:06:11 +0100] "GET /teo-jasmin-keychains-p-32019.html HTTP/1.0" 301 73415 "-" "Mozilla/5.0 (compatible; MJ12bot/v1.4.8; http://mj12bot.com/)"
167.114.173.115 - - [23/Jan/2022:09:06:16 +0100] "GET /jasmin-keychains-p-32019.html HTTP/1.0" 200 73332 "-" "Mozilla/5.0 (compatible; MJ12bot/v1.4.8; http://mj12bot.com/)"
148.251.244.137 - - [23/Jan/2022:09:06:18 +0100] "GET /-p-39692.html HTTP/1.0" 200 70718 "-" "Mozilla/5.0 (compatible; MJ12bot/v1.4.8; http://mj12bot.com/)"
167.114.173.115 - - [23/Jan/2022:09:06:22 +0100] "GET /teo-jasmin-large-cabas-jasmine-hmong-p-35484.html HTTP/1.0" 301 70785 "-" "Mozilla/5.0 (compatible; MJ12bot/v1.4.8; http://mj12bot.com/)"
167.114.173.115 - - [23/Jan/2022:09:06:26 +0100] "GET /-p-35484.html HTTP/1.0" 200 70718 "-" "Mozilla/5.0 (compatible; MJ12bot/v1.4.8; http://mj12bot.com/)"
148.251.244.137 - - [23/Jan/2022:09:06:27 +0100] "GET /-p-39994.html HTTP/1.0" 200 70718 "-" "Mozilla/5.0 (compatible; MJ12bot/v1.4.8; http://mj12bot.com/)"
167.114.173.115 - - [23/Jan/2022:09:06:30 +0100] "GET /teo-jasmin-large-cabas-jasmine-p-43475.html HTTP/1.0" 301 74466 "-" "Mozilla/5.0 (compatible; MJ12bot/v1.4.8; http://mj12bot.com/)"
167.114.173.115 - - [23/Jan/2022:09:06:33 +0100] "GET /jasmin-large-cabas-jasmine-p-43475.html HTTP/1.0" 200 74373 "-" "Mozilla/5.0 (compatible; MJ12bot/v1.4.8; http://mj12bot.com/)"
148.251.244.137 - - [23/Jan/2022:09:06:33 +0100] "GET /-p-41766.html HTTP/1.0" 200 70718 "-" "Mozilla/5.0 (compatible; MJ12bot/v1.4.8; http://mj12bot.com/)"
95.91.15.103 - - [23/Jan/2022:09:06:37 +0100] "GET /smurf-poncho-towel-p-13095.html HTTP/1.0" 301 70785 "-" "Mozilla/5.0 (compatible; MJ12bot/v1.4.8; http://mj12bot.com/)"
185.191.171.10 - - [23/Jan/2022:09:06:38 +0100] "GET /incense-stick-holder-elephant-p-53941.html?action=add_product HTTP/1.0" 302 476 "-" "Mozilla/5.0 (compatible; SemrushBot/7~bl; +http://www.semrush.com/bot.html)"
167.114.173.115 - - [23/Jan/2022:09:06:37 +0100] "GET /teo-jasmin-large-cabas-jasmine-p-43476.html HTTP/1.0" 301 70950 "-" "Mozilla/5.0 (compatible; MJ12bot/v1.4.8; http://mj12bot.com/)"
167.114.173.115 - - [23/Jan/2022:09:06:41 +0100] "GET /jasmin-large-cabas-jasmine-p-43476.html HTTP/1.0" 200 70857 "-" "Mozilla/5.0 (compatible; MJ12bot/v1.4.8; http://mj12bot.com/)"
95.91.15.103 - - [23/Jan/2022:09:06:44 +0100] "GET /-p-13095.html HTTP/1.0" 200 70718 "-" "Mozilla/5.0 (compatible; MJ12bot/v1.4.8; http://mj12bot.com/)"
148.251.244.137 - - [23/Jan/2022:09:06:44 +0100] "GET /-p-41789.html HTTP/1.0" 200 70718 "-" "Mozilla/5.0 (compatible; MJ12bot/v1.4.8; http://mj12bot.com/)"
167.114.173.115 - - [23/Jan/2022:09:06:44 +0100] "GET /teo-jasmin-large-cabas-jasmine-stardust-p-40995.html HTTP/1.0" 301 70947 "-" "Mozilla/5.0 (compatible; MJ12bot/v1.4.8; http://mj12bot.com/)"
167.114.173.115 - - [23/Jan/2022:09:06:49 +0100] "GET /jasmin-large-cabas-jasmine-stardust-p-40995.html HTTP/1.0" 200 70845 "-" "Mozilla/5.0 (compatible; MJ12bot/v1.4.8; http://mj12bot.com/)"
148.251.244.137 - - [23/Jan/2022:09:06:52 +0100] "GET /-p-41790.html HTTP/1.0" 200 70718 "-" "Mozilla/5.0 (compatible; MJ12bot/v1.4.8; http://mj12bot.com/)"
167.114.173.115 - - [23/Jan/2022:09:06:52 +0100] "GET /teo-jasmin-large-cabas-maiko-p-43140.html HTTP/1.0" 301 74385 "-" "Mozilla/5.0 (compatible; MJ12bot/v1.4.8; http://mj12bot.com/)"
95.91.15.103 - - [23/Jan/2022:09:06:53 +0100] "GET /smurf-set-of-hair-ornements-p-19284.html HTTP/1.0" 301 70923 "-" "Mozilla/5.0 (compatible; MJ12bot/v1.4.8; http://mj12bot.com/)"
167.114.173.115 - - [23/Jan/2022:09:06:56 +0100] "GET /jasmin-large-cabas-maiko-p-43140.html HTTP/1.0" 200 74294 "-" "Mozilla/5.0 (compatible; MJ12bot/v1.4.8; http://mj12bot.com/)"
148.251.244.137 - - [23/Jan/2022:09:06:59 +0100] "GET /-p-41791.html HTTP/1.0" 200 70718 "-" "Mozilla/5.0 (compatible; MJ12bot/v1.4.8; http://mj12bot.com/)"
167.114.173.115 - - [23/Jan/2022:09:06:59 +0100] "GET /teo-jasmin-large-cabas-morioka-p-43139.html HTTP/1.0" 301 74401 "-" "Mozilla/5.0 (compatible; MJ12bot/v1.4.8; http://mj12bot.com/)"
157.55.39.125 - - [23/Jan/2022:09:07:03 +0100] "GET /images/big_prod/1310000010169.jpg HTTP/1.0" 200 268 "-" "Mozilla/5.0 (compatible; bingbot/2.0; +http://www.bing.com/bingbot.htm)"
167.114.173.115 - - [23/Jan/2022:09:07:02 +0100] "GET /jasmin-large-cabas-morioka-p-43139.html HTTP/1.0" 200 74308 "-" "Mozilla/5.0 (compatible; MJ12bot/v1.4.8; http://mj12bot.com/)"
167.114.173.115 - - [23/Jan/2022:09:07:06 +0100] "GET /teo-jasmin-large-cabas-p-28736.html HTTP/1.0" 301 70896 "-" "Mozilla/5.0 (compatible; MJ12bot/v1.4.8; http://mj12bot.com/)"
148.251.244.137 - - [23/Jan/2022:09:07:07 +0100] "GET /-p-41792.html HTTP/1.0" 200 70718 "-" "Mozilla/5.0 (compatible; MJ12bot/v1.4.8; http://mj12bot.com/)"
167.114.173.115 - - [23/Jan/2022:09:07:11 +0100] "GET /jasmin-large-cabas-p-28736.html HTTP/1.0" 200 70811 "-" "Mozilla/5.0 (compatible; MJ12bot/v1.4.8; http://mj12bot.com/)"
54.36.148.243 - - [23/Jan/2022:09:07:11 +0100] "GET /rare-rose-belle-deluxe-figurine-p-56588.html HTTP/1.0" 200 74958 "-" "Mozilla/5.0 (compatible; AhrefsBot/7.0; +http://ahrefs.com/robot/)"
148.251.244.137 - - [23/Jan/2022:09:07:13 +0100] "GET /-p-41801.html HTTP/1.0" 200 70718 "-" "Mozilla/5.0 (compatible; MJ12bot/v1.4.8; http://mj12bot.com/)"
167.114.173.115 - - [23/Jan/2022:09:07:15 +0100] "GET /teo-jasmin-large-cabas-p-30002.html HTTP/1.0" 301 70785 "-" "Mozilla/5.0 (compatible; MJ12bot/v1.4.8; http://mj12bot.com/)"
148.251.244.137 - - [23/Jan/2022:09:07:18 +0100] "GET /-p-41814.html HTTP/1.0" 200 70718 "-" "Mozilla/5.0 (compatible; MJ12bot/v1.4.8; http://mj12bot.com/)"
167.114.173.115 - - [23/Jan/2022:09:07:19 +0100] "GET /-p-30002.html HTTP/1.0" 200 70718 "-" "Mozilla/5.0 (compatible; MJ12bot/v1.4.8; http://mj12bot.com/)"
167.114.173.115 - - [23/Jan/2022:09:07:23 +0100] "GET /teo-jasmin-large-cabas-p-30654.html HTTP/1.0" 301 70896 "-" "Mozilla/5.0 (compatible; MJ12bot/v1.4.8; http://mj12bot.com/)"
148.251.244.137 - - [23/Jan/2022:09:07:24 +0100] "GET /-p-42871.html HTTP/1.0" 200 70718 "-" "Mozilla/5.0 (compatible; MJ12bot/v1.4.8; http://mj12bot.com/)"
185.191.171.24 - - [23/Jan/2022:09:07:27 +0100] "GET /teo-jasmin-large-cabas-jasmine-rockabilly-p-39273.html HTTP/1.0" 301 70950 "-" "Mozilla/5.0 (compatible; SemrushBot/7~bl; +http://www.semrush.com/bot.html)"
167.114.173.115 - - [23/Jan/2022:09:07:28 +0100] "GET /jasmin-large-cabas-p-30654.html HTTP/1.0" 200 70811 "-" "Mozilla/5.0 (compatible; MJ12bot/v1.4.8; http://mj12bot.com/)"
148.251.244.137 - - [23/Jan/2022:09:07:30 +0100] "GET /-p-43097.html HTTP/1.0" 200 70718 "-" "Mozilla/5.0 (compatible; MJ12bot/v1.4.8; http://mj12bot.com/)"
185.191.171.23 - - [23/Jan/2022:09:07:30 +0100] "GET /jasmin-large-cabas-jasmine-rockabilly-p-39273.html HTTP/1.0" 200 70846 "-" "Mozilla/5.0 (compatible; SemrushBot/7~bl; +http://www.semrush.com/bot.html)"
167.114.173.115 - - [23/Jan/2022:09:07:33 +0100] "GET /teo-jasmin-large-cabas-p-30655.html HTTP/1.0" 301 70896 "-" "Mozilla/5.0 (compatible; MJ12bot/v1.4.8; http://mj12bot.com/)"
148.251.244.137 - - [23/Jan/2022:09:07:35 +0100] "GET /-p-44347.html HTTP/1.0" 200 70718 "-" "Mozilla/5.0 (compatible; MJ12bot/v1.4.8; http://mj12bot.com/)"
167.114.173.115 - - [23/Jan/2022:09:07:37 +0100] "GET /jasmin-large-cabas-p-30655.html HTTP/1.0" 200 70811 "-" "Mozilla/5.0 (compatible; MJ12bot/v1.4.8; http://mj12bot.com/)"
185.191.171.17 - - [23/Jan/2022:09:07:39 +0100] "GET /retro-sugar-bowl-chats-dubout-p-43603.html HTTP/1.0" 200 73509 "-" "Mozilla/5.0 (compatible; SemrushBot/7~bl; +http://www.semrush.com/bot.html)"
148.251.244.137 - - [23/Jan/2022:09:07:41 +0100] "GET /-p-44348.html HTTP/1.0" 200 70718 "-" "Mozilla/5.0 (compatible; MJ12bot/v1.4.8; http://mj12bot.com/)"
167.114.173.115 - - [23/Jan/2022:09:07:41 +0100] "GET /teo-jasmin-large-cabas-p-31588.html HTTP/1.0" 301 70896 "-" "Mozilla/5.0 (compatible; MJ12bot/v1.4.8; http://mj12bot.com/)"
95.91.15.103 - - [23/Jan/2022:09:07:44 +0100] "GET /smurf-storage-stool-p-28832.html HTTP/1.0" 200 70804 "-" "Mozilla/5.0 (compatible; MJ12bot/v1.4.8; http://mj12bot.com/)"
167.114.173.115 - - [23/Jan/2022:09:07:45 +0100] "GET /jasmin-large-cabas-p-31588.html HTTP/1.0" 200 70811 "-" "Mozilla/5.0 (compatible; MJ12bot/v1.4.8; http://mj12bot.com/)"
148.251.244.137 - - [23/Jan/2022:09:07:47 +0100] "GET /-p-44354.html HTTP/1.0" 200 70718 "-" "Mozilla/5.0 (compatible; MJ12bot/v1.4.8; http://mj12bot.com/)"
167.114.173.115 - - [23/Jan/2022:09:07:48 +0100] "GET /teo-jasmin-large-cabas-p-31589.html HTTP/1.0" 301 70896 "-" "Mozilla/5.0 (compatible; MJ12bot/v1.4.8; http://mj12bot.com/)"
167.114.173.115 - - [23/Jan/2022:09:07:51 +0100] "GET /jasmin-large-cabas-p-31589.html HTTP/1.0" 200 70811 "-" "Mozilla/5.0 (compatible; MJ12bot/v1.4.8; http://mj12bot.com/)"
148.251.244.137 - - [23/Jan/2022:09:07:53 +0100] "GET /-p-44355.html HTTP/1.0" 200 70718 "-" "Mozilla/5.0 (compatible; MJ12bot/v1.4.8; http://mj12bot.com/)"
167.114.173.115 - - [23/Jan/2022:09:07:55 +0100] "GET /teo-jasmin-large-cabas-p-31590.html HTTP/1.0" 301 70896 "-" "Mozilla/5.0 (compatible; MJ12bot/v1.4.8; http://mj12bot.com/)"
66.249.66.202 - - [23/Jan/2022:09:07:54 +0100] "GET /microfibre-base-cover-grey-p-47367.html HTTP/1.0" 200 73523 "-" "Mozilla/5.0 (Linux; Android 6.0.1; Nexus 5X Build/MMB29P) AppleWebKit/537.36 (KHTML, like Gecko) Chrome/97.0.4692.99 Mobile Safari/537.36 (compatible; Googlebot/2.1; +http://www.google.com/bot.html)"
185.191.171.37 - - [23/Jan/2022:09:07:57 +0100] "GET /bobtail-keychains-p-26289.html?action=add_product HTTP/1.0" 302 476 "-" "Mozilla/5.0 (compatible; SemrushBot/7~bl; +http://www.semrush.com/bot.html)"
167.114.173.115 - - [23/Jan/2022:09:07:58 +0100] "GET /jasmin-large-cabas-p-31590.html HTTP/1.0" 200 70811 "-" "Mozilla/5.0 (compatible; MJ12bot/v1.4.8; http://mj12bot.com/)"
147.92.153.1 - - [23/Jan/2022:09:07:57 +0100] "GET / HTTP/1.0" 200 95755 "-" "Mozilla/5.0 (compatible; Linespider/1.1; +https://lin.ee/4dwXkTH)"
148.251.244.137 - - [23/Jan/2022:09:07:59 +0100] "GET /-p-44356.html HTTP/1.0" 200 70718 "-" "Mozilla/5.0 (compatible; MJ12bot/v1.4.8; http://mj12bot.com/)"
147.92.153.3 - - [23/Jan/2022:09:08:01 +0100] "GET /swfobject.js HTTP/1.0" 404 1308 "http://www.wonder-geek.com/" "Mozilla/5.0 (Windows NT 6.1; Win64; x64) AppleWebit/537.36 (KHTML, like Gecko) Chrome/63.0.3239.0 Safari/537.36 (compatible; Linespider/1.1; +https://lin.ee/4dwXkTH)"
167.114.173.115 - - [23/Jan/2022:09:08:01 +0100] "GET /teo-jasmin-large-cabas-p-32499.html HTTP/1.0" 301 70896 "-" "Mozilla/5.0 (compatible; MJ12bot/v1.4.8; http://mj12bot.com/)"
148.251.244.137 - - [23/Jan/2022:09:08:04 +0100] "GET /-p-44876.html HTTP/1.0" 200 70718 "-" "Mozilla/5.0 (compatible; MJ12bot/v1.4.8; http://mj12bot.com/)"
167.114.173.115 - - [23/Jan/2022:09:08:04 +0100] "GET /jasmin-large-cabas-p-32499.html HTTP/1.0" 200 70811 "-" "Mozilla/5.0 (compatible; MJ12bot/v1.4.8; http://mj12bot.com/)"
167.114.173.115 - - [23/Jan/2022:09:08:09 +0100] "GET /teo-jasmin-large-cabas-p-33602.html HTTP/1.0" 301 70896 "-" "Mozilla/5.0 (compatible; MJ12bot/v1.4.8; http://mj12bot.com/)"
148.251.244.137 - - [23/Jan/2022:09:08:10 +0100] "GET /-p-44898.html HTTP/1.0" 200 70718 "-" "Mozilla/5.0 (compatible; MJ12bot/v1.4.8; http://mj12bot.com/)"
167.114.173.115 - - [23/Jan/2022:09:08:12 +0100] "GET /jasmin-large-cabas-p-33602.html HTTP/1.0" 200 70811 "-" "Mozilla/5.0 (compatible; MJ12bot/v1.4.8; http://mj12bot.com/)"
167.114.173.115 - - [23/Jan/2022:09:08:16 +0100] "GET /teo-jasmin-large-cabas-p-33698.html HTTP/1.0" 301 70896 "-" "Mozilla/5.0 (compatible; MJ12bot/v1.4.8; http://mj12bot.com/)"
148.251.244.137 - - [23/Jan/2022:09:08:19 +0100] "GET /-p-44899.html HTTP/1.0" 200 70718 "-" "Mozilla/5.0 (compatible; MJ12bot/v1.4.8; http://mj12bot.com/)"
185.191.171.22 - - [23/Jan/2022:09:08:19 +0100] "GET /dubout-cats-large-portfolio-p-32246.html HTTP/1.0" 200 73572 "-" "Mozilla/5.0 (compatible; SemrushBot/7~bl; +http://www.semrush.com/bot.html)"
167.114.173.115 - - [23/Jan/2022:09:08:19 +0100] "GET /jasmin-large-cabas-p-33698.html HTTP/1.0" 200 70811 "-" "Mozilla/5.0 (compatible; MJ12bot/v1.4.8; http://mj12bot.com/)"
167.114.173.115 - - [23/Jan/2022:09:08:24 +0100] "GET /teo-jasmin-large-cabas-p-33699.html HTTP/1.0" 301 70896 "-" "Mozilla/5.0 (compatible; MJ12bot/v1.4.8; http://mj12bot.com/)"
167.114.173.115 - - [23/Jan/2022:09:08:27 +0100] "GET /jasmin-large-cabas-p-33699.html HTTP/1.0" 200 70811 "-" "Mozilla/5.0 (compatible; MJ12bot/v1.4.8; http://mj12bot.com/)"
148.251.244.137 - - [23/Jan/2022:09:08:28 +0100] "GET /-p-44928.html HTTP/1.0" 200 70718 "-" "Mozilla/5.0 (compatible; MJ12bot/v1.4.8; http://mj12bot.com/)"
167.114.173.115 - - [23/Jan/2022:09:08:31 +0100] "GET /teo-jasmin-large-cabas-p-33788.html HTTP/1.0" 301 70896 "-" "Mozilla/5.0 (compatible; MJ12bot/v1.4.8; http://mj12bot.com/)"
167.114.173.115 - - [23/Jan/2022:09:08:35 +0100] "GET /jasmin-large-cabas-p-33788.html HTTP/1.0" 200 70811 "-" "Mozilla/5.0 (compatible; MJ12bot/v1.4.8; http://mj12bot.com/)"
167.114.173.115 - - [23/Jan/2022:09:08:38 +0100] "GET /teo-jasmin-large-cabas-teo-bunny-pink-p-35976.html HTTP/1.0" 301 70962 "-" "Mozilla/5.0 (compatible; MJ12bot/v1.4.8; http://mj12bot.com/)"
148.251.244.137 - - [23/Jan/2022:09:08:41 +0100] "GET /-p-47699.html HTTP/1.0" 200 70718 "-" "Mozilla/5.0 (compatible; MJ12bot/v1.4.8; http://mj12bot.com/)"
167.114.173.115 - - [23/Jan/2022:09:08:43 +0100] "GET /jasmin-large-cabas-bunny-pink-p-35976.html HTTP/1.0" 200 70866 "-" "Mozilla/5.0 (compatible; MJ12bot/v1.4.8; http://mj12bot.com/)"
216.244.66.242 - - [23/Jan/2022:09:08:45 +0100] "GET /robots.txt HTTP/1.0" 200 245 "-" "Mozilla/5.0 (compatible; DotBot/1.2; +https://opensiteexplorer.org/dotbot; help@moz.com)"
167.114.173.115 - - [23/Jan/2022:09:08:47 +0100] "GET /teo-jasmin-large-cabas-teo-hip-hop-aqua-p-35975.html HTTP/1.0" 301 70911 "-" "Mozilla/5.0 (compatible; MJ12bot/v1.4.8; http://mj12bot.com/)"
148.251.244.137 - - [23/Jan/2022:09:08:48 +0100] "GET /-p-48520.html HTTP/1.0" 200 70718 "-" "Mozilla/5.0 (compatible; MJ12bot/v1.4.8; http://mj12bot.com/)"
95.91.15.103 - - [23/Jan/2022:09:08:52 +0100] "GET /smurf-toddler-flatware-set-p-27536.html HTTP/1.0" 301 70893 "-" "Mozilla/5.0 (compatible; MJ12bot/v1.4.8; http://mj12bot.com/)"
167.114.173.115 - - [23/Jan/2022:09:08:53 +0100] "GET /jasmin-large-cabas-aqua-p-35975.html HTTP/1.0" 200 70821 "-" "Mozilla/5.0 (compatible; MJ12bot/v1.4.8; http://mj12bot.com/)"
185.191.171.20 - - [23/Jan/2022:09:08:54 +0100] "GET /jafar-figurine-disney-traditions-shore-collection-p-51176.html?action=add_product HTTP/1.0" 302 476 "-" "Mozilla/5.0 (compatible; SemrushBot/7~bl; +http://www.semrush.com/bot.html)"
148.251.244.137 - - [23/Jan/2022:09:08:56 +0100] "GET /-p-48521.html HTTP/1.0" 200 70718 "-" "Mozilla/5.0 (compatible; MJ12bot/v1.4.8; http://mj12bot.com/)"
185.191.171.6 - - [23/Jan/2022:09:08:59 +0100] "GET /mandala-coasters-p-53024.html?action=add_product HTTP/1.0" 302 476 "-" "Mozilla/5.0 (compatible; SemrushBot/7~bl; +http://www.semrush.com/bot.html)"
167.114.173.115 - - [23/Jan/2022:09:09:00 +0100] "GET /teo-jasmin-large-cabas-teo-inuit-snow-p-38846.html HTTP/1.0" 301 70929 "-" "Mozilla/5.0 (compatible; MJ12bot/v1.4.8; http://mj12bot.com/)"
185.191.171.6 - - [23/Jan/2022:09:09:01 +0100] "GET /incense-satya-tulsi-grams-about-sticks-p-53775.html HTTP/1.0" 200 74204 "-" "Mozilla/5.0 (compatible; SemrushBot/7~bl; +http://www.semrush.com/bot.html)"
148.251.244.137 - - [23/Jan/2022:09:09:04 +0100] "GET /-p-50912.html HTTP/1.0" 200 70718 "-" "Mozilla/5.0 (compatible; MJ12bot/v1.4.8; http://mj12bot.com/)"
167.114.173.115 - - [23/Jan/2022:09:09:04 +0100] "GET /jasmin-large-cabas-inuit-snow-p-38846.html HTTP/1.0" 200 70833 "-" "Mozilla/5.0 (compatible; MJ12bot/v1.4.8; http://mj12bot.com/)"
185.191.171.14 - - [23/Jan/2022:09:09:04 +0100] "GET /buddha-statue-resin-p-34562.html?action=add_product HTTP/1.0" 302 476 "-" "Mozilla/5.0 (compatible; SemrushBot/7~bl; +http://www.semrush.com/bot.html)"
167.114.173.115 - - [23/Jan/2022:09:09:07 +0100] "GET /teo-jasmin-large-cabas-teo-marley-p-40993.html HTTP/1.0" 301 70894 "-" "Mozilla/5.0 (compatible; MJ12bot/v1.4.8; http://mj12bot.com/)"
148.251.244.137 - - [23/Jan/2022:09:09:09 +0100] "GET /-p-5171.html HTTP/1.0" 200 70716 "-" "Mozilla/5.0 (compatible; MJ12bot/v1.4.8; http://mj12bot.com/)"
167.114.173.115 - - [23/Jan/2022:09:09:11 +0100] "GET /jasmin-large-cabas-marley-p-40993.html HTTP/1.0" 200 70802 "-" "Mozilla/5.0 (compatible; MJ12bot/v1.4.8; http://mj12bot.com/)"
185.191.171.12 - - [23/Jan/2022:09:09:12 +0100] "GET /cake-dish-chabada-p-56486.html?action=add_product HTTP/1.0" 302 476 "-" "Mozilla/5.0 (compatible; SemrushBot/7~bl; +http://www.semrush.com/bot.html)"
95.91.15.103 - - [23/Jan/2022:09:09:13 +0100] "GET /smurf-toddler-flatware-p-27536.html HTTP/1.0" 200 70804 "-" "Mozilla/5.0 (compatible; MJ12bot/v1.4.8; http://mj12bot.com/)"
148.251.244.137 - - [23/Jan/2022:09:09:16 +0100] "GET /-p-5260.html HTTP/1.0" 200 70716 "-" "Mozilla/5.0 (compatible; MJ12bot/v1.4.8; http://mj12bot.com/)"
167.114.173.115 - - [23/Jan/2022:09:09:17 +0100] "GET /teo-jasmin-large-cabas-teo-mood-p-36062.html HTTP/1.0" 301 70944 "-" "Mozilla/5.0 (compatible; MJ12bot/v1.4.8; http://mj12bot.com/)"
148.251.244.137 - - [23/Jan/2022:09:09:21 +0100] "GET /-p-54216.html HTTP/1.0" 200 70718 "-" "Mozilla/5.0 (compatible; MJ12bot/v1.4.8; http://mj12bot.com/)"
167.114.173.115 - - [23/Jan/2022:09:09:22 +0100] "GET /jasmin-large-cabas-mood-p-36062.html HTTP/1.0" 200 70854 "-" "Mozilla/5.0 (compatible; MJ12bot/v1.4.8; http://mj12bot.com/)"
54.36.148.243 - - [23/Jan/2022:09:09:22 +0100] "GET /household-linen-c-11.html?page=58 HTTP/1.0" 200 94462 "-" "Mozilla/5.0 (compatible; AhrefsBot/7.0; +http://ahrefs.com/robot/)"
95.91.15.103 - - [23/Jan/2022:09:09:27 +0100] "GET /smurfette-beach-towel-p-13917.html HTTP/1.0" 301 70785 "-" "Mozilla/5.0 (compatible; MJ12bot/v1.4.8; http://mj12bot.com/)"
167.114.173.115 - - [23/Jan/2022:09:09:27 +0100] "GET /teo-jasmin-large-cabas-teo-stardust-p-40994.html HTTP/1.0" 301 70923 "-" "Mozilla/5.0 (compatible; MJ12bot/v1.4.8; http://mj12bot.com/)"
148.251.244.137 - - [23/Jan/2022:09:09:29 +0100] "GET /-p-6888.html HTTP/1.0" 200 70716 "-" "Mozilla/5.0 (compatible; MJ12bot/v1.4.8; http://mj12bot.com/)"
167.114.173.115 - - [23/Jan/2022:09:09:33 +0100] "GET /jasmin-large-cabas-stardust-p-40994.html HTTP/1.0" 200 70829 "-" "Mozilla/5.0 (compatible; MJ12bot/v1.4.8; http://mj12bot.com/)"
95.91.15.103 - - [23/Jan/2022:09:09:33 +0100] "GET /-p-13917.html HTTP/1.0" 200 70718 "-" "Mozilla/5.0 (compatible; MJ12bot/v1.4.8; http://mj12bot.com/)"
148.251.244.137 - - [23/Jan/2022:09:09:37 +0100] "GET /-p-7573.html HTTP/1.0" 200 70716 "-" "Mozilla/5.0 (compatible; MJ12bot/v1.4.8; http://mj12bot.com/)"
167.114.173.115 - - [23/Jan/2022:09:09:37 +0100] "GET /teo-jasmin-large-round-melamine-plate-jasmine-p-41624.html HTTP/1.0" 301 71040 "-" "Mozilla/5.0 (compatible; MJ12bot/v1.4.8; http://mj12bot.com/)"
167.114.173.115 - - [23/Jan/2022:09:09:41 +0100] "GET /jasmin-large-round-melamine-plate-jasmine-p-41624.html HTTP/1.0" 200 70932 "-" "Mozilla/5.0 (compatible; MJ12bot/v1.4.8; http://mj12bot.com/)"
95.91.15.103 - - [23/Jan/2022:09:09:41 +0100] "GET /smurfs-bowl-p-27565.html HTTP/1.0" 301 70785 "-" "Mozilla/5.0 (compatible; MJ12bot/v1.4.8; http://mj12bot.com/)"
148.251.244.137 - - [23/Jan/2022:09:09:44 +0100] "GET /-p-9224.html HTTP/1.0" 200 70716 "-" "Mozilla/5.0 (compatible; MJ12bot/v1.4.8; http://mj12bot.com/)"
95.91.15.103 - - [23/Jan/2022:09:09:45 +0100] "GET /-p-27565.html HTTP/1.0" 200 70718 "-" "Mozilla/5.0 (compatible; MJ12bot/v1.4.8; http://mj12bot.com/)"
167.114.173.115 - - [23/Jan/2022:09:09:45 +0100] "GET /teo-jasmin-large-round-melamine-plate-p-28945.html HTTP/1.0" 301 70948 "-" "Mozilla/5.0 (compatible; MJ12bot/v1.4.8; http://mj12bot.com/)"
167.114.173.115 - - [23/Jan/2022:09:09:49 +0100] "GET /jasmin-large-round-melamine-plate-p-28945.html HTTP/1.0" 200 70848 "-" "Mozilla/5.0 (compatible; MJ12bot/v1.4.8; http://mj12bot.com/)"
95.91.15.103 - - [23/Jan/2022:09:09:49 +0100] "GET /snow-white-kind-and-innocent-disney-water-ball-p-29254.html HTTP/1.0" 301 70785 "-" "Mozilla/5.0 (compatible; MJ12bot/v1.4.8; http://mj12bot.com/)"
167.114.173.115 - - [23/Jan/2022:09:09:52 +0100] "GET /teo-jasmin-large-round-melamine-plate-p-32028.html HTTP/1.0" 301 70948 "-" "Mozilla/5.0 (compatible; MJ12bot/v1.4.8; http://mj12bot.com/)"
95.91.15.103 - - [23/Jan/2022:09:09:52 +0100] "GET /-p-29254.html HTTP/1.0" 200 70718 "-" "Mozilla/5.0 (compatible; MJ12bot/v1.4.8; http://mj12bot.com/)"
148.251.244.137 - - [23/Jan/2022:09:09:52 +0100] "GET /-p-9365.html HTTP/1.0" 200 70716 "-" "Mozilla/5.0 (compatible; MJ12bot/v1.4.8; http://mj12bot.com/)"
167.114.173.115 - - [23/Jan/2022:09:09:55 +0100] "GET /jasmin-large-round-melamine-plate-p-32028.html HTTP/1.0" 200 70848 "-" "Mozilla/5.0 (compatible; MJ12bot/v1.4.8; http://mj12bot.com/)"
95.91.15.103 - - [23/Jan/2022:09:09:56 +0100] "GET /snow-white-peel-and-stick-wall-decals-p-22539.html HTTP/1.0" 301 73715 "-" "Mozilla/5.0 (compatible; MJ12bot/v1.4.8; http://mj12bot.com/)"
167.114.173.115 - - [23/Jan/2022:09:09:58 +0100] "GET /teo-jasmin-make-up-pouch-jasmine-college-p-35512.html HTTP/1.0" 301 71001 "-" "Mozilla/5.0 (compatible; MJ12bot/v1.4.8; http://mj12bot.com/)"
148.251.244.137 - - [23/Jan/2022:09:10:00 +0100] "GET /-p-9423.html HTTP/1.0" 200 70716 "-" "Mozilla/5.0 (compatible; MJ12bot/v1.4.8; http://mj12bot.com/)"
167.114.173.115 - - [23/Jan/2022:09:10:01 +0100] "GET /jasmin-make-pouch-jasmine-college-p-35512.html HTTP/1.0" 200 70901 "-" "Mozilla/5.0 (compatible; MJ12bot/v1.4.8; http://mj12bot.com/)"
95.91.15.103 - - [23/Jan/2022:09:10:04 +0100] "GET /snow-white-peel-stick-wall-decals-p-22539.html HTTP/1.0" 200 73615 "-" "Mozilla/5.0 (compatible; MJ12bot/v1.4.8; http://mj12bot.com/)"
167.114.173.115 - - [23/Jan/2022:09:10:04 +0100] "GET /teo-jasmin-make-up-pouch-maiko-p-46996.html HTTP/1.0" 301 74284 "-" "Mozilla/5.0 (compatible; MJ12bot/v1.4.8; http://mj12bot.com/)"
148.251.244.137 - - [23/Jan/2022:09:10:06 +0100] "GET /-p-9801.html HTTP/1.0" 200 70716 "-" "Mozilla/5.0 (compatible; MJ12bot/v1.4.8; http://mj12bot.com/)"
95.91.15.103 - - [23/Jan/2022:09:10:08 +0100] "GET /snow-white-peel-stick-wall-decals-p-22539.html HTTP/1.0" 200 73615 "-" "Mozilla/5.0 (compatible; MJ12bot/v1.4.8; http://mj12bot.com/)"
167.114.173.115 - - [23/Jan/2022:09:10:08 +0100] "GET /jasmin-make-pouch-maiko-p-46996.html HTTP/1.0" 200 74194 "-" "Mozilla/5.0 (compatible; MJ12bot/v1.4.8; http://mj12bot.com/)"
167.114.173.115 - - [23/Jan/2022:09:10:12 +0100] "GET /teo-jasmin-make-up-pouch-p-30004.html HTTP/1.0" 301 70899 "-" "Mozilla/5.0 (compatible; MJ12bot/v1.4.8; http://mj12bot.com/)"
148.251.244.137 - - [23/Jan/2022:09:10:13 +0100] "GET /angel-figurine-french-p-40594.html HTTP/1.0" 200 73880 "-" "Mozilla/5.0 (compatible; MJ12bot/v1.4.8; http://mj12bot.com/)"
95.91.15.103 - - [23/Jan/2022:09:10:14 +0100] "GET /snow-white-queen-figure-p-3603.html HTTP/1.0" 200 70825 "-" "Mozilla/5.0 (compatible; MJ12bot/v1.4.8; http://mj12bot.com/)"
167.114.173.115 - - [23/Jan/2022:09:10:15 +0100] "GET /jasmin-make-pouch-p-30004.html HTTP/1.0" 200 70815 "-" "Mozilla/5.0 (compatible; MJ12bot/v1.4.8; http://mj12bot.com/)"
167.114.173.115 - - [23/Jan/2022:09:10:19 +0100] "GET /teo-jasmin-make-up-pouch-p-44299.html HTTP/1.0" 301 70874 "-" "Mozilla/5.0 (compatible; MJ12bot/v1.4.8; http://mj12bot.com/)"
148.251.244.137 - - [23/Jan/2022:09:10:19 +0100] "GET /blue-keychains-p-32587.html HTTP/1.0" 200 73346 "-" "Mozilla/5.0 (compatible; MJ12bot/v1.4.8; http://mj12bot.com/)"
167.114.173.115 - - [23/Jan/2022:09:10:22 +0100] "GET /jasmin-make-pouch-p-44299.html HTTP/1.0" 200 70790 "-" "Mozilla/5.0 (compatible; MJ12bot/v1.4.8; http://mj12bot.com/)"
167.114.173.115 - - [23/Jan/2022:09:10:26 +0100] "GET /teo-jasmin-make-up-pouch-teo-racing-p-43463.html HTTP/1.0" 301 73697 "-" "Mozilla/5.0 (compatible; MJ12bot/v1.4.8; http://mj12bot.com/)"
148.251.244.137 - - [23/Jan/2022:09:10:27 +0100] "GET /boho-clock-cbkreation-p-42910.html HTTP/1.0" 200 73333 "-" "Mozilla/5.0 (compatible; MJ12bot/v1.4.8; http://mj12bot.com/)"
185.191.171.45 - - [23/Jan/2022:09:10:28 +0100] "GET /cats-by-dubout-figurine-the-hunt-p-52022.html HTTP/1.0" 301 74778 "-" "Mozilla/5.0 (compatible; SemrushBot/7~bl; +http://www.semrush.com/bot.html)"
167.114.173.115 - - [23/Jan/2022:09:10:30 +0100] "GET /jasmin-make-pouch-racing-p-43463.html HTTP/1.0" 200 73606 "-" "Mozilla/5.0 (compatible; MJ12bot/v1.4.8; http://mj12bot.com/)"
185.191.171.4 - - [23/Jan/2022:09:10:33 +0100] "GET /cats-dubout-figurine-hunt-p-52022.html HTTP/1.0" 200 74686 "-" "Mozilla/5.0 (compatible; SemrushBot/7~bl; +http://www.semrush.com/bot.html)"
167.114.173.115 - - [23/Jan/2022:09:10:34 +0100] "GET /teo-jasmin-make-up-pouch-teo-steed-grey-p-38705.html HTTP/1.0" 301 73688 "-" "Mozilla/5.0 (compatible; MJ12bot/v1.4.8; http://mj12bot.com/)"
148.251.244.137 - - [23/Jan/2022:09:10:34 +0100] "GET /buddhist-bracelet-wooden-beads-orange-p-37668.html HTTP/1.0" 200 73407 "-" "Mozilla/5.0 (compatible; MJ12bot/v1.4.8; http://mj12bot.com/)"
167.114.173.115 - - [23/Jan/2022:09:10:38 +0100] "GET /jasmin-make-pouch-steed-grey-p-38705.html HTTP/1.0" 200 73593 "-" "Mozilla/5.0 (compatible; MJ12bot/v1.4.8; http://mj12bot.com/)"
148.251.244.137 - - [23/Jan/2022:09:10:39 +0100] "GET /care-bears-puzzle-pieces-p-21514.html HTTP/1.0" 200 70850 "-" "Mozilla/5.0 (compatible; MJ12bot/v1.4.8; http://mj12bot.com/)"
167.114.173.115 - - [23/Jan/2022:09:10:41 +0100] "GET /teo-jasmin-medium-cabas-apache-denim-p-39773.html HTTP/1.0" 301 70941 "-" "Mozilla/5.0 (compatible; MJ12bot/v1.4.8; http://mj12bot.com/)"
167.114.173.115 - - [23/Jan/2022:09:10:44 +0100] "GET /jasmin-medium-cabas-apache-denim-p-39773.html HTTP/1.0" 200 70842 "-" "Mozilla/5.0 (compatible; MJ12bot/v1.4.8; http://mj12bot.com/)"
148.251.244.137 - - [23/Jan/2022:09:10:45 +0100] "GET /cbkreation-p-33780.html HTTP/1.0" 200 73325 "-" "Mozilla/5.0 (compatible; MJ12bot/v1.4.8; http://mj12bot.com/)"
167.114.173.115 - - [23/Jan/2022:09:10:47 +0100] "GET /teo-jasmin-medium-cabas-p-30001.html HTTP/1.0" 301 70902 "-" "Mozilla/5.0 (compatible; MJ12bot/v1.4.8; http://mj12bot.com/)"
148.251.244.137 - - [23/Jan/2022:09:10:49 +0100] "GET /centurion-figure-p-15697.html HTTP/1.0" 200 70801 "-" "Mozilla/5.0 (compatible; MJ12bot/v1.4.8; http://mj12bot.com/)"
167.114.173.115 - - [23/Jan/2022:09:10:51 +0100] "GET /jasmin-medium-cabas-p-30001.html HTTP/1.0" 200 70816 "-" "Mozilla/5.0 (compatible; MJ12bot/v1.4.8; http://mj12bot.com/)"
167.114.173.115 - - [23/Jan/2022:09:10:54 +0100] "GET /teo-jasmin-medium-cabas-p-32498.html HTTP/1.0" 301 70902 "-" "Mozilla/5.0 (compatible; MJ12bot/v1.4.8; http://mj12bot.com/)"
185.191.171.3 - - [23/Jan/2022:09:10:54 +0100] "GET /butterfly-dog-keychains-p-26296.html HTTP/1.0" 301 73447 "-" "Mozilla/5.0 (compatible; SemrushBot/7~bl; +http://www.semrush.com/bot.html)"
148.251.244.137 - - [23/Jan/2022:09:10:55 +0100] "GET /ceramic-with-infuser-p-37892.html HTTP/1.0" 200 70804 "-" "Mozilla/5.0 (compatible; MJ12bot/v1.4.8; http://mj12bot.com/)"
167.114.173.115 - - [23/Jan/2022:09:10:57 +0100] "GET /jasmin-medium-cabas-p-32498.html HTTP/1.0" 200 70816 "-" "Mozilla/5.0 (compatible; MJ12bot/v1.4.8; http://mj12bot.com/)"
185.191.171.15 - - [23/Jan/2022:09:10:57 +0100] "GET /butterfly-keychains-p-26296.html HTTP/1.0" 200 73361 "-" "Mozilla/5.0 (compatible; SemrushBot/7~bl; +http://www.semrush.com/bot.html)"
167.114.173.115 - - [23/Jan/2022:09:11:00 +0100] "GET /teo-jasmin-medium-cabas-p-33603.html HTTP/1.0" 301 70902 "-" "Mozilla/5.0 (compatible; MJ12bot/v1.4.8; http://mj12bot.com/)"
148.251.244.137 - - [23/Jan/2022:09:11:03 +0100] "GET /corn-trolley-metal-decoration-p-38739.html HTTP/1.0" 200 73477 "-" "Mozilla/5.0 (compatible; MJ12bot/v1.4.8; http://mj12bot.com/)"
167.114.173.115 - - [23/Jan/2022:09:11:03 +0100] "GET /jasmin-medium-cabas-p-33603.html HTTP/1.0" 200 70816 "-" "Mozilla/5.0 (compatible; MJ12bot/v1.4.8; http://mj12bot.com/)"
95.91.15.103 - - [23/Jan/2022:09:11:04 +0100] "GET /snow-white-witch-figure-p-2885.html HTTP/1.0" 200 70825 "-" "Mozilla/5.0 (compatible; MJ12bot/v1.4.8; http://mj12bot.com/)"
167.114.173.115 - - [23/Jan/2022:09:11:08 +0100] "GET /teo-jasmin-medium-cabas-p-33604.html HTTP/1.0" 301 70902 "-" "Mozilla/5.0 (compatible; MJ12bot/v1.4.8; http://mj12bot.com/)"
167.114.173.115 - - [23/Jan/2022:09:11:11 +0100] "GET /jasmin-medium-cabas-p-33604.html HTTP/1.0" 200 70816 "-" "Mozilla/5.0 (compatible; MJ12bot/v1.4.8; http://mj12bot.com/)"
148.251.244.137 - - [23/Jan/2022:09:11:12 +0100] "GET /doors-metal-keyring-p-23083.html HTTP/1.0" 200 73334 "-" "Mozilla/5.0 (compatible; MJ12bot/v1.4.8; http://mj12bot.com/)"
167.114.173.115 - - [23/Jan/2022:09:11:14 +0100] "GET /teo-jasmin-medium-cabas-p-33697.html HTTP/1.0" 301 70902 "-" "Mozilla/5.0 (compatible; MJ12bot/v1.4.8; http://mj12bot.com/)"
167.114.173.115 - - [23/Jan/2022:09:11:18 +0100] "GET /jasmin-medium-cabas-p-33697.html HTTP/1.0" 200 70816 "-" "Mozilla/5.0 (compatible; MJ12bot/v1.4.8; http://mj12bot.com/)"
148.251.244.137 - - [23/Jan/2022:09:11:20 +0100] "GET /fashioned-ceramic-espresso-blue-p-41676.html HTTP/1.0" 200 73470 "-" "Mozilla/5.0 (compatible; MJ12bot/v1.4.8; http://mj12bot.com/)"
167.114.173.115 - - [23/Jan/2022:09:11:21 +0100] "GET /teo-jasmin-medium-cabas-teo-racing-p-39772.html HTTP/1.0" 301 70899 "-" "Mozilla/5.0 (compatible; MJ12bot/v1.4.8; http://mj12bot.com/)"
167.114.173.115 - - [23/Jan/2022:09:11:25 +0100] "GET /jasmin-medium-cabas-racing-p-39772.html HTTP/1.0" 200 70806 "-" "Mozilla/5.0 (compatible; MJ12bot/v1.4.8; http://mj12bot.com/)"
148.251.244.137 - - [23/Jan/2022:09:11:27 +0100] "GET /fashioned-ceramic-espresso-green-p-41672.html HTTP/1.0" 200 73475 "-" "Mozilla/5.0 (compatible; MJ12bot/v1.4.8; http://mj12bot.com/)"
167.114.173.115 - - [23/Jan/2022:09:11:29 +0100] "GET /teo-jasmin-medium-cabas-teo-snow-p-36759.html HTTP/1.0" 301 70950 "-" "Mozilla/5.0 (compatible; MJ12bot/v1.4.8; http://mj12bot.com/)"
54.36.148.243 - - [23/Jan/2022:09:11:29 +0100] "GET /nintendo-black-shirt-p-30196.html HTTP/1.0" 200 74486 "-" "Mozilla/5.0 (compatible; AhrefsBot/7.0; +http://ahrefs.com/robot/)"
167.114.173.115 - - [23/Jan/2022:09:11:32 +0100] "GET /jasmin-medium-cabas-snow-p-36759.html HTTP/1.0" 200 70859 "-" "Mozilla/5.0 (compatible; MJ12bot/v1.4.8; http://mj12bot.com/)"
148.251.244.137 - - [23/Jan/2022:09:11:35 +0100] "GET /fashioned-ceramic-espresso-orange-p-41674.html HTTP/1.0" 200 70877 "-" "Mozilla/5.0 (compatible; MJ12bot/v1.4.8; http://mj12bot.com/)"
167.114.173.115 - - [23/Jan/2022:09:11:37 +0100] "GET /teo-jasmin-melamine-dish-cake-p-41623.html HTTP/1.0" 301 73480 "-" "Mozilla/5.0 (compatible; MJ12bot/v1.4.8; http://mj12bot.com/)"
167.114.173.115 - - [23/Jan/2022:09:11:41 +0100] "GET /jasmin-melamine-dish-cake-p-41623.html HTTP/1.0" 200 73388 "-" "Mozilla/5.0 (compatible; MJ12bot/v1.4.8; http://mj12bot.com/)"
148.251.244.137 - - [23/Jan/2022:09:11:42 +0100] "GET /fashioned-ceramic-espresso-p-41673.html HTTP/1.0" 200 70863 "-" "Mozilla/5.0 (compatible; MJ12bot/v1.4.8; http://mj12bot.com/)"
40.77.167.47 - - [23/Jan/2022:09:11:45 +0100] "GET /images/1300010237281.jpg HTTP/1.0" 200 259 "-" "Mozilla/5.0 (compatible; bingbot/2.0; +http://www.bing.com/bingbot.htm)"
167.114.173.115 - - [23/Jan/2022:09:11:44 +0100] "GET /teo-jasmin-melamine-tray-50-38-cm-jasmine-p-41621.html HTTP/1.0" 301 70949 "-" "Mozilla/5.0 (compatible; MJ12bot/v1.4.8; http://mj12bot.com/)"
148.251.244.137 - - [23/Jan/2022:09:11:47 +0100] "GET /fashioned-ceramic-espresso-yellow-p-41675.html HTTP/1.0" 200 70877 "-" "Mozilla/5.0 (compatible; MJ12bot/v1.4.8; http://mj12bot.com/)"
167.114.173.115 - - [23/Jan/2022:09:11:48 +0100] "GET /jasmin-melamine-tray-jasmine-p-41621.html HTTP/1.0" 200 70854 "-" "Mozilla/5.0 (compatible; MJ12bot/v1.4.8; http://mj12bot.com/)"
95.91.15.103 - - [23/Jan/2022:09:11:52 +0100] "GET /snowman-solar-powered-dancing-p-34143.html HTTP/1.0" 200 73658 "-" "Mozilla/5.0 (compatible; MJ12bot/v1.4.8; http://mj12bot.com/)"
167.114.173.115 - - [23/Jan/2022:09:11:53 +0100] "GET /teo-jasmin-melamine-tray-50-38-cm-p-32031.html HTTP/1.0" 301 70785 "-" "Mozilla/5.0 (compatible; MJ12bot/v1.4.8; http://mj12bot.com/)"
167.114.173.115 - - [23/Jan/2022:09:11:56 +0100] "GET /-p-32031.html HTTP/1.0" 200 70718 "-" "Mozilla/5.0 (compatible; MJ12bot/v1.4.8; http://mj12bot.com/)"
148.251.244.137 - - [23/Jan/2022:09:11:58 +0100] "GET /flag-compact-mirror-p-26192.html HTTP/1.0" 200 73465 "-" "Mozilla/5.0 (compatible; MJ12bot/v1.4.8; http://mj12bot.com/)"
167.114.173.115 - - [23/Jan/2022:09:11:59 +0100] "GET /teo-jasmin-melamine-tray-50-38-cm-p-41620.html HTTP/1.0" 301 70941 "-" "Mozilla/5.0 (compatible; MJ12bot/v1.4.8; http://mj12bot.com/)"
167.114.173.115 - - [23/Jan/2022:09:12:03 +0100] "GET /jasmin-melamine-tray-p-41620.html HTTP/1.0" 200 70854 "-" "Mozilla/5.0 (compatible; MJ12bot/v1.4.8; http://mj12bot.com/)"
148.251.244.137 - - [23/Jan/2022:09:12:04 +0100] "GET /flynn-rider-figure-p-8561.html HTTP/1.0" 200 70797 "-" "Mozilla/5.0 (compatible; MJ12bot/v1.4.8; http://mj12bot.com/)"
167.114.173.115 - - [23/Jan/2022:09:12:08 +0100] "GET /teo-jasmin-mimine-scarf-p-38849.html HTTP/1.0" 301 70902 "-" "Mozilla/5.0 (compatible; MJ12bot/v1.4.8; http://mj12bot.com/)"
148.251.244.137 - - [23/Jan/2022:09:12:11 +0100] "GET /football-100-paris-stickers-p-35385.html HTTP/1.0" 301 73494 "-" "Mozilla/5.0 (compatible; MJ12bot/v1.4.8; http://mj12bot.com/)"
167.114.173.115 - - [23/Jan/2022:09:12:12 +0100] "GET /jasmin-mimine-scarf-p-38849.html HTTP/1.0" 200 70816 "-" "Mozilla/5.0 (compatible; MJ12bot/v1.4.8; http://mj12bot.com/)"
185.191.171.21 - - [23/Jan/2022:09:12:14 +0100] "GET /porcelain-mug-set-funny-and-tasty-tassen-made-in-germany-p-50705.html HTTP/1.0" 301 75300 "-" "Mozilla/5.0 (compatible; SemrushBot/7~bl; +http://www.semrush.com/bot.html)"
185.191.171.1 - - [23/Jan/2022:09:12:16 +0100] "GET /robots.txt HTTP/1.0" 200 245 "-" "Mozilla/5.0 (compatible; SemrushBot/7~bl; +http://www.semrush.com/bot.html)"
167.114.173.115 - - [23/Jan/2022:09:12:17 +0100] "GET /teo-jasmin-mood-purse-jasmine-playa-p-35514.html HTTP/1.0" 301 70942 "-" "Mozilla/5.0 (compatible; MJ12bot/v1.4.8; http://mj12bot.com/)"
148.251.244.137 - - [23/Jan/2022:09:12:17 +0100] "GET /football-paris-stickers-p-35385.html HTTP/1.0" 200 73404 "-" "Mozilla/5.0 (compatible; MJ12bot/v1.4.8; http://mj12bot.com/)"
185.191.171.26 - - [23/Jan/2022:09:12:18 +0100] "GET /porcelain-funny-tasty-tassen-made-germany-p-50705.html HTTP/1.0" 200 75192 "-" "Mozilla/5.0 (compatible; SemrushBot/7~bl; +http://www.semrush.com/bot.html)"
167.114.173.115 - - [23/Jan/2022:09:12:21 +0100] "GET /jasmin-mood-purse-jasmine-playa-p-35514.html HTTP/1.0" 200 70844 "-" "Mozilla/5.0 (compatible; MJ12bot/v1.4.8; http://mj12bot.com/)"
167.114.173.115 - - [23/Jan/2022:09:12:24 +0100] "GET /teo-jasmin-orange-ballpoint-p-28948.html HTTP/1.0" 301 70785 "-" "Mozilla/5.0 (compatible; MJ12bot/v1.4.8; http://mj12bot.com/)"
185.191.171.3 - - [23/Jan/2022:09:12:27 +0100] "GET /ceramic-planter-turquoise-blue-small-model-p-52556.html HTTP/1.0" 200 70884 "-" "Mozilla/5.0 (compatible; SemrushBot/7~bl; +http://www.semrush.com/bot.html)"
167.114.173.115 - - [23/Jan/2022:09:12:27 +0100] "GET /-p-28948.html HTTP/1.0" 200 70718 "-" "Mozilla/5.0 (compatible; MJ12bot/v1.4.8; http://mj12bot.com/)"
148.251.244.137 - - [23/Jan/2022:09:12:29 +0100] "GET /football-stickers-p-35385.html HTTP/1.0" 301 73494 "-" "Mozilla/5.0 (compatible; MJ12bot/v1.4.8; http://mj12bot.com/)"
95.91.15.103 - - [23/Jan/2022:09:12:30 +0100] "GET /so-funky-pencil-case-p-19067.html HTTP/1.0" 301 73990 "-" "Mozilla/5.0 (compatible; MJ12bot/v1.4.8; http://mj12bot.com/)"
167.114.173.115 - - [23/Jan/2022:09:12:31 +0100] "GET /teo-jasmin-orange-salad-servers-p-28942.html HTTP/1.0" 301 70785 "-" "Mozilla/5.0 (compatible; MJ12bot/v1.4.8; http://mj12bot.com/)"
95.91.15.103 - - [23/Jan/2022:09:12:33 +0100] "GET /funky-pencil-case-p-19067.html HTTP/1.0" 200 73906 "-" "Mozilla/5.0 (compatible; MJ12bot/v1.4.8; http://mj12bot.com/)"
148.251.244.137 - - [23/Jan/2022:09:12:35 +0100] "GET /football-paris-stickers-p-35385.html HTTP/1.0" 200 73404 "-" "Mozilla/5.0 (compatible; MJ12bot/v1.4.8; http://mj12bot.com/)"
167.114.173.115 - - [23/Jan/2022:09:12:35 +0100] "GET /-p-28942.html HTTP/1.0" 200 70718 "-" "Mozilla/5.0 (compatible; MJ12bot/v1.4.8; http://mj12bot.com/)"
95.91.15.103 - - [23/Jan/2022:09:12:36 +0100] "GET /so-sweet-black-women-tee-shirt-p-30993.html HTTP/1.0" 301 75430 "-" "Mozilla/5.0 (compatible; MJ12bot/v1.4.8; http://mj12bot.com/)"
167.114.173.115 - - [23/Jan/2022:09:12:39 +0100] "GET /teo-jasmin-pencil-case-p-29426.html HTTP/1.0" 301 70896 "-" "Mozilla/5.0 (compatible; MJ12bot/v1.4.8; http://mj12bot.com/)"
185.191.171.35 - - [23/Jan/2022:09:12:41 +0100] "GET /sons-anarchy-samcro-zippo-lighter-p-30266.html HTTP/1.0" 200 70846 "-" "Mozilla/5.0 (compatible; SemrushBot/7~bl; +http://www.semrush.com/bot.html)"
148.251.244.137 - - [23/Jan/2022:09:12:42 +0100] "GET /football-stickers-p-35772.html HTTP/1.0" 301 70785 "-" "Mozilla/5.0 (compatible; MJ12bot/v1.4.8; http://mj12bot.com/)"
167.114.173.115 - - [23/Jan/2022:09:12:42 +0100] "GET /jasmin-pencil-case-p-29426.html HTTP/1.0" 200 70811 "-" "Mozilla/5.0 (compatible; MJ12bot/v1.4.8; http://mj12bot.com/)"
95.91.15.103 - - [23/Jan/2022:09:12:44 +0100] "GET /sweet-black-women-shirt-p-30993.html HTTP/1.0" 200 75340 "-" "Mozilla/5.0 (compatible; MJ12bot/v1.4.8; http://mj12bot.com/)"
167.114.173.115 - - [23/Jan/2022:09:12:47 +0100] "GET /teo-jasmin-pencil-case-p-31568.html HTTP/1.0" 301 73512 "-" "Mozilla/5.0 (compatible; MJ12bot/v1.4.8; http://mj12bot.com/)"
185.191.171.15 - - [23/Jan/2022:09:12:48 +0100] "GET /dasha-candy-cloud-keychain-p-49759.html HTTP/1.0" 200 73387 "-" "Mozilla/5.0 (compatible; SemrushBot/7~bl; +http://www.semrush.com/bot.html)"
148.251.244.137 - - [23/Jan/2022:09:12:48 +0100] "GET /-p-35772.html HTTP/1.0" 200 70718 "-" "Mozilla/5.0 (compatible; MJ12bot/v1.4.8; http://mj12bot.com/)"
167.114.173.115 - - [23/Jan/2022:09:12:50 +0100] "GET /jasmin-pencil-case-p-31568.html HTTP/1.0" 200 73427 "-" "Mozilla/5.0 (compatible; MJ12bot/v1.4.8; http://mj12bot.com/)"
167.114.173.115 - - [23/Jan/2022:09:12:53 +0100] "GET /teo-jasmin-pencil-case-p-31570.html HTTP/1.0" 301 73512 "-" "Mozilla/5.0 (compatible; MJ12bot/v1.4.8; http://mj12bot.com/)"
185.191.171.6 - - [23/Jan/2022:09:12:54 +0100] "GET /plaid-imitation-pink-p-46392.html HTTP/1.0" 200 73455 "-" "Mozilla/5.0 (compatible; SemrushBot/7~bl; +http://www.semrush.com/bot.html)"
148.251.244.137 - - [23/Jan/2022:09:12:55 +0100] "GET /frosted-glass-betty-boop-quarantine-p-15441.html HTTP/1.0" 200 73864 "-" "Mozilla/5.0 (compatible; MJ12bot/v1.4.8; http://mj12bot.com/)"
167.114.173.115 - - [23/Jan/2022:09:12:57 +0100] "GET /jasmin-pencil-case-p-31570.html HTTP/1.0" 200 73427 "-" "Mozilla/5.0 (compatible; MJ12bot/v1.4.8; http://mj12bot.com/)"
167.114.173.115 - - [23/Jan/2022:09:13:00 +0100] "GET /teo-jasmin-pencil-case-p-31577.html HTTP/1.0" 301 70785 "-" "Mozilla/5.0 (compatible; MJ12bot/v1.4.8; http://mj12bot.com/)"
148.251.244.137 - - [23/Jan/2022:09:13:01 +0100] "GET /funky-pencil-case-p-19067.html HTTP/1.0" 200 73906 "-" "Mozilla/5.0 (compatible; MJ12bot/v1.4.8; http://mj12bot.com/)"
167.114.173.115 - - [23/Jan/2022:09:13:03 +0100] "GET /-p-31577.html HTTP/1.0" 200 70718 "-" "Mozilla/5.0 (compatible; MJ12bot/v1.4.8; http://mj12bot.com/)"
167.114.173.115 - - [23/Jan/2022:09:13:07 +0100] "GET /teo-jasmin-pencil-case-p-40868.html HTTP/1.0" 301 70785 "-" "Mozilla/5.0 (compatible; MJ12bot/v1.4.8; http://mj12bot.com/)"
148.251.244.137 - - [23/Jan/2022:09:13:08 +0100] "GET /gorjuss-classic-stripe-large-structured-accessory-case-the-sca-p-43177.html HTTP/1.0" 301 74579 "-" "Mozilla/5.0 (compatible; MJ12bot/v1.4.8; http://mj12bot.com/)"
167.114.173.115 - - [23/Jan/2022:09:13:10 +0100] "GET /-p-40868.html HTTP/1.0" 200 70718 "-" "Mozilla/5.0 (compatible; MJ12bot/v1.4.8; http://mj12bot.com/)"
167.114.173.115 - - [23/Jan/2022:09:13:13 +0100] "GET /teo-jasmin-pencil-case-teo-geisha-p-40581.html HTTP/1.0" 301 70894 "-" "Mozilla/5.0 (compatible; MJ12bot/v1.4.8; http://mj12bot.com/)"
148.251.244.137 - - [23/Jan/2022:09:13:14 +0100] "GET /gorjuss-classic-stripe-large-structured-accessory-case-p-43177.html HTTP/1.0" 200 74458 "-" "Mozilla/5.0 (compatible; MJ12bot/v1.4.8; http://mj12bot.com/)"
167.114.173.115 - - [23/Jan/2022:09:13:16 +0100] "GET /jasmin-pencil-case-geisha-p-40581.html HTTP/1.0" 200 70802 "-" "Mozilla/5.0 (compatible; MJ12bot/v1.4.8; http://mj12bot.com/)"
167.114.173.115 - - [23/Jan/2022:09:13:20 +0100] "GET /teo-jasmin-pink-cookies-box-p-28367.html HTTP/1.0" 301 70914 "-" "Mozilla/5.0 (compatible; MJ12bot/v1.4.8; http://mj12bot.com/)"
148.251.244.137 - - [23/Jan/2022:09:13:21 +0100] "GET /gorjuss-coated-saddle-bag-pastel-pattern-print-toadstools-p-34750.html HTTP/1.0" 301 71112 "-" "Mozilla/5.0 (compatible; MJ12bot/v1.4.8; http://mj12bot.com/)"
167.114.173.115 - - [23/Jan/2022:09:13:25 +0100] "GET /jasmin-pink-cookies-p-28367.html HTTP/1.0" 200 70828 "-" "Mozilla/5.0 (compatible; MJ12bot/v1.4.8; http://mj12bot.com/)"
148.251.244.137 - - [23/Jan/2022:09:13:27 +0100] "GET /gorjuss-coated-saddle-pastel-pattern-print-toadstools-p-34750.html HTTP/1.0" 200 70992 "-" "Mozilla/5.0 (compatible; MJ12bot/v1.4.8; http://mj12bot.com/)"
194.32.122.24 - - [23/Jan/2022:09:13:28 +0100] "GET /fitted-sheet-in-cotton-percale-80-threads-160-200-30-cm-p-44300.html HTTP/1.0" 301 73780 "http://www.wonder-geek.com/fitted-sheet-in-cotton-percale-80-threads-160-200-30-cm-p-44300.html" "Mozilla/5.0 (Windows NT 10.0; WOW64) AppleWebKit/537.36 (KHTML, like Gecko) Chrome/90.0.4430.72 Safari/537.36"
157.55.39.153 - - [23/Jan/2022:09:13:32 +0100] "GET /images/big_prod_2/1328399219636b.jpg HTTP/1.0" 200 271 "-" "Mozilla/5.0 (compatible; bingbot/2.0; +http://www.bing.com/bingbot.htm)"
167.114.173.115 - - [23/Jan/2022:09:13:31 +0100] "GET /teo-jasmin-pink-small-lamp-p-35749.html HTTP/1.0" 301 70785 "-" "Mozilla/5.0 (compatible; MJ12bot/v1.4.8; http://mj12bot.com/)"
194.32.122.24 - - [23/Jan/2022:09:13:31 +0100] "GET /fitted-sheet-cotton-percale-threads-p-44300.html HTTP/1.0" 200 73678 "http://www.wonder-geek.com/fitted-sheet-cotton-percale-threads-p-44300.html" "Mozilla/5.0 (Windows NT 10.0; WOW64) AppleWebKit/537.36 (KHTML, like Gecko) Chrome/90.0.4430.72 Safari/537.36"
54.36.148.243 - - [23/Jan/2022:09:13:32 +0100] "GET /cushion-cover-ethnik-p-49952.html HTTP/1.0" 200 74203 "-" "Mozilla/5.0 (compatible; AhrefsBot/7.0; +http://ahrefs.com/robot/)"
