54.36.148.243 - - [23/Jan/2022:06:30:00 +0100] "GET /marseille-isothermic-stainless-steel-bottle-p-57225.html HTTP/1.0" 200 74236 "-" "Mozilla/5.0 (compatible; AhrefsBot/7.0; +http://ahrefs.com/robot/)"
154.54.249.198 - - [23/Jan/2022:06:30:03 +0100] "GET /violetta-badges-set-p-28293.html HTTP/1.0" 301 73403 "-" "Mozilla/5.0 (compatible; Barkrowler/0.9; +https://babbar.tech/crawler)"
95.91.110.186 - - [23/Jan/2022:06:30:04 +0100] "GET /years-cars-bathrobe-p-21841.html HTTP/1.0" 301 70785 "-" "Mozilla/5.0 (compatible; MJ12bot/v1.4.8; http://mj12bot.com/)"
95.91.110.186 - - [23/Jan/2022:06:30:12 +0100] "GET /-p-21841.html HTTP/1.0" 200 70718 "-" "Mozilla/5.0 (compatible; MJ12bot/v1.4.8; http://mj12bot.com/)"
154.54.249.198 - - [23/Jan/2022:06:30:21 +0100] "GET /eccentric-breakfast-p-39752.html HTTP/1.0" 200 73417 "-" "Mozilla/5.0 (compatible; Barkrowler/0.9; +https://babbar.tech/crawler)"
95.91.110.186 - - [23/Jan/2022:06:30:21 +0100] "GET /years-smurf-bathrobe-p-13093.html HTTP/1.0" 301 70785 "-" "Mozilla/5.0 (compatible; MJ12bot/v1.4.8; http://mj12bot.com/)"
95.91.110.186 - - [23/Jan/2022:06:30:28 +0100] "GET /-p-13093.html HTTP/1.0" 200 70718 "-" "Mozilla/5.0 (compatible; MJ12bot/v1.4.8; http://mj12bot.com/)"
95.91.110.186 - - [23/Jan/2022:06:30:36 +0100] "GET /years-the-little-prince-bathrobe-p-9365.html HTTP/1.0" 301 70782 "-" "Mozilla/5.0 (compatible; MJ12bot/v1.4.8; http://mj12bot.com/)"
154.54.249.198 - - [23/Jan/2022:06:30:37 +0100] "GET /eccentric-breakfast-p-39751.html HTTP/1.0" 200 73417 "-" "Mozilla/5.0 (compatible; Barkrowler/0.9; +https://babbar.tech/crawler)"
95.91.110.186 - - [23/Jan/2022:06:30:42 +0100] "GET /-p-9365.html HTTP/1.0" 200 70716 "-" "Mozilla/5.0 (compatible; MJ12bot/v1.4.8; http://mj12bot.com/)"
95.91.110.186 - - [23/Jan/2022:06:30:47 +0100] "GET /yin-et-yang-clock-by-cbkreation-p-24708.html HTTP/1.0" 301 73594 "-" "Mozilla/5.0 (compatible; MJ12bot/v1.4.8; http://mj12bot.com/)"
185.191.171.22 - - [23/Jan/2022:06:30:49 +0100] "GET /lola-shower-towel-white-p-41784.html?action=add_product HTTP/1.0" 302 476 "-" "Mozilla/5.0 (compatible; SemrushBot/7~bl; +http://www.semrush.com/bot.html)"
95.91.110.186 - - [23/Jan/2022:06:30:54 +0100] "GET /yang-clock-cbkreation-p-24708.html HTTP/1.0" 200 73506 "-" "Mozilla/5.0 (compatible; MJ12bot/v1.4.8; http://mj12bot.com/)"
154.54.249.198 - - [23/Jan/2022:06:30:54 +0100] "GET /eccentric-cat-mug-p-39705.html HTTP/1.0" 301 73383 "-" "Mozilla/5.0 (compatible; Barkrowler/0.9; +https://babbar.tech/crawler)"
95.91.110.186 - - [23/Jan/2022:06:31:03 +0100] "GET /you-are-an-angel-figurine-in-french-p-40594.html HTTP/1.0" 301 73968 "-" "Mozilla/5.0 (compatible; MJ12bot/v1.4.8; http://mj12bot.com/)"
95.91.110.186 - - [23/Jan/2022:06:31:07 +0100] "GET /angel-figurine-french-p-40594.html HTTP/1.0" 200 73880 "-" "Mozilla/5.0 (compatible; MJ12bot/v1.4.8; http://mj12bot.com/)"
216.244.66.242 - - [23/Jan/2022:06:31:10 +0100] "GET /robots.txt HTTP/1.0" 200 245 "-" "Mozilla/5.0 (compatible; DotBot/1.2; +https://opensiteexplorer.org/dotbot; help@moz.com)"
154.54.249.198 - - [23/Jan/2022:06:31:11 +0100] "GET /eccentric-cat-mug-p-49403.html HTTP/1.0" 301 70836 "-" "Mozilla/5.0 (compatible; Barkrowler/0.9; +https://babbar.tech/crawler)"
95.91.110.186 - - [23/Jan/2022:06:31:14 +0100] "GET /you-re-my-tweet-heart-tweety-cupid-p-39578.html HTTP/1.0" 301 70785 "-" "Mozilla/5.0 (compatible; MJ12bot/v1.4.8; http://mj12bot.com/)"
185.191.171.42 - - [23/Jan/2022:06:31:22 +0100] "GET /kawasaki-sugar-p-51154.html?action=add_product HTTP/1.0" 302 476 "-" "Mozilla/5.0 (compatible; SemrushBot/7~bl; +http://www.semrush.com/bot.html)"
95.91.110.186 - - [23/Jan/2022:06:31:23 +0100] "GET /-p-39578.html HTTP/1.0" 200 70718 "-" "Mozilla/5.0 (compatible; MJ12bot/v1.4.8; http://mj12bot.com/)"
154.54.249.198 - - [23/Jan/2022:06:31:28 +0100] "GET /real-madrid-kids-school-p-36254.html HTTP/1.0" 200 73689 "-" "Mozilla/5.0 (compatible; Barkrowler/0.9; +https://babbar.tech/crawler)"
95.91.110.186 - - [23/Jan/2022:06:31:32 +0100] "GET /zen-bedclothes-240-220-cm-p-34464.html HTTP/1.0" 301 70785 "-" "Mozilla/5.0 (compatible; MJ12bot/v1.4.8; http://mj12bot.com/)"
95.91.110.186 - - [23/Jan/2022:06:31:40 +0100] "GET /-p-34464.html HTTP/1.0" 200 70718 "-" "Mozilla/5.0 (compatible; MJ12bot/v1.4.8; http://mj12bot.com/)"
154.54.249.198 - - [23/Jan/2022:06:31:44 +0100] "GET /real-madrid-pencil-case-p-52115.html HTTP/1.0" 200 73421 "-" "Mozilla/5.0 (compatible; Barkrowler/0.9; +https://babbar.tech/crawler)"
95.91.110.186 - - [23/Jan/2022:06:31:47 +0100] "GET /zen-bedclothes-240-220-cm-p-35315.html HTTP/1.0" 301 70785 "-" "Mozilla/5.0 (compatible; MJ12bot/v1.4.8; http://mj12bot.com/)"
95.91.110.186 - - [23/Jan/2022:06:31:55 +0100] "GET /-p-35315.html HTTP/1.0" 200 70718 "-" "Mozilla/5.0 (compatible; MJ12bot/v1.4.8; http://mj12bot.com/)"
154.54.249.198 - - [23/Jan/2022:06:32:01 +0100] "GET /angel-black-women-shirt-p-30732.html HTTP/1.0" 200 75346 "-" "Mozilla/5.0 (compatible; Barkrowler/0.9; +https://babbar.tech/crawler)"
95.91.110.186 - - [23/Jan/2022:06:32:02 +0100] "GET /zen-mandala-canvas-frame-p-43097.html HTTP/1.0" 301 70785 "-" "Mozilla/5.0 (compatible; MJ12bot/v1.4.8; http://mj12bot.com/)"
95.91.110.186 - - [23/Jan/2022:06:32:10 +0100] "GET /-p-43097.html HTTP/1.0" 200 70718 "-" "Mozilla/5.0 (compatible; MJ12bot/v1.4.8; http://mj12bot.com/)"
95.91.110.186 - - [23/Jan/2022:06:32:16 +0100] "GET /zen-nature-bedclothes-240-220-cm-p-33068.html HTTP/1.0" 301 70785 "-" "Mozilla/5.0 (compatible; MJ12bot/v1.4.8; http://mj12bot.com/)"
154.54.249.198 - - [23/Jan/2022:06:32:18 +0100] "GET /angel-basket-roses-small-p-34195.html HTTP/1.0" 200 73578 "-" "Mozilla/5.0 (compatible; Barkrowler/0.9; +https://babbar.tech/crawler)"
95.91.110.186 - - [23/Jan/2022:06:32:24 +0100] "GET /-p-33068.html HTTP/1.0" 200 70718 "-" "Mozilla/5.0 (compatible; MJ12bot/v1.4.8; http://mj12bot.com/)"
154.54.249.198 - - [23/Jan/2022:06:32:35 +0100] "GET /angel-white-women-shirt-p-30731.html HTTP/1.0" 200 75625 "-" "Mozilla/5.0 (compatible; Barkrowler/0.9; +https://babbar.tech/crawler)"
51.68.224.127 - - [23/Jan/2022:06:32:35 +0100] "GET /adminweb/export_orders_xml.php?token=256de2z6edz6ed2z6DFSFsed2zed6zeDSFDSGdzedezfzf&maxorders=10&orderstart=1&status=14&start_date=2018-10-01 HTTP/1.0" 200 285 "-" "GesCom CharlotteBoutik Serveur"
51.68.224.127 - - [23/Jan/2022:06:32:36 +0100] "GET /adminweb/export_orders_xml.php?token=256de2z6edz6ed2z6DFSFsed2zed6zeDSFDSGdzedezfzf&maxorders=10&orderstart=1&status=6&start_date=2018-10-01 HTTP/1.0" 200 32795 "-" "GesCom CharlotteBoutik Serveur"
95.91.110.186 - - [23/Jan/2022:06:32:36 +0100] "GET /zen-stone-bedclothes-240-220-cm-p-34460.html HTTP/1.0" 301 70785 "-" "Mozilla/5.0 (compatible; MJ12bot/v1.4.8; http://mj12bot.com/)"
95.91.110.186 - - [23/Jan/2022:06:32:42 +0100] "GET /-p-34460.html HTTP/1.0" 200 70718 "-" "Mozilla/5.0 (compatible; MJ12bot/v1.4.8; http://mj12bot.com/)"
185.191.171.6 - - [23/Jan/2022:06:32:45 +0100] "GET /sticker-for-windows-chakra-p-48353.html HTTP/1.0" 301 73507 "-" "Mozilla/5.0 (compatible; SemrushBot/7~bl; +http://www.semrush.com/bot.html)"
185.191.171.19 - - [23/Jan/2022:06:32:48 +0100] "GET /sticker-windows-chakra-p-48353.html HTTP/1.0" 200 73418 "-" "Mozilla/5.0 (compatible; SemrushBot/7~bl; +http://www.semrush.com/bot.html)"
95.91.110.186 - - [23/Jan/2022:06:32:50 +0100] "GET /zen-wall-decoration-to-hang-40-40-cm-p-42749.html HTTP/1.0" 301 73576 "-" "Mozilla/5.0 (compatible; MJ12bot/v1.4.8; http://mj12bot.com/)"
154.54.249.198 - - [23/Jan/2022:06:32:51 +0100] "GET /angel-lapis-lazuli-p-54225.html HTTP/1.0" 200 73849 "-" "Mozilla/5.0 (compatible; Barkrowler/0.9; +https://babbar.tech/crawler)"
95.91.110.186 - - [23/Jan/2022:06:32:57 +0100] "GET /wall-decoration-hang-p-42749.html HTTP/1.0" 200 73489 "-" "Mozilla/5.0 (compatible; MJ12bot/v1.4.8; http://mj12bot.com/)"
207.46.13.190 - - [23/Jan/2022:06:33:02 +0100] "GET /christmas-tree-ornament-christmas-balls-c-13_271.html HTTP/1.0" 200 91447 "-" "Mozilla/5.0 (compatible; bingbot/2.0; +http://www.bing.com/bingbot.htm)"
185.191.171.42 - - [23/Jan/2022:06:33:03 +0100] "GET /accessories-c-3.html?page=38 HTTP/1.0" 200 80477 "-" "Mozilla/5.0 (compatible; SemrushBot/7~bl; +http://www.semrush.com/bot.html)"
95.91.110.186 - - [23/Jan/2022:06:33:04 +0100] "GET /zeppelin-mothership-poster-p-32318.html HTTP/1.0" 200 70851 "-" "Mozilla/5.0 (compatible; MJ12bot/v1.4.8; http://mj12bot.com/)"
154.54.249.198 - - [23/Jan/2022:06:33:09 +0100] "GET /dancing-music-peter-rabbit-p-56590.html HTTP/1.0" 200 74506 "-" "Mozilla/5.0 (compatible; Barkrowler/0.9; +https://babbar.tech/crawler)"
207.46.13.190 - - [23/Jan/2022:06:33:20 +0100] "GET /highslide/graphics/zoomout.cur HTTP/1.0" 200 614 "-" "Mozilla/5.0 (compatible; bingbot/2.0; +http://www.bing.com/bingbot.htm)"
154.54.249.198 - - [23/Jan/2022:06:33:26 +0100] "GET /dancing-music-little-prince-p-53240.html HTTP/1.0" 200 74248 "-" "Mozilla/5.0 (compatible; Barkrowler/0.9; +https://babbar.tech/crawler)"
185.191.171.37 - - [23/Jan/2022:06:33:34 +0100] "GET /rain-baton-gecko-40-cm-p-46431.html HTTP/1.0" 301 70867 "-" "Mozilla/5.0 (compatible; SemrushBot/7~bl; +http://www.semrush.com/bot.html)"
185.191.171.43 - - [23/Jan/2022:06:33:37 +0100] "GET /rain-baton-gecko-p-46431.html HTTP/1.0" 200 70784 "-" "Mozilla/5.0 (compatible; SemrushBot/7~bl; +http://www.semrush.com/bot.html)"
154.54.249.198 - - [23/Jan/2022:06:33:43 +0100] "GET /sponge-magnetic-clock-p-17280.html HTTP/1.0" 200 73473 "-" "Mozilla/5.0 (compatible; Barkrowler/0.9; +https://babbar.tech/crawler)"
154.54.249.198 - - [23/Jan/2022:06:33:59 +0100] "GET /sponge-plastic-plate-p-17131.html HTTP/1.0" 301 70785 "-" "Mozilla/5.0 (compatible; Barkrowler/0.9; +https://babbar.tech/crawler)"
154.54.249.198 - - [23/Jan/2022:06:34:16 +0100] "GET /queen-chess-piece-silver-p-53097.html HTTP/1.0" 200 73407 "-" "Mozilla/5.0 (compatible; Barkrowler/0.9; +https://babbar.tech/crawler)"
185.191.171.21 - - [23/Jan/2022:06:34:26 +0100] "GET /white-natural-wooden-mini-p-55033.html?action=add_product HTTP/1.0" 302 476 "-" "Mozilla/5.0 (compatible; SemrushBot/7~bl; +http://www.semrush.com/bot.html)"
185.191.171.16 - - [23/Jan/2022:06:34:28 +0100] "GET /wick-ellipse-candle-heart-home-snow-angel-p-57121.html HTTP/1.0" 200 74855 "-" "Mozilla/5.0 (compatible; SemrushBot/7~bl; +http://www.semrush.com/bot.html)"
154.54.249.198 - - [23/Jan/2022:06:34:32 +0100] "GET /queen-union-jack-shirt-p-29592.html HTTP/1.0" 200 74480 "-" "Mozilla/5.0 (compatible; Barkrowler/0.9; +https://babbar.tech/crawler)"
154.54.249.198 - - [23/Jan/2022:06:34:48 +0100] "GET /monaco-1930-vintage-poster-p-44868.html HTTP/1.0" 200 73398 "-" "Mozilla/5.0 (compatible; Barkrowler/0.9; +https://babbar.tech/crawler)"
154.54.249.198 - - [23/Jan/2022:06:35:05 +0100] "GET /monaco-shoulder-black-pink-p-38324.html HTTP/1.0" 200 70832 "-" "Mozilla/5.0 (compatible; Barkrowler/0.9; +https://babbar.tech/crawler)"
154.54.249.198 - - [23/Jan/2022:06:35:21 +0100] "GET /monaco-1912-vintage-poster-p-42504.html HTTP/1.0" 200 73403 "-" "Mozilla/5.0 (compatible; Barkrowler/0.9; +https://babbar.tech/crawler)"
154.54.249.198 - - [23/Jan/2022:06:35:38 +0100] "GET /shoulder-jasmine-jasmin-p-43134.html HTTP/1.0" 200 74304 "-" "Mozilla/5.0 (compatible; Barkrowler/0.9; +https://babbar.tech/crawler)"
185.191.171.42 - - [23/Jan/2022:06:35:43 +0100] "GET /buddha-rectangulary-cushion-by-cbkreation-p-36370.html HTTP/1.0" 301 70971 "-" "Mozilla/5.0 (compatible; SemrushBot/7~bl; +http://www.semrush.com/bot.html)"
185.191.171.35 - - [23/Jan/2022:06:35:46 +0100] "GET /buddha-rectangulary-cushion-cbkreation-p-36370.html HTTP/1.0" 200 70866 "-" "Mozilla/5.0 (compatible; SemrushBot/7~bl; +http://www.semrush.com/bot.html)"
154.54.249.198 - - [23/Jan/2022:06:35:54 +0100] "GET /shoulder-jasmine-jasmin-p-39252.html HTTP/1.0" 200 74304 "-" "Mozilla/5.0 (compatible; Barkrowler/0.9; +https://babbar.tech/crawler)"
154.54.249.198 - - [23/Jan/2022:06:36:11 +0100] "GET /sweet-black-women-shirt-p-30994.html HTTP/1.0" 200 75348 "-" "Mozilla/5.0 (compatible; Barkrowler/0.9; +https://babbar.tech/crawler)"
154.54.249.198 - - [23/Jan/2022:06:36:27 +0100] "GET /sweet-white-women-shirt-p-30995.html HTTP/1.0" 200 75381 "-" "Mozilla/5.0 (compatible; Barkrowler/0.9; +https://babbar.tech/crawler)"
154.54.249.198 - - [23/Jan/2022:06:36:44 +0100] "GET /sweet-white-women-shirt-p-30996.html HTTP/1.0" 200 75385 "-" "Mozilla/5.0 (compatible; Barkrowler/0.9; +https://babbar.tech/crawler)"
185.191.171.43 - - [23/Jan/2022:06:36:50 +0100] "GET /chair-cushion-scratchs-khaki-p-54656.html HTTP/1.0" 200 74068 "-" "Mozilla/5.0 (compatible; SemrushBot/7~bl; +http://www.semrush.com/bot.html)"
154.54.249.198 - - [23/Jan/2022:06:37:01 +0100] "GET /sweet-white-women-shirt-p-30992.html HTTP/1.0" 200 75377 "-" "Mozilla/5.0 (compatible; Barkrowler/0.9; +https://babbar.tech/crawler)"
185.191.171.8 - - [23/Jan/2022:06:37:17 +0100] "GET /mickey-figure-collection-romero-britto-p-52400.html HTTP/1.0" 200 73885 "-" "Mozilla/5.0 (compatible; SemrushBot/7~bl; +http://www.semrush.com/bot.html)"
154.54.249.198 - - [23/Jan/2022:06:37:18 +0100] "GET /old-locomotive-clock-p-38095.html HTTP/1.0" 301 73459 "-" "Mozilla/5.0 (compatible; Barkrowler/0.9; +https://babbar.tech/crawler)"
185.191.171.8 - - [23/Jan/2022:06:37:21 +0100] "GET /household-linen-c-11.html?page=73 HTTP/1.0" 200 93155 "-" "Mozilla/5.0 (compatible; SemrushBot/7~bl; +http://www.semrush.com/bot.html)"
154.54.249.198 - - [23/Jan/2022:06:37:35 +0100] "GET /old-lantern-black-clock-p-45672.html HTTP/1.0" 301 73589 "-" "Mozilla/5.0 (compatible; Barkrowler/0.9; +https://babbar.tech/crawler)"
154.54.249.198 - - [23/Jan/2022:06:37:52 +0100] "GET /old-lantern-red-clock-p-45675.html HTTP/1.0" 301 73564 "-" "Mozilla/5.0 (compatible; Barkrowler/0.9; +https://babbar.tech/crawler)"
154.54.249.198 - - [23/Jan/2022:06:38:09 +0100] "GET /clock-cbkreation-p-24368.html HTTP/1.0" 200 73442 "-" "Mozilla/5.0 (compatible; Barkrowler/0.9; +https://babbar.tech/crawler)"
157.55.39.122 - - [23/Jan/2022:06:38:11 +0100] "GET /images/big_prod_2/3609810096738b.jpg HTTP/1.0" 200 271 "-" "Mozilla/5.0 (compatible; bingbot/2.0; +http://www.bing.com/bingbot.htm)"
154.54.249.198 - - [23/Jan/2022:06:38:25 +0100] "GET /clock-cbkreation-p-24710.html HTTP/1.0" 200 73449 "-" "Mozilla/5.0 (compatible; Barkrowler/0.9; +https://babbar.tech/crawler)"
154.54.249.198 - - [23/Jan/2022:06:38:42 +0100] "GET /clock-cbkreation-p-24372.html HTTP/1.0" 200 73293 "-" "Mozilla/5.0 (compatible; Barkrowler/0.9; +https://babbar.tech/crawler)"
154.54.249.198 - - [23/Jan/2022:06:38:58 +0100] "GET /clock-cbkreation-p-24371.html HTTP/1.0" 200 73442 "-" "Mozilla/5.0 (compatible; Barkrowler/0.9; +https://babbar.tech/crawler)"
154.54.249.198 - - [23/Jan/2022:06:39:15 +0100] "GET /clock-cbkreation-p-24412.html HTTP/1.0" 200 73442 "-" "Mozilla/5.0 (compatible; Barkrowler/0.9; +https://babbar.tech/crawler)"
114.119.128.40 - - [23/Jan/2022:06:39:22 +0100] "GET /adhesive-roll-wood-p-53563.html HTTP/1.0" 200 74211 "-" "Mozilla/5.0 (Linux; Android 7.0;) AppleWebKit/537.36 (KHTML, like Gecko) Mobile Safari/537.36 (compatible; PetalBot;+https://webmaster.petalsearch.com/site/petalbot)"
185.191.171.8 - - [23/Jan/2022:06:39:31 +0100] "GET /cats-dubout-figurine-p-32714.html?action=add_product HTTP/1.0" 302 476 "-" "Mozilla/5.0 (compatible; SemrushBot/7~bl; +http://www.semrush.com/bot.html)"
154.54.249.198 - - [23/Jan/2022:06:39:31 +0100] "GET /clock-pastis-olive-p-49727.html HTTP/1.0" 200 70780 "-" "Mozilla/5.0 (compatible; Barkrowler/0.9; +https://babbar.tech/crawler)"
17.121.115.1 - - [23/Jan/2022:06:39:48 +0100] "GET /images/big_prod/1384010207390.jpg HTTP/1.0" 200 268 "-" "Mozilla/5.0 (Macintosh; Intel Mac OS X 10_15_5) AppleWebKit/605.1.15 (KHTML, like Gecko) Version/13.1.1 Safari/605.1.15 (Applebot/0.1; +http://www.apple.com/go/applebot)"
154.54.249.198 - - [23/Jan/2022:06:39:47 +0100] "GET /clock-indian-spirit-brave-p-42950.html HTTP/1.0" 200 73427 "-" "Mozilla/5.0 (compatible; Barkrowler/0.9; +https://babbar.tech/crawler)"
54.36.148.62 - - [23/Jan/2022:06:40:03 +0100] "GET /images/mini_prod/3700572761640B.jpg HTTP/1.0" 200 270 "-" "Mozilla/5.0 (compatible; AhrefsBot/7.0; +http://ahrefs.com/robot/)"
154.54.249.198 - - [23/Jan/2022:06:40:05 +0100] "GET /clock-indian-spirit-mandala-p-42945.html HTTP/1.0" 200 73432 "-" "Mozilla/5.0 (compatible; Barkrowler/0.9; +https://babbar.tech/crawler)"
154.54.249.198 - - [23/Jan/2022:06:40:21 +0100] "GET /clock-indian-spirit-lotus-p-42946.html HTTP/1.0" 200 73418 "-" "Mozilla/5.0 (compatible; Barkrowler/0.9; +https://babbar.tech/crawler)"
154.54.249.198 - - [23/Jan/2022:06:40:38 +0100] "GET /clock-plane-color-rust-p-38742.html HTTP/1.0" 200 70812 "-" "Mozilla/5.0 (compatible; Barkrowler/0.9; +https://babbar.tech/crawler)"
154.54.249.198 - - [23/Jan/2022:06:40:54 +0100] "GET /mr-happy-vintage-shirt-p-29607.html HTTP/1.0" 301 74612 "-" "Mozilla/5.0 (compatible; Barkrowler/0.9; +https://babbar.tech/crawler)"
185.191.171.15 - - [23/Jan/2022:06:41:03 +0100] "GET /mickey-mouse-large-pencil-case-p-19639.html HTTP/1.0" 200 70828 "-" "Mozilla/5.0 (compatible; SemrushBot/7~bl; +http://www.semrush.com/bot.html)"
154.54.249.198 - - [23/Jan/2022:06:41:11 +0100] "GET /mr-happy-hobo-bag-p-5336.html HTTP/1.0" 301 73641 "-" "Mozilla/5.0 (compatible; Barkrowler/0.9; +https://babbar.tech/crawler)"
154.54.249.198 - - [23/Jan/2022:06:41:27 +0100] "GET /mugs-mazagrans-c-57.html?page=15 HTTP/1.0" 301 97358 "-" "Mozilla/5.0 (compatible; Barkrowler/0.9; +https://babbar.tech/crawler)"
185.191.171.20 - - [23/Jan/2022:06:41:42 +0100] "GET /jasmin-marley-jamaica-large-lamp-p-35759.html?action=add_product HTTP/1.0" 302 476 "-" "Mozilla/5.0 (compatible; SemrushBot/7~bl; +http://www.semrush.com/bot.html)"
154.54.249.198 - - [23/Jan/2022:06:41:44 +0100] "GET /mugs-mazagrans-c-57.html?page=11 HTTP/1.0" 301 97289 "-" "Mozilla/5.0 (compatible; Barkrowler/0.9; +https://babbar.tech/crawler)"
185.191.171.16 - - [23/Jan/2022:06:41:54 +0100] "GET /wax-melt-calming-aloe-p-43772.html HTTP/1.0" 301 74019 "-" "Mozilla/5.0 (compatible; SemrushBot/7~bl; +http://www.semrush.com/bot.html)"
185.191.171.36 - - [23/Jan/2022:06:41:57 +0100] "GET /melt-calming-aloe-p-43772.html HTTP/1.0" 200 73935 "-" "Mozilla/5.0 (compatible; SemrushBot/7~bl; +http://www.semrush.com/bot.html)"
154.54.249.198 - - [23/Jan/2022:06:42:01 +0100] "GET /mugs-mazagrans-c-57.html?page=17 HTTP/1.0" 301 97041 "-" "Mozilla/5.0 (compatible; Barkrowler/0.9; +https://babbar.tech/crawler)"
157.55.39.153 - - [23/Jan/2022:06:42:17 +0100] "GET /wood-alarm-clock-p-39703.html HTTP/1.0" 301 70785 "-" "Mozilla/5.0 (compatible; bingbot/2.0; +http://www.bing.com/bingbot.htm)"
154.54.249.198 - - [23/Jan/2022:06:42:18 +0100] "GET /mugs-mazagrans-c-57.html?page=16 HTTP/1.0" 301 97894 "-" "Mozilla/5.0 (compatible; Barkrowler/0.9; +https://babbar.tech/crawler)"
154.54.249.198 - - [23/Jan/2022:06:42:35 +0100] "GET /mugs-mazagrans-c-57.html?page=13 HTTP/1.0" 301 96630 "-" "Mozilla/5.0 (compatible; Barkrowler/0.9; +https://babbar.tech/crawler)"
154.54.249.198 - - [23/Jan/2022:06:42:52 +0100] "GET /mugs-mazagrans-c-57.html?page=12 HTTP/1.0" 301 96417 "-" "Mozilla/5.0 (compatible; Barkrowler/0.9; +https://babbar.tech/crawler)"
185.191.171.36 - - [23/Jan/2022:06:42:59 +0100] "GET /-p-4714.html?action=add_product HTTP/1.0" 302 476 "-" "Mozilla/5.0 (compatible; SemrushBot/7~bl; +http://www.semrush.com/bot.html)"
114.119.128.40 - - [23/Jan/2022:06:43:03 +0100] "GET /zodiac-high-ceramic-cbkreation-p-30786.html HTTP/1.0" 200 73367 "-" "Mozilla/5.0 (Linux; Android 7.0;) AppleWebKit/537.36 (KHTML, like Gecko) Mobile Safari/537.36 (compatible; PetalBot;+https://webmaster.petalsearch.com/site/petalbot)"
154.54.249.198 - - [23/Jan/2022:06:43:09 +0100] "GET /mugs-mazagrans-c-57.html?page=18 HTTP/1.0" 301 97210 "-" "Mozilla/5.0 (compatible; Barkrowler/0.9; +https://babbar.tech/crawler)"
154.54.249.198 - - [23/Jan/2022:06:43:27 +0100] "GET /mugs-mazagrans-c-57.html?page=25 HTTP/1.0" 301 97145 "-" "Mozilla/5.0 (compatible; Barkrowler/0.9; +https://babbar.tech/crawler)"
154.54.249.198 - - [23/Jan/2022:06:43:44 +0100] "GET /mugs-mazagrans-c-57.html?page=24 HTTP/1.0" 301 96400 "-" "Mozilla/5.0 (compatible; Barkrowler/0.9; +https://babbar.tech/crawler)"
185.191.171.15 - - [23/Jan/2022:06:43:47 +0100] "GET /microfibre-base-cover-white-p-47369.html?action=add_product HTTP/1.0" 302 476 "-" "Mozilla/5.0 (compatible; SemrushBot/7~bl; +http://www.semrush.com/bot.html)"
154.54.249.198 - - [23/Jan/2022:06:44:01 +0100] "GET /mugs-mazagrans-c-57.html?page=5 HTTP/1.0" 301 95797 "-" "Mozilla/5.0 (compatible; Barkrowler/0.9; +https://babbar.tech/crawler)"
54.36.148.243 - - [23/Jan/2022:06:44:05 +0100] "GET /home-fragrance-heart-home-vanilla-rosewood-p-52819.html HTTP/1.0" 200 74777 "-" "Mozilla/5.0 (compatible; AhrefsBot/7.0; +http://ahrefs.com/robot/)"
154.54.249.198 - - [23/Jan/2022:06:44:18 +0100] "GET /mugs-mazagrans-c-57.html?page=6 HTTP/1.0" 301 95780 "-" "Mozilla/5.0 (compatible; Barkrowler/0.9; +https://babbar.tech/crawler)"
166.88.17.238 - - [23/Jan/2022:06:44:32 +0100] "GET /images/mini_prod/8435333835166.jpg HTTP/1.0" 200 269 "-" "Mozilla/5.0 (X11; Ubuntu; Linux x86_64; rv:72.0) Gecko/20100101 Firefox/72.0"
154.54.249.198 - - [23/Jan/2022:06:44:35 +0100] "GET /mugs-mazagrans-c-57.html?page=3 HTTP/1.0" 301 96180 "-" "Mozilla/5.0 (compatible; Barkrowler/0.9; +https://babbar.tech/crawler)"
185.191.171.2 - - [23/Jan/2022:06:44:51 +0100] "GET /the-little-prince-money-box-p-45847.html HTTP/1.0" 301 73512 "-" "Mozilla/5.0 (compatible; SemrushBot/7~bl; +http://www.semrush.com/bot.html)"
154.54.249.198 - - [23/Jan/2022:06:44:52 +0100] "GET /mugs-mazagrans-c-57.html?page=2 HTTP/1.0" 301 95951 "-" "Mozilla/5.0 (compatible; Barkrowler/0.9; +https://babbar.tech/crawler)"
185.191.171.44 - - [23/Jan/2022:06:44:54 +0100] "GET /little-prince-money-p-45847.html HTTP/1.0" 200 73426 "-" "Mozilla/5.0 (compatible; SemrushBot/7~bl; +http://www.semrush.com/bot.html)"
185.191.171.44 - - [23/Jan/2022:06:45:00 +0100] "GET /glass-cutting-board-cbkreation-p-51308.html HTTP/1.0" 200 73424 "-" "Mozilla/5.0 (compatible; SemrushBot/7~bl; +http://www.semrush.com/bot.html)"
154.54.249.198 - - [23/Jan/2022:06:45:10 +0100] "GET /mugs-mazagrans-c-57.html?page=1 HTTP/1.0" 301 96358 "-" "Mozilla/5.0 (compatible; Barkrowler/0.9; +https://babbar.tech/crawler)"
54.36.148.243 - - [23/Jan/2022:06:45:39 +0100] "GET /home-fragrance-heart-home-white-musk-cedarwood-p-52818.html HTTP/1.0" 200 74822 "-" "Mozilla/5.0 (compatible; AhrefsBot/7.0; +http://ahrefs.com/robot/)"
154.54.249.198 - - [23/Jan/2022:06:45:37 +0100] "GET /mugs-mazagrans-c-57.html?page=8 HTTP/1.0" 301 96488 "-" "Mozilla/5.0 (compatible; Barkrowler/0.9; +https://babbar.tech/crawler)"
66.249.66.199 - - [23/Jan/2022:06:45:45 +0100] "GET /toad-shirt-p-29614.html HTTP/1.0" 200 70752 "-" "Mozilla/5.0 (Linux; Android 6.0.1; Nexus 5X Build/MMB29P) AppleWebKit/537.36 (KHTML, like Gecko) Chrome/97.0.4692.71 Mobile Safari/537.36 (compatible; Googlebot/2.1; +http://www.google.com/bot.html)"
114.119.128.39 - - [23/Jan/2022:06:45:50 +0100] "GET /images/big_prod/5051276424323.jpg HTTP/1.0" 200 268 "-" "Mozilla/5.0 (Linux; Android 7.0;) AppleWebKit/537.36 (KHTML, like Gecko) Mobile Safari/537.36 (compatible; PetalBot;+https://webmaster.petalsearch.com/site/petalbot)"
66.249.66.202 - - [23/Jan/2022:06:45:47 +0100] "GET /cordelia-moroccan-ashtray-p-47857.html HTTP/1.0" 200 73332 "-" "Mozilla/5.0 (Linux; Android 6.0.1; Nexus 5X Build/MMB29P) AppleWebKit/537.36 (KHTML, like Gecko) Chrome/97.0.4692.71 Mobile Safari/537.36 (compatible; Googlebot/2.1; +http://www.google.com/bot.html)"
66.249.66.202 - - [23/Jan/2022:06:45:50 +0100] "GET /fragrance-case-cabinet-diffuser-c-231_228.html HTTP/1.0" 200 90546 "-" "Mozilla/5.0 (Linux; Android 6.0.1; Nexus 5X Build/MMB29P) AppleWebKit/537.36 (KHTML, like Gecko) Chrome/97.0.4692.71 Mobile Safari/537.36 (compatible; Googlebot/2.1; +http://www.google.com/bot.html)"
154.54.249.198 - - [23/Jan/2022:06:46:01 +0100] "GET /mugs-mazagrans-c-57.html?page=4 HTTP/1.0" 301 95802 "-" "Mozilla/5.0 (compatible; Barkrowler/0.9; +https://babbar.tech/crawler)"
154.54.249.198 - - [23/Jan/2022:06:46:26 +0100] "GET /mugs-mazagrans-c-57.html?page=19 HTTP/1.0" 301 97003 "-" "Mozilla/5.0 (compatible; Barkrowler/0.9; +https://babbar.tech/crawler)"
154.54.249.198 - - [23/Jan/2022:06:46:51 +0100] "GET /mugs-mazagrans-c-57.html?page=23 HTTP/1.0" 301 96729 "-" "Mozilla/5.0 (compatible; Barkrowler/0.9; +https://babbar.tech/crawler)"
54.36.148.243 - - [23/Jan/2022:06:47:14 +0100] "GET /mickey-minnie-salt-pepper-britto-p-49503.html HTTP/1.0" 200 73561 "-" "Mozilla/5.0 (compatible; AhrefsBot/7.0; +http://ahrefs.com/robot/)"
40.77.167.47 - - [23/Jan/2022:06:47:22 +0100] "GET /pillow-case-grey-p-34834.html HTTP/1.0" 200 73589 "-" "Mozilla/5.0 (compatible; bingbot/2.0; +http://www.bing.com/bingbot.htm)"
154.54.249.198 - - [23/Jan/2022:06:47:16 +0100] "GET /mugs-mazagrans-c-12_57.html?page=10 HTTP/1.0" 500 73590 "-" "Mozilla/5.0 (compatible; Barkrowler/0.9; +https://babbar.tech/crawler)"
216.244.66.242 - - [23/Jan/2022:06:47:42 +0100] "GET /cars-kids-school-p-20064.html HTTP/1.0" 301 70785 "-" "Mozilla/5.0 (compatible; DotBot/1.2; +https://opensiteexplorer.org/dotbot; help@moz.com)"
157.55.39.122 - - [23/Jan/2022:06:47:51 +0100] "GET /decorative-ball-silver-resin-p-57069.html HTTP/1.0" 200 74109 "-" "Mozilla/5.0 (compatible; bingbot/2.0; +http://www.bing.com/bingbot.htm)"
216.244.66.242 - - [23/Jan/2022:06:47:52 +0100] "GET /william-dalton-figure-p-4589.html HTTP/1.0" 200 70812 "-" "Mozilla/5.0 (compatible; DotBot/1.2; +https://opensiteexplorer.org/dotbot; help@moz.com)"
154.54.249.198 - - [23/Jan/2022:06:47:41 +0100] "GET /mugs-mazagrans-c-12_57.html?page=25 HTTP/1.0" 200 97160 "-" "Mozilla/5.0 (compatible; Barkrowler/0.9; +https://babbar.tech/crawler)"
54.36.148.218 - - [23/Jan/2022:06:48:14 +0100] "GET /laissez-lucie-faire-toiletry-bag-wendy-p-49011.html HTTP/1.0" 301 74551 "-" "Mozilla/5.0 (compatible; AhrefsBot/7.0; +http://ahrefs.com/robot/)"
154.54.249.198 - - [23/Jan/2022:06:48:06 +0100] "GET /mugs-mazagrans-c-12_57.html?page=5 HTTP/1.0" 500 73589 "-" "Mozilla/5.0 (compatible; Barkrowler/0.9; +https://babbar.tech/crawler)"
185.191.171.45 - - [23/Jan/2022:06:48:25 +0100] "GET /orange-butterfly-black-shirt-cbkreation-p-30119.html?action=add_product HTTP/1.0" 302 476 "-" "Mozilla/5.0 (compatible; SemrushBot/7~bl; +http://www.semrush.com/bot.html)"
185.191.171.41 - - [23/Jan/2022:06:48:38 +0100] "GET /unicorn-white-clock-p-50126.html HTTP/1.0" 301 70785 "-" "Mozilla/5.0 (compatible; SemrushBot/7~bl; +http://www.semrush.com/bot.html)"
185.191.171.10 - - [23/Jan/2022:06:48:43 +0100] "GET /-p-50126.html HTTP/1.0" 200 70718 "-" "Mozilla/5.0 (compatible; SemrushBot/7~bl; +http://www.semrush.com/bot.html)"
154.54.249.198 - - [23/Jan/2022:06:48:31 +0100] "GET /mugs-mazagrans-c-12_57.html?page=6 HTTP/1.0" 500 73589 "-" "Mozilla/5.0 (compatible; Barkrowler/0.9; +https://babbar.tech/crawler)"
54.36.148.243 - - [23/Jan/2022:06:48:47 +0100] "GET /espresso-sakura-p-22324.html HTTP/1.0" 200 73468 "-" "Mozilla/5.0 (compatible; AhrefsBot/7.0; +http://ahrefs.com/robot/)"
185.191.171.11 - - [23/Jan/2022:06:48:54 +0100] "GET /tweety-money-p-8595.html?action=add_product HTTP/1.0" 302 476 "-" "Mozilla/5.0 (compatible; SemrushBot/7~bl; +http://www.semrush.com/bot.html)"
154.54.249.198 - - [23/Jan/2022:06:48:56 +0100] "GET /mugs-mazagrans-c-12_57.html?page=7 HTTP/1.0" 500 73589 "-" "Mozilla/5.0 (compatible; Barkrowler/0.9; +https://babbar.tech/crawler)"
51.68.224.127 - - [23/Jan/2022:06:49:29 +0100] "GET /adminweb/export_orders_xml.php?token=256de2z6edz6ed2z6DFSFsed2zed6zeDSFDSGdzedezfzf&maxorders=10&orderstart=1&status=14&start_date=2018-10-01 HTTP/1.0" 200 285 "-" "GesCom CharlotteBoutik Serveur"
51.68.224.127 - - [23/Jan/2022:06:49:30 +0100] "GET /adminweb/export_orders_xml.php?token=256de2z6edz6ed2z6DFSFsed2zed6zeDSFDSGdzedezfzf&maxorders=10&orderstart=1&status=6&start_date=2018-10-01 HTTP/1.0" 200 32795 "-" "GesCom CharlotteBoutik Serveur"
154.54.249.198 - - [23/Jan/2022:06:49:21 +0100] "GET /mugs-mazagrans-c-12_57.html?page=3 HTTP/1.0" 500 73589 "-" "Mozilla/5.0 (compatible; Barkrowler/0.9; +https://babbar.tech/crawler)"
185.191.171.37 - - [23/Jan/2022:06:49:46 +0100] "GET /butterfly-compact-mirror-p-26194.html HTTP/1.0" 200 73481 "-" "Mozilla/5.0 (compatible; SemrushBot/7~bl; +http://www.semrush.com/bot.html)"
54.36.148.69 - - [23/Jan/2022:06:49:56 +0100] "GET /images/mini_prod/3520071815206.jpg HTTP/1.0" 200 269 "-" "Mozilla/5.0 (compatible; AhrefsBot/7.0; +http://ahrefs.com/robot/)"
154.54.249.198 - - [23/Jan/2022:06:49:46 +0100] "GET /mugs-mazagrans-c-12_57.html?page=2 HTTP/1.0" 500 73589 "-" "Mozilla/5.0 (compatible; Barkrowler/0.9; +https://babbar.tech/crawler)"
157.55.39.122 - - [23/Jan/2022:06:50:12 +0100] "GET /images/med_prod/3272760423567.jpg HTTP/1.0" 200 268 "-" "Mozilla/5.0 (compatible; bingbot/2.0; +http://www.bing.com/bingbot.htm)"
157.55.39.122 - - [23/Jan/2022:06:50:22 +0100] "GET /owls-cats-michelle-allen-designs-coasters-p-47690.html HTTP/1.0" 200 73551 "-" "Mozilla/5.0 (compatible; bingbot/2.0; +http://www.bing.com/bingbot.htm)"
154.54.249.198 - - [23/Jan/2022:06:50:11 +0100] "GET /mugs-mazagrans-c-12_57.html?page=8 HTTP/1.0" 500 73589 "-" "Mozilla/5.0 (compatible; Barkrowler/0.9; +https://babbar.tech/crawler)"
54.36.148.243 - - [23/Jan/2022:06:50:25 +0100] "GET /lantern-black-clock-p-45672.html HTTP/1.0" 200 73503 "-" "Mozilla/5.0 (compatible; AhrefsBot/7.0; +http://ahrefs.com/robot/)"
185.191.171.18 - - [23/Jan/2022:06:50:35 +0100] "GET /abraham-lincoln-resin-figure-p-48331.html HTTP/1.0" 200 73477 "-" "Mozilla/5.0 (compatible; SemrushBot/7~bl; +http://www.semrush.com/bot.html)"
154.54.249.198 - - [23/Jan/2022:06:50:36 +0100] "GET /patrick-sponge-memo-clip-p-3695.html HTTP/1.0" 200 73400 "-" "Mozilla/5.0 (compatible; Barkrowler/0.9; +https://babbar.tech/crawler)"
154.54.249.198 - - [23/Jan/2022:06:50:54 +0100] "GET /hamburger-moneybox-p-55011.html HTTP/1.0" 200 73891 "-" "Mozilla/5.0 (compatible; Barkrowler/0.9; +https://babbar.tech/crawler)"
185.191.171.43 - - [23/Jan/2022:06:51:07 +0100] "GET /paris-cover-iphone-etienne-boyer-p-24662.html?action=add_product HTTP/1.0" 302 476 "-" "Mozilla/5.0 (compatible; SemrushBot/7~bl; +http://www.semrush.com/bot.html)"
185.191.171.14 - - [23/Jan/2022:06:51:08 +0100] "GET /clock-cbkreation-p-24368.html HTTP/1.0" 200 73442 "-" "Mozilla/5.0 (compatible; SemrushBot/7~bl; +http://www.semrush.com/bot.html)"
154.54.249.198 - - [23/Jan/2022:06:51:12 +0100] "GET /che-guevara-lamp-p-43676.html HTTP/1.0" 301 73579 "-" "Mozilla/5.0 (compatible; Barkrowler/0.9; +https://babbar.tech/crawler)"
154.54.249.198 - - [23/Jan/2022:06:51:30 +0100] "GET /plaid-imitation-pink-p-46392.html HTTP/1.0" 200 73455 "-" "Mozilla/5.0 (compatible; Barkrowler/0.9; +https://babbar.tech/crawler)"
154.54.249.198 - - [23/Jan/2022:06:51:48 +0100] "GET /gogh-little-tray-p-51668.html HTTP/1.0" 200 77157 "-" "Mozilla/5.0 (compatible; Barkrowler/0.9; +https://babbar.tech/crawler)"
185.191.171.5 - - [23/Jan/2022:06:51:57 +0100] "GET /tassen-amused-mood-vase-made-germany-p-46336.html?action=add_product HTTP/1.0" 302 476 "-" "Mozilla/5.0 (compatible; SemrushBot/7~bl; +http://www.semrush.com/bot.html)"
114.119.128.37 - - [23/Jan/2022:06:52:02 +0100] "GET /marmot-dish-cake-p-45125.html HTTP/1.0" 200 73298 "-" "Mozilla/5.0 (Linux; Android 7.0;) AppleWebKit/537.36 (KHTML, like Gecko) Mobile Safari/537.36 (compatible; PetalBot;+https://webmaster.petalsearch.com/site/petalbot)"
154.54.249.198 - - [23/Jan/2022:06:52:07 +0100] "GET /gogh-little-tray-p-51669.html HTTP/1.0" 200 77006 "-" "Mozilla/5.0 (compatible; Barkrowler/0.9; +https://babbar.tech/crawler)"
54.36.148.243 - - [23/Jan/2022:06:52:10 +0100] "GET /cooking-tools-sugar-p-41617.html HTTP/1.0" 200 73333 "-" "Mozilla/5.0 (compatible; AhrefsBot/7.0; +http://ahrefs.com/robot/)"
154.54.249.198 - - [23/Jan/2022:06:52:25 +0100] "GET /gogh-wall-decoration-p-54009.html HTTP/1.0" 200 73437 "-" "Mozilla/5.0 (compatible; Barkrowler/0.9; +https://babbar.tech/crawler)"
207.46.13.190 - - [23/Jan/2022:06:52:34 +0100] "GET /terrifying-trick-treaters-mickey-minnie-vampir-p-57024.html HTTP/1.0" 200 75140 "-" "Mozilla/5.0 (compatible; bingbot/2.0; +http://www.bing.com/bingbot.htm)"
154.54.249.198 - - [23/Jan/2022:06:52:44 +0100] "GET /chief-cbkreation-p-40612.html HTTP/1.0" 200 73321 "-" "Mozilla/5.0 (compatible; Barkrowler/0.9; +https://babbar.tech/crawler)"
154.54.249.198 - - [23/Jan/2022:06:53:02 +0100] "GET /rock-crystal-salt-lamp-p-44379.html HTTP/1.0" 200 70804 "-" "Mozilla/5.0 (compatible; Barkrowler/0.9; +https://babbar.tech/crawler)"
216.244.66.242 - - [23/Jan/2022:06:53:09 +0100] "GET /products_new.php?page=5 HTTP/1.0" 200 94039 "-" "Mozilla/5.0 (compatible; DotBot/1.2; +https://opensiteexplorer.org/dotbot; help@moz.com)"
66.249.66.202 - - [23/Jan/2022:06:53:16 +0100] "GET /sonny-angel-christmas-limited-series-2017-p-53388.html HTTP/1.0" 200 75313 "-" "Mozilla/5.0 (Linux; Android 6.0.1; Nexus 5X Build/MMB29P) AppleWebKit/537.36 (KHTML, like Gecko) Chrome/97.0.4692.71 Mobile Safari/537.36 (compatible; Googlebot/2.1; +http://www.google.com/bot.html)"
154.54.249.198 - - [23/Jan/2022:06:53:18 +0100] "GET /yoga-meditation-statue-p-53030.html HTTP/1.0" 200 73427 "-" "Mozilla/5.0 (compatible; Barkrowler/0.9; +https://babbar.tech/crawler)"
154.54.249.198 - - [23/Jan/2022:06:53:38 +0100] "GET /perfumes-of-interior-c-231_234.html HTTP/1.0" 301 92149 "-" "Mozilla/5.0 (compatible; Barkrowler/0.9; +https://babbar.tech/crawler)"
54.36.148.243 - - [23/Jan/2022:06:53:59 +0100] "GET /placemat-kiub-collection-amys-humming-bird-p-55904.html HTTP/1.0" 200 73522 "-" "Mozilla/5.0 (compatible; AhrefsBot/7.0; +http://ahrefs.com/robot/)"
154.54.249.198 - - [23/Jan/2022:06:54:04 +0100] "GET /koala-nightlight-p-53123.html HTTP/1.0" 200 74308 "-" "Mozilla/5.0 (compatible; Barkrowler/0.9; +https://babbar.tech/crawler)"
154.54.249.198 - - [23/Jan/2022:06:54:23 +0100] "GET /mickey-mouse-swimming-ring-p-19968.html HTTP/1.0" 200 73262 "-" "Mozilla/5.0 (compatible; Barkrowler/0.9; +https://babbar.tech/crawler)"
185.191.171.10 - - [23/Jan/2022:06:54:23 +0100] "GET /louise-rose-fleece-blanket-p-55211.html HTTP/1.0" 200 74037 "-" "Mozilla/5.0 (compatible; SemrushBot/7~bl; +http://www.semrush.com/bot.html)"
185.191.171.37 - - [23/Jan/2022:06:54:32 +0100] "GET /-p-38449.html?action=add_product HTTP/1.0" 302 476 "-" "Mozilla/5.0 (compatible; SemrushBot/7~bl; +http://www.semrush.com/bot.html)"
154.54.249.198 - - [23/Jan/2022:06:54:41 +0100] "GET /mickey-mouse-sports-bottle-p-25061.html HTTP/1.0" 200 73377 "-" "Mozilla/5.0 (compatible; Barkrowler/0.9; +https://babbar.tech/crawler)"
185.191.171.24 - - [23/Jan/2022:06:54:45 +0100] "GET /cats-flowers-cups-espresso-p-45597.html?action=add_product HTTP/1.0" 302 476 "-" "Mozilla/5.0 (compatible; SemrushBot/7~bl; +http://www.semrush.com/bot.html)"
154.54.249.198 - - [23/Jan/2022:06:54:59 +0100] "GET /mickey-mouse-folding-chair-p-20554.html HTTP/1.0" 200 73110 "-" "Mozilla/5.0 (compatible; Barkrowler/0.9; +https://babbar.tech/crawler)"
185.191.171.40 - - [23/Jan/2022:06:55:10 +0100] "GET /gift-made-metal-towels-p-50887.html HTTP/1.0" 200 73596 "-" "Mozilla/5.0 (compatible; SemrushBot/7~bl; +http://www.semrush.com/bot.html)"
216.244.66.242 - - [23/Jan/2022:06:55:17 +0100] "GET /chair-cushion-scratchs-blue-p-49314.html HTTP/1.0" 200 73482 "-" "Mozilla/5.0 (compatible; DotBot/1.2; +https://opensiteexplorer.org/dotbot; help@moz.com)"
185.191.171.16 - - [23/Jan/2022:06:55:19 +0100] "GET /winnie-pooh-sticker-p-20475.html?action=add_product HTTP/1.0" 302 476 "-" "Mozilla/5.0 (compatible; SemrushBot/7~bl; +http://www.semrush.com/bot.html)"
154.54.249.198 - - [23/Jan/2022:06:55:17 +0100] "GET /mickey-mouse-green-swimsuit-p-30577.html HTTP/1.0" 200 74543 "-" "Mozilla/5.0 (compatible; Barkrowler/0.9; +https://babbar.tech/crawler)"
154.54.249.198 - - [23/Jan/2022:06:55:37 +0100] "GET /mickey-mouse-pencil-case-p-10602.html HTTP/1.0" 200 73424 "-" "Mozilla/5.0 (compatible; Barkrowler/0.9; +https://babbar.tech/crawler)"
54.36.148.243 - - [23/Jan/2022:06:55:42 +0100] "GET /hello-kitty-personal-diary-p-7049.html HTTP/1.0" 200 73426 "-" "Mozilla/5.0 (compatible; AhrefsBot/7.0; +http://ahrefs.com/robot/)"
17.121.115.79 - - [23/Jan/2022:06:55:47 +0100] "GET /horse-backpack-p-22206.html HTTP/1.0" 200 73499 "-" "Mozilla/5.0 (Macintosh; Intel Mac OS X 10_15_5) AppleWebKit/605.1.15 (KHTML, like Gecko) Version/13.1.1 Safari/605.1.15 (Applebot/0.1; +http://www.apple.com/go/applebot)"
154.54.249.198 - - [23/Jan/2022:06:55:54 +0100] "GET /mickey-mouse-large-backpack-p-25090.html HTTP/1.0" 200 73747 "-" "Mozilla/5.0 (compatible; Barkrowler/0.9; +https://babbar.tech/crawler)"
154.54.249.198 - - [23/Jan/2022:06:56:12 +0100] "GET /mickey-ceiling-light-p-33145.html HTTP/1.0" 301 70785 "-" "Mozilla/5.0 (compatible; Barkrowler/0.9; +https://babbar.tech/crawler)"
154.54.249.198 - - [23/Jan/2022:06:56:29 +0100] "GET /mickey-ceiling-light-p-33141.html HTTP/1.0" 200 70804 "-" "Mozilla/5.0 (compatible; Barkrowler/0.9; +https://babbar.tech/crawler)"
185.191.171.44 - - [23/Jan/2022:06:56:48 +0100] "GET /dragonfly-wall-decoration-p-47465.html?action=add_product HTTP/1.0" 302 476 "-" "Mozilla/5.0 (compatible; SemrushBot/7~bl; +http://www.semrush.com/bot.html)"
154.54.249.198 - - [23/Jan/2022:06:56:47 +0100] "GET /mickey-club-house-umbrella-p-20500.html HTTP/1.0" 200 73595 "-" "Mozilla/5.0 (compatible; Barkrowler/0.9; +https://babbar.tech/crawler)"
185.191.171.11 - - [23/Jan/2022:06:57:01 +0100] "GET /crystal-salt-night-light-p-52242.html?action=add_product HTTP/1.0" 302 476 "-" "Mozilla/5.0 (compatible; SemrushBot/7~bl; +http://www.semrush.com/bot.html)"
154.54.249.198 - - [23/Jan/2022:06:57:05 +0100] "GET /mickey-club-house-umbrella-p-20499.html HTTP/1.0" 200 73608 "-" "Mozilla/5.0 (compatible; Barkrowler/0.9; +https://babbar.tech/crawler)"
185.191.171.14 - - [23/Jan/2022:06:57:26 +0100] "GET /silvery-with-personalized-picture-p-16299.html?action=add_product HTTP/1.0" 302 476 "-" "Mozilla/5.0 (compatible; SemrushBot/7~bl; +http://www.semrush.com/bot.html)"
154.54.249.198 - - [23/Jan/2022:06:57:23 +0100] "GET /old-tv-box-and-clock-p-34234.html HTTP/1.0" 301 73512 "-" "Mozilla/5.0 (compatible; Barkrowler/0.9; +https://babbar.tech/crawler)"
54.36.148.243 - - [23/Jan/2022:06:57:24 +0100] "GET /inaya-color-moroccan-ashtray-p-47856.html HTTP/1.0" 200 73348 "-" "Mozilla/5.0 (compatible; AhrefsBot/7.0; +http://ahrefs.com/robot/)"
154.54.249.198 - - [23/Jan/2022:06:57:42 +0100] "GET /chandeliers-suspensions-c-86_280.html HTTP/1.0" 200 90937 "-" "Mozilla/5.0 (compatible; Barkrowler/0.9; +https://babbar.tech/crawler)"
154.54.249.198 - - [23/Jan/2022:06:58:09 +0100] "GET /olivia-in-paris-mug-p-15958.html HTTP/1.0" 301 73361 "-" "Mozilla/5.0 (compatible; Barkrowler/0.9; +https://babbar.tech/crawler)"
185.191.171.18 - - [23/Jan/2022:06:58:14 +0100] "GET /vintage-trivet-p-40819.html HTTP/1.0" 200 73265 "-" "Mozilla/5.0 (compatible; SemrushBot/7~bl; +http://www.semrush.com/bot.html)"
185.191.171.45 - - [23/Jan/2022:06:58:18 +0100] "GET /blue-bowl-p-33915.html?action=add_product HTTP/1.0" 302 476 "-" "Mozilla/5.0 (compatible; SemrushBot/7~bl; +http://www.semrush.com/bot.html)"
154.54.249.198 - - [23/Jan/2022:06:58:27 +0100] "GET /towels-napkins-c-177.html?page=2 HTTP/1.0" 301 93470 "-" "Mozilla/5.0 (compatible; Barkrowler/0.9; +https://babbar.tech/crawler)"
154.54.249.198 - - [23/Jan/2022:06:58:52 +0100] "GET /towels-napkins-c-177.html?page=5 HTTP/1.0" 301 93681 "-" "Mozilla/5.0 (compatible; Barkrowler/0.9; +https://babbar.tech/crawler)"
54.36.148.243 - - [23/Jan/2022:06:59:05 +0100] "GET /kitchen-towel-beige-p-54117.html HTTP/1.0" 200 73377 "-" "Mozilla/5.0 (compatible; AhrefsBot/7.0; +http://ahrefs.com/robot/)"
154.54.249.198 - - [23/Jan/2022:06:59:17 +0100] "GET /parrot-figurine-pottery-p-44979.html HTTP/1.0" 200 73445 "-" "Mozilla/5.0 (compatible; Barkrowler/0.9; +https://babbar.tech/crawler)"
157.55.39.153 - - [23/Jan/2022:06:59:20 +0100] "GET /belle-silicone-mold-yellow-model-p-28233.html HTTP/1.0" 200 73466 "-" "Mozilla/5.0 (compatible; bingbot/2.0; +http://www.bing.com/bingbot.htm)"
185.191.171.36 - - [23/Jan/2022:06:59:25 +0100] "GET /ceramic-cork-trivet-beer-capsule-green-p-54090.html?action=add_product HTTP/1.0" 302 476 "-" "Mozilla/5.0 (compatible; SemrushBot/7~bl; +http://www.semrush.com/bot.html)"
17.121.113.76 - - [23/Jan/2022:06:59:24 +0100] "GET /metal-beer-bucket-p-55612.html HTTP/1.0" 200 73319 "-" "Mozilla/5.0 (Macintosh; Intel Mac OS X 10_15_5) AppleWebKit/605.1.15 (KHTML, like Gecko) Version/13.1.1 Safari/605.1.15 (Applebot/0.1; +http://www.apple.com/go/applebot)"
185.191.171.18 - - [23/Jan/2022:06:59:29 +0100] "GET /the-big-bad-wolf-figurine-silly-symphonies-p-51183.html HTTP/1.0" 301 75288 "-" "Mozilla/5.0 (compatible; SemrushBot/7~bl; +http://www.semrush.com/bot.html)"
185.191.171.45 - - [23/Jan/2022:06:59:34 +0100] "GET /wolf-figurine-silly-symphonies-p-51183.html HTTP/1.0" 200 75191 "-" "Mozilla/5.0 (compatible; SemrushBot/7~bl; +http://www.semrush.com/bot.html)"
154.54.249.198 - - [23/Jan/2022:06:59:35 +0100] "GET /angry-birds-sports-bag-p-29472.html HTTP/1.0" 301 73674 "-" "Mozilla/5.0 (compatible; Barkrowler/0.9; +https://babbar.tech/crawler)"
185.191.171.7 - - [23/Jan/2022:06:59:40 +0100] "GET /brown-horse-mouse-pad-p-24682.html HTTP/1.0" 301 70785 "-" "Mozilla/5.0 (compatible; SemrushBot/7~bl; +http://www.semrush.com/bot.html)"
185.191.171.33 - - [23/Jan/2022:06:59:43 +0100] "GET /-p-24682.html HTTP/1.0" 200 70718 "-" "Mozilla/5.0 (compatible; SemrushBot/7~bl; +http://www.semrush.com/bot.html)"
154.54.249.198 - - [23/Jan/2022:06:59:55 +0100] "GET /angry-birds-training-bottle-p-18798.html HTTP/1.0" 200 70816 "-" "Mozilla/5.0 (compatible; Barkrowler/0.9; +https://babbar.tech/crawler)"
185.191.171.9 - - [23/Jan/2022:07:00:02 +0100] "GET /half-moon-doormat-p-56276.html HTTP/1.0" 200 74269 "-" "Mozilla/5.0 (compatible; SemrushBot/7~bl; +http://www.semrush.com/bot.html)"
154.54.249.198 - - [23/Jan/2022:07:00:13 +0100] "GET /angry-birds-team-shoulder-p-15499.html HTTP/1.0" 200 73765 "-" "Mozilla/5.0 (compatible; Barkrowler/0.9; +https://babbar.tech/crawler)"
157.55.39.62 - - [23/Jan/2022:07:00:27 +0100] "GET /images/4846603169999.jpg HTTP/1.0" 200 259 "-" "Mozilla/5.0 (compatible; bingbot/2.0; +http://www.bing.com/bingbot.htm)"
154.54.249.198 - - [23/Jan/2022:07:00:32 +0100] "GET /angry-birds-stationery-p-23164.html HTTP/1.0" 200 73614 "-" "Mozilla/5.0 (compatible; Barkrowler/0.9; +https://babbar.tech/crawler)"
154.54.249.198 - - [23/Jan/2022:07:00:51 +0100] "GET /angry-birds-light-figurine-p-19143.html HTTP/1.0" 200 73563 "-" "Mozilla/5.0 (compatible; Barkrowler/0.9; +https://babbar.tech/crawler)"
154.54.249.198 - - [23/Jan/2022:07:01:09 +0100] "GET /angry-birds-night-light-p-29410.html HTTP/1.0" 200 73558 "-" "Mozilla/5.0 (compatible; Barkrowler/0.9; +https://babbar.tech/crawler)"
185.191.171.12 - - [23/Jan/2022:07:01:15 +0100] "GET /marseille-pill-p-52008.html HTTP/1.0" 200 74040 "-" "Mozilla/5.0 (compatible; SemrushBot/7~bl; +http://www.semrush.com/bot.html)"
54.36.148.243 - - [23/Jan/2022:07:01:00 +0100] "GET /frames-flags-decorative-paintings-c-13_148.html?page=10 HTTP/1.0" 200 96530 "-" "Mozilla/5.0 (compatible; AhrefsBot/7.0; +http://ahrefs.com/robot/)"
154.54.249.198 - - [23/Jan/2022:07:01:29 +0100] "GET /angry-birds-shoulder-laptop-p-16737.html HTTP/1.0" 200 73777 "-" "Mozilla/5.0 (compatible; Barkrowler/0.9; +https://babbar.tech/crawler)"
185.191.171.39 - - [23/Jan/2022:07:01:40 +0100] "GET /frida-khalo-saucer-p-50160.html?action=add_product HTTP/1.0" 302 476 "-" "Mozilla/5.0 (compatible; SemrushBot/7~bl; +http://www.semrush.com/bot.html)"
154.54.249.198 - - [23/Jan/2022:07:01:47 +0100] "GET /angry-birds-messenger-bag-p-26357.html HTTP/1.0" 301 73755 "-" "Mozilla/5.0 (compatible; Barkrowler/0.9; +https://babbar.tech/crawler)"
17.121.114.69 - - [23/Jan/2022:07:01:51 +0100] "GET /images/big_prod/3700230606146.jpg HTTP/1.0" 200 268 "-" "Mozilla/5.0 (Macintosh; Intel Mac OS X 10_15_5) AppleWebKit/605.1.15 (KHTML, like Gecko) Version/13.1.1 Safari/605.1.15 (Applebot/0.1; +http://www.apple.com/go/applebot)"
185.191.171.36 - - [23/Jan/2022:07:01:54 +0100] "GET /pedestal-elephant-ethnic-resin-p-44910.html HTTP/1.0" 200 73496 "-" "Mozilla/5.0 (compatible; SemrushBot/7~bl; +http://www.semrush.com/bot.html)"
154.54.249.198 - - [23/Jan/2022:07:02:05 +0100] "GET /angry-birds-pencil-pot-p-19131.html HTTP/1.0" 301 73637 "-" "Mozilla/5.0 (compatible; Barkrowler/0.9; +https://babbar.tech/crawler)"
185.191.171.15 - - [23/Jan/2022:07:02:07 +0100] "GET /cement-tile-coasters-p-53120.html?action=add_product HTTP/1.0" 302 476 "-" "Mozilla/5.0 (compatible; SemrushBot/7~bl; +http://www.semrush.com/bot.html)"
185.191.171.38 - - [23/Jan/2022:07:02:14 +0100] "GET /vintage-motorcycle-key-box-p-49610.html HTTP/1.0" 301 70881 "-" "Mozilla/5.0 (compatible; SemrushBot/7~bl; +http://www.semrush.com/bot.html)"
185.191.171.8 - - [23/Jan/2022:07:02:18 +0100] "GET /vintage-motorcycle-p-49610.html HTTP/1.0" 200 70796 "-" "Mozilla/5.0 (compatible; SemrushBot/7~bl; +http://www.semrush.com/bot.html)"
154.54.249.198 - - [23/Jan/2022:07:02:23 +0100] "GET /dewey-figurine-p-20547.html HTTP/1.0" 200 73393 "-" "Mozilla/5.0 (compatible; Barkrowler/0.9; +https://babbar.tech/crawler)"
154.54.249.198 - - [23/Jan/2022:07:02:41 +0100] "GET /fff-blue-bowl-p-38005.html HTTP/1.0" 301 70842 "-" "Mozilla/5.0 (compatible; Barkrowler/0.9; +https://babbar.tech/crawler)"
54.36.148.243 - - [23/Jan/2022:07:02:41 +0100] "GET /candy-cloud-notepad-bella-p-49834.html HTTP/1.0" 200 73399 "-" "Mozilla/5.0 (compatible; AhrefsBot/7.0; +http://ahrefs.com/robot/)"
154.54.249.198 - - [23/Jan/2022:07:02:58 +0100] "GET /fff-blue-mug-p-44954.html HTTP/1.0" 301 73357 "-" "Mozilla/5.0 (compatible; Barkrowler/0.9; +https://babbar.tech/crawler)"
154.54.249.198 - - [23/Jan/2022:07:03:16 +0100] "GET /fff-jug-litre-p-33908.html HTTP/1.0" 301 73396 "-" "Mozilla/5.0 (compatible; Barkrowler/0.9; +https://babbar.tech/crawler)"
154.54.249.198 - - [23/Jan/2022:07:03:34 +0100] "GET /fff-white-mug-p-38004.html HTTP/1.0" 301 73353 "-" "Mozilla/5.0 (compatible; Barkrowler/0.9; +https://babbar.tech/crawler)"
154.54.249.198 - - [23/Jan/2022:07:03:52 +0100] "GET /tarot-ganesh-wood-p-55099.html HTTP/1.0" 200 74201 "-" "Mozilla/5.0 (compatible; Barkrowler/0.9; +https://babbar.tech/crawler)"
154.54.249.198 - - [23/Jan/2022:07:04:10 +0100] "GET /tarot-lotus-silver-colour-p-55340.html HTTP/1.0" 200 74538 "-" "Mozilla/5.0 (compatible; Barkrowler/0.9; +https://babbar.tech/crawler)"
154.54.249.198 - - [23/Jan/2022:07:04:28 +0100] "GET /tarot-lotus-copper-colour-p-43196.html HTTP/1.0" 200 74331 "-" "Mozilla/5.0 (compatible; Barkrowler/0.9; +https://babbar.tech/crawler)"
54.36.148.243 - - [23/Jan/2022:07:04:37 +0100] "GET /puebla-bedclothes-p-54967.html HTTP/1.0" 200 74028 "-" "Mozilla/5.0 (compatible; AhrefsBot/7.0; +http://ahrefs.com/robot/)"
154.54.249.198 - - [23/Jan/2022:07:04:47 +0100] "GET /tarot-box-dreamcatcher-p-43802.html HTTP/1.0" 301 73749 "-" "Mozilla/5.0 (compatible; Barkrowler/0.9; +https://babbar.tech/crawler)"
114.119.128.253 - - [23/Jan/2022:07:04:49 +0100] "GET /usa-lady-liberty-zippo-lighter-p-32566.html HTTP/1.0" 301 73972 "-" "Mozilla/5.0 (Linux; Android 7.0;) AppleWebKit/537.36 (KHTML, like Gecko) Mobile Safari/537.36 (compatible; PetalBot;+https://webmaster.petalsearch.com/site/petalbot)"
114.119.128.253 - - [23/Jan/2022:07:04:56 +0100] "GET /lady-liberty-zippo-lighter-p-32566.html HTTP/1.0" 200 73879 "-" "Mozilla/5.0 (Linux; Android 7.0;) AppleWebKit/537.36 (KHTML, like Gecko) Mobile Safari/537.36 (compatible; PetalBot;+https://webmaster.petalsearch.com/site/petalbot)"
154.54.249.198 - - [23/Jan/2022:07:05:06 +0100] "GET /tarot-flower-life-engraved-p-39337.html HTTP/1.0" 200 74296 "-" "Mozilla/5.0 (compatible; Barkrowler/0.9; +https://babbar.tech/crawler)"
154.54.249.198 - - [23/Jan/2022:07:05:24 +0100] "GET /bright-home-canvas-frame-p-37741.html HTTP/1.0" 200 73477 "-" "Mozilla/5.0 (compatible; Barkrowler/0.9; +https://babbar.tech/crawler)"
154.54.249.198 - - [23/Jan/2022:07:05:42 +0100] "GET /tiger-trophy-statuette-p-54210.html HTTP/1.0" 200 73986 "-" "Mozilla/5.0 (compatible; Barkrowler/0.9; +https://babbar.tech/crawler)"
185.191.171.1 - - [23/Jan/2022:07:05:58 +0100] "GET /placemat-kiub-collection-bonsai-butterflies-p-55905.html?action=add_product HTTP/1.0" 302 476 "-" "Mozilla/5.0 (compatible; SemrushBot/7~bl; +http://www.semrush.com/bot.html)"
20.106.28.104 - - [23/Jan/2022:07:06:04 +0100] "GET /images/mini_prod/1384010190876.jpg HTTP/1.0" 404 1308 "-" "Mozilla/5.0 (Linux; Android 10; SM-G960U) AppleWebKit/537.36 (KHTML, like Gecko) Chrome/88.0.4324.181 Mobile Safari/537.36"
154.54.249.198 - - [23/Jan/2022:07:06:00 +0100] "GET /tiger-white-women-shirt-p-31162.html HTTP/1.0" 200 75368 "-" "Mozilla/5.0 (compatible; Barkrowler/0.9; +https://babbar.tech/crawler)"
185.191.171.1 - - [23/Jan/2022:07:06:00 +0100] "GET /the-little-prince-of-st-exupery-little-tray-20-14-cm-p-44550.html HTTP/1.0" 301 73632 "-" "Mozilla/5.0 (compatible; SemrushBot/7~bl; +http://www.semrush.com/bot.html)"
185.191.171.3 - - [23/Jan/2022:07:06:06 +0100] "GET /little-prince-exupery-little-tray-p-44550.html HTTP/1.0" 200 73532 "-" "Mozilla/5.0 (compatible; SemrushBot/7~bl; +http://www.semrush.com/bot.html)"
157.55.39.153 - - [23/Jan/2022:07:06:19 +0100] "GET /burlap-round-table-set-free-p-48453.html HTTP/1.0" 301 70888 "-" "Mozilla/5.0 (compatible; bingbot/2.0; +http://www.bing.com/bingbot.htm)"
154.54.249.198 - - [23/Jan/2022:07:06:19 +0100] "GET /beauty-terracotta-cache-p-55347.html HTTP/1.0" 200 73486 "-" "Mozilla/5.0 (compatible; Barkrowler/0.9; +https://babbar.tech/crawler)"
