144.76.96.236 - - [23/Jan/2022:15:50:28 +0100] "GET /-p-32728.html HTTP/1.0" 200 70718 "-" "Mozilla/5.0 (compatible; MJ12bot/v1.4.8; http://mj12bot.com/)"
144.76.96.236 - - [23/Jan/2022:15:50:31 +0100] "GET /porcelain-cheery-baffled-tassen-made-germany-p-47555.html HTTP/1.0" 200 75507 "-" "Mozilla/5.0 (compatible; MJ12bot/v1.4.8; http://mj12bot.com/)"
144.76.96.236 - - [23/Jan/2022:15:50:36 +0100] "GET /porcelain-mood-espresso-cup-tassen-made-in-germany-p-43288.html HTTP/1.0" 301 71061 "-" "Mozilla/5.0 (compatible; MJ12bot/v1.4.8; http://mj12bot.com/)"
185.191.171.25 - - [23/Jan/2022:15:50:36 +0100] "GET /moto-retro-ottoman-storage-box-40-cm-p-47384.html HTTP/1.0" 301 73644 "-" "Mozilla/5.0 (compatible; SemrushBot/7~bl; +http://www.semrush.com/bot.html)"
185.191.171.44 - - [23/Jan/2022:15:50:40 +0100] "GET /moto-retro-ottoman-storage-p-47384.html HTTP/1.0" 200 73551 "-" "Mozilla/5.0 (compatible; SemrushBot/7~bl; +http://www.semrush.com/bot.html)"
144.76.96.236 - - [23/Jan/2022:15:50:42 +0100] "GET /porcelain-mood-espresso-tassen-made-germany-p-43288.html HTTP/1.0" 200 70951 "-" "Mozilla/5.0 (compatible; MJ12bot/v1.4.8; http://mj12bot.com/)"
144.76.96.236 - - [23/Jan/2022:15:50:46 +0100] "GET /porcelain-mood-espresso-cup-tassen-made-in-germany-p-43289.html HTTP/1.0" 301 71061 "-" "Mozilla/5.0 (compatible; MJ12bot/v1.4.8; http://mj12bot.com/)"
144.76.96.236 - - [23/Jan/2022:15:50:51 +0100] "GET /porcelain-mood-espresso-tassen-made-germany-p-43289.html HTTP/1.0" 200 70951 "-" "Mozilla/5.0 (compatible; MJ12bot/v1.4.8; http://mj12bot.com/)"
144.76.96.236 - - [23/Jan/2022:15:50:56 +0100] "GET /porcelain-mug-set-cheery-and-baffled-tassen-made-in-germany-p-47555.html HTTP/1.0" 301 75618 "-" "Mozilla/5.0 (compatible; MJ12bot/v1.4.8; http://mj12bot.com/)"
144.76.96.236 - - [23/Jan/2022:15:51:00 +0100] "GET /porcelain-cheery-baffled-tassen-made-germany-p-47555.html HTTP/1.0" 200 75507 "-" "Mozilla/5.0 (compatible; MJ12bot/v1.4.8; http://mj12bot.com/)"
144.76.96.236 - - [23/Jan/2022:15:51:05 +0100] "GET /poseidon-statue-21-cm-p-46555.html HTTP/1.0" 301 73486 "-" "Mozilla/5.0 (compatible; MJ12bot/v1.4.8; http://mj12bot.com/)"
114.119.128.39 - - [23/Jan/2022:15:51:07 +0100] "GET /cupcakes-cookie-p-24317.html HTTP/1.0" 200 73608 "-" "Mozilla/5.0 (Linux; Android 7.0;) AppleWebKit/537.36 (KHTML, like Gecko) Mobile Safari/537.36 (compatible; PetalBot;+https://webmaster.petalsearch.com/site/petalbot)"
144.76.96.236 - - [23/Jan/2022:15:51:10 +0100] "GET /poseidon-statue-p-46555.html HTTP/1.0" 200 73404 "-" "Mozilla/5.0 (compatible; MJ12bot/v1.4.8; http://mj12bot.com/)"
54.36.148.243 - - [23/Jan/2022:15:51:12 +0100] "GET /hats-caps-c-1_44.html HTTP/1.0" 200 91957 "-" "Mozilla/5.0 (compatible; AhrefsBot/7.0; +http://ahrefs.com/robot/)"
144.76.96.236 - - [23/Jan/2022:15:51:14 +0100] "GET /poster-p-30862.html HTTP/1.0" 200 73235 "-" "Mozilla/5.0 (compatible; MJ12bot/v1.4.8; http://mj12bot.com/)"
185.191.171.25 - - [23/Jan/2022:15:51:16 +0100] "GET /home-and-decoration-c-13.html?page=132 HTTP/1.0" 301 93227 "-" "Mozilla/5.0 (compatible; SemrushBot/7~bl; +http://www.semrush.com/bot.html)"
144.76.96.236 - - [23/Jan/2022:15:51:19 +0100] "GET /power-rangers-super-megaforce-green-ranger-12-cm-p-35293.html HTTP/1.0" 301 70785 "-" "Mozilla/5.0 (compatible; MJ12bot/v1.4.8; http://mj12bot.com/)"
185.191.171.11 - - [23/Jan/2022:15:51:20 +0100] "GET /home-decoration-c-13.html?page=132 HTTP/1.0" 200 93139 "-" "Mozilla/5.0 (compatible; SemrushBot/7~bl; +http://www.semrush.com/bot.html)"
144.76.96.236 - - [23/Jan/2022:15:51:22 +0100] "GET /-p-35293.html HTTP/1.0" 200 70718 "-" "Mozilla/5.0 (compatible; MJ12bot/v1.4.8; http://mj12bot.com/)"
144.76.96.236 - - [23/Jan/2022:15:51:26 +0100] "GET /power-rangers-super-megaforce-silver-ranger-12-cm-p-35295.html HTTP/1.0" 301 70785 "-" "Mozilla/5.0 (compatible; MJ12bot/v1.4.8; http://mj12bot.com/)"
144.76.96.236 - - [23/Jan/2022:15:51:31 +0100] "GET /-p-35295.html HTTP/1.0" 200 70718 "-" "Mozilla/5.0 (compatible; MJ12bot/v1.4.8; http://mj12bot.com/)"
17.121.113.108 - - [23/Jan/2022:15:51:32 +0100] "GET /ceramic-salt-with-spoon-sardy-p-50605.html HTTP/1.0" 200 73409 "-" "Mozilla/5.0 (Macintosh; Intel Mac OS X 10_15_5) AppleWebKit/605.1.15 (KHTML, like Gecko) Version/13.1.1 Safari/605.1.15 (Applebot/0.1; +http://www.apple.com/go/applebot)"
185.191.171.1 - - [23/Jan/2022:15:51:33 +0100] "GET /ceramic-flower-pot-p-53368.html HTTP/1.0" 301 73985 "-" "Mozilla/5.0 (compatible; SemrushBot/7~bl; +http://www.semrush.com/bot.html)"
185.191.171.10 - - [23/Jan/2022:15:51:37 +0100] "GET /ceramic-flower-p-53368.html HTTP/1.0" 200 73904 "-" "Mozilla/5.0 (compatible; SemrushBot/7~bl; +http://www.semrush.com/bot.html)"
185.191.171.38 - - [23/Jan/2022:15:51:47 +0100] "GET /cats-by-dubout-candle-holder-p-33349.html HTTP/1.0" 301 74534 "-" "Mozilla/5.0 (compatible; SemrushBot/7~bl; +http://www.semrush.com/bot.html)"
185.191.171.25 - - [23/Jan/2022:15:51:50 +0100] "GET /cats-dubout-candle-holder-p-33349.html HTTP/1.0" 200 74442 "-" "Mozilla/5.0 (compatible; SemrushBot/7~bl; +http://www.semrush.com/bot.html)"
185.191.171.15 - - [23/Jan/2022:15:52:00 +0100] "GET /mickey-birthday-card-with-envelope-p-25252.html HTTP/1.0" 200 73416 "-" "Mozilla/5.0 (compatible; SemrushBot/7~bl; +http://www.semrush.com/bot.html)"
185.255.96.99 - - [23/Jan/2022:15:52:10 +0100] "GET /contact_us.php?action=success HTTP/1.0" 200 13474 "-" "Mozilla/5.0 (Windows NT 6.3; Win64; x64) AppleWebKit/537.36 (KHTML, like Gecko) Chrome/75.0.3770.100 Safari/537.36"
51.68.224.127 - - [23/Jan/2022:15:52:18 +0100] "GET /adminweb/export_orders_xml.php?token=256de2z6edz6ed2z6DFSFsed2zed6zeDSFDSGdzedezfzf&maxorders=10&orderstart=1&status=14&start_date=2018-10-01 HTTP/1.0" 200 285 "-" "GesCom CharlotteBoutik Serveur"
51.68.224.127 - - [23/Jan/2022:15:52:18 +0100] "GET /adminweb/export_orders_xml.php?token=256de2z6edz6ed2z6DFSFsed2zed6zeDSFDSGdzedezfzf&maxorders=10&orderstart=1&status=6&start_date=2018-10-01 HTTP/1.0" 200 32795 "-" "GesCom CharlotteBoutik Serveur"
66.249.68.24 - - [23/Jan/2022:15:52:33 +0100] "GET /images/big_prod/8718657461199a.jpg HTTP/1.0" 200 269 "-" "Googlebot-Image/1.0"
185.191.171.38 - - [23/Jan/2022:15:52:33 +0100] "GET /pusheen-the-grey-cat-stormy-soft-toy-16-cm-p-40021.html HTTP/1.0" 301 70785 "-" "Mozilla/5.0 (compatible; SemrushBot/7~bl; +http://www.semrush.com/bot.html)"
185.191.171.17 - - [23/Jan/2022:15:52:36 +0100] "GET /-p-40021.html HTTP/1.0" 200 70718 "-" "Mozilla/5.0 (compatible; SemrushBot/7~bl; +http://www.semrush.com/bot.html)"
54.36.148.243 - - [23/Jan/2022:15:52:56 +0100] "GET /table-lamps-c-86_286.html HTTP/1.0" 200 93449 "-" "Mozilla/5.0 (compatible; AhrefsBot/7.0; +http://ahrefs.com/robot/)"
144.76.96.236 - - [23/Jan/2022:15:53:16 +0100] "GET /prince-of-persia-shirt-p-29595.html HTTP/1.0" 301 74872 "-" "Mozilla/5.0 (compatible; MJ12bot/v1.4.8; http://mj12bot.com/)"
185.191.171.15 - - [23/Jan/2022:15:53:18 +0100] "GET /bracelets-c-3_200.html?page=3 HTTP/1.0" 200 91933 "-" "Mozilla/5.0 (compatible; SemrushBot/7~bl; +http://www.semrush.com/bot.html)"
144.76.96.236 - - [23/Jan/2022:15:53:19 +0100] "GET /prince-persia-shirt-p-29595.html HTTP/1.0" 200 74786 "-" "Mozilla/5.0 (compatible; MJ12bot/v1.4.8; http://mj12bot.com/)"
144.76.96.236 - - [23/Jan/2022:15:53:23 +0100] "GET /princes-sofia-sunglasses-for-child-p-29951.html HTTP/1.0" 301 70968 "-" "Mozilla/5.0 (compatible; MJ12bot/v1.4.8; http://mj12bot.com/)"
144.76.96.236 - - [23/Jan/2022:15:53:27 +0100] "GET /princes-sofia-sunglasses-child-p-29951.html HTTP/1.0" 200 70871 "-" "Mozilla/5.0 (compatible; MJ12bot/v1.4.8; http://mj12bot.com/)"
144.76.96.236 - - [23/Jan/2022:15:53:30 +0100] "GET /princess-mug-p-2583.html HTTP/1.0" 301 70782 "-" "Mozilla/5.0 (compatible; MJ12bot/v1.4.8; http://mj12bot.com/)"
144.76.96.236 - - [23/Jan/2022:15:53:33 +0100] "GET /-p-2583.html HTTP/1.0" 200 70716 "-" "Mozilla/5.0 (compatible; MJ12bot/v1.4.8; http://mj12bot.com/)"
144.76.96.236 - - [23/Jan/2022:15:53:36 +0100] "GET /provence-lavender-provence-bath-soap-dish-p-35606.html HTTP/1.0" 301 70785 "-" "Mozilla/5.0 (compatible; MJ12bot/v1.4.8; http://mj12bot.com/)"
185.191.171.35 - - [23/Jan/2022:15:53:38 +0100] "GET /robots.txt HTTP/1.0" 200 245 "-" "Mozilla/5.0 (compatible; SemrushBot/7~bl; +http://www.semrush.com/bot.html)"
185.191.171.35 - - [23/Jan/2022:15:53:38 +0100] "GET /kiub-jungle-paperweight-toucan-p-55885.html?action=add_product HTTP/1.0" 302 476 "-" "Mozilla/5.0 (compatible; SemrushBot/7~bl; +http://www.semrush.com/bot.html)"
144.76.96.236 - - [23/Jan/2022:15:53:39 +0100] "GET /-p-35606.html HTTP/1.0" 200 70718 "-" "Mozilla/5.0 (compatible; MJ12bot/v1.4.8; http://mj12bot.com/)"
144.76.96.236 - - [23/Jan/2022:15:53:42 +0100] "GET /provence-lavender-soap-dispenser-p-30706.html HTTP/1.0" 301 70785 "-" "Mozilla/5.0 (compatible; MJ12bot/v1.4.8; http://mj12bot.com/)"
144.76.96.236 - - [23/Jan/2022:15:53:44 +0100] "GET /-p-30706.html HTTP/1.0" 200 70718 "-" "Mozilla/5.0 (compatible; MJ12bot/v1.4.8; http://mj12bot.com/)"
144.76.96.236 - - [23/Jan/2022:15:53:47 +0100] "GET /provence-metal-plate-30-15-cm-p-47634.html HTTP/1.0" 301 73435 "-" "Mozilla/5.0 (compatible; MJ12bot/v1.4.8; http://mj12bot.com/)"
144.76.96.236 - - [23/Jan/2022:15:53:50 +0100] "GET /provence-metal-plate-p-47634.html HTTP/1.0" 200 73348 "-" "Mozilla/5.0 (compatible; MJ12bot/v1.4.8; http://mj12bot.com/)"
144.76.96.236 - - [23/Jan/2022:15:53:53 +0100] "GET /provence-metal-plate-30-15-cm-p-47635.html HTTP/1.0" 301 73435 "-" "Mozilla/5.0 (compatible; MJ12bot/v1.4.8; http://mj12bot.com/)"
157.55.39.122 - - [23/Jan/2022:15:53:56 +0100] "GET /images/mini_prod/36615boudhanoir.jpg HTTP/1.0" 200 271 "-" "Mozilla/5.0 (compatible; bingbot/2.0; +http://www.bing.com/bingbot.htm)"
144.76.96.236 - - [23/Jan/2022:15:53:56 +0100] "GET /provence-metal-plate-p-47635.html HTTP/1.0" 200 73348 "-" "Mozilla/5.0 (compatible; MJ12bot/v1.4.8; http://mj12bot.com/)"
144.76.96.236 - - [23/Jan/2022:15:53:59 +0100] "GET /psg-bedclothes-200-cm-p-31648.html HTTP/1.0" 301 70785 "-" "Mozilla/5.0 (compatible; MJ12bot/v1.4.8; http://mj12bot.com/)"
114.119.128.37 - - [23/Jan/2022:15:54:02 +0100] "GET /images/mini_prod/3609810047334B.jpg HTTP/1.0" 200 270 "-" "Mozilla/5.0 (Linux; Android 7.0;) AppleWebKit/537.36 (KHTML, like Gecko) Mobile Safari/537.36 (compatible; PetalBot;+https://webmaster.petalsearch.com/site/petalbot)"
144.76.96.236 - - [23/Jan/2022:15:54:03 +0100] "GET /-p-31648.html HTTP/1.0" 200 70718 "-" "Mozilla/5.0 (compatible; MJ12bot/v1.4.8; http://mj12bot.com/)"
144.76.96.236 - - [23/Jan/2022:15:54:06 +0100] "GET /psg-black-lava-lamp-p-28402.html HTTP/1.0" 301 70785 "-" "Mozilla/5.0 (compatible; MJ12bot/v1.4.8; http://mj12bot.com/)"
144.76.96.236 - - [23/Jan/2022:15:54:09 +0100] "GET /-p-28402.html HTTP/1.0" 200 70718 "-" "Mozilla/5.0 (compatible; MJ12bot/v1.4.8; http://mj12bot.com/)"
144.76.96.236 - - [23/Jan/2022:15:54:12 +0100] "GET /psg-glitter-lamp-p-28403.html HTTP/1.0" 301 70785 "-" "Mozilla/5.0 (compatible; MJ12bot/v1.4.8; http://mj12bot.com/)"
144.76.96.236 - - [23/Jan/2022:15:54:15 +0100] "GET /-p-28403.html HTTP/1.0" 200 70718 "-" "Mozilla/5.0 (compatible; MJ12bot/v1.4.8; http://mj12bot.com/)"
144.76.96.236 - - [23/Jan/2022:15:54:18 +0100] "GET /psg-horizontal-bag-p-27742.html HTTP/1.0" 301 70785 "-" "Mozilla/5.0 (compatible; MJ12bot/v1.4.8; http://mj12bot.com/)"
144.76.96.236 - - [23/Jan/2022:15:54:21 +0100] "GET /-p-27742.html HTTP/1.0" 200 70718 "-" "Mozilla/5.0 (compatible; MJ12bot/v1.4.8; http://mj12bot.com/)"
144.76.96.236 - - [23/Jan/2022:15:54:24 +0100] "GET /psg-large-schoolbag-with-wheels-p-30622.html HTTP/1.0" 301 70950 "-" "Mozilla/5.0 (compatible; MJ12bot/v1.4.8; http://mj12bot.com/)"
144.76.96.236 - - [23/Jan/2022:15:54:28 +0100] "GET /large-schoolbag-with-wheels-p-30622.html HTTP/1.0" 200 70856 "-" "Mozilla/5.0 (compatible; MJ12bot/v1.4.8; http://mj12bot.com/)"
185.191.171.37 - - [23/Jan/2022:15:54:29 +0100] "GET /trays-c-12_159.html?page=16 HTTP/1.0" 200 91264 "-" "Mozilla/5.0 (compatible; SemrushBot/7~bl; +http://www.semrush.com/bot.html)"
144.76.96.236 - - [23/Jan/2022:15:54:32 +0100] "GET /psg-lava-lamp-p-27119.html HTTP/1.0" 301 70785 "-" "Mozilla/5.0 (compatible; MJ12bot/v1.4.8; http://mj12bot.com/)"
144.76.96.236 - - [23/Jan/2022:15:54:37 +0100] "GET /-p-27119.html HTTP/1.0" 200 70718 "-" "Mozilla/5.0 (compatible; MJ12bot/v1.4.8; http://mj12bot.com/)"
144.76.96.236 - - [23/Jan/2022:15:54:40 +0100] "GET /psg-logo-blue-mug-p-52182.html HTTP/1.0" 301 70836 "-" "Mozilla/5.0 (compatible; MJ12bot/v1.4.8; http://mj12bot.com/)"
144.76.96.236 - - [23/Jan/2022:15:54:44 +0100] "GET /logo-blue-p-52182.html HTTP/1.0" 200 70760 "-" "Mozilla/5.0 (compatible; MJ12bot/v1.4.8; http://mj12bot.com/)"
144.76.96.236 - - [23/Jan/2022:15:54:50 +0100] "GET /psg-paris-st-germain-jug-litre-p-33907.html HTTP/1.0" 301 73522 "-" "Mozilla/5.0 (compatible; MJ12bot/v1.4.8; http://mj12bot.com/)"
54.36.148.243 - - [23/Jan/2022:15:54:51 +0100] "GET /small-cups-plank-shape-tree-p-57087.html HTTP/1.0" 200 73670 "-" "Mozilla/5.0 (compatible; AhrefsBot/7.0; +http://ahrefs.com/robot/)"
144.76.96.236 - - [23/Jan/2022:15:54:55 +0100] "GET /paris-germain-litre-p-33907.html HTTP/1.0" 200 73436 "-" "Mozilla/5.0 (compatible; MJ12bot/v1.4.8; http://mj12bot.com/)"
144.76.96.236 - - [23/Jan/2022:15:54:58 +0100] "GET /psg-paris-towel-p-21863.html HTTP/1.0" 301 70785 "-" "Mozilla/5.0 (compatible; MJ12bot/v1.4.8; http://mj12bot.com/)"
144.76.96.236 - - [23/Jan/2022:15:55:03 +0100] "GET /-p-21863.html HTTP/1.0" 200 70718 "-" "Mozilla/5.0 (compatible; MJ12bot/v1.4.8; http://mj12bot.com/)"
144.76.96.236 - - [23/Jan/2022:15:55:06 +0100] "GET /psg-paris-towel-p-21866.html HTTP/1.0" 301 70785 "-" "Mozilla/5.0 (compatible; MJ12bot/v1.4.8; http://mj12bot.com/)"
144.76.96.236 - - [23/Jan/2022:15:55:10 +0100] "GET /-p-21866.html HTTP/1.0" 200 70718 "-" "Mozilla/5.0 (compatible; MJ12bot/v1.4.8; http://mj12bot.com/)"
144.76.96.236 - - [23/Jan/2022:15:55:14 +0100] "GET /psg-red-sports-bag-p-35229.html HTTP/1.0" 301 70785 "-" "Mozilla/5.0 (compatible; MJ12bot/v1.4.8; http://mj12bot.com/)"
157.55.39.122 - - [23/Jan/2022:15:55:17 +0100] "GET /radio-60-wood-look-with-bluetooth-p-39011.html HTTP/1.0" 301 73828 "-" "Mozilla/5.0 (compatible; bingbot/2.0; +http://www.bing.com/bingbot.htm)"
144.76.96.236 - - [23/Jan/2022:15:55:18 +0100] "GET /-p-35229.html HTTP/1.0" 200 70718 "-" "Mozilla/5.0 (compatible; MJ12bot/v1.4.8; http://mj12bot.com/)"
157.55.39.62 - - [23/Jan/2022:15:55:20 +0100] "GET /images/med_prod/3760226372530.jpg HTTP/1.0" 200 268 "-" "Mozilla/5.0 (compatible; bingbot/2.0; +http://www.bing.com/bingbot.htm)"
144.76.96.236 - - [23/Jan/2022:15:55:23 +0100] "GET /psg-shower-curtain-180-180-cm-p-40808.html HTTP/1.0" 301 73500 "-" "Mozilla/5.0 (compatible; MJ12bot/v1.4.8; http://mj12bot.com/)"
144.76.96.236 - - [23/Jan/2022:15:55:27 +0100] "GET /shower-curtain-p-40808.html HTTP/1.0" 200 73419 "-" "Mozilla/5.0 (compatible; MJ12bot/v1.4.8; http://mj12bot.com/)"
144.76.96.236 - - [23/Jan/2022:15:55:33 +0100] "GET /psg-small-metal-plate-p-28151.html HTTP/1.0" 301 70890 "-" "Mozilla/5.0 (compatible; MJ12bot/v1.4.8; http://mj12bot.com/)"
144.76.96.236 - - [23/Jan/2022:15:55:38 +0100] "GET /small-metal-plate-p-28151.html HTTP/1.0" 200 70806 "-" "Mozilla/5.0 (compatible; MJ12bot/v1.4.8; http://mj12bot.com/)"
144.76.96.236 - - [23/Jan/2022:15:55:48 +0100] "GET /psg-tray-p-28157.html HTTP/1.0" 301 70812 "-" "Mozilla/5.0 (compatible; MJ12bot/v1.4.8; http://mj12bot.com/)"
144.76.96.236 - - [23/Jan/2022:15:55:55 +0100] "GET /tray-p-28157.html HTTP/1.0" 200 70741 "-" "Mozilla/5.0 (compatible; MJ12bot/v1.4.8; http://mj12bot.com/)"
144.76.96.236 - - [23/Jan/2022:15:56:01 +0100] "GET /psg-white-mug-p-40800.html HTTP/1.0" 301 70830 "-" "Mozilla/5.0 (compatible; MJ12bot/v1.4.8; http://mj12bot.com/)"
144.76.96.236 - - [23/Jan/2022:15:56:05 +0100] "GET /white-p-40800.html HTTP/1.0" 200 70758 "-" "Mozilla/5.0 (compatible; MJ12bot/v1.4.8; http://mj12bot.com/)"
144.76.96.236 - - [23/Jan/2022:15:56:08 +0100] "GET /pucca-anthracite-backpack-p-10163.html HTTP/1.0" 301 70785 "-" "Mozilla/5.0 (compatible; MJ12bot/v1.4.8; http://mj12bot.com/)"
144.76.96.236 - - [23/Jan/2022:15:56:17 +0100] "GET /-p-10163.html HTTP/1.0" 200 70718 "-" "Mozilla/5.0 (compatible; MJ12bot/v1.4.8; http://mj12bot.com/)"
185.191.171.21 - - [23/Jan/2022:15:56:33 +0100] "GET /decorative-wooden-flower-on-foot-48-cm-p-46293.html HTTP/1.0" 301 74451 "-" "Mozilla/5.0 (compatible; SemrushBot/7~bl; +http://www.semrush.com/bot.html)"
54.36.148.243 - - [23/Jan/2022:15:56:35 +0100] "GET /soap-c-13_150_171.html HTTP/1.0" 200 90784 "-" "Mozilla/5.0 (compatible; AhrefsBot/7.0; +http://ahrefs.com/robot/)"
185.191.171.19 - - [23/Jan/2022:15:56:36 +0100] "GET /decorative-wooden-flower-foot-p-46293.html HTTP/1.0" 200 74355 "-" "Mozilla/5.0 (compatible; SemrushBot/7~bl; +http://www.semrush.com/bot.html)"
114.119.128.37 - - [23/Jan/2022:15:56:52 +0100] "GET /toucan-money-box-12-cm-green-p-47935.html HTTP/1.0" 301 73487 "-" "Mozilla/5.0 (Linux; Android 7.0;) AppleWebKit/537.36 (KHTML, like Gecko) Mobile Safari/537.36 (compatible; PetalBot;+https://webmaster.petalsearch.com/site/petalbot)"
114.119.128.37 - - [23/Jan/2022:15:56:54 +0100] "GET /toucan-money-green-p-47935.html HTTP/1.0" 200 73402 "-" "Mozilla/5.0 (Linux; Android 7.0;) AppleWebKit/537.36 (KHTML, like Gecko) Mobile Safari/537.36 (compatible; PetalBot;+https://webmaster.petalsearch.com/site/petalbot)"
185.191.171.38 - - [23/Jan/2022:15:56:57 +0100] "GET /quote-wall-sticker-bienvenue-p-53956.html HTTP/1.0" 200 74258 "-" "Mozilla/5.0 (compatible; SemrushBot/7~bl; +http://www.semrush.com/bot.html)"
174.141.200.159 - - [23/Jan/2022:15:57:13 +0100] "GET /elephant-teapot-cups-p-53684.html HTTP/1.0" 200 74023 "-" "Mozilla/5.0 (Macintosh; Intel Mac OS X 10_15_6) AppleWebKit/605.1.15 (KHTML, like Gecko) Version/14.1.2 Safari/605.1.15"
174.141.200.159 - - [23/Jan/2022:15:57:14 +0100] "GET /templates/Pixame_v1/stylesheet.css HTTP/1.0" 200 267 "http://www.wonder-geek.com/elephant-teapot-cups-p-53684.html" "Mozilla/5.0 (Macintosh; Intel Mac OS X 10_15_6) AppleWebKit/605.1.15 (KHTML, like Gecko) Version/14.1.2 Safari/605.1.15"
174.141.200.159 - - [23/Jan/2022:15:57:14 +0100] "GET /highslide/highslide.js HTTP/1.0" 200 262 "http://www.wonder-geek.com/elephant-teapot-cups-p-53684.html" "Mozilla/5.0 (Macintosh; Intel Mac OS X 10_15_6) AppleWebKit/605.1.15 (KHTML, like Gecko) Version/14.1.2 Safari/605.1.15"
174.141.200.159 - - [23/Jan/2022:15:57:14 +0100] "GET /js/jquery.js HTTP/1.0" 200 252 "http://www.wonder-geek.com/elephant-teapot-cups-p-53684.html" "Mozilla/5.0 (Macintosh; Intel Mac OS X 10_15_6) AppleWebKit/605.1.15 (KHTML, like Gecko) Version/14.1.2 Safari/605.1.15"
174.141.200.159 - - [23/Jan/2022:15:57:15 +0100] "GET /js/jquery.jqzoom.js HTTP/1.0" 200 259 "http://www.wonder-geek.com/elephant-teapot-cups-p-53684.html" "Mozilla/5.0 (Macintosh; Intel Mac OS X 10_15_6) AppleWebKit/605.1.15 (KHTML, like Gecko) Version/14.1.2 Safari/605.1.15"
174.141.200.159 - - [23/Jan/2022:15:57:15 +0100] "GET /mondial_relay/js/jquery-1.3.2.min.js HTTP/1.0" 200 276 "http://www.wonder-geek.com/elephant-teapot-cups-p-53684.html" "Mozilla/5.0 (Macintosh; Intel Mac OS X 10_15_6) AppleWebKit/605.1.15 (KHTML, like Gecko) Version/14.1.2 Safari/605.1.15"
174.141.200.159 - - [23/Jan/2022:15:57:15 +0100] "GET /swfobject.js HTTP/1.0" 404 1308 "http://www.wonder-geek.com/elephant-teapot-cups-p-53684.html" "Mozilla/5.0 (Macintosh; Intel Mac OS X 10_15_6) AppleWebKit/605.1.15 (KHTML, like Gecko) Version/14.1.2 Safari/605.1.15"
174.141.200.159 - - [23/Jan/2022:15:57:15 +0100] "GET /templates/Pixame_v1/images/icon_accueil2.png HTTP/1.0" 200 278 "http://www.wonder-geek.com/elephant-teapot-cups-p-53684.html" "Mozilla/5.0 (Macintosh; Intel Mac OS X 10_15_6) AppleWebKit/605.1.15 (KHTML, like Gecko) Version/14.1.2 Safari/605.1.15"
174.141.200.159 - - [23/Jan/2022:15:57:15 +0100] "GET /templates/Pixame_v1/images/infobox/pixel_trans.gif HTTP/1.0" 200 328 "http://www.wonder-geek.com/elephant-teapot-cups-p-53684.html" "Mozilla/5.0 (Macintosh; Intel Mac OS X 10_15_6) AppleWebKit/605.1.15 (KHTML, like Gecko) Version/14.1.2 Safari/605.1.15"
174.141.200.159 - - [23/Jan/2022:15:57:15 +0100] "GET /templates/Pixame_v1/images/pixel_trans.gif HTTP/1.0" 200 328 "http://www.wonder-geek.com/elephant-teapot-cups-p-53684.html" "Mozilla/5.0 (Macintosh; Intel Mac OS X 10_15_6) AppleWebKit/605.1.15 (KHTML, like Gecko) Version/14.1.2 Safari/605.1.15"
174.141.200.159 - - [23/Jan/2022:15:57:15 +0100] "GET /images/pixel_trans.gif HTTP/1.0" 200 328 "http://www.wonder-geek.com/elephant-teapot-cups-p-53684.html" "Mozilla/5.0 (Macintosh; Intel Mac OS X 10_15_6) AppleWebKit/605.1.15 (KHTML, like Gecko) Version/14.1.2 Safari/605.1.15"
174.141.200.159 - - [23/Jan/2022:15:57:15 +0100] "GET /images/big_prod_1/5400924021290B.jpg HTTP/1.0" 200 271 "http://www.wonder-geek.com/elephant-teapot-cups-p-53684.html" "Mozilla/5.0 (Macintosh; Intel Mac OS X 10_15_6) AppleWebKit/605.1.15 (KHTML, like Gecko) Version/14.1.2 Safari/605.1.15"
174.141.200.159 - - [23/Jan/2022:15:57:15 +0100] "GET /images/big_prod/5400924021290.jpg HTTP/1.0" 200 268 "http://www.wonder-geek.com/elephant-teapot-cups-p-53684.html" "Mozilla/5.0 (Macintosh; Intel Mac OS X 10_15_6) AppleWebKit/605.1.15 (KHTML, like Gecko) Version/14.1.2 Safari/605.1.15"
174.141.200.159 - - [23/Jan/2022:15:57:15 +0100] "GET /templates/Pixame_v1/images/buttons/english/button_in_cart.gif HTTP/1.0" 200 295 "http://www.wonder-geek.com/elephant-teapot-cups-p-53684.html" "Mozilla/5.0 (Macintosh; Intel Mac OS X 10_15_6) AppleWebKit/605.1.15 (KHTML, like Gecko) Version/14.1.2 Safari/605.1.15"
174.141.200.159 - - [23/Jan/2022:15:57:15 +0100] "GET /templates/Pixame_v1/images/Bottom_texture.jpg HTTP/1.0" 200 280 "http://www.wonder-geek.com/elephant-teapot-cups-p-53684.html" "Mozilla/5.0 (Macintosh; Intel Mac OS X 10_15_6) AppleWebKit/605.1.15 (KHTML, like Gecko) Version/14.1.2 Safari/605.1.15"
174.141.200.159 - - [23/Jan/2022:15:57:15 +0100] "GET /templates/Pixame_v1/images/Middle_texture.jpg HTTP/1.0" 200 280 "http://www.wonder-geek.com/elephant-teapot-cups-p-53684.html" "Mozilla/5.0 (Macintosh; Intel Mac OS X 10_15_6) AppleWebKit/605.1.15 (KHTML, like Gecko) Version/14.1.2 Safari/605.1.15"
174.141.200.159 - - [23/Jan/2022:15:57:15 +0100] "GET /templates/Pixame_v1/images/nav.png HTTP/1.0" 200 268 "http://www.wonder-geek.com/elephant-teapot-cups-p-53684.html" "Mozilla/5.0 (Macintosh; Intel Mac OS X 10_15_6) AppleWebKit/605.1.15 (KHTML, like Gecko) Version/14.1.2 Safari/605.1.15"
174.141.200.159 - - [23/Jan/2022:15:57:15 +0100] "GET /templates/Pixame_v1/images/header.png HTTP/1.0" 200 271 "http://www.wonder-geek.com/elephant-teapot-cups-p-53684.html" "Mozilla/5.0 (Macintosh; Intel Mac OS X 10_15_6) AppleWebKit/605.1.15 (KHTML, like Gecko) Version/14.1.2 Safari/605.1.15"
174.141.200.159 - - [23/Jan/2022:15:57:15 +0100] "GET /templates/Pixame_v1/images/header-object.png HTTP/1.0" 200 278 "http://www.wonder-geek.com/elephant-teapot-cups-p-53684.html" "Mozilla/5.0 (Macintosh; Intel Mac OS X 10_15_6) AppleWebKit/605.1.15 (KHTML, like Gecko) Version/14.1.2 Safari/605.1.15"
174.141.200.159 - - [23/Jan/2022:15:57:16 +0100] "GET /design/productsenstock.png HTTP/1.0" 200 260 "http://www.wonder-geek.com/elephant-teapot-cups-p-53684.html" "Mozilla/5.0 (Macintosh; Intel Mac OS X 10_15_6) AppleWebKit/605.1.15 (KHTML, like Gecko) Version/14.1.2 Safari/605.1.15"
174.141.200.159 - - [23/Jan/2022:15:57:16 +0100] "GET /templates/Pixame_v1/images/infobox/infobox_footer_middle.gif HTTP/1.0" 200 357 "http://www.wonder-geek.com/elephant-teapot-cups-p-53684.html" "Mozilla/5.0 (Macintosh; Intel Mac OS X 10_15_6) AppleWebKit/605.1.15 (KHTML, like Gecko) Version/14.1.2 Safari/605.1.15"
174.141.200.159 - - [23/Jan/2022:15:57:16 +0100] "GET /highslide/graphics/zoomin.cur HTTP/1.0" 200 614 "http://www.wonder-geek.com/elephant-teapot-cups-p-53684.html" "Mozilla/5.0 (Macintosh; Intel Mac OS X 10_15_6) AppleWebKit/605.1.15 (KHTML, like Gecko) Version/14.1.2 Safari/605.1.15"
174.141.200.159 - - [23/Jan/2022:15:57:16 +0100] "GET /highslide/graphics/outlines/drop-shadow.png HTTP/1.0" 200 277 "http://www.wonder-geek.com/elephant-teapot-cups-p-53684.html" "Mozilla/5.0 (Macintosh; Intel Mac OS X 10_15_6) AppleWebKit/605.1.15 (KHTML, like Gecko) Version/14.1.2 Safari/605.1.15"
174.141.200.159 - - [23/Jan/2022:15:57:16 +0100] "GET /highslide/graphics/zoomout.cur HTTP/1.0" 200 614 "http://www.wonder-geek.com/elephant-teapot-cups-p-53684.html" "Mozilla/5.0 (Macintosh; Intel Mac OS X 10_15_6) AppleWebKit/605.1.15 (KHTML, like Gecko) Version/14.1.2 Safari/605.1.15"
174.141.200.159 - - [23/Jan/2022:15:57:16 +0100] "GET /highslide/graphics/loader.white.gif HTTP/1.0" 200 960 "http://www.wonder-geek.com/elephant-teapot-cups-p-53684.html" "Mozilla/5.0 (Macintosh; Intel Mac OS X 10_15_6) AppleWebKit/605.1.15 (KHTML, like Gecko) Version/14.1.2 Safari/605.1.15"
174.141.200.159 - - [23/Jan/2022:15:57:16 +0100] "GET /favicon.ico HTTP/1.0" 200 260 "http://www.wonder-geek.com/elephant-teapot-cups-p-53684.html" "Mozilla/5.0 (Macintosh; Intel Mac OS X 10_15_6) AppleWebKit/605.1.15 (KHTML, like Gecko) Version/14.1.2 Safari/605.1.15"
40.77.167.47 - - [23/Jan/2022:15:57:36 +0100] "GET /round-trays-c-12_159_263.html HTTP/1.0" 200 91016 "-" "Mozilla/5.0 (compatible; bingbot/2.0; +http://www.bing.com/bingbot.htm)"
14.137.135.24 - - [23/Jan/2022:15:57:59 +0100] "GET /images/mini_prod/3560600316071.jpg HTTP/1.0" 200 269 "-" "Mozilla/5.0 (Windows NT 10.0; Win64; x64) AppleWebKit/537.36 (KHTML, like Gecko) Chrome/90.0.4430.212 Safari/537.36"
185.191.171.34 - - [23/Jan/2022:15:59:03 +0100] "GET /cats-dubout-metal-plate-p-30395.html?action=add_product HTTP/1.0" 302 476 "-" "Mozilla/5.0 (compatible; SemrushBot/7~bl; +http://www.semrush.com/bot.html)"
207.46.13.190 - - [23/Jan/2022:15:59:16 +0100] "GET /disney-showcase-cinderella-couture-force-p-51451.html HTTP/1.0" 200 74922 "-" "Mozilla/5.0 (compatible; bingbot/2.0; +http://www.bing.com/bingbot.htm)"
185.191.171.8 - - [23/Jan/2022:15:59:24 +0100] "GET /rtro-metal-plate-p-28412.html HTTP/1.0" 200 73420 "-" "Mozilla/5.0 (compatible; SemrushBot/7~bl; +http://www.semrush.com/bot.html)"
114.119.128.37 - - [23/Jan/2022:15:59:36 +0100] "GET /images/big_prod_1/8433933113813B.jpg HTTP/1.0" 200 271 "-" "Mozilla/5.0 (Linux; Android 7.0;) AppleWebKit/537.36 (KHTML, like Gecko) Mobile Safari/537.36 (compatible; PetalBot;+https://webmaster.petalsearch.com/site/petalbot)"
66.249.68.24 - - [23/Jan/2022:15:59:46 +0100] "GET /microfibre-base-cover-brown-p-53950.html HTTP/1.0" 200 73528 "-" "Mozilla/5.0 (Linux; Android 6.0.1; Nexus 5X Build/MMB29P) AppleWebKit/537.36 (KHTML, like Gecko) Chrome/97.0.4692.71 Mobile Safari/537.36 (compatible; Googlebot/2.1; +http://www.google.com/bot.html)"
185.191.171.24 - - [23/Jan/2022:15:59:46 +0100] "GET /boho-canvas-frame-wild-p-39218.html HTTP/1.0" 200 74139 "-" "Mozilla/5.0 (compatible; SemrushBot/7~bl; +http://www.semrush.com/bot.html)"
216.244.66.242 - - [23/Jan/2022:15:59:56 +0100] "GET /robots.txt HTTP/1.0" 200 245 "-" "Mozilla/5.0 (compatible; DotBot/1.2; +https://opensiteexplorer.org/dotbot; help@moz.com)"
216.244.66.242 - - [23/Jan/2022:15:59:57 +0100] "GET /robots.txt HTTP/1.0" 301 531 "-" "Mozilla/5.0 (compatible; DotBot/1.2; +https://opensiteexplorer.org/dotbot; help@moz.com)"
216.244.66.242 - - [23/Jan/2022:15:59:57 +0100] "GET /robots.txt HTTP/1.0" 200 245 "-" "Mozilla/5.0 (compatible; DotBot/1.2; +https://opensiteexplorer.org/dotbot; help@moz.com)"
185.191.171.16 - - [23/Jan/2022:16:00:08 +0100] "GET /van-gogh-magnet-p-51215.html HTTP/1.0" 301 73359 "-" "Mozilla/5.0 (compatible; SemrushBot/7~bl; +http://www.semrush.com/bot.html)"
185.191.171.17 - - [23/Jan/2022:16:00:14 +0100] "GET /gogh-magnet-p-51215.html HTTP/1.0" 200 73281 "-" "Mozilla/5.0 (compatible; SemrushBot/7~bl; +http://www.semrush.com/bot.html)"
185.191.171.42 - - [23/Jan/2022:16:00:19 +0100] "GET /london-bus-rectangular-mirror-p-29006.html HTTP/1.0" 301 73461 "-" "Mozilla/5.0 (compatible; SemrushBot/7~bl; +http://www.semrush.com/bot.html)"
185.191.171.43 - - [23/Jan/2022:16:00:23 +0100] "GET /london-rectangular-mirror-p-29006.html HTTP/1.0" 200 73369 "-" "Mozilla/5.0 (compatible; SemrushBot/7~bl; +http://www.semrush.com/bot.html)"
185.191.171.11 - - [23/Jan/2022:16:00:52 +0100] "GET /statue-the-white-bear-of-francois-pompon-11-21-cm-p-44147.html HTTP/1.0" 301 74650 "-" "Mozilla/5.0 (compatible; SemrushBot/7~bl; +http://www.semrush.com/bot.html)"
185.191.171.39 - - [23/Jan/2022:16:00:55 +0100] "GET /statue-white-bear-franois-pompon-p-44147.html HTTP/1.0" 200 74551 "-" "Mozilla/5.0 (compatible; SemrushBot/7~bl; +http://www.semrush.com/bot.html)"
66.249.68.26 - - [23/Jan/2022:16:00:55 +0100] "GET /minnie-mouse-pencil-p-22595.html HTTP/1.0" 200 73628 "-" "Mozilla/5.0 (Linux; Android 6.0.1; Nexus 5X Build/MMB29P) AppleWebKit/537.36 (KHTML, like Gecko) Chrome/97.0.4692.71 Mobile Safari/537.36 (compatible; Googlebot/2.1; +http://www.google.com/bot.html)"
185.191.171.36 - - [23/Jan/2022:16:01:03 +0100] "GET /mani-the-lucky-cat-figurine-11-cm-p-49898.html HTTP/1.0" 301 70898 "-" "Mozilla/5.0 (compatible; SemrushBot/7~bl; +http://www.semrush.com/bot.html)"
185.191.171.34 - - [23/Jan/2022:16:01:05 +0100] "GET /mani-lucky-figurine-p-49898.html HTTP/1.0" 200 70812 "-" "Mozilla/5.0 (compatible; SemrushBot/7~bl; +http://www.semrush.com/bot.html)"
157.55.39.153 - - [23/Jan/2022:16:01:21 +0100] "GET /images/mini_prod/3609810090118.jpg HTTP/1.0" 200 269 "-" "Mozilla/5.0 (compatible; bingbot/2.0; +http://www.bing.com/bingbot.htm)"
185.191.171.39 - - [23/Jan/2022:16:01:32 +0100] "GET /owl-ceramic-mug-with-infuser-p-37892.html HTTP/1.0" 301 70891 "-" "Mozilla/5.0 (compatible; SemrushBot/7~bl; +http://www.semrush.com/bot.html)"
185.191.171.45 - - [23/Jan/2022:16:01:35 +0100] "GET /ceramic-with-infuser-p-37892.html HTTP/1.0" 200 70804 "-" "Mozilla/5.0 (compatible; SemrushBot/7~bl; +http://www.semrush.com/bot.html)"
185.191.171.38 - - [23/Jan/2022:16:01:50 +0100] "GET /jamaica-keyring-cbkreation-p-43229.html HTTP/1.0" 200 73454 "-" "Mozilla/5.0 (compatible; SemrushBot/7~bl; +http://www.semrush.com/bot.html)"
185.191.171.23 - - [23/Jan/2022:16:02:15 +0100] "GET /harley-davidson-lighter-p-41029.html HTTP/1.0" 200 73802 "-" "Mozilla/5.0 (compatible; SemrushBot/7~bl; +http://www.semrush.com/bot.html)"
54.36.148.243 - - [23/Jan/2022:16:02:42 +0100] "GET / HTTP/1.0" 200 96074 "-" "Mozilla/5.0 (compatible; AhrefsBot/7.0; +http://ahrefs.com/robot/)"
157.55.39.122 - - [23/Jan/2022:16:03:16 +0100] "GET /sponge-training-bottle-p-17161.html HTTP/1.0" 200 73520 "-" "Mozilla/5.0 (compatible; bingbot/2.0; +http://www.bing.com/bingbot.htm)"
17.121.112.24 - - [23/Jan/2022:16:03:57 +0100] "GET /-p-31124.html HTTP/1.0" 200 70718 "-" "Mozilla/5.0 (Macintosh; Intel Mac OS X 10_15_5) AppleWebKit/605.1.15 (KHTML, like Gecko) Version/13.1.1 Safari/605.1.15 (Applebot/0.1; +http://www.apple.com/go/applebot)"
185.191.171.19 - - [23/Jan/2022:16:03:58 +0100] "GET /retro-metal-tray-p-41481.html HTTP/1.0" 200 73400 "-" "Mozilla/5.0 (compatible; SemrushBot/7~bl; +http://www.semrush.com/bot.html)"
157.55.39.122 - - [23/Jan/2022:16:04:16 +0100] "GET /images/5010994661113.jpg HTTP/1.0" 200 259 "-" "Mozilla/5.0 (compatible; bingbot/2.0; +http://www.bing.com/bingbot.htm)"
114.119.128.26 - - [23/Jan/2022:16:04:35 +0100] "GET /happy-colors-love-pink-placemat-p-22362.html HTTP/1.0" 200 73644 "-" "Mozilla/5.0 (Linux; Android 7.0;) AppleWebKit/537.36 (KHTML, like Gecko) Mobile Safari/537.36 (compatible; PetalBot;+https://webmaster.petalsearch.com/site/petalbot)"
185.191.171.36 - - [23/Jan/2022:16:04:43 +0100] "GET /tropical-vibes-vanity-p-45023.html?action=add_product HTTP/1.0" 302 476 "-" "Mozilla/5.0 (compatible; SemrushBot/7~bl; +http://www.semrush.com/bot.html)"
54.36.148.243 - - [23/Jan/2022:16:04:47 +0100] "GET /towels-napkins-c-11_177.html?page=2 HTTP/1.0" 200 93504 "-" "Mozilla/5.0 (compatible; AhrefsBot/7.0; +http://ahrefs.com/robot/)"
185.191.171.15 - - [23/Jan/2022:16:04:54 +0100] "GET /moon-stars-and-sun-wooden-box-p-48745.html HTTP/1.0" 301 70886 "-" "Mozilla/5.0 (compatible; SemrushBot/7~bl; +http://www.semrush.com/bot.html)"
185.191.171.13 - - [23/Jan/2022:16:04:57 +0100] "GET /moon-stars-wooden-p-48745.html HTTP/1.0" 200 70802 "-" "Mozilla/5.0 (compatible; SemrushBot/7~bl; +http://www.semrush.com/bot.html)"
185.191.171.36 - - [23/Jan/2022:16:05:05 +0100] "GET /sausage-box-with-knife-happy-therapie-p-47686.html HTTP/1.0" 301 73541 "-" "Mozilla/5.0 (compatible; SemrushBot/7~bl; +http://www.semrush.com/bot.html)"
185.191.171.9 - - [23/Jan/2022:16:05:07 +0100] "GET /sausage-with-knife-happy-thrapie-p-47686.html HTTP/1.0" 200 73442 "-" "Mozilla/5.0 (compatible; SemrushBot/7~bl; +http://www.semrush.com/bot.html)"
185.191.171.18 - - [23/Jan/2022:16:05:45 +0100] "GET /lola-shower-towel-p-41785.html HTTP/1.0" 200 74243 "-" "Mozilla/5.0 (compatible; SemrushBot/7~bl; +http://www.semrush.com/bot.html)"
185.191.171.19 - - [23/Jan/2022:16:05:51 +0100] "GET /dora-explorer-poncho-towels-p-12642.html HTTP/1.0" 200 73586 "-" "Mozilla/5.0 (compatible; SemrushBot/7~bl; +http://www.semrush.com/bot.html)"
185.191.171.24 - - [23/Jan/2022:16:06:31 +0100] "GET /glass-all-blacks-p-44464.html HTTP/1.0" 301 70866 "-" "Mozilla/5.0 (compatible; SemrushBot/7~bl; +http://www.semrush.com/bot.html)"
185.191.171.13 - - [23/Jan/2022:16:06:34 +0100] "GET /glass-blacks-p-44464.html HTTP/1.0" 200 70787 "-" "Mozilla/5.0 (compatible; SemrushBot/7~bl; +http://www.semrush.com/bot.html)"
157.55.39.122 - - [23/Jan/2022:16:06:37 +0100] "GET /images/big_prod/1384010205365.jpg HTTP/1.0" 200 268 "-" "Mozilla/5.0 (compatible; bingbot/2.0; +http://www.bing.com/bingbot.htm)"
17.121.115.7 - - [23/Jan/2022:16:06:55 +0100] "GET /images/big_prod/3503420045332.jpg HTTP/1.0" 200 268 "-" "Mozilla/5.0 (Macintosh; Intel Mac OS X 10_15_5) AppleWebKit/605.1.15 (KHTML, like Gecko) Version/13.1.1 Safari/605.1.15 (Applebot/0.1; +http://www.apple.com/go/applebot)"
185.191.171.20 - - [23/Jan/2022:16:07:00 +0100] "GET /rudder-flat-rest-p-54519.html HTTP/1.0" 200 70784 "-" "Mozilla/5.0 (compatible; SemrushBot/7~bl; +http://www.semrush.com/bot.html)"
157.55.39.153 - - [23/Jan/2022:16:07:02 +0100] "GET /images/big_prod/3608860242829.jpg HTTP/1.0" 200 268 "-" "Mozilla/5.0 (compatible; bingbot/2.0; +http://www.bing.com/bingbot.htm)"
54.36.148.243 - - [23/Jan/2022:16:07:05 +0100] "GET /towels-napkins-c-11_177.html?page=7 HTTP/1.0" 200 93008 "-" "Mozilla/5.0 (compatible; AhrefsBot/7.0; +http://ahrefs.com/robot/)"
185.191.171.21 - - [23/Jan/2022:16:07:20 +0100] "GET /lantern-woodland-spa-p-43785.html HTTP/1.0" 301 73776 "-" "Mozilla/5.0 (compatible; SemrushBot/7~bl; +http://www.semrush.com/bot.html)"
185.191.171.17 - - [23/Jan/2022:16:07:23 +0100] "GET /lantern-woodland-p-43785.html HTTP/1.0" 200 73693 "-" "Mozilla/5.0 (compatible; SemrushBot/7~bl; +http://www.semrush.com/bot.html)"
40.77.167.47 - - [23/Jan/2022:16:07:27 +0100] "GET /magnets-c-13_134.html?page=7 HTTP/1.0" 200 82508 "-" "Mozilla/5.0 (compatible; bingbot/2.0; +http://www.bing.com/bingbot.htm)"
157.55.39.153 - - [23/Jan/2022:16:07:32 +0100] "GET /-p-20543.html HTTP/1.0" 200 70718 "-" "Mozilla/5.0 (compatible; bingbot/2.0; +http://www.bing.com/bingbot.htm)"
157.55.39.153 - - [23/Jan/2022:16:07:54 +0100] "GET /pillow-case-p-39127.html HTTP/1.0" 200 73573 "-" "Mozilla/5.0 (compatible; bingbot/2.0; +http://www.bing.com/bingbot.htm)"
40.77.167.47 - - [23/Jan/2022:16:08:17 +0100] "GET /britto-flowers-folding-umbrella-p-38857.html HTTP/1.0" 200 70832 "-" "Mozilla/5.0 (compatible; bingbot/2.0; +http://www.bing.com/bingbot.htm)"
185.191.171.22 - - [23/Jan/2022:16:08:28 +0100] "GET /cat-and-owl-small-glass-cups-by-michelle-allen-designs-p-36960.html HTTP/1.0" 301 73869 "-" "Mozilla/5.0 (compatible; SemrushBot/7~bl; +http://www.semrush.com/bot.html)"
185.191.171.11 - - [23/Jan/2022:16:08:31 +0100] "GET /small-glass-cups-michelle-allen-designs-p-36960.html HTTP/1.0" 200 73763 "-" "Mozilla/5.0 (compatible; SemrushBot/7~bl; +http://www.semrush.com/bot.html)"
185.191.171.17 - - [23/Jan/2022:16:08:34 +0100] "GET /plush-christmas-tree-decoration-p-49650.html?action=add_product HTTP/1.0" 302 476 "-" "Mozilla/5.0 (compatible; SemrushBot/7~bl; +http://www.semrush.com/bot.html)"
185.191.171.19 - - [23/Jan/2022:16:08:43 +0100] "GET /small-candle-pina-colada-p-44141.html?action=add_product HTTP/1.0" 302 476 "-" "Mozilla/5.0 (compatible; SemrushBot/7~bl; +http://www.semrush.com/bot.html)"
51.68.224.127 - - [23/Jan/2022:16:08:46 +0100] "GET /adminweb/export_orders_xml.php?token=256de2z6edz6ed2z6DFSFsed2zed6zeDSFDSGdzedezfzf&maxorders=10&orderstart=1&status=14&start_date=2018-10-01 HTTP/1.0" 200 285 "-" "GesCom CharlotteBoutik Serveur"
51.68.224.127 - - [23/Jan/2022:16:08:46 +0100] "GET /adminweb/export_orders_xml.php?token=256de2z6edz6ed2z6DFSFsed2zed6zeDSFDSGdzedezfzf&maxorders=10&orderstart=1&status=6&start_date=2018-10-01 HTTP/1.0" 200 32795 "-" "GesCom CharlotteBoutik Serveur"
20.56.197.63 - - [23/Jan/2022:16:08:57 +0100] "GET /images/med_prod/00039897677330.jpg HTTP/1.0" 200 269 "-" "DuckDuckBot/1.1; (+http://duckduckgo.com/duckduckbot.html)"
66.249.68.26 - - [23/Jan/2022:16:08:56 +0100] "GET /il-faut-faire-de-la-vie-un-reve-stickers-20-70-cm-p-39331.html HTTP/1.0" 301 73678 "-" "Mozilla/5.0 (Linux; Android 6.0.1; Nexus 5X Build/MMB29P) AppleWebKit/537.36 (KHTML, like Gecko) Chrome/97.0.4692.71 Mobile Safari/537.36 (compatible; Googlebot/2.1; +http://www.google.com/bot.html)"
66.249.68.26 - - [23/Jan/2022:16:08:58 +0100] "GET /faut-faire-stickers-p-39331.html HTTP/1.0" 200 73592 "-" "Mozilla/5.0 (Linux; Android 6.0.1; Nexus 5X Build/MMB29P) AppleWebKit/537.36 (KHTML, like Gecko) Chrome/97.0.4692.71 Mobile Safari/537.36 (compatible; Googlebot/2.1; +http://www.google.com/bot.html)"
185.191.171.3 - - [23/Jan/2022:16:09:20 +0100] "GET /tetsubin-black-teapot-japanese-liter-p-47379.html HTTP/1.0" 200 73653 "-" "Mozilla/5.0 (compatible; SemrushBot/7~bl; +http://www.semrush.com/bot.html)"
185.191.171.36 - - [23/Jan/2022:16:09:30 +0100] "GET /flower-of-life-pendant-silver-p-44404.html HTTP/1.0" 301 73478 "-" "Mozilla/5.0 (compatible; SemrushBot/7~bl; +http://www.semrush.com/bot.html)"
185.191.171.6 - - [23/Jan/2022:16:09:33 +0100] "GET /flower-life-pendant-silver-p-44404.html HTTP/1.0" 200 73385 "-" "Mozilla/5.0 (compatible; SemrushBot/7~bl; +http://www.semrush.com/bot.html)"
185.191.171.10 - - [23/Jan/2022:16:09:43 +0100] "GET /cotton-mattress-boil-p-48990.html?action=add_product HTTP/1.0" 302 476 "-" "Mozilla/5.0 (compatible; SemrushBot/7~bl; +http://www.semrush.com/bot.html)"
193.177.162.34 - - [23/Jan/2022:16:09:43 +0100] "GET /images/mini_prod/3760054863347.jpg HTTP/1.0" 200 269 "-" "Mozilla/5.0 (X11; Ubuntu; Linux x86_64; rv:72.0) Gecko/20100101 Firefox/72.0"
54.36.148.243 - - [23/Jan/2022:16:09:50 +0100] "GET /towels-napkins-c-11_177.html?page=8 HTTP/1.0" 200 91914 "-" "Mozilla/5.0 (compatible; AhrefsBot/7.0; +http://ahrefs.com/robot/)"
185.191.171.34 - - [23/Jan/2022:16:09:53 +0100] "GET /comptoir-potholder-p-51425.html?action=add_product HTTP/1.0" 302 476 "-" "Mozilla/5.0 (compatible; SemrushBot/7~bl; +http://www.semrush.com/bot.html)"
66.249.68.24 - - [23/Jan/2022:16:09:54 +0100] "GET /microfibre-base-cover-light-brown-p-47979.html HTTP/1.0" 200 73558 "-" "Mozilla/5.0 (compatible; Googlebot/2.1; +http://www.google.com/bot.html)"
207.46.13.190 - - [23/Jan/2022:16:10:48 +0100] "GET /minnie-mouse-large-metal-p-26704.html HTTP/1.0" 200 73500 "-" "Mozilla/5.0 (compatible; bingbot/2.0; +http://www.bing.com/bingbot.htm)"
207.46.13.190 - - [23/Jan/2022:16:10:58 +0100] "GET /minions-aluminum-sports-bottle-p-31755.html HTTP/1.0" 200 73449 "-" "Mozilla/5.0 (compatible; bingbot/2.0; +http://www.bing.com/bingbot.htm)"
66.249.68.28 - - [23/Jan/2022:16:11:04 +0100] "GET /images/big_prod_1/B8424001483150E.jpg HTTP/1.0" 200 272 "-" "Googlebot-Image/1.0"
185.191.171.41 - - [23/Jan/2022:16:11:25 +0100] "GET /samurai-statue-kung-fu-in-resin-24-cm-p-52343.html HTTP/1.0" 301 70928 "-" "Mozilla/5.0 (compatible; SemrushBot/7~bl; +http://www.semrush.com/bot.html)"
185.191.171.38 - - [23/Jan/2022:16:11:28 +0100] "GET /samurai-statue-kung-resin-p-52343.html HTTP/1.0" 200 70836 "-" "Mozilla/5.0 (compatible; SemrushBot/7~bl; +http://www.semrush.com/bot.html)"
185.191.171.11 - - [23/Jan/2022:16:11:41 +0100] "GET /avengers-cushion-p-37532.html HTTP/1.0" 301 70785 "-" "Mozilla/5.0 (compatible; SemrushBot/7~bl; +http://www.semrush.com/bot.html)"
185.191.171.43 - - [23/Jan/2022:16:11:44 +0100] "GET /-p-37532.html HTTP/1.0" 200 70718 "-" "Mozilla/5.0 (compatible; SemrushBot/7~bl; +http://www.semrush.com/bot.html)"
147.92.153.8 - - [23/Jan/2022:16:11:53 +0100] "GET /angry-birds-p-19142.html HTTP/1.0" 200 73508 "-" "Mozilla/5.0 (compatible; Linespider/1.1; +https://lin.ee/4dwXkTH)"
54.36.148.243 - - [23/Jan/2022:16:12:03 +0100] "GET /rectangular-kitchen-towel-cotton-aoli-p-51354.html HTTP/1.0" 200 73521 "-" "Mozilla/5.0 (compatible; AhrefsBot/7.0; +http://ahrefs.com/robot/)"
185.191.171.44 - - [23/Jan/2022:16:12:15 +0100] "GET /ceramic-bowl-relief-piquant-p-45506.html HTTP/1.0" 200 70829 "-" "Mozilla/5.0 (compatible; SemrushBot/7~bl; +http://www.semrush.com/bot.html)"
185.191.171.10 - - [23/Jan/2022:16:12:21 +0100] "GET /frida-khalo-saucer-for-tea-bag-p-50159.html HTTP/1.0" 301 73461 "-" "Mozilla/5.0 (compatible; SemrushBot/7~bl; +http://www.semrush.com/bot.html)"
185.191.171.19 - - [23/Jan/2022:16:12:24 +0100] "GET /frida-khalo-saucer-p-50159.html HTTP/1.0" 200 73376 "-" "Mozilla/5.0 (compatible; SemrushBot/7~bl; +http://www.semrush.com/bot.html)"
207.46.13.190 - - [23/Jan/2022:16:12:37 +0100] "GET /images/big_prod/8719497610846.jpg HTTP/1.0" 200 268 "-" "Mozilla/5.0 (compatible; bingbot/2.0; +http://www.bing.com/bingbot.htm)"
54.36.148.243 - - [23/Jan/2022:16:14:22 +0100] "GET /african-woman-decoration-p-55684.html HTTP/1.0" 200 73449 "-" "Mozilla/5.0 (compatible; AhrefsBot/7.0; +http://ahrefs.com/robot/)"
185.191.171.15 - - [23/Jan/2022:16:14:34 +0100] "GET /blue-boat-hanging-metal-wall-decoration-p-49488.html HTTP/1.0" 301 70785 "-" "Mozilla/5.0 (compatible; SemrushBot/7~bl; +http://www.semrush.com/bot.html)"
185.191.171.10 - - [23/Jan/2022:16:14:37 +0100] "GET /-p-49488.html HTTP/1.0" 200 70718 "-" "Mozilla/5.0 (compatible; SemrushBot/7~bl; +http://www.semrush.com/bot.html)"
185.191.171.20 - - [23/Jan/2022:16:15:03 +0100] "GET /gorjuss-fairy-lights-bag-p-27144.html HTTP/1.0" 301 73646 "-" "Mozilla/5.0 (compatible; SemrushBot/7~bl; +http://www.semrush.com/bot.html)"
17.121.114.216 - - [23/Jan/2022:16:15:05 +0100] "GET /ottomans-storage-ottomans-c-13_209.html HTTP/1.0" 200 90260 "-" "Mozilla/5.0 (Macintosh; Intel Mac OS X 10_15_5) AppleWebKit/605.1.15 (KHTML, like Gecko) Version/13.1.1 Safari/605.1.15 (Applebot/0.1; +http://www.apple.com/go/applebot)"
185.191.171.3 - - [23/Jan/2022:16:15:07 +0100] "GET /gorjuss-fairy-lights-p-27144.html HTTP/1.0" 200 73559 "-" "Mozilla/5.0 (compatible; SemrushBot/7~bl; +http://www.semrush.com/bot.html)"
157.55.39.153 - - [23/Jan/2022:16:15:24 +0100] "GET /marseille-p-14931.html HTTP/1.0" 200 74119 "-" "Mozilla/5.0 (compatible; bingbot/2.0; +http://www.bing.com/bingbot.htm)"
185.191.171.39 - - [23/Jan/2022:16:15:28 +0100] "GET /fiers-etre-marseillais-orange-black-track-jacket-p-29984.html HTTP/1.0" 200 74891 "-" "Mozilla/5.0 (compatible; SemrushBot/7~bl; +http://www.semrush.com/bot.html)"
54.36.148.243 - - [23/Jan/2022:16:16:43 +0100] "GET /underclothes-c-1_25.html HTTP/1.0" 200 69644 "-" "Mozilla/5.0 (compatible; AhrefsBot/7.0; +http://ahrefs.com/robot/)"
185.191.171.42 - - [23/Jan/2022:16:16:46 +0100] "GET /paris-coffee-cup-with-spoon-black-and-white-model-p-38591.html HTTP/1.0" 301 71052 "-" "Mozilla/5.0 (compatible; SemrushBot/7~bl; +http://www.semrush.com/bot.html)"
185.191.171.40 - - [23/Jan/2022:16:16:49 +0100] "GET /paris-coffee-with-spoon-black-white-model-p-38591.html HTTP/1.0" 200 70944 "-" "Mozilla/5.0 (compatible; SemrushBot/7~bl; +http://www.semrush.com/bot.html)"
54.236.1.13 - - [23/Jan/2022:16:16:58 +0100] "GET /robots.txt HTTP/1.0" 200 245 "-" "Mozilla/5.0 (compatible; Pinterestbot/1.0; +http://www.pinterest.com/bot.html)"
54.236.1.13 - - [23/Jan/2022:16:16:58 +0100] "GET /games-and-toys/soft-toys-security-blanket/dog-pop-plush-britto-p-13009.html HTTP/1.0" 301 70785 "-" "Mozilla/5.0 (compatible; Pinterestbot/1.0; +http://www.pinterest.com/bot.html)"
54.236.1.13 - - [23/Jan/2022:16:16:59 +0100] "GET /-p-13009.html HTTP/1.0" 200 70718 "-" "Mozilla/5.0 (compatible; Pinterestbot/1.0; +http://www.pinterest.com/bot.html)"
54.236.1.13 - - [23/Jan/2022:16:17:29 +0100] "GET /games-and-toys/soft-toys-security-blanket/dog-pop-plush-britto-p-13009.html HTTP/1.0" 301 70785 "-" "Mozilla/5.0 (compatible; Pinterestbot/1.0; +http://www.pinterest.com/bot.html)"
54.236.1.13 - - [23/Jan/2022:16:17:30 +0100] "GET /-p-13009.html HTTP/1.0" 200 70718 "-" "Mozilla/5.0 (compatible; Pinterestbot/1.0; +http://www.pinterest.com/bot.html)"
54.236.1.13 - - [23/Jan/2022:16:17:32 +0100] "GET /apple-touch-icon.png HTTP/1.0" 404 1308 "-" "Mozilla/5.0 (compatible; Pinterestbot/1.0; +http://www.pinterest.com/bot.html)"
185.191.171.36 - - [23/Jan/2022:16:17:34 +0100] "GET /macrame-hanging-60-38-cm-p-44999.html HTTP/1.0" 301 70899 "-" "Mozilla/5.0 (compatible; SemrushBot/7~bl; +http://www.semrush.com/bot.html)"
185.191.171.35 - - [23/Jan/2022:16:17:36 +0100] "GET /macrame-hanging-p-44999.html HTTP/1.0" 200 70817 "-" "Mozilla/5.0 (compatible; SemrushBot/7~bl; +http://www.semrush.com/bot.html)"
185.191.171.43 - - [23/Jan/2022:16:18:06 +0100] "GET /high-klimt-baiser-p-47903.html?action=add_product HTTP/1.0" 302 476 "-" "Mozilla/5.0 (compatible; SemrushBot/7~bl; +http://www.semrush.com/bot.html)"
185.191.171.10 - - [23/Jan/2022:16:18:37 +0100] "GET /large-eco-responsible-white-musk-candle-heart-and-home-p-52797.html HTTP/1.0" 301 71025 "-" "Mozilla/5.0 (compatible; SemrushBot/7~bl; +http://www.semrush.com/bot.html)"
185.191.171.9 - - [23/Jan/2022:16:18:40 +0100] "GET /large-responsible-white-musk-candle-heart-home-p-52797.html HTTP/1.0" 200 70912 "-" "Mozilla/5.0 (compatible; SemrushBot/7~bl; +http://www.semrush.com/bot.html)"
54.36.148.243 - - [23/Jan/2022:16:19:15 +0100] "GET /medusa-glass-paperweight-p-52720.html HTTP/1.0" 200 73401 "-" "Mozilla/5.0 (compatible; AhrefsBot/7.0; +http://ahrefs.com/robot/)"
40.77.167.47 - - [23/Jan/2022:16:19:27 +0100] "GET /images/mini_prod/84240001443758.jpg HTTP/1.0" 200 270 "-" "Mozilla/5.0 (compatible; bingbot/2.0; +http://www.bing.com/bingbot.htm)"
185.191.171.41 - - [23/Jan/2022:16:20:19 +0100] "GET /pretty-kitty-allen-clock-p-52390.html HTTP/1.0" 200 74147 "-" "Mozilla/5.0 (compatible; SemrushBot/7~bl; +http://www.semrush.com/bot.html)"
193.177.162.34 - - [23/Jan/2022:16:21:02 +0100] "GET /images/mini_prod/3760116310338.jpg HTTP/1.0" 200 269 "-" "Mozilla/5.0 (X11; Ubuntu; Linux x86_64; rv:72.0) Gecko/20100101 Firefox/72.0"
40.77.167.47 - - [23/Jan/2022:16:21:18 +0100] "GET /magnet-kissing-tassen-p-47560.html HTTP/1.0" 200 74298 "-" "Mozilla/5.0 (compatible; bingbot/2.0; +http://www.bing.com/bingbot.htm)"
80.11.253.192 - - [23/Jan/2022:16:21:19 +0100] "GET /adminweb/index.php HTTP/1.0" 302 481 "-" "Mozilla/5.0 (Windows NT 10.0; Win64; x64) AppleWebKit/537.36 (KHTML, like Gecko) Chrome/97.0.4692.71 Safari/537.36"
80.11.253.192 - - [23/Jan/2022:16:21:19 +0100] "GET /adminweb/login.php HTTP/1.0" 200 4479 "-" "Mozilla/5.0 (Windows NT 10.0; Win64; x64) AppleWebKit/537.36 (KHTML, like Gecko) Chrome/97.0.4692.71 Safari/537.36"
185.191.171.36 - - [23/Jan/2022:16:21:20 +0100] "GET /pink-pineapple-natural-leds-p-40173.html HTTP/1.0" 200 73457 "-" "Mozilla/5.0 (compatible; SemrushBot/7~bl; +http://www.semrush.com/bot.html)"
54.36.148.243 - - [23/Jan/2022:16:21:27 +0100] "GET /carpet-ethnic-boho-p-55445.html HTTP/1.0" 200 74351 "-" "Mozilla/5.0 (compatible; AhrefsBot/7.0; +http://ahrefs.com/robot/)"
114.119.128.40 - - [23/Jan/2022:16:21:56 +0100] "GET /chin-card-p-20033.html HTTP/1.0" 200 73340 "-" "Mozilla/5.0 (Linux; Android 7.0;) AppleWebKit/537.36 (KHTML, like Gecko) Mobile Safari/537.36 (compatible; PetalBot;+https://webmaster.petalsearch.com/site/petalbot)"
185.191.171.3 - - [23/Jan/2022:16:22:05 +0100] "GET /stationery-and-cardmaking-c-129.html?page=13 HTTP/1.0" 301 92656 "-" "Mozilla/5.0 (compatible; SemrushBot/7~bl; +http://www.semrush.com/bot.html)"
216.244.66.242 - - [23/Jan/2022:16:22:10 +0100] "GET /umbrellas-c-31_16.html HTTP/1.0" 301 555 "-" "Mozilla/5.0 (compatible; DotBot/1.2; +https://opensiteexplorer.org/dotbot; help@moz.com)"
185.191.171.4 - - [23/Jan/2022:16:22:09 +0100] "GET /stationery-cardmaking-c-129.html?page=13 HTTP/1.0" 200 92562 "-" "Mozilla/5.0 (compatible; SemrushBot/7~bl; +http://www.semrush.com/bot.html)"
185.191.171.6 - - [23/Jan/2022:16:22:18 +0100] "GET /royal-guests-three-fairies-figurine-p-45967.html HTTP/1.0" 200 74728 "-" "Mozilla/5.0 (compatible; SemrushBot/7~bl; +http://www.semrush.com/bot.html)"
17.121.115.205 - - [23/Jan/2022:16:22:33 +0100] "GET /rock-little-mirror-p-8847.html HTTP/1.0" 200 73463 "-" "Mozilla/5.0 (Macintosh; Intel Mac OS X 10_15_5) AppleWebKit/605.1.15 (KHTML, like Gecko) Version/13.1.1 Safari/605.1.15 (Applebot/0.1; +http://www.apple.com/go/applebot)"
157.55.39.122 - - [23/Jan/2022:16:22:48 +0100] "GET /poster-corsica-p-43693.html HTTP/1.0" 200 70788 "-" "Mozilla/5.0 (compatible; bingbot/2.0; +http://www.bing.com/bingbot.htm)"
185.191.171.34 - - [23/Jan/2022:16:23:22 +0100] "GET /mustache-red-tee-shirt-p-31178.html HTTP/1.0" 301 75335 "-" "Mozilla/5.0 (compatible; SemrushBot/7~bl; +http://www.semrush.com/bot.html)"
185.191.171.17 - - [23/Jan/2022:16:23:26 +0100] "GET /mustache-shirt-p-31178.html HTTP/1.0" 200 75254 "-" "Mozilla/5.0 (compatible; SemrushBot/7~bl; +http://www.semrush.com/bot.html)"
