54.36.148.243 - - [23/Jan/2022:16:23:40 +0100] "GET /yogi-yogini-yogamat-grey-p-49033.html HTTP/1.0" 200 73972 "-" "Mozilla/5.0 (compatible; AhrefsBot/7.0; +http://ahrefs.com/robot/)"
176.10.104.240 - - [23/Jan/2022:16:23:45 +0100] "GET /contact_us.php HTTP/1.0" 200 26238 "http://www.wonder-geek.com/contact_us.php" "Mozilla/5.0 (Windows NT 10.0) AppleWebKit/537.36 (KHTML, like Gecko) Chrome/90.0.4430.85 Safari/537.36 Edg/90.0.818.46"
172.107.94.154 - - [23/Jan/2022:16:23:52 +0100] "POST /contact_us.php?action=send HTTP/1.0" 200 26654 "http://www.wonder-geek.com/contact_us.php" "Mozilla/5.0 (Windows NT 10.0) AppleWebKit/537.36 (KHTML, like Gecko) Chrome/90.0.4430.85 Safari/537.36 Edg/90.0.818.46"
185.191.171.24 - - [23/Jan/2022:16:23:59 +0100] "GET /rolling-stones-pencil-case-p-40889.html HTTP/1.0" 200 73418 "-" "Mozilla/5.0 (compatible; SemrushBot/7~bl; +http://www.semrush.com/bot.html)"
185.191.171.34 - - [23/Jan/2022:16:24:31 +0100] "GET /poncho-towel-p-5729.html?action=add_product HTTP/1.0" 302 476 "-" "Mozilla/5.0 (compatible; SemrushBot/7~bl; +http://www.semrush.com/bot.html)"
185.191.171.40 - - [23/Jan/2022:16:24:52 +0100] "GET /bagshandbags-shoulder-bags-c-31_81.html?page=8 HTTP/1.0" 200 97193 "-" "Mozilla/5.0 (compatible; SemrushBot/7~bl; +http://www.semrush.com/bot.html)"
193.177.162.34 - - [23/Jan/2022:16:25:07 +0100] "GET /images/mini_prod/5036278058585.jpg HTTP/1.0" 200 269 "-" "Mozilla/5.0 (X11; Ubuntu; Linux x86_64; rv:72.0) Gecko/20100101 Firefox/72.0"
51.68.224.127 - - [23/Jan/2022:16:25:13 +0100] "GET /adminweb/export_orders_xml.php?token=256de2z6edz6ed2z6DFSFsed2zed6zeDSFDSGdzedezfzf&maxorders=10&orderstart=1&status=14&start_date=2018-10-01 HTTP/1.0" 200 285 "-" "GesCom CharlotteBoutik Serveur"
51.68.224.127 - - [23/Jan/2022:16:25:13 +0100] "GET /adminweb/export_orders_xml.php?token=256de2z6edz6ed2z6DFSFsed2zed6zeDSFDSGdzedezfzf&maxorders=10&orderstart=1&status=6&start_date=2018-10-01 HTTP/1.0" 200 32795 "-" "GesCom CharlotteBoutik Serveur"
114.119.128.37 - - [23/Jan/2022:16:25:45 +0100] "GET /yellow-cocci-metal-plate-deco-p-34331.html HTTP/1.0" 200 73404 "-" "Mozilla/5.0 (Linux; Android 7.0;) AppleWebKit/537.36 (KHTML, like Gecko) Mobile Safari/537.36 (compatible; PetalBot;+https://webmaster.petalsearch.com/site/petalbot)"
54.36.148.243 - - [23/Jan/2022:16:25:46 +0100] "GET /buddha-wall-stickers-p-51128.html HTTP/1.0" 200 73629 "-" "Mozilla/5.0 (compatible; AhrefsBot/7.0; +http://ahrefs.com/robot/)"
185.191.171.6 - - [23/Jan/2022:16:25:47 +0100] "GET /mercedes-benz-large-metal-plate-deco-p-45964.html HTTP/1.0" 200 70889 "-" "Mozilla/5.0 (compatible; SemrushBot/7~bl; +http://www.semrush.com/bot.html)"
185.191.171.18 - - [23/Jan/2022:16:26:08 +0100] "GET /magnets-gogh-p-48342.html?action=add_product HTTP/1.0" 302 476 "-" "Mozilla/5.0 (compatible; SemrushBot/7~bl; +http://www.semrush.com/bot.html)"
157.55.39.153 - - [23/Jan/2022:16:26:16 +0100] "GET /little-buddha-glasses-case-pink-p-50255.html HTTP/1.0" 200 74102 "-" "Mozilla/5.0 (compatible; bingbot/2.0; +http://www.bing.com/bingbot.htm)"
157.55.39.153 - - [23/Jan/2022:16:26:24 +0100] "GET /boxes-storage-c-13_150.html HTTP/1.0" 200 94818 "-" "Mozilla/5.0 (compatible; bingbot/2.0; +http://www.bing.com/bingbot.htm)"
185.191.171.22 - - [23/Jan/2022:16:26:50 +0100] "GET /hen-metal-rests-flat-p-43894.html HTTP/1.0" 301 73394 "-" "Mozilla/5.0 (compatible; SemrushBot/7~bl; +http://www.semrush.com/bot.html)"
185.191.171.33 - - [23/Jan/2022:16:26:53 +0100] "GET /metal-rests-flat-p-43894.html HTTP/1.0" 200 73311 "-" "Mozilla/5.0 (compatible; SemrushBot/7~bl; +http://www.semrush.com/bot.html)"
185.191.171.15 - - [23/Jan/2022:16:27:23 +0100] "GET /himalayan-pink-salt-crystal-lamp-p-53792.html HTTP/1.0" 200 70836 "-" "Mozilla/5.0 (compatible; SemrushBot/7~bl; +http://www.semrush.com/bot.html)"
207.46.13.190 - - [23/Jan/2022:16:28:00 +0100] "GET /christmas-tree-ornament-christmas-balls-c-13_271.html HTTP/1.0" 200 91447 "-" "Mozilla/5.0 (compatible; bingbot/2.0; +http://www.bing.com/bingbot.htm)"
54.36.148.243 - - [23/Jan/2022:16:28:06 +0100] "GET /coat-rack-form-rugby-ball-p-45465.html HTTP/1.0" 200 73357 "-" "Mozilla/5.0 (compatible; AhrefsBot/7.0; +http://ahrefs.com/robot/)"
216.244.66.242 - - [23/Jan/2022:16:28:21 +0100] "GET /star-wars-grey-training-bottle-p-29944.html HTTP/1.0" 200 70828 "-" "Mozilla/5.0 (compatible; DotBot/1.2; +https://opensiteexplorer.org/dotbot; help@moz.com)"
185.191.171.10 - - [23/Jan/2022:16:29:13 +0100] "GET /paris-white-tea-box-p-28375.html HTTP/1.0" 301 70846 "-" "Mozilla/5.0 (compatible; SemrushBot/7~bl; +http://www.semrush.com/bot.html)"
185.191.171.4 - - [23/Jan/2022:16:29:16 +0100] "GET /paris-white-p-28375.html HTTP/1.0" 200 70768 "-" "Mozilla/5.0 (compatible; SemrushBot/7~bl; +http://www.semrush.com/bot.html)"
66.249.68.26 - - [23/Jan/2022:16:29:35 +0100] "GET /images/big_prod/3520071651323B.jpg HTTP/1.0" 200 269 "-" "Googlebot-Image/1.0"
185.191.171.35 - - [23/Jan/2022:16:29:35 +0100] "GET /tangled-disney-card-with-envelope-p-34447.html HTTP/1.0" 200 73458 "-" "Mozilla/5.0 (compatible; SemrushBot/7~bl; +http://www.semrush.com/bot.html)"
66.249.68.24 - - [23/Jan/2022:16:29:46 +0100] "GET /microfibre-base-cover-black-p-47978.html HTTP/1.0" 200 73528 "-" "Mozilla/5.0 (Linux; Android 6.0.1; Nexus 5X Build/MMB29P) AppleWebKit/537.36 (KHTML, like Gecko) Chrome/97.0.4692.71 Mobile Safari/537.36 (compatible; Googlebot/2.1; +http://www.google.com/bot.html)"
216.244.66.242 - - [23/Jan/2022:16:29:46 +0100] "GET /mandala-coasters-ceramic-set-of-p-44401.html HTTP/1.0" 301 74148 "-" "Mozilla/5.0 (compatible; DotBot/1.2; +https://opensiteexplorer.org/dotbot; help@moz.com)"
185.104.217.167 - - [23/Jan/2022:16:29:50 +0100] "GET /contact_us.php HTTP/1.0" 301 539 "http://wonder-geek.com/" "Mozilla/5.0 (X11; Fedora; Linux x86_64) AppleWebKit/537.36 (KHTML, like Gecko) Chrome/66.0.3359.170 Safari/537.36"
185.104.217.167 - - [23/Jan/2022:16:29:50 +0100] "GET /contact_us.php HTTP/1.0" 200 26238 "http://wonder-geek.com/contact_us.php" "Mozilla/5.0 (X11; Fedora; Linux x86_64) AppleWebKit/537.36 (KHTML, like Gecko) Chrome/66.0.3359.170 Safari/537.36"
114.119.128.26 - - [23/Jan/2022:16:30:07 +0100] "GET /images/big_prod/3589363500374.jpg HTTP/1.0" 200 268 "-" "Mozilla/5.0 (Linux; Android 7.0;) AppleWebKit/537.36 (KHTML, like Gecko) Mobile Safari/537.36 (compatible; PetalBot;+https://webmaster.petalsearch.com/site/petalbot)"
157.55.39.62 - - [23/Jan/2022:16:30:14 +0100] "GET /lyon-shirt-p-31274.html HTTP/1.0" 200 75228 "-" "Mozilla/5.0 (compatible; bingbot/2.0; +http://www.bing.com/bingbot.htm)"
185.191.171.10 - - [23/Jan/2022:16:30:18 +0100] "GET /white-cotton-kitchen-towel-corsica-p-43599.html HTTP/1.0" 200 73504 "-" "Mozilla/5.0 (compatible; SemrushBot/7~bl; +http://www.semrush.com/bot.html)"
54.36.148.243 - - [23/Jan/2022:16:30:20 +0100] "GET /harley-davidson-ride-metal-plate-p-23295.html HTTP/1.0" 200 73418 "-" "Mozilla/5.0 (compatible; AhrefsBot/7.0; +http://ahrefs.com/robot/)"
185.191.171.9 - - [23/Jan/2022:16:30:21 +0100] "GET /heart-home-gold-taper-crackle-mosaic-warmer-p-46879.html?action=add_product HTTP/1.0" 302 476 "-" "Mozilla/5.0 (compatible; SemrushBot/7~bl; +http://www.semrush.com/bot.html)"
185.191.171.34 - - [23/Jan/2022:16:30:35 +0100] "GET /paris-money-cbkreation-p-17249.html HTTP/1.0" 200 73483 "-" "Mozilla/5.0 (compatible; SemrushBot/7~bl; +http://www.semrush.com/bot.html)"
66.249.68.26 - - [23/Jan/2022:16:30:55 +0100] "GET /animated-figurines-solar-flowers-c-13_273.html HTTP/1.0" 200 80941 "-" "Mozilla/5.0 (compatible; Googlebot/2.1; +http://www.google.com/bot.html)"
185.191.171.20 - - [23/Jan/2022:16:31:19 +0100] "GET /mini-metal-tray-chat-noir-p-41051.html?action=add_product HTTP/1.0" 302 476 "-" "Mozilla/5.0 (compatible; SemrushBot/7~bl; +http://www.semrush.com/bot.html)"
40.77.167.47 - - [23/Jan/2022:16:31:29 +0100] "GET /-p-41801.html HTTP/1.0" 200 70718 "-" "Mozilla/5.0 (compatible; bingbot/2.0; +http://www.bing.com/bingbot.htm)"
54.36.148.243 - - [23/Jan/2022:16:32:29 +0100] "GET /zebra-money-p-54516.html HTTP/1.0" 200 73464 "-" "Mozilla/5.0 (compatible; AhrefsBot/7.0; +http://ahrefs.com/robot/)"
185.191.171.16 - - [23/Jan/2022:16:32:49 +0100] "GET /surfboard-wooden-wall-decoration-60-cm-p-44256.html HTTP/1.0" 301 73590 "-" "Mozilla/5.0 (compatible; SemrushBot/7~bl; +http://www.semrush.com/bot.html)"
185.191.171.33 - - [23/Jan/2022:16:32:52 +0100] "GET /surfboard-wooden-wall-decoration-p-44256.html HTTP/1.0" 200 73491 "-" "Mozilla/5.0 (compatible; SemrushBot/7~bl; +http://www.semrush.com/bot.html)"
147.92.153.10 - - [23/Jan/2022:16:32:55 +0100] "GET /model-felt-yellow-p-20192.html HTTP/1.0" 200 73472 "-" "Mozilla/5.0 (compatible; Linespider/1.1; +https://lin.ee/4dwXkTH)"
185.191.171.44 - - [23/Jan/2022:16:32:59 +0100] "GET /star-wars-darth-vader-gobelet-p-15965.html?action=add_product HTTP/1.0" 302 476 "-" "Mozilla/5.0 (compatible; SemrushBot/7~bl; +http://www.semrush.com/bot.html)"
17.121.115.191 - - [23/Jan/2022:16:33:10 +0100] "GET /planes-placemat-p-31795.html HTTP/1.0" 200 73385 "-" "Mozilla/5.0 (Macintosh; Intel Mac OS X 10_15_5) AppleWebKit/605.1.15 (KHTML, like Gecko) Version/13.1.1 Safari/605.1.15 (Applebot/0.1; +http://www.apple.com/go/applebot)"
157.55.39.122 - - [23/Jan/2022:16:33:19 +0100] "GET /images/med_prod/1399984220368NN.jpg HTTP/1.0" 200 270 "-" "Mozilla/5.0 (compatible; bingbot/2.0; +http://www.bing.com/bingbot.htm)"
157.55.39.62 - - [23/Jan/2022:16:33:34 +0100] "GET /furnishings-c-13_87.html HTTP/1.0" 200 91210 "-" "Mozilla/5.0 (compatible; bingbot/2.0; +http://www.bing.com/bingbot.htm)"
185.191.171.12 - - [23/Jan/2022:16:34:16 +0100] "GET /strawberries-butter-dish-p-51417.html HTTP/1.0" 200 70812 "-" "Mozilla/5.0 (compatible; SemrushBot/7~bl; +http://www.semrush.com/bot.html)"
17.121.115.165 - - [23/Jan/2022:16:34:31 +0100] "GET /beatles-cosmetic-p-7114.html HTTP/1.0" 200 73574 "-" "Mozilla/5.0 (Macintosh; Intel Mac OS X 10_15_5) AppleWebKit/605.1.15 (KHTML, like Gecko) Version/13.1.1 Safari/605.1.15 (Applebot/0.1; +http://www.apple.com/go/applebot)"
216.244.66.242 - - [23/Jan/2022:16:34:39 +0100] "GET /metal-structure-hang-fairy-p-46790.html HTTP/1.0" 200 73511 "-" "Mozilla/5.0 (compatible; DotBot/1.2; +https://opensiteexplorer.org/dotbot; help@moz.com)"
54.36.148.243 - - [23/Jan/2022:16:34:42 +0100] "GET /rectangular-kitchen-towel-cotton-apro-p-51353.html HTTP/1.0" 200 73523 "-" "Mozilla/5.0 (compatible; AhrefsBot/7.0; +http://ahrefs.com/robot/)"
157.55.39.122 - - [23/Jan/2022:16:34:50 +0100] "GET /dark-wood-gold-aluminum-character-statues-p-56916.html HTTP/1.0" 200 74820 "-" "Mozilla/5.0 (compatible; bingbot/2.0; +http://www.bing.com/bingbot.htm)"
66.249.68.28 - - [23/Jan/2022:16:35:00 +0100] "GET /bamboo-fiber-plant-cover-p-55350.html HTTP/1.0" 200 73964 "-" "Mozilla/5.0 (Linux; Android 6.0.1; Nexus 5X Build/MMB29P) AppleWebKit/537.36 (KHTML, like Gecko) Chrome/97.0.4692.71 Mobile Safari/537.36 (compatible; Googlebot/2.1; +http://www.google.com/bot.html)"
185.191.171.10 - - [23/Jan/2022:16:35:51 +0100] "GET /-p-28462.html?action=add_product HTTP/1.0" 302 476 "-" "Mozilla/5.0 (compatible; SemrushBot/7~bl; +http://www.semrush.com/bot.html)"
114.119.128.26 - - [23/Jan/2022:16:36:03 +0100] "GET /read-purse-michelle-allen-p-53361.html HTTP/1.0" 200 73465 "-" "Mozilla/5.0 (Linux; Android 7.0;) AppleWebKit/537.36 (KHTML, like Gecko) Mobile Safari/537.36 (compatible; PetalBot;+https://webmaster.petalsearch.com/site/petalbot)"
185.191.171.37 - - [23/Jan/2022:16:36:15 +0100] "GET /horse-photo-frame-p-26645.html HTTP/1.0" 200 73351 "-" "Mozilla/5.0 (compatible; SemrushBot/7~bl; +http://www.semrush.com/bot.html)"
185.191.171.11 - - [23/Jan/2022:16:36:41 +0100] "GET /vanity-by-teo-jasmin-jasmine-p-44217.html HTTP/1.0" 301 70923 "-" "Mozilla/5.0 (compatible; SemrushBot/7~bl; +http://www.semrush.com/bot.html)"
185.191.171.39 - - [23/Jan/2022:16:36:44 +0100] "GET /vanity-jasmin-jasmine-p-44217.html HTTP/1.0" 200 70835 "-" "Mozilla/5.0 (compatible; SemrushBot/7~bl; +http://www.semrush.com/bot.html)"
54.36.148.243 - - [23/Jan/2022:16:37:00 +0100] "GET /bowl-laughing-white-porcelain-1000-made-germany-p-47552.html HTTP/1.0" 200 75697 "-" "Mozilla/5.0 (compatible; AhrefsBot/7.0; +http://ahrefs.com/robot/)"
66.249.68.24 - - [23/Jan/2022:16:37:19 +0100] "GET /images/big_prod_1/3665269180299a.jpg HTTP/1.0" 200 271 "-" "Googlebot-Image/1.0"
185.191.171.10 - - [23/Jan/2022:16:37:30 +0100] "GET /suitcase-lunch-and-lunch-box-c-12_64.html?page=3 HTTP/1.0" 301 83347 "-" "Mozilla/5.0 (compatible; SemrushBot/7~bl; +http://www.semrush.com/bot.html)"
185.191.171.39 - - [23/Jan/2022:16:37:34 +0100] "GET /suitcase-lunch-lunch-c-64.html?page=3 HTTP/1.0" 301 83246 "-" "Mozilla/5.0 (compatible; SemrushBot/7~bl; +http://www.semrush.com/bot.html)"
185.191.171.9 - - [23/Jan/2022:16:37:37 +0100] "GET /suitcase-lunch-lunch-c-12_64.html?page=3 HTTP/1.0" 200 83256 "-" "Mozilla/5.0 (compatible; SemrushBot/7~bl; +http://www.semrush.com/bot.html)"
40.77.167.47 - - [23/Jan/2022:16:37:39 +0100] "GET /images/big_prod/9316188077415.jpg HTTP/1.0" 200 268 "-" "Mozilla/5.0 (compatible; bingbot/2.0; +http://www.bing.com/bingbot.htm)"
185.191.171.22 - - [23/Jan/2022:16:38:06 +0100] "GET /elephant-figure-in-gold-resin-and-rhinestones-p-45872.html HTTP/1.0" 301 70785 "-" "Mozilla/5.0 (compatible; SemrushBot/7~bl; +http://www.semrush.com/bot.html)"
185.191.171.13 - - [23/Jan/2022:16:38:09 +0100] "GET /-p-45872.html HTTP/1.0" 200 70718 "-" "Mozilla/5.0 (compatible; SemrushBot/7~bl; +http://www.semrush.com/bot.html)"
157.55.39.62 - - [23/Jan/2022:16:38:24 +0100] "GET /jamaican-clock-p-24958.html HTTP/1.0" 200 73283 "-" "Mozilla/5.0 (compatible; bingbot/2.0; +http://www.bing.com/bingbot.htm)"
185.191.171.36 - - [23/Jan/2022:16:38:30 +0100] "GET /decorative-canvas-terrestrial-globe-hang-p-56050.html HTTP/1.0" 200 74473 "-" "Mozilla/5.0 (compatible; SemrushBot/7~bl; +http://www.semrush.com/bot.html)"
159.138.102.98 - - [23/Jan/2022:16:38:50 +0100] "GET /smiski-figure-yoga-series-note-there-is-single-figure-p-50890.html HTTP/1.0" 301 74796 "-" "Mozilla/5.0 (Linux; Android 7.0;) AppleWebKit/537.36 (KHTML, like Gecko) Mobile Safari/537.36 (compatible; PetalBot;+https://webmaster.petalsearch.com/site/petalbot)"
159.138.102.98 - - [23/Jan/2022:16:38:52 +0100] "GET /smiski-figure-yoga-series-note-there-single-figure-p-50890.html HTTP/1.0" 200 74679 "-" "Mozilla/5.0 (Linux; Android 7.0;) AppleWebKit/537.36 (KHTML, like Gecko) Mobile Safari/537.36 (compatible; PetalBot;+https://webmaster.petalsearch.com/site/petalbot)"
157.55.39.153 - - [23/Jan/2022:16:39:17 +0100] "GET /decorative-useful-gogh-yellow-iris-p-56991.html HTTP/1.0" 200 74198 "-" "Mozilla/5.0 (compatible; bingbot/2.0; +http://www.bing.com/bingbot.htm)"
54.36.148.243 - - [23/Jan/2022:16:39:18 +0100] "GET /epoxy-resin-magnets-little-prince-p-54976.html HTTP/1.0" 200 74197 "-" "Mozilla/5.0 (compatible; AhrefsBot/7.0; +http://ahrefs.com/robot/)"
185.191.171.4 - - [23/Jan/2022:16:39:29 +0100] "GET /cake-dish-cherry-p-56484.html HTTP/1.0" 200 73384 "-" "Mozilla/5.0 (compatible; SemrushBot/7~bl; +http://www.semrush.com/bot.html)"
66.249.68.28 - - [23/Jan/2022:16:39:54 +0100] "GET /microfibre-base-cover-black-p-47978.html HTTP/1.0" 200 73528 "-" "Mozilla/5.0 (compatible; Googlebot/2.1; +http://www.google.com/bot.html)"
54.36.148.243 - - [23/Jan/2022:16:41:31 +0100] "GET /compass-sundial-ornamental-brass-robert-frost-p-41464.html HTTP/1.0" 200 73601 "-" "Mozilla/5.0 (compatible; AhrefsBot/7.0; +http://ahrefs.com/robot/)"
51.68.224.127 - - [23/Jan/2022:16:41:46 +0100] "GET /adminweb/export_orders_xml.php?token=256de2z6edz6ed2z6DFSFsed2zed6zeDSFDSGdzedezfzf&maxorders=10&orderstart=1&status=14&start_date=2018-10-01 HTTP/1.0" 200 285 "-" "GesCom CharlotteBoutik Serveur"
51.68.224.127 - - [23/Jan/2022:16:41:46 +0100] "GET /adminweb/export_orders_xml.php?token=256de2z6edz6ed2z6DFSFsed2zed6zeDSFDSGdzedezfzf&maxorders=10&orderstart=1&status=6&start_date=2018-10-01 HTTP/1.0" 200 32795 "-" "GesCom CharlotteBoutik Serveur"
185.191.171.38 - - [23/Jan/2022:16:41:53 +0100] "GET /hello-kitty-wall-light-p-11191.html?action=add_product HTTP/1.0" 302 476 "-" "Mozilla/5.0 (compatible; SemrushBot/7~bl; +http://www.semrush.com/bot.html)"
185.191.171.1 - - [23/Jan/2022:16:42:11 +0100] "GET /disney-showcase-belle-whith-sheep-p-57157.html HTTP/1.0" 200 74636 "-" "Mozilla/5.0 (compatible; SemrushBot/7~bl; +http://www.semrush.com/bot.html)"
185.191.171.44 - - [23/Jan/2022:16:42:30 +0100] "GET /dinosaur-nightlight-p-53121.html?action=add_product HTTP/1.0" 302 476 "-" "Mozilla/5.0 (compatible; SemrushBot/7~bl; +http://www.semrush.com/bot.html)"
54.36.149.96 - - [23/Jan/2022:16:42:31 +0100] "GET /charmmy-kitty-embroidered-funky-bag-p-8380.html HTTP/1.0" 301 70782 "-" "Mozilla/5.0 (compatible; AhrefsBot/7.0; +http://ahrefs.com/robot/)"
185.191.171.15 - - [23/Jan/2022:16:42:51 +0100] "GET /emoticon-cushion-emoji-p-42817.html HTTP/1.0" 200 70812 "-" "Mozilla/5.0 (compatible; SemrushBot/7~bl; +http://www.semrush.com/bot.html)"
157.55.39.153 - - [23/Jan/2022:16:43:25 +0100] "GET /images/med_prod/0039897677330dg.jpg HTTP/1.0" 200 270 "-" "Mozilla/5.0 (compatible; bingbot/2.0; +http://www.bing.com/bingbot.htm)"
157.55.39.125 - - [23/Jan/2022:16:43:29 +0100] "GET /green-glass-metal-desk-lamp-p-50109.html HTTP/1.0" 200 70812 "-" "Mozilla/5.0 (compatible; bingbot/2.0; +http://www.bing.com/bingbot.htm)"
114.119.128.26 - - [23/Jan/2022:16:43:41 +0100] "GET /marley-green-alarm-clock-p-14117.html HTTP/1.0" 200 73412 "-" "Mozilla/5.0 (Linux; Android 7.0;) AppleWebKit/537.36 (KHTML, like Gecko) Mobile Safari/537.36 (compatible; PetalBot;+https://webmaster.petalsearch.com/site/petalbot)"
54.36.148.243 - - [23/Jan/2022:16:43:48 +0100] "GET /bowl-happy-white-porcelain-1000-made-germany-p-47554.html HTTP/1.0" 200 75907 "-" "Mozilla/5.0 (compatible; AhrefsBot/7.0; +http://ahrefs.com/robot/)"
66.249.68.28 - - [23/Jan/2022:16:43:55 +0100] "GET /york-yankees-school-p-41167.html HTTP/1.0" 200 73879 "-" "Mozilla/5.0 (compatible; Googlebot/2.1; +http://www.google.com/bot.html)"
17.121.114.123 - - [23/Jan/2022:16:44:59 +0100] "GET /images/big_prod/8433933101490.jpg HTTP/1.0" 200 268 "-" "Mozilla/5.0 (Macintosh; Intel Mac OS X 10_15_5) AppleWebKit/605.1.15 (KHTML, like Gecko) Version/13.1.1 Safari/605.1.15 (Applebot/0.1; +http://www.apple.com/go/applebot)"
185.191.171.44 - - [23/Jan/2022:16:45:39 +0100] "GET /robots.txt HTTP/1.0" 200 245 "-" "Mozilla/5.0 (compatible; SemrushBot/7~bl; +http://www.semrush.com/bot.html)"
185.191.171.23 - - [23/Jan/2022:16:45:40 +0100] "GET /harley-davidson-small-metal-plate-p-27976.html?action=add_product HTTP/1.0" 302 476 "-" "Mozilla/5.0 (compatible; SemrushBot/7~bl; +http://www.semrush.com/bot.html)"
185.191.171.22 - - [23/Jan/2022:16:45:43 +0100] "GET /ultrasonic-aroma-diffuser-breeze-natural-p-54111.html HTTP/1.0" 200 75404 "-" "Mozilla/5.0 (compatible; SemrushBot/7~bl; +http://www.semrush.com/bot.html)"
185.191.171.17 - - [23/Jan/2022:16:45:57 +0100] "GET /vespa-perpetual-calendar-p-11796.html?action=add_product HTTP/1.0" 302 476 "-" "Mozilla/5.0 (compatible; SemrushBot/7~bl; +http://www.semrush.com/bot.html)"
54.36.148.243 - - [23/Jan/2022:16:45:58 +0100] "GET /deer-wall-stickers-p-51127.html HTTP/1.0" 200 74202 "-" "Mozilla/5.0 (compatible; AhrefsBot/7.0; +http://ahrefs.com/robot/)"
185.191.171.41 - - [23/Jan/2022:16:46:22 +0100] "GET /blue-electric-guitar-hook-metal-p-42803.html?action=add_product HTTP/1.0" 302 476 "-" "Mozilla/5.0 (compatible; SemrushBot/7~bl; +http://www.semrush.com/bot.html)"
114.119.128.37 - - [23/Jan/2022:16:46:26 +0100] "GET /retro-p-11765.html HTTP/1.0" 200 73258 "-" "Mozilla/5.0 (Linux; Android 7.0;) AppleWebKit/537.36 (KHTML, like Gecko) Mobile Safari/537.36 (compatible; PetalBot;+https://webmaster.petalsearch.com/site/petalbot)"
66.249.68.26 - - [23/Jan/2022:16:47:08 +0100] "GET /gorjuss-hush-little-bunny-trolley-backpack-p-29925.html HTTP/1.0" 301 70785 "-" "Mozilla/5.0 (compatible; Googlebot/2.1; +http://www.google.com/bot.html)"
66.249.68.24 - - [23/Jan/2022:16:47:10 +0100] "GET /-p-29925.html HTTP/1.0" 200 70718 "-" "Mozilla/5.0 (compatible; Googlebot/2.1; +http://www.google.com/bot.html)"
185.191.171.26 - - [23/Jan/2022:16:47:45 +0100] "GET /mugs-and-mazagrans-c-12_57.html?page=29 HTTP/1.0" 301 96632 "-" "Mozilla/5.0 (compatible; SemrushBot/7~bl; +http://www.semrush.com/bot.html)"
185.191.171.44 - - [23/Jan/2022:16:47:48 +0100] "GET /mugs-mazagrans-c-57.html?page=29 HTTP/1.0" 301 96531 "-" "Mozilla/5.0 (compatible; SemrushBot/7~bl; +http://www.semrush.com/bot.html)"
185.191.171.3 - - [23/Jan/2022:16:47:51 +0100] "GET /mugs-mazagrans-c-12_57.html?page=29 HTTP/1.0" 200 96546 "-" "Mozilla/5.0 (compatible; SemrushBot/7~bl; +http://www.semrush.com/bot.html)"
66.249.68.24 - - [23/Jan/2022:16:48:06 +0100] "GET /images/big_prod_2/8424346229154a.jpg HTTP/1.0" 200 271 "-" "Googlebot-Image/1.0"
54.36.148.243 - - [23/Jan/2022:16:48:23 +0100] "GET /placemat-kiub-collection-owls-p-55899.html HTTP/1.0" 200 73397 "-" "Mozilla/5.0 (compatible; AhrefsBot/7.0; +http://ahrefs.com/robot/)"
185.191.171.23 - - [23/Jan/2022:16:48:29 +0100] "GET /kimmi-junior-best-friend-necklaces-p-8753.html?action=add_product HTTP/1.0" 302 476 "-" "Mozilla/5.0 (compatible; SemrushBot/7~bl; +http://www.semrush.com/bot.html)"
114.119.128.39 - - [23/Jan/2022:16:49:39 +0100] "GET /large-pendulum-hang-p-54953.html HTTP/1.0" 200 70802 "-" "Mozilla/5.0 (Linux; Android 7.0;) AppleWebKit/537.36 (KHTML, like Gecko) Mobile Safari/537.36 (compatible; PetalBot;+https://webmaster.petalsearch.com/site/petalbot)"
185.191.171.33 - - [23/Jan/2022:16:50:27 +0100] "GET /incense-burner-sticks-cones-yoga-tree-p-44270.html?action=add_product HTTP/1.0" 302 476 "-" "Mozilla/5.0 (compatible; SemrushBot/7~bl; +http://www.semrush.com/bot.html)"
185.191.171.34 - - [23/Jan/2022:16:50:30 +0100] "GET /skull-money-box-resin-matte-silver-p-37767.html HTTP/1.0" 301 70937 "-" "Mozilla/5.0 (compatible; SemrushBot/7~bl; +http://www.semrush.com/bot.html)"
185.191.171.8 - - [23/Jan/2022:16:50:34 +0100] "GET /skull-money-resin-matte-silver-p-37767.html HTTP/1.0" 200 70840 "-" "Mozilla/5.0 (compatible; SemrushBot/7~bl; +http://www.semrush.com/bot.html)"
54.36.148.243 - - [23/Jan/2022:16:50:39 +0100] "GET /kitten-cardboard-p-27643.html HTTP/1.0" 200 73563 "-" "Mozilla/5.0 (compatible; AhrefsBot/7.0; +http://ahrefs.com/robot/)"
185.191.171.23 - - [23/Jan/2022:16:50:40 +0100] "GET /brown-horse-case-lenticulaire-for-iphone-series-p-22168.html HTTP/1.0" 301 70785 "-" "Mozilla/5.0 (compatible; SemrushBot/7~bl; +http://www.semrush.com/bot.html)"
40.77.167.47 - - [23/Jan/2022:16:50:41 +0100] "GET /jour-boire-metal-plate-deco-p-57074.html HTTP/1.0" 200 73985 "-" "Mozilla/5.0 (compatible; bingbot/2.0; +http://www.bing.com/bingbot.htm)"
185.191.171.25 - - [23/Jan/2022:16:50:44 +0100] "GET /-p-22168.html HTTP/1.0" 200 70718 "-" "Mozilla/5.0 (compatible; SemrushBot/7~bl; +http://www.semrush.com/bot.html)"
216.244.66.242 - - [23/Jan/2022:16:51:05 +0100] "GET /robots.txt HTTP/1.0" 200 245 "-" "Mozilla/5.0 (compatible; DotBot/1.2; +https://opensiteexplorer.org/dotbot; help@moz.com)"
216.244.66.242 - - [23/Jan/2022:16:51:05 +0100] "GET /robots.txt HTTP/1.0" 301 531 "-" "Mozilla/5.0 (compatible; DotBot/1.2; +https://opensiteexplorer.org/dotbot; help@moz.com)"
216.244.66.242 - - [23/Jan/2022:16:51:06 +0100] "GET /robots.txt HTTP/1.0" 200 245 "-" "Mozilla/5.0 (compatible; DotBot/1.2; +https://opensiteexplorer.org/dotbot; help@moz.com)"
185.191.171.33 - - [23/Jan/2022:16:51:14 +0100] "GET /jellyfish-glass-paperweight-orange-p-54334.html HTTP/1.0" 200 74151 "-" "Mozilla/5.0 (compatible; SemrushBot/7~bl; +http://www.semrush.com/bot.html)"
207.46.13.190 - - [23/Jan/2022:16:51:22 +0100] "GET /light-gray-satin-shade-p-57097.html HTTP/1.0" 200 74044 "-" "Mozilla/5.0 (compatible; bingbot/2.0; +http://www.bing.com/bingbot.htm)"
185.191.171.37 - - [23/Jan/2022:16:51:25 +0100] "GET /willow-tree-collection-tree-player-p-55499.html?action=add_product HTTP/1.0" 302 476 "-" "Mozilla/5.0 (compatible; SemrushBot/7~bl; +http://www.semrush.com/bot.html)"
114.119.128.26 - - [23/Jan/2022:16:52:24 +0100] "GET /toucan-wall-sticker-p-47300.html HTTP/1.0" 200 74059 "-" "Mozilla/5.0 (Linux; Android 7.0;) AppleWebKit/537.36 (KHTML, like Gecko) Mobile Safari/537.36 (compatible; PetalBot;+https://webmaster.petalsearch.com/site/petalbot)"
185.191.171.41 - - [23/Jan/2022:16:52:27 +0100] "GET /nightlight-shaped-bear-multicolor-p-42887.html HTTP/1.0" 200 74140 "-" "Mozilla/5.0 (compatible; SemrushBot/7~bl; +http://www.semrush.com/bot.html)"
185.191.171.36 - - [23/Jan/2022:16:52:40 +0100] "GET /dopey-mini-figurine-p-55970.html HTTP/1.0" 200 74484 "-" "Mozilla/5.0 (compatible; SemrushBot/7~bl; +http://www.semrush.com/bot.html)"
54.36.148.243 - - [23/Jan/2022:16:52:56 +0100] "GET /cotton-napkin-sold-individually-p-51266.html HTTP/1.0" 200 74163 "-" "Mozilla/5.0 (compatible; AhrefsBot/7.0; +http://ahrefs.com/robot/)"
185.191.171.10 - - [23/Jan/2022:16:54:05 +0100] "GET /ride-hobo-p-31356.html?action=add_product HTTP/1.0" 302 476 "-" "Mozilla/5.0 (compatible; SemrushBot/7~bl; +http://www.semrush.com/bot.html)"
185.191.171.10 - - [23/Jan/2022:16:54:25 +0100] "GET /writing-and-correction-c-129_186.html?page=3 HTTP/1.0" 301 93243 "-" "Mozilla/5.0 (compatible; SemrushBot/7~bl; +http://www.semrush.com/bot.html)"
185.191.171.12 - - [23/Jan/2022:16:54:29 +0100] "GET /writing-correction-c-186.html?page=3 HTTP/1.0" 301 93107 "-" "Mozilla/5.0 (compatible; SemrushBot/7~bl; +http://www.semrush.com/bot.html)"
185.191.171.41 - - [23/Jan/2022:16:54:32 +0100] "GET /writing-correction-c-129_186.html?page=3 HTTP/1.0" 200 93153 "-" "Mozilla/5.0 (compatible; SemrushBot/7~bl; +http://www.semrush.com/bot.html)"
185.191.171.45 - - [23/Jan/2022:16:55:18 +0100] "GET /unicorn-plush-pink-white-p-47647.html?action=add_product HTTP/1.0" 302 476 "-" "Mozilla/5.0 (compatible; SemrushBot/7~bl; +http://www.semrush.com/bot.html)"
54.36.148.243 - - [23/Jan/2022:16:55:19 +0100] "GET /butterfly-metal-trivet-p-40447.html HTTP/1.0" 200 73351 "-" "Mozilla/5.0 (compatible; AhrefsBot/7.0; +http://ahrefs.com/robot/)"
17.121.114.172 - - [23/Jan/2022:16:55:27 +0100] "GET /pineapple-mirror-wall-sticker-p-48769.html HTTP/1.0" 200 73439 "-" "Mozilla/5.0 (Macintosh; Intel Mac OS X 10_15_5) AppleWebKit/605.1.15 (KHTML, like Gecko) Version/13.1.1 Safari/605.1.15 (Applebot/0.1; +http://www.apple.com/go/applebot)"
185.191.171.42 - - [23/Jan/2022:16:56:07 +0100] "GET /decorative-with-measuring-vase-p-53072.html?action=add_product HTTP/1.0" 302 476 "-" "Mozilla/5.0 (compatible; SemrushBot/7~bl; +http://www.semrush.com/bot.html)"
185.191.171.15 - - [23/Jan/2022:16:56:09 +0100] "GET /door-plate-bathroom-p-54955.html HTTP/1.0" 200 73973 "-" "Mozilla/5.0 (compatible; SemrushBot/7~bl; +http://www.semrush.com/bot.html)"
17.121.113.205 - - [23/Jan/2022:16:56:47 +0100] "GET /jewelry-holder-polka-dress-p-47490.html HTTP/1.0" 200 73535 "-" "Mozilla/5.0 (Macintosh; Intel Mac OS X 10_15_5) AppleWebKit/605.1.15 (KHTML, like Gecko) Version/13.1.1 Safari/605.1.15 (Applebot/0.1; +http://www.apple.com/go/applebot)"
185.191.171.2 - - [23/Jan/2022:16:57:18 +0100] "GET /small-soft-pastel-bear-p-53980.html?action=add_product HTTP/1.0" 302 476 "-" "Mozilla/5.0 (compatible; SemrushBot/7~bl; +http://www.semrush.com/bot.html)"
54.36.148.243 - - [23/Jan/2022:16:57:41 +0100] "GET /backpack-angeles-lakers-p-55757.html HTTP/1.0" 200 74559 "-" "Mozilla/5.0 (compatible; AhrefsBot/7.0; +http://ahrefs.com/robot/)"
185.191.171.44 - - [23/Jan/2022:16:58:16 +0100] "GET /teacups-clock-allen-p-31433.html?action=add_product HTTP/1.0" 302 476 "-" "Mozilla/5.0 (compatible; SemrushBot/7~bl; +http://www.semrush.com/bot.html)"
185.191.171.25 - - [23/Jan/2022:16:58:18 +0100] "GET /flower-cover-p-55343.html HTTP/1.0" 200 73979 "-" "Mozilla/5.0 (compatible; SemrushBot/7~bl; +http://www.semrush.com/bot.html)"
185.191.171.2 - - [23/Jan/2022:16:58:21 +0100] "GET /-p-51701.html?action=add_product HTTP/1.0" 302 476 "-" "Mozilla/5.0 (compatible; SemrushBot/7~bl; +http://www.semrush.com/bot.html)"
51.68.224.127 - - [23/Jan/2022:16:58:29 +0100] "GET /adminweb/export_orders_xml.php?token=256de2z6edz6ed2z6DFSFsed2zed6zeDSFDSGdzedezfzf&maxorders=10&orderstart=1&status=14&start_date=2018-10-01 HTTP/1.0" 200 285 "-" "GesCom CharlotteBoutik Serveur"
51.68.224.127 - - [23/Jan/2022:16:58:29 +0100] "GET /adminweb/export_orders_xml.php?token=256de2z6edz6ed2z6DFSFsed2zed6zeDSFDSGdzedezfzf&maxorders=10&orderstart=1&status=6&start_date=2018-10-01 HTTP/1.0" 200 32795 "-" "GesCom CharlotteBoutik Serveur"
114.119.128.39 - - [23/Jan/2022:16:58:30 +0100] "GET /plush-keel-toys-giraffe-p-50303.html HTTP/1.0" 200 70804 "-" "Mozilla/5.0 (Linux; Android 7.0;) AppleWebKit/537.36 (KHTML, like Gecko) Mobile Safari/537.36 (compatible; PetalBot;+https://webmaster.petalsearch.com/site/petalbot)"
216.244.66.242 - - [23/Jan/2022:16:58:44 +0100] "GET /images/med_prod/7316197615563.jpg HTTP/1.0" 200 268 "-" "Mozilla/5.0 (compatible; DotBot/1.2; +https://opensiteexplorer.org/dotbot; help@moz.com)"
185.191.171.42 - - [23/Jan/2022:16:58:58 +0100] "GET /breakfast-board-half-tassen-made-germany-p-53732.html HTTP/1.0" 200 74704 "-" "Mozilla/5.0 (compatible; SemrushBot/7~bl; +http://www.semrush.com/bot.html)"
185.191.171.16 - - [23/Jan/2022:16:59:12 +0100] "GET /-p-47892.html?action=add_product HTTP/1.0" 302 476 "-" "Mozilla/5.0 (compatible; SemrushBot/7~bl; +http://www.semrush.com/bot.html)"
66.249.68.28 - - [23/Jan/2022:16:59:47 +0100] "GET /microfibre-base-cover-light-brown-p-47981.html HTTP/1.0" 200 73561 "-" "Mozilla/5.0 (compatible; Googlebot/2.1; +http://www.google.com/bot.html)"
185.191.171.21 - - [23/Jan/2022:16:59:48 +0100] "GET /retro-sugar-bowl-p-39540.html HTTP/1.0" 200 70789 "-" "Mozilla/5.0 (compatible; SemrushBot/7~bl; +http://www.semrush.com/bot.html)"
17.121.114.83 - - [23/Jan/2022:16:59:52 +0100] "GET /buddha-canvas-frame-p-33995.html HTTP/1.0" 200 73486 "-" "Mozilla/5.0 (Macintosh; Intel Mac OS X 10_15_5) AppleWebKit/605.1.15 (KHTML, like Gecko) Version/13.1.1 Safari/605.1.15 (Applebot/0.1; +http://www.apple.com/go/applebot)"
54.36.148.243 - - [23/Jan/2022:17:00:03 +0100] "GET /meditation-cushion-black-organic-cotton-p-47257.html HTTP/1.0" 200 75011 "-" "Mozilla/5.0 (compatible; AhrefsBot/7.0; +http://ahrefs.com/robot/)"
185.191.171.5 - - [23/Jan/2022:17:00:16 +0100] "GET /patinated-white-square-wooden-wall-decoration-40-40-cm-p-45943.html HTTP/1.0" 301 71079 "-" "Mozilla/5.0 (compatible; SemrushBot/7~bl; +http://www.semrush.com/bot.html)"
185.191.171.13 - - [23/Jan/2022:17:00:20 +0100] "GET /patinated-white-square-wooden-wall-decoration-p-45943.html HTTP/1.0" 200 70967 "-" "Mozilla/5.0 (compatible; SemrushBot/7~bl; +http://www.semrush.com/bot.html)"
97.103.76.166 - - [23/Jan/2022:17:00:52 +0100] "GET /images/big_prod_1/8422669354003B.jpg HTTP/1.0" 200 271 "-" "Mozilla/5.0 (Macintosh; Intel Mac OS X 10_15_6) AppleWebKit/605.1.15 (KHTML, like Gecko) Version/15.2 Safari/605.1.15"
66.249.68.28 - - [23/Jan/2022:17:00:55 +0100] "GET /sonny-angel-japanese-good-luck-series-figure-individually-p-55927.html HTTP/1.0" 200 74969 "-" "Mozilla/5.0 (Linux; Android 6.0.1; Nexus 5X Build/MMB29P) AppleWebKit/537.36 (KHTML, like Gecko) Chrome/97.0.4692.71 Mobile Safari/537.36 (compatible; Googlebot/2.1; +http://www.google.com/bot.html)"
66.249.68.26 - - [23/Jan/2022:17:01:04 +0100] "GET /dora-the-explorater-plastic-bowl-p-14856.html HTTP/1.0" 301 70923 "-" "Mozilla/5.0 (compatible; Googlebot/2.1; +http://www.google.com/bot.html)"
66.249.68.26 - - [23/Jan/2022:17:01:05 +0100] "GET /dora-explorater-plastic-bowl-p-14856.html HTTP/1.0" 200 70828 "-" "Mozilla/5.0 (compatible; Googlebot/2.1; +http://www.google.com/bot.html)"
2.101.172.121 - - [23/Jan/2022:17:01:23 +0100] "GET /minnie-mouse-large-disney-suitcase-p-28806.html HTTP/1.0" 301 70785 "https://r.search.yahoo.com/_ylt=AwrJ5swWee1hEb8ALI7w3olQ;_ylu=c2VjA3NyBHNsawNpbWcEb2lkA2Y3ZGVhY2M3OGUwZThiMDdmMmM0M2UwN2E1OWY2MmZkBGdwb3MDNDgEaXQDYmluZw--/RV=2/RE=1642981783/RO=11/RU=http%3a%2f%2fwww.wonder-geek.com%2fminnie-mouse-large-disney-suitcase-p-28806.html/RK=2/RS=_cpRjXgpDOgwy6xrnelPz0FsgMk-" "Mozilla/5.0 (iPhone; CPU iPhone OS 14_8_1 like Mac OS X) AppleWebKit/605.1.15 (KHTML, like Gecko) Version/14.1.2 Mobile/15E148 Safari/604.1"
2.101.172.121 - - [23/Jan/2022:17:01:24 +0100] "GET /-p-28806.html HTTP/1.0" 200 70718 "-" "Mozilla/5.0 (iPhone; CPU iPhone OS 14_8_1 like Mac OS X) AppleWebKit/605.1.15 (KHTML, like Gecko) Version/14.1.2 Mobile/15E148 Safari/604.1"
2.101.172.121 - - [23/Jan/2022:17:01:26 +0100] "GET /js/jquery.jqzoom.js HTTP/1.0" 200 259 "http://www.wonder-geek.com/-p-28806.html" "Mozilla/5.0 (iPhone; CPU iPhone OS 14_8_1 like Mac OS X) AppleWebKit/605.1.15 (KHTML, like Gecko) Version/14.1.2 Mobile/15E148 Safari/604.1"
2.101.172.121 - - [23/Jan/2022:17:01:26 +0100] "GET /templates/Pixame_v1/stylesheet.css HTTP/1.0" 200 267 "http://www.wonder-geek.com/-p-28806.html" "Mozilla/5.0 (iPhone; CPU iPhone OS 14_8_1 like Mac OS X) AppleWebKit/605.1.15 (KHTML, like Gecko) Version/14.1.2 Mobile/15E148 Safari/604.1"
2.101.172.121 - - [23/Jan/2022:17:01:26 +0100] "GET /highslide/highslide.js HTTP/1.0" 200 262 "http://www.wonder-geek.com/-p-28806.html" "Mozilla/5.0 (iPhone; CPU iPhone OS 14_8_1 like Mac OS X) AppleWebKit/605.1.15 (KHTML, like Gecko) Version/14.1.2 Mobile/15E148 Safari/604.1"
2.101.172.121 - - [23/Jan/2022:17:01:26 +0100] "GET /js/jquery.js HTTP/1.0" 200 252 "http://www.wonder-geek.com/-p-28806.html" "Mozilla/5.0 (iPhone; CPU iPhone OS 14_8_1 like Mac OS X) AppleWebKit/605.1.15 (KHTML, like Gecko) Version/14.1.2 Mobile/15E148 Safari/604.1"
2.101.172.121 - - [23/Jan/2022:17:01:26 +0100] "GET /mondial_relay/js/jquery-1.3.2.min.js HTTP/1.0" 200 276 "http://www.wonder-geek.com/-p-28806.html" "Mozilla/5.0 (iPhone; CPU iPhone OS 14_8_1 like Mac OS X) AppleWebKit/605.1.15 (KHTML, like Gecko) Version/14.1.2 Mobile/15E148 Safari/604.1"
2.101.172.121 - - [23/Jan/2022:17:01:26 +0100] "GET /swfobject.js HTTP/1.0" 404 1308 "http://www.wonder-geek.com/-p-28806.html" "Mozilla/5.0 (iPhone; CPU iPhone OS 14_8_1 like Mac OS X) AppleWebKit/605.1.15 (KHTML, like Gecko) Version/14.1.2 Mobile/15E148 Safari/604.1"
2.101.172.121 - - [23/Jan/2022:17:01:26 +0100] "GET /templates/Pixame_v1/images/icon_accueil2.png HTTP/1.0" 200 278 "http://www.wonder-geek.com/-p-28806.html" "Mozilla/5.0 (iPhone; CPU iPhone OS 14_8_1 like Mac OS X) AppleWebKit/605.1.15 (KHTML, like Gecko) Version/14.1.2 Mobile/15E148 Safari/604.1"
2.101.172.121 - - [23/Jan/2022:17:01:26 +0100] "GET /templates/Pixame_v1/images/infobox/pixel_trans.gif HTTP/1.0" 200 328 "http://www.wonder-geek.com/-p-28806.html" "Mozilla/5.0 (iPhone; CPU iPhone OS 14_8_1 like Mac OS X) AppleWebKit/605.1.15 (KHTML, like Gecko) Version/14.1.2 Mobile/15E148 Safari/604.1"
2.101.172.121 - - [23/Jan/2022:17:01:26 +0100] "GET /images/pixel_trans.gif HTTP/1.0" 200 328 "http://www.wonder-geek.com/-p-28806.html" "Mozilla/5.0 (iPhone; CPU iPhone OS 14_8_1 like Mac OS X) AppleWebKit/605.1.15 (KHTML, like Gecko) Version/14.1.2 Mobile/15E148 Safari/604.1"
2.101.172.121 - - [23/Jan/2022:17:01:26 +0100] "GET /templates/Pixame_v1/images/pixel_trans.gif HTTP/1.0" 200 328 "http://www.wonder-geek.com/-p-28806.html" "Mozilla/5.0 (iPhone; CPU iPhone OS 14_8_1 like Mac OS X) AppleWebKit/605.1.15 (KHTML, like Gecko) Version/14.1.2 Mobile/15E148 Safari/604.1"
2.101.172.121 - - [23/Jan/2022:17:01:26 +0100] "GET /templates/Pixame_v1/images/buttons/english/button_continue.gif HTTP/1.0" 200 1264 "http://www.wonder-geek.com/-p-28806.html" "Mozilla/5.0 (iPhone; CPU iPhone OS 14_8_1 like Mac OS X) AppleWebKit/605.1.15 (KHTML, like Gecko) Version/14.1.2 Mobile/15E148 Safari/604.1"
2.101.172.121 - - [23/Jan/2022:17:01:26 +0100] "GET /templates/Pixame_v1/images/Bottom_texture.jpg HTTP/1.0" 200 280 "http://www.wonder-geek.com/-p-28806.html" "Mozilla/5.0 (iPhone; CPU iPhone OS 14_8_1 like Mac OS X) AppleWebKit/605.1.15 (KHTML, like Gecko) Version/14.1.2 Mobile/15E148 Safari/604.1"
2.101.172.121 - - [23/Jan/2022:17:01:26 +0100] "GET /templates/Pixame_v1/images/Middle_texture.jpg HTTP/1.0" 200 280 "http://www.wonder-geek.com/-p-28806.html" "Mozilla/5.0 (iPhone; CPU iPhone OS 14_8_1 like Mac OS X) AppleWebKit/605.1.15 (KHTML, like Gecko) Version/14.1.2 Mobile/15E148 Safari/604.1"
2.101.172.121 - - [23/Jan/2022:17:01:26 +0100] "GET /templates/Pixame_v1/images/nav.png HTTP/1.0" 200 268 "http://www.wonder-geek.com/-p-28806.html" "Mozilla/5.0 (iPhone; CPU iPhone OS 14_8_1 like Mac OS X) AppleWebKit/605.1.15 (KHTML, like Gecko) Version/14.1.2 Mobile/15E148 Safari/604.1"
2.101.172.121 - - [23/Jan/2022:17:01:26 +0100] "GET /templates/Pixame_v1/images/header.png HTTP/1.0" 200 271 "http://www.wonder-geek.com/-p-28806.html" "Mozilla/5.0 (iPhone; CPU iPhone OS 14_8_1 like Mac OS X) AppleWebKit/605.1.15 (KHTML, like Gecko) Version/14.1.2 Mobile/15E148 Safari/604.1"
2.101.172.121 - - [23/Jan/2022:17:01:26 +0100] "GET /templates/Pixame_v1/images/header-object.png HTTP/1.0" 200 278 "http://www.wonder-geek.com/-p-28806.html" "Mozilla/5.0 (iPhone; CPU iPhone OS 14_8_1 like Mac OS X) AppleWebKit/605.1.15 (KHTML, like Gecko) Version/14.1.2 Mobile/15E148 Safari/604.1"
2.101.172.121 - - [23/Jan/2022:17:01:26 +0100] "GET /design/productsenstock.png HTTP/1.0" 200 260 "http://www.wonder-geek.com/-p-28806.html" "Mozilla/5.0 (iPhone; CPU iPhone OS 14_8_1 like Mac OS X) AppleWebKit/605.1.15 (KHTML, like Gecko) Version/14.1.2 Mobile/15E148 Safari/604.1"
2.101.172.121 - - [23/Jan/2022:17:01:26 +0100] "GET /templates/Pixame_v1/images/infobox/infobox_footer_middle.gif HTTP/1.0" 200 357 "http://www.wonder-geek.com/-p-28806.html" "Mozilla/5.0 (iPhone; CPU iPhone OS 14_8_1 like Mac OS X) AppleWebKit/605.1.15 (KHTML, like Gecko) Version/14.1.2 Mobile/15E148 Safari/604.1"
2.101.172.121 - - [23/Jan/2022:17:01:26 +0100] "GET /highslide/graphics/outlines/drop-shadow.png HTTP/1.0" 200 277 "http://www.wonder-geek.com/-p-28806.html" "Mozilla/5.0 (iPhone; CPU iPhone OS 14_8_1 like Mac OS X) AppleWebKit/605.1.15 (KHTML, like Gecko) Version/14.1.2 Mobile/15E148 Safari/604.1"
2.101.172.121 - - [23/Jan/2022:17:01:26 +0100] "GET /highslide/graphics/zoomout.cur HTTP/1.0" 200 614 "http://www.wonder-geek.com/-p-28806.html" "Mozilla/5.0 (iPhone; CPU iPhone OS 14_8_1 like Mac OS X) AppleWebKit/605.1.15 (KHTML, like Gecko) Version/14.1.2 Mobile/15E148 Safari/604.1"
2.101.172.121 - - [23/Jan/2022:17:01:26 +0100] "GET /highslide/graphics/loader.white.gif HTTP/1.0" 200 960 "http://www.wonder-geek.com/-p-28806.html" "Mozilla/5.0 (iPhone; CPU iPhone OS 14_8_1 like Mac OS X) AppleWebKit/605.1.15 (KHTML, like Gecko) Version/14.1.2 Mobile/15E148 Safari/604.1"
2.101.172.121 - - [23/Jan/2022:17:01:26 +0100] "GET /favicon.ico HTTP/1.0" 200 260 "http://www.wonder-geek.com/-p-28806.html" "Mozilla/5.0 (iPhone; CPU iPhone OS 14_8_1 like Mac OS X) AppleWebKit/605.1.15 (KHTML, like Gecko) Version/14.1.2 Mobile/15E148 Safari/604.1"
185.191.171.5 - - [23/Jan/2022:17:01:57 +0100] "GET /salt-and-pepper-set-p-49111.html HTTP/1.0" 301 73427 "-" "Mozilla/5.0 (compatible; SemrushBot/7~bl; +http://www.semrush.com/bot.html)"
17.121.115.167 - - [23/Jan/2022:17:01:59 +0100] "GET /kitchen-supports-p-44485.html HTTP/1.0" 200 73582 "-" "Mozilla/5.0 (Macintosh; Intel Mac OS X 10_15_5) AppleWebKit/605.1.15 (KHTML, like Gecko) Version/13.1.1 Safari/605.1.15 (Applebot/0.1; +http://www.apple.com/go/applebot)"
185.191.171.4 - - [23/Jan/2022:17:02:00 +0100] "GET /salt-pepper-p-49111.html HTTP/1.0" 200 73349 "-" "Mozilla/5.0 (compatible; SemrushBot/7~bl; +http://www.semrush.com/bot.html)"
185.191.171.26 - - [23/Jan/2022:17:02:05 +0100] "GET /sweet-lovely-kitchen-ceramic-dish-p-45759.html HTTP/1.0" 200 73442 "-" "Mozilla/5.0 (compatible; SemrushBot/7~bl; +http://www.semrush.com/bot.html)"
185.191.171.41 - - [23/Jan/2022:17:02:08 +0100] "GET /retro-style-chocolate-picerie-traditionnelle-p-57135.html HTTP/1.0" 200 74401 "-" "Mozilla/5.0 (compatible; SemrushBot/7~bl; +http://www.semrush.com/bot.html)"
54.36.148.243 - - [23/Jan/2022:17:02:21 +0100] "GET /curry-polyester-round-chair-cushion-p-55088.html HTTP/1.0" 200 74102 "-" "Mozilla/5.0 (compatible; AhrefsBot/7.0; +http://ahrefs.com/robot/)"
2.101.172.121 - - [23/Jan/2022:17:02:37 +0100] "GET /minnie-mouse-disney-suitcase-p-31215.html HTTP/1.0" 301 70785 "https://r.search.yahoo.com/_ylt=AwrJ7B0SfO1hSv0AFRPw3olQ;_ylu=c2VjA3NyBHNsawNpbWcEb2lkA2I5MWU3ZjllNWVjNTFjZjI0N2YyOTA5MmY4MjgxMzBhBGdwb3MDNjgEaXQDYmluZw--/RV=2/RE=1642982547/RO=11/RU=http%3a%2f%2fwww.wonder-geek.com%2fminnie-mouse-disney-suitcase-p-31215.html/RK=2/RS=3XFnrJMlNg8bMae.r4qMArKgQ3Q-" "Mozilla/5.0 (iPhone; CPU iPhone OS 14_8_1 like Mac OS X) AppleWebKit/605.1.15 (KHTML, like Gecko) Version/14.1.2 Mobile/15E148 Safari/604.1"
2.101.172.121 - - [23/Jan/2022:17:02:38 +0100] "GET /-p-31215.html HTTP/1.0" 200 70718 "-" "Mozilla/5.0 (iPhone; CPU iPhone OS 14_8_1 like Mac OS X) AppleWebKit/605.1.15 (KHTML, like Gecko) Version/14.1.2 Mobile/15E148 Safari/604.1"
216.244.66.242 - - [23/Jan/2022:17:03:23 +0100] "GET /socks-for-adults-c-53_137.html HTTP/1.0" 301 69859 "-" "Mozilla/5.0 (compatible; DotBot/1.2; +https://opensiteexplorer.org/dotbot; help@moz.com)"
65.49.198.167 - - [23/Jan/2022:17:03:39 +0100] "GET /images/mini_prod/8424346350001.jpg HTTP/1.0" 200 269 "-" "python-requests/2.25.1"
185.191.171.8 - - [23/Jan/2022:17:03:41 +0100] "GET /bedclothes-140-200-cm-grey-p-44336.html HTTP/1.0" 301 70785 "-" "Mozilla/5.0 (compatible; SemrushBot/7~bl; +http://www.semrush.com/bot.html)"
185.191.171.38 - - [23/Jan/2022:17:03:44 +0100] "GET /-p-44336.html HTTP/1.0" 200 70718 "-" "Mozilla/5.0 (compatible; SemrushBot/7~bl; +http://www.semrush.com/bot.html)"
114.119.128.37 - - [23/Jan/2022:17:03:48 +0100] "GET /beige-elephant-baby-decorative-statue-p-36447.html HTTP/1.0" 200 73582 "-" "Mozilla/5.0 (Linux; Android 7.0;) AppleWebKit/537.36 (KHTML, like Gecko) Mobile Safari/537.36 (compatible; PetalBot;+https://webmaster.petalsearch.com/site/petalbot)"
157.55.39.125 - - [23/Jan/2022:17:03:51 +0100] "GET /-p-33471.html HTTP/1.0" 200 70718 "-" "Mozilla/5.0 (compatible; bingbot/2.0; +http://www.bing.com/bingbot.htm)"
185.191.171.4 - - [23/Jan/2022:17:03:55 +0100] "GET /coca-cola-large-metal-plate-deco-p-27963.html HTTP/1.0" 200 73403 "-" "Mozilla/5.0 (compatible; SemrushBot/7~bl; +http://www.semrush.com/bot.html)"
157.55.39.153 - - [23/Jan/2022:17:03:58 +0100] "GET /ethnic-style-burlap-table-p-48447.html HTTP/1.0" 200 70808 "-" "Mozilla/5.0 (compatible; bingbot/2.0; +http://www.bing.com/bingbot.htm)"
185.191.171.10 - - [23/Jan/2022:17:04:06 +0100] "GET /rectangulary-cushion-p-39718.html HTTP/1.0" 200 70808 "-" "Mozilla/5.0 (compatible; SemrushBot/7~bl; +http://www.semrush.com/bot.html)"
54.36.148.243 - - [23/Jan/2022:17:05:05 +0100] "GET /cotton-napkin-sold-individually-p-52106.html HTTP/1.0" 200 73522 "-" "Mozilla/5.0 (compatible; AhrefsBot/7.0; +http://ahrefs.com/robot/)"
185.191.171.19 - - [23/Jan/2022:17:05:27 +0100] "GET /nintendo-1up-mushroom-shirt-p-29606.html HTTP/1.0" 301 74626 "-" "Mozilla/5.0 (compatible; SemrushBot/7~bl; +http://www.semrush.com/bot.html)"
185.191.171.41 - - [23/Jan/2022:17:05:30 +0100] "GET /nintendo-mushroom-shirt-p-29606.html HTTP/1.0" 200 74536 "-" "Mozilla/5.0 (compatible; SemrushBot/7~bl; +http://www.semrush.com/bot.html)"
193.177.162.34 - - [23/Jan/2022:17:05:39 +0100] "GET /images/mini_prod/5036278052262.jpg HTTP/1.0" 200 269 "-" "Mozilla/5.0 (X11; Ubuntu; Linux x86_64; rv:72.0) Gecko/20100101 Firefox/72.0"
185.191.171.23 - - [23/Jan/2022:17:06:03 +0100] "GET /cement-tile-stickers-p-50340.html HTTP/1.0" 200 74286 "-" "Mozilla/5.0 (compatible; SemrushBot/7~bl; +http://www.semrush.com/bot.html)"
114.119.128.253 - - [23/Jan/2022:17:06:31 +0100] "GET /games-toys-c-4.html?page=10 HTTP/1.0" 200 92251 "-" "Mozilla/5.0 (Linux; Android 7.0;) AppleWebKit/537.36 (KHTML, like Gecko) Mobile Safari/537.36 (compatible; PetalBot;+https://webmaster.petalsearch.com/site/petalbot)"
66.249.68.26 - - [23/Jan/2022:17:06:38 +0100] "GET /images/big_prod/1328399282500.jpg HTTP/1.0" 200 268 "-" "Googlebot-Image/1.0"
185.191.171.9 - - [23/Jan/2022:17:06:46 +0100] "GET /sausage-box-with-knife-paris-p-47324.html HTTP/1.0" 301 73490 "-" "Mozilla/5.0 (compatible; SemrushBot/7~bl; +http://www.semrush.com/bot.html)"
207.46.13.190 - - [23/Jan/2022:17:06:52 +0100] "GET /images/3585190441880.jpg HTTP/1.0" 200 259 "-" "Mozilla/5.0 (compatible; bingbot/2.0; +http://www.bing.com/bingbot.htm)"
185.191.171.9 - - [23/Jan/2022:17:06:51 +0100] "GET /sausage-with-knife-paris-p-47324.html HTTP/1.0" 200 73399 "-" "Mozilla/5.0 (compatible; SemrushBot/7~bl; +http://www.semrush.com/bot.html)"
54.36.148.243 - - [23/Jan/2022:17:07:28 +0100] "GET /household-linen-c-11.html?page=11 HTTP/1.0" 200 93180 "-" "Mozilla/5.0 (compatible; AhrefsBot/7.0; +http://ahrefs.com/robot/)"
157.55.39.62 - - [23/Jan/2022:17:07:38 +0100] "GET /pedal-green-p-52588.html HTTP/1.0" 200 74452 "-" "Mozilla/5.0 (compatible; bingbot/2.0; +http://www.bing.com/bingbot.htm)"
185.191.171.25 - - [23/Jan/2022:17:07:55 +0100] "GET /figurine-caricature-in-polyresine-145-cm-the-building-worker-p-41150.html HTTP/1.0" 301 70785 "-" "Mozilla/5.0 (compatible; SemrushBot/7~bl; +http://www.semrush.com/bot.html)"
185.191.171.25 - - [23/Jan/2022:17:07:59 +0100] "GET /-p-41150.html HTTP/1.0" 200 70718 "-" "Mozilla/5.0 (compatible; SemrushBot/7~bl; +http://www.semrush.com/bot.html)"
185.191.171.8 - - [23/Jan/2022:17:08:04 +0100] "GET /aime-la-cote-azur-mug-p-44538.html HTTP/1.0" 301 73471 "-" "Mozilla/5.0 (compatible; SemrushBot/7~bl; +http://www.semrush.com/bot.html)"
185.191.171.34 - - [23/Jan/2022:17:08:07 +0100] "GET /aime-azur-p-44538.html HTTP/1.0" 200 73395 "-" "Mozilla/5.0 (compatible; SemrushBot/7~bl; +http://www.semrush.com/bot.html)"
185.191.171.42 - - [23/Jan/2022:17:09:08 +0100] "GET /placemat-little-prince-p-56256.html HTTP/1.0" 200 73355 "-" "Mozilla/5.0 (compatible; SemrushBot/7~bl; +http://www.semrush.com/bot.html)"
185.191.171.24 - - [23/Jan/2022:17:09:14 +0100] "GET /set-of-small-tassen-porcelain-mood-bowls-made-in-germany-p-50704.html HTTP/1.0" 301 74468 "-" "Mozilla/5.0 (compatible; SemrushBot/7~bl; +http://www.semrush.com/bot.html)"
185.191.171.34 - - [23/Jan/2022:17:09:17 +0100] "GET /small-tassen-porcelain-mood-bowls-made-germany-p-50704.html HTTP/1.0" 200 74355 "-" "Mozilla/5.0 (compatible; SemrushBot/7~bl; +http://www.semrush.com/bot.html)"
17.121.113.134 - - [23/Jan/2022:17:09:37 +0100] "GET /harley-davidson-cork-coaster-p-40267.html HTTP/1.0" 200 70820 "-" "Mozilla/5.0 (Macintosh; Intel Mac OS X 10_15_5) AppleWebKit/605.1.15 (KHTML, like Gecko) Version/13.1.1 Safari/605.1.15 (Applebot/0.1; +http://www.apple.com/go/applebot)"
185.191.171.24 - - [23/Jan/2022:17:09:39 +0100] "GET /aime-azur-p-44538.html HTTP/1.0" 200 73395 "-" "Mozilla/5.0 (compatible; SemrushBot/7~bl; +http://www.semrush.com/bot.html)"
207.46.13.190 - - [23/Jan/2022:17:09:43 +0100] "GET /images/mini_prod/3574642576706.jpg HTTP/1.0" 200 269 "-" "Mozilla/5.0 (compatible; bingbot/2.0; +http://www.bing.com/bingbot.htm)"
54.36.148.243 - - [23/Jan/2022:17:09:41 +0100] "GET /doggy-mustache-gentleman-decorative-statue-p-31498.html HTTP/1.0" 200 73564 "-" "Mozilla/5.0 (compatible; AhrefsBot/7.0; +http://ahrefs.com/robot/)"
185.191.171.24 - - [23/Jan/2022:17:10:49 +0100] "GET /motorcycle-tank-wall-decor-p-51445.html?action=add_product HTTP/1.0" 302 476 "-" "Mozilla/5.0 (compatible; SemrushBot/7~bl; +http://www.semrush.com/bot.html)"
157.55.39.153 - - [23/Jan/2022:17:11:29 +0100] "GET /decorative-statuettes-monkeys-of-wisdom-brown-24-cm-p-52742.html HTTP/1.0" 301 73736 "-" "Mozilla/5.0 (compatible; bingbot/2.0; +http://www.bing.com/bingbot.htm)"
185.191.171.14 - - [23/Jan/2022:17:11:35 +0100] "GET /porcelain-cloud-lamp-p-54165.html?action=add_product HTTP/1.0" 302 476 "-" "Mozilla/5.0 (compatible; SemrushBot/7~bl; +http://www.semrush.com/bot.html)"
185.191.171.10 - - [23/Jan/2022:17:11:38 +0100] "GET /powder-candle-250-grs-la-bougie-autrement-golden-night-p-53087.html HTTP/1.0" 301 74826 "-" "Mozilla/5.0 (compatible; SemrushBot/7~bl; +http://www.semrush.com/bot.html)"
185.191.171.26 - - [23/Jan/2022:17:11:42 +0100] "GET /powder-candle-bougie-autrement-golden-night-p-53087.html HTTP/1.0" 200 74716 "-" "Mozilla/5.0 (compatible; SemrushBot/7~bl; +http://www.semrush.com/bot.html)"
147.92.153.18 - - [23/Jan/2022:17:11:47 +0100] "GET /writing-correction-c-129_186.html?page=2 HTTP/1.0" 200 92329 "-" "Mozilla/5.0 (compatible; Linespider/1.1; +https://lin.ee/4dwXkTH)"
54.36.148.243 - - [23/Jan/2022:17:11:57 +0100] "GET /pendulum-hang-time-p-53211.html HTTP/1.0" 200 73486 "-" "Mozilla/5.0 (compatible; AhrefsBot/7.0; +http://ahrefs.com/robot/)"
185.191.171.25 - - [23/Jan/2022:17:12:23 +0100] "GET /-p-38323.html?action=add_product HTTP/1.0" 302 476 "-" "Mozilla/5.0 (compatible; SemrushBot/7~bl; +http://www.semrush.com/bot.html)"
185.191.171.19 - - [23/Jan/2022:17:12:25 +0100] "GET /banania-large-metal-plate-p-27377.html?action=add_product HTTP/1.0" 302 476 "-" "Mozilla/5.0 (compatible; SemrushBot/7~bl; +http://www.semrush.com/bot.html)"
216.244.66.242 - - [23/Jan/2022:17:12:43 +0100] "GET /wooden-boxes-and-storage-c-13_150_220.html HTTP/1.0" 301 595 "-" "Mozilla/5.0 (compatible; DotBot/1.2; +https://opensiteexplorer.org/dotbot; help@moz.com)"
185.191.171.44 - - [23/Jan/2022:17:14:10 +0100] "GET /-p-37548.html?action=add_product HTTP/1.0" 302 476 "-" "Mozilla/5.0 (compatible; SemrushBot/7~bl; +http://www.semrush.com/bot.html)"
54.36.148.243 - - [23/Jan/2022:17:14:11 +0100] "GET /statuette-elephant-baby-p-56816.html HTTP/1.0" 200 74095 "-" "Mozilla/5.0 (compatible; AhrefsBot/7.0; +http://ahrefs.com/robot/)"
185.191.171.43 - - [23/Jan/2022:17:15:08 +0100] "GET /cold-beer-served-here-metal-plate-deco-p-36106.html HTTP/1.0" 200 73500 "-" "Mozilla/5.0 (compatible; SemrushBot/7~bl; +http://www.semrush.com/bot.html)"
