54.36.148.243 - - [23/Jan/2022:08:52:49 +0100] "GET /bamboo-table-lamp-white-shade-p-54580.html HTTP/1.0" 200 74604 "-" "Mozilla/5.0 (compatible; AhrefsBot/7.0; +http://ahrefs.com/robot/)"
148.251.244.137 - - [23/Jan/2022:08:52:54 +0100] "GET /-p-30131.html HTTP/1.0" 200 70718 "-" "Mozilla/5.0 (compatible; MJ12bot/v1.4.8; http://mj12bot.com/)"
95.91.15.103 - - [23/Jan/2022:08:52:57 +0100] "GET /small-parme-girl-baby-teeth-p-33509.html HTTP/1.0" 200 70868 "-" "Mozilla/5.0 (compatible; MJ12bot/v1.4.8; http://mj12bot.com/)"
185.191.171.16 - - [23/Jan/2022:08:53:00 +0100] "GET /cats-dubout-cotton-kitchen-towel-made-in-france-p-36633.html HTTP/1.0" 301 71005 "-" "Mozilla/5.0 (compatible; SemrushBot/7~bl; +http://www.semrush.com/bot.html)"
148.251.244.137 - - [23/Jan/2022:08:53:02 +0100] "GET /-p-30135.html HTTP/1.0" 200 70718 "-" "Mozilla/5.0 (compatible; MJ12bot/v1.4.8; http://mj12bot.com/)"
185.191.171.25 - - [23/Jan/2022:08:53:04 +0100] "GET /cats-dubout-cotton-kitchen-towel-made-france-p-36633.html HTTP/1.0" 200 70894 "-" "Mozilla/5.0 (compatible; SemrushBot/7~bl; +http://www.semrush.com/bot.html)"
95.91.15.103 - - [23/Jan/2022:08:53:06 +0100] "GET /small-passion-pink-vintage-pin-up-wallet-p-34366.html HTTP/1.0" 301 70785 "-" "Mozilla/5.0 (compatible; MJ12bot/v1.4.8; http://mj12bot.com/)"
148.251.244.137 - - [23/Jan/2022:08:53:07 +0100] "GET /-p-30141.html HTTP/1.0" 200 70718 "-" "Mozilla/5.0 (compatible; MJ12bot/v1.4.8; http://mj12bot.com/)"
148.251.244.137 - - [23/Jan/2022:08:53:13 +0100] "GET /-p-30206.html HTTP/1.0" 200 70718 "-" "Mozilla/5.0 (compatible; MJ12bot/v1.4.8; http://mj12bot.com/)"
148.251.244.137 - - [23/Jan/2022:08:53:18 +0100] "GET /-p-30208.html HTTP/1.0" 200 70718 "-" "Mozilla/5.0 (compatible; MJ12bot/v1.4.8; http://mj12bot.com/)"
185.191.171.26 - - [23/Jan/2022:08:53:23 +0100] "GET /viking-warrior-figurine-p-51520.html?action=add_product HTTP/1.0" 302 476 "-" "Mozilla/5.0 (compatible; SemrushBot/7~bl; +http://www.semrush.com/bot.html)"
148.251.244.137 - - [23/Jan/2022:08:53:24 +0100] "GET /-p-30233.html HTTP/1.0" 200 70718 "-" "Mozilla/5.0 (compatible; MJ12bot/v1.4.8; http://mj12bot.com/)"
148.251.244.137 - - [23/Jan/2022:08:53:30 +0100] "GET /-p-30390.html HTTP/1.0" 200 70718 "-" "Mozilla/5.0 (compatible; MJ12bot/v1.4.8; http://mj12bot.com/)"
148.251.244.137 - - [23/Jan/2022:08:53:36 +0100] "GET /-p-30531.html HTTP/1.0" 200 70718 "-" "Mozilla/5.0 (compatible; MJ12bot/v1.4.8; http://mj12bot.com/)"
148.251.244.137 - - [23/Jan/2022:08:53:41 +0100] "GET /-p-30601.html HTTP/1.0" 200 70718 "-" "Mozilla/5.0 (compatible; MJ12bot/v1.4.8; http://mj12bot.com/)"
148.251.244.137 - - [23/Jan/2022:08:53:48 +0100] "GET /-p-30603.html HTTP/1.0" 200 70718 "-" "Mozilla/5.0 (compatible; MJ12bot/v1.4.8; http://mj12bot.com/)"
148.251.244.137 - - [23/Jan/2022:08:53:53 +0100] "GET /-p-30647.html HTTP/1.0" 200 70718 "-" "Mozilla/5.0 (compatible; MJ12bot/v1.4.8; http://mj12bot.com/)"
95.91.15.103 - - [23/Jan/2022:08:53:55 +0100] "GET /small-spongebob-alarm-clock-p-5171.html HTTP/1.0" 301 70782 "-" "Mozilla/5.0 (compatible; MJ12bot/v1.4.8; http://mj12bot.com/)"
185.191.171.8 - - [23/Jan/2022:08:53:56 +0100] "GET /gorjuss-pencil-case-scarf-p-40493.html?action=add_product HTTP/1.0" 302 476 "-" "Mozilla/5.0 (compatible; SemrushBot/7~bl; +http://www.semrush.com/bot.html)"
185.191.171.44 - - [23/Jan/2022:08:54:00 +0100] "GET /gorjuss-handbag-autumn-leaves-p-50966.html?action=add_product HTTP/1.0" 302 476 "-" "Mozilla/5.0 (compatible; SemrushBot/7~bl; +http://www.semrush.com/bot.html)"
148.251.244.137 - - [23/Jan/2022:08:54:00 +0100] "GET /-p-30706.html HTTP/1.0" 200 70718 "-" "Mozilla/5.0 (compatible; MJ12bot/v1.4.8; http://mj12bot.com/)"
148.251.244.137 - - [23/Jan/2022:08:54:06 +0100] "GET /-p-30820.html HTTP/1.0" 200 70718 "-" "Mozilla/5.0 (compatible; MJ12bot/v1.4.8; http://mj12bot.com/)"
148.251.244.137 - - [23/Jan/2022:08:54:12 +0100] "GET /-p-31038.html HTTP/1.0" 200 70718 "-" "Mozilla/5.0 (compatible; MJ12bot/v1.4.8; http://mj12bot.com/)"
148.251.244.137 - - [23/Jan/2022:08:54:18 +0100] "GET /-p-31039.html HTTP/1.0" 200 70718 "-" "Mozilla/5.0 (compatible; MJ12bot/v1.4.8; http://mj12bot.com/)"
148.251.244.137 - - [23/Jan/2022:08:54:24 +0100] "GET /-p-31062.html HTTP/1.0" 200 70718 "-" "Mozilla/5.0 (compatible; MJ12bot/v1.4.8; http://mj12bot.com/)"
148.251.244.137 - - [23/Jan/2022:08:54:29 +0100] "GET /-p-31338.html HTTP/1.0" 200 70718 "-" "Mozilla/5.0 (compatible; MJ12bot/v1.4.8; http://mj12bot.com/)"
148.251.244.137 - - [23/Jan/2022:08:54:34 +0100] "GET /-p-31444.html HTTP/1.0" 200 70718 "-" "Mozilla/5.0 (compatible; MJ12bot/v1.4.8; http://mj12bot.com/)"
103.131.71.28 - - [23/Jan/2022:08:54:36 +0100] "GET /robots.txt HTTP/1.0" 301 531 "-" "Mozilla/5.0 (compatible; coccocbot-image/1.0; +http://help.coccoc.com/searchengine)"
103.131.71.28 - - [23/Jan/2022:08:54:39 +0100] "GET /robots.txt HTTP/1.0" 200 245 "-" "Mozilla/5.0 (compatible; coccocbot-image/1.0; +http://help.coccoc.com/searchengine)"
148.251.244.137 - - [23/Jan/2022:08:54:39 +0100] "GET /-p-31449.html HTTP/1.0" 200 70718 "-" "Mozilla/5.0 (compatible; MJ12bot/v1.4.8; http://mj12bot.com/)"
103.131.71.31 - - [23/Jan/2022:08:54:41 +0100] "GET /robots.txt HTTP/1.0" 200 245 "-" "Mozilla/5.0 (compatible; coccocbot-image/1.0; +http://help.coccoc.com/searchengine)"
54.36.148.243 - - [23/Jan/2022:08:54:40 +0100] "GET /ceramic-salt-with-spoon-wave-p-47867.html HTTP/1.0" 200 73404 "-" "Mozilla/5.0 (compatible; AhrefsBot/7.0; +http://ahrefs.com/robot/)"
103.131.71.24 - - [23/Jan/2022:08:54:43 +0100] "GET /images/1341689196004.jpg HTTP/1.0" 200 259 "-" "Mozilla/5.0 (compatible; coccocbot-image/1.0; +http://help.coccoc.com/searchengine)"
95.91.15.103 - - [23/Jan/2022:08:54:44 +0100] "GET /-p-5171.html HTTP/1.0" 200 70716 "-" "Mozilla/5.0 (compatible; MJ12bot/v1.4.8; http://mj12bot.com/)"
148.251.244.137 - - [23/Jan/2022:08:54:47 +0100] "GET /-p-31465.html HTTP/1.0" 200 70718 "-" "Mozilla/5.0 (compatible; MJ12bot/v1.4.8; http://mj12bot.com/)"
95.91.15.103 - - [23/Jan/2022:08:54:49 +0100] "GET /small-steel-mug-with-personalized-picture-p-16332.html HTTP/1.0" 301 74050 "-" "Mozilla/5.0 (compatible; MJ12bot/v1.4.8; http://mj12bot.com/)"
185.191.171.25 - - [23/Jan/2022:08:54:49 +0100] "GET /bodega-tray-p-37474.html?action=add_product HTTP/1.0" 302 476 "-" "Mozilla/5.0 (compatible; SemrushBot/7~bl; +http://www.semrush.com/bot.html)"
148.251.244.137 - - [23/Jan/2022:08:54:52 +0100] "GET /-p-31648.html HTTP/1.0" 200 70718 "-" "Mozilla/5.0 (compatible; MJ12bot/v1.4.8; http://mj12bot.com/)"
95.91.15.103 - - [23/Jan/2022:08:54:55 +0100] "GET /small-steel-with-personalized-picture-p-16332.html HTTP/1.0" 200 73946 "-" "Mozilla/5.0 (compatible; MJ12bot/v1.4.8; http://mj12bot.com/)"
148.251.244.137 - - [23/Jan/2022:08:54:59 +0100] "GET /-p-31811.html HTTP/1.0" 200 70718 "-" "Mozilla/5.0 (compatible; MJ12bot/v1.4.8; http://mj12bot.com/)"
95.91.15.103 - - [23/Jan/2022:08:55:02 +0100] "GET /small-steel-with-personalized-picture-p-16332.html HTTP/1.0" 200 73946 "-" "Mozilla/5.0 (compatible; MJ12bot/v1.4.8; http://mj12bot.com/)"
148.251.244.137 - - [23/Jan/2022:08:55:05 +0100] "GET /-p-32017.html HTTP/1.0" 200 70718 "-" "Mozilla/5.0 (compatible; MJ12bot/v1.4.8; http://mj12bot.com/)"
148.251.244.137 - - [23/Jan/2022:08:55:10 +0100] "GET /-p-32025.html HTTP/1.0" 200 70718 "-" "Mozilla/5.0 (compatible; MJ12bot/v1.4.8; http://mj12bot.com/)"
148.251.244.137 - - [23/Jan/2022:08:55:16 +0100] "GET /-p-32026.html HTTP/1.0" 200 70718 "-" "Mozilla/5.0 (compatible; MJ12bot/v1.4.8; http://mj12bot.com/)"
95.91.15.103 - - [23/Jan/2022:08:55:20 +0100] "GET /small-sweet-things-pink-vintage-pin-up-wallet-p-34365.html HTTP/1.0" 301 70785 "-" "Mozilla/5.0 (compatible; MJ12bot/v1.4.8; http://mj12bot.com/)"
148.251.244.137 - - [23/Jan/2022:08:55:21 +0100] "GET /-p-32030.html HTTP/1.0" 200 70718 "-" "Mozilla/5.0 (compatible; MJ12bot/v1.4.8; http://mj12bot.com/)"
95.91.15.103 - - [23/Jan/2022:08:55:27 +0100] "GET /-p-34365.html HTTP/1.0" 200 70718 "-" "Mozilla/5.0 (compatible; MJ12bot/v1.4.8; http://mj12bot.com/)"
148.251.244.137 - - [23/Jan/2022:08:55:28 +0100] "GET /-p-32071.html HTTP/1.0" 200 70718 "-" "Mozilla/5.0 (compatible; MJ12bot/v1.4.8; http://mj12bot.com/)"
148.251.244.137 - - [23/Jan/2022:08:55:37 +0100] "GET /-p-32093.html HTTP/1.0" 200 70718 "-" "Mozilla/5.0 (compatible; MJ12bot/v1.4.8; http://mj12bot.com/)"
95.91.15.103 - - [23/Jan/2022:08:55:38 +0100] "GET /small-tinbox-retro-motorcycle-75-cm-p-41345.html HTTP/1.0" 301 70947 "-" "Mozilla/5.0 (compatible; MJ12bot/v1.4.8; http://mj12bot.com/)"
148.251.244.137 - - [23/Jan/2022:08:55:43 +0100] "GET /-p-32125.html HTTP/1.0" 200 70718 "-" "Mozilla/5.0 (compatible; MJ12bot/v1.4.8; http://mj12bot.com/)"
95.91.15.103 - - [23/Jan/2022:08:55:43 +0100] "GET /small-tinbox-rtro-motorcycle-p-41345.html HTTP/1.0" 200 70852 "-" "Mozilla/5.0 (compatible; MJ12bot/v1.4.8; http://mj12bot.com/)"
148.251.244.137 - - [23/Jan/2022:08:55:48 +0100] "GET /-p-32135.html HTTP/1.0" 200 70718 "-" "Mozilla/5.0 (compatible; MJ12bot/v1.4.8; http://mj12bot.com/)"
148.251.244.137 - - [23/Jan/2022:08:55:53 +0100] "GET /-p-32143.html HTTP/1.0" 200 70718 "-" "Mozilla/5.0 (compatible; MJ12bot/v1.4.8; http://mj12bot.com/)"
148.251.244.137 - - [23/Jan/2022:08:56:00 +0100] "GET /-p-32280.html HTTP/1.0" 200 70718 "-" "Mozilla/5.0 (compatible; MJ12bot/v1.4.8; http://mj12bot.com/)"
95.91.15.103 - - [23/Jan/2022:08:56:00 +0100] "GET /small-tinbox-rtro-motorcycle-p-41345.html HTTP/1.0" 200 70852 "-" "Mozilla/5.0 (compatible; MJ12bot/v1.4.8; http://mj12bot.com/)"
148.251.244.137 - - [23/Jan/2022:08:56:06 +0100] "GET /-p-32482.html HTTP/1.0" 200 70718 "-" "Mozilla/5.0 (compatible; MJ12bot/v1.4.8; http://mj12bot.com/)"
185.191.171.6 - - [23/Jan/2022:08:56:10 +0100] "GET /embossed-metal-frame-motorcycle-p-37506.html HTTP/1.0" 200 73529 "-" "Mozilla/5.0 (compatible; SemrushBot/7~bl; +http://www.semrush.com/bot.html)"
148.251.244.137 - - [23/Jan/2022:08:56:13 +0100] "GET /-p-32512.html HTTP/1.0" 200 70718 "-" "Mozilla/5.0 (compatible; MJ12bot/v1.4.8; http://mj12bot.com/)"
148.251.244.137 - - [23/Jan/2022:08:56:19 +0100] "GET /-p-32521.html HTTP/1.0" 200 70718 "-" "Mozilla/5.0 (compatible; MJ12bot/v1.4.8; http://mj12bot.com/)"
185.191.171.14 - - [23/Jan/2022:08:56:23 +0100] "GET /monster-high-logo-keyring-p-17475.html HTTP/1.0" 200 73650 "-" "Mozilla/5.0 (compatible; SemrushBot/7~bl; +http://www.semrush.com/bot.html)"
148.251.244.137 - - [23/Jan/2022:08:56:24 +0100] "GET /-p-32524.html HTTP/1.0" 200 70718 "-" "Mozilla/5.0 (compatible; MJ12bot/v1.4.8; http://mj12bot.com/)"
148.251.244.137 - - [23/Jan/2022:08:56:28 +0100] "GET /-p-32529.html HTTP/1.0" 200 70718 "-" "Mozilla/5.0 (compatible; MJ12bot/v1.4.8; http://mj12bot.com/)"
148.251.244.137 - - [23/Jan/2022:08:56:37 +0100] "GET /-p-32530.html HTTP/1.0" 200 70718 "-" "Mozilla/5.0 (compatible; MJ12bot/v1.4.8; http://mj12bot.com/)"
54.36.148.243 - - [23/Jan/2022:08:56:39 +0100] "GET /chicago-retro-ottoman-storage-p-50175.html HTTP/1.0" 200 74209 "-" "Mozilla/5.0 (compatible; AhrefsBot/7.0; +http://ahrefs.com/robot/)"
185.191.171.42 - - [23/Jan/2022:08:56:39 +0100] "GET /tea-towels-napkins-c-11_177.html HTTP/1.0" 301 93053 "-" "Mozilla/5.0 (compatible; SemrushBot/7~bl; +http://www.semrush.com/bot.html)"
148.251.244.137 - - [23/Jan/2022:08:56:42 +0100] "GET /-p-32531.html HTTP/1.0" 200 70718 "-" "Mozilla/5.0 (compatible; MJ12bot/v1.4.8; http://mj12bot.com/)"
185.191.171.15 - - [23/Jan/2022:08:56:44 +0100] "GET /towels-napkins-c-177.html HTTP/1.0" 301 92934 "-" "Mozilla/5.0 (compatible; SemrushBot/7~bl; +http://www.semrush.com/bot.html)"
148.251.244.137 - - [23/Jan/2022:08:56:48 +0100] "GET /-p-32593.html HTTP/1.0" 200 70718 "-" "Mozilla/5.0 (compatible; MJ12bot/v1.4.8; http://mj12bot.com/)"
185.191.171.44 - - [23/Jan/2022:08:56:48 +0100] "GET /towels-napkins-c-11_177.html HTTP/1.0" 200 92974 "-" "Mozilla/5.0 (compatible; SemrushBot/7~bl; +http://www.semrush.com/bot.html)"
148.251.244.137 - - [23/Jan/2022:08:56:52 +0100] "GET /-p-32637.html HTTP/1.0" 200 70718 "-" "Mozilla/5.0 (compatible; MJ12bot/v1.4.8; http://mj12bot.com/)"
95.91.15.103 - - [23/Jan/2022:08:56:57 +0100] "GET /small-tray-allen-cat-24-18-cm-p-50596.html HTTP/1.0" 301 70889 "-" "Mozilla/5.0 (compatible; MJ12bot/v1.4.8; http://mj12bot.com/)"
148.251.244.137 - - [23/Jan/2022:08:56:57 +0100] "GET /-p-32684.html HTTP/1.0" 200 70718 "-" "Mozilla/5.0 (compatible; MJ12bot/v1.4.8; http://mj12bot.com/)"
148.251.244.137 - - [23/Jan/2022:08:57:05 +0100] "GET /-p-32686.html HTTP/1.0" 200 70718 "-" "Mozilla/5.0 (compatible; MJ12bot/v1.4.8; http://mj12bot.com/)"
148.251.244.137 - - [23/Jan/2022:08:57:11 +0100] "GET /-p-32688.html HTTP/1.0" 200 70718 "-" "Mozilla/5.0 (compatible; MJ12bot/v1.4.8; http://mj12bot.com/)"
157.55.39.62 - - [23/Jan/2022:08:57:19 +0100] "GET /images/9316188044172.jpg HTTP/1.0" 200 259 "-" "Mozilla/5.0 (compatible; bingbot/2.0; +http://www.bing.com/bingbot.htm)"
185.191.171.8 - - [23/Jan/2022:08:57:45 +0100] "GET /-p-43451.html?action=add_product HTTP/1.0" 302 476 "-" "Mozilla/5.0 (compatible; SemrushBot/7~bl; +http://www.semrush.com/bot.html)"
95.91.15.103 - - [23/Jan/2022:08:57:46 +0100] "GET /small-tray-allen-p-50596.html HTTP/1.0" 200 70806 "-" "Mozilla/5.0 (compatible; MJ12bot/v1.4.8; http://mj12bot.com/)"
185.191.171.34 - - [23/Jan/2022:08:57:46 +0100] "GET /mini-metal-tray-banania-p-35253.html HTTP/1.0" 200 70800 "-" "Mozilla/5.0 (compatible; SemrushBot/7~bl; +http://www.semrush.com/bot.html)"
95.91.15.103 - - [23/Jan/2022:08:57:50 +0100] "GET /small-tray-shooters-cactus-p-48793.html HTTP/1.0" 200 73501 "-" "Mozilla/5.0 (compatible; MJ12bot/v1.4.8; http://mj12bot.com/)"
95.91.15.103 - - [23/Jan/2022:08:58:01 +0100] "GET /small-white-cushion-with-personalized-picture-p-16257.html HTTP/1.0" 200 74009 "-" "Mozilla/5.0 (compatible; MJ12bot/v1.4.8; http://mj12bot.com/)"
54.36.148.243 - - [23/Jan/2022:08:58:30 +0100] "GET /laissez-lucie-faire-liberty-sugar-p-39835.html HTTP/1.0" 200 73445 "-" "Mozilla/5.0 (compatible; AhrefsBot/7.0; +http://ahrefs.com/robot/)"
95.91.15.103 - - [23/Jan/2022:08:58:52 +0100] "GET /small-white-lighting-p-35686.html HTTP/1.0" 301 70785 "-" "Mozilla/5.0 (compatible; MJ12bot/v1.4.8; http://mj12bot.com/)"
167.114.173.115 - - [23/Jan/2022:08:58:53 +0100] "GET /robots.txt HTTP/1.0" 200 245 "-" "Mozilla/5.0 (compatible; MJ12bot/v1.4.8; http://mj12bot.com/)"
167.114.173.115 - - [23/Jan/2022:08:58:55 +0100] "GET /taipei-bedclothes-p-51522.html HTTP/1.0" 200 73475 "-" "Mozilla/5.0 (compatible; MJ12bot/v1.4.8; http://mj12bot.com/)"
167.114.173.115 - - [23/Jan/2022:08:58:58 +0100] "GET /team-black-shirt-p-30134.html HTTP/1.0" 200 70792 "-" "Mozilla/5.0 (compatible; MJ12bot/v1.4.8; http://mj12bot.com/)"
167.114.173.115 - - [23/Jan/2022:08:59:01 +0100] "GET /teapot-temps-p-45332.html HTTP/1.0" 200 70776 "-" "Mozilla/5.0 (compatible; MJ12bot/v1.4.8; http://mj12bot.com/)"
167.114.173.115 - - [23/Jan/2022:08:59:04 +0100] "GET /teddy-bear-mug-p-31902.html HTTP/1.0" 301 73345 "-" "Mozilla/5.0 (compatible; MJ12bot/v1.4.8; http://mj12bot.com/)"
167.114.173.115 - - [23/Jan/2022:08:59:08 +0100] "GET /teddy-bear-p-31902.html HTTP/1.0" 200 73268 "-" "Mozilla/5.0 (compatible; MJ12bot/v1.4.8; http://mj12bot.com/)"
95.91.15.103 - - [23/Jan/2022:08:59:10 +0100] "GET /-p-35686.html HTTP/1.0" 200 70718 "-" "Mozilla/5.0 (compatible; MJ12bot/v1.4.8; http://mj12bot.com/)"
167.114.173.115 - - [23/Jan/2022:08:59:11 +0100] "GET /teddy-bear-mug-p-31903.html HTTP/1.0" 301 73344 "-" "Mozilla/5.0 (compatible; MJ12bot/v1.4.8; http://mj12bot.com/)"
95.91.15.103 - - [23/Jan/2022:08:59:13 +0100] "GET /small-white-owl-lighting-p-35686.html HTTP/1.0" 301 70785 "-" "Mozilla/5.0 (compatible; MJ12bot/v1.4.8; http://mj12bot.com/)"
167.114.173.115 - - [23/Jan/2022:08:59:15 +0100] "GET /teddy-bear-p-31903.html HTTP/1.0" 200 73267 "-" "Mozilla/5.0 (compatible; MJ12bot/v1.4.8; http://mj12bot.com/)"
95.91.15.103 - - [23/Jan/2022:08:59:19 +0100] "GET /-p-35686.html HTTP/1.0" 200 70718 "-" "Mozilla/5.0 (compatible; MJ12bot/v1.4.8; http://mj12bot.com/)"
167.114.173.115 - - [23/Jan/2022:08:59:19 +0100] "GET /teddy-bear-p-31902.html HTTP/1.0" 200 73268 "-" "Mozilla/5.0 (compatible; MJ12bot/v1.4.8; http://mj12bot.com/)"
167.114.173.115 - - [23/Jan/2022:08:59:23 +0100] "GET /teddy-bear-p-31903.html HTTP/1.0" 200 73267 "-" "Mozilla/5.0 (compatible; MJ12bot/v1.4.8; http://mj12bot.com/)"
167.114.173.115 - - [23/Jan/2022:08:59:26 +0100] "GET /tennis-player-statuette-p-51567.html HTTP/1.0" 200 73401 "-" "Mozilla/5.0 (compatible; MJ12bot/v1.4.8; http://mj12bot.com/)"
167.114.173.115 - - [23/Jan/2022:08:59:29 +0100] "GET /tenue-de-soiree-underpants-p-30206.html HTTP/1.0" 301 70785 "-" "Mozilla/5.0 (compatible; MJ12bot/v1.4.8; http://mj12bot.com/)"
95.152.34.219 - - [23/Jan/2022:08:59:33 +0100] "GET /contact_us.php HTTP/1.0" 200 26238 "http://www.wonder-geek.com/contact_us.php" "Mozilla/5.0 (Windows NT 10.0; Win64; x64) AppleWebKit/537.36 (KHTML, like Gecko) Chrome/90.0.4430.72 Safari/537.36 Edg/90.0.818.39"
167.114.173.115 - - [23/Jan/2022:08:59:33 +0100] "GET /-p-30206.html HTTP/1.0" 200 70718 "-" "Mozilla/5.0 (compatible; MJ12bot/v1.4.8; http://mj12bot.com/)"
95.152.34.219 - - [23/Jan/2022:08:59:37 +0100] "POST /contact_us.php?action=send HTTP/1.0" 200 26482 "http://www.wonder-geek.com/contact_us.php" "Mozilla/5.0 (Windows NT 10.0; Win64; x64) AppleWebKit/537.36 (KHTML, like Gecko) Chrome/90.0.4430.72 Safari/537.36 Edg/90.0.818.39"
167.114.173.115 - - [23/Jan/2022:08:59:37 +0100] "GET /tenue-de-soiree-underpants-p-30207.html HTTP/1.0" 301 70893 "-" "Mozilla/5.0 (compatible; MJ12bot/v1.4.8; http://mj12bot.com/)"
95.152.34.219 - - [23/Jan/2022:08:59:38 +0100] "GET /login.php HTTP/1.0" 200 17152 "http://www.wonder-geek.com/login.php" "Mozilla/5.0 (Windows NT 10.0; Win64; x64) AppleWebKit/537.36 (KHTML, like Gecko) Chrome/90.0.4430.72 Safari/537.36 Edg/90.0.818.39"
95.152.34.219 - - [23/Jan/2022:08:59:39 +0100] "POST /login.php?action=process HTTP/1.0" 200 17652 "http://www.wonder-geek.com/login.php" "Mozilla/5.0 (Windows NT 10.0; Win64; x64) AppleWebKit/537.36 (KHTML, like Gecko) Chrome/90.0.4430.72 Safari/537.36 Edg/90.0.818.39"
95.152.34.219 - - [23/Jan/2022:08:59:40 +0100] "GET /contact_us.php HTTP/1.0" 200 26238 "http://www.wonder-geek.com/contact_us.php" "Mozilla/5.0 (Windows NT 10.0; Win64; x64) AppleWebKit/537.36 (KHTML, like Gecko) Chrome/90.0.4430.72 Safari/537.36 Edg/90.0.818.39"
95.91.15.103 - - [23/Jan/2022:08:59:40 +0100] "GET /small-white-torn-paper-cushion-with-personalized-picture-p-16615.html HTTP/1.0" 200 74123 "-" "Mozilla/5.0 (compatible; MJ12bot/v1.4.8; http://mj12bot.com/)"
95.152.34.219 - - [23/Jan/2022:08:59:40 +0100] "GET /index.php HTTP/1.0" 200 95828 "http://www.wonder-geek.com/index.php" "Mozilla/5.0 (Windows NT 10.0; Win64; x64) AppleWebKit/537.36 (KHTML, like Gecko) Chrome/90.0.4430.72 Safari/537.36 Edg/90.0.818.39"
167.114.173.115 - - [23/Jan/2022:08:59:41 +0100] "GET /tenue-soire-underpants-p-30207.html HTTP/1.0" 200 70804 "-" "Mozilla/5.0 (compatible; MJ12bot/v1.4.8; http://mj12bot.com/)"
185.191.171.10 - - [23/Jan/2022:08:59:43 +0100] "GET /gold-pineapple-decoration-in-mango-wood-245-cm-p-46154.html HTTP/1.0" 301 70977 "-" "Mozilla/5.0 (compatible; SemrushBot/7~bl; +http://www.semrush.com/bot.html)"
95.152.34.219 - - [23/Jan/2022:08:59:44 +0100] "GET /trivet-boards-c-12_158.html HTTP/1.0" 200 94528 "http://www.wonder-geek.com/trivet-boards-c-12_158.html" "Mozilla/5.0 (Windows NT 10.0; Win64; x64) AppleWebKit/537.36 (KHTML, like Gecko) Chrome/90.0.4430.72 Safari/537.36 Edg/90.0.818.39"
66.249.66.199 - - [23/Jan/2022:08:59:44 +0100] "GET / HTTP/1.0" 200 95472 "-" "Mozilla/5.0 (compatible; Googlebot/2.1; +http://www.google.com/bot.html)"
148.251.244.137 - - [23/Jan/2022:08:59:46 +0100] "GET /-p-32724.html HTTP/1.0" 200 70718 "-" "Mozilla/5.0 (compatible; MJ12bot/v1.4.8; http://mj12bot.com/)"
185.191.171.37 - - [23/Jan/2022:08:59:47 +0100] "GET /gold-pineapple-decoration-mango-wood-p-46154.html HTTP/1.0" 200 70874 "-" "Mozilla/5.0 (compatible; SemrushBot/7~bl; +http://www.semrush.com/bot.html)"
167.114.173.115 - - [23/Jan/2022:08:59:48 +0100] "GET /tenue-soire-underpants-p-30207.html HTTP/1.0" 200 70804 "-" "Mozilla/5.0 (compatible; MJ12bot/v1.4.8; http://mj12bot.com/)"
95.152.34.219 - - [23/Jan/2022:08:59:47 +0100] "GET /cardboard-boxes-storage-c-13_150_216.html HTTP/1.0" 200 78158 "http://www.wonder-geek.com/cardboard-boxes-storage-c-13_150_216.html" "Mozilla/5.0 (Windows NT 10.0; Win64; x64) AppleWebKit/537.36 (KHTML, like Gecko) Chrome/90.0.4430.72 Safari/537.36 Edg/90.0.818.39"
148.251.244.137 - - [23/Jan/2022:08:59:51 +0100] "GET /-p-32725.html HTTP/1.0" 200 70718 "-" "Mozilla/5.0 (compatible; MJ12bot/v1.4.8; http://mj12bot.com/)"
95.152.34.219 - - [23/Jan/2022:08:59:51 +0100] "GET /cushion-headboard-c-11_173.html HTTP/1.0" 200 88936 "http://www.wonder-geek.com/cushion-headboard-c-11_173.html" "Mozilla/5.0 (Windows NT 10.0; Win64; x64) AppleWebKit/537.36 (KHTML, like Gecko) Chrome/90.0.4430.72 Safari/537.36 Edg/90.0.818.39"
95.91.15.103 - - [23/Jan/2022:08:59:52 +0100] "GET /smasha-ballz-gooba-plush-p-16582.html HTTP/1.0" 301 70785 "-" "Mozilla/5.0 (compatible; MJ12bot/v1.4.8; http://mj12bot.com/)"
167.114.173.115 - - [23/Jan/2022:08:59:52 +0100] "GET /teo-jasmin-airline-personal-diary-and-pen-p-30123.html HTTP/1.0" 301 70785 "-" "Mozilla/5.0 (compatible; MJ12bot/v1.4.8; http://mj12bot.com/)"
95.152.34.219 - - [23/Jan/2022:08:59:53 +0100] "GET /board-games-c-4_47.html HTTP/1.0" 200 76056 "http://www.wonder-geek.com/board-games-c-4_47.html" "Mozilla/5.0 (Windows NT 10.0; Win64; x64) AppleWebKit/537.36 (KHTML, like Gecko) Chrome/90.0.4430.72 Safari/537.36 Edg/90.0.818.39"
148.251.244.137 - - [23/Jan/2022:08:59:54 +0100] "GET /-p-32726.html HTTP/1.0" 200 70718 "-" "Mozilla/5.0 (compatible; MJ12bot/v1.4.8; http://mj12bot.com/)"
95.152.34.219 - - [23/Jan/2022:08:59:56 +0100] "GET /contact_us.php HTTP/1.0" 200 26238 "http://www.wonder-geek.com/contact_us.php" "Mozilla/5.0 (Windows NT 10.0; Win64; x64) AppleWebKit/537.36 (KHTML, like Gecko) Chrome/90.0.4430.72 Safari/537.36 Edg/90.0.818.39"
167.114.173.115 - - [23/Jan/2022:08:59:56 +0100] "GET /-p-30123.html HTTP/1.0" 200 70718 "-" "Mozilla/5.0 (compatible; MJ12bot/v1.4.8; http://mj12bot.com/)"
95.91.15.103 - - [23/Jan/2022:08:59:57 +0100] "GET /-p-16582.html HTTP/1.0" 200 70718 "-" "Mozilla/5.0 (compatible; MJ12bot/v1.4.8; http://mj12bot.com/)"
148.251.244.137 - - [23/Jan/2022:08:59:58 +0100] "GET /-p-32728.html HTTP/1.0" 200 70718 "-" "Mozilla/5.0 (compatible; MJ12bot/v1.4.8; http://mj12bot.com/)"
185.191.171.34 - - [23/Jan/2022:08:59:59 +0100] "GET /-p-27612.html?action=add_product HTTP/1.0" 302 476 "-" "Mozilla/5.0 (compatible; SemrushBot/7~bl; +http://www.semrush.com/bot.html)"
167.114.173.115 - - [23/Jan/2022:09:00:00 +0100] "GET /teo-jasmin-ballpoint-pen-colors-p-30114.html HTTP/1.0" 301 70785 "-" "Mozilla/5.0 (compatible; MJ12bot/v1.4.8; http://mj12bot.com/)"
148.251.244.137 - - [23/Jan/2022:09:00:02 +0100] "GET /-p-32853.html HTTP/1.0" 200 70718 "-" "Mozilla/5.0 (compatible; MJ12bot/v1.4.8; http://mj12bot.com/)"
167.114.173.115 - - [23/Jan/2022:09:00:03 +0100] "GET /-p-30114.html HTTP/1.0" 200 70718 "-" "Mozilla/5.0 (compatible; MJ12bot/v1.4.8; http://mj12bot.com/)"
95.91.15.103 - - [23/Jan/2022:09:00:04 +0100] "GET /smiley-black-messenger-bag-p-20156.html HTTP/1.0" 301 70920 "-" "Mozilla/5.0 (compatible; MJ12bot/v1.4.8; http://mj12bot.com/)"
148.251.244.137 - - [23/Jan/2022:09:00:07 +0100] "GET /-p-32944.html HTTP/1.0" 200 70718 "-" "Mozilla/5.0 (compatible; MJ12bot/v1.4.8; http://mj12bot.com/)"
167.114.173.115 - - [23/Jan/2022:09:00:08 +0100] "GET /teo-jasmin-black-note-book-160-pages-p-30137.html HTTP/1.0" 301 73623 "-" "Mozilla/5.0 (compatible; MJ12bot/v1.4.8; http://mj12bot.com/)"
95.91.15.103 - - [23/Jan/2022:09:00:11 +0100] "GET /smiley-black-messenger-p-20156.html HTTP/1.0" 200 70831 "-" "Mozilla/5.0 (compatible; MJ12bot/v1.4.8; http://mj12bot.com/)"
167.114.173.115 - - [23/Jan/2022:09:00:12 +0100] "GET /jasmin-black-note-book-pages-p-30137.html HTTP/1.0" 200 73528 "-" "Mozilla/5.0 (compatible; MJ12bot/v1.4.8; http://mj12bot.com/)"
185.191.171.19 - - [23/Jan/2022:09:00:14 +0100] "GET /live-dream-rectangulary-cushion-cbkreation-p-42926.html?action=add_product HTTP/1.0" 302 476 "-" "Mozilla/5.0 (compatible; SemrushBot/7~bl; +http://www.semrush.com/bot.html)"
148.251.244.137 - - [23/Jan/2022:09:00:13 +0100] "GET /-p-32947.html HTTP/1.0" 200 70718 "-" "Mozilla/5.0 (compatible; MJ12bot/v1.4.8; http://mj12bot.com/)"
167.114.173.115 - - [23/Jan/2022:09:00:17 +0100] "GET /teo-jasmin-black-pencil-case-p-30531.html HTTP/1.0" 301 70785 "-" "Mozilla/5.0 (compatible; MJ12bot/v1.4.8; http://mj12bot.com/)"
148.251.244.137 - - [23/Jan/2022:09:00:18 +0100] "GET /-p-33054.html HTTP/1.0" 200 70718 "-" "Mozilla/5.0 (compatible; MJ12bot/v1.4.8; http://mj12bot.com/)"
185.191.171.7 - - [23/Jan/2022:09:00:20 +0100] "GET /magnet-kissing-tassen-p-47560.html?action=add_product HTTP/1.0" 302 476 "-" "Mozilla/5.0 (compatible; SemrushBot/7~bl; +http://www.semrush.com/bot.html)"
95.91.15.103 - - [23/Jan/2022:09:00:20 +0100] "GET /smiley-black-messenger-p-20156.html HTTP/1.0" 200 70831 "-" "Mozilla/5.0 (compatible; MJ12bot/v1.4.8; http://mj12bot.com/)"
167.114.173.115 - - [23/Jan/2022:09:00:22 +0100] "GET /-p-30531.html HTTP/1.0" 200 70718 "-" "Mozilla/5.0 (compatible; MJ12bot/v1.4.8; http://mj12bot.com/)"
148.251.244.137 - - [23/Jan/2022:09:00:23 +0100] "GET /-p-33068.html HTTP/1.0" 200 70718 "-" "Mozilla/5.0 (compatible; MJ12bot/v1.4.8; http://mj12bot.com/)"
95.91.15.103 - - [23/Jan/2022:09:00:26 +0100] "GET /smiley-black-notebook-p-16396.html HTTP/1.0" 301 70785 "-" "Mozilla/5.0 (compatible; MJ12bot/v1.4.8; http://mj12bot.com/)"
167.114.173.115 - - [23/Jan/2022:09:00:27 +0100] "GET /teo-jasmin-black-pot-metal-pens-p-30141.html HTTP/1.0" 301 70785 "-" "Mozilla/5.0 (compatible; MJ12bot/v1.4.8; http://mj12bot.com/)"
148.251.244.137 - - [23/Jan/2022:09:00:28 +0100] "GET /-p-33084.html HTTP/1.0" 200 70718 "-" "Mozilla/5.0 (compatible; MJ12bot/v1.4.8; http://mj12bot.com/)"
167.114.173.115 - - [23/Jan/2022:09:00:31 +0100] "GET /-p-30141.html HTTP/1.0" 200 70718 "-" "Mozilla/5.0 (compatible; MJ12bot/v1.4.8; http://mj12bot.com/)"
148.251.244.137 - - [23/Jan/2022:09:00:32 +0100] "GET /-p-33085.html HTTP/1.0" 200 70718 "-" "Mozilla/5.0 (compatible; MJ12bot/v1.4.8; http://mj12bot.com/)"
40.77.167.47 - - [23/Jan/2022:09:00:34 +0100] "GET /images/8428551001338.jpg HTTP/1.0" 200 259 "-" "Mozilla/5.0 (compatible; bingbot/2.0; +http://www.bing.com/bingbot.htm)"
167.114.173.115 - - [23/Jan/2022:09:00:34 +0100] "GET /teo-jasmin-black-shirt-p-30647.html HTTP/1.0" 301 70785 "-" "Mozilla/5.0 (compatible; MJ12bot/v1.4.8; http://mj12bot.com/)"
95.91.15.103 - - [23/Jan/2022:09:00:37 +0100] "GET /-p-16396.html HTTP/1.0" 200 70718 "-" "Mozilla/5.0 (compatible; MJ12bot/v1.4.8; http://mj12bot.com/)"
167.114.173.115 - - [23/Jan/2022:09:00:38 +0100] "GET /-p-30647.html HTTP/1.0" 200 70718 "-" "Mozilla/5.0 (compatible; MJ12bot/v1.4.8; http://mj12bot.com/)"
148.251.244.137 - - [23/Jan/2022:09:00:38 +0100] "GET /-p-33106.html HTTP/1.0" 200 70718 "-" "Mozilla/5.0 (compatible; MJ12bot/v1.4.8; http://mj12bot.com/)"
167.114.173.115 - - [23/Jan/2022:09:00:42 +0100] "GET /teo-jasmin-black-shoulder-bag-p-28144.html HTTP/1.0" 301 70785 "-" "Mozilla/5.0 (compatible; MJ12bot/v1.4.8; http://mj12bot.com/)"
148.251.244.137 - - [23/Jan/2022:09:00:43 +0100] "GET /-p-33157.html HTTP/1.0" 200 70718 "-" "Mozilla/5.0 (compatible; MJ12bot/v1.4.8; http://mj12bot.com/)"
95.91.15.103 - - [23/Jan/2022:09:00:45 +0100] "GET /smiley-green-backpack-p-20202.html HTTP/1.0" 301 70785 "-" "Mozilla/5.0 (compatible; MJ12bot/v1.4.8; http://mj12bot.com/)"
167.114.173.115 - - [23/Jan/2022:09:00:45 +0100] "GET /-p-28144.html HTTP/1.0" 200 70718 "-" "Mozilla/5.0 (compatible; MJ12bot/v1.4.8; http://mj12bot.com/)"
148.251.244.137 - - [23/Jan/2022:09:00:49 +0100] "GET /-p-33442.html HTTP/1.0" 200 70718 "-" "Mozilla/5.0 (compatible; MJ12bot/v1.4.8; http://mj12bot.com/)"
54.36.148.243 - - [23/Jan/2022:09:00:49 +0100] "GET /singing-bowl-p-35426.html HTTP/1.0" 200 73299 "-" "Mozilla/5.0 (compatible; AhrefsBot/7.0; +http://ahrefs.com/robot/)"
167.114.173.115 - - [23/Jan/2022:09:00:50 +0100] "GET /teo-jasmin-black-shoulder-bag-p-30116.html HTTP/1.0" 301 70785 "-" "Mozilla/5.0 (compatible; MJ12bot/v1.4.8; http://mj12bot.com/)"
95.91.15.103 - - [23/Jan/2022:09:00:53 +0100] "GET /-p-20202.html HTTP/1.0" 200 70718 "-" "Mozilla/5.0 (compatible; MJ12bot/v1.4.8; http://mj12bot.com/)"
148.251.244.137 - - [23/Jan/2022:09:00:54 +0100] "GET /-p-33485.html HTTP/1.0" 200 70718 "-" "Mozilla/5.0 (compatible; MJ12bot/v1.4.8; http://mj12bot.com/)"
167.114.173.115 - - [23/Jan/2022:09:00:54 +0100] "GET /-p-30116.html HTTP/1.0" 200 70718 "-" "Mozilla/5.0 (compatible; MJ12bot/v1.4.8; http://mj12bot.com/)"
167.114.173.115 - - [23/Jan/2022:09:00:58 +0100] "GET /teo-jasmin-black-suitcase-p-28003.html HTTP/1.0" 301 70785 "-" "Mozilla/5.0 (compatible; MJ12bot/v1.4.8; http://mj12bot.com/)"
148.251.244.137 - - [23/Jan/2022:09:00:58 +0100] "GET /-p-33664.html HTTP/1.0" 200 70718 "-" "Mozilla/5.0 (compatible; MJ12bot/v1.4.8; http://mj12bot.com/)"
167.114.173.115 - - [23/Jan/2022:09:01:01 +0100] "GET /-p-28003.html HTTP/1.0" 200 70718 "-" "Mozilla/5.0 (compatible; MJ12bot/v1.4.8; http://mj12bot.com/)"
51.68.224.127 - - [23/Jan/2022:09:01:04 +0100] "GET /adminweb/export_orders_xml.php?token=256de2z6edz6ed2z6DFSFsed2zed6zeDSFDSGdzedezfzf&maxorders=10&orderstart=1&status=14&start_date=2018-10-01 HTTP/1.0" 200 285 "-" "GesCom CharlotteBoutik Serveur"
95.91.15.103 - - [23/Jan/2022:09:01:03 +0100] "GET /smiley-happiness-soup-notebook-p-16398.html HTTP/1.0" 200 73460 "-" "Mozilla/5.0 (compatible; MJ12bot/v1.4.8; http://mj12bot.com/)"
51.68.224.127 - - [23/Jan/2022:09:01:04 +0100] "GET /adminweb/export_orders_xml.php?token=256de2z6edz6ed2z6DFSFsed2zed6zeDSFDSGdzedezfzf&maxorders=10&orderstart=1&status=6&start_date=2018-10-01 HTTP/1.0" 200 32795 "-" "GesCom CharlotteBoutik Serveur"
148.251.244.137 - - [23/Jan/2022:09:01:05 +0100] "GET /-p-33672.html HTTP/1.0" 200 70718 "-" "Mozilla/5.0 (compatible; MJ12bot/v1.4.8; http://mj12bot.com/)"
167.114.173.115 - - [23/Jan/2022:09:01:05 +0100] "GET /teo-jasmin-blue-mini-mug-p-28381.html HTTP/1.0" 301 70785 "-" "Mozilla/5.0 (compatible; MJ12bot/v1.4.8; http://mj12bot.com/)"
185.191.171.43 - - [23/Jan/2022:09:01:06 +0100] "GET /bamboo-fiber-plant-cover-p-55177.html HTTP/1.0" 200 73993 "-" "Mozilla/5.0 (compatible; SemrushBot/7~bl; +http://www.semrush.com/bot.html)"
167.114.173.115 - - [23/Jan/2022:09:01:09 +0100] "GET /-p-28381.html HTTP/1.0" 200 70718 "-" "Mozilla/5.0 (compatible; MJ12bot/v1.4.8; http://mj12bot.com/)"
95.91.15.103 - - [23/Jan/2022:09:01:10 +0100] "GET /smiley-notebook-p-16397.html HTTP/1.0" 200 73399 "-" "Mozilla/5.0 (compatible; MJ12bot/v1.4.8; http://mj12bot.com/)"
148.251.244.137 - - [23/Jan/2022:09:01:11 +0100] "GET /-p-33872.html HTTP/1.0" 200 70718 "-" "Mozilla/5.0 (compatible; MJ12bot/v1.4.8; http://mj12bot.com/)"
167.114.173.115 - - [23/Jan/2022:09:01:12 +0100] "GET /teo-jasmin-blue-note-book-160-pages-p-30135.html HTTP/1.0" 301 70785 "-" "Mozilla/5.0 (compatible; MJ12bot/v1.4.8; http://mj12bot.com/)"
167.114.173.115 - - [23/Jan/2022:09:01:16 +0100] "GET /-p-30135.html HTTP/1.0" 200 70718 "-" "Mozilla/5.0 (compatible; MJ12bot/v1.4.8; http://mj12bot.com/)"
50.87.144.97 - - [23/Jan/2022:09:01:17 +0100] "GET / HTTP/1.0" 301 511 "-" "-"
148.251.244.137 - - [23/Jan/2022:09:01:17 +0100] "GET /-p-33943.html HTTP/1.0" 200 70718 "-" "Mozilla/5.0 (compatible; MJ12bot/v1.4.8; http://mj12bot.com/)"
50.87.144.97 - - [23/Jan/2022:09:01:18 +0100] "GET / HTTP/1.0" 200 95869 "-" "-"
167.114.173.115 - - [23/Jan/2022:09:01:19 +0100] "GET /teo-jasmin-blue-tea-box-p-28371.html HTTP/1.0" 301 70785 "-" "Mozilla/5.0 (compatible; MJ12bot/v1.4.8; http://mj12bot.com/)"
167.114.173.115 - - [23/Jan/2022:09:01:23 +0100] "GET /-p-28371.html HTTP/1.0" 200 70718 "-" "Mozilla/5.0 (compatible; MJ12bot/v1.4.8; http://mj12bot.com/)"
148.251.244.137 - - [23/Jan/2022:09:01:23 +0100] "GET /-p-34025.html HTTP/1.0" 200 70718 "-" "Mozilla/5.0 (compatible; MJ12bot/v1.4.8; http://mj12bot.com/)"
185.191.171.11 - - [23/Jan/2022:09:01:23 +0100] "GET /hourglass-decoration-glass-sand-glitter-p-53613.html HTTP/1.0" 200 73522 "-" "Mozilla/5.0 (compatible; SemrushBot/7~bl; +http://www.semrush.com/bot.html)"
167.114.173.115 - - [23/Jan/2022:09:01:26 +0100] "GET /teo-jasmin-book-silhouette-p-27882.html HTTP/1.0" 301 70785 "-" "Mozilla/5.0 (compatible; MJ12bot/v1.4.8; http://mj12bot.com/)"
167.114.173.115 - - [23/Jan/2022:09:01:29 +0100] "GET /-p-27882.html HTTP/1.0" 200 70718 "-" "Mozilla/5.0 (compatible; MJ12bot/v1.4.8; http://mj12bot.com/)"
148.251.244.137 - - [23/Jan/2022:09:01:29 +0100] "GET /-p-34154.html HTTP/1.0" 200 70718 "-" "Mozilla/5.0 (compatible; MJ12bot/v1.4.8; http://mj12bot.com/)"
167.114.173.115 - - [23/Jan/2022:09:01:33 +0100] "GET /teo-jasmin-calendar-school-year-2014-2015-p-26202.html HTTP/1.0" 301 70785 "-" "Mozilla/5.0 (compatible; MJ12bot/v1.4.8; http://mj12bot.com/)"
17.121.114.235 - - [23/Jan/2022:09:01:35 +0100] "GET /white-figurine-decorative-small-model-p-34550.html HTTP/1.0" 200 70868 "-" "Mozilla/5.0 (Macintosh; Intel Mac OS X 10_15_5) AppleWebKit/605.1.15 (KHTML, like Gecko) Version/13.1.1 Safari/605.1.15 (Applebot/0.1; +http://www.apple.com/go/applebot)"
148.251.244.137 - - [23/Jan/2022:09:01:36 +0100] "GET /-p-34365.html HTTP/1.0" 200 70718 "-" "Mozilla/5.0 (compatible; MJ12bot/v1.4.8; http://mj12bot.com/)"
167.114.173.115 - - [23/Jan/2022:09:01:37 +0100] "GET /-p-26202.html HTTP/1.0" 200 70718 "-" "Mozilla/5.0 (compatible; MJ12bot/v1.4.8; http://mj12bot.com/)"
148.251.244.137 - - [23/Jan/2022:09:01:41 +0100] "GET /-p-34366.html HTTP/1.0" 200 70718 "-" "Mozilla/5.0 (compatible; MJ12bot/v1.4.8; http://mj12bot.com/)"
167.114.173.115 - - [23/Jan/2022:09:01:42 +0100] "GET /teo-jasmin-calendar-school-year-2014-2015-p-26204.html HTTP/1.0" 301 70785 "-" "Mozilla/5.0 (compatible; MJ12bot/v1.4.8; http://mj12bot.com/)"
66.249.93.251 - - [23/Jan/2022:09:01:47 +0100] "GET /images/big_prod_1/5018997632086.jpg HTTP/1.0" 200 270 "-" "Mozilla/5.0 (Windows NT 5.1; rv:11.0) Gecko Firefox/11.0 (via ggpht.com GoogleImageProxy)"
167.114.173.115 - - [23/Jan/2022:09:01:46 +0100] "GET /-p-26204.html HTTP/1.0" 200 70718 "-" "Mozilla/5.0 (compatible; MJ12bot/v1.4.8; http://mj12bot.com/)"
148.251.244.137 - - [23/Jan/2022:09:01:47 +0100] "GET /-p-34441.html HTTP/1.0" 200 70718 "-" "Mozilla/5.0 (compatible; MJ12bot/v1.4.8; http://mj12bot.com/)"
167.114.173.115 - - [23/Jan/2022:09:01:50 +0100] "GET /teo-jasmin-calendar-school-year-2016-2017-p-35838.html HTTP/1.0" 301 70785 "-" "Mozilla/5.0 (compatible; MJ12bot/v1.4.8; http://mj12bot.com/)"
185.191.171.3 - - [23/Jan/2022:09:01:50 +0100] "GET /world-clock-p-50184.html HTTP/1.0" 200 70772 "-" "Mozilla/5.0 (compatible; SemrushBot/7~bl; +http://www.semrush.com/bot.html)"
167.114.173.115 - - [23/Jan/2022:09:01:53 +0100] "GET /-p-35838.html HTTP/1.0" 200 70718 "-" "Mozilla/5.0 (compatible; MJ12bot/v1.4.8; http://mj12bot.com/)"
148.251.244.137 - - [23/Jan/2022:09:01:52 +0100] "GET /-p-34460.html HTTP/1.0" 200 70718 "-" "Mozilla/5.0 (compatible; MJ12bot/v1.4.8; http://mj12bot.com/)"
148.251.244.137 - - [23/Jan/2022:09:01:58 +0100] "GET /-p-34464.html HTTP/1.0" 200 70718 "-" "Mozilla/5.0 (compatible; MJ12bot/v1.4.8; http://mj12bot.com/)"
167.114.173.115 - - [23/Jan/2022:09:01:59 +0100] "GET /teo-jasmin-cigarettes-case-p-28086.html HTTP/1.0" 301 70785 "-" "Mozilla/5.0 (compatible; MJ12bot/v1.4.8; http://mj12bot.com/)"
66.249.93.253 - - [23/Jan/2022:09:02:03 +0100] "GET /images/big_prod/5018997624562.jpg HTTP/1.0" 200 268 "-" "Mozilla/5.0 (Windows NT 5.1; rv:11.0) Gecko Firefox/11.0 (via ggpht.com GoogleImageProxy)"
167.114.173.115 - - [23/Jan/2022:09:02:03 +0100] "GET /-p-28086.html HTTP/1.0" 200 70718 "-" "Mozilla/5.0 (compatible; MJ12bot/v1.4.8; http://mj12bot.com/)"
148.251.244.137 - - [23/Jan/2022:09:02:04 +0100] "GET /-p-34540.html HTTP/1.0" 200 70718 "-" "Mozilla/5.0 (compatible; MJ12bot/v1.4.8; http://mj12bot.com/)"
167.114.173.115 - - [23/Jan/2022:09:02:06 +0100] "GET /teo-jasmin-coasters-p-28401.html HTTP/1.0" 301 70785 "-" "Mozilla/5.0 (compatible; MJ12bot/v1.4.8; http://mj12bot.com/)"
167.114.173.115 - - [23/Jan/2022:09:02:11 +0100] "GET /-p-28401.html HTTP/1.0" 200 70718 "-" "Mozilla/5.0 (compatible; MJ12bot/v1.4.8; http://mj12bot.com/)"
148.251.244.137 - - [23/Jan/2022:09:02:11 +0100] "GET /-p-34591.html HTTP/1.0" 200 70718 "-" "Mozilla/5.0 (compatible; MJ12bot/v1.4.8; http://mj12bot.com/)"
167.114.173.115 - - [23/Jan/2022:09:02:14 +0100] "GET /teo-jasmin-coasters-p-32944.html HTTP/1.0" 301 70785 "-" "Mozilla/5.0 (compatible; MJ12bot/v1.4.8; http://mj12bot.com/)"
148.251.244.137 - - [23/Jan/2022:09:02:17 +0100] "GET /-p-34711.html HTTP/1.0" 200 70718 "-" "Mozilla/5.0 (compatible; MJ12bot/v1.4.8; http://mj12bot.com/)"
167.114.173.115 - - [23/Jan/2022:09:02:18 +0100] "GET /-p-32944.html HTTP/1.0" 200 70718 "-" "Mozilla/5.0 (compatible; MJ12bot/v1.4.8; http://mj12bot.com/)"
167.114.173.115 - - [23/Jan/2022:09:02:21 +0100] "GET /teo-jasmin-companion-portfolio-p-29418.html HTTP/1.0" 301 70944 "-" "Mozilla/5.0 (compatible; MJ12bot/v1.4.8; http://mj12bot.com/)"
185.191.171.9 - - [23/Jan/2022:09:02:24 +0100] "GET /-p-47721.html?action=add_product HTTP/1.0" 302 476 "-" "Mozilla/5.0 (compatible; SemrushBot/7~bl; +http://www.semrush.com/bot.html)"
167.114.173.115 - - [23/Jan/2022:09:02:24 +0100] "GET /jasmin-companion-portfolio-p-29418.html HTTP/1.0" 200 70851 "-" "Mozilla/5.0 (compatible; MJ12bot/v1.4.8; http://mj12bot.com/)"
148.251.244.137 - - [23/Jan/2022:09:02:26 +0100] "GET /-p-34791.html HTTP/1.0" 200 70718 "-" "Mozilla/5.0 (compatible; MJ12bot/v1.4.8; http://mj12bot.com/)"
167.114.173.115 - - [23/Jan/2022:09:02:28 +0100] "GET /teo-jasmin-companion-portfolio-p-31584.html HTTP/1.0" 301 70944 "-" "Mozilla/5.0 (compatible; MJ12bot/v1.4.8; http://mj12bot.com/)"
167.114.173.115 - - [23/Jan/2022:09:02:31 +0100] "GET /jasmin-companion-portfolio-p-31584.html HTTP/1.0" 200 70851 "-" "Mozilla/5.0 (compatible; MJ12bot/v1.4.8; http://mj12bot.com/)"
148.251.244.137 - - [23/Jan/2022:09:02:34 +0100] "GET /-p-34829.html HTTP/1.0" 200 70718 "-" "Mozilla/5.0 (compatible; MJ12bot/v1.4.8; http://mj12bot.com/)"
167.114.173.115 - - [23/Jan/2022:09:02:34 +0100] "GET /teo-jasmin-companion-portfolio-p-33600.html HTTP/1.0" 301 73737 "-" "Mozilla/5.0 (compatible; MJ12bot/v1.4.8; http://mj12bot.com/)"
167.114.173.115 - - [23/Jan/2022:09:02:39 +0100] "GET /jasmin-companion-portfolio-p-33600.html HTTP/1.0" 200 73644 "-" "Mozilla/5.0 (compatible; MJ12bot/v1.4.8; http://mj12bot.com/)"
148.251.244.137 - - [23/Jan/2022:09:02:41 +0100] "GET /-p-34929.html HTTP/1.0" 200 70718 "-" "Mozilla/5.0 (compatible; MJ12bot/v1.4.8; http://mj12bot.com/)"
95.91.15.103 - - [23/Jan/2022:09:02:41 +0100] "GET /smiley-purple-notebook-p-16395.html HTTP/1.0" 200 73402 "-" "Mozilla/5.0 (compatible; MJ12bot/v1.4.8; http://mj12bot.com/)"
167.114.173.115 - - [23/Jan/2022:09:02:42 +0100] "GET /teo-jasmin-croisette-chamalow-large-lamp-p-35757.html HTTP/1.0" 301 70785 "-" "Mozilla/5.0 (compatible; MJ12bot/v1.4.8; http://mj12bot.com/)"
185.191.171.34 - - [23/Jan/2022:09:02:43 +0100] "GET /henry-james-quote-wall-stickers-p-42965.html HTTP/1.0" 200 73504 "-" "Mozilla/5.0 (compatible; SemrushBot/7~bl; +http://www.semrush.com/bot.html)"
167.114.173.115 - - [23/Jan/2022:09:02:45 +0100] "GET /-p-35757.html HTTP/1.0" 200 70718 "-" "Mozilla/5.0 (compatible; MJ12bot/v1.4.8; http://mj12bot.com/)"
148.251.244.137 - - [23/Jan/2022:09:02:47 +0100] "GET /-p-35034.html HTTP/1.0" 200 70718 "-" "Mozilla/5.0 (compatible; MJ12bot/v1.4.8; http://mj12bot.com/)"
167.114.173.115 - - [23/Jan/2022:09:02:49 +0100] "GET /teo-jasmin-dessert-plates-p-28393.html HTTP/1.0" 301 70785 "-" "Mozilla/5.0 (compatible; MJ12bot/v1.4.8; http://mj12bot.com/)"
167.114.173.115 - - [23/Jan/2022:09:02:51 +0100] "GET /-p-28393.html HTTP/1.0" 200 70718 "-" "Mozilla/5.0 (compatible; MJ12bot/v1.4.8; http://mj12bot.com/)"
167.114.173.115 - - [23/Jan/2022:09:02:55 +0100] "GET /teo-jasmin-dessert-spoon-p-32024.html HTTP/1.0" 301 73410 "-" "Mozilla/5.0 (compatible; MJ12bot/v1.4.8; http://mj12bot.com/)"
148.251.244.137 - - [23/Jan/2022:09:02:56 +0100] "GET /-p-35039.html HTTP/1.0" 200 70718 "-" "Mozilla/5.0 (compatible; MJ12bot/v1.4.8; http://mj12bot.com/)"
54.36.148.243 - - [23/Jan/2022:09:02:57 +0100] "GET /unicorn-nightlight-blue-p-55362.html HTTP/1.0" 200 74809 "-" "Mozilla/5.0 (compatible; AhrefsBot/7.0; +http://ahrefs.com/robot/)"
167.114.173.115 - - [23/Jan/2022:09:02:59 +0100] "GET /jasmin-dessert-spoon-p-32024.html HTTP/1.0" 200 73323 "-" "Mozilla/5.0 (compatible; MJ12bot/v1.4.8; http://mj12bot.com/)"
118.184.177.81 - - [23/Jan/2022:09:03:01 +0100] "GET / HTTP/1.0" 200 95838 "-" "Sogou web spider/4.0(+http://www.sogou.com/docs/help/webmasters.htm#07)"
167.114.173.115 - - [23/Jan/2022:09:03:02 +0100] "GET /teo-jasmin-dessert-spoon-p-32025.html HTTP/1.0" 301 70785 "-" "Mozilla/5.0 (compatible; MJ12bot/v1.4.8; http://mj12bot.com/)"
148.251.244.137 - - [23/Jan/2022:09:03:03 +0100] "GET /-p-35041.html HTTP/1.0" 200 70718 "-" "Mozilla/5.0 (compatible; MJ12bot/v1.4.8; http://mj12bot.com/)"
167.114.173.115 - - [23/Jan/2022:09:03:06 +0100] "GET /-p-32025.html HTTP/1.0" 200 70718 "-" "Mozilla/5.0 (compatible; MJ12bot/v1.4.8; http://mj12bot.com/)"
167.114.173.115 - - [23/Jan/2022:09:03:09 +0100] "GET /teo-jasmin-dessert-spoon-p-32026.html HTTP/1.0" 301 70785 "-" "Mozilla/5.0 (compatible; MJ12bot/v1.4.8; http://mj12bot.com/)"
148.251.244.137 - - [23/Jan/2022:09:03:11 +0100] "GET /-p-35118.html HTTP/1.0" 200 70718 "-" "Mozilla/5.0 (compatible; MJ12bot/v1.4.8; http://mj12bot.com/)"
167.114.173.115 - - [23/Jan/2022:09:03:12 +0100] "GET /-p-32026.html HTTP/1.0" 200 70718 "-" "Mozilla/5.0 (compatible; MJ12bot/v1.4.8; http://mj12bot.com/)"
167.114.173.115 - - [23/Jan/2022:09:03:17 +0100] "GET /teo-jasmin-dog-bowl-p-32289.html HTTP/1.0" 301 70866 "-" "Mozilla/5.0 (compatible; MJ12bot/v1.4.8; http://mj12bot.com/)"
148.251.244.137 - - [23/Jan/2022:09:03:19 +0100] "GET /-p-35177.html HTTP/1.0" 200 70718 "-" "Mozilla/5.0 (compatible; MJ12bot/v1.4.8; http://mj12bot.com/)"
167.114.173.115 - - [23/Jan/2022:09:03:21 +0100] "GET /jasmin-bowl-p-32289.html HTTP/1.0" 200 70788 "-" "Mozilla/5.0 (compatible; MJ12bot/v1.4.8; http://mj12bot.com/)"
167.114.173.115 - - [23/Jan/2022:09:03:25 +0100] "GET /teo-jasmin-doll-pouch-jasmine-apache-p-35511.html HTTP/1.0" 301 70986 "-" "Mozilla/5.0 (compatible; MJ12bot/v1.4.8; http://mj12bot.com/)"
148.251.244.137 - - [23/Jan/2022:09:03:25 +0100] "GET /-p-35229.html HTTP/1.0" 200 70718 "-" "Mozilla/5.0 (compatible; MJ12bot/v1.4.8; http://mj12bot.com/)"
167.114.173.115 - - [23/Jan/2022:09:03:28 +0100] "GET /jasmin-doll-pouch-jasmine-apache-p-35511.html HTTP/1.0" 200 70887 "-" "Mozilla/5.0 (compatible; MJ12bot/v1.4.8; http://mj12bot.com/)"
167.114.173.115 - - [23/Jan/2022:09:03:32 +0100] "GET /teo-jasmin-doll-pouch-p-33607.html HTTP/1.0" 301 70890 "-" "Mozilla/5.0 (compatible; MJ12bot/v1.4.8; http://mj12bot.com/)"
167.114.173.115 - - [23/Jan/2022:09:03:35 +0100] "GET /jasmin-doll-pouch-p-33607.html HTTP/1.0" 200 70806 "-" "Mozilla/5.0 (compatible; MJ12bot/v1.4.8; http://mj12bot.com/)"
148.251.244.137 - - [23/Jan/2022:09:03:36 +0100] "GET /-p-35293.html HTTP/1.0" 200 70718 "-" "Mozilla/5.0 (compatible; MJ12bot/v1.4.8; http://mj12bot.com/)"
167.114.173.115 - - [23/Jan/2022:09:03:39 +0100] "GET /teo-jasmin-elastic-pocket-32-24-cm-p-40865.html HTTP/1.0" 301 70785 "-" "Mozilla/5.0 (compatible; MJ12bot/v1.4.8; http://mj12bot.com/)"
95.91.15.103 - - [23/Jan/2022:09:03:41 +0100] "GET /smiley-red-backpack-p-20201.html HTTP/1.0" 301 70785 "-" "Mozilla/5.0 (compatible; MJ12bot/v1.4.8; http://mj12bot.com/)"
66.249.93.253 - - [23/Jan/2022:09:03:44 +0100] "GET /images/big_prod/5018997627938.jpg HTTP/1.0" 200 268 "-" "Mozilla/5.0 (Windows NT 5.1; rv:11.0) Gecko Firefox/11.0 (via ggpht.com GoogleImageProxy)"
167.114.173.115 - - [23/Jan/2022:09:03:42 +0100] "GET /-p-40865.html HTTP/1.0" 200 70718 "-" "Mozilla/5.0 (compatible; MJ12bot/v1.4.8; http://mj12bot.com/)"
148.251.244.137 - - [23/Jan/2022:09:03:45 +0100] "GET /-p-35295.html HTTP/1.0" 200 70718 "-" "Mozilla/5.0 (compatible; MJ12bot/v1.4.8; http://mj12bot.com/)"
167.114.173.115 - - [23/Jan/2022:09:03:46 +0100] "GET /teo-jasmin-grey-mini-mug-p-28925.html HTTP/1.0" 301 70785 "-" "Mozilla/5.0 (compatible; MJ12bot/v1.4.8; http://mj12bot.com/)"
167.114.173.115 - - [23/Jan/2022:09:03:49 +0100] "GET /-p-28925.html HTTP/1.0" 200 70718 "-" "Mozilla/5.0 (compatible; MJ12bot/v1.4.8; http://mj12bot.com/)"
54.36.148.204 - - [23/Jan/2022:09:03:50 +0100] "GET /creative-hobbies-and-coloring-c-30.html?page=25 HTTP/1.0" 301 92280 "-" "Mozilla/5.0 (compatible; AhrefsBot/7.0; +http://ahrefs.com/robot/)"
167.114.173.115 - - [23/Jan/2022:09:03:53 +0100] "GET /teo-jasmin-grey-placemat-p-28362.html HTTP/1.0" 301 70785 "-" "Mozilla/5.0 (compatible; MJ12bot/v1.4.8; http://mj12bot.com/)"
148.251.244.137 - - [23/Jan/2022:09:03:52 +0100] "GET /-p-35315.html HTTP/1.0" 200 70718 "-" "Mozilla/5.0 (compatible; MJ12bot/v1.4.8; http://mj12bot.com/)"
167.114.173.115 - - [23/Jan/2022:09:03:56 +0100] "GET /-p-28362.html HTTP/1.0" 200 70718 "-" "Mozilla/5.0 (compatible; MJ12bot/v1.4.8; http://mj12bot.com/)"
167.114.173.115 - - [23/Jan/2022:09:04:00 +0100] "GET /teo-jasmin-groovy-music-ballpoint-p-32962.html HTTP/1.0" 301 70785 "-" "Mozilla/5.0 (compatible; MJ12bot/v1.4.8; http://mj12bot.com/)"
148.251.244.137 - - [23/Jan/2022:09:04:01 +0100] "GET /-p-35328.html HTTP/1.0" 200 70718 "-" "Mozilla/5.0 (compatible; MJ12bot/v1.4.8; http://mj12bot.com/)"
167.114.173.115 - - [23/Jan/2022:09:04:03 +0100] "GET /-p-32962.html HTTP/1.0" 200 70718 "-" "Mozilla/5.0 (compatible; MJ12bot/v1.4.8; http://mj12bot.com/)"
148.251.244.137 - - [23/Jan/2022:09:04:07 +0100] "GET /-p-35331.html HTTP/1.0" 200 70718 "-" "Mozilla/5.0 (compatible; MJ12bot/v1.4.8; http://mj12bot.com/)"
167.114.173.115 - - [23/Jan/2022:09:04:07 +0100] "GET /teo-jasmin-groovy-personal-diary-and-pen-p-30131.html HTTP/1.0" 301 70785 "-" "Mozilla/5.0 (compatible; MJ12bot/v1.4.8; http://mj12bot.com/)"
95.91.15.103 - - [23/Jan/2022:09:04:10 +0100] "GET /-p-20201.html HTTP/1.0" 200 70718 "-" "Mozilla/5.0 (compatible; MJ12bot/v1.4.8; http://mj12bot.com/)"
148.251.244.137 - - [23/Jan/2022:09:04:11 +0100] "GET /-p-35465.html HTTP/1.0" 200 70718 "-" "Mozilla/5.0 (compatible; MJ12bot/v1.4.8; http://mj12bot.com/)"
167.114.173.115 - - [23/Jan/2022:09:04:13 +0100] "GET /-p-30131.html HTTP/1.0" 200 70718 "-" "Mozilla/5.0 (compatible; MJ12bot/v1.4.8; http://mj12bot.com/)"
95.91.15.103 - - [23/Jan/2022:09:04:14 +0100] "GET /smiley-reporter-bag-p-16739.html HTTP/1.0" 301 73770 "-" "Mozilla/5.0 (compatible; MJ12bot/v1.4.8; http://mj12bot.com/)"
167.114.173.115 - - [23/Jan/2022:09:04:16 +0100] "GET /teo-jasmin-groovy-purse-p-32963.html HTTP/1.0" 301 70902 "-" "Mozilla/5.0 (compatible; MJ12bot/v1.4.8; http://mj12bot.com/)"
148.251.244.137 - - [23/Jan/2022:09:04:18 +0100] "GET /-p-35484.html HTTP/1.0" 200 70718 "-" "Mozilla/5.0 (compatible; MJ12bot/v1.4.8; http://mj12bot.com/)"
167.114.173.115 - - [23/Jan/2022:09:04:19 +0100] "GET /jasmin-groovy-purse-p-32963.html HTTP/1.0" 200 70816 "-" "Mozilla/5.0 (compatible; MJ12bot/v1.4.8; http://mj12bot.com/)"
167.114.173.115 - - [23/Jan/2022:09:04:23 +0100] "GET /teo-jasmin-handbag-hanger-p-32020.html HTTP/1.0" 301 70785 "-" "Mozilla/5.0 (compatible; MJ12bot/v1.4.8; http://mj12bot.com/)"
148.251.244.137 - - [23/Jan/2022:09:04:24 +0100] "GET /-p-35555.html HTTP/1.0" 200 70718 "-" "Mozilla/5.0 (compatible; MJ12bot/v1.4.8; http://mj12bot.com/)"
167.114.173.115 - - [23/Jan/2022:09:04:26 +0100] "GET /-p-32020.html HTTP/1.0" 200 70718 "-" "Mozilla/5.0 (compatible; MJ12bot/v1.4.8; http://mj12bot.com/)"
95.91.15.103 - - [23/Jan/2022:09:04:25 +0100] "GET /smiley-reporter-p-16739.html HTTP/1.0" 200 73688 "-" "Mozilla/5.0 (compatible; MJ12bot/v1.4.8; http://mj12bot.com/)"
167.114.173.115 - - [23/Jan/2022:09:04:29 +0100] "GET /teo-jasmin-handbag-hanger-p-32021.html HTTP/1.0" 301 70785 "-" "Mozilla/5.0 (compatible; MJ12bot/v1.4.8; http://mj12bot.com/)"
148.251.244.137 - - [23/Jan/2022:09:04:31 +0100] "GET /-p-35606.html HTTP/1.0" 200 70718 "-" "Mozilla/5.0 (compatible; MJ12bot/v1.4.8; http://mj12bot.com/)"
167.114.173.115 - - [23/Jan/2022:09:04:34 +0100] "GET /-p-32021.html HTTP/1.0" 200 70718 "-" "Mozilla/5.0 (compatible; MJ12bot/v1.4.8; http://mj12bot.com/)"
167.114.173.115 - - [23/Jan/2022:09:04:37 +0100] "GET /teo-jasmin-handbag-hanger-p-32023.html HTTP/1.0" 301 70785 "-" "Mozilla/5.0 (compatible; MJ12bot/v1.4.8; http://mj12bot.com/)"
148.251.244.137 - - [23/Jan/2022:09:04:39 +0100] "GET /-p-35686.html HTTP/1.0" 200 70718 "-" "Mozilla/5.0 (compatible; MJ12bot/v1.4.8; http://mj12bot.com/)"
185.191.171.43 - - [23/Jan/2022:09:04:39 +0100] "GET /cushion-cover-dark-beige-p-43615.html?action=add_product HTTP/1.0" 302 476 "-" "Mozilla/5.0 (compatible; SemrushBot/7~bl; +http://www.semrush.com/bot.html)"
167.114.173.115 - - [23/Jan/2022:09:04:40 +0100] "GET /-p-32023.html HTTP/1.0" 200 70718 "-" "Mozilla/5.0 (compatible; MJ12bot/v1.4.8; http://mj12bot.com/)"
167.114.173.115 - - [23/Jan/2022:09:04:46 +0100] "GET /teo-jasmin-hip-hop-ballpoint-p-32950.html HTTP/1.0" 301 70785 "-" "Mozilla/5.0 (compatible; MJ12bot/v1.4.8; http://mj12bot.com/)"
148.251.244.137 - - [23/Jan/2022:09:04:47 +0100] "GET /-p-35753.html HTTP/1.0" 200 70718 "-" "Mozilla/5.0 (compatible; MJ12bot/v1.4.8; http://mj12bot.com/)"
167.114.173.115 - - [23/Jan/2022:09:04:50 +0100] "GET /-p-32950.html HTTP/1.0" 200 70718 "-" "Mozilla/5.0 (compatible; MJ12bot/v1.4.8; http://mj12bot.com/)"
