144.76.186.38 - - [23/Jan/2022:11:09:23 +0100] "GET /tisanire-cement-tiles-blue-p-52871.html HTTP/1.0" 200 70822 "-" "Mozilla/5.0 (compatible; MJ12bot/v1.4.8; http://mj12bot.com/)"
185.191.171.33 - - [23/Jan/2022:11:09:24 +0100] "GET /white-gold-tortoise-statue-resin-p-49991.html HTTP/1.0" 200 70844 "-" "Mozilla/5.0 (compatible; SemrushBot/7~bl; +http://www.semrush.com/bot.html)"
144.76.186.38 - - [23/Jan/2022:11:09:30 +0100] "GET /tisanire-cement-tiles-blue-p-52871.html HTTP/1.0" 200 70822 "-" "Mozilla/5.0 (compatible; MJ12bot/v1.4.8; http://mj12bot.com/)"
144.76.186.38 - - [23/Jan/2022:11:09:35 +0100] "GET /titeuf-bathrobe-years-p-10388.html HTTP/1.0" 200 70826 "-" "Mozilla/5.0 (compatible; MJ12bot/v1.4.8; http://mj12bot.com/)"
144.76.186.38 - - [23/Jan/2022:11:09:40 +0100] "GET /toiletbrush-damask-p-50719.html HTTP/1.0" 200 74171 "-" "Mozilla/5.0 (compatible; MJ12bot/v1.4.8; http://mj12bot.com/)"
185.191.171.33 - - [23/Jan/2022:11:09:43 +0100] "GET /robots.txt HTTP/1.0" 200 245 "-" "Mozilla/5.0 (compatible; SemrushBot/7~bl; +http://www.semrush.com/bot.html)"
185.191.171.43 - - [23/Jan/2022:11:09:43 +0100] "GET /nomad-glass-teapot-p-54548.html HTTP/1.0" 200 74267 "-" "Mozilla/5.0 (compatible; SemrushBot/7~bl; +http://www.semrush.com/bot.html)"
144.76.186.38 - - [23/Jan/2022:11:09:52 +0100] "GET /toiletbrush-dreamcatchers-p-50695.html HTTP/1.0" 200 74254 "-" "Mozilla/5.0 (compatible; MJ12bot/v1.4.8; http://mj12bot.com/)"
144.76.186.38 - - [23/Jan/2022:11:09:57 +0100] "GET /toiletbrush-pebbles-p-50690.html HTTP/1.0" 200 74222 "-" "Mozilla/5.0 (compatible; MJ12bot/v1.4.8; http://mj12bot.com/)"
157.55.39.153 - - [23/Jan/2022:11:10:03 +0100] "GET /decorative-wooden-plate-entree-interdite-aux-raleurs-white-p-47811.html HTTP/1.0" 301 73994 "-" "Mozilla/5.0 (compatible; bingbot/2.0; +http://www.bing.com/bingbot.htm)"
185.191.171.38 - - [23/Jan/2022:11:10:04 +0100] "GET /golden-metal-lotus-flower-candle-holder-delivered-without-lotus-p-57155.html HTTP/1.0" 200 75342 "-" "Mozilla/5.0 (compatible; SemrushBot/7~bl; +http://www.semrush.com/bot.html)"
144.76.186.38 - - [23/Jan/2022:11:10:04 +0100] "GET /toiletbrush-zen-pebbles-p-50690.html HTTP/1.0" 301 74308 "-" "Mozilla/5.0 (compatible; MJ12bot/v1.4.8; http://mj12bot.com/)"
144.76.186.38 - - [23/Jan/2022:11:10:12 +0100] "GET /toiletbrush-pebbles-p-50690.html HTTP/1.0" 200 74222 "-" "Mozilla/5.0 (compatible; MJ12bot/v1.4.8; http://mj12bot.com/)"
185.191.171.11 - - [23/Jan/2022:11:10:17 +0100] "GET /protects-mattress-fleece-cotton-p-53953.html HTTP/1.0" 200 73531 "-" "Mozilla/5.0 (compatible; SemrushBot/7~bl; +http://www.semrush.com/bot.html)"
144.76.186.38 - - [23/Jan/2022:11:10:23 +0100] "GET /toiletry-bag-london-p-27287.html HTTP/1.0" 301 70785 "-" "Mozilla/5.0 (compatible; MJ12bot/v1.4.8; http://mj12bot.com/)"
144.76.186.38 - - [23/Jan/2022:11:10:32 +0100] "GET /-p-27287.html HTTP/1.0" 200 70718 "-" "Mozilla/5.0 (compatible; MJ12bot/v1.4.8; http://mj12bot.com/)"
144.76.186.38 - - [23/Jan/2022:11:10:40 +0100] "GET /toiletry-bag-p-42969.html HTTP/1.0" 301 73449 "-" "Mozilla/5.0 (compatible; MJ12bot/v1.4.8; http://mj12bot.com/)"
144.76.186.38 - - [23/Jan/2022:11:10:45 +0100] "GET /toiletry-p-42969.html HTTP/1.0" 200 73374 "-" "Mozilla/5.0 (compatible; MJ12bot/v1.4.8; http://mj12bot.com/)"
144.76.186.38 - - [23/Jan/2022:11:10:54 +0100] "GET /toiletry-bag-p-42970.html HTTP/1.0" 301 73449 "-" "Mozilla/5.0 (compatible; MJ12bot/v1.4.8; http://mj12bot.com/)"
144.76.186.38 - - [23/Jan/2022:11:10:59 +0100] "GET /toiletry-p-42970.html HTTP/1.0" 200 73374 "-" "Mozilla/5.0 (compatible; MJ12bot/v1.4.8; http://mj12bot.com/)"
185.191.171.6 - - [23/Jan/2022:11:11:00 +0100] "GET /bracelet-tiger-p-47649.html HTTP/1.0" 200 73781 "-" "Mozilla/5.0 (compatible; SemrushBot/7~bl; +http://www.semrush.com/bot.html)"
114.119.128.253 - - [23/Jan/2022:11:11:02 +0100] "GET /decorative-wooden-plate-p-51587.html HTTP/1.0" 200 74105 "-" "Mozilla/5.0 (Linux; Android 7.0;) AppleWebKit/537.36 (KHTML, like Gecko) Mobile Safari/537.36 (compatible; PetalBot;+https://webmaster.petalsearch.com/site/petalbot)"
144.76.186.38 - - [23/Jan/2022:11:11:06 +0100] "GET /toiletry-bag-p-42972.html HTTP/1.0" 301 73449 "-" "Mozilla/5.0 (compatible; MJ12bot/v1.4.8; http://mj12bot.com/)"
157.55.39.153 - - [23/Jan/2022:11:11:14 +0100] "GET /images/big_prod/1304038301153.jpg HTTP/1.0" 200 268 "-" "Mozilla/5.0 (compatible; bingbot/2.0; +http://www.bing.com/bingbot.htm)"
144.76.186.38 - - [23/Jan/2022:11:11:13 +0100] "GET /toiletry-p-42972.html HTTP/1.0" 200 73374 "-" "Mozilla/5.0 (compatible; MJ12bot/v1.4.8; http://mj12bot.com/)"
65.49.221.40 - - [23/Jan/2022:11:11:16 +0100] "GET /images/mini_prod/8033667001174.jpg HTTP/1.0" 200 269 "-" "python-requests/2.25.1"
144.76.186.38 - - [23/Jan/2022:11:11:20 +0100] "GET /toiletry-bag-p-42973.html HTTP/1.0" 301 73462 "-" "Mozilla/5.0 (compatible; MJ12bot/v1.4.8; http://mj12bot.com/)"
144.76.186.38 - - [23/Jan/2022:11:11:27 +0100] "GET /toiletry-p-42973.html HTTP/1.0" 200 73387 "-" "Mozilla/5.0 (compatible; MJ12bot/v1.4.8; http://mj12bot.com/)"
144.76.186.38 - - [23/Jan/2022:11:11:34 +0100] "GET /toiletry-bag-p-42975.html HTTP/1.0" 301 73449 "-" "Mozilla/5.0 (compatible; MJ12bot/v1.4.8; http://mj12bot.com/)"
54.36.148.243 - - [23/Jan/2022:11:11:39 +0100] "GET /princess-swan-with-crown-nightlight-p-53137.html HTTP/1.0" 200 75047 "-" "Mozilla/5.0 (compatible; AhrefsBot/7.0; +http://ahrefs.com/robot/)"
144.76.186.38 - - [23/Jan/2022:11:11:40 +0100] "GET /toiletry-p-42975.html HTTP/1.0" 200 73374 "-" "Mozilla/5.0 (compatible; MJ12bot/v1.4.8; http://mj12bot.com/)"
144.76.186.38 - - [23/Jan/2022:11:11:48 +0100] "GET /toiletry-bag-p-42976.html HTTP/1.0" 301 73448 "-" "Mozilla/5.0 (compatible; MJ12bot/v1.4.8; http://mj12bot.com/)"
144.76.186.38 - - [23/Jan/2022:11:11:54 +0100] "GET /toiletry-p-42976.html HTTP/1.0" 200 73373 "-" "Mozilla/5.0 (compatible; MJ12bot/v1.4.8; http://mj12bot.com/)"
147.92.153.7 - - [23/Jan/2022:11:11:57 +0100] "GET /writing-correction-c-129_186.html?page=6 HTTP/1.0" 200 87215 "-" "Mozilla/5.0 (compatible; Linespider/1.1; +https://lin.ee/4dwXkTH)"
144.76.186.38 - - [23/Jan/2022:11:12:01 +0100] "GET /toiletry-bag-p-43025.html HTTP/1.0" 301 73449 "-" "Mozilla/5.0 (compatible; MJ12bot/v1.4.8; http://mj12bot.com/)"
157.55.39.125 - - [23/Jan/2022:11:12:05 +0100] "GET /images/B00316-copie-4.jpg HTTP/1.0" 200 260 "-" "Mozilla/5.0 (compatible; bingbot/2.0; +http://www.bing.com/bingbot.htm)"
144.76.186.38 - - [23/Jan/2022:11:12:09 +0100] "GET /toiletry-p-43025.html HTTP/1.0" 200 73374 "-" "Mozilla/5.0 (compatible; MJ12bot/v1.4.8; http://mj12bot.com/)"
144.76.186.38 - - [23/Jan/2022:11:12:18 +0100] "GET /toiletry-p-42969.html HTTP/1.0" 200 73374 "-" "Mozilla/5.0 (compatible; MJ12bot/v1.4.8; http://mj12bot.com/)"
144.76.186.38 - - [23/Jan/2022:11:12:28 +0100] "GET /toiletry-p-42970.html HTTP/1.0" 200 73374 "-" "Mozilla/5.0 (compatible; MJ12bot/v1.4.8; http://mj12bot.com/)"
144.76.186.38 - - [23/Jan/2022:11:12:36 +0100] "GET /toiletry-p-42972.html HTTP/1.0" 200 73374 "-" "Mozilla/5.0 (compatible; MJ12bot/v1.4.8; http://mj12bot.com/)"
144.76.186.38 - - [23/Jan/2022:11:12:43 +0100] "GET /toiletry-p-42973.html HTTP/1.0" 200 73387 "-" "Mozilla/5.0 (compatible; MJ12bot/v1.4.8; http://mj12bot.com/)"
144.76.186.38 - - [23/Jan/2022:11:12:50 +0100] "GET /toiletry-p-42975.html HTTP/1.0" 200 73374 "-" "Mozilla/5.0 (compatible; MJ12bot/v1.4.8; http://mj12bot.com/)"
185.191.171.13 - - [23/Jan/2022:11:12:58 +0100] "GET /paris-snow-globe-p-52189.html?action=add_product HTTP/1.0" 302 476 "-" "Mozilla/5.0 (compatible; SemrushBot/7~bl; +http://www.semrush.com/bot.html)"
144.76.186.38 - - [23/Jan/2022:11:13:00 +0100] "GET /toiletry-p-42976.html HTTP/1.0" 200 73373 "-" "Mozilla/5.0 (compatible; MJ12bot/v1.4.8; http://mj12bot.com/)"
185.191.171.37 - - [23/Jan/2022:11:13:09 +0100] "GET /mareva-coated-tablecloth-grey-blue-p-44309.html?action=add_product HTTP/1.0" 302 476 "-" "Mozilla/5.0 (compatible; SemrushBot/7~bl; +http://www.semrush.com/bot.html)"
51.68.224.127 - - [23/Jan/2022:11:13:10 +0100] "GET /adminweb/export_orders_xml.php?token=256de2z6edz6ed2z6DFSFsed2zed6zeDSFDSGdzedezfzf&maxorders=10&orderstart=1&status=14&start_date=2018-10-01 HTTP/1.0" 200 285 "-" "GesCom CharlotteBoutik Serveur"
51.68.224.127 - - [23/Jan/2022:11:13:11 +0100] "GET /adminweb/export_orders_xml.php?token=256de2z6edz6ed2z6DFSFsed2zed6zeDSFDSGdzedezfzf&maxorders=10&orderstart=1&status=6&start_date=2018-10-01 HTTP/1.0" 200 32795 "-" "GesCom CharlotteBoutik Serveur"
144.76.186.38 - - [23/Jan/2022:11:13:11 +0100] "GET /toiletry-p-43025.html HTTP/1.0" 200 73374 "-" "Mozilla/5.0 (compatible; MJ12bot/v1.4.8; http://mj12bot.com/)"
144.76.186.38 - - [23/Jan/2022:11:13:20 +0100] "GET /tom-driver-and-sam-small-figures-p-18386.html HTTP/1.0" 301 70785 "-" "Mozilla/5.0 (compatible; MJ12bot/v1.4.8; http://mj12bot.com/)"
144.76.186.38 - - [23/Jan/2022:11:13:28 +0100] "GET /-p-18386.html HTTP/1.0" 200 70718 "-" "Mozilla/5.0 (compatible; MJ12bot/v1.4.8; http://mj12bot.com/)"
185.191.171.38 - - [23/Jan/2022:11:13:34 +0100] "GET /oblix-money-p-7296.html?action=add_product HTTP/1.0" 302 476 "-" "Mozilla/5.0 (compatible; SemrushBot/7~bl; +http://www.semrush.com/bot.html)"
144.76.186.38 - - [23/Jan/2022:11:13:37 +0100] "GET /top-model-blue-fountain-pen-p-21488.html HTTP/1.0" 301 70914 "-" "Mozilla/5.0 (compatible; MJ12bot/v1.4.8; http://mj12bot.com/)"
114.119.128.40 - - [23/Jan/2022:11:13:44 +0100] "GET /large-plush-tchoupi-27-cm-p-14373.html HTTP/1.0" 301 70882 "-" "Mozilla/5.0 (Linux; Android 7.0;) AppleWebKit/537.36 (KHTML, like Gecko) Mobile Safari/537.36 (compatible; PetalBot;+https://webmaster.petalsearch.com/site/petalbot)"
144.76.186.38 - - [23/Jan/2022:11:13:44 +0100] "GET /model-blue-fountain-p-21488.html HTTP/1.0" 200 70828 "-" "Mozilla/5.0 (compatible; MJ12bot/v1.4.8; http://mj12bot.com/)"
114.119.128.40 - - [23/Jan/2022:11:13:46 +0100] "GET /large-plush-tchoupi-p-14373.html HTTP/1.0" 200 70796 "-" "Mozilla/5.0 (Linux; Android 7.0;) AppleWebKit/537.36 (KHTML, like Gecko) Mobile Safari/537.36 (compatible; PetalBot;+https://webmaster.petalsearch.com/site/petalbot)"
144.76.186.38 - - [23/Jan/2022:11:13:55 +0100] "GET /top-model-blue-glitter-gel-p-15858.html HTTP/1.0" 301 70785 "-" "Mozilla/5.0 (compatible; MJ12bot/v1.4.8; http://mj12bot.com/)"
185.191.171.3 - - [23/Jan/2022:11:13:56 +0100] "GET /collectible-figurines-and-decorative-c-13_135.html?page=21 HTTP/1.0" 301 96880 "-" "Mozilla/5.0 (compatible; SemrushBot/7~bl; +http://www.semrush.com/bot.html)"
144.76.186.38 - - [23/Jan/2022:11:13:59 +0100] "GET /-p-15858.html HTTP/1.0" 200 70718 "-" "Mozilla/5.0 (compatible; MJ12bot/v1.4.8; http://mj12bot.com/)"
185.191.171.10 - - [23/Jan/2022:11:14:00 +0100] "GET /collectible-figurines-decorative-c-135.html?page=21 HTTP/1.0" 301 96757 "-" "Mozilla/5.0 (compatible; SemrushBot/7~bl; +http://www.semrush.com/bot.html)"
185.191.171.35 - - [23/Jan/2022:11:14:04 +0100] "GET /collectible-figurines-decorative-c-13_135.html?page=21 HTTP/1.0" 200 96775 "-" "Mozilla/5.0 (compatible; SemrushBot/7~bl; +http://www.semrush.com/bot.html)"
144.76.186.38 - - [23/Jan/2022:11:14:05 +0100] "GET /top-model-blue-messenger-bag-p-43032.html HTTP/1.0" 301 70920 "-" "Mozilla/5.0 (compatible; MJ12bot/v1.4.8; http://mj12bot.com/)"
144.76.186.38 - - [23/Jan/2022:11:14:10 +0100] "GET /model-blue-messenger-p-43032.html HTTP/1.0" 200 70833 "-" "Mozilla/5.0 (compatible; MJ12bot/v1.4.8; http://mj12bot.com/)"
54.36.148.243 - - [23/Jan/2022:11:14:16 +0100] "GET /candy-cloud-notepad-daisy-p-49836.html HTTP/1.0" 200 73399 "-" "Mozilla/5.0 (compatible; AhrefsBot/7.0; +http://ahrefs.com/robot/)"
144.76.186.38 - - [23/Jan/2022:11:14:19 +0100] "GET /top-model-brush-p-24935.html HTTP/1.0" 301 70785 "-" "Mozilla/5.0 (compatible; MJ12bot/v1.4.8; http://mj12bot.com/)"
17.121.114.29 - - [23/Jan/2022:11:14:22 +0100] "GET /images/big_prod_1/8433933174197a.jpg HTTP/1.0" 200 271 "-" "Mozilla/5.0 (Macintosh; Intel Mac OS X 10_15_5) AppleWebKit/605.1.15 (KHTML, like Gecko) Version/13.1.1 Safari/605.1.15 (Applebot/0.1; +http://www.apple.com/go/applebot)"
144.76.186.38 - - [23/Jan/2022:11:14:26 +0100] "GET /-p-24935.html HTTP/1.0" 200 70718 "-" "Mozilla/5.0 (compatible; MJ12bot/v1.4.8; http://mj12bot.com/)"
144.76.186.38 - - [23/Jan/2022:11:14:35 +0100] "GET /top-model-brush-p-35162.html HTTP/1.0" 301 70785 "-" "Mozilla/5.0 (compatible; MJ12bot/v1.4.8; http://mj12bot.com/)"
185.191.171.10 - - [23/Jan/2022:11:14:37 +0100] "GET /spirit-christmas-tree-decoration-p-53275.html?action=add_product HTTP/1.0" 302 476 "-" "Mozilla/5.0 (compatible; SemrushBot/7~bl; +http://www.semrush.com/bot.html)"
144.76.186.38 - - [23/Jan/2022:11:14:39 +0100] "GET /-p-35162.html HTTP/1.0" 200 70718 "-" "Mozilla/5.0 (compatible; MJ12bot/v1.4.8; http://mj12bot.com/)"
144.76.186.38 - - [23/Jan/2022:11:14:45 +0100] "GET /top-model-coloured-pencils-set-p-24959.html HTTP/1.0" 301 70785 "-" "Mozilla/5.0 (compatible; MJ12bot/v1.4.8; http://mj12bot.com/)"
144.76.186.38 - - [23/Jan/2022:11:14:54 +0100] "GET /-p-24959.html HTTP/1.0" 200 70718 "-" "Mozilla/5.0 (compatible; MJ12bot/v1.4.8; http://mj12bot.com/)"
144.76.186.38 - - [23/Jan/2022:11:15:02 +0100] "GET /top-model-dance-desk-blotter-3d-p-33634.html HTTP/1.0" 301 70909 "-" "Mozilla/5.0 (compatible; MJ12bot/v1.4.8; http://mj12bot.com/)"
144.76.186.38 - - [23/Jan/2022:11:15:07 +0100] "GET /model-dance-desk-blotter-p-33634.html HTTP/1.0" 200 70818 "-" "Mozilla/5.0 (compatible; MJ12bot/v1.4.8; http://mj12bot.com/)"
144.76.186.38 - - [23/Jan/2022:11:15:16 +0100] "GET /top-model-fantasy-blue-jewelry-box-p-32067.html HTTP/1.0" 301 70785 "-" "Mozilla/5.0 (compatible; MJ12bot/v1.4.8; http://mj12bot.com/)"
144.76.186.38 - - [23/Jan/2022:11:15:20 +0100] "GET /-p-32067.html HTTP/1.0" 200 70718 "-" "Mozilla/5.0 (compatible; MJ12bot/v1.4.8; http://mj12bot.com/)"
144.76.186.38 - - [23/Jan/2022:11:15:26 +0100] "GET /top-model-fantasy-hippies-jewelry-box-p-32070.html HTTP/1.0" 301 70785 "-" "Mozilla/5.0 (compatible; MJ12bot/v1.4.8; http://mj12bot.com/)"
144.76.186.38 - - [23/Jan/2022:11:15:32 +0100] "GET /-p-32070.html HTTP/1.0" 200 70718 "-" "Mozilla/5.0 (compatible; MJ12bot/v1.4.8; http://mj12bot.com/)"
144.76.186.38 - - [23/Jan/2022:11:15:40 +0100] "GET /top-model-fantasy-purple-jewelry-box-p-32068.html HTTP/1.0" 301 70785 "-" "Mozilla/5.0 (compatible; MJ12bot/v1.4.8; http://mj12bot.com/)"
144.76.186.38 - - [23/Jan/2022:11:15:46 +0100] "GET /-p-32068.html HTTP/1.0" 200 70718 "-" "Mozilla/5.0 (compatible; MJ12bot/v1.4.8; http://mj12bot.com/)"
144.76.186.38 - - [23/Jan/2022:11:15:51 +0100] "GET /top-model-fantasy-purple-jewelry-box-p-32069.html HTTP/1.0" 301 70785 "-" "Mozilla/5.0 (compatible; MJ12bot/v1.4.8; http://mj12bot.com/)"
144.76.186.38 - - [23/Jan/2022:11:16:00 +0100] "GET /-p-32069.html HTTP/1.0" 200 70718 "-" "Mozilla/5.0 (compatible; MJ12bot/v1.4.8; http://mj12bot.com/)"
144.76.186.38 - - [23/Jan/2022:11:16:06 +0100] "GET /top-model-fantasy-stickerbook-p-29911.html HTTP/1.0" 301 70938 "-" "Mozilla/5.0 (compatible; MJ12bot/v1.4.8; http://mj12bot.com/)"
144.76.186.38 - - [23/Jan/2022:11:16:14 +0100] "GET /model-fantasy-stickerbook-p-29911.html HTTP/1.0" 200 70846 "-" "Mozilla/5.0 (compatible; MJ12bot/v1.4.8; http://mj12bot.com/)"
144.76.186.38 - - [23/Jan/2022:11:16:22 +0100] "GET /top-model-fantasy-wolf-blue-jewelry-box-p-35830.html HTTP/1.0" 301 70785 "-" "Mozilla/5.0 (compatible; MJ12bot/v1.4.8; http://mj12bot.com/)"
185.191.171.38 - - [23/Jan/2022:11:16:28 +0100] "GET /winnie-the-pooh-yellow-swimsuit-p-30253.html HTTP/1.0" 301 74961 "-" "Mozilla/5.0 (compatible; SemrushBot/7~bl; +http://www.semrush.com/bot.html)"
185.191.171.13 - - [23/Jan/2022:11:16:31 +0100] "GET /winnie-pooh-yellow-swimsuit-p-30253.html HTTP/1.0" 200 74867 "-" "Mozilla/5.0 (compatible; SemrushBot/7~bl; +http://www.semrush.com/bot.html)"
144.76.186.38 - - [23/Jan/2022:11:16:32 +0100] "GET /-p-35830.html HTTP/1.0" 200 70718 "-" "Mozilla/5.0 (compatible; MJ12bot/v1.4.8; http://mj12bot.com/)"
114.119.128.34 - - [23/Jan/2022:11:16:37 +0100] "GET /specials.php?page=13 HTTP/1.0" 200 124857 "-" "Mozilla/5.0 (Linux; Android 7.0;) AppleWebKit/537.36 (KHTML, like Gecko) Mobile Safari/537.36 (compatible; PetalBot;+https://webmaster.petalsearch.com/site/petalbot)"
144.76.186.38 - - [23/Jan/2022:11:16:39 +0100] "GET /top-model-fuschia-umbrella-p-21465.html HTTP/1.0" 301 70785 "-" "Mozilla/5.0 (compatible; MJ12bot/v1.4.8; http://mj12bot.com/)"
185.191.171.18 - - [23/Jan/2022:11:16:43 +0100] "GET /dory-pencil-case-p-44918.html?action=add_product HTTP/1.0" 302 476 "-" "Mozilla/5.0 (compatible; SemrushBot/7~bl; +http://www.semrush.com/bot.html)"
144.76.186.38 - - [23/Jan/2022:11:16:46 +0100] "GET /-p-21465.html HTTP/1.0" 200 70718 "-" "Mozilla/5.0 (compatible; MJ12bot/v1.4.8; http://mj12bot.com/)"
54.36.148.243 - - [23/Jan/2022:11:16:48 +0100] "GET /glass-film-iphone-p-38283.html HTTP/1.0" 200 75834 "-" "Mozilla/5.0 (compatible; AhrefsBot/7.0; +http://ahrefs.com/robot/)"
144.76.186.38 - - [23/Jan/2022:11:16:53 +0100] "GET /top-model-humming-bird-and-waterlily-message-box-p-20713.html HTTP/1.0" 301 70785 "-" "Mozilla/5.0 (compatible; MJ12bot/v1.4.8; http://mj12bot.com/)"
144.76.186.38 - - [23/Jan/2022:11:17:01 +0100] "GET /-p-20713.html HTTP/1.0" 200 70718 "-" "Mozilla/5.0 (compatible; MJ12bot/v1.4.8; http://mj12bot.com/)"
144.76.186.38 - - [23/Jan/2022:11:17:08 +0100] "GET /top-model-ink-roller-ball-p-13583.html HTTP/1.0" 301 70785 "-" "Mozilla/5.0 (compatible; MJ12bot/v1.4.8; http://mj12bot.com/)"
144.76.186.38 - - [23/Jan/2022:11:17:17 +0100] "GET /-p-13583.html HTTP/1.0" 200 70718 "-" "Mozilla/5.0 (compatible; MJ12bot/v1.4.8; http://mj12bot.com/)"
144.76.186.38 - - [23/Jan/2022:11:17:25 +0100] "GET /top-model-jour-musical-card-with-envelope-p-19787.html HTTP/1.0" 301 73655 "-" "Mozilla/5.0 (compatible; MJ12bot/v1.4.8; http://mj12bot.com/)"
157.55.39.125 - - [23/Jan/2022:11:17:27 +0100] "GET /tea-pot-c-12_175.html HTTP/1.0" 200 91262 "-" "Mozilla/5.0 (compatible; bingbot/2.0; +http://www.bing.com/bingbot.htm)"
144.76.186.38 - - [23/Jan/2022:11:17:32 +0100] "GET /model-jour-musical-card-with-envelope-p-19787.html HTTP/1.0" 200 73551 "-" "Mozilla/5.0 (compatible; MJ12bot/v1.4.8; http://mj12bot.com/)"
144.76.186.38 - - [23/Jan/2022:11:17:38 +0100] "GET /top-model-kiss-grey-tunic-p-31049.html HTTP/1.0" 301 70785 "-" "Mozilla/5.0 (compatible; MJ12bot/v1.4.8; http://mj12bot.com/)"
144.76.186.38 - - [23/Jan/2022:11:17:46 +0100] "GET /-p-31049.html HTTP/1.0" 200 70718 "-" "Mozilla/5.0 (compatible; MJ12bot/v1.4.8; http://mj12bot.com/)"
144.76.186.38 - - [23/Jan/2022:11:17:56 +0100] "GET /top-model-letter-set-p-23457.html HTTP/1.0" 301 70785 "-" "Mozilla/5.0 (compatible; MJ12bot/v1.4.8; http://mj12bot.com/)"
66.249.66.205 - - [23/Jan/2022:11:18:00 +0100] "GET /microfibre-base-cover-black-p-47978.html HTTP/1.0" 200 73528 "-" "Mozilla/5.0 (compatible; Googlebot/2.1; +http://www.google.com/bot.html)"
144.76.186.38 - - [23/Jan/2022:11:18:03 +0100] "GET /-p-23457.html HTTP/1.0" 200 70718 "-" "Mozilla/5.0 (compatible; MJ12bot/v1.4.8; http://mj12bot.com/)"
144.76.186.38 - - [23/Jan/2022:11:18:09 +0100] "GET /top-model-lipstick-eraser-p-19775.html HTTP/1.0" 301 70785 "-" "Mozilla/5.0 (compatible; MJ12bot/v1.4.8; http://mj12bot.com/)"
144.76.186.38 - - [23/Jan/2022:11:18:18 +0100] "GET /-p-19775.html HTTP/1.0" 200 70718 "-" "Mozilla/5.0 (compatible; MJ12bot/v1.4.8; http://mj12bot.com/)"
144.76.186.38 - - [23/Jan/2022:11:18:26 +0100] "GET /top-model-pink-messenger-bag-p-34281.html HTTP/1.0" 301 70920 "-" "Mozilla/5.0 (compatible; MJ12bot/v1.4.8; http://mj12bot.com/)"
144.76.186.38 - - [23/Jan/2022:11:18:34 +0100] "GET /model-pink-messenger-p-34281.html HTTP/1.0" 200 70833 "-" "Mozilla/5.0 (compatible; MJ12bot/v1.4.8; http://mj12bot.com/)"
144.76.186.38 - - [23/Jan/2022:11:18:41 +0100] "GET /top-model-pink-messenger-bag-p-43031.html HTTP/1.0" 301 70920 "-" "Mozilla/5.0 (compatible; MJ12bot/v1.4.8; http://mj12bot.com/)"
144.76.186.38 - - [23/Jan/2022:11:18:49 +0100] "GET /model-pink-messenger-p-43031.html HTTP/1.0" 200 70833 "-" "Mozilla/5.0 (compatible; MJ12bot/v1.4.8; http://mj12bot.com/)"
144.76.186.38 - - [23/Jan/2022:11:18:55 +0100] "GET /top-model-purple-metal-money-box-p-27459.html HTTP/1.0" 301 70785 "-" "Mozilla/5.0 (compatible; MJ12bot/v1.4.8; http://mj12bot.com/)"
144.76.186.38 - - [23/Jan/2022:11:19:02 +0100] "GET /-p-27459.html HTTP/1.0" 200 70718 "-" "Mozilla/5.0 (compatible; MJ12bot/v1.4.8; http://mj12bot.com/)"
144.76.186.38 - - [23/Jan/2022:11:19:07 +0100] "GET /top-model-push-pencil-and-eraser-p-24980.html HTTP/1.0" 301 70911 "-" "Mozilla/5.0 (compatible; MJ12bot/v1.4.8; http://mj12bot.com/)"
114.119.128.253 - - [23/Jan/2022:11:19:12 +0100] "GET /lady-great-power-prayer-candle-novena-p-51636.html HTTP/1.0" 200 74273 "-" "Mozilla/5.0 (Linux; Android 7.0;) AppleWebKit/537.36 (KHTML, like Gecko) Mobile Safari/537.36 (compatible; PetalBot;+https://webmaster.petalsearch.com/site/petalbot)"
144.76.186.38 - - [23/Jan/2022:11:19:13 +0100] "GET /model-push-pencil-eraser-p-24980.html HTTP/1.0" 200 70820 "-" "Mozilla/5.0 (compatible; MJ12bot/v1.4.8; http://mj12bot.com/)"
144.76.186.38 - - [23/Jan/2022:11:19:21 +0100] "GET /top-model-sweat-p-31135.html HTTP/1.0" 301 70785 "-" "Mozilla/5.0 (compatible; MJ12bot/v1.4.8; http://mj12bot.com/)"
144.76.186.38 - - [23/Jan/2022:11:19:27 +0100] "GET /-p-31135.html HTTP/1.0" 200 70718 "-" "Mozilla/5.0 (compatible; MJ12bot/v1.4.8; http://mj12bot.com/)"
54.36.148.243 - - [23/Jan/2022:11:19:28 +0100] "GET /brown-metal-wood-lotus-mobile-p-56751.html HTTP/1.0" 200 74281 "-" "Mozilla/5.0 (compatible; AhrefsBot/7.0; +http://ahrefs.com/robot/)"
144.76.186.38 - - [23/Jan/2022:11:19:34 +0100] "GET /top-model-wedding-album-coloring-p-43038.html HTTP/1.0" 301 70785 "-" "Mozilla/5.0 (compatible; MJ12bot/v1.4.8; http://mj12bot.com/)"
144.76.186.38 - - [23/Jan/2022:11:19:44 +0100] "GET /-p-43038.html HTTP/1.0" 200 70718 "-" "Mozilla/5.0 (compatible; MJ12bot/v1.4.8; http://mj12bot.com/)"
185.191.171.38 - - [23/Jan/2022:11:19:48 +0100] "GET /chair-cushion-white-et-green-40-cm-p-39158.html HTTP/1.0" 301 70785 "-" "Mozilla/5.0 (compatible; SemrushBot/7~bl; +http://www.semrush.com/bot.html)"
185.191.171.19 - - [23/Jan/2022:11:19:50 +0100] "GET /-p-39158.html HTTP/1.0" 200 70718 "-" "Mozilla/5.0 (compatible; SemrushBot/7~bl; +http://www.semrush.com/bot.html)"
144.76.186.38 - - [23/Jan/2022:11:19:51 +0100] "GET /topmodel-expanding-organiser-file-p-43029.html HTTP/1.0" 200 70874 "-" "Mozilla/5.0 (compatible; MJ12bot/v1.4.8; http://mj12bot.com/)"
144.76.186.38 - - [23/Jan/2022:11:20:00 +0100] "GET /topmodel-expanding-organiser-file-p-43030.html HTTP/1.0" 200 70874 "-" "Mozilla/5.0 (compatible; MJ12bot/v1.4.8; http://mj12bot.com/)"
144.76.186.38 - - [23/Jan/2022:11:20:14 +0100] "GET /topmodel-jean-expanding-and-all-stationery-top-model-p-33950.html HTTP/1.0" 301 71052 "-" "Mozilla/5.0 (compatible; MJ12bot/v1.4.8; http://mj12bot.com/)"
144.76.186.38 - - [23/Jan/2022:11:20:20 +0100] "GET /topmodel-jean-expanding-stationery-model-p-33950.html HTTP/1.0" 200 70945 "-" "Mozilla/5.0 (compatible; MJ12bot/v1.4.8; http://mj12bot.com/)"
185.191.171.10 - - [23/Jan/2022:11:20:32 +0100] "GET /color-polyester-round-chair-cushion-p-43896.html?action=add_product HTTP/1.0" 302 476 "-" "Mozilla/5.0 (compatible; SemrushBot/7~bl; +http://www.semrush.com/bot.html)"
207.46.13.190 - - [23/Jan/2022:11:20:39 +0100] "GET /household-linen/linen-bed/marilyn-monroe-sam-shaw-bedclothes-240-p-14322.html HTTP/1.0" 301 70785 "-" "Mozilla/5.0 (compatible; bingbot/2.0; +http://www.bing.com/bingbot.htm)"
185.191.171.24 - - [23/Jan/2022:11:20:56 +0100] "GET /bottle-rack-best-wine-p-53207.html HTTP/1.0" 200 73441 "-" "Mozilla/5.0 (compatible; SemrushBot/7~bl; +http://www.semrush.com/bot.html)"
1.132.16.212 - - [23/Jan/2022:11:21:39 +0100] "GET /natural-rattan-bread-p-49280.html HTTP/1.0" 200 74077 "-" "Mozilla/5.0 (Macintosh; Intel Mac OS X 10_15_4) AppleWebKit/605.1.15 (KHTML, like Gecko) Version/13.1.1 Safari/605.1.15"
1.132.16.212 - - [23/Jan/2022:11:21:41 +0100] "GET /templates/Pixame_v1/stylesheet.css HTTP/1.0" 200 267 "http://www.wonder-geek.com/natural-rattan-bread-p-49280.html" "Mozilla/5.0 (Macintosh; Intel Mac OS X 10_15_4) AppleWebKit/605.1.15 (KHTML, like Gecko) Version/13.1.1 Safari/605.1.15"
1.132.16.212 - - [23/Jan/2022:11:21:41 +0100] "GET /js/jquery.js HTTP/1.0" 200 252 "http://www.wonder-geek.com/natural-rattan-bread-p-49280.html" "Mozilla/5.0 (Macintosh; Intel Mac OS X 10_15_4) AppleWebKit/605.1.15 (KHTML, like Gecko) Version/13.1.1 Safari/605.1.15"
1.132.16.212 - - [23/Jan/2022:11:21:41 +0100] "GET /highslide/highslide.js HTTP/1.0" 200 262 "http://www.wonder-geek.com/natural-rattan-bread-p-49280.html" "Mozilla/5.0 (Macintosh; Intel Mac OS X 10_15_4) AppleWebKit/605.1.15 (KHTML, like Gecko) Version/13.1.1 Safari/605.1.15"
1.132.16.212 - - [23/Jan/2022:11:21:42 +0100] "GET /js/jquery.jqzoom.js HTTP/1.0" 200 259 "http://www.wonder-geek.com/natural-rattan-bread-p-49280.html" "Mozilla/5.0 (Macintosh; Intel Mac OS X 10_15_4) AppleWebKit/605.1.15 (KHTML, like Gecko) Version/13.1.1 Safari/605.1.15"
1.132.16.212 - - [23/Jan/2022:11:21:42 +0100] "GET /mondial_relay/js/jquery-1.3.2.min.js HTTP/1.0" 200 276 "http://www.wonder-geek.com/natural-rattan-bread-p-49280.html" "Mozilla/5.0 (Macintosh; Intel Mac OS X 10_15_4) AppleWebKit/605.1.15 (KHTML, like Gecko) Version/13.1.1 Safari/605.1.15"
1.132.16.212 - - [23/Jan/2022:11:21:42 +0100] "GET /swfobject.js HTTP/1.0" 404 1308 "http://www.wonder-geek.com/natural-rattan-bread-p-49280.html" "Mozilla/5.0 (Macintosh; Intel Mac OS X 10_15_4) AppleWebKit/605.1.15 (KHTML, like Gecko) Version/13.1.1 Safari/605.1.15"
1.132.16.212 - - [23/Jan/2022:11:21:42 +0100] "GET /templates/Pixame_v1/images/icon_accueil2.png HTTP/1.0" 200 278 "http://www.wonder-geek.com/natural-rattan-bread-p-49280.html" "Mozilla/5.0 (Macintosh; Intel Mac OS X 10_15_4) AppleWebKit/605.1.15 (KHTML, like Gecko) Version/13.1.1 Safari/605.1.15"
1.132.16.212 - - [23/Jan/2022:11:21:42 +0100] "GET /templates/Pixame_v1/images/infobox/pixel_trans.gif HTTP/1.0" 200 328 "http://www.wonder-geek.com/natural-rattan-bread-p-49280.html" "Mozilla/5.0 (Macintosh; Intel Mac OS X 10_15_4) AppleWebKit/605.1.15 (KHTML, like Gecko) Version/13.1.1 Safari/605.1.15"
1.132.16.212 - - [23/Jan/2022:11:21:42 +0100] "GET /images/big_prod/5415203705167.jpg HTTP/1.0" 200 268 "http://www.wonder-geek.com/natural-rattan-bread-p-49280.html" "Mozilla/5.0 (Macintosh; Intel Mac OS X 10_15_4) AppleWebKit/605.1.15 (KHTML, like Gecko) Version/13.1.1 Safari/605.1.15"
1.132.16.212 - - [23/Jan/2022:11:21:42 +0100] "GET /templates/Pixame_v1/images/pixel_trans.gif HTTP/1.0" 200 328 "http://www.wonder-geek.com/natural-rattan-bread-p-49280.html" "Mozilla/5.0 (Macintosh; Intel Mac OS X 10_15_4) AppleWebKit/605.1.15 (KHTML, like Gecko) Version/13.1.1 Safari/605.1.15"
1.132.16.212 - - [23/Jan/2022:11:21:42 +0100] "GET /images/pixel_trans.gif HTTP/1.0" 200 328 "http://www.wonder-geek.com/natural-rattan-bread-p-49280.html" "Mozilla/5.0 (Macintosh; Intel Mac OS X 10_15_4) AppleWebKit/605.1.15 (KHTML, like Gecko) Version/13.1.1 Safari/605.1.15"
1.132.16.212 - - [23/Jan/2022:11:21:43 +0100] "GET /templates/Pixame_v1/images/buttons/english/button_in_cart.gif HTTP/1.0" 200 295 "http://www.wonder-geek.com/natural-rattan-bread-p-49280.html" "Mozilla/5.0 (Macintosh; Intel Mac OS X 10_15_4) AppleWebKit/605.1.15 (KHTML, like Gecko) Version/13.1.1 Safari/605.1.15"
1.132.16.212 - - [23/Jan/2022:11:21:43 +0100] "GET /images/big_prod_1/5415203705167a.jpg HTTP/1.0" 200 271 "http://www.wonder-geek.com/natural-rattan-bread-p-49280.html" "Mozilla/5.0 (Macintosh; Intel Mac OS X 10_15_4) AppleWebKit/605.1.15 (KHTML, like Gecko) Version/13.1.1 Safari/605.1.15"
1.132.16.212 - - [23/Jan/2022:11:21:43 +0100] "GET /templates/Pixame_v1/images/Bottom_texture.jpg HTTP/1.0" 200 280 "http://www.wonder-geek.com/natural-rattan-bread-p-49280.html" "Mozilla/5.0 (Macintosh; Intel Mac OS X 10_15_4) AppleWebKit/605.1.15 (KHTML, like Gecko) Version/13.1.1 Safari/605.1.15"
1.132.16.212 - - [23/Jan/2022:11:21:43 +0100] "GET /templates/Pixame_v1/images/Middle_texture.jpg HTTP/1.0" 200 280 "http://www.wonder-geek.com/natural-rattan-bread-p-49280.html" "Mozilla/5.0 (Macintosh; Intel Mac OS X 10_15_4) AppleWebKit/605.1.15 (KHTML, like Gecko) Version/13.1.1 Safari/605.1.15"
1.132.16.212 - - [23/Jan/2022:11:21:43 +0100] "GET /templates/Pixame_v1/images/nav.png HTTP/1.0" 200 268 "http://www.wonder-geek.com/natural-rattan-bread-p-49280.html" "Mozilla/5.0 (Macintosh; Intel Mac OS X 10_15_4) AppleWebKit/605.1.15 (KHTML, like Gecko) Version/13.1.1 Safari/605.1.15"
1.132.16.212 - - [23/Jan/2022:11:21:43 +0100] "GET /templates/Pixame_v1/images/header.png HTTP/1.0" 200 271 "http://www.wonder-geek.com/natural-rattan-bread-p-49280.html" "Mozilla/5.0 (Macintosh; Intel Mac OS X 10_15_4) AppleWebKit/605.1.15 (KHTML, like Gecko) Version/13.1.1 Safari/605.1.15"
1.132.16.212 - - [23/Jan/2022:11:21:44 +0100] "GET /templates/Pixame_v1/images/header-object.png HTTP/1.0" 200 278 "http://www.wonder-geek.com/natural-rattan-bread-p-49280.html" "Mozilla/5.0 (Macintosh; Intel Mac OS X 10_15_4) AppleWebKit/605.1.15 (KHTML, like Gecko) Version/13.1.1 Safari/605.1.15"
1.132.16.212 - - [23/Jan/2022:11:21:44 +0100] "GET /design/productsenstock.png HTTP/1.0" 200 260 "http://www.wonder-geek.com/natural-rattan-bread-p-49280.html" "Mozilla/5.0 (Macintosh; Intel Mac OS X 10_15_4) AppleWebKit/605.1.15 (KHTML, like Gecko) Version/13.1.1 Safari/605.1.15"
1.132.16.212 - - [23/Jan/2022:11:21:44 +0100] "GET /templates/Pixame_v1/images/infobox/infobox_footer_middle.gif HTTP/1.0" 200 357 "http://www.wonder-geek.com/natural-rattan-bread-p-49280.html" "Mozilla/5.0 (Macintosh; Intel Mac OS X 10_15_4) AppleWebKit/605.1.15 (KHTML, like Gecko) Version/13.1.1 Safari/605.1.15"
1.132.16.212 - - [23/Jan/2022:11:21:44 +0100] "GET /highslide/graphics/zoomin.cur HTTP/1.0" 200 614 "http://www.wonder-geek.com/natural-rattan-bread-p-49280.html" "Mozilla/5.0 (Macintosh; Intel Mac OS X 10_15_4) AppleWebKit/605.1.15 (KHTML, like Gecko) Version/13.1.1 Safari/605.1.15"
1.132.16.212 - - [23/Jan/2022:11:21:45 +0100] "GET /highslide/graphics/zoomout.cur HTTP/1.0" 200 614 "http://www.wonder-geek.com/natural-rattan-bread-p-49280.html" "Mozilla/5.0 (Macintosh; Intel Mac OS X 10_15_4) AppleWebKit/605.1.15 (KHTML, like Gecko) Version/13.1.1 Safari/605.1.15"
1.132.16.212 - - [23/Jan/2022:11:21:45 +0100] "GET /highslide/graphics/loader.white.gif HTTP/1.0" 200 960 "http://www.wonder-geek.com/natural-rattan-bread-p-49280.html" "Mozilla/5.0 (Macintosh; Intel Mac OS X 10_15_4) AppleWebKit/605.1.15 (KHTML, like Gecko) Version/13.1.1 Safari/605.1.15"
1.132.16.212 - - [23/Jan/2022:11:21:45 +0100] "GET /highslide/graphics/outlines/drop-shadow.png HTTP/1.0" 200 277 "http://www.wonder-geek.com/natural-rattan-bread-p-49280.html" "Mozilla/5.0 (Macintosh; Intel Mac OS X 10_15_4) AppleWebKit/605.1.15 (KHTML, like Gecko) Version/13.1.1 Safari/605.1.15"
1.132.105.106 - - [23/Jan/2022:11:21:45 +0100] "GET /favicon.ico HTTP/1.0" 200 260 "http://www.wonder-geek.com/natural-rattan-bread-p-49280.html" "Mozilla/5.0 (Macintosh; Intel Mac OS X 10_15_4) AppleWebKit/605.1.15 (KHTML, like Gecko) Version/13.1.1 Safari/605.1.15"
185.191.171.26 - - [23/Jan/2022:11:21:55 +0100] "GET /protects-mattress-fleece-cotton-p-54902.html?action=add_product HTTP/1.0" 302 476 "-" "Mozilla/5.0 (compatible; SemrushBot/7~bl; +http://www.semrush.com/bot.html)"
114.119.128.26 - - [23/Jan/2022:11:21:59 +0100] "GET /zodiac-high-ceramic-p-30789.html HTTP/1.0" 200 73310 "-" "Mozilla/5.0 (Linux; Android 7.0;) AppleWebKit/537.36 (KHTML, like Gecko) Mobile Safari/537.36 (compatible; PetalBot;+https://webmaster.petalsearch.com/site/petalbot)"
54.36.148.243 - - [23/Jan/2022:11:22:16 +0100] "GET /teapot-cups-white-black-p-49415.html HTTP/1.0" 200 74200 "-" "Mozilla/5.0 (compatible; AhrefsBot/7.0; +http://ahrefs.com/robot/)"
185.191.171.8 - - [23/Jan/2022:11:23:34 +0100] "GET /new-york-yankees-vertical-shoulder-bag-p-11585.html HTTP/1.0" 301 73965 "-" "Mozilla/5.0 (compatible; SemrushBot/7~bl; +http://www.semrush.com/bot.html)"
185.191.171.25 - - [23/Jan/2022:11:23:37 +0100] "GET /york-yankees-vertical-shoulder-p-11585.html HTTP/1.0" 200 73868 "-" "Mozilla/5.0 (compatible; SemrushBot/7~bl; +http://www.semrush.com/bot.html)"
66.249.66.205 - - [23/Jan/2022:11:24:39 +0100] "GET /decorative-carpets-c-11_269_167.html HTTP/1.0" 200 91365 "-" "Mozilla/5.0 (Linux; Android 6.0.1; Nexus 5X Build/MMB29P) AppleWebKit/537.36 (KHTML, like Gecko) Chrome/97.0.4692.71 Mobile Safari/537.36 (compatible; Googlebot/2.1; +http://www.google.com/bot.html)"
66.249.66.199 - - [23/Jan/2022:11:25:04 +0100] "GET /swfobject.js HTTP/1.0" 404 1308 "http://www.wonder-geek.com/decorative-carpets-c-11_269_167.html" "Mozilla/5.0 (Linux; Android 6.0.1; Nexus 5X Build/MMB29P) AppleWebKit/537.36 (KHTML, like Gecko) Chrome/97.0.4692.71 Mobile Safari/537.36 (compatible; Googlebot/2.1; +http://www.google.com/bot.html)"
54.36.148.243 - - [23/Jan/2022:11:25:13 +0100] "GET /kimmidoll-love-elle-cover-iphone-p-17931.html HTTP/1.0" 200 73770 "-" "Mozilla/5.0 (compatible; AhrefsBot/7.0; +http://ahrefs.com/robot/)"
185.191.171.34 - - [23/Jan/2022:11:25:38 +0100] "GET /indian-elephant-statue-13-cm-p-40163.html HTTP/1.0" 301 70785 "-" "Mozilla/5.0 (compatible; SemrushBot/7~bl; +http://www.semrush.com/bot.html)"
185.191.171.5 - - [23/Jan/2022:11:25:41 +0100] "GET /-p-40163.html HTTP/1.0" 200 70718 "-" "Mozilla/5.0 (compatible; SemrushBot/7~bl; +http://www.semrush.com/bot.html)"
77.88.5.243 - - [23/Jan/2022:11:25:49 +0100] "GET /robots.txt HTTP/1.0" 200 245 "-" "Mozilla/5.0 (compatible; YandexBot/3.0; +http://yandex.com/bots)"
77.88.5.243 - - [23/Jan/2022:11:25:53 +0100] "GET /simpsons-p-27554.html HTTP/1.0" 200 73323 "-" "Mozilla/5.0 (compatible; YandexBot/3.0; +http://yandex.com/bots)"
185.191.171.25 - - [23/Jan/2022:11:26:54 +0100] "GET /chef-adult-apron-p-39874.html HTTP/1.0" 200 70789 "-" "Mozilla/5.0 (compatible; SemrushBot/7~bl; +http://www.semrush.com/bot.html)"
207.46.13.190 - - [23/Jan/2022:11:27:09 +0100] "GET /images/med_prod/0039897677330ehh.jpg HTTP/1.0" 200 271 "-" "Mozilla/5.0 (compatible; bingbot/2.0; +http://www.bing.com/bingbot.htm)"
185.191.171.43 - - [23/Jan/2022:11:27:16 +0100] "GET /fiat-500-protective-case-for-iphone-p-12609.html HTTP/1.0" 301 73692 "-" "Mozilla/5.0 (compatible; SemrushBot/7~bl; +http://www.semrush.com/bot.html)"
185.191.171.21 - - [23/Jan/2022:11:27:19 +0100] "GET /fiat-protective-case-iphone-p-12609.html HTTP/1.0" 200 73598 "-" "Mozilla/5.0 (compatible; SemrushBot/7~bl; +http://www.semrush.com/bot.html)"
54.36.148.243 - - [23/Jan/2022:11:27:57 +0100] "GET /angel-glitter-ball-p-27609.html HTTP/1.0" 200 73574 "-" "Mozilla/5.0 (compatible; AhrefsBot/7.0; +http://ahrefs.com/robot/)"
51.68.224.127 - - [23/Jan/2022:11:29:29 +0100] "GET /adminweb/export_orders_xml.php?token=256de2z6edz6ed2z6DFSFsed2zed6zeDSFDSGdzedezfzf&maxorders=10&orderstart=1&status=14&start_date=2018-10-01 HTTP/1.0" 200 285 "-" "GesCom CharlotteBoutik Serveur"
51.68.224.127 - - [23/Jan/2022:11:29:29 +0100] "GET /adminweb/export_orders_xml.php?token=256de2z6edz6ed2z6DFSFsed2zed6zeDSFDSGdzedezfzf&maxorders=10&orderstart=1&status=6&start_date=2018-10-01 HTTP/1.0" 200 32795 "-" "GesCom CharlotteBoutik Serveur"
185.191.171.23 - - [23/Jan/2022:11:29:38 +0100] "GET /curtains-lace-curtains-c-11_69.html HTTP/1.0" 200 90102 "-" "Mozilla/5.0 (compatible; SemrushBot/7~bl; +http://www.semrush.com/bot.html)"
185.191.171.9 - - [23/Jan/2022:11:30:12 +0100] "GET /suns-and-moons-metal-suspension-95-cm-yellow-p-42811.html HTTP/1.0" 301 73654 "-" "Mozilla/5.0 (compatible; SemrushBot/7~bl; +http://www.semrush.com/bot.html)"
185.191.171.8 - - [23/Jan/2022:11:30:15 +0100] "GET /suns-moons-metal-suspension-yellow-p-42811.html HTTP/1.0" 200 73553 "-" "Mozilla/5.0 (compatible; SemrushBot/7~bl; +http://www.semrush.com/bot.html)"
114.119.128.253 - - [23/Jan/2022:11:30:27 +0100] "GET /unicorne-moneybox-p-52992.html HTTP/1.0" 200 73298 "-" "Mozilla/5.0 (Linux; Android 7.0;) AppleWebKit/537.36 (KHTML, like Gecko) Mobile Safari/537.36 (compatible; PetalBot;+https://webmaster.petalsearch.com/site/petalbot)"
185.191.171.6 - - [23/Jan/2022:11:30:47 +0100] "GET /hung-decorative-statue-p-34670.html?action=add_product HTTP/1.0" 302 476 "-" "Mozilla/5.0 (compatible; SemrushBot/7~bl; +http://www.semrush.com/bot.html)"
54.36.148.243 - - [23/Jan/2022:11:30:51 +0100] "GET /tetsubin-teapot-japanese-p-39676.html HTTP/1.0" 200 73615 "-" "Mozilla/5.0 (compatible; AhrefsBot/7.0; +http://ahrefs.com/robot/)"
185.191.171.36 - - [23/Jan/2022:11:31:40 +0100] "GET /paperweight-almond-blossom-gogh-p-53517.html?action=add_product HTTP/1.0" 302 476 "-" "Mozilla/5.0 (compatible; SemrushBot/7~bl; +http://www.semrush.com/bot.html)"
185.191.171.12 - - [23/Jan/2022:11:32:39 +0100] "GET /monkey-statue-resin-not-say-anything-p-50675.html HTTP/1.0" 301 70935 "-" "Mozilla/5.0 (compatible; SemrushBot/7~bl; +http://www.semrush.com/bot.html)"
185.191.171.37 - - [23/Jan/2022:11:32:42 +0100] "GET /monkey-statue-resin-anything-p-50675.html HTTP/1.0" 200 70840 "-" "Mozilla/5.0 (compatible; SemrushBot/7~bl; +http://www.semrush.com/bot.html)"
185.191.171.25 - - [23/Jan/2022:11:32:45 +0100] "GET /gift-willow-tree-figurine-p-36266.html HTTP/1.0" 200 74190 "-" "Mozilla/5.0 (compatible; SemrushBot/7~bl; +http://www.semrush.com/bot.html)"
185.191.171.17 - - [23/Jan/2022:11:33:02 +0100] "GET /horse-pencil-cbkreation-p-29798.html HTTP/1.0" 200 73383 "-" "Mozilla/5.0 (compatible; SemrushBot/7~bl; +http://www.semrush.com/bot.html)"
114.119.128.40 - - [23/Jan/2022:11:33:12 +0100] "GET /despecable-keyring-p-33477.html HTTP/1.0" 200 73430 "-" "Mozilla/5.0 (Linux; Android 7.0;) AppleWebKit/537.36 (KHTML, like Gecko) Mobile Safari/537.36 (compatible; PetalBot;+https://webmaster.petalsearch.com/site/petalbot)"
54.36.148.243 - - [23/Jan/2022:11:33:32 +0100] "GET /kimmidoll-keyring-kazumi-p-49775.html HTTP/1.0" 200 73379 "-" "Mozilla/5.0 (compatible; AhrefsBot/7.0; +http://ahrefs.com/robot/)"
185.191.171.6 - - [23/Jan/2022:11:33:36 +0100] "GET /scent-heart-home-spicy-mandarin-p-49932.html?action=add_product HTTP/1.0" 302 476 "-" "Mozilla/5.0 (compatible; SemrushBot/7~bl; +http://www.semrush.com/bot.html)"
147.92.153.14 - - [23/Jan/2022:11:34:08 +0100] "GET /writing-correction-c-129_186.html?page=5 HTTP/1.0" 200 93236 "-" "Mozilla/5.0 (compatible; Linespider/1.1; +https://lin.ee/4dwXkTH)"
185.191.171.7 - - [23/Jan/2022:11:34:27 +0100] "GET /home-decoration-c-13.html?page=154 HTTP/1.0" 200 93249 "-" "Mozilla/5.0 (compatible; SemrushBot/7~bl; +http://www.semrush.com/bot.html)"
185.191.171.16 - - [23/Jan/2022:11:34:54 +0100] "GET /bucolic-atmosphere-training-bottle-by-cbkreation-p-49143.html HTTP/1.0" 301 73929 "-" "Mozilla/5.0 (compatible; SemrushBot/7~bl; +http://www.semrush.com/bot.html)"
185.191.171.39 - - [23/Jan/2022:11:34:57 +0100] "GET /bucolic-atmosphere-training-bottle-cbkreation-p-49143.html HTTP/1.0" 200 73817 "-" "Mozilla/5.0 (compatible; SemrushBot/7~bl; +http://www.semrush.com/bot.html)"
185.191.171.41 - - [23/Jan/2022:11:35:47 +0100] "GET /protecting-cotton-pillow-60-60-cm-anti-dust-mite-p-48985.html HTTP/1.0" 301 73737 "-" "Mozilla/5.0 (compatible; SemrushBot/7~bl; +http://www.semrush.com/bot.html)"
185.191.171.1 - - [23/Jan/2022:11:35:50 +0100] "GET /protecting-cotton-pillow-anti-dust-mite-p-48985.html HTTP/1.0" 200 73631 "-" "Mozilla/5.0 (compatible; SemrushBot/7~bl; +http://www.semrush.com/bot.html)"
114.119.128.37 - - [23/Jan/2022:11:35:53 +0100] "GET /toiletry-bag-p-42975.html HTTP/1.0" 301 73449 "-" "Mozilla/5.0 (Linux; Android 7.0;) AppleWebKit/537.36 (KHTML, like Gecko) Mobile Safari/537.36 (compatible; PetalBot;+https://webmaster.petalsearch.com/site/petalbot)"
114.119.128.37 - - [23/Jan/2022:11:35:56 +0100] "GET /toiletry-p-42975.html HTTP/1.0" 200 73374 "-" "Mozilla/5.0 (Linux; Android 7.0;) AppleWebKit/537.36 (KHTML, like Gecko) Mobile Safari/537.36 (compatible; PetalBot;+https://webmaster.petalsearch.com/site/petalbot)"
54.36.148.243 - - [23/Jan/2022:11:36:21 +0100] "GET /frida-khalo-rectangular-presentation-dish-model-p-49530.html HTTP/1.0" 200 73702 "-" "Mozilla/5.0 (compatible; AhrefsBot/7.0; +http://ahrefs.com/robot/)"
185.191.171.11 - - [23/Jan/2022:11:36:23 +0100] "GET /apple-imitation-wood-ceramic-gray-medium-p-45431.html HTTP/1.0" 301 70785 "-" "Mozilla/5.0 (compatible; SemrushBot/7~bl; +http://www.semrush.com/bot.html)"
185.191.171.12 - - [23/Jan/2022:11:36:27 +0100] "GET /-p-45431.html HTTP/1.0" 200 70718 "-" "Mozilla/5.0 (compatible; SemrushBot/7~bl; +http://www.semrush.com/bot.html)"
17.121.112.8 - - [23/Jan/2022:11:36:50 +0100] "GET /images/big_prod/3700230605972.jpg HTTP/1.0" 200 268 "-" "Mozilla/5.0 (Macintosh; Intel Mac OS X 10_15_5) AppleWebKit/605.1.15 (KHTML, like Gecko) Version/13.1.1 Safari/605.1.15 (Applebot/0.1; +http://www.apple.com/go/applebot)"
66.249.66.199 - - [23/Jan/2022:11:37:55 +0100] "GET /paris-saint-germain-kids-school-p-41162.html HTTP/1.0" 200 73727 "-" "Mozilla/5.0 (Linux; Android 6.0.1; Nexus 5X Build/MMB29P) AppleWebKit/537.36 (KHTML, like Gecko) Chrome/97.0.4692.99 Mobile Safari/537.36 (compatible; Googlebot/2.1; +http://www.google.com/bot.html)"
185.191.171.45 - - [23/Jan/2022:11:38:09 +0100] "GET /bird-feeder-cement-p-45090.html HTTP/1.0" 200 73175 "-" "Mozilla/5.0 (compatible; SemrushBot/7~bl; +http://www.semrush.com/bot.html)"
185.191.171.43 - - [23/Jan/2022:11:38:17 +0100] "GET /keel-toys-plush-pipp-panda-p-51012.html HTTP/1.0" 200 70836 "-" "Mozilla/5.0 (compatible; SemrushBot/7~bl; +http://www.semrush.com/bot.html)"
216.244.66.242 - - [23/Jan/2022:11:38:20 +0100] "GET /robots.txt HTTP/1.0" 200 245 "-" "Mozilla/5.0 (compatible; DotBot/1.2; +https://opensiteexplorer.org/dotbot; help@moz.com)"
114.119.128.40 - - [23/Jan/2022:11:38:40 +0100] "GET /tinker-bell-tink-sitting-on-heart-disney-traditions-p-51167.html HTTP/1.0" 301 74967 "-" "Mozilla/5.0 (Linux; Android 7.0;) AppleWebKit/537.36 (KHTML, like Gecko) Mobile Safari/537.36 (compatible; PetalBot;+https://webmaster.petalsearch.com/site/petalbot)"
114.119.128.40 - - [23/Jan/2022:11:38:45 +0100] "GET /tinker-bell-tink-sitting-heart-disney-traditions-p-51167.html HTTP/1.0" 200 74852 "-" "Mozilla/5.0 (Linux; Android 7.0;) AppleWebKit/537.36 (KHTML, like Gecko) Mobile Safari/537.36 (compatible; PetalBot;+https://webmaster.petalsearch.com/site/petalbot)"
54.36.148.243 - - [23/Jan/2022:11:38:58 +0100] "GET /decorative-cotton-heart-hang-home-p-55795.html HTTP/1.0" 200 70862 "-" "Mozilla/5.0 (compatible; AhrefsBot/7.0; +http://ahrefs.com/robot/)"
194.32.122.24 - - [23/Jan/2022:11:39:43 +0100] "GET /fitted-sheet-in-cotton-percale-80-threads-160-200-30-cm-p-44300.html HTTP/1.0" 301 73780 "http://www.wonder-geek.com/fitted-sheet-in-cotton-percale-80-threads-160-200-30-cm-p-44300.html" "Mozilla/5.0 (Windows NT 10.0; Win64; x64) AppleWebKit/537.36 (KHTML, like Gecko) Chrome/90.0.4430.93 Safari/537.36"
194.32.122.24 - - [23/Jan/2022:11:39:44 +0100] "GET /fitted-sheet-cotton-percale-threads-p-44300.html HTTP/1.0" 200 73678 "http://www.wonder-geek.com/fitted-sheet-cotton-percale-threads-p-44300.html" "Mozilla/5.0 (Windows NT 10.0; Win64; x64) AppleWebKit/537.36 (KHTML, like Gecko) Chrome/90.0.4430.93 Safari/537.36"
194.32.122.24 - - [23/Jan/2022:11:39:46 +0100] "GET /create_account.php HTTP/1.0" 200 33630 "http://www.wonder-geek.com/create_account.php" "Mozilla/5.0 (Windows NT 10.0; Win64; x64) AppleWebKit/537.36 (KHTML, like Gecko) Chrome/90.0.4430.93 Safari/537.36"
194.32.122.24 - - [23/Jan/2022:11:39:47 +0100] "POST /create_account.php HTTP/1.0" 200 34314 "http://www.wonder-geek.com/create_account.php" "Mozilla/5.0 (Windows NT 10.0; Win64; x64) AppleWebKit/537.36 (KHTML, like Gecko) Chrome/90.0.4430.93 Safari/537.36"
194.32.122.24 - - [23/Jan/2022:11:39:47 +0100] "GET /fitted-sheet-cotton-percale-threads-p-44300.html HTTP/1.0" 200 73678 "http://www.wonder-geek.com/fitted-sheet-cotton-percale-threads-p-44300.html" "Mozilla/5.0 (Windows NT 10.0; Win64; x64) AppleWebKit/537.36 (KHTML, like Gecko) Chrome/90.0.4430.93 Safari/537.36"
185.191.171.8 - - [23/Jan/2022:11:39:49 +0100] "GET /paperweight-oiseau-ciel-magritte-p-53583.html HTTP/1.0" 200 74961 "-" "Mozilla/5.0 (compatible; SemrushBot/7~bl; +http://www.semrush.com/bot.html)"
185.191.171.16 - - [23/Jan/2022:11:39:52 +0100] "GET /princess-frog-umbrella-p-20496.html HTTP/1.0" 200 73652 "-" "Mozilla/5.0 (compatible; SemrushBot/7~bl; +http://www.semrush.com/bot.html)"
54.36.148.243 - - [23/Jan/2022:11:41:42 +0100] "GET /parrots-wall-stickers-p-51120.html HTTP/1.0" 200 74265 "-" "Mozilla/5.0 (compatible; AhrefsBot/7.0; +http://ahrefs.com/robot/)"
185.191.171.19 - - [23/Jan/2022:11:43:23 +0100] "GET /light-turquoise-fitted-sheet-p-39049.html?action=add_product HTTP/1.0" 302 476 "-" "Mozilla/5.0 (compatible; SemrushBot/7~bl; +http://www.semrush.com/bot.html)"
185.191.171.41 - - [23/Jan/2022:11:43:50 +0100] "GET /resin-parrot-statuette-p-48004.html HTTP/1.0" 200 74002 "-" "Mozilla/5.0 (compatible; SemrushBot/7~bl; +http://www.semrush.com/bot.html)"
114.119.128.40 - - [23/Jan/2022:11:44:31 +0100] "GET /gift-infuser-flower-life-p-44395.html HTTP/1.0" 200 74801 "-" "Mozilla/5.0 (Linux; Android 7.0;) AppleWebKit/537.36 (KHTML, like Gecko) Mobile Safari/537.36 (compatible; PetalBot;+https://webmaster.petalsearch.com/site/petalbot)"
54.36.148.243 - - [23/Jan/2022:11:44:39 +0100] "GET /black-industrial-retro-metal-p-52596.html HTTP/1.0" 200 74250 "-" "Mozilla/5.0 (compatible; AhrefsBot/7.0; +http://ahrefs.com/robot/)"
185.191.171.33 - - [23/Jan/2022:11:44:44 +0100] "GET /cushion-for-cat-or-small-dog-nid-douillet-p-49533.html HTTP/1.0" 301 74098 "-" "Mozilla/5.0 (compatible; SemrushBot/7~bl; +http://www.semrush.com/bot.html)"
185.191.171.22 - - [23/Jan/2022:11:44:48 +0100] "GET /cushion-small-douillet-p-49533.html HTTP/1.0" 200 74009 "-" "Mozilla/5.0 (compatible; SemrushBot/7~bl; +http://www.semrush.com/bot.html)"
66.249.66.199 - - [23/Jan/2022:11:45:46 +0100] "GET /spiderman-mug-p-29506.html HTTP/1.0" 301 70828 "-" "Mozilla/5.0 (compatible; Googlebot/2.1; +http://www.google.com/bot.html)"
66.249.66.202 - - [23/Jan/2022:11:45:47 +0100] "GET /lotus-candleholder-chakra-orange-pink-goldlining-p-37128.html HTTP/1.0" 200 75025 "-" "Mozilla/5.0 (Linux; Android 6.0.1; Nexus 5X Build/MMB29P) AppleWebKit/537.36 (KHTML, like Gecko) Chrome/97.0.4692.71 Mobile Safari/537.36 (compatible; Googlebot/2.1; +http://www.google.com/bot.html)"
66.249.66.205 - - [23/Jan/2022:11:45:49 +0100] "GET /spiderman-p-29506.html HTTP/1.0" 200 70752 "-" "Mozilla/5.0 (compatible; Googlebot/2.1; +http://www.google.com/bot.html)"
185.191.171.42 - - [23/Jan/2022:11:46:01 +0100] "GET /magnet-citron-79-54-cm-p-40117.html HTTP/1.0" 301 73474 "-" "Mozilla/5.0 (compatible; SemrushBot/7~bl; +http://www.semrush.com/bot.html)"
51.68.224.127 - - [23/Jan/2022:11:46:02 +0100] "GET /adminweb/export_orders_xml.php?token=256de2z6edz6ed2z6DFSFsed2zed6zeDSFDSGdzedezfzf&maxorders=10&orderstart=1&status=14&start_date=2018-10-01 HTTP/1.0" 200 285 "-" "GesCom CharlotteBoutik Serveur"
51.68.224.127 - - [23/Jan/2022:11:46:03 +0100] "GET /adminweb/export_orders_xml.php?token=256de2z6edz6ed2z6DFSFsed2zed6zeDSFDSGdzedezfzf&maxorders=10&orderstart=1&status=6&start_date=2018-10-01 HTTP/1.0" 200 32795 "-" "GesCom CharlotteBoutik Serveur"
185.191.171.42 - - [23/Jan/2022:11:46:04 +0100] "GET /magnet-citron-p-40117.html HTTP/1.0" 200 73394 "-" "Mozilla/5.0 (compatible; SemrushBot/7~bl; +http://www.semrush.com/bot.html)"
185.191.171.33 - - [23/Jan/2022:11:46:13 +0100] "GET /white-cats-salt-pepper-p-52793.html?action=add_product HTTP/1.0" 302 476 "-" "Mozilla/5.0 (compatible; SemrushBot/7~bl; +http://www.semrush.com/bot.html)"
185.191.171.1 - - [23/Jan/2022:11:46:24 +0100] "GET /glass-cutting-board-by-cbkreation-p-51319.html HTTP/1.0" 301 73521 "-" "Mozilla/5.0 (compatible; SemrushBot/7~bl; +http://www.semrush.com/bot.html)"
185.191.171.42 - - [23/Jan/2022:11:46:26 +0100] "GET /glass-cutting-board-cbkreation-p-51319.html HTTP/1.0" 200 73424 "-" "Mozilla/5.0 (compatible; SemrushBot/7~bl; +http://www.semrush.com/bot.html)"
185.191.171.8 - - [23/Jan/2022:11:46:52 +0100] "GET /incense-burner-sticks-and-cones-ohm-p-48487.html HTTP/1.0" 301 74195 "-" "Mozilla/5.0 (compatible; SemrushBot/7~bl; +http://www.semrush.com/bot.html)"
185.191.171.14 - - [23/Jan/2022:11:46:55 +0100] "GET /incense-burner-sticks-cones-p-48487.html HTTP/1.0" 200 74101 "-" "Mozilla/5.0 (compatible; SemrushBot/7~bl; +http://www.semrush.com/bot.html)"
54.36.148.243 - - [23/Jan/2022:11:47:31 +0100] "GET /frozen-workbook-p-52057.html HTTP/1.0" 200 73305 "-" "Mozilla/5.0 (compatible; AhrefsBot/7.0; +http://ahrefs.com/robot/)"
185.191.171.20 - - [23/Jan/2022:11:48:14 +0100] "GET /johnny-hallyday-set-bar-p-19526.html HTTP/1.0" 301 73544 "-" "Mozilla/5.0 (compatible; SemrushBot/7~bl; +http://www.semrush.com/bot.html)"
185.191.171.25 - - [23/Jan/2022:11:48:17 +0100] "GET /johnny-hallyday-p-19526.html HTTP/1.0" 200 73462 "-" "Mozilla/5.0 (compatible; SemrushBot/7~bl; +http://www.semrush.com/bot.html)"
114.119.128.37 - - [23/Jan/2022:11:48:51 +0100] "GET /miss-miew-pinky-pink-p-42844.html HTTP/1.0" 200 74124 "-" "Mozilla/5.0 (Linux; Android 7.0;) AppleWebKit/537.36 (KHTML, like Gecko) Mobile Safari/537.36 (compatible; PetalBot;+https://webmaster.petalsearch.com/site/petalbot)"
185.191.171.23 - - [23/Jan/2022:11:48:56 +0100] "GET /napy-bedclothes-260-240-cm-p-45166.html HTTP/1.0" 301 70785 "-" "Mozilla/5.0 (compatible; SemrushBot/7~bl; +http://www.semrush.com/bot.html)"
185.191.171.12 - - [23/Jan/2022:11:48:59 +0100] "GET /-p-45166.html HTTP/1.0" 200 70718 "-" "Mozilla/5.0 (compatible; SemrushBot/7~bl; +http://www.semrush.com/bot.html)"
192.99.9.25 - - [23/Jan/2022:11:49:34 +0100] "GET /robots.txt HTTP/1.0" 200 245 "-" "Mozilla/5.0 (compatible; MJ12bot/v1.4.8; http://mj12bot.com/)"
