144.76.186.38 - - [23/Jan/2022:10:36:32 +0100] "GET /creative-hobbies-coloring-c-129_30.html?page=33 HTTP/1.0" 200 92319 "-" "Mozilla/5.0 (compatible; MJ12bot/v1.4.8; http://mj12bot.com/)"
185.191.171.43 - - [23/Jan/2022:10:36:34 +0100] "GET /wax-melt-pina-colada-p-44135.html HTTP/1.0" 301 70890 "-" "Mozilla/5.0 (compatible; SemrushBot/7~bl; +http://www.semrush.com/bot.html)"
185.191.171.16 - - [23/Jan/2022:10:36:37 +0100] "GET /melt-pina-colada-p-44135.html HTTP/1.0" 200 70807 "-" "Mozilla/5.0 (compatible; SemrushBot/7~bl; +http://www.semrush.com/bot.html)"
144.76.118.82 - - [23/Jan/2022:10:36:38 +0100] "GET /simpsons-shopping-trolley-p-20548.html HTTP/1.0" 200 70846 "-" "Mozilla/5.0 (compatible; MJ12bot/v1.4.8; http://mj12bot.com/)"
144.76.186.38 - - [23/Jan/2022:10:36:39 +0100] "GET /stationery-school-supplies-c-129_30.html?page=34 HTTP/1.0" 301 92416 "-" "Mozilla/5.0 (compatible; MJ12bot/v1.4.8; http://mj12bot.com/)"
144.76.118.82 - - [23/Jan/2022:10:36:44 +0100] "GET /simpsons-sugar-box-p-17918.html HTTP/1.0" 301 70872 "-" "Mozilla/5.0 (compatible; MJ12bot/v1.4.8; http://mj12bot.com/)"
144.76.186.38 - - [23/Jan/2022:10:36:47 +0100] "GET /creative-hobbies-coloring-c-30.html?page=34 HTTP/1.0" 301 92280 "-" "Mozilla/5.0 (compatible; MJ12bot/v1.4.8; http://mj12bot.com/)"
144.76.118.82 - - [23/Jan/2022:10:36:48 +0100] "GET /simpsons-sugar-p-17918.html HTTP/1.0" 200 70791 "-" "Mozilla/5.0 (compatible; MJ12bot/v1.4.8; http://mj12bot.com/)"
144.76.186.38 - - [23/Jan/2022:10:36:55 +0100] "GET /creative-hobbies-coloring-c-129_30.html?page=34 HTTP/1.0" 200 92319 "-" "Mozilla/5.0 (compatible; MJ12bot/v1.4.8; http://mj12bot.com/)"
144.76.118.82 - - [23/Jan/2022:10:36:56 +0100] "GET /simpsons-sugar-p-17918.html HTTP/1.0" 200 70791 "-" "Mozilla/5.0 (compatible; MJ12bot/v1.4.8; http://mj12bot.com/)"
144.76.118.82 - - [23/Jan/2022:10:37:02 +0100] "GET /skull-card-zippo-lighter-p-30273.html HTTP/1.0" 200 70841 "-" "Mozilla/5.0 (compatible; MJ12bot/v1.4.8; http://mj12bot.com/)"
144.76.186.38 - - [23/Jan/2022:10:37:02 +0100] "GET /stationery-school-supplies-c-129_30.html?page=35 HTTP/1.0" 301 92416 "-" "Mozilla/5.0 (compatible; MJ12bot/v1.4.8; http://mj12bot.com/)"
144.76.118.82 - - [23/Jan/2022:10:37:07 +0100] "GET /skull-flag-figure-p-34177.html HTTP/1.0" 200 73372 "-" "Mozilla/5.0 (compatible; MJ12bot/v1.4.8; http://mj12bot.com/)"
144.76.186.38 - - [23/Jan/2022:10:37:09 +0100] "GET /creative-hobbies-coloring-c-30.html?page=35 HTTP/1.0" 301 92280 "-" "Mozilla/5.0 (compatible; MJ12bot/v1.4.8; http://mj12bot.com/)"
185.191.171.5 - - [23/Jan/2022:10:37:12 +0100] "GET /antique-wooden-p-36485.html HTTP/1.0" 200 70772 "-" "Mozilla/5.0 (compatible; SemrushBot/7~bl; +http://www.semrush.com/bot.html)"
54.36.148.243 - - [23/Jan/2022:10:37:12 +0100] "GET /embossed-metal-plate-p-56758.html HTTP/1.0" 200 73991 "-" "Mozilla/5.0 (compatible; AhrefsBot/7.0; +http://ahrefs.com/robot/)"
144.76.118.82 - - [23/Jan/2022:10:37:13 +0100] "GET /skull-sailor-figure-beige-p-34148.html HTTP/1.0" 200 70812 "-" "Mozilla/5.0 (compatible; MJ12bot/v1.4.8; http://mj12bot.com/)"
144.76.186.38 - - [23/Jan/2022:10:37:17 +0100] "GET /creative-hobbies-coloring-c-129_30.html?page=35 HTTP/1.0" 200 92319 "-" "Mozilla/5.0 (compatible; MJ12bot/v1.4.8; http://mj12bot.com/)"
144.76.118.82 - - [23/Jan/2022:10:37:22 +0100] "GET /skull-sailor-moneybox-black-p-32589.html HTTP/1.0" 200 73377 "-" "Mozilla/5.0 (compatible; MJ12bot/v1.4.8; http://mj12bot.com/)"
144.76.186.38 - - [23/Jan/2022:10:37:25 +0100] "GET /stationery-school-supplies-c-129_30.html?page=4 HTTP/1.0" 301 92414 "-" "Mozilla/5.0 (compatible; MJ12bot/v1.4.8; http://mj12bot.com/)"
144.76.118.82 - - [23/Jan/2022:10:37:28 +0100] "GET /skull-sailor-moneybox-grey-p-32590.html HTTP/1.0" 200 73372 "-" "Mozilla/5.0 (compatible; MJ12bot/v1.4.8; http://mj12bot.com/)"
144.76.186.38 - - [23/Jan/2022:10:37:30 +0100] "GET /creative-hobbies-coloring-c-30.html?page=4 HTTP/1.0" 301 92278 "-" "Mozilla/5.0 (compatible; MJ12bot/v1.4.8; http://mj12bot.com/)"
144.76.118.82 - - [23/Jan/2022:10:37:34 +0100] "GET /skull-salt-shaker-p-34351.html HTTP/1.0" 200 70794 "-" "Mozilla/5.0 (compatible; MJ12bot/v1.4.8; http://mj12bot.com/)"
144.76.118.82 - - [23/Jan/2022:10:37:40 +0100] "GET /skull-skat-figure-p-34153.html HTTP/1.0" 200 70794 "-" "Mozilla/5.0 (compatible; MJ12bot/v1.4.8; http://mj12bot.com/)"
144.76.186.38 - - [23/Jan/2022:10:37:40 +0100] "GET /creative-hobbies-coloring-c-129_30.html?page=4 HTTP/1.0" 200 92318 "-" "Mozilla/5.0 (compatible; MJ12bot/v1.4.8; http://mj12bot.com/)"
144.76.118.82 - - [23/Jan/2022:10:37:46 +0100] "GET /skull-snake-figure-p-41716.html HTTP/1.0" 200 70788 "-" "Mozilla/5.0 (compatible; MJ12bot/v1.4.8; http://mj12bot.com/)"
144.76.186.38 - - [23/Jan/2022:10:37:52 +0100] "GET /stationery-school-supplies-c-129_30.html?page=5 HTTP/1.0" 301 92414 "-" "Mozilla/5.0 (compatible; MJ12bot/v1.4.8; http://mj12bot.com/)"
144.76.118.82 - - [23/Jan/2022:10:37:54 +0100] "GET /skull-white-phone-p-33055.html HTTP/1.0" 200 73471 "-" "Mozilla/5.0 (compatible; MJ12bot/v1.4.8; http://mj12bot.com/)"
114.119.128.34 - - [23/Jan/2022:10:37:57 +0100] "GET /the-little-prince-of-saint-exupery-white-ceramic-mug-and-cup-p-44845.html HTTP/1.0" 301 73836 "-" "Mozilla/5.0 (Linux; Android 7.0;) AppleWebKit/537.36 (KHTML, like Gecko) Mobile Safari/537.36 (compatible; PetalBot;+https://webmaster.petalsearch.com/site/petalbot)"
193.177.162.34 - - [23/Jan/2022:10:38:00 +0100] "GET /images/mini_prod/3503420096426.jpg HTTP/1.0" 200 269 "-" "Mozilla/5.0 (X11; Ubuntu; Linux x86_64; rv:72.0) Gecko/20100101 Firefox/72.0"
114.119.128.34 - - [23/Jan/2022:10:37:59 +0100] "GET /little-prince-saint-exupery-white-ceramic-p-44845.html HTTP/1.0" 200 73728 "-" "Mozilla/5.0 (Linux; Android 7.0;) AppleWebKit/537.36 (KHTML, like Gecko) Mobile Safari/537.36 (compatible; PetalBot;+https://webmaster.petalsearch.com/site/petalbot)"
144.76.186.38 - - [23/Jan/2022:10:38:00 +0100] "GET /creative-hobbies-coloring-c-30.html?page=5 HTTP/1.0" 301 92278 "-" "Mozilla/5.0 (compatible; MJ12bot/v1.4.8; http://mj12bot.com/)"
144.76.118.82 - - [23/Jan/2022:10:38:02 +0100] "GET /skull-with-army-helmet-bullets-moneybox-p-48698.html HTTP/1.0" 200 74249 "-" "Mozilla/5.0 (compatible; MJ12bot/v1.4.8; http://mj12bot.com/)"
144.76.186.38 - - [23/Jan/2022:10:38:08 +0100] "GET /creative-hobbies-coloring-c-129_30.html?page=5 HTTP/1.0" 200 92318 "-" "Mozilla/5.0 (compatible; MJ12bot/v1.4.8; http://mj12bot.com/)"
144.76.118.82 - - [23/Jan/2022:10:38:10 +0100] "GET /skylanders-poster-p-25840.html HTTP/1.0" 200 70794 "-" "Mozilla/5.0 (compatible; MJ12bot/v1.4.8; http://mj12bot.com/)"
144.76.118.82 - - [23/Jan/2022:10:38:18 +0100] "GET /small-alarm-clock-p-39720.html HTTP/1.0" 200 73453 "-" "Mozilla/5.0 (compatible; MJ12bot/v1.4.8; http://mj12bot.com/)"
144.76.186.38 - - [23/Jan/2022:10:38:19 +0100] "GET /stationery-school-supplies-c-129_30.html?page=6 HTTP/1.0" 301 92414 "-" "Mozilla/5.0 (compatible; MJ12bot/v1.4.8; http://mj12bot.com/)"
185.191.171.38 - - [23/Jan/2022:10:38:25 +0100] "GET /barbabright-magnet-p-6013.html?action=add_product HTTP/1.0" 302 476 "-" "Mozilla/5.0 (compatible; SemrushBot/7~bl; +http://www.semrush.com/bot.html)"
144.76.118.82 - - [23/Jan/2022:10:38:25 +0100] "GET /small-baby-teeth-jade-p-50814.html HTTP/1.0" 200 74125 "-" "Mozilla/5.0 (compatible; MJ12bot/v1.4.8; http://mj12bot.com/)"
144.76.186.38 - - [23/Jan/2022:10:38:27 +0100] "GET /creative-hobbies-coloring-c-30.html?page=6 HTTP/1.0" 301 92278 "-" "Mozilla/5.0 (compatible; MJ12bot/v1.4.8; http://mj12bot.com/)"
147.92.153.4 - - [23/Jan/2022:10:38:30 +0100] "GET /mini-erasers-random-patterns-p-33549.html HTTP/1.0" 200 73555 "-" "Mozilla/5.0 (compatible; Linespider/1.1; +https://lin.ee/4dwXkTH)"
144.76.118.82 - - [23/Jan/2022:10:38:32 +0100] "GET /small-baby-teeth-maya-beige-p-49175.html HTTP/1.0" 200 74153 "-" "Mozilla/5.0 (compatible; MJ12bot/v1.4.8; http://mj12bot.com/)"
144.76.186.38 - - [23/Jan/2022:10:38:35 +0100] "GET /creative-hobbies-coloring-c-129_30.html?page=6 HTTP/1.0" 200 92318 "-" "Mozilla/5.0 (compatible; MJ12bot/v1.4.8; http://mj12bot.com/)"
144.76.118.82 - - [23/Jan/2022:10:38:36 +0100] "GET /small-baby-teeth-p-51577.html HTTP/1.0" 200 73464 "-" "Mozilla/5.0 (compatible; MJ12bot/v1.4.8; http://mj12bot.com/)"
144.76.186.38 - - [23/Jan/2022:10:38:42 +0100] "GET /stationery-school-supplies-c-129_30.html?page=7 HTTP/1.0" 301 92414 "-" "Mozilla/5.0 (compatible; MJ12bot/v1.4.8; http://mj12bot.com/)"
144.76.118.82 - - [23/Jan/2022:10:38:43 +0100] "GET /small-baby-teeth-p-51578.html HTTP/1.0" 200 70788 "-" "Mozilla/5.0 (compatible; MJ12bot/v1.4.8; http://mj12bot.com/)"
144.76.118.82 - - [23/Jan/2022:10:38:52 +0100] "GET /small-baby-teeth-p-51579.html HTTP/1.0" 200 74254 "-" "Mozilla/5.0 (compatible; MJ12bot/v1.4.8; http://mj12bot.com/)"
144.76.186.38 - - [23/Jan/2022:10:38:52 +0100] "GET /creative-hobbies-coloring-c-30.html?page=7 HTTP/1.0" 301 92278 "-" "Mozilla/5.0 (compatible; MJ12bot/v1.4.8; http://mj12bot.com/)"
144.76.186.38 - - [23/Jan/2022:10:38:58 +0100] "GET /creative-hobbies-coloring-c-129_30.html?page=7 HTTP/1.0" 200 92318 "-" "Mozilla/5.0 (compatible; MJ12bot/v1.4.8; http://mj12bot.com/)"
144.76.118.82 - - [23/Jan/2022:10:39:01 +0100] "GET /small-baby-teeth-p-51580.html HTTP/1.0" 200 74260 "-" "Mozilla/5.0 (compatible; MJ12bot/v1.4.8; http://mj12bot.com/)"
144.76.186.38 - - [23/Jan/2022:10:39:07 +0100] "GET /stationery-school-supplies-c-129_30.html?page=8 HTTP/1.0" 301 92414 "-" "Mozilla/5.0 (compatible; MJ12bot/v1.4.8; http://mj12bot.com/)"
144.76.118.82 - - [23/Jan/2022:10:39:08 +0100] "GET /small-baby-teeth-pink-p-51556.html HTTP/1.0" 200 70808 "-" "Mozilla/5.0 (compatible; MJ12bot/v1.4.8; http://mj12bot.com/)"
144.76.186.38 - - [23/Jan/2022:10:39:15 +0100] "GET /creative-hobbies-coloring-c-30.html?page=8 HTTP/1.0" 301 92278 "-" "Mozilla/5.0 (compatible; MJ12bot/v1.4.8; http://mj12bot.com/)"
144.76.118.82 - - [23/Jan/2022:10:39:16 +0100] "GET /small-baby-teeth-small-mouse-p-49164.html HTTP/1.0" 200 73592 "-" "Mozilla/5.0 (compatible; MJ12bot/v1.4.8; http://mj12bot.com/)"
144.76.186.38 - - [23/Jan/2022:10:39:24 +0100] "GET /creative-hobbies-coloring-c-129_30.html?page=8 HTTP/1.0" 200 92318 "-" "Mozilla/5.0 (compatible; MJ12bot/v1.4.8; http://mj12bot.com/)"
144.76.118.82 - - [23/Jan/2022:10:39:27 +0100] "GET /small-baby-teeth-small-mouse-p-51597.html HTTP/1.0" 200 70848 "-" "Mozilla/5.0 (compatible; MJ12bot/v1.4.8; http://mj12bot.com/)"
185.191.171.16 - - [23/Jan/2022:10:39:28 +0100] "GET /apache-women-watch-multicolor-buffalo-head-p-41563.html HTTP/1.0" 200 73713 "-" "Mozilla/5.0 (compatible; SemrushBot/7~bl; +http://www.semrush.com/bot.html)"
185.191.171.41 - - [23/Jan/2022:10:39:31 +0100] "GET /miss-mindy-sally-resin-figurine-p-49393.html?action=add_product HTTP/1.0" 302 476 "-" "Mozilla/5.0 (compatible; SemrushBot/7~bl; +http://www.semrush.com/bot.html)"
144.76.118.82 - - [23/Jan/2022:10:39:32 +0100] "GET /small-bedside-lamp-pink-p-40629.html HTTP/1.0" 301 70785 "-" "Mozilla/5.0 (compatible; MJ12bot/v1.4.8; http://mj12bot.com/)"
144.76.186.38 - - [23/Jan/2022:10:39:32 +0100] "GET /stationery-school-supplies-c-129_30.html?page=9 HTTP/1.0" 301 92414 "-" "Mozilla/5.0 (compatible; MJ12bot/v1.4.8; http://mj12bot.com/)"
144.76.118.82 - - [23/Jan/2022:10:39:37 +0100] "GET /-p-40629.html HTTP/1.0" 200 70718 "-" "Mozilla/5.0 (compatible; MJ12bot/v1.4.8; http://mj12bot.com/)"
144.76.186.38 - - [23/Jan/2022:10:39:40 +0100] "GET /creative-hobbies-coloring-c-30.html?page=9 HTTP/1.0" 301 92278 "-" "Mozilla/5.0 (compatible; MJ12bot/v1.4.8; http://mj12bot.com/)"
144.76.118.82 - - [23/Jan/2022:10:39:45 +0100] "GET /small-box-for-baby-teeth-hedgehog-p-51574.html HTTP/1.0" 301 70920 "-" "Mozilla/5.0 (compatible; MJ12bot/v1.4.8; http://mj12bot.com/)"
144.76.186.38 - - [23/Jan/2022:10:39:45 +0100] "GET /creative-hobbies-coloring-c-129_30.html?page=9 HTTP/1.0" 200 92318 "-" "Mozilla/5.0 (compatible; MJ12bot/v1.4.8; http://mj12bot.com/)"
144.76.118.82 - - [23/Jan/2022:10:39:51 +0100] "GET /small-baby-teeth-hedgehog-p-51574.html HTTP/1.0" 200 70828 "-" "Mozilla/5.0 (compatible; MJ12bot/v1.4.8; http://mj12bot.com/)"
144.76.186.38 - - [23/Jan/2022:10:39:53 +0100] "GET /statue-liberty-keyring-cbkreation-p-43232.html HTTP/1.0" 200 73528 "-" "Mozilla/5.0 (compatible; MJ12bot/v1.4.8; http://mj12bot.com/)"
54.36.148.243 - - [23/Jan/2022:10:39:54 +0100] "GET /skull-aviator-helmet-figure-p-34152.html HTTP/1.0" 200 73434 "-" "Mozilla/5.0 (compatible; AhrefsBot/7.0; +http://ahrefs.com/robot/)"
144.76.118.82 - - [23/Jan/2022:10:39:55 +0100] "GET /small-box-for-baby-teeth-hedgehog-p-51575.html HTTP/1.0" 301 73634 "-" "Mozilla/5.0 (compatible; MJ12bot/v1.4.8; http://mj12bot.com/)"
144.76.186.38 - - [23/Jan/2022:10:39:59 +0100] "GET /statue-liberty-small-cardboard-suitcase-p-29734.html HTTP/1.0" 301 70785 "-" "Mozilla/5.0 (compatible; MJ12bot/v1.4.8; http://mj12bot.com/)"
144.76.118.82 - - [23/Jan/2022:10:40:01 +0100] "GET /small-baby-teeth-hedgehog-p-51575.html HTTP/1.0" 200 73542 "-" "Mozilla/5.0 (compatible; MJ12bot/v1.4.8; http://mj12bot.com/)"
144.76.186.38 - - [23/Jan/2022:10:40:06 +0100] "GET /-p-29734.html HTTP/1.0" 200 70718 "-" "Mozilla/5.0 (compatible; MJ12bot/v1.4.8; http://mj12bot.com/)"
144.76.118.82 - - [23/Jan/2022:10:40:06 +0100] "GET /small-box-for-baby-teeth-jade-p-50814.html HTTP/1.0" 301 74213 "-" "Mozilla/5.0 (compatible; MJ12bot/v1.4.8; http://mj12bot.com/)"
144.76.118.82 - - [23/Jan/2022:10:40:13 +0100] "GET /small-baby-teeth-jade-p-50814.html HTTP/1.0" 200 74125 "-" "Mozilla/5.0 (compatible; MJ12bot/v1.4.8; http://mj12bot.com/)"
144.76.186.38 - - [23/Jan/2022:10:40:13 +0100] "GET /statue-of-liberty-keyring-by-cbkreation-p-43232.html HTTP/1.0" 301 73628 "-" "Mozilla/5.0 (compatible; MJ12bot/v1.4.8; http://mj12bot.com/)"
144.76.118.82 - - [23/Jan/2022:10:40:18 +0100] "GET /small-box-for-baby-teeth-p-51557.html HTTP/1.0" 301 70871 "-" "Mozilla/5.0 (compatible; MJ12bot/v1.4.8; http://mj12bot.com/)"
144.76.186.38 - - [23/Jan/2022:10:40:20 +0100] "GET /statue-liberty-keyring-cbkreation-p-43232.html HTTP/1.0" 200 73528 "-" "Mozilla/5.0 (compatible; MJ12bot/v1.4.8; http://mj12bot.com/)"
144.76.118.82 - - [23/Jan/2022:10:40:24 +0100] "GET /small-baby-teeth-p-51557.html HTTP/1.0" 200 70788 "-" "Mozilla/5.0 (compatible; MJ12bot/v1.4.8; http://mj12bot.com/)"
51.68.224.127 - - [23/Jan/2022:10:40:25 +0100] "GET /adminweb/export_orders_xml.php?token=256de2z6edz6ed2z6DFSFsed2zed6zeDSFDSGdzedezfzf&maxorders=10&orderstart=1&status=14&start_date=2018-10-01 HTTP/1.0" 200 285 "-" "GesCom CharlotteBoutik Serveur"
51.68.224.127 - - [23/Jan/2022:10:40:26 +0100] "GET /adminweb/export_orders_xml.php?token=256de2z6edz6ed2z6DFSFsed2zed6zeDSFDSGdzedezfzf&maxorders=10&orderstart=1&status=6&start_date=2018-10-01 HTTP/1.0" 200 32795 "-" "GesCom CharlotteBoutik Serveur"
144.76.186.38 - - [23/Jan/2022:10:40:27 +0100] "GET /statue-of-liberty-small-cardboard-suitcase-p-29734.html HTTP/1.0" 301 70785 "-" "Mozilla/5.0 (compatible; MJ12bot/v1.4.8; http://mj12bot.com/)"
144.76.118.82 - - [23/Jan/2022:10:40:29 +0100] "GET /small-box-for-baby-teeth-p-51577.html HTTP/1.0" 301 73547 "-" "Mozilla/5.0 (compatible; MJ12bot/v1.4.8; http://mj12bot.com/)"
144.76.118.82 - - [23/Jan/2022:10:40:36 +0100] "GET /small-baby-teeth-p-51577.html HTTP/1.0" 200 73464 "-" "Mozilla/5.0 (compatible; MJ12bot/v1.4.8; http://mj12bot.com/)"
144.76.186.38 - - [23/Jan/2022:10:40:36 +0100] "GET /-p-29734.html HTTP/1.0" 200 70718 "-" "Mozilla/5.0 (compatible; MJ12bot/v1.4.8; http://mj12bot.com/)"
185.191.171.42 - - [23/Jan/2022:10:40:36 +0100] "GET /cushion-pouf-in-canvas-p-43613.html HTTP/1.0" 301 70785 "-" "Mozilla/5.0 (compatible; SemrushBot/7~bl; +http://www.semrush.com/bot.html)"
185.191.171.14 - - [23/Jan/2022:10:40:41 +0100] "GET /-p-43613.html HTTP/1.0" 200 70718 "-" "Mozilla/5.0 (compatible; SemrushBot/7~bl; +http://www.semrush.com/bot.html)"
144.76.118.82 - - [23/Jan/2022:10:40:41 +0100] "GET /small-box-for-baby-teeth-p-51578.html HTTP/1.0" 301 70871 "-" "Mozilla/5.0 (compatible; MJ12bot/v1.4.8; http://mj12bot.com/)"
185.191.171.24 - - [23/Jan/2022:10:40:44 +0100] "GET /nici-polar-bear-soft-toy-25-cm-p-16954.html HTTP/1.0" 301 70926 "-" "Mozilla/5.0 (compatible; SemrushBot/7~bl; +http://www.semrush.com/bot.html)"
144.76.186.38 - - [23/Jan/2022:10:40:45 +0100] "GET /statue-the-white-bear-of-francois-pompon-18-35-cm-p-47632.html HTTP/1.0" 301 74650 "-" "Mozilla/5.0 (compatible; MJ12bot/v1.4.8; http://mj12bot.com/)"
144.76.118.82 - - [23/Jan/2022:10:40:46 +0100] "GET /small-baby-teeth-p-51578.html HTTP/1.0" 200 70788 "-" "Mozilla/5.0 (compatible; MJ12bot/v1.4.8; http://mj12bot.com/)"
185.191.171.25 - - [23/Jan/2022:10:40:48 +0100] "GET /nici-polar-bear-soft-p-16954.html HTTP/1.0" 200 70839 "-" "Mozilla/5.0 (compatible; SemrushBot/7~bl; +http://www.semrush.com/bot.html)"
185.191.171.16 - - [23/Jan/2022:10:40:51 +0100] "GET /mobile-bells-metal-elephants-p-42074.html?action=add_product HTTP/1.0" 302 476 "-" "Mozilla/5.0 (compatible; SemrushBot/7~bl; +http://www.semrush.com/bot.html)"
114.119.128.26 - - [23/Jan/2022:10:40:52 +0100] "GET /images/big_prod/3609810025431.jpg HTTP/1.0" 200 268 "-" "Mozilla/5.0 (Linux; Android 7.0;) AppleWebKit/537.36 (KHTML, like Gecko) Mobile Safari/537.36 (compatible; PetalBot;+https://webmaster.petalsearch.com/site/petalbot)"
144.76.118.82 - - [23/Jan/2022:10:40:54 +0100] "GET /small-box-for-baby-teeth-p-51579.html HTTP/1.0" 301 74337 "-" "Mozilla/5.0 (compatible; MJ12bot/v1.4.8; http://mj12bot.com/)"
144.76.186.38 - - [23/Jan/2022:10:40:54 +0100] "GET /statue-white-bear-franois-pompon-p-47632.html HTTP/1.0" 200 74551 "-" "Mozilla/5.0 (compatible; MJ12bot/v1.4.8; http://mj12bot.com/)"
144.76.118.82 - - [23/Jan/2022:10:40:59 +0100] "GET /small-baby-teeth-p-51579.html HTTP/1.0" 200 74254 "-" "Mozilla/5.0 (compatible; MJ12bot/v1.4.8; http://mj12bot.com/)"
144.76.186.38 - - [23/Jan/2022:10:41:00 +0100] "GET /statue-white-bear-franois-pompon-p-47632.html HTTP/1.0" 200 74551 "-" "Mozilla/5.0 (compatible; MJ12bot/v1.4.8; http://mj12bot.com/)"
144.76.118.82 - - [23/Jan/2022:10:41:04 +0100] "GET /small-box-for-baby-teeth-p-51580.html HTTP/1.0" 301 74343 "-" "Mozilla/5.0 (compatible; MJ12bot/v1.4.8; http://mj12bot.com/)"
144.76.186.38 - - [23/Jan/2022:10:41:07 +0100] "GET /statuette-jesus-christ-sacred-heart-inside-and-outside-p-51648.html HTTP/1.0" 301 74785 "-" "Mozilla/5.0 (compatible; MJ12bot/v1.4.8; http://mj12bot.com/)"
144.76.118.82 - - [23/Jan/2022:10:41:09 +0100] "GET /small-baby-teeth-p-51580.html HTTP/1.0" 200 74260 "-" "Mozilla/5.0 (compatible; MJ12bot/v1.4.8; http://mj12bot.com/)"
185.191.171.3 - - [23/Jan/2022:10:41:13 +0100] "GET /toiletry-bag-p-43390.html HTTP/1.0" 301 73449 "-" "Mozilla/5.0 (compatible; SemrushBot/7~bl; +http://www.semrush.com/bot.html)"
144.76.186.38 - - [23/Jan/2022:10:41:15 +0100] "GET /statuette-jesus-christ-sacred-heart-inside-outside-p-51648.html HTTP/1.0" 200 74668 "-" "Mozilla/5.0 (compatible; MJ12bot/v1.4.8; http://mj12bot.com/)"
144.76.118.82 - - [23/Jan/2022:10:41:16 +0100] "GET /small-box-for-baby-teeth-pink-p-51556.html HTTP/1.0" 301 70896 "-" "Mozilla/5.0 (compatible; MJ12bot/v1.4.8; http://mj12bot.com/)"
185.191.171.44 - - [23/Jan/2022:10:41:16 +0100] "GET /toiletry-p-43390.html HTTP/1.0" 200 73374 "-" "Mozilla/5.0 (compatible; SemrushBot/7~bl; +http://www.semrush.com/bot.html)"
144.76.118.82 - - [23/Jan/2022:10:41:22 +0100] "GET /small-baby-teeth-pink-p-51556.html HTTP/1.0" 200 70808 "-" "Mozilla/5.0 (compatible; MJ12bot/v1.4.8; http://mj12bot.com/)"
144.76.186.38 - - [23/Jan/2022:10:41:22 +0100] "GET /statuette-jesus-christ-sacred-heart-inside-outside-p-51648.html HTTP/1.0" 200 74668 "-" "Mozilla/5.0 (compatible; MJ12bot/v1.4.8; http://mj12bot.com/)"
144.76.186.38 - - [23/Jan/2022:10:41:31 +0100] "GET /statuette-resin-monkeys-p-54093.html HTTP/1.0" 200 73416 "-" "Mozilla/5.0 (compatible; MJ12bot/v1.4.8; http://mj12bot.com/)"
144.76.118.82 - - [23/Jan/2022:10:41:31 +0100] "GET /small-box-for-baby-teeth-the-small-mouse-p-49164.html HTTP/1.0" 301 73687 "-" "Mozilla/5.0 (compatible; MJ12bot/v1.4.8; http://mj12bot.com/)"
144.76.186.38 - - [23/Jan/2022:10:41:37 +0100] "GET /statuette-white-elephant-patinated-gold-p-54269.html HTTP/1.0" 200 70872 "-" "Mozilla/5.0 (compatible; MJ12bot/v1.4.8; http://mj12bot.com/)"
144.76.118.82 - - [23/Jan/2022:10:41:38 +0100] "GET /small-baby-teeth-small-mouse-p-49164.html HTTP/1.0" 200 73592 "-" "Mozilla/5.0 (compatible; MJ12bot/v1.4.8; http://mj12bot.com/)"
185.191.171.6 - - [23/Jan/2022:10:41:41 +0100] "GET /beely-bedclothes-260-240-cm-p-52086.html HTTP/1.0" 301 73472 "-" "Mozilla/5.0 (compatible; SemrushBot/7~bl; +http://www.semrush.com/bot.html)"
185.191.171.10 - - [23/Jan/2022:10:41:45 +0100] "GET /beely-bedclothes-p-52086.html HTTP/1.0" 200 73389 "-" "Mozilla/5.0 (compatible; SemrushBot/7~bl; +http://www.semrush.com/bot.html)"
144.76.186.38 - - [23/Jan/2022:10:41:45 +0100] "GET /statuette-woman-and-young-african-girl-41-cm-p-47495.html HTTP/1.0" 301 70965 "-" "Mozilla/5.0 (compatible; MJ12bot/v1.4.8; http://mj12bot.com/)"
144.76.118.82 - - [23/Jan/2022:10:41:47 +0100] "GET /small-boxes-and-pill-c-13_150_154.html?page=2 HTTP/1.0" 301 89084 "-" "Mozilla/5.0 (compatible; MJ12bot/v1.4.8; http://mj12bot.com/)"
144.76.186.38 - - [23/Jan/2022:10:41:54 +0100] "GET /statuette-woman-young-african-girl-p-47495.html HTTP/1.0" 200 70864 "-" "Mozilla/5.0 (compatible; MJ12bot/v1.4.8; http://mj12bot.com/)"
144.76.118.82 - - [23/Jan/2022:10:41:55 +0100] "GET /small-boxes-pill-c-154.html?page=2 HTTP/1.0" 301 88838 "-" "Mozilla/5.0 (compatible; MJ12bot/v1.4.8; http://mj12bot.com/)"
144.76.118.82 - - [23/Jan/2022:10:42:00 +0100] "GET /small-boxes-pill-c-13_150_154.html?page=2 HTTP/1.0" 200 88996 "-" "Mozilla/5.0 (compatible; MJ12bot/v1.4.8; http://mj12bot.com/)"
144.76.186.38 - - [23/Jan/2022:10:42:01 +0100] "GET /statuette-woman-young-african-girl-p-47495.html HTTP/1.0" 200 70864 "-" "Mozilla/5.0 (compatible; MJ12bot/v1.4.8; http://mj12bot.com/)"
144.76.118.82 - - [23/Jan/2022:10:42:07 +0100] "GET /small-boxes-and-pill-c-13_150_154.html?page=3 HTTP/1.0" 301 89084 "-" "Mozilla/5.0 (compatible; MJ12bot/v1.4.8; http://mj12bot.com/)"
144.76.186.38 - - [23/Jan/2022:10:42:10 +0100] "GET /stickers-c-129_50.html?page=2 HTTP/1.0" 200 87822 "-" "Mozilla/5.0 (compatible; MJ12bot/v1.4.8; http://mj12bot.com/)"
144.76.118.82 - - [23/Jan/2022:10:42:12 +0100] "GET /small-boxes-pill-c-154.html?page=3 HTTP/1.0" 301 88838 "-" "Mozilla/5.0 (compatible; MJ12bot/v1.4.8; http://mj12bot.com/)"
144.76.186.38 - - [23/Jan/2022:10:42:17 +0100] "GET /stickers-pictures-crayola-p-16683.html HTTP/1.0" 301 70785 "-" "Mozilla/5.0 (compatible; MJ12bot/v1.4.8; http://mj12bot.com/)"
144.76.118.82 - - [23/Jan/2022:10:42:19 +0100] "GET /small-boxes-pill-c-13_150_154.html?page=3 HTTP/1.0" 200 88996 "-" "Mozilla/5.0 (compatible; MJ12bot/v1.4.8; http://mj12bot.com/)"
144.76.118.82 - - [23/Jan/2022:10:42:27 +0100] "GET /small-boxes-and-pill-c-13_150_154.html?page=4 HTTP/1.0" 301 89084 "-" "Mozilla/5.0 (compatible; MJ12bot/v1.4.8; http://mj12bot.com/)"
144.76.186.38 - - [23/Jan/2022:10:42:27 +0100] "GET /-p-16683.html HTTP/1.0" 200 70718 "-" "Mozilla/5.0 (compatible; MJ12bot/v1.4.8; http://mj12bot.com/)"
144.76.118.82 - - [23/Jan/2022:10:42:33 +0100] "GET /small-boxes-pill-c-154.html?page=4 HTTP/1.0" 301 88838 "-" "Mozilla/5.0 (compatible; MJ12bot/v1.4.8; http://mj12bot.com/)"
144.76.186.38 - - [23/Jan/2022:10:42:36 +0100] "GET /stitch-doll-collection-statuette-p-47677.html HTTP/1.0" 200 74846 "-" "Mozilla/5.0 (compatible; MJ12bot/v1.4.8; http://mj12bot.com/)"
144.76.118.82 - - [23/Jan/2022:10:42:38 +0100] "GET /small-boxes-pill-c-13_150_154.html?page=4 HTTP/1.0" 200 88996 "-" "Mozilla/5.0 (compatible; MJ12bot/v1.4.8; http://mj12bot.com/)"
54.36.148.243 - - [23/Jan/2022:10:42:41 +0100] "GET /industrial-pouf-storage-large-size-only-p-48579.html HTTP/1.0" 200 74322 "-" "Mozilla/5.0 (compatible; AhrefsBot/7.0; +http://ahrefs.com/robot/)"
144.76.186.38 - - [23/Jan/2022:10:42:45 +0100] "GET /stitch-flowers-collection-statuette-p-47670.html HTTP/1.0" 200 75124 "-" "Mozilla/5.0 (compatible; MJ12bot/v1.4.8; http://mj12bot.com/)"
144.76.118.82 - - [23/Jan/2022:10:42:47 +0100] "GET /small-boxes-pill-c-13_150_154.html?page=2 HTTP/1.0" 200 88996 "-" "Mozilla/5.0 (compatible; MJ12bot/v1.4.8; http://mj12bot.com/)"
144.76.118.82 - - [23/Jan/2022:10:42:54 +0100] "GET /small-boxes-pill-c-13_150_154.html?page=3 HTTP/1.0" 200 88996 "-" "Mozilla/5.0 (compatible; MJ12bot/v1.4.8; http://mj12bot.com/)"
144.76.186.38 - - [23/Jan/2022:10:42:57 +0100] "GET /stitch-guitar-collection-statuette-p-47678.html HTTP/1.0" 200 75085 "-" "Mozilla/5.0 (compatible; MJ12bot/v1.4.8; http://mj12bot.com/)"
144.76.118.82 - - [23/Jan/2022:10:43:03 +0100] "GET /small-boxes-pill-c-13_150_154.html?page=4 HTTP/1.0" 200 88996 "-" "Mozilla/5.0 (compatible; MJ12bot/v1.4.8; http://mj12bot.com/)"
144.76.186.38 - - [23/Jan/2022:10:43:04 +0100] "GET /stitch-heart-collection-statuette-p-47669.html HTTP/1.0" 200 75090 "-" "Mozilla/5.0 (compatible; MJ12bot/v1.4.8; http://mj12bot.com/)"
144.76.118.82 - - [23/Jan/2022:10:43:11 +0100] "GET /small-boxes-pill-c-154.html?page=2 HTTP/1.0" 301 88838 "-" "Mozilla/5.0 (compatible; MJ12bot/v1.4.8; http://mj12bot.com/)"
185.191.171.26 - - [23/Jan/2022:10:43:11 +0100] "GET /goodbye-kitty-david-goliath-shoulderbag-p-5257.html?action=add_product HTTP/1.0" 302 476 "-" "Mozilla/5.0 (compatible; SemrushBot/7~bl; +http://www.semrush.com/bot.html)"
144.76.186.38 - - [23/Jan/2022:10:43:11 +0100] "GET /stone-amethyst-sold-by-weight-210-220-grams-p-46547.html HTTP/1.0" 301 74490 "-" "Mozilla/5.0 (compatible; MJ12bot/v1.4.8; http://mj12bot.com/)"
144.76.186.38 - - [23/Jan/2022:10:43:17 +0100] "GET /stone-amethyst-sold-weight-grams-p-46547.html HTTP/1.0" 200 74391 "-" "Mozilla/5.0 (compatible; MJ12bot/v1.4.8; http://mj12bot.com/)"
185.191.171.17 - - [23/Jan/2022:10:43:23 +0100] "GET /zodiac-sign-training-bottle-by-cbkreation-p-43348.html HTTP/1.0" 301 73871 "-" "Mozilla/5.0 (compatible; SemrushBot/7~bl; +http://www.semrush.com/bot.html)"
144.76.118.82 - - [23/Jan/2022:10:43:23 +0100] "GET /small-boxes-pill-c-13_150_154.html?page=2 HTTP/1.0" 200 88996 "-" "Mozilla/5.0 (compatible; MJ12bot/v1.4.8; http://mj12bot.com/)"
144.76.186.38 - - [23/Jan/2022:10:43:25 +0100] "GET /stone-amethyst-sold-weight-grams-p-46547.html HTTP/1.0" 200 74391 "-" "Mozilla/5.0 (compatible; MJ12bot/v1.4.8; http://mj12bot.com/)"
185.191.171.13 - - [23/Jan/2022:10:43:27 +0100] "GET /zodiac-sign-training-bottle-cbkreation-p-43348.html HTTP/1.0" 200 73766 "-" "Mozilla/5.0 (compatible; SemrushBot/7~bl; +http://www.semrush.com/bot.html)"
144.76.118.82 - - [23/Jan/2022:10:43:31 +0100] "GET /small-boxes-pill-c-154.html?page=3 HTTP/1.0" 301 88838 "-" "Mozilla/5.0 (compatible; MJ12bot/v1.4.8; http://mj12bot.com/)"
144.76.186.38 - - [23/Jan/2022:10:43:33 +0100] "GET /stone-black-moonstone-100-110-grams-p-46627.html HTTP/1.0" 301 70898 "-" "Mozilla/5.0 (compatible; MJ12bot/v1.4.8; http://mj12bot.com/)"
114.119.128.26 - - [23/Jan/2022:10:43:35 +0100] "GET /images/mini_prod/8006180204452.jpg HTTP/1.0" 200 269 "-" "Mozilla/5.0 (Linux; Android 7.0;) AppleWebKit/537.36 (KHTML, like Gecko) Mobile Safari/537.36 (compatible; PetalBot;+https://webmaster.petalsearch.com/site/petalbot)"
144.76.118.82 - - [23/Jan/2022:10:43:38 +0100] "GET /small-boxes-pill-c-13_150_154.html?page=3 HTTP/1.0" 200 88996 "-" "Mozilla/5.0 (compatible; MJ12bot/v1.4.8; http://mj12bot.com/)"
144.76.186.38 - - [23/Jan/2022:10:43:40 +0100] "GET /stone-black-moonstone-grams-p-46627.html HTTP/1.0" 200 70804 "-" "Mozilla/5.0 (compatible; MJ12bot/v1.4.8; http://mj12bot.com/)"
144.76.118.82 - - [23/Jan/2022:10:43:45 +0100] "GET /small-boxes-pill-c-154.html?page=4 HTTP/1.0" 301 88838 "-" "Mozilla/5.0 (compatible; MJ12bot/v1.4.8; http://mj12bot.com/)"
144.76.186.38 - - [23/Jan/2022:10:43:50 +0100] "GET /stone-black-moonstone-grams-p-46627.html HTTP/1.0" 200 70804 "-" "Mozilla/5.0 (compatible; MJ12bot/v1.4.8; http://mj12bot.com/)"
144.76.118.82 - - [23/Jan/2022:10:43:51 +0100] "GET /small-boxes-pill-c-13_150_154.html?page=4 HTTP/1.0" 200 88996 "-" "Mozilla/5.0 (compatible; MJ12bot/v1.4.8; http://mj12bot.com/)"
144.76.118.82 - - [23/Jan/2022:10:43:57 +0100] "GET /small-candle-basil-lime-mandarin-p-47626.html HTTP/1.0" 200 73894 "-" "Mozilla/5.0 (compatible; MJ12bot/v1.4.8; http://mj12bot.com/)"
144.76.186.38 - - [23/Jan/2022:10:43:58 +0100] "GET /stone-blue-calcite-120-130-grams-p-46554.html HTTP/1.0" 301 70902 "-" "Mozilla/5.0 (compatible; MJ12bot/v1.4.8; http://mj12bot.com/)"
144.76.186.38 - - [23/Jan/2022:10:44:05 +0100] "GET /stone-blue-calcite-grams-p-46554.html HTTP/1.0" 200 70811 "-" "Mozilla/5.0 (compatible; MJ12bot/v1.4.8; http://mj12bot.com/)"
144.76.118.82 - - [23/Jan/2022:10:44:04 +0100] "GET /small-candle-lemon-amalfi-p-47630.html HTTP/1.0" 200 73873 "-" "Mozilla/5.0 (compatible; MJ12bot/v1.4.8; http://mj12bot.com/)"
144.76.186.38 - - [23/Jan/2022:10:44:12 +0100] "GET /stone-blue-calcite-40-50-grams-p-46548.html HTTP/1.0" 301 70902 "-" "Mozilla/5.0 (compatible; MJ12bot/v1.4.8; http://mj12bot.com/)"
144.76.118.82 - - [23/Jan/2022:10:44:15 +0100] "GET /small-candle-pearl-bouquet-p-42632.html HTTP/1.0" 200 70857 "-" "Mozilla/5.0 (compatible; MJ12bot/v1.4.8; http://mj12bot.com/)"
144.76.186.38 - - [23/Jan/2022:10:44:21 +0100] "GET /stone-blue-calcite-grams-p-46548.html HTTP/1.0" 200 70811 "-" "Mozilla/5.0 (compatible; MJ12bot/v1.4.8; http://mj12bot.com/)"
144.76.118.82 - - [23/Jan/2022:10:44:25 +0100] "GET /small-candle-sugar-spice-p-42627.html HTTP/1.0" 200 70859 "-" "Mozilla/5.0 (compatible; MJ12bot/v1.4.8; http://mj12bot.com/)"
144.76.118.82 - - [23/Jan/2022:10:44:29 +0100] "GET /small-candle-violet-moon-p-42623.html HTTP/1.0" 200 70847 "-" "Mozilla/5.0 (compatible; MJ12bot/v1.4.8; http://mj12bot.com/)"
185.191.171.23 - - [23/Jan/2022:10:44:31 +0100] "GET /stroll-in-peru-cushion-cherry-pits-p-46519.html HTTP/1.0" 301 70936 "-" "Mozilla/5.0 (compatible; SemrushBot/7~bl; +http://www.semrush.com/bot.html)"
144.76.186.38 - - [23/Jan/2022:10:44:31 +0100] "GET /stone-blue-calcite-60-70-grams-p-46549.html HTTP/1.0" 301 70902 "-" "Mozilla/5.0 (compatible; MJ12bot/v1.4.8; http://mj12bot.com/)"
185.191.171.25 - - [23/Jan/2022:10:44:35 +0100] "GET /stroll-peru-cushion-cherry-pits-p-46519.html HTTP/1.0" 200 70838 "-" "Mozilla/5.0 (compatible; SemrushBot/7~bl; +http://www.semrush.com/bot.html)"
144.76.118.82 - - [23/Jan/2022:10:44:35 +0100] "GET /small-carved-p-41662.html HTTP/1.0" 200 74734 "-" "Mozilla/5.0 (compatible; MJ12bot/v1.4.8; http://mj12bot.com/)"
144.76.118.82 - - [23/Jan/2022:10:44:43 +0100] "GET /small-cat-alarm-clock-by-jo-p-39720.html HTTP/1.0" 301 73537 "-" "Mozilla/5.0 (compatible; MJ12bot/v1.4.8; http://mj12bot.com/)"
144.76.186.38 - - [23/Jan/2022:10:44:47 +0100] "GET /stone-blue-calcite-grams-p-46549.html HTTP/1.0" 200 70811 "-" "Mozilla/5.0 (compatible; MJ12bot/v1.4.8; http://mj12bot.com/)"
144.76.118.82 - - [23/Jan/2022:10:44:48 +0100] "GET /small-alarm-clock-p-39720.html HTTP/1.0" 200 73453 "-" "Mozilla/5.0 (compatible; MJ12bot/v1.4.8; http://mj12bot.com/)"
144.76.186.38 - - [23/Jan/2022:10:44:59 +0100] "GET /stone-blue-calcite-grams-p-46548.html HTTP/1.0" 200 70811 "-" "Mozilla/5.0 (compatible; MJ12bot/v1.4.8; http://mj12bot.com/)"
144.76.118.82 - - [23/Jan/2022:10:45:00 +0100] "GET /small-cbkreation-p-14911.html HTTP/1.0" 200 73382 "-" "Mozilla/5.0 (compatible; MJ12bot/v1.4.8; http://mj12bot.com/)"
144.76.186.38 - - [23/Jan/2022:10:45:07 +0100] "GET /stone-blue-calcite-grams-p-46549.html HTTP/1.0" 200 70811 "-" "Mozilla/5.0 (compatible; MJ12bot/v1.4.8; http://mj12bot.com/)"
144.76.118.82 - - [23/Jan/2022:10:45:09 +0100] "GET /small-ceramic-ashtray-gourmet-bistro-p-50647.html HTTP/1.0" 200 73482 "-" "Mozilla/5.0 (compatible; MJ12bot/v1.4.8; http://mj12bot.com/)"
144.76.186.38 - - [23/Jan/2022:10:45:13 +0100] "GET /stone-blue-calcite-grams-p-46554.html HTTP/1.0" 200 70811 "-" "Mozilla/5.0 (compatible; MJ12bot/v1.4.8; http://mj12bot.com/)"
185.191.171.36 - - [23/Jan/2022:10:45:14 +0100] "GET /freshener-heart-home-paradise-sunset-p-40601.html HTTP/1.0" 200 73742 "-" "Mozilla/5.0 (compatible; SemrushBot/7~bl; +http://www.semrush.com/bot.html)"
144.76.118.82 - - [23/Jan/2022:10:45:17 +0100] "GET /small-ceramic-ashtray-the-gourmet-bistro-p-50647.html HTTP/1.0" 301 73585 "-" "Mozilla/5.0 (compatible; MJ12bot/v1.4.8; http://mj12bot.com/)"
185.191.171.12 - - [23/Jan/2022:10:45:18 +0100] "GET /-p-38826.html?action=add_product HTTP/1.0" 302 476 "-" "Mozilla/5.0 (compatible; SemrushBot/7~bl; +http://www.semrush.com/bot.html)"
185.191.171.45 - - [23/Jan/2022:10:45:21 +0100] "GET /-p-52938.html?action=add_product HTTP/1.0" 302 476 "-" "Mozilla/5.0 (compatible; SemrushBot/7~bl; +http://www.semrush.com/bot.html)"
144.76.186.38 - - [23/Jan/2022:10:45:21 +0100] "GET /stone-carnelian-150-160-grams-p-46575.html HTTP/1.0" 301 74950 "-" "Mozilla/5.0 (compatible; MJ12bot/v1.4.8; http://mj12bot.com/)"
144.76.118.82 - - [23/Jan/2022:10:45:23 +0100] "GET /small-ceramic-ashtray-gourmet-bistro-p-50647.html HTTP/1.0" 200 73482 "-" "Mozilla/5.0 (compatible; MJ12bot/v1.4.8; http://mj12bot.com/)"
144.76.186.38 - - [23/Jan/2022:10:45:29 +0100] "GET /stone-carnelian-grams-p-46575.html HTTP/1.0" 200 74862 "-" "Mozilla/5.0 (compatible; MJ12bot/v1.4.8; http://mj12bot.com/)"
144.76.118.82 - - [23/Jan/2022:10:45:30 +0100] "GET /small-champagne-tray-p-17057.html HTTP/1.0" 200 70809 "-" "Mozilla/5.0 (compatible; MJ12bot/v1.4.8; http://mj12bot.com/)"
144.76.118.82 - - [23/Jan/2022:10:45:37 +0100] "GET /small-characters-fireman-sam-p-36989.html HTTP/1.0" 301 70785 "-" "Mozilla/5.0 (compatible; MJ12bot/v1.4.8; http://mj12bot.com/)"
144.76.186.38 - - [23/Jan/2022:10:45:37 +0100] "GET /stone-carnelian-grams-p-46575.html HTTP/1.0" 200 74862 "-" "Mozilla/5.0 (compatible; MJ12bot/v1.4.8; http://mj12bot.com/)"
144.76.186.38 - - [23/Jan/2022:10:45:45 +0100] "GET /stone-golden-healer-90-100-grams-p-46600.html HTTP/1.0" 301 70908 "-" "Mozilla/5.0 (compatible; MJ12bot/v1.4.8; http://mj12bot.com/)"
144.76.118.82 - - [23/Jan/2022:10:45:45 +0100] "GET /-p-36989.html HTTP/1.0" 200 70718 "-" "Mozilla/5.0 (compatible; MJ12bot/v1.4.8; http://mj12bot.com/)"
144.76.118.82 - - [23/Jan/2022:10:45:52 +0100] "GET /small-chickens-salt-pepper-p-34489.html HTTP/1.0" 200 70863 "-" "Mozilla/5.0 (compatible; MJ12bot/v1.4.8; http://mj12bot.com/)"
144.76.186.38 - - [23/Jan/2022:10:45:53 +0100] "GET /stone-golden-healer-grams-p-46600.html HTTP/1.0" 200 70816 "-" "Mozilla/5.0 (compatible; MJ12bot/v1.4.8; http://mj12bot.com/)"
144.76.118.82 - - [23/Jan/2022:10:45:59 +0100] "GET /small-chickens-set-salt-and-pepper-p-34489.html HTTP/1.0" 301 70956 "-" "Mozilla/5.0 (compatible; MJ12bot/v1.4.8; http://mj12bot.com/)"
144.76.186.38 - - [23/Jan/2022:10:46:00 +0100] "GET /stone-golden-healer-grams-p-46600.html HTTP/1.0" 200 70816 "-" "Mozilla/5.0 (compatible; MJ12bot/v1.4.8; http://mj12bot.com/)"
144.76.118.82 - - [23/Jan/2022:10:46:05 +0100] "GET /small-chickens-salt-pepper-p-34489.html HTTP/1.0" 200 70863 "-" "Mozilla/5.0 (compatible; MJ12bot/v1.4.8; http://mj12bot.com/)"
144.76.186.38 - - [23/Jan/2022:10:46:08 +0100] "GET /stone-green-opal-30-40-grams-p-46622.html HTTP/1.0" 301 70890 "-" "Mozilla/5.0 (compatible; MJ12bot/v1.4.8; http://mj12bot.com/)"
144.76.118.82 - - [23/Jan/2022:10:46:09 +0100] "GET /small-chubby-rabbit-boy-kaloo-zen-p-19232.html HTTP/1.0" 301 70950 "-" "Mozilla/5.0 (compatible; MJ12bot/v1.4.8; http://mj12bot.com/)"
144.76.186.38 - - [23/Jan/2022:10:46:16 +0100] "GET /stone-green-opal-grams-p-46622.html HTTP/1.0" 200 70801 "-" "Mozilla/5.0 (compatible; MJ12bot/v1.4.8; http://mj12bot.com/)"
144.76.118.82 - - [23/Jan/2022:10:46:16 +0100] "GET /small-chubby-rabbit-kaloo-p-19232.html HTTP/1.0" 200 70858 "-" "Mozilla/5.0 (compatible; MJ12bot/v1.4.8; http://mj12bot.com/)"
114.119.128.37 - - [23/Jan/2022:10:46:18 +0100] "GET /writing-and-correction-c-129_186.html HTTP/1.0" 301 93888 "-" "Mozilla/5.0 (Linux; Android 7.0;) AppleWebKit/537.36 (KHTML, like Gecko) Mobile Safari/537.36 (compatible; PetalBot;+https://webmaster.petalsearch.com/site/petalbot)"
144.76.118.82 - - [23/Jan/2022:10:46:23 +0100] "GET /small-chubby-rabbit-kaloo-p-19232.html HTTP/1.0" 200 70858 "-" "Mozilla/5.0 (compatible; MJ12bot/v1.4.8; http://mj12bot.com/)"
114.119.128.37 - - [23/Jan/2022:10:46:26 +0100] "GET /writing-correction-c-186.html HTTP/1.0" 301 93752 "-" "Mozilla/5.0 (Linux; Android 7.0;) AppleWebKit/537.36 (KHTML, like Gecko) Mobile Safari/537.36 (compatible; PetalBot;+https://webmaster.petalsearch.com/site/petalbot)"
144.76.186.38 - - [23/Jan/2022:10:46:27 +0100] "GET /stone-green-opal-40-50-grams-p-46621.html HTTP/1.0" 301 74606 "-" "Mozilla/5.0 (compatible; MJ12bot/v1.4.8; http://mj12bot.com/)"
114.119.128.37 - - [23/Jan/2022:10:46:28 +0100] "GET /writing-correction-c-129_186.html HTTP/1.0" 200 93805 "-" "Mozilla/5.0 (Linux; Android 7.0;) AppleWebKit/537.36 (KHTML, like Gecko) Mobile Safari/537.36 (compatible; PetalBot;+https://webmaster.petalsearch.com/site/petalbot)"
157.55.39.125 - - [23/Jan/2022:10:46:33 +0100] "GET /images/big_prod_1/8433933141298.jpg HTTP/1.0" 200 270 "-" "Mozilla/5.0 (compatible; bingbot/2.0; +http://www.bing.com/bingbot.htm)"
144.76.118.82 - - [23/Jan/2022:10:46:30 +0100] "GET /small-collection-plate-metal-vespa-black-and-white-p-16833.html HTTP/1.0" 301 74183 "-" "Mozilla/5.0 (compatible; MJ12bot/v1.4.8; http://mj12bot.com/)"
144.76.186.38 - - [23/Jan/2022:10:46:35 +0100] "GET /stone-green-opal-grams-p-46621.html HTTP/1.0" 200 74517 "-" "Mozilla/5.0 (compatible; MJ12bot/v1.4.8; http://mj12bot.com/)"
144.76.118.82 - - [23/Jan/2022:10:46:38 +0100] "GET /small-collection-plate-metal-vespa-black-white-p-16833.html HTTP/1.0" 200 74070 "-" "Mozilla/5.0 (compatible; MJ12bot/v1.4.8; http://mj12bot.com/)"
144.76.186.38 - - [23/Jan/2022:10:46:42 +0100] "GET /stone-green-opal-60-70-grams-p-46619.html HTTP/1.0" 301 74606 "-" "Mozilla/5.0 (compatible; MJ12bot/v1.4.8; http://mj12bot.com/)"
144.76.118.82 - - [23/Jan/2022:10:46:47 +0100] "GET /small-collection-plate-metal-vespa-black-white-p-16833.html HTTP/1.0" 200 74070 "-" "Mozilla/5.0 (compatible; MJ12bot/v1.4.8; http://mj12bot.com/)"
144.76.186.38 - - [23/Jan/2022:10:46:52 +0100] "GET /stone-green-opal-grams-p-46619.html HTTP/1.0" 200 74517 "-" "Mozilla/5.0 (compatible; MJ12bot/v1.4.8; http://mj12bot.com/)"
144.76.118.82 - - [23/Jan/2022:10:46:53 +0100] "GET /small-collection-plate-metal-vespa-gran-sport-p-16832.html HTTP/1.0" 200 74027 "-" "Mozilla/5.0 (compatible; MJ12bot/v1.4.8; http://mj12bot.com/)"
144.76.118.82 - - [23/Jan/2022:10:47:00 +0100] "GET /small-collection-plate-metal-vespa-piaggio-p-16834.html HTTP/1.0" 200 74000 "-" "Mozilla/5.0 (compatible; MJ12bot/v1.4.8; http://mj12bot.com/)"
144.76.186.38 - - [23/Jan/2022:10:47:02 +0100] "GET /stone-green-opal-grams-p-46619.html HTTP/1.0" 200 74517 "-" "Mozilla/5.0 (compatible; MJ12bot/v1.4.8; http://mj12bot.com/)"
144.76.118.82 - - [23/Jan/2022:10:47:08 +0100] "GET /small-collection-plate-metal-vespa-the-den-of-the-vespa-p-16835.html HTTP/1.0" 301 70785 "-" "Mozilla/5.0 (compatible; MJ12bot/v1.4.8; http://mj12bot.com/)"
144.76.186.38 - - [23/Jan/2022:10:47:08 +0100] "GET /stone-green-opal-grams-p-46621.html HTTP/1.0" 200 74517 "-" "Mozilla/5.0 (compatible; MJ12bot/v1.4.8; http://mj12bot.com/)"
144.76.118.82 - - [23/Jan/2022:10:47:15 +0100] "GET /-p-16835.html HTTP/1.0" 200 70718 "-" "Mozilla/5.0 (compatible; MJ12bot/v1.4.8; http://mj12bot.com/)"
144.76.186.38 - - [23/Jan/2022:10:47:21 +0100] "GET /stone-green-opal-grams-p-46622.html HTTP/1.0" 200 70801 "-" "Mozilla/5.0 (compatible; MJ12bot/v1.4.8; http://mj12bot.com/)"
144.76.118.82 - - [23/Jan/2022:10:47:22 +0100] "GET /small-cow-bedside-lamp-pink-p-40629.html HTTP/1.0" 301 70785 "-" "Mozilla/5.0 (compatible; MJ12bot/v1.4.8; http://mj12bot.com/)"
144.76.118.82 - - [23/Jan/2022:10:47:27 +0100] "GET /-p-40629.html HTTP/1.0" 200 70718 "-" "Mozilla/5.0 (compatible; MJ12bot/v1.4.8; http://mj12bot.com/)"
144.76.186.38 - - [23/Jan/2022:10:47:31 +0100] "GET /stone-labradorite-20-30-grams-p-46586.html HTTP/1.0" 301 70912 "-" "Mozilla/5.0 (compatible; MJ12bot/v1.4.8; http://mj12bot.com/)"
144.76.118.82 - - [23/Jan/2022:10:47:35 +0100] "GET /small-cream-bear-kaloo-plume-p-15724.html HTTP/1.0" 301 70785 "-" "Mozilla/5.0 (compatible; MJ12bot/v1.4.8; http://mj12bot.com/)"
144.76.186.38 - - [23/Jan/2022:10:47:38 +0100] "GET /stone-labradorite-grams-p-46586.html HTTP/1.0" 200 70822 "-" "Mozilla/5.0 (compatible; MJ12bot/v1.4.8; http://mj12bot.com/)"
144.76.186.38 - - [23/Jan/2022:10:47:42 +0100] "GET /stone-labradorite-30-40-grams-p-46587.html HTTP/1.0" 301 75103 "-" "Mozilla/5.0 (compatible; MJ12bot/v1.4.8; http://mj12bot.com/)"
144.76.118.82 - - [23/Jan/2022:10:47:45 +0100] "GET /-p-15724.html HTTP/1.0" 200 70718 "-" "Mozilla/5.0 (compatible; MJ12bot/v1.4.8; http://mj12bot.com/)"
144.76.186.38 - - [23/Jan/2022:10:47:52 +0100] "GET /stone-labradorite-grams-p-46587.html HTTP/1.0" 200 75013 "-" "Mozilla/5.0 (compatible; MJ12bot/v1.4.8; http://mj12bot.com/)"
144.76.118.82 - - [23/Jan/2022:10:47:53 +0100] "GET /small-sheep-bedside-lamp-blue-p-40626.html HTTP/1.0" 200 70828 "-" "Mozilla/5.0 (compatible; MJ12bot/v1.4.8; http://mj12bot.com/)"
144.76.186.38 - - [23/Jan/2022:10:48:01 +0100] "GET /stone-labradorite-50-60-grams-p-46589.html HTTP/1.0" 301 75103 "-" "Mozilla/5.0 (compatible; MJ12bot/v1.4.8; http://mj12bot.com/)"
144.76.118.82 - - [23/Jan/2022:10:48:03 +0100] "GET /small-sheep-bedside-lamp-pink-p-40625.html HTTP/1.0" 200 70828 "-" "Mozilla/5.0 (compatible; MJ12bot/v1.4.8; http://mj12bot.com/)"
216.244.66.242 - - [23/Jan/2022:10:48:09 +0100] "GET /robots.txt HTTP/1.0" 200 245 "-" "Mozilla/5.0 (compatible; DotBot/1.2; +https://opensiteexplorer.org/dotbot; help@moz.com)"
144.76.186.38 - - [23/Jan/2022:10:48:10 +0100] "GET /stone-labradorite-grams-p-46589.html HTTP/1.0" 200 75013 "-" "Mozilla/5.0 (compatible; MJ12bot/v1.4.8; http://mj12bot.com/)"
144.76.118.82 - - [23/Jan/2022:10:48:10 +0100] "GET /small-simple-mug-with-personalized-picture-p-16330.html HTTP/1.0" 301 74055 "-" "Mozilla/5.0 (compatible; MJ12bot/v1.4.8; http://mj12bot.com/)"
144.76.186.38 - - [23/Jan/2022:10:48:17 +0100] "GET /stone-labradorite-grams-p-46586.html HTTP/1.0" 200 70822 "-" "Mozilla/5.0 (compatible; MJ12bot/v1.4.8; http://mj12bot.com/)"
144.76.118.82 - - [23/Jan/2022:10:48:17 +0100] "GET /small-simple-with-personalized-picture-p-16330.html HTTP/1.0" 200 73950 "-" "Mozilla/5.0 (compatible; MJ12bot/v1.4.8; http://mj12bot.com/)"
144.76.186.38 - - [23/Jan/2022:10:48:28 +0100] "GET /stone-labradorite-grams-p-46587.html HTTP/1.0" 200 75013 "-" "Mozilla/5.0 (compatible; MJ12bot/v1.4.8; http://mj12bot.com/)"
144.76.118.82 - - [23/Jan/2022:10:48:28 +0100] "GET /small-simple-with-personalized-picture-p-16330.html HTTP/1.0" 200 73950 "-" "Mozilla/5.0 (compatible; MJ12bot/v1.4.8; http://mj12bot.com/)"
144.76.186.38 - - [23/Jan/2022:10:48:34 +0100] "GET /stone-labradorite-grams-p-46589.html HTTP/1.0" 200 75013 "-" "Mozilla/5.0 (compatible; MJ12bot/v1.4.8; http://mj12bot.com/)"
144.76.118.82 - - [23/Jan/2022:10:48:37 +0100] "GET /snow-white-3d-birthday-card-with-envelope-p-25268.html HTTP/1.0" 301 71013 "-" "Mozilla/5.0 (compatible; MJ12bot/v1.4.8; http://mj12bot.com/)"
144.76.186.38 - - [23/Jan/2022:10:48:44 +0100] "GET /stone-peacock-feather-flower-p-54184.html HTTP/1.0" 200 70828 "-" "Mozilla/5.0 (compatible; MJ12bot/v1.4.8; http://mj12bot.com/)"
144.76.118.82 - - [23/Jan/2022:10:48:45 +0100] "GET /snow-white-birthday-card-with-envelope-p-25268.html HTTP/1.0" 200 70908 "-" "Mozilla/5.0 (compatible; MJ12bot/v1.4.8; http://mj12bot.com/)"
144.76.186.38 - - [23/Jan/2022:10:48:52 +0100] "GET /stone-petrified-wood-70-80-grams-p-46567.html HTTP/1.0" 301 70927 "-" "Mozilla/5.0 (compatible; MJ12bot/v1.4.8; http://mj12bot.com/)"
144.76.118.82 - - [23/Jan/2022:10:48:53 +0100] "GET /snow-white-birthday-card-with-envelope-p-25268.html HTTP/1.0" 200 70908 "-" "Mozilla/5.0 (compatible; MJ12bot/v1.4.8; http://mj12bot.com/)"
185.191.171.19 - - [23/Jan/2022:10:48:56 +0100] "GET /buddha-rectangulary-cushion-cbkreation-p-36370.html?action=add_product HTTP/1.0" 302 476 "-" "Mozilla/5.0 (compatible; SemrushBot/7~bl; +http://www.semrush.com/bot.html)"
185.191.171.19 - - [23/Jan/2022:10:49:01 +0100] "GET /ceramic-salt-pot-with-spoon-aderne-p-50643.html HTTP/1.0" 301 74366 "-" "Mozilla/5.0 (compatible; SemrushBot/7~bl; +http://www.semrush.com/bot.html)"
144.76.186.38 - - [23/Jan/2022:10:49:02 +0100] "GET /stone-petrified-wood-grams-p-46567.html HTTP/1.0" 200 70834 "-" "Mozilla/5.0 (compatible; MJ12bot/v1.4.8; http://mj12bot.com/)"
144.76.118.82 - - [23/Jan/2022:10:49:02 +0100] "GET /snow-white-disney-figure-enchanting-collection-p-23115.html HTTP/1.0" 301 70785 "-" "Mozilla/5.0 (compatible; MJ12bot/v1.4.8; http://mj12bot.com/)"
185.191.171.16 - - [23/Jan/2022:10:49:05 +0100] "GET /ceramic-salt-with-spoon-aderne-p-50643.html HTTP/1.0" 200 74269 "-" "Mozilla/5.0 (compatible; SemrushBot/7~bl; +http://www.semrush.com/bot.html)"
114.119.128.40 - - [23/Jan/2022:10:49:09 +0100] "GET /us-marshall-vertical-bag-p-26538.html HTTP/1.0" 301 70874 "-" "Mozilla/5.0 (Linux; Android 7.0;) AppleWebKit/537.36 (KHTML, like Gecko) Mobile Safari/537.36 (compatible; PetalBot;+https://webmaster.petalsearch.com/site/petalbot)"
144.76.118.82 - - [23/Jan/2022:10:49:09 +0100] "GET /-p-23115.html HTTP/1.0" 200 70718 "-" "Mozilla/5.0 (compatible; MJ12bot/v1.4.8; http://mj12bot.com/)"
114.119.128.40 - - [23/Jan/2022:10:49:10 +0100] "GET /marshall-vertical-p-26538.html HTTP/1.0" 200 70790 "-" "Mozilla/5.0 (Linux; Android 7.0;) AppleWebKit/537.36 (KHTML, like Gecko) Mobile Safari/537.36 (compatible; PetalBot;+https://webmaster.petalsearch.com/site/petalbot)"
144.76.118.82 - - [23/Jan/2022:10:49:16 +0100] "GET /snow-white-figure-p-2868.html HTTP/1.0" 301 70782 "-" "Mozilla/5.0 (compatible; MJ12bot/v1.4.8; http://mj12bot.com/)"
144.76.186.38 - - [23/Jan/2022:10:49:17 +0100] "GET /stone-petrified-wood-80-90-grams-p-46568.html HTTP/1.0" 301 74747 "-" "Mozilla/5.0 (compatible; MJ12bot/v1.4.8; http://mj12bot.com/)"
144.76.118.82 - - [23/Jan/2022:10:49:21 +0100] "GET /-p-2868.html HTTP/1.0" 200 70716 "-" "Mozilla/5.0 (compatible; MJ12bot/v1.4.8; http://mj12bot.com/)"
144.76.186.38 - - [23/Jan/2022:10:49:24 +0100] "GET /stone-petrified-wood-grams-p-46568.html HTTP/1.0" 200 74654 "-" "Mozilla/5.0 (compatible; MJ12bot/v1.4.8; http://mj12bot.com/)"
144.76.118.82 - - [23/Jan/2022:10:49:28 +0100] "GET /snow-white-figurine-ornement-collection-disney-traditions-p-12108.html HTTP/1.0" 200 73704 "-" "Mozilla/5.0 (compatible; MJ12bot/v1.4.8; http://mj12bot.com/)"
144.76.118.82 - - [23/Jan/2022:10:49:34 +0100] "GET /spiderman-jacket-p-32684.html HTTP/1.0" 301 70785 "-" "Mozilla/5.0 (compatible; MJ12bot/v1.4.8; http://mj12bot.com/)"
144.76.186.38 - - [23/Jan/2022:10:49:35 +0100] "GET /stone-petrified-wood-grams-p-46567.html HTTP/1.0" 200 70834 "-" "Mozilla/5.0 (compatible; MJ12bot/v1.4.8; http://mj12bot.com/)"
144.76.118.82 - - [23/Jan/2022:10:49:41 +0100] "GET /-p-32684.html HTTP/1.0" 200 70718 "-" "Mozilla/5.0 (compatible; MJ12bot/v1.4.8; http://mj12bot.com/)"
144.76.186.38 - - [23/Jan/2022:10:49:45 +0100] "GET /stone-petrified-wood-grams-p-46568.html HTTP/1.0" 200 74654 "-" "Mozilla/5.0 (compatible; MJ12bot/v1.4.8; http://mj12bot.com/)"
144.76.118.82 - - [23/Jan/2022:10:49:48 +0100] "GET /spiderman-jacket-p-32688.html HTTP/1.0" 301 70785 "-" "Mozilla/5.0 (compatible; MJ12bot/v1.4.8; http://mj12bot.com/)"
144.76.186.38 - - [23/Jan/2022:10:49:53 +0100] "GET /stone-polychrome-jasper-130-140-grams-p-46583.html HTTP/1.0" 301 74779 "-" "Mozilla/5.0 (compatible; MJ12bot/v1.4.8; http://mj12bot.com/)"
144.76.118.82 - - [23/Jan/2022:10:49:56 +0100] "GET /-p-32688.html HTTP/1.0" 200 70718 "-" "Mozilla/5.0 (compatible; MJ12bot/v1.4.8; http://mj12bot.com/)"
185.191.171.40 - - [23/Jan/2022:10:50:01 +0100] "GET /vietnam-mug-by-cbkreation-p-33771.html HTTP/1.0" 301 73454 "-" "Mozilla/5.0 (compatible; SemrushBot/7~bl; +http://www.semrush.com/bot.html)"
144.76.118.82 - - [23/Jan/2022:10:50:02 +0100] "GET /spiderman-nyc-poster-p-27247.html HTTP/1.0" 301 70884 "-" "Mozilla/5.0 (compatible; MJ12bot/v1.4.8; http://mj12bot.com/)"
144.76.186.38 - - [23/Jan/2022:10:50:02 +0100] "GET /stone-polychrome-jasper-grams-p-46583.html HTTP/1.0" 200 74683 "-" "Mozilla/5.0 (compatible; MJ12bot/v1.4.8; http://mj12bot.com/)"
185.191.171.13 - - [23/Jan/2022:10:50:05 +0100] "GET /vietnam-cbkreation-p-33771.html HTTP/1.0" 200 73369 "-" "Mozilla/5.0 (compatible; SemrushBot/7~bl; +http://www.semrush.com/bot.html)"
144.76.118.82 - - [23/Jan/2022:10:50:12 +0100] "GET /spiderman-poster-p-27247.html HTTP/1.0" 200 70801 "-" "Mozilla/5.0 (compatible; MJ12bot/v1.4.8; http://mj12bot.com/)"
144.76.186.38 - - [23/Jan/2022:10:50:13 +0100] "GET /stone-polychrome-jasper-90-100-grams-p-46580.html HTTP/1.0" 301 74773 "-" "Mozilla/5.0 (compatible; MJ12bot/v1.4.8; http://mj12bot.com/)"
185.191.171.36 - - [23/Jan/2022:10:50:18 +0100] "GET /africa-savannah-tea-box-p-45714.html HTTP/1.0" 301 74181 "-" "Mozilla/5.0 (compatible; SemrushBot/7~bl; +http://www.semrush.com/bot.html)"
144.76.118.82 - - [23/Jan/2022:10:50:19 +0100] "GET /spiderman-pairs-of-socks-size-23-26-p-25746.html HTTP/1.0" 301 70785 "-" "Mozilla/5.0 (compatible; MJ12bot/v1.4.8; http://mj12bot.com/)"
185.191.171.21 - - [23/Jan/2022:10:50:21 +0100] "GET /africa-savannah-p-45714.html HTTP/1.0" 200 74099 "-" "Mozilla/5.0 (compatible; SemrushBot/7~bl; +http://www.semrush.com/bot.html)"
66.249.66.199 - - [23/Jan/2022:10:50:25 +0100] "GET /images/big_prod/1328399210299B.jpg HTTP/1.0" 200 269 "-" "Googlebot-Image/1.0"
144.76.186.38 - - [23/Jan/2022:10:50:24 +0100] "GET /stone-polychrome-jasper-grams-p-46580.html HTTP/1.0" 200 74677 "-" "Mozilla/5.0 (compatible; MJ12bot/v1.4.8; http://mj12bot.com/)"
