144.76.118.82 - - [23/Jan/2022:10:50:26 +0100] "GET /-p-25746.html HTTP/1.0" 200 70718 "-" "Mozilla/5.0 (compatible; MJ12bot/v1.4.8; http://mj12bot.com/)"
144.76.118.82 - - [23/Jan/2022:10:50:32 +0100] "GET /spiderman-pairs-of-socks-size-23-26-p-25749.html HTTP/1.0" 301 70785 "-" "Mozilla/5.0 (compatible; MJ12bot/v1.4.8; http://mj12bot.com/)"
144.76.186.38 - - [23/Jan/2022:10:50:32 +0100] "GET /stone-polychrome-jasper-grams-p-46580.html HTTP/1.0" 200 74677 "-" "Mozilla/5.0 (compatible; MJ12bot/v1.4.8; http://mj12bot.com/)"
193.177.162.34 - - [23/Jan/2022:10:50:38 +0100] "GET /images/med_prod/8435306265839.jpg HTTP/1.0" 200 268 "-" "Mozilla/5.0 (X11; Ubuntu; Linux x86_64; rv:72.0) Gecko/20100101 Firefox/72.0"
144.76.118.82 - - [23/Jan/2022:10:50:39 +0100] "GET /-p-25749.html HTTP/1.0" 200 70718 "-" "Mozilla/5.0 (compatible; MJ12bot/v1.4.8; http://mj12bot.com/)"
144.76.186.38 - - [23/Jan/2022:10:50:39 +0100] "GET /stone-polychrome-jasper-grams-p-46583.html HTTP/1.0" 200 74683 "-" "Mozilla/5.0 (compatible; MJ12bot/v1.4.8; http://mj12bot.com/)"
144.76.118.82 - - [23/Jan/2022:10:50:46 +0100] "GET /spiderman-pairs-of-socks-size-27-30-p-25759.html HTTP/1.0" 301 70785 "-" "Mozilla/5.0 (compatible; MJ12bot/v1.4.8; http://mj12bot.com/)"
144.76.186.38 - - [23/Jan/2022:10:50:48 +0100] "GET /stone-septarian-50-60-grams-p-46596.html HTTP/1.0" 301 74772 "-" "Mozilla/5.0 (compatible; MJ12bot/v1.4.8; http://mj12bot.com/)"
144.76.118.82 - - [23/Jan/2022:10:50:53 +0100] "GET /-p-25759.html HTTP/1.0" 200 70718 "-" "Mozilla/5.0 (compatible; MJ12bot/v1.4.8; http://mj12bot.com/)"
144.76.186.38 - - [23/Jan/2022:10:50:55 +0100] "GET /stone-septarian-grams-p-46596.html HTTP/1.0" 200 74684 "-" "Mozilla/5.0 (compatible; MJ12bot/v1.4.8; http://mj12bot.com/)"
144.76.118.82 - - [23/Jan/2022:10:51:02 +0100] "GET /spiderman-pairs-of-socks-size-27-30-p-25762.html HTTP/1.0" 301 70785 "-" "Mozilla/5.0 (compatible; MJ12bot/v1.4.8; http://mj12bot.com/)"
185.191.171.24 - - [23/Jan/2022:10:51:03 +0100] "GET /tinted-candle-gold-color-p-57160.html HTTP/1.0" 200 73109 "-" "Mozilla/5.0 (compatible; SemrushBot/7~bl; +http://www.semrush.com/bot.html)"
144.76.186.38 - - [23/Jan/2022:10:51:06 +0100] "GET /stone-septarian-60-70-grams-p-46597.html HTTP/1.0" 301 74772 "-" "Mozilla/5.0 (compatible; MJ12bot/v1.4.8; http://mj12bot.com/)"
144.76.118.82 - - [23/Jan/2022:10:51:07 +0100] "GET /-p-25762.html HTTP/1.0" 200 70718 "-" "Mozilla/5.0 (compatible; MJ12bot/v1.4.8; http://mj12bot.com/)"
144.76.118.82 - - [23/Jan/2022:10:51:13 +0100] "GET /spiderman-pajama-p-32512.html HTTP/1.0" 301 70785 "-" "Mozilla/5.0 (compatible; MJ12bot/v1.4.8; http://mj12bot.com/)"
144.76.186.38 - - [23/Jan/2022:10:51:14 +0100] "GET /stone-septarian-grams-p-46597.html HTTP/1.0" 200 74684 "-" "Mozilla/5.0 (compatible; MJ12bot/v1.4.8; http://mj12bot.com/)"
144.76.118.82 - - [23/Jan/2022:10:51:17 +0100] "GET /-p-32512.html HTTP/1.0" 200 70718 "-" "Mozilla/5.0 (compatible; MJ12bot/v1.4.8; http://mj12bot.com/)"
144.76.118.82 - - [23/Jan/2022:10:51:24 +0100] "GET /spiderman-pajamas-p-32521.html HTTP/1.0" 301 70785 "-" "Mozilla/5.0 (compatible; MJ12bot/v1.4.8; http://mj12bot.com/)"
144.76.186.38 - - [23/Jan/2022:10:51:26 +0100] "GET /stone-septarian-grams-p-46596.html HTTP/1.0" 200 74684 "-" "Mozilla/5.0 (compatible; MJ12bot/v1.4.8; http://mj12bot.com/)"
144.76.118.82 - - [23/Jan/2022:10:51:30 +0100] "GET /-p-32521.html HTTP/1.0" 200 70718 "-" "Mozilla/5.0 (compatible; MJ12bot/v1.4.8; http://mj12bot.com/)"
144.76.186.38 - - [23/Jan/2022:10:51:34 +0100] "GET /stone-septarian-grams-p-46597.html HTTP/1.0" 200 74684 "-" "Mozilla/5.0 (compatible; MJ12bot/v1.4.8; http://mj12bot.com/)"
144.76.118.82 - - [23/Jan/2022:10:51:38 +0100] "GET /spiderman-pajamas-p-32524.html HTTP/1.0" 301 70785 "-" "Mozilla/5.0 (compatible; MJ12bot/v1.4.8; http://mj12bot.com/)"
54.36.148.243 - - [23/Jan/2022:10:51:41 +0100] "GET /cotton-bath-p-55259.html HTTP/1.0" 200 74257 "-" "Mozilla/5.0 (compatible; AhrefsBot/7.0; +http://ahrefs.com/robot/)"
144.76.186.38 - - [23/Jan/2022:10:51:43 +0100] "GET /stones-rock-crystal-120-130-grams-p-46610.html HTTP/1.0" 301 74861 "-" "Mozilla/5.0 (compatible; MJ12bot/v1.4.8; http://mj12bot.com/)"
144.76.118.82 - - [23/Jan/2022:10:51:44 +0100] "GET /-p-32524.html HTTP/1.0" 200 70718 "-" "Mozilla/5.0 (compatible; MJ12bot/v1.4.8; http://mj12bot.com/)"
144.76.186.38 - - [23/Jan/2022:10:51:47 +0100] "GET /stones-rock-crystal-grams-p-46610.html HTTP/1.0" 200 74769 "-" "Mozilla/5.0 (compatible; MJ12bot/v1.4.8; http://mj12bot.com/)"
66.102.9.251 - - [23/Jan/2022:10:51:49 +0100] "GET /images/102_4711.jpg HTTP/1.0" 200 254 "-" "Mozilla/5.0 (Windows NT 5.1; rv:11.0) Gecko Firefox/11.0 (via ggpht.com GoogleImageProxy)"
144.76.118.82 - - [23/Jan/2022:10:51:52 +0100] "GET /spiderman-parka-p-32686.html HTTP/1.0" 301 70785 "-" "Mozilla/5.0 (compatible; MJ12bot/v1.4.8; http://mj12bot.com/)"
159.138.102.98 - - [23/Jan/2022:10:51:53 +0100] "GET /mini-metal-tray-bcassine-p-35254.html HTTP/1.0" 200 73478 "-" "Mozilla/5.0 (Linux; Android 7.0;) AppleWebKit/537.36 (KHTML, like Gecko) Mobile Safari/537.36 (compatible; PetalBot;+https://webmaster.petalsearch.com/site/petalbot)"
144.76.118.82 - - [23/Jan/2022:10:51:58 +0100] "GET /-p-32686.html HTTP/1.0" 200 70718 "-" "Mozilla/5.0 (compatible; MJ12bot/v1.4.8; http://mj12bot.com/)"
144.76.186.38 - - [23/Jan/2022:10:52:00 +0100] "GET /stones-rock-crystal-50-60-grams-p-46606.html HTTP/1.0" 301 74850 "-" "Mozilla/5.0 (compatible; MJ12bot/v1.4.8; http://mj12bot.com/)"
144.76.118.82 - - [23/Jan/2022:10:52:09 +0100] "GET /spiderman-poster-p-27247.html HTTP/1.0" 200 70801 "-" "Mozilla/5.0 (compatible; MJ12bot/v1.4.8; http://mj12bot.com/)"
144.76.186.38 - - [23/Jan/2022:10:52:09 +0100] "GET /stones-rock-crystal-grams-p-46606.html HTTP/1.0" 200 74758 "-" "Mozilla/5.0 (compatible; MJ12bot/v1.4.8; http://mj12bot.com/)"
144.76.118.82 - - [23/Jan/2022:10:52:15 +0100] "GET /spiderman-red-sweater-p-31339.html HTTP/1.0" 301 70890 "-" "Mozilla/5.0 (compatible; MJ12bot/v1.4.8; http://mj12bot.com/)"
185.191.171.35 - - [23/Jan/2022:10:52:17 +0100] "GET /horse-backpack-p-23430.html HTTP/1.0" 200 73353 "-" "Mozilla/5.0 (compatible; SemrushBot/7~bl; +http://www.semrush.com/bot.html)"
144.76.186.38 - - [23/Jan/2022:10:52:18 +0100] "GET /stones-rock-crystal-grams-p-46606.html HTTP/1.0" 200 74758 "-" "Mozilla/5.0 (compatible; MJ12bot/v1.4.8; http://mj12bot.com/)"
144.76.118.82 - - [23/Jan/2022:10:52:22 +0100] "GET /spiderman-sweater-p-31339.html HTTP/1.0" 200 70806 "-" "Mozilla/5.0 (compatible; MJ12bot/v1.4.8; http://mj12bot.com/)"
144.76.186.38 - - [23/Jan/2022:10:52:25 +0100] "GET /stones-rock-crystal-grams-p-46610.html HTTP/1.0" 200 74769 "-" "Mozilla/5.0 (compatible; MJ12bot/v1.4.8; http://mj12bot.com/)"
144.76.118.82 - - [23/Jan/2022:10:52:29 +0100] "GET /spiderman-shirt-p-29493.html HTTP/1.0" 301 70785 "-" "Mozilla/5.0 (compatible; MJ12bot/v1.4.8; http://mj12bot.com/)"
144.76.118.82 - - [23/Jan/2022:10:52:32 +0100] "GET /-p-29493.html HTTP/1.0" 200 70718 "-" "Mozilla/5.0 (compatible; MJ12bot/v1.4.8; http://mj12bot.com/)"
144.76.186.38 - - [23/Jan/2022:10:52:34 +0100] "GET /stoneware-lamp-p-54168.html HTTP/1.0" 200 70776 "-" "Mozilla/5.0 (compatible; MJ12bot/v1.4.8; http://mj12bot.com/)"
144.76.118.82 - - [23/Jan/2022:10:52:39 +0100] "GET /spiderman-shirt-p-29494.html HTTP/1.0" 301 70785 "-" "Mozilla/5.0 (compatible; MJ12bot/v1.4.8; http://mj12bot.com/)"
144.76.186.38 - - [23/Jan/2022:10:52:43 +0100] "GET /story-blue-swimsuit-p-30827.html HTTP/1.0" 200 70816 "-" "Mozilla/5.0 (compatible; MJ12bot/v1.4.8; http://mj12bot.com/)"
144.76.118.82 - - [23/Jan/2022:10:52:46 +0100] "GET /-p-29494.html HTTP/1.0" 200 70718 "-" "Mozilla/5.0 (compatible; MJ12bot/v1.4.8; http://mj12bot.com/)"
144.76.186.38 - - [23/Jan/2022:10:52:50 +0100] "GET /story-mazagran-p-6607.html HTTP/1.0" 200 70789 "-" "Mozilla/5.0 (compatible; MJ12bot/v1.4.8; http://mj12bot.com/)"
144.76.118.82 - - [23/Jan/2022:10:52:54 +0100] "GET /spiderman-small-silicone-mold-model-p-28242.html HTTP/1.0" 200 70902 "-" "Mozilla/5.0 (compatible; MJ12bot/v1.4.8; http://mj12bot.com/)"
144.76.118.82 - - [23/Jan/2022:10:52:58 +0100] "GET /spiderman-small-silicone-mold-red-model-p-28242.html HTTP/1.0" 301 71004 "-" "Mozilla/5.0 (compatible; MJ12bot/v1.4.8; http://mj12bot.com/)"
144.76.186.38 - - [23/Jan/2022:10:53:03 +0100] "GET /story-towel-p-5745.html HTTP/1.0" 301 70782 "-" "Mozilla/5.0 (compatible; MJ12bot/v1.4.8; http://mj12bot.com/)"
144.76.118.82 - - [23/Jan/2022:10:53:03 +0100] "GET /spiderman-small-silicone-mold-model-p-28242.html HTTP/1.0" 200 70902 "-" "Mozilla/5.0 (compatible; MJ12bot/v1.4.8; http://mj12bot.com/)"
185.191.171.44 - - [23/Jan/2022:10:53:05 +0100] "GET /patinated-blue-metal-cover-p-56465.html HTTP/1.0" 200 74023 "-" "Mozilla/5.0 (compatible; SemrushBot/7~bl; +http://www.semrush.com/bot.html)"
185.220.101.180 - - [23/Jan/2022:10:53:09 +0100] "GET /contact_us.php HTTP/1.0" 200 26238 "http://www.wonder-geek.com/contact_us.php" "Mozilla/5.0 (Windows NT 6.1; ) AppleWebKit/537.36 (KHTML, like Gecko) Chrome/90.0.4430.72 Safari/537.36"
144.76.186.38 - - [23/Jan/2022:10:53:10 +0100] "GET /-p-5745.html HTTP/1.0" 200 70716 "-" "Mozilla/5.0 (compatible; MJ12bot/v1.4.8; http://mj12bot.com/)"
185.220.101.180 - - [23/Jan/2022:10:53:11 +0100] "POST /contact_us.php?action=send HTTP/1.0" 200 26670 "http://www.wonder-geek.com/contact_us.php" "Mozilla/5.0 (Windows NT 6.1; ) AppleWebKit/537.36 (KHTML, like Gecko) Chrome/90.0.4430.72 Safari/537.36"
144.76.118.82 - - [23/Jan/2022:10:53:13 +0100] "GET /spiderman-sticker-deco-toilet-seats-p-19715.html HTTP/1.0" 301 70785 "-" "Mozilla/5.0 (compatible; MJ12bot/v1.4.8; http://mj12bot.com/)"
144.76.186.38 - - [23/Jan/2022:10:53:20 +0100] "GET /storybook-alice-in-wonderland-tea-party-figure-collection-p-50674.html HTTP/1.0" 301 71003 "-" "Mozilla/5.0 (compatible; MJ12bot/v1.4.8; http://mj12bot.com/)"
144.76.118.82 - - [23/Jan/2022:10:53:20 +0100] "GET /-p-19715.html HTTP/1.0" 200 70718 "-" "Mozilla/5.0 (compatible; MJ12bot/v1.4.8; http://mj12bot.com/)"
144.76.118.82 - - [23/Jan/2022:10:53:27 +0100] "GET /spiderman-straws-box-p-16546.html HTTP/1.0" 301 73615 "-" "Mozilla/5.0 (compatible; MJ12bot/v1.4.8; http://mj12bot.com/)"
144.76.186.38 - - [23/Jan/2022:10:53:28 +0100] "GET /storybook-alice-wonderland-party-figure-collection-p-50674.html HTTP/1.0" 200 70886 "-" "Mozilla/5.0 (compatible; MJ12bot/v1.4.8; http://mj12bot.com/)"
144.76.118.82 - - [23/Jan/2022:10:53:37 +0100] "GET /spiderman-straws-p-16546.html HTTP/1.0" 200 73532 "-" "Mozilla/5.0 (compatible; MJ12bot/v1.4.8; http://mj12bot.com/)"
185.191.171.35 - - [23/Jan/2022:10:53:40 +0100] "GET /little-mariners-espresso-p-48601.html?action=add_product HTTP/1.0" 302 476 "-" "Mozilla/5.0 (compatible; SemrushBot/7~bl; +http://www.semrush.com/bot.html)"
144.76.186.38 - - [23/Jan/2022:10:53:41 +0100] "GET /storybook-alice-wonderland-party-figure-collection-p-50674.html HTTP/1.0" 200 70886 "-" "Mozilla/5.0 (compatible; MJ12bot/v1.4.8; http://mj12bot.com/)"
66.249.66.199 - - [23/Jan/2022:10:53:43 +0100] "GET /decorations/tin-and-metal-signs/coca-cola-pinup-beach-rectangular-metal-plate-p-12377.html HTTP/1.0" 301 71031 "-" "Mozilla/5.0 (compatible; Googlebot/2.1; +http://www.google.com/bot.html)"
144.76.118.82 - - [23/Jan/2022:10:53:44 +0100] "GET /spiderman-straws-p-16546.html HTTP/1.0" 200 73532 "-" "Mozilla/5.0 (compatible; MJ12bot/v1.4.8; http://mj12bot.com/)"
66.249.66.205 - - [23/Jan/2022:10:53:45 +0100] "GET /coca-cola-beach-rectangular-metal-plate-p-12377.html HTTP/1.0" 200 70925 "-" "Mozilla/5.0 (compatible; Googlebot/2.1; +http://www.google.com/bot.html)"
144.76.186.38 - - [23/Jan/2022:10:53:49 +0100] "GET /straw-basket-20-33-cm-p-40137.html HTTP/1.0" 301 70857 "-" "Mozilla/5.0 (compatible; MJ12bot/v1.4.8; http://mj12bot.com/)"
54.36.148.243 - - [23/Jan/2022:10:53:52 +0100] "GET /cotton-bath-p-55254.html HTTP/1.0" 200 74257 "-" "Mozilla/5.0 (compatible; AhrefsBot/7.0; +http://ahrefs.com/robot/)"
144.76.118.82 - - [23/Jan/2022:10:53:53 +0100] "GET /spiderman-sweater-p-31339.html HTTP/1.0" 200 70806 "-" "Mozilla/5.0 (compatible; MJ12bot/v1.4.8; http://mj12bot.com/)"
144.76.118.82 - - [23/Jan/2022:10:53:56 +0100] "GET /spiderman-swimming-ring-p-30006.html HTTP/1.0" 301 70785 "-" "Mozilla/5.0 (compatible; MJ12bot/v1.4.8; http://mj12bot.com/)"
144.76.186.38 - - [23/Jan/2022:10:53:57 +0100] "GET /straw-basket-p-40137.html HTTP/1.0" 200 70778 "-" "Mozilla/5.0 (compatible; MJ12bot/v1.4.8; http://mj12bot.com/)"
144.76.118.82 - - [23/Jan/2022:10:54:03 +0100] "GET /-p-30006.html HTTP/1.0" 200 70718 "-" "Mozilla/5.0 (compatible; MJ12bot/v1.4.8; http://mj12bot.com/)"
144.76.186.38 - - [23/Jan/2022:10:54:05 +0100] "GET /straw-basket-p-40137.html HTTP/1.0" 200 70778 "-" "Mozilla/5.0 (compatible; MJ12bot/v1.4.8; http://mj12bot.com/)"
144.76.118.82 - - [23/Jan/2022:10:54:08 +0100] "GET /spirituels-or-spiritueux-steel-sign-30-20-cm-p-47540.html HTTP/1.0" 301 70977 "-" "Mozilla/5.0 (compatible; MJ12bot/v1.4.8; http://mj12bot.com/)"
144.76.186.38 - - [23/Jan/2022:10:54:12 +0100] "GET /strawberry-shortcake-acrylic-glasses-p-10212.html HTTP/1.0" 200 70841 "-" "Mozilla/5.0 (compatible; MJ12bot/v1.4.8; http://mj12bot.com/)"
144.76.118.82 - - [23/Jan/2022:10:54:13 +0100] "GET /spirituels-spiritueux-steel-sign-p-47540.html HTTP/1.0" 200 70878 "-" "Mozilla/5.0 (compatible; MJ12bot/v1.4.8; http://mj12bot.com/)"
144.76.118.82 - - [23/Jan/2022:10:54:22 +0100] "GET /spirituels-spiritueux-steel-sign-p-47540.html HTTP/1.0" 200 70878 "-" "Mozilla/5.0 (compatible; MJ12bot/v1.4.8; http://mj12bot.com/)"
144.76.186.38 - - [23/Jan/2022:10:54:23 +0100] "GET /strawberry-shortcake-bedclothes-140-200-cm-p-12620.html HTTP/1.0" 301 70785 "-" "Mozilla/5.0 (compatible; MJ12bot/v1.4.8; http://mj12bot.com/)"
144.76.118.82 - - [23/Jan/2022:10:54:27 +0100] "GET /sponge-bob-melamine-dinner-box-p-17170.html HTTP/1.0" 301 70932 "-" "Mozilla/5.0 (compatible; MJ12bot/v1.4.8; http://mj12bot.com/)"
144.76.186.38 - - [23/Jan/2022:10:54:31 +0100] "GET /-p-12620.html HTTP/1.0" 200 70718 "-" "Mozilla/5.0 (compatible; MJ12bot/v1.4.8; http://mj12bot.com/)"
144.76.118.82 - - [23/Jan/2022:10:54:33 +0100] "GET /sponge-melamine-dinner-p-17170.html HTTP/1.0" 200 70843 "-" "Mozilla/5.0 (compatible; MJ12bot/v1.4.8; http://mj12bot.com/)"
144.76.118.82 - - [23/Jan/2022:10:54:37 +0100] "GET /sponge-melamine-dinner-p-17170.html HTTP/1.0" 200 70843 "-" "Mozilla/5.0 (compatible; MJ12bot/v1.4.8; http://mj12bot.com/)"
144.76.186.38 - - [23/Jan/2022:10:54:40 +0100] "GET /strawberry-shortcake-blue-wallet-p-24277.html HTTP/1.0" 301 70785 "-" "Mozilla/5.0 (compatible; MJ12bot/v1.4.8; http://mj12bot.com/)"
114.119.128.26 - - [23/Jan/2022:10:54:40 +0100] "GET /piggy-bank-with-small-hammer-20-years-p-38522.html HTTP/1.0" 301 70785 "-" "Mozilla/5.0 (Linux; Android 7.0;) AppleWebKit/537.36 (KHTML, like Gecko) Mobile Safari/537.36 (compatible; PetalBot;+https://webmaster.petalsearch.com/site/petalbot)"
144.76.118.82 - - [23/Jan/2022:10:54:44 +0100] "GET /spongebob-clock-p-12220.html HTTP/1.0" 200 70782 "-" "Mozilla/5.0 (compatible; MJ12bot/v1.4.8; http://mj12bot.com/)"
114.119.128.26 - - [23/Jan/2022:10:54:45 +0100] "GET /-p-38522.html HTTP/1.0" 200 70718 "-" "Mozilla/5.0 (Linux; Android 7.0;) AppleWebKit/537.36 (KHTML, like Gecko) Mobile Safari/537.36 (compatible; PetalBot;+https://webmaster.petalsearch.com/site/petalbot)"
144.76.186.38 - - [23/Jan/2022:10:54:45 +0100] "GET /-p-24277.html HTTP/1.0" 200 70718 "-" "Mozilla/5.0 (compatible; MJ12bot/v1.4.8; http://mj12bot.com/)"
144.76.118.82 - - [23/Jan/2022:10:54:50 +0100] "GET /spongebob-glass-marbles-p-4967.html HTTP/1.0" 200 70822 "-" "Mozilla/5.0 (compatible; MJ12bot/v1.4.8; http://mj12bot.com/)"
144.76.186.38 - - [23/Jan/2022:10:54:53 +0100] "GET /strawberry-shortcake-cap-and-scarf-set-years-p-22135.html HTTP/1.0" 301 73775 "-" "Mozilla/5.0 (compatible; MJ12bot/v1.4.8; http://mj12bot.com/)"
165.154.61.24 - - [23/Jan/2022:10:54:57 +0100] "GET /contact_us.php HTTP/1.0" 200 26238 "http://www.wonder-geek.com/contact_us.php" "Mozilla/5.0 (Windows NT 10.0; Win64; x64) AppleWebKit/537.36 (KHTML, like Gecko) Chrome/83.0.4093.3 Safari/537.36"
144.76.118.82 - - [23/Jan/2022:10:54:57 +0100] "GET /spongebob-metal-money-box-p-8592.html HTTP/1.0" 301 73428 "-" "Mozilla/5.0 (compatible; MJ12bot/v1.4.8; http://mj12bot.com/)"
144.76.186.38 - - [23/Jan/2022:10:55:03 +0100] "GET /strawberry-shortcake-scarf-years-p-22135.html HTTP/1.0" 200 73676 "-" "Mozilla/5.0 (compatible; MJ12bot/v1.4.8; http://mj12bot.com/)"
144.76.118.82 - - [23/Jan/2022:10:55:04 +0100] "GET /spongebob-metal-money-p-8592.html HTTP/1.0" 200 73341 "-" "Mozilla/5.0 (compatible; MJ12bot/v1.4.8; http://mj12bot.com/)"
144.76.118.82 - - [23/Jan/2022:10:55:10 +0100] "GET /spongebob-metal-money-p-8592.html HTTP/1.0" 200 73341 "-" "Mozilla/5.0 (compatible; MJ12bot/v1.4.8; http://mj12bot.com/)"
144.76.186.38 - - [23/Jan/2022:10:55:13 +0100] "GET /strawberry-shortcake-capri-pants-p-30233.html HTTP/1.0" 301 70785 "-" "Mozilla/5.0 (compatible; MJ12bot/v1.4.8; http://mj12bot.com/)"
144.76.186.38 - - [23/Jan/2022:10:55:20 +0100] "GET /-p-30233.html HTTP/1.0" 200 70718 "-" "Mozilla/5.0 (compatible; MJ12bot/v1.4.8; http://mj12bot.com/)"
144.76.118.82 - - [23/Jan/2022:10:55:21 +0100] "GET /spongebob-names-shirt-p-29557.html HTTP/1.0" 200 74759 "-" "Mozilla/5.0 (compatible; MJ12bot/v1.4.8; http://mj12bot.com/)"
144.76.186.38 - - [23/Jan/2022:10:55:28 +0100] "GET /strawberry-shortcake-curtain-p-3251.html HTTP/1.0" 200 70818 "-" "Mozilla/5.0 (compatible; MJ12bot/v1.4.8; http://mj12bot.com/)"
144.76.118.82 - - [23/Jan/2022:10:55:28 +0100] "GET /spongebob-punk-dead-wall-clock-p-13457.html HTTP/1.0" 200 73494 "-" "Mozilla/5.0 (compatible; MJ12bot/v1.4.8; http://mj12bot.com/)"
144.76.186.38 - - [23/Jan/2022:10:55:34 +0100] "GET /strawberry-shortcake-hat-36-years-p-22120.html HTTP/1.0" 301 73650 "-" "Mozilla/5.0 (compatible; MJ12bot/v1.4.8; http://mj12bot.com/)"
144.76.118.82 - - [23/Jan/2022:10:55:37 +0100] "GET /spongebob-small-oval-placemat-p-17139.html HTTP/1.0" 200 73618 "-" "Mozilla/5.0 (compatible; MJ12bot/v1.4.8; http://mj12bot.com/)"
144.76.186.38 - - [23/Jan/2022:10:55:41 +0100] "GET /strawberry-shortcake-years-p-22120.html HTTP/1.0" 200 73557 "-" "Mozilla/5.0 (compatible; MJ12bot/v1.4.8; http://mj12bot.com/)"
144.76.118.82 - - [23/Jan/2022:10:55:43 +0100] "GET /sport-bag-gorjuss-sugar-and-spice-p-40523.html HTTP/1.0" 301 70950 "-" "Mozilla/5.0 (compatible; MJ12bot/v1.4.8; http://mj12bot.com/)"
144.76.186.38 - - [23/Jan/2022:10:55:48 +0100] "GET /strawberry-shortcake-hat-and-scarf-p-22133.html HTTP/1.0" 301 73645 "-" "Mozilla/5.0 (compatible; MJ12bot/v1.4.8; http://mj12bot.com/)"
144.76.118.82 - - [23/Jan/2022:10:55:50 +0100] "GET /sport-gorjuss-sugar-spice-p-40523.html HTTP/1.0" 200 70858 "-" "Mozilla/5.0 (compatible; MJ12bot/v1.4.8; http://mj12bot.com/)"
185.191.171.19 - - [23/Jan/2022:10:55:53 +0100] "GET /-p-16002.html?action=add_product HTTP/1.0" 302 476 "-" "Mozilla/5.0 (compatible; SemrushBot/7~bl; +http://www.semrush.com/bot.html)"
144.76.186.38 - - [23/Jan/2022:10:55:56 +0100] "GET /strawberry-shortcake-scarf-p-22133.html HTTP/1.0" 200 73552 "-" "Mozilla/5.0 (compatible; MJ12bot/v1.4.8; http://mj12bot.com/)"
144.76.118.82 - - [23/Jan/2022:10:55:58 +0100] "GET /sport-bag-gorjuss-you-brought-me-love-p-41176.html HTTP/1.0" 301 70965 "-" "Mozilla/5.0 (compatible; MJ12bot/v1.4.8; http://mj12bot.com/)"
54.36.148.243 - - [23/Jan/2022:10:56:03 +0100] "GET /bowl-kissing-berry-inside-made-germany-p-48478.html HTTP/1.0" 200 74592 "-" "Mozilla/5.0 (compatible; AhrefsBot/7.0; +http://ahrefs.com/robot/)"
144.76.118.82 - - [23/Jan/2022:10:56:06 +0100] "GET /sport-gorjuss-brought-love-p-41176.html HTTP/1.0" 200 70872 "-" "Mozilla/5.0 (compatible; MJ12bot/v1.4.8; http://mj12bot.com/)"
144.76.186.38 - - [23/Jan/2022:10:56:06 +0100] "GET /superman-barbecue-set-p-16256.html HTTP/1.0" 301 70785 "-" "Mozilla/5.0 (compatible; MJ12bot/v1.4.8; http://mj12bot.com/)"
144.76.118.82 - - [23/Jan/2022:10:56:11 +0100] "GET /sport-gorjuss-brought-love-p-41176.html HTTP/1.0" 200 70872 "-" "Mozilla/5.0 (compatible; MJ12bot/v1.4.8; http://mj12bot.com/)"
144.76.186.38 - - [23/Jan/2022:10:56:14 +0100] "GET /-p-16256.html HTTP/1.0" 200 70718 "-" "Mozilla/5.0 (compatible; MJ12bot/v1.4.8; http://mj12bot.com/)"
144.76.118.82 - - [23/Jan/2022:10:56:18 +0100] "GET /sport-gorjuss-sugar-spice-p-40523.html HTTP/1.0" 200 70858 "-" "Mozilla/5.0 (compatible; MJ12bot/v1.4.8; http://mj12bot.com/)"
144.76.186.38 - - [23/Jan/2022:10:56:24 +0100] "GET /superman-boxer-p-32957.html HTTP/1.0" 301 70785 "-" "Mozilla/5.0 (compatible; MJ12bot/v1.4.8; http://mj12bot.com/)"
144.76.118.82 - - [23/Jan/2022:10:56:25 +0100] "GET /squirrel-money-bank-p-37282.html HTTP/1.0" 301 70785 "-" "Mozilla/5.0 (compatible; MJ12bot/v1.4.8; http://mj12bot.com/)"
144.76.186.38 - - [23/Jan/2022:10:56:31 +0100] "GET /-p-32957.html HTTP/1.0" 200 70718 "-" "Mozilla/5.0 (compatible; MJ12bot/v1.4.8; http://mj12bot.com/)"
144.76.118.82 - - [23/Jan/2022:10:56:32 +0100] "GET /-p-37282.html HTTP/1.0" 200 70718 "-" "Mozilla/5.0 (compatible; MJ12bot/v1.4.8; http://mj12bot.com/)"
165.154.61.24 - - [23/Jan/2022:10:56:35 +0100] "GET /contact_us.php HTTP/1.0" 200 26238 "http://www.wonder-geek.com/contact_us.php" "Mozilla/5.0 (Windows NT 10.0; Win64; x64) AppleWebKit/537.36 (KHTML, like Gecko) Chrome/83.0.4093.3 Safari/537.36"
144.76.186.38 - - [23/Jan/2022:10:56:39 +0100] "GET /superman-gray-cap-scarf-set-size-years-p-23958.html HTTP/1.0" 301 70785 "-" "Mozilla/5.0 (compatible; MJ12bot/v1.4.8; http://mj12bot.com/)"
144.76.118.82 - - [23/Jan/2022:10:56:42 +0100] "GET /squirrel-mug-p-45191.html HTTP/1.0" 301 73380 "-" "Mozilla/5.0 (compatible; MJ12bot/v1.4.8; http://mj12bot.com/)"
144.76.186.38 - - [23/Jan/2022:10:56:45 +0100] "GET /-p-23958.html HTTP/1.0" 200 70718 "-" "Mozilla/5.0 (compatible; MJ12bot/v1.4.8; http://mj12bot.com/)"
51.68.224.127 - - [23/Jan/2022:10:56:47 +0100] "GET /adminweb/export_orders_xml.php?token=256de2z6edz6ed2z6DFSFsed2zed6zeDSFDSGdzedezfzf&maxorders=10&orderstart=1&status=14&start_date=2018-10-01 HTTP/1.0" 200 285 "-" "GesCom CharlotteBoutik Serveur"
144.76.118.82 - - [23/Jan/2022:10:56:46 +0100] "GET /squirrel-p-45191.html HTTP/1.0" 200 73305 "-" "Mozilla/5.0 (compatible; MJ12bot/v1.4.8; http://mj12bot.com/)"
51.68.224.127 - - [23/Jan/2022:10:56:48 +0100] "GET /adminweb/export_orders_xml.php?token=256de2z6edz6ed2z6DFSFsed2zed6zeDSFDSGdzedezfzf&maxorders=10&orderstart=1&status=6&start_date=2018-10-01 HTTP/1.0" 200 32795 "-" "GesCom CharlotteBoutik Serveur"
144.76.186.38 - - [23/Jan/2022:10:56:53 +0100] "GET /superman-poncho-towel-p-23087.html HTTP/1.0" 301 70785 "-" "Mozilla/5.0 (compatible; MJ12bot/v1.4.8; http://mj12bot.com/)"
144.76.118.82 - - [23/Jan/2022:10:56:54 +0100] "GET /squirrel-mug-p-45195.html HTTP/1.0" 301 73328 "-" "Mozilla/5.0 (compatible; MJ12bot/v1.4.8; http://mj12bot.com/)"
144.76.118.82 - - [23/Jan/2022:10:57:00 +0100] "GET /squirrel-p-45195.html HTTP/1.0" 200 73253 "-" "Mozilla/5.0 (compatible; MJ12bot/v1.4.8; http://mj12bot.com/)"
144.76.186.38 - - [23/Jan/2022:10:57:03 +0100] "GET /-p-23087.html HTTP/1.0" 200 70718 "-" "Mozilla/5.0 (compatible; MJ12bot/v1.4.8; http://mj12bot.com/)"
144.76.186.38 - - [23/Jan/2022:10:57:12 +0100] "GET /superman-set-of-briefs-size-years-p-23714.html HTTP/1.0" 301 70785 "-" "Mozilla/5.0 (compatible; MJ12bot/v1.4.8; http://mj12bot.com/)"
144.76.186.38 - - [23/Jan/2022:10:57:21 +0100] "GET /-p-23714.html HTTP/1.0" 200 70718 "-" "Mozilla/5.0 (compatible; MJ12bot/v1.4.8; http://mj12bot.com/)"
144.76.186.38 - - [23/Jan/2022:10:57:32 +0100] "GET /swag-eyelets-curtain-p-31460.html HTTP/1.0" 301 70785 "-" "Mozilla/5.0 (compatible; MJ12bot/v1.4.8; http://mj12bot.com/)"
159.138.102.98 - - [23/Jan/2022:10:57:33 +0100] "GET /cats-by-dubout-figurine-mum-and-her-babies-p-33339.html HTTP/1.0" 301 74649 "-" "Mozilla/5.0 (Linux; Android 7.0;) AppleWebKit/537.36 (KHTML, like Gecko) Mobile Safari/537.36 (compatible; PetalBot;+https://webmaster.petalsearch.com/site/petalbot)"
159.138.102.98 - - [23/Jan/2022:10:57:37 +0100] "GET /cats-dubout-figurine-babies-p-33339.html HTTP/1.0" 200 74555 "-" "Mozilla/5.0 (Linux; Android 7.0;) AppleWebKit/537.36 (KHTML, like Gecko) Mobile Safari/537.36 (compatible; PetalBot;+https://webmaster.petalsearch.com/site/petalbot)"
144.76.186.38 - - [23/Jan/2022:10:57:40 +0100] "GET /-p-31460.html HTTP/1.0" 200 70718 "-" "Mozilla/5.0 (compatible; MJ12bot/v1.4.8; http://mj12bot.com/)"
144.76.186.38 - - [23/Jan/2022:10:57:47 +0100] "GET /sweet-black-women-shirt-p-30993.html HTTP/1.0" 200 75340 "-" "Mozilla/5.0 (compatible; MJ12bot/v1.4.8; http://mj12bot.com/)"
144.76.186.38 - - [23/Jan/2022:10:57:57 +0100] "GET /sweet-black-women-shirt-p-30994.html HTTP/1.0" 200 75348 "-" "Mozilla/5.0 (compatible; MJ12bot/v1.4.8; http://mj12bot.com/)"
185.191.171.11 - - [23/Jan/2022:10:58:02 +0100] "GET /porcelain-monkey-lamp-p-52285.html HTTP/1.0" 200 70808 "-" "Mozilla/5.0 (compatible; SemrushBot/7~bl; +http://www.semrush.com/bot.html)"
144.76.186.38 - - [23/Jan/2022:10:58:05 +0100] "GET /sweet-white-women-shirt-p-30995.html HTTP/1.0" 200 75381 "-" "Mozilla/5.0 (compatible; MJ12bot/v1.4.8; http://mj12bot.com/)"
185.191.171.5 - - [23/Jan/2022:10:58:06 +0100] "GET /aujourd-hui-est-ton-jour-card-p-20049.html HTTP/1.0" 301 73568 "-" "Mozilla/5.0 (compatible; SemrushBot/7~bl; +http://www.semrush.com/bot.html)"
185.191.171.40 - - [23/Jan/2022:10:58:11 +0100] "GET /aujourd-jour-card-p-20049.html HTTP/1.0" 200 73484 "-" "Mozilla/5.0 (compatible; SemrushBot/7~bl; +http://www.semrush.com/bot.html)"
144.76.186.38 - - [23/Jan/2022:10:58:13 +0100] "GET /sylvester-blue-suitcase-p-34792.html HTTP/1.0" 200 70842 "-" "Mozilla/5.0 (compatible; MJ12bot/v1.4.8; http://mj12bot.com/)"
144.76.186.38 - - [23/Jan/2022:10:58:22 +0100] "GET /table-of-activity-barbabeau-p-17568.html HTTP/1.0" 301 70785 "-" "Mozilla/5.0 (compatible; MJ12bot/v1.4.8; http://mj12bot.com/)"
144.76.186.38 - - [23/Jan/2022:10:58:29 +0100] "GET /-p-17568.html HTTP/1.0" 200 70718 "-" "Mozilla/5.0 (compatible; MJ12bot/v1.4.8; http://mj12bot.com/)"
54.36.148.243 - - [23/Jan/2022:10:58:33 +0100] "GET /green-gold-lampshade-p-56784.html HTTP/1.0" 200 74005 "-" "Mozilla/5.0 (compatible; AhrefsBot/7.0; +http://ahrefs.com/robot/)"
17.121.112.145 - - [23/Jan/2022:10:58:34 +0100] "GET /gormiti-swimming-armband-p-9112.html HTTP/1.0" 200 73245 "-" "Mozilla/5.0 (Macintosh; Intel Mac OS X 10_15_5) AppleWebKit/605.1.15 (KHTML, like Gecko) Version/13.1.1 Safari/605.1.15 (Applebot/0.1; +http://www.apple.com/go/applebot)"
144.76.186.38 - - [23/Jan/2022:10:58:34 +0100] "GET /tablecloth-azulejos-treated-anti-stain-blue-150-250-cm-p-48520.html HTTP/1.0" 301 70785 "-" "Mozilla/5.0 (compatible; MJ12bot/v1.4.8; http://mj12bot.com/)"
144.76.186.38 - - [23/Jan/2022:10:58:42 +0100] "GET /-p-48520.html HTTP/1.0" 200 70718 "-" "Mozilla/5.0 (compatible; MJ12bot/v1.4.8; http://mj12bot.com/)"
144.76.186.38 - - [23/Jan/2022:10:58:49 +0100] "GET /tablecloth-azulejos-treated-anti-stain-blue-p-48520.html HTTP/1.0" 301 70785 "-" "Mozilla/5.0 (compatible; MJ12bot/v1.4.8; http://mj12bot.com/)"
144.76.186.38 - - [23/Jan/2022:10:58:55 +0100] "GET /-p-48520.html HTTP/1.0" 200 70718 "-" "Mozilla/5.0 (compatible; MJ12bot/v1.4.8; http://mj12bot.com/)"
144.76.186.38 - - [23/Jan/2022:10:59:04 +0100] "GET /tablecloth-azulejos-treated-anti-stain-orange-150-250-cm-p-48521.html HTTP/1.0" 301 70785 "-" "Mozilla/5.0 (compatible; MJ12bot/v1.4.8; http://mj12bot.com/)"
144.76.186.38 - - [23/Jan/2022:10:59:08 +0100] "GET /-p-48521.html HTTP/1.0" 200 70718 "-" "Mozilla/5.0 (compatible; MJ12bot/v1.4.8; http://mj12bot.com/)"
144.76.186.38 - - [23/Jan/2022:10:59:17 +0100] "GET /tablecloth-azulejos-treated-anti-stain-orange-p-48521.html HTTP/1.0" 301 70785 "-" "Mozilla/5.0 (compatible; MJ12bot/v1.4.8; http://mj12bot.com/)"
144.76.186.38 - - [23/Jan/2022:10:59:24 +0100] "GET /-p-48521.html HTTP/1.0" 200 70718 "-" "Mozilla/5.0 (compatible; MJ12bot/v1.4.8; http://mj12bot.com/)"
144.76.186.38 - - [23/Jan/2022:10:59:30 +0100] "GET /taipei-bedclothes-220-240-cm-p-51522.html HTTP/1.0" 301 73559 "-" "Mozilla/5.0 (compatible; MJ12bot/v1.4.8; http://mj12bot.com/)"
144.76.186.38 - - [23/Jan/2022:10:59:37 +0100] "GET /taipei-bedclothes-p-51522.html HTTP/1.0" 200 73475 "-" "Mozilla/5.0 (compatible; MJ12bot/v1.4.8; http://mj12bot.com/)"
144.76.186.38 - - [23/Jan/2022:10:59:45 +0100] "GET /take-the-cake-bag-chatchat-p-39855.html HTTP/1.0" 301 70785 "-" "Mozilla/5.0 (compatible; MJ12bot/v1.4.8; http://mj12bot.com/)"
144.76.186.38 - - [23/Jan/2022:10:59:50 +0100] "GET /-p-39855.html HTTP/1.0" 200 70718 "-" "Mozilla/5.0 (compatible; MJ12bot/v1.4.8; http://mj12bot.com/)"
144.76.186.38 - - [23/Jan/2022:10:59:57 +0100] "GET /tangled-disney-3d-card-with-envelope-p-34447.html HTTP/1.0" 301 73558 "-" "Mozilla/5.0 (compatible; MJ12bot/v1.4.8; http://mj12bot.com/)"
144.76.186.38 - - [23/Jan/2022:11:00:04 +0100] "GET /tangled-disney-card-with-envelope-p-34447.html HTTP/1.0" 200 73458 "-" "Mozilla/5.0 (compatible; MJ12bot/v1.4.8; http://mj12bot.com/)"
114.119.128.37 - - [23/Jan/2022:11:00:11 +0100] "GET /rolling-stones-zippo-lighter-p-49071.html HTTP/1.0" 301 70785 "-" "Mozilla/5.0 (Linux; Android 7.0;) AppleWebKit/537.36 (KHTML, like Gecko) Mobile Safari/537.36 (compatible; PetalBot;+https://webmaster.petalsearch.com/site/petalbot)"
144.76.186.38 - - [23/Jan/2022:11:00:14 +0100] "GET /tangled-disney-card-with-envelope-p-34447.html HTTP/1.0" 200 73458 "-" "Mozilla/5.0 (compatible; MJ12bot/v1.4.8; http://mj12bot.com/)"
114.119.128.37 - - [23/Jan/2022:11:00:14 +0100] "GET /-p-49071.html HTTP/1.0" 200 70718 "-" "Mozilla/5.0 (Linux; Android 7.0;) AppleWebKit/537.36 (KHTML, like Gecko) Mobile Safari/537.36 (compatible; PetalBot;+https://webmaster.petalsearch.com/site/petalbot)"
144.76.186.38 - - [23/Jan/2022:11:00:20 +0100] "GET /tann-kids-school-bag-coral-p-44875.html HTTP/1.0" 301 70885 "-" "Mozilla/5.0 (compatible; MJ12bot/v1.4.8; http://mj12bot.com/)"
144.76.186.38 - - [23/Jan/2022:11:00:24 +0100] "GET /tann-kids-school-coral-p-44875.html HTTP/1.0" 200 70796 "-" "Mozilla/5.0 (compatible; MJ12bot/v1.4.8; http://mj12bot.com/)"
144.76.186.38 - - [23/Jan/2022:11:00:31 +0100] "GET /tann-kids-school-bag-grey-and-blue-p-44898.html HTTP/1.0" 301 70785 "-" "Mozilla/5.0 (compatible; MJ12bot/v1.4.8; http://mj12bot.com/)"
144.76.186.38 - - [23/Jan/2022:11:00:38 +0100] "GET /-p-44898.html HTTP/1.0" 200 70718 "-" "Mozilla/5.0 (compatible; MJ12bot/v1.4.8; http://mj12bot.com/)"
144.76.186.38 - - [23/Jan/2022:11:00:45 +0100] "GET /tann-kids-school-bag-light-pink-p-44874.html HTTP/1.0" 301 70900 "-" "Mozilla/5.0 (compatible; MJ12bot/v1.4.8; http://mj12bot.com/)"
216.244.66.242 - - [23/Jan/2022:11:00:47 +0100] "GET /small-appliances-hifi-c-88.html HTTP/1.0" 301 90086 "-" "Mozilla/5.0 (compatible; DotBot/1.2; +https://opensiteexplorer.org/dotbot; help@moz.com)"
144.76.186.38 - - [23/Jan/2022:11:00:51 +0100] "GET /tann-kids-school-light-pink-p-44874.html HTTP/1.0" 200 70806 "-" "Mozilla/5.0 (compatible; MJ12bot/v1.4.8; http://mj12bot.com/)"
185.191.171.41 - - [23/Jan/2022:11:00:59 +0100] "GET /large-candle-hours-sweet-black-cherries-p-53882.html HTTP/1.0" 200 74712 "-" "Mozilla/5.0 (compatible; SemrushBot/7~bl; +http://www.semrush.com/bot.html)"
54.36.148.243 - - [23/Jan/2022:11:01:07 +0100] "GET /home-decoration-c-13.html?page=51 HTTP/1.0" 200 92594 "-" "Mozilla/5.0 (compatible; AhrefsBot/7.0; +http://ahrefs.com/robot/)"
185.191.171.23 - - [23/Jan/2022:11:02:09 +0100] "GET /small-ceramic-lamp-p-54851.html HTTP/1.0" 200 70800 "-" "Mozilla/5.0 (compatible; SemrushBot/7~bl; +http://www.semrush.com/bot.html)"
144.76.186.38 - - [23/Jan/2022:11:02:27 +0100] "GET /tann-kids-school-bag-navy-blue-p-44876.html HTTP/1.0" 301 70785 "-" "Mozilla/5.0 (compatible; MJ12bot/v1.4.8; http://mj12bot.com/)"
66.249.66.202 - - [23/Jan/2022:11:02:28 +0100] "GET /images/mini_prod/8719172834208.jpg HTTP/1.0" 200 269 "-" "Googlebot-Image/1.0"
144.76.186.38 - - [23/Jan/2022:11:02:30 +0100] "GET /-p-44876.html HTTP/1.0" 200 70718 "-" "Mozilla/5.0 (compatible; MJ12bot/v1.4.8; http://mj12bot.com/)"
144.76.186.38 - - [23/Jan/2022:11:02:33 +0100] "GET /tann-kids-school-bag-purple-p-44873.html HTTP/1.0" 301 74974 "-" "Mozilla/5.0 (compatible; MJ12bot/v1.4.8; http://mj12bot.com/)"
144.76.186.38 - - [23/Jan/2022:11:02:37 +0100] "GET /tann-kids-school-purple-p-44873.html HTTP/1.0" 200 74884 "-" "Mozilla/5.0 (compatible; MJ12bot/v1.4.8; http://mj12bot.com/)"
144.76.186.38 - - [23/Jan/2022:11:02:41 +0100] "GET /tann-kids-school-coral-p-44875.html HTTP/1.0" 200 70796 "-" "Mozilla/5.0 (compatible; MJ12bot/v1.4.8; http://mj12bot.com/)"
144.76.186.38 - - [23/Jan/2022:11:02:45 +0100] "GET /tann-kids-school-light-pink-p-44874.html HTTP/1.0" 200 70806 "-" "Mozilla/5.0 (compatible; MJ12bot/v1.4.8; http://mj12bot.com/)"
144.76.186.38 - - [23/Jan/2022:11:02:47 +0100] "GET /tann-kids-school-purple-p-44873.html HTTP/1.0" 200 74884 "-" "Mozilla/5.0 (compatible; MJ12bot/v1.4.8; http://mj12bot.com/)"
144.76.186.38 - - [23/Jan/2022:11:02:51 +0100] "GET /tarot-box-flower-of-life-engraved-p-39337.html HTTP/1.0" 301 74389 "-" "Mozilla/5.0 (compatible; MJ12bot/v1.4.8; http://mj12bot.com/)"
144.76.186.38 - - [23/Jan/2022:11:02:56 +0100] "GET /tarot-flower-life-engraved-p-39337.html HTTP/1.0" 200 74296 "-" "Mozilla/5.0 (compatible; MJ12bot/v1.4.8; http://mj12bot.com/)"
114.119.128.34 - - [23/Jan/2022:11:02:57 +0100] "GET /tinted-candle-mass-blue-color-p-48924.html HTTP/1.0" 200 73163 "-" "Mozilla/5.0 (Linux; Android 7.0;) AppleWebKit/537.36 (KHTML, like Gecko) Mobile Safari/537.36 (compatible; PetalBot;+https://webmaster.petalsearch.com/site/petalbot)"
66.249.66.199 - - [23/Jan/2022:11:03:00 +0100] "GET /dubout-cats-soap-p-40107.html HTTP/1.0" 200 73645 "-" "Mozilla/5.0 (Linux; Android 6.0.1; Nexus 5X Build/MMB29P) AppleWebKit/537.36 (KHTML, like Gecko) Chrome/97.0.4692.99 Mobile Safari/537.36 (compatible; Googlebot/2.1; +http://www.google.com/bot.html)"
144.76.186.38 - - [23/Jan/2022:11:02:59 +0100] "GET /tarot-box-flower-of-life-engraved-p-48482.html HTTP/1.0" 301 74602 "-" "Mozilla/5.0 (compatible; MJ12bot/v1.4.8; http://mj12bot.com/)"
185.191.171.39 - - [23/Jan/2022:11:03:01 +0100] "GET /salt-with-wooden-spoon-aderne-p-54500.html?action=add_product HTTP/1.0" 302 476 "-" "Mozilla/5.0 (compatible; SemrushBot/7~bl; +http://www.semrush.com/bot.html)"
144.76.186.38 - - [23/Jan/2022:11:03:03 +0100] "GET /tarot-flower-life-engraved-p-48482.html HTTP/1.0" 200 74509 "-" "Mozilla/5.0 (compatible; MJ12bot/v1.4.8; http://mj12bot.com/)"
144.76.186.38 - - [23/Jan/2022:11:03:09 +0100] "GET /tarot-box-mandala-copper-colour-p-47528.html HTTP/1.0" 301 74656 "-" "Mozilla/5.0 (compatible; MJ12bot/v1.4.8; http://mj12bot.com/)"
144.76.186.38 - - [23/Jan/2022:11:03:12 +0100] "GET /tarot-mandala-copper-colour-p-47528.html HTTP/1.0" 200 74562 "-" "Mozilla/5.0 (compatible; MJ12bot/v1.4.8; http://mj12bot.com/)"
144.76.186.38 - - [23/Jan/2022:11:03:18 +0100] "GET /tarot-copper-color-p-55341.html HTTP/1.0" 200 74270 "-" "Mozilla/5.0 (compatible; MJ12bot/v1.4.8; http://mj12bot.com/)"
144.76.186.38 - - [23/Jan/2022:11:03:21 +0100] "GET /tarot-flower-life-engraved-p-39337.html HTTP/1.0" 200 74296 "-" "Mozilla/5.0 (compatible; MJ12bot/v1.4.8; http://mj12bot.com/)"
185.191.171.37 - - [23/Jan/2022:11:03:24 +0100] "GET /white-gold-wood-p-55745.html?action=add_product HTTP/1.0" 302 476 "-" "Mozilla/5.0 (compatible; SemrushBot/7~bl; +http://www.semrush.com/bot.html)"
216.244.66.242 - - [23/Jan/2022:11:03:27 +0100] "GET /boho-canvas-frame-arrows-dreams-love-p-47307.html HTTP/1.0" 200 73541 "-" "Mozilla/5.0 (compatible; DotBot/1.2; +https://opensiteexplorer.org/dotbot; help@moz.com)"
144.76.186.38 - - [23/Jan/2022:11:03:28 +0100] "GET /tarot-flower-life-engraved-p-48482.html HTTP/1.0" 200 74509 "-" "Mozilla/5.0 (compatible; MJ12bot/v1.4.8; http://mj12bot.com/)"
144.76.186.38 - - [23/Jan/2022:11:03:33 +0100] "GET /tarot-mandala-copper-colour-p-47528.html HTTP/1.0" 200 74562 "-" "Mozilla/5.0 (compatible; MJ12bot/v1.4.8; http://mj12bot.com/)"
216.244.66.242 - - [23/Jan/2022:11:03:37 +0100] "GET /buddha-frame-with-metal-under-p-35499.html HTTP/1.0" 200 73570 "-" "Mozilla/5.0 (compatible; DotBot/1.2; +https://opensiteexplorer.org/dotbot; help@moz.com)"
144.76.186.38 - - [23/Jan/2022:11:03:39 +0100] "GET /tarte-au-maroilles-ceramic-pie-dish-p-39678.html HTTP/1.0" 301 70965 "-" "Mozilla/5.0 (compatible; MJ12bot/v1.4.8; http://mj12bot.com/)"
144.76.186.38 - - [23/Jan/2022:11:03:45 +0100] "GET /tarte-maroilles-ceramic-dish-p-39678.html HTTP/1.0" 200 70870 "-" "Mozilla/5.0 (compatible; MJ12bot/v1.4.8; http://mj12bot.com/)"
144.76.186.38 - - [23/Jan/2022:11:03:50 +0100] "GET /tarte-maroilles-ceramic-dish-p-39678.html HTTP/1.0" 200 70870 "-" "Mozilla/5.0 (compatible; MJ12bot/v1.4.8; http://mj12bot.com/)"
185.191.171.14 - - [23/Jan/2022:11:03:53 +0100] "GET /les-vilaines-filles-beach-towel-170-90-cm-p-51709.html HTTP/1.0" 301 70942 "-" "Mozilla/5.0 (compatible; SemrushBot/7~bl; +http://www.semrush.com/bot.html)"
144.76.186.38 - - [23/Jan/2022:11:03:56 +0100] "GET /tartiflette-ceramic-dish-p-45671.html HTTP/1.0" 200 73375 "-" "Mozilla/5.0 (compatible; MJ12bot/v1.4.8; http://mj12bot.com/)"
185.191.171.37 - - [23/Jan/2022:11:03:56 +0100] "GET /vilaines-filles-beach-towel-p-51709.html HTTP/1.0" 200 70848 "-" "Mozilla/5.0 (compatible; SemrushBot/7~bl; +http://www.semrush.com/bot.html)"
54.36.148.243 - - [23/Jan/2022:11:03:57 +0100] "GET /volkswagen-beetle-keyring-p-37673.html HTTP/1.0" 200 74024 "-" "Mozilla/5.0 (compatible; AhrefsBot/7.0; +http://ahrefs.com/robot/)"
144.76.186.38 - - [23/Jan/2022:11:04:01 +0100] "GET /tartiflette-ceramic-dish-red-p-45671.html HTTP/1.0" 301 73466 "-" "Mozilla/5.0 (compatible; MJ12bot/v1.4.8; http://mj12bot.com/)"
144.76.186.38 - - [23/Jan/2022:11:04:07 +0100] "GET /tartiflette-ceramic-dish-p-45671.html HTTP/1.0" 200 73375 "-" "Mozilla/5.0 (compatible; MJ12bot/v1.4.8; http://mj12bot.com/)"
144.76.186.38 - - [23/Jan/2022:11:04:14 +0100] "GET /tassen-mood-cup-and-cup-made-in-germany-p-43325.html HTTP/1.0" 301 73777 "-" "Mozilla/5.0 (compatible; MJ12bot/v1.4.8; http://mj12bot.com/)"
144.76.186.38 - - [23/Jan/2022:11:04:20 +0100] "GET /tassen-mood-made-germany-p-43325.html HTTP/1.0" 200 73686 "-" "Mozilla/5.0 (compatible; MJ12bot/v1.4.8; http://mj12bot.com/)"
144.76.186.38 - - [23/Jan/2022:11:04:28 +0100] "GET /tassen-mood-cup-and-cup-made-in-germany-p-43326.html HTTP/1.0" 301 73777 "-" "Mozilla/5.0 (compatible; MJ12bot/v1.4.8; http://mj12bot.com/)"
144.76.186.38 - - [23/Jan/2022:11:04:36 +0100] "GET /tassen-mood-made-germany-p-43326.html HTTP/1.0" 200 73686 "-" "Mozilla/5.0 (compatible; MJ12bot/v1.4.8; http://mj12bot.com/)"
144.76.186.38 - - [23/Jan/2022:11:04:44 +0100] "GET /tassen-mood-cup-and-cup-made-in-germany-p-43327.html HTTP/1.0" 301 73777 "-" "Mozilla/5.0 (compatible; MJ12bot/v1.4.8; http://mj12bot.com/)"
144.76.186.38 - - [23/Jan/2022:11:04:50 +0100] "GET /tassen-mood-made-germany-p-43327.html HTTP/1.0" 200 73686 "-" "Mozilla/5.0 (compatible; MJ12bot/v1.4.8; http://mj12bot.com/)"
144.76.186.38 - - [23/Jan/2022:11:04:55 +0100] "GET /tassen-mood-cup-and-cup-made-in-germany-p-43328.html HTTP/1.0" 301 73778 "-" "Mozilla/5.0 (compatible; MJ12bot/v1.4.8; http://mj12bot.com/)"
185.191.171.4 - - [23/Jan/2022:11:04:59 +0100] "GET /world-flag-cover-samsung-cbkreation-p-27026.html?action=add_product HTTP/1.0" 302 476 "-" "Mozilla/5.0 (compatible; SemrushBot/7~bl; +http://www.semrush.com/bot.html)"
144.76.186.38 - - [23/Jan/2022:11:05:02 +0100] "GET /tassen-mood-made-germany-p-43328.html HTTP/1.0" 200 73687 "-" "Mozilla/5.0 (compatible; MJ12bot/v1.4.8; http://mj12bot.com/)"
144.76.186.38 - - [23/Jan/2022:11:05:08 +0100] "GET /tassen-mood-cup-and-cup-made-in-germany-p-43329.html HTTP/1.0" 301 73777 "-" "Mozilla/5.0 (compatible; MJ12bot/v1.4.8; http://mj12bot.com/)"
144.76.186.38 - - [23/Jan/2022:11:05:15 +0100] "GET /tassen-mood-made-germany-p-43329.html HTTP/1.0" 200 73686 "-" "Mozilla/5.0 (compatible; MJ12bot/v1.4.8; http://mj12bot.com/)"
144.76.186.38 - - [23/Jan/2022:11:05:25 +0100] "GET /tassen-mood-cup-and-cup-made-in-germany-p-43330.html HTTP/1.0" 301 73777 "-" "Mozilla/5.0 (compatible; MJ12bot/v1.4.8; http://mj12bot.com/)"
144.76.186.38 - - [23/Jan/2022:11:05:31 +0100] "GET /tassen-mood-made-germany-p-43330.html HTTP/1.0" 200 73686 "-" "Mozilla/5.0 (compatible; MJ12bot/v1.4.8; http://mj12bot.com/)"
144.76.186.38 - - [23/Jan/2022:11:05:38 +0100] "GET /tassen-mood-made-germany-p-43325.html HTTP/1.0" 200 73686 "-" "Mozilla/5.0 (compatible; MJ12bot/v1.4.8; http://mj12bot.com/)"
114.119.128.26 - - [23/Jan/2022:11:05:40 +0100] "GET /images/big_prod_1/3700572739281C.jpg HTTP/1.0" 200 271 "-" "Mozilla/5.0 (Linux; Android 7.0;) AppleWebKit/537.36 (KHTML, like Gecko) Mobile Safari/537.36 (compatible; PetalBot;+https://webmaster.petalsearch.com/site/petalbot)"
144.76.186.38 - - [23/Jan/2022:11:05:44 +0100] "GET /tassen-mood-made-germany-p-43326.html HTTP/1.0" 200 73686 "-" "Mozilla/5.0 (compatible; MJ12bot/v1.4.8; http://mj12bot.com/)"
144.76.186.38 - - [23/Jan/2022:11:05:51 +0100] "GET /tassen-mood-made-germany-p-43327.html HTTP/1.0" 200 73686 "-" "Mozilla/5.0 (compatible; MJ12bot/v1.4.8; http://mj12bot.com/)"
144.76.186.38 - - [23/Jan/2022:11:05:58 +0100] "GET /tassen-mood-made-germany-p-43328.html HTTP/1.0" 200 73687 "-" "Mozilla/5.0 (compatible; MJ12bot/v1.4.8; http://mj12bot.com/)"
144.76.186.38 - - [23/Jan/2022:11:06:07 +0100] "GET /tassen-mood-made-germany-p-43329.html HTTP/1.0" 200 73686 "-" "Mozilla/5.0 (compatible; MJ12bot/v1.4.8; http://mj12bot.com/)"
17.121.115.163 - - [23/Jan/2022:11:06:11 +0100] "GET /high-school-musical-waterproof-parka-p-31265.html HTTP/1.0" 200 75279 "-" "Mozilla/5.0 (Macintosh; Intel Mac OS X 10_15_5) AppleWebKit/605.1.15 (KHTML, like Gecko) Version/13.1.1 Safari/605.1.15 (Applebot/0.1; +http://www.apple.com/go/applebot)"
144.76.186.38 - - [23/Jan/2022:11:06:19 +0100] "GET /tassen-mood-made-germany-p-43330.html HTTP/1.0" 200 73686 "-" "Mozilla/5.0 (compatible; MJ12bot/v1.4.8; http://mj12bot.com/)"
144.76.186.38 - - [23/Jan/2022:11:06:24 +0100] "GET /tassen-mood-mug-made-in-germany-p-43322.html HTTP/1.0" 301 73631 "-" "Mozilla/5.0 (compatible; MJ12bot/v1.4.8; http://mj12bot.com/)"
54.36.148.243 - - [23/Jan/2022:11:06:25 +0100] "GET /alpaca-nightlight-p-53133.html HTTP/1.0" 200 74567 "-" "Mozilla/5.0 (compatible; AhrefsBot/7.0; +http://ahrefs.com/robot/)"
144.76.186.38 - - [23/Jan/2022:11:06:29 +0100] "GET /tassen-mood-made-germany-p-43322.html HTTP/1.0" 200 73540 "-" "Mozilla/5.0 (compatible; MJ12bot/v1.4.8; http://mj12bot.com/)"
144.76.186.38 - - [23/Jan/2022:11:06:36 +0100] "GET /tasty-road-tray-p-24902.html HTTP/1.0" 200 70768 "-" "Mozilla/5.0 (compatible; MJ12bot/v1.4.8; http://mj12bot.com/)"
185.191.171.4 - - [23/Jan/2022:11:06:43 +0100] "GET /monkey-statue-resin-not-hear-anything-p-46700.html HTTP/1.0" 301 73629 "-" "Mozilla/5.0 (compatible; SemrushBot/7~bl; +http://www.semrush.com/bot.html)"
144.76.186.38 - - [23/Jan/2022:11:06:44 +0100] "GET /tasty-small-cbkreation-p-17545.html HTTP/1.0" 200 73443 "-" "Mozilla/5.0 (compatible; MJ12bot/v1.4.8; http://mj12bot.com/)"
185.191.171.2 - - [23/Jan/2022:11:06:46 +0100] "GET /monkey-statue-resin-hear-anything-p-46700.html HTTP/1.0" 200 73529 "-" "Mozilla/5.0 (compatible; SemrushBot/7~bl; +http://www.semrush.com/bot.html)"
144.76.186.38 - - [23/Jan/2022:11:06:54 +0100] "GET /tasty-small-mug-by-cbk-p-17545.html HTTP/1.0" 301 73532 "-" "Mozilla/5.0 (compatible; MJ12bot/v1.4.8; http://mj12bot.com/)"
144.76.186.38 - - [23/Jan/2022:11:07:03 +0100] "GET /tasty-small-cbkreation-p-17545.html HTTP/1.0" 200 73443 "-" "Mozilla/5.0 (compatible; MJ12bot/v1.4.8; http://mj12bot.com/)"
144.76.186.38 - - [23/Jan/2022:11:07:10 +0100] "GET /tasty-small-mug-by-cbkreation-p-17545.html HTTP/1.0" 301 73532 "-" "Mozilla/5.0 (compatible; MJ12bot/v1.4.8; http://mj12bot.com/)"
144.76.186.38 - - [23/Jan/2022:11:07:17 +0100] "GET /tasty-small-cbkreation-p-17545.html HTTP/1.0" 200 73443 "-" "Mozilla/5.0 (compatible; MJ12bot/v1.4.8; http://mj12bot.com/)"
185.191.171.22 - - [23/Jan/2022:11:07:19 +0100] "GET /musical-matryoshka-star-projector-p-57229.html HTTP/1.0" 200 74153 "-" "Mozilla/5.0 (compatible; SemrushBot/7~bl; +http://www.semrush.com/bot.html)"
144.76.186.38 - - [23/Jan/2022:11:07:23 +0100] "GET /tatsumi-kimmidoll-necklace-swarovski-p-21690.html HTTP/1.0" 301 70785 "-" "Mozilla/5.0 (compatible; MJ12bot/v1.4.8; http://mj12bot.com/)"
185.191.171.38 - - [23/Jan/2022:11:07:25 +0100] "GET /scent-cup-heart-and-home-citrus-basil-p-50202.html HTTP/1.0" 301 73971 "-" "Mozilla/5.0 (compatible; SemrushBot/7~bl; +http://www.semrush.com/bot.html)"
144.76.186.38 - - [23/Jan/2022:11:07:31 +0100] "GET /-p-21690.html HTTP/1.0" 200 70718 "-" "Mozilla/5.0 (compatible; MJ12bot/v1.4.8; http://mj12bot.com/)"
185.191.171.11 - - [23/Jan/2022:11:07:32 +0100] "GET /scent-heart-home-citrus-basil-p-50202.html HTTP/1.0" 200 73875 "-" "Mozilla/5.0 (compatible; SemrushBot/7~bl; +http://www.semrush.com/bot.html)"
144.76.186.38 - - [23/Jan/2022:11:07:38 +0100] "GET /taurus-classic-mug-cbkreation-p-29027.html HTTP/1.0" 301 73452 "-" "Mozilla/5.0 (compatible; MJ12bot/v1.4.8; http://mj12bot.com/)"
17.121.114.161 - - [23/Jan/2022:11:07:44 +0100] "GET /towels-napkins-c-11_177.html HTTP/1.0" 200 92974 "-" "Mozilla/5.0 (Macintosh; Intel Mac OS X 10_15_5) AppleWebKit/605.1.15 (KHTML, like Gecko) Version/13.1.1 Safari/605.1.15 (Applebot/0.1; +http://www.apple.com/go/applebot)"
144.76.186.38 - - [23/Jan/2022:11:07:45 +0100] "GET /taurus-classic-cbkreation-p-29027.html HTTP/1.0" 200 73360 "-" "Mozilla/5.0 (compatible; MJ12bot/v1.4.8; http://mj12bot.com/)"
144.76.186.38 - - [23/Jan/2022:11:07:52 +0100] "GET /taurus-cookware-cbkreation-p-43284.html HTTP/1.0" 200 73461 "-" "Mozilla/5.0 (compatible; MJ12bot/v1.4.8; http://mj12bot.com/)"
144.76.186.38 - - [23/Jan/2022:11:08:00 +0100] "GET /taurus-mousepad-by-cbkreation-p-43311.html HTTP/1.0" 301 73520 "-" "Mozilla/5.0 (compatible; MJ12bot/v1.4.8; http://mj12bot.com/)"
144.76.186.38 - - [23/Jan/2022:11:08:05 +0100] "GET /taurus-mousepad-cbkreation-p-43311.html HTTP/1.0" 200 73427 "-" "Mozilla/5.0 (compatible; MJ12bot/v1.4.8; http://mj12bot.com/)"
144.76.186.38 - - [23/Jan/2022:11:08:14 +0100] "GET /taurus-mousepad-cbkreation-p-43311.html HTTP/1.0" 200 73427 "-" "Mozilla/5.0 (compatible; MJ12bot/v1.4.8; http://mj12bot.com/)"
144.76.186.38 - - [23/Jan/2022:11:08:21 +0100] "GET /taurus-pot-cookware-cbkreation-p-43284.html HTTP/1.0" 301 73554 "-" "Mozilla/5.0 (compatible; MJ12bot/v1.4.8; http://mj12bot.com/)"
114.119.128.37 - - [23/Jan/2022:11:08:23 +0100] "GET /beer-shower-curtain-180-180-cm-p-37702.html HTTP/1.0" 301 70896 "-" "Mozilla/5.0 (Linux; Android 7.0;) AppleWebKit/537.36 (KHTML, like Gecko) Mobile Safari/537.36 (compatible; PetalBot;+https://webmaster.petalsearch.com/site/petalbot)"
114.119.128.37 - - [23/Jan/2022:11:08:27 +0100] "GET /beer-shower-curtain-p-37702.html HTTP/1.0" 200 70810 "-" "Mozilla/5.0 (Linux; Android 7.0;) AppleWebKit/537.36 (KHTML, like Gecko) Mobile Safari/537.36 (compatible; PetalBot;+https://webmaster.petalsearch.com/site/petalbot)"
144.76.186.38 - - [23/Jan/2022:11:08:30 +0100] "GET /taurus-cookware-cbkreation-p-43284.html HTTP/1.0" 200 73461 "-" "Mozilla/5.0 (compatible; MJ12bot/v1.4.8; http://mj12bot.com/)"
144.76.186.38 - - [23/Jan/2022:11:08:36 +0100] "GET /taz-pencil-case-p-10628.html HTTP/1.0" 301 73558 "-" "Mozilla/5.0 (compatible; MJ12bot/v1.4.8; http://mj12bot.com/)"
80.11.253.192 - - [23/Jan/2022:11:08:40 +0100] "GET /adminweb/index.php HTTP/1.0" 302 481 "-" "Mozilla/5.0 (Windows NT 10.0; Win64; x64) AppleWebKit/537.36 (KHTML, like Gecko) Chrome/97.0.4692.71 Safari/537.36"
80.11.253.192 - - [23/Jan/2022:11:08:41 +0100] "GET /adminweb/login.php HTTP/1.0" 200 4479 "-" "Mozilla/5.0 (Windows NT 10.0; Win64; x64) AppleWebKit/537.36 (KHTML, like Gecko) Chrome/97.0.4692.71 Safari/537.36"
80.11.253.192 - - [23/Jan/2022:11:08:41 +0100] "GET /favicon.ico HTTP/1.0" 200 260 "http://www.wonder-geek.com/adminweb/login.php" "Mozilla/5.0 (Windows NT 10.0; Win64; x64) AppleWebKit/537.36 (KHTML, like Gecko) Chrome/97.0.4692.71 Safari/537.36"
144.76.186.38 - - [23/Jan/2022:11:08:43 +0100] "GET /pencil-case-p-10628.html HTTP/1.0" 200 73480 "-" "Mozilla/5.0 (compatible; MJ12bot/v1.4.8; http://mj12bot.com/)"
144.76.186.38 - - [23/Jan/2022:11:08:49 +0100] "GET /tinkerbell-vertical-shoulder-bag-p-9153.html HTTP/1.0" 301 70782 "-" "Mozilla/5.0 (compatible; MJ12bot/v1.4.8; http://mj12bot.com/)"
54.36.148.243 - - [23/Jan/2022:11:08:53 +0100] "GET /furnishings-c-13_87.html?page=5 HTTP/1.0" 200 80461 "-" "Mozilla/5.0 (compatible; AhrefsBot/7.0; +http://ahrefs.com/robot/)"
144.76.186.38 - - [23/Jan/2022:11:08:56 +0100] "GET /-p-9153.html HTTP/1.0" 200 70716 "-" "Mozilla/5.0 (compatible; MJ12bot/v1.4.8; http://mj12bot.com/)"
144.76.186.38 - - [23/Jan/2022:11:09:03 +0100] "GET /tinkerbell-vinyl-round-pencil-case-p-9180.html HTTP/1.0" 301 70782 "-" "Mozilla/5.0 (compatible; MJ12bot/v1.4.8; http://mj12bot.com/)"
144.76.186.38 - - [23/Jan/2022:11:09:09 +0100] "GET /-p-9180.html HTTP/1.0" 200 70716 "-" "Mozilla/5.0 (compatible; MJ12bot/v1.4.8; http://mj12bot.com/)"
144.76.186.38 - - [23/Jan/2022:11:09:16 +0100] "GET /tisaniere-cement-tiles-blue-p-52871.html HTTP/1.0" 301 70915 "-" "Mozilla/5.0 (compatible; MJ12bot/v1.4.8; http://mj12bot.com/)"
185.191.171.1 - - [23/Jan/2022:11:09:17 +0100] "GET /boys-power-small-cbkreation-p-14991.html?action=add_product HTTP/1.0" 302 476 "-" "Mozilla/5.0 (compatible; SemrushBot/7~bl; +http://www.semrush.com/bot.html)"
185.191.171.41 - - [23/Jan/2022:11:09:21 +0100] "GET /white-and-gold-tortoise-statue-resin-p-49991.html HTTP/1.0" 301 70943 "-" "Mozilla/5.0 (compatible; SemrushBot/7~bl; +http://www.semrush.com/bot.html)"
