185.191.171.34 - - [23/Jan/2022:15:32:25 +0100] "GET /white-lampshade-p-54951.html?action=add_product HTTP/1.0" 302 476 "-" "Mozilla/5.0 (compatible; SemrushBot/7~bl; +http://www.semrush.com/bot.html)"
144.76.96.236 - - [23/Jan/2022:15:32:27 +0100] "GET /panda-white-women-shirt-p-31234.html HTTP/1.0" 200 75398 "-" "Mozilla/5.0 (compatible; MJ12bot/v1.4.8; http://mj12bot.com/)"
144.76.96.236 - - [23/Jan/2022:15:32:33 +0100] "GET /panda-women-black-shirt-p-31235.html HTTP/1.0" 200 75368 "-" "Mozilla/5.0 (compatible; MJ12bot/v1.4.8; http://mj12bot.com/)"
185.191.171.15 - - [23/Jan/2022:15:32:39 +0100] "GET /apro-recrute-coasters-p-54549.html?action=add_product HTTP/1.0" 302 476 "-" "Mozilla/5.0 (compatible; SemrushBot/7~bl; +http://www.semrush.com/bot.html)"
144.76.96.236 - - [23/Jan/2022:15:32:40 +0100] "GET /panda-women-black-tee-shirt-p-31235.html HTTP/1.0" 301 75458 "-" "Mozilla/5.0 (compatible; MJ12bot/v1.4.8; http://mj12bot.com/)"
144.76.96.236 - - [23/Jan/2022:15:32:46 +0100] "GET /panda-women-black-shirt-p-31235.html HTTP/1.0" 200 75368 "-" "Mozilla/5.0 (compatible; MJ12bot/v1.4.8; http://mj12bot.com/)"
144.76.96.236 - - [23/Jan/2022:15:32:53 +0100] "GET /panda-wwf-standing-plush-p-33442.html HTTP/1.0" 301 70785 "-" "Mozilla/5.0 (compatible; MJ12bot/v1.4.8; http://mj12bot.com/)"
144.76.96.236 - - [23/Jan/2022:15:32:56 +0100] "GET /-p-33442.html HTTP/1.0" 200 70718 "-" "Mozilla/5.0 (compatible; MJ12bot/v1.4.8; http://mj12bot.com/)"
185.191.171.7 - - [23/Jan/2022:15:32:57 +0100] "GET /small-plush-ball-tree-decoration-p-56331.html HTTP/1.0" 200 74449 "-" "Mozilla/5.0 (compatible; SemrushBot/7~bl; +http://www.semrush.com/bot.html)"
54.36.148.243 - - [23/Jan/2022:15:32:58 +0100] "GET /tour-france-metal-bicycle-horn-p-54558.html HTTP/1.0" 200 73458 "-" "Mozilla/5.0 (compatible; AhrefsBot/7.0; +http://ahrefs.com/robot/)"
144.76.96.236 - - [23/Jan/2022:15:33:01 +0100] "GET /pandas-poster-p-27249.html HTTP/1.0" 200 70774 "-" "Mozilla/5.0 (compatible; MJ12bot/v1.4.8; http://mj12bot.com/)"
114.119.128.37 - - [23/Jan/2022:15:33:04 +0100] "GET /%20images/med_prod/1399984233573.jpg HTTP/1.0" 404 1308 "-" "Mozilla/5.0 (Linux; Android 7.0;) AppleWebKit/537.36 (KHTML, like Gecko) Mobile Safari/537.36 (compatible; PetalBot;+https://webmaster.petalsearch.com/site/petalbot)"
144.76.96.236 - - [23/Jan/2022:15:33:06 +0100] "GET /panoramic-poster-superman-p-25844.html HTTP/1.0" 200 70808 "-" "Mozilla/5.0 (compatible; MJ12bot/v1.4.8; http://mj12bot.com/)"
144.76.96.236 - - [23/Jan/2022:15:33:12 +0100] "GET /paperweight-gravitation-kandinsky-p-53995.html HTTP/1.0" 200 74793 "-" "Mozilla/5.0 (compatible; MJ12bot/v1.4.8; http://mj12bot.com/)"
144.76.96.236 - - [23/Jan/2022:15:33:17 +0100] "GET /paperweight-mona-lisa-by-leonardo-da-vinci-p-46904.html HTTP/1.0" 301 74076 "-" "Mozilla/5.0 (compatible; MJ12bot/v1.4.8; http://mj12bot.com/)"
144.76.96.236 - - [23/Jan/2022:15:33:23 +0100] "GET /paperweight-mona-lisa-leonardo-vinci-p-46904.html HTTP/1.0" 200 73973 "-" "Mozilla/5.0 (compatible; MJ12bot/v1.4.8; http://mj12bot.com/)"
185.191.171.25 - - [23/Jan/2022:15:33:26 +0100] "GET /decorative-wooden-flower-foot-p-46293.html?action=add_product HTTP/1.0" 302 476 "-" "Mozilla/5.0 (compatible; SemrushBot/7~bl; +http://www.semrush.com/bot.html)"
144.76.96.236 - - [23/Jan/2022:15:33:28 +0100] "GET /paperweight-mona-lisa-leonardo-vinci-p-46904.html HTTP/1.0" 200 73973 "-" "Mozilla/5.0 (compatible; MJ12bot/v1.4.8; http://mj12bot.com/)"
144.76.96.236 - - [23/Jan/2022:15:33:35 +0100] "GET /paperweight-starry-night-by-van-gogh-p-46902.html HTTP/1.0" 301 75084 "-" "Mozilla/5.0 (compatible; MJ12bot/v1.4.8; http://mj12bot.com/)"
144.76.96.236 - - [23/Jan/2022:15:33:40 +0100] "GET /paperweight-starry-night-gogh-p-46902.html HTTP/1.0" 200 74988 "-" "Mozilla/5.0 (compatible; MJ12bot/v1.4.8; http://mj12bot.com/)"
144.76.96.236 - - [23/Jan/2022:15:33:46 +0100] "GET /paperweight-starry-night-gogh-p-46902.html HTTP/1.0" 200 74988 "-" "Mozilla/5.0 (compatible; MJ12bot/v1.4.8; http://mj12bot.com/)"
144.76.96.236 - - [23/Jan/2022:15:33:51 +0100] "GET /paperweight-terrasse-soir-p-54229.html HTTP/1.0" 200 74322 "-" "Mozilla/5.0 (compatible; MJ12bot/v1.4.8; http://mj12bot.com/)"
147.92.153.13 - - [23/Jan/2022:15:33:52 +0100] "GET /pencil-with-horse-figurine-model-depending-availability-p-34811.html HTTP/1.0" 200 73819 "-" "Mozilla/5.0 (compatible; Linespider/1.1; +https://lin.ee/4dwXkTH)"
144.76.96.236 - - [23/Jan/2022:15:33:57 +0100] "GET /paradise-bedclothes-260-240-cm-p-52090.html HTTP/1.0" 301 73490 "-" "Mozilla/5.0 (compatible; MJ12bot/v1.4.8; http://mj12bot.com/)"
66.249.68.24 - - [23/Jan/2022:15:34:02 +0100] "GET /images/big_prod_3/3520071829722D.jpg HTTP/1.0" 200 271 "-" "Googlebot-Image/1.0"
144.76.96.236 - - [23/Jan/2022:15:34:03 +0100] "GET /paradise-bedclothes-p-52090.html HTTP/1.0" 200 73404 "-" "Mozilla/5.0 (compatible; MJ12bot/v1.4.8; http://mj12bot.com/)"
144.76.96.236 - - [23/Jan/2022:15:34:06 +0100] "GET /paradise-bedclothes-p-52090.html HTTP/1.0" 200 73404 "-" "Mozilla/5.0 (compatible; MJ12bot/v1.4.8; http://mj12bot.com/)"
144.76.96.236 - - [23/Jan/2022:15:34:13 +0100] "GET /paris-adore-mini-mug-p-44935.html HTTP/1.0" 301 70867 "-" "Mozilla/5.0 (compatible; MJ12bot/v1.4.8; http://mj12bot.com/)"
185.191.171.17 - - [23/Jan/2022:15:34:15 +0100] "GET /diesel-black-pencil-case-only-brave-factory-p-36505.html?action=add_product HTTP/1.0" 302 476 "-" "Mozilla/5.0 (compatible; SemrushBot/7~bl; +http://www.semrush.com/bot.html)"
144.76.96.236 - - [23/Jan/2022:15:34:18 +0100] "GET /paris-adore-mini-p-44935.html HTTP/1.0" 200 70784 "-" "Mozilla/5.0 (compatible; MJ12bot/v1.4.8; http://mj12bot.com/)"
144.76.96.236 - - [23/Jan/2022:15:34:23 +0100] "GET /paris-adore-mini-p-44935.html HTTP/1.0" 200 70784 "-" "Mozilla/5.0 (compatible; MJ12bot/v1.4.8; http://mj12bot.com/)"
144.76.96.236 - - [23/Jan/2022:15:34:28 +0100] "GET /paris-adore-mug-p-44940.html HTTP/1.0" 301 73384 "-" "Mozilla/5.0 (compatible; MJ12bot/v1.4.8; http://mj12bot.com/)"
157.55.39.153 - - [23/Jan/2022:15:34:30 +0100] "GET /poster-corsica-p-43685.html HTTP/1.0" 200 70788 "-" "Mozilla/5.0 (compatible; bingbot/2.0; +http://www.bing.com/bingbot.htm)"
144.76.96.236 - - [23/Jan/2022:15:34:34 +0100] "GET /paris-adore-p-44940.html HTTP/1.0" 200 73306 "-" "Mozilla/5.0 (compatible; MJ12bot/v1.4.8; http://mj12bot.com/)"
54.36.148.243 - - [23/Jan/2022:15:34:38 +0100] "GET /towels-napkins-c-11_177.html?page=4 HTTP/1.0" 200 94140 "-" "Mozilla/5.0 (compatible; AhrefsBot/7.0; +http://ahrefs.com/robot/)"
144.76.96.236 - - [23/Jan/2022:15:34:38 +0100] "GET /paris-adore-p-44940.html HTTP/1.0" 200 73306 "-" "Mozilla/5.0 (compatible; MJ12bot/v1.4.8; http://mj12bot.com/)"
144.76.96.236 - - [23/Jan/2022:15:34:44 +0100] "GET /paris-aime-cups-espresso-p-28396.html HTTP/1.0" 200 70826 "-" "Mozilla/5.0 (compatible; MJ12bot/v1.4.8; http://mj12bot.com/)"
144.76.96.236 - - [23/Jan/2022:15:34:49 +0100] "GET /paris-aime-mini-p-28380.html HTTP/1.0" 200 73129 "-" "Mozilla/5.0 (compatible; MJ12bot/v1.4.8; http://mj12bot.com/)"
144.76.96.236 - - [23/Jan/2022:15:34:56 +0100] "GET /paris-amour-set-cup-and-teapot-p-27924.html HTTP/1.0" 301 70785 "-" "Mozilla/5.0 (compatible; MJ12bot/v1.4.8; http://mj12bot.com/)"
144.76.96.236 - - [23/Jan/2022:15:35:00 +0100] "GET /-p-27924.html HTTP/1.0" 200 70718 "-" "Mozilla/5.0 (compatible; MJ12bot/v1.4.8; http://mj12bot.com/)"
144.76.96.236 - - [23/Jan/2022:15:35:06 +0100] "GET /paris-amour-set-cup-and-teapot-p-27927.html HTTP/1.0" 301 70785 "-" "Mozilla/5.0 (compatible; MJ12bot/v1.4.8; http://mj12bot.com/)"
157.55.39.62 - - [23/Jan/2022:15:35:08 +0100] "GET /images/big_prod/028399138289.jpg HTTP/1.0" 200 267 "-" "Mozilla/5.0 (compatible; bingbot/2.0; +http://www.bing.com/bingbot.htm)"
144.76.96.236 - - [23/Jan/2022:15:35:10 +0100] "GET /-p-27927.html HTTP/1.0" 200 70718 "-" "Mozilla/5.0 (compatible; MJ12bot/v1.4.8; http://mj12bot.com/)"
144.76.96.236 - - [23/Jan/2022:15:35:16 +0100] "GET /paris-ashtray-p-31400.html HTTP/1.0" 200 73266 "-" "Mozilla/5.0 (compatible; MJ12bot/v1.4.8; http://mj12bot.com/)"
144.76.96.236 - - [23/Jan/2022:15:35:21 +0100] "GET /paris-black-shopping-bag-p-32257.html HTTP/1.0" 301 70908 "-" "Mozilla/5.0 (compatible; MJ12bot/v1.4.8; http://mj12bot.com/)"
144.76.96.236 - - [23/Jan/2022:15:35:26 +0100] "GET /paris-black-shopping-p-32257.html HTTP/1.0" 200 70821 "-" "Mozilla/5.0 (compatible; MJ12bot/v1.4.8; http://mj12bot.com/)"
144.76.96.236 - - [23/Jan/2022:15:35:30 +0100] "GET /paris-by-air-mail-cosmetic-pouch-p-24553.html HTTP/1.0" 301 73543 "-" "Mozilla/5.0 (compatible; MJ12bot/v1.4.8; http://mj12bot.com/)"
144.76.96.236 - - [23/Jan/2022:15:35:34 +0100] "GET /paris-mail-cosmetic-pouch-p-24553.html HTTP/1.0" 200 73451 "-" "Mozilla/5.0 (compatible; MJ12bot/v1.4.8; http://mj12bot.com/)"
185.191.171.42 - - [23/Jan/2022:15:35:38 +0100] "GET /volkswagen-combi-t1bus-1962-132-blue-p-37726.html HTTP/1.0" 301 70785 "-" "Mozilla/5.0 (compatible; SemrushBot/7~bl; +http://www.semrush.com/bot.html)"
216.244.66.242 - - [23/Jan/2022:15:35:39 +0100] "GET /avengers-poster-p-30885.html HTTP/1.0" 200 70784 "-" "Mozilla/5.0 (compatible; DotBot/1.2; +https://opensiteexplorer.org/dotbot; help@moz.com)"
185.191.171.12 - - [23/Jan/2022:15:35:41 +0100] "GET /-p-37726.html HTTP/1.0" 200 70718 "-" "Mozilla/5.0 (compatible; SemrushBot/7~bl; +http://www.semrush.com/bot.html)"
144.76.96.236 - - [23/Jan/2022:15:35:42 +0100] "GET /paris-eiffel-suitcase-50-cm-p-25105.html HTTP/1.0" 301 70920 "-" "Mozilla/5.0 (compatible; MJ12bot/v1.4.8; http://mj12bot.com/)"
144.76.96.236 - - [23/Jan/2022:15:35:47 +0100] "GET /paris-eiffel-suitcase-p-25105.html HTTP/1.0" 200 70832 "-" "Mozilla/5.0 (compatible; MJ12bot/v1.4.8; http://mj12bot.com/)"
51.68.224.127 - - [23/Jan/2022:15:35:49 +0100] "GET /adminweb/export_orders_xml.php?token=256de2z6edz6ed2z6DFSFsed2zed6zeDSFDSGdzedezfzf&maxorders=10&orderstart=1&status=14&start_date=2018-10-01 HTTP/1.0" 200 285 "-" "GesCom CharlotteBoutik Serveur"
51.68.224.127 - - [23/Jan/2022:15:35:49 +0100] "GET /adminweb/export_orders_xml.php?token=256de2z6edz6ed2z6DFSFsed2zed6zeDSFDSGdzedezfzf&maxorders=10&orderstart=1&status=6&start_date=2018-10-01 HTTP/1.0" 200 32795 "-" "GesCom CharlotteBoutik Serveur"
144.76.96.236 - - [23/Jan/2022:15:35:54 +0100] "GET /paris-eiffel-tower-expresso-set-p-34479.html HTTP/1.0" 301 70950 "-" "Mozilla/5.0 (compatible; MJ12bot/v1.4.8; http://mj12bot.com/)"
144.76.96.236 - - [23/Jan/2022:15:35:59 +0100] "GET /paris-eiffel-tower-expresso-p-34479.html HTTP/1.0" 200 70856 "-" "Mozilla/5.0 (compatible; MJ12bot/v1.4.8; http://mj12bot.com/)"
144.76.96.236 - - [23/Jan/2022:15:36:04 +0100] "GET /paris-faubourg-with-love-clock-30-cm-p-34491.html HTTP/1.0" 301 70974 "-" "Mozilla/5.0 (compatible; MJ12bot/v1.4.8; http://mj12bot.com/)"
144.76.96.236 - - [23/Jan/2022:15:36:08 +0100] "GET /paris-faubourg-with-love-clock-p-34491.html HTTP/1.0" 200 70877 "-" "Mozilla/5.0 (compatible; MJ12bot/v1.4.8; http://mj12bot.com/)"
114.119.128.40 - - [23/Jan/2022:15:36:13 +0100] "GET /images/big_prod/8422048850805.jpg HTTP/1.0" 200 268 "-" "Mozilla/5.0 (Linux; Android 7.0;) AppleWebKit/537.36 (KHTML, like Gecko) Mobile Safari/537.36 (compatible; PetalBot;+https://webmaster.petalsearch.com/site/petalbot)"
144.76.96.236 - - [23/Jan/2022:15:36:12 +0100] "GET /paris-je-aime-mini-mug-p-28380.html HTTP/1.0" 301 73211 "-" "Mozilla/5.0 (compatible; MJ12bot/v1.4.8; http://mj12bot.com/)"
54.36.148.243 - - [23/Jan/2022:15:36:15 +0100] "GET /towels-napkins-c-11_177.html?page=5 HTTP/1.0" 200 93714 "-" "Mozilla/5.0 (compatible; AhrefsBot/7.0; +http://ahrefs.com/robot/)"
144.76.96.236 - - [23/Jan/2022:15:36:17 +0100] "GET /paris-aime-mini-p-28380.html HTTP/1.0" 200 73129 "-" "Mozilla/5.0 (compatible; MJ12bot/v1.4.8; http://mj12bot.com/)"
216.244.66.242 - - [23/Jan/2022:15:36:22 +0100] "GET /little-miss-totally-cawaii-wastebasket-p-20684.html HTTP/1.0" 200 70899 "-" "Mozilla/5.0 (compatible; DotBot/1.2; +https://opensiteexplorer.org/dotbot; help@moz.com)"
144.76.96.236 - - [23/Jan/2022:15:36:25 +0100] "GET /paris-je-aime-set-cups-espresso-p-28396.html HTTP/1.0" 301 70917 "-" "Mozilla/5.0 (compatible; MJ12bot/v1.4.8; http://mj12bot.com/)"
144.76.96.236 - - [23/Jan/2022:15:36:28 +0100] "GET /paris-aime-cups-espresso-p-28396.html HTTP/1.0" 200 70826 "-" "Mozilla/5.0 (compatible; MJ12bot/v1.4.8; http://mj12bot.com/)"
144.76.96.236 - - [23/Jan/2022:15:36:35 +0100] "GET /paris-little-mirror-p-8844.html HTTP/1.0" 301 70782 "-" "Mozilla/5.0 (compatible; MJ12bot/v1.4.8; http://mj12bot.com/)"
216.244.66.242 - - [23/Jan/2022:15:36:38 +0100] "GET /renault-turbo-collection-metal-plate-deco-p-37171.html HTTP/1.0" 200 70920 "-" "Mozilla/5.0 (compatible; DotBot/1.2; +https://opensiteexplorer.org/dotbot; help@moz.com)"
144.76.96.236 - - [23/Jan/2022:15:36:40 +0100] "GET /-p-8844.html HTTP/1.0" 200 70716 "-" "Mozilla/5.0 (compatible; MJ12bot/v1.4.8; http://mj12bot.com/)"
144.76.96.236 - - [23/Jan/2022:15:36:45 +0100] "GET /paris-metal-mat-keychain-p-23493.html HTTP/1.0" 301 74969 "-" "Mozilla/5.0 (compatible; MJ12bot/v1.4.8; http://mj12bot.com/)"
144.76.96.236 - - [23/Jan/2022:15:36:51 +0100] "GET /paris-metal-keychain-p-23493.html HTTP/1.0" 200 74882 "-" "Mozilla/5.0 (compatible; MJ12bot/v1.4.8; http://mj12bot.com/)"
144.76.96.236 - - [23/Jan/2022:15:36:56 +0100] "GET /paris-money-box-p-42893.html HTTP/1.0" 301 73365 "-" "Mozilla/5.0 (compatible; MJ12bot/v1.4.8; http://mj12bot.com/)"
157.55.39.125 - - [23/Jan/2022:15:37:01 +0100] "GET /images/3700653502087.jpg HTTP/1.0" 200 259 "-" "Mozilla/5.0 (compatible; bingbot/2.0; +http://www.bing.com/bingbot.htm)"
144.76.96.236 - - [23/Jan/2022:15:37:01 +0100] "GET /paris-money-p-42893.html HTTP/1.0" 200 73287 "-" "Mozilla/5.0 (compatible; MJ12bot/v1.4.8; http://mj12bot.com/)"
193.177.162.34 - - [23/Jan/2022:15:37:04 +0100] "GET /images/mini_prod/Image91.jpg HTTP/1.0" 200 263 "-" "Mozilla/5.0 (X11; Ubuntu; Linux x86_64; rv:72.0) Gecko/20100101 Firefox/72.0"
144.76.96.236 - - [23/Jan/2022:15:37:06 +0100] "GET /paris-moulin-rouge-placemat-p-23350.html HTTP/1.0" 301 70785 "-" "Mozilla/5.0 (compatible; MJ12bot/v1.4.8; http://mj12bot.com/)"
144.76.96.236 - - [23/Jan/2022:15:37:11 +0100] "GET /-p-23350.html HTTP/1.0" 200 70718 "-" "Mozilla/5.0 (compatible; MJ12bot/v1.4.8; http://mj12bot.com/)"
144.76.96.236 - - [23/Jan/2022:15:37:16 +0100] "GET /paris-moulin-rouge-tote-bag-p-43020.html HTTP/1.0" 301 73520 "-" "Mozilla/5.0 (compatible; MJ12bot/v1.4.8; http://mj12bot.com/)"
144.76.96.236 - - [23/Jan/2022:15:37:23 +0100] "GET /paris-moulin-rouge-tote-p-43020.html HTTP/1.0" 200 73430 "-" "Mozilla/5.0 (compatible; MJ12bot/v1.4.8; http://mj12bot.com/)"
144.76.96.236 - - [23/Jan/2022:15:37:28 +0100] "GET /paris-mug-p-25935.html HTTP/1.0" 301 70785 "-" "Mozilla/5.0 (compatible; MJ12bot/v1.4.8; http://mj12bot.com/)"
185.191.171.11 - - [23/Jan/2022:15:37:33 +0100] "GET /grey-owl-statuette-10-cm-p-44499.html HTTP/1.0" 301 73460 "-" "Mozilla/5.0 (compatible; SemrushBot/7~bl; +http://www.semrush.com/bot.html)"
144.76.96.236 - - [23/Jan/2022:15:37:33 +0100] "GET /-p-25935.html HTTP/1.0" 200 70718 "-" "Mozilla/5.0 (compatible; MJ12bot/v1.4.8; http://mj12bot.com/)"
185.191.171.12 - - [23/Jan/2022:15:37:35 +0100] "GET /grey-statuette-p-44499.html HTTP/1.0" 200 73379 "-" "Mozilla/5.0 (compatible; SemrushBot/7~bl; +http://www.semrush.com/bot.html)"
144.76.96.236 - - [23/Jan/2022:15:37:37 +0100] "GET /paris-notebook-p-29055.html HTTP/1.0" 301 70785 "-" "Mozilla/5.0 (compatible; MJ12bot/v1.4.8; http://mj12bot.com/)"
144.76.96.236 - - [23/Jan/2022:15:37:44 +0100] "GET /-p-29055.html HTTP/1.0" 200 70718 "-" "Mozilla/5.0 (compatible; MJ12bot/v1.4.8; http://mj12bot.com/)"
54.36.148.243 - - [23/Jan/2022:15:37:51 +0100] "GET /rapunzel-figure-collection-adventurous-artist-p-52401.html HTTP/1.0" 200 74588 "-" "Mozilla/5.0 (compatible; AhrefsBot/7.0; +http://ahrefs.com/robot/)"
144.76.96.236 - - [23/Jan/2022:15:37:53 +0100] "GET /paris-round-tray-43-cm-p-44933.html HTTP/1.0" 301 73493 "-" "Mozilla/5.0 (compatible; MJ12bot/v1.4.8; http://mj12bot.com/)"
144.76.96.236 - - [23/Jan/2022:15:37:58 +0100] "GET /paris-round-tray-p-44933.html HTTP/1.0" 200 73410 "-" "Mozilla/5.0 (compatible; MJ12bot/v1.4.8; http://mj12bot.com/)"
144.76.96.236 - - [23/Jan/2022:15:38:05 +0100] "GET /paris-round-tray-p-44933.html HTTP/1.0" 200 73410 "-" "Mozilla/5.0 (compatible; MJ12bot/v1.4.8; http://mj12bot.com/)"
144.76.96.236 - - [23/Jan/2022:15:38:10 +0100] "GET /paris-saltshaker-and-pepper-pot-p-28378.html HTTP/1.0" 301 70785 "-" "Mozilla/5.0 (compatible; MJ12bot/v1.4.8; http://mj12bot.com/)"
185.191.171.4 - - [23/Jan/2022:15:38:11 +0100] "GET /harley-davidson-mc-lighter-p-37648.html HTTP/1.0" 301 73916 "-" "Mozilla/5.0 (compatible; SemrushBot/7~bl; +http://www.semrush.com/bot.html)"
185.191.171.36 - - [23/Jan/2022:15:38:14 +0100] "GET /harley-davidson-lighter-p-37648.html HTTP/1.0" 200 73826 "-" "Mozilla/5.0 (compatible; SemrushBot/7~bl; +http://www.semrush.com/bot.html)"
144.76.96.236 - - [23/Jan/2022:15:38:16 +0100] "GET /-p-28378.html HTTP/1.0" 200 70718 "-" "Mozilla/5.0 (compatible; MJ12bot/v1.4.8; http://mj12bot.com/)"
185.191.171.11 - - [23/Jan/2022:15:38:20 +0100] "GET /vase-flower-soliflore-c-13_232.html?page=10 HTTP/1.0" 301 85759 "-" "Mozilla/5.0 (compatible; SemrushBot/7~bl; +http://www.semrush.com/bot.html)"
144.76.96.236 - - [23/Jan/2022:15:38:21 +0100] "GET /paris-small-lamp-p-29399.html HTTP/1.0" 301 70785 "-" "Mozilla/5.0 (compatible; MJ12bot/v1.4.8; http://mj12bot.com/)"
185.191.171.11 - - [23/Jan/2022:15:38:24 +0100] "GET /vase-soliflore-c-232.html?page=10 HTTP/1.0" 301 85636 "-" "Mozilla/5.0 (compatible; SemrushBot/7~bl; +http://www.semrush.com/bot.html)"
185.191.171.2 - - [23/Jan/2022:15:38:28 +0100] "GET /vase-soliflore-c-13_232.html?page=10 HTTP/1.0" 200 85672 "-" "Mozilla/5.0 (compatible; SemrushBot/7~bl; +http://www.semrush.com/bot.html)"
144.76.96.236 - - [23/Jan/2022:15:38:29 +0100] "GET /-p-29399.html HTTP/1.0" 200 70718 "-" "Mozilla/5.0 (compatible; MJ12bot/v1.4.8; http://mj12bot.com/)"
144.76.96.236 - - [23/Jan/2022:15:38:35 +0100] "GET /paris-small-metal-box-p-35555.html HTTP/1.0" 301 70785 "-" "Mozilla/5.0 (compatible; MJ12bot/v1.4.8; http://mj12bot.com/)"
185.191.171.36 - - [23/Jan/2022:15:38:38 +0100] "GET /incense-burner-sticks-p-49360.html?action=add_product HTTP/1.0" 302 476 "-" "Mozilla/5.0 (compatible; SemrushBot/7~bl; +http://www.semrush.com/bot.html)"
144.76.96.236 - - [23/Jan/2022:15:38:40 +0100] "GET /-p-35555.html HTTP/1.0" 200 70718 "-" "Mozilla/5.0 (compatible; MJ12bot/v1.4.8; http://mj12bot.com/)"
144.76.96.236 - - [23/Jan/2022:15:38:46 +0100] "GET /paris-st-germain-soccer-jersey-keyring-p-52035.html HTTP/1.0" 301 74245 "-" "Mozilla/5.0 (compatible; MJ12bot/v1.4.8; http://mj12bot.com/)"
144.76.96.236 - - [23/Jan/2022:15:38:50 +0100] "GET /paris-germain-soccer-jersey-keyring-p-52035.html HTTP/1.0" 200 74143 "-" "Mozilla/5.0 (compatible; MJ12bot/v1.4.8; http://mj12bot.com/)"
144.76.96.236 - - [23/Jan/2022:15:39:00 +0100] "GET /paris-storage-ottoman-p-26132.html HTTP/1.0" 301 70785 "-" "Mozilla/5.0 (compatible; MJ12bot/v1.4.8; http://mj12bot.com/)"
144.76.96.236 - - [23/Jan/2022:15:39:03 +0100] "GET /-p-26132.html HTTP/1.0" 200 70718 "-" "Mozilla/5.0 (compatible; MJ12bot/v1.4.8; http://mj12bot.com/)"
144.76.96.236 - - [23/Jan/2022:15:39:09 +0100] "GET /paris-towel-p-21863.html HTTP/1.0" 301 70785 "-" "Mozilla/5.0 (compatible; MJ12bot/v1.4.8; http://mj12bot.com/)"
144.76.96.236 - - [23/Jan/2022:15:39:14 +0100] "GET /-p-21863.html HTTP/1.0" 200 70718 "-" "Mozilla/5.0 (compatible; MJ12bot/v1.4.8; http://mj12bot.com/)"
185.191.171.2 - - [23/Jan/2022:15:39:15 +0100] "GET /coconut-fibers-doormat-welcome-p-56988.html HTTP/1.0" 200 74329 "-" "Mozilla/5.0 (compatible; SemrushBot/7~bl; +http://www.semrush.com/bot.html)"
144.76.96.236 - - [23/Jan/2022:15:39:20 +0100] "GET /paris-tree-decoration-hanging-p-31811.html HTTP/1.0" 301 70785 "-" "Mozilla/5.0 (compatible; MJ12bot/v1.4.8; http://mj12bot.com/)"
144.76.96.236 - - [23/Jan/2022:15:39:25 +0100] "GET /-p-31811.html HTTP/1.0" 200 70718 "-" "Mozilla/5.0 (compatible; MJ12bot/v1.4.8; http://mj12bot.com/)"
17.121.114.12 - - [23/Jan/2022:15:39:28 +0100] "GET /spice-furniture-wooden-turnstile-p-47326.html HTTP/1.0" 200 74263 "-" "Mozilla/5.0 (Macintosh; Intel Mac OS X 10_15_5) AppleWebKit/605.1.15 (KHTML, like Gecko) Version/13.1.1 Safari/605.1.15 (Applebot/0.1; +http://www.apple.com/go/applebot)"
54.36.148.243 - - [23/Jan/2022:15:39:28 +0100] "GET /wooden-cork-stopper-caps-collector-p-54556.html HTTP/1.0" 200 74255 "-" "Mozilla/5.0 (compatible; AhrefsBot/7.0; +http://ahrefs.com/robot/)"
144.76.96.236 - - [23/Jan/2022:15:39:33 +0100] "GET /paris-white-tea-box-p-28375.html HTTP/1.0" 301 70846 "-" "Mozilla/5.0 (compatible; MJ12bot/v1.4.8; http://mj12bot.com/)"
144.76.96.236 - - [23/Jan/2022:15:39:39 +0100] "GET /paris-white-p-28375.html HTTP/1.0" 200 70768 "-" "Mozilla/5.0 (compatible; MJ12bot/v1.4.8; http://mj12bot.com/)"
144.76.96.236 - - [23/Jan/2022:15:39:45 +0100] "GET /parot-mug-cbkreation-p-43359.html HTTP/1.0" 301 73365 "-" "Mozilla/5.0 (compatible; MJ12bot/v1.4.8; http://mj12bot.com/)"
144.76.96.236 - - [23/Jan/2022:15:39:51 +0100] "GET /parot-cbkreation-p-43359.html HTTP/1.0" 200 73282 "-" "Mozilla/5.0 (compatible; MJ12bot/v1.4.8; http://mj12bot.com/)"
66.249.68.28 - - [23/Jan/2022:15:39:54 +0100] "GET /microfibre-base-cover-brown-p-53950.html HTTP/1.0" 200 73528 "-" "Mozilla/5.0 (compatible; Googlebot/2.1; +http://www.google.com/bot.html)"
144.76.96.236 - - [23/Jan/2022:15:39:58 +0100] "GET /parot-pencil-pot-cbkreation-p-43336.html HTTP/1.0" 301 73489 "-" "Mozilla/5.0 (compatible; MJ12bot/v1.4.8; http://mj12bot.com/)"
144.76.96.236 - - [23/Jan/2022:15:40:05 +0100] "GET /parot-pencil-cbkreation-p-43336.html HTTP/1.0" 200 73399 "-" "Mozilla/5.0 (compatible; MJ12bot/v1.4.8; http://mj12bot.com/)"
144.76.96.236 - - [23/Jan/2022:15:40:13 +0100] "GET /pastis-metal-plate-30-15-cm-p-47639.html HTTP/1.0" 301 73422 "-" "Mozilla/5.0 (compatible; MJ12bot/v1.4.8; http://mj12bot.com/)"
144.76.96.236 - - [23/Jan/2022:15:40:19 +0100] "GET /pastis-metal-plate-p-47639.html HTTP/1.0" 200 73337 "-" "Mozilla/5.0 (compatible; MJ12bot/v1.4.8; http://mj12bot.com/)"
144.76.96.236 - - [23/Jan/2022:15:40:24 +0100] "GET /patrick-mug-p-17603.html HTTP/1.0" 301 70785 "-" "Mozilla/5.0 (compatible; MJ12bot/v1.4.8; http://mj12bot.com/)"
144.76.96.236 - - [23/Jan/2022:15:40:30 +0100] "GET /-p-17603.html HTTP/1.0" 200 70718 "-" "Mozilla/5.0 (compatible; MJ12bot/v1.4.8; http://mj12bot.com/)"
144.76.96.236 - - [23/Jan/2022:15:40:33 +0100] "GET /patrick-sponge-bob-memo-clip-p-3695.html HTTP/1.0" 301 73490 "-" "Mozilla/5.0 (compatible; MJ12bot/v1.4.8; http://mj12bot.com/)"
185.191.171.34 - - [23/Jan/2022:15:40:39 +0100] "GET /cotton-kitchen-towel-apro-recrute-p-56177.html?action=add_product HTTP/1.0" 302 476 "-" "Mozilla/5.0 (compatible; SemrushBot/7~bl; +http://www.semrush.com/bot.html)"
144.76.96.236 - - [23/Jan/2022:15:40:39 +0100] "GET /patrick-sponge-memo-clip-p-3695.html HTTP/1.0" 200 73400 "-" "Mozilla/5.0 (compatible; MJ12bot/v1.4.8; http://mj12bot.com/)"
157.55.39.125 - - [23/Jan/2022:15:40:43 +0100] "GET /nici-moonville-square-cushion-p-22293.html HTTP/1.0" 200 73704 "-" "Mozilla/5.0 (compatible; bingbot/2.0; +http://www.bing.com/bingbot.htm)"
144.76.96.236 - - [23/Jan/2022:15:40:44 +0100] "GET /patriot-of-iron-man-mask-p-21577.html HTTP/1.0" 301 70785 "-" "Mozilla/5.0 (compatible; MJ12bot/v1.4.8; http://mj12bot.com/)"
144.76.96.236 - - [23/Jan/2022:15:40:51 +0100] "GET /-p-21577.html HTTP/1.0" 200 70718 "-" "Mozilla/5.0 (compatible; MJ12bot/v1.4.8; http://mj12bot.com/)"
144.76.96.236 - - [23/Jan/2022:15:40:57 +0100] "GET /patrol-pencils-case-p-36299.html HTTP/1.0" 200 73481 "-" "Mozilla/5.0 (compatible; MJ12bot/v1.4.8; http://mj12bot.com/)"
144.76.96.236 - - [23/Jan/2022:15:41:02 +0100] "GET /paul-frank-apple-briefcase-p-20282.html HTTP/1.0" 301 70785 "-" "Mozilla/5.0 (compatible; MJ12bot/v1.4.8; http://mj12bot.com/)"
144.76.96.236 - - [23/Jan/2022:15:41:08 +0100] "GET /-p-20282.html HTTP/1.0" 200 70718 "-" "Mozilla/5.0 (compatible; MJ12bot/v1.4.8; http://mj12bot.com/)"
54.36.148.243 - - [23/Jan/2022:15:41:11 +0100] "GET /towels-napkins-c-11_177.html?page=3 HTTP/1.0" 200 94082 "-" "Mozilla/5.0 (compatible; AhrefsBot/7.0; +http://ahrefs.com/robot/)"
144.76.96.236 - - [23/Jan/2022:15:41:14 +0100] "GET /paul-frank-backpack-p-15108.html HTTP/1.0" 301 70785 "-" "Mozilla/5.0 (compatible; MJ12bot/v1.4.8; http://mj12bot.com/)"
144.76.96.236 - - [23/Jan/2022:15:41:22 +0100] "GET /-p-15108.html HTTP/1.0" 200 70718 "-" "Mozilla/5.0 (compatible; MJ12bot/v1.4.8; http://mj12bot.com/)"
144.76.96.236 - - [23/Jan/2022:15:41:28 +0100] "GET /paul-frank-bathrobe-p-13433.html HTTP/1.0" 301 70785 "-" "Mozilla/5.0 (compatible; MJ12bot/v1.4.8; http://mj12bot.com/)"
144.76.96.236 - - [23/Jan/2022:15:41:32 +0100] "GET /-p-13433.html HTTP/1.0" 200 70718 "-" "Mozilla/5.0 (compatible; MJ12bot/v1.4.8; http://mj12bot.com/)"
216.244.66.242 - - [23/Jan/2022:15:41:34 +0100] "GET /vintage-cola-cola-canvas-frame-p-33386.html HTTP/1.0" 200 73611 "-" "Mozilla/5.0 (compatible; DotBot/1.2; +https://opensiteexplorer.org/dotbot; help@moz.com)"
144.76.96.236 - - [23/Jan/2022:15:41:39 +0100] "GET /paul-frank-blue-computer-bag-p-6062.html HTTP/1.0" 301 74362 "-" "Mozilla/5.0 (compatible; MJ12bot/v1.4.8; http://mj12bot.com/)"
144.76.96.236 - - [23/Jan/2022:15:41:44 +0100] "GET /paul-frank-blue-computer-p-6062.html HTTP/1.0" 200 74272 "-" "Mozilla/5.0 (compatible; MJ12bot/v1.4.8; http://mj12bot.com/)"
144.76.96.236 - - [23/Jan/2022:15:41:50 +0100] "GET /paul-frank-flat-cosmetic-bag-p-9642.html HTTP/1.0" 301 73794 "-" "Mozilla/5.0 (compatible; MJ12bot/v1.4.8; http://mj12bot.com/)"
144.76.96.236 - - [23/Jan/2022:15:41:58 +0100] "GET /paul-frank-flat-cosmetic-p-9642.html HTTP/1.0" 200 73704 "-" "Mozilla/5.0 (compatible; MJ12bot/v1.4.8; http://mj12bot.com/)"
144.76.96.236 - - [23/Jan/2022:15:42:05 +0100] "GET /paul-frank-large-shopping-bag-p-20289.html HTTP/1.0" 301 70908 "-" "Mozilla/5.0 (compatible; MJ12bot/v1.4.8; http://mj12bot.com/)"
144.76.96.236 - - [23/Jan/2022:15:42:11 +0100] "GET /paul-frank-large-shopping-p-20289.html HTTP/1.0" 200 70816 "-" "Mozilla/5.0 (compatible; MJ12bot/v1.4.8; http://mj12bot.com/)"
185.191.171.4 - - [23/Jan/2022:15:42:16 +0100] "GET /espresso-klimt-p-57150.html HTTP/1.0" 200 73921 "-" "Mozilla/5.0 (compatible; SemrushBot/7~bl; +http://www.semrush.com/bot.html)"
144.76.96.236 - - [23/Jan/2022:15:42:19 +0100] "GET /paw-patrol-pencils-case-p-36299.html HTTP/1.0" 301 73567 "-" "Mozilla/5.0 (compatible; MJ12bot/v1.4.8; http://mj12bot.com/)"
185.191.171.18 - - [23/Jan/2022:15:42:23 +0100] "GET /teo-jasmin-jasmine-liberty-companion-portfolio-p-39130.html HTTP/1.0" 301 71040 "-" "Mozilla/5.0 (compatible; SemrushBot/7~bl; +http://www.semrush.com/bot.html)"
144.76.96.236 - - [23/Jan/2022:15:42:25 +0100] "GET /patrol-pencils-case-p-36299.html HTTP/1.0" 200 73481 "-" "Mozilla/5.0 (compatible; MJ12bot/v1.4.8; http://mj12bot.com/)"
185.191.171.40 - - [23/Jan/2022:15:42:26 +0100] "GET /jasmin-jasmine-liberty-companion-portfolio-p-39130.html HTTP/1.0" 200 70931 "-" "Mozilla/5.0 (compatible; SemrushBot/7~bl; +http://www.semrush.com/bot.html)"
157.55.39.153 - - [23/Jan/2022:15:42:30 +0100] "GET /images/big_prod/8718375754368.jpg HTTP/1.0" 200 268 "-" "Mozilla/5.0 (compatible; bingbot/2.0; +http://www.bing.com/bingbot.htm)"
144.76.96.236 - - [23/Jan/2022:15:42:30 +0100] "GET /peace-and-love-blue-guitar-keyring-p-14622.html HTTP/1.0" 301 70785 "-" "Mozilla/5.0 (compatible; MJ12bot/v1.4.8; http://mj12bot.com/)"
144.76.96.236 - - [23/Jan/2022:15:42:37 +0100] "GET /-p-14622.html HTTP/1.0" 200 70718 "-" "Mozilla/5.0 (compatible; MJ12bot/v1.4.8; http://mj12bot.com/)"
157.55.39.122 - - [23/Jan/2022:15:42:43 +0100] "GET /images/big_prod/verity1186747042981.jpg HTTP/1.0" 200 274 "-" "Mozilla/5.0 (compatible; bingbot/2.0; +http://www.bing.com/bingbot.htm)"
144.76.96.236 - - [23/Jan/2022:15:42:44 +0100] "GET /peanuts-large-model-navy-retro-cosmetic-bag-p-6346.html HTTP/1.0" 301 71019 "-" "Mozilla/5.0 (compatible; MJ12bot/v1.4.8; http://mj12bot.com/)"
144.76.96.236 - - [23/Jan/2022:15:42:50 +0100] "GET /peanuts-large-model-navy-retro-cosmetic-p-6346.html HTTP/1.0" 200 70914 "-" "Mozilla/5.0 (compatible; MJ12bot/v1.4.8; http://mj12bot.com/)"
66.249.68.24 - - [23/Jan/2022:15:42:52 +0100] "GET /blue-star-money-p-47764.html HTTP/1.0" 200 73355 "-" "Mozilla/5.0 (compatible; Googlebot/2.1; +http://www.google.com/bot.html)"
54.36.148.243 - - [23/Jan/2022:15:42:51 +0100] "GET /trays-c-12_159.html?page=15 HTTP/1.0" 200 91374 "-" "Mozilla/5.0 (compatible; AhrefsBot/7.0; +http://ahrefs.com/robot/)"
185.191.171.37 - - [23/Jan/2022:15:42:54 +0100] "GET /ceramic-ambiance-bucolique-creation-p-49141.html HTTP/1.0" 200 73533 "-" "Mozilla/5.0 (compatible; SemrushBot/7~bl; +http://www.semrush.com/bot.html)"
144.76.96.236 - - [23/Jan/2022:15:42:58 +0100] "GET /pegase-training-bottle-by-cbk-p-33776.html HTTP/1.0" 301 73750 "-" "Mozilla/5.0 (compatible; MJ12bot/v1.4.8; http://mj12bot.com/)"
144.76.96.236 - - [23/Jan/2022:15:43:02 +0100] "GET /pgase-training-bottle-p-33776.html HTTP/1.0" 200 73662 "-" "Mozilla/5.0 (compatible; MJ12bot/v1.4.8; http://mj12bot.com/)"
144.76.96.236 - - [23/Jan/2022:15:43:08 +0100] "GET /pencil-case-turning-into-pencil-bear-p-49226.html HTTP/1.0" 200 74629 "-" "Mozilla/5.0 (compatible; MJ12bot/v1.4.8; http://mj12bot.com/)"
144.76.96.236 - - [23/Jan/2022:15:43:14 +0100] "GET /pencil-case-turning-into-pencil-pot-bear-p-49226.html HTTP/1.0" 301 74732 "-" "Mozilla/5.0 (compatible; MJ12bot/v1.4.8; http://mj12bot.com/)"
66.249.68.24 - - [23/Jan/2022:15:43:17 +0100] "GET /images/mini_prod/8422028134208.jpg HTTP/1.0" 200 269 "-" "Googlebot-Image/1.0"
144.76.96.236 - - [23/Jan/2022:15:43:20 +0100] "GET /pencil-case-turning-into-pencil-bear-p-49226.html HTTP/1.0" 200 74629 "-" "Mozilla/5.0 (compatible; MJ12bot/v1.4.8; http://mj12bot.com/)"
157.55.39.125 - - [23/Jan/2022:15:43:22 +0100] "GET /images/041689560010.jpg HTTP/1.0" 200 258 "-" "Mozilla/5.0 (compatible; bingbot/2.0; +http://www.bing.com/bingbot.htm)"
144.76.96.236 - - [23/Jan/2022:15:43:25 +0100] "GET /pencils-carousel-made-of-wood-and-metal-21-19-19-cm-p-46383.html HTTP/1.0" 301 74605 "-" "Mozilla/5.0 (compatible; MJ12bot/v1.4.8; http://mj12bot.com/)"
144.76.96.236 - - [23/Jan/2022:15:43:30 +0100] "GET /pencils-carousel-made-wood-metal-p-46383.html HTTP/1.0" 200 74506 "-" "Mozilla/5.0 (compatible; MJ12bot/v1.4.8; http://mj12bot.com/)"
144.76.96.236 - - [23/Jan/2022:15:43:36 +0100] "GET /pepe-jeans-backpack-laptop-p-33485.html HTTP/1.0" 301 70785 "-" "Mozilla/5.0 (compatible; MJ12bot/v1.4.8; http://mj12bot.com/)"
144.76.96.236 - - [23/Jan/2022:15:43:42 +0100] "GET /-p-33485.html HTTP/1.0" 200 70718 "-" "Mozilla/5.0 (compatible; MJ12bot/v1.4.8; http://mj12bot.com/)"
144.76.96.236 - - [23/Jan/2022:15:43:46 +0100] "GET /perfect-shower-toiletry-bag-p-25007.html HTTP/1.0" 301 70926 "-" "Mozilla/5.0 (compatible; MJ12bot/v1.4.8; http://mj12bot.com/)"
144.76.96.236 - - [23/Jan/2022:15:43:53 +0100] "GET /perfect-shower-toiletry-p-25007.html HTTP/1.0" 200 70836 "-" "Mozilla/5.0 (compatible; MJ12bot/v1.4.8; http://mj12bot.com/)"
144.76.96.236 - - [23/Jan/2022:15:44:00 +0100] "GET /pet-shop-c-155.html?page=1 HTTP/1.0" 301 89532 "-" "Mozilla/5.0 (compatible; MJ12bot/v1.4.8; http://mj12bot.com/)"
144.76.96.236 - - [23/Jan/2022:15:44:09 +0100] "GET /shop-c-155.html?page=1 HTTP/1.0" 200 89456 "-" "Mozilla/5.0 (compatible; MJ12bot/v1.4.8; http://mj12bot.com/)"
144.76.96.236 - - [23/Jan/2022:15:44:14 +0100] "GET /peter-rabbit-soft-toy-22-cm-p-32530.html HTTP/1.0" 301 70785 "-" "Mozilla/5.0 (compatible; MJ12bot/v1.4.8; http://mj12bot.com/)"
185.191.171.23 - - [23/Jan/2022:15:44:17 +0100] "GET /ballerina-jewelry-p-36933.html?action=add_product HTTP/1.0" 302 476 "-" "Mozilla/5.0 (compatible; SemrushBot/7~bl; +http://www.semrush.com/bot.html)"
144.76.96.236 - - [23/Jan/2022:15:44:23 +0100] "GET /-p-32530.html HTTP/1.0" 200 70718 "-" "Mozilla/5.0 (compatible; MJ12bot/v1.4.8; http://mj12bot.com/)"
54.36.148.243 - - [23/Jan/2022:15:44:24 +0100] "GET /watches-c-3_66.html HTTP/1.0" 200 91452 "-" "Mozilla/5.0 (compatible; AhrefsBot/7.0; +http://ahrefs.com/robot/)"
144.76.96.236 - - [23/Jan/2022:15:44:26 +0100] "GET /peter-rabbit-soft-toy-benjamin-bunny-18-cm-p-32529.html HTTP/1.0" 301 70785 "-" "Mozilla/5.0 (compatible; MJ12bot/v1.4.8; http://mj12bot.com/)"
144.76.96.236 - - [23/Jan/2022:15:44:31 +0100] "GET /-p-32529.html HTTP/1.0" 200 70718 "-" "Mozilla/5.0 (compatible; MJ12bot/v1.4.8; http://mj12bot.com/)"
185.191.171.39 - - [23/Jan/2022:15:44:33 +0100] "GET /chair-cushion-42-42-cm-yellow-curry-p-45920.html HTTP/1.0" 301 73578 "-" "Mozilla/5.0 (compatible; SemrushBot/7~bl; +http://www.semrush.com/bot.html)"
157.55.39.125 - - [23/Jan/2022:15:44:34 +0100] "GET /pencil-case-c-31_75.html HTTP/1.0" 200 94702 "-" "Mozilla/5.0 (compatible; bingbot/2.0; +http://www.bing.com/bingbot.htm)"
185.191.171.37 - - [23/Jan/2022:15:44:36 +0100] "GET /chair-cushion-yellow-curry-p-45920.html HTTP/1.0" 200 73485 "-" "Mozilla/5.0 (compatible; SemrushBot/7~bl; +http://www.semrush.com/bot.html)"
144.76.96.236 - - [23/Jan/2022:15:44:37 +0100] "GET /peter-rabbit-soft-toy-lily-bobtail-21-cm-p-32531.html HTTP/1.0" 301 70785 "-" "Mozilla/5.0 (compatible; MJ12bot/v1.4.8; http://mj12bot.com/)"
144.76.96.236 - - [23/Jan/2022:15:44:44 +0100] "GET /-p-32531.html HTTP/1.0" 200 70718 "-" "Mozilla/5.0 (compatible; MJ12bot/v1.4.8; http://mj12bot.com/)"
144.76.96.236 - - [23/Jan/2022:15:44:49 +0100] "GET /pgase-training-bottle-p-33776.html HTTP/1.0" 200 73662 "-" "Mozilla/5.0 (compatible; MJ12bot/v1.4.8; http://mj12bot.com/)"
207.46.13.190 - - [23/Jan/2022:15:44:54 +0100] "GET /highslide/graphics/zoomout.cur HTTP/1.0" 200 614 "-" "Mozilla/5.0 (compatible; bingbot/2.0; +http://www.bing.com/bingbot.htm)"
106.11.157.15 - - [23/Jan/2022:15:44:55 +0100] "GET /images/mini_prod/3609810037762.jpg HTTP/1.0" 200 269 "http://www.wonder-geek.com/lighting-c-13_86.html" "YisouSpider"
144.76.96.236 - - [23/Jan/2022:15:44:57 +0100] "GET /phonebox-pencil-picture-frame-p-34300.html HTTP/1.0" 200 70887 "-" "Mozilla/5.0 (compatible; MJ12bot/v1.4.8; http://mj12bot.com/)"
144.76.96.236 - - [23/Jan/2022:15:45:01 +0100] "GET /picapica-tapas-tablecloth-anti-stain-140-240-cm-p-34993.html HTTP/1.0" 301 73637 "-" "Mozilla/5.0 (compatible; MJ12bot/v1.4.8; http://mj12bot.com/)"
144.76.96.236 - - [23/Jan/2022:15:45:09 +0100] "GET /picapica-tapas-tablecloth-anti-stain-p-34993.html HTTP/1.0" 200 73534 "-" "Mozilla/5.0 (compatible; MJ12bot/v1.4.8; http://mj12bot.com/)"
157.55.39.62 - - [23/Jan/2022:15:45:09 +0100] "GET /aroma-diffuser-oils-gift-heart-home-p-57133.html HTTP/1.0" 200 75495 "-" "Mozilla/5.0 (compatible; bingbot/2.0; +http://www.bing.com/bingbot.htm)"
144.76.96.236 - - [23/Jan/2022:15:45:14 +0100] "GET /picapica-tapas-tablecloth-anti-stain-180-cm-p-34998.html HTTP/1.0" 301 70785 "-" "Mozilla/5.0 (compatible; MJ12bot/v1.4.8; http://mj12bot.com/)"
144.76.96.236 - - [23/Jan/2022:15:45:18 +0100] "GET /-p-34998.html HTTP/1.0" 200 70718 "-" "Mozilla/5.0 (compatible; MJ12bot/v1.4.8; http://mj12bot.com/)"
144.76.96.236 - - [23/Jan/2022:15:45:23 +0100] "GET /pillow-case-65-65-cm-grey-color-p-39688.html HTTP/1.0" 301 73727 "-" "Mozilla/5.0 (compatible; MJ12bot/v1.4.8; http://mj12bot.com/)"
144.76.96.236 - - [23/Jan/2022:15:45:29 +0100] "GET /pillow-case-grey-color-p-39688.html HTTP/1.0" 200 73638 "-" "Mozilla/5.0 (compatible; MJ12bot/v1.4.8; http://mj12bot.com/)"
144.76.96.236 - - [23/Jan/2022:15:45:37 +0100] "GET /pillow-case-65-65-cm-lin-color-p-39685.html HTTP/1.0" 301 73706 "-" "Mozilla/5.0 (compatible; MJ12bot/v1.4.8; http://mj12bot.com/)"
144.76.96.236 - - [23/Jan/2022:15:45:43 +0100] "GET /pillow-case-color-p-39685.html HTTP/1.0" 200 73622 "-" "Mozilla/5.0 (compatible; MJ12bot/v1.4.8; http://mj12bot.com/)"
144.76.96.236 - - [23/Jan/2022:15:45:49 +0100] "GET /pin-up-large-metal-plate-deco-p-26439.html HTTP/1.0" 301 73461 "-" "Mozilla/5.0 (compatible; MJ12bot/v1.4.8; http://mj12bot.com/)"
144.76.96.236 - - [23/Jan/2022:15:45:53 +0100] "GET /large-metal-plate-deco-p-26439.html HTTP/1.0" 200 73372 "-" "Mozilla/5.0 (compatible; MJ12bot/v1.4.8; http://mj12bot.com/)"
144.76.96.236 - - [23/Jan/2022:15:45:57 +0100] "GET /pink-fitted-sheet-90-190-cm-p-34829.html HTTP/1.0" 301 70785 "-" "Mozilla/5.0 (compatible; MJ12bot/v1.4.8; http://mj12bot.com/)"
185.191.171.39 - - [23/Jan/2022:15:45:57 +0100] "GET /benedict-zippo-lighter-p-53268.html HTTP/1.0" 200 70802 "-" "Mozilla/5.0 (compatible; SemrushBot/7~bl; +http://www.semrush.com/bot.html)"
144.76.96.236 - - [23/Jan/2022:15:46:02 +0100] "GET /-p-34829.html HTTP/1.0" 200 70718 "-" "Mozilla/5.0 (compatible; MJ12bot/v1.4.8; http://mj12bot.com/)"
54.36.148.243 - - [23/Jan/2022:15:46:07 +0100] "GET /home-decoration-c-13.html?page=50 HTTP/1.0" 200 92584 "-" "Mozilla/5.0 (compatible; AhrefsBot/7.0; +http://ahrefs.com/robot/)"
144.76.96.236 - - [23/Jan/2022:15:46:07 +0100] "GET /pink-fitted-sheet-p-34829.html HTTP/1.0" 301 70785 "-" "Mozilla/5.0 (compatible; MJ12bot/v1.4.8; http://mj12bot.com/)"
144.76.96.236 - - [23/Jan/2022:15:46:13 +0100] "GET /-p-34829.html HTTP/1.0" 200 70718 "-" "Mozilla/5.0 (compatible; MJ12bot/v1.4.8; http://mj12bot.com/)"
144.76.96.236 - - [23/Jan/2022:15:46:18 +0100] "GET /pink-flamingo-moneybox-p-38834.html HTTP/1.0" 301 70785 "-" "Mozilla/5.0 (compatible; MJ12bot/v1.4.8; http://mj12bot.com/)"
144.76.96.236 - - [23/Jan/2022:15:46:23 +0100] "GET /-p-38834.html HTTP/1.0" 200 70718 "-" "Mozilla/5.0 (compatible; MJ12bot/v1.4.8; http://mj12bot.com/)"
144.76.96.236 - - [23/Jan/2022:15:46:26 +0100] "GET /pink-garden-bedclothes-220-240-cm-p-39994.html HTTP/1.0" 301 70785 "-" "Mozilla/5.0 (compatible; MJ12bot/v1.4.8; http://mj12bot.com/)"
185.191.171.39 - - [23/Jan/2022:15:46:30 +0100] "GET /cbkreation-phone-cover-for-iphone-p-23487.html HTTP/1.0" 301 70968 "-" "Mozilla/5.0 (compatible; SemrushBot/7~bl; +http://www.semrush.com/bot.html)"
144.76.96.236 - - [23/Jan/2022:15:46:30 +0100] "GET /-p-39994.html HTTP/1.0" 200 70718 "-" "Mozilla/5.0 (compatible; MJ12bot/v1.4.8; http://mj12bot.com/)"
185.191.171.25 - - [23/Jan/2022:15:46:33 +0100] "GET /cbkreation-phone-cover-iphone-p-23487.html HTTP/1.0" 200 70872 "-" "Mozilla/5.0 (compatible; SemrushBot/7~bl; +http://www.semrush.com/bot.html)"
144.76.96.236 - - [23/Jan/2022:15:46:34 +0100] "GET /pink-garden-bedclothes-p-39994.html HTTP/1.0" 301 70785 "-" "Mozilla/5.0 (compatible; MJ12bot/v1.4.8; http://mj12bot.com/)"
144.76.96.236 - - [23/Jan/2022:15:46:38 +0100] "GET /-p-39994.html HTTP/1.0" 200 70718 "-" "Mozilla/5.0 (compatible; MJ12bot/v1.4.8; http://mj12bot.com/)"
144.76.96.236 - - [23/Jan/2022:15:46:41 +0100] "GET /pink-rabbit-statuette-17-cm-p-44914.html HTTP/1.0" 301 73500 "-" "Mozilla/5.0 (compatible; MJ12bot/v1.4.8; http://mj12bot.com/)"
144.76.96.236 - - [23/Jan/2022:15:46:47 +0100] "GET /pink-rabbit-statuette-p-44914.html HTTP/1.0" 200 73412 "-" "Mozilla/5.0 (compatible; MJ12bot/v1.4.8; http://mj12bot.com/)"
144.76.96.236 - - [23/Jan/2022:15:46:53 +0100] "GET /pink-teddy-bear-plush-21-cm-p-43260.html HTTP/1.0" 301 73489 "-" "Mozilla/5.0 (compatible; MJ12bot/v1.4.8; http://mj12bot.com/)"
185.191.171.16 - - [23/Jan/2022:15:46:56 +0100] "GET /funny-pets-triangular-pencil-case-p-18776.html?action=add_product HTTP/1.0" 302 476 "-" "Mozilla/5.0 (compatible; SemrushBot/7~bl; +http://www.semrush.com/bot.html)"
144.76.96.236 - - [23/Jan/2022:15:46:57 +0100] "GET /pink-teddy-bear-plush-p-43260.html HTTP/1.0" 200 73401 "-" "Mozilla/5.0 (compatible; MJ12bot/v1.4.8; http://mj12bot.com/)"
144.76.96.236 - - [23/Jan/2022:15:47:02 +0100] "GET /pink-teddy-bear-plush-p-43260.html HTTP/1.0" 200 73401 "-" "Mozilla/5.0 (compatible; MJ12bot/v1.4.8; http://mj12bot.com/)"
144.76.96.236 - - [23/Jan/2022:15:47:06 +0100] "GET /pink-tourmaline-sold-by-weight-170-grs-p-48548.html HTTP/1.0" 301 74636 "-" "Mozilla/5.0 (compatible; MJ12bot/v1.4.8; http://mj12bot.com/)"
144.76.96.236 - - [23/Jan/2022:15:47:11 +0100] "GET /pink-tourmaline-sold-weight-p-48548.html HTTP/1.0" 200 74542 "-" "Mozilla/5.0 (compatible; MJ12bot/v1.4.8; http://mj12bot.com/)"
114.119.128.26 - - [23/Jan/2022:15:47:11 +0100] "GET /box-of-sonny-angel-new-york-figurines-p-50294.html HTTP/1.0" 301 74873 "-" "Mozilla/5.0 (Linux; Android 7.0;) AppleWebKit/537.36 (KHTML, like Gecko) Mobile Safari/537.36 (compatible; PetalBot;+https://webmaster.petalsearch.com/site/petalbot)"
114.119.128.26 - - [23/Jan/2022:15:47:14 +0100] "GET /sonny-angel-york-figurines-p-50294.html HTTP/1.0" 200 74780 "-" "Mozilla/5.0 (Linux; Android 7.0;) AppleWebKit/537.36 (KHTML, like Gecko) Mobile Safari/537.36 (compatible; PetalBot;+https://webmaster.petalsearch.com/site/petalbot)"
207.46.13.190 - - [23/Jan/2022:15:47:15 +0100] "GET /retro-style-chocolate-picerie-traditionnelle-p-57135.html HTTP/1.0" 200 74401 "-" "Mozilla/5.0 (compatible; bingbot/2.0; +http://www.bing.com/bingbot.htm)"
144.76.96.236 - - [23/Jan/2022:15:47:14 +0100] "GET /pink-tourmaline-sold-weight-p-48548.html HTTP/1.0" 200 74542 "-" "Mozilla/5.0 (compatible; MJ12bot/v1.4.8; http://mj12bot.com/)"
144.76.96.236 - - [23/Jan/2022:15:47:21 +0100] "GET /pinkie-pluch-keyring-p-32129.html HTTP/1.0" 200 70830 "-" "Mozilla/5.0 (compatible; MJ12bot/v1.4.8; http://mj12bot.com/)"
144.76.96.236 - - [23/Jan/2022:15:47:26 +0100] "GET /pisces-clasic-keyring-by-cbkreation-p-43251.html HTTP/1.0" 301 73601 "-" "Mozilla/5.0 (compatible; MJ12bot/v1.4.8; http://mj12bot.com/)"
144.76.96.236 - - [23/Jan/2022:15:47:29 +0100] "GET /pisces-clasic-keyring-cbkreation-p-43251.html HTTP/1.0" 200 73502 "-" "Mozilla/5.0 (compatible; MJ12bot/v1.4.8; http://mj12bot.com/)"
144.76.96.236 - - [23/Jan/2022:15:47:34 +0100] "GET /pisces-clasic-keyring-cbkreation-p-43251.html HTTP/1.0" 200 73502 "-" "Mozilla/5.0 (compatible; MJ12bot/v1.4.8; http://mj12bot.com/)"
144.76.96.236 - - [23/Jan/2022:15:47:38 +0100] "GET /pisces-cookware-cbkreation-p-43274.html HTTP/1.0" 200 73456 "-" "Mozilla/5.0 (compatible; MJ12bot/v1.4.8; http://mj12bot.com/)"
144.76.96.236 - - [23/Jan/2022:15:47:43 +0100] "GET /pisces-pot-cookware-cbkreation-p-43274.html HTTP/1.0" 301 73549 "-" "Mozilla/5.0 (compatible; MJ12bot/v1.4.8; http://mj12bot.com/)"
144.76.96.236 - - [23/Jan/2022:15:47:47 +0100] "GET /pisces-cookware-cbkreation-p-43274.html HTTP/1.0" 200 73456 "-" "Mozilla/5.0 (compatible; MJ12bot/v1.4.8; http://mj12bot.com/)"
144.76.96.236 - - [23/Jan/2022:15:47:52 +0100] "GET /placemats-c-12_156.html?page=1 HTTP/1.0" 200 92565 "-" "Mozilla/5.0 (compatible; MJ12bot/v1.4.8; http://mj12bot.com/)"
54.36.148.243 - - [23/Jan/2022:15:47:55 +0100] "GET /towels-napkins-c-11_177.html?page=6 HTTP/1.0" 200 92558 "-" "Mozilla/5.0 (compatible; AhrefsBot/7.0; +http://ahrefs.com/robot/)"
144.76.96.236 - - [23/Jan/2022:15:47:56 +0100] "GET /placemats-c-12_156.html?page=5 HTTP/1.0" 200 92908 "-" "Mozilla/5.0 (compatible; MJ12bot/v1.4.8; http://mj12bot.com/)"
157.55.39.122 - - [23/Jan/2022:15:48:04 +0100] "GET /images/3700057117672.jpg HTTP/1.0" 200 259 "-" "Mozilla/5.0 (compatible; bingbot/2.0; +http://www.bing.com/bingbot.htm)"
144.76.96.236 - - [23/Jan/2022:15:48:03 +0100] "GET /placemats-c-12_156.html?page=7 HTTP/1.0" 200 92769 "-" "Mozilla/5.0 (compatible; MJ12bot/v1.4.8; http://mj12bot.com/)"
144.76.96.236 - - [23/Jan/2022:15:48:09 +0100] "GET /planes-bath-towel-p-24585.html HTTP/1.0" 200 75548 "-" "Mozilla/5.0 (compatible; MJ12bot/v1.4.8; http://mj12bot.com/)"
144.76.96.236 - - [23/Jan/2022:15:48:13 +0100] "GET /plates-and-cups-c-12_58.html?page=2 HTTP/1.0" 301 79543 "-" "Mozilla/5.0 (compatible; MJ12bot/v1.4.8; http://mj12bot.com/)"
144.76.96.236 - - [23/Jan/2022:15:48:19 +0100] "GET /plates-cups-c-58.html?page=2 HTTP/1.0" 301 79442 "-" "Mozilla/5.0 (compatible; MJ12bot/v1.4.8; http://mj12bot.com/)"
144.76.96.236 - - [23/Jan/2022:15:48:25 +0100] "GET /plates-cups-c-12_58.html?page=2 HTTP/1.0" 200 79461 "-" "Mozilla/5.0 (compatible; MJ12bot/v1.4.8; http://mj12bot.com/)"
144.76.96.236 - - [23/Jan/2022:15:48:30 +0100] "GET /plates-and-cups-c-12_58.html?page=3 HTTP/1.0" 301 79543 "-" "Mozilla/5.0 (compatible; MJ12bot/v1.4.8; http://mj12bot.com/)"
144.76.96.236 - - [23/Jan/2022:15:48:36 +0100] "GET /plates-cups-c-58.html?page=3 HTTP/1.0" 301 79442 "-" "Mozilla/5.0 (compatible; MJ12bot/v1.4.8; http://mj12bot.com/)"
144.76.96.236 - - [23/Jan/2022:15:48:39 +0100] "GET /plates-cups-c-12_58.html?page=3 HTTP/1.0" 200 79461 "-" "Mozilla/5.0 (compatible; MJ12bot/v1.4.8; http://mj12bot.com/)"
157.55.39.122 - - [23/Jan/2022:15:48:44 +0100] "GET /images/med_prod/3438100361511.jpg HTTP/1.0" 200 268 "-" "Mozilla/5.0 (compatible; bingbot/2.0; +http://www.bing.com/bingbot.htm)"
144.76.96.236 - - [23/Jan/2022:15:48:44 +0100] "GET /plates-and-cups-c-12_58.html?page=4 HTTP/1.0" 301 79543 "-" "Mozilla/5.0 (compatible; MJ12bot/v1.4.8; http://mj12bot.com/)"
144.76.96.236 - - [23/Jan/2022:15:48:48 +0100] "GET /plates-cups-c-58.html?page=4 HTTP/1.0" 301 79442 "-" "Mozilla/5.0 (compatible; MJ12bot/v1.4.8; http://mj12bot.com/)"
144.76.96.236 - - [23/Jan/2022:15:48:52 +0100] "GET /plates-cups-c-12_58.html?page=4 HTTP/1.0" 200 79461 "-" "Mozilla/5.0 (compatible; MJ12bot/v1.4.8; http://mj12bot.com/)"
144.76.96.236 - - [23/Jan/2022:15:48:57 +0100] "GET /plates-and-cups-c-58.html?page=2 HTTP/1.0" 301 79442 "-" "Mozilla/5.0 (compatible; MJ12bot/v1.4.8; http://mj12bot.com/)"
144.76.96.236 - - [23/Jan/2022:15:49:01 +0100] "GET /plates-cups-c-12_58.html?page=2 HTTP/1.0" 200 79461 "-" "Mozilla/5.0 (compatible; MJ12bot/v1.4.8; http://mj12bot.com/)"
144.76.96.236 - - [23/Jan/2022:15:49:06 +0100] "GET /plates-and-cups-c-58.html?page=3 HTTP/1.0" 301 79442 "-" "Mozilla/5.0 (compatible; MJ12bot/v1.4.8; http://mj12bot.com/)"
144.76.96.236 - - [23/Jan/2022:15:49:12 +0100] "GET /plates-cups-c-12_58.html?page=3 HTTP/1.0" 200 79461 "-" "Mozilla/5.0 (compatible; MJ12bot/v1.4.8; http://mj12bot.com/)"
144.76.96.236 - - [23/Jan/2022:15:49:16 +0100] "GET /plates-and-cups-c-58.html?page=4 HTTP/1.0" 301 79442 "-" "Mozilla/5.0 (compatible; MJ12bot/v1.4.8; http://mj12bot.com/)"
144.76.96.236 - - [23/Jan/2022:15:49:20 +0100] "GET /plates-cups-c-12_58.html?page=4 HTTP/1.0" 200 79461 "-" "Mozilla/5.0 (compatible; MJ12bot/v1.4.8; http://mj12bot.com/)"
185.191.171.34 - - [23/Jan/2022:15:49:23 +0100] "GET /monkeys-statuette-base-p-54256.html?action=add_product HTTP/1.0" 302 476 "-" "Mozilla/5.0 (compatible; SemrushBot/7~bl; +http://www.semrush.com/bot.html)"
144.76.96.236 - - [23/Jan/2022:15:49:25 +0100] "GET /plates-c-12_58.html?page=1 HTTP/1.0" 301 79543 "-" "Mozilla/5.0 (compatible; MJ12bot/v1.4.8; http://mj12bot.com/)"
54.36.148.243 - - [23/Jan/2022:15:49:27 +0100] "GET /pencil-case-c-31_75.html HTTP/1.0" 200 94702 "-" "Mozilla/5.0 (compatible; AhrefsBot/7.0; +http://ahrefs.com/robot/)"
144.76.96.236 - - [23/Jan/2022:15:49:29 +0100] "GET /plates-cups-c-58.html?page=1 HTTP/1.0" 301 79442 "-" "Mozilla/5.0 (compatible; MJ12bot/v1.4.8; http://mj12bot.com/)"
144.76.96.236 - - [23/Jan/2022:15:49:34 +0100] "GET /plates-cups-c-12_58.html?page=1 HTTP/1.0" 200 79461 "-" "Mozilla/5.0 (compatible; MJ12bot/v1.4.8; http://mj12bot.com/)"
144.76.96.236 - - [23/Jan/2022:15:49:38 +0100] "GET /plates-c-13_12_58.html?page=3 HTTP/1.0" 301 79678 "-" "Mozilla/5.0 (compatible; MJ12bot/v1.4.8; http://mj12bot.com/)"
40.77.167.102 - - [23/Jan/2022:15:49:40 +0100] "GET /robots.txt HTTP/1.0" 200 245 "-" "Mozilla/5.0 (compatible; bingbot/2.0; +http://www.bing.com/bingbot.htm)"
144.76.96.236 - - [23/Jan/2022:15:49:43 +0100] "GET /plates-cups-c-58.html?page=3 HTTP/1.0" 301 79442 "-" "Mozilla/5.0 (compatible; MJ12bot/v1.4.8; http://mj12bot.com/)"
144.76.96.236 - - [23/Jan/2022:15:49:46 +0100] "GET /plates-cups-c-12_58.html?page=3 HTTP/1.0" 200 79461 "-" "Mozilla/5.0 (compatible; MJ12bot/v1.4.8; http://mj12bot.com/)"
144.76.96.236 - - [23/Jan/2022:15:49:51 +0100] "GET /pluto-figure-p-2862.html HTTP/1.0" 301 70782 "-" "Mozilla/5.0 (compatible; MJ12bot/v1.4.8; http://mj12bot.com/)"
144.76.96.236 - - [23/Jan/2022:15:49:54 +0100] "GET /-p-2862.html HTTP/1.0" 200 70716 "-" "Mozilla/5.0 (compatible; MJ12bot/v1.4.8; http://mj12bot.com/)"
144.76.96.236 - - [23/Jan/2022:15:49:58 +0100] "GET /pokemon-long-sleeve-shirt-p-32724.html HTTP/1.0" 301 70785 "-" "Mozilla/5.0 (compatible; MJ12bot/v1.4.8; http://mj12bot.com/)"
144.76.96.236 - - [23/Jan/2022:15:50:01 +0100] "GET /-p-32724.html HTTP/1.0" 200 70718 "-" "Mozilla/5.0 (compatible; MJ12bot/v1.4.8; http://mj12bot.com/)"
144.76.96.236 - - [23/Jan/2022:15:50:05 +0100] "GET /pokemon-long-sleeve-shirt-p-32725.html HTTP/1.0" 301 70785 "-" "Mozilla/5.0 (compatible; MJ12bot/v1.4.8; http://mj12bot.com/)"
144.76.96.236 - - [23/Jan/2022:15:50:09 +0100] "GET /-p-32725.html HTTP/1.0" 200 70718 "-" "Mozilla/5.0 (compatible; MJ12bot/v1.4.8; http://mj12bot.com/)"
185.191.171.11 - - [23/Jan/2022:15:50:11 +0100] "GET /dwarf-garden-saltshaker-pepper-p-32785.html HTTP/1.0" 200 73461 "-" "Mozilla/5.0 (compatible; SemrushBot/7~bl; +http://www.semrush.com/bot.html)"
144.76.96.236 - - [23/Jan/2022:15:50:13 +0100] "GET /pokemon-long-sleeve-shirt-p-32726.html HTTP/1.0" 301 70785 "-" "Mozilla/5.0 (compatible; MJ12bot/v1.4.8; http://mj12bot.com/)"
144.76.96.236 - - [23/Jan/2022:15:50:17 +0100] "GET /-p-32726.html HTTP/1.0" 200 70718 "-" "Mozilla/5.0 (compatible; MJ12bot/v1.4.8; http://mj12bot.com/)"
144.76.96.236 - - [23/Jan/2022:15:50:24 +0100] "GET /pokemon-long-sleeve-shirt-p-32728.html HTTP/1.0" 301 70785 "-" "Mozilla/5.0 (compatible; MJ12bot/v1.4.8; http://mj12bot.com/)"
17.121.113.99 - - [23/Jan/2022:15:50:25 +0100] "GET /harley-davidson-wild-heart-small-metal-plate-p-40262.html HTTP/1.0" 200 73591 "-" "Mozilla/5.0 (Macintosh; Intel Mac OS X 10_15_5) AppleWebKit/605.1.15 (KHTML, like Gecko) Version/13.1.1 Safari/605.1.15 (Applebot/0.1; +http://www.apple.com/go/applebot)"
