114.119.128.253 - - [23/Jan/2022:04:11:30 +0100] "GET /marshall-backpack-p-26525.html HTTP/1.0" 200 73736 "-" "Mozilla/5.0 (Linux; Android 7.0;) AppleWebKit/537.36 (KHTML, like Gecko) Mobile Safari/537.36 (compatible; PetalBot;+https://webmaster.petalsearch.com/site/petalbot)"
154.54.249.198 - - [23/Jan/2022:04:11:39 +0100] "GET /love-phone-cover-for-iphone-p-18971.html HTTP/1.0" 301 76236 "-" "Mozilla/5.0 (compatible; Barkrowler/0.9; +https://babbar.tech/crawler)"
23.100.232.233 - - [23/Jan/2022:04:11:45 +0100] "GET /strawberry-shortcake-long-sleeve-shirt-p-31021.html HTTP/1.0" 200 70905 "-" "Mozilla/5.0 (compatible; MSIE 9.0; Windows NT 6.1; Trident/5.0;  Trident/5.0)"
23.100.232.233 - - [23/Jan/2022:04:11:46 +0100] "GET /templates/Pixame_v1/stylesheet.css HTTP/1.0" 200 267 "http://www.wonder-geek.com/strawberry-shortcake-long-sleeve-shirt-p-31021.html" "Mozilla/5.0 (compatible; MSIE 9.0; Windows NT 6.1; Trident/5.0;  Trident/5.0)"
23.100.232.233 - - [23/Jan/2022:04:11:46 +0100] "GET /highslide/highslide.js HTTP/1.0" 200 262 "http://www.wonder-geek.com/strawberry-shortcake-long-sleeve-shirt-p-31021.html" "Mozilla/5.0 (compatible; MSIE 9.0; Windows NT 6.1; Trident/5.0;  Trident/5.0)"
23.100.232.233 - - [23/Jan/2022:04:11:47 +0100] "GET /js/jquery.js HTTP/1.0" 200 252 "http://www.wonder-geek.com/strawberry-shortcake-long-sleeve-shirt-p-31021.html" "Mozilla/5.0 (compatible; MSIE 9.0; Windows NT 6.1; Trident/5.0;  Trident/5.0)"
23.100.232.233 - - [23/Jan/2022:04:11:47 +0100] "GET /js/jquery.jqzoom.js HTTP/1.0" 200 259 "http://www.wonder-geek.com/strawberry-shortcake-long-sleeve-shirt-p-31021.html" "Mozilla/5.0 (compatible; MSIE 9.0; Windows NT 6.1; Trident/5.0;  Trident/5.0)"
23.100.232.233 - - [23/Jan/2022:04:11:47 +0100] "GET /mondial_relay/js/jquery-1.3.2.min.js HTTP/1.0" 200 276 "http://www.wonder-geek.com/strawberry-shortcake-long-sleeve-shirt-p-31021.html" "Mozilla/5.0 (compatible; MSIE 9.0; Windows NT 6.1; Trident/5.0;  Trident/5.0)"
23.100.232.233 - - [23/Jan/2022:04:11:47 +0100] "GET /swfobject.js HTTP/1.0" 404 1308 "http://www.wonder-geek.com/strawberry-shortcake-long-sleeve-shirt-p-31021.html" "Mozilla/5.0 (compatible; MSIE 9.0; Windows NT 6.1; Trident/5.0;  Trident/5.0)"
23.100.232.233 - - [23/Jan/2022:04:11:47 +0100] "GET /style.ie7.css HTTP/1.0" 404 1308 "http://www.wonder-geek.com/strawberry-shortcake-long-sleeve-shirt-p-31021.html" "Mozilla/5.0 (compatible; MSIE 9.0; Windows NT 6.1; Trident/5.0;  Trident/5.0)"
23.100.232.233 - - [23/Jan/2022:04:11:47 +0100] "GET /templates/Pixame_v1/images/flash.swf HTTP/1.0" 200 290 "http://www.wonder-geek.com/strawberry-shortcake-long-sleeve-shirt-p-31021.html" "Mozilla/5.0 (compatible; MSIE 9.0; Windows NT 6.1; Trident/5.0;  Trident/5.0)"
23.100.232.233 - - [23/Jan/2022:04:11:48 +0100] "GET /highslide/graphics/zoomout.cur HTTP/1.0" 200 614 "http://www.wonder-geek.com/strawberry-shortcake-long-sleeve-shirt-p-31021.html" "Mozilla/5.0 (compatible; MSIE 9.0; Windows NT 6.1; Trident/5.0;  Trident/5.0)"
185.191.171.37 - - [23/Jan/2022:04:11:48 +0100] "GET /decoration-hourglass-white-glitter-p-53616.html HTTP/1.0" 200 73488 "-" "Mozilla/5.0 (compatible; SemrushBot/7~bl; +http://www.semrush.com/bot.html)"
154.54.249.198 - - [23/Jan/2022:04:11:56 +0100] "GET /love-pucca-mouse-p-2419.html HTTP/1.0" 200 73491 "-" "Mozilla/5.0 (compatible; Barkrowler/0.9; +https://babbar.tech/crawler)"
154.54.249.198 - - [23/Jan/2022:04:12:12 +0100] "GET /love-pink-fountain-pen-p-26307.html HTTP/1.0" 301 73492 "-" "Mozilla/5.0 (compatible; Barkrowler/0.9; +https://babbar.tech/crawler)"
185.191.171.6 - - [23/Jan/2022:04:12:24 +0100] "GET /buttercup-candy-cloud-keychain-p-46662.html HTTP/1.0" 200 70829 "-" "Mozilla/5.0 (compatible; SemrushBot/7~bl; +http://www.semrush.com/bot.html)"
154.54.249.198 - - [23/Jan/2022:04:12:28 +0100] "GET /usa-neon-guitar-clock-p-26606.html HTTP/1.0" 301 73514 "-" "Mozilla/5.0 (compatible; Barkrowler/0.9; +https://babbar.tech/crawler)"
154.54.249.198 - - [23/Jan/2022:04:12:45 +0100] "GET /usa-flag-compact-mirror-p-26192.html HTTP/1.0" 301 73551 "-" "Mozilla/5.0 (compatible; Barkrowler/0.9; +https://babbar.tech/crawler)"
185.191.171.12 - - [23/Jan/2022:04:12:51 +0100] "GET /protects-mattress-fleece-140-190-30-cm-p-49203.html HTTP/1.0" 301 70931 "-" "Mozilla/5.0 (compatible; SemrushBot/7~bl; +http://www.semrush.com/bot.html)"
54.36.148.254 - - [23/Jan/2022:04:12:52 +0100] "GET /la-vache-qui-rit-yes-she-can-breakfast-set-p-19025.html HTTP/1.0" 301 70785 "-" "Mozilla/5.0 (compatible; AhrefsBot/7.0; +http://ahrefs.com/robot/)"
185.191.171.37 - - [23/Jan/2022:04:12:57 +0100] "GET /protects-mattress-fleece-p-49203.html HTTP/1.0" 200 70840 "-" "Mozilla/5.0 (compatible; SemrushBot/7~bl; +http://www.semrush.com/bot.html)"
154.54.249.198 - - [23/Jan/2022:04:13:01 +0100] "GET /usa-flag-bar-stool-p-17570.html HTTP/1.0" 301 70860 "-" "Mozilla/5.0 (compatible; Barkrowler/0.9; +https://babbar.tech/crawler)"
54.36.148.243 - - [23/Jan/2022:04:13:09 +0100] "GET /amys-bowl-p-54261.html HTTP/1.0" 200 73895 "-" "Mozilla/5.0 (compatible; AhrefsBot/7.0; +http://ahrefs.com/robot/)"
154.54.249.198 - - [23/Jan/2022:04:13:17 +0100] "GET /usa-flag-door-journals-p-29732.html HTTP/1.0" 301 70873 "-" "Mozilla/5.0 (compatible; Barkrowler/0.9; +https://babbar.tech/crawler)"
154.54.249.198 - - [23/Jan/2022:04:13:33 +0100] "GET /small-backpack-ladybug-p-52207.html HTTP/1.0" 200 73532 "-" "Mozilla/5.0 (compatible; Barkrowler/0.9; +https://babbar.tech/crawler)"
185.191.171.36 - - [23/Jan/2022:04:13:43 +0100] "GET /incense-stick-holder-stars-p-55244.html HTTP/1.0" 200 74374 "-" "Mozilla/5.0 (compatible; SemrushBot/7~bl; +http://www.semrush.com/bot.html)"
154.54.249.198 - - [23/Jan/2022:04:13:50 +0100] "GET /small-backpack-blue-rabbit-p-52206.html HTTP/1.0" 200 73564 "-" "Mozilla/5.0 (compatible; Barkrowler/0.9; +https://babbar.tech/crawler)"
185.191.171.16 - - [23/Jan/2022:04:14:01 +0100] "GET /despicable-magnetic-board-p-32472.html?action=add_product HTTP/1.0" 302 476 "-" "Mozilla/5.0 (compatible; SemrushBot/7~bl; +http://www.semrush.com/bot.html)"
159.138.102.98 - - [23/Jan/2022:04:14:06 +0100] "GET /images/big_prod_1/3014627830039a.jpg HTTP/1.0" 200 271 "-" "Mozilla/5.0 (Linux; Android 7.0;) AppleWebKit/537.36 (KHTML, like Gecko) Mobile Safari/537.36 (compatible; PetalBot;+https://webmaster.petalsearch.com/site/petalbot)"
154.54.249.198 - - [23/Jan/2022:04:14:06 +0100] "GET /small-barbapapa-money-p-28447.html HTTP/1.0" 200 70800 "-" "Mozilla/5.0 (compatible; Barkrowler/0.9; +https://babbar.tech/crawler)"
154.54.249.198 - - [23/Jan/2022:04:14:23 +0100] "GET /small-baby-teeth-p-50816.html HTTP/1.0" 200 73466 "-" "Mozilla/5.0 (compatible; Barkrowler/0.9; +https://babbar.tech/crawler)"
154.54.249.198 - - [23/Jan/2022:04:14:39 +0100] "GET /small-baby-teeth-p-54208.html HTTP/1.0" 200 73473 "-" "Mozilla/5.0 (compatible; Barkrowler/0.9; +https://babbar.tech/crawler)"
154.54.249.198 - - [23/Jan/2022:04:14:55 +0100] "GET /small-baby-teeth-p-49172.html HTTP/1.0" 200 73464 "-" "Mozilla/5.0 (compatible; Barkrowler/0.9; +https://babbar.tech/crawler)"
154.54.249.198 - - [23/Jan/2022:04:15:12 +0100] "GET /small-baby-teeth-p-51576.html HTTP/1.0" 200 70788 "-" "Mozilla/5.0 (compatible; Barkrowler/0.9; +https://babbar.tech/crawler)"
185.191.171.8 - - [23/Jan/2022:04:15:27 +0100] "GET /wooden-wall-decoration-flamingo-p-44248.html HTTP/1.0" 200 70832 "-" "Mozilla/5.0 (compatible; SemrushBot/7~bl; +http://www.semrush.com/bot.html)"
154.54.249.198 - - [23/Jan/2022:04:15:28 +0100] "GET /small-baby-teeth-p-51580.html HTTP/1.0" 200 74260 "-" "Mozilla/5.0 (compatible; Barkrowler/0.9; +https://babbar.tech/crawler)"
66.249.66.205 - - [23/Jan/2022:04:15:45 +0100] "GET /yogini-yogini-yoga-mat-jute-p-51549.html HTTP/1.0" 301 74955 "-" "Mozilla/5.0 (Linux; Android 6.0.1; Nexus 5X Build/MMB29P) AppleWebKit/537.36 (KHTML, like Gecko) Chrome/97.0.4692.71 Mobile Safari/537.36 (compatible; Googlebot/2.1; +http://www.google.com/bot.html)"
154.54.249.198 - - [23/Jan/2022:04:15:45 +0100] "GET /small-baby-teeth-p-51557.html HTTP/1.0" 200 70788 "-" "Mozilla/5.0 (compatible; Barkrowler/0.9; +https://babbar.tech/crawler)"
66.249.66.148 - - [23/Jan/2022:04:15:47 +0100] "GET /cement-tile-stickers-p-51628.html HTTP/1.0" 200 73667 "-" "Mozilla/5.0 (Linux; Android 6.0.1; Nexus 5X Build/MMB29P) AppleWebKit/537.36 (KHTML, like Gecko) Chrome/97.0.4692.71 Mobile Safari/537.36 (compatible; Googlebot/2.1; +http://www.google.com/bot.html)"
66.249.66.68 - - [23/Jan/2022:04:15:49 +0100] "GET /yogini-yogini-yoga-jute-p-51549.html HTTP/1.0" 200 74865 "-" "Mozilla/5.0 (Linux; Android 6.0.1; Nexus 5X Build/MMB29P) AppleWebKit/537.36 (KHTML, like Gecko) Chrome/97.0.4692.71 Mobile Safari/537.36 (compatible; Googlebot/2.1; +http://www.google.com/bot.html)"
54.36.148.243 - - [23/Jan/2022:04:16:01 +0100] "GET /dishes-c-12.html?page=135 HTTP/1.0" 200 93031 "-" "Mozilla/5.0 (compatible; AhrefsBot/7.0; +http://ahrefs.com/robot/)"
154.54.249.198 - - [23/Jan/2022:04:16:02 +0100] "GET /small-baby-teeth-p-51579.html HTTP/1.0" 200 74254 "-" "Mozilla/5.0 (compatible; Barkrowler/0.9; +https://babbar.tech/crawler)"
154.54.249.198 - - [23/Jan/2022:04:16:20 +0100] "GET /small-baby-teeth-p-55710.html HTTP/1.0" 200 74264 "-" "Mozilla/5.0 (compatible; Barkrowler/0.9; +https://babbar.tech/crawler)"
154.54.249.198 - - [23/Jan/2022:04:16:36 +0100] "GET /small-baby-teeth-p-53348.html HTTP/1.0" 200 73464 "-" "Mozilla/5.0 (compatible; Barkrowler/0.9; +https://babbar.tech/crawler)"
154.54.249.198 - - [23/Jan/2022:04:16:52 +0100] "GET /small-baby-teeth-p-53345.html HTTP/1.0" 200 73466 "-" "Mozilla/5.0 (compatible; Barkrowler/0.9; +https://babbar.tech/crawler)"
216.244.66.242 - - [23/Jan/2022:04:16:53 +0100] "GET /decorative-wooden-plate-attention-chat-lunatique-anthracite-p-47797.html HTTP/1.0" 200 70940 "-" "Mozilla/5.0 (compatible; DotBot/1.2; +https://opensiteexplorer.org/dotbot; help@moz.com)"
114.119.128.34 - - [23/Jan/2022:04:16:56 +0100] "GET /three-storage-boxes-parma-velvet-feet-p-45810.html HTTP/1.0" 200 70868 "-" "Mozilla/5.0 (Linux; Android 7.0;) AppleWebKit/537.36 (KHTML, like Gecko) Mobile Safari/537.36 (compatible; PetalBot;+https://webmaster.petalsearch.com/site/petalbot)"
154.54.249.198 - - [23/Jan/2022:04:17:09 +0100] "GET /small-baby-teeth-p-53346.html HTTP/1.0" 200 73466 "-" "Mozilla/5.0 (compatible; Barkrowler/0.9; +https://babbar.tech/crawler)"
216.244.66.242 - - [23/Jan/2022:04:17:10 +0100] "GET /volkswagen-beetle-black-p-28515.html HTTP/1.0" 301 70785 "-" "Mozilla/5.0 (compatible; DotBot/1.2; +https://opensiteexplorer.org/dotbot; help@moz.com)"
185.191.171.43 - - [23/Jan/2022:04:17:10 +0100] "GET /metal-beer-bucket-p-54344.html HTTP/1.0" 200 73920 "-" "Mozilla/5.0 (compatible; SemrushBot/7~bl; +http://www.semrush.com/bot.html)"
154.54.249.198 - - [23/Jan/2022:04:17:25 +0100] "GET /jack-skellington-figurine-p-53357.html HTTP/1.0" 200 74684 "-" "Mozilla/5.0 (compatible; Barkrowler/0.9; +https://babbar.tech/crawler)"
14.137.135.24 - - [23/Jan/2022:04:17:32 +0100] "GET /images/med_prod/4029811238682.jpg HTTP/1.0" 200 268 "-" "Mozilla/5.0 (Windows NT 10.0; Win64; x64) AppleWebKit/537.36 (KHTML, like Gecko) Chrome/90.0.4430.212 Safari/537.36"
185.191.171.44 - - [23/Jan/2022:04:17:31 +0100] "GET /glass-cutting-board-cbkreation-p-51337.html HTTP/1.0" 200 73424 "-" "Mozilla/5.0 (compatible; SemrushBot/7~bl; +http://www.semrush.com/bot.html)"
154.54.249.198 - - [23/Jan/2022:04:17:42 +0100] "GET /mani-lucky-brush-p-44107.html HTTP/1.0" 200 73381 "-" "Mozilla/5.0 (compatible; Barkrowler/0.9; +https://babbar.tech/crawler)"
185.191.171.22 - - [23/Jan/2022:04:17:51 +0100] "GET /miaou-large-bowl-p-50610.html?action=add_product HTTP/1.0" 302 476 "-" "Mozilla/5.0 (compatible; SemrushBot/7~bl; +http://www.semrush.com/bot.html)"
154.54.249.198 - - [23/Jan/2022:04:17:58 +0100] "GET /mani-lucky-brush-p-44109.html HTTP/1.0" 200 73381 "-" "Mozilla/5.0 (compatible; Barkrowler/0.9; +https://babbar.tech/crawler)"
154.54.249.198 - - [23/Jan/2022:04:18:14 +0100] "GET /mani-lucky-beige-p-37337.html HTTP/1.0" 200 73423 "-" "Mozilla/5.0 (compatible; Barkrowler/0.9; +https://babbar.tech/crawler)"
154.54.249.198 - - [23/Jan/2022:04:18:31 +0100] "GET /mani-lucky-keychain-p-46161.html HTTP/1.0" 200 73464 "-" "Mozilla/5.0 (compatible; Barkrowler/0.9; +https://babbar.tech/crawler)"
154.54.249.198 - - [23/Jan/2022:04:18:47 +0100] "GET /mani-lucky-keychain-p-49907.html HTTP/1.0" 200 73639 "-" "Mozilla/5.0 (compatible; Barkrowler/0.9; +https://babbar.tech/crawler)"
154.54.249.198 - - [23/Jan/2022:04:19:03 +0100] "GET /mani-lucky-keychain-p-49906.html HTTP/1.0" 200 73639 "-" "Mozilla/5.0 (compatible; Barkrowler/0.9; +https://babbar.tech/crawler)"
154.54.249.198 - - [23/Jan/2022:04:19:20 +0100] "GET /mani-lucky-keychain-p-49916.html HTTP/1.0" 200 73639 "-" "Mozilla/5.0 (compatible; Barkrowler/0.9; +https://babbar.tech/crawler)"
54.36.148.243 - - [23/Jan/2022:04:19:22 +0100] "GET /male-statuette-base-p-56776.html HTTP/1.0" 200 74263 "-" "Mozilla/5.0 (compatible; AhrefsBot/7.0; +http://ahrefs.com/robot/)"
216.244.66.242 - - [23/Jan/2022:04:19:32 +0100] "GET /rocker-salt-pepper-p-29973.html HTTP/1.0" 200 73338 "-" "Mozilla/5.0 (compatible; DotBot/1.2; +https://opensiteexplorer.org/dotbot; help@moz.com)"
114.119.128.37 - - [23/Jan/2022:04:19:35 +0100] "GET /nici-horseshoe-stamp-p-22398.html HTTP/1.0" 200 70809 "-" "Mozilla/5.0 (Linux; Android 7.0;) AppleWebKit/537.36 (KHTML, like Gecko) Mobile Safari/537.36 (compatible; PetalBot;+https://webmaster.petalsearch.com/site/petalbot)"
154.54.249.198 - - [23/Jan/2022:04:19:36 +0100] "GET /mani-lucky-keychain-p-49909.html HTTP/1.0" 200 70800 "-" "Mozilla/5.0 (compatible; Barkrowler/0.9; +https://babbar.tech/crawler)"
185.191.171.24 - - [23/Jan/2022:04:19:38 +0100] "GET /kimmidoll-keyring-kazumi-p-49775.html?action=add_product HTTP/1.0" 302 476 "-" "Mozilla/5.0 (compatible; SemrushBot/7~bl; +http://www.semrush.com/bot.html)"
154.54.249.198 - - [23/Jan/2022:04:19:53 +0100] "GET /mani-lucky-keychain-p-44126.html HTTP/1.0" 200 73667 "-" "Mozilla/5.0 (compatible; Barkrowler/0.9; +https://babbar.tech/crawler)"
185.191.171.37 - - [23/Jan/2022:04:19:54 +0100] "GET /cotton-floor-cushion-yellow-p-44044.html?action=add_product HTTP/1.0" 302 476 "-" "Mozilla/5.0 (compatible; SemrushBot/7~bl; +http://www.semrush.com/bot.html)"
154.54.249.198 - - [23/Jan/2022:04:20:09 +0100] "GET /mani-lucky-keychain-p-44125.html HTTP/1.0" 200 73639 "-" "Mozilla/5.0 (compatible; Barkrowler/0.9; +https://babbar.tech/crawler)"
17.121.113.123 - - [23/Jan/2022:04:20:21 +0100] "GET /images/big_prod/3660173151304.jpg HTTP/1.0" 200 268 "-" "Mozilla/5.0 (Macintosh; Intel Mac OS X 10_15_5) AppleWebKit/605.1.15 (KHTML, like Gecko) Version/13.1.1 Safari/605.1.15 (Applebot/0.1; +http://www.apple.com/go/applebot)"
154.54.249.198 - - [23/Jan/2022:04:20:26 +0100] "GET /man-resin-statue-p-53407.html HTTP/1.0" 301 74043 "-" "Mozilla/5.0 (compatible; Barkrowler/0.9; +https://babbar.tech/crawler)"
154.54.249.198 - - [23/Jan/2022:04:20:42 +0100] "GET /man-resin-statue-p-53408.html HTTP/1.0" 301 74045 "-" "Mozilla/5.0 (compatible; Barkrowler/0.9; +https://babbar.tech/crawler)"
185.191.171.37 - - [23/Jan/2022:04:20:54 +0100] "GET /golden-round-mirror-40-cm-p-48536.html HTTP/1.0" 301 73493 "-" "Mozilla/5.0 (compatible; SemrushBot/7~bl; +http://www.semrush.com/bot.html)"
40.77.167.47 - - [23/Jan/2022:04:20:56 +0100] "GET /images/1399984280188.jpg HTTP/1.0" 200 259 "-" "Mozilla/5.0 (compatible; bingbot/2.0; +http://www.bing.com/bingbot.htm)"
185.191.171.44 - - [23/Jan/2022:04:20:57 +0100] "GET /golden-round-mirror-p-48536.html HTTP/1.0" 200 73407 "-" "Mozilla/5.0 (compatible; SemrushBot/7~bl; +http://www.semrush.com/bot.html)"
51.68.224.127 - - [23/Jan/2022:04:20:59 +0100] "GET /adminweb/export_orders_xml.php?token=256de2z6edz6ed2z6DFSFsed2zed6zeDSFDSGdzedezfzf&maxorders=10&orderstart=1&status=14&start_date=2018-10-01 HTTP/1.0" 200 285 "-" "GesCom CharlotteBoutik Serveur"
51.68.224.127 - - [23/Jan/2022:04:20:59 +0100] "GET /adminweb/export_orders_xml.php?token=256de2z6edz6ed2z6DFSFsed2zed6zeDSFDSGdzedezfzf&maxorders=10&orderstart=1&status=6&start_date=2018-10-01 HTTP/1.0" 200 32795 "-" "GesCom CharlotteBoutik Serveur"
154.54.249.198 - - [23/Jan/2022:04:20:59 +0100] "GET /man-resin-statue-p-53405.html HTTP/1.0" 301 74059 "-" "Mozilla/5.0 (compatible; Barkrowler/0.9; +https://babbar.tech/crawler)"
185.191.171.45 - - [23/Jan/2022:04:21:00 +0100] "GET /cat-rectangulary-cushion-by-jo-p-39993.html HTTP/1.0" 301 70895 "-" "Mozilla/5.0 (compatible; SemrushBot/7~bl; +http://www.semrush.com/bot.html)"
185.191.171.45 - - [23/Jan/2022:04:21:04 +0100] "GET /rectangulary-cushion-p-39993.html HTTP/1.0" 200 70808 "-" "Mozilla/5.0 (compatible; SemrushBot/7~bl; +http://www.semrush.com/bot.html)"
185.191.171.35 - - [23/Jan/2022:04:21:13 +0100] "GET /tigger-figure-britto-p-29824.html HTTP/1.0" 200 73387 "-" "Mozilla/5.0 (compatible; SemrushBot/7~bl; +http://www.semrush.com/bot.html)"
154.54.249.198 - - [23/Jan/2022:04:21:16 +0100] "GET /man-resin-statue-p-53406.html HTTP/1.0" 301 74052 "-" "Mozilla/5.0 (compatible; Barkrowler/0.9; +https://babbar.tech/crawler)"
154.54.249.198 - - [23/Jan/2022:04:21:33 +0100] "GET /man-resin-statue-p-53409.html HTTP/1.0" 301 74036 "-" "Mozilla/5.0 (compatible; Barkrowler/0.9; +https://babbar.tech/crawler)"
154.54.249.198 - - [23/Jan/2022:04:21:49 +0100] "GET /manicure-articles-c-31_204.html?page=1 HTTP/1.0" 200 89967 "-" "Mozilla/5.0 (compatible; Barkrowler/0.9; +https://babbar.tech/crawler)"
154.54.249.198 - - [23/Jan/2022:04:22:06 +0100] "GET /marmot-dish-cake-p-45125.html HTTP/1.0" 200 73298 "-" "Mozilla/5.0 (compatible; Barkrowler/0.9; +https://babbar.tech/crawler)"
159.138.102.98 - - [23/Jan/2022:04:22:18 +0100] "GET /ceramic-salt-box-with-spoon-wave-p-47867.html HTTP/1.0" 301 73499 "-" "Mozilla/5.0 (Linux; Android 7.0;) AppleWebKit/537.36 (KHTML, like Gecko) Mobile Safari/537.36 (compatible; PetalBot;+https://webmaster.petalsearch.com/site/petalbot)"
54.36.148.243 - - [23/Jan/2022:04:22:19 +0100] "GET /waterproof-polyester-mattress-protector-p-49342.html HTTP/1.0" 200 73607 "-" "Mozilla/5.0 (compatible; AhrefsBot/7.0; +http://ahrefs.com/robot/)"
159.138.102.98 - - [23/Jan/2022:04:22:21 +0100] "GET /ceramic-salt-with-spoon-wave-p-47867.html HTTP/1.0" 200 73404 "-" "Mozilla/5.0 (Linux; Android 7.0;) AppleWebKit/537.36 (KHTML, like Gecko) Mobile Safari/537.36 (compatible; PetalBot;+https://webmaster.petalsearch.com/site/petalbot)"
154.54.249.198 - - [23/Jan/2022:04:22:22 +0100] "GET /marley-computer-model-p-21337.html HTTP/1.0" 200 73634 "-" "Mozilla/5.0 (compatible; Barkrowler/0.9; +https://babbar.tech/crawler)"
154.54.249.198 - - [23/Jan/2022:04:22:39 +0100] "GET /marley-computer-model-p-24150.html HTTP/1.0" 200 73643 "-" "Mozilla/5.0 (compatible; Barkrowler/0.9; +https://babbar.tech/crawler)"
154.54.249.198 - - [23/Jan/2022:04:22:56 +0100] "GET /miaou-large-bowl-p-50610.html HTTP/1.0" 200 73280 "-" "Mozilla/5.0 (compatible; Barkrowler/0.9; +https://babbar.tech/crawler)"
154.54.249.198 - - [23/Jan/2022:04:23:12 +0100] "GET /apron-nautilus-p-47946.html HTTP/1.0" 200 73260 "-" "Mozilla/5.0 (compatible; Barkrowler/0.9; +https://babbar.tech/crawler)"
154.54.249.198 - - [23/Jan/2022:04:23:29 +0100] "GET /unicorn-nightlight-blue-p-55362.html HTTP/1.0" 200 74809 "-" "Mozilla/5.0 (compatible; Barkrowler/0.9; +https://babbar.tech/crawler)"
20.64.143.151 - - [23/Jan/2022:04:23:43 +0100] "GET /images/3453131111744.jpg HTTP/1.0" 200 259 "-" "Mozilla/5.0 (Windows NT 10.0; WOW64) AppleWebKit/537.36 (KHTML, like Gecko) Chrome/67.0.3396.99 Safari/537.36"
154.54.249.198 - - [23/Jan/2022:04:23:45 +0100] "GET /unicorn-hot-water-bottle-p-53277.html HTTP/1.0" 301 74286 "-" "Mozilla/5.0 (compatible; Barkrowler/0.9; +https://babbar.tech/crawler)"
154.54.249.198 - - [23/Jan/2022:04:24:01 +0100] "GET /quebec-cbkreation-p-13977.html HTTP/1.0" 200 73338 "-" "Mozilla/5.0 (compatible; Barkrowler/0.9; +https://babbar.tech/crawler)"
54.36.148.34 - - [23/Jan/2022:04:24:08 +0100] "GET /beyblade-great-red-alarm-clock-p-16694.html HTTP/1.0" 301 70785 "-" "Mozilla/5.0 (compatible; AhrefsBot/7.0; +http://ahrefs.com/robot/)"
154.54.249.198 - - [23/Jan/2022:04:24:18 +0100] "GET /velvet-purse-black-gold-p-49963.html HTTP/1.0" 200 74009 "-" "Mozilla/5.0 (compatible; Barkrowler/0.9; +https://babbar.tech/crawler)"
157.55.39.122 - - [23/Jan/2022:04:24:28 +0100] "GET /ethnic-style-burlap-table-p-48441.html HTTP/1.0" 200 73944 "-" "Mozilla/5.0 (compatible; bingbot/2.0; +http://www.bing.com/bingbot.htm)"
185.191.171.37 - - [23/Jan/2022:04:24:33 +0100] "GET /collectible-harry-potter-mart-figure-p-55929.html?action=add_product HTTP/1.0" 302 476 "-" "Mozilla/5.0 (compatible; SemrushBot/7~bl; +http://www.semrush.com/bot.html)"
154.54.249.198 - - [23/Jan/2022:04:24:34 +0100] "GET /milan-phone-cover-iphone-p-13214.html HTTP/1.0" 200 73650 "-" "Mozilla/5.0 (compatible; Barkrowler/0.9; +https://babbar.tech/crawler)"
66.249.66.70 - - [23/Jan/2022:04:24:38 +0100] "GET /mario-vintage-shirt-p-29610.html HTTP/1.0" 200 74449 "-" "Mozilla/5.0 (Linux; Android 6.0.1; Nexus 5X Build/MMB29P) AppleWebKit/537.36 (KHTML, like Gecko) Chrome/97.0.4692.71 Mobile Safari/537.36 (compatible; Googlebot/2.1; +http://www.google.com/bot.html)"
185.191.171.12 - - [23/Jan/2022:04:24:43 +0100] "GET /small-gazelle-money-bank-p-56196.html?action=add_product HTTP/1.0" 302 476 "-" "Mozilla/5.0 (compatible; SemrushBot/7~bl; +http://www.semrush.com/bot.html)"
193.177.162.34 - - [23/Jan/2022:04:24:52 +0100] "GET /images/mini_prod/MISES-EN-SITUATION-02.jpg HTTP/1.0" 200 277 "-" "Mozilla/5.0 (X11; Ubuntu; Linux x86_64; rv:72.0) Gecko/20100101 Firefox/72.0"
154.54.249.198 - - [23/Jan/2022:04:24:51 +0100] "GET /zinc-office-organizer-small-p-48049.html HTTP/1.0" 200 74034 "-" "Mozilla/5.0 (compatible; Barkrowler/0.9; +https://babbar.tech/crawler)"
185.191.171.20 - - [23/Jan/2022:04:24:57 +0100] "GET /paris-bucolic-potholder-and-glove-set-p-34972.html HTTP/1.0" 301 70936 "-" "Mozilla/5.0 (compatible; SemrushBot/7~bl; +http://www.semrush.com/bot.html)"
185.191.171.2 - - [23/Jan/2022:04:25:00 +0100] "GET /paris-bucolic-potholder-glove-p-34972.html HTTP/1.0" 200 70840 "-" "Mozilla/5.0 (compatible; SemrushBot/7~bl; +http://www.semrush.com/bot.html)"
114.119.128.34 - - [23/Jan/2022:04:25:01 +0100] "GET /small-wooden-towel-holder-hang-p-51016.html HTTP/1.0" 200 73493 "-" "Mozilla/5.0 (Linux; Android 7.0;) AppleWebKit/537.36 (KHTML, like Gecko) Mobile Safari/537.36 (compatible; PetalBot;+https://webmaster.petalsearch.com/site/petalbot)"
154.54.249.198 - - [23/Jan/2022:04:25:07 +0100] "GET /zinc-adult-cotton-apron-p-39046.html HTTP/1.0" 200 73935 "-" "Mozilla/5.0 (compatible; Barkrowler/0.9; +https://babbar.tech/crawler)"
54.36.148.243 - - [23/Jan/2022:04:25:18 +0100] "GET /toiletbrush-bamboo-p-55303.html HTTP/1.0" 200 74327 "-" "Mozilla/5.0 (compatible; AhrefsBot/7.0; +http://ahrefs.com/robot/)"
157.55.39.62 - - [23/Jan/2022:04:25:22 +0100] "GET / HTTP/1.0" 200 95913 "-" "Mozilla/5.0 (compatible; bingbot/2.0; +http://www.bing.com/bingbot.htm)"
154.54.249.198 - - [23/Jan/2022:04:25:24 +0100] "GET /zinc-kitchen-towel-p-44416.html HTTP/1.0" 200 73365 "-" "Mozilla/5.0 (compatible; Barkrowler/0.9; +https://babbar.tech/crawler)"
154.54.249.198 - - [23/Jan/2022:04:25:41 +0100] "GET /industrial-decorative-chest-p-48074.html HTTP/1.0" 200 70816 "-" "Mozilla/5.0 (compatible; Barkrowler/0.9; +https://babbar.tech/crawler)"
154.54.249.198 - - [23/Jan/2022:04:25:57 +0100] "GET /elephant-lamp-resin-p-45800.html HTTP/1.0" 200 73457 "-" "Mozilla/5.0 (compatible; Barkrowler/0.9; +https://babbar.tech/crawler)"
154.54.249.198 - - [23/Jan/2022:04:26:14 +0100] "GET /elephants-wall-decoration-p-46713.html HTTP/1.0" 200 73385 "-" "Mozilla/5.0 (compatible; Barkrowler/0.9; +https://babbar.tech/crawler)"
54.36.148.6 - - [23/Jan/2022:04:26:16 +0100] "GET /plus-plus-100-pieces-basic-set-p-19766.html HTTP/1.0" 301 70785 "-" "Mozilla/5.0 (compatible; AhrefsBot/7.0; +http://ahrefs.com/robot/)"
185.191.171.35 - - [23/Jan/2022:04:26:30 +0100] "GET /tribal-cbkreation-p-42539.html HTTP/1.0" 200 73416 "-" "Mozilla/5.0 (compatible; SemrushBot/7~bl; +http://www.semrush.com/bot.html)"
154.54.249.198 - - [23/Jan/2022:04:26:30 +0100] "GET /elephants-ceramic-bathroom-p-44792.html HTTP/1.0" 200 73516 "-" "Mozilla/5.0 (compatible; Barkrowler/0.9; +https://babbar.tech/crawler)"
185.191.171.19 - - [23/Jan/2022:04:26:42 +0100] "GET /mani-lucky-keychain-p-44129.html HTTP/1.0" 200 73464 "-" "Mozilla/5.0 (compatible; SemrushBot/7~bl; +http://www.semrush.com/bot.html)"
154.54.249.198 - - [23/Jan/2022:04:26:47 +0100] "GET /elephant-gold-table-lamp-p-52523.html HTTP/1.0" 200 70816 "-" "Mozilla/5.0 (compatible; Barkrowler/0.9; +https://babbar.tech/crawler)"
157.55.39.62 - - [23/Jan/2022:04:27:02 +0100] "GET /deco-sommelier-peux-apro-p-42706.html HTTP/1.0" 200 74402 "-" "Mozilla/5.0 (compatible; bingbot/2.0; +http://www.bing.com/bingbot.htm)"
154.54.249.198 - - [23/Jan/2022:04:27:04 +0100] "GET /coasters-mandala-p-50119.html HTTP/1.0" 200 73276 "-" "Mozilla/5.0 (compatible; Barkrowler/0.9; +https://babbar.tech/crawler)"
185.191.171.15 - - [23/Jan/2022:04:27:15 +0100] "GET /birds-meeting-cotton-towel-p-55469.html?action=add_product HTTP/1.0" 302 476 "-" "Mozilla/5.0 (compatible; SemrushBot/7~bl; +http://www.semrush.com/bot.html)"
154.54.249.198 - - [23/Jan/2022:04:27:21 +0100] "GET /coasters-mandala-p-47003.html HTTP/1.0" 200 73924 "-" "Mozilla/5.0 (compatible; Barkrowler/0.9; +https://babbar.tech/crawler)"
185.191.171.20 - - [23/Jan/2022:04:27:26 +0100] "GET /natural-floor-carpet-p-53236.html?action=add_product HTTP/1.0" 302 476 "-" "Mozilla/5.0 (compatible; SemrushBot/7~bl; +http://www.semrush.com/bot.html)"
154.54.249.198 - - [23/Jan/2022:04:27:38 +0100] "GET /averell-dalton-figure-p-4588.html HTTP/1.0" 200 73181 "-" "Mozilla/5.0 (compatible; Barkrowler/0.9; +https://babbar.tech/crawler)"
159.138.102.98 - - [23/Jan/2022:04:27:42 +0100] "GET /images/big_prod_1/1020322298588a.jpg HTTP/1.0" 200 271 "-" "Mozilla/5.0 (Linux; Android 7.0;) AppleWebKit/537.36 (KHTML, like Gecko) Mobile Safari/537.36 (compatible; PetalBot;+https://webmaster.petalsearch.com/site/petalbot)"
154.54.249.198 - - [23/Jan/2022:04:27:54 +0100] "GET /kiub-kook-rabbit-p-56851.html HTTP/1.0" 200 74031 "-" "Mozilla/5.0 (compatible; Barkrowler/0.9; +https://babbar.tech/crawler)"
154.54.249.198 - - [23/Jan/2022:04:28:10 +0100] "GET /kiub-kook-turtle-p-56850.html HTTP/1.0" 200 74031 "-" "Mozilla/5.0 (compatible; Barkrowler/0.9; +https://babbar.tech/crawler)"
185.191.171.2 - - [23/Jan/2022:04:28:20 +0100] "GET /large-candle-hours-sweet-p-34631.html?action=add_product HTTP/1.0" 302 476 "-" "Mozilla/5.0 (compatible; SemrushBot/7~bl; +http://www.semrush.com/bot.html)"
54.36.148.243 - - [23/Jan/2022:04:28:25 +0100] "GET /sports-p-55765.html HTTP/1.0" 200 74042 "-" "Mozilla/5.0 (compatible; AhrefsBot/7.0; +http://ahrefs.com/robot/)"
154.54.249.198 - - [23/Jan/2022:04:28:27 +0100] "GET /pastis-metal-plate-p-47639.html HTTP/1.0" 200 73337 "-" "Mozilla/5.0 (compatible; Barkrowler/0.9; +https://babbar.tech/crawler)"
77.88.5.3 - - [23/Jan/2022:04:28:36 +0100] "GET /images/8430957063803.jpg HTTP/1.0" 200 259 "-" "Mozilla/5.0 (compatible; YandexImages/3.0; +http://yandex.com/bots)"
66.249.66.205 - - [23/Jan/2022:04:28:37 +0100] "GET /miss-melody-blue-expanding-stationery-p-33986.html HTTP/1.0" 200 70918 "-" "Mozilla/5.0 (compatible; Googlebot/2.1; +http://www.google.com/bot.html)"
154.54.249.198 - - [23/Jan/2022:04:28:43 +0100] "GET /pastis-glass-marseille-p-48513.html HTTP/1.0" 200 70800 "-" "Mozilla/5.0 (compatible; Barkrowler/0.9; +https://babbar.tech/crawler)"
154.54.249.198 - - [23/Jan/2022:04:28:59 +0100] "GET /winx-picnic-set-p-17168.html HTTP/1.0" 301 74277 "-" "Mozilla/5.0 (compatible; Barkrowler/0.9; +https://babbar.tech/crawler)"
154.54.249.198 - - [23/Jan/2022:04:29:16 +0100] "GET /winx-club-jeans-p-30212.html HTTP/1.0" 200 74467 "-" "Mozilla/5.0 (compatible; Barkrowler/0.9; +https://babbar.tech/crawler)"
154.54.249.198 - - [23/Jan/2022:04:29:32 +0100] "GET /saltshaker-pepper-p-37862.html HTTP/1.0" 200 73412 "-" "Mozilla/5.0 (compatible; Barkrowler/0.9; +https://babbar.tech/crawler)"
154.54.249.198 - - [23/Jan/2022:04:29:49 +0100] "GET /super-pusheenicorn-p-44589.html HTTP/1.0" 200 73704 "-" "Mozilla/5.0 (compatible; Barkrowler/0.9; +https://babbar.tech/crawler)"
185.191.171.15 - - [23/Jan/2022:04:30:01 +0100] "GET /stones-rock-crystal-grams-p-46608.html?action=add_product HTTP/1.0" 302 476 "-" "Mozilla/5.0 (compatible; SemrushBot/7~bl; +http://www.semrush.com/bot.html)"
154.54.249.198 - - [23/Jan/2022:04:30:05 +0100] "GET /deco-fish-wooden-box-p-35652.html HTTP/1.0" 301 74133 "-" "Mozilla/5.0 (compatible; Barkrowler/0.9; +https://babbar.tech/crawler)"
154.54.249.198 - - [23/Jan/2022:04:30:22 +0100] "GET /deco-thermometer-pump-p-50185.html HTTP/1.0" 200 73435 "-" "Mozilla/5.0 (compatible; Barkrowler/0.9; +https://babbar.tech/crawler)"
114.119.128.40 - - [23/Jan/2022:04:30:26 +0100] "GET /mala-moonstone-aa-quality-108-beads-p-51000.html HTTP/1.0" 301 76718 "-" "Mozilla/5.0 (Linux; Android 7.0;) AppleWebKit/537.36 (KHTML, like Gecko) Mobile Safari/537.36 (compatible; PetalBot;+https://webmaster.petalsearch.com/site/petalbot)"
114.119.128.40 - - [23/Jan/2022:04:30:29 +0100] "GET /mala-moonstone-quality-beads-p-51000.html HTTP/1.0" 200 76623 "-" "Mozilla/5.0 (Linux; Android 7.0;) AppleWebKit/537.36 (KHTML, like Gecko) Mobile Safari/537.36 (compatible; PetalBot;+https://webmaster.petalsearch.com/site/petalbot)"
154.54.249.198 - - [23/Jan/2022:04:30:39 +0100] "GET /harlan-wall-decor-p-49133.html HTTP/1.0" 200 73449 "-" "Mozilla/5.0 (compatible; Barkrowler/0.9; +https://babbar.tech/crawler)"
154.54.249.198 - - [23/Jan/2022:04:30:55 +0100] "GET /harold-oven-mitt-p-43817.html HTTP/1.0" 200 73318 "-" "Mozilla/5.0 (compatible; Barkrowler/0.9; +https://babbar.tech/crawler)"
185.191.171.44 - - [23/Jan/2022:04:30:59 +0100] "GET /coca-cola-phone-cover-iphone-p-15951.html HTTP/1.0" 200 74310 "-" "Mozilla/5.0 (compatible; SemrushBot/7~bl; +http://www.semrush.com/bot.html)"
154.54.249.198 - - [23/Jan/2022:04:31:12 +0100] "GET /led-koala-nightlight-p-53123.html HTTP/1.0" 301 74391 "-" "Mozilla/5.0 (compatible; Barkrowler/0.9; +https://babbar.tech/crawler)"
154.54.249.198 - - [23/Jan/2022:04:31:31 +0100] "GET /led-dinosaur-nightlight-p-53121.html HTTP/1.0" 301 74614 "-" "Mozilla/5.0 (compatible; Barkrowler/0.9; +https://babbar.tech/crawler)"
54.36.148.243 - - [23/Jan/2022:04:31:40 +0100] "GET /miss-mindy-stitch-vinyl-figurine-p-50656.html HTTP/1.0" 200 74809 "-" "Mozilla/5.0 (compatible; AhrefsBot/7.0; +http://ahrefs.com/robot/)"
154.54.249.198 - - [23/Jan/2022:04:31:47 +0100] "GET /led-dinosaur-nightlight-p-53130.html HTTP/1.0" 301 70878 "-" "Mozilla/5.0 (compatible; Barkrowler/0.9; +https://babbar.tech/crawler)"
154.54.249.198 - - [23/Jan/2022:04:32:04 +0100] "GET /led-dinosaur-nightlight-p-53143.html HTTP/1.0" 301 70878 "-" "Mozilla/5.0 (compatible; Barkrowler/0.9; +https://babbar.tech/crawler)"
154.54.249.198 - - [23/Jan/2022:04:32:20 +0100] "GET /led-bunny-nightlight-p-53122.html HTTP/1.0" 301 74408 "-" "Mozilla/5.0 (compatible; Barkrowler/0.9; +https://babbar.tech/crawler)"
185.191.171.21 - - [23/Jan/2022:04:32:20 +0100] "GET /mother-russia-cbkreation-p-28588.html?action=add_product HTTP/1.0" 302 476 "-" "Mozilla/5.0 (compatible; SemrushBot/7~bl; +http://www.semrush.com/bot.html)"
185.191.171.23 - - [23/Jan/2022:04:32:28 +0100] "GET /door-plate-baby-room-powdery-pink-p-47792.html HTTP/1.0" 200 73651 "-" "Mozilla/5.0 (compatible; SemrushBot/7~bl; +http://www.semrush.com/bot.html)"
154.54.249.198 - - [23/Jan/2022:04:32:36 +0100] "GET /led-bunny-nightlight-p-53138.html HTTP/1.0" 301 74657 "-" "Mozilla/5.0 (compatible; Barkrowler/0.9; +https://babbar.tech/crawler)"
154.54.249.198 - - [23/Jan/2022:04:32:53 +0100] "GET /led-chameleon-nightlight-p-53140.html HTTP/1.0" 301 70883 "-" "Mozilla/5.0 (compatible; Barkrowler/0.9; +https://babbar.tech/crawler)"
159.138.102.98 - - [23/Jan/2022:04:33:08 +0100] "GET /images/mini_prod/3665269156621.jpg HTTP/1.0" 200 269 "-" "Mozilla/5.0 (Linux; Android 7.0;) AppleWebKit/537.36 (KHTML, like Gecko) Mobile Safari/537.36 (compatible; PetalBot;+https://webmaster.petalsearch.com/site/petalbot)"
154.54.249.198 - - [23/Jan/2022:04:33:09 +0100] "GET /led-unicorn-nightlight-p-53119.html HTTP/1.0" 301 74612 "-" "Mozilla/5.0 (compatible; Barkrowler/0.9; +https://babbar.tech/crawler)"
154.54.249.198 - - [23/Jan/2022:04:33:26 +0100] "GET /led-unicorn-nightlight-p-48723.html HTTP/1.0" 301 74622 "-" "Mozilla/5.0 (compatible; Barkrowler/0.9; +https://babbar.tech/crawler)"
154.54.249.198 - - [23/Jan/2022:04:33:42 +0100] "GET /chinese-horoscope-gong-p-50584.html HTTP/1.0" 200 73969 "-" "Mozilla/5.0 (compatible; Barkrowler/0.9; +https://babbar.tech/crawler)"
185.191.171.41 - - [23/Jan/2022:04:33:52 +0100] "GET /robots.txt HTTP/1.0" 200 245 "-" "Mozilla/5.0 (compatible; SemrushBot/7~bl; +http://www.semrush.com/bot.html)"
185.191.171.43 - - [23/Jan/2022:04:33:53 +0100] "GET /mango-mandala-ethnic-box-size-21-12-cm-p-50830.html HTTP/1.0" 301 70898 "-" "Mozilla/5.0 (compatible; SemrushBot/7~bl; +http://www.semrush.com/bot.html)"
185.191.171.35 - - [23/Jan/2022:04:33:55 +0100] "GET /mango-mandala-ethnic-size-p-50830.html HTTP/1.0" 200 70806 "-" "Mozilla/5.0 (compatible; SemrushBot/7~bl; +http://www.semrush.com/bot.html)"
154.54.249.198 - - [23/Jan/2022:04:33:58 +0100] "GET /mercedes-benz-metal-plate-p-45959.html HTTP/1.0" 200 73433 "-" "Mozilla/5.0 (compatible; Barkrowler/0.9; +https://babbar.tech/crawler)"
185.191.171.23 - - [23/Jan/2022:04:34:01 +0100] "GET /resin-statuette-naked-man-p-53047.html HTTP/1.0" 301 73514 "-" "Mozilla/5.0 (compatible; SemrushBot/7~bl; +http://www.semrush.com/bot.html)"
185.191.171.18 - - [23/Jan/2022:04:34:05 +0100] "GET /resin-statuette-naked-p-53047.html HTTP/1.0" 200 73426 "-" "Mozilla/5.0 (compatible; SemrushBot/7~bl; +http://www.semrush.com/bot.html)"
154.54.249.198 - - [23/Jan/2022:04:34:15 +0100] "GET /mercedes-benz-metal-plate-p-45958.html HTTP/1.0" 200 73444 "-" "Mozilla/5.0 (compatible; Barkrowler/0.9; +https://babbar.tech/crawler)"
185.191.171.40 - - [23/Jan/2022:04:34:17 +0100] "GET /bamboo-laundry-basket-p-52484.html?action=add_product HTTP/1.0" 302 476 "-" "Mozilla/5.0 (compatible; SemrushBot/7~bl; +http://www.semrush.com/bot.html)"
40.77.167.47 - - [23/Jan/2022:04:34:28 +0100] "GET /images/big_prod_4/a4542202656389.jpg HTTP/1.0" 200 271 "-" "Mozilla/5.0 (compatible; bingbot/2.0; +http://www.bing.com/bingbot.htm)"
154.54.249.198 - - [23/Jan/2022:04:34:31 +0100] "GET /mercedes-benz-metal-caddy-p-55661.html HTTP/1.0" 200 74161 "-" "Mozilla/5.0 (compatible; Barkrowler/0.9; +https://babbar.tech/crawler)"
154.54.249.198 - - [23/Jan/2022:04:34:47 +0100] "GET /mercedes-benz-300-sl-p-27597.html HTTP/1.0" 301 73116 "-" "Mozilla/5.0 (compatible; Barkrowler/0.9; +https://babbar.tech/crawler)"
185.191.171.44 - - [23/Jan/2022:04:34:50 +0100] "GET /paperweight-the-great-wave-off-kanagawa-by-hokusai-p-53518.html HTTP/1.0" 301 74629 "-" "Mozilla/5.0 (compatible; SemrushBot/7~bl; +http://www.semrush.com/bot.html)"
185.191.171.17 - - [23/Jan/2022:04:34:53 +0100] "GET /paperweight-great-wave-kanagawa-hokusai-p-53518.html HTTP/1.0" 200 74523 "-" "Mozilla/5.0 (compatible; SemrushBot/7~bl; +http://www.semrush.com/bot.html)"
54.36.148.243 - - [23/Jan/2022:04:34:58 +0100] "GET /support-metal-bottle-truck-p-54986.html HTTP/1.0" 200 74310 "-" "Mozilla/5.0 (compatible; AhrefsBot/7.0; +http://ahrefs.com/robot/)"
154.54.249.198 - - [23/Jan/2022:04:35:04 +0100] "GET /mercedes-benz-300-sl-p-27592.html HTTP/1.0" 301 73390 "-" "Mozilla/5.0 (compatible; Barkrowler/0.9; +https://babbar.tech/crawler)"
154.54.249.198 - - [23/Jan/2022:04:35:20 +0100] "GET /mercedes-benz-300-sl-p-27594.html HTTP/1.0" 301 73116 "-" "Mozilla/5.0 (compatible; Barkrowler/0.9; +https://babbar.tech/crawler)"
20.64.141.82 - - [23/Jan/2022:04:35:27 +0100] "GET /images/med_prod/8435306269783.jpg HTTP/1.0" 200 268 "-" "Mozilla/5.0 (Macintosh; U; PPC Mac OS X 10.5; en-US; rv:1.9.2.15) Gecko/20110303 Firefox/3.6.15"
185.191.171.43 - - [23/Jan/2022:04:35:34 +0100] "GET /magnet-lavender-p-30711.html HTTP/1.0" 200 75063 "-" "Mozilla/5.0 (compatible; SemrushBot/7~bl; +http://www.semrush.com/bot.html)"
154.54.249.198 - - [23/Jan/2022:04:35:36 +0100] "GET /llama-love-collection-p-47571.html HTTP/1.0" 200 73995 "-" "Mozilla/5.0 (compatible; Barkrowler/0.9; +https://babbar.tech/crawler)"
185.191.171.15 - - [23/Jan/2022:04:35:45 +0100] "GET /ceramic-flower-p-49399.html?action=add_product HTTP/1.0" 302 476 "-" "Mozilla/5.0 (compatible; SemrushBot/7~bl; +http://www.semrush.com/bot.html)"
154.54.249.198 - - [23/Jan/2022:04:35:53 +0100] "GET /malo-cbkreation-p-41920.html HTTP/1.0" 200 73391 "-" "Mozilla/5.0 (compatible; Barkrowler/0.9; +https://babbar.tech/crawler)"
114.119.128.37 - - [23/Jan/2022:04:35:53 +0100] "GET /paris-shopping-bag-p-46248.html HTTP/1.0" 301 73503 "-" "Mozilla/5.0 (Linux; Android 7.0;) AppleWebKit/537.36 (KHTML, like Gecko) Mobile Safari/537.36 (compatible; PetalBot;+https://webmaster.petalsearch.com/site/petalbot)"
106.11.156.27 - - [23/Jan/2022:04:35:57 +0100] "GET /images/mini_prod/206GJ07.jpg HTTP/1.0" 200 263 "http://www.wonder-geek.com/coasters-c-12_157.html" "YisouSpider"
114.119.128.37 - - [23/Jan/2022:04:35:57 +0100] "GET /paris-shopping-p-46248.html HTTP/1.0" 200 73422 "-" "Mozilla/5.0 (Linux; Android 7.0;) AppleWebKit/537.36 (KHTML, like Gecko) Mobile Safari/537.36 (compatible; PetalBot;+https://webmaster.petalsearch.com/site/petalbot)"
185.191.171.44 - - [23/Jan/2022:04:35:59 +0100] "GET /decorative-statuette-beige-p-55066.html HTTP/1.0" 200 73454 "-" "Mozilla/5.0 (compatible; SemrushBot/7~bl; +http://www.semrush.com/bot.html)"
154.54.249.198 - - [23/Jan/2022:04:36:09 +0100] "GET /rtro-metal-plate-p-28412.html HTTP/1.0" 200 73420 "-" "Mozilla/5.0 (compatible; Barkrowler/0.9; +https://babbar.tech/crawler)"
154.54.249.198 - - [23/Jan/2022:04:36:26 +0100] "GET /robot-kid-clock-by-jo-p-39991.html HTTP/1.0" 301 73395 "-" "Mozilla/5.0 (compatible; Barkrowler/0.9; +https://babbar.tech/crawler)"
154.54.249.198 - - [23/Jan/2022:04:36:42 +0100] "GET /scottish-cbkreation-p-26364.html HTTP/1.0" 200 73351 "-" "Mozilla/5.0 (compatible; Barkrowler/0.9; +https://babbar.tech/crawler)"
154.54.249.198 - - [23/Jan/2022:04:36:58 +0100] "GET /petit-ours-brun-box-p-27779.html HTTP/1.0" 301 70858 "-" "Mozilla/5.0 (compatible; Barkrowler/0.9; +https://babbar.tech/crawler)"
51.68.224.127 - - [23/Jan/2022:04:37:11 +0100] "GET /adminweb/export_orders_xml.php?token=256de2z6edz6ed2z6DFSFsed2zed6zeDSFDSGdzedezfzf&maxorders=10&orderstart=1&status=14&start_date=2018-10-01 HTTP/1.0" 200 285 "-" "GesCom CharlotteBoutik Serveur"
51.68.224.127 - - [23/Jan/2022:04:37:11 +0100] "GET /adminweb/export_orders_xml.php?token=256de2z6edz6ed2z6DFSFsed2zed6zeDSFDSGdzedezfzf&maxorders=10&orderstart=1&status=6&start_date=2018-10-01 HTTP/1.0" 200 32795 "-" "GesCom CharlotteBoutik Serveur"
154.54.249.198 - - [23/Jan/2022:04:37:15 +0100] "GET /mickael-black-shirt-p-30164.html HTTP/1.0" 301 70785 "-" "Mozilla/5.0 (compatible; Barkrowler/0.9; +https://babbar.tech/crawler)"
185.191.171.24 - - [23/Jan/2022:04:37:21 +0100] "GET /hanging-metal-structure-tree-life-p-49482.html HTTP/1.0" 200 73528 "-" "Mozilla/5.0 (compatible; SemrushBot/7~bl; +http://www.semrush.com/bot.html)"
154.54.249.198 - - [23/Jan/2022:04:37:31 +0100] "GET /mickael-white-shirt-p-30159.html HTTP/1.0" 200 74768 "-" "Mozilla/5.0 (compatible; Barkrowler/0.9; +https://babbar.tech/crawler)"
154.54.249.198 - - [23/Jan/2022:04:37:47 +0100] "GET /mickael-white-shirt-p-30158.html HTTP/1.0" 200 74500 "-" "Mozilla/5.0 (compatible; Barkrowler/0.9; +https://babbar.tech/crawler)"
185.191.171.36 - - [23/Jan/2022:04:38:01 +0100] "GET /cups-saucers-allen-desings-blooms-p-54358.html?action=add_product HTTP/1.0" 302 476 "-" "Mozilla/5.0 (compatible; SemrushBot/7~bl; +http://www.semrush.com/bot.html)"
154.54.249.198 - - [23/Jan/2022:04:38:04 +0100] "GET /wax-melt-twilight-p-37314.html HTTP/1.0" 301 73986 "-" "Mozilla/5.0 (compatible; Barkrowler/0.9; +https://babbar.tech/crawler)"
54.36.148.243 - - [23/Jan/2022:04:38:07 +0100] "GET /large-lion-statue-p-55723.html HTTP/1.0" 200 73939 "-" "Mozilla/5.0 (compatible; AhrefsBot/7.0; +http://ahrefs.com/robot/)"
185.191.171.21 - - [23/Jan/2022:04:38:18 +0100] "GET /retro-kitchen-clock-gray-p-55764.html?action=add_product HTTP/1.0" 302 476 "-" "Mozilla/5.0 (compatible; SemrushBot/7~bl; +http://www.semrush.com/bot.html)"
154.54.249.198 - - [23/Jan/2022:04:38:20 +0100] "GET /wax-melt-warmer-p-37448.html HTTP/1.0" 301 70785 "-" "Mozilla/5.0 (compatible; Barkrowler/0.9; +https://babbar.tech/crawler)"
159.138.102.98 - - [23/Jan/2022:04:38:35 +0100] "GET /live-and-dream-mug-by-cbkreation-p-42931.html HTTP/1.0" 301 73539 "-" "Mozilla/5.0 (Linux; Android 7.0;) AppleWebKit/537.36 (KHTML, like Gecko) Mobile Safari/537.36 (compatible; PetalBot;+https://webmaster.petalsearch.com/site/petalbot)"
154.54.249.198 - - [23/Jan/2022:04:38:36 +0100] "GET /silence-wooden-frame-p-46087.html HTTP/1.0" 200 74295 "-" "Mozilla/5.0 (compatible; Barkrowler/0.9; +https://babbar.tech/crawler)"
159.138.102.98 - - [23/Jan/2022:04:38:39 +0100] "GET /live-dream-cbkreation-p-42931.html HTTP/1.0" 200 73451 "-" "Mozilla/5.0 (Linux; Android 7.0;) AppleWebKit/537.36 (KHTML, like Gecko) Mobile Safari/537.36 (compatible; PetalBot;+https://webmaster.petalsearch.com/site/petalbot)"
154.54.249.198 - - [23/Jan/2022:04:38:53 +0100] "GET /old-metal-tv-clock-p-47984.html HTTP/1.0" 301 74285 "-" "Mozilla/5.0 (compatible; Barkrowler/0.9; +https://babbar.tech/crawler)"
154.54.249.198 - - [23/Jan/2022:04:39:09 +0100] "GET /mandala-coasters-ceramic-p-44401.html HTTP/1.0" 200 74057 "-" "Mozilla/5.0 (compatible; Barkrowler/0.9; +https://babbar.tech/crawler)"
157.55.39.62 - - [23/Jan/2022:04:39:24 +0100] "GET /cccp-large-cabas-p-39395.html HTTP/1.0" 200 73360 "-" "Mozilla/5.0 (compatible; bingbot/2.0; +http://www.bing.com/bingbot.htm)"
154.54.249.198 - - [23/Jan/2022:04:39:25 +0100] "GET /beatles-vintage-metal-magnet-p-10809.html HTTP/1.0" 200 73358 "-" "Mozilla/5.0 (compatible; Barkrowler/0.9; +https://babbar.tech/crawler)"
185.191.171.40 - - [23/Jan/2022:04:39:25 +0100] "GET /embroidered-rectangular-tablecloth-kolam-140-140-cm-p-46464.html HTTP/1.0" 301 70785 "-" "Mozilla/5.0 (compatible; SemrushBot/7~bl; +http://www.semrush.com/bot.html)"
185.191.171.22 - - [23/Jan/2022:04:39:30 +0100] "GET /-p-46464.html HTTP/1.0" 200 70718 "-" "Mozilla/5.0 (compatible; SemrushBot/7~bl; +http://www.semrush.com/bot.html)"
17.121.112.90 - - [23/Jan/2022:04:39:31 +0100] "GET /angel-glitter-ball-p-27608.html HTTP/1.0" 200 73574 "-" "Mozilla/5.0 (Macintosh; Intel Mac OS X 10_15_5) AppleWebKit/605.1.15 (KHTML, like Gecko) Version/13.1.1 Safari/605.1.15 (Applebot/0.1; +http://www.apple.com/go/applebot)"
154.54.249.198 - - [23/Jan/2022:04:39:42 +0100] "GET /beatles-multifunction-bag-p-7756.html HTTP/1.0" 301 73682 "-" "Mozilla/5.0 (compatible; Barkrowler/0.9; +https://babbar.tech/crawler)"
154.54.249.198 - - [23/Jan/2022:04:39:58 +0100] "GET /beatles-help-metal-magnet-p-10806.html HTTP/1.0" 200 73315 "-" "Mozilla/5.0 (compatible; Barkrowler/0.9; +https://babbar.tech/crawler)"
154.54.249.198 - - [23/Jan/2022:04:40:14 +0100] "GET /beatles-logo-metal-magnet-p-10808.html HTTP/1.0" 200 73315 "-" "Mozilla/5.0 (compatible; Barkrowler/0.9; +https://babbar.tech/crawler)"
154.54.249.198 - - [23/Jan/2022:04:40:31 +0100] "GET /cinderella-money-box-p-8420.html HTTP/1.0" 301 73464 "-" "Mozilla/5.0 (compatible; Barkrowler/0.9; +https://babbar.tech/crawler)"
154.54.249.198 - - [23/Jan/2022:04:40:47 +0100] "GET /cinderella-film-figure-p-32168.html HTTP/1.0" 301 70785 "-" "Mozilla/5.0 (compatible; Barkrowler/0.9; +https://babbar.tech/crawler)"
154.54.249.198 - - [23/Jan/2022:04:41:03 +0100] "GET /claus-tisanire-p-50623.html HTTP/1.0" 200 73360 "-" "Mozilla/5.0 (compatible; Barkrowler/0.9; +https://babbar.tech/crawler)"
54.36.148.243 - - [23/Jan/2022:04:41:11 +0100] "GET /metal-clock-radio-p-54034.html HTTP/1.0" 200 74438 "-" "Mozilla/5.0 (compatible; AhrefsBot/7.0; +http://ahrefs.com/robot/)"
185.191.171.8 - - [23/Jan/2022:04:41:17 +0100] "GET /african-woman-decoration-p-54103.html HTTP/1.0" 200 74214 "-" "Mozilla/5.0 (compatible; SemrushBot/7~bl; +http://www.semrush.com/bot.html)"
154.54.249.198 - - [23/Jan/2022:04:41:21 +0100] "GET /german-shepherd-keychain-p-26303.html HTTP/1.0" 200 73401 "-" "Mozilla/5.0 (compatible; Barkrowler/0.9; +https://babbar.tech/crawler)"
114.119.128.26 - - [23/Jan/2022:04:41:23 +0100] "GET /tigger-winnie-the-pooh-disney-glitter-globe-p-33591.html HTTP/1.0" 301 70785 "-" "Mozilla/5.0 (Linux; Android 7.0;) AppleWebKit/537.36 (KHTML, like Gecko) Mobile Safari/537.36 (compatible; PetalBot;+https://webmaster.petalsearch.com/site/petalbot)"
114.119.128.26 - - [23/Jan/2022:04:41:25 +0100] "GET /-p-33591.html HTTP/1.0" 200 70718 "-" "Mozilla/5.0 (Linux; Android 7.0;) AppleWebKit/537.36 (KHTML, like Gecko) Mobile Safari/537.36 (compatible; PetalBot;+https://webmaster.petalsearch.com/site/petalbot)"
185.191.171.10 - - [23/Jan/2022:04:41:37 +0100] "GET /queen-kitchen-towel-p-38808.html HTTP/1.0" 200 73316 "-" "Mozilla/5.0 (compatible; SemrushBot/7~bl; +http://www.semrush.com/bot.html)"
154.54.249.198 - - [23/Jan/2022:04:41:37 +0100] "GET /glass-cutting-board-cherry-p-47881.html HTTP/1.0" 200 73371 "-" "Mozilla/5.0 (compatible; Barkrowler/0.9; +https://babbar.tech/crawler)"
154.54.249.198 - - [23/Jan/2022:04:41:54 +0100] "GET /glass-ceramic-hermetic-p-41245.html HTTP/1.0" 200 73439 "-" "Mozilla/5.0 (compatible; Barkrowler/0.9; +https://babbar.tech/crawler)"
154.54.249.198 - - [23/Jan/2022:04:42:10 +0100] "GET /glass-flower-pot-on-base-p-53373.html HTTP/1.0" 301 70874 "-" "Mozilla/5.0 (compatible; Barkrowler/0.9; +https://babbar.tech/crawler)"
154.54.249.198 - - [23/Jan/2022:04:42:27 +0100] "GET /horse-mosaic-pencil-case-p-21494.html HTTP/1.0" 200 73444 "-" "Mozilla/5.0 (compatible; Barkrowler/0.9; +https://babbar.tech/crawler)"
185.191.171.11 - - [23/Jan/2022:04:42:42 +0100] "GET /marseille-white-shirt-p-31255.html HTTP/1.0" 200 75064 "-" "Mozilla/5.0 (compatible; SemrushBot/7~bl; +http://www.semrush.com/bot.html)"
154.54.249.198 - - [23/Jan/2022:04:42:43 +0100] "GET /horse-portrait-canvas-frame-p-31840.html HTTP/1.0" 200 73441 "-" "Mozilla/5.0 (compatible; Barkrowler/0.9; +https://babbar.tech/crawler)"
154.54.249.198 - - [23/Jan/2022:04:43:00 +0100] "GET /horse-portrait-canvas-frame-p-31841.html HTTP/1.0" 200 73441 "-" "Mozilla/5.0 (compatible; Barkrowler/0.9; +https://babbar.tech/crawler)"
54.36.148.145 - - [23/Jan/2022:04:43:03 +0100] "GET /images/mini_prod/3520071815077.jpg HTTP/1.0" 200 269 "-" "Mozilla/5.0 (compatible; AhrefsBot/7.0; +http://ahrefs.com/robot/)"
154.54.249.198 - - [23/Jan/2022:04:43:17 +0100] "GET /horse-portrait-canvas-frame-p-31842.html HTTP/1.0" 200 73441 "-" "Mozilla/5.0 (compatible; Barkrowler/0.9; +https://babbar.tech/crawler)"
154.54.249.198 - - [23/Jan/2022:04:43:33 +0100] "GET /horse-club-nici-clock-p-14906.html HTTP/1.0" 200 73318 "-" "Mozilla/5.0 (compatible; Barkrowler/0.9; +https://babbar.tech/crawler)"
154.54.249.198 - - [23/Jan/2022:04:43:49 +0100] "GET /horse-small-round-magnet-p-31913.html HTTP/1.0" 200 73344 "-" "Mozilla/5.0 (compatible; Barkrowler/0.9; +https://babbar.tech/crawler)"
114.119.128.39 - - [23/Jan/2022:04:44:05 +0100] "GET /pokemon-pikachu-school-p-55755.html HTTP/1.0" 200 74414 "-" "Mozilla/5.0 (Linux; Android 7.0;) AppleWebKit/537.36 (KHTML, like Gecko) Mobile Safari/537.36 (compatible; PetalBot;+https://webmaster.petalsearch.com/site/petalbot)"
154.54.249.198 - - [23/Jan/2022:04:44:06 +0100] "GET /tour-france-metal-tray-p-51677.html HTTP/1.0" 200 73512 "-" "Mozilla/5.0 (compatible; Barkrowler/0.9; +https://babbar.tech/crawler)"
54.36.148.243 - - [23/Jan/2022:04:44:19 +0100] "GET /quenotte-herley-tooth-p-55157.html HTTP/1.0" 200 74070 "-" "Mozilla/5.0 (compatible; AhrefsBot/7.0; +http://ahrefs.com/robot/)"
154.54.249.198 - - [23/Jan/2022:04:44:23 +0100] "GET /tour-france-snow-globe-p-53653.html HTTP/1.0" 200 73392 "-" "Mozilla/5.0 (compatible; Barkrowler/0.9; +https://babbar.tech/crawler)"
185.191.171.3 - - [23/Jan/2022:04:44:28 +0100] "GET /placemat-the-little-prince-plane-p-53833.html HTTP/1.0" 301 73490 "-" "Mozilla/5.0 (compatible; SemrushBot/7~bl; +http://www.semrush.com/bot.html)"
185.191.171.8 - - [23/Jan/2022:04:44:31 +0100] "GET /placemat-little-prince-plane-p-53833.html HTTP/1.0" 200 73395 "-" "Mozilla/5.0 (compatible; SemrushBot/7~bl; +http://www.semrush.com/bot.html)"
154.54.249.198 - - [23/Jan/2022:04:44:40 +0100] "GET /tour-france-adult-apron-p-51197.html HTTP/1.0" 200 73333 "-" "Mozilla/5.0 (compatible; Barkrowler/0.9; +https://babbar.tech/crawler)"
154.54.249.198 - - [23/Jan/2022:04:44:56 +0100] "GET /tour-france-little-tray-p-51674.html HTTP/1.0" 200 73461 "-" "Mozilla/5.0 (compatible; Barkrowler/0.9; +https://babbar.tech/crawler)"
185.191.171.45 - - [23/Jan/2022:04:45:04 +0100] "GET /set-of-cement-tile-coasters-p-53118.html HTTP/1.0" 301 73453 "-" "Mozilla/5.0 (compatible; SemrushBot/7~bl; +http://www.semrush.com/bot.html)"
193.177.162.34 - - [23/Jan/2022:04:45:10 +0100] "GET /images/mini_prod/8033667001822.jpg HTTP/1.0" 200 269 "-" "Mozilla/5.0 (X11; Ubuntu; Linux x86_64; rv:72.0) Gecko/20100101 Firefox/72.0"
185.191.171.35 - - [23/Jan/2022:04:45:09 +0100] "GET /cement-tile-coasters-p-53118.html HTTP/1.0" 200 73366 "-" "Mozilla/5.0 (compatible; SemrushBot/7~bl; +http://www.semrush.com/bot.html)"
154.54.249.198 - - [23/Jan/2022:04:45:12 +0100] "GET /dora-explorer-stickers-p-27894.html HTTP/1.0" 200 73429 "-" "Mozilla/5.0 (compatible; Barkrowler/0.9; +https://babbar.tech/crawler)"
