95.91.15.103 - - [23/Jan/2022:07:55:50 +0100] "GET /robots.txt HTTP/1.0" 200 245 "-" "Mozilla/5.0 (compatible; MJ12bot/v1.4.8; http://mj12bot.com/)"
95.91.15.103 - - [23/Jan/2022:07:56:00 +0100] "GET /pucca-bag-p-5260.html HTTP/1.0" 301 70782 "-" "Mozilla/5.0 (compatible; MJ12bot/v1.4.8; http://mj12bot.com/)"
185.191.171.42 - - [23/Jan/2022:07:56:00 +0100] "GET /paris-corkscrew-notre-dame-paris-grey-metal-p-38608.html HTTP/1.0" 200 73541 "-" "Mozilla/5.0 (compatible; SemrushBot/7~bl; +http://www.semrush.com/bot.html)"
185.191.171.15 - - [23/Jan/2022:07:56:04 +0100] "GET /hanging-metal-structure-elephant-60-50-cm-p-44242.html HTTP/1.0" 301 73634 "-" "Mozilla/5.0 (compatible; SemrushBot/7~bl; +http://www.semrush.com/bot.html)"
185.191.171.24 - - [23/Jan/2022:07:56:07 +0100] "GET /hanging-metal-structure-elephant-p-44242.html HTTP/1.0" 200 73535 "-" "Mozilla/5.0 (compatible; SemrushBot/7~bl; +http://www.semrush.com/bot.html)"
114.119.128.34 - - [23/Jan/2022:07:56:13 +0100] "GET /images/mini_prod/3700786500349.jpg HTTP/1.0" 200 269 "-" "Mozilla/5.0 (Linux; Android 7.0;) AppleWebKit/537.36 (KHTML, like Gecko) Mobile Safari/537.36 (compatible; PetalBot;+https://webmaster.petalsearch.com/site/petalbot)"
95.91.15.103 - - [23/Jan/2022:07:56:14 +0100] "GET /-p-5260.html HTTP/1.0" 200 70716 "-" "Mozilla/5.0 (compatible; MJ12bot/v1.4.8; http://mj12bot.com/)"
95.91.15.103 - - [23/Jan/2022:07:56:24 +0100] "GET /pucca-cap-52-cm-p-22263.html HTTP/1.0" 301 73427 "-" "Mozilla/5.0 (compatible; MJ12bot/v1.4.8; http://mj12bot.com/)"
185.191.171.45 - - [23/Jan/2022:07:56:38 +0100] "GET /stone-carnelian-grammes-p-46576.html?action=add_product HTTP/1.0" 302 476 "-" "Mozilla/5.0 (compatible; SemrushBot/7~bl; +http://www.semrush.com/bot.html)"
95.91.15.103 - - [23/Jan/2022:07:56:38 +0100] "GET /pucca-p-22263.html HTTP/1.0" 200 73355 "-" "Mozilla/5.0 (compatible; MJ12bot/v1.4.8; http://mj12bot.com/)"
95.91.15.103 - - [23/Jan/2022:07:56:46 +0100] "GET /pucca-cap-52-cm-p-22265.html HTTP/1.0" 301 73450 "-" "Mozilla/5.0 (compatible; MJ12bot/v1.4.8; http://mj12bot.com/)"
95.91.15.103 - - [23/Jan/2022:07:56:54 +0100] "GET /pucca-p-22265.html HTTP/1.0" 200 73378 "-" "Mozilla/5.0 (compatible; MJ12bot/v1.4.8; http://mj12bot.com/)"
193.177.162.34 - - [23/Jan/2022:07:57:02 +0100] "GET /images/mini_prod/8412497371747.jpg HTTP/1.0" 200 269 "-" "Mozilla/5.0 (X11; Ubuntu; Linux x86_64; rv:72.0) Gecko/20100101 Firefox/72.0"
185.191.171.5 - - [23/Jan/2022:07:57:06 +0100] "GET /bistro-arts-p-39711.html HTTP/1.0" 200 73325 "-" "Mozilla/5.0 (compatible; SemrushBot/7~bl; +http://www.semrush.com/bot.html)"
103.131.71.56 - - [23/Jan/2022:07:57:13 +0100] "GET /robots.txt HTTP/1.0" 301 531 "-" "Mozilla/5.0 (compatible; coccocbot-web/1.0; +http://help.coccoc.com/searchengine)"
103.131.71.56 - - [23/Jan/2022:07:57:15 +0100] "GET /robots.txt HTTP/1.0" 200 245 "-" "Mozilla/5.0 (compatible; coccocbot-web/1.0; +http://help.coccoc.com/searchengine)"
185.191.171.23 - - [23/Jan/2022:07:57:15 +0100] "GET /gorjuss-jotter-with-pen-time-to-fly-p-41189.html HTTP/1.0" 301 74145 "-" "Mozilla/5.0 (compatible; SemrushBot/7~bl; +http://www.semrush.com/bot.html)"
103.131.71.230 - - [23/Jan/2022:07:57:18 +0100] "GET /robots.txt HTTP/1.0" 200 245 "-" "Mozilla/5.0 (compatible; coccocbot-web/1.0; +http://help.coccoc.com/searchengine)"
95.91.15.103 - - [23/Jan/2022:07:57:17 +0100] "GET /pucca-cap-54-cm-p-22264.html HTTP/1.0" 301 73427 "-" "Mozilla/5.0 (compatible; MJ12bot/v1.4.8; http://mj12bot.com/)"
103.131.71.161 - - [23/Jan/2022:07:57:20 +0100] "GET /archangel-chamuel-statuette-bronze-color-p-53052.html HTTP/1.0" 200 73575 "-" "Mozilla/5.0 (compatible; coccocbot-web/1.0; +http://help.coccoc.com/searchengine)"
185.191.171.10 - - [23/Jan/2022:07:57:19 +0100] "GET /gorjuss-jotter-with-time-p-41189.html HTTP/1.0" 200 74054 "-" "Mozilla/5.0 (compatible; SemrushBot/7~bl; +http://www.semrush.com/bot.html)"
157.55.39.153 - - [23/Jan/2022:07:57:24 +0100] "GET /images/big_prod_3/1328399219643c.jpg HTTP/1.0" 200 271 "-" "Mozilla/5.0 (compatible; bingbot/2.0; +http://www.bing.com/bingbot.htm)"
185.191.171.22 - - [23/Jan/2022:07:57:23 +0100] "GET /garden-gnome-adult-apron-p-37939.html HTTP/1.0" 200 70829 "-" "Mozilla/5.0 (compatible; SemrushBot/7~bl; +http://www.semrush.com/bot.html)"
95.91.15.103 - - [23/Jan/2022:07:57:27 +0100] "GET /pucca-p-22264.html HTTP/1.0" 200 73355 "-" "Mozilla/5.0 (compatible; MJ12bot/v1.4.8; http://mj12bot.com/)"
17.121.113.162 - - [23/Jan/2022:07:57:33 +0100] "GET /beatles-story-notebook-p-17105.html HTTP/1.0" 200 75120 "-" "Mozilla/5.0 (Macintosh; Intel Mac OS X 10_15_5) AppleWebKit/605.1.15 (KHTML, like Gecko) Version/13.1.1 Safari/605.1.15 (Applebot/0.1; +http://www.apple.com/go/applebot)"
95.91.15.103 - - [23/Jan/2022:07:57:35 +0100] "GET /pucca-funny-love-mouse-p-2463.html HTTP/1.0" 200 73540 "-" "Mozilla/5.0 (compatible; MJ12bot/v1.4.8; http://mj12bot.com/)"
95.91.15.103 - - [23/Jan/2022:07:57:48 +0100] "GET /pucca-funny-love-mouse-pad-p-2463.html HTTP/1.0" 301 73628 "-" "Mozilla/5.0 (compatible; MJ12bot/v1.4.8; http://mj12bot.com/)"
185.191.171.5 - - [23/Jan/2022:07:57:50 +0100] "GET /monkey-gold-wall-lamp-standing-p-50017.html HTTP/1.0" 200 70830 "-" "Mozilla/5.0 (compatible; SemrushBot/7~bl; +http://www.semrush.com/bot.html)"
95.91.15.103 - - [23/Jan/2022:07:57:57 +0100] "GET /pucca-funny-love-mouse-p-2463.html HTTP/1.0" 200 73540 "-" "Mozilla/5.0 (compatible; MJ12bot/v1.4.8; http://mj12bot.com/)"
95.91.15.103 - - [23/Jan/2022:07:58:07 +0100] "GET /pucca-metal-money-box-p-1666.html HTTP/1.0" 301 70782 "-" "Mozilla/5.0 (compatible; MJ12bot/v1.4.8; http://mj12bot.com/)"
17.121.113.229 - - [23/Jan/2022:07:58:09 +0100] "GET /london-union-jack-black-shirt-p-30145.html HTTP/1.0" 200 74589 "-" "Mozilla/5.0 (Macintosh; Intel Mac OS X 10_15_5) AppleWebKit/605.1.15 (KHTML, like Gecko) Version/13.1.1 Safari/605.1.15 (Applebot/0.1; +http://www.apple.com/go/applebot)"
95.91.15.103 - - [23/Jan/2022:07:58:21 +0100] "GET /-p-1666.html HTTP/1.0" 200 70716 "-" "Mozilla/5.0 (compatible; MJ12bot/v1.4.8; http://mj12bot.com/)"
95.91.15.103 - - [23/Jan/2022:07:58:30 +0100] "GET /pucca-p-22263.html HTTP/1.0" 200 73355 "-" "Mozilla/5.0 (compatible; MJ12bot/v1.4.8; http://mj12bot.com/)"
95.91.15.103 - - [23/Jan/2022:07:58:46 +0100] "GET /pucca-p-22264.html HTTP/1.0" 200 73355 "-" "Mozilla/5.0 (compatible; MJ12bot/v1.4.8; http://mj12bot.com/)"
185.191.171.24 - - [23/Jan/2022:07:58:48 +0100] "GET /hand-painted-tin-daisy-small-grapefruit-pine-p-36655.html HTTP/1.0" 301 70785 "-" "Mozilla/5.0 (compatible; SemrushBot/7~bl; +http://www.semrush.com/bot.html)"
185.191.171.44 - - [23/Jan/2022:07:58:53 +0100] "GET /-p-36655.html HTTP/1.0" 200 70718 "-" "Mozilla/5.0 (compatible; SemrushBot/7~bl; +http://www.semrush.com/bot.html)"
17.121.115.200 - - [23/Jan/2022:07:59:00 +0100] "GET /chair-cushion-sides-beige-green-p-47028.html HTTP/1.0" 200 73510 "-" "Mozilla/5.0 (Macintosh; Intel Mac OS X 10_15_5) AppleWebKit/605.1.15 (KHTML, like Gecko) Version/13.1.1 Safari/605.1.15 (Applebot/0.1; +http://www.apple.com/go/applebot)"
95.91.15.103 - - [23/Jan/2022:07:59:05 +0100] "GET /pucca-p-22265.html HTTP/1.0" 200 73378 "-" "Mozilla/5.0 (compatible; MJ12bot/v1.4.8; http://mj12bot.com/)"
185.191.171.34 - - [23/Jan/2022:07:59:11 +0100] "GET /uk-keyring-by-cbkreation-p-43234.html HTTP/1.0" 301 73493 "-" "Mozilla/5.0 (compatible; SemrushBot/7~bl; +http://www.semrush.com/bot.html)"
185.191.171.2 - - [23/Jan/2022:07:59:14 +0100] "GET /keyring-cbkreation-p-43234.html HTTP/1.0" 200 73408 "-" "Mozilla/5.0 (compatible; SemrushBot/7~bl; +http://www.semrush.com/bot.html)"
95.91.15.103 - - [23/Jan/2022:07:59:18 +0100] "GET /pucca-polar-blanket-p-16110.html HTTP/1.0" 301 70785 "-" "Mozilla/5.0 (compatible; MJ12bot/v1.4.8; http://mj12bot.com/)"
185.191.171.11 - - [23/Jan/2022:07:59:36 +0100] "GET /audrey-hepburn-breakfast-tiffany-clock-p-6329.html?action=add_product HTTP/1.0" 302 476 "-" "Mozilla/5.0 (compatible; SemrushBot/7~bl; +http://www.semrush.com/bot.html)"
95.91.15.103 - - [23/Jan/2022:07:59:37 +0100] "GET /-p-16110.html HTTP/1.0" 200 70718 "-" "Mozilla/5.0 (compatible; MJ12bot/v1.4.8; http://mj12bot.com/)"
95.91.15.103 - - [23/Jan/2022:07:59:52 +0100] "GET /pudgy-kissing-betty-boop-tumbler-by-romero-britto-p-31813.html HTTP/1.0" 301 71011 "-" "Mozilla/5.0 (compatible; MJ12bot/v1.4.8; http://mj12bot.com/)"
185.191.171.2 - - [23/Jan/2022:07:59:57 +0100] "GET /little-prince-saint-exupery-wall-decoration-p-45843.html?action=add_product HTTP/1.0" 302 476 "-" "Mozilla/5.0 (compatible; SemrushBot/7~bl; +http://www.semrush.com/bot.html)"
95.91.15.103 - - [23/Jan/2022:08:00:03 +0100] "GET /pudgy-kissing-betty-boop-tumbler-romero-britto-p-31813.html HTTP/1.0" 200 70898 "-" "Mozilla/5.0 (compatible; MJ12bot/v1.4.8; http://mj12bot.com/)"
95.91.15.103 - - [23/Jan/2022:08:00:19 +0100] "GET /pudgy-kissing-betty-boop-tumbler-romero-britto-p-31813.html HTTP/1.0" 200 70898 "-" "Mozilla/5.0 (compatible; MJ12bot/v1.4.8; http://mj12bot.com/)"
185.191.171.13 - - [23/Jan/2022:08:00:19 +0100] "GET /zen-nature-stickers-20-70-cm-p-35381.html HTTP/1.0" 301 70785 "-" "Mozilla/5.0 (compatible; SemrushBot/7~bl; +http://www.semrush.com/bot.html)"
185.191.171.39 - - [23/Jan/2022:08:00:24 +0100] "GET /-p-35381.html HTTP/1.0" 200 70718 "-" "Mozilla/5.0 (compatible; SemrushBot/7~bl; +http://www.semrush.com/bot.html)"
95.91.15.103 - - [23/Jan/2022:08:00:34 +0100] "GET /pulp-fiction-movie-one-sheet-poster-p-32300.html HTTP/1.0" 301 70974 "-" "Mozilla/5.0 (compatible; MJ12bot/v1.4.8; http://mj12bot.com/)"
95.91.15.103 - - [23/Jan/2022:08:00:40 +0100] "GET /pulp-fiction-movie-sheet-poster-p-32300.html HTTP/1.0" 200 70876 "-" "Mozilla/5.0 (compatible; MJ12bot/v1.4.8; http://mj12bot.com/)"
95.91.15.103 - - [23/Jan/2022:08:00:57 +0100] "GET /pulp-fiction-movie-sheet-poster-p-32300.html HTTP/1.0" 200 70876 "-" "Mozilla/5.0 (compatible; MJ12bot/v1.4.8; http://mj12bot.com/)"
157.55.39.153 - - [23/Jan/2022:08:01:06 +0100] "GET /story-prickles-figure-p-6754.html HTTP/1.0" 200 73492 "-" "Mozilla/5.0 (compatible; bingbot/2.0; +http://www.bing.com/bingbot.htm)"
95.91.15.103 - - [23/Jan/2022:08:01:13 +0100] "GET /puppies-and-boots-wildside-poster-p-25820.html HTTP/1.0" 301 73496 "-" "Mozilla/5.0 (compatible; MJ12bot/v1.4.8; http://mj12bot.com/)"
95.91.15.103 - - [23/Jan/2022:08:01:26 +0100] "GET /puppies-boots-wildside-poster-p-25820.html HTTP/1.0" 200 73400 "-" "Mozilla/5.0 (compatible; MJ12bot/v1.4.8; http://mj12bot.com/)"
185.191.171.14 - - [23/Jan/2022:08:01:32 +0100] "GET /golden-monkey-table-lamp-p-56777.html?action=add_product HTTP/1.0" 302 476 "-" "Mozilla/5.0 (compatible; SemrushBot/7~bl; +http://www.semrush.com/bot.html)"
95.91.15.103 - - [23/Jan/2022:08:01:36 +0100] "GET /puppies-boots-wildside-poster-p-25820.html HTTP/1.0" 200 73400 "-" "Mozilla/5.0 (compatible; MJ12bot/v1.4.8; http://mj12bot.com/)"
95.91.15.103 - - [23/Jan/2022:08:01:45 +0100] "GET /puppies-cushion-door-p-32071.html HTTP/1.0" 301 70785 "-" "Mozilla/5.0 (compatible; MJ12bot/v1.4.8; http://mj12bot.com/)"
185.191.171.38 - - [23/Jan/2022:08:01:49 +0100] "GET /elsa-small-trolley-p-35531.html?action=add_product HTTP/1.0" 302 476 "-" "Mozilla/5.0 (compatible; SemrushBot/7~bl; +http://www.semrush.com/bot.html)"
95.91.15.103 - - [23/Jan/2022:08:01:51 +0100] "GET /-p-32071.html HTTP/1.0" 200 70718 "-" "Mozilla/5.0 (compatible; MJ12bot/v1.4.8; http://mj12bot.com/)"
95.91.15.103 - - [23/Jan/2022:08:02:01 +0100] "GET /purple-aquaducks-duck-bath-swims-and-quacks-p-34991.html HTTP/1.0" 301 71028 "-" "Mozilla/5.0 (compatible; MJ12bot/v1.4.8; http://mj12bot.com/)"
95.91.15.103 - - [23/Jan/2022:08:02:07 +0100] "GET /purple-aquaducks-duck-bath-swims-quacks-p-34991.html HTTP/1.0" 200 70922 "-" "Mozilla/5.0 (compatible; MJ12bot/v1.4.8; http://mj12bot.com/)"
95.91.15.103 - - [23/Jan/2022:08:02:20 +0100] "GET /purple-aquaducks-duck-bath-swims-quacks-p-34991.html HTTP/1.0" 200 70922 "-" "Mozilla/5.0 (compatible; MJ12bot/v1.4.8; http://mj12bot.com/)"
95.91.15.103 - - [23/Jan/2022:08:02:25 +0100] "GET /purse-and-wallet-c-31_76.html?page=1 HTTP/1.0" 301 91517 "-" "Mozilla/5.0 (compatible; MJ12bot/v1.4.8; http://mj12bot.com/)"
185.191.171.25 - - [23/Jan/2022:08:02:29 +0100] "GET /household-linen-c-11.html?page=12 HTTP/1.0" 200 93806 "-" "Mozilla/5.0 (compatible; SemrushBot/7~bl; +http://www.semrush.com/bot.html)"
95.91.15.103 - - [23/Jan/2022:08:02:32 +0100] "GET /purse-wallet-c-76.html?page=1 HTTP/1.0" 301 91362 "-" "Mozilla/5.0 (compatible; MJ12bot/v1.4.8; http://mj12bot.com/)"
167.114.103.160 - - [23/Jan/2022:08:02:40 +0100] "GET /robots.txt HTTP/1.0" 200 245 "-" "Mozilla/5.0 (compatible; MJ12bot/v1.4.8; http://mj12bot.com/)"
95.91.15.103 - - [23/Jan/2022:08:02:40 +0100] "GET /purse-wallet-c-31_76.html?page=1 HTTP/1.0" 200 91434 "-" "Mozilla/5.0 (compatible; MJ12bot/v1.4.8; http://mj12bot.com/)"
207.46.13.190 - - [23/Jan/2022:08:02:41 +0100] "GET /disney-princesses-pull-under-p-31127.html HTTP/1.0" 200 74572 "-" "Mozilla/5.0 (compatible; bingbot/2.0; +http://www.bing.com/bingbot.htm)"
167.114.103.160 - - [23/Jan/2022:08:02:42 +0100] "GET /violetta-pencil-case-p-26416.html HTTP/1.0" 301 70785 "-" "Mozilla/5.0 (compatible; MJ12bot/v1.4.8; http://mj12bot.com/)"
95.91.15.103 - - [23/Jan/2022:08:02:44 +0100] "GET /purse-and-wallet-c-31_76.html?page=10 HTTP/1.0" 301 83923 "-" "Mozilla/5.0 (compatible; MJ12bot/v1.4.8; http://mj12bot.com/)"
167.114.103.160 - - [23/Jan/2022:08:02:46 +0100] "GET /-p-26416.html HTTP/1.0" 200 70718 "-" "Mozilla/5.0 (compatible; MJ12bot/v1.4.8; http://mj12bot.com/)"
167.114.103.160 - - [23/Jan/2022:08:02:49 +0100] "GET /violetta-poster-p-32277.html HTTP/1.0" 200 70784 "-" "Mozilla/5.0 (compatible; MJ12bot/v1.4.8; http://mj12bot.com/)"
167.114.103.160 - - [23/Jan/2022:08:02:53 +0100] "GET /volkswagen-combi-blue-p-26262.html HTTP/1.0" 301 70785 "-" "Mozilla/5.0 (compatible; MJ12bot/v1.4.8; http://mj12bot.com/)"
95.91.15.103 - - [23/Jan/2022:08:02:53 +0100] "GET /purse-wallet-c-76.html?page=10 HTTP/1.0" 301 83768 "-" "Mozilla/5.0 (compatible; MJ12bot/v1.4.8; http://mj12bot.com/)"
167.114.103.160 - - [23/Jan/2022:08:02:56 +0100] "GET /-p-26262.html HTTP/1.0" 200 70718 "-" "Mozilla/5.0 (compatible; MJ12bot/v1.4.8; http://mj12bot.com/)"
167.114.103.160 - - [23/Jan/2022:08:03:03 +0100] "GET /volt-pairs-of-socks-size-27-30-p-25597.html HTTP/1.0" 301 70785 "-" "Mozilla/5.0 (compatible; MJ12bot/v1.4.8; http://mj12bot.com/)"
95.91.15.103 - - [23/Jan/2022:08:03:04 +0100] "GET /purse-wallet-c-31_76.html?page=10 HTTP/1.0" 200 83839 "-" "Mozilla/5.0 (compatible; MJ12bot/v1.4.8; http://mj12bot.com/)"
167.114.103.160 - - [23/Jan/2022:08:03:06 +0100] "GET /-p-25597.html HTTP/1.0" 200 70718 "-" "Mozilla/5.0 (compatible; MJ12bot/v1.4.8; http://mj12bot.com/)"
167.114.103.160 - - [23/Jan/2022:08:03:11 +0100] "GET /walking-dead-daryl-poster-p-40775.html HTTP/1.0" 200 70808 "-" "Mozilla/5.0 (compatible; MJ12bot/v1.4.8; http://mj12bot.com/)"
95.91.15.103 - - [23/Jan/2022:08:03:16 +0100] "GET /purse-and-wallet-c-31_76.html?page=11 HTTP/1.0" 301 83923 "-" "Mozilla/5.0 (compatible; MJ12bot/v1.4.8; http://mj12bot.com/)"
167.114.103.160 - - [23/Jan/2022:08:03:16 +0100] "GET /wall-decoration-hang-p-42749.html HTTP/1.0" 200 73489 "-" "Mozilla/5.0 (compatible; MJ12bot/v1.4.8; http://mj12bot.com/)"
167.114.103.160 - - [23/Jan/2022:08:03:21 +0100] "GET /wallet-with-clasp-collection-gorjuss-dear-alice-p-25945.html HTTP/1.0" 200 70944 "-" "Mozilla/5.0 (compatible; MJ12bot/v1.4.8; http://mj12bot.com/)"
114.119.128.253 - - [23/Jan/2022:08:03:23 +0100] "GET /yumiko-p-50771.html HTTP/1.0" 200 74266 "-" "Mozilla/5.0 (Linux; Android 7.0;) AppleWebKit/537.36 (KHTML, like Gecko) Mobile Safari/537.36 (compatible; PetalBot;+https://webmaster.petalsearch.com/site/petalbot)"
95.91.15.103 - - [23/Jan/2022:08:03:23 +0100] "GET /purse-wallet-c-76.html?page=11 HTTP/1.0" 301 83768 "-" "Mozilla/5.0 (compatible; MJ12bot/v1.4.8; http://mj12bot.com/)"
167.114.103.160 - - [23/Jan/2022:08:03:24 +0100] "GET /white-dress-betty-boop-animated-lamp-p-17393.html HTTP/1.0" 301 70785 "-" "Mozilla/5.0 (compatible; MJ12bot/v1.4.8; http://mj12bot.com/)"
167.114.103.160 - - [23/Jan/2022:08:03:28 +0100] "GET /-p-17393.html HTTP/1.0" 200 70718 "-" "Mozilla/5.0 (compatible; MJ12bot/v1.4.8; http://mj12bot.com/)"
167.114.103.160 - - [23/Jan/2022:08:03:32 +0100] "GET /white-elefant-decorative-statue-p-31558.html HTTP/1.0" 200 70864 "-" "Mozilla/5.0 (compatible; MJ12bot/v1.4.8; http://mj12bot.com/)"
95.91.15.103 - - [23/Jan/2022:08:03:33 +0100] "GET /purse-wallet-c-31_76.html?page=11 HTTP/1.0" 200 83839 "-" "Mozilla/5.0 (compatible; MJ12bot/v1.4.8; http://mj12bot.com/)"
167.114.103.160 - - [23/Jan/2022:08:03:35 +0100] "GET /white-skull-money-p-28321.html HTTP/1.0" 301 70785 "-" "Mozilla/5.0 (compatible; MJ12bot/v1.4.8; http://mj12bot.com/)"
167.114.103.160 - - [23/Jan/2022:08:03:38 +0100] "GET /-p-28321.html HTTP/1.0" 200 70718 "-" "Mozilla/5.0 (compatible; MJ12bot/v1.4.8; http://mj12bot.com/)"
95.91.15.103 - - [23/Jan/2022:08:03:39 +0100] "GET /purse-and-wallet-c-31_76.html?page=12 HTTP/1.0" 301 83923 "-" "Mozilla/5.0 (compatible; MJ12bot/v1.4.8; http://mj12bot.com/)"
185.191.171.33 - - [23/Jan/2022:08:03:39 +0100] "GET /great-dog-bowls-table-p-31429.html HTTP/1.0" 301 73518 "-" "Mozilla/5.0 (compatible; SemrushBot/7~bl; +http://www.semrush.com/bot.html)"
167.114.103.160 - - [23/Jan/2022:08:03:41 +0100] "GET /white-tiger-pencil-case-p-40969.html HTTP/1.0" 200 70824 "-" "Mozilla/5.0 (compatible; MJ12bot/v1.4.8; http://mj12bot.com/)"
185.191.171.9 - - [23/Jan/2022:08:03:43 +0100] "GET /great-bowls-table-p-31429.html HTTP/1.0" 200 73434 "-" "Mozilla/5.0 (compatible; SemrushBot/7~bl; +http://www.semrush.com/bot.html)"
167.114.103.160 - - [23/Jan/2022:08:03:44 +0100] "GET /zen-wooden-wall-decoration-to-hang-40-40-cm-p-42749.html HTTP/1.0" 301 73576 "-" "Mozilla/5.0 (compatible; MJ12bot/v1.4.8; http://mj12bot.com/)"
185.191.171.14 - - [23/Jan/2022:08:03:48 +0100] "GET /candy-cloud-pencil-case-jazzy-p-49846.html?action=add_product HTTP/1.0" 302 476 "-" "Mozilla/5.0 (compatible; SemrushBot/7~bl; +http://www.semrush.com/bot.html)"
167.114.103.160 - - [23/Jan/2022:08:03:48 +0100] "GET /wall-decoration-hang-p-42749.html HTTP/1.0" 200 73489 "-" "Mozilla/5.0 (compatible; MJ12bot/v1.4.8; http://mj12bot.com/)"
95.91.15.103 - - [23/Jan/2022:08:03:51 +0100] "GET /purse-wallet-c-76.html?page=12 HTTP/1.0" 301 83768 "-" "Mozilla/5.0 (compatible; MJ12bot/v1.4.8; http://mj12bot.com/)"
185.191.171.12 - - [23/Jan/2022:08:03:54 +0100] "GET /sex-pistols-pencil-case-p-19627.html HTTP/1.0" 301 73473 "-" "Mozilla/5.0 (compatible; SemrushBot/7~bl; +http://www.semrush.com/bot.html)"
185.191.171.40 - - [23/Jan/2022:08:03:58 +0100] "GET /pistols-pencil-case-p-19627.html HTTP/1.0" 200 73387 "-" "Mozilla/5.0 (compatible; SemrushBot/7~bl; +http://www.semrush.com/bot.html)"
95.91.15.103 - - [23/Jan/2022:08:04:00 +0100] "GET /purse-wallet-c-31_76.html?page=12 HTTP/1.0" 200 83839 "-" "Mozilla/5.0 (compatible; MJ12bot/v1.4.8; http://mj12bot.com/)"
95.91.15.103 - - [23/Jan/2022:08:04:07 +0100] "GET /purse-and-wallet-c-31_76.html?page=13 HTTP/1.0" 301 83923 "-" "Mozilla/5.0 (compatible; MJ12bot/v1.4.8; http://mj12bot.com/)"
95.91.15.103 - - [23/Jan/2022:08:04:14 +0100] "GET /purse-wallet-c-76.html?page=13 HTTP/1.0" 301 83768 "-" "Mozilla/5.0 (compatible; MJ12bot/v1.4.8; http://mj12bot.com/)"
95.91.15.103 - - [23/Jan/2022:08:04:20 +0100] "GET /purse-wallet-c-31_76.html?page=13 HTTP/1.0" 200 83839 "-" "Mozilla/5.0 (compatible; MJ12bot/v1.4.8; http://mj12bot.com/)"
95.91.15.103 - - [23/Jan/2022:08:04:32 +0100] "GET /purse-and-wallet-c-31_76.html?page=14 HTTP/1.0" 301 83923 "-" "Mozilla/5.0 (compatible; MJ12bot/v1.4.8; http://mj12bot.com/)"
95.91.15.103 - - [23/Jan/2022:08:04:42 +0100] "GET /purse-wallet-c-76.html?page=14 HTTP/1.0" 301 83768 "-" "Mozilla/5.0 (compatible; MJ12bot/v1.4.8; http://mj12bot.com/)"
95.91.15.103 - - [23/Jan/2022:08:04:56 +0100] "GET /purse-wallet-c-31_76.html?page=14 HTTP/1.0" 200 83839 "-" "Mozilla/5.0 (compatible; MJ12bot/v1.4.8; http://mj12bot.com/)"
95.91.15.103 - - [23/Jan/2022:08:05:06 +0100] "GET /purse-and-wallet-c-31_76.html?page=15 HTTP/1.0" 301 83923 "-" "Mozilla/5.0 (compatible; MJ12bot/v1.4.8; http://mj12bot.com/)"
95.91.15.103 - - [23/Jan/2022:08:05:12 +0100] "GET /purse-wallet-c-76.html?page=15 HTTP/1.0" 301 83768 "-" "Mozilla/5.0 (compatible; MJ12bot/v1.4.8; http://mj12bot.com/)"
95.91.15.103 - - [23/Jan/2022:08:05:20 +0100] "GET /purse-wallet-c-31_76.html?page=15 HTTP/1.0" 200 83839 "-" "Mozilla/5.0 (compatible; MJ12bot/v1.4.8; http://mj12bot.com/)"
95.91.15.103 - - [23/Jan/2022:08:05:31 +0100] "GET /purse-and-wallet-c-31_76.html?page=16 HTTP/1.0" 301 83923 "-" "Mozilla/5.0 (compatible; MJ12bot/v1.4.8; http://mj12bot.com/)"
95.91.15.103 - - [23/Jan/2022:08:05:35 +0100] "GET /purse-wallet-c-76.html?page=16 HTTP/1.0" 301 83768 "-" "Mozilla/5.0 (compatible; MJ12bot/v1.4.8; http://mj12bot.com/)"
95.91.15.103 - - [23/Jan/2022:08:05:38 +0100] "GET /purse-wallet-c-31_76.html?page=16 HTTP/1.0" 200 83839 "-" "Mozilla/5.0 (compatible; MJ12bot/v1.4.8; http://mj12bot.com/)"
95.91.15.103 - - [23/Jan/2022:08:05:44 +0100] "GET /purse-and-wallet-c-31_76.html?page=17 HTTP/1.0" 301 83923 "-" "Mozilla/5.0 (compatible; MJ12bot/v1.4.8; http://mj12bot.com/)"
95.91.15.103 - - [23/Jan/2022:08:05:54 +0100] "GET /purse-wallet-c-76.html?page=17 HTTP/1.0" 301 83768 "-" "Mozilla/5.0 (compatible; MJ12bot/v1.4.8; http://mj12bot.com/)"
95.91.15.103 - - [23/Jan/2022:08:05:58 +0100] "GET /purse-wallet-c-31_76.html?page=17 HTTP/1.0" 200 83839 "-" "Mozilla/5.0 (compatible; MJ12bot/v1.4.8; http://mj12bot.com/)"
54.36.148.81 - - [23/Jan/2022:08:06:01 +0100] "GET /pairs-of-socks-charlotte-aux-fraises-27-30-p-50909.html HTTP/1.0" 301 70785 "-" "Mozilla/5.0 (compatible; AhrefsBot/7.0; +http://ahrefs.com/robot/)"
95.91.15.103 - - [23/Jan/2022:08:06:02 +0100] "GET /purse-and-wallet-c-31_76.html?page=18 HTTP/1.0" 301 83923 "-" "Mozilla/5.0 (compatible; MJ12bot/v1.4.8; http://mj12bot.com/)"
185.191.171.39 - - [23/Jan/2022:08:06:05 +0100] "GET /trucks-chevrolet-metal-plate-deco-405-215-cm-p-44855.html HTTP/1.0" 301 73681 "-" "Mozilla/5.0 (compatible; SemrushBot/7~bl; +http://www.semrush.com/bot.html)"
185.191.171.33 - - [23/Jan/2022:08:06:09 +0100] "GET /trucks-chevrolet-metal-plate-deco-p-44855.html HTTP/1.0" 200 73581 "-" "Mozilla/5.0 (compatible; SemrushBot/7~bl; +http://www.semrush.com/bot.html)"
95.91.15.103 - - [23/Jan/2022:08:06:09 +0100] "GET /purse-wallet-c-76.html?page=18 HTTP/1.0" 301 83768 "-" "Mozilla/5.0 (compatible; MJ12bot/v1.4.8; http://mj12bot.com/)"
95.91.15.103 - - [23/Jan/2022:08:06:18 +0100] "GET /purse-wallet-c-31_76.html?page=18 HTTP/1.0" 200 83839 "-" "Mozilla/5.0 (compatible; MJ12bot/v1.4.8; http://mj12bot.com/)"
185.191.171.23 - - [23/Jan/2022:08:06:27 +0100] "GET /volkswagen-beatle-metal-plate-30-20-cm-p-37152.html HTTP/1.0" 301 70942 "-" "Mozilla/5.0 (compatible; SemrushBot/7~bl; +http://www.semrush.com/bot.html)"
95.91.15.103 - - [23/Jan/2022:08:06:29 +0100] "GET /purse-and-wallet-c-31_76.html?page=19 HTTP/1.0" 301 83923 "-" "Mozilla/5.0 (compatible; MJ12bot/v1.4.8; http://mj12bot.com/)"
185.191.171.38 - - [23/Jan/2022:08:06:30 +0100] "GET /volkswagen-beatle-metal-plate-p-37152.html HTTP/1.0" 200 70846 "-" "Mozilla/5.0 (compatible; SemrushBot/7~bl; +http://www.semrush.com/bot.html)"
95.91.15.103 - - [23/Jan/2022:08:06:38 +0100] "GET /purse-wallet-c-76.html?page=19 HTTP/1.0" 301 83768 "-" "Mozilla/5.0 (compatible; MJ12bot/v1.4.8; http://mj12bot.com/)"
95.91.15.103 - - [23/Jan/2022:08:06:49 +0100] "GET /purse-wallet-c-31_76.html?page=19 HTTP/1.0" 200 83839 "-" "Mozilla/5.0 (compatible; MJ12bot/v1.4.8; http://mj12bot.com/)"
95.91.15.103 - - [23/Jan/2022:08:07:00 +0100] "GET /purse-and-wallet-c-31_76.html?page=2 HTTP/1.0" 301 93023 "-" "Mozilla/5.0 (compatible; MJ12bot/v1.4.8; http://mj12bot.com/)"
95.91.15.103 - - [23/Jan/2022:08:07:08 +0100] "GET /purse-wallet-c-76.html?page=2 HTTP/1.0" 301 92868 "-" "Mozilla/5.0 (compatible; MJ12bot/v1.4.8; http://mj12bot.com/)"
95.91.15.103 - - [23/Jan/2022:08:07:13 +0100] "GET /purse-wallet-c-31_76.html?page=2 HTTP/1.0" 200 92940 "-" "Mozilla/5.0 (compatible; MJ12bot/v1.4.8; http://mj12bot.com/)"
95.91.15.103 - - [23/Jan/2022:08:07:28 +0100] "GET /purse-and-wallet-c-76.html?page=12 HTTP/1.0" 301 83768 "-" "Mozilla/5.0 (compatible; MJ12bot/v1.4.8; http://mj12bot.com/)"
95.91.15.103 - - [23/Jan/2022:08:07:36 +0100] "GET /purse-wallet-c-31_76.html?page=12 HTTP/1.0" 200 83839 "-" "Mozilla/5.0 (compatible; MJ12bot/v1.4.8; http://mj12bot.com/)"
54.36.148.243 - - [23/Jan/2022:08:07:42 +0100] "GET /household-linen-c-11.html?page=56 HTTP/1.0" 200 93341 "-" "Mozilla/5.0 (compatible; AhrefsBot/7.0; +http://ahrefs.com/robot/)"
95.91.15.103 - - [23/Jan/2022:08:07:46 +0100] "GET /purse-and-wallet-c-76.html?page=13 HTTP/1.0" 301 83768 "-" "Mozilla/5.0 (compatible; MJ12bot/v1.4.8; http://mj12bot.com/)"
149.202.82.11 - - [23/Jan/2022:08:07:53 +0100] "GET /robots.txt HTTP/1.0" 200 245 "-" "Mozilla/5.0 (compatible; MJ12bot/v1.4.8; http://mj12bot.com/)"
185.191.171.3 - - [23/Jan/2022:08:07:56 +0100] "GET /heart-home-friendly-stick-diffuser-geranium-wood-p-52808.html?action=add_product HTTP/1.0" 302 476 "-" "Mozilla/5.0 (compatible; SemrushBot/7~bl; +http://www.semrush.com/bot.html)"
95.91.15.103 - - [23/Jan/2022:08:07:59 +0100] "GET /purse-wallet-c-31_76.html?page=13 HTTP/1.0" 200 83839 "-" "Mozilla/5.0 (compatible; MJ12bot/v1.4.8; http://mj12bot.com/)"
149.202.82.11 - - [23/Jan/2022:08:08:00 +0100] "GET /beatles-shirt-p-29552.html HTTP/1.0" 200 70792 "-" "Mozilla/5.0 (compatible; MJ12bot/v1.4.8; http://mj12bot.com/)"
149.202.82.11 - - [23/Jan/2022:08:08:10 +0100] "GET /bowl-p-36516.html HTTP/1.0" 200 70765 "-" "Mozilla/5.0 (compatible; MJ12bot/v1.4.8; http://mj12bot.com/)"
95.91.15.103 - - [23/Jan/2022:08:08:14 +0100] "GET /purse-and-wallet-c-76.html?page=14 HTTP/1.0" 301 83768 "-" "Mozilla/5.0 (compatible; MJ12bot/v1.4.8; http://mj12bot.com/)"
149.202.82.11 - - [23/Jan/2022:08:08:21 +0100] "GET /cars-mouse-cbkreation-p-23470.html HTTP/1.0" 200 73392 "-" "Mozilla/5.0 (compatible; MJ12bot/v1.4.8; http://mj12bot.com/)"
95.91.15.103 - - [23/Jan/2022:08:08:25 +0100] "GET /purse-wallet-c-31_76.html?page=14 HTTP/1.0" 200 83839 "-" "Mozilla/5.0 (compatible; MJ12bot/v1.4.8; http://mj12bot.com/)"
149.202.82.11 - - [23/Jan/2022:08:08:30 +0100] "GET /cars-mouse-cbkreation-p-23471.html HTTP/1.0" 200 73397 "-" "Mozilla/5.0 (compatible; MJ12bot/v1.4.8; http://mj12bot.com/)"
95.91.15.103 - - [23/Jan/2022:08:08:37 +0100] "GET /rectangular-carved-box-symbol-om-p-47383.html HTTP/1.0" 301 70918 "-" "Mozilla/5.0 (compatible; MJ12bot/v1.4.8; http://mj12bot.com/)"
95.91.15.103 - - [23/Jan/2022:08:08:43 +0100] "GET /rectangular-carved-symbol-p-47383.html HTTP/1.0" 200 70826 "-" "Mozilla/5.0 (compatible; MJ12bot/v1.4.8; http://mj12bot.com/)"
149.202.82.11 - - [23/Jan/2022:08:08:44 +0100] "GET /collection-metal-plate-deco-p-37161.html HTTP/1.0" 200 70822 "-" "Mozilla/5.0 (compatible; MJ12bot/v1.4.8; http://mj12bot.com/)"
149.202.82.11 - - [23/Jan/2022:08:08:52 +0100] "GET /harley-davidson-mini-box-p-27954.html HTTP/1.0" 301 70908 "-" "Mozilla/5.0 (compatible; MJ12bot/v1.4.8; http://mj12bot.com/)"
95.91.15.103 - - [23/Jan/2022:08:08:55 +0100] "GET /red-hawk-keyring-p-23212.html HTTP/1.0" 301 73376 "-" "Mozilla/5.0 (compatible; MJ12bot/v1.4.8; http://mj12bot.com/)"
149.202.82.11 - - [23/Jan/2022:08:09:01 +0100] "GET /harley-davidson-mini-p-27954.html HTTP/1.0" 200 70821 "-" "Mozilla/5.0 (compatible; MJ12bot/v1.4.8; http://mj12bot.com/)"
95.91.15.103 - - [23/Jan/2022:08:09:06 +0100] "GET /hawk-keyring-p-23212.html HTTP/1.0" 200 73297 "-" "Mozilla/5.0 (compatible; MJ12bot/v1.4.8; http://mj12bot.com/)"
185.191.171.45 - - [23/Jan/2022:08:09:11 +0100] "GET /hello-kitty-chocolate-heart-wallet-camomilla-p-16298.html?action=add_product HTTP/1.0" 302 476 "-" "Mozilla/5.0 (compatible; SemrushBot/7~bl; +http://www.semrush.com/bot.html)"
149.202.82.11 - - [23/Jan/2022:08:09:11 +0100] "GET /harley-davidson-mini-p-27954.html HTTP/1.0" 200 70821 "-" "Mozilla/5.0 (compatible; MJ12bot/v1.4.8; http://mj12bot.com/)"
54.36.148.243 - - [23/Jan/2022:08:09:12 +0100] "GET /jungle-round-side-table-p-50193.html HTTP/1.0" 200 73332 "-" "Mozilla/5.0 (compatible; AhrefsBot/7.0; +http://ahrefs.com/robot/)"
95.91.15.103 - - [23/Jan/2022:08:09:18 +0100] "GET /red-hawk-passeport-set-p-22671.html HTTP/1.0" 301 73501 "-" "Mozilla/5.0 (compatible; MJ12bot/v1.4.8; http://mj12bot.com/)"
157.55.39.122 - - [23/Jan/2022:08:09:19 +0100] "GET /images/big_prod/8422001017610B.jpg HTTP/1.0" 200 269 "-" "Mozilla/5.0 (compatible; bingbot/2.0; +http://www.bing.com/bingbot.htm)"
149.202.82.11 - - [23/Jan/2022:08:09:19 +0100] "GET /heart-home-responsible-gift-candles-p-52820.html HTTP/1.0" 200 74903 "-" "Mozilla/5.0 (compatible; MJ12bot/v1.4.8; http://mj12bot.com/)"
185.191.171.39 - - [23/Jan/2022:08:09:23 +0100] "GET /mouse-saucer-p-57186.html HTTP/1.0" 200 73995 "-" "Mozilla/5.0 (compatible; SemrushBot/7~bl; +http://www.semrush.com/bot.html)"
149.202.82.11 - - [23/Jan/2022:08:09:26 +0100] "GET /heart-statuette-shore-p-54020.html HTTP/1.0" 200 74103 "-" "Mozilla/5.0 (compatible; MJ12bot/v1.4.8; http://mj12bot.com/)"
95.91.15.103 - - [23/Jan/2022:08:09:32 +0100] "GET /hawk-passeport-p-22671.html HTTP/1.0" 200 73420 "-" "Mozilla/5.0 (compatible; MJ12bot/v1.4.8; http://mj12bot.com/)"
149.202.82.11 - - [23/Jan/2022:08:09:34 +0100] "GET /hearth-hot-water-bottle-p-45229.html HTTP/1.0" 301 70785 "-" "Mozilla/5.0 (compatible; MJ12bot/v1.4.8; http://mj12bot.com/)"
149.202.82.11 - - [23/Jan/2022:08:09:43 +0100] "GET /-p-45229.html HTTP/1.0" 200 70718 "-" "Mozilla/5.0 (compatible; MJ12bot/v1.4.8; http://mj12bot.com/)"
95.91.15.103 - - [23/Jan/2022:08:09:45 +0100] "GET /red-hawk-portfolio-p-24988.html HTTP/1.0" 301 70785 "-" "Mozilla/5.0 (compatible; MJ12bot/v1.4.8; http://mj12bot.com/)"
149.202.82.11 - - [23/Jan/2022:08:09:56 +0100] "GET /hedgehog-pencil-pot-cbkreation-p-43428.html HTTP/1.0" 301 73521 "-" "Mozilla/5.0 (compatible; MJ12bot/v1.4.8; http://mj12bot.com/)"
185.191.171.42 - - [23/Jan/2022:08:09:56 +0100] "GET /boho-canvas-frame-40-30-cm-dream-and-love-p-41543.html HTTP/1.0" 301 73704 "-" "Mozilla/5.0 (compatible; SemrushBot/7~bl; +http://www.semrush.com/bot.html)"
95.91.15.103 - - [23/Jan/2022:08:09:56 +0100] "GET /-p-24988.html HTTP/1.0" 200 70718 "-" "Mozilla/5.0 (compatible; MJ12bot/v1.4.8; http://mj12bot.com/)"
185.191.171.23 - - [23/Jan/2022:08:10:02 +0100] "GET /boho-canvas-frame-dream-love-p-41543.html HTTP/1.0" 200 73609 "-" "Mozilla/5.0 (compatible; SemrushBot/7~bl; +http://www.semrush.com/bot.html)"
149.202.82.11 - - [23/Jan/2022:08:10:07 +0100] "GET /hedgehog-pencil-cbkreation-p-43428.html HTTP/1.0" 200 73428 "-" "Mozilla/5.0 (compatible; MJ12bot/v1.4.8; http://mj12bot.com/)"
185.191.171.33 - - [23/Jan/2022:08:10:08 +0100] "GET /weekend-laissez-lucie-faire-wendy-p-49024.html HTTP/1.0" 200 74616 "-" "Mozilla/5.0 (compatible; SemrushBot/7~bl; +http://www.semrush.com/bot.html)"
95.91.15.103 - - [23/Jan/2022:08:10:10 +0100] "GET /red-hawk-toiletry-bag-p-24989.html HTTP/1.0" 301 70785 "-" "Mozilla/5.0 (compatible; MJ12bot/v1.4.8; http://mj12bot.com/)"
149.202.82.11 - - [23/Jan/2022:08:10:19 +0100] "GET /hedgehog-pencil-pot-cbkreation-p-43438.html HTTP/1.0" 301 73520 "-" "Mozilla/5.0 (compatible; MJ12bot/v1.4.8; http://mj12bot.com/)"
149.202.82.11 - - [23/Jan/2022:08:10:23 +0100] "GET /hedgehog-pencil-cbkreation-p-43438.html HTTP/1.0" 200 73427 "-" "Mozilla/5.0 (compatible; MJ12bot/v1.4.8; http://mj12bot.com/)"
95.91.15.103 - - [23/Jan/2022:08:10:24 +0100] "GET /-p-24989.html HTTP/1.0" 200 70718 "-" "Mozilla/5.0 (compatible; MJ12bot/v1.4.8; http://mj12bot.com/)"
149.202.82.11 - - [23/Jan/2022:08:10:30 +0100] "GET /hedgehogs-tisaniere-p-42270.html HTTP/1.0" 301 70867 "-" "Mozilla/5.0 (compatible; MJ12bot/v1.4.8; http://mj12bot.com/)"
149.202.82.11 - - [23/Jan/2022:08:10:34 +0100] "GET /hedgehogs-tisanire-p-42270.html HTTP/1.0" 200 70782 "-" "Mozilla/5.0 (compatible; MJ12bot/v1.4.8; http://mj12bot.com/)"
157.55.39.153 - - [23/Jan/2022:08:10:36 +0100] "GET /images/3281640393609.jpg HTTP/1.0" 200 259 "-" "Mozilla/5.0 (compatible; bingbot/2.0; +http://www.bing.com/bingbot.htm)"
17.121.114.179 - - [23/Jan/2022:08:10:37 +0100] "GET /bowls-jack-p-31523.html HTTP/1.0" 200 73240 "-" "Mozilla/5.0 (Macintosh; Intel Mac OS X 10_15_5) AppleWebKit/605.1.15 (KHTML, like Gecko) Version/13.1.1 Safari/605.1.15 (Applebot/0.1; +http://www.apple.com/go/applebot)"
95.91.15.103 - - [23/Jan/2022:08:10:38 +0100] "GET /red-hen-figurine-decorative-p-34553.html HTTP/1.0" 301 73502 "-" "Mozilla/5.0 (compatible; MJ12bot/v1.4.8; http://mj12bot.com/)"
157.55.39.153 - - [23/Jan/2022:08:10:46 +0100] "GET /images/med_prod/8412906996851.jpg HTTP/1.0" 200 268 "-" "Mozilla/5.0 (compatible; bingbot/2.0; +http://www.bing.com/bingbot.htm)"
149.202.82.11 - - [23/Jan/2022:08:10:45 +0100] "GET /hedgehogs-tisanire-p-42270.html HTTP/1.0" 200 70782 "-" "Mozilla/5.0 (compatible; MJ12bot/v1.4.8; http://mj12bot.com/)"
54.36.148.243 - - [23/Jan/2022:08:10:50 +0100] "GET /corsica-mini-metal-tray-p-44856.html HTTP/1.0" 200 73461 "-" "Mozilla/5.0 (compatible; AhrefsBot/7.0; +http://ahrefs.com/robot/)"
95.91.15.103 - - [23/Jan/2022:08:10:56 +0100] "GET /figurine-decorative-p-34553.html HTTP/1.0" 200 73416 "-" "Mozilla/5.0 (compatible; MJ12bot/v1.4.8; http://mj12bot.com/)"
149.202.82.11 - - [23/Jan/2022:08:10:57 +0100] "GET /hello-kitty-backpack-p-19839.html HTTP/1.0" 301 70785 "-" "Mozilla/5.0 (compatible; MJ12bot/v1.4.8; http://mj12bot.com/)"
185.191.171.22 - - [23/Jan/2022:08:11:02 +0100] "GET /little-buddha-collection-statuette-blue-p-46069.html HTTP/1.0" 200 70889 "-" "Mozilla/5.0 (compatible; SemrushBot/7~bl; +http://www.semrush.com/bot.html)"
95.91.15.103 - - [23/Jan/2022:08:11:04 +0100] "GET /red-hen-figurine-decorative-p-34554.html HTTP/1.0" 301 73502 "-" "Mozilla/5.0 (compatible; MJ12bot/v1.4.8; http://mj12bot.com/)"
95.91.15.103 - - [23/Jan/2022:08:11:11 +0100] "GET /figurine-decorative-p-34554.html HTTP/1.0" 200 73416 "-" "Mozilla/5.0 (compatible; MJ12bot/v1.4.8; http://mj12bot.com/)"
14.137.135.24 - - [23/Jan/2022:08:11:12 +0100] "GET /images/big_prod/rayebeige.jpg HTTP/1.0" 200 264 "-" "Mozilla/5.0 (Windows NT 10.0; Win64; x64) AppleWebKit/537.36 (KHTML, like Gecko) Chrome/90.0.4430.212 Safari/537.36"
149.202.82.11 - - [23/Jan/2022:08:11:11 +0100] "GET /-p-19839.html HTTP/1.0" 200 70718 "-" "Mozilla/5.0 (compatible; MJ12bot/v1.4.8; http://mj12bot.com/)"
95.91.15.103 - - [23/Jan/2022:08:11:20 +0100] "GET /red-hen-figurine-decorative-small-model-p-34547.html HTTP/1.0" 301 73620 "-" "Mozilla/5.0 (compatible; MJ12bot/v1.4.8; http://mj12bot.com/)"
149.202.82.11 - - [23/Jan/2022:08:11:25 +0100] "GET /hello-kitty-bathrobe-years-p-7916.html HTTP/1.0" 301 70782 "-" "Mozilla/5.0 (compatible; MJ12bot/v1.4.8; http://mj12bot.com/)"
149.202.82.11 - - [23/Jan/2022:08:11:32 +0100] "GET /-p-7916.html HTTP/1.0" 200 70716 "-" "Mozilla/5.0 (compatible; MJ12bot/v1.4.8; http://mj12bot.com/)"
95.91.15.103 - - [23/Jan/2022:08:11:34 +0100] "GET /figurine-decorative-small-model-p-34547.html HTTP/1.0" 200 73522 "-" "Mozilla/5.0 (compatible; MJ12bot/v1.4.8; http://mj12bot.com/)"
51.68.224.127 - - [23/Jan/2022:08:11:39 +0100] "GET /adminweb/export_orders_xml.php?token=256de2z6edz6ed2z6DFSFsed2zed6zeDSFDSGdzedezfzf&maxorders=10&orderstart=1&status=14&start_date=2018-10-01 HTTP/1.0" 200 285 "-" "GesCom CharlotteBoutik Serveur"
51.68.224.127 - - [23/Jan/2022:08:11:39 +0100] "GET /adminweb/export_orders_xml.php?token=256de2z6edz6ed2z6DFSFsed2zed6zeDSFDSGdzedezfzf&maxorders=10&orderstart=1&status=6&start_date=2018-10-01 HTTP/1.0" 200 32795 "-" "GesCom CharlotteBoutik Serveur"
149.202.82.11 - - [23/Jan/2022:08:11:42 +0100] "GET /hello-kitty-by-camomilla-large-travel-bag-black-polka-dot-p-20595.html HTTP/1.0" 301 70785 "-" "Mozilla/5.0 (compatible; MJ12bot/v1.4.8; http://mj12bot.com/)"
95.91.15.103 - - [23/Jan/2022:08:11:48 +0100] "GET /red-hen-figurine-decorative-small-model-p-34548.html HTTP/1.0" 301 70950 "-" "Mozilla/5.0 (compatible; MJ12bot/v1.4.8; http://mj12bot.com/)"
149.202.82.11 - - [23/Jan/2022:08:11:48 +0100] "GET /-p-20595.html HTTP/1.0" 200 70718 "-" "Mozilla/5.0 (compatible; MJ12bot/v1.4.8; http://mj12bot.com/)"
149.202.82.11 - - [23/Jan/2022:08:11:59 +0100] "GET /hello-kitty-camomilla-cosmetic-bag-lilac-and-glitters-p-18442.html HTTP/1.0" 301 74208 "-" "Mozilla/5.0 (compatible; MJ12bot/v1.4.8; http://mj12bot.com/)"
95.91.15.103 - - [23/Jan/2022:08:12:00 +0100] "GET /figurine-decorative-small-model-p-34548.html HTTP/1.0" 200 70852 "-" "Mozilla/5.0 (compatible; MJ12bot/v1.4.8; http://mj12bot.com/)"
95.91.15.103 - - [23/Jan/2022:08:12:10 +0100] "GET /red-moustache-ring-p-18244.html HTTP/1.0" 301 73584 "-" "Mozilla/5.0 (compatible; MJ12bot/v1.4.8; http://mj12bot.com/)"
149.202.82.11 - - [23/Jan/2022:08:12:12 +0100] "GET /hello-kitty-camomilla-cosmetic-lilac-glitters-p-18442.html HTTP/1.0" 200 74096 "-" "Mozilla/5.0 (compatible; MJ12bot/v1.4.8; http://mj12bot.com/)"
149.202.82.11 - - [23/Jan/2022:08:12:19 +0100] "GET /hello-kitty-cap-52-cm-p-22243.html HTTP/1.0" 301 70785 "-" "Mozilla/5.0 (compatible; MJ12bot/v1.4.8; http://mj12bot.com/)"
95.91.15.103 - - [23/Jan/2022:08:12:19 +0100] "GET /moustache-ring-p-18244.html HTTP/1.0" 200 73503 "-" "Mozilla/5.0 (compatible; MJ12bot/v1.4.8; http://mj12bot.com/)"
149.202.82.11 - - [23/Jan/2022:08:12:23 +0100] "GET /-p-22243.html HTTP/1.0" 200 70718 "-" "Mozilla/5.0 (compatible; MJ12bot/v1.4.8; http://mj12bot.com/)"
95.91.15.103 - - [23/Jan/2022:08:12:30 +0100] "GET /red-star-adult-cap-by-cbkreation-p-36521.html HTTP/1.0" 301 73564 "-" "Mozilla/5.0 (compatible; MJ12bot/v1.4.8; http://mj12bot.com/)"
149.202.82.11 - - [23/Jan/2022:08:12:31 +0100] "GET /hello-kitty-cap-52-cm-p-22244.html HTTP/1.0" 301 73525 "-" "Mozilla/5.0 (compatible; MJ12bot/v1.4.8; http://mj12bot.com/)"
54.36.148.243 - - [23/Jan/2022:08:12:32 +0100] "GET /household-linen-c-11.html?page=54 HTTP/1.0" 200 93724 "-" "Mozilla/5.0 (compatible; AhrefsBot/7.0; +http://ahrefs.com/robot/)"
95.91.15.103 - - [23/Jan/2022:08:12:34 +0100] "GET /star-adult-cbkration-p-36521.html HTTP/1.0" 200 73477 "-" "Mozilla/5.0 (compatible; MJ12bot/v1.4.8; http://mj12bot.com/)"
149.202.82.11 - - [23/Jan/2022:08:12:37 +0100] "GET /hello-kitty-p-22244.html HTTP/1.0" 200 73447 "-" "Mozilla/5.0 (compatible; MJ12bot/v1.4.8; http://mj12bot.com/)"
95.91.15.103 - - [23/Jan/2022:08:12:39 +0100] "GET /red-teddy-bear-plush-21-cm-p-32818.html HTTP/1.0" 301 70785 "-" "Mozilla/5.0 (compatible; MJ12bot/v1.4.8; http://mj12bot.com/)"
149.202.82.11 - - [23/Jan/2022:08:12:41 +0100] "GET /hello-kitty-cap-52-cm-p-22246.html HTTP/1.0" 301 70854 "-" "Mozilla/5.0 (compatible; MJ12bot/v1.4.8; http://mj12bot.com/)"
185.191.171.13 - - [23/Jan/2022:08:12:41 +0100] "GET /trunks-c-13_208.html?page=1 HTTP/1.0" 200 86917 "-" "Mozilla/5.0 (compatible; SemrushBot/7~bl; +http://www.semrush.com/bot.html)"
95.91.15.103 - - [23/Jan/2022:08:12:44 +0100] "GET /-p-32818.html HTTP/1.0" 200 70718 "-" "Mozilla/5.0 (compatible; MJ12bot/v1.4.8; http://mj12bot.com/)"
149.202.82.11 - - [23/Jan/2022:08:12:49 +0100] "GET /hello-kitty-p-22246.html HTTP/1.0" 200 70776 "-" "Mozilla/5.0 (compatible; MJ12bot/v1.4.8; http://mj12bot.com/)"
95.91.15.103 - - [23/Jan/2022:08:12:58 +0100] "GET /red-van-glass-ashtray-p-36385.html HTTP/1.0" 301 73388 "-" "Mozilla/5.0 (compatible; MJ12bot/v1.4.8; http://mj12bot.com/)"
149.202.82.11 - - [23/Jan/2022:08:12:59 +0100] "GET /hello-kitty-cap-52-cm-p-22248.html HTTP/1.0" 301 70854 "-" "Mozilla/5.0 (compatible; MJ12bot/v1.4.8; http://mj12bot.com/)"
149.202.82.11 - - [23/Jan/2022:08:13:06 +0100] "GET /hello-kitty-p-22248.html HTTP/1.0" 200 70776 "-" "Mozilla/5.0 (compatible; MJ12bot/v1.4.8; http://mj12bot.com/)"
95.91.15.103 - - [23/Jan/2022:08:13:09 +0100] "GET /glass-ashtray-p-36385.html HTTP/1.0" 200 73308 "-" "Mozilla/5.0 (compatible; MJ12bot/v1.4.8; http://mj12bot.com/)"
149.202.82.11 - - [23/Jan/2022:08:13:10 +0100] "GET /hello-kitty-cap-54-cm-p-22245.html HTTP/1.0" 301 73525 "-" "Mozilla/5.0 (compatible; MJ12bot/v1.4.8; http://mj12bot.com/)"
149.202.82.11 - - [23/Jan/2022:08:13:14 +0100] "GET /hello-kitty-p-22245.html HTTP/1.0" 200 73447 "-" "Mozilla/5.0 (compatible; MJ12bot/v1.4.8; http://mj12bot.com/)"
95.91.15.103 - - [23/Jan/2022:08:13:19 +0100] "GET /relax-flower-bedclothes-240-220-cm-p-34459.html HTTP/1.0" 301 70785 "-" "Mozilla/5.0 (compatible; MJ12bot/v1.4.8; http://mj12bot.com/)"
149.202.82.11 - - [23/Jan/2022:08:13:21 +0100] "GET /hello-kitty-cap-54-cm-p-22247.html HTTP/1.0" 301 70785 "-" "Mozilla/5.0 (compatible; MJ12bot/v1.4.8; http://mj12bot.com/)"
149.202.82.11 - - [23/Jan/2022:08:13:25 +0100] "GET /-p-22247.html HTTP/1.0" 200 70718 "-" "Mozilla/5.0 (compatible; MJ12bot/v1.4.8; http://mj12bot.com/)"
95.91.15.103 - - [23/Jan/2022:08:13:28 +0100] "GET /-p-34459.html HTTP/1.0" 200 70718 "-" "Mozilla/5.0 (compatible; MJ12bot/v1.4.8; http://mj12bot.com/)"
149.202.82.11 - - [23/Jan/2022:08:13:30 +0100] "GET /holder-for-sticks-and-incense-cones-fatma-hand-p-43934.html HTTP/1.0" 301 73712 "-" "Mozilla/5.0 (compatible; MJ12bot/v1.4.8; http://mj12bot.com/)"
149.202.82.11 - - [23/Jan/2022:08:13:37 +0100] "GET /holder-sticks-incense-cones-fatma-hand-p-43934.html HTTP/1.0" 200 73607 "-" "Mozilla/5.0 (compatible; MJ12bot/v1.4.8; http://mj12bot.com/)"
95.91.15.103 - - [23/Jan/2022:08:13:42 +0100] "GET /remotes-box-p-34259.html HTTP/1.0" 301 70818 "-" "Mozilla/5.0 (compatible; MJ12bot/v1.4.8; http://mj12bot.com/)"
149.202.82.11 - - [23/Jan/2022:08:13:44 +0100] "GET /holder-sticks-incense-cones-fatma-hand-p-43934.html HTTP/1.0" 200 73607 "-" "Mozilla/5.0 (compatible; MJ12bot/v1.4.8; http://mj12bot.com/)"
149.202.82.11 - - [23/Jan/2022:08:13:52 +0100] "GET /holy-spirit-prayer-candle-novena-p-47131.html HTTP/1.0" 200 74204 "-" "Mozilla/5.0 (compatible; MJ12bot/v1.4.8; http://mj12bot.com/)"
95.91.15.103 - - [23/Jan/2022:08:13:56 +0100] "GET /remotes-p-34259.html HTTP/1.0" 200 70744 "-" "Mozilla/5.0 (compatible; MJ12bot/v1.4.8; http://mj12bot.com/)"
149.202.82.11 - - [23/Jan/2022:08:14:02 +0100] "GET /home-fragrance-heart-and-home-bamboo-ginger-p-52817.html HTTP/1.0" 301 74837 "-" "Mozilla/5.0 (compatible; MJ12bot/v1.4.8; http://mj12bot.com/)"
95.91.15.103 - - [23/Jan/2022:08:14:02 +0100] "GET /reparation-express-steel-sign-30-20-cm-p-47538.html HTTP/1.0" 301 73578 "-" "Mozilla/5.0 (compatible; MJ12bot/v1.4.8; http://mj12bot.com/)"
40.77.167.47 - - [23/Jan/2022:08:14:09 +0100] "GET /images/big_prod/1399984234037.jpg HTTP/1.0" 200 268 "-" "Mozilla/5.0 (compatible; bingbot/2.0; +http://www.bing.com/bingbot.htm)"
95.91.15.103 - - [23/Jan/2022:08:14:09 +0100] "GET /rparation-express-steel-sign-p-47538.html HTTP/1.0" 200 73483 "-" "Mozilla/5.0 (compatible; MJ12bot/v1.4.8; http://mj12bot.com/)"
40.77.167.47 - - [23/Jan/2022:08:14:12 +0100] "GET /images/med_prod/4036113830728.jpg HTTP/1.0" 200 268 "-" "Mozilla/5.0 (compatible; bingbot/2.0; +http://www.bing.com/bingbot.htm)"
149.202.82.11 - - [23/Jan/2022:08:14:11 +0100] "GET /home-fragrance-heart-home-bamboo-ginger-p-52817.html HTTP/1.0" 200 74731 "-" "Mozilla/5.0 (compatible; MJ12bot/v1.4.8; http://mj12bot.com/)"
54.36.148.243 - - [23/Jan/2022:08:14:12 +0100] "GET /strawberry-shortcake-poncho-years-p-31119.html HTTP/1.0" 200 74618 "-" "Mozilla/5.0 (compatible; AhrefsBot/7.0; +http://ahrefs.com/robot/)"
95.91.15.103 - - [23/Jan/2022:08:14:16 +0100] "GET /resin-statue-little-monk-in-blue-dress-p-51507.html HTTP/1.0" 301 70956 "-" "Mozilla/5.0 (compatible; MJ12bot/v1.4.8; http://mj12bot.com/)"
149.202.82.11 - - [23/Jan/2022:08:14:18 +0100] "GET /home-fragrance-heart-and-home-vanilla-rosewood-p-52819.html HTTP/1.0" 301 74886 "-" "Mozilla/5.0 (compatible; MJ12bot/v1.4.8; http://mj12bot.com/)"
95.91.15.103 - - [23/Jan/2022:08:14:22 +0100] "GET /resin-statue-little-monk-blue-dress-p-51507.html HTTP/1.0" 200 70854 "-" "Mozilla/5.0 (compatible; MJ12bot/v1.4.8; http://mj12bot.com/)"
149.202.82.11 - - [23/Jan/2022:08:14:25 +0100] "GET /home-fragrance-heart-home-vanilla-rosewood-p-52819.html HTTP/1.0" 200 74777 "-" "Mozilla/5.0 (compatible; MJ12bot/v1.4.8; http://mj12bot.com/)"
185.191.171.41 - - [23/Jan/2022:08:14:29 +0100] "GET /incense-satya-patchouli-grams-about-sticks-p-54147.html HTTP/1.0" 200 73929 "-" "Mozilla/5.0 (compatible; SemrushBot/7~bl; +http://www.semrush.com/bot.html)"
149.202.82.11 - - [23/Jan/2022:08:14:31 +0100] "GET /iron-cbkreation-p-25989.html HTTP/1.0" 200 70793 "-" "Mozilla/5.0 (compatible; MJ12bot/v1.4.8; http://mj12bot.com/)"
95.91.15.103 - - [23/Jan/2022:08:14:34 +0100] "GET /resin-statue-little-monk-in-blue-dress-p-52809.html HTTP/1.0" 301 73611 "-" "Mozilla/5.0 (compatible; MJ12bot/v1.4.8; http://mj12bot.com/)"
185.191.171.14 - - [23/Jan/2022:08:14:35 +0100] "GET /incense-aura-cleansing-grams-about-sticks-p-52435.html HTTP/1.0" 200 73884 "-" "Mozilla/5.0 (compatible; SemrushBot/7~bl; +http://www.semrush.com/bot.html)"
149.202.82.11 - - [23/Jan/2022:08:14:35 +0100] "GET /iron-keyring-p-32338.html HTTP/1.0" 200 73316 "-" "Mozilla/5.0 (compatible; MJ12bot/v1.4.8; http://mj12bot.com/)"
149.202.82.11 - - [23/Jan/2022:08:14:41 +0100] "GET /iron-legion-miniature-figure-p-29865.html HTTP/1.0" 301 70785 "-" "Mozilla/5.0 (compatible; MJ12bot/v1.4.8; http://mj12bot.com/)"
95.91.15.103 - - [23/Jan/2022:08:14:41 +0100] "GET /resin-statue-little-monk-blue-dress-p-52809.html HTTP/1.0" 200 73509 "-" "Mozilla/5.0 (compatible; MJ12bot/v1.4.8; http://mj12bot.com/)"
149.202.82.11 - - [23/Jan/2022:08:14:48 +0100] "GET /-p-29865.html HTTP/1.0" 200 70718 "-" "Mozilla/5.0 (compatible; MJ12bot/v1.4.8; http://mj12bot.com/)"
95.91.15.103 - - [23/Jan/2022:08:14:50 +0100] "GET /resin-statuette-naked-man-44-cm-p-50994.html HTTP/1.0" 301 74605 "-" "Mozilla/5.0 (compatible; MJ12bot/v1.4.8; http://mj12bot.com/)"
185.191.171.41 - - [23/Jan/2022:08:14:53 +0100] "GET /linen-c-11_68.html?page=6 HTTP/1.0" 200 91171 "-" "Mozilla/5.0 (compatible; SemrushBot/7~bl; +http://www.semrush.com/bot.html)"
149.202.82.11 - - [23/Jan/2022:08:14:58 +0100] "GET /iron-man-keyring-p-32338.html HTTP/1.0" 301 73395 "-" "Mozilla/5.0 (compatible; MJ12bot/v1.4.8; http://mj12bot.com/)"
95.91.15.103 - - [23/Jan/2022:08:14:59 +0100] "GET /resin-statuette-naked-p-50994.html HTTP/1.0" 200 74517 "-" "Mozilla/5.0 (compatible; MJ12bot/v1.4.8; http://mj12bot.com/)"
95.91.15.103 - - [23/Jan/2022:08:15:07 +0100] "GET /retro-blue-wooden-wall-hook-p-41836.html HTTP/1.0" 301 73487 "-" "Mozilla/5.0 (compatible; MJ12bot/v1.4.8; http://mj12bot.com/)"
149.202.82.11 - - [23/Jan/2022:08:15:08 +0100] "GET /iron-keyring-p-32338.html HTTP/1.0" 200 73316 "-" "Mozilla/5.0 (compatible; MJ12bot/v1.4.8; http://mj12bot.com/)"
95.91.15.103 - - [23/Jan/2022:08:15:15 +0100] "GET /rtro-blue-wooden-wall-hook-p-41836.html HTTP/1.0" 200 73394 "-" "Mozilla/5.0 (compatible; MJ12bot/v1.4.8; http://mj12bot.com/)"
149.202.82.11 - - [23/Jan/2022:08:15:17 +0100] "GET /iron-man-tee-shirt-p-31031.html HTTP/1.0" 301 70785 "-" "Mozilla/5.0 (compatible; MJ12bot/v1.4.8; http://mj12bot.com/)"
95.91.15.103 - - [23/Jan/2022:08:15:21 +0100] "GET /retro-brown-wooden-wall-hook-p-41837.html HTTP/1.0" 301 70785 "-" "Mozilla/5.0 (compatible; MJ12bot/v1.4.8; http://mj12bot.com/)"
149.202.82.11 - - [23/Jan/2022:08:15:28 +0100] "GET /-p-31031.html HTTP/1.0" 200 70718 "-" "Mozilla/5.0 (compatible; MJ12bot/v1.4.8; http://mj12bot.com/)"
95.91.15.103 - - [23/Jan/2022:08:15:32 +0100] "GET /-p-41837.html HTTP/1.0" 200 70718 "-" "Mozilla/5.0 (compatible; MJ12bot/v1.4.8; http://mj12bot.com/)"
149.202.82.11 - - [23/Jan/2022:08:15:34 +0100] "GET /isothermal-lunch-bag-je-ronronne-donc-je-suis-p-48629.html HTTP/1.0" 301 70974 "-" "Mozilla/5.0 (compatible; MJ12bot/v1.4.8; http://mj12bot.com/)"
185.191.171.19 - - [23/Jan/2022:08:15:43 +0100] "GET /jasmin-medium-cabas-yoko-p-46982.html?action=add_product HTTP/1.0" 302 476 "-" "Mozilla/5.0 (compatible; SemrushBot/7~bl; +http://www.semrush.com/bot.html)"
149.202.82.11 - - [23/Jan/2022:08:15:44 +0100] "GET /isothermal-lunch-ronronne-donc-suis-p-48629.html HTTP/1.0" 200 70872 "-" "Mozilla/5.0 (compatible; MJ12bot/v1.4.8; http://mj12bot.com/)"
95.91.15.103 - - [23/Jan/2022:08:15:44 +0100] "GET /retro-case-for-cigarettes-pack-p-39551.html HTTP/1.0" 301 70910 "-" "Mozilla/5.0 (compatible; MJ12bot/v1.4.8; http://mj12bot.com/)"
149.202.82.11 - - [23/Jan/2022:08:15:49 +0100] "GET /isothermal-lunch-ronronne-donc-suis-p-48629.html HTTP/1.0" 200 70872 "-" "Mozilla/5.0 (compatible; MJ12bot/v1.4.8; http://mj12bot.com/)"
54.36.148.243 - - [23/Jan/2022:08:15:54 +0100] "GET /statuette-egyptian-osiris-bronze-aspect-resin-p-54864.html HTTP/1.0" 200 73669 "-" "Mozilla/5.0 (compatible; AhrefsBot/7.0; +http://ahrefs.com/robot/)"
149.202.82.11 - - [23/Jan/2022:08:15:54 +0100] "GET /italian-pencil-picture-frame-p-37629.html HTTP/1.0" 200 70852 "-" "Mozilla/5.0 (compatible; MJ12bot/v1.4.8; http://mj12bot.com/)"
95.91.15.103 - - [23/Jan/2022:08:15:59 +0100] "GET /rtro-case-cigarettes-pack-p-39551.html HTTP/1.0" 200 70818 "-" "Mozilla/5.0 (compatible; MJ12bot/v1.4.8; http://mj12bot.com/)"
216.244.66.242 - - [23/Jan/2022:08:16:01 +0100] "GET /robots.txt HTTP/1.0" 200 245 "-" "Mozilla/5.0 (compatible; DotBot/1.2; +https://opensiteexplorer.org/dotbot; help@moz.com)"
149.202.82.11 - - [23/Jan/2022:08:16:03 +0100] "GET /jackets-coats-parkas-c-1_27.html?page=2 HTTP/1.0" 200 83971 "-" "Mozilla/5.0 (compatible; MJ12bot/v1.4.8; http://mj12bot.com/)"
95.91.15.103 - - [23/Jan/2022:08:16:09 +0100] "GET /retro-cat-round-clock-p-31478.html HTTP/1.0" 301 70785 "-" "Mozilla/5.0 (compatible; MJ12bot/v1.4.8; http://mj12bot.com/)"
149.202.82.11 - - [23/Jan/2022:08:16:11 +0100] "GET /jamaica-flag-guitar-keyring-p-14626.html HTTP/1.0" 200 73702 "-" "Mozilla/5.0 (compatible; MJ12bot/v1.4.8; http://mj12bot.com/)"
