185.191.171.45 - - [23/Jan/2022:03:43:22 +0100] "GET /love-pink-blue-post-office-p-19828.html HTTP/1.0" 200 73762 "-" "Mozilla/5.0 (compatible; SemrushBot/7~bl; +http://www.semrush.com/bot.html)"
185.191.171.6 - - [23/Jan/2022:03:43:30 +0100] "GET /johnny-hallyday-mouse-p-38853.html HTTP/1.0" 200 73344 "-" "Mozilla/5.0 (compatible; SemrushBot/7~bl; +http://www.semrush.com/bot.html)"
154.54.249.198 - - [23/Jan/2022:03:43:34 +0100] "GET /skull-ashtray-p-41714.html HTTP/1.0" 200 73258 "-" "Mozilla/5.0 (compatible; Barkrowler/0.9; +https://babbar.tech/crawler)"
185.191.171.22 - - [23/Jan/2022:03:43:48 +0100] "GET /spice-with-sprinkler-vous-tenez-p-46514.html HTTP/1.0" 200 73446 "-" "Mozilla/5.0 (compatible; SemrushBot/7~bl; +http://www.semrush.com/bot.html)"
154.54.249.198 - - [23/Jan/2022:03:43:51 +0100] "GET /skull-door-knocker-p-34183.html HTTP/1.0" 200 73337 "-" "Mozilla/5.0 (compatible; Barkrowler/0.9; +https://babbar.tech/crawler)"
154.54.249.198 - - [23/Jan/2022:03:44:07 +0100] "GET /skull-music-moneybox-p-37731.html HTTP/1.0" 200 73371 "-" "Mozilla/5.0 (compatible; Barkrowler/0.9; +https://babbar.tech/crawler)"
185.191.171.7 - - [23/Jan/2022:03:44:10 +0100] "GET /poster-corsica-p-43694.html HTTP/1.0" 200 70788 "-" "Mozilla/5.0 (compatible; SemrushBot/7~bl; +http://www.semrush.com/bot.html)"
185.191.171.23 - - [23/Jan/2022:03:44:18 +0100] "GET /wall-sticker-p-36151.html?action=add_product HTTP/1.0" 302 476 "-" "Mozilla/5.0 (compatible; SemrushBot/7~bl; +http://www.semrush.com/bot.html)"
154.54.249.198 - - [23/Jan/2022:03:44:24 +0100] "GET /ceramic-paula-collection-p-54470.html HTTP/1.0" 200 73369 "-" "Mozilla/5.0 (compatible; Barkrowler/0.9; +https://babbar.tech/crawler)"
114.119.128.26 - - [23/Jan/2022:03:44:30 +0100] "GET /cushion-cover-p-52124.html HTTP/1.0" 200 73506 "-" "Mozilla/5.0 (Linux; Android 7.0;) AppleWebKit/537.36 (KHTML, like Gecko) Mobile Safari/537.36 (compatible; PetalBot;+https://webmaster.petalsearch.com/site/petalbot)"
54.36.148.243 - - [23/Jan/2022:03:44:31 +0100] "GET /pink-tourmaline-sold-weight-p-48548.html HTTP/1.0" 200 74542 "-" "Mozilla/5.0 (compatible; AhrefsBot/7.0; +http://ahrefs.com/robot/)"
154.54.249.198 - - [23/Jan/2022:03:44:40 +0100] "GET /ceramic-planter-night-p-55308.html HTTP/1.0" 200 74024 "-" "Mozilla/5.0 (compatible; Barkrowler/0.9; +https://babbar.tech/crawler)"
157.55.39.122 - - [23/Jan/2022:03:44:53 +0100] "GET /little-prince-jewelry-p-51620.html HTTP/1.0" 200 74774 "-" "Mozilla/5.0 (compatible; bingbot/2.0; +http://www.bing.com/bingbot.htm)"
154.54.249.198 - - [23/Jan/2022:03:44:56 +0100] "GET /ceramic-and-metal-lamp-p-52768.html HTTP/1.0" 301 73532 "-" "Mozilla/5.0 (compatible; Barkrowler/0.9; +https://babbar.tech/crawler)"
185.191.171.4 - - [23/Jan/2022:03:45:07 +0100] "GET /ornamental-marine-sailor-pulley-p-43929.html?action=add_product HTTP/1.0" 302 476 "-" "Mozilla/5.0 (compatible; SemrushBot/7~bl; +http://www.semrush.com/bot.html)"
154.54.249.198 - - [23/Jan/2022:03:45:13 +0100] "GET /ceramic-lamp-21-cm-p-52415.html HTTP/1.0" 301 70847 "-" "Mozilla/5.0 (compatible; Barkrowler/0.9; +https://babbar.tech/crawler)"
154.54.249.198 - - [23/Jan/2022:03:45:29 +0100] "GET /ceramic-meow-collection-p-54475.html HTTP/1.0" 200 73371 "-" "Mozilla/5.0 (compatible; Barkrowler/0.9; +https://babbar.tech/crawler)"
157.55.39.125 - - [23/Jan/2022:03:45:30 +0100] "GET /images/MISES-EN-SITUATION-STACH-20.jpg HTTP/1.0" 200 273 "-" "Mozilla/5.0 (compatible; bingbot/2.0; +http://www.bing.com/bingbot.htm)"
118.184.177.81 - - [23/Jan/2022:03:45:44 +0100] "GET / HTTP/1.0" 200 95954 "-" "Sogou web spider/4.0(+http://www.sogou.com/docs/help/webmasters.htm#07)"
154.54.249.198 - - [23/Jan/2022:03:45:45 +0100] "GET /ceramic-salt-aderne-p-47879.html HTTP/1.0" 200 73388 "-" "Mozilla/5.0 (compatible; Barkrowler/0.9; +https://babbar.tech/crawler)"
154.54.249.198 - - [23/Jan/2022:03:46:03 +0100] "GET /eyelet-curtain-p-52382.html HTTP/1.0" 200 75537 "-" "Mozilla/5.0 (compatible; Barkrowler/0.9; +https://babbar.tech/crawler)"
154.54.249.198 - - [23/Jan/2022:03:46:19 +0100] "GET /eyelet-curtain-p-52357.html HTTP/1.0" 200 75536 "-" "Mozilla/5.0 (compatible; Barkrowler/0.9; +https://babbar.tech/crawler)"
185.191.171.35 - - [23/Jan/2022:03:46:25 +0100] "GET /horse-pencil-pot-cbkreation-p-29754.html HTTP/1.0" 301 73471 "-" "Mozilla/5.0 (compatible; SemrushBot/7~bl; +http://www.semrush.com/bot.html)"
185.191.171.40 - - [23/Jan/2022:03:46:28 +0100] "GET /horse-pencil-cbkreation-p-29754.html HTTP/1.0" 200 73381 "-" "Mozilla/5.0 (compatible; SemrushBot/7~bl; +http://www.semrush.com/bot.html)"
154.54.249.198 - - [23/Jan/2022:03:46:35 +0100] "GET /eyelet-curtain-p-52358.html HTTP/1.0" 200 75532 "-" "Mozilla/5.0 (compatible; Barkrowler/0.9; +https://babbar.tech/crawler)"
185.191.171.15 - - [23/Jan/2022:03:46:39 +0100] "GET /small-wooden-towel-holder-hang-p-51017.html?action=add_product HTTP/1.0" 302 476 "-" "Mozilla/5.0 (compatible; SemrushBot/7~bl; +http://www.semrush.com/bot.html)"
154.54.249.198 - - [23/Jan/2022:03:46:52 +0100] "GET /amys-paris-bowl-p-54774.html HTTP/1.0" 200 73956 "-" "Mozilla/5.0 (compatible; Barkrowler/0.9; +https://babbar.tech/crawler)"
20.64.143.151 - - [23/Jan/2022:03:47:03 +0100] "GET /images/1399984246160.gif HTTP/1.0" 200 258 "-" "Mozilla/5.0 (X11; Linux x86_64) AppleWebKit/537.36 (KHTML, like Gecko) Chrome/62.0.3202.62 Safari/537.36"
154.54.249.198 - - [23/Jan/2022:03:47:08 +0100] "GET /sweaters-sweatshirts-vests-c-2_37.html HTTP/1.0" 200 69750 "-" "Mozilla/5.0 (compatible; Barkrowler/0.9; +https://babbar.tech/crawler)"
54.36.148.243 - - [23/Jan/2022:03:47:08 +0100] "GET /microfibre-base-cover-brown-p-53950.html HTTP/1.0" 200 73528 "-" "Mozilla/5.0 (compatible; AhrefsBot/7.0; +http://ahrefs.com/robot/)"
114.119.128.34 - - [23/Jan/2022:03:47:12 +0100] "GET /headrest-cushion-beige-nelia-45-70-cm-p-43364.html HTTP/1.0" 301 70785 "-" "Mozilla/5.0 (Linux; Android 7.0;) AppleWebKit/537.36 (KHTML, like Gecko) Mobile Safari/537.36 (compatible; PetalBot;+https://webmaster.petalsearch.com/site/petalbot)"
185.191.171.6 - - [23/Jan/2022:03:47:13 +0100] "GET /hello-kitty-chocolate-node-companion-camomilla-p-16293.html?action=add_product HTTP/1.0" 302 476 "-" "Mozilla/5.0 (compatible; SemrushBot/7~bl; +http://www.semrush.com/bot.html)"
114.119.128.34 - - [23/Jan/2022:03:47:14 +0100] "GET /-p-43364.html HTTP/1.0" 200 70718 "-" "Mozilla/5.0 (Linux; Android 7.0;) AppleWebKit/537.36 (KHTML, like Gecko) Mobile Safari/537.36 (compatible; PetalBot;+https://webmaster.petalsearch.com/site/petalbot)"
154.54.249.198 - - [23/Jan/2022:03:47:24 +0100] "GET /candy-cloud-jazzy-p-49872.html HTTP/1.0" 200 73695 "-" "Mozilla/5.0 (compatible; Barkrowler/0.9; +https://babbar.tech/crawler)"
185.191.171.16 - - [23/Jan/2022:03:47:29 +0100] "GET /made-eyelets-curtain-p-31459.html HTTP/1.0" 200 75527 "-" "Mozilla/5.0 (compatible; SemrushBot/7~bl; +http://www.semrush.com/bot.html)"
154.54.249.198 - - [23/Jan/2022:03:47:40 +0100] "GET /thinkerbell-scarf-p-22151.html HTTP/1.0" 200 73573 "-" "Mozilla/5.0 (compatible; Barkrowler/0.9; +https://babbar.tech/crawler)"
154.54.249.198 - - [23/Jan/2022:03:47:57 +0100] "GET /thinkerbell-scarf-p-22150.html HTTP/1.0" 200 73573 "-" "Mozilla/5.0 (compatible; Barkrowler/0.9; +https://babbar.tech/crawler)"
154.54.249.198 - - [23/Jan/2022:03:48:13 +0100] "GET /round-white-metatron-p-50608.html HTTP/1.0" 200 74346 "-" "Mozilla/5.0 (compatible; Barkrowler/0.9; +https://babbar.tech/crawler)"
51.68.224.127 - - [23/Jan/2022:03:48:23 +0100] "GET /adminweb/export_orders_xml.php?token=256de2z6edz6ed2z6DFSFsed2zed6zeDSFDSGdzedezfzf&maxorders=10&orderstart=1&status=14&start_date=2018-10-01 HTTP/1.0" 200 285 "-" "GesCom CharlotteBoutik Serveur"
51.68.224.127 - - [23/Jan/2022:03:48:23 +0100] "GET /adminweb/export_orders_xml.php?token=256de2z6edz6ed2z6DFSFsed2zed6zeDSFDSGdzedezfzf&maxorders=10&orderstart=1&status=6&start_date=2018-10-01 HTTP/1.0" 200 32795 "-" "GesCom CharlotteBoutik Serveur"
154.54.249.198 - - [23/Jan/2022:03:48:30 +0100] "GET /sarah-purple-large-backpack-p-6061.html HTTP/1.0" 200 73503 "-" "Mozilla/5.0 (compatible; Barkrowler/0.9; +https://babbar.tech/crawler)"
185.191.171.17 - - [23/Jan/2022:03:48:31 +0100] "GET /oscar-wilde-wall-sticker-p-39312.html HTTP/1.0" 200 73394 "-" "Mozilla/5.0 (compatible; SemrushBot/7~bl; +http://www.semrush.com/bot.html)"
185.191.171.20 - - [23/Jan/2022:03:48:42 +0100] "GET /white-stained-pine-wood-chest-p-53540.html HTTP/1.0" 200 74043 "-" "Mozilla/5.0 (compatible; SemrushBot/7~bl; +http://www.semrush.com/bot.html)"
154.54.249.198 - - [23/Jan/2022:03:48:46 +0100] "GET /happy-colors-kitchen-scale-p-24656.html HTTP/1.0" 200 73608 "-" "Mozilla/5.0 (compatible; Barkrowler/0.9; +https://babbar.tech/crawler)"
185.191.171.15 - - [23/Jan/2022:03:48:51 +0100] "GET /large-bamboo-vase-p-48871.html HTTP/1.0" 200 70788 "-" "Mozilla/5.0 (compatible; SemrushBot/7~bl; +http://www.semrush.com/bot.html)"
157.55.39.122 - - [23/Jan/2022:03:48:54 +0100] "GET /heart-home-candle-hours-cranberry-spice-p-57130.html HTTP/1.0" 200 74992 "-" "Mozilla/5.0 (compatible; bingbot/2.0; +http://www.bing.com/bingbot.htm)"
213.87.123.74 - - [23/Jan/2022:03:49:01 +0100] "GET /images/med_prod/4891813832744.jpg HTTP/1.0" 200 268 "-" "Mozilla/5.0 (iPhone; CPU iPhone OS 12_5 like Mac OS X) AppleWebKit/605.1.15 (KHTML, like Gecko) Version/12.0 YaBrowser/22.1.1.1528.10 Mobile/15E148 Safari/604.1"
154.54.249.198 - - [23/Jan/2022:03:49:03 +0100] "GET /leather-anchor-bracelet-p-43754.html HTTP/1.0" 200 73388 "-" "Mozilla/5.0 (compatible; Barkrowler/0.9; +https://babbar.tech/crawler)"
154.54.249.198 - - [23/Jan/2022:03:49:19 +0100] "GET /harley-davidson-large-box-p-26376.html HTTP/1.0" 301 70888 "-" "Mozilla/5.0 (compatible; Barkrowler/0.9; +https://babbar.tech/crawler)"
154.54.249.198 - - [23/Jan/2022:03:49:35 +0100] "GET /love-cats-bowl-p-45923.html HTTP/1.0" 301 70785 "-" "Mozilla/5.0 (compatible; Barkrowler/0.9; +https://babbar.tech/crawler)"
154.54.249.198 - - [23/Jan/2022:03:49:51 +0100] "GET /models-and-replicas-c-4_140.html?page=2 HTTP/1.0" 301 86085 "-" "Mozilla/5.0 (compatible; Barkrowler/0.9; +https://babbar.tech/crawler)"
114.119.128.39 - - [23/Jan/2022:03:49:56 +0100] "GET /ceramic-and-wooden-tea-pot-18-cm-p-42168.html HTTP/1.0" 301 74227 "-" "Mozilla/5.0 (Linux; Android 7.0;) AppleWebKit/537.36 (KHTML, like Gecko) Mobile Safari/537.36 (compatible; PetalBot;+https://webmaster.petalsearch.com/site/petalbot)"
185.191.171.24 - - [23/Jan/2022:03:49:57 +0100] "GET /jasmin-melamine-tray-jasmine-p-41621.html?action=add_product HTTP/1.0" 302 476 "-" "Mozilla/5.0 (compatible; SemrushBot/7~bl; +http://www.semrush.com/bot.html)"
114.119.128.39 - - [23/Jan/2022:03:49:58 +0100] "GET /ceramic-wooden-p-42168.html HTTP/1.0" 200 74146 "-" "Mozilla/5.0 (Linux; Android 7.0;) AppleWebKit/537.36 (KHTML, like Gecko) Mobile Safari/537.36 (compatible; PetalBot;+https://webmaster.petalsearch.com/site/petalbot)"
154.54.249.198 - - [23/Jan/2022:03:50:08 +0100] "GET /figc-blue-shopping-p-26006.html HTTP/1.0" 200 73588 "-" "Mozilla/5.0 (compatible; Barkrowler/0.9; +https://babbar.tech/crawler)"
154.54.249.198 - - [23/Jan/2022:03:50:24 +0100] "GET /household-linen-c-11.html?page=30 HTTP/1.0" 200 93170 "-" "Mozilla/5.0 (compatible; Barkrowler/0.9; +https://babbar.tech/crawler)"
185.191.171.17 - - [23/Jan/2022:03:50:26 +0100] "GET /vanity-jasmin-geisha-p-40577.html?action=add_product HTTP/1.0" 302 476 "-" "Mozilla/5.0 (compatible; SemrushBot/7~bl; +http://www.semrush.com/bot.html)"
40.77.167.47 - - [23/Jan/2022:03:50:34 +0100] "GET /images/mini_prod/5415203976260.jpg HTTP/1.0" 200 269 "-" "Mozilla/5.0 (compatible; bingbot/2.0; +http://www.bing.com/bingbot.htm)"
154.54.249.198 - - [23/Jan/2022:03:50:41 +0100] "GET /household-linen-c-11.html?page=53 HTTP/1.0" 200 92580 "-" "Mozilla/5.0 (compatible; Barkrowler/0.9; +https://babbar.tech/crawler)"
154.54.249.198 - - [23/Jan/2022:03:50:59 +0100] "GET /household-linen-c-11.html?page=60 HTTP/1.0" 200 93780 "-" "Mozilla/5.0 (compatible; Barkrowler/0.9; +https://babbar.tech/crawler)"
154.54.249.198 - - [23/Jan/2022:03:51:16 +0100] "GET /household-linen-c-11.html?page=63 HTTP/1.0" 200 92658 "-" "Mozilla/5.0 (compatible; Barkrowler/0.9; +https://babbar.tech/crawler)"
154.54.249.198 - - [23/Jan/2022:03:51:33 +0100] "GET /maori-jute-p-56924.html HTTP/1.0" 200 74263 "-" "Mozilla/5.0 (compatible; Barkrowler/0.9; +https://babbar.tech/crawler)"
154.54.249.198 - - [23/Jan/2022:03:51:50 +0100] "GET /mandala-coasters-blue-p-54075.html HTTP/1.0" 200 73371 "-" "Mozilla/5.0 (compatible; Barkrowler/0.9; +https://babbar.tech/crawler)"
154.54.249.198 - - [23/Jan/2022:03:52:06 +0100] "GET /mandalorian-ceramic-p-54995.html HTTP/1.0" 200 73989 "-" "Mozilla/5.0 (compatible; Barkrowler/0.9; +https://babbar.tech/crawler)"
143.92.127.233 - - [23/Jan/2022:03:52:11 +0100] "GET /contact_us.php HTTP/1.0" 200 26238 "http://www.wonder-geek.com/contact_us.php" "Mozilla/5.0 (Windows NT 6.1; WOW64) AppleWebKit/537.36 (KHTML, like Gecko) Chrome/83.0.4103.61 Safari/537.36"
185.191.171.13 - - [23/Jan/2022:03:52:11 +0100] "GET /chakra-banner-p-47232.html HTTP/1.0" 200 73507 "-" "Mozilla/5.0 (compatible; SemrushBot/7~bl; +http://www.semrush.com/bot.html)"
185.191.171.45 - - [23/Jan/2022:03:52:21 +0100] "GET /bedclothes-140-200-cm-pink-p-44337.html HTTP/1.0" 301 70785 "-" "Mozilla/5.0 (compatible; SemrushBot/7~bl; +http://www.semrush.com/bot.html)"
154.54.249.198 - - [23/Jan/2022:03:52:23 +0100] "GET /tour-france-snow-globe-p-52188.html HTTP/1.0" 200 73394 "-" "Mozilla/5.0 (compatible; Barkrowler/0.9; +https://babbar.tech/crawler)"
185.191.171.4 - - [23/Jan/2022:03:52:23 +0100] "GET /-p-44337.html HTTP/1.0" 200 70718 "-" "Mozilla/5.0 (compatible; SemrushBot/7~bl; +http://www.semrush.com/bot.html)"
185.191.171.19 - - [23/Jan/2022:03:52:30 +0100] "GET /jeans-black-pencil-case-p-36004.html?action=add_product HTTP/1.0" 302 476 "-" "Mozilla/5.0 (compatible; SemrushBot/7~bl; +http://www.semrush.com/bot.html)"
185.191.171.42 - - [23/Jan/2022:03:52:32 +0100] "GET /melt-eastern-promise-p-37437.html?action=add_product HTTP/1.0" 302 476 "-" "Mozilla/5.0 (compatible; SemrushBot/7~bl; +http://www.semrush.com/bot.html)"
185.191.171.10 - - [23/Jan/2022:03:52:34 +0100] "GET /wood-carved-tree-life-p-53780.html?action=add_product HTTP/1.0" 302 476 "-" "Mozilla/5.0 (compatible; SemrushBot/7~bl; +http://www.semrush.com/bot.html)"
185.191.171.38 - - [23/Jan/2022:03:52:35 +0100] "GET /japanese-green-cast-iron-teapot-liter-p-54893.html?action=add_product HTTP/1.0" 302 476 "-" "Mozilla/5.0 (compatible; SemrushBot/7~bl; +http://www.semrush.com/bot.html)"
114.119.128.39 - - [23/Jan/2022:03:52:39 +0100] "GET /waterproof-pillow-cover-60-60-cm-p-50923.html HTTP/1.0" 301 70912 "-" "Mozilla/5.0 (Linux; Android 7.0;) AppleWebKit/537.36 (KHTML, like Gecko) Mobile Safari/537.36 (compatible; PetalBot;+https://webmaster.petalsearch.com/site/petalbot)"
154.54.249.198 - - [23/Jan/2022:03:52:39 +0100] "GET /with-personalized-picture-p-47775.html HTTP/1.0" 200 70816 "-" "Mozilla/5.0 (compatible; Barkrowler/0.9; +https://babbar.tech/crawler)"
114.119.128.39 - - [23/Jan/2022:03:52:43 +0100] "GET /waterproof-pillow-cover-p-50923.html HTTP/1.0" 200 70822 "-" "Mozilla/5.0 (Linux; Android 7.0;) AppleWebKit/537.36 (KHTML, like Gecko) Mobile Safari/537.36 (compatible; PetalBot;+https://webmaster.petalsearch.com/site/petalbot)"
185.191.171.10 - - [23/Jan/2022:03:52:48 +0100] "GET /klimt-eyeglass-case-p-51199.html HTTP/1.0" 200 73343 "-" "Mozilla/5.0 (compatible; SemrushBot/7~bl; +http://www.semrush.com/bot.html)"
154.54.249.198 - - [23/Jan/2022:03:52:57 +0100] "GET /carlin-keychains-p-26280.html HTTP/1.0" 200 73337 "-" "Mozilla/5.0 (compatible; Barkrowler/0.9; +https://babbar.tech/crawler)"
154.54.249.198 - - [23/Jan/2022:03:53:14 +0100] "GET /allen-designs-blooms-p-54357.html HTTP/1.0" 200 73374 "-" "Mozilla/5.0 (compatible; Barkrowler/0.9; +https://babbar.tech/crawler)"
64.62.252.162 - - [23/Jan/2022:03:53:18 +0100] "GET /robots.txt HTTP/1.0" 200 245 "-" "The Knowledge AI"
64.62.252.162 - - [23/Jan/2022:03:53:28 +0100] "GET / HTTP/1.0" 200 95903 "-" "The Knowledge AI"
154.54.249.198 - - [23/Jan/2022:03:53:30 +0100] "GET /snow-glitter-ball-c-259.html?page=2 HTTP/1.0" 301 89275 "-" "Mozilla/5.0 (compatible; Barkrowler/0.9; +https://babbar.tech/crawler)"
154.54.249.198 - - [23/Jan/2022:03:53:48 +0100] "GET /water-outdoor-games-c-143.html?page=1 HTTP/1.0" 301 92502 "-" "Mozilla/5.0 (compatible; Barkrowler/0.9; +https://babbar.tech/crawler)"
154.54.249.198 - - [23/Jan/2022:03:54:05 +0100] "GET /panda-women-black-shirt-p-31235.html HTTP/1.0" 200 75368 "-" "Mozilla/5.0 (compatible; Barkrowler/0.9; +https://babbar.tech/crawler)"
154.54.249.198 - - [23/Jan/2022:03:54:21 +0100] "GET /magnet-control-tassen-p-47556.html HTTP/1.0" 301 74544 "-" "Mozilla/5.0 (compatible; Barkrowler/0.9; +https://babbar.tech/crawler)"
185.191.171.7 - - [23/Jan/2022:03:54:37 +0100] "GET /simpsons-p-27553.html HTTP/1.0" 200 73323 "-" "Mozilla/5.0 (compatible; SemrushBot/7~bl; +http://www.semrush.com/bot.html)"
154.54.249.198 - - [23/Jan/2022:03:54:38 +0100] "GET /illuminated-decorations-c-86_282.html HTTP/1.0" 200 86968 "-" "Mozilla/5.0 (compatible; Barkrowler/0.9; +https://babbar.tech/crawler)"
154.54.249.198 - - [23/Jan/2022:03:54:56 +0100] "GET /microfiber-bolster-p-35012.html HTTP/1.0" 200 73484 "-" "Mozilla/5.0 (compatible; Barkrowler/0.9; +https://babbar.tech/crawler)"
154.54.249.198 - - [23/Jan/2022:03:55:13 +0100] "GET /heart-bear-decoration-p-56121.html HTTP/1.0" 200 73533 "-" "Mozilla/5.0 (compatible; Barkrowler/0.9; +https://babbar.tech/crawler)"
114.119.128.39 - - [23/Jan/2022:03:55:19 +0100] "GET /wooden-sticker-strips-p-53568.html HTTP/1.0" 200 74477 "-" "Mozilla/5.0 (Linux; Android 7.0;) AppleWebKit/537.36 (KHTML, like Gecko) Mobile Safari/537.36 (compatible; PetalBot;+https://webmaster.petalsearch.com/site/petalbot)"
154.54.249.198 - - [23/Jan/2022:03:55:30 +0100] "GET /flower-springy-collection-p-54655.html HTTP/1.0" 200 73474 "-" "Mozilla/5.0 (compatible; Barkrowler/0.9; +https://babbar.tech/crawler)"
154.54.249.198 - - [23/Jan/2022:03:55:48 +0100] "GET /flower-summer-collection-white-p-54685.html HTTP/1.0" 200 70860 "-" "Mozilla/5.0 (compatible; Barkrowler/0.9; +https://babbar.tech/crawler)"
185.191.171.22 - - [23/Jan/2022:03:56:00 +0100] "GET /parrots-table-lamp-p-55082.html HTTP/1.0" 200 70792 "-" "Mozilla/5.0 (compatible; SemrushBot/7~bl; +http://www.semrush.com/bot.html)"
185.191.171.40 - - [23/Jan/2022:03:56:04 +0100] "GET /elvis-presley-rectangular-mirror-p-48298.html HTTP/1.0" 200 73400 "-" "Mozilla/5.0 (compatible; SemrushBot/7~bl; +http://www.semrush.com/bot.html)"
154.54.249.198 - - [23/Jan/2022:03:56:05 +0100] "GET /inuit-bedclothes-p-28332.html HTTP/1.0" 200 73582 "-" "Mozilla/5.0 (compatible; Barkrowler/0.9; +https://babbar.tech/crawler)"
143.92.127.233 - - [23/Jan/2022:03:56:13 +0100] "POST /contact_us.php?action=send HTTP/1.0" 200 26453 "http://www.wonder-geek.com/contact_us.php" "Mozilla/5.0 (Windows NT 6.1; WOW64) AppleWebKit/537.36 (KHTML, like Gecko) Chrome/83.0.4103.61 Safari/537.36"
154.54.249.198 - - [23/Jan/2022:03:56:22 +0100] "GET /large-glass-flower-life-p-51473.html HTTP/1.0" 200 74014 "-" "Mozilla/5.0 (compatible; Barkrowler/0.9; +https://babbar.tech/crawler)"
54.36.148.243 - - [23/Jan/2022:03:56:25 +0100] "GET / HTTP/1.0" 200 96232 "-" "Mozilla/5.0 (compatible; AhrefsBot/7.0; +http://ahrefs.com/robot/)"
185.191.171.10 - - [23/Jan/2022:03:56:30 +0100] "GET /placemat-bonne-franquette-p-53599.html HTTP/1.0" 200 73990 "-" "Mozilla/5.0 (compatible; SemrushBot/7~bl; +http://www.semrush.com/bot.html)"
185.191.171.37 - - [23/Jan/2022:03:56:33 +0100] "GET /-p-33573.html?action=add_product HTTP/1.0" 302 476 "-" "Mozilla/5.0 (compatible; SemrushBot/7~bl; +http://www.semrush.com/bot.html)"
154.54.249.198 - - [23/Jan/2022:03:56:38 +0100] "GET /white-natural-mini-wooden-p-55036.html HTTP/1.0" 200 74249 "-" "Mozilla/5.0 (compatible; Barkrowler/0.9; +https://babbar.tech/crawler)"
154.54.249.198 - - [23/Jan/2022:03:56:55 +0100] "GET /home-and-decoration-c-13.html?page=67 HTTP/1.0" 301 92935 "-" "Mozilla/5.0 (compatible; Barkrowler/0.9; +https://babbar.tech/crawler)"
216.244.66.242 - - [23/Jan/2022:03:57:06 +0100] "GET /robots.txt HTTP/1.0" 200 245 "-" "Mozilla/5.0 (compatible; DotBot/1.2; +https://opensiteexplorer.org/dotbot; help@moz.com)"
154.54.249.198 - - [23/Jan/2022:03:57:12 +0100] "GET /home-and-decoration-c-13.html?page=64 HTTP/1.0" 301 92563 "-" "Mozilla/5.0 (compatible; Barkrowler/0.9; +https://babbar.tech/crawler)"
154.54.249.198 - - [23/Jan/2022:03:57:30 +0100] "GET /home-and-decoration-c-13.html?page=27 HTTP/1.0" 301 93332 "-" "Mozilla/5.0 (compatible; Barkrowler/0.9; +https://babbar.tech/crawler)"
154.54.249.198 - - [23/Jan/2022:03:57:48 +0100] "GET /glasses-drinking-c-12_62.html?page=5 HTTP/1.0" 200 91188 "-" "Mozilla/5.0 (compatible; Barkrowler/0.9; +https://babbar.tech/crawler)"
159.138.102.98 - - [23/Jan/2022:03:58:03 +0100] "GET /home/stationery-school-supplies/kimmidoll-yuna-small-notebook-with-mirror-p-17940.html HTTP/1.0" 301 683 "-" "Mozilla/5.0 (Linux; Android 7.0;) AppleWebKit/537.36 (KHTML, like Gecko) Mobile Safari/537.36 (compatible; PetalBot;+https://webmaster.petalsearch.com/site/petalbot)"
159.138.102.98 - - [23/Jan/2022:03:58:04 +0100] "GET /home/stationery-school-supplies/kimmidoll-yuna-small-notebook-with-mirror-p-17940.html HTTP/1.0" 301 70785 "-" "Mozilla/5.0 (Linux; Android 7.0;) AppleWebKit/537.36 (KHTML, like Gecko) Mobile Safari/537.36 (compatible; PetalBot;+https://webmaster.petalsearch.com/site/petalbot)"
154.54.249.198 - - [23/Jan/2022:03:58:05 +0100] "GET /ethnic-decorative-tray-p-46090.html HTTP/1.0" 200 74264 "-" "Mozilla/5.0 (compatible; Barkrowler/0.9; +https://babbar.tech/crawler)"
159.138.102.98 - - [23/Jan/2022:03:58:07 +0100] "GET /-p-17940.html HTTP/1.0" 200 70718 "-" "Mozilla/5.0 (Linux; Android 7.0;) AppleWebKit/537.36 (KHTML, like Gecko) Mobile Safari/537.36 (compatible; PetalBot;+https://webmaster.petalsearch.com/site/petalbot)"
185.191.171.7 - - [23/Jan/2022:03:58:21 +0100] "GET /chupa-chups-peas-with-betty-boop-p-31787.html?action=add_product HTTP/1.0" 302 476 "-" "Mozilla/5.0 (compatible; SemrushBot/7~bl; +http://www.semrush.com/bot.html)"
154.54.249.198 - - [23/Jan/2022:03:58:23 +0100] "GET /dubout-cats-white-p-56339.html HTTP/1.0" 200 73909 "-" "Mozilla/5.0 (compatible; Barkrowler/0.9; +https://babbar.tech/crawler)"
185.191.171.14 - - [23/Jan/2022:03:58:39 +0100] "GET /gorjuss-classic-stripe-large-pencil-case-scarf-p-43179.html HTTP/1.0" 200 73665 "-" "Mozilla/5.0 (compatible; SemrushBot/7~bl; +http://www.semrush.com/bot.html)"
154.54.249.198 - - [23/Jan/2022:03:58:39 +0100] "GET /carpet-60-80-cm-p-48080.html HTTP/1.0" 301 74283 "-" "Mozilla/5.0 (compatible; Barkrowler/0.9; +https://babbar.tech/crawler)"
185.191.171.19 - - [23/Jan/2022:03:58:46 +0100] "GET /tweety-figurine-p-45048.html HTTP/1.0" 200 73326 "-" "Mozilla/5.0 (compatible; SemrushBot/7~bl; +http://www.semrush.com/bot.html)"
54.36.148.243 - - [23/Jan/2022:03:58:46 +0100] "GET /water-bottles-sport-bottles-c-12_161.html?page=3 HTTP/1.0" 200 94894 "-" "Mozilla/5.0 (compatible; AhrefsBot/7.0; +http://ahrefs.com/robot/)"
185.191.171.11 - - [23/Jan/2022:03:58:56 +0100] "GET /moon-messenger-backpack-p-38311.html?action=add_product HTTP/1.0" 302 476 "-" "Mozilla/5.0 (compatible; SemrushBot/7~bl; +http://www.semrush.com/bot.html)"
154.54.249.198 - - [23/Jan/2022:03:58:57 +0100] "GET /paul-frank-flat-cosmetic-p-9642.html HTTP/1.0" 200 73704 "-" "Mozilla/5.0 (compatible; Barkrowler/0.9; +https://babbar.tech/crawler)"
154.54.249.198 - - [23/Jan/2022:03:59:14 +0100] "GET /vive-paris-hairbrush-p-18965.html HTTP/1.0" 200 73346 "-" "Mozilla/5.0 (compatible; Barkrowler/0.9; +https://babbar.tech/crawler)"
154.54.249.198 - - [23/Jan/2022:03:59:30 +0100] "GET /despecable-keyring-p-33080.html HTTP/1.0" 200 74061 "-" "Mozilla/5.0 (compatible; Barkrowler/0.9; +https://babbar.tech/crawler)"
185.191.171.23 - - [23/Jan/2022:03:59:37 +0100] "GET /jasmin-make-pouch-racing-p-43463.html HTTP/1.0" 200 73606 "-" "Mozilla/5.0 (compatible; SemrushBot/7~bl; +http://www.semrush.com/bot.html)"
66.249.66.205 - - [23/Jan/2022:03:59:43 +0100] "GET /ads.txt HTTP/1.0" 404 1308 "-" "Mozilla/5.0 (compatible; Googlebot/2.1; +http://www.google.com/bot.html)"
66.249.66.212 - - [23/Jan/2022:03:59:43 +0100] "GET /robots.txt HTTP/1.0" 301 531 "-" "Mozilla/5.0 (compatible; Googlebot/2.1; +http://www.google.com/bot.html)"
66.249.66.6 - - [23/Jan/2022:03:59:43 +0100] "GET /robots.txt HTTP/1.0" 200 245 "-" "Mozilla/5.0 (compatible; Googlebot/2.1; +http://www.google.com/bot.html)"
66.249.66.12 - - [23/Jan/2022:03:59:44 +0100] "GET /ads.txt HTTP/1.0" 301 525 "-" "Mozilla/5.0 (compatible; Googlebot/2.1; +http://www.google.com/bot.html)"
154.54.249.198 - - [23/Jan/2022:03:59:47 +0100] "GET /mojito-glasses-p-39470.html HTTP/1.0" 200 70782 "-" "Mozilla/5.0 (compatible; Barkrowler/0.9; +https://babbar.tech/crawler)"
154.54.249.198 - - [23/Jan/2022:04:00:03 +0100] "GET /cats-dubout-sugar-p-28594.html HTTP/1.0" 200 73428 "-" "Mozilla/5.0 (compatible; Barkrowler/0.9; +https://babbar.tech/crawler)"
154.54.249.198 - - [23/Jan/2022:04:00:21 +0100] "GET /provence-cotton-canvas-p-38649.html HTTP/1.0" 200 70804 "-" "Mozilla/5.0 (compatible; Barkrowler/0.9; +https://babbar.tech/crawler)"
154.54.249.198 - - [23/Jan/2022:04:00:38 +0100] "GET /coca-cola-large-p-38446.html HTTP/1.0" 200 70776 "-" "Mozilla/5.0 (compatible; Barkrowler/0.9; +https://babbar.tech/crawler)"
154.54.249.198 - - [23/Jan/2022:04:00:55 +0100] "GET /london-academy-backpack-p-40876.html HTTP/1.0" 200 73792 "-" "Mozilla/5.0 (compatible; Barkrowler/0.9; +https://babbar.tech/crawler)"
185.191.171.13 - - [23/Jan/2022:04:01:04 +0100] "GET /bolster-case-cotton-percale-threads-p-54394.html?action=add_product HTTP/1.0" 302 476 "-" "Mozilla/5.0 (compatible; SemrushBot/7~bl; +http://www.semrush.com/bot.html)"
185.191.171.26 - - [23/Jan/2022:04:01:11 +0100] "GET /head-wallet-model-p-39444.html HTTP/1.0" 200 73369 "-" "Mozilla/5.0 (compatible; SemrushBot/7~bl; +http://www.semrush.com/bot.html)"
154.54.249.198 - - [23/Jan/2022:04:01:11 +0100] "GET /good-year-tires-large-p-45948.html HTTP/1.0" 200 73509 "-" "Mozilla/5.0 (compatible; Barkrowler/0.9; +https://babbar.tech/crawler)"
114.119.128.40 - - [23/Jan/2022:04:01:15 +0100] "GET /images/big_prod/8445148011754.jpg HTTP/1.0" 200 268 "-" "Mozilla/5.0 (Linux; Android 7.0;) AppleWebKit/537.36 (KHTML, like Gecko) Mobile Safari/537.36 (compatible; PetalBot;+https://webmaster.petalsearch.com/site/petalbot)"
54.36.148.243 - - [23/Jan/2022:04:01:25 +0100] "GET /water-bottles-sport-bottles-c-12_161.html?page=5 HTTP/1.0" 200 95327 "-" "Mozilla/5.0 (compatible; AhrefsBot/7.0; +http://ahrefs.com/robot/)"
154.54.249.198 - - [23/Jan/2022:04:01:29 +0100] "GET /wooden-wall-decoration-hang-p-41534.html HTTP/1.0" 200 73598 "-" "Mozilla/5.0 (compatible; Barkrowler/0.9; +https://babbar.tech/crawler)"
154.54.249.198 - - [23/Jan/2022:04:01:45 +0100] "GET /wooden-wall-decoration-hang-p-41549.html HTTP/1.0" 200 73598 "-" "Mozilla/5.0 (compatible; Barkrowler/0.9; +https://babbar.tech/crawler)"
154.54.249.198 - - [23/Jan/2022:04:02:02 +0100] "GET /postcard-with-envelope-cat-p-48858.html HTTP/1.0" 301 73589 "-" "Mozilla/5.0 (compatible; Barkrowler/0.9; +https://babbar.tech/crawler)"
154.54.249.198 - - [23/Jan/2022:04:02:18 +0100] "GET /gray-lampshade-p-55695.html HTTP/1.0" 200 70764 "-" "Mozilla/5.0 (compatible; Barkrowler/0.9; +https://babbar.tech/crawler)"
185.191.171.10 - - [23/Jan/2022:04:02:19 +0100] "GET /rabbit-plush-beige-water-bottle-p-56879.html HTTP/1.0" 200 74238 "-" "Mozilla/5.0 (compatible; SemrushBot/7~bl; +http://www.semrush.com/bot.html)"
193.177.162.34 - - [23/Jan/2022:04:02:23 +0100] "GET /images/mini_prod/3519570204031.jpg HTTP/1.0" 200 269 "-" "Mozilla/5.0 (X11; Ubuntu; Linux x86_64; rv:72.0) Gecko/20100101 Firefox/72.0"
154.54.249.198 - - [23/Jan/2022:04:02:35 +0100] "GET /cold-beer-ottoman-storage-p-40929.html HTTP/1.0" 200 73543 "-" "Mozilla/5.0 (compatible; Barkrowler/0.9; +https://babbar.tech/crawler)"
154.54.249.198 - - [23/Jan/2022:04:02:51 +0100] "GET /black-gold-lampshade-p-55425.html HTTP/1.0" 200 70796 "-" "Mozilla/5.0 (compatible; Barkrowler/0.9; +https://babbar.tech/crawler)"
154.54.249.198 - - [23/Jan/2022:04:03:08 +0100] "GET /adhesive-decoration-relief-p-52033.html HTTP/1.0" 200 74126 "-" "Mozilla/5.0 (compatible; Barkrowler/0.9; +https://babbar.tech/crawler)"
114.119.128.34 - - [23/Jan/2022:04:03:21 +0100] "GET /route-logo-cosmetic-p-10991.html HTTP/1.0" 200 73303 "-" "Mozilla/5.0 (Linux; Android 7.0;) AppleWebKit/537.36 (KHTML, like Gecko) Mobile Safari/537.36 (compatible; PetalBot;+https://webmaster.petalsearch.com/site/petalbot)"
154.54.249.198 - - [23/Jan/2022:04:03:24 +0100] "GET /trivet-boards-c-12_158.html?page=1 HTTP/1.0" 200 94539 "-" "Mozilla/5.0 (compatible; Barkrowler/0.9; +https://babbar.tech/crawler)"
185.191.171.23 - - [23/Jan/2022:04:03:24 +0100] "GET /dishes-c-13_12.html?page=81 HTTP/1.0" 200 93185 "-" "Mozilla/5.0 (compatible; SemrushBot/7~bl; +http://www.semrush.com/bot.html)"
154.54.249.198 - - [23/Jan/2022:04:03:41 +0100] "GET /skull-moneybox-nothing-p-52306.html HTTP/1.0" 200 70780 "-" "Mozilla/5.0 (compatible; Barkrowler/0.9; +https://babbar.tech/crawler)"
154.54.249.198 - - [23/Jan/2022:04:03:57 +0100] "GET /chiloe-bedclothes-p-54669.html HTTP/1.0" 200 74007 "-" "Mozilla/5.0 (compatible; Barkrowler/0.9; +https://babbar.tech/crawler)"
54.36.148.243 - - [23/Jan/2022:04:03:58 +0100] "GET /water-bottles-sport-bottles-c-12_161.html?page=2 HTTP/1.0" 200 94338 "-" "Mozilla/5.0 (compatible; AhrefsBot/7.0; +http://ahrefs.com/robot/)"
154.54.249.198 - - [23/Jan/2022:04:04:14 +0100] "GET /monkey-wall-lamp-standing-p-48812.html HTTP/1.0" 200 70820 "-" "Mozilla/5.0 (compatible; Barkrowler/0.9; +https://babbar.tech/crawler)"
172.4.32.226 - - [23/Jan/2022:04:04:20 +0100] "GET /jane-crowther-cats-p-54761.html HTTP/1.0" 200 74060 "-" "Mozilla/5.0 (iPhone; CPU iPhone OS 15_1 like Mac OS X) AppleWebKit/605.1.15 (KHTML, like Gecko) Version/15.1 Mobile/15E148 Safari/604.1"
172.4.32.226 - - [23/Jan/2022:04:04:21 +0100] "GET /swfobject.js HTTP/1.0" 404 1308 "http://www.wonder-geek.com/" "Mozilla/5.0 (iPhone; CPU iPhone OS 15_1 like Mac OS X) AppleWebKit/605.1.15 (KHTML, like Gecko) Version/15.1 Mobile/15E148 Safari/604.1"
172.4.32.226 - - [23/Jan/2022:04:04:21 +0100] "GET /templates/Pixame_v1/stylesheet.css HTTP/1.0" 200 267 "http://www.wonder-geek.com/" "Mozilla/5.0 (iPhone; CPU iPhone OS 15_1 like Mac OS X) AppleWebKit/605.1.15 (KHTML, like Gecko) Version/15.1 Mobile/15E148 Safari/604.1"
172.4.32.226 - - [23/Jan/2022:04:04:21 +0100] "GET /highslide/highslide.js HTTP/1.0" 200 262 "http://www.wonder-geek.com/" "Mozilla/5.0 (iPhone; CPU iPhone OS 15_1 like Mac OS X) AppleWebKit/605.1.15 (KHTML, like Gecko) Version/15.1 Mobile/15E148 Safari/604.1"
172.4.32.226 - - [23/Jan/2022:04:04:21 +0100] "GET /js/jquery.js HTTP/1.0" 200 252 "http://www.wonder-geek.com/" "Mozilla/5.0 (iPhone; CPU iPhone OS 15_1 like Mac OS X) AppleWebKit/605.1.15 (KHTML, like Gecko) Version/15.1 Mobile/15E148 Safari/604.1"
172.4.32.226 - - [23/Jan/2022:04:04:21 +0100] "GET /js/jquery.jqzoom.js HTTP/1.0" 200 259 "http://www.wonder-geek.com/" "Mozilla/5.0 (iPhone; CPU iPhone OS 15_1 like Mac OS X) AppleWebKit/605.1.15 (KHTML, like Gecko) Version/15.1 Mobile/15E148 Safari/604.1"
172.4.32.226 - - [23/Jan/2022:04:04:21 +0100] "GET /mondial_relay/js/jquery-1.3.2.min.js HTTP/1.0" 200 276 "http://www.wonder-geek.com/" "Mozilla/5.0 (iPhone; CPU iPhone OS 15_1 like Mac OS X) AppleWebKit/605.1.15 (KHTML, like Gecko) Version/15.1 Mobile/15E148 Safari/604.1"
154.54.249.198 - - [23/Jan/2022:04:04:30 +0100] "GET /confetti-bedclothes-p-51956.html HTTP/1.0" 200 74102 "-" "Mozilla/5.0 (compatible; Barkrowler/0.9; +https://babbar.tech/crawler)"
185.191.171.23 - - [23/Jan/2022:04:04:35 +0100] "GET /candy-cloud-pencil-case-jazzy-p-49846.html HTTP/1.0" 200 73424 "-" "Mozilla/5.0 (compatible; SemrushBot/7~bl; +http://www.semrush.com/bot.html)"
51.68.224.127 - - [23/Jan/2022:04:04:37 +0100] "GET /adminweb/export_orders_xml.php?token=256de2z6edz6ed2z6DFSFsed2zed6zeDSFDSGdzedezfzf&maxorders=10&orderstart=1&status=14&start_date=2018-10-01 HTTP/1.0" 200 285 "-" "GesCom CharlotteBoutik Serveur"
51.68.224.127 - - [23/Jan/2022:04:04:37 +0100] "GET /adminweb/export_orders_xml.php?token=256de2z6edz6ed2z6DFSFsed2zed6zeDSFDSGdzedezfzf&maxorders=10&orderstart=1&status=6&start_date=2018-10-01 HTTP/1.0" 200 32795 "-" "GesCom CharlotteBoutik Serveur"
154.54.249.198 - - [23/Jan/2022:04:04:46 +0100] "GET /happy-hour-wooden-frame-p-45698.html HTTP/1.0" 200 70808 "-" "Mozilla/5.0 (compatible; Barkrowler/0.9; +https://babbar.tech/crawler)"
185.191.171.44 - - [23/Jan/2022:04:04:56 +0100] "GET /mini-magnetic-plate-rtro-wine-lovers-gracefully-p-34407.html HTTP/1.0" 200 73635 "-" "Mozilla/5.0 (compatible; SemrushBot/7~bl; +http://www.semrush.com/bot.html)"
154.54.249.198 - - [23/Jan/2022:04:05:03 +0100] "GET /lama-hot-water-bottle-p-45234.html HTTP/1.0" 301 73444 "-" "Mozilla/5.0 (compatible; Barkrowler/0.9; +https://babbar.tech/crawler)"
154.54.249.198 - - [23/Jan/2022:04:05:19 +0100] "GET /patinated-white-lamp-p-45942.html HTTP/1.0" 200 74003 "-" "Mozilla/5.0 (compatible; Barkrowler/0.9; +https://babbar.tech/crawler)"
154.54.249.198 - - [23/Jan/2022:04:05:35 +0100] "GET /harley-davidson-moneybox-p-26365.html HTTP/1.0" 200 73377 "-" "Mozilla/5.0 (compatible; Barkrowler/0.9; +https://babbar.tech/crawler)"
185.191.171.11 - - [23/Jan/2022:04:05:40 +0100] "GET /ceramic-salt-with-spoon-nautilus-p-47872.html?action=add_product HTTP/1.0" 302 476 "-" "Mozilla/5.0 (compatible; SemrushBot/7~bl; +http://www.semrush.com/bot.html)"
154.54.249.198 - - [23/Jan/2022:04:05:52 +0100] "GET /harley-davidson-moneybox-p-26366.html HTTP/1.0" 200 73338 "-" "Mozilla/5.0 (compatible; Barkrowler/0.9; +https://babbar.tech/crawler)"
185.191.171.22 - - [23/Jan/2022:04:06:04 +0100] "GET /quote-wall-stickers-parakeets-p-55699.html?action=add_product HTTP/1.0" 302 476 "-" "Mozilla/5.0 (compatible; SemrushBot/7~bl; +http://www.semrush.com/bot.html)"
114.119.128.39 - - [23/Jan/2022:04:06:07 +0100] "GET /cushion-cover-flamingos-p-55153.html HTTP/1.0" 200 74203 "-" "Mozilla/5.0 (Linux; Android 7.0;) AppleWebKit/537.36 (KHTML, like Gecko) Mobile Safari/537.36 (compatible; PetalBot;+https://webmaster.petalsearch.com/site/petalbot)"
154.54.249.198 - - [23/Jan/2022:04:06:08 +0100] "GET /harley-davidson-mc-lighter-p-42862.html HTTP/1.0" 301 73917 "-" "Mozilla/5.0 (compatible; Barkrowler/0.9; +https://babbar.tech/crawler)"
154.54.249.198 - - [23/Jan/2022:04:06:25 +0100] "GET /harley-davidson-mc-lighter-p-37649.html HTTP/1.0" 301 74522 "-" "Mozilla/5.0 (compatible; Barkrowler/0.9; +https://babbar.tech/crawler)"
185.191.171.7 - - [23/Jan/2022:04:06:36 +0100] "GET /gorjuss-ladybird-glasses-p-43167.html?action=add_product HTTP/1.0" 302 476 "-" "Mozilla/5.0 (compatible; SemrushBot/7~bl; +http://www.semrush.com/bot.html)"
154.54.249.198 - - [23/Jan/2022:04:06:42 +0100] "GET /harley-davidson-set-of-magnets-p-40277.html HTTP/1.0" 301 73547 "-" "Mozilla/5.0 (compatible; Barkrowler/0.9; +https://babbar.tech/crawler)"
185.191.171.41 - - [23/Jan/2022:04:06:47 +0100] "GET /wooden-boxes-and-storage-c-13_150_220.html HTTP/1.0" 301 90628 "-" "Mozilla/5.0 (compatible; SemrushBot/7~bl; +http://www.semrush.com/bot.html)"
185.191.171.22 - - [23/Jan/2022:04:06:50 +0100] "GET /wooden-boxes-storage-c-220.html HTTP/1.0" 301 90382 "-" "Mozilla/5.0 (compatible; SemrushBot/7~bl; +http://www.semrush.com/bot.html)"
185.191.171.7 - - [23/Jan/2022:04:06:54 +0100] "GET /wooden-boxes-storage-c-13_150_220.html HTTP/1.0" 200 90543 "-" "Mozilla/5.0 (compatible; SemrushBot/7~bl; +http://www.semrush.com/bot.html)"
54.36.148.243 - - [23/Jan/2022:04:06:58 +0100] "GET /water-bottles-sport-bottles-c-12_161.html?page=7 HTTP/1.0" 200 96038 "-" "Mozilla/5.0 (compatible; AhrefsBot/7.0; +http://ahrefs.com/robot/)"
154.54.249.198 - - [23/Jan/2022:04:06:58 +0100] "GET /harley-davidson-set-of-magnets-p-12541.html HTTP/1.0" 301 73529 "-" "Mozilla/5.0 (compatible; Barkrowler/0.9; +https://babbar.tech/crawler)"
154.54.249.198 - - [23/Jan/2022:04:07:15 +0100] "GET /harley-davidson-sugar-box-p-27958.html HTTP/1.0" 301 70888 "-" "Mozilla/5.0 (compatible; Barkrowler/0.9; +https://babbar.tech/crawler)"
154.54.249.198 - - [23/Jan/2022:04:07:32 +0100] "GET /harley-davidson-metal-plate-p-31675.html HTTP/1.0" 200 73455 "-" "Mozilla/5.0 (compatible; Barkrowler/0.9; +https://babbar.tech/crawler)"
185.191.171.7 - - [23/Jan/2022:04:07:41 +0100] "GET /wooden-carved-floral-pattern-p-46053.html?action=add_product HTTP/1.0" 302 476 "-" "Mozilla/5.0 (compatible; SemrushBot/7~bl; +http://www.semrush.com/bot.html)"
157.55.39.122 - - [23/Jan/2022:04:07:46 +0100] "GET /green-glass-ashtray-p-36383.html HTTP/1.0" 200 73332 "-" "Mozilla/5.0 (compatible; bingbot/2.0; +http://www.bing.com/bingbot.htm)"
154.54.249.198 - - [23/Jan/2022:04:07:48 +0100] "GET /harley-davidson-slim-lighter-p-37650.html HTTP/1.0" 200 73838 "-" "Mozilla/5.0 (compatible; Barkrowler/0.9; +https://babbar.tech/crawler)"
185.191.171.12 - - [23/Jan/2022:04:07:49 +0100] "GET /small-dancing-stitch-collectible-statuette-p-56316.html HTTP/1.0" 200 74664 "-" "Mozilla/5.0 (compatible; SemrushBot/7~bl; +http://www.semrush.com/bot.html)"
154.54.249.198 - - [23/Jan/2022:04:08:04 +0100] "GET /cleo-de-nile-figure-p-22566.html HTTP/1.0" 301 73502 "-" "Mozilla/5.0 (compatible; Barkrowler/0.9; +https://babbar.tech/crawler)"
154.54.249.198 - - [23/Jan/2022:04:08:21 +0100] "GET /swiss-cbkreation-p-33769.html HTTP/1.0" 200 73350 "-" "Mozilla/5.0 (compatible; Barkrowler/0.9; +https://babbar.tech/crawler)"
185.191.171.4 - - [23/Jan/2022:04:08:30 +0100] "GET /salsa-hermetic-p-37454.html HTTP/1.0" 200 73325 "-" "Mozilla/5.0 (compatible; SemrushBot/7~bl; +http://www.semrush.com/bot.html)"
154.54.249.198 - - [23/Jan/2022:04:08:38 +0100] "GET /princess-melamine-bowl-p-20360.html HTTP/1.0" 200 70796 "-" "Mozilla/5.0 (compatible; Barkrowler/0.9; +https://babbar.tech/crawler)"
185.191.171.34 - - [23/Jan/2022:04:08:38 +0100] "GET /adhesive-roll-velvet-pattern-p-55810.html HTTP/1.0" 200 74551 "-" "Mozilla/5.0 (compatible; SemrushBot/7~bl; +http://www.semrush.com/bot.html)"
114.119.128.253 - - [23/Jan/2022:04:08:44 +0100] "GET /jakarta-yellow-carpet-p-48420.html HTTP/1.0" 200 74167 "-" "Mozilla/5.0 (Linux; Android 7.0;) AppleWebKit/537.36 (KHTML, like Gecko) Mobile Safari/537.36 (compatible; PetalBot;+https://webmaster.petalsearch.com/site/petalbot)"
154.54.249.198 - - [23/Jan/2022:04:08:54 +0100] "GET /princess-sofia-chair-p-28198.html HTTP/1.0" 200 73338 "-" "Mozilla/5.0 (compatible; Barkrowler/0.9; +https://babbar.tech/crawler)"
185.191.171.37 - - [23/Jan/2022:04:08:54 +0100] "GET /poster-corsica-50-70-cm-p-43690.html HTTP/1.0" 301 70869 "-" "Mozilla/5.0 (compatible; SemrushBot/7~bl; +http://www.semrush.com/bot.html)"
185.191.171.7 - - [23/Jan/2022:04:08:57 +0100] "GET /poster-corsica-p-43690.html HTTP/1.0" 200 70788 "-" "Mozilla/5.0 (compatible; SemrushBot/7~bl; +http://www.semrush.com/bot.html)"
154.54.249.198 - - [23/Jan/2022:04:09:10 +0100] "GET /pig-stop-door-p-46282.html HTTP/1.0" 301 70828 "-" "Mozilla/5.0 (compatible; Barkrowler/0.9; +https://babbar.tech/crawler)"
154.54.249.198 - - [23/Jan/2022:04:09:26 +0100] "GET /pig-mini-glitter-ball-p-33558.html HTTP/1.0" 301 73468 "-" "Mozilla/5.0 (compatible; Barkrowler/0.9; +https://babbar.tech/crawler)"
154.54.249.198 - - [23/Jan/2022:04:09:43 +0100] "GET /natural-rattan-bread-p-49280.html HTTP/1.0" 200 74077 "-" "Mozilla/5.0 (compatible; Barkrowler/0.9; +https://babbar.tech/crawler)"
154.54.249.198 - - [23/Jan/2022:04:09:59 +0100] "GET /bookend-golden-cats-p-44632.html HTTP/1.0" 200 73341 "-" "Mozilla/5.0 (compatible; Barkrowler/0.9; +https://babbar.tech/crawler)"
157.55.39.122 - - [23/Jan/2022:04:10:15 +0100] "GET /retro-metal-tray-p-40728.html HTTP/1.0" 200 73400 "-" "Mozilla/5.0 (compatible; bingbot/2.0; +http://www.bing.com/bingbot.htm)"
154.54.249.198 - - [23/Jan/2022:04:10:16 +0100] "GET /gato-cats-teapot-p-56563.html HTTP/1.0" 200 73879 "-" "Mozilla/5.0 (compatible; Barkrowler/0.9; +https://babbar.tech/crawler)"
54.36.148.243 - - [23/Jan/2022:04:10:22 +0100] "GET /black-planisphere-wall-sticker-p-51614.html HTTP/1.0" 200 73517 "-" "Mozilla/5.0 (compatible; AhrefsBot/7.0; +http://ahrefs.com/robot/)"
185.191.171.10 - - [23/Jan/2022:04:10:30 +0100] "GET /galileo-thermometer-indoors-p-55399.html HTTP/1.0" 200 74115 "-" "Mozilla/5.0 (compatible; SemrushBot/7~bl; +http://www.semrush.com/bot.html)"
154.54.249.198 - - [23/Jan/2022:04:10:33 +0100] "GET /klimt-cotton-pouch-p-51203.html HTTP/1.0" 200 73377 "-" "Mozilla/5.0 (compatible; Barkrowler/0.9; +https://babbar.tech/crawler)"
172.197.223.1 - - [23/Jan/2022:04:10:36 +0100] "GET /koala-money-p-55391.html HTTP/1.0" 200 74283 "-" "Mozilla/5.0 (Macintosh; Intel Mac OS X 10_15_6) AppleWebKit/605.1.15 (KHTML, like Gecko) Version/14.1.2 Safari/605.1.15"
172.197.223.1 - - [23/Jan/2022:04:10:38 +0100] "GET /templates/Pixame_v1/stylesheet.css HTTP/1.0" 200 267 "http://www.wonder-geek.com/koala-money-p-55391.html" "Mozilla/5.0 (Macintosh; Intel Mac OS X 10_15_6) AppleWebKit/605.1.15 (KHTML, like Gecko) Version/14.1.2 Safari/605.1.15"
172.197.223.1 - - [23/Jan/2022:04:10:38 +0100] "GET /js/jquery.js HTTP/1.0" 200 252 "http://www.wonder-geek.com/koala-money-p-55391.html" "Mozilla/5.0 (Macintosh; Intel Mac OS X 10_15_6) AppleWebKit/605.1.15 (KHTML, like Gecko) Version/14.1.2 Safari/605.1.15"
172.197.223.1 - - [23/Jan/2022:04:10:38 +0100] "GET /highslide/highslide.js HTTP/1.0" 200 262 "http://www.wonder-geek.com/koala-money-p-55391.html" "Mozilla/5.0 (Macintosh; Intel Mac OS X 10_15_6) AppleWebKit/605.1.15 (KHTML, like Gecko) Version/14.1.2 Safari/605.1.15"
172.197.223.1 - - [23/Jan/2022:04:10:38 +0100] "GET /js/jquery.jqzoom.js HTTP/1.0" 200 259 "http://www.wonder-geek.com/koala-money-p-55391.html" "Mozilla/5.0 (Macintosh; Intel Mac OS X 10_15_6) AppleWebKit/605.1.15 (KHTML, like Gecko) Version/14.1.2 Safari/605.1.15"
172.197.223.1 - - [23/Jan/2022:04:10:39 +0100] "GET /mondial_relay/js/jquery-1.3.2.min.js HTTP/1.0" 200 276 "http://www.wonder-geek.com/koala-money-p-55391.html" "Mozilla/5.0 (Macintosh; Intel Mac OS X 10_15_6) AppleWebKit/605.1.15 (KHTML, like Gecko) Version/14.1.2 Safari/605.1.15"
172.197.223.1 - - [23/Jan/2022:04:10:39 +0100] "GET /swfobject.js HTTP/1.0" 404 1308 "http://www.wonder-geek.com/koala-money-p-55391.html" "Mozilla/5.0 (Macintosh; Intel Mac OS X 10_15_6) AppleWebKit/605.1.15 (KHTML, like Gecko) Version/14.1.2 Safari/605.1.15"
172.197.223.1 - - [23/Jan/2022:04:10:39 +0100] "GET /templates/Pixame_v1/images/icon_accueil2.png HTTP/1.0" 200 278 "http://www.wonder-geek.com/koala-money-p-55391.html" "Mozilla/5.0 (Macintosh; Intel Mac OS X 10_15_6) AppleWebKit/605.1.15 (KHTML, like Gecko) Version/14.1.2 Safari/605.1.15"
172.197.223.1 - - [23/Jan/2022:04:10:39 +0100] "GET /templates/Pixame_v1/images/infobox/pixel_trans.gif HTTP/1.0" 200 328 "http://www.wonder-geek.com/koala-money-p-55391.html" "Mozilla/5.0 (Macintosh; Intel Mac OS X 10_15_6) AppleWebKit/605.1.15 (KHTML, like Gecko) Version/14.1.2 Safari/605.1.15"
172.197.223.1 - - [23/Jan/2022:04:10:39 +0100] "GET /images/pixel_trans.gif HTTP/1.0" 200 328 "http://www.wonder-geek.com/koala-money-p-55391.html" "Mozilla/5.0 (Macintosh; Intel Mac OS X 10_15_6) AppleWebKit/605.1.15 (KHTML, like Gecko) Version/14.1.2 Safari/605.1.15"
172.197.223.1 - - [23/Jan/2022:04:10:39 +0100] "GET /templates/Pixame_v1/images/pixel_trans.gif HTTP/1.0" 200 328 "http://www.wonder-geek.com/koala-money-p-55391.html" "Mozilla/5.0 (Macintosh; Intel Mac OS X 10_15_6) AppleWebKit/605.1.15 (KHTML, like Gecko) Version/14.1.2 Safari/605.1.15"
172.197.223.1 - - [23/Jan/2022:04:10:39 +0100] "GET /images/big_prod/5404006048250.jpg HTTP/1.0" 200 268 "http://www.wonder-geek.com/koala-money-p-55391.html" "Mozilla/5.0 (Macintosh; Intel Mac OS X 10_15_6) AppleWebKit/605.1.15 (KHTML, like Gecko) Version/14.1.2 Safari/605.1.15"
172.197.223.1 - - [23/Jan/2022:04:10:39 +0100] "GET /images/big_prod_1/5404006048250b.jpg HTTP/1.0" 200 271 "http://www.wonder-geek.com/koala-money-p-55391.html" "Mozilla/5.0 (Macintosh; Intel Mac OS X 10_15_6) AppleWebKit/605.1.15 (KHTML, like Gecko) Version/14.1.2 Safari/605.1.15"
172.197.223.1 - - [23/Jan/2022:04:10:39 +0100] "GET /images/big_prod_2/5404006048250c.jpg HTTP/1.0" 200 271 "http://www.wonder-geek.com/koala-money-p-55391.html" "Mozilla/5.0 (Macintosh; Intel Mac OS X 10_15_6) AppleWebKit/605.1.15 (KHTML, like Gecko) Version/14.1.2 Safari/605.1.15"
172.197.223.1 - - [23/Jan/2022:04:10:40 +0100] "GET /images/big_prod_3/5404006048250a.jpg HTTP/1.0" 200 271 "http://www.wonder-geek.com/koala-money-p-55391.html" "Mozilla/5.0 (Macintosh; Intel Mac OS X 10_15_6) AppleWebKit/605.1.15 (KHTML, like Gecko) Version/14.1.2 Safari/605.1.15"
172.197.223.1 - - [23/Jan/2022:04:10:40 +0100] "GET /templates/Pixame_v1/images/buttons/english/button_in_cart.gif HTTP/1.0" 200 295 "http://www.wonder-geek.com/koala-money-p-55391.html" "Mozilla/5.0 (Macintosh; Intel Mac OS X 10_15_6) AppleWebKit/605.1.15 (KHTML, like Gecko) Version/14.1.2 Safari/605.1.15"
172.197.223.1 - - [23/Jan/2022:04:10:40 +0100] "GET /templates/Pixame_v1/images/Bottom_texture.jpg HTTP/1.0" 200 280 "http://www.wonder-geek.com/koala-money-p-55391.html" "Mozilla/5.0 (Macintosh; Intel Mac OS X 10_15_6) AppleWebKit/605.1.15 (KHTML, like Gecko) Version/14.1.2 Safari/605.1.15"
172.197.223.1 - - [23/Jan/2022:04:10:40 +0100] "GET /templates/Pixame_v1/images/Middle_texture.jpg HTTP/1.0" 200 280 "http://www.wonder-geek.com/koala-money-p-55391.html" "Mozilla/5.0 (Macintosh; Intel Mac OS X 10_15_6) AppleWebKit/605.1.15 (KHTML, like Gecko) Version/14.1.2 Safari/605.1.15"
172.197.223.1 - - [23/Jan/2022:04:10:40 +0100] "GET /templates/Pixame_v1/images/nav.png HTTP/1.0" 200 268 "http://www.wonder-geek.com/koala-money-p-55391.html" "Mozilla/5.0 (Macintosh; Intel Mac OS X 10_15_6) AppleWebKit/605.1.15 (KHTML, like Gecko) Version/14.1.2 Safari/605.1.15"
172.197.223.1 - - [23/Jan/2022:04:10:41 +0100] "GET /templates/Pixame_v1/images/header.png HTTP/1.0" 200 271 "http://www.wonder-geek.com/koala-money-p-55391.html" "Mozilla/5.0 (Macintosh; Intel Mac OS X 10_15_6) AppleWebKit/605.1.15 (KHTML, like Gecko) Version/14.1.2 Safari/605.1.15"
172.197.223.1 - - [23/Jan/2022:04:10:41 +0100] "GET /templates/Pixame_v1/images/header-object.png HTTP/1.0" 200 278 "http://www.wonder-geek.com/koala-money-p-55391.html" "Mozilla/5.0 (Macintosh; Intel Mac OS X 10_15_6) AppleWebKit/605.1.15 (KHTML, like Gecko) Version/14.1.2 Safari/605.1.15"
172.197.223.1 - - [23/Jan/2022:04:10:41 +0100] "GET /design/productsenstock.png HTTP/1.0" 200 260 "http://www.wonder-geek.com/koala-money-p-55391.html" "Mozilla/5.0 (Macintosh; Intel Mac OS X 10_15_6) AppleWebKit/605.1.15 (KHTML, like Gecko) Version/14.1.2 Safari/605.1.15"
172.197.223.1 - - [23/Jan/2022:04:10:42 +0100] "GET /templates/Pixame_v1/images/infobox/infobox_footer_middle.gif HTTP/1.0" 200 357 "http://www.wonder-geek.com/koala-money-p-55391.html" "Mozilla/5.0 (Macintosh; Intel Mac OS X 10_15_6) AppleWebKit/605.1.15 (KHTML, like Gecko) Version/14.1.2 Safari/605.1.15"
172.197.223.1 - - [23/Jan/2022:04:10:42 +0100] "GET /highslide/graphics/zoomin.cur HTTP/1.0" 200 614 "http://www.wonder-geek.com/koala-money-p-55391.html" "Mozilla/5.0 (Macintosh; Intel Mac OS X 10_15_6) AppleWebKit/605.1.15 (KHTML, like Gecko) Version/14.1.2 Safari/605.1.15"
172.197.223.1 - - [23/Jan/2022:04:10:42 +0100] "GET /highslide/graphics/zoomout.cur HTTP/1.0" 200 614 "http://www.wonder-geek.com/koala-money-p-55391.html" "Mozilla/5.0 (Macintosh; Intel Mac OS X 10_15_6) AppleWebKit/605.1.15 (KHTML, like Gecko) Version/14.1.2 Safari/605.1.15"
172.197.223.1 - - [23/Jan/2022:04:10:42 +0100] "GET /highslide/graphics/loader.white.gif HTTP/1.0" 200 960 "http://www.wonder-geek.com/koala-money-p-55391.html" "Mozilla/5.0 (Macintosh; Intel Mac OS X 10_15_6) AppleWebKit/605.1.15 (KHTML, like Gecko) Version/14.1.2 Safari/605.1.15"
172.197.223.1 - - [23/Jan/2022:04:10:42 +0100] "GET /highslide/graphics/outlines/drop-shadow.png HTTP/1.0" 200 277 "http://www.wonder-geek.com/koala-money-p-55391.html" "Mozilla/5.0 (Macintosh; Intel Mac OS X 10_15_6) AppleWebKit/605.1.15 (KHTML, like Gecko) Version/14.1.2 Safari/605.1.15"
172.197.223.1 - - [23/Jan/2022:04:10:42 +0100] "GET /favicon.ico HTTP/1.0" 200 260 "http://www.wonder-geek.com/koala-money-p-55391.html" "Mozilla/5.0 (Macintosh; Intel Mac OS X 10_15_6) AppleWebKit/605.1.15 (KHTML, like Gecko) Version/14.1.2 Safari/605.1.15"
154.54.249.198 - - [23/Jan/2022:04:10:50 +0100] "GET /klimt-little-tray-p-51680.html HTTP/1.0" 200 73379 "-" "Mozilla/5.0 (compatible; Barkrowler/0.9; +https://babbar.tech/crawler)"
154.54.249.198 - - [23/Jan/2022:04:11:06 +0100] "GET /klimt-little-tray-p-51679.html HTTP/1.0" 200 73380 "-" "Mozilla/5.0 (compatible; Barkrowler/0.9; +https://babbar.tech/crawler)"
157.55.39.122 - - [23/Jan/2022:04:11:06 +0100] "GET /wick-ellipse-candle-heart-home-cranberry-spice-p-57132.html HTTP/1.0" 200 74868 "-" "Mozilla/5.0 (compatible; bingbot/2.0; +http://www.bing.com/bingbot.htm)"
154.54.249.198 - - [23/Jan/2022:04:11:22 +0100] "GET /love-kids-school-bag-p-44923.html HTTP/1.0" 301 73657 "-" "Mozilla/5.0 (compatible; Barkrowler/0.9; +https://babbar.tech/crawler)"
114.119.128.253 - - [23/Jan/2022:04:11:26 +0100] "GET /us-marshall-backpack-p-26525.html HTTP/1.0" 301 73820 "-" "Mozilla/5.0 (Linux; Android 7.0;) AppleWebKit/537.36 (KHTML, like Gecko) Mobile Safari/537.36 (compatible; PetalBot;+https://webmaster.petalsearch.com/site/petalbot)"
