51.68.224.127 - - [23/Jan/2022:12:51:28 +0100] "GET /adminweb/export_orders_xml.php?token=256de2z6edz6ed2z6DFSFsed2zed6zeDSFDSGdzedezfzf&maxorders=10&orderstart=1&status=14&start_date=2018-10-01 HTTP/1.0" 200 285 "-" "GesCom CharlotteBoutik Serveur"
51.68.224.127 - - [23/Jan/2022:12:51:28 +0100] "GET /adminweb/export_orders_xml.php?token=256de2z6edz6ed2z6DFSFsed2zed6zeDSFDSGdzedezfzf&maxorders=10&orderstart=1&status=6&start_date=2018-10-01 HTTP/1.0" 200 32795 "-" "GesCom CharlotteBoutik Serveur"
185.191.171.39 - - [23/Jan/2022:12:51:53 +0100] "GET /mickey-figurine-collection-august-p-24330.html HTTP/1.0" 301 70785 "-" "Mozilla/5.0 (compatible; SemrushBot/7~bl; +http://www.semrush.com/bot.html)"
185.191.171.15 - - [23/Jan/2022:12:51:56 +0100] "GET /-p-24330.html HTTP/1.0" 200 70718 "-" "Mozilla/5.0 (compatible; SemrushBot/7~bl; +http://www.semrush.com/bot.html)"
185.191.171.34 - - [23/Jan/2022:12:52:10 +0100] "GET /dubout-cats-compact-double-mirror-p-43037.html HTTP/1.0" 200 74125 "-" "Mozilla/5.0 (compatible; SemrushBot/7~bl; +http://www.semrush.com/bot.html)"
185.191.171.1 - - [23/Jan/2022:12:52:17 +0100] "GET /uk-cushion-cbkreation-p-16239.html HTTP/1.0" 301 70849 "-" "Mozilla/5.0 (compatible; SemrushBot/7~bl; +http://www.semrush.com/bot.html)"
185.191.171.24 - - [23/Jan/2022:12:52:20 +0100] "GET /cushion-cbkreation-p-16239.html HTTP/1.0" 200 70764 "-" "Mozilla/5.0 (compatible; SemrushBot/7~bl; +http://www.semrush.com/bot.html)"
185.191.171.33 - - [23/Jan/2022:12:52:23 +0100] "GET /character-status-natural-wood-aluminum-p-48713.html HTTP/1.0" 200 73557 "-" "Mozilla/5.0 (compatible; SemrushBot/7~bl; +http://www.semrush.com/bot.html)"
185.191.171.12 - - [23/Jan/2022:12:52:27 +0100] "GET /jasmin-melamine-dish-cake-p-37906.html HTTP/1.0" 200 73387 "-" "Mozilla/5.0 (compatible; SemrushBot/7~bl; +http://www.semrush.com/bot.html)"
54.36.148.243 - - [23/Jan/2022:12:52:28 +0100] "GET /disney-britto-mickey-minnie-mouse-limited-edition-p-47684.html HTTP/1.0" 200 74927 "-" "Mozilla/5.0 (compatible; AhrefsBot/7.0; +http://ahrefs.com/robot/)"
17.121.112.145 - - [23/Jan/2022:12:53:40 +0100] "GET /beige-twine-fitted-sheet-p-51983.html HTTP/1.0" 200 73388 "-" "Mozilla/5.0 (Macintosh; Intel Mac OS X 10_15_5) AppleWebKit/605.1.15 (KHTML, like Gecko) Version/13.1.1 Safari/605.1.15 (Applebot/0.1; +http://www.apple.com/go/applebot)"
157.55.39.62 - - [23/Jan/2022:12:53:53 +0100] "GET /poster-corsica-p-43694.html HTTP/1.0" 200 70788 "-" "Mozilla/5.0 (compatible; bingbot/2.0; +http://www.bing.com/bingbot.htm)"
51.104.180.47 - - [23/Jan/2022:12:54:00 +0100] "GET /images/med_prod/00000000000000000marsei.jpg HTTP/1.0" 200 278 "-" "DuckDuckBot/1.1; (+http://duckduckgo.com/duckduckbot.html)"
54.36.148.243 - - [23/Jan/2022:12:55:01 +0100] "GET /lois-black-leather-wallet-p-38158.html HTTP/1.0" 200 74286 "-" "Mozilla/5.0 (compatible; AhrefsBot/7.0; +http://ahrefs.com/robot/)"
114.119.128.253 - - [23/Jan/2022:12:55:33 +0100] "GET /white-quartz-geode-of-morocco-p-47292.html HTTP/1.0" 301 70941 "-" "Mozilla/5.0 (Linux; Android 7.0;) AppleWebKit/537.36 (KHTML, like Gecko) Mobile Safari/537.36 (compatible; PetalBot;+https://webmaster.petalsearch.com/site/petalbot)"
114.119.128.253 - - [23/Jan/2022:12:55:38 +0100] "GET /white-quartz-geode-morocco-p-47292.html HTTP/1.0" 200 70848 "-" "Mozilla/5.0 (Linux; Android 7.0;) AppleWebKit/537.36 (KHTML, like Gecko) Mobile Safari/537.36 (compatible; PetalBot;+https://webmaster.petalsearch.com/site/petalbot)"
157.55.39.122 - - [23/Jan/2022:12:56:38 +0100] "GET /water-bottles-sport-bottles-c-161.html HTTP/1.0" 301 93049 "-" "Mozilla/5.0 (compatible; bingbot/2.0; +http://www.bing.com/bingbot.htm)"
157.55.39.62 - - [23/Jan/2022:12:57:03 +0100] "GET /candy-cloud-bamboo-cup-sprinkles-p-51808.html HTTP/1.0" 301 70895 "-" "Mozilla/5.0 (compatible; bingbot/2.0; +http://www.bing.com/bingbot.htm)"
54.36.148.243 - - [23/Jan/2022:12:57:59 +0100] "GET /tweety-figure-p-3609.html HTTP/1.0" 200 73380 "-" "Mozilla/5.0 (compatible; AhrefsBot/7.0; +http://ahrefs.com/robot/)"
185.191.171.35 - - [23/Jan/2022:12:58:02 +0100] "GET /despicable-pencil-case-p-36235.html HTTP/1.0" 200 73391 "-" "Mozilla/5.0 (compatible; SemrushBot/7~bl; +http://www.semrush.com/bot.html)"
66.160.140.184 - - [23/Jan/2022:12:58:05 +0100] "GET /robots.txt HTTP/1.0" 200 245 "-" "The Knowledge AI"
66.160.140.184 - - [23/Jan/2022:12:58:05 +0100] "GET / HTTP/1.0" 200 95878 "-" "The Knowledge AI"
114.119.128.253 - - [23/Jan/2022:12:58:16 +0100] "GET /corsica-soap-box-soap-10-65-28-cm-p-52466.html HTTP/1.0" 301 73720 "-" "Mozilla/5.0 (Linux; Android 7.0;) AppleWebKit/537.36 (KHTML, like Gecko) Mobile Safari/537.36 (compatible; PetalBot;+https://webmaster.petalsearch.com/site/petalbot)"
114.119.128.253 - - [23/Jan/2022:12:58:20 +0100] "GET /corsica-soap-soap-p-52466.html HTTP/1.0" 200 73636 "-" "Mozilla/5.0 (Linux; Android 7.0;) AppleWebKit/537.36 (KHTML, like Gecko) Mobile Safari/537.36 (compatible; PetalBot;+https://webmaster.petalsearch.com/site/petalbot)"
185.191.171.4 - - [23/Jan/2022:12:58:43 +0100] "GET /heart-home-stick-diffuser-spices-cranberry-p-57108.html HTTP/1.0" 200 74411 "-" "Mozilla/5.0 (compatible; SemrushBot/7~bl; +http://www.semrush.com/bot.html)"
185.191.171.36 - - [23/Jan/2022:12:59:42 +0100] "GET /industrial-retro-clock-aged-metal-p-48585.html?action=add_product HTTP/1.0" 302 476 "-" "Mozilla/5.0 (compatible; SemrushBot/7~bl; +http://www.semrush.com/bot.html)"
185.191.171.42 - - [23/Jan/2022:12:59:56 +0100] "GET /rock-little-mirror-p-8846.html?action=add_product HTTP/1.0" 302 476 "-" "Mozilla/5.0 (compatible; SemrushBot/7~bl; +http://www.semrush.com/bot.html)"
185.191.171.23 - - [23/Jan/2022:13:00:16 +0100] "GET /gray-monkey-table-lamp-p-56429.html HTTP/1.0" 200 74114 "-" "Mozilla/5.0 (compatible; SemrushBot/7~bl; +http://www.semrush.com/bot.html)"
23.19.216.116 - - [23/Jan/2022:13:00:25 +0100] "GET /contact_us.php HTTP/1.0" 200 26238 "-" "Mozilla/5.0 (Windows NT 10.0; WOW64) AppleWebKit/537.36 (KHTML, like Gecko) Chrome/53.0.2785.104 Safari/537.36 Core/1.53.5155.400 QQBrowser/9.7.13231.400"
23.19.216.116 - - [23/Jan/2022:13:00:27 +0100] "GET /images/pixel_trans.gif HTTP/1.0" 200 328 "http://www.wonder-geek.com/contact_us.php?action=send" "Mozilla/5.0 (Windows NT 10.0; WOW64) AppleWebKit/537.36 (KHTML, like Gecko) Chrome/53.0.2785.104 Safari/537.36 Core/1.53.5155.400 QQBrowser/9.7.13231.400"
23.19.216.116 - - [23/Jan/2022:13:00:47 +0100] "GET /images/pixel_trans.gif HTTP/1.0" 200 328 "http://www.wonder-geek.com/contact_us.php?action=send" "Mozilla/5.0 (Windows NT 10.0; WOW64) AppleWebKit/537.36 (KHTML, like Gecko) Chrome/53.0.2785.104 Safari/537.36 Core/1.53.5155.400 QQBrowser/9.7.13231.400"
54.36.148.243 - - [23/Jan/2022:13:00:51 +0100] "GET /hermetic-salt-with-wooden-spoon-sardy-p-54526.html HTTP/1.0" 200 73611 "-" "Mozilla/5.0 (compatible; AhrefsBot/7.0; +http://ahrefs.com/robot/)"
114.119.128.39 - - [23/Jan/2022:13:01:07 +0100] "GET /black-cat-slabbinck-mug-p-30715.html HTTP/1.0" 301 70890 "-" "Mozilla/5.0 (Linux; Android 7.0;) AppleWebKit/537.36 (KHTML, like Gecko) Mobile Safari/537.36 (compatible; PetalBot;+https://webmaster.petalsearch.com/site/petalbot)"
114.119.128.39 - - [23/Jan/2022:13:01:15 +0100] "GET /black-slabbinck-p-30715.html HTTP/1.0" 200 70808 "-" "Mozilla/5.0 (Linux; Android 7.0;) AppleWebKit/537.36 (KHTML, like Gecko) Mobile Safari/537.36 (compatible; PetalBot;+https://webmaster.petalsearch.com/site/petalbot)"
185.191.171.10 - - [23/Jan/2022:13:01:58 +0100] "GET /cats-and-flowers-set-cups-espresso-p-45597.html HTTP/1.0" 301 70962 "-" "Mozilla/5.0 (compatible; SemrushBot/7~bl; +http://www.semrush.com/bot.html)"
185.191.171.14 - - [23/Jan/2022:13:02:01 +0100] "GET /cats-flowers-cups-espresso-p-45597.html HTTP/1.0" 200 70869 "-" "Mozilla/5.0 (compatible; SemrushBot/7~bl; +http://www.semrush.com/bot.html)"
185.191.171.10 - - [23/Jan/2022:13:02:23 +0100] "GET /small-metal-plate-collection-vespa-best-p-16831.html?action=add_product HTTP/1.0" 302 476 "-" "Mozilla/5.0 (compatible; SemrushBot/7~bl; +http://www.semrush.com/bot.html)"
185.191.171.22 - - [23/Jan/2022:13:02:40 +0100] "GET /cement-tile-stickers-beige-gold-p-45007.html HTTP/1.0" 200 74644 "-" "Mozilla/5.0 (compatible; SemrushBot/7~bl; +http://www.semrush.com/bot.html)"
54.36.148.243 - - [23/Jan/2022:13:03:35 +0100] "GET /wall-decoration-mirror-p-48718.html HTTP/1.0" 200 73375 "-" "Mozilla/5.0 (compatible; AhrefsBot/7.0; +http://ahrefs.com/robot/)"
185.191.171.8 - - [23/Jan/2022:13:04:02 +0100] "GET /sagittarus-pot-cookware-cbkreation-p-43281.html HTTP/1.0" 301 73590 "-" "Mozilla/5.0 (compatible; SemrushBot/7~bl; +http://www.semrush.com/bot.html)"
185.191.171.14 - - [23/Jan/2022:13:04:05 +0100] "GET /sagittarus-cookware-cbkreation-p-43281.html HTTP/1.0" 200 73493 "-" "Mozilla/5.0 (compatible; SemrushBot/7~bl; +http://www.semrush.com/bot.html)"
40.77.167.47 - - [23/Jan/2022:13:04:18 +0100] "GET /images/big_prod_1/4029811376018.jpg HTTP/1.0" 200 270 "-" "Mozilla/5.0 (compatible; bingbot/2.0; +http://www.bing.com/bingbot.htm)"
157.55.39.62 - - [23/Jan/2022:13:04:33 +0100] "GET /images/3700276265567.jpg HTTP/1.0" 200 259 "-" "Mozilla/5.0 (compatible; bingbot/2.0; +http://www.bing.com/bingbot.htm)"
185.191.171.17 - - [23/Jan/2022:13:04:37 +0100] "GET /corsica-calanche-de-piana-placemat-p-49720.html HTTP/1.0" 301 73589 "-" "Mozilla/5.0 (compatible; SemrushBot/7~bl; +http://www.semrush.com/bot.html)"
185.191.171.6 - - [23/Jan/2022:13:04:40 +0100] "GET /corsica-calanche-piana-placemat-p-49720.html HTTP/1.0" 200 73491 "-" "Mozilla/5.0 (compatible; SemrushBot/7~bl; +http://www.semrush.com/bot.html)"
157.55.39.62 - - [23/Jan/2022:13:05:13 +0100] "GET /images/4010070115104.jpg HTTP/1.0" 200 259 "-" "Mozilla/5.0 (compatible; bingbot/2.0; +http://www.bing.com/bingbot.htm)"
157.55.39.122 - - [23/Jan/2022:13:05:29 +0100] "GET /kimmidoll-mizuyo-jewelry-box-p-31948.html HTTP/1.0" 301 73666 "-" "Mozilla/5.0 (compatible; bingbot/2.0; +http://www.bing.com/bingbot.htm)"
193.177.162.34 - - [23/Jan/2022:13:06:23 +0100] "GET /images/mini_prod/8033667001167.jpg HTTP/1.0" 200 269 "-" "Mozilla/5.0 (X11; Ubuntu; Linux x86_64; rv:72.0) Gecko/20100101 Firefox/72.0"
54.36.148.243 - - [23/Jan/2022:13:06:30 +0100] "GET /cotton-napkin-sold-individually-p-51265.html HTTP/1.0" 200 74162 "-" "Mozilla/5.0 (compatible; AhrefsBot/7.0; +http://ahrefs.com/robot/)"
185.191.171.19 - - [23/Jan/2022:13:06:40 +0100] "GET /heart-christmas-tree-hanging-p-49638.html HTTP/1.0" 200 73469 "-" "Mozilla/5.0 (compatible; SemrushBot/7~bl; +http://www.semrush.com/bot.html)"
185.191.171.5 - - [23/Jan/2022:13:07:09 +0100] "GET /tribal-removable-cushion-40-40-cm-p-43354.html HTTP/1.0" 301 70785 "-" "Mozilla/5.0 (compatible; SemrushBot/7~bl; +http://www.semrush.com/bot.html)"
185.191.171.19 - - [23/Jan/2022:13:07:11 +0100] "GET /-p-43354.html HTTP/1.0" 200 70718 "-" "Mozilla/5.0 (compatible; SemrushBot/7~bl; +http://www.semrush.com/bot.html)"
114.119.128.26 - - [23/Jan/2022:13:07:21 +0100] "GET /flamingo-white-tisaniere-p-39637.html HTTP/1.0" 301 73521 "-" "Mozilla/5.0 (Linux; Android 7.0;) AppleWebKit/537.36 (KHTML, like Gecko) Mobile Safari/537.36 (compatible; PetalBot;+https://webmaster.petalsearch.com/site/petalbot)"
114.119.128.26 - - [23/Jan/2022:13:07:23 +0100] "GET /flamingo-white-tisanire-p-39637.html HTTP/1.0" 200 73431 "-" "Mozilla/5.0 (Linux; Android 7.0;) AppleWebKit/537.36 (KHTML, like Gecko) Mobile Safari/537.36 (compatible; PetalBot;+https://webmaster.petalsearch.com/site/petalbot)"
185.191.171.37 - - [23/Jan/2022:13:07:41 +0100] "GET /funny-pets-mobile-sock-p-33078.html HTTP/1.0" 200 73526 "-" "Mozilla/5.0 (compatible; SemrushBot/7~bl; +http://www.semrush.com/bot.html)"
157.55.39.125 - - [23/Jan/2022:13:07:46 +0100] "GET /images/big_prod_1/8422535757310B.jpg HTTP/1.0" 200 271 "-" "Mozilla/5.0 (compatible; bingbot/2.0; +http://www.bing.com/bingbot.htm)"
51.68.224.127 - - [23/Jan/2022:13:07:52 +0100] "GET /adminweb/export_orders_xml.php?token=256de2z6edz6ed2z6DFSFsed2zed6zeDSFDSGdzedezfzf&maxorders=10&orderstart=1&status=14&start_date=2018-10-01 HTTP/1.0" 200 285 "-" "GesCom CharlotteBoutik Serveur"
51.68.224.127 - - [23/Jan/2022:13:07:52 +0100] "GET /adminweb/export_orders_xml.php?token=256de2z6edz6ed2z6DFSFsed2zed6zeDSFDSGdzedezfzf&maxorders=10&orderstart=1&status=6&start_date=2018-10-01 HTTP/1.0" 200 32795 "-" "GesCom CharlotteBoutik Serveur"
66.249.68.24 - - [23/Jan/2022:13:07:55 +0100] "GET /arabica-potholder-p-52679.html HTTP/1.0" 200 70776 "-" "Mozilla/5.0 (Linux; Android 6.0.1; Nexus 5X Build/MMB29P) AppleWebKit/537.36 (KHTML, like Gecko) Chrome/97.0.4692.99 Mobile Safari/537.36 (compatible; Googlebot/2.1; +http://www.google.com/bot.html)"
185.191.171.1 - - [23/Jan/2022:13:07:57 +0100] "GET /brave-mrida-straw-glass-p-17158.html HTTP/1.0" 200 73544 "-" "Mozilla/5.0 (compatible; SemrushBot/7~bl; +http://www.semrush.com/bot.html)"
17.121.113.200 - - [23/Jan/2022:13:08:52 +0100] "GET /fiers-etre-marseillais-blue-track-jacket-p-29914.html HTTP/1.0" 200 74813 "-" "Mozilla/5.0 (Macintosh; Intel Mac OS X 10_15_5) AppleWebKit/605.1.15 (KHTML, like Gecko) Version/13.1.1 Safari/605.1.15 (Applebot/0.1; +http://www.apple.com/go/applebot)"
17.121.113.103 - - [23/Jan/2022:13:09:00 +0100] "GET /images/5425023084267.jpg HTTP/1.0" 200 259 "-" "Mozilla/5.0 (Macintosh; Intel Mac OS X 10_15_5) AppleWebKit/605.1.15 (KHTML, like Gecko) Version/13.1.1 Safari/605.1.15 (Applebot/0.1; +http://www.apple.com/go/applebot)"
185.191.171.6 - - [23/Jan/2022:13:09:06 +0100] "GET /mustang-metal-plate-deco-405-215-cm-p-41073.html HTTP/1.0" 301 73557 "-" "Mozilla/5.0 (compatible; SemrushBot/7~bl; +http://www.semrush.com/bot.html)"
185.191.171.22 - - [23/Jan/2022:13:09:10 +0100] "GET /mustang-metal-plate-deco-p-41073.html HTTP/1.0" 200 73466 "-" "Mozilla/5.0 (compatible; SemrushBot/7~bl; +http://www.semrush.com/bot.html)"
54.36.148.243 - - [23/Jan/2022:13:09:26 +0100] "GET /volkswagen-metal-plate-p-12552.html HTTP/1.0" 200 73325 "-" "Mozilla/5.0 (compatible; AhrefsBot/7.0; +http://ahrefs.com/robot/)"
185.191.171.17 - - [23/Jan/2022:13:09:28 +0100] "GET /mandala-white-clock-30-cm-p-44977.html HTTP/1.0" 301 70890 "-" "Mozilla/5.0 (compatible; SemrushBot/7~bl; +http://www.semrush.com/bot.html)"
185.191.171.15 - - [23/Jan/2022:13:09:31 +0100] "GET /mandala-white-clock-p-44977.html HTTP/1.0" 200 70804 "-" "Mozilla/5.0 (compatible; SemrushBot/7~bl; +http://www.semrush.com/bot.html)"
157.55.39.62 - - [23/Jan/2022:13:09:45 +0100] "GET /heart-home-friendly-gift-candles-p-57009.html HTTP/1.0" 200 74840 "-" "Mozilla/5.0 (compatible; bingbot/2.0; +http://www.bing.com/bingbot.htm)"
207.46.13.190 - - [23/Jan/2022:13:09:59 +0100] "GET /images/4007176129043.jpg HTTP/1.0" 200 259 "-" "Mozilla/5.0 (compatible; bingbot/2.0; +http://www.bing.com/bingbot.htm)"
114.119.128.40 - - [23/Jan/2022:13:10:08 +0100] "GET /bears-lamp-linen-shade-p-55828.html HTTP/1.0" 200 74122 "-" "Mozilla/5.0 (Linux; Android 7.0;) AppleWebKit/537.36 (KHTML, like Gecko) Mobile Safari/537.36 (compatible; PetalBot;+https://webmaster.petalsearch.com/site/petalbot)"
185.191.171.8 - - [23/Jan/2022:13:11:10 +0100] "GET /robots.txt HTTP/1.0" 200 245 "-" "Mozilla/5.0 (compatible; SemrushBot/7~bl; +http://www.semrush.com/bot.html)"
185.191.171.33 - - [23/Jan/2022:13:11:10 +0100] "GET /luminous-guardian-angel-porcelain-heart-p-44967.html HTTP/1.0" 200 73552 "-" "Mozilla/5.0 (compatible; SemrushBot/7~bl; +http://www.semrush.com/bot.html)"
207.46.13.190 - - [23/Jan/2022:13:11:20 +0100] "GET /cement-tile-stickers-p-50335.html HTTP/1.0" 200 74287 "-" "Mozilla/5.0 (compatible; bingbot/2.0; +http://www.bing.com/bingbot.htm)"
185.191.171.3 - - [23/Jan/2022:13:11:26 +0100] "GET /home-and-decoration-c-13.html?page=27 HTTP/1.0" 301 93332 "-" "Mozilla/5.0 (compatible; SemrushBot/7~bl; +http://www.semrush.com/bot.html)"
185.191.171.9 - - [23/Jan/2022:13:11:30 +0100] "GET /home-decoration-c-13.html?page=27 HTTP/1.0" 200 93245 "-" "Mozilla/5.0 (compatible; SemrushBot/7~bl; +http://www.semrush.com/bot.html)"
185.191.171.43 - - [23/Jan/2022:13:12:04 +0100] "GET /chic-p-33819.html?action=add_product HTTP/1.0" 302 476 "-" "Mozilla/5.0 (compatible; SemrushBot/7~bl; +http://www.semrush.com/bot.html)"
185.191.171.36 - - [23/Jan/2022:13:12:07 +0100] "GET /pvc-table-protector-under-tablecloth-140-200-cm-p-48561.html HTTP/1.0" 301 73748 "-" "Mozilla/5.0 (compatible; SemrushBot/7~bl; +http://www.semrush.com/bot.html)"
185.191.171.4 - - [23/Jan/2022:13:12:11 +0100] "GET /table-protector-under-tablecloth-p-48561.html HTTP/1.0" 200 73649 "-" "Mozilla/5.0 (compatible; SemrushBot/7~bl; +http://www.semrush.com/bot.html)"
147.92.153.4 - - [23/Jan/2022:13:12:28 +0100] "GET /angry-birds-light-figurine-p-19143.html HTTP/1.0" 200 73563 "-" "Mozilla/5.0 (compatible; Linespider/1.1; +https://lin.ee/4dwXkTH)"
185.191.171.39 - - [23/Jan/2022:13:12:29 +0100] "GET /angry-birds-night-light-p-29410.html?action=add_product HTTP/1.0" 302 476 "-" "Mozilla/5.0 (compatible; SemrushBot/7~bl; +http://www.semrush.com/bot.html)"
54.36.148.243 - - [23/Jan/2022:13:12:55 +0100] "GET /rhinoceros-plant-p-54315.html HTTP/1.0" 200 73918 "-" "Mozilla/5.0 (compatible; AhrefsBot/7.0; +http://ahrefs.com/robot/)"
185.191.171.7 - - [23/Jan/2022:13:13:06 +0100] "GET /frida-kahlo-with-infuser-p-56681.html?action=add_product HTTP/1.0" 302 476 "-" "Mozilla/5.0 (compatible; SemrushBot/7~bl; +http://www.semrush.com/bot.html)"
185.191.171.40 - - [23/Jan/2022:13:13:43 +0100] "GET /mister-capone-wood-tea-carousel-p-45498.html HTTP/1.0" 301 70918 "-" "Mozilla/5.0 (compatible; SemrushBot/7~bl; +http://www.semrush.com/bot.html)"
185.191.171.39 - - [23/Jan/2022:13:13:46 +0100] "GET /mister-capone-wood-carousel-p-45498.html HTTP/1.0" 200 70824 "-" "Mozilla/5.0 (compatible; SemrushBot/7~bl; +http://www.semrush.com/bot.html)"
46.4.60.249 - - [23/Jan/2022:13:15:03 +0100] "GET /robots.txt HTTP/1.0" 200 245 "-" "Mozilla/5.0 (compatible; MJ12bot/v1.4.8; http://mj12bot.com/)"
46.4.60.249 - - [23/Jan/2022:13:15:07 +0100] "GET /urss-training-bottle-cbkreation-p-24337.html HTTP/1.0" 200 73687 "-" "Mozilla/5.0 (compatible; MJ12bot/v1.4.8; http://mj12bot.com/)"
46.4.60.249 - - [23/Jan/2022:13:15:11 +0100] "GET /vintage-khaki-computer-p-19016.html HTTP/1.0" 200 76370 "-" "Mozilla/5.0 (compatible; MJ12bot/v1.4.8; http://mj12bot.com/)"
185.191.171.8 - - [23/Jan/2022:13:15:19 +0100] "GET /set-of-coasters-psg-silicone-p-38019.html HTTP/1.0" 301 73434 "-" "Mozilla/5.0 (compatible; SemrushBot/7~bl; +http://www.semrush.com/bot.html)"
185.191.171.22 - - [23/Jan/2022:13:15:22 +0100] "GET /coasters-silicone-p-38019.html HTTP/1.0" 200 73350 "-" "Mozilla/5.0 (compatible; SemrushBot/7~bl; +http://www.semrush.com/bot.html)"
114.119.128.253 - - [23/Jan/2022:13:15:40 +0100] "GET /phosphorescent-musical-jewelry-box-dancer-p-41992.html HTTP/1.0" 301 74840 "-" "Mozilla/5.0 (Linux; Android 7.0;) AppleWebKit/537.36 (KHTML, like Gecko) Mobile Safari/537.36 (compatible; PetalBot;+https://webmaster.petalsearch.com/site/petalbot)"
114.119.128.253 - - [23/Jan/2022:13:15:42 +0100] "GET /phosphorescent-musical-jewelry-dancer-p-41992.html HTTP/1.0" 200 74736 "-" "Mozilla/5.0 (Linux; Android 7.0;) AppleWebKit/537.36 (KHTML, like Gecko) Mobile Safari/537.36 (compatible; PetalBot;+https://webmaster.petalsearch.com/site/petalbot)"
54.36.148.243 - - [23/Jan/2022:13:15:49 +0100] "GET /paris-bottle-p-30714.html HTTP/1.0" 200 73396 "-" "Mozilla/5.0 (compatible; AhrefsBot/7.0; +http://ahrefs.com/robot/)"
185.191.171.6 - - [23/Jan/2022:13:15:58 +0100] "GET /barbapapa-barbabright-bottle-p-18843.html?action=add_product HTTP/1.0" 302 476 "-" "Mozilla/5.0 (compatible; SemrushBot/7~bl; +http://www.semrush.com/bot.html)"
185.191.171.25 - - [23/Jan/2022:13:16:04 +0100] "GET /furniture-knob-sold-individually-p-55987.html HTTP/1.0" 200 74132 "-" "Mozilla/5.0 (compatible; SemrushBot/7~bl; +http://www.semrush.com/bot.html)"
185.191.171.36 - - [23/Jan/2022:13:16:08 +0100] "GET /blue-distributor-p-50101.html HTTP/1.0" 200 73472 "-" "Mozilla/5.0 (compatible; SemrushBot/7~bl; +http://www.semrush.com/bot.html)"
185.191.171.36 - - [23/Jan/2022:13:16:11 +0100] "GET /plaid-imitation-blue-peacok-fur-130-170-cm-p-53215.html HTTP/1.0" 301 73593 "-" "Mozilla/5.0 (compatible; SemrushBot/7~bl; +http://www.semrush.com/bot.html)"
185.191.171.36 - - [23/Jan/2022:13:16:14 +0100] "GET /plaid-imitation-blue-peacok-p-53215.html HTTP/1.0" 200 73499 "-" "Mozilla/5.0 (compatible; SemrushBot/7~bl; +http://www.semrush.com/bot.html)"
185.191.171.12 - - [23/Jan/2022:13:16:40 +0100] "GET /wooden-decorative-plate-30-cm-le-meilleur-vin-p-53546.html HTTP/1.0" 301 73627 "-" "Mozilla/5.0 (compatible; SemrushBot/7~bl; +http://www.semrush.com/bot.html)"
193.177.162.34 - - [23/Jan/2022:13:16:42 +0100] "GET /images/mini_prod/524352[2].jpg HTTP/1.0" 200 265 "-" "Mozilla/5.0 (X11; Ubuntu; Linux x86_64; rv:72.0) Gecko/20100101 Firefox/72.0"
185.191.171.15 - - [23/Jan/2022:13:16:44 +0100] "GET /wooden-decorative-plate-meilleur-p-53546.html HTTP/1.0" 200 73528 "-" "Mozilla/5.0 (compatible; SemrushBot/7~bl; +http://www.semrush.com/bot.html)"
40.77.167.47 - - [23/Jan/2022:13:16:59 +0100] "GET /gift-heart-home-friendly-stick-diffusers-p-57008.html HTTP/1.0" 200 74926 "-" "Mozilla/5.0 (compatible; bingbot/2.0; +http://www.bing.com/bingbot.htm)"
185.191.171.6 - - [23/Jan/2022:13:17:24 +0100] "GET /klimt-candle-holders-p-53529.html?action=add_product HTTP/1.0" 302 476 "-" "Mozilla/5.0 (compatible; SemrushBot/7~bl; +http://www.semrush.com/bot.html)"
193.177.162.34 - - [23/Jan/2022:13:17:49 +0100] "GET /images/mini_prod/3700276274620.jpg HTTP/1.0" 200 269 "-" "Mozilla/5.0 (X11; Ubuntu; Linux x86_64; rv:72.0) Gecko/20100101 Firefox/72.0"
54.36.148.243 - - [23/Jan/2022:13:18:47 +0100] "GET /frida-khalo-rectangular-presentation-dish-model-p-49545.html HTTP/1.0" 200 73698 "-" "Mozilla/5.0 (compatible; AhrefsBot/7.0; +http://ahrefs.com/robot/)"
193.177.162.34 - - [23/Jan/2022:13:19:03 +0100] "GET /images/mini_prod/3760054863347.jpg HTTP/1.0" 200 269 "-" "Mozilla/5.0 (X11; Ubuntu; Linux x86_64; rv:72.0) Gecko/20100101 Firefox/72.0"
185.191.171.43 - - [23/Jan/2022:13:19:54 +0100] "GET /monster-high-set-of-hair-clips-p-19418.html HTTP/1.0" 301 76218 "-" "Mozilla/5.0 (compatible; SemrushBot/7~bl; +http://www.semrush.com/bot.html)"
185.191.171.39 - - [23/Jan/2022:13:19:57 +0100] "GET /monster-high-hair-clips-p-19418.html HTTP/1.0" 200 76128 "-" "Mozilla/5.0 (compatible; SemrushBot/7~bl; +http://www.semrush.com/bot.html)"
54.36.148.243 - - [23/Jan/2022:13:22:18 +0100] "GET /thief-moneybox-p-57195.html HTTP/1.0" 200 74501 "-" "Mozilla/5.0 (compatible; AhrefsBot/7.0; +http://ahrefs.com/robot/)"
114.119.128.39 - - [23/Jan/2022:13:22:24 +0100] "GET /flask-in-metal-and-cork-p-46677.html HTTP/1.0" 301 70869 "-" "Mozilla/5.0 (Linux; Android 7.0;) AppleWebKit/537.36 (KHTML, like Gecko) Mobile Safari/537.36 (compatible; PetalBot;+https://webmaster.petalsearch.com/site/petalbot)"
114.119.128.39 - - [23/Jan/2022:13:22:30 +0100] "GET /flask-metal-cork-p-46677.html HTTP/1.0" 200 70786 "-" "Mozilla/5.0 (Linux; Android 7.0;) AppleWebKit/537.36 (KHTML, like Gecko) Mobile Safari/537.36 (compatible; PetalBot;+https://webmaster.petalsearch.com/site/petalbot)"
216.244.66.242 - - [23/Jan/2022:13:23:21 +0100] "GET /robots.txt HTTP/1.0" 200 245 "-" "Mozilla/5.0 (compatible; DotBot/1.2; +https://opensiteexplorer.org/dotbot; help@moz.com)"
185.191.171.34 - - [23/Jan/2022:13:23:33 +0100] "GET /bamboo-cutting-board-vilaines-filles-p-49585.html HTTP/1.0" 200 73488 "-" "Mozilla/5.0 (compatible; SemrushBot/7~bl; +http://www.semrush.com/bot.html)"
185.191.171.45 - - [23/Jan/2022:13:24:14 +0100] "GET /cotton-tablecloth-fish-bank-p-39887.html?action=add_product HTTP/1.0" 302 476 "-" "Mozilla/5.0 (compatible; SemrushBot/7~bl; +http://www.semrush.com/bot.html)"
51.68.224.127 - - [23/Jan/2022:13:24:15 +0100] "GET /adminweb/export_orders_xml.php?token=256de2z6edz6ed2z6DFSFsed2zed6zeDSFDSGdzedezfzf&maxorders=10&orderstart=1&status=14&start_date=2018-10-01 HTTP/1.0" 200 285 "-" "GesCom CharlotteBoutik Serveur"
185.191.171.37 - - [23/Jan/2022:13:24:15 +0100] "GET /cement-tile-coasters-p-53118.html?action=add_product HTTP/1.0" 302 476 "-" "Mozilla/5.0 (compatible; SemrushBot/7~bl; +http://www.semrush.com/bot.html)"
51.68.224.127 - - [23/Jan/2022:13:24:15 +0100] "GET /adminweb/export_orders_xml.php?token=256de2z6edz6ed2z6DFSFsed2zed6zeDSFDSGdzedezfzf&maxorders=10&orderstart=1&status=6&start_date=2018-10-01 HTTP/1.0" 200 32795 "-" "GesCom CharlotteBoutik Serveur"
188.132.190.152 - - [23/Jan/2022:13:24:37 +0100] "GET /wordpress/ HTTP/1.0" 301 531 "-" "-"
188.132.190.152 - - [23/Jan/2022:13:24:37 +0100] "GET /wordpress/ HTTP/1.0" 404 1308 "-" "-"
66.249.68.26 - - [23/Jan/2022:13:24:39 +0100] "GET /jane-crowther-musicians-cats-p-54242.html HTTP/1.0" 200 74072 "-" "Mozilla/5.0 (Linux; Android 6.0.1; Nexus 5X Build/MMB29P) AppleWebKit/537.36 (KHTML, like Gecko) Chrome/97.0.4692.71 Mobile Safari/537.36 (compatible; Googlebot/2.1; +http://www.google.com/bot.html)"
54.36.148.243 - - [23/Jan/2022:13:25:21 +0100] "GET /magnet-meilleure-maman-toute-terre-p-57084.html HTTP/1.0" 200 74126 "-" "Mozilla/5.0 (compatible; AhrefsBot/7.0; +http://ahrefs.com/robot/)"
185.191.171.25 - - [23/Jan/2022:13:26:16 +0100] "GET /psg-paris-saint-germain-football-boot-money-box-p-52183.html HTTP/1.0" 301 73650 "-" "Mozilla/5.0 (compatible; SemrushBot/7~bl; +http://www.semrush.com/bot.html)"
185.191.171.39 - - [23/Jan/2022:13:26:19 +0100] "GET /paris-saint-germain-football-boot-money-p-52183.html HTTP/1.0" 200 73544 "-" "Mozilla/5.0 (compatible; SemrushBot/7~bl; +http://www.semrush.com/bot.html)"
185.191.171.13 - - [23/Jan/2022:13:27:07 +0100] "GET /motor-ottoman-storage-p-47388.html?action=add_product HTTP/1.0" 302 476 "-" "Mozilla/5.0 (compatible; SemrushBot/7~bl; +http://www.semrush.com/bot.html)"
185.191.171.10 - - [23/Jan/2022:13:27:18 +0100] "GET /rabbit-plush-beige-water-bottle-p-56879.html?action=add_product HTTP/1.0" 302 476 "-" "Mozilla/5.0 (compatible; SemrushBot/7~bl; +http://www.semrush.com/bot.html)"
17.121.113.56 - - [23/Jan/2022:13:27:28 +0100] "GET /amys-p-54273.html HTTP/1.0" 200 73266 "-" "Mozilla/5.0 (Macintosh; Intel Mac OS X 10_15_5) AppleWebKit/605.1.15 (KHTML, like Gecko) Version/13.1.1 Safari/605.1.15 (Applebot/0.1; +http://www.apple.com/go/applebot)"
185.191.171.45 - - [23/Jan/2022:13:27:28 +0100] "GET /pusheen-surprise-plush-mystery-series-p-53399.html?action=add_product HTTP/1.0" 302 476 "-" "Mozilla/5.0 (compatible; SemrushBot/7~bl; +http://www.semrush.com/bot.html)"
157.55.39.122 - - [23/Jan/2022:13:28:02 +0100] "GET /large-gorjuss-lever-binder-gift-p-47751.html HTTP/1.0" 200 70864 "-" "Mozilla/5.0 (compatible; bingbot/2.0; +http://www.bing.com/bingbot.htm)"
157.55.39.122 - - [23/Jan/2022:13:28:30 +0100] "GET /images/mini_prod/8433933208793.jpg HTTP/1.0" 200 269 "-" "Mozilla/5.0 (compatible; bingbot/2.0; +http://www.bing.com/bingbot.htm)"
216.244.66.242 - - [23/Jan/2022:13:28:42 +0100] "GET /beyblade-black-silver-swimming-p-15987.html HTTP/1.0" 200 70883 "-" "Mozilla/5.0 (compatible; DotBot/1.2; +https://opensiteexplorer.org/dotbot; help@moz.com)"
157.55.39.153 - - [23/Jan/2022:13:28:57 +0100] "GET /poster-corsica-p-43696.html HTTP/1.0" 200 73357 "-" "Mozilla/5.0 (compatible; bingbot/2.0; +http://www.bing.com/bingbot.htm)"
54.36.148.243 - - [23/Jan/2022:13:29:02 +0100] "GET /beige-lampshade-p-56505.html HTTP/1.0" 200 73430 "-" "Mozilla/5.0 (compatible; AhrefsBot/7.0; +http://ahrefs.com/robot/)"
185.191.171.35 - - [23/Jan/2022:13:30:07 +0100] "GET /corsica-trivet-p-43565.html HTTP/1.0" 200 73259 "-" "Mozilla/5.0 (compatible; SemrushBot/7~bl; +http://www.semrush.com/bot.html)"
185.191.171.45 - - [23/Jan/2022:13:30:10 +0100] "GET /pastis-set-of-coasters-p-39472.html HTTP/1.0" 301 70872 "-" "Mozilla/5.0 (compatible; SemrushBot/7~bl; +http://www.semrush.com/bot.html)"
185.191.171.4 - - [23/Jan/2022:13:30:13 +0100] "GET /pastis-coasters-p-39472.html HTTP/1.0" 200 70790 "-" "Mozilla/5.0 (compatible; SemrushBot/7~bl; +http://www.semrush.com/bot.html)"
185.191.171.39 - - [23/Jan/2022:13:30:58 +0100] "GET /pencil-cbkreation-p-43446.html?action=add_product HTTP/1.0" 302 476 "-" "Mozilla/5.0 (compatible; SemrushBot/7~bl; +http://www.semrush.com/bot.html)"
91.240.109.1 - - [23/Jan/2022:13:31:33 +0100] "GET / HTTP/1.0" 301 511 "-" "Mozilla/5.0 (Macintosh; Intel Mac OS X 10_10; rv:33.0) Gecko/20100101 Firefox/33.0"
91.240.109.1 - - [23/Jan/2022:13:31:33 +0100] "GET / HTTP/1.0" 200 95972 "-" "Mozilla/5.0 (Macintosh; Intel Mac OS X 10_10; rv:33.0) Gecko/20100101 Firefox/33.0"
193.177.162.34 - - [23/Jan/2022:13:31:37 +0100] "GET /images/mini_prod/MISES-EN-SITUATION-04.jpg HTTP/1.0" 200 277 "-" "Mozilla/5.0 (X11; Ubuntu; Linux x86_64; rv:72.0) Gecko/20100101 Firefox/72.0"
54.36.148.243 - - [23/Jan/2022:13:31:50 +0100] "GET /provencal-boutis-with-pillowcases-color-saffron-p-48534.html HTTP/1.0" 200 73738 "-" "Mozilla/5.0 (compatible; AhrefsBot/7.0; +http://ahrefs.com/robot/)"
185.191.171.6 - - [23/Jan/2022:13:32:01 +0100] "GET /yoga-cats-balancing-stick-posture-statuette-p-55069.html HTTP/1.0" 200 73601 "-" "Mozilla/5.0 (compatible; SemrushBot/7~bl; +http://www.semrush.com/bot.html)"
114.119.128.26 - - [23/Jan/2022:13:32:08 +0100] "GET /powder-candle-250-grs-la-bougie-autrement-star-blue-p-53085.html HTTP/1.0" 301 74802 "-" "Mozilla/5.0 (Linux; Android 7.0;) AppleWebKit/537.36 (KHTML, like Gecko) Mobile Safari/537.36 (compatible; PetalBot;+https://webmaster.petalsearch.com/site/petalbot)"
66.249.68.28 - - [23/Jan/2022:13:32:10 +0100] "GET /images/5018997518052.jpg HTTP/1.0" 200 259 "-" "Googlebot-Image/1.0"
114.119.128.26 - - [23/Jan/2022:13:32:11 +0100] "GET /powder-candle-bougie-autrement-star-blue-p-53085.html HTTP/1.0" 200 74695 "-" "Mozilla/5.0 (Linux; Android 7.0;) AppleWebKit/537.36 (KHTML, like Gecko) Mobile Safari/537.36 (compatible; PetalBot;+https://webmaster.petalsearch.com/site/petalbot)"
50.3.192.88 - - [23/Jan/2022:13:32:16 +0100] "GET /contact_us.php HTTP/1.0" 301 539 "http://wonder-geek.com/" "Mozilla/5.0 (X11; Linux i686; rv:52.9) Gecko/20100101 Goanna/3.4 Firefox/52.9 PaleMoon/27.9.0"
50.3.192.88 - - [23/Jan/2022:13:32:16 +0100] "GET /contact_us.php HTTP/1.0" 200 26238 "http://wonder-geek.com/contact_us.php" "Mozilla/5.0 (X11; Linux i686; rv:52.9) Gecko/20100101 Goanna/3.4 Firefox/52.9 PaleMoon/27.9.0"
185.191.171.14 - - [23/Jan/2022:13:32:22 +0100] "GET /door-coconut-fiber-p-51883.html?action=add_product HTTP/1.0" 302 476 "-" "Mozilla/5.0 (compatible; SemrushBot/7~bl; +http://www.semrush.com/bot.html)"
157.55.39.125 - - [23/Jan/2022:13:33:20 +0100] "GET /boho-buffalo-head-plaid-130-170-cm-p-42909.html HTTP/1.0" 301 74172 "-" "Mozilla/5.0 (compatible; bingbot/2.0; +http://www.bing.com/bingbot.htm)"
157.55.39.153 - - [23/Jan/2022:13:33:57 +0100] "GET /images/big_prod/1328399102266.jpg HTTP/1.0" 200 268 "-" "Mozilla/5.0 (compatible; bingbot/2.0; +http://www.bing.com/bingbot.htm)"
147.92.153.3 - - [23/Jan/2022:13:34:52 +0100] "GET /neon-colored-pencils-model-p-15795.html HTTP/1.0" 200 73167 "-" "Mozilla/5.0 (compatible; Linespider/1.1; +https://lin.ee/4dwXkTH)"
54.36.148.243 - - [23/Jan/2022:13:35:04 +0100] "GET /collectible-figurines-decorative-c-13_135.html?page=50 HTTP/1.0" 200 97270 "-" "Mozilla/5.0 (compatible; AhrefsBot/7.0; +http://ahrefs.com/robot/)"
114.119.128.253 - - [23/Jan/2022:13:35:08 +0100] "GET /tour-de-france-coasters-p-51773.html HTTP/1.0" 301 73434 "-" "Mozilla/5.0 (Linux; Android 7.0;) AppleWebKit/537.36 (KHTML, like Gecko) Mobile Safari/537.36 (compatible; PetalBot;+https://webmaster.petalsearch.com/site/petalbot)"
114.119.128.253 - - [23/Jan/2022:13:35:10 +0100] "GET /tour-france-coasters-p-51773.html HTTP/1.0" 200 73347 "-" "Mozilla/5.0 (Linux; Android 7.0;) AppleWebKit/537.36 (KHTML, like Gecko) Mobile Safari/537.36 (compatible; PetalBot;+https://webmaster.petalsearch.com/site/petalbot)"
185.191.171.11 - - [23/Jan/2022:13:35:29 +0100] "GET /monaco-shoulder-bag-black-and-pink-p-38324.html HTTP/1.0" 301 70925 "-" "Mozilla/5.0 (compatible; SemrushBot/7~bl; +http://www.semrush.com/bot.html)"
185.191.171.12 - - [23/Jan/2022:13:35:32 +0100] "GET /monaco-shoulder-black-pink-p-38324.html HTTP/1.0" 200 70832 "-" "Mozilla/5.0 (compatible; SemrushBot/7~bl; +http://www.semrush.com/bot.html)"
185.191.171.7 - - [23/Jan/2022:13:35:36 +0100] "GET /dishes-c-13_12.html?page=63 HTTP/1.0" 200 92359 "-" "Mozilla/5.0 (compatible; SemrushBot/7~bl; +http://www.semrush.com/bot.html)"
185.191.171.44 - - [23/Jan/2022:13:35:57 +0100] "GET /large-heart-ceramic-trinket-box-ladybird-p-34740.html HTTP/1.0" 301 70967 "-" "Mozilla/5.0 (compatible; SemrushBot/7~bl; +http://www.semrush.com/bot.html)"
185.191.171.14 - - [23/Jan/2022:13:36:01 +0100] "GET /large-heart-ceramic-trinket-ladybird-p-34740.html HTTP/1.0" 200 70864 "-" "Mozilla/5.0 (compatible; SemrushBot/7~bl; +http://www.semrush.com/bot.html)"
185.191.171.25 - - [23/Jan/2022:13:36:25 +0100] "GET /ceramic-lamp-black-background-p-54584.html HTTP/1.0" 200 70836 "-" "Mozilla/5.0 (compatible; SemrushBot/7~bl; +http://www.semrush.com/bot.html)"
40.77.167.47 - - [23/Jan/2022:13:37:41 +0100] "GET /difference-accessoriess-c-12_59.html HTTP/1.0" 200 89553 "-" "Mozilla/5.0 (compatible; bingbot/2.0; +http://www.bing.com/bingbot.htm)"
40.77.167.47 - - [23/Jan/2022:13:37:52 +0100] "GET /wood-keychains-p-26077.html HTTP/1.0" 200 73307 "-" "Mozilla/5.0 (compatible; bingbot/2.0; +http://www.bing.com/bingbot.htm)"
114.119.128.39 - - [23/Jan/2022:13:38:06 +0100] "GET /new-york-yankees-black-bag-post-office-p-19821.html HTTP/1.0" 301 73917 "-" "Mozilla/5.0 (Linux; Android 7.0;) AppleWebKit/537.36 (KHTML, like Gecko) Mobile Safari/537.36 (compatible; PetalBot;+https://webmaster.petalsearch.com/site/petalbot)"
114.119.128.39 - - [23/Jan/2022:13:38:09 +0100] "GET /york-yankees-black-post-office-p-19821.html HTTP/1.0" 200 73820 "-" "Mozilla/5.0 (Linux; Android 7.0;) AppleWebKit/537.36 (KHTML, like Gecko) Mobile Safari/537.36 (compatible; PetalBot;+https://webmaster.petalsearch.com/site/petalbot)"
54.36.148.243 - - [23/Jan/2022:13:38:09 +0100] "GET /washed-dyed-cotton-tablecloth-pearl-p-55047.html HTTP/1.0" 200 74315 "-" "Mozilla/5.0 (compatible; AhrefsBot/7.0; +http://ahrefs.com/robot/)"
17.121.115.68 - - [23/Jan/2022:13:38:36 +0100] "GET /-p-44424.html HTTP/1.0" 200 70718 "-" "Mozilla/5.0 (Macintosh; Intel Mac OS X 10_15_5) AppleWebKit/605.1.15 (KHTML, like Gecko) Version/13.1.1 Safari/605.1.15 (Applebot/0.1; +http://www.apple.com/go/applebot)"
185.191.171.12 - - [23/Jan/2022:13:38:58 +0100] "GET /gorjuss-pencil-p-49477.html?action=add_product HTTP/1.0" 302 476 "-" "Mozilla/5.0 (compatible; SemrushBot/7~bl; +http://www.semrush.com/bot.html)"
185.191.171.13 - - [23/Jan/2022:13:39:03 +0100] "GET /harmony-cotton-bedspread-240-260-cm-lin-p-48142.html HTTP/1.0" 301 70959 "-" "Mozilla/5.0 (compatible; SemrushBot/7~bl; +http://www.semrush.com/bot.html)"
185.191.171.39 - - [23/Jan/2022:13:39:06 +0100] "GET /harmony-cotton-bedspread-p-48142.html HTTP/1.0" 200 70868 "-" "Mozilla/5.0 (compatible; SemrushBot/7~bl; +http://www.semrush.com/bot.html)"
185.191.171.17 - - [23/Jan/2022:13:39:54 +0100] "GET /metal-trivet-p-35370.html?action=add_product HTTP/1.0" 302 476 "-" "Mozilla/5.0 (compatible; SemrushBot/7~bl; +http://www.semrush.com/bot.html)"
185.191.171.45 - - [23/Jan/2022:13:40:17 +0100] "GET /heart-emoticon-cushion-30-cm-p-39371.html HTTP/1.0" 301 70785 "-" "Mozilla/5.0 (compatible; SemrushBot/7~bl; +http://www.semrush.com/bot.html)"
185.191.171.40 - - [23/Jan/2022:13:40:21 +0100] "GET /-p-39371.html HTTP/1.0" 200 70718 "-" "Mozilla/5.0 (compatible; SemrushBot/7~bl; +http://www.semrush.com/bot.html)"
185.191.171.44 - - [23/Jan/2022:13:40:33 +0100] "GET /retro-cookie-tin-p-39497.html HTTP/1.0" 301 70840 "-" "Mozilla/5.0 (compatible; SemrushBot/7~bl; +http://www.semrush.com/bot.html)"
185.191.171.45 - - [23/Jan/2022:13:40:36 +0100] "GET /rtro-cookie-p-39497.html HTTP/1.0" 200 70762 "-" "Mozilla/5.0 (compatible; SemrushBot/7~bl; +http://www.semrush.com/bot.html)"
51.68.224.127 - - [23/Jan/2022:13:40:47 +0100] "GET /adminweb/export_orders_xml.php?token=256de2z6edz6ed2z6DFSFsed2zed6zeDSFDSGdzedezfzf&maxorders=10&orderstart=1&status=14&start_date=2018-10-01 HTTP/1.0" 200 285 "-" "GesCom CharlotteBoutik Serveur"
114.119.128.253 - - [23/Jan/2022:13:40:47 +0100] "GET /tisaniere-cement-tiles-yellow-p-52872.html HTTP/1.0" 301 70925 "-" "Mozilla/5.0 (Linux; Android 7.0;) AppleWebKit/537.36 (KHTML, like Gecko) Mobile Safari/537.36 (compatible; PetalBot;+https://webmaster.petalsearch.com/site/petalbot)"
51.68.224.127 - - [23/Jan/2022:13:40:48 +0100] "GET /adminweb/export_orders_xml.php?token=256de2z6edz6ed2z6DFSFsed2zed6zeDSFDSGdzedezfzf&maxorders=10&orderstart=1&status=6&start_date=2018-10-01 HTTP/1.0" 200 32795 "-" "GesCom CharlotteBoutik Serveur"
114.119.128.253 - - [23/Jan/2022:13:40:50 +0100] "GET /tisanire-cement-tiles-yellow-p-52872.html HTTP/1.0" 200 70830 "-" "Mozilla/5.0 (Linux; Android 7.0;) AppleWebKit/537.36 (KHTML, like Gecko) Mobile Safari/537.36 (compatible; PetalBot;+https://webmaster.petalsearch.com/site/petalbot)"
54.36.148.243 - - [23/Jan/2022:13:41:01 +0100] "GET /provence-oven-mitt-p-34542.html HTTP/1.0" 200 73354 "-" "Mozilla/5.0 (compatible; AhrefsBot/7.0; +http://ahrefs.com/robot/)"
17.121.115.213 - - [23/Jan/2022:13:41:05 +0100] "GET /cobra-japan-shirt-p-29558.html HTTP/1.0" 200 74451 "-" "Mozilla/5.0 (Macintosh; Intel Mac OS X 10_15_5) AppleWebKit/605.1.15 (KHTML, like Gecko) Version/13.1.1 Safari/605.1.15 (Applebot/0.1; +http://www.apple.com/go/applebot)"
207.46.13.190 - - [23/Jan/2022:13:41:54 +0100] "GET /utensil-cutlery-c-244.html HTTP/1.0" 301 90240 "-" "Mozilla/5.0 (compatible; bingbot/2.0; +http://www.bing.com/bingbot.htm)"
103.131.71.66 - - [23/Jan/2022:13:42:05 +0100] "GET /robots.txt HTTP/1.0" 301 531 "-" "Mozilla/5.0 (compatible; coccocbot-web/1.0; +http://help.coccoc.com/searchengine)"
103.131.71.66 - - [23/Jan/2022:13:42:07 +0100] "GET /robots.txt HTTP/1.0" 200 245 "-" "Mozilla/5.0 (compatible; coccocbot-web/1.0; +http://help.coccoc.com/searchengine)"
103.131.71.88 - - [23/Jan/2022:13:42:09 +0100] "GET /robots.txt HTTP/1.0" 200 245 "-" "Mozilla/5.0 (compatible; coccocbot-web/1.0; +http://help.coccoc.com/searchengine)"
103.131.71.190 - - [23/Jan/2022:13:42:12 +0100] "GET /statuette-egyptian-osiris-bronze-aspect-resin-p-54864.html HTTP/1.0" 200 73669 "-" "Mozilla/5.0 (compatible; coccocbot-web/1.0; +http://help.coccoc.com/searchengine)"
185.191.171.38 - - [23/Jan/2022:13:42:32 +0100] "GET /urss-mouse-cbkreation-p-13992.html?action=add_product HTTP/1.0" 302 476 "-" "Mozilla/5.0 (compatible; SemrushBot/7~bl; +http://www.semrush.com/bot.html)"
192.99.7.128 - - [23/Jan/2022:13:42:53 +0100] "GET /robots.txt HTTP/1.0" 200 245 "-" "Mozilla/5.0 (compatible; MJ12bot/v1.4.8; http://mj12bot.com/)"
192.99.7.128 - - [23/Jan/2022:13:42:54 +0100] "GET /jasmin-purse-p-40985.html HTTP/1.0" 200 73332 "-" "Mozilla/5.0 (compatible; MJ12bot/v1.4.8; http://mj12bot.com/)"
192.99.7.128 - - [23/Jan/2022:13:42:58 +0100] "GET /mister-beauty-p-3321.html HTTP/1.0" 200 73536 "-" "Mozilla/5.0 (compatible; MJ12bot/v1.4.8; http://mj12bot.com/)"
185.191.171.44 - - [23/Jan/2022:13:43:01 +0100] "GET /calimero-mousepad-p-10929.html HTTP/1.0" 200 73313 "-" "Mozilla/5.0 (compatible; SemrushBot/7~bl; +http://www.semrush.com/bot.html)"
192.99.7.128 - - [23/Jan/2022:13:43:01 +0100] "GET /nici-milo-gorilla-memo-clip-p-4972.html HTTP/1.0" 200 73402 "-" "Mozilla/5.0 (compatible; MJ12bot/v1.4.8; http://mj12bot.com/)"
192.99.7.128 - - [23/Jan/2022:13:43:05 +0100] "GET /papa-super-papa-adult-apron-p-55221.html HTTP/1.0" 200 73459 "-" "Mozilla/5.0 (compatible; MJ12bot/v1.4.8; http://mj12bot.com/)"
192.99.7.128 - - [23/Jan/2022:13:43:08 +0100] "GET /patrick-sponge-memo-clip-p-3695.html HTTP/1.0" 200 73400 "-" "Mozilla/5.0 (compatible; MJ12bot/v1.4.8; http://mj12bot.com/)"
185.191.171.7 - - [23/Jan/2022:13:43:10 +0100] "GET /dream-catcher-white-p-51027.html?action=add_product HTTP/1.0" 302 476 "-" "Mozilla/5.0 (compatible; SemrushBot/7~bl; +http://www.semrush.com/bot.html)"
192.99.7.128 - - [23/Jan/2022:13:43:12 +0100] "GET /paul-frank-blue-computer-p-6062.html HTTP/1.0" 200 74272 "-" "Mozilla/5.0 (compatible; MJ12bot/v1.4.8; http://mj12bot.com/)"
185.191.171.23 - - [23/Jan/2022:13:43:13 +0100] "GET /copains-abord-placemat-p-40663.html HTTP/1.0" 200 70808 "-" "Mozilla/5.0 (compatible; SemrushBot/7~bl; +http://www.semrush.com/bot.html)"
192.99.7.128 - - [23/Jan/2022:13:43:15 +0100] "GET /pepper-salt-hens-p-50648.html HTTP/1.0" 200 73401 "-" "Mozilla/5.0 (compatible; MJ12bot/v1.4.8; http://mj12bot.com/)"
192.99.7.128 - - [23/Jan/2022:13:43:19 +0100] "GET /picapica-tapas-tablecloth-anti-stain-p-34993.html HTTP/1.0" 200 73534 "-" "Mozilla/5.0 (compatible; MJ12bot/v1.4.8; http://mj12bot.com/)"
192.99.7.128 - - [23/Jan/2022:13:43:23 +0100] "GET /pokemon-swimsuit-p-30590.html HTTP/1.0" 200 74465 "-" "Mozilla/5.0 (compatible; MJ12bot/v1.4.8; http://mj12bot.com/)"
192.99.7.128 - - [23/Jan/2022:13:43:27 +0100] "GET /retro-camera-clock-p-56706.html HTTP/1.0" 200 73336 "-" "Mozilla/5.0 (compatible; MJ12bot/v1.4.8; http://mj12bot.com/)"
192.99.7.128 - - [23/Jan/2022:13:43:31 +0100] "GET /retro-table-clock-p-56713.html HTTP/1.0" 200 73936 "-" "Mozilla/5.0 (compatible; MJ12bot/v1.4.8; http://mj12bot.com/)"
192.99.7.128 - - [23/Jan/2022:13:43:35 +0100] "GET /shower-curtain-p-39391.html HTTP/1.0" 200 73419 "-" "Mozilla/5.0 (compatible; MJ12bot/v1.4.8; http://mj12bot.com/)"
192.99.7.128 - - [23/Jan/2022:13:43:38 +0100] "GET /small-houses-saltshaker-pepper-p-32222.html HTTP/1.0" 200 73476 "-" "Mozilla/5.0 (compatible; MJ12bot/v1.4.8; http://mj12bot.com/)"
157.55.39.153 - - [23/Jan/2022:13:43:39 +0100] "GET /poster-corsica-p-43686.html HTTP/1.0" 200 73357 "-" "Mozilla/5.0 (compatible; bingbot/2.0; +http://www.bing.com/bingbot.htm)"
207.46.13.190 - - [23/Jan/2022:13:43:42 +0100] "GET /images/big_prod/3700856403129.jpg HTTP/1.0" 200 268 "-" "Mozilla/5.0 (compatible; bingbot/2.0; +http://www.bing.com/bingbot.htm)"
192.99.7.128 - - [23/Jan/2022:13:43:41 +0100] "GET /spongebob-wall-light-p-11192.html HTTP/1.0" 200 73574 "-" "Mozilla/5.0 (compatible; MJ12bot/v1.4.8; http://mj12bot.com/)"
157.55.39.62 - - [23/Jan/2022:13:43:46 +0100] "GET /images/30300.jpg HTTP/1.0" 200 251 "-" "Mozilla/5.0 (compatible; bingbot/2.0; +http://www.bing.com/bingbot.htm)"
192.99.7.128 - - [23/Jan/2022:13:43:45 +0100] "GET /stationery-cardmaking-c-129.html?page=25 HTTP/1.0" 200 92965 "-" "Mozilla/5.0 (compatible; MJ12bot/v1.4.8; http://mj12bot.com/)"
185.191.171.43 - - [23/Jan/2022:13:43:47 +0100] "GET /love-floats-eeyore-figurine-p-51455.html HTTP/1.0" 200 74676 "-" "Mozilla/5.0 (compatible; SemrushBot/7~bl; +http://www.semrush.com/bot.html)"
192.99.7.128 - - [23/Jan/2022:13:43:50 +0100] "GET /stationery-cardmaking-c-129.html?page=26 HTTP/1.0" 200 92403 "-" "Mozilla/5.0 (compatible; MJ12bot/v1.4.8; http://mj12bot.com/)"
185.191.171.38 - - [23/Jan/2022:13:43:53 +0100] "GET /-p-30009.html?action=add_product HTTP/1.0" 302 476 "-" "Mozilla/5.0 (compatible; SemrushBot/7~bl; +http://www.semrush.com/bot.html)"
192.99.7.128 - - [23/Jan/2022:13:43:53 +0100] "GET /stationery-cardmaking-c-129.html?page=27 HTTP/1.0" 200 92953 "-" "Mozilla/5.0 (compatible; MJ12bot/v1.4.8; http://mj12bot.com/)"
192.99.7.128 - - [23/Jan/2022:13:43:58 +0100] "GET /stationery-cardmaking-c-129.html?page=28 HTTP/1.0" 200 92714 "-" "Mozilla/5.0 (compatible; MJ12bot/v1.4.8; http://mj12bot.com/)"
192.99.7.128 - - [23/Jan/2022:13:44:02 +0100] "GET /stationery-cardmaking-c-129.html?page=29 HTTP/1.0" 200 92931 "-" "Mozilla/5.0 (compatible; MJ12bot/v1.4.8; http://mj12bot.com/)"
192.99.7.128 - - [23/Jan/2022:13:44:06 +0100] "GET /stationery-cardmaking-c-129.html?page=30 HTTP/1.0" 200 93379 "-" "Mozilla/5.0 (compatible; MJ12bot/v1.4.8; http://mj12bot.com/)"
192.99.7.128 - - [23/Jan/2022:13:44:09 +0100] "GET /stationery-cardmaking-c-129.html?page=31 HTTP/1.0" 200 92189 "-" "Mozilla/5.0 (compatible; MJ12bot/v1.4.8; http://mj12bot.com/)"
54.36.148.243 - - [23/Jan/2022:13:44:13 +0100] "GET /postcard-with-envelope-wolf-p-48863.html HTTP/1.0" 200 73513 "-" "Mozilla/5.0 (compatible; AhrefsBot/7.0; +http://ahrefs.com/robot/)"
192.99.7.128 - - [23/Jan/2022:13:44:13 +0100] "GET /trivet-boards-c-12_158.html?page=2 HTTP/1.0" 200 94556 "-" "Mozilla/5.0 (compatible; MJ12bot/v1.4.8; http://mj12bot.com/)"
192.99.7.128 - - [23/Jan/2022:13:44:17 +0100] "GET /trivet-boards-c-12_158.html?page=4 HTTP/1.0" 200 93674 "-" "Mozilla/5.0 (compatible; MJ12bot/v1.4.8; http://mj12bot.com/)"
192.99.7.128 - - [23/Jan/2022:13:44:22 +0100] "GET /trivet-boards-c-12_158.html?page=5 HTTP/1.0" 200 92767 "-" "Mozilla/5.0 (compatible; MJ12bot/v1.4.8; http://mj12bot.com/)"
185.191.171.44 - - [23/Jan/2022:13:44:45 +0100] "GET /bottle-rack-the-best-wine-p-53207.html HTTP/1.0" 301 73529 "-" "Mozilla/5.0 (compatible; SemrushBot/7~bl; +http://www.semrush.com/bot.html)"
185.191.171.17 - - [23/Jan/2022:13:44:48 +0100] "GET /bottle-rack-best-wine-p-53207.html HTTP/1.0" 200 73441 "-" "Mozilla/5.0 (compatible; SemrushBot/7~bl; +http://www.semrush.com/bot.html)"
185.191.171.45 - - [23/Jan/2022:13:45:00 +0100] "GET /flower-pot-gray-p-48547.html HTTP/1.0" 301 70842 "-" "Mozilla/5.0 (compatible; SemrushBot/7~bl; +http://www.semrush.com/bot.html)"
185.191.171.18 - - [23/Jan/2022:13:45:03 +0100] "GET /flower-gray-p-48547.html HTTP/1.0" 200 70764 "-" "Mozilla/5.0 (compatible; SemrushBot/7~bl; +http://www.semrush.com/bot.html)"
66.249.68.24 - - [23/Jan/2022:13:45:14 +0100] "GET /gorjuss-chronicles-clutch-found-family-book-p-46968.html HTTP/1.0" 200 70914 "-" "Mozilla/5.0 (Linux; Android 6.0.1; Nexus 5X Build/MMB29P) AppleWebKit/537.36 (KHTML, like Gecko) Chrome/97.0.4692.71 Mobile Safari/537.36 (compatible; Googlebot/2.1; +http://www.google.com/bot.html)"
166.88.17.238 - - [23/Jan/2022:13:45:32 +0100] "GET /images/mini_prod/3760116310321.jpg HTTP/1.0" 200 269 "-" "Mozilla/5.0 (X11; Ubuntu; Linux x86_64; rv:72.0) Gecko/20100101 Firefox/72.0"
157.55.39.153 - - [23/Jan/2022:13:45:40 +0100] "GET /magnet-copine-trop-gniale-p-57081.html HTTP/1.0" 200 74011 "-" "Mozilla/5.0 (compatible; bingbot/2.0; +http://www.bing.com/bingbot.htm)"
185.191.171.42 - - [23/Jan/2022:13:46:05 +0100] "GET /luxe-pense-wall-sticker-p-39313.html?action=add_product HTTP/1.0" 302 476 "-" "Mozilla/5.0 (compatible; SemrushBot/7~bl; +http://www.semrush.com/bot.html)"
185.191.171.5 - - [23/Jan/2022:13:46:35 +0100] "GET /kettle-pendulum-clock-p-54542.html HTTP/1.0" 200 73541 "-" "Mozilla/5.0 (compatible; SemrushBot/7~bl; +http://www.semrush.com/bot.html)"
185.191.171.41 - - [23/Jan/2022:13:47:08 +0100] "GET /figurine-sonny-angel-christmas-2021-series-p-56923.html?action=add_product HTTP/1.0" 302 476 "-" "Mozilla/5.0 (compatible; SemrushBot/7~bl; +http://www.semrush.com/bot.html)"
54.36.148.243 - - [23/Jan/2022:13:47:40 +0100] "GET /skull-crest-figure-p-34169.html HTTP/1.0" 200 73366 "-" "Mozilla/5.0 (compatible; AhrefsBot/7.0; +http://ahrefs.com/robot/)"
157.55.39.122 - - [23/Jan/2022:13:48:34 +0100] "GET /dora-explorer-baby-p-2403.html HTTP/1.0" 200 73254 "-" "Mozilla/5.0 (compatible; bingbot/2.0; +http://www.bing.com/bingbot.htm)"
185.191.171.15 - - [23/Jan/2022:13:49:20 +0100] "GET /vintage-gasoline-effect-frame-wood-hanging-p-46295.html?action=add_product HTTP/1.0" 302 476 "-" "Mozilla/5.0 (compatible; SemrushBot/7~bl; +http://www.semrush.com/bot.html)"
185.191.171.25 - - [23/Jan/2022:13:50:21 +0100] "GET /dragonfly-wall-decoration-235-cm-p-40996.html HTTP/1.0" 301 73568 "-" "Mozilla/5.0 (compatible; SemrushBot/7~bl; +http://www.semrush.com/bot.html)"
185.191.171.22 - - [23/Jan/2022:13:50:24 +0100] "GET /dragonfly-wall-decoration-p-40996.html HTTP/1.0" 200 73476 "-" "Mozilla/5.0 (compatible; SemrushBot/7~bl; +http://www.semrush.com/bot.html)"
54.36.148.243 - - [23/Jan/2022:13:51:05 +0100] "GET /mandala-coasters-orange-p-54066.html HTTP/1.0" 200 73385 "-" "Mozilla/5.0 (compatible; AhrefsBot/7.0; +http://ahrefs.com/robot/)"
185.191.171.23 - - [23/Jan/2022:13:51:36 +0100] "GET /beer-metal-tray-p-48335.html?action=add_product HTTP/1.0" 302 476 "-" "Mozilla/5.0 (compatible; SemrushBot/7~bl; +http://www.semrush.com/bot.html)"
185.191.171.39 - - [23/Jan/2022:13:52:15 +0100] "GET /head-wallet-model-p-39444.html?action=add_product HTTP/1.0" 302 476 "-" "Mozilla/5.0 (compatible; SemrushBot/7~bl; +http://www.semrush.com/bot.html)"
193.177.162.34 - - [23/Jan/2022:13:52:18 +0100] "GET /images/mini_prod/8422666661517.jpg HTTP/1.0" 200 269 "-" "Mozilla/5.0 (X11; Ubuntu; Linux x86_64; rv:72.0) Gecko/20100101 Firefox/72.0"
185.191.171.10 - - [23/Jan/2022:13:52:44 +0100] "GET /cotton-mattress-160-200-25-cm-to-boil-p-48990.html HTTP/1.0" 301 73666 "-" "Mozilla/5.0 (compatible; SemrushBot/7~bl; +http://www.semrush.com/bot.html)"
185.191.171.21 - - [23/Jan/2022:13:52:47 +0100] "GET /cotton-mattress-boil-p-48990.html HTTP/1.0" 200 73579 "-" "Mozilla/5.0 (compatible; SemrushBot/7~bl; +http://www.semrush.com/bot.html)"
185.191.171.7 - - [23/Jan/2022:13:53:32 +0100] "GET /large-candle-hours-grass-p-33017.html?action=add_product HTTP/1.0" 302 476 "-" "Mozilla/5.0 (compatible; SemrushBot/7~bl; +http://www.semrush.com/bot.html)"
185.191.171.8 - - [23/Jan/2022:13:53:50 +0100] "GET /luggages-schoolbags-leather-shop-c-31.html?page=65 HTTP/1.0" 200 93103 "-" "Mozilla/5.0 (compatible; SemrushBot/7~bl; +http://www.semrush.com/bot.html)"
185.191.171.21 - - [23/Jan/2022:13:53:54 +0100] "GET /monkey-velvet-cushion-cover-40-60-cm-tomette-p-48147.html HTTP/1.0" 301 70785 "-" "Mozilla/5.0 (compatible; SemrushBot/7~bl; +http://www.semrush.com/bot.html)"
185.191.171.24 - - [23/Jan/2022:13:53:56 +0100] "GET /-p-48147.html HTTP/1.0" 200 70718 "-" "Mozilla/5.0 (compatible; SemrushBot/7~bl; +http://www.semrush.com/bot.html)"
