34.71.110.17 - - [23/Jan/2022:05:54:52 +0100] "GET /images/icons/soldes_grand.jpg HTTP/1.0" 200 264 "http://www.wonder-geek.com/" "Mozilla/5.0 (X11; Linux i686 (x86_64)) AppleWebKit/537.36 (KHTML, like Gecko) Chrome/100.0.4847.0 Safari/537.36"
34.71.110.17 - - [23/Jan/2022:05:54:52 +0100] "GET /images/mini_prod/9316188081214.jpg HTTP/1.0" 200 269 "http://www.wonder-geek.com/" "Mozilla/5.0 (X11; Linux i686 (x86_64)) AppleWebKit/537.36 (KHTML, like Gecko) Chrome/100.0.4847.0 Safari/537.36"
154.54.249.198 - - [23/Jan/2022:05:54:51 +0100] "GET /curtain-eyelets-yellow-p-49126.html HTTP/1.0" 200 75688 "-" "Mozilla/5.0 (compatible; Barkrowler/0.9; +https://babbar.tech/crawler)"
34.71.110.17 - - [23/Jan/2022:05:54:53 +0100] "GET /templates/Pixame_v1/images/Bottom_texture.jpg HTTP/1.0" 200 280 "http://www.wonder-geek.com/templates/Pixame_v1/stylesheet.css" "Mozilla/5.0 (X11; Linux i686 (x86_64)) AppleWebKit/537.36 (KHTML, like Gecko) Chrome/100.0.4847.0 Safari/537.36"
34.71.110.17 - - [23/Jan/2022:05:54:53 +0100] "GET /templates/Pixame_v1/images/Middle_texture.jpg HTTP/1.0" 200 280 "http://www.wonder-geek.com/templates/Pixame_v1/stylesheet.css" "Mozilla/5.0 (X11; Linux i686 (x86_64)) AppleWebKit/537.36 (KHTML, like Gecko) Chrome/100.0.4847.0 Safari/537.36"
34.71.110.17 - - [23/Jan/2022:05:54:53 +0100] "GET /templates/Pixame_v1/images/header.png HTTP/1.0" 200 271 "http://www.wonder-geek.com/templates/Pixame_v1/stylesheet.css" "Mozilla/5.0 (X11; Linux i686 (x86_64)) AppleWebKit/537.36 (KHTML, like Gecko) Chrome/100.0.4847.0 Safari/537.36"
34.71.110.17 - - [23/Jan/2022:05:54:54 +0100] "GET /templates/Pixame_v1/images/header-object.png HTTP/1.0" 200 278 "http://www.wonder-geek.com/templates/Pixame_v1/stylesheet.css" "Mozilla/5.0 (X11; Linux i686 (x86_64)) AppleWebKit/537.36 (KHTML, like Gecko) Chrome/100.0.4847.0 Safari/537.36"
34.71.110.17 - - [23/Jan/2022:05:54:54 +0100] "GET /templates/Pixame_v1/images/nav.png HTTP/1.0" 200 268 "http://www.wonder-geek.com/templates/Pixame_v1/stylesheet.css" "Mozilla/5.0 (X11; Linux i686 (x86_64)) AppleWebKit/537.36 (KHTML, like Gecko) Chrome/100.0.4847.0 Safari/537.36"
34.71.110.17 - - [23/Jan/2022:05:54:54 +0100] "GET /images/mini_prod/36DSCN8209.jpg HTTP/1.0" 200 266 "http://www.wonder-geek.com/" "Mozilla/5.0 (X11; Linux i686 (x86_64)) AppleWebKit/537.36 (KHTML, like Gecko) Chrome/100.0.4847.0 Safari/537.36"
34.71.110.17 - - [23/Jan/2022:05:54:54 +0100] "GET /images/mini_prod/3553568132135.jpg HTTP/1.0" 200 269 "http://www.wonder-geek.com/" "Mozilla/5.0 (X11; Linux i686 (x86_64)) AppleWebKit/537.36 (KHTML, like Gecko) Chrome/100.0.4847.0 Safari/537.36"
95.91.110.186 - - [23/Jan/2022:05:54:53 +0100] "GET /us-route-66-adult-cap-by-cbkreation-p-29958.html HTTP/1.0" 301 70785 "-" "Mozilla/5.0 (compatible; MJ12bot/v1.4.8; http://mj12bot.com/)"
34.71.110.17 - - [23/Jan/2022:05:54:55 +0100] "GET /images/mini_prod/5701359740467.jpg HTTP/1.0" 200 269 "http://www.wonder-geek.com/" "Mozilla/5.0 (X11; Linux i686 (x86_64)) AppleWebKit/537.36 (KHTML, like Gecko) Chrome/100.0.4847.0 Safari/537.36"
34.71.110.17 - - [23/Jan/2022:05:54:55 +0100] "GET /images/mini_prod/BB5036278059896BB.jpg HTTP/1.0" 200 273 "http://www.wonder-geek.com/" "Mozilla/5.0 (X11; Linux i686 (x86_64)) AppleWebKit/537.36 (KHTML, like Gecko) Chrome/100.0.4847.0 Safari/537.36"
34.71.110.17 - - [23/Jan/2022:05:54:56 +0100] "GET /images/mini_prod/4005401100013.jpg HTTP/1.0" 200 269 "http://www.wonder-geek.com/" "Mozilla/5.0 (X11; Linux i686 (x86_64)) AppleWebKit/537.36 (KHTML, like Gecko) Chrome/100.0.4847.0 Safari/537.36"
34.71.110.17 - - [23/Jan/2022:05:54:56 +0100] "GET /images/mini_prod/1399984220207.jpg HTTP/1.0" 200 269 "http://www.wonder-geek.com/" "Mozilla/5.0 (X11; Linux i686 (x86_64)) AppleWebKit/537.36 (KHTML, like Gecko) Chrome/100.0.4847.0 Safari/537.36"
34.71.110.17 - - [23/Jan/2022:05:54:56 +0100] "GET /images/mini_prod/8435333834480.jpg HTTP/1.0" 200 269 "http://www.wonder-geek.com/" "Mozilla/5.0 (X11; Linux i686 (x86_64)) AppleWebKit/537.36 (KHTML, like Gecko) Chrome/100.0.4847.0 Safari/537.36"
34.71.110.17 - - [23/Jan/2022:05:54:56 +0100] "GET /images/mini_prod/1024368545845.gif HTTP/1.0" 200 268 "http://www.wonder-geek.com/" "Mozilla/5.0 (X11; Linux i686 (x86_64)) AppleWebKit/537.36 (KHTML, like Gecko) Chrome/100.0.4847.0 Safari/537.36"
34.71.110.17 - - [23/Jan/2022:05:54:56 +0100] "GET /images/mini_prod/3079091105656.jpg HTTP/1.0" 200 269 "http://www.wonder-geek.com/" "Mozilla/5.0 (X11; Linux i686 (x86_64)) AppleWebKit/537.36 (KHTML, like Gecko) Chrome/100.0.4847.0 Safari/537.36"
34.71.110.17 - - [23/Jan/2022:05:54:56 +0100] "GET /images/mini_prod/1399984286210.jpg HTTP/1.0" 200 269 "http://www.wonder-geek.com/" "Mozilla/5.0 (X11; Linux i686 (x86_64)) AppleWebKit/537.36 (KHTML, like Gecko) Chrome/100.0.4847.0 Safari/537.36"
34.71.110.17 - - [23/Jan/2022:05:54:56 +0100] "GET /images/mini_prod/5901350205884.jpg HTTP/1.0" 200 269 "http://www.wonder-geek.com/" "Mozilla/5.0 (X11; Linux i686 (x86_64)) AppleWebKit/537.36 (KHTML, like Gecko) Chrome/100.0.4847.0 Safari/537.36"
34.71.110.17 - - [23/Jan/2022:05:54:56 +0100] "GET /images/mini_prod/DSCN126402072012.jpg HTTP/1.0" 200 272 "http://www.wonder-geek.com/" "Mozilla/5.0 (X11; Linux i686 (x86_64)) AppleWebKit/537.36 (KHTML, like Gecko) Chrome/100.0.4847.0 Safari/537.36"
34.71.110.17 - - [23/Jan/2022:05:54:56 +0100] "GET /images/mini_prod/021008_213337_PEEL_ZN6hq6.gif HTTP/1.0" 200 280 "http://www.wonder-geek.com/" "Mozilla/5.0 (X11; Linux i686 (x86_64)) AppleWebKit/537.36 (KHTML, like Gecko) Chrome/100.0.4847.0 Safari/537.36"
34.71.110.17 - - [23/Jan/2022:05:54:56 +0100] "GET /images/mini_prod/DSCN2820.gif HTTP/1.0" 200 263 "http://www.wonder-geek.com/" "Mozilla/5.0 (X11; Linux i686 (x86_64)) AppleWebKit/537.36 (KHTML, like Gecko) Chrome/100.0.4847.0 Safari/537.36"
34.71.110.17 - - [23/Jan/2022:05:54:56 +0100] "GET /images/mini_prod/8029759057051.jpg HTTP/1.0" 200 269 "http://www.wonder-geek.com/" "Mozilla/5.0 (X11; Linux i686 (x86_64)) AppleWebKit/537.36 (KHTML, like Gecko) Chrome/100.0.4847.0 Safari/537.36"
34.71.110.17 - - [23/Jan/2022:05:54:56 +0100] "GET /images/mini_prod/03852.gif HTTP/1.0" 200 260 "http://www.wonder-geek.com/" "Mozilla/5.0 (X11; Linux i686 (x86_64)) AppleWebKit/537.36 (KHTML, like Gecko) Chrome/100.0.4847.0 Safari/537.36"
34.71.110.17 - - [23/Jan/2022:05:54:56 +0100] "GET /images/mini_prod/5411854149718.jpg HTTP/1.0" 200 269 "http://www.wonder-geek.com/" "Mozilla/5.0 (X11; Linux i686 (x86_64)) AppleWebKit/537.36 (KHTML, like Gecko) Chrome/100.0.4847.0 Safari/537.36"
34.71.110.17 - - [23/Jan/2022:05:54:56 +0100] "GET /design/productsenstock.png HTTP/1.0" 200 260 "http://www.wonder-geek.com/templates/Pixame_v1/stylesheet.css" "Mozilla/5.0 (X11; Linux i686 (x86_64)) AppleWebKit/537.36 (KHTML, like Gecko) Chrome/100.0.4847.0 Safari/537.36"
34.71.110.17 - - [23/Jan/2022:05:54:56 +0100] "GET /templates/Pixame_v1/images/infobox/infobox_footer_middle.gif HTTP/1.0" 200 357 "http://www.wonder-geek.com/" "Mozilla/5.0 (X11; Linux i686 (x86_64)) AppleWebKit/537.36 (KHTML, like Gecko) Chrome/100.0.4847.0 Safari/537.36"
95.91.110.186 - - [23/Jan/2022:05:55:01 +0100] "GET /-p-29958.html HTTP/1.0" 200 70718 "-" "Mozilla/5.0 (compatible; MJ12bot/v1.4.8; http://mj12bot.com/)"
154.54.249.198 - - [23/Jan/2022:05:55:07 +0100] "GET /curtain-eyelets-blue-p-35311.html HTTP/1.0" 200 76306 "-" "Mozilla/5.0 (compatible; Barkrowler/0.9; +https://babbar.tech/crawler)"
95.91.110.186 - - [23/Jan/2022:05:55:10 +0100] "GET /us-route-66-light-clock-p-27153.html HTTP/1.0" 301 70785 "-" "Mozilla/5.0 (compatible; MJ12bot/v1.4.8; http://mj12bot.com/)"
154.54.249.198 - - [23/Jan/2022:05:55:24 +0100] "GET /lampshades-c-86_277.html?page=3 HTTP/1.0" 200 87403 "-" "Mozilla/5.0 (compatible; Barkrowler/0.9; +https://babbar.tech/crawler)"
95.91.110.186 - - [23/Jan/2022:05:55:25 +0100] "GET /-p-27153.html HTTP/1.0" 200 70718 "-" "Mozilla/5.0 (compatible; MJ12bot/v1.4.8; http://mj12bot.com/)"
95.91.110.186 - - [23/Jan/2022:05:55:32 +0100] "GET /us-route-66-metal-clock-p-26375.html HTTP/1.0" 301 70896 "-" "Mozilla/5.0 (compatible; MJ12bot/v1.4.8; http://mj12bot.com/)"
54.36.148.243 - - [23/Jan/2022:05:55:38 +0100] "GET /giraffe-statuette-resin-p-56381.html HTTP/1.0" 200 73417 "-" "Mozilla/5.0 (compatible; AhrefsBot/7.0; +http://ahrefs.com/robot/)"
154.54.249.198 - - [23/Jan/2022:05:55:40 +0100] "GET /lampshades-c-86_277.html?page=2 HTTP/1.0" 200 89573 "-" "Mozilla/5.0 (compatible; Barkrowler/0.9; +https://babbar.tech/crawler)"
95.91.110.186 - - [23/Jan/2022:05:55:42 +0100] "GET /route-metal-clock-p-26375.html HTTP/1.0" 200 70812 "-" "Mozilla/5.0 (compatible; MJ12bot/v1.4.8; http://mj12bot.com/)"
95.91.110.186 - - [23/Jan/2022:05:55:56 +0100] "GET /us-route-66-mug-p-25029.html HTTP/1.0" 301 70785 "-" "Mozilla/5.0 (compatible; MJ12bot/v1.4.8; http://mj12bot.com/)"
154.54.249.198 - - [23/Jan/2022:05:55:57 +0100] "GET /african-woman-profile-statue-p-55291.html HTTP/1.0" 200 74099 "-" "Mozilla/5.0 (compatible; Barkrowler/0.9; +https://babbar.tech/crawler)"
157.55.39.62 - - [23/Jan/2022:05:56:01 +0100] "GET /pokemon-pikachu-school-p-55756.html HTTP/1.0" 200 74102 "-" "Mozilla/5.0 (compatible; bingbot/2.0; +http://www.bing.com/bingbot.htm)"
185.191.171.43 - - [23/Jan/2022:05:56:01 +0100] "GET /wooden-bottle-opener-capsule-box-p-53205.html HTTP/1.0" 301 74209 "-" "Mozilla/5.0 (compatible; SemrushBot/7~bl; +http://www.semrush.com/bot.html)"
185.191.171.19 - - [23/Jan/2022:05:56:05 +0100] "GET /wooden-bottle-opener-capsule-p-53205.html HTTP/1.0" 200 74114 "-" "Mozilla/5.0 (compatible; SemrushBot/7~bl; +http://www.semrush.com/bot.html)"
95.91.110.186 - - [23/Jan/2022:05:56:07 +0100] "GET /-p-25029.html HTTP/1.0" 200 70718 "-" "Mozilla/5.0 (compatible; MJ12bot/v1.4.8; http://mj12bot.com/)"
185.191.171.17 - - [23/Jan/2022:05:56:10 +0100] "GET /winter-chamonix-wooden-wall-decoration-hang-p-36862.html?action=add_product HTTP/1.0" 302 476 "-" "Mozilla/5.0 (compatible; SemrushBot/7~bl; +http://www.semrush.com/bot.html)"
185.191.171.44 - - [23/Jan/2022:05:56:12 +0100] "GET /galileo-thermometer-indoors-p-55398.html?action=add_product HTTP/1.0" 302 476 "-" "Mozilla/5.0 (compatible; SemrushBot/7~bl; +http://www.semrush.com/bot.html)"
154.54.249.198 - - [23/Jan/2022:05:56:13 +0100] "GET /vespa-sports-khaki-p-32644.html HTTP/1.0" 200 73790 "-" "Mozilla/5.0 (compatible; Barkrowler/0.9; +https://babbar.tech/crawler)"
95.91.110.186 - - [23/Jan/2022:05:56:21 +0100] "GET /us-route-66-room-table-p-20617.html HTTP/1.0" 301 73426 "-" "Mozilla/5.0 (compatible; MJ12bot/v1.4.8; http://mj12bot.com/)"
157.55.39.122 - - [23/Jan/2022:05:56:25 +0100] "GET /images/med_prod/1399984287804.jpg HTTP/1.0" 200 268 "-" "Mozilla/5.0 (compatible; bingbot/2.0; +http://www.bing.com/bingbot.htm)"
185.191.171.3 - - [23/Jan/2022:05:56:28 +0100] "GET /small-louis-philippe-wallpaper-cushion-p-16229.html HTTP/1.0" 200 74146 "-" "Mozilla/5.0 (compatible; SemrushBot/7~bl; +http://www.semrush.com/bot.html)"
154.54.249.198 - - [23/Jan/2022:05:56:30 +0100] "GET /vespa-scooter-clock-p-29045.html HTTP/1.0" 200 70784 "-" "Mozilla/5.0 (compatible; Barkrowler/0.9; +https://babbar.tech/crawler)"
95.91.110.186 - - [23/Jan/2022:05:56:32 +0100] "GET /route-room-table-p-20617.html HTTP/1.0" 200 73343 "-" "Mozilla/5.0 (compatible; MJ12bot/v1.4.8; http://mj12bot.com/)"
40.77.167.47 - - [23/Jan/2022:05:56:46 +0100] "GET /images/med_prod/8435333830635.jpg HTTP/1.0" 200 268 "-" "Mozilla/5.0 (compatible; bingbot/2.0; +http://www.bing.com/bingbot.htm)"
154.54.249.198 - - [23/Jan/2022:05:56:46 +0100] "GET /vespa-scooter-clock-p-29041.html HTTP/1.0" 200 73361 "-" "Mozilla/5.0 (compatible; Barkrowler/0.9; +https://babbar.tech/crawler)"
95.91.110.186 - - [23/Jan/2022:05:56:48 +0100] "GET /us-route-66-wallet-p-18874.html HTTP/1.0" 301 70866 "-" "Mozilla/5.0 (compatible; MJ12bot/v1.4.8; http://mj12bot.com/)"
95.91.110.186 - - [23/Jan/2022:05:57:02 +0100] "GET /route-wallet-p-18874.html HTTP/1.0" 200 70787 "-" "Mozilla/5.0 (compatible; MJ12bot/v1.4.8; http://mj12bot.com/)"
154.54.249.198 - - [23/Jan/2022:05:57:03 +0100] "GET /panda-in-paris-mug-p-45625.html HTTP/1.0" 301 70863 "-" "Mozilla/5.0 (compatible; Barkrowler/0.9; +https://babbar.tech/crawler)"
95.91.110.186 - - [23/Jan/2022:05:57:12 +0100] "GET /usa-aigle-cushion-p-33033.html HTTP/1.0" 301 73493 "-" "Mozilla/5.0 (compatible; MJ12bot/v1.4.8; http://mj12bot.com/)"
154.54.249.198 - - [23/Jan/2022:05:57:20 +0100] "GET /panda-paris-glass-coasters-p-46533.html HTTP/1.0" 200 73377 "-" "Mozilla/5.0 (compatible; Barkrowler/0.9; +https://babbar.tech/crawler)"
159.138.102.98 - - [23/Jan/2022:05:57:22 +0100] "GET /tassen-mood-cup-and-cup-made-in-germany-p-43329.html HTTP/1.0" 301 73777 "-" "Mozilla/5.0 (Linux; Android 7.0;) AppleWebKit/537.36 (KHTML, like Gecko) Mobile Safari/537.36 (compatible; PetalBot;+https://webmaster.petalsearch.com/site/petalbot)"
159.138.102.98 - - [23/Jan/2022:05:57:26 +0100] "GET /tassen-mood-made-germany-p-43329.html HTTP/1.0" 200 73686 "-" "Mozilla/5.0 (Linux; Android 7.0;) AppleWebKit/537.36 (KHTML, like Gecko) Mobile Safari/537.36 (compatible; PetalBot;+https://webmaster.petalsearch.com/site/petalbot)"
95.91.110.186 - - [23/Jan/2022:05:57:27 +0100] "GET /aigle-cushion-p-33033.html HTTP/1.0" 200 73413 "-" "Mozilla/5.0 (compatible; MJ12bot/v1.4.8; http://mj12bot.com/)"
54.36.148.243 - - [23/Jan/2022:05:57:33 +0100] "GET /perfumes-interior-c-231_234.html HTTP/1.0" 200 92067 "-" "Mozilla/5.0 (compatible; AhrefsBot/7.0; +http://ahrefs.com/robot/)"
95.91.110.186 - - [23/Jan/2022:05:57:36 +0100] "GET /usa-bedclothes-220-cm-p-27122.html HTTP/1.0" 301 70785 "-" "Mozilla/5.0 (compatible; MJ12bot/v1.4.8; http://mj12bot.com/)"
154.54.249.198 - - [23/Jan/2022:05:57:36 +0100] "GET /panda-paris-large-bowl-p-45610.html HTTP/1.0" 200 70828 "-" "Mozilla/5.0 (compatible; Barkrowler/0.9; +https://babbar.tech/crawler)"
185.191.171.26 - - [23/Jan/2022:05:57:39 +0100] "GET /decorative-statuette-monkeys-wisdom-green-p-52737.html?action=add_product HTTP/1.0" 302 476 "-" "Mozilla/5.0 (compatible; SemrushBot/7~bl; +http://www.semrush.com/bot.html)"
95.91.110.186 - - [23/Jan/2022:05:57:46 +0100] "GET /-p-27122.html HTTP/1.0" 200 70718 "-" "Mozilla/5.0 (compatible; MJ12bot/v1.4.8; http://mj12bot.com/)"
154.54.249.198 - - [23/Jan/2022:05:57:54 +0100] "GET /panda-hot-water-bottle-p-48675.html HTTP/1.0" 301 74051 "-" "Mozilla/5.0 (compatible; Barkrowler/0.9; +https://babbar.tech/crawler)"
95.91.110.186 - - [23/Jan/2022:05:57:58 +0100] "GET /usa-chopper-bath-towel-p-25991.html HTTP/1.0" 301 70785 "-" "Mozilla/5.0 (compatible; MJ12bot/v1.4.8; http://mj12bot.com/)"
95.91.110.186 - - [23/Jan/2022:05:58:08 +0100] "GET /-p-25991.html HTTP/1.0" 200 70718 "-" "Mozilla/5.0 (compatible; MJ12bot/v1.4.8; http://mj12bot.com/)"
154.54.249.198 - - [23/Jan/2022:05:58:10 +0100] "GET /panda-hot-water-bottle-p-48678.html HTTP/1.0" 301 74050 "-" "Mozilla/5.0 (compatible; Barkrowler/0.9; +https://babbar.tech/crawler)"
95.91.110.186 - - [23/Jan/2022:05:58:22 +0100] "GET /usa-clock-by-cbk-p-24710.html HTTP/1.0" 301 73532 "-" "Mozilla/5.0 (compatible; MJ12bot/v1.4.8; http://mj12bot.com/)"
185.191.171.21 - - [23/Jan/2022:05:58:23 +0100] "GET /metal-clock-vinyl-turntable-p-54036.html HTTP/1.0" 200 74328 "-" "Mozilla/5.0 (compatible; SemrushBot/7~bl; +http://www.semrush.com/bot.html)"
185.191.171.43 - - [23/Jan/2022:05:58:27 +0100] "GET /fish-figurine-in-resin-p-48841.html HTTP/1.0" 301 70876 "-" "Mozilla/5.0 (compatible; SemrushBot/7~bl; +http://www.semrush.com/bot.html)"
154.54.249.198 - - [23/Jan/2022:05:58:27 +0100] "GET /panda-hot-water-bottle-p-48677.html HTTP/1.0" 301 74050 "-" "Mozilla/5.0 (compatible; Barkrowler/0.9; +https://babbar.tech/crawler)"
185.191.171.20 - - [23/Jan/2022:05:58:30 +0100] "GET /fish-figurine-resin-p-48841.html HTTP/1.0" 200 70790 "-" "Mozilla/5.0 (compatible; SemrushBot/7~bl; +http://www.semrush.com/bot.html)"
95.91.110.186 - - [23/Jan/2022:05:58:35 +0100] "GET /clock-cbkreation-p-24710.html HTTP/1.0" 200 73449 "-" "Mozilla/5.0 (compatible; MJ12bot/v1.4.8; http://mj12bot.com/)"
95.91.110.186 - - [23/Jan/2022:05:58:43 +0100] "GET /usa-clock-by-cbk-p-28468.html HTTP/1.0" 301 70872 "-" "Mozilla/5.0 (compatible; MJ12bot/v1.4.8; http://mj12bot.com/)"
154.54.249.198 - - [23/Jan/2022:05:58:44 +0100] "GET /panda-hot-water-bottle-p-48676.html HTTP/1.0" 301 74051 "-" "Mozilla/5.0 (compatible; Barkrowler/0.9; +https://babbar.tech/crawler)"
185.191.171.38 - - [23/Jan/2022:05:58:47 +0100] "GET /kimmidoll-doll-p-47588.html?action=add_product HTTP/1.0" 302 476 "-" "Mozilla/5.0 (compatible; SemrushBot/7~bl; +http://www.semrush.com/bot.html)"
95.91.110.186 - - [23/Jan/2022:05:58:52 +0100] "GET /clock-cbkreation-p-28468.html HTTP/1.0" 200 70789 "-" "Mozilla/5.0 (compatible; MJ12bot/v1.4.8; http://mj12bot.com/)"
95.91.110.186 - - [23/Jan/2022:05:59:01 +0100] "GET /usa-clock-by-cbkreation-p-42910.html HTTP/1.0" 301 73421 "-" "Mozilla/5.0 (compatible; MJ12bot/v1.4.8; http://mj12bot.com/)"
154.54.249.198 - - [23/Jan/2022:05:59:01 +0100] "GET /panda-white-women-shirt-p-31234.html HTTP/1.0" 200 75398 "-" "Mozilla/5.0 (compatible; Barkrowler/0.9; +https://babbar.tech/crawler)"
95.91.110.186 - - [23/Jan/2022:05:59:12 +0100] "GET /boho-clock-cbkreation-p-42910.html HTTP/1.0" 200 73333 "-" "Mozilla/5.0 (compatible; MJ12bot/v1.4.8; http://mj12bot.com/)"
216.244.66.242 - - [23/Jan/2022:05:59:17 +0100] "GET /sainte-sara-prayer-candle-novena-p-44426.html HTTP/1.0" 200 74204 "-" "Mozilla/5.0 (compatible; DotBot/1.2; +https://opensiteexplorer.org/dotbot; help@moz.com)"
154.54.249.198 - - [23/Jan/2022:05:59:19 +0100] "GET /panda-bedclothes-p-49147.html HTTP/1.0" 200 70798 "-" "Mozilla/5.0 (compatible; Barkrowler/0.9; +https://babbar.tech/crawler)"
95.91.110.186 - - [23/Jan/2022:05:59:25 +0100] "GET /usa-cushion-cbkreation-p-16241.html HTTP/1.0" 301 70851 "-" "Mozilla/5.0 (compatible; MJ12bot/v1.4.8; http://mj12bot.com/)"
95.91.110.186 - - [23/Jan/2022:05:59:34 +0100] "GET /cushion-cbkreation-p-16241.html HTTP/1.0" 200 70766 "-" "Mozilla/5.0 (compatible; MJ12bot/v1.4.8; http://mj12bot.com/)"
154.54.249.198 - - [23/Jan/2022:05:59:35 +0100] "GET /panda-sitting-plush-p-33443.html HTTP/1.0" 200 73483 "-" "Mozilla/5.0 (compatible; Barkrowler/0.9; +https://babbar.tech/crawler)"
54.36.148.243 - - [23/Jan/2022:05:59:42 +0100] "GET /knight-chess-piece-silver-p-49291.html HTTP/1.0" 200 74415 "-" "Mozilla/5.0 (compatible; AhrefsBot/7.0; +http://ahrefs.com/robot/)"
95.91.110.186 - - [23/Jan/2022:05:59:43 +0100] "GET /usa-cushion-p-16240.html HTTP/1.0" 301 70851 "-" "Mozilla/5.0 (compatible; MJ12bot/v1.4.8; http://mj12bot.com/)"
193.177.162.34 - - [23/Jan/2022:05:59:46 +0100] "GET /images/mini_prod/3661443612495.jpg HTTP/1.0" 200 269 "-" "Mozilla/5.0 (X11; Ubuntu; Linux x86_64; rv:72.0) Gecko/20100101 Firefox/72.0"
51.68.224.127 - - [23/Jan/2022:05:59:51 +0100] "GET /adminweb/export_orders_xml.php?token=256de2z6edz6ed2z6DFSFsed2zed6zeDSFDSGdzedezfzf&maxorders=10&orderstart=1&status=14&start_date=2018-10-01 HTTP/1.0" 200 285 "-" "GesCom CharlotteBoutik Serveur"
51.68.224.127 - - [23/Jan/2022:05:59:51 +0100] "GET /adminweb/export_orders_xml.php?token=256de2z6edz6ed2z6DFSFsed2zed6zeDSFDSGdzedezfzf&maxorders=10&orderstart=1&status=6&start_date=2018-10-01 HTTP/1.0" 200 32795 "-" "GesCom CharlotteBoutik Serveur"
154.54.249.198 - - [23/Jan/2022:05:59:51 +0100] "GET /street-fighter-mousepad-p-16003.html HTTP/1.0" 200 73501 "-" "Mozilla/5.0 (compatible; Barkrowler/0.9; +https://babbar.tech/crawler)"
95.91.110.186 - - [23/Jan/2022:05:59:53 +0100] "GET /cushion-cbkreation-p-16240.html HTTP/1.0" 200 70766 "-" "Mozilla/5.0 (compatible; MJ12bot/v1.4.8; http://mj12bot.com/)"
157.55.39.122 - - [23/Jan/2022:05:59:56 +0100] "GET /che-guevara-mini-magnet-mirror-p-19667.html HTTP/1.0" 301 73548 "-" "Mozilla/5.0 (compatible; bingbot/2.0; +http://www.bing.com/bingbot.htm)"
114.119.128.26 - - [23/Jan/2022:06:00:05 +0100] "GET /riverdale-bear-tom-brown-28-cm-p-31711.html HTTP/1.0" 301 73631 "-" "Mozilla/5.0 (Linux; Android 7.0;) AppleWebKit/537.36 (KHTML, like Gecko) Mobile Safari/537.36 (compatible; PetalBot;+https://webmaster.petalsearch.com/site/petalbot)"
185.191.171.33 - - [23/Jan/2022:06:00:07 +0100] "GET /cats-figurines-black-flocked-resin-cats-wisdom-p-56905.html HTTP/1.0" 200 74879 "-" "Mozilla/5.0 (compatible; SemrushBot/7~bl; +http://www.semrush.com/bot.html)"
114.119.128.26 - - [23/Jan/2022:06:00:08 +0100] "GET /riverdale-bear-brown-p-31711.html HTTP/1.0" 200 73544 "-" "Mozilla/5.0 (Linux; Android 7.0;) AppleWebKit/537.36 (KHTML, like Gecko) Mobile Safari/537.36 (compatible; PetalBot;+https://webmaster.petalsearch.com/site/petalbot)"
154.54.249.198 - - [23/Jan/2022:06:00:09 +0100] "GET /delia-bedclothes-p-50788.html HTTP/1.0" 200 74383 "-" "Mozilla/5.0 (compatible; Barkrowler/0.9; +https://babbar.tech/crawler)"
95.91.110.186 - - [23/Jan/2022:06:00:15 +0100] "GET /usa-cushion-p-32882.html HTTP/1.0" 301 70785 "-" "Mozilla/5.0 (compatible; MJ12bot/v1.4.8; http://mj12bot.com/)"
95.91.110.186 - - [23/Jan/2022:06:00:22 +0100] "GET /-p-32882.html HTTP/1.0" 200 70718 "-" "Mozilla/5.0 (compatible; MJ12bot/v1.4.8; http://mj12bot.com/)"
154.54.249.198 - - [23/Jan/2022:06:00:28 +0100] "GET /magnet-grinning-tassen-p-47557.html HTTP/1.0" 301 74519 "-" "Mozilla/5.0 (compatible; Barkrowler/0.9; +https://babbar.tech/crawler)"
95.91.110.186 - - [23/Jan/2022:06:00:31 +0100] "GET /usa-empire-flag-cushion-p-27464.html HTTP/1.0" 301 70785 "-" "Mozilla/5.0 (compatible; MJ12bot/v1.4.8; http://mj12bot.com/)"
95.91.110.186 - - [23/Jan/2022:06:00:39 +0100] "GET /-p-27464.html HTTP/1.0" 200 70718 "-" "Mozilla/5.0 (compatible; MJ12bot/v1.4.8; http://mj12bot.com/)"
154.54.249.198 - - [23/Jan/2022:06:00:45 +0100] "GET /magnet-made-in-france-lavender-p-39446.html HTTP/1.0" 301 73584 "-" "Mozilla/5.0 (compatible; Barkrowler/0.9; +https://babbar.tech/crawler)"
95.91.110.186 - - [23/Jan/2022:06:00:47 +0100] "GET /usa-eyelets-sheer-white-p-28541.html HTTP/1.0" 301 70785 "-" "Mozilla/5.0 (compatible; MJ12bot/v1.4.8; http://mj12bot.com/)"
95.91.110.186 - - [23/Jan/2022:06:00:59 +0100] "GET /-p-28541.html HTTP/1.0" 200 70718 "-" "Mozilla/5.0 (compatible; MJ12bot/v1.4.8; http://mj12bot.com/)"
154.54.249.198 - - [23/Jan/2022:06:01:02 +0100] "GET /magnet-dreamy-tassen-p-47559.html HTTP/1.0" 200 74287 "-" "Mozilla/5.0 (compatible; Barkrowler/0.9; +https://babbar.tech/crawler)"
95.91.110.186 - - [23/Jan/2022:06:01:07 +0100] "GET /usa-flag-90-150-cm-p-29111.html HTTP/1.0" 301 73443 "-" "Mozilla/5.0 (compatible; MJ12bot/v1.4.8; http://mj12bot.com/)"
95.91.110.186 - - [23/Jan/2022:06:01:16 +0100] "GET /flag-p-29111.html HTTP/1.0" 200 73372 "-" "Mozilla/5.0 (compatible; MJ12bot/v1.4.8; http://mj12bot.com/)"
154.54.249.198 - - [23/Jan/2022:06:01:18 +0100] "GET /magnet-made-france-lavender-p-39446.html HTTP/1.0" 200 73490 "-" "Mozilla/5.0 (compatible; Barkrowler/0.9; +https://babbar.tech/crawler)"
95.91.110.186 - - [23/Jan/2022:06:01:26 +0100] "GET /usa-flag-compact-mirror-p-26192.html HTTP/1.0" 301 73551 "-" "Mozilla/5.0 (compatible; MJ12bot/v1.4.8; http://mj12bot.com/)"
95.91.110.186 - - [23/Jan/2022:06:01:32 +0100] "GET /flag-compact-mirror-p-26192.html HTTP/1.0" 200 73465 "-" "Mozilla/5.0 (compatible; MJ12bot/v1.4.8; http://mj12bot.com/)"
178.159.37.159 - - [23/Jan/2022:06:01:36 +0100] "GET /contact_us.php HTTP/1.0" 301 539 "http://wonder-geek.com/contact_us.php" "Mozilla/5.0 (Windows NT 6.1; WOW64) AppleWebKit/537.36 (KHTML, like Gecko) Chrome/90.0.4430.93 Safari/537.36"
154.54.249.198 - - [23/Jan/2022:06:01:34 +0100] "GET /magnet-maman-fminin-p-57085.html HTTP/1.0" 200 73957 "-" "Mozilla/5.0 (compatible; Barkrowler/0.9; +https://babbar.tech/crawler)"
178.159.37.159 - - [23/Jan/2022:06:01:36 +0100] "GET /contact_us.php HTTP/1.0" 200 26238 "http://www.wonder-geek.com/contact_us.php" "Mozilla/5.0 (Windows NT 6.1; WOW64) AppleWebKit/537.36 (KHTML, like Gecko) Chrome/90.0.4430.93 Safari/537.36"
95.91.110.186 - - [23/Jan/2022:06:01:40 +0100] "GET /usa-flag-cushion-p-27053.html HTTP/1.0" 301 70785 "-" "Mozilla/5.0 (compatible; MJ12bot/v1.4.8; http://mj12bot.com/)"
95.91.110.186 - - [23/Jan/2022:06:01:47 +0100] "GET /-p-27053.html HTTP/1.0" 200 70718 "-" "Mozilla/5.0 (compatible; MJ12bot/v1.4.8; http://mj12bot.com/)"
154.54.249.198 - - [23/Jan/2022:06:01:51 +0100] "GET /magnet-maman-super-maman-p-57083.html HTTP/1.0" 200 74045 "-" "Mozilla/5.0 (compatible; Barkrowler/0.9; +https://babbar.tech/crawler)"
54.36.148.243 - - [23/Jan/2022:06:01:54 +0100] "GET /iron-ganesh-votive-candle-holder-p-50599.html HTTP/1.0" 200 74167 "-" "Mozilla/5.0 (compatible; AhrefsBot/7.0; +http://ahrefs.com/robot/)"
95.91.110.186 - - [23/Jan/2022:06:01:57 +0100] "GET /usa-freedom-bedclothes-140-200-cm-p-26085.html HTTP/1.0" 301 70785 "-" "Mozilla/5.0 (compatible; MJ12bot/v1.4.8; http://mj12bot.com/)"
95.91.110.186 - - [23/Jan/2022:06:02:04 +0100] "GET /-p-26085.html HTTP/1.0" 200 70718 "-" "Mozilla/5.0 (compatible; MJ12bot/v1.4.8; http://mj12bot.com/)"
154.54.249.198 - - [23/Jan/2022:06:02:07 +0100] "GET /magnet-kissing-tassen-p-47560.html HTTP/1.0" 200 74298 "-" "Mozilla/5.0 (compatible; Barkrowler/0.9; +https://babbar.tech/crawler)"
185.191.171.7 - - [23/Jan/2022:06:02:08 +0100] "GET /gorjuss-sparkle-an-bloom-zip-rucksack-cherry-blossom-p-52375.html HTTP/1.0" 301 74719 "-" "Mozilla/5.0 (compatible; SemrushBot/7~bl; +http://www.semrush.com/bot.html)"
185.191.171.6 - - [23/Jan/2022:06:02:12 +0100] "GET /gorjuss-sparkle-bloom-rucksack-cherry-blossom-p-52375.html HTTP/1.0" 200 74607 "-" "Mozilla/5.0 (compatible; SemrushBot/7~bl; +http://www.semrush.com/bot.html)"
95.91.110.186 - - [23/Jan/2022:06:02:14 +0100] "GET /usa-guitar-small-photo-frame-p-33041.html HTTP/1.0" 301 70785 "-" "Mozilla/5.0 (compatible; MJ12bot/v1.4.8; http://mj12bot.com/)"
95.91.110.186 - - [23/Jan/2022:06:02:22 +0100] "GET /-p-33041.html HTTP/1.0" 200 70718 "-" "Mozilla/5.0 (compatible; MJ12bot/v1.4.8; http://mj12bot.com/)"
154.54.249.198 - - [23/Jan/2022:06:02:24 +0100] "GET /orange-adult-cotton-apron-p-44334.html HTTP/1.0" 200 73329 "-" "Mozilla/5.0 (compatible; Barkrowler/0.9; +https://babbar.tech/crawler)"
95.91.110.186 - - [23/Jan/2022:06:02:27 +0100] "GET /usa-ricain-eyelets-blackout-curtain-p-27498.html HTTP/1.0" 301 70785 "-" "Mozilla/5.0 (compatible; MJ12bot/v1.4.8; http://mj12bot.com/)"
95.91.110.186 - - [23/Jan/2022:06:02:36 +0100] "GET /-p-27498.html HTTP/1.0" 200 70718 "-" "Mozilla/5.0 (compatible; MJ12bot/v1.4.8; http://mj12bot.com/)"
154.54.249.198 - - [23/Jan/2022:06:02:41 +0100] "GET /orange-adult-cotton-apron-p-44335.html HTTP/1.0" 200 73329 "-" "Mozilla/5.0 (compatible; Barkrowler/0.9; +https://babbar.tech/crawler)"
95.91.110.186 - - [23/Jan/2022:06:02:45 +0100] "GET /vaiana-poster-61-91-cm-p-40782.html HTTP/1.0" 301 70887 "-" "Mozilla/5.0 (compatible; MJ12bot/v1.4.8; http://mj12bot.com/)"
178.159.37.159 - - [23/Jan/2022:06:02:49 +0100] "POST /contact_us.php?action=send HTTP/1.0" 302 488 "http://www.wonder-geek.com/contact_us.php" "Mozilla/5.0 (Windows NT 6.1; WOW64) AppleWebKit/537.36 (KHTML, like Gecko) Chrome/90.0.4430.93 Safari/537.36"
178.159.37.159 - - [23/Jan/2022:06:02:50 +0100] "GET /contact_us.php?action=success HTTP/1.0" 200 13474 "http://www.wonder-geek.com/contact_us.php?action=success" "Mozilla/5.0 (Windows NT 6.1; WOW64) AppleWebKit/537.36 (KHTML, like Gecko) Chrome/90.0.4430.93 Safari/537.36"
178.159.37.159 - - [23/Jan/2022:06:02:50 +0100] "GET /login.php HTTP/1.0" 200 17152 "http://www.wonder-geek.com/login.php" "Mozilla/5.0 (Windows NT 6.1; WOW64) AppleWebKit/537.36 (KHTML, like Gecko) Chrome/90.0.4430.93 Safari/537.36"
178.159.37.159 - - [23/Jan/2022:06:02:50 +0100] "POST /login.php?action=process HTTP/1.0" 200 17656 "http://www.wonder-geek.com/login.php" "Mozilla/5.0 (Windows NT 6.1; WOW64) AppleWebKit/537.36 (KHTML, like Gecko) Chrome/90.0.4430.93 Safari/537.36"
178.159.37.159 - - [23/Jan/2022:06:02:51 +0100] "GET /contact_us.php HTTP/1.0" 200 26238 "http://www.wonder-geek.com/contact_us.php" "Mozilla/5.0 (Windows NT 6.1; WOW64) AppleWebKit/537.36 (KHTML, like Gecko) Chrome/90.0.4430.93 Safari/537.36"
114.119.128.37 - - [23/Jan/2022:06:02:51 +0100] "GET /wooden-memo-board-la-vie-est-belle-p-43095.html HTTP/1.0" 301 70785 "-" "Mozilla/5.0 (Linux; Android 7.0;) AppleWebKit/537.36 (KHTML, like Gecko) Mobile Safari/537.36 (compatible; PetalBot;+https://webmaster.petalsearch.com/site/petalbot)"
95.91.110.186 - - [23/Jan/2022:06:02:54 +0100] "GET /vaiana-poster-p-40782.html HTTP/1.0" 200 70807 "-" "Mozilla/5.0 (compatible; MJ12bot/v1.4.8; http://mj12bot.com/)"
114.119.128.37 - - [23/Jan/2022:06:02:55 +0100] "GET /-p-43095.html HTTP/1.0" 200 70718 "-" "Mozilla/5.0 (Linux; Android 7.0;) AppleWebKit/537.36 (KHTML, like Gecko) Mobile Safari/537.36 (compatible; PetalBot;+https://webmaster.petalsearch.com/site/petalbot)"
154.54.249.198 - - [23/Jan/2022:06:02:58 +0100] "GET /multicolored-elephant-money-p-54867.html HTTP/1.0" 200 74282 "-" "Mozilla/5.0 (compatible; Barkrowler/0.9; +https://babbar.tech/crawler)"
95.91.110.186 - - [23/Jan/2022:06:03:02 +0100] "GET /vaiana-poster-61-91-cm-p-40783.html HTTP/1.0" 301 70887 "-" "Mozilla/5.0 (compatible; MJ12bot/v1.4.8; http://mj12bot.com/)"
95.91.110.186 - - [23/Jan/2022:06:03:10 +0100] "GET /vaiana-poster-p-40783.html HTTP/1.0" 200 70807 "-" "Mozilla/5.0 (compatible; MJ12bot/v1.4.8; http://mj12bot.com/)"
154.54.249.198 - - [23/Jan/2022:06:03:15 +0100] "GET /multicolored-bull-money-p-54869.html HTTP/1.0" 200 74230 "-" "Mozilla/5.0 (compatible; Barkrowler/0.9; +https://babbar.tech/crawler)"
95.91.110.186 - - [23/Jan/2022:06:03:18 +0100] "GET /vaiana-poster-p-40782.html HTTP/1.0" 200 70807 "-" "Mozilla/5.0 (compatible; MJ12bot/v1.4.8; http://mj12bot.com/)"
40.77.167.47 - - [23/Jan/2022:06:03:27 +0100] "GET /images/med_prod/1341689806514.jpg HTTP/1.0" 200 268 "-" "Mozilla/5.0 (compatible; bingbot/2.0; +http://www.bing.com/bingbot.htm)"
95.91.110.186 - - [23/Jan/2022:06:03:31 +0100] "GET /vaiana-poster-p-40783.html HTTP/1.0" 200 70807 "-" "Mozilla/5.0 (compatible; MJ12bot/v1.4.8; http://mj12bot.com/)"
154.54.249.198 - - [23/Jan/2022:06:03:34 +0100] "GET /city-with-infuser-model-p-54149.html HTTP/1.0" 200 73430 "-" "Mozilla/5.0 (compatible; Barkrowler/0.9; +https://babbar.tech/crawler)"
95.91.110.186 - - [23/Jan/2022:06:03:38 +0100] "GET /valdavia-door-mat-coconut-fiber-p-41798.html HTTP/1.0" 301 70785 "-" "Mozilla/5.0 (compatible; MJ12bot/v1.4.8; http://mj12bot.com/)"
95.91.110.186 - - [23/Jan/2022:06:03:49 +0100] "GET /-p-41798.html HTTP/1.0" 200 70718 "-" "Mozilla/5.0 (compatible; MJ12bot/v1.4.8; http://mj12bot.com/)"
154.54.249.198 - - [23/Jan/2022:06:03:50 +0100] "GET /city-with-infuser-model-p-54154.html HTTP/1.0" 200 73425 "-" "Mozilla/5.0 (compatible; Barkrowler/0.9; +https://babbar.tech/crawler)"
95.91.110.186 - - [23/Jan/2022:06:03:55 +0100] "GET /valencia-bedclothes-220-240-cm-p-43659.html HTTP/1.0" 301 70785 "-" "Mozilla/5.0 (compatible; MJ12bot/v1.4.8; http://mj12bot.com/)"
95.91.110.186 - - [23/Jan/2022:06:04:05 +0100] "GET /-p-43659.html HTTP/1.0" 200 70718 "-" "Mozilla/5.0 (compatible; MJ12bot/v1.4.8; http://mj12bot.com/)"
154.54.249.198 - - [23/Jan/2022:06:04:07 +0100] "GET /katy-phone-cover-iphone-p-16764.html HTTP/1.0" 200 74079 "-" "Mozilla/5.0 (compatible; Barkrowler/0.9; +https://babbar.tech/crawler)"
95.91.110.186 - - [23/Jan/2022:06:04:12 +0100] "GET /valencia-bedclothes-p-43659.html HTTP/1.0" 301 70785 "-" "Mozilla/5.0 (compatible; MJ12bot/v1.4.8; http://mj12bot.com/)"
185.191.171.7 - - [23/Jan/2022:06:04:21 +0100] "GET /pencil-cbkreation-p-41506.html HTTP/1.0" 200 73386 "-" "Mozilla/5.0 (compatible; SemrushBot/7~bl; +http://www.semrush.com/bot.html)"
95.91.110.186 - - [23/Jan/2022:06:04:21 +0100] "GET /-p-43659.html HTTP/1.0" 200 70718 "-" "Mozilla/5.0 (compatible; MJ12bot/v1.4.8; http://mj12bot.com/)"
154.54.249.198 - - [23/Jan/2022:06:04:23 +0100] "GET /companion-wallet-c-31_238.html?page=3 HTTP/1.0" 200 80921 "-" "Mozilla/5.0 (compatible; Barkrowler/0.9; +https://babbar.tech/crawler)"
40.77.167.47 - - [23/Jan/2022:06:04:28 +0100] "GET /wood-craft-ashtray-with-mother-pearl-inclusions-p-50593.html HTTP/1.0" 200 74380 "-" "Mozilla/5.0 (compatible; bingbot/2.0; +http://www.bing.com/bingbot.htm)"
54.36.148.243 - - [23/Jan/2022:06:04:29 +0100] "GET /dishes-c-12.html?page=140 HTTP/1.0" 200 92917 "-" "Mozilla/5.0 (compatible; AhrefsBot/7.0; +http://ahrefs.com/robot/)"
95.91.110.186 - - [23/Jan/2022:06:04:29 +0100] "GET /van-door-mat-coconut-fiber-p-41723.html HTTP/1.0" 301 70914 "-" "Mozilla/5.0 (compatible; MJ12bot/v1.4.8; http://mj12bot.com/)"
95.91.110.186 - - [23/Jan/2022:06:04:39 +0100] "GET /door-coconut-fiber-p-41723.html HTTP/1.0" 200 70829 "-" "Mozilla/5.0 (compatible; MJ12bot/v1.4.8; http://mj12bot.com/)"
154.54.249.198 - - [23/Jan/2022:06:04:40 +0100] "GET /companion-wallet-c-31_238.html?page=2 HTTP/1.0" 200 92230 "-" "Mozilla/5.0 (compatible; Barkrowler/0.9; +https://babbar.tech/crawler)"
95.91.110.186 - - [23/Jan/2022:06:04:49 +0100] "GET /van-door-mat-coconut-fiber-p-41724.html HTTP/1.0" 301 70914 "-" "Mozilla/5.0 (compatible; MJ12bot/v1.4.8; http://mj12bot.com/)"
95.91.110.186 - - [23/Jan/2022:06:04:56 +0100] "GET /door-coconut-fiber-p-41724.html HTTP/1.0" 200 70829 "-" "Mozilla/5.0 (compatible; MJ12bot/v1.4.8; http://mj12bot.com/)"
154.54.249.198 - - [23/Jan/2022:06:04:58 +0100] "GET /companion-wallet-c-31_238.html?page=1 HTTP/1.0" 200 91398 "-" "Mozilla/5.0 (compatible; Barkrowler/0.9; +https://babbar.tech/crawler)"
95.91.110.186 - - [23/Jan/2022:06:05:05 +0100] "GET /van-gogh-iris-adult-apron-p-47667.html HTTP/1.0" 301 73420 "-" "Mozilla/5.0 (compatible; MJ12bot/v1.4.8; http://mj12bot.com/)"
95.91.110.186 - - [23/Jan/2022:06:05:13 +0100] "GET /gogh-iris-adult-apron-p-47667.html HTTP/1.0" 200 73332 "-" "Mozilla/5.0 (compatible; MJ12bot/v1.4.8; http://mj12bot.com/)"
154.54.249.198 - - [23/Jan/2022:06:05:14 +0100] "GET /fir-green-lampshade-p-53343.html HTTP/1.0" 301 70858 "-" "Mozilla/5.0 (compatible; Barkrowler/0.9; +https://babbar.tech/crawler)"
185.191.171.20 - - [23/Jan/2022:06:05:17 +0100] "GET /angry-birds-beach-towel-p-29468.html HTTP/1.0" 301 70785 "-" "Mozilla/5.0 (compatible; SemrushBot/7~bl; +http://www.semrush.com/bot.html)"
185.191.171.12 - - [23/Jan/2022:06:05:19 +0100] "GET /-p-29468.html HTTP/1.0" 200 70718 "-" "Mozilla/5.0 (compatible; SemrushBot/7~bl; +http://www.semrush.com/bot.html)"
95.91.110.186 - - [23/Jan/2022:06:05:21 +0100] "GET /van-gogh-iris-eyeglass-case-p-47644.html HTTP/1.0" 301 73471 "-" "Mozilla/5.0 (compatible; MJ12bot/v1.4.8; http://mj12bot.com/)"
185.191.171.36 - - [23/Jan/2022:06:05:22 +0100] "GET /wooden-cellar-gisele-p-52711.html HTTP/1.0" 200 74543 "-" "Mozilla/5.0 (compatible; SemrushBot/7~bl; +http://www.semrush.com/bot.html)"
95.91.110.186 - - [23/Jan/2022:06:05:29 +0100] "GET /gogh-iris-eyeglass-case-p-47644.html HTTP/1.0" 200 73381 "-" "Mozilla/5.0 (compatible; MJ12bot/v1.4.8; http://mj12bot.com/)"
154.54.249.198 - - [23/Jan/2022:06:05:32 +0100] "GET /light-brown-fitted-sheet-p-39683.html HTTP/1.0" 200 74043 "-" "Mozilla/5.0 (compatible; Barkrowler/0.9; +https://babbar.tech/crawler)"
114.119.128.40 - - [23/Jan/2022:06:05:34 +0100] "GET /decorative-door-sticker-p-51531.html HTTP/1.0" 200 74219 "-" "Mozilla/5.0 (Linux; Android 7.0;) AppleWebKit/537.36 (KHTML, like Gecko) Mobile Safari/537.36 (compatible; PetalBot;+https://webmaster.petalsearch.com/site/petalbot)"
40.77.167.47 - - [23/Jan/2022:06:05:38 +0100] "GET /surfboard-ceramic-magnet-p-42057.html HTTP/1.0" 200 74289 "-" "Mozilla/5.0 (compatible; bingbot/2.0; +http://www.bing.com/bingbot.htm)"
95.91.110.186 - - [23/Jan/2022:06:05:40 +0100] "GET /van-gogh-nuit-toilee-adult-apron-p-47665.html HTTP/1.0" 301 74085 "-" "Mozilla/5.0 (compatible; MJ12bot/v1.4.8; http://mj12bot.com/)"
95.91.110.186 - - [23/Jan/2022:06:05:49 +0100] "GET /gogh-nuit-toile-adult-apron-p-47665.html HTTP/1.0" 200 73991 "-" "Mozilla/5.0 (compatible; MJ12bot/v1.4.8; http://mj12bot.com/)"
154.54.249.198 - - [23/Jan/2022:06:05:49 +0100] "GET /light-brown-fitted-sheet-p-41414.html HTTP/1.0" 200 73470 "-" "Mozilla/5.0 (compatible; Barkrowler/0.9; +https://babbar.tech/crawler)"
95.91.110.186 - - [23/Jan/2022:06:06:00 +0100] "GET /van-gogh-tournesols-adult-apron-p-47664.html HTTP/1.0" 301 73450 "-" "Mozilla/5.0 (compatible; MJ12bot/v1.4.8; http://mj12bot.com/)"
185.191.171.7 - - [23/Jan/2022:06:06:04 +0100] "GET /jasmin-companion-portfolio-p-44295.html?action=add_product HTTP/1.0" 302 476 "-" "Mozilla/5.0 (compatible; SemrushBot/7~bl; +http://www.semrush.com/bot.html)"
154.54.249.198 - - [23/Jan/2022:06:06:06 +0100] "GET /light-grey-lampshade-p-56444.html HTTP/1.0" 200 73435 "-" "Mozilla/5.0 (compatible; Barkrowler/0.9; +https://babbar.tech/crawler)"
95.91.110.186 - - [23/Jan/2022:06:06:07 +0100] "GET /gogh-tournesols-adult-apron-p-47664.html HTTP/1.0" 200 73356 "-" "Mozilla/5.0 (compatible; MJ12bot/v1.4.8; http://mj12bot.com/)"
95.91.110.186 - - [23/Jan/2022:06:06:16 +0100] "GET /vanity-beauty-bags-c-31_78.html?page=1 HTTP/1.0" 200 81428 "-" "Mozilla/5.0 (compatible; MJ12bot/v1.4.8; http://mj12bot.com/)"
154.54.249.198 - - [23/Jan/2022:06:06:23 +0100] "GET /light-grey-fitted-sheet-p-41416.html HTTP/1.0" 200 74283 "-" "Mozilla/5.0 (compatible; Barkrowler/0.9; +https://babbar.tech/crawler)"
95.91.110.186 - - [23/Jan/2022:06:06:24 +0100] "GET /vanity-beauty-bags-c-31_78.html?page=10 HTTP/1.0" 200 81429 "-" "Mozilla/5.0 (compatible; MJ12bot/v1.4.8; http://mj12bot.com/)"
95.91.110.186 - - [23/Jan/2022:06:06:32 +0100] "GET /vanity-beauty-bags-c-31_78.html?page=9 HTTP/1.0" 200 81428 "-" "Mozilla/5.0 (compatible; MJ12bot/v1.4.8; http://mj12bot.com/)"
54.36.148.243 - - [23/Jan/2022:06:06:35 +0100] "GET /decorative-brass-alidade-p-41505.html HTTP/1.0" 200 73419 "-" "Mozilla/5.0 (compatible; AhrefsBot/7.0; +http://ahrefs.com/robot/)"
154.54.249.198 - - [23/Jan/2022:06:06:39 +0100] "GET /light-grey-fitted-sheet-p-41413.html HTTP/1.0" 200 73462 "-" "Mozilla/5.0 (compatible; Barkrowler/0.9; +https://babbar.tech/crawler)"
95.91.110.186 - - [23/Jan/2022:06:06:41 +0100] "GET /vanity-beauty-bags-c-78.html?page=1 HTTP/1.0" 301 81362 "-" "Mozilla/5.0 (compatible; MJ12bot/v1.4.8; http://mj12bot.com/)"
95.91.110.186 - - [23/Jan/2022:06:06:47 +0100] "GET /vanity-beauty-bags-c-31_78.html?page=1 HTTP/1.0" 200 81428 "-" "Mozilla/5.0 (compatible; MJ12bot/v1.4.8; http://mj12bot.com/)"
157.55.39.62 - - [23/Jan/2022:06:06:51 +0100] "GET /images/mini_prod/8424346042944.jpg HTTP/1.0" 200 269 "-" "Mozilla/5.0 (compatible; bingbot/2.0; +http://www.bing.com/bingbot.htm)"
95.91.110.186 - - [23/Jan/2022:06:06:54 +0100] "GET /vanity-case-laissez-lucie-faire-aladin-p-49025.html HTTP/1.0" 200 70846 "-" "Mozilla/5.0 (compatible; MJ12bot/v1.4.8; http://mj12bot.com/)"
154.54.249.198 - - [23/Jan/2022:06:06:55 +0100] "GET /light-bulb-amber-loop-p-42507.html HTTP/1.0" 200 74013 "-" "Mozilla/5.0 (compatible; Barkrowler/0.9; +https://babbar.tech/crawler)"
95.91.110.186 - - [23/Jan/2022:06:07:00 +0100] "GET /vanity-case-laissez-lucie-faire-wendy-p-49026.html HTTP/1.0" 200 70844 "-" "Mozilla/5.0 (compatible; MJ12bot/v1.4.8; http://mj12bot.com/)"
95.91.110.186 - - [23/Jan/2022:06:07:06 +0100] "GET /vanity-case-laissez-lucie-faire-zeke-p-49027.html HTTP/1.0" 200 70842 "-" "Mozilla/5.0 (compatible; MJ12bot/v1.4.8; http://mj12bot.com/)"
154.54.249.198 - - [23/Jan/2022:06:07:12 +0100] "GET /light-bulb-amber-loop-p-42506.html HTTP/1.0" 200 70816 "-" "Mozilla/5.0 (compatible; Barkrowler/0.9; +https://babbar.tech/crawler)"
95.91.110.186 - - [23/Jan/2022:06:07:14 +0100] "GET /vendee-flag-60-90-cm-p-41713.html HTTP/1.0" 301 70875 "-" "Mozilla/5.0 (compatible; MJ12bot/v1.4.8; http://mj12bot.com/)"
17.121.114.68 - - [23/Jan/2022:06:07:16 +0100] "GET /fragrance-case-cabinet-diffuser-c-231_228.html HTTP/1.0" 200 90546 "-" "Mozilla/5.0 (Macintosh; Intel Mac OS X 10_15_5) AppleWebKit/605.1.15 (KHTML, like Gecko) Version/13.1.1 Safari/605.1.15 (Applebot/0.1; +http://www.apple.com/go/applebot)"
95.91.110.186 - - [23/Jan/2022:06:07:22 +0100] "GET /vendee-flag-p-41713.html HTTP/1.0" 200 70797 "-" "Mozilla/5.0 (compatible; MJ12bot/v1.4.8; http://mj12bot.com/)"
17.121.114.12 - - [23/Jan/2022:06:07:27 +0100] "GET /images/3700653502087.jpg HTTP/1.0" 200 259 "-" "Mozilla/5.0 (Macintosh; Intel Mac OS X 10_15_5) AppleWebKit/605.1.15 (KHTML, like Gecko) Version/13.1.1 Safari/605.1.15 (Applebot/0.1; +http://www.apple.com/go/applebot)"
154.54.249.198 - - [23/Jan/2022:06:07:28 +0100] "GET /cherries-grey-bowl-p-34517.html HTTP/1.0" 200 70799 "-" "Mozilla/5.0 (compatible; Barkrowler/0.9; +https://babbar.tech/crawler)"
95.91.110.186 - - [23/Jan/2022:06:07:29 +0100] "GET /vendee-flag-p-41713.html HTTP/1.0" 200 70797 "-" "Mozilla/5.0 (compatible; MJ12bot/v1.4.8; http://mj12bot.com/)"
95.91.110.186 - - [23/Jan/2022:06:07:39 +0100] "GET /verity-rose-bonne-copine-p-29968.html HTTP/1.0" 200 70847 "-" "Mozilla/5.0 (compatible; MJ12bot/v1.4.8; http://mj12bot.com/)"
154.54.249.198 - - [23/Jan/2022:06:07:44 +0100] "GET /cherries-butter-dish-p-38023.html HTTP/1.0" 200 73333 "-" "Mozilla/5.0 (compatible; Barkrowler/0.9; +https://babbar.tech/crawler)"
95.91.110.186 - - [23/Jan/2022:06:07:46 +0100] "GET /verity-rose-destiny-magnetic-photo-frame-p-29146.html HTTP/1.0" 301 70785 "-" "Mozilla/5.0 (compatible; MJ12bot/v1.4.8; http://mj12bot.com/)"
95.91.110.186 - - [23/Jan/2022:06:07:55 +0100] "GET /-p-29146.html HTTP/1.0" 200 70718 "-" "Mozilla/5.0 (compatible; MJ12bot/v1.4.8; http://mj12bot.com/)"
157.55.39.122 - - [23/Jan/2022:06:07:58 +0100] "GET /decoration-protection-animal-iphone-cable-p-47280.html HTTP/1.0" 200 77513 "-" "Mozilla/5.0 (compatible; bingbot/2.0; +http://www.bing.com/bingbot.htm)"
154.54.249.198 - - [23/Jan/2022:06:08:01 +0100] "GET /cherries-sponge-holder-p-34500.html HTTP/1.0" 200 73349 "-" "Mozilla/5.0 (compatible; Barkrowler/0.9; +https://babbar.tech/crawler)"
95.91.110.186 - - [23/Jan/2022:06:08:03 +0100] "GET /verity-rose-fille-amour-p-29965.html HTTP/1.0" 200 70857 "-" "Mozilla/5.0 (compatible; MJ12bot/v1.4.8; http://mj12bot.com/)"
185.191.171.8 - - [23/Jan/2022:06:08:06 +0100] "GET /-p-29771.html?action=add_product HTTP/1.0" 302 476 "-" "Mozilla/5.0 (compatible; SemrushBot/7~bl; +http://www.semrush.com/bot.html)"
114.119.128.253 - - [23/Jan/2022:06:08:12 +0100] "GET /images/big_prod/4012390388305.jpg HTTP/1.0" 200 268 "-" "Mozilla/5.0 (Linux; Android 7.0;) AppleWebKit/537.36 (KHTML, like Gecko) Mobile Safari/537.36 (compatible; PetalBot;+https://webmaster.petalsearch.com/site/petalbot)"
95.91.110.186 - - [23/Jan/2022:06:08:11 +0100] "GET /verity-rose-gift-card-p-29161.html HTTP/1.0" 200 70814 "-" "Mozilla/5.0 (compatible; MJ12bot/v1.4.8; http://mj12bot.com/)"
185.191.171.35 - - [23/Jan/2022:06:08:16 +0100] "GET /beige-and-white-piggy-bank-p-34686.html HTTP/1.0" 301 73451 "-" "Mozilla/5.0 (compatible; SemrushBot/7~bl; +http://www.semrush.com/bot.html)"
154.54.249.198 - - [23/Jan/2022:06:08:17 +0100] "GET /kori-kumi-glasses-p-30482.html HTTP/1.0" 200 73989 "-" "Mozilla/5.0 (compatible; Barkrowler/0.9; +https://babbar.tech/crawler)"
95.91.110.186 - - [23/Jan/2022:06:08:20 +0100] "GET /verity-rose-gift-card-p-29162.html HTTP/1.0" 200 70792 "-" "Mozilla/5.0 (compatible; MJ12bot/v1.4.8; http://mj12bot.com/)"
185.191.171.40 - - [23/Jan/2022:06:08:20 +0100] "GET /beige-white-piggy-bank-p-34686.html HTTP/1.0" 200 73362 "-" "Mozilla/5.0 (compatible; SemrushBot/7~bl; +http://www.semrush.com/bot.html)"
95.91.110.186 - - [23/Jan/2022:06:08:26 +0100] "GET /verity-rose-gift-card-p-29165.html HTTP/1.0" 200 70814 "-" "Mozilla/5.0 (compatible; MJ12bot/v1.4.8; http://mj12bot.com/)"
95.91.110.186 - - [23/Jan/2022:06:08:34 +0100] "GET /verity-rose-gift-card-p-29166.html HTTP/1.0" 200 70792 "-" "Mozilla/5.0 (compatible; MJ12bot/v1.4.8; http://mj12bot.com/)"
154.54.249.198 - - [23/Jan/2022:06:08:34 +0100] "GET /kori-kumi-vanity-p-30500.html HTTP/1.0" 200 74026 "-" "Mozilla/5.0 (compatible; Barkrowler/0.9; +https://babbar.tech/crawler)"
95.91.110.186 - - [23/Jan/2022:06:08:42 +0100] "GET /verity-rose-gift-card-p-29167.html HTTP/1.0" 301 70785 "-" "Mozilla/5.0 (compatible; MJ12bot/v1.4.8; http://mj12bot.com/)"
185.191.171.22 - - [23/Jan/2022:06:08:44 +0100] "GET /funky-bears-peace-silver-keychains-p-19195.html?action=add_product HTTP/1.0" 302 476 "-" "Mozilla/5.0 (compatible; SemrushBot/7~bl; +http://www.semrush.com/bot.html)"
95.91.110.186 - - [23/Jan/2022:06:08:48 +0100] "GET /-p-29167.html HTTP/1.0" 200 70718 "-" "Mozilla/5.0 (compatible; MJ12bot/v1.4.8; http://mj12bot.com/)"
154.54.249.198 - - [23/Jan/2022:06:08:51 +0100] "GET /star-wars-pencil-case-p-41164.html HTTP/1.0" 200 73521 "-" "Mozilla/5.0 (compatible; Barkrowler/0.9; +https://babbar.tech/crawler)"
185.191.171.26 - - [23/Jan/2022:06:08:53 +0100] "GET /-p-37345.html?action=add_product HTTP/1.0" 302 476 "-" "Mozilla/5.0 (compatible; SemrushBot/7~bl; +http://www.semrush.com/bot.html)"
95.91.110.186 - - [23/Jan/2022:06:08:56 +0100] "GET /verity-rose-gift-card-p-29168.html HTTP/1.0" 200 70814 "-" "Mozilla/5.0 (compatible; MJ12bot/v1.4.8; http://mj12bot.com/)"
54.36.148.243 - - [23/Jan/2022:06:08:59 +0100] "GET /bowl-happy-jade-inside-made-germany-p-53185.html HTTP/1.0" 200 74775 "-" "Mozilla/5.0 (compatible; AhrefsBot/7.0; +http://ahrefs.com/robot/)"
95.91.110.186 - - [23/Jan/2022:06:09:05 +0100] "GET /verity-rose-gift-card-p-29169.html HTTP/1.0" 301 70785 "-" "Mozilla/5.0 (compatible; MJ12bot/v1.4.8; http://mj12bot.com/)"
154.54.249.198 - - [23/Jan/2022:06:09:07 +0100] "GET /star-wars-lava-lamp-p-37618.html HTTP/1.0" 200 70784 "-" "Mozilla/5.0 (compatible; Barkrowler/0.9; +https://babbar.tech/crawler)"
95.91.110.186 - - [23/Jan/2022:06:09:13 +0100] "GET /-p-29169.html HTTP/1.0" 200 70718 "-" "Mozilla/5.0 (compatible; MJ12bot/v1.4.8; http://mj12bot.com/)"
95.91.110.186 - - [23/Jan/2022:06:09:20 +0100] "GET /verity-rose-gift-card-p-29170.html HTTP/1.0" 301 70785 "-" "Mozilla/5.0 (compatible; MJ12bot/v1.4.8; http://mj12bot.com/)"
154.54.249.198 - - [23/Jan/2022:06:09:23 +0100] "GET /star-wars-rebels-stickers-p-31214.html HTTP/1.0" 200 73429 "-" "Mozilla/5.0 (compatible; Barkrowler/0.9; +https://babbar.tech/crawler)"
95.91.110.186 - - [23/Jan/2022:06:09:30 +0100] "GET /-p-29170.html HTTP/1.0" 200 70718 "-" "Mozilla/5.0 (compatible; MJ12bot/v1.4.8; http://mj12bot.com/)"
95.91.110.186 - - [23/Jan/2022:06:09:38 +0100] "GET /verity-rose-hair-clips-p-29187.html HTTP/1.0" 200 70846 "-" "Mozilla/5.0 (compatible; MJ12bot/v1.4.8; http://mj12bot.com/)"
154.54.249.198 - - [23/Jan/2022:06:09:40 +0100] "GET /dragonflies-kitchen-towel-p-47525.html HTTP/1.0" 200 73359 "-" "Mozilla/5.0 (compatible; Barkrowler/0.9; +https://babbar.tech/crawler)"
95.91.110.186 - - [23/Jan/2022:06:09:48 +0100] "GET /verity-rose-hair-clips-p-29188.html HTTP/1.0" 200 70846 "-" "Mozilla/5.0 (compatible; MJ12bot/v1.4.8; http://mj12bot.com/)"
185.191.171.11 - - [23/Jan/2022:06:09:56 +0100] "GET /fish-figurine-in-wood-and-resin-p-48841.html HTTP/1.0" 301 70876 "-" "Mozilla/5.0 (compatible; SemrushBot/7~bl; +http://www.semrush.com/bot.html)"
154.54.249.198 - - [23/Jan/2022:06:09:56 +0100] "GET /monster-high-hair-clips-p-19418.html HTTP/1.0" 200 76128 "-" "Mozilla/5.0 (compatible; Barkrowler/0.9; +https://babbar.tech/crawler)"
95.91.110.186 - - [23/Jan/2022:06:10:01 +0100] "GET /verity-rose-hair-clips-retro-p-29183.html HTTP/1.0" 200 70876 "-" "Mozilla/5.0 (compatible; MJ12bot/v1.4.8; http://mj12bot.com/)"
95.91.110.186 - - [23/Jan/2022:06:10:09 +0100] "GET /verity-rose-hair-clips-retro-p-29184.html HTTP/1.0" 200 73457 "-" "Mozilla/5.0 (compatible; MJ12bot/v1.4.8; http://mj12bot.com/)"
154.54.249.198 - - [23/Jan/2022:06:10:13 +0100] "GET /monster-high-logo-keyring-p-17475.html HTTP/1.0" 200 73650 "-" "Mozilla/5.0 (compatible; Barkrowler/0.9; +https://babbar.tech/crawler)"
95.91.110.186 - - [23/Jan/2022:06:10:17 +0100] "GET /verity-rose-hair-clips-retro-p-29185.html HTTP/1.0" 200 70876 "-" "Mozilla/5.0 (compatible; MJ12bot/v1.4.8; http://mj12bot.com/)"
95.91.110.186 - - [23/Jan/2022:06:10:25 +0100] "GET /verity-rose-maman-merveilleuse-p-29963.html HTTP/1.0" 200 70889 "-" "Mozilla/5.0 (compatible; MJ12bot/v1.4.8; http://mj12bot.com/)"
154.54.249.198 - - [23/Jan/2022:06:10:30 +0100] "GET /monster-high-pencil-box-p-21803.html HTTP/1.0" 301 73578 "-" "Mozilla/5.0 (compatible; Barkrowler/0.9; +https://babbar.tech/crawler)"
95.91.110.186 - - [23/Jan/2022:06:10:34 +0100] "GET /verity-rose-meilleure-amie-p-29966.html HTTP/1.0" 200 70866 "-" "Mozilla/5.0 (compatible; MJ12bot/v1.4.8; http://mj12bot.com/)"
185.191.171.22 - - [23/Jan/2022:06:10:35 +0100] "GET /pepe-jeans-leather-wallet-black-p-38147.html?action=add_product HTTP/1.0" 302 476 "-" "Mozilla/5.0 (compatible; SemrushBot/7~bl; +http://www.semrush.com/bot.html)"
185.191.171.3 - - [23/Jan/2022:06:10:38 +0100] "GET /circle-coasters-starry-russian-doll-cbkreation-p-18471.html?action=add_product HTTP/1.0" 302 476 "-" "Mozilla/5.0 (compatible; SemrushBot/7~bl; +http://www.semrush.com/bot.html)"
95.91.110.186 - - [23/Jan/2022:06:10:41 +0100] "GET /verity-rose-moonstruck-magnetic-photo-frame-p-29149.html HTTP/1.0" 301 70785 "-" "Mozilla/5.0 (compatible; MJ12bot/v1.4.8; http://mj12bot.com/)"
154.54.249.198 - - [23/Jan/2022:06:10:46 +0100] "GET /monsters-academy-sports-bag-p-20874.html HTTP/1.0" 301 74349 "-" "Mozilla/5.0 (compatible; Barkrowler/0.9; +https://babbar.tech/crawler)"
95.91.110.186 - - [23/Jan/2022:06:10:49 +0100] "GET /-p-29149.html HTTP/1.0" 200 70718 "-" "Mozilla/5.0 (compatible; MJ12bot/v1.4.8; http://mj12bot.com/)"
159.138.102.98 - - [23/Jan/2022:06:10:56 +0100] "GET /small-wooden-towel-holder-hang-p-51019.html HTTP/1.0" 200 73493 "-" "Mozilla/5.0 (Linux; Android 7.0;) AppleWebKit/537.36 (KHTML, like Gecko) Mobile Safari/537.36 (compatible; PetalBot;+https://webmaster.petalsearch.com/site/petalbot)"
