185.191.171.10 - - [23/Jan/2022:22:04:55 +0100] "GET /metal-plate-p-37076.html?action=add_product HTTP/1.0" 302 476 "-" "Mozilla/5.0 (compatible; SemrushBot/7~bl; +http://www.semrush.com/bot.html)"
17.121.113.51 - - [23/Jan/2022:22:04:59 +0100] "GET /images/big_prod/1384010184745.jpg HTTP/1.0" 200 268 "-" "Mozilla/5.0 (Macintosh; Intel Mac OS X 10_15_5) AppleWebKit/605.1.15 (KHTML, like Gecko) Version/13.1.1 Safari/605.1.15 (Applebot/0.1; +http://www.apple.com/go/applebot)"
185.191.171.37 - - [23/Jan/2022:22:05:00 +0100] "GET /tisanire-cement-tiles-blue-beige-p-52870.html?action=add_product HTTP/1.0" 302 476 "-" "Mozilla/5.0 (compatible; SemrushBot/7~bl; +http://www.semrush.com/bot.html)"
17.121.113.51 - - [23/Jan/2022:22:05:11 +0100] "GET /images/big_prod/8422019067485.jpg HTTP/1.0" 200 268 "-" "Mozilla/5.0 (Macintosh; Intel Mac OS X 10_15_5) AppleWebKit/605.1.15 (KHTML, like Gecko) Version/13.1.1 Safari/605.1.15 (Applebot/0.1; +http://www.apple.com/go/applebot)"
54.36.148.243 - - [23/Jan/2022:22:05:10 +0100] "GET /buddhist-monk-indoor-mini-fountain-p-49604.html HTTP/1.0" 200 73689 "-" "Mozilla/5.0 (compatible; AhrefsBot/7.0; +http://ahrefs.com/robot/)"
185.191.171.19 - - [23/Jan/2022:22:05:46 +0100] "GET /zen-cushion-p-38297.html HTTP/1.0" 301 70785 "-" "Mozilla/5.0 (compatible; SemrushBot/7~bl; +http://www.semrush.com/bot.html)"
185.191.171.21 - - [23/Jan/2022:22:05:48 +0100] "GET /-p-38297.html HTTP/1.0" 200 70718 "-" "Mozilla/5.0 (compatible; SemrushBot/7~bl; +http://www.semrush.com/bot.html)"
17.121.112.81 - - [23/Jan/2022:22:05:50 +0100] "GET /images/big_prod_2/3609810059801b.jpg HTTP/1.0" 200 271 "-" "Mozilla/5.0 (Macintosh; Intel Mac OS X 10_15_5) AppleWebKit/605.1.15 (KHTML, like Gecko) Version/13.1.1 Safari/605.1.15 (Applebot/0.1; +http://www.apple.com/go/applebot)"
185.191.171.24 - - [23/Jan/2022:22:06:57 +0100] "GET /bodega-metal-p-39484.html?action=add_product HTTP/1.0" 302 476 "-" "Mozilla/5.0 (compatible; SemrushBot/7~bl; +http://www.semrush.com/bot.html)"
185.191.171.19 - - [23/Jan/2022:22:07:07 +0100] "GET /plush-keeleco-friendly-chimpanzee-p-51818.html HTTP/1.0" 200 70830 "-" "Mozilla/5.0 (compatible; SemrushBot/7~bl; +http://www.semrush.com/bot.html)"
40.77.167.47 - - [23/Jan/2022:22:07:12 +0100] "GET /coconut-fibers-doormat-orla-p-56985.html HTTP/1.0" 200 74299 "-" "Mozilla/5.0 (compatible; bingbot/2.0; +http://www.bing.com/bingbot.htm)"
54.36.148.243 - - [23/Jan/2022:22:07:50 +0100] "GET /giraffe-resin-statue-wood-look-p-54281.html HTTP/1.0" 200 74512 "-" "Mozilla/5.0 (compatible; AhrefsBot/7.0; +http://ahrefs.com/robot/)"
40.77.167.47 - - [23/Jan/2022:22:08:51 +0100] "GET /images/mini_prod/3700516225870.jpg HTTP/1.0" 200 269 "-" "Mozilla/5.0 (compatible; bingbot/2.0; +http://www.bing.com/bingbot.htm)"
166.88.17.238 - - [23/Jan/2022:22:08:57 +0100] "GET /images/mini_prod/3760116326421.jpg HTTP/1.0" 200 269 "-" "Mozilla/5.0 (X11; Ubuntu; Linux x86_64; rv:72.0) Gecko/20100101 Firefox/72.0"
17.121.114.87 - - [23/Jan/2022:22:08:56 +0100] "GET /card-holder-york-motor-p-46438.html HTTP/1.0" 200 74206 "-" "Mozilla/5.0 (Macintosh; Intel Mac OS X 10_15_5) AppleWebKit/605.1.15 (KHTML, like Gecko) Version/13.1.1 Safari/605.1.15 (Applebot/0.1; +http://www.apple.com/go/applebot)"
185.191.171.17 - - [23/Jan/2022:22:09:20 +0100] "GET /makeup-cabinet-with-music-frozen-p-51485.html HTTP/1.0" 200 74564 "-" "Mozilla/5.0 (compatible; SemrushBot/7~bl; +http://www.semrush.com/bot.html)"
185.191.171.10 - - [23/Jan/2022:22:09:36 +0100] "GET /klimt-fulfilment-candle-holder-p-53588.html HTTP/1.0" 200 74126 "-" "Mozilla/5.0 (compatible; SemrushBot/7~bl; +http://www.semrush.com/bot.html)"
147.92.153.17 - - [23/Jan/2022:22:10:07 +0100] "GET /angry-birds-pencil-sharpener-bright-p-19141.html HTTP/1.0" 200 73781 "-" "Mozilla/5.0 (compatible; Linespider/1.1; +https://lin.ee/4dwXkTH)"
77.88.5.243 - - [23/Jan/2022:22:10:10 +0100] "GET /robots.txt HTTP/1.0" 200 245 "-" "Mozilla/5.0 (compatible; YandexBot/3.0; +http://yandex.com/bots)"
77.88.5.243 - - [23/Jan/2022:22:10:13 +0100] "GET /harley-davidson-2004-dyna-super-glide-sport-p-30415.html HTTP/1.0" 200 73596 "-" "Mozilla/5.0 (compatible; YandexBot/3.0; +http://yandex.com/bots)"
185.191.171.26 - - [23/Jan/2022:22:10:32 +0100] "GET /lires-by-cbkreation-mug-p-14049.html HTTP/1.0" 301 73413 "-" "Mozilla/5.0 (compatible; SemrushBot/7~bl; +http://www.semrush.com/bot.html)"
54.36.148.243 - - [23/Jan/2022:22:10:34 +0100] "GET /heart-shaped-selenite-white-p-47022.html HTTP/1.0" 200 75050 "-" "Mozilla/5.0 (compatible; AhrefsBot/7.0; +http://ahrefs.com/robot/)"
185.191.171.18 - - [23/Jan/2022:22:10:35 +0100] "GET /lires-cbkreation-p-14049.html HTTP/1.0" 200 73330 "-" "Mozilla/5.0 (compatible; SemrushBot/7~bl; +http://www.semrush.com/bot.html)"
185.191.171.34 - - [23/Jan/2022:22:10:39 +0100] "GET /rodin-secret-figurine-p-56858.html?action=add_product HTTP/1.0" 302 476 "-" "Mozilla/5.0 (compatible; SemrushBot/7~bl; +http://www.semrush.com/bot.html)"
185.191.171.18 - - [23/Jan/2022:22:10:40 +0100] "GET /fc-barcelone-stationery-set-p-26586.html HTTP/1.0" 301 73537 "-" "Mozilla/5.0 (compatible; SemrushBot/7~bl; +http://www.semrush.com/bot.html)"
185.191.171.10 - - [23/Jan/2022:22:10:48 +0100] "GET /barcelone-stationery-p-26586.html HTTP/1.0" 200 73450 "-" "Mozilla/5.0 (compatible; SemrushBot/7~bl; +http://www.semrush.com/bot.html)"
207.46.13.190 - - [23/Jan/2022:22:11:03 +0100] "GET /poster-corsica-p-43690.html HTTP/1.0" 200 70788 "-" "Mozilla/5.0 (compatible; bingbot/2.0; +http://www.bing.com/bingbot.htm)"
157.55.39.125 - - [23/Jan/2022:22:11:52 +0100] "GET /glass-ashtray-p-36384.html HTTP/1.0" 200 73308 "-" "Mozilla/5.0 (compatible; bingbot/2.0; +http://www.bing.com/bingbot.htm)"
185.191.171.18 - - [23/Jan/2022:22:12:11 +0100] "GET /frida-khalo-saucer-for-tea-bag-p-50164.html HTTP/1.0" 301 73461 "-" "Mozilla/5.0 (compatible; SemrushBot/7~bl; +http://www.semrush.com/bot.html)"
185.191.171.19 - - [23/Jan/2022:22:12:14 +0100] "GET /frida-khalo-saucer-p-50164.html HTTP/1.0" 200 73376 "-" "Mozilla/5.0 (compatible; SemrushBot/7~bl; +http://www.semrush.com/bot.html)"
185.191.171.43 - - [23/Jan/2022:22:12:19 +0100] "GET /decorative-wooden-flower-on-foot-48-cm-p-46288.html HTTP/1.0" 301 70938 "-" "Mozilla/5.0 (compatible; SemrushBot/7~bl; +http://www.semrush.com/bot.html)"
185.191.171.1 - - [23/Jan/2022:22:12:22 +0100] "GET /decorative-wooden-flower-foot-p-46288.html HTTP/1.0" 200 70842 "-" "Mozilla/5.0 (compatible; SemrushBot/7~bl; +http://www.semrush.com/bot.html)"
185.191.171.44 - - [23/Jan/2022:22:12:39 +0100] "GET /large-african-woman-lamp-p-56145.html HTTP/1.0" 200 74258 "-" "Mozilla/5.0 (compatible; SemrushBot/7~bl; +http://www.semrush.com/bot.html)"
54.36.148.243 - - [23/Jan/2022:22:13:01 +0100] "GET /moto-guzzi-barrel-moneybox-p-52957.html HTTP/1.0" 200 73377 "-" "Mozilla/5.0 (compatible; AhrefsBot/7.0; +http://ahrefs.com/robot/)"
185.191.171.41 - - [23/Jan/2022:22:13:12 +0100] "GET /keep-calm-and-carry-on-rectangular-mirror-p-29005.html HTTP/1.0" 301 70959 "-" "Mozilla/5.0 (compatible; SemrushBot/7~bl; +http://www.semrush.com/bot.html)"
185.191.171.26 - - [23/Jan/2022:22:13:15 +0100] "GET /keep-calm-carry-rectangular-mirror-p-29005.html HTTP/1.0" 200 70858 "-" "Mozilla/5.0 (compatible; SemrushBot/7~bl; +http://www.semrush.com/bot.html)"
185.191.171.13 - - [23/Jan/2022:22:13:42 +0100] "GET /notebook-notebook-diary-c-129_185.html HTTP/1.0" 200 92176 "-" "Mozilla/5.0 (compatible; SemrushBot/7~bl; +http://www.semrush.com/bot.html)"
175.114.236.61 - - [23/Jan/2022:22:13:49 +0100] "GET /images/mini_prod/5018997513248.jpg HTTP/1.0" 200 269 "-" "Mozilla/5.0 (X11; Ubuntu; Linux x86_64; rv:72.0) Gecko/20100101 Firefox/72.0"
185.191.171.13 - - [23/Jan/2022:22:14:07 +0100] "GET /thermometers-for-meat-p-48685.html HTTP/1.0" 301 73451 "-" "Mozilla/5.0 (compatible; SemrushBot/7~bl; +http://www.semrush.com/bot.html)"
17.121.112.161 - - [23/Jan/2022:22:14:10 +0100] "GET /fiers-etre-marseillais-sweatsuit-p-29990.html HTTP/1.0" 200 74807 "-" "Mozilla/5.0 (Macintosh; Intel Mac OS X 10_15_5) AppleWebKit/605.1.15 (KHTML, like Gecko) Version/13.1.1 Safari/605.1.15 (Applebot/0.1; +http://www.apple.com/go/applebot)"
185.191.171.43 - - [23/Jan/2022:22:14:11 +0100] "GET /thermometers-meat-p-48685.html HTTP/1.0" 200 73367 "-" "Mozilla/5.0 (compatible; SemrushBot/7~bl; +http://www.semrush.com/bot.html)"
66.249.68.28 - - [23/Jan/2022:22:14:22 +0100] "GET /images/big_prod/8422017740311.jpg HTTP/1.0" 200 268 "-" "Googlebot-Image/1.0"
51.68.224.127 - - [23/Jan/2022:22:14:22 +0100] "GET /adminweb/export_orders_xml.php?token=256de2z6edz6ed2z6DFSFsed2zed6zeDSFDSGdzedezfzf&maxorders=10&orderstart=1&status=14&start_date=2018-10-01 HTTP/1.0" 200 285 "-" "GesCom CharlotteBoutik Serveur"
51.68.224.127 - - [23/Jan/2022:22:14:22 +0100] "GET /adminweb/export_orders_xml.php?token=256de2z6edz6ed2z6DFSFsed2zed6zeDSFDSGdzedezfzf&maxorders=10&orderstart=1&status=6&start_date=2018-10-01 HTTP/1.0" 200 32795 "-" "GesCom CharlotteBoutik Serveur"
17.121.114.99 - - [23/Jan/2022:22:14:34 +0100] "GET /bilbao-coated-tablecloth-yellow-p-51229.html HTTP/1.0" 200 74096 "-" "Mozilla/5.0 (Macintosh; Intel Mac OS X 10_15_5) AppleWebKit/605.1.15 (KHTML, like Gecko) Version/13.1.1 Safari/605.1.15 (Applebot/0.1; +http://www.apple.com/go/applebot)"
185.191.171.39 - - [23/Jan/2022:22:14:47 +0100] "GET /towel-bath-towels-c-11_70.html HTTP/1.0" 200 90909 "-" "Mozilla/5.0 (compatible; SemrushBot/7~bl; +http://www.semrush.com/bot.html)"
185.191.171.16 - - [23/Jan/2022:22:14:53 +0100] "GET /soap-dispenser-marseille-soap-p-34847.html HTTP/1.0" 200 73457 "-" "Mozilla/5.0 (compatible; SemrushBot/7~bl; +http://www.semrush.com/bot.html)"
77.88.5.243 - - [23/Jan/2022:22:15:00 +0100] "GET /skeleton-black-shirt-p-30128.html HTTP/1.0" 200 74538 "-" "Mozilla/5.0 (compatible; YandexBot/3.0; +http://yandex.com/bots)"
185.191.171.14 - - [23/Jan/2022:22:15:46 +0100] "GET /mouse-pad-c-13_85.html?page=1 HTTP/1.0" 301 91944 "-" "Mozilla/5.0 (compatible; SemrushBot/7~bl; +http://www.semrush.com/bot.html)"
185.191.171.40 - - [23/Jan/2022:22:15:49 +0100] "GET /mouse-c-85.html?page=1 HTTP/1.0" 301 91834 "-" "Mozilla/5.0 (compatible; SemrushBot/7~bl; +http://www.semrush.com/bot.html)"
185.191.171.14 - - [23/Jan/2022:22:15:51 +0100] "GET /robots.txt HTTP/1.0" 200 245 "-" "Mozilla/5.0 (compatible; SemrushBot/7~bl; +http://www.semrush.com/bot.html)"
54.36.148.243 - - [23/Jan/2022:22:15:49 +0100] "GET /relief-hanging-plate-rgles-maison-p-55676.html HTTP/1.0" 200 74259 "-" "Mozilla/5.0 (compatible; AhrefsBot/7.0; +http://ahrefs.com/robot/)"
185.191.171.18 - - [23/Jan/2022:22:15:52 +0100] "GET /mouse-c-129_85.html?page=1 HTTP/1.0" 200 91894 "-" "Mozilla/5.0 (compatible; SemrushBot/7~bl; +http://www.semrush.com/bot.html)"
17.121.114.94 - - [23/Jan/2022:22:16:06 +0100] "GET /wall-decoration-wood-c-13_274.html HTTP/1.0" 200 93159 "-" "Mozilla/5.0 (Macintosh; Intel Mac OS X 10_15_5) AppleWebKit/605.1.15 (KHTML, like Gecko) Version/13.1.1 Safari/605.1.15 (Applebot/0.1; +http://www.apple.com/go/applebot)"
185.191.171.45 - - [23/Jan/2022:22:16:24 +0100] "GET /vintage-gasoline-effect-frame-in-wood-hanging-p-46295.html HTTP/1.0" 301 73737 "-" "Mozilla/5.0 (compatible; SemrushBot/7~bl; +http://www.semrush.com/bot.html)"
185.191.171.33 - - [23/Jan/2022:22:16:27 +0100] "GET /vintage-gasoline-effect-frame-wood-hanging-p-46295.html HTTP/1.0" 200 73628 "-" "Mozilla/5.0 (compatible; SemrushBot/7~bl; +http://www.semrush.com/bot.html)"
185.191.171.25 - - [23/Jan/2022:22:16:39 +0100] "GET /provence-coasters-p-48347.html?action=add_product HTTP/1.0" 302 476 "-" "Mozilla/5.0 (compatible; SemrushBot/7~bl; +http://www.semrush.com/bot.html)"
185.191.171.9 - - [23/Jan/2022:22:16:41 +0100] "GET /lonard-vinci-vitruvian-figurine-p-44144.html?action=add_product HTTP/1.0" 302 476 "-" "Mozilla/5.0 (compatible; SemrushBot/7~bl; +http://www.semrush.com/bot.html)"
157.55.39.153 - - [23/Jan/2022:22:16:48 +0100] "GET /images/8003990609736.jpg HTTP/1.0" 200 259 "-" "Mozilla/5.0 (compatible; bingbot/2.0; +http://www.bing.com/bingbot.htm)"
17.121.112.201 - - [23/Jan/2022:22:16:53 +0100] "GET /betty-boop-ashtray-p-27179.html HTTP/1.0" 200 73333 "-" "Mozilla/5.0 (Macintosh; Intel Mac OS X 10_15_5) AppleWebKit/605.1.15 (KHTML, like Gecko) Version/13.1.1 Safari/605.1.15 (Applebot/0.1; +http://www.apple.com/go/applebot)"
185.191.171.22 - - [23/Jan/2022:22:17:00 +0100] "GET /wise-wings-keychain-p-51825.html?action=add_product HTTP/1.0" 302 476 "-" "Mozilla/5.0 (compatible; SemrushBot/7~bl; +http://www.semrush.com/bot.html)"
114.119.128.37 - - [23/Jan/2022:22:17:17 +0100] "GET /iphone-transparent-shell-with-personalized-picture-p-16340.html HTTP/1.0" 200 73873 "-" "Mozilla/5.0 (Linux; Android 7.0;) AppleWebKit/537.36 (KHTML, like Gecko) Mobile Safari/537.36 (compatible; PetalBot;+https://webmaster.petalsearch.com/site/petalbot)"
185.191.171.45 - - [23/Jan/2022:22:17:49 +0100] "GET /gorjuss-bubble-fairy-manicure-set-p-46952.html HTTP/1.0" 301 74621 "-" "Mozilla/5.0 (compatible; SemrushBot/7~bl; +http://www.semrush.com/bot.html)"
185.191.171.19 - - [23/Jan/2022:22:17:52 +0100] "GET /gorjuss-bubble-fairy-manicure-p-46952.html HTTP/1.0" 200 74525 "-" "Mozilla/5.0 (compatible; SemrushBot/7~bl; +http://www.semrush.com/bot.html)"
185.191.171.25 - - [23/Jan/2022:22:18:06 +0100] "GET /sentiment-towel-kitchen-towel-p-43643.html?action=add_product HTTP/1.0" 302 476 "-" "Mozilla/5.0 (compatible; SemrushBot/7~bl; +http://www.semrush.com/bot.html)"
185.191.171.34 - - [23/Jan/2022:22:18:08 +0100] "GET /mani-the-lucky-cat-mug-p-46155.html HTTP/1.0" 301 70872 "-" "Mozilla/5.0 (compatible; SemrushBot/7~bl; +http://www.semrush.com/bot.html)"
185.191.171.26 - - [23/Jan/2022:22:18:10 +0100] "GET /mani-lucky-p-46155.html HTTP/1.0" 200 70795 "-" "Mozilla/5.0 (compatible; SemrushBot/7~bl; +http://www.semrush.com/bot.html)"
185.191.171.37 - - [23/Jan/2022:22:18:37 +0100] "GET /cachepot-with-floral-ceramic-reliefs-gray-29-cm-p-51102.html HTTP/1.0" 301 70956 "-" "Mozilla/5.0 (compatible; SemrushBot/7~bl; +http://www.semrush.com/bot.html)"
185.191.171.15 - - [23/Jan/2022:22:18:40 +0100] "GET /cachepot-with-floral-reliefs-gray-p-51102.html HTTP/1.0" 200 70856 "-" "Mozilla/5.0 (compatible; SemrushBot/7~bl; +http://www.semrush.com/bot.html)"
185.191.171.41 - - [23/Jan/2022:22:18:49 +0100] "GET /home-and-decoration-c-13.html?page=129 HTTP/1.0" 301 92942 "-" "Mozilla/5.0 (compatible; SemrushBot/7~bl; +http://www.semrush.com/bot.html)"
54.36.148.243 - - [23/Jan/2022:22:18:50 +0100] "GET /cement-tiles-placemat-p-49951.html HTTP/1.0" 200 73476 "-" "Mozilla/5.0 (compatible; AhrefsBot/7.0; +http://ahrefs.com/robot/)"
185.191.171.41 - - [23/Jan/2022:22:18:53 +0100] "GET /home-decoration-c-13.html?page=129 HTTP/1.0" 200 92854 "-" "Mozilla/5.0 (compatible; SemrushBot/7~bl; +http://www.semrush.com/bot.html)"
193.177.162.34 - - [23/Jan/2022:22:19:02 +0100] "GET /images/mini_prod/5028486153565.jpg HTTP/1.0" 200 269 "-" "Mozilla/5.0 (X11; Ubuntu; Linux x86_64; rv:72.0) Gecko/20100101 Firefox/72.0"
185.191.171.21 - - [23/Jan/2022:22:19:03 +0100] "GET /embossed-clutch-shine-p-32774.html?action=add_product HTTP/1.0" 302 476 "-" "Mozilla/5.0 (compatible; SemrushBot/7~bl; +http://www.semrush.com/bot.html)"
207.46.13.190 - - [23/Jan/2022:22:19:14 +0100] "GET /wolf-figurine-silly-symphonies-p-51183.html HTTP/1.0" 200 75191 "-" "Mozilla/5.0 (compatible; bingbot/2.0; +http://www.bing.com/bingbot.htm)"
185.191.171.22 - - [23/Jan/2022:22:19:35 +0100] "GET /olympique-marseille-beer-glasses-p-38412.html?action=add_product HTTP/1.0" 302 476 "-" "Mozilla/5.0 (compatible; SemrushBot/7~bl; +http://www.semrush.com/bot.html)"
114.119.128.40 - - [23/Jan/2022:22:20:05 +0100] "GET /images/mini_prod/8433933243237.jpg HTTP/1.0" 200 269 "-" "Mozilla/5.0 (Linux; Android 7.0;) AppleWebKit/537.36 (KHTML, like Gecko) Mobile Safari/537.36 (compatible; PetalBot;+https://webmaster.petalsearch.com/site/petalbot)"
185.191.171.18 - - [23/Jan/2022:22:20:06 +0100] "GET /harley-quinn-money-p-41827.html HTTP/1.0" 200 73398 "-" "Mozilla/5.0 (compatible; SemrushBot/7~bl; +http://www.semrush.com/bot.html)"
185.191.171.39 - - [23/Jan/2022:22:20:14 +0100] "GET /glass-ashtray-p-55681.html HTTP/1.0" 200 73952 "-" "Mozilla/5.0 (compatible; SemrushBot/7~bl; +http://www.semrush.com/bot.html)"
175.114.236.61 - - [23/Jan/2022:22:20:58 +0100] "GET /images/mini_prod/070209_191201_PEEL_gnVzFs.jpg HTTP/1.0" 200 281 "-" "Mozilla/5.0 (X11; Ubuntu; Linux x86_64; rv:72.0) Gecko/20100101 Firefox/72.0"
54.36.148.243 - - [23/Jan/2022:22:21:23 +0100] "GET /chair-cushion-scratchs-black-p-54657.html HTTP/1.0" 200 74068 "-" "Mozilla/5.0 (compatible; AhrefsBot/7.0; +http://ahrefs.com/robot/)"
185.191.171.39 - - [23/Jan/2022:22:21:39 +0100] "GET /darling-bedclothes-p-51592.html HTTP/1.0" 200 73399 "-" "Mozilla/5.0 (compatible; SemrushBot/7~bl; +http://www.semrush.com/bot.html)"
185.191.171.10 - - [23/Jan/2022:22:22:12 +0100] "GET /laissez-lucie-faire-make-wapi-p-48999.html?action=add_product HTTP/1.0" 302 476 "-" "Mozilla/5.0 (compatible; SemrushBot/7~bl; +http://www.semrush.com/bot.html)"
54.36.148.180 - - [23/Jan/2022:22:22:12 +0100] "GET /pen-holder-in-recycled-metal-elements-bear-p-42323.html HTTP/1.0" 301 73631 "-" "Mozilla/5.0 (compatible; AhrefsBot/7.0; +http://ahrefs.com/robot/)"
216.244.66.242 - - [23/Jan/2022:22:22:28 +0100] "GET /peg-and-coat-hook-c-13_198.html HTTP/1.0" 301 573 "-" "Mozilla/5.0 (compatible; DotBot/1.2; +https://opensiteexplorer.org/dotbot; help@moz.com)"
157.55.39.122 - - [23/Jan/2022:22:22:35 +0100] "GET /images/mini_prod/3608860260601.jpg HTTP/1.0" 200 269 "-" "Mozilla/5.0 (compatible; bingbot/2.0; +http://www.bing.com/bingbot.htm)"
185.191.171.24 - - [23/Jan/2022:22:23:12 +0100] "GET /girl-with-pearl-reproduction-vermeer-p-46891.html?action=add_product HTTP/1.0" 302 476 "-" "Mozilla/5.0 (compatible; SemrushBot/7~bl; +http://www.semrush.com/bot.html)"
185.191.171.43 - - [23/Jan/2022:22:23:52 +0100] "GET /nightlight-shaped-rabbit-multicolor-led-p-37825.html HTTP/1.0" 301 74462 "-" "Mozilla/5.0 (compatible; SemrushBot/7~bl; +http://www.semrush.com/bot.html)"
185.191.171.7 - - [23/Jan/2022:22:23:55 +0100] "GET /nightlight-shaped-rabbit-multicolor-p-37825.html HTTP/1.0" 200 74360 "-" "Mozilla/5.0 (compatible; SemrushBot/7~bl; +http://www.semrush.com/bot.html)"
54.36.148.243 - - [23/Jan/2022:22:23:56 +0100] "GET /trolley-backpack-gorjuss-love-grows-p-52369.html HTTP/1.0" 200 74670 "-" "Mozilla/5.0 (compatible; AhrefsBot/7.0; +http://ahrefs.com/robot/)"
185.191.171.21 - - [23/Jan/2022:22:23:57 +0100] "GET /mani-lucky-keychain-p-44125.html?action=add_product HTTP/1.0" 302 476 "-" "Mozilla/5.0 (compatible; SemrushBot/7~bl; +http://www.semrush.com/bot.html)"
109.70.100.80 - - [23/Jan/2022:22:24:40 +0100] "GET /contact_us.php HTTP/1.0" 200 26238 "http://www.wonder-geek.com/contact_us.php" "Mozilla/5.0 (Windows NT 6.1) AppleWebKit/537.36 (KHTML, like Gecko) Chrome/90.0.4430.93 Safari/537.36"
109.70.100.80 - - [23/Jan/2022:22:24:44 +0100] "POST /contact_us.php?action=send HTTP/1.0" 200 26651 "http://www.wonder-geek.com/contact_us.php" "Mozilla/5.0 (Windows NT 6.1) AppleWebKit/537.36 (KHTML, like Gecko) Chrome/90.0.4430.93 Safari/537.36"
54.36.148.243 - - [23/Jan/2022:22:24:52 +0100] "GET /figurine-resin-parrot-37-cm-p-42785.html HTTP/1.0" 301 70785 "-" "Mozilla/5.0 (compatible; AhrefsBot/7.0; +http://ahrefs.com/robot/)"
185.191.171.8 - - [23/Jan/2022:22:24:52 +0100] "GET /harley-davidson-eagle-zippo-lighter-p-27292.html?action=add_product HTTP/1.0" 302 476 "-" "Mozilla/5.0 (compatible; SemrushBot/7~bl; +http://www.semrush.com/bot.html)"
107.189.2.91 - - [23/Jan/2022:22:24:59 +0100] "GET /contact_us.php HTTP/1.0" 200 26238 "http://www.wonder-geek.com/contact_us.php" "Mozilla/5.0 (Windows NT 6.1) AppleWebKit/537.36 (KHTML, like Gecko) Chrome/90.0.4430.93 Safari/537.36"
185.191.171.23 - - [23/Jan/2022:22:25:21 +0100] "GET /large-seahorse-statue-wooden-66-cm-p-48278.html HTTP/1.0" 301 70785 "-" "Mozilla/5.0 (compatible; SemrushBot/7~bl; +http://www.semrush.com/bot.html)"
185.191.171.3 - - [23/Jan/2022:22:25:23 +0100] "GET /-p-48278.html HTTP/1.0" 200 70718 "-" "Mozilla/5.0 (compatible; SemrushBot/7~bl; +http://www.semrush.com/bot.html)"
178.159.37.66 - - [23/Jan/2022:22:25:56 +0100] "GET /contact_us.php HTTP/1.0" 301 539 "http://wonder-geek.com/contact_us.php" "Mozilla/5.0 (Windows NT 6.1) AppleWebKit/537.36 (KHTML, like Gecko) Chrome/90.0.4430.85 Safari/537.36"
178.159.37.66 - - [23/Jan/2022:22:25:58 +0100] "GET /contact_us.php HTTP/1.0" 200 26238 "http://www.wonder-geek.com/contact_us.php" "Mozilla/5.0 (Windows NT 6.1) AppleWebKit/537.36 (KHTML, like Gecko) Chrome/90.0.4430.85 Safari/537.36"
54.36.148.243 - - [23/Jan/2022:22:26:29 +0100] "GET /with-infuser-ginkgo-blue-p-56468.html HTTP/1.0" 200 73503 "-" "Mozilla/5.0 (compatible; AhrefsBot/7.0; +http://ahrefs.com/robot/)"
185.191.171.2 - - [23/Jan/2022:22:27:39 +0100] "GET /rebecca-bedclothes-p-55450.html HTTP/1.0" 200 74086 "-" "Mozilla/5.0 (compatible; SemrushBot/7~bl; +http://www.semrush.com/bot.html)"
17.121.113.92 - - [23/Jan/2022:22:27:44 +0100] "GET /images/DSCN7525.jpg HTTP/1.0" 200 254 "-" "Mozilla/5.0 (Macintosh; Intel Mac OS X 10_15_5) AppleWebKit/605.1.15 (KHTML, like Gecko) Version/13.1.1 Safari/605.1.15 (Applebot/0.1; +http://www.apple.com/go/applebot)"
178.159.37.66 - - [23/Jan/2022:22:27:46 +0100] "POST /contact_us.php?action=send HTTP/1.0" 302 488 "http://www.wonder-geek.com/contact_us.php" "Mozilla/5.0 (Windows NT 6.1) AppleWebKit/537.36 (KHTML, like Gecko) Chrome/90.0.4430.85 Safari/537.36"
178.159.37.66 - - [23/Jan/2022:22:27:50 +0100] "GET /contact_us.php?action=success HTTP/1.0" 200 13474 "http://www.wonder-geek.com/contact_us.php?action=success" "Mozilla/5.0 (Windows NT 6.1) AppleWebKit/537.36 (KHTML, like Gecko) Chrome/90.0.4430.85 Safari/537.36"
178.159.37.66 - - [23/Jan/2022:22:27:54 +0100] "GET /login.php HTTP/1.0" 200 17152 "http://www.wonder-geek.com/login.php" "Mozilla/5.0 (Windows NT 6.1) AppleWebKit/537.36 (KHTML, like Gecko) Chrome/90.0.4430.85 Safari/537.36"
178.159.37.66 - - [23/Jan/2022:22:27:57 +0100] "POST /login.php?action=process HTTP/1.0" 200 17653 "http://www.wonder-geek.com/login.php" "Mozilla/5.0 (Windows NT 6.1) AppleWebKit/537.36 (KHTML, like Gecko) Chrome/90.0.4430.85 Safari/537.36"
178.159.37.66 - - [23/Jan/2022:22:27:59 +0100] "GET /contact_us.php HTTP/1.0" 200 26238 "http://www.wonder-geek.com/contact_us.php" "Mozilla/5.0 (Windows NT 6.1) AppleWebKit/537.36 (KHTML, like Gecko) Chrome/90.0.4430.85 Safari/537.36"
216.244.66.242 - - [23/Jan/2022:22:28:18 +0100] "GET /cadillac-small-metal-plate-p-27979.html HTTP/1.0" 200 70839 "-" "Mozilla/5.0 (compatible; DotBot/1.2; +https://opensiteexplorer.org/dotbot; help@moz.com)"
216.244.66.242 - - [23/Jan/2022:22:28:26 +0100] "GET /cement-statue-buddha-head-p-47110.html HTTP/1.0" 200 73414 "-" "Mozilla/5.0 (compatible; DotBot/1.2; +https://opensiteexplorer.org/dotbot; help@moz.com)"
185.191.171.43 - - [23/Jan/2022:22:28:34 +0100] "GET /sacha-glass-porcelain-teapot-p-57218.html HTTP/1.0" 200 74332 "-" "Mozilla/5.0 (compatible; SemrushBot/7~bl; +http://www.semrush.com/bot.html)"
216.244.66.242 - - [23/Jan/2022:22:28:34 +0100] "GET /fragrance-sachet-pink-blossom-p-40549.html HTTP/1.0" 200 74071 "-" "Mozilla/5.0 (compatible; DotBot/1.2; +https://opensiteexplorer.org/dotbot; help@moz.com)"
17.121.115.43 - - [23/Jan/2022:22:28:39 +0100] "GET /barbabravo-cosmetic-p-19524.html HTTP/1.0" 200 73561 "-" "Mozilla/5.0 (Macintosh; Intel Mac OS X 10_15_5) AppleWebKit/605.1.15 (KHTML, like Gecko) Version/13.1.1 Safari/605.1.15 (Applebot/0.1; +http://www.apple.com/go/applebot)"
216.244.66.242 - - [23/Jan/2022:22:28:47 +0100] "GET /gorjuss-sticker-pack-ruby-p-40504.html HTTP/1.0" 200 70819 "-" "Mozilla/5.0 (compatible; DotBot/1.2; +https://opensiteexplorer.org/dotbot; help@moz.com)"
185.191.171.25 - - [23/Jan/2022:22:28:50 +0100] "GET /high-school-musical-pair-socks-size-p-46854.html?action=add_product HTTP/1.0" 302 476 "-" "Mozilla/5.0 (compatible; SemrushBot/7~bl; +http://www.semrush.com/bot.html)"
216.244.66.242 - - [23/Jan/2022:22:28:57 +0100] "GET /handy-manny-umbrella-p-7896.html HTTP/1.0" 200 70807 "-" "Mozilla/5.0 (compatible; DotBot/1.2; +https://opensiteexplorer.org/dotbot; help@moz.com)"
216.244.66.242 - - [23/Jan/2022:22:29:05 +0100] "GET /laissez-lucie-faire-zipped-purse-marmotte-p-38985.html HTTP/1.0" 200 70887 "-" "Mozilla/5.0 (compatible; DotBot/1.2; +https://opensiteexplorer.org/dotbot; help@moz.com)"
17.121.113.65 - - [23/Jan/2022:22:29:08 +0100] "GET /prince-persia-shirt-p-29595.html HTTP/1.0" 200 74786 "-" "Mozilla/5.0 (Macintosh; Intel Mac OS X 10_15_5) AppleWebKit/605.1.15 (KHTML, like Gecko) Version/13.1.1 Safari/605.1.15 (Applebot/0.1; +http://www.apple.com/go/applebot)"
54.36.148.243 - - [23/Jan/2022:22:29:27 +0100] "GET /odina-table-lamp-brown-beige-p-54613.html HTTP/1.0" 200 73493 "-" "Mozilla/5.0 (compatible; AhrefsBot/7.0; +http://ahrefs.com/robot/)"
216.244.66.242 - - [23/Jan/2022:22:29:38 +0100] "GET /glass-votive-holder-heart-and-home-p-33133.html HTTP/1.0" 301 70933 "-" "Mozilla/5.0 (compatible; DotBot/1.2; +https://opensiteexplorer.org/dotbot; help@moz.com)"
185.191.171.33 - - [23/Jan/2022:22:29:52 +0100] "GET /little-toiletry-p-43408.html HTTP/1.0" 200 73429 "-" "Mozilla/5.0 (compatible; SemrushBot/7~bl; +http://www.semrush.com/bot.html)"
66.249.68.26 - - [23/Jan/2022:22:30:10 +0100] "GET /images/big_prod_1/8852310609730a.jpg HTTP/1.0" 200 271 "-" "Googlebot-Image/1.0"
185.191.171.7 - - [23/Jan/2022:22:30:11 +0100] "GET /jasmin-replacement-cushion-p-32298.html?action=add_product HTTP/1.0" 302 476 "-" "Mozilla/5.0 (compatible; SemrushBot/7~bl; +http://www.semrush.com/bot.html)"
185.191.171.22 - - [23/Jan/2022:22:31:08 +0100] "GET /owls-guest-towel-p-42226.html HTTP/1.0" 200 70789 "-" "Mozilla/5.0 (compatible; SemrushBot/7~bl; +http://www.semrush.com/bot.html)"
185.191.171.7 - - [23/Jan/2022:22:31:13 +0100] "GET /ceramic-espresso-cups-p-43484.html HTTP/1.0" 200 73404 "-" "Mozilla/5.0 (compatible; SemrushBot/7~bl; +http://www.semrush.com/bot.html)"
185.191.171.34 - - [23/Jan/2022:22:31:17 +0100] "GET /white-lampshade-p-56279.html?action=add_product HTTP/1.0" 302 476 "-" "Mozilla/5.0 (compatible; SemrushBot/7~bl; +http://www.semrush.com/bot.html)"
51.68.224.127 - - [23/Jan/2022:22:31:27 +0100] "GET /adminweb/export_orders_xml.php?token=256de2z6edz6ed2z6DFSFsed2zed6zeDSFDSGdzedezfzf&maxorders=10&orderstart=1&status=14&start_date=2018-10-01 HTTP/1.0" 200 285 "-" "GesCom CharlotteBoutik Serveur"
51.68.224.127 - - [23/Jan/2022:22:31:27 +0100] "GET /adminweb/export_orders_xml.php?token=256de2z6edz6ed2z6DFSFsed2zed6zeDSFDSGdzedezfzf&maxorders=10&orderstart=1&status=6&start_date=2018-10-01 HTTP/1.0" 200 32795 "-" "GesCom CharlotteBoutik Serveur"
185.191.171.24 - - [23/Jan/2022:22:31:44 +0100] "GET /doc-mcstuffins-and-stuffy-figure-p-23404.html HTTP/1.0" 301 70944 "-" "Mozilla/5.0 (compatible; SemrushBot/7~bl; +http://www.semrush.com/bot.html)"
185.191.171.38 - - [23/Jan/2022:22:31:47 +0100] "GET /mcstuffins-stuffy-figure-p-23404.html HTTP/1.0" 200 70853 "-" "Mozilla/5.0 (compatible; SemrushBot/7~bl; +http://www.semrush.com/bot.html)"
185.191.171.26 - - [23/Jan/2022:22:32:01 +0100] "GET /blue-little-prince-money-p-49731.html HTTP/1.0" 200 70812 "-" "Mozilla/5.0 (compatible; SemrushBot/7~bl; +http://www.semrush.com/bot.html)"
54.36.148.243 - - [23/Jan/2022:22:32:12 +0100] "GET /jiminy-cricket-mini-figurine-p-51180.html HTTP/1.0" 200 74990 "-" "Mozilla/5.0 (compatible; AhrefsBot/7.0; +http://ahrefs.com/robot/)"
185.191.171.15 - - [23/Jan/2022:22:32:35 +0100] "GET /black-liberty-black-strawberry-bracelet-p-16748.html HTTP/1.0" 200 73670 "-" "Mozilla/5.0 (compatible; SemrushBot/7~bl; +http://www.semrush.com/bot.html)"
185.191.171.42 - - [23/Jan/2022:22:32:42 +0100] "GET /mandala-p-43383.html?action=add_product HTTP/1.0" 302 476 "-" "Mozilla/5.0 (compatible; SemrushBot/7~bl; +http://www.semrush.com/bot.html)"
185.191.171.5 - - [23/Jan/2022:22:33:13 +0100] "GET /300-elastic-loom-bands-p-26855.html HTTP/1.0" 301 73450 "-" "Mozilla/5.0 (compatible; SemrushBot/7~bl; +http://www.semrush.com/bot.html)"
185.191.171.37 - - [23/Jan/2022:22:33:17 +0100] "GET /elastic-loom-bands-p-26855.html HTTP/1.0" 200 73365 "-" "Mozilla/5.0 (compatible; SemrushBot/7~bl; +http://www.semrush.com/bot.html)"
159.138.102.98 - - [23/Jan/2022:22:33:25 +0100] "GET /resin-squirrels-statuette-p-56413.html HTTP/1.0" 200 74053 "-" "Mozilla/5.0 (Linux; Android 7.0;) AppleWebKit/537.36 (KHTML, like Gecko) Mobile Safari/537.36 (compatible; PetalBot;+https://webmaster.petalsearch.com/site/petalbot)"
157.55.39.62 - - [23/Jan/2022:22:34:30 +0100] "GET /my-little-kitchen-saltshaker-and-pepper-pot-p-41632.html HTTP/1.0" 301 73593 "-" "Mozilla/5.0 (compatible; bingbot/2.0; +http://www.bing.com/bingbot.htm)"
185.191.171.3 - - [23/Jan/2022:22:34:49 +0100] "GET /decorative-aluminum-apple-p-55060.html HTTP/1.0" 200 73443 "-" "Mozilla/5.0 (compatible; SemrushBot/7~bl; +http://www.semrush.com/bot.html)"
185.191.171.15 - - [23/Jan/2022:22:34:55 +0100] "GET /retro-guitar-clock-p-56716.html?action=add_product HTTP/1.0" 302 476 "-" "Mozilla/5.0 (compatible; SemrushBot/7~bl; +http://www.semrush.com/bot.html)"
54.36.148.243 - - [23/Jan/2022:22:35:06 +0100] "GET /jolly-nici-charm-phone-charm-p-33460.html HTTP/1.0" 200 73443 "-" "Mozilla/5.0 (compatible; AhrefsBot/7.0; +http://ahrefs.com/robot/)"
185.191.171.22 - - [23/Jan/2022:22:35:29 +0100] "GET /adult-cotton-apron-p-54326.html HTTP/1.0" 200 73883 "-" "Mozilla/5.0 (compatible; SemrushBot/7~bl; +http://www.semrush.com/bot.html)"
54.36.148.236 - - [23/Jan/2022:22:35:31 +0100] "GET /home-and-decoration-c-13.html?page=46 HTTP/1.0" 301 93466 "-" "Mozilla/5.0 (compatible; AhrefsBot/7.0; +http://ahrefs.com/robot/)"
185.191.171.10 - - [23/Jan/2022:22:36:03 +0100] "GET /musical-box-c-13_150_149.html?page=2 HTTP/1.0" 301 92289 "-" "Mozilla/5.0 (compatible; SemrushBot/7~bl; +http://www.semrush.com/bot.html)"
185.191.171.35 - - [23/Jan/2022:22:36:06 +0100] "GET /musical-c-149.html?page=2 HTTP/1.0" 301 92043 "-" "Mozilla/5.0 (compatible; SemrushBot/7~bl; +http://www.semrush.com/bot.html)"
185.191.171.43 - - [23/Jan/2022:22:36:09 +0100] "GET /musical-c-13_150_149.html?page=2 HTTP/1.0" 200 92210 "-" "Mozilla/5.0 (compatible; SemrushBot/7~bl; +http://www.semrush.com/bot.html)"
114.119.128.34 - - [23/Jan/2022:22:36:10 +0100] "GET /the-ballerina-statue-collection-body-talk-p-38822.html HTTP/1.0" 301 74537 "-" "Mozilla/5.0 (Linux; Android 7.0;) AppleWebKit/537.36 (KHTML, like Gecko) Mobile Safari/537.36 (compatible; PetalBot;+https://webmaster.petalsearch.com/site/petalbot)"
114.119.128.34 - - [23/Jan/2022:22:36:14 +0100] "GET /ballerina-statue-collection-body-talk-p-38822.html HTTP/1.0" 200 74433 "-" "Mozilla/5.0 (Linux; Android 7.0;) AppleWebKit/537.36 (KHTML, like Gecko) Mobile Safari/537.36 (compatible; PetalBot;+https://webmaster.petalsearch.com/site/petalbot)"
185.191.171.41 - - [23/Jan/2022:22:36:16 +0100] "GET /minnie-mouse-figure-collection-by-britto-p-34383.html HTTP/1.0" 301 74864 "-" "Mozilla/5.0 (compatible; SemrushBot/7~bl; +http://www.semrush.com/bot.html)"
185.191.171.12 - - [23/Jan/2022:22:36:19 +0100] "GET /minnie-mouse-figure-collection-britto-p-34383.html HTTP/1.0" 200 74760 "-" "Mozilla/5.0 (compatible; SemrushBot/7~bl; +http://www.semrush.com/bot.html)"
185.191.171.15 - - [23/Jan/2022:22:36:54 +0100] "GET /cats-by-dubout-figurine-cats-on-bed-p-50849.html HTTP/1.0" 301 74834 "-" "Mozilla/5.0 (compatible; SemrushBot/7~bl; +http://www.semrush.com/bot.html)"
185.191.171.26 - - [23/Jan/2022:22:36:58 +0100] "GET /cats-dubout-figurine-cats-p-50849.html HTTP/1.0" 200 74742 "-" "Mozilla/5.0 (compatible; SemrushBot/7~bl; +http://www.semrush.com/bot.html)"
157.55.39.125 - - [23/Jan/2022:22:37:24 +0100] "GET /images/mini_prod/3608860236538.jpg HTTP/1.0" 200 269 "-" "Mozilla/5.0 (compatible; bingbot/2.0; +http://www.bing.com/bingbot.htm)"
40.77.167.47 - - [23/Jan/2022:22:37:33 +0100] "GET /images/4010070244156.jpg HTTP/1.0" 200 259 "-" "Mozilla/5.0 (compatible; bingbot/2.0; +http://www.bing.com/bingbot.htm)"
54.36.148.243 - - [23/Jan/2022:22:37:46 +0100] "GET /decoration-african-woman-p-55280.html HTTP/1.0" 200 74180 "-" "Mozilla/5.0 (compatible; AhrefsBot/7.0; +http://ahrefs.com/robot/)"
185.191.171.8 - - [23/Jan/2022:22:38:31 +0100] "GET /pig-door-lock-p-40926.html HTTP/1.0" 301 70842 "-" "Mozilla/5.0 (compatible; SemrushBot/7~bl; +http://www.semrush.com/bot.html)"
185.191.171.26 - - [23/Jan/2022:22:38:35 +0100] "GET /door-lock-p-40926.html HTTP/1.0" 200 70766 "-" "Mozilla/5.0 (compatible; SemrushBot/7~bl; +http://www.semrush.com/bot.html)"
185.191.171.4 - - [23/Jan/2022:22:38:47 +0100] "GET /small-tree-of-life-bonsai-in-citrine-p-47195.html HTTP/1.0" 301 73498 "-" "Mozilla/5.0 (compatible; SemrushBot/7~bl; +http://www.semrush.com/bot.html)"
185.191.171.40 - - [23/Jan/2022:22:38:50 +0100] "GET /small-tree-life-bonsai-citrine-p-47195.html HTTP/1.0" 200 73401 "-" "Mozilla/5.0 (compatible; SemrushBot/7~bl; +http://www.semrush.com/bot.html)"
114.119.128.253 - - [23/Jan/2022:22:38:56 +0100] "GET /ceramic-lamp-p-52413.html HTTP/1.0" 200 74145 "-" "Mozilla/5.0 (Linux; Android 7.0;) AppleWebKit/537.36 (KHTML, like Gecko) Mobile Safari/537.36 (compatible; PetalBot;+https://webmaster.petalsearch.com/site/petalbot)"
185.191.171.42 - - [23/Jan/2022:22:39:07 +0100] "GET /beatles-moneybox-yellow-submarine-p-48759.html?action=add_product HTTP/1.0" 302 476 "-" "Mozilla/5.0 (compatible; SemrushBot/7~bl; +http://www.semrush.com/bot.html)"
185.191.171.6 - - [23/Jan/2022:22:39:15 +0100] "GET /cats-and-fish-small-melamine-tray-p-45175.html HTTP/1.0" 301 70962 "-" "Mozilla/5.0 (compatible; SemrushBot/7~bl; +http://www.semrush.com/bot.html)"
185.191.171.22 - - [23/Jan/2022:22:39:19 +0100] "GET /cats-fish-small-melamine-tray-p-45175.html HTTP/1.0" 200 70866 "-" "Mozilla/5.0 (compatible; SemrushBot/7~bl; +http://www.semrush.com/bot.html)"
54.36.148.243 - - [23/Jan/2022:22:40:34 +0100] "GET /stone-carnelian-grammes-p-46571.html HTTP/1.0" 200 74865 "-" "Mozilla/5.0 (compatible; AhrefsBot/7.0; +http://ahrefs.com/robot/)"
185.191.171.17 - - [23/Jan/2022:22:40:37 +0100] "GET /london-big-ben-vintage-clock-p-26170.html HTTP/1.0" 301 73584 "-" "Mozilla/5.0 (compatible; SemrushBot/7~bl; +http://www.semrush.com/bot.html)"
185.191.171.15 - - [23/Jan/2022:22:40:40 +0100] "GET /london-vintage-clock-p-26170.html HTTP/1.0" 200 73497 "-" "Mozilla/5.0 (compatible; SemrushBot/7~bl; +http://www.semrush.com/bot.html)"
185.191.171.21 - - [23/Jan/2022:22:41:48 +0100] "GET /-p-52178.html?action=add_product HTTP/1.0" 302 476 "-" "Mozilla/5.0 (compatible; SemrushBot/7~bl; +http://www.semrush.com/bot.html)"
185.191.171.6 - - [23/Jan/2022:22:41:53 +0100] "GET /natsuki-kimmidoll-swarovski-chain-bracelet-with-charm-p-15881.html HTTP/1.0" 200 74218 "-" "Mozilla/5.0 (compatible; SemrushBot/7~bl; +http://www.semrush.com/bot.html)"
157.55.39.62 - - [23/Jan/2022:22:42:00 +0100] "GET /images/3388760924628.jpg HTTP/1.0" 200 259 "-" "Mozilla/5.0 (compatible; bingbot/2.0; +http://www.bing.com/bingbot.htm)"
185.191.171.16 - - [23/Jan/2022:22:42:29 +0100] "GET /winnie-the-pooh-money-box-p-5608.html HTTP/1.0" 301 70782 "-" "Mozilla/5.0 (compatible; SemrushBot/7~bl; +http://www.semrush.com/bot.html)"
185.191.171.14 - - [23/Jan/2022:22:42:32 +0100] "GET /-p-5608.html HTTP/1.0" 200 70716 "-" "Mozilla/5.0 (compatible; SemrushBot/7~bl; +http://www.semrush.com/bot.html)"
185.191.171.10 - - [23/Jan/2022:22:42:52 +0100] "GET /home-and-decoration-c-13.html?page=36 HTTP/1.0" 301 92569 "-" "Mozilla/5.0 (compatible; SemrushBot/7~bl; +http://www.semrush.com/bot.html)"
185.191.171.24 - - [23/Jan/2022:22:42:58 +0100] "GET /home-decoration-c-13.html?page=36 HTTP/1.0" 200 92482 "-" "Mozilla/5.0 (compatible; SemrushBot/7~bl; +http://www.semrush.com/bot.html)"
157.55.39.62 - - [23/Jan/2022:22:43:21 +0100] "GET /images/3438100333747.jpg HTTP/1.0" 200 259 "-" "Mozilla/5.0 (compatible; bingbot/2.0; +http://www.bing.com/bingbot.htm)"
54.36.148.243 - - [23/Jan/2022:22:43:20 +0100] "GET /ohana-means-family-stitch-figurine-p-45658.html HTTP/1.0" 200 73985 "-" "Mozilla/5.0 (compatible; AhrefsBot/7.0; +http://ahrefs.com/robot/)"
114.119.128.34 - - [23/Jan/2022:22:43:40 +0100] "GET /boho-wooden-frame-60-30-cm-dream-catcher-p-41741.html HTTP/1.0" 301 73627 "-" "Mozilla/5.0 (Linux; Android 7.0;) AppleWebKit/537.36 (KHTML, like Gecko) Mobile Safari/537.36 (compatible; PetalBot;+https://webmaster.petalsearch.com/site/petalbot)"
114.119.128.34 - - [23/Jan/2022:22:43:45 +0100] "GET /boho-wooden-frame-dream-catcher-p-41741.html HTTP/1.0" 200 73529 "-" "Mozilla/5.0 (Linux; Android 7.0;) AppleWebKit/537.36 (KHTML, like Gecko) Mobile Safari/537.36 (compatible; PetalBot;+https://webmaster.petalsearch.com/site/petalbot)"
66.249.68.26 - - [23/Jan/2022:22:43:56 +0100] "GET /despicable-pencil-case-p-35773.html HTTP/1.0" 200 73391 "-" "Mozilla/5.0 (compatible; Googlebot/2.1; +http://www.google.com/bot.html)"
185.191.171.8 - - [23/Jan/2022:22:44:16 +0100] "GET /allen-desings-crazy-little-tray-p-55430.html HTTP/1.0" 200 74220 "-" "Mozilla/5.0 (compatible; SemrushBot/7~bl; +http://www.semrush.com/bot.html)"
185.191.171.17 - - [23/Jan/2022:22:44:28 +0100] "GET /jasmin-cowboy-pencil-case-p-35965.html HTTP/1.0" 200 73489 "-" "Mozilla/5.0 (compatible; SemrushBot/7~bl; +http://www.semrush.com/bot.html)"
185.191.171.26 - - [23/Jan/2022:22:45:00 +0100] "GET /jasmin-giorgio-notebook-p-34954.html?action=add_product HTTP/1.0" 302 476 "-" "Mozilla/5.0 (compatible; SemrushBot/7~bl; +http://www.semrush.com/bot.html)"
185.191.171.24 - - [23/Jan/2022:22:45:09 +0100] "GET /unicorn-nightlight-pink-p-55361.html?action=add_product HTTP/1.0" 302 476 "-" "Mozilla/5.0 (compatible; SemrushBot/7~bl; +http://www.semrush.com/bot.html)"
185.191.171.15 - - [23/Jan/2022:22:45:37 +0100] "GET /white-ceramic-lamp-p-55147.html HTTP/1.0" 200 74245 "-" "Mozilla/5.0 (compatible; SemrushBot/7~bl; +http://www.semrush.com/bot.html)"
66.249.68.26 - - [23/Jan/2022:22:46:00 +0100] "GET /images/big_prod_1/8424346518418B.jpg HTTP/1.0" 200 271 "-" "Googlebot-Image/1.0"
185.191.171.24 - - [23/Jan/2022:22:46:00 +0100] "GET /wall-decoration-heart-p-52201.html HTTP/1.0" 200 73469 "-" "Mozilla/5.0 (compatible; SemrushBot/7~bl; +http://www.semrush.com/bot.html)"
185.191.171.4 - - [23/Jan/2022:22:46:03 +0100] "GET /squares-potholder-and-glove-set-p-45532.html HTTP/1.0" 301 70906 "-" "Mozilla/5.0 (compatible; SemrushBot/7~bl; +http://www.semrush.com/bot.html)"
185.191.171.15 - - [23/Jan/2022:22:46:06 +0100] "GET /squares-potholder-glove-p-45532.html HTTP/1.0" 200 70816 "-" "Mozilla/5.0 (compatible; SemrushBot/7~bl; +http://www.semrush.com/bot.html)"
185.191.171.23 - - [23/Jan/2022:22:46:09 +0100] "GET /pastis-marseille-little-tray-p-44546.html?action=add_product HTTP/1.0" 302 476 "-" "Mozilla/5.0 (compatible; SemrushBot/7~bl; +http://www.semrush.com/bot.html)"
54.36.148.243 - - [23/Jan/2022:22:46:11 +0100] "GET /gray-polyester-round-chair-cushion-p-47031.html HTTP/1.0" 200 74104 "-" "Mozilla/5.0 (compatible; AhrefsBot/7.0; +http://ahrefs.com/robot/)"
185.191.171.1 - - [23/Jan/2022:22:46:15 +0100] "GET /archangel-michael-statuette-p-48909.html?action=add_product HTTP/1.0" 302 476 "-" "Mozilla/5.0 (compatible; SemrushBot/7~bl; +http://www.semrush.com/bot.html)"
66.249.68.24 - - [23/Jan/2022:22:46:18 +0100] "GET /images/DSCN4020b.jpg HTTP/1.0" 200 255 "-" "Googlebot-Image/1.0"
185.191.171.39 - - [23/Jan/2022:22:46:33 +0100] "GET /minnie-ceiling-light-p-33140.html?action=add_product HTTP/1.0" 302 476 "-" "Mozilla/5.0 (compatible; SemrushBot/7~bl; +http://www.semrush.com/bot.html)"
114.119.128.26 - - [23/Jan/2022:22:46:38 +0100] "GET /games-and-toys-c-4.html?page=5 HTTP/1.0" 301 92917 "-" "Mozilla/5.0 (Linux; Android 7.0;) AppleWebKit/537.36 (KHTML, like Gecko) Mobile Safari/537.36 (compatible; PetalBot;+https://webmaster.petalsearch.com/site/petalbot)"
114.119.128.26 - - [23/Jan/2022:22:46:43 +0100] "GET /games-toys-c-4.html?page=5 HTTP/1.0" 200 92837 "-" "Mozilla/5.0 (Linux; Android 7.0;) AppleWebKit/537.36 (KHTML, like Gecko) Mobile Safari/537.36 (compatible; PetalBot;+https://webmaster.petalsearch.com/site/petalbot)"
185.191.171.43 - - [23/Jan/2022:22:47:16 +0100] "GET /travel-trunk-lie-de-vin-45-cm-p-49060.html HTTP/1.0" 301 70869 "-" "Mozilla/5.0 (compatible; SemrushBot/7~bl; +http://www.semrush.com/bot.html)"
17.121.114.62 - - [23/Jan/2022:22:47:18 +0100] "GET /vive-paris-spiral-notebook-p-20221.html HTTP/1.0" 200 73441 "-" "Mozilla/5.0 (Macintosh; Intel Mac OS X 10_15_5) AppleWebKit/605.1.15 (KHTML, like Gecko) Version/13.1.1 Safari/605.1.15 (Applebot/0.1; +http://www.apple.com/go/applebot)"
185.191.171.1 - - [23/Jan/2022:22:47:19 +0100] "GET /travel-trunk-p-49060.html HTTP/1.0" 200 70790 "-" "Mozilla/5.0 (compatible; SemrushBot/7~bl; +http://www.semrush.com/bot.html)"
185.191.171.11 - - [23/Jan/2022:22:47:52 +0100] "GET /service-moneybox-p-37053.html HTTP/1.0" 200 73349 "-" "Mozilla/5.0 (compatible; SemrushBot/7~bl; +http://www.semrush.com/bot.html)"
185.191.171.40 - - [23/Jan/2022:22:47:56 +0100] "GET /minions-swimming-armband-p-35064.html?action=add_product HTTP/1.0" 302 476 "-" "Mozilla/5.0 (compatible; SemrushBot/7~bl; +http://www.semrush.com/bot.html)"
51.68.224.127 - - [23/Jan/2022:22:48:08 +0100] "GET /adminweb/export_orders_xml.php?token=256de2z6edz6ed2z6DFSFsed2zed6zeDSFDSGdzedezfzf&maxorders=10&orderstart=1&status=14&start_date=2018-10-01 HTTP/1.0" 200 285 "-" "GesCom CharlotteBoutik Serveur"
51.68.224.127 - - [23/Jan/2022:22:48:08 +0100] "GET /adminweb/export_orders_xml.php?token=256de2z6edz6ed2z6DFSFsed2zed6zeDSFDSGdzedezfzf&maxorders=10&orderstart=1&status=6&start_date=2018-10-01 HTTP/1.0" 200 32795 "-" "GesCom CharlotteBoutik Serveur"
185.191.171.1 - - [23/Jan/2022:22:48:10 +0100] "GET /shabby-chic-table-lamp-p-54289.html HTTP/1.0" 200 70796 "-" "Mozilla/5.0 (compatible; SemrushBot/7~bl; +http://www.semrush.com/bot.html)"
185.191.171.21 - - [23/Jan/2022:22:48:30 +0100] "GET /bagshandbags-shoulder-bags-c-31_81.html?page=4 HTTP/1.0" 200 96762 "-" "Mozilla/5.0 (compatible; SemrushBot/7~bl; +http://www.semrush.com/bot.html)"
54.36.148.243 - - [23/Jan/2022:22:48:56 +0100] "GET /stationery-c-129_191.html HTTP/1.0" 200 91157 "-" "Mozilla/5.0 (compatible; AhrefsBot/7.0; +http://ahrefs.com/robot/)"
207.46.13.190 - - [23/Jan/2022:22:49:06 +0100] "GET /patinated-metal-headlight-clock-p-46212.html HTTP/1.0" 200 73458 "-" "Mozilla/5.0 (compatible; bingbot/2.0; +http://www.bing.com/bingbot.htm)"
185.191.171.13 - - [23/Jan/2022:22:49:27 +0100] "GET /jasmin-avoriaz-large-soup-bowl-p-34950.html HTTP/1.0" 200 73472 "-" "Mozilla/5.0 (compatible; SemrushBot/7~bl; +http://www.semrush.com/bot.html)"
185.191.171.10 - - [23/Jan/2022:22:49:35 +0100] "GET /peter-pan-tinkerbell-kneeling-figure-p-15671.html HTTP/1.0" 301 70785 "-" "Mozilla/5.0 (compatible; SemrushBot/7~bl; +http://www.semrush.com/bot.html)"
185.191.171.12 - - [23/Jan/2022:22:49:39 +0100] "GET /-p-15671.html HTTP/1.0" 200 70718 "-" "Mozilla/5.0 (compatible; SemrushBot/7~bl; +http://www.semrush.com/bot.html)"
185.191.171.44 - - [23/Jan/2022:22:49:58 +0100] "GET /sailors-cats-mini-mug-p-39832.html HTTP/1.0" 301 70868 "-" "Mozilla/5.0 (compatible; SemrushBot/7~bl; +http://www.semrush.com/bot.html)"
185.191.171.12 - - [23/Jan/2022:22:50:01 +0100] "GET /sailors-cats-mini-p-39832.html HTTP/1.0" 200 70784 "-" "Mozilla/5.0 (compatible; SemrushBot/7~bl; +http://www.semrush.com/bot.html)"
147.92.153.1 - - [23/Jan/2022:22:50:28 +0100] "GET /eraser-friction-vehicle-monster-cars-p-34275.html HTTP/1.0" 200 81854 "-" "Mozilla/5.0 (compatible; Linespider/1.1; +https://lin.ee/4dwXkTH)"
185.191.171.4 - - [23/Jan/2022:22:50:56 +0100] "GET /wax-melt-pink-blossom-p-38943.html HTTP/1.0" 301 74008 "-" "Mozilla/5.0 (compatible; SemrushBot/7~bl; +http://www.semrush.com/bot.html)"
185.191.171.26 - - [23/Jan/2022:22:50:59 +0100] "GET /melt-pink-blossom-p-38943.html HTTP/1.0" 200 73924 "-" "Mozilla/5.0 (compatible; SemrushBot/7~bl; +http://www.semrush.com/bot.html)"
108.74.161.2 - - [23/Jan/2022:22:51:03 +0100] "GET /images/big_prod/8904245400477.jpg HTTP/1.0" 200 268 "http://pos.kit-systems.com/?display=dual" "Mozilla/5.0 (Windows NT 6.2; WOW64) AppleWebKit/537.36 (KHTML, like Gecko) (KioWare Client Platform r4598) Chrome/88.0.4324.182 Safari/537.36"
185.191.171.5 - - [23/Jan/2022:22:51:31 +0100] "GET /star-wars-bb8-clock-24-cm-p-35775.html HTTP/1.0" 301 70896 "-" "Mozilla/5.0 (compatible; SemrushBot/7~bl; +http://www.semrush.com/bot.html)"
185.191.171.42 - - [23/Jan/2022:22:51:34 +0100] "GET /star-wars-clock-p-35775.html HTTP/1.0" 200 70814 "-" "Mozilla/5.0 (compatible; SemrushBot/7~bl; +http://www.semrush.com/bot.html)"
185.191.171.15 - - [23/Jan/2022:22:51:50 +0100] "GET /tree-life-wall-sticker-p-41564.html?action=add_product HTTP/1.0" 302 476 "-" "Mozilla/5.0 (compatible; SemrushBot/7~bl; +http://www.semrush.com/bot.html)"
185.191.171.26 - - [23/Jan/2022:22:51:52 +0100] "GET /-p-37827.html?action=add_product HTTP/1.0" 302 476 "-" "Mozilla/5.0 (compatible; SemrushBot/7~bl; +http://www.semrush.com/bot.html)"
54.36.148.243 - - [23/Jan/2022:22:51:56 +0100] "GET /table-setting-c-97_99.html HTTP/1.0" 200 80960 "-" "Mozilla/5.0 (compatible; AhrefsBot/7.0; +http://ahrefs.com/robot/)"
17.121.113.19 - - [23/Jan/2022:22:51:58 +0100] "GET /kitchen-gloves-potholders-c-11_178.html HTTP/1.0" 200 90287 "-" "Mozilla/5.0 (Macintosh; Intel Mac OS X 10_15_5) AppleWebKit/605.1.15 (KHTML, like Gecko) Version/13.1.1 Safari/605.1.15 (Applebot/0.1; +http://www.apple.com/go/applebot)"
157.55.39.125 - - [23/Jan/2022:22:52:05 +0100] "GET /images/9316188013314.jpg HTTP/1.0" 200 259 "-" "Mozilla/5.0 (compatible; bingbot/2.0; +http://www.bing.com/bingbot.htm)"
185.191.171.16 - - [23/Jan/2022:22:52:04 +0100] "GET /corsica-poster-50-70-cm-p-42445.html HTTP/1.0" 301 70867 "-" "Mozilla/5.0 (compatible; SemrushBot/7~bl; +http://www.semrush.com/bot.html)"
185.191.171.38 - - [23/Jan/2022:22:52:07 +0100] "GET /corsica-poster-p-42445.html HTTP/1.0" 200 70786 "-" "Mozilla/5.0 (compatible; SemrushBot/7~bl; +http://www.semrush.com/bot.html)"
185.191.171.13 - - [23/Jan/2022:22:52:14 +0100] "GET /best-pals-mickey-mouse-pluto-figurine-p-57223.html?action=add_product HTTP/1.0" 302 476 "-" "Mozilla/5.0 (compatible; SemrushBot/7~bl; +http://www.semrush.com/bot.html)"
114.119.128.253 - - [23/Jan/2022:22:52:44 +0100] "GET /tin-candle-heart-and-home-home-for-christmas-p-49946.html HTTP/1.0" 301 70963 "-" "Mozilla/5.0 (Linux; Android 7.0;) AppleWebKit/537.36 (KHTML, like Gecko) Mobile Safari/537.36 (compatible; PetalBot;+https://webmaster.petalsearch.com/site/petalbot)"
114.119.128.253 - - [23/Jan/2022:22:52:45 +0100] "GET /candle-heart-home-home-christmas-p-49946.html HTTP/1.0" 200 70864 "-" "Mozilla/5.0 (Linux; Android 7.0;) AppleWebKit/537.36 (KHTML, like Gecko) Mobile Safari/537.36 (compatible; PetalBot;+https://webmaster.petalsearch.com/site/petalbot)"
157.55.39.125 - - [23/Jan/2022:22:52:57 +0100] "GET /spiderman-small-flexible-molds-model-p-28219.html HTTP/1.0" 200 73628 "-" "Mozilla/5.0 (compatible; bingbot/2.0; +http://www.bing.com/bingbot.htm)"
193.177.162.34 - - [23/Jan/2022:22:53:11 +0100] "GET /images/mini_prod/8422360068315.jpg HTTP/1.0" 200 269 "-" "Mozilla/5.0 (X11; Ubuntu; Linux x86_64; rv:72.0) Gecko/20100101 Firefox/72.0"
185.191.171.1 - - [23/Jan/2022:22:53:17 +0100] "GET /espresso-set-cups-cats-p-49736.html HTTP/1.0" 301 70785 "-" "Mozilla/5.0 (compatible; SemrushBot/7~bl; +http://www.semrush.com/bot.html)"
185.191.171.33 - - [23/Jan/2022:22:53:19 +0100] "GET /-p-49736.html HTTP/1.0" 200 70718 "-" "Mozilla/5.0 (compatible; SemrushBot/7~bl; +http://www.semrush.com/bot.html)"
185.191.171.40 - - [23/Jan/2022:22:53:28 +0100] "GET /retro-p-11765.html?action=add_product HTTP/1.0" 302 476 "-" "Mozilla/5.0 (compatible; SemrushBot/7~bl; +http://www.semrush.com/bot.html)"
185.191.171.3 - - [23/Jan/2022:22:53:28 +0100] "GET /robots.txt HTTP/1.0" 200 245 "-" "Mozilla/5.0 (compatible; SemrushBot/7~bl; +http://www.semrush.com/bot.html)"
185.191.171.1 - - [23/Jan/2022:22:53:47 +0100] "GET /beer-glass-and-bottle-opener-set-p-53489.html HTTP/1.0" 301 74467 "-" "Mozilla/5.0 (compatible; SemrushBot/7~bl; +http://www.semrush.com/bot.html)"
185.191.171.39 - - [23/Jan/2022:22:53:50 +0100] "GET /beer-glass-bottle-opener-p-53489.html HTTP/1.0" 200 74376 "-" "Mozilla/5.0 (compatible; SemrushBot/7~bl; +http://www.semrush.com/bot.html)"
185.191.171.6 - - [23/Jan/2022:22:53:58 +0100] "GET /embroidered-rectangular-tablecloth-kolam-p-43666.html HTTP/1.0" 200 74225 "-" "Mozilla/5.0 (compatible; SemrushBot/7~bl; +http://www.semrush.com/bot.html)"
185.191.171.5 - - [23/Jan/2022:22:54:02 +0100] "GET /lighting-c-13_86.html?page=15 HTTP/1.0" 200 92785 "-" "Mozilla/5.0 (compatible; SemrushBot/7~bl; +http://www.semrush.com/bot.html)"
207.46.13.190 - - [23/Jan/2022:22:54:37 +0100] "GET /images/big_prod/3503420102554.jpg HTTP/1.0" 200 268 "-" "Mozilla/5.0 (compatible; bingbot/2.0; +http://www.bing.com/bingbot.htm)"
185.191.171.42 - - [23/Jan/2022:22:54:36 +0100] "GET /paris-chalut-de-paris-mug-p-30708.html HTTP/1.0" 301 70785 "-" "Mozilla/5.0 (compatible; SemrushBot/7~bl; +http://www.semrush.com/bot.html)"
185.191.171.12 - - [23/Jan/2022:22:54:39 +0100] "GET /-p-30708.html HTTP/1.0" 200 70718 "-" "Mozilla/5.0 (compatible; SemrushBot/7~bl; +http://www.semrush.com/bot.html)"
185.191.171.41 - - [23/Jan/2022:22:54:44 +0100] "GET /beer-chope-metal-plate-deco-p-34328.html?action=add_product HTTP/1.0" 302 476 "-" "Mozilla/5.0 (compatible; SemrushBot/7~bl; +http://www.semrush.com/bot.html)"
54.36.148.243 - - [23/Jan/2022:22:55:09 +0100] "GET /door-plate-bedroom-p-57207.html HTTP/1.0" 301 74113 "-" "Mozilla/5.0 (compatible; AhrefsBot/7.0; +http://ahrefs.com/robot/)"
