144.76.186.38 - - [23/Jan/2022:10:16:37 +0100] "GET /star-wars-covers-poster-p-33526.html HTTP/1.0" 200 70824 "-" "Mozilla/5.0 (compatible; MJ12bot/v1.4.8; http://mj12bot.com/)"
144.76.118.82 - - [23/Jan/2022:10:16:38 +0100] "GET /-p-39682.html HTTP/1.0" 200 70718 "-" "Mozilla/5.0 (compatible; MJ12bot/v1.4.8; http://mj12bot.com/)"
192.99.4.168 - - [23/Jan/2022:10:16:38 +0100] "GET /model-to-assemble-and-paint-citroen-ds3-wrc-2012-p-21600.html HTTP/1.0" 301 71019 "-" "Mozilla/5.0 (compatible; MJ12bot/v1.4.8; http://mj12bot.com/)"
192.99.4.168 - - [23/Jan/2022:10:16:41 +0100] "GET /model-assemble-paint-citroen-2012-p-21600.html HTTP/1.0" 200 70919 "-" "Mozilla/5.0 (compatible; MJ12bot/v1.4.8; http://mj12bot.com/)"
144.76.186.38 - - [23/Jan/2022:10:16:43 +0100] "GET /star-wars-dameron-figure-p-34608.html HTTP/1.0" 200 73582 "-" "Mozilla/5.0 (compatible; MJ12bot/v1.4.8; http://mj12bot.com/)"
144.76.118.82 - - [23/Jan/2022:10:16:44 +0100] "GET /policeman-and-guardsman-salt-and-pepper-p-28856.html HTTP/1.0" 301 70946 "-" "Mozilla/5.0 (compatible; MJ12bot/v1.4.8; http://mj12bot.com/)"
192.99.4.168 - - [23/Jan/2022:10:16:44 +0100] "GET /model-to-assemble-and-paint-ducati-desmosedic-p-21629.html HTTP/1.0" 301 71025 "-" "Mozilla/5.0 (compatible; MJ12bot/v1.4.8; http://mj12bot.com/)"
192.99.4.168 - - [23/Jan/2022:10:16:48 +0100] "GET /model-assemble-paint-ducati-desmosedic-p-21629.html HTTP/1.0" 200 70920 "-" "Mozilla/5.0 (compatible; MJ12bot/v1.4.8; http://mj12bot.com/)"
144.76.186.38 - - [23/Jan/2022:10:16:51 +0100] "GET /star-wars-darth-vader-in-room-guard-torch-voice-changer-p-30099.html HTTP/1.0" 301 70785 "-" "Mozilla/5.0 (compatible; MJ12bot/v1.4.8; http://mj12bot.com/)"
144.76.118.82 - - [23/Jan/2022:10:16:51 +0100] "GET /policeman-guardsman-salt-pepper-p-28856.html HTTP/1.0" 200 70848 "-" "Mozilla/5.0 (compatible; MJ12bot/v1.4.8; http://mj12bot.com/)"
192.99.4.168 - - [23/Jan/2022:10:16:51 +0100] "GET /model-to-assemble-and-paint-mirage-2000-p-23220.html HTTP/1.0" 301 70995 "-" "Mozilla/5.0 (compatible; MJ12bot/v1.4.8; http://mj12bot.com/)"
185.191.171.18 - - [23/Jan/2022:10:16:51 +0100] "GET /bolster-case-in-cotton-percale-80-threads-43-190-cm-p-48189.html HTTP/1.0" 301 74427 "-" "Mozilla/5.0 (compatible; SemrushBot/7~bl; +http://www.semrush.com/bot.html)"
192.99.4.168 - - [23/Jan/2022:10:16:55 +0100] "GET /model-assemble-paint-mirage-2000-p-23220.html HTTP/1.0" 200 70896 "-" "Mozilla/5.0 (compatible; MJ12bot/v1.4.8; http://mj12bot.com/)"
185.191.171.38 - - [23/Jan/2022:10:16:55 +0100] "GET /bolster-case-cotton-percale-threads-p-48189.html HTTP/1.0" 200 74325 "-" "Mozilla/5.0 (compatible; SemrushBot/7~bl; +http://www.semrush.com/bot.html)"
144.76.118.82 - - [23/Jan/2022:10:16:57 +0100] "GET /policeman-guardsman-salt-pepper-p-28856.html HTTP/1.0" 200 70848 "-" "Mozilla/5.0 (compatible; MJ12bot/v1.4.8; http://mj12bot.com/)"
192.99.4.168 - - [23/Jan/2022:10:16:58 +0100] "GET /model-to-assemble-and-paint-mirage-iii-er5-ba-p-21605.html HTTP/1.0" 301 70998 "-" "Mozilla/5.0 (compatible; MJ12bot/v1.4.8; http://mj12bot.com/)"
144.76.186.38 - - [23/Jan/2022:10:16:59 +0100] "GET /-p-30099.html HTTP/1.0" 200 70718 "-" "Mozilla/5.0 (compatible; MJ12bot/v1.4.8; http://mj12bot.com/)"
192.99.4.168 - - [23/Jan/2022:10:17:01 +0100] "GET /model-assemble-paint-mirage-p-21605.html HTTP/1.0" 200 70904 "-" "Mozilla/5.0 (compatible; MJ12bot/v1.4.8; http://mj12bot.com/)"
144.76.118.82 - - [23/Jan/2022:10:17:02 +0100] "GET /policeman-in-st-tropez-mini-metal-tray-p-45222.html HTTP/1.0" 301 73645 "-" "Mozilla/5.0 (compatible; MJ12bot/v1.4.8; http://mj12bot.com/)"
192.99.4.168 - - [23/Jan/2022:10:17:04 +0100] "GET /model-to-assemble-and-paint-motorcycle-suzuki-rgv-500-2001-p-21626.html HTTP/1.0" 301 71079 "-" "Mozilla/5.0 (compatible; MJ12bot/v1.4.8; http://mj12bot.com/)"
54.36.148.243 - - [23/Jan/2022:10:17:06 +0100] "GET /trays-medium-size-c-12_159_265.html?page=2 HTTP/1.0" 200 91107 "-" "Mozilla/5.0 (compatible; AhrefsBot/7.0; +http://ahrefs.com/robot/)"
192.99.4.168 - - [23/Jan/2022:10:17:07 +0100] "GET /model-assemble-paint-motorcycle-suzuki-2001-p-21626.html HTTP/1.0" 200 70969 "-" "Mozilla/5.0 (compatible; MJ12bot/v1.4.8; http://mj12bot.com/)"
144.76.118.82 - - [23/Jan/2022:10:17:07 +0100] "GET /policeman-tropez-mini-metal-tray-p-45222.html HTTP/1.0" 200 73546 "-" "Mozilla/5.0 (compatible; MJ12bot/v1.4.8; http://mj12bot.com/)"
144.76.186.38 - - [23/Jan/2022:10:17:09 +0100] "GET /star-wars-darth-vader-room-guard-torch-voice-changer-p-30099.html HTTP/1.0" 301 70785 "-" "Mozilla/5.0 (compatible; MJ12bot/v1.4.8; http://mj12bot.com/)"
192.99.4.168 - - [23/Jan/2022:10:17:09 +0100] "GET /model-to-assemble-and-paint-motorcycle-yamaha-y2r-mi-2005-p-21623.html HTTP/1.0" 301 71076 "-" "Mozilla/5.0 (compatible; MJ12bot/v1.4.8; http://mj12bot.com/)"
144.76.118.82 - - [23/Jan/2022:10:17:12 +0100] "GET /policeman-tropez-mini-metal-tray-p-45222.html HTTP/1.0" 200 73546 "-" "Mozilla/5.0 (compatible; MJ12bot/v1.4.8; http://mj12bot.com/)"
192.99.4.168 - - [23/Jan/2022:10:17:12 +0100] "GET /model-assemble-paint-motorcycle-yamaha-2005-p-21623.html HTTP/1.0" 200 70966 "-" "Mozilla/5.0 (compatible; MJ12bot/v1.4.8; http://mj12bot.com/)"
192.99.4.168 - - [23/Jan/2022:10:17:15 +0100] "GET /model-vespa-1946-white-p-18641.html HTTP/1.0" 200 70828 "-" "Mozilla/5.0 (compatible; MJ12bot/v1.4.8; http://mj12bot.com/)"
144.76.186.38 - - [23/Jan/2022:10:17:17 +0100] "GET /-p-30099.html HTTP/1.0" 200 70718 "-" "Mozilla/5.0 (compatible; MJ12bot/v1.4.8; http://mj12bot.com/)"
192.99.4.168 - - [23/Jan/2022:10:17:18 +0100] "GET /model-vespa-2003-p-32451.html HTTP/1.0" 200 70790 "-" "Mozilla/5.0 (compatible; MJ12bot/v1.4.8; http://mj12bot.com/)"
192.99.4.168 - - [23/Jan/2022:10:17:20 +0100] "GET /model-vespa-2005-p-32453.html HTTP/1.0" 200 70825 "-" "Mozilla/5.0 (compatible; MJ12bot/v1.4.8; http://mj12bot.com/)"
144.76.118.82 - - [23/Jan/2022:10:17:21 +0100] "GET /polypropylene-black-and-grey-outdoor-carpet-120-180-cm-p-44347.html HTTP/1.0" 301 70785 "-" "Mozilla/5.0 (compatible; MJ12bot/v1.4.8; http://mj12bot.com/)"
192.99.4.168 - - [23/Jan/2022:10:17:23 +0100] "GET /model-vespa-90ss-1965-blue-p-18643.html HTTP/1.0" 200 70839 "-" "Mozilla/5.0 (compatible; MJ12bot/v1.4.8; http://mj12bot.com/)"
144.76.186.38 - - [23/Jan/2022:10:17:23 +0100] "GET /star-wars-darth-vader-stickers-p-15394.html HTTP/1.0" 200 70828 "-" "Mozilla/5.0 (compatible; MJ12bot/v1.4.8; http://mj12bot.com/)"
114.119.128.26 - - [23/Jan/2022:10:17:27 +0100] "GET /images/big_prod_1/3503423001236B.jpg HTTP/1.0" 200 271 "-" "Mozilla/5.0 (Linux; Android 7.0;) AppleWebKit/537.36 (KHTML, like Gecko) Mobile Safari/537.36 (compatible; PetalBot;+https://webmaster.petalsearch.com/site/petalbot)"
192.99.4.168 - - [23/Jan/2022:10:17:26 +0100] "GET /model-vespa-98-1946-white-p-18641.html HTTP/1.0" 301 70917 "-" "Mozilla/5.0 (compatible; MJ12bot/v1.4.8; http://mj12bot.com/)"
144.76.118.82 - - [23/Jan/2022:10:17:28 +0100] "GET /-p-44347.html HTTP/1.0" 200 70718 "-" "Mozilla/5.0 (compatible; MJ12bot/v1.4.8; http://mj12bot.com/)"
192.99.4.168 - - [23/Jan/2022:10:17:28 +0100] "GET /model-vespa-1946-white-p-18641.html HTTP/1.0" 200 70828 "-" "Mozilla/5.0 (compatible; MJ12bot/v1.4.8; http://mj12bot.com/)"
192.99.4.168 - - [23/Jan/2022:10:17:31 +0100] "GET /model-vespa-et4-2003-118-p-32451.html HTTP/1.0" 301 70873 "-" "Mozilla/5.0 (compatible; MJ12bot/v1.4.8; http://mj12bot.com/)"
144.76.118.82 - - [23/Jan/2022:10:17:34 +0100] "GET /polypropylene-blue-and-beige-outdoor-carpet-160-260-cm-p-44348.html HTTP/1.0" 301 70785 "-" "Mozilla/5.0 (compatible; MJ12bot/v1.4.8; http://mj12bot.com/)"
192.99.4.168 - - [23/Jan/2022:10:17:34 +0100] "GET /model-vespa-2003-p-32451.html HTTP/1.0" 200 70790 "-" "Mozilla/5.0 (compatible; MJ12bot/v1.4.8; http://mj12bot.com/)"
144.76.186.38 - - [23/Jan/2022:10:17:34 +0100] "GET /star-wars-desk-blotter-p-40772.html HTTP/1.0" 200 70831 "-" "Mozilla/5.0 (compatible; MJ12bot/v1.4.8; http://mj12bot.com/)"
192.99.4.168 - - [23/Jan/2022:10:17:38 +0100] "GET /model-vespa-granturisimo-2003-118-p-32455.html HTTP/1.0" 301 70965 "-" "Mozilla/5.0 (compatible; MJ12bot/v1.4.8; http://mj12bot.com/)"
144.76.118.82 - - [23/Jan/2022:10:17:38 +0100] "GET /-p-44348.html HTTP/1.0" 200 70718 "-" "Mozilla/5.0 (compatible; MJ12bot/v1.4.8; http://mj12bot.com/)"
185.191.171.21 - - [23/Jan/2022:10:17:39 +0100] "GET /mini-motsu-keel-toys-plush-p-46210.html HTTP/1.0" 200 70839 "-" "Mozilla/5.0 (compatible; SemrushBot/7~bl; +http://www.semrush.com/bot.html)"
192.99.4.168 - - [23/Jan/2022:10:17:41 +0100] "GET /model-vespa-granturisimo-2003-p-32455.html HTTP/1.0" 200 70869 "-" "Mozilla/5.0 (compatible; MJ12bot/v1.4.8; http://mj12bot.com/)"
192.99.4.168 - - [23/Jan/2022:10:17:44 +0100] "GET /model-vespa-granturisimo-2003-p-32455.html HTTP/1.0" 200 70869 "-" "Mozilla/5.0 (compatible; MJ12bot/v1.4.8; http://mj12bot.com/)"
144.76.186.38 - - [23/Jan/2022:10:17:44 +0100] "GET /star-wars-desktop-storm-trooper-p-32739.html HTTP/1.0" 200 70840 "-" "Mozilla/5.0 (compatible; MJ12bot/v1.4.8; http://mj12bot.com/)"
144.76.118.82 - - [23/Jan/2022:10:17:45 +0100] "GET /poncho-towels-and-bathrobes-c-13_11_72.html HTTP/1.0" 301 82034 "-" "Mozilla/5.0 (compatible; MJ12bot/v1.4.8; http://mj12bot.com/)"
192.99.4.168 - - [23/Jan/2022:10:17:47 +0100] "GET /model-vespa-hoffmann-hnigin-1954-118-p-32454.html HTTP/1.0" 301 70986 "-" "Mozilla/5.0 (compatible; MJ12bot/v1.4.8; http://mj12bot.com/)"
192.99.4.168 - - [23/Jan/2022:10:17:49 +0100] "GET /model-vespa-hoffmann-hnigin-1954-p-32454.html HTTP/1.0" 200 70887 "-" "Mozilla/5.0 (compatible; MJ12bot/v1.4.8; http://mj12bot.com/)"
144.76.186.38 - - [23/Jan/2022:10:17:51 +0100] "GET /star-wars-desktop-storm-trooper-tin-p-32739.html HTTP/1.0" 301 70938 "-" "Mozilla/5.0 (compatible; MJ12bot/v1.4.8; http://mj12bot.com/)"
192.99.4.168 - - [23/Jan/2022:10:17:52 +0100] "GET /model-vespa-hoffmann-hnigin-1954-p-32454.html HTTP/1.0" 200 70887 "-" "Mozilla/5.0 (compatible; MJ12bot/v1.4.8; http://mj12bot.com/)"
144.76.118.82 - - [23/Jan/2022:10:17:54 +0100] "GET /poncho-towels-bathrobes-c-72.html HTTP/1.0" 301 81780 "-" "Mozilla/5.0 (compatible; MJ12bot/v1.4.8; http://mj12bot.com/)"
192.99.4.168 - - [23/Jan/2022:10:17:55 +0100] "GET /model-vespa-lx-125-2005-118-p-32453.html HTTP/1.0" 301 70908 "-" "Mozilla/5.0 (compatible; MJ12bot/v1.4.8; http://mj12bot.com/)"
192.99.4.168 - - [23/Jan/2022:10:17:58 +0100] "GET /model-vespa-2005-p-32453.html HTTP/1.0" 200 70825 "-" "Mozilla/5.0 (compatible; MJ12bot/v1.4.8; http://mj12bot.com/)"
144.76.186.38 - - [23/Jan/2022:10:17:59 +0100] "GET /star-wars-desktop-storm-trooper-p-32739.html HTTP/1.0" 200 70840 "-" "Mozilla/5.0 (compatible; MJ12bot/v1.4.8; http://mj12bot.com/)"
192.99.4.168 - - [23/Jan/2022:10:18:01 +0100] "GET /model-vespa-p200e-1978-orange-p-18644.html HTTP/1.0" 200 70854 "-" "Mozilla/5.0 (compatible; MJ12bot/v1.4.8; http://mj12bot.com/)"
192.99.4.168 - - [23/Jan/2022:10:18:03 +0100] "GET /model-vespa-rally-180-1968-p-18642.html HTTP/1.0" 301 70920 "-" "Mozilla/5.0 (compatible; MJ12bot/v1.4.8; http://mj12bot.com/)"
144.76.118.82 - - [23/Jan/2022:10:18:04 +0100] "GET /poncho-towels-bathrobes-c-11_72.html HTTP/1.0" 200 81812 "-" "Mozilla/5.0 (compatible; MJ12bot/v1.4.8; http://mj12bot.com/)"
192.99.4.168 - - [23/Jan/2022:10:18:06 +0100] "GET /model-vespa-rally-1968-p-18642.html HTTP/1.0" 200 70831 "-" "Mozilla/5.0 (compatible; MJ12bot/v1.4.8; http://mj12bot.com/)"
144.76.186.38 - - [23/Jan/2022:10:18:08 +0100] "GET /star-wars-inquisitor-vehicle-p-29849.html HTTP/1.0" 301 70785 "-" "Mozilla/5.0 (compatible; MJ12bot/v1.4.8; http://mj12bot.com/)"
192.99.4.168 - - [23/Jan/2022:10:18:09 +0100] "GET /model-vespa-rally-1968-p-18642.html HTTP/1.0" 200 70831 "-" "Mozilla/5.0 (compatible; MJ12bot/v1.4.8; http://mj12bot.com/)"
144.76.118.82 - - [23/Jan/2022:10:18:11 +0100] "GET /poncho-towels-and-bathrobes-c-13_11_72.html?page=1 HTTP/1.0" 301 82052 "-" "Mozilla/5.0 (compatible; MJ12bot/v1.4.8; http://mj12bot.com/)"
192.99.4.168 - - [23/Jan/2022:10:18:12 +0100] "GET /model-wedding-album-coloring-p-43038.html HTTP/1.0" 301 70785 "-" "Mozilla/5.0 (compatible; MJ12bot/v1.4.8; http://mj12bot.com/)"
144.76.186.38 - - [23/Jan/2022:10:18:16 +0100] "GET /-p-29849.html HTTP/1.0" 200 70718 "-" "Mozilla/5.0 (compatible; MJ12bot/v1.4.8; http://mj12bot.com/)"
192.99.4.168 - - [23/Jan/2022:10:18:16 +0100] "GET /-p-43038.html HTTP/1.0" 200 70718 "-" "Mozilla/5.0 (compatible; MJ12bot/v1.4.8; http://mj12bot.com/)"
144.76.118.82 - - [23/Jan/2022:10:18:17 +0100] "GET /poncho-towels-bathrobes-c-72.html?page=1 HTTP/1.0" 301 81798 "-" "Mozilla/5.0 (compatible; MJ12bot/v1.4.8; http://mj12bot.com/)"
185.191.171.24 - - [23/Jan/2022:10:18:20 +0100] "GET /shower-curtain-p-50725.html?action=add_product HTTP/1.0" 302 476 "-" "Mozilla/5.0 (compatible; SemrushBot/7~bl; +http://www.semrush.com/bot.html)"
192.99.4.168 - - [23/Jan/2022:10:18:20 +0100] "GET /modular-weapon-jedi-soldiers-p-33425.html HTTP/1.0" 200 70870 "-" "Mozilla/5.0 (compatible; MJ12bot/v1.4.8; http://mj12bot.com/)"
144.76.118.82 - - [23/Jan/2022:10:18:21 +0100] "GET /poncho-towels-bathrobes-c-11_72.html?page=1 HTTP/1.0" 200 81823 "-" "Mozilla/5.0 (compatible; MJ12bot/v1.4.8; http://mj12bot.com/)"
144.76.186.38 - - [23/Jan/2022:10:18:23 +0100] "GET /star-wars-keyring-p-28280.html HTTP/1.0" 200 70794 "-" "Mozilla/5.0 (compatible; MJ12bot/v1.4.8; http://mj12bot.com/)"
192.99.4.168 - - [23/Jan/2022:10:18:23 +0100] "GET /monster-high-suitcase-p-20417.html HTTP/1.0" 200 70814 "-" "Mozilla/5.0 (compatible; MJ12bot/v1.4.8; http://mj12bot.com/)"
192.99.4.168 - - [23/Jan/2022:10:18:26 +0100] "GET /monster-high-tiara-p-19427.html HTTP/1.0" 200 70799 "-" "Mozilla/5.0 (compatible; MJ12bot/v1.4.8; http://mj12bot.com/)"
144.76.118.82 - - [23/Jan/2022:10:18:27 +0100] "GET /pop-collection-frame-tinker-bell-by-britto-p-18683.html HTTP/1.0" 301 70785 "-" "Mozilla/5.0 (compatible; MJ12bot/v1.4.8; http://mj12bot.com/)"
192.99.4.168 - - [23/Jan/2022:10:18:29 +0100] "GET /monster-high-travel-vanity-p-27753.html HTTP/1.0" 200 70839 "-" "Mozilla/5.0 (compatible; MJ12bot/v1.4.8; http://mj12bot.com/)"
144.76.118.82 - - [23/Jan/2022:10:18:31 +0100] "GET /-p-18683.html HTTP/1.0" 200 70718 "-" "Mozilla/5.0 (compatible; MJ12bot/v1.4.8; http://mj12bot.com/)"
144.76.186.38 - - [23/Jan/2022:10:18:31 +0100] "GET /star-wars-kids-school-bag-p-35850.html HTTP/1.0" 301 70888 "-" "Mozilla/5.0 (compatible; MJ12bot/v1.4.8; http://mj12bot.com/)"
192.99.4.168 - - [23/Jan/2022:10:18:32 +0100] "GET /moon-star-small-carved-p-37139.html HTTP/1.0" 200 73671 "-" "Mozilla/5.0 (compatible; MJ12bot/v1.4.8; http://mj12bot.com/)"
192.99.4.168 - - [23/Jan/2022:10:18:36 +0100] "GET /moon-wall-decoration-p-50179.html HTTP/1.0" 200 70826 "-" "Mozilla/5.0 (compatible; MJ12bot/v1.4.8; http://mj12bot.com/)"
144.76.118.82 - - [23/Jan/2022:10:18:36 +0100] "GET /pop-corn-maker-p-24909.html HTTP/1.0" 301 70785 "-" "Mozilla/5.0 (compatible; MJ12bot/v1.4.8; http://mj12bot.com/)"
192.99.4.168 - - [23/Jan/2022:10:18:39 +0100] "GET /moroccan-ashtray-p-40622.html HTTP/1.0" 200 73326 "-" "Mozilla/5.0 (compatible; MJ12bot/v1.4.8; http://mj12bot.com/)"
144.76.186.38 - - [23/Jan/2022:10:18:39 +0100] "GET /star-wars-kids-school-p-35850.html HTTP/1.0" 200 70800 "-" "Mozilla/5.0 (compatible; MJ12bot/v1.4.8; http://mj12bot.com/)"
192.99.4.168 - - [23/Jan/2022:10:18:42 +0100] "GET /moroccan-ashtray-p-40631.html HTTP/1.0" 200 70789 "-" "Mozilla/5.0 (compatible; MJ12bot/v1.4.8; http://mj12bot.com/)"
144.76.118.82 - - [23/Jan/2022:10:18:43 +0100] "GET /-p-24909.html HTTP/1.0" 200 70718 "-" "Mozilla/5.0 (compatible; MJ12bot/v1.4.8; http://mj12bot.com/)"
192.99.4.168 - - [23/Jan/2022:10:18:44 +0100] "GET /moroccan-ashtray-p-40635.html HTTP/1.0" 200 73325 "-" "Mozilla/5.0 (compatible; MJ12bot/v1.4.8; http://mj12bot.com/)"
144.76.186.38 - - [23/Jan/2022:10:18:47 +0100] "GET /star-wars-kids-school-p-35850.html HTTP/1.0" 200 70800 "-" "Mozilla/5.0 (compatible; MJ12bot/v1.4.8; http://mj12bot.com/)"
192.99.4.168 - - [23/Jan/2022:10:18:47 +0100] "GET /moroccan-ashtray-p-40649.html HTTP/1.0" 200 73325 "-" "Mozilla/5.0 (compatible; MJ12bot/v1.4.8; http://mj12bot.com/)"
144.76.118.82 - - [23/Jan/2022:10:18:50 +0100] "GET /pop-corn-trolley-metal-decoration-p-38739.html HTTP/1.0" 301 73573 "-" "Mozilla/5.0 (compatible; MJ12bot/v1.4.8; http://mj12bot.com/)"
192.99.4.168 - - [23/Jan/2022:10:18:50 +0100] "GET /moroccan-ashtray-p-40669.html HTTP/1.0" 200 73326 "-" "Mozilla/5.0 (compatible; MJ12bot/v1.4.8; http://mj12bot.com/)"
192.99.4.168 - - [23/Jan/2022:10:18:53 +0100] "GET /moroccan-ashtray-p-52724.html HTTP/1.0" 200 70772 "-" "Mozilla/5.0 (compatible; MJ12bot/v1.4.8; http://mj12bot.com/)"
144.76.186.38 - - [23/Jan/2022:10:18:55 +0100] "GET /star-wars-kylo-flametrooper-pencil-case-p-32492.html HTTP/1.0" 200 70852 "-" "Mozilla/5.0 (compatible; MJ12bot/v1.4.8; http://mj12bot.com/)"
192.99.4.168 - - [23/Jan/2022:10:18:56 +0100] "GET /moroccan-ashtray-p-52726.html HTTP/1.0" 200 73284 "-" "Mozilla/5.0 (compatible; MJ12bot/v1.4.8; http://mj12bot.com/)"
144.76.118.82 - - [23/Jan/2022:10:18:57 +0100] "GET /corn-trolley-metal-decoration-p-38739.html HTTP/1.0" 200 73477 "-" "Mozilla/5.0 (compatible; MJ12bot/v1.4.8; http://mj12bot.com/)"
192.99.4.168 - - [23/Jan/2022:10:19:00 +0100] "GET /moroccan-orange-ashtray-p-31883.html HTTP/1.0" 200 73372 "-" "Mozilla/5.0 (compatible; MJ12bot/v1.4.8; http://mj12bot.com/)"
144.76.186.38 - - [23/Jan/2022:10:19:03 +0100] "GET /star-wars-kylo-large-backpack-p-35539.html HTTP/1.0" 200 70832 "-" "Mozilla/5.0 (compatible; MJ12bot/v1.4.8; http://mj12bot.com/)"
192.99.4.168 - - [23/Jan/2022:10:19:04 +0100] "GET /motocycle-by-cbkreation-white-tee-shirt-p-35445.html HTTP/1.0" 301 75503 "-" "Mozilla/5.0 (compatible; MJ12bot/v1.4.8; http://mj12bot.com/)"
144.76.118.82 - - [23/Jan/2022:10:19:04 +0100] "GET /pop-corn-trolley-money-box-red-p-38739.html HTTP/1.0" 301 73573 "-" "Mozilla/5.0 (compatible; MJ12bot/v1.4.8; http://mj12bot.com/)"
192.99.4.168 - - [23/Jan/2022:10:19:08 +0100] "GET /motocycle-cbkration-white-shirt-p-35445.html HTTP/1.0" 200 75405 "-" "Mozilla/5.0 (compatible; MJ12bot/v1.4.8; http://mj12bot.com/)"
144.76.186.38 - - [23/Jan/2022:10:19:10 +0100] "GET /star-wars-kylo-little-suitcase-p-34775.html HTTP/1.0" 200 70836 "-" "Mozilla/5.0 (compatible; MJ12bot/v1.4.8; http://mj12bot.com/)"
192.99.4.168 - - [23/Jan/2022:10:19:11 +0100] "GET /motocycle-cbkration-white-shirt-p-35445.html HTTP/1.0" 200 75405 "-" "Mozilla/5.0 (compatible; MJ12bot/v1.4.8; http://mj12bot.com/)"
185.191.171.23 - - [23/Jan/2022:10:19:14 +0100] "GET /game-thrones-episodes-poster-p-32309.html?action=add_product HTTP/1.0" 302 476 "-" "Mozilla/5.0 (compatible; SemrushBot/7~bl; +http://www.semrush.com/bot.html)"
144.76.118.82 - - [23/Jan/2022:10:19:13 +0100] "GET /corn-trolley-metal-decoration-p-38739.html HTTP/1.0" 200 73477 "-" "Mozilla/5.0 (compatible; MJ12bot/v1.4.8; http://mj12bot.com/)"
192.99.4.168 - - [23/Jan/2022:10:19:14 +0100] "GET /motorbike-cushion-p-32797.html HTTP/1.0" 301 70785 "-" "Mozilla/5.0 (compatible; MJ12bot/v1.4.8; http://mj12bot.com/)"
144.76.186.38 - - [23/Jan/2022:10:19:17 +0100] "GET /star-wars-kylo-little-suitcase-p-35537.html HTTP/1.0" 200 70871 "-" "Mozilla/5.0 (compatible; MJ12bot/v1.4.8; http://mj12bot.com/)"
192.99.4.168 - - [23/Jan/2022:10:19:17 +0100] "GET /-p-32797.html HTTP/1.0" 200 70718 "-" "Mozilla/5.0 (compatible; MJ12bot/v1.4.8; http://mj12bot.com/)"
144.76.118.82 - - [23/Jan/2022:10:19:19 +0100] "GET /porcelain-guardian-mini-statuette-bird-p-44355.html HTTP/1.0" 301 70785 "-" "Mozilla/5.0 (compatible; MJ12bot/v1.4.8; http://mj12bot.com/)"
192.99.4.168 - - [23/Jan/2022:10:19:20 +0100] "GET /moustache-ring-p-18244.html HTTP/1.0" 200 73503 "-" "Mozilla/5.0 (compatible; MJ12bot/v1.4.8; http://mj12bot.com/)"
192.99.4.168 - - [23/Jan/2022:10:19:23 +0100] "GET /nature-stickers-p-35386.html HTTP/1.0" 301 70785 "-" "Mozilla/5.0 (compatible; MJ12bot/v1.4.8; http://mj12bot.com/)"
144.76.186.38 - - [23/Jan/2022:10:19:25 +0100] "GET /star-wars-kylo-ren-and-flametrooper-pencil-case-p-32492.html HTTP/1.0" 301 70958 "-" "Mozilla/5.0 (compatible; MJ12bot/v1.4.8; http://mj12bot.com/)"
144.76.118.82 - - [23/Jan/2022:10:19:26 +0100] "GET /-p-44355.html HTTP/1.0" 200 70718 "-" "Mozilla/5.0 (compatible; MJ12bot/v1.4.8; http://mj12bot.com/)"
192.99.4.168 - - [23/Jan/2022:10:19:26 +0100] "GET /-p-35386.html HTTP/1.0" 200 70718 "-" "Mozilla/5.0 (compatible; MJ12bot/v1.4.8; http://mj12bot.com/)"
192.99.4.168 - - [23/Jan/2022:10:19:29 +0100] "GET /neon-guitar-clock-p-26606.html HTTP/1.0" 200 73430 "-" "Mozilla/5.0 (compatible; MJ12bot/v1.4.8; http://mj12bot.com/)"
144.76.118.82 - - [23/Jan/2022:10:19:31 +0100] "GET /porcelain-guardian-mini-statuette-pray-p-44354.html HTTP/1.0" 301 70785 "-" "Mozilla/5.0 (compatible; MJ12bot/v1.4.8; http://mj12bot.com/)"
192.99.4.168 - - [23/Jan/2022:10:19:32 +0100] "GET /nightlight-shaped-squirrel-multicolor-led-p-35348.html HTTP/1.0" 301 74279 "-" "Mozilla/5.0 (compatible; MJ12bot/v1.4.8; http://mj12bot.com/)"
144.76.186.38 - - [23/Jan/2022:10:19:32 +0100] "GET /star-wars-kylo-flametrooper-pencil-case-p-32492.html HTTP/1.0" 200 70852 "-" "Mozilla/5.0 (compatible; MJ12bot/v1.4.8; http://mj12bot.com/)"
192.99.4.168 - - [23/Jan/2022:10:19:36 +0100] "GET /nightlight-shaped-squirrel-multicolor-p-35348.html HTTP/1.0" 200 74175 "-" "Mozilla/5.0 (compatible; MJ12bot/v1.4.8; http://mj12bot.com/)"
144.76.118.82 - - [23/Jan/2022:10:19:37 +0100] "GET /-p-44354.html HTTP/1.0" 200 70718 "-" "Mozilla/5.0 (compatible; MJ12bot/v1.4.8; http://mj12bot.com/)"
144.76.186.38 - - [23/Jan/2022:10:19:38 +0100] "GET /star-wars-kylo-ren-large-backpack-p-35539.html HTTP/1.0" 301 70928 "-" "Mozilla/5.0 (compatible; MJ12bot/v1.4.8; http://mj12bot.com/)"
192.99.4.168 - - [23/Jan/2022:10:19:39 +0100] "GET /nightlight-shaped-squirrel-multicolor-p-35348.html HTTP/1.0" 200 74175 "-" "Mozilla/5.0 (compatible; MJ12bot/v1.4.8; http://mj12bot.com/)"
144.76.118.82 - - [23/Jan/2022:10:19:43 +0100] "GET /porcelain-guardian-mini-statuette-star-p-44356.html HTTP/1.0" 301 70785 "-" "Mozilla/5.0 (compatible; MJ12bot/v1.4.8; http://mj12bot.com/)"
17.121.115.251 - - [23/Jan/2022:10:19:44 +0100] "GET /chakra-wooden-throat-chakra-p-46562.html HTTP/1.0" 200 70796 "-" "Mozilla/5.0 (Macintosh; Intel Mac OS X 10_15_5) AppleWebKit/605.1.15 (KHTML, like Gecko) Version/13.1.1 Safari/605.1.15 (Applebot/0.1; +http://www.apple.com/go/applebot)"
144.76.186.38 - - [23/Jan/2022:10:19:47 +0100] "GET /star-wars-kylo-large-backpack-p-35539.html HTTP/1.0" 200 70832 "-" "Mozilla/5.0 (compatible; MJ12bot/v1.4.8; http://mj12bot.com/)"
54.36.148.243 - - [23/Jan/2022:10:19:48 +0100] "GET /wine-metal-plate-deco-p-36125.html HTTP/1.0" 200 73339 "-" "Mozilla/5.0 (compatible; AhrefsBot/7.0; +http://ahrefs.com/robot/)"
192.99.4.168 - - [23/Jan/2022:10:19:50 +0100] "GET /ninja-turtles-lunch-box-p-20836.html HTTP/1.0" 301 70785 "-" "Mozilla/5.0 (compatible; MJ12bot/v1.4.8; http://mj12bot.com/)"
106.11.155.61 - - [23/Jan/2022:10:20:01 +0100] "GET /images/mini_prod/5411854149701.jpg HTTP/1.0" 200 269 "http://www.wonder-geek.com/backpacks-c-31_77.html" "YisouSpider"
144.76.118.82 - - [23/Jan/2022:10:19:59 +0100] "GET /-p-44356.html HTTP/1.0" 200 70718 "-" "Mozilla/5.0 (compatible; MJ12bot/v1.4.8; http://mj12bot.com/)"
144.76.186.38 - - [23/Jan/2022:10:20:03 +0100] "GET /star-wars-kylo-ren-little-suitcase-p-34775.html HTTP/1.0" 301 70933 "-" "Mozilla/5.0 (compatible; MJ12bot/v1.4.8; http://mj12bot.com/)"
192.99.4.168 - - [23/Jan/2022:10:20:04 +0100] "GET /-p-20836.html HTTP/1.0" 200 70718 "-" "Mozilla/5.0 (compatible; MJ12bot/v1.4.8; http://mj12bot.com/)"
192.99.4.168 - - [23/Jan/2022:10:20:10 +0100] "GET /ninja-turtles-suitcase-p-27363.html HTTP/1.0" 301 70785 "-" "Mozilla/5.0 (compatible; MJ12bot/v1.4.8; http://mj12bot.com/)"
144.76.118.82 - - [23/Jan/2022:10:20:10 +0100] "GET /porcelain-mood-espresso-tassen-made-germany-p-43288.html HTTP/1.0" 200 70951 "-" "Mozilla/5.0 (compatible; MJ12bot/v1.4.8; http://mj12bot.com/)"
185.191.171.44 - - [23/Jan/2022:10:20:14 +0100] "GET /plush-penguin-yoopy-star-p-42701.html HTTP/1.0" 200 73513 "-" "Mozilla/5.0 (compatible; SemrushBot/7~bl; +http://www.semrush.com/bot.html)"
192.99.4.168 - - [23/Jan/2022:10:20:16 +0100] "GET /-p-27363.html HTTP/1.0" 200 70718 "-" "Mozilla/5.0 (compatible; MJ12bot/v1.4.8; http://mj12bot.com/)"
144.76.186.38 - - [23/Jan/2022:10:20:16 +0100] "GET /star-wars-kylo-little-suitcase-p-34775.html HTTP/1.0" 200 70836 "-" "Mozilla/5.0 (compatible; MJ12bot/v1.4.8; http://mj12bot.com/)"
144.76.118.82 - - [23/Jan/2022:10:20:18 +0100] "GET /porcelain-mood-espresso-tassen-made-germany-p-43289.html HTTP/1.0" 200 70951 "-" "Mozilla/5.0 (compatible; MJ12bot/v1.4.8; http://mj12bot.com/)"
192.99.4.168 - - [23/Jan/2022:10:20:20 +0100] "GET /nintendo-1up-mushroom-shirt-p-29606.html HTTP/1.0" 301 74626 "-" "Mozilla/5.0 (compatible; MJ12bot/v1.4.8; http://mj12bot.com/)"
144.76.118.82 - - [23/Jan/2022:10:20:23 +0100] "GET /poseidon-statue-p-46555.html HTTP/1.0" 200 73404 "-" "Mozilla/5.0 (compatible; MJ12bot/v1.4.8; http://mj12bot.com/)"
192.99.4.168 - - [23/Jan/2022:10:20:23 +0100] "GET /nintendo-mushroom-shirt-p-29606.html HTTP/1.0" 200 74536 "-" "Mozilla/5.0 (compatible; MJ12bot/v1.4.8; http://mj12bot.com/)"
144.76.186.38 - - [23/Jan/2022:10:20:24 +0100] "GET /star-wars-kylo-ren-little-suitcase-p-35537.html HTTP/1.0" 301 70968 "-" "Mozilla/5.0 (compatible; MJ12bot/v1.4.8; http://mj12bot.com/)"
114.119.128.37 - - [23/Jan/2022:10:20:26 +0100] "GET /winnie-pooh-placemat-p-16822.html HTTP/1.0" 200 73570 "-" "Mozilla/5.0 (Linux; Android 7.0;) AppleWebKit/537.36 (KHTML, like Gecko) Mobile Safari/537.36 (compatible; PetalBot;+https://webmaster.petalsearch.com/site/petalbot)"
192.99.4.168 - - [23/Jan/2022:10:20:26 +0100] "GET /nintendo-mushroom-shirt-p-29606.html HTTP/1.0" 200 74536 "-" "Mozilla/5.0 (compatible; MJ12bot/v1.4.8; http://mj12bot.com/)"
192.99.4.168 - - [23/Jan/2022:10:20:29 +0100] "GET /nintendo-super-mario-messenger-bag-p-15800.html HTTP/1.0" 301 70968 "-" "Mozilla/5.0 (compatible; MJ12bot/v1.4.8; http://mj12bot.com/)"
144.76.118.82 - - [23/Jan/2022:10:20:30 +0100] "GET /prince-persia-shirt-p-29595.html HTTP/1.0" 200 74786 "-" "Mozilla/5.0 (compatible; MJ12bot/v1.4.8; http://mj12bot.com/)"
192.99.4.168 - - [23/Jan/2022:10:20:32 +0100] "GET /nintendo-super-mario-messenger-p-15800.html HTTP/1.0" 200 70871 "-" "Mozilla/5.0 (compatible; MJ12bot/v1.4.8; http://mj12bot.com/)"
144.76.186.38 - - [23/Jan/2022:10:20:32 +0100] "GET /star-wars-kylo-little-suitcase-p-35537.html HTTP/1.0" 200 70871 "-" "Mozilla/5.0 (compatible; MJ12bot/v1.4.8; http://mj12bot.com/)"
192.99.4.168 - - [23/Jan/2022:10:20:35 +0100] "GET /nintendo-super-mario-messenger-p-15800.html HTTP/1.0" 200 70871 "-" "Mozilla/5.0 (compatible; MJ12bot/v1.4.8; http://mj12bot.com/)"
192.99.4.168 - - [23/Jan/2022:10:20:37 +0100] "GET /nintendo-super-mario-sports-bag-p-10514.html HTTP/1.0" 301 70950 "-" "Mozilla/5.0 (compatible; MJ12bot/v1.4.8; http://mj12bot.com/)"
144.76.118.82 - - [23/Jan/2022:10:20:38 +0100] "GET /princes-sofia-sunglasses-child-p-29951.html HTTP/1.0" 200 70871 "-" "Mozilla/5.0 (compatible; MJ12bot/v1.4.8; http://mj12bot.com/)"
185.191.171.39 - - [23/Jan/2022:10:20:39 +0100] "GET /heart-and-home-eco-friendly-stick-diffuser-vanilla-rosewood-p-52807.html HTTP/1.0" 301 74720 "-" "Mozilla/5.0 (compatible; SemrushBot/7~bl; +http://www.semrush.com/bot.html)"
192.99.4.168 - - [23/Jan/2022:10:20:40 +0100] "GET /nintendo-super-mario-sports-p-10514.html HTTP/1.0" 200 70856 "-" "Mozilla/5.0 (compatible; MJ12bot/v1.4.8; http://mj12bot.com/)"
144.76.186.38 - - [23/Jan/2022:10:20:42 +0100] "GET /star-wars-mat-p-32602.html HTTP/1.0" 301 70842 "-" "Mozilla/5.0 (compatible; MJ12bot/v1.4.8; http://mj12bot.com/)"
185.191.171.21 - - [23/Jan/2022:10:20:42 +0100] "GET /heart-home-friendly-stick-diffuser-vanilla-rosewood-p-52807.html HTTP/1.0" 200 74602 "-" "Mozilla/5.0 (compatible; SemrushBot/7~bl; +http://www.semrush.com/bot.html)"
192.99.4.168 - - [23/Jan/2022:10:20:43 +0100] "GET /nintendo-super-mario-sports-p-10514.html HTTP/1.0" 200 70856 "-" "Mozilla/5.0 (compatible; MJ12bot/v1.4.8; http://mj12bot.com/)"
192.99.4.168 - - [23/Jan/2022:10:20:52 +0100] "GET /nintendo-tee-shirt-p-31038.html HTTP/1.0" 301 70785 "-" "Mozilla/5.0 (compatible; MJ12bot/v1.4.8; http://mj12bot.com/)"
144.76.118.82 - - [23/Jan/2022:10:20:45 +0100] "GET /products_new.php?page=3 HTTP/1.0" 200 93829 "-" "Mozilla/5.0 (compatible; MJ12bot/v1.4.8; http://mj12bot.com/)"
144.76.186.38 - - [23/Jan/2022:10:20:54 +0100] "GET /star-wars-p-32602.html HTTP/1.0" 200 70766 "-" "Mozilla/5.0 (compatible; MJ12bot/v1.4.8; http://mj12bot.com/)"
144.76.118.82 - - [23/Jan/2022:10:21:00 +0100] "GET /provence-lavender-tray-p-14664.html HTTP/1.0" 200 70796 "-" "Mozilla/5.0 (compatible; MJ12bot/v1.4.8; http://mj12bot.com/)"
192.99.4.168 - - [23/Jan/2022:10:20:57 +0100] "GET /-p-31038.html HTTP/1.0" 200 70718 "-" "Mozilla/5.0 (compatible; MJ12bot/v1.4.8; http://mj12bot.com/)"
144.76.186.38 - - [23/Jan/2022:10:21:11 +0100] "GET /star-wars-p-32602.html HTTP/1.0" 200 70766 "-" "Mozilla/5.0 (compatible; MJ12bot/v1.4.8; http://mj12bot.com/)"
144.76.118.82 - - [23/Jan/2022:10:21:09 +0100] "GET /provence-metal-plate-p-47634.html HTTP/1.0" 200 73348 "-" "Mozilla/5.0 (compatible; MJ12bot/v1.4.8; http://mj12bot.com/)"
185.191.171.15 - - [23/Jan/2022:10:21:19 +0100] "GET /round-mirror-to-suspend-rope-p-48702.html HTTP/1.0" 301 70785 "-" "Mozilla/5.0 (compatible; SemrushBot/7~bl; +http://www.semrush.com/bot.html)"
192.99.4.168 - - [23/Jan/2022:10:21:16 +0100] "GET /nintendo-tee-shirt-p-31039.html HTTP/1.0" 301 70785 "-" "Mozilla/5.0 (compatible; MJ12bot/v1.4.8; http://mj12bot.com/)"
144.76.118.82 - - [23/Jan/2022:10:21:19 +0100] "GET /provence-metal-plate-p-47635.html HTTP/1.0" 200 73348 "-" "Mozilla/5.0 (compatible; MJ12bot/v1.4.8; http://mj12bot.com/)"
144.76.186.38 - - [23/Jan/2022:10:21:23 +0100] "GET /star-wars-pajamas-p-32526.html HTTP/1.0" 200 70794 "-" "Mozilla/5.0 (compatible; MJ12bot/v1.4.8; http://mj12bot.com/)"
192.99.4.168 - - [23/Jan/2022:10:21:28 +0100] "GET /-p-31039.html HTTP/1.0" 200 70718 "-" "Mozilla/5.0 (compatible; MJ12bot/v1.4.8; http://mj12bot.com/)"
185.191.171.23 - - [23/Jan/2022:10:21:27 +0100] "GET /-p-48702.html HTTP/1.0" 200 70718 "-" "Mozilla/5.0 (compatible; SemrushBot/7~bl; +http://www.semrush.com/bot.html)"
144.76.118.82 - - [23/Jan/2022:10:21:32 +0100] "GET /purse-and-wallet-c-31_76.html?page=3 HTTP/1.0" 301 92974 "-" "Mozilla/5.0 (compatible; MJ12bot/v1.4.8; http://mj12bot.com/)"
192.99.4.168 - - [23/Jan/2022:10:21:34 +0100] "GET /niro-bedclothes-220-240-cm-p-51601.html HTTP/1.0" 301 73466 "-" "Mozilla/5.0 (compatible; MJ12bot/v1.4.8; http://mj12bot.com/)"
185.191.171.10 - - [23/Jan/2022:10:21:36 +0100] "GET /dragon-wooden-wall-decoration-22-cm-p-46434.html HTTP/1.0" 301 70932 "-" "Mozilla/5.0 (compatible; SemrushBot/7~bl; +http://www.semrush.com/bot.html)"
144.76.186.38 - - [23/Jan/2022:10:21:38 +0100] "GET /star-wars-poe-dameron-figure-p-34608.html HTTP/1.0" 301 73673 "-" "Mozilla/5.0 (compatible; MJ12bot/v1.4.8; http://mj12bot.com/)"
185.191.171.9 - - [23/Jan/2022:10:21:41 +0100] "GET /dragon-wooden-wall-decoration-p-46434.html HTTP/1.0" 200 70836 "-" "Mozilla/5.0 (compatible; SemrushBot/7~bl; +http://www.semrush.com/bot.html)"
192.99.4.168 - - [23/Jan/2022:10:21:41 +0100] "GET /niro-bedclothes-p-51601.html HTTP/1.0" 200 73384 "-" "Mozilla/5.0 (compatible; MJ12bot/v1.4.8; http://mj12bot.com/)"
144.76.118.82 - - [23/Jan/2022:10:21:43 +0100] "GET /purse-wallet-c-76.html?page=3 HTTP/1.0" 301 92819 "-" "Mozilla/5.0 (compatible; MJ12bot/v1.4.8; http://mj12bot.com/)"
144.76.186.38 - - [23/Jan/2022:10:21:51 +0100] "GET /star-wars-dameron-figure-p-34608.html HTTP/1.0" 200 73582 "-" "Mozilla/5.0 (compatible; MJ12bot/v1.4.8; http://mj12bot.com/)"
192.99.4.168 - - [23/Jan/2022:10:21:52 +0100] "GET /niro-bedclothes-260-240-cm-p-51602.html HTTP/1.0" 301 73471 "-" "Mozilla/5.0 (compatible; MJ12bot/v1.4.8; http://mj12bot.com/)"
192.99.4.168 - - [23/Jan/2022:10:21:55 +0100] "GET /niro-bedclothes-p-51602.html HTTP/1.0" 200 73389 "-" "Mozilla/5.0 (compatible; MJ12bot/v1.4.8; http://mj12bot.com/)"
144.76.118.82 - - [23/Jan/2022:10:21:55 +0100] "GET /purse-wallet-c-31_76.html?page=3 HTTP/1.0" 200 92891 "-" "Mozilla/5.0 (compatible; MJ12bot/v1.4.8; http://mj12bot.com/)"
192.99.4.168 - - [23/Jan/2022:10:21:58 +0100] "GET /noddy-blue-cap-p-14215.html HTTP/1.0" 301 70785 "-" "Mozilla/5.0 (compatible; MJ12bot/v1.4.8; http://mj12bot.com/)"
144.76.186.38 - - [23/Jan/2022:10:22:00 +0100] "GET /star-wars-polar-plaid-p-26911.html HTTP/1.0" 301 70785 "-" "Mozilla/5.0 (compatible; MJ12bot/v1.4.8; http://mj12bot.com/)"
192.99.4.168 - - [23/Jan/2022:10:22:01 +0100] "GET /-p-14215.html HTTP/1.0" 200 70718 "-" "Mozilla/5.0 (compatible; MJ12bot/v1.4.8; http://mj12bot.com/)"
144.76.118.82 - - [23/Jan/2022:10:22:01 +0100] "GET /purse-and-wallet-c-31_76.html?page=4 HTTP/1.0" 301 93276 "-" "Mozilla/5.0 (compatible; MJ12bot/v1.4.8; http://mj12bot.com/)"
192.99.4.168 - - [23/Jan/2022:10:22:03 +0100] "GET /noddy-melamine-bowl-p-12426.html HTTP/1.0" 200 70804 "-" "Mozilla/5.0 (compatible; MJ12bot/v1.4.8; http://mj12bot.com/)"
192.99.4.168 - - [23/Jan/2022:10:22:06 +0100] "GET /noddy-melamine-cup-p-12424.html HTTP/1.0" 301 70872 "-" "Mozilla/5.0 (compatible; MJ12bot/v1.4.8; http://mj12bot.com/)"
144.76.118.82 - - [23/Jan/2022:10:22:06 +0100] "GET /purse-wallet-c-76.html?page=4 HTTP/1.0" 301 93121 "-" "Mozilla/5.0 (compatible; MJ12bot/v1.4.8; http://mj12bot.com/)"
192.99.4.168 - - [23/Jan/2022:10:22:09 +0100] "GET /noddy-melamine-p-12424.html HTTP/1.0" 200 70791 "-" "Mozilla/5.0 (compatible; MJ12bot/v1.4.8; http://mj12bot.com/)"
144.76.186.38 - - [23/Jan/2022:10:22:09 +0100] "GET /-p-26911.html HTTP/1.0" 200 70718 "-" "Mozilla/5.0 (compatible; MJ12bot/v1.4.8; http://mj12bot.com/)"
192.99.4.168 - - [23/Jan/2022:10:22:12 +0100] "GET /noddy-melamine-dinner-box-p-14314.html HTTP/1.0" 301 70914 "-" "Mozilla/5.0 (compatible; MJ12bot/v1.4.8; http://mj12bot.com/)"
144.76.118.82 - - [23/Jan/2022:10:22:12 +0100] "GET /purse-wallet-c-31_76.html?page=4 HTTP/1.0" 200 93193 "-" "Mozilla/5.0 (compatible; MJ12bot/v1.4.8; http://mj12bot.com/)"
192.99.4.168 - - [23/Jan/2022:10:22:14 +0100] "GET /noddy-melamine-dinner-p-14314.html HTTP/1.0" 200 70826 "-" "Mozilla/5.0 (compatible; MJ12bot/v1.4.8; http://mj12bot.com/)"
192.99.4.168 - - [23/Jan/2022:10:22:17 +0100] "GET /noddy-melamine-dinner-p-14314.html HTTP/1.0" 200 70826 "-" "Mozilla/5.0 (compatible; MJ12bot/v1.4.8; http://mj12bot.com/)"
144.76.118.82 - - [23/Jan/2022:10:22:18 +0100] "GET /purse-and-wallet-c-31_76.html?page=5 HTTP/1.0" 301 83921 "-" "Mozilla/5.0 (compatible; MJ12bot/v1.4.8; http://mj12bot.com/)"
192.99.4.168 - - [23/Jan/2022:10:22:20 +0100] "GET /noddy-melamine-p-12424.html HTTP/1.0" 200 70791 "-" "Mozilla/5.0 (compatible; MJ12bot/v1.4.8; http://mj12bot.com/)"
216.244.66.242 - - [23/Jan/2022:10:22:20 +0100] "GET /jerrican-wall-decor-p-51438.html HTTP/1.0" 200 73457 "-" "Mozilla/5.0 (compatible; DotBot/1.2; +https://opensiteexplorer.org/dotbot; help@moz.com)"
144.76.186.38 - - [23/Jan/2022:10:22:21 +0100] "GET /star-wars-poster-p-25842.html HTTP/1.0" 200 70789 "-" "Mozilla/5.0 (compatible; MJ12bot/v1.4.8; http://mj12bot.com/)"
192.99.4.168 - - [23/Jan/2022:10:22:24 +0100] "GET /nordic-noel-mini-hanging-ornaments-heartwood-creek-p-52198.html HTTP/1.0" 200 74669 "-" "Mozilla/5.0 (compatible; MJ12bot/v1.4.8; http://mj12bot.com/)"
144.76.118.82 - - [23/Jan/2022:10:22:26 +0100] "GET /purse-wallet-c-76.html?page=5 HTTP/1.0" 301 83766 "-" "Mozilla/5.0 (compatible; MJ12bot/v1.4.8; http://mj12bot.com/)"
192.99.4.168 - - [23/Jan/2022:10:22:27 +0100] "GET /nordic-noel-set-of-mini-hanging-ornaments-heartwood-creek-p-52198.html HTTP/1.0" 301 74786 "-" "Mozilla/5.0 (compatible; MJ12bot/v1.4.8; http://mj12bot.com/)"
144.76.186.38 - - [23/Jan/2022:10:22:28 +0100] "GET /star-wars-poster-p-26024.html HTTP/1.0" 301 70785 "-" "Mozilla/5.0 (compatible; MJ12bot/v1.4.8; http://mj12bot.com/)"
192.99.4.168 - - [23/Jan/2022:10:22:29 +0100] "GET /nordic-noel-mini-hanging-ornaments-heartwood-creek-p-52198.html HTTP/1.0" 200 74669 "-" "Mozilla/5.0 (compatible; MJ12bot/v1.4.8; http://mj12bot.com/)"
192.99.4.168 - - [23/Jan/2022:10:22:33 +0100] "GET /norway-rectangulary-cushion-by-cbkreation-p-36760.html HTTP/1.0" 301 70972 "-" "Mozilla/5.0 (compatible; MJ12bot/v1.4.8; http://mj12bot.com/)"
144.76.118.82 - - [23/Jan/2022:10:22:34 +0100] "GET /purse-wallet-c-31_76.html?page=5 HTTP/1.0" 200 83838 "-" "Mozilla/5.0 (compatible; MJ12bot/v1.4.8; http://mj12bot.com/)"
192.99.4.168 - - [23/Jan/2022:10:22:36 +0100] "GET /norway-rectangulary-cushion-cbkreation-p-36760.html HTTP/1.0" 200 70867 "-" "Mozilla/5.0 (compatible; MJ12bot/v1.4.8; http://mj12bot.com/)"
54.36.148.243 - - [23/Jan/2022:10:22:38 +0100] "GET /white-lampshade-p-56792.html HTTP/1.0" 200 74025 "-" "Mozilla/5.0 (compatible; AhrefsBot/7.0; +http://ahrefs.com/robot/)"
144.76.118.82 - - [23/Jan/2022:10:22:39 +0100] "GET /purse-and-wallet-c-31_76.html?page=6 HTTP/1.0" 301 83921 "-" "Mozilla/5.0 (compatible; MJ12bot/v1.4.8; http://mj12bot.com/)"
144.76.186.38 - - [23/Jan/2022:10:22:40 +0100] "GET /-p-26024.html HTTP/1.0" 200 70718 "-" "Mozilla/5.0 (compatible; MJ12bot/v1.4.8; http://mj12bot.com/)"
192.99.4.168 - - [23/Jan/2022:10:22:39 +0100] "GET /norway-rectangulary-cushion-cbkreation-p-36760.html HTTP/1.0" 200 70867 "-" "Mozilla/5.0 (compatible; MJ12bot/v1.4.8; http://mj12bot.com/)"
192.99.4.168 - - [23/Jan/2022:10:22:43 +0100] "GET /notebook-flower-of-life-with-leather-cover-p-47651.html HTTP/1.0" 301 74407 "-" "Mozilla/5.0 (compatible; MJ12bot/v1.4.8; http://mj12bot.com/)"
144.76.118.82 - - [23/Jan/2022:10:22:45 +0100] "GET /purse-wallet-c-76.html?page=6 HTTP/1.0" 301 83766 "-" "Mozilla/5.0 (compatible; MJ12bot/v1.4.8; http://mj12bot.com/)"
192.99.4.168 - - [23/Jan/2022:10:22:46 +0100] "GET /notebook-flower-life-with-leather-cover-p-47651.html HTTP/1.0" 200 74301 "-" "Mozilla/5.0 (compatible; MJ12bot/v1.4.8; http://mj12bot.com/)"
144.76.186.38 - - [23/Jan/2022:10:22:48 +0100] "GET /star-wars-poster-p-26025.html HTTP/1.0" 301 70785 "-" "Mozilla/5.0 (compatible; MJ12bot/v1.4.8; http://mj12bot.com/)"
192.99.4.168 - - [23/Jan/2022:10:22:49 +0100] "GET /number-passeport-set-p-22669.html HTTP/1.0" 301 70890 "-" "Mozilla/5.0 (compatible; MJ12bot/v1.4.8; http://mj12bot.com/)"
144.76.118.82 - - [23/Jan/2022:10:22:50 +0100] "GET /purse-wallet-c-31_76.html?page=6 HTTP/1.0" 200 83838 "-" "Mozilla/5.0 (compatible; MJ12bot/v1.4.8; http://mj12bot.com/)"
192.99.4.168 - - [23/Jan/2022:10:22:52 +0100] "GET /number-passeport-p-22669.html HTTP/1.0" 200 70807 "-" "Mozilla/5.0 (compatible; MJ12bot/v1.4.8; http://mj12bot.com/)"
192.99.4.168 - - [23/Jan/2022:10:22:54 +0100] "GET /nyc-empire-semi-sheer-voile-grommet-panel-p-27303.html HTTP/1.0" 301 70785 "-" "Mozilla/5.0 (compatible; MJ12bot/v1.4.8; http://mj12bot.com/)"
144.76.186.38 - - [23/Jan/2022:10:22:56 +0100] "GET /-p-26025.html HTTP/1.0" 200 70718 "-" "Mozilla/5.0 (compatible; MJ12bot/v1.4.8; http://mj12bot.com/)"
192.99.4.168 - - [23/Jan/2022:10:22:57 +0100] "GET /-p-27303.html HTTP/1.0" 200 70718 "-" "Mozilla/5.0 (compatible; MJ12bot/v1.4.8; http://mj12bot.com/)"
144.76.118.82 - - [23/Jan/2022:10:22:58 +0100] "GET /purse-and-wallet-c-31_76.html?page=7 HTTP/1.0" 301 83921 "-" "Mozilla/5.0 (compatible; MJ12bot/v1.4.8; http://mj12bot.com/)"
192.99.4.168 - - [23/Jan/2022:10:23:00 +0100] "GET /nyc-gotham-semi-sheer-voile-grommet-panel-p-28694.html HTTP/1.0" 301 70785 "-" "Mozilla/5.0 (compatible; MJ12bot/v1.4.8; http://mj12bot.com/)"
144.76.186.38 - - [23/Jan/2022:10:23:02 +0100] "GET /star-wars-poster-p-30881.html HTTP/1.0" 200 70789 "-" "Mozilla/5.0 (compatible; MJ12bot/v1.4.8; http://mj12bot.com/)"
144.76.118.82 - - [23/Jan/2022:10:23:02 +0100] "GET /purse-wallet-c-76.html?page=7 HTTP/1.0" 301 83766 "-" "Mozilla/5.0 (compatible; MJ12bot/v1.4.8; http://mj12bot.com/)"
192.99.4.168 - - [23/Jan/2022:10:23:03 +0100] "GET /-p-28694.html HTTP/1.0" 200 70718 "-" "Mozilla/5.0 (compatible; MJ12bot/v1.4.8; http://mj12bot.com/)"
192.99.4.168 - - [23/Jan/2022:10:23:08 +0100] "GET /office-ashtray-boat-p-52813.html HTTP/1.0" 200 73925 "-" "Mozilla/5.0 (compatible; MJ12bot/v1.4.8; http://mj12bot.com/)"
144.76.186.38 - - [23/Jan/2022:10:23:11 +0100] "GET /star-wars-poster-p-32270.html HTTP/1.0" 200 70789 "-" "Mozilla/5.0 (compatible; MJ12bot/v1.4.8; http://mj12bot.com/)"
192.99.4.168 - - [23/Jan/2022:10:23:11 +0100] "GET /office-items-c-97_100.html?page=2 HTTP/1.0" 200 90789 "-" "Mozilla/5.0 (compatible; MJ12bot/v1.4.8; http://mj12bot.com/)"
114.119.128.37 - - [23/Jan/2022:10:23:11 +0100] "GET /hello-kitty-rainwear-p-31263.html HTTP/1.0" 200 74514 "-" "Mozilla/5.0 (Linux; Android 7.0;) AppleWebKit/537.36 (KHTML, like Gecko) Mobile Safari/537.36 (compatible; PetalBot;+https://webmaster.petalsearch.com/site/petalbot)"
144.76.118.82 - - [23/Jan/2022:10:23:13 +0100] "GET /purse-wallet-c-31_76.html?page=7 HTTP/1.0" 200 83838 "-" "Mozilla/5.0 (compatible; MJ12bot/v1.4.8; http://mj12bot.com/)"
192.99.4.168 - - [23/Jan/2022:10:23:14 +0100] "GET /office-items-c-97_100.html?page=3 HTTP/1.0" 200 90789 "-" "Mozilla/5.0 (compatible; MJ12bot/v1.4.8; http://mj12bot.com/)"
192.99.4.168 - - [23/Jan/2022:10:23:17 +0100] "GET /olaf-et-sven-frozen-poster-p-30918.html HTTP/1.0" 301 73467 "-" "Mozilla/5.0 (compatible; MJ12bot/v1.4.8; http://mj12bot.com/)"
144.76.118.82 - - [23/Jan/2022:10:23:18 +0100] "GET /purse-and-wallet-c-31_76.html?page=8 HTTP/1.0" 301 83921 "-" "Mozilla/5.0 (compatible; MJ12bot/v1.4.8; http://mj12bot.com/)"
144.76.186.38 - - [23/Jan/2022:10:23:19 +0100] "GET /star-wars-r2d2-little-backpack-p-30390.html HTTP/1.0" 301 70785 "-" "Mozilla/5.0 (compatible; MJ12bot/v1.4.8; http://mj12bot.com/)"
192.99.4.168 - - [23/Jan/2022:10:23:20 +0100] "GET /olaf-sven-frozen-poster-p-30918.html HTTP/1.0" 200 73377 "-" "Mozilla/5.0 (compatible; MJ12bot/v1.4.8; http://mj12bot.com/)"
192.99.4.168 - - [23/Jan/2022:10:23:23 +0100] "GET /olaf-frozen-small-backpack-p-30739.html HTTP/1.0" 200 70812 "-" "Mozilla/5.0 (compatible; MJ12bot/v1.4.8; http://mj12bot.com/)"
144.76.118.82 - - [23/Jan/2022:10:23:24 +0100] "GET /purse-wallet-c-76.html?page=8 HTTP/1.0" 301 83766 "-" "Mozilla/5.0 (compatible; MJ12bot/v1.4.8; http://mj12bot.com/)"
216.244.66.242 - - [23/Jan/2022:10:23:25 +0100] "GET /decorative-canvas-world-hang-p-46754.html HTTP/1.0" 200 73582 "-" "Mozilla/5.0 (compatible; DotBot/1.2; +https://opensiteexplorer.org/dotbot; help@moz.com)"
192.99.4.168 - - [23/Jan/2022:10:23:26 +0100] "GET /olaf-fruit-juice-glasses-p-31751.html HTTP/1.0" 200 70829 "-" "Mozilla/5.0 (compatible; MJ12bot/v1.4.8; http://mj12bot.com/)"
157.55.39.153 - - [23/Jan/2022:10:23:29 +0100] "GET /images/big_prod/8422001017634.jpg HTTP/1.0" 200 268 "-" "Mozilla/5.0 (compatible; bingbot/2.0; +http://www.bing.com/bingbot.htm)"
144.76.186.38 - - [23/Jan/2022:10:23:28 +0100] "GET /-p-30390.html HTTP/1.0" 200 70718 "-" "Mozilla/5.0 (compatible; MJ12bot/v1.4.8; http://mj12bot.com/)"
192.99.4.168 - - [23/Jan/2022:10:23:29 +0100] "GET /olaf-placemat-p-31706.html HTTP/1.0" 200 73366 "-" "Mozilla/5.0 (compatible; MJ12bot/v1.4.8; http://mj12bot.com/)"
144.76.118.82 - - [23/Jan/2022:10:23:30 +0100] "GET /purse-wallet-c-31_76.html?page=8 HTTP/1.0" 200 83838 "-" "Mozilla/5.0 (compatible; MJ12bot/v1.4.8; http://mj12bot.com/)"
192.99.4.168 - - [23/Jan/2022:10:23:31 +0100] "GET /olaf-placemat-p-31707.html HTTP/1.0" 200 73352 "-" "Mozilla/5.0 (compatible; MJ12bot/v1.4.8; http://mj12bot.com/)"
192.99.4.168 - - [23/Jan/2022:10:23:34 +0100] "GET /olaf-silly-swowman-figure-collection-p-27137.html HTTP/1.0" 301 70785 "-" "Mozilla/5.0 (compatible; MJ12bot/v1.4.8; http://mj12bot.com/)"
144.76.186.38 - - [23/Jan/2022:10:23:35 +0100] "GET /star-wars-r2d2-sound-effects-pencil-case-p-32742.html HTTP/1.0" 200 70868 "-" "Mozilla/5.0 (compatible; MJ12bot/v1.4.8; http://mj12bot.com/)"
144.76.118.82 - - [23/Jan/2022:10:23:36 +0100] "GET /purse-and-wallet-c-31_76.html?page=9 HTTP/1.0" 301 83921 "-" "Mozilla/5.0 (compatible; MJ12bot/v1.4.8; http://mj12bot.com/)"
192.99.4.168 - - [23/Jan/2022:10:23:37 +0100] "GET /-p-27137.html HTTP/1.0" 200 70718 "-" "Mozilla/5.0 (compatible; MJ12bot/v1.4.8; http://mj12bot.com/)"
192.99.4.168 - - [23/Jan/2022:10:23:40 +0100] "GET /olaf-sven-frozen-poster-p-30918.html HTTP/1.0" 200 73377 "-" "Mozilla/5.0 (compatible; MJ12bot/v1.4.8; http://mj12bot.com/)"
144.76.118.82 - - [23/Jan/2022:10:23:41 +0100] "GET /purse-wallet-c-76.html?page=9 HTTP/1.0" 301 83766 "-" "Mozilla/5.0 (compatible; MJ12bot/v1.4.8; http://mj12bot.com/)"
192.99.4.168 - - [23/Jan/2022:10:23:43 +0100] "GET /olaf-with-flower-figure-collection-p-30717.html HTTP/1.0" 200 73503 "-" "Mozilla/5.0 (compatible; MJ12bot/v1.4.8; http://mj12bot.com/)"
144.76.186.38 - - [23/Jan/2022:10:23:45 +0100] "GET /star-wars-rectangular-mirror-p-31609.html HTTP/1.0" 200 73413 "-" "Mozilla/5.0 (compatible; MJ12bot/v1.4.8; http://mj12bot.com/)"
192.99.4.168 - - [23/Jan/2022:10:23:46 +0100] "GET /old-fashioned-ceramic-espresso-cup-blue-p-41676.html HTTP/1.0" 301 73568 "-" "Mozilla/5.0 (compatible; MJ12bot/v1.4.8; http://mj12bot.com/)"
144.76.118.82 - - [23/Jan/2022:10:23:48 +0100] "GET /purse-wallet-c-31_76.html?page=9 HTTP/1.0" 200 83838 "-" "Mozilla/5.0 (compatible; MJ12bot/v1.4.8; http://mj12bot.com/)"
216.244.66.242 - - [23/Jan/2022:10:23:48 +0100] "GET /wall-decoration-green-tabby-p-41105.html HTTP/1.0" 200 73472 "-" "Mozilla/5.0 (compatible; DotBot/1.2; +https://opensiteexplorer.org/dotbot; help@moz.com)"
192.99.4.168 - - [23/Jan/2022:10:23:50 +0100] "GET /fashioned-ceramic-espresso-blue-p-41676.html HTTP/1.0" 200 73470 "-" "Mozilla/5.0 (compatible; MJ12bot/v1.4.8; http://mj12bot.com/)"
144.76.186.38 - - [23/Jan/2022:10:23:52 +0100] "GET /star-wars-rectangular-mirror-p-31610.html HTTP/1.0" 200 73413 "-" "Mozilla/5.0 (compatible; MJ12bot/v1.4.8; http://mj12bot.com/)"
192.99.4.168 - - [23/Jan/2022:10:23:53 +0100] "GET /old-fashioned-ceramic-espresso-cup-orange-p-41674.html HTTP/1.0" 301 70977 "-" "Mozilla/5.0 (compatible; MJ12bot/v1.4.8; http://mj12bot.com/)"
144.76.118.82 - - [23/Jan/2022:10:23:54 +0100] "GET /purse-and-wallet-c-76.html HTTP/1.0" 301 91344 "-" "Mozilla/5.0 (compatible; MJ12bot/v1.4.8; http://mj12bot.com/)"
51.68.224.127 - - [23/Jan/2022:10:23:57 +0100] "GET /adminweb/export_orders_xml.php?token=256de2z6edz6ed2z6DFSFsed2zed6zeDSFDSGdzedezfzf&maxorders=10&orderstart=1&status=14&start_date=2018-10-01 HTTP/1.0" 200 285 "-" "GesCom CharlotteBoutik Serveur"
192.99.4.168 - - [23/Jan/2022:10:23:56 +0100] "GET /fashioned-ceramic-espresso-orange-p-41674.html HTTP/1.0" 200 70877 "-" "Mozilla/5.0 (compatible; MJ12bot/v1.4.8; http://mj12bot.com/)"
51.68.224.127 - - [23/Jan/2022:10:23:57 +0100] "GET /adminweb/export_orders_xml.php?token=256de2z6edz6ed2z6DFSFsed2zed6zeDSFDSGdzedezfzf&maxorders=10&orderstart=1&status=6&start_date=2018-10-01 HTTP/1.0" 200 32795 "-" "GesCom CharlotteBoutik Serveur"
192.99.4.168 - - [23/Jan/2022:10:23:59 +0100] "GET /old-fashioned-ceramic-espresso-cup-red-p-41673.html HTTP/1.0" 301 70956 "-" "Mozilla/5.0 (compatible; MJ12bot/v1.4.8; http://mj12bot.com/)"
144.76.118.82 - - [23/Jan/2022:10:23:59 +0100] "GET /purse-wallet-c-31_76.html HTTP/1.0" 200 91423 "-" "Mozilla/5.0 (compatible; MJ12bot/v1.4.8; http://mj12bot.com/)"
185.191.171.23 - - [23/Jan/2022:10:23:59 +0100] "GET /-p-38021.html?action=add_product HTTP/1.0" 302 476 "-" "Mozilla/5.0 (compatible; SemrushBot/7~bl; +http://www.semrush.com/bot.html)"
192.99.4.168 - - [23/Jan/2022:10:24:02 +0100] "GET /fashioned-ceramic-espresso-p-41673.html HTTP/1.0" 200 70863 "-" "Mozilla/5.0 (compatible; MJ12bot/v1.4.8; http://mj12bot.com/)"
144.76.186.38 - - [23/Jan/2022:10:24:02 +0100] "GET /star-wars-resistance-trooper-figure-p-34604.html HTTP/1.0" 200 73646 "-" "Mozilla/5.0 (compatible; MJ12bot/v1.4.8; http://mj12bot.com/)"
192.99.4.168 - - [23/Jan/2022:10:24:05 +0100] "GET /old-fashioned-ceramic-espresso-cup-yellow-p-41675.html HTTP/1.0" 301 70977 "-" "Mozilla/5.0 (compatible; MJ12bot/v1.4.8; http://mj12bot.com/)"
144.76.118.82 - - [23/Jan/2022:10:24:06 +0100] "GET /purse-and-wallet-c-76.html?page=1 HTTP/1.0" 301 91362 "-" "Mozilla/5.0 (compatible; MJ12bot/v1.4.8; http://mj12bot.com/)"
192.99.4.168 - - [23/Jan/2022:10:24:07 +0100] "GET /fashioned-ceramic-espresso-yellow-p-41675.html HTTP/1.0" 200 70877 "-" "Mozilla/5.0 (compatible; MJ12bot/v1.4.8; http://mj12bot.com/)"
144.76.186.38 - - [23/Jan/2022:10:24:09 +0100] "GET /star-wars-small-box-p-29940.html HTTP/1.0" 301 70878 "-" "Mozilla/5.0 (compatible; MJ12bot/v1.4.8; http://mj12bot.com/)"
144.76.118.82 - - [23/Jan/2022:10:24:11 +0100] "GET /purse-wallet-c-31_76.html?page=1 HTTP/1.0" 200 91434 "-" "Mozilla/5.0 (compatible; MJ12bot/v1.4.8; http://mj12bot.com/)"
192.99.4.168 - - [23/Jan/2022:10:24:11 +0100] "GET /old-italian-car-pencil-pot-and-picture-frame-p-37629.html HTTP/1.0" 301 70947 "-" "Mozilla/5.0 (compatible; MJ12bot/v1.4.8; http://mj12bot.com/)"
185.191.171.35 - - [23/Jan/2022:10:24:14 +0100] "GET /minion-table-lamp-p-31855.html HTTP/1.0" 301 70785 "-" "Mozilla/5.0 (compatible; SemrushBot/7~bl; +http://www.semrush.com/bot.html)"
192.99.4.168 - - [23/Jan/2022:10:24:15 +0100] "GET /italian-pencil-picture-frame-p-37629.html HTTP/1.0" 200 70852 "-" "Mozilla/5.0 (compatible; MJ12bot/v1.4.8; http://mj12bot.com/)"
185.191.171.9 - - [23/Jan/2022:10:24:16 +0100] "GET /-p-31855.html HTTP/1.0" 200 70718 "-" "Mozilla/5.0 (compatible; SemrushBot/7~bl; +http://www.semrush.com/bot.html)"
144.76.186.38 - - [23/Jan/2022:10:24:17 +0100] "GET /star-wars-small-p-29940.html HTTP/1.0" 200 70796 "-" "Mozilla/5.0 (compatible; MJ12bot/v1.4.8; http://mj12bot.com/)"
192.99.4.168 - - [23/Jan/2022:10:24:18 +0100] "GET /oldsmobile-canvas-frame-p-19744.html HTTP/1.0" 200 73433 "-" "Mozilla/5.0 (compatible; MJ12bot/v1.4.8; http://mj12bot.com/)"
