94.250.175.250 - - [23/Jan/2022:21:47:05 +0100] "GET /templates/Pixame_v1/images/header.png HTTP/1.1" 200 70245 "http://www.wonder-geek.com/templates/Pixame_v1/stylesheet.css" "Mozilla/5.0 (Linux; Android 11; M2003J15SC) AppleWebKit/537.36 (KHTML, like Gecko) Chrome/80.0.3987.149 Mobile Safari/537.36"
94.250.175.250 - - [23/Jan/2022:21:47:05 +0100] "GET /templates/Pixame_v1/images/header-object.png HTTP/1.1" 200 106050 "http://www.wonder-geek.com/templates/Pixame_v1/stylesheet.css" "Mozilla/5.0 (Linux; Android 11; M2003J15SC) AppleWebKit/537.36 (KHTML, like Gecko) Chrome/80.0.3987.149 Mobile Safari/537.36"
94.250.175.250 - - [23/Jan/2022:21:47:06 +0100] "GET /highslide/graphics/outlines/drop-shadow.png HTTP/1.1" 200 2022 "http://www.wonder-geek.com/little-prince-isothermic-stainless-steel-bottle-p-55851.html" "Mozilla/5.0 (Linux; Android 11; M2003J15SC) AppleWebKit/537.36 (KHTML, like Gecko) Chrome/80.0.3987.149 Mobile Safari/537.36"
94.250.175.250 - - [23/Jan/2022:21:47:06 +0100] "GET /favicon.ico HTTP/1.1" 200 1591 "http://www.wonder-geek.com/little-prince-isothermic-stainless-steel-bottle-p-55851.html" "Mozilla/5.0 (Linux; Android 11; M2003J15SC) AppleWebKit/537.36 (KHTML, like Gecko) Chrome/80.0.3987.149 Mobile Safari/537.36"
17.121.114.213 - - [23/Jan/2022:21:47:27 +0100] "GET /images/big_prod_2/b1345544935715.jpg HTTP/1.1" 200 51220 "-" "Mozilla/5.0 (Macintosh; Intel Mac OS X 10_15_5) AppleWebKit/605.1.15 (KHTML, like Gecko) Version/13.1.1 Safari/605.1.15 (Applebot/0.1; +http://www.apple.com/go/applebot)"
40.77.167.47 - - [23/Jan/2022:21:47:29 +0100] "GET /images/3609810021037.jpg HTTP/1.1" 200 77858 "-" "Mozilla/5.0 (compatible; bingbot/2.0; +http://www.bing.com/bingbot.htm)"
14.137.135.157 - - [23/Jan/2022:21:49:16 +0100] "GET /images/big_prod/1341689256739.jpg HTTP/1.1" 200 54695 "-" "Mozilla/5.0 (Windows NT 10.0; Win64; x64) AppleWebKit/537.36 (KHTML, like Gecko) Chrome/90.0.4430.212 Safari/537.36"
157.55.39.125 - - [23/Jan/2022:21:49:59 +0100] "GET /images/DSCN4698.jpg HTTP/1.1" 200 16150 "-" "Mozilla/5.0 (compatible; bingbot/2.0; +http://www.bing.com/bingbot.htm)"
66.249.68.24 - - [23/Jan/2022:21:50:40 +0100] "GET /images/big_prod_1/3609810048362C.jpg HTTP/1.1" 200 425089 "-" "Googlebot-Image/1.0"
157.55.39.62 - - [23/Jan/2022:21:55:17 +0100] "GET /images/B5011994698970B.jpg HTTP/1.1" 200 127823 "-" "Mozilla/5.0 (compatible; bingbot/2.0; +http://www.bing.com/bingbot.htm)"
40.77.167.47 - - [23/Jan/2022:21:57:30 +0100] "GET /images/big_prod/3457019600511b.jpg HTTP/1.1" 200 107104 "-" "Mozilla/5.0 (compatible; bingbot/2.0; +http://www.bing.com/bingbot.htm)"
17.121.112.234 - - [23/Jan/2022:21:57:38 +0100] "GET /images/big_prod/1399124740022.jpg HTTP/1.1" 200 68589 "-" "Mozilla/5.0 (Macintosh; Intel Mac OS X 10_15_5) AppleWebKit/605.1.15 (KHTML, like Gecko) Version/13.1.1 Safari/605.1.15 (Applebot/0.1; +http://www.apple.com/go/applebot)"
66.249.68.24 - - [23/Jan/2022:21:58:34 +0100] "GET /images/big_prod/8422018238800.jpg HTTP/1.1" 200 195442 "-" "Googlebot-Image/1.0"
76.217.52.234 - - [23/Jan/2022:22:01:27 +0100] "GET /images/big_prod/8904245400477.jpg HTTP/1.1" 200 89677 "http://pos.kit-systems.com/?display=dual" "Mozilla/5.0 (Windows NT 6.2; WOW64) AppleWebKit/537.36 (KHTML, like Gecko) (KioWare Client Platform r3727) Chrome/78.0.3904.108 Safari/537.36"
216.244.66.242 - - [23/Jan/2022:22:02:18 +0100] "GET /robots.txt HTTP/1.1" 200 2438 "-" "Mozilla/5.0 (compatible; DotBot/1.2; +https://opensiteexplorer.org/dotbot; help@moz.com)"
216.244.66.242 - - [23/Jan/2022:22:02:18 +0100] "GET /robots.txt HTTP/1.1" 200 2438 "-" "Mozilla/5.0 (compatible; DotBot/1.2; +https://opensiteexplorer.org/dotbot; help@moz.com)"
17.121.113.51 - - [23/Jan/2022:22:04:59 +0100] "GET /images/big_prod/1384010184745.jpg HTTP/1.1" 200 53241 "-" "Mozilla/5.0 (Macintosh; Intel Mac OS X 10_15_5) AppleWebKit/605.1.15 (KHTML, like Gecko) Version/13.1.1 Safari/605.1.15 (Applebot/0.1; +http://www.apple.com/go/applebot)"
17.121.113.51 - - [23/Jan/2022:22:05:11 +0100] "GET /images/big_prod/8422019067485.jpg HTTP/1.1" 200 60951 "-" "Mozilla/5.0 (Macintosh; Intel Mac OS X 10_15_5) AppleWebKit/605.1.15 (KHTML, like Gecko) Version/13.1.1 Safari/605.1.15 (Applebot/0.1; +http://www.apple.com/go/applebot)"
17.121.112.81 - - [23/Jan/2022:22:05:51 +0100] "GET /images/big_prod_2/3609810059801b.jpg HTTP/1.1" 200 126857 "-" "Mozilla/5.0 (Macintosh; Intel Mac OS X 10_15_5) AppleWebKit/605.1.15 (KHTML, like Gecko) Version/13.1.1 Safari/605.1.15 (Applebot/0.1; +http://www.apple.com/go/applebot)"
40.77.167.47 - - [23/Jan/2022:22:08:51 +0100] "GET /images/mini_prod/3700516225870.jpg HTTP/1.1" 200 4686 "-" "Mozilla/5.0 (compatible; bingbot/2.0; +http://www.bing.com/bingbot.htm)"
166.88.17.238 - - [23/Jan/2022:22:08:57 +0100] "GET /images/mini_prod/3760116326421.jpg HTTP/1.1" 200 10050 "-" "Mozilla/5.0 (X11; Ubuntu; Linux x86_64; rv:72.0) Gecko/20100101 Firefox/72.0"
77.88.5.243 - - [23/Jan/2022:22:10:10 +0100] "GET /robots.txt HTTP/1.1" 200 2438 "-" "Mozilla/5.0 (compatible; YandexBot/3.0; +http://yandex.com/bots)"
175.114.236.61 - - [23/Jan/2022:22:13:52 +0100] "GET /images/mini_prod/5018997513248.jpg HTTP/1.1" 200 7065 "-" "Mozilla/5.0 (X11; Ubuntu; Linux x86_64; rv:72.0) Gecko/20100101 Firefox/72.0"
66.249.68.28 - - [23/Jan/2022:22:14:22 +0100] "GET /images/big_prod/8422017740311.jpg HTTP/1.1" 200 175999 "-" "Googlebot-Image/1.0"
185.191.171.14 - - [23/Jan/2022:22:15:51 +0100] "GET /robots.txt HTTP/1.1" 200 2438 "-" "Mozilla/5.0 (compatible; SemrushBot/7~bl; +http://www.semrush.com/bot.html)"
157.55.39.153 - - [23/Jan/2022:22:16:48 +0100] "GET /images/8003990609736.jpg HTTP/1.1" 200 73361 "-" "Mozilla/5.0 (compatible; bingbot/2.0; +http://www.bing.com/bingbot.htm)"
193.177.162.34 - - [23/Jan/2022:22:19:02 +0100] "GET /images/mini_prod/5028486153565.jpg HTTP/1.1" 200 8764 "-" "Mozilla/5.0 (X11; Ubuntu; Linux x86_64; rv:72.0) Gecko/20100101 Firefox/72.0"
114.119.128.40 - - [23/Jan/2022:22:20:05 +0100] "GET /images/mini_prod/8433933243237.jpg HTTP/1.1" 200 7422 "-" "Mozilla/5.0 (Linux; Android 7.0;) AppleWebKit/537.36 (KHTML, like Gecko) Mobile Safari/537.36 (compatible; PetalBot;+https://webmaster.petalsearch.com/site/petalbot)"
175.114.236.61 - - [23/Jan/2022:22:21:02 +0100] "GET /images/mini_prod/070209_191201_PEEL_gnVzFs.jpg HTTP/1.1" 200 16519 "-" "Mozilla/5.0 (X11; Ubuntu; Linux x86_64; rv:72.0) Gecko/20100101 Firefox/72.0"
157.55.39.122 - - [23/Jan/2022:22:22:35 +0100] "GET /images/mini_prod/3608860260601.jpg HTTP/1.1" 200 6884 "-" "Mozilla/5.0 (compatible; bingbot/2.0; +http://www.bing.com/bingbot.htm)"
17.121.113.92 - - [23/Jan/2022:22:27:45 +0100] "GET /images/DSCN7525.jpg HTTP/1.1" 200 26018 "-" "Mozilla/5.0 (Macintosh; Intel Mac OS X 10_15_5) AppleWebKit/605.1.15 (KHTML, like Gecko) Version/13.1.1 Safari/605.1.15 (Applebot/0.1; +http://www.apple.com/go/applebot)"
66.249.68.26 - - [23/Jan/2022:22:30:13 +0100] "GET /images/big_prod_1/8852310609730a.jpg HTTP/1.1" 200 255340 "-" "Googlebot-Image/1.0"
157.55.39.125 - - [23/Jan/2022:22:37:24 +0100] "GET /images/mini_prod/3608860236538.jpg HTTP/1.1" 200 6227 "-" "Mozilla/5.0 (compatible; bingbot/2.0; +http://www.bing.com/bingbot.htm)"
40.77.167.47 - - [23/Jan/2022:22:37:34 +0100] "GET /images/4010070244156.jpg HTTP/1.1" 200 139588 "-" "Mozilla/5.0 (compatible; bingbot/2.0; +http://www.bing.com/bingbot.htm)"
157.55.39.62 - - [23/Jan/2022:22:42:01 +0100] "GET /images/3388760924628.jpg HTTP/1.1" 200 22228 "-" "Mozilla/5.0 (compatible; bingbot/2.0; +http://www.bing.com/bingbot.htm)"
157.55.39.62 - - [23/Jan/2022:22:43:21 +0100] "GET /images/3438100333747.jpg HTTP/1.1" 200 29368 "-" "Mozilla/5.0 (compatible; bingbot/2.0; +http://www.bing.com/bingbot.htm)"
66.249.68.26 - - [23/Jan/2022:22:46:02 +0100] "GET /images/big_prod_1/8424346518418B.jpg HTTP/1.1" 200 273844 "-" "Googlebot-Image/1.0"
66.249.68.24 - - [23/Jan/2022:22:46:18 +0100] "GET /images/DSCN4020b.jpg HTTP/1.1" 200 24636 "-" "Googlebot-Image/1.0"
108.74.161.2 - - [23/Jan/2022:22:51:04 +0100] "GET /images/big_prod/8904245400477.jpg HTTP/1.1" 200 89677 "http://pos.kit-systems.com/?display=dual" "Mozilla/5.0 (Windows NT 6.2; WOW64) AppleWebKit/537.36 (KHTML, like Gecko) (KioWare Client Platform r4598) Chrome/88.0.4324.182 Safari/537.36"
157.55.39.125 - - [23/Jan/2022:22:52:05 +0100] "GET /images/9316188013314.jpg HTTP/1.1" 200 28082 "-" "Mozilla/5.0 (compatible; bingbot/2.0; +http://www.bing.com/bingbot.htm)"
193.177.162.34 - - [23/Jan/2022:22:53:11 +0100] "GET /images/mini_prod/8422360068315.jpg HTTP/1.1" 200 9733 "-" "Mozilla/5.0 (X11; Ubuntu; Linux x86_64; rv:72.0) Gecko/20100101 Firefox/72.0"
185.191.171.3 - - [23/Jan/2022:22:53:28 +0100] "GET /robots.txt HTTP/1.1" 200 2438 "-" "Mozilla/5.0 (compatible; SemrushBot/7~bl; +http://www.semrush.com/bot.html)"
207.46.13.190 - - [23/Jan/2022:22:54:37 +0100] "GET /images/big_prod/3503420102554.jpg HTTP/1.1" 200 101611 "-" "Mozilla/5.0 (compatible; bingbot/2.0; +http://www.bing.com/bingbot.htm)"
157.55.39.153 - - [23/Jan/2022:22:55:42 +0100] "GET /images/3521320608082.jpg HTTP/1.1" 200 54542 "-" "Mozilla/5.0 (compatible; bingbot/2.0; +http://www.bing.com/bingbot.htm)"
216.244.66.242 - - [23/Jan/2022:22:56:25 +0100] "GET /robots.txt HTTP/1.1" 200 2438 "-" "Mozilla/5.0 (compatible; DotBot/1.2; +https://opensiteexplorer.org/dotbot; help@moz.com)"
216.244.66.242 - - [23/Jan/2022:22:56:26 +0100] "GET /robots.txt HTTP/1.1" 200 2438 "-" "Mozilla/5.0 (compatible; DotBot/1.2; +https://opensiteexplorer.org/dotbot; help@moz.com)"
40.77.167.47 - - [23/Jan/2022:23:01:26 +0100] "GET /images/med_prod/4029811331451.jpg HTTP/1.1" 200 77704 "-" "Mozilla/5.0 (compatible; bingbot/2.0; +http://www.bing.com/bingbot.htm)"
66.249.68.26 - - [23/Jan/2022:23:01:47 +0100] "GET /images/mini_prod/8719497615452.jpg HTTP/1.1" 200 4134 "-" "Googlebot-Image/1.0"
159.138.102.98 - - [23/Jan/2022:23:06:36 +0100] "GET /images/mini_prod/1341689117993.jpg HTTP/1.1" 200 7936 "-" "Mozilla/5.0 (Linux; Android 7.0;) AppleWebKit/537.36 (KHTML, like Gecko) Mobile Safari/537.36 (compatible; PetalBot;+https://webmaster.petalsearch.com/site/petalbot)"
157.55.39.62 - - [23/Jan/2022:23:10:04 +0100] "GET /images/big_prod_1/1028160011918N.jpg HTTP/1.1" 200 133465 "-" "Mozilla/5.0 (compatible; bingbot/2.0; +http://www.bing.com/bingbot.htm)"
114.119.128.39 - - [23/Jan/2022:23:12:10 +0100] "GET /images/big_prod/1341689132521.jpg HTTP/1.1" 200 160099 "-" "Mozilla/5.0 (Linux; Android 7.0;) AppleWebKit/537.36 (KHTML, like Gecko) Mobile Safari/537.36 (compatible; PetalBot;+https://webmaster.petalsearch.com/site/petalbot)"
172.58.97.195 - - [23/Jan/2022:23:12:19 +0100] "GET /images/big_prod/8435333820483.jpg HTTP/1.1" 200 113923 "-" "Dalvik/2.1.0 (Linux; U; Android 11; SM-A125U Build/RP1A.200720.012)"
172.58.97.195 - - [23/Jan/2022:23:12:35 +0100] "GET /images/big_prod/8435333820483.jpg HTTP/1.1" 200 113923 "-" "Dalvik/2.1.0 (Linux; U; Android 11; SM-A125U Build/RP1A.200720.012)"
172.58.97.195 - - [23/Jan/2022:23:12:41 +0100] "GET /images/big_prod/8435333820483.jpg HTTP/1.1" 200 113923 "-" "Dalvik/2.1.0 (Linux; U; Android 11; SM-A125U Build/RP1A.200720.012)"
65.49.223.45 - - [23/Jan/2022:23:14:52 +0100] "GET /images/mini_prod/3014627769278.jpg HTTP/1.1" 200 6606 "-" "python-requests/2.25.1"
157.55.39.125 - - [23/Jan/2022:23:17:18 +0100] "GET /images/1328399029723.jpg HTTP/1.1" 200 80776 "-" "Mozilla/5.0 (compatible; bingbot/2.0; +http://www.bing.com/bingbot.htm)"
216.244.66.242 - - [23/Jan/2022:23:17:19 +0100] "GET /images/big_prod/8435465002016.jpg HTTP/1.1" 200 124911 "-" "Mozilla/5.0 (compatible; DotBot/1.2; +https://opensiteexplorer.org/dotbot; help@moz.com)"
66.249.68.28 - - [23/Jan/2022:23:17:36 +0100] "GET /images/big_prod/3503420074653.jpg HTTP/1.1" 200 188108 "-" "Googlebot-Image/1.0"
40.77.167.47 - - [23/Jan/2022:23:18:29 +0100] "GET /images/big_prod_2/1328399219643b.jpg HTTP/1.1" 200 81923 "-" "Mozilla/5.0 (compatible; bingbot/2.0; +http://www.bing.com/bingbot.htm)"
17.121.113.44 - - [23/Jan/2022:23:22:08 +0100] "GET /robots.txt HTTP/1.1" 200 2438 "-" "Mozilla/5.0 (Macintosh; Intel Mac OS X 10_15_5) AppleWebKit/605.1.15 (KHTML, like Gecko) Version/13.1.1 Safari/605.1.15 (Applebot/0.1; +http://www.apple.com/go/applebot)"
17.121.113.44 - - [23/Jan/2022:23:22:09 +0100] "GET /images/big_prod/3014627885800Z.jpg HTTP/1.1" 200 126047 "-" "Mozilla/5.0 (Macintosh; Intel Mac OS X 10_15_5) AppleWebKit/605.1.15 (KHTML, like Gecko) Version/13.1.1 Safari/605.1.15 (Applebot/0.1; +http://www.apple.com/go/applebot)"
193.177.162.34 - - [23/Jan/2022:23:26:01 +0100] "GET /images/mini_prod/3661443611184.jpg HTTP/1.1" 200 6428 "-" "Mozilla/5.0 (X11; Ubuntu; Linux x86_64; rv:72.0) Gecko/20100101 Firefox/72.0"
193.177.162.34 - - [23/Jan/2022:23:27:54 +0100] "GET /images/mini_prod/8435333835920.jpg HTTP/1.1" 200 9023 "-" "Mozilla/5.0 (X11; Ubuntu; Linux x86_64; rv:72.0) Gecko/20100101 Firefox/72.0"
147.92.153.8 - - [23/Jan/2022:23:29:24 +0100] "GET /images/big_prod/3665269159738.jpg HTTP/1.1" 200 69092 "-" "Mozilla/5.0 (compatible; Linespider/1.1; +https://lin.ee/4dwXkTH)"
66.249.68.26 - - [23/Jan/2022:23:29:40 +0100] "GET /images/big_prod/8435465005536.jpg HTTP/1.1" 200 146952 "-" "Googlebot-Image/1.0"
74.125.209.26 - - [23/Jan/2022:23:30:53 +0100] "GET /images/big_prod/8001011162437.jpg HTTP/1.1" 200 100347 "-" "Mozilla/5.0 (Windows NT 5.1; rv:11.0) Gecko Firefox/11.0 (via ggpht.com GoogleImageProxy)"
17.121.115.45 - - [23/Jan/2022:23:31:13 +0100] "GET /images/big_prod_1/selenite2.jpg HTTP/1.1" 200 63277 "-" "Mozilla/5.0 (Macintosh; Intel Mac OS X 10_15_5) AppleWebKit/605.1.15 (KHTML, like Gecko) Version/13.1.1 Safari/605.1.15 (Applebot/0.1; +http://www.apple.com/go/applebot)"
66.249.68.26 - - [23/Jan/2022:23:33:26 +0100] "GET /images/big_prod_1/3700281656619C.jpg HTTP/1.1" 200 786389 "-" "Googlebot-Image/1.0"
185.191.171.24 - - [23/Jan/2022:23:36:12 +0100] "GET /robots.txt HTTP/1.1" 200 2438 "-" "Mozilla/5.0 (compatible; SemrushBot/7~bl; +http://www.semrush.com/bot.html)"
175.114.236.61 - - [23/Jan/2022:23:43:32 +0100] "GET /images/mini_prod/5415203956408.jpg HTTP/1.1" 200 5372 "-" "Mozilla/5.0 (X11; Ubuntu; Linux x86_64; rv:72.0) Gecko/20100101 Firefox/72.0"
157.55.39.125 - - [23/Jan/2022:23:44:40 +0100] "GET /images/8028501692724.jpg HTTP/1.1" 200 83691 "-" "Mozilla/5.0 (compatible; bingbot/2.0; +http://www.bing.com/bingbot.htm)"
157.55.39.62 - - [23/Jan/2022:23:46:48 +0100] "GET /images/8009233128279.jpg HTTP/1.1" 200 68848 "-" "Mozilla/5.0 (compatible; bingbot/2.0; +http://www.bing.com/bingbot.htm)"
65.49.221.40 - - [23/Jan/2022:23:48:06 +0100] "GET /images/mini_prod/3609810022287.jpg HTTP/1.1" 200 9769 "-" "python-requests/2.25.1"
193.177.162.34 - - [23/Jan/2022:23:48:29 +0100] "GET /images/mini_prod/3457019600467.jpg HTTP/1.1" 200 5487 "-" "Mozilla/5.0 (X11; Ubuntu; Linux x86_64; rv:72.0) Gecko/20100101 Firefox/72.0"
157.55.39.125 - - [23/Jan/2022:23:48:38 +0100] "GET /images/mini_prod/8422014032839A.jpg HTTP/1.1" 200 6746 "-" "Mozilla/5.0 (compatible; bingbot/2.0; +http://www.bing.com/bingbot.htm)"
66.249.68.28 - - [23/Jan/2022:23:49:10 +0100] "GET /images/big_prod/3503420112805.jpg HTTP/1.1" 200 249063 "-" "Googlebot-Image/1.0"
157.55.39.122 - - [23/Jan/2022:23:50:01 +0100] "GET /images/big_prod/3700344870105.jpg HTTP/1.1" 200 318757 "-" "Mozilla/5.0 (compatible; bingbot/2.0; +http://www.bing.com/bingbot.htm)"
216.244.66.242 - - [23/Jan/2022:23:50:27 +0100] "GET /robots.txt HTTP/1.1" 200 2438 "-" "Mozilla/5.0 (compatible; DotBot/1.2; +https://opensiteexplorer.org/dotbot; help@moz.com)"
193.177.162.34 - - [23/Jan/2022:23:51:03 +0100] "GET /images/mini_prod/3760116326421.jpg HTTP/1.1" 200 10050 "-" "Mozilla/5.0 (X11; Ubuntu; Linux x86_64; rv:72.0) Gecko/20100101 Firefox/72.0"
65.49.223.45 - - [23/Jan/2022:23:52:06 +0100] "GET /images/mini_prod/8435306215780.jpg HTTP/1.1" 200 6366 "-" "python-requests/2.25.1"
40.77.167.47 - - [23/Jan/2022:23:52:09 +0100] "GET /images/big_prod/3609810096233.jpg HTTP/1.1" 200 62204 "-" "Mozilla/5.0 (compatible; bingbot/2.0; +http://www.bing.com/bingbot.htm)"
157.55.39.62 - - [23/Jan/2022:23:53:06 +0100] "GET /images/5018997519745.jpg HTTP/1.1" 200 109811 "-" "Mozilla/5.0 (compatible; bingbot/2.0; +http://www.bing.com/bingbot.htm)"
157.55.39.125 - - [23/Jan/2022:23:54:39 +0100] "GET /images/big_prod/3453131129176.jpg HTTP/1.1" 200 138853 "-" "Mozilla/5.0 (compatible; bingbot/2.0; +http://www.bing.com/bingbot.htm)"
199.115.231.171 - - [23/Jan/2022:23:55:28 +0100] "GET /images/mini_prod/4500315900003.jpg HTTP/1.1" 200 7291 "-" "python-requests/2.25.1"
157.55.39.122 - - [23/Jan/2022:23:56:10 +0100] "GET /images/med_prod/1645973339802.jpg HTTP/1.1" 200 55209 "-" "Mozilla/5.0 (compatible; bingbot/2.0; +http://www.bing.com/bingbot.htm)"
54.160.171.48 - - [24/Jan/2022:00:01:33 +0100] "GET /favicon.ico HTTP/1.1" 304 0 "-" "Mozilla/5.0 (X11; U; Linux x86_64; en-US) AppleWebKit/532.9 (KHTML, like Gecko) Chrome/5.0.307.7 Safari/532.9"
40.77.167.47 - - [24/Jan/2022:00:03:39 +0100] "GET /images/4025055094251.jpg HTTP/1.1" 200 39110 "-" "Mozilla/5.0 (compatible; bingbot/2.0; +http://www.bing.com/bingbot.htm)"
157.55.39.153 - - [24/Jan/2022:00:03:46 +0100] "GET /images/big_prod/4029811320004.jpg HTTP/1.1" 200 104175 "-" "Mozilla/5.0 (compatible; bingbot/2.0; +http://www.bing.com/bingbot.htm)"
66.249.68.24 - - [24/Jan/2022:00:04:58 +0100] "GET /images/big_prod/3700281657852.jpg HTTP/1.1" 200 525139 "-" "Googlebot-Image/1.0"
17.121.115.110 - - [24/Jan/2022:00:06:03 +0100] "GET /images/big_prod/8422005757321.jpg HTTP/1.1" 200 276585 "-" "Mozilla/5.0 (Macintosh; Intel Mac OS X 10_15_5) AppleWebKit/605.1.15 (KHTML, like Gecko) Version/13.1.1 Safari/605.1.15 (Applebot/0.1; +http://www.apple.com/go/applebot)"
147.92.153.16 - - [24/Jan/2022:00:09:04 +0100] "GET /images/big_prod/3453131155434.jpg HTTP/1.1" 200 58756 "-" "Mozilla/5.0 (compatible; Linespider/1.1; +https://lin.ee/4dwXkTH)"
66.249.93.249 - - [24/Jan/2022:00:14:48 +0100] "GET /images/4895028509248.jpg HTTP/1.1" 200 109651 "-" "Mozilla/5.0 (Windows NT 5.1; rv:11.0) Gecko Firefox/11.0 (via ggpht.com GoogleImageProxy)"
176.252.171.178 - - [24/Jan/2022:00:14:56 +0100] "GET /js/jquery.jqzoom.js HTTP/1.1" 200 4761 "http://www.wonder-geek.com/" "Mozilla/5.0 (iPhone; CPU iPhone OS 14_8_1 like Mac OS X) AppleWebKit/605.1.15 (KHTML, like Gecko) Version/14.1.2 Mobile/15E148 Safari/604.1"
176.252.171.178 - - [24/Jan/2022:00:14:56 +0100] "GET /templates/Pixame_v1/stylesheet.css HTTP/1.1" 200 56057 "http://www.wonder-geek.com/" "Mozilla/5.0 (iPhone; CPU iPhone OS 14_8_1 like Mac OS X) AppleWebKit/605.1.15 (KHTML, like Gecko) Version/14.1.2 Mobile/15E148 Safari/604.1"
176.252.171.178 - - [24/Jan/2022:00:14:56 +0100] "GET /highslide/highslide.js HTTP/1.1" 200 42909 "http://www.wonder-geek.com/" "Mozilla/5.0 (iPhone; CPU iPhone OS 14_8_1 like Mac OS X) AppleWebKit/605.1.15 (KHTML, like Gecko) Version/14.1.2 Mobile/15E148 Safari/604.1"
176.252.171.178 - - [24/Jan/2022:00:14:56 +0100] "GET /js/jquery.js HTTP/1.1" 200 54075 "http://www.wonder-geek.com/" "Mozilla/5.0 (iPhone; CPU iPhone OS 14_8_1 like Mac OS X) AppleWebKit/605.1.15 (KHTML, like Gecko) Version/14.1.2 Mobile/15E148 Safari/604.1"
176.252.171.178 - - [24/Jan/2022:00:14:56 +0100] "GET /templates/Pixame_v1/images/icon_accueil2.png HTTP/1.1" 200 1137 "http://www.wonder-geek.com/" "Mozilla/5.0 (iPhone; CPU iPhone OS 14_8_1 like Mac OS X) AppleWebKit/605.1.15 (KHTML, like Gecko) Version/14.1.2 Mobile/15E148 Safari/604.1"
176.252.171.178 - - [24/Jan/2022:00:14:56 +0100] "GET /mondial_relay/js/jquery-1.3.2.min.js HTTP/1.1" 200 57254 "http://www.wonder-geek.com/" "Mozilla/5.0 (iPhone; CPU iPhone OS 14_8_1 like Mac OS X) AppleWebKit/605.1.15 (KHTML, like Gecko) Version/14.1.2 Mobile/15E148 Safari/604.1"
176.252.171.178 - - [24/Jan/2022:00:14:56 +0100] "GET /templates/Pixame_v1/images/buttons/english/button_in_cart.gif HTTP/1.1" 200 1212 "http://www.wonder-geek.com/" "Mozilla/5.0 (iPhone; CPU iPhone OS 14_8_1 like Mac OS X) AppleWebKit/605.1.15 (KHTML, like Gecko) Version/14.1.2 Mobile/15E148 Safari/604.1"
176.252.171.178 - - [24/Jan/2022:00:14:56 +0100] "GET /templates/Pixame_v1/images/nav.png HTTP/1.1" 200 1283 "http://www.wonder-geek.com/" "Mozilla/5.0 (iPhone; CPU iPhone OS 14_8_1 like Mac OS X) AppleWebKit/605.1.15 (KHTML, like Gecko) Version/14.1.2 Mobile/15E148 Safari/604.1"
176.252.171.178 - - [24/Jan/2022:00:14:56 +0100] "GET /images/4895028509248.jpg HTTP/1.1" 200 109651 "http://www.wonder-geek.com/" "Mozilla/5.0 (iPhone; CPU iPhone OS 14_8_1 like Mac OS X) AppleWebKit/605.1.15 (KHTML, like Gecko) Version/14.1.2 Mobile/15E148 Safari/604.1"
176.252.171.178 - - [24/Jan/2022:00:14:56 +0100] "GET /templates/Pixame_v1/images/Bottom_texture.jpg HTTP/1.1" 200 56290 "http://www.wonder-geek.com/" "Mozilla/5.0 (iPhone; CPU iPhone OS 14_8_1 like Mac OS X) AppleWebKit/605.1.15 (KHTML, like Gecko) Version/14.1.2 Mobile/15E148 Safari/604.1"
176.252.171.178 - - [24/Jan/2022:00:14:56 +0100] "GET /design/productsenstock.png HTTP/1.1" 200 4743 "http://www.wonder-geek.com/" "Mozilla/5.0 (iPhone; CPU iPhone OS 14_8_1 like Mac OS X) AppleWebKit/605.1.15 (KHTML, like Gecko) Version/14.1.2 Mobile/15E148 Safari/604.1"
176.252.171.178 - - [24/Jan/2022:00:14:56 +0100] "GET /templates/Pixame_v1/images/header.png HTTP/1.1" 200 70245 "http://www.wonder-geek.com/" "Mozilla/5.0 (iPhone; CPU iPhone OS 14_8_1 like Mac OS X) AppleWebKit/605.1.15 (KHTML, like Gecko) Version/14.1.2 Mobile/15E148 Safari/604.1"
176.252.171.178 - - [24/Jan/2022:00:14:56 +0100] "GET /templates/Pixame_v1/images/header-object.png HTTP/1.1" 200 106050 "http://www.wonder-geek.com/" "Mozilla/5.0 (iPhone; CPU iPhone OS 14_8_1 like Mac OS X) AppleWebKit/605.1.15 (KHTML, like Gecko) Version/14.1.2 Mobile/15E148 Safari/604.1"
176.252.171.178 - - [24/Jan/2022:00:14:56 +0100] "GET /templates/Pixame_v1/images/Middle_texture.jpg HTTP/1.1" 200 249620 "http://www.wonder-geek.com/" "Mozilla/5.0 (iPhone; CPU iPhone OS 14_8_1 like Mac OS X) AppleWebKit/605.1.15 (KHTML, like Gecko) Version/14.1.2 Mobile/15E148 Safari/604.1"
176.252.171.178 - - [24/Jan/2022:00:14:56 +0100] "GET /highslide/graphics/outlines/drop-shadow.png HTTP/1.1" 200 2022 "http://www.wonder-geek.com/" "Mozilla/5.0 (iPhone; CPU iPhone OS 14_8_1 like Mac OS X) AppleWebKit/605.1.15 (KHTML, like Gecko) Version/14.1.2 Mobile/15E148 Safari/604.1"
176.252.171.178 - - [24/Jan/2022:00:14:56 +0100] "GET /favicon.ico HTTP/1.1" 200 1591 "http://www.wonder-geek.com/" "Mozilla/5.0 (iPhone; CPU iPhone OS 14_8_1 like Mac OS X) AppleWebKit/605.1.15 (KHTML, like Gecko) Version/14.1.2 Mobile/15E148 Safari/604.1"
66.249.68.28 - - [24/Jan/2022:00:20:46 +0100] "GET /images/big_prod/041689768362.jpg HTTP/1.1" 200 94228 "-" "Googlebot-Image/1.0"
193.177.162.34 - - [24/Jan/2022:00:28:04 +0100] "GET /images/mini_prod/8424001278909.jpg HTTP/1.1" 200 5619 "-" "Mozilla/5.0 (X11; Ubuntu; Linux x86_64; rv:72.0) Gecko/20100101 Firefox/72.0"
185.191.171.5 - - [24/Jan/2022:00:28:25 +0100] "GET /robots.txt HTTP/1.1" 200 2438 "-" "Mozilla/5.0 (compatible; SemrushBot/7~bl; +http://www.semrush.com/bot.html)"
147.92.153.18 - - [24/Jan/2022:00:29:43 +0100] "GET /images/big_prod/8422045605248B.jpg HTTP/1.1" 200 511364 "-" "Mozilla/5.0 (compatible; Linespider/1.1; +https://lin.ee/4dwXkTH)"
193.177.162.34 - - [24/Jan/2022:00:30:01 +0100] "GET /images/mini_prod/5051265800374.jpg HTTP/1.1" 200 11574 "-" "Mozilla/5.0 (X11; Ubuntu; Linux x86_64; rv:72.0) Gecko/20100101 Firefox/72.0"
157.55.39.125 - - [24/Jan/2022:00:32:02 +0100] "GET /images/mini_prod/3609810089174.jpg HTTP/1.1" 200 4623 "-" "Mozilla/5.0 (compatible; bingbot/2.0; +http://www.bing.com/bingbot.htm)"
193.177.162.34 - - [24/Jan/2022:00:32:15 +0100] "GET /images/mini_prod/9316188013291.jpg HTTP/1.1" 200 5782 "-" "Mozilla/5.0 (X11; Ubuntu; Linux x86_64; rv:72.0) Gecko/20100101 Firefox/72.0"
66.249.68.26 - - [24/Jan/2022:00:36:35 +0100] "GET /images/big_prod/8422018390621.jpg HTTP/1.1" 200 84398 "-" "Googlebot-Image/1.0"
157.55.39.62 - - [24/Jan/2022:00:36:40 +0100] "GET /images/big_prod/4891320399082.jpg HTTP/1.1" 200 78769 "-" "Mozilla/5.0 (compatible; bingbot/2.0; +http://www.bing.com/bingbot.htm)"
114.119.128.37 - - [24/Jan/2022:00:38:43 +0100] "GET /images/mini_prod/8422019441445.jpg HTTP/1.1" 200 6842 "-" "Mozilla/5.0 (Linux; Android 7.0;) AppleWebKit/537.36 (KHTML, like Gecko) Mobile Safari/537.36 (compatible; PetalBot;+https://webmaster.petalsearch.com/site/petalbot)"
157.55.39.125 - - [24/Jan/2022:00:40:43 +0100] "GET /images/big_prod/8902276506717.jpg HTTP/1.1" 200 42894 "-" "Mozilla/5.0 (compatible; bingbot/2.0; +http://www.bing.com/bingbot.htm)"
216.244.66.242 - - [24/Jan/2022:00:42:12 +0100] "GET /robots.txt HTTP/1.1" 200 2438 "-" "Mozilla/5.0 (compatible; DotBot/1.2; +https://opensiteexplorer.org/dotbot; help@moz.com)"
207.46.13.190 - - [24/Jan/2022:00:45:25 +0100] "GET /images/big_prod/4025055987645.jpg HTTP/1.1" 200 151374 "-" "Mozilla/5.0 (compatible; bingbot/2.0; +http://www.bing.com/bingbot.htm)"
114.119.128.26 - - [24/Jan/2022:00:47:06 +0100] "GET /images/big_prod/3503420131110.jpg HTTP/1.1" 200 256974 "-" "Mozilla/5.0 (Linux; Android 7.0;) AppleWebKit/537.36 (KHTML, like Gecko) Mobile Safari/537.36 (compatible; PetalBot;+https://webmaster.petalsearch.com/site/petalbot)"
193.177.162.34 - - [24/Jan/2022:00:50:04 +0100] "GET /images/mini_prod/3585190854208.jpg HTTP/1.1" 200 6791 "-" "Mozilla/5.0 (X11; Ubuntu; Linux x86_64; rv:72.0) Gecko/20100101 Firefox/72.0"
193.177.162.34 - - [24/Jan/2022:00:51:40 +0100] "GET /images/mini_prod/3520071365336.jpg HTTP/1.1" 200 6809 "-" "Mozilla/5.0 (X11; Ubuntu; Linux x86_64; rv:72.0) Gecko/20100101 Firefox/72.0"
66.249.68.26 - - [24/Jan/2022:00:52:23 +0100] "GET /images/big_prod_1/3453131158312a.jpg HTTP/1.1" 200 255587 "-" "Googlebot-Image/1.0"
17.121.112.132 - - [24/Jan/2022:00:53:26 +0100] "GET /images/big_prod/3520071584829.jpg HTTP/1.1" 200 38010 "-" "Mozilla/5.0 (Macintosh; Intel Mac OS X 10_15_5) AppleWebKit/605.1.15 (KHTML, like Gecko) Version/13.1.1 Safari/605.1.15 (Applebot/0.1; +http://www.apple.com/go/applebot)"
17.121.113.209 - - [24/Jan/2022:00:54:13 +0100] "GET /images/big_prod/045544935708.jpg HTTP/1.1" 200 100661 "-" "Mozilla/5.0 (Macintosh; Intel Mac OS X 10_15_5) AppleWebKit/605.1.15 (KHTML, like Gecko) Version/13.1.1 Safari/605.1.15 (Applebot/0.1; +http://www.apple.com/go/applebot)"
40.77.167.47 - - [24/Jan/2022:00:55:55 +0100] "GET /images/1399984242650.jpg HTTP/1.1" 200 80274 "-" "Mozilla/5.0 (compatible; bingbot/2.0; +http://www.bing.com/bingbot.htm)"
157.55.39.153 - - [24/Jan/2022:01:01:12 +0100] "GET /images/big_prod/3014627939718.jpg HTTP/1.1" 200 113892 "-" "Mozilla/5.0 (compatible; bingbot/2.0; +http://www.bing.com/bingbot.htm)"
193.177.162.34 - - [24/Jan/2022:01:01:20 +0100] "GET /images/mini_prod/1399984241790.jpg HTTP/1.1" 200 5735 "-" "Mozilla/5.0 (X11; Ubuntu; Linux x86_64; rv:72.0) Gecko/20100101 Firefox/72.0"
193.177.162.34 - - [24/Jan/2022:01:05:33 +0100] "GET /images/mini_prod/34DSCN8154.jpg HTTP/1.1" 200 6798 "-" "Mozilla/5.0 (X11; Ubuntu; Linux x86_64; rv:72.0) Gecko/20100101 Firefox/72.0"
157.55.39.125 - - [24/Jan/2022:01:09:36 +0100] "GET /images/5060021930942.jpg HTTP/1.1" 200 28585 "-" "Mozilla/5.0 (compatible; bingbot/2.0; +http://www.bing.com/bingbot.htm)"
185.191.171.2 - - [24/Jan/2022:01:13:43 +0100] "GET /robots.txt HTTP/1.1" 200 2438 "-" "Mozilla/5.0 (compatible; SemrushBot/7~bl; +http://www.semrush.com/bot.html)"
207.46.13.190 - - [24/Jan/2022:01:15:17 +0100] "GET /images/mini_prod/8422088078542.jpg HTTP/1.1" 200 3634 "-" "Mozilla/5.0 (compatible; bingbot/2.0; +http://www.bing.com/bingbot.htm)"
17.121.113.199 - - [24/Jan/2022:01:16:26 +0100] "GET /images/big_prod_1/b8435333824252.jpg HTTP/1.1" 200 73685 "-" "Mozilla/5.0 (Macintosh; Intel Mac OS X 10_15_5) AppleWebKit/605.1.15 (KHTML, like Gecko) Version/13.1.1 Safari/605.1.15 (Applebot/0.1; +http://www.apple.com/go/applebot)"
103.131.71.46 - - [24/Jan/2022:01:21:57 +0100] "GET /robots.txt HTTP/1.1" 200 2438 "-" "Mozilla/5.0 (compatible; coccocbot-image/1.0; +http://help.coccoc.com/searchengine)"
193.177.162.34 - - [24/Jan/2022:01:22:20 +0100] "GET /images/mini_prod/8482013122047.jpg HTTP/1.1" 200 8907 "-" "Mozilla/5.0 (X11; Ubuntu; Linux x86_64; rv:72.0) Gecko/20100101 Firefox/72.0"
157.55.39.62 - - [24/Jan/2022:01:23:35 +0100] "GET /images/med_prod/4036113232072.jpg HTTP/1.1" 200 171463 "-" "Mozilla/5.0 (compatible; bingbot/2.0; +http://www.bing.com/bingbot.htm)"
193.177.162.34 - - [24/Jan/2022:01:26:40 +0100] "GET /images/mini_prod/1384010202890.jpg HTTP/1.1" 200 5068 "-" "Mozilla/5.0 (X11; Ubuntu; Linux x86_64; rv:72.0) Gecko/20100101 Firefox/72.0"
207.46.13.190 - - [24/Jan/2022:01:27:09 +0100] "GET /images/big_prod_2/8424346353910C.jpg HTTP/1.1" 200 84072 "-" "Mozilla/5.0 (compatible; bingbot/2.0; +http://www.bing.com/bingbot.htm)"
219.88.101.147 - - [24/Jan/2022:01:30:52 +0100] "GET /js/jquery.jqzoom.js HTTP/1.1" 200 4761 "http://www.wonder-geek.com/" "Mozilla/5.0 (Linux; Android 12; SM-G998B) AppleWebKit/537.36 (KHTML, like Gecko) Chrome/97.0.4692.87 Mobile Safari/537.36"
219.88.101.147 - - [24/Jan/2022:01:30:52 +0100] "GET /templates/Pixame_v1/stylesheet.css HTTP/1.1" 200 56057 "http://www.wonder-geek.com/" "Mozilla/5.0 (Linux; Android 12; SM-G998B) AppleWebKit/537.36 (KHTML, like Gecko) Chrome/97.0.4692.87 Mobile Safari/537.36"
219.88.101.147 - - [24/Jan/2022:01:30:52 +0100] "GET /highslide/highslide.js HTTP/1.1" 200 42909 "http://www.wonder-geek.com/" "Mozilla/5.0 (Linux; Android 12; SM-G998B) AppleWebKit/537.36 (KHTML, like Gecko) Chrome/97.0.4692.87 Mobile Safari/537.36"
219.88.101.147 - - [24/Jan/2022:01:30:52 +0100] "GET /mondial_relay/js/jquery-1.3.2.min.js HTTP/1.1" 200 57254 "http://www.wonder-geek.com/" "Mozilla/5.0 (Linux; Android 12; SM-G998B) AppleWebKit/537.36 (KHTML, like Gecko) Chrome/97.0.4692.87 Mobile Safari/537.36"
219.88.101.147 - - [24/Jan/2022:01:30:53 +0100] "GET /js/jquery.js HTTP/1.1" 200 54075 "http://www.wonder-geek.com/" "Mozilla/5.0 (Linux; Android 12; SM-G998B) AppleWebKit/537.36 (KHTML, like Gecko) Chrome/97.0.4692.87 Mobile Safari/537.36"
157.55.39.122 - - [24/Jan/2022:01:31:20 +0100] "GET /images/big_prod/3503420113536.jpg HTTP/1.1" 200 74902 "-" "Mozilla/5.0 (compatible; bingbot/2.0; +http://www.bing.com/bingbot.htm)"
216.244.66.242 - - [24/Jan/2022:01:34:24 +0100] "GET /robots.txt HTTP/1.1" 200 2438 "-" "Mozilla/5.0 (compatible; DotBot/1.2; +https://opensiteexplorer.org/dotbot; help@moz.com)"
207.46.13.190 - - [24/Jan/2022:01:36:29 +0100] "GET /images/big_prod/8001011166282.jpg HTTP/1.1" 200 147389 "-" "Mozilla/5.0 (compatible; bingbot/2.0; +http://www.bing.com/bingbot.htm)"
157.55.39.122 - - [24/Jan/2022:01:36:40 +0100] "GET /images/big_prod_2/c5018997632079.jpg HTTP/1.1" 200 101129 "-" "Mozilla/5.0 (compatible; bingbot/2.0; +http://www.bing.com/bingbot.htm)"
207.46.13.190 - - [24/Jan/2022:01:38:49 +0100] "GET /images/big_prod/028399219209.jpg HTTP/1.1" 200 61682 "-" "Mozilla/5.0 (compatible; bingbot/2.0; +http://www.bing.com/bingbot.htm)"
157.55.39.153 - - [24/Jan/2022:01:42:36 +0100] "GET /images/big_prod/5051276225654.jpg HTTP/1.1" 200 96936 "-" "Mozilla/5.0 (compatible; bingbot/2.0; +http://www.bing.com/bingbot.htm)"
193.177.162.34 - - [24/Jan/2022:01:43:46 +0100] "GET /images/mini_prod/5036278052187.jpg HTTP/1.1" 200 7689 "-" "Mozilla/5.0 (X11; Ubuntu; Linux x86_64; rv:72.0) Gecko/20100101 Firefox/72.0"
193.177.162.34 - - [24/Jan/2022:01:48:20 +0100] "GET /images/mini_prod/3585190668607.jpg HTTP/1.1" 200 5789 "-" "Mozilla/5.0 (X11; Ubuntu; Linux x86_64; rv:72.0) Gecko/20100101 Firefox/72.0"
157.55.39.125 - - [24/Jan/2022:01:49:40 +0100] "GET /images/med_prod/1384010181157.jpg HTTP/1.1" 200 50160 "-" "Mozilla/5.0 (compatible; bingbot/2.0; +http://www.bing.com/bingbot.htm)"
66.249.68.28 - - [24/Jan/2022:01:50:14 +0100] "GET /robots.txt HTTP/1.1" 200 2438 "-" "Mozilla/5.0 (compatible; Googlebot/2.1; +http://www.google.com/bot.html)"
66.249.68.26 - - [24/Jan/2022:01:50:14 +0100] "GET /images/big_prod/1384220103291.jpg HTTP/1.1" 200 116188 "-" "Googlebot-Image/1.0"
157.55.39.122 - - [24/Jan/2022:01:52:53 +0100] "GET /images/5060021882400.jpg HTTP/1.1" 200 57757 "-" "Mozilla/5.0 (compatible; bingbot/2.0; +http://www.bing.com/bingbot.htm)"
114.119.128.40 - - [24/Jan/2022:01:53:16 +0100] "GET /images/big_prod/3014627949915.jpg HTTP/1.1" 200 58993 "-" "Mozilla/5.0 (Linux; Android 7.0;) AppleWebKit/537.36 (KHTML, like Gecko) Mobile Safari/537.36 (compatible; PetalBot;+https://webmaster.petalsearch.com/site/petalbot)"
77.88.5.243 - - [24/Jan/2022:01:58:15 +0100] "GET /robots.txt HTTP/1.1" 200 2438 "-" "Mozilla/5.0 (compatible; YandexBot/3.0; +http://yandex.com/bots)"
193.177.162.34 - - [24/Jan/2022:01:58:42 +0100] "GET /images/mini_prod/3660173163628.jpg HTTP/1.1" 200 7781 "-" "Mozilla/5.0 (X11; Ubuntu; Linux x86_64; rv:72.0) Gecko/20100101 Firefox/72.0"
157.55.39.62 - - [24/Jan/2022:02:02:57 +0100] "GET /images/big_prod_1/1020322295150B.jpg HTTP/1.1" 200 89006 "-" "Mozilla/5.0 (compatible; bingbot/2.0; +http://www.bing.com/bingbot.htm)"
157.55.39.125 - - [24/Jan/2022:02:07:02 +0100] "GET /images/med_prod/8435107771287.jpg HTTP/1.1" 200 110176 "-" "Mozilla/5.0 (compatible; bingbot/2.0; +http://www.bing.com/bingbot.htm)"
185.191.171.45 - - [24/Jan/2022:02:08:14 +0100] "GET /robots.txt HTTP/1.1" 200 2438 "-" "Mozilla/5.0 (compatible; SemrushBot/7~bl; +http://www.semrush.com/bot.html)"
157.55.39.62 - - [24/Jan/2022:02:08:59 +0100] "GET /images/big_prod/1384010191682.jpg HTTP/1.1" 200 65938 "-" "Mozilla/5.0 (compatible; bingbot/2.0; +http://www.bing.com/bingbot.htm)"
193.177.162.34 - - [24/Jan/2022:02:12:58 +0100] "GET /images/mini_prod/1384010183571BB.jpg HTTP/1.1" 200 7286 "-" "Mozilla/5.0 (X11; Ubuntu; Linux x86_64; rv:72.0) Gecko/20100101 Firefox/72.0"
157.55.39.153 - - [24/Jan/2022:02:15:49 +0100] "GET /images/big_prod/8424346353910.jpg HTTP/1.1" 200 68155 "-" "Mozilla/5.0 (compatible; bingbot/2.0; +http://www.bing.com/bingbot.htm)"
