40.77.167.47 - - [23/Jan/2022:03:17:10 +0100] "GET /images/big_prod/5027148033696.jpg HTTP/1.1" 200 59761 "-" "Mozilla/5.0 (compatible; bingbot/2.0; +http://www.bing.com/bingbot.htm)"
20.64.141.82 - - [23/Jan/2022:03:17:42 +0100] "GET /images/big_prod/1384010203088.jpg HTTP/1.1" 200 115289 "-" "Mozilla/5.0 (Windows NT 10.0; WOW64) AppleWebKit/537.36 (KHTML, like Gecko) Chrome/68.0.3440.106 Safari/537.36"
17.121.113.120 - - [23/Jan/2022:03:20:06 +0100] "GET /images/big_prod/1399124740022.jpg HTTP/1.1" 200 68589 "-" "Mozilla/5.0 (Macintosh; Intel Mac OS X 10_15_5) AppleWebKit/605.1.15 (KHTML, like Gecko) Version/13.1.1 Safari/605.1.15 (Applebot/0.1; +http://www.apple.com/go/applebot)"
23.100.232.233 - - [23/Jan/2022:03:21:15 +0100] "GET /templates/Pixame_v1/stylesheet.css HTTP/1.1" 200 56057 "http://www.wonder-geek.com/pokemon-umbrella-p-29469.html" "Mozilla/5.0 (compatible; MSIE 9.0; Windows NT 6.1; Trident/5.0;  Trident/5.0)"
23.100.232.233 - - [23/Jan/2022:03:21:15 +0100] "GET /highslide/highslide.js HTTP/1.1" 200 42909 "http://www.wonder-geek.com/pokemon-umbrella-p-29469.html" "Mozilla/5.0 (compatible; MSIE 9.0; Windows NT 6.1; Trident/5.0;  Trident/5.0)"
23.100.232.233 - - [23/Jan/2022:03:21:15 +0100] "GET /js/jquery.js HTTP/1.1" 200 54075 "http://www.wonder-geek.com/pokemon-umbrella-p-29469.html" "Mozilla/5.0 (compatible; MSIE 9.0; Windows NT 6.1; Trident/5.0;  Trident/5.0)"
23.100.232.233 - - [23/Jan/2022:03:21:16 +0100] "GET /mondial_relay/js/jquery-1.3.2.min.js HTTP/1.1" 200 57254 "http://www.wonder-geek.com/pokemon-umbrella-p-29469.html" "Mozilla/5.0 (compatible; MSIE 9.0; Windows NT 6.1; Trident/5.0;  Trident/5.0)"
23.100.232.233 - - [23/Jan/2022:03:21:16 +0100] "GET /js/jquery.jqzoom.js HTTP/1.1" 200 4761 "http://www.wonder-geek.com/pokemon-umbrella-p-29469.html" "Mozilla/5.0 (compatible; MSIE 9.0; Windows NT 6.1; Trident/5.0;  Trident/5.0)"
23.100.232.233 - - [23/Jan/2022:03:21:18 +0100] "GET /templates/Pixame_v1/images/flash.swf HTTP/1.1" 200 2868 "http://www.wonder-geek.com/pokemon-umbrella-p-29469.html" "Mozilla/5.0 (compatible; MSIE 9.0; Windows NT 6.1; Trident/5.0;  Trident/5.0)"
23.100.232.233 - - [23/Jan/2022:03:23:12 +0100] "GET /templates/Pixame_v1/stylesheet.css HTTP/1.1" 200 56057 "http://www.wonder-geek.com/-p-22643.html" "Mozilla/5.0 (compatible; MSIE 9.0; Windows NT 6.0; Trident/5.0;  Trident/5.0)"
23.100.232.233 - - [23/Jan/2022:03:23:12 +0100] "GET /highslide/highslide.js HTTP/1.1" 200 42909 "http://www.wonder-geek.com/-p-22643.html" "Mozilla/5.0 (compatible; MSIE 9.0; Windows NT 6.0; Trident/5.0;  Trident/5.0)"
23.100.232.233 - - [23/Jan/2022:03:23:12 +0100] "GET /js/jquery.jqzoom.js HTTP/1.1" 200 4761 "http://www.wonder-geek.com/-p-22643.html" "Mozilla/5.0 (compatible; MSIE 9.0; Windows NT 6.0; Trident/5.0;  Trident/5.0)"
23.100.232.233 - - [23/Jan/2022:03:23:13 +0100] "GET /js/jquery.js HTTP/1.1" 200 54075 "http://www.wonder-geek.com/-p-22643.html" "Mozilla/5.0 (compatible; MSIE 9.0; Windows NT 6.0; Trident/5.0;  Trident/5.0)"
23.100.232.233 - - [23/Jan/2022:03:23:13 +0100] "GET /mondial_relay/js/jquery-1.3.2.min.js HTTP/1.1" 200 57254 "http://www.wonder-geek.com/-p-22643.html" "Mozilla/5.0 (compatible; MSIE 9.0; Windows NT 6.0; Trident/5.0;  Trident/5.0)"
23.100.232.233 - - [23/Jan/2022:03:23:16 +0100] "GET /templates/Pixame_v1/images/flash.swf HTTP/1.1" 200 2868 "http://www.wonder-geek.com/-p-22643.html" "Mozilla/5.0 (compatible; MSIE 9.0; Windows NT 6.0; Trident/5.0;  Trident/5.0)"
40.77.167.47 - - [23/Jan/2022:03:25:41 +0100] "GET /images/big_prod/8720088292488.jpg HTTP/1.1" 200 96797 "-" "Mozilla/5.0 (compatible; bingbot/2.0; +http://www.bing.com/bingbot.htm)"
77.88.5.243 - - [23/Jan/2022:03:25:44 +0100] "GET /robots.txt HTTP/1.1" 200 2438 "-" "Mozilla/5.0 (compatible; YandexBot/3.0; +http://yandex.com/bots)"
114.119.128.39 - - [23/Jan/2022:03:30:58 +0100] "GET /images/mini_prod/5051276423951.jpg HTTP/1.1" 200 6187 "-" "Mozilla/5.0 (Linux; Android 7.0;) AppleWebKit/537.36 (KHTML, like Gecko) Mobile Safari/537.36 (compatible; PetalBot;+https://webmaster.petalsearch.com/site/petalbot)"
14.137.135.57 - - [23/Jan/2022:03:32:56 +0100] "GET /images/mini_prod/3700344871775.jpg HTTP/1.1" 200 3056 "-" "Mozilla/5.0 (Windows NT 10.0; Win64; x64) AppleWebKit/537.36 (KHTML, like Gecko) Chrome/90.0.4430.212 Safari/537.36"
185.191.171.40 - - [23/Jan/2022:03:33:40 +0100] "GET /robots.txt HTTP/1.1" 200 2438 "-" "Mozilla/5.0 (compatible; SemrushBot/7~bl; +http://www.semrush.com/bot.html)"
157.55.39.153 - - [23/Jan/2022:03:37:10 +0100] "GET /images/5012994628660.jpg HTTP/1.1" 200 22584 "-" "Mozilla/5.0 (compatible; bingbot/2.0; +http://www.bing.com/bingbot.htm)"
207.46.13.190 - - [23/Jan/2022:03:41:44 +0100] "GET /images/big_prod/8435306270062.jpg HTTP/1.1" 200 92313 "-" "Mozilla/5.0 (compatible; bingbot/2.0; +http://www.bing.com/bingbot.htm)"
23.100.232.233 - - [23/Jan/2022:03:41:51 +0100] "GET /highslide/highslide.js HTTP/1.1" 200 42909 "http://www.wonder-geek.com/-p-2370.html" "Mozilla/5.0 (compatible; MSIE 9.0; Windows NT 6.1; Trident/5.0;  Trident/5.0)"
23.100.232.233 - - [23/Jan/2022:03:41:51 +0100] "GET /templates/Pixame_v1/stylesheet.css HTTP/1.1" 200 56057 "http://www.wonder-geek.com/-p-2370.html" "Mozilla/5.0 (compatible; MSIE 9.0; Windows NT 6.1; Trident/5.0;  Trident/5.0)"
23.100.232.233 - - [23/Jan/2022:03:41:51 +0100] "GET /js/jquery.jqzoom.js HTTP/1.1" 200 4761 "http://www.wonder-geek.com/-p-2370.html" "Mozilla/5.0 (compatible; MSIE 9.0; Windows NT 6.1; Trident/5.0;  Trident/5.0)"
23.100.232.233 - - [23/Jan/2022:03:41:51 +0100] "GET /js/jquery.js HTTP/1.1" 200 54075 "http://www.wonder-geek.com/-p-2370.html" "Mozilla/5.0 (compatible; MSIE 9.0; Windows NT 6.1; Trident/5.0;  Trident/5.0)"
23.100.232.233 - - [23/Jan/2022:03:41:51 +0100] "GET /mondial_relay/js/jquery-1.3.2.min.js HTTP/1.1" 200 57254 "http://www.wonder-geek.com/-p-2370.html" "Mozilla/5.0 (compatible; MSIE 9.0; Windows NT 6.1; Trident/5.0;  Trident/5.0)"
23.100.232.233 - - [23/Jan/2022:03:41:52 +0100] "GET /templates/Pixame_v1/images/flash.swf HTTP/1.1" 200 2868 "http://www.wonder-geek.com/-p-2370.html" "Mozilla/5.0 (compatible; MSIE 9.0; Windows NT 6.1; Trident/5.0;  Trident/5.0)"
20.64.143.151 - - [23/Jan/2022:03:41:56 +0100] "GET /images/big_prod/8718657461106.jpg HTTP/1.1" 200 43946 "-" "Mozilla/5.0 (Windows NT 6.1; WOW64) AppleWebKit/537.36 (KHTML, like Gecko) Chrome/45.0.2454.101 Safari/537.36"
23.100.232.233 - - [23/Jan/2022:03:42:12 +0100] "GET /templates/Pixame_v1/stylesheet.css HTTP/1.1" 200 56057 "http://www.wonder-geek.com/-p-18794.html" "Mozilla/5.0 (compatible; MSIE 9.0; Windows NT 6.1; Trident/5.0;  Trident/5.0)"
23.100.232.233 - - [23/Jan/2022:03:42:12 +0100] "GET /highslide/highslide.js HTTP/1.1" 200 42909 "http://www.wonder-geek.com/-p-18794.html" "Mozilla/5.0 (compatible; MSIE 9.0; Windows NT 6.1; Trident/5.0;  Trident/5.0)"
23.100.232.233 - - [23/Jan/2022:03:42:13 +0100] "GET /js/jquery.jqzoom.js HTTP/1.1" 200 4761 "http://www.wonder-geek.com/-p-18794.html" "Mozilla/5.0 (compatible; MSIE 9.0; Windows NT 6.1; Trident/5.0;  Trident/5.0)"
23.100.232.233 - - [23/Jan/2022:03:42:13 +0100] "GET /js/jquery.js HTTP/1.1" 200 54075 "http://www.wonder-geek.com/-p-18794.html" "Mozilla/5.0 (compatible; MSIE 9.0; Windows NT 6.1; Trident/5.0;  Trident/5.0)"
23.100.232.233 - - [23/Jan/2022:03:42:14 +0100] "GET /mondial_relay/js/jquery-1.3.2.min.js HTTP/1.1" 200 57254 "http://www.wonder-geek.com/-p-18794.html" "Mozilla/5.0 (compatible; MSIE 9.0; Windows NT 6.1; Trident/5.0;  Trident/5.0)"
23.100.232.233 - - [23/Jan/2022:03:42:17 +0100] "GET /templates/Pixame_v1/images/flash.swf HTTP/1.1" 200 2868 "http://www.wonder-geek.com/-p-18794.html" "Mozilla/5.0 (compatible; MSIE 9.0; Windows NT 6.1; Trident/5.0;  Trident/5.0)"
157.55.39.125 - - [23/Jan/2022:03:45:31 +0100] "GET /images/MISES-EN-SITUATION-STACH-20.jpg HTTP/1.1" 200 18841 "-" "Mozilla/5.0 (compatible; bingbot/2.0; +http://www.bing.com/bingbot.htm)"
20.64.143.151 - - [23/Jan/2022:03:47:03 +0100] "GET /images/1399984246160.gif HTTP/1.1" 200 59124 "-" "Mozilla/5.0 (X11; Linux x86_64) AppleWebKit/537.36 (KHTML, like Gecko) Chrome/62.0.3202.62 Safari/537.36"
213.87.123.74 - - [23/Jan/2022:03:49:01 +0100] "GET /images/med_prod/4891813832744.jpg HTTP/1.1" 200 118996 "-" "Mozilla/5.0 (iPhone; CPU iPhone OS 12_5 like Mac OS X) AppleWebKit/605.1.15 (KHTML, like Gecko) Version/12.0 YaBrowser/22.1.1.1528.10 Mobile/15E148 Safari/604.1"
40.77.167.47 - - [23/Jan/2022:03:50:34 +0100] "GET /images/mini_prod/5415203976260.jpg HTTP/1.1" 200 4884 "-" "Mozilla/5.0 (compatible; bingbot/2.0; +http://www.bing.com/bingbot.htm)"
64.62.252.162 - - [23/Jan/2022:03:53:18 +0100] "GET /robots.txt HTTP/1.1" 200 2438 "-" "The Knowledge AI"
216.244.66.242 - - [23/Jan/2022:03:57:06 +0100] "GET /robots.txt HTTP/1.1" 200 2438 "-" "Mozilla/5.0 (compatible; DotBot/1.2; +https://opensiteexplorer.org/dotbot; help@moz.com)"
66.249.66.6 - - [23/Jan/2022:03:59:43 +0100] "GET /robots.txt HTTP/1.1" 200 2438 "-" "Mozilla/5.0 (compatible; Googlebot/2.1; +http://www.google.com/bot.html)"
114.119.128.40 - - [23/Jan/2022:04:01:17 +0100] "GET /images/big_prod/8445148011754.jpg HTTP/1.1" 200 843948 "-" "Mozilla/5.0 (Linux; Android 7.0;) AppleWebKit/537.36 (KHTML, like Gecko) Mobile Safari/537.36 (compatible; PetalBot;+https://webmaster.petalsearch.com/site/petalbot)"
193.177.162.34 - - [23/Jan/2022:04:02:23 +0100] "GET /images/mini_prod/3519570204031.jpg HTTP/1.1" 200 8527 "-" "Mozilla/5.0 (X11; Ubuntu; Linux x86_64; rv:72.0) Gecko/20100101 Firefox/72.0"
172.4.32.226 - - [23/Jan/2022:04:04:21 +0100] "GET /js/jquery.jqzoom.js HTTP/1.1" 200 4761 "http://www.wonder-geek.com/" "Mozilla/5.0 (iPhone; CPU iPhone OS 15_1 like Mac OS X) AppleWebKit/605.1.15 (KHTML, like Gecko) Version/15.1 Mobile/15E148 Safari/604.1"
172.4.32.226 - - [23/Jan/2022:04:04:21 +0100] "GET /highslide/highslide.js HTTP/1.1" 200 42909 "http://www.wonder-geek.com/" "Mozilla/5.0 (iPhone; CPU iPhone OS 15_1 like Mac OS X) AppleWebKit/605.1.15 (KHTML, like Gecko) Version/15.1 Mobile/15E148 Safari/604.1"
172.4.32.226 - - [23/Jan/2022:04:04:22 +0100] "GET /templates/Pixame_v1/stylesheet.css HTTP/1.1" 200 56057 "http://www.wonder-geek.com/" "Mozilla/5.0 (iPhone; CPU iPhone OS 15_1 like Mac OS X) AppleWebKit/605.1.15 (KHTML, like Gecko) Version/15.1 Mobile/15E148 Safari/604.1"
172.4.32.226 - - [23/Jan/2022:04:04:22 +0100] "GET /js/jquery.js HTTP/1.1" 200 54075 "http://www.wonder-geek.com/" "Mozilla/5.0 (iPhone; CPU iPhone OS 15_1 like Mac OS X) AppleWebKit/605.1.15 (KHTML, like Gecko) Version/15.1 Mobile/15E148 Safari/604.1"
172.4.32.226 - - [23/Jan/2022:04:04:22 +0100] "GET /mondial_relay/js/jquery-1.3.2.min.js HTTP/1.1" 200 57254 "http://www.wonder-geek.com/" "Mozilla/5.0 (iPhone; CPU iPhone OS 15_1 like Mac OS X) AppleWebKit/605.1.15 (KHTML, like Gecko) Version/15.1 Mobile/15E148 Safari/604.1"
172.197.223.1 - - [23/Jan/2022:04:10:38 +0100] "GET /js/jquery.jqzoom.js HTTP/1.1" 200 4761 "http://www.wonder-geek.com/koala-money-p-55391.html" "Mozilla/5.0 (Macintosh; Intel Mac OS X 10_15_6) AppleWebKit/605.1.15 (KHTML, like Gecko) Version/14.1.2 Safari/605.1.15"
172.197.223.1 - - [23/Jan/2022:04:10:39 +0100] "GET /templates/Pixame_v1/stylesheet.css HTTP/1.1" 200 56057 "http://www.wonder-geek.com/koala-money-p-55391.html" "Mozilla/5.0 (Macintosh; Intel Mac OS X 10_15_6) AppleWebKit/605.1.15 (KHTML, like Gecko) Version/14.1.2 Safari/605.1.15"
172.197.223.1 - - [23/Jan/2022:04:10:39 +0100] "GET /js/jquery.js HTTP/1.1" 200 54075 "http://www.wonder-geek.com/koala-money-p-55391.html" "Mozilla/5.0 (Macintosh; Intel Mac OS X 10_15_6) AppleWebKit/605.1.15 (KHTML, like Gecko) Version/14.1.2 Safari/605.1.15"
172.197.223.1 - - [23/Jan/2022:04:10:39 +0100] "GET /highslide/highslide.js HTTP/1.1" 200 42909 "http://www.wonder-geek.com/koala-money-p-55391.html" "Mozilla/5.0 (Macintosh; Intel Mac OS X 10_15_6) AppleWebKit/605.1.15 (KHTML, like Gecko) Version/14.1.2 Safari/605.1.15"
172.197.223.1 - - [23/Jan/2022:04:10:39 +0100] "GET /mondial_relay/js/jquery-1.3.2.min.js HTTP/1.1" 200 57254 "http://www.wonder-geek.com/koala-money-p-55391.html" "Mozilla/5.0 (Macintosh; Intel Mac OS X 10_15_6) AppleWebKit/605.1.15 (KHTML, like Gecko) Version/14.1.2 Safari/605.1.15"
172.197.223.1 - - [23/Jan/2022:04:10:39 +0100] "GET /templates/Pixame_v1/images/icon_accueil2.png HTTP/1.1" 200 1137 "http://www.wonder-geek.com/koala-money-p-55391.html" "Mozilla/5.0 (Macintosh; Intel Mac OS X 10_15_6) AppleWebKit/605.1.15 (KHTML, like Gecko) Version/14.1.2 Safari/605.1.15"
172.197.223.1 - - [23/Jan/2022:04:10:40 +0100] "GET /images/big_prod/5404006048250.jpg HTTP/1.1" 200 75809 "http://www.wonder-geek.com/koala-money-p-55391.html" "Mozilla/5.0 (Macintosh; Intel Mac OS X 10_15_6) AppleWebKit/605.1.15 (KHTML, like Gecko) Version/14.1.2 Safari/605.1.15"
172.197.223.1 - - [23/Jan/2022:04:10:40 +0100] "GET /images/big_prod_1/5404006048250b.jpg HTTP/1.1" 200 58990 "http://www.wonder-geek.com/koala-money-p-55391.html" "Mozilla/5.0 (Macintosh; Intel Mac OS X 10_15_6) AppleWebKit/605.1.15 (KHTML, like Gecko) Version/14.1.2 Safari/605.1.15"
172.197.223.1 - - [23/Jan/2022:04:10:40 +0100] "GET /images/big_prod_2/5404006048250c.jpg HTTP/1.1" 200 62652 "http://www.wonder-geek.com/koala-money-p-55391.html" "Mozilla/5.0 (Macintosh; Intel Mac OS X 10_15_6) AppleWebKit/605.1.15 (KHTML, like Gecko) Version/14.1.2 Safari/605.1.15"
172.197.223.1 - - [23/Jan/2022:04:10:40 +0100] "GET /templates/Pixame_v1/images/buttons/english/button_in_cart.gif HTTP/1.1" 200 1212 "http://www.wonder-geek.com/koala-money-p-55391.html" "Mozilla/5.0 (Macintosh; Intel Mac OS X 10_15_6) AppleWebKit/605.1.15 (KHTML, like Gecko) Version/14.1.2 Safari/605.1.15"
172.197.223.1 - - [23/Jan/2022:04:10:40 +0100] "GET /images/big_prod_3/5404006048250a.jpg HTTP/1.1" 200 173799 "http://www.wonder-geek.com/koala-money-p-55391.html" "Mozilla/5.0 (Macintosh; Intel Mac OS X 10_15_6) AppleWebKit/605.1.15 (KHTML, like Gecko) Version/14.1.2 Safari/605.1.15"
172.197.223.1 - - [23/Jan/2022:04:10:40 +0100] "GET /templates/Pixame_v1/images/Bottom_texture.jpg HTTP/1.1" 200 56290 "http://www.wonder-geek.com/koala-money-p-55391.html" "Mozilla/5.0 (Macintosh; Intel Mac OS X 10_15_6) AppleWebKit/605.1.15 (KHTML, like Gecko) Version/14.1.2 Safari/605.1.15"
172.197.223.1 - - [23/Jan/2022:04:10:40 +0100] "GET /templates/Pixame_v1/images/nav.png HTTP/1.1" 200 1283 "http://www.wonder-geek.com/koala-money-p-55391.html" "Mozilla/5.0 (Macintosh; Intel Mac OS X 10_15_6) AppleWebKit/605.1.15 (KHTML, like Gecko) Version/14.1.2 Safari/605.1.15"
172.197.223.1 - - [23/Jan/2022:04:10:41 +0100] "GET /templates/Pixame_v1/images/header-object.png HTTP/1.1" 200 106050 "http://www.wonder-geek.com/koala-money-p-55391.html" "Mozilla/5.0 (Macintosh; Intel Mac OS X 10_15_6) AppleWebKit/605.1.15 (KHTML, like Gecko) Version/14.1.2 Safari/605.1.15"
172.197.223.1 - - [23/Jan/2022:04:10:41 +0100] "GET /design/productsenstock.png HTTP/1.1" 200 4743 "http://www.wonder-geek.com/koala-money-p-55391.html" "Mozilla/5.0 (Macintosh; Intel Mac OS X 10_15_6) AppleWebKit/605.1.15 (KHTML, like Gecko) Version/14.1.2 Safari/605.1.15"
172.197.223.1 - - [23/Jan/2022:04:10:41 +0100] "GET /templates/Pixame_v1/images/header.png HTTP/1.1" 200 70245 "http://www.wonder-geek.com/koala-money-p-55391.html" "Mozilla/5.0 (Macintosh; Intel Mac OS X 10_15_6) AppleWebKit/605.1.15 (KHTML, like Gecko) Version/14.1.2 Safari/605.1.15"
172.197.223.1 - - [23/Jan/2022:04:10:41 +0100] "GET /templates/Pixame_v1/images/Middle_texture.jpg HTTP/1.1" 200 249620 "http://www.wonder-geek.com/koala-money-p-55391.html" "Mozilla/5.0 (Macintosh; Intel Mac OS X 10_15_6) AppleWebKit/605.1.15 (KHTML, like Gecko) Version/14.1.2 Safari/605.1.15"
172.197.223.1 - - [23/Jan/2022:04:10:42 +0100] "GET /highslide/graphics/outlines/drop-shadow.png HTTP/1.1" 200 2022 "http://www.wonder-geek.com/koala-money-p-55391.html" "Mozilla/5.0 (Macintosh; Intel Mac OS X 10_15_6) AppleWebKit/605.1.15 (KHTML, like Gecko) Version/14.1.2 Safari/605.1.15"
172.197.223.1 - - [23/Jan/2022:04:10:42 +0100] "GET /favicon.ico HTTP/1.1" 200 1591 "http://www.wonder-geek.com/koala-money-p-55391.html" "Mozilla/5.0 (Macintosh; Intel Mac OS X 10_15_6) AppleWebKit/605.1.15 (KHTML, like Gecko) Version/14.1.2 Safari/605.1.15"
23.100.232.233 - - [23/Jan/2022:04:11:46 +0100] "GET /highslide/highslide.js HTTP/1.1" 200 42909 "http://www.wonder-geek.com/strawberry-shortcake-long-sleeve-shirt-p-31021.html" "Mozilla/5.0 (compatible; MSIE 9.0; Windows NT 6.1; Trident/5.0;  Trident/5.0)"
23.100.232.233 - - [23/Jan/2022:04:11:47 +0100] "GET /templates/Pixame_v1/stylesheet.css HTTP/1.1" 200 56057 "http://www.wonder-geek.com/strawberry-shortcake-long-sleeve-shirt-p-31021.html" "Mozilla/5.0 (compatible; MSIE 9.0; Windows NT 6.1; Trident/5.0;  Trident/5.0)"
23.100.232.233 - - [23/Jan/2022:04:11:47 +0100] "GET /js/jquery.jqzoom.js HTTP/1.1" 200 4761 "http://www.wonder-geek.com/strawberry-shortcake-long-sleeve-shirt-p-31021.html" "Mozilla/5.0 (compatible; MSIE 9.0; Windows NT 6.1; Trident/5.0;  Trident/5.0)"
23.100.232.233 - - [23/Jan/2022:04:11:47 +0100] "GET /js/jquery.js HTTP/1.1" 200 54075 "http://www.wonder-geek.com/strawberry-shortcake-long-sleeve-shirt-p-31021.html" "Mozilla/5.0 (compatible; MSIE 9.0; Windows NT 6.1; Trident/5.0;  Trident/5.0)"
23.100.232.233 - - [23/Jan/2022:04:11:47 +0100] "GET /mondial_relay/js/jquery-1.3.2.min.js HTTP/1.1" 200 57254 "http://www.wonder-geek.com/strawberry-shortcake-long-sleeve-shirt-p-31021.html" "Mozilla/5.0 (compatible; MSIE 9.0; Windows NT 6.1; Trident/5.0;  Trident/5.0)"
23.100.232.233 - - [23/Jan/2022:04:11:47 +0100] "GET /templates/Pixame_v1/images/flash.swf HTTP/1.1" 200 2868 "http://www.wonder-geek.com/strawberry-shortcake-long-sleeve-shirt-p-31021.html" "Mozilla/5.0 (compatible; MSIE 9.0; Windows NT 6.1; Trident/5.0;  Trident/5.0)"
159.138.102.98 - - [23/Jan/2022:04:14:07 +0100] "GET /images/big_prod_1/3014627830039a.jpg HTTP/1.1" 200 176869 "-" "Mozilla/5.0 (Linux; Android 7.0;) AppleWebKit/537.36 (KHTML, like Gecko) Mobile Safari/537.36 (compatible; PetalBot;+https://webmaster.petalsearch.com/site/petalbot)"
14.137.135.24 - - [23/Jan/2022:04:17:32 +0100] "GET /images/med_prod/4029811238682.jpg HTTP/1.1" 200 87715 "-" "Mozilla/5.0 (Windows NT 10.0; Win64; x64) AppleWebKit/537.36 (KHTML, like Gecko) Chrome/90.0.4430.212 Safari/537.36"
17.121.113.123 - - [23/Jan/2022:04:20:21 +0100] "GET /images/big_prod/3660173151304.jpg HTTP/1.1" 200 71731 "-" "Mozilla/5.0 (Macintosh; Intel Mac OS X 10_15_5) AppleWebKit/605.1.15 (KHTML, like Gecko) Version/13.1.1 Safari/605.1.15 (Applebot/0.1; +http://www.apple.com/go/applebot)"
40.77.167.47 - - [23/Jan/2022:04:20:57 +0100] "GET /images/1399984280188.jpg HTTP/1.1" 200 112421 "-" "Mozilla/5.0 (compatible; bingbot/2.0; +http://www.bing.com/bingbot.htm)"
20.64.143.151 - - [23/Jan/2022:04:23:45 +0100] "GET /images/3453131111744.jpg HTTP/1.1" 200 169409 "-" "Mozilla/5.0 (Windows NT 10.0; WOW64) AppleWebKit/537.36 (KHTML, like Gecko) Chrome/67.0.3396.99 Safari/537.36"
193.177.162.34 - - [23/Jan/2022:04:24:52 +0100] "GET /images/mini_prod/MISES-EN-SITUATION-02.jpg HTTP/1.1" 200 7260 "-" "Mozilla/5.0 (X11; Ubuntu; Linux x86_64; rv:72.0) Gecko/20100101 Firefox/72.0"
159.138.102.98 - - [23/Jan/2022:04:27:48 +0100] "GET /images/big_prod_1/1020322298588a.jpg HTTP/1.1" 200 269420 "-" "Mozilla/5.0 (Linux; Android 7.0;) AppleWebKit/537.36 (KHTML, like Gecko) Mobile Safari/537.36 (compatible; PetalBot;+https://webmaster.petalsearch.com/site/petalbot)"
77.88.5.3 - - [23/Jan/2022:04:28:36 +0100] "GET /images/8430957063803.jpg HTTP/1.1" 200 116908 "-" "Mozilla/5.0 (compatible; YandexImages/3.0; +http://yandex.com/bots)"
159.138.102.98 - - [23/Jan/2022:04:33:08 +0100] "GET /images/mini_prod/3665269156621.jpg HTTP/1.1" 200 4122 "-" "Mozilla/5.0 (Linux; Android 7.0;) AppleWebKit/537.36 (KHTML, like Gecko) Mobile Safari/537.36 (compatible; PetalBot;+https://webmaster.petalsearch.com/site/petalbot)"
185.191.171.41 - - [23/Jan/2022:04:33:52 +0100] "GET /robots.txt HTTP/1.1" 200 2438 "-" "Mozilla/5.0 (compatible; SemrushBot/7~bl; +http://www.semrush.com/bot.html)"
40.77.167.47 - - [23/Jan/2022:04:34:28 +0100] "GET /images/big_prod_4/a4542202656389.jpg HTTP/1.1" 200 390752 "-" "Mozilla/5.0 (compatible; bingbot/2.0; +http://www.bing.com/bingbot.htm)"
20.64.141.82 - - [23/Jan/2022:04:35:28 +0100] "GET /images/med_prod/8435306269783.jpg HTTP/1.1" 200 142673 "-" "Mozilla/5.0 (Macintosh; U; PPC Mac OS X 10.5; en-US; rv:1.9.2.15) Gecko/20110303 Firefox/3.6.15"
106.11.156.27 - - [23/Jan/2022:04:35:57 +0100] "GET /images/mini_prod/206GJ07.jpg HTTP/1.1" 200 8681 "http://www.wonder-geek.com/coasters-c-12_157.html" "YisouSpider"
54.36.148.145 - - [23/Jan/2022:04:43:03 +0100] "GET /images/mini_prod/3520071815077.jpg HTTP/1.1" 200 5123 "-" "Mozilla/5.0 (compatible; AhrefsBot/7.0; +http://ahrefs.com/robot/)"
193.177.162.34 - - [23/Jan/2022:04:45:10 +0100] "GET /images/mini_prod/8033667001822.jpg HTTP/1.1" 200 12046 "-" "Mozilla/5.0 (X11; Ubuntu; Linux x86_64; rv:72.0) Gecko/20100101 Firefox/72.0"
216.244.66.242 - - [23/Jan/2022:04:49:05 +0100] "GET /robots.txt HTTP/1.1" 200 2438 "-" "Mozilla/5.0 (compatible; DotBot/1.2; +https://opensiteexplorer.org/dotbot; help@moz.com)"
175.114.236.61 - - [23/Jan/2022:04:51:04 +0100] "GET /images/mini_prod/3453131150064.jpg HTTP/1.1" 200 7303 "-" "Mozilla/5.0 (X11; Ubuntu; Linux x86_64; rv:72.0) Gecko/20100101 Firefox/72.0"
193.177.162.34 - - [23/Jan/2022:04:52:00 +0100] "GET /images/mini_prod/3560600256971.jpg HTTP/1.1" 200 7272 "-" "Mozilla/5.0 (X11; Ubuntu; Linux x86_64; rv:72.0) Gecko/20100101 Firefox/72.0"
20.64.143.151 - - [23/Jan/2022:04:57:33 +0100] "GET /images/3700276266946.jpg HTTP/1.1" 200 30669 "-" "Mozilla/5.0 (Windows NT 10.0; WOW64) AppleWebKit/537.36 (KHTML, like Gecko) Chrome/64.0.3282.186 Safari/537.36"
207.46.13.190 - - [23/Jan/2022:05:02:32 +0100] "GET /images/mini_prod/5400924010737.jpg HTTP/1.1" 200 6750 "-" "Mozilla/5.0 (compatible; bingbot/2.0; +http://www.bing.com/bingbot.htm)"
106.11.156.10 - - [23/Jan/2022:05:03:56 +0100] "GET /images/mini_prod/1384010176344.jpg HTTP/1.1" 200 3588 "http://www.wonder-geek.com/lighting-c-13_86.html" "YisouSpider"
20.64.141.82 - - [23/Jan/2022:05:10:27 +0100] "GET /images/3660173175256.jpg HTTP/1.1" 200 41964 "-" "Mozilla/5.0 (Windows NT 10.0; WOW64) AppleWebKit/537.36 (KHTML, like Gecko) Chrome/68.0.3440.106 Safari/537.36"
40.77.167.47 - - [23/Jan/2022:05:10:41 +0100] "GET /images/3660173162270.jpg HTTP/1.1" 200 32897 "-" "Mozilla/5.0 (compatible; bingbot/2.0; +http://www.bing.com/bingbot.htm)"
114.119.128.253 - - [23/Jan/2022:05:11:12 +0100] "GET /images/big_prod/3503420117763.jpg HTTP/1.1" 200 406545 "-" "Mozilla/5.0 (Linux; Android 7.0;) AppleWebKit/537.36 (KHTML, like Gecko) Mobile Safari/537.36 (compatible; PetalBot;+https://webmaster.petalsearch.com/site/petalbot)"
166.88.17.238 - - [23/Jan/2022:05:12:13 +0100] "GET /images/mini_prod/8718375756010.jpg HTTP/1.1" 200 5706 "-" "Mozilla/5.0 (X11; Ubuntu; Linux x86_64; rv:72.0) Gecko/20100101 Firefox/72.0"
40.77.167.47 - - [23/Jan/2022:05:15:13 +0100] "GET /images/big_prod/3560600293686.jpg HTTP/1.1" 200 147574 "-" "Mozilla/5.0 (compatible; bingbot/2.0; +http://www.bing.com/bingbot.htm)"
95.91.110.186 - - [23/Jan/2022:05:19:44 +0100] "GET /robots.txt HTTP/1.1" 200 2438 "-" "Mozilla/5.0 (compatible; MJ12bot/v1.4.8; http://mj12bot.com/)"
157.55.39.122 - - [23/Jan/2022:05:20:13 +0100] "GET /images/big_prod/8422096017618.jpg HTTP/1.1" 200 110371 "-" "Mozilla/5.0 (compatible; bingbot/2.0; +http://www.bing.com/bingbot.htm)"
193.177.162.34 - - [23/Jan/2022:05:20:34 +0100] "GET /images/mini_prod/1439116000007N.jpg HTTP/1.1" 200 7079 "-" "Mozilla/5.0 (X11; Ubuntu; Linux x86_64; rv:72.0) Gecko/20100101 Firefox/72.0"
159.138.102.98 - - [23/Jan/2022:05:22:03 +0100] "GET /images/mini_prod/3665269180299.jpg HTTP/1.1" 200 4464 "-" "Mozilla/5.0 (Linux; Android 7.0;) AppleWebKit/537.36 (KHTML, like Gecko) Mobile Safari/537.36 (compatible; PetalBot;+https://webmaster.petalsearch.com/site/petalbot)"
185.191.171.44 - - [23/Jan/2022:05:22:48 +0100] "GET /robots.txt HTTP/1.1" 200 2438 "-" "Mozilla/5.0 (compatible; SemrushBot/7~bl; +http://www.semrush.com/bot.html)"
40.77.167.47 - - [23/Jan/2022:05:28:04 +0100] "GET /images/med_prod/3520071345611.jpg HTTP/1.1" 200 121266 "-" "Mozilla/5.0 (compatible; bingbot/2.0; +http://www.bing.com/bingbot.htm)"
40.77.167.47 - - [23/Jan/2022:05:34:14 +0100] "GET /images/big_prod/8904245400149.jpg HTTP/1.1" 200 72134 "-" "Mozilla/5.0 (compatible; bingbot/2.0; +http://www.bing.com/bingbot.htm)"
114.119.128.37 - - [23/Jan/2022:05:38:22 +0100] "GET /images/big_prod/1020322298588.jpg HTTP/1.1" 200 253758 "-" "Mozilla/5.0 (Linux; Android 7.0;) AppleWebKit/537.36 (KHTML, like Gecko) Mobile Safari/537.36 (compatible; PetalBot;+https://webmaster.petalsearch.com/site/petalbot)"
157.55.39.125 - - [23/Jan/2022:05:38:52 +0100] "GET /images/big_prod/3760116324205.jpg HTTP/1.1" 200 118674 "-" "Mozilla/5.0 (compatible; bingbot/2.0; +http://www.bing.com/bingbot.htm)"
216.244.66.242 - - [23/Jan/2022:05:40:12 +0100] "GET /robots.txt HTTP/1.1" 200 2438 "-" "Mozilla/5.0 (compatible; DotBot/1.2; +https://opensiteexplorer.org/dotbot; help@moz.com)"
193.177.162.34 - - [23/Jan/2022:05:40:54 +0100] "GET /images/big_prod/1345544761390.jpg HTTP/1.1" 200 76674 "-" "Mozilla/5.0 (X11; Ubuntu; Linux x86_64; rv:72.0) Gecko/20100101 Firefox/72.0"
114.119.128.26 - - [23/Jan/2022:05:41:07 +0100] "GET /images/big_prod_1/8422048850706A.jpg HTTP/1.1" 200 146153 "-" "Mozilla/5.0 (Linux; Android 7.0;) AppleWebKit/537.36 (KHTML, like Gecko) Mobile Safari/537.36 (compatible; PetalBot;+https://webmaster.petalsearch.com/site/petalbot)"
17.121.114.195 - - [23/Jan/2022:05:46:17 +0100] "GET /images/big_prod/3700317294730.jpg HTTP/1.1" 200 121234 "-" "Mozilla/5.0 (Macintosh; Intel Mac OS X 10_15_5) AppleWebKit/605.1.15 (KHTML, like Gecko) Version/13.1.1 Safari/605.1.15 (Applebot/0.1; +http://www.apple.com/go/applebot)"
157.55.39.122 - - [23/Jan/2022:05:47:36 +0100] "GET /images/8435339303133.jpg HTTP/1.1" 200 38279 "-" "Mozilla/5.0 (compatible; bingbot/2.0; +http://www.bing.com/bingbot.htm)"
193.177.162.34 - - [23/Jan/2022:05:50:41 +0100] "GET /images/mini_prod/8424001552757.jpg HTTP/1.1" 200 9067 "-" "Mozilla/5.0 (X11; Ubuntu; Linux x86_64; rv:72.0) Gecko/20100101 Firefox/72.0"
114.119.128.37 - - [23/Jan/2022:05:51:55 +0100] "GET /images/mini_prod/5400924021290.jpg HTTP/1.1" 200 4156 "-" "Mozilla/5.0 (Linux; Android 7.0;) AppleWebKit/537.36 (KHTML, like Gecko) Mobile Safari/537.36 (compatible; PetalBot;+https://webmaster.petalsearch.com/site/petalbot)"
17.121.112.132 - - [23/Jan/2022:05:53:02 +0100] "GET /images/big_prod_1/3609810072060a.jpg HTTP/1.1" 200 327066 "-" "Mozilla/5.0 (Macintosh; Intel Mac OS X 10_15_5) AppleWebKit/605.1.15 (KHTML, like Gecko) Version/13.1.1 Safari/605.1.15 (Applebot/0.1; +http://www.apple.com/go/applebot)"
157.55.39.153 - - [23/Jan/2022:05:54:12 +0100] "GET /images/mini_prod/3700572722504.jpg HTTP/1.1" 200 9986 "-" "Mozilla/5.0 (compatible; bingbot/2.0; +http://www.bing.com/bingbot.htm)"
157.55.39.62 - - [23/Jan/2022:05:54:31 +0100] "GET /images/med_prod/1384010176146.jpg HTTP/1.1" 200 76529 "-" "Mozilla/5.0 (compatible; bingbot/2.0; +http://www.bing.com/bingbot.htm)"
114.119.128.40 - - [23/Jan/2022:05:54:41 +0100] "GET /images/mini_prod/3565750277388.jpg HTTP/1.1" 200 4894 "-" "Mozilla/5.0 (Linux; Android 7.0;) AppleWebKit/537.36 (KHTML, like Gecko) Mobile Safari/537.36 (compatible; PetalBot;+https://webmaster.petalsearch.com/site/petalbot)"
34.71.110.17 - - [23/Jan/2022:05:54:49 +0100] "GET /templates/Pixame_v1/stylesheet.css HTTP/1.1" 200 56057 "http://www.wonder-geek.com/" "Mozilla/5.0 (X11; Linux i686 (x86_64)) AppleWebKit/537.36 (KHTML, like Gecko) Chrome/100.0.4847.0 Safari/537.36"
34.71.110.17 - - [23/Jan/2022:05:54:50 +0100] "GET /js/jquery.jqzoom.js HTTP/1.1" 200 4761 "http://www.wonder-geek.com/" "Mozilla/5.0 (X11; Linux i686 (x86_64)) AppleWebKit/537.36 (KHTML, like Gecko) Chrome/100.0.4847.0 Safari/537.36"
34.71.110.17 - - [23/Jan/2022:05:54:50 +0100] "GET /highslide/highslide.js HTTP/1.1" 200 42909 "http://www.wonder-geek.com/" "Mozilla/5.0 (X11; Linux i686 (x86_64)) AppleWebKit/537.36 (KHTML, like Gecko) Chrome/100.0.4847.0 Safari/537.36"
34.71.110.17 - - [23/Jan/2022:05:54:50 +0100] "GET /js/jquery.js HTTP/1.1" 200 54075 "http://www.wonder-geek.com/" "Mozilla/5.0 (X11; Linux i686 (x86_64)) AppleWebKit/537.36 (KHTML, like Gecko) Chrome/100.0.4847.0 Safari/537.36"
34.71.110.17 - - [23/Jan/2022:05:54:50 +0100] "GET /mondial_relay/js/jquery-1.3.2.min.js HTTP/1.1" 200 57254 "http://www.wonder-geek.com/" "Mozilla/5.0 (X11; Linux i686 (x86_64)) AppleWebKit/537.36 (KHTML, like Gecko) Chrome/100.0.4847.0 Safari/537.36"
34.71.110.17 - - [23/Jan/2022:05:54:50 +0100] "GET /templates/Pixame_v1/images/icon_accueil2.png HTTP/1.1" 200 1137 "http://www.wonder-geek.com/" "Mozilla/5.0 (X11; Linux i686 (x86_64)) AppleWebKit/537.36 (KHTML, like Gecko) Chrome/100.0.4847.0 Safari/537.36"
34.71.110.17 - - [23/Jan/2022:05:54:52 +0100] "GET /images/mini_prod/9316188081214.jpg HTTP/1.1" 200 8061 "http://www.wonder-geek.com/" "Mozilla/5.0 (X11; Linux i686 (x86_64)) AppleWebKit/537.36 (KHTML, like Gecko) Chrome/100.0.4847.0 Safari/537.36"
34.71.110.17 - - [23/Jan/2022:05:54:52 +0100] "GET /images/icons/soldes_grand.jpg HTTP/1.1" 200 95380 "http://www.wonder-geek.com/" "Mozilla/5.0 (X11; Linux i686 (x86_64)) AppleWebKit/537.36 (KHTML, like Gecko) Chrome/100.0.4847.0 Safari/537.36"
34.71.110.17 - - [23/Jan/2022:05:54:53 +0100] "GET /templates/Pixame_v1/images/Bottom_texture.jpg HTTP/1.1" 200 56290 "http://www.wonder-geek.com/templates/Pixame_v1/stylesheet.css" "Mozilla/5.0 (X11; Linux i686 (x86_64)) AppleWebKit/537.36 (KHTML, like Gecko) Chrome/100.0.4847.0 Safari/537.36"
34.71.110.17 - - [23/Jan/2022:05:54:53 +0100] "GET /templates/Pixame_v1/images/header.png HTTP/1.1" 200 70245 "http://www.wonder-geek.com/templates/Pixame_v1/stylesheet.css" "Mozilla/5.0 (X11; Linux i686 (x86_64)) AppleWebKit/537.36 (KHTML, like Gecko) Chrome/100.0.4847.0 Safari/537.36"
34.71.110.17 - - [23/Jan/2022:05:54:54 +0100] "GET /templates/Pixame_v1/images/header-object.png HTTP/1.1" 200 106050 "http://www.wonder-geek.com/templates/Pixame_v1/stylesheet.css" "Mozilla/5.0 (X11; Linux i686 (x86_64)) AppleWebKit/537.36 (KHTML, like Gecko) Chrome/100.0.4847.0 Safari/537.36"
34.71.110.17 - - [23/Jan/2022:05:54:54 +0100] "GET /templates/Pixame_v1/images/Middle_texture.jpg HTTP/1.1" 200 249620 "http://www.wonder-geek.com/templates/Pixame_v1/stylesheet.css" "Mozilla/5.0 (X11; Linux i686 (x86_64)) AppleWebKit/537.36 (KHTML, like Gecko) Chrome/100.0.4847.0 Safari/537.36"
34.71.110.17 - - [23/Jan/2022:05:54:54 +0100] "GET /templates/Pixame_v1/images/nav.png HTTP/1.1" 200 1283 "http://www.wonder-geek.com/templates/Pixame_v1/stylesheet.css" "Mozilla/5.0 (X11; Linux i686 (x86_64)) AppleWebKit/537.36 (KHTML, like Gecko) Chrome/100.0.4847.0 Safari/537.36"
34.71.110.17 - - [23/Jan/2022:05:54:54 +0100] "GET /images/mini_prod/36DSCN8209.jpg HTTP/1.1" 200 5168 "http://www.wonder-geek.com/" "Mozilla/5.0 (X11; Linux i686 (x86_64)) AppleWebKit/537.36 (KHTML, like Gecko) Chrome/100.0.4847.0 Safari/537.36"
34.71.110.17 - - [23/Jan/2022:05:54:54 +0100] "GET /images/mini_prod/3553568132135.jpg HTTP/1.1" 200 6144 "http://www.wonder-geek.com/" "Mozilla/5.0 (X11; Linux i686 (x86_64)) AppleWebKit/537.36 (KHTML, like Gecko) Chrome/100.0.4847.0 Safari/537.36"
34.71.110.17 - - [23/Jan/2022:05:54:55 +0100] "GET /images/mini_prod/5701359740467.jpg HTTP/1.1" 200 7554 "http://www.wonder-geek.com/" "Mozilla/5.0 (X11; Linux i686 (x86_64)) AppleWebKit/537.36 (KHTML, like Gecko) Chrome/100.0.4847.0 Safari/537.36"
34.71.110.17 - - [23/Jan/2022:05:54:55 +0100] "GET /images/mini_prod/BB5036278059896BB.jpg HTTP/1.1" 200 7922 "http://www.wonder-geek.com/" "Mozilla/5.0 (X11; Linux i686 (x86_64)) AppleWebKit/537.36 (KHTML, like Gecko) Chrome/100.0.4847.0 Safari/537.36"
34.71.110.17 - - [23/Jan/2022:05:54:56 +0100] "GET /images/mini_prod/4005401100013.jpg HTTP/1.1" 200 5431 "http://www.wonder-geek.com/" "Mozilla/5.0 (X11; Linux i686 (x86_64)) AppleWebKit/537.36 (KHTML, like Gecko) Chrome/100.0.4847.0 Safari/537.36"
34.71.110.17 - - [23/Jan/2022:05:54:56 +0100] "GET /images/mini_prod/1399984220207.jpg HTTP/1.1" 200 5376 "http://www.wonder-geek.com/" "Mozilla/5.0 (X11; Linux i686 (x86_64)) AppleWebKit/537.36 (KHTML, like Gecko) Chrome/100.0.4847.0 Safari/537.36"
34.71.110.17 - - [23/Jan/2022:05:54:56 +0100] "GET /images/mini_prod/8435333834480.jpg HTTP/1.1" 200 4547 "http://www.wonder-geek.com/" "Mozilla/5.0 (X11; Linux i686 (x86_64)) AppleWebKit/537.36 (KHTML, like Gecko) Chrome/100.0.4847.0 Safari/537.36"
34.71.110.17 - - [23/Jan/2022:05:54:56 +0100] "GET /images/mini_prod/1024368545845.gif HTTP/1.1" 200 12779 "http://www.wonder-geek.com/" "Mozilla/5.0 (X11; Linux i686 (x86_64)) AppleWebKit/537.36 (KHTML, like Gecko) Chrome/100.0.4847.0 Safari/537.36"
34.71.110.17 - - [23/Jan/2022:05:54:56 +0100] "GET /images/mini_prod/3079091105656.jpg HTTP/1.1" 200 7221 "http://www.wonder-geek.com/" "Mozilla/5.0 (X11; Linux i686 (x86_64)) AppleWebKit/537.36 (KHTML, like Gecko) Chrome/100.0.4847.0 Safari/537.36"
34.71.110.17 - - [23/Jan/2022:05:54:56 +0100] "GET /images/mini_prod/1399984286210.jpg HTTP/1.1" 200 6345 "http://www.wonder-geek.com/" "Mozilla/5.0 (X11; Linux i686 (x86_64)) AppleWebKit/537.36 (KHTML, like Gecko) Chrome/100.0.4847.0 Safari/537.36"
34.71.110.17 - - [23/Jan/2022:05:54:56 +0100] "GET /images/mini_prod/5901350205884.jpg HTTP/1.1" 200 9218 "http://www.wonder-geek.com/" "Mozilla/5.0 (X11; Linux i686 (x86_64)) AppleWebKit/537.36 (KHTML, like Gecko) Chrome/100.0.4847.0 Safari/537.36"
34.71.110.17 - - [23/Jan/2022:05:54:56 +0100] "GET /images/mini_prod/DSCN126402072012.jpg HTTP/1.1" 200 5697 "http://www.wonder-geek.com/" "Mozilla/5.0 (X11; Linux i686 (x86_64)) AppleWebKit/537.36 (KHTML, like Gecko) Chrome/100.0.4847.0 Safari/537.36"
34.71.110.17 - - [23/Jan/2022:05:54:56 +0100] "GET /images/mini_prod/021008_213337_PEEL_ZN6hq6.gif HTTP/1.1" 200 6472 "http://www.wonder-geek.com/" "Mozilla/5.0 (X11; Linux i686 (x86_64)) AppleWebKit/537.36 (KHTML, like Gecko) Chrome/100.0.4847.0 Safari/537.36"
34.71.110.17 - - [23/Jan/2022:05:54:56 +0100] "GET /images/mini_prod/DSCN2820.gif HTTP/1.1" 200 12477 "http://www.wonder-geek.com/" "Mozilla/5.0 (X11; Linux i686 (x86_64)) AppleWebKit/537.36 (KHTML, like Gecko) Chrome/100.0.4847.0 Safari/537.36"
34.71.110.17 - - [23/Jan/2022:05:54:56 +0100] "GET /images/mini_prod/8029759057051.jpg HTTP/1.1" 200 6955 "http://www.wonder-geek.com/" "Mozilla/5.0 (X11; Linux i686 (x86_64)) AppleWebKit/537.36 (KHTML, like Gecko) Chrome/100.0.4847.0 Safari/537.36"
34.71.110.17 - - [23/Jan/2022:05:54:56 +0100] "GET /images/mini_prod/03852.gif HTTP/1.1" 200 11895 "http://www.wonder-geek.com/" "Mozilla/5.0 (X11; Linux i686 (x86_64)) AppleWebKit/537.36 (KHTML, like Gecko) Chrome/100.0.4847.0 Safari/537.36"
34.71.110.17 - - [23/Jan/2022:05:54:56 +0100] "GET /images/mini_prod/5411854149718.jpg HTTP/1.1" 200 6219 "http://www.wonder-geek.com/" "Mozilla/5.0 (X11; Linux i686 (x86_64)) AppleWebKit/537.36 (KHTML, like Gecko) Chrome/100.0.4847.0 Safari/537.36"
34.71.110.17 - - [23/Jan/2022:05:54:56 +0100] "GET /design/productsenstock.png HTTP/1.1" 200 4743 "http://www.wonder-geek.com/templates/Pixame_v1/stylesheet.css" "Mozilla/5.0 (X11; Linux i686 (x86_64)) AppleWebKit/537.36 (KHTML, like Gecko) Chrome/100.0.4847.0 Safari/537.36"
157.55.39.122 - - [23/Jan/2022:05:56:25 +0100] "GET /images/med_prod/1399984287804.jpg HTTP/1.1" 200 150444 "-" "Mozilla/5.0 (compatible; bingbot/2.0; +http://www.bing.com/bingbot.htm)"
40.77.167.47 - - [23/Jan/2022:05:56:46 +0100] "GET /images/med_prod/8435333830635.jpg HTTP/1.1" 200 145858 "-" "Mozilla/5.0 (compatible; bingbot/2.0; +http://www.bing.com/bingbot.htm)"
193.177.162.34 - - [23/Jan/2022:05:59:46 +0100] "GET /images/mini_prod/3661443612495.jpg HTTP/1.1" 200 6374 "-" "Mozilla/5.0 (X11; Ubuntu; Linux x86_64; rv:72.0) Gecko/20100101 Firefox/72.0"
40.77.167.47 - - [23/Jan/2022:06:03:27 +0100] "GET /images/med_prod/1341689806514.jpg HTTP/1.1" 200 74843 "-" "Mozilla/5.0 (compatible; bingbot/2.0; +http://www.bing.com/bingbot.htm)"
157.55.39.62 - - [23/Jan/2022:06:06:51 +0100] "GET /images/mini_prod/8424346042944.jpg HTTP/1.1" 200 3430 "-" "Mozilla/5.0 (compatible; bingbot/2.0; +http://www.bing.com/bingbot.htm)"
17.121.114.12 - - [23/Jan/2022:06:07:27 +0100] "GET /images/3700653502087.jpg HTTP/1.1" 200 19452 "-" "Mozilla/5.0 (Macintosh; Intel Mac OS X 10_15_5) AppleWebKit/605.1.15 (KHTML, like Gecko) Version/13.1.1 Safari/605.1.15 (Applebot/0.1; +http://www.apple.com/go/applebot)"
114.119.128.253 - - [23/Jan/2022:06:08:12 +0100] "GET /images/big_prod/4012390388305.jpg HTTP/1.1" 200 97989 "-" "Mozilla/5.0 (Linux; Android 7.0;) AppleWebKit/537.36 (KHTML, like Gecko) Mobile Safari/537.36 (compatible; PetalBot;+https://webmaster.petalsearch.com/site/petalbot)"
157.55.39.122 - - [23/Jan/2022:06:11:27 +0100] "GET /images/med_prod/1384010179550.jpg HTTP/1.1" 200 52385 "-" "Mozilla/5.0 (compatible; bingbot/2.0; +http://www.bing.com/bingbot.htm)"
114.119.128.40 - - [23/Jan/2022:06:16:19 +0100] "GET /images/big_prod/8433933017074.jpg HTTP/1.1" 200 162335 "-" "Mozilla/5.0 (Linux; Android 7.0;) AppleWebKit/537.36 (KHTML, like Gecko) Mobile Safari/537.36 (compatible; PetalBot;+https://webmaster.petalsearch.com/site/petalbot)"
17.121.115.48 - - [23/Jan/2022:06:17:31 +0100] "GET /images/big_prod_2/3700230606146b.jpg HTTP/1.1" 200 84410 "-" "Mozilla/5.0 (Macintosh; Intel Mac OS X 10_15_5) AppleWebKit/605.1.15 (KHTML, like Gecko) Version/13.1.1 Safari/605.1.15 (Applebot/0.1; +http://www.apple.com/go/applebot)"
185.191.171.2 - - [23/Jan/2022:06:20:24 +0100] "GET /robots.txt HTTP/1.1" 200 2438 "-" "Mozilla/5.0 (compatible; SemrushBot/7~bl; +http://www.semrush.com/bot.html)"
106.11.154.30 - - [23/Jan/2022:06:24:18 +0100] "GET /images/mini_prod/063562527453.gif HTTP/1.1" 200 9299 "http://www.wonder-geek.com/bowls-c-12_60.html" "YisouSpider"
193.177.162.34 - - [23/Jan/2022:06:27:12 +0100] "GET /images/mini_prod/1399984241820.jpg HTTP/1.1" 200 6560 "-" "Mozilla/5.0 (X11; Ubuntu; Linux x86_64; rv:72.0) Gecko/20100101 Firefox/72.0"
157.55.39.153 - - [23/Jan/2022:06:29:36 +0100] "GET /images/big_prod/1384010202913.jpg HTTP/1.1" 200 57140 "-" "Mozilla/5.0 (compatible; bingbot/2.0; +http://www.bing.com/bingbot.htm)"
216.244.66.242 - - [23/Jan/2022:06:31:10 +0100] "GET /robots.txt HTTP/1.1" 200 2438 "-" "Mozilla/5.0 (compatible; DotBot/1.2; +https://opensiteexplorer.org/dotbot; help@moz.com)"
157.55.39.122 - - [23/Jan/2022:06:38:11 +0100] "GET /images/big_prod_2/3609810096738b.jpg HTTP/1.1" 200 146412 "-" "Mozilla/5.0 (compatible; bingbot/2.0; +http://www.bing.com/bingbot.htm)"
17.121.115.1 - - [23/Jan/2022:06:39:49 +0100] "GET /images/big_prod/1384010207390.jpg HTTP/1.1" 200 129708 "-" "Mozilla/5.0 (Macintosh; Intel Mac OS X 10_15_5) AppleWebKit/605.1.15 (KHTML, like Gecko) Version/13.1.1 Safari/605.1.15 (Applebot/0.1; +http://www.apple.com/go/applebot)"
54.36.148.62 - - [23/Jan/2022:06:40:03 +0100] "GET /images/mini_prod/3700572761640B.jpg HTTP/1.1" 200 4115 "-" "Mozilla/5.0 (compatible; AhrefsBot/7.0; +http://ahrefs.com/robot/)"
166.88.17.238 - - [23/Jan/2022:06:44:33 +0100] "GET /images/mini_prod/8435333835166.jpg HTTP/1.1" 200 9439 "-" "Mozilla/5.0 (X11; Ubuntu; Linux x86_64; rv:72.0) Gecko/20100101 Firefox/72.0"
114.119.128.39 - - [23/Jan/2022:06:45:51 +0100] "GET /images/big_prod/5051276424323.jpg HTTP/1.1" 200 316133 "-" "Mozilla/5.0 (Linux; Android 7.0;) AppleWebKit/537.36 (KHTML, like Gecko) Mobile Safari/537.36 (compatible; PetalBot;+https://webmaster.petalsearch.com/site/petalbot)"
54.36.148.69 - - [23/Jan/2022:06:49:56 +0100] "GET /images/mini_prod/3520071815206.jpg HTTP/1.1" 200 4604 "-" "Mozilla/5.0 (compatible; AhrefsBot/7.0; +http://ahrefs.com/robot/)"
157.55.39.122 - - [23/Jan/2022:06:50:12 +0100] "GET /images/med_prod/3272760423567.jpg HTTP/1.1" 200 97248 "-" "Mozilla/5.0 (compatible; bingbot/2.0; +http://www.bing.com/bingbot.htm)"
157.55.39.62 - - [23/Jan/2022:07:00:28 +0100] "GET /images/4846603169999.jpg HTTP/1.1" 200 64726 "-" "Mozilla/5.0 (compatible; bingbot/2.0; +http://www.bing.com/bingbot.htm)"
17.121.114.69 - - [23/Jan/2022:07:01:51 +0100] "GET /images/big_prod/3700230606146.jpg HTTP/1.1" 200 64226 "-" "Mozilla/5.0 (Macintosh; Intel Mac OS X 10_15_5) AppleWebKit/605.1.15 (KHTML, like Gecko) Version/13.1.1 Safari/605.1.15 (Applebot/0.1; +http://www.apple.com/go/applebot)"
66.249.66.202 - - [23/Jan/2022:07:08:00 +0100] "GET /images/mini_prod/8422010756463.jpg HTTP/1.1" 200 7997 "-" "Googlebot-Image/1.0"
157.55.39.122 - - [23/Jan/2022:07:11:34 +0100] "GET /images/med_prod/1384010181331.jpg HTTP/1.1" 200 172965 "-" "Mozilla/5.0 (compatible; bingbot/2.0; +http://www.bing.com/bingbot.htm)"
157.55.39.62 - - [23/Jan/2022:07:16:30 +0100] "GET /images/big_prod/1341689379452.jpg HTTP/1.1" 200 104911 "-" "Mozilla/5.0 (compatible; bingbot/2.0; +http://www.bing.com/bingbot.htm)"
185.191.171.17 - - [23/Jan/2022:07:16:33 +0100] "GET /robots.txt HTTP/1.1" 200 2438 "-" "Mozilla/5.0 (compatible; SemrushBot/7~bl; +http://www.semrush.com/bot.html)"
114.119.128.34 - - [23/Jan/2022:07:20:17 +0100] "GET /images/big_prod_3/4250255859281d.jpg HTTP/1.1" 200 36020 "-" "Mozilla/5.0 (Linux; Android 7.0;) AppleWebKit/537.36 (KHTML, like Gecko) Mobile Safari/537.36 (compatible; PetalBot;+https://webmaster.petalsearch.com/site/petalbot)"
17.121.112.253 - - [23/Jan/2022:07:20:26 +0100] "GET /images/mini_prod/3700281659474.jpg HTTP/1.1" 200 4703 "-" "Mozilla/5.0 (Macintosh; Intel Mac OS X 10_15_5) AppleWebKit/605.1.15 (KHTML, like Gecko) Version/13.1.1 Safari/605.1.15 (Applebot/0.1; +http://www.apple.com/go/applebot)"
54.36.148.169 - - [23/Jan/2022:07:22:11 +0100] "GET /images/big_prod/5051276388281.jpg HTTP/1.1" 200 88316 "-" "Mozilla/5.0 (compatible; AhrefsBot/7.0; +http://ahrefs.com/robot/)"
216.244.66.242 - - [23/Jan/2022:07:23:50 +0100] "GET /robots.txt HTTP/1.1" 200 2438 "-" "Mozilla/5.0 (compatible; DotBot/1.2; +https://opensiteexplorer.org/dotbot; help@moz.com)"
157.55.39.122 - - [23/Jan/2022:07:26:24 +0100] "GET /images/5411854136589.jpg HTTP/1.1" 200 32098 "-" "Mozilla/5.0 (compatible; bingbot/2.0; +http://www.bing.com/bingbot.htm)"
54.36.148.30 - - [23/Jan/2022:07:26:55 +0100] "GET /images/big_prod/5051276388298.jpg HTTP/1.1" 200 90520 "-" "Mozilla/5.0 (compatible; AhrefsBot/7.0; +http://ahrefs.com/robot/)"
82.102.115.56 - - [23/Jan/2022:07:27:55 +0100] "GET /templates/Pixame_v1/stylesheet.css HTTP/1.1" 200 56057 "http://www.wonder-geek.com/gorjuss-pencil-case-bubble-fairy-p-46933.html" "Mozilla/5.0 (Windows NT 10.0; Win64; x64) AppleWebKit/537.36 (KHTML, like Gecko) Chrome/97.0.4692.99 Safari/537.36"
82.102.115.56 - - [23/Jan/2022:07:27:55 +0100] "GET /js/jquery.js HTTP/1.1" 200 54075 "http://www.wonder-geek.com/gorjuss-pencil-case-bubble-fairy-p-46933.html" "Mozilla/5.0 (Windows NT 10.0; Win64; x64) AppleWebKit/537.36 (KHTML, like Gecko) Chrome/97.0.4692.99 Safari/537.36"
82.102.115.56 - - [23/Jan/2022:07:27:55 +0100] "GET /mondial_relay/js/jquery-1.3.2.min.js HTTP/1.1" 200 57254 "http://www.wonder-geek.com/gorjuss-pencil-case-bubble-fairy-p-46933.html" "Mozilla/5.0 (Windows NT 10.0; Win64; x64) AppleWebKit/537.36 (KHTML, like Gecko) Chrome/97.0.4692.99 Safari/537.36"
82.102.115.56 - - [23/Jan/2022:07:27:56 +0100] "GET /js/jquery.jqzoom.js HTTP/1.1" 200 4761 "http://www.wonder-geek.com/gorjuss-pencil-case-bubble-fairy-p-46933.html" "Mozilla/5.0 (Windows NT 10.0; Win64; x64) AppleWebKit/537.36 (KHTML, like Gecko) Chrome/97.0.4692.99 Safari/537.36"
82.102.115.56 - - [23/Jan/2022:07:27:56 +0100] "GET /highslide/highslide.js HTTP/1.1" 200 42909 "http://www.wonder-geek.com/gorjuss-pencil-case-bubble-fairy-p-46933.html" "Mozilla/5.0 (Windows NT 10.0; Win64; x64) AppleWebKit/537.36 (KHTML, like Gecko) Chrome/97.0.4692.99 Safari/537.36"
82.102.115.56 - - [23/Jan/2022:07:27:56 +0100] "GET /templates/Pixame_v1/images/icon_accueil2.png HTTP/1.1" 200 1137 "http://www.wonder-geek.com/gorjuss-pencil-case-bubble-fairy-p-46933.html" "Mozilla/5.0 (Windows NT 10.0; Win64; x64) AppleWebKit/537.36 (KHTML, like Gecko) Chrome/97.0.4692.99 Safari/537.36"
82.102.115.56 - - [23/Jan/2022:07:27:56 +0100] "GET /templates/Pixame_v1/images/nav.png HTTP/1.1" 200 1283 "http://www.wonder-geek.com/templates/Pixame_v1/stylesheet.css" "Mozilla/5.0 (Windows NT 10.0; Win64; x64) AppleWebKit/537.36 (KHTML, like Gecko) Chrome/97.0.4692.99 Safari/537.36"
82.102.115.56 - - [23/Jan/2022:07:27:56 +0100] "GET /templates/Pixame_v1/images/Bottom_texture.jpg HTTP/1.1" 200 56290 "http://www.wonder-geek.com/templates/Pixame_v1/stylesheet.css" "Mozilla/5.0 (Windows NT 10.0; Win64; x64) AppleWebKit/537.36 (KHTML, like Gecko) Chrome/97.0.4692.99 Safari/537.36"
82.102.115.56 - - [23/Jan/2022:07:27:56 +0100] "GET /design/productsenstock.png HTTP/1.1" 200 4743 "http://www.wonder-geek.com/templates/Pixame_v1/stylesheet.css" "Mozilla/5.0 (Windows NT 10.0; Win64; x64) AppleWebKit/537.36 (KHTML, like Gecko) Chrome/97.0.4692.99 Safari/537.36"
82.102.115.56 - - [23/Jan/2022:07:27:56 +0100] "GET /images/big_prod/271GJ31.jpg HTTP/1.1" 200 90171 "http://www.wonder-geek.com/gorjuss-pencil-case-bubble-fairy-p-46933.html" "Mozilla/5.0 (Windows NT 10.0; Win64; x64) AppleWebKit/537.36 (KHTML, like Gecko) Chrome/97.0.4692.99 Safari/537.36"
82.102.115.56 - - [23/Jan/2022:07:27:56 +0100] "GET /images/big_prod_1/271GJ31c.jpg HTTP/1.1" 200 112404 "http://www.wonder-geek.com/gorjuss-pencil-case-bubble-fairy-p-46933.html" "Mozilla/5.0 (Windows NT 10.0; Win64; x64) AppleWebKit/537.36 (KHTML, like Gecko) Chrome/97.0.4692.99 Safari/537.36"
82.102.115.56 - - [23/Jan/2022:07:27:56 +0100] "GET /templates/Pixame_v1/images/header-object.png HTTP/1.1" 200 106050 "http://www.wonder-geek.com/templates/Pixame_v1/stylesheet.css" "Mozilla/5.0 (Windows NT 10.0; Win64; x64) AppleWebKit/537.36 (KHTML, like Gecko) Chrome/97.0.4692.99 Safari/537.36"
82.102.115.56 - - [23/Jan/2022:07:27:56 +0100] "GET /templates/Pixame_v1/images/header.png HTTP/1.1" 200 70245 "http://www.wonder-geek.com/templates/Pixame_v1/stylesheet.css" "Mozilla/5.0 (Windows NT 10.0; Win64; x64) AppleWebKit/537.36 (KHTML, like Gecko) Chrome/97.0.4692.99 Safari/537.36"
82.102.115.56 - - [23/Jan/2022:07:27:56 +0100] "GET /templates/Pixame_v1/images/buttons/english/button_in_cart.gif HTTP/1.1" 200 1212 "http://www.wonder-geek.com/gorjuss-pencil-case-bubble-fairy-p-46933.html" "Mozilla/5.0 (Windows NT 10.0; Win64; x64) AppleWebKit/537.36 (KHTML, like Gecko) Chrome/97.0.4692.99 Safari/537.36"
82.102.115.56 - - [23/Jan/2022:07:27:56 +0100] "GET /images/big_prod_2/271GJ31d.jpg HTTP/1.1" 200 139848 "http://www.wonder-geek.com/gorjuss-pencil-case-bubble-fairy-p-46933.html" "Mozilla/5.0 (Windows NT 10.0; Win64; x64) AppleWebKit/537.36 (KHTML, like Gecko) Chrome/97.0.4692.99 Safari/537.36"
82.102.115.56 - - [23/Jan/2022:07:27:56 +0100] "GET /templates/Pixame_v1/images/Middle_texture.jpg HTTP/1.1" 200 249620 "http://www.wonder-geek.com/templates/Pixame_v1/stylesheet.css" "Mozilla/5.0 (Windows NT 10.0; Win64; x64) AppleWebKit/537.36 (KHTML, like Gecko) Chrome/97.0.4692.99 Safari/537.36"
82.102.115.56 - - [23/Jan/2022:07:27:57 +0100] "GET /highslide/graphics/outlines/drop-shadow.png HTTP/1.1" 200 2022 "http://www.wonder-geek.com/gorjuss-pencil-case-bubble-fairy-p-46933.html" "Mozilla/5.0 (Windows NT 10.0; Win64; x64) AppleWebKit/537.36 (KHTML, like Gecko) Chrome/97.0.4692.99 Safari/537.36"
82.102.115.56 - - [23/Jan/2022:07:27:57 +0100] "GET /favicon.ico HTTP/1.1" 200 1591 "http://www.wonder-geek.com/gorjuss-pencil-case-bubble-fairy-p-46933.html" "Mozilla/5.0 (Windows NT 10.0; Win64; x64) AppleWebKit/537.36 (KHTML, like Gecko) Chrome/97.0.4692.99 Safari/537.36"
157.55.39.153 - - [23/Jan/2022:07:32:43 +0100] "GET /images/3700856401286.jpg HTTP/1.1" 200 65270 "-" "Mozilla/5.0 (compatible; bingbot/2.0; +http://www.bing.com/bingbot.htm)"
77.88.5.3 - - [23/Jan/2022:07:41:32 +0100] "GET /robots.txt HTTP/1.1" 200 2438 "-" "Mozilla/5.0 (compatible; YandexBot/3.0; +http://yandex.com/bots)"
147.92.153.3 - - [23/Jan/2022:07:47:41 +0100] "GET /images/big_prod/8422005037003ZA.jpg HTTP/1.1" 200 253236 "-" "Mozilla/5.0 (compatible; Linespider/1.1; +https://lin.ee/4dwXkTH)"
193.177.162.34 - - [23/Jan/2022:07:52:03 +0100] "GET /images/mini_prod/3609810067066.jpg HTTP/1.1" 200 6173 "-" "Mozilla/5.0 (X11; Ubuntu; Linux x86_64; rv:72.0) Gecko/20100101 Firefox/72.0"
95.91.15.103 - - [23/Jan/2022:07:55:50 +0100] "GET /robots.txt HTTP/1.1" 200 2438 "-" "Mozilla/5.0 (compatible; MJ12bot/v1.4.8; http://mj12bot.com/)"
114.119.128.34 - - [23/Jan/2022:07:56:13 +0100] "GET /images/mini_prod/3700786500349.jpg HTTP/1.1" 200 4104 "-" "Mozilla/5.0 (Linux; Android 7.0;) AppleWebKit/537.36 (KHTML, like Gecko) Mobile Safari/537.36 (compatible; PetalBot;+https://webmaster.petalsearch.com/site/petalbot)"
193.177.162.34 - - [23/Jan/2022:07:57:02 +0100] "GET /images/mini_prod/8412497371747.jpg HTTP/1.1" 200 8125 "-" "Mozilla/5.0 (X11; Ubuntu; Linux x86_64; rv:72.0) Gecko/20100101 Firefox/72.0"
103.131.71.56 - - [23/Jan/2022:07:57:16 +0100] "GET /robots.txt HTTP/1.1" 200 2438 "-" "Mozilla/5.0 (compatible; coccocbot-web/1.0; +http://help.coccoc.com/searchengine)"
103.131.71.230 - - [23/Jan/2022:07:57:18 +0100] "GET /robots.txt HTTP/1.1" 200 2438 "-" "Mozilla/5.0 (compatible; coccocbot-web/1.0; +http://help.coccoc.com/searchengine)"
157.55.39.153 - - [23/Jan/2022:07:57:25 +0100] "GET /images/big_prod_3/1328399219643c.jpg HTTP/1.1" 200 75800 "-" "Mozilla/5.0 (compatible; bingbot/2.0; +http://www.bing.com/bingbot.htm)"
167.114.103.160 - - [23/Jan/2022:08:02:40 +0100] "GET /robots.txt HTTP/1.1" 200 2438 "-" "Mozilla/5.0 (compatible; MJ12bot/v1.4.8; http://mj12bot.com/)"
