149.202.82.11 - - [23/Jan/2022:08:07:53 +0100] "GET /robots.txt HTTP/1.1" 200 2438 "-" "Mozilla/5.0 (compatible; MJ12bot/v1.4.8; http://mj12bot.com/)"
157.55.39.122 - - [23/Jan/2022:08:09:20 +0100] "GET /images/big_prod/8422001017610B.jpg HTTP/1.1" 200 67584 "-" "Mozilla/5.0 (compatible; bingbot/2.0; +http://www.bing.com/bingbot.htm)"
157.55.39.153 - - [23/Jan/2022:08:10:36 +0100] "GET /images/3281640393609.jpg HTTP/1.1" 200 44927 "-" "Mozilla/5.0 (compatible; bingbot/2.0; +http://www.bing.com/bingbot.htm)"
157.55.39.153 - - [23/Jan/2022:08:10:46 +0100] "GET /images/med_prod/8412906996851.jpg HTTP/1.1" 200 39674 "-" "Mozilla/5.0 (compatible; bingbot/2.0; +http://www.bing.com/bingbot.htm)"
14.137.135.24 - - [23/Jan/2022:08:11:12 +0100] "GET /images/big_prod/rayebeige.jpg HTTP/1.1" 200 88914 "-" "Mozilla/5.0 (Windows NT 10.0; Win64; x64) AppleWebKit/537.36 (KHTML, like Gecko) Chrome/90.0.4430.212 Safari/537.36"
40.77.167.47 - - [23/Jan/2022:08:14:09 +0100] "GET /images/big_prod/1399984234037.jpg HTTP/1.1" 200 100771 "-" "Mozilla/5.0 (compatible; bingbot/2.0; +http://www.bing.com/bingbot.htm)"
40.77.167.47 - - [23/Jan/2022:08:14:12 +0100] "GET /images/med_prod/4036113830728.jpg HTTP/1.1" 200 168354 "-" "Mozilla/5.0 (compatible; bingbot/2.0; +http://www.bing.com/bingbot.htm)"
216.244.66.242 - - [23/Jan/2022:08:16:01 +0100] "GET /robots.txt HTTP/1.1" 200 2438 "-" "Mozilla/5.0 (compatible; DotBot/1.2; +https://opensiteexplorer.org/dotbot; help@moz.com)"
157.55.39.122 - - [23/Jan/2022:08:16:30 +0100] "GET /images/mini_prod/3608860260434.jpg HTTP/1.1" 200 5855 "-" "Mozilla/5.0 (compatible; bingbot/2.0; +http://www.bing.com/bingbot.htm)"
185.191.171.38 - - [23/Jan/2022:08:16:36 +0100] "GET /robots.txt HTTP/1.1" 200 2438 "-" "Mozilla/5.0 (compatible; SemrushBot/7~bl; +http://www.semrush.com/bot.html)"
193.177.162.34 - - [23/Jan/2022:08:20:15 +0100] "GET /images/mini_prod/8435306269776.jpg HTTP/1.1" 200 7537 "-" "Mozilla/5.0 (X11; Ubuntu; Linux x86_64; rv:72.0) Gecko/20100101 Firefox/72.0"
17.121.115.114 - - [23/Jan/2022:08:24:47 +0100] "GET /images/big_prod_1/b045544935708.jpg HTTP/1.1" 200 63424 "-" "Mozilla/5.0 (Macintosh; Intel Mac OS X 10_15_5) AppleWebKit/605.1.15 (KHTML, like Gecko) Version/13.1.1 Safari/605.1.15 (Applebot/0.1; +http://www.apple.com/go/applebot)"
17.121.115.144 - - [23/Jan/2022:08:30:15 +0100] "GET /images/big_prod/139998510054.jpg HTTP/1.1" 200 80159 "-" "Mozilla/5.0 (Macintosh; Intel Mac OS X 10_15_5) AppleWebKit/605.1.15 (KHTML, like Gecko) Version/13.1.1 Safari/605.1.15 (Applebot/0.1; +http://www.apple.com/go/applebot)"
157.55.39.125 - - [23/Jan/2022:08:30:49 +0100] "GET /images/4029811281732.jpg HTTP/1.1" 200 69859 "-" "Mozilla/5.0 (compatible; bingbot/2.0; +http://www.bing.com/bingbot.htm)"
157.55.39.62 - - [23/Jan/2022:08:31:57 +0100] "GET /images/big_prod/4029811354597.jpg HTTP/1.1" 200 161364 "-" "Mozilla/5.0 (compatible; bingbot/2.0; +http://www.bing.com/bingbot.htm)"
65.49.221.40 - - [23/Jan/2022:08:35:37 +0100] "GET /images/mini_prod/8424001278886.jpg HTTP/1.1" 200 5892 "-" "python-requests/2.25.1"
89.205.131.126 - - [23/Jan/2022:08:36:46 +0100] "GET /highslide/highslide.js HTTP/1.1" 200 42909 "http://www.wonder-geek.com/candle-cuddler-cozy-tall-candleholder-made-germany-p-57145.html" "Mozilla/5.0 (iPhone; CPU iPhone OS 15_1_1 like Mac OS X) AppleWebKit/605.1.15 (KHTML, like Gecko) Version/15.1 Mobile/15E148 Safari/604.1"
89.205.131.126 - - [23/Jan/2022:08:36:46 +0100] "GET /js/jquery.jqzoom.js HTTP/1.1" 200 4761 "http://www.wonder-geek.com/candle-cuddler-cozy-tall-candleholder-made-germany-p-57145.html" "Mozilla/5.0 (iPhone; CPU iPhone OS 15_1_1 like Mac OS X) AppleWebKit/605.1.15 (KHTML, like Gecko) Version/15.1 Mobile/15E148 Safari/604.1"
89.205.131.126 - - [23/Jan/2022:08:36:46 +0100] "GET /mondial_relay/js/jquery-1.3.2.min.js HTTP/1.1" 200 57254 "http://www.wonder-geek.com/candle-cuddler-cozy-tall-candleholder-made-germany-p-57145.html" "Mozilla/5.0 (iPhone; CPU iPhone OS 15_1_1 like Mac OS X) AppleWebKit/605.1.15 (KHTML, like Gecko) Version/15.1 Mobile/15E148 Safari/604.1"
89.205.131.126 - - [23/Jan/2022:08:36:46 +0100] "GET /js/jquery.js HTTP/1.1" 200 54075 "http://www.wonder-geek.com/candle-cuddler-cozy-tall-candleholder-made-germany-p-57145.html" "Mozilla/5.0 (iPhone; CPU iPhone OS 15_1_1 like Mac OS X) AppleWebKit/605.1.15 (KHTML, like Gecko) Version/15.1 Mobile/15E148 Safari/604.1"
89.205.131.126 - - [23/Jan/2022:08:36:46 +0100] "GET /templates/Pixame_v1/stylesheet.css HTTP/1.1" 200 56057 "http://www.wonder-geek.com/candle-cuddler-cozy-tall-candleholder-made-germany-p-57145.html" "Mozilla/5.0 (iPhone; CPU iPhone OS 15_1_1 like Mac OS X) AppleWebKit/605.1.15 (KHTML, like Gecko) Version/15.1 Mobile/15E148 Safari/604.1"
89.205.131.126 - - [23/Jan/2022:08:36:46 +0100] "GET /templates/Pixame_v1/images/icon_accueil2.png HTTP/1.1" 200 1137 "http://www.wonder-geek.com/candle-cuddler-cozy-tall-candleholder-made-germany-p-57145.html" "Mozilla/5.0 (iPhone; CPU iPhone OS 15_1_1 like Mac OS X) AppleWebKit/605.1.15 (KHTML, like Gecko) Version/15.1 Mobile/15E148 Safari/604.1"
89.205.131.126 - - [23/Jan/2022:08:36:46 +0100] "GET /templates/Pixame_v1/images/nav.png HTTP/1.1" 200 1283 "http://www.wonder-geek.com/candle-cuddler-cozy-tall-candleholder-made-germany-p-57145.html" "Mozilla/5.0 (iPhone; CPU iPhone OS 15_1_1 like Mac OS X) AppleWebKit/605.1.15 (KHTML, like Gecko) Version/15.1 Mobile/15E148 Safari/604.1"
89.205.131.126 - - [23/Jan/2022:08:36:46 +0100] "GET /templates/Pixame_v1/images/Bottom_texture.jpg HTTP/1.1" 200 56290 "http://www.wonder-geek.com/candle-cuddler-cozy-tall-candleholder-made-germany-p-57145.html" "Mozilla/5.0 (iPhone; CPU iPhone OS 15_1_1 like Mac OS X) AppleWebKit/605.1.15 (KHTML, like Gecko) Version/15.1 Mobile/15E148 Safari/604.1"
89.205.131.126 - - [23/Jan/2022:08:36:46 +0100] "GET /images/big_prod/4250255859656.jpg HTTP/1.1" 200 81222 "http://www.wonder-geek.com/candle-cuddler-cozy-tall-candleholder-made-germany-p-57145.html" "Mozilla/5.0 (iPhone; CPU iPhone OS 15_1_1 like Mac OS X) AppleWebKit/605.1.15 (KHTML, like Gecko) Version/15.1 Mobile/15E148 Safari/604.1"
89.205.131.126 - - [23/Jan/2022:08:36:46 +0100] "GET /templates/Pixame_v1/images/header.png HTTP/1.1" 200 70245 "http://www.wonder-geek.com/candle-cuddler-cozy-tall-candleholder-made-germany-p-57145.html" "Mozilla/5.0 (iPhone; CPU iPhone OS 15_1_1 like Mac OS X) AppleWebKit/605.1.15 (KHTML, like Gecko) Version/15.1 Mobile/15E148 Safari/604.1"
89.205.131.126 - - [23/Jan/2022:08:36:46 +0100] "GET /templates/Pixame_v1/images/buttons/english/button_in_cart.gif HTTP/1.1" 200 1212 "http://www.wonder-geek.com/candle-cuddler-cozy-tall-candleholder-made-germany-p-57145.html" "Mozilla/5.0 (iPhone; CPU iPhone OS 15_1_1 like Mac OS X) AppleWebKit/605.1.15 (KHTML, like Gecko) Version/15.1 Mobile/15E148 Safari/604.1"
89.205.131.126 - - [23/Jan/2022:08:36:46 +0100] "GET /images/big_prod_2/4250255859649b.jpg HTTP/1.1" 200 105555 "http://www.wonder-geek.com/candle-cuddler-cozy-tall-candleholder-made-germany-p-57145.html" "Mozilla/5.0 (iPhone; CPU iPhone OS 15_1_1 like Mac OS X) AppleWebKit/605.1.15 (KHTML, like Gecko) Version/15.1 Mobile/15E148 Safari/604.1"
89.205.131.126 - - [23/Jan/2022:08:36:46 +0100] "GET /templates/Pixame_v1/images/Middle_texture.jpg HTTP/1.1" 200 249620 "http://www.wonder-geek.com/candle-cuddler-cozy-tall-candleholder-made-germany-p-57145.html" "Mozilla/5.0 (iPhone; CPU iPhone OS 15_1_1 like Mac OS X) AppleWebKit/605.1.15 (KHTML, like Gecko) Version/15.1 Mobile/15E148 Safari/604.1"
89.205.131.126 - - [23/Jan/2022:08:36:46 +0100] "GET /templates/Pixame_v1/images/header-object.png HTTP/1.1" 200 106050 "http://www.wonder-geek.com/candle-cuddler-cozy-tall-candleholder-made-germany-p-57145.html" "Mozilla/5.0 (iPhone; CPU iPhone OS 15_1_1 like Mac OS X) AppleWebKit/605.1.15 (KHTML, like Gecko) Version/15.1 Mobile/15E148 Safari/604.1"
89.205.131.126 - - [23/Jan/2022:08:36:46 +0100] "GET /design/productsenstock.png HTTP/1.1" 200 4743 "http://www.wonder-geek.com/candle-cuddler-cozy-tall-candleholder-made-germany-p-57145.html" "Mozilla/5.0 (iPhone; CPU iPhone OS 15_1_1 like Mac OS X) AppleWebKit/605.1.15 (KHTML, like Gecko) Version/15.1 Mobile/15E148 Safari/604.1"
89.205.131.126 - - [23/Jan/2022:08:36:47 +0100] "GET /images/big_prod_1/4250255859656B.jpg HTTP/1.1" 200 125700 "http://www.wonder-geek.com/candle-cuddler-cozy-tall-candleholder-made-germany-p-57145.html" "Mozilla/5.0 (iPhone; CPU iPhone OS 15_1_1 like Mac OS X) AppleWebKit/605.1.15 (KHTML, like Gecko) Version/15.1 Mobile/15E148 Safari/604.1"
89.205.131.126 - - [23/Jan/2022:08:36:47 +0100] "GET /highslide/graphics/outlines/drop-shadow.png HTTP/1.1" 200 2022 "http://www.wonder-geek.com/candle-cuddler-cozy-tall-candleholder-made-germany-p-57145.html" "Mozilla/5.0 (iPhone; CPU iPhone OS 15_1_1 like Mac OS X) AppleWebKit/605.1.15 (KHTML, like Gecko) Version/15.1 Mobile/15E148 Safari/604.1"
89.205.131.126 - - [23/Jan/2022:08:36:47 +0100] "GET /favicon.ico HTTP/1.1" 200 1591 "http://www.wonder-geek.com/candle-cuddler-cozy-tall-candleholder-made-germany-p-57145.html" "Mozilla/5.0 (iPhone; CPU iPhone OS 15_1_1 like Mac OS X) AppleWebKit/605.1.15 (KHTML, like Gecko) Version/15.1 Mobile/15E148 Safari/604.1"
114.119.128.26 - - [23/Jan/2022:08:43:02 +0100] "GET /images/mini_prod/3700572753133.jpg HTTP/1.1" 200 6618 "-" "Mozilla/5.0 (Linux; Android 7.0;) AppleWebKit/537.36 (KHTML, like Gecko) Mobile Safari/537.36 (compatible; PetalBot;+https://webmaster.petalsearch.com/site/petalbot)"
157.55.39.153 - - [23/Jan/2022:08:43:09 +0100] "GET /images/4012390362541.jpg HTTP/1.1" 200 33568 "-" "Mozilla/5.0 (compatible; bingbot/2.0; +http://www.bing.com/bingbot.htm)"
193.177.162.34 - - [23/Jan/2022:08:44:23 +0100] "GET /images/mini_prod/4500315900003.jpg HTTP/1.1" 200 7291 "-" "Mozilla/5.0 (X11; Ubuntu; Linux x86_64; rv:72.0) Gecko/20100101 Firefox/72.0"
148.251.244.137 - - [23/Jan/2022:08:44:31 +0100] "GET /robots.txt HTTP/1.1" 200 2438 "-" "Mozilla/5.0 (compatible; MJ12bot/v1.4.8; http://mj12bot.com/)"
157.55.39.122 - - [23/Jan/2022:08:45:34 +0100] "GET /images/1399984221501B.jpg HTTP/1.1" 200 68270 "-" "Mozilla/5.0 (compatible; bingbot/2.0; +http://www.bing.com/bingbot.htm)"
40.77.167.47 - - [23/Jan/2022:08:49:13 +0100] "GET /images/big_prod/3609810076266.jpg HTTP/1.1" 200 85110 "-" "Mozilla/5.0 (compatible; bingbot/2.0; +http://www.bing.com/bingbot.htm)"
193.177.162.34 - - [23/Jan/2022:08:49:48 +0100] "GET /images/mini_prod/8003990616123.jpg HTTP/1.1" 200 5291 "-" "Mozilla/5.0 (X11; Ubuntu; Linux x86_64; rv:72.0) Gecko/20100101 Firefox/72.0"
103.131.71.28 - - [23/Jan/2022:08:54:39 +0100] "GET /robots.txt HTTP/1.1" 200 2438 "-" "Mozilla/5.0 (compatible; coccocbot-image/1.0; +http://help.coccoc.com/searchengine)"
103.131.71.31 - - [23/Jan/2022:08:54:41 +0100] "GET /robots.txt HTTP/1.1" 200 2438 "-" "Mozilla/5.0 (compatible; coccocbot-image/1.0; +http://help.coccoc.com/searchengine)"
103.131.71.24 - - [23/Jan/2022:08:54:43 +0100] "GET /images/1341689196004.jpg HTTP/1.1" 304 0 "-" "Mozilla/5.0 (compatible; coccocbot-image/1.0; +http://help.coccoc.com/searchengine)"
157.55.39.62 - - [23/Jan/2022:08:57:19 +0100] "GET /images/9316188044172.jpg HTTP/1.1" 200 25828 "-" "Mozilla/5.0 (compatible; bingbot/2.0; +http://www.bing.com/bingbot.htm)"
167.114.173.115 - - [23/Jan/2022:08:58:53 +0100] "GET /robots.txt HTTP/1.1" 200 2438 "-" "Mozilla/5.0 (compatible; MJ12bot/v1.4.8; http://mj12bot.com/)"
40.77.167.47 - - [23/Jan/2022:09:00:34 +0100] "GET /images/8428551001338.jpg HTTP/1.1" 200 22756 "-" "Mozilla/5.0 (compatible; bingbot/2.0; +http://www.bing.com/bingbot.htm)"
66.249.93.251 - - [23/Jan/2022:09:01:47 +0100] "GET /images/big_prod_1/5018997632086.jpg HTTP/1.1" 200 80554 "-" "Mozilla/5.0 (Windows NT 5.1; rv:11.0) Gecko Firefox/11.0 (via ggpht.com GoogleImageProxy)"
66.249.93.253 - - [23/Jan/2022:09:02:03 +0100] "GET /images/big_prod/5018997624562.jpg HTTP/1.1" 200 114297 "-" "Mozilla/5.0 (Windows NT 5.1; rv:11.0) Gecko Firefox/11.0 (via ggpht.com GoogleImageProxy)"
66.249.93.253 - - [23/Jan/2022:09:03:44 +0100] "GET /images/big_prod/5018997627938.jpg HTTP/1.1" 200 114009 "-" "Mozilla/5.0 (Windows NT 5.1; rv:11.0) Gecko Firefox/11.0 (via ggpht.com GoogleImageProxy)"
157.55.39.125 - - [23/Jan/2022:09:05:12 +0100] "GET /images/big_prod/8422001017665.jpg HTTP/1.1" 200 57965 "-" "Mozilla/5.0 (compatible; bingbot/2.0; +http://www.bing.com/bingbot.htm)"
157.55.39.125 - - [23/Jan/2022:09:07:03 +0100] "GET /images/big_prod/1310000010169.jpg HTTP/1.1" 200 57042 "-" "Mozilla/5.0 (compatible; bingbot/2.0; +http://www.bing.com/bingbot.htm)"
216.244.66.242 - - [23/Jan/2022:09:08:45 +0100] "GET /robots.txt HTTP/1.1" 200 2438 "-" "Mozilla/5.0 (compatible; DotBot/1.2; +https://opensiteexplorer.org/dotbot; help@moz.com)"
40.77.167.47 - - [23/Jan/2022:09:11:46 +0100] "GET /images/1300010237281.jpg HTTP/1.1" 200 78647 "-" "Mozilla/5.0 (compatible; bingbot/2.0; +http://www.bing.com/bingbot.htm)"
185.191.171.1 - - [23/Jan/2022:09:12:16 +0100] "GET /robots.txt HTTP/1.1" 200 2438 "-" "Mozilla/5.0 (compatible; SemrushBot/7~bl; +http://www.semrush.com/bot.html)"
157.55.39.153 - - [23/Jan/2022:09:13:32 +0100] "GET /images/big_prod_2/1328399219636b.jpg HTTP/1.1" 200 54867 "-" "Mozilla/5.0 (compatible; bingbot/2.0; +http://www.bing.com/bingbot.htm)"
193.177.162.34 - - [23/Jan/2022:09:15:37 +0100] "GET /images/mini_prod/DSCN6817.jpg HTTP/1.1" 200 5977 "-" "Mozilla/5.0 (X11; Ubuntu; Linux x86_64; rv:72.0) Gecko/20100101 Firefox/72.0"
40.77.167.47 - - [23/Jan/2022:09:20:06 +0100] "GET /images/mini_prod/3520071804989.jpg HTTP/1.1" 200 4783 "-" "Mozilla/5.0 (compatible; bingbot/2.0; +http://www.bing.com/bingbot.htm)"
166.88.17.238 - - [23/Jan/2022:09:22:41 +0100] "GET /images/mini_prod/3700235441544.jpg HTTP/1.1" 200 8309 "-" "Mozilla/5.0 (X11; Ubuntu; Linux x86_64; rv:72.0) Gecko/20100101 Firefox/72.0"
157.55.39.125 - - [23/Jan/2022:09:26:15 +0100] "GET /images/8718375531020.jpg HTTP/1.1" 200 47043 "-" "Mozilla/5.0 (compatible; bingbot/2.0; +http://www.bing.com/bingbot.htm)"
23.94.178.196 - - [23/Jan/2022:09:34:50 +0100] "GET /images/mini_prod/3700516220868.jpg HTTP/1.1" 200 7447 "-" "Mozilla/5.0 (Macintosh; Intel Mac OS X 11_1) AppleWebKit/537.36 (KHTML, like Gecko) Chrome/87.0.4280.88 Safari/537.36"
207.46.13.190 - - [23/Jan/2022:09:37:29 +0100] "GET /images/4008789048233.jpg HTTP/1.1" 200 141985 "-" "Mozilla/5.0 (compatible; bingbot/2.0; +http://www.bing.com/bingbot.htm)"
157.55.39.122 - - [23/Jan/2022:09:39:39 +0100] "GET /images/8421440087406.jpg HTTP/1.1" 200 46784 "-" "Mozilla/5.0 (compatible; bingbot/2.0; +http://www.bing.com/bingbot.htm)"
157.55.39.62 - - [23/Jan/2022:09:42:34 +0100] "GET /images/big_prod/8432699030303.jpg HTTP/1.1" 200 89449 "-" "Mozilla/5.0 (compatible; bingbot/2.0; +http://www.bing.com/bingbot.htm)"
157.55.39.153 - - [23/Jan/2022:09:50:06 +0100] "GET /images/big_prod/1384010190753.jpg HTTP/1.1" 200 91330 "-" "Mozilla/5.0 (compatible; bingbot/2.0; +http://www.bing.com/bingbot.htm)"
193.177.162.34 - - [23/Jan/2022:09:58:18 +0100] "GET /images/mini_prod/8718375756010.jpg HTTP/1.1" 200 5706 "-" "Mozilla/5.0 (X11; Ubuntu; Linux x86_64; rv:72.0) Gecko/20100101 Firefox/72.0"
157.55.39.153 - - [23/Jan/2022:09:58:27 +0100] "GET /images/big_prod_3/b8717202556908.jpg HTTP/1.1" 200 59423 "-" "Mozilla/5.0 (compatible; bingbot/2.0; +http://www.bing.com/bingbot.htm)"
193.177.162.34 - - [23/Jan/2022:09:58:30 +0100] "GET /images/mini_prod/52131990360631-fushia.jpg HTTP/1.1" 200 7630 "-" "Mozilla/5.0 (X11; Ubuntu; Linux x86_64; rv:72.0) Gecko/20100101 Firefox/72.0"
193.177.162.34 - - [23/Jan/2022:09:58:32 +0100] "GET /images/mini_prod/Image15.jpg HTTP/1.1" 200 23237 "-" "Mozilla/5.0 (X11; Ubuntu; Linux x86_64; rv:72.0) Gecko/20100101 Firefox/72.0"
216.244.66.242 - - [23/Jan/2022:09:59:12 +0100] "GET /robots.txt HTTP/1.1" 200 2438 "-" "Mozilla/5.0 (compatible; DotBot/1.2; +https://opensiteexplorer.org/dotbot; help@moz.com)"
192.99.4.168 - - [23/Jan/2022:10:05:25 +0100] "GET /robots.txt HTTP/1.1" 200 2438 "-" "Mozilla/5.0 (compatible; MJ12bot/v1.4.8; http://mj12bot.com/)"
207.46.13.190 - - [23/Jan/2022:10:06:11 +0100] "GET /images/med_prod/1384010176306.jpg HTTP/1.1" 200 55758 "-" "Mozilla/5.0 (compatible; bingbot/2.0; +http://www.bing.com/bingbot.htm)"
157.55.39.62 - - [23/Jan/2022:10:06:15 +0100] "GET /images/6953270925242.jpg HTTP/1.1" 200 20056 "-" "Mozilla/5.0 (compatible; bingbot/2.0; +http://www.bing.com/bingbot.htm)"
144.76.118.82 - - [23/Jan/2022:10:06:15 +0100] "GET /robots.txt HTTP/1.1" 200 2438 "-" "Mozilla/5.0 (compatible; MJ12bot/v1.4.8; http://mj12bot.com/)"
157.55.39.153 - - [23/Jan/2022:10:09:28 +0100] "GET /images/1399984254820.jpg HTTP/1.1" 200 123432 "-" "Mozilla/5.0 (compatible; bingbot/2.0; +http://www.bing.com/bingbot.htm)"
185.191.171.26 - - [23/Jan/2022:10:10:57 +0100] "GET /robots.txt HTTP/1.1" 200 2438 "-" "Mozilla/5.0 (compatible; SemrushBot/7~bl; +http://www.semrush.com/bot.html)"
175.114.236.61 - - [23/Jan/2022:10:12:55 +0100] "GET /images/mini_prod/3457019604168.jpg HTTP/1.1" 200 9175 "-" "Mozilla/5.0 (X11; Ubuntu; Linux x86_64; rv:72.0) Gecko/20100101 Firefox/72.0"
157.55.39.125 - - [23/Jan/2022:10:13:20 +0100] "GET /images/c4010070229269.jpg HTTP/1.1" 200 90993 "-" "Mozilla/5.0 (compatible; bingbot/2.0; +http://www.bing.com/bingbot.htm)"
17.121.114.18 - - [23/Jan/2022:10:13:44 +0100] "GET /images/big_prod/3609810072060.jpg HTTP/1.1" 200 189893 "-" "Mozilla/5.0 (Macintosh; Intel Mac OS X 10_15_5) AppleWebKit/605.1.15 (KHTML, like Gecko) Version/13.1.1 Safari/605.1.15 (Applebot/0.1; +http://www.apple.com/go/applebot)"
144.76.186.38 - - [23/Jan/2022:10:15:08 +0100] "GET /robots.txt HTTP/1.1" 200 2438 "-" "Mozilla/5.0 (compatible; MJ12bot/v1.4.8; http://mj12bot.com/)"
114.119.128.26 - - [23/Jan/2022:10:17:28 +0100] "GET /images/big_prod_1/3503423001236B.jpg HTTP/1.1" 200 369895 "-" "Mozilla/5.0 (Linux; Android 7.0;) AppleWebKit/537.36 (KHTML, like Gecko) Mobile Safari/537.36 (compatible; PetalBot;+https://webmaster.petalsearch.com/site/petalbot)"
106.11.155.61 - - [23/Jan/2022:10:20:01 +0100] "GET /images/mini_prod/5411854149701.jpg HTTP/1.1" 200 6480 "http://www.wonder-geek.com/backpacks-c-31_77.html" "YisouSpider"
157.55.39.153 - - [23/Jan/2022:10:23:29 +0100] "GET /images/big_prod/8422001017634.jpg HTTP/1.1" 200 88229 "-" "Mozilla/5.0 (compatible; bingbot/2.0; +http://www.bing.com/bingbot.htm)"
17.121.114.113 - - [23/Jan/2022:10:31:45 +0100] "GET /images/big_prod/3609810076457.jpg HTTP/1.1" 200 86660 "-" "Mozilla/5.0 (Macintosh; Intel Mac OS X 10_15_5) AppleWebKit/605.1.15 (KHTML, like Gecko) Version/13.1.1 Safari/605.1.15 (Applebot/0.1; +http://www.apple.com/go/applebot)"
193.177.162.34 - - [23/Jan/2022:10:32:28 +0100] "GET /images/mini_prod/3661443610439.jpg HTTP/1.1" 200 7147 "-" "Mozilla/5.0 (X11; Ubuntu; Linux x86_64; rv:72.0) Gecko/20100101 Firefox/72.0"
17.121.114.22 - - [23/Jan/2022:10:34:20 +0100] "GET /images/big_prod/3700276218402.jpg HTTP/1.1" 200 70645 "-" "Mozilla/5.0 (Macintosh; Intel Mac OS X 10_15_5) AppleWebKit/605.1.15 (KHTML, like Gecko) Version/13.1.1 Safari/605.1.15 (Applebot/0.1; +http://www.apple.com/go/applebot)"
193.177.162.34 - - [23/Jan/2022:10:38:00 +0100] "GET /images/mini_prod/3503420096426.jpg HTTP/1.1" 200 7190 "-" "Mozilla/5.0 (X11; Ubuntu; Linux x86_64; rv:72.0) Gecko/20100101 Firefox/72.0"
114.119.128.26 - - [23/Jan/2022:10:40:52 +0100] "GET /images/big_prod/3609810025431.jpg HTTP/1.1" 200 129423 "-" "Mozilla/5.0 (Linux; Android 7.0;) AppleWebKit/537.36 (KHTML, like Gecko) Mobile Safari/537.36 (compatible; PetalBot;+https://webmaster.petalsearch.com/site/petalbot)"
114.119.128.26 - - [23/Jan/2022:10:43:35 +0100] "GET /images/mini_prod/8006180204452.jpg HTTP/1.1" 200 7809 "-" "Mozilla/5.0 (Linux; Android 7.0;) AppleWebKit/537.36 (KHTML, like Gecko) Mobile Safari/537.36 (compatible; PetalBot;+https://webmaster.petalsearch.com/site/petalbot)"
157.55.39.125 - - [23/Jan/2022:10:46:34 +0100] "GET /images/big_prod_1/8433933141298.jpg HTTP/1.1" 200 112936 "-" "Mozilla/5.0 (compatible; bingbot/2.0; +http://www.bing.com/bingbot.htm)"
216.244.66.242 - - [23/Jan/2022:10:48:09 +0100] "GET /robots.txt HTTP/1.1" 200 2438 "-" "Mozilla/5.0 (compatible; DotBot/1.2; +https://opensiteexplorer.org/dotbot; help@moz.com)"
66.249.66.199 - - [23/Jan/2022:10:50:26 +0100] "GET /images/big_prod/1328399210299B.jpg HTTP/1.1" 200 92617 "-" "Googlebot-Image/1.0"
193.177.162.34 - - [23/Jan/2022:10:50:38 +0100] "GET /images/med_prod/8435306265839.jpg HTTP/1.1" 200 81615 "-" "Mozilla/5.0 (X11; Ubuntu; Linux x86_64; rv:72.0) Gecko/20100101 Firefox/72.0"
66.102.9.251 - - [23/Jan/2022:10:51:49 +0100] "GET /images/102_4711.jpg HTTP/1.1" 200 15625 "-" "Mozilla/5.0 (Windows NT 5.1; rv:11.0) Gecko Firefox/11.0 (via ggpht.com GoogleImageProxy)"
66.249.66.202 - - [23/Jan/2022:11:02:28 +0100] "GET /images/mini_prod/8719172834208.jpg HTTP/1.1" 200 7139 "-" "Googlebot-Image/1.0"
114.119.128.26 - - [23/Jan/2022:11:05:41 +0100] "GET /images/big_prod_1/3700572739281C.jpg HTTP/1.1" 200 468885 "-" "Mozilla/5.0 (Linux; Android 7.0;) AppleWebKit/537.36 (KHTML, like Gecko) Mobile Safari/537.36 (compatible; PetalBot;+https://webmaster.petalsearch.com/site/petalbot)"
80.11.253.192 - - [23/Jan/2022:11:08:41 +0100] "GET /favicon.ico HTTP/1.1" 200 1591 "http://www.wonder-geek.com/adminweb/login.php" "Mozilla/5.0 (Windows NT 10.0; Win64; x64) AppleWebKit/537.36 (KHTML, like Gecko) Chrome/97.0.4692.71 Safari/537.36"
185.191.171.33 - - [23/Jan/2022:11:09:43 +0100] "GET /robots.txt HTTP/1.1" 200 2438 "-" "Mozilla/5.0 (compatible; SemrushBot/7~bl; +http://www.semrush.com/bot.html)"
157.55.39.153 - - [23/Jan/2022:11:11:14 +0100] "GET /images/big_prod/1304038301153.jpg HTTP/1.1" 200 60673 "-" "Mozilla/5.0 (compatible; bingbot/2.0; +http://www.bing.com/bingbot.htm)"
65.49.221.40 - - [23/Jan/2022:11:11:16 +0100] "GET /images/mini_prod/8033667001174.jpg HTTP/1.1" 200 6992 "-" "python-requests/2.25.1"
157.55.39.125 - - [23/Jan/2022:11:12:05 +0100] "GET /images/B00316-copie-4.jpg HTTP/1.1" 200 28017 "-" "Mozilla/5.0 (compatible; bingbot/2.0; +http://www.bing.com/bingbot.htm)"
17.121.114.29 - - [23/Jan/2022:11:14:22 +0100] "GET /images/big_prod_1/8433933174197a.jpg HTTP/1.1" 200 137124 "-" "Mozilla/5.0 (Macintosh; Intel Mac OS X 10_15_5) AppleWebKit/605.1.15 (KHTML, like Gecko) Version/13.1.1 Safari/605.1.15 (Applebot/0.1; +http://www.apple.com/go/applebot)"
1.132.16.212 - - [23/Jan/2022:11:21:41 +0100] "GET /js/jquery.js HTTP/1.1" 200 54075 "http://www.wonder-geek.com/natural-rattan-bread-p-49280.html" "Mozilla/5.0 (Macintosh; Intel Mac OS X 10_15_4) AppleWebKit/605.1.15 (KHTML, like Gecko) Version/13.1.1 Safari/605.1.15"
1.132.16.212 - - [23/Jan/2022:11:21:42 +0100] "GET /js/jquery.jqzoom.js HTTP/1.1" 200 4761 "http://www.wonder-geek.com/natural-rattan-bread-p-49280.html" "Mozilla/5.0 (Macintosh; Intel Mac OS X 10_15_4) AppleWebKit/605.1.15 (KHTML, like Gecko) Version/13.1.1 Safari/605.1.15"
1.132.16.212 - - [23/Jan/2022:11:21:42 +0100] "GET /templates/Pixame_v1/stylesheet.css HTTP/1.1" 200 56057 "http://www.wonder-geek.com/natural-rattan-bread-p-49280.html" "Mozilla/5.0 (Macintosh; Intel Mac OS X 10_15_4) AppleWebKit/605.1.15 (KHTML, like Gecko) Version/13.1.1 Safari/605.1.15"
1.132.16.212 - - [23/Jan/2022:11:21:42 +0100] "GET /highslide/highslide.js HTTP/1.1" 200 42909 "http://www.wonder-geek.com/natural-rattan-bread-p-49280.html" "Mozilla/5.0 (Macintosh; Intel Mac OS X 10_15_4) AppleWebKit/605.1.15 (KHTML, like Gecko) Version/13.1.1 Safari/605.1.15"
1.132.16.212 - - [23/Jan/2022:11:21:42 +0100] "GET /templates/Pixame_v1/images/icon_accueil2.png HTTP/1.1" 200 1137 "http://www.wonder-geek.com/natural-rattan-bread-p-49280.html" "Mozilla/5.0 (Macintosh; Intel Mac OS X 10_15_4) AppleWebKit/605.1.15 (KHTML, like Gecko) Version/13.1.1 Safari/605.1.15"
1.132.16.212 - - [23/Jan/2022:11:21:42 +0100] "GET /mondial_relay/js/jquery-1.3.2.min.js HTTP/1.1" 200 57254 "http://www.wonder-geek.com/natural-rattan-bread-p-49280.html" "Mozilla/5.0 (Macintosh; Intel Mac OS X 10_15_4) AppleWebKit/605.1.15 (KHTML, like Gecko) Version/13.1.1 Safari/605.1.15"
1.132.16.212 - - [23/Jan/2022:11:21:43 +0100] "GET /templates/Pixame_v1/images/buttons/english/button_in_cart.gif HTTP/1.1" 200 1212 "http://www.wonder-geek.com/natural-rattan-bread-p-49280.html" "Mozilla/5.0 (Macintosh; Intel Mac OS X 10_15_4) AppleWebKit/605.1.15 (KHTML, like Gecko) Version/13.1.1 Safari/605.1.15"
1.132.16.212 - - [23/Jan/2022:11:21:43 +0100] "GET /templates/Pixame_v1/images/Bottom_texture.jpg HTTP/1.1" 200 56290 "http://www.wonder-geek.com/natural-rattan-bread-p-49280.html" "Mozilla/5.0 (Macintosh; Intel Mac OS X 10_15_4) AppleWebKit/605.1.15 (KHTML, like Gecko) Version/13.1.1 Safari/605.1.15"
1.132.16.212 - - [23/Jan/2022:11:21:43 +0100] "GET /images/big_prod/5415203705167.jpg HTTP/1.1" 200 95409 "http://www.wonder-geek.com/natural-rattan-bread-p-49280.html" "Mozilla/5.0 (Macintosh; Intel Mac OS X 10_15_4) AppleWebKit/605.1.15 (KHTML, like Gecko) Version/13.1.1 Safari/605.1.15"
1.132.16.212 - - [23/Jan/2022:11:21:43 +0100] "GET /images/big_prod_1/5415203705167a.jpg HTTP/1.1" 200 144865 "http://www.wonder-geek.com/natural-rattan-bread-p-49280.html" "Mozilla/5.0 (Macintosh; Intel Mac OS X 10_15_4) AppleWebKit/605.1.15 (KHTML, like Gecko) Version/13.1.1 Safari/605.1.15"
1.132.16.212 - - [23/Jan/2022:11:21:43 +0100] "GET /templates/Pixame_v1/images/nav.png HTTP/1.1" 200 1283 "http://www.wonder-geek.com/natural-rattan-bread-p-49280.html" "Mozilla/5.0 (Macintosh; Intel Mac OS X 10_15_4) AppleWebKit/605.1.15 (KHTML, like Gecko) Version/13.1.1 Safari/605.1.15"
1.132.16.212 - - [23/Jan/2022:11:21:43 +0100] "GET /templates/Pixame_v1/images/header.png HTTP/1.1" 200 70245 "http://www.wonder-geek.com/natural-rattan-bread-p-49280.html" "Mozilla/5.0 (Macintosh; Intel Mac OS X 10_15_4) AppleWebKit/605.1.15 (KHTML, like Gecko) Version/13.1.1 Safari/605.1.15"
1.132.16.212 - - [23/Jan/2022:11:21:44 +0100] "GET /templates/Pixame_v1/images/Middle_texture.jpg HTTP/1.1" 200 249620 "http://www.wonder-geek.com/natural-rattan-bread-p-49280.html" "Mozilla/5.0 (Macintosh; Intel Mac OS X 10_15_4) AppleWebKit/605.1.15 (KHTML, like Gecko) Version/13.1.1 Safari/605.1.15"
1.132.16.212 - - [23/Jan/2022:11:21:44 +0100] "GET /design/productsenstock.png HTTP/1.1" 200 4743 "http://www.wonder-geek.com/natural-rattan-bread-p-49280.html" "Mozilla/5.0 (Macintosh; Intel Mac OS X 10_15_4) AppleWebKit/605.1.15 (KHTML, like Gecko) Version/13.1.1 Safari/605.1.15"
1.132.16.212 - - [23/Jan/2022:11:21:44 +0100] "GET /templates/Pixame_v1/images/header-object.png HTTP/1.1" 200 106050 "http://www.wonder-geek.com/natural-rattan-bread-p-49280.html" "Mozilla/5.0 (Macintosh; Intel Mac OS X 10_15_4) AppleWebKit/605.1.15 (KHTML, like Gecko) Version/13.1.1 Safari/605.1.15"
1.132.16.212 - - [23/Jan/2022:11:21:45 +0100] "GET /highslide/graphics/outlines/drop-shadow.png HTTP/1.1" 200 2022 "http://www.wonder-geek.com/natural-rattan-bread-p-49280.html" "Mozilla/5.0 (Macintosh; Intel Mac OS X 10_15_4) AppleWebKit/605.1.15 (KHTML, like Gecko) Version/13.1.1 Safari/605.1.15"
1.132.105.106 - - [23/Jan/2022:11:21:45 +0100] "GET /favicon.ico HTTP/1.1" 200 1591 "http://www.wonder-geek.com/natural-rattan-bread-p-49280.html" "Mozilla/5.0 (Macintosh; Intel Mac OS X 10_15_4) AppleWebKit/605.1.15 (KHTML, like Gecko) Version/13.1.1 Safari/605.1.15"
77.88.5.243 - - [23/Jan/2022:11:25:49 +0100] "GET /robots.txt HTTP/1.1" 200 2438 "-" "Mozilla/5.0 (compatible; YandexBot/3.0; +http://yandex.com/bots)"
207.46.13.190 - - [23/Jan/2022:11:27:09 +0100] "GET /images/med_prod/0039897677330ehh.jpg HTTP/1.1" 200 60825 "-" "Mozilla/5.0 (compatible; bingbot/2.0; +http://www.bing.com/bingbot.htm)"
17.121.112.8 - - [23/Jan/2022:11:36:50 +0100] "GET /images/big_prod/3700230605972.jpg HTTP/1.1" 200 83633 "-" "Mozilla/5.0 (Macintosh; Intel Mac OS X 10_15_5) AppleWebKit/605.1.15 (KHTML, like Gecko) Version/13.1.1 Safari/605.1.15 (Applebot/0.1; +http://www.apple.com/go/applebot)"
216.244.66.242 - - [23/Jan/2022:11:38:20 +0100] "GET /robots.txt HTTP/1.1" 200 2438 "-" "Mozilla/5.0 (compatible; DotBot/1.2; +https://opensiteexplorer.org/dotbot; help@moz.com)"
192.99.9.25 - - [23/Jan/2022:11:49:34 +0100] "GET /robots.txt HTTP/1.1" 200 2438 "-" "Mozilla/5.0 (compatible; MJ12bot/v1.4.8; http://mj12bot.com/)"
17.121.112.50 - - [23/Jan/2022:11:50:18 +0100] "GET /images/big_prod/3503420121401.jpg HTTP/1.1" 200 177242 "-" "Mozilla/5.0 (Macintosh; Intel Mac OS X 10_15_5) AppleWebKit/605.1.15 (KHTML, like Gecko) Version/13.1.1 Safari/605.1.15 (Applebot/0.1; +http://www.apple.com/go/applebot)"
193.177.162.34 - - [23/Jan/2022:11:54:59 +0100] "GET /images/mini_prod/8424346350001.jpg HTTP/1.1" 200 12731 "-" "Mozilla/5.0 (X11; Ubuntu; Linux x86_64; rv:72.0) Gecko/20100101 Firefox/72.0"
66.249.66.199 - - [23/Jan/2022:12:03:00 +0100] "GET /images/big_prod/50200424346216482.jpg HTTP/1.1" 200 132161 "-" "Googlebot-Image/1.0"
157.55.39.62 - - [23/Jan/2022:12:05:26 +0100] "GET /images/8421440076011.jpg HTTP/1.1" 200 32884 "-" "Mozilla/5.0 (compatible; bingbot/2.0; +http://www.bing.com/bingbot.htm)"
157.55.39.125 - - [23/Jan/2022:12:05:41 +0100] "GET /images/3524550007120.jpg HTTP/1.1" 200 56510 "-" "Mozilla/5.0 (compatible; bingbot/2.0; +http://www.bing.com/bingbot.htm)"
51.104.180.26 - - [23/Jan/2022:12:07:56 +0100] "GET /images/med_prod/3503420125157.jpg HTTP/1.1" 200 71252 "-" "DuckDuckBot/1.1; (+http://duckduckgo.com/duckduckbot.html)"
185.191.171.10 - - [23/Jan/2022:12:10:21 +0100] "GET /robots.txt HTTP/1.1" 200 2438 "-" "Mozilla/5.0 (compatible; SemrushBot/7~bl; +http://www.semrush.com/bot.html)"
185.191.171.40 - - [23/Jan/2022:12:13:30 +0100] "GET /robots.txt HTTP/1.1" 200 2438 "-" "Mozilla/5.0 (compatible; SemrushBot/7~bl; +http://www.semrush.com/bot.html)"
157.55.39.62 - - [23/Jan/2022:12:16:17 +0100] "GET /js/modernizr-transitions.js HTTP/1.1" 200 2026 "-" "Mozilla/5.0 (compatible; bingbot/2.0; +http://www.bing.com/bingbot.htm)"
157.55.39.125 - - [23/Jan/2022:12:16:21 +0100] "GET /js/jquery.masonry.min.js HTTP/1.1" 200 5392 "-" "Mozilla/5.0 (compatible; bingbot/2.0; +http://www.bing.com/bingbot.htm)"
40.77.167.47 - - [23/Jan/2022:12:16:34 +0100] "GET /images/big_prod/4029811410309.jpg HTTP/1.1" 200 80370 "-" "Mozilla/5.0 (compatible; bingbot/2.0; +http://www.bing.com/bingbot.htm)"
157.55.39.122 - - [23/Jan/2022:12:16:45 +0100] "GET /images/med_prod/3661977002793.jpg HTTP/1.1" 200 141272 "-" "Mozilla/5.0 (compatible; bingbot/2.0; +http://www.bing.com/bingbot.htm)"
77.88.5.243 - - [23/Jan/2022:12:21:59 +0100] "GET /images/4007176129012.jpg HTTP/1.1" 200 67654 "-" "Mozilla/5.0 (compatible; YandexImages/3.0; +http://yandex.com/bots)"
157.55.39.125 - - [23/Jan/2022:12:23:53 +0100] "GET /images/big_prod/3609810065154Z.jpg HTTP/1.1" 200 73730 "-" "Mozilla/5.0 (compatible; bingbot/2.0; +http://www.bing.com/bingbot.htm)"
114.119.128.37 - - [23/Jan/2022:12:26:49 +0100] "GET /images/big_prod/3700281657876B.jpg HTTP/1.1" 200 468410 "-" "Mozilla/5.0 (Linux; Android 7.0;) AppleWebKit/537.36 (KHTML, like Gecko) Mobile Safari/537.36 (compatible; PetalBot;+https://webmaster.petalsearch.com/site/petalbot)"
216.244.66.242 - - [23/Jan/2022:12:30:36 +0100] "GET /robots.txt HTTP/1.1" 200 2438 "-" "Mozilla/5.0 (compatible; DotBot/1.2; +https://opensiteexplorer.org/dotbot; help@moz.com)"
106.11.152.101 - - [23/Jan/2022:12:34:39 +0100] "GET /images/mini_prod/8422071322430.jpg HTTP/1.1" 200 8681 "http://www.wonder-geek.com/coasters-c-12_157.html" "YisouSpider"
157.55.39.125 - - [23/Jan/2022:12:35:53 +0100] "GET /images/mini_prod/4029811392605.jpg HTTP/1.1" 200 5161 "-" "Mozilla/5.0 (compatible; bingbot/2.0; +http://www.bing.com/bingbot.htm)"
40.77.167.47 - - [23/Jan/2022:12:36:55 +0100] "GET /images/big_prod/3453131129145.jpg HTTP/1.1" 200 96175 "-" "Mozilla/5.0 (compatible; bingbot/2.0; +http://www.bing.com/bingbot.htm)"
114.119.128.37 - - [23/Jan/2022:12:43:21 +0100] "GET /images/big_prod_1/8422046534646B.jpg HTTP/1.1" 200 388664 "-" "Mozilla/5.0 (Linux; Android 7.0;) AppleWebKit/537.36 (KHTML, like Gecko) Mobile Safari/537.36 (compatible; PetalBot;+https://webmaster.petalsearch.com/site/petalbot)"
157.55.39.125 - - [23/Jan/2022:12:47:14 +0100] "GET /images/big_prod/8424346352616.jpg HTTP/1.1" 200 55960 "-" "Mozilla/5.0 (compatible; bingbot/2.0; +http://www.bing.com/bingbot.htm)"
51.104.180.47 - - [23/Jan/2022:12:54:00 +0100] "GET /images/med_prod/00000000000000000marsei.jpg HTTP/1.1" 200 57063 "-" "DuckDuckBot/1.1; (+http://duckduckgo.com/duckduckbot.html)"
66.160.140.184 - - [23/Jan/2022:12:58:05 +0100] "GET /robots.txt HTTP/1.1" 200 2438 "-" "The Knowledge AI"
40.77.167.47 - - [23/Jan/2022:13:04:18 +0100] "GET /images/big_prod_1/4029811376018.jpg HTTP/1.1" 200 132668 "-" "Mozilla/5.0 (compatible; bingbot/2.0; +http://www.bing.com/bingbot.htm)"
157.55.39.62 - - [23/Jan/2022:13:04:33 +0100] "GET /images/3700276265567.jpg HTTP/1.1" 200 48648 "-" "Mozilla/5.0 (compatible; bingbot/2.0; +http://www.bing.com/bingbot.htm)"
157.55.39.62 - - [23/Jan/2022:13:05:13 +0100] "GET /images/4010070115104.jpg HTTP/1.1" 200 39017 "-" "Mozilla/5.0 (compatible; bingbot/2.0; +http://www.bing.com/bingbot.htm)"
193.177.162.34 - - [23/Jan/2022:13:06:23 +0100] "GET /images/mini_prod/8033667001167.jpg HTTP/1.1" 200 11189 "-" "Mozilla/5.0 (X11; Ubuntu; Linux x86_64; rv:72.0) Gecko/20100101 Firefox/72.0"
157.55.39.125 - - [23/Jan/2022:13:07:50 +0100] "GET /images/big_prod_1/8422535757310B.jpg HTTP/1.1" 200 678464 "-" "Mozilla/5.0 (compatible; bingbot/2.0; +http://www.bing.com/bingbot.htm)"
17.121.113.103 - - [23/Jan/2022:13:09:01 +0100] "GET /images/5425023084267.jpg HTTP/1.1" 200 37777 "-" "Mozilla/5.0 (Macintosh; Intel Mac OS X 10_15_5) AppleWebKit/605.1.15 (KHTML, like Gecko) Version/13.1.1 Safari/605.1.15 (Applebot/0.1; +http://www.apple.com/go/applebot)"
207.46.13.190 - - [23/Jan/2022:13:09:59 +0100] "GET /images/4007176129043.jpg HTTP/1.1" 200 49703 "-" "Mozilla/5.0 (compatible; bingbot/2.0; +http://www.bing.com/bingbot.htm)"
185.191.171.8 - - [23/Jan/2022:13:11:10 +0100] "GET /robots.txt HTTP/1.1" 200 2438 "-" "Mozilla/5.0 (compatible; SemrushBot/7~bl; +http://www.semrush.com/bot.html)"
46.4.60.249 - - [23/Jan/2022:13:15:03 +0100] "GET /robots.txt HTTP/1.1" 200 2438 "-" "Mozilla/5.0 (compatible; MJ12bot/v1.4.8; http://mj12bot.com/)"
193.177.162.34 - - [23/Jan/2022:13:16:42 +0100] "GET /images/mini_prod/524352[2].jpg HTTP/1.1" 200 5054 "-" "Mozilla/5.0 (X11; Ubuntu; Linux x86_64; rv:72.0) Gecko/20100101 Firefox/72.0"
193.177.162.34 - - [23/Jan/2022:13:17:49 +0100] "GET /images/mini_prod/3700276274620.jpg HTTP/1.1" 200 9463 "-" "Mozilla/5.0 (X11; Ubuntu; Linux x86_64; rv:72.0) Gecko/20100101 Firefox/72.0"
193.177.162.34 - - [23/Jan/2022:13:19:03 +0100] "GET /images/mini_prod/3760054863347.jpg HTTP/1.1" 200 9931 "-" "Mozilla/5.0 (X11; Ubuntu; Linux x86_64; rv:72.0) Gecko/20100101 Firefox/72.0"
216.244.66.242 - - [23/Jan/2022:13:23:21 +0100] "GET /robots.txt HTTP/1.1" 200 2438 "-" "Mozilla/5.0 (compatible; DotBot/1.2; +https://opensiteexplorer.org/dotbot; help@moz.com)"
157.55.39.122 - - [23/Jan/2022:13:28:30 +0100] "GET /images/mini_prod/8433933208793.jpg HTTP/1.1" 200 11502 "-" "Mozilla/5.0 (compatible; bingbot/2.0; +http://www.bing.com/bingbot.htm)"
193.177.162.34 - - [23/Jan/2022:13:31:37 +0100] "GET /images/mini_prod/MISES-EN-SITUATION-04.jpg HTTP/1.1" 200 7628 "-" "Mozilla/5.0 (X11; Ubuntu; Linux x86_64; rv:72.0) Gecko/20100101 Firefox/72.0"
66.249.68.28 - - [23/Jan/2022:13:32:11 +0100] "GET /images/5018997518052.jpg HTTP/1.1" 200 162408 "-" "Googlebot-Image/1.0"
157.55.39.153 - - [23/Jan/2022:13:33:58 +0100] "GET /images/big_prod/1328399102266.jpg HTTP/1.1" 200 81770 "-" "Mozilla/5.0 (compatible; bingbot/2.0; +http://www.bing.com/bingbot.htm)"
103.131.71.66 - - [23/Jan/2022:13:42:07 +0100] "GET /robots.txt HTTP/1.1" 200 2438 "-" "Mozilla/5.0 (compatible; coccocbot-web/1.0; +http://help.coccoc.com/searchengine)"
103.131.71.88 - - [23/Jan/2022:13:42:11 +0100] "GET /robots.txt HTTP/1.1" 200 2438 "-" "Mozilla/5.0 (compatible; coccocbot-web/1.0; +http://help.coccoc.com/searchengine)"
192.99.7.128 - - [23/Jan/2022:13:42:53 +0100] "GET /robots.txt HTTP/1.1" 200 2438 "-" "Mozilla/5.0 (compatible; MJ12bot/v1.4.8; http://mj12bot.com/)"
207.46.13.190 - - [23/Jan/2022:13:43:43 +0100] "GET /images/big_prod/3700856403129.jpg HTTP/1.1" 200 55493 "-" "Mozilla/5.0 (compatible; bingbot/2.0; +http://www.bing.com/bingbot.htm)"
157.55.39.62 - - [23/Jan/2022:13:43:47 +0100] "GET /images/30300.jpg HTTP/1.1" 200 29711 "-" "Mozilla/5.0 (compatible; bingbot/2.0; +http://www.bing.com/bingbot.htm)"
166.88.17.238 - - [23/Jan/2022:13:45:32 +0100] "GET /images/mini_prod/3760116310321.jpg HTTP/1.1" 200 10103 "-" "Mozilla/5.0 (X11; Ubuntu; Linux x86_64; rv:72.0) Gecko/20100101 Firefox/72.0"
193.177.162.34 - - [23/Jan/2022:13:52:18 +0100] "GET /images/mini_prod/8422666661517.jpg HTTP/1.1" 200 6375 "-" "Mozilla/5.0 (X11; Ubuntu; Linux x86_64; rv:72.0) Gecko/20100101 Firefox/72.0"
154.85.51.160 - - [23/Jan/2022:13:53:59 +0100] "GET /images/mini_prod/3760116310345.jpg HTTP/1.1" 200 10632 "-" "Mozilla/5.0 (X11; Ubuntu; Linux x86_64; rv:72.0) Gecko/20100101 Firefox/72.0"
157.55.39.125 - - [23/Jan/2022:13:55:32 +0100] "GET /images/8028501269933.jpg HTTP/1.1" 200 91358 "-" "Mozilla/5.0 (compatible; bingbot/2.0; +http://www.bing.com/bingbot.htm)"
23.100.232.233 - - [23/Jan/2022:13:57:17 +0100] "GET /templates/Pixame_v1/stylesheet.css HTTP/1.1" 200 56057 "http://www.wonder-geek.com/-p-22643.html" "Mozilla/5.0 (compatible; MSIE 9.0; Windows NT 6.1; Trident/5.0;  Trident/5.0)"
23.100.232.233 - - [23/Jan/2022:13:57:17 +0100] "GET /highslide/highslide.js HTTP/1.1" 200 42909 "http://www.wonder-geek.com/-p-22643.html" "Mozilla/5.0 (compatible; MSIE 9.0; Windows NT 6.1; Trident/5.0;  Trident/5.0)"
23.100.232.233 - - [23/Jan/2022:13:57:17 +0100] "GET /js/jquery.js HTTP/1.1" 200 54075 "http://www.wonder-geek.com/-p-22643.html" "Mozilla/5.0 (compatible; MSIE 9.0; Windows NT 6.1; Trident/5.0;  Trident/5.0)"
23.100.232.233 - - [23/Jan/2022:13:57:17 +0100] "GET /js/jquery.jqzoom.js HTTP/1.1" 200 4761 "http://www.wonder-geek.com/-p-22643.html" "Mozilla/5.0 (compatible; MSIE 9.0; Windows NT 6.1; Trident/5.0;  Trident/5.0)"
23.100.232.233 - - [23/Jan/2022:13:57:19 +0100] "GET /mondial_relay/js/jquery-1.3.2.min.js HTTP/1.1" 200 57254 "http://www.wonder-geek.com/-p-22643.html" "Mozilla/5.0 (compatible; MSIE 9.0; Windows NT 6.1; Trident/5.0;  Trident/5.0)"
23.100.232.233 - - [23/Jan/2022:13:57:20 +0100] "GET /templates/Pixame_v1/images/flash.swf HTTP/1.1" 200 2868 "http://www.wonder-geek.com/-p-22643.html" "Mozilla/5.0 (compatible; MSIE 9.0; Windows NT 6.1; Trident/5.0;  Trident/5.0)"
207.46.13.190 - - [23/Jan/2022:13:57:34 +0100] "GET /images/big_prod/5027148842205.jpg HTTP/1.1" 200 93973 "-" "Mozilla/5.0 (compatible; bingbot/2.0; +http://www.bing.com/bingbot.htm)"
78.143.195.17 - - [23/Jan/2022:13:58:36 +0100] "GET /templates/Pixame_v1/stylesheet.css HTTP/1.1" 200 56057 "http://www.wonder-geek.com/wick-ellipse-candle-heart-home-christmas-tree-p-57117.html" "Mozilla/5.0 (Linux; Android 11; SM-A705FN) AppleWebKit/537.36 (KHTML, like Gecko) Chrome/97.0.4692.98 Mobile Safari/537.36"
78.143.195.17 - - [23/Jan/2022:13:58:36 +0100] "GET /js/jquery.js HTTP/1.1" 200 54075 "http://www.wonder-geek.com/wick-ellipse-candle-heart-home-christmas-tree-p-57117.html" "Mozilla/5.0 (Linux; Android 11; SM-A705FN) AppleWebKit/537.36 (KHTML, like Gecko) Chrome/97.0.4692.98 Mobile Safari/537.36"
78.143.195.17 - - [23/Jan/2022:13:58:36 +0100] "GET /js/jquery.jqzoom.js HTTP/1.1" 200 4761 "http://www.wonder-geek.com/wick-ellipse-candle-heart-home-christmas-tree-p-57117.html" "Mozilla/5.0 (Linux; Android 11; SM-A705FN) AppleWebKit/537.36 (KHTML, like Gecko) Chrome/97.0.4692.98 Mobile Safari/537.36"
78.143.195.17 - - [23/Jan/2022:13:58:36 +0100] "GET /highslide/highslide.js HTTP/1.1" 200 42909 "http://www.wonder-geek.com/wick-ellipse-candle-heart-home-christmas-tree-p-57117.html" "Mozilla/5.0 (Linux; Android 11; SM-A705FN) AppleWebKit/537.36 (KHTML, like Gecko) Chrome/97.0.4692.98 Mobile Safari/537.36"
78.143.195.17 - - [23/Jan/2022:13:58:36 +0100] "GET /mondial_relay/js/jquery-1.3.2.min.js HTTP/1.1" 200 57254 "http://www.wonder-geek.com/wick-ellipse-candle-heart-home-christmas-tree-p-57117.html" "Mozilla/5.0 (Linux; Android 11; SM-A705FN) AppleWebKit/537.36 (KHTML, like Gecko) Chrome/97.0.4692.98 Mobile Safari/537.36"
78.143.195.17 - - [23/Jan/2022:13:58:36 +0100] "GET /templates/Pixame_v1/images/icon_accueil2.png HTTP/1.1" 200 1137 "http://www.wonder-geek.com/wick-ellipse-candle-heart-home-christmas-tree-p-57117.html" "Mozilla/5.0 (Linux; Android 11; SM-A705FN) AppleWebKit/537.36 (KHTML, like Gecko) Chrome/97.0.4692.98 Mobile Safari/537.36"
78.143.195.17 - - [23/Jan/2022:13:58:36 +0100] "GET /templates/Pixame_v1/images/buttons/english/button_in_cart.gif HTTP/1.1" 200 1212 "http://www.wonder-geek.com/wick-ellipse-candle-heart-home-christmas-tree-p-57117.html" "Mozilla/5.0 (Linux; Android 11; SM-A705FN) AppleWebKit/537.36 (KHTML, like Gecko) Chrome/97.0.4692.98 Mobile Safari/537.36"
78.143.195.17 - - [23/Jan/2022:13:58:36 +0100] "GET /images/big_prod_1/5051276424057a.jpg HTTP/1.1" 200 325741 "http://www.wonder-geek.com/wick-ellipse-candle-heart-home-christmas-tree-p-57117.html" "Mozilla/5.0 (Linux; Android 11; SM-A705FN) AppleWebKit/537.36 (KHTML, like Gecko) Chrome/97.0.4692.98 Mobile Safari/537.36"
78.143.195.17 - - [23/Jan/2022:13:58:36 +0100] "GET /templates/Pixame_v1/images/Bottom_texture.jpg HTTP/1.1" 200 56290 "http://www.wonder-geek.com/templates/Pixame_v1/stylesheet.css" "Mozilla/5.0 (Linux; Android 11; SM-A705FN) AppleWebKit/537.36 (KHTML, like Gecko) Chrome/97.0.4692.98 Mobile Safari/537.36"
78.143.195.17 - - [23/Jan/2022:13:58:36 +0100] "GET /images/big_prod/5051276424057.jpg HTTP/1.1" 200 320954 "http://www.wonder-geek.com/wick-ellipse-candle-heart-home-christmas-tree-p-57117.html" "Mozilla/5.0 (Linux; Android 11; SM-A705FN) AppleWebKit/537.36 (KHTML, like Gecko) Chrome/97.0.4692.98 Mobile Safari/537.36"
78.143.195.17 - - [23/Jan/2022:13:58:36 +0100] "GET /templates/Pixame_v1/images/header.png HTTP/1.1" 200 70245 "http://www.wonder-geek.com/templates/Pixame_v1/stylesheet.css" "Mozilla/5.0 (Linux; Android 11; SM-A705FN) AppleWebKit/537.36 (KHTML, like Gecko) Chrome/97.0.4692.98 Mobile Safari/537.36"
78.143.195.17 - - [23/Jan/2022:13:58:36 +0100] "GET /templates/Pixame_v1/images/nav.png HTTP/1.1" 200 1283 "http://www.wonder-geek.com/templates/Pixame_v1/stylesheet.css" "Mozilla/5.0 (Linux; Android 11; SM-A705FN) AppleWebKit/537.36 (KHTML, like Gecko) Chrome/97.0.4692.98 Mobile Safari/537.36"
78.143.195.17 - - [23/Jan/2022:13:58:36 +0100] "GET /templates/Pixame_v1/images/header-object.png HTTP/1.1" 200 106050 "http://www.wonder-geek.com/templates/Pixame_v1/stylesheet.css" "Mozilla/5.0 (Linux; Android 11; SM-A705FN) AppleWebKit/537.36 (KHTML, like Gecko) Chrome/97.0.4692.98 Mobile Safari/537.36"
78.143.195.17 - - [23/Jan/2022:13:58:36 +0100] "GET /design/productsenstock.png HTTP/1.1" 200 4743 "http://www.wonder-geek.com/templates/Pixame_v1/stylesheet.css" "Mozilla/5.0 (Linux; Android 11; SM-A705FN) AppleWebKit/537.36 (KHTML, like Gecko) Chrome/97.0.4692.98 Mobile Safari/537.36"
78.143.195.17 - - [23/Jan/2022:13:58:36 +0100] "GET /templates/Pixame_v1/images/Middle_texture.jpg HTTP/1.1" 200 249620 "http://www.wonder-geek.com/templates/Pixame_v1/stylesheet.css" "Mozilla/5.0 (Linux; Android 11; SM-A705FN) AppleWebKit/537.36 (KHTML, like Gecko) Chrome/97.0.4692.98 Mobile Safari/537.36"
78.143.195.17 - - [23/Jan/2022:13:58:36 +0100] "GET /images/big_prod_2/5051276424057b.jpg HTTP/1.1" 200 785486 "http://www.wonder-geek.com/wick-ellipse-candle-heart-home-christmas-tree-p-57117.html" "Mozilla/5.0 (Linux; Android 11; SM-A705FN) AppleWebKit/537.36 (KHTML, like Gecko) Chrome/97.0.4692.98 Mobile Safari/537.36"
78.143.195.17 - - [23/Jan/2022:13:58:36 +0100] "GET /highslide/graphics/outlines/drop-shadow.png HTTP/1.1" 200 2022 "http://www.wonder-geek.com/wick-ellipse-candle-heart-home-christmas-tree-p-57117.html" "Mozilla/5.0 (Linux; Android 11; SM-A705FN) AppleWebKit/537.36 (KHTML, like Gecko) Chrome/97.0.4692.98 Mobile Safari/537.36"
78.143.195.17 - - [23/Jan/2022:13:58:36 +0100] "GET /favicon.ico HTTP/1.1" 200 1591 "http://www.wonder-geek.com/wick-ellipse-candle-heart-home-christmas-tree-p-57117.html" "Mozilla/5.0 (Linux; Android 11; SM-A705FN) AppleWebKit/537.36 (KHTML, like Gecko) Chrome/97.0.4692.98 Mobile Safari/537.36"
157.55.39.62 - - [23/Jan/2022:14:00:48 +0100] "GET /images/3661443611993.jpg HTTP/1.1" 200 22681 "-" "Mozilla/5.0 (compatible; bingbot/2.0; +http://www.bing.com/bingbot.htm)"
193.177.162.34 - - [23/Jan/2022:14:01:15 +0100] "GET /images/mini_prod/2110DSCN8647.jpg HTTP/1.1" 200 5689 "-" "Mozilla/5.0 (X11; Ubuntu; Linux x86_64; rv:72.0) Gecko/20100101 Firefox/72.0"
77.88.5.243 - - [23/Jan/2022:14:01:23 +0100] "GET /robots.txt HTTP/1.1" 200 2438 "-" "Mozilla/5.0 (compatible; YandexBot/3.0; +http://yandex.com/bots)"
193.177.162.34 - - [23/Jan/2022:14:03:56 +0100] "GET /images/mini_prod/3661443611191.jpg HTTP/1.1" 200 6471 "-" "Mozilla/5.0 (X11; Ubuntu; Linux x86_64; rv:72.0) Gecko/20100101 Firefox/72.0"
154.85.51.160 - - [23/Jan/2022:14:06:26 +0100] "GET /images/mini_prod/1384010183571BB.jpg HTTP/1.1" 200 7286 "-" "Mozilla/5.0 (X11; Ubuntu; Linux x86_64; rv:72.0) Gecko/20100101 Firefox/72.0"
154.85.51.160 - - [23/Jan/2022:14:06:38 +0100] "GET /images/mini_prod/1384010183571BB.jpg HTTP/1.1" 200 7286 "-" "Mozilla/5.0 (X11; Ubuntu; Linux x86_64; rv:72.0) Gecko/20100101 Firefox/72.0"
154.85.51.160 - - [23/Jan/2022:14:06:51 +0100] "GET /images/mini_prod/1384010183571BB.jpg HTTP/1.1" 200 7286 "-" "Mozilla/5.0 (X11; Ubuntu; Linux x86_64; rv:72.0) Gecko/20100101 Firefox/72.0"
17.121.115.247 - - [23/Jan/2022:14:07:10 +0100] "GET /images/big_prod/8422071326414B.jpg HTTP/1.1" 200 117976 "-" "Mozilla/5.0 (Macintosh; Intel Mac OS X 10_15_5) AppleWebKit/605.1.15 (KHTML, like Gecko) Version/13.1.1 Safari/605.1.15 (Applebot/0.1; +http://www.apple.com/go/applebot)"
175.114.236.61 - - [23/Jan/2022:14:07:44 +0100] "GET /images/mini_prod/1399984284612.jpg HTTP/1.1" 200 6400 "-" "Mozilla/5.0 (X11; Ubuntu; Linux x86_64; rv:72.0) Gecko/20100101 Firefox/72.0"
185.191.171.24 - - [23/Jan/2022:14:09:31 +0100] "GET /robots.txt HTTP/1.1" 200 2438 "-" "Mozilla/5.0 (compatible; SemrushBot/7~bl; +http://www.semrush.com/bot.html)"
216.244.66.242 - - [23/Jan/2022:14:15:10 +0100] "GET /robots.txt HTTP/1.1" 200 2438 "-" "Mozilla/5.0 (compatible; DotBot/1.2; +https://opensiteexplorer.org/dotbot; help@moz.com)"
58.174.35.53 - - [23/Jan/2022:14:17:59 +0100] "GET /images/big_prod_1/028399282418b.jpg HTTP/1.1" 200 167516 "https://www.jsk-cdn.xyz/" "Mozilla/5.0 (iPhone; CPU iPhone OS 14_8_1 like Mac OS X) AppleWebKit/605.1.15 (KHTML, like Gecko) Version/14.1.2 Mobile/15E148 Safari/604.1"
58.174.35.53 - - [23/Jan/2022:14:17:59 +0100] "GET /images/big_prod_2/028399282418a.jpg HTTP/1.1" 200 210395 "https://www.jsk-cdn.xyz/" "Mozilla/5.0 (iPhone; CPU iPhone OS 14_8_1 like Mac OS X) AppleWebKit/605.1.15 (KHTML, like Gecko) Version/14.1.2 Mobile/15E148 Safari/604.1"
193.177.162.34 - - [23/Jan/2022:14:18:34 +0100] "GET /images/big_prod_2/c5018997632079.jpg HTTP/1.1" 200 101129 "-" "Mozilla/5.0 (X11; Ubuntu; Linux x86_64; rv:72.0) Gecko/20100101 Firefox/72.0"
17.121.112.45 - - [23/Jan/2022:14:21:46 +0100] "GET /images/big_prod/1341689495084.jpg HTTP/1.1" 200 101204 "-" "Mozilla/5.0 (Macintosh; Intel Mac OS X 10_15_5) AppleWebKit/605.1.15 (KHTML, like Gecko) Version/13.1.1 Safari/605.1.15 (Applebot/0.1; +http://www.apple.com/go/applebot)"
162.210.196.97 - - [23/Jan/2022:14:26:17 +0100] "GET /robots.txt HTTP/1.1" 200 2438 "-" "Mozilla/5.0 (compatible; MJ12bot/v1.4.8; http://mj12bot.com/)"
114.119.128.37 - - [23/Jan/2022:14:28:36 +0100] "GET /images/big_prod/3700572739274B.jpg HTTP/1.1" 200 272570 "-" "Mozilla/5.0 (Linux; Android 7.0;) AppleWebKit/537.36 (KHTML, like Gecko) Mobile Safari/537.36 (compatible; PetalBot;+https://webmaster.petalsearch.com/site/petalbot)"
157.55.39.125 - - [23/Jan/2022:14:34:06 +0100] "GET /images/8006180203578.jpg HTTP/1.1" 200 102620 "-" "Mozilla/5.0 (compatible; bingbot/2.0; +http://www.bing.com/bingbot.htm)"
207.46.13.190 - - [23/Jan/2022:14:37:58 +0100] "GET /images/1399984253779.jpg HTTP/1.1" 200 17199 "-" "Mozilla/5.0 (compatible; bingbot/2.0; +http://www.bing.com/bingbot.htm)"
157.55.39.153 - - [23/Jan/2022:14:38:45 +0100] "GET /images/med_prod/5036278049675.jpg HTTP/1.1" 200 147680 "-" "Mozilla/5.0 (compatible; bingbot/2.0; +http://www.bing.com/bingbot.htm)"
114.119.128.40 - - [23/Jan/2022:14:39:21 +0100] "GET /images/big_prod_2/3760233683179b.jpg HTTP/1.1" 200 153410 "-" "Mozilla/5.0 (Linux; Android 7.0;) AppleWebKit/537.36 (KHTML, like Gecko) Mobile Safari/537.36 (compatible; PetalBot;+https://webmaster.petalsearch.com/site/petalbot)"
40.77.167.47 - - [23/Jan/2022:14:40:37 +0100] "GET /images/8435306275555.jpg HTTP/1.1" 200 91626 "-" "Mozilla/5.0 (compatible; bingbot/2.0; +http://www.bing.com/bingbot.htm)"
17.121.114.137 - - [23/Jan/2022:14:42:18 +0100] "GET /images/big_prod_1/3609810076457a.jpg HTTP/1.1" 200 203420 "-" "Mozilla/5.0 (Macintosh; Intel Mac OS X 10_15_5) AppleWebKit/605.1.15 (KHTML, like Gecko) Version/13.1.1 Safari/605.1.15 (Applebot/0.1; +http://www.apple.com/go/applebot)"
175.114.236.61 - - [23/Jan/2022:14:46:13 +0100] "GET /images/mini_prod/1361623281047.jpg HTTP/1.1" 200 5324 "-" "Mozilla/5.0 (X11; Ubuntu; Linux x86_64; rv:72.0) Gecko/20100101 Firefox/72.0"
193.177.162.34 - - [23/Jan/2022:14:47:51 +0100] "GET /images/mini_prod/5050293803975.jpg HTTP/1.1" 200 10730 "-" "Mozilla/5.0 (X11; Ubuntu; Linux x86_64; rv:72.0) Gecko/20100101 Firefox/72.0"
54.36.148.77 - - [23/Jan/2022:14:49:20 +0100] "GET /robots.txt HTTP/1.1" 200 2438 "-" "Mozilla/5.0 (compatible; AhrefsBot/7.0; +http://ahrefs.com/robot/)"
