157.90.177.217 - - [14/Apr/2022:07:35:19 +0200] "GET /gift-wood-towels-p-52067.html HTTP/1.0" 200 73643 "-" "Mozilla/5.0 (compatible; BLEXBot/1.0; +http://webmeup-crawler.com/)"
157.90.177.217 - - [14/Apr/2022:07:35:24 +0200] "GET /gilt-with-personalized-picture-p-16639.html HTTP/1.0" 200 73973 "-" "Mozilla/5.0 (compatible; BLEXBot/1.0; +http://webmeup-crawler.com/)"
157.90.177.217 - - [14/Apr/2022:07:35:29 +0200] "GET /gingerbread-cake-dish-p-33301.html HTTP/1.0" 200 73413 "-" "Mozilla/5.0 (compatible; BLEXBot/1.0; +http://webmeup-crawler.com/)"
185.191.171.45 - - [14/Apr/2022:07:35:33 +0200] "GET /chimes-and-suspensions-c-13_241.html?page=2 HTTP/1.0" 301 91753 "-" "Mozilla/5.0 (compatible; SemrushBot/7~bl; +http://www.semrush.com/bot.html)"
157.90.177.217 - - [14/Apr/2022:07:35:35 +0200] "GET /gingerbread-little-tray-p-30690.html HTTP/1.0" 200 73524 "-" "Mozilla/5.0 (compatible; BLEXBot/1.0; +http://webmeup-crawler.com/)"
185.191.171.39 - - [14/Apr/2022:07:35:37 +0200] "GET /chimes-suspensions-c-241.html?page=2 HTTP/1.0" 301 91630 "-" "Mozilla/5.0 (compatible; SemrushBot/7~bl; +http://www.semrush.com/bot.html)"
157.90.177.217 - - [14/Apr/2022:07:35:39 +0200] "GET /girl-baby-shower-confetti-p-55933.html HTTP/1.0" 200 74603 "-" "Mozilla/5.0 (compatible; BLEXBot/1.0; +http://webmeup-crawler.com/)"
185.191.171.25 - - [14/Apr/2022:07:35:41 +0200] "GET /chimes-suspensions-c-13_241.html?page=2 HTTP/1.0" 200 91663 "-" "Mozilla/5.0 (compatible; SemrushBot/7~bl; +http://www.semrush.com/bot.html)"
157.90.177.217 - - [14/Apr/2022:07:35:44 +0200] "GET /girls-c-1.html?page=2 HTTP/1.0" 200 92949 "-" "Mozilla/5.0 (compatible; BLEXBot/1.0; +http://webmeup-crawler.com/)"
157.90.177.217 - - [14/Apr/2022:07:35:49 +0200] "GET /girls-c-1.html?page=3 HTTP/1.0" 200 92924 "-" "Mozilla/5.0 (compatible; BLEXBot/1.0; +http://webmeup-crawler.com/)"
5.189.172.182 - - [14/Apr/2022:07:35:49 +0200] "GET /snow-glitter-ball-c-13_259.html HTTP/1.0" 200 90879 "-" "Mozilla/5.0 (compatible; MJ12bot/v1.4.8; http://mj12bot.com/)"
185.191.171.6 - - [14/Apr/2022:07:35:50 +0200] "GET /want-you-mini-magnet-mirror-p-19664.html HTTP/1.0" 301 73536 "-" "Mozilla/5.0 (compatible; SemrushBot/7~bl; +http://www.semrush.com/bot.html)"
157.90.177.217 - - [14/Apr/2022:07:35:54 +0200] "GET /girls-c-1.html?page=4 HTTP/1.0" 200 92437 "-" "Mozilla/5.0 (compatible; BLEXBot/1.0; +http://webmeup-crawler.com/)"
185.191.171.7 - - [14/Apr/2022:07:35:55 +0200] "GET /want-mini-magnet-mirror-p-19664.html HTTP/1.0" 200 73446 "-" "Mozilla/5.0 (compatible; SemrushBot/7~bl; +http://www.semrush.com/bot.html)"
185.191.171.3 - - [14/Apr/2022:07:35:58 +0200] "GET /nightlight-yellow-stuart-despicable-p-33707.html?action=add_product HTTP/1.0" 302 476 "-" "Mozilla/5.0 (compatible; SemrushBot/7~bl; +http://www.semrush.com/bot.html)"
157.90.177.217 - - [14/Apr/2022:07:35:59 +0200] "GET /girls-c-1.html?page=5 HTTP/1.0" 200 85159 "-" "Mozilla/5.0 (compatible; BLEXBot/1.0; +http://webmeup-crawler.com/)"
157.90.177.217 - - [14/Apr/2022:07:36:04 +0200] "GET /glass-ceramic-hermetic-p-41245.html HTTP/1.0" 200 73529 "-" "Mozilla/5.0 (compatible; BLEXBot/1.0; +http://webmeup-crawler.com/)"
157.90.177.217 - - [14/Apr/2022:07:36:09 +0200] "GET /glass-ceramic-hermetic-p-41246.html HTTP/1.0" 200 73529 "-" "Mozilla/5.0 (compatible; BLEXBot/1.0; +http://webmeup-crawler.com/)"
5.189.172.182 - - [14/Apr/2022:07:36:11 +0200] "GET /so-british-metal-case-for-business-cards-p-11853.html HTTP/1.0" 301 73839 "-" "Mozilla/5.0 (compatible; MJ12bot/v1.4.8; http://mj12bot.com/)"
157.90.177.217 - - [14/Apr/2022:07:36:14 +0200] "GET /glass-glitter-paperweight-p-56011.html HTTP/1.0" 200 74104 "-" "Mozilla/5.0 (compatible; BLEXBot/1.0; +http://webmeup-crawler.com/)"
157.90.177.217 - - [14/Apr/2022:07:36:19 +0200] "GET /glass-jellyfish-paperweight-p-52788.html HTTP/1.0" 200 73502 "-" "Mozilla/5.0 (compatible; BLEXBot/1.0; +http://webmeup-crawler.com/)"
54.36.148.243 - - [14/Apr/2022:07:36:20 +0200] "GET /little-poney-post-p-18102.html HTTP/1.0" 200 73427 "-" "Mozilla/5.0 (compatible; AhrefsBot/7.0; +http://ahrefs.com/robot/)"
157.90.177.217 - - [14/Apr/2022:07:36:23 +0200] "GET /glass-jellyfish-paperweight-p-52789.html HTTP/1.0" 200 73502 "-" "Mozilla/5.0 (compatible; BLEXBot/1.0; +http://webmeup-crawler.com/)"
157.55.39.144 - - [14/Apr/2022:07:36:26 +0200] "GET /olaf-sven-frozen-poster-p-30918.html HTTP/1.0" 200 73467 "-" "Mozilla/5.0 (compatible; bingbot/2.0; +http://www.bing.com/bingbot.htm)"
157.90.177.217 - - [14/Apr/2022:07:36:30 +0200] "GET /glass-jellyfish-paperweight-p-52790.html HTTP/1.0" 200 73518 "-" "Mozilla/5.0 (compatible; BLEXBot/1.0; +http://webmeup-crawler.com/)"
185.191.171.23 - - [14/Apr/2022:07:36:32 +0200] "GET /freegun-yellow-small-towel-p-33325.html HTTP/1.0" 301 70875 "-" "Mozilla/5.0 (compatible; SemrushBot/7~bl; +http://www.semrush.com/bot.html)"
157.90.177.217 - - [14/Apr/2022:07:36:34 +0200] "GET /glass-jellyfish-paperweight-p-52791.html HTTP/1.0" 200 73517 "-" "Mozilla/5.0 (compatible; BLEXBot/1.0; +http://webmeup-crawler.com/)"
185.191.171.7 - - [14/Apr/2022:07:36:35 +0200] "GET /-p-33325.html HTTP/1.0" 200 70808 "-" "Mozilla/5.0 (compatible; SemrushBot/7~bl; +http://www.semrush.com/bot.html)"
185.191.171.5 - - [14/Apr/2022:07:36:39 +0200] "GET /stone-green-opal-p-46617.html?action=add_product HTTP/1.0" 302 476 "-" "Mozilla/5.0 (compatible; SemrushBot/7~bl; +http://www.semrush.com/bot.html)"
157.90.177.217 - - [14/Apr/2022:07:36:39 +0200] "GET /glass-jellyfish-paperweight-p-52865.html HTTP/1.0" 200 73524 "-" "Mozilla/5.0 (compatible; BLEXBot/1.0; +http://webmeup-crawler.com/)"
5.189.172.182 - - [14/Apr/2022:07:36:41 +0200] "GET /british-metal-case-business-cards-p-11853.html HTTP/1.0" 200 73739 "-" "Mozilla/5.0 (compatible; MJ12bot/v1.4.8; http://mj12bot.com/)"
157.90.177.217 - - [14/Apr/2022:07:36:44 +0200] "GET /glass-p-57757.html HTTP/1.0" 200 73487 "-" "Mozilla/5.0 (compatible; BLEXBot/1.0; +http://webmeup-crawler.com/)"
157.90.177.217 - - [14/Apr/2022:07:36:48 +0200] "GET /glass-photo-frame-little-prince-p-47069.html HTTP/1.0" 200 73600 "-" "Mozilla/5.0 (compatible; BLEXBot/1.0; +http://webmeup-crawler.com/)"
157.90.177.217 - - [14/Apr/2022:07:36:52 +0200] "GET /glass-trivet-bistrot-white-p-47887.html HTTP/1.0" 200 73449 "-" "Mozilla/5.0 (compatible; BLEXBot/1.0; +http://webmeup-crawler.com/)"
157.90.177.217 - - [14/Apr/2022:07:36:57 +0200] "GET /glass-votive-candles-holder-arrows-p-42177.html HTTP/1.0" 200 73635 "-" "Mozilla/5.0 (compatible; BLEXBot/1.0; +http://webmeup-crawler.com/)"
157.90.177.217 - - [14/Apr/2022:07:37:02 +0200] "GET /glass-votive-candles-holder-feather-with-love-p-42176.html HTTP/1.0" 200 73722 "-" "Mozilla/5.0 (compatible; BLEXBot/1.0; +http://webmeup-crawler.com/)"
5.189.172.182 - - [14/Apr/2022:07:37:04 +0200] "GET /sofia-the-first-girl-brief-p-31173.html HTTP/1.0" 301 70875 "-" "Mozilla/5.0 (compatible; MJ12bot/v1.4.8; http://mj12bot.com/)"
157.90.177.217 - - [14/Apr/2022:07:37:10 +0200] "GET /glass-votive-candles-holder-silver-feather-p-42175.html HTTP/1.0" 200 73743 "-" "Mozilla/5.0 (compatible; BLEXBot/1.0; +http://webmeup-crawler.com/)"
66.249.64.146 - - [14/Apr/2022:07:37:13 +0200] "GET /images/4036113261348.jpg HTTP/1.0" 200 259 "-" "Googlebot-Image/1.0"
157.90.177.217 - - [14/Apr/2022:07:37:14 +0200] "GET /glass-votive-holder-gold-p-42646.html HTTP/1.0" 200 73643 "-" "Mozilla/5.0 (compatible; BLEXBot/1.0; +http://webmeup-crawler.com/)"
157.90.177.217 - - [14/Apr/2022:07:37:18 +0200] "GET /glass-votive-holder-heart-home-metallic-blue-p-39903.html HTTP/1.0" 200 74661 "-" "Mozilla/5.0 (compatible; BLEXBot/1.0; +http://webmeup-crawler.com/)"
185.191.171.26 - - [14/Apr/2022:07:37:19 +0200] "GET /cats-in-love-egg-cup-p-39645.html HTTP/1.0" 301 70932 "-" "Mozilla/5.0 (compatible; SemrushBot/7~bl; +http://www.semrush.com/bot.html)"
185.191.171.35 - - [14/Apr/2022:07:37:23 +0200] "GET /cats-love-p-39645.html HTTP/1.0" 200 70856 "-" "Mozilla/5.0 (compatible; SemrushBot/7~bl; +http://www.semrush.com/bot.html)"
117.148.130.28 - - [14/Apr/2022:07:37:25 +0200] "GET /images/mini_prod/8424346514823.jpg HTTP/1.0" 200 269 "-" "Mozilla/5.0 (Windows NT 10.0; WOW64) AppleWebKit/537.36 (KHTML, like Gecko) Chrome/90.0.4430.212 Safari/537.36"
157.90.177.217 - - [14/Apr/2022:07:37:24 +0200] "GET /glass-votive-holder-heart-home-metallic-pink-p-39904.html HTTP/1.0" 200 74661 "-" "Mozilla/5.0 (compatible; BLEXBot/1.0; +http://webmeup-crawler.com/)"
185.191.171.26 - - [14/Apr/2022:07:37:27 +0200] "GET /hello-kitty-hair-ornements-p-13568.html HTTP/1.0" 200 73611 "-" "Mozilla/5.0 (compatible; SemrushBot/7~bl; +http://www.semrush.com/bot.html)"
117.148.130.28 - - [14/Apr/2022:07:37:30 +0200] "GET /images/mini_prod/3503420158926.jpg HTTP/1.0" 200 269 "-" "Mozilla/5.0 (Windows NT 10.0; WOW64) AppleWebKit/537.36 (KHTML, like Gecko) Chrome/90.0.4430.212 Safari/537.36"
157.90.177.217 - - [14/Apr/2022:07:37:30 +0200] "GET /glass-votive-holder-heart-home-metallic-yellow-p-39905.html HTTP/1.0" 200 74681 "-" "Mozilla/5.0 (compatible; BLEXBot/1.0; +http://webmeup-crawler.com/)"
5.189.172.182 - - [14/Apr/2022:07:37:31 +0200] "GET /-p-31173.html HTTP/1.0" 200 70808 "-" "Mozilla/5.0 (compatible; MJ12bot/v1.4.8; http://mj12bot.com/)"
117.148.130.28 - - [14/Apr/2022:07:37:33 +0200] "GET /images/mini_prod/8433933113783.jpg HTTP/1.0" 200 269 "-" "Mozilla/5.0 (Windows NT 10.0; WOW64) AppleWebKit/537.36 (KHTML, like Gecko) Chrome/90.0.4430.212 Safari/537.36"
117.148.130.28 - - [14/Apr/2022:07:37:37 +0200] "GET /images/mini_prod/8433933113790.jpg HTTP/1.0" 200 269 "-" "Mozilla/5.0 (Windows NT 10.0; WOW64) AppleWebKit/537.36 (KHTML, like Gecko) Chrome/90.0.4430.212 Safari/537.36"
117.148.130.28 - - [14/Apr/2022:07:37:37 +0200] "GET /images/mini_prod/8433933158333.jpg HTTP/1.0" 200 269 "-" "Mozilla/5.0 (Windows NT 10.0; WOW64) AppleWebKit/537.36 (KHTML, like Gecko) Chrome/90.0.4430.212 Safari/537.36"
117.148.130.28 - - [14/Apr/2022:07:37:38 +0200] "GET /images/mini_prod/8424346514816.jpg HTTP/1.0" 200 269 "-" "Mozilla/5.0 (Windows NT 10.0; WOW64) AppleWebKit/537.36 (KHTML, like Gecko) Chrome/90.0.4430.212 Safari/537.36"
117.148.130.28 - - [14/Apr/2022:07:37:38 +0200] "GET /images/mini_prod/8433933116036.jpg HTTP/1.0" 200 269 "-" "Mozilla/5.0 (Windows NT 10.0; WOW64) AppleWebKit/537.36 (KHTML, like Gecko) Chrome/90.0.4430.212 Safari/537.36"
54.36.148.243 - - [14/Apr/2022:07:37:37 +0200] "GET /place-jewels-poisson-p-53936.html HTTP/1.0" 200 73468 "-" "Mozilla/5.0 (compatible; AhrefsBot/7.0; +http://ahrefs.com/robot/)"
117.148.130.28 - - [14/Apr/2022:07:37:39 +0200] "GET /images/mini_prod/5415203421760.jpg HTTP/1.0" 200 269 "-" "Mozilla/5.0 (Windows NT 10.0; WOW64) AppleWebKit/537.36 (KHTML, like Gecko) Chrome/90.0.4430.212 Safari/537.36"
157.90.177.217 - - [14/Apr/2022:07:37:38 +0200] "GET /glasses-case-c-31_164.html?page=2 HTTP/1.0" 200 91255 "-" "Mozilla/5.0 (compatible; BLEXBot/1.0; +http://webmeup-crawler.com/)"
117.148.130.28 - - [14/Apr/2022:07:37:41 +0200] "GET /images/mini_prod/8433933058787.jpg HTTP/1.0" 200 269 "-" "Mozilla/5.0 (Windows NT 10.0; WOW64) AppleWebKit/537.36 (KHTML, like Gecko) Chrome/90.0.4430.212 Safari/537.36"
117.148.130.28 - - [14/Apr/2022:07:37:43 +0200] "GET /images/mini_prod/1300000836173.jpg HTTP/1.0" 200 269 "-" "Mozilla/5.0 (Windows NT 10.0; WOW64) AppleWebKit/537.36 (KHTML, like Gecko) Chrome/90.0.4430.212 Safari/537.36"
117.148.130.28 - - [14/Apr/2022:07:37:43 +0200] "GET /images/mini_prod/8433933622162.jpg HTTP/1.0" 200 269 "-" "Mozilla/5.0 (Windows NT 10.0; WOW64) AppleWebKit/537.36 (KHTML, like Gecko) Chrome/90.0.4430.212 Safari/537.36"
117.148.130.28 - - [14/Apr/2022:07:37:43 +0200] "GET /images/mini_prod/8422002383769.jpg HTTP/1.0" 200 269 "-" "Mozilla/5.0 (Windows NT 10.0; WOW64) AppleWebKit/537.36 (KHTML, like Gecko) Chrome/90.0.4430.212 Safari/537.36"
117.148.130.28 - - [14/Apr/2022:07:37:44 +0200] "GET /images/mini_prod/1399124740022.jpg HTTP/1.0" 200 269 "-" "Mozilla/5.0 (Windows NT 10.0; WOW64) AppleWebKit/537.36 (KHTML, like Gecko) Chrome/90.0.4430.212 Safari/537.36"
117.148.130.28 - - [14/Apr/2022:07:37:44 +0200] "GET /images/mini_prod/8422033150156.jpg HTTP/1.0" 200 269 "-" "Mozilla/5.0 (Windows NT 10.0; WOW64) AppleWebKit/537.36 (KHTML, like Gecko) Chrome/90.0.4430.212 Safari/537.36"
117.148.130.28 - - [14/Apr/2022:07:37:44 +0200] "GET /images/mini_prod/8433933052174.jpg HTTP/1.0" 200 269 "-" "Mozilla/5.0 (Windows NT 10.0; WOW64) AppleWebKit/537.36 (KHTML, like Gecko) Chrome/90.0.4430.212 Safari/537.36"
117.148.130.28 - - [14/Apr/2022:07:37:44 +0200] "GET /images/mini_prod/8433933717578.jpg HTTP/1.0" 200 269 "-" "Mozilla/5.0 (Windows NT 10.0; WOW64) AppleWebKit/537.36 (KHTML, like Gecko) Chrome/90.0.4430.212 Safari/537.36"
117.148.130.28 - - [14/Apr/2022:07:37:44 +0200] "GET /images/mini_prod/1362530000004.jpg HTTP/1.0" 200 269 "-" "Mozilla/5.0 (Windows NT 10.0; WOW64) AppleWebKit/537.36 (KHTML, like Gecko) Chrome/90.0.4430.212 Safari/537.36"
117.148.130.28 - - [14/Apr/2022:07:37:45 +0200] "GET /images/mini_prod/5414451985017.jpg HTTP/1.0" 200 269 "-" "Mozilla/5.0 (Windows NT 10.0; WOW64) AppleWebKit/537.36 (KHTML, like Gecko) Chrome/90.0.4430.212 Safari/537.36"
117.148.130.28 - - [14/Apr/2022:07:37:45 +0200] "GET /images/mini_prod/1360150000008.jpg HTTP/1.0" 200 269 "-" "Mozilla/5.0 (Windows NT 10.0; WOW64) AppleWebKit/537.36 (KHTML, like Gecko) Chrome/90.0.4430.212 Safari/537.36"
117.148.130.28 - - [14/Apr/2022:07:37:45 +0200] "GET /images/mini_prod/1362490000007.jpg HTTP/1.0" 200 269 "-" "Mozilla/5.0 (Windows NT 10.0; WOW64) AppleWebKit/537.36 (KHTML, like Gecko) Chrome/90.0.4430.212 Safari/537.36"
157.90.177.217 - - [14/Apr/2022:07:37:44 +0200] "GET /glasses-case-c-31_164.html?page=3 HTTP/1.0" 200 91758 "-" "Mozilla/5.0 (compatible; BLEXBot/1.0; +http://webmeup-crawler.com/)"
157.90.177.217 - - [14/Apr/2022:07:37:49 +0200] "GET /glasses-case-c-31_164.html?page=4 HTTP/1.0" 200 81852 "-" "Mozilla/5.0 (compatible; BLEXBot/1.0; +http://webmeup-crawler.com/)"
117.148.130.28 - - [14/Apr/2022:07:37:53 +0200] "GET /images/big_prod_1/8433933239254B.jpg HTTP/1.0" 200 271 "-" "Mozilla/5.0 (Windows NT 10.0; WOW64) AppleWebKit/537.36 (KHTML, like Gecko) Chrome/90.0.4430.212 Safari/537.36"
157.90.177.217 - - [14/Apr/2022:07:37:53 +0200] "GET /glasses-drinking-c-12_62.html?page=2 HTTP/1.0" 200 91753 "-" "Mozilla/5.0 (compatible; BLEXBot/1.0; +http://webmeup-crawler.com/)"
117.148.130.28 - - [14/Apr/2022:07:38:00 +0200] "GET /images/big_prod_2/8433933239254C.jpg HTTP/1.0" 200 271 "-" "Mozilla/5.0 (Windows NT 10.0; WOW64) AppleWebKit/537.36 (KHTML, like Gecko) Chrome/90.0.4430.212 Safari/537.36"
5.189.172.182 - - [14/Apr/2022:07:37:58 +0200] "GET /sonny-angel-figure-series-p-12572.html HTTP/1.0" 301 70875 "-" "Mozilla/5.0 (compatible; MJ12bot/v1.4.8; http://mj12bot.com/)"
157.90.177.217 - - [14/Apr/2022:07:37:58 +0200] "GET /glasses-drinking-c-12_62.html?page=3 HTTP/1.0" 200 91933 "-" "Mozilla/5.0 (compatible; BLEXBot/1.0; +http://webmeup-crawler.com/)"
114.119.137.31 - - [14/Apr/2022:07:38:02 +0200] "GET /johnny-hallyday-blue-neon-wall-clock-p-24167.html HTTP/1.0" 200 73605 "-" "Mozilla/5.0 (Linux; Android 7.0;) AppleWebKit/537.36 (KHTML, like Gecko) Mobile Safari/537.36 (compatible; PetalBot;+https://webmaster.petalsearch.com/site/petalbot)"
157.90.177.217 - - [14/Apr/2022:07:38:04 +0200] "GET /glasses-drinking-c-12_62.html?page=4 HTTP/1.0" 200 80994 "-" "Mozilla/5.0 (compatible; BLEXBot/1.0; +http://webmeup-crawler.com/)"
157.90.177.217 - - [14/Apr/2022:07:38:09 +0200] "GET /glitter-ball-meilleure-maman-toute-terre-p-57231.html HTTP/1.0" 200 74308 "-" "Mozilla/5.0 (compatible; BLEXBot/1.0; +http://webmeup-crawler.com/)"
117.148.130.28 - - [14/Apr/2022:07:38:14 +0200] "GET /images/big_prod_3/8433933239254D.jpg HTTP/1.0" 200 271 "-" "Mozilla/5.0 (Windows NT 10.0; WOW64) AppleWebKit/537.36 (KHTML, like Gecko) Chrome/90.0.4430.212 Safari/537.36"
157.90.177.217 - - [14/Apr/2022:07:38:14 +0200] "GET /glitters-black-p-53392.html HTTP/1.0" 200 73407 "-" "Mozilla/5.0 (compatible; BLEXBot/1.0; +http://webmeup-crawler.com/)"
211.249.40.15 - - [14/Apr/2022:07:38:20 +0200] "GET /images/mini_prod/5060275045255.jpg HTTP/1.0" 200 269 "-" "Mozilla/5.0 (X11; Ubuntu; Linux x86_64; rv:72.0) Gecko/20100101 Firefox/72.0"
157.90.177.217 - - [14/Apr/2022:07:38:21 +0200] "GET /glitters-blue-p-53397.html HTTP/1.0" 200 73402 "-" "Mozilla/5.0 (compatible; BLEXBot/1.0; +http://webmeup-crawler.com/)"
5.189.172.182 - - [14/Apr/2022:07:38:22 +0200] "GET /-p-12572.html HTTP/1.0" 200 70808 "-" "Mozilla/5.0 (compatible; MJ12bot/v1.4.8; http://mj12bot.com/)"
157.90.177.217 - - [14/Apr/2022:07:38:26 +0200] "GET /glitters-green-p-53396.html HTTP/1.0" 200 73407 "-" "Mozilla/5.0 (compatible; BLEXBot/1.0; +http://webmeup-crawler.com/)"
157.90.177.217 - - [14/Apr/2022:07:38:34 +0200] "GET /glitters-p-53394.html HTTP/1.0" 200 73389 "-" "Mozilla/5.0 (compatible; BLEXBot/1.0; +http://webmeup-crawler.com/)"
157.90.177.217 - - [14/Apr/2022:07:38:38 +0200] "GET /glitters-pink-p-53395.html HTTP/1.0" 200 73402 "-" "Mozilla/5.0 (compatible; BLEXBot/1.0; +http://webmeup-crawler.com/)"
185.191.171.15 - - [14/Apr/2022:07:38:40 +0200] "GET /make-happen-isothermic-stainless-steel-bottle-allen-p-52007.html?action=add_product HTTP/1.0" 302 476 "-" "Mozilla/5.0 (compatible; SemrushBot/7~bl; +http://www.semrush.com/bot.html)"
157.90.177.217 - - [14/Apr/2022:07:38:43 +0200] "GET /glitters-white-p-53393.html HTTP/1.0" 200 73407 "-" "Mozilla/5.0 (compatible; BLEXBot/1.0; +http://webmeup-crawler.com/)"
157.90.177.217 - - [14/Apr/2022:07:38:47 +0200] "GET /globe-armillaire-decoration-p-48951.html HTTP/1.0" 200 73505 "-" "Mozilla/5.0 (compatible; BLEXBot/1.0; +http://webmeup-crawler.com/)"
157.90.177.217 - - [14/Apr/2022:07:38:51 +0200] "GET /globe-decoration-black-p-57668.html HTTP/1.0" 200 74369 "-" "Mozilla/5.0 (compatible; BLEXBot/1.0; +http://webmeup-crawler.com/)"
185.191.171.45 - - [14/Apr/2022:07:38:56 +0200] "GET /paul-frank-flat-cosmetic-bag-p-9642.html HTTP/1.0" 301 70990 "-" "Mozilla/5.0 (compatible; SemrushBot/7~bl; +http://www.semrush.com/bot.html)"
5.189.172.182 - - [14/Apr/2022:07:38:57 +0200] "GET /sonny-angel-figure-series-p-12575.html HTTP/1.0" 301 70875 "-" "Mozilla/5.0 (compatible; MJ12bot/v1.4.8; http://mj12bot.com/)"
157.90.177.217 - - [14/Apr/2022:07:38:57 +0200] "GET /globe-decoration-gray-p-57667.html HTTP/1.0" 200 74357 "-" "Mozilla/5.0 (compatible; BLEXBot/1.0; +http://webmeup-crawler.com/)"
54.36.148.243 - - [14/Apr/2022:07:38:58 +0200] "GET /star-trek-p-52301.html HTTP/1.0" 200 74200 "-" "Mozilla/5.0 (compatible; AhrefsBot/7.0; +http://ahrefs.com/robot/)"
185.191.171.42 - - [14/Apr/2022:07:38:58 +0200] "GET /paul-frank-flat-cosmetic-p-9642.html HTTP/1.0" 200 70900 "-" "Mozilla/5.0 (compatible; SemrushBot/7~bl; +http://www.semrush.com/bot.html)"
157.90.177.217 - - [14/Apr/2022:07:39:04 +0200] "GET /globe-tripod-p-51548.html HTTP/1.0" 200 74102 "-" "Mozilla/5.0 (compatible; BLEXBot/1.0; +http://webmeup-crawler.com/)"
211.249.40.15 - - [14/Apr/2022:07:39:12 +0200] "GET /images/mini_prod/4036113101224.jpg HTTP/1.0" 200 269 "-" "Mozilla/5.0 (X11; Ubuntu; Linux x86_64; rv:72.0) Gecko/20100101 Firefox/72.0"
185.191.171.17 - - [14/Apr/2022:07:39:11 +0200] "GET /soft-toys-security-blanket-c-4_46.html?page=8 HTTP/1.0" 200 91402 "-" "Mozilla/5.0 (compatible; SemrushBot/7~bl; +http://www.semrush.com/bot.html)"
157.90.177.217 - - [14/Apr/2022:07:39:14 +0200] "GET /globe-tripod-white-p-52304.html HTTP/1.0" 200 74367 "-" "Mozilla/5.0 (compatible; BLEXBot/1.0; +http://webmeup-crawler.com/)"
185.191.171.33 - - [14/Apr/2022:07:39:14 +0200] "GET /ethnic-tray-natural-bamboo-cane-p-44987.html HTTP/1.0" 200 73654 "-" "Mozilla/5.0 (compatible; SemrushBot/7~bl; +http://www.semrush.com/bot.html)"
157.90.177.217 - - [14/Apr/2022:07:39:18 +0200] "GET /gloss-duckling-random-color-according-arrival-p-31892.html HTTP/1.0" 200 73829 "-" "Mozilla/5.0 (compatible; BLEXBot/1.0; +http://webmeup-crawler.com/)"
157.90.177.217 - - [14/Apr/2022:07:39:24 +0200] "GET /gloss-lips-london-letters-p-28848.html HTTP/1.0" 200 73648 "-" "Mozilla/5.0 (compatible; BLEXBot/1.0; +http://webmeup-crawler.com/)"
185.191.171.11 - - [14/Apr/2022:07:39:29 +0200] "GET /buddhist-bracelet-wooden-beads-red-p-37667.html HTTP/1.0" 301 73571 "-" "Mozilla/5.0 (compatible; SemrushBot/7~bl; +http://www.semrush.com/bot.html)"
5.189.172.182 - - [14/Apr/2022:07:39:30 +0200] "GET /-p-12575.html HTTP/1.0" 200 70808 "-" "Mozilla/5.0 (compatible; MJ12bot/v1.4.8; http://mj12bot.com/)"
157.90.177.217 - - [14/Apr/2022:07:39:30 +0200] "GET /gloss-lips-london-phone-p-28847.html HTTP/1.0" 200 73604 "-" "Mozilla/5.0 (compatible; BLEXBot/1.0; +http://webmeup-crawler.com/)"
185.191.171.4 - - [14/Apr/2022:07:39:32 +0200] "GET /buddhist-bracelet-wooden-beads-p-37667.html HTTP/1.0" 200 73474 "-" "Mozilla/5.0 (compatible; SemrushBot/7~bl; +http://www.semrush.com/bot.html)"
157.90.177.217 - - [14/Apr/2022:07:39:36 +0200] "GET /gloss-lips-london-phone-p-37162.html HTTP/1.0" 200 73656 "-" "Mozilla/5.0 (compatible; BLEXBot/1.0; +http://webmeup-crawler.com/)"
157.90.177.217 - - [14/Apr/2022:07:39:42 +0200] "GET /gloss-lips-white-deluxe-chocolate-p-28865.html HTTP/1.0" 200 73684 "-" "Mozilla/5.0 (compatible; BLEXBot/1.0; +http://webmeup-crawler.com/)"
5.189.172.182 - - [14/Apr/2022:07:39:49 +0200] "GET /soy-luna-desk-blotter-p-36353.html HTTP/1.0" 301 70980 "-" "Mozilla/5.0 (compatible; MJ12bot/v1.4.8; http://mj12bot.com/)"
157.90.177.217 - - [14/Apr/2022:07:39:50 +0200] "GET /gnome-garden-glitter-ball-p-35637.html HTTP/1.0" 200 73585 "-" "Mozilla/5.0 (compatible; BLEXBot/1.0; +http://webmeup-crawler.com/)"
157.90.177.217 - - [14/Apr/2022:07:39:55 +0200] "GET /godfather-little-p-8269.html HTTP/1.0" 200 73445 "-" "Mozilla/5.0 (compatible; BLEXBot/1.0; +http://webmeup-crawler.com/)"
157.90.177.217 - - [14/Apr/2022:07:39:59 +0200] "GET /godfather-pencil-p-7162.html HTTP/1.0" 200 73440 "-" "Mozilla/5.0 (compatible; BLEXBot/1.0; +http://webmeup-crawler.com/)"
157.90.177.217 - - [14/Apr/2022:07:40:03 +0200] "GET /godfather-spiral-notebook-p-8877.html HTTP/1.0" 200 73485 "-" "Mozilla/5.0 (compatible; BLEXBot/1.0; +http://webmeup-crawler.com/)"
157.90.177.217 - - [14/Apr/2022:07:40:08 +0200] "GET /gogh-coffee-p-48226.html HTTP/1.0" 200 74105 "-" "Mozilla/5.0 (compatible; BLEXBot/1.0; +http://webmeup-crawler.com/)"
157.90.177.217 - - [14/Apr/2022:07:40:12 +0200] "GET /gogh-little-tray-p-51668.html HTTP/1.0" 200 77247 "-" "Mozilla/5.0 (compatible; BLEXBot/1.0; +http://webmeup-crawler.com/)"
54.36.148.243 - - [14/Apr/2022:07:40:13 +0200] "GET /resin-statue-little-monk-pink-dress-p-52898.html HTTP/1.0" 200 73643 "-" "Mozilla/5.0 (compatible; AhrefsBot/7.0; +http://ahrefs.com/robot/)"
185.191.171.19 - - [14/Apr/2022:07:40:14 +0200] "GET /beatles-back-ussr-large-coin-purse-p-8092.html HTTP/1.0" 200 73731 "-" "Mozilla/5.0 (compatible; SemrushBot/7~bl; +http://www.semrush.com/bot.html)"
157.90.177.217 - - [14/Apr/2022:07:40:17 +0200] "GET /gogh-nuit-toile-cotton-pouch-p-47657.html HTTP/1.0" 200 74221 "-" "Mozilla/5.0 (compatible; BLEXBot/1.0; +http://webmeup-crawler.com/)"
5.189.172.182 - - [14/Apr/2022:07:40:17 +0200] "GET /luna-desk-blotter-p-36353.html HTTP/1.0" 200 70896 "-" "Mozilla/5.0 (compatible; MJ12bot/v1.4.8; http://mj12bot.com/)"
157.90.177.217 - - [14/Apr/2022:07:40:23 +0200] "GET /gold-jewelry-stand-white-p-48823.html HTTP/1.0" 200 73684 "-" "Mozilla/5.0 (compatible; BLEXBot/1.0; +http://webmeup-crawler.com/)"
114.119.137.31 - - [14/Apr/2022:07:40:27 +0200] "GET /white-cotton-kitchen-towel-45-70-cm-corsica-p-52487.html HTTP/1.0" 301 73695 "-" "Mozilla/5.0 (Linux; Android 7.0;) AppleWebKit/537.36 (KHTML, like Gecko) Mobile Safari/537.36 (compatible; PetalBot;+https://webmaster.petalsearch.com/site/petalbot)"
157.90.177.217 - - [14/Apr/2022:07:40:28 +0200] "GET /gold-metal-umbrella-stand-p-57249.html HTTP/1.0" 200 74112 "-" "Mozilla/5.0 (compatible; BLEXBot/1.0; +http://webmeup-crawler.com/)"
114.119.137.31 - - [14/Apr/2022:07:40:29 +0200] "GET /white-cotton-kitchen-towel-corsica-p-52487.html HTTP/1.0" 200 73594 "-" "Mozilla/5.0 (Linux; Android 7.0;) AppleWebKit/537.36 (KHTML, like Gecko) Mobile Safari/537.36 (compatible; PetalBot;+https://webmaster.petalsearch.com/site/petalbot)"
157.90.177.217 - - [14/Apr/2022:07:40:35 +0200] "GET /gold-metal-umbrella-stand-p-57250.html HTTP/1.0" 200 74112 "-" "Mozilla/5.0 (compatible; BLEXBot/1.0; +http://webmeup-crawler.com/)"
157.90.177.217 - - [14/Apr/2022:07:40:40 +0200] "GET /gold-obsidian-pendant-silver-bail-p-47788.html HTTP/1.0" 200 74437 "-" "Mozilla/5.0 (compatible; BLEXBot/1.0; +http://webmeup-crawler.com/)"
5.189.172.182 - - [14/Apr/2022:07:40:43 +0200] "GET /soy-luna-desk-blotter-p-37821.html HTTP/1.0" 301 70958 "-" "Mozilla/5.0 (compatible; MJ12bot/v1.4.8; http://mj12bot.com/)"
157.90.177.217 - - [14/Apr/2022:07:40:44 +0200] "GET /gold-wall-mirror-p-53691.html HTTP/1.0" 200 73416 "-" "Mozilla/5.0 (compatible; BLEXBot/1.0; +http://webmeup-crawler.com/)"
185.191.171.7 - - [14/Apr/2022:07:40:44 +0200] "GET /buddha-child-statue-polyresin-see-nothing-37-cm-p-36733.html HTTP/1.0" 301 73761 "-" "Mozilla/5.0 (compatible; SemrushBot/7~bl; +http://www.semrush.com/bot.html)"
185.191.171.11 - - [14/Apr/2022:07:40:48 +0200] "GET /buddha-child-statue-polyresin-nothing-p-36733.html HTTP/1.0" 200 73657 "-" "Mozilla/5.0 (compatible; SemrushBot/7~bl; +http://www.semrush.com/bot.html)"
157.90.177.217 - - [14/Apr/2022:07:40:50 +0200] "GET /golden-brass-bell-p-56645.html HTTP/1.0" 200 74018 "-" "Mozilla/5.0 (compatible; BLEXBot/1.0; +http://webmeup-crawler.com/)"
185.191.171.19 - - [14/Apr/2022:07:40:52 +0200] "GET /wooden-decorative-plate-bistrot-copains-p-53545.html?action=add_product HTTP/1.0" 302 476 "-" "Mozilla/5.0 (compatible; SemrushBot/7~bl; +http://www.semrush.com/bot.html)"
157.90.177.217 - - [14/Apr/2022:07:40:55 +0200] "GET /golden-buddha-incense-grams-about-sticks-p-35493.html HTTP/1.0" 200 73929 "-" "Mozilla/5.0 (compatible; BLEXBot/1.0; +http://webmeup-crawler.com/)"
157.90.177.217 - - [14/Apr/2022:07:41:01 +0200] "GET /golden-metal-bell-chandelier-p-50084.html HTTP/1.0" 200 74447 "-" "Mozilla/5.0 (compatible; BLEXBot/1.0; +http://webmeup-crawler.com/)"
157.90.177.217 - - [14/Apr/2022:07:41:04 +0200] "GET /golden-metal-glass-decorative-hourglass-p-57673.html HTTP/1.0" 200 74586 "-" "Mozilla/5.0 (compatible; BLEXBot/1.0; +http://webmeup-crawler.com/)"
157.90.177.217 - - [14/Apr/2022:07:41:08 +0200] "GET /golden-metal-glass-decorative-hourglass-p-57676.html HTTP/1.0" 200 74269 "-" "Mozilla/5.0 (compatible; BLEXBot/1.0; +http://webmeup-crawler.com/)"
5.189.172.182 - - [14/Apr/2022:07:41:11 +0200] "GET /luna-desk-blotter-p-37821.html HTTP/1.0" 200 70874 "-" "Mozilla/5.0 (compatible; MJ12bot/v1.4.8; http://mj12bot.com/)"
157.90.177.217 - - [14/Apr/2022:07:41:13 +0200] "GET /golden-retriever-puppy-small-round-magnet-p-31909.html HTTP/1.0" 200 73570 "-" "Mozilla/5.0 (compatible; BLEXBot/1.0; +http://webmeup-crawler.com/)"
157.90.177.217 - - [14/Apr/2022:07:41:18 +0200] "GET /good-morning-ceramic-breakfast-bowl-brown-p-55021.html HTTP/1.0" 200 74121 "-" "Mozilla/5.0 (compatible; BLEXBot/1.0; +http://webmeup-crawler.com/)"
157.90.177.217 - - [14/Apr/2022:07:41:23 +0200] "GET /good-morning-ceramic-breakfast-bowl-brown-p-55022.html HTTP/1.0" 200 74121 "-" "Mozilla/5.0 (compatible; BLEXBot/1.0; +http://webmeup-crawler.com/)"
157.90.177.217 - - [14/Apr/2022:07:41:26 +0200] "GET /good-morning-ceramic-breakfast-bowl-brown-p-55023.html HTTP/1.0" 200 74121 "-" "Mozilla/5.0 (compatible; BLEXBot/1.0; +http://webmeup-crawler.com/)"
54.36.148.243 - - [14/Apr/2022:07:41:31 +0200] "GET /paperweight-cats-p-53803.html HTTP/1.0" 200 74109 "-" "Mozilla/5.0 (compatible; AhrefsBot/7.0; +http://ahrefs.com/robot/)"
157.90.177.217 - - [14/Apr/2022:07:41:32 +0200] "GET /goodbye-kitty-alarm-clock-p-10848.html HTTP/1.0" 200 73612 "-" "Mozilla/5.0 (compatible; BLEXBot/1.0; +http://webmeup-crawler.com/)"
157.90.177.217 - - [14/Apr/2022:07:41:39 +0200] "GET /goodbye-kitty-david-goliath-shoulderbag-p-5257.html HTTP/1.0" 200 73898 "-" "Mozilla/5.0 (compatible; BLEXBot/1.0; +http://webmeup-crawler.com/)"
185.191.171.36 - - [14/Apr/2022:07:41:42 +0200] "GET /bracelet-lapis-lazuli-p-53456.html HTTP/1.0" 200 73973 "-" "Mozilla/5.0 (compatible; SemrushBot/7~bl; +http://www.semrush.com/bot.html)"
157.90.177.217 - - [14/Apr/2022:07:41:44 +0200] "GET /gorjuss-bubble-fairy-manicure-p-46952.html HTTP/1.0" 200 74615 "-" "Mozilla/5.0 (compatible; BLEXBot/1.0; +http://webmeup-crawler.com/)"
5.189.172.182 - - [14/Apr/2022:07:41:46 +0200] "GET /soy-luna-disney-apron-and-chef-hat-p-37538.html HTTP/1.0" 301 73588 "-" "Mozilla/5.0 (compatible; MJ12bot/v1.4.8; http://mj12bot.com/)"
157.90.177.217 - - [14/Apr/2022:07:41:52 +0200] "GET /gorjuss-chronicles-wooden-brooch-rapunzel-p-38199.html HTTP/1.0" 200 75026 "-" "Mozilla/5.0 (compatible; BLEXBot/1.0; +http://webmeup-crawler.com/)"
157.90.177.217 - - [14/Apr/2022:07:41:58 +0200] "GET /gorjuss-chronicles-wooden-brooch-ruby8203-p-38198.html HTTP/1.0" 200 75044 "-" "Mozilla/5.0 (compatible; BLEXBot/1.0; +http://webmeup-crawler.com/)"
157.90.177.217 - - [14/Apr/2022:07:42:03 +0200] "GET /gorjuss-coaster-forget-p-46920.html HTTP/1.0" 200 73622 "-" "Mozilla/5.0 (compatible; BLEXBot/1.0; +http://webmeup-crawler.com/)"
157.90.177.217 - - [14/Apr/2022:07:42:08 +0200] "GET /gorjuss-coaster-lost-words-p-46919.html HTTP/1.0" 200 73633 "-" "Mozilla/5.0 (compatible; BLEXBot/1.0; +http://webmeup-crawler.com/)"
157.90.177.217 - - [14/Apr/2022:07:42:14 +0200] "GET /gorjuss-coaster-loved-p-47742.html HTTP/1.0" 200 73608 "-" "Mozilla/5.0 (compatible; BLEXBot/1.0; +http://webmeup-crawler.com/)"
157.90.177.217 - - [14/Apr/2022:07:42:19 +0200] "GET /gorjuss-coaster-p-46926.html HTTP/1.0" 200 73590 "-" "Mozilla/5.0 (compatible; BLEXBot/1.0; +http://webmeup-crawler.com/)"
17.121.112.173 - - [14/Apr/2022:07:42:22 +0200] "GET /light-wood-table-lamp-scandinavian-spirit-p-51786.html HTTP/1.0" 200 74571 "-" "Mozilla/5.0 (Macintosh; Intel Mac OS X 10_15_5) AppleWebKit/605.1.15 (KHTML, like Gecko) Version/13.1.1 Safari/605.1.15 (Applebot/0.1; +http://www.apple.com/go/applebot)"
5.189.172.182 - - [14/Apr/2022:07:42:23 +0200] "GET /luna-disney-apron-chef-p-37538.html HTTP/1.0" 200 73499 "-" "Mozilla/5.0 (compatible; MJ12bot/v1.4.8; http://mj12bot.com/)"
157.90.177.217 - - [14/Apr/2022:07:42:25 +0200] "GET /gorjuss-coaster-rosebud-p-47741.html HTTP/1.0" 200 73606 "-" "Mozilla/5.0 (compatible; BLEXBot/1.0; +http://webmeup-crawler.com/)"
157.90.177.217 - - [14/Apr/2022:07:42:29 +0200] "GET /gorjuss-coaster-tall-tails-p-47736.html HTTP/1.0" 200 73621 "-" "Mozilla/5.0 (compatible; BLEXBot/1.0; +http://webmeup-crawler.com/)"
157.90.177.217 - - [14/Apr/2022:07:42:35 +0200] "GET /gorjuss-coaster-white-rabbit-p-47740.html HTTP/1.0" 200 73643 "-" "Mozilla/5.0 (compatible; BLEXBot/1.0; +http://webmeup-crawler.com/)"
54.36.148.243 - - [14/Apr/2022:07:42:38 +0200] "GET /tour-france-p-53978.html HTTP/1.0" 200 73370 "-" "Mozilla/5.0 (compatible; AhrefsBot/7.0; +http://ahrefs.com/robot/)"
157.90.177.217 - - [14/Apr/2022:07:42:39 +0200] "GET /gorjuss-daily-planner-autumn-leaves-p-49481.html HTTP/1.0" 200 75432 "-" "Mozilla/5.0 (compatible; BLEXBot/1.0; +http://webmeup-crawler.com/)"
157.90.177.217 - - [14/Apr/2022:07:42:46 +0200] "GET /gorjuss-daily-planner-rainbow-heaven-p-49478.html HTTP/1.0" 200 75467 "-" "Mozilla/5.0 (compatible; BLEXBot/1.0; +http://webmeup-crawler.com/)"
157.90.177.217 - - [14/Apr/2022:07:42:50 +0200] "GET /gorjuss-deluxe-journal-autumn-leaves-p-50957.html HTTP/1.0" 200 75211 "-" "Mozilla/5.0 (compatible; BLEXBot/1.0; +http://webmeup-crawler.com/)"
5.189.172.182 - - [14/Apr/2022:07:42:50 +0200] "GET /soy-luna-disney-suitcase-59-cm-p-35536.html HTTP/1.0" 301 70875 "-" "Mozilla/5.0 (compatible; MJ12bot/v1.4.8; http://mj12bot.com/)"
157.90.177.217 - - [14/Apr/2022:07:42:54 +0200] "GET /gorjuss-deluxe-journal-little-wings-p-50956.html HTTP/1.0" 200 74968 "-" "Mozilla/5.0 (compatible; BLEXBot/1.0; +http://webmeup-crawler.com/)"
117.148.130.28 - - [14/Apr/2022:07:43:00 +0200] "GET /images/big_prod_1/4542202657164B.jpg HTTP/1.0" 200 271 "-" "Mozilla/5.0 (Windows NT 10.0; WOW64) AppleWebKit/537.36 (KHTML, like Gecko) Chrome/90.0.4430.212 Safari/537.36"
157.90.177.217 - - [14/Apr/2022:07:42:59 +0200] "GET /gorjuss-gift-2020-family-calendar-p-49480.html HTTP/1.0" 200 75234 "-" "Mozilla/5.0 (compatible; BLEXBot/1.0; +http://webmeup-crawler.com/)"
157.90.177.217 - - [14/Apr/2022:07:43:03 +0200] "GET /gorjuss-heart-shaped-rosebud-p-49474.html HTTP/1.0" 200 74402 "-" "Mozilla/5.0 (compatible; BLEXBot/1.0; +http://webmeup-crawler.com/)"
157.55.39.144 - - [14/Apr/2022:07:43:05 +0200] "GET /-p-22835.html HTTP/1.0" 200 70808 "-" "Mozilla/5.0 (compatible; bingbot/2.0; +http://www.bing.com/bingbot.htm)"
157.90.177.217 - - [14/Apr/2022:07:43:08 +0200] "GET /gorjuss-heart-shaped-story-p-49476.html HTTP/1.0" 200 74406 "-" "Mozilla/5.0 (compatible; BLEXBot/1.0; +http://webmeup-crawler.com/)"
157.90.177.217 - - [14/Apr/2022:07:43:12 +0200] "GET /gorjuss-heart-shaped-time-p-49472.html HTTP/1.0" 200 74428 "-" "Mozilla/5.0 (compatible; BLEXBot/1.0; +http://webmeup-crawler.com/)"
117.148.130.28 - - [14/Apr/2022:07:43:18 +0200] "GET /images/big_prod_2/3665269098853b.jpg HTTP/1.0" 200 271 "-" "Mozilla/5.0 (Windows NT 10.0; WOW64) AppleWebKit/537.36 (KHTML, like Gecko) Chrome/90.0.4430.212 Safari/537.36"
117.148.130.28 - - [14/Apr/2022:07:43:18 +0200] "GET /images/big_prod_1/3665269098853a.jpg HTTP/1.0" 200 271 "-" "Mozilla/5.0 (Windows NT 10.0; WOW64) AppleWebKit/537.36 (KHTML, like Gecko) Chrome/90.0.4430.212 Safari/537.36"
157.90.177.217 - - [14/Apr/2022:07:43:19 +0200] "GET /gorjuss-heart-shaped-walk-together-p-49475.html HTTP/1.0" 200 74486 "-" "Mozilla/5.0 (compatible; BLEXBot/1.0; +http://webmeup-crawler.com/)"
5.189.172.182 - - [14/Apr/2022:07:43:19 +0200] "GET /-p-35536.html HTTP/1.0" 200 70808 "-" "Mozilla/5.0 (compatible; MJ12bot/v1.4.8; http://mj12bot.com/)"
157.90.177.217 - - [14/Apr/2022:07:43:22 +0200] "GET /gorjuss-heartfelt-manicure-p-38214.html HTTP/1.0" 200 74433 "-" "Mozilla/5.0 (compatible; BLEXBot/1.0; +http://webmeup-crawler.com/)"
157.90.177.217 - - [14/Apr/2022:07:43:26 +0200] "GET /gorjuss-tartan-suitcase-boxes-p-48415.html HTTP/1.0" 200 75717 "-" "Mozilla/5.0 (compatible; BLEXBot/1.0; +http://webmeup-crawler.com/)"
117.148.130.28 - - [14/Apr/2022:07:43:28 +0200] "GET /images/mini_prod/5901130040575.jpg HTTP/1.0" 200 269 "-" "Mozilla/5.0 (Windows NT 10.0; WOW64) AppleWebKit/537.36 (KHTML, like Gecko) Chrome/90.0.4430.212 Safari/537.36"
117.148.130.28 - - [14/Apr/2022:07:43:32 +0200] "GET /images/mini_prod/1384010201176.jpg HTTP/1.0" 200 269 "-" "Mozilla/5.0 (Windows NT 10.0; WOW64) AppleWebKit/537.36 (KHTML, like Gecko) Chrome/90.0.4430.212 Safari/537.36"
157.90.177.217 - - [14/Apr/2022:07:43:31 +0200] "GET /gorjuss-trinket-autumn-leaves-p-51405.html HTTP/1.0" 200 74772 "-" "Mozilla/5.0 (compatible; BLEXBot/1.0; +http://webmeup-crawler.com/)"
157.90.177.217 - - [14/Apr/2022:07:43:35 +0200] "GET /gormiti-cushion-p-6320.html HTTP/1.0" 200 73681 "-" "Mozilla/5.0 (compatible; BLEXBot/1.0; +http://webmeup-crawler.com/)"
157.90.177.217 - - [14/Apr/2022:07:43:39 +0200] "GET /gormiti-pairs-socks-size-p-50916.html HTTP/1.0" 200 73199 "-" "Mozilla/5.0 (compatible; BLEXBot/1.0; +http://webmeup-crawler.com/)"
157.90.177.217 - - [14/Apr/2022:07:43:44 +0200] "GET /gormiti-stamp-p-6583.html HTTP/1.0" 200 73619 "-" "Mozilla/5.0 (compatible; BLEXBot/1.0; +http://webmeup-crawler.com/)"
157.90.177.217 - - [14/Apr/2022:07:43:48 +0200] "GET /gormiti-swimming-armband-p-9112.html HTTP/1.0" 200 73335 "-" "Mozilla/5.0 (compatible; BLEXBot/1.0; +http://webmeup-crawler.com/)"
17.121.113.126 - - [14/Apr/2022:07:43:51 +0200] "GET /lentil-case-p-47533.html HTTP/1.0" 200 70842 "-" "Mozilla/5.0 (Macintosh; Intel Mac OS X 10_15_5) AppleWebKit/605.1.15 (KHTML, like Gecko) Version/13.1.1 Safari/605.1.15 (Applebot/0.1; +http://www.apple.com/go/applebot)"
157.90.177.217 - - [14/Apr/2022:07:43:53 +0200] "GET /gorse-umbrella-flower-fairies-p-41705.html HTTP/1.0" 200 75338 "-" "Mozilla/5.0 (compatible; BLEXBot/1.0; +http://webmeup-crawler.com/)"
5.189.172.182 - - [14/Apr/2022:07:43:57 +0200] "GET /soy-luna-disney-suitcase-59-cm-p-36295.html HTTP/1.0" 301 70875 "-" "Mozilla/5.0 (compatible; MJ12bot/v1.4.8; http://mj12bot.com/)"
117.148.130.28 - - [14/Apr/2022:07:43:58 +0200] "GET /images/mini_prod/3609810018389.jpg HTTP/1.0" 200 269 "-" "Mozilla/5.0 (Windows NT 10.0; WOW64) AppleWebKit/537.36 (KHTML, like Gecko) Chrome/90.0.4430.212 Safari/537.36"
117.148.130.28 - - [14/Apr/2022:07:43:58 +0200] "GET /images/mini_prod/1399986102747.jpg HTTP/1.0" 200 269 "-" "Mozilla/5.0 (Windows NT 10.0; WOW64) AppleWebKit/537.36 (KHTML, like Gecko) Chrome/90.0.4430.212 Safari/537.36"
157.90.177.217 - - [14/Apr/2022:07:43:58 +0200] "GET /gothic-lolita-white-cushion-p-22188.html HTTP/1.0" 200 73702 "-" "Mozilla/5.0 (compatible; BLEXBot/1.0; +http://webmeup-crawler.com/)"
157.90.177.217 - - [14/Apr/2022:07:44:03 +0200] "GET /gourmand-little-tray-p-39090.html HTTP/1.0" 200 73544 "-" "Mozilla/5.0 (compatible; BLEXBot/1.0; +http://webmeup-crawler.com/)"
54.36.148.243 - - [14/Apr/2022:07:44:04 +0200] "GET /bagshandbags-shoulder-bags-c-31_81.html HTTP/1.0" 200 97132 "-" "Mozilla/5.0 (compatible; AhrefsBot/7.0; +http://ahrefs.com/robot/)"
157.90.177.217 - - [14/Apr/2022:07:44:07 +0200] "GET /gourmandise-joli-dfaut-little-tray-p-42088.html HTTP/1.0" 200 73696 "-" "Mozilla/5.0 (compatible; BLEXBot/1.0; +http://webmeup-crawler.com/)"
157.90.177.217 - - [14/Apr/2022:07:44:12 +0200] "GET /graphic-birds-sugar-p-39836.html HTTP/1.0" 200 73423 "-" "Mozilla/5.0 (compatible; BLEXBot/1.0; +http://webmeup-crawler.com/)"
157.90.177.217 - - [14/Apr/2022:07:44:17 +0200] "GET /gray-earthenware-lamp-p-55610.html HTTP/1.0" 200 74180 "-" "Mozilla/5.0 (compatible; BLEXBot/1.0; +http://webmeup-crawler.com/)"
157.90.177.217 - - [14/Apr/2022:07:44:19 +0200] "GET /gray-lampshade-p-55534.html HTTP/1.0" 200 73401 "-" "Mozilla/5.0 (compatible; BLEXBot/1.0; +http://webmeup-crawler.com/)"
17.121.115.205 - - [14/Apr/2022:07:44:23 +0200] "GET /harley-davidson-zippo-lighter-laser-p-53265.html HTTP/1.0" 200 76705 "-" "Mozilla/5.0 (Macintosh; Intel Mac OS X 10_15_5) AppleWebKit/605.1.15 (KHTML, like Gecko) Version/13.1.1 Safari/605.1.15 (Applebot/0.1; +http://www.apple.com/go/applebot)"
5.189.172.182 - - [14/Apr/2022:07:44:24 +0200] "GET /-p-36295.html HTTP/1.0" 200 70808 "-" "Mozilla/5.0 (compatible; MJ12bot/v1.4.8; http://mj12bot.com/)"
157.90.177.217 - - [14/Apr/2022:07:44:25 +0200] "GET /gray-metal-chandelier-p-55143.html HTTP/1.0" 200 74629 "-" "Mozilla/5.0 (compatible; BLEXBot/1.0; +http://webmeup-crawler.com/)"
157.90.177.217 - - [14/Apr/2022:07:44:31 +0200] "GET /gray-metal-flask-p-54982.html HTTP/1.0" 200 73966 "-" "Mozilla/5.0 (compatible; BLEXBot/1.0; +http://webmeup-crawler.com/)"
157.90.177.217 - - [14/Apr/2022:07:44:36 +0200] "GET /gray-metal-flask-p-54983.html HTTP/1.0" 200 74016 "-" "Mozilla/5.0 (compatible; BLEXBot/1.0; +http://webmeup-crawler.com/)"
117.148.130.28 - - [14/Apr/2022:07:44:39 +0200] "GET /images/mini_prod/1399986102808.jpg HTTP/1.0" 200 269 "-" "Mozilla/5.0 (Windows NT 10.0; WOW64) AppleWebKit/537.36 (KHTML, like Gecko) Chrome/90.0.4430.212 Safari/537.36"
157.90.177.217 - - [14/Apr/2022:07:44:40 +0200] "GET /gray-metal-zippo-cigarette-case-carabiner-clip-p-46843.html HTTP/1.0" 200 74919 "-" "Mozilla/5.0 (compatible; BLEXBot/1.0; +http://webmeup-crawler.com/)"
114.119.137.3 - - [14/Apr/2022:07:44:41 +0200] "GET /incense-satya-champa-jasmine-grams-about-sticks-p-44396.html HTTP/1.0" 200 74084 "-" "Mozilla/5.0 (Linux; Android 7.0;) AppleWebKit/537.36 (KHTML, like Gecko) Mobile Safari/537.36 (compatible; PetalBot;+https://webmaster.petalsearch.com/site/petalbot)"
157.90.177.217 - - [14/Apr/2022:07:44:48 +0200] "GET /gray-polyester-round-chair-cushion-p-43895.html HTTP/1.0" 200 74190 "-" "Mozilla/5.0 (compatible; BLEXBot/1.0; +http://webmeup-crawler.com/)"
5.189.172.182 - - [14/Apr/2022:07:44:50 +0200] "GET /spiderman-as-building-play-tent-p-16052.html HTTP/1.0" 301 70875 "-" "Mozilla/5.0 (compatible; MJ12bot/v1.4.8; http://mj12bot.com/)"
157.90.177.217 - - [14/Apr/2022:07:44:52 +0200] "GET /gray-polyester-round-chair-cushion-p-44376.html HTTP/1.0" 200 74193 "-" "Mozilla/5.0 (compatible; BLEXBot/1.0; +http://webmeup-crawler.com/)"
117.148.130.28 - - [14/Apr/2022:07:44:54 +0200] "GET /images/mini_prod/1399986102778.jpg HTTP/1.0" 200 269 "-" "Mozilla/5.0 (Windows NT 10.0; WOW64) AppleWebKit/537.36 (KHTML, like Gecko) Chrome/90.0.4430.212 Safari/537.36"
117.148.130.28 - - [14/Apr/2022:07:44:54 +0200] "GET /images/mini_prod/1384010201169.jpg HTTP/1.0" 200 269 "-" "Mozilla/5.0 (Windows NT 10.0; WOW64) AppleWebKit/537.36 (KHTML, like Gecko) Chrome/90.0.4430.212 Safari/537.36"
117.148.130.28 - - [14/Apr/2022:07:44:55 +0200] "GET /images/mini_prod/1399986102785.jpg HTTP/1.0" 200 269 "-" "Mozilla/5.0 (Windows NT 10.0; WOW64) AppleWebKit/537.36 (KHTML, like Gecko) Chrome/90.0.4430.212 Safari/537.36"
157.90.177.217 - - [14/Apr/2022:07:44:57 +0200] "GET /gray-polyester-round-chair-cushion-p-47031.html HTTP/1.0" 200 74194 "-" "Mozilla/5.0 (compatible; BLEXBot/1.0; +http://webmeup-crawler.com/)"
117.148.130.28 - - [14/Apr/2022:07:45:00 +0200] "GET /images/mini_prod/1399169040019.jpg HTTP/1.0" 200 269 "-" "Mozilla/5.0 (Windows NT 10.0; WOW64) AppleWebKit/537.36 (KHTML, like Gecko) Chrome/90.0.4430.212 Safari/537.36"
117.148.130.28 - - [14/Apr/2022:07:45:00 +0200] "GET /images/mini_prod/3700276267875.gif HTTP/1.0" 200 268 "-" "Mozilla/5.0 (Windows NT 10.0; WOW64) AppleWebKit/537.36 (KHTML, like Gecko) Chrome/90.0.4430.212 Safari/537.36"
117.148.130.28 - - [14/Apr/2022:07:45:01 +0200] "GET /images/mini_prod/3700829421143.jpg HTTP/1.0" 200 269 "-" "Mozilla/5.0 (Windows NT 10.0; WOW64) AppleWebKit/537.36 (KHTML, like Gecko) Chrome/90.0.4430.212 Safari/537.36"
117.148.130.28 - - [14/Apr/2022:07:45:03 +0200] "GET /images/mini_prod/3700276267868.gif HTTP/1.0" 200 268 "-" "Mozilla/5.0 (Windows NT 10.0; WOW64) AppleWebKit/537.36 (KHTML, like Gecko) Chrome/90.0.4430.212 Safari/537.36"
157.90.177.217 - - [14/Apr/2022:07:45:03 +0200] "GET /green-beauty-nail-p-28907.html HTTP/1.0" 200 73556 "-" "Mozilla/5.0 (compatible; BLEXBot/1.0; +http://webmeup-crawler.com/)"
117.148.130.28 - - [14/Apr/2022:07:45:05 +0200] "GET /images/mini_prod/3371010349258.jpg HTTP/1.0" 200 269 "-" "Mozilla/5.0 (Windows NT 10.0; WOW64) AppleWebKit/537.36 (KHTML, like Gecko) Chrome/90.0.4430.212 Safari/537.36"
117.148.130.28 - - [14/Apr/2022:07:45:07 +0200] "GET /images/mini_prod/3609810083318.jpg HTTP/1.0" 200 269 "-" "Mozilla/5.0 (Windows NT 10.0; WOW64) AppleWebKit/537.36 (KHTML, like Gecko) Chrome/90.0.4430.212 Safari/537.36"
117.148.130.28 - - [14/Apr/2022:07:45:07 +0200] "GET /images/mini_prod/3700276267851.gif HTTP/1.0" 200 268 "-" "Mozilla/5.0 (Windows NT 10.0; WOW64) AppleWebKit/537.36 (KHTML, like Gecko) Chrome/90.0.4430.212 Safari/537.36"
117.148.130.28 - - [14/Apr/2022:07:45:08 +0200] "GET /images/mini_prod/3700276267844.gif HTTP/1.0" 200 268 "-" "Mozilla/5.0 (Windows NT 10.0; WOW64) AppleWebKit/537.36 (KHTML, like Gecko) Chrome/90.0.4430.212 Safari/537.36"
117.148.130.28 - - [14/Apr/2022:07:45:08 +0200] "GET /images/mini_prod/5701359690175.jpg HTTP/1.0" 200 269 "-" "Mozilla/5.0 (Windows NT 10.0; WOW64) AppleWebKit/537.36 (KHTML, like Gecko) Chrome/90.0.4430.212 Safari/537.36"
117.148.130.28 - - [14/Apr/2022:07:45:09 +0200] "GET /images/mini_prod/3700276274453.jpg HTTP/1.0" 200 269 "-" "Mozilla/5.0 (Windows NT 10.0; WOW64) AppleWebKit/537.36 (KHTML, like Gecko) Chrome/90.0.4430.212 Safari/537.36"
117.148.130.28 - - [14/Apr/2022:07:45:09 +0200] "GET /images/mini_prod/1399986102815.jpg HTTP/1.0" 200 269 "-" "Mozilla/5.0 (Windows NT 10.0; WOW64) AppleWebKit/537.36 (KHTML, like Gecko) Chrome/90.0.4430.212 Safari/537.36"
157.90.177.217 - - [14/Apr/2022:07:45:07 +0200] "GET /green-earthenware-lamp-p-55611.html HTTP/1.0" 200 74190 "-" "Mozilla/5.0 (compatible; BLEXBot/1.0; +http://webmeup-crawler.com/)"
5.189.172.182 - - [14/Apr/2022:07:45:11 +0200] "GET /-p-16052.html HTTP/1.0" 200 70808 "-" "Mozilla/5.0 (compatible; MJ12bot/v1.4.8; http://mj12bot.com/)"
157.90.177.217 - - [14/Apr/2022:07:45:12 +0200] "GET /green-globe-decoration-p-52917.html HTTP/1.0" 200 73509 "-" "Mozilla/5.0 (compatible; BLEXBot/1.0; +http://webmeup-crawler.com/)"
51.68.224.127 - - [14/Apr/2022:07:45:13 +0200] "GET /adminweb/export_orders_xml.php?token=256de2z6edz6ed2z6DFSFsed2zed6zeDSFDSGdzedezfzf&maxorders=10&orderstart=1&status=14&start_date=2018-10-01 HTTP/1.0" 200 285 "-" "GesCom CharlotteBoutik Serveur"
51.68.224.127 - - [14/Apr/2022:07:45:13 +0200] "GET /adminweb/export_orders_xml.php?token=256de2z6edz6ed2z6DFSFsed2zed6zeDSFDSGdzedezfzf&maxorders=10&orderstart=1&status=6&start_date=2018-10-01 HTTP/1.0" 200 32865 "-" "GesCom CharlotteBoutik Serveur"
54.36.148.243 - - [14/Apr/2022:07:45:16 +0200] "GET /round-hanging-mirror-cordage-p-55797.html HTTP/1.0" 200 74097 "-" "Mozilla/5.0 (compatible; AhrefsBot/7.0; +http://ahrefs.com/robot/)"
157.90.177.217 - - [14/Apr/2022:07:45:16 +0200] "GET /green-kitchen-towel-p-44419.html HTTP/1.0" 200 73460 "-" "Mozilla/5.0 (compatible; BLEXBot/1.0; +http://webmeup-crawler.com/)"
185.191.171.44 - - [14/Apr/2022:07:45:17 +0200] "GET /set-of-cotton-kitchen-towel-50-70-cm-guyane-p-49659.html HTTP/1.0" 301 74871 "-" "Mozilla/5.0 (compatible; SemrushBot/7~bl; +http://www.semrush.com/bot.html)"
185.191.171.39 - - [14/Apr/2022:07:45:21 +0200] "GET /cotton-kitchen-towel-guyane-p-49659.html HTTP/1.0" 200 74777 "-" "Mozilla/5.0 (compatible; SemrushBot/7~bl; +http://www.semrush.com/bot.html)"
157.90.177.217 - - [14/Apr/2022:07:45:22 +0200] "GET /green-perfume-diffuser-p-35889.html HTTP/1.0" 200 73563 "-" "Mozilla/5.0 (compatible; BLEXBot/1.0; +http://webmeup-crawler.com/)"
211.249.40.15 - - [14/Apr/2022:07:45:26 +0200] "GET /images/mini_prod/8719497615520.jpg HTTP/1.0" 200 269 "-" "Mozilla/5.0 (X11; Ubuntu; Linux x86_64; rv:72.0) Gecko/20100101 Firefox/72.0"
185.191.171.45 - - [14/Apr/2022:07:45:26 +0200] "GET /monaco-handbag-black-with-sequins-p-38644.html HTTP/1.0" 200 73854 "-" "Mozilla/5.0 (compatible; SemrushBot/7~bl; +http://www.semrush.com/bot.html)"
157.90.177.217 - - [14/Apr/2022:07:45:27 +0200] "GET /green-polyester-round-chair-cushion-p-47039.html HTTP/1.0" 200 74187 "-" "Mozilla/5.0 (compatible; BLEXBot/1.0; +http://webmeup-crawler.com/)"
157.90.177.217 - - [14/Apr/2022:07:45:32 +0200] "GET /green-polyester-round-chair-cushion-p-51499.html HTTP/1.0" 200 74183 "-" "Mozilla/5.0 (compatible; BLEXBot/1.0; +http://webmeup-crawler.com/)"
5.189.172.182 - - [14/Apr/2022:07:45:37 +0200] "GET /spiderman-black-cap-glove-set-size-52-cm-p-26741.html HTTP/1.0" 301 70875 "-" "Mozilla/5.0 (compatible; MJ12bot/v1.4.8; http://mj12bot.com/)"
157.90.177.217 - - [14/Apr/2022:07:45:38 +0200] "GET /green-polyester-round-chair-cushion-p-54638.html HTTP/1.0" 200 74185 "-" "Mozilla/5.0 (compatible; BLEXBot/1.0; +http://webmeup-crawler.com/)"
157.90.177.217 - - [14/Apr/2022:07:45:42 +0200] "GET /green-polyester-round-chair-cushion-p-54639.html HTTP/1.0" 200 74182 "-" "Mozilla/5.0 (compatible; BLEXBot/1.0; +http://webmeup-crawler.com/)"
157.90.177.217 - - [14/Apr/2022:07:45:47 +0200] "GET /green-salt-pepper-p-34485.html HTTP/1.0" 200 73542 "-" "Mozilla/5.0 (compatible; BLEXBot/1.0; +http://webmeup-crawler.com/)"
157.90.177.217 - - [14/Apr/2022:07:45:53 +0200] "GET /green-stained-pine-wood-chest-p-53541.html HTTP/1.0" 200 74342 "-" "Mozilla/5.0 (compatible; BLEXBot/1.0; +http://webmeup-crawler.com/)"
157.90.177.217 - - [14/Apr/2022:07:45:58 +0200] "GET /green-table-bell-p-56828.html HTTP/1.0" 200 73935 "-" "Mozilla/5.0 (compatible; BLEXBot/1.0; +http://webmeup-crawler.com/)"
157.90.177.217 - - [14/Apr/2022:07:46:02 +0200] "GET /green-teapot-p-54061.html HTTP/1.0" 200 74081 "-" "Mozilla/5.0 (compatible; BLEXBot/1.0; +http://webmeup-crawler.com/)"
5.189.172.182 - - [14/Apr/2022:07:46:03 +0200] "GET /-p-26741.html HTTP/1.0" 200 70808 "-" "Mozilla/5.0 (compatible; MJ12bot/v1.4.8; http://mj12bot.com/)"
157.90.177.217 - - [14/Apr/2022:07:46:08 +0200] "GET /gremlins-stripe-shirt-p-29583.html HTTP/1.0" 200 74855 "-" "Mozilla/5.0 (compatible; BLEXBot/1.0; +http://webmeup-crawler.com/)"
157.90.177.217 - - [14/Apr/2022:07:46:13 +0200] "GET /grey-buddha-perfume-diffuser-cracked-ceramic-p-36551.html HTTP/1.0" 200 73767 "-" "Mozilla/5.0 (compatible; BLEXBot/1.0; +http://webmeup-crawler.com/)"
157.90.177.217 - - [14/Apr/2022:07:46:22 +0200] "GET /grey-eyelet-curtain-p-39034.html HTTP/1.0" 200 75666 "-" "Mozilla/5.0 (compatible; BLEXBot/1.0; +http://webmeup-crawler.com/)"
157.90.177.217 - - [14/Apr/2022:07:46:27 +0200] "GET /grey-fitted-sheet-p-34828.html HTTP/1.0" 200 73450 "-" "Mozilla/5.0 (compatible; BLEXBot/1.0; +http://webmeup-crawler.com/)"
157.90.177.217 - - [14/Apr/2022:07:46:30 +0200] "GET /grey-foliage-soliflore-p-36361.html HTTP/1.0" 200 73557 "-" "Mozilla/5.0 (compatible; BLEXBot/1.0; +http://webmeup-crawler.com/)"
54.36.148.243 - - [14/Apr/2022:07:46:34 +0200] "GET /hello-kitty-pink-magnet-p-9462.html HTTP/1.0" 200 73391 "-" "Mozilla/5.0 (compatible; AhrefsBot/7.0; +http://ahrefs.com/robot/)"
157.90.177.217 - - [14/Apr/2022:07:46:34 +0200] "GET /grey-home-sweet-home-perfume-diffuser-p-40552.html HTTP/1.0" 200 73682 "-" "Mozilla/5.0 (compatible; BLEXBot/1.0; +http://webmeup-crawler.com/)"
157.90.177.217 - - [14/Apr/2022:07:46:40 +0200] "GET /grey-kitchen-towel-p-44413.html HTTP/1.0" 200 73456 "-" "Mozilla/5.0 (compatible; BLEXBot/1.0; +http://webmeup-crawler.com/)"
5.189.172.182 - - [14/Apr/2022:07:46:43 +0200] "GET /spiderman-black-raincoat-p-32639.html HTTP/1.0" 301 70875 "-" "Mozilla/5.0 (compatible; MJ12bot/v1.4.8; http://mj12bot.com/)"
