157.90.177.217 - - [14/Apr/2022:05:45:17 +0200] "GET /buddha-perfume-diffuser-p-31887.html HTTP/1.0" 200 73569 "-" "Mozilla/5.0 (compatible; BLEXBot/1.0; +http://webmeup-crawler.com/)"
192.99.6.138 - - [14/Apr/2022:05:45:17 +0200] "GET /aprons-tablecloths-and-linen-c-13_11_74.html?page=10 HTTP/1.0" 301 88141 "-" "Mozilla/5.0 (compatible; MJ12bot/v1.4.8; http://mj12bot.com/)"
192.99.14.135 - - [14/Apr/2022:05:45:18 +0200] "GET /coca-cola-mirror-p-33000.html HTTP/1.0" 200 73396 "-" "Mozilla/5.0 (compatible; MJ12bot/v1.4.8; http://mj12bot.com/)"
192.99.6.138 - - [14/Apr/2022:05:45:21 +0200] "GET /aprons-c-74.html?page=10 HTTP/1.0" 301 87845 "-" "Mozilla/5.0 (compatible; MJ12bot/v1.4.8; http://mj12bot.com/)"
192.99.14.135 - - [14/Apr/2022:05:45:21 +0200] "GET /coca-cola-moneybox-p-35216.html HTTP/1.0" 301 70875 "-" "Mozilla/5.0 (compatible; MJ12bot/v1.4.8; http://mj12bot.com/)"
157.90.177.217 - - [14/Apr/2022:05:45:22 +0200] "GET /buddha-perfume-diffuser-p-52261.html HTTP/1.0" 200 74168 "-" "Mozilla/5.0 (compatible; BLEXBot/1.0; +http://webmeup-crawler.com/)"
157.90.177.217 - - [14/Apr/2022:05:45:22 +0200] "GET /banao-cotton-jute-basket-planter-p-57924.html HTTP/1.0" 200 74274 "-" "Mozilla/5.0 (compatible; BLEXBot/1.0; +http://webmeup-crawler.com/)"
192.99.6.138 - - [14/Apr/2022:05:45:24 +0200] "GET /aprons-c-11_74.html?page=10 HTTP/1.0" 200 87886 "-" "Mozilla/5.0 (compatible; MJ12bot/v1.4.8; http://mj12bot.com/)"
192.99.14.135 - - [14/Apr/2022:05:45:25 +0200] "GET /-p-35216.html HTTP/1.0" 200 70808 "-" "Mozilla/5.0 (compatible; MJ12bot/v1.4.8; http://mj12bot.com/)"
157.90.177.217 - - [14/Apr/2022:05:45:27 +0200] "GET /buddha-resin-p-38536.html HTTP/1.0" 200 73580 "-" "Mozilla/5.0 (compatible; BLEXBot/1.0; +http://webmeup-crawler.com/)"
192.99.14.135 - - [14/Apr/2022:05:45:28 +0200] "GET /coca-cola-neon-guitar-clock-p-23263.html HTTP/1.0" 301 70875 "-" "Mozilla/5.0 (compatible; MJ12bot/v1.4.8; http://mj12bot.com/)"
192.99.6.138 - - [14/Apr/2022:05:45:28 +0200] "GET /aprons-tablecloths-and-linen-c-13_11_74.html?page=11 HTTP/1.0" 301 88141 "-" "Mozilla/5.0 (compatible; MJ12bot/v1.4.8; http://mj12bot.com/)"
157.90.177.217 - - [14/Apr/2022:05:45:29 +0200] "GET /banao-cotton-jute-basket-planter-p-57926.html HTTP/1.0" 200 74274 "-" "Mozilla/5.0 (compatible; BLEXBot/1.0; +http://webmeup-crawler.com/)"
157.90.177.217 - - [14/Apr/2022:05:45:31 +0200] "GET /buddha-small-notebook-model-p-38471.html HTTP/1.0" 200 73601 "-" "Mozilla/5.0 (compatible; BLEXBot/1.0; +http://webmeup-crawler.com/)"
192.99.14.135 - - [14/Apr/2022:05:45:31 +0200] "GET /-p-23263.html HTTP/1.0" 200 70808 "-" "Mozilla/5.0 (compatible; MJ12bot/v1.4.8; http://mj12bot.com/)"
192.99.6.138 - - [14/Apr/2022:05:45:31 +0200] "GET /aprons-c-74.html?page=11 HTTP/1.0" 301 87845 "-" "Mozilla/5.0 (compatible; MJ12bot/v1.4.8; http://mj12bot.com/)"
192.99.14.135 - - [14/Apr/2022:05:45:34 +0200] "GET /coca-cola-pop-art-mirror-p-27210.html HTTP/1.0" 301 70875 "-" "Mozilla/5.0 (compatible; MJ12bot/v1.4.8; http://mj12bot.com/)"
192.99.6.138 - - [14/Apr/2022:05:45:34 +0200] "GET /aprons-c-11_74.html?page=11 HTTP/1.0" 200 87886 "-" "Mozilla/5.0 (compatible; MJ12bot/v1.4.8; http://mj12bot.com/)"
157.90.177.217 - - [14/Apr/2022:05:45:35 +0200] "GET /banao-cotton-jute-basket-planter-p-57928.html HTTP/1.0" 200 74274 "-" "Mozilla/5.0 (compatible; BLEXBot/1.0; +http://webmeup-crawler.com/)"
157.90.177.217 - - [14/Apr/2022:05:45:35 +0200] "GET /buddha-small-notebook-model-p-38472.html HTTP/1.0" 200 73601 "-" "Mozilla/5.0 (compatible; BLEXBot/1.0; +http://webmeup-crawler.com/)"
192.99.14.135 - - [14/Apr/2022:05:45:37 +0200] "GET /-p-27210.html HTTP/1.0" 200 70808 "-" "Mozilla/5.0 (compatible; MJ12bot/v1.4.8; http://mj12bot.com/)"
192.99.6.138 - - [14/Apr/2022:05:45:38 +0200] "GET /aprons-tablecloths-and-linen-c-13_11_74.html?page=2 HTTP/1.0" 301 92671 "-" "Mozilla/5.0 (compatible; MJ12bot/v1.4.8; http://mj12bot.com/)"
157.90.177.217 - - [14/Apr/2022:05:45:40 +0200] "GET /buddha-small-notebook-model-p-38473.html HTTP/1.0" 200 73601 "-" "Mozilla/5.0 (compatible; BLEXBot/1.0; +http://webmeup-crawler.com/)"
192.99.14.135 - - [14/Apr/2022:05:45:41 +0200] "GET /coca-cola-rectangular-large-metal-plate-p-12356.html HTTP/1.0" 200 70994 "-" "Mozilla/5.0 (compatible; MJ12bot/v1.4.8; http://mj12bot.com/)"
157.90.177.217 - - [14/Apr/2022:05:45:41 +0200] "GET /barbabeau-postcard-p-19475.html HTTP/1.0" 200 73513 "-" "Mozilla/5.0 (compatible; BLEXBot/1.0; +http://webmeup-crawler.com/)"
192.99.6.138 - - [14/Apr/2022:05:45:41 +0200] "GET /aprons-c-74.html?page=2 HTTP/1.0" 301 92369 "-" "Mozilla/5.0 (compatible; MJ12bot/v1.4.8; http://mj12bot.com/)"
95.217.207.61 - - [14/Apr/2022:05:45:42 +0200] "GET /cats-dubout-cotton-kitchen-towel-made-in-france-p-36636.html HTTP/1.0" 301 71145 "-" "Mozilla/5.0 (compatible; MJ12bot/v1.4.8; http://mj12bot.com/)"
117.148.130.28 - - [14/Apr/2022:05:45:43 +0200] "GET /images/mini_prod/1399984288733.jpg HTTP/1.0" 200 269 "-" "Mozilla/5.0 (Windows NT 10.0; WOW64) AppleWebKit/537.36 (KHTML, like Gecko) Chrome/90.0.4430.212 Safari/537.36"
192.99.14.135 - - [14/Apr/2022:05:45:44 +0200] "GET /coca-cola-rectangular-large-metal-plate-p-12360.html HTTP/1.0" 200 73550 "-" "Mozilla/5.0 (compatible; MJ12bot/v1.4.8; http://mj12bot.com/)"
157.90.177.217 - - [14/Apr/2022:05:45:44 +0200] "GET /buddhist-bracelet-wooden-beads-beige-p-37669.html HTTP/1.0" 200 73492 "-" "Mozilla/5.0 (compatible; BLEXBot/1.0; +http://webmeup-crawler.com/)"
95.217.207.61 - - [14/Apr/2022:05:45:45 +0200] "GET /cats-dubout-cotton-kitchen-towel-made-france-p-36636.html HTTP/1.0" 200 71034 "-" "Mozilla/5.0 (compatible; MJ12bot/v1.4.8; http://mj12bot.com/)"
192.99.6.138 - - [14/Apr/2022:05:45:45 +0200] "GET /aprons-c-11_74.html?page=2 HTTP/1.0" 200 92411 "-" "Mozilla/5.0 (compatible; MJ12bot/v1.4.8; http://mj12bot.com/)"
192.99.14.135 - - [14/Apr/2022:05:45:47 +0200] "GET /coca-cola-round-metal-tray-p-24550.html HTTP/1.0" 200 70929 "-" "Mozilla/5.0 (compatible; MJ12bot/v1.4.8; http://mj12bot.com/)"
157.90.177.217 - - [14/Apr/2022:05:45:47 +0200] "GET /barbabelle-p-13335.html HTTP/1.0" 200 73527 "-" "Mozilla/5.0 (compatible; BLEXBot/1.0; +http://webmeup-crawler.com/)"
157.90.177.217 - - [14/Apr/2022:05:45:48 +0200] "GET /buddhist-bracelet-wooden-beads-black-p-37664.html HTTP/1.0" 200 73492 "-" "Mozilla/5.0 (compatible; BLEXBot/1.0; +http://webmeup-crawler.com/)"
192.99.6.138 - - [14/Apr/2022:05:45:49 +0200] "GET /aprons-tablecloths-and-linen-c-13_11_74.html?page=4 HTTP/1.0" 301 92698 "-" "Mozilla/5.0 (compatible; MJ12bot/v1.4.8; http://mj12bot.com/)"
192.99.14.135 - - [14/Apr/2022:05:45:50 +0200] "GET /coca-cola-small-steel-fridge-magnets-p-31625.html HTTP/1.0" 200 70942 "-" "Mozilla/5.0 (compatible; MJ12bot/v1.4.8; http://mj12bot.com/)"
192.99.6.138 - - [14/Apr/2022:05:45:52 +0200] "GET /aprons-c-74.html?page=4 HTTP/1.0" 301 92396 "-" "Mozilla/5.0 (compatible; MJ12bot/v1.4.8; http://mj12bot.com/)"
117.148.130.28 - - [14/Apr/2022:05:45:54 +0200] "GET /images/mini_prod/3014627558131.jpg HTTP/1.0" 404 1308 "-" "Mozilla/5.0 (Windows NT 10.0; WOW64) AppleWebKit/537.36 (KHTML, like Gecko) Chrome/90.0.4430.212 Safari/537.36"
157.90.177.217 - - [14/Apr/2022:05:45:53 +0200] "GET /beyblade-blue-swimsuit-p-30447.html HTTP/1.0" 200 75186 "-" "Mozilla/5.0 (compatible; BLEXBot/1.0; +http://webmeup-crawler.com/)"
157.90.177.217 - - [14/Apr/2022:05:45:53 +0200] "GET /buddhist-bracelet-wooden-beads-blue-p-37671.html HTTP/1.0" 200 73487 "-" "Mozilla/5.0 (compatible; BLEXBot/1.0; +http://webmeup-crawler.com/)"
192.99.14.135 - - [14/Apr/2022:05:45:54 +0200] "GET /coca-cola-sugar-p-31659.html HTTP/1.0" 200 70886 "-" "Mozilla/5.0 (compatible; MJ12bot/v1.4.8; http://mj12bot.com/)"
192.99.6.138 - - [14/Apr/2022:05:45:56 +0200] "GET /aprons-c-11_74.html?page=4 HTTP/1.0" 200 92438 "-" "Mozilla/5.0 (compatible; MJ12bot/v1.4.8; http://mj12bot.com/)"
192.99.14.135 - - [14/Apr/2022:05:45:57 +0200] "GET /coca-cola-university-large-messenger-p-17106.html HTTP/1.0" 200 70991 "-" "Mozilla/5.0 (compatible; MJ12bot/v1.4.8; http://mj12bot.com/)"
157.90.177.217 - - [14/Apr/2022:05:45:58 +0200] "GET /buddhist-bracelet-wooden-beads-brown-p-37666.html HTTP/1.0" 200 73493 "-" "Mozilla/5.0 (compatible; BLEXBot/1.0; +http://webmeup-crawler.com/)"
157.90.177.217 - - [14/Apr/2022:05:45:59 +0200] "GET /beyblade-mattress-swimming-pool-p-14358.html HTTP/1.0" 200 73625 "-" "Mozilla/5.0 (compatible; BLEXBot/1.0; +http://webmeup-crawler.com/)"
192.99.6.138 - - [14/Apr/2022:05:45:59 +0200] "GET /aprons-tablecloths-and-linen-c-13_11_74.html?page=5 HTTP/1.0" 301 92869 "-" "Mozilla/5.0 (compatible; MJ12bot/v1.4.8; http://mj12bot.com/)"
192.99.14.135 - - [14/Apr/2022:05:46:00 +0200] "GET /coca-cola-wastebasket-p-31780.html HTTP/1.0" 200 70904 "-" "Mozilla/5.0 (compatible; MJ12bot/v1.4.8; http://mj12bot.com/)"
157.90.177.217 - - [14/Apr/2022:05:46:03 +0200] "GET /buddhist-bracelet-wooden-beads-grey-p-37665.html HTTP/1.0" 200 73488 "-" "Mozilla/5.0 (compatible; BLEXBot/1.0; +http://webmeup-crawler.com/)"
54.36.148.243 - - [14/Apr/2022:05:46:02 +0200] "GET /yuna-phone-cover-iphone-p-18005.html HTTP/1.0" 200 76354 "-" "Mozilla/5.0 (compatible; AhrefsBot/7.0; +http://ahrefs.com/robot/)"
192.99.6.138 - - [14/Apr/2022:05:46:04 +0200] "GET /aprons-c-74.html?page=5 HTTP/1.0" 301 92567 "-" "Mozilla/5.0 (compatible; MJ12bot/v1.4.8; http://mj12bot.com/)"
192.99.14.135 - - [14/Apr/2022:05:46:04 +0200] "GET /cock-salt-pepper-p-35945.html HTTP/1.0" 200 73418 "-" "Mozilla/5.0 (compatible; MJ12bot/v1.4.8; http://mj12bot.com/)"
157.90.177.217 - - [14/Apr/2022:05:46:06 +0200] "GET /buddhist-bracelet-wooden-beads-orange-p-37668.html HTTP/1.0" 200 73497 "-" "Mozilla/5.0 (compatible; BLEXBot/1.0; +http://webmeup-crawler.com/)"
157.90.177.217 - - [14/Apr/2022:05:46:07 +0200] "GET /beyblade-p-27883.html HTTP/1.0" 200 73521 "-" "Mozilla/5.0 (compatible; BLEXBot/1.0; +http://webmeup-crawler.com/)"
192.99.6.138 - - [14/Apr/2022:05:46:07 +0200] "GET /aprons-c-11_74.html?page=5 HTTP/1.0" 200 92609 "-" "Mozilla/5.0 (compatible; MJ12bot/v1.4.8; http://mj12bot.com/)"
192.99.14.135 - - [14/Apr/2022:05:46:08 +0200] "GET /coffee-saucer-p-48701.html HTTP/1.0" 200 73487 "-" "Mozilla/5.0 (compatible; MJ12bot/v1.4.8; http://mj12bot.com/)"
157.90.177.217 - - [14/Apr/2022:05:46:10 +0200] "GET /buddhist-bracelet-wooden-beads-p-37667.html HTTP/1.0" 200 73474 "-" "Mozilla/5.0 (compatible; BLEXBot/1.0; +http://webmeup-crawler.com/)"
192.99.6.138 - - [14/Apr/2022:05:46:11 +0200] "GET /aprons-tablecloths-and-linen-c-13_11_74.html?page=6 HTTP/1.0" 301 92620 "-" "Mozilla/5.0 (compatible; MJ12bot/v1.4.8; http://mj12bot.com/)"
192.99.14.135 - - [14/Apr/2022:05:46:11 +0200] "GET /cognac-deco-thermometer-p-17004.html HTTP/1.0" 200 70914 "-" "Mozilla/5.0 (compatible; MJ12bot/v1.4.8; http://mj12bot.com/)"
157.90.177.217 - - [14/Apr/2022:05:46:11 +0200] "GET /beyblade-swimsuit-p-30446.html HTTP/1.0" 200 74604 "-" "Mozilla/5.0 (compatible; BLEXBot/1.0; +http://webmeup-crawler.com/)"
157.90.177.217 - - [14/Apr/2022:05:46:14 +0200] "GET /buddhist-bracelet-wooden-beads-purple-p-37670.html HTTP/1.0" 200 73498 "-" "Mozilla/5.0 (compatible; BLEXBot/1.0; +http://webmeup-crawler.com/)"
192.99.14.135 - - [14/Apr/2022:05:46:15 +0200] "GET /collection-plate-metal-vespa-avventura-p-16829.html HTTP/1.0" 200 70958 "-" "Mozilla/5.0 (compatible; MJ12bot/v1.4.8; http://mj12bot.com/)"
192.99.6.138 - - [14/Apr/2022:05:46:15 +0200] "GET /aprons-c-74.html?page=6 HTTP/1.0" 301 92318 "-" "Mozilla/5.0 (compatible; MJ12bot/v1.4.8; http://mj12bot.com/)"
185.191.171.21 - - [14/Apr/2022:05:46:17 +0200] "GET /fireflower-metal-capacity-p-55185.html HTTP/1.0" 200 74392 "-" "Mozilla/5.0 (compatible; SemrushBot/7~bl; +http://www.semrush.com/bot.html)"
157.90.177.217 - - [14/Apr/2022:05:46:18 +0200] "GET /buddhist-monk-indoor-fountain-p-56025.html HTTP/1.0" 200 73767 "-" "Mozilla/5.0 (compatible; BLEXBot/1.0; +http://webmeup-crawler.com/)"
192.99.6.138 - - [14/Apr/2022:05:46:18 +0200] "GET /aprons-c-11_74.html?page=6 HTTP/1.0" 200 92360 "-" "Mozilla/5.0 (compatible; MJ12bot/v1.4.8; http://mj12bot.com/)"
157.90.177.217 - - [14/Apr/2022:05:46:18 +0200] "GET /beyblade-swimsuit-p-30448.html HTTP/1.0" 200 75163 "-" "Mozilla/5.0 (compatible; BLEXBot/1.0; +http://webmeup-crawler.com/)"
192.99.14.135 - - [14/Apr/2022:05:46:18 +0200] "GET /collection-plate-metal-vespa-poster-advertising-p-35029.html HTTP/1.0" 200 74082 "-" "Mozilla/5.0 (compatible; MJ12bot/v1.4.8; http://mj12bot.com/)"
157.90.177.217 - - [14/Apr/2022:05:46:21 +0200] "GET /buddhist-monk-indoor-fountain-p-56026.html HTTP/1.0" 200 73765 "-" "Mozilla/5.0 (compatible; BLEXBot/1.0; +http://webmeup-crawler.com/)"
192.99.6.138 - - [14/Apr/2022:05:46:21 +0200] "GET /aprons-tablecloths-and-linen-c-13_11_74.html?page=7 HTTP/1.0" 301 88139 "-" "Mozilla/5.0 (compatible; MJ12bot/v1.4.8; http://mj12bot.com/)"
185.191.171.38 - - [14/Apr/2022:05:46:24 +0200] "GET /arrow-illuminated-sign-cold-drinks-here-p-46217.html?action=add_product HTTP/1.0" 302 476 "-" "Mozilla/5.0 (compatible; SemrushBot/7~bl; +http://www.semrush.com/bot.html)"
192.99.14.135 - - [14/Apr/2022:05:46:23 +0200] "GET /collection-plate-metal-vespa-vespa-p-16827.html HTTP/1.0" 200 71014 "-" "Mozilla/5.0 (compatible; MJ12bot/v1.4.8; http://mj12bot.com/)"
157.90.177.217 - - [14/Apr/2022:05:46:24 +0200] "GET /bike-porcelain-kiub-p-57949.html HTTP/1.0" 200 72793 "-" "Mozilla/5.0 (compatible; BLEXBot/1.0; +http://webmeup-crawler.com/)"
192.99.6.138 - - [14/Apr/2022:05:46:25 +0200] "GET /aprons-c-74.html?page=7 HTTP/1.0" 301 87843 "-" "Mozilla/5.0 (compatible; MJ12bot/v1.4.8; http://mj12bot.com/)"
157.90.177.217 - - [14/Apr/2022:05:46:25 +0200] "GET /buddhist-monk-indoor-mini-fountain-p-49604.html HTTP/1.0" 200 73779 "-" "Mozilla/5.0 (compatible; BLEXBot/1.0; +http://webmeup-crawler.com/)"
192.99.14.135 - - [14/Apr/2022:05:46:26 +0200] "GET /collection-plate-metal-vespa-vespa-p-35031.html HTTP/1.0" 200 74068 "-" "Mozilla/5.0 (compatible; MJ12bot/v1.4.8; http://mj12bot.com/)"
192.99.14.135 - - [14/Apr/2022:05:46:29 +0200] "GET /comic-superman-desk-blotter-p-37815.html HTTP/1.0" 200 70943 "-" "Mozilla/5.0 (compatible; MJ12bot/v1.4.8; http://mj12bot.com/)"
157.90.177.217 - - [14/Apr/2022:05:46:29 +0200] "GET /bird-feeder-cement-p-45089.html HTTP/1.0" 200 73265 "-" "Mozilla/5.0 (compatible; BLEXBot/1.0; +http://webmeup-crawler.com/)"
192.99.6.138 - - [14/Apr/2022:05:46:29 +0200] "GET /aprons-c-11_74.html?page=7 HTTP/1.0" 200 87885 "-" "Mozilla/5.0 (compatible; MJ12bot/v1.4.8; http://mj12bot.com/)"
185.191.171.10 - - [14/Apr/2022:05:46:30 +0200] "GET /horse-jewelry-p-49356.html?action=add_product HTTP/1.0" 302 476 "-" "Mozilla/5.0 (compatible; SemrushBot/7~bl; +http://www.semrush.com/bot.html)"
157.90.177.217 - - [14/Apr/2022:05:46:29 +0200] "GET /buddhist-monk-indoor-mini-fountain-p-56752.html HTTP/1.0" 200 73633 "-" "Mozilla/5.0 (compatible; BLEXBot/1.0; +http://webmeup-crawler.com/)"
192.99.14.135 - - [14/Apr/2022:05:46:33 +0200] "GET /cooco-ylvi-and-the-minimoomis-keyring-p-33979.html HTTP/1.0" 301 71070 "-" "Mozilla/5.0 (compatible; MJ12bot/v1.4.8; http://mj12bot.com/)"
192.99.6.138 - - [14/Apr/2022:05:46:32 +0200] "GET /aprons-tablecloths-and-linen-c-13_11_74.html?page=8 HTTP/1.0" 301 88139 "-" "Mozilla/5.0 (compatible; MJ12bot/v1.4.8; http://mj12bot.com/)"
157.90.177.217 - - [14/Apr/2022:05:46:34 +0200] "GET /bugs-bunny-clock-p-3755.html HTTP/1.0" 200 73492 "-" "Mozilla/5.0 (compatible; BLEXBot/1.0; +http://webmeup-crawler.com/)"
157.90.177.217 - - [14/Apr/2022:05:46:35 +0200] "GET /birds-palette-knife-p-41593.html HTTP/1.0" 200 73374 "-" "Mozilla/5.0 (compatible; BLEXBot/1.0; +http://webmeup-crawler.com/)"
192.99.6.138 - - [14/Apr/2022:05:46:35 +0200] "GET /aprons-c-74.html?page=8 HTTP/1.0" 301 87843 "-" "Mozilla/5.0 (compatible; MJ12bot/v1.4.8; http://mj12bot.com/)"
192.99.14.135 - - [14/Apr/2022:05:46:36 +0200] "GET /cooco-ylvi-minimoomis-keyring-p-33979.html HTTP/1.0" 200 70974 "-" "Mozilla/5.0 (compatible; MJ12bot/v1.4.8; http://mj12bot.com/)"
185.191.171.18 - - [14/Apr/2022:05:46:37 +0200] "GET /life-dream-keyring-cbkreation-p-43223.html HTTP/1.0" 200 73592 "-" "Mozilla/5.0 (compatible; SemrushBot/7~bl; +http://www.semrush.com/bot.html)"
157.90.177.217 - - [14/Apr/2022:05:46:38 +0200] "GET /builder-backpack-p-20702.html HTTP/1.0" 200 73614 "-" "Mozilla/5.0 (compatible; BLEXBot/1.0; +http://webmeup-crawler.com/)"
95.217.207.61 - - [14/Apr/2022:05:46:39 +0200] "GET /cats-dubout-cotton-kitchen-towel-made-in-france-p-36638.html HTTP/1.0" 301 71145 "-" "Mozilla/5.0 (compatible; MJ12bot/v1.4.8; http://mj12bot.com/)"
192.99.6.138 - - [14/Apr/2022:05:46:39 +0200] "GET /aprons-c-11_74.html?page=8 HTTP/1.0" 200 87885 "-" "Mozilla/5.0 (compatible; MJ12bot/v1.4.8; http://mj12bot.com/)"
192.99.14.135 - - [14/Apr/2022:05:46:40 +0200] "GET /cooco-ylvi-minimoomis-keyring-p-33979.html HTTP/1.0" 200 70974 "-" "Mozilla/5.0 (compatible; MJ12bot/v1.4.8; http://mj12bot.com/)"
157.90.177.217 - - [14/Apr/2022:05:46:40 +0200] "GET /birds-saucer-p-55883.html HTTP/1.0" 200 73418 "-" "Mozilla/5.0 (compatible; BLEXBot/1.0; +http://webmeup-crawler.com/)"
157.90.177.217 - - [14/Apr/2022:05:46:41 +0200] "GET /burger-ceramic-ashtray-p-42866.html HTTP/1.0" 200 73433 "-" "Mozilla/5.0 (compatible; BLEXBot/1.0; +http://webmeup-crawler.com/)"
95.217.207.61 - - [14/Apr/2022:05:46:42 +0200] "GET /cats-dubout-cotton-kitchen-towel-made-france-p-36638.html HTTP/1.0" 200 71034 "-" "Mozilla/5.0 (compatible; MJ12bot/v1.4.8; http://mj12bot.com/)"
192.99.6.138 - - [14/Apr/2022:05:46:42 +0200] "GET /aprons-tablecloths-and-linen-c-13_11_74.html?page=9 HTTP/1.0" 301 88139 "-" "Mozilla/5.0 (compatible; MJ12bot/v1.4.8; http://mj12bot.com/)"
192.99.14.135 - - [14/Apr/2022:05:46:43 +0200] "GET /cookware-blue-p-41840.html HTTP/1.0" 200 73407 "-" "Mozilla/5.0 (compatible; MJ12bot/v1.4.8; http://mj12bot.com/)"
185.191.171.10 - - [14/Apr/2022:05:46:45 +0200] "GET /rita-aromatika-incense-sticks-p-44350.html?action=add_product HTTP/1.0" 302 476 "-" "Mozilla/5.0 (compatible; SemrushBot/7~bl; +http://www.semrush.com/bot.html)"
157.90.177.217 - - [14/Apr/2022:05:46:45 +0200] "GET /burner-tree-life-beige-ceramic-p-56895.html HTTP/1.0" 200 74914 "-" "Mozilla/5.0 (compatible; BLEXBot/1.0; +http://webmeup-crawler.com/)"
192.99.14.135 - - [14/Apr/2022:05:46:46 +0200] "GET /corolle-velvet-photo-box-to-decorate-p-1251.html HTTP/1.0" 301 70872 "-" "Mozilla/5.0 (compatible; MJ12bot/v1.4.8; http://mj12bot.com/)"
185.191.171.36 - - [14/Apr/2022:05:46:48 +0200] "GET /buddha-statue-polyresin-p-36729.html?action=add_product HTTP/1.0" 302 476 "-" "Mozilla/5.0 (compatible; SemrushBot/7~bl; +http://www.semrush.com/bot.html)"
192.99.6.138 - - [14/Apr/2022:05:46:46 +0200] "GET /aprons-c-74.html?page=9 HTTP/1.0" 301 87843 "-" "Mozilla/5.0 (compatible; MJ12bot/v1.4.8; http://mj12bot.com/)"
157.90.177.217 - - [14/Apr/2022:05:46:48 +0200] "GET /birds-small-ashtray-p-45762.html HTTP/1.0" 200 73465 "-" "Mozilla/5.0 (compatible; BLEXBot/1.0; +http://webmeup-crawler.com/)"
192.99.14.135 - - [14/Apr/2022:05:46:49 +0200] "GET /-p-1251.html HTTP/1.0" 200 70806 "-" "Mozilla/5.0 (compatible; MJ12bot/v1.4.8; http://mj12bot.com/)"
157.90.177.217 - - [14/Apr/2022:05:46:50 +0200] "GET /burner-tree-life-turquoise-ceramic-p-56894.html HTTP/1.0" 200 74970 "-" "Mozilla/5.0 (compatible; BLEXBot/1.0; +http://webmeup-crawler.com/)"
192.99.6.138 - - [14/Apr/2022:05:46:50 +0200] "GET /aprons-c-11_74.html?page=9 HTTP/1.0" 200 87885 "-" "Mozilla/5.0 (compatible; MJ12bot/v1.4.8; http://mj12bot.com/)"
192.99.14.135 - - [14/Apr/2022:05:46:52 +0200] "GET /corsica-black-hoodies-p-31741.html HTTP/1.0" 200 76976 "-" "Mozilla/5.0 (compatible; MJ12bot/v1.4.8; http://mj12bot.com/)"
54.36.148.243 - - [14/Apr/2022:05:46:53 +0200] "GET /monstera-bamboo-flower-cover-p-57713.html HTTP/1.0" 200 74112 "-" "Mozilla/5.0 (compatible; AhrefsBot/7.0; +http://ahrefs.com/robot/)"
157.90.177.217 - - [14/Apr/2022:05:46:55 +0200] "GET /bistrot-ceramic-pitcher-p-45678.html HTTP/1.0" 200 73516 "-" "Mozilla/5.0 (compatible; BLEXBot/1.0; +http://webmeup-crawler.com/)"
192.99.14.135 - - [14/Apr/2022:05:46:55 +0200] "GET /cosmetics-bag-hello-kitty-red-bow-by-camomilla-p-19169.html HTTP/1.0" 301 74008 "-" "Mozilla/5.0 (compatible; MJ12bot/v1.4.8; http://mj12bot.com/)"
157.90.177.217 - - [14/Apr/2022:05:46:57 +0200] "GET /buster-figure-p-8557.html HTTP/1.0" 200 73478 "-" "Mozilla/5.0 (compatible; BLEXBot/1.0; +http://webmeup-crawler.com/)"
192.99.6.138 - - [14/Apr/2022:05:46:56 +0200] "GET /aprons-tablecloths-and-linen-c-74.html?page=2 HTTP/1.0" 301 92369 "-" "Mozilla/5.0 (compatible; MJ12bot/v1.4.8; http://mj12bot.com/)"
192.99.14.135 - - [14/Apr/2022:05:46:58 +0200] "GET /cosmetics-hello-kitty-camomilla-p-19169.html HTTP/1.0" 200 73910 "-" "Mozilla/5.0 (compatible; MJ12bot/v1.4.8; http://mj12bot.com/)"
157.90.177.217 - - [14/Apr/2022:05:47:00 +0200] "GET /butane-lighter-insert-double-torch-p-51930.html HTTP/1.0" 200 74855 "-" "Mozilla/5.0 (compatible; BLEXBot/1.0; +http://webmeup-crawler.com/)"
192.99.6.138 - - [14/Apr/2022:05:47:01 +0200] "GET /aprons-c-11_74.html?page=2 HTTP/1.0" 200 92411 "-" "Mozilla/5.0 (compatible; MJ12bot/v1.4.8; http://mj12bot.com/)"
192.99.14.135 - - [14/Apr/2022:05:47:02 +0200] "GET /cosmetics-hello-kitty-camomilla-p-19169.html HTTP/1.0" 200 73910 "-" "Mozilla/5.0 (compatible; MJ12bot/v1.4.8; http://mj12bot.com/)"
157.90.177.217 - - [14/Apr/2022:05:47:01 +0200] "GET /bistrot-chez-copains-side-table-p-56623.html HTTP/1.0" 200 74375 "-" "Mozilla/5.0 (compatible; BLEXBot/1.0; +http://webmeup-crawler.com/)"
157.90.177.217 - - [14/Apr/2022:05:47:03 +0200] "GET /butane-lighter-insert-single-torch-p-52385.html HTTP/1.0" 200 74856 "-" "Mozilla/5.0 (compatible; BLEXBot/1.0; +http://webmeup-crawler.com/)"
192.99.6.138 - - [14/Apr/2022:05:47:04 +0200] "GET /aprons-tablecloths-and-linen-c-74.html?page=3 HTTP/1.0" 301 92337 "-" "Mozilla/5.0 (compatible; MJ12bot/v1.4.8; http://mj12bot.com/)"
192.99.14.135 - - [14/Apr/2022:05:47:05 +0200] "GET /costaud-mug-p-23443.html HTTP/1.0" 301 70875 "-" "Mozilla/5.0 (compatible; MJ12bot/v1.4.8; http://mj12bot.com/)"
157.90.177.217 - - [14/Apr/2022:05:47:07 +0200] "GET /butterflies-makeup-accessories-p-28913.html HTTP/1.0" 200 73582 "-" "Mozilla/5.0 (compatible; BLEXBot/1.0; +http://webmeup-crawler.com/)"
157.90.177.217 - - [14/Apr/2022:05:47:07 +0200] "GET /bistrot-coasters-p-55054.html HTTP/1.0" 200 74036 "-" "Mozilla/5.0 (compatible; BLEXBot/1.0; +http://webmeup-crawler.com/)"
192.99.14.135 - - [14/Apr/2022:05:47:08 +0200] "GET /-p-23443.html HTTP/1.0" 200 70808 "-" "Mozilla/5.0 (compatible; MJ12bot/v1.4.8; http://mj12bot.com/)"
192.99.6.138 - - [14/Apr/2022:05:47:10 +0200] "GET /aprons-c-11_74.html?page=3 HTTP/1.0" 200 92379 "-" "Mozilla/5.0 (compatible; MJ12bot/v1.4.8; http://mj12bot.com/)"
157.90.177.217 - - [14/Apr/2022:05:47:11 +0200] "GET /butterfly-compact-mirror-p-26194.html HTTP/1.0" 200 73571 "-" "Mozilla/5.0 (compatible; BLEXBot/1.0; +http://webmeup-crawler.com/)"
185.191.171.25 - - [14/Apr/2022:05:47:12 +0200] "GET /tinted-candle-gold-color-p-48933.html HTTP/1.0" 200 73198 "-" "Mozilla/5.0 (compatible; SemrushBot/7~bl; +http://www.semrush.com/bot.html)"
192.99.14.135 - - [14/Apr/2022:05:47:12 +0200] "GET /cotton-floor-cushion-yellow-isocele-45-cm-p-39767.html HTTP/1.0" 301 70875 "-" "Mozilla/5.0 (compatible; MJ12bot/v1.4.8; http://mj12bot.com/)"
157.90.177.217 - - [14/Apr/2022:05:47:12 +0200] "GET /bistrot-metal-tray-p-53576.html HTTP/1.0" 200 74297 "-" "Mozilla/5.0 (compatible; BLEXBot/1.0; +http://webmeup-crawler.com/)"
157.90.177.217 - - [14/Apr/2022:05:47:14 +0200] "GET /cactus-drink-dispenser-p-48687.html HTTP/1.0" 200 74092 "-" "Mozilla/5.0 (compatible; BLEXBot/1.0; +http://webmeup-crawler.com/)"
192.99.14.135 - - [14/Apr/2022:05:47:16 +0200] "GET /-p-39767.html HTTP/1.0" 200 70808 "-" "Mozilla/5.0 (compatible; MJ12bot/v1.4.8; http://mj12bot.com/)"
192.99.6.138 - - [14/Apr/2022:05:47:16 +0200] "GET /aprons-tablecloths-and-linen-c-74.html?page=4 HTTP/1.0" 301 92396 "-" "Mozilla/5.0 (compatible; MJ12bot/v1.4.8; http://mj12bot.com/)"
157.90.177.217 - - [14/Apr/2022:05:47:18 +0200] "GET /cactus-ground-sheet-p-52166.html HTTP/1.0" 200 74278 "-" "Mozilla/5.0 (compatible; BLEXBot/1.0; +http://webmeup-crawler.com/)"
157.90.177.217 - - [14/Apr/2022:05:47:18 +0200] "GET /bistrot-motif-side-table-p-56622.html HTTP/1.0" 200 74231 "-" "Mozilla/5.0 (compatible; BLEXBot/1.0; +http://webmeup-crawler.com/)"
192.99.14.135 - - [14/Apr/2022:05:47:19 +0200] "GET /couple-lamas-large-bowl-p-45608.html HTTP/1.0" 200 70923 "-" "Mozilla/5.0 (compatible; MJ12bot/v1.4.8; http://mj12bot.com/)"
192.99.6.138 - - [14/Apr/2022:05:47:20 +0200] "GET /aprons-c-11_74.html?page=4 HTTP/1.0" 200 92438 "-" "Mozilla/5.0 (compatible; MJ12bot/v1.4.8; http://mj12bot.com/)"
157.90.177.217 - - [14/Apr/2022:05:47:22 +0200] "GET /cactus-mirror-wall-sticker-p-51122.html HTTP/1.0" 200 73505 "-" "Mozilla/5.0 (compatible; BLEXBot/1.0; +http://webmeup-crawler.com/)"
157.90.177.217 - - [14/Apr/2022:05:47:22 +0200] "GET /bistrot-potholder-p-47944.html HTTP/1.0" 200 73466 "-" "Mozilla/5.0 (compatible; BLEXBot/1.0; +http://webmeup-crawler.com/)"
192.99.14.135 - - [14/Apr/2022:05:47:23 +0200] "GET /couple-motorcycle-salt-pepper-p-34184.html HTTP/1.0" 200 70968 "-" "Mozilla/5.0 (compatible; MJ12bot/v1.4.8; http://mj12bot.com/)"
192.99.6.138 - - [14/Apr/2022:05:47:23 +0200] "GET /aquarius-classic-mug-cbkreation-p-29035.html HTTP/1.0" 301 73542 "-" "Mozilla/5.0 (compatible; MJ12bot/v1.4.8; http://mj12bot.com/)"
157.90.177.217 - - [14/Apr/2022:05:47:26 +0200] "GET /cactus-round-side-table-p-51878.html HTTP/1.0" 200 73401 "-" "Mozilla/5.0 (compatible; BLEXBot/1.0; +http://webmeup-crawler.com/)"
192.99.14.135 - - [14/Apr/2022:05:47:27 +0200] "GET /couple-of-lamas-large-bowl-p-45608.html HTTP/1.0" 301 71013 "-" "Mozilla/5.0 (compatible; MJ12bot/v1.4.8; http://mj12bot.com/)"
157.90.177.217 - - [14/Apr/2022:05:47:27 +0200] "GET /black-adult-cotton-apron-p-44332.html HTTP/1.0" 200 73414 "-" "Mozilla/5.0 (compatible; BLEXBot/1.0; +http://webmeup-crawler.com/)"
192.99.6.138 - - [14/Apr/2022:05:47:28 +0200] "GET /aquarius-classic-cbkreation-p-29035.html HTTP/1.0" 200 73448 "-" "Mozilla/5.0 (compatible; MJ12bot/v1.4.8; http://mj12bot.com/)"
157.90.177.217 - - [14/Apr/2022:05:47:29 +0200] "GET /cactus-theme-indian-espresso-p-39625.html HTTP/1.0" 200 73509 "-" "Mozilla/5.0 (compatible; BLEXBot/1.0; +http://webmeup-crawler.com/)"
192.99.14.135 - - [14/Apr/2022:05:47:31 +0200] "GET /couple-lamas-large-bowl-p-45608.html HTTP/1.0" 200 70923 "-" "Mozilla/5.0 (compatible; MJ12bot/v1.4.8; http://mj12bot.com/)"
185.191.171.36 - - [14/Apr/2022:05:47:32 +0200] "GET /zodiac-sign-training-bottle-cbkreation-p-43351.html?action=add_product HTTP/1.0" 302 476 "-" "Mozilla/5.0 (compatible; SemrushBot/7~bl; +http://www.semrush.com/bot.html)"
157.90.177.217 - - [14/Apr/2022:05:47:34 +0200] "GET /black-beige-sandstone-vase-p-56466.html HTTP/1.0" 200 74158 "-" "Mozilla/5.0 (compatible; BLEXBot/1.0; +http://webmeup-crawler.com/)"
192.99.6.138 - - [14/Apr/2022:05:47:34 +0200] "GET /aquarius-classic-mug-p-29035.html HTTP/1.0" 301 73542 "-" "Mozilla/5.0 (compatible; MJ12bot/v1.4.8; http://mj12bot.com/)"
192.99.14.135 - - [14/Apr/2022:05:47:34 +0200] "GET /crayola-alphabet-stamper-p-19371.html HTTP/1.0" 301 70875 "-" "Mozilla/5.0 (compatible; MJ12bot/v1.4.8; http://mj12bot.com/)"
157.90.177.217 - - [14/Apr/2022:05:47:34 +0200] "GET /caff-retro-deco-thermometer-p-27632.html HTTP/1.0" 200 73551 "-" "Mozilla/5.0 (compatible; BLEXBot/1.0; +http://webmeup-crawler.com/)"
157.90.177.217 - - [14/Apr/2022:05:47:38 +0200] "GET /black-beige-sandstone-vase-p-57643.html HTTP/1.0" 200 74156 "-" "Mozilla/5.0 (compatible; BLEXBot/1.0; +http://webmeup-crawler.com/)"
192.99.14.135 - - [14/Apr/2022:05:47:39 +0200] "GET /-p-19371.html HTTP/1.0" 200 70808 "-" "Mozilla/5.0 (compatible; MJ12bot/v1.4.8; http://mj12bot.com/)"
157.90.177.217 - - [14/Apr/2022:05:47:38 +0200] "GET /cake-dish-chabada-p-56486.html HTTP/1.0" 200 73372 "-" "Mozilla/5.0 (compatible; BLEXBot/1.0; +http://webmeup-crawler.com/)"
192.99.6.138 - - [14/Apr/2022:05:47:40 +0200] "GET /aquarius-classic-cbkreation-p-29035.html HTTP/1.0" 200 73448 "-" "Mozilla/5.0 (compatible; MJ12bot/v1.4.8; http://mj12bot.com/)"
192.99.14.135 - - [14/Apr/2022:05:47:42 +0200] "GET /crayola-collage-creations-p-19379.html HTTP/1.0" 301 70875 "-" "Mozilla/5.0 (compatible; MJ12bot/v1.4.8; http://mj12bot.com/)"
157.90.177.217 - - [14/Apr/2022:05:47:42 +0200] "GET /cake-dish-cherry-p-56484.html HTTP/1.0" 200 73474 "-" "Mozilla/5.0 (compatible; BLEXBot/1.0; +http://webmeup-crawler.com/)"
157.90.177.217 - - [14/Apr/2022:05:47:43 +0200] "GET /black-fancy-elastic-bracelet-p-43719.html HTTP/1.0" 200 73452 "-" "Mozilla/5.0 (compatible; BLEXBot/1.0; +http://webmeup-crawler.com/)"
192.99.6.138 - - [14/Apr/2022:05:47:44 +0200] "GET /are-you-radis-shirt-size-p-20366.html HTTP/1.0" 301 70875 "-" "Mozilla/5.0 (compatible; MJ12bot/v1.4.8; http://mj12bot.com/)"
192.99.14.135 - - [14/Apr/2022:05:47:45 +0200] "GET /-p-19379.html HTTP/1.0" 200 70808 "-" "Mozilla/5.0 (compatible; MJ12bot/v1.4.8; http://mj12bot.com/)"
157.90.177.217 - - [14/Apr/2022:05:47:46 +0200] "GET /cake-dish-morello-cherries-p-54512.html HTTP/1.0" 200 73630 "-" "Mozilla/5.0 (compatible; BLEXBot/1.0; +http://webmeup-crawler.com/)"
157.90.177.217 - - [14/Apr/2022:05:47:47 +0200] "GET /black-fancy-elastic-bracelet-p-43720.html HTTP/1.0" 200 73448 "-" "Mozilla/5.0 (compatible; BLEXBot/1.0; +http://webmeup-crawler.com/)"
192.99.6.138 - - [14/Apr/2022:05:47:48 +0200] "GET /-p-20366.html HTTP/1.0" 200 70808 "-" "Mozilla/5.0 (compatible; MJ12bot/v1.4.8; http://mj12bot.com/)"
192.99.14.135 - - [14/Apr/2022:05:47:49 +0200] "GET /crayola-colour-style-unicorn-p-37135.html HTTP/1.0" 200 70945 "-" "Mozilla/5.0 (compatible; MJ12bot/v1.4.8; http://mj12bot.com/)"
157.90.177.217 - - [14/Apr/2022:05:47:49 +0200] "GET /cake-dish-pastry-p-54999.html HTTP/1.0" 200 73475 "-" "Mozilla/5.0 (compatible; BLEXBot/1.0; +http://webmeup-crawler.com/)"
192.99.6.138 - - [14/Apr/2022:05:47:51 +0200] "GET /are-you-radis-shirt-size-p-20367.html HTTP/1.0" 301 70875 "-" "Mozilla/5.0 (compatible; MJ12bot/v1.4.8; http://mj12bot.com/)"
192.99.14.135 - - [14/Apr/2022:05:47:52 +0200] "GET /crayola-farm-stamper-kit-p-37134.html HTTP/1.0" 301 70998 "-" "Mozilla/5.0 (compatible; MJ12bot/v1.4.8; http://mj12bot.com/)"
54.36.148.243 - - [14/Apr/2022:05:47:52 +0200] "GET /wall-decoration-home-p-52202.html HTTP/1.0" 200 73551 "-" "Mozilla/5.0 (compatible; AhrefsBot/7.0; +http://ahrefs.com/robot/)"
157.90.177.217 - - [14/Apr/2022:05:47:52 +0200] "GET /black-fancy-elastic-bracelet-p-43721.html HTTP/1.0" 200 73448 "-" "Mozilla/5.0 (compatible; BLEXBot/1.0; +http://webmeup-crawler.com/)"
157.90.177.217 - - [14/Apr/2022:05:47:54 +0200] "GET /cake-dish-strawberries-cherries-p-54513.html HTTP/1.0" 200 73620 "-" "Mozilla/5.0 (compatible; BLEXBot/1.0; +http://webmeup-crawler.com/)"
192.99.6.138 - - [14/Apr/2022:05:47:55 +0200] "GET /-p-20367.html HTTP/1.0" 200 70808 "-" "Mozilla/5.0 (compatible; MJ12bot/v1.4.8; http://mj12bot.com/)"
192.99.14.135 - - [14/Apr/2022:05:47:56 +0200] "GET /crayola-farm-stamper-p-37134.html HTTP/1.0" 200 70911 "-" "Mozilla/5.0 (compatible; MJ12bot/v1.4.8; http://mj12bot.com/)"
157.90.177.217 - - [14/Apr/2022:05:47:58 +0200] "GET /cake-oilcloth-p-47360.html HTTP/1.0" 200 73498 "-" "Mozilla/5.0 (compatible; BLEXBot/1.0; +http://webmeup-crawler.com/)"
157.90.177.217 - - [14/Apr/2022:05:47:58 +0200] "GET /black-fancy-elastic-bracelet-p-43722.html HTTP/1.0" 200 73448 "-" "Mozilla/5.0 (compatible; BLEXBot/1.0; +http://webmeup-crawler.com/)"
95.217.207.61 - - [14/Apr/2022:05:47:58 +0200] "GET /cats-dubout-photo-frame-third-p-33753.html HTTP/1.0" 200 74625 "-" "Mozilla/5.0 (compatible; MJ12bot/v1.4.8; http://mj12bot.com/)"
192.99.6.138 - - [14/Apr/2022:05:47:59 +0200] "GET /are-you-radis-shirt-size-p-20368.html HTTP/1.0" 301 70875 "-" "Mozilla/5.0 (compatible; MJ12bot/v1.4.8; http://mj12bot.com/)"
192.99.14.135 - - [14/Apr/2022:05:48:00 +0200] "GET /crayola-farm-stamper-p-37134.html HTTP/1.0" 200 70911 "-" "Mozilla/5.0 (compatible; MJ12bot/v1.4.8; http://mj12bot.com/)"
157.90.177.217 - - [14/Apr/2022:05:48:02 +0200] "GET /cake-oilcloth-p-47363.html HTTP/1.0" 200 73499 "-" "Mozilla/5.0 (compatible; BLEXBot/1.0; +http://webmeup-crawler.com/)"
192.99.6.138 - - [14/Apr/2022:05:48:03 +0200] "GET /-p-20368.html HTTP/1.0" 200 70808 "-" "Mozilla/5.0 (compatible; MJ12bot/v1.4.8; http://mj12bot.com/)"
157.90.177.217 - - [14/Apr/2022:05:48:02 +0200] "GET /black-fancy-elastic-bracelet-p-43723.html HTTP/1.0" 200 73448 "-" "Mozilla/5.0 (compatible; BLEXBot/1.0; +http://webmeup-crawler.com/)"
192.99.14.135 - - [14/Apr/2022:05:48:04 +0200] "GET /crayola-mosaic-fun-kit-p-16680.html HTTP/1.0" 301 70875 "-" "Mozilla/5.0 (compatible; MJ12bot/v1.4.8; http://mj12bot.com/)"
192.99.14.135 - - [14/Apr/2022:05:48:07 +0200] "GET /-p-16680.html HTTP/1.0" 200 70808 "-" "Mozilla/5.0 (compatible; MJ12bot/v1.4.8; http://mj12bot.com/)"
192.99.6.138 - - [14/Apr/2022:05:48:08 +0200] "GET /arrow-metal-plate-p-41717.html HTTP/1.0" 200 73420 "-" "Mozilla/5.0 (compatible; MJ12bot/v1.4.8; http://mj12bot.com/)"
157.90.177.217 - - [14/Apr/2022:05:48:08 +0200] "GET /cakes-spoons-p-51766.html HTTP/1.0" 200 73943 "-" "Mozilla/5.0 (compatible; BLEXBot/1.0; +http://webmeup-crawler.com/)"
157.90.177.217 - - [14/Apr/2022:05:48:10 +0200] "GET /black-fancy-elastic-bracelet-p-43724.html HTTP/1.0" 200 73448 "-" "Mozilla/5.0 (compatible; BLEXBot/1.0; +http://webmeup-crawler.com/)"
192.99.14.135 - - [14/Apr/2022:05:48:12 +0200] "GET /crayola-sponge-painting-kit-p-16673.html HTTP/1.0" 301 71016 "-" "Mozilla/5.0 (compatible; MJ12bot/v1.4.8; http://mj12bot.com/)"
157.90.177.217 - - [14/Apr/2022:05:48:12 +0200] "GET /calamity-jane-figure-p-27318.html HTTP/1.0" 200 73275 "-" "Mozilla/5.0 (compatible; BLEXBot/1.0; +http://webmeup-crawler.com/)"
192.99.6.138 - - [14/Apr/2022:05:48:13 +0200] "GET /arsenal-football-club-backpack-p-36256.html HTTP/1.0" 301 70875 "-" "Mozilla/5.0 (compatible; MJ12bot/v1.4.8; http://mj12bot.com/)"
157.90.177.217 - - [14/Apr/2022:05:48:14 +0200] "GET /black-fancy-elastic-bracelet-p-43725.html HTTP/1.0" 200 73452 "-" "Mozilla/5.0 (compatible; BLEXBot/1.0; +http://webmeup-crawler.com/)"
192.99.14.135 - - [14/Apr/2022:05:48:15 +0200] "GET /crayola-sponge-painting-p-16673.html HTTP/1.0" 200 70926 "-" "Mozilla/5.0 (compatible; MJ12bot/v1.4.8; http://mj12bot.com/)"
192.99.6.138 - - [14/Apr/2022:05:48:16 +0200] "GET /-p-36256.html HTTP/1.0" 200 70808 "-" "Mozilla/5.0 (compatible; MJ12bot/v1.4.8; http://mj12bot.com/)"
157.90.177.217 - - [14/Apr/2022:05:48:16 +0200] "GET /calavera-blue-beauty-nail-p-29314.html HTTP/1.0" 200 73607 "-" "Mozilla/5.0 (compatible; BLEXBot/1.0; +http://webmeup-crawler.com/)"
192.99.14.135 - - [14/Apr/2022:05:48:19 +0200] "GET /crayola-sponge-painting-p-16673.html HTTP/1.0" 200 70926 "-" "Mozilla/5.0 (compatible; MJ12bot/v1.4.8; http://mj12bot.com/)"
157.90.177.217 - - [14/Apr/2022:05:48:20 +0200] "GET /black-fancy-elastic-bracelet-p-43726.html HTTP/1.0" 200 73448 "-" "Mozilla/5.0 (compatible; BLEXBot/1.0; +http://webmeup-crawler.com/)"
157.90.177.217 - - [14/Apr/2022:05:48:21 +0200] "GET /calavera-yellow-beauty-nail-p-29315.html HTTP/1.0" 200 73628 "-" "Mozilla/5.0 (compatible; BLEXBot/1.0; +http://webmeup-crawler.com/)"
157.90.177.217 - - [14/Apr/2022:05:48:23 +0200] "GET /black-fancy-elastic-bracelet-p-43727.html HTTP/1.0" 200 73452 "-" "Mozilla/5.0 (compatible; BLEXBot/1.0; +http://webmeup-crawler.com/)"
157.90.177.217 - - [14/Apr/2022:05:48:25 +0200] "GET /calendar-workbook-organizer-c-129_189.html?page=2 HTTP/1.0" 200 78014 "-" "Mozilla/5.0 (compatible; BLEXBot/1.0; +http://webmeup-crawler.com/)"
192.99.14.135 - - [14/Apr/2022:05:48:24 +0200] "GET /crayola-sticker-kit-p-16659.html HTTP/1.0" 301 70875 "-" "Mozilla/5.0 (compatible; MJ12bot/v1.4.8; http://mj12bot.com/)"
192.99.6.138 - - [14/Apr/2022:05:48:24 +0200] "GET /ashtray-circles-p-37718.html HTTP/1.0" 301 70875 "-" "Mozilla/5.0 (compatible; MJ12bot/v1.4.8; http://mj12bot.com/)"
157.90.177.217 - - [14/Apr/2022:05:48:26 +0200] "GET /black-fancy-elastic-bracelet-p-43728.html HTTP/1.0" 200 73448 "-" "Mozilla/5.0 (compatible; BLEXBot/1.0; +http://webmeup-crawler.com/)"
114.119.137.3 - - [14/Apr/2022:05:48:27 +0200] "GET /iron-avengers-figure-p-24825.html HTTP/1.0" 200 73549 "-" "Mozilla/5.0 (Linux; Android 7.0;) AppleWebKit/537.36 (KHTML, like Gecko) Mobile Safari/537.36 (compatible; PetalBot;+https://webmaster.petalsearch.com/site/petalbot)"
157.90.177.217 - - [14/Apr/2022:05:48:29 +0200] "GET /calendar-yoga-2019-p-45282.html HTTP/1.0" 200 74407 "-" "Mozilla/5.0 (compatible; BLEXBot/1.0; +http://webmeup-crawler.com/)"
192.99.14.135 - - [14/Apr/2022:05:48:29 +0200] "GET /-p-16659.html HTTP/1.0" 200 70808 "-" "Mozilla/5.0 (compatible; MJ12bot/v1.4.8; http://mj12bot.com/)"
192.99.6.138 - - [14/Apr/2022:05:48:30 +0200] "GET /-p-37718.html HTTP/1.0" 200 70808 "-" "Mozilla/5.0 (compatible; MJ12bot/v1.4.8; http://mj12bot.com/)"
157.90.177.217 - - [14/Apr/2022:05:48:30 +0200] "GET /black-fancy-elastic-bracelet-p-43729.html HTTP/1.0" 200 73448 "-" "Mozilla/5.0 (compatible; BLEXBot/1.0; +http://webmeup-crawler.com/)"
157.90.177.217 - - [14/Apr/2022:05:48:32 +0200] "GET /california-brown-backpack-p-37100.html HTTP/1.0" 200 73776 "-" "Mozilla/5.0 (compatible; BLEXBot/1.0; +http://webmeup-crawler.com/)"
192.99.14.135 - - [14/Apr/2022:05:48:33 +0200] "GET /crayola-washable-paint-kit-p-19381.html HTTP/1.0" 301 71010 "-" "Mozilla/5.0 (compatible; MJ12bot/v1.4.8; http://mj12bot.com/)"
157.90.177.217 - - [14/Apr/2022:05:48:33 +0200] "GET /black-fancy-elastic-bracelet-p-43730.html HTTP/1.0" 200 73448 "-" "Mozilla/5.0 (compatible; BLEXBot/1.0; +http://webmeup-crawler.com/)"
192.99.6.138 - - [14/Apr/2022:05:48:34 +0200] "GET /assassins-creed-backpack-p-41017.html HTTP/1.0" 301 70875 "-" "Mozilla/5.0 (compatible; MJ12bot/v1.4.8; http://mj12bot.com/)"
157.90.177.217 - - [14/Apr/2022:05:48:36 +0200] "GET /california-khaki-backpack-p-37099.html HTTP/1.0" 200 73786 "-" "Mozilla/5.0 (compatible; BLEXBot/1.0; +http://webmeup-crawler.com/)"
192.99.14.135 - - [14/Apr/2022:05:48:36 +0200] "GET /crayola-washable-paint-p-19381.html HTTP/1.0" 200 70921 "-" "Mozilla/5.0 (compatible; MJ12bot/v1.4.8; http://mj12bot.com/)"
157.90.177.217 - - [14/Apr/2022:05:48:36 +0200] "GET /black-fitted-sheet-p-34830.html HTTP/1.0" 200 74072 "-" "Mozilla/5.0 (compatible; BLEXBot/1.0; +http://webmeup-crawler.com/)"
192.99.14.135 - - [14/Apr/2022:05:48:39 +0200] "GET /crayola-washable-paint-p-19381.html HTTP/1.0" 200 70921 "-" "Mozilla/5.0 (compatible; MJ12bot/v1.4.8; http://mj12bot.com/)"
192.99.6.138 - - [14/Apr/2022:05:48:40 +0200] "GET /-p-41017.html HTTP/1.0" 200 70808 "-" "Mozilla/5.0 (compatible; MJ12bot/v1.4.8; http://mj12bot.com/)"
157.90.177.217 - - [14/Apr/2022:05:48:40 +0200] "GET /black-fitted-sheet-p-34833.html HTTP/1.0" 200 74081 "-" "Mozilla/5.0 (compatible; BLEXBot/1.0; +http://webmeup-crawler.com/)"
157.90.177.217 - - [14/Apr/2022:05:48:40 +0200] "GET /calimero-cool-douce-towel-p-15484.html HTTP/1.0" 200 73490 "-" "Mozilla/5.0 (compatible; BLEXBot/1.0; +http://webmeup-crawler.com/)"
185.191.171.22 - - [14/Apr/2022:05:48:44 +0200] "GET /take-cake-made-cuisine-p-48104.html?action=add_product HTTP/1.0" 302 476 "-" "Mozilla/5.0 (compatible; SemrushBot/7~bl; +http://www.semrush.com/bot.html)"
192.99.6.138 - - [14/Apr/2022:05:48:43 +0200] "GET /asterix-holding-his-braces-figure-p-15700.html HTTP/1.0" 301 70875 "-" "Mozilla/5.0 (compatible; MJ12bot/v1.4.8; http://mj12bot.com/)"
192.99.14.135 - - [14/Apr/2022:05:48:44 +0200] "GET /create-your-fantasy-face-colouring-book-p-33663.html HTTP/1.0" 301 70875 "-" "Mozilla/5.0 (compatible; MJ12bot/v1.4.8; http://mj12bot.com/)"
157.90.177.217 - - [14/Apr/2022:05:48:44 +0200] "GET /black-gold-ginkgo-glass-paperweight-p-55122.html HTTP/1.0" 200 74570 "-" "Mozilla/5.0 (compatible; BLEXBot/1.0; +http://webmeup-crawler.com/)"
157.90.177.217 - - [14/Apr/2022:05:48:45 +0200] "GET /calimero-shooter-p-57453.html HTTP/1.0" 200 73389 "-" "Mozilla/5.0 (compatible; BLEXBot/1.0; +http://webmeup-crawler.com/)"
51.68.224.127 - - [14/Apr/2022:05:48:47 +0200] "GET /adminweb/export_orders_xml.php?token=256de2z6edz6ed2z6DFSFsed2zed6zeDSFDSGdzedezfzf&maxorders=10&orderstart=1&status=14&start_date=2018-10-01 HTTP/1.0" 200 285 "-" "GesCom CharlotteBoutik Serveur"
51.68.224.127 - - [14/Apr/2022:05:48:47 +0200] "GET /adminweb/export_orders_xml.php?token=256de2z6edz6ed2z6DFSFsed2zed6zeDSFDSGdzedezfzf&maxorders=10&orderstart=1&status=6&start_date=2018-10-01 HTTP/1.0" 200 32865 "-" "GesCom CharlotteBoutik Serveur"
192.99.6.138 - - [14/Apr/2022:05:48:47 +0200] "GET /-p-15700.html HTTP/1.0" 200 70808 "-" "Mozilla/5.0 (compatible; MJ12bot/v1.4.8; http://mj12bot.com/)"
185.191.171.12 - - [14/Apr/2022:05:48:47 +0200] "GET /quartz-geode-size-about-p-44408.html HTTP/1.0" 200 70908 "-" "Mozilla/5.0 (compatible; SemrushBot/7~bl; +http://www.semrush.com/bot.html)"
192.99.14.135 - - [14/Apr/2022:05:48:47 +0200] "GET /-p-33663.html HTTP/1.0" 200 70808 "-" "Mozilla/5.0 (compatible; MJ12bot/v1.4.8; http://mj12bot.com/)"
157.90.177.217 - - [14/Apr/2022:05:48:49 +0200] "GET /calimero-shooter-p-57454.html HTTP/1.0" 200 73389 "-" "Mozilla/5.0 (compatible; BLEXBot/1.0; +http://webmeup-crawler.com/)"
192.99.6.138 - - [14/Apr/2022:05:48:50 +0200] "GET /athena-statue-285-cm-p-37371.html HTTP/1.0" 301 70875 "-" "Mozilla/5.0 (compatible; MJ12bot/v1.4.8; http://mj12bot.com/)"
157.90.177.217 - - [14/Apr/2022:05:48:50 +0200] "GET /black-gold-globe-decoration-p-56165.html HTTP/1.0" 200 74184 "-" "Mozilla/5.0 (compatible; BLEXBot/1.0; +http://webmeup-crawler.com/)"
192.99.14.135 - - [14/Apr/2022:05:48:51 +0200] "GET /create-your-model-design-studio-p-33636.html HTTP/1.0" 200 70966 "-" "Mozilla/5.0 (compatible; MJ12bot/v1.4.8; http://mj12bot.com/)"
157.90.177.217 - - [14/Apr/2022:05:48:53 +0200] "GET /calimero-shooter-p-57455.html HTTP/1.0" 200 73389 "-" "Mozilla/5.0 (compatible; BLEXBot/1.0; +http://webmeup-crawler.com/)"
185.191.171.39 - - [14/Apr/2022:05:48:53 +0200] "GET /geishas-mouse-cbkreation-p-23469.html HTTP/1.0" 200 73459 "-" "Mozilla/5.0 (compatible; SemrushBot/7~bl; +http://www.semrush.com/bot.html)"
192.99.14.135 - - [14/Apr/2022:05:48:55 +0200] "GET /create-your-top-model-design-studio-p-33636.html HTTP/1.0" 301 71064 "-" "Mozilla/5.0 (compatible; MJ12bot/v1.4.8; http://mj12bot.com/)"
192.99.6.138 - - [14/Apr/2022:05:48:55 +0200] "GET /-p-37371.html HTTP/1.0" 200 70808 "-" "Mozilla/5.0 (compatible; MJ12bot/v1.4.8; http://mj12bot.com/)"
54.36.148.243 - - [14/Apr/2022:05:48:55 +0200] "GET /lyon-classic-cbkreation-p-31273.html HTTP/1.0" 200 73413 "-" "Mozilla/5.0 (compatible; AhrefsBot/7.0; +http://ahrefs.com/robot/)"
157.90.177.217 - - [14/Apr/2022:05:48:55 +0200] "GET /black-gold-globe-p-57571.html HTTP/1.0" 200 74229 "-" "Mozilla/5.0 (compatible; BLEXBot/1.0; +http://webmeup-crawler.com/)"
157.90.177.217 - - [14/Apr/2022:05:48:57 +0200] "GET /calimro-ashtray-p-24159.html HTTP/1.0" 200 73336 "-" "Mozilla/5.0 (compatible; BLEXBot/1.0; +http://webmeup-crawler.com/)"
192.99.14.135 - - [14/Apr/2022:05:48:59 +0200] "GET /create-your-model-design-studio-p-33636.html HTTP/1.0" 200 70966 "-" "Mozilla/5.0 (compatible; MJ12bot/v1.4.8; http://mj12bot.com/)"
192.99.6.138 - - [14/Apr/2022:05:48:59 +0200] "GET /atlas-statue-29-cm-p-41845.html HTTP/1.0" 301 70956 "-" "Mozilla/5.0 (compatible; MJ12bot/v1.4.8; http://mj12bot.com/)"
157.90.177.217 - - [14/Apr/2022:05:49:02 +0200] "GET /calimro-ashtray-p-24162.html HTTP/1.0" 200 73336 "-" "Mozilla/5.0 (compatible; BLEXBot/1.0; +http://webmeup-crawler.com/)"
157.90.177.217 - - [14/Apr/2022:05:49:02 +0200] "GET /black-industrial-retro-aged-metal-p-44886.html HTTP/1.0" 200 74704 "-" "Mozilla/5.0 (compatible; BLEXBot/1.0; +http://webmeup-crawler.com/)"
192.99.14.135 - - [14/Apr/2022:05:49:03 +0200] "GET /creative-jewelry-set-plasticine-magical-p-27227.html HTTP/1.0" 301 70875 "-" "Mozilla/5.0 (compatible; MJ12bot/v1.4.8; http://mj12bot.com/)"
192.99.6.138 - - [14/Apr/2022:05:49:04 +0200] "GET /atlas-statue-p-41845.html HTTP/1.0" 200 70877 "-" "Mozilla/5.0 (compatible; MJ12bot/v1.4.8; http://mj12bot.com/)"
192.99.14.135 - - [14/Apr/2022:05:49:06 +0200] "GET /-p-27227.html HTTP/1.0" 200 70808 "-" "Mozilla/5.0 (compatible; MJ12bot/v1.4.8; http://mj12bot.com/)"
157.90.177.217 - - [14/Apr/2022:05:49:06 +0200] "GET /calimro-ashtray-p-24163.html HTTP/1.0" 200 73336 "-" "Mozilla/5.0 (compatible; BLEXBot/1.0; +http://webmeup-crawler.com/)"
157.90.177.217 - - [14/Apr/2022:05:49:08 +0200] "GET /black-industrial-retro-metal-p-52596.html HTTP/1.0" 200 74340 "-" "Mozilla/5.0 (compatible; BLEXBot/1.0; +http://webmeup-crawler.com/)"
192.99.14.135 - - [14/Apr/2022:05:49:09 +0200] "GET /creative-set-lollipops-sugar-paste-p-27223.html HTTP/1.0" 301 70875 "-" "Mozilla/5.0 (compatible; MJ12bot/v1.4.8; http://mj12bot.com/)"
157.90.177.217 - - [14/Apr/2022:05:49:10 +0200] "GET /calimro-ashtray-p-24164.html HTTP/1.0" 200 73336 "-" "Mozilla/5.0 (compatible; BLEXBot/1.0; +http://webmeup-crawler.com/)"
192.99.6.138 - - [14/Apr/2022:05:49:11 +0200] "GET /atlas-statue-p-41845.html HTTP/1.0" 200 70877 "-" "Mozilla/5.0 (compatible; MJ12bot/v1.4.8; http://mj12bot.com/)"
192.99.14.135 - - [14/Apr/2022:05:49:12 +0200] "GET /-p-27223.html HTTP/1.0" 200 70808 "-" "Mozilla/5.0 (compatible; MJ12bot/v1.4.8; http://mj12bot.com/)"
157.90.177.217 - - [14/Apr/2022:05:49:14 +0200] "GET /camargua-ceramic-pitcher-p-55001.html HTTP/1.0" 200 73463 "-" "Mozilla/5.0 (compatible; BLEXBot/1.0; +http://webmeup-crawler.com/)"
157.90.177.217 - - [14/Apr/2022:05:49:14 +0200] "GET /black-japanese-enameled-cast-iron-teapot-liters-p-57679.html HTTP/1.0" 200 74655 "-" "Mozilla/5.0 (compatible; BLEXBot/1.0; +http://webmeup-crawler.com/)"
192.99.6.138 - - [14/Apr/2022:05:49:14 +0200] "GET /audrey-hepburn-tiffany-small-metal-plate-postcard-p-8195.html HTTP/1.0" 200 71048 "-" "Mozilla/5.0 (compatible; MJ12bot/v1.4.8; http://mj12bot.com/)"
185.191.171.18 - - [14/Apr/2022:05:49:15 +0200] "GET /che-guevara-lamp-p-43676.html HTTP/1.0" 301 73669 "-" "Mozilla/5.0 (compatible; SemrushBot/7~bl; +http://www.semrush.com/bot.html)"
192.99.14.135 - - [14/Apr/2022:05:49:16 +0200] "GET /creative-set-mosaic-horses-p-27229.html HTTP/1.0" 301 70875 "-" "Mozilla/5.0 (compatible; MJ12bot/v1.4.8; http://mj12bot.com/)"
157.90.177.217 - - [14/Apr/2022:05:49:17 +0200] "GET /camargua-espresso-p-56488.html HTTP/1.0" 200 73468 "-" "Mozilla/5.0 (compatible; BLEXBot/1.0; +http://webmeup-crawler.com/)"
185.191.171.44 - - [14/Apr/2022:05:49:19 +0200] "GET /guevara-lamp-p-43676.html HTTP/1.0" 200 73590 "-" "Mozilla/5.0 (compatible; SemrushBot/7~bl; +http://www.semrush.com/bot.html)"
192.99.6.138 - - [14/Apr/2022:05:49:19 +0200] "GET /aurora-chocolate-mold-p-28230.html HTTP/1.0" 200 70904 "-" "Mozilla/5.0 (compatible; MJ12bot/v1.4.8; http://mj12bot.com/)"
95.217.207.61 - - [14/Apr/2022:05:49:20 +0200] "GET /cats-dubout-photo-frame-third-p-38861.html HTTP/1.0" 200 74620 "-" "Mozilla/5.0 (compatible; MJ12bot/v1.4.8; http://mj12bot.com/)"
192.99.14.135 - - [14/Apr/2022:05:49:21 +0200] "GET /-p-27229.html HTTP/1.0" 200 70808 "-" "Mozilla/5.0 (compatible; MJ12bot/v1.4.8; http://mj12bot.com/)"
185.191.171.42 - - [14/Apr/2022:05:49:22 +0200] "GET /unicorn-plush-silver-white-p-49625.html?action=add_product HTTP/1.0" 302 476 "-" "Mozilla/5.0 (compatible; SemrushBot/7~bl; +http://www.semrush.com/bot.html)"
157.90.177.217 - - [14/Apr/2022:05:49:22 +0200] "GET /camargue-metal-paper-towel-dispenser-p-43910.html HTTP/1.0" 200 73545 "-" "Mozilla/5.0 (compatible; BLEXBot/1.0; +http://webmeup-crawler.com/)"
157.90.177.217 - - [14/Apr/2022:05:49:22 +0200] "GET /black-kitchen-towel-p-44415.html HTTP/1.0" 200 73460 "-" "Mozilla/5.0 (compatible; BLEXBot/1.0; +http://webmeup-crawler.com/)"
185.191.171.15 - - [14/Apr/2022:05:49:25 +0200] "GET /-p-44876.html?action=add_product HTTP/1.0" 302 476 "-" "Mozilla/5.0 (compatible; SemrushBot/7~bl; +http://www.semrush.com/bot.html)"
192.99.14.135 - - [14/Apr/2022:05:49:24 +0200] "GET /creative-set-mosaic-horses-p-27234.html HTTP/1.0" 301 70875 "-" "Mozilla/5.0 (compatible; MJ12bot/v1.4.8; http://mj12bot.com/)"
192.99.6.138 - - [14/Apr/2022:05:49:25 +0200] "GET /aurora-figure-p-32164.html HTTP/1.0" 200 70864 "-" "Mozilla/5.0 (compatible; MJ12bot/v1.4.8; http://mj12bot.com/)"
157.90.177.217 - - [14/Apr/2022:05:49:26 +0200] "GET /camargue-potholder-p-43820.html HTTP/1.0" 200 73445 "-" "Mozilla/5.0 (compatible; BLEXBot/1.0; +http://webmeup-crawler.com/)"
192.99.6.138 - - [14/Apr/2022:05:49:28 +0200] "GET /aurora-masquerade-figurine-p-32385.html HTTP/1.0" 301 70875 "-" "Mozilla/5.0 (compatible; MJ12bot/v1.4.8; http://mj12bot.com/)"
192.99.14.135 - - [14/Apr/2022:05:49:28 +0200] "GET /-p-27234.html HTTP/1.0" 200 70808 "-" "Mozilla/5.0 (compatible; MJ12bot/v1.4.8; http://mj12bot.com/)"
157.90.177.217 - - [14/Apr/2022:05:49:29 +0200] "GET /black-metal-flask-bourbon-p-37761.html HTTP/1.0" 200 73472 "-" "Mozilla/5.0 (compatible; BLEXBot/1.0; +http://webmeup-crawler.com/)"
192.99.6.138 - - [14/Apr/2022:05:49:31 +0200] "GET /-p-32385.html HTTP/1.0" 200 70808 "-" "Mozilla/5.0 (compatible; MJ12bot/v1.4.8; http://mj12bot.com/)"
192.99.14.135 - - [14/Apr/2022:05:49:31 +0200] "GET /cuba-mouse-cbkreation-p-29813.html HTTP/1.0" 200 73474 "-" "Mozilla/5.0 (compatible; MJ12bot/v1.4.8; http://mj12bot.com/)"
157.90.177.217 - - [14/Apr/2022:05:49:31 +0200] "GET /candle-holder-crown-chakra-p-48643.html HTTP/1.0" 200 73560 "-" "Mozilla/5.0 (compatible; BLEXBot/1.0; +http://webmeup-crawler.com/)"
157.90.177.217 - - [14/Apr/2022:05:49:34 +0200] "GET /black-metal-flask-scotch-p-37759.html HTTP/1.0" 200 73464 "-" "Mozilla/5.0 (compatible; BLEXBot/1.0; +http://webmeup-crawler.com/)"
