192.99.36.166 - - [14/Apr/2022:09:13:11 +0200] "GET /swag-white-cushion-p-31463.html HTTP/1.0" 301 70875 "-" "Mozilla/5.0 (compatible; MJ12bot/v1.4.8; http://mj12bot.com/)"
158.69.243.138 - - [14/Apr/2022:09:13:12 +0200] "GET /superman-plate-p-16431.html HTTP/1.0" 200 73988 "-" "Mozilla/5.0 (compatible; MJ12bot/v1.4.8; http://mj12bot.com/)"
192.99.36.166 - - [14/Apr/2022:09:13:15 +0200] "GET /-p-31463.html HTTP/1.0" 200 70808 "-" "Mozilla/5.0 (compatible; MJ12bot/v1.4.8; http://mj12bot.com/)"
158.69.243.138 - - [14/Apr/2022:09:13:16 +0200] "GET /superman-satchel-bag-p-30370.html HTTP/1.0" 301 73769 "-" "Mozilla/5.0 (compatible; MJ12bot/v1.4.8; http://mj12bot.com/)"
185.191.171.13 - - [14/Apr/2022:09:13:17 +0200] "GET /aztec-mini-ceramic-flower-p-55313.html HTTP/1.0" 200 74319 "-" "Mozilla/5.0 (compatible; SemrushBot/7~bl; +http://www.semrush.com/bot.html)"
192.99.36.166 - - [14/Apr/2022:09:13:18 +0200] "GET /swallow-wall-decoration-29-cm-p-48636.html HTTP/1.0" 301 73617 "-" "Mozilla/5.0 (compatible; MJ12bot/v1.4.8; http://mj12bot.com/)"
158.69.243.138 - - [14/Apr/2022:09:13:20 +0200] "GET /superman-satchel-p-30370.html HTTP/1.0" 200 73686 "-" "Mozilla/5.0 (compatible; MJ12bot/v1.4.8; http://mj12bot.com/)"
192.99.36.166 - - [14/Apr/2022:09:13:21 +0200] "GET /swallow-wall-decoration-p-48636.html HTTP/1.0" 200 73527 "-" "Mozilla/5.0 (compatible; MJ12bot/v1.4.8; http://mj12bot.com/)"
158.69.243.138 - - [14/Apr/2022:09:13:23 +0200] "GET /superman-shoulder-bag-p-10663.html HTTP/1.0" 301 70980 "-" "Mozilla/5.0 (compatible; MJ12bot/v1.4.8; http://mj12bot.com/)"
192.99.36.166 - - [14/Apr/2022:09:13:24 +0200] "GET /swallow-wall-decoration-29-cm-p-51541.html HTTP/1.0" 301 70992 "-" "Mozilla/5.0 (compatible; MJ12bot/v1.4.8; http://mj12bot.com/)"
192.99.36.166 - - [14/Apr/2022:09:13:27 +0200] "GET /swallow-wall-decoration-p-51541.html HTTP/1.0" 200 70902 "-" "Mozilla/5.0 (compatible; MJ12bot/v1.4.8; http://mj12bot.com/)"
158.69.243.138 - - [14/Apr/2022:09:13:28 +0200] "GET /superman-shoulder-p-10663.html HTTP/1.0" 200 70896 "-" "Mozilla/5.0 (compatible; MJ12bot/v1.4.8; http://mj12bot.com/)"
192.99.36.166 - - [14/Apr/2022:09:13:30 +0200] "GET /sweet-holly-embroidered-pencil-case-p-11268.html HTTP/1.0" 301 70875 "-" "Mozilla/5.0 (compatible; MJ12bot/v1.4.8; http://mj12bot.com/)"
158.69.243.138 - - [14/Apr/2022:09:13:31 +0200] "GET /support-metal-bottle-the-barman-p-41700.html HTTP/1.0" 301 73687 "-" "Mozilla/5.0 (compatible; MJ12bot/v1.4.8; http://mj12bot.com/)"
192.99.36.166 - - [14/Apr/2022:09:13:33 +0200] "GET /-p-11268.html HTTP/1.0" 200 70808 "-" "Mozilla/5.0 (compatible; MJ12bot/v1.4.8; http://mj12bot.com/)"
207.46.13.160 - - [14/Apr/2022:09:13:34 +0200] "GET /burlap-round-table-set-bistrot-p-51524.html HTTP/1.0" 301 74150 "-" "Mozilla/5.0 (compatible; bingbot/2.0; +http://www.bing.com/bingbot.htm)"
158.69.243.138 - - [14/Apr/2022:09:13:35 +0200] "GET /support-metal-bottle-barman-p-41700.html HTTP/1.0" 200 73593 "-" "Mozilla/5.0 (compatible; MJ12bot/v1.4.8; http://mj12bot.com/)"
192.99.36.166 - - [14/Apr/2022:09:13:36 +0200] "GET /sweet-holly-little-shoulder-bag-p-8011.html HTTP/1.0" 301 70872 "-" "Mozilla/5.0 (compatible; MJ12bot/v1.4.8; http://mj12bot.com/)"
192.99.36.166 - - [14/Apr/2022:09:13:39 +0200] "GET /-p-8011.html HTTP/1.0" 200 70806 "-" "Mozilla/5.0 (compatible; MJ12bot/v1.4.8; http://mj12bot.com/)"
158.69.243.138 - - [14/Apr/2022:09:13:40 +0200] "GET /support-metal-bottle-the-fisherman-p-39633.html HTTP/1.0" 301 73708 "-" "Mozilla/5.0 (compatible; MJ12bot/v1.4.8; http://mj12bot.com/)"
192.99.36.166 - - [14/Apr/2022:09:13:42 +0200] "GET /sweets-tray-p-24903.html HTTP/1.0" 301 70875 "-" "Mozilla/5.0 (compatible; MJ12bot/v1.4.8; http://mj12bot.com/)"
157.90.128.183 - - [14/Apr/2022:09:13:45 +0200] "GET /images/mini_prod/1384010184165.jpg HTTP/1.0" 200 269 "-" "Mozilla/5.0 (X11; Ubuntu; Linux x86_64; rv:72.0) Gecko/20100101 Firefox/72.0"
158.69.243.138 - - [14/Apr/2022:09:13:44 +0200] "GET /support-metal-bottle-fisherman-p-39633.html HTTP/1.0" 200 73611 "-" "Mozilla/5.0 (compatible; MJ12bot/v1.4.8; http://mj12bot.com/)"
192.99.36.166 - - [14/Apr/2022:09:13:45 +0200] "GET /-p-24903.html HTTP/1.0" 200 70808 "-" "Mozilla/5.0 (compatible; MJ12bot/v1.4.8; http://mj12bot.com/)"
158.69.243.138 - - [14/Apr/2022:09:13:49 +0200] "GET /support-metal-bottle-the-rugby-p-39632.html HTTP/1.0" 301 71040 "-" "Mozilla/5.0 (compatible; MJ12bot/v1.4.8; http://mj12bot.com/)"
192.99.36.166 - - [14/Apr/2022:09:13:49 +0200] "GET /swimsuit-c-1_18.html?page=2 HTTP/1.0" 200 78417 "-" "Mozilla/5.0 (compatible; MJ12bot/v1.4.8; http://mj12bot.com/)"
192.99.36.166 - - [14/Apr/2022:09:13:52 +0200] "GET /swing-map-collection-gorjuss-p-23145.html HTTP/1.0" 301 71022 "-" "Mozilla/5.0 (compatible; MJ12bot/v1.4.8; http://mj12bot.com/)"
158.69.243.138 - - [14/Apr/2022:09:13:53 +0200] "GET /support-metal-bottle-rugby-p-39632.html HTTP/1.0" 200 70947 "-" "Mozilla/5.0 (compatible; MJ12bot/v1.4.8; http://mj12bot.com/)"
192.99.36.166 - - [14/Apr/2022:09:13:55 +0200] "GET /swing-collection-gorjuss-p-23145.html HTTP/1.0" 200 70931 "-" "Mozilla/5.0 (compatible; MJ12bot/v1.4.8; http://mj12bot.com/)"
158.69.243.138 - - [14/Apr/2022:09:13:56 +0200] "GET /surf-longboard-metal-plate-deco-p-35410.html HTTP/1.0" 301 70875 "-" "Mozilla/5.0 (compatible; MJ12bot/v1.4.8; http://mj12bot.com/)"
192.99.36.166 - - [14/Apr/2022:09:13:58 +0200] "GET /swiss-mug-by-cbk-p-33769.html HTTP/1.0" 301 73507 "-" "Mozilla/5.0 (compatible; MJ12bot/v1.4.8; http://mj12bot.com/)"
158.69.243.138 - - [14/Apr/2022:09:14:00 +0200] "GET /-p-35410.html HTTP/1.0" 200 70808 "-" "Mozilla/5.0 (compatible; MJ12bot/v1.4.8; http://mj12bot.com/)"
192.99.36.166 - - [14/Apr/2022:09:14:01 +0200] "GET /swiss-cbkreation-p-33769.html HTTP/1.0" 200 73424 "-" "Mozilla/5.0 (compatible; MJ12bot/v1.4.8; http://mj12bot.com/)"
158.69.243.138 - - [14/Apr/2022:09:14:03 +0200] "GET /surf-sur-la-vague-little-tray-19-15-cm-p-39725.html HTTP/1.0" 301 70875 "-" "Mozilla/5.0 (compatible; MJ12bot/v1.4.8; http://mj12bot.com/)"
192.99.36.166 - - [14/Apr/2022:09:14:05 +0200] "GET /swiss-mug-by-cbkreation-p-33769.html HTTP/1.0" 301 73507 "-" "Mozilla/5.0 (compatible; MJ12bot/v1.4.8; http://mj12bot.com/)"
158.69.243.138 - - [14/Apr/2022:09:14:07 +0200] "GET /-p-39725.html HTTP/1.0" 200 70808 "-" "Mozilla/5.0 (compatible; MJ12bot/v1.4.8; http://mj12bot.com/)"
192.99.36.166 - - [14/Apr/2022:09:14:08 +0200] "GET /swiss-cbkreation-p-33769.html HTTP/1.0" 200 73424 "-" "Mozilla/5.0 (compatible; MJ12bot/v1.4.8; http://mj12bot.com/)"
185.191.171.11 - - [14/Apr/2022:09:14:10 +0200] "GET /wooden-wall-decoration-to-hang-mi-casa-es-tu-casa-p-49978.html HTTP/1.0" 301 73762 "-" "Mozilla/5.0 (compatible; SemrushBot/7~bl; +http://www.semrush.com/bot.html)"
158.69.243.138 - - [14/Apr/2022:09:14:12 +0200] "GET /surfboard-wooden-wall-decoration-60-20-cm-p-41726.html HTTP/1.0" 301 71091 "-" "Mozilla/5.0 (compatible; MJ12bot/v1.4.8; http://mj12bot.com/)"
192.99.36.166 - - [14/Apr/2022:09:14:12 +0200] "GET /table-bell-85-cm-festin-familial-p-46456.html HTTP/1.0" 301 73568 "-" "Mozilla/5.0 (compatible; MJ12bot/v1.4.8; http://mj12bot.com/)"
185.191.171.42 - - [14/Apr/2022:09:14:15 +0200] "GET /wooden-wall-decoration-hang-casa-casa-p-49978.html HTTP/1.0" 200 73658 "-" "Mozilla/5.0 (compatible; SemrushBot/7~bl; +http://www.semrush.com/bot.html)"
192.99.36.166 - - [14/Apr/2022:09:14:16 +0200] "GET /table-bell-festin-familial-p-46456.html HTTP/1.0" 200 73475 "-" "Mozilla/5.0 (compatible; MJ12bot/v1.4.8; http://mj12bot.com/)"
158.69.243.138 - - [14/Apr/2022:09:14:17 +0200] "GET /surfboard-wooden-wall-decoration-p-41726.html HTTP/1.0" 200 70992 "-" "Mozilla/5.0 (compatible; MJ12bot/v1.4.8; http://mj12bot.com/)"
185.191.171.42 - - [14/Apr/2022:09:14:18 +0200] "GET /odin-resin-figure-25-cm-p-35417.html HTTP/1.0" 301 73590 "-" "Mozilla/5.0 (compatible; SemrushBot/7~bl; +http://www.semrush.com/bot.html)"
54.36.148.243 - - [14/Apr/2022:09:14:17 +0200] "GET /olives-mini-rectangular-tray-p-54917.html HTTP/1.0" 200 73591 "-" "Mozilla/5.0 (compatible; AhrefsBot/7.0; +http://ahrefs.com/robot/)"
66.249.64.158 - - [14/Apr/2022:09:14:19 +0200] "GET /little-prince-plane-figurine-p-47070.html HTTP/1.0" 200 74286 "-" "Mozilla/5.0 (Linux; Android 6.0.1; Nexus 5X Build/MMB29P) AppleWebKit/537.36 (KHTML, like Gecko) Chrome/100.0.4896.88 Mobile Safari/537.36 (compatible; Googlebot/2.1; +http://www.google.com/bot.html)"
192.99.36.166 - - [14/Apr/2022:09:14:19 +0200] "GET /table-lamp-metal-copper-color-p-48683.html HTTP/1.0" 301 70875 "-" "Mozilla/5.0 (compatible; MJ12bot/v1.4.8; http://mj12bot.com/)"
158.69.243.138 - - [14/Apr/2022:09:14:22 +0200] "GET /surfboard-wooden-wall-decoration-60-20-cm-p-41728.html HTTP/1.0" 301 71091 "-" "Mozilla/5.0 (compatible; MJ12bot/v1.4.8; http://mj12bot.com/)"
185.191.171.20 - - [14/Apr/2022:09:14:21 +0200] "GET /odin-resin-figure-p-35417.html HTTP/1.0" 200 73506 "-" "Mozilla/5.0 (compatible; SemrushBot/7~bl; +http://www.semrush.com/bot.html)"
192.99.36.166 - - [14/Apr/2022:09:14:23 +0200] "GET /-p-48683.html HTTP/1.0" 200 70808 "-" "Mozilla/5.0 (compatible; MJ12bot/v1.4.8; http://mj12bot.com/)"
158.69.243.138 - - [14/Apr/2022:09:14:26 +0200] "GET /surfboard-wooden-wall-decoration-p-41728.html HTTP/1.0" 200 70992 "-" "Mozilla/5.0 (compatible; MJ12bot/v1.4.8; http://mj12bot.com/)"
192.99.36.166 - - [14/Apr/2022:09:14:26 +0200] "GET /tis-the-season-snoopy-with-woodstocks-figurine-p-41691.html HTTP/1.0" 301 70875 "-" "Mozilla/5.0 (compatible; MJ12bot/v1.4.8; http://mj12bot.com/)"
192.99.36.166 - - [14/Apr/2022:09:14:29 +0200] "GET /-p-41691.html HTTP/1.0" 200 70808 "-" "Mozilla/5.0 (compatible; MJ12bot/v1.4.8; http://mj12bot.com/)"
158.69.243.138 - - [14/Apr/2022:09:14:30 +0200] "GET /suzuki-gsx-1300r-hayabusa-112-p-30520.html HTTP/1.0" 301 71019 "-" "Mozilla/5.0 (compatible; MJ12bot/v1.4.8; http://mj12bot.com/)"
185.191.171.9 - - [14/Apr/2022:09:14:31 +0200] "GET /love-cats-p-42694.html HTTP/1.0" 200 73371 "-" "Mozilla/5.0 (compatible; SemrushBot/7~bl; +http://www.semrush.com/bot.html)"
192.99.36.166 - - [14/Apr/2022:09:14:32 +0200] "GET /titeuf-manu-figure-p-7330.html HTTP/1.0" 301 70872 "-" "Mozilla/5.0 (compatible; MJ12bot/v1.4.8; http://mj12bot.com/)"
158.69.243.138 - - [14/Apr/2022:09:14:35 +0200] "GET /suzuki-1300r-hayabusa-p-30520.html HTTP/1.0" 200 70931 "-" "Mozilla/5.0 (compatible; MJ12bot/v1.4.8; http://mj12bot.com/)"
192.99.36.166 - - [14/Apr/2022:09:14:35 +0200] "GET /-p-7330.html HTTP/1.0" 200 70806 "-" "Mozilla/5.0 (compatible; MJ12bot/v1.4.8; http://mj12bot.com/)"
192.99.36.166 - - [14/Apr/2022:09:14:38 +0200] "GET /to-the-rescue-bernard-and-bianca-40th-anniversary-piece-p-39574.html HTTP/1.0" 301 74308 "-" "Mozilla/5.0 (compatible; MJ12bot/v1.4.8; http://mj12bot.com/)"
158.69.243.138 - - [14/Apr/2022:09:14:40 +0200] "GET /swag-white-cushion-p-31463.html HTTP/1.0" 301 70875 "-" "Mozilla/5.0 (compatible; MJ12bot/v1.4.8; http://mj12bot.com/)"
192.99.36.166 - - [14/Apr/2022:09:14:41 +0200] "GET /rescue-bernard-bianca-40th-anniversary-piece-p-39574.html HTTP/1.0" 200 74197 "-" "Mozilla/5.0 (compatible; MJ12bot/v1.4.8; http://mj12bot.com/)"
192.99.36.166 - - [14/Apr/2022:09:14:44 +0200] "GET /toaster-crazy-diner-p-24893.html HTTP/1.0" 301 70875 "-" "Mozilla/5.0 (compatible; MJ12bot/v1.4.8; http://mj12bot.com/)"
158.69.243.138 - - [14/Apr/2022:09:14:44 +0200] "GET /-p-31463.html HTTP/1.0" 200 70808 "-" "Mozilla/5.0 (compatible; MJ12bot/v1.4.8; http://mj12bot.com/)"
192.99.36.166 - - [14/Apr/2022:09:14:47 +0200] "GET /-p-24893.html HTTP/1.0" 200 70808 "-" "Mozilla/5.0 (compatible; MJ12bot/v1.4.8; http://mj12bot.com/)"
158.69.243.138 - - [14/Apr/2022:09:14:49 +0200] "GET /swallow-wall-decoration-29-cm-p-48636.html HTTP/1.0" 301 73617 "-" "Mozilla/5.0 (compatible; MJ12bot/v1.4.8; http://mj12bot.com/)"
192.99.36.166 - - [14/Apr/2022:09:14:50 +0200] "GET /toilet-brush-dinosaur-p-44885.html HTTP/1.0" 301 70875 "-" "Mozilla/5.0 (compatible; MJ12bot/v1.4.8; http://mj12bot.com/)"
158.69.243.138 - - [14/Apr/2022:09:14:52 +0200] "GET /swallow-wall-decoration-p-48636.html HTTP/1.0" 200 73527 "-" "Mozilla/5.0 (compatible; MJ12bot/v1.4.8; http://mj12bot.com/)"
192.99.36.166 - - [14/Apr/2022:09:14:53 +0200] "GET /-p-44885.html HTTP/1.0" 200 70808 "-" "Mozilla/5.0 (compatible; MJ12bot/v1.4.8; http://mj12bot.com/)"
192.99.36.166 - - [14/Apr/2022:09:14:56 +0200] "GET /toilet-paper-holder-bamboo-82-cm-p-52160.html HTTP/1.0" 301 74450 "-" "Mozilla/5.0 (compatible; MJ12bot/v1.4.8; http://mj12bot.com/)"
158.69.243.138 - - [14/Apr/2022:09:14:57 +0200] "GET /swallow-wall-decoration-29-cm-p-51541.html HTTP/1.0" 301 70992 "-" "Mozilla/5.0 (compatible; MJ12bot/v1.4.8; http://mj12bot.com/)"
192.99.36.166 - - [14/Apr/2022:09:15:00 +0200] "GET /toilet-paper-holder-bamboo-p-52160.html HTTP/1.0" 200 74357 "-" "Mozilla/5.0 (compatible; MJ12bot/v1.4.8; http://mj12bot.com/)"
158.69.243.138 - - [14/Apr/2022:09:15:02 +0200] "GET /swallow-wall-decoration-p-51541.html HTTP/1.0" 200 70902 "-" "Mozilla/5.0 (compatible; MJ12bot/v1.4.8; http://mj12bot.com/)"
192.99.36.166 - - [14/Apr/2022:09:15:03 +0200] "GET /toilet-seat-picto-wood-gray-p-41585.html HTTP/1.0" 200 73516 "-" "Mozilla/5.0 (compatible; MJ12bot/v1.4.8; http://mj12bot.com/)"
158.69.243.138 - - [14/Apr/2022:09:15:06 +0200] "GET /sweet-holly-embroidered-pencil-case-p-11268.html HTTP/1.0" 301 70875 "-" "Mozilla/5.0 (compatible; MJ12bot/v1.4.8; http://mj12bot.com/)"
192.99.36.166 - - [14/Apr/2022:09:15:08 +0200] "GET /toilet-seat-picto-wood-mdf-gray-p-41585.html HTTP/1.0" 301 73610 "-" "Mozilla/5.0 (compatible; MJ12bot/v1.4.8; http://mj12bot.com/)"
147.92.229.61 - - [14/Apr/2022:09:15:11 +0200] "GET /images/mini_prod/DSCN6817.jpg HTTP/1.0" 200 264 "-" "Mozilla/5.0 (X11; Ubuntu; Linux x86_64; rv:72.0) Gecko/20100101 Firefox/72.0"
158.69.243.138 - - [14/Apr/2022:09:15:10 +0200] "GET /-p-11268.html HTTP/1.0" 200 70808 "-" "Mozilla/5.0 (compatible; MJ12bot/v1.4.8; http://mj12bot.com/)"
192.99.36.166 - - [14/Apr/2022:09:15:11 +0200] "GET /toilet-seat-picto-wood-gray-p-41585.html HTTP/1.0" 200 73516 "-" "Mozilla/5.0 (compatible; MJ12bot/v1.4.8; http://mj12bot.com/)"
158.69.243.138 - - [14/Apr/2022:09:15:14 +0200] "GET /sweet-holly-little-shoulder-bag-p-8011.html HTTP/1.0" 301 70872 "-" "Mozilla/5.0 (compatible; MJ12bot/v1.4.8; http://mj12bot.com/)"
192.99.36.166 - - [14/Apr/2022:09:15:16 +0200] "GET /tom-and-jerry-toddler-flatware-set-p-14878.html HTTP/1.0" 301 74016 "-" "Mozilla/5.0 (compatible; MJ12bot/v1.4.8; http://mj12bot.com/)"
158.69.243.138 - - [14/Apr/2022:09:15:18 +0200] "GET /-p-8011.html HTTP/1.0" 200 70806 "-" "Mozilla/5.0 (compatible; MJ12bot/v1.4.8; http://mj12bot.com/)"
192.99.36.166 - - [14/Apr/2022:09:15:19 +0200] "GET /jerry-toddler-flatware-p-14878.html HTTP/1.0" 200 73927 "-" "Mozilla/5.0 (compatible; MJ12bot/v1.4.8; http://mj12bot.com/)"
158.69.243.138 - - [14/Apr/2022:09:15:23 +0200] "GET /sweets-tray-p-24903.html HTTP/1.0" 301 70875 "-" "Mozilla/5.0 (compatible; MJ12bot/v1.4.8; http://mj12bot.com/)"
192.99.36.166 - - [14/Apr/2022:09:15:23 +0200] "GET /tony-parker-nba-polar-blanket-p-31999.html HTTP/1.0" 301 71028 "-" "Mozilla/5.0 (compatible; MJ12bot/v1.4.8; http://mj12bot.com/)"
158.69.243.138 - - [14/Apr/2022:09:15:26 +0200] "GET /-p-24903.html HTTP/1.0" 200 70808 "-" "Mozilla/5.0 (compatible; MJ12bot/v1.4.8; http://mj12bot.com/)"
192.99.36.166 - - [14/Apr/2022:09:15:27 +0200] "GET /tony-parker-polar-blanket-p-31999.html HTTP/1.0" 200 70936 "-" "Mozilla/5.0 (compatible; MJ12bot/v1.4.8; http://mj12bot.com/)"
54.36.148.243 - - [14/Apr/2022:09:15:30 +0200] "GET /round-glass-ashtray-cendrier-chef-p-42840.html HTTP/1.0" 200 73574 "-" "Mozilla/5.0 (compatible; AhrefsBot/7.0; +http://ahrefs.com/robot/)"
158.69.243.138 - - [14/Apr/2022:09:15:30 +0200] "GET /swimsuit-c-1_18.html?page=2 HTTP/1.0" 200 78417 "-" "Mozilla/5.0 (compatible; MJ12bot/v1.4.8; http://mj12bot.com/)"
192.99.36.166 - - [14/Apr/2022:09:15:31 +0200] "GET /top-model-album-magic-p-21510.html HTTP/1.0" 301 70875 "-" "Mozilla/5.0 (compatible; MJ12bot/v1.4.8; http://mj12bot.com/)"
192.99.36.166 - - [14/Apr/2022:09:15:35 +0200] "GET /-p-21510.html HTTP/1.0" 200 70808 "-" "Mozilla/5.0 (compatible; MJ12bot/v1.4.8; http://mj12bot.com/)"
158.69.243.138 - - [14/Apr/2022:09:15:36 +0200] "GET /swing-map-collection-gorjuss-p-23145.html HTTP/1.0" 301 71022 "-" "Mozilla/5.0 (compatible; MJ12bot/v1.4.8; http://mj12bot.com/)"
185.191.171.19 - - [14/Apr/2022:09:15:38 +0200] "GET /small-wooden-butterflies-ribbon-p-37616.html?action=add_product HTTP/1.0" 302 476 "-" "Mozilla/5.0 (compatible; SemrushBot/7~bl; +http://www.semrush.com/bot.html)"
192.99.36.166 - - [14/Apr/2022:09:15:38 +0200] "GET /top-model-blue-messenger-bag-p-34282.html HTTP/1.0" 301 71010 "-" "Mozilla/5.0 (compatible; MJ12bot/v1.4.8; http://mj12bot.com/)"
158.69.243.138 - - [14/Apr/2022:09:15:40 +0200] "GET /swing-collection-gorjuss-p-23145.html HTTP/1.0" 200 70931 "-" "Mozilla/5.0 (compatible; MJ12bot/v1.4.8; http://mj12bot.com/)"
192.99.36.166 - - [14/Apr/2022:09:15:41 +0200] "GET /model-blue-messenger-p-34282.html HTTP/1.0" 200 70923 "-" "Mozilla/5.0 (compatible; MJ12bot/v1.4.8; http://mj12bot.com/)"
158.69.243.138 - - [14/Apr/2022:09:15:43 +0200] "GET /swiss-mug-by-cbk-p-33769.html HTTP/1.0" 301 73507 "-" "Mozilla/5.0 (compatible; MJ12bot/v1.4.8; http://mj12bot.com/)"
192.99.36.166 - - [14/Apr/2022:09:15:43 +0200] "GET /top-model-brush-p-35163.html HTTP/1.0" 301 70875 "-" "Mozilla/5.0 (compatible; MJ12bot/v1.4.8; http://mj12bot.com/)"
192.99.36.166 - - [14/Apr/2022:09:15:47 +0200] "GET /-p-35163.html HTTP/1.0" 200 70808 "-" "Mozilla/5.0 (compatible; MJ12bot/v1.4.8; http://mj12bot.com/)"
158.69.243.138 - - [14/Apr/2022:09:15:48 +0200] "GET /swiss-cbkreation-p-33769.html HTTP/1.0" 200 73424 "-" "Mozilla/5.0 (compatible; MJ12bot/v1.4.8; http://mj12bot.com/)"
192.99.36.166 - - [14/Apr/2022:09:15:50 +0200] "GET /top-model-cosmetic-bag-p-24986.html HTTP/1.0" 301 70971 "-" "Mozilla/5.0 (compatible; MJ12bot/v1.4.8; http://mj12bot.com/)"
192.99.36.166 - - [14/Apr/2022:09:15:53 +0200] "GET /model-cosmtic-p-24986.html HTTP/1.0" 200 70891 "-" "Mozilla/5.0 (compatible; MJ12bot/v1.4.8; http://mj12bot.com/)"
158.69.243.138 - - [14/Apr/2022:09:15:53 +0200] "GET /swiss-mug-by-cbkreation-p-33769.html HTTP/1.0" 301 73507 "-" "Mozilla/5.0 (compatible; MJ12bot/v1.4.8; http://mj12bot.com/)"
192.99.36.166 - - [14/Apr/2022:09:15:56 +0200] "GET /top-model-creative-beads-set-p-17582.html HTTP/1.0" 301 70875 "-" "Mozilla/5.0 (compatible; MJ12bot/v1.4.8; http://mj12bot.com/)"
158.69.243.138 - - [14/Apr/2022:09:15:57 +0200] "GET /swiss-cbkreation-p-33769.html HTTP/1.0" 200 73424 "-" "Mozilla/5.0 (compatible; MJ12bot/v1.4.8; http://mj12bot.com/)"
192.99.36.166 - - [14/Apr/2022:09:15:59 +0200] "GET /-p-17582.html HTTP/1.0" 200 70808 "-" "Mozilla/5.0 (compatible; MJ12bot/v1.4.8; http://mj12bot.com/)"
158.69.243.138 - - [14/Apr/2022:09:16:01 +0200] "GET /table-bell-85-cm-festin-familial-p-46456.html HTTP/1.0" 301 73568 "-" "Mozilla/5.0 (compatible; MJ12bot/v1.4.8; http://mj12bot.com/)"
192.99.36.166 - - [14/Apr/2022:09:16:02 +0200] "GET /top-model-creative-beads-set-p-29900.html HTTP/1.0" 301 70875 "-" "Mozilla/5.0 (compatible; MJ12bot/v1.4.8; http://mj12bot.com/)"
192.99.36.166 - - [14/Apr/2022:09:16:05 +0200] "GET /-p-29900.html HTTP/1.0" 200 70808 "-" "Mozilla/5.0 (compatible; MJ12bot/v1.4.8; http://mj12bot.com/)"
185.191.171.15 - - [14/Apr/2022:09:16:05 +0200] "GET /happy-colors-creativity-mini-mug-p-22336.html HTTP/1.0" 301 71046 "-" "Mozilla/5.0 (compatible; SemrushBot/7~bl; +http://www.semrush.com/bot.html)"
158.69.243.138 - - [14/Apr/2022:09:16:06 +0200] "GET /table-bell-festin-familial-p-46456.html HTTP/1.0" 200 73475 "-" "Mozilla/5.0 (compatible; MJ12bot/v1.4.8; http://mj12bot.com/)"
192.99.36.166 - - [14/Apr/2022:09:16:08 +0200] "GET /top-model-creative-set-p-24981.html HTTP/1.0" 301 70974 "-" "Mozilla/5.0 (compatible; MJ12bot/v1.4.8; http://mj12bot.com/)"
185.191.171.35 - - [14/Apr/2022:09:16:08 +0200] "GET /happy-colors-creativity-mini-p-22336.html HTTP/1.0" 200 70951 "-" "Mozilla/5.0 (compatible; SemrushBot/7~bl; +http://www.semrush.com/bot.html)"
192.99.36.166 - - [14/Apr/2022:09:16:10 +0200] "GET /model-creative-p-24981.html HTTP/1.0" 200 70893 "-" "Mozilla/5.0 (compatible; MJ12bot/v1.4.8; http://mj12bot.com/)"
158.69.243.138 - - [14/Apr/2022:09:16:11 +0200] "GET /table-lamp-metal-copper-color-p-48683.html HTTP/1.0" 301 70875 "-" "Mozilla/5.0 (compatible; MJ12bot/v1.4.8; http://mj12bot.com/)"
185.191.171.33 - - [14/Apr/2022:09:16:11 +0200] "GET /bolster-case-45-185-cm-red-p-36450.html HTTP/1.0" 301 73753 "-" "Mozilla/5.0 (compatible; SemrushBot/7~bl; +http://www.semrush.com/bot.html)"
192.99.36.166 - - [14/Apr/2022:09:16:13 +0200] "GET /top-model-criterium-p-35449.html HTTP/1.0" 301 73567 "-" "Mozilla/5.0 (compatible; MJ12bot/v1.4.8; http://mj12bot.com/)"
158.69.243.138 - - [14/Apr/2022:09:16:14 +0200] "GET /-p-48683.html HTTP/1.0" 200 70808 "-" "Mozilla/5.0 (compatible; MJ12bot/v1.4.8; http://mj12bot.com/)"
185.191.171.3 - - [14/Apr/2022:09:16:15 +0200] "GET /bolster-case-p-36450.html HTTP/1.0" 200 73674 "-" "Mozilla/5.0 (compatible; SemrushBot/7~bl; +http://www.semrush.com/bot.html)"
192.99.36.166 - - [14/Apr/2022:09:16:16 +0200] "GET /model-criterium-p-35449.html HTTP/1.0" 200 73485 "-" "Mozilla/5.0 (compatible; MJ12bot/v1.4.8; http://mj12bot.com/)"
158.69.243.138 - - [14/Apr/2022:09:16:17 +0200] "GET /tis-the-season-snoopy-with-woodstocks-figurine-p-41691.html HTTP/1.0" 301 70875 "-" "Mozilla/5.0 (compatible; MJ12bot/v1.4.8; http://mj12bot.com/)"
185.191.171.4 - - [14/Apr/2022:09:16:19 +0200] "GET /rectangular-clock-quote-50-cm-p-42930.html HTTP/1.0" 301 73607 "-" "Mozilla/5.0 (compatible; SemrushBot/7~bl; +http://www.semrush.com/bot.html)"
192.99.36.166 - - [14/Apr/2022:09:16:20 +0200] "GET /top-model-fantasy-colouring-book-p-29905.html HTTP/1.0" 301 70875 "-" "Mozilla/5.0 (compatible; MJ12bot/v1.4.8; http://mj12bot.com/)"
158.69.243.138 - - [14/Apr/2022:09:16:21 +0200] "GET /-p-41691.html HTTP/1.0" 200 70808 "-" "Mozilla/5.0 (compatible; MJ12bot/v1.4.8; http://mj12bot.com/)"
185.191.171.42 - - [14/Apr/2022:09:16:22 +0200] "GET /rectangular-clock-quote-p-42930.html HTTP/1.0" 200 73517 "-" "Mozilla/5.0 (compatible; SemrushBot/7~bl; +http://www.semrush.com/bot.html)"
192.99.36.166 - - [14/Apr/2022:09:16:24 +0200] "GET /-p-29905.html HTTP/1.0" 200 70808 "-" "Mozilla/5.0 (compatible; MJ12bot/v1.4.8; http://mj12bot.com/)"
158.69.243.138 - - [14/Apr/2022:09:16:26 +0200] "GET /titeuf-manu-figure-p-7330.html HTTP/1.0" 301 70872 "-" "Mozilla/5.0 (compatible; MJ12bot/v1.4.8; http://mj12bot.com/)"
192.99.36.166 - - [14/Apr/2022:09:16:27 +0200] "GET /top-model-fantasy-desk-blotter-p-26640.html HTTP/1.0" 301 71034 "-" "Mozilla/5.0 (compatible; MJ12bot/v1.4.8; http://mj12bot.com/)"
192.99.36.166 - - [14/Apr/2022:09:16:30 +0200] "GET /model-fantasy-desk-blotter-p-26640.html HTTP/1.0" 200 70941 "-" "Mozilla/5.0 (compatible; MJ12bot/v1.4.8; http://mj12bot.com/)"
158.69.243.138 - - [14/Apr/2022:09:16:30 +0200] "GET /-p-7330.html HTTP/1.0" 200 70806 "-" "Mozilla/5.0 (compatible; MJ12bot/v1.4.8; http://mj12bot.com/)"
192.99.36.166 - - [14/Apr/2022:09:16:33 +0200] "GET /top-model-fantasy-pegasus-personal-diary-p-35452.html HTTP/1.0" 301 70875 "-" "Mozilla/5.0 (compatible; MJ12bot/v1.4.8; http://mj12bot.com/)"
158.69.243.138 - - [14/Apr/2022:09:16:34 +0200] "GET /to-the-rescue-bernard-and-bianca-40th-anniversary-piece-p-39574.html HTTP/1.0" 301 74308 "-" "Mozilla/5.0 (compatible; MJ12bot/v1.4.8; http://mj12bot.com/)"
192.99.36.166 - - [14/Apr/2022:09:16:36 +0200] "GET /-p-35452.html HTTP/1.0" 200 70808 "-" "Mozilla/5.0 (compatible; MJ12bot/v1.4.8; http://mj12bot.com/)"
158.69.243.138 - - [14/Apr/2022:09:16:37 +0200] "GET /rescue-bernard-bianca-40th-anniversary-piece-p-39574.html HTTP/1.0" 200 74197 "-" "Mozilla/5.0 (compatible; MJ12bot/v1.4.8; http://mj12bot.com/)"
192.99.36.166 - - [14/Apr/2022:09:16:39 +0200] "GET /top-model-fantasy-pencil-case-p-23257.html HTTP/1.0" 301 71028 "-" "Mozilla/5.0 (compatible; MJ12bot/v1.4.8; http://mj12bot.com/)"
20.236.40.50 - - [14/Apr/2022:09:16:41 +0200] "GET /images/mini_prod/4029811331512.jpg HTTP/1.0" 200 269 "-" "Mozilla/5.0 (X11; Ubuntu; Linux x86_64; rv:72.0) Gecko/20100101 Firefox/72.0"
158.69.243.138 - - [14/Apr/2022:09:16:41 +0200] "GET /toaster-crazy-diner-p-24893.html HTTP/1.0" 301 70875 "-" "Mozilla/5.0 (compatible; MJ12bot/v1.4.8; http://mj12bot.com/)"
54.36.148.243 - - [14/Apr/2022:09:16:41 +0200] "GET /magnets-gustav-klimt-p-51681.html HTTP/1.0" 200 73544 "-" "Mozilla/5.0 (compatible; AhrefsBot/7.0; +http://ahrefs.com/robot/)"
192.99.36.166 - - [14/Apr/2022:09:16:41 +0200] "GET /model-fantasy-pencil-case-p-23257.html HTTP/1.0" 200 70936 "-" "Mozilla/5.0 (compatible; MJ12bot/v1.4.8; http://mj12bot.com/)"
158.69.243.138 - - [14/Apr/2022:09:16:45 +0200] "GET /-p-24893.html HTTP/1.0" 200 70808 "-" "Mozilla/5.0 (compatible; MJ12bot/v1.4.8; http://mj12bot.com/)"
192.99.36.166 - - [14/Apr/2022:09:16:45 +0200] "GET /top-model-fantasy-pink-roller-ball-p-24984.html HTTP/1.0" 301 71058 "-" "Mozilla/5.0 (compatible; MJ12bot/v1.4.8; http://mj12bot.com/)"
192.99.36.166 - - [14/Apr/2022:09:16:48 +0200] "GET /model-fantasy-pink-roller-ball-p-24984.html HTTP/1.0" 200 70961 "-" "Mozilla/5.0 (compatible; MJ12bot/v1.4.8; http://mj12bot.com/)"
158.69.243.138 - - [14/Apr/2022:09:16:49 +0200] "GET /toilet-brush-dinosaur-p-44885.html HTTP/1.0" 301 70875 "-" "Mozilla/5.0 (compatible; MJ12bot/v1.4.8; http://mj12bot.com/)"
185.191.171.8 - - [14/Apr/2022:09:16:50 +0200] "GET /thor-marvel-p-26008.html HTTP/1.0" 200 73365 "-" "Mozilla/5.0 (compatible; SemrushBot/7~bl; +http://www.semrush.com/bot.html)"
192.99.36.166 - - [14/Apr/2022:09:16:51 +0200] "GET /top-model-fantasy-roller-ball-p-29907.html HTTP/1.0" 301 71028 "-" "Mozilla/5.0 (compatible; MJ12bot/v1.4.8; http://mj12bot.com/)"
158.69.243.138 - - [14/Apr/2022:09:16:53 +0200] "GET /-p-44885.html HTTP/1.0" 200 70808 "-" "Mozilla/5.0 (compatible; MJ12bot/v1.4.8; http://mj12bot.com/)"
192.99.36.166 - - [14/Apr/2022:09:16:54 +0200] "GET /model-fantasy-roller-ball-p-29907.html HTTP/1.0" 200 70936 "-" "Mozilla/5.0 (compatible; MJ12bot/v1.4.8; http://mj12bot.com/)"
158.69.243.138 - - [14/Apr/2022:09:16:57 +0200] "GET /toilet-paper-holder-bamboo-82-cm-p-52160.html HTTP/1.0" 301 74450 "-" "Mozilla/5.0 (compatible; MJ12bot/v1.4.8; http://mj12bot.com/)"
192.99.36.166 - - [14/Apr/2022:09:16:58 +0200] "GET /top-model-fantasy-roller-ball-p-29909.html HTTP/1.0" 301 71028 "-" "Mozilla/5.0 (compatible; MJ12bot/v1.4.8; http://mj12bot.com/)"
158.69.243.138 - - [14/Apr/2022:09:17:01 +0200] "GET /toilet-paper-holder-bamboo-p-52160.html HTTP/1.0" 200 74357 "-" "Mozilla/5.0 (compatible; MJ12bot/v1.4.8; http://mj12bot.com/)"
192.99.36.166 - - [14/Apr/2022:09:17:02 +0200] "GET /model-fantasy-roller-ball-p-29909.html HTTP/1.0" 200 70936 "-" "Mozilla/5.0 (compatible; MJ12bot/v1.4.8; http://mj12bot.com/)"
158.69.243.138 - - [14/Apr/2022:09:17:05 +0200] "GET /toilet-seat-picto-wood-gray-p-41585.html HTTP/1.0" 200 73516 "-" "Mozilla/5.0 (compatible; MJ12bot/v1.4.8; http://mj12bot.com/)"
192.99.36.166 - - [14/Apr/2022:09:17:06 +0200] "GET /triumph-white-mug-p-43541.html HTTP/1.0" 301 70956 "-" "Mozilla/5.0 (compatible; MJ12bot/v1.4.8; http://mj12bot.com/)"
192.99.36.166 - - [14/Apr/2022:09:17:08 +0200] "GET /triumph-white-p-43541.html HTTP/1.0" 200 70876 "-" "Mozilla/5.0 (compatible; MJ12bot/v1.4.8; http://mj12bot.com/)"
158.69.243.138 - - [14/Apr/2022:09:17:09 +0200] "GET /toilet-seat-picto-wood-mdf-gray-p-41585.html HTTP/1.0" 301 73610 "-" "Mozilla/5.0 (compatible; MJ12bot/v1.4.8; http://mj12bot.com/)"
160.19.143.2 - - [14/Apr/2022:09:17:11 +0200] "GET /contact_us.php HTTP/1.0" 200 26241 "http://www.wonder-geek.com/contact_us.php" "Mozilla/5.0 (Windows NT 6.3; ) AppleWebKit/537.36 (KHTML, like Gecko) Chrome/83.0.4103.61 Safari/537.36"
192.99.36.166 - - [14/Apr/2022:09:17:11 +0200] "GET /trivet-and-boards-cut-c-12_158.html?page=7 HTTP/1.0" 301 94674 "-" "Mozilla/5.0 (compatible; MJ12bot/v1.4.8; http://mj12bot.com/)"
158.69.243.138 - - [14/Apr/2022:09:17:13 +0200] "GET /toilet-seat-picto-wood-gray-p-41585.html HTTP/1.0" 200 73516 "-" "Mozilla/5.0 (compatible; MJ12bot/v1.4.8; http://mj12bot.com/)"
192.99.36.166 - - [14/Apr/2022:09:17:14 +0200] "GET /trivet-boards-c-158.html?page=7 HTTP/1.0" 301 94573 "-" "Mozilla/5.0 (compatible; MJ12bot/v1.4.8; http://mj12bot.com/)"
158.69.243.138 - - [14/Apr/2022:09:17:17 +0200] "GET /tom-and-jerry-toddler-flatware-set-p-14878.html HTTP/1.0" 301 74016 "-" "Mozilla/5.0 (compatible; MJ12bot/v1.4.8; http://mj12bot.com/)"
192.99.36.166 - - [14/Apr/2022:09:17:17 +0200] "GET /trivet-boards-c-12_158.html?page=7 HTTP/1.0" 200 94589 "-" "Mozilla/5.0 (compatible; MJ12bot/v1.4.8; http://mj12bot.com/)"
192.99.36.166 - - [14/Apr/2022:09:17:21 +0200] "GET /trivet-boards-c-158.html?page=7 HTTP/1.0" 301 94573 "-" "Mozilla/5.0 (compatible; MJ12bot/v1.4.8; http://mj12bot.com/)"
158.69.243.138 - - [14/Apr/2022:09:17:21 +0200] "GET /jerry-toddler-flatware-p-14878.html HTTP/1.0" 200 73927 "-" "Mozilla/5.0 (compatible; MJ12bot/v1.4.8; http://mj12bot.com/)"
192.99.36.166 - - [14/Apr/2022:09:17:23 +0200] "GET /trivet-boards-c-12_158.html?page=7 HTTP/1.0" 200 94589 "-" "Mozilla/5.0 (compatible; MJ12bot/v1.4.8; http://mj12bot.com/)"
158.69.243.138 - - [14/Apr/2022:09:17:25 +0200] "GET /tony-parker-nba-polar-blanket-p-31999.html HTTP/1.0" 301 71028 "-" "Mozilla/5.0 (compatible; MJ12bot/v1.4.8; http://mj12bot.com/)"
158.69.243.138 - - [14/Apr/2022:09:17:28 +0200] "GET /tony-parker-polar-blanket-p-31999.html HTTP/1.0" 200 70936 "-" "Mozilla/5.0 (compatible; MJ12bot/v1.4.8; http://mj12bot.com/)"
158.69.243.138 - - [14/Apr/2022:09:17:32 +0200] "GET /top-model-album-magic-p-21510.html HTTP/1.0" 301 70875 "-" "Mozilla/5.0 (compatible; MJ12bot/v1.4.8; http://mj12bot.com/)"
66.249.64.146 - - [14/Apr/2022:09:17:35 +0200] "GET /marley-pencil-p-5064.html HTTP/1.0" 200 73491 "-" "Mozilla/5.0 (compatible; Googlebot/2.1; +http://www.google.com/bot.html)"
158.69.243.138 - - [14/Apr/2022:09:17:37 +0200] "GET /-p-21510.html HTTP/1.0" 200 70808 "-" "Mozilla/5.0 (compatible; MJ12bot/v1.4.8; http://mj12bot.com/)"
158.69.243.138 - - [14/Apr/2022:09:17:41 +0200] "GET /top-model-blue-messenger-bag-p-34282.html HTTP/1.0" 301 71010 "-" "Mozilla/5.0 (compatible; MJ12bot/v1.4.8; http://mj12bot.com/)"
158.69.243.138 - - [14/Apr/2022:09:17:45 +0200] "GET /model-blue-messenger-p-34282.html HTTP/1.0" 200 70923 "-" "Mozilla/5.0 (compatible; MJ12bot/v1.4.8; http://mj12bot.com/)"
158.69.243.138 - - [14/Apr/2022:09:17:48 +0200] "GET /top-model-brush-p-35163.html HTTP/1.0" 301 70875 "-" "Mozilla/5.0 (compatible; MJ12bot/v1.4.8; http://mj12bot.com/)"
158.69.243.138 - - [14/Apr/2022:09:17:52 +0200] "GET /-p-35163.html HTTP/1.0" 200 70808 "-" "Mozilla/5.0 (compatible; MJ12bot/v1.4.8; http://mj12bot.com/)"
54.36.148.243 - - [14/Apr/2022:09:17:57 +0200] "GET /mattress-protector-tray-shape-p-44817.html HTTP/1.0" 200 73634 "-" "Mozilla/5.0 (compatible; AhrefsBot/7.0; +http://ahrefs.com/robot/)"
158.69.243.138 - - [14/Apr/2022:09:17:57 +0200] "GET /top-model-cosmetic-bag-p-24986.html HTTP/1.0" 301 70971 "-" "Mozilla/5.0 (compatible; MJ12bot/v1.4.8; http://mj12bot.com/)"
158.69.243.138 - - [14/Apr/2022:09:18:02 +0200] "GET /model-cosmtic-p-24986.html HTTP/1.0" 200 70891 "-" "Mozilla/5.0 (compatible; MJ12bot/v1.4.8; http://mj12bot.com/)"
185.191.171.5 - - [14/Apr/2022:09:18:06 +0200] "GET /shadow-cats-p-45720.html HTTP/1.0" 200 73370 "-" "Mozilla/5.0 (compatible; SemrushBot/7~bl; +http://www.semrush.com/bot.html)"
158.69.243.138 - - [14/Apr/2022:09:18:07 +0200] "GET /top-model-creative-beads-set-p-17582.html HTTP/1.0" 301 70875 "-" "Mozilla/5.0 (compatible; MJ12bot/v1.4.8; http://mj12bot.com/)"
185.191.171.33 - - [14/Apr/2022:09:18:09 +0200] "GET /gray-metal-chandelier-p-55143.html?action=add_product HTTP/1.0" 302 476 "-" "Mozilla/5.0 (compatible; SemrushBot/7~bl; +http://www.semrush.com/bot.html)"
158.69.243.138 - - [14/Apr/2022:09:18:13 +0200] "GET /-p-17582.html HTTP/1.0" 200 70808 "-" "Mozilla/5.0 (compatible; MJ12bot/v1.4.8; http://mj12bot.com/)"
158.69.243.138 - - [14/Apr/2022:09:18:18 +0200] "GET /top-model-creative-beads-set-p-29900.html HTTP/1.0" 301 70875 "-" "Mozilla/5.0 (compatible; MJ12bot/v1.4.8; http://mj12bot.com/)"
158.69.243.138 - - [14/Apr/2022:09:18:22 +0200] "GET /-p-29900.html HTTP/1.0" 200 70808 "-" "Mozilla/5.0 (compatible; MJ12bot/v1.4.8; http://mj12bot.com/)"
158.69.243.138 - - [14/Apr/2022:09:18:27 +0200] "GET /top-model-creative-set-p-24981.html HTTP/1.0" 301 70974 "-" "Mozilla/5.0 (compatible; MJ12bot/v1.4.8; http://mj12bot.com/)"
158.69.243.138 - - [14/Apr/2022:09:18:32 +0200] "GET /model-creative-p-24981.html HTTP/1.0" 200 70893 "-" "Mozilla/5.0 (compatible; MJ12bot/v1.4.8; http://mj12bot.com/)"
185.191.171.33 - - [14/Apr/2022:09:18:36 +0200] "GET /home-and-decoration-c-13.html?page=110 HTTP/1.0" 301 93448 "-" "Mozilla/5.0 (compatible; SemrushBot/7~bl; +http://www.semrush.com/bot.html)"
158.69.243.138 - - [14/Apr/2022:09:18:36 +0200] "GET /top-model-criterium-p-35449.html HTTP/1.0" 301 73567 "-" "Mozilla/5.0 (compatible; MJ12bot/v1.4.8; http://mj12bot.com/)"
185.191.171.39 - - [14/Apr/2022:09:18:40 +0200] "GET /home-decoration-c-13.html?page=110 HTTP/1.0" 200 93360 "-" "Mozilla/5.0 (compatible; SemrushBot/7~bl; +http://www.semrush.com/bot.html)"
158.69.243.138 - - [14/Apr/2022:09:18:42 +0200] "GET /model-criterium-p-35449.html HTTP/1.0" 200 73485 "-" "Mozilla/5.0 (compatible; MJ12bot/v1.4.8; http://mj12bot.com/)"
158.69.243.138 - - [14/Apr/2022:09:18:47 +0200] "GET /top-model-fantasy-colouring-book-p-29905.html HTTP/1.0" 301 70875 "-" "Mozilla/5.0 (compatible; MJ12bot/v1.4.8; http://mj12bot.com/)"
158.69.243.138 - - [14/Apr/2022:09:18:51 +0200] "GET /-p-29905.html HTTP/1.0" 200 70808 "-" "Mozilla/5.0 (compatible; MJ12bot/v1.4.8; http://mj12bot.com/)"
158.69.243.138 - - [14/Apr/2022:09:18:54 +0200] "GET /top-model-fantasy-desk-blotter-p-26640.html HTTP/1.0" 301 71034 "-" "Mozilla/5.0 (compatible; MJ12bot/v1.4.8; http://mj12bot.com/)"
158.69.243.138 - - [14/Apr/2022:09:18:58 +0200] "GET /model-fantasy-desk-blotter-p-26640.html HTTP/1.0" 200 70941 "-" "Mozilla/5.0 (compatible; MJ12bot/v1.4.8; http://mj12bot.com/)"
158.69.243.138 - - [14/Apr/2022:09:19:03 +0200] "GET /top-model-fantasy-pegasus-personal-diary-p-35452.html HTTP/1.0" 301 70875 "-" "Mozilla/5.0 (compatible; MJ12bot/v1.4.8; http://mj12bot.com/)"
158.69.243.138 - - [14/Apr/2022:09:19:06 +0200] "GET /-p-35452.html HTTP/1.0" 200 70808 "-" "Mozilla/5.0 (compatible; MJ12bot/v1.4.8; http://mj12bot.com/)"
158.69.243.138 - - [14/Apr/2022:09:19:10 +0200] "GET /top-model-fantasy-pencil-case-p-23257.html HTTP/1.0" 301 71028 "-" "Mozilla/5.0 (compatible; MJ12bot/v1.4.8; http://mj12bot.com/)"
158.69.243.138 - - [14/Apr/2022:09:19:13 +0200] "GET /model-fantasy-pencil-case-p-23257.html HTTP/1.0" 200 70936 "-" "Mozilla/5.0 (compatible; MJ12bot/v1.4.8; http://mj12bot.com/)"
54.36.148.243 - - [14/Apr/2022:09:19:18 +0200] "GET /backpacks-c-31_77.html?page=4 HTTP/1.0" 200 93912 "-" "Mozilla/5.0 (compatible; AhrefsBot/7.0; +http://ahrefs.com/robot/)"
158.69.243.138 - - [14/Apr/2022:09:19:19 +0200] "GET /top-model-fantasy-pink-roller-ball-p-24984.html HTTP/1.0" 301 71058 "-" "Mozilla/5.0 (compatible; MJ12bot/v1.4.8; http://mj12bot.com/)"
158.69.243.138 - - [14/Apr/2022:09:19:23 +0200] "GET /model-fantasy-pink-roller-ball-p-24984.html HTTP/1.0" 200 70961 "-" "Mozilla/5.0 (compatible; MJ12bot/v1.4.8; http://mj12bot.com/)"
158.69.243.138 - - [14/Apr/2022:09:19:27 +0200] "GET /top-model-fantasy-roller-ball-p-29907.html HTTP/1.0" 301 71028 "-" "Mozilla/5.0 (compatible; MJ12bot/v1.4.8; http://mj12bot.com/)"
158.69.243.138 - - [14/Apr/2022:09:19:31 +0200] "GET /model-fantasy-roller-ball-p-29907.html HTTP/1.0" 200 70936 "-" "Mozilla/5.0 (compatible; MJ12bot/v1.4.8; http://mj12bot.com/)"
158.69.243.138 - - [14/Apr/2022:09:19:36 +0200] "GET /top-model-fantasy-roller-ball-p-29909.html HTTP/1.0" 301 71028 "-" "Mozilla/5.0 (compatible; MJ12bot/v1.4.8; http://mj12bot.com/)"
20.236.40.50 - - [14/Apr/2022:09:19:38 +0200] "GET /images/mini_prod/3296580363605.jpg HTTP/1.0" 200 269 "-" "Mozilla/5.0 (X11; Ubuntu; Linux x86_64; rv:72.0) Gecko/20100101 Firefox/72.0"
158.69.243.138 - - [14/Apr/2022:09:19:39 +0200] "GET /model-fantasy-roller-ball-p-29909.html HTTP/1.0" 200 70936 "-" "Mozilla/5.0 (compatible; MJ12bot/v1.4.8; http://mj12bot.com/)"
158.69.243.138 - - [14/Apr/2022:09:19:43 +0200] "GET /triumph-white-mug-p-43541.html HTTP/1.0" 301 70956 "-" "Mozilla/5.0 (compatible; MJ12bot/v1.4.8; http://mj12bot.com/)"
158.69.243.138 - - [14/Apr/2022:09:19:46 +0200] "GET /triumph-white-p-43541.html HTTP/1.0" 200 70876 "-" "Mozilla/5.0 (compatible; MJ12bot/v1.4.8; http://mj12bot.com/)"
158.69.243.138 - - [14/Apr/2022:09:19:50 +0200] "GET /trivet-and-boards-cut-c-12_158.html?page=7 HTTP/1.0" 301 94674 "-" "Mozilla/5.0 (compatible; MJ12bot/v1.4.8; http://mj12bot.com/)"
158.69.243.138 - - [14/Apr/2022:09:19:54 +0200] "GET /trivet-boards-c-158.html?page=7 HTTP/1.0" 301 94573 "-" "Mozilla/5.0 (compatible; MJ12bot/v1.4.8; http://mj12bot.com/)"
158.69.243.138 - - [14/Apr/2022:09:19:58 +0200] "GET /trivet-boards-c-12_158.html?page=7 HTTP/1.0" 200 94589 "-" "Mozilla/5.0 (compatible; MJ12bot/v1.4.8; http://mj12bot.com/)"
158.69.243.138 - - [14/Apr/2022:09:20:04 +0200] "GET /trivet-boards-c-158.html?page=7 HTTP/1.0" 301 94573 "-" "Mozilla/5.0 (compatible; MJ12bot/v1.4.8; http://mj12bot.com/)"
158.69.243.138 - - [14/Apr/2022:09:20:09 +0200] "GET /trivet-boards-c-12_158.html?page=7 HTTP/1.0" 200 94589 "-" "Mozilla/5.0 (compatible; MJ12bot/v1.4.8; http://mj12bot.com/)"
185.191.171.13 - - [14/Apr/2022:09:20:24 +0200] "GET /stone-petrified-wood-grams-p-46568.html HTTP/1.0" 200 74744 "-" "Mozilla/5.0 (compatible; SemrushBot/7~bl; +http://www.semrush.com/bot.html)"
66.249.64.152 - - [14/Apr/2022:09:20:26 +0200] "GET /water-hyacinth-table-lamp-p-57490.html HTTP/1.0" 200 74554 "-" "Mozilla/5.0 (Linux; Android 6.0.1; Nexus 5X Build/MMB29P) AppleWebKit/537.36 (KHTML, like Gecko) Chrome/99.0.4844.84 Mobile Safari/537.36 (compatible; Googlebot/2.1; +http://www.google.com/bot.html)"
54.36.148.243 - - [14/Apr/2022:09:20:37 +0200] "GET /rendez-vous-bons-amis-clock-p-45025.html HTTP/1.0" 200 73577 "-" "Mozilla/5.0 (compatible; AhrefsBot/7.0; +http://ahrefs.com/robot/)"
185.191.171.14 - - [14/Apr/2022:09:20:39 +0200] "GET /birth-jesus-triptych-p-53038.html HTTP/1.0" 200 74118 "-" "Mozilla/5.0 (compatible; SemrushBot/7~bl; +http://www.semrush.com/bot.html)"
185.191.171.41 - - [14/Apr/2022:09:20:58 +0200] "GET /mani-the-lucky-cat-glasses-case-p-44293.html HTTP/1.0" 301 71028 "-" "Mozilla/5.0 (compatible; SemrushBot/7~bl; +http://www.semrush.com/bot.html)"
62.197.136.58 - - [14/Apr/2022:09:20:59 +0200] "GET /swaziland-rectangulary-cushion-by-cbkreation-p-36764.html HTTP/1.0" 301 71076 "-" "Mozilla/4.0 (compatible; MSIE 7.0; Windows NT 6.2; WOW64; Trident/7.0; .NET4.0E; .NET4.0C)"
62.197.136.58 - - [14/Apr/2022:09:21:01 +0200] "GET /swaziland-rectangulary-cushion-cbkreation-p-36764.html HTTP/1.0" 200 70968 "-" "Mozilla/4.0 (compatible; MSIE 7.0; Windows NT 6.2; WOW64; Trident/7.0; .NET4.0E; .NET4.0C)"
185.191.171.9 - - [14/Apr/2022:09:21:01 +0200] "GET /mani-lucky-glasses-case-p-44293.html HTTP/1.0" 200 70938 "-" "Mozilla/5.0 (compatible; SemrushBot/7~bl; +http://www.semrush.com/bot.html)"
185.191.171.26 - - [14/Apr/2022:09:21:05 +0200] "GET /legionary-asterix-figure-p-3930.html HTTP/1.0" 200 70917 "-" "Mozilla/5.0 (compatible; SemrushBot/7~bl; +http://www.semrush.com/bot.html)"
185.191.171.36 - - [14/Apr/2022:09:21:14 +0200] "GET /mustache-white-shirt-p-31176.html HTTP/1.0" 200 75394 "-" "Mozilla/5.0 (compatible; SemrushBot/7~bl; +http://www.semrush.com/bot.html)"
66.249.64.146 - - [14/Apr/2022:09:21:25 +0200] "GET /grey-metal-umbrella-stand-p-57539.html HTTP/1.0" 200 74112 "-" "Mozilla/5.0 (compatible; Googlebot/2.1; +http://www.google.com/bot.html)"
49.7.20.122 - - [14/Apr/2022:09:21:33 +0200] "GET / HTTP/1.0" 200 151522 "-" "Sogou web spider/4.0(+http://www.sogou.com/docs/help/webmasters.htm#07)"
66.249.64.146 - - [14/Apr/2022:09:21:38 +0200] "GET /grey-metal-umbrella-stand-p-57539.html HTTP/1.0" 200 74112 "-" "Mozilla/5.0 (compatible; Googlebot/2.1; +http://www.google.com/bot.html)"
66.249.64.146 - - [14/Apr/2022:09:21:40 +0200] "GET /mondial_relay/js/jquery-1.3.2.min.js HTTP/1.0" 200 276 "http://www.wonder-geek.com/grey-metal-umbrella-stand-p-57539.html" "Mozilla/5.0 (compatible; Googlebot/2.1; +http://www.google.com/bot.html)"
66.249.64.146 - - [14/Apr/2022:09:21:40 +0200] "GET /js/jquery.jqzoom.js HTTP/1.0" 200 259 "http://www.wonder-geek.com/grey-metal-umbrella-stand-p-57539.html" "Mozilla/5.0 (compatible; Googlebot/2.1; +http://www.google.com/bot.html)"
66.249.64.152 - - [14/Apr/2022:09:21:42 +0200] "GET /js/jquery.js HTTP/1.0" 200 252 "http://www.wonder-geek.com/grey-metal-umbrella-stand-p-57539.html" "Mozilla/5.0 (compatible; Googlebot/2.1; +http://www.google.com/bot.html)"
66.249.64.146 - - [14/Apr/2022:09:21:44 +0200] "GET /highslide/highslide.js HTTP/1.0" 200 262 "http://www.wonder-geek.com/grey-metal-umbrella-stand-p-57539.html" "Mozilla/5.0 (compatible; Googlebot/2.1; +http://www.google.com/bot.html)"
66.249.64.146 - - [14/Apr/2022:09:21:45 +0200] "GET /swfobject.js HTTP/1.0" 404 1308 "http://www.wonder-geek.com/grey-metal-umbrella-stand-p-57539.html" "Mozilla/5.0 (compatible; Googlebot/2.1; +http://www.google.com/bot.html)"
54.36.148.243 - - [14/Apr/2022:09:22:03 +0200] "GET /aime-stickers-p-38340.html HTTP/1.0" 200 73523 "-" "Mozilla/5.0 (compatible; AhrefsBot/7.0; +http://ahrefs.com/robot/)"
185.191.171.3 - - [14/Apr/2022:09:22:07 +0200] "GET /coffee-rtro-perpetual-calendar-p-28414.html HTTP/1.0" 200 73277 "-" "Mozilla/5.0 (compatible; SemrushBot/7~bl; +http://www.semrush.com/bot.html)"
185.191.171.25 - - [14/Apr/2022:09:22:16 +0200] "GET /wax-melt-warmer-moroccan-lattice-p-37449.html HTTP/1.0" 301 70875 "-" "Mozilla/5.0 (compatible; SemrushBot/7~bl; +http://www.semrush.com/bot.html)"
185.191.171.26 - - [14/Apr/2022:09:22:19 +0200] "GET /-p-37449.html HTTP/1.0" 200 70808 "-" "Mozilla/5.0 (compatible; SemrushBot/7~bl; +http://www.semrush.com/bot.html)"
185.191.171.35 - - [14/Apr/2022:09:22:30 +0200] "GET /vintage-pvc-clock-p-40518.html HTTP/1.0" 301 70956 "-" "Mozilla/5.0 (compatible; SemrushBot/7~bl; +http://www.semrush.com/bot.html)"
185.191.171.5 - - [14/Apr/2022:09:22:33 +0200] "GET /vintage-clock-p-40518.html HTTP/1.0" 200 70876 "-" "Mozilla/5.0 (compatible; SemrushBot/7~bl; +http://www.semrush.com/bot.html)"
51.68.224.127 - - [14/Apr/2022:09:22:34 +0200] "GET /adminweb/export_orders_xml.php?token=256de2z6edz6ed2z6DFSFsed2zed6zeDSFDSGdzedezfzf&maxorders=10&orderstart=1&status=14&start_date=2018-10-01 HTTP/1.0" 200 285 "-" "GesCom CharlotteBoutik Serveur"
51.68.224.127 - - [14/Apr/2022:09:22:35 +0200] "GET /adminweb/export_orders_xml.php?token=256de2z6edz6ed2z6DFSFsed2zed6zeDSFDSGdzedezfzf&maxorders=10&orderstart=1&status=6&start_date=2018-10-01 HTTP/1.0" 200 32865 "-" "GesCom CharlotteBoutik Serveur"
185.191.171.10 - - [14/Apr/2022:09:22:53 +0200] "GET /dora-the-explorater-ceiling-light-glass-p-18758.html HTTP/1.0" 301 71048 "-" "Mozilla/5.0 (compatible; SemrushBot/7~bl; +http://www.semrush.com/bot.html)"
185.191.171.40 - - [14/Apr/2022:09:22:56 +0200] "GET /dora-explorater-ceiling-light-glass-p-18758.html HTTP/1.0" 200 70946 "-" "Mozilla/5.0 (compatible; SemrushBot/7~bl; +http://www.semrush.com/bot.html)"
185.191.171.21 - - [14/Apr/2022:09:23:18 +0200] "GET /-p-47240.html?action=add_product HTTP/1.0" 302 476 "-" "Mozilla/5.0 (compatible; SemrushBot/7~bl; +http://www.semrush.com/bot.html)"
54.36.148.243 - - [14/Apr/2022:09:23:20 +0200] "GET /york-yankees-post-office-p-19810.html HTTP/1.0" 200 74285 "-" "Mozilla/5.0 (compatible; AhrefsBot/7.0; +http://ahrefs.com/robot/)"
185.191.171.45 - - [14/Apr/2022:09:23:31 +0200] "GET /trivet-boards-c-12_158.html?page=11 HTTP/1.0" 200 92225 "-" "Mozilla/5.0 (compatible; SemrushBot/7~bl; +http://www.semrush.com/bot.html)"
17.121.114.208 - - [14/Apr/2022:09:23:40 +0200] "GET /-p-31728.html HTTP/1.0" 200 70808 "-" "Mozilla/5.0 (Macintosh; Intel Mac OS X 10_15_5) AppleWebKit/605.1.15 (KHTML, like Gecko) Version/13.1.1 Safari/605.1.15 (Applebot/0.1; +http://www.apple.com/go/applebot)"
185.191.171.19 - - [14/Apr/2022:09:24:02 +0200] "GET /washed-linen-sheet-160-200-cm-celadon-p-48161.html HTTP/1.0" 301 71037 "-" "Mozilla/5.0 (compatible; SemrushBot/7~bl; +http://www.semrush.com/bot.html)"
185.191.171.40 - - [14/Apr/2022:09:24:05 +0200] "GET /washed-linen-sheet-celadon-p-48161.html HTTP/1.0" 200 70944 "-" "Mozilla/5.0 (compatible; SemrushBot/7~bl; +http://www.semrush.com/bot.html)"
185.191.171.43 - - [14/Apr/2022:09:24:10 +0200] "GET /ceramic-lamp-285-cm-p-52408.html HTTP/1.0" 301 70937 "-" "Mozilla/5.0 (compatible; SemrushBot/7~bl; +http://www.semrush.com/bot.html)"
185.191.171.24 - - [14/Apr/2022:09:24:13 +0200] "GET /ceramic-lamp-p-52408.html HTTP/1.0" 200 70858 "-" "Mozilla/5.0 (compatible; SemrushBot/7~bl; +http://www.semrush.com/bot.html)"
185.191.171.8 - - [14/Apr/2022:09:24:32 +0200] "GET /mandala-p-44265.html?action=add_product HTTP/1.0" 302 476 "-" "Mozilla/5.0 (compatible; SemrushBot/7~bl; +http://www.semrush.com/bot.html)"
185.191.171.26 - - [14/Apr/2022:09:24:36 +0200] "GET /deco-horse-statue-p-46362.html HTTP/1.0" 200 74085 "-" "Mozilla/5.0 (compatible; SemrushBot/7~bl; +http://www.semrush.com/bot.html)"
185.191.171.15 - - [14/Apr/2022:09:24:39 +0200] "GET /triskel-cast-iron-trivet-p-46436.html?action=add_product HTTP/1.0" 302 476 "-" "Mozilla/5.0 (compatible; SemrushBot/7~bl; +http://www.semrush.com/bot.html)"
54.36.148.243 - - [14/Apr/2022:09:24:47 +0200] "GET /girls-c-1.html HTTP/1.0" 200 92054 "-" "Mozilla/5.0 (compatible; AhrefsBot/7.0; +http://ahrefs.com/robot/)"
211.249.40.15 - - [14/Apr/2022:09:25:00 +0200] "GET /images/mini_prod/8033667001822.jpg HTTP/1.0" 200 269 "-" "Mozilla/5.0 (X11; Ubuntu; Linux x86_64; rv:72.0) Gecko/20100101 Firefox/72.0"
114.119.137.3 - - [14/Apr/2022:09:25:05 +0200] "GET /doc-mcstuffins-poster-p-30882.html HTTP/1.0" 301 73509 "-" "Mozilla/5.0 (Linux; Android 7.0;) AppleWebKit/537.36 (KHTML, like Gecko) Mobile Safari/537.36 (compatible; PetalBot;+https://webmaster.petalsearch.com/site/petalbot)"
114.119.137.3 - - [14/Apr/2022:09:25:07 +0200] "GET /mcstuffins-poster-p-30882.html HTTP/1.0" 200 73425 "-" "Mozilla/5.0 (Linux; Android 7.0;) AppleWebKit/537.36 (KHTML, like Gecko) Mobile Safari/537.36 (compatible; PetalBot;+https://webmaster.petalsearch.com/site/petalbot)"
223.39.191.66 - - [14/Apr/2022:09:25:43 +0200] "GET /images/mini_prod/8421440081169.jpg HTTP/1.0" 200 269 "-" "Mozilla/5.0 (X11; Ubuntu; Linux x86_64; rv:72.0) Gecko/20100101 Firefox/72.0"
185.191.171.4 - - [14/Apr/2022:09:25:55 +0200] "GET /chair-cushion-with-fringes-beige-p-48316.html HTTP/1.0" 200 74119 "-" "Mozilla/5.0 (compatible; SemrushBot/7~bl; +http://www.semrush.com/bot.html)"
54.36.148.243 - - [14/Apr/2022:09:26:17 +0200] "GET /flower-summer-collection-fish-p-52696.html HTTP/1.0" 200 73562 "-" "Mozilla/5.0 (compatible; AhrefsBot/7.0; +http://ahrefs.com/robot/)"
185.191.171.39 - - [14/Apr/2022:09:26:18 +0200] "GET /led-light-bulb-g95-amber-loop-e27-p-42506.html HTTP/1.0" 301 70994 "-" "Mozilla/5.0 (compatible; SemrushBot/7~bl; +http://www.semrush.com/bot.html)"
185.191.171.6 - - [14/Apr/2022:09:26:22 +0200] "GET /light-bulb-amber-loop-p-42506.html HTTP/1.0" 200 70906 "-" "Mozilla/5.0 (compatible; SemrushBot/7~bl; +http://www.semrush.com/bot.html)"
185.191.171.40 - - [14/Apr/2022:09:26:25 +0200] "GET /york-yankees-navy-bowling-p-11594.html?action=add_product HTTP/1.0" 302 476 "-" "Mozilla/5.0 (compatible; SemrushBot/7~bl; +http://www.semrush.com/bot.html)"
87.250.224.149 - - [14/Apr/2022:09:26:27 +0200] "GET /robots.txt HTTP/1.0" 200 245 "-" "Mozilla/5.0 (compatible; YandexBot/3.0; +http://yandex.com/bots)"
87.250.224.149 - - [14/Apr/2022:09:26:31 +0200] "GET /cushion-cover-40-40-cm-leaf-p-49954.html HTTP/1.0" 301 73746 "-" "Mozilla/5.0 (compatible; YandexBot/3.0; +http://yandex.com/bots)"
216.244.66.242 - - [14/Apr/2022:09:26:34 +0200] "GET /robots.txt HTTP/1.0" 200 245 "-" "Mozilla/5.0 (compatible; DotBot/1.2; +https://opensiteexplorer.org/dotbot; help@moz.com)"
157.90.128.183 - - [14/Apr/2022:09:26:48 +0200] "GET /images/mini_prod/3661443279193.jpg HTTP/1.0" 200 269 "-" "Mozilla/5.0 (X11; Ubuntu; Linux x86_64; rv:72.0) Gecko/20100101 Firefox/72.0"
87.250.224.147 - - [14/Apr/2022:09:26:59 +0200] "GET /cushion-cover-leaf-p-49954.html HTTP/1.0" 200 73661 "-" "Mozilla/5.0 (compatible; YandexBot/3.0; +http://yandex.com/bots)"
185.191.171.40 - - [14/Apr/2022:09:27:13 +0200] "GET /ethnic-leopard-decorative-statuette-p-55277.html?action=add_product HTTP/1.0" 302 476 "-" "Mozilla/5.0 (compatible; SemrushBot/7~bl; +http://www.semrush.com/bot.html)"
87.250.224.149 - - [14/Apr/2022:09:27:21 +0200] "GET /cushion-cover-leaf-p-49954.html HTTP/1.0" 200 73661 "-" "Mozilla/5.0 (compatible; YandexBot/3.0; +http://yandex.com/bots)"
185.191.171.8 - - [14/Apr/2022:09:27:40 +0200] "GET /tooth-glass-lavender-parma-p-39762.html HTTP/1.0" 200 73496 "-" "Mozilla/5.0 (compatible; SemrushBot/7~bl; +http://www.semrush.com/bot.html)"
185.191.171.43 - - [14/Apr/2022:09:27:50 +0200] "GET /corsica-grey-shirt-p-35442.html HTTP/1.0" 200 75354 "-" "Mozilla/5.0 (compatible; SemrushBot/7~bl; +http://www.semrush.com/bot.html)"
54.36.148.243 - - [14/Apr/2022:09:27:53 +0200] "GET /pirate-flag-p-41710.html HTTP/1.0" 200 73495 "-" "Mozilla/5.0 (compatible; AhrefsBot/7.0; +http://ahrefs.com/robot/)"
185.191.171.20 - - [14/Apr/2022:09:27:53 +0200] "GET /jamaca-case-lenticulaire-iphone-sries-p-24226.html?action=add_product HTTP/1.0" 302 476 "-" "Mozilla/5.0 (compatible; SemrushBot/7~bl; +http://www.semrush.com/bot.html)"
