144.76.3.131 - - [14/Apr/2022:03:57:51 +0200] "GET /-p-39748.html HTTP/1.0" 200 70808 "-" "Mozilla/5.0 (compatible; MJ12bot/v1.4.8; http://mj12bot.com/)"
144.76.3.131 - - [14/Apr/2022:03:57:55 +0200] "GET /-p-39759.html HTTP/1.0" 200 70808 "-" "Mozilla/5.0 (compatible; MJ12bot/v1.4.8; http://mj12bot.com/)"
54.36.148.243 - - [14/Apr/2022:03:57:57 +0200] "GET /hanging-iron-structure-flamingo-p-47930.html HTTP/1.0" 200 73612 "-" "Mozilla/5.0 (compatible; AhrefsBot/7.0; +http://ahrefs.com/robot/)"
144.76.3.131 - - [14/Apr/2022:03:57:59 +0200] "GET /-p-39763.html HTTP/1.0" 200 70808 "-" "Mozilla/5.0 (compatible; MJ12bot/v1.4.8; http://mj12bot.com/)"
144.76.3.131 - - [14/Apr/2022:03:58:02 +0200] "GET /-p-39767.html HTTP/1.0" 200 70808 "-" "Mozilla/5.0 (compatible; MJ12bot/v1.4.8; http://mj12bot.com/)"
144.76.3.131 - - [14/Apr/2022:03:58:04 +0200] "GET /-p-39786.html HTTP/1.0" 200 70808 "-" "Mozilla/5.0 (compatible; MJ12bot/v1.4.8; http://mj12bot.com/)"
167.86.85.194 - - [14/Apr/2022:03:58:07 +0200] "GET /-p-28512.html HTTP/1.0" 200 70808 "-" "Mozilla/5.0 (compatible; MJ12bot/v1.4.8; http://mj12bot.com/)"
144.76.3.131 - - [14/Apr/2022:03:58:08 +0200] "GET /-p-39803.html HTTP/1.0" 200 70808 "-" "Mozilla/5.0 (compatible; MJ12bot/v1.4.8; http://mj12bot.com/)"
144.76.3.131 - - [14/Apr/2022:03:58:13 +0200] "GET /-p-39804.html HTTP/1.0" 200 70808 "-" "Mozilla/5.0 (compatible; MJ12bot/v1.4.8; http://mj12bot.com/)"
144.76.3.131 - - [14/Apr/2022:03:58:16 +0200] "GET /-p-39813.html HTTP/1.0" 200 70808 "-" "Mozilla/5.0 (compatible; MJ12bot/v1.4.8; http://mj12bot.com/)"
144.76.3.131 - - [14/Apr/2022:03:58:19 +0200] "GET /-p-39854.html HTTP/1.0" 200 70808 "-" "Mozilla/5.0 (compatible; MJ12bot/v1.4.8; http://mj12bot.com/)"
144.76.3.131 - - [14/Apr/2022:03:58:22 +0200] "GET /-p-40020.html HTTP/1.0" 200 70808 "-" "Mozilla/5.0 (compatible; MJ12bot/v1.4.8; http://mj12bot.com/)"
144.76.3.131 - - [14/Apr/2022:03:58:25 +0200] "GET /-p-40235.html HTTP/1.0" 200 70808 "-" "Mozilla/5.0 (compatible; MJ12bot/v1.4.8; http://mj12bot.com/)"
144.76.3.131 - - [14/Apr/2022:03:58:28 +0200] "GET /-p-40237.html HTTP/1.0" 200 70808 "-" "Mozilla/5.0 (compatible; MJ12bot/v1.4.8; http://mj12bot.com/)"
167.86.85.194 - - [14/Apr/2022:03:58:31 +0200] "GET /-p-28574.html HTTP/1.0" 200 70808 "-" "Mozilla/5.0 (compatible; MJ12bot/v1.4.8; http://mj12bot.com/)"
144.76.3.131 - - [14/Apr/2022:03:58:31 +0200] "GET /-p-40300.html HTTP/1.0" 200 70808 "-" "Mozilla/5.0 (compatible; MJ12bot/v1.4.8; http://mj12bot.com/)"
144.76.3.131 - - [14/Apr/2022:03:58:35 +0200] "GET /-p-40320.html HTTP/1.0" 200 70808 "-" "Mozilla/5.0 (compatible; MJ12bot/v1.4.8; http://mj12bot.com/)"
144.76.3.131 - - [14/Apr/2022:03:58:38 +0200] "GET /-p-40321.html HTTP/1.0" 200 70808 "-" "Mozilla/5.0 (compatible; MJ12bot/v1.4.8; http://mj12bot.com/)"
185.191.171.2 - - [14/Apr/2022:03:58:40 +0200] "GET /ceramic-timbale-p-48627.html?action=add_product HTTP/1.0" 302 476 "-" "Mozilla/5.0 (compatible; SemrushBot/7~bl; +http://www.semrush.com/bot.html)"
54.36.148.243 - - [14/Apr/2022:03:58:41 +0200] "GET /decorative-resin-figurine-p-32161.html HTTP/1.0" 200 73614 "-" "Mozilla/5.0 (compatible; AhrefsBot/7.0; +http://ahrefs.com/robot/)"
144.76.3.131 - - [14/Apr/2022:03:58:41 +0200] "GET /-p-40322.html HTTP/1.0" 200 70808 "-" "Mozilla/5.0 (compatible; MJ12bot/v1.4.8; http://mj12bot.com/)"
144.76.3.131 - - [14/Apr/2022:03:58:45 +0200] "GET /-p-40323.html HTTP/1.0" 200 70808 "-" "Mozilla/5.0 (compatible; MJ12bot/v1.4.8; http://mj12bot.com/)"
144.76.3.131 - - [14/Apr/2022:03:58:48 +0200] "GET /-p-40329.html HTTP/1.0" 200 70808 "-" "Mozilla/5.0 (compatible; MJ12bot/v1.4.8; http://mj12bot.com/)"
144.76.3.131 - - [14/Apr/2022:03:58:52 +0200] "GET /-p-40335.html HTTP/1.0" 200 70808 "-" "Mozilla/5.0 (compatible; MJ12bot/v1.4.8; http://mj12bot.com/)"
144.76.3.131 - - [14/Apr/2022:03:58:54 +0200] "GET /-p-40361.html HTTP/1.0" 200 70808 "-" "Mozilla/5.0 (compatible; MJ12bot/v1.4.8; http://mj12bot.com/)"
144.76.3.131 - - [14/Apr/2022:03:58:57 +0200] "GET /-p-40363.html HTTP/1.0" 200 70808 "-" "Mozilla/5.0 (compatible; MJ12bot/v1.4.8; http://mj12bot.com/)"
144.76.3.131 - - [14/Apr/2022:03:59:00 +0200] "GET /-p-4045.html HTTP/1.0" 200 70806 "-" "Mozilla/5.0 (compatible; MJ12bot/v1.4.8; http://mj12bot.com/)"
66.249.64.152 - - [14/Apr/2022:03:59:01 +0200] "GET /tealights-sweet-apple-treat-p-42643.html HTTP/1.0" 200 74109 "-" "Mozilla/5.0 (Linux; Android 6.0.1; Nexus 5X Build/MMB29P) AppleWebKit/537.36 (KHTML, like Gecko) Chrome/99.0.4844.84 Mobile Safari/537.36 (compatible; Googlebot/2.1; +http://www.google.com/bot.html)"
144.76.3.131 - - [14/Apr/2022:03:59:03 +0200] "GET /-p-4053.html HTTP/1.0" 200 70806 "-" "Mozilla/5.0 (compatible; MJ12bot/v1.4.8; http://mj12bot.com/)"
167.86.85.194 - - [14/Apr/2022:03:59:05 +0200] "GET /-p-28644.html HTTP/1.0" 200 70808 "-" "Mozilla/5.0 (compatible; MJ12bot/v1.4.8; http://mj12bot.com/)"
144.76.3.131 - - [14/Apr/2022:03:59:07 +0200] "GET /-p-40845.html HTTP/1.0" 200 70808 "-" "Mozilla/5.0 (compatible; MJ12bot/v1.4.8; http://mj12bot.com/)"
144.76.3.131 - - [14/Apr/2022:03:59:10 +0200] "GET /-p-40851.html HTTP/1.0" 200 70808 "-" "Mozilla/5.0 (compatible; MJ12bot/v1.4.8; http://mj12bot.com/)"
144.76.3.131 - - [14/Apr/2022:03:59:13 +0200] "GET /-p-40893.html HTTP/1.0" 200 70808 "-" "Mozilla/5.0 (compatible; MJ12bot/v1.4.8; http://mj12bot.com/)"
144.76.3.131 - - [14/Apr/2022:03:59:16 +0200] "GET /-p-4098.html HTTP/1.0" 200 70806 "-" "Mozilla/5.0 (compatible; MJ12bot/v1.4.8; http://mj12bot.com/)"
185.191.171.13 - - [14/Apr/2022:03:59:17 +0200] "GET /amazon-love-glasses-case-light-pink-p-50268.html?action=add_product HTTP/1.0" 302 476 "-" "Mozilla/5.0 (compatible; SemrushBot/7~bl; +http://www.semrush.com/bot.html)"
144.76.3.131 - - [14/Apr/2022:03:59:19 +0200] "GET /-p-41017.html HTTP/1.0" 200 70808 "-" "Mozilla/5.0 (compatible; MJ12bot/v1.4.8; http://mj12bot.com/)"
144.76.3.131 - - [14/Apr/2022:03:59:22 +0200] "GET /-p-4117.html HTTP/1.0" 200 70806 "-" "Mozilla/5.0 (compatible; MJ12bot/v1.4.8; http://mj12bot.com/)"
185.191.171.39 - - [14/Apr/2022:03:59:24 +0200] "GET /cotton-mattress-anti-dust-mite-p-48993.html?action=add_product HTTP/1.0" 302 476 "-" "Mozilla/5.0 (compatible; SemrushBot/7~bl; +http://www.semrush.com/bot.html)"
144.76.3.131 - - [14/Apr/2022:03:59:25 +0200] "GET /-p-4124.html HTTP/1.0" 200 70806 "-" "Mozilla/5.0 (compatible; MJ12bot/v1.4.8; http://mj12bot.com/)"
114.119.137.45 - - [14/Apr/2022:03:59:25 +0200] "GET /russian-dolls-mouse-pad-by-cbkreation-p-18687.html HTTP/1.0" 301 73599 "-" "Mozilla/5.0 (Linux; Android 7.0;) AppleWebKit/537.36 (KHTML, like Gecko) Mobile Safari/537.36 (compatible; PetalBot;+https://webmaster.petalsearch.com/site/petalbot)"
144.76.3.131 - - [14/Apr/2022:03:59:28 +0200] "GET /-p-41451.html HTTP/1.0" 200 70808 "-" "Mozilla/5.0 (compatible; MJ12bot/v1.4.8; http://mj12bot.com/)"
114.119.137.45 - - [14/Apr/2022:03:59:29 +0200] "GET /russian-dolls-mouse-cbkreation-p-18687.html HTTP/1.0" 200 73502 "-" "Mozilla/5.0 (Linux; Android 7.0;) AppleWebKit/537.36 (KHTML, like Gecko) Mobile Safari/537.36 (compatible; PetalBot;+https://webmaster.petalsearch.com/site/petalbot)"
144.76.3.131 - - [14/Apr/2022:03:59:31 +0200] "GET /-p-41473.html HTTP/1.0" 200 70808 "-" "Mozilla/5.0 (compatible; MJ12bot/v1.4.8; http://mj12bot.com/)"
54.36.148.243 - - [14/Apr/2022:03:59:32 +0200] "GET /gray-donkey-money-p-54811.html HTTP/1.0" 200 73481 "-" "Mozilla/5.0 (compatible; AhrefsBot/7.0; +http://ahrefs.com/robot/)"
144.76.3.131 - - [14/Apr/2022:03:59:34 +0200] "GET /-p-41701.html HTTP/1.0" 200 70808 "-" "Mozilla/5.0 (compatible; MJ12bot/v1.4.8; http://mj12bot.com/)"
144.76.3.131 - - [14/Apr/2022:03:59:37 +0200] "GET /-p-41702.html HTTP/1.0" 200 70808 "-" "Mozilla/5.0 (compatible; MJ12bot/v1.4.8; http://mj12bot.com/)"
167.86.85.194 - - [14/Apr/2022:03:59:39 +0200] "GET /-p-28647.html HTTP/1.0" 200 70808 "-" "Mozilla/5.0 (compatible; MJ12bot/v1.4.8; http://mj12bot.com/)"
144.76.3.131 - - [14/Apr/2022:03:59:40 +0200] "GET /-p-42255.html HTTP/1.0" 200 70808 "-" "Mozilla/5.0 (compatible; MJ12bot/v1.4.8; http://mj12bot.com/)"
144.76.3.131 - - [14/Apr/2022:03:59:44 +0200] "GET /-p-4270.html HTTP/1.0" 200 70806 "-" "Mozilla/5.0 (compatible; MJ12bot/v1.4.8; http://mj12bot.com/)"
144.76.3.131 - - [14/Apr/2022:03:59:46 +0200] "GET /-p-42789.html HTTP/1.0" 200 70808 "-" "Mozilla/5.0 (compatible; MJ12bot/v1.4.8; http://mj12bot.com/)"
144.76.3.131 - - [14/Apr/2022:03:59:50 +0200] "GET /-p-4283.html HTTP/1.0" 200 70806 "-" "Mozilla/5.0 (compatible; MJ12bot/v1.4.8; http://mj12bot.com/)"
144.76.3.131 - - [14/Apr/2022:03:59:53 +0200] "GET /-p-4301.html HTTP/1.0" 200 70806 "-" "Mozilla/5.0 (compatible; MJ12bot/v1.4.8; http://mj12bot.com/)"
144.76.3.131 - - [14/Apr/2022:03:59:56 +0200] "GET /-p-43018.html HTTP/1.0" 200 70808 "-" "Mozilla/5.0 (compatible; MJ12bot/v1.4.8; http://mj12bot.com/)"
144.76.3.131 - - [14/Apr/2022:04:00:00 +0200] "GET /-p-43019.html HTTP/1.0" 200 70808 "-" "Mozilla/5.0 (compatible; MJ12bot/v1.4.8; http://mj12bot.com/)"
144.76.3.131 - - [14/Apr/2022:04:00:03 +0200] "GET /-p-4304.html HTTP/1.0" 200 70806 "-" "Mozilla/5.0 (compatible; MJ12bot/v1.4.8; http://mj12bot.com/)"
144.76.3.131 - - [14/Apr/2022:04:00:07 +0200] "GET /-p-4353.html HTTP/1.0" 200 70806 "-" "Mozilla/5.0 (compatible; MJ12bot/v1.4.8; http://mj12bot.com/)"
144.76.3.131 - - [14/Apr/2022:04:00:11 +0200] "GET /-p-4354.html HTTP/1.0" 200 70806 "-" "Mozilla/5.0 (compatible; MJ12bot/v1.4.8; http://mj12bot.com/)"
144.76.3.131 - - [14/Apr/2022:04:00:15 +0200] "GET /-p-4355.html HTTP/1.0" 200 70806 "-" "Mozilla/5.0 (compatible; MJ12bot/v1.4.8; http://mj12bot.com/)"
185.191.171.13 - - [14/Apr/2022:04:00:17 +0200] "GET /glass-photo-frame-little-prince-p-47069.html?action=add_product HTTP/1.0" 302 476 "-" "Mozilla/5.0 (compatible; SemrushBot/7~bl; +http://www.semrush.com/bot.html)"
54.36.148.243 - - [14/Apr/2022:04:00:19 +0200] "GET /decorative-statuette-monkeys-wisdom-green-p-53624.html HTTP/1.0" 200 73730 "-" "Mozilla/5.0 (compatible; AhrefsBot/7.0; +http://ahrefs.com/robot/)"
144.76.3.131 - - [14/Apr/2022:04:00:19 +0200] "GET /-p-4364.html HTTP/1.0" 200 70806 "-" "Mozilla/5.0 (compatible; MJ12bot/v1.4.8; http://mj12bot.com/)"
144.76.3.131 - - [14/Apr/2022:04:00:25 +0200] "GET /-p-4365.html HTTP/1.0" 200 70806 "-" "Mozilla/5.0 (compatible; MJ12bot/v1.4.8; http://mj12bot.com/)"
185.191.171.33 - - [14/Apr/2022:04:00:26 +0200] "GET /animals-cbkreation-p-45075.html HTTP/1.0" 200 73409 "-" "Mozilla/5.0 (compatible; SemrushBot/7~bl; +http://www.semrush.com/bot.html)"
144.76.3.131 - - [14/Apr/2022:04:00:29 +0200] "GET /-p-4368.html HTTP/1.0" 200 70806 "-" "Mozilla/5.0 (compatible; MJ12bot/v1.4.8; http://mj12bot.com/)"
144.76.3.131 - - [14/Apr/2022:04:00:32 +0200] "GET /-p-4371.html HTTP/1.0" 200 70806 "-" "Mozilla/5.0 (compatible; MJ12bot/v1.4.8; http://mj12bot.com/)"
144.76.3.131 - - [14/Apr/2022:04:00:35 +0200] "GET /-p-4372.html HTTP/1.0" 200 70806 "-" "Mozilla/5.0 (compatible; MJ12bot/v1.4.8; http://mj12bot.com/)"
144.76.3.131 - - [14/Apr/2022:04:00:39 +0200] "GET /-p-4378.html HTTP/1.0" 200 70806 "-" "Mozilla/5.0 (compatible; MJ12bot/v1.4.8; http://mj12bot.com/)"
144.76.3.131 - - [14/Apr/2022:04:00:42 +0200] "GET /-p-4381.html HTTP/1.0" 200 70806 "-" "Mozilla/5.0 (compatible; MJ12bot/v1.4.8; http://mj12bot.com/)"
144.76.3.131 - - [14/Apr/2022:04:00:45 +0200] "GET /-p-4402.html HTTP/1.0" 200 70806 "-" "Mozilla/5.0 (compatible; MJ12bot/v1.4.8; http://mj12bot.com/)"
144.76.3.131 - - [14/Apr/2022:04:00:48 +0200] "GET /-p-4403.html HTTP/1.0" 200 70806 "-" "Mozilla/5.0 (compatible; MJ12bot/v1.4.8; http://mj12bot.com/)"
144.76.3.131 - - [14/Apr/2022:04:00:51 +0200] "GET /-p-44187.html HTTP/1.0" 200 70808 "-" "Mozilla/5.0 (compatible; MJ12bot/v1.4.8; http://mj12bot.com/)"
144.76.3.131 - - [14/Apr/2022:04:00:55 +0200] "GET /-p-4419.html HTTP/1.0" 200 70806 "-" "Mozilla/5.0 (compatible; MJ12bot/v1.4.8; http://mj12bot.com/)"
144.76.3.131 - - [14/Apr/2022:04:00:58 +0200] "GET /-p-44196.html HTTP/1.0" 200 70808 "-" "Mozilla/5.0 (compatible; MJ12bot/v1.4.8; http://mj12bot.com/)"
144.76.3.131 - - [14/Apr/2022:04:01:00 +0200] "GET /-p-4433.html HTTP/1.0" 200 70806 "-" "Mozilla/5.0 (compatible; MJ12bot/v1.4.8; http://mj12bot.com/)"
144.76.3.131 - - [14/Apr/2022:04:01:04 +0200] "GET /-p-4439.html HTTP/1.0" 200 70806 "-" "Mozilla/5.0 (compatible; MJ12bot/v1.4.8; http://mj12bot.com/)"
54.36.148.243 - - [14/Apr/2022:04:01:06 +0200] "GET /despecable-keyring-p-33100.html HTTP/1.0" 200 74149 "-" "Mozilla/5.0 (compatible; AhrefsBot/7.0; +http://ahrefs.com/robot/)"
144.76.3.131 - - [14/Apr/2022:04:01:07 +0200] "GET /-p-4445.html HTTP/1.0" 200 70806 "-" "Mozilla/5.0 (compatible; MJ12bot/v1.4.8; http://mj12bot.com/)"
185.191.171.18 - - [14/Apr/2022:04:01:08 +0200] "GET /buddha-clock-cbkreation-p-36683.html HTTP/1.0" 200 73460 "-" "Mozilla/5.0 (compatible; SemrushBot/7~bl; +http://www.semrush.com/bot.html)"
144.76.3.131 - - [14/Apr/2022:04:01:11 +0200] "GET /-p-44877.html HTTP/1.0" 200 70808 "-" "Mozilla/5.0 (compatible; MJ12bot/v1.4.8; http://mj12bot.com/)"
144.76.3.131 - - [14/Apr/2022:04:01:15 +0200] "GET /-p-44925.html HTTP/1.0" 200 70808 "-" "Mozilla/5.0 (compatible; MJ12bot/v1.4.8; http://mj12bot.com/)"
144.76.3.131 - - [14/Apr/2022:04:01:18 +0200] "GET /-p-45080.html HTTP/1.0" 200 70808 "-" "Mozilla/5.0 (compatible; MJ12bot/v1.4.8; http://mj12bot.com/)"
144.76.3.131 - - [14/Apr/2022:04:01:20 +0200] "GET /-p-45204.html HTTP/1.0" 200 70808 "-" "Mozilla/5.0 (compatible; MJ12bot/v1.4.8; http://mj12bot.com/)"
144.76.3.131 - - [14/Apr/2022:04:01:24 +0200] "GET /-p-45232.html HTTP/1.0" 200 70808 "-" "Mozilla/5.0 (compatible; MJ12bot/v1.4.8; http://mj12bot.com/)"
95.163.255.198 - - [14/Apr/2022:04:01:27 +0200] "GET /robots.txt HTTP/1.0" 301 531 "-" "Mozilla/5.0 (compatible; Linux x86_64; Mail.RU_Bot/Img/2.0; +http://go.mail.ru/help/robots)"
144.76.3.131 - - [14/Apr/2022:04:01:27 +0200] "GET /-p-4559.html HTTP/1.0" 200 70806 "-" "Mozilla/5.0 (compatible; MJ12bot/v1.4.8; http://mj12bot.com/)"
95.163.255.138 - - [14/Apr/2022:04:01:30 +0200] "GET /images/1399984254202.jpg HTTP/1.0" 301 559 "http://go.mail.ru/search_images" "Mozilla/5.0 (compatible; Linux x86_64; Mail.RU_Bot/Img/2.0; +http://go.mail.ru/help/robots)"
144.76.3.131 - - [14/Apr/2022:04:01:29 +0200] "GET /-p-461.html HTTP/1.0" 200 70804 "-" "Mozilla/5.0 (compatible; MJ12bot/v1.4.8; http://mj12bot.com/)"
144.76.3.131 - - [14/Apr/2022:04:01:32 +0200] "GET /-p-46229.html HTTP/1.0" 200 70808 "-" "Mozilla/5.0 (compatible; MJ12bot/v1.4.8; http://mj12bot.com/)"
95.163.255.120 - - [14/Apr/2022:04:01:35 +0200] "GET /images/med_prod/1399984285060.jpg HTTP/1.0" 301 577 "http://go.mail.ru/search_images" "Mozilla/5.0 (compatible; Linux x86_64; Mail.RU_Bot/Img/2.0; +http://go.mail.ru/help/robots)"
144.76.3.131 - - [14/Apr/2022:04:01:37 +0200] "GET /-p-46230.html HTTP/1.0" 200 70808 "-" "Mozilla/5.0 (compatible; MJ12bot/v1.4.8; http://mj12bot.com/)"
95.163.255.130 - - [14/Apr/2022:04:01:39 +0200] "GET /images/5010994617615.jpg HTTP/1.0" 301 559 "http://go.mail.ru/search_images" "Mozilla/5.0 (compatible; Linux x86_64; Mail.RU_Bot/Img/2.0; +http://go.mail.ru/help/robots)"
185.191.171.7 - - [14/Apr/2022:04:01:39 +0200] "GET /mugs-mazagrans-c-12_57.html?page=2 HTTP/1.0" 200 95941 "-" "Mozilla/5.0 (compatible; SemrushBot/7~bl; +http://www.semrush.com/bot.html)"
144.76.3.131 - - [14/Apr/2022:04:01:40 +0200] "GET /-p-46350.html HTTP/1.0" 200 70808 "-" "Mozilla/5.0 (compatible; MJ12bot/v1.4.8; http://mj12bot.com/)"
144.76.3.131 - - [14/Apr/2022:04:01:43 +0200] "GET /-p-4657.html HTTP/1.0" 200 70806 "-" "Mozilla/5.0 (compatible; MJ12bot/v1.4.8; http://mj12bot.com/)"
144.76.3.131 - - [14/Apr/2022:04:01:46 +0200] "GET /-p-46861.html HTTP/1.0" 200 70808 "-" "Mozilla/5.0 (compatible; MJ12bot/v1.4.8; http://mj12bot.com/)"
144.76.3.131 - - [14/Apr/2022:04:01:49 +0200] "GET /-p-4741.html HTTP/1.0" 200 70806 "-" "Mozilla/5.0 (compatible; MJ12bot/v1.4.8; http://mj12bot.com/)"
95.163.255.141 - - [14/Apr/2022:04:01:53 +0200] "GET /robots.txt HTTP/1.0" 200 245 "-" "Mozilla/5.0 (compatible; Linux x86_64; Mail.RU_Bot/Img/2.0; +http://go.mail.ru/help/robots)"
144.76.3.131 - - [14/Apr/2022:04:01:52 +0200] "GET /-p-4742.html HTTP/1.0" 200 70806 "-" "Mozilla/5.0 (compatible; MJ12bot/v1.4.8; http://mj12bot.com/)"
144.76.3.131 - - [14/Apr/2022:04:01:57 +0200] "GET /-p-4753.html HTTP/1.0" 200 70806 "-" "Mozilla/5.0 (compatible; MJ12bot/v1.4.8; http://mj12bot.com/)"
95.163.255.130 - - [14/Apr/2022:04:01:58 +0200] "GET /images/1399984254202.jpg HTTP/1.0" 200 259 "http://wonder-geek.com/images/1399984254202.jpg" "Mozilla/5.0 (compatible; Linux x86_64; Mail.RU_Bot/Img/2.0; +http://go.mail.ru/help/robots)"
54.36.148.243 - - [14/Apr/2022:04:01:57 +0200] "GET /plush-money-bank-children-p-37216.html HTTP/1.0" 200 73635 "-" "Mozilla/5.0 (compatible; AhrefsBot/7.0; +http://ahrefs.com/robot/)"
144.76.3.131 - - [14/Apr/2022:04:02:00 +0200] "GET /-p-4755.html HTTP/1.0" 200 70806 "-" "Mozilla/5.0 (compatible; MJ12bot/v1.4.8; http://mj12bot.com/)"
95.163.255.141 - - [14/Apr/2022:04:02:03 +0200] "GET /images/med_prod/1399984285060.jpg HTTP/1.0" 200 268 "http://wonder-geek.com/images/med_prod/1399984285060.jpg" "Mozilla/5.0 (compatible; Linux x86_64; Mail.RU_Bot/Img/2.0; +http://go.mail.ru/help/robots)"
144.76.3.131 - - [14/Apr/2022:04:02:02 +0200] "GET /-p-4757.html HTTP/1.0" 200 70806 "-" "Mozilla/5.0 (compatible; MJ12bot/v1.4.8; http://mj12bot.com/)"
66.249.64.158 - - [14/Apr/2022:04:02:05 +0200] "GET /images/big_prod_2/028399302543c.jpg HTTP/1.0" 200 270 "-" "Googlebot-Image/1.0"
95.163.255.140 - - [14/Apr/2022:04:02:06 +0200] "GET /images/5010994617615.jpg HTTP/1.0" 200 259 "http://wonder-geek.com/images/5010994617615.jpg" "Mozilla/5.0 (compatible; Linux x86_64; Mail.RU_Bot/Img/2.0; +http://go.mail.ru/help/robots)"
144.76.3.131 - - [14/Apr/2022:04:02:06 +0200] "GET /-p-4763.html HTTP/1.0" 200 70806 "-" "Mozilla/5.0 (compatible; MJ12bot/v1.4.8; http://mj12bot.com/)"
185.191.171.26 - - [14/Apr/2022:04:02:10 +0200] "GET /robots.txt HTTP/1.0" 200 245 "-" "Mozilla/5.0 (compatible; SemrushBot/7~bl; +http://www.semrush.com/bot.html)"
144.76.3.131 - - [14/Apr/2022:04:02:09 +0200] "GET /-p-4766.html HTTP/1.0" 200 70806 "-" "Mozilla/5.0 (compatible; MJ12bot/v1.4.8; http://mj12bot.com/)"
185.191.171.42 - - [14/Apr/2022:04:02:11 +0200] "GET /jasmin-p-28919.html?action=add_product HTTP/1.0" 302 476 "-" "Mozilla/5.0 (compatible; SemrushBot/7~bl; +http://www.semrush.com/bot.html)"
144.76.3.131 - - [14/Apr/2022:04:02:12 +0200] "GET /-p-4767.html HTTP/1.0" 200 70806 "-" "Mozilla/5.0 (compatible; MJ12bot/v1.4.8; http://mj12bot.com/)"
144.76.3.131 - - [14/Apr/2022:04:02:15 +0200] "GET /-p-4769.html HTTP/1.0" 200 70806 "-" "Mozilla/5.0 (compatible; MJ12bot/v1.4.8; http://mj12bot.com/)"
144.76.3.131 - - [14/Apr/2022:04:02:18 +0200] "GET /-p-4770.html HTTP/1.0" 200 70806 "-" "Mozilla/5.0 (compatible; MJ12bot/v1.4.8; http://mj12bot.com/)"
144.76.3.131 - - [14/Apr/2022:04:02:21 +0200] "GET /-p-4771.html HTTP/1.0" 200 70806 "-" "Mozilla/5.0 (compatible; MJ12bot/v1.4.8; http://mj12bot.com/)"
144.76.3.131 - - [14/Apr/2022:04:02:24 +0200] "GET /-p-47720.html HTTP/1.0" 200 70808 "-" "Mozilla/5.0 (compatible; MJ12bot/v1.4.8; http://mj12bot.com/)"
144.76.3.131 - - [14/Apr/2022:04:02:28 +0200] "GET /-p-4773.html HTTP/1.0" 200 70806 "-" "Mozilla/5.0 (compatible; MJ12bot/v1.4.8; http://mj12bot.com/)"
144.76.3.131 - - [14/Apr/2022:04:02:30 +0200] "GET /-p-4855.html HTTP/1.0" 200 70806 "-" "Mozilla/5.0 (compatible; MJ12bot/v1.4.8; http://mj12bot.com/)"
144.76.3.131 - - [14/Apr/2022:04:02:33 +0200] "GET /-p-48683.html HTTP/1.0" 200 70808 "-" "Mozilla/5.0 (compatible; MJ12bot/v1.4.8; http://mj12bot.com/)"
144.76.3.131 - - [14/Apr/2022:04:02:37 +0200] "GET /-p-48702.html HTTP/1.0" 200 70808 "-" "Mozilla/5.0 (compatible; MJ12bot/v1.4.8; http://mj12bot.com/)"
144.76.3.131 - - [14/Apr/2022:04:02:40 +0200] "GET /-p-496.html HTTP/1.0" 200 70804 "-" "Mozilla/5.0 (compatible; MJ12bot/v1.4.8; http://mj12bot.com/)"
185.191.171.8 - - [14/Apr/2022:04:02:41 +0200] "GET /beanie-buddies-plush-little-pony-rarity-p-27344.html?action=add_product HTTP/1.0" 302 476 "-" "Mozilla/5.0 (compatible; SemrushBot/7~bl; +http://www.semrush.com/bot.html)"
144.76.3.131 - - [14/Apr/2022:04:02:42 +0200] "GET /-p-5012.html HTTP/1.0" 200 70806 "-" "Mozilla/5.0 (compatible; MJ12bot/v1.4.8; http://mj12bot.com/)"
144.76.3.131 - - [14/Apr/2022:04:02:46 +0200] "GET /-p-50731.html HTTP/1.0" 200 70808 "-" "Mozilla/5.0 (compatible; MJ12bot/v1.4.8; http://mj12bot.com/)"
144.76.3.131 - - [14/Apr/2022:04:02:48 +0200] "GET /-p-51606.html HTTP/1.0" 200 70808 "-" "Mozilla/5.0 (compatible; MJ12bot/v1.4.8; http://mj12bot.com/)"
54.36.148.243 - - [14/Apr/2022:04:02:50 +0200] "GET /chief-cbkreation-p-40612.html HTTP/1.0" 200 73390 "-" "Mozilla/5.0 (compatible; AhrefsBot/7.0; +http://ahrefs.com/robot/)"
144.76.3.131 - - [14/Apr/2022:04:02:51 +0200] "GET /-p-5638.html HTTP/1.0" 200 70806 "-" "Mozilla/5.0 (compatible; MJ12bot/v1.4.8; http://mj12bot.com/)"
185.191.171.8 - - [14/Apr/2022:04:02:55 +0200] "GET /unicorn-pencil-p-51484.html HTTP/1.0" 200 73961 "-" "Mozilla/5.0 (compatible; SemrushBot/7~bl; +http://www.semrush.com/bot.html)"
144.76.3.131 - - [14/Apr/2022:04:02:56 +0200] "GET /-p-5656.html HTTP/1.0" 200 70806 "-" "Mozilla/5.0 (compatible; MJ12bot/v1.4.8; http://mj12bot.com/)"
144.76.3.131 - - [14/Apr/2022:04:03:00 +0200] "GET /-p-5860.html HTTP/1.0" 200 70806 "-" "Mozilla/5.0 (compatible; MJ12bot/v1.4.8; http://mj12bot.com/)"
144.76.3.131 - - [14/Apr/2022:04:03:03 +0200] "GET /-p-5966.html HTTP/1.0" 200 70806 "-" "Mozilla/5.0 (compatible; MJ12bot/v1.4.8; http://mj12bot.com/)"
144.76.3.131 - - [14/Apr/2022:04:03:07 +0200] "GET /-p-6858.html HTTP/1.0" 200 70806 "-" "Mozilla/5.0 (compatible; MJ12bot/v1.4.8; http://mj12bot.com/)"
185.191.171.16 - - [14/Apr/2022:04:03:08 +0200] "GET /llama-love-round-metal-storage-box-p-47619.html HTTP/1.0" 301 71023 "-" "Mozilla/5.0 (compatible; SemrushBot/7~bl; +http://www.semrush.com/bot.html)"
144.76.3.131 - - [14/Apr/2022:04:03:10 +0200] "GET /-p-7050.html HTTP/1.0" 200 70806 "-" "Mozilla/5.0 (compatible; MJ12bot/v1.4.8; http://mj12bot.com/)"
185.191.171.6 - - [14/Apr/2022:04:03:12 +0200] "GET /llama-love-round-metal-storage-p-47619.html HTTP/1.0" 200 70926 "-" "Mozilla/5.0 (compatible; SemrushBot/7~bl; +http://www.semrush.com/bot.html)"
144.76.3.131 - - [14/Apr/2022:04:03:14 +0200] "GET /-p-7111.html HTTP/1.0" 200 70806 "-" "Mozilla/5.0 (compatible; MJ12bot/v1.4.8; http://mj12bot.com/)"
144.76.3.131 - - [14/Apr/2022:04:03:17 +0200] "GET /-p-7538.html HTTP/1.0" 200 70806 "-" "Mozilla/5.0 (compatible; MJ12bot/v1.4.8; http://mj12bot.com/)"
144.76.3.131 - - [14/Apr/2022:04:03:19 +0200] "GET /-p-7582.html HTTP/1.0" 200 70806 "-" "Mozilla/5.0 (compatible; MJ12bot/v1.4.8; http://mj12bot.com/)"
144.76.3.131 - - [14/Apr/2022:04:03:22 +0200] "GET /-p-7865.html HTTP/1.0" 200 70806 "-" "Mozilla/5.0 (compatible; MJ12bot/v1.4.8; http://mj12bot.com/)"
144.76.3.131 - - [14/Apr/2022:04:03:26 +0200] "GET /-p-8369.html HTTP/1.0" 200 70806 "-" "Mozilla/5.0 (compatible; MJ12bot/v1.4.8; http://mj12bot.com/)"
207.46.13.25 - - [14/Apr/2022:04:03:27 +0200] "GET /headrest-cushion-white-p-51960.html HTTP/1.0" 200 74106 "-" "Mozilla/5.0 (compatible; bingbot/2.0; +http://www.bing.com/bingbot.htm)"
144.76.3.131 - - [14/Apr/2022:04:03:29 +0200] "GET /-p-9191.html HTTP/1.0" 200 70806 "-" "Mozilla/5.0 (compatible; MJ12bot/v1.4.8; http://mj12bot.com/)"
144.76.3.131 - - [14/Apr/2022:04:03:33 +0200] "GET /-p-9259.html HTTP/1.0" 200 70806 "-" "Mozilla/5.0 (compatible; MJ12bot/v1.4.8; http://mj12bot.com/)"
144.76.3.131 - - [14/Apr/2022:04:03:36 +0200] "GET /-p-9291.html HTTP/1.0" 200 70806 "-" "Mozilla/5.0 (compatible; MJ12bot/v1.4.8; http://mj12bot.com/)"
144.76.3.131 - - [14/Apr/2022:04:03:39 +0200] "GET /-p-9322.html HTTP/1.0" 200 70806 "-" "Mozilla/5.0 (compatible; MJ12bot/v1.4.8; http://mj12bot.com/)"
144.76.3.131 - - [14/Apr/2022:04:03:42 +0200] "GET /-p-9372.html HTTP/1.0" 200 70806 "-" "Mozilla/5.0 (compatible; MJ12bot/v1.4.8; http://mj12bot.com/)"
54.36.148.243 - - [14/Apr/2022:04:03:43 +0200] "GET /parrot-metal-glass-decoration-p-42808.html HTTP/1.0" 200 73646 "-" "Mozilla/5.0 (compatible; AhrefsBot/7.0; +http://ahrefs.com/robot/)"
144.76.3.131 - - [14/Apr/2022:04:03:45 +0200] "GET /-p-9477.html HTTP/1.0" 200 70806 "-" "Mozilla/5.0 (compatible; MJ12bot/v1.4.8; http://mj12bot.com/)"
144.76.3.131 - - [14/Apr/2022:04:03:48 +0200] "GET /-p-9739.html HTTP/1.0" 200 70806 "-" "Mozilla/5.0 (compatible; MJ12bot/v1.4.8; http://mj12bot.com/)"
144.76.3.131 - - [14/Apr/2022:04:03:52 +0200] "GET //mobile-workshop-while-crayola-p-19401.html HTTP/1.0" 301 70875 "-" "Mozilla/5.0 (compatible; MJ12bot/v1.4.8; http://mj12bot.com/)"
144.76.3.131 - - [14/Apr/2022:04:03:56 +0200] "GET /-p-19401.html HTTP/1.0" 200 70808 "-" "Mozilla/5.0 (compatible; MJ12bot/v1.4.8; http://mj12bot.com/)"
144.76.3.131 - - [14/Apr/2022:04:03:58 +0200] "GET //moto-guzzi-mug-p-11781.html HTTP/1.0" 301 70938 "-" "Mozilla/5.0 (compatible; MJ12bot/v1.4.8; http://mj12bot.com/)"
144.76.3.131 - - [14/Apr/2022:04:04:02 +0200] "GET /moto-guzzi-p-11781.html HTTP/1.0" 200 70861 "-" "Mozilla/5.0 (compatible; MJ12bot/v1.4.8; http://mj12bot.com/)"
144.76.3.131 - - [14/Apr/2022:04:04:04 +0200] "GET //moto-guzzi-tank-silver-metal-keyring-p-18652.html HTTP/1.0" 200 70979 "-" "Mozilla/5.0 (compatible; MJ12bot/v1.4.8; http://mj12bot.com/)"
144.76.3.131 - - [14/Apr/2022:04:04:07 +0200] "GET //nici-horse-pencil-case-p-9477.html HTTP/1.0" 301 70872 "-" "Mozilla/5.0 (compatible; MJ12bot/v1.4.8; http://mj12bot.com/)"
185.191.171.7 - - [14/Apr/2022:04:04:08 +0200] "GET /digipenguin-p-30677.html?action=add_product HTTP/1.0" 302 476 "-" "Mozilla/5.0 (compatible; SemrushBot/7~bl; +http://www.semrush.com/bot.html)"
144.76.3.131 - - [14/Apr/2022:04:04:10 +0200] "GET /-p-9477.html HTTP/1.0" 200 70806 "-" "Mozilla/5.0 (compatible; MJ12bot/v1.4.8; http://mj12bot.com/)"
144.76.3.131 - - [14/Apr/2022:04:04:13 +0200] "GET //nici-panda-dangling-and-her-baby-soft-toy-25cm-p-9191.html HTTP/1.0" 301 70872 "-" "Mozilla/5.0 (compatible; MJ12bot/v1.4.8; http://mj12bot.com/)"
87.250.224.149 - - [14/Apr/2022:04:04:16 +0200] "GET /bluetooth-guitar-speaker-p-47522.html HTTP/1.0" 200 74313 "-" "Mozilla/5.0 (compatible; YandexBot/3.0; +http://yandex.com/bots)"
144.76.3.131 - - [14/Apr/2022:04:04:17 +0200] "GET /-p-9191.html HTTP/1.0" 200 70806 "-" "Mozilla/5.0 (compatible; MJ12bot/v1.4.8; http://mj12bot.com/)"
144.76.3.131 - - [14/Apr/2022:04:04:21 +0200] "GET //puppy-top-model-notebook-and-ballpoint-pen-p-15807.html HTTP/1.0" 301 70875 "-" "Mozilla/5.0 (compatible; MJ12bot/v1.4.8; http://mj12bot.com/)"
144.76.3.131 - - [14/Apr/2022:04:04:23 +0200] "GET /-p-15807.html HTTP/1.0" 200 70808 "-" "Mozilla/5.0 (compatible; MJ12bot/v1.4.8; http://mj12bot.com/)"
144.76.3.131 - - [14/Apr/2022:04:04:27 +0200] "GET //radio-retro-6039s-colors-wood-p-19020.html HTTP/1.0" 301 70875 "-" "Mozilla/5.0 (compatible; MJ12bot/v1.4.8; http://mj12bot.com/)"
144.76.3.131 - - [14/Apr/2022:04:04:30 +0200] "GET /-p-19020.html HTTP/1.0" 200 70808 "-" "Mozilla/5.0 (compatible; MJ12bot/v1.4.8; http://mj12bot.com/)"
54.36.148.243 - - [14/Apr/2022:04:04:32 +0200] "GET /despecable-keyring-p-33101.html HTTP/1.0" 200 74149 "-" "Mozilla/5.0 (compatible; AhrefsBot/7.0; +http://ahrefs.com/robot/)"
144.76.3.131 - - [14/Apr/2022:04:04:33 +0200] "GET //rebecca-bonbon-paris-compact-mirror-p-8842.html HTTP/1.0" 301 70872 "-" "Mozilla/5.0 (compatible; MJ12bot/v1.4.8; http://mj12bot.com/)"
144.76.3.131 - - [14/Apr/2022:04:04:37 +0200] "GET /-p-8842.html HTTP/1.0" 200 70806 "-" "Mozilla/5.0 (compatible; MJ12bot/v1.4.8; http://mj12bot.com/)"
144.76.3.131 - - [14/Apr/2022:04:04:40 +0200] "GET //shaped-bowler-suspension-p-19747.html HTTP/1.0" 301 70875 "-" "Mozilla/5.0 (compatible; MJ12bot/v1.4.8; http://mj12bot.com/)"
144.76.3.131 - - [14/Apr/2022:04:04:43 +0200] "GET /-p-19747.html HTTP/1.0" 200 70808 "-" "Mozilla/5.0 (compatible; MJ12bot/v1.4.8; http://mj12bot.com/)"
185.191.171.22 - - [14/Apr/2022:04:04:45 +0200] "GET /bamboo-basket-black-and-white-32-cm-p-50133.html HTTP/1.0" 301 71010 "-" "Mozilla/5.0 (compatible; SemrushBot/7~bl; +http://www.semrush.com/bot.html)"
144.76.3.131 - - [14/Apr/2022:04:04:46 +0200] "GET //volkswagen-permanent-calendar-small-metal-plate-p-15211.html HTTP/1.0" 200 71034 "-" "Mozilla/5.0 (compatible; MJ12bot/v1.4.8; http://mj12bot.com/)"
185.191.171.23 - - [14/Apr/2022:04:04:48 +0200] "GET /bamboo-basket-black-white-p-50133.html HTTP/1.0" 200 70918 "-" "Mozilla/5.0 (compatible; SemrushBot/7~bl; +http://www.semrush.com/bot.html)"
144.76.3.131 - - [14/Apr/2022:04:04:51 +0200] "GET //winnie-beige-sweater-baby-months-p-23384.html HTTP/1.0" 301 70875 "-" "Mozilla/5.0 (compatible; MJ12bot/v1.4.8; http://mj12bot.com/)"
144.76.3.131 - - [14/Apr/2022:04:04:54 +0200] "GET /-p-23384.html HTTP/1.0" 200 70808 "-" "Mozilla/5.0 (compatible; MJ12bot/v1.4.8; http://mj12bot.com/)"
144.76.3.131 - - [14/Apr/2022:04:04:57 +0200] "GET //winnie-beige-sweater-baby-months-p-23385.html HTTP/1.0" 301 70875 "-" "Mozilla/5.0 (compatible; MJ12bot/v1.4.8; http://mj12bot.com/)"
144.76.3.131 - - [14/Apr/2022:04:05:00 +0200] "GET /-p-23385.html HTTP/1.0" 200 70808 "-" "Mozilla/5.0 (compatible; MJ12bot/v1.4.8; http://mj12bot.com/)"
144.76.3.131 - - [14/Apr/2022:04:05:03 +0200] "GET //winnie-beige-sweater-baby-months-p-23387.html HTTP/1.0" 301 70875 "-" "Mozilla/5.0 (compatible; MJ12bot/v1.4.8; http://mj12bot.com/)"
144.76.3.131 - - [14/Apr/2022:04:05:06 +0200] "GET /-p-23387.html HTTP/1.0" 200 70808 "-" "Mozilla/5.0 (compatible; MJ12bot/v1.4.8; http://mj12bot.com/)"
144.76.3.131 - - [14/Apr/2022:04:05:09 +0200] "GET /10-12-years-hello-kitty-bathrobe-p-5615.html HTTP/1.0" 301 70872 "-" "Mozilla/5.0 (compatible; MJ12bot/v1.4.8; http://mj12bot.com/)"
144.76.3.131 - - [14/Apr/2022:04:05:12 +0200] "GET /-p-5615.html HTTP/1.0" 200 70806 "-" "Mozilla/5.0 (compatible; MJ12bot/v1.4.8; http://mj12bot.com/)"
144.76.3.131 - - [14/Apr/2022:04:05:15 +0200] "GET /10-12-years-monster-high-bathrobe-p-23091.html HTTP/1.0" 301 70875 "-" "Mozilla/5.0 (compatible; MJ12bot/v1.4.8; http://mj12bot.com/)"
144.76.3.131 - - [14/Apr/2022:04:05:18 +0200] "GET /-p-23091.html HTTP/1.0" 200 70808 "-" "Mozilla/5.0 (compatible; MJ12bot/v1.4.8; http://mj12bot.com/)"
144.76.3.131 - - [14/Apr/2022:04:05:21 +0200] "GET /10-elmer-invitation-card-p-5966.html HTTP/1.0" 301 70872 "-" "Mozilla/5.0 (compatible; MJ12bot/v1.4.8; http://mj12bot.com/)"
144.76.3.131 - - [14/Apr/2022:04:05:24 +0200] "GET /-p-5966.html HTTP/1.0" 200 70806 "-" "Mozilla/5.0 (compatible; MJ12bot/v1.4.8; http://mj12bot.com/)"
144.76.3.131 - - [14/Apr/2022:04:05:27 +0200] "GET /10-pounds-money-box-by-cbk-p-24140.html HTTP/1.0" 301 73619 "-" "Mozilla/5.0 (compatible; MJ12bot/v1.4.8; http://mj12bot.com/)"
54.36.148.243 - - [14/Apr/2022:04:05:27 +0200] "GET /moroccan-blue-ashtray-p-40175.html HTTP/1.0" 200 73446 "-" "Mozilla/5.0 (compatible; AhrefsBot/7.0; +http://ahrefs.com/robot/)"
185.220.102.252 - - [14/Apr/2022:04:05:30 +0200] "GET /contact_us.php HTTP/1.0" 200 26241 "http://www.wonder-geek.com/contact_us.php" "Mozilla/5.0 (Windows NT 6.1; Win64; x64) AppleWebKit/537.36 (KHTML, like Gecko) Chrome/90.0.4430.72 Safari/537.36"
144.76.3.131 - - [14/Apr/2022:04:05:30 +0200] "GET /pounds-money-cbkreation-p-24140.html HTTP/1.0" 200 73529 "-" "Mozilla/5.0 (compatible; MJ12bot/v1.4.8; http://mj12bot.com/)"
185.220.102.252 - - [14/Apr/2022:04:05:31 +0200] "POST /contact_us.php?action=send HTTP/1.0" 200 26659 "http://www.wonder-geek.com/contact_us.php" "Mozilla/5.0 (Windows NT 6.1; Win64; x64) AppleWebKit/537.36 (KHTML, like Gecko) Chrome/90.0.4430.72 Safari/537.36"
62.171.142.3 - - [14/Apr/2022:04:05:33 +0200] "GET /contact_us.php HTTP/1.0" 200 26241 "http://www.wonder-geek.com/contact_us.php" "Mozilla/5.0 (Windows NT 6.1; Win64; x64) AppleWebKit/537.36 (KHTML, like Gecko) Chrome/90.0.4430.72 Safari/537.36"
144.76.3.131 - - [14/Apr/2022:04:05:34 +0200] "GET /10-pounds-money-box-by-cbkreation-p-24140.html HTTP/1.0" 301 73619 "-" "Mozilla/5.0 (compatible; MJ12bot/v1.4.8; http://mj12bot.com/)"
144.76.3.131 - - [14/Apr/2022:04:05:37 +0200] "GET /pounds-money-cbkreation-p-24140.html HTTP/1.0" 200 73529 "-" "Mozilla/5.0 (compatible; MJ12bot/v1.4.8; http://mj12bot.com/)"
144.76.3.131 - - [14/Apr/2022:04:05:40 +0200] "GET /100-euros-wallet-p-24876.html HTTP/1.0" 301 70875 "-" "Mozilla/5.0 (compatible; MJ12bot/v1.4.8; http://mj12bot.com/)"
144.76.3.131 - - [14/Apr/2022:04:05:44 +0200] "GET /-p-24876.html HTTP/1.0" 200 70808 "-" "Mozilla/5.0 (compatible; MJ12bot/v1.4.8; http://mj12bot.com/)"
144.76.3.131 - - [14/Apr/2022:04:05:47 +0200] "GET /100-marseille-ashtray-p-16436.html HTTP/1.0" 301 70875 "-" "Mozilla/5.0 (compatible; MJ12bot/v1.4.8; http://mj12bot.com/)"
144.76.3.131 - - [14/Apr/2022:04:05:50 +0200] "GET /-p-16436.html HTTP/1.0" 200 70808 "-" "Mozilla/5.0 (compatible; MJ12bot/v1.4.8; http://mj12bot.com/)"
185.191.171.22 - - [14/Apr/2022:04:05:51 +0200] "GET /shopping-bag-nici-horse-club-p-20589.html HTTP/1.0" 301 71022 "-" "Mozilla/5.0 (compatible; SemrushBot/7~bl; +http://www.semrush.com/bot.html)"
144.76.3.131 - - [14/Apr/2022:04:05:53 +0200] "GET /100-marseille-balloon-mouse-pad-p-28420.html HTTP/1.0" 301 70875 "-" "Mozilla/5.0 (compatible; MJ12bot/v1.4.8; http://mj12bot.com/)"
185.191.171.45 - - [14/Apr/2022:04:05:56 +0200] "GET /shopping-nici-horse-club-p-20589.html HTTP/1.0" 200 70931 "-" "Mozilla/5.0 (compatible; SemrushBot/7~bl; +http://www.semrush.com/bot.html)"
144.76.3.131 - - [14/Apr/2022:04:05:56 +0200] "GET /-p-28420.html HTTP/1.0" 200 70808 "-" "Mozilla/5.0 (compatible; MJ12bot/v1.4.8; http://mj12bot.com/)"
144.76.3.131 - - [14/Apr/2022:04:06:00 +0200] "GET /100-marseille-black-animated-lamp-p-16401.html HTTP/1.0" 301 70875 "-" "Mozilla/5.0 (compatible; MJ12bot/v1.4.8; http://mj12bot.com/)"
185.191.171.10 - - [14/Apr/2022:04:06:02 +0200] "GET /deco-mouse-statue-p-40395.html HTTP/1.0" 200 73493 "-" "Mozilla/5.0 (compatible; SemrushBot/7~bl; +http://www.semrush.com/bot.html)"
144.76.3.131 - - [14/Apr/2022:04:06:03 +0200] "GET /-p-16401.html HTTP/1.0" 200 70808 "-" "Mozilla/5.0 (compatible; MJ12bot/v1.4.8; http://mj12bot.com/)"
144.76.3.131 - - [14/Apr/2022:04:06:06 +0200] "GET /100-marseille-black-lamp-p-14555.html HTTP/1.0" 301 70875 "-" "Mozilla/5.0 (compatible; MJ12bot/v1.4.8; http://mj12bot.com/)"
167.86.85.194 - - [14/Apr/2022:04:06:08 +0200] "GET /-p-28650.html HTTP/1.0" 200 70808 "-" "Mozilla/5.0 (compatible; MJ12bot/v1.4.8; http://mj12bot.com/)"
144.76.3.131 - - [14/Apr/2022:04:06:09 +0200] "GET /-p-14555.html HTTP/1.0" 200 70808 "-" "Mozilla/5.0 (compatible; MJ12bot/v1.4.8; http://mj12bot.com/)"
144.76.3.131 - - [14/Apr/2022:04:06:12 +0200] "GET /100-marseille-cup-and-saucer-set-p-17829.html HTTP/1.0" 301 70875 "-" "Mozilla/5.0 (compatible; MJ12bot/v1.4.8; http://mj12bot.com/)"
167.86.85.194 - - [14/Apr/2022:04:06:14 +0200] "GET /-p-28657.html HTTP/1.0" 200 70808 "-" "Mozilla/5.0 (compatible; MJ12bot/v1.4.8; http://mj12bot.com/)"
144.76.3.131 - - [14/Apr/2022:04:06:15 +0200] "GET /-p-17829.html HTTP/1.0" 200 70808 "-" "Mozilla/5.0 (compatible; MJ12bot/v1.4.8; http://mj12bot.com/)"
144.76.3.131 - - [14/Apr/2022:04:06:18 +0200] "GET /100-marseille-shirt-alarm-clock-p-14120.html HTTP/1.0" 301 70875 "-" "Mozilla/5.0 (compatible; MJ12bot/v1.4.8; http://mj12bot.com/)"
144.76.3.131 - - [14/Apr/2022:04:06:21 +0200] "GET /-p-14120.html HTTP/1.0" 200 70808 "-" "Mozilla/5.0 (compatible; MJ12bot/v1.4.8; http://mj12bot.com/)"
54.36.148.243 - - [14/Apr/2022:04:06:24 +0200] "GET /love-barbapapal-picnic-p-19727.html HTTP/1.0" 200 73740 "-" "Mozilla/5.0 (compatible; AhrefsBot/7.0; +http://ahrefs.com/robot/)"
144.76.3.131 - - [14/Apr/2022:04:06:25 +0200] "GET /100-marseille-small-towel-p-11923.html HTTP/1.0" 301 70875 "-" "Mozilla/5.0 (compatible; MJ12bot/v1.4.8; http://mj12bot.com/)"
167.86.85.194 - - [14/Apr/2022:04:06:27 +0200] "GET /-p-28776.html HTTP/1.0" 200 70808 "-" "Mozilla/5.0 (compatible; MJ12bot/v1.4.8; http://mj12bot.com/)"
144.76.3.131 - - [14/Apr/2022:04:06:28 +0200] "GET /-p-11923.html HTTP/1.0" 200 70808 "-" "Mozilla/5.0 (compatible; MJ12bot/v1.4.8; http://mj12bot.com/)"
144.76.3.131 - - [14/Apr/2022:04:06:31 +0200] "GET /100-paris-ashtray-p-15473.html HTTP/1.0" 301 70875 "-" "Mozilla/5.0 (compatible; MJ12bot/v1.4.8; http://mj12bot.com/)"
167.86.85.194 - - [14/Apr/2022:04:06:32 +0200] "GET /-p-28910.html HTTP/1.0" 200 70808 "-" "Mozilla/5.0 (compatible; MJ12bot/v1.4.8; http://mj12bot.com/)"
144.76.3.131 - - [14/Apr/2022:04:06:34 +0200] "GET /-p-15473.html HTTP/1.0" 200 70808 "-" "Mozilla/5.0 (compatible; MJ12bot/v1.4.8; http://mj12bot.com/)"
144.76.3.131 - - [14/Apr/2022:04:06:38 +0200] "GET /100-paris-ashtray-p-27181.html HTTP/1.0" 301 73502 "-" "Mozilla/5.0 (compatible; MJ12bot/v1.4.8; http://mj12bot.com/)"
167.86.85.194 - - [14/Apr/2022:04:06:40 +0200] "GET /-p-28936.html HTTP/1.0" 200 70808 "-" "Mozilla/5.0 (compatible; MJ12bot/v1.4.8; http://mj12bot.com/)"
144.76.3.131 - - [14/Apr/2022:04:06:42 +0200] "GET /paris-ashtray-p-27181.html HTTP/1.0" 200 73422 "-" "Mozilla/5.0 (compatible; MJ12bot/v1.4.8; http://mj12bot.com/)"
185.191.171.22 - - [14/Apr/2022:04:06:41 +0200] "GET /disney-jake-and-the-never-land-pirates-bowl-p-24549.html HTTP/1.0" 301 71056 "-" "Mozilla/5.0 (compatible; SemrushBot/7~bl; +http://www.semrush.com/bot.html)"
144.76.3.131 - - [14/Apr/2022:04:06:45 +0200] "GET /100-paris-ashtray-p-36152.html HTTP/1.0" 301 73500 "-" "Mozilla/5.0 (compatible; MJ12bot/v1.4.8; http://mj12bot.com/)"
185.191.171.3 - - [14/Apr/2022:04:06:47 +0200] "GET /disney-jake-never-land-pirates-bowl-p-24549.html HTTP/1.0" 200 70954 "-" "Mozilla/5.0 (compatible; SemrushBot/7~bl; +http://www.semrush.com/bot.html)"
144.76.3.131 - - [14/Apr/2022:04:06:48 +0200] "GET /paris-ashtray-p-36152.html HTTP/1.0" 200 73420 "-" "Mozilla/5.0 (compatible; MJ12bot/v1.4.8; http://mj12bot.com/)"
144.76.3.131 - - [14/Apr/2022:04:06:52 +0200] "GET /100-paris-balloon-lamp-p-27173.html HTTP/1.0" 301 70875 "-" "Mozilla/5.0 (compatible; MJ12bot/v1.4.8; http://mj12bot.com/)"
185.191.171.25 - - [14/Apr/2022:04:06:55 +0200] "GET /solar-powered-dancing-angel-p-34859.html HTTP/1.0" 200 73730 "-" "Mozilla/5.0 (compatible; SemrushBot/7~bl; +http://www.semrush.com/bot.html)"
144.76.3.131 - - [14/Apr/2022:04:06:56 +0200] "GET /-p-27173.html HTTP/1.0" 200 70808 "-" "Mozilla/5.0 (compatible; MJ12bot/v1.4.8; http://mj12bot.com/)"
167.86.85.194 - - [14/Apr/2022:04:06:57 +0200] "GET /-p-28949.html HTTP/1.0" 200 70808 "-" "Mozilla/5.0 (compatible; MJ12bot/v1.4.8; http://mj12bot.com/)"
144.76.3.131 - - [14/Apr/2022:04:06:59 +0200] "GET /100-paris-bowl-p-27191.html HTTP/1.0" 301 70875 "-" "Mozilla/5.0 (compatible; MJ12bot/v1.4.8; http://mj12bot.com/)"
144.76.3.131 - - [14/Apr/2022:04:07:02 +0200] "GET /-p-27191.html HTTP/1.0" 200 70808 "-" "Mozilla/5.0 (compatible; MJ12bot/v1.4.8; http://mj12bot.com/)"
144.76.3.131 - - [14/Apr/2022:04:07:05 +0200] "GET /100-paris-mouse-pad-p-14082.html HTTP/1.0" 301 73445 "-" "Mozilla/5.0 (compatible; MJ12bot/v1.4.8; http://mj12bot.com/)"
167.86.85.194 - - [14/Apr/2022:04:07:07 +0200] "GET /-p-29227.html HTTP/1.0" 200 70808 "-" "Mozilla/5.0 (compatible; MJ12bot/v1.4.8; http://mj12bot.com/)"
144.76.3.131 - - [14/Apr/2022:04:07:08 +0200] "GET /paris-mouse-p-14082.html HTTP/1.0" 200 73367 "-" "Mozilla/5.0 (compatible; MJ12bot/v1.4.8; http://mj12bot.com/)"
54.36.148.243 - - [14/Apr/2022:04:07:12 +0200] "GET /butterfly-wall-decoration-blue-model-p-43922.html HTTP/1.0" 200 73714 "-" "Mozilla/5.0 (compatible; AhrefsBot/7.0; +http://ahrefs.com/robot/)"
144.76.3.131 - - [14/Apr/2022:04:07:13 +0200] "GET /100-paris-mug-p-23507.html HTTP/1.0" 301 70875 "-" "Mozilla/5.0 (compatible; MJ12bot/v1.4.8; http://mj12bot.com/)"
87.250.224.149 - - [14/Apr/2022:04:07:16 +0200] "GET /flower-power-small-cbkreation-p-14913.html HTTP/1.0" 200 74179 "-" "Mozilla/5.0 (compatible; YandexBot/3.0; +http://yandex.com/bots)"
144.76.3.131 - - [14/Apr/2022:04:07:16 +0200] "GET /-p-23507.html HTTP/1.0" 200 70808 "-" "Mozilla/5.0 (compatible; MJ12bot/v1.4.8; http://mj12bot.com/)"
167.86.85.194 - - [14/Apr/2022:04:07:17 +0200] "GET /-p-29370.html HTTP/1.0" 200 70808 "-" "Mozilla/5.0 (compatible; MJ12bot/v1.4.8; http://mj12bot.com/)"
144.76.3.131 - - [14/Apr/2022:04:07:20 +0200] "GET /100-paris-mug-p-38511.html HTTP/1.0" 301 73402 "-" "Mozilla/5.0 (compatible; MJ12bot/v1.4.8; http://mj12bot.com/)"
144.76.3.131 - - [14/Apr/2022:04:07:23 +0200] "GET /paris-p-38511.html HTTP/1.0" 200 73330 "-" "Mozilla/5.0 (compatible; MJ12bot/v1.4.8; http://mj12bot.com/)"
144.76.3.131 - - [14/Apr/2022:04:07:27 +0200] "GET /100-paris-mug-with-spoon-p-33108.html HTTP/1.0" 301 70875 "-" "Mozilla/5.0 (compatible; MJ12bot/v1.4.8; http://mj12bot.com/)"
167.86.85.194 - - [14/Apr/2022:04:07:29 +0200] "GET /-p-29371.html HTTP/1.0" 200 70808 "-" "Mozilla/5.0 (compatible; MJ12bot/v1.4.8; http://mj12bot.com/)"
144.76.3.131 - - [14/Apr/2022:04:07:30 +0200] "GET /-p-33108.html HTTP/1.0" 200 70808 "-" "Mozilla/5.0 (compatible; MJ12bot/v1.4.8; http://mj12bot.com/)"
185.191.171.26 - - [14/Apr/2022:04:07:30 +0200] "GET /parci-bedclothes-p-49135.html HTTP/1.0" 200 73479 "-" "Mozilla/5.0 (compatible; SemrushBot/7~bl; +http://www.semrush.com/bot.html)"
144.76.3.131 - - [14/Apr/2022:04:07:32 +0200] "GET /100-paris-pencil-case-p-15434.html HTTP/1.0" 301 73516 "-" "Mozilla/5.0 (compatible; MJ12bot/v1.4.8; http://mj12bot.com/)"
144.76.3.131 - - [14/Apr/2022:04:07:35 +0200] "GET /paris-pencil-case-p-15434.html HTTP/1.0" 200 73432 "-" "Mozilla/5.0 (compatible; MJ12bot/v1.4.8; http://mj12bot.com/)"
144.76.3.131 - - [14/Apr/2022:04:07:38 +0200] "GET /100-paris-rotating-lamp-p-24181.html HTTP/1.0" 301 70875 "-" "Mozilla/5.0 (compatible; MJ12bot/v1.4.8; http://mj12bot.com/)"
144.76.3.131 - - [14/Apr/2022:04:07:41 +0200] "GET /-p-24181.html HTTP/1.0" 200 70808 "-" "Mozilla/5.0 (compatible; MJ12bot/v1.4.8; http://mj12bot.com/)"
144.76.3.131 - - [14/Apr/2022:04:07:44 +0200] "GET /100-tablettes-de-charbon-golden-temple-p-47648.html HTTP/1.0" 301 73984 "-" "Mozilla/5.0 (compatible; MJ12bot/v1.4.8; http://mj12bot.com/)"
167.86.85.194 - - [14/Apr/2022:04:07:46 +0200] "GET /-p-29372.html HTTP/1.0" 200 70808 "-" "Mozilla/5.0 (compatible; MJ12bot/v1.4.8; http://mj12bot.com/)"
144.76.3.131 - - [14/Apr/2022:04:07:47 +0200] "GET /charcoal-tablets-golden-temple-tablets-p-47648.html HTTP/1.0" 200 73879 "-" "Mozilla/5.0 (compatible; MJ12bot/v1.4.8; http://mj12bot.com/)"
144.76.3.131 - - [14/Apr/2022:04:07:50 +0200] "GET /101-dalmatians-cruella-devil-figure-p-4704.html HTTP/1.0" 301 71064 "-" "Mozilla/5.0 (compatible; MJ12bot/v1.4.8; http://mj12bot.com/)"
144.76.3.131 - - [14/Apr/2022:04:07:53 +0200] "GET /dalmatians-cruella-devil-figure-p-4704.html HTTP/1.0" 200 70967 "-" "Mozilla/5.0 (compatible; MJ12bot/v1.4.8; http://mj12bot.com/)"
144.76.3.131 - - [14/Apr/2022:04:07:56 +0200] "GET /1200-p-30519.html HTTP/1.0" 200 70861 "-" "Mozilla/5.0 (compatible; MJ12bot/v1.4.8; http://mj12bot.com/)"
167.86.85.194 - - [14/Apr/2022:04:07:58 +0200] "GET /-p-29495.html HTTP/1.0" 200 70808 "-" "Mozilla/5.0 (compatible; MJ12bot/v1.4.8; http://mj12bot.com/)"
144.76.3.131 - - [14/Apr/2022:04:07:59 +0200] "GET /20-cat-eye-marbles-p-27834.html HTTP/1.0" 301 70875 "-" "Mozilla/5.0 (compatible; MJ12bot/v1.4.8; http://mj12bot.com/)"
54.36.148.243 - - [14/Apr/2022:04:08:02 +0200] "GET /despecable-keyring-p-33103.html HTTP/1.0" 200 74149 "-" "Mozilla/5.0 (compatible; AhrefsBot/7.0; +http://ahrefs.com/robot/)"
144.76.3.131 - - [14/Apr/2022:04:08:03 +0200] "GET /-p-27834.html HTTP/1.0" 200 70808 "-" "Mozilla/5.0 (compatible; MJ12bot/v1.4.8; http://mj12bot.com/)"
144.76.3.131 - - [14/Apr/2022:04:08:08 +0200] "GET /20-white-marbles-p-27831.html HTTP/1.0" 301 70875 "-" "Mozilla/5.0 (compatible; MJ12bot/v1.4.8; http://mj12bot.com/)"
144.76.3.131 - - [14/Apr/2022:04:08:10 +0200] "GET /-p-27831.html HTTP/1.0" 200 70808 "-" "Mozilla/5.0 (compatible; MJ12bot/v1.4.8; http://mj12bot.com/)"
167.86.85.194 - - [14/Apr/2022:04:08:12 +0200] "GET /-p-29547.html HTTP/1.0" 200 70808 "-" "Mozilla/5.0 (compatible; MJ12bot/v1.4.8; http://mj12bot.com/)"
144.76.3.131 - - [14/Apr/2022:04:08:14 +0200] "GET /2002-1972-classic-p-37798.html HTTP/1.0" 200 70929 "-" "Mozilla/5.0 (compatible; MJ12bot/v1.4.8; http://mj12bot.com/)"
144.76.3.131 - - [14/Apr/2022:04:08:17 +0200] "GET /300-elastic-loom-bands-p-26692.html HTTP/1.0" 301 73539 "-" "Mozilla/5.0 (compatible; MJ12bot/v1.4.8; http://mj12bot.com/)"
144.76.3.131 - - [14/Apr/2022:04:08:21 +0200] "GET /elastic-loom-bands-p-26692.html HTTP/1.0" 200 73454 "-" "Mozilla/5.0 (compatible; MJ12bot/v1.4.8; http://mj12bot.com/)"
167.86.85.194 - - [14/Apr/2022:04:08:24 +0200] "GET /-p-29554.html HTTP/1.0" 200 70808 "-" "Mozilla/5.0 (compatible; MJ12bot/v1.4.8; http://mj12bot.com/)"
144.76.3.131 - - [14/Apr/2022:04:08:26 +0200] "GET /300-elastic-loom-bands-p-26855.html HTTP/1.0" 301 73540 "-" "Mozilla/5.0 (compatible; MJ12bot/v1.4.8; http://mj12bot.com/)"
144.76.3.131 - - [14/Apr/2022:04:08:29 +0200] "GET /elastic-loom-bands-p-26855.html HTTP/1.0" 200 73455 "-" "Mozilla/5.0 (compatible; MJ12bot/v1.4.8; http://mj12bot.com/)"
144.76.3.131 - - [14/Apr/2022:04:08:32 +0200] "GET /3d-ninja-turtles-mug-p-20837.html HTTP/1.0" 301 70875 "-" "Mozilla/5.0 (compatible; MJ12bot/v1.4.8; http://mj12bot.com/)"
185.191.171.12 - - [14/Apr/2022:04:08:32 +0200] "GET /spain-flag-by-cbkreation-alarm-clock-p-24982.html HTTP/1.0" 301 73653 "-" "Mozilla/5.0 (compatible; SemrushBot/7~bl; +http://www.semrush.com/bot.html)"
144.76.3.131 - - [14/Apr/2022:04:08:34 +0200] "GET /-p-20837.html HTTP/1.0" 200 70808 "-" "Mozilla/5.0 (compatible; MJ12bot/v1.4.8; http://mj12bot.com/)"
185.191.171.7 - - [14/Apr/2022:04:08:36 +0200] "GET /spain-flag-cbkreation-alarm-clock-p-24982.html HTTP/1.0" 200 73553 "-" "Mozilla/5.0 (compatible; SemrushBot/7~bl; +http://www.semrush.com/bot.html)"
144.76.3.131 - - [14/Apr/2022:04:08:38 +0200] "GET /70-ashtray-circles-p-37718.html HTTP/1.0" 301 70875 "-" "Mozilla/5.0 (compatible; MJ12bot/v1.4.8; http://mj12bot.com/)"
51.68.224.127 - - [14/Apr/2022:04:08:39 +0200] "GET /adminweb/export_orders_xml.php?token=256de2z6edz6ed2z6DFSFsed2zed6zeDSFDSGdzedezfzf&maxorders=10&orderstart=1&status=14&start_date=2018-10-01 HTTP/1.0" 200 285 "-" "GesCom CharlotteBoutik Serveur"
51.68.224.127 - - [14/Apr/2022:04:08:39 +0200] "GET /adminweb/export_orders_xml.php?token=256de2z6edz6ed2z6DFSFsed2zed6zeDSFDSGdzedezfzf&maxorders=10&orderstart=1&status=6&start_date=2018-10-01 HTTP/1.0" 200 32865 "-" "GesCom CharlotteBoutik Serveur"
167.86.85.194 - - [14/Apr/2022:04:08:41 +0200] "GET /-p-29559.html HTTP/1.0" 200 70808 "-" "Mozilla/5.0 (compatible; MJ12bot/v1.4.8; http://mj12bot.com/)"
144.76.3.131 - - [14/Apr/2022:04:08:41 +0200] "GET /-p-37718.html HTTP/1.0" 200 70808 "-" "Mozilla/5.0 (compatible; MJ12bot/v1.4.8; http://mj12bot.com/)"
144.76.3.131 - - [14/Apr/2022:04:08:45 +0200] "GET /abs-suitcase-cabin-compatible-company-low-cost-p-37086.html HTTP/1.0" 301 71124 "-" "Mozilla/5.0 (compatible; MJ12bot/v1.4.8; http://mj12bot.com/)"
144.76.3.131 - - [14/Apr/2022:04:08:48 +0200] "GET /suitcase-cabin-compatible-company-cost-p-37086.html HTTP/1.0" 200 71019 "-" "Mozilla/5.0 (compatible; MJ12bot/v1.4.8; http://mj12bot.com/)"
185.191.171.36 - - [14/Apr/2022:04:08:51 +0200] "GET /ceramic-cork-trivet-cement-tiles-p-56015.html HTTP/1.0" 200 73587 "-" "Mozilla/5.0 (compatible; SemrushBot/7~bl; +http://www.semrush.com/bot.html)"
54.36.148.243 - - [14/Apr/2022:04:08:51 +0200] "GET /placemat-brasserie-familiale-p-53595.html HTTP/1.0" 200 74086 "-" "Mozilla/5.0 (compatible; AhrefsBot/7.0; +http://ahrefs.com/robot/)"
144.76.3.131 - - [14/Apr/2022:04:08:52 +0200] "GET /abs-suitcase-cabin-compatible-company-low-cost-p-37087.html HTTP/1.0" 301 71075 "-" "Mozilla/5.0 (compatible; MJ12bot/v1.4.8; http://mj12bot.com/)"
185.191.171.23 - - [14/Apr/2022:04:08:54 +0200] "GET /wick-ellipse-candle-heart-home-cranberry-spice-p-57132.html HTTP/1.0" 200 74958 "-" "Mozilla/5.0 (compatible; SemrushBot/7~bl; +http://www.semrush.com/bot.html)"
17.121.115.26 - - [14/Apr/2022:04:08:55 +0200] "GET /barbapapa-baroque-striped-canvas-totes-p-5788.html HTTP/1.0" 200 73823 "-" "Mozilla/5.0 (Macintosh; Intel Mac OS X 10_15_5) AppleWebKit/605.1.15 (KHTML, like Gecko) Version/13.1.1 Safari/605.1.15 (Applebot/0.1; +http://www.apple.com/go/applebot)"
144.76.3.131 - - [14/Apr/2022:04:08:56 +0200] "GET /suitcase-cabin-compatible-company-cost-p-37087.html HTTP/1.0" 200 70970 "-" "Mozilla/5.0 (compatible; MJ12bot/v1.4.8; http://mj12bot.com/)"
144.76.3.131 - - [14/Apr/2022:04:08:59 +0200] "GET /abs-suitcase-cabin-compatible-company-low-cost-p-37089.html HTTP/1.0" 301 71124 "-" "Mozilla/5.0 (compatible; MJ12bot/v1.4.8; http://mj12bot.com/)"
167.86.85.194 - - [14/Apr/2022:04:09:02 +0200] "GET /-p-29617.html HTTP/1.0" 200 70808 "-" "Mozilla/5.0 (compatible; MJ12bot/v1.4.8; http://mj12bot.com/)"
144.76.3.131 - - [14/Apr/2022:04:09:03 +0200] "GET /suitcase-cabin-compatible-company-cost-p-37089.html HTTP/1.0" 200 71019 "-" "Mozilla/5.0 (compatible; MJ12bot/v1.4.8; http://mj12bot.com/)"
144.76.3.131 - - [14/Apr/2022:04:09:06 +0200] "GET /ac-milan-fountain-pen-p-36940.html HTTP/1.0" 301 70875 "-" "Mozilla/5.0 (compatible; MJ12bot/v1.4.8; http://mj12bot.com/)"
144.76.3.131 - - [14/Apr/2022:04:09:09 +0200] "GET /-p-36940.html HTTP/1.0" 200 70808 "-" "Mozilla/5.0 (compatible; MJ12bot/v1.4.8; http://mj12bot.com/)"
144.76.3.131 - - [14/Apr/2022:04:09:12 +0200] "GET /acdc-keyring-p-28266.html HTTP/1.0" 200 70859 "-" "Mozilla/5.0 (compatible; MJ12bot/v1.4.8; http://mj12bot.com/)"
144.76.3.131 - - [14/Apr/2022:04:09:15 +0200] "GET /advent-calendar-woods-snowman-p-35644.html HTTP/1.0" 200 73528 "-" "Mozilla/5.0 (compatible; MJ12bot/v1.4.8; http://mj12bot.com/)"
