192.99.14.135 - - [14/Apr/2022:05:28:58 +0200] "GET /black-vespa-shoulder-p-23060.html HTTP/1.0" 200 70911 "-" "Mozilla/5.0 (compatible; MJ12bot/v1.4.8; http://mj12bot.com/)"
157.90.177.217 - - [14/Apr/2022:05:28:59 +0200] "GET /accessories-mobiles-c-3_17.html?page=2 HTTP/1.0" 200 95665 "-" "Mozilla/5.0 (compatible; BLEXBot/1.0; +http://webmeup-crawler.com/)"
157.90.177.217 - - [14/Apr/2022:05:28:59 +0200] "GET /barbecue-aperitif-c-12_254.html?page=2 HTTP/1.0" 200 81773 "-" "Mozilla/5.0 (compatible; BLEXBot/1.0; +http://webmeup-crawler.com/)"
192.99.14.135 - - [14/Apr/2022:05:29:01 +0200] "GET /black-vespa-shoulder-bag-p-32828.html HTTP/1.0" 301 70998 "-" "Mozilla/5.0 (compatible; MJ12bot/v1.4.8; http://mj12bot.com/)"
157.90.177.217 - - [14/Apr/2022:05:29:04 +0200] "GET /accessories-mobiles-c-3_17.html?page=3 HTTP/1.0" 200 95389 "-" "Mozilla/5.0 (compatible; BLEXBot/1.0; +http://webmeup-crawler.com/)"
157.90.177.217 - - [14/Apr/2022:05:29:04 +0200] "GET /barnyard-ceramic-butter-dish-p-51418.html HTTP/1.0" 200 73491 "-" "Mozilla/5.0 (compatible; BLEXBot/1.0; +http://webmeup-crawler.com/)"
192.99.14.135 - - [14/Apr/2022:05:29:05 +0200] "GET /black-vespa-shoulder-p-32828.html HTTP/1.0" 200 70911 "-" "Mozilla/5.0 (compatible; MJ12bot/v1.4.8; http://mj12bot.com/)"
114.119.137.38 - - [14/Apr/2022:05:29:06 +0200] "GET /french-bouledogue-cushion-p-33028.html HTTP/1.0" 301 70875 "-" "Mozilla/5.0 (Linux; Android 7.0;) AppleWebKit/537.36 (KHTML, like Gecko) Mobile Safari/537.36 (compatible; PetalBot;+https://webmaster.petalsearch.com/site/petalbot)"
157.90.177.217 - - [14/Apr/2022:05:29:08 +0200] "GET /accessories-mobiles-c-3_17.html?page=4 HTTP/1.0" 200 95073 "-" "Mozilla/5.0 (compatible; BLEXBot/1.0; +http://webmeup-crawler.com/)"
192.99.14.135 - - [14/Apr/2022:05:29:09 +0200] "GET /black-vespa-shoulder-p-23060.html HTTP/1.0" 200 70911 "-" "Mozilla/5.0 (compatible; MJ12bot/v1.4.8; http://mj12bot.com/)"
154.16.167.94 - - [14/Apr/2022:05:29:10 +0200] "GET /contact_us.php HTTP/1.0" 301 539 "https://www.jackpotbetonline.com/" "Mozilla/5.0 (Windows NT 6.3; Win64; x64) AppleWebKit/537.36 (KHTML, like Gecko) Chrome/90.0.4430.72 Safari/537.36"
157.90.177.217 - - [14/Apr/2022:05:29:10 +0200] "GET /baskets-c-13_289.html?page=2 HTTP/1.0" 200 90738 "-" "Mozilla/5.0 (compatible; BLEXBot/1.0; +http://webmeup-crawler.com/)"
192.99.14.135 - - [14/Apr/2022:05:29:12 +0200] "GET /black-vespa-shoulder-p-32828.html HTTP/1.0" 200 70911 "-" "Mozilla/5.0 (compatible; MJ12bot/v1.4.8; http://mj12bot.com/)"
157.90.177.217 - - [14/Apr/2022:05:29:13 +0200] "GET /accessories-mobiles-c-3_17.html?page=5 HTTP/1.0" 200 94483 "-" "Mozilla/5.0 (compatible; BLEXBot/1.0; +http://webmeup-crawler.com/)"
185.191.171.36 - - [14/Apr/2022:05:29:14 +0200] "GET /decoration-protection-animal-iphone-cable-p-47286.html HTTP/1.0" 200 77603 "-" "Mozilla/5.0 (compatible; SemrushBot/7~bl; +http://www.semrush.com/bot.html)"
157.90.177.217 - - [14/Apr/2022:05:29:15 +0200] "GET /baskets-c-13_289.html?page=3 HTTP/1.0" 200 90553 "-" "Mozilla/5.0 (compatible; BLEXBot/1.0; +http://webmeup-crawler.com/)"
192.99.14.135 - - [14/Apr/2022:05:29:15 +0200] "GET /black-white-salt-pepper-p-37398.html HTTP/1.0" 200 70962 "-" "Mozilla/5.0 (compatible; MJ12bot/v1.4.8; http://mj12bot.com/)"
157.90.177.217 - - [14/Apr/2022:05:29:17 +0200] "GET /accessories-mobiles-c-3_17.html?page=6 HTTP/1.0" 200 84086 "-" "Mozilla/5.0 (compatible; BLEXBot/1.0; +http://webmeup-crawler.com/)"
192.99.14.135 - - [14/Apr/2022:05:29:19 +0200] "GET /blue-bamboo-bowl-p-54152.html HTTP/1.0" 200 70862 "-" "Mozilla/5.0 (compatible; MJ12bot/v1.4.8; http://mj12bot.com/)"
114.119.137.38 - - [14/Apr/2022:05:29:22 +0200] "GET /-p-33028.html HTTP/1.0" 200 70808 "-" "Mozilla/5.0 (Linux; Android 7.0;) AppleWebKit/537.36 (KHTML, like Gecko) Mobile Safari/537.36 (compatible; PetalBot;+https://webmaster.petalsearch.com/site/petalbot)"
157.90.177.217 - - [14/Apr/2022:05:29:23 +0200] "GET /baskets-c-13_289.html?page=4 HTTP/1.0" 200 85142 "-" "Mozilla/5.0 (compatible; BLEXBot/1.0; +http://webmeup-crawler.com/)"
192.99.14.135 - - [14/Apr/2022:05:29:23 +0200] "GET /blue-flowerpot-p-54301.html HTTP/1.0" 200 73995 "-" "Mozilla/5.0 (compatible; MJ12bot/v1.4.8; http://mj12bot.com/)"
157.90.177.217 - - [14/Apr/2022:05:29:25 +0200] "GET /achshund-bookend-p-51892.html HTTP/1.0" 200 74184 "-" "Mozilla/5.0 (compatible; BLEXBot/1.0; +http://webmeup-crawler.com/)"
192.99.14.135 - - [14/Apr/2022:05:29:27 +0200] "GET /blue-gold-statuette-p-50661.html HTTP/1.0" 200 70902 "-" "Mozilla/5.0 (compatible; MJ12bot/v1.4.8; http://mj12bot.com/)"
113.207.6.244 - - [14/Apr/2022:05:29:28 +0200] "GET /images/mini_prod/MISES-EN-SITUATION-04.jpg HTTP/1.0" 200 277 "-" "Mozilla/5.0 (X11; Ubuntu; Linux x86_64; rv:72.0) Gecko/20100101 Firefox/72.0"
157.90.177.217 - - [14/Apr/2022:05:29:28 +0200] "GET /bathroom-accessories-c-13_172.html?page=2 HTTP/1.0" 200 91534 "-" "Mozilla/5.0 (compatible; BLEXBot/1.0; +http://webmeup-crawler.com/)"
157.90.177.217 - - [14/Apr/2022:05:29:30 +0200] "GET /adult-cbkreation-p-29960.html HTTP/1.0" 200 73515 "-" "Mozilla/5.0 (compatible; BLEXBot/1.0; +http://webmeup-crawler.com/)"
192.99.14.135 - - [14/Apr/2022:05:29:31 +0200] "GET /blue-perfume-diffuser-p-35883.html HTTP/1.0" 200 70916 "-" "Mozilla/5.0 (compatible; MJ12bot/v1.4.8; http://mj12bot.com/)"
157.90.177.217 - - [14/Apr/2022:05:29:32 +0200] "GET /bathroom-accessories-c-13_172.html?page=3 HTTP/1.0" 200 91739 "-" "Mozilla/5.0 (compatible; BLEXBot/1.0; +http://webmeup-crawler.com/)"
192.99.14.135 - - [14/Apr/2022:05:29:34 +0200] "GET /bodega-cbkreation-p-24118.html HTTP/1.0" 200 73433 "-" "Mozilla/5.0 (compatible; MJ12bot/v1.4.8; http://mj12bot.com/)"
157.90.177.217 - - [14/Apr/2022:05:29:34 +0200] "GET /adult-cotton-apron-angle-collection-p-39198.html HTTP/1.0" 200 73530 "-" "Mozilla/5.0 (compatible; BLEXBot/1.0; +http://webmeup-crawler.com/)"
192.99.14.135 - - [14/Apr/2022:05:29:38 +0200] "GET /bodega-napkins-dispenser-p-39780.html HTTP/1.0" 200 70894 "-" "Mozilla/5.0 (compatible; MJ12bot/v1.4.8; http://mj12bot.com/)"
185.191.171.10 - - [14/Apr/2022:05:29:39 +0200] "GET /collection-plate-metal-vespa-vespa-p-35031.html HTTP/1.0" 200 74068 "-" "Mozilla/5.0 (compatible; SemrushBot/7~bl; +http://www.semrush.com/bot.html)"
157.90.177.217 - - [14/Apr/2022:05:29:38 +0200] "GET /bathroom-accessories-c-13_172.html?page=4 HTTP/1.0" 200 91561 "-" "Mozilla/5.0 (compatible; BLEXBot/1.0; +http://webmeup-crawler.com/)"
157.90.177.217 - - [14/Apr/2022:05:29:40 +0200] "GET /adult-cotton-apron-manoir-collection-p-39043.html HTTP/1.0" 200 73525 "-" "Mozilla/5.0 (compatible; BLEXBot/1.0; +http://webmeup-crawler.com/)"
192.99.14.135 - - [14/Apr/2022:05:29:41 +0200] "GET /boho-canvas-frame-dream-catcher-p-43086.html HTTP/1.0" 200 73648 "-" "Mozilla/5.0 (compatible; MJ12bot/v1.4.8; http://mj12bot.com/)"
157.90.177.217 - - [14/Apr/2022:05:29:45 +0200] "GET /bathroom-accessories-c-13_172.html?page=5 HTTP/1.0" 200 86726 "-" "Mozilla/5.0 (compatible; BLEXBot/1.0; +http://webmeup-crawler.com/)"
192.99.14.135 - - [14/Apr/2022:05:29:46 +0200] "GET /boho-canvas-frame-wolf-p-43087.html HTTP/1.0" 200 73576 "-" "Mozilla/5.0 (compatible; MJ12bot/v1.4.8; http://mj12bot.com/)"
54.36.148.243 - - [14/Apr/2022:05:29:46 +0200] "GET /smiley-money-p-24007.html HTTP/1.0" 200 73335 "-" "Mozilla/5.0 (compatible; AhrefsBot/7.0; +http://ahrefs.com/robot/)"
157.90.177.217 - - [14/Apr/2022:05:29:47 +0200] "GET /adult-cotton-apron-p-54326.html HTTP/1.0" 200 73973 "-" "Mozilla/5.0 (compatible; BLEXBot/1.0; +http://webmeup-crawler.com/)"
192.99.14.135 - - [14/Apr/2022:05:29:49 +0200] "GET /boite-coca-cola-p-31663.html HTTP/1.0" 200 70858 "-" "Mozilla/5.0 (compatible; MJ12bot/v1.4.8; http://mj12bot.com/)"
157.90.177.217 - - [14/Apr/2022:05:29:52 +0200] "GET /batista-pencil-p-13877.html HTTP/1.0" 200 73524 "-" "Mozilla/5.0 (compatible; BLEXBot/1.0; +http://webmeup-crawler.com/)"
192.99.14.135 - - [14/Apr/2022:05:29:52 +0200] "GET /bolster-case-green-blue-p-43618.html HTTP/1.0" 200 73706 "-" "Mozilla/5.0 (compatible; MJ12bot/v1.4.8; http://mj12bot.com/)"
157.90.177.217 - - [14/Apr/2022:05:29:54 +0200] "GET /adult-cotton-apron-p-54327.html HTTP/1.0" 200 73973 "-" "Mozilla/5.0 (compatible; BLEXBot/1.0; +http://webmeup-crawler.com/)"
192.99.14.135 - - [14/Apr/2022:05:29:57 +0200] "GET /bolster-case-green-p-43668.html HTTP/1.0" 200 73680 "-" "Mozilla/5.0 (compatible; MJ12bot/v1.4.8; http://mj12bot.com/)"
157.90.177.217 - - [14/Apr/2022:05:29:57 +0200] "GET /batman-black-shirt-p-29544.html HTTP/1.0" 200 74548 "-" "Mozilla/5.0 (compatible; BLEXBot/1.0; +http://webmeup-crawler.com/)"
192.99.14.135 - - [14/Apr/2022:05:30:00 +0200] "GET /bomb-marvel-super-hero-mashers-articulate-figurine-p-32445.html HTTP/1.0" 200 71055 "-" "Mozilla/5.0 (compatible; MJ12bot/v1.4.8; http://mj12bot.com/)"
157.90.177.217 - - [14/Apr/2022:05:30:01 +0200] "GET /adult-cotton-apron-stone-collection-p-40207.html HTTP/1.0" 200 73517 "-" "Mozilla/5.0 (compatible; BLEXBot/1.0; +http://webmeup-crawler.com/)"
192.99.14.135 - - [14/Apr/2022:05:30:03 +0200] "GET /bonheur-dans-ceramic-with-infuser-p-31534.html HTTP/1.0" 200 70966 "-" "Mozilla/5.0 (compatible; MJ12bot/v1.4.8; http://mj12bot.com/)"
157.90.177.217 - - [14/Apr/2022:05:30:04 +0200] "GET /batman-joker-figures-p-27766.html HTTP/1.0" 200 73628 "-" "Mozilla/5.0 (compatible; BLEXBot/1.0; +http://webmeup-crawler.com/)"
157.90.177.217 - - [14/Apr/2022:05:30:07 +0200] "GET /adults-c-53.html?page=10 HTTP/1.0" 200 92013 "-" "Mozilla/5.0 (compatible; BLEXBot/1.0; +http://webmeup-crawler.com/)"
192.99.14.135 - - [14/Apr/2022:05:30:08 +0200] "GET /book-lamp-real-wood-color-walnut-size-p-54337.html HTTP/1.0" 200 75231 "-" "Mozilla/5.0 (compatible; MJ12bot/v1.4.8; http://mj12bot.com/)"
157.90.177.217 - - [14/Apr/2022:05:30:11 +0200] "GET /batman-polar-blanket-p-31997.html HTTP/1.0" 200 73614 "-" "Mozilla/5.0 (compatible; BLEXBot/1.0; +http://webmeup-crawler.com/)"
192.99.14.135 - - [14/Apr/2022:05:30:12 +0200] "GET /bookend-monkeys-p-41854.html HTTP/1.0" 200 70858 "-" "Mozilla/5.0 (compatible; MJ12bot/v1.4.8; http://mj12bot.com/)"
157.90.177.217 - - [14/Apr/2022:05:30:12 +0200] "GET /adults-c-53.html?page=11 HTTP/1.0" 200 90714 "-" "Mozilla/5.0 (compatible; BLEXBot/1.0; +http://webmeup-crawler.com/)"
192.99.14.135 - - [14/Apr/2022:05:30:15 +0200] "GET /bottle-rack-made-of-raw-wood-and-metal-615-cm-p-49042.html HTTP/1.0" 301 71042 "-" "Mozilla/5.0 (compatible; MJ12bot/v1.4.8; http://mj12bot.com/)"
192.99.14.135 - - [14/Apr/2022:05:30:18 +0200] "GET /bottle-rack-made-wood-metal-p-49042.html HTTP/1.0" 200 70948 "-" "Mozilla/5.0 (compatible; MJ12bot/v1.4.8; http://mj12bot.com/)"
192.99.14.135 - - [14/Apr/2022:05:30:21 +0200] "GET /bottle-rack-made-wood-metal-p-49042.html HTTP/1.0" 200 70948 "-" "Mozilla/5.0 (compatible; MJ12bot/v1.4.8; http://mj12bot.com/)"
157.90.177.217 - - [14/Apr/2022:05:30:21 +0200] "GET /batman-shirt-p-29543.html HTTP/1.0" 200 74501 "-" "Mozilla/5.0 (compatible; BLEXBot/1.0; +http://webmeup-crawler.com/)"
157.90.177.217 - - [14/Apr/2022:05:30:23 +0200] "GET /adults-c-53.html?page=2 HTTP/1.0" 200 93743 "-" "Mozilla/5.0 (compatible; BLEXBot/1.0; +http://webmeup-crawler.com/)"
192.99.14.135 - - [14/Apr/2022:05:30:25 +0200] "GET /boutis-bedspread-and-pillowcases-arkansas-p-38894.html HTTP/1.0" 301 74398 "-" "Mozilla/5.0 (compatible; MJ12bot/v1.4.8; http://mj12bot.com/)"
157.90.177.217 - - [14/Apr/2022:05:30:27 +0200] "GET /beach-shower-curtain-p-37701.html HTTP/1.0" 200 73533 "-" "Mozilla/5.0 (compatible; BLEXBot/1.0; +http://webmeup-crawler.com/)"
157.55.39.42 - - [14/Apr/2022:05:30:28 +0200] "GET /-p-30254.html HTTP/1.0" 200 70808 "-" "Mozilla/5.0 (compatible; bingbot/2.0; +http://www.bing.com/bingbot.htm)"
192.99.14.135 - - [14/Apr/2022:05:30:28 +0200] "GET /boutis-bedspread-pillowcases-arkansas-p-38894.html HTTP/1.0" 200 74294 "-" "Mozilla/5.0 (compatible; MJ12bot/v1.4.8; http://mj12bot.com/)"
157.90.177.217 - - [14/Apr/2022:05:30:29 +0200] "GET /adults-c-53.html?page=3 HTTP/1.0" 200 93507 "-" "Mozilla/5.0 (compatible; BLEXBot/1.0; +http://webmeup-crawler.com/)"
185.191.171.35 - - [14/Apr/2022:05:30:31 +0200] "GET /set-of-gorjuss-stamps-with-ink-ruby-p-40496.html HTTP/1.0" 301 71001 "-" "Mozilla/5.0 (compatible; SemrushBot/7~bl; +http://www.semrush.com/bot.html)"
192.99.14.135 - - [14/Apr/2022:05:30:32 +0200] "GET /boutis-bedspread-and-pillowcases-pascale-p-39804.html HTTP/1.0" 301 70875 "-" "Mozilla/5.0 (compatible; MJ12bot/v1.4.8; http://mj12bot.com/)"
157.90.177.217 - - [14/Apr/2022:05:30:33 +0200] "GET /bear-decoration-p-41951.html HTTP/1.0" 200 73543 "-" "Mozilla/5.0 (compatible; BLEXBot/1.0; +http://webmeup-crawler.com/)"
185.191.171.20 - - [14/Apr/2022:05:30:34 +0200] "GET /gorjuss-stamps-with-ruby-p-40496.html HTTP/1.0" 200 70910 "-" "Mozilla/5.0 (compatible; SemrushBot/7~bl; +http://www.semrush.com/bot.html)"
192.99.14.135 - - [14/Apr/2022:05:30:35 +0200] "GET /-p-39804.html HTTP/1.0" 200 70808 "-" "Mozilla/5.0 (compatible; MJ12bot/v1.4.8; http://mj12bot.com/)"
157.90.177.217 - - [14/Apr/2022:05:30:35 +0200] "GET /adults-c-53.html?page=4 HTTP/1.0" 200 92212 "-" "Mozilla/5.0 (compatible; BLEXBot/1.0; +http://webmeup-crawler.com/)"
157.90.177.217 - - [14/Apr/2022:05:30:38 +0200] "GET /bear-dish-cake-p-45121.html HTTP/1.0" 200 73390 "-" "Mozilla/5.0 (compatible; BLEXBot/1.0; +http://webmeup-crawler.com/)"
192.99.14.135 - - [14/Apr/2022:05:30:38 +0200] "GET /boutis-bedspread-and-pillowcases-philippe-p-39803.html HTTP/1.0" 301 70875 "-" "Mozilla/5.0 (compatible; MJ12bot/v1.4.8; http://mj12bot.com/)"
157.90.177.217 - - [14/Apr/2022:05:30:41 +0200] "GET /adults-c-53.html?page=5 HTTP/1.0" 200 92232 "-" "Mozilla/5.0 (compatible; BLEXBot/1.0; +http://webmeup-crawler.com/)"
192.99.14.135 - - [14/Apr/2022:05:30:42 +0200] "GET /-p-39803.html HTTP/1.0" 200 70808 "-" "Mozilla/5.0 (compatible; MJ12bot/v1.4.8; http://mj12bot.com/)"
157.90.177.217 - - [14/Apr/2022:05:30:43 +0200] "GET /bear-pedestal-table-resin-p-53461.html HTTP/1.0" 200 74104 "-" "Mozilla/5.0 (compatible; BLEXBot/1.0; +http://webmeup-crawler.com/)"
192.99.14.135 - - [14/Apr/2022:05:30:45 +0200] "GET /boutis-bedspread-pillowcases-arkansas-p-38894.html HTTP/1.0" 200 74294 "-" "Mozilla/5.0 (compatible; MJ12bot/v1.4.8; http://mj12bot.com/)"
157.90.177.217 - - [14/Apr/2022:05:30:45 +0200] "GET /adults-c-53.html?page=6 HTTP/1.0" 200 91761 "-" "Mozilla/5.0 (compatible; BLEXBot/1.0; +http://webmeup-crawler.com/)"
157.90.177.217 - - [14/Apr/2022:05:30:48 +0200] "GET /beatles-abbey-road-carry-calling-cards-p-19517.html HTTP/1.0" 200 73837 "-" "Mozilla/5.0 (compatible; BLEXBot/1.0; +http://webmeup-crawler.com/)"
49.7.20.122 - - [14/Apr/2022:05:30:48 +0200] "GET / HTTP/1.0" 200 151819 "-" "Sogou web spider/4.0(+http://www.sogou.com/docs/help/webmasters.htm#07)"
192.99.14.135 - - [14/Apr/2022:05:30:49 +0200] "GET /bowler-halogen-lamp-design-p-19748.html HTTP/1.0" 301 70875 "-" "Mozilla/5.0 (compatible; MJ12bot/v1.4.8; http://mj12bot.com/)"
192.99.14.135 - - [14/Apr/2022:05:30:54 +0200] "GET /-p-19748.html HTTP/1.0" 200 70808 "-" "Mozilla/5.0 (compatible; MJ12bot/v1.4.8; http://mj12bot.com/)"
157.90.177.217 - - [14/Apr/2022:05:30:53 +0200] "GET /adults-c-53.html?page=7 HTTP/1.0" 200 92129 "-" "Mozilla/5.0 (compatible; BLEXBot/1.0; +http://webmeup-crawler.com/)"
157.90.177.217 - - [14/Apr/2022:05:30:55 +0200] "GET /beatles-cosmetic-p-7114.html HTTP/1.0" 200 73664 "-" "Mozilla/5.0 (compatible; BLEXBot/1.0; +http://webmeup-crawler.com/)"
192.99.14.135 - - [14/Apr/2022:05:30:57 +0200] "GET /brass-sundial-compass-gilbert-sons-p-52859.html HTTP/1.0" 301 73802 "-" "Mozilla/5.0 (compatible; MJ12bot/v1.4.8; http://mj12bot.com/)"
157.90.177.217 - - [14/Apr/2022:05:30:59 +0200] "GET /adults-c-53.html?page=8 HTTP/1.0" 200 92207 "-" "Mozilla/5.0 (compatible; BLEXBot/1.0; +http://webmeup-crawler.com/)"
157.90.177.217 - - [14/Apr/2022:05:30:59 +0200] "GET /beatles-cover-smartphone-p-8883.html HTTP/1.0" 200 73745 "-" "Mozilla/5.0 (compatible; BLEXBot/1.0; +http://webmeup-crawler.com/)"
192.99.14.135 - - [14/Apr/2022:05:31:00 +0200] "GET /decorative-sundial-compass-brass-gilbert-sons-p-52859.html HTTP/1.0" 200 73690 "-" "Mozilla/5.0 (compatible; MJ12bot/v1.4.8; http://mj12bot.com/)"
192.99.14.135 - - [14/Apr/2022:05:31:03 +0200] "GET /british-doggy-eyelets-sheer-p-39786.html HTTP/1.0" 301 70875 "-" "Mozilla/5.0 (compatible; MJ12bot/v1.4.8; http://mj12bot.com/)"
157.90.177.217 - - [14/Apr/2022:05:31:03 +0200] "GET /adults-c-53.html?page=9 HTTP/1.0" 200 91815 "-" "Mozilla/5.0 (compatible; BLEXBot/1.0; +http://webmeup-crawler.com/)"
157.90.177.217 - - [14/Apr/2022:05:31:05 +0200] "GET /beatles-cover-smartphone-p-8884.html HTTP/1.0" 200 73744 "-" "Mozilla/5.0 (compatible; BLEXBot/1.0; +http://webmeup-crawler.com/)"
192.99.14.135 - - [14/Apr/2022:05:31:06 +0200] "GET /-p-39786.html HTTP/1.0" 200 70808 "-" "Mozilla/5.0 (compatible; MJ12bot/v1.4.8; http://mj12bot.com/)"
185.191.171.41 - - [14/Apr/2022:05:31:07 +0200] "GET /argentina-phone-cover-for-iphone-cbkreation-p-13959.html HTTP/1.0" 301 71085 "-" "Mozilla/5.0 (compatible; SemrushBot/7~bl; +http://www.semrush.com/bot.html)"
157.90.177.217 - - [14/Apr/2022:05:31:08 +0200] "GET /aime-azur-little-tray-p-44547.html HTTP/1.0" 200 73585 "-" "Mozilla/5.0 (compatible; BLEXBot/1.0; +http://webmeup-crawler.com/)"
185.191.171.40 - - [14/Apr/2022:05:31:09 +0200] "GET /argentina-phone-cover-iphone-cbkreation-p-13959.html HTTP/1.0" 200 70979 "-" "Mozilla/5.0 (compatible; SemrushBot/7~bl; +http://www.semrush.com/bot.html)"
192.99.14.135 - - [14/Apr/2022:05:31:10 +0200] "GET /britto-cat-photo-frame-p-33333.html HTTP/1.0" 301 70986 "-" "Mozilla/5.0 (compatible; MJ12bot/v1.4.8; http://mj12bot.com/)"
157.90.177.217 - - [14/Apr/2022:05:31:10 +0200] "GET /beatles-metal-case-business-cards-p-11854.html HTTP/1.0" 200 73663 "-" "Mozilla/5.0 (compatible; BLEXBot/1.0; +http://webmeup-crawler.com/)"
157.90.177.217 - - [14/Apr/2022:05:31:13 +0200] "GET /alarm-clock-cbkreation-p-24991.html HTTP/1.0" 200 73517 "-" "Mozilla/5.0 (compatible; BLEXBot/1.0; +http://webmeup-crawler.com/)"
192.99.14.135 - - [14/Apr/2022:05:31:13 +0200] "GET /britto-photo-frame-p-33333.html HTTP/1.0" 200 70901 "-" "Mozilla/5.0 (compatible; MJ12bot/v1.4.8; http://mj12bot.com/)"
157.90.177.217 - - [14/Apr/2022:05:31:16 +0200] "GET /beatles-multifunction-p-7756.html HTTP/1.0" 200 73685 "-" "Mozilla/5.0 (compatible; BLEXBot/1.0; +http://webmeup-crawler.com/)"
192.99.14.135 - - [14/Apr/2022:05:31:16 +0200] "GET /britto-cat-snow-numbered-limited-edition-p-32661.html HTTP/1.0" 301 71100 "-" "Mozilla/5.0 (compatible; MJ12bot/v1.4.8; http://mj12bot.com/)"
157.90.177.217 - - [14/Apr/2022:05:31:17 +0200] "GET /alarm-clock-cbkreation-p-24993.html HTTP/1.0" 200 73517 "-" "Mozilla/5.0 (compatible; BLEXBot/1.0; +http://webmeup-crawler.com/)"
192.99.14.135 - - [14/Apr/2022:05:31:20 +0200] "GET /britto-happy-numbered-limited-edition-p-32661.html HTTP/1.0" 200 70996 "-" "Mozilla/5.0 (compatible; MJ12bot/v1.4.8; http://mj12bot.com/)"
157.90.177.217 - - [14/Apr/2022:05:31:21 +0200] "GET /beatles-notebook-p-17107.html HTTP/1.0" 200 73602 "-" "Mozilla/5.0 (compatible; BLEXBot/1.0; +http://webmeup-crawler.com/)"
157.90.177.217 - - [14/Apr/2022:05:31:23 +0200] "GET /alarm-clock-cbkreation-p-24995.html HTTP/1.0" 200 73521 "-" "Mozilla/5.0 (compatible; BLEXBot/1.0; +http://webmeup-crawler.com/)"
192.99.14.135 - - [14/Apr/2022:05:31:23 +0200] "GET /britto-elephant-statuette-20-cm-limited-edition-p-50679.html HTTP/1.0" 301 73820 "-" "Mozilla/5.0 (compatible; MJ12bot/v1.4.8; http://mj12bot.com/)"
157.90.177.217 - - [14/Apr/2022:05:31:25 +0200] "GET /beatles-retro-multifunction-p-8085.html HTTP/1.0" 200 73733 "-" "Mozilla/5.0 (compatible; BLEXBot/1.0; +http://webmeup-crawler.com/)"
192.99.14.135 - - [14/Apr/2022:05:31:26 +0200] "GET /britto-elephant-statuette-limited-edition-p-50679.html HTTP/1.0" 200 73712 "-" "Mozilla/5.0 (compatible; MJ12bot/v1.4.8; http://mj12bot.com/)"
157.90.177.217 - - [14/Apr/2022:05:31:29 +0200] "GET /beatles-retro-wallet-p-5541.html HTTP/1.0" 200 73639 "-" "Mozilla/5.0 (compatible; BLEXBot/1.0; +http://webmeup-crawler.com/)"
192.99.14.135 - - [14/Apr/2022:05:31:29 +0200] "GET /britto-elephant-statuette-limited-edition-p-50679.html HTTP/1.0" 200 73712 "-" "Mozilla/5.0 (compatible; MJ12bot/v1.4.8; http://mj12bot.com/)"
157.90.177.217 - - [14/Apr/2022:05:31:29 +0200] "GET /alarm-clock-cbkreation-p-24996.html HTTP/1.0" 200 73521 "-" "Mozilla/5.0 (compatible; BLEXBot/1.0; +http://webmeup-crawler.com/)"
192.99.14.135 - - [14/Apr/2022:05:31:33 +0200] "GET /britto-flowers-folding-umbrella-p-38857.html HTTP/1.0" 200 70922 "-" "Mozilla/5.0 (compatible; MJ12bot/v1.4.8; http://mj12bot.com/)"
157.90.177.217 - - [14/Apr/2022:05:31:34 +0200] "GET /alarms-clocks-c-13_65.html?page=2 HTTP/1.0" 200 92010 "-" "Mozilla/5.0 (compatible; BLEXBot/1.0; +http://webmeup-crawler.com/)"
157.90.177.217 - - [14/Apr/2022:05:31:35 +0200] "GET /beatles-story-notebook-p-17105.html HTTP/1.0" 200 75210 "-" "Mozilla/5.0 (compatible; BLEXBot/1.0; +http://webmeup-crawler.com/)"
192.99.14.135 - - [14/Apr/2022:05:31:37 +0200] "GET /britto-flying-heart-folding-umbrella-p-38856.html HTTP/1.0" 200 70942 "-" "Mozilla/5.0 (compatible; MJ12bot/v1.4.8; http://mj12bot.com/)"
192.99.14.135 - - [14/Apr/2022:05:31:40 +0200] "GET /britto-glass-buttlerfly-p-32651.html HTTP/1.0" 200 70893 "-" "Mozilla/5.0 (compatible; MJ12bot/v1.4.8; http://mj12bot.com/)"
157.90.177.217 - - [14/Apr/2022:05:31:39 +0200] "GET /alarms-clocks-c-13_65.html?page=3 HTTP/1.0" 200 92258 "-" "Mozilla/5.0 (compatible; BLEXBot/1.0; +http://webmeup-crawler.com/)"
54.36.148.243 - - [14/Apr/2022:05:31:40 +0200] "GET /canvas-frame-cherche-bonheur-p-39223.html HTTP/1.0" 200 73763 "-" "Mozilla/5.0 (compatible; AhrefsBot/7.0; +http://ahrefs.com/robot/)"
157.90.177.217 - - [14/Apr/2022:05:31:42 +0200] "GET /beaut-photo-frame-p-12686.html HTTP/1.0" 200 73438 "-" "Mozilla/5.0 (compatible; BLEXBot/1.0; +http://webmeup-crawler.com/)"
192.99.14.135 - - [14/Apr/2022:05:31:43 +0200] "GET /britto-glass-mug-buttlerfly-p-32651.html HTTP/1.0" 301 70983 "-" "Mozilla/5.0 (compatible; MJ12bot/v1.4.8; http://mj12bot.com/)"
157.90.177.217 - - [14/Apr/2022:05:31:46 +0200] "GET /alarms-clocks-c-13_65.html?page=4 HTTP/1.0" 200 92450 "-" "Mozilla/5.0 (compatible; BLEXBot/1.0; +http://webmeup-crawler.com/)"
192.99.14.135 - - [14/Apr/2022:05:31:47 +0200] "GET /britto-glass-buttlerfly-p-32651.html HTTP/1.0" 200 70893 "-" "Mozilla/5.0 (compatible; MJ12bot/v1.4.8; http://mj12bot.com/)"
13.66.139.0 - - [14/Apr/2022:05:31:47 +0200] "GET /rectangular-clock-quote-p-42929.html HTTP/1.0" 200 70902 "-" "Mozilla/5.0 (compatible; bingbot/2.0; +http://www.bing.com/bingbot.htm)"
157.90.177.217 - - [14/Apr/2022:05:31:48 +0200] "GET /beautiful-tassen-salad-bowl-made-germany-p-43296.html HTTP/1.0" 200 73726 "-" "Mozilla/5.0 (compatible; BLEXBot/1.0; +http://webmeup-crawler.com/)"
185.191.171.17 - - [14/Apr/2022:05:31:48 +0200] "GET /rtro-coffee-place-clock-p-41844.html HTTP/1.0" 200 70914 "-" "Mozilla/5.0 (compatible; SemrushBot/7~bl; +http://www.semrush.com/bot.html)"
192.99.14.135 - - [14/Apr/2022:05:31:51 +0200] "GET /britto-happy-cat-numbered-limited-edition-p-32661.html HTTP/1.0" 301 71100 "-" "Mozilla/5.0 (compatible; MJ12bot/v1.4.8; http://mj12bot.com/)"
223.39.191.66 - - [14/Apr/2022:05:31:54 +0200] "GET /images/mini_prod/1399980107816.jpg HTTP/1.0" 200 269 "-" "Mozilla/5.0 (X11; Ubuntu; Linux x86_64; rv:72.0) Gecko/20100101 Firefox/72.0"
157.90.177.217 - - [14/Apr/2022:05:31:53 +0200] "GET /alarms-clocks-c-13_65.html?page=5 HTTP/1.0" 200 84437 "-" "Mozilla/5.0 (compatible; BLEXBot/1.0; +http://webmeup-crawler.com/)"
192.99.14.135 - - [14/Apr/2022:05:31:53 +0200] "GET /britto-happy-numbered-limited-edition-p-32661.html HTTP/1.0" 200 70996 "-" "Mozilla/5.0 (compatible; MJ12bot/v1.4.8; http://mj12bot.com/)"
157.90.177.217 - - [14/Apr/2022:05:31:55 +0200] "GET /beauty-nail-black-p-30015.html HTTP/1.0" 200 73517 "-" "Mozilla/5.0 (compatible; BLEXBot/1.0; +http://webmeup-crawler.com/)"
192.99.14.135 - - [14/Apr/2022:05:31:57 +0200] "GET /britto-happy-numbered-limited-edition-p-32661.html HTTP/1.0" 200 70996 "-" "Mozilla/5.0 (compatible; MJ12bot/v1.4.8; http://mj12bot.com/)"
157.90.177.217 - - [14/Apr/2022:05:31:57 +0200] "GET /alice-wonderland-scarf-p-56848.html HTTP/1.0" 200 74160 "-" "Mozilla/5.0 (compatible; BLEXBot/1.0; +http://webmeup-crawler.com/)"
192.99.14.135 - - [14/Apr/2022:05:32:00 +0200] "GET /britto-photo-frame-p-33333.html HTTP/1.0" 200 70901 "-" "Mozilla/5.0 (compatible; MJ12bot/v1.4.8; http://mj12bot.com/)"
157.90.177.217 - - [14/Apr/2022:05:32:01 +0200] "GET /beauty-nail-p-29232.html HTTP/1.0" 200 73492 "-" "Mozilla/5.0 (compatible; BLEXBot/1.0; +http://webmeup-crawler.com/)"
157.90.177.217 - - [14/Apr/2022:05:32:01 +0200] "GET /allen-desings-blooms-little-tray-p-55431.html HTTP/1.0" 200 74273 "-" "Mozilla/5.0 (compatible; BLEXBot/1.0; +http://webmeup-crawler.com/)"
192.99.14.135 - - [14/Apr/2022:05:32:03 +0200] "GET /brooklyn-bridge-at-night-poster-p-11065.html HTTP/1.0" 301 71043 "-" "Mozilla/5.0 (compatible; MJ12bot/v1.4.8; http://mj12bot.com/)"
157.90.177.217 - - [14/Apr/2022:05:32:06 +0200] "GET /beauty-nail-p-34824.html HTTP/1.0" 200 73502 "-" "Mozilla/5.0 (compatible; BLEXBot/1.0; +http://webmeup-crawler.com/)"
192.99.14.135 - - [14/Apr/2022:05:32:06 +0200] "GET /brooklyn-bridge-night-poster-p-11065.html HTTP/1.0" 200 70948 "-" "Mozilla/5.0 (compatible; MJ12bot/v1.4.8; http://mj12bot.com/)"
157.90.177.217 - - [14/Apr/2022:05:32:07 +0200] "GET /allen-desings-crazy-little-tray-p-55430.html HTTP/1.0" 200 74310 "-" "Mozilla/5.0 (compatible; BLEXBot/1.0; +http://webmeup-crawler.com/)"
192.99.14.135 - - [14/Apr/2022:05:32:09 +0200] "GET /brooklyn-bridge-night-poster-p-11065.html HTTP/1.0" 200 70948 "-" "Mozilla/5.0 (compatible; MJ12bot/v1.4.8; http://mj12bot.com/)"
185.191.171.11 - - [14/Apr/2022:05:32:10 +0200] "GET /volkswagen-large-metal-plate-p-12556.html HTTP/1.0" 200 73456 "-" "Mozilla/5.0 (compatible; SemrushBot/7~bl; +http://www.semrush.com/bot.html)"
162.241.224.143 - - [14/Apr/2022:05:32:12 +0200] "GET /wordpress/ HTTP/1.0" 301 531 "-" "-"
162.241.224.143 - - [14/Apr/2022:05:32:12 +0200] "GET /wordpress/ HTTP/1.0" 404 1308 "-" "-"
192.99.14.135 - - [14/Apr/2022:05:32:12 +0200] "GET /brown-lampshade-p-55316.html HTTP/1.0" 200 70858 "-" "Mozilla/5.0 (compatible; MJ12bot/v1.4.8; http://mj12bot.com/)"
157.90.177.217 - - [14/Apr/2022:05:32:13 +0200] "GET /allen-desings-wine-little-tray-p-44320.html HTTP/1.0" 200 73630 "-" "Mozilla/5.0 (compatible; BLEXBot/1.0; +http://webmeup-crawler.com/)"
157.90.177.217 - - [14/Apr/2022:05:32:14 +0200] "GET /bedclothes-gomix-p-51702.html HTTP/1.0" 200 73588 "-" "Mozilla/5.0 (compatible; BLEXBot/1.0; +http://webmeup-crawler.com/)"
192.99.14.135 - - [14/Apr/2022:05:32:16 +0200] "GET /brown-statuette-p-43101.html HTTP/1.0" 200 73495 "-" "Mozilla/5.0 (compatible; MJ12bot/v1.4.8; http://mj12bot.com/)"
157.90.177.217 - - [14/Apr/2022:05:32:16 +0200] "GET /allen-desings-wine-little-tray-p-44321.html HTTP/1.0" 200 73644 "-" "Mozilla/5.0 (compatible; BLEXBot/1.0; +http://webmeup-crawler.com/)"
185.191.171.17 - - [14/Apr/2022:05:32:17 +0200] "GET /niro-bedclothes-p-51601.html HTTP/1.0" 200 73474 "-" "Mozilla/5.0 (compatible; SemrushBot/7~bl; +http://www.semrush.com/bot.html)"
157.90.177.217 - - [14/Apr/2022:05:32:18 +0200] "GET /bedclothes-gomix-p-51703.html HTTP/1.0" 200 73588 "-" "Mozilla/5.0 (compatible; BLEXBot/1.0; +http://webmeup-crawler.com/)"
192.99.14.135 - - [14/Apr/2022:05:32:19 +0200] "GET /buddha-white-statue-p-37406.html HTTP/1.0" 200 70912 "-" "Mozilla/5.0 (compatible; MJ12bot/v1.4.8; http://mj12bot.com/)"
192.99.14.135 - - [14/Apr/2022:05:32:23 +0200] "GET /buffalo-skull-storage-stool-34-cm-brown-p-41862.html HTTP/1.0" 301 71088 "-" "Mozilla/5.0 (compatible; MJ12bot/v1.4.8; http://mj12bot.com/)"
157.90.177.217 - - [14/Apr/2022:05:32:24 +0200] "GET /allen-pill-flowers-p-51384.html HTTP/1.0" 200 74186 "-" "Mozilla/5.0 (compatible; BLEXBot/1.0; +http://webmeup-crawler.com/)"
192.99.14.135 - - [14/Apr/2022:05:32:26 +0200] "GET /buffalo-skull-storage-stool-brown-p-41862.html HTTP/1.0" 200 70988 "-" "Mozilla/5.0 (compatible; MJ12bot/v1.4.8; http://mj12bot.com/)"
157.90.177.217 - - [14/Apr/2022:05:32:27 +0200] "GET /bedclothes-gomix-p-53458.html HTTP/1.0" 200 73588 "-" "Mozilla/5.0 (compatible; BLEXBot/1.0; +http://webmeup-crawler.com/)"
157.90.177.217 - - [14/Apr/2022:05:32:29 +0200] "GET /allen-pill-make-happen-p-51385.html HTTP/1.0" 200 74250 "-" "Mozilla/5.0 (compatible; BLEXBot/1.0; +http://webmeup-crawler.com/)"
192.99.14.135 - - [14/Apr/2022:05:32:30 +0200] "GET /buffalo-skull-storage-stool-34-cm-white-p-41863.html HTTP/1.0" 301 71088 "-" "Mozilla/5.0 (compatible; MJ12bot/v1.4.8; http://mj12bot.com/)"
157.90.177.217 - - [14/Apr/2022:05:32:33 +0200] "GET /bedclothes-parma-striped-p-44344.html HTTP/1.0" 200 73617 "-" "Mozilla/5.0 (compatible; BLEXBot/1.0; +http://webmeup-crawler.com/)"
192.99.14.135 - - [14/Apr/2022:05:32:34 +0200] "GET /buffalo-skull-storage-stool-white-p-41863.html HTTP/1.0" 200 70988 "-" "Mozilla/5.0 (compatible; MJ12bot/v1.4.8; http://mj12bot.com/)"
51.68.224.127 - - [14/Apr/2022:05:32:34 +0200] "GET /adminweb/export_orders_xml.php?token=256de2z6edz6ed2z6DFSFsed2zed6zeDSFDSGdzedezfzf&maxorders=10&orderstart=1&status=14&start_date=2018-10-01 HTTP/1.0" 200 285 "-" "GesCom CharlotteBoutik Serveur"
51.68.224.127 - - [14/Apr/2022:05:32:35 +0200] "GET /adminweb/export_orders_xml.php?token=256de2z6edz6ed2z6DFSFsed2zed6zeDSFDSGdzedezfzf&maxorders=10&orderstart=1&status=6&start_date=2018-10-01 HTTP/1.0" 200 32865 "-" "GesCom CharlotteBoutik Serveur"
157.90.177.217 - - [14/Apr/2022:05:32:34 +0200] "GET /allen-pill-p-51382.html HTTP/1.0" 200 74090 "-" "Mozilla/5.0 (compatible; BLEXBot/1.0; +http://webmeup-crawler.com/)"
192.99.14.135 - - [14/Apr/2022:05:32:37 +0200] "GET /buffalo-skull-storage-stool-brown-p-41862.html HTTP/1.0" 200 70988 "-" "Mozilla/5.0 (compatible; MJ12bot/v1.4.8; http://mj12bot.com/)"
185.191.171.18 - - [14/Apr/2022:05:32:36 +0200] "GET /little-prince-saint-exupery-bowl-p-56349.html HTTP/1.0" 200 73538 "-" "Mozilla/5.0 (compatible; SemrushBot/7~bl; +http://www.semrush.com/bot.html)"
157.90.177.217 - - [14/Apr/2022:05:32:38 +0200] "GET /bedclothes-pink-striped-p-44345.html HTTP/1.0" 200 73610 "-" "Mozilla/5.0 (compatible; BLEXBot/1.0; +http://webmeup-crawler.com/)"
192.99.14.135 - - [14/Apr/2022:05:32:40 +0200] "GET /buffalo-skull-storage-stool-white-p-41863.html HTTP/1.0" 200 70988 "-" "Mozilla/5.0 (compatible; MJ12bot/v1.4.8; http://mj12bot.com/)"
157.90.177.217 - - [14/Apr/2022:05:32:41 +0200] "GET /always-fresh-little-metal-cigarettes-p-33111.html HTTP/1.0" 200 73576 "-" "Mozilla/5.0 (compatible; BLEXBot/1.0; +http://webmeup-crawler.com/)"
192.99.14.135 - - [14/Apr/2022:05:32:44 +0200] "GET /bugs-bunny-figure-p-3611.html HTTP/1.0" 301 70872 "-" "Mozilla/5.0 (compatible; MJ12bot/v1.4.8; http://mj12bot.com/)"
157.90.177.217 - - [14/Apr/2022:05:32:44 +0200] "GET /bedding-protection-c-11_192.html?page=2 HTTP/1.0" 200 91724 "-" "Mozilla/5.0 (compatible; BLEXBot/1.0; +http://webmeup-crawler.com/)"
157.90.177.217 - - [14/Apr/2022:05:32:45 +0200] "GET /amazon-love-bookmark-butterflies-p-50286.html HTTP/1.0" 200 73826 "-" "Mozilla/5.0 (compatible; BLEXBot/1.0; +http://webmeup-crawler.com/)"
192.99.14.135 - - [14/Apr/2022:05:32:46 +0200] "GET /-p-3611.html HTTP/1.0" 200 70806 "-" "Mozilla/5.0 (compatible; MJ12bot/v1.4.8; http://mj12bot.com/)"
192.99.14.135 - - [14/Apr/2022:05:32:50 +0200] "GET /bugs-bunny-figure-p-3615.html HTTP/1.0" 200 70882 "-" "Mozilla/5.0 (compatible; MJ12bot/v1.4.8; http://mj12bot.com/)"
157.90.177.217 - - [14/Apr/2022:05:32:50 +0200] "GET /amazon-love-bookmark-macaws-p-50287.html HTTP/1.0" 200 73801 "-" "Mozilla/5.0 (compatible; BLEXBot/1.0; +http://webmeup-crawler.com/)"
157.90.177.217 - - [14/Apr/2022:05:32:50 +0200] "GET /bedding-protection-c-11_192.html?page=3 HTTP/1.0" 200 78499 "-" "Mozilla/5.0 (compatible; BLEXBot/1.0; +http://webmeup-crawler.com/)"
192.99.14.135 - - [14/Apr/2022:05:32:53 +0200] "GET /burning-house-quad-playmobil-p-29559.html HTTP/1.0" 301 70875 "-" "Mozilla/5.0 (compatible; MJ12bot/v1.4.8; http://mj12bot.com/)"
185.191.171.11 - - [14/Apr/2022:05:32:55 +0200] "GET /large-sandstone-vase-p-52300.html?action=add_product HTTP/1.0" 302 476 "-" "Mozilla/5.0 (compatible; SemrushBot/7~bl; +http://www.semrush.com/bot.html)"
157.90.177.217 - - [14/Apr/2022:05:32:55 +0200] "GET /amazon-love-glasses-case-blue-p-50270.html HTTP/1.0" 200 74525 "-" "Mozilla/5.0 (compatible; BLEXBot/1.0; +http://webmeup-crawler.com/)"
192.99.14.135 - - [14/Apr/2022:05:32:56 +0200] "GET /-p-29559.html HTTP/1.0" 200 70808 "-" "Mozilla/5.0 (compatible; MJ12bot/v1.4.8; http://mj12bot.com/)"
157.90.177.217 - - [14/Apr/2022:05:32:57 +0200] "GET /bedspread-boutis-pillowcases-p-52161.html HTTP/1.0" 200 74608 "-" "Mozilla/5.0 (compatible; BLEXBot/1.0; +http://webmeup-crawler.com/)"
192.99.14.135 - - [14/Apr/2022:05:32:59 +0200] "GET /cactus-drink-dispenser-38-p-48687.html HTTP/1.0" 301 74181 "-" "Mozilla/5.0 (compatible; MJ12bot/v1.4.8; http://mj12bot.com/)"
157.90.177.217 - - [14/Apr/2022:05:32:59 +0200] "GET /amber-wood-vetiver-candle-heart-home-p-57875.html HTTP/1.0" 200 75123 "-" "Mozilla/5.0 (compatible; BLEXBot/1.0; +http://webmeup-crawler.com/)"
185.191.171.17 - - [14/Apr/2022:05:33:01 +0200] "GET /marley-zippo-lighter-p-29779.html?action=add_product HTTP/1.0" 302 476 "-" "Mozilla/5.0 (compatible; SemrushBot/7~bl; +http://www.semrush.com/bot.html)"
157.90.177.217 - - [14/Apr/2022:05:33:02 +0200] "GET /bedspread-boutis-pillowcases-p-52162.html HTTP/1.0" 200 74353 "-" "Mozilla/5.0 (compatible; BLEXBot/1.0; +http://webmeup-crawler.com/)"
192.99.14.135 - - [14/Apr/2022:05:33:03 +0200] "GET /cactus-drink-dispenser-p-48687.html HTTP/1.0" 200 74092 "-" "Mozilla/5.0 (compatible; MJ12bot/v1.4.8; http://mj12bot.com/)"
157.90.177.217 - - [14/Apr/2022:05:33:05 +0200] "GET /american-blue-p-33082.html HTTP/1.0" 200 73462 "-" "Mozilla/5.0 (compatible; BLEXBot/1.0; +http://webmeup-crawler.com/)"
192.99.14.135 - - [14/Apr/2022:05:33:07 +0200] "GET /cactus-drink-dispenser-p-48687.html HTTP/1.0" 200 74092 "-" "Mozilla/5.0 (compatible; MJ12bot/v1.4.8; http://mj12bot.com/)"
157.90.177.217 - - [14/Apr/2022:05:33:07 +0200] "GET /bedspread-boutis-pillowcases-p-52163.html HTTP/1.0" 200 74353 "-" "Mozilla/5.0 (compatible; BLEXBot/1.0; +http://webmeup-crawler.com/)"
216.244.66.242 - - [14/Apr/2022:05:33:08 +0200] "GET /dishes-c-12.html?page=21 HTTP/1.0" 200 92024 "-" "Mozilla/5.0 (compatible; DotBot/1.2; +https://opensiteexplorer.org/dotbot; help@moz.com)"
157.90.177.217 - - [14/Apr/2022:05:33:10 +0200] "GET /american-green-p-33081.html HTTP/1.0" 200 73471 "-" "Mozilla/5.0 (compatible; BLEXBot/1.0; +http://webmeup-crawler.com/)"
192.99.14.135 - - [14/Apr/2022:05:33:11 +0200] "GET /cactus-vase-125-cm-p-41875.html HTTP/1.0" 301 70956 "-" "Mozilla/5.0 (compatible; MJ12bot/v1.4.8; http://mj12bot.com/)"
157.90.177.217 - - [14/Apr/2022:05:33:14 +0200] "GET /beer-glass-bottle-opener-p-53485.html HTTP/1.0" 200 74467 "-" "Mozilla/5.0 (compatible; BLEXBot/1.0; +http://webmeup-crawler.com/)"
185.191.171.24 - - [14/Apr/2022:05:33:14 +0200] "GET /marley-zippo-lighter-p-29774.html HTTP/1.0" 200 73922 "-" "Mozilla/5.0 (compatible; SemrushBot/7~bl; +http://www.semrush.com/bot.html)"
192.99.14.135 - - [14/Apr/2022:05:33:15 +0200] "GET /cactus-vase-p-41875.html HTTP/1.0" 200 70878 "-" "Mozilla/5.0 (compatible; MJ12bot/v1.4.8; http://mj12bot.com/)"
157.90.177.217 - - [14/Apr/2022:05:33:16 +0200] "GET /american-legend-full-service-mirror-p-21293.html HTTP/1.0" 200 73445 "-" "Mozilla/5.0 (compatible; BLEXBot/1.0; +http://webmeup-crawler.com/)"
54.36.148.243 - - [14/Apr/2022:05:33:17 +0200] "GET /wall-decoration-pump-gasoline-metal-blue-p-44745.html HTTP/1.0" 200 73657 "-" "Mozilla/5.0 (compatible; AhrefsBot/7.0; +http://ahrefs.com/robot/)"
157.90.177.217 - - [14/Apr/2022:05:33:18 +0200] "GET /beer-glass-bottle-opener-p-53489.html HTTP/1.0" 200 74466 "-" "Mozilla/5.0 (compatible; BLEXBot/1.0; +http://webmeup-crawler.com/)"
192.99.14.135 - - [14/Apr/2022:05:33:18 +0200] "GET /cactus-vase-p-41875.html HTTP/1.0" 200 70878 "-" "Mozilla/5.0 (compatible; MJ12bot/v1.4.8; http://mj12bot.com/)"
192.99.14.135 - - [14/Apr/2022:05:33:22 +0200] "GET /cadillac-small-metal-plate-p-27979.html HTTP/1.0" 200 70929 "-" "Mozilla/5.0 (compatible; MJ12bot/v1.4.8; http://mj12bot.com/)"
157.90.177.217 - - [14/Apr/2022:05:33:22 +0200] "GET /american-orange-p-33102.html HTTP/1.0" 200 73480 "-" "Mozilla/5.0 (compatible; BLEXBot/1.0; +http://webmeup-crawler.com/)"
157.90.177.217 - - [14/Apr/2022:05:33:24 +0200] "GET /beer-glass-bottle-opener-p-53490.html HTTP/1.0" 200 74466 "-" "Mozilla/5.0 (compatible; BLEXBot/1.0; +http://webmeup-crawler.com/)"
192.99.14.135 - - [14/Apr/2022:05:33:25 +0200] "GET /cake-spoons-p-22628.html HTTP/1.0" 301 70875 "-" "Mozilla/5.0 (compatible; MJ12bot/v1.4.8; http://mj12bot.com/)"
157.90.177.217 - - [14/Apr/2022:05:33:27 +0200] "GET /american-p-33079.html HTTP/1.0" 200 73420 "-" "Mozilla/5.0 (compatible; BLEXBot/1.0; +http://webmeup-crawler.com/)"
192.99.14.135 - - [14/Apr/2022:05:33:28 +0200] "GET /-p-22628.html HTTP/1.0" 200 70808 "-" "Mozilla/5.0 (compatible; MJ12bot/v1.4.8; http://mj12bot.com/)"
157.90.177.217 - - [14/Apr/2022:05:33:31 +0200] "GET /beige-adult-cotton-apron-p-44362.html HTTP/1.0" 200 73433 "-" "Mozilla/5.0 (compatible; BLEXBot/1.0; +http://webmeup-crawler.com/)"
192.99.14.135 - - [14/Apr/2022:05:33:31 +0200] "GET /cakes-tray-p-28410.html HTTP/1.0" 301 70875 "-" "Mozilla/5.0 (compatible; MJ12bot/v1.4.8; http://mj12bot.com/)"
157.90.177.217 - - [14/Apr/2022:05:33:34 +0200] "GET /amys-p-54236.html HTTP/1.0" 200 74219 "-" "Mozilla/5.0 (compatible; BLEXBot/1.0; +http://webmeup-crawler.com/)"
192.99.14.135 - - [14/Apr/2022:05:33:34 +0200] "GET /-p-28410.html HTTP/1.0" 200 70808 "-" "Mozilla/5.0 (compatible; MJ12bot/v1.4.8; http://mj12bot.com/)"
157.90.177.217 - - [14/Apr/2022:05:33:37 +0200] "GET /beige-eyelet-curtain-p-39036.html HTTP/1.0" 200 75674 "-" "Mozilla/5.0 (compatible; BLEXBot/1.0; +http://webmeup-crawler.com/)"
192.99.14.135 - - [14/Apr/2022:05:33:38 +0200] "GET /calavera-salt-and-pepper-p-29276.html HTTP/1.0" 301 70998 "-" "Mozilla/5.0 (compatible; MJ12bot/v1.4.8; http://mj12bot.com/)"
157.90.177.217 - - [14/Apr/2022:05:33:39 +0200] "GET /amys-p-54751.html HTTP/1.0" 200 74219 "-" "Mozilla/5.0 (compatible; BLEXBot/1.0; +http://webmeup-crawler.com/)"
192.99.14.135 - - [14/Apr/2022:05:33:41 +0200] "GET /calavera-salt-pepper-p-29276.html HTTP/1.0" 200 70911 "-" "Mozilla/5.0 (compatible; MJ12bot/v1.4.8; http://mj12bot.com/)"
157.90.177.217 - - [14/Apr/2022:05:33:42 +0200] "GET /beige-lampshade-p-54563.html HTTP/1.0" 200 74115 "-" "Mozilla/5.0 (compatible; BLEXBot/1.0; +http://webmeup-crawler.com/)"
157.90.177.217 - - [14/Apr/2022:05:33:44 +0200] "GET /ananas-cube-p-42517.html HTTP/1.0" 200 73420 "-" "Mozilla/5.0 (compatible; BLEXBot/1.0; +http://webmeup-crawler.com/)"
192.99.14.135 - - [14/Apr/2022:05:33:45 +0200] "GET /calavera-salt-and-pepper-p-29278.html HTTP/1.0" 301 70973 "-" "Mozilla/5.0 (compatible; MJ12bot/v1.4.8; http://mj12bot.com/)"
157.90.177.217 - - [14/Apr/2022:05:33:47 +0200] "GET /beige-lampshade-p-56325.html HTTP/1.0" 200 74122 "-" "Mozilla/5.0 (compatible; BLEXBot/1.0; +http://webmeup-crawler.com/)"
192.99.14.135 - - [14/Apr/2022:05:33:48 +0200] "GET /calavera-salt-pepper-p-29278.html HTTP/1.0" 200 70886 "-" "Mozilla/5.0 (compatible; MJ12bot/v1.4.8; http://mj12bot.com/)"
157.90.177.217 - - [14/Apr/2022:05:33:49 +0200] "GET /ananas-tray-p-44754.html HTTP/1.0" 200 73483 "-" "Mozilla/5.0 (compatible; BLEXBot/1.0; +http://webmeup-crawler.com/)"
192.99.14.135 - - [14/Apr/2022:05:33:51 +0200] "GET /calavera-salt-pepper-p-29276.html HTTP/1.0" 200 70911 "-" "Mozilla/5.0 (compatible; MJ12bot/v1.4.8; http://mj12bot.com/)"
157.90.177.217 - - [14/Apr/2022:05:33:51 +0200] "GET /beige-small-baby-teeth-p-33507.html HTTP/1.0" 200 73598 "-" "Mozilla/5.0 (compatible; BLEXBot/1.0; +http://webmeup-crawler.com/)"
192.99.14.135 - - [14/Apr/2022:05:33:54 +0200] "GET /calavera-salt-pepper-p-29278.html HTTP/1.0" 200 70886 "-" "Mozilla/5.0 (compatible; MJ12bot/v1.4.8; http://mj12bot.com/)"
157.90.177.217 - - [14/Apr/2022:05:33:55 +0200] "GET /anarchy-trendy-earphone-p-48310.html HTTP/1.0" 200 73764 "-" "Mozilla/5.0 (compatible; BLEXBot/1.0; +http://webmeup-crawler.com/)"
192.99.14.135 - - [14/Apr/2022:05:33:57 +0200] "GET /calendar-bookmarks-year-2017-16-cm-p-36806.html HTTP/1.0" 301 70875 "-" "Mozilla/5.0 (compatible; MJ12bot/v1.4.8; http://mj12bot.com/)"
157.90.177.217 - - [14/Apr/2022:05:33:57 +0200] "GET /beige-twine-fitted-sheet-p-51980.html HTTP/1.0" 200 73470 "-" "Mozilla/5.0 (compatible; BLEXBot/1.0; +http://webmeup-crawler.com/)"
157.90.177.217 - - [14/Apr/2022:05:34:01 +0200] "GET /andaluz-horse-poster-p-36331.html HTTP/1.0" 200 73458 "-" "Mozilla/5.0 (compatible; BLEXBot/1.0; +http://webmeup-crawler.com/)"
192.99.14.135 - - [14/Apr/2022:05:34:01 +0200] "GET /-p-36806.html HTTP/1.0" 200 70808 "-" "Mozilla/5.0 (compatible; MJ12bot/v1.4.8; http://mj12bot.com/)"
192.99.14.135 - - [14/Apr/2022:05:34:04 +0200] "GET /calendar-bookmarks-year-2017-16-cm-p-36810.html HTTP/1.0" 301 70875 "-" "Mozilla/5.0 (compatible; MJ12bot/v1.4.8; http://mj12bot.com/)"
157.90.177.217 - - [14/Apr/2022:05:34:04 +0200] "GET /beige-twine-fitted-sheet-p-51983.html HTTP/1.0" 200 73478 "-" "Mozilla/5.0 (compatible; BLEXBot/1.0; +http://webmeup-crawler.com/)"
157.90.177.217 - - [14/Apr/2022:05:34:06 +0200] "GET /angel-aventurin-p-47021.html HTTP/1.0" 200 73645 "-" "Mozilla/5.0 (compatible; BLEXBot/1.0; +http://webmeup-crawler.com/)"
192.99.14.135 - - [14/Apr/2022:05:34:07 +0200] "GET /-p-36810.html HTTP/1.0" 200 70808 "-" "Mozilla/5.0 (compatible; MJ12bot/v1.4.8; http://mj12bot.com/)"
185.191.171.14 - - [14/Apr/2022:05:34:07 +0200] "GET /usa-new-yorks-colors-bedclothes-220-cm-p-30610.html HTTP/1.0" 301 70875 "-" "Mozilla/5.0 (compatible; SemrushBot/7~bl; +http://www.semrush.com/bot.html)"
157.90.177.217 - - [14/Apr/2022:05:34:07 +0200] "GET /bell-golden-brass-wood-table-p-49428.html HTTP/1.0" 200 73556 "-" "Mozilla/5.0 (compatible; BLEXBot/1.0; +http://webmeup-crawler.com/)"
192.99.14.135 - - [14/Apr/2022:05:34:10 +0200] "GET /calendar-bookmarks-year-2018-16-cm-p-36806.html HTTP/1.0" 301 70875 "-" "Mozilla/5.0 (compatible; MJ12bot/v1.4.8; http://mj12bot.com/)"
185.191.171.20 - - [14/Apr/2022:05:34:11 +0200] "GET /-p-30610.html HTTP/1.0" 200 70808 "-" "Mozilla/5.0 (compatible; SemrushBot/7~bl; +http://www.semrush.com/bot.html)"
157.90.177.217 - - [14/Apr/2022:05:34:11 +0200] "GET /angel-basket-roses-small-p-34195.html HTTP/1.0" 200 73668 "-" "Mozilla/5.0 (compatible; BLEXBot/1.0; +http://webmeup-crawler.com/)"
192.99.14.135 - - [14/Apr/2022:05:34:12 +0200] "GET /-p-36806.html HTTP/1.0" 200 70808 "-" "Mozilla/5.0 (compatible; MJ12bot/v1.4.8; http://mj12bot.com/)"
157.90.177.217 - - [14/Apr/2022:05:34:14 +0200] "GET /bell-golden-brass-wood-table-p-52805.html HTTP/1.0" 200 73562 "-" "Mozilla/5.0 (compatible; BLEXBot/1.0; +http://webmeup-crawler.com/)"
192.99.14.135 - - [14/Apr/2022:05:34:16 +0200] "GET /calimero-bedclothes-140-200-cm-p-12628.html HTTP/1.0" 301 70875 "-" "Mozilla/5.0 (compatible; MJ12bot/v1.4.8; http://mj12bot.com/)"
157.90.177.217 - - [14/Apr/2022:05:34:16 +0200] "GET /angel-bell-metal-p-38732.html HTTP/1.0" 200 73437 "-" "Mozilla/5.0 (compatible; BLEXBot/1.0; +http://webmeup-crawler.com/)"
185.191.171.40 - - [14/Apr/2022:05:34:18 +0200] "GET /panther-bling-decorative-statue-30-cm-p-36845.html HTTP/1.0" 301 73683 "-" "Mozilla/5.0 (compatible; SemrushBot/7~bl; +http://www.semrush.com/bot.html)"
192.99.14.135 - - [14/Apr/2022:05:34:18 +0200] "GET /-p-12628.html HTTP/1.0" 200 70808 "-" "Mozilla/5.0 (compatible; MJ12bot/v1.4.8; http://mj12bot.com/)"
157.90.177.217 - - [14/Apr/2022:05:34:20 +0200] "GET /bell-wall-bell-c-13_270.html?page=2 HTTP/1.0" 200 89135 "-" "Mozilla/5.0 (compatible; BLEXBot/1.0; +http://webmeup-crawler.com/)"
185.191.171.22 - - [14/Apr/2022:05:34:21 +0200] "GET /panther-bling-decorative-statue-p-36845.html HTTP/1.0" 200 73585 "-" "Mozilla/5.0 (compatible; SemrushBot/7~bl; +http://www.semrush.com/bot.html)"
192.99.14.135 - - [14/Apr/2022:05:34:21 +0200] "GET /calimero-mousepad-p-31836.html HTTP/1.0" 200 73389 "-" "Mozilla/5.0 (compatible; MJ12bot/v1.4.8; http://mj12bot.com/)"
157.90.177.217 - - [14/Apr/2022:05:34:22 +0200] "GET /angel-glitter-ball-p-27608.html HTTP/1.0" 200 73664 "-" "Mozilla/5.0 (compatible; BLEXBot/1.0; +http://webmeup-crawler.com/)"
157.90.177.217 - - [14/Apr/2022:05:34:25 +0200] "GET /bell-witch-cast-iron-p-49199.html HTTP/1.0" 200 74095 "-" "Mozilla/5.0 (compatible; BLEXBot/1.0; +http://webmeup-crawler.com/)"
192.99.14.135 - - [14/Apr/2022:05:34:26 +0200] "GET /calimero-set-of-beach-p-24446.html HTTP/1.0" 301 70875 "-" "Mozilla/5.0 (compatible; MJ12bot/v1.4.8; http://mj12bot.com/)"
157.90.177.217 - - [14/Apr/2022:05:34:27 +0200] "GET /angel-glitter-ball-p-27609.html HTTP/1.0" 200 73664 "-" "Mozilla/5.0 (compatible; BLEXBot/1.0; +http://webmeup-crawler.com/)"
192.99.14.135 - - [14/Apr/2022:05:34:29 +0200] "GET /-p-24446.html HTTP/1.0" 200 70808 "-" "Mozilla/5.0 (compatible; MJ12bot/v1.4.8; http://mj12bot.com/)"
192.99.14.135 - - [14/Apr/2022:05:34:31 +0200] "GET /camargue-moroccan-ashtray-p-34545.html HTTP/1.0" 200 70924 "-" "Mozilla/5.0 (compatible; MJ12bot/v1.4.8; http://mj12bot.com/)"
157.90.177.217 - - [14/Apr/2022:05:34:32 +0200] "GET /angel-glitter-ball-p-27610.html HTTP/1.0" 200 73664 "-" "Mozilla/5.0 (compatible; BLEXBot/1.0; +http://webmeup-crawler.com/)"
192.99.14.135 - - [14/Apr/2022:05:34:35 +0200] "GET /camp-rock-mug-p-3765.html HTTP/1.0" 301 70872 "-" "Mozilla/5.0 (compatible; MJ12bot/v1.4.8; http://mj12bot.com/)"
157.90.177.217 - - [14/Apr/2022:05:34:35 +0200] "GET /belle-silicone-mold-yellow-model-p-28233.html HTTP/1.0" 200 73556 "-" "Mozilla/5.0 (compatible; BLEXBot/1.0; +http://webmeup-crawler.com/)"
192.99.14.135 - - [14/Apr/2022:05:34:38 +0200] "GET /-p-3765.html HTTP/1.0" 200 70806 "-" "Mozilla/5.0 (compatible; MJ12bot/v1.4.8; http://mj12bot.com/)"
157.90.177.217 - - [14/Apr/2022:05:34:41 +0200] "GET /angel-glitter-ball-p-27611.html HTTP/1.0" 200 73654 "-" "Mozilla/5.0 (compatible; BLEXBot/1.0; +http://webmeup-crawler.com/)"
192.99.14.135 - - [14/Apr/2022:05:34:41 +0200] "GET /canarasta-shirt-by-cbk-p-30054.html HTTP/1.0" 301 70875 "-" "Mozilla/5.0 (compatible; MJ12bot/v1.4.8; http://mj12bot.com/)"
157.90.177.217 - - [14/Apr/2022:05:34:42 +0200] "GET /belle-small-flexible-molds-p-28217.html HTTP/1.0" 200 73658 "-" "Mozilla/5.0 (compatible; BLEXBot/1.0; +http://webmeup-crawler.com/)"
192.99.14.135 - - [14/Apr/2022:05:34:45 +0200] "GET /-p-30054.html HTTP/1.0" 200 70808 "-" "Mozilla/5.0 (compatible; MJ12bot/v1.4.8; http://mj12bot.com/)"
157.90.177.217 - - [14/Apr/2022:05:34:45 +0200] "GET /angel-memo-clip-p-47105.html HTTP/1.0" 200 73400 "-" "Mozilla/5.0 (compatible; BLEXBot/1.0; +http://webmeup-crawler.com/)"
185.191.171.1 - - [14/Apr/2022:05:34:46 +0200] "GET /nesting-dolls-glass-cutting-board-cbkreation-p-51467.html HTTP/1.0" 200 73618 "-" "Mozilla/5.0 (compatible; SemrushBot/7~bl; +http://www.semrush.com/bot.html)"
192.99.14.135 - - [14/Apr/2022:05:34:48 +0200] "GET /capsule-coffee-p-31506.html HTTP/1.0" 200 74118 "-" "Mozilla/5.0 (compatible; MJ12bot/v1.4.8; http://mj12bot.com/)"
157.90.177.217 - - [14/Apr/2022:05:34:48 +0200] "GET /bells-metal-chime-p-42070.html HTTP/1.0" 200 74078 "-" "Mozilla/5.0 (compatible; BLEXBot/1.0; +http://webmeup-crawler.com/)"
157.90.177.217 - - [14/Apr/2022:05:34:50 +0200] "GET /angeles-retro-ottoman-storage-p-50178.html HTTP/1.0" 200 74367 "-" "Mozilla/5.0 (compatible; BLEXBot/1.0; +http://webmeup-crawler.com/)"
192.99.14.135 - - [14/Apr/2022:05:34:51 +0200] "GET /cardboard-boxes-and-storage-c-13_150_216.html HTTP/1.0" 301 78336 "-" "Mozilla/5.0 (compatible; MJ12bot/v1.4.8; http://mj12bot.com/)"
157.90.177.217 - - [14/Apr/2022:05:34:53 +0200] "GET /bells-metal-chime-p-42071.html HTTP/1.0" 200 74082 "-" "Mozilla/5.0 (compatible; BLEXBot/1.0; +http://webmeup-crawler.com/)"
192.99.14.135 - - [14/Apr/2022:05:34:54 +0200] "GET /cardboard-boxes-storage-c-216.html HTTP/1.0" 301 78090 "-" "Mozilla/5.0 (compatible; MJ12bot/v1.4.8; http://mj12bot.com/)"
157.90.177.217 - - [14/Apr/2022:05:34:56 +0200] "GET /angry-birds-light-figurine-p-19143.html HTTP/1.0" 200 73653 "-" "Mozilla/5.0 (compatible; BLEXBot/1.0; +http://webmeup-crawler.com/)"
192.99.14.135 - - [14/Apr/2022:05:34:57 +0200] "GET /cardboard-boxes-storage-c-13_150_216.html HTTP/1.0" 200 78248 "-" "Mozilla/5.0 (compatible; MJ12bot/v1.4.8; http://mj12bot.com/)"
157.90.177.217 - - [14/Apr/2022:05:34:58 +0200] "GET /bench-stool-p-51608.html HTTP/1.0" 200 74070 "-" "Mozilla/5.0 (compatible; BLEXBot/1.0; +http://webmeup-crawler.com/)"
54.36.148.243 - - [14/Apr/2022:05:34:59 +0200] "GET /yellow-submarine-clock-p-29298.html HTTP/1.0" 200 73431 "-" "Mozilla/5.0 (compatible; AhrefsBot/7.0; +http://ahrefs.com/robot/)"
157.90.177.217 - - [14/Apr/2022:05:35:00 +0200] "GET /angry-birds-p-19142.html HTTP/1.0" 200 73598 "-" "Mozilla/5.0 (compatible; BLEXBot/1.0; +http://webmeup-crawler.com/)"
192.99.14.135 - - [14/Apr/2022:05:35:01 +0200] "GET /care-bear-pyjama-party-plush-20-cm-p-37295.html HTTP/1.0" 301 70875 "-" "Mozilla/5.0 (compatible; MJ12bot/v1.4.8; http://mj12bot.com/)"
157.90.177.217 - - [14/Apr/2022:05:35:03 +0200] "GET /bench-stool-p-57163.html HTTP/1.0" 200 74070 "-" "Mozilla/5.0 (compatible; BLEXBot/1.0; +http://webmeup-crawler.com/)"
192.99.14.135 - - [14/Apr/2022:05:35:05 +0200] "GET /-p-37295.html HTTP/1.0" 200 70808 "-" "Mozilla/5.0 (compatible; MJ12bot/v1.4.8; http://mj12bot.com/)"
