157.90.177.217 - - [14/Apr/2022:06:34:02 +0200] "GET /dishes-c-12.html?page=7 HTTP/1.0" 200 91843 "-" "Mozilla/5.0 (compatible; BLEXBot/1.0; +http://webmeup-crawler.com/)"
204.12.197.234 - - [14/Apr/2022:06:34:03 +0200] "GET /disney-princess-footboard-p-29536.html HTTP/1.0" 200 70924 "-" "Mozilla/5.0 (compatible; MJ12bot/v1.4.8; http://mj12bot.com/)"
157.90.177.217 - - [14/Apr/2022:06:34:07 +0200] "GET /dishes-c-12.html?page=8 HTTP/1.0" 200 91902 "-" "Mozilla/5.0 (compatible; BLEXBot/1.0; +http://webmeup-crawler.com/)"
204.12.197.234 - - [14/Apr/2022:06:34:07 +0200] "GET /disney-princess-kids-school-p-14535.html HTTP/1.0" 200 70914 "-" "Mozilla/5.0 (compatible; MJ12bot/v1.4.8; http://mj12bot.com/)"
95.217.207.61 - - [14/Apr/2022:06:34:10 +0200] "GET /donald-duck-paper-gift-p-17670.html HTTP/1.0" 301 70875 "-" "Mozilla/5.0 (compatible; MJ12bot/v1.4.8; http://mj12bot.com/)"
204.12.197.234 - - [14/Apr/2022:06:34:12 +0200] "GET /disney-princess-personal-diary-p-17198.html HTTP/1.0" 200 70918 "-" "Mozilla/5.0 (compatible; MJ12bot/v1.4.8; http://mj12bot.com/)"
95.217.207.61 - - [14/Apr/2022:06:34:13 +0200] "GET /-p-17670.html HTTP/1.0" 200 70808 "-" "Mozilla/5.0 (compatible; MJ12bot/v1.4.8; http://mj12bot.com/)"
157.90.177.217 - - [14/Apr/2022:06:34:13 +0200] "GET /dishes-c-12.html?page=9 HTTP/1.0" 200 92713 "-" "Mozilla/5.0 (compatible; BLEXBot/1.0; +http://webmeup-crawler.com/)"
204.12.197.234 - - [14/Apr/2022:06:34:15 +0200] "GET /disney-princess-towel-p-27394.html HTTP/1.0" 200 70882 "-" "Mozilla/5.0 (compatible; MJ12bot/v1.4.8; http://mj12bot.com/)"
95.217.207.61 - - [14/Apr/2022:06:34:16 +0200] "GET /door-wall-coat-green-van-p-37239.html HTTP/1.0" 301 70875 "-" "Mozilla/5.0 (compatible; MJ12bot/v1.4.8; http://mj12bot.com/)"
204.12.197.234 - - [14/Apr/2022:06:34:18 +0200] "GET /disney-princess-wooden-p-32611.html HTTP/1.0" 200 70921 "-" "Mozilla/5.0 (compatible; MJ12bot/v1.4.8; http://mj12bot.com/)"
157.90.177.217 - - [14/Apr/2022:06:34:19 +0200] "GET /dishes-dishes-c-12_251.html?page=2 HTTP/1.0" 200 80935 "-" "Mozilla/5.0 (compatible; BLEXBot/1.0; +http://webmeup-crawler.com/)"
204.12.197.234 - - [14/Apr/2022:06:34:21 +0200] "GET /disney-princesses-cinderella-p-18804.html HTTP/1.0" 200 70963 "-" "Mozilla/5.0 (compatible; MJ12bot/v1.4.8; http://mj12bot.com/)"
95.217.207.61 - - [14/Apr/2022:06:34:21 +0200] "GET /-p-37239.html HTTP/1.0" 200 70808 "-" "Mozilla/5.0 (compatible; MJ12bot/v1.4.8; http://mj12bot.com/)"
157.90.177.217 - - [14/Apr/2022:06:34:23 +0200] "GET /disney-frozen-lunchbox-p-37036.html HTTP/1.0" 200 73446 "-" "Mozilla/5.0 (compatible; BLEXBot/1.0; +http://webmeup-crawler.com/)"
114.119.137.43 - - [14/Apr/2022:06:34:24 +0200] "GET /cats-dubout-figurine-kitty-wash-p-32713.html HTTP/1.0" 200 74562 "-" "Mozilla/5.0 (Linux; Android 7.0;) AppleWebKit/537.36 (KHTML, like Gecko) Mobile Safari/537.36 (compatible; PetalBot;+https://webmaster.petalsearch.com/site/petalbot)"
204.12.197.234 - - [14/Apr/2022:06:34:24 +0200] "GET /disney-princesses-glitter-p-23213.html HTTP/1.0" 200 70936 "-" "Mozilla/5.0 (compatible; MJ12bot/v1.4.8; http://mj12bot.com/)"
204.12.197.234 - - [14/Apr/2022:06:34:28 +0200] "GET /doggy-mustache-gentleman-decorative-statue-p-31498.html HTTP/1.0" 200 73654 "-" "Mozilla/5.0 (compatible; MJ12bot/v1.4.8; http://mj12bot.com/)"
157.90.177.217 - - [14/Apr/2022:06:34:28 +0200] "GET /disney-mcstuffins-fruit-juice-glass-p-28183.html HTTP/1.0" 200 73589 "-" "Mozilla/5.0 (compatible; BLEXBot/1.0; +http://webmeup-crawler.com/)"
204.12.197.234 - - [14/Apr/2022:06:34:31 +0200] "GET /dogs-rectangulary-cushion-cbkreation-p-26406.html HTTP/1.0" 200 70934 "-" "Mozilla/5.0 (compatible; MJ12bot/v1.4.8; http://mj12bot.com/)"
95.217.207.61 - - [14/Apr/2022:06:34:32 +0200] "GET /door-wall-coat-red-van-p-37238.html HTTP/1.0" 301 70875 "-" "Mozilla/5.0 (compatible; MJ12bot/v1.4.8; http://mj12bot.com/)"
157.90.177.217 - - [14/Apr/2022:06:34:34 +0200] "GET /disney-planes-fruit-juice-glasses-p-24533.html HTTP/1.0" 200 73529 "-" "Mozilla/5.0 (compatible; BLEXBot/1.0; +http://webmeup-crawler.com/)"
157.90.128.183 - - [14/Apr/2022:06:34:36 +0200] "GET /images/mini_prod/3453131148474.jpg HTTP/1.0" 200 269 "-" "Mozilla/5.0 (X11; Ubuntu; Linux x86_64; rv:72.0) Gecko/20100101 Firefox/72.0"
204.12.197.234 - - [14/Apr/2022:06:34:35 +0200] "GET /dolce-vita-bella-donna-p-25771.html HTTP/1.0" 200 70921 "-" "Mozilla/5.0 (compatible; MJ12bot/v1.4.8; http://mj12bot.com/)"
95.217.207.61 - - [14/Apr/2022:06:34:37 +0200] "GET /-p-37238.html HTTP/1.0" 200 70808 "-" "Mozilla/5.0 (compatible; MJ12bot/v1.4.8; http://mj12bot.com/)"
185.191.171.25 - - [14/Apr/2022:06:34:37 +0200] "GET /statue-skull-p-48768.html HTTP/1.0" 200 74052 "-" "Mozilla/5.0 (compatible; SemrushBot/7~bl; +http://www.semrush.com/bot.html)"
157.90.177.217 - - [14/Apr/2022:06:34:38 +0200] "GET /disney-planes-photo-frame-p-37014.html HTTP/1.0" 200 73520 "-" "Mozilla/5.0 (compatible; BLEXBot/1.0; +http://webmeup-crawler.com/)"
204.12.197.234 - - [14/Apr/2022:06:34:39 +0200] "GET /dollar-cbkreation-p-14046.html HTTP/1.0" 200 73412 "-" "Mozilla/5.0 (compatible; MJ12bot/v1.4.8; http://mj12bot.com/)"
95.217.207.61 - - [14/Apr/2022:06:34:40 +0200] "GET /dopey-by-romero-britto-small-notebook-p-32418.html HTTP/1.0" 301 73702 "-" "Mozilla/5.0 (compatible; MJ12bot/v1.4.8; http://mj12bot.com/)"
157.90.177.217 - - [14/Apr/2022:06:34:42 +0200] "GET /disney-planes-slate-p-27806.html HTTP/1.0" 200 73470 "-" "Mozilla/5.0 (compatible; BLEXBot/1.0; +http://webmeup-crawler.com/)"
204.12.197.234 - - [14/Apr/2022:06:34:43 +0200] "GET /donald-duck-great-wall-sticker-repositionable-p-18831.html HTTP/1.0" 200 73789 "-" "Mozilla/5.0 (compatible; MJ12bot/v1.4.8; http://mj12bot.com/)"
54.36.148.243 - - [14/Apr/2022:06:34:43 +0200] "GET /cactus-porcelain-bowl-p-39622.html HTTP/1.0" 200 73440 "-" "Mozilla/5.0 (compatible; AhrefsBot/7.0; +http://ahrefs.com/robot/)"
95.217.207.61 - - [14/Apr/2022:06:34:43 +0200] "GET /dopey-romero-britto-small-notebook-p-32418.html HTTP/1.0" 200 73601 "-" "Mozilla/5.0 (compatible; MJ12bot/v1.4.8; http://mj12bot.com/)"
204.12.197.234 - - [14/Apr/2022:06:34:46 +0200] "GET /dopey-romero-britto-small-notebook-p-32418.html HTTP/1.0" 200 73601 "-" "Mozilla/5.0 (compatible; MJ12bot/v1.4.8; http://mj12bot.com/)"
157.90.177.217 - - [14/Apr/2022:06:34:47 +0200] "GET /disney-planes-storage-stool-p-24530.html HTTP/1.0" 200 73616 "-" "Mozilla/5.0 (compatible; BLEXBot/1.0; +http://webmeup-crawler.com/)"
95.217.207.61 - - [14/Apr/2022:06:34:48 +0200] "GET /dragon-ball-blue-bathing-suit-size-years-p-23855.html HTTP/1.0" 301 70875 "-" "Mozilla/5.0 (compatible; MJ12bot/v1.4.8; http://mj12bot.com/)"
204.12.197.234 - - [14/Apr/2022:06:34:49 +0200] "GET /dora-explorer-bathrobe-size-years-p-12639.html HTTP/1.0" 200 70946 "-" "Mozilla/5.0 (compatible; MJ12bot/v1.4.8; http://mj12bot.com/)"
95.217.207.61 - - [14/Apr/2022:06:34:51 +0200] "GET /-p-23855.html HTTP/1.0" 200 70808 "-" "Mozilla/5.0 (compatible; MJ12bot/v1.4.8; http://mj12bot.com/)"
157.90.177.217 - - [14/Apr/2022:06:34:52 +0200] "GET /disney-princess-aurora-jacket-p-31248.html HTTP/1.0" 200 74833 "-" "Mozilla/5.0 (compatible; BLEXBot/1.0; +http://webmeup-crawler.com/)"
204.12.197.234 - - [14/Apr/2022:06:34:53 +0200] "GET /dora-explorer-flowers-poster-p-32302.html HTTP/1.0" 200 73529 "-" "Mozilla/5.0 (compatible; MJ12bot/v1.4.8; http://mj12bot.com/)"
204.12.197.234 - - [14/Apr/2022:06:34:56 +0200] "GET /dora-explorer-laces-p-22274.html HTTP/1.0" 200 73362 "-" "Mozilla/5.0 (compatible; MJ12bot/v1.4.8; http://mj12bot.com/)"
157.90.128.183 - - [14/Apr/2022:06:34:58 +0200] "GET /images/mini_prod/3609810017108.jpg HTTP/1.0" 200 269 "-" "Mozilla/5.0 (X11; Ubuntu; Linux x86_64; rv:72.0) Gecko/20100101 Firefox/72.0"
157.90.177.217 - - [14/Apr/2022:06:34:57 +0200] "GET /disney-princess-backpack-p-25086.html HTTP/1.0" 200 73772 "-" "Mozilla/5.0 (compatible; BLEXBot/1.0; +http://webmeup-crawler.com/)"
95.217.207.61 - - [14/Apr/2022:06:34:58 +0200] "GET /dragon-ball-blue-long-sleeve-shirt-size-years-p-23659.html HTTP/1.0" 301 70875 "-" "Mozilla/5.0 (compatible; MJ12bot/v1.4.8; http://mj12bot.com/)"
204.12.197.234 - - [14/Apr/2022:06:34:59 +0200] "GET /dora-the-explorer-bathrobe-size-years-p-12639.html HTTP/1.0" 301 71046 "-" "Mozilla/5.0 (compatible; MJ12bot/v1.4.8; http://mj12bot.com/)"
95.217.207.61 - - [14/Apr/2022:06:35:02 +0200] "GET /-p-23659.html HTTP/1.0" 200 70808 "-" "Mozilla/5.0 (compatible; MJ12bot/v1.4.8; http://mj12bot.com/)"
157.90.177.217 - - [14/Apr/2022:06:35:02 +0200] "GET /disney-princess-belle-metal-p-26698.html HTTP/1.0" 200 73604 "-" "Mozilla/5.0 (compatible; BLEXBot/1.0; +http://webmeup-crawler.com/)"
204.12.197.234 - - [14/Apr/2022:06:35:02 +0200] "GET /dora-explorer-bathrobe-size-years-p-12639.html HTTP/1.0" 200 70946 "-" "Mozilla/5.0 (compatible; MJ12bot/v1.4.8; http://mj12bot.com/)"
66.249.64.146 - - [14/Apr/2022:06:35:02 +0200] "GET /blue-p-43483.html HTTP/1.0" 200 73363 "-" "Mozilla/5.0 (Linux; Android 6.0.1; Nexus 5X Build/MMB29P) AppleWebKit/537.36 (KHTML, like Gecko) Chrome/100.0.4896.88 Mobile Safari/537.36 (compatible; Googlebot/2.1; +http://www.google.com/bot.html)"
204.12.197.234 - - [14/Apr/2022:06:35:06 +0200] "GET /dora-the-explorer-flowers-poster-p-32302.html HTTP/1.0" 301 73624 "-" "Mozilla/5.0 (compatible; MJ12bot/v1.4.8; http://mj12bot.com/)"
157.90.177.217 - - [14/Apr/2022:06:35:08 +0200] "GET /disney-princess-blue-swimsuit-p-30309.html HTTP/1.0" 200 75223 "-" "Mozilla/5.0 (compatible; BLEXBot/1.0; +http://webmeup-crawler.com/)"
204.12.197.234 - - [14/Apr/2022:06:35:09 +0200] "GET /dora-explorer-flowers-poster-p-32302.html HTTP/1.0" 200 73529 "-" "Mozilla/5.0 (compatible; MJ12bot/v1.4.8; http://mj12bot.com/)"
95.217.207.61 - - [14/Apr/2022:06:35:09 +0200] "GET /dragon-ball-grey-hoody-p-31321.html HTTP/1.0" 301 70875 "-" "Mozilla/5.0 (compatible; MJ12bot/v1.4.8; http://mj12bot.com/)"
185.191.171.8 - - [14/Apr/2022:06:35:10 +0200] "GET /russian-dolls-mouse-cbkreation-p-18688.html HTTP/1.0" 200 73492 "-" "Mozilla/5.0 (compatible; SemrushBot/7~bl; +http://www.semrush.com/bot.html)"
157.90.177.217 - - [14/Apr/2022:06:35:12 +0200] "GET /disney-princess-christmas-ball-filled-p-11525.html HTTP/1.0" 200 73986 "-" "Mozilla/5.0 (compatible; BLEXBot/1.0; +http://webmeup-crawler.com/)"
204.12.197.234 - - [14/Apr/2022:06:35:12 +0200] "GET /dora-the-explorer-laces-p-22274.html HTTP/1.0" 301 73448 "-" "Mozilla/5.0 (compatible; MJ12bot/v1.4.8; http://mj12bot.com/)"
95.217.207.61 - - [14/Apr/2022:06:35:15 +0200] "GET /-p-31321.html HTTP/1.0" 200 70808 "-" "Mozilla/5.0 (compatible; MJ12bot/v1.4.8; http://mj12bot.com/)"
204.12.197.234 - - [14/Apr/2022:06:35:15 +0200] "GET /dora-explorer-laces-p-22274.html HTTP/1.0" 200 73362 "-" "Mozilla/5.0 (compatible; MJ12bot/v1.4.8; http://mj12bot.com/)"
157.90.177.217 - - [14/Apr/2022:06:35:16 +0200] "GET /disney-princess-crayons-p-497.html HTTP/1.0" 200 74001 "-" "Mozilla/5.0 (compatible; BLEXBot/1.0; +http://webmeup-crawler.com/)"
204.12.197.234 - - [14/Apr/2022:06:35:19 +0200] "GET /dora-the-explorer-legging-p-30209.html HTTP/1.0" 301 70875 "-" "Mozilla/5.0 (compatible; MJ12bot/v1.4.8; http://mj12bot.com/)"
204.12.197.234 - - [14/Apr/2022:06:35:21 +0200] "GET /-p-30209.html HTTP/1.0" 200 70808 "-" "Mozilla/5.0 (compatible; MJ12bot/v1.4.8; http://mj12bot.com/)"
95.217.207.61 - - [14/Apr/2022:06:35:21 +0200] "GET /dragon-ball-gt-grey-long-sleeve-shirt-p-32716.html HTTP/1.0" 301 70875 "-" "Mozilla/5.0 (compatible; MJ12bot/v1.4.8; http://mj12bot.com/)"
157.90.177.217 - - [14/Apr/2022:06:35:21 +0200] "GET /disney-princess-dress-p-31106.html HTTP/1.0" 200 74572 "-" "Mozilla/5.0 (compatible; BLEXBot/1.0; +http://webmeup-crawler.com/)"
204.12.197.234 - - [14/Apr/2022:06:35:24 +0200] "GET /dragon-ball-photo-frame-canvas-p-2373.html HTTP/1.0" 200 73523 "-" "Mozilla/5.0 (compatible; MJ12bot/v1.4.8; http://mj12bot.com/)"
157.90.177.217 - - [14/Apr/2022:06:35:27 +0200] "GET /disney-princess-dress-p-31107.html HTTP/1.0" 200 75127 "-" "Mozilla/5.0 (compatible; BLEXBot/1.0; +http://webmeup-crawler.com/)"
95.217.207.61 - - [14/Apr/2022:06:35:27 +0200] "GET /-p-32716.html HTTP/1.0" 200 70808 "-" "Mozilla/5.0 (compatible; MJ12bot/v1.4.8; http://mj12bot.com/)"
204.12.197.234 - - [14/Apr/2022:06:35:27 +0200] "GET /dragon-ball-poncho-towels-p-14867.html HTTP/1.0" 200 70924 "-" "Mozilla/5.0 (compatible; MJ12bot/v1.4.8; http://mj12bot.com/)"
204.12.197.234 - - [14/Apr/2022:06:35:32 +0200] "GET /dragon-ball-wastebasket-p-33178.html HTTP/1.0" 200 70920 "-" "Mozilla/5.0 (compatible; MJ12bot/v1.4.8; http://mj12bot.com/)"
157.90.177.217 - - [14/Apr/2022:06:35:32 +0200] "GET /disney-princess-jewelry-p-37038.html HTTP/1.0" 200 74360 "-" "Mozilla/5.0 (compatible; BLEXBot/1.0; +http://webmeup-crawler.com/)"
204.12.197.234 - - [14/Apr/2022:06:35:34 +0200] "GET /drink-coca-cola-cold-canvas-frame-p-33381.html HTTP/1.0" 200 70960 "-" "Mozilla/5.0 (compatible; MJ12bot/v1.4.8; http://mj12bot.com/)"
185.191.171.39 - - [14/Apr/2022:06:35:35 +0200] "GET /bilbao-coated-tablecloth-blue-p-45345.html HTTP/1.0" 200 73557 "-" "Mozilla/5.0 (compatible; SemrushBot/7~bl; +http://www.semrush.com/bot.html)"
157.90.177.217 - - [14/Apr/2022:06:35:37 +0200] "GET /disney-princess-jewelry-p-37039.html HTTP/1.0" 200 74358 "-" "Mozilla/5.0 (compatible; BLEXBot/1.0; +http://webmeup-crawler.com/)"
204.12.197.234 - - [14/Apr/2022:06:35:38 +0200] "GET /dubout-cats-compact-mirror-p-32232.html HTTP/1.0" 200 70929 "-" "Mozilla/5.0 (compatible; MJ12bot/v1.4.8; http://mj12bot.com/)"
204.12.197.234 - - [14/Apr/2022:06:35:42 +0200] "GET /dubout-cats-compact-mirror-p-32234.html HTTP/1.0" 200 70902 "-" "Mozilla/5.0 (compatible; MJ12bot/v1.4.8; http://mj12bot.com/)"
157.90.177.217 - - [14/Apr/2022:06:35:42 +0200] "GET /disney-princess-large-metal-p-26701.html HTTP/1.0" 200 73603 "-" "Mozilla/5.0 (compatible; BLEXBot/1.0; +http://webmeup-crawler.com/)"
204.12.197.234 - - [14/Apr/2022:06:35:45 +0200] "GET /dubout-cats-compact-mirror-p-32235.html HTTP/1.0" 200 70929 "-" "Mozilla/5.0 (compatible; MJ12bot/v1.4.8; http://mj12bot.com/)"
95.217.207.61 - - [14/Apr/2022:06:35:45 +0200] "GET /dragon-ball-gt-grey-long-sleeve-shirt-p-32718.html HTTP/1.0" 301 70875 "-" "Mozilla/5.0 (compatible; MJ12bot/v1.4.8; http://mj12bot.com/)"
157.90.177.217 - - [14/Apr/2022:06:35:46 +0200] "GET /disney-princess-little-backpack-p-20330.html HTTP/1.0" 200 73727 "-" "Mozilla/5.0 (compatible; BLEXBot/1.0; +http://webmeup-crawler.com/)"
204.12.197.234 - - [14/Apr/2022:06:35:48 +0200] "GET /dubout-cats-cookie-p-40059.html HTTP/1.0" 200 70901 "-" "Mozilla/5.0 (compatible; MJ12bot/v1.4.8; http://mj12bot.com/)"
95.217.207.61 - - [14/Apr/2022:06:35:48 +0200] "GET /-p-32718.html HTTP/1.0" 200 70808 "-" "Mozilla/5.0 (compatible; MJ12bot/v1.4.8; http://mj12bot.com/)"
114.119.137.252 - - [14/Apr/2022:06:35:48 +0200] "GET /gogh-isothermic-stainless-steel-bottle-p-53163.html HTTP/1.0" 200 74274 "-" "Mozilla/5.0 (Linux; Android 7.0;) AppleWebKit/537.36 (KHTML, like Gecko) Mobile Safari/537.36 (compatible; PetalBot;+https://webmaster.petalsearch.com/site/petalbot)"
157.90.177.217 - - [14/Apr/2022:06:35:51 +0200] "GET /disney-princess-long-sleeve-shirt-p-31028.html HTTP/1.0" 200 74645 "-" "Mozilla/5.0 (compatible; BLEXBot/1.0; +http://webmeup-crawler.com/)"
204.12.197.234 - - [14/Apr/2022:06:35:51 +0200] "GET /dubout-cats-pill-p-32231.html HTTP/1.0" 200 70870 "-" "Mozilla/5.0 (compatible; MJ12bot/v1.4.8; http://mj12bot.com/)"
204.12.197.234 - - [14/Apr/2022:06:35:54 +0200] "GET /dubout-cats-pouch-p-32245.html HTTP/1.0" 200 73517 "-" "Mozilla/5.0 (compatible; MJ12bot/v1.4.8; http://mj12bot.com/)"
157.90.177.217 - - [14/Apr/2022:06:35:55 +0200] "GET /disney-princess-mattress-swimming-pool-p-19982.html HTTP/1.0" 200 73652 "-" "Mozilla/5.0 (compatible; BLEXBot/1.0; +http://webmeup-crawler.com/)"
204.12.197.234 - - [14/Apr/2022:06:35:57 +0200] "GET /dubout-cats-small-white-shopping-p-32259.html HTTP/1.0" 200 73763 "-" "Mozilla/5.0 (compatible; MJ12bot/v1.4.8; http://mj12bot.com/)"
157.90.177.217 - - [14/Apr/2022:06:35:59 +0200] "GET /disney-princess-metal-p-26697.html HTTP/1.0" 200 73554 "-" "Mozilla/5.0 (compatible; BLEXBot/1.0; +http://webmeup-crawler.com/)"
204.12.197.234 - - [14/Apr/2022:06:36:01 +0200] "GET /dwarves-bowl-p-32941.html HTTP/1.0" 301 70875 "-" "Mozilla/5.0 (compatible; MJ12bot/v1.4.8; http://mj12bot.com/)"
95.217.207.61 - - [14/Apr/2022:06:36:01 +0200] "GET /dragon-ball-gt-red-long-sleeve-shirt-p-32719.html HTTP/1.0" 301 70875 "-" "Mozilla/5.0 (compatible; MJ12bot/v1.4.8; http://mj12bot.com/)"
204.12.197.234 - - [14/Apr/2022:06:36:04 +0200] "GET /-p-32941.html HTTP/1.0" 200 70808 "-" "Mozilla/5.0 (compatible; MJ12bot/v1.4.8; http://mj12bot.com/)"
95.217.207.61 - - [14/Apr/2022:06:36:05 +0200] "GET /-p-32719.html HTTP/1.0" 200 70808 "-" "Mozilla/5.0 (compatible; MJ12bot/v1.4.8; http://mj12bot.com/)"
204.12.197.234 - - [14/Apr/2022:06:36:07 +0200] "GET /dynamo-flashlight-barbabravo-p-16079.html HTTP/1.0" 301 70875 "-" "Mozilla/5.0 (compatible; MJ12bot/v1.4.8; http://mj12bot.com/)"
157.90.177.217 - - [14/Apr/2022:06:36:07 +0200] "GET /disney-princess-pencil-case-p-44919.html HTTP/1.0" 200 73508 "-" "Mozilla/5.0 (compatible; BLEXBot/1.0; +http://webmeup-crawler.com/)"
204.12.197.234 - - [14/Apr/2022:06:36:10 +0200] "GET /-p-16079.html HTTP/1.0" 200 70808 "-" "Mozilla/5.0 (compatible; MJ12bot/v1.4.8; http://mj12bot.com/)"
54.36.148.243 - - [14/Apr/2022:06:36:09 +0200] "GET /merci-gustave-disney-plates-p-32907.html HTTP/1.0" 200 73540 "-" "Mozilla/5.0 (compatible; AhrefsBot/7.0; +http://ahrefs.com/robot/)"
157.90.177.217 - - [14/Apr/2022:06:36:12 +0200] "GET /disney-princess-rainwear-p-31243.html HTTP/1.0" 200 74605 "-" "Mozilla/5.0 (compatible; BLEXBot/1.0; +http://webmeup-crawler.com/)"
204.12.197.234 - - [14/Apr/2022:06:36:13 +0200] "GET /eccentric-zebra-bowl-p-41834.html HTTP/1.0" 200 70899 "-" "Mozilla/5.0 (compatible; MJ12bot/v1.4.8; http://mj12bot.com/)"
204.12.197.234 - - [14/Apr/2022:06:36:16 +0200] "GET /elastic-loom-bands-p-26692.html HTTP/1.0" 200 73454 "-" "Mozilla/5.0 (compatible; MJ12bot/v1.4.8; http://mj12bot.com/)"
157.90.177.217 - - [14/Apr/2022:06:36:17 +0200] "GET /disney-princess-round-pencil-case-p-10346.html HTTP/1.0" 200 73538 "-" "Mozilla/5.0 (compatible; BLEXBot/1.0; +http://webmeup-crawler.com/)"
95.217.207.61 - - [14/Apr/2022:06:36:19 +0200] "GET /dragon-ball-shirt-size-years-p-23605.html HTTP/1.0" 301 70875 "-" "Mozilla/5.0 (compatible; MJ12bot/v1.4.8; http://mj12bot.com/)"
204.12.197.234 - - [14/Apr/2022:06:36:19 +0200] "GET /elastic-loom-bands-p-26855.html HTTP/1.0" 200 73455 "-" "Mozilla/5.0 (compatible; MJ12bot/v1.4.8; http://mj12bot.com/)"
157.90.177.217 - - [14/Apr/2022:06:36:22 +0200] "GET /disney-princess-slate-p-27809.html HTTP/1.0" 200 73486 "-" "Mozilla/5.0 (compatible; BLEXBot/1.0; +http://webmeup-crawler.com/)"
204.12.197.234 - - [14/Apr/2022:06:36:22 +0200] "GET /elephant-golden-encrusted-mirrors-statuette-p-37583.html HTTP/1.0" 200 71026 "-" "Mozilla/5.0 (compatible; MJ12bot/v1.4.8; http://mj12bot.com/)"
95.217.207.61 - - [14/Apr/2022:06:36:23 +0200] "GET /-p-23605.html HTTP/1.0" 200 70808 "-" "Mozilla/5.0 (compatible; MJ12bot/v1.4.8; http://mj12bot.com/)"
204.12.197.234 - - [14/Apr/2022:06:36:25 +0200] "GET /elmer-acrylic-glasses-p-11706.html HTTP/1.0" 200 70904 "-" "Mozilla/5.0 (compatible; MJ12bot/v1.4.8; http://mj12bot.com/)"
157.90.177.217 - - [14/Apr/2022:06:36:26 +0200] "GET /disney-princess-snow-white-parka-p-31246.html HTTP/1.0" 200 74718 "-" "Mozilla/5.0 (compatible; BLEXBot/1.0; +http://webmeup-crawler.com/)"
204.12.197.234 - - [14/Apr/2022:06:36:28 +0200] "GET /elmer-apron-p-20831.html HTTP/1.0" 301 70875 "-" "Mozilla/5.0 (compatible; MJ12bot/v1.4.8; http://mj12bot.com/)"
157.90.177.217 - - [14/Apr/2022:06:36:32 +0200] "GET /disney-princess-white-swimsuit-p-30311.html HTTP/1.0" 200 74644 "-" "Mozilla/5.0 (compatible; BLEXBot/1.0; +http://webmeup-crawler.com/)"
204.12.197.234 - - [14/Apr/2022:06:36:32 +0200] "GET /-p-20831.html HTTP/1.0" 200 70808 "-" "Mozilla/5.0 (compatible; MJ12bot/v1.4.8; http://mj12bot.com/)"
95.217.207.61 - - [14/Apr/2022:06:36:32 +0200] "GET /dragon-ball-shirt-size-years-p-23606.html HTTP/1.0" 301 70875 "-" "Mozilla/5.0 (compatible; MJ12bot/v1.4.8; http://mj12bot.com/)"
157.90.177.217 - - [14/Apr/2022:06:36:36 +0200] "GET /disney-princess-white-swimsuit-p-30312.html HTTP/1.0" 200 74678 "-" "Mozilla/5.0 (compatible; BLEXBot/1.0; +http://webmeup-crawler.com/)"
204.12.197.234 - - [14/Apr/2022:06:36:36 +0200] "GET /elmer-cardboard-suitcase-large-model-p-28357.html HTTP/1.0" 301 70875 "-" "Mozilla/5.0 (compatible; MJ12bot/v1.4.8; http://mj12bot.com/)"
95.217.207.61 - - [14/Apr/2022:06:36:37 +0200] "GET /-p-23606.html HTTP/1.0" 200 70808 "-" "Mozilla/5.0 (compatible; MJ12bot/v1.4.8; http://mj12bot.com/)"
117.148.130.28 - - [14/Apr/2022:06:36:40 +0200] "GET /images/big_prod_1/3609810056374B.jpg HTTP/1.0" 200 271 "-" "Mozilla/5.0 (Windows NT 10.0; WOW64) AppleWebKit/537.36 (KHTML, like Gecko) Chrome/90.0.4430.212 Safari/537.36"
204.12.197.234 - - [14/Apr/2022:06:36:39 +0200] "GET /-p-28357.html HTTP/1.0" 200 70808 "-" "Mozilla/5.0 (compatible; MJ12bot/v1.4.8; http://mj12bot.com/)"
157.90.177.217 - - [14/Apr/2022:06:36:40 +0200] "GET /disney-princesses-cardigan-p-31129.html HTTP/1.0" 200 74942 "-" "Mozilla/5.0 (compatible; BLEXBot/1.0; +http://webmeup-crawler.com/)"
204.12.197.234 - - [14/Apr/2022:06:36:42 +0200] "GET /elmer-plate-p-12712.html HTTP/1.0" 301 70875 "-" "Mozilla/5.0 (compatible; MJ12bot/v1.4.8; http://mj12bot.com/)"
157.90.177.217 - - [14/Apr/2022:06:36:44 +0200] "GET /disney-princesses-pull-under-p-31127.html HTTP/1.0" 200 74662 "-" "Mozilla/5.0 (compatible; BLEXBot/1.0; +http://webmeup-crawler.com/)"
204.12.197.234 - - [14/Apr/2022:06:36:45 +0200] "GET /-p-12712.html HTTP/1.0" 200 70808 "-" "Mozilla/5.0 (compatible; MJ12bot/v1.4.8; http://mj12bot.com/)"
95.217.207.61 - - [14/Apr/2022:06:36:45 +0200] "GET /driftin-cars-small-car-radio-controlled-p-28018.html HTTP/1.0" 301 70875 "-" "Mozilla/5.0 (compatible; MJ12bot/v1.4.8; http://mj12bot.com/)"
204.12.197.234 - - [14/Apr/2022:06:36:48 +0200] "GET /elmer-soft-ball-p-4576.html HTTP/1.0" 301 70872 "-" "Mozilla/5.0 (compatible; MJ12bot/v1.4.8; http://mj12bot.com/)"
157.90.177.217 - - [14/Apr/2022:06:36:49 +0200] "GET /distributor-chewing-p-37837.html HTTP/1.0" 200 73554 "-" "Mozilla/5.0 (compatible; BLEXBot/1.0; +http://webmeup-crawler.com/)"
204.12.197.234 - - [14/Apr/2022:06:36:51 +0200] "GET /-p-4576.html HTTP/1.0" 200 70806 "-" "Mozilla/5.0 (compatible; MJ12bot/v1.4.8; http://mj12bot.com/)"
95.217.207.61 - - [14/Apr/2022:06:36:52 +0200] "GET /-p-28018.html HTTP/1.0" 200 70808 "-" "Mozilla/5.0 (compatible; MJ12bot/v1.4.8; http://mj12bot.com/)"
204.12.197.234 - - [14/Apr/2022:06:36:54 +0200] "GET /elmer-spinning-top-p-19430.html HTTP/1.0" 301 70875 "-" "Mozilla/5.0 (compatible; MJ12bot/v1.4.8; http://mj12bot.com/)"
157.90.177.217 - - [14/Apr/2022:06:36:53 +0200] "GET /distributor-chewing-p-37838.html HTTP/1.0" 200 73572 "-" "Mozilla/5.0 (compatible; BLEXBot/1.0; +http://webmeup-crawler.com/)"
204.12.197.234 - - [14/Apr/2022:06:36:57 +0200] "GET /-p-19430.html HTTP/1.0" 200 70808 "-" "Mozilla/5.0 (compatible; MJ12bot/v1.4.8; http://mj12bot.com/)"
157.90.177.217 - - [14/Apr/2022:06:36:58 +0200] "GET /disturb-wooden-frame-p-46085.html HTTP/1.0" 200 74373 "-" "Mozilla/5.0 (compatible; BLEXBot/1.0; +http://webmeup-crawler.com/)"
95.217.207.61 - - [14/Apr/2022:06:37:00 +0200] "GET /drink-coca-cola-ice-cold-canvas-frame-35-35-cm-p-33381.html HTTP/1.0" 301 71060 "-" "Mozilla/5.0 (compatible; MJ12bot/v1.4.8; http://mj12bot.com/)"
204.12.197.234 - - [14/Apr/2022:06:37:00 +0200] "GET /felt-pens-p-40835.html HTTP/1.0" 200 73534 "-" "Mozilla/5.0 (compatible; MJ12bot/v1.4.8; http://mj12bot.com/)"
204.12.197.234 - - [14/Apr/2022:06:37:03 +0200] "GET /flower-cover-p-55344.html HTTP/1.0" 200 74070 "-" "Mozilla/5.0 (compatible; MJ12bot/v1.4.8; http://mj12bot.com/)"
157.90.177.217 - - [14/Apr/2022:06:37:04 +0200] "GET /dolphin-hand-bell-golden-brass-p-57548.html HTTP/1.0" 200 74135 "-" "Mozilla/5.0 (compatible; BLEXBot/1.0; +http://webmeup-crawler.com/)"
95.217.207.61 - - [14/Apr/2022:06:37:04 +0200] "GET /drink-coca-cola-cold-canvas-frame-p-33381.html HTTP/1.0" 200 70960 "-" "Mozilla/5.0 (compatible; MJ12bot/v1.4.8; http://mj12bot.com/)"
204.12.197.234 - - [14/Apr/2022:06:37:06 +0200] "GET /food-bowl-p-31704.html HTTP/1.0" 200 70874 "-" "Mozilla/5.0 (compatible; MJ12bot/v1.4.8; http://mj12bot.com/)"
157.90.177.217 - - [14/Apr/2022:06:37:08 +0200] "GET /domo-black-shirt-p-30048.html HTTP/1.0" 200 74574 "-" "Mozilla/5.0 (compatible; BLEXBot/1.0; +http://webmeup-crawler.com/)"
204.12.197.234 - - [14/Apr/2022:06:37:09 +0200] "GET /glasses-and-drinking-cup-c-12_62.html HTTP/1.0" 301 90822 "-" "Mozilla/5.0 (compatible; MJ12bot/v1.4.8; http://mj12bot.com/)"
157.90.177.217 - - [14/Apr/2022:06:37:12 +0200] "GET /domo-frankunstein-shirt-p-29504.html HTTP/1.0" 200 74866 "-" "Mozilla/5.0 (compatible; BLEXBot/1.0; +http://webmeup-crawler.com/)"
204.12.197.234 - - [14/Apr/2022:06:37:12 +0200] "GET /glasses-drinking-c-62.html HTTP/1.0" 301 90721 "-" "Mozilla/5.0 (compatible; MJ12bot/v1.4.8; http://mj12bot.com/)"
204.12.197.234 - - [14/Apr/2022:06:37:15 +0200] "GET /glasses-drinking-c-12_62.html HTTP/1.0" 200 90742 "-" "Mozilla/5.0 (compatible; MJ12bot/v1.4.8; http://mj12bot.com/)"
157.90.177.217 - - [14/Apr/2022:06:37:16 +0200] "GET /donkey-kong-shirt-p-29598.html HTTP/1.0" 200 74832 "-" "Mozilla/5.0 (compatible; BLEXBot/1.0; +http://webmeup-crawler.com/)"
95.217.207.61 - - [14/Apr/2022:06:37:17 +0200] "GET /dubout-cats-cookie-jar-p-40059.html HTTP/1.0" 301 70986 "-" "Mozilla/5.0 (compatible; MJ12bot/v1.4.8; http://mj12bot.com/)"
204.12.197.234 - - [14/Apr/2022:06:37:19 +0200] "GET /gorjuss-keyring-pierrot-p-47746.html HTTP/1.0" 200 73479 "-" "Mozilla/5.0 (compatible; MJ12bot/v1.4.8; http://mj12bot.com/)"
51.68.224.127 - - [14/Apr/2022:06:37:20 +0200] "GET /adminweb/export_orders_xml.php?token=256de2z6edz6ed2z6DFSFsed2zed6zeDSFDSGdzedezfzf&maxorders=10&orderstart=1&status=14&start_date=2018-10-01 HTTP/1.0" 200 285 "-" "GesCom CharlotteBoutik Serveur"
54.36.148.243 - - [14/Apr/2022:06:37:20 +0200] "GET /harley-davidson-magnets-p-40277.html HTTP/1.0" 200 73547 "-" "Mozilla/5.0 (compatible; AhrefsBot/7.0; +http://ahrefs.com/robot/)"
51.68.224.127 - - [14/Apr/2022:06:37:21 +0200] "GET /adminweb/export_orders_xml.php?token=256de2z6edz6ed2z6DFSFsed2zed6zeDSFDSGdzedezfzf&maxorders=10&orderstart=1&status=6&start_date=2018-10-01 HTTP/1.0" 200 32865 "-" "GesCom CharlotteBoutik Serveur"
95.217.207.61 - - [14/Apr/2022:06:37:21 +0200] "GET /dubout-cats-cookie-p-40059.html HTTP/1.0" 200 70901 "-" "Mozilla/5.0 (compatible; MJ12bot/v1.4.8; http://mj12bot.com/)"
204.12.197.234 - - [14/Apr/2022:06:37:22 +0200] "GET /hello-kitty-jean-p-30213.html HTTP/1.0" 200 74886 "-" "Mozilla/5.0 (compatible; MJ12bot/v1.4.8; http://mj12bot.com/)"
157.90.177.217 - - [14/Apr/2022:06:37:21 +0200] "GET /door-plate-bathroom-p-47299.html HTTP/1.0" 200 73473 "-" "Mozilla/5.0 (compatible; BLEXBot/1.0; +http://webmeup-crawler.com/)"
204.12.197.234 - - [14/Apr/2022:06:37:25 +0200] "GET /hello-kitty-large-postbag-p-589.html HTTP/1.0" 200 74295 "-" "Mozilla/5.0 (compatible; MJ12bot/v1.4.8; http://mj12bot.com/)"
157.90.177.217 - - [14/Apr/2022:06:37:27 +0200] "GET /door-plate-bathroom-p-47303.html HTTP/1.0" 200 73469 "-" "Mozilla/5.0 (compatible; BLEXBot/1.0; +http://webmeup-crawler.com/)"
204.12.197.234 - - [14/Apr/2022:06:37:28 +0200] "GET /hello-kitty-sanrio-jean-p-30236.html HTTP/1.0" 200 74602 "-" "Mozilla/5.0 (compatible; MJ12bot/v1.4.8; http://mj12bot.com/)"
95.217.207.61 - - [14/Apr/2022:06:37:30 +0200] "GET /dubout-cats-pill-box-p-32231.html HTTP/1.0" 301 70953 "-" "Mozilla/5.0 (compatible; MJ12bot/v1.4.8; http://mj12bot.com/)"
157.90.177.217 - - [14/Apr/2022:06:37:32 +0200] "GET /door-plate-bathroom-p-48977.html HTTP/1.0" 200 73469 "-" "Mozilla/5.0 (compatible; BLEXBot/1.0; +http://webmeup-crawler.com/)"
204.12.197.234 - - [14/Apr/2022:06:37:33 +0200] "GET /hero-cushion-p-33183.html HTTP/1.0" 301 70875 "-" "Mozilla/5.0 (compatible; MJ12bot/v1.4.8; http://mj12bot.com/)"
95.217.207.61 - - [14/Apr/2022:06:37:34 +0200] "GET /dubout-cats-pill-p-32231.html HTTP/1.0" 200 70870 "-" "Mozilla/5.0 (compatible; MJ12bot/v1.4.8; http://mj12bot.com/)"
204.12.197.234 - - [14/Apr/2022:06:37:36 +0200] "GET /-p-33183.html HTTP/1.0" 200 70808 "-" "Mozilla/5.0 (compatible; MJ12bot/v1.4.8; http://mj12bot.com/)"
157.90.177.217 - - [14/Apr/2022:06:37:37 +0200] "GET /door-plate-bathroom-p-53387.html HTTP/1.0" 200 74077 "-" "Mozilla/5.0 (compatible; BLEXBot/1.0; +http://webmeup-crawler.com/)"
117.148.130.28 - - [14/Apr/2022:06:37:39 +0200] "GET /images/big_prod_1/3453131158435B.jpg HTTP/1.0" 200 271 "-" "Mozilla/5.0 (Windows NT 10.0; WOW64) AppleWebKit/537.36 (KHTML, like Gecko) Chrome/90.0.4430.212 Safari/537.36"
95.217.207.61 - - [14/Apr/2022:06:37:38 +0200] "GET /dubout-cats-pouch-bag-p-32245.html HTTP/1.0" 301 73601 "-" "Mozilla/5.0 (compatible; MJ12bot/v1.4.8; http://mj12bot.com/)"
204.12.197.234 - - [14/Apr/2022:06:37:40 +0200] "GET /hero-poster-p-30924.html HTTP/1.0" 200 70872 "-" "Mozilla/5.0 (compatible; MJ12bot/v1.4.8; http://mj12bot.com/)"
95.217.207.61 - - [14/Apr/2022:06:37:41 +0200] "GET /dubout-cats-pouch-p-32245.html HTTP/1.0" 200 73517 "-" "Mozilla/5.0 (compatible; MJ12bot/v1.4.8; http://mj12bot.com/)"
157.90.177.217 - - [14/Apr/2022:06:37:42 +0200] "GET /door-plate-bedroom-p-50998.html HTTP/1.0" 200 73473 "-" "Mozilla/5.0 (compatible; BLEXBot/1.0; +http://webmeup-crawler.com/)"
204.12.197.234 - - [14/Apr/2022:06:37:43 +0200] "GET /italia-figc-black-mug-p-18633.html HTTP/1.0" 301 73478 "-" "Mozilla/5.0 (compatible; MJ12bot/v1.4.8; http://mj12bot.com/)"
157.90.177.217 - - [14/Apr/2022:06:37:46 +0200] "GET /door-plate-bedroom-p-52416.html HTTP/1.0" 200 73474 "-" "Mozilla/5.0 (compatible; BLEXBot/1.0; +http://webmeup-crawler.com/)"
204.12.197.234 - - [14/Apr/2022:06:37:47 +0200] "GET /italia-figc-black-p-18633.html HTTP/1.0" 200 73394 "-" "Mozilla/5.0 (compatible; MJ12bot/v1.4.8; http://mj12bot.com/)"
204.12.197.234 - - [14/Apr/2022:06:37:50 +0200] "GET /italia-figc-black-p-18633.html HTTP/1.0" 200 73394 "-" "Mozilla/5.0 (compatible; MJ12bot/v1.4.8; http://mj12bot.com/)"
157.90.177.217 - - [14/Apr/2022:06:37:50 +0200] "GET /door-plate-bedroom-p-52418.html HTTP/1.0" 200 73473 "-" "Mozilla/5.0 (compatible; BLEXBot/1.0; +http://webmeup-crawler.com/)"
95.217.207.61 - - [14/Apr/2022:06:37:52 +0200] "GET /dubout-cats-small-white-shopping-bag-p-32259.html HTTP/1.0" 301 73862 "-" "Mozilla/5.0 (compatible; MJ12bot/v1.4.8; http://mj12bot.com/)"
204.12.197.234 - - [14/Apr/2022:06:37:53 +0200] "GET /italia-figc-mug-p-15551.html HTTP/1.0" 301 73424 "-" "Mozilla/5.0 (compatible; MJ12bot/v1.4.8; http://mj12bot.com/)"
95.217.207.61 - - [14/Apr/2022:06:37:55 +0200] "GET /dubout-cats-small-white-shopping-p-32259.html HTTP/1.0" 200 73763 "-" "Mozilla/5.0 (compatible; MJ12bot/v1.4.8; http://mj12bot.com/)"
157.90.177.217 - - [14/Apr/2022:06:37:55 +0200] "GET /door-plate-bedroom-p-52419.html HTTP/1.0" 200 73473 "-" "Mozilla/5.0 (compatible; BLEXBot/1.0; +http://webmeup-crawler.com/)"
204.12.197.234 - - [14/Apr/2022:06:37:56 +0200] "GET /italia-figc-p-15551.html HTTP/1.0" 200 73346 "-" "Mozilla/5.0 (compatible; MJ12bot/v1.4.8; http://mj12bot.com/)"
157.90.177.217 - - [14/Apr/2022:06:37:59 +0200] "GET /door-plate-bedroom-p-52420.html HTTP/1.0" 200 73473 "-" "Mozilla/5.0 (compatible; BLEXBot/1.0; +http://webmeup-crawler.com/)"
204.12.197.234 - - [14/Apr/2022:06:37:59 +0200] "GET /italia-figc-p-15551.html HTTP/1.0" 200 73346 "-" "Mozilla/5.0 (compatible; MJ12bot/v1.4.8; http://mj12bot.com/)"
207.46.13.25 - - [14/Apr/2022:06:38:01 +0200] "GET /copper-plate-with-flower-life-design-p-46284.html HTTP/1.0" 200 73792 "-" "Mozilla/5.0 (compatible; bingbot/2.0; +http://www.bing.com/bingbot.htm)"
204.12.197.234 - - [14/Apr/2022:06:38:03 +0200] "GET /jack-and-the-never-land-pencil-case-p-19636.html HTTP/1.0" 301 70875 "-" "Mozilla/5.0 (compatible; MJ12bot/v1.4.8; http://mj12bot.com/)"
185.191.171.10 - - [14/Apr/2022:06:38:03 +0200] "GET /spot-tink-tinkerbell-sitting-flower-figurine-p-53997.html HTTP/1.0" 200 75708 "-" "Mozilla/5.0 (compatible; SemrushBot/7~bl; +http://www.semrush.com/bot.html)"
157.90.177.217 - - [14/Apr/2022:06:38:04 +0200] "GET /door-plate-p-50999.html HTTP/1.0" 200 73363 "-" "Mozilla/5.0 (compatible; BLEXBot/1.0; +http://webmeup-crawler.com/)"
204.12.197.234 - - [14/Apr/2022:06:38:06 +0200] "GET /-p-19636.html HTTP/1.0" 200 70808 "-" "Mozilla/5.0 (compatible; MJ12bot/v1.4.8; http://mj12bot.com/)"
54.36.148.243 - - [14/Apr/2022:06:38:09 +0200] "GET /cushion-cover-p-52125.html HTTP/1.0" 200 73595 "-" "Mozilla/5.0 (compatible; AhrefsBot/7.0; +http://ahrefs.com/robot/)"
204.12.197.234 - - [14/Apr/2022:06:38:10 +0200] "GET /jamaican-sound-clock-p-24960.html HTTP/1.0" 200 73419 "-" "Mozilla/5.0 (compatible; MJ12bot/v1.4.8; http://mj12bot.com/)"
95.217.207.61 - - [14/Apr/2022:06:38:12 +0200] "GET /dubout-cats-tray-48-cm-p-32430.html HTTP/1.0" 301 70875 "-" "Mozilla/5.0 (compatible; MJ12bot/v1.4.8; http://mj12bot.com/)"
204.12.197.234 - - [14/Apr/2022:06:38:13 +0200] "GET /jasmin-claudie-large-backpack-p-35971.html HTTP/1.0" 200 70930 "-" "Mozilla/5.0 (compatible; MJ12bot/v1.4.8; http://mj12bot.com/)"
95.217.207.61 - - [14/Apr/2022:06:38:15 +0200] "GET /-p-32430.html HTTP/1.0" 200 70808 "-" "Mozilla/5.0 (compatible; MJ12bot/v1.4.8; http://mj12bot.com/)"
204.12.197.234 - - [14/Apr/2022:06:38:16 +0200] "GET /jasmin-medium-cabas-geisha-amande-p-39774.html HTTP/1.0" 200 70934 "-" "Mozilla/5.0 (compatible; MJ12bot/v1.4.8; http://mj12bot.com/)"
157.90.177.217 - - [14/Apr/2022:06:38:15 +0200] "GET /door-plate-p-53153.html HTTP/1.0" 200 73935 "-" "Mozilla/5.0 (compatible; BLEXBot/1.0; +http://webmeup-crawler.com/)"
185.191.171.4 - - [14/Apr/2022:06:38:19 +0200] "GET /dollar-phone-cover-iphone-cbkreation-p-14055.html?action=add_product HTTP/1.0" 302 476 "-" "Mozilla/5.0 (compatible; SemrushBot/7~bl; +http://www.semrush.com/bot.html)"
204.12.197.234 - - [14/Apr/2022:06:38:19 +0200] "GET /jasmin-medium-cabas-jasmine-geisha-champagne-p-39775.html HTTP/1.0" 200 70956 "-" "Mozilla/5.0 (compatible; MJ12bot/v1.4.8; http://mj12bot.com/)"
95.217.207.61 - - [14/Apr/2022:06:38:20 +0200] "GET /duck-keychains-p-27212.html HTTP/1.0" 301 70875 "-" "Mozilla/5.0 (compatible; MJ12bot/v1.4.8; http://mj12bot.com/)"
204.12.197.234 - - [14/Apr/2022:06:38:22 +0200] "GET /jasmin-pencil-case-p-31565.html HTTP/1.0" 200 70901 "-" "Mozilla/5.0 (compatible; MJ12bot/v1.4.8; http://mj12bot.com/)"
95.217.207.61 - - [14/Apr/2022:06:38:22 +0200] "GET /-p-27212.html HTTP/1.0" 200 70808 "-" "Mozilla/5.0 (compatible; MJ12bot/v1.4.8; http://mj12bot.com/)"
157.90.177.217 - - [14/Apr/2022:06:38:25 +0200] "GET /door-plate-p-53154.html HTTP/1.0" 200 73934 "-" "Mozilla/5.0 (compatible; BLEXBot/1.0; +http://webmeup-crawler.com/)"
204.12.197.234 - - [14/Apr/2022:06:38:25 +0200] "GET /jasmin-pencil-case-p-31567.html HTTP/1.0" 200 70901 "-" "Mozilla/5.0 (compatible; MJ12bot/v1.4.8; http://mj12bot.com/)"
204.12.197.234 - - [14/Apr/2022:06:38:28 +0200] "GET /jasmin-surf-p-34919.html HTTP/1.0" 200 70896 "-" "Mozilla/5.0 (compatible; MJ12bot/v1.4.8; http://mj12bot.com/)"
117.148.130.28 - - [14/Apr/2022:06:38:30 +0200] "GET /images/mini_prod/3665269082050.jpg HTTP/1.0" 200 269 "-" "Mozilla/5.0 (Windows NT 10.0; WOW64) AppleWebKit/537.36 (KHTML, like Gecko) Chrome/90.0.4430.212 Safari/537.36"
95.217.207.61 - - [14/Apr/2022:06:38:29 +0200] "GET /duck-mug-p-26189.html HTTP/1.0" 301 70875 "-" "Mozilla/5.0 (compatible; MJ12bot/v1.4.8; http://mj12bot.com/)"
204.12.197.234 - - [14/Apr/2022:06:38:31 +0200] "GET /jasmin-titi-gavroche-handbag-hanger-p-34888.html HTTP/1.0" 200 70986 "-" "Mozilla/5.0 (compatible; MJ12bot/v1.4.8; http://mj12bot.com/)"
157.90.177.217 - - [14/Apr/2022:06:38:31 +0200] "GET /door-plate-prire-ptanque-p-56789.html HTTP/1.0" 200 74160 "-" "Mozilla/5.0 (compatible; BLEXBot/1.0; +http://webmeup-crawler.com/)"
95.217.207.61 - - [14/Apr/2022:06:38:32 +0200] "GET /-p-26189.html HTTP/1.0" 200 70808 "-" "Mozilla/5.0 (compatible; MJ12bot/v1.4.8; http://mj12bot.com/)"
204.12.197.234 - - [14/Apr/2022:06:38:34 +0200] "GET /jasmin-traveller-punk-p-35981.html HTTP/1.0" 200 70934 "-" "Mozilla/5.0 (compatible; MJ12bot/v1.4.8; http://mj12bot.com/)"
95.217.207.61 - - [14/Apr/2022:06:38:36 +0200] "GET /duck-p-26189.html HTTP/1.0" 301 70875 "-" "Mozilla/5.0 (compatible; MJ12bot/v1.4.8; http://mj12bot.com/)"
204.12.197.234 - - [14/Apr/2022:06:38:37 +0200] "GET /jasmin-traveller-sadhu-p-35980.html HTTP/1.0" 200 70939 "-" "Mozilla/5.0 (compatible; MJ12bot/v1.4.8; http://mj12bot.com/)"
157.90.177.217 - - [14/Apr/2022:06:38:38 +0200] "GET /door-plate-restroom-p-52317.html HTTP/1.0" 200 74088 "-" "Mozilla/5.0 (compatible; BLEXBot/1.0; +http://webmeup-crawler.com/)"
95.217.207.61 - - [14/Apr/2022:06:38:39 +0200] "GET /-p-26189.html HTTP/1.0" 200 70808 "-" "Mozilla/5.0 (compatible; MJ12bot/v1.4.8; http://mj12bot.com/)"
204.12.197.234 - - [14/Apr/2022:06:38:41 +0200] "GET /jolly-angel-nici-charm-smartphone-plug-p-33459.html HTTP/1.0" 200 70950 "-" "Mozilla/5.0 (compatible; MJ12bot/v1.4.8; http://mj12bot.com/)"
204.12.197.234 - - [14/Apr/2022:06:38:44 +0200] "GET /keep-calm-metal-plate-deco-p-37229.html HTTP/1.0" 200 73471 "-" "Mozilla/5.0 (compatible; MJ12bot/v1.4.8; http://mj12bot.com/)"
157.90.177.217 - - [14/Apr/2022:06:38:44 +0200] "GET /door-plate-restroom-p-52388.html HTTP/1.0" 200 74086 "-" "Mozilla/5.0 (compatible; BLEXBot/1.0; +http://webmeup-crawler.com/)"
185.191.171.5 - - [14/Apr/2022:06:38:47 +0200] "GET /postcard-without-envelope-tassen-p-57450.html?action=add_product HTTP/1.0" 302 476 "-" "Mozilla/5.0 (compatible; SemrushBot/7~bl; +http://www.semrush.com/bot.html)"
204.12.197.234 - - [14/Apr/2022:06:38:47 +0200] "GET /kellogg-p-26369.html HTTP/1.0" 200 70852 "-" "Mozilla/5.0 (compatible; MJ12bot/v1.4.8; http://mj12bot.com/)"
95.217.207.61 - - [14/Apr/2022:06:38:48 +0200] "GET /duck-umbrella-p-28776.html HTTP/1.0" 301 70875 "-" "Mozilla/5.0 (compatible; MJ12bot/v1.4.8; http://mj12bot.com/)"
204.12.197.234 - - [14/Apr/2022:06:38:50 +0200] "GET /kitten-cardboard-box-mod-p-27643.html HTTP/1.0" 301 73736 "-" "Mozilla/5.0 (compatible; MJ12bot/v1.4.8; http://mj12bot.com/)"
157.90.177.217 - - [14/Apr/2022:06:38:50 +0200] "GET /door-plate-restroom-p-57143.html HTTP/1.0" 200 74089 "-" "Mozilla/5.0 (compatible; BLEXBot/1.0; +http://webmeup-crawler.com/)"
95.217.207.61 - - [14/Apr/2022:06:38:50 +0200] "GET /-p-28776.html HTTP/1.0" 200 70808 "-" "Mozilla/5.0 (compatible; MJ12bot/v1.4.8; http://mj12bot.com/)"
204.12.197.234 - - [14/Apr/2022:06:38:53 +0200] "GET /kitten-cardboard-p-27643.html HTTP/1.0" 200 73653 "-" "Mozilla/5.0 (compatible; MJ12bot/v1.4.8; http://mj12bot.com/)"
95.217.207.61 - - [14/Apr/2022:06:38:55 +0200] "GET /duffy-duck-suitcase-55-cm-p-29815.html HTTP/1.0" 301 70875 "-" "Mozilla/5.0 (compatible; MJ12bot/v1.4.8; http://mj12bot.com/)"
204.12.197.234 - - [14/Apr/2022:06:38:56 +0200] "GET /kitten-cardboard-p-27643.html HTTP/1.0" 200 73653 "-" "Mozilla/5.0 (compatible; MJ12bot/v1.4.8; http://mj12bot.com/)"
157.90.177.217 - - [14/Apr/2022:06:38:56 +0200] "GET /doormat-arabic-panama-p-50709.html HTTP/1.0" 200 74590 "-" "Mozilla/5.0 (compatible; BLEXBot/1.0; +http://webmeup-crawler.com/)"
95.217.207.61 - - [14/Apr/2022:06:38:58 +0200] "GET /-p-29815.html HTTP/1.0" 200 70808 "-" "Mozilla/5.0 (compatible; MJ12bot/v1.4.8; http://mj12bot.com/)"
204.12.197.234 - - [14/Apr/2022:06:38:59 +0200] "GET /kothai-union-jack-alarm-clock-p-13750.html HTTP/1.0" 200 73642 "-" "Mozilla/5.0 (compatible; MJ12bot/v1.4.8; http://mj12bot.com/)"
204.12.197.234 - - [14/Apr/2022:06:39:02 +0200] "GET /laissez-lucie-faire-card-holders-p-29299.html HTTP/1.0" 200 70959 "-" "Mozilla/5.0 (compatible; MJ12bot/v1.4.8; http://mj12bot.com/)"
157.90.177.217 - - [14/Apr/2022:06:39:03 +0200] "GET /doormat-dogs-p-53698.html HTTP/1.0" 200 74230 "-" "Mozilla/5.0 (compatible; BLEXBot/1.0; +http://webmeup-crawler.com/)"
204.12.197.234 - - [14/Apr/2022:06:39:05 +0200] "GET /laissez-lucie-faire-card-holders-p-29300.html HTTP/1.0" 200 70959 "-" "Mozilla/5.0 (compatible; MJ12bot/v1.4.8; http://mj12bot.com/)"
54.36.148.243 - - [14/Apr/2022:06:39:05 +0200] "GET /star-wars-darth-vader-gobelet-p-15965.html HTTP/1.0" 200 74015 "-" "Mozilla/5.0 (compatible; AhrefsBot/7.0; +http://ahrefs.com/robot/)"
157.90.177.217 - - [14/Apr/2022:06:39:07 +0200] "GET /doormat-welcome-dogs-p-52141.html HTTP/1.0" 200 74309 "-" "Mozilla/5.0 (compatible; BLEXBot/1.0; +http://webmeup-crawler.com/)"
204.12.197.234 - - [14/Apr/2022:06:39:08 +0200] "GET /laissez-lucie-faire-card-holders-p-29301.html HTTP/1.0" 200 70959 "-" "Mozilla/5.0 (compatible; MJ12bot/v1.4.8; http://mj12bot.com/)"
95.217.207.61 - - [14/Apr/2022:06:39:09 +0200] "GET /duke-mug-p-22548.html HTTP/1.0" 301 70875 "-" "Mozilla/5.0 (compatible; MJ12bot/v1.4.8; http://mj12bot.com/)"
204.12.197.234 - - [14/Apr/2022:06:39:11 +0200] "GET /laissez-lucie-faire-card-holders-p-29303.html HTTP/1.0" 200 70959 "-" "Mozilla/5.0 (compatible; MJ12bot/v1.4.8; http://mj12bot.com/)"
157.90.177.217 - - [14/Apr/2022:06:39:11 +0200] "GET /doormats-entrance-carpets-c-11_269_266.html?page=2 HTTP/1.0" 200 92288 "-" "Mozilla/5.0 (compatible; BLEXBot/1.0; +http://webmeup-crawler.com/)"
95.217.207.61 - - [14/Apr/2022:06:39:15 +0200] "GET /-p-22548.html HTTP/1.0" 200 70808 "-" "Mozilla/5.0 (compatible; MJ12bot/v1.4.8; http://mj12bot.com/)"
204.12.197.234 - - [14/Apr/2022:06:39:14 +0200] "GET /laissez-lucie-faire-paris-p-31090.html HTTP/1.0" 200 73483 "-" "Mozilla/5.0 (compatible; MJ12bot/v1.4.8; http://mj12bot.com/)"
157.90.177.217 - - [14/Apr/2022:06:39:16 +0200] "GET /doormats-entrance-carpets-c-11_269_266.html?page=3 HTTP/1.0" 200 91543 "-" "Mozilla/5.0 (compatible; BLEXBot/1.0; +http://webmeup-crawler.com/)"
204.12.197.234 - - [14/Apr/2022:06:39:18 +0200] "GET /laissez-lucie-faire-purse-clip-closure-p-29316.html HTTP/1.0" 200 70989 "-" "Mozilla/5.0 (compatible; MJ12bot/v1.4.8; http://mj12bot.com/)"
204.12.197.234 - - [14/Apr/2022:06:39:21 +0200] "GET /large-box-retro-metal-garage-p-28512.html HTTP/1.0" 301 70875 "-" "Mozilla/5.0 (compatible; MJ12bot/v1.4.8; http://mj12bot.com/)"
157.90.177.217 - - [14/Apr/2022:06:39:21 +0200] "GET /doormats-entrance-carpets-c-11_269_266.html?page=4 HTTP/1.0" 200 82016 "-" "Mozilla/5.0 (compatible; BLEXBot/1.0; +http://webmeup-crawler.com/)"
204.12.197.234 - - [14/Apr/2022:06:39:24 +0200] "GET /-p-28512.html HTTP/1.0" 200 70808 "-" "Mozilla/5.0 (compatible; MJ12bot/v1.4.8; http://mj12bot.com/)"
95.217.207.61 - - [14/Apr/2022:06:39:24 +0200] "GET /dumbo-hanging-ornament-figure-collection-p-14708.html HTTP/1.0" 301 70875 "-" "Mozilla/5.0 (compatible; MJ12bot/v1.4.8; http://mj12bot.com/)"
157.90.177.217 - - [14/Apr/2022:06:39:26 +0200] "GET /dora-explorater-vertical-wall-light-glass-p-18755.html HTTP/1.0" 200 73936 "-" "Mozilla/5.0 (compatible; BLEXBot/1.0; +http://webmeup-crawler.com/)"
204.12.197.234 - - [14/Apr/2022:06:39:27 +0200] "GET /large-cabas-p-43426.html HTTP/1.0" 200 73410 "-" "Mozilla/5.0 (compatible; MJ12bot/v1.4.8; http://mj12bot.com/)"
95.217.207.61 - - [14/Apr/2022:06:39:27 +0200] "GET /-p-14708.html HTTP/1.0" 200 70808 "-" "Mozilla/5.0 (compatible; MJ12bot/v1.4.8; http://mj12bot.com/)"
117.148.130.28 - - [14/Apr/2022:06:39:29 +0200] "GET /images/mini_prod/3665269098853.jpg HTTP/1.0" 200 269 "-" "Mozilla/5.0 (Windows NT 10.0; WOW64) AppleWebKit/537.36 (KHTML, like Gecko) Chrome/90.0.4430.212 Safari/537.36"
185.191.171.16 - - [14/Apr/2022:06:39:29 +0200] "GET /citron-cv-collection-large-metal-plate-deco-p-37106.html HTTP/1.0" 301 71124 "-" "Mozilla/5.0 (compatible; SemrushBot/7~bl; +http://www.semrush.com/bot.html)"
204.12.197.234 - - [14/Apr/2022:06:39:30 +0200] "GET /large-candle-christmas-night-p-42619.html HTTP/1.0" 200 70957 "-" "Mozilla/5.0 (compatible; MJ12bot/v1.4.8; http://mj12bot.com/)"
117.148.130.28 - - [14/Apr/2022:06:39:33 +0200] "GET /images/mini_prod/1399984263624.jpg HTTP/1.0" 200 269 "-" "Mozilla/5.0 (Windows NT 10.0; WOW64) AppleWebKit/537.36 (KHTML, like Gecko) Chrome/90.0.4430.212 Safari/537.36"
185.191.171.8 - - [14/Apr/2022:06:39:32 +0200] "GET /citron-collection-large-metal-plate-deco-p-37106.html HTTP/1.0" 200 71017 "-" "Mozilla/5.0 (compatible; SemrushBot/7~bl; +http://www.semrush.com/bot.html)"
157.90.177.217 - - [14/Apr/2022:06:39:32 +0200] "GET /dora-explorer-baby-p-2403.html HTTP/1.0" 200 73344 "-" "Mozilla/5.0 (compatible; BLEXBot/1.0; +http://webmeup-crawler.com/)"
204.12.197.234 - - [14/Apr/2022:06:39:33 +0200] "GET /large-candle-hours-christmas-cupcake-p-33007.html HTTP/1.0" 200 74817 "-" "Mozilla/5.0 (compatible; MJ12bot/v1.4.8; http://mj12bot.com/)"
95.217.207.61 - - [14/Apr/2022:06:39:35 +0200] "GET /dusty-planes-lunchbox-p-25071.html HTTP/1.0" 301 70875 "-" "Mozilla/5.0 (compatible; MJ12bot/v1.4.8; http://mj12bot.com/)"
157.90.177.217 - - [14/Apr/2022:06:39:36 +0200] "GET /dora-explorer-ceiling-light-p-18707.html HTTP/1.0" 200 73892 "-" "Mozilla/5.0 (compatible; BLEXBot/1.0; +http://webmeup-crawler.com/)"
204.12.197.234 - - [14/Apr/2022:06:39:37 +0200] "GET /large-elmer-training-bottle-p-15257.html HTTP/1.0" 200 70934 "-" "Mozilla/5.0 (compatible; MJ12bot/v1.4.8; http://mj12bot.com/)"
117.148.130.28 - - [14/Apr/2022:06:39:38 +0200] "GET /images/mini_prod/5052282086024.jpg HTTP/1.0" 200 269 "-" "Mozilla/5.0 (Windows NT 10.0; WOW64) AppleWebKit/537.36 (KHTML, like Gecko) Chrome/90.0.4430.212 Safari/537.36"
95.217.207.61 - - [14/Apr/2022:06:39:38 +0200] "GET /-p-25071.html HTTP/1.0" 200 70808 "-" "Mozilla/5.0 (compatible; MJ12bot/v1.4.8; http://mj12bot.com/)"
117.148.130.28 - - [14/Apr/2022:06:39:41 +0200] "GET /images/mini_prod/3665269129731.jpg HTTP/1.0" 200 269 "-" "Mozilla/5.0 (Windows NT 10.0; WOW64) AppleWebKit/537.36 (KHTML, like Gecko) Chrome/90.0.4430.212 Safari/537.36"
204.12.197.234 - - [14/Apr/2022:06:39:40 +0200] "GET /large-graphic-tray-43-cm-p-44934.html HTTP/1.0" 301 70992 "-" "Mozilla/5.0 (compatible; MJ12bot/v1.4.8; http://mj12bot.com/)"
157.90.177.217 - - [14/Apr/2022:06:39:41 +0200] "GET /dora-explorer-flowers-poster-p-32302.html HTTP/1.0" 200 73529 "-" "Mozilla/5.0 (compatible; BLEXBot/1.0; +http://webmeup-crawler.com/)"
117.148.130.28 - - [14/Apr/2022:06:39:42 +0200] "GET /images/mini_prod/3665269065916d.jpg HTTP/1.0" 200 270 "-" "Mozilla/5.0 (Windows NT 10.0; WOW64) AppleWebKit/537.36 (KHTML, like Gecko) Chrome/90.0.4430.212 Safari/537.36"
204.12.197.234 - - [14/Apr/2022:06:39:43 +0200] "GET /large-graphic-tray-p-44934.html HTTP/1.0" 200 70907 "-" "Mozilla/5.0 (compatible; MJ12bot/v1.4.8; http://mj12bot.com/)"
117.148.130.28 - - [14/Apr/2022:06:39:44 +0200] "GET /images/mini_prod/1399984263792.jpg HTTP/1.0" 200 269 "-" "Mozilla/5.0 (Windows NT 10.0; WOW64) AppleWebKit/537.36 (KHTML, like Gecko) Chrome/90.0.4430.212 Safari/537.36"
117.148.130.28 - - [14/Apr/2022:06:39:47 +0200] "GET /images/mini_prod/3665269156546.jpg HTTP/1.0" 200 269 "-" "Mozilla/5.0 (Windows NT 10.0; WOW64) AppleWebKit/537.36 (KHTML, like Gecko) Chrome/90.0.4430.212 Safari/537.36"
204.12.197.234 - - [14/Apr/2022:06:39:46 +0200] "GET /large-graphic-tray-p-44934.html HTTP/1.0" 200 70907 "-" "Mozilla/5.0 (compatible; MJ12bot/v1.4.8; http://mj12bot.com/)"
157.90.177.217 - - [14/Apr/2022:06:39:46 +0200] "GET /dora-explorer-laces-p-22273.html HTTP/1.0" 200 73363 "-" "Mozilla/5.0 (compatible; BLEXBot/1.0; +http://webmeup-crawler.com/)"
117.148.130.28 - - [14/Apr/2022:06:39:48 +0200] "GET /images/mini_prod/J1399984249246.jpg HTTP/1.0" 200 270 "-" "Mozilla/5.0 (Windows NT 10.0; WOW64) AppleWebKit/537.36 (KHTML, like Gecko) Chrome/90.0.4430.212 Safari/537.36"
117.148.130.28 - - [14/Apr/2022:06:39:49 +0200] "GET /images/mini_prod/1300010236918.jpg HTTP/1.0" 200 269 "-" "Mozilla/5.0 (Windows NT 10.0; WOW64) AppleWebKit/537.36 (KHTML, like Gecko) Chrome/90.0.4430.212 Safari/537.36"
95.217.207.61 - - [14/Apr/2022:06:39:46 +0200] "GET /elephant-golden-and-encrusted-mirrors-statuette-p-37583.html HTTP/1.0" 301 71136 "-" "Mozilla/5.0 (compatible; MJ12bot/v1.4.8; http://mj12bot.com/)"
117.148.130.28 - - [14/Apr/2022:06:39:50 +0200] "GET /images/mini_prod/5052282085973.jpg HTTP/1.0" 200 269 "-" "Mozilla/5.0 (Windows NT 10.0; WOW64) AppleWebKit/537.36 (KHTML, like Gecko) Chrome/90.0.4430.212 Safari/537.36"
204.12.197.234 - - [14/Apr/2022:06:39:49 +0200] "GET /large-jar-candle-70-hours-christmas-cupcake-p-33007.html HTTP/1.0" 301 74920 "-" "Mozilla/5.0 (compatible; MJ12bot/v1.4.8; http://mj12bot.com/)"
117.148.130.28 - - [14/Apr/2022:06:39:51 +0200] "GET /images/mini_prod/J1399984249239J.jpg HTTP/1.0" 200 271 "-" "Mozilla/5.0 (Windows NT 10.0; WOW64) AppleWebKit/537.36 (KHTML, like Gecko) Chrome/90.0.4430.212 Safari/537.36"
95.217.207.61 - - [14/Apr/2022:06:39:50 +0200] "GET /elephant-golden-encrusted-mirrors-statuette-p-37583.html HTTP/1.0" 200 71026 "-" "Mozilla/5.0 (compatible; MJ12bot/v1.4.8; http://mj12bot.com/)"
117.148.130.28 - - [14/Apr/2022:06:39:52 +0200] "GET /images/mini_prod/1399984263600.jpg HTTP/1.0" 200 269 "-" "Mozilla/5.0 (Windows NT 10.0; WOW64) AppleWebKit/537.36 (KHTML, like Gecko) Chrome/90.0.4430.212 Safari/537.36"
157.90.177.217 - - [14/Apr/2022:06:39:50 +0200] "GET /dora-explorer-laces-p-22274.html HTTP/1.0" 200 73362 "-" "Mozilla/5.0 (compatible; BLEXBot/1.0; +http://webmeup-crawler.com/)"
117.148.130.28 - - [14/Apr/2022:06:39:52 +0200] "GET /images/mini_prod/8422095290012.jpg HTTP/1.0" 200 269 "-" "Mozilla/5.0 (Windows NT 10.0; WOW64) AppleWebKit/537.36 (KHTML, like Gecko) Chrome/90.0.4430.212 Safari/537.36"
117.148.130.28 - - [14/Apr/2022:06:39:52 +0200] "GET /images/mini_prod/3574386800389.jpg HTTP/1.0" 200 269 "-" "Mozilla/5.0 (Windows NT 10.0; WOW64) AppleWebKit/537.36 (KHTML, like Gecko) Chrome/90.0.4430.212 Safari/537.36"
