157.90.177.217 - - [14/Apr/2022:05:35:05 +0200] "GET /angry-birds-pencil-p-19131.html HTTP/1.0" 200 73642 "-" "Mozilla/5.0 (compatible; BLEXBot/1.0; +http://webmeup-crawler.com/)"
192.99.14.135 - - [14/Apr/2022:05:35:08 +0200] "GET /care-bear-pyjama-party-plush-20-cm-p-37296.html HTTP/1.0" 301 70875 "-" "Mozilla/5.0 (compatible; MJ12bot/v1.4.8; http://mj12bot.com/)"
157.90.177.217 - - [14/Apr/2022:05:35:08 +0200] "GET /bench-stool-p-57164.html HTTP/1.0" 200 74241 "-" "Mozilla/5.0 (compatible; BLEXBot/1.0; +http://webmeup-crawler.com/)"
157.90.177.217 - - [14/Apr/2022:05:35:10 +0200] "GET /angry-birds-pencil-sharpener-bright-p-19141.html HTTP/1.0" 200 73871 "-" "Mozilla/5.0 (compatible; BLEXBot/1.0; +http://webmeup-crawler.com/)"
192.99.14.135 - - [14/Apr/2022:05:35:10 +0200] "GET /-p-37296.html HTTP/1.0" 200 70808 "-" "Mozilla/5.0 (compatible; MJ12bot/v1.4.8; http://mj12bot.com/)"
192.99.14.135 - - [14/Apr/2022:05:35:13 +0200] "GET /carlin-cushion-p-28910.html HTTP/1.0" 301 70875 "-" "Mozilla/5.0 (compatible; MJ12bot/v1.4.8; http://mj12bot.com/)"
157.90.177.217 - - [14/Apr/2022:05:35:16 +0200] "GET /bench-stool-p-57165.html HTTP/1.0" 200 74159 "-" "Mozilla/5.0 (compatible; BLEXBot/1.0; +http://webmeup-crawler.com/)"
185.191.171.22 - - [14/Apr/2022:05:35:16 +0200] "GET /elephant-small-melamine-tray-p-55877.html?action=add_product HTTP/1.0" 302 476 "-" "Mozilla/5.0 (compatible; SemrushBot/7~bl; +http://www.semrush.com/bot.html)"
192.99.14.135 - - [14/Apr/2022:05:35:16 +0200] "GET /-p-28910.html HTTP/1.0" 200 70808 "-" "Mozilla/5.0 (compatible; MJ12bot/v1.4.8; http://mj12bot.com/)"
157.90.177.217 - - [14/Apr/2022:05:35:16 +0200] "GET /angry-birds-sports-p-29472.html HTTP/1.0" 200 73679 "-" "Mozilla/5.0 (compatible; BLEXBot/1.0; +http://webmeup-crawler.com/)"
192.99.14.135 - - [14/Apr/2022:05:35:21 +0200] "GET /carlin-decorative-statue-30-cm-p-37481.html HTTP/1.0" 301 71028 "-" "Mozilla/5.0 (compatible; MJ12bot/v1.4.8; http://mj12bot.com/)"
157.90.177.217 - - [14/Apr/2022:05:35:22 +0200] "GET /bench-stool-p-57166.html HTTP/1.0" 200 74241 "-" "Mozilla/5.0 (compatible; BLEXBot/1.0; +http://webmeup-crawler.com/)"
192.99.14.135 - - [14/Apr/2022:05:35:24 +0200] "GET /carlin-decorative-statue-p-37481.html HTTP/1.0" 200 70937 "-" "Mozilla/5.0 (compatible; MJ12bot/v1.4.8; http://mj12bot.com/)"
157.90.177.217 - - [14/Apr/2022:05:35:24 +0200] "GET /angry-birds-umbrella-p-19091.html HTTP/1.0" 200 73343 "-" "Mozilla/5.0 (compatible; BLEXBot/1.0; +http://webmeup-crawler.com/)"
157.90.177.217 - - [14/Apr/2022:05:35:26 +0200] "GET /berlin-curry-headrest-cushion-p-54642.html HTTP/1.0" 200 74186 "-" "Mozilla/5.0 (compatible; BLEXBot/1.0; +http://webmeup-crawler.com/)"
192.99.14.135 - - [14/Apr/2022:05:35:26 +0200] "GET /carlin-decorative-statue-p-37481.html HTTP/1.0" 200 70937 "-" "Mozilla/5.0 (compatible; MJ12bot/v1.4.8; http://mj12bot.com/)"
157.90.177.217 - - [14/Apr/2022:05:35:29 +0200] "GET /angry-birds-wallet-p-19173.html HTTP/1.0" 200 73660 "-" "Mozilla/5.0 (compatible; BLEXBot/1.0; +http://webmeup-crawler.com/)"
192.99.14.135 - - [14/Apr/2022:05:35:31 +0200] "GET /carlin-dog-cushion-xl-p-28910.html HTTP/1.0" 301 70875 "-" "Mozilla/5.0 (compatible; MJ12bot/v1.4.8; http://mj12bot.com/)"
157.90.177.217 - - [14/Apr/2022:05:35:31 +0200] "GET /best-breakfast-cutting-board-p-40645.html HTTP/1.0" 200 73556 "-" "Mozilla/5.0 (compatible; BLEXBot/1.0; +http://webmeup-crawler.com/)"
157.90.177.217 - - [14/Apr/2022:05:35:33 +0200] "GET /animals-alarm-clock-cbkreation-p-43810.html HTTP/1.0" 200 73597 "-" "Mozilla/5.0 (compatible; BLEXBot/1.0; +http://webmeup-crawler.com/)"
192.99.14.135 - - [14/Apr/2022:05:35:34 +0200] "GET /-p-28910.html HTTP/1.0" 200 70808 "-" "Mozilla/5.0 (compatible; MJ12bot/v1.4.8; http://mj12bot.com/)"
157.90.177.217 - - [14/Apr/2022:05:35:35 +0200] "GET /best-summer-mono-wooden-hook-p-37236.html HTTP/1.0" 200 73599 "-" "Mozilla/5.0 (compatible; BLEXBot/1.0; +http://webmeup-crawler.com/)"
192.99.14.135 - - [14/Apr/2022:05:35:37 +0200] "GET /cars-3d-placemat-p-22495.html HTTP/1.0" 301 73524 "-" "Mozilla/5.0 (compatible; MJ12bot/v1.4.8; http://mj12bot.com/)"
157.90.177.217 - - [14/Apr/2022:05:35:37 +0200] "GET /animals-alarm-clock-cbkreation-p-43811.html HTTP/1.0" 200 73597 "-" "Mozilla/5.0 (compatible; BLEXBot/1.0; +http://webmeup-crawler.com/)"
192.99.14.135 - - [14/Apr/2022:05:35:40 +0200] "GET /cars-placemat-p-22495.html HTTP/1.0" 200 73444 "-" "Mozilla/5.0 (compatible; MJ12bot/v1.4.8; http://mj12bot.com/)"
157.90.177.217 - - [14/Apr/2022:05:35:41 +0200] "GET /best-summer-pink-metal-tray-p-39378.html HTTP/1.0" 200 73606 "-" "Mozilla/5.0 (compatible; BLEXBot/1.0; +http://webmeup-crawler.com/)"
157.90.177.217 - - [14/Apr/2022:05:35:42 +0200] "GET /animals-alarm-clock-cbkreation-p-43812.html HTTP/1.0" 200 73597 "-" "Mozilla/5.0 (compatible; BLEXBot/1.0; +http://webmeup-crawler.com/)"
192.99.14.135 - - [14/Apr/2022:05:35:44 +0200] "GET /cars-apron-and-chef-hat-p-27549.html HTTP/1.0" 301 70956 "-" "Mozilla/5.0 (compatible; MJ12bot/v1.4.8; http://mj12bot.com/)"
157.90.177.217 - - [14/Apr/2022:05:35:45 +0200] "GET /best-summer-yellow-metal-tray-p-39379.html HTTP/1.0" 200 73622 "-" "Mozilla/5.0 (compatible; BLEXBot/1.0; +http://webmeup-crawler.com/)"
157.90.177.217 - - [14/Apr/2022:05:35:46 +0200] "GET /anna-poster-p-30914.html HTTP/1.0" 200 73353 "-" "Mozilla/5.0 (compatible; BLEXBot/1.0; +http://webmeup-crawler.com/)"
192.99.14.135 - - [14/Apr/2022:05:35:48 +0200] "GET /cars-apron-chef-p-27549.html HTTP/1.0" 200 70874 "-" "Mozilla/5.0 (compatible; MJ12bot/v1.4.8; http://mj12bot.com/)"
185.191.171.9 - - [14/Apr/2022:05:35:50 +0200] "GET /decorative-metal-plate-cbkreation-p-57172.html HTTP/1.0" 200 73560 "-" "Mozilla/5.0 (compatible; SemrushBot/7~bl; +http://www.semrush.com/bot.html)"
192.99.14.135 - - [14/Apr/2022:05:35:51 +0200] "GET /cars-apron-chef-p-27549.html HTTP/1.0" 200 70874 "-" "Mozilla/5.0 (compatible; MJ12bot/v1.4.8; http://mj12bot.com/)"
95.163.255.129 - - [14/Apr/2022:05:35:54 +0200] "GET /robots.txt HTTP/1.0" 301 531 "-" "Mozilla/5.0 (compatible; Linux x86_64; Mail.RU_Bot/Img/2.0; +http://go.mail.ru/help/robots)"
157.90.177.217 - - [14/Apr/2022:05:35:52 +0200] "GET /betty-boop-ashtray-p-27177.html HTTP/1.0" 200 73423 "-" "Mozilla/5.0 (compatible; BLEXBot/1.0; +http://webmeup-crawler.com/)"
157.90.177.217 - - [14/Apr/2022:05:35:55 +0200] "GET /annabelle-bedclothes-p-55164.html HTTP/1.0" 200 74172 "-" "Mozilla/5.0 (compatible; BLEXBot/1.0; +http://webmeup-crawler.com/)"
192.99.14.135 - - [14/Apr/2022:05:35:56 +0200] "GET /cars-black-sweatshirts-zip-p-31319.html HTTP/1.0" 301 70875 "-" "Mozilla/5.0 (compatible; MJ12bot/v1.4.8; http://mj12bot.com/)"
157.90.177.217 - - [14/Apr/2022:05:35:58 +0200] "GET /betty-boop-ashtray-p-27178.html HTTP/1.0" 200 73423 "-" "Mozilla/5.0 (compatible; BLEXBot/1.0; +http://webmeup-crawler.com/)"
192.99.14.135 - - [14/Apr/2022:05:36:00 +0200] "GET /-p-31319.html HTTP/1.0" 200 70808 "-" "Mozilla/5.0 (compatible; MJ12bot/v1.4.8; http://mj12bot.com/)"
95.163.255.140 - - [14/Apr/2022:05:36:02 +0200] "GET /images/1399984252567.jpg HTTP/1.0" 301 559 "http://go.mail.ru/search_images" "Mozilla/5.0 (compatible; Linux x86_64; Mail.RU_Bot/Img/2.0; +http://go.mail.ru/help/robots)"
157.90.177.217 - - [14/Apr/2022:05:36:00 +0200] "GET /anthracite-polyester-round-chair-cushion-p-47041.html HTTP/1.0" 200 74218 "-" "Mozilla/5.0 (compatible; BLEXBot/1.0; +http://webmeup-crawler.com/)"
192.99.14.135 - - [14/Apr/2022:05:36:03 +0200] "GET /cars-cap-blue-48-cm-p-22952.html HTTP/1.0" 301 70875 "-" "Mozilla/5.0 (compatible; MJ12bot/v1.4.8; http://mj12bot.com/)"
157.90.177.217 - - [14/Apr/2022:05:36:03 +0200] "GET /betty-boop-ashtray-p-27179.html HTTP/1.0" 200 73423 "-" "Mozilla/5.0 (compatible; BLEXBot/1.0; +http://webmeup-crawler.com/)"
223.39.191.66 - - [14/Apr/2022:05:36:07 +0200] "GET /images/mini_prod/3660173143606.jpg HTTP/1.0" 200 269 "-" "Mozilla/5.0 (X11; Ubuntu; Linux x86_64; rv:72.0) Gecko/20100101 Firefox/72.0"
192.99.14.135 - - [14/Apr/2022:05:36:06 +0200] "GET /-p-22952.html HTTP/1.0" 200 70808 "-" "Mozilla/5.0 (compatible; MJ12bot/v1.4.8; http://mj12bot.com/)"
157.90.177.217 - - [14/Apr/2022:05:36:06 +0200] "GET /anti-mite-pillow-p-41116.html HTTP/1.0" 200 73607 "-" "Mozilla/5.0 (compatible; BLEXBot/1.0; +http://webmeup-crawler.com/)"
185.191.171.39 - - [14/Apr/2022:05:36:07 +0200] "GET /decorative-useful-klimt-p-52200.html?action=add_product HTTP/1.0" 302 476 "-" "Mozilla/5.0 (compatible; SemrushBot/7~bl; +http://www.semrush.com/bot.html)"
157.90.177.217 - - [14/Apr/2022:05:36:08 +0200] "GET /betty-boop-ashtray-p-27180.html HTTP/1.0" 200 74668 "-" "Mozilla/5.0 (compatible; BLEXBot/1.0; +http://webmeup-crawler.com/)"
192.99.14.135 - - [14/Apr/2022:05:36:09 +0200] "GET /cars-crate-toys-p-27146.html HTTP/1.0" 301 70875 "-" "Mozilla/5.0 (compatible; MJ12bot/v1.4.8; http://mj12bot.com/)"
157.90.177.217 - - [14/Apr/2022:05:36:12 +0200] "GET /anti-rfid-card-holder-cards-anthracite-p-50171.html HTTP/1.0" 200 74817 "-" "Mozilla/5.0 (compatible; BLEXBot/1.0; +http://webmeup-crawler.com/)"
192.99.14.135 - - [14/Apr/2022:05:36:13 +0200] "GET /-p-27146.html HTTP/1.0" 200 70808 "-" "Mozilla/5.0 (compatible; MJ12bot/v1.4.8; http://mj12bot.com/)"
157.90.177.217 - - [14/Apr/2022:05:36:13 +0200] "GET /betty-boop-beauty-nail-p-37041.html HTTP/1.0" 200 73709 "-" "Mozilla/5.0 (compatible; BLEXBot/1.0; +http://webmeup-crawler.com/)"
192.99.14.135 - - [14/Apr/2022:05:36:16 +0200] "GET /cars-cushion-p-25907.html HTTP/1.0" 301 70875 "-" "Mozilla/5.0 (compatible; MJ12bot/v1.4.8; http://mj12bot.com/)"
157.90.177.217 - - [14/Apr/2022:05:36:16 +0200] "GET /anti-rfid-card-holder-cards-anthracite-p-50172.html HTTP/1.0" 200 74813 "-" "Mozilla/5.0 (compatible; BLEXBot/1.0; +http://webmeup-crawler.com/)"
157.90.177.217 - - [14/Apr/2022:05:36:18 +0200] "GET /betty-boop-glove-child-p-22126.html HTTP/1.0" 200 77761 "-" "Mozilla/5.0 (compatible; BLEXBot/1.0; +http://webmeup-crawler.com/)"
192.99.14.135 - - [14/Apr/2022:05:36:19 +0200] "GET /-p-25907.html HTTP/1.0" 200 70808 "-" "Mozilla/5.0 (compatible; MJ12bot/v1.4.8; http://mj12bot.com/)"
95.163.255.121 - - [14/Apr/2022:05:36:22 +0200] "GET /robots.txt HTTP/1.0" 200 245 "-" "Mozilla/5.0 (compatible; Linux x86_64; Mail.RU_Bot/Img/2.0; +http://go.mail.ru/help/robots)"
157.90.177.217 - - [14/Apr/2022:05:36:21 +0200] "GET /anti-rfid-card-holder-cards-anthracite-p-50173.html HTTP/1.0" 200 74816 "-" "Mozilla/5.0 (compatible; BLEXBot/1.0; +http://webmeup-crawler.com/)"
192.99.14.135 - - [14/Apr/2022:05:36:22 +0200] "GET /cars-cushion-p-31712.html HTTP/1.0" 301 70875 "-" "Mozilla/5.0 (compatible; MJ12bot/v1.4.8; http://mj12bot.com/)"
157.90.177.217 - - [14/Apr/2022:05:36:23 +0200] "GET /betty-boop-mobile-sock-p-32844.html HTTP/1.0" 200 73634 "-" "Mozilla/5.0 (compatible; BLEXBot/1.0; +http://webmeup-crawler.com/)"
192.99.14.135 - - [14/Apr/2022:05:36:25 +0200] "GET /-p-31712.html HTTP/1.0" 200 70808 "-" "Mozilla/5.0 (compatible; MJ12bot/v1.4.8; http://mj12bot.com/)"
157.90.177.217 - - [14/Apr/2022:05:36:26 +0200] "GET /anti-rfid-card-holder-cards-gold-p-50166.html HTTP/1.0" 200 74770 "-" "Mozilla/5.0 (compatible; BLEXBot/1.0; +http://webmeup-crawler.com/)"
192.99.14.135 - - [14/Apr/2022:05:36:28 +0200] "GET /cars-francesco-figure-p-11108.html HTTP/1.0" 200 70904 "-" "Mozilla/5.0 (compatible; MJ12bot/v1.4.8; http://mj12bot.com/)"
157.90.177.217 - - [14/Apr/2022:05:36:29 +0200] "GET /betty-boop-mobile-sock-p-32845.html HTTP/1.0" 200 73634 "-" "Mozilla/5.0 (compatible; BLEXBot/1.0; +http://webmeup-crawler.com/)"
157.90.177.217 - - [14/Apr/2022:05:36:30 +0200] "GET /anti-rfid-card-holder-cards-gold-p-50167.html HTTP/1.0" 200 74772 "-" "Mozilla/5.0 (compatible; BLEXBot/1.0; +http://webmeup-crawler.com/)"
192.99.14.135 - - [14/Apr/2022:05:36:31 +0200] "GET /cars-grey-blue-shirt-size-years-p-23590.html HTTP/1.0" 301 70875 "-" "Mozilla/5.0 (compatible; MJ12bot/v1.4.8; http://mj12bot.com/)"
95.163.255.198 - - [14/Apr/2022:05:36:34 +0200] "GET /images/1399984252567.jpg HTTP/1.0" 200 259 "http://wonder-geek.com/images/1399984252567.jpg" "Mozilla/5.0 (compatible; Linux x86_64; Mail.RU_Bot/Img/2.0; +http://go.mail.ru/help/robots)"
192.99.14.135 - - [14/Apr/2022:05:36:34 +0200] "GET /-p-23590.html HTTP/1.0" 200 70808 "-" "Mozilla/5.0 (compatible; MJ12bot/v1.4.8; http://mj12bot.com/)"
157.90.177.217 - - [14/Apr/2022:05:36:34 +0200] "GET /betty-boop-mtal-ashtray-biker-p-36139.html HTTP/1.0" 200 73535 "-" "Mozilla/5.0 (compatible; BLEXBot/1.0; +http://webmeup-crawler.com/)"
157.90.177.217 - - [14/Apr/2022:05:36:35 +0200] "GET /anti-rfid-card-holder-cards-silver-p-50170.html HTTP/1.0" 200 74780 "-" "Mozilla/5.0 (compatible; BLEXBot/1.0; +http://webmeup-crawler.com/)"
192.99.14.135 - - [14/Apr/2022:05:36:38 +0200] "GET /cars-hook-figure-p-11099.html HTTP/1.0" 301 70875 "-" "Mozilla/5.0 (compatible; MJ12bot/v1.4.8; http://mj12bot.com/)"
157.90.177.217 - - [14/Apr/2022:05:36:39 +0200] "GET /betty-boop-mtal-ashtray-heartbreaker-p-36135.html HTTP/1.0" 200 73591 "-" "Mozilla/5.0 (compatible; BLEXBot/1.0; +http://webmeup-crawler.com/)"
157.90.177.217 - - [14/Apr/2022:05:36:40 +0200] "GET /apache-cushion-p-43011.html HTTP/1.0" 200 73534 "-" "Mozilla/5.0 (compatible; BLEXBot/1.0; +http://webmeup-crawler.com/)"
192.99.14.135 - - [14/Apr/2022:05:36:41 +0200] "GET /-p-11099.html HTTP/1.0" 200 70808 "-" "Mozilla/5.0 (compatible; MJ12bot/v1.4.8; http://mj12bot.com/)"
54.36.148.243 - - [14/Apr/2022:05:36:42 +0200] "GET /bamboo-retro-tray-allergique-matin-p-51686.html HTTP/1.0" 200 73576 "-" "Mozilla/5.0 (compatible; AhrefsBot/7.0; +http://ahrefs.com/robot/)"
157.90.177.217 - - [14/Apr/2022:05:36:44 +0200] "GET /betty-boop-mtal-ashtray-hussy-p-36136.html HTTP/1.0" 200 73535 "-" "Mozilla/5.0 (compatible; BLEXBot/1.0; +http://webmeup-crawler.com/)"
157.90.177.217 - - [14/Apr/2022:05:36:45 +0200] "GET /apache-women-watch-blue-dream-catcher-p-41560.html HTTP/1.0" 200 73751 "-" "Mozilla/5.0 (compatible; BLEXBot/1.0; +http://webmeup-crawler.com/)"
192.99.14.135 - - [14/Apr/2022:05:36:45 +0200] "GET /cars-hook-figure-p-19355.html HTTP/1.0" 200 70882 "-" "Mozilla/5.0 (compatible; MJ12bot/v1.4.8; http://mj12bot.com/)"
17.121.115.188 - - [14/Apr/2022:05:36:47 +0200] "GET /little-orange-moustache-ring-p-18700.html HTTP/1.0" 200 73937 "-" "Mozilla/5.0 (Macintosh; Intel Mac OS X 10_15_5) AppleWebKit/605.1.15 (KHTML, like Gecko) Version/13.1.1 Safari/605.1.15 (Applebot/0.1; +http://www.apple.com/go/applebot)"
157.90.177.217 - - [14/Apr/2022:05:36:49 +0200] "GET /betty-boop-mtal-ashtray-p-36134.html HTTP/1.0" 200 73475 "-" "Mozilla/5.0 (compatible; BLEXBot/1.0; +http://webmeup-crawler.com/)"
192.99.14.135 - - [14/Apr/2022:05:36:50 +0200] "GET /cars-lightning-mcqueen-suitcase-p-34802.html HTTP/1.0" 200 70954 "-" "Mozilla/5.0 (compatible; MJ12bot/v1.4.8; http://mj12bot.com/)"
157.90.177.217 - - [14/Apr/2022:05:36:51 +0200] "GET /apache-women-watch-blue-mandala-p-42981.html HTTP/1.0" 200 73679 "-" "Mozilla/5.0 (compatible; BLEXBot/1.0; +http://webmeup-crawler.com/)"
192.99.14.135 - - [14/Apr/2022:05:36:53 +0200] "GET /cars-lunchbox-p-31794.html HTTP/1.0" 200 70864 "-" "Mozilla/5.0 (compatible; MJ12bot/v1.4.8; http://mj12bot.com/)"
157.90.177.217 - - [14/Apr/2022:05:36:54 +0200] "GET /betty-boop-mtal-ashtray-peace-p-36138.html HTTP/1.0" 200 73535 "-" "Mozilla/5.0 (compatible; BLEXBot/1.0; +http://webmeup-crawler.com/)"
157.90.177.217 - - [14/Apr/2022:05:36:55 +0200] "GET /apache-women-watch-multicolor-buffalo-head-p-41563.html HTTP/1.0" 200 73804 "-" "Mozilla/5.0 (compatible; BLEXBot/1.0; +http://webmeup-crawler.com/)"
192.99.14.135 - - [14/Apr/2022:05:36:56 +0200] "GET /cars-metal-pencil-p-516.html HTTP/1.0" 200 73414 "-" "Mozilla/5.0 (compatible; MJ12bot/v1.4.8; http://mj12bot.com/)"
192.99.14.135 - - [14/Apr/2022:05:37:00 +0200] "GET /cars-pencil-case-p-19643.html HTTP/1.0" 200 70891 "-" "Mozilla/5.0 (compatible; MJ12bot/v1.4.8; http://mj12bot.com/)"
157.90.177.217 - - [14/Apr/2022:05:37:02 +0200] "GET /betty-boop-mtal-ashtray-stars-p-36137.html HTTP/1.0" 200 73535 "-" "Mozilla/5.0 (compatible; BLEXBot/1.0; +http://webmeup-crawler.com/)"
157.90.177.217 - - [14/Apr/2022:05:37:02 +0200] "GET /apache-women-watch-multicolor-dream-catcher-p-41561.html HTTP/1.0" 200 73799 "-" "Mozilla/5.0 (compatible; BLEXBot/1.0; +http://webmeup-crawler.com/)"
192.99.14.135 - - [14/Apr/2022:05:37:03 +0200] "GET /cars-placemat-p-22495.html HTTP/1.0" 200 73444 "-" "Mozilla/5.0 (compatible; MJ12bot/v1.4.8; http://mj12bot.com/)"
114.119.137.43 - - [14/Apr/2022:05:37:03 +0200] "GET /wooden-support-keys-p-52425.html HTTP/1.0" 200 73546 "-" "Mozilla/5.0 (Linux; Android 7.0;) AppleWebKit/537.36 (KHTML, like Gecko) Mobile Safari/537.36 (compatible; PetalBot;+https://webmaster.petalsearch.com/site/petalbot)"
157.90.177.217 - - [14/Apr/2022:05:37:06 +0200] "GET /betty-boop-photo-frame-p-17823.html HTTP/1.0" 200 73480 "-" "Mozilla/5.0 (compatible; BLEXBot/1.0; +http://webmeup-crawler.com/)"
192.99.14.135 - - [14/Apr/2022:05:37:07 +0200] "GET /cars-queen-figure-p-11109.html HTTP/1.0" 200 70893 "-" "Mozilla/5.0 (compatible; MJ12bot/v1.4.8; http://mj12bot.com/)"
157.90.177.217 - - [14/Apr/2022:05:37:07 +0200] "GET /apache-women-watch-multicolor-freedom-p-41562.html HTTP/1.0" 200 73757 "-" "Mozilla/5.0 (compatible; BLEXBot/1.0; +http://webmeup-crawler.com/)"
192.99.14.135 - - [14/Apr/2022:05:37:10 +0200] "GET /cars-table-stool-p-32606.html HTTP/1.0" 200 70891 "-" "Mozilla/5.0 (compatible; MJ12bot/v1.4.8; http://mj12bot.com/)"
157.90.177.217 - - [14/Apr/2022:05:37:11 +0200] "GET /betty-boop-photo-frame-p-17824.html HTTP/1.0" 200 73480 "-" "Mozilla/5.0 (compatible; BLEXBot/1.0; +http://webmeup-crawler.com/)"
157.90.177.217 - - [14/Apr/2022:05:37:13 +0200] "GET /apache-women-watch-pink-buffalo-head-p-42978.html HTTP/1.0" 200 73718 "-" "Mozilla/5.0 (compatible; BLEXBot/1.0; +http://webmeup-crawler.com/)"
192.99.14.135 - - [14/Apr/2022:05:37:13 +0200] "GET /cars-wastebasket-p-26765.html HTTP/1.0" 200 70879 "-" "Mozilla/5.0 (compatible; MJ12bot/v1.4.8; http://mj12bot.com/)"
5.164.193.102 - - [14/Apr/2022:05:37:17 +0200] "GET /images/mini_prod/5050293803975.jpg HTTP/1.0" 200 269 "-" "Mozilla/5.0 (X11; Ubuntu; Linux x86_64; rv:72.0) Gecko/20100101 Firefox/72.0"
157.90.177.217 - - [14/Apr/2022:05:37:16 +0200] "GET /betty-boop-stars-mobile-sock-p-18335.html HTTP/1.0" 200 73631 "-" "Mozilla/5.0 (compatible; BLEXBot/1.0; +http://webmeup-crawler.com/)"
192.99.14.135 - - [14/Apr/2022:05:37:16 +0200] "GET /casino-clock-cbkreation-p-28519.html HTTP/1.0" 200 73437 "-" "Mozilla/5.0 (compatible; MJ12bot/v1.4.8; http://mj12bot.com/)"
157.90.177.217 - - [14/Apr/2022:05:37:17 +0200] "GET /apero-recrute-metal-tray-p-53582.html HTTP/1.0" 200 74386 "-" "Mozilla/5.0 (compatible; BLEXBot/1.0; +http://webmeup-crawler.com/)"
192.99.14.135 - - [14/Apr/2022:05:37:20 +0200] "GET /cats-adult-apron-p-31411.html HTTP/1.0" 200 70879 "-" "Mozilla/5.0 (compatible; MJ12bot/v1.4.8; http://mj12bot.com/)"
157.90.177.217 - - [14/Apr/2022:05:37:23 +0200] "GET /beyblade-blue-swimsuit-p-30445.html HTTP/1.0" 200 74605 "-" "Mozilla/5.0 (compatible; BLEXBot/1.0; +http://webmeup-crawler.com/)"
192.99.14.135 - - [14/Apr/2022:05:37:23 +0200] "GET /cats-cup-and-saucer-ceramic-p-37470.html HTTP/1.0" 301 70976 "-" "Mozilla/5.0 (compatible; MJ12bot/v1.4.8; http://mj12bot.com/)"
192.99.14.135 - - [14/Apr/2022:05:37:26 +0200] "GET /cats-saucer-ceramic-p-37470.html HTTP/1.0" 200 70890 "-" "Mozilla/5.0 (compatible; MJ12bot/v1.4.8; http://mj12bot.com/)"
157.90.177.217 - - [14/Apr/2022:05:37:27 +0200] "GET /apptit-placemat-p-57753.html HTTP/1.0" 200 73961 "-" "Mozilla/5.0 (compatible; BLEXBot/1.0; +http://webmeup-crawler.com/)"
157.90.177.217 - - [14/Apr/2022:05:37:27 +0200] "GET /bookend-monkeys-p-51565.html HTTP/1.0" 200 73386 "-" "Mozilla/5.0 (compatible; BLEXBot/1.0; +http://webmeup-crawler.com/)"
192.99.14.135 - - [14/Apr/2022:05:37:30 +0200] "GET /cats-dubout-cotton-kitchen-apron-made-france-p-36640.html HTTP/1.0" 200 71034 "-" "Mozilla/5.0 (compatible; MJ12bot/v1.4.8; http://mj12bot.com/)"
192.99.14.135 - - [14/Apr/2022:05:37:33 +0200] "GET /cats-dubout-cotton-kitchen-towel-made-france-p-36636.html HTTP/1.0" 200 71034 "-" "Mozilla/5.0 (compatible; MJ12bot/v1.4.8; http://mj12bot.com/)"
185.191.171.39 - - [14/Apr/2022:05:37:34 +0200] "GET /laissez-lucie-faire-p-48202.html?action=add_product HTTP/1.0" 302 476 "-" "Mozilla/5.0 (compatible; SemrushBot/7~bl; +http://www.semrush.com/bot.html)"
157.90.177.217 - - [14/Apr/2022:05:37:33 +0200] "GET /apron-small-fish-p-54504.html HTTP/1.0" 200 73372 "-" "Mozilla/5.0 (compatible; BLEXBot/1.0; +http://webmeup-crawler.com/)"
54.36.148.243 - - [14/Apr/2022:05:37:34 +0200] "GET /vespa-sports-khaki-p-32644.html HTTP/1.0" 200 73880 "-" "Mozilla/5.0 (compatible; AhrefsBot/7.0; +http://ahrefs.com/robot/)"
157.90.177.217 - - [14/Apr/2022:05:37:34 +0200] "GET /bookend-pigs-p-44630.html HTTP/1.0" 200 73397 "-" "Mozilla/5.0 (compatible; BLEXBot/1.0; +http://webmeup-crawler.com/)"
185.191.171.34 - - [14/Apr/2022:05:37:36 +0200] "GET /wooden-reamer-hook-80-cm-go-with-the-flow-p-44781.html HTTP/1.0" 301 71035 "-" "Mozilla/5.0 (compatible; SemrushBot/7~bl; +http://www.semrush.com/bot.html)"
192.99.14.135 - - [14/Apr/2022:05:37:36 +0200] "GET /cats-dubout-cotton-kitchen-towel-made-france-p-36638.html HTTP/1.0" 200 71034 "-" "Mozilla/5.0 (compatible; MJ12bot/v1.4.8; http://mj12bot.com/)"
185.191.171.22 - - [14/Apr/2022:05:37:38 +0200] "GET /wooden-reamer-hook-with-flow-p-44781.html HTTP/1.0" 200 70940 "-" "Mozilla/5.0 (compatible; SemrushBot/7~bl; +http://www.semrush.com/bot.html)"
157.90.177.217 - - [14/Apr/2022:05:37:39 +0200] "GET /aprons-c-11_74.html?page=2 HTTP/1.0" 200 92411 "-" "Mozilla/5.0 (compatible; BLEXBot/1.0; +http://webmeup-crawler.com/)"
192.99.14.135 - - [14/Apr/2022:05:37:40 +0200] "GET /cats-dubout-figurine-belle-p-33337.html HTTP/1.0" 200 74564 "-" "Mozilla/5.0 (compatible; MJ12bot/v1.4.8; http://mj12bot.com/)"
157.90.177.217 - - [14/Apr/2022:05:37:40 +0200] "GET /bookend-sitting-cement-p-56912.html HTTP/1.0" 200 74253 "-" "Mozilla/5.0 (compatible; BLEXBot/1.0; +http://webmeup-crawler.com/)"
192.99.14.135 - - [14/Apr/2022:05:37:44 +0200] "GET /cats-dubout-figurine-cutie-p-32704.html HTTP/1.0" 200 74737 "-" "Mozilla/5.0 (compatible; MJ12bot/v1.4.8; http://mj12bot.com/)"
157.90.177.217 - - [14/Apr/2022:05:37:44 +0200] "GET /aprons-c-11_74.html?page=3 HTTP/1.0" 200 92379 "-" "Mozilla/5.0 (compatible; BLEXBot/1.0; +http://webmeup-crawler.com/)"
157.90.177.217 - - [14/Apr/2022:05:37:46 +0200] "GET /bookend-wood-petit-prince-exupry-p-47768.html HTTP/1.0" 200 73611 "-" "Mozilla/5.0 (compatible; BLEXBot/1.0; +http://webmeup-crawler.com/)"
192.99.14.135 - - [14/Apr/2022:05:37:47 +0200] "GET /cats-dubout-figurine-grooming-time-p-32712.html HTTP/1.0" 200 73991 "-" "Mozilla/5.0 (compatible; MJ12bot/v1.4.8; http://mj12bot.com/)"
192.99.14.135 - - [14/Apr/2022:05:37:50 +0200] "GET /cats-dubout-figurine-happy-days-extra-p-33342.html HTTP/1.0" 200 70968 "-" "Mozilla/5.0 (compatible; MJ12bot/v1.4.8; http://mj12bot.com/)"
157.90.177.217 - - [14/Apr/2022:05:37:51 +0200] "GET /aprons-c-11_74.html?page=4 HTTP/1.0" 200 92438 "-" "Mozilla/5.0 (compatible; BLEXBot/1.0; +http://webmeup-crawler.com/)"
157.90.177.217 - - [14/Apr/2022:05:37:52 +0200] "GET /bookends-hands-asian-spirit-p-50011.html HTTP/1.0" 200 74495 "-" "Mozilla/5.0 (compatible; BLEXBot/1.0; +http://webmeup-crawler.com/)"
185.191.171.18 - - [14/Apr/2022:05:37:55 +0200] "GET /pharaoh-ramses-statuette-bronze-aspect-resin-p-52831.html?action=add_product HTTP/1.0" 302 476 "-" "Mozilla/5.0 (compatible; SemrushBot/7~bl; +http://www.semrush.com/bot.html)"
192.99.14.135 - - [14/Apr/2022:05:37:53 +0200] "GET /cats-dubout-figurine-happy-days-p-32702.html HTTP/1.0" 200 73940 "-" "Mozilla/5.0 (compatible; MJ12bot/v1.4.8; http://mj12bot.com/)"
157.90.177.217 - - [14/Apr/2022:05:37:56 +0200] "GET /aprons-c-11_74.html?page=5 HTTP/1.0" 200 92609 "-" "Mozilla/5.0 (compatible; BLEXBot/1.0; +http://webmeup-crawler.com/)"
192.99.14.135 - - [14/Apr/2022:05:37:57 +0200] "GET /cats-dubout-figurine-playtime-p-32705.html HTTP/1.0" 200 73928 "-" "Mozilla/5.0 (compatible; MJ12bot/v1.4.8; http://mj12bot.com/)"
157.90.177.217 - - [14/Apr/2022:05:37:57 +0200] "GET /bookmark-lenticular-dolphins-p-19160.html HTTP/1.0" 200 73642 "-" "Mozilla/5.0 (compatible; BLEXBot/1.0; +http://webmeup-crawler.com/)"
157.90.177.217 - - [14/Apr/2022:05:38:00 +0200] "GET /aprons-c-11_74.html?page=6 HTTP/1.0" 200 92360 "-" "Mozilla/5.0 (compatible; BLEXBot/1.0; +http://webmeup-crawler.com/)"
192.99.14.135 - - [14/Apr/2022:05:38:01 +0200] "GET /ceramic-luxy-cache-p-55332.html HTTP/1.0" 200 73536 "-" "Mozilla/5.0 (compatible; MJ12bot/v1.4.8; http://mj12bot.com/)"
185.191.171.24 - - [14/Apr/2022:05:38:01 +0200] "GET /fc-barcelona-organiser-file-p-52041.html HTTP/1.0" 301 73593 "-" "Mozilla/5.0 (compatible; SemrushBot/7~bl; +http://www.semrush.com/bot.html)"
157.90.177.217 - - [14/Apr/2022:05:38:02 +0200] "GET /bookmark-lenticular-happy-birthday-p-19152.html HTTP/1.0" 200 73706 "-" "Mozilla/5.0 (compatible; BLEXBot/1.0; +http://webmeup-crawler.com/)"
185.191.171.33 - - [14/Apr/2022:05:38:04 +0200] "GET /barcelona-organiser-file-p-52041.html HTTP/1.0" 200 73502 "-" "Mozilla/5.0 (compatible; SemrushBot/7~bl; +http://www.semrush.com/bot.html)"
192.99.14.135 - - [14/Apr/2022:05:38:04 +0200] "GET /ceramic-planter-p-55310.html HTTP/1.0" 200 74152 "-" "Mozilla/5.0 (compatible; MJ12bot/v1.4.8; http://mj12bot.com/)"
157.90.177.217 - - [14/Apr/2022:05:38:04 +0200] "GET /aprons-c-11_74.html?page=7 HTTP/1.0" 200 87885 "-" "Mozilla/5.0 (compatible; BLEXBot/1.0; +http://webmeup-crawler.com/)"
157.90.177.217 - - [14/Apr/2022:05:38:06 +0200] "GET /bookmark-lenticular-horses-p-19159.html HTTP/1.0" 200 73627 "-" "Mozilla/5.0 (compatible; BLEXBot/1.0; +http://webmeup-crawler.com/)"
216.244.66.242 - - [14/Apr/2022:05:38:06 +0200] "GET /charmmy-kitty-dress-p-31102.html HTTP/1.0" 200 75128 "-" "Mozilla/5.0 (compatible; DotBot/1.2; +https://opensiteexplorer.org/dotbot; help@moz.com)"
192.99.14.135 - - [14/Apr/2022:05:38:08 +0200] "GET /ceramic-salt-happy-things-p-41855.html HTTP/1.0" 200 70942 "-" "Mozilla/5.0 (compatible; MJ12bot/v1.4.8; http://mj12bot.com/)"
157.90.177.217 - - [14/Apr/2022:05:38:09 +0200] "GET /aquario-shower-curtain-marine-world-p-57247.html HTTP/1.0" 200 74420 "-" "Mozilla/5.0 (compatible; BLEXBot/1.0; +http://webmeup-crawler.com/)"
185.191.171.13 - - [14/Apr/2022:05:38:11 +0200] "GET /white-piggy-bank-p-49221.html?action=add_product HTTP/1.0" 302 476 "-" "Mozilla/5.0 (compatible; SemrushBot/7~bl; +http://www.semrush.com/bot.html)"
192.99.14.135 - - [14/Apr/2022:05:38:11 +0200] "GET /ceramic-salt-need-vintage-look-p-41868.html HTTP/1.0" 200 70997 "-" "Mozilla/5.0 (compatible; MJ12bot/v1.4.8; http://mj12bot.com/)"
157.90.177.217 - - [14/Apr/2022:05:38:11 +0200] "GET /bookmark-lenticular-love-p-19150.html HTTP/1.0" 200 73614 "-" "Mozilla/5.0 (compatible; BLEXBot/1.0; +http://webmeup-crawler.com/)"
157.90.177.217 - - [14/Apr/2022:05:38:13 +0200] "GET /arabica-espresso-p-54464.html HTTP/1.0" 200 73425 "-" "Mozilla/5.0 (compatible; BLEXBot/1.0; +http://webmeup-crawler.com/)"
192.99.14.135 - - [14/Apr/2022:05:38:14 +0200] "GET /ceramic-salt-p-40789.html HTTP/1.0" 200 70904 "-" "Mozilla/5.0 (compatible; MJ12bot/v1.4.8; http://mj12bot.com/)"
157.90.177.217 - - [14/Apr/2022:05:38:15 +0200] "GET /bookmark-lenticular-p-19154.html HTTP/1.0" 200 73599 "-" "Mozilla/5.0 (compatible; BLEXBot/1.0; +http://webmeup-crawler.com/)"
157.90.177.217 - - [14/Apr/2022:05:38:17 +0200] "GET /archangel-michael-statuette-p-48908.html HTTP/1.0" 200 74167 "-" "Mozilla/5.0 (compatible; BLEXBot/1.0; +http://webmeup-crawler.com/)"
192.99.14.135 - - [14/Apr/2022:05:38:17 +0200] "GET /ceramic-seasoning-metal-basket-leaves-p-50687.html HTTP/1.0" 200 74549 "-" "Mozilla/5.0 (compatible; MJ12bot/v1.4.8; http://mj12bot.com/)"
157.90.177.217 - - [14/Apr/2022:05:38:20 +0200] "GET /bookmark-lenticular-p-19156.html HTTP/1.0" 200 73599 "-" "Mozilla/5.0 (compatible; BLEXBot/1.0; +http://webmeup-crawler.com/)"
192.99.14.135 - - [14/Apr/2022:05:38:21 +0200] "GET /chair-cushion-reversible-grey-beige-p-37249.html HTTP/1.0" 200 73643 "-" "Mozilla/5.0 (compatible; MJ12bot/v1.4.8; http://mj12bot.com/)"
157.90.177.217 - - [14/Apr/2022:05:38:22 +0200] "GET /arizona-white-porcelain-bowl-p-56507.html HTTP/1.0" 200 73490 "-" "Mozilla/5.0 (compatible; BLEXBot/1.0; +http://webmeup-crawler.com/)"
192.99.14.135 - - [14/Apr/2022:05:38:24 +0200] "GET /charmmy-kitty-banner-p-17222.html HTTP/1.0" 200 70899 "-" "Mozilla/5.0 (compatible; MJ12bot/v1.4.8; http://mj12bot.com/)"
216.244.66.242 - - [14/Apr/2022:05:38:24 +0200] "GET /magnet-tasty-tassen-made-germany-p-47558.html HTTP/1.0" 200 74486 "-" "Mozilla/5.0 (compatible; DotBot/1.2; +https://opensiteexplorer.org/dotbot; help@moz.com)"
54.36.148.243 - - [14/Apr/2022:05:38:24 +0200] "GET /canvas-frame-p-38318.html HTTP/1.0" 200 73445 "-" "Mozilla/5.0 (compatible; AhrefsBot/7.0; +http://ahrefs.com/robot/)"
157.90.177.217 - - [14/Apr/2022:05:38:26 +0200] "GET /arlsienne-oven-mitt-p-43814.html HTTP/1.0" 200 73463 "-" "Mozilla/5.0 (compatible; BLEXBot/1.0; +http://webmeup-crawler.com/)"
157.90.177.217 - - [14/Apr/2022:05:38:25 +0200] "GET /bookmark-lenticular-puppies-p-19161.html HTTP/1.0" 200 73635 "-" "Mozilla/5.0 (compatible; BLEXBot/1.0; +http://webmeup-crawler.com/)"
192.99.14.135 - - [14/Apr/2022:05:38:27 +0200] "GET /charmmy-kitty-blue-patch-p-19254.html HTTP/1.0" 200 70919 "-" "Mozilla/5.0 (compatible; MJ12bot/v1.4.8; http://mj12bot.com/)"
157.90.177.217 - - [14/Apr/2022:05:38:30 +0200] "GET /arlsienne-potholder-p-43819.html HTTP/1.0" 200 73453 "-" "Mozilla/5.0 (compatible; BLEXBot/1.0; +http://webmeup-crawler.com/)"
192.99.14.135 - - [14/Apr/2022:05:38:30 +0200] "GET /charmmy-kitty-dress-p-31102.html HTTP/1.0" 200 75128 "-" "Mozilla/5.0 (compatible; MJ12bot/v1.4.8; http://mj12bot.com/)"
157.90.177.217 - - [14/Apr/2022:05:38:30 +0200] "GET /bookmark-lenticular-rabbit-p-19155.html HTTP/1.0" 200 73628 "-" "Mozilla/5.0 (compatible; BLEXBot/1.0; +http://webmeup-crawler.com/)"
192.99.14.135 - - [14/Apr/2022:05:38:33 +0200] "GET /charmmy-kitty-embroidered-shoulder-p-8371.html HTTP/1.0" 200 70979 "-" "Mozilla/5.0 (compatible; MJ12bot/v1.4.8; http://mj12bot.com/)"
185.191.171.16 - - [14/Apr/2022:05:38:34 +0200] "GET /blue-japanese-enameled-cast-iron-teapot-liter-p-57690.html HTTP/1.0" 200 74579 "-" "Mozilla/5.0 (compatible; SemrushBot/7~bl; +http://www.semrush.com/bot.html)"
157.90.177.217 - - [14/Apr/2022:05:38:34 +0200] "GET /aromatic-burner-flowers-brown-p-56898.html HTTP/1.0" 200 75007 "-" "Mozilla/5.0 (compatible; BLEXBot/1.0; +http://webmeup-crawler.com/)"
157.90.177.217 - - [14/Apr/2022:05:38:34 +0200] "GET /bottle-despicable-p-36838.html HTTP/1.0" 200 73418 "-" "Mozilla/5.0 (compatible; BLEXBot/1.0; +http://webmeup-crawler.com/)"
192.99.14.135 - - [14/Apr/2022:05:38:36 +0200] "GET /charmmy-kitty-hair-clips-p-13536.html HTTP/1.0" 200 70946 "-" "Mozilla/5.0 (compatible; MJ12bot/v1.4.8; http://mj12bot.com/)"
192.99.14.135 - - [14/Apr/2022:05:38:39 +0200] "GET /charmmy-kitty-hair-ornements-p-13559.html HTTP/1.0" 200 73740 "-" "Mozilla/5.0 (compatible; MJ12bot/v1.4.8; http://mj12bot.com/)"
157.90.177.217 - - [14/Apr/2022:05:38:39 +0200] "GET /bottle-holder-beer-bucket-c-12_224.html?page=2 HTTP/1.0" 200 91363 "-" "Mozilla/5.0 (compatible; BLEXBot/1.0; +http://webmeup-crawler.com/)"
157.90.177.217 - - [14/Apr/2022:05:38:40 +0200] "GET /aromatic-burner-flowers-green-p-56900.html HTTP/1.0" 200 74384 "-" "Mozilla/5.0 (compatible; BLEXBot/1.0; +http://webmeup-crawler.com/)"
192.99.14.135 - - [14/Apr/2022:05:38:42 +0200] "GET /charmmy-kitty-jacket-10-years-p-27130.html HTTP/1.0" 301 70875 "-" "Mozilla/5.0 (compatible; MJ12bot/v1.4.8; http://mj12bot.com/)"
157.90.177.217 - - [14/Apr/2022:05:38:42 +0200] "GET /bottle-holder-beer-bucket-c-12_224.html?page=3 HTTP/1.0" 200 90186 "-" "Mozilla/5.0 (compatible; BLEXBot/1.0; +http://webmeup-crawler.com/)"
157.90.177.217 - - [14/Apr/2022:05:38:45 +0200] "GET /aromatic-burner-flowers-white-p-56899.html HTTP/1.0" 200 74384 "-" "Mozilla/5.0 (compatible; BLEXBot/1.0; +http://webmeup-crawler.com/)"
192.99.14.135 - - [14/Apr/2022:05:38:45 +0200] "GET /-p-27130.html HTTP/1.0" 200 70808 "-" "Mozilla/5.0 (compatible; MJ12bot/v1.4.8; http://mj12bot.com/)"
157.90.177.217 - - [14/Apr/2022:05:38:46 +0200] "GET /bottle-opener-bistrot-p-45614.html HTTP/1.0" 200 73494 "-" "Mozilla/5.0 (compatible; BLEXBot/1.0; +http://webmeup-crawler.com/)"
157.90.177.217 - - [14/Apr/2022:05:38:48 +0200] "GET /aromatic-burner-heart-beige-p-56896.html HTTP/1.0" 200 74350 "-" "Mozilla/5.0 (compatible; BLEXBot/1.0; +http://webmeup-crawler.com/)"
192.99.14.135 - - [14/Apr/2022:05:38:49 +0200] "GET /charmmy-kitty-jacket-years-p-27129.html HTTP/1.0" 301 70875 "-" "Mozilla/5.0 (compatible; MJ12bot/v1.4.8; http://mj12bot.com/)"
157.90.177.217 - - [14/Apr/2022:05:38:51 +0200] "GET /bottle-opener-corsica-p-48337.html HTTP/1.0" 200 73458 "-" "Mozilla/5.0 (compatible; BLEXBot/1.0; +http://webmeup-crawler.com/)"
157.90.177.217 - - [14/Apr/2022:05:38:52 +0200] "GET /aromatic-burner-heart-green-p-56897.html HTTP/1.0" 200 74356 "-" "Mozilla/5.0 (compatible; BLEXBot/1.0; +http://webmeup-crawler.com/)"
192.99.14.135 - - [14/Apr/2022:05:38:52 +0200] "GET /-p-27129.html HTTP/1.0" 200 70808 "-" "Mozilla/5.0 (compatible; MJ12bot/v1.4.8; http://mj12bot.com/)"
157.90.177.217 - - [14/Apr/2022:05:38:56 +0200] "GET /article-classified-spongebob-metal-suitcase-p-47968.html HTTP/1.0" 200 74328 "-" "Mozilla/5.0 (compatible; BLEXBot/1.0; +http://webmeup-crawler.com/)"
157.90.177.217 - - [14/Apr/2022:05:38:56 +0200] "GET /bottle-opener-corsica-p-48338.html HTTP/1.0" 200 73458 "-" "Mozilla/5.0 (compatible; BLEXBot/1.0; +http://webmeup-crawler.com/)"
192.99.14.135 - - [14/Apr/2022:05:38:56 +0200] "GET /charmmy-kitty-kids-school-bag-p-14487.html HTTP/1.0" 301 70875 "-" "Mozilla/5.0 (compatible; MJ12bot/v1.4.8; http://mj12bot.com/)"
192.99.14.135 - - [14/Apr/2022:05:39:00 +0200] "GET /-p-14487.html HTTP/1.0" 200 70808 "-" "Mozilla/5.0 (compatible; MJ12bot/v1.4.8; http://mj12bot.com/)"
157.90.177.217 - - [14/Apr/2022:05:39:02 +0200] "GET /bottle-opener-corsica-p-48339.html HTTP/1.0" 200 73456 "-" "Mozilla/5.0 (compatible; BLEXBot/1.0; +http://webmeup-crawler.com/)"
157.90.177.217 - - [14/Apr/2022:05:39:02 +0200] "GET /ashtrays-c-13_240.html?page=2 HTTP/1.0" 200 92216 "-" "Mozilla/5.0 (compatible; BLEXBot/1.0; +http://webmeup-crawler.com/)"
192.99.14.135 - - [14/Apr/2022:05:39:03 +0200] "GET /charmmy-kitty-large-cosmetic-bag-p-26671.html HTTP/1.0" 301 70875 "-" "Mozilla/5.0 (compatible; MJ12bot/v1.4.8; http://mj12bot.com/)"
157.90.177.217 - - [14/Apr/2022:05:39:07 +0200] "GET /bottle-rack-amis-p-56694.html HTTP/1.0" 200 74079 "-" "Mozilla/5.0 (compatible; BLEXBot/1.0; +http://webmeup-crawler.com/)"
192.99.14.135 - - [14/Apr/2022:05:39:07 +0200] "GET /-p-26671.html HTTP/1.0" 200 70808 "-" "Mozilla/5.0 (compatible; MJ12bot/v1.4.8; http://mj12bot.com/)"
157.90.177.217 - - [14/Apr/2022:05:39:10 +0200] "GET /ashtrays-c-13_240.html?page=3 HTTP/1.0" 200 91954 "-" "Mozilla/5.0 (compatible; BLEXBot/1.0; +http://webmeup-crawler.com/)"
192.99.14.135 - - [14/Apr/2022:05:39:12 +0200] "GET /charmmy-kitty-medium-cosmetic-bag-p-26665.html HTTP/1.0" 301 73859 "-" "Mozilla/5.0 (compatible; MJ12bot/v1.4.8; http://mj12bot.com/)"
157.90.177.217 - - [14/Apr/2022:05:39:13 +0200] "GET /bottle-rack-amis-p-56695.html HTTP/1.0" 200 74081 "-" "Mozilla/5.0 (compatible; BLEXBot/1.0; +http://webmeup-crawler.com/)"
192.99.14.135 - - [14/Apr/2022:05:39:15 +0200] "GET /charmmy-kitty-medium-cosmetic-p-26665.html HTTP/1.0" 200 73763 "-" "Mozilla/5.0 (compatible; MJ12bot/v1.4.8; http://mj12bot.com/)"
157.90.177.217 - - [14/Apr/2022:05:39:16 +0200] "GET /ashtrays-c-13_240.html?page=4 HTTP/1.0" 200 92192 "-" "Mozilla/5.0 (compatible; BLEXBot/1.0; +http://webmeup-crawler.com/)"
157.90.177.217 - - [14/Apr/2022:05:39:17 +0200] "GET /bottle-rack-best-wine-p-53207.html HTTP/1.0" 200 73531 "-" "Mozilla/5.0 (compatible; BLEXBot/1.0; +http://webmeup-crawler.com/)"
192.99.14.135 - - [14/Apr/2022:05:39:19 +0200] "GET /charmmy-kitty-medium-cosmetic-p-26665.html HTTP/1.0" 200 73763 "-" "Mozilla/5.0 (compatible; MJ12bot/v1.4.8; http://mj12bot.com/)"
157.90.177.217 - - [14/Apr/2022:05:39:21 +0200] "GET /bottle-shaped-bottle-rack-p-50197.html HTTP/1.0" 200 73581 "-" "Mozilla/5.0 (compatible; BLEXBot/1.0; +http://webmeup-crawler.com/)"
157.90.177.217 - - [14/Apr/2022:05:39:21 +0200] "GET /ashtrays-c-13_240.html?page=5 HTTP/1.0" 200 92191 "-" "Mozilla/5.0 (compatible; BLEXBot/1.0; +http://webmeup-crawler.com/)"
192.99.14.135 - - [14/Apr/2022:05:39:22 +0200] "GET /charmmy-kitty-pajamas-and-pajama-pillow-bag-p-31299.html HTTP/1.0" 301 70875 "-" "Mozilla/5.0 (compatible; MJ12bot/v1.4.8; http://mj12bot.com/)"
192.99.6.138 - - [14/Apr/2022:05:39:24 +0200] "GET /robots.txt HTTP/1.0" 200 245 "-" "Mozilla/5.0 (compatible; MJ12bot/v1.4.8; http://mj12bot.com/)"
54.36.148.243 - - [14/Apr/2022:05:39:23 +0200] "GET /dishes-dishes-c-12_251.html?page=1 HTTP/1.0" 200 89951 "-" "Mozilla/5.0 (compatible; AhrefsBot/7.0; +http://ahrefs.com/robot/)"
157.90.177.217 - - [14/Apr/2022:05:39:24 +0200] "GET /bottle-shaped-bottle-rack-p-56705.html HTTP/1.0" 200 74228 "-" "Mozilla/5.0 (compatible; BLEXBot/1.0; +http://webmeup-crawler.com/)"
192.99.14.135 - - [14/Apr/2022:05:39:26 +0200] "GET /-p-31299.html HTTP/1.0" 200 70808 "-" "Mozilla/5.0 (compatible; MJ12bot/v1.4.8; http://mj12bot.com/)"
192.99.6.138 - - [14/Apr/2022:05:39:26 +0200] "GET /adults/tshirts-and-sweatshirts-men/the-atom39ant-show-tshirt-size-p-21099.html HTTP/1.0" 301 70875 "-" "Mozilla/5.0 (compatible; MJ12bot/v1.4.8; http://mj12bot.com/)"
157.90.177.217 - - [14/Apr/2022:05:39:27 +0200] "GET /ashtrays-c-13_240.html?page=6 HTTP/1.0" 200 92235 "-" "Mozilla/5.0 (compatible; BLEXBot/1.0; +http://webmeup-crawler.com/)"
192.99.14.135 - - [14/Apr/2022:05:39:29 +0200] "GET /charmmy-kitty-paper-plates-p-17210.html HTTP/1.0" 200 70956 "-" "Mozilla/5.0 (compatible; MJ12bot/v1.4.8; http://mj12bot.com/)"
157.90.177.217 - - [14/Apr/2022:05:39:30 +0200] "GET /bottle-stoppers-brass-boat-p-56020.html HTTP/1.0" 200 73494 "-" "Mozilla/5.0 (compatible; BLEXBot/1.0; +http://webmeup-crawler.com/)"
192.99.6.138 - - [14/Apr/2022:05:39:29 +0200] "GET /-p-21099.html HTTP/1.0" 200 70808 "-" "Mozilla/5.0 (compatible; MJ12bot/v1.4.8; http://mj12bot.com/)"
192.99.14.135 - - [14/Apr/2022:05:39:32 +0200] "GET /charmmy-kitty-small-cosmetic-p-26658.html HTTP/1.0" 200 73749 "-" "Mozilla/5.0 (compatible; MJ12bot/v1.4.8; http://mj12bot.com/)"
185.191.171.4 - - [14/Apr/2022:05:39:33 +0200] "GET /mani-the-lucky-cat-black-keychain-p-37421.html HTTP/1.0" 301 71040 "-" "Mozilla/5.0 (compatible; SemrushBot/7~bl; +http://www.semrush.com/bot.html)"
192.99.6.138 - - [14/Apr/2022:05:39:33 +0200] "GET /advent-calendar-in-woods-snowman-p-35644.html HTTP/1.0" 301 73624 "-" "Mozilla/5.0 (compatible; MJ12bot/v1.4.8; http://mj12bot.com/)"
157.90.177.217 - - [14/Apr/2022:05:39:33 +0200] "GET /ashtrays-c-13_240.html?page=7 HTTP/1.0" 200 92680 "-" "Mozilla/5.0 (compatible; BLEXBot/1.0; +http://webmeup-crawler.com/)"
185.191.171.22 - - [14/Apr/2022:05:39:36 +0200] "GET /mani-lucky-black-keychain-p-37421.html HTTP/1.0" 200 70948 "-" "Mozilla/5.0 (compatible; SemrushBot/7~bl; +http://www.semrush.com/bot.html)"
192.99.14.135 - - [14/Apr/2022:05:39:35 +0200] "GET /charmmy-kitty-small-cosmetic-p-26751.html HTTP/1.0" 200 70951 "-" "Mozilla/5.0 (compatible; MJ12bot/v1.4.8; http://mj12bot.com/)"
157.90.177.217 - - [14/Apr/2022:05:39:37 +0200] "GET /bouteilles-bordeaux-little-tray-p-44552.html HTTP/1.0" 200 73680 "-" "Mozilla/5.0 (compatible; BLEXBot/1.0; +http://webmeup-crawler.com/)"
192.99.6.138 - - [14/Apr/2022:05:39:37 +0200] "GET /advent-calendar-woods-snowman-p-35644.html HTTP/1.0" 200 73528 "-" "Mozilla/5.0 (compatible; MJ12bot/v1.4.8; http://mj12bot.com/)"
157.90.177.217 - - [14/Apr/2022:05:39:39 +0200] "GET /ashtrays-c-13_240.html?page=8 HTTP/1.0" 200 92590 "-" "Mozilla/5.0 (compatible; BLEXBot/1.0; +http://webmeup-crawler.com/)"
192.99.14.135 - - [14/Apr/2022:05:39:40 +0200] "GET /chef-barbecue-adult-apron-p-47692.html HTTP/1.0" 200 74042 "-" "Mozilla/5.0 (compatible; MJ12bot/v1.4.8; http://mj12bot.com/)"
192.99.6.138 - - [14/Apr/2022:05:39:41 +0200] "GET /air-liberty-bag-p-22618.html HTTP/1.0" 301 70875 "-" "Mozilla/5.0 (compatible; MJ12bot/v1.4.8; http://mj12bot.com/)"
157.90.177.217 - - [14/Apr/2022:05:39:41 +0200] "GET /boutis-bedspread-pillowcases-arkansas-p-38894.html HTTP/1.0" 200 74294 "-" "Mozilla/5.0 (compatible; BLEXBot/1.0; +http://webmeup-crawler.com/)"
192.99.14.135 - - [14/Apr/2022:05:39:43 +0200] "GET /cherries-grey-salt-pepper-p-34487.html HTTP/1.0" 200 70954 "-" "Mozilla/5.0 (compatible; MJ12bot/v1.4.8; http://mj12bot.com/)"
157.90.177.217 - - [14/Apr/2022:05:39:44 +0200] "GET /ashtrays-c-13_240.html?page=9 HTTP/1.0" 200 81336 "-" "Mozilla/5.0 (compatible; BLEXBot/1.0; +http://webmeup-crawler.com/)"
185.191.171.4 - - [14/Apr/2022:05:39:43 +0200] "GET /lego-star-wars-polar-blanket-p-49677.html HTTP/1.0" 200 74139 "-" "Mozilla/5.0 (compatible; SemrushBot/7~bl; +http://www.semrush.com/bot.html)"
192.99.6.138 - - [14/Apr/2022:05:39:45 +0200] "GET /-p-22618.html HTTP/1.0" 200 70808 "-" "Mozilla/5.0 (compatible; MJ12bot/v1.4.8; http://mj12bot.com/)"
157.90.177.217 - - [14/Apr/2022:05:39:46 +0200] "GET /boutis-bedspread-pillowcases-arkansas-p-39592.html HTTP/1.0" 200 74385 "-" "Mozilla/5.0 (compatible; BLEXBot/1.0; +http://webmeup-crawler.com/)"
185.191.171.26 - - [14/Apr/2022:05:39:48 +0200] "GET /melt-simply-p-42636.html?action=add_product HTTP/1.0" 302 476 "-" "Mozilla/5.0 (compatible; SemrushBot/7~bl; +http://www.semrush.com/bot.html)"
192.99.14.135 - - [14/Apr/2022:05:39:47 +0200] "GET /cherries-grey-salt-pepper-p-37399.html HTTP/1.0" 200 73564 "-" "Mozilla/5.0 (compatible; MJ12bot/v1.4.8; http://mj12bot.com/)"
192.99.6.138 - - [14/Apr/2022:05:39:49 +0200] "GET /air-surfer-large-airplane-p-19892.html HTTP/1.0" 301 71004 "-" "Mozilla/5.0 (compatible; MJ12bot/v1.4.8; http://mj12bot.com/)"
157.90.177.217 - - [14/Apr/2022:05:39:50 +0200] "GET /aspect-default-barbapapa-brush-mirror-p-50356.html HTTP/1.0" 200 74216 "-" "Mozilla/5.0 (compatible; BLEXBot/1.0; +http://webmeup-crawler.com/)"
192.99.14.135 - - [14/Apr/2022:05:39:51 +0200] "GET /cherries-salt-pepper-p-34488.html HTTP/1.0" 200 70941 "-" "Mozilla/5.0 (compatible; MJ12bot/v1.4.8; http://mj12bot.com/)"
157.90.177.217 - - [14/Apr/2022:05:39:50 +0200] "GET /bowl-brice-niche-p-47781.html HTTP/1.0" 200 73380 "-" "Mozilla/5.0 (compatible; BLEXBot/1.0; +http://webmeup-crawler.com/)"
192.99.6.138 - - [14/Apr/2022:05:39:52 +0200] "GET /surfer-large-airplane-p-19892.html HTTP/1.0" 200 70916 "-" "Mozilla/5.0 (compatible; MJ12bot/v1.4.8; http://mj12bot.com/)"
192.99.14.135 - - [14/Apr/2022:05:39:54 +0200] "GET /cherry-oven-mitt-p-37467.html HTTP/1.0" 200 73428 "-" "Mozilla/5.0 (compatible; MJ12bot/v1.4.8; http://mj12bot.com/)"
157.90.177.217 - - [14/Apr/2022:05:39:53 +0200] "GET /astro-round-wood-p-57886.html HTTP/1.0" 200 74398 "-" "Mozilla/5.0 (compatible; BLEXBot/1.0; +http://webmeup-crawler.com/)"
192.99.6.138 - - [14/Apr/2022:05:39:56 +0200] "GET /alarm-green-horse-p-22174.html HTTP/1.0" 301 70875 "-" "Mozilla/5.0 (compatible; MJ12bot/v1.4.8; http://mj12bot.com/)"
157.90.177.217 - - [14/Apr/2022:05:39:55 +0200] "GET /bowl-french-kiss-paris-p-37289.html HTTP/1.0" 200 73420 "-" "Mozilla/5.0 (compatible; BLEXBot/1.0; +http://webmeup-crawler.com/)"
192.99.14.135 - - [14/Apr/2022:05:39:58 +0200] "GET /chime-metal-glass-p-37203.html HTTP/1.0" 200 73535 "-" "Mozilla/5.0 (compatible; MJ12bot/v1.4.8; http://mj12bot.com/)"
157.90.177.217 - - [14/Apr/2022:05:39:59 +0200] "GET /astronaut-lamp-p-52987.html HTTP/1.0" 200 73463 "-" "Mozilla/5.0 (compatible; BLEXBot/1.0; +http://webmeup-crawler.com/)"
192.99.6.138 - - [14/Apr/2022:05:39:59 +0200] "GET /-p-22174.html HTTP/1.0" 200 70808 "-" "Mozilla/5.0 (compatible; MJ12bot/v1.4.8; http://mj12bot.com/)"
157.90.177.217 - - [14/Apr/2022:05:40:00 +0200] "GET /bowl-french-kiss-paris-p-37291.html HTTP/1.0" 200 73448 "-" "Mozilla/5.0 (compatible; BLEXBot/1.0; +http://webmeup-crawler.com/)"
192.99.14.135 - - [14/Apr/2022:05:40:01 +0200] "GET /chupa-chups-peas-with-betty-boop-p-31787.html HTTP/1.0" 200 70934 "-" "Mozilla/5.0 (compatible; MJ12bot/v1.4.8; http://mj12bot.com/)"
117.148.130.28 - - [14/Apr/2022:05:40:02 +0200] "GET /images/mini_prod/3453131112727b.jpg HTTP/1.0" 404 1308 "-" "Mozilla/5.0 (Windows NT 10.0; WOW64) AppleWebKit/537.36 (KHTML, like Gecko) Chrome/90.0.4430.212 Safari/537.36"
157.90.177.217 - - [14/Apr/2022:05:40:02 +0200] "GET /aurora-disney-princess-wall-coat-rack-p-11944.html HTTP/1.0" 200 73693 "-" "Mozilla/5.0 (compatible; BLEXBot/1.0; +http://webmeup-crawler.com/)"
157.90.177.217 - - [14/Apr/2022:05:40:04 +0200] "GET /bowl-french-kiss-paris-p-37292.html HTTP/1.0" 200 73432 "-" "Mozilla/5.0 (compatible; BLEXBot/1.0; +http://webmeup-crawler.com/)"
192.99.14.135 - - [14/Apr/2022:05:40:04 +0200] "GET /citroen-metal-plate-p-37175.html HTTP/1.0" 200 73543 "-" "Mozilla/5.0 (compatible; MJ12bot/v1.4.8; http://mj12bot.com/)"
192.99.6.138 - - [14/Apr/2022:05:40:04 +0200] "GET /american-flag-floor-mat-p-33611.html HTTP/1.0" 301 70875 "-" "Mozilla/5.0 (compatible; MJ12bot/v1.4.8; http://mj12bot.com/)"
157.90.177.217 - - [14/Apr/2022:05:40:07 +0200] "GET /aurora-silicone-mold-pink-model-p-28235.html HTTP/1.0" 200 73555 "-" "Mozilla/5.0 (compatible; BLEXBot/1.0; +http://webmeup-crawler.com/)"
192.99.14.135 - - [14/Apr/2022:05:40:07 +0200] "GET /citron-collection-metal-plate-deco-p-37159.html HTTP/1.0" 200 70981 "-" "Mozilla/5.0 (compatible; MJ12bot/v1.4.8; http://mj12bot.com/)"
157.90.177.217 - - [14/Apr/2022:05:40:09 +0200] "GET /bowl-love-pets-p-31697.html HTTP/1.0" 200 73447 "-" "Mozilla/5.0 (compatible; BLEXBot/1.0; +http://webmeup-crawler.com/)"
192.99.6.138 - - [14/Apr/2022:05:40:09 +0200] "GET /-p-33611.html HTTP/1.0" 200 70808 "-" "Mozilla/5.0 (compatible; MJ12bot/v1.4.8; http://mj12bot.com/)"
192.99.14.135 - - [14/Apr/2022:05:40:11 +0200] "GET /clock-p-24301.html HTTP/1.0" 200 74031 "-" "Mozilla/5.0 (compatible; MJ12bot/v1.4.8; http://mj12bot.com/)"
157.90.177.217 - - [14/Apr/2022:05:40:12 +0200] "GET /aurora-small-flexible-molds-p-28215.html HTTP/1.0" 200 73663 "-" "Mozilla/5.0 (compatible; BLEXBot/1.0; +http://webmeup-crawler.com/)"
192.99.6.138 - - [14/Apr/2022:05:40:12 +0200] "GET /american-green-old-car-mug-p-33081.html HTTP/1.0" 301 73552 "-" "Mozilla/5.0 (compatible; MJ12bot/v1.4.8; http://mj12bot.com/)"
157.90.177.217 - - [14/Apr/2022:05:40:13 +0200] "GET /bowl-p-31702.html HTTP/1.0" 200 73350 "-" "Mozilla/5.0 (compatible; BLEXBot/1.0; +http://webmeup-crawler.com/)"
192.99.14.135 - - [14/Apr/2022:05:40:15 +0200] "GET /clock-p-8342.html HTTP/1.0" 200 73474 "-" "Mozilla/5.0 (compatible; MJ12bot/v1.4.8; http://mj12bot.com/)"
157.90.177.217 - - [14/Apr/2022:05:40:16 +0200] "GET /authentic-denim-round-side-table-p-50228.html HTTP/1.0" 200 74121 "-" "Mozilla/5.0 (compatible; BLEXBot/1.0; +http://webmeup-crawler.com/)"
192.99.6.138 - - [14/Apr/2022:05:40:16 +0200] "GET /american-green-p-33081.html HTTP/1.0" 200 73471 "-" "Mozilla/5.0 (compatible; MJ12bot/v1.4.8; http://mj12bot.com/)"
157.90.177.217 - - [14/Apr/2022:05:40:17 +0200] "GET /bowls-brice-niche-p-46831.html HTTP/1.0" 200 73307 "-" "Mozilla/5.0 (compatible; BLEXBot/1.0; +http://webmeup-crawler.com/)"
192.99.14.135 - - [14/Apr/2022:05:40:18 +0200] "GET /coat-hook-c-13_198.html?page=1 HTTP/1.0" 200 91018 "-" "Mozilla/5.0 (compatible; MJ12bot/v1.4.8; http://mj12bot.com/)"
54.36.148.243 - - [14/Apr/2022:05:40:19 +0200] "GET /batik-wall-hanging-elephant-blue-under-tree-p-49454.html HTTP/1.0" 200 73770 "-" "Mozilla/5.0 (compatible; AhrefsBot/7.0; +http://ahrefs.com/robot/)"
192.99.6.138 - - [14/Apr/2022:05:40:20 +0200] "GET /american-ice-cream-clock-p-26642.html HTTP/1.0" 301 73520 "-" "Mozilla/5.0 (compatible; MJ12bot/v1.4.8; http://mj12bot.com/)"
157.90.177.217 - - [14/Apr/2022:05:40:20 +0200] "GET /avengers-iron-mask-p-24834.html HTTP/1.0" 200 73678 "-" "Mozilla/5.0 (compatible; BLEXBot/1.0; +http://webmeup-crawler.com/)"
157.90.177.217 - - [14/Apr/2022:05:40:21 +0200] "GET /bowls-c-12_60.html?page=10 HTTP/1.0" 200 85095 "-" "Mozilla/5.0 (compatible; BLEXBot/1.0; +http://webmeup-crawler.com/)"
192.99.14.135 - - [14/Apr/2022:05:40:22 +0200] "GET /coat-hook-c-13_198.html?page=2 HTTP/1.0" 200 91125 "-" "Mozilla/5.0 (compatible; MJ12bot/v1.4.8; http://mj12bot.com/)"
192.99.6.138 - - [14/Apr/2022:05:40:24 +0200] "GET /american-cream-clock-p-26642.html HTTP/1.0" 200 73433 "-" "Mozilla/5.0 (compatible; MJ12bot/v1.4.8; http://mj12bot.com/)"
157.90.177.217 - - [14/Apr/2022:05:40:24 +0200] "GET /avengers-marvel-kids-school-p-36229.html HTTP/1.0" 200 73740 "-" "Mozilla/5.0 (compatible; BLEXBot/1.0; +http://webmeup-crawler.com/)"
157.90.177.217 - - [14/Apr/2022:05:40:24 +0200] "GET /bowls-c-12_60.html?page=2 HTTP/1.0" 200 93143 "-" "Mozilla/5.0 (compatible; BLEXBot/1.0; +http://webmeup-crawler.com/)"
192.99.6.138 - - [14/Apr/2022:05:40:28 +0200] "GET /american-revival-bus-suitcase-70-cm-p-25124.html HTTP/1.0" 301 71046 "-" "Mozilla/5.0 (compatible; MJ12bot/v1.4.8; http://mj12bot.com/)"
192.99.14.135 - - [14/Apr/2022:05:40:27 +0200] "GET /coat-hook-c-13_198.html?page=3 HTTP/1.0" 200 90978 "-" "Mozilla/5.0 (compatible; MJ12bot/v1.4.8; http://mj12bot.com/)"
157.90.177.217 - - [14/Apr/2022:05:40:28 +0200] "GET /avengers-marvel-p-31619.html HTTP/1.0" 200 73670 "-" "Mozilla/5.0 (compatible; BLEXBot/1.0; +http://webmeup-crawler.com/)"
157.90.177.217 - - [14/Apr/2022:05:40:28 +0200] "GET /bowls-c-12_60.html?page=3 HTTP/1.0" 200 93148 "-" "Mozilla/5.0 (compatible; BLEXBot/1.0; +http://webmeup-crawler.com/)"
