185.191.171.19 - - [14/Apr/2022:10:17:08 +0200] "GET /large-metal-plate-deco-p-28780.html HTTP/1.0" 200 73456 "-" "Mozilla/5.0 (compatible; SemrushBot/7~bl; +http://www.semrush.com/bot.html)"
185.191.171.40 - - [14/Apr/2022:10:17:30 +0200] "GET /tinted-candle-mass-grey-p-56104.html HTTP/1.0" 200 73497 "-" "Mozilla/5.0 (compatible; SemrushBot/7~bl; +http://www.semrush.com/bot.html)"
66.249.64.158 - - [14/Apr/2022:10:17:30 +0200] "GET /monster-doll-cushion-personalized-picture-p-16681.html HTTP/1.0" 200 74059 "-" "Mozilla/5.0 (Linux; Android 6.0.1; Nexus 5X Build/MMB29P) AppleWebKit/537.36 (KHTML, like Gecko) Chrome/99.0.4844.84 Mobile Safari/537.36 (compatible; Googlebot/2.1; +http://www.google.com/bot.html)"
66.249.64.158 - - [14/Apr/2022:10:17:33 +0200] "GET /ultrasonic-aroma-diffuser-feathers-p-54369.html HTTP/1.0" 200 76008 "-" "Mozilla/5.0 (compatible; Googlebot/2.1; +http://www.google.com/bot.html)"
66.249.64.152 - - [14/Apr/2022:10:17:34 +0200] "GET /sigil-lucifer-satatic-book-handbag-in-the-shape-of-book-p-40613.html HTTP/1.0" 301 71114 "-" "Mozilla/5.0 (Linux; Android 6.0.1; Nexus 5X Build/MMB29P) AppleWebKit/537.36 (KHTML, like Gecko) Chrome/99.0.4844.84 Mobile Safari/537.36 (compatible; Googlebot/2.1; +http://www.google.com/bot.html)"
66.249.64.146 - - [14/Apr/2022:10:17:36 +0200] "GET /sigil-lucifer-satatic-book-handbag-shape-book-p-40613.html HTTP/1.0" 200 71002 "-" "Mozilla/5.0 (Linux; Android 6.0.1; Nexus 5X Build/MMB29P) AppleWebKit/537.36 (KHTML, like Gecko) Chrome/99.0.4844.84 Mobile Safari/537.36 (compatible; Googlebot/2.1; +http://www.google.com/bot.html)"
54.36.148.243 - - [14/Apr/2022:10:17:37 +0200] "GET /polar-blanket-grey-p-55744.html HTTP/1.0" 200 74121 "-" "Mozilla/5.0 (compatible; AhrefsBot/7.0; +http://ahrefs.com/robot/)"
185.191.171.12 - - [14/Apr/2022:10:17:44 +0200] "GET /despicable-magnetic-board-p-32475.html HTTP/1.0" 200 70904 "-" "Mozilla/5.0 (compatible; SemrushBot/7~bl; +http://www.semrush.com/bot.html)"
114.119.137.43 - - [14/Apr/2022:10:18:01 +0200] "GET /images/big_prod_1/8422048821508A.jpg HTTP/1.0" 200 271 "-" "Mozilla/5.0 (Linux; Android 7.0;) AppleWebKit/537.36 (KHTML, like Gecko) Mobile Safari/537.36 (compatible; PetalBot;+https://webmaster.petalsearch.com/site/petalbot)"
185.191.171.34 - - [14/Apr/2022:10:18:26 +0200] "GET /liberty-russian-doll-cushion-cbkreation-p-18495.html?action=add_product HTTP/1.0" 302 476 "-" "Mozilla/5.0 (compatible; SemrushBot/7~bl; +http://www.semrush.com/bot.html)"
54.36.148.243 - - [14/Apr/2022:10:18:32 +0200] "GET /hello-kitty-giant-wall-p-18109.html HTTP/1.0" 200 73418 "-" "Mozilla/5.0 (compatible; AhrefsBot/7.0; +http://ahrefs.com/robot/)"
185.191.171.14 - - [14/Apr/2022:10:19:00 +0200] "GET /cat-michelle-allen-breakfast-set-p-32829.html HTTP/1.0" 301 71001 "-" "Mozilla/5.0 (compatible; SemrushBot/7~bl; +http://www.semrush.com/bot.html)"
185.191.171.1 - - [14/Apr/2022:10:19:03 +0200] "GET /michelle-allen-breakfast-p-32829.html HTTP/1.0" 200 70910 "-" "Mozilla/5.0 (compatible; SemrushBot/7~bl; +http://www.semrush.com/bot.html)"
185.191.171.4 - - [14/Apr/2022:10:19:10 +0200] "GET /cotton-bath-mat-50-80-cm-white-p-49242.html HTTP/1.0" 301 74733 "-" "Mozilla/5.0 (compatible; SemrushBot/7~bl; +http://www.semrush.com/bot.html)"
185.191.171.34 - - [14/Apr/2022:10:19:13 +0200] "GET /cotton-bath-white-p-49242.html HTTP/1.0" 200 74649 "-" "Mozilla/5.0 (compatible; SemrushBot/7~bl; +http://www.semrush.com/bot.html)"
87.250.224.149 - - [14/Apr/2022:10:19:27 +0200] "GET /volkswagen-bully-rectangular-mirror-p-29010.html HTTP/1.0" 200 73515 "-" "Mozilla/5.0 (compatible; YandexBot/3.0; +http://yandex.com/bots)"
54.36.148.243 - - [14/Apr/2022:10:19:38 +0200] "GET /dragonfly-wall-decoration-p-40996.html HTTP/1.0" 200 73566 "-" "Mozilla/5.0 (compatible; AhrefsBot/7.0; +http://ahrefs.com/robot/)"
185.191.171.26 - - [14/Apr/2022:10:19:40 +0200] "GET /vase-white-gray-p-55104.html HTTP/1.0" 200 74310 "-" "Mozilla/5.0 (compatible; SemrushBot/7~bl; +http://www.semrush.com/bot.html)"
185.191.171.8 - - [14/Apr/2022:10:20:09 +0200] "GET /ma-maman-elle-dechire-white-tee-shirt-p-48998.html HTTP/1.0" 301 75591 "-" "Mozilla/5.0 (compatible; SemrushBot/7~bl; +http://www.semrush.com/bot.html)"
185.191.171.4 - - [14/Apr/2022:10:20:15 +0200] "GET /maman-elle-dchire-white-shirt-p-48998.html HTTP/1.0" 200 75495 "-" "Mozilla/5.0 (compatible; SemrushBot/7~bl; +http://www.semrush.com/bot.html)"
185.191.171.3 - - [14/Apr/2022:10:20:18 +0200] "GET /orgone-pyramid-selenite-flower-life-p-44268.html?action=add_product HTTP/1.0" 302 476 "-" "Mozilla/5.0 (compatible; SemrushBot/7~bl; +http://www.semrush.com/bot.html)"
54.36.148.243 - - [14/Apr/2022:10:20:44 +0200] "GET /aluminum-bottle-roaarrr-printed-france-p-56359.html HTTP/1.0" 200 74324 "-" "Mozilla/5.0 (compatible; AhrefsBot/7.0; +http://ahrefs.com/robot/)"
114.119.137.38 - - [14/Apr/2022:10:20:45 +0200] "GET /cats-cactus-pvc-placemat-p-45288.html HTTP/1.0" 301 70973 "-" "Mozilla/5.0 (Linux; Android 7.0;) AppleWebKit/537.36 (KHTML, like Gecko) Mobile Safari/537.36 (compatible; PetalBot;+https://webmaster.petalsearch.com/site/petalbot)"
211.249.40.15 - - [14/Apr/2022:10:20:47 +0200] "GET /images/mini_prod/8012052165813.jpg HTTP/1.0" 200 269 "-" "Mozilla/5.0 (X11; Ubuntu; Linux x86_64; rv:72.0) Gecko/20100101 Firefox/72.0"
114.119.137.38 - - [14/Apr/2022:10:20:47 +0200] "GET /cats-cactus-placemat-p-45288.html HTTP/1.0" 200 70886 "-" "Mozilla/5.0 (Linux; Android 7.0;) AppleWebKit/537.36 (KHTML, like Gecko) Mobile Safari/537.36 (compatible; PetalBot;+https://webmaster.petalsearch.com/site/petalbot)"
17.121.113.218 - - [14/Apr/2022:10:20:48 +0200] "GET /hello-kitty-rainwear-p-31263.html HTTP/1.0" 200 74604 "-" "Mozilla/5.0 (Macintosh; Intel Mac OS X 10_15_5) AppleWebKit/605.1.15 (KHTML, like Gecko) Version/13.1.1 Safari/605.1.15 (Applebot/0.1; +http://www.apple.com/go/applebot)"
95.163.255.138 - - [14/Apr/2022:10:21:11 +0200] "GET /robots.txt HTTP/1.0" 301 531 "-" "Mozilla/5.0 (compatible; Linux x86_64; Mail.RU_Bot/Img/2.0; +http://go.mail.ru/help/robots)"
185.191.171.17 - - [14/Apr/2022:10:21:15 +0200] "GET /fudge-buddha-perfume-diffuser-cracked-ceramic-p-36552.html HTTP/1.0" 200 73774 "-" "Mozilla/5.0 (compatible; SemrushBot/7~bl; +http://www.semrush.com/bot.html)"
95.163.255.138 - - [14/Apr/2022:10:21:18 +0200] "GET /images/6942138907827.jpg HTTP/1.0" 301 559 "http://go.mail.ru/search_images" "Mozilla/5.0 (compatible; Linux x86_64; Mail.RU_Bot/Img/2.0; +http://go.mail.ru/help/robots)"
95.163.255.120 - - [14/Apr/2022:10:21:22 +0200] "GET /images/med_prod/1399984288900.jpg HTTP/1.0" 301 577 "http://go.mail.ru/search_images" "Mozilla/5.0 (compatible; Linux x86_64; Mail.RU_Bot/Img/2.0; +http://go.mail.ru/help/robots)"
95.163.255.120 - - [14/Apr/2022:10:21:26 +0200] "GET /images/4007176126851.jpg HTTP/1.0" 301 559 "http://go.mail.ru/search_images" "Mozilla/5.0 (compatible; Linux x86_64; Mail.RU_Bot/Img/2.0; +http://go.mail.ru/help/robots)"
185.191.171.40 - - [14/Apr/2022:10:21:33 +0200] "GET /kitchen-p-51895.html HTTP/1.0" 200 73516 "-" "Mozilla/5.0 (compatible; SemrushBot/7~bl; +http://www.semrush.com/bot.html)"
95.163.255.120 - - [14/Apr/2022:10:21:42 +0200] "GET /robots.txt HTTP/1.0" 200 245 "-" "Mozilla/5.0 (compatible; Linux x86_64; Mail.RU_Bot/Img/2.0; +http://go.mail.ru/help/robots)"
95.163.255.198 - - [14/Apr/2022:10:21:48 +0200] "GET /images/6942138907827.jpg HTTP/1.0" 200 259 "http://wonder-geek.com/images/6942138907827.jpg" "Mozilla/5.0 (compatible; Linux x86_64; Mail.RU_Bot/Img/2.0; +http://go.mail.ru/help/robots)"
95.163.255.131 - - [14/Apr/2022:10:21:53 +0200] "GET /images/med_prod/1399984288900.jpg HTTP/1.0" 200 268 "http://wonder-geek.com/images/med_prod/1399984288900.jpg" "Mozilla/5.0 (compatible; Linux x86_64; Mail.RU_Bot/Img/2.0; +http://go.mail.ru/help/robots)"
54.36.148.243 - - [14/Apr/2022:10:21:52 +0200] "GET /fitted-sheet-cotton-percale-threads-p-43829.html HTTP/1.0" 200 73768 "-" "Mozilla/5.0 (compatible; AhrefsBot/7.0; +http://ahrefs.com/robot/)"
95.163.255.198 - - [14/Apr/2022:10:21:58 +0200] "GET /images/4007176126851.jpg HTTP/1.0" 200 259 "http://wonder-geek.com/images/4007176126851.jpg" "Mozilla/5.0 (compatible; Linux x86_64; Mail.RU_Bot/Img/2.0; +http://go.mail.ru/help/robots)"
185.191.171.1 - - [14/Apr/2022:10:22:04 +0200] "GET /spiderman-windbreaker-p-32636.html?action=add_product HTTP/1.0" 302 476 "-" "Mozilla/5.0 (compatible; SemrushBot/7~bl; +http://www.semrush.com/bot.html)"
54.36.148.243 - - [14/Apr/2022:10:22:51 +0200] "GET /ford-mustang-metal-plate-p-43607.html HTTP/1.0" 200 73532 "-" "Mozilla/5.0 (compatible; AhrefsBot/7.0; +http://ahrefs.com/robot/)"
155.130.12.208 - - [14/Apr/2022:10:23:12 +0200] "GET /images/mini_prod/9316188087377.jpg HTTP/1.0" 200 269 "-" "Mozilla/5.0 (X11; Ubuntu; Linux x86_64; rv:72.0) Gecko/20100101 Firefox/72.0"
185.191.171.15 - - [14/Apr/2022:10:23:38 +0200] "GET /bamboo-fiber-mattress-protector-p-53662.html?action=add_product HTTP/1.0" 302 476 "-" "Mozilla/5.0 (compatible; SemrushBot/7~bl; +http://www.semrush.com/bot.html)"
185.191.171.26 - - [14/Apr/2022:10:23:57 +0200] "GET /light-holder-pentacle-black-soapstone-wicca-p-44680.html HTTP/1.0" 200 75173 "-" "Mozilla/5.0 (compatible; SemrushBot/7~bl; +http://www.semrush.com/bot.html)"
54.36.148.243 - - [14/Apr/2022:10:24:02 +0200] "GET /bordeaux-lama-with-endless-knott-p-45355.html HTTP/1.0" 200 73909 "-" "Mozilla/5.0 (compatible; AhrefsBot/7.0; +http://ahrefs.com/robot/)"
66.249.64.146 - - [14/Apr/2022:10:24:08 +0200] "GET /miraculous-virgin-prayer-candle-novena-p-44455.html HTTP/1.0" 200 74323 "-" "Mozilla/5.0 (Linux; Android 6.0.1; Nexus 5X Build/MMB29P) AppleWebKit/537.36 (KHTML, like Gecko) Chrome/99.0.4844.84 Mobile Safari/537.36 (compatible; Googlebot/2.1; +http://www.google.com/bot.html)"
185.191.171.19 - - [14/Apr/2022:10:24:26 +0200] "GET /gorjuss-cards-supplied-with-envelope-just-because-p-48391.html?action=add_product HTTP/1.0" 302 476 "-" "Mozilla/5.0 (compatible; SemrushBot/7~bl; +http://www.semrush.com/bot.html)"
185.191.171.38 - - [14/Apr/2022:10:24:43 +0200] "GET /figures-sonny-angel-serie-cactus-complete-p-51724.html?action=add_product HTTP/1.0" 302 476 "-" "Mozilla/5.0 (compatible; SemrushBot/7~bl; +http://www.semrush.com/bot.html)"
113.207.6.244 - - [14/Apr/2022:10:24:47 +0200] "GET /images/mini_prod/5050293803975.jpg HTTP/1.0" 200 269 "-" "Mozilla/5.0 (X11; Ubuntu; Linux x86_64; rv:72.0) Gecko/20100101 Firefox/72.0"
185.191.171.19 - - [14/Apr/2022:10:24:49 +0200] "GET /incense-holder-incense-burner-c-231_229.html?page=1 HTTP/1.0" 200 91525 "-" "Mozilla/5.0 (compatible; SemrushBot/7~bl; +http://www.semrush.com/bot.html)"
114.119.137.38 - - [14/Apr/2022:10:24:58 +0200] "GET /tour-france-little-tray-p-51673.html HTTP/1.0" 200 73550 "-" "Mozilla/5.0 (Linux; Android 7.0;) AppleWebKit/537.36 (KHTML, like Gecko) Mobile Safari/537.36 (compatible; PetalBot;+https://webmaster.petalsearch.com/site/petalbot)"
185.191.171.45 - - [14/Apr/2022:10:24:59 +0200] "GET /gorjuss-eraser-p-43169.html HTTP/1.0" 200 73427 "-" "Mozilla/5.0 (compatible; SemrushBot/7~bl; +http://www.semrush.com/bot.html)"
185.191.171.19 - - [14/Apr/2022:10:25:08 +0200] "GET /unicorn-statue-bronze-aspect-resin-p-52832.html HTTP/1.0" 200 73632 "-" "Mozilla/5.0 (compatible; SemrushBot/7~bl; +http://www.semrush.com/bot.html)"
54.36.148.243 - - [14/Apr/2022:10:25:10 +0200] "GET /bird-origami-verrine-single-p-43300.html HTTP/1.0" 200 73577 "-" "Mozilla/5.0 (compatible; AhrefsBot/7.0; +http://ahrefs.com/robot/)"
185.191.171.42 - - [14/Apr/2022:10:25:20 +0200] "GET /laissez-lucie-faire-wara-glasses-box-p-42668.html HTTP/1.0" 301 71055 "-" "Mozilla/5.0 (compatible; SemrushBot/7~bl; +http://www.semrush.com/bot.html)"
185.191.171.11 - - [14/Apr/2022:10:25:23 +0200] "GET /laissez-lucie-faire-wara-glasses-p-42668.html HTTP/1.0" 200 70956 "-" "Mozilla/5.0 (compatible; SemrushBot/7~bl; +http://www.semrush.com/bot.html)"
216.244.66.242 - - [14/Apr/2022:10:25:37 +0200] "GET /espresso-set-jolie-provence-p-48228.html HTTP/1.0" 301 74189 "-" "Mozilla/5.0 (compatible; DotBot/1.2; +https://opensiteexplorer.org/dotbot; help@moz.com)"
185.191.171.9 - - [14/Apr/2022:10:26:01 +0200] "GET /headrest-cushion-p-54895.html?action=add_product HTTP/1.0" 302 476 "-" "Mozilla/5.0 (compatible; SemrushBot/7~bl; +http://www.semrush.com/bot.html)"
54.36.148.243 - - [14/Apr/2022:10:26:06 +0200] "GET /mural-metal-retro-hanging-p-50188.html HTTP/1.0" 200 73646 "-" "Mozilla/5.0 (compatible; AhrefsBot/7.0; +http://ahrefs.com/robot/)"
114.119.133.245 - - [14/Apr/2022:10:26:30 +0200] "GET /london-shower-curtain-p-34867.html HTTP/1.0" 200 73565 "-" "Mozilla/5.0 (Linux; Android 7.0;) AppleWebKit/537.36 (KHTML, like Gecko) Mobile Safari/537.36 (compatible; PetalBot;+https://webmaster.petalsearch.com/site/petalbot)"
17.121.112.57 - - [14/Apr/2022:10:26:36 +0200] "GET /cardmaking-c-129_128.html?page=2 HTTP/1.0" 200 92877 "-" "Mozilla/5.0 (Macintosh; Intel Mac OS X 10_15_5) AppleWebKit/605.1.15 (KHTML, like Gecko) Version/13.1.1 Safari/605.1.15 (Applebot/0.1; +http://www.apple.com/go/applebot)"
185.191.171.22 - - [14/Apr/2022:10:26:40 +0200] "GET /ceramic-lamp-p-51791.html HTTP/1.0" 200 70862 "-" "Mozilla/5.0 (compatible; SemrushBot/7~bl; +http://www.semrush.com/bot.html)"
185.191.171.42 - - [14/Apr/2022:10:26:49 +0200] "GET /retro-small-cool-bag-lunch-box-24-15-15-cm-p-41493.html HTTP/1.0" 301 71020 "-" "Mozilla/5.0 (compatible; SemrushBot/7~bl; +http://www.semrush.com/bot.html)"
185.191.171.18 - - [14/Apr/2022:10:26:52 +0200] "GET /rtro-small-cool-lunch-p-41493.html HTTP/1.0" 200 70932 "-" "Mozilla/5.0 (compatible; SemrushBot/7~bl; +http://www.semrush.com/bot.html)"
54.36.148.243 - - [14/Apr/2022:10:27:12 +0200] "GET /duvet-cover-side-linen-side-washed-cotton-p-54389.html HTTP/1.0" 200 74338 "-" "Mozilla/5.0 (compatible; AhrefsBot/7.0; +http://ahrefs.com/robot/)"
185.191.171.20 - - [14/Apr/2022:10:27:27 +0200] "GET /adult-apron-p-45928.html HTTP/1.0" 200 73348 "-" "Mozilla/5.0 (compatible; SemrushBot/7~bl; +http://www.semrush.com/bot.html)"
185.191.171.37 - - [14/Apr/2022:10:27:56 +0200] "GET /rabab-porcelain-bowl-p-47863.html?action=add_product HTTP/1.0" 302 476 "-" "Mozilla/5.0 (compatible; SemrushBot/7~bl; +http://www.semrush.com/bot.html)"
185.191.171.4 - - [14/Apr/2022:10:28:02 +0200] "GET /cherry-blossoms-red-tea-box-p-39296.html HTTP/1.0" 301 73724 "-" "Mozilla/5.0 (compatible; SemrushBot/7~bl; +http://www.semrush.com/bot.html)"
185.191.171.10 - - [14/Apr/2022:10:28:06 +0200] "GET /cherry-blossoms-p-39296.html HTTP/1.0" 200 73642 "-" "Mozilla/5.0 (compatible; SemrushBot/7~bl; +http://www.semrush.com/bot.html)"
185.191.171.9 - - [14/Apr/2022:10:28:13 +0200] "GET /the-ballerina-statue-collection-body-talk-p-38819.html HTTP/1.0" 301 74388 "-" "Mozilla/5.0 (compatible; SemrushBot/7~bl; +http://www.semrush.com/bot.html)"
185.191.171.17 - - [14/Apr/2022:10:28:16 +0200] "GET /ballerina-statue-collection-body-talk-p-38819.html HTTP/1.0" 200 74284 "-" "Mozilla/5.0 (compatible; SemrushBot/7~bl; +http://www.semrush.com/bot.html)"
185.191.171.35 - - [14/Apr/2022:10:28:24 +0200] "GET /robots.txt HTTP/1.0" 200 245 "-" "Mozilla/5.0 (compatible; SemrushBot/7~bl; +http://www.semrush.com/bot.html)"
185.191.171.1 - - [14/Apr/2022:10:28:24 +0200] "GET /zero-ghostly-from-nightmare-figurine-p-57428.html HTTP/1.0" 200 74625 "-" "Mozilla/5.0 (compatible; SemrushBot/7~bl; +http://www.semrush.com/bot.html)"
54.36.148.243 - - [14/Apr/2022:10:28:27 +0200] "GET /good-year-tires-p-45966.html HTTP/1.0" 200 73391 "-" "Mozilla/5.0 (compatible; AhrefsBot/7.0; +http://ahrefs.com/robot/)"
185.191.171.41 - - [14/Apr/2022:10:28:30 +0200] "GET /cotton-towel-retro-style-p-43991.html HTTP/1.0" 200 73466 "-" "Mozilla/5.0 (compatible; SemrushBot/7~bl; +http://www.semrush.com/bot.html)"
185.191.171.37 - - [14/Apr/2022:10:28:37 +0200] "GET /votive-candle-hours-paradise-sunset-p-39902.html?action=add_product HTTP/1.0" 302 476 "-" "Mozilla/5.0 (compatible; SemrushBot/7~bl; +http://www.semrush.com/bot.html)"
185.191.171.10 - - [14/Apr/2022:10:28:57 +0200] "GET /soft-silicon-case-black-blocks-for-iphone-series-p-18908.html HTTP/1.0" 301 71094 "-" "Mozilla/5.0 (compatible; SemrushBot/7~bl; +http://www.semrush.com/bot.html)"
185.191.171.24 - - [14/Apr/2022:10:29:00 +0200] "GET /soft-silicon-case-black-blocks-iphone-sries-p-18908.html HTTP/1.0" 200 70984 "-" "Mozilla/5.0 (compatible; SemrushBot/7~bl; +http://www.semrush.com/bot.html)"
54.36.148.243 - - [14/Apr/2022:10:29:26 +0200] "GET /chakra-banner-p-47232.html HTTP/1.0" 200 73597 "-" "Mozilla/5.0 (compatible; AhrefsBot/7.0; +http://ahrefs.com/robot/)"
51.68.224.127 - - [14/Apr/2022:10:29:38 +0200] "GET /adminweb/export_orders_xml.php?token=256de2z6edz6ed2z6DFSFsed2zed6zeDSFDSGdzedezfzf&maxorders=10&orderstart=1&status=14&start_date=2018-10-01 HTTP/1.0" 200 285 "-" "GesCom CharlotteBoutik Serveur"
51.68.224.127 - - [14/Apr/2022:10:29:38 +0200] "GET /adminweb/export_orders_xml.php?token=256de2z6edz6ed2z6DFSFsed2zed6zeDSFDSGdzedezfzf&maxorders=10&orderstart=1&status=6&start_date=2018-10-01 HTTP/1.0" 200 32865 "-" "GesCom CharlotteBoutik Serveur"
185.191.171.11 - - [14/Apr/2022:10:29:46 +0200] "GET /portugal-glass-cutting-board-cbkreation-p-51182.html?action=add_product HTTP/1.0" 302 476 "-" "Mozilla/5.0 (compatible; SemrushBot/7~bl; +http://www.semrush.com/bot.html)"
185.191.171.36 - - [14/Apr/2022:10:29:51 +0200] "GET /noddy-bingo-p-2579.html HTTP/1.0" 301 70872 "-" "Mozilla/5.0 (compatible; SemrushBot/7~bl; +http://www.semrush.com/bot.html)"
185.191.171.10 - - [14/Apr/2022:10:29:54 +0200] "GET /-p-2579.html HTTP/1.0" 200 70806 "-" "Mozilla/5.0 (compatible; SemrushBot/7~bl; +http://www.semrush.com/bot.html)"
185.191.171.22 - - [14/Apr/2022:10:29:58 +0200] "GET /spiderman-red-swimsuit-p-30826.html HTTP/1.0" 301 70875 "-" "Mozilla/5.0 (compatible; SemrushBot/7~bl; +http://www.semrush.com/bot.html)"
185.191.171.34 - - [14/Apr/2022:10:30:01 +0200] "GET /-p-30826.html HTTP/1.0" 200 70808 "-" "Mozilla/5.0 (compatible; SemrushBot/7~bl; +http://www.semrush.com/bot.html)"
147.92.153.7 - - [14/Apr/2022:10:30:11 +0200] "GET /cotton-floor-cushion-agathe-p-57826.html HTTP/1.0" 200 74341 "-" "Mozilla/5.0 (compatible; Linespider/1.1; +https://lin.ee/4dwXkTH)"
216.244.66.242 - - [14/Apr/2022:10:30:14 +0200] "GET /cat-tea-ball-beige-p-38025.html HTTP/1.0" 301 73472 "-" "Mozilla/5.0 (compatible; DotBot/1.2; +https://opensiteexplorer.org/dotbot; help@moz.com)"
185.191.171.9 - - [14/Apr/2022:10:30:34 +0200] "GET /fitted-sheet-cotton-percale-threads-p-51249.html HTTP/1.0" 200 74430 "-" "Mozilla/5.0 (compatible; SemrushBot/7~bl; +http://www.semrush.com/bot.html)"
54.36.148.243 - - [14/Apr/2022:10:30:38 +0200] "GET /goofy-mini-figurine-p-55969.html HTTP/1.0" 200 74570 "-" "Mozilla/5.0 (compatible; AhrefsBot/7.0; +http://ahrefs.com/robot/)"
216.244.66.242 - - [14/Apr/2022:10:30:40 +0200] "GET /bordeaux-potholder-and-glove-set-p-44196.html HTTP/1.0" 301 70875 "-" "Mozilla/5.0 (compatible; DotBot/1.2; +https://opensiteexplorer.org/dotbot; help@moz.com)"
185.191.171.39 - - [14/Apr/2022:10:31:03 +0200] "GET /quote-wooden-wall-decoration-to-hang-p-43076.html HTTP/1.0" 301 70875 "-" "Mozilla/5.0 (compatible; SemrushBot/7~bl; +http://www.semrush.com/bot.html)"
216.244.66.242 - - [14/Apr/2022:10:31:06 +0200] "GET /eeyore-melancholy-in-bloom-glitter-globe-collection-p-20276.html HTTP/1.0" 301 75416 "-" "Mozilla/5.0 (compatible; DotBot/1.2; +https://opensiteexplorer.org/dotbot; help@moz.com)"
185.191.171.26 - - [14/Apr/2022:10:31:07 +0200] "GET /-p-43076.html HTTP/1.0" 200 70808 "-" "Mozilla/5.0 (compatible; SemrushBot/7~bl; +http://www.semrush.com/bot.html)"
54.36.148.243 - - [14/Apr/2022:10:31:50 +0200] "GET /light-wood-table-lamp-scandinavian-spirit-p-52173.html HTTP/1.0" 200 74573 "-" "Mozilla/5.0 (compatible; AhrefsBot/7.0; +http://ahrefs.com/robot/)"
66.249.64.158 - - [14/Apr/2022:10:32:04 +0200] "GET /rectangular-indoor-carpet-p-53900.html HTTP/1.0" 200 74268 "-" "Mozilla/5.0 (Linux; Android 6.0.1; Nexus 5X Build/MMB29P) AppleWebKit/537.36 (KHTML, like Gecko) Chrome/99.0.4844.84 Mobile Safari/537.36 (compatible; Googlebot/2.1; +http://www.google.com/bot.html)"
185.191.171.12 - - [14/Apr/2022:10:32:18 +0200] "GET /glass-glitter-paperweight-p-56011.html HTTP/1.0" 200 74104 "-" "Mozilla/5.0 (compatible; SemrushBot/7~bl; +http://www.semrush.com/bot.html)"
185.191.171.8 - - [14/Apr/2022:10:32:28 +0200] "GET /musical-keyring-nici-just-married-p-13815.html?action=add_product HTTP/1.0" 302 476 "-" "Mozilla/5.0 (compatible; SemrushBot/7~bl; +http://www.semrush.com/bot.html)"
185.191.171.1 - - [14/Apr/2022:10:32:31 +0200] "GET /kimmidoll-heart-keyring-p-32399.html HTTP/1.0" 200 73513 "-" "Mozilla/5.0 (compatible; SemrushBot/7~bl; +http://www.semrush.com/bot.html)"
185.191.171.34 - - [14/Apr/2022:10:32:49 +0200] "GET /duvet-cover-cotton-percale-threads-p-48210.html?action=add_product HTTP/1.0" 302 476 "-" "Mozilla/5.0 (compatible; SemrushBot/7~bl; +http://www.semrush.com/bot.html)"
54.36.148.243 - - [14/Apr/2022:10:33:06 +0200] "GET /russian-metal-keychain-cbkreation-p-23490.html HTTP/1.0" 200 75043 "-" "Mozilla/5.0 (compatible; AhrefsBot/7.0; +http://ahrefs.com/robot/)"
185.191.171.34 - - [14/Apr/2022:10:33:18 +0200] "GET /white-lama-piggy-bank-p-47723.html?action=add_product HTTP/1.0" 302 476 "-" "Mozilla/5.0 (compatible; SemrushBot/7~bl; +http://www.semrush.com/bot.html)"
211.249.40.15 - - [14/Apr/2022:10:33:28 +0200] "GET /images/mini_prod/3700276281826050720122.jpg HTTP/1.0" 200 278 "-" "Mozilla/5.0 (X11; Ubuntu; Linux x86_64; rv:72.0) Gecko/20100101 Firefox/72.0"
185.191.171.4 - - [14/Apr/2022:10:33:27 +0200] "GET /dishes-c-12.html?page=114 HTTP/1.0" 200 92493 "-" "Mozilla/5.0 (compatible; SemrushBot/7~bl; +http://www.semrush.com/bot.html)"
185.191.171.40 - - [14/Apr/2022:10:33:54 +0200] "GET /-p-26147.html?action=add_product HTTP/1.0" 302 476 "-" "Mozilla/5.0 (compatible; SemrushBot/7~bl; +http://www.semrush.com/bot.html)"
54.36.148.243 - - [14/Apr/2022:10:34:20 +0200] "GET /medusa-glass-paperweight-p-53638.html HTTP/1.0" 200 73450 "-" "Mozilla/5.0 (compatible; AhrefsBot/7.0; +http://ahrefs.com/robot/)"
185.191.171.17 - - [14/Apr/2022:10:34:24 +0200] "GET /marilyn-monroe-seven-year-itch-mirror-p-29037.html?action=add_product HTTP/1.0" 302 476 "-" "Mozilla/5.0 (compatible; SemrushBot/7~bl; +http://www.semrush.com/bot.html)"
185.191.171.42 - - [14/Apr/2022:10:35:16 +0200] "GET /-p-35787.html?action=add_product HTTP/1.0" 302 476 "-" "Mozilla/5.0 (compatible; SemrushBot/7~bl; +http://www.semrush.com/bot.html)"
54.36.148.243 - - [14/Apr/2022:10:35:35 +0200] "GET /beatles-p-29681.html HTTP/1.0" 200 73307 "-" "Mozilla/5.0 (compatible; AhrefsBot/7.0; +http://ahrefs.com/robot/)"
185.191.171.18 - - [14/Apr/2022:10:36:03 +0200] "GET /zhu-zhu-pets-bedclothes-140x200-p-8231.html HTTP/1.0" 301 73792 "-" "Mozilla/5.0 (compatible; SemrushBot/7~bl; +http://www.semrush.com/bot.html)"
185.191.171.7 - - [14/Apr/2022:10:36:09 +0200] "GET /pets-bedclothes-140x200-p-8231.html HTTP/1.0" 200 73703 "-" "Mozilla/5.0 (compatible; SemrushBot/7~bl; +http://www.semrush.com/bot.html)"
185.191.171.41 - - [14/Apr/2022:10:36:24 +0200] "GET /cats-isothermic-stainless-steel-bottle-by-allen-p-51919.html HTTP/1.0" 301 74417 "-" "Mozilla/5.0 (compatible; SemrushBot/7~bl; +http://www.semrush.com/bot.html)"
114.119.137.45 - - [14/Apr/2022:10:36:26 +0200] "GET /wooden-boxes-and-storage-c-13_150_220.html HTTP/1.0" 301 91026 "-" "Mozilla/5.0 (Linux; Android 7.0;) AppleWebKit/537.36 (KHTML, like Gecko) Mobile Safari/537.36 (compatible; PetalBot;+https://webmaster.petalsearch.com/site/petalbot)"
185.191.171.20 - - [14/Apr/2022:10:36:27 +0200] "GET /cats-isothermic-stainless-steel-bottle-allen-p-51919.html HTTP/1.0" 200 74306 "-" "Mozilla/5.0 (compatible; SemrushBot/7~bl; +http://www.semrush.com/bot.html)"
114.119.137.45 - - [14/Apr/2022:10:36:31 +0200] "GET /wooden-boxes-storage-c-220.html HTTP/1.0" 301 90780 "-" "Mozilla/5.0 (Linux; Android 7.0;) AppleWebKit/537.36 (KHTML, like Gecko) Mobile Safari/537.36 (compatible; PetalBot;+https://webmaster.petalsearch.com/site/petalbot)"
185.191.171.8 - - [14/Apr/2022:10:36:32 +0200] "GET /toy-story-gray-polar-cat-54-cm-p-23967.html HTTP/1.0" 301 71004 "-" "Mozilla/5.0 (compatible; SemrushBot/7~bl; +http://www.semrush.com/bot.html)"
114.119.137.45 - - [14/Apr/2022:10:36:33 +0200] "GET /wooden-boxes-storage-c-13_150_220.html HTTP/1.0" 200 90941 "-" "Mozilla/5.0 (Linux; Android 7.0;) AppleWebKit/537.36 (KHTML, like Gecko) Mobile Safari/537.36 (compatible; PetalBot;+https://webmaster.petalsearch.com/site/petalbot)"
185.191.171.18 - - [14/Apr/2022:10:36:35 +0200] "GET /story-gray-polar-p-23967.html HTTP/1.0" 200 70921 "-" "Mozilla/5.0 (compatible; SemrushBot/7~bl; +http://www.semrush.com/bot.html)"
185.191.171.4 - - [14/Apr/2022:10:36:38 +0200] "GET /gorjuss-case-criterium-p-38212.html?action=add_product HTTP/1.0" 302 476 "-" "Mozilla/5.0 (compatible; SemrushBot/7~bl; +http://www.semrush.com/bot.html)"
54.36.148.243 - - [14/Apr/2022:10:36:41 +0200] "GET /hanging-iron-structure-flamingo-p-48638.html HTTP/1.0" 200 73612 "-" "Mozilla/5.0 (compatible; AhrefsBot/7.0; +http://ahrefs.com/robot/)"
185.191.171.22 - - [14/Apr/2022:10:37:08 +0200] "GET /fragrances-ambiance-c-231.html?page=41 HTTP/1.0" 200 94226 "-" "Mozilla/5.0 (compatible; SemrushBot/7~bl; +http://www.semrush.com/bot.html)"
185.191.171.16 - - [14/Apr/2022:10:37:12 +0200] "GET /eccentric-dog-mug-p-39706.html HTTP/1.0" 301 73473 "-" "Mozilla/5.0 (compatible; SemrushBot/7~bl; +http://www.semrush.com/bot.html)"
185.191.171.1 - - [14/Apr/2022:10:37:15 +0200] "GET /eccentric-p-39706.html HTTP/1.0" 200 73397 "-" "Mozilla/5.0 (compatible; SemrushBot/7~bl; +http://www.semrush.com/bot.html)"
185.191.171.5 - - [14/Apr/2022:10:37:22 +0200] "GET /princess-maxi-mirror-effect-wall-sticker-p-5947.html?action=add_product HTTP/1.0" 302 476 "-" "Mozilla/5.0 (compatible; SemrushBot/7~bl; +http://www.semrush.com/bot.html)"
54.36.148.243 - - [14/Apr/2022:10:37:43 +0200] "GET /mickey-minnie-mini-figurine-p-55968.html HTTP/1.0" 200 74897 "-" "Mozilla/5.0 (compatible; AhrefsBot/7.0; +http://ahrefs.com/robot/)"
216.244.66.242 - - [14/Apr/2022:10:37:47 +0200] "GET /placemat-italian-menu-restaurant-p-57515.html HTTP/1.0" 200 73477 "-" "Mozilla/5.0 (compatible; DotBot/1.2; +https://opensiteexplorer.org/dotbot; help@moz.com)"
185.191.171.24 - - [14/Apr/2022:10:38:01 +0200] "GET /little-buddha-magnet-green-p-50264.html?action=add_product HTTP/1.0" 302 476 "-" "Mozilla/5.0 (compatible; SemrushBot/7~bl; +http://www.semrush.com/bot.html)"
185.191.171.3 - - [14/Apr/2022:10:38:16 +0200] "GET /kittens-stickers-p-38344.html?action=add_product HTTP/1.0" 302 476 "-" "Mozilla/5.0 (compatible; SemrushBot/7~bl; +http://www.semrush.com/bot.html)"
211.249.40.15 - - [14/Apr/2022:10:38:38 +0200] "GET /images/mini_prod/5213199036063.jpg HTTP/1.0" 200 269 "-" "Mozilla/5.0 (X11; Ubuntu; Linux x86_64; rv:72.0) Gecko/20100101 Firefox/72.0"
54.36.148.243 - - [14/Apr/2022:10:38:47 +0200] "GET /megve-rochebrune-ring-p-50006.html HTTP/1.0" 200 73510 "-" "Mozilla/5.0 (compatible; AhrefsBot/7.0; +http://ahrefs.com/robot/)"
185.191.171.4 - - [14/Apr/2022:10:39:25 +0200] "GET /leather-anchor-bracelet-p-43754.html HTTP/1.0" 200 73478 "-" "Mozilla/5.0 (compatible; SemrushBot/7~bl; +http://www.semrush.com/bot.html)"
157.55.39.144 - - [14/Apr/2022:10:39:34 +0200] "GET /harley-davidson-vintage-logo-metal-plate-p-12546.html HTTP/1.0" 200 73535 "-" "Mozilla/5.0 (compatible; bingbot/2.0; +http://www.bing.com/bingbot.htm)"
185.191.171.8 - - [14/Apr/2022:10:39:34 +0200] "GET /archangel-michael-statuette-p-48911.html?action=add_product HTTP/1.0" 302 476 "-" "Mozilla/5.0 (compatible; SemrushBot/7~bl; +http://www.semrush.com/bot.html)"
114.119.137.38 - - [14/Apr/2022:10:39:46 +0200] "GET /decorative-plaque-wood-virginia-p-48596.html HTTP/1.0" 200 74235 "-" "Mozilla/5.0 (Linux; Android 7.0;) AppleWebKit/537.36 (KHTML, like Gecko) Mobile Safari/537.36 (compatible; PetalBot;+https://webmaster.petalsearch.com/site/petalbot)"
185.191.171.3 - - [14/Apr/2022:10:39:48 +0200] "GET /coasters-c-12_157.html?page=4 HTTP/1.0" 200 93532 "-" "Mozilla/5.0 (compatible; SemrushBot/7~bl; +http://www.semrush.com/bot.html)"
54.36.148.243 - - [14/Apr/2022:10:40:00 +0200] "GET /placemat-kiub-collection-bike-p-55907.html HTTP/1.0" 200 73577 "-" "Mozilla/5.0 (compatible; AhrefsBot/7.0; +http://ahrefs.com/robot/)"
216.244.66.242 - - [14/Apr/2022:10:40:32 +0200] "GET /black-fancy-elastic-bracelet-p-43726.html HTTP/1.0" 200 73448 "-" "Mozilla/5.0 (compatible; DotBot/1.2; +https://opensiteexplorer.org/dotbot; help@moz.com)"
216.244.66.242 - - [14/Apr/2022:10:40:39 +0200] "GET /freshener-heart-home-sweet-p-40565.html HTTP/1.0" 200 73811 "-" "Mozilla/5.0 (compatible; DotBot/1.2; +https://opensiteexplorer.org/dotbot; help@moz.com)"
185.191.171.9 - - [14/Apr/2022:10:40:45 +0200] "GET /incense-stick-holder-om784-p-43936.html?action=add_product HTTP/1.0" 302 476 "-" "Mozilla/5.0 (compatible; SemrushBot/7~bl; +http://www.semrush.com/bot.html)"
185.191.171.26 - - [14/Apr/2022:10:40:49 +0200] "GET /corsica-box-of-coasters-p-44319.html HTTP/1.0" 301 73476 "-" "Mozilla/5.0 (compatible; SemrushBot/7~bl; +http://www.semrush.com/bot.html)"
185.191.171.18 - - [14/Apr/2022:10:40:53 +0200] "GET /corsica-coasters-p-44319.html HTTP/1.0" 200 73393 "-" "Mozilla/5.0 (compatible; SemrushBot/7~bl; +http://www.semrush.com/bot.html)"
185.191.171.33 - - [14/Apr/2022:10:40:56 +0200] "GET /feng-shui-flower-life-champagne-coloured-p-53468.html?action=add_product HTTP/1.0" 302 476 "-" "Mozilla/5.0 (compatible; SemrushBot/7~bl; +http://www.semrush.com/bot.html)"
185.191.171.40 - - [14/Apr/2022:10:41:12 +0200] "GET /dishes-c-12.html?page=8 HTTP/1.0" 200 91905 "-" "Mozilla/5.0 (compatible; SemrushBot/7~bl; +http://www.semrush.com/bot.html)"
54.36.148.243 - - [14/Apr/2022:10:41:14 +0200] "GET /figurine-sonny-angel-christmas-2021-series-p-56923.html HTTP/1.0" 200 74642 "-" "Mozilla/5.0 (compatible; AhrefsBot/7.0; +http://ahrefs.com/robot/)"
185.191.171.7 - - [14/Apr/2022:10:41:18 +0200] "GET /pitcher-collection-boho-p-57342.html HTTP/1.0" 200 74033 "-" "Mozilla/5.0 (compatible; SemrushBot/7~bl; +http://www.semrush.com/bot.html)"
185.191.171.8 - - [14/Apr/2022:10:41:29 +0200] "GET /singe-table-lamp-base-p-50809.html?action=add_product HTTP/1.0" 302 476 "-" "Mozilla/5.0 (compatible; SemrushBot/7~bl; +http://www.semrush.com/bot.html)"
185.191.171.23 - - [14/Apr/2022:10:41:43 +0200] "GET /wooden-wall-decor-twin-flames-p-46238.html?action=add_product HTTP/1.0" 302 476 "-" "Mozilla/5.0 (compatible; SemrushBot/7~bl; +http://www.semrush.com/bot.html)"
185.191.171.9 - - [14/Apr/2022:10:42:07 +0200] "GET /minnie-mouse-hair-ornements-p-19281.html?action=add_product HTTP/1.0" 302 476 "-" "Mozilla/5.0 (compatible; SemrushBot/7~bl; +http://www.semrush.com/bot.html)"
54.36.148.243 - - [14/Apr/2022:10:42:16 +0200] "GET /wood-metal-frame-buffalo-skull-p-45870.html HTTP/1.0" 200 73630 "-" "Mozilla/5.0 (compatible; AhrefsBot/7.0; +http://ahrefs.com/robot/)"
185.191.171.17 - - [14/Apr/2022:10:43:14 +0200] "GET /cats-bowl-p-45496.html?action=add_product HTTP/1.0" 302 476 "-" "Mozilla/5.0 (compatible; SemrushBot/7~bl; +http://www.semrush.com/bot.html)"
185.191.171.1 - - [14/Apr/2022:10:43:39 +0200] "GET /blue-rabbit-money-p-55567.html HTTP/1.0" 200 73481 "-" "Mozilla/5.0 (compatible; SemrushBot/7~bl; +http://www.semrush.com/bot.html)"
54.36.148.243 - - [14/Apr/2022:10:43:40 +0200] "GET /indian-motorcycle-metal-plate-deco-p-42343.html HTTP/1.0" 200 73678 "-" "Mozilla/5.0 (compatible; AhrefsBot/7.0; +http://ahrefs.com/robot/)"
185.191.171.26 - - [14/Apr/2022:10:43:57 +0200] "GET /tour-france-ceramic-money-p-52191.html?action=add_product HTTP/1.0" 302 476 "-" "Mozilla/5.0 (compatible; SemrushBot/7~bl; +http://www.semrush.com/bot.html)"
185.191.171.8 - - [14/Apr/2022:10:43:59 +0200] "GET /yuna-kimmidoll-necklace-swarovski-p-15877.html HTTP/1.0" 301 70875 "-" "Mozilla/5.0 (compatible; SemrushBot/7~bl; +http://www.semrush.com/bot.html)"
185.191.171.21 - - [14/Apr/2022:10:44:02 +0200] "GET /-p-15877.html HTTP/1.0" 200 70808 "-" "Mozilla/5.0 (compatible; SemrushBot/7~bl; +http://www.semrush.com/bot.html)"
185.191.171.1 - - [14/Apr/2022:10:44:17 +0200] "GET /zen-mug-by-cbkreation-p-47703.html HTTP/1.0" 301 73498 "-" "Mozilla/5.0 (compatible; SemrushBot/7~bl; +http://www.semrush.com/bot.html)"
185.191.171.10 - - [14/Apr/2022:10:44:22 +0200] "GET /cbkreation-p-47703.html HTTP/1.0" 200 73421 "-" "Mozilla/5.0 (compatible; SemrushBot/7~bl; +http://www.semrush.com/bot.html)"
185.191.171.11 - - [14/Apr/2022:10:44:43 +0200] "GET /teo-jasmin-set-cups-espresso-p-32919.html HTTP/1.0" 301 70985 "-" "Mozilla/5.0 (compatible; SemrushBot/7~bl; +http://www.semrush.com/bot.html)"
185.191.171.16 - - [14/Apr/2022:10:44:46 +0200] "GET /jasmin-cups-espresso-p-32919.html HTTP/1.0" 200 70898 "-" "Mozilla/5.0 (compatible; SemrushBot/7~bl; +http://www.semrush.com/bot.html)"
54.36.148.243 - - [14/Apr/2022:10:44:46 +0200] "GET /clin-oeil-interior-yellow-tassen-porcelain-bowl-p-54699.html HTTP/1.0" 200 75244 "-" "Mozilla/5.0 (compatible; AhrefsBot/7.0; +http://ahrefs.com/robot/)"
185.191.171.4 - - [14/Apr/2022:10:45:46 +0200] "GET /paris-moulin-rouge-metal-magnet-p-14646.html?action=add_product HTTP/1.0" 302 476 "-" "Mozilla/5.0 (compatible; SemrushBot/7~bl; +http://www.semrush.com/bot.html)"
51.68.224.127 - - [14/Apr/2022:10:45:56 +0200] "GET /adminweb/export_orders_xml.php?token=256de2z6edz6ed2z6DFSFsed2zed6zeDSFDSGdzedezfzf&maxorders=10&orderstart=1&status=14&start_date=2018-10-01 HTTP/1.0" 200 285 "-" "GesCom CharlotteBoutik Serveur"
51.68.224.127 - - [14/Apr/2022:10:45:56 +0200] "GET /adminweb/export_orders_xml.php?token=256de2z6edz6ed2z6DFSFsed2zed6zeDSFDSGdzedezfzf&maxorders=10&orderstart=1&status=6&start_date=2018-10-01 HTTP/1.0" 200 32865 "-" "GesCom CharlotteBoutik Serveur"
185.191.171.21 - - [14/Apr/2022:10:45:58 +0200] "GET /brown-statuette-p-47414.html?action=add_product HTTP/1.0" 302 476 "-" "Mozilla/5.0 (compatible; SemrushBot/7~bl; +http://www.semrush.com/bot.html)"
54.36.148.243 - - [14/Apr/2022:10:46:02 +0200] "GET /jasmin-medium-cabas-p-44213.html HTTP/1.0" 200 74356 "-" "Mozilla/5.0 (compatible; AhrefsBot/7.0; +http://ahrefs.com/robot/)"
114.119.137.31 - - [14/Apr/2022:10:46:17 +0200] "GET /corsica-white-mug-p-43558.html HTTP/1.0" 301 73471 "-" "Mozilla/5.0 (Linux; Android 7.0;) AppleWebKit/537.36 (KHTML, like Gecko) Mobile Safari/537.36 (compatible; PetalBot;+https://webmaster.petalsearch.com/site/petalbot)"
114.119.137.31 - - [14/Apr/2022:10:46:19 +0200] "GET /corsica-white-p-43558.html HTTP/1.0" 200 73391 "-" "Mozilla/5.0 (Linux; Android 7.0;) AppleWebKit/537.36 (KHTML, like Gecko) Mobile Safari/537.36 (compatible; PetalBot;+https://webmaster.petalsearch.com/site/petalbot)"
54.36.148.243 - - [14/Apr/2022:10:47:14 +0200] "GET /boho-canvas-frame-dream-p-47305.html HTTP/1.0" 200 73566 "-" "Mozilla/5.0 (compatible; AhrefsBot/7.0; +http://ahrefs.com/robot/)"
66.249.64.146 - - [14/Apr/2022:10:47:28 +0200] "GET /sweaters-sweatshirts-vests-c-2_37.html HTTP/1.0" 200 69840 "-" "Mozilla/5.0 (compatible; Googlebot/2.1; +http://www.google.com/bot.html)"
185.191.171.9 - - [14/Apr/2022:10:47:29 +0200] "GET /-p-151.html?action=add_product HTTP/1.0" 302 476 "-" "Mozilla/5.0 (compatible; SemrushBot/7~bl; +http://www.semrush.com/bot.html)"
185.191.171.18 - - [14/Apr/2022:10:47:34 +0200] "GET /london-metal-keyring-mail-p-35350.html HTTP/1.0" 200 73511 "-" "Mozilla/5.0 (compatible; SemrushBot/7~bl; +http://www.semrush.com/bot.html)"
87.250.224.149 - - [14/Apr/2022:10:47:36 +0200] "GET /coasters-franc-cbkreation-p-24285.html HTTP/1.0" 200 73563 "-" "Mozilla/5.0 (compatible; YandexBot/3.0; +http://yandex.com/bots)"
185.191.171.15 - - [14/Apr/2022:10:47:42 +0200] "GET /large-hanging-clock-retro-metal-and-wood-76-cm-p-51997.html HTTP/1.0" 301 73870 "-" "Mozilla/5.0 (compatible; SemrushBot/7~bl; +http://www.semrush.com/bot.html)"
185.191.171.12 - - [14/Apr/2022:10:47:46 +0200] "GET /large-hanging-clock-retro-metal-wood-p-51997.html HTTP/1.0" 200 73767 "-" "Mozilla/5.0 (compatible; SemrushBot/7~bl; +http://www.semrush.com/bot.html)"
45.157.213.229 - - [14/Apr/2022:10:48:06 +0200] "GET / HTTP/1.0" 200 151419 "http://www.wonder-geek.com/" "Mozilla/5.0 (Windows NT 10.0) AppleWebKit/537.36 (KHTML, like Gecko) Chrome/90.0.4430.72 Safari/537.36"
185.191.171.13 - - [14/Apr/2022:10:48:22 +0200] "GET /mani-lucky-charm-size-chance-p-33279.html?action=add_product HTTP/1.0" 302 476 "-" "Mozilla/5.0 (compatible; SemrushBot/7~bl; +http://www.semrush.com/bot.html)"
54.36.148.243 - - [14/Apr/2022:10:48:31 +0200] "GET /wall-decoration-green-tabby-p-41105.html HTTP/1.0" 200 73562 "-" "Mozilla/5.0 (compatible; AhrefsBot/7.0; +http://ahrefs.com/robot/)"
185.191.171.26 - - [14/Apr/2022:10:48:47 +0200] "GET /kimmidoll-doll-p-47587.html?action=add_product HTTP/1.0" 302 476 "-" "Mozilla/5.0 (compatible; SemrushBot/7~bl; +http://www.semrush.com/bot.html)"
185.191.171.10 - - [14/Apr/2022:10:49:36 +0200] "GET /household-linen/linen-bed/tour-eiffel-2cv-bedclothes-p-15120.html HTTP/1.0" 301 70875 "-" "Mozilla/5.0 (compatible; SemrushBot/7~bl; +http://www.semrush.com/bot.html)"
185.191.171.21 - - [14/Apr/2022:10:49:41 +0200] "GET /-p-15120.html HTTP/1.0" 200 70808 "-" "Mozilla/5.0 (compatible; SemrushBot/7~bl; +http://www.semrush.com/bot.html)"
54.36.148.243 - - [14/Apr/2022:10:49:42 +0200] "GET /theme-provence-tree-leaves-tisanire-p-44474.html HTTP/1.0" 200 73643 "-" "Mozilla/5.0 (compatible; AhrefsBot/7.0; +http://ahrefs.com/robot/)"
185.191.171.40 - - [14/Apr/2022:10:49:49 +0200] "GET /birds-palette-knife-p-41593.html HTTP/1.0" 200 73374 "-" "Mozilla/5.0 (compatible; SemrushBot/7~bl; +http://www.semrush.com/bot.html)"
17.121.115.211 - - [14/Apr/2022:10:50:03 +0200] "GET /small-baby-teeth-blue-small-mouse-p-44655.html HTTP/1.0" 200 73725 "-" "Mozilla/5.0 (Macintosh; Intel Mac OS X 10_15_5) AppleWebKit/605.1.15 (KHTML, like Gecko) Version/13.1.1 Safari/605.1.15 (Applebot/0.1; +http://www.apple.com/go/applebot)"
185.191.171.18 - - [14/Apr/2022:10:50:25 +0200] "GET /johnny-hallyday-decorative-wood-plaque-p-43490.html HTTP/1.0" 200 73613 "-" "Mozilla/5.0 (compatible; SemrushBot/7~bl; +http://www.semrush.com/bot.html)"
94.130.19.112 - - [14/Apr/2022:10:50:57 +0200] "GET /images/mini_prod/5018997513248.jpg HTTP/1.0" 200 269 "-" "Mozilla/5.0 (X11; Ubuntu; Linux x86_64; rv:72.0) Gecko/20100101 Firefox/72.0"
54.36.148.243 - - [14/Apr/2022:10:51:06 +0200] "GET /blue-zigzag-flower-p-51108.html HTTP/1.0" 200 73471 "-" "Mozilla/5.0 (compatible; AhrefsBot/7.0; +http://ahrefs.com/robot/)"
185.191.171.18 - - [14/Apr/2022:10:51:12 +0200] "GET /your-party-small-glass-cups-michelle-allen-designs-p-36961.html?action=add_product HTTP/1.0" 302 476 "-" "Mozilla/5.0 (compatible; SemrushBot/7~bl; +http://www.semrush.com/bot.html)"
185.191.171.5 - - [14/Apr/2022:10:51:18 +0200] "GET /specials.php?page=9 HTTP/1.0" 200 124136 "-" "Mozilla/5.0 (compatible; SemrushBot/7~bl; +http://www.semrush.com/bot.html)"
185.191.171.21 - - [14/Apr/2022:10:51:43 +0200] "GET /cat-small-round-magnet-p-31908.html HTTP/1.0" 301 70986 "-" "Mozilla/5.0 (compatible; SemrushBot/7~bl; +http://www.semrush.com/bot.html)"
185.191.171.21 - - [14/Apr/2022:10:51:46 +0200] "GET /small-round-magnet-p-31908.html HTTP/1.0" 200 70901 "-" "Mozilla/5.0 (compatible; SemrushBot/7~bl; +http://www.semrush.com/bot.html)"
185.191.171.10 - - [14/Apr/2022:10:52:02 +0200] "GET /poster-corsica-p-43686.html HTTP/1.0" 200 73447 "-" "Mozilla/5.0 (compatible; SemrushBot/7~bl; +http://www.semrush.com/bot.html)"
185.191.171.23 - - [14/Apr/2022:10:52:10 +0200] "GET /take-cake-irma-p-48106.html HTTP/1.0" 200 74270 "-" "Mozilla/5.0 (compatible; SemrushBot/7~bl; +http://www.semrush.com/bot.html)"
54.36.148.243 - - [14/Apr/2022:10:52:17 +0200] "GET /small-backpack-blue-rabbit-p-52206.html HTTP/1.0" 200 73654 "-" "Mozilla/5.0 (compatible; AhrefsBot/7.0; +http://ahrefs.com/robot/)"
94.130.19.112 - - [14/Apr/2022:10:52:47 +0200] "GET /images/mini_prod/070209_191201_PEEL_gnVzFs.jpg HTTP/1.0" 200 281 "-" "Mozilla/5.0 (X11; Ubuntu; Linux x86_64; rv:72.0) Gecko/20100101 Firefox/72.0"
185.191.171.39 - - [14/Apr/2022:10:53:17 +0200] "GET /indoor-ganesh-fountain-25-cm-p-47216.html HTTP/1.0" 301 70987 "-" "Mozilla/5.0 (compatible; SemrushBot/7~bl; +http://www.semrush.com/bot.html)"
185.191.171.8 - - [14/Apr/2022:10:53:22 +0200] "GET /indoor-ganesh-fountain-p-47216.html HTTP/1.0" 200 70898 "-" "Mozilla/5.0 (compatible; SemrushBot/7~bl; +http://www.semrush.com/bot.html)"
114.119.137.31 - - [14/Apr/2022:10:53:24 +0200] "GET /plush-tree-hanging-decorations-p-56119.html HTTP/1.0" 200 74275 "-" "Mozilla/5.0 (Linux; Android 7.0;) AppleWebKit/537.36 (KHTML, like Gecko) Mobile Safari/537.36 (compatible; PetalBot;+https://webmaster.petalsearch.com/site/petalbot)"
54.36.148.243 - - [14/Apr/2022:10:53:37 +0200] "GET /fitted-sheet-cotton-percale-threads-p-53217.html HTTP/1.0" 200 74453 "-" "Mozilla/5.0 (compatible; AhrefsBot/7.0; +http://ahrefs.com/robot/)"
185.191.171.4 - - [14/Apr/2022:10:54:04 +0200] "GET /cote-azur-placemat-p-40666.html HTTP/1.0" 200 70895 "-" "Mozilla/5.0 (compatible; SemrushBot/7~bl; +http://www.semrush.com/bot.html)"
185.191.171.18 - - [14/Apr/2022:10:54:14 +0200] "GET /washed-linen-duvet-cover-220-240-cm-granite-p-48155.html HTTP/1.0" 301 70875 "-" "Mozilla/5.0 (compatible; SemrushBot/7~bl; +http://www.semrush.com/bot.html)"
185.191.171.14 - - [14/Apr/2022:10:54:17 +0200] "GET /-p-48155.html HTTP/1.0" 200 70808 "-" "Mozilla/5.0 (compatible; SemrushBot/7~bl; +http://www.semrush.com/bot.html)"
54.36.148.243 - - [14/Apr/2022:10:54:39 +0200] "GET /statuette-jesus-christ-redeemer-resin-p-46650.html HTTP/1.0" 200 73633 "-" "Mozilla/5.0 (compatible; AhrefsBot/7.0; +http://ahrefs.com/robot/)"
185.191.171.38 - - [14/Apr/2022:10:55:44 +0200] "GET /white-cover-ipad-cupcakes-by-cbkreation-p-17346.html HTTP/1.0" 301 71082 "-" "Mozilla/5.0 (compatible; SemrushBot/7~bl; +http://www.semrush.com/bot.html)"
185.191.171.9 - - [14/Apr/2022:10:55:49 +0200] "GET /white-cover-ipad-cupcakes-cbkreation-p-17346.html HTTP/1.0" 200 70979 "-" "Mozilla/5.0 (compatible; SemrushBot/7~bl; +http://www.semrush.com/bot.html)"
54.36.148.243 - - [14/Apr/2022:10:55:52 +0200] "GET /africa-metal-capacity-p-55186.html HTTP/1.0" 200 74374 "-" "Mozilla/5.0 (compatible; AhrefsBot/7.0; +http://ahrefs.com/robot/)"
185.191.171.9 - - [14/Apr/2022:10:55:53 +0200] "GET /usa-cushion-cbkreation-p-21348.html HTTP/1.0" 301 70941 "-" "Mozilla/5.0 (compatible; SemrushBot/7~bl; +http://www.semrush.com/bot.html)"
185.191.171.41 - - [14/Apr/2022:10:55:56 +0200] "GET /cushion-cbkreation-p-21348.html HTTP/1.0" 200 70856 "-" "Mozilla/5.0 (compatible; SemrushBot/7~bl; +http://www.semrush.com/bot.html)"
185.191.171.12 - - [14/Apr/2022:10:56:08 +0200] "GET /dishes-c-13_12.html?page=106 HTTP/1.0" 200 92510 "-" "Mozilla/5.0 (compatible; SemrushBot/7~bl; +http://www.semrush.com/bot.html)"
185.191.171.23 - - [14/Apr/2022:10:56:27 +0200] "GET /brown-polyester-round-chair-cushion-p-47032.html HTTP/1.0" 200 74198 "-" "Mozilla/5.0 (compatible; SemrushBot/7~bl; +http://www.semrush.com/bot.html)"
54.36.148.243 - - [14/Apr/2022:10:57:15 +0200] "GET /mirror-blue-combi-aged-dented-metal-p-42125.html HTTP/1.0" 200 73668 "-" "Mozilla/5.0 (compatible; AhrefsBot/7.0; +http://ahrefs.com/robot/)"
185.191.171.3 - - [14/Apr/2022:10:58:15 +0200] "GET /monkey-candle-holder-model-p-46770.html HTTP/1.0" 200 73574 "-" "Mozilla/5.0 (compatible; SemrushBot/7~bl; +http://www.semrush.com/bot.html)"
54.36.148.243 - - [14/Apr/2022:10:58:21 +0200] "GET /wall-decoration-green-model-p-38571.html HTTP/1.0" 200 73588 "-" "Mozilla/5.0 (compatible; AhrefsBot/7.0; +http://ahrefs.com/robot/)"
114.119.137.38 - - [14/Apr/2022:10:58:46 +0200] "GET /images/big_prod/3700572764085.jpg HTTP/1.0" 200 268 "-" "Mozilla/5.0 (Linux; Android 7.0;) AppleWebKit/537.36 (KHTML, like Gecko) Mobile Safari/537.36 (compatible; PetalBot;+https://webmaster.petalsearch.com/site/petalbot)"
185.191.171.45 - - [14/Apr/2022:10:58:47 +0200] "GET /owl-cotton-adult-apron-p-41603.html HTTP/1.0" 301 73493 "-" "Mozilla/5.0 (compatible; SemrushBot/7~bl; +http://www.semrush.com/bot.html)"
185.191.171.10 - - [14/Apr/2022:10:58:50 +0200] "GET /cotton-adult-apron-p-41603.html HTTP/1.0" 200 73408 "-" "Mozilla/5.0 (compatible; SemrushBot/7~bl; +http://www.semrush.com/bot.html)"
185.191.171.5 - - [14/Apr/2022:10:58:58 +0200] "GET /ceramic-with-spoon-melanie-collection-p-54469.html?action=add_product HTTP/1.0" 302 476 "-" "Mozilla/5.0 (compatible; SemrushBot/7~bl; +http://www.semrush.com/bot.html)"
54.36.148.243 - - [14/Apr/2022:10:59:45 +0200] "GET /mustache-gilt-cbkreation-p-16688.html HTTP/1.0" 200 73483 "-" "Mozilla/5.0 (compatible; AhrefsBot/7.0; +http://ahrefs.com/robot/)"
185.191.171.39 - - [14/Apr/2022:10:59:51 +0200] "GET /east-asian-god-statuette-p-50072.html HTTP/1.0" 301 74385 "-" "Mozilla/5.0 (compatible; SemrushBot/7~bl; +http://www.semrush.com/bot.html)"
185.191.171.10 - - [14/Apr/2022:10:59:54 +0200] "GET /east-asian-statuette-p-50072.html HTTP/1.0" 200 74298 "-" "Mozilla/5.0 (compatible; SemrushBot/7~bl; +http://www.semrush.com/bot.html)"
185.191.171.16 - - [14/Apr/2022:11:00:14 +0200] "GET /silhouette-ceramic-vase-great-wave-kanagawa-p-55167.html?action=add_product HTTP/1.0" 302 476 "-" "Mozilla/5.0 (compatible; SemrushBot/7~bl; +http://www.semrush.com/bot.html)"
185.191.171.4 - - [14/Apr/2022:11:00:16 +0200] "GET /elephant-collection-teapot-britto-p-44150.html HTTP/1.0" 200 70936 "-" "Mozilla/5.0 (compatible; SemrushBot/7~bl; +http://www.semrush.com/bot.html)"
185.191.171.10 - - [14/Apr/2022:11:00:33 +0200] "GET /thinkerbell-scarf-p-22150.html?action=add_product HTTP/1.0" 302 476 "-" "Mozilla/5.0 (compatible; SemrushBot/7~bl; +http://www.semrush.com/bot.html)"
118.191.216.250 - - [14/Apr/2022:11:00:45 +0200] "GET /images/mini_prod/1399984264287.jpg HTTP/1.0" 200 269 "-" "Mozilla/5.0 (X11; Ubuntu; Linux x86_64; rv:72.0) Gecko/20100101 Firefox/72.0"
54.36.148.243 - - [14/Apr/2022:11:00:48 +0200] "GET /mirror-blue-combi-peace-love-p-42126.html HTTP/1.0" 200 73487 "-" "Mozilla/5.0 (compatible; AhrefsBot/7.0; +http://ahrefs.com/robot/)"
185.220.101.66 - - [14/Apr/2022:11:01:06 +0200] "GET /contact_us.php HTTP/1.0" 200 26241 "http://www.wonder-geek.com/contact_us.php" "Mozilla/5.0 (Windows NT 6.2; Win64; x64) AppleWebKit/537.36 (KHTML, like Gecko) Chrome/90.0.4430.93 Safari/537.36"
185.220.101.66 - - [14/Apr/2022:11:01:07 +0200] "POST /contact_us.php?action=send HTTP/1.0" 200 26742 "http://www.wonder-geek.com/contact_us.php" "Mozilla/5.0 (Windows NT 6.2; Win64; x64) AppleWebKit/537.36 (KHTML, like Gecko) Chrome/90.0.4430.93 Safari/537.36"
185.191.171.11 - - [14/Apr/2022:11:01:12 +0200] "GET /metal-plate-p-37169.html?action=add_product HTTP/1.0" 302 476 "-" "Mozilla/5.0 (compatible; SemrushBot/7~bl; +http://www.semrush.com/bot.html)"
66.249.64.158 - - [14/Apr/2022:11:01:39 +0200] "GET /diffuser-of-perfume-and-essential-oils-c-231_162.html HTTP/1.0" 301 91100 "-" "Mozilla/5.0 (Linux; Android 6.0.1; Nexus 5X Build/MMB29P) AppleWebKit/537.36 (KHTML, like Gecko) Chrome/99.0.4844.84 Mobile Safari/537.36 (compatible; Googlebot/2.1; +http://www.google.com/bot.html)"
66.249.64.158 - - [14/Apr/2022:11:01:42 +0200] "GET /diffuser-perfume-essential-oils-c-162.html HTTP/1.0" 301 90969 "-" "Mozilla/5.0 (Linux; Android 6.0.1; Nexus 5X Build/MMB29P) AppleWebKit/537.36 (KHTML, like Gecko) Chrome/99.0.4844.84 Mobile Safari/537.36 (compatible; Googlebot/2.1; +http://www.google.com/bot.html)"
66.249.64.152 - - [14/Apr/2022:11:01:44 +0200] "GET /diffuser-perfume-essential-oils-c-231_162.html HTTP/1.0" 200 91004 "-" "Mozilla/5.0 (Linux; Android 6.0.1; Nexus 5X Build/MMB29P) AppleWebKit/537.36 (KHTML, like Gecko) Chrome/99.0.4844.84 Mobile Safari/537.36 (compatible; Googlebot/2.1; +http://www.google.com/bot.html)"
185.191.171.26 - - [14/Apr/2022:11:01:46 +0200] "GET /stationery-and-cardmaking-c-129.html?page=11 HTTP/1.0" 301 93393 "-" "Mozilla/5.0 (compatible; SemrushBot/7~bl; +http://www.semrush.com/bot.html)"
17.121.114.156 - - [14/Apr/2022:11:01:47 +0200] "GET /cotton-floor-cushion-terracotta-p-48313.html HTTP/1.0" 200 74140 "-" "Mozilla/5.0 (Macintosh; Intel Mac OS X 10_15_5) AppleWebKit/605.1.15 (KHTML, like Gecko) Version/13.1.1 Safari/605.1.15 (Applebot/0.1; +http://www.apple.com/go/applebot)"
185.191.171.17 - - [14/Apr/2022:11:01:52 +0200] "GET /stationery-cardmaking-c-129.html?page=11 HTTP/1.0" 200 93299 "-" "Mozilla/5.0 (compatible; SemrushBot/7~bl; +http://www.semrush.com/bot.html)"
54.36.148.243 - - [14/Apr/2022:11:01:56 +0200] "GET /fitted-sheet-cotton-percale-threads-p-51251.html HTTP/1.0" 200 73768 "-" "Mozilla/5.0 (compatible; AhrefsBot/7.0; +http://ahrefs.com/robot/)"
51.68.224.127 - - [14/Apr/2022:11:02:01 +0200] "GET /adminweb/export_orders_xml.php?token=256de2z6edz6ed2z6DFSFsed2zed6zeDSFDSGdzedezfzf&maxorders=10&orderstart=1&status=14&start_date=2018-10-01 HTTP/1.0" 200 285 "-" "GesCom CharlotteBoutik Serveur"
51.68.224.127 - - [14/Apr/2022:11:02:01 +0200] "GET /adminweb/export_orders_xml.php?token=256de2z6edz6ed2z6DFSFsed2zed6zeDSFDSGdzedezfzf&maxorders=10&orderstart=1&status=6&start_date=2018-10-01 HTTP/1.0" 200 32865 "-" "GesCom CharlotteBoutik Serveur"
185.191.171.40 - - [14/Apr/2022:11:02:19 +0200] "GET /cotton-floor-cushion-deliciosa-p-57740.html HTTP/1.0" 200 74507 "-" "Mozilla/5.0 (compatible; SemrushBot/7~bl; +http://www.semrush.com/bot.html)"
185.191.171.10 - - [14/Apr/2022:11:02:27 +0200] "GET /vintage-hanging-clock-p-55769.html HTTP/1.0" 200 70882 "-" "Mozilla/5.0 (compatible; SemrushBot/7~bl; +http://www.semrush.com/bot.html)"
