157.90.177.217 - - [14/Apr/2022:07:22:54 +0200] "GET /fragrance-sachet-intense-p-40547.html HTTP/1.0" 200 74138 "-" "Mozilla/5.0 (compatible; BLEXBot/1.0; +http://webmeup-crawler.com/)"
185.191.171.13 - - [14/Apr/2022:07:22:56 +0200] "GET /cbkration-toiletry-p-40658.html?action=add_product HTTP/1.0" 302 476 "-" "Mozilla/5.0 (compatible; SemrushBot/7~bl; +http://www.semrush.com/bot.html)"
95.217.207.61 - - [14/Apr/2022:07:22:56 +0200] "GET /rocky-apron-p-11529.html HTTP/1.0" 301 70875 "-" "Mozilla/5.0 (compatible; MJ12bot/v1.4.8; http://mj12bot.com/)"
157.90.177.217 - - [14/Apr/2022:07:22:58 +0200] "GET /fragrance-sachet-lavender-sage-p-40542.html HTTP/1.0" 200 74204 "-" "Mozilla/5.0 (compatible; BLEXBot/1.0; +http://webmeup-crawler.com/)"
95.217.207.61 - - [14/Apr/2022:07:23:00 +0200] "GET /-p-11529.html HTTP/1.0" 200 70808 "-" "Mozilla/5.0 (compatible; MJ12bot/v1.4.8; http://mj12bot.com/)"
5.189.172.182 - - [14/Apr/2022:07:23:06 +0200] "GET /sheer-curtain-eyelets-paris-135-250-cm-p-36471.html HTTP/1.0" 301 70875 "-" "Mozilla/5.0 (compatible; MJ12bot/v1.4.8; http://mj12bot.com/)"
157.90.177.217 - - [14/Apr/2022:07:23:06 +0200] "GET /fragrance-sachet-lily-valley-p-40555.html HTTP/1.0" 200 74203 "-" "Mozilla/5.0 (compatible; BLEXBot/1.0; +http://webmeup-crawler.com/)"
95.217.207.61 - - [14/Apr/2022:07:23:08 +0200] "GET /rococo-retro-phone-p-37501.html HTTP/1.0" 301 70971 "-" "Mozilla/5.0 (compatible; MJ12bot/v1.4.8; http://mj12bot.com/)"
157.90.177.217 - - [14/Apr/2022:07:23:11 +0200] "GET /fragrance-sachet-magnolia-blossom-p-40537.html HTTP/1.0" 200 74185 "-" "Mozilla/5.0 (compatible; BLEXBot/1.0; +http://webmeup-crawler.com/)"
95.217.207.61 - - [14/Apr/2022:07:23:13 +0200] "GET /rococo-rtro-phone-p-37501.html HTTP/1.0" 200 70887 "-" "Mozilla/5.0 (compatible; MJ12bot/v1.4.8; http://mj12bot.com/)"
185.191.171.1 - - [14/Apr/2022:07:23:13 +0200] "GET /small-chest-wood-whitened-p-48069.html?action=add_product HTTP/1.0" 302 476 "-" "Mozilla/5.0 (compatible; SemrushBot/7~bl; +http://www.semrush.com/bot.html)"
65.108.134.143 - - [14/Apr/2022:07:23:19 +0200] "GET /robots.txt HTTP/1.0" 200 245 "-" "Mozilla/5.0 (compatible; MJ12bot/v1.4.8; http://mj12bot.com/)"
157.90.177.217 - - [14/Apr/2022:07:23:19 +0200] "GET /fragrances-ambiance-c-231.html?page=10 HTTP/1.0" 200 92866 "-" "Mozilla/5.0 (compatible; BLEXBot/1.0; +http://webmeup-crawler.com/)"
95.217.207.61 - - [14/Apr/2022:07:23:22 +0200] "GET /rolling-stones-black-bag-p-37633.html HTTP/1.0" 301 70998 "-" "Mozilla/5.0 (compatible; MJ12bot/v1.4.8; http://mj12bot.com/)"
65.108.134.143 - - [14/Apr/2022:07:23:23 +0200] "GET /-p-14567.html HTTP/1.0" 200 70808 "-" "Mozilla/5.0 (compatible; MJ12bot/v1.4.8; http://mj12bot.com/)"
157.90.177.217 - - [14/Apr/2022:07:23:24 +0200] "GET /fragrances-ambiance-c-231.html?page=11 HTTP/1.0" 200 94010 "-" "Mozilla/5.0 (compatible; BLEXBot/1.0; +http://webmeup-crawler.com/)"
54.36.148.243 - - [14/Apr/2022:07:23:25 +0200] "GET /jasmin-medium-cabas-p-44211.html HTTP/1.0" 200 74356 "-" "Mozilla/5.0 (compatible; AhrefsBot/7.0; +http://ahrefs.com/robot/)"
95.217.207.61 - - [14/Apr/2022:07:23:26 +0200] "GET /rolling-stones-black-p-37633.html HTTP/1.0" 200 70911 "-" "Mozilla/5.0 (compatible; MJ12bot/v1.4.8; http://mj12bot.com/)"
95.217.207.61 - - [14/Apr/2022:07:23:29 +0200] "GET /round-carpet-imitation-cowhide-140-140-cm-p-50713.html HTTP/1.0" 301 74597 "-" "Mozilla/5.0 (compatible; MJ12bot/v1.4.8; http://mj12bot.com/)"
157.90.177.217 - - [14/Apr/2022:07:23:29 +0200] "GET /fragrances-ambiance-c-231.html?page=2 HTTP/1.0" 200 92902 "-" "Mozilla/5.0 (compatible; BLEXBot/1.0; +http://webmeup-crawler.com/)"
95.217.207.61 - - [14/Apr/2022:07:23:31 +0200] "GET /round-carpet-imitation-cowhide-p-50713.html HTTP/1.0" 200 74500 "-" "Mozilla/5.0 (compatible; MJ12bot/v1.4.8; http://mj12bot.com/)"
117.148.130.28 - - [14/Apr/2022:07:23:33 +0200] "GET /images/mini_prod/4036113102757.jpg HTTP/1.0" 200 269 "-" "Mozilla/5.0 (Windows NT 10.0; WOW64) AppleWebKit/537.36 (KHTML, like Gecko) Chrome/90.0.4430.212 Safari/537.36"
157.90.177.217 - - [14/Apr/2022:07:23:33 +0200] "GET /fragrances-ambiance-c-231.html?page=3 HTTP/1.0" 200 93278 "-" "Mozilla/5.0 (compatible; BLEXBot/1.0; +http://webmeup-crawler.com/)"
117.148.130.28 - - [14/Apr/2022:07:23:35 +0200] "GET /images/mini_prod/4036113102696.jpg HTTP/1.0" 200 269 "-" "Mozilla/5.0 (Windows NT 10.0; WOW64) AppleWebKit/537.36 (KHTML, like Gecko) Chrome/90.0.4430.212 Safari/537.36"
185.191.171.10 - - [14/Apr/2022:07:23:37 +0200] "GET /kimmidoll-keyring-yumi-p-49776.html HTTP/1.0" 200 73459 "-" "Mozilla/5.0 (compatible; SemrushBot/7~bl; +http://www.semrush.com/bot.html)"
95.217.207.61 - - [14/Apr/2022:07:23:37 +0200] "GET /round-doormat-flower-of-life-diameter-60-cm-p-50702.html HTTP/1.0" 301 74573 "-" "Mozilla/5.0 (compatible; MJ12bot/v1.4.8; http://mj12bot.com/)"
157.90.177.217 - - [14/Apr/2022:07:23:38 +0200] "GET /fragrances-ambiance-c-231.html?page=4 HTTP/1.0" 200 94815 "-" "Mozilla/5.0 (compatible; BLEXBot/1.0; +http://webmeup-crawler.com/)"
5.189.172.182 - - [14/Apr/2022:07:23:39 +0200] "GET /-p-36471.html HTTP/1.0" 200 70808 "-" "Mozilla/5.0 (compatible; MJ12bot/v1.4.8; http://mj12bot.com/)"
95.217.207.61 - - [14/Apr/2022:07:23:40 +0200] "GET /round-doormat-flower-life-diameter-p-50702.html HTTP/1.0" 200 74472 "-" "Mozilla/5.0 (compatible; MJ12bot/v1.4.8; http://mj12bot.com/)"
157.90.177.217 - - [14/Apr/2022:07:23:43 +0200] "GET /fragrances-ambiance-c-231.html?page=5 HTTP/1.0" 200 93693 "-" "Mozilla/5.0 (compatible; BLEXBot/1.0; +http://webmeup-crawler.com/)"
117.148.130.28 - - [14/Apr/2022:07:23:46 +0200] "GET /images/mini_prod/3453131147712.jpg HTTP/1.0" 200 269 "-" "Mozilla/5.0 (Windows NT 10.0; WOW64) AppleWebKit/537.36 (KHTML, like Gecko) Chrome/90.0.4430.212 Safari/537.36"
95.217.207.61 - - [14/Apr/2022:07:23:47 +0200] "GET /round-pillow-macaron-p-50731.html HTTP/1.0" 301 70875 "-" "Mozilla/5.0 (compatible; MJ12bot/v1.4.8; http://mj12bot.com/)"
157.90.177.217 - - [14/Apr/2022:07:23:48 +0200] "GET /fragrances-ambiance-c-231.html?page=6 HTTP/1.0" 200 92549 "-" "Mozilla/5.0 (compatible; BLEXBot/1.0; +http://webmeup-crawler.com/)"
95.217.207.61 - - [14/Apr/2022:07:23:50 +0200] "GET /-p-50731.html HTTP/1.0" 200 70808 "-" "Mozilla/5.0 (compatible; MJ12bot/v1.4.8; http://mj12bot.com/)"
95.217.207.61 - - [14/Apr/2022:07:23:54 +0200] "GET /salt-and-pepper-shaker-sets-c-12_160.html?page=1 HTTP/1.0" 301 91127 "-" "Mozilla/5.0 (compatible; MJ12bot/v1.4.8; http://mj12bot.com/)"
157.90.177.217 - - [14/Apr/2022:07:23:54 +0200] "GET /fragrances-ambiance-c-231.html?page=7 HTTP/1.0" 200 92221 "-" "Mozilla/5.0 (compatible; BLEXBot/1.0; +http://webmeup-crawler.com/)"
85.73.240.207 - - [14/Apr/2022:07:23:57 +0200] "GET /advanced_search_result.php?keywords=9316188090988 HTTP/1.0" 200 76786 "http://www.wonder-geek.com/india-collectable-figurine-family-p-57411.html" "Mozilla/5.0 (Windows NT 6.3; Win64; x64; rv:91.0) Gecko/20100101 Firefox/91.0"
85.73.240.207 - - [14/Apr/2022:07:23:59 +0200] "GET /swfobject.js HTTP/1.0" 404 1308 "http://www.wonder-geek.com/advanced_search_result.php?keywords=9316188090988" "Mozilla/5.0 (Windows NT 6.3; Win64; x64; rv:91.0) Gecko/20100101 Firefox/91.0"
95.217.207.61 - - [14/Apr/2022:07:23:57 +0200] "GET /salt-pepper-shaker-sets-c-160.html?page=1 HTTP/1.0" 301 91026 "-" "Mozilla/5.0 (compatible; MJ12bot/v1.4.8; http://mj12bot.com/)"
85.73.240.207 - - [14/Apr/2022:07:23:59 +0200] "GET /templates/Pixame_v1/images/flash.swf HTTP/1.0" 200 290 "http://www.wonder-geek.com/advanced_search_result.php?keywords=9316188090988" "Mozilla/5.0 (Windows NT 6.3; Win64; x64; rv:91.0) Gecko/20100101 Firefox/91.0"
85.73.240.207 - - [14/Apr/2022:07:23:59 +0200] "GET /images/mini_prod/9316188090988.jpg HTTP/1.0" 200 269 "http://www.wonder-geek.com/advanced_search_result.php?keywords=9316188090988" "Mozilla/5.0 (Windows NT 6.3; Win64; x64; rv:91.0) Gecko/20100101 Firefox/91.0"
85.73.240.207 - - [14/Apr/2022:07:23:59 +0200] "GET /js/jquery.min.js HTTP/1.0" 404 1308 "http://www.wonder-geek.com/advanced_search_result.php?keywords=9316188090988" "Mozilla/5.0 (Windows NT 6.3; Win64; x64; rv:91.0) Gecko/20100101 Firefox/91.0"
85.73.240.207 - - [14/Apr/2022:07:23:59 +0200] "GET /favicon.ico HTTP/1.0" 200 260 "http://www.wonder-geek.com/advanced_search_result.php?keywords=9316188090988" "Mozilla/5.0 (Windows NT 6.3; Win64; x64; rv:91.0) Gecko/20100101 Firefox/91.0"
95.217.207.61 - - [14/Apr/2022:07:24:00 +0200] "GET /salt-pepper-shaker-sets-c-12_160.html?page=1 HTTP/1.0" 200 91032 "-" "Mozilla/5.0 (compatible; MJ12bot/v1.4.8; http://mj12bot.com/)"
85.73.240.207 - - [14/Apr/2022:07:24:01 +0200] "GET /india-keychain-family-p-57390.html HTTP/1.0" 200 75069 "http://www.wonder-geek.com/advanced_search_result.php?keywords=9316188090988" "Mozilla/5.0 (Windows NT 6.3; Win64; x64; rv:91.0) Gecko/20100101 Firefox/91.0"
85.73.240.207 - - [14/Apr/2022:07:24:04 +0200] "GET /swfobject.js HTTP/1.0" 404 1308 "http://www.wonder-geek.com/india-keychain-family-p-57390.html" "Mozilla/5.0 (Windows NT 6.3; Win64; x64; rv:91.0) Gecko/20100101 Firefox/91.0"
85.73.240.207 - - [14/Apr/2022:07:24:04 +0200] "GET /images/big_prod/9316188090988.jpg HTTP/1.0" 200 268 "http://www.wonder-geek.com/india-keychain-family-p-57390.html" "Mozilla/5.0 (Windows NT 6.3; Win64; x64; rv:91.0) Gecko/20100101 Firefox/91.0"
85.73.240.207 - - [14/Apr/2022:07:24:04 +0200] "GET /images/big_prod_1/9316188090988B.jpg HTTP/1.0" 200 271 "http://www.wonder-geek.com/india-keychain-family-p-57390.html" "Mozilla/5.0 (Windows NT 6.3; Win64; x64; rv:91.0) Gecko/20100101 Firefox/91.0"
157.90.177.217 - - [14/Apr/2022:07:24:02 +0200] "GET /fragrances-ambiance-c-231.html?page=8 HTTP/1.0" 200 92927 "-" "Mozilla/5.0 (compatible; BLEXBot/1.0; +http://webmeup-crawler.com/)"
5.189.172.182 - - [14/Apr/2022:07:24:08 +0200] "GET /shiva-mug-by-cbkreation-p-37854.html HTTP/1.0" 301 73533 "-" "Mozilla/5.0 (compatible; MJ12bot/v1.4.8; http://mj12bot.com/)"
157.90.177.217 - - [14/Apr/2022:07:24:07 +0200] "GET /fragrances-ambiance-c-231.html?page=9 HTTP/1.0" 200 93551 "-" "Mozilla/5.0 (compatible; BLEXBot/1.0; +http://webmeup-crawler.com/)"
95.217.207.61 - - [14/Apr/2022:07:24:09 +0200] "GET /salt-and-pepper-shaker-sets-c-12_160.html?page=5 HTTP/1.0" 301 81187 "-" "Mozilla/5.0 (compatible; MJ12bot/v1.4.8; http://mj12bot.com/)"
95.217.207.61 - - [14/Apr/2022:07:24:12 +0200] "GET /salt-pepper-shaker-sets-c-160.html?page=5 HTTP/1.0" 301 81086 "-" "Mozilla/5.0 (compatible; MJ12bot/v1.4.8; http://mj12bot.com/)"
157.90.177.217 - - [14/Apr/2022:07:24:12 +0200] "GET /frames-flags-decorative-paintings-c-13_148.html?page=10 HTTP/1.0" 200 96669 "-" "Mozilla/5.0 (compatible; BLEXBot/1.0; +http://webmeup-crawler.com/)"
65.108.134.143 - - [14/Apr/2022:07:24:13 +0200] "GET /-p-14588.html HTTP/1.0" 200 70808 "-" "Mozilla/5.0 (compatible; MJ12bot/v1.4.8; http://mj12bot.com/)"
95.217.207.61 - - [14/Apr/2022:07:24:14 +0200] "GET /salt-pepper-shaker-sets-c-12_160.html?page=5 HTTP/1.0" 200 81092 "-" "Mozilla/5.0 (compatible; MJ12bot/v1.4.8; http://mj12bot.com/)"
157.90.177.217 - - [14/Apr/2022:07:24:17 +0200] "GET /frames-flags-decorative-paintings-c-13_148.html?page=11 HTTP/1.0" 200 94060 "-" "Mozilla/5.0 (compatible; BLEXBot/1.0; +http://webmeup-crawler.com/)"
211.249.40.15 - - [14/Apr/2022:07:24:19 +0200] "GET /images/mini_prod/3609810063136.jpg HTTP/1.0" 200 269 "-" "Mozilla/5.0 (X11; Ubuntu; Linux x86_64; rv:72.0) Gecko/20100101 Firefox/72.0"
95.217.207.61 - - [14/Apr/2022:07:24:21 +0200] "GET /sausage-box-with-knife-happy-therapie-p-47686.html HTTP/1.0" 301 73631 "-" "Mozilla/5.0 (compatible; MJ12bot/v1.4.8; http://mj12bot.com/)"
157.90.177.217 - - [14/Apr/2022:07:24:21 +0200] "GET /frames-flags-decorative-paintings-c-13_148.html?page=2 HTTP/1.0" 200 96355 "-" "Mozilla/5.0 (compatible; BLEXBot/1.0; +http://webmeup-crawler.com/)"
95.217.207.61 - - [14/Apr/2022:07:24:26 +0200] "GET /sausage-with-knife-happy-thrapie-p-47686.html HTTP/1.0" 200 73532 "-" "Mozilla/5.0 (compatible; MJ12bot/v1.4.8; http://mj12bot.com/)"
157.90.177.217 - - [14/Apr/2022:07:24:28 +0200] "GET /frames-flags-decorative-paintings-c-13_148.html?page=3 HTTP/1.0" 200 95707 "-" "Mozilla/5.0 (compatible; BLEXBot/1.0; +http://webmeup-crawler.com/)"
157.90.177.217 - - [14/Apr/2022:07:24:33 +0200] "GET /frames-flags-decorative-paintings-c-13_148.html?page=4 HTTP/1.0" 200 95246 "-" "Mozilla/5.0 (compatible; BLEXBot/1.0; +http://webmeup-crawler.com/)"
54.36.148.243 - - [14/Apr/2022:07:24:34 +0200] "GET /dolphin-wall-decoration-p-48635.html HTTP/1.0" 200 73536 "-" "Mozilla/5.0 (compatible; AhrefsBot/7.0; +http://ahrefs.com/robot/)"
157.90.177.217 - - [14/Apr/2022:07:24:38 +0200] "GET /frames-flags-decorative-paintings-c-13_148.html?page=5 HTTP/1.0" 200 95828 "-" "Mozilla/5.0 (compatible; BLEXBot/1.0; +http://webmeup-crawler.com/)"
65.108.134.143 - - [14/Apr/2022:07:24:40 +0200] "GET /-p-14654.html HTTP/1.0" 200 70808 "-" "Mozilla/5.0 (compatible; MJ12bot/v1.4.8; http://mj12bot.com/)"
5.189.172.182 - - [14/Apr/2022:07:24:41 +0200] "GET /shiva-cbkreation-p-37854.html HTTP/1.0" 200 73450 "-" "Mozilla/5.0 (compatible; MJ12bot/v1.4.8; http://mj12bot.com/)"
117.148.130.28 - - [14/Apr/2022:07:24:44 +0200] "GET /images/mini_prod/4036113101224.jpg HTTP/1.0" 200 269 "-" "Mozilla/5.0 (Windows NT 10.0; WOW64) AppleWebKit/537.36 (KHTML, like Gecko) Chrome/90.0.4430.212 Safari/537.36"
117.148.130.28 - - [14/Apr/2022:07:24:44 +0200] "GET /images/mini_prod/4036113102689.jpg HTTP/1.0" 200 269 "-" "Mozilla/5.0 (Windows NT 10.0; WOW64) AppleWebKit/537.36 (KHTML, like Gecko) Chrome/90.0.4430.212 Safari/537.36"
157.90.177.217 - - [14/Apr/2022:07:24:43 +0200] "GET /frames-flags-decorative-paintings-c-13_148.html?page=6 HTTP/1.0" 200 95970 "-" "Mozilla/5.0 (compatible; BLEXBot/1.0; +http://webmeup-crawler.com/)"
117.148.130.28 - - [14/Apr/2022:07:24:49 +0200] "GET /images/mini_prod/4036113101170.jpg HTTP/1.0" 200 269 "-" "Mozilla/5.0 (Windows NT 10.0; WOW64) AppleWebKit/537.36 (KHTML, like Gecko) Chrome/90.0.4430.212 Safari/537.36"
157.90.177.217 - - [14/Apr/2022:07:24:48 +0200] "GET /frames-flags-decorative-paintings-c-13_148.html?page=7 HTTP/1.0" 200 96710 "-" "Mozilla/5.0 (compatible; BLEXBot/1.0; +http://webmeup-crawler.com/)"
85.73.240.207 - - [14/Apr/2022:07:24:50 +0200] "GET /advanced_search_result.php?keywords=9316188090995 HTTP/1.0" 200 76796 "http://www.wonder-geek.com/india-keychain-family-p-57390.html" "Mozilla/5.0 (Windows NT 6.3; Win64; x64; rv:91.0) Gecko/20100101 Firefox/91.0"
85.73.240.207 - - [14/Apr/2022:07:24:53 +0200] "GET /swfobject.js HTTP/1.0" 404 1308 "http://www.wonder-geek.com/advanced_search_result.php?keywords=9316188090995" "Mozilla/5.0 (Windows NT 6.3; Win64; x64; rv:91.0) Gecko/20100101 Firefox/91.0"
85.73.240.207 - - [14/Apr/2022:07:24:53 +0200] "GET /templates/Pixame_v1/images/flash.swf HTTP/1.0" 200 290 "http://www.wonder-geek.com/advanced_search_result.php?keywords=9316188090995" "Mozilla/5.0 (Windows NT 6.3; Win64; x64; rv:91.0) Gecko/20100101 Firefox/91.0"
85.73.240.207 - - [14/Apr/2022:07:24:53 +0200] "GET /js/jquery.min.js HTTP/1.0" 404 1308 "http://www.wonder-geek.com/advanced_search_result.php?keywords=9316188090995" "Mozilla/5.0 (Windows NT 6.3; Win64; x64; rv:91.0) Gecko/20100101 Firefox/91.0"
85.73.240.207 - - [14/Apr/2022:07:24:53 +0200] "GET /images/mini_prod/9316188090995.jpg HTTP/1.0" 200 269 "http://www.wonder-geek.com/advanced_search_result.php?keywords=9316188090995" "Mozilla/5.0 (Windows NT 6.3; Win64; x64; rv:91.0) Gecko/20100101 Firefox/91.0"
85.73.240.207 - - [14/Apr/2022:07:24:53 +0200] "GET /favicon.ico HTTP/1.0" 200 260 "http://www.wonder-geek.com/advanced_search_result.php?keywords=9316188090995" "Mozilla/5.0 (Windows NT 6.3; Win64; x64; rv:91.0) Gecko/20100101 Firefox/91.0"
157.90.177.217 - - [14/Apr/2022:07:24:54 +0200] "GET /frames-flags-decorative-paintings-c-13_148.html?page=8 HTTP/1.0" 200 96287 "-" "Mozilla/5.0 (compatible; BLEXBot/1.0; +http://webmeup-crawler.com/)"
85.73.240.207 - - [14/Apr/2022:07:24:55 +0200] "GET /england-keychain-family-p-57386.html HTTP/1.0" 200 75094 "http://www.wonder-geek.com/advanced_search_result.php?keywords=9316188090995" "Mozilla/5.0 (Windows NT 6.3; Win64; x64; rv:91.0) Gecko/20100101 Firefox/91.0"
85.73.240.207 - - [14/Apr/2022:07:24:58 +0200] "GET /swfobject.js HTTP/1.0" 404 1308 "http://www.wonder-geek.com/england-keychain-family-p-57386.html" "Mozilla/5.0 (Windows NT 6.3; Win64; x64; rv:91.0) Gecko/20100101 Firefox/91.0"
85.73.240.207 - - [14/Apr/2022:07:24:58 +0200] "GET /images/big_prod/9316188090995.jpg HTTP/1.0" 200 268 "http://www.wonder-geek.com/england-keychain-family-p-57386.html" "Mozilla/5.0 (Windows NT 6.3; Win64; x64; rv:91.0) Gecko/20100101 Firefox/91.0"
85.73.240.207 - - [14/Apr/2022:07:24:58 +0200] "GET /images/big_prod_1/9316188090995B.jpg HTTP/1.0" 200 271 "http://www.wonder-geek.com/england-keychain-family-p-57386.html" "Mozilla/5.0 (Windows NT 6.3; Win64; x64; rv:91.0) Gecko/20100101 Firefox/91.0"
157.90.177.217 - - [14/Apr/2022:07:24:58 +0200] "GET /frames-flags-decorative-paintings-c-13_148.html?page=9 HTTP/1.0" 200 96373 "-" "Mozilla/5.0 (compatible; BLEXBot/1.0; +http://webmeup-crawler.com/)"
185.191.171.11 - - [14/Apr/2022:07:25:01 +0200] "GET /bears-lamp-linen-shade-p-55828.html?action=add_product HTTP/1.0" 302 476 "-" "Mozilla/5.0 (compatible; SemrushBot/7~bl; +http://www.semrush.com/bot.html)"
157.90.177.217 - - [14/Apr/2022:07:25:03 +0200] "GET /framework-kitten-canvas-p-31839.html HTTP/1.0" 200 73498 "-" "Mozilla/5.0 (compatible; BLEXBot/1.0; +http://webmeup-crawler.com/)"
117.148.130.28 - - [14/Apr/2022:07:25:05 +0200] "GET /images/mini_prod/4036113101200.jpg HTTP/1.0" 200 269 "-" "Mozilla/5.0 (Windows NT 10.0; WOW64) AppleWebKit/537.36 (KHTML, like Gecko) Chrome/90.0.4430.212 Safari/537.36"
66.249.64.146 - - [14/Apr/2022:07:25:08 +0200] "GET /images/big_prod/3503420217777.jpg HTTP/1.0" 200 268 "-" "Googlebot-Image/1.0"
157.90.177.217 - - [14/Apr/2022:07:25:08 +0200] "GET /frankie-stein-figure-p-22565.html HTTP/1.0" 200 73505 "-" "Mozilla/5.0 (compatible; BLEXBot/1.0; +http://webmeup-crawler.com/)"
5.189.172.182 - - [14/Apr/2022:07:25:12 +0200] "GET /small-to-ride-pink-vintage-pin-up-wallet-p-34368.html HTTP/1.0" 301 70875 "-" "Mozilla/5.0 (compatible; MJ12bot/v1.4.8; http://mj12bot.com/)"
185.191.171.3 - - [14/Apr/2022:07:25:12 +0200] "GET /flowers-butterflies-wall-sticker-p-57063.html?action=add_product HTTP/1.0" 302 476 "-" "Mozilla/5.0 (compatible; SemrushBot/7~bl; +http://www.semrush.com/bot.html)"
157.90.177.217 - - [14/Apr/2022:07:25:13 +0200] "GET /frankie-stein-monster-high-p-17501.html HTTP/1.0" 200 73589 "-" "Mozilla/5.0 (compatible; BLEXBot/1.0; +http://webmeup-crawler.com/)"
117.148.130.28 - - [14/Apr/2022:07:25:15 +0200] "GET /images/mini_prod/4036113102849.jpg HTTP/1.0" 200 269 "-" "Mozilla/5.0 (Windows NT 10.0; WOW64) AppleWebKit/537.36 (KHTML, like Gecko) Chrome/90.0.4430.212 Safari/537.36"
117.148.130.28 - - [14/Apr/2022:07:25:17 +0200] "GET /images/big_prod_1/1328399295029a.jpg HTTP/1.0" 200 271 "-" "Mozilla/5.0 (Windows NT 10.0; WOW64) AppleWebKit/537.36 (KHTML, like Gecko) Chrome/90.0.4430.212 Safari/537.36"
117.148.130.28 - - [14/Apr/2022:07:25:17 +0200] "GET /images/mini_prod/4036113101231.jpg HTTP/1.0" 200 269 "-" "Mozilla/5.0 (Windows NT 10.0; WOW64) AppleWebKit/537.36 (KHTML, like Gecko) Chrome/90.0.4430.212 Safari/537.36"
157.90.177.217 - - [14/Apr/2022:07:25:18 +0200] "GET /franklin-green-swimsuit-p-30241.html HTTP/1.0" 200 75165 "-" "Mozilla/5.0 (compatible; BLEXBot/1.0; +http://webmeup-crawler.com/)"
117.148.130.28 - - [14/Apr/2022:07:25:20 +0200] "GET /images/mini_prod/4036113101989.jpg HTTP/1.0" 200 269 "-" "Mozilla/5.0 (Windows NT 10.0; WOW64) AppleWebKit/537.36 (KHTML, like Gecko) Chrome/90.0.4430.212 Safari/537.36"
117.148.130.28 - - [14/Apr/2022:07:25:20 +0200] "GET /images/mini_prod/4036113102986.jpg HTTP/1.0" 200 269 "-" "Mozilla/5.0 (Windows NT 10.0; WOW64) AppleWebKit/537.36 (KHTML, like Gecko) Chrome/90.0.4430.212 Safari/537.36"
117.148.130.28 - - [14/Apr/2022:07:25:22 +0200] "GET /images/mini_prod/3609810078239.jpg HTTP/1.0" 200 269 "-" "Mozilla/5.0 (Windows NT 10.0; WOW64) AppleWebKit/537.36 (KHTML, like Gecko) Chrome/90.0.4430.212 Safari/537.36"
157.90.177.217 - - [14/Apr/2022:07:25:22 +0200] "GET /franklin-purple-swimsuit-p-30244.html HTTP/1.0" 200 75453 "-" "Mozilla/5.0 (compatible; BLEXBot/1.0; +http://webmeup-crawler.com/)"
117.148.130.28 - - [14/Apr/2022:07:25:24 +0200] "GET /images/mini_prod/4036113102702.jpg HTTP/1.0" 200 269 "-" "Mozilla/5.0 (Windows NT 10.0; WOW64) AppleWebKit/537.36 (KHTML, like Gecko) Chrome/90.0.4430.212 Safari/537.36"
117.148.130.28 - - [14/Apr/2022:07:25:26 +0200] "GET /images/mini_prod/4036113102924.jpg HTTP/1.0" 200 269 "-" "Mozilla/5.0 (Windows NT 10.0; WOW64) AppleWebKit/537.36 (KHTML, like Gecko) Chrome/90.0.4430.212 Safari/537.36"
117.148.130.28 - - [14/Apr/2022:07:25:26 +0200] "GET /images/mini_prod/3453131147149.jpg HTTP/1.0" 200 269 "-" "Mozilla/5.0 (Windows NT 10.0; WOW64) AppleWebKit/537.36 (KHTML, like Gecko) Chrome/90.0.4430.212 Safari/537.36"
117.148.130.28 - - [14/Apr/2022:07:25:27 +0200] "GET /images/mini_prod/4036113101248.jpg HTTP/1.0" 200 269 "-" "Mozilla/5.0 (Windows NT 10.0; WOW64) AppleWebKit/537.36 (KHTML, like Gecko) Chrome/90.0.4430.212 Safari/537.36"
157.90.177.217 - - [14/Apr/2022:07:25:26 +0200] "GET /free-cold-beer-wall-bottle-opener-p-36858.html HTTP/1.0" 200 73579 "-" "Mozilla/5.0 (compatible; BLEXBot/1.0; +http://webmeup-crawler.com/)"
117.148.130.28 - - [14/Apr/2022:07:25:28 +0200] "GET /images/mini_prod/3453131147194.jpg HTTP/1.0" 200 269 "-" "Mozilla/5.0 (Windows NT 10.0; WOW64) AppleWebKit/537.36 (KHTML, like Gecko) Chrome/90.0.4430.212 Safari/537.36"
117.148.130.28 - - [14/Apr/2022:07:25:28 +0200] "GET /images/mini_prod/3453131147200.jpg HTTP/1.0" 200 269 "-" "Mozilla/5.0 (Windows NT 10.0; WOW64) AppleWebKit/537.36 (KHTML, like Gecko) Chrome/90.0.4430.212 Safari/537.36"
117.148.130.28 - - [14/Apr/2022:07:25:29 +0200] "GET /images/mini_prod/3453131147699.jpg HTTP/1.0" 200 269 "-" "Mozilla/5.0 (Windows NT 10.0; WOW64) AppleWebKit/537.36 (KHTML, like Gecko) Chrome/90.0.4430.212 Safari/537.36"
117.148.130.28 - - [14/Apr/2022:07:25:29 +0200] "GET /images/mini_prod/3453131147682.jpg HTTP/1.0" 200 269 "-" "Mozilla/5.0 (Windows NT 10.0; WOW64) AppleWebKit/537.36 (KHTML, like Gecko) Chrome/90.0.4430.212 Safari/537.36"
157.90.177.217 - - [14/Apr/2022:07:25:33 +0200] "GET /freegun-polar-plaid-p-29089.html HTTP/1.0" 200 73580 "-" "Mozilla/5.0 (compatible; BLEXBot/1.0; +http://webmeup-crawler.com/)"
85.73.240.207 - - [14/Apr/2022:07:25:34 +0200] "GET /advanced_search_result.php?keywords=9316188090957 HTTP/1.0" 200 76791 "http://www.wonder-geek.com/england-keychain-family-p-57386.html" "Mozilla/5.0 (Windows NT 6.3; Win64; x64; rv:91.0) Gecko/20100101 Firefox/91.0"
85.73.240.207 - - [14/Apr/2022:07:25:38 +0200] "GET /swfobject.js HTTP/1.0" 404 1308 "http://www.wonder-geek.com/advanced_search_result.php?keywords=9316188090957" "Mozilla/5.0 (Windows NT 6.3; Win64; x64; rv:91.0) Gecko/20100101 Firefox/91.0"
85.73.240.207 - - [14/Apr/2022:07:25:38 +0200] "GET /templates/Pixame_v1/images/flash.swf HTTP/1.0" 200 290 "http://www.wonder-geek.com/advanced_search_result.php?keywords=9316188090957" "Mozilla/5.0 (Windows NT 6.3; Win64; x64; rv:91.0) Gecko/20100101 Firefox/91.0"
85.73.240.207 - - [14/Apr/2022:07:25:38 +0200] "GET /images/mini_prod/9316188090957.jpg HTTP/1.0" 200 269 "http://www.wonder-geek.com/advanced_search_result.php?keywords=9316188090957" "Mozilla/5.0 (Windows NT 6.3; Win64; x64; rv:91.0) Gecko/20100101 Firefox/91.0"
85.73.240.207 - - [14/Apr/2022:07:25:38 +0200] "GET /js/jquery.min.js HTTP/1.0" 404 1308 "http://www.wonder-geek.com/advanced_search_result.php?keywords=9316188090957" "Mozilla/5.0 (Windows NT 6.3; Win64; x64; rv:91.0) Gecko/20100101 Firefox/91.0"
85.73.240.207 - - [14/Apr/2022:07:25:38 +0200] "GET /favicon.ico HTTP/1.0" 200 260 "http://www.wonder-geek.com/advanced_search_result.php?keywords=9316188090957" "Mozilla/5.0 (Windows NT 6.3; Win64; x64; rv:91.0) Gecko/20100101 Firefox/91.0"
85.73.240.207 - - [14/Apr/2022:07:25:40 +0200] "GET /mexico-keychain-family-p-57394.html HTTP/1.0" 200 75094 "http://www.wonder-geek.com/advanced_search_result.php?keywords=9316188090957" "Mozilla/5.0 (Windows NT 6.3; Win64; x64; rv:91.0) Gecko/20100101 Firefox/91.0"
85.73.240.207 - - [14/Apr/2022:07:25:41 +0200] "GET /swfobject.js HTTP/1.0" 404 1308 "http://www.wonder-geek.com/mexico-keychain-family-p-57394.html" "Mozilla/5.0 (Windows NT 6.3; Win64; x64; rv:91.0) Gecko/20100101 Firefox/91.0"
5.189.172.182 - - [14/Apr/2022:07:25:40 +0200] "GET /-p-34368.html HTTP/1.0" 200 70808 "-" "Mozilla/5.0 (compatible; MJ12bot/v1.4.8; http://mj12bot.com/)"
85.73.240.207 - - [14/Apr/2022:07:25:41 +0200] "GET /images/big_prod/9316188090957.jpg HTTP/1.0" 200 268 "http://www.wonder-geek.com/mexico-keychain-family-p-57394.html" "Mozilla/5.0 (Windows NT 6.3; Win64; x64; rv:91.0) Gecko/20100101 Firefox/91.0"
85.73.240.207 - - [14/Apr/2022:07:25:41 +0200] "GET /images/big_prod_1/9316188090957B.jpg HTTP/1.0" 200 271 "http://www.wonder-geek.com/mexico-keychain-family-p-57394.html" "Mozilla/5.0 (Windows NT 6.3; Win64; x64; rv:91.0) Gecko/20100101 Firefox/91.0"
157.90.177.217 - - [14/Apr/2022:07:25:40 +0200] "GET /french-bulldog-eggcup-p-33470.html HTTP/1.0" 200 73387 "-" "Mozilla/5.0 (compatible; BLEXBot/1.0; +http://webmeup-crawler.com/)"
54.36.148.243 - - [14/Apr/2022:07:25:44 +0200] "GET /glass-ashtray-p-55736.html HTTP/1.0" 200 74041 "-" "Mozilla/5.0 (compatible; AhrefsBot/7.0; +http://ahrefs.com/robot/)"
65.108.134.143 - - [14/Apr/2022:07:25:45 +0200] "GET /-p-14661.html HTTP/1.0" 200 70808 "-" "Mozilla/5.0 (compatible; MJ12bot/v1.4.8; http://mj12bot.com/)"
157.90.177.217 - - [14/Apr/2022:07:25:49 +0200] "GET /french-delicacies-glass-coaster-p-32861.html HTTP/1.0" 200 73472 "-" "Mozilla/5.0 (compatible; BLEXBot/1.0; +http://webmeup-crawler.com/)"
157.90.177.217 - - [14/Apr/2022:07:25:54 +0200] "GET /french-flag-p-38273.html HTTP/1.0" 200 73404 "-" "Mozilla/5.0 (compatible; BLEXBot/1.0; +http://webmeup-crawler.com/)"
66.249.64.146 - - [14/Apr/2022:07:25:54 +0200] "GET /lola-candy-cloud-keychain-p-49764.html HTTP/1.0" 200 73472 "-" "Mozilla/5.0 (Linux; Android 6.0.1; Nexus 5X Build/MMB29P) AppleWebKit/537.36 (KHTML, like Gecko) Chrome/99.0.4844.84 Mobile Safari/537.36 (compatible; Googlebot/2.1; +http://www.google.com/bot.html)"
157.90.177.217 - - [14/Apr/2022:07:26:00 +0200] "GET /french-flag-with-stick-p-57876.html HTTP/1.0" 200 74231 "-" "Mozilla/5.0 (compatible; BLEXBot/1.0; +http://webmeup-crawler.com/)"
157.90.177.217 - - [14/Apr/2022:07:26:04 +0200] "GET /french-kiss-paris-little-tray-p-39730.html HTTP/1.0" 200 73644 "-" "Mozilla/5.0 (compatible; BLEXBot/1.0; +http://webmeup-crawler.com/)"
185.191.171.38 - - [14/Apr/2022:07:26:09 +0200] "GET /blue-piggy-bank-p-55572.html HTTP/1.0" 200 73473 "-" "Mozilla/5.0 (compatible; SemrushBot/7~bl; +http://www.semrush.com/bot.html)"
157.90.177.217 - - [14/Apr/2022:07:26:11 +0200] "GET /french-riviera-small-black-p-38722.html HTTP/1.0" 200 73825 "-" "Mozilla/5.0 (compatible; BLEXBot/1.0; +http://webmeup-crawler.com/)"
185.191.171.10 - - [14/Apr/2022:07:26:13 +0200] "GET /laundry-basket-p-49921.html?action=add_product HTTP/1.0" 302 476 "-" "Mozilla/5.0 (compatible; SemrushBot/7~bl; +http://www.semrush.com/bot.html)"
85.73.240.207 - - [14/Apr/2022:07:26:12 +0200] "GET /advanced_search_result.php?keywords=9316188091046 HTTP/1.0" 200 76786 "http://www.wonder-geek.com/mexico-keychain-family-p-57394.html" "Mozilla/5.0 (Windows NT 6.3; Win64; x64; rv:91.0) Gecko/20100101 Firefox/91.0"
85.73.240.207 - - [14/Apr/2022:07:26:15 +0200] "GET /swfobject.js HTTP/1.0" 404 1308 "http://www.wonder-geek.com/advanced_search_result.php?keywords=9316188091046" "Mozilla/5.0 (Windows NT 6.3; Win64; x64; rv:91.0) Gecko/20100101 Firefox/91.0"
85.73.240.207 - - [14/Apr/2022:07:26:15 +0200] "GET /templates/Pixame_v1/images/flash.swf HTTP/1.0" 200 290 "http://www.wonder-geek.com/advanced_search_result.php?keywords=9316188091046" "Mozilla/5.0 (Windows NT 6.3; Win64; x64; rv:91.0) Gecko/20100101 Firefox/91.0"
85.73.240.207 - - [14/Apr/2022:07:26:15 +0200] "GET /images/mini_prod/9316188091046.jpg HTTP/1.0" 200 269 "http://www.wonder-geek.com/advanced_search_result.php?keywords=9316188091046" "Mozilla/5.0 (Windows NT 6.3; Win64; x64; rv:91.0) Gecko/20100101 Firefox/91.0"
85.73.240.207 - - [14/Apr/2022:07:26:15 +0200] "GET /js/jquery.min.js HTTP/1.0" 404 1308 "http://www.wonder-geek.com/advanced_search_result.php?keywords=9316188091046" "Mozilla/5.0 (Windows NT 6.3; Win64; x64; rv:91.0) Gecko/20100101 Firefox/91.0"
85.73.240.207 - - [14/Apr/2022:07:26:15 +0200] "GET /favicon.ico HTTP/1.0" 200 260 "http://www.wonder-geek.com/advanced_search_result.php?keywords=9316188091046" "Mozilla/5.0 (Windows NT 6.3; Win64; x64; rv:91.0) Gecko/20100101 Firefox/91.0"
157.90.177.217 - - [14/Apr/2022:07:26:15 +0200] "GET /french-riviera-small-p-38724.html HTTP/1.0" 200 73805 "-" "Mozilla/5.0 (compatible; BLEXBot/1.0; +http://webmeup-crawler.com/)"
85.73.240.207 - - [14/Apr/2022:07:26:16 +0200] "GET /spain-keychain-family-p-57385.html HTTP/1.0" 200 75074 "http://www.wonder-geek.com/advanced_search_result.php?keywords=9316188091046" "Mozilla/5.0 (Windows NT 6.3; Win64; x64; rv:91.0) Gecko/20100101 Firefox/91.0"
85.73.240.207 - - [14/Apr/2022:07:26:19 +0200] "GET /swfobject.js HTTP/1.0" 404 1308 "http://www.wonder-geek.com/spain-keychain-family-p-57385.html" "Mozilla/5.0 (Windows NT 6.3; Win64; x64; rv:91.0) Gecko/20100101 Firefox/91.0"
85.73.240.207 - - [14/Apr/2022:07:26:19 +0200] "GET /images/big_prod_1/9316188091046B.jpg HTTP/1.0" 200 271 "http://www.wonder-geek.com/spain-keychain-family-p-57385.html" "Mozilla/5.0 (Windows NT 6.3; Win64; x64; rv:91.0) Gecko/20100101 Firefox/91.0"
85.73.240.207 - - [14/Apr/2022:07:26:19 +0200] "GET /images/big_prod/9316188091046.jpg HTTP/1.0" 200 268 "http://www.wonder-geek.com/spain-keychain-family-p-57385.html" "Mozilla/5.0 (Windows NT 6.3; Win64; x64; rv:91.0) Gecko/20100101 Firefox/91.0"
157.90.177.217 - - [14/Apr/2022:07:26:20 +0200] "GET /french-wine-metal-plate-p-47640.html HTTP/1.0" 200 73452 "-" "Mozilla/5.0 (compatible; BLEXBot/1.0; +http://webmeup-crawler.com/)"
157.90.177.217 - - [14/Apr/2022:07:26:25 +0200] "GET /frenchy-style-flour-storage-p-57929.html HTTP/1.0" 200 74266 "-" "Mozilla/5.0 (compatible; BLEXBot/1.0; +http://webmeup-crawler.com/)"
157.90.177.217 - - [14/Apr/2022:07:26:29 +0200] "GET /fresh-brewed-coffee-cutting-board-p-40646.html HTTP/1.0" 200 73590 "-" "Mozilla/5.0 (compatible; BLEXBot/1.0; +http://webmeup-crawler.com/)"
5.189.172.182 - - [14/Apr/2022:07:26:30 +0200] "GET /smiley-pencil-case-p-20151.html HTTP/1.0" 301 70875 "-" "Mozilla/5.0 (compatible; MJ12bot/v1.4.8; http://mj12bot.com/)"
185.191.171.24 - - [14/Apr/2022:07:26:33 +0200] "GET /gold-brass-whistle-ring-p-56682.html HTTP/1.0" 200 73514 "-" "Mozilla/5.0 (compatible; SemrushBot/7~bl; +http://www.semrush.com/bot.html)"
157.90.177.217 - - [14/Apr/2022:07:26:35 +0200] "GET /fresh-brewed-coffee-retro-yellow-p-26695.html HTTP/1.0" 200 73550 "-" "Mozilla/5.0 (compatible; BLEXBot/1.0; +http://webmeup-crawler.com/)"
157.90.177.217 - - [14/Apr/2022:07:26:39 +0200] "GET /freshener-heart-home-cerulean-p-40605.html HTTP/1.0" 200 73809 "-" "Mozilla/5.0 (compatible; BLEXBot/1.0; +http://webmeup-crawler.com/)"
157.90.177.217 - - [14/Apr/2022:07:26:43 +0200] "GET /freshener-heart-home-french-vanilla-p-40603.html HTTP/1.0" 200 73821 "-" "Mozilla/5.0 (compatible; BLEXBot/1.0; +http://webmeup-crawler.com/)"
65.108.134.143 - - [14/Apr/2022:07:26:44 +0200] "GET /-p-14708.html HTTP/1.0" 200 70808 "-" "Mozilla/5.0 (compatible; MJ12bot/v1.4.8; http://mj12bot.com/)"
157.90.177.217 - - [14/Apr/2022:07:26:47 +0200] "GET /freshener-heart-home-intense-p-40600.html HTTP/1.0" 200 73786 "-" "Mozilla/5.0 (compatible; BLEXBot/1.0; +http://webmeup-crawler.com/)"
54.36.148.243 - - [14/Apr/2022:07:26:49 +0200] "GET /dubout-cats-small-white-shopping-p-32259.html HTTP/1.0" 200 73763 "-" "Mozilla/5.0 (compatible; AhrefsBot/7.0; +http://ahrefs.com/robot/)"
85.73.240.207 - - [14/Apr/2022:07:26:50 +0200] "GET /advanced_search_result.php?keywords=9316188091008 HTTP/1.0" 200 76786 "http://www.wonder-geek.com/spain-keychain-family-p-57385.html" "Mozilla/5.0 (Windows NT 6.3; Win64; x64; rv:91.0) Gecko/20100101 Firefox/91.0"
85.73.240.207 - - [14/Apr/2022:07:26:52 +0200] "GET /swfobject.js HTTP/1.0" 404 1308 "http://www.wonder-geek.com/advanced_search_result.php?keywords=9316188091008" "Mozilla/5.0 (Windows NT 6.3; Win64; x64; rv:91.0) Gecko/20100101 Firefox/91.0"
85.73.240.207 - - [14/Apr/2022:07:26:52 +0200] "GET /templates/Pixame_v1/images/flash.swf HTTP/1.0" 200 290 "http://www.wonder-geek.com/advanced_search_result.php?keywords=9316188091008" "Mozilla/5.0 (Windows NT 6.3; Win64; x64; rv:91.0) Gecko/20100101 Firefox/91.0"
85.73.240.207 - - [14/Apr/2022:07:26:53 +0200] "GET /js/jquery.min.js HTTP/1.0" 404 1308 "http://www.wonder-geek.com/advanced_search_result.php?keywords=9316188091008" "Mozilla/5.0 (Windows NT 6.3; Win64; x64; rv:91.0) Gecko/20100101 Firefox/91.0"
85.73.240.207 - - [14/Apr/2022:07:26:53 +0200] "GET /images/mini_prod/9316188091008.jpg HTTP/1.0" 200 269 "http://www.wonder-geek.com/advanced_search_result.php?keywords=9316188091008" "Mozilla/5.0 (Windows NT 6.3; Win64; x64; rv:91.0) Gecko/20100101 Firefox/91.0"
157.90.177.217 - - [14/Apr/2022:07:26:51 +0200] "GET /freshener-heart-home-lavender-sage-p-40602.html HTTP/1.0" 200 73821 "-" "Mozilla/5.0 (compatible; BLEXBot/1.0; +http://webmeup-crawler.com/)"
85.73.240.207 - - [14/Apr/2022:07:26:54 +0200] "GET /italy-keychain-family-p-57396.html HTTP/1.0" 200 75067 "http://www.wonder-geek.com/advanced_search_result.php?keywords=9316188091008" "Mozilla/5.0 (Windows NT 6.3; Win64; x64; rv:91.0) Gecko/20100101 Firefox/91.0"
85.73.240.207 - - [14/Apr/2022:07:26:56 +0200] "GET /swfobject.js HTTP/1.0" 404 1308 "http://www.wonder-geek.com/italy-keychain-family-p-57396.html" "Mozilla/5.0 (Windows NT 6.3; Win64; x64; rv:91.0) Gecko/20100101 Firefox/91.0"
85.73.240.207 - - [14/Apr/2022:07:26:56 +0200] "GET /images/big_prod/9316188091008.jpg HTTP/1.0" 200 268 "http://www.wonder-geek.com/italy-keychain-family-p-57396.html" "Mozilla/5.0 (Windows NT 6.3; Win64; x64; rv:91.0) Gecko/20100101 Firefox/91.0"
85.73.240.207 - - [14/Apr/2022:07:26:56 +0200] "GET /images/big_prod_1/9316188091008B.jpg HTTP/1.0" 200 271 "http://www.wonder-geek.com/italy-keychain-family-p-57396.html" "Mozilla/5.0 (Windows NT 6.3; Win64; x64; rv:91.0) Gecko/20100101 Firefox/91.0"
157.90.177.217 - - [14/Apr/2022:07:26:57 +0200] "GET /freshener-heart-home-paradise-sunset-p-40601.html HTTP/1.0" 200 73832 "-" "Mozilla/5.0 (compatible; BLEXBot/1.0; +http://webmeup-crawler.com/)"
5.189.172.182 - - [14/Apr/2022:07:27:01 +0200] "GET /-p-20151.html HTTP/1.0" 200 70808 "-" "Mozilla/5.0 (compatible; MJ12bot/v1.4.8; http://mj12bot.com/)"
185.191.171.6 - - [14/Apr/2022:07:27:02 +0200] "GET /betty-boop-bunny-coin-purse-p-13694.html?action=add_product HTTP/1.0" 302 476 "-" "Mozilla/5.0 (compatible; SemrushBot/7~bl; +http://www.semrush.com/bot.html)"
157.90.177.217 - - [14/Apr/2022:07:27:03 +0200] "GET /freshener-heart-home-rambling-rose-p-40604.html HTTP/1.0" 200 73814 "-" "Mozilla/5.0 (compatible; BLEXBot/1.0; +http://webmeup-crawler.com/)"
185.191.171.40 - - [14/Apr/2022:07:27:12 +0200] "GET /resin-statuette-chinese-p-42953.html?action=add_product HTTP/1.0" 302 476 "-" "Mozilla/5.0 (compatible; SemrushBot/7~bl; +http://www.semrush.com/bot.html)"
157.90.177.217 - - [14/Apr/2022:07:27:11 +0200] "GET /freshener-heart-home-sweet-p-40565.html HTTP/1.0" 200 73811 "-" "Mozilla/5.0 (compatible; BLEXBot/1.0; +http://webmeup-crawler.com/)"
65.108.134.143 - - [14/Apr/2022:07:27:16 +0200] "GET /-p-14729.html HTTP/1.0" 200 70808 "-" "Mozilla/5.0 (compatible; MJ12bot/v1.4.8; http://mj12bot.com/)"
157.90.177.217 - - [14/Apr/2022:07:27:17 +0200] "GET /freshener-heart-home-welcome-home-p-40609.html HTTP/1.0" 200 73801 "-" "Mozilla/5.0 (compatible; BLEXBot/1.0; +http://webmeup-crawler.com/)"
157.90.177.217 - - [14/Apr/2022:07:27:23 +0200] "GET /freshener-heart-home-white-jasmine-freesia-p-40598.html HTTP/1.0" 200 73884 "-" "Mozilla/5.0 (compatible; BLEXBot/1.0; +http://webmeup-crawler.com/)"
157.90.177.217 - - [14/Apr/2022:07:27:28 +0200] "GET /frida-kahlo-with-infuser-p-56678.html HTTP/1.0" 200 74124 "-" "Mozilla/5.0 (compatible; BLEXBot/1.0; +http://webmeup-crawler.com/)"
85.73.240.207 - - [14/Apr/2022:07:27:28 +0200] "GET /advanced_search_result.php?keywords=9316188091039 HTTP/1.0" 200 76786 "http://www.wonder-geek.com/italy-keychain-family-p-57396.html" "Mozilla/5.0 (Windows NT 6.3; Win64; x64; rv:91.0) Gecko/20100101 Firefox/91.0"
85.73.240.207 - - [14/Apr/2022:07:27:30 +0200] "GET /swfobject.js HTTP/1.0" 404 1308 "http://www.wonder-geek.com/advanced_search_result.php?keywords=9316188091039" "Mozilla/5.0 (Windows NT 6.3; Win64; x64; rv:91.0) Gecko/20100101 Firefox/91.0"
85.73.240.207 - - [14/Apr/2022:07:27:30 +0200] "GET /templates/Pixame_v1/images/flash.swf HTTP/1.0" 200 290 "http://www.wonder-geek.com/advanced_search_result.php?keywords=9316188091039" "Mozilla/5.0 (Windows NT 6.3; Win64; x64; rv:91.0) Gecko/20100101 Firefox/91.0"
85.73.240.207 - - [14/Apr/2022:07:27:30 +0200] "GET /images/mini_prod/9316188091039.jpg HTTP/1.0" 200 269 "http://www.wonder-geek.com/advanced_search_result.php?keywords=9316188091039" "Mozilla/5.0 (Windows NT 6.3; Win64; x64; rv:91.0) Gecko/20100101 Firefox/91.0"
85.73.240.207 - - [14/Apr/2022:07:27:30 +0200] "GET /js/jquery.min.js HTTP/1.0" 404 1308 "http://www.wonder-geek.com/advanced_search_result.php?keywords=9316188091039" "Mozilla/5.0 (Windows NT 6.3; Win64; x64; rv:91.0) Gecko/20100101 Firefox/91.0"
85.73.240.207 - - [14/Apr/2022:07:27:30 +0200] "GET /favicon.ico HTTP/1.0" 200 260 "http://www.wonder-geek.com/advanced_search_result.php?keywords=9316188091039" "Mozilla/5.0 (Windows NT 6.3; Win64; x64; rv:91.0) Gecko/20100101 Firefox/91.0"
5.189.172.182 - - [14/Apr/2022:07:27:32 +0200] "GET /smiley-world-pencil-tray-rigid-p-34116.html HTTP/1.0" 301 70875 "-" "Mozilla/5.0 (compatible; MJ12bot/v1.4.8; http://mj12bot.com/)"
157.90.177.217 - - [14/Apr/2022:07:27:32 +0200] "GET /frida-kahlo-with-infuser-p-56679.html HTTP/1.0" 200 74124 "-" "Mozilla/5.0 (compatible; BLEXBot/1.0; +http://webmeup-crawler.com/)"
85.73.240.207 - - [14/Apr/2022:07:27:32 +0200] "GET /japan-keychain-family-p-57388.html HTTP/1.0" 200 75065 "http://www.wonder-geek.com/advanced_search_result.php?keywords=9316188091039" "Mozilla/5.0 (Windows NT 6.3; Win64; x64; rv:91.0) Gecko/20100101 Firefox/91.0"
85.73.240.207 - - [14/Apr/2022:07:27:35 +0200] "GET /swfobject.js HTTP/1.0" 404 1308 "http://www.wonder-geek.com/japan-keychain-family-p-57388.html" "Mozilla/5.0 (Windows NT 6.3; Win64; x64; rv:91.0) Gecko/20100101 Firefox/91.0"
85.73.240.207 - - [14/Apr/2022:07:27:35 +0200] "GET /images/big_prod/9316188091039.jpg HTTP/1.0" 200 268 "http://www.wonder-geek.com/japan-keychain-family-p-57388.html" "Mozilla/5.0 (Windows NT 6.3; Win64; x64; rv:91.0) Gecko/20100101 Firefox/91.0"
85.73.240.207 - - [14/Apr/2022:07:27:35 +0200] "GET /images/big_prod_1/9316188091039B.jpg HTTP/1.0" 200 271 "http://www.wonder-geek.com/japan-keychain-family-p-57388.html" "Mozilla/5.0 (Windows NT 6.3; Win64; x64; rv:91.0) Gecko/20100101 Firefox/91.0"
77.234.44.158 - - [14/Apr/2022:07:27:32 +0200] "GET / HTTP/1.0" 200 151916 "-" "Mozilla/5.0 (Windows NT 10.0; WOW64) AppleWebKit/537.36 (KHTML, like Gecko) Chrome/53.0.2785.104 Safari/537.36 Core/1.53.5155.400 QQBrowser/9.7.13231.400"
77.234.44.158 - - [14/Apr/2022:07:27:36 +0200] "GET /contact_us.php HTTP/1.0" 200 26241 "http://www.wonder-geek.com" "Mozilla/5.0 (Windows NT 10.0; WOW64) AppleWebKit/537.36 (KHTML, like Gecko) Chrome/53.0.2785.104 Safari/537.36 Core/1.53.5155.400 QQBrowser/9.7.13231.400"
77.234.44.158 - - [14/Apr/2022:07:27:37 +0200] "GET /images/pixel_trans.gif HTTP/1.0" 200 328 "http://www.wonder-geek.com/contact_us.php?action=send" "Mozilla/5.0 (Windows NT 10.0; WOW64) AppleWebKit/537.36 (KHTML, like Gecko) Chrome/53.0.2785.104 Safari/537.36 Core/1.53.5155.400 QQBrowser/9.7.13231.400"
77.234.44.158 - - [14/Apr/2022:07:27:37 +0200] "GET /images/pixel_trans.gif HTTP/1.0" 200 328 "http://www.wonder-geek.com/contact_us.php?action=send" "Mozilla/5.0 (Windows NT 10.0; WOW64) AppleWebKit/537.36 (KHTML, like Gecko) Chrome/53.0.2785.104 Safari/537.36 Core/1.53.5155.400 QQBrowser/9.7.13231.400"
66.249.64.152 - - [14/Apr/2022:07:27:37 +0200] "GET /images/big_prod_1/3700281664904a.jpg HTTP/1.0" 200 271 "-" "Googlebot-Image/1.0"
157.90.177.217 - - [14/Apr/2022:07:27:39 +0200] "GET /frida-kahlo-with-infuser-p-56680.html HTTP/1.0" 200 74124 "-" "Mozilla/5.0 (compatible; BLEXBot/1.0; +http://webmeup-crawler.com/)"
157.90.177.217 - - [14/Apr/2022:07:27:44 +0200] "GET /frida-kahlo-with-infuser-p-56681.html HTTP/1.0" 200 74124 "-" "Mozilla/5.0 (compatible; BLEXBot/1.0; +http://webmeup-crawler.com/)"
54.36.148.243 - - [14/Apr/2022:07:27:53 +0200] "GET /amys-love-paris-bowl-p-54262.html HTTP/1.0" 200 74119 "-" "Mozilla/5.0 (compatible; AhrefsBot/7.0; +http://ahrefs.com/robot/)"
157.90.177.217 - - [14/Apr/2022:07:27:53 +0200] "GET /frida-khalo-saucer-p-50156.html HTTP/1.0" 200 73466 "-" "Mozilla/5.0 (compatible; BLEXBot/1.0; +http://webmeup-crawler.com/)"
207.46.13.210 - - [14/Apr/2022:07:27:55 +0200] "GET /-p-47359.html HTTP/1.0" 200 70808 "-" "Mozilla/5.0 (compatible; bingbot/2.0; +http://www.bing.com/bingbot.htm)"
157.90.177.217 - - [14/Apr/2022:07:27:58 +0200] "GET /frida-khalo-saucer-p-50157.html HTTP/1.0" 200 73466 "-" "Mozilla/5.0 (compatible; BLEXBot/1.0; +http://webmeup-crawler.com/)"
157.90.177.217 - - [14/Apr/2022:07:28:02 +0200] "GET /frida-khalo-saucer-p-50158.html HTTP/1.0" 200 73468 "-" "Mozilla/5.0 (compatible; BLEXBot/1.0; +http://webmeup-crawler.com/)"
85.73.240.207 - - [14/Apr/2022:07:28:04 +0200] "GET /advanced_search_result.php?keywords=9316188091022 HTTP/1.0" 200 76786 "http://www.wonder-geek.com/japan-keychain-family-p-57388.html" "Mozilla/5.0 (Windows NT 6.3; Win64; x64; rv:91.0) Gecko/20100101 Firefox/91.0"
85.73.240.207 - - [14/Apr/2022:07:28:05 +0200] "GET /swfobject.js HTTP/1.0" 404 1308 "http://www.wonder-geek.com/advanced_search_result.php?keywords=9316188091022" "Mozilla/5.0 (Windows NT 6.3; Win64; x64; rv:91.0) Gecko/20100101 Firefox/91.0"
85.73.240.207 - - [14/Apr/2022:07:28:05 +0200] "GET /templates/Pixame_v1/images/flash.swf HTTP/1.0" 200 290 "http://www.wonder-geek.com/advanced_search_result.php?keywords=9316188091022" "Mozilla/5.0 (Windows NT 6.3; Win64; x64; rv:91.0) Gecko/20100101 Firefox/91.0"
85.73.240.207 - - [14/Apr/2022:07:28:06 +0200] "GET /images/mini_prod/9316188091022.jpg HTTP/1.0" 200 269 "http://www.wonder-geek.com/advanced_search_result.php?keywords=9316188091022" "Mozilla/5.0 (Windows NT 6.3; Win64; x64; rv:91.0) Gecko/20100101 Firefox/91.0"
85.73.240.207 - - [14/Apr/2022:07:28:06 +0200] "GET /js/jquery.min.js HTTP/1.0" 404 1308 "http://www.wonder-geek.com/advanced_search_result.php?keywords=9316188091022" "Mozilla/5.0 (Windows NT 6.3; Win64; x64; rv:91.0) Gecko/20100101 Firefox/91.0"
85.73.240.207 - - [14/Apr/2022:07:28:06 +0200] "GET /favicon.ico HTTP/1.0" 200 260 "http://www.wonder-geek.com/advanced_search_result.php?keywords=9316188091022" "Mozilla/5.0 (Windows NT 6.3; Win64; x64; rv:91.0) Gecko/20100101 Firefox/91.0"
5.189.172.182 - - [14/Apr/2022:07:28:04 +0200] "GET /-p-34116.html HTTP/1.0" 200 70808 "-" "Mozilla/5.0 (compatible; MJ12bot/v1.4.8; http://mj12bot.com/)"
85.73.240.207 - - [14/Apr/2022:07:28:07 +0200] "GET /kenya-keychain-family-p-57391.html HTTP/1.0" 200 75027 "http://www.wonder-geek.com/advanced_search_result.php?keywords=9316188091022" "Mozilla/5.0 (Windows NT 6.3; Win64; x64; rv:91.0) Gecko/20100101 Firefox/91.0"
85.73.240.207 - - [14/Apr/2022:07:28:09 +0200] "GET /swfobject.js HTTP/1.0" 404 1308 "http://www.wonder-geek.com/kenya-keychain-family-p-57391.html" "Mozilla/5.0 (Windows NT 6.3; Win64; x64; rv:91.0) Gecko/20100101 Firefox/91.0"
157.90.177.217 - - [14/Apr/2022:07:28:07 +0200] "GET /frida-khalo-saucer-p-50159.html HTTP/1.0" 200 73466 "-" "Mozilla/5.0 (compatible; BLEXBot/1.0; +http://webmeup-crawler.com/)"
85.73.240.207 - - [14/Apr/2022:07:28:09 +0200] "GET /images/big_prod_1/9316188091022B.jpg HTTP/1.0" 200 271 "http://www.wonder-geek.com/kenya-keychain-family-p-57391.html" "Mozilla/5.0 (Windows NT 6.3; Win64; x64; rv:91.0) Gecko/20100101 Firefox/91.0"
85.73.240.207 - - [14/Apr/2022:07:28:09 +0200] "GET /images/big_prod/9316188091022.jpg HTTP/1.0" 200 268 "http://www.wonder-geek.com/kenya-keychain-family-p-57391.html" "Mozilla/5.0 (Windows NT 6.3; Win64; x64; rv:91.0) Gecko/20100101 Firefox/91.0"
157.90.177.217 - - [14/Apr/2022:07:28:11 +0200] "GET /frida-khalo-saucer-p-50160.html HTTP/1.0" 200 73468 "-" "Mozilla/5.0 (compatible; BLEXBot/1.0; +http://webmeup-crawler.com/)"
157.90.177.217 - - [14/Apr/2022:07:28:16 +0200] "GET /frida-khalo-saucer-p-50161.html HTTP/1.0" 200 73466 "-" "Mozilla/5.0 (compatible; BLEXBot/1.0; +http://webmeup-crawler.com/)"
157.90.177.217 - - [14/Apr/2022:07:28:20 +0200] "GET /frida-khalo-saucer-p-50162.html HTTP/1.0" 200 73466 "-" "Mozilla/5.0 (compatible; BLEXBot/1.0; +http://webmeup-crawler.com/)"
185.191.171.21 - - [14/Apr/2022:07:28:24 +0200] "GET /liberty-russian-doll-phone-cover-for-iphone-by-cbkreation-p-18532.html HTTP/1.0" 301 71217 "-" "Mozilla/5.0 (compatible; SemrushBot/7~bl; +http://www.semrush.com/bot.html)"
157.90.177.217 - - [14/Apr/2022:07:28:25 +0200] "GET /frida-khalo-saucer-p-50163.html HTTP/1.0" 200 73466 "-" "Mozilla/5.0 (compatible; BLEXBot/1.0; +http://webmeup-crawler.com/)"
185.191.171.15 - - [14/Apr/2022:07:28:28 +0200] "GET /liberty-russian-doll-phone-cover-iphone-cbkreation-p-18532.html HTTP/1.0" 200 71100 "-" "Mozilla/5.0 (compatible; SemrushBot/7~bl; +http://www.semrush.com/bot.html)"
157.90.177.217 - - [14/Apr/2022:07:28:33 +0200] "GET /frida-khalo-saucer-p-50164.html HTTP/1.0" 200 73466 "-" "Mozilla/5.0 (compatible; BLEXBot/1.0; +http://webmeup-crawler.com/)"
85.73.240.207 - - [14/Apr/2022:07:28:35 +0200] "GET /advanced_search_result.php?keywords=9316188090940 HTTP/1.0" 200 76791 "http://www.wonder-geek.com/kenya-keychain-family-p-57391.html" "Mozilla/5.0 (Windows NT 6.3; Win64; x64; rv:91.0) Gecko/20100101 Firefox/91.0"
85.73.240.207 - - [14/Apr/2022:07:28:36 +0200] "GET /swfobject.js HTTP/1.0" 404 1308 "http://www.wonder-geek.com/advanced_search_result.php?keywords=9316188090940" "Mozilla/5.0 (Windows NT 6.3; Win64; x64; rv:91.0) Gecko/20100101 Firefox/91.0"
85.73.240.207 - - [14/Apr/2022:07:28:36 +0200] "GET /templates/Pixame_v1/images/flash.swf HTTP/1.0" 200 290 "http://www.wonder-geek.com/advanced_search_result.php?keywords=9316188090940" "Mozilla/5.0 (Windows NT 6.3; Win64; x64; rv:91.0) Gecko/20100101 Firefox/91.0"
85.73.240.207 - - [14/Apr/2022:07:28:37 +0200] "GET /images/mini_prod/9316188090940.jpg HTTP/1.0" 200 269 "http://www.wonder-geek.com/advanced_search_result.php?keywords=9316188090940" "Mozilla/5.0 (Windows NT 6.3; Win64; x64; rv:91.0) Gecko/20100101 Firefox/91.0"
85.73.240.207 - - [14/Apr/2022:07:28:37 +0200] "GET /js/jquery.min.js HTTP/1.0" 404 1308 "http://www.wonder-geek.com/advanced_search_result.php?keywords=9316188090940" "Mozilla/5.0 (Windows NT 6.3; Win64; x64; rv:91.0) Gecko/20100101 Firefox/91.0"
85.73.240.207 - - [14/Apr/2022:07:28:37 +0200] "GET /favicon.ico HTTP/1.0" 200 260 "http://www.wonder-geek.com/advanced_search_result.php?keywords=9316188090940" "Mozilla/5.0 (Windows NT 6.3; Win64; x64; rv:91.0) Gecko/20100101 Firefox/91.0"
157.90.177.217 - - [14/Apr/2022:07:28:37 +0200] "GET /frida-with-infuser-blue-p-52861.html HTTP/1.0" 200 73477 "-" "Mozilla/5.0 (compatible; BLEXBot/1.0; +http://webmeup-crawler.com/)"
85.73.240.207 - - [14/Apr/2022:07:28:38 +0200] "GET /france-keychain-family-p-57387.html HTTP/1.0" 200 75078 "http://www.wonder-geek.com/advanced_search_result.php?keywords=9316188090940" "Mozilla/5.0 (Windows NT 6.3; Win64; x64; rv:91.0) Gecko/20100101 Firefox/91.0"
85.73.240.207 - - [14/Apr/2022:07:28:40 +0200] "GET /swfobject.js HTTP/1.0" 404 1308 "http://www.wonder-geek.com/france-keychain-family-p-57387.html" "Mozilla/5.0 (Windows NT 6.3; Win64; x64; rv:91.0) Gecko/20100101 Firefox/91.0"
85.73.240.207 - - [14/Apr/2022:07:28:40 +0200] "GET /images/big_prod/9316188090940.jpg HTTP/1.0" 200 268 "http://www.wonder-geek.com/france-keychain-family-p-57387.html" "Mozilla/5.0 (Windows NT 6.3; Win64; x64; rv:91.0) Gecko/20100101 Firefox/91.0"
85.73.240.207 - - [14/Apr/2022:07:28:40 +0200] "GET /images/big_prod_1/9316188090940B.jpg HTTP/1.0" 200 271 "http://www.wonder-geek.com/france-keychain-family-p-57387.html" "Mozilla/5.0 (Windows NT 6.3; Win64; x64; rv:91.0) Gecko/20100101 Firefox/91.0"
5.189.172.182 - - [14/Apr/2022:07:28:39 +0200] "GET /smiski-figure-series-note-there-is-single-figure-p-43652.html HTTP/1.0" 301 74863 "-" "Mozilla/5.0 (compatible; MJ12bot/v1.4.8; http://mj12bot.com/)"
157.90.177.217 - - [14/Apr/2022:07:28:41 +0200] "GET /frida-with-infuser-pink-blue-p-52862.html HTTP/1.0" 200 73532 "-" "Mozilla/5.0 (compatible; BLEXBot/1.0; +http://webmeup-crawler.com/)"
49.7.20.122 - - [14/Apr/2022:07:28:38 +0200] "GET / HTTP/1.0" 200 151583 "-" "Sogou web spider/4.0(+http://www.sogou.com/docs/help/webmasters.htm#07)"
185.191.171.18 - - [14/Apr/2022:07:28:46 +0200] "GET /flower-bamboo-resin-p-44982.html?action=add_product HTTP/1.0" 302 476 "-" "Mozilla/5.0 (compatible; SemrushBot/7~bl; +http://www.semrush.com/bot.html)"
157.90.177.217 - - [14/Apr/2022:07:28:45 +0200] "GET /frida-with-infuser-pink-p-52863.html HTTP/1.0" 200 73477 "-" "Mozilla/5.0 (compatible; BLEXBot/1.0; +http://webmeup-crawler.com/)"
