117.148.130.28 - - [14/Apr/2022:06:39:53 +0200] "GET /images/mini_prod/1300010236895.jpg HTTP/1.0" 200 269 "-" "Mozilla/5.0 (Windows NT 10.0; WOW64) AppleWebKit/537.36 (KHTML, like Gecko) Chrome/90.0.4430.212 Safari/537.36"
204.12.197.234 - - [14/Apr/2022:06:39:52 +0200] "GET /large-candle-hours-christmas-cupcake-p-33007.html HTTP/1.0" 200 74817 "-" "Mozilla/5.0 (compatible; MJ12bot/v1.4.8; http://mj12bot.com/)"
95.217.207.61 - - [14/Apr/2022:06:39:54 +0200] "GET /hannah-montana-black-and-pink-swimsuit-p-30262.html HTTP/1.0" 301 70875 "-" "Mozilla/5.0 (compatible; MJ12bot/v1.4.8; http://mj12bot.com/)"
157.90.177.217 - - [14/Apr/2022:06:39:55 +0200] "GET /dora-explorer-picnic-p-16808.html HTTP/1.0" 200 74686 "-" "Mozilla/5.0 (compatible; BLEXBot/1.0; +http://webmeup-crawler.com/)"
204.12.197.234 - - [14/Apr/2022:06:39:55 +0200] "GET /large-jar-candle-70-hours-jasmine-daydream-p-33009.html HTTP/1.0" 301 74922 "-" "Mozilla/5.0 (compatible; MJ12bot/v1.4.8; http://mj12bot.com/)"
117.148.130.28 - - [14/Apr/2022:06:39:58 +0200] "GET /images/big_prod_1/5400924160173B.jpg HTTP/1.0" 200 271 "-" "Mozilla/5.0 (Windows NT 10.0; WOW64) AppleWebKit/537.36 (KHTML, like Gecko) Chrome/90.0.4430.212 Safari/537.36"
95.217.207.61 - - [14/Apr/2022:06:39:57 +0200] "GET /-p-30262.html HTTP/1.0" 200 70808 "-" "Mozilla/5.0 (compatible; MJ12bot/v1.4.8; http://mj12bot.com/)"
204.12.197.234 - - [14/Apr/2022:06:39:59 +0200] "GET /large-candle-hours-jasmine-daydream-p-33009.html HTTP/1.0" 200 74820 "-" "Mozilla/5.0 (compatible; MJ12bot/v1.4.8; http://mj12bot.com/)"
157.90.177.217 - - [14/Apr/2022:06:39:59 +0200] "GET /dora-explorer-swimsuit-p-30314.html HTTP/1.0" 200 75490 "-" "Mozilla/5.0 (compatible; BLEXBot/1.0; +http://webmeup-crawler.com/)"
54.36.148.243 - - [14/Apr/2022:06:39:59 +0200] "GET /statuette-jesus-christ-redeemer-resin-p-44971.html HTTP/1.0" 200 74273 "-" "Mozilla/5.0 (compatible; AhrefsBot/7.0; +http://ahrefs.com/robot/)"
95.217.207.61 - - [14/Apr/2022:06:40:01 +0200] "GET /hats-and-caps-c-2_43.html HTTP/1.0" 301 69804 "-" "Mozilla/5.0 (compatible; MJ12bot/v1.4.8; http://mj12bot.com/)"
204.12.197.234 - - [14/Apr/2022:06:40:02 +0200] "GET /large-jar-candle-70-hours-simply-spa-p-33016.html HTTP/1.0" 301 74798 "-" "Mozilla/5.0 (compatible; MJ12bot/v1.4.8; http://mj12bot.com/)"
95.217.207.61 - - [14/Apr/2022:06:40:04 +0200] "GET /hats-caps-c-43.html HTTP/1.0" 301 69710 "-" "Mozilla/5.0 (compatible; MJ12bot/v1.4.8; http://mj12bot.com/)"
204.12.197.234 - - [14/Apr/2022:06:40:05 +0200] "GET /large-candle-hours-simply-p-33016.html HTTP/1.0" 200 74706 "-" "Mozilla/5.0 (compatible; MJ12bot/v1.4.8; http://mj12bot.com/)"
117.148.130.28 - - [14/Apr/2022:06:40:07 +0200] "GET /images/big_prod_2/5400924160173C.jpg HTTP/1.0" 200 271 "-" "Mozilla/5.0 (Windows NT 10.0; WOW64) AppleWebKit/537.36 (KHTML, like Gecko) Chrome/90.0.4430.212 Safari/537.36"
95.217.207.61 - - [14/Apr/2022:06:40:08 +0200] "GET /hats-caps-c-2_43.html HTTP/1.0" 200 69731 "-" "Mozilla/5.0 (compatible; MJ12bot/v1.4.8; http://mj12bot.com/)"
157.90.177.217 - - [14/Apr/2022:06:40:07 +0200] "GET /dora-explorer-training-bottle-p-17160.html HTTP/1.0" 200 73845 "-" "Mozilla/5.0 (compatible; BLEXBot/1.0; +http://webmeup-crawler.com/)"
204.12.197.234 - - [14/Apr/2022:06:40:09 +0200] "GET /large-jar-candle-70-hours-sweet-black-cherries-p-33014.html HTTP/1.0" 301 74908 "-" "Mozilla/5.0 (compatible; MJ12bot/v1.4.8; http://mj12bot.com/)"
204.12.197.234 - - [14/Apr/2022:06:40:12 +0200] "GET /large-candle-hours-sweet-black-cherries-p-33014.html HTTP/1.0" 200 74802 "-" "Mozilla/5.0 (compatible; MJ12bot/v1.4.8; http://mj12bot.com/)"
157.90.177.217 - - [14/Apr/2022:06:40:13 +0200] "GET /dory-pencil-case-p-44918.html HTTP/1.0" 200 73469 "-" "Mozilla/5.0 (compatible; BLEXBot/1.0; +http://webmeup-crawler.com/)"
95.217.207.61 - - [14/Apr/2022:06:40:14 +0200] "GET /jeans-blue-backpack-laptop-p-35999.html HTTP/1.0" 301 70875 "-" "Mozilla/5.0 (compatible; MJ12bot/v1.4.8; http://mj12bot.com/)"
95.217.207.61 - - [14/Apr/2022:06:40:17 +0200] "GET /-p-35999.html HTTP/1.0" 200 70808 "-" "Mozilla/5.0 (compatible; MJ12bot/v1.4.8; http://mj12bot.com/)"
157.90.177.217 - - [14/Apr/2022:06:40:18 +0200] "GET /dotted-little-tray-p-29650.html HTTP/1.0" 200 73461 "-" "Mozilla/5.0 (compatible; BLEXBot/1.0; +http://webmeup-crawler.com/)"
157.90.177.217 - - [14/Apr/2022:06:40:21 +0200] "GET /double-dispenser-cereals-p-50116.html HTTP/1.0" 200 74096 "-" "Mozilla/5.0 (compatible; BLEXBot/1.0; +http://webmeup-crawler.com/)"
95.217.207.61 - - [14/Apr/2022:06:40:23 +0200] "GET /johnny-hallyday-sun-large-lamp-p-10437.html HTTP/1.0" 301 70875 "-" "Mozilla/5.0 (compatible; MJ12bot/v1.4.8; http://mj12bot.com/)"
95.217.207.61 - - [14/Apr/2022:06:40:25 +0200] "GET /-p-10437.html HTTP/1.0" 200 70808 "-" "Mozilla/5.0 (compatible; MJ12bot/v1.4.8; http://mj12bot.com/)"
157.90.177.217 - - [14/Apr/2022:06:40:26 +0200] "GET /double-round-mirror-stand-p-53680.html HTTP/1.0" 200 74441 "-" "Mozilla/5.0 (compatible; BLEXBot/1.0; +http://webmeup-crawler.com/)"
157.90.177.217 - - [14/Apr/2022:06:40:30 +0200] "GET /doudou-bedclothes-p-53971.html HTTP/1.0" 200 73538 "-" "Mozilla/5.0 (compatible; BLEXBot/1.0; +http://webmeup-crawler.com/)"
95.217.207.61 - - [14/Apr/2022:06:40:32 +0200] "GET /jojo-and-his-airplane-friction-p-21903.html HTTP/1.0" 301 70875 "-" "Mozilla/5.0 (compatible; MJ12bot/v1.4.8; http://mj12bot.com/)"
185.191.171.35 - - [14/Apr/2022:06:40:35 +0200] "GET /glitter-adhesive-roll-pink-p-42998.html?action=add_product HTTP/1.0" 302 476 "-" "Mozilla/5.0 (compatible; SemrushBot/7~bl; +http://www.semrush.com/bot.html)"
157.90.177.217 - - [14/Apr/2022:06:40:34 +0200] "GET /draculaura-figure-p-22564.html HTTP/1.0" 200 73486 "-" "Mozilla/5.0 (compatible; BLEXBot/1.0; +http://webmeup-crawler.com/)"
95.217.207.61 - - [14/Apr/2022:06:40:35 +0200] "GET /-p-21903.html HTTP/1.0" 200 70808 "-" "Mozilla/5.0 (compatible; MJ12bot/v1.4.8; http://mj12bot.com/)"
95.217.207.61 - - [14/Apr/2022:06:40:39 +0200] "GET /julie-bedclothes-140-200-cm-p-51606.html HTTP/1.0" 301 70875 "-" "Mozilla/5.0 (compatible; MJ12bot/v1.4.8; http://mj12bot.com/)"
157.90.177.217 - - [14/Apr/2022:06:40:39 +0200] "GET /dragon-ball-swimsuit-p-30477.html HTTP/1.0" 200 74603 "-" "Mozilla/5.0 (compatible; BLEXBot/1.0; +http://webmeup-crawler.com/)"
185.191.171.20 - - [14/Apr/2022:06:40:41 +0200] "GET /go-where-the-action-is-vespa-shoulder-bag-p-15593.html HTTP/1.0" 301 71070 "-" "Mozilla/5.0 (compatible; SemrushBot/7~bl; +http://www.semrush.com/bot.html)"
95.217.207.61 - - [14/Apr/2022:06:40:43 +0200] "GET /-p-51606.html HTTP/1.0" 200 70808 "-" "Mozilla/5.0 (compatible; MJ12bot/v1.4.8; http://mj12bot.com/)"
185.191.171.22 - - [14/Apr/2022:06:40:44 +0200] "GET /where-action-vespa-shoulder-p-15593.html HTTP/1.0" 200 70976 "-" "Mozilla/5.0 (compatible; SemrushBot/7~bl; +http://www.semrush.com/bot.html)"
157.90.177.217 - - [14/Apr/2022:06:40:46 +0200] "GET /dream-catcher-shower-curtain-p-50728.html HTTP/1.0" 200 74231 "-" "Mozilla/5.0 (compatible; BLEXBot/1.0; +http://webmeup-crawler.com/)"
157.90.177.217 - - [14/Apr/2022:06:40:52 +0200] "GET /dressings-metal-p-48326.html HTTP/1.0" 200 73482 "-" "Mozilla/5.0 (compatible; BLEXBot/1.0; +http://webmeup-crawler.com/)"
17.121.114.200 - - [14/Apr/2022:06:40:54 +0200] "GET /corsica-soap-soap-p-52466.html HTTP/1.0" 200 73726 "-" "Mozilla/5.0 (Macintosh; Intel Mac OS X 10_15_5) AppleWebKit/605.1.15 (KHTML, like Gecko) Version/13.1.1 Safari/605.1.15 (Applebot/0.1; +http://www.apple.com/go/applebot)"
95.217.207.61 - - [14/Apr/2022:06:40:56 +0200] "GET /keep-calm-wooden-book-box-p-27637.html HTTP/1.0" 301 70875 "-" "Mozilla/5.0 (compatible; MJ12bot/v1.4.8; http://mj12bot.com/)"
157.90.177.217 - - [14/Apr/2022:06:40:56 +0200] "GET /drink-dispenser-p-49663.html HTTP/1.0" 200 73426 "-" "Mozilla/5.0 (compatible; BLEXBot/1.0; +http://webmeup-crawler.com/)"
54.36.148.243 - - [14/Apr/2022:06:40:58 +0200] "GET /gorjuss-card-holder-little-wings-p-52361.html HTTP/1.0" 200 74537 "-" "Mozilla/5.0 (compatible; AhrefsBot/7.0; +http://ahrefs.com/robot/)"
95.217.207.61 - - [14/Apr/2022:06:41:01 +0200] "GET /-p-27637.html HTTP/1.0" 200 70808 "-" "Mozilla/5.0 (compatible; MJ12bot/v1.4.8; http://mj12bot.com/)"
185.191.171.1 - - [14/Apr/2022:06:41:01 +0200] "GET /decoration-and-protection-of-animal-iphone-cable-p-47278.html HTTP/1.0" 301 71084 "-" "Mozilla/5.0 (compatible; SemrushBot/7~bl; +http://www.semrush.com/bot.html)"
157.90.177.217 - - [14/Apr/2022:06:41:02 +0200] "GET /drink-dispenser-p-49664.html HTTP/1.0" 200 73426 "-" "Mozilla/5.0 (compatible; BLEXBot/1.0; +http://webmeup-crawler.com/)"
185.191.171.10 - - [14/Apr/2022:06:41:04 +0200] "GET /decoration-protection-animal-iphone-cable-p-47278.html HTTP/1.0" 200 70976 "-" "Mozilla/5.0 (compatible; SemrushBot/7~bl; +http://www.semrush.com/bot.html)"
185.191.171.8 - - [14/Apr/2022:06:41:07 +0200] "GET /marble-tile-stickers-p-51947.html HTTP/1.0" 200 74180 "-" "Mozilla/5.0 (compatible; SemrushBot/7~bl; +http://www.semrush.com/bot.html)"
157.90.177.217 - - [14/Apr/2022:06:41:07 +0200] "GET /dubout-cats-compact-double-mirror-p-37046.html HTTP/1.0" 200 75068 "-" "Mozilla/5.0 (compatible; BLEXBot/1.0; +http://webmeup-crawler.com/)"
185.191.171.2 - - [14/Apr/2022:06:41:10 +0200] "GET /ceramic-salt-with-spoon-flammy-p-47874.html HTTP/1.0" 200 74233 "-" "Mozilla/5.0 (compatible; SemrushBot/7~bl; +http://www.semrush.com/bot.html)"
157.90.177.217 - - [14/Apr/2022:06:41:13 +0200] "GET /dubout-cats-compact-double-mirror-p-37047.html HTTP/1.0" 200 75068 "-" "Mozilla/5.0 (compatible; BLEXBot/1.0; +http://webmeup-crawler.com/)"
157.90.177.217 - - [14/Apr/2022:06:41:18 +0200] "GET /dubout-cats-compact-double-mirror-p-43037.html HTTP/1.0" 200 74215 "-" "Mozilla/5.0 (compatible; BLEXBot/1.0; +http://webmeup-crawler.com/)"
66.249.64.152 - - [14/Apr/2022:06:41:21 +0200] "GET /pencil-c-129_183.html HTTP/1.0" 200 91023 "-" "Mozilla/5.0 (Linux; Android 6.0.1; Nexus 5X Build/MMB29P) AppleWebKit/537.36 (KHTML, like Gecko) Chrome/99.0.4844.84 Mobile Safari/537.36 (compatible; Googlebot/2.1; +http://www.google.com/bot.html)"
157.90.177.217 - - [14/Apr/2022:06:41:25 +0200] "GET /dubout-cats-compact-mirror-p-32233.html HTTP/1.0" 200 73518 "-" "Mozilla/5.0 (compatible; BLEXBot/1.0; +http://webmeup-crawler.com/)"
204.12.197.234 - - [14/Apr/2022:06:41:27 +0200] "GET /large-jar-candle-70-hours-waiting-for-santa-p-33008.html HTTP/1.0" 301 71097 "-" "Mozilla/5.0 (compatible; MJ12bot/v1.4.8; http://mj12bot.com/)"
157.90.177.217 - - [14/Apr/2022:06:41:29 +0200] "GET /dubout-cats-compact-mirror-p-34469.html HTTP/1.0" 200 73518 "-" "Mozilla/5.0 (compatible; BLEXBot/1.0; +http://webmeup-crawler.com/)"
204.12.197.234 - - [14/Apr/2022:06:41:29 +0200] "GET /large-candle-hours-waiting-santa-p-33008.html HTTP/1.0" 200 70998 "-" "Mozilla/5.0 (compatible; MJ12bot/v1.4.8; http://mj12bot.com/)"
117.148.130.28 - - [14/Apr/2022:06:41:34 +0200] "GET /images/mini_prod/3453131158169.jpg HTTP/1.0" 200 269 "-" "Mozilla/5.0 (Windows NT 10.0; WOW64) AppleWebKit/537.36 (KHTML, like Gecko) Chrome/90.0.4430.212 Safari/537.36"
204.12.197.234 - - [14/Apr/2022:06:41:34 +0200] "GET /large-jar-candle-christmas-night-p-42619.html HTTP/1.0" 301 71052 "-" "Mozilla/5.0 (compatible; MJ12bot/v1.4.8; http://mj12bot.com/)"
157.90.177.217 - - [14/Apr/2022:06:41:33 +0200] "GET /dubout-cats-large-portfolio-p-32246.html HTTP/1.0" 200 73662 "-" "Mozilla/5.0 (compatible; BLEXBot/1.0; +http://webmeup-crawler.com/)"
204.12.197.234 - - [14/Apr/2022:06:41:36 +0200] "GET /large-candle-christmas-night-p-42619.html HTTP/1.0" 200 70957 "-" "Mozilla/5.0 (compatible; MJ12bot/v1.4.8; http://mj12bot.com/)"
157.90.177.217 - - [14/Apr/2022:06:41:38 +0200] "GET /dubout-cats-large-round-flat-p-40060.html HTTP/1.0" 200 73475 "-" "Mozilla/5.0 (compatible; BLEXBot/1.0; +http://webmeup-crawler.com/)"
117.148.130.28 - - [14/Apr/2022:06:41:39 +0200] "GET /images/mini_prod/8720088297995.jpg HTTP/1.0" 200 269 "-" "Mozilla/5.0 (Windows NT 10.0; WOW64) AppleWebKit/537.36 (KHTML, like Gecko) Chrome/90.0.4430.212 Safari/537.36"
185.191.171.8 - - [14/Apr/2022:06:41:38 +0200] "GET /keyrings-c-31_52.html?page=7 HTTP/1.0" 200 95538 "-" "Mozilla/5.0 (compatible; SemrushBot/7~bl; +http://www.semrush.com/bot.html)"
204.12.197.234 - - [14/Apr/2022:06:41:39 +0200] "GET /large-sheet-metal-coca-cola-pin-up-p-12356.html HTTP/1.0" 301 71100 "-" "Mozilla/5.0 (compatible; MJ12bot/v1.4.8; http://mj12bot.com/)"
95.217.207.61 - - [14/Apr/2022:06:41:39 +0200] "GET /keith-haring-mug-p-28644.html HTTP/1.0" 301 70875 "-" "Mozilla/5.0 (compatible; MJ12bot/v1.4.8; http://mj12bot.com/)"
117.148.130.28 - - [14/Apr/2022:06:41:42 +0200] "GET /images/mini_prod/8422015293703.jpg HTTP/1.0" 200 269 "-" "Mozilla/5.0 (Windows NT 10.0; WOW64) AppleWebKit/537.36 (KHTML, like Gecko) Chrome/90.0.4430.212 Safari/537.36"
204.12.197.234 - - [14/Apr/2022:06:41:42 +0200] "GET /coca-cola-rectangular-large-metal-plate-p-12356.html HTTP/1.0" 200 70994 "-" "Mozilla/5.0 (compatible; MJ12bot/v1.4.8; http://mj12bot.com/)"
157.90.177.217 - - [14/Apr/2022:06:41:42 +0200] "GET /dubout-cats-soap-p-40103.html HTTP/1.0" 200 73735 "-" "Mozilla/5.0 (compatible; BLEXBot/1.0; +http://webmeup-crawler.com/)"
95.217.207.61 - - [14/Apr/2022:06:41:43 +0200] "GET /-p-28644.html HTTP/1.0" 200 70808 "-" "Mozilla/5.0 (compatible; MJ12bot/v1.4.8; http://mj12bot.com/)"
204.12.197.234 - - [14/Apr/2022:06:41:45 +0200] "GET /large-sheet-metal-ice-cold-coca-cola-p-12360.html HTTP/1.0" 301 73656 "-" "Mozilla/5.0 (compatible; MJ12bot/v1.4.8; http://mj12bot.com/)"
95.217.207.61 - - [14/Apr/2022:06:41:46 +0200] "GET /keith-haring-set-of-stackable-boxes-p-28657.html HTTP/1.0" 301 70875 "-" "Mozilla/5.0 (compatible; MJ12bot/v1.4.8; http://mj12bot.com/)"
157.90.177.217 - - [14/Apr/2022:06:41:46 +0200] "GET /dubout-cats-soap-p-40104.html HTTP/1.0" 200 73735 "-" "Mozilla/5.0 (compatible; BLEXBot/1.0; +http://webmeup-crawler.com/)"
185.191.171.23 - - [14/Apr/2022:06:41:47 +0200] "GET /bird-terracotta-planter-p-55317.html HTTP/1.0" 200 74157 "-" "Mozilla/5.0 (compatible; SemrushBot/7~bl; +http://www.semrush.com/bot.html)"
204.12.197.234 - - [14/Apr/2022:06:41:48 +0200] "GET /coca-cola-rectangular-large-metal-plate-p-12360.html HTTP/1.0" 200 73550 "-" "Mozilla/5.0 (compatible; MJ12bot/v1.4.8; http://mj12bot.com/)"
95.217.207.61 - - [14/Apr/2022:06:41:49 +0200] "GET /-p-28657.html HTTP/1.0" 200 70808 "-" "Mozilla/5.0 (compatible; MJ12bot/v1.4.8; http://mj12bot.com/)"
54.36.148.243 - - [14/Apr/2022:06:41:50 +0200] "GET /gift-japanese-black-cast-iron-teapot-p-54899.html HTTP/1.0" 200 75235 "-" "Mozilla/5.0 (compatible; AhrefsBot/7.0; +http://ahrefs.com/robot/)"
204.12.197.234 - - [14/Apr/2022:06:41:51 +0200] "GET /las-vegas-poster-p-27248.html HTTP/1.0" 301 70950 "-" "Mozilla/5.0 (compatible; MJ12bot/v1.4.8; http://mj12bot.com/)"
157.90.177.217 - - [14/Apr/2022:06:41:54 +0200] "GET /dubout-cats-soap-p-40107.html HTTP/1.0" 200 73735 "-" "Mozilla/5.0 (compatible; BLEXBot/1.0; +http://webmeup-crawler.com/)"
204.12.197.234 - - [14/Apr/2022:06:41:54 +0200] "GET /vegas-poster-p-27248.html HTTP/1.0" 200 70871 "-" "Mozilla/5.0 (compatible; MJ12bot/v1.4.8; http://mj12bot.com/)"
204.12.197.234 - - [14/Apr/2022:06:41:57 +0200] "GET /lavender-of-provence-little-tray-20-14-cm-p-39727.html HTTP/1.0" 301 73741 "-" "Mozilla/5.0 (compatible; MJ12bot/v1.4.8; http://mj12bot.com/)"
207.46.13.38 - - [14/Apr/2022:06:42:00 +0200] "GET /paul-frank-backpack-p-15109.html HTTP/1.0" 200 74305 "-" "Mozilla/5.0 (compatible; bingbot/2.0; +http://www.bing.com/bingbot.htm)"
204.12.197.234 - - [14/Apr/2022:06:42:00 +0200] "GET /lavender-provence-little-tray-p-39727.html HTTP/1.0" 200 73645 "-" "Mozilla/5.0 (compatible; MJ12bot/v1.4.8; http://mj12bot.com/)"
157.90.177.217 - - [14/Apr/2022:06:42:01 +0200] "GET /dubout-cats-soap-p-40108.html HTTP/1.0" 200 73735 "-" "Mozilla/5.0 (compatible; BLEXBot/1.0; +http://webmeup-crawler.com/)"
117.148.130.28 - - [14/Apr/2022:06:42:04 +0200] "GET /images/mini_prod/1328399296088.jpg HTTP/1.0" 200 269 "-" "Mozilla/5.0 (Windows NT 10.0; WOW64) AppleWebKit/537.36 (KHTML, like Gecko) Chrome/90.0.4430.212 Safari/537.36"
117.148.130.28 - - [14/Apr/2022:06:42:05 +0200] "GET /images/mini_prod/8712159168266.jpg HTTP/1.0" 200 269 "-" "Mozilla/5.0 (Windows NT 10.0; WOW64) AppleWebKit/537.36 (KHTML, like Gecko) Chrome/90.0.4430.212 Safari/537.36"
117.148.130.28 - - [14/Apr/2022:06:42:05 +0200] "GET /images/mini_prod/8433933244791.jpg HTTP/1.0" 200 269 "-" "Mozilla/5.0 (Windows NT 10.0; WOW64) AppleWebKit/537.36 (KHTML, like Gecko) Chrome/90.0.4430.212 Safari/537.36"
117.148.130.28 - - [14/Apr/2022:06:42:05 +0200] "GET /images/mini_prod/5400924158132.jpg HTTP/1.0" 200 269 "-" "Mozilla/5.0 (Windows NT 10.0; WOW64) AppleWebKit/537.36 (KHTML, like Gecko) Chrome/90.0.4430.212 Safari/537.36"
204.12.197.234 - - [14/Apr/2022:06:42:05 +0200] "GET /lavender-provence-little-tray-p-39727.html HTTP/1.0" 200 73645 "-" "Mozilla/5.0 (compatible; MJ12bot/v1.4.8; http://mj12bot.com/)"
204.12.197.234 - - [14/Apr/2022:06:42:08 +0200] "GET /lavender-soap-dish-p-39763.html HTTP/1.0" 301 70875 "-" "Mozilla/5.0 (compatible; MJ12bot/v1.4.8; http://mj12bot.com/)"
117.148.130.28 - - [14/Apr/2022:06:42:10 +0200] "GET /images/mini_prod/3665269152036.jpg HTTP/1.0" 200 269 "-" "Mozilla/5.0 (Windows NT 10.0; WOW64) AppleWebKit/537.36 (KHTML, like Gecko) Chrome/90.0.4430.212 Safari/537.36"
117.148.130.28 - - [14/Apr/2022:06:42:11 +0200] "GET /images/mini_prod/3700344927113.jpg HTTP/1.0" 200 269 "-" "Mozilla/5.0 (Windows NT 10.0; WOW64) AppleWebKit/537.36 (KHTML, like Gecko) Chrome/90.0.4430.212 Safari/537.36"
117.148.130.28 - - [14/Apr/2022:06:42:11 +0200] "GET /images/mini_prod/3700281652789.jpg HTTP/1.0" 200 269 "-" "Mozilla/5.0 (Windows NT 10.0; WOW64) AppleWebKit/537.36 (KHTML, like Gecko) Chrome/90.0.4430.212 Safari/537.36"
117.148.130.28 - - [14/Apr/2022:06:42:11 +0200] "GET /images/mini_prod/8433933314265.jpg HTTP/1.0" 200 269 "-" "Mozilla/5.0 (Windows NT 10.0; WOW64) AppleWebKit/537.36 (KHTML, like Gecko) Chrome/90.0.4430.212 Safari/537.36"
117.148.130.28 - - [14/Apr/2022:06:42:12 +0200] "GET /images/mini_prod/5400924182724.jpg HTTP/1.0" 200 269 "-" "Mozilla/5.0 (Windows NT 10.0; WOW64) AppleWebKit/537.36 (KHTML, like Gecko) Chrome/90.0.4430.212 Safari/537.36"
157.90.177.217 - - [14/Apr/2022:06:42:11 +0200] "GET /dubout-cats-thermometer-p-40028.html HTTP/1.0" 200 73494 "-" "Mozilla/5.0 (compatible; BLEXBot/1.0; +http://webmeup-crawler.com/)"
117.148.130.28 - - [14/Apr/2022:06:42:13 +0200] "GET /images/mini_prod/3418178596039.jpg HTTP/1.0" 200 269 "-" "Mozilla/5.0 (Windows NT 10.0; WOW64) AppleWebKit/537.36 (KHTML, like Gecko) Chrome/90.0.4430.212 Safari/537.36"
204.12.197.234 - - [14/Apr/2022:06:42:12 +0200] "GET /-p-39763.html HTTP/1.0" 200 70808 "-" "Mozilla/5.0 (compatible; MJ12bot/v1.4.8; http://mj12bot.com/)"
117.148.130.28 - - [14/Apr/2022:06:42:14 +0200] "GET /images/mini_prod/8433933243251.jpg HTTP/1.0" 200 269 "-" "Mozilla/5.0 (Windows NT 10.0; WOW64) AppleWebKit/537.36 (KHTML, like Gecko) Chrome/90.0.4430.212 Safari/537.36"
117.148.130.28 - - [14/Apr/2022:06:42:14 +0200] "GET /images/mini_prod/3701206600106.jpg HTTP/1.0" 200 269 "-" "Mozilla/5.0 (Windows NT 10.0; WOW64) AppleWebKit/537.36 (KHTML, like Gecko) Chrome/90.0.4430.212 Safari/537.36"
117.148.130.28 - - [14/Apr/2022:06:42:15 +0200] "GET /images/mini_prod/8422015293727.jpg HTTP/1.0" 200 269 "-" "Mozilla/5.0 (Windows NT 10.0; WOW64) AppleWebKit/537.36 (KHTML, like Gecko) Chrome/90.0.4430.212 Safari/537.36"
117.148.130.28 - - [14/Apr/2022:06:42:16 +0200] "GET /images/mini_prod/3453131158220.jpg HTTP/1.0" 200 269 "-" "Mozilla/5.0 (Windows NT 10.0; WOW64) AppleWebKit/537.36 (KHTML, like Gecko) Chrome/90.0.4430.212 Safari/537.36"
117.148.130.28 - - [14/Apr/2022:06:42:16 +0200] "GET /images/mini_prod/8718657462530.jpg HTTP/1.0" 200 269 "-" "Mozilla/5.0 (Windows NT 10.0; WOW64) AppleWebKit/537.36 (KHTML, like Gecko) Chrome/90.0.4430.212 Safari/537.36"
117.148.130.28 - - [14/Apr/2022:06:42:16 +0200] "GET /images/mini_prod/8433933206553.jpg HTTP/1.0" 200 269 "-" "Mozilla/5.0 (Windows NT 10.0; WOW64) AppleWebKit/537.36 (KHTML, like Gecko) Chrome/90.0.4430.212 Safari/537.36"
117.148.130.28 - - [14/Apr/2022:06:42:17 +0200] "GET /images/mini_prod/8718657461090C.jpg HTTP/1.0" 200 270 "-" "Mozilla/5.0 (Windows NT 10.0; WOW64) AppleWebKit/537.36 (KHTML, like Gecko) Chrome/90.0.4430.212 Safari/537.36"
117.148.130.28 - - [14/Apr/2022:06:42:17 +0200] "GET /images/mini_prod/8720088297940.jpg HTTP/1.0" 200 269 "-" "Mozilla/5.0 (Windows NT 10.0; WOW64) AppleWebKit/537.36 (KHTML, like Gecko) Chrome/90.0.4430.212 Safari/537.36"
204.12.197.234 - - [14/Apr/2022:06:42:16 +0200] "GET /lavender-wall-sticker-p-52219.html HTTP/1.0" 200 74152 "-" "Mozilla/5.0 (compatible; MJ12bot/v1.4.8; http://mj12bot.com/)"
117.148.130.28 - - [14/Apr/2022:06:42:17 +0200] "GET /images/mini_prod/8433933245828.jpg HTTP/1.0" 200 269 "-" "Mozilla/5.0 (Windows NT 10.0; WOW64) AppleWebKit/537.36 (KHTML, like Gecko) Chrome/90.0.4430.212 Safari/537.36"
117.148.130.28 - - [14/Apr/2022:06:42:18 +0200] "GET /images/mini_prod/8433933251416.jpg HTTP/1.0" 200 269 "-" "Mozilla/5.0 (Windows NT 10.0; WOW64) AppleWebKit/537.36 (KHTML, like Gecko) Chrome/90.0.4430.212 Safari/537.36"
117.148.130.28 - - [14/Apr/2022:06:42:18 +0200] "GET /images/mini_prod/5400924181024.jpg HTTP/1.0" 200 269 "-" "Mozilla/5.0 (Windows NT 10.0; WOW64) AppleWebKit/537.36 (KHTML, like Gecko) Chrome/90.0.4430.212 Safari/537.36"
117.148.130.28 - - [14/Apr/2022:06:42:18 +0200] "GET /images/mini_prod/3700572740256.jpg HTTP/1.0" 200 269 "-" "Mozilla/5.0 (Windows NT 10.0; WOW64) AppleWebKit/537.36 (KHTML, like Gecko) Chrome/90.0.4430.212 Safari/537.36"
117.148.130.28 - - [14/Apr/2022:06:42:18 +0200] "GET /images/mini_prod/1020322305415.jpg HTTP/1.0" 200 269 "-" "Mozilla/5.0 (Windows NT 10.0; WOW64) AppleWebKit/537.36 (KHTML, like Gecko) Chrome/90.0.4430.212 Safari/537.36"
117.148.130.28 - - [14/Apr/2022:06:42:18 +0200] "GET /images/mini_prod/5400924158002.jpg HTTP/1.0" 200 269 "-" "Mozilla/5.0 (Windows NT 10.0; WOW64) AppleWebKit/537.36 (KHTML, like Gecko) Chrome/90.0.4430.212 Safari/537.36"
117.148.130.28 - - [14/Apr/2022:06:42:18 +0200] "GET /images/mini_prod/542202657430b.jpg HTTP/1.0" 200 269 "-" "Mozilla/5.0 (Windows NT 10.0; WOW64) AppleWebKit/537.36 (KHTML, like Gecko) Chrome/90.0.4430.212 Safari/537.36"
117.148.130.28 - - [14/Apr/2022:06:42:19 +0200] "GET /images/mini_prod/3700572740249.jpg HTTP/1.0" 200 269 "-" "Mozilla/5.0 (Windows NT 10.0; WOW64) AppleWebKit/537.36 (KHTML, like Gecko) Chrome/90.0.4430.212 Safari/537.36"
117.148.130.28 - - [14/Apr/2022:06:42:19 +0200] "GET /images/mini_prod/3665269159721.jpg HTTP/1.0" 200 269 "-" "Mozilla/5.0 (Windows NT 10.0; WOW64) AppleWebKit/537.36 (KHTML, like Gecko) Chrome/90.0.4430.212 Safari/537.36"
117.148.130.28 - - [14/Apr/2022:06:42:19 +0200] "GET /images/mini_prod/3665269183160.jpg HTTP/1.0" 200 269 "-" "Mozilla/5.0 (Windows NT 10.0; WOW64) AppleWebKit/537.36 (KHTML, like Gecko) Chrome/90.0.4430.212 Safari/537.36"
117.148.130.28 - - [14/Apr/2022:06:42:20 +0200] "GET /images/mini_prod/8712159172157.jpg HTTP/1.0" 200 269 "-" "Mozilla/5.0 (Windows NT 10.0; WOW64) AppleWebKit/537.36 (KHTML, like Gecko) Chrome/90.0.4430.212 Safari/537.36"
117.148.130.28 - - [14/Apr/2022:06:42:20 +0200] "GET /images/mini_prod/8433933228654.jpg HTTP/1.0" 200 269 "-" "Mozilla/5.0 (Windows NT 10.0; WOW64) AppleWebKit/537.36 (KHTML, like Gecko) Chrome/90.0.4430.212 Safari/537.36"
117.148.130.28 - - [14/Apr/2022:06:42:20 +0200] "GET /images/mini_prod/3503420503368.jpg HTTP/1.0" 200 269 "-" "Mozilla/5.0 (Windows NT 10.0; WOW64) AppleWebKit/537.36 (KHTML, like Gecko) Chrome/90.0.4430.212 Safari/537.36"
117.148.130.28 - - [14/Apr/2022:06:42:20 +0200] "GET /images/mini_prod/4542202657164.jpg HTTP/1.0" 200 269 "-" "Mozilla/5.0 (Windows NT 10.0; WOW64) AppleWebKit/537.36 (KHTML, like Gecko) Chrome/90.0.4430.212 Safari/537.36"
204.12.197.234 - - [14/Apr/2022:06:42:19 +0200] "GET /laying-fox-ceramic-money-box-p-35399.html HTTP/1.0" 301 71010 "-" "Mozilla/5.0 (compatible; MJ12bot/v1.4.8; http://mj12bot.com/)"
117.148.130.28 - - [14/Apr/2022:06:42:21 +0200] "GET /images/mini_prod/3520071820897.jpg HTTP/1.0" 200 269 "-" "Mozilla/5.0 (Windows NT 10.0; WOW64) AppleWebKit/537.36 (KHTML, like Gecko) Chrome/90.0.4430.212 Safari/537.36"
117.148.130.28 - - [14/Apr/2022:06:42:21 +0200] "GET /images/mini_prod/8433933226353.jpg HTTP/1.0" 200 269 "-" "Mozilla/5.0 (Windows NT 10.0; WOW64) AppleWebKit/537.36 (KHTML, like Gecko) Chrome/90.0.4430.212 Safari/537.36"
117.148.130.28 - - [14/Apr/2022:06:42:21 +0200] "GET /images/mini_prod/8433933239223.jpg HTTP/1.0" 200 269 "-" "Mozilla/5.0 (Windows NT 10.0; WOW64) AppleWebKit/537.36 (KHTML, like Gecko) Chrome/90.0.4430.212 Safari/537.36"
117.148.130.28 - - [14/Apr/2022:06:42:21 +0200] "GET /images/mini_prod/8712159158120.jpg HTTP/1.0" 200 269 "-" "Mozilla/5.0 (Windows NT 10.0; WOW64) AppleWebKit/537.36 (KHTML, like Gecko) Chrome/90.0.4430.212 Safari/537.36"
157.90.177.217 - - [14/Apr/2022:06:42:19 +0200] "GET /dusty-planes-poster-p-30879.html HTTP/1.0" 200 73417 "-" "Mozilla/5.0 (compatible; BLEXBot/1.0; +http://webmeup-crawler.com/)"
95.217.207.61 - - [14/Apr/2022:06:42:20 +0200] "GET /kellogg-box-p-26369.html HTTP/1.0" 301 70926 "-" "Mozilla/5.0 (compatible; MJ12bot/v1.4.8; http://mj12bot.com/)"
117.148.130.28 - - [14/Apr/2022:06:42:22 +0200] "GET /images/mini_prod/4895220303361.jpg HTTP/1.0" 200 269 "-" "Mozilla/5.0 (Windows NT 10.0; WOW64) AppleWebKit/537.36 (KHTML, like Gecko) Chrome/90.0.4430.212 Safari/537.36"
117.148.130.28 - - [14/Apr/2022:06:42:22 +0200] "GET /images/mini_prod/3660173237275.jpg HTTP/1.0" 200 269 "-" "Mozilla/5.0 (Windows NT 10.0; WOW64) AppleWebKit/537.36 (KHTML, like Gecko) Chrome/90.0.4430.212 Safari/537.36"
117.148.130.28 - - [14/Apr/2022:06:42:22 +0200] "GET /images/mini_prod/8720088297957.jpg HTTP/1.0" 200 269 "-" "Mozilla/5.0 (Windows NT 10.0; WOW64) AppleWebKit/537.36 (KHTML, like Gecko) Chrome/90.0.4430.212 Safari/537.36"
117.148.130.28 - - [14/Apr/2022:06:42:22 +0200] "GET /images/mini_prod/8712159172386.jpg HTTP/1.0" 200 269 "-" "Mozilla/5.0 (Windows NT 10.0; WOW64) AppleWebKit/537.36 (KHTML, like Gecko) Chrome/90.0.4430.212 Safari/537.36"
117.148.130.28 - - [14/Apr/2022:06:42:22 +0200] "GET /images/mini_prod/5400924182748.jpg HTTP/1.0" 200 269 "-" "Mozilla/5.0 (Windows NT 10.0; WOW64) AppleWebKit/537.36 (KHTML, like Gecko) Chrome/90.0.4430.212 Safari/537.36"
117.148.130.28 - - [14/Apr/2022:06:42:22 +0200] "GET /images/mini_prod/3700281653441.jpg HTTP/1.0" 200 269 "-" "Mozilla/5.0 (Windows NT 10.0; WOW64) AppleWebKit/537.36 (KHTML, like Gecko) Chrome/90.0.4430.212 Safari/537.36"
117.148.130.28 - - [14/Apr/2022:06:42:23 +0200] "GET /images/mini_prod/3520071823621.jpg HTTP/1.0" 200 269 "-" "Mozilla/5.0 (Windows NT 10.0; WOW64) AppleWebKit/537.36 (KHTML, like Gecko) Chrome/90.0.4430.212 Safari/537.36"
117.148.130.28 - - [14/Apr/2022:06:42:23 +0200] "GET /images/mini_prod/8433933241714.jpg HTTP/1.0" 200 269 "-" "Mozilla/5.0 (Windows NT 10.0; WOW64) AppleWebKit/537.36 (KHTML, like Gecko) Chrome/90.0.4430.212 Safari/537.36"
117.148.130.28 - - [14/Apr/2022:06:42:23 +0200] "GET /images/mini_prod/3700344927250.jpg HTTP/1.0" 200 269 "-" "Mozilla/5.0 (Windows NT 10.0; WOW64) AppleWebKit/537.36 (KHTML, like Gecko) Chrome/90.0.4430.212 Safari/537.36"
117.148.130.28 - - [14/Apr/2022:06:42:23 +0200] "GET /images/mini_prod/3418178546034.jpg HTTP/1.0" 200 269 "-" "Mozilla/5.0 (Windows NT 10.0; WOW64) AppleWebKit/537.36 (KHTML, like Gecko) Chrome/90.0.4430.212 Safari/537.36"
117.148.130.28 - - [14/Apr/2022:06:42:23 +0200] "GET /images/mini_prod/8433933241790.jpg HTTP/1.0" 200 269 "-" "Mozilla/5.0 (Windows NT 10.0; WOW64) AppleWebKit/537.36 (KHTML, like Gecko) Chrome/90.0.4430.212 Safari/537.36"
204.12.197.234 - - [14/Apr/2022:06:42:22 +0200] "GET /laying-ceramic-money-p-35399.html HTTP/1.0" 200 70923 "-" "Mozilla/5.0 (compatible; MJ12bot/v1.4.8; http://mj12bot.com/)"
117.148.130.28 - - [14/Apr/2022:06:42:23 +0200] "GET /images/mini_prod/4250255881015.jpg HTTP/1.0" 200 269 "-" "Mozilla/5.0 (Windows NT 10.0; WOW64) AppleWebKit/537.36 (KHTML, like Gecko) Chrome/90.0.4430.212 Safari/537.36"
117.148.130.28 - - [14/Apr/2022:06:42:23 +0200] "GET /images/mini_prod/3665269156508.jpg HTTP/1.0" 200 269 "-" "Mozilla/5.0 (Windows NT 10.0; WOW64) AppleWebKit/537.36 (KHTML, like Gecko) Chrome/90.0.4430.212 Safari/537.36"
117.148.130.28 - - [14/Apr/2022:06:42:24 +0200] "GET /images/mini_prod/4012677165445.jpg HTTP/1.0" 200 269 "-" "Mozilla/5.0 (Windows NT 10.0; WOW64) AppleWebKit/537.36 (KHTML, like Gecko) Chrome/90.0.4430.212 Safari/537.36"
117.148.130.28 - - [14/Apr/2022:06:42:24 +0200] "GET /images/mini_prod/8433933058640.jpg HTTP/1.0" 200 269 "-" "Mozilla/5.0 (Windows NT 10.0; WOW64) AppleWebKit/537.36 (KHTML, like Gecko) Chrome/90.0.4430.212 Safari/537.36"
117.148.130.28 - - [14/Apr/2022:06:42:24 +0200] "GET /images/mini_prod/3660173237268.jpg HTTP/1.0" 200 269 "-" "Mozilla/5.0 (Windows NT 10.0; WOW64) AppleWebKit/537.36 (KHTML, like Gecko) Chrome/90.0.4430.212 Safari/537.36"
117.148.130.28 - - [14/Apr/2022:06:42:24 +0200] "GET /images/mini_prod/028399294992.jpg HTTP/1.0" 200 268 "-" "Mozilla/5.0 (Windows NT 10.0; WOW64) AppleWebKit/537.36 (KHTML, like Gecko) Chrome/90.0.4430.212 Safari/537.36"
117.148.130.28 - - [14/Apr/2022:06:42:24 +0200] "GET /images/mini_prod/4542202657348.jpg HTTP/1.0" 200 269 "-" "Mozilla/5.0 (Windows NT 10.0; WOW64) AppleWebKit/537.36 (KHTML, like Gecko) Chrome/90.0.4430.212 Safari/537.36"
117.148.130.28 - - [14/Apr/2022:06:42:24 +0200] "GET /images/mini_prod/4250255881008.jpg HTTP/1.0" 200 269 "-" "Mozilla/5.0 (Windows NT 10.0; WOW64) AppleWebKit/537.36 (KHTML, like Gecko) Chrome/90.0.4430.212 Safari/537.36"
117.148.130.28 - - [14/Apr/2022:06:42:25 +0200] "GET /images/mini_prod/1020322305439.jpg HTTP/1.0" 200 269 "-" "Mozilla/5.0 (Windows NT 10.0; WOW64) AppleWebKit/537.36 (KHTML, like Gecko) Chrome/90.0.4430.212 Safari/537.36"
117.148.130.28 - - [14/Apr/2022:06:42:25 +0200] "GET /images/mini_prod/8422006653196.jpg HTTP/1.0" 200 269 "-" "Mozilla/5.0 (Windows NT 10.0; WOW64) AppleWebKit/537.36 (KHTML, like Gecko) Chrome/90.0.4430.212 Safari/537.36"
117.148.130.28 - - [14/Apr/2022:06:42:25 +0200] "GET /images/mini_prod/8424345302193B.jpg HTTP/1.0" 200 270 "-" "Mozilla/5.0 (Windows NT 10.0; WOW64) AppleWebKit/537.36 (KHTML, like Gecko) Chrome/90.0.4430.212 Safari/537.36"
117.148.130.28 - - [14/Apr/2022:06:42:25 +0200] "GET /images/mini_prod/4250255820021.jpg HTTP/1.0" 200 269 "-" "Mozilla/5.0 (Windows NT 10.0; WOW64) AppleWebKit/537.36 (KHTML, like Gecko) Chrome/90.0.4430.212 Safari/537.36"
204.12.197.234 - - [14/Apr/2022:06:42:25 +0200] "GET /le-bonheur-est-dans-le-pre-ceramic-mug-with-infuser-p-31534.html HTTP/1.0" 301 71066 "-" "Mozilla/5.0 (compatible; MJ12bot/v1.4.8; http://mj12bot.com/)"
117.148.130.28 - - [14/Apr/2022:06:42:29 +0200] "GET /images/mini_prod/3503420026508.jpg HTTP/1.0" 200 269 "-" "Mozilla/5.0 (Windows NT 10.0; WOW64) AppleWebKit/537.36 (KHTML, like Gecko) Chrome/90.0.4430.212 Safari/537.36"
117.148.130.28 - - [14/Apr/2022:06:42:29 +0200] "GET /images/mini_prod/3503420083181.jpg HTTP/1.0" 200 269 "-" "Mozilla/5.0 (Windows NT 10.0; WOW64) AppleWebKit/537.36 (KHTML, like Gecko) Chrome/90.0.4430.212 Safari/537.36"
204.12.197.234 - - [14/Apr/2022:06:42:28 +0200] "GET /bonheur-dans-ceramic-with-infuser-p-31534.html HTTP/1.0" 200 70966 "-" "Mozilla/5.0 (compatible; MJ12bot/v1.4.8; http://mj12bot.com/)"
157.90.177.217 - - [14/Apr/2022:06:42:28 +0200] "GET /duvet-cover-c-11_195.html?page=2 HTTP/1.0" 200 92376 "-" "Mozilla/5.0 (compatible; BLEXBot/1.0; +http://webmeup-crawler.com/)"
14.137.135.170 - - [14/Apr/2022:06:42:31 +0200] "GET /images/big_prod_2/c5018997632079.jpg HTTP/1.0" 200 271 "-" "python-requests/2.22.0"
119.8.243.62 - - [14/Apr/2022:06:42:31 +0200] "GET /images/big_prod_2/c5018997632079.jpg HTTP/1.0" 200 271 "-" "python-requests/2.22.0"
95.217.207.61 - - [14/Apr/2022:06:42:29 +0200] "GET /kellogg-p-26369.html HTTP/1.0" 200 70852 "-" "Mozilla/5.0 (compatible; MJ12bot/v1.4.8; http://mj12bot.com/)"
204.12.197.234 - - [14/Apr/2022:06:42:31 +0200] "GET /little-pony-mini-glitter-shake-shine-p-31919.html HTTP/1.0" 200 73959 "-" "Mozilla/5.0 (compatible; MJ12bot/v1.4.8; http://mj12bot.com/)"
204.12.197.234 - - [14/Apr/2022:06:42:34 +0200] "GET /little-prince-pink-apron-p-10315.html HTTP/1.0" 200 73590 "-" "Mozilla/5.0 (compatible; MJ12bot/v1.4.8; http://mj12bot.com/)"
204.12.197.234 - - [14/Apr/2022:06:42:37 +0200] "GET /littlest-petshop-cap-54-cm-p-22260.html HTTP/1.0" 301 70875 "-" "Mozilla/5.0 (compatible; MJ12bot/v1.4.8; http://mj12bot.com/)"
157.90.177.217 - - [14/Apr/2022:06:42:38 +0200] "GET /duvet-cover-c-11_195.html?page=3 HTTP/1.0" 200 85949 "-" "Mozilla/5.0 (compatible; BLEXBot/1.0; +http://webmeup-crawler.com/)"
204.12.197.234 - - [14/Apr/2022:06:42:40 +0200] "GET /-p-22260.html HTTP/1.0" 200 70808 "-" "Mozilla/5.0 (compatible; MJ12bot/v1.4.8; http://mj12bot.com/)"
204.12.197.234 - - [14/Apr/2022:06:42:43 +0200] "GET /littlest-petshop-cap-54-cm-p-22262.html HTTP/1.0" 301 70974 "-" "Mozilla/5.0 (compatible; MJ12bot/v1.4.8; http://mj12bot.com/)"
157.90.177.217 - - [14/Apr/2022:06:42:44 +0200] "GET /duvet-cover-cotton-percale-threads-p-48207.html HTTP/1.0" 200 73747 "-" "Mozilla/5.0 (compatible; BLEXBot/1.0; +http://webmeup-crawler.com/)"
95.217.207.61 - - [14/Apr/2022:06:42:44 +0200] "GET /kellogg-girl-vintage-mug-p-17175.html HTTP/1.0" 301 70875 "-" "Mozilla/5.0 (compatible; MJ12bot/v1.4.8; http://mj12bot.com/)"
204.12.197.234 - - [14/Apr/2022:06:42:46 +0200] "GET /littlest-petshop-p-22262.html HTTP/1.0" 200 70891 "-" "Mozilla/5.0 (compatible; MJ12bot/v1.4.8; http://mj12bot.com/)"
117.148.130.28 - - [14/Apr/2022:06:42:48 +0200] "GET /images/mini_prod/3503420118425.jpg HTTP/1.0" 200 269 "-" "Mozilla/5.0 (Windows NT 10.0; WOW64) AppleWebKit/537.36 (KHTML, like Gecko) Chrome/90.0.4430.212 Safari/537.36"
54.36.148.243 - - [14/Apr/2022:06:42:48 +0200] "GET /jasmin-shoulder-p-31591.html HTTP/1.0" 200 73762 "-" "Mozilla/5.0 (compatible; AhrefsBot/7.0; +http://ahrefs.com/robot/)"
95.217.207.61 - - [14/Apr/2022:06:42:48 +0200] "GET /-p-17175.html HTTP/1.0" 200 70808 "-" "Mozilla/5.0 (compatible; MJ12bot/v1.4.8; http://mj12bot.com/)"
204.12.197.234 - - [14/Apr/2022:06:42:49 +0200] "GET /littlest-petshop-p-22262.html HTTP/1.0" 200 70891 "-" "Mozilla/5.0 (compatible; MJ12bot/v1.4.8; http://mj12bot.com/)"
157.90.177.217 - - [14/Apr/2022:06:42:51 +0200] "GET /duvet-cover-cotton-percale-threads-p-48208.html HTTP/1.0" 200 73747 "-" "Mozilla/5.0 (compatible; BLEXBot/1.0; +http://webmeup-crawler.com/)"
204.12.197.234 - - [14/Apr/2022:06:42:52 +0200] "GET /london-p-26185.html HTTP/1.0" 200 73324 "-" "Mozilla/5.0 (compatible; MJ12bot/v1.4.8; http://mj12bot.com/)"
204.12.197.234 - - [14/Apr/2022:06:42:55 +0200] "GET /luna-desk-blotter-p-36353.html HTTP/1.0" 200 70896 "-" "Mozilla/5.0 (compatible; MJ12bot/v1.4.8; http://mj12bot.com/)"
204.12.197.234 - - [14/Apr/2022:06:42:58 +0200] "GET /luna-desk-blotter-p-37821.html HTTP/1.0" 200 70874 "-" "Mozilla/5.0 (compatible; MJ12bot/v1.4.8; http://mj12bot.com/)"
113.207.6.244 - - [14/Apr/2022:06:43:01 +0200] "GET /images/mini_prod/1367103265774.jpg HTTP/1.0" 200 269 "-" "Mozilla/5.0 (X11; Ubuntu; Linux x86_64; rv:72.0) Gecko/20100101 Firefox/72.0"
95.217.207.61 - - [14/Apr/2022:06:42:59 +0200] "GET /kimmidoll-airi-canvas-wallet-p-31939.html HTTP/1.0" 200 73593 "-" "Mozilla/5.0 (compatible; MJ12bot/v1.4.8; http://mj12bot.com/)"
157.90.177.217 - - [14/Apr/2022:06:42:59 +0200] "GET /duvet-cover-cotton-percale-threads-p-48209.html HTTP/1.0" 200 73747 "-" "Mozilla/5.0 (compatible; BLEXBot/1.0; +http://webmeup-crawler.com/)"
94.130.19.112 - - [14/Apr/2022:06:43:03 +0200] "GET /images/mini_prod/3457019604168.jpg HTTP/1.0" 200 269 "-" "Mozilla/5.0 (X11; Ubuntu; Linux x86_64; rv:72.0) Gecko/20100101 Firefox/72.0"
204.12.197.234 - - [14/Apr/2022:06:43:02 +0200] "GET /luna-disney-apron-chef-p-37538.html HTTP/1.0" 200 73499 "-" "Mozilla/5.0 (compatible; MJ12bot/v1.4.8; http://mj12bot.com/)"
204.12.197.234 - - [14/Apr/2022:06:43:05 +0200] "GET /mademoiselle-paris-p-22224.html HTTP/1.0" 200 70907 "-" "Mozilla/5.0 (compatible; MJ12bot/v1.4.8; http://mj12bot.com/)"
157.90.177.217 - - [14/Apr/2022:06:43:07 +0200] "GET /duvet-cover-cotton-percale-threads-p-48210.html HTTP/1.0" 200 73747 "-" "Mozilla/5.0 (compatible; BLEXBot/1.0; +http://webmeup-crawler.com/)"
185.191.171.25 - - [14/Apr/2022:06:43:06 +0200] "GET /pink-tourmaline-sold-by-weight-100-grs-p-48549.html HTTP/1.0" 301 74726 "-" "Mozilla/5.0 (compatible; SemrushBot/7~bl; +http://www.semrush.com/bot.html)"
204.12.197.234 - - [14/Apr/2022:06:43:08 +0200] "GET /magnet-betty-boop-kiss-p-15269.html HTTP/1.0" 200 70909 "-" "Mozilla/5.0 (compatible; MJ12bot/v1.4.8; http://mj12bot.com/)"
185.191.171.7 - - [14/Apr/2022:06:43:10 +0200] "GET /pink-tourmaline-sold-weight-p-48549.html HTTP/1.0" 200 74632 "-" "Mozilla/5.0 (compatible; SemrushBot/7~bl; +http://www.semrush.com/bot.html)"
95.217.207.61 - - [14/Apr/2022:06:43:12 +0200] "GET /kylo-ren-miniature-character-p-32471.html HTTP/1.0" 301 70875 "-" "Mozilla/5.0 (compatible; MJ12bot/v1.4.8; http://mj12bot.com/)"
204.12.197.234 - - [14/Apr/2022:06:43:12 +0200] "GET /maisy-little-bowling-oilcloth-p-15248.html HTTP/1.0" 200 70924 "-" "Mozilla/5.0 (compatible; MJ12bot/v1.4.8; http://mj12bot.com/)"
157.90.177.217 - - [14/Apr/2022:06:43:14 +0200] "GET /duvet-cover-cotton-percale-threads-p-48211.html HTTP/1.0" 200 73747 "-" "Mozilla/5.0 (compatible; BLEXBot/1.0; +http://webmeup-crawler.com/)"
204.12.197.234 - - [14/Apr/2022:06:43:15 +0200] "GET /maisy-melamine-baby-dinner-p-9329.html HTTP/1.0" 200 73567 "-" "Mozilla/5.0 (compatible; MJ12bot/v1.4.8; http://mj12bot.com/)"
95.217.207.61 - - [14/Apr/2022:06:43:16 +0200] "GET /-p-32471.html HTTP/1.0" 200 70808 "-" "Mozilla/5.0 (compatible; MJ12bot/v1.4.8; http://mj12bot.com/)"
204.12.197.234 - - [14/Apr/2022:06:43:18 +0200] "GET /maisy-melamine-bowl-p-18274.html HTTP/1.0" 200 70894 "-" "Mozilla/5.0 (compatible; MJ12bot/v1.4.8; http://mj12bot.com/)"
117.148.130.28 - - [14/Apr/2022:06:43:21 +0200] "GET /images/mini_prod/3503420112805.jpg HTTP/1.0" 200 269 "-" "Mozilla/5.0 (Windows NT 10.0; WOW64) AppleWebKit/537.36 (KHTML, like Gecko) Chrome/90.0.4430.212 Safari/537.36"
117.148.130.28 - - [14/Apr/2022:06:43:21 +0200] "GET /images/mini_prod/3560600291859.jpg HTTP/1.0" 200 269 "-" "Mozilla/5.0 (Windows NT 10.0; WOW64) AppleWebKit/537.36 (KHTML, like Gecko) Chrome/90.0.4430.212 Safari/537.36"
204.12.197.234 - - [14/Apr/2022:06:43:21 +0200] "GET /makeup-kit-retro-old-school-p-37593.html HTTP/1.0" 301 73681 "-" "Mozilla/5.0 (compatible; MJ12bot/v1.4.8; http://mj12bot.com/)"
157.90.177.217 - - [14/Apr/2022:06:43:21 +0200] "GET /duvet-cover-cotton-percale-threads-p-48212.html HTTP/1.0" 200 73747 "-" "Mozilla/5.0 (compatible; BLEXBot/1.0; +http://webmeup-crawler.com/)"
204.12.197.234 - - [14/Apr/2022:06:43:24 +0200] "GET /makeup-retro-school-p-37593.html HTTP/1.0" 200 73595 "-" "Mozilla/5.0 (compatible; MJ12bot/v1.4.8; http://mj12bot.com/)"
185.191.171.18 - - [14/Apr/2022:06:43:24 +0200] "GET /happy-figure-collection-by-romero-britto-p-53438.html HTTP/1.0" 301 75188 "-" "Mozilla/5.0 (compatible; SemrushBot/7~bl; +http://www.semrush.com/bot.html)"
204.12.197.234 - - [14/Apr/2022:06:43:27 +0200] "GET /makeup-retro-school-p-37593.html HTTP/1.0" 200 73595 "-" "Mozilla/5.0 (compatible; MJ12bot/v1.4.8; http://mj12bot.com/)"
185.191.171.24 - - [14/Apr/2022:06:43:28 +0200] "GET /happy-figure-collection-romero-britto-p-53438.html HTTP/1.0" 200 75084 "-" "Mozilla/5.0 (compatible; SemrushBot/7~bl; +http://www.semrush.com/bot.html)"
117.148.130.28 - - [14/Apr/2022:06:43:30 +0200] "GET /images/mini_prod/3560600291613.jpg HTTP/1.0" 200 269 "-" "Mozilla/5.0 (Windows NT 10.0; WOW64) AppleWebKit/537.36 (KHTML, like Gecko) Chrome/90.0.4430.212 Safari/537.36"
157.90.177.217 - - [14/Apr/2022:06:43:28 +0200] "GET /duvet-cover-cotton-percale-threads-p-51258.html HTTP/1.0" 200 74408 "-" "Mozilla/5.0 (compatible; BLEXBot/1.0; +http://webmeup-crawler.com/)"
204.12.197.234 - - [14/Apr/2022:06:43:31 +0200] "GET /maman-elle-dchire-white-shirt-p-48998.html HTTP/1.0" 200 75495 "-" "Mozilla/5.0 (compatible; MJ12bot/v1.4.8; http://mj12bot.com/)"
95.217.207.61 - - [14/Apr/2022:06:43:33 +0200] "GET /la-belle-vie-paris-tray-p-19865.html HTTP/1.0" 301 70875 "-" "Mozilla/5.0 (compatible; MJ12bot/v1.4.8; http://mj12bot.com/)"
204.12.197.234 - - [14/Apr/2022:06:43:34 +0200] "GET /marilyn-monroe-black-vertical-shopping-bag-p-39787.html HTTP/1.0" 301 71106 "-" "Mozilla/5.0 (compatible; MJ12bot/v1.4.8; http://mj12bot.com/)"
204.12.197.234 - - [14/Apr/2022:06:43:37 +0200] "GET /marilyn-monroe-black-vertical-shopping-p-39787.html HTTP/1.0" 200 71001 "-" "Mozilla/5.0 (compatible; MJ12bot/v1.4.8; http://mj12bot.com/)"
95.217.207.61 - - [14/Apr/2022:06:43:37 +0200] "GET /-p-19865.html HTTP/1.0" 200 70808 "-" "Mozilla/5.0 (compatible; MJ12bot/v1.4.8; http://mj12bot.com/)"
117.148.130.28 - - [14/Apr/2022:06:43:39 +0200] "GET /images/mini_prod/3560600299633.jpg HTTP/1.0" 200 269 "-" "Mozilla/5.0 (Windows NT 10.0; WOW64) AppleWebKit/537.36 (KHTML, like Gecko) Chrome/90.0.4430.212 Safari/537.36"
117.148.130.28 - - [14/Apr/2022:06:43:39 +0200] "GET /images/mini_prod/3560600303088.jpg HTTP/1.0" 200 269 "-" "Mozilla/5.0 (Windows NT 10.0; WOW64) AppleWebKit/537.36 (KHTML, like Gecko) Chrome/90.0.4430.212 Safari/537.36"
117.148.130.28 - - [14/Apr/2022:06:43:39 +0200] "GET /images/mini_prod/3503420109072.jpg HTTP/1.0" 200 269 "-" "Mozilla/5.0 (Windows NT 10.0; WOW64) AppleWebKit/537.36 (KHTML, like Gecko) Chrome/90.0.4430.212 Safari/537.36"
117.148.130.28 - - [14/Apr/2022:06:43:40 +0200] "GET /images/mini_prod/3503420144462.jpg HTTP/1.0" 200 269 "-" "Mozilla/5.0 (Windows NT 10.0; WOW64) AppleWebKit/537.36 (KHTML, like Gecko) Chrome/90.0.4430.212 Safari/537.36"
117.148.130.28 - - [14/Apr/2022:06:43:40 +0200] "GET /images/big_prod_1/8424345302490a.jpg HTTP/1.0" 200 271 "-" "Mozilla/5.0 (Windows NT 10.0; WOW64) AppleWebKit/537.36 (KHTML, like Gecko) Chrome/90.0.4430.212 Safari/537.36"
157.90.177.217 - - [14/Apr/2022:06:43:39 +0200] "GET /duvet-cover-cotton-percale-threads-p-51260.html HTTP/1.0" 200 73747 "-" "Mozilla/5.0 (compatible; BLEXBot/1.0; +http://webmeup-crawler.com/)"
204.12.197.234 - - [14/Apr/2022:06:43:40 +0200] "GET /marilyn-monroe-black-vertical-shopping-p-39787.html HTTP/1.0" 200 71001 "-" "Mozilla/5.0 (compatible; MJ12bot/v1.4.8; http://mj12bot.com/)"
117.148.130.28 - - [14/Apr/2022:06:43:41 +0200] "GET /images/mini_prod/3565750277777.jpg HTTP/1.0" 200 269 "-" "Mozilla/5.0 (Windows NT 10.0; WOW64) AppleWebKit/537.36 (KHTML, like Gecko) Chrome/90.0.4430.212 Safari/537.36"
117.148.130.28 - - [14/Apr/2022:06:43:42 +0200] "GET /images/mini_prod/3503420134982.jpg HTTP/1.0" 200 269 "-" "Mozilla/5.0 (Windows NT 10.0; WOW64) AppleWebKit/537.36 (KHTML, like Gecko) Chrome/90.0.4430.212 Safari/537.36"
204.12.197.234 - - [14/Apr/2022:06:43:42 +0200] "GET /marilyn-monroe-wallet-p-26903.html HTTP/1.0" 301 70875 "-" "Mozilla/5.0 (compatible; MJ12bot/v1.4.8; http://mj12bot.com/)"
117.148.130.28 - - [14/Apr/2022:06:43:44 +0200] "GET /images/mini_prod/3503420106880.jpg HTTP/1.0" 200 269 "-" "Mozilla/5.0 (Windows NT 10.0; WOW64) AppleWebKit/537.36 (KHTML, like Gecko) Chrome/90.0.4430.212 Safari/537.36"
117.148.130.28 - - [14/Apr/2022:06:43:44 +0200] "GET /images/mini_prod/1384220107220.jpg HTTP/1.0" 200 269 "-" "Mozilla/5.0 (Windows NT 10.0; WOW64) AppleWebKit/537.36 (KHTML, like Gecko) Chrome/90.0.4430.212 Safari/537.36"
117.148.130.28 - - [14/Apr/2022:06:43:44 +0200] "GET /images/mini_prod/3565750277784.jpg HTTP/1.0" 200 269 "-" "Mozilla/5.0 (Windows NT 10.0; WOW64) AppleWebKit/537.36 (KHTML, like Gecko) Chrome/90.0.4430.212 Safari/537.36"
117.148.130.28 - - [14/Apr/2022:06:43:45 +0200] "GET /images/mini_prod/3453131120623.jpg HTTP/1.0" 200 269 "-" "Mozilla/5.0 (Windows NT 10.0; WOW64) AppleWebKit/537.36 (KHTML, like Gecko) Chrome/90.0.4430.212 Safari/537.36"
204.12.197.234 - - [14/Apr/2022:06:43:45 +0200] "GET /-p-26903.html HTTP/1.0" 200 70808 "-" "Mozilla/5.0 (compatible; MJ12bot/v1.4.8; http://mj12bot.com/)"
157.90.177.217 - - [14/Apr/2022:06:43:46 +0200] "GET /duvet-cover-cotton-percale-threads-p-51261.html HTTP/1.0" 200 73747 "-" "Mozilla/5.0 (compatible; BLEXBot/1.0; +http://webmeup-crawler.com/)"
54.36.148.243 - - [14/Apr/2022:06:43:47 +0200] "GET /vintage-cola-cola-glamour-canvas-frame-p-33384.html HTTP/1.0" 200 73765 "-" "Mozilla/5.0 (compatible; AhrefsBot/7.0; +http://ahrefs.com/robot/)"
204.12.197.234 - - [14/Apr/2022:06:43:48 +0200] "GET /mario-big-figure-48-cm-p-27761.html HTTP/1.0" 301 70938 "-" "Mozilla/5.0 (compatible; MJ12bot/v1.4.8; http://mj12bot.com/)"
204.12.197.234 - - [14/Apr/2022:06:43:52 +0200] "GET /mario-figure-p-27761.html HTTP/1.0" 200 70859 "-" "Mozilla/5.0 (compatible; MJ12bot/v1.4.8; http://mj12bot.com/)"
157.90.177.217 - - [14/Apr/2022:06:43:54 +0200] "GET /duvet-cover-cotton-percale-threads-p-51262.html HTTP/1.0" 200 73747 "-" "Mozilla/5.0 (compatible; BLEXBot/1.0; +http://webmeup-crawler.com/)"
204.12.197.234 - - [14/Apr/2022:06:43:55 +0200] "GET /marseille-glass-tray-p-23022.html HTTP/1.0" 301 70875 "-" "Mozilla/5.0 (compatible; MJ12bot/v1.4.8; http://mj12bot.com/)"
95.217.207.61 - - [14/Apr/2022:06:43:55 +0200] "GET /la-bodega-by-cbk-cbkreation-p-24118.html HTTP/1.0" 301 73517 "-" "Mozilla/5.0 (compatible; MJ12bot/v1.4.8; http://mj12bot.com/)"
204.12.197.234 - - [14/Apr/2022:06:43:58 +0200] "GET /-p-23022.html HTTP/1.0" 200 70808 "-" "Mozilla/5.0 (compatible; MJ12bot/v1.4.8; http://mj12bot.com/)"
95.217.207.61 - - [14/Apr/2022:06:43:59 +0200] "GET /bodega-cbkreation-p-24118.html HTTP/1.0" 200 73433 "-" "Mozilla/5.0 (compatible; MJ12bot/v1.4.8; http://mj12bot.com/)"
204.12.197.234 - - [14/Apr/2022:06:44:01 +0200] "GET /marseille-lamp-p-14922.html HTTP/1.0" 301 70875 "-" "Mozilla/5.0 (compatible; MJ12bot/v1.4.8; http://mj12bot.com/)"
157.90.177.217 - - [14/Apr/2022:06:44:02 +0200] "GET /duvet-cover-cotton-percale-threads-p-51263.html HTTP/1.0" 200 73747 "-" "Mozilla/5.0 (compatible; BLEXBot/1.0; +http://webmeup-crawler.com/)"
204.12.197.234 - - [14/Apr/2022:06:44:04 +0200] "GET /-p-14922.html HTTP/1.0" 200 70808 "-" "Mozilla/5.0 (compatible; MJ12bot/v1.4.8; http://mj12bot.com/)"
204.12.197.234 - - [14/Apr/2022:06:44:07 +0200] "GET /mcstruffins-wastebasket-p-27777.html HTTP/1.0" 200 73495 "-" "Mozilla/5.0 (compatible; MJ12bot/v1.4.8; http://mj12bot.com/)"
117.148.130.28 - - [14/Apr/2022:06:44:09 +0200] "GET /images/big_prod_1/3700281659689a.jpg HTTP/1.0" 200 271 "-" "Mozilla/5.0 (Windows NT 10.0; WOW64) AppleWebKit/537.36 (KHTML, like Gecko) Chrome/90.0.4430.212 Safari/537.36"
157.90.177.217 - - [14/Apr/2022:06:44:10 +0200] "GET /duvet-cover-cotton-percale-threads-p-52076.html HTTP/1.0" 200 74406 "-" "Mozilla/5.0 (compatible; BLEXBot/1.0; +http://webmeup-crawler.com/)"
204.12.197.234 - - [14/Apr/2022:06:44:10 +0200] "GET /metal-beer-bucket-p-54342.html HTTP/1.0" 200 74010 "-" "Mozilla/5.0 (compatible; MJ12bot/v1.4.8; http://mj12bot.com/)"
204.12.197.234 - - [14/Apr/2022:06:44:14 +0200] "GET /mickey-ceiling-light-p-33141.html HTTP/1.0" 200 70894 "-" "Mozilla/5.0 (compatible; MJ12bot/v1.4.8; http://mj12bot.com/)"
95.217.207.61 - - [14/Apr/2022:06:44:16 +0200] "GET /la-bodega-by-cbk-mug-p-24118.html HTTP/1.0" 301 73517 "-" "Mozilla/5.0 (compatible; MJ12bot/v1.4.8; http://mj12bot.com/)"
204.12.197.234 - - [14/Apr/2022:06:44:16 +0200] "GET /mickey-mouse-mug-p-28175.html HTTP/1.0" 301 70875 "-" "Mozilla/5.0 (compatible; MJ12bot/v1.4.8; http://mj12bot.com/)"
157.90.177.217 - - [14/Apr/2022:06:44:17 +0200] "GET /duvet-cover-cotton-percale-threads-p-52077.html HTTP/1.0" 200 73747 "-" "Mozilla/5.0 (compatible; BLEXBot/1.0; +http://webmeup-crawler.com/)"
185.191.171.25 - - [14/Apr/2022:06:44:17 +0200] "GET /trays-c-12_159.html?page=8 HTTP/1.0" 200 93178 "-" "Mozilla/5.0 (compatible; SemrushBot/7~bl; +http://www.semrush.com/bot.html)"
95.217.207.61 - - [14/Apr/2022:06:44:18 +0200] "GET /bodega-cbkreation-p-24118.html HTTP/1.0" 200 73433 "-" "Mozilla/5.0 (compatible; MJ12bot/v1.4.8; http://mj12bot.com/)"
204.12.197.234 - - [14/Apr/2022:06:44:19 +0200] "GET /-p-28175.html HTTP/1.0" 200 70808 "-" "Mozilla/5.0 (compatible; MJ12bot/v1.4.8; http://mj12bot.com/)"
185.191.171.23 - - [14/Apr/2022:06:44:22 +0200] "GET /schoolbag-caramel-and-cie-butterfly-p-48780.html HTTP/1.0" 301 70996 "-" "Mozilla/5.0 (compatible; SemrushBot/7~bl; +http://www.semrush.com/bot.html)"
204.12.197.234 - - [14/Apr/2022:06:44:23 +0200] "GET /mickey-mouse-mug-p-28176.html HTTP/1.0" 301 70933 "-" "Mozilla/5.0 (compatible; MJ12bot/v1.4.8; http://mj12bot.com/)"
20.236.40.50 - - [14/Apr/2022:06:44:25 +0200] "GET /images/mini_prod/8424222925996.jpg HTTP/1.0" 200 269 "-" "Mozilla/5.0 (X11; Ubuntu; Linux x86_64; rv:72.0) Gecko/20100101 Firefox/72.0"
157.90.177.217 - - [14/Apr/2022:06:44:24 +0200] "GET /duvet-cover-cotton-percale-threads-p-52078.html HTTP/1.0" 200 73747 "-" "Mozilla/5.0 (compatible; BLEXBot/1.0; +http://webmeup-crawler.com/)"
185.191.171.35 - - [14/Apr/2022:06:44:25 +0200] "GET /schoolbag-caramel-butterfly-p-48780.html HTTP/1.0" 200 70902 "-" "Mozilla/5.0 (compatible; SemrushBot/7~bl; +http://www.semrush.com/bot.html)"
204.12.197.234 - - [14/Apr/2022:06:44:26 +0200] "GET /mickey-mouse-p-28176.html HTTP/1.0" 200 70854 "-" "Mozilla/5.0 (compatible; MJ12bot/v1.4.8; http://mj12bot.com/)"
204.12.197.234 - - [14/Apr/2022:06:44:29 +0200] "GET /mickey-mouse-mug-p-28177.html HTTP/1.0" 301 70933 "-" "Mozilla/5.0 (compatible; MJ12bot/v1.4.8; http://mj12bot.com/)"
95.217.207.61 - - [14/Apr/2022:06:44:30 +0200] "GET /la-vache-qui-rit-paper-towel-dispenser-p-26827.html HTTP/1.0" 301 71022 "-" "Mozilla/5.0 (compatible; MJ12bot/v1.4.8; http://mj12bot.com/)"
