185.191.171.38 - - [14/Apr/2022:12:36:32 +0200] "GET /dream-catcher-11-cm-brown-p-42021.html HTTP/1.0" 301 70875 "-" "Mozilla/5.0 (compatible; SemrushBot/7~bl; +http://www.semrush.com/bot.html)"
185.191.171.15 - - [14/Apr/2022:12:36:36 +0200] "GET /-p-42021.html HTTP/1.0" 200 70808 "-" "Mozilla/5.0 (compatible; SemrushBot/7~bl; +http://www.semrush.com/bot.html)"
185.191.171.38 - - [14/Apr/2022:12:37:19 +0200] "GET /welcome-surf-wooden-wall-decoration-to-hang-p-41386.html HTTP/1.0" 301 73809 "-" "Mozilla/5.0 (compatible; SemrushBot/7~bl; +http://www.semrush.com/bot.html)"
185.191.171.4 - - [14/Apr/2022:12:37:22 +0200] "GET /welcome-surf-wooden-wall-decoration-hang-p-41386.html HTTP/1.0" 200 73702 "-" "Mozilla/5.0 (compatible; SemrushBot/7~bl; +http://www.semrush.com/bot.html)"
54.36.148.243 - - [14/Apr/2022:12:37:38 +0200] "GET /monkey-chandelier-black-resin-p-56423.html HTTP/1.0" 200 74473 "-" "Mozilla/5.0 (compatible; AhrefsBot/7.0; +http://ahrefs.com/robot/)"
185.191.171.23 - - [14/Apr/2022:12:37:40 +0200] "GET /ethnic-tray-in-metal-41-cm-p-44994.html HTTP/1.0" 301 73598 "-" "Mozilla/5.0 (compatible; SemrushBot/7~bl; +http://www.semrush.com/bot.html)"
185.191.171.18 - - [14/Apr/2022:12:37:45 +0200] "GET /ethnic-tray-metal-p-44994.html HTTP/1.0" 200 73514 "-" "Mozilla/5.0 (compatible; SemrushBot/7~bl; +http://www.semrush.com/bot.html)"
185.191.171.24 - - [14/Apr/2022:12:37:56 +0200] "GET /set-of-black-mustache-square-coasters-by-cbkreation-p-16698.html HTTP/1.0" 301 73852 "-" "Mozilla/5.0 (compatible; SemrushBot/7~bl; +http://www.semrush.com/bot.html)"
185.191.171.26 - - [14/Apr/2022:12:38:02 +0200] "GET /black-mustache-square-coasters-cbkreation-p-16698.html HTTP/1.0" 200 73744 "-" "Mozilla/5.0 (compatible; SemrushBot/7~bl; +http://www.semrush.com/bot.html)"
185.191.171.5 - - [14/Apr/2022:12:38:06 +0200] "GET /belle-miss-mindy-figurine-p-45592.html HTTP/1.0" 301 70875 "-" "Mozilla/5.0 (compatible; SemrushBot/7~bl; +http://www.semrush.com/bot.html)"
185.191.171.17 - - [14/Apr/2022:12:38:08 +0200] "GET /-p-45592.html HTTP/1.0" 200 70808 "-" "Mozilla/5.0 (compatible; SemrushBot/7~bl; +http://www.semrush.com/bot.html)"
185.191.171.35 - - [14/Apr/2022:12:38:20 +0200] "GET /lighting-c-86.html?page=14 HTTP/1.0" 200 93179 "-" "Mozilla/5.0 (compatible; SemrushBot/7~bl; +http://www.semrush.com/bot.html)"
185.191.171.9 - - [14/Apr/2022:12:38:45 +0200] "GET /tour-france-snow-globe-p-52188.html?action=add_product HTTP/1.0" 302 476 "-" "Mozilla/5.0 (compatible; SemrushBot/7~bl; +http://www.semrush.com/bot.html)"
54.36.148.243 - - [14/Apr/2022:12:38:53 +0200] "GET /galileo-thermometer-indoors-p-55401.html HTTP/1.0" 200 74298 "-" "Mozilla/5.0 (compatible; AhrefsBot/7.0; +http://ahrefs.com/robot/)"
185.191.171.5 - - [14/Apr/2022:12:39:10 +0200] "GET /adhesive-decoration-relief-p-52034.html HTTP/1.0" 200 74216 "-" "Mozilla/5.0 (compatible; SemrushBot/7~bl; +http://www.semrush.com/bot.html)"
118.191.216.250 - - [14/Apr/2022:12:39:54 +0200] "GET /images/mini_prod/3272760389849.jpg HTTP/1.0" 200 269 "-" "Mozilla/5.0 (X11; Ubuntu; Linux x86_64; rv:72.0) Gecko/20100101 Firefox/72.0"
51.68.224.127 - - [14/Apr/2022:12:39:55 +0200] "GET /adminweb/export_orders_xml.php?token=256de2z6edz6ed2z6DFSFsed2zed6zeDSFDSGdzedezfzf&maxorders=10&orderstart=1&status=14&start_date=2018-10-01 HTTP/1.0" 200 285 "-" "GesCom CharlotteBoutik Serveur"
51.68.224.127 - - [14/Apr/2022:12:39:55 +0200] "GET /adminweb/export_orders_xml.php?token=256de2z6edz6ed2z6DFSFsed2zed6zeDSFDSGdzedezfzf&maxorders=10&orderstart=1&status=6&start_date=2018-10-01 HTTP/1.0" 200 32865 "-" "GesCom CharlotteBoutik Serveur"
185.191.171.6 - - [14/Apr/2022:12:39:55 +0200] "GET /dishes-c-12.html?page=2 HTTP/1.0" 200 92083 "-" "Mozilla/5.0 (compatible; SemrushBot/7~bl; +http://www.semrush.com/bot.html)"
185.191.171.43 - - [14/Apr/2022:12:40:00 +0200] "GET /paris-cv-clock-p-13269.html HTTP/1.0" 301 70875 "-" "Mozilla/5.0 (compatible; SemrushBot/7~bl; +http://www.semrush.com/bot.html)"
185.191.171.44 - - [14/Apr/2022:12:40:02 +0200] "GET /-p-13269.html HTTP/1.0" 200 70808 "-" "Mozilla/5.0 (compatible; SemrushBot/7~bl; +http://www.semrush.com/bot.html)"
54.36.148.243 - - [14/Apr/2022:12:40:04 +0200] "GET /butterfly-wall-decoration-blue-model-p-47399.html HTTP/1.0" 200 73702 "-" "Mozilla/5.0 (compatible; AhrefsBot/7.0; +http://ahrefs.com/robot/)"
114.119.137.252 - - [14/Apr/2022:12:40:49 +0200] "GET /paris-bistro-white-mug-p-47474.html HTTP/1.0" 301 73491 "-" "Mozilla/5.0 (Linux; Android 7.0;) AppleWebKit/537.36 (KHTML, like Gecko) Mobile Safari/537.36 (compatible; PetalBot;+https://webmaster.petalsearch.com/site/petalbot)"
185.191.171.40 - - [14/Apr/2022:12:40:54 +0200] "GET /giraffe-phone-cover-iphone-cbkreation-p-14150.html?action=add_product HTTP/1.0" 302 476 "-" "Mozilla/5.0 (compatible; SemrushBot/7~bl; +http://www.semrush.com/bot.html)"
114.119.137.252 - - [14/Apr/2022:12:40:58 +0200] "GET /paris-bistro-white-p-47474.html HTTP/1.0" 200 73406 "-" "Mozilla/5.0 (Linux; Android 7.0;) AppleWebKit/537.36 (KHTML, like Gecko) Mobile Safari/537.36 (compatible; PetalBot;+https://webmaster.petalsearch.com/site/petalbot)"
66.249.64.158 - - [14/Apr/2022:12:41:14 +0200] "GET /miracle-tattoos-augmented-reality-p-30661.html HTTP/1.0" 200 74293 "-" "Mozilla/5.0 (compatible; Googlebot/2.1; +http://www.google.com/bot.html)"
185.191.171.44 - - [14/Apr/2022:12:41:15 +0200] "GET /ambre-vanilla-fragrance-diffuser-made-provence-p-57050.html HTTP/1.0" 200 74909 "-" "Mozilla/5.0 (compatible; SemrushBot/7~bl; +http://www.semrush.com/bot.html)"
185.191.171.2 - - [14/Apr/2022:12:41:24 +0200] "GET /volkswagen-bully-metal-plate-p-29721.html?action=add_product HTTP/1.0" 302 476 "-" "Mozilla/5.0 (compatible; SemrushBot/7~bl; +http://www.semrush.com/bot.html)"
17.121.112.33 - - [14/Apr/2022:12:41:24 +0200] "GET /small-metallic-retro-welcome-surfing-p-38918.html HTTP/1.0" 200 70956 "-" "Mozilla/5.0 (Macintosh; Intel Mac OS X 10_15_5) AppleWebKit/605.1.15 (KHTML, like Gecko) Version/13.1.1 Safari/605.1.15 (Applebot/0.1; +http://www.apple.com/go/applebot)"
185.191.171.20 - - [14/Apr/2022:12:41:27 +0200] "GET /round-jute-carpet-p-56664.html HTTP/1.0" 200 74214 "-" "Mozilla/5.0 (compatible; SemrushBot/7~bl; +http://www.semrush.com/bot.html)"
54.36.148.243 - - [14/Apr/2022:12:41:34 +0200] "GET /ultrasonic-aromatic-diffuser-vienne-p-57379.html HTTP/1.0" 200 74787 "-" "Mozilla/5.0 (compatible; AhrefsBot/7.0; +http://ahrefs.com/robot/)"
49.7.20.122 - - [14/Apr/2022:12:41:40 +0200] "GET / HTTP/1.0" 200 151831 "-" "Sogou web spider/4.0(+http://www.sogou.com/docs/help/webmasters.htm#07)"
185.191.171.33 - - [14/Apr/2022:12:42:00 +0200] "GET /annecy-ring-p-50005.html?action=add_product HTTP/1.0" 302 476 "-" "Mozilla/5.0 (compatible; SemrushBot/7~bl; +http://www.semrush.com/bot.html)"
114.119.137.43 - - [14/Apr/2022:12:42:16 +0200] "GET /tin-and-metal-signs-c-13_130.html?page=17 HTTP/1.0" 301 95868 "-" "Mozilla/5.0 (Linux; Android 7.0;) AppleWebKit/537.36 (KHTML, like Gecko) Mobile Safari/537.36 (compatible; PetalBot;+https://webmaster.petalsearch.com/site/petalbot)"
114.119.137.43 - - [14/Apr/2022:12:42:21 +0200] "GET /mtal-signs-c-130.html?page=17 HTTP/1.0" 301 95745 "-" "Mozilla/5.0 (Linux; Android 7.0;) AppleWebKit/537.36 (KHTML, like Gecko) Mobile Safari/537.36 (compatible; PetalBot;+https://webmaster.petalsearch.com/site/petalbot)"
207.46.13.25 - - [14/Apr/2022:12:42:28 +0200] "GET /accessories/accessories-mobiles/beatles-paris-phone-cover-for-iphone-and-p-14159.html HTTP/1.0" 301 681 "-" "Mozilla/5.0 (compatible; bingbot/2.0; +http://www.bing.com/bingbot.htm)"
157.55.39.42 - - [14/Apr/2022:12:42:29 +0200] "GET /alarms-clocks-clocks-and-watches/alarms-clocks/spongebob-alarm-clock-p-8337.html HTTP/1.0" 301 671 "-" "Mozilla/5.0 (compatible; bingbot/2.0; +http://www.bing.com/bingbot.htm)"
114.119.137.43 - - [14/Apr/2022:12:42:26 +0200] "GET /mtal-signs-c-13_130.html?page=17 HTTP/1.0" 200 95785 "-" "Mozilla/5.0 (Linux; Android 7.0;) AppleWebKit/537.36 (KHTML, like Gecko) Mobile Safari/537.36 (compatible; PetalBot;+https://webmaster.petalsearch.com/site/petalbot)"
185.191.171.41 - - [14/Apr/2022:12:42:34 +0200] "GET /jacquard-cotton-velvet-towel-wind-p-44302.html HTTP/1.0" 200 70944 "-" "Mozilla/5.0 (compatible; SemrushBot/7~bl; +http://www.semrush.com/bot.html)"
185.191.171.45 - - [14/Apr/2022:12:42:56 +0200] "GET /wick-ellipse-candle-heart-home-winter-wonderment-p-49942.html HTTP/1.0" 200 75120 "-" "Mozilla/5.0 (compatible; SemrushBot/7~bl; +http://www.semrush.com/bot.html)"
54.36.148.243 - - [14/Apr/2022:12:43:08 +0200] "GET /photo-album-travel-diary-p-57701.html HTTP/1.0" 200 74341 "-" "Mozilla/5.0 (compatible; AhrefsBot/7.0; +http://ahrefs.com/robot/)"
185.191.171.16 - - [14/Apr/2022:12:43:22 +0200] "GET /ceramic-vase-peacock-39-cm-p-49607.html HTTP/1.0" 301 70977 "-" "Mozilla/5.0 (compatible; SemrushBot/7~bl; +http://www.semrush.com/bot.html)"
185.191.171.8 - - [14/Apr/2022:12:43:27 +0200] "GET /ceramic-vase-peacock-p-49607.html HTTP/1.0" 200 70890 "-" "Mozilla/5.0 (compatible; SemrushBot/7~bl; +http://www.semrush.com/bot.html)"
211.249.40.15 - - [14/Apr/2022:12:43:38 +0200] "GET /images/mini_prod/7601019993210.jpg HTTP/1.0" 200 269 "-" "Mozilla/5.0 (X11; Ubuntu; Linux x86_64; rv:72.0) Gecko/20100101 Firefox/72.0"
185.191.171.45 - - [14/Apr/2022:12:43:43 +0200] "GET /wooden-wall-decoration-hang-paradis-p-49979.html HTTP/1.0" 200 73679 "-" "Mozilla/5.0 (compatible; SemrushBot/7~bl; +http://www.semrush.com/bot.html)"
185.191.171.3 - - [14/Apr/2022:12:43:52 +0200] "GET /small-house-tea-wooden-box-p-36869.html HTTP/1.0" 301 70971 "-" "Mozilla/5.0 (compatible; SemrushBot/7~bl; +http://www.semrush.com/bot.html)"
185.191.171.4 - - [14/Apr/2022:12:43:57 +0200] "GET /small-house-wooden-p-36869.html HTTP/1.0" 200 70886 "-" "Mozilla/5.0 (compatible; SemrushBot/7~bl; +http://www.semrush.com/bot.html)"
114.119.133.245 - - [14/Apr/2022:12:43:57 +0200] "GET /bedside-lamp-taupe-p-52963.html HTTP/1.0" 200 70890 "-" "Mozilla/5.0 (Linux; Android 7.0;) AppleWebKit/537.36 (KHTML, like Gecko) Mobile Safari/537.36 (compatible; PetalBot;+https://webmaster.petalsearch.com/site/petalbot)"
185.191.171.9 - - [14/Apr/2022:12:44:10 +0200] "GET /coca-cola-bottle-lamp-p-52629.html HTTP/1.0" 301 70875 "-" "Mozilla/5.0 (compatible; SemrushBot/7~bl; +http://www.semrush.com/bot.html)"
20.99.217.146 - - [14/Apr/2022:12:44:13 +0200] "GET /images/mini_prod/3014627889440.jpg HTTP/1.0" 200 269 "-" "Mozilla/5.0 (X11; Ubuntu; Linux x86_64; rv:72.0) Gecko/20100101 Firefox/72.0"
185.191.171.35 - - [14/Apr/2022:12:44:13 +0200] "GET /-p-52629.html HTTP/1.0" 200 70808 "-" "Mozilla/5.0 (compatible; SemrushBot/7~bl; +http://www.semrush.com/bot.html)"
185.191.171.4 - - [14/Apr/2022:12:44:17 +0200] "GET /special-anniversary-minnie-mouse-figurine-p-45559.html HTTP/1.0" 200 75207 "-" "Mozilla/5.0 (compatible; SemrushBot/7~bl; +http://www.semrush.com/bot.html)"
54.36.148.243 - - [14/Apr/2022:12:44:36 +0200] "GET /kimmidoll-brush-p-44111.html HTTP/1.0" 200 73437 "-" "Mozilla/5.0 (compatible; AhrefsBot/7.0; +http://ahrefs.com/robot/)"
185.191.171.36 - - [14/Apr/2022:12:45:50 +0200] "GET /moroccan-triskel-ashtray-p-46440.html?action=add_product HTTP/1.0" 302 476 "-" "Mozilla/5.0 (compatible; SemrushBot/7~bl; +http://www.semrush.com/bot.html)"
216.244.66.242 - - [14/Apr/2022:12:45:57 +0200] "GET /robots.txt HTTP/1.0" 200 245 "-" "Mozilla/5.0 (compatible; DotBot/1.2; +https://opensiteexplorer.org/dotbot; help@moz.com)"
54.36.148.243 - - [14/Apr/2022:12:45:56 +0200] "GET /long-sleeves-shirts-c-2_40.html HTTP/1.0" 200 69791 "-" "Mozilla/5.0 (compatible; AhrefsBot/7.0; +http://ahrefs.com/robot/)"
185.191.171.1 - - [14/Apr/2022:12:46:09 +0200] "GET /hussy-rectangulary-cushion-by-cbkreation-p-17535.html HTTP/1.0" 301 70875 "-" "Mozilla/5.0 (compatible; SemrushBot/7~bl; +http://www.semrush.com/bot.html)"
185.191.171.12 - - [14/Apr/2022:12:46:14 +0200] "GET /-p-17535.html HTTP/1.0" 200 70808 "-" "Mozilla/5.0 (compatible; SemrushBot/7~bl; +http://www.semrush.com/bot.html)"
185.191.171.2 - - [14/Apr/2022:12:46:20 +0200] "GET /decorative-cotton-hearts-hang-pauline-p-57824.html?action=add_product HTTP/1.0" 302 476 "-" "Mozilla/5.0 (compatible; SemrushBot/7~bl; +http://www.semrush.com/bot.html)"
185.191.171.45 - - [14/Apr/2022:12:46:38 +0200] "GET /lamp-nature-spirit-p-52254.html HTTP/1.0" 200 70878 "-" "Mozilla/5.0 (compatible; SemrushBot/7~bl; +http://www.semrush.com/bot.html)"
207.46.13.160 - - [14/Apr/2022:12:46:44 +0200] "GET /cement-tile-stickers-p-50329.html HTTP/1.0" 200 74377 "-" "Mozilla/5.0 (compatible; bingbot/2.0; +http://www.bing.com/bingbot.htm)"
207.46.13.25 - - [14/Apr/2022:12:46:49 +0200] "GET /deco-wooden-carved-drum-p-46277.html HTTP/1.0" 200 73514 "-" "Mozilla/5.0 (compatible; bingbot/2.0; +http://www.bing.com/bingbot.htm)"
54.36.148.243 - - [14/Apr/2022:12:47:08 +0200] "GET /scented-votive-candle-chakra-p-55353.html HTTP/1.0" 200 75020 "-" "Mozilla/5.0 (compatible; AhrefsBot/7.0; +http://ahrefs.com/robot/)"
185.191.171.4 - - [14/Apr/2022:12:47:23 +0200] "GET /corsica-glass-cutting-board-p-49741.html?action=add_product HTTP/1.0" 302 476 "-" "Mozilla/5.0 (compatible; SemrushBot/7~bl; +http://www.semrush.com/bot.html)"
211.249.40.15 - - [14/Apr/2022:12:47:35 +0200] "GET /images/mini_prod/3700431602756.jpg HTTP/1.0" 200 269 "-" "Mozilla/5.0 (X11; Ubuntu; Linux x86_64; rv:72.0) Gecko/20100101 Firefox/72.0"
207.46.13.210 - - [14/Apr/2022:12:47:42 +0200] "GET /-p-47699.html HTTP/1.0" 200 70808 "-" "Mozilla/5.0 (compatible; bingbot/2.0; +http://www.bing.com/bingbot.htm)"
185.191.171.36 - - [14/Apr/2022:12:47:45 +0200] "GET /glass-cutting-board-by-cbkreation-p-51324.html HTTP/1.0" 301 73611 "-" "Mozilla/5.0 (compatible; SemrushBot/7~bl; +http://www.semrush.com/bot.html)"
185.191.171.26 - - [14/Apr/2022:12:47:50 +0200] "GET /glass-cutting-board-cbkreation-p-51324.html HTTP/1.0" 200 73514 "-" "Mozilla/5.0 (compatible; SemrushBot/7~bl; +http://www.semrush.com/bot.html)"
185.191.171.39 - - [14/Apr/2022:12:47:59 +0200] "GET /marilyn-monroe-airlines-blue-cosmetic-p-7116.html HTTP/1.0" 200 73777 "-" "Mozilla/5.0 (compatible; SemrushBot/7~bl; +http://www.semrush.com/bot.html)"
185.191.171.39 - - [14/Apr/2022:12:48:20 +0200] "GET /thread-count-cotton-percale-fitted-sheet-p-54446.html HTTP/1.0" 200 74591 "-" "Mozilla/5.0 (compatible; SemrushBot/7~bl; +http://www.semrush.com/bot.html)"
66.249.64.158 - - [14/Apr/2022:12:48:26 +0200] "GET /cotton-kitchen-towel-bires-p-45132.html HTTP/1.0" 200 73501 "-" "Mozilla/5.0 (compatible; Googlebot/2.1; +http://www.google.com/bot.html)"
185.191.171.38 - - [14/Apr/2022:12:48:28 +0200] "GET /round-mirror-catches-golden-dreams-hang-p-45740.html HTTP/1.0" 200 73605 "-" "Mozilla/5.0 (compatible; SemrushBot/7~bl; +http://www.semrush.com/bot.html)"
54.36.148.243 - - [14/Apr/2022:12:48:36 +0200] "GET /laissez-lucie-faire-make-maria-p-38980.html HTTP/1.0" 200 74392 "-" "Mozilla/5.0 (compatible; AhrefsBot/7.0; +http://ahrefs.com/robot/)"
114.119.137.3 - - [14/Apr/2022:12:49:08 +0200] "GET /images/big_prod_1/3503420234118D.jpg HTTP/1.0" 200 271 "-" "Mozilla/5.0 (Linux; Android 7.0;) AppleWebKit/537.36 (KHTML, like Gecko) Mobile Safari/537.36 (compatible; PetalBot;+https://webmaster.petalsearch.com/site/petalbot)"
157.55.39.144 - - [14/Apr/2022:12:49:26 +0200] "GET /britto-butterfly-pill-p-32629.html HTTP/1.0" 200 70916 "-" "Mozilla/5.0 (compatible; bingbot/2.0; +http://www.bing.com/bingbot.htm)"
54.36.148.243 - - [14/Apr/2022:12:49:51 +0200] "GET /small-piggy-bank-white-p-57583.html HTTP/1.0" 200 74083 "-" "Mozilla/5.0 (compatible; AhrefsBot/7.0; +http://ahrefs.com/robot/)"
94.130.19.112 - - [14/Apr/2022:12:50:06 +0200] "GET /images/mini_prod/5036278062209.jpg HTTP/1.0" 200 269 "-" "Mozilla/5.0 (X11; Ubuntu; Linux x86_64; rv:72.0) Gecko/20100101 Firefox/72.0"
185.191.171.11 - - [14/Apr/2022:12:50:10 +0200] "GET /gorjuss-the-foxes-plate-decoration-gorjuss-p-40437.html HTTP/1.0" 301 70875 "-" "Mozilla/5.0 (compatible; SemrushBot/7~bl; +http://www.semrush.com/bot.html)"
185.191.171.33 - - [14/Apr/2022:12:50:14 +0200] "GET /-p-40437.html HTTP/1.0" 200 70808 "-" "Mozilla/5.0 (compatible; SemrushBot/7~bl; +http://www.semrush.com/bot.html)"
185.191.171.19 - - [14/Apr/2022:12:50:18 +0200] "GET /white-flowers-table-lamp-p-52980.html HTTP/1.0" 200 74140 "-" "Mozilla/5.0 (compatible; SemrushBot/7~bl; +http://www.semrush.com/bot.html)"
185.191.171.13 - - [14/Apr/2022:12:50:21 +0200] "GET /sandstone-lamp-birds-blue-lampshade-p-57672.html?action=add_product HTTP/1.0" 302 476 "-" "Mozilla/5.0 (compatible; SemrushBot/7~bl; +http://www.semrush.com/bot.html)"
185.191.171.14 - - [14/Apr/2022:12:50:37 +0200] "GET /candy-cloud-bamboo-sprinkles-p-51808.html?action=add_product HTTP/1.0" 302 476 "-" "Mozilla/5.0 (compatible; SemrushBot/7~bl; +http://www.semrush.com/bot.html)"
54.36.148.243 - - [14/Apr/2022:12:51:10 +0200] "GET /wooden-decorative-plate-meilleur-p-53546.html HTTP/1.0" 200 73618 "-" "Mozilla/5.0 (compatible; AhrefsBot/7.0; +http://ahrefs.com/robot/)"
185.191.171.33 - - [14/Apr/2022:12:51:15 +0200] "GET /bakugan-acrylic-glass-p-14011.html?action=add_product HTTP/1.0" 302 476 "-" "Mozilla/5.0 (compatible; SemrushBot/7~bl; +http://www.semrush.com/bot.html)"
216.244.66.242 - - [14/Apr/2022:12:51:19 +0200] "GET /frames-flags-decorative-paintings-c-13_148.html?page=6 HTTP/1.0" 200 95970 "-" "Mozilla/5.0 (compatible; DotBot/1.2; +https://opensiteexplorer.org/dotbot; help@moz.com)"
20.99.217.146 - - [14/Apr/2022:12:51:23 +0200] "GET /images/mini_prod/4029811331512.jpg HTTP/1.0" 200 269 "-" "Mozilla/5.0 (X11; Ubuntu; Linux x86_64; rv:72.0) Gecko/20100101 Firefox/72.0"
185.191.171.3 - - [14/Apr/2022:12:51:29 +0200] "GET /vinegar-salt-pepper-shakers-p-51795.html?action=add_product HTTP/1.0" 302 476 "-" "Mozilla/5.0 (compatible; SemrushBot/7~bl; +http://www.semrush.com/bot.html)"
216.244.66.242 - - [14/Apr/2022:12:51:32 +0200] "GET /avengers-age-of-ultron-poster-p-32314.html HTTP/1.0" 301 70989 "-" "Mozilla/5.0 (compatible; DotBot/1.2; +https://opensiteexplorer.org/dotbot; help@moz.com)"
185.191.171.11 - - [14/Apr/2022:12:52:05 +0200] "GET /cotton-napkin-sold-individually-p-52107.html?action=add_product HTTP/1.0" 302 476 "-" "Mozilla/5.0 (compatible; SemrushBot/7~bl; +http://www.semrush.com/bot.html)"
185.191.171.23 - - [14/Apr/2022:12:52:10 +0200] "GET /black-peas-russian-doll-cbkreation-p-18541.html?action=add_product HTTP/1.0" 302 476 "-" "Mozilla/5.0 (compatible; SemrushBot/7~bl; +http://www.semrush.com/bot.html)"
185.191.171.26 - - [14/Apr/2022:12:52:13 +0200] "GET /hanging-panel-p-44905.html?action=add_product HTTP/1.0" 302 476 "-" "Mozilla/5.0 (compatible; SemrushBot/7~bl; +http://www.semrush.com/bot.html)"
185.191.171.2 - - [14/Apr/2022:12:52:14 +0200] "GET /robots.txt HTTP/1.0" 200 245 "-" "Mozilla/5.0 (compatible; SemrushBot/7~bl; +http://www.semrush.com/bot.html)"
54.36.148.243 - - [14/Apr/2022:12:52:23 +0200] "GET /bowls-c-12_60.html?page=8 HTTP/1.0" 200 94040 "-" "Mozilla/5.0 (compatible; AhrefsBot/7.0; +http://ahrefs.com/robot/)"
185.191.171.42 - - [14/Apr/2022:12:52:47 +0200] "GET /-p-47236.html?action=add_product HTTP/1.0" 302 476 "-" "Mozilla/5.0 (compatible; SemrushBot/7~bl; +http://www.semrush.com/bot.html)"
114.119.133.245 - - [14/Apr/2022:12:52:47 +0200] "GET /bookend-c-13_202.html?page=2 HTTP/1.0" 200 85117 "-" "Mozilla/5.0 (Linux; Android 7.0;) AppleWebKit/537.36 (KHTML, like Gecko) Mobile Safari/537.36 (compatible; PetalBot;+https://webmaster.petalsearch.com/site/petalbot)"
185.191.171.3 - - [14/Apr/2022:12:52:54 +0200] "GET /sigil-lucifer-satatic-book-handbag-shape-book-p-40613.html?action=add_product HTTP/1.0" 302 476 "-" "Mozilla/5.0 (compatible; SemrushBot/7~bl; +http://www.semrush.com/bot.html)"
185.191.171.3 - - [14/Apr/2022:12:53:18 +0200] "GET /london-ashtray-p-36625.html?action=add_product HTTP/1.0" 302 476 "-" "Mozilla/5.0 (compatible; SemrushBot/7~bl; +http://www.semrush.com/bot.html)"
54.36.148.243 - - [14/Apr/2022:12:53:41 +0200] "GET /cute-warmer-p-52647.html HTTP/1.0" 200 73647 "-" "Mozilla/5.0 (compatible; AhrefsBot/7.0; +http://ahrefs.com/robot/)"
185.191.171.2 - - [14/Apr/2022:12:54:17 +0200] "GET /euros-mug-by-cbkreation-p-14047.html HTTP/1.0" 301 73486 "-" "Mozilla/5.0 (compatible; SemrushBot/7~bl; +http://www.semrush.com/bot.html)"
185.191.171.18 - - [14/Apr/2022:12:54:23 +0200] "GET /euros-cbkreation-p-14047.html HTTP/1.0" 200 73403 "-" "Mozilla/5.0 (compatible; SemrushBot/7~bl; +http://www.semrush.com/bot.html)"
185.191.171.4 - - [14/Apr/2022:12:54:41 +0200] "GET /mini-mood-salt-lamp-pyramid-various-changing-colours-p-47211.html?action=add_product HTTP/1.0" 302 476 "-" "Mozilla/5.0 (compatible; SemrushBot/7~bl; +http://www.semrush.com/bot.html)"
114.119.137.43 - - [14/Apr/2022:12:54:43 +0200] "GET /horse-metal-trivet-p-37452.html HTTP/1.0" 200 73393 "-" "Mozilla/5.0 (Linux; Android 7.0;) AppleWebKit/537.36 (KHTML, like Gecko) Mobile Safari/537.36 (compatible; PetalBot;+https://webmaster.petalsearch.com/site/petalbot)"
54.36.148.243 - - [14/Apr/2022:12:54:50 +0200] "GET /corsica-woven-round-place-p-50945.html HTTP/1.0" 200 74091 "-" "Mozilla/5.0 (compatible; AhrefsBot/7.0; +http://ahrefs.com/robot/)"
185.191.171.12 - - [14/Apr/2022:12:55:00 +0200] "GET /hello-kitty-by-camomilla-large-handbag-p-4406.html HTTP/1.0" 301 71043 "-" "Mozilla/5.0 (compatible; SemrushBot/7~bl; +http://www.semrush.com/bot.html)"
185.191.171.17 - - [14/Apr/2022:12:55:03 +0200] "GET /hello-kitty-camomilla-large-handbag-p-4406.html HTTP/1.0" 200 70942 "-" "Mozilla/5.0 (compatible; SemrushBot/7~bl; +http://www.semrush.com/bot.html)"
185.191.171.17 - - [14/Apr/2022:12:55:06 +0200] "GET /oceans-song-tinker-bell-figurine-collection-p-51406.html HTTP/1.0" 301 70875 "-" "Mozilla/5.0 (compatible; SemrushBot/7~bl; +http://www.semrush.com/bot.html)"
185.191.171.7 - - [14/Apr/2022:12:55:08 +0200] "GET /-p-51406.html HTTP/1.0" 200 70808 "-" "Mozilla/5.0 (compatible; SemrushBot/7~bl; +http://www.semrush.com/bot.html)"
157.90.128.183 - - [14/Apr/2022:12:55:58 +0200] "GET /images/mini_prod/3520071275741.jpg HTTP/1.0" 200 269 "-" "Mozilla/5.0 (X11; Ubuntu; Linux x86_64; rv:72.0) Gecko/20100101 Firefox/72.0"
185.191.171.9 - - [14/Apr/2022:12:55:57 +0200] "GET /retro-phone-clock-p-50209.html HTTP/1.0" 301 70875 "-" "Mozilla/5.0 (compatible; SemrushBot/7~bl; +http://www.semrush.com/bot.html)"
207.46.13.160 - - [14/Apr/2022:12:55:58 +0200] "GET /yellow-piggy-bank-p-54795.html HTTP/1.0" 200 73489 "-" "Mozilla/5.0 (compatible; bingbot/2.0; +http://www.bing.com/bingbot.htm)"
185.191.171.12 - - [14/Apr/2022:12:56:01 +0200] "GET /-p-50209.html HTTP/1.0" 200 70808 "-" "Mozilla/5.0 (compatible; SemrushBot/7~bl; +http://www.semrush.com/bot.html)"
54.36.148.243 - - [14/Apr/2022:12:56:02 +0200] "GET /board-games-c-4_47.html HTTP/1.0" 200 76146 "-" "Mozilla/5.0 (compatible; AhrefsBot/7.0; +http://ahrefs.com/robot/)"
51.68.224.127 - - [14/Apr/2022:12:56:18 +0200] "GET /adminweb/export_orders_xml.php?token=256de2z6edz6ed2z6DFSFsed2zed6zeDSFDSGdzedezfzf&maxorders=10&orderstart=1&status=14&start_date=2018-10-01 HTTP/1.0" 200 285 "-" "GesCom CharlotteBoutik Serveur"
51.68.224.127 - - [14/Apr/2022:12:56:18 +0200] "GET /adminweb/export_orders_xml.php?token=256de2z6edz6ed2z6DFSFsed2zed6zeDSFDSGdzedezfzf&maxorders=10&orderstart=1&status=6&start_date=2018-10-01 HTTP/1.0" 200 32865 "-" "GesCom CharlotteBoutik Serveur"
157.90.128.183 - - [14/Apr/2022:12:56:22 +0200] "GET /images/mini_prod/8422140192445.jpg HTTP/1.0" 200 269 "-" "Mozilla/5.0 (X11; Ubuntu; Linux x86_64; rv:72.0) Gecko/20100101 Firefox/72.0"
157.55.39.42 - - [14/Apr/2022:12:56:31 +0200] "GET /games-and-toys/board-games/barbapapa-tableo-tablet-p-22744.html HTTP/1.0" 301 637 "-" "Mozilla/5.0 (compatible; bingbot/2.0; +http://www.bing.com/bingbot.htm)"
114.119.137.3 - - [14/Apr/2022:12:56:29 +0200] "GET /lotus-candle-holder-in-glass-p-42832.html HTTP/1.0" 301 74709 "-" "Mozilla/5.0 (Linux; Android 7.0;) AppleWebKit/537.36 (KHTML, like Gecko) Mobile Safari/537.36 (compatible; PetalBot;+https://webmaster.petalsearch.com/site/petalbot)"
114.119.137.3 - - [14/Apr/2022:12:56:33 +0200] "GET /lotus-candle-holder-glass-p-42832.html HTTP/1.0" 200 74617 "-" "Mozilla/5.0 (Linux; Android 7.0;) AppleWebKit/537.36 (KHTML, like Gecko) Mobile Safari/537.36 (compatible; PetalBot;+https://webmaster.petalsearch.com/site/petalbot)"
185.191.171.3 - - [14/Apr/2022:12:56:42 +0200] "GET /triskel-shooter-p-46327.html HTTP/1.0" 200 73364 "-" "Mozilla/5.0 (compatible; SemrushBot/7~bl; +http://www.semrush.com/bot.html)"
87.250.224.149 - - [14/Apr/2022:12:56:48 +0200] "GET /harley-davidson-1980-tour-glide-p-30405.html HTTP/1.0" 200 73600 "-" "Mozilla/5.0 (compatible; YandexBot/3.0; +http://yandex.com/bots)"
66.249.64.152 - - [14/Apr/2022:12:57:14 +0200] "GET /kenya-keychain-family-p-57391.html HTTP/1.0" 200 75027 "-" "Mozilla/5.0 (Linux; Android 6.0.1; Nexus 5X Build/MMB29P) AppleWebKit/537.36 (KHTML, like Gecko) Chrome/100.0.4896.88 Mobile Safari/537.36 (compatible; Googlebot/2.1; +http://www.google.com/bot.html)"
54.36.148.243 - - [14/Apr/2022:12:57:31 +0200] "GET /shirts-sweatshirts-women-c-53_55.html?page=1 HTTP/1.0" 200 94744 "-" "Mozilla/5.0 (compatible; AhrefsBot/7.0; +http://ahrefs.com/robot/)"
185.191.171.38 - - [14/Apr/2022:12:57:37 +0200] "GET /resin-statue-animals-savannah-p-54280.html?action=add_product HTTP/1.0" 302 476 "-" "Mozilla/5.0 (compatible; SemrushBot/7~bl; +http://www.semrush.com/bot.html)"
185.191.171.43 - - [14/Apr/2022:12:57:51 +0200] "GET /parrot-wooden-wall-decoration-to-hang-p-47428.html HTTP/1.0" 301 73756 "-" "Mozilla/5.0 (compatible; SemrushBot/7~bl; +http://www.semrush.com/bot.html)"
114.119.137.38 - - [14/Apr/2022:12:57:51 +0200] "GET /luggages-schoolbags-leather-shop-c-31.html?page=60 HTTP/1.0" 200 95320 "-" "Mozilla/5.0 (Linux; Android 7.0;) AppleWebKit/537.36 (KHTML, like Gecko) Mobile Safari/537.36 (compatible; PetalBot;+https://webmaster.petalsearch.com/site/petalbot)"
185.191.171.44 - - [14/Apr/2022:12:57:55 +0200] "GET /parrot-wooden-wall-decoration-hang-p-47428.html HTTP/1.0" 200 73655 "-" "Mozilla/5.0 (compatible; SemrushBot/7~bl; +http://www.semrush.com/bot.html)"
185.191.171.42 - - [14/Apr/2022:12:58:01 +0200] "GET /horses-poster-p-36324.html?action=add_product HTTP/1.0" 302 476 "-" "Mozilla/5.0 (compatible; SemrushBot/7~bl; +http://www.semrush.com/bot.html)"
216.244.66.242 - - [14/Apr/2022:12:58:10 +0200] "GET /luggages-schoolbags-leather-shop/purse-and-wallet-c-31_76.html HTTP/1.0" 301 91589 "-" "Mozilla/5.0 (compatible; DotBot/1.2; +https://opensiteexplorer.org/dotbot; help@moz.com)"
185.191.171.21 - - [14/Apr/2022:12:58:32 +0200] "GET /himalayan-mood-saltlamp-orange-usb-leds-p-44959.html HTTP/1.0" 301 75346 "-" "Mozilla/5.0 (compatible; SemrushBot/7~bl; +http://www.semrush.com/bot.html)"
185.191.171.1 - - [14/Apr/2022:12:58:35 +0200] "GET /himalayan-mood-saltlamp-orange-leds-p-44959.html HTTP/1.0" 200 75244 "-" "Mozilla/5.0 (compatible; SemrushBot/7~bl; +http://www.semrush.com/bot.html)"
54.36.148.243 - - [14/Apr/2022:12:58:37 +0200] "GET /zebra-jewelry-holder-statuette-p-55823.html HTTP/1.0" 200 73654 "-" "Mozilla/5.0 (compatible; AhrefsBot/7.0; +http://ahrefs.com/robot/)"
185.191.171.8 - - [14/Apr/2022:12:58:44 +0200] "GET /chief-cbkreation-p-40612.html?action=add_product HTTP/1.0" 302 476 "-" "Mozilla/5.0 (compatible; SemrushBot/7~bl; +http://www.semrush.com/bot.html)"
207.46.13.210 - - [14/Apr/2022:12:59:05 +0200] "GET /mexico-collectable-figurine-family-p-57423.html HTTP/1.0" 200 75715 "-" "Mozilla/5.0 (compatible; bingbot/2.0; +http://www.bing.com/bingbot.htm)"
185.191.171.33 - - [14/Apr/2022:12:59:07 +0200] "GET /pink-flamingo-table-p-45284.html?action=add_product HTTP/1.0" 302 476 "-" "Mozilla/5.0 (compatible; SemrushBot/7~bl; +http://www.semrush.com/bot.html)"
17.121.115.77 - - [14/Apr/2022:12:59:14 +0200] "GET /-p-29553.html HTTP/1.0" 200 70808 "-" "Mozilla/5.0 (Macintosh; Intel Mac OS X 10_15_5) AppleWebKit/605.1.15 (KHTML, like Gecko) Version/13.1.1 Safari/605.1.15 (Applebot/0.1; +http://www.apple.com/go/applebot)"
185.191.171.7 - - [14/Apr/2022:12:59:24 +0200] "GET /dubout-cats-thermometer-p-40030.html?action=add_product HTTP/1.0" 302 476 "-" "Mozilla/5.0 (compatible; SemrushBot/7~bl; +http://www.semrush.com/bot.html)"
185.191.171.33 - - [14/Apr/2022:12:59:29 +0200] "GET /coasters-c-12_157.html?page=2 HTTP/1.0" 200 93254 "-" "Mozilla/5.0 (compatible; SemrushBot/7~bl; +http://www.semrush.com/bot.html)"
20.99.217.146 - - [14/Apr/2022:12:59:47 +0200] "GET /images/mini_prod/3760054863347.jpg HTTP/1.0" 200 269 "-" "Mozilla/5.0 (X11; Ubuntu; Linux x86_64; rv:72.0) Gecko/20100101 Firefox/72.0"
54.36.148.243 - - [14/Apr/2022:12:59:48 +0200] "GET /sleepwear-c-2_42.html HTTP/1.0" 200 69723 "-" "Mozilla/5.0 (compatible; AhrefsBot/7.0; +http://ahrefs.com/robot/)"
118.191.216.250 - - [14/Apr/2022:13:00:18 +0200] "GET /images/mini_prod/4895029627446.jpg HTTP/1.0" 200 269 "-" "Mozilla/5.0 (X11; Ubuntu; Linux x86_64; rv:72.0) Gecko/20100101 Firefox/72.0"
114.119.137.43 - - [14/Apr/2022:13:00:14 +0200] "GET /sentiment-tea-towel-kitchen-towel-70-35-cm-p-43635.html HTTP/1.0" 301 74321 "-" "Mozilla/5.0 (Linux; Android 7.0;) AppleWebKit/537.36 (KHTML, like Gecko) Mobile Safari/537.36 (compatible; PetalBot;+https://webmaster.petalsearch.com/site/petalbot)"
114.119.137.43 - - [14/Apr/2022:13:00:22 +0200] "GET /sentiment-towel-kitchen-towel-p-43635.html HTTP/1.0" 200 74225 "-" "Mozilla/5.0 (Linux; Android 7.0;) AppleWebKit/537.36 (KHTML, like Gecko) Mobile Safari/537.36 (compatible; PetalBot;+https://webmaster.petalsearch.com/site/petalbot)"
185.191.171.6 - - [14/Apr/2022:13:01:10 +0200] "GET /portugal-money-box-by-cbkreation-p-24148.html HTTP/1.0" 301 73601 "-" "Mozilla/5.0 (compatible; SemrushBot/7~bl; +http://www.semrush.com/bot.html)"
223.39.191.66 - - [14/Apr/2022:13:01:14 +0200] "GET /images/mini_prod/1384010200476.jpg HTTP/1.0" 200 269 "-" "Mozilla/5.0 (X11; Ubuntu; Linux x86_64; rv:72.0) Gecko/20100101 Firefox/72.0"
54.36.148.243 - - [14/Apr/2022:13:01:07 +0200] "GET / HTTP/1.0" 200 151441 "-" "Mozilla/5.0 (compatible; AhrefsBot/7.0; +http://ahrefs.com/robot/)"
185.191.171.15 - - [14/Apr/2022:13:01:16 +0200] "GET /portugal-money-cbkreation-p-24148.html HTTP/1.0" 200 73509 "-" "Mozilla/5.0 (compatible; SemrushBot/7~bl; +http://www.semrush.com/bot.html)"
185.191.171.42 - - [14/Apr/2022:13:01:19 +0200] "GET /industrial-retro-clock-in-aged-metal-80-80-cm-p-45092.html HTTP/1.0" 301 73832 "-" "Mozilla/5.0 (compatible; SemrushBot/7~bl; +http://www.semrush.com/bot.html)"
185.191.171.6 - - [14/Apr/2022:13:01:22 +0200] "GET /industrial-retro-clock-aged-metal-p-45092.html HTTP/1.0" 200 73732 "-" "Mozilla/5.0 (compatible; SemrushBot/7~bl; +http://www.semrush.com/bot.html)"
207.46.13.160 - - [14/Apr/2022:13:01:56 +0200] "GET /yoga-strap-ring-black-cotton-p-48336.html HTTP/1.0" 301 70875 "-" "Mozilla/5.0 (compatible; bingbot/2.0; +http://www.bing.com/bingbot.htm)"
185.191.171.11 - - [14/Apr/2022:13:02:05 +0200] "GET /gift-box-tea-infuser-mug-mandala-blue-p-46305.html HTTP/1.0" 301 74956 "-" "Mozilla/5.0 (compatible; SemrushBot/7~bl; +http://www.semrush.com/bot.html)"
185.191.171.36 - - [14/Apr/2022:13:02:09 +0200] "GET /gift-infuser-mandala-blue-p-46305.html HTTP/1.0" 200 74864 "-" "Mozilla/5.0 (compatible; SemrushBot/7~bl; +http://www.semrush.com/bot.html)"
54.36.148.243 - - [14/Apr/2022:13:02:19 +0200] "GET /metal-tray-p-57356.html HTTP/1.0" 200 73516 "-" "Mozilla/5.0 (compatible; AhrefsBot/7.0; +http://ahrefs.com/robot/)"
114.119.137.252 - - [14/Apr/2022:13:02:30 +0200] "GET /flag-wooden-frame-p-32608.html HTTP/1.0" 200 73490 "-" "Mozilla/5.0 (Linux; Android 7.0;) AppleWebKit/537.36 (KHTML, like Gecko) Mobile Safari/537.36 (compatible; PetalBot;+https://webmaster.petalsearch.com/site/petalbot)"
185.191.171.16 - - [14/Apr/2022:13:02:32 +0200] "GET /yellow-peace-love-paper-towel-dispenser-p-17438.html?action=add_product HTTP/1.0" 302 476 "-" "Mozilla/5.0 (compatible; SemrushBot/7~bl; +http://www.semrush.com/bot.html)"
185.191.171.15 - - [14/Apr/2022:13:02:35 +0200] "GET /wooden-coat-rack-elephants-supports-p-48953.html HTTP/1.0" 200 70942 "-" "Mozilla/5.0 (compatible; SemrushBot/7~bl; +http://www.semrush.com/bot.html)"
20.99.217.146 - - [14/Apr/2022:13:03:03 +0200] "GET /images/mini_prod/8904245400088.jpg HTTP/1.0" 200 269 "-" "Mozilla/5.0 (X11; Ubuntu; Linux x86_64; rv:72.0) Gecko/20100101 Firefox/72.0"
185.191.171.38 - - [14/Apr/2022:13:03:06 +0200] "GET /jasmin-small-cabas-jasmine-rockabilly-p-39259.html HTTP/1.0" 200 70936 "-" "Mozilla/5.0 (compatible; SemrushBot/7~bl; +http://www.semrush.com/bot.html)"
54.36.148.243 - - [14/Apr/2022:13:03:12 +0200] "GET /white-road-sign-metal-p-45469.html HTTP/1.0" 200 73487 "-" "Mozilla/5.0 (compatible; AhrefsBot/7.0; +http://ahrefs.com/robot/)"
216.244.66.242 - - [14/Apr/2022:13:03:25 +0200] "GET /delia-bedclothes-p-50787.html HTTP/1.0" 200 73479 "-" "Mozilla/5.0 (compatible; DotBot/1.2; +https://opensiteexplorer.org/dotbot; help@moz.com)"
66.249.64.146 - - [14/Apr/2022:13:03:36 +0200] "GET /images/big_prod/3700572755366B.jpg HTTP/1.0" 200 269 "-" "Googlebot-Image/1.0"
223.39.191.66 - - [14/Apr/2022:13:03:37 +0200] "GET /images/big_prod_2/c8719497610501.jpg HTTP/1.0" 200 271 "-" "Mozilla/5.0 (X11; Ubuntu; Linux x86_64; rv:72.0) Gecko/20100101 Firefox/72.0"
216.244.66.242 - - [14/Apr/2022:13:03:48 +0200] "GET /little-prince-tote-p-47143.html HTTP/1.0" 200 73509 "-" "Mozilla/5.0 (compatible; DotBot/1.2; +https://opensiteexplorer.org/dotbot; help@moz.com)"
54.36.148.243 - - [14/Apr/2022:13:03:48 +0200] "GET /guatemala-clock-cbkreation-p-36920.html HTTP/1.0" 200 73475 "-" "Mozilla/5.0 (compatible; AhrefsBot/7.0; +http://ahrefs.com/robot/)"
216.244.66.242 - - [14/Apr/2022:13:04:03 +0200] "GET /pendulum-color-silver-chrome-p-40956.html HTTP/1.0" 200 73426 "-" "Mozilla/5.0 (compatible; DotBot/1.2; +https://opensiteexplorer.org/dotbot; help@moz.com)"
113.207.6.244 - - [14/Apr/2022:13:04:26 +0200] "GET /images/mini_prod/3609810022287.jpg HTTP/1.0" 200 269 "-" "Mozilla/5.0 (X11; Ubuntu; Linux x86_64; rv:72.0) Gecko/20100101 Firefox/72.0"
216.244.66.242 - - [14/Apr/2022:13:04:21 +0200] "GET /pepe-jeans-sport-p-41322.html HTTP/1.0" 200 73753 "-" "Mozilla/5.0 (compatible; DotBot/1.2; +https://opensiteexplorer.org/dotbot; help@moz.com)"
54.36.148.243 - - [14/Apr/2022:13:04:30 +0200] "GET /zodiacal-clock-cbkreation-p-28581.html HTTP/1.0" 200 73444 "-" "Mozilla/5.0 (compatible; AhrefsBot/7.0; +http://ahrefs.com/robot/)"
185.191.171.39 - - [14/Apr/2022:13:04:58 +0200] "GET /picerie-fine-cotton-potholder-p-42569.html HTTP/1.0" 200 73509 "-" "Mozilla/5.0 (compatible; SemrushBot/7~bl; +http://www.semrush.com/bot.html)"
185.191.171.15 - - [14/Apr/2022:13:05:03 +0200] "GET /artist-sweet-honey-elephant-figure-p-46395.html?action=add_product HTTP/1.0" 302 476 "-" "Mozilla/5.0 (compatible; SemrushBot/7~bl; +http://www.semrush.com/bot.html)"
185.191.171.45 - - [14/Apr/2022:13:05:05 +0200] "GET /espresso-allen-designs-p-39741.html HTTP/1.0" 200 74102 "-" "Mozilla/5.0 (compatible; SemrushBot/7~bl; +http://www.semrush.com/bot.html)"
54.36.148.243 - - [14/Apr/2022:13:05:14 +0200] "GET /monkey-money-p-54817.html HTTP/1.0" 200 73441 "-" "Mozilla/5.0 (compatible; AhrefsBot/7.0; +http://ahrefs.com/robot/)"
207.46.13.160 - - [14/Apr/2022:13:05:57 +0200] "GET /games-and-toys/figures/daffy-duck-figure-p-3620.html HTTP/1.0" 301 615 "-" "Mozilla/5.0 (compatible; bingbot/2.0; +http://www.bing.com/bingbot.htm)"
185.191.171.21 - - [14/Apr/2022:13:05:59 +0200] "GET /jasmin-orange-book-directory-p-30140.html HTTP/1.0" 200 73570 "-" "Mozilla/5.0 (compatible; SemrushBot/7~bl; +http://www.semrush.com/bot.html)"
114.119.133.245 - - [14/Apr/2022:13:05:59 +0200] "GET /bulldog-money-box-p-52598.html HTTP/1.0" 301 74056 "-" "Mozilla/5.0 (Linux; Android 7.0;) AppleWebKit/537.36 (KHTML, like Gecko) Mobile Safari/537.36 (compatible; PetalBot;+https://webmaster.petalsearch.com/site/petalbot)"
54.36.148.243 - - [14/Apr/2022:13:06:06 +0200] "GET /motorcycle-decorative-metal-plate-p-47948.html HTTP/1.0" 200 73541 "-" "Mozilla/5.0 (compatible; AhrefsBot/7.0; +http://ahrefs.com/robot/)"
17.121.112.170 - - [14/Apr/2022:13:06:06 +0200] "GET /cork-coaster-p-37069.html HTTP/1.0" 200 70871 "-" "Mozilla/5.0 (Macintosh; Intel Mac OS X 10_15_5) AppleWebKit/605.1.15 (KHTML, like Gecko) Version/13.1.1 Safari/605.1.15 (Applebot/0.1; +http://www.apple.com/go/applebot)"
94.130.19.112 - - [14/Apr/2022:13:06:09 +0200] "GET /images/mini_prod/3700653593221.jpg HTTP/1.0" 200 269 "-" "Mozilla/5.0 (X11; Ubuntu; Linux x86_64; rv:72.0) Gecko/20100101 Firefox/72.0"
114.119.133.245 - - [14/Apr/2022:13:06:07 +0200] "GET /bulldog-money-p-52598.html HTTP/1.0" 200 73976 "-" "Mozilla/5.0 (Linux; Android 7.0;) AppleWebKit/537.36 (KHTML, like Gecko) Mobile Safari/537.36 (compatible; PetalBot;+https://webmaster.petalsearch.com/site/petalbot)"
185.191.171.17 - - [14/Apr/2022:13:06:44 +0200] "GET /world-vintage-clock-p-47713.html?action=add_product HTTP/1.0" 302 476 "-" "Mozilla/5.0 (compatible; SemrushBot/7~bl; +http://www.semrush.com/bot.html)"
185.191.171.38 - - [14/Apr/2022:13:06:58 +0200] "GET /stade-toulousain-apron-p-27274.html?action=add_product HTTP/1.0" 302 476 "-" "Mozilla/5.0 (compatible; SemrushBot/7~bl; +http://www.semrush.com/bot.html)"
20.99.217.146 - - [14/Apr/2022:13:07:05 +0200] "GET /images/mini_prod/8433933201497.jpg HTTP/1.0" 200 269 "-" "Mozilla/5.0 (X11; Ubuntu; Linux x86_64; rv:72.0) Gecko/20100101 Firefox/72.0"
54.36.148.243 - - [14/Apr/2022:13:07:04 +0200] "GET /mustache-silvery-cbkreation-p-16687.html HTTP/1.0" 200 73526 "-" "Mozilla/5.0 (compatible; AhrefsBot/7.0; +http://ahrefs.com/robot/)"
207.46.13.25 - - [14/Apr/2022:13:07:12 +0200] "GET /ethnic-style-burlap-table-p-48445.html HTTP/1.0" 200 70898 "-" "Mozilla/5.0 (compatible; bingbot/2.0; +http://www.bing.com/bingbot.htm)"
207.46.13.160 - - [14/Apr/2022:13:07:16 +0200] "GET /selenite-lamp-with-wooden-base-height-p-47192.html HTTP/1.0" 200 70972 "-" "Mozilla/5.0 (compatible; bingbot/2.0; +http://www.bing.com/bingbot.htm)"
185.191.171.38 - - [14/Apr/2022:13:07:17 +0200] "GET /nici-moon-ville-p-22368.html?action=add_product HTTP/1.0" 302 476 "-" "Mozilla/5.0 (compatible; SemrushBot/7~bl; +http://www.semrush.com/bot.html)"
147.92.229.61 - - [14/Apr/2022:13:07:42 +0200] "GET /images/mini_prod/1384010189283.jpg HTTP/1.0" 200 269 "-" "Mozilla/5.0 (X11; Ubuntu; Linux x86_64; rv:72.0) Gecko/20100101 Firefox/72.0"
114.119.137.3 - - [14/Apr/2022:13:08:01 +0200] "GET /comptoir-rectangular-tray-p-51427.html HTTP/1.0" 200 70914 "-" "Mozilla/5.0 (Linux; Android 7.0;) AppleWebKit/537.36 (KHTML, like Gecko) Mobile Safari/537.36 (compatible; PetalBot;+https://webmaster.petalsearch.com/site/petalbot)"
54.36.148.243 - - [14/Apr/2022:13:08:03 +0200] "GET /buddha-cherry-blossoms-sticker-p-39174.html HTTP/1.0" 200 74323 "-" "Mozilla/5.0 (compatible; AhrefsBot/7.0; +http://ahrefs.com/robot/)"
185.191.171.39 - - [14/Apr/2022:13:08:12 +0200] "GET /chair-cushion-ocher-p-45932.html HTTP/1.0" 200 73543 "-" "Mozilla/5.0 (compatible; SemrushBot/7~bl; +http://www.semrush.com/bot.html)"
66.249.64.146 - - [14/Apr/2022:13:08:20 +0200] "GET /images/big_prod_3/a5018997632277.jpg HTTP/1.0" 200 271 "-" "Googlebot-Image/1.0"
20.99.217.146 - - [14/Apr/2022:13:08:30 +0200] "GET /images/mini_prod/3660173200040.jpg HTTP/1.0" 200 269 "-" "Mozilla/5.0 (X11; Ubuntu; Linux x86_64; rv:72.0) Gecko/20100101 Firefox/72.0"
185.191.171.45 - - [14/Apr/2022:13:08:41 +0200] "GET /moon-tea-box-p-40722.html HTTP/1.0" 301 70901 "-" "Mozilla/5.0 (compatible; SemrushBot/7~bl; +http://www.semrush.com/bot.html)"
185.191.171.15 - - [14/Apr/2022:13:08:44 +0200] "GET /moon-p-40722.html HTTP/1.0" 200 70830 "-" "Mozilla/5.0 (compatible; SemrushBot/7~bl; +http://www.semrush.com/bot.html)"
54.36.148.243 - - [14/Apr/2022:13:09:18 +0200] "GET /butterfly-wall-decoration-pink-model-p-51726.html HTTP/1.0" 200 73710 "-" "Mozilla/5.0 (compatible; AhrefsBot/7.0; +http://ahrefs.com/robot/)"
211.249.40.15 - - [14/Apr/2022:13:10:02 +0200] "GET /images/mini_prod/1384010179000.jpg HTTP/1.0" 200 269 "-" "Mozilla/5.0 (X11; Ubuntu; Linux x86_64; rv:72.0) Gecko/20100101 Firefox/72.0"
147.92.153.18 - - [14/Apr/2022:13:10:12 +0200] "GET /porcelain-musician-cats-kiub-p-57953.html HTTP/1.0" 200 72812 "-" "Mozilla/5.0 (compatible; Linespider/1.1; +https://lin.ee/4dwXkTH)"
185.191.171.20 - - [14/Apr/2022:13:10:14 +0200] "GET /shadow-frame-cats-dubout-walk-p-38859.html HTTP/1.0" 200 74031 "-" "Mozilla/5.0 (compatible; SemrushBot/7~bl; +http://www.semrush.com/bot.html)"
207.46.13.210 - - [14/Apr/2022:13:10:34 +0200] "GET /coca-cola-retro-deco-thermometer-p-31633.html HTTP/1.0" 200 73614 "-" "Mozilla/5.0 (compatible; bingbot/2.0; +http://www.bing.com/bingbot.htm)"
54.36.148.243 - - [14/Apr/2022:13:10:37 +0200] "GET /golden-round-mirror-p-48537.html HTTP/1.0" 200 73514 "-" "Mozilla/5.0 (compatible; AhrefsBot/7.0; +http://ahrefs.com/robot/)"
185.191.171.5 - - [14/Apr/2022:13:11:03 +0200] "GET /strawberry-shortcake-sweater-p-31123.html HTTP/1.0" 200 70910 "-" "Mozilla/5.0 (compatible; SemrushBot/7~bl; +http://www.semrush.com/bot.html)"
185.191.171.39 - - [14/Apr/2022:13:11:08 +0200] "GET /yellow-white-cement-tile-round-placemat-p-57745.html?action=add_product HTTP/1.0" 302 476 "-" "Mozilla/5.0 (compatible; SemrushBot/7~bl; +http://www.semrush.com/bot.html)"
185.191.171.24 - - [14/Apr/2022:13:11:11 +0200] "GET /nippon-doll-shoulder-bag-p-27009.html HTTP/1.0" 301 73928 "-" "Mozilla/5.0 (compatible; SemrushBot/7~bl; +http://www.semrush.com/bot.html)"
185.191.171.22 - - [14/Apr/2022:13:11:18 +0200] "GET /nippon-doll-shoulder-p-27009.html HTTP/1.0" 200 73841 "-" "Mozilla/5.0 (compatible; SemrushBot/7~bl; +http://www.semrush.com/bot.html)"
54.36.148.243 - - [14/Apr/2022:13:11:33 +0200] "GET /salamander-wall-decoration-p-40932.html HTTP/1.0" 200 73609 "-" "Mozilla/5.0 (compatible; AhrefsBot/7.0; +http://ahrefs.com/robot/)"
54.36.148.243 - - [14/Apr/2022:13:12:29 +0200] "GET /yoga-c-11_269_268.html HTTP/1.0" 200 84255 "-" "Mozilla/5.0 (compatible; AhrefsBot/7.0; +http://ahrefs.com/robot/)"
185.191.171.38 - - [14/Apr/2022:13:12:30 +0200] "GET /glitter-adhesive-roll-45-150-cm-multicolored-tiles-p-47308.html HTTP/1.0" 301 73922 "-" "Mozilla/5.0 (compatible; SemrushBot/7~bl; +http://www.semrush.com/bot.html)"
185.191.171.4 - - [14/Apr/2022:13:12:38 +0200] "GET /glitter-adhesive-roll-multicolored-tiles-p-47308.html HTTP/1.0" 200 73815 "-" "Mozilla/5.0 (compatible; SemrushBot/7~bl; +http://www.semrush.com/bot.html)"
185.191.171.5 - - [14/Apr/2022:13:12:52 +0200] "GET /eeyore-melancholy-in-bloom-glitter-globe-collection-p-20276.html HTTP/1.0" 301 75416 "-" "Mozilla/5.0 (compatible; SemrushBot/7~bl; +http://www.semrush.com/bot.html)"
185.191.171.3 - - [14/Apr/2022:13:12:59 +0200] "GET /eeyore-melancholy-bloom-glitter-globe-collection-p-20276.html HTTP/1.0" 200 75301 "-" "Mozilla/5.0 (compatible; SemrushBot/7~bl; +http://www.semrush.com/bot.html)"
51.68.224.127 - - [14/Apr/2022:13:13:04 +0200] "GET /adminweb/export_orders_xml.php?token=256de2z6edz6ed2z6DFSFsed2zed6zeDSFDSGdzedezfzf&maxorders=10&orderstart=1&status=14&start_date=2018-10-01 HTTP/1.0" 200 285 "-" "GesCom CharlotteBoutik Serveur"
51.68.224.127 - - [14/Apr/2022:13:13:04 +0200] "GET /adminweb/export_orders_xml.php?token=256de2z6edz6ed2z6DFSFsed2zed6zeDSFDSGdzedezfzf&maxorders=10&orderstart=1&status=6&start_date=2018-10-01 HTTP/1.0" 200 32865 "-" "GesCom CharlotteBoutik Serveur"
147.92.229.61 - - [14/Apr/2022:13:13:08 +0200] "GET /images/mini_prod/1399984254387.jpg HTTP/1.0" 200 269 "-" "Mozilla/5.0 (X11; Ubuntu; Linux x86_64; rv:72.0) Gecko/20100101 Firefox/72.0"
54.36.148.243 - - [14/Apr/2022:13:13:29 +0200] "GET /parrot-gold-table-lamp-p-56579.html HTTP/1.0" 200 74548 "-" "Mozilla/5.0 (compatible; AhrefsBot/7.0; +http://ahrefs.com/robot/)"
185.191.171.41 - - [14/Apr/2022:13:13:42 +0200] "GET /vintage-velocity-embossed-metal-plaque-p-56756.html HTTP/1.0" 200 74206 "-" "Mozilla/5.0 (compatible; SemrushBot/7~bl; +http://www.semrush.com/bot.html)"
157.55.39.99 - - [14/Apr/2022:13:13:44 +0200] "GET /trays-medium-size-c-12_159_265.html HTTP/1.0" 200 90994 "-" "Mozilla/5.0 (compatible; bingbot/2.0; +http://www.bing.com/bingbot.htm)"
185.191.171.36 - - [14/Apr/2022:13:14:10 +0200] "GET /jasmin-melamine-tray-jasmine-p-42212.html?action=add_product HTTP/1.0" 302 476 "-" "Mozilla/5.0 (compatible; SemrushBot/7~bl; +http://www.semrush.com/bot.html)"
54.36.148.243 - - [14/Apr/2022:13:14:22 +0200] "GET /double-dispenser-cereals-p-50116.html HTTP/1.0" 200 74096 "-" "Mozilla/5.0 (compatible; AhrefsBot/7.0; +http://ahrefs.com/robot/)"
185.191.171.44 - - [14/Apr/2022:13:14:36 +0200] "GET /despicable-large-flat-pocket-p-34125.html HTTP/1.0" 200 73610 "-" "Mozilla/5.0 (compatible; SemrushBot/7~bl; +http://www.semrush.com/bot.html)"
17.121.113.74 - - [14/Apr/2022:13:14:44 +0200] "GET /moto-retro-ottoman-storage-p-47384.html HTTP/1.0" 200 73641 "-" "Mozilla/5.0 (Macintosh; Intel Mac OS X 10_15_5) AppleWebKit/605.1.15 (KHTML, like Gecko) Version/13.1.1 Safari/605.1.15 (Applebot/0.1; +http://www.apple.com/go/applebot)"
207.46.13.25 - - [14/Apr/2022:13:14:55 +0200] "GET /coca-cola-yellow-small-metal-plate-p-37181.html HTTP/1.0" 200 70969 "-" "Mozilla/5.0 (compatible; bingbot/2.0; +http://www.bing.com/bingbot.htm)"
185.191.171.8 - - [14/Apr/2022:13:15:00 +0200] "GET /handmade-mirror-wall-decoration-p-53750.html?action=add_product HTTP/1.0" 302 476 "-" "Mozilla/5.0 (compatible; SemrushBot/7~bl; +http://www.semrush.com/bot.html)"
157.55.39.42 - - [14/Apr/2022:13:15:12 +0200] "GET /pillow-case-grey-color-p-39688.html HTTP/1.0" 200 73728 "-" "Mozilla/5.0 (compatible; bingbot/2.0; +http://www.bing.com/bingbot.htm)"
54.36.148.243 - - [14/Apr/2022:13:15:15 +0200] "GET /buddha-fullness-sticker-p-39176.html HTTP/1.0" 200 74234 "-" "Mozilla/5.0 (compatible; AhrefsBot/7.0; +http://ahrefs.com/robot/)"
185.191.171.40 - - [14/Apr/2022:13:15:17 +0200] "GET /grey-eyelet-curtain-p-39034.html?action=add_product HTTP/1.0" 302 476 "-" "Mozilla/5.0 (compatible; SemrushBot/7~bl; +http://www.semrush.com/bot.html)"
211.249.40.15 - - [14/Apr/2022:13:15:20 +0200] "GET /images/mini_prod/4036113830964.jpg HTTP/1.0" 200 269 "-" "Mozilla/5.0 (X11; Ubuntu; Linux x86_64; rv:72.0) Gecko/20100101 Firefox/72.0"
5.188.62.76 - - [14/Apr/2022:13:15:44 +0200] "GET / HTTP/1.0" 301 511 "-" "Mozilla/5.0 (Windows NT 5.1; WOW64) AppleWebKit/537.36 (KHTML, like Gecko) Chrome/41.0.2225.0 Safari/537.36"
5.188.62.76 - - [14/Apr/2022:13:15:44 +0200] "GET / HTTP/1.0" 200 151193 "-" "Mozilla/5.0 (Windows NT 5.1; WOW64) AppleWebKit/537.36 (KHTML, like Gecko) Chrome/41.0.2225.0 Safari/537.36"
185.191.171.38 - - [14/Apr/2022:13:15:49 +0200] "GET /porcelain-mug-with-infuser-p-48052.html HTTP/1.0" 301 73559 "-" "Mozilla/5.0 (compatible; SemrushBot/7~bl; +http://www.semrush.com/bot.html)"
185.191.171.21 - - [14/Apr/2022:13:15:52 +0200] "GET /porcelain-with-infuser-p-48052.html HTTP/1.0" 200 73470 "-" "Mozilla/5.0 (compatible; SemrushBot/7~bl; +http://www.semrush.com/bot.html)"
185.191.171.8 - - [14/Apr/2022:13:16:00 +0200] "GET /incense-sticks-burner-and-storage-box-ganesh-p-53400.html HTTP/1.0" 301 74003 "-" "Mozilla/5.0 (compatible; SemrushBot/7~bl; +http://www.semrush.com/bot.html)"
185.191.171.19 - - [14/Apr/2022:13:16:04 +0200] "GET /incense-sticks-burner-storage-ganesh-p-53400.html HTTP/1.0" 200 73900 "-" "Mozilla/5.0 (compatible; SemrushBot/7~bl; +http://www.semrush.com/bot.html)"
54.36.148.243 - - [14/Apr/2022:13:16:14 +0200] "GET /pepe-jeans-black-leather-wallet-p-38146.html HTTP/1.0" 200 74661 "-" "Mozilla/5.0 (compatible; AhrefsBot/7.0; +http://ahrefs.com/robot/)"
185.191.171.35 - - [14/Apr/2022:13:16:28 +0200] "GET /disney-frozen-olaf-large-p-31219.html HTTP/1.0" 200 70902 "-" "Mozilla/5.0 (compatible; SemrushBot/7~bl; +http://www.semrush.com/bot.html)"
66.249.64.146 - - [14/Apr/2022:13:16:54 +0200] "GET /kori-kumi-calendar-year-2017-p-36750.html HTTP/1.0" 200 73675 "-" "Mozilla/5.0 (Linux; Android 6.0.1; Nexus 5X Build/MMB29P) AppleWebKit/537.36 (KHTML, like Gecko) Chrome/99.0.4844.84 Mobile Safari/537.36 (compatible; Googlebot/2.1; +http://www.google.com/bot.html)"
185.191.171.43 - - [14/Apr/2022:13:17:07 +0200] "GET /citrine-chip-bracelet-p-57759.html?action=add_product HTTP/1.0" 302 476 "-" "Mozilla/5.0 (compatible; SemrushBot/7~bl; +http://www.semrush.com/bot.html)"
54.36.148.243 - - [14/Apr/2022:13:17:13 +0200] "GET /large-statue-venus-p-56075.html HTTP/1.0" 200 74361 "-" "Mozilla/5.0 (compatible; AhrefsBot/7.0; +http://ahrefs.com/robot/)"
185.191.171.22 - - [14/Apr/2022:13:17:42 +0200] "GET /statuette-african-bust-p-48017.html HTTP/1.0" 200 74356 "-" "Mozilla/5.0 (compatible; SemrushBot/7~bl; +http://www.semrush.com/bot.html)"
185.191.171.34 - - [14/Apr/2022:13:17:46 +0200] "GET /kimmi-junior-daisy-keychains-p-7419.html?action=add_product HTTP/1.0" 302 476 "-" "Mozilla/5.0 (compatible; SemrushBot/7~bl; +http://www.semrush.com/bot.html)"
66.249.64.146 - - [14/Apr/2022:13:18:04 +0200] "GET /model-green-glitter-p-15847.html HTTP/1.0" 200 74139 "-" "Mozilla/5.0 (Linux; Android 6.0.1; Nexus 5X Build/MMB29P) AppleWebKit/537.36 (KHTML, like Gecko) Chrome/99.0.4844.84 Mobile Safari/537.36 (compatible; Googlebot/2.1; +http://www.google.com/bot.html)"
185.191.171.25 - - [14/Apr/2022:13:18:10 +0200] "GET /sprint-watch-p-22632.html HTTP/1.0" 200 73487 "-" "Mozilla/5.0 (compatible; SemrushBot/7~bl; +http://www.semrush.com/bot.html)"
54.36.148.243 - - [14/Apr/2022:13:18:16 +0200] "GET /lisboa-p-47118.html HTTP/1.0" 200 74206 "-" "Mozilla/5.0 (compatible; AhrefsBot/7.0; +http://ahrefs.com/robot/)"
66.249.64.152 - - [14/Apr/2022:13:18:18 +0200] "GET /little-prince-rose-figurine-p-54991.html HTTP/1.0" 200 77273 "-" "Mozilla/5.0 (Linux; Android 6.0.1; Nexus 5X Build/MMB29P) AppleWebKit/537.36 (KHTML, like Gecko) Chrome/100.0.4896.88 Mobile Safari/537.36 (compatible; Googlebot/2.1; +http://www.google.com/bot.html)"
