54.36.148.243 - - [14/Apr/2022:11:52:26 +0200] "GET /small-cbkreation-p-14911.html HTTP/1.0" 200 73472 "-" "Mozilla/5.0 (compatible; AhrefsBot/7.0; +http://ahrefs.com/robot/)"
49.7.20.122 - - [14/Apr/2022:11:53:06 +0200] "GET / HTTP/1.0" 200 152097 "-" "Sogou web spider/4.0(+http://www.sogou.com/docs/help/webmasters.htm#07)"
185.191.171.7 - - [14/Apr/2022:11:53:09 +0200] "GET /embroidered-rectangular-tablecloth-kolam-p-46467.html?action=add_product HTTP/1.0" 302 476 "-" "Mozilla/5.0 (compatible; SemrushBot/7~bl; +http://www.semrush.com/bot.html)"
185.191.171.35 - - [14/Apr/2022:11:53:14 +0200] "GET /pineapple-lamp-in-brown-resin-p-48253.html HTTP/1.0" 301 70875 "-" "Mozilla/5.0 (compatible; SemrushBot/7~bl; +http://www.semrush.com/bot.html)"
185.191.171.8 - - [14/Apr/2022:11:53:17 +0200] "GET /-p-48253.html HTTP/1.0" 200 70808 "-" "Mozilla/5.0 (compatible; SemrushBot/7~bl; +http://www.semrush.com/bot.html)"
54.36.148.243 - - [14/Apr/2022:11:53:17 +0200] "GET /russian-dolls-small-cbkreation-p-18733.html HTTP/1.0" 200 73693 "-" "Mozilla/5.0 (compatible; AhrefsBot/7.0; +http://ahrefs.com/robot/)"
185.191.171.12 - - [14/Apr/2022:11:53:48 +0200] "GET /-p-38182.html?action=add_product HTTP/1.0" 302 476 "-" "Mozilla/5.0 (compatible; SemrushBot/7~bl; +http://www.semrush.com/bot.html)"
185.191.171.7 - - [14/Apr/2022:11:54:12 +0200] "GET /espresso-set-paris-macaroon-p-44536.html HTTP/1.0" 301 74175 "-" "Mozilla/5.0 (compatible; SemrushBot/7~bl; +http://www.semrush.com/bot.html)"
185.191.171.43 - - [14/Apr/2022:11:54:15 +0200] "GET /espresso-paris-macaroon-p-44536.html HTTP/1.0" 200 74085 "-" "Mozilla/5.0 (compatible; SemrushBot/7~bl; +http://www.semrush.com/bot.html)"
185.191.171.35 - - [14/Apr/2022:11:54:18 +0200] "GET /cbkration-toiletry-p-41153.html HTTP/1.0" 200 73557 "-" "Mozilla/5.0 (compatible; SemrushBot/7~bl; +http://www.semrush.com/bot.html)"
54.36.148.243 - - [14/Apr/2022:11:54:25 +0200] "GET /anti-rfid-card-holder-cards-anthracite-p-50171.html HTTP/1.0" 200 74817 "-" "Mozilla/5.0 (compatible; AhrefsBot/7.0; +http://ahrefs.com/robot/)"
185.191.171.44 - - [14/Apr/2022:11:54:47 +0200] "GET /uk-mouse-pad-by-cbkreation-p-13922.html HTTP/1.0" 301 73496 "-" "Mozilla/5.0 (compatible; SemrushBot/7~bl; +http://www.semrush.com/bot.html)"
185.191.171.5 - - [14/Apr/2022:11:54:51 +0200] "GET /mouse-cbkreation-p-13922.html HTTP/1.0" 200 73413 "-" "Mozilla/5.0 (compatible; SemrushBot/7~bl; +http://www.semrush.com/bot.html)"
185.191.171.3 - - [14/Apr/2022:11:54:54 +0200] "GET /great-wall-decor-blue-scooter-p-36514.html HTTP/1.0" 200 73583 "-" "Mozilla/5.0 (compatible; SemrushBot/7~bl; +http://www.semrush.com/bot.html)"
185.191.171.1 - - [14/Apr/2022:11:54:57 +0200] "GET /decorative-cotton-hearts-hang-charline-p-51651.html HTTP/1.0" 200 75263 "-" "Mozilla/5.0 (compatible; SemrushBot/7~bl; +http://www.semrush.com/bot.html)"
113.207.6.244 - - [14/Apr/2022:11:55:28 +0200] "GET /images/mini_prod/8424001278886.jpg HTTP/1.0" 200 269 "-" "Mozilla/5.0 (X11; Ubuntu; Linux x86_64; rv:72.0) Gecko/20100101 Firefox/72.0"
54.36.148.243 - - [14/Apr/2022:11:55:31 +0200] "GET /wall-decoration-wooden-slate-hang-surf-p-41381.html HTTP/1.0" 200 73687 "-" "Mozilla/5.0 (compatible; AhrefsBot/7.0; +http://ahrefs.com/robot/)"
87.250.224.149 - - [14/Apr/2022:11:55:43 +0200] "GET /skeleton-black-shirt-p-30128.html HTTP/1.0" 200 74628 "-" "Mozilla/5.0 (compatible; YandexBot/3.0; +http://yandex.com/bots)"
216.244.66.242 - - [14/Apr/2022:11:55:59 +0200] "GET /robots.txt HTTP/1.0" 301 531 "-" "Mozilla/5.0 (compatible; DotBot/1.2; +https://opensiteexplorer.org/dotbot; help@moz.com)"
216.244.66.242 - - [14/Apr/2022:11:55:59 +0200] "GET /robots.txt HTTP/1.0" 200 245 "-" "Mozilla/5.0 (compatible; DotBot/1.2; +https://opensiteexplorer.org/dotbot; help@moz.com)"
216.244.66.242 - - [14/Apr/2022:11:56:00 +0200] "GET /robots.txt HTTP/1.0" 200 245 "-" "Mozilla/5.0 (compatible; DotBot/1.2; +https://opensiteexplorer.org/dotbot; help@moz.com)"
185.191.171.41 - - [14/Apr/2022:11:56:09 +0200] "GET /chakra-relief-aromatic-light-candles-p-35501.html HTTP/1.0" 200 75418 "-" "Mozilla/5.0 (compatible; SemrushBot/7~bl; +http://www.semrush.com/bot.html)"
54.36.148.243 - - [14/Apr/2022:11:56:28 +0200] "GET /lighting-c-13_86.html?page=4 HTTP/1.0" 200 91810 "-" "Mozilla/5.0 (compatible; AhrefsBot/7.0; +http://ahrefs.com/robot/)"
185.191.171.36 - - [14/Apr/2022:11:56:44 +0200] "GET /telephone-wall-clock-aged-metal-p-56607.html?action=add_product HTTP/1.0" 302 476 "-" "Mozilla/5.0 (compatible; SemrushBot/7~bl; +http://www.semrush.com/bot.html)"
185.191.171.45 - - [14/Apr/2022:11:56:50 +0200] "GET /ananas-tray-57-cm-p-44754.html HTTP/1.0" 301 73561 "-" "Mozilla/5.0 (compatible; SemrushBot/7~bl; +http://www.semrush.com/bot.html)"
185.191.171.1 - - [14/Apr/2022:11:56:55 +0200] "GET /ananas-tray-p-44754.html HTTP/1.0" 200 73483 "-" "Mozilla/5.0 (compatible; SemrushBot/7~bl; +http://www.semrush.com/bot.html)"
95.163.255.111 - - [14/Apr/2022:11:57:16 +0200] "GET /robots.txt HTTP/1.0" 301 531 "-" "Mozilla/5.0 (compatible; Linux x86_64; Mail.RU_Bot/Img/2.0; +http://go.mail.ru/help/robots)"
95.163.255.111 - - [14/Apr/2022:11:57:21 +0200] "GET /images/big_prod/4029811342419.jpg HTTP/1.0" 301 577 "http://go.mail.ru/search_images" "Mozilla/5.0 (compatible; Linux x86_64; Mail.RU_Bot/Img/2.0; +http://go.mail.ru/help/robots)"
54.36.148.243 - - [14/Apr/2022:11:57:20 +0200] "GET /door-mirror-road-p-44443.html HTTP/1.0" 200 73550 "-" "Mozilla/5.0 (compatible; AhrefsBot/7.0; +http://ahrefs.com/robot/)"
95.163.255.120 - - [14/Apr/2022:11:57:24 +0200] "GET /images/b5010994692230.jpg HTTP/1.0" 301 561 "http://go.mail.ru/search_images" "Mozilla/5.0 (compatible; Linux x86_64; Mail.RU_Bot/Img/2.0; +http://go.mail.ru/help/robots)"
95.163.255.140 - - [14/Apr/2022:11:57:37 +0200] "GET /robots.txt HTTP/1.0" 200 245 "-" "Mozilla/5.0 (compatible; Linux x86_64; Mail.RU_Bot/Img/2.0; +http://go.mail.ru/help/robots)"
95.163.255.140 - - [14/Apr/2022:11:57:44 +0200] "GET /images/big_prod/4029811342419.jpg HTTP/1.0" 200 268 "http://wonder-geek.com/images/big_prod/4029811342419.jpg" "Mozilla/5.0 (compatible; Linux x86_64; Mail.RU_Bot/Img/2.0; +http://go.mail.ru/help/robots)"
95.163.255.111 - - [14/Apr/2022:11:57:48 +0200] "GET /images/b5010994692230.jpg HTTP/1.0" 200 260 "http://wonder-geek.com/images/b5010994692230.jpg" "Mozilla/5.0 (compatible; Linux x86_64; Mail.RU_Bot/Img/2.0; +http://go.mail.ru/help/robots)"
185.191.171.2 - - [14/Apr/2022:11:57:50 +0200] "GET /wall-hanging-elephant-indian-ceremony-p-49456.html?action=add_product HTTP/1.0" 302 476 "-" "Mozilla/5.0 (compatible; SemrushBot/7~bl; +http://www.semrush.com/bot.html)"
114.119.137.252 - - [14/Apr/2022:11:58:04 +0200] "GET /makeup-kit-mani-the-lucky-cat-light-pink-p-37357.html HTTP/1.0" 301 73797 "-" "Mozilla/5.0 (Linux; Android 7.0;) AppleWebKit/537.36 (KHTML, like Gecko) Mobile Safari/537.36 (compatible; PetalBot;+https://webmaster.petalsearch.com/site/petalbot)"
114.119.137.252 - - [14/Apr/2022:11:58:10 +0200] "GET /makeup-mani-lucky-light-pink-p-37357.html HTTP/1.0" 200 73702 "-" "Mozilla/5.0 (Linux; Android 7.0;) AppleWebKit/537.36 (KHTML, like Gecko) Mobile Safari/537.36 (compatible; PetalBot;+https://webmaster.petalsearch.com/site/petalbot)"
185.191.171.10 - - [14/Apr/2022:11:58:24 +0200] "GET /ceramic-lamp-p-51781.html?action=add_product HTTP/1.0" 302 476 "-" "Mozilla/5.0 (compatible; SemrushBot/7~bl; +http://www.semrush.com/bot.html)"
54.36.148.243 - - [14/Apr/2022:11:58:29 +0200] "GET /laissez-lucie-faire-zipped-purse-p-42648.html HTTP/1.0" 200 73651 "-" "Mozilla/5.0 (compatible; AhrefsBot/7.0; +http://ahrefs.com/robot/)"
185.191.171.42 - - [14/Apr/2022:11:58:33 +0200] "GET /frida-kahlo-with-infuser-p-56680.html?action=add_product HTTP/1.0" 302 476 "-" "Mozilla/5.0 (compatible; SemrushBot/7~bl; +http://www.semrush.com/bot.html)"
185.191.171.15 - - [14/Apr/2022:11:58:34 +0200] "GET /-p-38177.html?action=add_product HTTP/1.0" 302 476 "-" "Mozilla/5.0 (compatible; SemrushBot/7~bl; +http://www.semrush.com/bot.html)"
185.191.171.7 - - [14/Apr/2022:11:58:38 +0200] "GET /decoration-african-woman-p-50492.html HTTP/1.0" 200 73542 "-" "Mozilla/5.0 (compatible; SemrushBot/7~bl; +http://www.semrush.com/bot.html)"
192.151.157.210 - - [14/Apr/2022:11:59:05 +0200] "GET /robots.txt HTTP/1.0" 200 245 "-" "Mozilla/5.0 (compatible; MJ12bot/v1.4.8; http://mj12bot.com/)"
192.151.157.210 - - [14/Apr/2022:11:59:07 +0200] "GET /gorjuss-heart-shaped-rosebud-p-49474.html HTTP/1.0" 200 74402 "-" "Mozilla/5.0 (compatible; MJ12bot/v1.4.8; http://mj12bot.com/)"
192.151.157.210 - - [14/Apr/2022:11:59:12 +0200] "GET /gorjuss-heart-shaped-story-p-49476.html HTTP/1.0" 200 74406 "-" "Mozilla/5.0 (compatible; MJ12bot/v1.4.8; http://mj12bot.com/)"
54.36.148.243 - - [14/Apr/2022:11:59:28 +0200] "GET /support-metal-bottle-long-live-newlyweds-p-45838.html HTTP/1.0" 200 73691 "-" "Mozilla/5.0 (compatible; AhrefsBot/7.0; +http://ahrefs.com/robot/)"
185.191.171.3 - - [14/Apr/2022:11:59:28 +0200] "GET /wunzees-doll-65-cm-series-frankie-the-frog-p-45120.html HTTP/1.0" 301 74413 "-" "Mozilla/5.0 (compatible; SemrushBot/7~bl; +http://www.semrush.com/bot.html)"
185.191.171.11 - - [14/Apr/2022:11:59:32 +0200] "GET /wunzees-doll-series-frankie-frog-p-45120.html HTTP/1.0" 200 74314 "-" "Mozilla/5.0 (compatible; SemrushBot/7~bl; +http://www.semrush.com/bot.html)"
185.191.171.1 - - [14/Apr/2022:11:59:51 +0200] "GET /eggplant-japanese-enameled-cast-iron-teapot-p-57707.html HTTP/1.0" 200 74556 "-" "Mozilla/5.0 (compatible; SemrushBot/7~bl; +http://www.semrush.com/bot.html)"
54.36.148.243 - - [14/Apr/2022:12:00:26 +0200] "GET /large-tassen-porcelain-mood-bowl-made-germany-p-43280.html HTTP/1.0" 200 73641 "-" "Mozilla/5.0 (compatible; AhrefsBot/7.0; +http://ahrefs.com/robot/)"
185.191.171.13 - - [14/Apr/2022:12:00:35 +0200] "GET /braided-paper-fiber-baskets-beige-p-57895.html HTTP/1.0" 200 74286 "-" "Mozilla/5.0 (compatible; SemrushBot/7~bl; +http://www.semrush.com/bot.html)"
185.191.171.40 - - [14/Apr/2022:12:00:38 +0200] "GET /-p-43361.html?action=add_product HTTP/1.0" 302 476 "-" "Mozilla/5.0 (compatible; SemrushBot/7~bl; +http://www.semrush.com/bot.html)"
54.36.148.243 - - [14/Apr/2022:12:01:28 +0200] "GET /fiat-black-protective-case-iphone-p-13031.html HTTP/1.0" 200 73736 "-" "Mozilla/5.0 (compatible; AhrefsBot/7.0; +http://ahrefs.com/robot/)"
216.244.66.242 - - [14/Apr/2022:12:01:35 +0200] "GET /collectible-figurines-decorative-c-13_135.html?page=9 HTTP/1.0" 200 96664 "-" "Mozilla/5.0 (compatible; DotBot/1.2; +https://opensiteexplorer.org/dotbot; help@moz.com)"
216.244.66.242 - - [14/Apr/2022:12:01:45 +0200] "GET /frida-khalo-saucer-for-tea-bag-p-50162.html HTTP/1.0" 301 73551 "-" "Mozilla/5.0 (compatible; DotBot/1.2; +https://opensiteexplorer.org/dotbot; help@moz.com)"
185.191.171.8 - - [14/Apr/2022:12:02:15 +0200] "GET /jasmin-large-round-melamine-plate-p-32028.html?action=add_product HTTP/1.0" 302 476 "-" "Mozilla/5.0 (compatible; SemrushBot/7~bl; +http://www.semrush.com/bot.html)"
54.36.148.243 - - [14/Apr/2022:12:02:18 +0200] "GET /marsupilami-money-p-40948.html HTTP/1.0" 200 74044 "-" "Mozilla/5.0 (compatible; AhrefsBot/7.0; +http://ahrefs.com/robot/)"
185.191.171.38 - - [14/Apr/2022:12:02:28 +0200] "GET /russian-dolls-silvery-mug-by-cbkreation-p-18738.html HTTP/1.0" 301 73632 "-" "Mozilla/5.0 (compatible; SemrushBot/7~bl; +http://www.semrush.com/bot.html)"
185.191.171.39 - - [14/Apr/2022:12:02:31 +0200] "GET /russian-dolls-silvery-cbkreation-p-18738.html HTTP/1.0" 200 73533 "-" "Mozilla/5.0 (compatible; SemrushBot/7~bl; +http://www.semrush.com/bot.html)"
113.207.6.244 - - [14/Apr/2022:12:03:13 +0200] "GET /images/mini_prod/8033667001174.jpg HTTP/1.0" 200 269 "-" "Mozilla/5.0 (X11; Ubuntu; Linux x86_64; rv:72.0) Gecko/20100101 Firefox/72.0"
88.147.174.237 - - [14/Apr/2022:12:03:18 +0200] "GET /contact_us.php HTTP/1.0" 301 539 "http://wonder-geek.com/contact_us.php" "Mozilla/5.0 (Windows NT 6.3; Win64; x64) AppleWebKit/537.36 (KHTML, like Gecko) Chrome/90.0.4430.72 Safari/537.36"
88.147.174.237 - - [14/Apr/2022:12:03:18 +0200] "GET /contact_us.php HTTP/1.0" 200 26241 "http://www.wonder-geek.com/contact_us.php" "Mozilla/5.0 (Windows NT 6.3; Win64; x64) AppleWebKit/537.36 (KHTML, like Gecko) Chrome/90.0.4430.72 Safari/537.36"
88.147.174.237 - - [14/Apr/2022:12:03:19 +0200] "POST /contact_us.php?action=send HTTP/1.0" 200 27645 "http://www.wonder-geek.com/contact_us.php" "Mozilla/5.0 (Windows NT 6.3; Win64; x64) AppleWebKit/537.36 (KHTML, like Gecko) Chrome/90.0.4430.72 Safari/537.36"
54.36.148.243 - - [14/Apr/2022:12:03:25 +0200] "GET /fitted-sheet-cotton-percale-threads-p-43828.html HTTP/1.0" 200 73768 "-" "Mozilla/5.0 (compatible; AhrefsBot/7.0; +http://ahrefs.com/robot/)"
114.119.137.31 - - [14/Apr/2022:12:03:46 +0200] "GET /wise-wings-wisdom-figurine-p-51807.html HTTP/1.0" 200 70900 "-" "Mozilla/5.0 (Linux; Android 7.0;) AppleWebKit/537.36 (KHTML, like Gecko) Mobile Safari/537.36 (compatible; PetalBot;+https://webmaster.petalsearch.com/site/petalbot)"
185.191.171.25 - - [14/Apr/2022:12:03:56 +0200] "GET /-p-44283.html?action=add_product HTTP/1.0" 302 476 "-" "Mozilla/5.0 (compatible; SemrushBot/7~bl; +http://www.semrush.com/bot.html)"
185.191.171.16 - - [14/Apr/2022:12:04:02 +0200] "GET /pillowcases-bolstercases-c-11_166.html?page=5 HTTP/1.0" 200 92423 "-" "Mozilla/5.0 (compatible; SemrushBot/7~bl; +http://www.semrush.com/bot.html)"
54.36.148.243 - - [14/Apr/2022:12:04:21 +0200] "GET /indian-motorcycle-metal-plate-deco-p-50978.html HTTP/1.0" 200 73628 "-" "Mozilla/5.0 (compatible; AhrefsBot/7.0; +http://ahrefs.com/robot/)"
185.191.171.3 - - [14/Apr/2022:12:04:26 +0200] "GET /set-of-lady-cover-key-p-24674.html HTTP/1.0" 301 73275 "-" "Mozilla/5.0 (compatible; SemrushBot/7~bl; +http://www.semrush.com/bot.html)"
185.191.171.36 - - [14/Apr/2022:12:04:30 +0200] "GET /lady-cover-p-24674.html HTTP/1.0" 200 73198 "-" "Mozilla/5.0 (compatible; SemrushBot/7~bl; +http://www.semrush.com/bot.html)"
66.249.64.146 - - [14/Apr/2022:12:04:33 +0200] "GET /yellow-submarine-clock-p-29298.html HTTP/1.0" 200 73431 "-" "Mozilla/5.0 (Linux; Android 6.0.1; Nexus 5X Build/MMB29P) AppleWebKit/537.36 (KHTML, like Gecko) Chrome/99.0.4844.84 Mobile Safari/537.36 (compatible; Googlebot/2.1; +http://www.google.com/bot.html)"
17.121.114.227 - - [14/Apr/2022:12:05:06 +0200] "GET /robots.txt HTTP/1.0" 200 245 "-" "Mozilla/5.0 (Macintosh; Intel Mac OS X 10_15_5) AppleWebKit/605.1.15 (KHTML, like Gecko) Version/13.1.1 Safari/605.1.15 (Applebot/0.1; +http://www.apple.com/go/applebot)"
157.55.39.42 - - [14/Apr/2022:12:05:04 +0200] "GET /collectible-figurines-decorative-c-13_135.html HTTP/1.0" 200 96638 "-" "Mozilla/5.0 (compatible; bingbot/2.0; +http://www.bing.com/bingbot.htm)"
17.121.114.227 - - [14/Apr/2022:12:05:07 +0200] "GET /minnie-mouse-crals-bowl-p-31767.html HTTP/1.0" 200 70894 "-" "Mozilla/5.0 (Macintosh; Intel Mac OS X 10_15_5) AppleWebKit/605.1.15 (KHTML, like Gecko) Version/13.1.1 Safari/605.1.15 (Applebot/0.1; +http://www.apple.com/go/applebot)"
216.244.66.242 - - [14/Apr/2022:12:05:15 +0200] "GET /accessories/umbrellas/peanuts-umbrella-p-6105.html HTTP/1.0" 301 611 "-" "Mozilla/5.0 (compatible; DotBot/1.2; +https://opensiteexplorer.org/dotbot; help@moz.com)"
185.191.171.6 - - [14/Apr/2022:12:05:16 +0200] "GET /small-earth-globe-decoration-p-50872.html?action=add_product HTTP/1.0" 302 476 "-" "Mozilla/5.0 (compatible; SemrushBot/7~bl; +http://www.semrush.com/bot.html)"
114.119.137.31 - - [14/Apr/2022:12:05:15 +0200] "GET /elephant-figure-in-gold-resin-and-rhinestones-p-50681.html HTTP/1.0" 301 73760 "-" "Mozilla/5.0 (Linux; Android 7.0;) AppleWebKit/537.36 (KHTML, like Gecko) Mobile Safari/537.36 (compatible; PetalBot;+https://webmaster.petalsearch.com/site/petalbot)"
114.119.137.31 - - [14/Apr/2022:12:05:20 +0200] "GET /elephant-figure-gold-resin-rhinestones-p-50681.html HTTP/1.0" 200 73655 "-" "Mozilla/5.0 (Linux; Android 7.0;) AppleWebKit/537.36 (KHTML, like Gecko) Mobile Safari/537.36 (compatible; PetalBot;+https://webmaster.petalsearch.com/site/petalbot)"
54.36.148.243 - - [14/Apr/2022:12:05:29 +0200] "GET /renault-metal-money-p-52949.html HTTP/1.0" 200 73491 "-" "Mozilla/5.0 (compatible; AhrefsBot/7.0; +http://ahrefs.com/robot/)"
185.191.171.38 - - [14/Apr/2022:12:05:56 +0200] "GET /figurine-disney-traditions-carved-by-heart-mickey-mouse-p-21440.html HTTP/1.0" 301 70875 "-" "Mozilla/5.0 (compatible; SemrushBot/7~bl; +http://www.semrush.com/bot.html)"
185.191.171.8 - - [14/Apr/2022:12:06:00 +0200] "GET /-p-21440.html HTTP/1.0" 200 70808 "-" "Mozilla/5.0 (compatible; SemrushBot/7~bl; +http://www.semrush.com/bot.html)"
54.36.148.243 - - [14/Apr/2022:12:06:24 +0200] "GET /wooden-wall-decoration-hang-p-41525.html HTTP/1.0" 200 73623 "-" "Mozilla/5.0 (compatible; AhrefsBot/7.0; +http://ahrefs.com/robot/)"
51.68.224.127 - - [14/Apr/2022:12:06:31 +0200] "GET /adminweb/export_orders_xml.php?token=256de2z6edz6ed2z6DFSFsed2zed6zeDSFDSGdzedezfzf&maxorders=10&orderstart=1&status=14&start_date=2018-10-01 HTTP/1.0" 200 285 "-" "GesCom CharlotteBoutik Serveur"
51.68.224.127 - - [14/Apr/2022:12:06:31 +0200] "GET /adminweb/export_orders_xml.php?token=256de2z6edz6ed2z6DFSFsed2zed6zeDSFDSGdzedezfzf&maxorders=10&orderstart=1&status=6&start_date=2018-10-01 HTTP/1.0" 200 32865 "-" "GesCom CharlotteBoutik Serveur"
185.191.171.21 - - [14/Apr/2022:12:07:21 +0200] "GET /metal-wood-decoration-route-p-44442.html HTTP/1.0" 200 73615 "-" "Mozilla/5.0 (compatible; SemrushBot/7~bl; +http://www.semrush.com/bot.html)"
185.191.171.18 - - [14/Apr/2022:12:07:27 +0200] "GET /tweety-fireman-figurine-p-31926.html HTTP/1.0" 200 73454 "-" "Mozilla/5.0 (compatible; SemrushBot/7~bl; +http://www.semrush.com/bot.html)"
54.36.148.243 - - [14/Apr/2022:12:07:30 +0200] "GET /sprint-watch-p-22632.html HTTP/1.0" 200 73487 "-" "Mozilla/5.0 (compatible; AhrefsBot/7.0; +http://ahrefs.com/robot/)"
216.244.66.242 - - [14/Apr/2022:12:07:55 +0200] "GET /cement-tile-stickers-gray-p-45001.html HTTP/1.0" 200 74449 "-" "Mozilla/5.0 (compatible; DotBot/1.2; +https://opensiteexplorer.org/dotbot; help@moz.com)"
185.191.171.45 - - [14/Apr/2022:12:08:07 +0200] "GET /gorjuss-purrrrrfect-love-round-keyring-p-25953.html HTTP/1.0" 200 70989 "-" "Mozilla/5.0 (compatible; SemrushBot/7~bl; +http://www.semrush.com/bot.html)"
216.244.66.242 - - [14/Apr/2022:12:08:18 +0200] "GET /decorations/photo-frames-and-memo-clips-c-13_132.html HTTP/1.0" 301 91380 "-" "Mozilla/5.0 (compatible; DotBot/1.2; +https://opensiteexplorer.org/dotbot; help@moz.com)"
185.191.171.19 - - [14/Apr/2022:12:08:20 +0200] "GET /giraffe-decorative-statue-43-cm-p-46476.html HTTP/1.0" 301 73647 "-" "Mozilla/5.0 (compatible; SemrushBot/7~bl; +http://www.semrush.com/bot.html)"
157.90.128.183 - - [14/Apr/2022:12:08:24 +0200] "GET /images/mini_prod/1384010179536.jpg HTTP/1.0" 200 269 "-" "Mozilla/5.0 (X11; Ubuntu; Linux x86_64; rv:72.0) Gecko/20100101 Firefox/72.0"
185.191.171.18 - - [14/Apr/2022:12:08:24 +0200] "GET /giraffe-decorative-statue-p-46476.html HTTP/1.0" 200 73555 "-" "Mozilla/5.0 (compatible; SemrushBot/7~bl; +http://www.semrush.com/bot.html)"
185.191.171.3 - - [14/Apr/2022:12:08:28 +0200] "GET /spain-white-shirt-p-33755.html HTTP/1.0" 200 75402 "-" "Mozilla/5.0 (compatible; SemrushBot/7~bl; +http://www.semrush.com/bot.html)"
54.36.148.243 - - [14/Apr/2022:12:08:41 +0200] "GET /comics-daredevil-p-26010.html HTTP/1.0" 200 73423 "-" "Mozilla/5.0 (compatible; AhrefsBot/7.0; +http://ahrefs.com/robot/)"
185.191.171.3 - - [14/Apr/2022:12:08:48 +0200] "GET /swimwear-c-2_35.html HTTP/1.0" 200 90434 "-" "Mozilla/5.0 (compatible; SemrushBot/7~bl; +http://www.semrush.com/bot.html)"
216.244.66.242 - - [14/Apr/2022:12:08:56 +0200] "GET /removable-cushion-polar-fleece-p-57909.html HTTP/1.0" 200 74367 "-" "Mozilla/5.0 (compatible; DotBot/1.2; +https://opensiteexplorer.org/dotbot; help@moz.com)"
185.191.171.23 - - [14/Apr/2022:12:09:06 +0200] "GET /cement-tile-coasters-p-53111.html HTTP/1.0" 200 70896 "-" "Mozilla/5.0 (compatible; SemrushBot/7~bl; +http://www.semrush.com/bot.html)"
185.191.171.44 - - [14/Apr/2022:12:09:22 +0200] "GET /pink-lampshade-p-57431.html?action=add_product HTTP/1.0" 302 476 "-" "Mozilla/5.0 (compatible; SemrushBot/7~bl; +http://www.semrush.com/bot.html)"
185.191.171.8 - - [14/Apr/2022:12:09:38 +0200] "GET /small-panda-resin-box-p-48270.html HTTP/1.0" 301 74247 "-" "Mozilla/5.0 (compatible; SemrushBot/7~bl; +http://www.semrush.com/bot.html)"
185.191.171.7 - - [14/Apr/2022:12:09:41 +0200] "GET /small-panda-resin-p-48270.html HTTP/1.0" 200 74163 "-" "Mozilla/5.0 (compatible; SemrushBot/7~bl; +http://www.semrush.com/bot.html)"
54.36.148.243 - - [14/Apr/2022:12:09:41 +0200] "GET /healing-mini-stones-p-49036.html HTTP/1.0" 200 74291 "-" "Mozilla/5.0 (compatible; AhrefsBot/7.0; +http://ahrefs.com/robot/)"
185.191.171.35 - - [14/Apr/2022:12:10:34 +0200] "GET /cocktail-sticks-peux-apro-p-47141.html?action=add_product HTTP/1.0" 302 476 "-" "Mozilla/5.0 (compatible; SemrushBot/7~bl; +http://www.semrush.com/bot.html)"
211.249.40.15 - - [14/Apr/2022:12:10:51 +0200] "GET /images/mini_prod/3503420072369.jpg HTTP/1.0" 200 269 "-" "Mozilla/5.0 (X11; Ubuntu; Linux x86_64; rv:72.0) Gecko/20100101 Firefox/72.0"
54.36.148.243 - - [14/Apr/2022:12:10:55 +0200] "GET /donald-pluto-mini-figurine-p-55967.html HTTP/1.0" 200 74677 "-" "Mozilla/5.0 (compatible; AhrefsBot/7.0; +http://ahrefs.com/robot/)"
185.191.171.43 - - [14/Apr/2022:12:11:01 +0200] "GET /rectangulary-metal-p-45841.html?action=add_product HTTP/1.0" 302 476 "-" "Mozilla/5.0 (compatible; SemrushBot/7~bl; +http://www.semrush.com/bot.html)"
185.191.171.5 - - [14/Apr/2022:12:11:04 +0200] "GET /paris-bath-soap-dish-p-57134.html HTTP/1.0" 200 73451 "-" "Mozilla/5.0 (compatible; SemrushBot/7~bl; +http://www.semrush.com/bot.html)"
185.191.171.33 - - [14/Apr/2022:12:11:39 +0200] "GET /unicorn-white-clock-p-50128.html HTTP/1.0" 200 70874 "-" "Mozilla/5.0 (compatible; SemrushBot/7~bl; +http://www.semrush.com/bot.html)"
185.191.171.7 - - [14/Apr/2022:12:11:54 +0200] "GET /small-brass-bell-p-46616.html?action=add_product HTTP/1.0" 302 476 "-" "Mozilla/5.0 (compatible; SemrushBot/7~bl; +http://www.semrush.com/bot.html)"
54.36.148.243 - - [14/Apr/2022:12:12:07 +0200] "GET /monkey-planter-p-54320.html HTTP/1.0" 200 73981 "-" "Mozilla/5.0 (compatible; AhrefsBot/7.0; +http://ahrefs.com/robot/)"
185.191.171.43 - - [14/Apr/2022:12:12:33 +0200] "GET /rhum-metal-plate-deco-p-45070.html HTTP/1.0" 301 70875 "-" "Mozilla/5.0 (compatible; SemrushBot/7~bl; +http://www.semrush.com/bot.html)"
185.191.171.16 - - [14/Apr/2022:12:12:39 +0200] "GET /-p-45070.html HTTP/1.0" 200 70808 "-" "Mozilla/5.0 (compatible; SemrushBot/7~bl; +http://www.semrush.com/bot.html)"
66.249.64.152 - - [14/Apr/2022:12:12:40 +0200] "GET /placemat-little-prince-plane-p-53833.html HTTP/1.0" 200 73484 "-" "Mozilla/5.0 (Linux; Android 6.0.1; Nexus 5X Build/MMB29P) AppleWebKit/537.36 (KHTML, like Gecko) Chrome/100.0.4896.88 Mobile Safari/537.36 (compatible; Googlebot/2.1; +http://www.google.com/bot.html)"
114.119.137.38 - - [14/Apr/2022:12:12:41 +0200] "GET /banania-large-metal-plate-p-19923.html HTTP/1.0" 200 73421 "-" "Mozilla/5.0 (Linux; Android 7.0;) AppleWebKit/537.36 (KHTML, like Gecko) Mobile Safari/537.36 (compatible; PetalBot;+https://webmaster.petalsearch.com/site/petalbot)"
185.191.171.45 - - [14/Apr/2022:12:12:46 +0200] "GET /russian-doll-metal-mat-keychain-cbkreation-p-23489.html HTTP/1.0" 301 75193 "-" "Mozilla/5.0 (compatible; SemrushBot/7~bl; +http://www.semrush.com/bot.html)"
185.191.171.12 - - [14/Apr/2022:12:12:52 +0200] "GET /russian-doll-metal-keychain-cbkreation-p-23489.html HTTP/1.0" 200 75088 "-" "Mozilla/5.0 (compatible; SemrushBot/7~bl; +http://www.semrush.com/bot.html)"
185.191.171.12 - - [14/Apr/2022:12:12:55 +0200] "GET /fitted-sheet-color-black-p-38886.html HTTP/1.0" 200 74192 "-" "Mozilla/5.0 (compatible; SemrushBot/7~bl; +http://www.semrush.com/bot.html)"
185.191.171.14 - - [14/Apr/2022:12:13:00 +0200] "GET /nici-frog-green-lilly-pencil-case-p-20566.html?action=add_product HTTP/1.0" 302 476 "-" "Mozilla/5.0 (compatible; SemrushBot/7~bl; +http://www.semrush.com/bot.html)"
185.191.171.1 - - [14/Apr/2022:12:13:18 +0200] "GET /cbkreation-uk-phone-cover-for-iphone-p-23472.html HTTP/1.0" 301 71067 "-" "Mozilla/5.0 (compatible; SemrushBot/7~bl; +http://www.semrush.com/bot.html)"
54.36.148.243 - - [14/Apr/2022:12:13:19 +0200] "GET /large-metal-plate-deco-p-37108.html HTTP/1.0" 200 73481 "-" "Mozilla/5.0 (compatible; AhrefsBot/7.0; +http://ahrefs.com/robot/)"
185.191.171.45 - - [14/Apr/2022:12:13:23 +0200] "GET /cbkreation-phone-cover-iphone-p-23472.html HTTP/1.0" 200 70971 "-" "Mozilla/5.0 (compatible; SemrushBot/7~bl; +http://www.semrush.com/bot.html)"
185.191.171.41 - - [14/Apr/2022:12:13:29 +0200] "GET /gorjuss-organizer-found-family-book-p-29455.html?action=add_product HTTP/1.0" 302 476 "-" "Mozilla/5.0 (compatible; SemrushBot/7~bl; +http://www.semrush.com/bot.html)"
157.90.128.183 - - [14/Apr/2022:12:13:53 +0200] "GET /images/mini_prod/3453131132299.jpg HTTP/1.0" 200 269 "-" "Mozilla/5.0 (X11; Ubuntu; Linux x86_64; rv:72.0) Gecko/20100101 Firefox/72.0"
185.191.171.18 - - [14/Apr/2022:12:13:52 +0200] "GET /fitted-sheet-color-light-brown-p-38888.html?action=add_product HTTP/1.0" 302 476 "-" "Mozilla/5.0 (compatible; SemrushBot/7~bl; +http://www.semrush.com/bot.html)"
216.244.66.242 - - [14/Apr/2022:12:13:48 +0200] "GET /-m-409.html?page=4 HTTP/1.0" 200 89533 "-" "Mozilla/5.0 (compatible; DotBot/1.2; +https://opensiteexplorer.org/dotbot; help@moz.com)"
185.191.171.6 - - [14/Apr/2022:12:14:10 +0200] "GET /dasha-candy-cloud-keychain-p-49749.html?action=add_product HTTP/1.0" 302 476 "-" "Mozilla/5.0 (compatible; SemrushBot/7~bl; +http://www.semrush.com/bot.html)"
114.119.137.45 - - [14/Apr/2022:12:14:18 +0200] "GET /marie-figure-collection-by-romero-britto-p-51460.html HTTP/1.0" 301 75190 "-" "Mozilla/5.0 (Linux; Android 7.0;) AppleWebKit/537.36 (KHTML, like Gecko) Mobile Safari/537.36 (compatible; PetalBot;+https://webmaster.petalsearch.com/site/petalbot)"
114.119.137.45 - - [14/Apr/2022:12:14:21 +0200] "GET /marie-figure-collection-romero-britto-p-51460.html HTTP/1.0" 200 75086 "-" "Mozilla/5.0 (Linux; Android 7.0;) AppleWebKit/537.36 (KHTML, like Gecko) Mobile Safari/537.36 (compatible; PetalBot;+https://webmaster.petalsearch.com/site/petalbot)"
216.244.66.242 - - [14/Apr/2022:12:14:28 +0200] "GET /bolster-case-pink-p-33867.html HTTP/1.0" 200 74311 "-" "Mozilla/5.0 (compatible; DotBot/1.2; +https://opensiteexplorer.org/dotbot; help@moz.com)"
54.36.148.243 - - [14/Apr/2022:12:14:30 +0200] "GET /paris-small-cbkreation-p-17246.html HTTP/1.0" 200 73506 "-" "Mozilla/5.0 (compatible; AhrefsBot/7.0; +http://ahrefs.com/robot/)"
216.244.66.242 - - [14/Apr/2022:12:15:01 +0200] "GET /gray-metal-zippo-cigarette-case-carabiner-clip-p-46843.html HTTP/1.0" 200 74919 "-" "Mozilla/5.0 (compatible; DotBot/1.2; +https://opensiteexplorer.org/dotbot; help@moz.com)"
17.121.115.9 - - [14/Apr/2022:12:15:16 +0200] "GET /-p-25178.html HTTP/1.0" 200 70808 "-" "Mozilla/5.0 (Macintosh; Intel Mac OS X 10_15_5) AppleWebKit/605.1.15 (KHTML, like Gecko) Version/13.1.1 Safari/605.1.15 (Applebot/0.1; +http://www.apple.com/go/applebot)"
185.191.171.34 - - [14/Apr/2022:12:15:35 +0200] "GET /catches-dreams-diameter-of-16-cm-p-43944.html HTTP/1.0" 301 70999 "-" "Mozilla/5.0 (compatible; SemrushBot/7~bl; +http://www.semrush.com/bot.html)"
216.244.66.242 - - [14/Apr/2022:12:15:37 +0200] "GET /harley-davidson-small-metal-plate-p-33731.html HTTP/1.0" 200 73587 "-" "Mozilla/5.0 (compatible; DotBot/1.2; +https://opensiteexplorer.org/dotbot; help@moz.com)"
185.191.171.22 - - [14/Apr/2022:12:15:39 +0200] "GET /catches-dreams-diameter-p-43944.html HTTP/1.0" 200 70909 "-" "Mozilla/5.0 (compatible; SemrushBot/7~bl; +http://www.semrush.com/bot.html)"
54.36.148.243 - - [14/Apr/2022:12:15:40 +0200] "GET /coconut-fibers-doormat-cement-tile-pattern-p-56271.html HTTP/1.0" 200 74767 "-" "Mozilla/5.0 (compatible; AhrefsBot/7.0; +http://ahrefs.com/robot/)"
216.244.66.242 - - [14/Apr/2022:12:16:11 +0200] "GET /minnie-romero-britto-small-notebook-p-13020.html HTTP/1.0" 200 73592 "-" "Mozilla/5.0 (compatible; DotBot/1.2; +https://opensiteexplorer.org/dotbot; help@moz.com)"
185.191.171.12 - - [14/Apr/2022:12:16:14 +0200] "GET /dubout-cats-cosmetic-p-43036.html?action=add_product HTTP/1.0" 302 476 "-" "Mozilla/5.0 (compatible; SemrushBot/7~bl; +http://www.semrush.com/bot.html)"
185.191.171.38 - - [14/Apr/2022:12:16:17 +0200] "GET /paul-frank-flat-cosmetic-p-9642.html?action=add_product HTTP/1.0" 302 476 "-" "Mozilla/5.0 (compatible; SemrushBot/7~bl; +http://www.semrush.com/bot.html)"
185.191.171.22 - - [14/Apr/2022:12:16:22 +0200] "GET /barbapapa-wooden-car-p-16076.html HTTP/1.0" 301 73675 "-" "Mozilla/5.0 (compatible; SemrushBot/7~bl; +http://www.semrush.com/bot.html)"
185.191.171.15 - - [14/Apr/2022:12:16:30 +0200] "GET /barbapapa-wooden-p-16076.html HTTP/1.0" 200 73592 "-" "Mozilla/5.0 (compatible; SemrushBot/7~bl; +http://www.semrush.com/bot.html)"
185.191.171.16 - - [14/Apr/2022:12:16:34 +0200] "GET /bear-cups-espresso-p-45596.html?action=add_product HTTP/1.0" 302 476 "-" "Mozilla/5.0 (compatible; SemrushBot/7~bl; +http://www.semrush.com/bot.html)"
185.191.171.26 - - [14/Apr/2022:12:16:39 +0200] "GET /metal-lamp-p-53382.html HTTP/1.0" 200 70838 "-" "Mozilla/5.0 (compatible; SemrushBot/7~bl; +http://www.semrush.com/bot.html)"
185.191.171.24 - - [14/Apr/2022:12:16:45 +0200] "GET /pink-flamingos-small-melamine-tray-p-45167.html?action=add_product HTTP/1.0" 302 476 "-" "Mozilla/5.0 (compatible; SemrushBot/7~bl; +http://www.semrush.com/bot.html)"
54.36.148.243 - - [14/Apr/2022:12:16:44 +0200] "GET /white-alarm-clock-p-28797.html HTTP/1.0" 200 73457 "-" "Mozilla/5.0 (compatible; AhrefsBot/7.0; +http://ahrefs.com/robot/)"
114.119.137.252 - - [14/Apr/2022:12:16:51 +0200] "GET /electric-bulb-illuminated-sign-51-cm-never-stop-believing-you-p-46279.html HTTP/1.0" 301 74903 "-" "Mozilla/5.0 (Linux; Android 7.0;) AppleWebKit/537.36 (KHTML, like Gecko) Mobile Safari/537.36 (compatible; PetalBot;+https://webmaster.petalsearch.com/site/petalbot)"
114.119.137.252 - - [14/Apr/2022:12:17:00 +0200] "GET /electric-bulb-illuminated-sign-never-stop-believing-p-46279.html HTTP/1.0" 200 74785 "-" "Mozilla/5.0 (Linux; Android 7.0;) AppleWebKit/537.36 (KHTML, like Gecko) Mobile Safari/537.36 (compatible; PetalBot;+https://webmaster.petalsearch.com/site/petalbot)"
185.191.171.8 - - [14/Apr/2022:12:17:10 +0200] "GET /banania-metal-plate-p-41064.html?action=add_product HTTP/1.0" 302 476 "-" "Mozilla/5.0 (compatible; SemrushBot/7~bl; +http://www.semrush.com/bot.html)"
211.249.40.15 - - [14/Apr/2022:12:17:24 +0200] "GET /images/mini_prod/1399984254387.jpg HTTP/1.0" 200 269 "-" "Mozilla/5.0 (X11; Ubuntu; Linux x86_64; rv:72.0) Gecko/20100101 Firefox/72.0"
54.36.148.243 - - [14/Apr/2022:12:17:58 +0200] "GET /white-lampshade-p-54564.html HTTP/1.0" 200 74066 "-" "Mozilla/5.0 (compatible; AhrefsBot/7.0; +http://ahrefs.com/robot/)"
114.119.137.43 - - [14/Apr/2022:12:18:23 +0200] "GET /one-piece-messenger-bag-p-30617.html HTTP/1.0" 301 70956 "-" "Mozilla/5.0 (Linux; Android 7.0;) AppleWebKit/537.36 (KHTML, like Gecko) Mobile Safari/537.36 (compatible; PetalBot;+https://webmaster.petalsearch.com/site/petalbot)"
114.119.137.43 - - [14/Apr/2022:12:18:28 +0200] "GET /piece-messenger-p-30617.html HTTP/1.0" 200 70874 "-" "Mozilla/5.0 (Linux; Android 7.0;) AppleWebKit/537.36 (KHTML, like Gecko) Mobile Safari/537.36 (compatible; PetalBot;+https://webmaster.petalsearch.com/site/petalbot)"
54.36.148.243 - - [14/Apr/2022:12:19:02 +0200] "GET /small-cupcakes-cbkreation-p-17351.html HTTP/1.0" 200 73647 "-" "Mozilla/5.0 (compatible; AhrefsBot/7.0; +http://ahrefs.com/robot/)"
185.191.171.42 - - [14/Apr/2022:12:19:05 +0200] "GET /large-moto-guzzi-sugar-box-p-52958.html HTTP/1.0" 301 73657 "-" "Mozilla/5.0 (compatible; SemrushBot/7~bl; +http://www.semrush.com/bot.html)"
185.191.171.16 - - [14/Apr/2022:12:19:15 +0200] "GET /robots.txt HTTP/1.0" 200 245 "-" "Mozilla/5.0 (compatible; SemrushBot/7~bl; +http://www.semrush.com/bot.html)"
185.191.171.14 - - [14/Apr/2022:12:19:13 +0200] "GET /large-moto-guzzi-sugar-p-52958.html HTTP/1.0" 200 73568 "-" "Mozilla/5.0 (compatible; SemrushBot/7~bl; +http://www.semrush.com/bot.html)"
185.191.171.7 - - [14/Apr/2022:12:19:20 +0200] "GET /large-allen-design-bloom-umbrella-p-54947.html HTTP/1.0" 200 74488 "-" "Mozilla/5.0 (compatible; SemrushBot/7~bl; +http://www.semrush.com/bot.html)"
185.191.171.35 - - [14/Apr/2022:12:19:37 +0200] "GET /pour-card-p-20034.html?action=add_product HTTP/1.0" 302 476 "-" "Mozilla/5.0 (compatible; SemrushBot/7~bl; +http://www.semrush.com/bot.html)"
114.119.137.252 - - [14/Apr/2022:12:19:47 +0200] "GET /little-prince-saint-exupery-bowl-plane-p-53766.html HTTP/1.0" 200 74257 "-" "Mozilla/5.0 (Linux; Android 7.0;) AppleWebKit/537.36 (KHTML, like Gecko) Mobile Safari/537.36 (compatible; PetalBot;+https://webmaster.petalsearch.com/site/petalbot)"
66.249.64.146 - - [14/Apr/2022:12:19:58 +0200] "GET /grey-ceramic-lamp-p-52594.html HTTP/1.0" 200 70882 "-" "Mozilla/5.0 (Linux; Android 6.0.1; Nexus 5X Build/MMB29P) AppleWebKit/537.36 (KHTML, like Gecko) Chrome/99.0.4844.84 Mobile Safari/537.36 (compatible; Googlebot/2.1; +http://www.google.com/bot.html)"
185.191.171.40 - - [14/Apr/2022:12:20:03 +0200] "GET /burlap-round-table-p-57556.html?action=add_product HTTP/1.0" 302 476 "-" "Mozilla/5.0 (compatible; SemrushBot/7~bl; +http://www.semrush.com/bot.html)"
54.36.148.243 - - [14/Apr/2022:12:20:11 +0200] "GET /jasmin-companion-portfolio-amrica-white-p-38696.html HTTP/1.0" 200 74842 "-" "Mozilla/5.0 (compatible; AhrefsBot/7.0; +http://ahrefs.com/robot/)"
185.191.171.22 - - [14/Apr/2022:12:20:33 +0200] "GET /bolster-case-45-185-cm-black-p-34840.html HTTP/1.0" 301 73784 "-" "Mozilla/5.0 (compatible; SemrushBot/7~bl; +http://www.semrush.com/bot.html)"
185.191.171.40 - - [14/Apr/2022:12:20:39 +0200] "GET /bolster-case-black-p-34840.html HTTP/1.0" 200 73699 "-" "Mozilla/5.0 (compatible; SemrushBot/7~bl; +http://www.semrush.com/bot.html)"
114.119.137.43 - - [14/Apr/2022:12:21:20 +0200] "GET /images/mini_prod/5051276271828.jpg HTTP/1.0" 200 269 "-" "Mozilla/5.0 (Linux; Android 7.0;) AppleWebKit/537.36 (KHTML, like Gecko) Mobile Safari/537.36 (compatible; PetalBot;+https://webmaster.petalsearch.com/site/petalbot)"
54.36.148.243 - - [14/Apr/2022:12:21:26 +0200] "GET /indian-motorcycle-metal-plate-deco-p-47181.html HTTP/1.0" 200 73628 "-" "Mozilla/5.0 (compatible; AhrefsBot/7.0; +http://ahrefs.com/robot/)"
185.191.171.10 - - [14/Apr/2022:12:22:10 +0200] "GET /kimmidoll-keyring-p-44093.html HTTP/1.0" 200 70866 "-" "Mozilla/5.0 (compatible; SemrushBot/7~bl; +http://www.semrush.com/bot.html)"
54.36.148.243 - - [14/Apr/2022:12:22:43 +0200] "GET /gloss-lips-white-deluxe-chocolate-p-28865.html HTTP/1.0" 200 73684 "-" "Mozilla/5.0 (compatible; AhrefsBot/7.0; +http://ahrefs.com/robot/)"
185.191.171.2 - - [14/Apr/2022:12:22:51 +0200] "GET /decorative-wooden-plate-chien-mechant-light-brown-p-47800.html HTTP/1.0" 301 74000 "-" "Mozilla/5.0 (compatible; SemrushBot/7~bl; +http://www.semrush.com/bot.html)"
114.119.137.38 - - [14/Apr/2022:12:22:46 +0200] "GET /home-decoration-c-13.html?page=4 HTTP/1.0" 200 92349 "-" "Mozilla/5.0 (Linux; Android 7.0;) AppleWebKit/537.36 (KHTML, like Gecko) Mobile Safari/537.36 (compatible; PetalBot;+https://webmaster.petalsearch.com/site/petalbot)"
185.191.171.45 - - [14/Apr/2022:12:22:57 +0200] "GET /decorative-wooden-plate-chien-mchant-light-brown-p-47800.html HTTP/1.0" 200 73885 "-" "Mozilla/5.0 (compatible; SemrushBot/7~bl; +http://www.semrush.com/bot.html)"
185.191.171.18 - - [14/Apr/2022:12:23:00 +0200] "GET /scented-candle-made-france-christmas-p-57029.html?action=add_product HTTP/1.0" 302 476 "-" "Mozilla/5.0 (compatible; SemrushBot/7~bl; +http://www.semrush.com/bot.html)"
51.68.224.127 - - [14/Apr/2022:12:23:23 +0200] "GET /adminweb/export_orders_xml.php?token=256de2z6edz6ed2z6DFSFsed2zed6zeDSFDSGdzedezfzf&maxorders=10&orderstart=1&status=14&start_date=2018-10-01 HTTP/1.0" 200 285 "-" "GesCom CharlotteBoutik Serveur"
51.68.224.127 - - [14/Apr/2022:12:23:23 +0200] "GET /adminweb/export_orders_xml.php?token=256de2z6edz6ed2z6DFSFsed2zed6zeDSFDSGdzedezfzf&maxorders=10&orderstart=1&status=6&start_date=2018-10-01 HTTP/1.0" 200 32865 "-" "GesCom CharlotteBoutik Serveur"
185.191.171.2 - - [14/Apr/2022:12:23:31 +0200] "GET /home-fragrance-heart-home-patchouli-gaac-wood-p-55306.html HTTP/1.0" 200 74670 "-" "Mozilla/5.0 (compatible; SemrushBot/7~bl; +http://www.semrush.com/bot.html)"
185.191.171.16 - - [14/Apr/2022:12:24:01 +0200] "GET /cat-by-michelle-allen-teapot-and-cup-p-23106.html HTTP/1.0" 301 70875 "-" "Mozilla/5.0 (compatible; SemrushBot/7~bl; +http://www.semrush.com/bot.html)"
185.191.171.34 - - [14/Apr/2022:12:24:04 +0200] "GET /-p-23106.html HTTP/1.0" 200 70808 "-" "Mozilla/5.0 (compatible; SemrushBot/7~bl; +http://www.semrush.com/bot.html)"
54.36.148.243 - - [14/Apr/2022:12:24:04 +0200] "GET /hanging-iron-structure-flamingo-p-47931.html HTTP/1.0" 200 73612 "-" "Mozilla/5.0 (compatible; AhrefsBot/7.0; +http://ahrefs.com/robot/)"
185.191.171.3 - - [14/Apr/2022:12:24:07 +0200] "GET /little-prince-clock-p-54945.html?action=add_product HTTP/1.0" 302 476 "-" "Mozilla/5.0 (compatible; SemrushBot/7~bl; +http://www.semrush.com/bot.html)"
185.191.171.33 - - [14/Apr/2022:12:24:11 +0200] "GET /frozen-disney-white-pencil-pot-p-37025.html HTTP/1.0" 301 73635 "-" "Mozilla/5.0 (compatible; SemrushBot/7~bl; +http://www.semrush.com/bot.html)"
20.99.217.146 - - [14/Apr/2022:12:24:14 +0200] "GET /images/mini_prod/8424222925996.jpg HTTP/1.0" 200 269 "-" "Mozilla/5.0 (X11; Ubuntu; Linux x86_64; rv:72.0) Gecko/20100101 Firefox/72.0"
114.119.137.43 - - [14/Apr/2022:12:24:14 +0200] "GET /images/mini_prod/8422015320300.jpg HTTP/1.0" 200 269 "-" "Mozilla/5.0 (Linux; Android 7.0;) AppleWebKit/537.36 (KHTML, like Gecko) Mobile Safari/537.36 (compatible; PetalBot;+https://webmaster.petalsearch.com/site/petalbot)"
185.191.171.23 - - [14/Apr/2022:12:24:14 +0200] "GET /frozen-disney-white-pencil-p-37025.html HTTP/1.0" 200 73542 "-" "Mozilla/5.0 (compatible; SemrushBot/7~bl; +http://www.semrush.com/bot.html)"
185.191.171.5 - - [14/Apr/2022:12:24:17 +0200] "GET /dishes-c-12.html?page=45 HTTP/1.0" 200 92153 "-" "Mozilla/5.0 (compatible; SemrushBot/7~bl; +http://www.semrush.com/bot.html)"
185.191.171.14 - - [14/Apr/2022:12:25:18 +0200] "GET /accessories-c-3.html?page=16 HTTP/1.0" 200 93337 "-" "Mozilla/5.0 (compatible; SemrushBot/7~bl; +http://www.semrush.com/bot.html)"
54.36.148.243 - - [14/Apr/2022:12:25:18 +0200] "GET /blue-ginkgo-tray-p-56803.html HTTP/1.0" 200 73483 "-" "Mozilla/5.0 (compatible; AhrefsBot/7.0; +http://ahrefs.com/robot/)"
185.191.171.41 - - [14/Apr/2022:12:25:40 +0200] "GET /retro-chest-weathered-wood-p-52933.html HTTP/1.0" 200 73457 "-" "Mozilla/5.0 (compatible; SemrushBot/7~bl; +http://www.semrush.com/bot.html)"
185.191.171.13 - - [14/Apr/2022:12:26:12 +0200] "GET /phosphorescent-musical-jewelry-box-dancer-p-41992.html HTTP/1.0" 301 74930 "-" "Mozilla/5.0 (compatible; SemrushBot/7~bl; +http://www.semrush.com/bot.html)"
185.191.171.24 - - [14/Apr/2022:12:26:18 +0200] "GET /phosphorescent-musical-jewelry-dancer-p-41992.html HTTP/1.0" 200 74826 "-" "Mozilla/5.0 (compatible; SemrushBot/7~bl; +http://www.semrush.com/bot.html)"
185.191.171.17 - - [14/Apr/2022:12:26:21 +0200] "GET /sweaters-sweatshirts-vests-c-2_37.html HTTP/1.0" 200 69840 "-" "Mozilla/5.0 (compatible; SemrushBot/7~bl; +http://www.semrush.com/bot.html)"
54.36.148.243 - - [14/Apr/2022:12:26:31 +0200] "GET /fiat-multifunction-knife-torch-p-23061.html HTTP/1.0" 200 73738 "-" "Mozilla/5.0 (compatible; AhrefsBot/7.0; +http://ahrefs.com/robot/)"
20.99.217.146 - - [14/Apr/2022:12:27:05 +0200] "GET /images/mini_prod/5051276225647.jpg HTTP/1.0" 200 269 "-" "Mozilla/5.0 (X11; Ubuntu; Linux x86_64; rv:72.0) Gecko/20100101 Firefox/72.0"
17.121.115.43 - - [14/Apr/2022:12:27:05 +0200] "GET /angry-birds-training-bottle-p-18798.html HTTP/1.0" 200 70906 "-" "Mozilla/5.0 (Macintosh; Intel Mac OS X 10_15_5) AppleWebKit/605.1.15 (KHTML, like Gecko) Version/13.1.1 Safari/605.1.15 (Applebot/0.1; +http://www.apple.com/go/applebot)"
185.191.171.34 - - [14/Apr/2022:12:27:30 +0200] "GET /portugal-by-cbkreation-mug-p-13976.html HTTP/1.0" 301 73513 "-" "Mozilla/5.0 (compatible; SemrushBot/7~bl; +http://www.semrush.com/bot.html)"
185.191.171.43 - - [14/Apr/2022:12:27:35 +0200] "GET /portugal-cbkreation-p-13976.html HTTP/1.0" 200 73427 "-" "Mozilla/5.0 (compatible; SemrushBot/7~bl; +http://www.semrush.com/bot.html)"
185.191.171.33 - - [14/Apr/2022:12:27:41 +0200] "GET /guns-roses-phone-cover-iphone-p-11511.html HTTP/1.0" 200 73682 "-" "Mozilla/5.0 (compatible; SemrushBot/7~bl; +http://www.semrush.com/bot.html)"
185.191.171.15 - - [14/Apr/2022:12:27:47 +0200] "GET /dubout-cats-paris-shoulder-p-34472.html?action=add_product HTTP/1.0" 302 476 "-" "Mozilla/5.0 (compatible; SemrushBot/7~bl; +http://www.semrush.com/bot.html)"
54.36.148.243 - - [14/Apr/2022:12:27:47 +0200] "GET /thread-count-cotton-percale-fitted-sheet-p-54434.html HTTP/1.0" 200 74589 "-" "Mozilla/5.0 (compatible; AhrefsBot/7.0; +http://ahrefs.com/robot/)"
185.191.171.22 - - [14/Apr/2022:12:27:56 +0200] "GET /bracelet-flower-life-silver-colour-p-48665.html?action=add_product HTTP/1.0" 302 476 "-" "Mozilla/5.0 (compatible; SemrushBot/7~bl; +http://www.semrush.com/bot.html)"
185.191.171.1 - - [14/Apr/2022:12:28:54 +0200] "GET /-p-30708.html?action=add_product HTTP/1.0" 302 476 "-" "Mozilla/5.0 (compatible; SemrushBot/7~bl; +http://www.semrush.com/bot.html)"
54.36.148.243 - - [14/Apr/2022:12:28:57 +0200] "GET /om-mug-p-54142.html HTTP/1.0" 200 73838 "-" "Mozilla/5.0 (compatible; AhrefsBot/7.0; +http://ahrefs.com/robot/)"
185.191.171.5 - - [14/Apr/2022:12:29:23 +0200] "GET /fitted-sheet-with-head-foot-lifting-p-43758.html HTTP/1.0" 200 74180 "-" "Mozilla/5.0 (compatible; SemrushBot/7~bl; +http://www.semrush.com/bot.html)"
185.191.171.8 - - [14/Apr/2022:12:29:42 +0200] "GET /pepe-jeans-jack-wallet-and-purse-p-41312.html HTTP/1.0" 301 74382 "-" "Mozilla/5.0 (compatible; SemrushBot/7~bl; +http://www.semrush.com/bot.html)"
185.191.171.23 - - [14/Apr/2022:12:29:50 +0200] "GET /jeans-jack-wallet-purse-p-41312.html HTTP/1.0" 200 74292 "-" "Mozilla/5.0 (compatible; SemrushBot/7~bl; +http://www.semrush.com/bot.html)"
66.249.64.152 - - [14/Apr/2022:12:29:53 +0200] "GET /dollar-money-cbkreation-p-24134.html HTTP/1.0" 200 73496 "-" "Mozilla/5.0 (compatible; Googlebot/2.1; +http://www.google.com/bot.html)"
185.191.171.33 - - [14/Apr/2022:12:29:59 +0200] "GET /coffee-time-large-metal-plate-p-26150.html HTTP/1.0" 200 70914 "-" "Mozilla/5.0 (compatible; SemrushBot/7~bl; +http://www.semrush.com/bot.html)"
185.191.171.6 - - [14/Apr/2022:12:30:03 +0200] "GET /cinderella-3d-birthday-card-with-envelope-p-25265.html HTTP/1.0" 301 73647 "-" "Mozilla/5.0 (compatible; SemrushBot/7~bl; +http://www.semrush.com/bot.html)"
185.191.171.14 - - [14/Apr/2022:12:30:10 +0200] "GET /cinderella-birthday-card-with-envelope-p-25265.html HTTP/1.0" 200 73542 "-" "Mozilla/5.0 (compatible; SemrushBot/7~bl; +http://www.semrush.com/bot.html)"
147.92.153.6 - - [14/Apr/2022:12:30:11 +0200] "GET /small-candle-guardian-angel-p-57840.html HTTP/1.0" 200 74690 "-" "Mozilla/5.0 (compatible; Linespider/1.1; +https://lin.ee/4dwXkTH)"
147.92.153.12 - - [14/Apr/2022:12:30:16 +0200] "GET /swfobject.js HTTP/1.0" 404 1308 "http://www.wonder-geek.com/small-candle-guardian-angel-p-57840.html" "Mozilla/5.0 (X11; Linux x86_64) AppleWebKit/537.36 (KHTML, like Gecko) HeadlessChrome/96.0.4664.0 Safari/537.36"
54.36.148.243 - - [14/Apr/2022:12:30:21 +0200] "GET /moto-retro-ottoman-storage-p-47384.html HTTP/1.0" 200 73641 "-" "Mozilla/5.0 (compatible; AhrefsBot/7.0; +http://ahrefs.com/robot/)"
185.191.171.22 - - [14/Apr/2022:12:30:57 +0200] "GET /large-industrial-lamp-in-metal-bronze-74-cm-p-48593.html HTTP/1.0" 301 73731 "-" "Mozilla/5.0 (compatible; SemrushBot/7~bl; +http://www.semrush.com/bot.html)"
185.191.171.19 - - [14/Apr/2022:12:31:03 +0200] "GET /large-industrial-lamp-metal-bronze-p-48593.html HTTP/1.0" 200 73630 "-" "Mozilla/5.0 (compatible; SemrushBot/7~bl; +http://www.semrush.com/bot.html)"
114.119.137.43 - - [14/Apr/2022:12:31:14 +0200] "GET /merite-biere-metal-tray-p-53579.html HTTP/1.0" 200 74363 "-" "Mozilla/5.0 (Linux; Android 7.0;) AppleWebKit/537.36 (KHTML, like Gecko) Mobile Safari/537.36 (compatible; PetalBot;+https://webmaster.petalsearch.com/site/petalbot)"
54.36.148.243 - - [14/Apr/2022:12:31:24 +0200] "GET /grenade-clock-cbkreation-p-36919.html HTTP/1.0" 200 73461 "-" "Mozilla/5.0 (compatible; AhrefsBot/7.0; +http://ahrefs.com/robot/)"
185.191.171.43 - - [14/Apr/2022:12:32:19 +0200] "GET /microfibre-base-cover-white-p-47366.html HTTP/1.0" 200 70928 "-" "Mozilla/5.0 (compatible; SemrushBot/7~bl; +http://www.semrush.com/bot.html)"
54.36.148.243 - - [14/Apr/2022:12:32:31 +0200] "GET /amazon-love-coin-purse-macaws-p-50274.html HTTP/1.0" 200 74506 "-" "Mozilla/5.0 (compatible; AhrefsBot/7.0; +http://ahrefs.com/robot/)"
147.92.229.61 - - [14/Apr/2022:12:32:39 +0200] "GET /images/big_prod_1/5415203937889B.jpg HTTP/1.0" 200 271 "-" "Mozilla/5.0 (X11; Ubuntu; Linux x86_64; rv:72.0) Gecko/20100101 Firefox/72.0"
185.191.171.2 - - [14/Apr/2022:12:32:48 +0200] "GET /wooden-holder-jewelry-p-55559.html HTTP/1.0" 200 75109 "-" "Mozilla/5.0 (compatible; SemrushBot/7~bl; +http://www.semrush.com/bot.html)"
185.191.171.44 - - [14/Apr/2022:12:32:54 +0200] "GET /giraffe-statuette-resin-p-56381.html HTTP/1.0" 200 73507 "-" "Mozilla/5.0 (compatible; SemrushBot/7~bl; +http://www.semrush.com/bot.html)"
185.191.171.2 - - [14/Apr/2022:12:33:24 +0200] "GET /cats-dubout-metal-plate-p-30398.html?action=add_product HTTP/1.0" 302 476 "-" "Mozilla/5.0 (compatible; SemrushBot/7~bl; +http://www.semrush.com/bot.html)"
185.191.171.7 - - [14/Apr/2022:12:33:36 +0200] "GET /salamander-wall-decoration-p-47406.html?action=add_product HTTP/1.0" 302 476 "-" "Mozilla/5.0 (compatible; SemrushBot/7~bl; +http://www.semrush.com/bot.html)"
54.36.148.243 - - [14/Apr/2022:12:33:37 +0200] "GET /bohemian-ethnic-lirette-carpet-p-50876.html HTTP/1.0" 200 74252 "-" "Mozilla/5.0 (compatible; AhrefsBot/7.0; +http://ahrefs.com/robot/)"
185.191.171.26 - - [14/Apr/2022:12:33:49 +0200] "GET /nici-debbie-giraffe-plush-15-cm-p-35188.html HTTP/1.0" 301 71002 "-" "Mozilla/5.0 (compatible; SemrushBot/7~bl; +http://www.semrush.com/bot.html)"
185.191.171.38 - - [14/Apr/2022:12:33:54 +0200] "GET /nici-debbie-giraffe-plush-p-35188.html HTTP/1.0" 200 70910 "-" "Mozilla/5.0 (compatible; SemrushBot/7~bl; +http://www.semrush.com/bot.html)"
66.249.64.158 - - [14/Apr/2022:12:33:57 +0200] "GET /black-metal-flexo-lamp-p-52978.html HTTP/1.0" 200 70886 "-" "Mozilla/5.0 (Linux; Android 6.0.1; Nexus 5X Build/MMB29P) AppleWebKit/537.36 (KHTML, like Gecko) Chrome/99.0.4844.84 Mobile Safari/537.36 (compatible; Googlebot/2.1; +http://www.google.com/bot.html)"
114.119.137.252 - - [14/Apr/2022:12:34:02 +0200] "GET /unicorn-plush-gold-and-white-11-cm-p-49626.html HTTP/1.0" 301 73634 "-" "Mozilla/5.0 (Linux; Android 7.0;) AppleWebKit/537.36 (KHTML, like Gecko) Mobile Safari/537.36 (compatible; PetalBot;+https://webmaster.petalsearch.com/site/petalbot)"
114.119.137.252 - - [14/Apr/2022:12:34:05 +0200] "GET /unicorn-plush-gold-white-p-49626.html HTTP/1.0" 200 73543 "-" "Mozilla/5.0 (Linux; Android 7.0;) AppleWebKit/537.36 (KHTML, like Gecko) Mobile Safari/537.36 (compatible; PetalBot;+https://webmaster.petalsearch.com/site/petalbot)"
185.191.171.34 - - [14/Apr/2022:12:34:14 +0200] "GET /harley-davidson-american-legend-zippo-lighter-p-29786.html?action=add_product HTTP/1.0" 302 476 "-" "Mozilla/5.0 (compatible; SemrushBot/7~bl; +http://www.semrush.com/bot.html)"
185.191.171.44 - - [14/Apr/2022:12:34:25 +0200] "GET /metal-structure-hang-fairy-p-46790.html?action=add_product HTTP/1.0" 302 476 "-" "Mozilla/5.0 (compatible; SemrushBot/7~bl; +http://www.semrush.com/bot.html)"
185.191.171.44 - - [14/Apr/2022:12:34:44 +0200] "GET /moroccan-ashtray-p-40669.html HTTP/1.0" 200 73416 "-" "Mozilla/5.0 (compatible; SemrushBot/7~bl; +http://www.semrush.com/bot.html)"
185.191.171.12 - - [14/Apr/2022:12:34:52 +0200] "GET /stone-carnelian-grams-p-46574.html HTTP/1.0" 200 74952 "-" "Mozilla/5.0 (compatible; SemrushBot/7~bl; +http://www.semrush.com/bot.html)"
185.191.171.8 - - [14/Apr/2022:12:34:56 +0200] "GET /earrings-flower-life-silver-with-amethyst-p-45457.html?action=add_product HTTP/1.0" 302 476 "-" "Mozilla/5.0 (compatible; SemrushBot/7~bl; +http://www.semrush.com/bot.html)"
54.36.148.243 - - [14/Apr/2022:12:35:01 +0200] "GET /black-road-sign-metal-p-45470.html HTTP/1.0" 200 73475 "-" "Mozilla/5.0 (compatible; AhrefsBot/7.0; +http://ahrefs.com/robot/)"
20.99.217.146 - - [14/Apr/2022:12:35:35 +0200] "GET /images/mini_prod/B11068-copie-4.jpg HTTP/1.0" 200 270 "-" "Mozilla/5.0 (X11; Ubuntu; Linux x86_64; rv:72.0) Gecko/20100101 Firefox/72.0"
185.191.171.34 - - [14/Apr/2022:12:35:36 +0200] "GET /norway-ecru-bedclothes-p-51595.html?action=add_product HTTP/1.0" 302 476 "-" "Mozilla/5.0 (compatible; SemrushBot/7~bl; +http://www.semrush.com/bot.html)"
185.191.171.34 - - [14/Apr/2022:12:36:00 +0200] "GET /gold-buddha-statue-in-mango-wood-with-candle-holder-place-69-cm-p-46380.html HTTP/1.0" 301 74855 "-" "Mozilla/5.0 (compatible; SemrushBot/7~bl; +http://www.semrush.com/bot.html)"
185.191.171.18 - - [14/Apr/2022:12:36:05 +0200] "GET /gold-buddha-statue-mango-wood-with-candle-holder-place-p-46380.html HTTP/1.0" 200 74734 "-" "Mozilla/5.0 (compatible; SemrushBot/7~bl; +http://www.semrush.com/bot.html)"
54.36.148.243 - - [14/Apr/2022:12:36:10 +0200] "GET /harley-davidson-metal-plate-p-26432.html HTTP/1.0" 200 73561 "-" "Mozilla/5.0 (compatible; AhrefsBot/7.0; +http://ahrefs.com/robot/)"
