185.191.171.4 - - [14/Apr/2022:13:18:22 +0200] "GET /sonny-angel-flowers-series-version-p-51491.html HTTP/1.0" 200 74679 "-" "Mozilla/5.0 (compatible; SemrushBot/7~bl; +http://www.semrush.com/bot.html)"
114.119.137.45 - - [14/Apr/2022:13:18:27 +0200] "GET /votive-candle-15-hours-strawberry-ice-cream-p-38108.html HTTP/1.0" 301 74741 "-" "Mozilla/5.0 (Linux; Android 7.0;) AppleWebKit/537.36 (KHTML, like Gecko) Mobile Safari/537.36 (compatible; PetalBot;+https://webmaster.petalsearch.com/site/petalbot)"
114.119.137.45 - - [14/Apr/2022:13:18:31 +0200] "GET /votive-candle-hours-strawberry-cream-p-38108.html HTTP/1.0" 200 74638 "-" "Mozilla/5.0 (Linux; Android 7.0;) AppleWebKit/537.36 (KHTML, like Gecko) Mobile Safari/537.36 (compatible; PetalBot;+https://webmaster.petalsearch.com/site/petalbot)"
185.191.171.4 - - [14/Apr/2022:13:18:37 +0200] "GET /baby-doll-boy-paola-reina-p-7361.html HTTP/1.0" 301 71001 "-" "Mozilla/5.0 (compatible; SemrushBot/7~bl; +http://www.semrush.com/bot.html)"
185.191.171.25 - - [14/Apr/2022:13:18:41 +0200] "GET /baby-doll-paola-reina-p-7361.html HTTP/1.0" 200 70914 "-" "Mozilla/5.0 (compatible; SemrushBot/7~bl; +http://www.semrush.com/bot.html)"
185.191.171.23 - - [14/Apr/2022:13:19:08 +0200] "GET /fiberglass-flower-stand-face-p-57729.html?action=add_product HTTP/1.0" 302 476 "-" "Mozilla/5.0 (compatible; SemrushBot/7~bl; +http://www.semrush.com/bot.html)"
54.36.148.243 - - [14/Apr/2022:13:19:20 +0200] "GET /india-clock-cbkreation-p-36921.html HTTP/1.0" 200 73446 "-" "Mozilla/5.0 (compatible; AhrefsBot/7.0; +http://ahrefs.com/robot/)"
185.191.171.37 - - [14/Apr/2022:13:19:33 +0200] "GET /zodiacal-clock-by-cbkreation-p-28581.html HTTP/1.0" 301 73536 "-" "Mozilla/5.0 (compatible; SemrushBot/7~bl; +http://www.semrush.com/bot.html)"
185.191.171.6 - - [14/Apr/2022:13:19:38 +0200] "GET /zodiacal-clock-cbkreation-p-28581.html HTTP/1.0" 200 73444 "-" "Mozilla/5.0 (compatible; SemrushBot/7~bl; +http://www.semrush.com/bot.html)"
185.191.171.5 - - [14/Apr/2022:13:19:44 +0200] "GET /cactus-salt-pepper-shakers-p-52313.html?action=add_product HTTP/1.0" 302 476 "-" "Mozilla/5.0 (compatible; SemrushBot/7~bl; +http://www.semrush.com/bot.html)"
207.46.13.210 - - [14/Apr/2022:13:19:47 +0200] "GET /flowerpots-hang-p-57570.html HTTP/1.0" 200 74210 "-" "Mozilla/5.0 (compatible; bingbot/2.0; +http://www.bing.com/bingbot.htm)"
185.191.171.37 - - [14/Apr/2022:13:19:56 +0200] "GET /black-shirt-p-33743.html?action=add_product HTTP/1.0" 302 476 "-" "Mozilla/5.0 (compatible; SemrushBot/7~bl; +http://www.semrush.com/bot.html)"
185.191.171.20 - - [14/Apr/2022:13:20:04 +0200] "GET /velvet-curtain-orchid-p-50737.html HTTP/1.0" 200 76532 "-" "Mozilla/5.0 (compatible; SemrushBot/7~bl; +http://www.semrush.com/bot.html)"
185.191.171.1 - - [14/Apr/2022:13:20:14 +0200] "GET /blue-and-gold-cat-statuette-16-cm-p-50661.html HTTP/1.0" 301 70988 "-" "Mozilla/5.0 (compatible; SemrushBot/7~bl; +http://www.semrush.com/bot.html)"
185.191.171.40 - - [14/Apr/2022:13:20:17 +0200] "GET /blue-gold-statuette-p-50661.html HTTP/1.0" 200 70902 "-" "Mozilla/5.0 (compatible; SemrushBot/7~bl; +http://www.semrush.com/bot.html)"
54.36.148.243 - - [14/Apr/2022:13:20:26 +0200] "GET /strawberry-shortcake-just-dance-swimsuit-p-30286.html HTTP/1.0" 200 75008 "-" "Mozilla/5.0 (compatible; AhrefsBot/7.0; +http://ahrefs.com/robot/)"
185.191.171.39 - - [14/Apr/2022:13:20:37 +0200] "GET /tree-life-coasters-p-51475.html?action=add_product HTTP/1.0" 302 476 "-" "Mozilla/5.0 (compatible; SemrushBot/7~bl; +http://www.semrush.com/bot.html)"
54.36.148.243 - - [14/Apr/2022:13:21:20 +0200] "GET /rattan-basket-p-49421.html HTTP/1.0" 200 74191 "-" "Mozilla/5.0 (compatible; AhrefsBot/7.0; +http://ahrefs.com/robot/)"
185.191.171.36 - - [14/Apr/2022:13:21:29 +0200] "GET /picerie-fine-metal-tray-p-41484.html?action=add_product HTTP/1.0" 302 476 "-" "Mozilla/5.0 (compatible; SemrushBot/7~bl; +http://www.semrush.com/bot.html)"
185.191.171.11 - - [14/Apr/2022:13:21:53 +0200] "GET /pusheen-grey-with-pizza-soft-p-40936.html?action=add_product HTTP/1.0" 302 476 "-" "Mozilla/5.0 (compatible; SemrushBot/7~bl; +http://www.semrush.com/bot.html)"
185.191.171.45 - - [14/Apr/2022:13:22:05 +0200] "GET /spain-keychain-family-p-57385.html HTTP/1.0" 200 75074 "-" "Mozilla/5.0 (compatible; SemrushBot/7~bl; +http://www.semrush.com/bot.html)"
185.191.171.38 - - [14/Apr/2022:13:22:15 +0200] "GET /the-simpsons-mug-p-27554.html HTTP/1.0" 301 73471 "-" "Mozilla/5.0 (compatible; SemrushBot/7~bl; +http://www.semrush.com/bot.html)"
54.36.148.243 - - [14/Apr/2022:13:22:16 +0200] "GET /harley-davidson-genuine-metal-plate-p-23294.html HTTP/1.0" 200 73644 "-" "Mozilla/5.0 (compatible; AhrefsBot/7.0; +http://ahrefs.com/robot/)"
17.121.112.156 - - [14/Apr/2022:13:22:20 +0200] "GET /mister-bump-photo-frame-p-5142.html HTTP/1.0" 200 73486 "-" "Mozilla/5.0 (Macintosh; Intel Mac OS X 10_15_5) AppleWebKit/605.1.15 (KHTML, like Gecko) Version/13.1.1 Safari/605.1.15 (Applebot/0.1; +http://www.apple.com/go/applebot)"
185.191.171.10 - - [14/Apr/2022:13:22:22 +0200] "GET /simpsons-p-27554.html HTTP/1.0" 200 73396 "-" "Mozilla/5.0 (compatible; SemrushBot/7~bl; +http://www.semrush.com/bot.html)"
185.191.171.19 - - [14/Apr/2022:13:22:44 +0200] "GET /thread-count-cotton-percale-fitted-sheet-p-54440.html HTTP/1.0" 200 74589 "-" "Mozilla/5.0 (compatible; SemrushBot/7~bl; +http://www.semrush.com/bot.html)"
185.191.171.34 - - [14/Apr/2022:13:23:23 +0200] "GET /votive-candle-plum-orange-blossom-p-46024.html HTTP/1.0" 200 74199 "-" "Mozilla/5.0 (compatible; SemrushBot/7~bl; +http://www.semrush.com/bot.html)"
114.119.137.43 - - [14/Apr/2022:13:23:31 +0200] "GET /images/mini_prod/1399986102013.jpg HTTP/1.0" 200 269 "-" "Mozilla/5.0 (Linux; Android 7.0;) AppleWebKit/537.36 (KHTML, like Gecko) Mobile Safari/537.36 (compatible; PetalBot;+https://webmaster.petalsearch.com/site/petalbot)"
54.36.148.243 - - [14/Apr/2022:13:23:26 +0200] "GET /chakra-banner-p-44402.html HTTP/1.0" 200 73835 "-" "Mozilla/5.0 (compatible; AhrefsBot/7.0; +http://ahrefs.com/robot/)"
185.191.171.34 - - [14/Apr/2022:13:23:58 +0200] "GET /cobra-figurine-carved-wood-p-47204.html?action=add_product HTTP/1.0" 302 476 "-" "Mozilla/5.0 (compatible; SemrushBot/7~bl; +http://www.semrush.com/bot.html)"
54.36.148.243 - - [14/Apr/2022:13:24:33 +0200] "GET /collection-frame-cinderella-britto-p-30162.html HTTP/1.0" 200 73799 "-" "Mozilla/5.0 (compatible; AhrefsBot/7.0; +http://ahrefs.com/robot/)"
95.163.255.69 - - [14/Apr/2022:13:24:49 +0200] "GET /robots.txt HTTP/1.0" 200 245 "-" "Mozilla/5.0 (compatible; Linux x86_64; Mail.RU_Bot/2.0; +http://go.mail.ru/help/robots)"
95.163.255.66 - - [14/Apr/2022:13:25:00 +0200] "GET /images/med_prod/8435306285295.jpg HTTP/1.0" 200 268 "-" "Mozilla/5.0 (compatible; Linux x86_64; Mail.RU_Bot/2.0; +http://go.mail.ru/help/robots)"
95.163.255.64 - - [14/Apr/2022:13:25:20 +0200] "GET /images/5702015124881.jpg HTTP/1.0" 200 259 "-" "Mozilla/5.0 (compatible; Linux x86_64; Mail.RU_Bot/2.0; +http://go.mail.ru/help/robots)"
54.36.148.243 - - [14/Apr/2022:13:25:30 +0200] "GET /dream-catcher-white-p-51027.html HTTP/1.0" 200 73564 "-" "Mozilla/5.0 (compatible; AhrefsBot/7.0; +http://ahrefs.com/robot/)"
49.7.20.122 - - [14/Apr/2022:13:25:35 +0200] "GET / HTTP/1.0" 200 151188 "-" "Sogou web spider/4.0(+http://www.sogou.com/docs/help/webmasters.htm#07)"
185.191.171.16 - - [14/Apr/2022:13:25:51 +0200] "GET /monkey-pyramid-statuette-p-55276.html?action=add_product HTTP/1.0" 302 476 "-" "Mozilla/5.0 (compatible; SemrushBot/7~bl; +http://www.semrush.com/bot.html)"
185.191.171.7 - - [14/Apr/2022:13:26:05 +0200] "GET /chiloe-bedclothes-p-54666.html HTTP/1.0" 200 74097 "-" "Mozilla/5.0 (compatible; SemrushBot/7~bl; +http://www.semrush.com/bot.html)"
185.191.171.37 - - [14/Apr/2022:13:26:12 +0200] "GET /betty-boop-ashtray-p-15468.html HTTP/1.0" 200 73355 "-" "Mozilla/5.0 (compatible; SemrushBot/7~bl; +http://www.semrush.com/bot.html)"
54.36.148.243 - - [14/Apr/2022:13:26:43 +0200] "GET /caramel-dragonfly-p-55641.html HTTP/1.0" 200 74277 "-" "Mozilla/5.0 (compatible; AhrefsBot/7.0; +http://ahrefs.com/robot/)"
185.191.171.37 - - [14/Apr/2022:13:26:53 +0200] "GET /harmony-cotton-bedspread-240-260-cm-safran-p-48141.html HTTP/1.0" 301 71070 "-" "Mozilla/5.0 (compatible; SemrushBot/7~bl; +http://www.semrush.com/bot.html)"
185.191.171.35 - - [14/Apr/2022:13:26:56 +0200] "GET /harmony-cotton-bedspread-safran-p-48141.html HTTP/1.0" 200 70972 "-" "Mozilla/5.0 (compatible; SemrushBot/7~bl; +http://www.semrush.com/bot.html)"
185.191.171.23 - - [14/Apr/2022:13:27:16 +0200] "GET /alcohol-french-training-bottle-cbkreation-p-26763.html HTTP/1.0" 200 73860 "-" "Mozilla/5.0 (compatible; SemrushBot/7~bl; +http://www.semrush.com/bot.html)"
114.119.137.31 - - [14/Apr/2022:13:27:22 +0200] "GET /horse-mouse-pad-p-24680.html HTTP/1.0" 301 73407 "-" "Mozilla/5.0 (Linux; Android 7.0;) AppleWebKit/537.36 (KHTML, like Gecko) Mobile Safari/537.36 (compatible; PetalBot;+https://webmaster.petalsearch.com/site/petalbot)"
185.191.171.5 - - [14/Apr/2022:13:27:25 +0200] "GET /mickey-small-flexible-molds-yellow-model-p-28210.html?action=add_product HTTP/1.0" 302 476 "-" "Mozilla/5.0 (compatible; SemrushBot/7~bl; +http://www.semrush.com/bot.html)"
114.119.137.31 - - [14/Apr/2022:13:27:31 +0200] "GET /horse-mouse-p-24680.html HTTP/1.0" 200 73329 "-" "Mozilla/5.0 (Linux; Android 7.0;) AppleWebKit/537.36 (KHTML, like Gecko) Mobile Safari/537.36 (compatible; PetalBot;+https://webmaster.petalsearch.com/site/petalbot)"
54.36.148.243 - - [14/Apr/2022:13:27:42 +0200] "GET /jiminy-cricket-mini-figurine-p-36911.html HTTP/1.0" 200 74635 "-" "Mozilla/5.0 (compatible; AhrefsBot/7.0; +http://ahrefs.com/robot/)"
185.191.171.5 - - [14/Apr/2022:13:28:00 +0200] "GET /lucky-girl-etienne-boyer-shirt-p-30978.html HTTP/1.0" 200 75485 "-" "Mozilla/5.0 (compatible; SemrushBot/7~bl; +http://www.semrush.com/bot.html)"
207.46.13.210 - - [14/Apr/2022:13:28:24 +0200] "GET /cats-set-cups-espresso-p-48605.html HTTP/1.0" 301 70977 "-" "Mozilla/5.0 (compatible; bingbot/2.0; +http://www.bing.com/bingbot.htm)"
185.191.171.8 - - [14/Apr/2022:13:28:30 +0200] "GET /beef-skull-decorative-statue-p-40404.html?action=add_product HTTP/1.0" 302 476 "-" "Mozilla/5.0 (compatible; SemrushBot/7~bl; +http://www.semrush.com/bot.html)"
54.36.148.243 - - [14/Apr/2022:13:28:36 +0200] "GET /patina-horse-statue-p-44701.html HTTP/1.0" 200 73479 "-" "Mozilla/5.0 (compatible; AhrefsBot/7.0; +http://ahrefs.com/robot/)"
66.249.64.146 - - [14/Apr/2022:13:29:02 +0200] "GET /large-jar-candle-70-hours-citrus-crush-p-33013.html HTTP/1.0" 301 74875 "-" "Mozilla/5.0 (Linux; Android 6.0.1; Nexus 5X Build/MMB29P) AppleWebKit/537.36 (KHTML, like Gecko) Chrome/99.0.4844.84 Mobile Safari/537.36 (compatible; Googlebot/2.1; +http://www.google.com/bot.html)"
66.249.64.146 - - [14/Apr/2022:13:29:05 +0200] "GET /large-candle-hours-citrus-crush-p-33013.html HTTP/1.0" 200 74777 "-" "Mozilla/5.0 (Linux; Android 6.0.1; Nexus 5X Build/MMB29P) AppleWebKit/537.36 (KHTML, like Gecko) Chrome/99.0.4844.84 Mobile Safari/537.36 (compatible; Googlebot/2.1; +http://www.google.com/bot.html)"
17.121.112.116 - - [14/Apr/2022:13:29:25 +0200] "GET /bamboo-tray-tous-mayo-p-46453.html HTTP/1.0" 200 74042 "-" "Mozilla/5.0 (Macintosh; Intel Mac OS X 10_15_5) AppleWebKit/605.1.15 (KHTML, like Gecko) Version/13.1.1 Safari/605.1.15 (Applebot/0.1; +http://www.apple.com/go/applebot)"
51.68.224.127 - - [14/Apr/2022:13:29:35 +0200] "GET /adminweb/export_orders_xml.php?token=256de2z6edz6ed2z6DFSFsed2zed6zeDSFDSGdzedezfzf&maxorders=10&orderstart=1&status=14&start_date=2018-10-01 HTTP/1.0" 200 285 "-" "GesCom CharlotteBoutik Serveur"
51.68.224.127 - - [14/Apr/2022:13:29:35 +0200] "GET /adminweb/export_orders_xml.php?token=256de2z6edz6ed2z6DFSFsed2zed6zeDSFDSGdzedezfzf&maxorders=10&orderstart=1&status=6&start_date=2018-10-01 HTTP/1.0" 200 32865 "-" "GesCom CharlotteBoutik Serveur"
54.36.148.243 - - [14/Apr/2022:13:29:42 +0200] "GET /round-pink-jute-table-p-49451.html HTTP/1.0" 200 73392 "-" "Mozilla/5.0 (compatible; AhrefsBot/7.0; +http://ahrefs.com/robot/)"
23.100.232.233 - - [14/Apr/2022:13:29:56 +0200] "GET /luggages-schoolbags-leather-shop/backpacks/smurfette-little-backpack-p-14444.html HTTP/1.0" 301 673 "-" "Mozilla/5.0 (compatible; MSIE 9.0; Windows NT 6.0; Trident/5.0;  Trident/5.0)"
23.100.232.233 - - [14/Apr/2022:13:29:56 +0200] "GET /luggages-schoolbags-leather-shop/backpacks/smurfette-little-backpack-p-14444.html HTTP/1.0" 301 70875 "-" "Mozilla/5.0 (compatible; MSIE 9.0; Windows NT 6.0; Trident/5.0;  Trident/5.0)"
23.100.232.233 - - [14/Apr/2022:13:29:58 +0200] "GET /-p-14444.html HTTP/1.0" 200 70808 "-" "Mozilla/5.0 (compatible; MSIE 9.0; Windows NT 6.0; Trident/5.0;  Trident/5.0)"
23.100.232.233 - - [14/Apr/2022:13:30:02 +0200] "GET /templates/Pixame_v1/stylesheet.css HTTP/1.0" 200 267 "http://www.wonder-geek.com/-p-14444.html" "Mozilla/5.0 (compatible; MSIE 9.0; Windows NT 6.0; Trident/5.0;  Trident/5.0)"
23.100.232.233 - - [14/Apr/2022:13:30:02 +0200] "GET /js/jquery.js HTTP/1.0" 200 252 "http://www.wonder-geek.com/-p-14444.html" "Mozilla/5.0 (compatible; MSIE 9.0; Windows NT 6.0; Trident/5.0;  Trident/5.0)"
23.100.232.233 - - [14/Apr/2022:13:30:02 +0200] "GET /js/jquery.jqzoom.js HTTP/1.0" 200 259 "http://www.wonder-geek.com/-p-14444.html" "Mozilla/5.0 (compatible; MSIE 9.0; Windows NT 6.0; Trident/5.0;  Trident/5.0)"
23.100.232.233 - - [14/Apr/2022:13:30:02 +0200] "GET /mondial_relay/js/jquery-1.3.2.min.js HTTP/1.0" 200 276 "http://www.wonder-geek.com/-p-14444.html" "Mozilla/5.0 (compatible; MSIE 9.0; Windows NT 6.0; Trident/5.0;  Trident/5.0)"
23.100.232.233 - - [14/Apr/2022:13:30:03 +0200] "GET /swfobject.js HTTP/1.0" 404 1308 "http://www.wonder-geek.com/-p-14444.html" "Mozilla/5.0 (compatible; MSIE 9.0; Windows NT 6.0; Trident/5.0;  Trident/5.0)"
23.100.232.233 - - [14/Apr/2022:13:30:03 +0200] "GET /highslide/highslide.js HTTP/1.0" 200 262 "http://www.wonder-geek.com/-p-14444.html" "Mozilla/5.0 (compatible; MSIE 9.0; Windows NT 6.0; Trident/5.0;  Trident/5.0)"
23.100.232.233 - - [14/Apr/2022:13:30:03 +0200] "GET /style.ie7.css HTTP/1.0" 404 1308 "http://www.wonder-geek.com/-p-14444.html" "Mozilla/5.0 (compatible; MSIE 9.0; Windows NT 6.0; Trident/5.0;  Trident/5.0)"
23.100.232.233 - - [14/Apr/2022:13:30:04 +0200] "GET /templates/Pixame_v1/images/flash.swf HTTP/1.0" 200 290 "http://www.wonder-geek.com/-p-14444.html" "Mozilla/5.0 (compatible; MSIE 9.0; Windows NT 6.0; Trident/5.0;  Trident/5.0)"
23.100.232.233 - - [14/Apr/2022:13:30:04 +0200] "GET /highslide/graphics/zoomout.cur HTTP/1.0" 200 614 "http://www.wonder-geek.com/-p-14444.html" "Mozilla/5.0 (compatible; MSIE 9.0; Windows NT 6.0; Trident/5.0;  Trident/5.0)"
157.55.39.99 - - [14/Apr/2022:13:30:27 +0200] "GET /games-and-toys/figures/donald-duck-figure-p-2931.html HTTP/1.0" 301 617 "-" "Mozilla/5.0 (compatible; bingbot/2.0; +http://www.bing.com/bingbot.htm)"
185.191.171.35 - - [14/Apr/2022:13:30:29 +0200] "GET /dishes-c-12.html?page=7 HTTP/1.0" 200 91843 "-" "Mozilla/5.0 (compatible; SemrushBot/7~bl; +http://www.semrush.com/bot.html)"
185.191.171.10 - - [14/Apr/2022:13:30:35 +0200] "GET /boho-wooden-frame-60-40-cm-buffalo-skull-p-41819.html HTTP/1.0" 301 71091 "-" "Mozilla/5.0 (compatible; SemrushBot/7~bl; +http://www.semrush.com/bot.html)"
185.191.171.3 - - [14/Apr/2022:13:30:38 +0200] "GET /boho-wooden-frame-buffalo-skull-p-41819.html HTTP/1.0" 200 70993 "-" "Mozilla/5.0 (compatible; SemrushBot/7~bl; +http://www.semrush.com/bot.html)"
54.36.148.243 - - [14/Apr/2022:13:30:44 +0200] "GET /softy-cotton-fleece-mattress-p-54411.html HTTP/1.0" 200 73697 "-" "Mozilla/5.0 (compatible; AhrefsBot/7.0; +http://ahrefs.com/robot/)"
66.249.64.152 - - [14/Apr/2022:13:30:49 +0200] "GET /musical-snowball-night-light-little-prince-p-54628.html HTTP/1.0" 200 74331 "-" "Mozilla/5.0 (Linux; Android 6.0.1; Nexus 5X Build/MMB29P) AppleWebKit/537.36 (KHTML, like Gecko) Chrome/100.0.4896.88 Mobile Safari/537.36 (compatible; Googlebot/2.1; +http://www.google.com/bot.html)"
95.163.255.198 - - [14/Apr/2022:13:31:05 +0200] "GET /robots.txt HTTP/1.0" 301 531 "-" "Mozilla/5.0 (compatible; Linux x86_64; Mail.RU_Bot/Img/2.0; +http://go.mail.ru/help/robots)"
95.163.255.138 - - [14/Apr/2022:13:31:13 +0200] "GET /images/b4010070188108.jpg HTTP/1.0" 301 561 "http://go.mail.ru/search_images" "Mozilla/5.0 (compatible; Linux x86_64; Mail.RU_Bot/Img/2.0; +http://go.mail.ru/help/robots)"
95.163.255.140 - - [14/Apr/2022:13:31:17 +0200] "GET /images/4007176129029.jpg HTTP/1.0" 301 559 "http://go.mail.ru/search_images" "Mozilla/5.0 (compatible; Linux x86_64; Mail.RU_Bot/Img/2.0; +http://go.mail.ru/help/robots)"
95.163.255.120 - - [14/Apr/2022:13:31:34 +0200] "GET /robots.txt HTTP/1.0" 200 245 "-" "Mozilla/5.0 (compatible; Linux x86_64; Mail.RU_Bot/Img/2.0; +http://go.mail.ru/help/robots)"
185.191.171.13 - - [14/Apr/2022:13:31:33 +0200] "GET /retro-wall-lamp-brown-weathered-metal-p-44616.html HTTP/1.0" 200 70960 "-" "Mozilla/5.0 (compatible; SemrushBot/7~bl; +http://www.semrush.com/bot.html)"
95.163.255.131 - - [14/Apr/2022:13:31:40 +0200] "GET /images/b4010070188108.jpg HTTP/1.0" 200 260 "http://wonder-geek.com/images/b4010070188108.jpg" "Mozilla/5.0 (compatible; Linux x86_64; Mail.RU_Bot/Img/2.0; +http://go.mail.ru/help/robots)"
95.163.255.120 - - [14/Apr/2022:13:31:44 +0200] "GET /images/4007176129029.jpg HTTP/1.0" 200 259 "http://wonder-geek.com/images/4007176129029.jpg" "Mozilla/5.0 (compatible; Linux x86_64; Mail.RU_Bot/Img/2.0; +http://go.mail.ru/help/robots)"
54.36.148.243 - - [14/Apr/2022:13:31:44 +0200] "GET /ford-service-since-1903-metal-plate-deco-p-44854.html HTTP/1.0" 200 73732 "-" "Mozilla/5.0 (compatible; AhrefsBot/7.0; +http://ahrefs.com/robot/)"
203.75.213.3 - - [14/Apr/2022:13:31:54 +0200] "GET / HTTP/1.0" 301 511 "-" "-"
185.191.171.8 - - [14/Apr/2022:13:32:02 +0200] "GET /white-alarm-clock-p-28797.html HTTP/1.0" 200 73457 "-" "Mozilla/5.0 (compatible; SemrushBot/7~bl; +http://www.semrush.com/bot.html)"
185.191.171.21 - - [14/Apr/2022:13:32:20 +0200] "GET /zodiac-sign-training-bottle-cbkreation-p-43345.html?action=add_product HTTP/1.0" 302 476 "-" "Mozilla/5.0 (compatible; SemrushBot/7~bl; +http://www.semrush.com/bot.html)"
54.36.148.243 - - [14/Apr/2022:13:32:53 +0200] "GET /tinted-candle-mass-saffron-p-56097.html HTTP/1.0" 200 73512 "-" "Mozilla/5.0 (compatible; AhrefsBot/7.0; +http://ahrefs.com/robot/)"
114.119.137.3 - - [14/Apr/2022:13:33:00 +0200] "GET /sevilla-brown-ceramic-flower-pot-19-cm-p-49601.html HTTP/1.0" 301 71025 "-" "Mozilla/5.0 (Linux; Android 7.0;) AppleWebKit/537.36 (KHTML, like Gecko) Mobile Safari/537.36 (compatible; PetalBot;+https://webmaster.petalsearch.com/site/petalbot)"
114.119.137.3 - - [14/Apr/2022:13:33:08 +0200] "GET /sevilla-brown-ceramic-flower-p-49601.html HTTP/1.0" 200 70930 "-" "Mozilla/5.0 (Linux; Android 7.0;) AppleWebKit/537.36 (KHTML, like Gecko) Mobile Safari/537.36 (compatible; PetalBot;+https://webmaster.petalsearch.com/site/petalbot)"
185.191.171.13 - - [14/Apr/2022:13:33:42 +0200] "GET /laundry-basket-p-52238.html HTTP/1.0" 200 74025 "-" "Mozilla/5.0 (compatible; SemrushBot/7~bl; +http://www.semrush.com/bot.html)"
54.36.148.243 - - [14/Apr/2022:13:33:56 +0200] "GET /industrial-pouf-storage-large-size-only-p-48579.html HTTP/1.0" 200 74412 "-" "Mozilla/5.0 (compatible; AhrefsBot/7.0; +http://ahrefs.com/robot/)"
185.191.171.21 - - [14/Apr/2022:13:34:22 +0200] "GET /robots.txt HTTP/1.0" 200 245 "-" "Mozilla/5.0 (compatible; SemrushBot/7~bl; +http://www.semrush.com/bot.html)"
185.191.171.36 - - [14/Apr/2022:13:34:23 +0200] "GET /root-chakra-cbkreation-p-49254.html?action=add_product HTTP/1.0" 302 476 "-" "Mozilla/5.0 (compatible; SemrushBot/7~bl; +http://www.semrush.com/bot.html)"
114.119.128.39 - - [14/Apr/2022:13:34:40 +0200] "GET /images/big_prod/1384010180969.jpg HTTP/1.0" 200 268 "-" "Mozilla/5.0 (Linux; Android 7.0;) AppleWebKit/537.36 (KHTML, like Gecko) Mobile Safari/537.36 (compatible; PetalBot;+https://webmaster.petalsearch.com/site/petalbot)"
185.191.171.25 - - [14/Apr/2022:13:34:44 +0200] "GET /paris-germain-soccer-jersey-keyring-p-52035.html HTTP/1.0" 200 74233 "-" "Mozilla/5.0 (compatible; SemrushBot/7~bl; +http://www.semrush.com/bot.html)"
113.207.6.244 - - [14/Apr/2022:13:35:03 +0200] "GET /images/mini_prod/Image91.jpg HTTP/1.0" 200 263 "-" "Mozilla/5.0 (X11; Ubuntu; Linux x86_64; rv:72.0) Gecko/20100101 Firefox/72.0"
54.36.148.243 - - [14/Apr/2022:13:35:09 +0200] "GET /household-linen-c-11.html?page=31 HTTP/1.0" 200 93246 "-" "Mozilla/5.0 (compatible; AhrefsBot/7.0; +http://ahrefs.com/robot/)"
185.191.171.8 - - [14/Apr/2022:13:35:39 +0200] "GET /camargue-set-salt-and-pepper-pot-p-43905.html HTTP/1.0" 301 70995 "-" "Mozilla/5.0 (compatible; SemrushBot/7~bl; +http://www.semrush.com/bot.html)"
185.191.171.45 - - [14/Apr/2022:13:35:43 +0200] "GET /camargue-salt-pepper-p-43905.html HTTP/1.0" 200 70908 "-" "Mozilla/5.0 (compatible; SemrushBot/7~bl; +http://www.semrush.com/bot.html)"
207.46.13.160 - - [14/Apr/2022:13:35:59 +0200] "GET /marilyn-monroe-little-storage-p-5115.html HTTP/1.0" 200 74513 "-" "Mozilla/5.0 (compatible; bingbot/2.0; +http://www.bing.com/bingbot.htm)"
54.36.148.243 - - [14/Apr/2022:13:36:09 +0200] "GET /great-wall-decor-blue-scooter-p-36514.html HTTP/1.0" 200 73583 "-" "Mozilla/5.0 (compatible; AhrefsBot/7.0; +http://ahrefs.com/robot/)"
185.191.171.23 - - [14/Apr/2022:13:36:13 +0200] "GET /placemat-kiub-collection-bird-cage-p-55901.html HTTP/1.0" 200 73548 "-" "Mozilla/5.0 (compatible; SemrushBot/7~bl; +http://www.semrush.com/bot.html)"
211.249.40.15 - - [14/Apr/2022:13:36:30 +0200] "GET /images/mini_prod/1399984241813.jpg HTTP/1.0" 200 269 "-" "Mozilla/5.0 (X11; Ubuntu; Linux x86_64; rv:72.0) Gecko/20100101 Firefox/72.0"
185.191.171.24 - - [14/Apr/2022:13:37:06 +0200] "GET /african-woman-decoration-p-56080.html HTTP/1.0" 200 74567 "-" "Mozilla/5.0 (compatible; SemrushBot/7~bl; +http://www.semrush.com/bot.html)"
54.36.148.243 - - [14/Apr/2022:13:37:19 +0200] "GET /jacquard-cotton-velvet-towel-aloha-p-48177.html HTTP/1.0" 200 74292 "-" "Mozilla/5.0 (compatible; AhrefsBot/7.0; +http://ahrefs.com/robot/)"
216.244.66.242 - - [14/Apr/2022:13:37:21 +0200] "GET /robots.txt HTTP/1.0" 301 531 "-" "Mozilla/5.0 (compatible; DotBot/1.2; +https://opensiteexplorer.org/dotbot; help@moz.com)"
216.244.66.242 - - [14/Apr/2022:13:37:21 +0200] "GET /robots.txt HTTP/1.0" 200 245 "-" "Mozilla/5.0 (compatible; DotBot/1.2; +https://opensiteexplorer.org/dotbot; help@moz.com)"
216.244.66.242 - - [14/Apr/2022:13:37:21 +0200] "GET /robots.txt HTTP/1.0" 200 245 "-" "Mozilla/5.0 (compatible; DotBot/1.2; +https://opensiteexplorer.org/dotbot; help@moz.com)"
114.119.137.252 - - [14/Apr/2022:13:37:32 +0200] "GET /playboy-usa-bar-table-p-16755.html HTTP/1.0" 301 70968 "-" "Mozilla/5.0 (Linux; Android 7.0;) AppleWebKit/537.36 (KHTML, like Gecko) Mobile Safari/537.36 (compatible; PetalBot;+https://webmaster.petalsearch.com/site/petalbot)"
147.92.229.61 - - [14/Apr/2022:13:37:35 +0200] "GET /images/mini_prod/DSCN7550.jpg HTTP/1.0" 200 264 "-" "Mozilla/5.0 (X11; Ubuntu; Linux x86_64; rv:72.0) Gecko/20100101 Firefox/72.0"
82.15.220.111 - - [14/Apr/2022:13:37:35 +0200] "GET /shopping_cart.php HTTP/1.0" 200 13298 "http://www.wonder-geek.com/" "Mozilla/5.0 (iPhone; CPU iPhone OS 15_3_1 like Mac OS X) AppleWebKit/605.1.15 (KHTML, like Gecko) Version/15.3 Mobile/15E148 Safari/604.1"
82.15.220.111 - - [14/Apr/2022:13:37:36 +0200] "GET /templates/Pixame_v1/stylesheet.css HTTP/1.0" 200 267 "http://www.wonder-geek.com/shopping_cart.php" "Mozilla/5.0 (iPhone; CPU iPhone OS 15_3_1 like Mac OS X) AppleWebKit/605.1.15 (KHTML, like Gecko) Version/15.3 Mobile/15E148 Safari/604.1"
82.15.220.111 - - [14/Apr/2022:13:37:36 +0200] "GET /highslide/highslide.js HTTP/1.0" 200 262 "http://www.wonder-geek.com/shopping_cart.php" "Mozilla/5.0 (iPhone; CPU iPhone OS 15_3_1 like Mac OS X) AppleWebKit/605.1.15 (KHTML, like Gecko) Version/15.3 Mobile/15E148 Safari/604.1"
82.15.220.111 - - [14/Apr/2022:13:37:36 +0200] "GET /js/jquery.js HTTP/1.0" 200 252 "http://www.wonder-geek.com/shopping_cart.php" "Mozilla/5.0 (iPhone; CPU iPhone OS 15_3_1 like Mac OS X) AppleWebKit/605.1.15 (KHTML, like Gecko) Version/15.3 Mobile/15E148 Safari/604.1"
82.15.220.111 - - [14/Apr/2022:13:37:36 +0200] "GET /mondial_relay/js/jquery-1.3.2.min.js HTTP/1.0" 200 276 "http://www.wonder-geek.com/shopping_cart.php" "Mozilla/5.0 (iPhone; CPU iPhone OS 15_3_1 like Mac OS X) AppleWebKit/605.1.15 (KHTML, like Gecko) Version/15.3 Mobile/15E148 Safari/604.1"
82.15.220.111 - - [14/Apr/2022:13:37:36 +0200] "GET /js/jquery.jqzoom.js HTTP/1.0" 200 259 "http://www.wonder-geek.com/shopping_cart.php" "Mozilla/5.0 (iPhone; CPU iPhone OS 15_3_1 like Mac OS X) AppleWebKit/605.1.15 (KHTML, like Gecko) Version/15.3 Mobile/15E148 Safari/604.1"
82.15.220.111 - - [14/Apr/2022:13:37:36 +0200] "GET /swfobject.js HTTP/1.0" 404 1308 "http://www.wonder-geek.com/shopping_cart.php" "Mozilla/5.0 (iPhone; CPU iPhone OS 15_3_1 like Mac OS X) AppleWebKit/605.1.15 (KHTML, like Gecko) Version/15.3 Mobile/15E148 Safari/604.1"
82.15.220.111 - - [14/Apr/2022:13:37:36 +0200] "GET /templates/Pixame_v1/images/icon_accueil2.png HTTP/1.0" 200 278 "http://www.wonder-geek.com/shopping_cart.php" "Mozilla/5.0 (iPhone; CPU iPhone OS 15_3_1 like Mac OS X) AppleWebKit/605.1.15 (KHTML, like Gecko) Version/15.3 Mobile/15E148 Safari/604.1"
82.15.220.111 - - [14/Apr/2022:13:37:36 +0200] "GET /images/table_background_cart.gif HTTP/1.0" 200 1094 "http://www.wonder-geek.com/shopping_cart.php" "Mozilla/5.0 (iPhone; CPU iPhone OS 15_3_1 like Mac OS X) AppleWebKit/605.1.15 (KHTML, like Gecko) Version/15.3 Mobile/15E148 Safari/604.1"
82.15.220.111 - - [14/Apr/2022:13:37:36 +0200] "GET /images/pixel_trans.gif HTTP/1.0" 200 328 "http://www.wonder-geek.com/shopping_cart.php" "Mozilla/5.0 (iPhone; CPU iPhone OS 15_3_1 like Mac OS X) AppleWebKit/605.1.15 (KHTML, like Gecko) Version/15.3 Mobile/15E148 Safari/604.1"
82.15.220.111 - - [14/Apr/2022:13:37:36 +0200] "GET /templates/Pixame_v1/images/buttons/english/button_continue.gif HTTP/1.0" 200 1264 "http://www.wonder-geek.com/shopping_cart.php" "Mozilla/5.0 (iPhone; CPU iPhone OS 15_3_1 like Mac OS X) AppleWebKit/605.1.15 (KHTML, like Gecko) Version/15.3 Mobile/15E148 Safari/604.1"
82.15.220.111 - - [14/Apr/2022:13:37:36 +0200] "GET /templates/Pixame_v1/images/Middle_texture.jpg HTTP/1.0" 200 280 "http://www.wonder-geek.com/shopping_cart.php" "Mozilla/5.0 (iPhone; CPU iPhone OS 15_3_1 like Mac OS X) AppleWebKit/605.1.15 (KHTML, like Gecko) Version/15.3 Mobile/15E148 Safari/604.1"
82.15.220.111 - - [14/Apr/2022:13:37:36 +0200] "GET /templates/Pixame_v1/images/header.png HTTP/1.0" 200 271 "http://www.wonder-geek.com/shopping_cart.php" "Mozilla/5.0 (iPhone; CPU iPhone OS 15_3_1 like Mac OS X) AppleWebKit/605.1.15 (KHTML, like Gecko) Version/15.3 Mobile/15E148 Safari/604.1"
82.15.220.111 - - [14/Apr/2022:13:37:36 +0200] "GET /templates/Pixame_v1/images/Bottom_texture.jpg HTTP/1.0" 200 280 "http://www.wonder-geek.com/shopping_cart.php" "Mozilla/5.0 (iPhone; CPU iPhone OS 15_3_1 like Mac OS X) AppleWebKit/605.1.15 (KHTML, like Gecko) Version/15.3 Mobile/15E148 Safari/604.1"
82.15.220.111 - - [14/Apr/2022:13:37:36 +0200] "GET /templates/Pixame_v1/images/nav.png HTTP/1.0" 200 268 "http://www.wonder-geek.com/shopping_cart.php" "Mozilla/5.0 (iPhone; CPU iPhone OS 15_3_1 like Mac OS X) AppleWebKit/605.1.15 (KHTML, like Gecko) Version/15.3 Mobile/15E148 Safari/604.1"
82.15.220.111 - - [14/Apr/2022:13:37:36 +0200] "GET /templates/Pixame_v1/images/header-object.png HTTP/1.0" 200 278 "http://www.wonder-geek.com/shopping_cart.php" "Mozilla/5.0 (iPhone; CPU iPhone OS 15_3_1 like Mac OS X) AppleWebKit/605.1.15 (KHTML, like Gecko) Version/15.3 Mobile/15E148 Safari/604.1"
82.15.220.111 - - [14/Apr/2022:13:37:36 +0200] "GET /highslide/graphics/zoomout.cur HTTP/1.0" 200 614 "http://www.wonder-geek.com/shopping_cart.php" "Mozilla/5.0 (iPhone; CPU iPhone OS 15_3_1 like Mac OS X) AppleWebKit/605.1.15 (KHTML, like Gecko) Version/15.3 Mobile/15E148 Safari/604.1"
82.15.220.111 - - [14/Apr/2022:13:37:36 +0200] "GET /highslide/graphics/loader.white.gif HTTP/1.0" 200 960 "http://www.wonder-geek.com/shopping_cart.php" "Mozilla/5.0 (iPhone; CPU iPhone OS 15_3_1 like Mac OS X) AppleWebKit/605.1.15 (KHTML, like Gecko) Version/15.3 Mobile/15E148 Safari/604.1"
82.15.220.111 - - [14/Apr/2022:13:37:36 +0200] "GET /highslide/graphics/outlines/drop-shadow.png HTTP/1.0" 200 277 "http://www.wonder-geek.com/shopping_cart.php" "Mozilla/5.0 (iPhone; CPU iPhone OS 15_3_1 like Mac OS X) AppleWebKit/605.1.15 (KHTML, like Gecko) Version/15.3 Mobile/15E148 Safari/604.1"
82.15.220.111 - - [14/Apr/2022:13:37:36 +0200] "GET /favicon.ico HTTP/1.0" 200 260 "http://www.wonder-geek.com/shopping_cart.php" "Mozilla/5.0 (iPhone; CPU iPhone OS 15_3_1 like Mac OS X) AppleWebKit/605.1.15 (KHTML, like Gecko) Version/15.3 Mobile/15E148 Safari/604.1"
157.55.39.144 - - [14/Apr/2022:13:37:41 +0200] "GET /ceramic-lamp-p-52766.html HTTP/1.0" 200 70858 "-" "Mozilla/5.0 (compatible; bingbot/2.0; +http://www.bing.com/bingbot.htm)"
114.119.137.252 - - [14/Apr/2022:13:37:44 +0200] "GET /playboy-table-p-16755.html HTTP/1.0" 200 70888 "-" "Mozilla/5.0 (Linux; Android 7.0;) AppleWebKit/537.36 (KHTML, like Gecko) Mobile Safari/537.36 (compatible; PetalBot;+https://webmaster.petalsearch.com/site/petalbot)"
185.191.171.2 - - [14/Apr/2022:13:37:48 +0200] "GET /-p-46377.html?action=add_product HTTP/1.0" 302 476 "-" "Mozilla/5.0 (compatible; SemrushBot/7~bl; +http://www.semrush.com/bot.html)"
185.191.171.11 - - [14/Apr/2022:13:37:57 +0200] "GET /snazzy-sailor-mickey-sailor-personality-pose-figurine-p-54000.html?action=add_product HTTP/1.0" 302 476 "-" "Mozilla/5.0 (compatible; SemrushBot/7~bl; +http://www.semrush.com/bot.html)"
185.191.171.1 - - [14/Apr/2022:13:38:15 +0200] "GET /allergique-matin-adult-apron-p-51194.html HTTP/1.0" 200 73448 "-" "Mozilla/5.0 (compatible; SemrushBot/7~bl; +http://www.semrush.com/bot.html)"
54.36.148.243 - - [14/Apr/2022:13:38:23 +0200] "GET /tweety-coat-rack-p-6987.html HTTP/1.0" 200 73545 "-" "Mozilla/5.0 (compatible; AhrefsBot/7.0; +http://ahrefs.com/robot/)"
54.36.148.243 - - [14/Apr/2022:13:39:24 +0200] "GET /charmmy-kitty-large-cosmetic-p-26752.html HTTP/1.0" 200 73690 "-" "Mozilla/5.0 (compatible; AhrefsBot/7.0; +http://ahrefs.com/robot/)"
114.119.137.252 - - [14/Apr/2022:13:40:05 +0200] "GET /strawberry-shortcake-poncho-years-p-31120.html HTTP/1.0" 200 74707 "-" "Mozilla/5.0 (Linux; Android 7.0;) AppleWebKit/537.36 (KHTML, like Gecko) Mobile Safari/537.36 (compatible; PetalBot;+https://webmaster.petalsearch.com/site/petalbot)"
185.191.171.40 - - [14/Apr/2022:13:40:15 +0200] "GET /japan-mouse-cbkreation-p-28460.html HTTP/1.0" 200 73463 "-" "Mozilla/5.0 (compatible; SemrushBot/7~bl; +http://www.semrush.com/bot.html)"
185.191.171.16 - - [14/Apr/2022:13:40:20 +0200] "GET /moto-decorative-metal-plate-p-47954.html HTTP/1.0" 200 73489 "-" "Mozilla/5.0 (compatible; SemrushBot/7~bl; +http://www.semrush.com/bot.html)"
207.46.13.160 - - [14/Apr/2022:13:40:21 +0200] "GET /large-industrial-lamp-metal-bronze-p-48593.html HTTP/1.0" 200 73630 "-" "Mozilla/5.0 (compatible; bingbot/2.0; +http://www.bing.com/bingbot.htm)"
54.36.148.243 - - [14/Apr/2022:13:40:39 +0200] "GET /hanging-metal-structure-elephant-p-46787.html HTTP/1.0" 200 73669 "-" "Mozilla/5.0 (compatible; AhrefsBot/7.0; +http://ahrefs.com/robot/)"
20.99.217.146 - - [14/Apr/2022:13:40:57 +0200] "GET /images/mini_prod/3503420192241.jpg HTTP/1.0" 200 269 "-" "Mozilla/5.0 (X11; Ubuntu; Linux x86_64; rv:72.0) Gecko/20100101 Firefox/72.0"
185.191.171.1 - - [14/Apr/2022:13:41:46 +0200] "GET /mareva-coated-tablecloth-grey-and-blue-p-51239.html HTTP/1.0" 301 73694 "-" "Mozilla/5.0 (compatible; SemrushBot/7~bl; +http://www.semrush.com/bot.html)"
54.36.148.243 - - [14/Apr/2022:13:41:47 +0200] "GET /bouddha-sticker-p-35391.html HTTP/1.0" 200 74028 "-" "Mozilla/5.0 (compatible; AhrefsBot/7.0; +http://ahrefs.com/robot/)"
185.191.171.35 - - [14/Apr/2022:13:41:51 +0200] "GET /mareva-coated-tablecloth-grey-blue-p-51239.html HTTP/1.0" 200 73593 "-" "Mozilla/5.0 (compatible; SemrushBot/7~bl; +http://www.semrush.com/bot.html)"
185.191.171.42 - - [14/Apr/2022:13:41:55 +0200] "GET /beige-lampshade-p-56324.html HTTP/1.0" 200 74122 "-" "Mozilla/5.0 (compatible; SemrushBot/7~bl; +http://www.semrush.com/bot.html)"
114.119.137.38 - - [14/Apr/2022:13:42:36 +0200] "GET /soap-dish-provence-p-44491.html HTTP/1.0" 200 73414 "-" "Mozilla/5.0 (Linux; Android 7.0;) AppleWebKit/537.36 (KHTML, like Gecko) Mobile Safari/537.36 (compatible; PetalBot;+https://webmaster.petalsearch.com/site/petalbot)"
185.191.171.43 - - [14/Apr/2022:13:42:44 +0200] "GET /unicorne-moneybox-p-52992.html?action=add_product HTTP/1.0" 302 476 "-" "Mozilla/5.0 (compatible; SemrushBot/7~bl; +http://www.semrush.com/bot.html)"
54.36.148.243 - - [14/Apr/2022:13:42:55 +0200] "GET /cocktail-sticks-peux-apro-p-47141.html HTTP/1.0" 200 73656 "-" "Mozilla/5.0 (compatible; AhrefsBot/7.0; +http://ahrefs.com/robot/)"
185.191.171.9 - - [14/Apr/2022:13:43:22 +0200] "GET /dice-white-ashtray-p-28335.html?action=add_product HTTP/1.0" 302 476 "-" "Mozilla/5.0 (compatible; SemrushBot/7~bl; +http://www.semrush.com/bot.html)"
54.36.148.243 - - [14/Apr/2022:13:44:00 +0200] "GET /money-boxes-c-13_83.html?page=1 HTTP/1.0" 200 93360 "-" "Mozilla/5.0 (compatible; AhrefsBot/7.0; +http://ahrefs.com/robot/)"
185.191.171.22 - - [14/Apr/2022:13:44:05 +0200] "GET /the-ballerina-statue-collection-p-38081.html HTTP/1.0" 301 71046 "-" "Mozilla/5.0 (compatible; SemrushBot/7~bl; +http://www.semrush.com/bot.html)"
185.191.171.26 - - [14/Apr/2022:13:44:08 +0200] "GET /ballerina-statue-collection-p-38081.html HTTP/1.0" 200 70952 "-" "Mozilla/5.0 (compatible; SemrushBot/7~bl; +http://www.semrush.com/bot.html)"
216.244.66.242 - - [14/Apr/2022:13:44:50 +0200] "GET /set-of-michelle-allen-coffee-cups-p-50933.html HTTP/1.0" 301 70875 "-" "Mozilla/5.0 (compatible; DotBot/1.2; +https://opensiteexplorer.org/dotbot; help@moz.com)"
185.191.171.40 - - [14/Apr/2022:13:44:55 +0200] "GET /snowman-decoration-p-49646.html?action=add_product HTTP/1.0" 302 476 "-" "Mozilla/5.0 (compatible; SemrushBot/7~bl; +http://www.semrush.com/bot.html)"
54.36.148.243 - - [14/Apr/2022:13:45:04 +0200] "GET /hanging-metal-structure-p-49483.html HTTP/1.0" 200 73543 "-" "Mozilla/5.0 (compatible; AhrefsBot/7.0; +http://ahrefs.com/robot/)"
66.249.64.158 - - [14/Apr/2022:13:45:23 +0200] "GET /typewriter-pendulum-clock-michelle-allen-p-53180.html HTTP/1.0" 200 74561 "-" "Mozilla/5.0 (Linux; Android 6.0.1; Nexus 5X Build/MMB29P) AppleWebKit/537.36 (KHTML, like Gecko) Chrome/99.0.4844.84 Mobile Safari/537.36 (compatible; Googlebot/2.1; +http://www.google.com/bot.html)"
185.191.171.12 - - [14/Apr/2022:13:45:34 +0200] "GET /gorjuss-dreamer-rectangular-keyring-p-25959.html?action=add_product HTTP/1.0" 302 476 "-" "Mozilla/5.0 (compatible; SemrushBot/7~bl; +http://www.semrush.com/bot.html)"
216.244.66.242 - - [14/Apr/2022:13:45:38 +0200] "GET /decorative-earth-globes-c-13_233.html HTTP/1.0" 301 585 "-" "Mozilla/5.0 (compatible; DotBot/1.2; +https://opensiteexplorer.org/dotbot; help@moz.com)"
157.55.39.42 - - [14/Apr/2022:13:45:56 +0200] "GET /cars-straws-p-16548.html HTTP/1.0" 200 73555 "-" "Mozilla/5.0 (compatible; bingbot/2.0; +http://www.bing.com/bingbot.htm)"
157.55.39.144 - - [14/Apr/2022:13:46:00 +0200] "GET /wick-ellipse-candle-heart-home-christmas-tree-p-53321.html HTTP/1.0" 200 70994 "-" "Mozilla/5.0 (compatible; bingbot/2.0; +http://www.bing.com/bingbot.htm)"
51.68.224.127 - - [14/Apr/2022:13:46:07 +0200] "GET /adminweb/export_orders_xml.php?token=256de2z6edz6ed2z6DFSFsed2zed6zeDSFDSGdzedezfzf&maxorders=10&orderstart=1&status=14&start_date=2018-10-01 HTTP/1.0" 200 285 "-" "GesCom CharlotteBoutik Serveur"
51.68.224.127 - - [14/Apr/2022:13:46:07 +0200] "GET /adminweb/export_orders_xml.php?token=256de2z6edz6ed2z6DFSFsed2zed6zeDSFDSGdzedezfzf&maxorders=10&orderstart=1&status=6&start_date=2018-10-01 HTTP/1.0" 200 32865 "-" "GesCom CharlotteBoutik Serveur"
54.36.148.243 - - [14/Apr/2022:13:46:11 +0200] "GET /large-carved-wooden-panel-motif-oriental-flower-p-46690.html HTTP/1.0" 200 73752 "-" "Mozilla/5.0 (compatible; AhrefsBot/7.0; +http://ahrefs.com/robot/)"
185.191.171.9 - - [14/Apr/2022:13:46:13 +0200] "GET /anna-disney-frozen-secret-box-collection-p-29098.html HTTP/1.0" 301 73848 "-" "Mozilla/5.0 (compatible; SemrushBot/7~bl; +http://www.semrush.com/bot.html)"
185.191.171.26 - - [14/Apr/2022:13:46:17 +0200] "GET /anna-disney-frozen-secret-collection-p-29098.html HTTP/1.0" 200 73745 "-" "Mozilla/5.0 (compatible; SemrushBot/7~bl; +http://www.semrush.com/bot.html)"
185.191.171.45 - - [14/Apr/2022:13:46:22 +0200] "GET /the-rugs-c-11_269.html?page=4 HTTP/1.0" 301 91985 "-" "Mozilla/5.0 (compatible; SemrushBot/7~bl; +http://www.semrush.com/bot.html)"
185.191.171.36 - - [14/Apr/2022:13:46:28 +0200] "GET /rugs-c-269.html?page=4 HTTP/1.0" 200 91790 "-" "Mozilla/5.0 (compatible; SemrushBot/7~bl; +http://www.semrush.com/bot.html)"
185.191.171.25 - - [14/Apr/2022:13:46:33 +0200] "GET /paul-frank-red-briefcase-p-9924.html HTTP/1.0" 301 70970 "-" "Mozilla/5.0 (compatible; SemrushBot/7~bl; +http://www.semrush.com/bot.html)"
185.191.171.35 - - [14/Apr/2022:13:46:38 +0200] "GET /paul-frank-briefcase-p-9924.html HTTP/1.0" 200 70884 "-" "Mozilla/5.0 (compatible; SemrushBot/7~bl; +http://www.semrush.com/bot.html)"
185.191.171.3 - - [14/Apr/2022:13:47:03 +0200] "GET /ginkgo-espresso-p-56487.html HTTP/1.0" 200 73451 "-" "Mozilla/5.0 (compatible; SemrushBot/7~bl; +http://www.semrush.com/bot.html)"
54.36.148.243 - - [14/Apr/2022:13:47:14 +0200] "GET /ethan-table-lamp-silver-beige-p-54612.html HTTP/1.0" 200 74374 "-" "Mozilla/5.0 (compatible; AhrefsBot/7.0; +http://ahrefs.com/robot/)"
85.208.98.51 - - [14/Apr/2022:13:47:26 +0200] "GET /removable-cushion-polar-fleece-p-57910.html HTTP/1.0" 200 74367 "-" "Mozilla/5.0 (compatible; SemrushBot-BM/1.0; +http://www.semrush.com/bot.html)"
185.191.171.24 - - [14/Apr/2022:13:47:32 +0200] "GET /ballon-allen-cushion-p-40063.html HTTP/1.0" 200 70912 "-" "Mozilla/5.0 (compatible; SemrushBot/7~bl; +http://www.semrush.com/bot.html)"
185.191.171.17 - - [14/Apr/2022:13:47:42 +0200] "GET /thinker-statue-deep-contemplation-rodin-p-43680.html?action=add_product HTTP/1.0" 302 476 "-" "Mozilla/5.0 (compatible; SemrushBot/7~bl; +http://www.semrush.com/bot.html)"
185.191.171.45 - - [14/Apr/2022:13:47:56 +0200] "GET /kimmidoll-keyring-satomi-p-49772.html HTTP/1.0" 200 73469 "-" "Mozilla/5.0 (compatible; SemrushBot/7~bl; +http://www.semrush.com/bot.html)"
73.109.103.131 - - [14/Apr/2022:13:48:06 +0200] "GET /images/mini_prod/3700653593269.jpg HTTP/1.0" 200 269 "-" "Mozilla/5.0 (X11; Ubuntu; Linux x86_64; rv:72.0) Gecko/20100101 Firefox/72.0"
54.36.148.243 - - [14/Apr/2022:13:48:18 +0200] "GET /large-bamboo-vase-p-54290.html HTTP/1.0" 200 74267 "-" "Mozilla/5.0 (compatible; AhrefsBot/7.0; +http://ahrefs.com/robot/)"
114.119.137.43 - - [14/Apr/2022:13:48:46 +0200] "GET /poster-corsica-50-70-cm-p-43690.html HTTP/1.0" 301 70959 "-" "Mozilla/5.0 (Linux; Android 7.0;) AppleWebKit/537.36 (KHTML, like Gecko) Mobile Safari/537.36 (compatible; PetalBot;+https://webmaster.petalsearch.com/site/petalbot)"
185.191.171.34 - - [14/Apr/2022:13:48:52 +0200] "GET /hanging-decoration-tour-france-p-52275.html?action=add_product HTTP/1.0" 302 476 "-" "Mozilla/5.0 (compatible; SemrushBot/7~bl; +http://www.semrush.com/bot.html)"
114.119.137.43 - - [14/Apr/2022:13:49:01 +0200] "GET /poster-corsica-p-43690.html HTTP/1.0" 200 70878 "-" "Mozilla/5.0 (Linux; Android 7.0;) AppleWebKit/537.36 (KHTML, like Gecko) Mobile Safari/537.36 (compatible; PetalBot;+https://webmaster.petalsearch.com/site/petalbot)"
207.46.13.160 - - [14/Apr/2022:13:49:41 +0200] "GET /lotus-candleholder-pink-green-goldlining-p-47012.html HTTP/1.0" 200 75049 "-" "Mozilla/5.0 (compatible; bingbot/2.0; +http://www.bing.com/bingbot.htm)"
54.36.148.243 - - [14/Apr/2022:13:49:41 +0200] "GET /islande-clock-cbkreation-p-36923.html HTTP/1.0" 200 73461 "-" "Mozilla/5.0 (compatible; AhrefsBot/7.0; +http://ahrefs.com/robot/)"
185.191.171.34 - - [14/Apr/2022:13:49:53 +0200] "GET /olympique-de-marseille-kids-school-bag-p-26605.html HTTP/1.0" 301 71073 "-" "Mozilla/5.0 (compatible; SemrushBot/7~bl; +http://www.semrush.com/bot.html)"
185.191.171.2 - - [14/Apr/2022:13:49:56 +0200] "GET /olympique-marseille-kids-school-p-26605.html HTTP/1.0" 200 70975 "-" "Mozilla/5.0 (compatible; SemrushBot/7~bl; +http://www.semrush.com/bot.html)"
185.191.171.18 - - [14/Apr/2022:13:49:59 +0200] "GET /robocar-poli-pencil-case-p-31291.html HTTP/1.0" 200 70919 "-" "Mozilla/5.0 (compatible; SemrushBot/7~bl; +http://www.semrush.com/bot.html)"
216.244.66.242 - - [14/Apr/2022:13:50:07 +0200] "GET /keyboard-ice-cube-p-27590.html HTTP/1.0" 301 73447 "-" "Mozilla/5.0 (compatible; DotBot/1.2; +https://opensiteexplorer.org/dotbot; help@moz.com)"
147.92.153.7 - - [14/Apr/2022:13:50:11 +0200] "GET / HTTP/1.0" 200 151460 "-" "Mozilla/5.0 (compatible; Linespider/1.1; +https://lin.ee/4dwXkTH)"
147.92.153.16 - - [14/Apr/2022:13:50:17 +0200] "GET /swfobject.js HTTP/1.0" 404 1308 "http://www.wonder-geek.com/" "Mozilla/5.0 (Windows NT 6.1; Win64; x64) AppleWebit/537.36 (KHTML, like Gecko) Chrome/63.0.3239.0 Safari/537.36 (compatible; Linespider/1.1; +https://lin.ee/4dwXkTH)"
147.92.153.16 - - [14/Apr/2022:13:50:17 +0200] "GET /js/jquery.min.js HTTP/1.0" 404 1308 "http://www.wonder-geek.com/" "Mozilla/5.0 (Windows NT 6.1; Win64; x64) AppleWebit/537.36 (KHTML, like Gecko) Chrome/63.0.3239.0 Safari/537.36 (compatible; Linespider/1.1; +https://lin.ee/4dwXkTH)"
114.119.137.3 - - [14/Apr/2022:13:50:29 +0200] "GET /rococo-retro-phone-p-37503.html HTTP/1.0" 301 73699 "-" "Mozilla/5.0 (Linux; Android 7.0;) AppleWebKit/537.36 (KHTML, like Gecko) Mobile Safari/537.36 (compatible; PetalBot;+https://webmaster.petalsearch.com/site/petalbot)"
114.119.137.3 - - [14/Apr/2022:13:50:35 +0200] "GET /rococo-rtro-phone-p-37503.html HTTP/1.0" 200 73615 "-" "Mozilla/5.0 (Linux; Android 7.0;) AppleWebKit/537.36 (KHTML, like Gecko) Mobile Safari/537.36 (compatible; PetalBot;+https://webmaster.petalsearch.com/site/petalbot)"
216.244.66.242 - - [14/Apr/2022:13:50:44 +0200] "GET /red-hawk-keyring-p-23212.html HTTP/1.0" 301 73466 "-" "Mozilla/5.0 (compatible; DotBot/1.2; +https://opensiteexplorer.org/dotbot; help@moz.com)"
54.36.148.243 - - [14/Apr/2022:13:50:56 +0200] "GET /cushions-c-11_71.html?page=1 HTTP/1.0" 200 90857 "-" "Mozilla/5.0 (compatible; AhrefsBot/7.0; +http://ahrefs.com/robot/)"
185.191.171.36 - - [14/Apr/2022:13:51:13 +0200] "GET /sardinerie-kitchen-utensil-holder-p-56555.html?action=add_product HTTP/1.0" 302 476 "-" "Mozilla/5.0 (compatible; SemrushBot/7~bl; +http://www.semrush.com/bot.html)"
185.191.171.9 - - [14/Apr/2022:13:51:19 +0200] "GET /volkswagen-metal-plate-p-43533.html?action=add_product HTTP/1.0" 302 476 "-" "Mozilla/5.0 (compatible; SemrushBot/7~bl; +http://www.semrush.com/bot.html)"
185.191.171.11 - - [14/Apr/2022:13:51:22 +0200] "GET /tour-france-little-tray-p-51675.html HTTP/1.0" 200 73550 "-" "Mozilla/5.0 (compatible; SemrushBot/7~bl; +http://www.semrush.com/bot.html)"
207.46.13.210 - - [14/Apr/2022:13:51:35 +0200] "GET /accessories/jewels-beauty-accessories/charmmy-kitty-set-hair-clips-p-13536.html HTTP/1.0" 301 669 "-" "Mozilla/5.0 (compatible; bingbot/2.0; +http://www.bing.com/bingbot.htm)"
54.36.148.243 - - [14/Apr/2022:13:51:59 +0200] "GET /california-brown-shoulder-p-37103.html HTTP/1.0" 200 73978 "-" "Mozilla/5.0 (compatible; AhrefsBot/7.0; +http://ahrefs.com/robot/)"
17.121.112.5 - - [14/Apr/2022:13:52:01 +0200] "GET /high-school-musical-mini-coin-purse-p-6469.html HTTP/1.0" 200 70972 "-" "Mozilla/5.0 (Macintosh; Intel Mac OS X 10_15_5) AppleWebKit/605.1.15 (KHTML, like Gecko) Version/13.1.1 Safari/605.1.15 (Applebot/0.1; +http://www.apple.com/go/applebot)"
114.119.137.38 - - [14/Apr/2022:13:52:07 +0200] "GET /kansas-bedclothes-260-240-cm-p-49347.html HTTP/1.0" 301 70875 "-" "Mozilla/5.0 (Linux; Android 7.0;) AppleWebKit/537.36 (KHTML, like Gecko) Mobile Safari/537.36 (compatible; PetalBot;+https://webmaster.petalsearch.com/site/petalbot)"
114.119.137.38 - - [14/Apr/2022:13:52:09 +0200] "GET /-p-49347.html HTTP/1.0" 200 70808 "-" "Mozilla/5.0 (Linux; Android 7.0;) AppleWebKit/537.36 (KHTML, like Gecko) Mobile Safari/537.36 (compatible; PetalBot;+https://webmaster.petalsearch.com/site/petalbot)"
157.55.39.144 - - [14/Apr/2022:13:52:33 +0200] "GET /sonny-angel-flowers-series-version-p-51491.html HTTP/1.0" 200 74679 "-" "Mozilla/5.0 (compatible; bingbot/2.0; +http://www.bing.com/bingbot.htm)"
207.46.13.160 - - [14/Apr/2022:13:52:41 +0200] "GET /gorjuss-collector-shopping-p-29741.html HTTP/1.0" 200 73724 "-" "Mozilla/5.0 (compatible; bingbot/2.0; +http://www.bing.com/bingbot.htm)"
185.191.171.25 - - [14/Apr/2022:13:52:47 +0200] "GET /disney-princess-white-swimsuit-p-30312.html?action=add_product HTTP/1.0" 302 476 "-" "Mozilla/5.0 (compatible; SemrushBot/7~bl; +http://www.semrush.com/bot.html)"
185.191.171.13 - - [14/Apr/2022:13:53:09 +0200] "GET /epoxy-resin-magnets-little-prince-p-54976.html HTTP/1.0" 200 74287 "-" "Mozilla/5.0 (compatible; SemrushBot/7~bl; +http://www.semrush.com/bot.html)"
54.36.148.243 - - [14/Apr/2022:13:53:11 +0200] "GET /russian-dolls-silvery-cbkreation-p-18738.html HTTP/1.0" 200 73533 "-" "Mozilla/5.0 (compatible; AhrefsBot/7.0; +http://ahrefs.com/robot/)"
185.191.171.45 - - [14/Apr/2022:13:53:14 +0200] "GET /bedclothes-140-200-cm-geomix-p-53458.html HTTP/1.0" 301 73671 "-" "Mozilla/5.0 (compatible; SemrushBot/7~bl; +http://www.semrush.com/bot.html)"
185.191.171.10 - - [14/Apr/2022:13:53:18 +0200] "GET /bedclothes-gomix-p-53458.html HTTP/1.0" 200 73588 "-" "Mozilla/5.0 (compatible; SemrushBot/7~bl; +http://www.semrush.com/bot.html)"
185.191.171.11 - - [14/Apr/2022:13:53:21 +0200] "GET /cement-tile-coasters-p-53108.html?action=add_product HTTP/1.0" 302 476 "-" "Mozilla/5.0 (compatible; SemrushBot/7~bl; +http://www.semrush.com/bot.html)"
114.119.137.3 - - [14/Apr/2022:13:53:28 +0200] "GET /flamingo-fitted-sheet-140-190-cm-p-51981.html HTTP/1.0" 301 74173 "-" "Mozilla/5.0 (Linux; Android 7.0;) AppleWebKit/537.36 (KHTML, like Gecko) Mobile Safari/537.36 (compatible; PetalBot;+https://webmaster.petalsearch.com/site/petalbot)"
114.119.137.3 - - [14/Apr/2022:13:53:33 +0200] "GET /flamingo-fitted-sheet-p-51981.html HTTP/1.0" 200 74085 "-" "Mozilla/5.0 (Linux; Android 7.0;) AppleWebKit/537.36 (KHTML, like Gecko) Mobile Safari/537.36 (compatible; PetalBot;+https://webmaster.petalsearch.com/site/petalbot)"
185.191.171.3 - - [14/Apr/2022:13:53:36 +0200] "GET /cotton-floor-cushion-grey-p-43507.html?action=add_product HTTP/1.0" 302 476 "-" "Mozilla/5.0 (compatible; SemrushBot/7~bl; +http://www.semrush.com/bot.html)"
54.36.148.243 - - [14/Apr/2022:13:54:22 +0200] "GET /superman-plate-p-16431.html HTTP/1.0" 200 73988 "-" "Mozilla/5.0 (compatible; AhrefsBot/7.0; +http://ahrefs.com/robot/)"
185.191.171.44 - - [14/Apr/2022:13:54:57 +0200] "GET /chakra-wooden-chakra-racine-p-46563.html?action=add_product HTTP/1.0" 302 476 "-" "Mozilla/5.0 (compatible; SemrushBot/7~bl; +http://www.semrush.com/bot.html)"
207.46.13.210 - - [14/Apr/2022:13:55:07 +0200] "GET /-p-38317.html HTTP/1.0" 200 70808 "-" "Mozilla/5.0 (compatible; bingbot/2.0; +http://www.bing.com/bingbot.htm)"
54.36.148.243 - - [14/Apr/2022:13:55:38 +0200] "GET /winter-chamonix-wooden-wall-decoration-hang-p-36862.html HTTP/1.0" 200 73641 "-" "Mozilla/5.0 (compatible; AhrefsBot/7.0; +http://ahrefs.com/robot/)"
185.191.171.25 - - [14/Apr/2022:13:55:42 +0200] "GET /indian-motorcycle-metal-plate-deco-p-42343.html?action=add_product HTTP/1.0" 302 476 "-" "Mozilla/5.0 (compatible; SemrushBot/7~bl; +http://www.semrush.com/bot.html)"
185.191.171.7 - - [14/Apr/2022:13:55:48 +0200] "GET /dishes-c-13_12.html?page=109 HTTP/1.0" 200 92365 "-" "Mozilla/5.0 (compatible; SemrushBot/7~bl; +http://www.semrush.com/bot.html)"
114.119.137.38 - - [14/Apr/2022:13:55:58 +0200] "GET /images/big_prod/8720088296936.jpg HTTP/1.0" 200 268 "-" "Mozilla/5.0 (Linux; Android 7.0;) AppleWebKit/537.36 (KHTML, like Gecko) Mobile Safari/537.36 (compatible; PetalBot;+https://webmaster.petalsearch.com/site/petalbot)"
185.191.171.43 - - [14/Apr/2022:13:56:07 +0200] "GET /burgundy-japanese-enameled-cast-iron-teapot-liter-p-57691.html?action=add_product HTTP/1.0" 302 476 "-" "Mozilla/5.0 (compatible; SemrushBot/7~bl; +http://www.semrush.com/bot.html)"
185.191.171.7 - - [14/Apr/2022:13:56:10 +0200] "GET /sommelier-accessories-p-46565.html?action=add_product HTTP/1.0" 302 476 "-" "Mozilla/5.0 (compatible; SemrushBot/7~bl; +http://www.semrush.com/bot.html)"
216.244.66.242 - - [14/Apr/2022:13:56:18 +0200] "GET /kids-school-c-80.html HTTP/1.0" 301 90731 "-" "Mozilla/5.0 (compatible; DotBot/1.2; +https://opensiteexplorer.org/dotbot; help@moz.com)"
54.36.148.243 - - [14/Apr/2022:13:56:34 +0200] "GET /hanging-plate-disorder-p-55670.html HTTP/1.0" 200 74198 "-" "Mozilla/5.0 (compatible; AhrefsBot/7.0; +http://ahrefs.com/robot/)"
185.191.171.2 - - [14/Apr/2022:13:56:47 +0200] "GET /love-london-mouse-cbkreation-p-23324.html?action=add_product HTTP/1.0" 302 476 "-" "Mozilla/5.0 (compatible; SemrushBot/7~bl; +http://www.semrush.com/bot.html)"
185.191.171.1 - - [14/Apr/2022:13:57:41 +0200] "GET /kwan-yin-metal-bell-p-47242.html HTTP/1.0" 301 74083 "-" "Mozilla/5.0 (compatible; SemrushBot/7~bl; +http://www.semrush.com/bot.html)"
54.36.148.243 - - [14/Apr/2022:13:57:42 +0200] "GET /irlande-clock-cbkreation-p-36922.html HTTP/1.0" 200 73460 "-" "Mozilla/5.0 (compatible; AhrefsBot/7.0; +http://ahrefs.com/robot/)"
185.191.171.5 - - [14/Apr/2022:13:57:45 +0200] "GET /kwan-metal-bell-p-47242.html HTTP/1.0" 200 74001 "-" "Mozilla/5.0 (compatible; SemrushBot/7~bl; +http://www.semrush.com/bot.html)"
