5.189.172.182 - - [14/Apr/2022:08:55:47 +0200] "GET /wall-decoration-home-p-52202.html HTTP/1.0" 200 73551 "-" "Mozilla/5.0 (compatible; MJ12bot/v1.4.8; http://mj12bot.com/)"
54.36.148.243 - - [14/Apr/2022:08:55:49 +0200] "GET /small-girl-metal-wall-structure-p-46682.html HTTP/1.0" 200 73588 "-" "Mozilla/5.0 (compatible; AhrefsBot/7.0; +http://ahrefs.com/robot/)"
5.189.172.182 - - [14/Apr/2022:08:56:01 +0200] "GET /warriors-soft-green-sword-foam-p-19889.html HTTP/1.0" 301 70875 "-" "Mozilla/5.0 (compatible; MJ12bot/v1.4.8; http://mj12bot.com/)"
5.189.172.182 - - [14/Apr/2022:08:56:10 +0200] "GET /-p-19889.html HTTP/1.0" 200 70808 "-" "Mozilla/5.0 (compatible; MJ12bot/v1.4.8; http://mj12bot.com/)"
207.46.13.160 - - [14/Apr/2022:08:56:12 +0200] "GET / HTTP/1.0" 200 151431 "-" "Mozilla/5.0 (compatible; bingbot/2.0; +http://www.bing.com/bingbot.htm)"
5.189.172.182 - - [14/Apr/2022:08:56:22 +0200] "GET /water-and-outdoor-games-c-143.html HTTP/1.0" 301 92466 "-" "Mozilla/5.0 (compatible; MJ12bot/v1.4.8; http://mj12bot.com/)"
5.189.172.182 - - [14/Apr/2022:08:56:34 +0200] "GET /water-outdoor-games-c-4_143.html HTTP/1.0" 200 92494 "-" "Mozilla/5.0 (compatible; MJ12bot/v1.4.8; http://mj12bot.com/)"
114.119.137.45 - - [14/Apr/2022:08:56:39 +0200] "GET /images/big_prod_1/5400924181024B.jpg HTTP/1.0" 200 271 "-" "Mozilla/5.0 (Linux; Android 7.0;) AppleWebKit/537.36 (KHTML, like Gecko) Mobile Safari/537.36 (compatible; PetalBot;+https://webmaster.petalsearch.com/site/petalbot)"
5.189.172.182 - - [14/Apr/2022:08:56:56 +0200] "GET /water-and-outdoor-games-c-143.html?page=1 HTTP/1.0" 301 92484 "-" "Mozilla/5.0 (compatible; MJ12bot/v1.4.8; http://mj12bot.com/)"
54.36.148.243 - - [14/Apr/2022:08:57:00 +0200] "GET /bagshandbags-shoulder-bags-c-31_81.html?page=9 HTTP/1.0" 200 96755 "-" "Mozilla/5.0 (compatible; AhrefsBot/7.0; +http://ahrefs.com/robot/)"
5.189.172.182 - - [14/Apr/2022:08:57:08 +0200] "GET /water-outdoor-games-c-4_143.html?page=1 HTTP/1.0" 200 92505 "-" "Mozilla/5.0 (compatible; MJ12bot/v1.4.8; http://mj12bot.com/)"
5.189.172.182 - - [14/Apr/2022:08:57:22 +0200] "GET /water-and-outdoor-games-c-143.html?page=6 HTTP/1.0" 301 81962 "-" "Mozilla/5.0 (compatible; MJ12bot/v1.4.8; http://mj12bot.com/)"
185.191.171.36 - - [14/Apr/2022:08:57:27 +0200] "GET /batman-penguin-p-5778.html?action=add_product HTTP/1.0" 302 476 "-" "Mozilla/5.0 (compatible; SemrushBot/7~bl; +http://www.semrush.com/bot.html)"
5.189.172.182 - - [14/Apr/2022:08:57:30 +0200] "GET /water-outdoor-games-c-4_143.html?page=6 HTTP/1.0" 200 81983 "-" "Mozilla/5.0 (compatible; MJ12bot/v1.4.8; http://mj12bot.com/)"
66.249.64.158 - - [14/Apr/2022:08:57:35 +0200] "GET /incense-satya-champa-spiritual-grams-about-sticks-p-45280.html HTTP/1.0" 200 74804 "-" "Mozilla/5.0 (compatible; Googlebot/2.1; +http://www.google.com/bot.html)"
5.189.172.182 - - [14/Apr/2022:08:57:41 +0200] "GET /water-and-outdoor-games-c-4_143.html?page=1 HTTP/1.0" 301 92596 "-" "Mozilla/5.0 (compatible; MJ12bot/v1.4.8; http://mj12bot.com/)"
5.189.172.182 - - [14/Apr/2022:08:57:53 +0200] "GET /water-outdoor-games-c-143.html?page=1 HTTP/1.0" 301 92484 "-" "Mozilla/5.0 (compatible; MJ12bot/v1.4.8; http://mj12bot.com/)"
5.189.172.182 - - [14/Apr/2022:08:58:04 +0200] "GET /water-outdoor-games-c-4_143.html?page=1 HTTP/1.0" 200 92505 "-" "Mozilla/5.0 (compatible; MJ12bot/v1.4.8; http://mj12bot.com/)"
54.36.148.243 - - [14/Apr/2022:08:58:11 +0200] "GET /garage-premium-service-metal-wall-decoration-p-44439.html HTTP/1.0" 200 74375 "-" "Mozilla/5.0 (compatible; AhrefsBot/7.0; +http://ahrefs.com/robot/)"
5.189.172.182 - - [14/Apr/2022:08:58:26 +0200] "GET /water-and-outdoor-games-c-4_143.html?page=6 HTTP/1.0" 301 82074 "-" "Mozilla/5.0 (compatible; MJ12bot/v1.4.8; http://mj12bot.com/)"
185.191.171.20 - - [14/Apr/2022:08:58:33 +0200] "GET /cement-tile-stickers-15-15-cm-blue-p-45003.html HTTP/1.0" 301 73880 "-" "Mozilla/5.0 (compatible; SemrushBot/7~bl; +http://www.semrush.com/bot.html)"
185.191.171.37 - - [14/Apr/2022:08:58:36 +0200] "GET /cement-tile-stickers-blue-p-45003.html HTTP/1.0" 200 73788 "-" "Mozilla/5.0 (compatible; SemrushBot/7~bl; +http://www.semrush.com/bot.html)"
185.191.171.42 - - [14/Apr/2022:08:58:41 +0200] "GET /powder-candle-bougie-autrement-glitter-silver-p-53073.html?action=add_product HTTP/1.0" 302 476 "-" "Mozilla/5.0 (compatible; SemrushBot/7~bl; +http://www.semrush.com/bot.html)"
5.189.172.182 - - [14/Apr/2022:08:58:42 +0200] "GET /water-outdoor-games-c-143.html?page=6 HTTP/1.0" 301 81962 "-" "Mozilla/5.0 (compatible; MJ12bot/v1.4.8; http://mj12bot.com/)"
185.191.171.42 - - [14/Apr/2022:08:58:43 +0200] "GET /protective-cover-cotton-fleece-p-53660.html?action=add_product HTTP/1.0" 302 476 "-" "Mozilla/5.0 (compatible; SemrushBot/7~bl; +http://www.semrush.com/bot.html)"
5.189.172.182 - - [14/Apr/2022:08:58:59 +0200] "GET /water-outdoor-games-c-4_143.html?page=6 HTTP/1.0" 200 81983 "-" "Mozilla/5.0 (compatible; MJ12bot/v1.4.8; http://mj12bot.com/)"
5.189.172.182 - - [14/Apr/2022:08:59:11 +0200] "GET /welcome-black-floor-mat-p-33619.html HTTP/1.0" 301 70875 "-" "Mozilla/5.0 (compatible; MJ12bot/v1.4.8; http://mj12bot.com/)"
5.189.172.182 - - [14/Apr/2022:08:59:22 +0200] "GET /-p-33619.html HTTP/1.0" 200 70808 "-" "Mozilla/5.0 (compatible; MJ12bot/v1.4.8; http://mj12bot.com/)"
54.36.148.243 - - [14/Apr/2022:08:59:24 +0200] "GET /little-prince-money-p-45850.html HTTP/1.0" 200 73513 "-" "Mozilla/5.0 (compatible; AhrefsBot/7.0; +http://ahrefs.com/robot/)"
5.189.172.182 - - [14/Apr/2022:08:59:30 +0200] "GET /welsh-guards-cushion-p-34636.html HTTP/1.0" 301 70875 "-" "Mozilla/5.0 (compatible; MJ12bot/v1.4.8; http://mj12bot.com/)"
185.191.171.6 - - [14/Apr/2022:08:59:32 +0200] "GET /pebble-clock-p-52770.html?action=add_product HTTP/1.0" 302 476 "-" "Mozilla/5.0 (compatible; SemrushBot/7~bl; +http://www.semrush.com/bot.html)"
5.189.172.182 - - [14/Apr/2022:08:59:46 +0200] "GET /-p-34636.html HTTP/1.0" 200 70808 "-" "Mozilla/5.0 (compatible; MJ12bot/v1.4.8; http://mj12bot.com/)"
5.189.172.182 - - [14/Apr/2022:08:59:58 +0200] "GET /westie-bedclothes-140-200-cm-p-33869.html HTTP/1.0" 301 70875 "-" "Mozilla/5.0 (compatible; MJ12bot/v1.4.8; http://mj12bot.com/)"
5.189.172.182 - - [14/Apr/2022:09:00:09 +0200] "GET /-p-33869.html HTTP/1.0" 200 70808 "-" "Mozilla/5.0 (compatible; MJ12bot/v1.4.8; http://mj12bot.com/)"
185.191.171.16 - - [14/Apr/2022:09:00:24 +0200] "GET /resin-cyclists-statuette-p-56157.html HTTP/1.0" 200 74273 "-" "Mozilla/5.0 (compatible; SemrushBot/7~bl; +http://www.semrush.com/bot.html)"
5.189.172.182 - - [14/Apr/2022:09:00:26 +0200] "GET /white-and-gold-jewelry-holder-p-43018.html HTTP/1.0" 301 70875 "-" "Mozilla/5.0 (compatible; MJ12bot/v1.4.8; http://mj12bot.com/)"
216.244.66.242 - - [14/Apr/2022:09:00:26 +0200] "GET /skeleton-black-shirt-p-30118.html HTTP/1.0" 200 74616 "-" "Mozilla/5.0 (compatible; DotBot/1.2; +https://opensiteexplorer.org/dotbot; help@moz.com)"
5.189.172.182 - - [14/Apr/2022:09:00:36 +0200] "GET /-p-43018.html HTTP/1.0" 200 70808 "-" "Mozilla/5.0 (compatible; MJ12bot/v1.4.8; http://mj12bot.com/)"
54.36.148.243 - - [14/Apr/2022:09:00:39 +0200] "GET /batman-p-3984.html HTTP/1.0" 200 73285 "-" "Mozilla/5.0 (compatible; AhrefsBot/7.0; +http://ahrefs.com/robot/)"
5.189.172.182 - - [14/Apr/2022:09:00:46 +0200] "GET /white-and-silver-jewelry-holder-p-43019.html HTTP/1.0" 301 70875 "-" "Mozilla/5.0 (compatible; MJ12bot/v1.4.8; http://mj12bot.com/)"
185.191.171.10 - - [14/Apr/2022:09:00:47 +0200] "GET /cotton-kitchen-towel-teatime-p-53947.html?action=add_product HTTP/1.0" 302 476 "-" "Mozilla/5.0 (compatible; SemrushBot/7~bl; +http://www.semrush.com/bot.html)"
5.189.172.182 - - [14/Apr/2022:09:01:04 +0200] "GET /-p-43019.html HTTP/1.0" 200 70808 "-" "Mozilla/5.0 (compatible; MJ12bot/v1.4.8; http://mj12bot.com/)"
5.189.172.182 - - [14/Apr/2022:09:01:21 +0200] "GET /white-cotton-kitchen-towel-45-70-cm-corsica-p-43599.html HTTP/1.0" 301 73695 "-" "Mozilla/5.0 (compatible; MJ12bot/v1.4.8; http://mj12bot.com/)"
5.189.172.182 - - [14/Apr/2022:09:01:29 +0200] "GET /white-cotton-kitchen-towel-corsica-p-43599.html HTTP/1.0" 200 73594 "-" "Mozilla/5.0 (compatible; MJ12bot/v1.4.8; http://mj12bot.com/)"
5.189.172.182 - - [14/Apr/2022:09:01:39 +0200] "GET /white-dledmv-tee-shirt-p-35600.html HTTP/1.0" 301 70875 "-" "Mozilla/5.0 (compatible; MJ12bot/v1.4.8; http://mj12bot.com/)"
66.249.64.146 - - [14/Apr/2022:09:01:42 +0200] "GET /decorative-wooden-plate-fier-breton-white-p-47817.html HTTP/1.0" 200 73925 "-" "Mozilla/5.0 (Linux; Android 6.0.1; Nexus 5X Build/MMB29P) AppleWebKit/537.36 (KHTML, like Gecko) Chrome/99.0.4844.84 Mobile Safari/537.36 (compatible; Googlebot/2.1; +http://www.google.com/bot.html)"
5.189.172.182 - - [14/Apr/2022:09:01:45 +0200] "GET /-p-35600.html HTTP/1.0" 200 70808 "-" "Mozilla/5.0 (compatible; MJ12bot/v1.4.8; http://mj12bot.com/)"
185.191.171.3 - - [14/Apr/2022:09:01:46 +0200] "GET /aromatic-stearin-candle-hours-chakra-p-39493.html HTTP/1.0" 200 75775 "-" "Mozilla/5.0 (compatible; SemrushBot/7~bl; +http://www.semrush.com/bot.html)"
5.189.172.182 - - [14/Apr/2022:09:01:54 +0200] "GET /white-dledmv-tee-shirt-p-35616.html HTTP/1.0" 301 70875 "-" "Mozilla/5.0 (compatible; MJ12bot/v1.4.8; http://mj12bot.com/)"
54.36.148.243 - - [14/Apr/2022:09:01:59 +0200] "GET /elephant-golden-encrusted-mirrors-statuette-p-35429.html HTTP/1.0" 200 73723 "-" "Mozilla/5.0 (compatible; AhrefsBot/7.0; +http://ahrefs.com/robot/)"
5.189.172.182 - - [14/Apr/2022:09:02:02 +0200] "GET /-p-35616.html HTTP/1.0" 200 70808 "-" "Mozilla/5.0 (compatible; MJ12bot/v1.4.8; http://mj12bot.com/)"
185.191.171.19 - - [14/Apr/2022:09:02:10 +0200] "GET /mirror-wall-decor-metal-p-47503.html?action=add_product HTTP/1.0" 302 476 "-" "Mozilla/5.0 (compatible; SemrushBot/7~bl; +http://www.semrush.com/bot.html)"
66.249.64.152 - - [14/Apr/2022:09:02:14 +0200] "GET /images/med_prod/1384010181317.jpg HTTP/1.0" 200 268 "-" "Googlebot-Image/1.0"
5.189.172.182 - - [14/Apr/2022:09:02:21 +0200] "GET /white-dledmv-tee-shirt-p-35623.html HTTP/1.0" 301 70875 "-" "Mozilla/5.0 (compatible; MJ12bot/v1.4.8; http://mj12bot.com/)"
5.189.172.182 - - [14/Apr/2022:09:02:30 +0200] "GET /-p-35623.html HTTP/1.0" 200 70808 "-" "Mozilla/5.0 (compatible; MJ12bot/v1.4.8; http://mj12bot.com/)"
5.189.172.182 - - [14/Apr/2022:09:02:42 +0200] "GET /white-dledmv-vintage-racer-tee-shirt-p-35711.html HTTP/1.0" 301 70875 "-" "Mozilla/5.0 (compatible; MJ12bot/v1.4.8; http://mj12bot.com/)"
5.189.172.182 - - [14/Apr/2022:09:02:53 +0200] "GET /-p-35711.html HTTP/1.0" 200 70808 "-" "Mozilla/5.0 (compatible; MJ12bot/v1.4.8; http://mj12bot.com/)"
5.189.172.182 - - [14/Apr/2022:09:03:01 +0200] "GET /white-dledmv-vintage-racer-tee-shirt-p-35716.html HTTP/1.0" 301 70875 "-" "Mozilla/5.0 (compatible; MJ12bot/v1.4.8; http://mj12bot.com/)"
37.146.190.61 - - [14/Apr/2022:09:03:03 +0200] "GET /contact_us.php HTTP/1.0" 301 539 "http://wonder-geek.com/contact_us.php" "Mozilla/5.0 (Windows NT 6.2; Win64; x64) AppleWebKit/537.36 (KHTML, like Gecko) Chrome/90.0.4430.72 Safari/537.36"
37.146.190.61 - - [14/Apr/2022:09:03:04 +0200] "GET /contact_us.php HTTP/1.0" 200 26241 "http://www.wonder-geek.com/contact_us.php" "Mozilla/5.0 (Windows NT 6.2; Win64; x64) AppleWebKit/537.36 (KHTML, like Gecko) Chrome/90.0.4430.72 Safari/537.36"
37.146.190.61 - - [14/Apr/2022:09:03:04 +0200] "POST /contact_us.php?action=send HTTP/1.0" 200 29280 "http://www.wonder-geek.com/contact_us.php" "Mozilla/5.0 (Windows NT 6.2; Win64; x64) AppleWebKit/537.36 (KHTML, like Gecko) Chrome/90.0.4430.72 Safari/537.36"
37.146.190.61 - - [14/Apr/2022:09:03:05 +0200] "GET /contact_us.php HTTP/1.0" 200 26241 "http://www.wonder-geek.com/contact_us.php" "Mozilla/5.0 (Windows NT 6.2; Win64; x64) AppleWebKit/537.36 (KHTML, like Gecko) Chrome/90.0.4430.72 Safari/537.36"
5.189.172.182 - - [14/Apr/2022:09:03:13 +0200] "GET /-p-35716.html HTTP/1.0" 200 70808 "-" "Mozilla/5.0 (compatible; MJ12bot/v1.4.8; http://mj12bot.com/)"
66.249.64.158 - - [14/Apr/2022:09:03:24 +0200] "GET /incense-satya-champa-boxes-grams-p-57763.html HTTP/1.0" 200 74620 "-" "Mozilla/5.0 (compatible; Googlebot/2.1; +http://www.google.com/bot.html)"
185.191.171.8 - - [14/Apr/2022:09:03:26 +0200] "GET /coconut-fibers-doormat-koala-p-55109.html HTTP/1.0" 200 74572 "-" "Mozilla/5.0 (compatible; SemrushBot/7~bl; +http://www.semrush.com/bot.html)"
5.189.172.182 - - [14/Apr/2022:09:03:27 +0200] "GET /white-ganesh-statue-21-cm-p-35427.html HTTP/1.0" 301 70875 "-" "Mozilla/5.0 (compatible; MJ12bot/v1.4.8; http://mj12bot.com/)"
54.36.148.243 - - [14/Apr/2022:09:03:34 +0200] "GET /large-tassen-porcelain-mood-bowl-made-germany-p-43277.html HTTP/1.0" 200 73641 "-" "Mozilla/5.0 (compatible; AhrefsBot/7.0; +http://ahrefs.com/robot/)"
5.189.172.182 - - [14/Apr/2022:09:03:41 +0200] "GET /-p-35427.html HTTP/1.0" 200 70808 "-" "Mozilla/5.0 (compatible; MJ12bot/v1.4.8; http://mj12bot.com/)"
5.189.172.182 - - [14/Apr/2022:09:03:55 +0200] "GET /white-samsung-galaxy-note-cupcakes-phone-cover-by-cbk-p-17359.html HTTP/1.0" 301 71217 "-" "Mozilla/5.0 (compatible; MJ12bot/v1.4.8; http://mj12bot.com/)"
185.191.171.38 - - [14/Apr/2022:09:04:00 +0200] "GET /tennis-player-statuette-p-51567.html HTTP/1.0" 200 73491 "-" "Mozilla/5.0 (compatible; SemrushBot/7~bl; +http://www.semrush.com/bot.html)"
5.189.172.182 - - [14/Apr/2022:09:04:05 +0200] "GET /white-samsung-galaxy-note-cupcakes-phone-cover-cbkreation-p-17359.html HTTP/1.0" 200 71093 "-" "Mozilla/5.0 (compatible; MJ12bot/v1.4.8; http://mj12bot.com/)"
5.189.172.182 - - [14/Apr/2022:09:04:17 +0200] "GET /white-samsung-galaxy-note-cupcakes-phone-cover-by-cbkreation-p-17359.html HTTP/1.0" 301 71217 "-" "Mozilla/5.0 (compatible; MJ12bot/v1.4.8; http://mj12bot.com/)"
185.191.171.23 - - [14/Apr/2022:09:04:18 +0200] "GET /winnie-pooh-birthday-card-with-envelope-p-25259.html HTTP/1.0" 200 73552 "-" "Mozilla/5.0 (compatible; SemrushBot/7~bl; +http://www.semrush.com/bot.html)"
5.189.172.182 - - [14/Apr/2022:09:04:29 +0200] "GET /white-samsung-galaxy-note-cupcakes-phone-cover-cbkreation-p-17359.html HTTP/1.0" 200 71093 "-" "Mozilla/5.0 (compatible; MJ12bot/v1.4.8; http://mj12bot.com/)"
5.189.172.182 - - [14/Apr/2022:09:04:38 +0200] "GET /white-skull-money-box-p-28321.html HTTP/1.0" 301 70875 "-" "Mozilla/5.0 (compatible; MJ12bot/v1.4.8; http://mj12bot.com/)"
185.191.171.11 - - [14/Apr/2022:09:04:46 +0200] "GET /keyrings-c-3_52.html?page=6 HTTP/1.0" 200 94810 "-" "Mozilla/5.0 (compatible; SemrushBot/7~bl; +http://www.semrush.com/bot.html)"
5.189.172.182 - - [14/Apr/2022:09:04:46 +0200] "GET /-p-28321.html HTTP/1.0" 200 70808 "-" "Mozilla/5.0 (compatible; MJ12bot/v1.4.8; http://mj12bot.com/)"
54.36.148.243 - - [14/Apr/2022:09:04:47 +0200] "GET /little-prince-paper-towel-dispenser-p-28596.html HTTP/1.0" 200 73540 "-" "Mozilla/5.0 (compatible; AhrefsBot/7.0; +http://ahrefs.com/robot/)"
5.189.172.182 - - [14/Apr/2022:09:04:58 +0200] "GET /zen-shower-curtain-180-200-cm-p-50726.html HTTP/1.0" 301 74415 "-" "Mozilla/5.0 (compatible; MJ12bot/v1.4.8; http://mj12bot.com/)"
5.189.172.182 - - [14/Apr/2022:09:05:09 +0200] "GET /shower-curtain-p-50726.html HTTP/1.0" 200 74334 "-" "Mozilla/5.0 (compatible; MJ12bot/v1.4.8; http://mj12bot.com/)"
185.191.171.42 - - [14/Apr/2022:09:05:18 +0200] "GET /brown-bear-small-melamine-tray-p-45177.html?action=add_product HTTP/1.0" 302 476 "-" "Mozilla/5.0 (compatible; SemrushBot/7~bl; +http://www.semrush.com/bot.html)"
5.189.172.182 - - [14/Apr/2022:09:05:22 +0200] "GET /zodiacal-clock-by-cbkreation-p-28581.html HTTP/1.0" 301 73536 "-" "Mozilla/5.0 (compatible; MJ12bot/v1.4.8; http://mj12bot.com/)"
157.55.39.42 - - [14/Apr/2022:09:05:28 +0200] "GET /luggages-schoolbags-leather-shop/pencil-case/beyblade-round-pencil-case-p-15469.html HTTP/1.0" 301 679 "-" "Mozilla/5.0 (compatible; bingbot/2.0; +http://www.bing.com/bingbot.htm)"
5.189.172.182 - - [14/Apr/2022:09:05:29 +0200] "GET /zodiacal-clock-cbkreation-p-28581.html HTTP/1.0" 200 73444 "-" "Mozilla/5.0 (compatible; MJ12bot/v1.4.8; http://mj12bot.com/)"
114.119.137.31 - - [14/Apr/2022:09:05:46 +0200] "GET /decorations-c-13_89.html?page=9 HTTP/1.0" 200 88016 "-" "Mozilla/5.0 (Linux; Android 7.0;) AppleWebKit/537.36 (KHTML, like Gecko) Mobile Safari/537.36 (compatible; PetalBot;+https://webmaster.petalsearch.com/site/petalbot)"
54.36.148.243 - - [14/Apr/2022:09:05:51 +0200] "GET /retro-flip-alarm-clock-verdigris-p-53139.html HTTP/1.0" 200 73668 "-" "Mozilla/5.0 (compatible; AhrefsBot/7.0; +http://ahrefs.com/robot/)"
185.191.171.40 - - [14/Apr/2022:09:06:04 +0200] "GET /home-and-decoration-c-13.html?page=102 HTTP/1.0" 301 93209 "-" "Mozilla/5.0 (compatible; SemrushBot/7~bl; +http://www.semrush.com/bot.html)"
185.191.171.25 - - [14/Apr/2022:09:06:08 +0200] "GET /home-decoration-c-13.html?page=102 HTTP/1.0" 200 93121 "-" "Mozilla/5.0 (compatible; SemrushBot/7~bl; +http://www.semrush.com/bot.html)"
185.191.171.2 - - [14/Apr/2022:09:06:15 +0200] "GET /dancing-shiva-wall-hanging-p-47246.html?action=add_product HTTP/1.0" 302 476 "-" "Mozilla/5.0 (compatible; SemrushBot/7~bl; +http://www.semrush.com/bot.html)"
51.68.224.127 - - [14/Apr/2022:09:06:23 +0200] "GET /adminweb/export_orders_xml.php?token=256de2z6edz6ed2z6DFSFsed2zed6zeDSFDSGdzedezfzf&maxorders=10&orderstart=1&status=14&start_date=2018-10-01 HTTP/1.0" 200 285 "-" "GesCom CharlotteBoutik Serveur"
51.68.224.127 - - [14/Apr/2022:09:06:23 +0200] "GET /adminweb/export_orders_xml.php?token=256de2z6edz6ed2z6DFSFsed2zed6zeDSFDSGdzedezfzf&maxorders=10&orderstart=1&status=6&start_date=2018-10-01 HTTP/1.0" 200 32865 "-" "GesCom CharlotteBoutik Serveur"
54.36.148.243 - - [14/Apr/2022:09:07:03 +0200] "GET /cafe-racer-metal-plate-deco-p-41071.html HTTP/1.0" 200 73539 "-" "Mozilla/5.0 (compatible; AhrefsBot/7.0; +http://ahrefs.com/robot/)"
114.119.137.31 - - [14/Apr/2022:09:07:08 +0200] "GET /tinkerbell-pajama-p-31304.html HTTP/1.0" 301 70875 "-" "Mozilla/5.0 (Linux; Android 7.0;) AppleWebKit/537.36 (KHTML, like Gecko) Mobile Safari/537.36 (compatible; PetalBot;+https://webmaster.petalsearch.com/site/petalbot)"
114.119.137.31 - - [14/Apr/2022:09:07:11 +0200] "GET /-p-31304.html HTTP/1.0" 200 70808 "-" "Mozilla/5.0 (Linux; Android 7.0;) AppleWebKit/537.36 (KHTML, like Gecko) Mobile Safari/537.36 (compatible; PetalBot;+https://webmaster.petalsearch.com/site/petalbot)"
185.191.171.26 - - [14/Apr/2022:09:07:25 +0200] "GET /leaf-buddha-statuette-p-53041.html?action=add_product HTTP/1.0" 302 476 "-" "Mozilla/5.0 (compatible; SemrushBot/7~bl; +http://www.semrush.com/bot.html)"
185.191.171.35 - - [14/Apr/2022:09:07:35 +0200] "GET /giraffe-statuette-resin-p-56335.html?action=add_product HTTP/1.0" 302 476 "-" "Mozilla/5.0 (compatible; SemrushBot/7~bl; +http://www.semrush.com/bot.html)"
66.249.64.152 - - [14/Apr/2022:09:07:35 +0200] "GET /incense-satya-dragon-blood-grams-about-sticks-p-54739.html HTTP/1.0" 200 74056 "-" "Mozilla/5.0 (compatible; Googlebot/2.1; +http://www.google.com/bot.html)"
54.36.148.243 - - [14/Apr/2022:09:08:22 +0200] "GET /puppies-boots-wildside-poster-p-25820.html HTTP/1.0" 200 73490 "-" "Mozilla/5.0 (compatible; AhrefsBot/7.0; +http://ahrefs.com/robot/)"
158.69.243.138 - - [14/Apr/2022:09:08:25 +0200] "GET /robots.txt HTTP/1.0" 200 245 "-" "Mozilla/5.0 (compatible; MJ12bot/v1.4.8; http://mj12bot.com/)"
66.249.64.146 - - [14/Apr/2022:09:08:26 +0200] "GET /images/big_prod_2/8435153884641D.jpg HTTP/1.0" 200 271 "-" "Googlebot-Image/1.0"
192.99.36.166 - - [14/Apr/2022:09:08:28 +0200] "GET /robots.txt HTTP/1.0" 200 245 "-" "Mozilla/5.0 (compatible; MJ12bot/v1.4.8; http://mj12bot.com/)"
158.69.243.138 - - [14/Apr/2022:09:08:27 +0200] "GET /specials.php?page=36 HTTP/1.0" 200 124303 "-" "Mozilla/5.0 (compatible; MJ12bot/v1.4.8; http://mj12bot.com/)"
192.99.36.166 - - [14/Apr/2022:09:08:30 +0200] "GET /specials.php?page=36 HTTP/1.0" 200 124303 "-" "Mozilla/5.0 (compatible; MJ12bot/v1.4.8; http://mj12bot.com/)"
17.121.114.146 - - [14/Apr/2022:09:08:32 +0200] "GET /retro-dragonfly-flask-parma-p-50224.html HTTP/1.0" 200 73554 "-" "Mozilla/5.0 (Macintosh; Intel Mac OS X 10_15_5) AppleWebKit/605.1.15 (KHTML, like Gecko) Version/13.1.1 Safari/605.1.15 (Applebot/0.1; +http://www.apple.com/go/applebot)"
158.69.243.138 - - [14/Apr/2022:09:08:32 +0200] "GET /specials.php?page=37 HTTP/1.0" 200 124666 "-" "Mozilla/5.0 (compatible; MJ12bot/v1.4.8; http://mj12bot.com/)"
157.90.128.183 - - [14/Apr/2022:09:08:37 +0200] "GET /images/mini_prod/8424346253807.jpg HTTP/1.0" 200 269 "-" "Mozilla/5.0 (X11; Ubuntu; Linux x86_64; rv:72.0) Gecko/20100101 Firefox/72.0"
103.131.71.133 - - [14/Apr/2022:09:08:37 +0200] "GET /robots.txt HTTP/1.0" 301 531 "-" "Mozilla/5.0 (compatible; coccocbot-web/1.0; +http://help.coccoc.com/searchengine)"
192.99.36.166 - - [14/Apr/2022:09:08:35 +0200] "GET /specials.php?page=37 HTTP/1.0" 200 124666 "-" "Mozilla/5.0 (compatible; MJ12bot/v1.4.8; http://mj12bot.com/)"
114.119.137.45 - - [14/Apr/2022:09:08:38 +0200] "GET /typewriter-wooden-frame-p-31875.html HTTP/1.0" 200 74763 "-" "Mozilla/5.0 (Linux; Android 7.0;) AppleWebKit/537.36 (KHTML, like Gecko) Mobile Safari/537.36 (compatible; PetalBot;+https://webmaster.petalsearch.com/site/petalbot)"
103.131.71.133 - - [14/Apr/2022:09:08:40 +0200] "GET /robots.txt HTTP/1.0" 200 245 "-" "Mozilla/5.0 (compatible; coccocbot-web/1.0; +http://help.coccoc.com/searchengine)"
103.131.71.178 - - [14/Apr/2022:09:08:42 +0200] "GET /robots.txt HTTP/1.0" 200 245 "-" "Mozilla/5.0 (compatible; coccocbot-web/1.0; +http://help.coccoc.com/searchengine)"
192.99.36.166 - - [14/Apr/2022:09:08:40 +0200] "GET /specials.php?page=38 HTTP/1.0" 200 124065 "-" "Mozilla/5.0 (compatible; MJ12bot/v1.4.8; http://mj12bot.com/)"
103.131.71.59 - - [14/Apr/2022:09:08:44 +0200] "GET /zippo-outdoor-utility-lighter-p-29793.html HTTP/1.0" 200 73971 "-" "Mozilla/5.0 (compatible; coccocbot-web/1.0; +http://help.coccoc.com/searchengine)"
157.90.128.183 - - [14/Apr/2022:09:08:46 +0200] "GET /images/mini_prod/3442440234077.jpg HTTP/1.0" 200 269 "-" "Mozilla/5.0 (X11; Ubuntu; Linux x86_64; rv:72.0) Gecko/20100101 Firefox/72.0"
192.99.36.166 - - [14/Apr/2022:09:08:44 +0200] "GET /specials.php?page=39 HTTP/1.0" 200 124498 "-" "Mozilla/5.0 (compatible; MJ12bot/v1.4.8; http://mj12bot.com/)"
192.99.36.166 - - [14/Apr/2022:09:08:48 +0200] "GET /specials.php?page=40 HTTP/1.0" 200 124980 "-" "Mozilla/5.0 (compatible; MJ12bot/v1.4.8; http://mj12bot.com/)"
192.99.36.166 - - [14/Apr/2022:09:08:52 +0200] "GET /specials.php?page=41 HTTP/1.0" 200 123241 "-" "Mozilla/5.0 (compatible; MJ12bot/v1.4.8; http://mj12bot.com/)"
158.69.243.138 - - [14/Apr/2022:09:08:55 +0200] "GET /specials.php?page=38 HTTP/1.0" 200 124065 "-" "Mozilla/5.0 (compatible; MJ12bot/v1.4.8; http://mj12bot.com/)"
192.99.36.166 - - [14/Apr/2022:09:08:56 +0200] "GET /specials.php?page=52 HTTP/1.0" 200 117820 "-" "Mozilla/5.0 (compatible; MJ12bot/v1.4.8; http://mj12bot.com/)"
185.191.171.37 - - [14/Apr/2022:09:08:58 +0200] "GET /little-buddha-collection-keychain-p-53293.html HTTP/1.0" 200 73551 "-" "Mozilla/5.0 (compatible; SemrushBot/7~bl; +http://www.semrush.com/bot.html)"
158.69.243.138 - - [14/Apr/2022:09:09:00 +0200] "GET /specials.php?page=39 HTTP/1.0" 200 124498 "-" "Mozilla/5.0 (compatible; MJ12bot/v1.4.8; http://mj12bot.com/)"
192.99.36.166 - - [14/Apr/2022:09:09:01 +0200] "GET /specials.php?page=53 HTTP/1.0" 200 117820 "-" "Mozilla/5.0 (compatible; MJ12bot/v1.4.8; http://mj12bot.com/)"
158.69.243.138 - - [14/Apr/2022:09:09:05 +0200] "GET /specials.php?page=40 HTTP/1.0" 200 124980 "-" "Mozilla/5.0 (compatible; MJ12bot/v1.4.8; http://mj12bot.com/)"
192.99.36.166 - - [14/Apr/2022:09:09:05 +0200] "GET /specials.php?page=54 HTTP/1.0" 200 117820 "-" "Mozilla/5.0 (compatible; MJ12bot/v1.4.8; http://mj12bot.com/)"
158.69.243.138 - - [14/Apr/2022:09:09:09 +0200] "GET /specials.php?page=41 HTTP/1.0" 200 123241 "-" "Mozilla/5.0 (compatible; MJ12bot/v1.4.8; http://mj12bot.com/)"
192.99.36.166 - - [14/Apr/2022:09:09:10 +0200] "GET /specials.php?page=55 HTTP/1.0" 200 117820 "-" "Mozilla/5.0 (compatible; MJ12bot/v1.4.8; http://mj12bot.com/)"
192.99.36.166 - - [14/Apr/2022:09:09:14 +0200] "GET /specials.php?page=56 HTTP/1.0" 200 117820 "-" "Mozilla/5.0 (compatible; MJ12bot/v1.4.8; http://mj12bot.com/)"
158.69.243.138 - - [14/Apr/2022:09:09:14 +0200] "GET /specials.php?page=52 HTTP/1.0" 200 117820 "-" "Mozilla/5.0 (compatible; MJ12bot/v1.4.8; http://mj12bot.com/)"
192.99.36.166 - - [14/Apr/2022:09:09:18 +0200] "GET /specials.php?page=57 HTTP/1.0" 200 117820 "-" "Mozilla/5.0 (compatible; MJ12bot/v1.4.8; http://mj12bot.com/)"
158.69.243.138 - - [14/Apr/2022:09:09:21 +0200] "GET /specials.php?page=53 HTTP/1.0" 200 117820 "-" "Mozilla/5.0 (compatible; MJ12bot/v1.4.8; http://mj12bot.com/)"
192.99.36.166 - - [14/Apr/2022:09:09:22 +0200] "GET /specials.php?page=58 HTTP/1.0" 200 117820 "-" "Mozilla/5.0 (compatible; MJ12bot/v1.4.8; http://mj12bot.com/)"
66.249.64.152 - - [14/Apr/2022:09:09:24 +0200] "GET /swfobject.js HTTP/1.0" 404 1308 "http://www.wonder-geek.com/celebration-spring-frozen-elsa-fever-figure-collection-p-34269.html" "Mozilla/5.0 (Linux; Android 6.0.1; Nexus 5X Build/MMB29P) AppleWebKit/537.36 (KHTML, like Gecko) Chrome/99.0.4844.84 Mobile Safari/537.36 (compatible; Googlebot/2.1; +http://www.google.com/bot.html)"
54.36.148.243 - - [14/Apr/2022:09:09:25 +0200] "GET /monkey-statue-resin-anything-p-44246.html HTTP/1.0" 200 73621 "-" "Mozilla/5.0 (compatible; AhrefsBot/7.0; +http://ahrefs.com/robot/)"
158.69.243.138 - - [14/Apr/2022:09:09:25 +0200] "GET /specials.php?page=54 HTTP/1.0" 200 117820 "-" "Mozilla/5.0 (compatible; MJ12bot/v1.4.8; http://mj12bot.com/)"
192.99.36.166 - - [14/Apr/2022:09:09:25 +0200] "GET /specials.php?page=59 HTTP/1.0" 200 117820 "-" "Mozilla/5.0 (compatible; MJ12bot/v1.4.8; http://mj12bot.com/)"
158.69.243.138 - - [14/Apr/2022:09:09:30 +0200] "GET /specials.php?page=55 HTTP/1.0" 200 117820 "-" "Mozilla/5.0 (compatible; MJ12bot/v1.4.8; http://mj12bot.com/)"
192.99.36.166 - - [14/Apr/2022:09:09:31 +0200] "GET /specials.php?page=60 HTTP/1.0" 200 117820 "-" "Mozilla/5.0 (compatible; MJ12bot/v1.4.8; http://mj12bot.com/)"
158.69.243.138 - - [14/Apr/2022:09:09:35 +0200] "GET /specials.php?page=56 HTTP/1.0" 200 117820 "-" "Mozilla/5.0 (compatible; MJ12bot/v1.4.8; http://mj12bot.com/)"
192.99.36.166 - - [14/Apr/2022:09:09:35 +0200] "GET /specials.php?page=61 HTTP/1.0" 200 117820 "-" "Mozilla/5.0 (compatible; MJ12bot/v1.4.8; http://mj12bot.com/)"
192.99.36.166 - - [14/Apr/2022:09:09:39 +0200] "GET /spiderman-black-swimsuit-p-30824.html HTTP/1.0" 200 70919 "-" "Mozilla/5.0 (compatible; MJ12bot/v1.4.8; http://mj12bot.com/)"
158.69.243.138 - - [14/Apr/2022:09:09:39 +0200] "GET /specials.php?page=57 HTTP/1.0" 200 117820 "-" "Mozilla/5.0 (compatible; MJ12bot/v1.4.8; http://mj12bot.com/)"
192.99.36.166 - - [14/Apr/2022:09:09:42 +0200] "GET /spiderman-blue-swimsuit-p-30823.html HTTP/1.0" 200 74646 "-" "Mozilla/5.0 (compatible; MJ12bot/v1.4.8; http://mj12bot.com/)"
185.191.171.39 - - [14/Apr/2022:09:09:44 +0200] "GET /fairy-white-women-shirt-p-33778.html HTTP/1.0" 200 75734 "-" "Mozilla/5.0 (compatible; SemrushBot/7~bl; +http://www.semrush.com/bot.html)"
158.69.243.138 - - [14/Apr/2022:09:09:44 +0200] "GET /specials.php?page=58 HTTP/1.0" 200 117820 "-" "Mozilla/5.0 (compatible; MJ12bot/v1.4.8; http://mj12bot.com/)"
192.99.36.166 - - [14/Apr/2022:09:09:45 +0200] "GET /spirituous-beverages-shooters-p-28309.html HTTP/1.0" 301 70875 "-" "Mozilla/5.0 (compatible; MJ12bot/v1.4.8; http://mj12bot.com/)"
192.99.36.166 - - [14/Apr/2022:09:09:48 +0200] "GET /-p-28309.html HTTP/1.0" 200 70808 "-" "Mozilla/5.0 (compatible; MJ12bot/v1.4.8; http://mj12bot.com/)"
158.69.243.138 - - [14/Apr/2022:09:09:49 +0200] "GET /specials.php?page=59 HTTP/1.0" 200 117820 "-" "Mozilla/5.0 (compatible; MJ12bot/v1.4.8; http://mj12bot.com/)"
192.99.36.166 - - [14/Apr/2022:09:09:51 +0200] "GET /spongebob-bedclothes-p-9259.html HTTP/1.0" 301 70872 "-" "Mozilla/5.0 (compatible; MJ12bot/v1.4.8; http://mj12bot.com/)"
192.99.36.166 - - [14/Apr/2022:09:09:54 +0200] "GET /-p-9259.html HTTP/1.0" 200 70806 "-" "Mozilla/5.0 (compatible; MJ12bot/v1.4.8; http://mj12bot.com/)"
158.69.243.138 - - [14/Apr/2022:09:09:53 +0200] "GET /specials.php?page=60 HTTP/1.0" 200 117820 "-" "Mozilla/5.0 (compatible; MJ12bot/v1.4.8; http://mj12bot.com/)"
192.99.36.166 - - [14/Apr/2022:09:09:57 +0200] "GET /spongebob-orange-swimsuit-p-30451.html HTTP/1.0" 200 70924 "-" "Mozilla/5.0 (compatible; MJ12bot/v1.4.8; http://mj12bot.com/)"
192.99.36.166 - - [14/Apr/2022:09:10:00 +0200] "GET /sportif-black-backpack-p-35853.html HTTP/1.0" 301 70875 "-" "Mozilla/5.0 (compatible; MJ12bot/v1.4.8; http://mj12bot.com/)"
158.69.243.138 - - [14/Apr/2022:09:09:59 +0200] "GET /specials.php?page=61 HTTP/1.0" 200 117820 "-" "Mozilla/5.0 (compatible; MJ12bot/v1.4.8; http://mj12bot.com/)"
192.99.36.166 - - [14/Apr/2022:09:10:03 +0200] "GET /-p-35853.html HTTP/1.0" 200 70808 "-" "Mozilla/5.0 (compatible; MJ12bot/v1.4.8; http://mj12bot.com/)"
158.69.243.138 - - [14/Apr/2022:09:10:03 +0200] "GET /spiderman-black-swimsuit-p-30824.html HTTP/1.0" 200 70919 "-" "Mozilla/5.0 (compatible; MJ12bot/v1.4.8; http://mj12bot.com/)"
192.99.36.166 - - [14/Apr/2022:09:10:06 +0200] "GET /sports-and-action-playmobil-white-plane-p-27824.html HTTP/1.0" 301 70875 "-" "Mozilla/5.0 (compatible; MJ12bot/v1.4.8; http://mj12bot.com/)"
158.69.243.138 - - [14/Apr/2022:09:10:06 +0200] "GET /spiderman-blue-swimsuit-p-30823.html HTTP/1.0" 200 74646 "-" "Mozilla/5.0 (compatible; MJ12bot/v1.4.8; http://mj12bot.com/)"
192.99.36.166 - - [14/Apr/2022:09:10:08 +0200] "GET /-p-27824.html HTTP/1.0" 200 70808 "-" "Mozilla/5.0 (compatible; MJ12bot/v1.4.8; http://mj12bot.com/)"
158.69.243.138 - - [14/Apr/2022:09:10:10 +0200] "GET /spirituous-beverages-shooters-p-28309.html HTTP/1.0" 301 70875 "-" "Mozilla/5.0 (compatible; MJ12bot/v1.4.8; http://mj12bot.com/)"
192.99.36.166 - - [14/Apr/2022:09:10:11 +0200] "GET /star-wars-poster-p-15400.html HTTP/1.0" 301 70875 "-" "Mozilla/5.0 (compatible; MJ12bot/v1.4.8; http://mj12bot.com/)"
125.209.235.177 - - [14/Apr/2022:09:10:11 +0200] "GET /kiub-collection-jewels-cool-p-57955.html HTTP/1.0" 200 74384 "-" "Mozilla/5.0 (compatible; Linespider/1.1; +https://lin.ee/4dwXkTH)"
158.69.243.138 - - [14/Apr/2022:09:10:14 +0200] "GET /-p-28309.html HTTP/1.0" 200 70808 "-" "Mozilla/5.0 (compatible; MJ12bot/v1.4.8; http://mj12bot.com/)"
192.99.36.166 - - [14/Apr/2022:09:10:14 +0200] "GET /-p-15400.html HTTP/1.0" 200 70808 "-" "Mozilla/5.0 (compatible; MJ12bot/v1.4.8; http://mj12bot.com/)"
158.69.243.138 - - [14/Apr/2022:09:10:17 +0200] "GET /spongebob-bedclothes-p-9259.html HTTP/1.0" 301 70872 "-" "Mozilla/5.0 (compatible; MJ12bot/v1.4.8; http://mj12bot.com/)"
192.99.36.166 - - [14/Apr/2022:09:10:18 +0200] "GET /star-wars-princess-leia-beauty-bag-p-18227.html HTTP/1.0" 301 70875 "-" "Mozilla/5.0 (compatible; MJ12bot/v1.4.8; http://mj12bot.com/)"
158.69.243.138 - - [14/Apr/2022:09:10:21 +0200] "GET /-p-9259.html HTTP/1.0" 200 70806 "-" "Mozilla/5.0 (compatible; MJ12bot/v1.4.8; http://mj12bot.com/)"
192.99.36.166 - - [14/Apr/2022:09:10:22 +0200] "GET /-p-18227.html HTTP/1.0" 200 70808 "-" "Mozilla/5.0 (compatible; MJ12bot/v1.4.8; http://mj12bot.com/)"
158.69.243.138 - - [14/Apr/2022:09:10:25 +0200] "GET /spongebob-orange-swimsuit-p-30451.html HTTP/1.0" 200 70924 "-" "Mozilla/5.0 (compatible; MJ12bot/v1.4.8; http://mj12bot.com/)"
192.99.36.166 - - [14/Apr/2022:09:10:26 +0200] "GET /star-wars-rebels-stickers-p-31214.html HTTP/1.0" 200 73519 "-" "Mozilla/5.0 (compatible; MJ12bot/v1.4.8; http://mj12bot.com/)"
158.69.243.138 - - [14/Apr/2022:09:10:29 +0200] "GET /sportif-black-backpack-p-35853.html HTTP/1.0" 301 70875 "-" "Mozilla/5.0 (compatible; MJ12bot/v1.4.8; http://mj12bot.com/)"
192.99.36.166 - - [14/Apr/2022:09:10:30 +0200] "GET /star-wars-shirt-size-years-p-23511.html HTTP/1.0" 301 70875 "-" "Mozilla/5.0 (compatible; MJ12bot/v1.4.8; http://mj12bot.com/)"
158.69.243.138 - - [14/Apr/2022:09:10:32 +0200] "GET /-p-35853.html HTTP/1.0" 200 70808 "-" "Mozilla/5.0 (compatible; MJ12bot/v1.4.8; http://mj12bot.com/)"
192.99.36.166 - - [14/Apr/2022:09:10:33 +0200] "GET /-p-23511.html HTTP/1.0" 200 70808 "-" "Mozilla/5.0 (compatible; MJ12bot/v1.4.8; http://mj12bot.com/)"
158.69.243.138 - - [14/Apr/2022:09:10:35 +0200] "GET /sports-and-action-playmobil-white-plane-p-27824.html HTTP/1.0" 301 70875 "-" "Mozilla/5.0 (compatible; MJ12bot/v1.4.8; http://mj12bot.com/)"
192.99.36.166 - - [14/Apr/2022:09:10:36 +0200] "GET /star-wars-shirt-size-years-p-23512.html HTTP/1.0" 301 70875 "-" "Mozilla/5.0 (compatible; MJ12bot/v1.4.8; http://mj12bot.com/)"
158.69.243.138 - - [14/Apr/2022:09:10:38 +0200] "GET /-p-27824.html HTTP/1.0" 200 70808 "-" "Mozilla/5.0 (compatible; MJ12bot/v1.4.8; http://mj12bot.com/)"
192.99.36.166 - - [14/Apr/2022:09:10:40 +0200] "GET /-p-23512.html HTTP/1.0" 200 70808 "-" "Mozilla/5.0 (compatible; MJ12bot/v1.4.8; http://mj12bot.com/)"
158.69.243.138 - - [14/Apr/2022:09:10:42 +0200] "GET /star-wars-poster-p-15400.html HTTP/1.0" 301 70875 "-" "Mozilla/5.0 (compatible; MJ12bot/v1.4.8; http://mj12bot.com/)"
54.36.148.243 - - [14/Apr/2022:09:10:41 +0200] "GET /pitchers-drink-dispensers-c-12_243.html?page=1 HTTP/1.0" 200 90136 "-" "Mozilla/5.0 (compatible; AhrefsBot/7.0; +http://ahrefs.com/robot/)"
192.99.36.166 - - [14/Apr/2022:09:10:43 +0200] "GET /star-wars-small-coin-purse-p-16884.html HTTP/1.0" 301 70875 "-" "Mozilla/5.0 (compatible; MJ12bot/v1.4.8; http://mj12bot.com/)"
158.69.243.138 - - [14/Apr/2022:09:10:45 +0200] "GET /-p-15400.html HTTP/1.0" 200 70808 "-" "Mozilla/5.0 (compatible; MJ12bot/v1.4.8; http://mj12bot.com/)"
192.99.36.166 - - [14/Apr/2022:09:10:47 +0200] "GET /-p-16884.html HTTP/1.0" 200 70808 "-" "Mozilla/5.0 (compatible; MJ12bot/v1.4.8; http://mj12bot.com/)"
158.69.243.138 - - [14/Apr/2022:09:10:48 +0200] "GET /star-wars-princess-leia-beauty-bag-p-18227.html HTTP/1.0" 301 70875 "-" "Mozilla/5.0 (compatible; MJ12bot/v1.4.8; http://mj12bot.com/)"
192.99.36.166 - - [14/Apr/2022:09:10:50 +0200] "GET /star-wars-stationery-set-pieces-p-34089.html HTTP/1.0" 301 70875 "-" "Mozilla/5.0 (compatible; MJ12bot/v1.4.8; http://mj12bot.com/)"
192.99.36.166 - - [14/Apr/2022:09:10:52 +0200] "GET /-p-34089.html HTTP/1.0" 200 70808 "-" "Mozilla/5.0 (compatible; MJ12bot/v1.4.8; http://mj12bot.com/)"
158.69.243.138 - - [14/Apr/2022:09:10:53 +0200] "GET /-p-18227.html HTTP/1.0" 200 70808 "-" "Mozilla/5.0 (compatible; MJ12bot/v1.4.8; http://mj12bot.com/)"
192.99.36.166 - - [14/Apr/2022:09:10:55 +0200] "GET /star-wars-tie-ship-vehicle-miniature-p-33426.html HTTP/1.0" 301 70875 "-" "Mozilla/5.0 (compatible; MJ12bot/v1.4.8; http://mj12bot.com/)"
158.69.243.138 - - [14/Apr/2022:09:10:57 +0200] "GET /star-wars-rebels-stickers-p-31214.html HTTP/1.0" 200 73519 "-" "Mozilla/5.0 (compatible; MJ12bot/v1.4.8; http://mj12bot.com/)"
192.99.36.166 - - [14/Apr/2022:09:10:58 +0200] "GET /-p-33426.html HTTP/1.0" 200 70808 "-" "Mozilla/5.0 (compatible; MJ12bot/v1.4.8; http://mj12bot.com/)"
192.99.36.166 - - [14/Apr/2022:09:11:01 +0200] "GET /star-wars-wing-pilot-asty-figure-p-34600.html HTTP/1.0" 301 70875 "-" "Mozilla/5.0 (compatible; MJ12bot/v1.4.8; http://mj12bot.com/)"
158.69.243.138 - - [14/Apr/2022:09:11:02 +0200] "GET /star-wars-shirt-size-years-p-23511.html HTTP/1.0" 301 70875 "-" "Mozilla/5.0 (compatible; MJ12bot/v1.4.8; http://mj12bot.com/)"
192.99.36.166 - - [14/Apr/2022:09:11:04 +0200] "GET /-p-34600.html HTTP/1.0" 200 70808 "-" "Mozilla/5.0 (compatible; MJ12bot/v1.4.8; http://mj12bot.com/)"
158.69.243.138 - - [14/Apr/2022:09:11:06 +0200] "GET /-p-23511.html HTTP/1.0" 200 70808 "-" "Mozilla/5.0 (compatible; MJ12bot/v1.4.8; http://mj12bot.com/)"
185.191.171.26 - - [14/Apr/2022:09:11:07 +0200] "GET /-p-34591.html?action=add_product HTTP/1.0" 302 476 "-" "Mozilla/5.0 (compatible; SemrushBot/7~bl; +http://www.semrush.com/bot.html)"
192.99.36.166 - - [14/Apr/2022:09:11:07 +0200] "GET /stationery-and-cardmaking-c-129.html?page=24 HTTP/1.0" 301 92786 "-" "Mozilla/5.0 (compatible; MJ12bot/v1.4.8; http://mj12bot.com/)"
158.69.243.138 - - [14/Apr/2022:09:11:10 +0200] "GET /star-wars-shirt-size-years-p-23512.html HTTP/1.0" 301 70875 "-" "Mozilla/5.0 (compatible; MJ12bot/v1.4.8; http://mj12bot.com/)"
192.99.36.166 - - [14/Apr/2022:09:11:10 +0200] "GET /stationery-cardmaking-c-129.html?page=24 HTTP/1.0" 200 92692 "-" "Mozilla/5.0 (compatible; MJ12bot/v1.4.8; http://mj12bot.com/)"
158.69.243.138 - - [14/Apr/2022:09:11:14 +0200] "GET /-p-23512.html HTTP/1.0" 200 70808 "-" "Mozilla/5.0 (compatible; MJ12bot/v1.4.8; http://mj12bot.com/)"
192.99.36.166 - - [14/Apr/2022:09:11:13 +0200] "GET /stationery-cardmaking-c-129.html?page=24 HTTP/1.0" 200 92692 "-" "Mozilla/5.0 (compatible; MJ12bot/v1.4.8; http://mj12bot.com/)"
192.99.36.166 - - [14/Apr/2022:09:11:17 +0200] "GET /superhero-cow-money-bank-p-37604.html HTTP/1.0" 301 70875 "-" "Mozilla/5.0 (compatible; MJ12bot/v1.4.8; http://mj12bot.com/)"
158.69.243.138 - - [14/Apr/2022:09:11:19 +0200] "GET /star-wars-small-coin-purse-p-16884.html HTTP/1.0" 301 70875 "-" "Mozilla/5.0 (compatible; MJ12bot/v1.4.8; http://mj12bot.com/)"
192.99.36.166 - - [14/Apr/2022:09:11:19 +0200] "GET /-p-37604.html HTTP/1.0" 200 70808 "-" "Mozilla/5.0 (compatible; MJ12bot/v1.4.8; http://mj12bot.com/)"
192.99.36.166 - - [14/Apr/2022:09:11:22 +0200] "GET /superhero-pig-piggy-bank-p-37602.html HTTP/1.0" 301 70875 "-" "Mozilla/5.0 (compatible; MJ12bot/v1.4.8; http://mj12bot.com/)"
158.69.243.138 - - [14/Apr/2022:09:11:23 +0200] "GET /-p-16884.html HTTP/1.0" 200 70808 "-" "Mozilla/5.0 (compatible; MJ12bot/v1.4.8; http://mj12bot.com/)"
147.92.229.61 - - [14/Apr/2022:09:11:24 +0200] "GET /images/mini_prod/5036278052187.jpg HTTP/1.0" 200 269 "-" "Mozilla/5.0 (X11; Ubuntu; Linux x86_64; rv:72.0) Gecko/20100101 Firefox/72.0"
192.99.36.166 - - [14/Apr/2022:09:11:25 +0200] "GET /-p-37602.html HTTP/1.0" 200 70808 "-" "Mozilla/5.0 (compatible; MJ12bot/v1.4.8; http://mj12bot.com/)"
158.69.243.138 - - [14/Apr/2022:09:11:28 +0200] "GET /star-wars-stationery-set-pieces-p-34089.html HTTP/1.0" 301 70875 "-" "Mozilla/5.0 (compatible; MJ12bot/v1.4.8; http://mj12bot.com/)"
192.99.36.166 - - [14/Apr/2022:09:11:28 +0200] "GET /superman-backpack-p-30368.html HTTP/1.0" 200 70866 "-" "Mozilla/5.0 (compatible; MJ12bot/v1.4.8; http://mj12bot.com/)"
192.99.36.166 - - [14/Apr/2022:09:11:31 +0200] "GET /superman-batman-blue-training-bottle-p-35779.html HTTP/1.0" 200 70979 "-" "Mozilla/5.0 (compatible; MJ12bot/v1.4.8; http://mj12bot.com/)"
158.69.243.138 - - [14/Apr/2022:09:11:32 +0200] "GET /-p-34089.html HTTP/1.0" 200 70808 "-" "Mozilla/5.0 (compatible; MJ12bot/v1.4.8; http://mj12bot.com/)"
192.99.36.166 - - [14/Apr/2022:09:11:34 +0200] "GET /superman-batman-red-training-bottle-p-35778.html HTTP/1.0" 301 71064 "-" "Mozilla/5.0 (compatible; MJ12bot/v1.4.8; http://mj12bot.com/)"
158.69.243.138 - - [14/Apr/2022:09:11:35 +0200] "GET /star-wars-tie-ship-vehicle-miniature-p-33426.html HTTP/1.0" 301 70875 "-" "Mozilla/5.0 (compatible; MJ12bot/v1.4.8; http://mj12bot.com/)"
192.99.36.166 - - [14/Apr/2022:09:11:37 +0200] "GET /superman-batman-training-bottle-p-35778.html HTTP/1.0" 200 70966 "-" "Mozilla/5.0 (compatible; MJ12bot/v1.4.8; http://mj12bot.com/)"
158.69.243.138 - - [14/Apr/2022:09:11:39 +0200] "GET /-p-33426.html HTTP/1.0" 200 70808 "-" "Mozilla/5.0 (compatible; MJ12bot/v1.4.8; http://mj12bot.com/)"
192.99.36.166 - - [14/Apr/2022:09:11:40 +0200] "GET /superman-gray-cap-scarf-set-size-10-years-p-23959.html HTTP/1.0" 301 70875 "-" "Mozilla/5.0 (compatible; MJ12bot/v1.4.8; http://mj12bot.com/)"
158.69.243.138 - - [14/Apr/2022:09:11:43 +0200] "GET /star-wars-wing-pilot-asty-figure-p-34600.html HTTP/1.0" 301 70875 "-" "Mozilla/5.0 (compatible; MJ12bot/v1.4.8; http://mj12bot.com/)"
192.99.36.166 - - [14/Apr/2022:09:11:43 +0200] "GET /-p-23959.html HTTP/1.0" 200 70808 "-" "Mozilla/5.0 (compatible; MJ12bot/v1.4.8; http://mj12bot.com/)"
158.69.243.138 - - [14/Apr/2022:09:11:47 +0200] "GET /-p-34600.html HTTP/1.0" 200 70808 "-" "Mozilla/5.0 (compatible; MJ12bot/v1.4.8; http://mj12bot.com/)"
192.99.36.166 - - [14/Apr/2022:09:11:47 +0200] "GET /superman-mug-and-plate-box-p-16429.html HTTP/1.0" 301 74119 "-" "Mozilla/5.0 (compatible; MJ12bot/v1.4.8; http://mj12bot.com/)"
192.99.36.166 - - [14/Apr/2022:09:11:51 +0200] "GET /superman-plate-p-16429.html HTTP/1.0" 200 74038 "-" "Mozilla/5.0 (compatible; MJ12bot/v1.4.8; http://mj12bot.com/)"
158.69.243.138 - - [14/Apr/2022:09:11:52 +0200] "GET /stationery-and-cardmaking-c-129.html?page=24 HTTP/1.0" 301 92786 "-" "Mozilla/5.0 (compatible; MJ12bot/v1.4.8; http://mj12bot.com/)"
192.99.36.166 - - [14/Apr/2022:09:11:54 +0200] "GET /superman-mug-and-plate-box-p-16430.html HTTP/1.0" 301 74119 "-" "Mozilla/5.0 (compatible; MJ12bot/v1.4.8; http://mj12bot.com/)"
185.191.171.44 - - [14/Apr/2022:09:11:56 +0200] "GET /ring-flower-of-life-brass-pink-gold-colour-p-44684.html HTTP/1.0" 301 70875 "-" "Mozilla/5.0 (compatible; SemrushBot/7~bl; +http://www.semrush.com/bot.html)"
54.36.148.243 - - [14/Apr/2022:09:11:57 +0200] "GET /metal-beer-bucket-p-55614.html HTTP/1.0" 200 73407 "-" "Mozilla/5.0 (compatible; AhrefsBot/7.0; +http://ahrefs.com/robot/)"
192.99.36.166 - - [14/Apr/2022:09:11:59 +0200] "GET /superman-plate-p-16430.html HTTP/1.0" 200 74038 "-" "Mozilla/5.0 (compatible; MJ12bot/v1.4.8; http://mj12bot.com/)"
158.69.243.138 - - [14/Apr/2022:09:11:57 +0200] "GET /stationery-cardmaking-c-129.html?page=24 HTTP/1.0" 200 92692 "-" "Mozilla/5.0 (compatible; MJ12bot/v1.4.8; http://mj12bot.com/)"
185.191.171.23 - - [14/Apr/2022:09:12:00 +0200] "GET /-p-44684.html HTTP/1.0" 200 70808 "-" "Mozilla/5.0 (compatible; SemrushBot/7~bl; +http://www.semrush.com/bot.html)"
192.99.36.166 - - [14/Apr/2022:09:12:02 +0200] "GET /superman-mug-and-plate-box-p-16431.html HTTP/1.0" 301 74069 "-" "Mozilla/5.0 (compatible; MJ12bot/v1.4.8; http://mj12bot.com/)"
158.69.243.138 - - [14/Apr/2022:09:12:03 +0200] "GET /stationery-cardmaking-c-129.html?page=24 HTTP/1.0" 200 92692 "-" "Mozilla/5.0 (compatible; MJ12bot/v1.4.8; http://mj12bot.com/)"
192.99.36.166 - - [14/Apr/2022:09:12:05 +0200] "GET /superman-plate-p-16431.html HTTP/1.0" 200 73988 "-" "Mozilla/5.0 (compatible; MJ12bot/v1.4.8; http://mj12bot.com/)"
158.69.243.138 - - [14/Apr/2022:09:12:08 +0200] "GET /superhero-cow-money-bank-p-37604.html HTTP/1.0" 301 70875 "-" "Mozilla/5.0 (compatible; MJ12bot/v1.4.8; http://mj12bot.com/)"
192.99.36.166 - - [14/Apr/2022:09:12:08 +0200] "GET /superman-satchel-bag-p-30370.html HTTP/1.0" 301 73769 "-" "Mozilla/5.0 (compatible; MJ12bot/v1.4.8; http://mj12bot.com/)"
185.191.171.15 - - [14/Apr/2022:09:12:11 +0200] "GET /gorjuss-jotter-with-pen-my-story-p-41193.html HTTP/1.0" 301 71043 "-" "Mozilla/5.0 (compatible; SemrushBot/7~bl; +http://www.semrush.com/bot.html)"
192.99.36.166 - - [14/Apr/2022:09:12:12 +0200] "GET /superman-satchel-p-30370.html HTTP/1.0" 200 73686 "-" "Mozilla/5.0 (compatible; MJ12bot/v1.4.8; http://mj12bot.com/)"
158.69.243.138 - - [14/Apr/2022:09:12:13 +0200] "GET /-p-37604.html HTTP/1.0" 200 70808 "-" "Mozilla/5.0 (compatible; MJ12bot/v1.4.8; http://mj12bot.com/)"
192.99.36.166 - - [14/Apr/2022:09:12:15 +0200] "GET /superman-shoulder-bag-p-10663.html HTTP/1.0" 301 70980 "-" "Mozilla/5.0 (compatible; MJ12bot/v1.4.8; http://mj12bot.com/)"
185.191.171.5 - - [14/Apr/2022:09:12:15 +0200] "GET /gorjuss-jotter-with-story-p-41193.html HTTP/1.0" 200 70951 "-" "Mozilla/5.0 (compatible; SemrushBot/7~bl; +http://www.semrush.com/bot.html)"
185.191.171.21 - - [14/Apr/2022:09:12:18 +0200] "GET /large-candle-sugar-spice-p-42628.html?action=add_product HTTP/1.0" 302 476 "-" "Mozilla/5.0 (compatible; SemrushBot/7~bl; +http://www.semrush.com/bot.html)"
185.191.171.2 - - [14/Apr/2022:09:12:18 +0200] "GET /robots.txt HTTP/1.0" 200 245 "-" "Mozilla/5.0 (compatible; SemrushBot/7~bl; +http://www.semrush.com/bot.html)"
158.69.243.138 - - [14/Apr/2022:09:12:16 +0200] "GET /superhero-pig-piggy-bank-p-37602.html HTTP/1.0" 301 70875 "-" "Mozilla/5.0 (compatible; MJ12bot/v1.4.8; http://mj12bot.com/)"
192.99.36.166 - - [14/Apr/2022:09:12:18 +0200] "GET /superman-shoulder-p-10663.html HTTP/1.0" 200 70896 "-" "Mozilla/5.0 (compatible; MJ12bot/v1.4.8; http://mj12bot.com/)"
158.69.243.138 - - [14/Apr/2022:09:12:21 +0200] "GET /-p-37602.html HTTP/1.0" 200 70808 "-" "Mozilla/5.0 (compatible; MJ12bot/v1.4.8; http://mj12bot.com/)"
192.99.36.166 - - [14/Apr/2022:09:12:21 +0200] "GET /support-metal-bottle-the-barman-p-41700.html HTTP/1.0" 301 73687 "-" "Mozilla/5.0 (compatible; MJ12bot/v1.4.8; http://mj12bot.com/)"
158.69.243.138 - - [14/Apr/2022:09:12:25 +0200] "GET /superman-backpack-p-30368.html HTTP/1.0" 200 70866 "-" "Mozilla/5.0 (compatible; MJ12bot/v1.4.8; http://mj12bot.com/)"
192.99.36.166 - - [14/Apr/2022:09:12:25 +0200] "GET /support-metal-bottle-barman-p-41700.html HTTP/1.0" 200 73593 "-" "Mozilla/5.0 (compatible; MJ12bot/v1.4.8; http://mj12bot.com/)"
192.99.36.166 - - [14/Apr/2022:09:12:28 +0200] "GET /support-metal-bottle-the-fisherman-p-39633.html HTTP/1.0" 301 73708 "-" "Mozilla/5.0 (compatible; MJ12bot/v1.4.8; http://mj12bot.com/)"
158.69.243.138 - - [14/Apr/2022:09:12:29 +0200] "GET /superman-batman-blue-training-bottle-p-35779.html HTTP/1.0" 200 70979 "-" "Mozilla/5.0 (compatible; MJ12bot/v1.4.8; http://mj12bot.com/)"
192.99.36.166 - - [14/Apr/2022:09:12:31 +0200] "GET /support-metal-bottle-fisherman-p-39633.html HTTP/1.0" 200 73611 "-" "Mozilla/5.0 (compatible; MJ12bot/v1.4.8; http://mj12bot.com/)"
185.191.171.33 - - [14/Apr/2022:09:12:33 +0200] "GET /ceramic-salt-with-spoon-senteurs-p-47875.html HTTP/1.0" 200 73518 "-" "Mozilla/5.0 (compatible; SemrushBot/7~bl; +http://www.semrush.com/bot.html)"
158.69.243.138 - - [14/Apr/2022:09:12:32 +0200] "GET /superman-batman-red-training-bottle-p-35778.html HTTP/1.0" 301 71064 "-" "Mozilla/5.0 (compatible; MJ12bot/v1.4.8; http://mj12bot.com/)"
192.99.36.166 - - [14/Apr/2022:09:12:34 +0200] "GET /support-metal-bottle-the-rugby-p-39632.html HTTP/1.0" 301 71040 "-" "Mozilla/5.0 (compatible; MJ12bot/v1.4.8; http://mj12bot.com/)"
185.191.171.3 - - [14/Apr/2022:09:12:36 +0200] "GET /beige-perfume-diffuser-p-31891.html?action=add_product HTTP/1.0" 302 476 "-" "Mozilla/5.0 (compatible; SemrushBot/7~bl; +http://www.semrush.com/bot.html)"
192.99.36.166 - - [14/Apr/2022:09:12:37 +0200] "GET /support-metal-bottle-rugby-p-39632.html HTTP/1.0" 200 70947 "-" "Mozilla/5.0 (compatible; MJ12bot/v1.4.8; http://mj12bot.com/)"
158.69.243.138 - - [14/Apr/2022:09:12:38 +0200] "GET /superman-batman-training-bottle-p-35778.html HTTP/1.0" 200 70966 "-" "Mozilla/5.0 (compatible; MJ12bot/v1.4.8; http://mj12bot.com/)"
192.99.36.166 - - [14/Apr/2022:09:12:40 +0200] "GET /surf-longboard-metal-plate-deco-p-35410.html HTTP/1.0" 301 70875 "-" "Mozilla/5.0 (compatible; MJ12bot/v1.4.8; http://mj12bot.com/)"
158.69.243.138 - - [14/Apr/2022:09:12:42 +0200] "GET /superman-gray-cap-scarf-set-size-10-years-p-23959.html HTTP/1.0" 301 70875 "-" "Mozilla/5.0 (compatible; MJ12bot/v1.4.8; http://mj12bot.com/)"
192.99.36.166 - - [14/Apr/2022:09:12:43 +0200] "GET /-p-35410.html HTTP/1.0" 200 70808 "-" "Mozilla/5.0 (compatible; MJ12bot/v1.4.8; http://mj12bot.com/)"
158.69.243.138 - - [14/Apr/2022:09:12:46 +0200] "GET /-p-23959.html HTTP/1.0" 200 70808 "-" "Mozilla/5.0 (compatible; MJ12bot/v1.4.8; http://mj12bot.com/)"
192.99.36.166 - - [14/Apr/2022:09:12:46 +0200] "GET /surf-sur-la-vague-little-tray-19-15-cm-p-39725.html HTTP/1.0" 301 70875 "-" "Mozilla/5.0 (compatible; MJ12bot/v1.4.8; http://mj12bot.com/)"
192.99.36.166 - - [14/Apr/2022:09:12:49 +0200] "GET /-p-39725.html HTTP/1.0" 200 70808 "-" "Mozilla/5.0 (compatible; MJ12bot/v1.4.8; http://mj12bot.com/)"
158.69.243.138 - - [14/Apr/2022:09:12:50 +0200] "GET /superman-mug-and-plate-box-p-16429.html HTTP/1.0" 301 74119 "-" "Mozilla/5.0 (compatible; MJ12bot/v1.4.8; http://mj12bot.com/)"
192.99.36.166 - - [14/Apr/2022:09:12:52 +0200] "GET /surfboard-wooden-wall-decoration-60-20-cm-p-41726.html HTTP/1.0" 301 71091 "-" "Mozilla/5.0 (compatible; MJ12bot/v1.4.8; http://mj12bot.com/)"
158.69.243.138 - - [14/Apr/2022:09:12:54 +0200] "GET /superman-plate-p-16429.html HTTP/1.0" 200 74038 "-" "Mozilla/5.0 (compatible; MJ12bot/v1.4.8; http://mj12bot.com/)"
192.99.36.166 - - [14/Apr/2022:09:12:54 +0200] "GET /surfboard-wooden-wall-decoration-p-41726.html HTTP/1.0" 200 70992 "-" "Mozilla/5.0 (compatible; MJ12bot/v1.4.8; http://mj12bot.com/)"
192.99.36.166 - - [14/Apr/2022:09:12:58 +0200] "GET /surfboard-wooden-wall-decoration-60-20-cm-p-41728.html HTTP/1.0" 301 71091 "-" "Mozilla/5.0 (compatible; MJ12bot/v1.4.8; http://mj12bot.com/)"
158.69.243.138 - - [14/Apr/2022:09:12:59 +0200] "GET /superman-mug-and-plate-box-p-16430.html HTTP/1.0" 301 74119 "-" "Mozilla/5.0 (compatible; MJ12bot/v1.4.8; http://mj12bot.com/)"
192.99.36.166 - - [14/Apr/2022:09:13:01 +0200] "GET /surfboard-wooden-wall-decoration-p-41728.html HTTP/1.0" 200 70992 "-" "Mozilla/5.0 (compatible; MJ12bot/v1.4.8; http://mj12bot.com/)"
158.69.243.138 - - [14/Apr/2022:09:13:03 +0200] "GET /superman-plate-p-16430.html HTTP/1.0" 200 74038 "-" "Mozilla/5.0 (compatible; MJ12bot/v1.4.8; http://mj12bot.com/)"
192.99.36.166 - - [14/Apr/2022:09:13:04 +0200] "GET /suzuki-gsx-1300r-hayabusa-112-p-30520.html HTTP/1.0" 301 71019 "-" "Mozilla/5.0 (compatible; MJ12bot/v1.4.8; http://mj12bot.com/)"
54.36.148.243 - - [14/Apr/2022:09:13:07 +0200] "GET /decorative-brass-telescope-p-51516.html HTTP/1.0" 200 74116 "-" "Mozilla/5.0 (compatible; AhrefsBot/7.0; +http://ahrefs.com/robot/)"
158.69.243.138 - - [14/Apr/2022:09:13:07 +0200] "GET /superman-mug-and-plate-box-p-16431.html HTTP/1.0" 301 74069 "-" "Mozilla/5.0 (compatible; MJ12bot/v1.4.8; http://mj12bot.com/)"
192.99.36.166 - - [14/Apr/2022:09:13:07 +0200] "GET /suzuki-1300r-hayabusa-p-30520.html HTTP/1.0" 200 70931 "-" "Mozilla/5.0 (compatible; MJ12bot/v1.4.8; http://mj12bot.com/)"
