50.239.87.115 - - [14/Apr/2022:14:41:52 +0200] "GET /templates/Pixame_v1/images/Bottom_texture.jpg HTTP/1.0" 200 280 "http://www.wonder-geek.com/sonny-angel-cherry-blossom-series-night-version-figures-p-54723.html" "Mozilla/5.0 (iPad; CPU OS 14_7 like Mac OS X) AppleWebKit/605.1.15 (KHTML, like Gecko) GSA/206.1.438432329 Mobile/15E148 Safari/604.1"
50.239.87.115 - - [14/Apr/2022:14:41:52 +0200] "GET /templates/Pixame_v1/images/Middle_texture.jpg HTTP/1.0" 200 280 "http://www.wonder-geek.com/sonny-angel-cherry-blossom-series-night-version-figures-p-54723.html" "Mozilla/5.0 (iPad; CPU OS 14_7 like Mac OS X) AppleWebKit/605.1.15 (KHTML, like Gecko) GSA/206.1.438432329 Mobile/15E148 Safari/604.1"
50.239.87.115 - - [14/Apr/2022:14:41:52 +0200] "GET /templates/Pixame_v1/images/nav.png HTTP/1.0" 200 268 "http://www.wonder-geek.com/sonny-angel-cherry-blossom-series-night-version-figures-p-54723.html" "Mozilla/5.0 (iPad; CPU OS 14_7 like Mac OS X) AppleWebKit/605.1.15 (KHTML, like Gecko) GSA/206.1.438432329 Mobile/15E148 Safari/604.1"
50.239.87.115 - - [14/Apr/2022:14:41:52 +0200] "GET /templates/Pixame_v1/images/header.png HTTP/1.0" 200 271 "http://www.wonder-geek.com/sonny-angel-cherry-blossom-series-night-version-figures-p-54723.html" "Mozilla/5.0 (iPad; CPU OS 14_7 like Mac OS X) AppleWebKit/605.1.15 (KHTML, like Gecko) GSA/206.1.438432329 Mobile/15E148 Safari/604.1"
50.239.87.115 - - [14/Apr/2022:14:41:52 +0200] "GET /templates/Pixame_v1/images/header-object.png HTTP/1.0" 200 278 "http://www.wonder-geek.com/sonny-angel-cherry-blossom-series-night-version-figures-p-54723.html" "Mozilla/5.0 (iPad; CPU OS 14_7 like Mac OS X) AppleWebKit/605.1.15 (KHTML, like Gecko) GSA/206.1.438432329 Mobile/15E148 Safari/604.1"
50.239.87.115 - - [14/Apr/2022:14:41:52 +0200] "GET /design/productsenstock.png HTTP/1.0" 200 260 "http://www.wonder-geek.com/sonny-angel-cherry-blossom-series-night-version-figures-p-54723.html" "Mozilla/5.0 (iPad; CPU OS 14_7 like Mac OS X) AppleWebKit/605.1.15 (KHTML, like Gecko) GSA/206.1.438432329 Mobile/15E148 Safari/604.1"
50.239.87.115 - - [14/Apr/2022:14:41:53 +0200] "GET /templates/Pixame_v1/images/infobox/infobox_footer_middle.gif HTTP/1.0" 200 357 "http://www.wonder-geek.com/sonny-angel-cherry-blossom-series-night-version-figures-p-54723.html" "Mozilla/5.0 (iPad; CPU OS 14_7 like Mac OS X) AppleWebKit/605.1.15 (KHTML, like Gecko) GSA/206.1.438432329 Mobile/15E148 Safari/604.1"
50.239.87.115 - - [14/Apr/2022:14:41:53 +0200] "GET /highslide/graphics/zoomin.cur HTTP/1.0" 200 614 "http://www.wonder-geek.com/sonny-angel-cherry-blossom-series-night-version-figures-p-54723.html" "Mozilla/5.0 (iPad; CPU OS 14_7 like Mac OS X) AppleWebKit/605.1.15 (KHTML, like Gecko) GSA/206.1.438432329 Mobile/15E148 Safari/604.1"
54.36.148.243 - - [14/Apr/2022:14:41:51 +0200] "GET /devil-white-woman-shirt-p-30744.html HTTP/1.0" 200 75465 "-" "Mozilla/5.0 (compatible; AhrefsBot/7.0; +http://ahrefs.com/robot/)"
50.239.87.115 - - [14/Apr/2022:14:41:53 +0200] "GET /highslide/graphics/outlines/drop-shadow.png HTTP/1.0" 200 277 "http://www.wonder-geek.com/sonny-angel-cherry-blossom-series-night-version-figures-p-54723.html" "Mozilla/5.0 (iPad; CPU OS 14_7 like Mac OS X) AppleWebKit/605.1.15 (KHTML, like Gecko) GSA/206.1.438432329 Mobile/15E148 Safari/604.1"
50.239.87.115 - - [14/Apr/2022:14:41:53 +0200] "GET /highslide/graphics/zoomout.cur HTTP/1.0" 200 614 "http://www.wonder-geek.com/sonny-angel-cherry-blossom-series-night-version-figures-p-54723.html" "Mozilla/5.0 (iPad; CPU OS 14_7 like Mac OS X) AppleWebKit/605.1.15 (KHTML, like Gecko) GSA/206.1.438432329 Mobile/15E148 Safari/604.1"
50.239.87.115 - - [14/Apr/2022:14:41:53 +0200] "GET /highslide/graphics/loader.white.gif HTTP/1.0" 200 960 "http://www.wonder-geek.com/sonny-angel-cherry-blossom-series-night-version-figures-p-54723.html" "Mozilla/5.0 (iPad; CPU OS 14_7 like Mac OS X) AppleWebKit/605.1.15 (KHTML, like Gecko) GSA/206.1.438432329 Mobile/15E148 Safari/604.1"
40.77.167.106 - - [14/Apr/2022:14:42:10 +0200] "GET /robots.txt HTTP/1.0" 200 245 "-" "Mozilla/5.0 (compatible; bingbot/2.0; +http://www.bing.com/bingbot.htm)"
17.121.114.206 - - [14/Apr/2022:14:42:17 +0200] "GET /small-baby-teeth-p-51579.html HTTP/1.0" 200 74344 "-" "Mozilla/5.0 (Macintosh; Intel Mac OS X 10_15_5) AppleWebKit/605.1.15 (KHTML, like Gecko) Version/13.1.1 Safari/605.1.15 (Applebot/0.1; +http://www.apple.com/go/applebot)"
185.191.171.44 - - [14/Apr/2022:14:42:32 +0200] "GET /white-bear-pompon-p-46907.html?action=add_product HTTP/1.0" 302 476 "-" "Mozilla/5.0 (compatible; SemrushBot/7~bl; +http://www.semrush.com/bot.html)"
216.244.66.242 - - [14/Apr/2022:14:42:35 +0200] "GET /football-pencil-case-p-40968.html HTTP/1.0" 200 70899 "-" "Mozilla/5.0 (compatible; DotBot/1.2; +https://opensiteexplorer.org/dotbot; help@moz.com)"
185.191.171.39 - - [14/Apr/2022:14:42:36 +0200] "GET /saucer-p-40672.html HTTP/1.0" 200 73350 "-" "Mozilla/5.0 (compatible; SemrushBot/7~bl; +http://www.semrush.com/bot.html)"
87.250.224.149 - - [14/Apr/2022:14:42:39 +0200] "GET /robots.txt HTTP/1.0" 200 245 "-" "Mozilla/5.0 (compatible; YandexBot/3.0; +http://yandex.com/bots)"
87.250.224.149 - - [14/Apr/2022:14:42:43 +0200] "GET /votive-candle-hours-citrus-crush-p-33127.html HTTP/1.0" 200 74732 "-" "Mozilla/5.0 (compatible; YandexBot/3.0; +http://yandex.com/bots)"
216.244.66.242 - - [14/Apr/2022:14:42:43 +0200] "GET /paulownia-ball-lantern-p-45415.html HTTP/1.0" 200 73535 "-" "Mozilla/5.0 (compatible; DotBot/1.2; +https://opensiteexplorer.org/dotbot; help@moz.com)"
185.191.171.41 - - [14/Apr/2022:14:42:56 +0200] "GET /sainte-rita-prayer-candle-novena-p-43998.html HTTP/1.0" 200 74306 "-" "Mozilla/5.0 (compatible; SemrushBot/7~bl; +http://www.semrush.com/bot.html)"
185.191.171.16 - - [14/Apr/2022:14:43:03 +0200] "GET /-p-35538.html?action=add_product HTTP/1.0" 302 476 "-" "Mozilla/5.0 (compatible; SemrushBot/7~bl; +http://www.semrush.com/bot.html)"
216.244.66.242 - - [14/Apr/2022:14:43:10 +0200] "GET /faustine-potholder-20-cm-p-44527.html HTTP/1.0" 301 73534 "-" "Mozilla/5.0 (compatible; DotBot/1.2; +https://opensiteexplorer.org/dotbot; help@moz.com)"
54.36.148.243 - - [14/Apr/2022:14:43:16 +0200] "GET /clock-hang-cats-musicians-kiub-p-57974.html HTTP/1.0" 200 72834 "-" "Mozilla/5.0 (compatible; AhrefsBot/7.0; +http://ahrefs.com/robot/)"
216.244.66.242 - - [14/Apr/2022:14:43:20 +0200] "GET /indian-metal-plate-295-cm-p-47171.html HTTP/1.0" 301 73536 "-" "Mozilla/5.0 (compatible; DotBot/1.2; +https://opensiteexplorer.org/dotbot; help@moz.com)"
185.191.171.18 - - [14/Apr/2022:14:43:43 +0200] "GET /maya-vase-in-burgundy-and-beige-ceramic-15-cm-p-53372.html HTTP/1.0" 301 71051 "-" "Mozilla/5.0 (compatible; SemrushBot/7~bl; +http://www.semrush.com/bot.html)"
185.191.171.5 - - [14/Apr/2022:14:43:46 +0200] "GET /maya-vase-burgundy-beige-ceramic-p-53372.html HTTP/1.0" 200 70952 "-" "Mozilla/5.0 (compatible; SemrushBot/7~bl; +http://www.semrush.com/bot.html)"
216.244.66.242 - - [14/Apr/2022:14:43:57 +0200] "GET /nuova-fiat-500-large-metal-plate-p-15600.html HTTP/1.0" 301 73614 "-" "Mozilla/5.0 (compatible; DotBot/1.2; +https://opensiteexplorer.org/dotbot; help@moz.com)"
66.249.93.249 - - [14/Apr/2022:14:44:04 +0200] "GET /images/big_prod/3700572750576.jpg HTTP/1.0" 200 268 "-" "Mozilla/5.0 (Windows NT 5.1; rv:11.0) Gecko Firefox/11.0 (via ggpht.com GoogleImageProxy)"
157.55.39.99 - - [14/Apr/2022:14:44:03 +0200] "GET /floor-cushions-c-11_182.html HTTP/1.0" 200 91671 "-" "Mozilla/5.0 (compatible; bingbot/2.0; +http://www.bing.com/bingbot.htm)"
216.244.66.242 - - [14/Apr/2022:14:44:11 +0200] "GET /provence-small-ceramic-ashtray-p-52635.html HTTP/1.0" 200 73505 "-" "Mozilla/5.0 (compatible; DotBot/1.2; +https://opensiteexplorer.org/dotbot; help@moz.com)"
185.191.171.6 - - [14/Apr/2022:14:44:11 +0200] "GET /protects-plastic-mattress-p-36800.html HTTP/1.0" 200 73633 "-" "Mozilla/5.0 (compatible; SemrushBot/7~bl; +http://www.semrush.com/bot.html)"
185.191.171.5 - - [14/Apr/2022:14:44:15 +0200] "GET /polar-bear-jewelry-support-statuette-p-47112.html?action=add_product HTTP/1.0" 302 476 "-" "Mozilla/5.0 (compatible; SemrushBot/7~bl; +http://www.semrush.com/bot.html)"
54.36.148.243 - - [14/Apr/2022:14:44:17 +0200] "GET /storing-cereals-frenchy-style-p-57968.html HTTP/1.0" 200 74335 "-" "Mozilla/5.0 (compatible; AhrefsBot/7.0; +http://ahrefs.com/robot/)"
157.55.39.99 - - [14/Apr/2022:14:44:24 +0200] "GET /js/jquery.masonry.min.js HTTP/1.0" 200 264 "-" "Mozilla/5.0 (compatible; bingbot/2.0; +http://www.bing.com/bingbot.htm)"
216.244.66.242 - - [14/Apr/2022:14:44:31 +0200] "GET /figurine-caricature-in-polyresine-15-cm-the-fireman-p-41151.html HTTP/1.0" 301 73830 "-" "Mozilla/5.0 (compatible; DotBot/1.2; +https://opensiteexplorer.org/dotbot; help@moz.com)"
185.191.171.18 - - [14/Apr/2022:14:44:35 +0200] "GET /topped-kit-gorjuss-ruby-compartments-p-41183.html HTTP/1.0" 301 71067 "-" "Mozilla/5.0 (compatible; SemrushBot/7~bl; +http://www.semrush.com/bot.html)"
185.191.171.45 - - [14/Apr/2022:14:44:38 +0200] "GET /topped-gorjuss-ruby-compartments-p-41183.html HTTP/1.0" 200 70968 "-" "Mozilla/5.0 (compatible; SemrushBot/7~bl; +http://www.semrush.com/bot.html)"
185.191.171.21 - - [14/Apr/2022:14:44:45 +0200] "GET /cushion-cover-blue-duck-p-50050.html?action=add_product HTTP/1.0" 302 476 "-" "Mozilla/5.0 (compatible; SemrushBot/7~bl; +http://www.semrush.com/bot.html)"
54.36.148.243 - - [14/Apr/2022:14:45:23 +0200] "GET /cubi-door-wood-copains-abord-p-56140.html HTTP/1.0" 200 74249 "-" "Mozilla/5.0 (compatible; AhrefsBot/7.0; +http://ahrefs.com/robot/)"
185.191.171.39 - - [14/Apr/2022:14:45:36 +0200] "GET /little-frog-savings-bank-p-48694.html HTTP/1.0" 200 73442 "-" "Mozilla/5.0 (compatible; SemrushBot/7~bl; +http://www.semrush.com/bot.html)"
185.191.171.10 - - [14/Apr/2022:14:45:41 +0200] "GET /barcelone-workbook-p-52054.html HTTP/1.0" 200 70876 "-" "Mozilla/5.0 (compatible; SemrushBot/7~bl; +http://www.semrush.com/bot.html)"
114.119.137.38 - - [14/Apr/2022:14:45:51 +0200] "GET /door-plate-for-the-restroom-p-52388.html HTTP/1.0" 301 74172 "-" "Mozilla/5.0 (Linux; Android 7.0;) AppleWebKit/537.36 (KHTML, like Gecko) Mobile Safari/537.36 (compatible; PetalBot;+https://webmaster.petalsearch.com/site/petalbot)"
114.119.137.38 - - [14/Apr/2022:14:45:56 +0200] "GET /door-plate-restroom-p-52388.html HTTP/1.0" 200 74086 "-" "Mozilla/5.0 (Linux; Android 7.0;) AppleWebKit/537.36 (KHTML, like Gecko) Mobile Safari/537.36 (compatible; PetalBot;+https://webmaster.petalsearch.com/site/petalbot)"
185.191.171.25 - - [14/Apr/2022:14:46:16 +0200] "GET /burlap-round-table-set-bistrot-p-51525.html HTTP/1.0" 301 74150 "-" "Mozilla/5.0 (compatible; SemrushBot/7~bl; +http://www.semrush.com/bot.html)"
185.191.171.15 - - [14/Apr/2022:14:46:22 +0200] "GET /burlap-round-table-bistrot-p-51525.html HTTP/1.0" 200 74057 "-" "Mozilla/5.0 (compatible; SemrushBot/7~bl; +http://www.semrush.com/bot.html)"
54.36.148.243 - - [14/Apr/2022:14:46:28 +0200] "GET /vanua-cotton-basket-planter-p-57834.html HTTP/1.0" 200 74309 "-" "Mozilla/5.0 (compatible; AhrefsBot/7.0; +http://ahrefs.com/robot/)"
66.249.64.146 - - [14/Apr/2022:14:46:45 +0200] "GET /walking-dead-keep-out-poster-p-32311.html HTTP/1.0" 301 70993 "-" "Mozilla/5.0 (Linux; Android 6.0.1; Nexus 5X Build/MMB29P) AppleWebKit/537.36 (KHTML, like Gecko) Chrome/99.0.4844.84 Mobile Safari/537.36 (compatible; Googlebot/2.1; +http://www.google.com/bot.html)"
66.249.64.152 - - [14/Apr/2022:14:46:46 +0200] "GET /walking-dead-keep-poster-p-32311.html HTTP/1.0" 200 70902 "-" "Mozilla/5.0 (Linux; Android 6.0.1; Nexus 5X Build/MMB29P) AppleWebKit/537.36 (KHTML, like Gecko) Chrome/99.0.4844.84 Mobile Safari/537.36 (compatible; Googlebot/2.1; +http://www.google.com/bot.html)"
185.191.171.45 - - [14/Apr/2022:14:46:57 +0200] "GET /johnny-hallyday-decorative-wood-plaque-p-43489.html?action=add_product HTTP/1.0" 302 476 "-" "Mozilla/5.0 (compatible; SemrushBot/7~bl; +http://www.semrush.com/bot.html)"
207.46.13.25 - - [14/Apr/2022:14:47:12 +0200] "GET /luggages-schoolbags-leather-shop/pencil-case/top-model-pink-pencil-case-p-17813.html HTTP/1.0" 301 70875 "-" "Mozilla/5.0 (compatible; bingbot/2.0; +http://www.bing.com/bingbot.htm)"
185.191.171.26 - - [14/Apr/2022:14:47:20 +0200] "GET /avengers-stickers-p-31212.html HTTP/1.0" 200 73454 "-" "Mozilla/5.0 (compatible; SemrushBot/7~bl; +http://www.semrush.com/bot.html)"
87.250.224.149 - - [14/Apr/2022:14:47:28 +0200] "GET /barbecue-aperitif-c-12_254.html?page=2 HTTP/1.0" 200 81773 "-" "Mozilla/5.0 (compatible; YandexBot/3.0; +http://yandex.com/bots)"
54.36.148.243 - - [14/Apr/2022:14:47:38 +0200] "GET /glasses-case-c-31_164.html?page=2 HTTP/1.0" 200 91255 "-" "Mozilla/5.0 (compatible; AhrefsBot/7.0; +http://ahrefs.com/robot/)"
20.99.217.146 - - [14/Apr/2022:14:47:46 +0200] "GET /images/mini_prod/3503420192241.jpg HTTP/1.0" 200 269 "-" "Mozilla/5.0 (X11; Ubuntu; Linux x86_64; rv:72.0) Gecko/20100101 Firefox/72.0"
157.55.39.42 - - [14/Apr/2022:14:48:32 +0200] "GET /metal-cylindrical-p-52612.html HTTP/1.0" 200 73553 "-" "Mozilla/5.0 (compatible; bingbot/2.0; +http://www.bing.com/bingbot.htm)"
54.36.148.243 - - [14/Apr/2022:14:48:54 +0200] "GET /armand-elephant-nightlight-p-57819.html HTTP/1.0" 200 74290 "-" "Mozilla/5.0 (compatible; AhrefsBot/7.0; +http://ahrefs.com/robot/)"
185.191.171.35 - - [14/Apr/2022:14:49:23 +0200] "GET /galileo-thermometer-indoors-p-55398.html?action=add_product HTTP/1.0" 302 476 "-" "Mozilla/5.0 (compatible; SemrushBot/7~bl; +http://www.semrush.com/bot.html)"
185.191.171.45 - - [14/Apr/2022:14:49:34 +0200] "GET /bamboo-storage-boxes-p-54610.html?action=add_product HTTP/1.0" 302 476 "-" "Mozilla/5.0 (compatible; SemrushBot/7~bl; +http://www.semrush.com/bot.html)"
94.130.19.112 - - [14/Apr/2022:14:49:36 +0200] "GET /images/mini_prod/5036278051203.jpg HTTP/1.0" 200 269 "-" "Mozilla/5.0 (X11; Ubuntu; Linux x86_64; rv:72.0) Gecko/20100101 Firefox/72.0"
185.191.171.16 - - [14/Apr/2022:14:49:45 +0200] "GET /barbapapa-pastry-making-kit-p-11659.html HTTP/1.0" 301 70988 "-" "Mozilla/5.0 (compatible; SemrushBot/7~bl; +http://www.semrush.com/bot.html)"
185.191.171.19 - - [14/Apr/2022:14:49:48 +0200] "GET /barbapapa-pastry-making-p-11659.html HTTP/1.0" 200 70898 "-" "Mozilla/5.0 (compatible; SemrushBot/7~bl; +http://www.semrush.com/bot.html)"
185.191.171.5 - - [14/Apr/2022:14:49:54 +0200] "GET /candle-made-france-hours-opium-p-43885.html?action=add_product HTTP/1.0" 302 476 "-" "Mozilla/5.0 (compatible; SemrushBot/7~bl; +http://www.semrush.com/bot.html)"
114.119.137.3 - - [14/Apr/2022:14:49:54 +0200] "GET /fiat-500-white-mug-p-11776.html HTTP/1.0" 301 73430 "-" "Mozilla/5.0 (Linux; Android 7.0;) AppleWebKit/537.36 (KHTML, like Gecko) Mobile Safari/537.36 (compatible; PetalBot;+https://webmaster.petalsearch.com/site/petalbot)"
114.119.137.3 - - [14/Apr/2022:14:49:58 +0200] "GET /fiat-white-p-11776.html HTTP/1.0" 200 73353 "-" "Mozilla/5.0 (Linux; Android 7.0;) AppleWebKit/537.36 (KHTML, like Gecko) Mobile Safari/537.36 (compatible; PetalBot;+https://webmaster.petalsearch.com/site/petalbot)"
54.36.148.243 - - [14/Apr/2022:14:50:06 +0200] "GET /night-clothes-c-1_24.html HTTP/1.0" 200 69741 "-" "Mozilla/5.0 (compatible; AhrefsBot/7.0; +http://ahrefs.com/robot/)"
185.191.171.3 - - [14/Apr/2022:14:50:25 +0200] "GET /cambodge-rectangulary-cushion-cbkreation-p-36724.html?action=add_product HTTP/1.0" 302 476 "-" "Mozilla/5.0 (compatible; SemrushBot/7~bl; +http://www.semrush.com/bot.html)"
185.191.171.21 - - [14/Apr/2022:14:50:57 +0200] "GET /stone-peacock-feather-flower-p-54184.html HTTP/1.0" 200 70918 "-" "Mozilla/5.0 (compatible; SemrushBot/7~bl; +http://www.semrush.com/bot.html)"
51.68.224.127 - - [14/Apr/2022:14:50:59 +0200] "GET /adminweb/export_orders_xml.php?token=256de2z6edz6ed2z6DFSFsed2zed6zeDSFDSGdzedezfzf&maxorders=10&orderstart=1&status=14&start_date=2018-10-01 HTTP/1.0" 200 285 "-" "GesCom CharlotteBoutik Serveur"
51.68.224.127 - - [14/Apr/2022:14:50:59 +0200] "GET /adminweb/export_orders_xml.php?token=256de2z6edz6ed2z6DFSFsed2zed6zeDSFDSGdzedezfzf&maxorders=10&orderstart=1&status=6&start_date=2018-10-01 HTTP/1.0" 200 32865 "-" "GesCom CharlotteBoutik Serveur"
185.191.171.21 - - [14/Apr/2022:14:51:08 +0200] "GET /premium-percale-cotton-p-46752.html HTTP/1.0" 200 74405 "-" "Mozilla/5.0 (compatible; SemrushBot/7~bl; +http://www.semrush.com/bot.html)"
211.249.40.15 - - [14/Apr/2022:14:51:18 +0200] "GET /images/mini_prod/4029811336333.jpg HTTP/1.0" 200 269 "-" "Mozilla/5.0 (X11; Ubuntu; Linux x86_64; rv:72.0) Gecko/20100101 Firefox/72.0"
54.36.148.243 - - [14/Apr/2022:14:51:26 +0200] "GET /wooden-boxes-storage-c-13_150_220.html HTTP/1.0" 200 90941 "-" "Mozilla/5.0 (compatible; AhrefsBot/7.0; +http://ahrefs.com/robot/)"
185.191.171.14 - - [14/Apr/2022:14:52:03 +0200] "GET /duvet-cover-in-cotton-percale-80-threads-140-200-cm-p-51262.html HTTP/1.0" 301 73848 "-" "Mozilla/5.0 (compatible; SemrushBot/7~bl; +http://www.semrush.com/bot.html)"
216.244.66.242 - - [14/Apr/2022:14:52:05 +0200] "GET /linen-c-68.html?page=3 HTTP/1.0" 301 91953 "-" "Mozilla/5.0 (compatible; DotBot/1.2; +https://opensiteexplorer.org/dotbot; help@moz.com)"
185.191.171.7 - - [14/Apr/2022:14:52:06 +0200] "GET /duvet-cover-cotton-percale-threads-p-51262.html HTTP/1.0" 200 73747 "-" "Mozilla/5.0 (compatible; SemrushBot/7~bl; +http://www.semrush.com/bot.html)"
207.46.13.189 - - [14/Apr/2022:14:52:11 +0200] "GET /minions-aluminum-sports-bottle-p-31755.html HTTP/1.0" 200 73539 "-" "Mozilla/5.0 (compatible; bingbot/2.0; +http://www.bing.com/bingbot.htm)"
54.36.148.243 - - [14/Apr/2022:14:52:41 +0200] "GET /volkswagen-p-40284.html HTTP/1.0" 200 73387 "-" "Mozilla/5.0 (compatible; AhrefsBot/7.0; +http://ahrefs.com/robot/)"
185.191.171.18 - - [14/Apr/2022:14:52:56 +0200] "GET /collectible-figurines-and-decorative-c-13_135.html?page=49 HTTP/1.0" 301 97427 "-" "Mozilla/5.0 (compatible; SemrushBot/7~bl; +http://www.semrush.com/bot.html)"
185.191.171.37 - - [14/Apr/2022:14:52:59 +0200] "GET /collectible-figurines-decorative-c-135.html?page=49 HTTP/1.0" 301 97304 "-" "Mozilla/5.0 (compatible; SemrushBot/7~bl; +http://www.semrush.com/bot.html)"
185.191.171.13 - - [14/Apr/2022:14:53:03 +0200] "GET /collectible-figurines-decorative-c-13_135.html?page=49 HTTP/1.0" 200 97322 "-" "Mozilla/5.0 (compatible; SemrushBot/7~bl; +http://www.semrush.com/bot.html)"
185.191.171.24 - - [14/Apr/2022:14:53:52 +0200] "GET /peux-trop-froid-water-bottle-p-56132.html?action=add_product HTTP/1.0" 302 476 "-" "Mozilla/5.0 (compatible; SemrushBot/7~bl; +http://www.semrush.com/bot.html)"
54.36.148.243 - - [14/Apr/2022:14:54:00 +0200] "GET /peace-small-cbkreation-p-15046.html HTTP/1.0" 200 73497 "-" "Mozilla/5.0 (compatible; AhrefsBot/7.0; +http://ahrefs.com/robot/)"
185.191.171.34 - - [14/Apr/2022:14:55:05 +0200] "GET /chair-cushion-sides-khaki-linen-p-54645.html HTTP/1.0" 200 74690 "-" "Mozilla/5.0 (compatible; SemrushBot/7~bl; +http://www.semrush.com/bot.html)"
185.191.171.10 - - [14/Apr/2022:14:55:19 +0200] "GET /small-bamboo-tray-humming-bird-p-49574.html HTTP/1.0" 200 73567 "-" "Mozilla/5.0 (compatible; SemrushBot/7~bl; +http://www.semrush.com/bot.html)"
54.36.148.243 - - [14/Apr/2022:14:55:25 +0200] "GET /tassen-mood-made-germany-p-50706.html HTTP/1.0" 200 74464 "-" "Mozilla/5.0 (compatible; AhrefsBot/7.0; +http://ahrefs.com/robot/)"
185.191.171.39 - - [14/Apr/2022:14:55:26 +0200] "GET /jane-crowther-p-54766.html HTTP/1.0" 200 74132 "-" "Mozilla/5.0 (compatible; SemrushBot/7~bl; +http://www.semrush.com/bot.html)"
157.55.39.42 - - [14/Apr/2022:14:55:33 +0200] "GET /bedclothes-beige-striped-p-44342.html HTTP/1.0" 301 70875 "-" "Mozilla/5.0 (compatible; bingbot/2.0; +http://www.bing.com/bingbot.htm)"
185.191.171.39 - - [14/Apr/2022:14:55:37 +0200] "GET /bamboo-mirror-with-jewelry-compartment-p-53730.html HTTP/1.0" 200 74249 "-" "Mozilla/5.0 (compatible; SemrushBot/7~bl; +http://www.semrush.com/bot.html)"
185.191.171.3 - - [14/Apr/2022:14:56:45 +0200] "GET /frames-angels-wall-stickers-p-36145.html HTTP/1.0" 200 74106 "-" "Mozilla/5.0 (compatible; SemrushBot/7~bl; +http://www.semrush.com/bot.html)"
54.36.148.243 - - [14/Apr/2022:14:56:50 +0200] "GET /buddha-sticker-p-39172.html HTTP/1.0" 200 74074 "-" "Mozilla/5.0 (compatible; AhrefsBot/7.0; +http://ahrefs.com/robot/)"
185.220.101.6 - - [14/Apr/2022:14:56:54 +0200] "GET /contact_us.php HTTP/1.0" 200 26241 "http://www.wonder-geek.com/contact_us.php" "Mozilla/5.0 (Windows NT 6.1; ) AppleWebKit/537.36 (KHTML, like Gecko) Chrome/90.0.4430.72 Safari/537.36"
185.220.101.6 - - [14/Apr/2022:14:57:02 +0200] "POST /contact_us.php?action=send HTTP/1.0" 200 26634 "http://www.wonder-geek.com/contact_us.php" "Mozilla/5.0 (Windows NT 6.1; ) AppleWebKit/537.36 (KHTML, like Gecko) Chrome/90.0.4430.72 Safari/537.36"
185.191.171.1 - - [14/Apr/2022:14:57:07 +0200] "GET /small-jar-candle-violet-moon-p-42623.html HTTP/1.0" 301 71028 "-" "Mozilla/5.0 (compatible; SemrushBot/7~bl; +http://www.semrush.com/bot.html)"
185.191.171.25 - - [14/Apr/2022:14:57:10 +0200] "GET /small-candle-violet-moon-p-42623.html HTTP/1.0" 200 70937 "-" "Mozilla/5.0 (compatible; SemrushBot/7~bl; +http://www.semrush.com/bot.html)"
185.191.171.7 - - [14/Apr/2022:14:57:13 +0200] "GET /pistols-large-shopping-p-15083.html?action=add_product HTTP/1.0" 302 476 "-" "Mozilla/5.0 (compatible; SemrushBot/7~bl; +http://www.semrush.com/bot.html)"
207.46.13.25 - - [14/Apr/2022:14:57:20 +0200] "GET /angry-birds-pencil-sharpener-bright-p-19141.html HTTP/1.0" 200 73871 "-" "Mozilla/5.0 (compatible; bingbot/2.0; +http://www.bing.com/bingbot.htm)"
54.36.148.243 - - [14/Apr/2022:14:58:12 +0200] "GET /vilaines-filles-white-ceramic-toilet-brush-p-57698.html HTTP/1.0" 200 74318 "-" "Mozilla/5.0 (compatible; AhrefsBot/7.0; +http://ahrefs.com/robot/)"
87.250.224.149 - - [14/Apr/2022:14:58:42 +0200] "GET /kimmidoll-protective-hard-case-iphone-p-11366.html HTTP/1.0" 200 73751 "-" "Mozilla/5.0 (compatible; YandexBot/3.0; +http://yandex.com/bots)"
185.191.171.23 - - [14/Apr/2022:14:58:54 +0200] "GET /white-lampshade-p-56792.html HTTP/1.0" 200 74115 "-" "Mozilla/5.0 (compatible; SemrushBot/7~bl; +http://www.semrush.com/bot.html)"
185.191.171.8 - - [14/Apr/2022:14:59:07 +0200] "GET /robots.txt HTTP/1.0" 200 245 "-" "Mozilla/5.0 (compatible; SemrushBot/7~bl; +http://www.semrush.com/bot.html)"
185.191.171.44 - - [14/Apr/2022:14:59:08 +0200] "GET /keith-haring-mug-p-28642.html HTTP/1.0" 301 70875 "-" "Mozilla/5.0 (compatible; SemrushBot/7~bl; +http://www.semrush.com/bot.html)"
185.191.171.16 - - [14/Apr/2022:14:59:10 +0200] "GET /-p-28642.html HTTP/1.0" 200 70808 "-" "Mozilla/5.0 (compatible; SemrushBot/7~bl; +http://www.semrush.com/bot.html)"
185.191.171.12 - - [14/Apr/2022:14:59:25 +0200] "GET /astronaut-skull-moneybox-p-52305.html HTTP/1.0" 200 74054 "-" "Mozilla/5.0 (compatible; SemrushBot/7~bl; +http://www.semrush.com/bot.html)"
54.36.148.243 - - [14/Apr/2022:14:59:34 +0200] "GET /wooden-wall-decor-fatima-hand-p-49167.html HTTP/1.0" 200 74201 "-" "Mozilla/5.0 (compatible; AhrefsBot/7.0; +http://ahrefs.com/robot/)"
185.191.171.40 - - [14/Apr/2022:15:00:26 +0200] "GET /-p-4714.html?action=add_product HTTP/1.0" 302 476 "-" "Mozilla/5.0 (compatible; SemrushBot/7~bl; +http://www.semrush.com/bot.html)"
54.36.148.243 - - [14/Apr/2022:15:00:48 +0200] "GET /dishes-c-12.html?page=77 HTTP/1.0" 200 92439 "-" "Mozilla/5.0 (compatible; AhrefsBot/7.0; +http://ahrefs.com/robot/)"
185.191.171.41 - - [14/Apr/2022:15:01:31 +0200] "GET /teo-jasmin-keychains-p-32016.html HTTP/1.0" 301 73505 "-" "Mozilla/5.0 (compatible; SemrushBot/7~bl; +http://www.semrush.com/bot.html)"
185.191.171.7 - - [14/Apr/2022:15:01:34 +0200] "GET /jasmin-keychains-p-32016.html HTTP/1.0" 200 73422 "-" "Mozilla/5.0 (compatible; SemrushBot/7~bl; +http://www.semrush.com/bot.html)"
54.36.148.243 - - [14/Apr/2022:15:02:10 +0200] "GET /paris-clock-cbkreation-p-28474.html HTTP/1.0" 200 73414 "-" "Mozilla/5.0 (compatible; AhrefsBot/7.0; +http://ahrefs.com/robot/)"
185.191.171.39 - - [14/Apr/2022:15:02:30 +0200] "GET /canaille-backpack-p-8298.html?action=add_product HTTP/1.0" 302 476 "-" "Mozilla/5.0 (compatible; SemrushBot/7~bl; +http://www.semrush.com/bot.html)"
185.191.171.39 - - [14/Apr/2022:15:02:38 +0200] "GET /scented-candles-novenas-c-231_227.html?page=20 HTTP/1.0" 200 95582 "-" "Mozilla/5.0 (compatible; SemrushBot/7~bl; +http://www.semrush.com/bot.html)"
185.191.171.43 - - [14/Apr/2022:15:02:48 +0200] "GET /great-patina-white-elephant-statuette-p-41848.html HTTP/1.0" 200 73615 "-" "Mozilla/5.0 (compatible; SemrushBot/7~bl; +http://www.semrush.com/bot.html)"
185.191.171.23 - - [14/Apr/2022:15:03:01 +0200] "GET /flower-pots-c-13_275.html?page=10 HTTP/1.0" 200 92990 "-" "Mozilla/5.0 (compatible; SemrushBot/7~bl; +http://www.semrush.com/bot.html)"
54.36.148.243 - - [14/Apr/2022:15:03:21 +0200] "GET /italia-small-oddments-p-25933.html HTTP/1.0" 200 73495 "-" "Mozilla/5.0 (compatible; AhrefsBot/7.0; +http://ahrefs.com/robot/)"
185.191.171.19 - - [14/Apr/2022:15:04:04 +0200] "GET /coton-braided-chantilly-p-48700.html?action=add_product HTTP/1.0" 302 476 "-" "Mozilla/5.0 (compatible; SemrushBot/7~bl; +http://www.semrush.com/bot.html)"
5.9.156.30 - - [14/Apr/2022:15:04:17 +0200] "GET /robots.txt HTTP/1.0" 200 245 "-" "Mozilla/5.0 (compatible; MJ12bot/v1.4.8; http://mj12bot.com/)"
185.191.171.12 - - [14/Apr/2022:15:04:23 +0200] "GET /small-panda-resin-p-48270.html HTTP/1.0" 200 74163 "-" "Mozilla/5.0 (compatible; SemrushBot/7~bl; +http://www.semrush.com/bot.html)"
5.9.156.30 - - [14/Apr/2022:15:04:25 +0200] "GET /corsica-pencil-cbkreation-p-33818.html HTTP/1.0" 200 73505 "-" "Mozilla/5.0 (compatible; MJ12bot/v1.4.8; http://mj12bot.com/)"
5.9.156.30 - - [14/Apr/2022:15:04:34 +0200] "GET /horse-pencil-cbkreation-p-29754.html HTTP/1.0" 200 73471 "-" "Mozilla/5.0 (compatible; MJ12bot/v1.4.8; http://mj12bot.com/)"
54.36.148.243 - - [14/Apr/2022:15:04:45 +0200] "GET /metal-bottle-holder-santa-claus-p-53249.html HTTP/1.0" 200 73586 "-" "Mozilla/5.0 (compatible; AhrefsBot/7.0; +http://ahrefs.com/robot/)"
54.236.1.13 - - [14/Apr/2022:15:04:56 +0200] "GET /images/008421750122.jpg HTTP/1.0" 404 1308 "-" "Mozilla/5.0 (compatible; Pinterestbot/1.0; +http://www.pinterest.com/bot.html)"
66.102.8.148 - - [14/Apr/2022:15:05:15 +0200] "GET /images/big_prod/3665269006506.jpg HTTP/1.0" 200 268 "-" "Mozilla/5.0 (Windows NT 5.1; rv:11.0) Gecko Firefox/11.0 (via ggpht.com GoogleImageProxy)"
185.191.171.11 - - [14/Apr/2022:15:05:19 +0200] "GET /-p-31201.html?action=add_product HTTP/1.0" 302 476 "-" "Mozilla/5.0 (compatible; SemrushBot/7~bl; +http://www.semrush.com/bot.html)"
185.191.171.33 - - [14/Apr/2022:15:05:41 +0200] "GET /charline-lampshade-p-51598.html HTTP/1.0" 200 74247 "-" "Mozilla/5.0 (compatible; SemrushBot/7~bl; +http://www.semrush.com/bot.html)"
141.84.41.80 - - [14/Apr/2022:15:05:51 +0200] "GET /images/1399984260098.jpg HTTP/1.0" 200 259 "-" "Mozilla/5.0 (X11; Ubuntu; Linux x86_64; rv:72.0) Gecko/20100101 Firefox/72.0"
185.191.171.43 - - [14/Apr/2022:15:06:00 +0200] "GET /fiat-500-yellow-mug-p-11777.html HTTP/1.0" 301 70935 "-" "Mozilla/5.0 (compatible; SemrushBot/7~bl; +http://www.semrush.com/bot.html)"
54.36.148.243 - - [14/Apr/2022:15:06:01 +0200] "GET /shell-collection-large-metal-plate-deco-p-37113.html HTTP/1.0" 200 73608 "-" "Mozilla/5.0 (compatible; AhrefsBot/7.0; +http://ahrefs.com/robot/)"
185.191.171.35 - - [14/Apr/2022:15:06:03 +0200] "GET /fiat-yellow-p-11777.html HTTP/1.0" 200 70857 "-" "Mozilla/5.0 (compatible; SemrushBot/7~bl; +http://www.semrush.com/bot.html)"
185.191.171.18 - - [14/Apr/2022:15:06:06 +0200] "GET /girls-c-1.html?page=5 HTTP/1.0" 200 85159 "-" "Mozilla/5.0 (compatible; SemrushBot/7~bl; +http://www.semrush.com/bot.html)"
185.191.171.38 - - [14/Apr/2022:15:06:25 +0200] "GET /metal-plate-p-41517.html?action=add_product HTTP/1.0" 302 476 "-" "Mozilla/5.0 (compatible; SemrushBot/7~bl; +http://www.semrush.com/bot.html)"
185.191.171.17 - - [14/Apr/2022:15:06:29 +0200] "GET /bowl-p-31702.html?action=add_product HTTP/1.0" 302 476 "-" "Mozilla/5.0 (compatible; SemrushBot/7~bl; +http://www.semrush.com/bot.html)"
185.191.171.4 - - [14/Apr/2022:15:06:41 +0200] "GET /-p-20633.html?action=add_product HTTP/1.0" 302 476 "-" "Mozilla/5.0 (compatible; SemrushBot/7~bl; +http://www.semrush.com/bot.html)"
185.191.171.36 - - [14/Apr/2022:15:06:54 +0200] "GET /cotton-bath-figue-p-47264.html?action=add_product HTTP/1.0" 302 476 "-" "Mozilla/5.0 (compatible; SemrushBot/7~bl; +http://www.semrush.com/bot.html)"
51.68.224.127 - - [14/Apr/2022:15:07:03 +0200] "GET /adminweb/export_orders_xml.php?token=256de2z6edz6ed2z6DFSFsed2zed6zeDSFDSGdzedezfzf&maxorders=10&orderstart=1&status=14&start_date=2018-10-01 HTTP/1.0" 200 285 "-" "GesCom CharlotteBoutik Serveur"
51.68.224.127 - - [14/Apr/2022:15:07:03 +0200] "GET /adminweb/export_orders_xml.php?token=256de2z6edz6ed2z6DFSFsed2zed6zeDSFDSGdzedezfzf&maxorders=10&orderstart=1&status=6&start_date=2018-10-01 HTTP/1.0" 200 32865 "-" "GesCom CharlotteBoutik Serveur"
54.36.148.243 - - [14/Apr/2022:15:07:17 +0200] "GET /umbrellas-c-31_16.html?page=2 HTTP/1.0" 200 78654 "-" "Mozilla/5.0 (compatible; AhrefsBot/7.0; +http://ahrefs.com/robot/)"
66.249.64.158 - - [14/Apr/2022:15:07:34 +0200] "GET /gift-japanese-pink-cast-iron-teapot-liter-p-54900.html HTTP/1.0" 200 73978 "-" "Mozilla/5.0 (Linux; Android 6.0.1; Nexus 5X Build/MMB29P) AppleWebKit/537.36 (KHTML, like Gecko) Chrome/100.0.4896.88 Mobile Safari/537.36 (compatible; Googlebot/2.1; +http://www.google.com/bot.html)"
211.249.40.15 - - [14/Apr/2022:15:08:07 +0200] "GET /images/mini_prod/1186747042936.jpg HTTP/1.0" 200 269 "-" "Mozilla/5.0 (X11; Ubuntu; Linux x86_64; rv:72.0) Gecko/20100101 Firefox/72.0"
66.249.64.152 - - [14/Apr/2022:15:08:13 +0200] "GET /road-66-drive-large-metal-plate-p-29723.html HTTP/1.0" 301 73575 "-" "Mozilla/5.0 (compatible; Googlebot/2.1; +http://www.google.com/bot.html)"
66.249.64.146 - - [14/Apr/2022:15:08:15 +0200] "GET /road-drive-large-metal-plate-p-29723.html HTTP/1.0" 200 73480 "-" "Mozilla/5.0 (compatible; Googlebot/2.1; +http://www.google.com/bot.html)"
185.191.171.19 - - [14/Apr/2022:15:08:29 +0200] "GET /baseball-humorous-white-p-42584.html?action=add_product HTTP/1.0" 302 476 "-" "Mozilla/5.0 (compatible; SemrushBot/7~bl; +http://www.semrush.com/bot.html)"
54.36.148.243 - - [14/Apr/2022:15:08:33 +0200] "GET /japanese-brown-cast-iron-liter-teapot-p-54890.html HTTP/1.0" 200 74371 "-" "Mozilla/5.0 (compatible; AhrefsBot/7.0; +http://ahrefs.com/robot/)"
157.55.39.99 - - [14/Apr/2022:15:08:37 +0200] "GET /tinkerbell-stationery-p-4492.html HTTP/1.0" 200 73572 "-" "Mozilla/5.0 (compatible; bingbot/2.0; +http://www.bing.com/bingbot.htm)"
185.191.171.43 - - [14/Apr/2022:15:08:37 +0200] "GET /bon-anniv-card-p-20015.html HTTP/1.0" 301 73521 "-" "Mozilla/5.0 (compatible; SemrushBot/7~bl; +http://www.semrush.com/bot.html)"
185.191.171.43 - - [14/Apr/2022:15:08:42 +0200] "GET /anniv-card-p-20015.html HTTP/1.0" 200 73444 "-" "Mozilla/5.0 (compatible; SemrushBot/7~bl; +http://www.semrush.com/bot.html)"
157.55.39.42 - - [14/Apr/2022:15:08:55 +0200] "GET /long-water-bottle-with-nessi-velvet-cover-p-57535.html HTTP/1.0" 200 74403 "-" "Mozilla/5.0 (compatible; bingbot/2.0; +http://www.bing.com/bingbot.htm)"
223.39.191.66 - - [14/Apr/2022:15:08:59 +0200] "GET /images/mini_prod/1348422000567.jpg HTTP/1.0" 200 269 "-" "Mozilla/5.0 (X11; Ubuntu; Linux x86_64; rv:72.0) Gecko/20100101 Firefox/72.0"
185.191.171.12 - - [14/Apr/2022:15:08:58 +0200] "GET /cushion-cover-blue-duck-60-60-cm-p-50050.html HTTP/1.0" 301 74327 "-" "Mozilla/5.0 (compatible; SemrushBot/7~bl; +http://www.semrush.com/bot.html)"
185.191.171.35 - - [14/Apr/2022:15:09:01 +0200] "GET /cushion-cover-blue-duck-p-50050.html HTTP/1.0" 200 74237 "-" "Mozilla/5.0 (compatible; SemrushBot/7~bl; +http://www.semrush.com/bot.html)"
66.249.64.152 - - [14/Apr/2022:15:09:01 +0200] "GET /disney-princess-jewelry-box-p-37038.html HTTP/1.0" 301 74450 "-" "Mozilla/5.0 (Linux; Android 6.0.1; Nexus 5X Build/MMB29P) AppleWebKit/537.36 (KHTML, like Gecko) Chrome/99.0.4844.84 Mobile Safari/537.36 (compatible; Googlebot/2.1; +http://www.google.com/bot.html)"
185.191.171.43 - - [14/Apr/2022:15:09:04 +0200] "GET /tetsubin-green-teapot-sheet-below-14-cm-p-38567.html HTTP/1.0" 301 73655 "-" "Mozilla/5.0 (compatible; SemrushBot/7~bl; +http://www.semrush.com/bot.html)"
66.249.64.146 - - [14/Apr/2022:15:09:06 +0200] "GET /disney-princess-jewelry-p-37038.html HTTP/1.0" 200 74360 "-" "Mozilla/5.0 (Linux; Android 6.0.1; Nexus 5X Build/MMB29P) AppleWebKit/537.36 (KHTML, like Gecko) Chrome/99.0.4844.84 Mobile Safari/537.36 (compatible; Googlebot/2.1; +http://www.google.com/bot.html)"
185.191.171.34 - - [14/Apr/2022:15:09:08 +0200] "GET /tetsubin-green-teapot-sheet-below-p-38567.html HTTP/1.0" 200 73555 "-" "Mozilla/5.0 (compatible; SemrushBot/7~bl; +http://www.semrush.com/bot.html)"
185.191.171.2 - - [14/Apr/2022:15:09:20 +0200] "GET /little-buddha-glasses-case-yellow-p-50252.html?action=add_product HTTP/1.0" 302 476 "-" "Mozilla/5.0 (compatible; SemrushBot/7~bl; +http://www.semrush.com/bot.html)"
54.36.148.243 - - [14/Apr/2022:15:09:41 +0200] "GET /flamingo-wall-decoration-p-46789.html HTTP/1.0" 200 73561 "-" "Mozilla/5.0 (compatible; AhrefsBot/7.0; +http://ahrefs.com/robot/)"
147.92.229.61 - - [14/Apr/2022:15:09:42 +0200] "GET /images/mini_prod/3503420125034.jpg HTTP/1.0" 200 269 "-" "Mozilla/5.0 (X11; Ubuntu; Linux x86_64; rv:72.0) Gecko/20100101 Firefox/72.0"
114.119.137.38 - - [14/Apr/2022:15:09:43 +0200] "GET /saint-georges-aromatika-incense-sticks-p-52658.html HTTP/1.0" 200 73641 "-" "Mozilla/5.0 (Linux; Android 7.0;) AppleWebKit/537.36 (KHTML, like Gecko) Mobile Safari/537.36 (compatible; PetalBot;+https://webmaster.petalsearch.com/site/petalbot)"
66.249.64.146 - - [14/Apr/2022:15:09:43 +0200] "GET /paperweight-kiub-collection-cats-paris-p-55891.html HTTP/1.0" 200 74301 "-" "Mozilla/5.0 (Linux; Android 6.0.1; Nexus 5X Build/MMB29P) AppleWebKit/537.36 (KHTML, like Gecko) Chrome/100.0.4896.88 Mobile Safari/537.36 (compatible; Googlebot/2.1; +http://www.google.com/bot.html)"
147.92.153.12 - - [14/Apr/2022:15:10:11 +0200] "GET /porcelain-plants-kiub-p-57951.html HTTP/1.0" 200 72891 "-" "Mozilla/5.0 (compatible; Linespider/1.1; +https://lin.ee/4dwXkTH)"
125.209.235.177 - - [14/Apr/2022:15:10:20 +0200] "GET /swfobject.js HTTP/1.0" 404 1308 "http://www.wonder-geek.com/porcelain-plants-kiub-p-57951.html" "Mozilla/5.0 (X11; Linux x86_64) AppleWebKit/537.36 (KHTML, like Gecko) HeadlessChrome/96.0.4664.0 Safari/537.36"
207.46.13.25 - - [14/Apr/2022:15:10:23 +0200] "GET /home-and-decoration/jewelry-boxes-and-music-boxes/monster-high-jewelry-box-p-22194.html HTTP/1.0" 301 70875 "-" "Mozilla/5.0 (compatible; bingbot/2.0; +http://www.bing.com/bingbot.htm)"
54.36.148.243 - - [14/Apr/2022:15:10:57 +0200] "GET /paris-magnet-p-51207.html HTTP/1.0" 200 73355 "-" "Mozilla/5.0 (compatible; AhrefsBot/7.0; +http://ahrefs.com/robot/)"
185.191.171.4 - - [14/Apr/2022:15:12:11 +0200] "GET /bird-origami-verrine-single-p-43300.html?action=add_product HTTP/1.0" 302 476 "-" "Mozilla/5.0 (compatible; SemrushBot/7~bl; +http://www.semrush.com/bot.html)"
54.36.148.243 - - [14/Apr/2022:15:12:13 +0200] "GET /indian-elephant-statuette-p-51512.html HTTP/1.0" 200 73578 "-" "Mozilla/5.0 (compatible; AhrefsBot/7.0; +http://ahrefs.com/robot/)"
185.191.171.9 - - [14/Apr/2022:15:12:15 +0200] "GET /-p-43363.html?action=add_product HTTP/1.0" 302 476 "-" "Mozilla/5.0 (compatible; SemrushBot/7~bl; +http://www.semrush.com/bot.html)"
87.250.224.149 - - [14/Apr/2022:15:12:32 +0200] "GET /urss-black-hoodies-p-31743.html HTTP/1.0" 200 76140 "-" "Mozilla/5.0 (compatible; YandexBot/3.0; +http://yandex.com/bots)"
207.46.13.25 - - [14/Apr/2022:15:12:34 +0200] "GET /large-gorjuss-lever-binder-gift-p-47751.html HTTP/1.0" 200 70954 "-" "Mozilla/5.0 (compatible; bingbot/2.0; +http://www.bing.com/bingbot.htm)"
95.163.255.62 - - [14/Apr/2022:15:12:41 +0200] "GET /robots.txt HTTP/1.0" 200 245 "-" "Mozilla/5.0 (compatible; Linux x86_64; Mail.RU_Bot/2.0; +http://go.mail.ru/help/robots)"
185.191.171.5 - - [14/Apr/2022:15:12:40 +0200] "GET /duvet-cover-in-cotton-percale-80-threads-260-240-cm-p-53232.html HTTP/1.0" 301 73847 "-" "Mozilla/5.0 (compatible; SemrushBot/7~bl; +http://www.semrush.com/bot.html)"
185.191.171.43 - - [14/Apr/2022:15:12:44 +0200] "GET /duvet-cover-cotton-percale-threads-p-53232.html HTTP/1.0" 200 73746 "-" "Mozilla/5.0 (compatible; SemrushBot/7~bl; +http://www.semrush.com/bot.html)"
95.163.255.62 - - [14/Apr/2022:15:12:54 +0200] "GET /images/4029811317363.jpg HTTP/1.0" 200 259 "-" "Mozilla/5.0 (compatible; Linux x86_64; Mail.RU_Bot/2.0; +http://go.mail.ru/help/robots)"
66.249.64.152 - - [14/Apr/2022:15:12:57 +0200] "GET /little-prince-tote-p-51202.html HTTP/1.0" 200 73509 "-" "Mozilla/5.0 (Linux; Android 6.0.1; Nexus 5X Build/MMB29P) AppleWebKit/537.36 (KHTML, like Gecko) Chrome/100.0.4896.88 Mobile Safari/537.36 (compatible; Googlebot/2.1; +http://www.google.com/bot.html)"
185.191.171.9 - - [14/Apr/2022:15:13:04 +0200] "GET /drink-dispenser-35-p-45204.html HTTP/1.0" 301 70875 "-" "Mozilla/5.0 (compatible; SemrushBot/7~bl; +http://www.semrush.com/bot.html)"
66.249.64.146 - - [14/Apr/2022:15:13:07 +0200] "GET /little-prince-tote-p-51202.html HTTP/1.0" 200 73509 "-" "Mozilla/5.0 (Linux; Android 6.0.1; Nexus 5X Build/MMB29P) AppleWebKit/537.36 (KHTML, like Gecko) Chrome/100.0.4896.88 Mobile Safari/537.36 (compatible; Googlebot/2.1; +http://www.google.com/bot.html)"
66.249.64.152 - - [14/Apr/2022:15:13:09 +0200] "GET /mondial_relay/js/jquery-1.3.2.min.js HTTP/1.0" 200 276 "http://www.wonder-geek.com/little-prince-tote-p-51202.html" "Mozilla/5.0 (Linux; Android 6.0.1; Nexus 5X Build/MMB29P) AppleWebKit/537.36 (KHTML, like Gecko) Chrome/100.0.4896.88 Mobile Safari/537.36 (compatible; Googlebot/2.1; +http://www.google.com/bot.html)"
66.249.64.158 - - [14/Apr/2022:15:13:09 +0200] "GET /highslide/highslide.js HTTP/1.0" 200 262 "http://www.wonder-geek.com/little-prince-tote-p-51202.html" "Mozilla/5.0 (Linux; Android 6.0.1; Nexus 5X Build/MMB29P) AppleWebKit/537.36 (KHTML, like Gecko) Chrome/100.0.4896.88 Mobile Safari/537.36 (compatible; Googlebot/2.1; +http://www.google.com/bot.html)"
185.191.171.8 - - [14/Apr/2022:15:13:08 +0200] "GET /-p-45204.html HTTP/1.0" 200 70808 "-" "Mozilla/5.0 (compatible; SemrushBot/7~bl; +http://www.semrush.com/bot.html)"
66.249.64.152 - - [14/Apr/2022:15:13:11 +0200] "GET /js/jquery.js HTTP/1.0" 200 252 "http://www.wonder-geek.com/little-prince-tote-p-51202.html" "Mozilla/5.0 (Linux; Android 6.0.1; Nexus 5X Build/MMB29P) AppleWebKit/537.36 (KHTML, like Gecko) Chrome/100.0.4896.88 Mobile Safari/537.36 (compatible; Googlebot/2.1; +http://www.google.com/bot.html)"
66.249.64.146 - - [14/Apr/2022:15:13:13 +0200] "GET /js/jquery.jqzoom.js HTTP/1.0" 200 259 "http://www.wonder-geek.com/little-prince-tote-p-51202.html" "Mozilla/5.0 (Linux; Android 6.0.1; Nexus 5X Build/MMB29P) AppleWebKit/537.36 (KHTML, like Gecko) Chrome/100.0.4896.88 Mobile Safari/537.36 (compatible; Googlebot/2.1; +http://www.google.com/bot.html)"
66.249.64.146 - - [14/Apr/2022:15:13:14 +0200] "GET /swfobject.js HTTP/1.0" 404 1308 "http://www.wonder-geek.com/little-prince-tote-p-51202.html" "Mozilla/5.0 (Linux; Android 6.0.1; Nexus 5X Build/MMB29P) AppleWebKit/537.36 (KHTML, like Gecko) Chrome/100.0.4896.88 Mobile Safari/537.36 (compatible; Googlebot/2.1; +http://www.google.com/bot.html)"
54.36.148.243 - - [14/Apr/2022:15:13:31 +0200] "GET /morgan-paris-watch-p-38193.html HTTP/1.0" 200 73673 "-" "Mozilla/5.0 (compatible; AhrefsBot/7.0; +http://ahrefs.com/robot/)"
114.119.137.3 - - [14/Apr/2022:15:13:33 +0200] "GET /mexico-gift-family-p-57398.html HTTP/1.0" 200 75154 "-" "Mozilla/5.0 (Linux; Android 7.0;) AppleWebKit/537.36 (KHTML, like Gecko) Mobile Safari/537.36 (compatible; PetalBot;+https://webmaster.petalsearch.com/site/petalbot)"
87.250.224.147 - - [14/Apr/2022:15:13:47 +0200] "GET /kimmidoll-protective-hard-case-iphone-p-11366.html HTTP/1.0" 200 73751 "-" "Mozilla/5.0 (compatible; YandexBot/3.0; +http://yandex.com/bots)"
157.55.39.144 - - [14/Apr/2022:15:14:11 +0200] "GET /disney-britto-mickey-minnie-mouse-limited-edition-p-51921.html HTTP/1.0" 200 71008 "-" "Mozilla/5.0 (compatible; bingbot/2.0; +http://www.bing.com/bingbot.htm)"
185.191.171.13 - - [14/Apr/2022:15:14:14 +0200] "GET /candle-made-france-hours-lavender-p-43879.html HTTP/1.0" 200 73556 "-" "Mozilla/5.0 (compatible; SemrushBot/7~bl; +http://www.semrush.com/bot.html)"
54.36.148.243 - - [14/Apr/2022:15:14:50 +0200] "GET /treasure-tibetan-with-double-dorje-small-p-54959.html HTTP/1.0" 200 75161 "-" "Mozilla/5.0 (compatible; AhrefsBot/7.0; +http://ahrefs.com/robot/)"
185.191.171.11 - - [14/Apr/2022:15:15:23 +0200] "GET /melt-damask-rose-arabian-jasmine-p-46869.html?action=add_product HTTP/1.0" 302 476 "-" "Mozilla/5.0 (compatible; SemrushBot/7~bl; +http://www.semrush.com/bot.html)"
54.36.148.243 - - [14/Apr/2022:15:16:07 +0200] "GET /toothbox-c-13_150_170.html HTTP/1.0" 200 91154 "-" "Mozilla/5.0 (compatible; AhrefsBot/7.0; +http://ahrefs.com/robot/)"
185.191.171.44 - - [14/Apr/2022:15:16:15 +0200] "GET /decorative-owls-patinated-resin-p-56826.html HTTP/1.0" 200 74267 "-" "Mozilla/5.0 (compatible; SemrushBot/7~bl; +http://www.semrush.com/bot.html)"
207.46.13.25 - - [14/Apr/2022:15:16:33 +0200] "GET /clock-p-8342.html HTTP/1.0" 200 73474 "-" "Mozilla/5.0 (compatible; bingbot/2.0; +http://www.bing.com/bingbot.htm)"
185.191.171.24 - - [14/Apr/2022:15:16:35 +0200] "GET /willow-tree-collection-mother-daughter-p-55500.html HTTP/1.0" 200 75184 "-" "Mozilla/5.0 (compatible; SemrushBot/7~bl; +http://www.semrush.com/bot.html)"
49.7.20.122 - - [14/Apr/2022:15:16:35 +0200] "GET / HTTP/1.0" 200 150863 "-" "Sogou web spider/4.0(+http://www.sogou.com/docs/help/webmasters.htm#07)"
185.191.171.37 - - [14/Apr/2022:15:16:46 +0200] "GET /plush-keel-toys-parrot-p-50306.html?action=add_product HTTP/1.0" 302 476 "-" "Mozilla/5.0 (compatible; SemrushBot/7~bl; +http://www.semrush.com/bot.html)"
207.46.13.189 - - [14/Apr/2022:15:17:03 +0200] "GET /mcstuffins-little-backpack-p-30376.html HTTP/1.0" 301 70875 "-" "Mozilla/5.0 (compatible; bingbot/2.0; +http://www.bing.com/bingbot.htm)"
54.36.148.243 - - [14/Apr/2022:15:17:23 +0200] "GET /zodiac-high-ceramic-p-30780.html HTTP/1.0" 200 73400 "-" "Mozilla/5.0 (compatible; AhrefsBot/7.0; +http://ahrefs.com/robot/)"
185.191.171.23 - - [14/Apr/2022:15:17:31 +0200] "GET /round-pink-jute-table-mat-p-49451.html HTTP/1.0" 301 73480 "-" "Mozilla/5.0 (compatible; SemrushBot/7~bl; +http://www.semrush.com/bot.html)"
185.191.171.24 - - [14/Apr/2022:15:17:35 +0200] "GET /round-pink-jute-table-p-49451.html HTTP/1.0" 200 73392 "-" "Mozilla/5.0 (compatible; SemrushBot/7~bl; +http://www.semrush.com/bot.html)"
185.191.171.24 - - [14/Apr/2022:15:17:39 +0200] "GET /storage-case-suitcase-world-p-38635.html?action=add_product HTTP/1.0" 302 476 "-" "Mozilla/5.0 (compatible; SemrushBot/7~bl; +http://www.semrush.com/bot.html)"
185.191.171.20 - - [14/Apr/2022:15:18:19 +0200] "GET /palo-santo-sacred-wood-sticks-small-p-57941.html HTTP/1.0" 200 74768 "-" "Mozilla/5.0 (compatible; SemrushBot/7~bl; +http://www.semrush.com/bot.html)"
185.191.171.4 - - [14/Apr/2022:15:18:26 +0200] "GET /minnie-mouse-milk-p-27655.html?action=add_product HTTP/1.0" 302 476 "-" "Mozilla/5.0 (compatible; SemrushBot/7~bl; +http://www.semrush.com/bot.html)"
54.36.148.243 - - [14/Apr/2022:15:18:38 +0200] "GET /dishes-c-12.html?page=79 HTTP/1.0" 200 92767 "-" "Mozilla/5.0 (compatible; AhrefsBot/7.0; +http://ahrefs.com/robot/)"
46.69.133.80 - - [14/Apr/2022:15:19:46 +0200] "GET /pucca-yakusa-wallet-p-20523.html HTTP/1.0" 200 73841 "https://www.google.com/" "Mozilla/5.0 (Windows NT 10.0; Win64; x64) AppleWebKit/537.36 (KHTML, like Gecko) Chrome/100.0.4896.88 Safari/537.36"
46.69.133.80 - - [14/Apr/2022:15:19:49 +0200] "GET /templates/Pixame_v1/stylesheet.css HTTP/1.0" 200 267 "http://www.wonder-geek.com/pucca-yakusa-wallet-p-20523.html" "Mozilla/5.0 (Windows NT 10.0; Win64; x64) AppleWebKit/537.36 (KHTML, like Gecko) Chrome/100.0.4896.88 Safari/537.36"
46.69.133.80 - - [14/Apr/2022:15:19:49 +0200] "GET /highslide/highslide.js HTTP/1.0" 200 262 "http://www.wonder-geek.com/pucca-yakusa-wallet-p-20523.html" "Mozilla/5.0 (Windows NT 10.0; Win64; x64) AppleWebKit/537.36 (KHTML, like Gecko) Chrome/100.0.4896.88 Safari/537.36"
46.69.133.80 - - [14/Apr/2022:15:19:49 +0200] "GET /js/jquery.js HTTP/1.0" 200 252 "http://www.wonder-geek.com/pucca-yakusa-wallet-p-20523.html" "Mozilla/5.0 (Windows NT 10.0; Win64; x64) AppleWebKit/537.36 (KHTML, like Gecko) Chrome/100.0.4896.88 Safari/537.36"
46.69.133.80 - - [14/Apr/2022:15:19:49 +0200] "GET /js/jquery.jqzoom.js HTTP/1.0" 200 259 "http://www.wonder-geek.com/pucca-yakusa-wallet-p-20523.html" "Mozilla/5.0 (Windows NT 10.0; Win64; x64) AppleWebKit/537.36 (KHTML, like Gecko) Chrome/100.0.4896.88 Safari/537.36"
46.69.133.80 - - [14/Apr/2022:15:19:49 +0200] "GET /mondial_relay/js/jquery-1.3.2.min.js HTTP/1.0" 200 276 "http://www.wonder-geek.com/pucca-yakusa-wallet-p-20523.html" "Mozilla/5.0 (Windows NT 10.0; Win64; x64) AppleWebKit/537.36 (KHTML, like Gecko) Chrome/100.0.4896.88 Safari/537.36"
46.69.133.80 - - [14/Apr/2022:15:19:49 +0200] "GET /swfobject.js HTTP/1.0" 404 1308 "http://www.wonder-geek.com/pucca-yakusa-wallet-p-20523.html" "Mozilla/5.0 (Windows NT 10.0; Win64; x64) AppleWebKit/537.36 (KHTML, like Gecko) Chrome/100.0.4896.88 Safari/537.36"
46.69.133.80 - - [14/Apr/2022:15:19:49 +0200] "GET /templates/Pixame_v1/images/icon_accueil2.png HTTP/1.0" 200 278 "http://www.wonder-geek.com/pucca-yakusa-wallet-p-20523.html" "Mozilla/5.0 (Windows NT 10.0; Win64; x64) AppleWebKit/537.36 (KHTML, like Gecko) Chrome/100.0.4896.88 Safari/537.36"
46.69.133.80 - - [14/Apr/2022:15:19:49 +0200] "GET /templates/Pixame_v1/images/infobox/pixel_trans.gif HTTP/1.0" 200 328 "http://www.wonder-geek.com/pucca-yakusa-wallet-p-20523.html" "Mozilla/5.0 (Windows NT 10.0; Win64; x64) AppleWebKit/537.36 (KHTML, like Gecko) Chrome/100.0.4896.88 Safari/537.36"
46.69.133.80 - - [14/Apr/2022:15:19:49 +0200] "GET /images/pixel_trans.gif HTTP/1.0" 200 328 "http://www.wonder-geek.com/pucca-yakusa-wallet-p-20523.html" "Mozilla/5.0 (Windows NT 10.0; Win64; x64) AppleWebKit/537.36 (KHTML, like Gecko) Chrome/100.0.4896.88 Safari/537.36"
46.69.133.80 - - [14/Apr/2022:15:19:49 +0200] "GET /templates/Pixame_v1/images/pixel_trans.gif HTTP/1.0" 200 328 "http://www.wonder-geek.com/pucca-yakusa-wallet-p-20523.html" "Mozilla/5.0 (Windows NT 10.0; Win64; x64) AppleWebKit/537.36 (KHTML, like Gecko) Chrome/100.0.4896.88 Safari/537.36"
46.69.133.80 - - [14/Apr/2022:15:19:49 +0200] "GET /images/big_prod/1399984220603.jpg HTTP/1.0" 200 268 "http://www.wonder-geek.com/pucca-yakusa-wallet-p-20523.html" "Mozilla/5.0 (Windows NT 10.0; Win64; x64) AppleWebKit/537.36 (KHTML, like Gecko) Chrome/100.0.4896.88 Safari/537.36"
46.69.133.80 - - [14/Apr/2022:15:19:49 +0200] "GET /templates/Pixame_v1/images/buttons/english/button_in_cart.gif HTTP/1.0" 200 295 "http://www.wonder-geek.com/pucca-yakusa-wallet-p-20523.html" "Mozilla/5.0 (Windows NT 10.0; Win64; x64) AppleWebKit/537.36 (KHTML, like Gecko) Chrome/100.0.4896.88 Safari/537.36"
46.69.133.80 - - [14/Apr/2022:15:19:49 +0200] "GET /templates/Pixame_v1/images/header-object.png HTTP/1.0" 200 278 "http://www.wonder-geek.com/templates/Pixame_v1/stylesheet.css" "Mozilla/5.0 (Windows NT 10.0; Win64; x64) AppleWebKit/537.36 (KHTML, like Gecko) Chrome/100.0.4896.88 Safari/537.36"
46.69.133.80 - - [14/Apr/2022:15:19:49 +0200] "GET /templates/Pixame_v1/images/Bottom_texture.jpg HTTP/1.0" 200 280 "http://www.wonder-geek.com/templates/Pixame_v1/stylesheet.css" "Mozilla/5.0 (Windows NT 10.0; Win64; x64) AppleWebKit/537.36 (KHTML, like Gecko) Chrome/100.0.4896.88 Safari/537.36"
46.69.133.80 - - [14/Apr/2022:15:19:49 +0200] "GET /templates/Pixame_v1/images/Middle_texture.jpg HTTP/1.0" 200 280 "http://www.wonder-geek.com/templates/Pixame_v1/stylesheet.css" "Mozilla/5.0 (Windows NT 10.0; Win64; x64) AppleWebKit/537.36 (KHTML, like Gecko) Chrome/100.0.4896.88 Safari/537.36"
46.69.133.80 - - [14/Apr/2022:15:19:49 +0200] "GET /templates/Pixame_v1/images/nav.png HTTP/1.0" 200 268 "http://www.wonder-geek.com/templates/Pixame_v1/stylesheet.css" "Mozilla/5.0 (Windows NT 10.0; Win64; x64) AppleWebKit/537.36 (KHTML, like Gecko) Chrome/100.0.4896.88 Safari/537.36"
46.69.133.80 - - [14/Apr/2022:15:19:50 +0200] "GET /templates/Pixame_v1/images/header.png HTTP/1.0" 200 271 "http://www.wonder-geek.com/templates/Pixame_v1/stylesheet.css" "Mozilla/5.0 (Windows NT 10.0; Win64; x64) AppleWebKit/537.36 (KHTML, like Gecko) Chrome/100.0.4896.88 Safari/537.36"
46.69.133.80 - - [14/Apr/2022:15:19:50 +0200] "GET /highslide/graphics/zoomin.cur HTTP/1.0" 200 614 "http://www.wonder-geek.com/templates/Pixame_v1/stylesheet.css" "Mozilla/5.0 (Windows NT 10.0; Win64; x64) AppleWebKit/537.36 (KHTML, like Gecko) Chrome/100.0.4896.88 Safari/537.36"
46.69.133.80 - - [14/Apr/2022:15:19:50 +0200] "GET /templates/Pixame_v1/images/infobox/infobox_footer_middle.gif HTTP/1.0" 200 357 "http://www.wonder-geek.com/pucca-yakusa-wallet-p-20523.html" "Mozilla/5.0 (Windows NT 10.0; Win64; x64) AppleWebKit/537.36 (KHTML, like Gecko) Chrome/100.0.4896.88 Safari/537.36"
46.69.133.80 - - [14/Apr/2022:15:19:50 +0200] "GET /design/productsenstock.png HTTP/1.0" 200 260 "http://www.wonder-geek.com/templates/Pixame_v1/stylesheet.css" "Mozilla/5.0 (Windows NT 10.0; Win64; x64) AppleWebKit/537.36 (KHTML, like Gecko) Chrome/100.0.4896.88 Safari/537.36"
46.69.133.80 - - [14/Apr/2022:15:19:50 +0200] "GET /highslide/graphics/outlines/drop-shadow.png HTTP/1.0" 200 277 "http://www.wonder-geek.com/pucca-yakusa-wallet-p-20523.html" "Mozilla/5.0 (Windows NT 10.0; Win64; x64) AppleWebKit/537.36 (KHTML, like Gecko) Chrome/100.0.4896.88 Safari/537.36"
