192.99.14.135 - - [14/Apr/2022:05:49:35 +0200] "GET /cuba-mouse-pad-by-cbk-p-29813.html HTTP/1.0" 301 73562 "-" "Mozilla/5.0 (compatible; MJ12bot/v1.4.8; http://mj12bot.com/)"
192.99.6.138 - - [14/Apr/2022:05:49:35 +0200] "GET /austin-mini-cooper-large-metal-plate-deco-p-33724.html HTTP/1.0" 200 70962 "-" "Mozilla/5.0 (compatible; MJ12bot/v1.4.8; http://mj12bot.com/)"
157.90.177.217 - - [14/Apr/2022:05:49:36 +0200] "GET /candle-holder-flower-life-p-48490.html HTTP/1.0" 200 73570 "-" "Mozilla/5.0 (compatible; BLEXBot/1.0; +http://webmeup-crawler.com/)"
192.99.14.135 - - [14/Apr/2022:05:49:38 +0200] "GET /cuba-mouse-cbkreation-p-29813.html HTTP/1.0" 200 73474 "-" "Mozilla/5.0 (compatible; MJ12bot/v1.4.8; http://mj12bot.com/)"
192.99.6.138 - - [14/Apr/2022:05:49:40 +0200] "GET /austin-mini-metal-plate-30-20-cm-p-33711.html HTTP/1.0" 301 73596 "-" "Mozilla/5.0 (compatible; MJ12bot/v1.4.8; http://mj12bot.com/)"
157.90.177.217 - - [14/Apr/2022:05:49:41 +0200] "GET /candle-light-holder-wicca-fairy-p-45034.html HTTP/1.0" 200 74211 "-" "Mozilla/5.0 (compatible; BLEXBot/1.0; +http://webmeup-crawler.com/)"
192.99.14.135 - - [14/Apr/2022:05:49:42 +0200] "GET /cuba-mouse-pad-by-cbkreation-p-29813.html HTTP/1.0" 301 73562 "-" "Mozilla/5.0 (compatible; MJ12bot/v1.4.8; http://mj12bot.com/)"
157.90.177.217 - - [14/Apr/2022:05:49:42 +0200] "GET /black-metal-flask-whiskey-p-37762.html HTTP/1.0" 200 73472 "-" "Mozilla/5.0 (compatible; BLEXBot/1.0; +http://webmeup-crawler.com/)"
54.36.148.243 - - [14/Apr/2022:05:49:44 +0200] "GET /tendresse-duvet-cover-washed-cotton-gauze-p-54430.html HTTP/1.0" 200 74633 "-" "Mozilla/5.0 (compatible; AhrefsBot/7.0; +http://ahrefs.com/robot/)"
192.99.6.138 - - [14/Apr/2022:05:49:45 +0200] "GET /austin-mini-metal-plate-p-33711.html HTTP/1.0" 200 73506 "-" "Mozilla/5.0 (compatible; MJ12bot/v1.4.8; http://mj12bot.com/)"
192.99.14.135 - - [14/Apr/2022:05:49:45 +0200] "GET /cuba-mouse-cbkreation-p-29813.html HTTP/1.0" 200 73474 "-" "Mozilla/5.0 (compatible; MJ12bot/v1.4.8; http://mj12bot.com/)"
157.90.177.217 - - [14/Apr/2022:05:49:45 +0200] "GET /candy-alarm-clock-cbkreation-p-25003.html HTTP/1.0" 200 73559 "-" "Mozilla/5.0 (compatible; BLEXBot/1.0; +http://webmeup-crawler.com/)"
157.90.177.217 - - [14/Apr/2022:05:49:46 +0200] "GET /black-polyester-round-chair-cushion-p-47042.html HTTP/1.0" 200 74183 "-" "Mozilla/5.0 (compatible; BLEXBot/1.0; +http://webmeup-crawler.com/)"
185.191.171.15 - - [14/Apr/2022:05:49:47 +0200] "GET /fitted-sheet-cotton-percale-threads-p-56965.html HTTP/1.0" 200 73768 "-" "Mozilla/5.0 (compatible; SemrushBot/7~bl; +http://www.semrush.com/bot.html)"
192.99.14.135 - - [14/Apr/2022:05:49:49 +0200] "GET /cup-cake-spoons-set-p-22628.html HTTP/1.0" 301 70875 "-" "Mozilla/5.0 (compatible; MJ12bot/v1.4.8; http://mj12bot.com/)"
192.99.6.138 - - [14/Apr/2022:05:49:49 +0200] "GET /austin-mini-metal-plate-p-33711.html HTTP/1.0" 200 73506 "-" "Mozilla/5.0 (compatible; MJ12bot/v1.4.8; http://mj12bot.com/)"
157.90.177.217 - - [14/Apr/2022:05:49:50 +0200] "GET /candy-cloud-compact-mirror-bella-p-49891.html HTTP/1.0" 200 74701 "-" "Mozilla/5.0 (compatible; BLEXBot/1.0; +http://webmeup-crawler.com/)"
192.99.14.135 - - [14/Apr/2022:05:49:52 +0200] "GET /-p-22628.html HTTP/1.0" 200 70808 "-" "Mozilla/5.0 (compatible; MJ12bot/v1.4.8; http://mj12bot.com/)"
157.90.177.217 - - [14/Apr/2022:05:49:52 +0200] "GET /black-shell-galaxy-note-with-personalized-picture-p-16352.html HTTP/1.0" 200 73970 "-" "Mozilla/5.0 (compatible; BLEXBot/1.0; +http://webmeup-crawler.com/)"
192.99.6.138 - - [14/Apr/2022:05:49:54 +0200] "GET /avengers-homework-notebooks-p-35841.html HTTP/1.0" 301 70875 "-" "Mozilla/5.0 (compatible; MJ12bot/v1.4.8; http://mj12bot.com/)"
157.90.177.217 - - [14/Apr/2022:05:49:54 +0200] "GET /candy-cloud-compact-mirror-daisy-p-49894.html HTTP/1.0" 200 74693 "-" "Mozilla/5.0 (compatible; BLEXBot/1.0; +http://webmeup-crawler.com/)"
192.99.14.135 - - [14/Apr/2022:05:49:55 +0200] "GET /cup-cakes-tray-p-28410.html HTTP/1.0" 301 70875 "-" "Mozilla/5.0 (compatible; MJ12bot/v1.4.8; http://mj12bot.com/)"
157.90.177.217 - - [14/Apr/2022:05:49:56 +0200] "GET /black-shell-samsung-with-personalized-picture-p-16359.html HTTP/1.0" 200 73894 "-" "Mozilla/5.0 (compatible; BLEXBot/1.0; +http://webmeup-crawler.com/)"
192.99.6.138 - - [14/Apr/2022:05:49:57 +0200] "GET /-p-35841.html HTTP/1.0" 200 70808 "-" "Mozilla/5.0 (compatible; MJ12bot/v1.4.8; http://mj12bot.com/)"
192.99.14.135 - - [14/Apr/2022:05:49:58 +0200] "GET /-p-28410.html HTTP/1.0" 200 70808 "-" "Mozilla/5.0 (compatible; MJ12bot/v1.4.8; http://mj12bot.com/)"
157.90.177.217 - - [14/Apr/2022:05:49:58 +0200] "GET /candy-cloud-compact-mirror-dasha-p-49892.html HTTP/1.0" 200 74677 "-" "Mozilla/5.0 (compatible; BLEXBot/1.0; +http://webmeup-crawler.com/)"
192.99.6.138 - - [14/Apr/2022:05:50:00 +0200] "GET /avengers-homework-notebooks-p-40845.html HTTP/1.0" 301 70875 "-" "Mozilla/5.0 (compatible; MJ12bot/v1.4.8; http://mj12bot.com/)"
157.90.177.217 - - [14/Apr/2022:05:50:00 +0200] "GET /black-silicon-phone-cover-iphone-p-13830.html HTTP/1.0" 200 74320 "-" "Mozilla/5.0 (compatible; BLEXBot/1.0; +http://webmeup-crawler.com/)"
192.99.14.135 - - [14/Apr/2022:05:50:02 +0200] "GET /cupcake-gloss-p-28871.html HTTP/1.0" 200 70858 "-" "Mozilla/5.0 (compatible; MJ12bot/v1.4.8; http://mj12bot.com/)"
157.90.177.217 - - [14/Apr/2022:05:50:02 +0200] "GET /candy-cloud-compact-mirror-jazzy-p-49893.html HTTP/1.0" 200 74693 "-" "Mozilla/5.0 (compatible; BLEXBot/1.0; +http://webmeup-crawler.com/)"
192.99.6.138 - - [14/Apr/2022:05:50:04 +0200] "GET /-p-40845.html HTTP/1.0" 200 70808 "-" "Mozilla/5.0 (compatible; MJ12bot/v1.4.8; http://mj12bot.com/)"
192.99.14.135 - - [14/Apr/2022:05:50:05 +0200] "GET /cupcake-lip-gloss-p-28871.html HTTP/1.0" 301 70938 "-" "Mozilla/5.0 (compatible; MJ12bot/v1.4.8; http://mj12bot.com/)"
95.217.207.61 - - [14/Apr/2022:05:50:05 +0200] "GET /cats-dubout-salt-pepper-p-32698.html HTTP/1.0" 200 73493 "-" "Mozilla/5.0 (compatible; MJ12bot/v1.4.8; http://mj12bot.com/)"
192.99.6.138 - - [14/Apr/2022:05:50:07 +0200] "GET /avengers-icons-marvel-large-weekend-bag-p-33309.html HTTP/1.0" 301 70875 "-" "Mozilla/5.0 (compatible; MJ12bot/v1.4.8; http://mj12bot.com/)"
157.90.177.217 - - [14/Apr/2022:05:50:06 +0200] "GET /candy-cloud-hair-brush-bella-p-49780.html HTTP/1.0" 200 73507 "-" "Mozilla/5.0 (compatible; BLEXBot/1.0; +http://webmeup-crawler.com/)"
157.90.177.217 - - [14/Apr/2022:05:50:06 +0200] "GET /black-silver-globe-decoration-p-51573.html HTTP/1.0" 200 73585 "-" "Mozilla/5.0 (compatible; BLEXBot/1.0; +http://webmeup-crawler.com/)"
192.99.14.135 - - [14/Apr/2022:05:50:08 +0200] "GET /cupcake-gloss-p-28871.html HTTP/1.0" 200 70858 "-" "Mozilla/5.0 (compatible; MJ12bot/v1.4.8; http://mj12bot.com/)"
192.99.6.138 - - [14/Apr/2022:05:50:10 +0200] "GET /-p-33309.html HTTP/1.0" 200 70808 "-" "Mozilla/5.0 (compatible; MJ12bot/v1.4.8; http://mj12bot.com/)"
157.90.177.217 - - [14/Apr/2022:05:50:10 +0200] "GET /candy-cloud-hair-brush-bubblegum-p-49779.html HTTP/1.0" 200 73525 "-" "Mozilla/5.0 (compatible; BLEXBot/1.0; +http://webmeup-crawler.com/)"
147.92.153.10 - - [14/Apr/2022:05:50:11 +0200] "GET /antique-buddha-bust-statue-p-57933.html HTTP/1.0" 200 74418 "-" "Mozilla/5.0 (compatible; Linespider/1.1; +https://lin.ee/4dwXkTH)"
192.99.14.135 - - [14/Apr/2022:05:50:11 +0200] "GET /cupcake-set-cup-and-teapot-p-32213.html HTTP/1.0" 301 70875 "-" "Mozilla/5.0 (compatible; MJ12bot/v1.4.8; http://mj12bot.com/)"
157.90.177.217 - - [14/Apr/2022:05:50:12 +0200] "GET /black-wood-craft-ashtray-with-mother-pearl-inclusions-p-50592.html HTTP/1.0" 200 74498 "-" "Mozilla/5.0 (compatible; BLEXBot/1.0; +http://webmeup-crawler.com/)"
192.99.6.138 - - [14/Apr/2022:05:50:12 +0200] "GET /avengers-marvel-kids-school-bag-41-cm-p-36230.html HTTP/1.0" 301 71020 "-" "Mozilla/5.0 (compatible; MJ12bot/v1.4.8; http://mj12bot.com/)"
147.92.153.14 - - [14/Apr/2022:05:50:15 +0200] "GET /swfobject.js HTTP/1.0" 404 1308 "http://www.wonder-geek.com/antique-buddha-bust-statue-p-57933.html" "Mozilla/5.0 (X11; Linux x86_64) AppleWebKit/537.36 (KHTML, like Gecko) HeadlessChrome/96.0.4664.0 Safari/537.36"
157.90.177.217 - - [14/Apr/2022:05:50:13 +0200] "GET /candy-cloud-hair-brush-daisy-p-49777.html HTTP/1.0" 200 73505 "-" "Mozilla/5.0 (compatible; BLEXBot/1.0; +http://webmeup-crawler.com/)"
192.99.14.135 - - [14/Apr/2022:05:50:15 +0200] "GET /-p-32213.html HTTP/1.0" 200 70808 "-" "Mozilla/5.0 (compatible; MJ12bot/v1.4.8; http://mj12bot.com/)"
157.90.177.217 - - [14/Apr/2022:05:50:15 +0200] "GET /black-zippo-candle-utility-lighter-p-51931.html HTTP/1.0" 200 74432 "-" "Mozilla/5.0 (compatible; BLEXBot/1.0; +http://webmeup-crawler.com/)"
157.90.177.217 - - [14/Apr/2022:05:50:17 +0200] "GET /candy-cloud-hair-brush-dasha-p-49778.html HTTP/1.0" 200 73505 "-" "Mozilla/5.0 (compatible; BLEXBot/1.0; +http://webmeup-crawler.com/)"
192.99.6.138 - - [14/Apr/2022:05:50:18 +0200] "GET /avengers-marvel-kids-school-p-36230.html HTTP/1.0" 200 70926 "-" "Mozilla/5.0 (compatible; MJ12bot/v1.4.8; http://mj12bot.com/)"
192.99.14.135 - - [14/Apr/2022:05:50:18 +0200] "GET /curtains-lace-curtains-c-13_11_69.html?page=1 HTTP/1.0" 200 90350 "-" "Mozilla/5.0 (compatible; MJ12bot/v1.4.8; http://mj12bot.com/)"
157.90.177.217 - - [14/Apr/2022:05:50:19 +0200] "GET /black-zippo-fire-starter-p-51933.html HTTP/1.0" 200 74329 "-" "Mozilla/5.0 (compatible; BLEXBot/1.0; +http://webmeup-crawler.com/)"
157.90.177.217 - - [14/Apr/2022:05:50:21 +0200] "GET /candy-cloud-hair-brush-pistachio-p-46654.html HTTP/1.0" 200 74148 "-" "Mozilla/5.0 (compatible; BLEXBot/1.0; +http://webmeup-crawler.com/)"
192.99.6.138 - - [14/Apr/2022:05:50:22 +0200] "GET /avengers-marvel-kids-school-bag-p-44925.html HTTP/1.0" 301 70875 "-" "Mozilla/5.0 (compatible; MJ12bot/v1.4.8; http://mj12bot.com/)"
192.99.14.135 - - [14/Apr/2022:05:50:23 +0200] "GET /daffy-duck-figure-p-3620.html HTTP/1.0" 200 70864 "-" "Mozilla/5.0 (compatible; MJ12bot/v1.4.8; http://mj12bot.com/)"
157.90.177.217 - - [14/Apr/2022:05:50:23 +0200] "GET /blacks-litre-p-31417.html HTTP/1.0" 200 73427 "-" "Mozilla/5.0 (compatible; BLEXBot/1.0; +http://webmeup-crawler.com/)"
157.90.177.217 - - [14/Apr/2022:05:50:24 +0200] "GET /candy-cloud-hair-brush-stardust-p-46651.html HTTP/1.0" 200 74141 "-" "Mozilla/5.0 (compatible; BLEXBot/1.0; +http://webmeup-crawler.com/)"
192.99.6.138 - - [14/Apr/2022:05:50:25 +0200] "GET /-p-44925.html HTTP/1.0" 200 70808 "-" "Mozilla/5.0 (compatible; MJ12bot/v1.4.8; http://mj12bot.com/)"
192.99.14.135 - - [14/Apr/2022:05:50:26 +0200] "GET /daisy-duck-polar-plaid-p-26917.html HTTP/1.0" 200 70909 "-" "Mozilla/5.0 (compatible; MJ12bot/v1.4.8; http://mj12bot.com/)"
192.99.6.138 - - [14/Apr/2022:05:50:28 +0200] "GET /ballooning-allen-little-tray-p-34391.html HTTP/1.0" 301 70875 "-" "Mozilla/5.0 (compatible; MJ12bot/v1.4.8; http://mj12bot.com/)"
157.90.177.217 - - [14/Apr/2022:05:50:28 +0200] "GET /candy-cloud-hair-brush-twinkles-p-46653.html HTTP/1.0" 200 74141 "-" "Mozilla/5.0 (compatible; BLEXBot/1.0; +http://webmeup-crawler.com/)"
157.90.177.217 - - [14/Apr/2022:05:50:28 +0200] "GET /bleu-sugar-ameline-collection-p-56480.html HTTP/1.0" 200 73723 "-" "Mozilla/5.0 (compatible; BLEXBot/1.0; +http://webmeup-crawler.com/)"
192.99.14.135 - - [14/Apr/2022:05:50:31 +0200] "GET /daisy-duck-sports-bottle-p-25065.html HTTP/1.0" 200 73452 "-" "Mozilla/5.0 (compatible; MJ12bot/v1.4.8; http://mj12bot.com/)"
192.99.6.138 - - [14/Apr/2022:05:50:31 +0200] "GET /-p-34391.html HTTP/1.0" 200 70808 "-" "Mozilla/5.0 (compatible; MJ12bot/v1.4.8; http://mj12bot.com/)"
157.90.177.217 - - [14/Apr/2022:05:50:32 +0200] "GET /candy-cloud-notepad-bella-p-49834.html HTTP/1.0" 200 73489 "-" "Mozilla/5.0 (compatible; BLEXBot/1.0; +http://webmeup-crawler.com/)"
157.90.177.217 - - [14/Apr/2022:05:50:32 +0200] "GET /blue-adult-cotton-apron-p-44330.html HTTP/1.0" 200 73409 "-" "Mozilla/5.0 (compatible; BLEXBot/1.0; +http://webmeup-crawler.com/)"
192.99.6.138 - - [14/Apr/2022:05:50:34 +0200] "GET /bambi-shopping-bag-and-mobile-phone-case-beige-p-24269.html HTTP/1.0" 301 70875 "-" "Mozilla/5.0 (compatible; MJ12bot/v1.4.8; http://mj12bot.com/)"
192.99.14.135 - - [14/Apr/2022:05:50:35 +0200] "GET /dalmatians-cruella-devil-figure-p-4704.html HTTP/1.0" 200 70967 "-" "Mozilla/5.0 (compatible; MJ12bot/v1.4.8; http://mj12bot.com/)"
157.55.39.144 - - [14/Apr/2022:05:50:35 +0200] "GET /flowerpot-petit-bonhomme-debout-p-51209.html HTTP/1.0" 200 70932 "-" "Mozilla/5.0 (compatible; bingbot/2.0; +http://www.bing.com/bingbot.htm)"
157.90.177.217 - - [14/Apr/2022:05:50:36 +0200] "GET /candy-cloud-notepad-bella-p-49841.html HTTP/1.0" 200 73494 "-" "Mozilla/5.0 (compatible; BLEXBot/1.0; +http://webmeup-crawler.com/)"
192.99.6.138 - - [14/Apr/2022:05:50:37 +0200] "GET /-p-24269.html HTTP/1.0" 200 70808 "-" "Mozilla/5.0 (compatible; MJ12bot/v1.4.8; http://mj12bot.com/)"
157.90.177.217 - - [14/Apr/2022:05:50:38 +0200] "GET /blue-color-eyelet-curtain-p-55434.html HTTP/1.0" 200 76345 "-" "Mozilla/5.0 (compatible; BLEXBot/1.0; +http://webmeup-crawler.com/)"
54.36.148.243 - - [14/Apr/2022:05:50:39 +0200] "GET /bamboo-fiber-plant-cover-p-54250.html HTTP/1.0" 200 73457 "-" "Mozilla/5.0 (compatible; AhrefsBot/7.0; +http://ahrefs.com/robot/)"
95.217.207.61 - - [14/Apr/2022:05:50:40 +0200] "GET /cats-family-bread-bag-70-25-cm-p-37471.html HTTP/1.0" 301 71013 "-" "Mozilla/5.0 (compatible; MJ12bot/v1.4.8; http://mj12bot.com/)"
192.99.14.135 - - [14/Apr/2022:05:50:40 +0200] "GET /deco-storage-case-adventures-p-41891.html HTTP/1.0" 200 70969 "-" "Mozilla/5.0 (compatible; MJ12bot/v1.4.8; http://mj12bot.com/)"
192.99.6.138 - - [14/Apr/2022:05:50:42 +0200] "GET /bambi-shopping-bag-and-mobile-phone-case-khaki-p-24270.html HTTP/1.0" 301 70875 "-" "Mozilla/5.0 (compatible; MJ12bot/v1.4.8; http://mj12bot.com/)"
157.90.177.217 - - [14/Apr/2022:05:50:41 +0200] "GET /candy-cloud-notepad-bubblegum-p-49835.html HTTP/1.0" 200 73511 "-" "Mozilla/5.0 (compatible; BLEXBot/1.0; +http://webmeup-crawler.com/)"
192.99.14.135 - - [14/Apr/2022:05:50:43 +0200] "GET /deco-storage-case-atlantique-p-41889.html HTTP/1.0" 200 70957 "-" "Mozilla/5.0 (compatible; MJ12bot/v1.4.8; http://mj12bot.com/)"
185.191.171.26 - - [14/Apr/2022:05:50:44 +0200] "GET /porcelain-planet-lamp-15-cm-p-52292.html HTTP/1.0" 301 70986 "-" "Mozilla/5.0 (compatible; SemrushBot/7~bl; +http://www.semrush.com/bot.html)"
157.90.177.217 - - [14/Apr/2022:05:50:46 +0200] "GET /candy-cloud-notepad-bubblegum-p-49843.html HTTP/1.0" 200 73514 "-" "Mozilla/5.0 (compatible; BLEXBot/1.0; +http://webmeup-crawler.com/)"
157.90.177.217 - - [14/Apr/2022:05:50:46 +0200] "GET /blue-distributor-p-50101.html HTTP/1.0" 200 73562 "-" "Mozilla/5.0 (compatible; BLEXBot/1.0; +http://webmeup-crawler.com/)"
192.99.6.138 - - [14/Apr/2022:05:50:46 +0200] "GET /-p-24270.html HTTP/1.0" 200 70808 "-" "Mozilla/5.0 (compatible; MJ12bot/v1.4.8; http://mj12bot.com/)"
192.99.14.135 - - [14/Apr/2022:05:50:47 +0200] "GET /deco-storage-case-atlantique-p-41890.html HTTP/1.0" 200 70957 "-" "Mozilla/5.0 (compatible; MJ12bot/v1.4.8; http://mj12bot.com/)"
185.191.171.34 - - [14/Apr/2022:05:50:47 +0200] "GET /porcelain-planet-lamp-p-52292.html HTTP/1.0" 200 70898 "-" "Mozilla/5.0 (compatible; SemrushBot/7~bl; +http://www.semrush.com/bot.html)"
157.90.177.217 - - [14/Apr/2022:05:50:49 +0200] "GET /candy-cloud-notepad-candy-p-49833.html HTTP/1.0" 200 73491 "-" "Mozilla/5.0 (compatible; BLEXBot/1.0; +http://webmeup-crawler.com/)"
192.99.6.138 - - [14/Apr/2022:05:50:50 +0200] "GET /bamboo-rain-stick-91-cm-red-and-green-pattern-p-41878.html HTTP/1.0" 301 71100 "-" "Mozilla/5.0 (compatible; MJ12bot/v1.4.8; http://mj12bot.com/)"
157.90.177.217 - - [14/Apr/2022:05:50:51 +0200] "GET /blue-duck-fitted-sheet-p-51979.html HTTP/1.0" 200 74082 "-" "Mozilla/5.0 (compatible; BLEXBot/1.0; +http://webmeup-crawler.com/)"
192.99.14.135 - - [14/Apr/2022:05:50:52 +0200] "GET /decoration-african-water-carrier-p-52876.html HTTP/1.0" 200 70934 "-" "Mozilla/5.0 (compatible; MJ12bot/v1.4.8; http://mj12bot.com/)"
157.90.177.217 - - [14/Apr/2022:05:50:53 +0200] "GET /candy-cloud-notepad-candy-p-49840.html HTTP/1.0" 200 73494 "-" "Mozilla/5.0 (compatible; BLEXBot/1.0; +http://webmeup-crawler.com/)"
192.99.6.138 - - [14/Apr/2022:05:50:53 +0200] "GET /bamboo-rain-stick-green-pattern-p-41878.html HTTP/1.0" 200 71002 "-" "Mozilla/5.0 (compatible; MJ12bot/v1.4.8; http://mj12bot.com/)"
192.99.14.135 - - [14/Apr/2022:05:50:56 +0200] "GET /decoration-african-water-carrier-p-52877.html HTTP/1.0" 200 73596 "-" "Mozilla/5.0 (compatible; MJ12bot/v1.4.8; http://mj12bot.com/)"
157.90.177.217 - - [14/Apr/2022:05:50:56 +0200] "GET /blue-duck-fitted-sheet-p-51982.html HTTP/1.0" 200 73468 "-" "Mozilla/5.0 (compatible; BLEXBot/1.0; +http://webmeup-crawler.com/)"
192.99.6.138 - - [14/Apr/2022:05:50:57 +0200] "GET /banania-cacao-box-by-herve-morvan-p-26843.html HTTP/1.0" 301 70875 "-" "Mozilla/5.0 (compatible; MJ12bot/v1.4.8; http://mj12bot.com/)"
157.90.177.217 - - [14/Apr/2022:05:50:56 +0200] "GET /candy-cloud-notepad-daisy-p-49836.html HTTP/1.0" 200 73489 "-" "Mozilla/5.0 (compatible; BLEXBot/1.0; +http://webmeup-crawler.com/)"
192.99.14.135 - - [14/Apr/2022:05:50:59 +0200] "GET /decorative-micro-vintage-p-41873.html HTTP/1.0" 200 70919 "-" "Mozilla/5.0 (compatible; MJ12bot/v1.4.8; http://mj12bot.com/)"
157.90.177.217 - - [14/Apr/2022:05:51:00 +0200] "GET /blue-earthenware-lamp-p-55609.html HTTP/1.0" 200 74180 "-" "Mozilla/5.0 (compatible; BLEXBot/1.0; +http://webmeup-crawler.com/)"
192.99.6.138 - - [14/Apr/2022:05:51:01 +0200] "GET /-p-26843.html HTTP/1.0" 200 70808 "-" "Mozilla/5.0 (compatible; MJ12bot/v1.4.8; http://mj12bot.com/)"
185.191.171.13 - - [14/Apr/2022:05:51:01 +0200] "GET /cbkreation-p-33780.html?action=add_product HTTP/1.0" 302 476 "-" "Mozilla/5.0 (compatible; SemrushBot/7~bl; +http://www.semrush.com/bot.html)"
157.90.177.217 - - [14/Apr/2022:05:51:01 +0200] "GET /candy-cloud-notepad-daisy-p-49842.html HTTP/1.0" 200 73494 "-" "Mozilla/5.0 (compatible; BLEXBot/1.0; +http://webmeup-crawler.com/)"
192.99.6.138 - - [14/Apr/2022:05:51:03 +0200] "GET /banania-sugar-pot-p-30414.html HTTP/1.0" 301 70875 "-" "Mozilla/5.0 (compatible; MJ12bot/v1.4.8; http://mj12bot.com/)"
157.90.177.217 - - [14/Apr/2022:05:51:04 +0200] "GET /blue-globe-decoration-p-54180.html HTTP/1.0" 200 74092 "-" "Mozilla/5.0 (compatible; BLEXBot/1.0; +http://webmeup-crawler.com/)"
192.99.14.135 - - [14/Apr/2022:05:51:04 +0200] "GET /decorative-sundial-compass-brass-gilbert-sons-p-52859.html HTTP/1.0" 200 73690 "-" "Mozilla/5.0 (compatible; MJ12bot/v1.4.8; http://mj12bot.com/)"
157.90.177.217 - - [14/Apr/2022:05:51:06 +0200] "GET /candy-cloud-notepad-dasha-p-49837.html HTTP/1.0" 200 73491 "-" "Mozilla/5.0 (compatible; BLEXBot/1.0; +http://webmeup-crawler.com/)"
95.217.207.61 - - [14/Apr/2022:05:51:06 +0200] "GET /cats-family-bread-p-37471.html HTTP/1.0" 200 70929 "-" "Mozilla/5.0 (compatible; MJ12bot/v1.4.8; http://mj12bot.com/)"
192.99.6.138 - - [14/Apr/2022:05:51:08 +0200] "GET /-p-30414.html HTTP/1.0" 200 70808 "-" "Mozilla/5.0 (compatible; MJ12bot/v1.4.8; http://mj12bot.com/)"
157.90.177.217 - - [14/Apr/2022:05:51:09 +0200] "GET /blue-japanese-enameled-cast-iron-teapot-liter-p-57690.html HTTP/1.0" 200 74579 "-" "Mozilla/5.0 (compatible; BLEXBot/1.0; +http://webmeup-crawler.com/)"
17.121.115.95 - - [14/Apr/2022:05:51:10 +0200] "GET /decorative-useful-little-buddha-p-53311.html HTTP/1.0" 200 73568 "-" "Mozilla/5.0 (Macintosh; Intel Mac OS X 10_15_5) AppleWebKit/605.1.15 (KHTML, like Gecko) Version/13.1.1 Safari/605.1.15 (Applebot/0.1; +http://www.apple.com/go/applebot)"
185.191.171.2 - - [14/Apr/2022:05:51:12 +0200] "GET /fiat-keyring-p-24964.html?action=add_product HTTP/1.0" 302 476 "-" "Mozilla/5.0 (compatible; SemrushBot/7~bl; +http://www.semrush.com/bot.html)"
192.99.6.138 - - [14/Apr/2022:05:51:11 +0200] "GET /bar-stool-red-retro-p-34322.html HTTP/1.0" 301 70956 "-" "Mozilla/5.0 (compatible; MJ12bot/v1.4.8; http://mj12bot.com/)"
157.90.177.217 - - [14/Apr/2022:05:51:11 +0200] "GET /candy-cloud-notepad-dasha-p-49838.html HTTP/1.0" 200 73494 "-" "Mozilla/5.0 (compatible; BLEXBot/1.0; +http://webmeup-crawler.com/)"
192.99.14.135 - - [14/Apr/2022:05:51:12 +0200] "GET /decorative-useful-klimt-p-52200.html HTTP/1.0" 200 74121 "-" "Mozilla/5.0 (compatible; MJ12bot/v1.4.8; http://mj12bot.com/)"
192.99.6.138 - - [14/Apr/2022:05:51:14 +0200] "GET /stool-retro-p-34322.html HTTP/1.0" 200 70878 "-" "Mozilla/5.0 (compatible; MJ12bot/v1.4.8; http://mj12bot.com/)"
157.90.177.217 - - [14/Apr/2022:05:51:15 +0200] "GET /blue-japanese-enameled-cast-iron-teapot-p-57706.html HTTP/1.0" 200 74507 "-" "Mozilla/5.0 (compatible; BLEXBot/1.0; +http://webmeup-crawler.com/)"
192.99.14.135 - - [14/Apr/2022:05:51:16 +0200] "GET /decorative-wooden-plate-p-51587.html HTTP/1.0" 200 74195 "-" "Mozilla/5.0 (compatible; MJ12bot/v1.4.8; http://mj12bot.com/)"
157.90.177.217 - - [14/Apr/2022:05:51:17 +0200] "GET /candy-cloud-notepad-jazzy-p-49832.html HTTP/1.0" 200 73491 "-" "Mozilla/5.0 (compatible; BLEXBot/1.0; +http://webmeup-crawler.com/)"
192.99.6.138 - - [14/Apr/2022:05:51:19 +0200] "GET /bar-stools-retro-80-cm-p-37186.html HTTP/1.0" 301 70875 "-" "Mozilla/5.0 (compatible; MJ12bot/v1.4.8; http://mj12bot.com/)"
157.90.177.217 - - [14/Apr/2022:05:51:20 +0200] "GET /candy-cloud-notepad-jazzy-p-49839.html HTTP/1.0" 200 73494 "-" "Mozilla/5.0 (compatible; BLEXBot/1.0; +http://webmeup-crawler.com/)"
185.191.171.25 - - [14/Apr/2022:05:51:21 +0200] "GET /wise-wings-keychain-p-51826.html HTTP/1.0" 200 74341 "-" "Mozilla/5.0 (compatible; SemrushBot/7~bl; +http://www.semrush.com/bot.html)"
192.99.14.135 - - [14/Apr/2022:05:51:21 +0200] "GET /despecable-keyring-p-33101.html HTTP/1.0" 200 74149 "-" "Mozilla/5.0 (compatible; MJ12bot/v1.4.8; http://mj12bot.com/)"
192.99.6.138 - - [14/Apr/2022:05:51:21 +0200] "GET /-p-37186.html HTTP/1.0" 200 70808 "-" "Mozilla/5.0 (compatible; MJ12bot/v1.4.8; http://mj12bot.com/)"
157.90.177.217 - - [14/Apr/2022:05:51:22 +0200] "GET /blue-jean-fitted-sheet-p-36443.html HTTP/1.0" 200 74120 "-" "Mozilla/5.0 (compatible; BLEXBot/1.0; +http://webmeup-crawler.com/)"
157.90.177.217 - - [14/Apr/2022:05:51:24 +0200] "GET /cappuccino-retro-deco-thermometer-p-27629.html HTTP/1.0" 200 73600 "-" "Mozilla/5.0 (compatible; BLEXBot/1.0; +http://webmeup-crawler.com/)"
185.191.171.13 - - [14/Apr/2022:05:51:25 +0200] "GET /boite-bons-points-voucher-p-54188.html HTTP/1.0" 200 74285 "-" "Mozilla/5.0 (compatible; SemrushBot/7~bl; +http://www.semrush.com/bot.html)"
192.99.6.138 - - [14/Apr/2022:05:51:26 +0200] "GET /barbabeau-figure-p-461.html HTTP/1.0" 301 70869 "-" "Mozilla/5.0 (compatible; MJ12bot/v1.4.8; http://mj12bot.com/)"
192.99.14.135 - - [14/Apr/2022:05:51:26 +0200] "GET /despicable-homework-notebooks-p-35840.html HTTP/1.0" 200 73900 "-" "Mozilla/5.0 (compatible; MJ12bot/v1.4.8; http://mj12bot.com/)"
192.99.6.138 - - [14/Apr/2022:05:51:29 +0200] "GET /-p-461.html HTTP/1.0" 200 70804 "-" "Mozilla/5.0 (compatible; MJ12bot/v1.4.8; http://mj12bot.com/)"
157.90.177.217 - - [14/Apr/2022:05:51:29 +0200] "GET /cappuccino-retro-deco-thermometer-p-27630.html HTTP/1.0" 200 73600 "-" "Mozilla/5.0 (compatible; BLEXBot/1.0; +http://webmeup-crawler.com/)"
157.90.177.217 - - [14/Apr/2022:05:51:29 +0200] "GET /blue-patinated-vase-p-57293.html HTTP/1.0" 200 74431 "-" "Mozilla/5.0 (compatible; BLEXBot/1.0; +http://webmeup-crawler.com/)"
54.36.148.243 - - [14/Apr/2022:05:51:30 +0200] "GET /love-cats-saucer-p-37303.html HTTP/1.0" 200 73471 "-" "Mozilla/5.0 (compatible; AhrefsBot/7.0; +http://ahrefs.com/robot/)"
192.99.14.135 - - [14/Apr/2022:05:51:31 +0200] "GET /despicable-magnetic-board-p-32475.html HTTP/1.0" 200 70904 "-" "Mozilla/5.0 (compatible; MJ12bot/v1.4.8; http://mj12bot.com/)"
192.99.6.138 - - [14/Apr/2022:05:51:32 +0200] "GET /barbabeau-mug-p-24019.html HTTP/1.0" 301 70875 "-" "Mozilla/5.0 (compatible; MJ12bot/v1.4.8; http://mj12bot.com/)"
157.90.177.217 - - [14/Apr/2022:05:51:32 +0200] "GET /captain-amrica-shirt-p-29615.html HTTP/1.0" 200 74837 "-" "Mozilla/5.0 (compatible; BLEXBot/1.0; +http://webmeup-crawler.com/)"
185.191.171.44 - - [14/Apr/2022:05:51:33 +0200] "GET /smoking-metal-plate-deco-p-46331.html?action=add_product HTTP/1.0" 302 476 "-" "Mozilla/5.0 (compatible; SemrushBot/7~bl; +http://www.semrush.com/bot.html)"
192.99.6.138 - - [14/Apr/2022:05:51:35 +0200] "GET /-p-24019.html HTTP/1.0" 200 70808 "-" "Mozilla/5.0 (compatible; MJ12bot/v1.4.8; http://mj12bot.com/)"
157.90.177.217 - - [14/Apr/2022:05:51:35 +0200] "GET /blue-peacock-jewelry-holder-statuette-p-56814.html HTTP/1.0" 200 73699 "-" "Mozilla/5.0 (compatible; BLEXBot/1.0; +http://webmeup-crawler.com/)"
157.90.177.217 - - [14/Apr/2022:05:51:35 +0200] "GET /caramel-toiletry-constellation-p-55648.html HTTP/1.0" 200 74486 "-" "Mozilla/5.0 (compatible; BLEXBot/1.0; +http://webmeup-crawler.com/)"
192.99.14.135 - - [14/Apr/2022:05:51:37 +0200] "GET /despicable-pool-p-30359.html HTTP/1.0" 200 74276 "-" "Mozilla/5.0 (compatible; MJ12bot/v1.4.8; http://mj12bot.com/)"
192.99.6.138 - - [14/Apr/2022:05:51:38 +0200] "GET /barbabeau-red-messenger-bag-p-15792.html HTTP/1.0" 301 70875 "-" "Mozilla/5.0 (compatible; MJ12bot/v1.4.8; http://mj12bot.com/)"
157.90.177.217 - - [14/Apr/2022:05:51:39 +0200] "GET /blue-perfume-diffuser-p-35888.html HTTP/1.0" 200 73555 "-" "Mozilla/5.0 (compatible; BLEXBot/1.0; +http://webmeup-crawler.com/)"
157.90.177.217 - - [14/Apr/2022:05:51:39 +0200] "GET /card-holder-eagle-p-46437.html HTTP/1.0" 200 74214 "-" "Mozilla/5.0 (compatible; BLEXBot/1.0; +http://webmeup-crawler.com/)"
192.99.6.138 - - [14/Apr/2022:05:51:41 +0200] "GET /-p-15792.html HTTP/1.0" 200 70808 "-" "Mozilla/5.0 (compatible; MJ12bot/v1.4.8; http://mj12bot.com/)"
192.99.14.135 - - [14/Apr/2022:05:51:40 +0200] "GET /disney-princess-backpack-p-10685.html HTTP/1.0" 301 70875 "-" "Mozilla/5.0 (compatible; MJ12bot/v1.4.8; http://mj12bot.com/)"
95.217.207.61 - - [14/Apr/2022:05:51:42 +0200] "GET /cats-family-bread-p-37471.html HTTP/1.0" 200 70929 "-" "Mozilla/5.0 (compatible; MJ12bot/v1.4.8; http://mj12bot.com/)"
157.90.177.217 - - [14/Apr/2022:05:51:43 +0200] "GET /card-holder-york-motor-p-46438.html HTTP/1.0" 200 74296 "-" "Mozilla/5.0 (compatible; BLEXBot/1.0; +http://webmeup-crawler.com/)"
192.99.6.138 - - [14/Apr/2022:05:51:44 +0200] "GET /barbabelle-mug-p-2720.html HTTP/1.0" 301 70872 "-" "Mozilla/5.0 (compatible; MJ12bot/v1.4.8; http://mj12bot.com/)"
192.99.14.135 - - [14/Apr/2022:05:51:44 +0200] "GET /-p-10685.html HTTP/1.0" 200 70808 "-" "Mozilla/5.0 (compatible; MJ12bot/v1.4.8; http://mj12bot.com/)"
157.90.177.217 - - [14/Apr/2022:05:51:45 +0200] "GET /blue-pocket-warmer-fait-moins-8000-p-56148.html HTTP/1.0" 200 74500 "-" "Mozilla/5.0 (compatible; BLEXBot/1.0; +http://webmeup-crawler.com/)"
157.90.177.217 - - [14/Apr/2022:05:51:47 +0200] "GET /card-holders-passport-cases-c-31_236.html?page=2 HTTP/1.0" 200 80570 "-" "Mozilla/5.0 (compatible; BLEXBot/1.0; +http://webmeup-crawler.com/)"
192.99.6.138 - - [14/Apr/2022:05:51:48 +0200] "GET /-p-2720.html HTTP/1.0" 200 70806 "-" "Mozilla/5.0 (compatible; MJ12bot/v1.4.8; http://mj12bot.com/)"
192.99.14.135 - - [14/Apr/2022:05:51:49 +0200] "GET /disney-princess-belive-poster-p-37819.html HTTP/1.0" 200 70944 "-" "Mozilla/5.0 (compatible; MJ12bot/v1.4.8; http://mj12bot.com/)"
192.99.6.138 - - [14/Apr/2022:05:51:51 +0200] "GET /barbabelle-small-bag-p-16873.html HTTP/1.0" 301 70875 "-" "Mozilla/5.0 (compatible; MJ12bot/v1.4.8; http://mj12bot.com/)"
157.90.177.217 - - [14/Apr/2022:05:51:51 +0200] "GET /cardmaking-c-129_128.html?page=2 HTTP/1.0" 200 92877 "-" "Mozilla/5.0 (compatible; BLEXBot/1.0; +http://webmeup-crawler.com/)"
157.90.177.217 - - [14/Apr/2022:05:51:51 +0200] "GET /blue-pocket-warmer-libre-dgivre-p-56149.html HTTP/1.0" 200 74452 "-" "Mozilla/5.0 (compatible; BLEXBot/1.0; +http://webmeup-crawler.com/)"
192.99.14.135 - - [14/Apr/2022:05:51:53 +0200] "GET /disney-princess-cushion-p-25904.html HTTP/1.0" 301 70875 "-" "Mozilla/5.0 (compatible; MJ12bot/v1.4.8; http://mj12bot.com/)"
192.99.6.138 - - [14/Apr/2022:05:51:53 +0200] "GET /-p-16873.html HTTP/1.0" 200 70808 "-" "Mozilla/5.0 (compatible; MJ12bot/v1.4.8; http://mj12bot.com/)"
157.90.177.217 - - [14/Apr/2022:05:51:55 +0200] "GET /cardmaking-c-129_128.html?page=3 HTTP/1.0" 200 94470 "-" "Mozilla/5.0 (compatible; BLEXBot/1.0; +http://webmeup-crawler.com/)"
157.90.177.217 - - [14/Apr/2022:05:51:56 +0200] "GET /blue-polyester-round-chair-cushion-p-46459.html HTTP/1.0" 200 74178 "-" "Mozilla/5.0 (compatible; BLEXBot/1.0; +http://webmeup-crawler.com/)"
192.99.14.135 - - [14/Apr/2022:05:51:57 +0200] "GET /-p-25904.html HTTP/1.0" 200 70808 "-" "Mozilla/5.0 (compatible; MJ12bot/v1.4.8; http://mj12bot.com/)"
192.99.6.138 - - [14/Apr/2022:05:51:57 +0200] "GET /barbabo-hochet-soft-toy-p-18895.html HTTP/1.0" 301 70875 "-" "Mozilla/5.0 (compatible; MJ12bot/v1.4.8; http://mj12bot.com/)"
157.90.177.217 - - [14/Apr/2022:05:51:59 +0200] "GET /cardmaking-c-129_128.html?page=4 HTTP/1.0" 200 92944 "-" "Mozilla/5.0 (compatible; BLEXBot/1.0; +http://webmeup-crawler.com/)"
157.90.177.217 - - [14/Apr/2022:05:52:01 +0200] "GET /blue-polyester-round-chair-cushion-p-47037.html HTTP/1.0" 200 74180 "-" "Mozilla/5.0 (compatible; BLEXBot/1.0; +http://webmeup-crawler.com/)"
192.99.6.138 - - [14/Apr/2022:05:52:02 +0200] "GET /-p-18895.html HTTP/1.0" 200 70808 "-" "Mozilla/5.0 (compatible; MJ12bot/v1.4.8; http://mj12bot.com/)"
95.217.207.61 - - [14/Apr/2022:05:52:02 +0200] "GET /cats-glass-coasters-p-37888.html HTTP/1.0" 200 73383 "-" "Mozilla/5.0 (compatible; MJ12bot/v1.4.8; http://mj12bot.com/)"
157.90.177.217 - - [14/Apr/2022:05:52:02 +0200] "GET /cardmaking-c-129_128.html?page=5 HTTP/1.0" 200 92396 "-" "Mozilla/5.0 (compatible; BLEXBot/1.0; +http://webmeup-crawler.com/)"
192.99.6.138 - - [14/Apr/2022:05:52:06 +0200] "GET /barbabravo-pencil-box-p-7865.html HTTP/1.0" 301 70872 "-" "Mozilla/5.0 (compatible; MJ12bot/v1.4.8; http://mj12bot.com/)"
157.90.177.217 - - [14/Apr/2022:05:52:07 +0200] "GET /blue-polyester-round-chair-cushion-p-47038.html HTTP/1.0" 200 74176 "-" "Mozilla/5.0 (compatible; BLEXBot/1.0; +http://webmeup-crawler.com/)"
157.90.177.217 - - [14/Apr/2022:05:52:08 +0200] "GET /cardmaking-c-129_128.html?page=6 HTTP/1.0" 200 92799 "-" "Mozilla/5.0 (compatible; BLEXBot/1.0; +http://webmeup-crawler.com/)"
192.99.6.138 - - [14/Apr/2022:05:52:09 +0200] "GET /-p-7865.html HTTP/1.0" 200 70806 "-" "Mozilla/5.0 (compatible; MJ12bot/v1.4.8; http://mj12bot.com/)"
157.90.177.217 - - [14/Apr/2022:05:52:11 +0200] "GET /blue-spiral-glass-paperweight-p-52214.html HTTP/1.0" 200 74101 "-" "Mozilla/5.0 (compatible; BLEXBot/1.0; +http://webmeup-crawler.com/)"
157.90.177.217 - - [14/Apr/2022:05:52:12 +0200] "GET /cardmaking-c-129_128.html?page=7 HTTP/1.0" 200 82175 "-" "Mozilla/5.0 (compatible; BLEXBot/1.0; +http://webmeup-crawler.com/)"
192.99.6.138 - - [14/Apr/2022:05:52:12 +0200] "GET /barbabravo-small-oddments-p-8300.html HTTP/1.0" 200 70922 "-" "Mozilla/5.0 (compatible; MJ12bot/v1.4.8; http://mj12bot.com/)"
192.99.6.138 - - [14/Apr/2022:05:52:15 +0200] "GET /barbabright-birth-barbabib-p-18364.html HTTP/1.0" 301 70875 "-" "Mozilla/5.0 (compatible; MJ12bot/v1.4.8; http://mj12bot.com/)"
192.99.6.138 - - [14/Apr/2022:05:52:18 +0200] "GET /-p-18364.html HTTP/1.0" 200 70808 "-" "Mozilla/5.0 (compatible; MJ12bot/v1.4.8; http://mj12bot.com/)"
157.90.177.217 - - [14/Apr/2022:05:52:19 +0200] "GET /blue-spiral-glass-paperweight-p-56402.html HTTP/1.0" 200 73595 "-" "Mozilla/5.0 (compatible; BLEXBot/1.0; +http://webmeup-crawler.com/)"
157.90.177.217 - - [14/Apr/2022:05:52:19 +0200] "GET /caribea-sheet-p-51590.html HTTP/1.0" 200 73588 "-" "Mozilla/5.0 (compatible; BLEXBot/1.0; +http://webmeup-crawler.com/)"
192.99.6.138 - - [14/Apr/2022:05:52:21 +0200] "GET /barbalala-barbapapa-family-soft-toy-14-cm-p-14330.html HTTP/1.0" 301 70875 "-" "Mozilla/5.0 (compatible; MJ12bot/v1.4.8; http://mj12bot.com/)"
157.90.177.217 - - [14/Apr/2022:05:52:24 +0200] "GET /blue-wink-panda-pocket-warmer-p-55002.html HTTP/1.0" 200 74944 "-" "Mozilla/5.0 (compatible; BLEXBot/1.0; +http://webmeup-crawler.com/)"
192.99.6.138 - - [14/Apr/2022:05:52:24 +0200] "GET /-p-14330.html HTTP/1.0" 200 70808 "-" "Mozilla/5.0 (compatible; MJ12bot/v1.4.8; http://mj12bot.com/)"
157.90.177.217 - - [14/Apr/2022:05:52:24 +0200] "GET /carlin-british-mouse-cbkreation-p-20740.html HTTP/1.0" 200 73540 "-" "Mozilla/5.0 (compatible; BLEXBot/1.0; +http://webmeup-crawler.com/)"
192.99.6.138 - - [14/Apr/2022:05:52:28 +0200] "GET /barbapapa-3d-stamp-set-p-16086.html HTTP/1.0" 301 70977 "-" "Mozilla/5.0 (compatible; MJ12bot/v1.4.8; http://mj12bot.com/)"
157.90.177.217 - - [14/Apr/2022:05:52:28 +0200] "GET /carlin-pink-woven-cool-lunch-p-34158.html HTTP/1.0" 200 73594 "-" "Mozilla/5.0 (compatible; BLEXBot/1.0; +http://webmeup-crawler.com/)"
54.36.148.243 - - [14/Apr/2022:05:52:31 +0200] "GET /cats-bowl-saucer-p-30177.html HTTP/1.0" 200 73487 "-" "Mozilla/5.0 (compatible; AhrefsBot/7.0; +http://ahrefs.com/robot/)"
192.99.6.138 - - [14/Apr/2022:05:52:31 +0200] "GET /barbapapa-stamp-p-16086.html HTTP/1.0" 200 70895 "-" "Mozilla/5.0 (compatible; MJ12bot/v1.4.8; http://mj12bot.com/)"
157.90.177.217 - - [14/Apr/2022:05:52:31 +0200] "GET /carpet-mandala-p-50744.html HTTP/1.0" 200 74387 "-" "Mozilla/5.0 (compatible; BLEXBot/1.0; +http://webmeup-crawler.com/)"
157.90.177.217 - - [14/Apr/2022:05:52:32 +0200] "GET /bluetooth-guitar-speaker-p-47522.html HTTP/1.0" 200 74313 "-" "Mozilla/5.0 (compatible; BLEXBot/1.0; +http://webmeup-crawler.com/)"
192.99.6.138 - - [14/Apr/2022:05:52:34 +0200] "GET /barbapapa-and-barbamama-beauty-bag-p-6249.html HTTP/1.0" 301 70872 "-" "Mozilla/5.0 (compatible; MJ12bot/v1.4.8; http://mj12bot.com/)"
157.90.177.217 - - [14/Apr/2022:05:52:35 +0200] "GET /cars-backpack-p-10775.html HTTP/1.0" 200 73583 "-" "Mozilla/5.0 (compatible; BLEXBot/1.0; +http://webmeup-crawler.com/)"
192.99.6.138 - - [14/Apr/2022:05:52:38 +0200] "GET /-p-6249.html HTTP/1.0" 200 70806 "-" "Mozilla/5.0 (compatible; MJ12bot/v1.4.8; http://mj12bot.com/)"
157.90.177.217 - - [14/Apr/2022:05:52:38 +0200] "GET /bodega-bottle-stoppers-p-39485.html HTTP/1.0" 200 73427 "-" "Mozilla/5.0 (compatible; BLEXBot/1.0; +http://webmeup-crawler.com/)"
157.90.177.217 - - [14/Apr/2022:05:52:39 +0200] "GET /cars-backpack-p-13339.html HTTP/1.0" 200 73762 "-" "Mozilla/5.0 (compatible; BLEXBot/1.0; +http://webmeup-crawler.com/)"
192.99.6.138 - - [14/Apr/2022:05:52:42 +0200] "GET /barbapapa-apron-adult-size-p-1345.html HTTP/1.0" 301 70872 "-" "Mozilla/5.0 (compatible; MJ12bot/v1.4.8; http://mj12bot.com/)"
157.90.177.217 - - [14/Apr/2022:05:52:43 +0200] "GET /cars-ball-filled-p-11526.html HTTP/1.0" 200 73834 "-" "Mozilla/5.0 (compatible; BLEXBot/1.0; +http://webmeup-crawler.com/)"
157.90.177.217 - - [14/Apr/2022:05:52:44 +0200] "GET /bodega-cookware-p-37401.html HTTP/1.0" 200 73454 "-" "Mozilla/5.0 (compatible; BLEXBot/1.0; +http://webmeup-crawler.com/)"
192.99.6.138 - - [14/Apr/2022:05:52:45 +0200] "GET /-p-1345.html HTTP/1.0" 200 70806 "-" "Mozilla/5.0 (compatible; MJ12bot/v1.4.8; http://mj12bot.com/)"
157.90.177.217 - - [14/Apr/2022:05:52:47 +0200] "GET /cars-disney-p-12459.html HTTP/1.0" 200 73560 "-" "Mozilla/5.0 (compatible; BLEXBot/1.0; +http://webmeup-crawler.com/)"
192.99.6.138 - - [14/Apr/2022:05:52:48 +0200] "GET /barbapapa-backpack-p-19642.html HTTP/1.0" 301 70875 "-" "Mozilla/5.0 (compatible; MJ12bot/v1.4.8; http://mj12bot.com/)"
185.191.171.14 - - [14/Apr/2022:05:52:49 +0200] "GET /nici-schoolbag-on-wheels-p-20101.html HTTP/1.0" 301 70976 "-" "Mozilla/5.0 (compatible; SemrushBot/7~bl; +http://www.semrush.com/bot.html)"
192.99.6.138 - - [14/Apr/2022:05:52:51 +0200] "GET /-p-19642.html HTTP/1.0" 200 70808 "-" "Mozilla/5.0 (compatible; MJ12bot/v1.4.8; http://mj12bot.com/)"
157.90.177.217 - - [14/Apr/2022:05:52:51 +0200] "GET /bodega-opener-p-19945.html HTTP/1.0" 200 73429 "-" "Mozilla/5.0 (compatible; BLEXBot/1.0; +http://webmeup-crawler.com/)"
157.90.177.217 - - [14/Apr/2022:05:52:52 +0200] "GET /cars-mattress-swimming-pool-p-19984.html HTTP/1.0" 200 73597 "-" "Mozilla/5.0 (compatible; BLEXBot/1.0; +http://webmeup-crawler.com/)"
185.191.171.26 - - [14/Apr/2022:05:52:54 +0200] "GET /nici-schoolbag-wheels-p-20101.html HTTP/1.0" 200 70888 "-" "Mozilla/5.0 (compatible; SemrushBot/7~bl; +http://www.semrush.com/bot.html)"
192.99.6.138 - - [14/Apr/2022:05:52:55 +0200] "GET /barbapapa-baroque-striped-canvas-totes-bag-p-5788.html HTTP/1.0" 301 73927 "-" "Mozilla/5.0 (compatible; MJ12bot/v1.4.8; http://mj12bot.com/)"
157.90.177.217 - - [14/Apr/2022:05:52:56 +0200] "GET /bodega-sponge-holder-p-37395.html HTTP/1.0" 200 73401 "-" "Mozilla/5.0 (compatible; BLEXBot/1.0; +http://webmeup-crawler.com/)"
157.90.177.217 - - [14/Apr/2022:05:52:58 +0200] "GET /cars-melamine-bowl-p-20355.html HTTP/1.0" 200 73484 "-" "Mozilla/5.0 (compatible; BLEXBot/1.0; +http://webmeup-crawler.com/)"
192.99.6.138 - - [14/Apr/2022:05:52:58 +0200] "GET /barbapapa-baroque-striped-canvas-totes-p-5788.html HTTP/1.0" 200 73823 "-" "Mozilla/5.0 (compatible; MJ12bot/v1.4.8; http://mj12bot.com/)"
95.217.207.61 - - [14/Apr/2022:05:52:59 +0200] "GET /cats-grey-saltshaker-pepper-p-37864.html HTTP/1.0" 200 73577 "-" "Mozilla/5.0 (compatible; MJ12bot/v1.4.8; http://mj12bot.com/)"
157.90.177.217 - - [14/Apr/2022:05:53:00 +0200] "GET /bodega-toothpick-display-p-53465.html HTTP/1.0" 200 73446 "-" "Mozilla/5.0 (compatible; BLEXBot/1.0; +http://webmeup-crawler.com/)"
192.99.6.138 - - [14/Apr/2022:05:53:01 +0200] "GET /barbapapa-bath-toys-animals-p-15681.html HTTP/1.0" 301 70875 "-" "Mozilla/5.0 (compatible; MJ12bot/v1.4.8; http://mj12bot.com/)"
157.90.177.217 - - [14/Apr/2022:05:53:01 +0200] "GET /cars-metal-pencil-p-516.html HTTP/1.0" 200 73414 "-" "Mozilla/5.0 (compatible; BLEXBot/1.0; +http://webmeup-crawler.com/)"
192.99.6.138 - - [14/Apr/2022:05:53:04 +0200] "GET /-p-15681.html HTTP/1.0" 200 70808 "-" "Mozilla/5.0 (compatible; MJ12bot/v1.4.8; http://mj12bot.com/)"
157.90.177.217 - - [14/Apr/2022:05:53:05 +0200] "GET /body-baby-knight-p-50931.html HTTP/1.0" 200 73350 "-" "Mozilla/5.0 (compatible; BLEXBot/1.0; +http://webmeup-crawler.com/)"
157.90.177.217 - - [14/Apr/2022:05:53:06 +0200] "GET /cars-round-table-p-18801.html HTTP/1.0" 200 73556 "-" "Mozilla/5.0 (compatible; BLEXBot/1.0; +http://webmeup-crawler.com/)"
185.191.171.24 - - [14/Apr/2022:05:53:06 +0200] "GET /bella-candy-cloud-keychain-p-49757.html HTTP/1.0" 200 73477 "-" "Mozilla/5.0 (compatible; SemrushBot/7~bl; +http://www.semrush.com/bot.html)"
192.99.6.138 - - [14/Apr/2022:05:53:08 +0200] "GET /barbapapa-bead-maze-p-17286.html HTTP/1.0" 301 70875 "-" "Mozilla/5.0 (compatible; MJ12bot/v1.4.8; http://mj12bot.com/)"
157.90.177.217 - - [14/Apr/2022:05:53:09 +0200] "GET /boho-buffalo-head-plaid-p-42909.html HTTP/1.0" 200 74172 "-" "Mozilla/5.0 (compatible; BLEXBot/1.0; +http://webmeup-crawler.com/)"
157.90.177.217 - - [14/Apr/2022:05:53:10 +0200] "GET /cars-sports-bottle-p-25062.html HTTP/1.0" 200 73403 "-" "Mozilla/5.0 (compatible; BLEXBot/1.0; +http://webmeup-crawler.com/)"
157.90.177.217 - - [14/Apr/2022:05:53:13 +0200] "GET /boho-dream-catches-pink-plaid-p-42907.html HTTP/1.0" 200 73593 "-" "Mozilla/5.0 (compatible; BLEXBot/1.0; +http://webmeup-crawler.com/)"
185.191.171.24 - - [14/Apr/2022:05:53:13 +0200] "GET /gogh-wall-decoration-p-54010.html HTTP/1.0" 200 73527 "-" "Mozilla/5.0 (compatible; SemrushBot/7~bl; +http://www.semrush.com/bot.html)"
157.90.177.217 - - [14/Apr/2022:05:53:14 +0200] "GET /cars-straws-p-16548.html HTTP/1.0" 200 73555 "-" "Mozilla/5.0 (compatible; BLEXBot/1.0; +http://webmeup-crawler.com/)"
192.99.6.138 - - [14/Apr/2022:05:53:15 +0200] "GET /-p-17286.html HTTP/1.0" 200 70808 "-" "Mozilla/5.0 (compatible; MJ12bot/v1.4.8; http://mj12bot.com/)"
95.217.207.61 - - [14/Apr/2022:05:53:16 +0200] "GET /cats-in-love-beige-adult-apron-p-35149.html HTTP/1.0" 301 71037 "-" "Mozilla/5.0 (compatible; MJ12bot/v1.4.8; http://mj12bot.com/)"
157.90.177.217 - - [14/Apr/2022:05:53:19 +0200] "GET /cars-swimming-ring-p-19973.html HTTP/1.0" 200 73247 "-" "Mozilla/5.0 (compatible; BLEXBot/1.0; +http://webmeup-crawler.com/)"
157.90.177.217 - - [14/Apr/2022:05:53:19 +0200] "GET /boho-indian-pouch-buffalo-head-p-42920.html HTTP/1.0" 200 73652 "-" "Mozilla/5.0 (compatible; BLEXBot/1.0; +http://webmeup-crawler.com/)"
95.217.207.61 - - [14/Apr/2022:05:53:20 +0200] "GET /cats-love-beige-adult-apron-p-35149.html HTTP/1.0" 200 70943 "-" "Mozilla/5.0 (compatible; MJ12bot/v1.4.8; http://mj12bot.com/)"
192.99.6.138 - - [14/Apr/2022:05:53:22 +0200] "GET /barbapapa-black-shirt-p-29629.html HTTP/1.0" 301 70875 "-" "Mozilla/5.0 (compatible; MJ12bot/v1.4.8; http://mj12bot.com/)"
157.90.177.217 - - [14/Apr/2022:05:53:23 +0200] "GET /cars-toddler-flatware-p-20357.html HTTP/1.0" 200 73391 "-" "Mozilla/5.0 (compatible; BLEXBot/1.0; +http://webmeup-crawler.com/)"
157.90.177.217 - - [14/Apr/2022:05:53:24 +0200] "GET /boho-indian-pouch-free-wild-p-42922.html HTTP/1.0" 200 73652 "-" "Mozilla/5.0 (compatible; BLEXBot/1.0; +http://webmeup-crawler.com/)"
192.99.6.138 - - [14/Apr/2022:05:53:25 +0200] "GET /-p-29629.html HTTP/1.0" 200 70808 "-" "Mozilla/5.0 (compatible; MJ12bot/v1.4.8; http://mj12bot.com/)"
185.191.171.1 - - [14/Apr/2022:05:53:26 +0200] "GET /little-buddha-collection-keychain-p-53292.html HTTP/1.0" 200 70930 "-" "Mozilla/5.0 (compatible; SemrushBot/7~bl; +http://www.semrush.com/bot.html)"
157.90.177.217 - - [14/Apr/2022:05:53:27 +0200] "GET /cars-training-bottle-p-20356.html HTTP/1.0" 200 73415 "-" "Mozilla/5.0 (compatible; BLEXBot/1.0; +http://webmeup-crawler.com/)"
157.90.177.217 - - [14/Apr/2022:05:53:28 +0200] "GET /boho-wolf-head-plaid-p-42908.html HTTP/1.0" 200 73546 "-" "Mozilla/5.0 (compatible; BLEXBot/1.0; +http://webmeup-crawler.com/)"
192.99.6.138 - - [14/Apr/2022:05:53:29 +0200] "GET /barbapapa-black-shirt-p-29634.html HTTP/1.0" 301 70875 "-" "Mozilla/5.0 (compatible; MJ12bot/v1.4.8; http://mj12bot.com/)"
157.90.177.217 - - [14/Apr/2022:05:53:30 +0200] "GET /cast-iron-wall-bell-p-46494.html HTTP/1.0" 200 73491 "-" "Mozilla/5.0 (compatible; BLEXBot/1.0; +http://webmeup-crawler.com/)"
192.99.6.138 - - [14/Apr/2022:05:53:33 +0200] "GET /-p-29634.html HTTP/1.0" 200 70808 "-" "Mozilla/5.0 (compatible; MJ12bot/v1.4.8; http://mj12bot.com/)"
157.90.177.217 - - [14/Apr/2022:05:53:35 +0200] "GET /bohochic-sheet-p-53474.html HTTP/1.0" 200 73596 "-" "Mozilla/5.0 (compatible; BLEXBot/1.0; +http://webmeup-crawler.com/)"
54.36.148.243 - - [14/Apr/2022:05:53:36 +0200] "GET /lamas-large-bowl-p-45766.html HTTP/1.0" 200 73952 "-" "Mozilla/5.0 (compatible; AhrefsBot/7.0; +http://ahrefs.com/robot/)"
192.99.6.138 - - [14/Apr/2022:05:53:37 +0200] "GET /barbapapa-bowling-bag-p-10521.html HTTP/1.0" 301 70875 "-" "Mozilla/5.0 (compatible; MJ12bot/v1.4.8; http://mj12bot.com/)"
157.90.177.217 - - [14/Apr/2022:05:53:37 +0200] "GET /cast-salamander-wall-bell-p-45760.html HTTP/1.0" 200 73522 "-" "Mozilla/5.0 (compatible; BLEXBot/1.0; +http://webmeup-crawler.com/)"
157.90.177.217 - - [14/Apr/2022:05:53:39 +0200] "GET /boire-jaune-metal-tray-p-53578.html HTTP/1.0" 200 74354 "-" "Mozilla/5.0 (compatible; BLEXBot/1.0; +http://webmeup-crawler.com/)"
192.99.6.138 - - [14/Apr/2022:05:53:40 +0200] "GET /-p-10521.html HTTP/1.0" 200 70808 "-" "Mozilla/5.0 (compatible; MJ12bot/v1.4.8; http://mj12bot.com/)"
157.90.177.217 - - [14/Apr/2022:05:53:43 +0200] "GET /cats-bread-p-43808.html HTTP/1.0" 200 73428 "-" "Mozilla/5.0 (compatible; BLEXBot/1.0; +http://webmeup-crawler.com/)"
192.99.6.138 - - [14/Apr/2022:05:53:44 +0200] "GET /barbapapa-box-of-pearls-p-5860.html HTTP/1.0" 301 70872 "-" "Mozilla/5.0 (compatible; MJ12bot/v1.4.8; http://mj12bot.com/)"
157.90.177.217 - - [14/Apr/2022:05:53:44 +0200] "GET /boite-bons-points-voucher-p-54187.html HTTP/1.0" 200 74285 "-" "Mozilla/5.0 (compatible; BLEXBot/1.0; +http://webmeup-crawler.com/)"
95.217.207.61 - - [14/Apr/2022:05:53:45 +0200] "GET /cats-in-love-ceramic-solitary-teapot-p-37393.html HTTP/1.0" 301 71073 "-" "Mozilla/5.0 (compatible; MJ12bot/v1.4.8; http://mj12bot.com/)"
192.99.6.138 - - [14/Apr/2022:05:53:47 +0200] "GET /-p-5860.html HTTP/1.0" 200 70806 "-" "Mozilla/5.0 (compatible; MJ12bot/v1.4.8; http://mj12bot.com/)"
157.90.177.217 - - [14/Apr/2022:05:53:48 +0200] "GET /cats-ceramic-dish-p-44497.html HTTP/1.0" 200 73404 "-" "Mozilla/5.0 (compatible; BLEXBot/1.0; +http://webmeup-crawler.com/)"
95.217.207.61 - - [14/Apr/2022:05:53:49 +0200] "GET /cats-love-ceramic-solitary-teapot-p-37393.html HTTP/1.0" 200 70973 "-" "Mozilla/5.0 (compatible; MJ12bot/v1.4.8; http://mj12bot.com/)"
157.90.177.217 - - [14/Apr/2022:05:53:50 +0200] "GET /boite-bons-points-voucher-p-54188.html HTTP/1.0" 200 74285 "-" "Mozilla/5.0 (compatible; BLEXBot/1.0; +http://webmeup-crawler.com/)"
192.99.6.138 - - [14/Apr/2022:05:53:50 +0200] "GET /barbapapa-clock-p-26488.html HTTP/1.0" 301 70875 "-" "Mozilla/5.0 (compatible; MJ12bot/v1.4.8; http://mj12bot.com/)"
157.90.177.217 - - [14/Apr/2022:05:53:54 +0200] "GET /cats-ceramic-teapot-p-45925.html HTTP/1.0" 200 73425 "-" "Mozilla/5.0 (compatible; BLEXBot/1.0; +http://webmeup-crawler.com/)"
192.99.6.138 - - [14/Apr/2022:05:53:54 +0200] "GET /-p-26488.html HTTP/1.0" 200 70808 "-" "Mozilla/5.0 (compatible; MJ12bot/v1.4.8; http://mj12bot.com/)"
192.99.6.138 - - [14/Apr/2022:05:53:58 +0200] "GET /barbapapa-cosmetic-bag-p-19522.html HTTP/1.0" 301 70875 "-" "Mozilla/5.0 (compatible; MJ12bot/v1.4.8; http://mj12bot.com/)"
157.90.177.217 - - [14/Apr/2022:05:53:59 +0200] "GET /boite-bons-points-voucher-p-54189.html HTTP/1.0" 200 74260 "-" "Mozilla/5.0 (compatible; BLEXBot/1.0; +http://webmeup-crawler.com/)"
157.90.177.217 - - [14/Apr/2022:05:54:00 +0200] "GET /cats-cutty-door-plate-bathroom-p-50639.html HTTP/1.0" 200 73570 "-" "Mozilla/5.0 (compatible; BLEXBot/1.0; +http://webmeup-crawler.com/)"
192.99.6.138 - - [14/Apr/2022:05:54:02 +0200] "GET /-p-19522.html HTTP/1.0" 200 70808 "-" "Mozilla/5.0 (compatible; MJ12bot/v1.4.8; http://mj12bot.com/)"
157.90.177.217 - - [14/Apr/2022:05:54:03 +0200] "GET /bonheur-dans-dish-cake-p-38243.html HTTP/1.0" 200 73524 "-" "Mozilla/5.0 (compatible; BLEXBot/1.0; +http://webmeup-crawler.com/)"
157.90.177.217 - - [14/Apr/2022:05:54:04 +0200] "GET /cats-cutty-door-plate-chambre-p-50641.html HTTP/1.0" 200 73562 "-" "Mozilla/5.0 (compatible; BLEXBot/1.0; +http://webmeup-crawler.com/)"
95.217.207.61 - - [14/Apr/2022:05:54:06 +0200] "GET /cats-in-love-potholder-p-37464.html HTTP/1.0" 301 70989 "-" "Mozilla/5.0 (compatible; MJ12bot/v1.4.8; http://mj12bot.com/)"
192.99.6.138 - - [14/Apr/2022:05:54:06 +0200] "GET /barbapapa-family-stool-child-p-23090.html HTTP/1.0" 301 70875 "-" "Mozilla/5.0 (compatible; MJ12bot/v1.4.8; http://mj12bot.com/)"
157.90.177.217 - - [14/Apr/2022:05:54:08 +0200] "GET /bookend-bulldog-p-55715.html HTTP/1.0" 200 74241 "-" "Mozilla/5.0 (compatible; BLEXBot/1.0; +http://webmeup-crawler.com/)"
157.90.177.217 - - [14/Apr/2022:05:54:08 +0200] "GET /cats-cutty-door-plate-toilettes-p-50640.html HTTP/1.0" 200 73578 "-" "Mozilla/5.0 (compatible; BLEXBot/1.0; +http://webmeup-crawler.com/)"
192.99.6.138 - - [14/Apr/2022:05:54:10 +0200] "GET /-p-23090.html HTTP/1.0" 200 70808 "-" "Mozilla/5.0 (compatible; MJ12bot/v1.4.8; http://mj12bot.com/)"
95.217.207.61 - - [14/Apr/2022:05:54:10 +0200] "GET /cats-love-potholder-p-37464.html HTTP/1.0" 200 70903 "-" "Mozilla/5.0 (compatible; MJ12bot/v1.4.8; http://mj12bot.com/)"
157.90.177.217 - - [14/Apr/2022:05:54:12 +0200] "GET /bookend-c-13_202.html?page=2 HTTP/1.0" 200 85117 "-" "Mozilla/5.0 (compatible; BLEXBot/1.0; +http://webmeup-crawler.com/)"
192.99.6.138 - - [14/Apr/2022:05:54:13 +0200] "GET /barbapapa-family-weed-toybox-p-32604.html HTTP/1.0" 301 71034 "-" "Mozilla/5.0 (compatible; MJ12bot/v1.4.8; http://mj12bot.com/)"
157.90.177.217 - - [14/Apr/2022:05:54:14 +0200] "GET /cats-dubout-dish-p-42361.html HTTP/1.0" 200 73416 "-" "Mozilla/5.0 (compatible; BLEXBot/1.0; +http://webmeup-crawler.com/)"
157.90.177.217 - - [14/Apr/2022:05:54:16 +0200] "GET /bookend-cats-p-55264.html HTTP/1.0" 200 74035 "-" "Mozilla/5.0 (compatible; BLEXBot/1.0; +http://webmeup-crawler.com/)"
192.99.6.138 - - [14/Apr/2022:05:54:17 +0200] "GET /barbapapa-family-wood-toybox-p-32604.html HTTP/1.0" 200 70939 "-" "Mozilla/5.0 (compatible; MJ12bot/v1.4.8; http://mj12bot.com/)"
157.90.177.217 - - [14/Apr/2022:05:54:18 +0200] "GET /cats-dubout-dish-p-42362.html HTTP/1.0" 200 73440 "-" "Mozilla/5.0 (compatible; BLEXBot/1.0; +http://webmeup-crawler.com/)"
157.90.177.217 - - [14/Apr/2022:05:54:21 +0200] "GET /bookend-cats-p-56152.html HTTP/1.0" 200 73943 "-" "Mozilla/5.0 (compatible; BLEXBot/1.0; +http://webmeup-crawler.com/)"
95.217.207.61 - - [14/Apr/2022:05:54:21 +0200] "GET /cats-in-love-set-salt-and-pepper-p-37397.html HTTP/1.0" 301 73626 "-" "Mozilla/5.0 (compatible; MJ12bot/v1.4.8; http://mj12bot.com/)"
185.191.171.41 - - [14/Apr/2022:05:54:21 +0200] "GET /van-gogh-little-tray-21-14-cm-p-51671.html HTTP/1.0" 301 70957 "-" "Mozilla/5.0 (compatible; SemrushBot/7~bl; +http://www.semrush.com/bot.html)"
157.90.177.217 - - [14/Apr/2022:05:54:22 +0200] "GET /cats-dubout-paper-towel-dispenser-p-40039.html HTTP/1.0" 200 73518 "-" "Mozilla/5.0 (compatible; BLEXBot/1.0; +http://webmeup-crawler.com/)"
54.36.148.243 - - [14/Apr/2022:05:54:24 +0200] "GET /dachshund-metal-coat-rack-p-45944.html HTTP/1.0" 200 74197 "-" "Mozilla/5.0 (compatible; AhrefsBot/7.0; +http://ahrefs.com/robot/)"
192.99.6.138 - - [14/Apr/2022:05:54:25 +0200] "GET /barbapapa-figure-in-its-egg-p-9372.html HTTP/1.0" 301 70872 "-" "Mozilla/5.0 (compatible; MJ12bot/v1.4.8; http://mj12bot.com/)"
157.90.177.217 - - [14/Apr/2022:05:54:25 +0200] "GET /bookend-egyptians-p-56408.html HTTP/1.0" 200 74347 "-" "Mozilla/5.0 (compatible; BLEXBot/1.0; +http://webmeup-crawler.com/)"
