157.90.177.217 - - [14/Apr/2022:06:07:49 +0200] "GET /coconut-fibers-doormat-albor-p-54565.html HTTP/1.0" 200 74399 "-" "Mozilla/5.0 (compatible; BLEXBot/1.0; +http://webmeup-crawler.com/)"
192.99.6.138 - - [14/Apr/2022:06:07:50 +0200] "GET /betty-boop-pudgy-weekend-bag-taupe-p-13646.html HTTP/1.0" 301 70875 "-" "Mozilla/5.0 (compatible; MJ12bot/v1.4.8; http://mj12bot.com/)"
95.217.207.61 - - [14/Apr/2022:06:07:50 +0200] "GET /collection-plate-metal-vespa-avventura-p-16829.html HTTP/1.0" 200 70958 "-" "Mozilla/5.0 (compatible; MJ12bot/v1.4.8; http://mj12bot.com/)"
157.90.177.217 - - [14/Apr/2022:06:07:53 +0200] "GET /coconut-fibers-doormat-dogs-panama-p-56987.html HTTP/1.0" 200 74696 "-" "Mozilla/5.0 (compatible; BLEXBot/1.0; +http://webmeup-crawler.com/)"
192.99.6.138 - - [14/Apr/2022:06:07:53 +0200] "GET /-p-13646.html HTTP/1.0" 200 70808 "-" "Mozilla/5.0 (compatible; MJ12bot/v1.4.8; http://mj12bot.com/)"
192.99.6.138 - - [14/Apr/2022:06:07:57 +0200] "GET /betty-boop-shopping-bag-p-3334.html HTTP/1.0" 301 70872 "-" "Mozilla/5.0 (compatible; MJ12bot/v1.4.8; http://mj12bot.com/)"
157.90.177.217 - - [14/Apr/2022:06:07:57 +0200] "GET /coconut-fibers-doormat-flowers-panama-p-56274.html HTTP/1.0" 200 74731 "-" "Mozilla/5.0 (compatible; BLEXBot/1.0; +http://webmeup-crawler.com/)"
192.99.6.138 - - [14/Apr/2022:06:08:00 +0200] "GET /-p-3334.html HTTP/1.0" 200 70806 "-" "Mozilla/5.0 (compatible; MJ12bot/v1.4.8; http://mj12bot.com/)"
157.90.177.217 - - [14/Apr/2022:06:08:01 +0200] "GET /coconut-fibers-doormat-home-p-54566.html HTTP/1.0" 200 74364 "-" "Mozilla/5.0 (compatible; BLEXBot/1.0; +http://webmeup-crawler.com/)"
192.99.6.138 - - [14/Apr/2022:06:08:04 +0200] "GET /betty-boop-shopping-bag-p-3335.html HTTP/1.0" 301 70872 "-" "Mozilla/5.0 (compatible; MJ12bot/v1.4.8; http://mj12bot.com/)"
157.90.177.217 - - [14/Apr/2022:06:08:05 +0200] "GET /coconut-fibers-doormat-home-sweet-home-p-56386.html HTTP/1.0" 200 73824 "-" "Mozilla/5.0 (compatible; BLEXBot/1.0; +http://webmeup-crawler.com/)"
192.99.6.138 - - [14/Apr/2022:06:08:08 +0200] "GET /-p-3335.html HTTP/1.0" 200 70806 "-" "Mozilla/5.0 (compatible; MJ12bot/v1.4.8; http://mj12bot.com/)"
157.90.177.217 - - [14/Apr/2022:06:08:09 +0200] "GET /coconut-fibers-doormat-home-sweet-home-p-56391.html HTTP/1.0" 200 73825 "-" "Mozilla/5.0 (compatible; BLEXBot/1.0; +http://webmeup-crawler.com/)"
95.217.207.61 - - [14/Apr/2022:06:08:10 +0200] "GET /come-in-we-re-open-panel-led-p-35336.html HTTP/1.0" 301 70875 "-" "Mozilla/5.0 (compatible; MJ12bot/v1.4.8; http://mj12bot.com/)"
192.99.6.138 - - [14/Apr/2022:06:08:10 +0200] "GET /betty-boop-small-mug-p-20615.html HTTP/1.0" 301 70875 "-" "Mozilla/5.0 (compatible; MJ12bot/v1.4.8; http://mj12bot.com/)"
185.191.171.25 - - [14/Apr/2022:06:08:13 +0200] "GET /hello-kitty-camomilla-cosmetic-white-glitters-p-18441.html HTTP/1.0" 200 74186 "-" "Mozilla/5.0 (compatible; SemrushBot/7~bl; +http://www.semrush.com/bot.html)"
157.90.177.217 - - [14/Apr/2022:06:08:13 +0200] "GET /coconut-fibers-doormat-koala-p-55109.html HTTP/1.0" 200 74572 "-" "Mozilla/5.0 (compatible; BLEXBot/1.0; +http://webmeup-crawler.com/)"
95.217.207.61 - - [14/Apr/2022:06:08:14 +0200] "GET /-p-35336.html HTTP/1.0" 200 70808 "-" "Mozilla/5.0 (compatible; MJ12bot/v1.4.8; http://mj12bot.com/)"
192.99.6.138 - - [14/Apr/2022:06:08:15 +0200] "GET /-p-20615.html HTTP/1.0" 200 70808 "-" "Mozilla/5.0 (compatible; MJ12bot/v1.4.8; http://mj12bot.com/)"
157.90.177.217 - - [14/Apr/2022:06:08:17 +0200] "GET /coconut-fibers-doormat-orla-p-56985.html HTTP/1.0" 200 74389 "-" "Mozilla/5.0 (compatible; BLEXBot/1.0; +http://webmeup-crawler.com/)"
192.99.6.138 - - [14/Apr/2022:06:08:18 +0200] "GET /betty-boop-soap-dispenser-p-27070.html HTTP/1.0" 301 70875 "-" "Mozilla/5.0 (compatible; MJ12bot/v1.4.8; http://mj12bot.com/)"
192.99.6.138 - - [14/Apr/2022:06:08:21 +0200] "GET /-p-27070.html HTTP/1.0" 200 70808 "-" "Mozilla/5.0 (compatible; MJ12bot/v1.4.8; http://mj12bot.com/)"
157.90.177.217 - - [14/Apr/2022:06:08:21 +0200] "GET /coconut-fibers-doormat-panama-p-56273.html HTTP/1.0" 200 74636 "-" "Mozilla/5.0 (compatible; BLEXBot/1.0; +http://webmeup-crawler.com/)"
192.99.6.138 - - [14/Apr/2022:06:08:25 +0200] "GET /betty-boop-stickers-p-12141.html HTTP/1.0" 301 70875 "-" "Mozilla/5.0 (compatible; MJ12bot/v1.4.8; http://mj12bot.com/)"
157.90.177.217 - - [14/Apr/2022:06:08:27 +0200] "GET /coconut-fibers-doormat-pink-home-p-56982.html HTTP/1.0" 200 74422 "-" "Mozilla/5.0 (compatible; BLEXBot/1.0; +http://webmeup-crawler.com/)"
192.99.6.138 - - [14/Apr/2022:06:08:29 +0200] "GET /-p-12141.html HTTP/1.0" 200 70808 "-" "Mozilla/5.0 (compatible; MJ12bot/v1.4.8; http://mj12bot.com/)"
95.217.207.61 - - [14/Apr/2022:06:08:29 +0200] "GET /curtain-eyelets-ecru-and-lin-135-250-cm-p-35114.html HTTP/1.0" 301 70875 "-" "Mozilla/5.0 (compatible; MJ12bot/v1.4.8; http://mj12bot.com/)"
185.191.171.6 - - [14/Apr/2022:06:08:31 +0200] "GET /-p-27124.html?action=add_product HTTP/1.0" 302 476 "-" "Mozilla/5.0 (compatible; SemrushBot/7~bl; +http://www.semrush.com/bot.html)"
157.90.177.217 - - [14/Apr/2022:06:08:31 +0200] "GET /coconut-fibers-doormat-sweet-home-p-56392.html HTTP/1.0" 200 73785 "-" "Mozilla/5.0 (compatible; BLEXBot/1.0; +http://webmeup-crawler.com/)"
192.99.6.138 - - [14/Apr/2022:06:08:32 +0200] "GET /betty-boop-sugar-box-p-12648.html HTTP/1.0" 301 71022 "-" "Mozilla/5.0 (compatible; MJ12bot/v1.4.8; http://mj12bot.com/)"
95.217.207.61 - - [14/Apr/2022:06:08:35 +0200] "GET /-p-35114.html HTTP/1.0" 200 70808 "-" "Mozilla/5.0 (compatible; MJ12bot/v1.4.8; http://mj12bot.com/)"
157.90.177.217 - - [14/Apr/2022:06:08:35 +0200] "GET /coconut-fibers-doormat-welcome-house-p-56385.html HTTP/1.0" 200 73844 "-" "Mozilla/5.0 (compatible; BLEXBot/1.0; +http://webmeup-crawler.com/)"
192.99.6.138 - - [14/Apr/2022:06:08:36 +0200] "GET /betty-boop-fuchsia-sugar-p-12648.html HTTP/1.0" 200 70931 "-" "Mozilla/5.0 (compatible; MJ12bot/v1.4.8; http://mj12bot.com/)"
54.36.148.243 - - [14/Apr/2022:06:08:36 +0200] "GET /banao-cotton-jute-basket-planter-p-57925.html HTTP/1.0" 200 74274 "-" "Mozilla/5.0 (compatible; AhrefsBot/7.0; +http://ahrefs.com/robot/)"
192.99.6.138 - - [14/Apr/2022:06:08:40 +0200] "GET /betty-boop-summer-handbag-beige-p-13687.html HTTP/1.0" 301 70875 "-" "Mozilla/5.0 (compatible; MJ12bot/v1.4.8; http://mj12bot.com/)"
157.90.177.217 - - [14/Apr/2022:06:08:40 +0200] "GET /coconut-fibers-doormat-welcome-p-56981.html HTTP/1.0" 200 74395 "-" "Mozilla/5.0 (compatible; BLEXBot/1.0; +http://webmeup-crawler.com/)"
192.99.6.138 - - [14/Apr/2022:06:08:43 +0200] "GET /-p-13687.html HTTP/1.0" 200 70808 "-" "Mozilla/5.0 (compatible; MJ12bot/v1.4.8; http://mj12bot.com/)"
157.90.177.217 - - [14/Apr/2022:06:08:44 +0200] "GET /coconut-fibers-doormat-welcome-p-56986.html HTTP/1.0" 200 74648 "-" "Mozilla/5.0 (compatible; BLEXBot/1.0; +http://webmeup-crawler.com/)"
192.99.6.138 - - [14/Apr/2022:06:08:46 +0200] "GET /betty-boop-summer-handbag-black-p-13685.html HTTP/1.0" 301 70875 "-" "Mozilla/5.0 (compatible; MJ12bot/v1.4.8; http://mj12bot.com/)"
157.90.177.217 - - [14/Apr/2022:06:08:48 +0200] "GET /coffee-c-13_150_153.html?page=2 HTTP/1.0" 200 90968 "-" "Mozilla/5.0 (compatible; BLEXBot/1.0; +http://webmeup-crawler.com/)"
192.99.6.138 - - [14/Apr/2022:06:08:49 +0200] "GET /-p-13685.html HTTP/1.0" 200 70808 "-" "Mozilla/5.0 (compatible; MJ12bot/v1.4.8; http://mj12bot.com/)"
157.90.177.217 - - [14/Apr/2022:06:08:52 +0200] "GET /coffee-c-13_150_153.html?page=3 HTTP/1.0" 200 90881 "-" "Mozilla/5.0 (compatible; BLEXBot/1.0; +http://webmeup-crawler.com/)"
95.217.207.61 - - [14/Apr/2022:06:08:52 +0200] "GET /cushion-cover-40-40-cm-ecru-or-white-p-34667.html HTTP/1.0" 301 70875 "-" "Mozilla/5.0 (compatible; MJ12bot/v1.4.8; http://mj12bot.com/)"
192.99.6.138 - - [14/Apr/2022:06:08:54 +0200] "GET /betty-boop-vinyl-vanity-p-16554.html HTTP/1.0" 301 70875 "-" "Mozilla/5.0 (compatible; MJ12bot/v1.4.8; http://mj12bot.com/)"
192.99.6.138 - - [14/Apr/2022:06:08:58 +0200] "GET /-p-16554.html HTTP/1.0" 200 70808 "-" "Mozilla/5.0 (compatible; MJ12bot/v1.4.8; http://mj12bot.com/)"
157.90.177.217 - - [14/Apr/2022:06:08:59 +0200] "GET /coffee-c-13_150_153.html?page=4 HTTP/1.0" 200 90118 "-" "Mozilla/5.0 (compatible; BLEXBot/1.0; +http://webmeup-crawler.com/)"
95.217.207.61 - - [14/Apr/2022:06:09:01 +0200] "GET /-p-34667.html HTTP/1.0" 200 70808 "-" "Mozilla/5.0 (compatible; MJ12bot/v1.4.8; http://mj12bot.com/)"
192.99.6.138 - - [14/Apr/2022:06:09:01 +0200] "GET /beyblade-black-and-blue-backpack-p-15995.html HTTP/1.0" 301 70875 "-" "Mozilla/5.0 (compatible; MJ12bot/v1.4.8; http://mj12bot.com/)"
157.90.177.217 - - [14/Apr/2022:06:09:03 +0200] "GET /coffee-cutting-board-p-40648.html HTTP/1.0" 200 73523 "-" "Mozilla/5.0 (compatible; BLEXBot/1.0; +http://webmeup-crawler.com/)"
192.99.6.138 - - [14/Apr/2022:06:09:05 +0200] "GET /-p-15995.html HTTP/1.0" 200 70808 "-" "Mozilla/5.0 (compatible; MJ12bot/v1.4.8; http://mj12bot.com/)"
157.90.177.217 - - [14/Apr/2022:06:09:07 +0200] "GET /coffee-hour-wooden-frame-withe-p-46093.html HTTP/1.0" 200 74252 "-" "Mozilla/5.0 (compatible; BLEXBot/1.0; +http://webmeup-crawler.com/)"
192.99.6.138 - - [14/Apr/2022:06:09:08 +0200] "GET /beyblade-black-and-silver-backpack-p-14450.html HTTP/1.0" 301 70875 "-" "Mozilla/5.0 (compatible; MJ12bot/v1.4.8; http://mj12bot.com/)"
192.99.6.138 - - [14/Apr/2022:06:09:11 +0200] "GET /-p-14450.html HTTP/1.0" 200 70808 "-" "Mozilla/5.0 (compatible; MJ12bot/v1.4.8; http://mj12bot.com/)"
185.191.171.3 - - [14/Apr/2022:06:09:13 +0200] "GET /cotton-towel-bodega-retro-style-p-40739.html HTTP/1.0" 200 73522 "-" "Mozilla/5.0 (compatible; SemrushBot/7~bl; +http://www.semrush.com/bot.html)"
157.90.177.217 - - [14/Apr/2022:06:09:12 +0200] "GET /coffee-house-frame-with-p-46684.html HTTP/1.0" 200 73545 "-" "Mozilla/5.0 (compatible; BLEXBot/1.0; +http://webmeup-crawler.com/)"
192.99.6.138 - - [14/Apr/2022:06:09:14 +0200] "GET /beyblade-blue-swimwear-size-years-p-23817.html HTTP/1.0" 301 70875 "-" "Mozilla/5.0 (compatible; MJ12bot/v1.4.8; http://mj12bot.com/)"
192.99.6.138 - - [14/Apr/2022:06:09:18 +0200] "GET /-p-23817.html HTTP/1.0" 200 70808 "-" "Mozilla/5.0 (compatible; MJ12bot/v1.4.8; http://mj12bot.com/)"
157.90.177.217 - - [14/Apr/2022:06:09:20 +0200] "GET /coffee-latte-hour-wooden-frame-withe-p-46094.html HTTP/1.0" 200 74297 "-" "Mozilla/5.0 (compatible; BLEXBot/1.0; +http://webmeup-crawler.com/)"
192.99.6.138 - - [14/Apr/2022:06:09:21 +0200] "GET /beyblade-blue-swimwear-size-years-p-23819.html HTTP/1.0" 301 70875 "-" "Mozilla/5.0 (compatible; MJ12bot/v1.4.8; http://mj12bot.com/)"
192.99.6.138 - - [14/Apr/2022:06:09:24 +0200] "GET /-p-23819.html HTTP/1.0" 200 70808 "-" "Mozilla/5.0 (compatible; MJ12bot/v1.4.8; http://mj12bot.com/)"
157.90.177.217 - - [14/Apr/2022:06:09:24 +0200] "GET /coin-purse-p-29978.html HTTP/1.0" 200 73413 "-" "Mozilla/5.0 (compatible; BLEXBot/1.0; +http://webmeup-crawler.com/)"
95.217.207.61 - - [14/Apr/2022:06:09:26 +0200] "GET /daisy-stripe-small-suitcase-with-wheels-p-18348.html HTTP/1.0" 301 70875 "-" "Mozilla/5.0 (compatible; MJ12bot/v1.4.8; http://mj12bot.com/)"
192.99.6.138 - - [14/Apr/2022:06:09:27 +0200] "GET /beyblade-blue-trolley-backpack-p-15997.html HTTP/1.0" 301 70875 "-" "Mozilla/5.0 (compatible; MJ12bot/v1.4.8; http://mj12bot.com/)"
157.90.177.217 - - [14/Apr/2022:06:09:28 +0200] "GET /coin-purse-p-29980.html HTTP/1.0" 200 73419 "-" "Mozilla/5.0 (compatible; BLEXBot/1.0; +http://webmeup-crawler.com/)"
95.217.207.61 - - [14/Apr/2022:06:09:29 +0200] "GET /-p-18348.html HTTP/1.0" 200 70808 "-" "Mozilla/5.0 (compatible; MJ12bot/v1.4.8; http://mj12bot.com/)"
192.99.6.138 - - [14/Apr/2022:06:09:30 +0200] "GET /-p-15997.html HTTP/1.0" 200 70808 "-" "Mozilla/5.0 (compatible; MJ12bot/v1.4.8; http://mj12bot.com/)"
54.36.148.243 - - [14/Apr/2022:06:09:30 +0200] "GET /dubout-cats-large-round-flat-p-40060.html HTTP/1.0" 200 73475 "-" "Mozilla/5.0 (compatible; AhrefsBot/7.0; +http://ahrefs.com/robot/)"
157.90.177.217 - - [14/Apr/2022:06:09:32 +0200] "GET /cold-beer-ottoman-storage-p-40929.html HTTP/1.0" 200 73633 "-" "Mozilla/5.0 (compatible; BLEXBot/1.0; +http://webmeup-crawler.com/)"
192.99.6.138 - - [14/Apr/2022:06:09:34 +0200] "GET /beyblade-dvd-p-31769.html HTTP/1.0" 301 70913 "-" "Mozilla/5.0 (compatible; MJ12bot/v1.4.8; http://mj12bot.com/)"
157.90.177.217 - - [14/Apr/2022:06:09:36 +0200] "GET /cold-beer-retro-ottoman-storage-p-40927.html HTTP/1.0" 200 73686 "-" "Mozilla/5.0 (compatible; BLEXBot/1.0; +http://webmeup-crawler.com/)"
192.99.6.138 - - [14/Apr/2022:06:09:37 +0200] "GET /beyblade-p-31769.html HTTP/1.0" 200 70838 "-" "Mozilla/5.0 (compatible; MJ12bot/v1.4.8; http://mj12bot.com/)"
192.99.6.138 - - [14/Apr/2022:06:09:40 +0200] "GET /beyblade-gift-box-p-18658.html HTTP/1.0" 301 70875 "-" "Mozilla/5.0 (compatible; MJ12bot/v1.4.8; http://mj12bot.com/)"
157.90.177.217 - - [14/Apr/2022:06:09:40 +0200] "GET /collectible-figurines-decorative-c-13_135.html?page=10 HTTP/1.0" 200 96521 "-" "Mozilla/5.0 (compatible; BLEXBot/1.0; +http://webmeup-crawler.com/)"
95.217.207.61 - - [14/Apr/2022:06:09:40 +0200] "GET /dalmatian-pill-box-p-32054.html HTTP/1.0" 301 73620 "-" "Mozilla/5.0 (compatible; MJ12bot/v1.4.8; http://mj12bot.com/)"
192.99.6.138 - - [14/Apr/2022:06:09:43 +0200] "GET /-p-18658.html HTTP/1.0" 200 70808 "-" "Mozilla/5.0 (compatible; MJ12bot/v1.4.8; http://mj12bot.com/)"
95.217.207.61 - - [14/Apr/2022:06:09:44 +0200] "GET /dalmatian-pill-p-32054.html HTTP/1.0" 200 73539 "-" "Mozilla/5.0 (compatible; MJ12bot/v1.4.8; http://mj12bot.com/)"
157.90.177.217 - - [14/Apr/2022:06:09:46 +0200] "GET /collectible-figurines-decorative-c-13_135.html?page=11 HTTP/1.0" 200 96676 "-" "Mozilla/5.0 (compatible; BLEXBot/1.0; +http://webmeup-crawler.com/)"
192.99.6.138 - - [14/Apr/2022:06:09:46 +0200] "GET /beyblade-great-red-alarm-clock-p-16694.html HTTP/1.0" 301 70875 "-" "Mozilla/5.0 (compatible; MJ12bot/v1.4.8; http://mj12bot.com/)"
192.99.6.138 - - [14/Apr/2022:06:09:50 +0200] "GET /-p-16694.html HTTP/1.0" 200 70808 "-" "Mozilla/5.0 (compatible; MJ12bot/v1.4.8; http://mj12bot.com/)"
95.217.207.61 - - [14/Apr/2022:06:09:51 +0200] "GET /dalmatians-dog-glass-clock-p-26154.html HTTP/1.0" 301 70875 "-" "Mozilla/5.0 (compatible; MJ12bot/v1.4.8; http://mj12bot.com/)"
157.90.177.217 - - [14/Apr/2022:06:09:52 +0200] "GET /collectible-figurines-decorative-c-13_135.html?page=2 HTTP/1.0" 200 96676 "-" "Mozilla/5.0 (compatible; BLEXBot/1.0; +http://webmeup-crawler.com/)"
192.99.6.138 - - [14/Apr/2022:06:09:53 +0200] "GET /beyblade-large-school-bag-p-20634.html HTTP/1.0" 301 70875 "-" "Mozilla/5.0 (compatible; MJ12bot/v1.4.8; http://mj12bot.com/)"
95.217.207.61 - - [14/Apr/2022:06:09:56 +0200] "GET /-p-26154.html HTTP/1.0" 200 70808 "-" "Mozilla/5.0 (compatible; MJ12bot/v1.4.8; http://mj12bot.com/)"
192.99.6.138 - - [14/Apr/2022:06:09:56 +0200] "GET /-p-20634.html HTTP/1.0" 200 70808 "-" "Mozilla/5.0 (compatible; MJ12bot/v1.4.8; http://mj12bot.com/)"
157.90.177.217 - - [14/Apr/2022:06:09:57 +0200] "GET /collectible-figurines-decorative-c-13_135.html?page=3 HTTP/1.0" 200 96957 "-" "Mozilla/5.0 (compatible; BLEXBot/1.0; +http://webmeup-crawler.com/)"
192.99.6.138 - - [14/Apr/2022:06:10:01 +0200] "GET /beyblade-p-31769.html HTTP/1.0" 200 70838 "-" "Mozilla/5.0 (compatible; MJ12bot/v1.4.8; http://mj12bot.com/)"
157.90.177.217 - - [14/Apr/2022:06:10:02 +0200] "GET /collectible-figurines-decorative-c-13_135.html?page=4 HTTP/1.0" 200 96540 "-" "Mozilla/5.0 (compatible; BLEXBot/1.0; +http://webmeup-crawler.com/)"
192.99.6.138 - - [14/Apr/2022:06:10:04 +0200] "GET /beyblade-red-backpack-p-15992.html HTTP/1.0" 301 70875 "-" "Mozilla/5.0 (compatible; MJ12bot/v1.4.8; http://mj12bot.com/)"
192.99.6.138 - - [14/Apr/2022:06:10:07 +0200] "GET /-p-15992.html HTTP/1.0" 200 70808 "-" "Mozilla/5.0 (compatible; MJ12bot/v1.4.8; http://mj12bot.com/)"
157.90.177.217 - - [14/Apr/2022:06:10:07 +0200] "GET /collectible-figurines-decorative-c-13_135.html?page=5 HTTP/1.0" 200 95295 "-" "Mozilla/5.0 (compatible; BLEXBot/1.0; +http://webmeup-crawler.com/)"
185.191.171.26 - - [14/Apr/2022:06:10:10 +0200] "GET /shaped-clock-p-38098.html?action=add_product HTTP/1.0" 302 476 "-" "Mozilla/5.0 (compatible; SemrushBot/7~bl; +http://www.semrush.com/bot.html)"
192.99.6.138 - - [14/Apr/2022:06:10:10 +0200] "GET /beyblade-red-swimwear-size-years-p-23822.html HTTP/1.0" 301 70875 "-" "Mozilla/5.0 (compatible; MJ12bot/v1.4.8; http://mj12bot.com/)"
157.90.177.217 - - [14/Apr/2022:06:10:12 +0200] "GET /collectible-figurines-decorative-c-13_135.html?page=6 HTTP/1.0" 200 96011 "-" "Mozilla/5.0 (compatible; BLEXBot/1.0; +http://webmeup-crawler.com/)"
192.99.6.138 - - [14/Apr/2022:06:10:13 +0200] "GET /-p-23822.html HTTP/1.0" 200 70808 "-" "Mozilla/5.0 (compatible; MJ12bot/v1.4.8; http://mj12bot.com/)"
192.99.6.138 - - [14/Apr/2022:06:10:17 +0200] "GET /biere-blonde-opener-p-22622.html HTTP/1.0" 301 70875 "-" "Mozilla/5.0 (compatible; MJ12bot/v1.4.8; http://mj12bot.com/)"
157.90.177.217 - - [14/Apr/2022:06:10:17 +0200] "GET /collectible-figurines-decorative-c-13_135.html?page=7 HTTP/1.0" 200 96969 "-" "Mozilla/5.0 (compatible; BLEXBot/1.0; +http://webmeup-crawler.com/)"
95.217.207.61 - - [14/Apr/2022:06:10:18 +0200] "GET /dalmatians-mug-p-14876.html HTTP/1.0" 301 70875 "-" "Mozilla/5.0 (compatible; MJ12bot/v1.4.8; http://mj12bot.com/)"
192.99.6.138 - - [14/Apr/2022:06:10:20 +0200] "GET /-p-22622.html HTTP/1.0" 200 70808 "-" "Mozilla/5.0 (compatible; MJ12bot/v1.4.8; http://mj12bot.com/)"
95.217.207.61 - - [14/Apr/2022:06:10:22 +0200] "GET /-p-14876.html HTTP/1.0" 200 70808 "-" "Mozilla/5.0 (compatible; MJ12bot/v1.4.8; http://mj12bot.com/)"
157.90.177.217 - - [14/Apr/2022:06:10:22 +0200] "GET /collectible-figurines-decorative-c-13_135.html?page=8 HTTP/1.0" 200 97102 "-" "Mozilla/5.0 (compatible; BLEXBot/1.0; +http://webmeup-crawler.com/)"
192.99.6.138 - - [14/Apr/2022:06:10:24 +0200] "GET /big-hero-cushion-p-33183.html HTTP/1.0" 301 70875 "-" "Mozilla/5.0 (compatible; MJ12bot/v1.4.8; http://mj12bot.com/)"
192.99.6.138 - - [14/Apr/2022:06:10:27 +0200] "GET /-p-33183.html HTTP/1.0" 200 70808 "-" "Mozilla/5.0 (compatible; MJ12bot/v1.4.8; http://mj12bot.com/)"
157.90.177.217 - - [14/Apr/2022:06:10:27 +0200] "GET /collectible-figurines-decorative-c-13_135.html?page=9 HTTP/1.0" 200 96664 "-" "Mozilla/5.0 (compatible; BLEXBot/1.0; +http://webmeup-crawler.com/)"
192.99.6.138 - - [14/Apr/2022:06:10:30 +0200] "GET /big-hero-poster-p-30924.html HTTP/1.0" 301 70950 "-" "Mozilla/5.0 (compatible; MJ12bot/v1.4.8; http://mj12bot.com/)"
192.99.6.138 - - [14/Apr/2022:06:10:33 +0200] "GET /hero-poster-p-30924.html HTTP/1.0" 200 70872 "-" "Mozilla/5.0 (compatible; MJ12bot/v1.4.8; http://mj12bot.com/)"
54.36.148.243 - - [14/Apr/2022:06:10:34 +0200] "GET /marguerite-table-lamp-p-56070.html HTTP/1.0" 200 74136 "-" "Mozilla/5.0 (compatible; AhrefsBot/7.0; +http://ahrefs.com/robot/)"
157.90.177.217 - - [14/Apr/2022:06:10:34 +0200] "GET /cologne-soap-dish-p-36618.html HTTP/1.0" 200 73485 "-" "Mozilla/5.0 (compatible; BLEXBot/1.0; +http://webmeup-crawler.com/)"
192.99.6.138 - - [14/Apr/2022:06:10:37 +0200] "GET /big-piggy-bank-p-47726.html HTTP/1.0" 301 70923 "-" "Mozilla/5.0 (compatible; MJ12bot/v1.4.8; http://mj12bot.com/)"
95.217.207.61 - - [14/Apr/2022:06:10:38 +0200] "GET /dc-comic-superman-desk-blotter-p-37815.html HTTP/1.0" 301 71037 "-" "Mozilla/5.0 (compatible; MJ12bot/v1.4.8; http://mj12bot.com/)"
192.99.6.138 - - [14/Apr/2022:06:10:40 +0200] "GET /piggy-bank-p-47726.html HTTP/1.0" 200 70846 "-" "Mozilla/5.0 (compatible; MJ12bot/v1.4.8; http://mj12bot.com/)"
157.90.177.217 - - [14/Apr/2022:06:10:40 +0200] "GET /color-eyelet-curtain-p-39037.html HTTP/1.0" 200 75698 "-" "Mozilla/5.0 (compatible; BLEXBot/1.0; +http://webmeup-crawler.com/)"
185.191.171.26 - - [14/Apr/2022:06:10:42 +0200] "GET /beige-blue-white-piggy-bank-p-34687.html?action=add_product HTTP/1.0" 302 476 "-" "Mozilla/5.0 (compatible; SemrushBot/7~bl; +http://www.semrush.com/bot.html)"
95.217.207.61 - - [14/Apr/2022:06:10:41 +0200] "GET /comic-superman-desk-blotter-p-37815.html HTTP/1.0" 200 70943 "-" "Mozilla/5.0 (compatible; MJ12bot/v1.4.8; http://mj12bot.com/)"
192.99.6.138 - - [14/Apr/2022:06:10:44 +0200] "GET /big-tote-bag-wendy-laissez-lucie-faire-p-49021.html HTTP/1.0" 301 73897 "-" "Mozilla/5.0 (compatible; MJ12bot/v1.4.8; http://mj12bot.com/)"
157.90.177.217 - - [14/Apr/2022:06:10:44 +0200] "GET /color-phone-poster-p-32304.html HTTP/1.0" 200 73449 "-" "Mozilla/5.0 (compatible; BLEXBot/1.0; +http://webmeup-crawler.com/)"
192.99.6.138 - - [14/Apr/2022:06:10:47 +0200] "GET /tote-wendy-laissez-lucie-faire-p-49021.html HTTP/1.0" 200 73800 "-" "Mozilla/5.0 (compatible; MJ12bot/v1.4.8; http://mj12bot.com/)"
157.90.177.217 - - [14/Apr/2022:06:10:49 +0200] "GET /coloring-book-pages-animals-cover-p-40840.html HTTP/1.0" 200 73682 "-" "Mozilla/5.0 (compatible; BLEXBot/1.0; +http://webmeup-crawler.com/)"
192.99.6.138 - - [14/Apr/2022:06:10:51 +0200] "GET /billiard-ball-ashtray-p-33098.html HTTP/1.0" 301 70875 "-" "Mozilla/5.0 (compatible; MJ12bot/v1.4.8; http://mj12bot.com/)"
157.90.177.217 - - [14/Apr/2022:06:10:52 +0200] "GET /coloring-book-pages-animals-horse-cover-p-40839.html HTTP/1.0" 200 73700 "-" "Mozilla/5.0 (compatible; BLEXBot/1.0; +http://webmeup-crawler.com/)"
192.99.6.138 - - [14/Apr/2022:06:10:55 +0200] "GET /-p-33098.html HTTP/1.0" 200 70808 "-" "Mozilla/5.0 (compatible; MJ12bot/v1.4.8; http://mj12bot.com/)"
157.90.177.217 - - [14/Apr/2022:06:10:58 +0200] "GET /comics-phone-cover-iphone-p-18864.html HTTP/1.0" 200 74292 "-" "Mozilla/5.0 (compatible; BLEXBot/1.0; +http://webmeup-crawler.com/)"
185.191.171.44 - - [14/Apr/2022:06:10:58 +0200] "GET /puppies-boots-wildside-poster-p-25820.html?action=add_product HTTP/1.0" 302 476 "-" "Mozilla/5.0 (compatible; SemrushBot/7~bl; +http://www.semrush.com/bot.html)"
192.99.6.138 - - [14/Apr/2022:06:10:59 +0200] "GET /bingo-tourismo-janod-p-19480.html HTTP/1.0" 301 70875 "-" "Mozilla/5.0 (compatible; MJ12bot/v1.4.8; http://mj12bot.com/)"
192.99.6.138 - - [14/Apr/2022:06:11:03 +0200] "GET /-p-19480.html HTTP/1.0" 200 70808 "-" "Mozilla/5.0 (compatible; MJ12bot/v1.4.8; http://mj12bot.com/)"
157.90.177.217 - - [14/Apr/2022:06:11:03 +0200] "GET /companion-wallet-c-31_238.html?page=2 HTTP/1.0" 200 92320 "-" "Mozilla/5.0 (compatible; BLEXBot/1.0; +http://webmeup-crawler.com/)"
192.99.6.138 - - [14/Apr/2022:06:11:07 +0200] "GET /bird-ceramic-mug-with-infuser-p-37893.html HTTP/1.0" 301 73572 "-" "Mozilla/5.0 (compatible; MJ12bot/v1.4.8; http://mj12bot.com/)"
157.90.177.217 - - [14/Apr/2022:06:11:08 +0200] "GET /companion-wallet-c-31_238.html?page=3 HTTP/1.0" 200 81011 "-" "Mozilla/5.0 (compatible; BLEXBot/1.0; +http://webmeup-crawler.com/)"
192.99.6.138 - - [14/Apr/2022:06:11:10 +0200] "GET /bird-ceramic-with-infuser-p-37893.html HTTP/1.0" 200 73480 "-" "Mozilla/5.0 (compatible; MJ12bot/v1.4.8; http://mj12bot.com/)"
157.90.177.217 - - [14/Apr/2022:06:11:12 +0200] "GET /confetti-bedclothes-p-51956.html HTTP/1.0" 200 74192 "-" "Mozilla/5.0 (compatible; BLEXBot/1.0; +http://webmeup-crawler.com/)"
192.99.6.138 - - [14/Apr/2022:06:11:14 +0200] "GET /bistro-des-arts-large-tray-40-30-cm-p-39735.html HTTP/1.0" 301 71005 "-" "Mozilla/5.0 (compatible; MJ12bot/v1.4.8; http://mj12bot.com/)"
192.99.6.138 - - [14/Apr/2022:06:11:17 +0200] "GET /bistro-arts-large-tray-p-39735.html HTTP/1.0" 200 70916 "-" "Mozilla/5.0 (compatible; MJ12bot/v1.4.8; http://mj12bot.com/)"
157.90.177.217 - - [14/Apr/2022:06:11:19 +0200] "GET /cook-potholder-p-54734.html HTTP/1.0" 200 73405 "-" "Mozilla/5.0 (compatible; BLEXBot/1.0; +http://webmeup-crawler.com/)"
192.99.6.138 - - [14/Apr/2022:06:11:20 +0200] "GET /bistrot-amis-toothpick-display-p-39782.html HTTP/1.0" 200 70926 "-" "Mozilla/5.0 (compatible; MJ12bot/v1.4.8; http://mj12bot.com/)"
157.90.128.183 - - [14/Apr/2022:06:11:23 +0200] "GET /images/mini_prod/8435333830697N.jpg HTTP/1.0" 200 270 "-" "Mozilla/5.0 (X11; Ubuntu; Linux x86_64; rv:72.0) Gecko/20100101 Firefox/72.0"
157.90.177.217 - - [14/Apr/2022:06:11:22 +0200] "GET /cooking-hourglass-minutes-black-sand-p-53718.html HTTP/1.0" 200 74256 "-" "Mozilla/5.0 (compatible; BLEXBot/1.0; +http://webmeup-crawler.com/)"
192.99.6.138 - - [14/Apr/2022:06:11:24 +0200] "GET /bistrot-black-metal-tray-p-47720.html HTTP/1.0" 301 70875 "-" "Mozilla/5.0 (compatible; MJ12bot/v1.4.8; http://mj12bot.com/)"
157.90.177.217 - - [14/Apr/2022:06:11:27 +0200] "GET /cooking-hourglass-minutes-white-sand-p-53717.html HTTP/1.0" 200 74257 "-" "Mozilla/5.0 (compatible; BLEXBot/1.0; +http://webmeup-crawler.com/)"
192.99.6.138 - - [14/Apr/2022:06:11:28 +0200] "GET /-p-47720.html HTTP/1.0" 200 70808 "-" "Mozilla/5.0 (compatible; MJ12bot/v1.4.8; http://mj12bot.com/)"
157.90.177.217 - - [14/Apr/2022:06:11:31 +0200] "GET /cooking-tools-sugar-p-41617.html HTTP/1.0" 200 73423 "-" "Mozilla/5.0 (compatible; BLEXBot/1.0; +http://webmeup-crawler.com/)"
54.36.148.243 - - [14/Apr/2022:06:11:32 +0200] "GET /zippo-leather-wash-p-49117.html HTTP/1.0" 200 74280 "-" "Mozilla/5.0 (compatible; AhrefsBot/7.0; +http://ahrefs.com/robot/)"
192.99.6.138 - - [14/Apr/2022:06:11:36 +0200] "GET /bistrot-de-paris-placemat-p-19935.html HTTP/1.0" 301 70875 "-" "Mozilla/5.0 (compatible; MJ12bot/v1.4.8; http://mj12bot.com/)"
157.90.177.217 - - [14/Apr/2022:06:11:36 +0200] "GET /cookware-blue-p-41840.html HTTP/1.0" 200 73407 "-" "Mozilla/5.0 (compatible; BLEXBot/1.0; +http://webmeup-crawler.com/)"
192.99.6.138 - - [14/Apr/2022:06:11:39 +0200] "GET /-p-19935.html HTTP/1.0" 200 70808 "-" "Mozilla/5.0 (compatible; MJ12bot/v1.4.8; http://mj12bot.com/)"
192.99.6.138 - - [14/Apr/2022:06:11:43 +0200] "GET /bistrot-des-amis-toothpick-display-p-39782.html HTTP/1.0" 301 71023 "-" "Mozilla/5.0 (compatible; MJ12bot/v1.4.8; http://mj12bot.com/)"
95.217.207.61 - - [14/Apr/2022:06:11:43 +0200] "GET /deco-kit-sommelier-p-37266.html HTTP/1.0" 301 70875 "-" "Mozilla/5.0 (compatible; MJ12bot/v1.4.8; http://mj12bot.com/)"
157.90.177.217 - - [14/Apr/2022:06:11:44 +0200] "GET /cookware-green-p-41670.html HTTP/1.0" 200 73413 "-" "Mozilla/5.0 (compatible; BLEXBot/1.0; +http://webmeup-crawler.com/)"
192.99.6.138 - - [14/Apr/2022:06:11:46 +0200] "GET /bistrot-amis-toothpick-display-p-39782.html HTTP/1.0" 200 70926 "-" "Mozilla/5.0 (compatible; MJ12bot/v1.4.8; http://mj12bot.com/)"
95.217.207.61 - - [14/Apr/2022:06:11:48 +0200] "GET /-p-37266.html HTTP/1.0" 200 70808 "-" "Mozilla/5.0 (compatible; MJ12bot/v1.4.8; http://mj12bot.com/)"
157.90.177.217 - - [14/Apr/2022:06:11:49 +0200] "GET /cookware-orange-p-41669.html HTTP/1.0" 200 73423 "-" "Mozilla/5.0 (compatible; BLEXBot/1.0; +http://webmeup-crawler.com/)"
185.191.171.26 - - [14/Apr/2022:06:11:52 +0200] "GET /duvet-cover-cotton-percale-threads-p-43841.html?action=add_product HTTP/1.0" 302 476 "-" "Mozilla/5.0 (compatible; SemrushBot/7~bl; +http://www.semrush.com/bot.html)"
192.99.6.138 - - [14/Apr/2022:06:11:51 +0200] "GET /black-dledmv-slammed-tee-shirt-p-35631.html HTTP/1.0" 301 70875 "-" "Mozilla/5.0 (compatible; MJ12bot/v1.4.8; http://mj12bot.com/)"
157.90.177.217 - - [14/Apr/2022:06:11:53 +0200] "GET /cookware-yellow-p-41841.html HTTP/1.0" 200 73421 "-" "Mozilla/5.0 (compatible; BLEXBot/1.0; +http://webmeup-crawler.com/)"
192.99.6.138 - - [14/Apr/2022:06:11:55 +0200] "GET /-p-35631.html HTTP/1.0" 200 70808 "-" "Mozilla/5.0 (compatible; MJ12bot/v1.4.8; http://mj12bot.com/)"
192.99.6.138 - - [14/Apr/2022:06:11:58 +0200] "GET /black-dledmv-tee-shirt-p-35599.html HTTP/1.0" 301 70875 "-" "Mozilla/5.0 (compatible; MJ12bot/v1.4.8; http://mj12bot.com/)"
157.90.177.217 - - [14/Apr/2022:06:11:58 +0200] "GET /copains-abord-bottle-stoppers-p-39486.html HTTP/1.0" 200 73532 "-" "Mozilla/5.0 (compatible; BLEXBot/1.0; +http://webmeup-crawler.com/)"
157.90.177.217 - - [14/Apr/2022:06:12:02 +0200] "GET /copains-abord-side-table-p-56624.html HTTP/1.0" 200 74311 "-" "Mozilla/5.0 (compatible; BLEXBot/1.0; +http://webmeup-crawler.com/)"
192.99.6.138 - - [14/Apr/2022:06:12:03 +0200] "GET /-p-35599.html HTTP/1.0" 200 70808 "-" "Mozilla/5.0 (compatible; MJ12bot/v1.4.8; http://mj12bot.com/)"
95.217.207.61 - - [14/Apr/2022:06:12:06 +0200] "GET /deco-storage-case-atlantique-40-cm-p-41890.html HTTP/1.0" 301 71052 "-" "Mozilla/5.0 (compatible; MJ12bot/v1.4.8; http://mj12bot.com/)"
192.99.6.138 - - [14/Apr/2022:06:12:08 +0200] "GET /black-dledmv-tee-shirt-p-35617.html HTTP/1.0" 301 70875 "-" "Mozilla/5.0 (compatible; MJ12bot/v1.4.8; http://mj12bot.com/)"
185.191.171.33 - - [14/Apr/2022:06:12:08 +0200] "GET /blue-bowl-with-white-patterns-porcelain-p-56190.html HTTP/1.0" 200 73561 "-" "Mozilla/5.0 (compatible; SemrushBot/7~bl; +http://www.semrush.com/bot.html)"
157.90.177.217 - - [14/Apr/2022:06:12:09 +0200] "GET /corail-fitted-sheet-p-39684.html HTTP/1.0" 200 73466 "-" "Mozilla/5.0 (compatible; BLEXBot/1.0; +http://webmeup-crawler.com/)"
185.191.171.23 - - [14/Apr/2022:06:12:12 +0200] "GET /sixtine-bedspread-240-260-cm-p-51276.html HTTP/1.0" 301 70980 "-" "Mozilla/5.0 (compatible; SemrushBot/7~bl; +http://www.semrush.com/bot.html)"
192.99.6.138 - - [14/Apr/2022:06:12:13 +0200] "GET /-p-35617.html HTTP/1.0" 200 70808 "-" "Mozilla/5.0 (compatible; MJ12bot/v1.4.8; http://mj12bot.com/)"
95.217.207.61 - - [14/Apr/2022:06:12:13 +0200] "GET /deco-storage-case-atlantique-p-41890.html HTTP/1.0" 200 70957 "-" "Mozilla/5.0 (compatible; MJ12bot/v1.4.8; http://mj12bot.com/)"
157.90.177.217 - - [14/Apr/2022:06:12:15 +0200] "GET /corby-puppy-rachael-hale-poster-p-25822.html HTTP/1.0" 200 73500 "-" "Mozilla/5.0 (compatible; BLEXBot/1.0; +http://webmeup-crawler.com/)"
185.191.171.38 - - [14/Apr/2022:06:12:15 +0200] "GET /sixtine-bedspread-p-51276.html HTTP/1.0" 200 70896 "-" "Mozilla/5.0 (compatible; SemrushBot/7~bl; +http://www.semrush.com/bot.html)"
192.99.6.138 - - [14/Apr/2022:06:12:17 +0200] "GET /black-dledmv-tee-shirt-p-35621.html HTTP/1.0" 301 70875 "-" "Mozilla/5.0 (compatible; MJ12bot/v1.4.8; http://mj12bot.com/)"
157.90.177.217 - - [14/Apr/2022:06:12:19 +0200] "GET /cork-coaster-p-37068.html HTTP/1.0" 200 73380 "-" "Mozilla/5.0 (compatible; BLEXBot/1.0; +http://webmeup-crawler.com/)"
192.99.6.138 - - [14/Apr/2022:06:12:20 +0200] "GET /-p-35621.html HTTP/1.0" 200 70808 "-" "Mozilla/5.0 (compatible; MJ12bot/v1.4.8; http://mj12bot.com/)"
192.99.6.138 - - [14/Apr/2022:06:12:24 +0200] "GET /blue-and-gold-cat-statuette-16-cm-p-50661.html HTTP/1.0" 301 70988 "-" "Mozilla/5.0 (compatible; MJ12bot/v1.4.8; http://mj12bot.com/)"
157.90.177.217 - - [14/Apr/2022:06:12:24 +0200] "GET /corkscrew-bottle-opener-sommelier-c-12_213.html?page=2 HTTP/1.0" 200 88971 "-" "Mozilla/5.0 (compatible; BLEXBot/1.0; +http://webmeup-crawler.com/)"
192.99.6.138 - - [14/Apr/2022:06:12:27 +0200] "GET /blue-gold-statuette-p-50661.html HTTP/1.0" 200 70902 "-" "Mozilla/5.0 (compatible; MJ12bot/v1.4.8; http://mj12bot.com/)"
54.36.148.243 - - [14/Apr/2022:06:12:28 +0200] "GET /resin-statue-little-monk-pink-dress-p-52897.html HTTP/1.0" 200 73643 "-" "Mozilla/5.0 (compatible; AhrefsBot/7.0; +http://ahrefs.com/robot/)"
157.90.177.217 - - [14/Apr/2022:06:12:28 +0200] "GET /corse-adult-p-29936.html HTTP/1.0" 200 73487 "-" "Mozilla/5.0 (compatible; BLEXBot/1.0; +http://webmeup-crawler.com/)"
192.99.6.138 - - [14/Apr/2022:06:12:31 +0200] "GET /blue-brush-with-palomino-horse-p-34817.html HTTP/1.0" 301 70875 "-" "Mozilla/5.0 (compatible; MJ12bot/v1.4.8; http://mj12bot.com/)"
157.90.177.217 - - [14/Apr/2022:06:12:34 +0200] "GET /corse-little-tray-p-29479.html HTTP/1.0" 200 73451 "-" "Mozilla/5.0 (compatible; BLEXBot/1.0; +http://webmeup-crawler.com/)"
192.99.6.138 - - [14/Apr/2022:06:12:35 +0200] "GET /-p-34817.html HTTP/1.0" 200 70808 "-" "Mozilla/5.0 (compatible; MJ12bot/v1.4.8; http://mj12bot.com/)"
95.217.207.61 - - [14/Apr/2022:06:12:38 +0200] "GET /deco-storage-case-atlantique-46-cm-p-41889.html HTTP/1.0" 301 71052 "-" "Mozilla/5.0 (compatible; MJ12bot/v1.4.8; http://mj12bot.com/)"
157.90.177.217 - - [14/Apr/2022:06:12:38 +0200] "GET /corset-black-shirt-p-30121.html HTTP/1.0" 200 74611 "-" "Mozilla/5.0 (compatible; BLEXBot/1.0; +http://webmeup-crawler.com/)"
192.99.6.138 - - [14/Apr/2022:06:12:38 +0200] "GET /blue-owl-perfume-diffuser-p-35883.html HTTP/1.0" 301 71004 "-" "Mozilla/5.0 (compatible; MJ12bot/v1.4.8; http://mj12bot.com/)"
185.191.171.24 - - [14/Apr/2022:06:12:41 +0200] "GET /halloween-figurine-sonny-p-37901.html?action=add_product HTTP/1.0" 302 476 "-" "Mozilla/5.0 (compatible; SemrushBot/7~bl; +http://www.semrush.com/bot.html)"
157.90.177.217 - - [14/Apr/2022:06:12:42 +0200] "GET /corsica-coasters-p-50947.html HTTP/1.0" 200 73997 "-" "Mozilla/5.0 (compatible; BLEXBot/1.0; +http://webmeup-crawler.com/)"
192.99.6.138 - - [14/Apr/2022:06:12:43 +0200] "GET /blue-perfume-diffuser-p-35883.html HTTP/1.0" 200 70916 "-" "Mozilla/5.0 (compatible; MJ12bot/v1.4.8; http://mj12bot.com/)"
192.99.6.138 - - [14/Apr/2022:06:12:47 +0200] "GET /blue-wood-key-box-p-40637.html HTTP/1.0" 301 70926 "-" "Mozilla/5.0 (compatible; MJ12bot/v1.4.8; http://mj12bot.com/)"
157.90.177.217 - - [14/Apr/2022:06:12:48 +0200] "GET /corsica-cotton-pouch-p-47656.html HTTP/1.0" 200 74084 "-" "Mozilla/5.0 (compatible; BLEXBot/1.0; +http://webmeup-crawler.com/)"
185.191.171.2 - - [14/Apr/2022:06:12:51 +0200] "GET /isothermic-stainless-steel-bottle-libra-cbkreation-p-51032.html HTTP/1.0" 200 74370 "-" "Mozilla/5.0 (compatible; SemrushBot/7~bl; +http://www.semrush.com/bot.html)"
192.99.6.138 - - [14/Apr/2022:06:12:51 +0200] "GET /blue-wood-p-40637.html HTTP/1.0" 200 70850 "-" "Mozilla/5.0 (compatible; MJ12bot/v1.4.8; http://mj12bot.com/)"
185.191.171.33 - - [14/Apr/2022:06:12:55 +0200] "GET /small-white-money-p-54798.html?action=add_product HTTP/1.0" 302 476 "-" "Mozilla/5.0 (compatible; SemrushBot/7~bl; +http://www.semrush.com/bot.html)"
157.90.177.217 - - [14/Apr/2022:06:12:54 +0200] "GET /corsica-little-tray-p-49742.html HTTP/1.0" 200 73545 "-" "Mozilla/5.0 (compatible; BLEXBot/1.0; +http://webmeup-crawler.com/)"
192.99.6.138 - - [14/Apr/2022:06:12:55 +0200] "GET /blue-wood-p-40637.html HTTP/1.0" 200 70850 "-" "Mozilla/5.0 (compatible; MJ12bot/v1.4.8; http://mj12bot.com/)"
157.90.177.217 - - [14/Apr/2022:06:12:59 +0200] "GET /corsica-logo-adult-cbkration-p-36539.html HTTP/1.0" 200 73606 "-" "Mozilla/5.0 (compatible; BLEXBot/1.0; +http://webmeup-crawler.com/)"
192.99.6.138 - - [14/Apr/2022:06:13:00 +0200] "GET /bmw-1200-gs-112-p-30519.html HTTP/1.0" 301 70932 "-" "Mozilla/5.0 (compatible; MJ12bot/v1.4.8; http://mj12bot.com/)"
185.191.171.43 - - [14/Apr/2022:06:13:00 +0200] "GET /round-wooden-tray-267-cm-p-47705.html HTTP/1.0" 301 70992 "-" "Mozilla/5.0 (compatible; SemrushBot/7~bl; +http://www.semrush.com/bot.html)"
192.99.6.138 - - [14/Apr/2022:06:13:03 +0200] "GET /1200-p-30519.html HTTP/1.0" 200 70861 "-" "Mozilla/5.0 (compatible; MJ12bot/v1.4.8; http://mj12bot.com/)"
157.90.177.217 - - [14/Apr/2022:06:13:04 +0200] "GET /corsica-paper-towel-dispenser-p-42332.html HTTP/1.0" 200 73466 "-" "Mozilla/5.0 (compatible; BLEXBot/1.0; +http://webmeup-crawler.com/)"
185.191.171.3 - - [14/Apr/2022:06:13:05 +0200] "GET /round-wooden-tray-p-47705.html HTTP/1.0" 200 70908 "-" "Mozilla/5.0 (compatible; SemrushBot/7~bl; +http://www.semrush.com/bot.html)"
192.99.6.138 - - [14/Apr/2022:06:13:06 +0200] "GET /bmw-2002-tii-1972-132-classic-p-37798.html HTTP/1.0" 301 71013 "-" "Mozilla/5.0 (compatible; MJ12bot/v1.4.8; http://mj12bot.com/)"
185.191.171.26 - - [14/Apr/2022:06:13:08 +0200] "GET /top-model-felt-pen-gel-orange-p-20193.html HTTP/1.0" 301 73646 "-" "Mozilla/5.0 (compatible; SemrushBot/7~bl; +http://www.semrush.com/bot.html)"
157.90.177.217 - - [14/Apr/2022:06:13:09 +0200] "GET /corsica-paper-towel-dispenser-p-42542.html HTTP/1.0" 200 73468 "-" "Mozilla/5.0 (compatible; BLEXBot/1.0; +http://webmeup-crawler.com/)"
192.99.6.138 - - [14/Apr/2022:06:13:10 +0200] "GET /2002-1972-classic-p-37798.html HTTP/1.0" 200 70929 "-" "Mozilla/5.0 (compatible; MJ12bot/v1.4.8; http://mj12bot.com/)"
185.191.171.16 - - [14/Apr/2022:06:13:11 +0200] "GET /model-felt-orange-p-20193.html HTTP/1.0" 200 73562 "-" "Mozilla/5.0 (compatible; SemrushBot/7~bl; +http://www.semrush.com/bot.html)"
95.217.207.61 - - [14/Apr/2022:06:13:12 +0200] "GET /deco-storage-case-atlantique-p-41889.html HTTP/1.0" 200 70957 "-" "Mozilla/5.0 (compatible; MJ12bot/v1.4.8; http://mj12bot.com/)"
157.90.177.217 - - [14/Apr/2022:06:13:13 +0200] "GET /corsica-post-card-10x15-p-43544.html HTTP/1.0" 200 73410 "-" "Mozilla/5.0 (compatible; BLEXBot/1.0; +http://webmeup-crawler.com/)"
192.99.6.138 - - [14/Apr/2022:06:13:15 +0200] "GET /bob-marley-computer-bag-model-n2-p-21337.html HTTP/1.0" 301 73812 "-" "Mozilla/5.0 (compatible; MJ12bot/v1.4.8; http://mj12bot.com/)"
157.90.177.217 - - [14/Apr/2022:06:13:17 +0200] "GET /corsica-post-card-10x15-p-43549.html HTTP/1.0" 200 73410 "-" "Mozilla/5.0 (compatible; BLEXBot/1.0; +http://webmeup-crawler.com/)"
192.99.6.138 - - [14/Apr/2022:06:13:18 +0200] "GET /marley-computer-model-p-21337.html HTTP/1.0" 200 73724 "-" "Mozilla/5.0 (compatible; MJ12bot/v1.4.8; http://mj12bot.com/)"
157.90.177.217 - - [14/Apr/2022:06:13:21 +0200] "GET /corsica-post-card-10x15-p-43556.html HTTP/1.0" 200 73410 "-" "Mozilla/5.0 (compatible; BLEXBot/1.0; +http://webmeup-crawler.com/)"
192.99.6.138 - - [14/Apr/2022:06:13:23 +0200] "GET /bob-marley-photo-frame-p-13928.html HTTP/1.0" 301 70875 "-" "Mozilla/5.0 (compatible; MJ12bot/v1.4.8; http://mj12bot.com/)"
157.90.177.217 - - [14/Apr/2022:06:13:25 +0200] "GET /corsica-post-card-10x15-p-43560.html HTTP/1.0" 200 73410 "-" "Mozilla/5.0 (compatible; BLEXBot/1.0; +http://webmeup-crawler.com/)"
54.36.148.243 - - [14/Apr/2022:06:13:26 +0200] "GET /black-retro-shoulder-p-48762.html HTTP/1.0" 200 73617 "-" "Mozilla/5.0 (compatible; AhrefsBot/7.0; +http://ahrefs.com/robot/)"
192.99.6.138 - - [14/Apr/2022:06:13:27 +0200] "GET /-p-13928.html HTTP/1.0" 200 70808 "-" "Mozilla/5.0 (compatible; MJ12bot/v1.4.8; http://mj12bot.com/)"
157.90.177.217 - - [14/Apr/2022:06:13:30 +0200] "GET /corsica-post-card-10x15-p-43563.html HTTP/1.0" 200 73416 "-" "Mozilla/5.0 (compatible; BLEXBot/1.0; +http://webmeup-crawler.com/)"
117.148.130.28 - - [14/Apr/2022:06:13:33 +0200] "GET /images/big_prod_2/8433933179031C.jpg HTTP/1.0" 200 271 "-" "Mozilla/5.0 (Windows NT 10.0; WOW64) AppleWebKit/537.36 (KHTML, like Gecko) Chrome/90.0.4430.212 Safari/537.36"
192.99.6.138 - - [14/Apr/2022:06:13:32 +0200] "GET /bob-the-builder-bedclothes-135x200-p-9291.html HTTP/1.0" 301 70872 "-" "Mozilla/5.0 (compatible; MJ12bot/v1.4.8; http://mj12bot.com/)"
157.90.177.217 - - [14/Apr/2022:06:13:34 +0200] "GET /corsica-shooter-p-48510.html HTTP/1.0" 200 73364 "-" "Mozilla/5.0 (compatible; BLEXBot/1.0; +http://webmeup-crawler.com/)"
192.99.6.138 - - [14/Apr/2022:06:13:36 +0200] "GET /-p-9291.html HTTP/1.0" 200 70806 "-" "Mozilla/5.0 (compatible; MJ12bot/v1.4.8; http://mj12bot.com/)"
157.90.177.217 - - [14/Apr/2022:06:13:38 +0200] "GET /corsica-shooter-p-48511.html HTTP/1.0" 200 73365 "-" "Mozilla/5.0 (compatible; BLEXBot/1.0; +http://webmeup-crawler.com/)"
192.99.6.138 - - [14/Apr/2022:06:13:39 +0200] "GET /bob-the-builder-set-of-briefs-size-years-p-23699.html HTTP/1.0" 301 70875 "-" "Mozilla/5.0 (compatible; MJ12bot/v1.4.8; http://mj12bot.com/)"
192.99.6.138 - - [14/Apr/2022:06:13:42 +0200] "GET /-p-23699.html HTTP/1.0" 200 70808 "-" "Mozilla/5.0 (compatible; MJ12bot/v1.4.8; http://mj12bot.com/)"
157.90.177.217 - - [14/Apr/2022:06:13:42 +0200] "GET /corsica-shooter-p-48512.html HTTP/1.0" 200 73365 "-" "Mozilla/5.0 (compatible; BLEXBot/1.0; +http://webmeup-crawler.com/)"
192.99.6.138 - - [14/Apr/2022:06:13:46 +0200] "GET /bodega-oven-mitt-p-37466.html HTTP/1.0" 301 70875 "-" "Mozilla/5.0 (compatible; MJ12bot/v1.4.8; http://mj12bot.com/)"
157.90.177.217 - - [14/Apr/2022:06:13:46 +0200] "GET /corsica-side-table-p-56625.html HTTP/1.0" 200 74179 "-" "Mozilla/5.0 (compatible; BLEXBot/1.0; +http://webmeup-crawler.com/)"
192.99.6.138 - - [14/Apr/2022:06:13:48 +0200] "GET /-p-37466.html HTTP/1.0" 200 70808 "-" "Mozilla/5.0 (compatible; MJ12bot/v1.4.8; http://mj12bot.com/)"
157.90.177.217 - - [14/Apr/2022:06:13:50 +0200] "GET /corsica-soap-soap-p-52465.html HTTP/1.0" 200 73727 "-" "Mozilla/5.0 (compatible; BLEXBot/1.0; +http://webmeup-crawler.com/)"
192.99.6.138 - - [14/Apr/2022:06:13:54 +0200] "GET /boho-canvas-frame-60-40-cm-dream-catcher-p-43086.html HTTP/1.0" 301 73746 "-" "Mozilla/5.0 (compatible; MJ12bot/v1.4.8; http://mj12bot.com/)"
157.90.177.217 - - [14/Apr/2022:06:13:54 +0200] "GET /corsica-soap-soap-p-52466.html HTTP/1.0" 200 73726 "-" "Mozilla/5.0 (compatible; BLEXBot/1.0; +http://webmeup-crawler.com/)"
192.99.6.138 - - [14/Apr/2022:06:13:57 +0200] "GET /boho-canvas-frame-dream-catcher-p-43086.html HTTP/1.0" 200 73648 "-" "Mozilla/5.0 (compatible; MJ12bot/v1.4.8; http://mj12bot.com/)"
185.191.171.33 - - [14/Apr/2022:06:13:58 +0200] "GET /valencia-bedclothes-p-43659.html HTTP/1.0" 301 70875 "-" "Mozilla/5.0 (compatible; SemrushBot/7~bl; +http://www.semrush.com/bot.html)"
192.99.6.138 - - [14/Apr/2022:06:14:00 +0200] "GET /boho-canvas-frame-60-40-cm-wolf-p-43087.html HTTP/1.0" 301 73665 "-" "Mozilla/5.0 (compatible; MJ12bot/v1.4.8; http://mj12bot.com/)"
157.90.177.217 - - [14/Apr/2022:06:13:59 +0200] "GET /corsica-training-bottle-cbkreation-p-26754.html HTTP/1.0" 200 73502 "-" "Mozilla/5.0 (compatible; BLEXBot/1.0; +http://webmeup-crawler.com/)"
95.217.207.61 - - [14/Apr/2022:06:14:01 +0200] "GET /deco-storage-case-atlantique-48-cm-p-41889.html HTTP/1.0" 301 71052 "-" "Mozilla/5.0 (compatible; MJ12bot/v1.4.8; http://mj12bot.com/)"
185.191.171.33 - - [14/Apr/2022:06:14:02 +0200] "GET /-p-43659.html HTTP/1.0" 200 70808 "-" "Mozilla/5.0 (compatible; SemrushBot/7~bl; +http://www.semrush.com/bot.html)"
192.99.6.138 - - [14/Apr/2022:06:14:03 +0200] "GET /boho-canvas-frame-wolf-p-43087.html HTTP/1.0" 200 73576 "-" "Mozilla/5.0 (compatible; MJ12bot/v1.4.8; http://mj12bot.com/)"
157.90.177.217 - - [14/Apr/2022:06:14:04 +0200] "GET /corsican-adult-military-cbkration-p-36540.html HTTP/1.0" 200 73678 "-" "Mozilla/5.0 (compatible; BLEXBot/1.0; +http://webmeup-crawler.com/)"
185.191.171.44 - - [14/Apr/2022:06:14:05 +0200] "GET /littlest-petshop-padded-jacket-p-31266.html?action=add_product HTTP/1.0" 302 476 "-" "Mozilla/5.0 (compatible; SemrushBot/7~bl; +http://www.semrush.com/bot.html)"
95.217.207.61 - - [14/Apr/2022:06:14:05 +0200] "GET /deco-storage-case-atlantique-p-41889.html HTTP/1.0" 200 70957 "-" "Mozilla/5.0 (compatible; MJ12bot/v1.4.8; http://mj12bot.com/)"
192.99.6.138 - - [14/Apr/2022:06:14:07 +0200] "GET /bolster-case-45-185-cm-green-blue-p-43618.html HTTP/1.0" 301 73796 "-" "Mozilla/5.0 (compatible; MJ12bot/v1.4.8; http://mj12bot.com/)"
192.99.6.138 - - [14/Apr/2022:06:14:10 +0200] "GET /bolster-case-green-blue-p-43618.html HTTP/1.0" 200 73706 "-" "Mozilla/5.0 (compatible; MJ12bot/v1.4.8; http://mj12bot.com/)"
192.99.6.138 - - [14/Apr/2022:06:14:13 +0200] "GET /bolster-case-45-185-cm-green-p-43668.html HTTP/1.0" 301 73765 "-" "Mozilla/5.0 (compatible; MJ12bot/v1.4.8; http://mj12bot.com/)"
157.90.177.217 - - [14/Apr/2022:06:14:14 +0200] "GET /cosmetic-bags-flat-purse-c-31_239.html?page=10 HTTP/1.0" 200 95898 "-" "Mozilla/5.0 (compatible; BLEXBot/1.0; +http://webmeup-crawler.com/)"
192.99.6.138 - - [14/Apr/2022:06:14:16 +0200] "GET /bolster-case-green-p-43668.html HTTP/1.0" 200 73680 "-" "Mozilla/5.0 (compatible; MJ12bot/v1.4.8; http://mj12bot.com/)"
157.90.177.217 - - [14/Apr/2022:06:14:18 +0200] "GET /cosmetic-bags-flat-purse-c-31_239.html?page=11 HTTP/1.0" 200 94701 "-" "Mozilla/5.0 (compatible; BLEXBot/1.0; +http://webmeup-crawler.com/)"
192.99.6.138 - - [14/Apr/2022:06:14:20 +0200] "GET /bon-voyage-suitcase-p-18998.html HTTP/1.0" 301 70875 "-" "Mozilla/5.0 (compatible; MJ12bot/v1.4.8; http://mj12bot.com/)"
157.90.177.217 - - [14/Apr/2022:06:14:23 +0200] "GET /cosmetic-bags-flat-purse-c-31_239.html?page=2 HTTP/1.0" 200 95867 "-" "Mozilla/5.0 (compatible; BLEXBot/1.0; +http://webmeup-crawler.com/)"
192.99.6.138 - - [14/Apr/2022:06:14:24 +0200] "GET /-p-18998.html HTTP/1.0" 200 70808 "-" "Mozilla/5.0 (compatible; MJ12bot/v1.4.8; http://mj12bot.com/)"
157.90.177.217 - - [14/Apr/2022:06:14:27 +0200] "GET /cosmetic-bags-flat-purse-c-31_239.html?page=3 HTTP/1.0" 200 95563 "-" "Mozilla/5.0 (compatible; BLEXBot/1.0; +http://webmeup-crawler.com/)"
54.36.148.243 - - [14/Apr/2022:06:14:28 +0200] "GET /route-cosmetic-p-7838.html HTTP/1.0" 200 73512 "-" "Mozilla/5.0 (compatible; AhrefsBot/7.0; +http://ahrefs.com/robot/)"
192.99.6.138 - - [14/Apr/2022:06:14:29 +0200] "GET /box-of-sardines-metal-clock-29-cm-p-40851.html HTTP/1.0" 301 70875 "-" "Mozilla/5.0 (compatible; MJ12bot/v1.4.8; http://mj12bot.com/)"
157.90.177.217 - - [14/Apr/2022:06:14:32 +0200] "GET /cosmetic-bags-flat-purse-c-31_239.html?page=4 HTTP/1.0" 200 94424 "-" "Mozilla/5.0 (compatible; BLEXBot/1.0; +http://webmeup-crawler.com/)"
192.99.6.138 - - [14/Apr/2022:06:14:33 +0200] "GET /-p-40851.html HTTP/1.0" 200 70808 "-" "Mozilla/5.0 (compatible; MJ12bot/v1.4.8; http://mj12bot.com/)"
185.191.171.2 - - [14/Apr/2022:06:14:34 +0200] "GET /policeman-tropez-mini-metal-tray-p-45222.html?action=add_product HTTP/1.0" 302 476 "-" "Mozilla/5.0 (compatible; SemrushBot/7~bl; +http://www.semrush.com/bot.html)"
192.99.6.138 - - [14/Apr/2022:06:14:36 +0200] "GET /brown-cat-statuette-37-cm-p-43101.html HTTP/1.0" 301 73577 "-" "Mozilla/5.0 (compatible; MJ12bot/v1.4.8; http://mj12bot.com/)"
157.90.177.217 - - [14/Apr/2022:06:14:37 +0200] "GET /cosmetic-bags-flat-purse-c-31_239.html?page=5 HTTP/1.0" 200 94487 "-" "Mozilla/5.0 (compatible; BLEXBot/1.0; +http://webmeup-crawler.com/)"
192.99.6.138 - - [14/Apr/2022:06:14:39 +0200] "GET /brown-statuette-p-43101.html HTTP/1.0" 200 73495 "-" "Mozilla/5.0 (compatible; MJ12bot/v1.4.8; http://mj12bot.com/)"
157.90.177.217 - - [14/Apr/2022:06:14:42 +0200] "GET /cosmetic-bags-flat-purse-c-31_239.html?page=6 HTTP/1.0" 200 97090 "-" "Mozilla/5.0 (compatible; BLEXBot/1.0; +http://webmeup-crawler.com/)"
192.99.6.138 - - [14/Apr/2022:06:14:43 +0200] "GET /buddha-white-statue-25-cm-p-37406.html HTTP/1.0" 301 70998 "-" "Mozilla/5.0 (compatible; MJ12bot/v1.4.8; http://mj12bot.com/)"
192.99.6.138 - - [14/Apr/2022:06:14:46 +0200] "GET /buddha-white-statue-p-37406.html HTTP/1.0" 200 70912 "-" "Mozilla/5.0 (compatible; MJ12bot/v1.4.8; http://mj12bot.com/)"
157.90.177.217 - - [14/Apr/2022:06:14:47 +0200] "GET /cosmetic-bags-flat-purse-c-31_239.html?page=7 HTTP/1.0" 200 95618 "-" "Mozilla/5.0 (compatible; BLEXBot/1.0; +http://webmeup-crawler.com/)"
117.148.130.28 - - [14/Apr/2022:06:14:50 +0200] "GET /images/big_prod_1/8433933179031B.jpg HTTP/1.0" 200 271 "-" "Mozilla/5.0 (Windows NT 10.0; WOW64) AppleWebKit/537.36 (KHTML, like Gecko) Chrome/90.0.4430.212 Safari/537.36"
192.99.6.138 - - [14/Apr/2022:06:14:50 +0200] "GET /candy-cane-christmas-tree-ornament-p-32857.html HTTP/1.0" 301 70875 "-" "Mozilla/5.0 (compatible; MJ12bot/v1.4.8; http://mj12bot.com/)"
192.99.6.138 - - [14/Apr/2022:06:14:53 +0200] "GET /-p-32857.html HTTP/1.0" 200 70808 "-" "Mozilla/5.0 (compatible; MJ12bot/v1.4.8; http://mj12bot.com/)"
157.90.177.217 - - [14/Apr/2022:06:14:52 +0200] "GET /cosmetic-bags-flat-purse-c-31_239.html?page=8 HTTP/1.0" 200 94386 "-" "Mozilla/5.0 (compatible; BLEXBot/1.0; +http://webmeup-crawler.com/)"
192.99.6.138 - - [14/Apr/2022:06:14:56 +0200] "GET /capsule-coffee-box-p-31506.html HTTP/1.0" 301 74199 "-" "Mozilla/5.0 (compatible; MJ12bot/v1.4.8; http://mj12bot.com/)"
157.90.177.217 - - [14/Apr/2022:06:14:56 +0200] "GET /cosmetic-bags-flat-purse-c-31_239.html?page=9 HTTP/1.0" 200 94545 "-" "Mozilla/5.0 (compatible; BLEXBot/1.0; +http://webmeup-crawler.com/)"
95.217.207.61 - - [14/Apr/2022:06:14:58 +0200] "GET /deco-storage-case-sea-adventures-34-cm-p-41891.html HTTP/1.0" 301 71064 "-" "Mozilla/5.0 (compatible; MJ12bot/v1.4.8; http://mj12bot.com/)"
192.99.6.138 - - [14/Apr/2022:06:14:59 +0200] "GET /capsule-coffee-p-31506.html HTTP/1.0" 200 74118 "-" "Mozilla/5.0 (compatible; MJ12bot/v1.4.8; http://mj12bot.com/)"
157.90.177.217 - - [14/Apr/2022:06:15:01 +0200] "GET /cotton-base-cover-canon-fusil-p-44227.html HTTP/1.0" 200 73624 "-" "Mozilla/5.0 (compatible; BLEXBot/1.0; +http://webmeup-crawler.com/)"
95.217.207.61 - - [14/Apr/2022:06:15:01 +0200] "GET /deco-storage-case-adventures-p-41891.html HTTP/1.0" 200 70969 "-" "Mozilla/5.0 (compatible; MJ12bot/v1.4.8; http://mj12bot.com/)"
192.99.6.138 - - [14/Apr/2022:06:15:02 +0200] "GET /captain-america-shield-p-24838.html HTTP/1.0" 301 70875 "-" "Mozilla/5.0 (compatible; MJ12bot/v1.4.8; http://mj12bot.com/)"
157.90.177.217 - - [14/Apr/2022:06:15:05 +0200] "GET /cotton-base-cover-canon-fusil-p-44228.html HTTP/1.0" 200 73624 "-" "Mozilla/5.0 (compatible; BLEXBot/1.0; +http://webmeup-crawler.com/)"
192.99.6.138 - - [14/Apr/2022:06:15:06 +0200] "GET /-p-24838.html HTTP/1.0" 200 70808 "-" "Mozilla/5.0 (compatible; MJ12bot/v1.4.8; http://mj12bot.com/)"
192.99.6.138 - - [14/Apr/2022:06:15:09 +0200] "GET /captain-america-shirt-p-29617.html HTTP/1.0" 301 70875 "-" "Mozilla/5.0 (compatible; MJ12bot/v1.4.8; http://mj12bot.com/)"
157.90.177.217 - - [14/Apr/2022:06:15:10 +0200] "GET /cotton-base-cover-mastic-p-44229.html HTTP/1.0" 200 73592 "-" "Mozilla/5.0 (compatible; BLEXBot/1.0; +http://webmeup-crawler.com/)"
192.99.6.138 - - [14/Apr/2022:06:15:12 +0200] "GET /-p-29617.html HTTP/1.0" 200 70808 "-" "Mozilla/5.0 (compatible; MJ12bot/v1.4.8; http://mj12bot.com/)"
157.90.177.217 - - [14/Apr/2022:06:15:14 +0200] "GET /cotton-base-cover-zinc-p-44225.html HTTP/1.0" 200 73577 "-" "Mozilla/5.0 (compatible; BLEXBot/1.0; +http://webmeup-crawler.com/)"
192.99.6.138 - - [14/Apr/2022:06:15:15 +0200] "GET /captain-haddock-keyring-p-12351.html HTTP/1.0" 301 70875 "-" "Mozilla/5.0 (compatible; MJ12bot/v1.4.8; http://mj12bot.com/)"
