157.90.177.217 - - [14/Apr/2022:07:46:44 +0200] "GET /grey-lampshade-p-53666.html HTTP/1.0" 200 73475 "-" "Mozilla/5.0 (compatible; BLEXBot/1.0; +http://webmeup-crawler.com/)"
157.90.177.217 - - [14/Apr/2022:07:46:50 +0200] "GET /grey-lampshade-p-53667.html HTTP/1.0" 200 73478 "-" "Mozilla/5.0 (compatible; BLEXBot/1.0; +http://webmeup-crawler.com/)"
157.90.177.217 - - [14/Apr/2022:07:46:55 +0200] "GET /grey-lampshade-p-53668.html HTTP/1.0" 200 73478 "-" "Mozilla/5.0 (compatible; BLEXBot/1.0; +http://webmeup-crawler.com/)"
157.90.177.217 - - [14/Apr/2022:07:47:00 +0200] "GET /grey-lampshade-p-53671.html HTTP/1.0" 200 74057 "-" "Mozilla/5.0 (compatible; BLEXBot/1.0; +http://webmeup-crawler.com/)"
5.189.172.182 - - [14/Apr/2022:07:47:02 +0200] "GET /-p-32639.html HTTP/1.0" 200 70808 "-" "Mozilla/5.0 (compatible; MJ12bot/v1.4.8; http://mj12bot.com/)"
157.90.177.217 - - [14/Apr/2022:07:47:06 +0200] "GET /grey-lampshade-p-56445.html HTTP/1.0" 200 73478 "-" "Mozilla/5.0 (compatible; BLEXBot/1.0; +http://webmeup-crawler.com/)"
66.249.64.146 - - [14/Apr/2022:07:47:06 +0200] "GET /exupry-petit-prince-money-rose-p-53860.html HTTP/1.0" 200 74244 "-" "Mozilla/5.0 (Linux; Android 6.0.1; Nexus 5X Build/MMB29P) AppleWebKit/537.36 (KHTML, like Gecko) Chrome/99.0.4844.84 Mobile Safari/537.36 (compatible; Googlebot/2.1; +http://www.google.com/bot.html)"
157.90.177.217 - - [14/Apr/2022:07:47:11 +0200] "GET /grey-metal-umbrella-stand-p-57539.html HTTP/1.0" 200 74112 "-" "Mozilla/5.0 (compatible; BLEXBot/1.0; +http://webmeup-crawler.com/)"
216.244.66.242 - - [14/Apr/2022:07:47:19 +0200] "GET /robots.txt HTTP/1.0" 200 245 "-" "Mozilla/5.0 (compatible; DotBot/1.2; +https://opensiteexplorer.org/dotbot; help@moz.com)"
157.90.177.217 - - [14/Apr/2022:07:47:18 +0200] "GET /grey-metal-umbrella-stand-p-57885.html HTTP/1.0" 200 74099 "-" "Mozilla/5.0 (compatible; BLEXBot/1.0; +http://webmeup-crawler.com/)"
157.90.177.217 - - [14/Apr/2022:07:47:23 +0200] "GET /grey-polyester-chair-cushion-p-50047.html HTTP/1.0" 200 73497 "-" "Mozilla/5.0 (compatible; BLEXBot/1.0; +http://webmeup-crawler.com/)"
5.189.172.182 - - [14/Apr/2022:07:47:29 +0200] "GET /spiderman-blue-long-sleeve-shirt-size-years-p-23678.html HTTP/1.0" 301 70875 "-" "Mozilla/5.0 (compatible; MJ12bot/v1.4.8; http://mj12bot.com/)"
157.90.177.217 - - [14/Apr/2022:07:47:29 +0200] "GET /grey-sloth-jewelry-holder-p-48885.html HTTP/1.0" 200 73619 "-" "Mozilla/5.0 (compatible; BLEXBot/1.0; +http://webmeup-crawler.com/)"
157.90.177.217 - - [14/Apr/2022:07:47:35 +0200] "GET /guam-cotton-basket-p-57898.html HTTP/1.0" 200 74054 "-" "Mozilla/5.0 (compatible; BLEXBot/1.0; +http://webmeup-crawler.com/)"
54.36.148.243 - - [14/Apr/2022:07:47:35 +0200] "GET /duvet-cover-cotton-percale-threads-p-43839.html HTTP/1.0" 200 73746 "-" "Mozilla/5.0 (compatible; AhrefsBot/7.0; +http://ahrefs.com/robot/)"
66.249.64.152 - - [14/Apr/2022:07:47:40 +0200] "GET /zippo-genuine-wick-p-29792.html HTTP/1.0" 200 73520 "-" "Mozilla/5.0 (compatible; Googlebot/2.1; +http://www.google.com/bot.html)"
157.90.177.217 - - [14/Apr/2022:07:47:41 +0200] "GET /guam-cotton-basket-p-57905.html HTTP/1.0" 200 74054 "-" "Mozilla/5.0 (compatible; BLEXBot/1.0; +http://webmeup-crawler.com/)"
157.90.177.217 - - [14/Apr/2022:07:47:45 +0200] "GET /guardian-angel-mini-statuette-p-50982.html HTTP/1.0" 200 73558 "-" "Mozilla/5.0 (compatible; BLEXBot/1.0; +http://webmeup-crawler.com/)"
157.90.177.217 - - [14/Apr/2022:07:47:50 +0200] "GET /guardian-angel-mini-statuette-sold-random-model-unit-p-44353.html HTTP/1.0" 200 73681 "-" "Mozilla/5.0 (compatible; BLEXBot/1.0; +http://webmeup-crawler.com/)"
157.90.177.217 - - [14/Apr/2022:07:47:53 +0200] "GET /gund-mini-horse-sound-plush-p-32795.html HTTP/1.0" 200 73580 "-" "Mozilla/5.0 (compatible; BLEXBot/1.0; +http://webmeup-crawler.com/)"
157.90.177.217 - - [14/Apr/2022:07:47:58 +0200] "GET /gund-mini-lion-sound-plush-p-34857.html HTTP/1.0" 200 73571 "-" "Mozilla/5.0 (compatible; BLEXBot/1.0; +http://webmeup-crawler.com/)"
5.189.172.182 - - [14/Apr/2022:07:47:58 +0200] "GET /-p-23678.html HTTP/1.0" 200 70808 "-" "Mozilla/5.0 (compatible; MJ12bot/v1.4.8; http://mj12bot.com/)"
157.90.177.217 - - [14/Apr/2022:07:48:03 +0200] "GET /gund-mini-plush-beige-p-51581.html HTTP/1.0" 200 73624 "-" "Mozilla/5.0 (compatible; BLEXBot/1.0; +http://webmeup-crawler.com/)"
185.191.171.15 - - [14/Apr/2022:07:48:04 +0200] "GET /mojito-maker-white-women-tee-shirt-p-40981.html HTTP/1.0" 301 75895 "-" "Mozilla/5.0 (compatible; SemrushBot/7~bl; +http://www.semrush.com/bot.html)"
185.191.171.16 - - [14/Apr/2022:07:48:07 +0200] "GET /mojito-maker-white-women-shirt-p-40981.html HTTP/1.0" 200 75798 "-" "Mozilla/5.0 (compatible; SemrushBot/7~bl; +http://www.semrush.com/bot.html)"
157.90.177.217 - - [14/Apr/2022:07:48:07 +0200] "GET /gund-mini-sound-plush-beige-p-36874.html HTTP/1.0" 200 73615 "-" "Mozilla/5.0 (compatible; BLEXBot/1.0; +http://webmeup-crawler.com/)"
66.249.64.152 - - [14/Apr/2022:07:48:11 +0200] "GET /chaud-bouillotte-water-bottle-p-56131.html HTTP/1.0" 200 74229 "-" "Mozilla/5.0 (Linux; Android 6.0.1; Nexus 5X Build/MMB29P) AppleWebKit/537.36 (KHTML, like Gecko) Chrome/99.0.4844.84 Mobile Safari/537.36 (compatible; Googlebot/2.1; +http://www.google.com/bot.html)"
157.90.177.217 - - [14/Apr/2022:07:48:12 +0200] "GET /gund-mini-tiger-sound-plush-p-34854.html HTTP/1.0" 200 73579 "-" "Mozilla/5.0 (compatible; BLEXBot/1.0; +http://webmeup-crawler.com/)"
157.90.177.217 - - [14/Apr/2022:07:48:19 +0200] "GET /guzmanie-shower-curtain-p-53942.html HTTP/1.0" 200 74197 "-" "Mozilla/5.0 (compatible; BLEXBot/1.0; +http://webmeup-crawler.com/)"
157.90.177.217 - - [14/Apr/2022:07:48:23 +0200] "GET /hair-accessories-c-3_205.html?page=2 HTTP/1.0" 200 77691 "-" "Mozilla/5.0 (compatible; BLEXBot/1.0; +http://webmeup-crawler.com/)"
185.191.171.42 - - [14/Apr/2022:07:48:26 +0200] "GET /-p-40587.html?action=add_product HTTP/1.0" 302 476 "-" "Mozilla/5.0 (compatible; SemrushBot/7~bl; +http://www.semrush.com/bot.html)"
157.55.39.144 - - [14/Apr/2022:07:48:27 +0200] "GET /maisy-oilcloth-p-20825.html HTTP/1.0" 200 73856 "-" "Mozilla/5.0 (compatible; bingbot/2.0; +http://www.bing.com/bingbot.htm)"
157.90.177.217 - - [14/Apr/2022:07:48:27 +0200] "GET /hairbrushes-c-3_203.html?page=2 HTTP/1.0" 200 80123 "-" "Mozilla/5.0 (compatible; BLEXBot/1.0; +http://webmeup-crawler.com/)"
185.191.171.14 - - [14/Apr/2022:07:48:30 +0200] "GET /small-baby-teeth-hedgehog-p-51575.html HTTP/1.0" 200 73632 "-" "Mozilla/5.0 (compatible; SemrushBot/7~bl; +http://www.semrush.com/bot.html)"
157.90.177.217 - - [14/Apr/2022:07:48:34 +0200] "GET /hamburger-moneybox-p-55011.html HTTP/1.0" 200 73981 "-" "Mozilla/5.0 (compatible; BLEXBot/1.0; +http://webmeup-crawler.com/)"
157.90.177.217 - - [14/Apr/2022:07:48:38 +0200] "GET /hand-fatima-candle-holder-p-48032.html HTTP/1.0" 200 73567 "-" "Mozilla/5.0 (compatible; BLEXBot/1.0; +http://webmeup-crawler.com/)"
185.191.171.16 - - [14/Apr/2022:07:48:42 +0200] "GET /gardening-children-minnie-mouse-p-19713.html?action=add_product HTTP/1.0" 302 476 "-" "Mozilla/5.0 (compatible; SemrushBot/7~bl; +http://www.semrush.com/bot.html)"
157.90.177.217 - - [14/Apr/2022:07:48:43 +0200] "GET /hand-fatma-acrylic-magnet-p-52882.html HTTP/1.0" 200 73479 "-" "Mozilla/5.0 (compatible; BLEXBot/1.0; +http://webmeup-crawler.com/)"
5.189.172.182 - - [14/Apr/2022:07:48:43 +0200] "GET /spiderman-blue-long-sleeve-shirt-size-years-p-23679.html HTTP/1.0" 301 70875 "-" "Mozilla/5.0 (compatible; MJ12bot/v1.4.8; http://mj12bot.com/)"
54.36.148.243 - - [14/Apr/2022:07:48:46 +0200] "GET /focus-phone-cover-iphone-p-17818.html HTTP/1.0" 200 74289 "-" "Mozilla/5.0 (compatible; AhrefsBot/7.0; +http://ahrefs.com/robot/)"
157.90.177.217 - - [14/Apr/2022:07:48:47 +0200] "GET /hand-fatma-acrylic-magnet-p-52883.html HTTP/1.0" 200 73479 "-" "Mozilla/5.0 (compatible; BLEXBot/1.0; +http://webmeup-crawler.com/)"
157.90.177.217 - - [14/Apr/2022:07:48:52 +0200] "GET /hand-fatma-acrylic-magnet-p-52884.html HTTP/1.0" 200 73479 "-" "Mozilla/5.0 (compatible; BLEXBot/1.0; +http://webmeup-crawler.com/)"
185.191.171.43 - - [14/Apr/2022:07:48:54 +0200] "GET /union-jack-mini-magnet-mirror-p-19666.html?action=add_product HTTP/1.0" 302 476 "-" "Mozilla/5.0 (compatible; SemrushBot/7~bl; +http://www.semrush.com/bot.html)"
157.90.177.217 - - [14/Apr/2022:07:48:56 +0200] "GET /hand-fatma-incense-stick-holder-p-54082.html HTTP/1.0" 200 73609 "-" "Mozilla/5.0 (compatible; BLEXBot/1.0; +http://webmeup-crawler.com/)"
157.90.177.217 - - [14/Apr/2022:07:49:01 +0200] "GET /hand-fatma-tray-empty-pocket-carved-wood-pattern-p-53774.html HTTP/1.0" 200 74471 "-" "Mozilla/5.0 (compatible; BLEXBot/1.0; +http://webmeup-crawler.com/)"
8.210.77.186 - - [14/Apr/2022:07:49:05 +0200] "GET /salamander-wall-decoration-p-40932.html HTTP/1.0" 200 73609 "https://lens.google.com/" "Mozilla/5.0 (Windows NT 10.0; Win64; x64) AppleWebKit/537.36 (KHTML, like Gecko) Chrome/97.0.4692.99 Safari/537.36"
157.90.177.217 - - [14/Apr/2022:07:49:06 +0200] "GET /hand-fatma-with-infuser-p-56674.html HTTP/1.0" 200 74085 "-" "Mozilla/5.0 (compatible; BLEXBot/1.0; +http://webmeup-crawler.com/)"
5.189.172.182 - - [14/Apr/2022:07:49:06 +0200] "GET /-p-23679.html HTTP/1.0" 200 70808 "-" "Mozilla/5.0 (compatible; MJ12bot/v1.4.8; http://mj12bot.com/)"
8.210.77.186 - - [14/Apr/2022:07:49:08 +0200] "GET /js/jquery.js HTTP/1.0" 200 252 "http://www.wonder-geek.com/salamander-wall-decoration-p-40932.html" "Mozilla/5.0 (Windows NT 10.0; Win64; x64) AppleWebKit/537.36 (KHTML, like Gecko) Chrome/97.0.4692.99 Safari/537.36"
8.210.77.186 - - [14/Apr/2022:07:49:08 +0200] "GET /templates/Pixame_v1/stylesheet.css HTTP/1.0" 200 267 "http://www.wonder-geek.com/salamander-wall-decoration-p-40932.html" "Mozilla/5.0 (Windows NT 10.0; Win64; x64) AppleWebKit/537.36 (KHTML, like Gecko) Chrome/97.0.4692.99 Safari/537.36"
8.210.77.186 - - [14/Apr/2022:07:49:08 +0200] "GET /highslide/highslide.js HTTP/1.0" 200 262 "http://www.wonder-geek.com/salamander-wall-decoration-p-40932.html" "Mozilla/5.0 (Windows NT 10.0; Win64; x64) AppleWebKit/537.36 (KHTML, like Gecko) Chrome/97.0.4692.99 Safari/537.36"
8.210.77.186 - - [14/Apr/2022:07:49:10 +0200] "GET /mondial_relay/js/jquery-1.3.2.min.js HTTP/1.0" 200 276 "http://www.wonder-geek.com/salamander-wall-decoration-p-40932.html" "Mozilla/5.0 (Windows NT 10.0; Win64; x64) AppleWebKit/537.36 (KHTML, like Gecko) Chrome/97.0.4692.99 Safari/537.36"
8.210.77.186 - - [14/Apr/2022:07:49:11 +0200] "GET /js/jquery.jqzoom.js HTTP/1.0" 200 259 "http://www.wonder-geek.com/salamander-wall-decoration-p-40932.html" "Mozilla/5.0 (Windows NT 10.0; Win64; x64) AppleWebKit/537.36 (KHTML, like Gecko) Chrome/97.0.4692.99 Safari/537.36"
8.210.77.186 - - [14/Apr/2022:07:49:12 +0200] "GET /swfobject.js HTTP/1.0" 404 1308 "http://www.wonder-geek.com/salamander-wall-decoration-p-40932.html" "Mozilla/5.0 (Windows NT 10.0; Win64; x64) AppleWebKit/537.36 (KHTML, like Gecko) Chrome/97.0.4692.99 Safari/537.36"
8.210.77.186 - - [14/Apr/2022:07:49:12 +0200] "GET /templates/Pixame_v1/images/icon_accueil2.png HTTP/1.0" 200 278 "http://www.wonder-geek.com/salamander-wall-decoration-p-40932.html" "Mozilla/5.0 (Windows NT 10.0; Win64; x64) AppleWebKit/537.36 (KHTML, like Gecko) Chrome/97.0.4692.99 Safari/537.36"
8.210.77.186 - - [14/Apr/2022:07:49:12 +0200] "GET /templates/Pixame_v1/images/infobox/pixel_trans.gif HTTP/1.0" 200 328 "http://www.wonder-geek.com/salamander-wall-decoration-p-40932.html" "Mozilla/5.0 (Windows NT 10.0; Win64; x64) AppleWebKit/537.36 (KHTML, like Gecko) Chrome/97.0.4692.99 Safari/537.36"
157.90.177.217 - - [14/Apr/2022:07:49:11 +0200] "GET /hand-fatma-with-infuser-p-56675.html HTTP/1.0" 200 74085 "-" "Mozilla/5.0 (compatible; BLEXBot/1.0; +http://webmeup-crawler.com/)"
8.210.77.186 - - [14/Apr/2022:07:49:12 +0200] "GET /images/pixel_trans.gif HTTP/1.0" 200 328 "http://www.wonder-geek.com/salamander-wall-decoration-p-40932.html" "Mozilla/5.0 (Windows NT 10.0; Win64; x64) AppleWebKit/537.36 (KHTML, like Gecko) Chrome/97.0.4692.99 Safari/537.36"
8.210.77.186 - - [14/Apr/2022:07:49:13 +0200] "GET /templates/Pixame_v1/images/Bottom_texture.jpg HTTP/1.0" 200 280 "http://www.wonder-geek.com/templates/Pixame_v1/stylesheet.css" "Mozilla/5.0 (Windows NT 10.0; Win64; x64) AppleWebKit/537.36 (KHTML, like Gecko) Chrome/97.0.4692.99 Safari/537.36"
8.210.77.186 - - [14/Apr/2022:07:49:13 +0200] "GET /templates/Pixame_v1/images/Middle_texture.jpg HTTP/1.0" 200 280 "http://www.wonder-geek.com/templates/Pixame_v1/stylesheet.css" "Mozilla/5.0 (Windows NT 10.0; Win64; x64) AppleWebKit/537.36 (KHTML, like Gecko) Chrome/97.0.4692.99 Safari/537.36"
8.210.77.186 - - [14/Apr/2022:07:49:13 +0200] "GET /templates/Pixame_v1/images/header.png HTTP/1.0" 200 271 "http://www.wonder-geek.com/templates/Pixame_v1/stylesheet.css" "Mozilla/5.0 (Windows NT 10.0; Win64; x64) AppleWebKit/537.36 (KHTML, like Gecko) Chrome/97.0.4692.99 Safari/537.36"
8.210.77.186 - - [14/Apr/2022:07:49:14 +0200] "GET /templates/Pixame_v1/images/header-object.png HTTP/1.0" 200 278 "http://www.wonder-geek.com/templates/Pixame_v1/stylesheet.css" "Mozilla/5.0 (Windows NT 10.0; Win64; x64) AppleWebKit/537.36 (KHTML, like Gecko) Chrome/97.0.4692.99 Safari/537.36"
8.210.77.186 - - [14/Apr/2022:07:49:15 +0200] "GET /templates/Pixame_v1/images/nav.png HTTP/1.0" 200 268 "http://www.wonder-geek.com/templates/Pixame_v1/stylesheet.css" "Mozilla/5.0 (Windows NT 10.0; Win64; x64) AppleWebKit/537.36 (KHTML, like Gecko) Chrome/97.0.4692.99 Safari/537.36"
8.210.77.186 - - [14/Apr/2022:07:49:15 +0200] "GET /images/big_prod/3700407620333.jpg HTTP/1.0" 200 268 "http://www.wonder-geek.com/salamander-wall-decoration-p-40932.html" "Mozilla/5.0 (Windows NT 10.0; Win64; x64) AppleWebKit/537.36 (KHTML, like Gecko) Chrome/97.0.4692.99 Safari/537.36"
8.210.77.186 - - [14/Apr/2022:07:49:16 +0200] "GET /highslide/graphics/zoomin.cur HTTP/1.0" 200 614 "http://www.wonder-geek.com/templates/Pixame_v1/stylesheet.css" "Mozilla/5.0 (Windows NT 10.0; Win64; x64) AppleWebKit/537.36 (KHTML, like Gecko) Chrome/97.0.4692.99 Safari/537.36"
8.210.77.186 - - [14/Apr/2022:07:49:16 +0200] "GET /design/productsenstock.png HTTP/1.0" 200 260 "http://www.wonder-geek.com/templates/Pixame_v1/stylesheet.css" "Mozilla/5.0 (Windows NT 10.0; Win64; x64) AppleWebKit/537.36 (KHTML, like Gecko) Chrome/97.0.4692.99 Safari/537.36"
157.90.177.217 - - [14/Apr/2022:07:49:15 +0200] "GET /hand-fatma-with-infuser-p-56676.html HTTP/1.0" 200 74085 "-" "Mozilla/5.0 (compatible; BLEXBot/1.0; +http://webmeup-crawler.com/)"
8.210.77.186 - - [14/Apr/2022:07:49:17 +0200] "GET /templates/Pixame_v1/images/infobox/infobox_footer_middle.gif HTTP/1.0" 200 357 "http://www.wonder-geek.com/salamander-wall-decoration-p-40932.html" "Mozilla/5.0 (Windows NT 10.0; Win64; x64) AppleWebKit/537.36 (KHTML, like Gecko) Chrome/97.0.4692.99 Safari/537.36"
8.210.77.186 - - [14/Apr/2022:07:49:17 +0200] "GET /templates/Pixame_v1/images/pixel_trans.gif HTTP/1.0" 200 328 "http://www.wonder-geek.com/salamander-wall-decoration-p-40932.html" "Mozilla/5.0 (Windows NT 10.0; Win64; x64) AppleWebKit/537.36 (KHTML, like Gecko) Chrome/97.0.4692.99 Safari/537.36"
8.210.77.186 - - [14/Apr/2022:07:49:17 +0200] "GET /templates/Pixame_v1/images/buttons/english/button_in_cart.gif HTTP/1.0" 200 295 "http://www.wonder-geek.com/salamander-wall-decoration-p-40932.html" "Mozilla/5.0 (Windows NT 10.0; Win64; x64) AppleWebKit/537.36 (KHTML, like Gecko) Chrome/97.0.4692.99 Safari/537.36"
8.210.77.186 - - [14/Apr/2022:07:49:18 +0200] "GET /highslide/graphics/zoomout.cur HTTP/1.0" 200 614 "http://www.wonder-geek.com/salamander-wall-decoration-p-40932.html" "Mozilla/5.0 (Windows NT 10.0; Win64; x64) AppleWebKit/537.36 (KHTML, like Gecko) Chrome/97.0.4692.99 Safari/537.36"
8.210.77.186 - - [14/Apr/2022:07:49:18 +0200] "GET /highslide/graphics/outlines/drop-shadow.png HTTP/1.0" 200 277 "http://www.wonder-geek.com/salamander-wall-decoration-p-40932.html" "Mozilla/5.0 (Windows NT 10.0; Win64; x64) AppleWebKit/537.36 (KHTML, like Gecko) Chrome/97.0.4692.99 Safari/537.36"
8.210.77.186 - - [14/Apr/2022:07:49:18 +0200] "GET /highslide/graphics/loader.white.gif HTTP/1.0" 200 960 "http://www.wonder-geek.com/templates/Pixame_v1/stylesheet.css" "Mozilla/5.0 (Windows NT 10.0; Win64; x64) AppleWebKit/537.36 (KHTML, like Gecko) Chrome/97.0.4692.99 Safari/537.36"
66.249.64.158 - - [14/Apr/2022:07:49:17 +0200] "GET /salamander-wall-decoration-p-40932.html HTTP/1.0" 200 73609 "-" "Mozilla/5.0 (compatible; Googlebot/2.1; +http://www.google.com/bot.html)"
8.210.77.186 - - [14/Apr/2022:07:49:19 +0200] "GET /favicon.ico HTTP/1.0" 200 260 "http://www.wonder-geek.com/salamander-wall-decoration-p-40932.html" "Mozilla/5.0 (Windows NT 10.0; Win64; x64) AppleWebKit/537.36 (KHTML, like Gecko) Chrome/97.0.4692.99 Safari/537.36"
66.249.64.158 - - [14/Apr/2022:07:49:18 +0200] "GET /salamander-wall-decoration-p-40932.html HTTP/1.0" 200 73609 "-" "Mozilla/5.0 (Linux; Android 6.0.1; Nexus 5X Build/MMB29P) AppleWebKit/537.36 (KHTML, like Gecko) Chrome/99.0.4844.84 Mobile Safari/537.36 (compatible; Googlebot/2.1; +http://www.google.com/bot.html)"
66.249.64.146 - - [14/Apr/2022:07:49:21 +0200] "GET /favicon.ico HTTP/1.0" 200 260 "-" "Googlebot-Image/1.0"
157.90.177.217 - - [14/Apr/2022:07:49:20 +0200] "GET /hand-fatma-with-infuser-p-56677.html HTTP/1.0" 200 74085 "-" "Mozilla/5.0 (compatible; BLEXBot/1.0; +http://webmeup-crawler.com/)"
157.90.177.217 - - [14/Apr/2022:07:49:25 +0200] "GET /handcraft-sheet-p-51599.html HTTP/1.0" 200 73604 "-" "Mozilla/5.0 (compatible; BLEXBot/1.0; +http://webmeup-crawler.com/)"
157.90.177.217 - - [14/Apr/2022:07:49:29 +0200] "GET /handful-light-cable-cover-made-germany-p-56886.html HTTP/1.0" 200 76263 "-" "Mozilla/5.0 (compatible; BLEXBot/1.0; +http://webmeup-crawler.com/)"
5.189.172.182 - - [14/Apr/2022:07:49:29 +0200] "GET /spiderman-blue-long-sleeve-shirt-size-years-p-23680.html HTTP/1.0" 301 70875 "-" "Mozilla/5.0 (compatible; MJ12bot/v1.4.8; http://mj12bot.com/)"
185.191.171.9 - - [14/Apr/2022:07:49:46 +0200] "GET /ceramic-ambiance-bucolique-creation-p-49141.html?action=add_product HTTP/1.0" 302 476 "-" "Mozilla/5.0 (compatible; SemrushBot/7~bl; +http://www.semrush.com/bot.html)"
157.90.177.217 - - [14/Apr/2022:07:49:45 +0200] "GET /handy-manny-disney-night-light-p-24751.html HTTP/1.0" 200 73835 "-" "Mozilla/5.0 (compatible; BLEXBot/1.0; +http://webmeup-crawler.com/)"
114.119.137.3 - - [14/Apr/2022:07:49:48 +0200] "GET /little-buddha-collection-keychain-pink-p-50242.html HTTP/1.0" 200 73581 "-" "Mozilla/5.0 (Linux; Android 7.0;) AppleWebKit/537.36 (KHTML, like Gecko) Mobile Safari/537.36 (compatible; PetalBot;+https://webmaster.petalsearch.com/site/petalbot)"
157.90.177.217 - - [14/Apr/2022:07:49:54 +0200] "GET /handy-manny-disney-table-lamp-p-24750.html HTTP/1.0" 200 73734 "-" "Mozilla/5.0 (compatible; BLEXBot/1.0; +http://webmeup-crawler.com/)"
114.37.201.56 - - [14/Apr/2022:07:50:00 +0200] "GET /images/mini_prod/8435333835166.jpg HTTP/1.0" 200 269 "-" "Mozilla/5.0 (X11; Ubuntu; Linux x86_64; rv:72.0) Gecko/20100101 Firefox/72.0"
54.36.148.243 - - [14/Apr/2022:07:50:00 +0200] "GET /body-talk-resin-statuette-reclining-naked-p-54719.html HTTP/1.0" 200 74645 "-" "Mozilla/5.0 (compatible; AhrefsBot/7.0; +http://ahrefs.com/robot/)"
157.90.177.217 - - [14/Apr/2022:07:50:00 +0200] "GET /handy-manny-figure-p-6922.html HTTP/1.0" 200 73493 "-" "Mozilla/5.0 (compatible; BLEXBot/1.0; +http://webmeup-crawler.com/)"
157.90.177.217 - - [14/Apr/2022:07:50:07 +0200] "GET /handy-manny-pairs-socks-size-p-25206.html HTTP/1.0" 200 73413 "-" "Mozilla/5.0 (compatible; BLEXBot/1.0; +http://webmeup-crawler.com/)"
185.191.171.2 - - [14/Apr/2022:07:50:10 +0200] "GET /ring-flower-of-life-brass-copper-colour-p-44683.html HTTP/1.0" 301 73667 "-" "Mozilla/5.0 (compatible; SemrushBot/7~bl; +http://www.semrush.com/bot.html)"
147.92.153.12 - - [14/Apr/2022:07:50:11 +0200] "GET /frenchy-style-flour-storage-p-57929.html HTTP/1.0" 200 74266 "-" "Mozilla/5.0 (compatible; Linespider/1.1; +https://lin.ee/4dwXkTH)"
157.90.177.217 - - [14/Apr/2022:07:50:12 +0200] "GET /handy-manny-pencil-case-p-19646.html HTTP/1.0" 200 73625 "-" "Mozilla/5.0 (compatible; BLEXBot/1.0; +http://webmeup-crawler.com/)"
185.191.171.41 - - [14/Apr/2022:07:50:14 +0200] "GET /ring-flower-life-brass-copper-colour-p-44683.html HTTP/1.0" 200 73564 "-" "Mozilla/5.0 (compatible; SemrushBot/7~bl; +http://www.semrush.com/bot.html)"
5.189.172.182 - - [14/Apr/2022:07:50:17 +0200] "GET /-p-23680.html HTTP/1.0" 200 70808 "-" "Mozilla/5.0 (compatible; MJ12bot/v1.4.8; http://mj12bot.com/)"
157.90.177.217 - - [14/Apr/2022:07:50:20 +0200] "GET /handy-manny-small-p-19689.html HTTP/1.0" 200 73795 "-" "Mozilla/5.0 (compatible; BLEXBot/1.0; +http://webmeup-crawler.com/)"
185.191.171.45 - - [14/Apr/2022:07:50:23 +0200] "GET /mister-blue-messenger-p-8023.html HTTP/1.0" 200 70896 "-" "Mozilla/5.0 (compatible; SemrushBot/7~bl; +http://www.semrush.com/bot.html)"
157.90.177.217 - - [14/Apr/2022:07:50:27 +0200] "GET /hanging-frame-marin-theme-p-44034.html HTTP/1.0" 200 73542 "-" "Mozilla/5.0 (compatible; BLEXBot/1.0; +http://webmeup-crawler.com/)"
157.90.177.217 - - [14/Apr/2022:07:50:34 +0200] "GET /hanging-lamp-p-45424.html HTTP/1.0" 200 73491 "-" "Mozilla/5.0 (compatible; BLEXBot/1.0; +http://webmeup-crawler.com/)"
5.189.172.182 - - [14/Apr/2022:07:50:34 +0200] "GET /spiderman-blue-raincoat-p-32638.html HTTP/1.0" 301 70875 "-" "Mozilla/5.0 (compatible; MJ12bot/v1.4.8; http://mj12bot.com/)"
157.90.177.217 - - [14/Apr/2022:07:50:39 +0200] "GET /hanna-barbera-black-shirt-p-29597.html HTTP/1.0" 200 74879 "-" "Mozilla/5.0 (compatible; BLEXBot/1.0; +http://webmeup-crawler.com/)"
157.90.177.217 - - [14/Apr/2022:07:50:46 +0200] "GET /hannah-montana-postman-p-1485.html HTTP/1.0" 200 73866 "-" "Mozilla/5.0 (compatible; BLEXBot/1.0; +http://webmeup-crawler.com/)"
157.90.177.217 - - [14/Apr/2022:07:50:54 +0200] "GET /hannah-montana-shopping-coin-purse-p-7617.html HTTP/1.0" 200 74060 "-" "Mozilla/5.0 (compatible; BLEXBot/1.0; +http://webmeup-crawler.com/)"
185.191.171.43 - - [14/Apr/2022:07:50:56 +0200] "GET /marley-pencil-p-5065.html?action=add_product HTTP/1.0" 302 476 "-" "Mozilla/5.0 (compatible; SemrushBot/7~bl; +http://www.semrush.com/bot.html)"
185.191.171.40 - - [14/Apr/2022:07:50:56 +0200] "GET /robots.txt HTTP/1.0" 200 245 "-" "Mozilla/5.0 (compatible; SemrushBot/7~bl; +http://www.semrush.com/bot.html)"
211.249.40.15 - - [14/Apr/2022:07:51:02 +0200] "GET /images/mini_prod/1399984242629.jpg HTTP/1.0" 200 269 "-" "Mozilla/5.0 (X11; Ubuntu; Linux x86_64; rv:72.0) Gecko/20100101 Firefox/72.0"
157.90.177.217 - - [14/Apr/2022:07:51:02 +0200] "GET /happy-bedclothes-p-55172.html HTTP/1.0" 200 74409 "-" "Mozilla/5.0 (compatible; BLEXBot/1.0; +http://webmeup-crawler.com/)"
157.90.177.217 - - [14/Apr/2022:07:51:06 +0200] "GET /happy-colors-kitchen-scale-p-24656.html HTTP/1.0" 200 73698 "-" "Mozilla/5.0 (compatible; BLEXBot/1.0; +http://webmeup-crawler.com/)"
17.121.114.26 - - [14/Apr/2022:07:51:06 +0200] "GET /barbapapa-cupcake-metal-magnet-p-8800.html HTTP/1.0" 200 73607 "-" "Mozilla/5.0 (Macintosh; Intel Mac OS X 10_15_5) AppleWebKit/605.1.15 (KHTML, like Gecko) Version/13.1.1 Safari/605.1.15 (Applebot/0.1; +http://www.apple.com/go/applebot)"
157.90.177.217 - - [14/Apr/2022:07:51:11 +0200] "GET /happy-hermann-cable-cover-made-germany-p-56887.html HTTP/1.0" 200 76168 "-" "Mozilla/5.0 (compatible; BLEXBot/1.0; +http://webmeup-crawler.com/)"
54.36.148.243 - - [14/Apr/2022:07:51:14 +0200] "GET /resin-statue-little-monk-pink-dress-p-52903.html HTTP/1.0" 200 73643 "-" "Mozilla/5.0 (compatible; AhrefsBot/7.0; +http://ahrefs.com/robot/)"
157.90.177.217 - - [14/Apr/2022:07:51:16 +0200] "GET /happy-hobo-p-5336.html HTTP/1.0" 200 73655 "-" "Mozilla/5.0 (compatible; BLEXBot/1.0; +http://webmeup-crawler.com/)"
157.90.177.217 - - [14/Apr/2022:07:51:25 +0200] "GET /happy-hour-free-beer-wall-bottle-opener-p-36857.html HTTP/1.0" 200 73605 "-" "Mozilla/5.0 (compatible; BLEXBot/1.0; +http://webmeup-crawler.com/)"
157.90.177.217 - - [14/Apr/2022:07:51:29 +0200] "GET /happy-metal-tray-p-45783.html HTTP/1.0" 200 73606 "-" "Mozilla/5.0 (compatible; BLEXBot/1.0; +http://webmeup-crawler.com/)"
185.191.171.24 - - [14/Apr/2022:07:51:33 +0200] "GET /scented-votive-chakra-candles-p-55100.html?action=add_product HTTP/1.0" 302 476 "-" "Mozilla/5.0 (compatible; SemrushBot/7~bl; +http://www.semrush.com/bot.html)"
95.163.255.63 - - [14/Apr/2022:07:51:34 +0200] "GET /robots.txt HTTP/1.0" 200 245 "-" "Mozilla/5.0 (compatible; Linux x86_64; Mail.RU_Bot/2.0; +http://go.mail.ru/help/robots)"
157.90.177.217 - - [14/Apr/2022:07:51:34 +0200] "GET /happy-metal-tray-p-45784.html HTTP/1.0" 200 73595 "-" "Mozilla/5.0 (compatible; BLEXBot/1.0; +http://webmeup-crawler.com/)"
157.90.177.217 - - [14/Apr/2022:07:51:38 +0200] "GET /happy-panda-bedclothes-p-44235.html HTTP/1.0" 200 74254 "-" "Mozilla/5.0 (compatible; BLEXBot/1.0; +http://webmeup-crawler.com/)"
157.90.177.217 - - [14/Apr/2022:07:51:42 +0200] "GET /happy-sparkling-eggcups-made-germany-tassen-p-43318.html HTTP/1.0" 200 73760 "-" "Mozilla/5.0 (compatible; BLEXBot/1.0; +http://webmeup-crawler.com/)"
157.90.177.217 - - [14/Apr/2022:07:51:53 +0200] "GET /happy-stop-door-p-46261.html HTTP/1.0" 200 73416 "-" "Mozilla/5.0 (compatible; BLEXBot/1.0; +http://webmeup-crawler.com/)"
157.90.177.217 - - [14/Apr/2022:07:51:58 +0200] "GET /happy-vintage-shirt-p-29607.html HTTP/1.0" 200 74616 "-" "Mozilla/5.0 (compatible; BLEXBot/1.0; +http://webmeup-crawler.com/)"
185.191.171.35 - - [14/Apr/2022:07:51:59 +0200] "GET /jute-p-56523.html HTTP/1.0" 200 74104 "-" "Mozilla/5.0 (compatible; SemrushBot/7~bl; +http://www.semrush.com/bot.html)"
157.90.177.217 - - [14/Apr/2022:07:52:02 +0200] "GET /harley-davidson-1980-tour-glide-p-30405.html HTTP/1.0" 200 73600 "-" "Mozilla/5.0 (compatible; BLEXBot/1.0; +http://webmeup-crawler.com/)"
157.90.177.217 - - [14/Apr/2022:07:52:07 +0200] "GET /harley-davidson-2004-dyna-super-glide-sport-p-30415.html HTTP/1.0" 200 73686 "-" "Mozilla/5.0 (compatible; BLEXBot/1.0; +http://webmeup-crawler.com/)"
157.90.177.217 - - [14/Apr/2022:07:52:11 +0200] "GET /harley-davidson-2004-electa-glide-pickup-ford-super-duty-p-30396.html HTTP/1.0" 200 74002 "-" "Mozilla/5.0 (compatible; BLEXBot/1.0; +http://webmeup-crawler.com/)"
95.163.255.65 - - [14/Apr/2022:07:52:13 +0200] "GET /images/big_prod/1384010202531.jpg HTTP/1.0" 200 268 "-" "Mozilla/5.0 (compatible; Linux x86_64; Mail.RU_Bot/2.0; +http://go.mail.ru/help/robots)"
157.90.177.217 - - [14/Apr/2022:07:52:15 +0200] "GET /harley-davidson-genuine-deco-thermometer-p-15205.html HTTP/1.0" 200 73612 "-" "Mozilla/5.0 (compatible; BLEXBot/1.0; +http://webmeup-crawler.com/)"
185.191.171.6 - - [14/Apr/2022:07:52:19 +0200] "GET /sophie-the-giraffe-tee-shirt-p-30925.html HTTP/1.0" 301 70875 "-" "Mozilla/5.0 (compatible; SemrushBot/7~bl; +http://www.semrush.com/bot.html)"
157.90.177.217 - - [14/Apr/2022:07:52:20 +0200] "GET /harley-davidson-genuine-small-metal-plate-p-15216.html HTTP/1.0" 200 73625 "-" "Mozilla/5.0 (compatible; BLEXBot/1.0; +http://webmeup-crawler.com/)"
185.191.171.12 - - [14/Apr/2022:07:52:22 +0200] "GET /-p-30925.html HTTP/1.0" 200 70808 "-" "Mozilla/5.0 (compatible; SemrushBot/7~bl; +http://www.semrush.com/bot.html)"
157.90.177.217 - - [14/Apr/2022:07:52:25 +0200] "GET /harley-davidson-large-p-37071.html HTTP/1.0" 200 73571 "-" "Mozilla/5.0 (compatible; BLEXBot/1.0; +http://webmeup-crawler.com/)"
157.90.177.217 - - [14/Apr/2022:07:52:30 +0200] "GET /harley-davidson-mini-p-31640.html HTTP/1.0" 200 73608 "-" "Mozilla/5.0 (compatible; BLEXBot/1.0; +http://webmeup-crawler.com/)"
54.36.148.243 - - [14/Apr/2022:07:52:31 +0200] "GET /crme-adult-apron-p-51195.html HTTP/1.0" 200 73397 "-" "Mozilla/5.0 (compatible; AhrefsBot/7.0; +http://ahrefs.com/robot/)"
157.90.177.217 - - [14/Apr/2022:07:52:36 +0200] "GET /harley-davidson-ride-small-metal-plate-p-40263.html HTTP/1.0" 200 73669 "-" "Mozilla/5.0 (compatible; BLEXBot/1.0; +http://webmeup-crawler.com/)"
185.191.171.38 - - [14/Apr/2022:07:52:39 +0200] "GET /statuette-yoga-p-53031.html?action=add_product HTTP/1.0" 302 476 "-" "Mozilla/5.0 (compatible; SemrushBot/7~bl; +http://www.semrush.com/bot.html)"
95.163.255.65 - - [14/Apr/2022:07:52:40 +0200] "GET /images/med_prod/7316197615563.jpg HTTP/1.0" 200 268 "-" "Mozilla/5.0 (compatible; Linux x86_64; Mail.RU_Bot/2.0; +http://go.mail.ru/help/robots)"
157.90.177.217 - - [14/Apr/2022:07:52:40 +0200] "GET /harley-davidson-small-metal-plate-p-12505.html HTTP/1.0" 200 73592 "-" "Mozilla/5.0 (compatible; BLEXBot/1.0; +http://webmeup-crawler.com/)"
157.90.177.217 - - [14/Apr/2022:07:52:44 +0200] "GET /harley-davidson-small-metal-plate-p-12506.html HTTP/1.0" 200 73572 "-" "Mozilla/5.0 (compatible; BLEXBot/1.0; +http://webmeup-crawler.com/)"
185.191.171.25 - - [14/Apr/2022:07:52:45 +0200] "GET /laissez-lucie-faire-liberty-sugar-pot-p-39835.html HTTP/1.0" 301 73635 "-" "Mozilla/5.0 (compatible; SemrushBot/7~bl; +http://www.semrush.com/bot.html)"
185.191.171.44 - - [14/Apr/2022:07:52:49 +0200] "GET /laissez-lucie-faire-liberty-sugar-p-39835.html HTTP/1.0" 200 73535 "-" "Mozilla/5.0 (compatible; SemrushBot/7~bl; +http://www.semrush.com/bot.html)"
157.90.177.217 - - [14/Apr/2022:07:52:50 +0200] "GET /harley-davidson-small-metal-plate-p-15215.html HTTP/1.0" 200 73603 "-" "Mozilla/5.0 (compatible; BLEXBot/1.0; +http://webmeup-crawler.com/)"
157.90.177.217 - - [14/Apr/2022:07:52:55 +0200] "GET /harley-davidson-small-metal-plate-p-29713.html HTTP/1.0" 200 73557 "-" "Mozilla/5.0 (compatible; BLEXBot/1.0; +http://webmeup-crawler.com/)"
157.90.177.217 - - [14/Apr/2022:07:52:59 +0200] "GET /harley-davidson-small-metal-plate-p-33731.html HTTP/1.0" 200 73587 "-" "Mozilla/5.0 (compatible; BLEXBot/1.0; +http://webmeup-crawler.com/)"
185.191.171.22 - - [14/Apr/2022:07:53:00 +0200] "GET /spice-with-sprinkler-poudre-perlimpinpin-p-46515.html?action=add_product HTTP/1.0" 302 476 "-" "Mozilla/5.0 (compatible; SemrushBot/7~bl; +http://www.semrush.com/bot.html)"
157.90.177.217 - - [14/Apr/2022:07:53:03 +0200] "GET /harley-davidson-wild-heart-small-metal-plate-p-40262.html HTTP/1.0" 200 73681 "-" "Mozilla/5.0 (compatible; BLEXBot/1.0; +http://webmeup-crawler.com/)"
157.90.177.217 - - [14/Apr/2022:07:53:06 +0200] "GET /harold-oven-mitt-p-43817.html HTTP/1.0" 200 73407 "-" "Mozilla/5.0 (compatible; BLEXBot/1.0; +http://webmeup-crawler.com/)"
157.55.39.144 - - [14/Apr/2022:07:53:09 +0200] "GET /decorations-and-furnishings/decorations/donald-duck-angry-figure-collection-p-18510.html HTTP/1.0" 301 70875 "-" "Mozilla/5.0 (compatible; bingbot/2.0; +http://www.bing.com/bingbot.htm)"
157.90.177.217 - - [14/Apr/2022:07:53:13 +0200] "GET /harold-potholder-p-43818.html HTTP/1.0" 200 73447 "-" "Mozilla/5.0 (compatible; BLEXBot/1.0; +http://webmeup-crawler.com/)"
157.90.177.217 - - [14/Apr/2022:07:53:18 +0200] "GET /hats-caps-c-1_44.html?page=2 HTTP/1.0" 200 84837 "-" "Mozilla/5.0 (compatible; BLEXBot/1.0; +http://webmeup-crawler.com/)"
157.90.177.217 - - [14/Apr/2022:07:53:22 +0200] "GET /hawk-passeport-p-22671.html HTTP/1.0" 200 73510 "-" "Mozilla/5.0 (compatible; BLEXBot/1.0; +http://webmeup-crawler.com/)"
157.90.177.217 - - [14/Apr/2022:07:53:25 +0200] "GET /head-wallet-model-p-39434.html HTTP/1.0" 200 73458 "-" "Mozilla/5.0 (compatible; BLEXBot/1.0; +http://webmeup-crawler.com/)"
157.90.177.217 - - [14/Apr/2022:07:53:30 +0200] "GET /head-wallet-model-p-39435.html HTTP/1.0" 200 73459 "-" "Mozilla/5.0 (compatible; BLEXBot/1.0; +http://webmeup-crawler.com/)"
157.90.177.217 - - [14/Apr/2022:07:53:34 +0200] "GET /head-wallet-model-p-39436.html HTTP/1.0" 200 73459 "-" "Mozilla/5.0 (compatible; BLEXBot/1.0; +http://webmeup-crawler.com/)"
157.90.177.217 - - [14/Apr/2022:07:53:39 +0200] "GET /head-wallet-model-p-39437.html HTTP/1.0" 200 73463 "-" "Mozilla/5.0 (compatible; BLEXBot/1.0; +http://webmeup-crawler.com/)"
157.90.177.217 - - [14/Apr/2022:07:53:43 +0200] "GET /head-wallet-model-p-39438.html HTTP/1.0" 200 73458 "-" "Mozilla/5.0 (compatible; BLEXBot/1.0; +http://webmeup-crawler.com/)"
54.36.148.243 - - [14/Apr/2022:07:53:45 +0200] "GET /ajna-chakra-third-cbkreation-p-49253.html HTTP/1.0" 200 73565 "-" "Mozilla/5.0 (compatible; AhrefsBot/7.0; +http://ahrefs.com/robot/)"
185.191.171.36 - - [14/Apr/2022:07:53:46 +0200] "GET /nemo-dory-figure-p-2912.html HTTP/1.0" 301 70872 "-" "Mozilla/5.0 (compatible; SemrushBot/7~bl; +http://www.semrush.com/bot.html)"
157.90.177.217 - - [14/Apr/2022:07:53:47 +0200] "GET /head-wallet-model-p-39439.html HTTP/1.0" 200 73458 "-" "Mozilla/5.0 (compatible; BLEXBot/1.0; +http://webmeup-crawler.com/)"
185.191.171.26 - - [14/Apr/2022:07:53:50 +0200] "GET /-p-2912.html HTTP/1.0" 200 70806 "-" "Mozilla/5.0 (compatible; SemrushBot/7~bl; +http://www.semrush.com/bot.html)"
157.90.177.217 - - [14/Apr/2022:07:53:52 +0200] "GET /head-wallet-model-p-39440.html HTTP/1.0" 200 73458 "-" "Mozilla/5.0 (compatible; BLEXBot/1.0; +http://webmeup-crawler.com/)"
185.191.171.36 - - [14/Apr/2022:07:53:57 +0200] "GET /york-flag-sticker-p-35395.html?action=add_product HTTP/1.0" 302 476 "-" "Mozilla/5.0 (compatible; SemrushBot/7~bl; +http://www.semrush.com/bot.html)"
157.90.177.217 - - [14/Apr/2022:07:53:56 +0200] "GET /head-wallet-model-p-39441.html HTTP/1.0" 200 73459 "-" "Mozilla/5.0 (compatible; BLEXBot/1.0; +http://webmeup-crawler.com/)"
157.90.177.217 - - [14/Apr/2022:07:54:00 +0200] "GET /head-wallet-model-p-39442.html HTTP/1.0" 200 73458 "-" "Mozilla/5.0 (compatible; BLEXBot/1.0; +http://webmeup-crawler.com/)"
157.90.177.217 - - [14/Apr/2022:07:54:04 +0200] "GET /head-wallet-model-p-39443.html HTTP/1.0" 200 73458 "-" "Mozilla/5.0 (compatible; BLEXBot/1.0; +http://webmeup-crawler.com/)"
157.90.177.217 - - [14/Apr/2022:07:54:09 +0200] "GET /head-wallet-model-p-39444.html HTTP/1.0" 200 73459 "-" "Mozilla/5.0 (compatible; BLEXBot/1.0; +http://webmeup-crawler.com/)"
157.90.177.217 - - [14/Apr/2022:07:54:13 +0200] "GET /head-wallet-model-p-39445.html HTTP/1.0" 200 73459 "-" "Mozilla/5.0 (compatible; BLEXBot/1.0; +http://webmeup-crawler.com/)"
157.90.177.217 - - [14/Apr/2022:07:54:17 +0200] "GET /headrest-cushion-bambou-p-51962.html HTTP/1.0" 200 74113 "-" "Mozilla/5.0 (compatible; BLEXBot/1.0; +http://webmeup-crawler.com/)"
185.191.171.15 - - [14/Apr/2022:07:54:17 +0200] "GET /planes-p-24525.html HTTP/1.0" 200 73485 "-" "Mozilla/5.0 (compatible; SemrushBot/7~bl; +http://www.semrush.com/bot.html)"
157.90.177.217 - - [14/Apr/2022:07:54:20 +0200] "GET /headrest-cushion-beige-p-44366.html HTTP/1.0" 200 74124 "-" "Mozilla/5.0 (compatible; BLEXBot/1.0; +http://webmeup-crawler.com/)"
157.90.177.217 - - [14/Apr/2022:07:54:26 +0200] "GET /headrest-cushion-blue-p-43996.html HTTP/1.0" 200 73492 "-" "Mozilla/5.0 (compatible; BLEXBot/1.0; +http://webmeup-crawler.com/)"
157.90.177.217 - - [14/Apr/2022:07:54:29 +0200] "GET /headrest-cushion-blue-p-44365.html HTTP/1.0" 200 74099 "-" "Mozilla/5.0 (compatible; BLEXBot/1.0; +http://webmeup-crawler.com/)"
157.90.177.217 - - [14/Apr/2022:07:54:34 +0200] "GET /headrest-cushion-diabolo-menthe-p-51964.html HTTP/1.0" 200 74169 "-" "Mozilla/5.0 (compatible; BLEXBot/1.0; +http://webmeup-crawler.com/)"
157.90.177.217 - - [14/Apr/2022:07:54:39 +0200] "GET /headrest-cushion-edgar-p-45248.html HTTP/1.0" 200 73493 "-" "Mozilla/5.0 (compatible; BLEXBot/1.0; +http://webmeup-crawler.com/)"
157.90.177.217 - - [14/Apr/2022:07:54:44 +0200] "GET /headrest-cushion-emeraude-p-51963.html HTTP/1.0" 200 74127 "-" "Mozilla/5.0 (compatible; BLEXBot/1.0; +http://webmeup-crawler.com/)"
157.90.177.217 - - [14/Apr/2022:07:54:48 +0200] "GET /headrest-cushion-grey-p-43994.html HTTP/1.0" 200 73489 "-" "Mozilla/5.0 (compatible; BLEXBot/1.0; +http://webmeup-crawler.com/)"
49.7.20.122 - - [14/Apr/2022:07:54:49 +0200] "GET / HTTP/1.0" 200 151728 "-" "Sogou web spider/4.0(+http://www.sogou.com/docs/help/webmasters.htm#07)"
157.90.177.217 - - [14/Apr/2022:07:54:52 +0200] "GET /headrest-cushion-lyna-natural-p-45247.html HTTP/1.0" 200 74155 "-" "Mozilla/5.0 (compatible; BLEXBot/1.0; +http://webmeup-crawler.com/)"
157.90.177.217 - - [14/Apr/2022:07:54:58 +0200] "GET /headrest-cushion-margaret-p-52930.html HTTP/1.0" 200 74185 "-" "Mozilla/5.0 (compatible; BLEXBot/1.0; +http://webmeup-crawler.com/)"
54.36.148.243 - - [14/Apr/2022:07:54:59 +0200] "GET /flower-pots-c-13_275.html?page=1 HTTP/1.0" 200 92646 "-" "Mozilla/5.0 (compatible; AhrefsBot/7.0; +http://ahrefs.com/robot/)"
157.90.177.217 - - [14/Apr/2022:07:55:05 +0200] "GET /headrest-cushion-p-51959.html HTTP/1.0" 200 74084 "-" "Mozilla/5.0 (compatible; BLEXBot/1.0; +http://webmeup-crawler.com/)"
185.191.171.6 - - [14/Apr/2022:07:55:06 +0200] "GET /glass-ashtray-p-57472.html?action=add_product HTTP/1.0" 302 476 "-" "Mozilla/5.0 (compatible; SemrushBot/7~bl; +http://www.semrush.com/bot.html)"
157.90.177.217 - - [14/Apr/2022:07:55:08 +0200] "GET /headrest-cushion-p-53491.html HTTP/1.0" 200 74064 "-" "Mozilla/5.0 (compatible; BLEXBot/1.0; +http://webmeup-crawler.com/)"
157.90.177.217 - - [14/Apr/2022:07:55:14 +0200] "GET /headrest-cushion-p-53492.html HTTP/1.0" 200 74064 "-" "Mozilla/5.0 (compatible; BLEXBot/1.0; +http://webmeup-crawler.com/)"
157.90.177.217 - - [14/Apr/2022:07:55:18 +0200] "GET /headrest-cushion-p-53493.html HTTP/1.0" 200 74064 "-" "Mozilla/5.0 (compatible; BLEXBot/1.0; +http://webmeup-crawler.com/)"
157.90.177.217 - - [14/Apr/2022:07:55:24 +0200] "GET /headrest-cushion-p-53494.html HTTP/1.0" 200 74064 "-" "Mozilla/5.0 (compatible; BLEXBot/1.0; +http://webmeup-crawler.com/)"
157.90.177.217 - - [14/Apr/2022:07:55:28 +0200] "GET /headrest-cushion-parma-p-43995.html HTTP/1.0" 200 73494 "-" "Mozilla/5.0 (compatible; BLEXBot/1.0; +http://webmeup-crawler.com/)"
157.90.177.217 - - [14/Apr/2022:07:55:32 +0200] "GET /headrest-cushion-pink-p-46889.html HTTP/1.0" 200 73489 "-" "Mozilla/5.0 (compatible; BLEXBot/1.0; +http://webmeup-crawler.com/)"
157.90.177.217 - - [14/Apr/2022:07:55:36 +0200] "GET /headrest-cushion-white-p-51960.html HTTP/1.0" 200 74106 "-" "Mozilla/5.0 (compatible; BLEXBot/1.0; +http://webmeup-crawler.com/)"
5.189.172.182 - - [14/Apr/2022:07:55:39 +0200] "GET /spiderman-blue-raincoat-p-32638.html HTTP/1.0" 301 70875 "-" "Mozilla/5.0 (compatible; MJ12bot/v1.4.8; http://mj12bot.com/)"
157.90.177.217 - - [14/Apr/2022:07:55:41 +0200] "GET /healing-mini-stones-p-49036.html HTTP/1.0" 200 74291 "-" "Mozilla/5.0 (compatible; BLEXBot/1.0; +http://webmeup-crawler.com/)"
157.90.177.217 - - [14/Apr/2022:07:55:44 +0200] "GET /heart-christmas-tree-hanging-p-49638.html HTTP/1.0" 200 73559 "-" "Mozilla/5.0 (compatible; BLEXBot/1.0; +http://webmeup-crawler.com/)"
157.90.177.217 - - [14/Apr/2022:07:55:48 +0200] "GET /heart-christmas-tree-hanging-p-49639.html HTTP/1.0" 200 73558 "-" "Mozilla/5.0 (compatible; BLEXBot/1.0; +http://webmeup-crawler.com/)"
185.191.171.25 - - [14/Apr/2022:07:55:50 +0200] "GET /sagittarius-classic-cbkreation-p-29033.html HTTP/1.0" 200 73471 "-" "Mozilla/5.0 (compatible; SemrushBot/7~bl; +http://www.semrush.com/bot.html)"
157.90.177.217 - - [14/Apr/2022:07:55:52 +0200] "GET /heart-decorative-tray-p-45846.html HTTP/1.0" 200 73532 "-" "Mozilla/5.0 (compatible; BLEXBot/1.0; +http://webmeup-crawler.com/)"
5.189.172.182 - - [14/Apr/2022:07:55:52 +0200] "GET /-p-32638.html HTTP/1.0" 200 70808 "-" "Mozilla/5.0 (compatible; MJ12bot/v1.4.8; http://mj12bot.com/)"
157.90.177.217 - - [14/Apr/2022:07:55:56 +0200] "GET /heart-home-stick-diffuser-amber-wood-vetiver-p-57870.html HTTP/1.0" 200 75190 "-" "Mozilla/5.0 (compatible; BLEXBot/1.0; +http://webmeup-crawler.com/)"
157.90.177.217 - - [14/Apr/2022:07:56:00 +0200] "GET /heart-home-votive-holder-p-53431.html HTTP/1.0" 200 73520 "-" "Mozilla/5.0 (compatible; BLEXBot/1.0; +http://webmeup-crawler.com/)"
5.189.172.182 - - [14/Apr/2022:07:56:04 +0200] "GET /spiderman-cereal-bowl-p-31768.html HTTP/1.0" 301 70875 "-" "Mozilla/5.0 (compatible; MJ12bot/v1.4.8; http://mj12bot.com/)"
157.90.177.217 - - [14/Apr/2022:07:56:04 +0200] "GET /heart-shaped-selenite-white-p-47022.html HTTP/1.0" 200 75140 "-" "Mozilla/5.0 (compatible; BLEXBot/1.0; +http://webmeup-crawler.com/)"
54.36.148.243 - - [14/Apr/2022:07:56:08 +0200] "GET /london-union-jack-cbkreation-p-13411.html HTTP/1.0" 200 73503 "-" "Mozilla/5.0 (compatible; AhrefsBot/7.0; +http://ahrefs.com/robot/)"
157.90.177.217 - - [14/Apr/2022:07:56:11 +0200] "GET /heart-sticker-personalized-wall-decoration-gray-p-57793.html HTTP/1.0" 200 74456 "-" "Mozilla/5.0 (compatible; BLEXBot/1.0; +http://webmeup-crawler.com/)"
185.191.171.9 - - [14/Apr/2022:07:56:13 +0200] "GET /microfibre-base-cover-grey-p-47367.html HTTP/1.0" 200 73613 "-" "Mozilla/5.0 (compatible; SemrushBot/7~bl; +http://www.semrush.com/bot.html)"
157.90.177.217 - - [14/Apr/2022:07:56:14 +0200] "GET /hedgehog-pencil-cbkreation-p-43438.html HTTP/1.0" 200 73517 "-" "Mozilla/5.0 (compatible; BLEXBot/1.0; +http://webmeup-crawler.com/)"
5.189.172.182 - - [14/Apr/2022:07:56:16 +0200] "GET /-p-31768.html HTTP/1.0" 200 70808 "-" "Mozilla/5.0 (compatible; MJ12bot/v1.4.8; http://mj12bot.com/)"
185.191.171.15 - - [14/Apr/2022:07:56:16 +0200] "GET /elastic-bracelet-hematite-and-rose-quartz-p-48646.html HTTP/1.0" 301 74035 "-" "Mozilla/5.0 (compatible; SemrushBot/7~bl; +http://www.semrush.com/bot.html)"
157.90.177.217 - - [14/Apr/2022:07:56:18 +0200] "GET /hello-kitty-adult-umbrella-p-20509.html HTTP/1.0" 200 74333 "-" "Mozilla/5.0 (compatible; BLEXBot/1.0; +http://webmeup-crawler.com/)"
185.191.171.25 - - [14/Apr/2022:07:56:20 +0200] "GET /elastic-bracelet-hematite-rose-quartz-p-48646.html HTTP/1.0" 200 73931 "-" "Mozilla/5.0 (compatible; SemrushBot/7~bl; +http://www.semrush.com/bot.html)"
157.90.177.217 - - [14/Apr/2022:07:56:21 +0200] "GET /hello-kitty-capri-pants-p-30238.html HTTP/1.0" 200 74598 "-" "Mozilla/5.0 (compatible; BLEXBot/1.0; +http://webmeup-crawler.com/)"
157.90.177.217 - - [14/Apr/2022:07:56:25 +0200] "GET /hello-kitty-ceiling-light-p-11193.html HTTP/1.0" 200 73659 "-" "Mozilla/5.0 (compatible; BLEXBot/1.0; +http://webmeup-crawler.com/)"
157.90.177.217 - - [14/Apr/2022:07:56:28 +0200] "GET /hello-kitty-chocolate-node-companion-camomilla-p-16293.html HTTP/1.0" 200 73791 "-" "Mozilla/5.0 (compatible; BLEXBot/1.0; +http://webmeup-crawler.com/)"
5.189.172.182 - - [14/Apr/2022:07:56:29 +0200] "GET /spiderman-cushion-p-31715.html HTTP/1.0" 301 70875 "-" "Mozilla/5.0 (compatible; MJ12bot/v1.4.8; http://mj12bot.com/)"
157.90.177.217 - - [14/Apr/2022:07:56:32 +0200] "GET /hello-kitty-figure-p-2903.html HTTP/1.0" 200 73507 "-" "Mozilla/5.0 (compatible; BLEXBot/1.0; +http://webmeup-crawler.com/)"
157.90.177.217 - - [14/Apr/2022:07:56:35 +0200] "GET /hello-kitty-figure-p-2906.html HTTP/1.0" 200 73508 "-" "Mozilla/5.0 (compatible; BLEXBot/1.0; +http://webmeup-crawler.com/)"
157.90.177.217 - - [14/Apr/2022:07:56:40 +0200] "GET /hello-kitty-flatware-p-259.html HTTP/1.0" 200 73409 "-" "Mozilla/5.0 (compatible; BLEXBot/1.0; +http://webmeup-crawler.com/)"
157.90.177.217 - - [14/Apr/2022:07:56:44 +0200] "GET /hello-kitty-gothic-lolita-elastic-p-19421.html HTTP/1.0" 200 73657 "-" "Mozilla/5.0 (compatible; BLEXBot/1.0; +http://webmeup-crawler.com/)"
5.189.172.182 - - [14/Apr/2022:07:56:44 +0200] "GET /-p-31715.html HTTP/1.0" 200 70808 "-" "Mozilla/5.0 (compatible; MJ12bot/v1.4.8; http://mj12bot.com/)"
185.191.171.42 - - [14/Apr/2022:07:56:47 +0200] "GET /difference-accessoriess-c-12_59.html?page=4 HTTP/1.0" 200 81675 "-" "Mozilla/5.0 (compatible; SemrushBot/7~bl; +http://www.semrush.com/bot.html)"
157.90.177.217 - - [14/Apr/2022:07:56:48 +0200] "GET /hello-kitty-grey-tiara-p-13515.html HTTP/1.0" 200 73414 "-" "Mozilla/5.0 (compatible; BLEXBot/1.0; +http://webmeup-crawler.com/)"
185.191.171.23 - - [14/Apr/2022:07:56:50 +0200] "GET /indian-elephant-statue-p-46613.html?action=add_product HTTP/1.0" 302 476 "-" "Mozilla/5.0 (compatible; SemrushBot/7~bl; +http://www.semrush.com/bot.html)"
157.90.177.217 - - [14/Apr/2022:07:56:56 +0200] "GET /hello-kitty-hair-clips-p-13576.html HTTP/1.0" 200 73546 "-" "Mozilla/5.0 (compatible; BLEXBot/1.0; +http://webmeup-crawler.com/)"
5.189.172.182 - - [14/Apr/2022:07:56:58 +0200] "GET /spiderman-cushion-p-31717.html HTTP/1.0" 301 70875 "-" "Mozilla/5.0 (compatible; MJ12bot/v1.4.8; http://mj12bot.com/)"
157.90.177.217 - - [14/Apr/2022:07:56:59 +0200] "GET /hello-kitty-hair-ornements-p-13561.html HTTP/1.0" 200 73597 "-" "Mozilla/5.0 (compatible; BLEXBot/1.0; +http://webmeup-crawler.com/)"
157.90.177.217 - - [14/Apr/2022:07:57:03 +0200] "GET /hello-kitty-hair-ornements-p-13568.html HTTP/1.0" 200 73611 "-" "Mozilla/5.0 (compatible; BLEXBot/1.0; +http://webmeup-crawler.com/)"
5.189.172.182 - - [14/Apr/2022:07:57:08 +0200] "GET /-p-31717.html HTTP/1.0" 200 70808 "-" "Mozilla/5.0 (compatible; MJ12bot/v1.4.8; http://mj12bot.com/)"
157.90.177.217 - - [14/Apr/2022:07:57:09 +0200] "GET /hello-kitty-hair-ornements-p-13570.html HTTP/1.0" 200 73590 "-" "Mozilla/5.0 (compatible; BLEXBot/1.0; +http://webmeup-crawler.com/)"
157.90.177.217 - - [14/Apr/2022:07:57:13 +0200] "GET /hello-kitty-hinged-pocket-mirror-p-49947.html HTTP/1.0" 200 73598 "-" "Mozilla/5.0 (compatible; BLEXBot/1.0; +http://webmeup-crawler.com/)"
157.90.177.217 - - [14/Apr/2022:07:57:17 +0200] "GET /hello-kitty-jean-p-30213.html HTTP/1.0" 200 74886 "-" "Mozilla/5.0 (compatible; BLEXBot/1.0; +http://webmeup-crawler.com/)"
157.90.177.217 - - [14/Apr/2022:07:57:21 +0200] "GET /hello-kitty-little-embroidered-patch-p-13523.html HTTP/1.0" 200 73634 "-" "Mozilla/5.0 (compatible; BLEXBot/1.0; +http://webmeup-crawler.com/)"
5.189.172.182 - - [14/Apr/2022:07:57:24 +0200] "GET /spiderman-set-10-years-p-22820.html HTTP/1.0" 301 70875 "-" "Mozilla/5.0 (compatible; MJ12bot/v1.4.8; http://mj12bot.com/)"
157.90.177.217 - - [14/Apr/2022:07:57:26 +0200] "GET /hello-kitty-little-embroidered-patch-p-13525.html HTTP/1.0" 200 73634 "-" "Mozilla/5.0 (compatible; BLEXBot/1.0; +http://webmeup-crawler.com/)"
54.36.148.243 - - [14/Apr/2022:07:57:26 +0200] "GET /sausage-with-knife-paris-p-47324.html HTTP/1.0" 200 73489 "-" "Mozilla/5.0 (compatible; AhrefsBot/7.0; +http://ahrefs.com/robot/)"
157.90.177.217 - - [14/Apr/2022:07:57:29 +0200] "GET /hello-kitty-melamine-bowl-p-17118.html HTTP/1.0" 200 73557 "-" "Mozilla/5.0 (compatible; BLEXBot/1.0; +http://webmeup-crawler.com/)"
216.244.66.242 - - [14/Apr/2022:07:57:32 +0200] "GET /espresso-set-allen-desings-p-48229.html HTTP/1.0" 301 74203 "-" "Mozilla/5.0 (compatible; DotBot/1.2; +https://opensiteexplorer.org/dotbot; help@moz.com)"
157.90.177.217 - - [14/Apr/2022:07:57:34 +0200] "GET /hello-kitty-mirror-p-20731.html HTTP/1.0" 200 73492 "-" "Mozilla/5.0 (compatible; BLEXBot/1.0; +http://webmeup-crawler.com/)"
207.46.13.210 - - [14/Apr/2022:07:57:38 +0200] "GET /mandala-p-43383.html HTTP/1.0" 200 74493 "-" "Mozilla/5.0 (compatible; bingbot/2.0; +http://www.bing.com/bingbot.htm)"
157.90.177.217 - - [14/Apr/2022:07:57:38 +0200] "GET /hello-kitty-mirror-p-20732.html HTTP/1.0" 200 73492 "-" "Mozilla/5.0 (compatible; BLEXBot/1.0; +http://webmeup-crawler.com/)"
5.189.172.182 - - [14/Apr/2022:07:57:43 +0200] "GET /-p-22820.html HTTP/1.0" 200 70808 "-" "Mozilla/5.0 (compatible; MJ12bot/v1.4.8; http://mj12bot.com/)"
157.90.177.217 - - [14/Apr/2022:07:57:43 +0200] "GET /hello-kitty-mirror-p-20733.html HTTP/1.0" 200 73490 "-" "Mozilla/5.0 (compatible; BLEXBot/1.0; +http://webmeup-crawler.com/)"
185.191.171.22 - - [14/Apr/2022:07:57:45 +0200] "GET /wolf-shirt-p-31158.html HTTP/1.0" 200 75336 "-" "Mozilla/5.0 (compatible; SemrushBot/7~bl; +http://www.semrush.com/bot.html)"
157.90.177.217 - - [14/Apr/2022:07:57:47 +0200] "GET /hello-kitty-p-22244.html HTTP/1.0" 200 73537 "-" "Mozilla/5.0 (compatible; BLEXBot/1.0; +http://webmeup-crawler.com/)"
157.90.177.217 - - [14/Apr/2022:07:57:51 +0200] "GET /hello-kitty-p-22245.html HTTP/1.0" 200 73537 "-" "Mozilla/5.0 (compatible; BLEXBot/1.0; +http://webmeup-crawler.com/)"
157.90.177.217 - - [14/Apr/2022:07:57:56 +0200] "GET /hello-kitty-picnic-p-17166.html HTTP/1.0" 200 73850 "-" "Mozilla/5.0 (compatible; BLEXBot/1.0; +http://webmeup-crawler.com/)"
216.244.66.242 - - [14/Apr/2022:07:57:57 +0200] "GET /incense-burner-brass-p-37242.html HTTP/1.0" 200 73624 "-" "Mozilla/5.0 (compatible; DotBot/1.2; +https://opensiteexplorer.org/dotbot; help@moz.com)"
157.90.177.217 - - [14/Apr/2022:07:57:59 +0200] "GET /hello-kitty-rainwear-p-31263.html HTTP/1.0" 200 74604 "-" "Mozilla/5.0 (compatible; BLEXBot/1.0; +http://webmeup-crawler.com/)"
5.189.172.182 - - [14/Apr/2022:07:58:00 +0200] "GET /spiderman-set-tee-shirt-and-short-p-32967.html HTTP/1.0" 301 70875 "-" "Mozilla/5.0 (compatible; MJ12bot/v1.4.8; http://mj12bot.com/)"
157.90.177.217 - - [14/Apr/2022:07:58:03 +0200] "GET /hello-kitty-sanrio-jean-p-30236.html HTTP/1.0" 200 74602 "-" "Mozilla/5.0 (compatible; BLEXBot/1.0; +http://webmeup-crawler.com/)"
157.90.177.217 - - [14/Apr/2022:07:58:07 +0200] "GET /hello-kitty-small-palette-cosmetics-p-20711.html HTTP/1.0" 200 73754 "-" "Mozilla/5.0 (compatible; BLEXBot/1.0; +http://webmeup-crawler.com/)"
185.191.171.40 - - [14/Apr/2022:07:58:11 +0200] "GET /playboy-velvet-zippo-lighter-p-42880.html HTTP/1.0" 200 73961 "-" "Mozilla/5.0 (compatible; SemrushBot/7~bl; +http://www.semrush.com/bot.html)"
5.189.172.182 - - [14/Apr/2022:07:58:12 +0200] "GET /-p-32967.html HTTP/1.0" 200 70808 "-" "Mozilla/5.0 (compatible; MJ12bot/v1.4.8; http://mj12bot.com/)"
157.90.177.217 - - [14/Apr/2022:07:58:12 +0200] "GET /hello-kitty-sports-bottle-p-25066.html HTTP/1.0" 200 73460 "-" "Mozilla/5.0 (compatible; BLEXBot/1.0; +http://webmeup-crawler.com/)"
157.90.177.217 - - [14/Apr/2022:07:58:18 +0200] "GET /hello-kitty-swimming-ring-p-19971.html HTTP/1.0" 200 73296 "-" "Mozilla/5.0 (compatible; BLEXBot/1.0; +http://webmeup-crawler.com/)"
216.244.66.242 - - [14/Apr/2022:07:58:20 +0200] "GET /pepe-jeans-leather-wallet-p-41309.html HTTP/1.0" 200 70924 "-" "Mozilla/5.0 (compatible; DotBot/1.2; +https://opensiteexplorer.org/dotbot; help@moz.com)"
