117.148.130.28 - - [14/Apr/2022:07:11:38 +0200] "GET /images/mini_prod/3574641017415.jpg HTTP/1.0" 200 269 "-" "Mozilla/5.0 (Windows NT 10.0; WOW64) AppleWebKit/537.36 (KHTML, like Gecko) Chrome/90.0.4430.212 Safari/537.36"
117.148.130.28 - - [14/Apr/2022:07:11:38 +0200] "GET /images/mini_prod/3574641017361.jpg HTTP/1.0" 200 269 "-" "Mozilla/5.0 (Windows NT 10.0; WOW64) AppleWebKit/537.36 (KHTML, like Gecko) Chrome/90.0.4430.212 Safari/537.36"
95.163.255.131 - - [14/Apr/2022:07:11:40 +0200] "GET /images/big_prod/071662213732.jpg HTTP/1.0" 200 267 "http://wonder-geek.com/images/big_prod/071662213732.jpg" "Mozilla/5.0 (compatible; Linux x86_64; Mail.RU_Bot/Img/2.0; +http://go.mail.ru/help/robots)"
204.12.197.234 - - [14/Apr/2022:07:11:38 +0200] "GET /spiderman-navy-blue-cap-glove-set-size-54-cm-p-23962.html HTTP/1.0" 301 70875 "-" "Mozilla/5.0 (compatible; MJ12bot/v1.4.8; http://mj12bot.com/)"
117.148.130.28 - - [14/Apr/2022:07:11:41 +0200] "GET /images/mini_prod/3574641017460.jpg HTTP/1.0" 200 269 "-" "Mozilla/5.0 (Windows NT 10.0; WOW64) AppleWebKit/537.36 (KHTML, like Gecko) Chrome/90.0.4430.212 Safari/537.36"
117.148.130.28 - - [14/Apr/2022:07:11:42 +0200] "GET /images/mini_prod/3574641017507.jpg HTTP/1.0" 200 269 "-" "Mozilla/5.0 (Windows NT 10.0; WOW64) AppleWebKit/537.36 (KHTML, like Gecko) Chrome/90.0.4430.212 Safari/537.36"
117.148.130.28 - - [14/Apr/2022:07:11:42 +0200] "GET /images/mini_prod/3574641017446.jpg HTTP/1.0" 200 269 "-" "Mozilla/5.0 (Windows NT 10.0; WOW64) AppleWebKit/537.36 (KHTML, like Gecko) Chrome/90.0.4430.212 Safari/537.36"
95.163.255.131 - - [14/Apr/2022:07:11:43 +0200] "GET /images/med_prod/3609810007857.jpg HTTP/1.0" 200 268 "http://wonder-geek.com/images/med_prod/3609810007857.jpg" "Mozilla/5.0 (compatible; Linux x86_64; Mail.RU_Bot/Img/2.0; +http://go.mail.ru/help/robots)"
117.148.130.28 - - [14/Apr/2022:07:11:44 +0200] "GET /images/mini_prod/8445148011051.jpg HTTP/1.0" 200 269 "-" "Mozilla/5.0 (Windows NT 10.0; WOW64) AppleWebKit/537.36 (KHTML, like Gecko) Chrome/90.0.4430.212 Safari/537.36"
117.148.130.28 - - [14/Apr/2022:07:11:44 +0200] "GET /images/mini_prod/3574642579790B.jpg HTTP/1.0" 200 270 "-" "Mozilla/5.0 (Windows NT 10.0; WOW64) AppleWebKit/537.36 (KHTML, like Gecko) Chrome/90.0.4430.212 Safari/537.36"
216.244.66.242 - - [14/Apr/2022:07:11:41 +0200] "GET /street-fighter-poster-52-38-cm-p-26023.html HTTP/1.0" 301 73583 "-" "Mozilla/5.0 (compatible; DotBot/1.2; +https://opensiteexplorer.org/dotbot; help@moz.com)"
204.12.197.234 - - [14/Apr/2022:07:11:42 +0200] "GET /-p-23962.html HTTP/1.0" 200 70808 "-" "Mozilla/5.0 (compatible; MJ12bot/v1.4.8; http://mj12bot.com/)"
117.148.130.28 - - [14/Apr/2022:07:11:45 +0200] "GET /images/mini_prod/3574642579806B.jpg HTTP/1.0" 200 270 "-" "Mozilla/5.0 (Windows NT 10.0; WOW64) AppleWebKit/537.36 (KHTML, like Gecko) Chrome/90.0.4430.212 Safari/537.36"
117.148.130.28 - - [14/Apr/2022:07:11:45 +0200] "GET /images/mini_prod/3574641017385.jpg HTTP/1.0" 200 269 "-" "Mozilla/5.0 (Windows NT 10.0; WOW64) AppleWebKit/537.36 (KHTML, like Gecko) Chrome/90.0.4430.212 Safari/537.36"
117.148.130.28 - - [14/Apr/2022:07:11:46 +0200] "GET /images/mini_prod/3574642579783B.jpg HTTP/1.0" 200 270 "-" "Mozilla/5.0 (Windows NT 10.0; WOW64) AppleWebKit/537.36 (KHTML, like Gecko) Chrome/90.0.4430.212 Safari/537.36"
117.148.130.28 - - [14/Apr/2022:07:11:47 +0200] "GET /images/mini_prod/3574641017378.jpg HTTP/1.0" 200 269 "-" "Mozilla/5.0 (Windows NT 10.0; WOW64) AppleWebKit/537.36 (KHTML, like Gecko) Chrome/90.0.4430.212 Safari/537.36"
117.148.130.28 - - [14/Apr/2022:07:11:48 +0200] "GET /images/mini_prod/3574642579820B.jpg HTTP/1.0" 200 270 "-" "Mozilla/5.0 (Windows NT 10.0; WOW64) AppleWebKit/537.36 (KHTML, like Gecko) Chrome/90.0.4430.212 Safari/537.36"
204.12.197.234 - - [14/Apr/2022:07:11:46 +0200] "GET /spiderman-pack-of-briefs-p-32951.html HTTP/1.0" 301 70875 "-" "Mozilla/5.0 (compatible; MJ12bot/v1.4.8; http://mj12bot.com/)"
204.12.197.234 - - [14/Apr/2022:07:11:50 +0200] "GET /-p-32951.html HTTP/1.0" 200 70808 "-" "Mozilla/5.0 (compatible; MJ12bot/v1.4.8; http://mj12bot.com/)"
157.90.177.217 - - [14/Apr/2022:07:11:34 +0200] "GET /floor-cushions-c-11_182.html?page=2 HTTP/1.0" 200 91785 "-" "Mozilla/5.0 (compatible; BLEXBot/1.0; +http://webmeup-crawler.com/)"
204.12.197.234 - - [14/Apr/2022:07:11:54 +0200] "GET /spiderman-paddling-pool-p-14362.html HTTP/1.0" 301 70875 "-" "Mozilla/5.0 (compatible; MJ12bot/v1.4.8; http://mj12bot.com/)"
157.90.128.183 - - [14/Apr/2022:07:12:02 +0200] "GET /images/big_prod_2/c5018997632079.jpg HTTP/1.0" 200 271 "-" "Mozilla/5.0 (X11; Ubuntu; Linux x86_64; rv:72.0) Gecko/20100101 Firefox/72.0"
157.90.128.183 - - [14/Apr/2022:07:12:04 +0200] "GET /images/mini_prod/3457019604168.jpg HTTP/1.0" 200 269 "-" "Mozilla/5.0 (X11; Ubuntu; Linux x86_64; rv:72.0) Gecko/20100101 Firefox/72.0"
185.191.171.42 - - [14/Apr/2022:07:12:03 +0200] "GET /-p-18074.html?action=add_product HTTP/1.0" 302 476 "-" "Mozilla/5.0 (compatible; SemrushBot/7~bl; +http://www.semrush.com/bot.html)"
204.12.197.234 - - [14/Apr/2022:07:11:59 +0200] "GET /-p-14362.html HTTP/1.0" 200 70808 "-" "Mozilla/5.0 (compatible; MJ12bot/v1.4.8; http://mj12bot.com/)"
95.217.207.61 - - [14/Apr/2022:07:12:04 +0200] "GET /ny-statue-of-liberty-pot-cookware-cbkreation-p-23969.html HTTP/1.0" 301 73675 "-" "Mozilla/5.0 (compatible; MJ12bot/v1.4.8; http://mj12bot.com/)"
185.191.171.9 - - [14/Apr/2022:07:12:09 +0200] "GET /kimmidoll-sonomi-p-49826.html?action=add_product HTTP/1.0" 302 476 "-" "Mozilla/5.0 (compatible; SemrushBot/7~bl; +http://www.semrush.com/bot.html)"
207.46.13.210 - - [14/Apr/2022:07:12:05 +0200] "GET /gormiti-bike-helmet-p-8327.html HTTP/1.0" 200 73333 "-" "Mozilla/5.0 (compatible; bingbot/2.0; +http://www.bing.com/bingbot.htm)"
204.12.197.234 - - [14/Apr/2022:07:12:07 +0200] "GET /spiderman-pairs-of-socks-size-23-26-p-25192.html HTTP/1.0" 301 70875 "-" "Mozilla/5.0 (compatible; MJ12bot/v1.4.8; http://mj12bot.com/)"
185.191.171.3 - - [14/Apr/2022:07:12:10 +0200] "GET /vintage-flag-p-38271.html?action=add_product HTTP/1.0" 302 476 "-" "Mozilla/5.0 (compatible; SemrushBot/7~bl; +http://www.semrush.com/bot.html)"
95.217.207.61 - - [14/Apr/2022:07:12:11 +0200] "GET /statue-liberty-cookware-cbkreation-p-23969.html HTTP/1.0" 200 73574 "-" "Mozilla/5.0 (compatible; MJ12bot/v1.4.8; http://mj12bot.com/)"
204.12.197.234 - - [14/Apr/2022:07:12:12 +0200] "GET /-p-25192.html HTTP/1.0" 200 70808 "-" "Mozilla/5.0 (compatible; MJ12bot/v1.4.8; http://mj12bot.com/)"
54.36.148.243 - - [14/Apr/2022:07:12:11 +0200] "GET /austin-mini-british-beat-metal-plate-p-37149.html HTTP/1.0" 200 73634 "-" "Mozilla/5.0 (compatible; AhrefsBot/7.0; +http://ahrefs.com/robot/)"
204.12.197.234 - - [14/Apr/2022:07:12:17 +0200] "GET /spiderman-pairs-of-socks-size-23-26-p-25196.html HTTP/1.0" 301 70875 "-" "Mozilla/5.0 (compatible; MJ12bot/v1.4.8; http://mj12bot.com/)"
157.90.177.217 - - [14/Apr/2022:07:11:58 +0200] "GET /floor-cushions-c-11_182.html?page=3 HTTP/1.0" 200 92249 "-" "Mozilla/5.0 (compatible; BLEXBot/1.0; +http://webmeup-crawler.com/)"
204.12.197.234 - - [14/Apr/2022:07:12:21 +0200] "GET /-p-25196.html HTTP/1.0" 200 70808 "-" "Mozilla/5.0 (compatible; MJ12bot/v1.4.8; http://mj12bot.com/)"
185.191.171.42 - - [14/Apr/2022:07:12:21 +0200] "GET /tribal-cow-white-tee-shirt-p-39393.html HTTP/1.0" 301 79828 "-" "Mozilla/5.0 (compatible; SemrushBot/7~bl; +http://www.semrush.com/bot.html)"
204.12.197.234 - - [14/Apr/2022:07:12:25 +0200] "GET /spiderman-pairs-of-socks-size-27-30-p-25193.html HTTP/1.0" 301 70875 "-" "Mozilla/5.0 (compatible; MJ12bot/v1.4.8; http://mj12bot.com/)"
185.191.171.36 - - [14/Apr/2022:07:12:26 +0200] "GET /tribal-white-shirt-p-39393.html HTTP/1.0" 200 79743 "-" "Mozilla/5.0 (compatible; SemrushBot/7~bl; +http://www.semrush.com/bot.html)"
204.12.197.234 - - [14/Apr/2022:07:12:29 +0200] "GET /-p-25193.html HTTP/1.0" 200 70808 "-" "Mozilla/5.0 (compatible; MJ12bot/v1.4.8; http://mj12bot.com/)"
204.12.197.234 - - [14/Apr/2022:07:12:33 +0200] "GET /spiderman-pairs-of-socks-size-27-30-p-25194.html HTTP/1.0" 301 70875 "-" "Mozilla/5.0 (compatible; MJ12bot/v1.4.8; http://mj12bot.com/)"
204.12.197.234 - - [14/Apr/2022:07:12:37 +0200] "GET /-p-25194.html HTTP/1.0" 200 70808 "-" "Mozilla/5.0 (compatible; MJ12bot/v1.4.8; http://mj12bot.com/)"
95.217.207.61 - - [14/Apr/2022:07:12:36 +0200] "GET /ny-statue-of-liberty-pot-cookware-p-23969.html HTTP/1.0" 301 73675 "-" "Mozilla/5.0 (compatible; MJ12bot/v1.4.8; http://mj12bot.com/)"
204.12.197.234 - - [14/Apr/2022:07:12:41 +0200] "GET /spiderman-pairs-of-socks-size-27-30-p-25758.html HTTP/1.0" 301 70875 "-" "Mozilla/5.0 (compatible; MJ12bot/v1.4.8; http://mj12bot.com/)"
157.90.177.217 - - [14/Apr/2022:07:12:24 +0200] "GET /floor-cushions-c-11_182.html?page=4 HTTP/1.0" 200 92339 "-" "Mozilla/5.0 (compatible; BLEXBot/1.0; +http://webmeup-crawler.com/)"
51.68.224.127 - - [14/Apr/2022:07:12:45 +0200] "GET /adminweb/export_orders_xml.php?token=256de2z6edz6ed2z6DFSFsed2zed6zeDSFDSGdzedezfzf&maxorders=10&orderstart=1&status=14&start_date=2018-10-01 HTTP/1.0" 200 285 "-" "GesCom CharlotteBoutik Serveur"
95.217.207.61 - - [14/Apr/2022:07:12:42 +0200] "GET /statue-liberty-cookware-cbkreation-p-23969.html HTTP/1.0" 200 73574 "-" "Mozilla/5.0 (compatible; MJ12bot/v1.4.8; http://mj12bot.com/)"
204.12.197.234 - - [14/Apr/2022:07:12:45 +0200] "GET /-p-25758.html HTTP/1.0" 200 70808 "-" "Mozilla/5.0 (compatible; MJ12bot/v1.4.8; http://mj12bot.com/)"
51.68.224.127 - - [14/Apr/2022:07:12:45 +0200] "GET /adminweb/export_orders_xml.php?token=256de2z6edz6ed2z6DFSFsed2zed6zeDSFDSGdzedezfzf&maxorders=10&orderstart=1&status=6&start_date=2018-10-01 HTTP/1.0" 200 32865 "-" "GesCom CharlotteBoutik Serveur"
95.217.207.61 - - [14/Apr/2022:07:12:47 +0200] "GET /obelix-3d-magnet-p-6015.html HTTP/1.0" 301 70947 "-" "Mozilla/5.0 (compatible; MJ12bot/v1.4.8; http://mj12bot.com/)"
204.12.197.234 - - [14/Apr/2022:07:12:50 +0200] "GET /spiderman-pairs-of-socks-size-27-30-p-25760.html HTTP/1.0" 301 70875 "-" "Mozilla/5.0 (compatible; MJ12bot/v1.4.8; http://mj12bot.com/)"
95.217.207.61 - - [14/Apr/2022:07:12:52 +0200] "GET /oblix-magnet-p-6015.html HTTP/1.0" 200 70869 "-" "Mozilla/5.0 (compatible; MJ12bot/v1.4.8; http://mj12bot.com/)"
117.148.130.28 - - [14/Apr/2022:07:12:55 +0200] "GET /templates/Pixame_v1/images/buttons/english/button_continue.gif HTTP/1.0" 200 1264 "-" "Mozilla/5.0 (Windows NT 10.0; WOW64) AppleWebKit/537.36 (KHTML, like Gecko) Chrome/90.0.4430.212 Safari/537.36"
204.12.197.234 - - [14/Apr/2022:07:12:55 +0200] "GET /-p-25760.html HTTP/1.0" 200 70808 "-" "Mozilla/5.0 (compatible; MJ12bot/v1.4.8; http://mj12bot.com/)"
204.12.197.234 - - [14/Apr/2022:07:12:59 +0200] "GET /spiderman-pairs-of-socks-size-31-35-p-25191.html HTTP/1.0" 301 70875 "-" "Mozilla/5.0 (compatible; MJ12bot/v1.4.8; http://mj12bot.com/)"
95.217.207.61 - - [14/Apr/2022:07:13:02 +0200] "GET /obi-wan-kenobi-stars-wars-10-cm-figure-p-21569.html HTTP/1.0" 301 70875 "-" "Mozilla/5.0 (compatible; MJ12bot/v1.4.8; http://mj12bot.com/)"
204.12.197.234 - - [14/Apr/2022:07:13:03 +0200] "GET /-p-25191.html HTTP/1.0" 200 70808 "-" "Mozilla/5.0 (compatible; MJ12bot/v1.4.8; http://mj12bot.com/)"
95.217.207.61 - - [14/Apr/2022:07:13:06 +0200] "GET /-p-21569.html HTTP/1.0" 200 70808 "-" "Mozilla/5.0 (compatible; MJ12bot/v1.4.8; http://mj12bot.com/)"
87.250.224.149 - - [14/Apr/2022:07:13:06 +0200] "GET /london-p-26185.html HTTP/1.0" 200 73324 "-" "Mozilla/5.0 (compatible; YandexBot/3.0; +http://yandex.com/bots)"
157.90.177.217 - - [14/Apr/2022:07:12:47 +0200] "GET /floor-cushions-c-11_182.html?page=5 HTTP/1.0" 200 93035 "-" "Mozilla/5.0 (compatible; BLEXBot/1.0; +http://webmeup-crawler.com/)"
204.12.197.234 - - [14/Apr/2022:07:13:08 +0200] "GET /spiderman-pairs-of-socks-size-31-35-p-25754.html HTTP/1.0" 301 70875 "-" "Mozilla/5.0 (compatible; MJ12bot/v1.4.8; http://mj12bot.com/)"
204.12.197.234 - - [14/Apr/2022:07:13:13 +0200] "GET /-p-25754.html HTTP/1.0" 200 70808 "-" "Mozilla/5.0 (compatible; MJ12bot/v1.4.8; http://mj12bot.com/)"
157.90.128.183 - - [14/Apr/2022:07:13:18 +0200] "GET /images/mini_prod/5060021931528.jpg HTTP/1.0" 200 269 "-" "Mozilla/5.0 (X11; Ubuntu; Linux x86_64; rv:72.0) Gecko/20100101 Firefox/72.0"
54.36.148.243 - - [14/Apr/2022:07:13:16 +0200] "GET /canvas-frame-p-38508.html HTTP/1.0" 200 73509 "-" "Mozilla/5.0 (compatible; AhrefsBot/7.0; +http://ahrefs.com/robot/)"
204.12.197.234 - - [14/Apr/2022:07:13:17 +0200] "GET /spiderman-pairs-of-socks-size-31-35-p-25755.html HTTP/1.0" 301 70875 "-" "Mozilla/5.0 (compatible; MJ12bot/v1.4.8; http://mj12bot.com/)"
204.12.197.234 - - [14/Apr/2022:07:13:21 +0200] "GET /-p-25755.html HTTP/1.0" 200 70808 "-" "Mozilla/5.0 (compatible; MJ12bot/v1.4.8; http://mj12bot.com/)"
157.90.177.217 - - [14/Apr/2022:07:13:14 +0200] "GET /floor-cushions-c-11_182.html?page=6 HTTP/1.0" 200 78735 "-" "Mozilla/5.0 (compatible; BLEXBot/1.0; +http://webmeup-crawler.com/)"
204.12.197.234 - - [14/Apr/2022:07:13:26 +0200] "GET /spiderman-pairs-of-socks-size-31-35-p-36787.html HTTP/1.0" 301 70875 "-" "Mozilla/5.0 (compatible; MJ12bot/v1.4.8; http://mj12bot.com/)"
157.90.177.217 - - [14/Apr/2022:07:13:27 +0200] "GET /florialys-fragrance-provence-bergamot-p-48500.html HTTP/1.0" 200 73727 "-" "Mozilla/5.0 (compatible; BLEXBot/1.0; +http://webmeup-crawler.com/)"
204.12.197.234 - - [14/Apr/2022:07:13:29 +0200] "GET /-p-36787.html HTTP/1.0" 200 70808 "-" "Mozilla/5.0 (compatible; MJ12bot/v1.4.8; http://mj12bot.com/)"
204.12.197.234 - - [14/Apr/2022:07:13:34 +0200] "GET /spiderman-pairs-of-socks-size-35-38-p-25736.html HTTP/1.0" 301 70875 "-" "Mozilla/5.0 (compatible; MJ12bot/v1.4.8; http://mj12bot.com/)"
157.90.177.217 - - [14/Apr/2022:07:13:33 +0200] "GET /florialys-fragrance-provence-divine-rose-p-48504.html HTTP/1.0" 200 73761 "-" "Mozilla/5.0 (compatible; BLEXBot/1.0; +http://webmeup-crawler.com/)"
204.12.197.234 - - [14/Apr/2022:07:13:38 +0200] "GET /-p-25736.html HTTP/1.0" 200 70808 "-" "Mozilla/5.0 (compatible; MJ12bot/v1.4.8; http://mj12bot.com/)"
17.121.114.47 - - [14/Apr/2022:07:13:39 +0200] "GET /grapefruit-kitchen-towel-p-43333.html HTTP/1.0" 200 73441 "-" "Mozilla/5.0 (Macintosh; Intel Mac OS X 10_15_5) AppleWebKit/605.1.15 (KHTML, like Gecko) Version/13.1.1 Safari/605.1.15 (Applebot/0.1; +http://www.apple.com/go/applebot)"
157.90.177.217 - - [14/Apr/2022:07:13:39 +0200] "GET /florialys-fragrance-provence-flower-p-48505.html HTTP/1.0" 200 73715 "-" "Mozilla/5.0 (compatible; BLEXBot/1.0; +http://webmeup-crawler.com/)"
204.12.197.234 - - [14/Apr/2022:07:13:42 +0200] "GET /spiderman-pajamas-years-p-22862.html HTTP/1.0" 301 70875 "-" "Mozilla/5.0 (compatible; MJ12bot/v1.4.8; http://mj12bot.com/)"
185.191.171.5 - - [14/Apr/2022:07:13:46 +0200] "GET /-p-19674.html?action=add_product HTTP/1.0" 302 476 "-" "Mozilla/5.0 (compatible; SemrushBot/7~bl; +http://www.semrush.com/bot.html)"
157.90.177.217 - - [14/Apr/2022:07:13:45 +0200] "GET /florialys-fragrance-provence-golden-jasmine-p-48498.html HTTP/1.0" 200 73747 "-" "Mozilla/5.0 (compatible; BLEXBot/1.0; +http://webmeup-crawler.com/)"
204.12.197.234 - - [14/Apr/2022:07:13:46 +0200] "GET /-p-22862.html HTTP/1.0" 200 70808 "-" "Mozilla/5.0 (compatible; MJ12bot/v1.4.8; http://mj12bot.com/)"
95.217.207.61 - - [14/Apr/2022:07:13:51 +0200] "GET /oddments-paris-bathtub-p-14654.html HTTP/1.0" 301 70875 "-" "Mozilla/5.0 (compatible; MJ12bot/v1.4.8; http://mj12bot.com/)"
204.12.197.234 - - [14/Apr/2022:07:13:51 +0200] "GET /spiderman-peel-and-stick-wall-decals-p-22500.html HTTP/1.0" 301 73655 "-" "Mozilla/5.0 (compatible; MJ12bot/v1.4.8; http://mj12bot.com/)"
157.90.177.217 - - [14/Apr/2022:07:13:52 +0200] "GET /florialys-fragrance-provence-heart-peony-p-48506.html HTTP/1.0" 200 73741 "-" "Mozilla/5.0 (compatible; BLEXBot/1.0; +http://webmeup-crawler.com/)"
204.12.197.234 - - [14/Apr/2022:07:13:57 +0200] "GET /spiderman-peel-stick-wall-decals-p-22500.html HTTP/1.0" 200 73556 "-" "Mozilla/5.0 (compatible; MJ12bot/v1.4.8; http://mj12bot.com/)"
95.217.207.61 - - [14/Apr/2022:07:14:01 +0200] "GET /-p-14654.html HTTP/1.0" 200 70808 "-" "Mozilla/5.0 (compatible; MJ12bot/v1.4.8; http://mj12bot.com/)"
157.90.177.217 - - [14/Apr/2022:07:13:59 +0200] "GET /florialys-fragrance-provence-imperial-lavender-p-48502.html HTTP/1.0" 200 73765 "-" "Mozilla/5.0 (compatible; BLEXBot/1.0; +http://webmeup-crawler.com/)"
204.12.197.234 - - [14/Apr/2022:07:14:02 +0200] "GET /spiderman-peel-and-stick-wall-decals-p-22536.html HTTP/1.0" 301 73793 "-" "Mozilla/5.0 (compatible; MJ12bot/v1.4.8; http://mj12bot.com/)"
157.90.177.217 - - [14/Apr/2022:07:14:06 +0200] "GET /florialys-fragrance-provence-musk-woody-p-48499.html HTTP/1.0" 200 73723 "-" "Mozilla/5.0 (compatible; BLEXBot/1.0; +http://webmeup-crawler.com/)"
204.12.197.234 - - [14/Apr/2022:07:14:08 +0200] "GET /spiderman-peel-stick-wall-decals-p-22536.html HTTP/1.0" 200 73694 "-" "Mozilla/5.0 (compatible; MJ12bot/v1.4.8; http://mj12bot.com/)"
185.191.171.45 - - [14/Apr/2022:07:14:11 +0200] "GET /owl-bowl-mod-p-36516.html HTTP/1.0" 301 70926 "-" "Mozilla/5.0 (compatible; SemrushBot/7~bl; +http://www.semrush.com/bot.html)"
54.36.148.243 - - [14/Apr/2022:07:14:11 +0200] "GET /austin-mini-metal-plate-p-33711.html HTTP/1.0" 200 73506 "-" "Mozilla/5.0 (compatible; AhrefsBot/7.0; +http://ahrefs.com/robot/)"
157.90.177.217 - - [14/Apr/2022:07:14:13 +0200] "GET /florialys-fragrance-provence-orange-blossom-p-48503.html HTTP/1.0" 200 73747 "-" "Mozilla/5.0 (compatible; BLEXBot/1.0; +http://webmeup-crawler.com/)"
185.191.171.7 - - [14/Apr/2022:07:14:15 +0200] "GET /bowl-p-36516.html HTTP/1.0" 200 70855 "-" "Mozilla/5.0 (compatible; SemrushBot/7~bl; +http://www.semrush.com/bot.html)"
204.12.197.234 - - [14/Apr/2022:07:14:13 +0200] "GET /spiderman-peel-stick-wall-decals-p-22500.html HTTP/1.0" 200 73556 "-" "Mozilla/5.0 (compatible; MJ12bot/v1.4.8; http://mj12bot.com/)"
157.90.177.217 - - [14/Apr/2022:07:14:19 +0200] "GET /florialys-fragrance-provence-tiare-flower-p-48501.html HTTP/1.0" 200 73767 "-" "Mozilla/5.0 (compatible; BLEXBot/1.0; +http://webmeup-crawler.com/)"
204.12.197.234 - - [14/Apr/2022:07:14:20 +0200] "GET /spiderman-peel-stick-wall-decals-p-22536.html HTTP/1.0" 200 73694 "-" "Mozilla/5.0 (compatible; MJ12bot/v1.4.8; http://mj12bot.com/)"
204.12.197.234 - - [14/Apr/2022:07:14:26 +0200] "GET /spiderman-polar-plaid-p-27803.html HTTP/1.0" 301 70875 "-" "Mozilla/5.0 (compatible; MJ12bot/v1.4.8; http://mj12bot.com/)"
157.90.177.217 - - [14/Apr/2022:07:14:26 +0200] "GET /flower-fairies-jewelry-p-53246.html HTTP/1.0" 200 74435 "-" "Mozilla/5.0 (compatible; BLEXBot/1.0; +http://webmeup-crawler.com/)"
204.12.197.234 - - [14/Apr/2022:07:14:30 +0200] "GET /-p-27803.html HTTP/1.0" 200 70808 "-" "Mozilla/5.0 (compatible; MJ12bot/v1.4.8; http://mj12bot.com/)"
95.217.207.61 - - [14/Apr/2022:07:14:32 +0200] "GET /oddments-provence-lavender-bathtub-p-14661.html HTTP/1.0" 301 70875 "-" "Mozilla/5.0 (compatible; MJ12bot/v1.4.8; http://mj12bot.com/)"
157.90.177.217 - - [14/Apr/2022:07:14:33 +0200] "GET /flower-fairies-jewelry-p-53247.html HTTP/1.0" 200 74427 "-" "Mozilla/5.0 (compatible; BLEXBot/1.0; +http://webmeup-crawler.com/)"
204.12.197.234 - - [14/Apr/2022:07:14:35 +0200] "GET /spiderman-red-swimsuit-p-30825.html HTTP/1.0" 301 70986 "-" "Mozilla/5.0 (compatible; MJ12bot/v1.4.8; http://mj12bot.com/)"
95.217.207.61 - - [14/Apr/2022:07:14:38 +0200] "GET /-p-14661.html HTTP/1.0" 200 70808 "-" "Mozilla/5.0 (compatible; MJ12bot/v1.4.8; http://mj12bot.com/)"
204.12.197.234 - - [14/Apr/2022:07:14:40 +0200] "GET /spiderman-swimsuit-p-30825.html HTTP/1.0" 200 70901 "-" "Mozilla/5.0 (compatible; MJ12bot/v1.4.8; http://mj12bot.com/)"
157.90.177.217 - - [14/Apr/2022:07:14:40 +0200] "GET /flower-life-earrings-brass-golden-p-39340.html HTTP/1.0" 200 73520 "-" "Mozilla/5.0 (compatible; BLEXBot/1.0; +http://webmeup-crawler.com/)"
80.11.253.192 - - [14/Apr/2022:07:14:46 +0200] "GET /adminweb/index.php HTTP/1.0" 302 481 "-" "Mozilla/5.0 (Windows NT 10.0; Win64; x64) AppleWebKit/537.36 (KHTML, like Gecko) Chrome/100.0.4896.88 Safari/537.36"
80.11.253.192 - - [14/Apr/2022:07:14:46 +0200] "GET /adminweb/login.php HTTP/1.0" 200 4479 "-" "Mozilla/5.0 (Windows NT 10.0; Win64; x64) AppleWebKit/537.36 (KHTML, like Gecko) Chrome/100.0.4896.88 Safari/537.36"
157.90.177.217 - - [14/Apr/2022:07:14:47 +0200] "GET /flower-life-earrings-brass-silver-colored-p-39339.html HTTP/1.0" 200 73584 "-" "Mozilla/5.0 (compatible; BLEXBot/1.0; +http://webmeup-crawler.com/)"
185.191.171.5 - - [14/Apr/2022:07:14:50 +0200] "GET /paris-st-germain-keyring-p-33919.html HTTP/1.0" 301 71001 "-" "Mozilla/5.0 (compatible; SemrushBot/7~bl; +http://www.semrush.com/bot.html)"
185.191.171.8 - - [14/Apr/2022:07:14:54 +0200] "GET /paris-germain-keyring-p-33919.html HTTP/1.0" 200 70913 "-" "Mozilla/5.0 (compatible; SemrushBot/7~bl; +http://www.semrush.com/bot.html)"
95.217.207.61 - - [14/Apr/2022:07:15:07 +0200] "GET /old-couple-motorcycle-salt-and-pepper-p-34184.html HTTP/1.0" 301 71064 "-" "Mozilla/5.0 (compatible; MJ12bot/v1.4.8; http://mj12bot.com/)"
185.191.171.42 - - [14/Apr/2022:07:15:10 +0200] "GET /tinted-candle-mass-purple-p-56102.html HTTP/1.0" 200 73507 "-" "Mozilla/5.0 (compatible; SemrushBot/7~bl; +http://www.semrush.com/bot.html)"
95.217.207.61 - - [14/Apr/2022:07:15:11 +0200] "GET /couple-motorcycle-salt-pepper-p-34184.html HTTP/1.0" 200 70968 "-" "Mozilla/5.0 (compatible; MJ12bot/v1.4.8; http://mj12bot.com/)"
157.90.177.217 - - [14/Apr/2022:07:15:12 +0200] "GET /flower-life-earrings-silver-p-44403.html HTTP/1.0" 200 74114 "-" "Mozilla/5.0 (compatible; BLEXBot/1.0; +http://webmeup-crawler.com/)"
54.36.148.243 - - [14/Apr/2022:07:15:15 +0200] "GET /gremlins-stripe-shirt-p-29583.html HTTP/1.0" 200 74855 "-" "Mozilla/5.0 (compatible; AhrefsBot/7.0; +http://ahrefs.com/robot/)"
157.90.177.217 - - [14/Apr/2022:07:15:21 +0200] "GET /flower-life-pendant-silver-p-44404.html HTTP/1.0" 200 74088 "-" "Mozilla/5.0 (compatible; BLEXBot/1.0; +http://webmeup-crawler.com/)"
157.90.177.217 - - [14/Apr/2022:07:15:27 +0200] "GET /flower-life-wooden-p-57337.html HTTP/1.0" 200 73636 "-" "Mozilla/5.0 (compatible; BLEXBot/1.0; +http://webmeup-crawler.com/)"
185.191.171.8 - - [14/Apr/2022:07:15:45 +0200] "GET /breakfast-board-sweet-life-tassen-made-germany-p-53191.html?action=add_product HTTP/1.0" 302 476 "-" "Mozilla/5.0 (compatible; SemrushBot/7~bl; +http://www.semrush.com/bot.html)"
95.217.207.61 - - [14/Apr/2022:07:15:52 +0200] "GET /olympique-de-marseille-keyring-p-40811.html HTTP/1.0" 301 73606 "-" "Mozilla/5.0 (compatible; MJ12bot/v1.4.8; http://mj12bot.com/)"
157.90.177.217 - - [14/Apr/2022:07:15:33 +0200] "GET /flower-pots-c-13_275.html?page=10 HTTP/1.0" 200 92990 "-" "Mozilla/5.0 (compatible; BLEXBot/1.0; +http://webmeup-crawler.com/)"
95.217.207.61 - - [14/Apr/2022:07:15:57 +0200] "GET /olympique-marseille-keyring-p-40811.html HTTP/1.0" 200 73512 "-" "Mozilla/5.0 (compatible; MJ12bot/v1.4.8; http://mj12bot.com/)"
157.90.128.183 - - [14/Apr/2022:07:16:06 +0200] "GET /images/mini_prod/3457010954422.jpg HTTP/1.0" 200 269 "-" "Mozilla/5.0 (X11; Ubuntu; Linux x86_64; rv:72.0) Gecko/20100101 Firefox/72.0"
54.36.148.243 - - [14/Apr/2022:07:16:19 +0200] "GET /small-robot-money-p-54827.html HTTP/1.0" 200 73479 "-" "Mozilla/5.0 (compatible; AhrefsBot/7.0; +http://ahrefs.com/robot/)"
157.90.177.217 - - [14/Apr/2022:07:16:03 +0200] "GET /flower-pots-c-13_275.html?page=11 HTTP/1.0" 200 91465 "-" "Mozilla/5.0 (compatible; BLEXBot/1.0; +http://webmeup-crawler.com/)"
95.217.207.61 - - [14/Apr/2022:07:16:32 +0200] "GET /owl-saltshaker-and-pepper-pot-p-37862.html HTTP/1.0" 301 73586 "-" "Mozilla/5.0 (compatible; MJ12bot/v1.4.8; http://mj12bot.com/)"
95.217.207.61 - - [14/Apr/2022:07:16:37 +0200] "GET /saltshaker-pepper-p-37862.html HTTP/1.0" 200 73502 "-" "Mozilla/5.0 (compatible; MJ12bot/v1.4.8; http://mj12bot.com/)"
117.148.130.28 - - [14/Apr/2022:07:16:43 +0200] "GET /images/mini_prod/1399984258224.jpg HTTP/1.0" 200 269 "-" "Mozilla/5.0 (Windows NT 10.0; WOW64) AppleWebKit/537.36 (KHTML, like Gecko) Chrome/90.0.4430.212 Safari/537.36"
157.90.177.217 - - [14/Apr/2022:07:16:35 +0200] "GET /flower-pots-c-13_275.html?page=2 HTTP/1.0" 200 93523 "-" "Mozilla/5.0 (compatible; BLEXBot/1.0; +http://webmeup-crawler.com/)"
103.131.71.96 - - [14/Apr/2022:07:17:19 +0200] "GET /robots.txt HTTP/1.0" 301 531 "-" "Mozilla/5.0 (compatible; coccocbot-web/1.0; +http://help.coccoc.com/searchengine)"
103.131.71.96 - - [14/Apr/2022:07:17:21 +0200] "GET /robots.txt HTTP/1.0" 200 245 "-" "Mozilla/5.0 (compatible; coccocbot-web/1.0; +http://help.coccoc.com/searchengine)"
54.36.148.243 - - [14/Apr/2022:07:17:24 +0200] "GET /with-infuser-bears-p-56497.html HTTP/1.0" 200 74160 "-" "Mozilla/5.0 (compatible; AhrefsBot/7.0; +http://ahrefs.com/robot/)"
117.148.130.28 - - [14/Apr/2022:07:17:30 +0200] "GET /images/big_prod_1/8433933251492B.jpg HTTP/1.0" 200 271 "-" "Mozilla/5.0 (Windows NT 10.0; WOW64) AppleWebKit/537.36 (KHTML, like Gecko) Chrome/90.0.4430.212 Safari/537.36"
157.90.177.217 - - [14/Apr/2022:07:17:04 +0200] "GET /flower-pots-c-13_275.html?page=3 HTTP/1.0" 200 93684 "-" "Mozilla/5.0 (compatible; BLEXBot/1.0; +http://webmeup-crawler.com/)"
185.191.171.19 - - [14/Apr/2022:07:17:32 +0200] "GET /-p-29838.html?action=add_product HTTP/1.0" 302 476 "-" "Mozilla/5.0 (compatible; SemrushBot/7~bl; +http://www.semrush.com/bot.html)"
95.217.207.61 - - [14/Apr/2022:07:17:37 +0200] "GET /owl-statue-26-cm-p-41892.html HTTP/1.0" 301 73507 "-" "Mozilla/5.0 (compatible; MJ12bot/v1.4.8; http://mj12bot.com/)"
95.217.207.61 - - [14/Apr/2022:07:17:42 +0200] "GET /statue-p-41892.html HTTP/1.0" 200 73434 "-" "Mozilla/5.0 (compatible; MJ12bot/v1.4.8; http://mj12bot.com/)"
117.148.130.28 - - [14/Apr/2022:07:18:00 +0200] "GET /images/mini_prod/1399984258286.jpg HTTP/1.0" 200 269 "-" "Mozilla/5.0 (Windows NT 10.0; WOW64) AppleWebKit/537.36 (KHTML, like Gecko) Chrome/90.0.4430.212 Safari/537.36"
157.90.177.217 - - [14/Apr/2022:07:17:34 +0200] "GET /flower-pots-c-13_275.html?page=4 HTTP/1.0" 200 93325 "-" "Mozilla/5.0 (compatible; BLEXBot/1.0; +http://webmeup-crawler.com/)"
117.148.130.28 - - [14/Apr/2022:07:18:04 +0200] "GET /images/mini_prod/4029811310838.jpg HTTP/1.0" 200 269 "-" "Mozilla/5.0 (Windows NT 10.0; WOW64) AppleWebKit/537.36 (KHTML, like Gecko) Chrome/90.0.4430.212 Safari/537.36"
95.217.207.61 - - [14/Apr/2022:07:18:04 +0200] "GET /owls-and-cats-michelle-allen-designs-box-of-coasters-p-47690.html HTTP/1.0" 301 73749 "-" "Mozilla/5.0 (compatible; MJ12bot/v1.4.8; http://mj12bot.com/)"
117.148.130.28 - - [14/Apr/2022:07:18:12 +0200] "GET /images/mini_prod/53327.jpg HTTP/1.0" 200 261 "-" "Mozilla/5.0 (Windows NT 10.0; WOW64) AppleWebKit/537.36 (KHTML, like Gecko) Chrome/90.0.4430.212 Safari/537.36"
117.148.130.28 - - [14/Apr/2022:07:18:14 +0200] "GET /images/mini_prod/341K002.jpg HTTP/1.0" 200 263 "-" "Mozilla/5.0 (Windows NT 10.0; WOW64) AppleWebKit/537.36 (KHTML, like Gecko) Chrome/90.0.4430.212 Safari/537.36"
117.148.130.28 - - [14/Apr/2022:07:18:15 +0200] "GET /images/mini_prod/1399984258224.jpg HTTP/1.0" 200 269 "-" "Mozilla/5.0 (Windows NT 10.0; WOW64) AppleWebKit/537.36 (KHTML, like Gecko) Chrome/90.0.4430.212 Safari/537.36"
95.217.207.61 - - [14/Apr/2022:07:18:11 +0200] "GET /owls-cats-michelle-allen-designs-coasters-p-47690.html HTTP/1.0" 200 73641 "-" "Mozilla/5.0 (compatible; MJ12bot/v1.4.8; http://mj12bot.com/)"
117.148.130.28 - - [14/Apr/2022:07:18:19 +0200] "GET /images/mini_prod/53327.jpg HTTP/1.0" 200 261 "-" "Mozilla/5.0 (Windows NT 10.0; WOW64) AppleWebKit/537.36 (KHTML, like Gecko) Chrome/90.0.4430.212 Safari/537.36"
95.217.207.61 - - [14/Apr/2022:07:18:17 +0200] "GET /owls-potholder-and-glove-set-p-34970.html HTTP/1.0" 301 70875 "-" "Mozilla/5.0 (compatible; MJ12bot/v1.4.8; http://mj12bot.com/)"
95.217.207.61 - - [14/Apr/2022:07:18:21 +0200] "GET /-p-34970.html HTTP/1.0" 200 70808 "-" "Mozilla/5.0 (compatible; MJ12bot/v1.4.8; http://mj12bot.com/)"
95.217.207.61 - - [14/Apr/2022:07:18:27 +0200] "GET /panda-hot-water-bottle-p-48677.html HTTP/1.0" 301 74140 "-" "Mozilla/5.0 (compatible; MJ12bot/v1.4.8; http://mj12bot.com/)"
157.90.177.217 - - [14/Apr/2022:07:18:04 +0200] "GET /flower-pots-c-13_275.html?page=5 HTTP/1.0" 200 93384 "-" "Mozilla/5.0 (compatible; BLEXBot/1.0; +http://webmeup-crawler.com/)"
185.191.171.5 - - [14/Apr/2022:07:18:33 +0200] "GET /cactus-mirror-wall-sticker-p-51122.html?action=add_product HTTP/1.0" 302 476 "-" "Mozilla/5.0 (compatible; SemrushBot/7~bl; +http://www.semrush.com/bot.html)"
54.36.148.243 - - [14/Apr/2022:07:18:32 +0200] "GET /gogh-isothermic-stainless-steel-bottle-p-53165.html HTTP/1.0" 200 74274 "-" "Mozilla/5.0 (compatible; AhrefsBot/7.0; +http://ahrefs.com/robot/)"
95.217.207.61 - - [14/Apr/2022:07:18:35 +0200] "GET /panda-water-bottle-p-48677.html HTTP/1.0" 200 74055 "-" "Mozilla/5.0 (compatible; MJ12bot/v1.4.8; http://mj12bot.com/)"
185.191.171.1 - - [14/Apr/2022:07:18:40 +0200] "GET /keel-toys-guinea-pig-sound-plush-p-50308.html HTTP/1.0" 301 71013 "-" "Mozilla/5.0 (compatible; SemrushBot/7~bl; +http://www.semrush.com/bot.html)"
117.148.130.28 - - [14/Apr/2022:07:18:44 +0200] "GET /images/big_prod_1/8433933244784B.jpg HTTP/1.0" 200 271 "-" "Mozilla/5.0 (Windows NT 10.0; WOW64) AppleWebKit/537.36 (KHTML, like Gecko) Chrome/90.0.4430.212 Safari/537.36"
95.217.207.61 - - [14/Apr/2022:07:18:41 +0200] "GET /paris-aime-chair-cushion-gray-cotton-p-39813.html HTTP/1.0" 301 70875 "-" "Mozilla/5.0 (compatible; MJ12bot/v1.4.8; http://mj12bot.com/)"
95.217.207.61 - - [14/Apr/2022:07:18:46 +0200] "GET /-p-39813.html HTTP/1.0" 200 70808 "-" "Mozilla/5.0 (compatible; MJ12bot/v1.4.8; http://mj12bot.com/)"
185.191.171.23 - - [14/Apr/2022:07:18:47 +0200] "GET /keel-toys-guinea-sound-plush-p-50308.html HTTP/1.0" 200 70918 "-" "Mozilla/5.0 (compatible; SemrushBot/7~bl; +http://www.semrush.com/bot.html)"
17.121.113.195 - - [14/Apr/2022:07:18:50 +0200] "GET /embroidered-rectangular-tablecloth-kolam-p-46463.html HTTP/1.0" 200 70984 "-" "Mozilla/5.0 (Macintosh; Intel Mac OS X 10_15_5) AppleWebKit/605.1.15 (KHTML, like Gecko) Version/13.1.1 Safari/605.1.15 (Applebot/0.1; +http://www.apple.com/go/applebot)"
95.217.207.61 - - [14/Apr/2022:07:18:52 +0200] "GET /paris-coasters-p-28400.html HTTP/1.0" 301 70875 "-" "Mozilla/5.0 (compatible; MJ12bot/v1.4.8; http://mj12bot.com/)"
95.217.207.61 - - [14/Apr/2022:07:18:56 +0200] "GET /-p-28400.html HTTP/1.0" 200 70808 "-" "Mozilla/5.0 (compatible; MJ12bot/v1.4.8; http://mj12bot.com/)"
157.90.177.217 - - [14/Apr/2022:07:18:36 +0200] "GET /flower-pots-c-13_275.html?page=6 HTTP/1.0" 200 93275 "-" "Mozilla/5.0 (compatible; BLEXBot/1.0; +http://webmeup-crawler.com/)"
95.217.207.61 - - [14/Apr/2022:07:19:04 +0200] "GET /paris-eyelets-curtain-p-39808.html HTTP/1.0" 301 70985 "-" "Mozilla/5.0 (compatible; MJ12bot/v1.4.8; http://mj12bot.com/)"
95.217.207.61 - - [14/Apr/2022:07:19:10 +0200] "GET /paris-eyelets-curtain-grey-p-39808.html HTTP/1.0" 200 70892 "-" "Mozilla/5.0 (compatible; MJ12bot/v1.4.8; http://mj12bot.com/)"
66.249.64.158 - - [14/Apr/2022:07:19:11 +0200] "GET /volkswagen-beetle-large-metal-plate-deco-p-26436.html HTTP/1.0" 200 73564 "-" "Mozilla/5.0 (Linux; Android 6.0.1; Nexus 5X Build/MMB29P) AppleWebKit/537.36 (KHTML, like Gecko) Chrome/99.0.4844.84 Mobile Safari/537.36 (compatible; Googlebot/2.1; +http://www.google.com/bot.html)"
95.217.207.61 - - [14/Apr/2022:07:19:15 +0200] "GET /paris-je-aime-chair-cushion-gray-cotton-40-cm-p-39813.html HTTP/1.0" 301 70875 "-" "Mozilla/5.0 (compatible; MJ12bot/v1.4.8; http://mj12bot.com/)"
95.217.207.61 - - [14/Apr/2022:07:19:20 +0200] "GET /-p-39813.html HTTP/1.0" 200 70808 "-" "Mozilla/5.0 (compatible; MJ12bot/v1.4.8; http://mj12bot.com/)"
216.244.66.242 - - [14/Apr/2022:07:19:20 +0200] "GET /angry-birds-umbrella-p-19091.html HTTP/1.0" 200 73343 "-" "Mozilla/5.0 (compatible; DotBot/1.2; +https://opensiteexplorer.org/dotbot; help@moz.com)"
95.217.207.61 - - [14/Apr/2022:07:19:24 +0200] "GET /paris-monuments-vinyl-bag-p-25805.html HTTP/1.0" 301 70875 "-" "Mozilla/5.0 (compatible; MJ12bot/v1.4.8; http://mj12bot.com/)"
95.217.207.61 - - [14/Apr/2022:07:19:28 +0200] "GET /-p-25805.html HTTP/1.0" 200 70808 "-" "Mozilla/5.0 (compatible; MJ12bot/v1.4.8; http://mj12bot.com/)"
54.36.148.243 - - [14/Apr/2022:07:19:34 +0200] "GET /merry-christmas-minnie-mouse-mouse-hanging-ornament-p-56734.html HTTP/1.0" 200 75144 "-" "Mozilla/5.0 (compatible; AhrefsBot/7.0; +http://ahrefs.com/robot/)"
157.90.177.217 - - [14/Apr/2022:07:19:09 +0200] "GET /flower-pots-c-13_275.html?page=7 HTTP/1.0" 200 93897 "-" "Mozilla/5.0 (compatible; BLEXBot/1.0; +http://webmeup-crawler.com/)"
95.217.207.61 - - [14/Apr/2022:07:19:40 +0200] "GET /paris-saint-germain-backpack-p-26598.html HTTP/1.0" 301 70875 "-" "Mozilla/5.0 (compatible; MJ12bot/v1.4.8; http://mj12bot.com/)"
95.217.207.61 - - [14/Apr/2022:07:19:45 +0200] "GET /-p-26598.html HTTP/1.0" 200 70808 "-" "Mozilla/5.0 (compatible; MJ12bot/v1.4.8; http://mj12bot.com/)"
216.244.66.242 - - [14/Apr/2022:07:19:49 +0200] "GET /kori-kumi-ballpoint-black-p-30494.html HTTP/1.0" 200 73559 "-" "Mozilla/5.0 (compatible; DotBot/1.2; +https://opensiteexplorer.org/dotbot; help@moz.com)"
95.217.207.61 - - [14/Apr/2022:07:19:56 +0200] "GET /peace-and-love-hoodies-p-31775.html HTTP/1.0" 301 76279 "-" "Mozilla/5.0 (compatible; MJ12bot/v1.4.8; http://mj12bot.com/)"
95.217.207.61 - - [14/Apr/2022:07:20:01 +0200] "GET /peace-love-hoodies-p-31775.html HTTP/1.0" 200 76194 "-" "Mozilla/5.0 (compatible; MJ12bot/v1.4.8; http://mj12bot.com/)"
185.191.171.17 - - [14/Apr/2022:07:20:04 +0200] "GET /gnome-garden-glitter-ball-p-35637.html HTTP/1.0" 200 73585 "-" "Mozilla/5.0 (compatible; SemrushBot/7~bl; +http://www.semrush.com/bot.html)"
157.90.177.217 - - [14/Apr/2022:07:19:43 +0200] "GET /flower-pots-c-13_275.html?page=8 HTTP/1.0" 200 93420 "-" "Mozilla/5.0 (compatible; BLEXBot/1.0; +http://webmeup-crawler.com/)"
95.217.207.61 - - [14/Apr/2022:07:20:11 +0200] "GET /pets-rock-katy-handbag-p-16881.html HTTP/1.0" 301 70875 "-" "Mozilla/5.0 (compatible; MJ12bot/v1.4.8; http://mj12bot.com/)"
95.217.207.61 - - [14/Apr/2022:07:20:17 +0200] "GET /-p-16881.html HTTP/1.0" 200 70808 "-" "Mozilla/5.0 (compatible; MJ12bot/v1.4.8; http://mj12bot.com/)"
95.217.207.61 - - [14/Apr/2022:07:20:22 +0200] "GET /pin-up-small-steel-fridge-magnets-p-31631.html HTTP/1.0" 301 73704 "-" "Mozilla/5.0 (compatible; MJ12bot/v1.4.8; http://mj12bot.com/)"
185.191.171.25 - - [14/Apr/2022:07:20:29 +0200] "GET /yellow-bluetooth-radio-p-47529.html?action=add_product HTTP/1.0" 302 476 "-" "Mozilla/5.0 (compatible; SemrushBot/7~bl; +http://www.semrush.com/bot.html)"
95.217.207.61 - - [14/Apr/2022:07:20:29 +0200] "GET /small-steel-fridge-magnets-p-31631.html HTTP/1.0" 200 73611 "-" "Mozilla/5.0 (compatible; MJ12bot/v1.4.8; http://mj12bot.com/)"
5.189.172.182 - - [14/Apr/2022:07:20:34 +0200] "GET /robots.txt HTTP/1.0" 200 245 "-" "Mozilla/5.0 (compatible; MJ12bot/v1.4.8; http://mj12bot.com/)"
54.36.148.243 - - [14/Apr/2022:07:20:30 +0200] "GET /retro-shoulder-beige-p-49821.html HTTP/1.0" 200 73675 "-" "Mozilla/5.0 (compatible; AhrefsBot/7.0; +http://ahrefs.com/robot/)"
157.90.177.217 - - [14/Apr/2022:07:20:16 +0200] "GET /flower-pots-c-13_275.html?page=9 HTTP/1.0" 200 93334 "-" "Mozilla/5.0 (compatible; BLEXBot/1.0; +http://webmeup-crawler.com/)"
95.217.207.61 - - [14/Apr/2022:07:20:44 +0200] "GET /police-costumes-10-years-p-22581.html HTTP/1.0" 301 70875 "-" "Mozilla/5.0 (compatible; MJ12bot/v1.4.8; http://mj12bot.com/)"
95.217.207.61 - - [14/Apr/2022:07:20:49 +0200] "GET /-p-22581.html HTTP/1.0" 200 70808 "-" "Mozilla/5.0 (compatible; MJ12bot/v1.4.8; http://mj12bot.com/)"
157.90.177.217 - - [14/Apr/2022:07:20:48 +0200] "GET /flowers-p-46833.html HTTP/1.0" 200 73381 "-" "Mozilla/5.0 (compatible; BLEXBot/1.0; +http://webmeup-crawler.com/)"
185.191.171.13 - - [14/Apr/2022:07:20:51 +0200] "GET /monkey-statue-resin-said-nothing-nothing-seen-nothing-heard-p-49276.html HTTP/1.0" 200 73789 "-" "Mozilla/5.0 (compatible; SemrushBot/7~bl; +http://www.semrush.com/bot.html)"
157.90.177.217 - - [14/Apr/2022:07:20:55 +0200] "GET /fluffy-white-p-42848.html HTTP/1.0" 200 73571 "-" "Mozilla/5.0 (compatible; BLEXBot/1.0; +http://webmeup-crawler.com/)"
95.217.207.61 - - [14/Apr/2022:07:20:57 +0200] "GET /police-costumes-years-p-22579.html HTTP/1.0" 301 70875 "-" "Mozilla/5.0 (compatible; MJ12bot/v1.4.8; http://mj12bot.com/)"
95.217.207.61 - - [14/Apr/2022:07:21:01 +0200] "GET /-p-22579.html HTTP/1.0" 200 70808 "-" "Mozilla/5.0 (compatible; MJ12bot/v1.4.8; http://mj12bot.com/)"
185.191.171.7 - - [14/Apr/2022:07:21:05 +0200] "GET /small-tinbox-rtro-motorcycle-p-41345.html HTTP/1.0" 200 70942 "-" "Mozilla/5.0 (compatible; SemrushBot/7~bl; +http://www.semrush.com/bot.html)"
157.90.177.217 - - [14/Apr/2022:07:21:02 +0200] "GET /fluffy-white-p-42849.html HTTP/1.0" 200 73571 "-" "Mozilla/5.0 (compatible; BLEXBot/1.0; +http://webmeup-crawler.com/)"
95.217.207.61 - - [14/Apr/2022:07:21:06 +0200] "GET /police-costumes-years-p-22580.html HTTP/1.0" 301 70875 "-" "Mozilla/5.0 (compatible; MJ12bot/v1.4.8; http://mj12bot.com/)"
66.249.64.152 - - [14/Apr/2022:07:21:10 +0200] "GET /images/b4010070225216.jpg HTTP/1.0" 200 260 "-" "Googlebot-Image/1.0"
5.189.172.182 - - [14/Apr/2022:07:21:07 +0200] "GET /shaped-bowler-suspension-p-19747.html HTTP/1.0" 301 70875 "-" "Mozilla/5.0 (compatible; MJ12bot/v1.4.8; http://mj12bot.com/)"
95.217.207.61 - - [14/Apr/2022:07:21:11 +0200] "GET /-p-22580.html HTTP/1.0" 200 70808 "-" "Mozilla/5.0 (compatible; MJ12bot/v1.4.8; http://mj12bot.com/)"
157.90.177.217 - - [14/Apr/2022:07:21:11 +0200] "GET /focus-phone-cover-iphone-p-17818.html HTTP/1.0" 200 74289 "-" "Mozilla/5.0 (compatible; BLEXBot/1.0; +http://webmeup-crawler.com/)"
185.191.171.38 - - [14/Apr/2022:07:21:14 +0200] "GET /titeuf-sticker-p-24723.html HTTP/1.0" 200 70854 "-" "Mozilla/5.0 (compatible; SemrushBot/7~bl; +http://www.semrush.com/bot.html)"
95.217.207.61 - - [14/Apr/2022:07:21:18 +0200] "GET /poppies-moroccan-ashtray-p-37382.html HTTP/1.0" 301 70875 "-" "Mozilla/5.0 (compatible; MJ12bot/v1.4.8; http://mj12bot.com/)"
157.90.177.217 - - [14/Apr/2022:07:21:17 +0200] "GET /foldable-wooden-tray-p-52296.html HTTP/1.0" 200 74550 "-" "Mozilla/5.0 (compatible; BLEXBot/1.0; +http://webmeup-crawler.com/)"
95.217.207.61 - - [14/Apr/2022:07:21:21 +0200] "GET /-p-37382.html HTTP/1.0" 200 70808 "-" "Mozilla/5.0 (compatible; MJ12bot/v1.4.8; http://mj12bot.com/)"
157.90.177.217 - - [14/Apr/2022:07:21:24 +0200] "GET /foldable-wooden-tray-p-55748.html HTTP/1.0" 200 74155 "-" "Mozilla/5.0 (compatible; BLEXBot/1.0; +http://webmeup-crawler.com/)"
95.217.207.61 - - [14/Apr/2022:07:21:28 +0200] "GET /porcelain-mug-set-funny-and-tasty-tassen-made-in-germany-p-50705.html HTTP/1.0" 301 75390 "-" "Mozilla/5.0 (compatible; MJ12bot/v1.4.8; http://mj12bot.com/)"
54.36.148.243 - - [14/Apr/2022:07:21:30 +0200] "GET /lavander-eyeglass-case-p-47642.html HTTP/1.0" 200 73476 "-" "Mozilla/5.0 (compatible; AhrefsBot/7.0; +http://ahrefs.com/robot/)"
157.90.177.217 - - [14/Apr/2022:07:21:31 +0200] "GET /foldable-wooden-tray-p-55749.html HTTP/1.0" 200 74362 "-" "Mozilla/5.0 (compatible; BLEXBot/1.0; +http://webmeup-crawler.com/)"
185.191.171.34 - - [14/Apr/2022:07:21:33 +0200] "GET /incense-sticks-burner-storage-tree-life-p-42834.html HTTP/1.0" 200 74595 "-" "Mozilla/5.0 (compatible; SemrushBot/7~bl; +http://www.semrush.com/bot.html)"
85.73.240.207 - - [14/Apr/2022:07:21:39 +0200] "GET /templates/Pixame_v1/stylesheet.css HTTP/1.0" 200 267 "http://www.wonder-geek.com/collectable-figurine-family-p-57421.html" "Mozilla/5.0 (Windows NT 6.3; Win64; x64; rv:91.0) Gecko/20100101 Firefox/91.0"
85.73.240.207 - - [14/Apr/2022:07:21:39 +0200] "GET /swfobject.js HTTP/1.0" 404 1308 "http://www.wonder-geek.com/collectable-figurine-family-p-57421.html" "Mozilla/5.0 (Windows NT 6.3; Win64; x64; rv:91.0) Gecko/20100101 Firefox/91.0"
5.189.172.182 - - [14/Apr/2022:07:21:37 +0200] "GET /-p-19747.html HTTP/1.0" 200 70808 "-" "Mozilla/5.0 (compatible; MJ12bot/v1.4.8; http://mj12bot.com/)"
85.73.240.207 - - [14/Apr/2022:07:21:39 +0200] "GET /swfobject.js HTTP/1.0" 404 1308 "http://www.wonder-geek.com/collectable-figurine-family-p-57421.html" "Mozilla/5.0 (Windows NT 6.3; Win64; x64; rv:91.0) Gecko/20100101 Firefox/91.0"
85.73.240.207 - - [14/Apr/2022:07:21:34 +0200] "GET /collectable-figurine-family-p-57421.html HTTP/1.0" 200 75668 "https://www.google.com/" "Mozilla/5.0 (Windows NT 6.3; Win64; x64; rv:91.0) Gecko/20100101 Firefox/91.0"
85.73.240.207 - - [14/Apr/2022:07:21:39 +0200] "GET /templates/Pixame_v1/images/flash.swf HTTP/1.0" 200 290 "http://www.wonder-geek.com/collectable-figurine-family-p-57421.html" "Mozilla/5.0 (Windows NT 6.3; Win64; x64; rv:91.0) Gecko/20100101 Firefox/91.0"
85.73.240.207 - - [14/Apr/2022:07:21:40 +0200] "GET /favicon.ico HTTP/1.0" 200 260 "http://www.wonder-geek.com/collectable-figurine-family-p-57421.html" "Mozilla/5.0 (Windows NT 6.3; Win64; x64; rv:91.0) Gecko/20100101 Firefox/91.0"
95.217.207.61 - - [14/Apr/2022:07:21:35 +0200] "GET /porcelain-funny-tasty-tassen-made-germany-p-50705.html HTTP/1.0" 200 75282 "-" "Mozilla/5.0 (compatible; MJ12bot/v1.4.8; http://mj12bot.com/)"
157.90.177.217 - - [14/Apr/2022:07:21:39 +0200] "GET /folding-lifting-worktop-black-metal-p-57096.html HTTP/1.0" 200 75516 "-" "Mozilla/5.0 (compatible; BLEXBot/1.0; +http://webmeup-crawler.com/)"
185.191.171.7 - - [14/Apr/2022:07:21:39 +0200] "GET /pokemon-red-swimsuit-p-30590.html HTTP/1.0" 301 74638 "-" "Mozilla/5.0 (compatible; SemrushBot/7~bl; +http://www.semrush.com/bot.html)"
95.217.207.61 - - [14/Apr/2022:07:21:45 +0200] "GET /pot-cookware-blue-p-41840.html HTTP/1.0" 301 73487 "-" "Mozilla/5.0 (compatible; MJ12bot/v1.4.8; http://mj12bot.com/)"
185.191.171.11 - - [14/Apr/2022:07:21:45 +0200] "GET /pokemon-swimsuit-p-30590.html HTTP/1.0" 200 74555 "-" "Mozilla/5.0 (compatible; SemrushBot/7~bl; +http://www.semrush.com/bot.html)"
157.90.177.217 - - [14/Apr/2022:07:21:46 +0200] "GET /folding-lifting-worktop-white-metal-p-57095.html HTTP/1.0" 200 75523 "-" "Mozilla/5.0 (compatible; BLEXBot/1.0; +http://webmeup-crawler.com/)"
185.191.171.10 - - [14/Apr/2022:07:21:50 +0200] "GET /resin-statue-p-36376.html?action=add_product HTTP/1.0" 302 476 "-" "Mozilla/5.0 (compatible; SemrushBot/7~bl; +http://www.semrush.com/bot.html)"
95.217.207.61 - - [14/Apr/2022:07:21:50 +0200] "GET /cookware-blue-p-41840.html HTTP/1.0" 200 73407 "-" "Mozilla/5.0 (compatible; MJ12bot/v1.4.8; http://mj12bot.com/)"
157.90.177.217 - - [14/Apr/2022:07:21:53 +0200] "GET /folding-metal-tray-p-57094.html HTTP/1.0" 200 74647 "-" "Mozilla/5.0 (compatible; BLEXBot/1.0; +http://webmeup-crawler.com/)"
5.189.172.182 - - [14/Apr/2022:07:21:53 +0200] "GET /sheep-mug-p-26188.html HTTP/1.0" 301 70875 "-" "Mozilla/5.0 (compatible; MJ12bot/v1.4.8; http://mj12bot.com/)"
157.90.177.217 - - [14/Apr/2022:07:21:57 +0200] "GET /foliage-bamboo-flower-cover-p-57716.html HTTP/1.0" 200 74117 "-" "Mozilla/5.0 (compatible; BLEXBot/1.0; +http://webmeup-crawler.com/)"
157.90.177.217 - - [14/Apr/2022:07:22:02 +0200] "GET /food-bowl-love-pets-p-31709.html HTTP/1.0" 200 73459 "-" "Mozilla/5.0 (compatible; BLEXBot/1.0; +http://webmeup-crawler.com/)"
95.217.207.61 - - [14/Apr/2022:07:22:03 +0200] "GET /pot-retro-glass-housewife-life-p-36023.html HTTP/1.0" 301 71007 "-" "Mozilla/5.0 (compatible; MJ12bot/v1.4.8; http://mj12bot.com/)"
95.217.207.61 - - [14/Apr/2022:07:22:06 +0200] "GET /retro-glass-housewife-life-p-36023.html HTTP/1.0" 200 70914 "-" "Mozilla/5.0 (compatible; MJ12bot/v1.4.8; http://mj12bot.com/)"
157.90.177.217 - - [14/Apr/2022:07:22:07 +0200] "GET /forest-friends-glasses-case-racoons-p-51862.html HTTP/1.0" 200 74956 "-" "Mozilla/5.0 (compatible; BLEXBot/1.0; +http://webmeup-crawler.com/)"
157.90.177.217 - - [14/Apr/2022:07:22:12 +0200] "GET /forest-shower-curtain-p-39389.html HTTP/1.0" 200 73542 "-" "Mozilla/5.0 (compatible; BLEXBot/1.0; +http://webmeup-crawler.com/)"
85.73.240.207 - - [14/Apr/2022:07:22:12 +0200] "GET /advanced_search_result.php?keywords=9316188090858 HTTP/1.0" 200 76846 "http://www.wonder-geek.com/collectable-figurine-family-p-57421.html" "Mozilla/5.0 (Windows NT 6.3; Win64; x64; rv:91.0) Gecko/20100101 Firefox/91.0"
85.73.240.207 - - [14/Apr/2022:07:22:14 +0200] "GET /swfobject.js HTTP/1.0" 404 1308 "http://www.wonder-geek.com/advanced_search_result.php?keywords=9316188090858" "Mozilla/5.0 (Windows NT 6.3; Win64; x64; rv:91.0) Gecko/20100101 Firefox/91.0"
85.73.240.207 - - [14/Apr/2022:07:22:14 +0200] "GET /templates/Pixame_v1/images/flash.swf HTTP/1.0" 200 290 "http://www.wonder-geek.com/advanced_search_result.php?keywords=9316188090858" "Mozilla/5.0 (Windows NT 6.3; Win64; x64; rv:91.0) Gecko/20100101 Firefox/91.0"
85.73.240.207 - - [14/Apr/2022:07:22:14 +0200] "GET /js/jquery.min.js HTTP/1.0" 404 1308 "http://www.wonder-geek.com/advanced_search_result.php?keywords=9316188090858" "Mozilla/5.0 (Windows NT 6.3; Win64; x64; rv:91.0) Gecko/20100101 Firefox/91.0"
157.90.177.217 - - [14/Apr/2022:07:22:16 +0200] "GET /fragrance-case-cabinet-diffuser-c-231_228.html?page=2 HTTP/1.0" 200 85487 "-" "Mozilla/5.0 (compatible; BLEXBot/1.0; +http://webmeup-crawler.com/)"
85.73.240.207 - - [14/Apr/2022:07:22:18 +0200] "GET /india-collectable-figurine-family-p-57411.html HTTP/1.0" 200 75660 "http://www.wonder-geek.com/advanced_search_result.php?keywords=9316188090858" "Mozilla/5.0 (Windows NT 6.3; Win64; x64; rv:91.0) Gecko/20100101 Firefox/91.0"
185.191.171.23 - - [14/Apr/2022:07:22:19 +0200] "GET /barbalib-soft-p-11111.html?action=add_product HTTP/1.0" 302 476 "-" "Mozilla/5.0 (compatible; SemrushBot/7~bl; +http://www.semrush.com/bot.html)"
85.73.240.207 - - [14/Apr/2022:07:22:19 +0200] "GET /swfobject.js HTTP/1.0" 404 1308 "http://www.wonder-geek.com/india-collectable-figurine-family-p-57411.html" "Mozilla/5.0 (Windows NT 6.3; Win64; x64; rv:91.0) Gecko/20100101 Firefox/91.0"
157.90.177.217 - - [14/Apr/2022:07:22:20 +0200] "GET /fragrance-sachet-baked-apple-p-40548.html HTTP/1.0" 200 74148 "-" "Mozilla/5.0 (compatible; BLEXBot/1.0; +http://webmeup-crawler.com/)"
157.90.177.217 - - [14/Apr/2022:07:22:25 +0200] "GET /fragrance-sachet-cerulean-p-40546.html HTTP/1.0" 200 74165 "-" "Mozilla/5.0 (compatible; BLEXBot/1.0; +http://webmeup-crawler.com/)"
5.189.172.182 - - [14/Apr/2022:07:22:30 +0200] "GET /-p-26188.html HTTP/1.0" 200 70808 "-" "Mozilla/5.0 (compatible; MJ12bot/v1.4.8; http://mj12bot.com/)"
157.90.177.217 - - [14/Apr/2022:07:22:30 +0200] "GET /fragrance-sachet-cinnamon-spice-p-40559.html HTTP/1.0" 200 74186 "-" "Mozilla/5.0 (compatible; BLEXBot/1.0; +http://webmeup-crawler.com/)"
54.36.148.243 - - [14/Apr/2022:07:22:31 +0200] "GET /little-prince-exupry-stars-p-53765.html HTTP/1.0" 200 74482 "-" "Mozilla/5.0 (compatible; AhrefsBot/7.0; +http://ahrefs.com/robot/)"
114.119.137.252 - - [14/Apr/2022:07:22:33 +0200] "GET /set-of-coasters-candy-by-cbkreation-p-15017.html HTTP/1.0" 301 73668 "-" "Mozilla/5.0 (Linux; Android 7.0;) AppleWebKit/537.36 (KHTML, like Gecko) Mobile Safari/537.36 (compatible; PetalBot;+https://webmaster.petalsearch.com/site/petalbot)"
95.217.207.61 - - [14/Apr/2022:07:22:33 +0200] "GET /pots-and-cookie-jars-c-12_250.html HTTP/1.0" 301 90592 "-" "Mozilla/5.0 (compatible; MJ12bot/v1.4.8; http://mj12bot.com/)"
114.119.137.252 - - [14/Apr/2022:07:22:35 +0200] "GET /coasters-candy-cbkreation-p-15017.html HTTP/1.0" 200 73576 "-" "Mozilla/5.0 (Linux; Android 7.0;) AppleWebKit/537.36 (KHTML, like Gecko) Mobile Safari/537.36 (compatible; PetalBot;+https://webmaster.petalsearch.com/site/petalbot)"
157.90.177.217 - - [14/Apr/2022:07:22:35 +0200] "GET /fragrance-sachet-coconut-escape-p-40535.html HTTP/1.0" 200 74180 "-" "Mozilla/5.0 (compatible; BLEXBot/1.0; +http://webmeup-crawler.com/)"
185.191.171.7 - - [14/Apr/2022:07:22:37 +0200] "GET /-p-49986.html?action=add_product HTTP/1.0" 302 476 "-" "Mozilla/5.0 (compatible; SemrushBot/7~bl; +http://www.semrush.com/bot.html)"
95.217.207.61 - - [14/Apr/2022:07:22:36 +0200] "GET /pots-cookie-jars-c-250.html HTTP/1.0" 301 90491 "-" "Mozilla/5.0 (compatible; MJ12bot/v1.4.8; http://mj12bot.com/)"
157.90.177.217 - - [14/Apr/2022:07:22:40 +0200] "GET /fragrance-sachet-dawn-mist-p-40562.html HTTP/1.0" 200 74150 "-" "Mozilla/5.0 (compatible; BLEXBot/1.0; +http://webmeup-crawler.com/)"
95.217.207.61 - - [14/Apr/2022:07:22:40 +0200] "GET /pots-cookie-jars-c-12_250.html HTTP/1.0" 200 90511 "-" "Mozilla/5.0 (compatible; MJ12bot/v1.4.8; http://mj12bot.com/)"
95.217.207.61 - - [14/Apr/2022:07:22:44 +0200] "GET /raving-rabbids-lucha-libre-cap-p-18098.html HTTP/1.0" 301 73573 "-" "Mozilla/5.0 (compatible; MJ12bot/v1.4.8; http://mj12bot.com/)"
157.90.177.217 - - [14/Apr/2022:07:22:45 +0200] "GET /fragrance-sachet-french-vanilla-p-40550.html HTTP/1.0" 200 74198 "-" "Mozilla/5.0 (compatible; BLEXBot/1.0; +http://webmeup-crawler.com/)"
95.217.207.61 - - [14/Apr/2022:07:22:47 +0200] "GET /raving-rabbids-lucha-libre-p-18098.html HTTP/1.0" 200 73480 "-" "Mozilla/5.0 (compatible; MJ12bot/v1.4.8; http://mj12bot.com/)"
157.90.177.217 - - [14/Apr/2022:07:22:49 +0200] "GET /fragrance-sachet-fresh-linen-p-40545.html HTTP/1.0" 200 74179 "-" "Mozilla/5.0 (compatible; BLEXBot/1.0; +http://webmeup-crawler.com/)"
95.217.207.61 - - [14/Apr/2022:07:22:50 +0200] "GET /robocar-poli-flying-heli-p-34984.html HTTP/1.0" 301 70964 "-" "Mozilla/5.0 (compatible; MJ12bot/v1.4.8; http://mj12bot.com/)"
95.217.207.61 - - [14/Apr/2022:07:22:53 +0200] "GET /robocar-poli-flying-p-34984.html HTTP/1.0" 200 70878 "-" "Mozilla/5.0 (compatible; MJ12bot/v1.4.8; http://mj12bot.com/)"
207.46.13.210 - - [14/Apr/2022:07:22:54 +0200] "GET /city-groundsheet-p-53472.html HTTP/1.0" 200 70886 "-" "Mozilla/5.0 (compatible; bingbot/2.0; +http://www.bing.com/bingbot.htm)"
