185.191.171.6 - - [14/Apr/2022:06:23:49 +0200] "GET /perrier-metal-plate-postcard-p-15149.html HTTP/1.0" 200 73308 "-" "Mozilla/5.0 (compatible; SemrushBot/7~bl; +http://www.semrush.com/bot.html)"
157.90.177.217 - - [14/Apr/2022:06:23:51 +0200] "GET /dalmatians-rolly-figure-p-19358.html HTTP/1.0" 200 73320 "-" "Mozilla/5.0 (compatible; BLEXBot/1.0; +http://webmeup-crawler.com/)"
185.191.171.4 - - [14/Apr/2022:06:23:53 +0200] "GET /gingerbread-little-tray-p-30690.html?action=add_product HTTP/1.0" 302 476 "-" "Mozilla/5.0 (compatible; SemrushBot/7~bl; +http://www.semrush.com/bot.html)"
216.244.66.242 - - [14/Apr/2022:06:23:54 +0200] "GET /images/8420406427010.jpg HTTP/1.0" 200 259 "-" "Mozilla/5.0 (compatible; DotBot/1.2; +https://opensiteexplorer.org/dotbot; help@moz.com)"
157.90.177.217 - - [14/Apr/2022:06:23:58 +0200] "GET /damask-shower-curtain-p-52460.html HTTP/1.0" 200 74162 "-" "Mozilla/5.0 (compatible; BLEXBot/1.0; +http://webmeup-crawler.com/)"
185.191.171.13 - - [14/Apr/2022:06:24:00 +0200] "GET /melt-heart-home-bamboo-ginger-p-52810.html HTTP/1.0" 200 74754 "-" "Mozilla/5.0 (compatible; SemrushBot/7~bl; +http://www.semrush.com/bot.html)"
95.217.207.61 - - [14/Apr/2022:06:24:02 +0200] "GET /despicable-me-magnetic-board-p-32475.html HTTP/1.0" 301 70996 "-" "Mozilla/5.0 (compatible; MJ12bot/v1.4.8; http://mj12bot.com/)"
157.90.177.217 - - [14/Apr/2022:06:24:04 +0200] "GET /damask-towels-p-50403.html HTTP/1.0" 200 73512 "-" "Mozilla/5.0 (compatible; BLEXBot/1.0; +http://webmeup-crawler.com/)"
95.217.207.61 - - [14/Apr/2022:06:24:06 +0200] "GET /despicable-magnetic-board-p-32475.html HTTP/1.0" 200 70904 "-" "Mozilla/5.0 (compatible; MJ12bot/v1.4.8; http://mj12bot.com/)"
54.36.148.243 - - [14/Apr/2022:06:24:08 +0200] "GET /jasmin-marley-jamaica-large-lamp-p-35759.html HTTP/1.0" 200 73787 "-" "Mozilla/5.0 (compatible; AhrefsBot/7.0; +http://ahrefs.com/robot/)"
157.90.177.217 - - [14/Apr/2022:06:24:09 +0200] "GET /dameron-miniature-character-p-32466.html HTTP/1.0" 200 73692 "-" "Mozilla/5.0 (compatible; BLEXBot/1.0; +http://webmeup-crawler.com/)"
95.217.207.61 - - [14/Apr/2022:06:24:09 +0200] "GET /despicable-me-mini-led-lamp-p-32895.html HTTP/1.0" 301 70875 "-" "Mozilla/5.0 (compatible; MJ12bot/v1.4.8; http://mj12bot.com/)"
157.90.177.217 - - [14/Apr/2022:06:24:15 +0200] "GET /dancer-ballerina-jewelry-phosphorescent-p-50832.html HTTP/1.0" 200 74827 "-" "Mozilla/5.0 (compatible; BLEXBot/1.0; +http://webmeup-crawler.com/)"
95.217.207.61 - - [14/Apr/2022:06:24:16 +0200] "GET /-p-32895.html HTTP/1.0" 200 70808 "-" "Mozilla/5.0 (compatible; MJ12bot/v1.4.8; http://mj12bot.com/)"
157.90.177.217 - - [14/Apr/2022:06:24:22 +0200] "GET /dancer-ballerina-jewelry-phosphorescent-p-50834.html HTTP/1.0" 200 75068 "-" "Mozilla/5.0 (compatible; BLEXBot/1.0; +http://webmeup-crawler.com/)"
157.90.177.217 - - [14/Apr/2022:06:24:27 +0200] "GET /dark-dudes-doggy-dude-pencil-case-p-6152.html HTTP/1.0" 200 73407 "-" "Mozilla/5.0 (compatible; BLEXBot/1.0; +http://webmeup-crawler.com/)"
157.90.177.217 - - [14/Apr/2022:06:24:32 +0200] "GET /dark-gray-sandstone-lamp-p-56457.html HTTP/1.0" 200 74194 "-" "Mozilla/5.0 (compatible; BLEXBot/1.0; +http://webmeup-crawler.com/)"
185.191.171.13 - - [14/Apr/2022:06:24:36 +0200] "GET /double-round-mirror-stand-p-53680.html HTTP/1.0" 200 74441 "-" "Mozilla/5.0 (compatible; SemrushBot/7~bl; +http://www.semrush.com/bot.html)"
157.90.177.217 - - [14/Apr/2022:06:24:38 +0200] "GET /deco-figurine-brown-hedgehog-suspended-decorate-vases-p-52690.html HTTP/1.0" 200 73847 "-" "Mozilla/5.0 (compatible; BLEXBot/1.0; +http://webmeup-crawler.com/)"
157.90.177.217 - - [14/Apr/2022:06:24:44 +0200] "GET /deco-soapstone-tree-life-blue-p-53789.html HTTP/1.0" 200 74375 "-" "Mozilla/5.0 (compatible; BLEXBot/1.0; +http://webmeup-crawler.com/)"
185.191.171.42 - - [14/Apr/2022:06:24:46 +0200] "GET /cats-cactus-large-bowl-p-45263.html?action=add_product HTTP/1.0" 302 476 "-" "Mozilla/5.0 (compatible; SemrushBot/7~bl; +http://www.semrush.com/bot.html)"
157.90.177.217 - - [14/Apr/2022:06:24:49 +0200] "GET /deco-soapstone-tree-life-green-p-53787.html HTTP/1.0" 200 74384 "-" "Mozilla/5.0 (compatible; BLEXBot/1.0; +http://webmeup-crawler.com/)"
157.90.177.217 - - [14/Apr/2022:06:24:55 +0200] "GET /deco-soapstone-tree-life-orange-p-53791.html HTTP/1.0" 200 74393 "-" "Mozilla/5.0 (compatible; BLEXBot/1.0; +http://webmeup-crawler.com/)"
157.90.177.217 - - [14/Apr/2022:06:25:02 +0200] "GET /deco-soapstone-tree-life-purple-p-53790.html HTTP/1.0" 200 74393 "-" "Mozilla/5.0 (compatible; BLEXBot/1.0; +http://webmeup-crawler.com/)"
157.90.177.217 - - [14/Apr/2022:06:25:07 +0200] "GET /deco-thermometer-pump-grey-p-50187.html HTTP/1.0" 200 73538 "-" "Mozilla/5.0 (compatible; BLEXBot/1.0; +http://webmeup-crawler.com/)"
157.90.177.217 - - [14/Apr/2022:06:25:13 +0200] "GET /deco-thermometer-pump-orange-p-50186.html HTTP/1.0" 200 73548 "-" "Mozilla/5.0 (compatible; BLEXBot/1.0; +http://webmeup-crawler.com/)"
185.191.171.18 - - [14/Apr/2022:06:25:15 +0200] "GET /gift-box-tea-infuser-mug-mandala-green-p-46302.html HTTP/1.0" 301 74970 "-" "Mozilla/5.0 (compatible; SemrushBot/7~bl; +http://www.semrush.com/bot.html)"
95.217.207.61 - - [14/Apr/2022:06:25:15 +0200] "GET /despicable-me-stationery-set-p-33479.html HTTP/1.0" 301 73676 "-" "Mozilla/5.0 (compatible; MJ12bot/v1.4.8; http://mj12bot.com/)"
54.36.148.243 - - [14/Apr/2022:06:25:15 +0200] "GET /cushion-covers-c-11_71_284.html HTTP/1.0" 200 90422 "-" "Mozilla/5.0 (compatible; AhrefsBot/7.0; +http://ahrefs.com/robot/)"
157.90.177.217 - - [14/Apr/2022:06:25:18 +0200] "GET /deco-thermometer-pump-p-50185.html HTTP/1.0" 200 73525 "-" "Mozilla/5.0 (compatible; BLEXBot/1.0; +http://webmeup-crawler.com/)"
185.191.171.1 - - [14/Apr/2022:06:25:20 +0200] "GET /gift-infuser-mandala-green-p-46302.html HTTP/1.0" 200 74877 "-" "Mozilla/5.0 (compatible; SemrushBot/7~bl; +http://www.semrush.com/bot.html)"
95.217.207.61 - - [14/Apr/2022:06:25:21 +0200] "GET /despicable-stationery-p-33479.html HTTP/1.0" 200 73588 "-" "Mozilla/5.0 (compatible; MJ12bot/v1.4.8; http://mj12bot.com/)"
185.191.171.13 - - [14/Apr/2022:06:25:24 +0200] "GET /vanua-cotton-baskets-planters-p-57828.html HTTP/1.0" 200 75287 "-" "Mozilla/5.0 (compatible; SemrushBot/7~bl; +http://www.semrush.com/bot.html)"
157.90.177.217 - - [14/Apr/2022:06:25:26 +0200] "GET /decoration-hippos-p-21332.html HTTP/1.0" 200 73603 "-" "Mozilla/5.0 (compatible; BLEXBot/1.0; +http://webmeup-crawler.com/)"
157.90.177.217 - - [14/Apr/2022:06:25:33 +0200] "GET /decoration-musical-notes-p-21331.html HTTP/1.0" 200 73659 "-" "Mozilla/5.0 (compatible; BLEXBot/1.0; +http://webmeup-crawler.com/)"
211.249.40.15 - - [14/Apr/2022:06:25:38 +0200] "GET /images/mini_prod/3609810067066.jpg HTTP/1.0" 200 269 "-" "Mozilla/5.0 (X11; Ubuntu; Linux x86_64; rv:72.0) Gecko/20100101 Firefox/72.0"
185.191.171.20 - - [14/Apr/2022:06:25:37 +0200] "GET /small-green-japanese-cast-iron-teapot-liter-p-56737.html HTTP/1.0" 200 74437 "-" "Mozilla/5.0 (compatible; SemrushBot/7~bl; +http://www.semrush.com/bot.html)"
157.90.177.217 - - [14/Apr/2022:06:25:42 +0200] "GET /decoration-sand-p-46482.html HTTP/1.0" 200 73508 "-" "Mozilla/5.0 (compatible; BLEXBot/1.0; +http://webmeup-crawler.com/)"
95.217.207.61 - - [14/Apr/2022:06:25:47 +0200] "GET /disney-princess-happy-ending-bedclothes-140x200-p-17562.html HTTP/1.0" 301 70875 "-" "Mozilla/5.0 (compatible; MJ12bot/v1.4.8; http://mj12bot.com/)"
157.90.177.217 - - [14/Apr/2022:06:25:48 +0200] "GET /decoration-sand-p-46483.html HTTP/1.0" 200 73506 "-" "Mozilla/5.0 (compatible; BLEXBot/1.0; +http://webmeup-crawler.com/)"
185.191.171.11 - - [14/Apr/2022:06:25:52 +0200] "GET /gund-boo-unicorn-22-cm-plush-p-44580.html HTTP/1.0" 301 73627 "-" "Mozilla/5.0 (compatible; SemrushBot/7~bl; +http://www.semrush.com/bot.html)"
95.217.207.61 - - [14/Apr/2022:06:25:52 +0200] "GET /-p-17562.html HTTP/1.0" 200 70808 "-" "Mozilla/5.0 (compatible; MJ12bot/v1.4.8; http://mj12bot.com/)"
157.90.177.217 - - [14/Apr/2022:06:25:53 +0200] "GET /decoration-sunflowers-p-21334.html HTTP/1.0" 200 73635 "-" "Mozilla/5.0 (compatible; BLEXBot/1.0; +http://webmeup-crawler.com/)"
185.191.171.40 - - [14/Apr/2022:06:25:56 +0200] "GET /gund-unicorn-plush-p-44580.html HTTP/1.0" 200 73542 "-" "Mozilla/5.0 (compatible; SemrushBot/7~bl; +http://www.semrush.com/bot.html)"
157.90.177.217 - - [14/Apr/2022:06:26:00 +0200] "GET /decoration-thermometers-c-13_145.html?page=2 HTTP/1.0" 200 89010 "-" "Mozilla/5.0 (compatible; BLEXBot/1.0; +http://webmeup-crawler.com/)"
185.191.171.6 - - [14/Apr/2022:06:26:00 +0200] "GET /cushion-chambord-40-cm-p-39142.html HTTP/1.0" 301 70875 "-" "Mozilla/5.0 (compatible; SemrushBot/7~bl; +http://www.semrush.com/bot.html)"
95.217.207.61 - - [14/Apr/2022:06:26:02 +0200] "GET /disney-princess-inflatable-boat-p-19986.html HTTP/1.0" 301 70875 "-" "Mozilla/5.0 (compatible; MJ12bot/v1.4.8; http://mj12bot.com/)"
185.191.171.24 - - [14/Apr/2022:06:26:05 +0200] "GET /-p-39142.html HTTP/1.0" 200 70808 "-" "Mozilla/5.0 (compatible; SemrushBot/7~bl; +http://www.semrush.com/bot.html)"
157.90.177.217 - - [14/Apr/2022:06:26:06 +0200] "GET /decoration-three-buddhas-secret-happiness-p-46486.html HTTP/1.0" 200 73730 "-" "Mozilla/5.0 (compatible; BLEXBot/1.0; +http://webmeup-crawler.com/)"
216.244.66.242 - - [14/Apr/2022:06:26:07 +0200] "GET /cupcakes-mouse-cbkreation-p-17364.html HTTP/1.0" 200 73468 "-" "Mozilla/5.0 (compatible; DotBot/1.2; +https://opensiteexplorer.org/dotbot; help@moz.com)"
95.217.207.61 - - [14/Apr/2022:06:26:08 +0200] "GET /-p-19986.html HTTP/1.0" 200 70808 "-" "Mozilla/5.0 (compatible; MJ12bot/v1.4.8; http://mj12bot.com/)"
157.90.177.217 - - [14/Apr/2022:06:26:12 +0200] "GET /decorations-c-13_89.html?page=2 HTTP/1.0" 200 93504 "-" "Mozilla/5.0 (compatible; BLEXBot/1.0; +http://webmeup-crawler.com/)"
216.244.66.242 - - [14/Apr/2022:06:26:15 +0200] "GET /cushion-cover-flamingos-p-55153.html HTTP/1.0" 200 74293 "-" "Mozilla/5.0 (compatible; DotBot/1.2; +https://opensiteexplorer.org/dotbot; help@moz.com)"
157.90.177.217 - - [14/Apr/2022:06:26:18 +0200] "GET /decorations-c-13_89.html?page=3 HTTP/1.0" 200 93205 "-" "Mozilla/5.0 (compatible; BLEXBot/1.0; +http://webmeup-crawler.com/)"
216.244.66.242 - - [14/Apr/2022:06:26:23 +0200] "GET /sticker-guitar-photo-frame-p-25041.html HTTP/1.0" 200 73695 "-" "Mozilla/5.0 (compatible; DotBot/1.2; +https://opensiteexplorer.org/dotbot; help@moz.com)"
157.90.177.217 - - [14/Apr/2022:06:26:24 +0200] "GET /decorations-c-13_89.html?page=4 HTTP/1.0" 200 93046 "-" "Mozilla/5.0 (compatible; BLEXBot/1.0; +http://webmeup-crawler.com/)"
157.90.177.217 - - [14/Apr/2022:06:26:30 +0200] "GET /decorations-c-13_89.html?page=5 HTTP/1.0" 200 92947 "-" "Mozilla/5.0 (compatible; BLEXBot/1.0; +http://webmeup-crawler.com/)"
54.36.148.243 - - [14/Apr/2022:06:26:31 +0200] "GET /small-collection-plate-metal-vespa-vespa-p-48237.html HTTP/1.0" 200 73778 "-" "Mozilla/5.0 (compatible; AhrefsBot/7.0; +http://ahrefs.com/robot/)"
95.217.207.61 - - [14/Apr/2022:06:26:33 +0200] "GET /disney-princess-kids-school-bag-p-14535.html HTTP/1.0" 301 71008 "-" "Mozilla/5.0 (compatible; MJ12bot/v1.4.8; http://mj12bot.com/)"
114.119.137.31 - - [14/Apr/2022:06:26:36 +0200] "GET /buddha-kitchen-towel-p-38811.html HTTP/1.0" 200 73414 "-" "Mozilla/5.0 (Linux; Android 7.0;) AppleWebKit/537.36 (KHTML, like Gecko) Mobile Safari/537.36 (compatible; PetalBot;+https://webmaster.petalsearch.com/site/petalbot)"
95.217.207.61 - - [14/Apr/2022:06:26:37 +0200] "GET /disney-princess-kids-school-p-14535.html HTTP/1.0" 200 70914 "-" "Mozilla/5.0 (compatible; MJ12bot/v1.4.8; http://mj12bot.com/)"
157.90.177.217 - - [14/Apr/2022:06:26:36 +0200] "GET /decorations-c-13_89.html?page=6 HTTP/1.0" 200 92982 "-" "Mozilla/5.0 (compatible; BLEXBot/1.0; +http://webmeup-crawler.com/)"
157.90.177.217 - - [14/Apr/2022:06:26:42 +0200] "GET /decorations-c-13_89.html?page=7 HTTP/1.0" 200 92974 "-" "Mozilla/5.0 (compatible; BLEXBot/1.0; +http://webmeup-crawler.com/)"
95.217.207.61 - - [14/Apr/2022:06:26:44 +0200] "GET /disney-princess-pink-tee-shirt-p-30847.html HTTP/1.0" 301 70875 "-" "Mozilla/5.0 (compatible; MJ12bot/v1.4.8; http://mj12bot.com/)"
185.191.171.17 - - [14/Apr/2022:06:26:45 +0200] "GET /gift-bottle-wine-p-46773.html HTTP/1.0" 200 73640 "-" "Mozilla/5.0 (compatible; SemrushBot/7~bl; +http://www.semrush.com/bot.html)"
157.90.177.217 - - [14/Apr/2022:06:26:47 +0200] "GET /decorations-c-13_89.html?page=8 HTTP/1.0" 200 88016 "-" "Mozilla/5.0 (compatible; BLEXBot/1.0; +http://webmeup-crawler.com/)"
95.217.207.61 - - [14/Apr/2022:06:26:51 +0200] "GET /-p-30847.html HTTP/1.0" 200 70808 "-" "Mozilla/5.0 (compatible; MJ12bot/v1.4.8; http://mj12bot.com/)"
157.90.177.217 - - [14/Apr/2022:06:26:52 +0200] "GET /decorative-carpets-c-11_269_167.html?page=2 HTTP/1.0" 200 91665 "-" "Mozilla/5.0 (compatible; BLEXBot/1.0; +http://webmeup-crawler.com/)"
157.90.177.217 - - [14/Apr/2022:06:26:57 +0200] "GET /decorative-carpets-c-11_269_167.html?page=3 HTTP/1.0" 200 92044 "-" "Mozilla/5.0 (compatible; BLEXBot/1.0; +http://webmeup-crawler.com/)"
185.191.171.26 - - [14/Apr/2022:06:27:00 +0200] "GET /cbkreation-toiletry-bag-p-41044.html HTTP/1.0" 301 73642 "-" "Mozilla/5.0 (compatible; SemrushBot/7~bl; +http://www.semrush.com/bot.html)"
95.217.207.61 - - [14/Apr/2022:06:27:00 +0200] "GET /disney-princess-wooden-bed-p-32611.html HTTP/1.0" 301 71010 "-" "Mozilla/5.0 (compatible; MJ12bot/v1.4.8; http://mj12bot.com/)"
185.191.171.33 - - [14/Apr/2022:06:27:03 +0200] "GET /cbkration-toiletry-p-41044.html HTTP/1.0" 200 73557 "-" "Mozilla/5.0 (compatible; SemrushBot/7~bl; +http://www.semrush.com/bot.html)"
95.217.207.61 - - [14/Apr/2022:06:27:04 +0200] "GET /disney-princess-wooden-p-32611.html HTTP/1.0" 200 70921 "-" "Mozilla/5.0 (compatible; MJ12bot/v1.4.8; http://mj12bot.com/)"
157.90.177.217 - - [14/Apr/2022:06:27:06 +0200] "GET /decorative-carpets-c-11_269_167.html?page=4 HTTP/1.0" 200 91864 "-" "Mozilla/5.0 (compatible; BLEXBot/1.0; +http://webmeup-crawler.com/)"
185.191.171.24 - - [14/Apr/2022:06:27:06 +0200] "GET /bolster-case-in-cotton-percale-80-threads-43-190-cm-p-48188.html HTTP/1.0" 301 73855 "-" "Mozilla/5.0 (compatible; SemrushBot/7~bl; +http://www.semrush.com/bot.html)"
185.191.171.21 - - [14/Apr/2022:06:27:10 +0200] "GET /bolster-case-cotton-percale-threads-p-48188.html HTTP/1.0" 200 73753 "-" "Mozilla/5.0 (compatible; SemrushBot/7~bl; +http://www.semrush.com/bot.html)"
157.90.177.217 - - [14/Apr/2022:06:27:10 +0200] "GET /decorative-carpets-c-11_269_167.html?page=5 HTTP/1.0" 200 91571 "-" "Mozilla/5.0 (compatible; BLEXBot/1.0; +http://webmeup-crawler.com/)"
157.90.177.217 - - [14/Apr/2022:06:27:19 +0200] "GET /decorative-carpets-c-11_269_167.html?page=6 HTTP/1.0" 200 87622 "-" "Mozilla/5.0 (compatible; BLEXBot/1.0; +http://webmeup-crawler.com/)"
95.217.207.61 - - [14/Apr/2022:06:27:24 +0200] "GET /disney-princess-writing-box-p-2084.html HTTP/1.0" 301 73863 "-" "Mozilla/5.0 (compatible; MJ12bot/v1.4.8; http://mj12bot.com/)"
157.90.177.217 - - [14/Apr/2022:06:27:25 +0200] "GET /decorative-cotton-heart-hang-elvira-p-57194.html HTTP/1.0" 200 73730 "-" "Mozilla/5.0 (compatible; BLEXBot/1.0; +http://webmeup-crawler.com/)"
95.217.207.61 - - [14/Apr/2022:06:27:27 +0200] "GET /disney-princess-writing-p-2084.html HTTP/1.0" 200 73774 "-" "Mozilla/5.0 (compatible; MJ12bot/v1.4.8; http://mj12bot.com/)"
157.90.177.217 - - [14/Apr/2022:06:27:31 +0200] "GET /decorative-cotton-hearts-hang-bonnie-p-57684.html HTTP/1.0" 200 74717 "-" "Mozilla/5.0 (compatible; BLEXBot/1.0; +http://webmeup-crawler.com/)"
185.191.171.44 - - [14/Apr/2022:06:27:32 +0200] "GET /aprons-c-11_74.html HTTP/1.0" 200 92517 "-" "Mozilla/5.0 (compatible; SemrushBot/7~bl; +http://www.semrush.com/bot.html)"
157.90.177.217 - - [14/Apr/2022:06:27:37 +0200] "GET /decorative-cotton-hearts-hang-charline-p-51651.html HTTP/1.0" 200 75263 "-" "Mozilla/5.0 (compatible; BLEXBot/1.0; +http://webmeup-crawler.com/)"
95.217.207.61 - - [14/Apr/2022:06:27:38 +0200] "GET /disney-princesses-cinderella-toy-box-p-18804.html HTTP/1.0" 301 71058 "-" "Mozilla/5.0 (compatible; MJ12bot/v1.4.8; http://mj12bot.com/)"
95.217.207.61 - - [14/Apr/2022:06:27:40 +0200] "GET /disney-princesses-cinderella-p-18804.html HTTP/1.0" 200 70963 "-" "Mozilla/5.0 (compatible; MJ12bot/v1.4.8; http://mj12bot.com/)"
54.36.148.243 - - [14/Apr/2022:06:27:40 +0200] "GET /gorjuss-sparkle-bloom-pencil-case-cherry-blossom-p-52363.html HTTP/1.0" 200 74672 "-" "Mozilla/5.0 (compatible; AhrefsBot/7.0; +http://ahrefs.com/robot/)"
157.90.177.217 - - [14/Apr/2022:06:27:43 +0200] "GET /decorative-cotton-hearts-hang-daphne-p-55649.html HTTP/1.0" 200 74707 "-" "Mozilla/5.0 (compatible; BLEXBot/1.0; +http://webmeup-crawler.com/)"
95.217.207.61 - - [14/Apr/2022:06:27:43 +0200] "GET /disney-princesses-glitter-mug-p-23213.html HTTP/1.0" 301 71028 "-" "Mozilla/5.0 (compatible; MJ12bot/v1.4.8; http://mj12bot.com/)"
95.217.207.61 - - [14/Apr/2022:06:27:46 +0200] "GET /disney-princesses-glitter-p-23213.html HTTP/1.0" 200 70936 "-" "Mozilla/5.0 (compatible; MJ12bot/v1.4.8; http://mj12bot.com/)"
157.90.177.217 - - [14/Apr/2022:06:27:48 +0200] "GET /decorative-cotton-hearts-hang-elvira-p-56793.html HTTP/1.0" 200 74714 "-" "Mozilla/5.0 (compatible; BLEXBot/1.0; +http://webmeup-crawler.com/)"
157.90.177.217 - - [14/Apr/2022:06:27:55 +0200] "GET /decorative-cotton-hearts-hang-pauline-p-56794.html HTTP/1.0" 200 74738 "-" "Mozilla/5.0 (compatible; BLEXBot/1.0; +http://webmeup-crawler.com/)"
66.249.64.152 - - [14/Apr/2022:06:27:56 +0200] "GET /round-doormat-flower-life-diameter-p-50702.html HTTP/1.0" 200 74472 "-" "Mozilla/5.0 (compatible; Googlebot/2.1; +http://www.google.com/bot.html)"
185.191.171.1 - - [14/Apr/2022:06:27:59 +0200] "GET /cushion-cover-40-60-cm-p-52123.html HTTP/1.0" 301 73676 "-" "Mozilla/5.0 (compatible; SemrushBot/7~bl; +http://www.semrush.com/bot.html)"
157.90.177.217 - - [14/Apr/2022:06:28:00 +0200] "GET /decorative-cotton-hearts-hang-pauline-p-57824.html HTTP/1.0" 200 74739 "-" "Mozilla/5.0 (compatible; BLEXBot/1.0; +http://webmeup-crawler.com/)"
185.191.171.17 - - [14/Apr/2022:06:28:02 +0200] "GET /cushion-cover-p-52123.html HTTP/1.0" 200 73596 "-" "Mozilla/5.0 (compatible; SemrushBot/7~bl; +http://www.semrush.com/bot.html)"
95.217.207.61 - - [14/Apr/2022:06:28:06 +0200] "GET /dledmv-cars-passion-pompelup-pencil-jar-p-35694.html HTTP/1.0" 301 70875 "-" "Mozilla/5.0 (compatible; MJ12bot/v1.4.8; http://mj12bot.com/)"
157.90.177.217 - - [14/Apr/2022:06:28:06 +0200] "GET /decorative-earth-globes-c-13_233.html?page=2 HTTP/1.0" 200 84802 "-" "Mozilla/5.0 (compatible; BLEXBot/1.0; +http://webmeup-crawler.com/)"
95.217.207.61 - - [14/Apr/2022:06:28:11 +0200] "GET /-p-35694.html HTTP/1.0" 200 70808 "-" "Mozilla/5.0 (compatible; MJ12bot/v1.4.8; http://mj12bot.com/)"
157.90.177.217 - - [14/Apr/2022:06:28:12 +0200] "GET /decorative-faces-with-varied-expressions-p-50612.html HTTP/1.0" 200 74540 "-" "Mozilla/5.0 (compatible; BLEXBot/1.0; +http://webmeup-crawler.com/)"
157.90.177.217 - - [14/Apr/2022:06:28:18 +0200] "GET /decorative-globe-p-40903.html HTTP/1.0" 200 73464 "-" "Mozilla/5.0 (compatible; BLEXBot/1.0; +http://webmeup-crawler.com/)"
157.90.177.217 - - [14/Apr/2022:06:28:24 +0200] "GET /decorative-globe-p-40905.html HTTP/1.0" 200 73438 "-" "Mozilla/5.0 (compatible; BLEXBot/1.0; +http://webmeup-crawler.com/)"
95.217.207.61 - - [14/Apr/2022:06:28:26 +0200] "GET /dledmv-driver-pencil-jar-p-35675.html HTTP/1.0" 301 70875 "-" "Mozilla/5.0 (compatible; MJ12bot/v1.4.8; http://mj12bot.com/)"
223.39.191.66 - - [14/Apr/2022:06:28:30 +0200] "GET /images/mini_prod/6942138908640.jpg HTTP/1.0" 200 269 "-" "Mozilla/5.0 (X11; Ubuntu; Linux x86_64; rv:72.0) Gecko/20100101 Firefox/72.0"
95.217.207.61 - - [14/Apr/2022:06:28:30 +0200] "GET /-p-35675.html HTTP/1.0" 200 70808 "-" "Mozilla/5.0 (compatible; MJ12bot/v1.4.8; http://mj12bot.com/)"
157.90.177.217 - - [14/Apr/2022:06:28:33 +0200] "GET /decorative-globe-p-46667.html HTTP/1.0" 200 73457 "-" "Mozilla/5.0 (compatible; BLEXBot/1.0; +http://webmeup-crawler.com/)"
216.244.66.242 - - [14/Apr/2022:06:28:35 +0200] "GET /olaf-little-backpack-p-30378.html HTTP/1.0" 200 70878 "-" "Mozilla/5.0 (compatible; DotBot/1.2; +https://opensiteexplorer.org/dotbot; help@moz.com)"
157.90.177.217 - - [14/Apr/2022:06:28:39 +0200] "GET /decorative-globe-p-54109.html HTTP/1.0" 200 73466 "-" "Mozilla/5.0 (compatible; BLEXBot/1.0; +http://webmeup-crawler.com/)"
185.191.171.26 - - [14/Apr/2022:06:28:43 +0200] "GET /peas-russian-doll-small-mug-by-cbkreation-p-18543.html HTTP/1.0" 301 73740 "-" "Mozilla/5.0 (compatible; SemrushBot/7~bl; +http://www.semrush.com/bot.html)"
95.217.207.61 - - [14/Apr/2022:06:28:44 +0200] "GET /dledmv-french-heritage-pencil-jar-p-35692.html HTTP/1.0" 301 70875 "-" "Mozilla/5.0 (compatible; MJ12bot/v1.4.8; http://mj12bot.com/)"
188.247.227.252 - - [14/Apr/2022:06:28:47 +0200] "GET /koala-money-p-55391.html HTTP/1.0" 200 74373 "-" "Mozilla/5.0 (Windows NT 10.0; Win64; x64) AppleWebKit/537.36 (KHTML, like Gecko) Chrome/100.0.4896.75 Safari/537.36"
157.90.177.217 - - [14/Apr/2022:06:28:47 +0200] "GET /decorative-hanging-beige-outline-p-35424.html HTTP/1.0" 200 73624 "-" "Mozilla/5.0 (compatible; BLEXBot/1.0; +http://webmeup-crawler.com/)"
185.191.171.43 - - [14/Apr/2022:06:28:48 +0200] "GET /peas-russian-doll-small-cbkreation-p-18543.html HTTP/1.0" 200 73639 "-" "Mozilla/5.0 (compatible; SemrushBot/7~bl; +http://www.semrush.com/bot.html)"
216.244.66.242 - - [14/Apr/2022:06:28:50 +0200] "GET /umbrellas-c-3_16.html?page=2 HTTP/1.0" 200 78602 "-" "Mozilla/5.0 (compatible; DotBot/1.2; +https://opensiteexplorer.org/dotbot; help@moz.com)"
95.217.207.61 - - [14/Apr/2022:06:28:52 +0200] "GET /-p-35692.html HTTP/1.0" 200 70808 "-" "Mozilla/5.0 (compatible; MJ12bot/v1.4.8; http://mj12bot.com/)"
157.90.177.217 - - [14/Apr/2022:06:28:58 +0200] "GET /decorative-hanging-blue-outline-p-35425.html HTTP/1.0" 200 73615 "-" "Mozilla/5.0 (compatible; BLEXBot/1.0; +http://webmeup-crawler.com/)"
54.36.148.243 - - [14/Apr/2022:06:28:59 +0200] "GET /minions-pool-p-30356.html HTTP/1.0" 200 70854 "-" "Mozilla/5.0 (compatible; AhrefsBot/7.0; +http://ahrefs.com/robot/)"
185.191.171.23 - - [14/Apr/2022:06:29:04 +0200] "GET /portugal-cbkreation-p-13976.html HTTP/1.0" 200 73427 "-" "Mozilla/5.0 (compatible; SemrushBot/7~bl; +http://www.semrush.com/bot.html)"
157.90.177.217 - - [14/Apr/2022:06:29:05 +0200] "GET /decorative-hanging-brown-outline-p-35423.html HTTP/1.0" 200 73624 "-" "Mozilla/5.0 (compatible; BLEXBot/1.0; +http://webmeup-crawler.com/)"
157.90.177.217 - - [14/Apr/2022:06:29:11 +0200] "GET /decorative-leaf-centerpiece-p-54588.html HTTP/1.0" 200 74346 "-" "Mozilla/5.0 (compatible; BLEXBot/1.0; +http://webmeup-crawler.com/)"
157.90.128.183 - - [14/Apr/2022:06:29:14 +0200] "GET /images/mini_prod/1399984242575.jpg HTTP/1.0" 200 269 "-" "Mozilla/5.0 (X11; Ubuntu; Linux x86_64; rv:72.0) Gecko/20100101 Firefox/72.0"
157.90.177.217 - - [14/Apr/2022:06:29:17 +0200] "GET /decorative-metal-bell-with-rope-p-41463.html HTTP/1.0" 200 73528 "-" "Mozilla/5.0 (compatible; BLEXBot/1.0; +http://webmeup-crawler.com/)"
185.191.171.1 - - [14/Apr/2022:06:29:22 +0200] "GET /made-eyelets-curtain-p-31459.html?action=add_product HTTP/1.0" 302 476 "-" "Mozilla/5.0 (compatible; SemrushBot/7~bl; +http://www.semrush.com/bot.html)"
185.191.171.43 - - [14/Apr/2022:06:29:22 +0200] "GET /robots.txt HTTP/1.0" 200 245 "-" "Mozilla/5.0 (compatible; SemrushBot/7~bl; +http://www.semrush.com/bot.html)"
157.90.177.217 - - [14/Apr/2022:06:29:22 +0200] "GET /decorative-thermometer-metal-corsica-p-43596.html HTTP/1.0" 200 73648 "-" "Mozilla/5.0 (compatible; BLEXBot/1.0; +http://webmeup-crawler.com/)"
95.217.207.61 - - [14/Apr/2022:06:29:24 +0200] "GET /dledmv-gentleman-racer-classic-mug-p-35697.html HTTP/1.0" 301 70875 "-" "Mozilla/5.0 (compatible; MJ12bot/v1.4.8; http://mj12bot.com/)"
157.90.177.217 - - [14/Apr/2022:06:29:29 +0200] "GET /decorative-thermometer-metal-corsica-p-43597.html HTTP/1.0" 200 73610 "-" "Mozilla/5.0 (compatible; BLEXBot/1.0; +http://webmeup-crawler.com/)"
95.217.207.61 - - [14/Apr/2022:06:29:30 +0200] "GET /-p-35697.html HTTP/1.0" 200 70808 "-" "Mozilla/5.0 (compatible; MJ12bot/v1.4.8; http://mj12bot.com/)"
157.90.177.217 - - [14/Apr/2022:06:29:34 +0200] "GET /decorative-thermometer-metal-corsica-p-43598.html HTTP/1.0" 200 73610 "-" "Mozilla/5.0 (compatible; BLEXBot/1.0; +http://webmeup-crawler.com/)"
157.90.177.217 - - [14/Apr/2022:06:29:40 +0200] "GET /decorative-thermometer-metal-gendarme-p-47086.html HTTP/1.0" 200 73662 "-" "Mozilla/5.0 (compatible; BLEXBot/1.0; +http://webmeup-crawler.com/)"
185.191.171.21 - - [14/Apr/2022:06:29:41 +0200] "GET /ganesh-incense-holder-golden-aluminum-p-50384.html?action=add_product HTTP/1.0" 302 476 "-" "Mozilla/5.0 (compatible; SemrushBot/7~bl; +http://www.semrush.com/bot.html)"
157.90.177.217 - - [14/Apr/2022:06:29:46 +0200] "GET /decorative-turtle-figurine-suspended-decorate-vases-p-52687.html HTTP/1.0" 200 73831 "-" "Mozilla/5.0 (compatible; BLEXBot/1.0; +http://webmeup-crawler.com/)"
157.90.177.217 - - [14/Apr/2022:06:29:54 +0200] "GET /decorative-turtle-figurine-suspended-decorate-vases-p-52688.html HTTP/1.0" 200 73830 "-" "Mozilla/5.0 (compatible; BLEXBot/1.0; +http://webmeup-crawler.com/)"
95.217.207.61 - - [14/Apr/2022:06:29:56 +0200] "GET /doc-mc-stuffins-apron-pot-holder-and-glove-set-p-28190.html HTTP/1.0" 301 73903 "-" "Mozilla/5.0 (compatible; MJ12bot/v1.4.8; http://mj12bot.com/)"
95.217.207.61 - - [14/Apr/2022:06:29:59 +0200] "GET /stuffins-apron-holder-glove-p-28190.html HTTP/1.0" 200 73809 "-" "Mozilla/5.0 (compatible; MJ12bot/v1.4.8; http://mj12bot.com/)"
157.90.177.217 - - [14/Apr/2022:06:29:59 +0200] "GET /decorative-vase-indian-inspiration-p-41523.html HTTP/1.0" 200 73619 "-" "Mozilla/5.0 (compatible; BLEXBot/1.0; +http://webmeup-crawler.com/)"
157.90.177.217 - - [14/Apr/2022:06:30:06 +0200] "GET /decorative-vase-indian-inspiration-p-41524.html HTTP/1.0" 200 73617 "-" "Mozilla/5.0 (compatible; BLEXBot/1.0; +http://webmeup-crawler.com/)"
95.217.207.61 - - [14/Apr/2022:06:30:07 +0200] "GET /doc-mcstruffins-wastebasket-p-27777.html HTTP/1.0" 301 73585 "-" "Mozilla/5.0 (compatible; MJ12bot/v1.4.8; http://mj12bot.com/)"
185.191.171.44 - - [14/Apr/2022:06:30:12 +0200] "GET /model-green-glitter-p-15847.html?action=add_product HTTP/1.0" 302 476 "-" "Mozilla/5.0 (compatible; SemrushBot/7~bl; +http://www.semrush.com/bot.html)"
147.92.153.1 - - [14/Apr/2022:06:30:11 +0200] "GET /coconut-fibers-doormat-home-p-57878.html HTTP/1.0" 200 74588 "-" "Mozilla/5.0 (compatible; Linespider/1.1; +https://lin.ee/4dwXkTH)"
95.217.207.61 - - [14/Apr/2022:06:30:12 +0200] "GET /mcstruffins-wastebasket-p-27777.html HTTP/1.0" 200 73495 "-" "Mozilla/5.0 (compatible; MJ12bot/v1.4.8; http://mj12bot.com/)"
157.90.177.217 - - [14/Apr/2022:06:30:13 +0200] "GET /decorative-wall-mounted-bottle-opener-bistro-p-55731.html HTTP/1.0" 200 74543 "-" "Mozilla/5.0 (compatible; BLEXBot/1.0; +http://webmeup-crawler.com/)"
54.36.148.243 - - [14/Apr/2022:06:30:18 +0200] "GET /little-prince-exupery-little-tray-p-55866.html HTTP/1.0" 200 73820 "-" "Mozilla/5.0 (compatible; AhrefsBot/7.0; +http://ahrefs.com/robot/)"
157.90.177.217 - - [14/Apr/2022:06:30:19 +0200] "GET /decorative-wall-mounted-bottle-opener-copains-abord-p-55732.html HTTP/1.0" 200 74712 "-" "Mozilla/5.0 (compatible; BLEXBot/1.0; +http://webmeup-crawler.com/)"
157.55.39.144 - - [14/Apr/2022:06:30:20 +0200] "GET /indian-motorcycle-metal-plate-deco-p-47181.html HTTP/1.0" 200 73628 "-" "Mozilla/5.0 (compatible; bingbot/2.0; +http://www.bing.com/bingbot.htm)"
157.90.177.217 - - [14/Apr/2022:06:30:25 +0200] "GET /decorative-wall-mounted-bottle-opener-place-apro-p-55733.html HTTP/1.0" 200 74680 "-" "Mozilla/5.0 (compatible; BLEXBot/1.0; +http://webmeup-crawler.com/)"
157.90.177.217 - - [14/Apr/2022:06:30:32 +0200] "GET /decorative-wall-mounted-bottle-opener-tout-travail-p-55734.html HTTP/1.0" 200 74677 "-" "Mozilla/5.0 (compatible; BLEXBot/1.0; +http://webmeup-crawler.com/)"
95.217.207.61 - - [14/Apr/2022:06:30:33 +0200] "GET /dog-metal-keyring-p-30437.html HTTP/1.0" 301 70875 "-" "Mozilla/5.0 (compatible; MJ12bot/v1.4.8; http://mj12bot.com/)"
185.191.171.41 - - [14/Apr/2022:06:30:36 +0200] "GET /retro-industriel-small-lighting-p-41453.html?action=add_product HTTP/1.0" 302 476 "-" "Mozilla/5.0 (compatible; SemrushBot/7~bl; +http://www.semrush.com/bot.html)"
95.217.207.61 - - [14/Apr/2022:06:30:37 +0200] "GET /-p-30437.html HTTP/1.0" 200 70808 "-" "Mozilla/5.0 (compatible; MJ12bot/v1.4.8; http://mj12bot.com/)"
157.90.177.217 - - [14/Apr/2022:06:30:39 +0200] "GET /decorative-white-p-47107.html HTTP/1.0" 200 74079 "-" "Mozilla/5.0 (compatible; BLEXBot/1.0; +http://webmeup-crawler.com/)"
157.90.177.217 - - [14/Apr/2022:06:30:45 +0200] "GET /despicable-homework-notebooks-p-35840.html HTTP/1.0" 200 73900 "-" "Mozilla/5.0 (compatible; BLEXBot/1.0; +http://webmeup-crawler.com/)"
185.191.171.18 - - [14/Apr/2022:06:30:47 +0200] "GET /pusheen-detective-ornament-p-41643.html HTTP/1.0" 200 74467 "-" "Mozilla/5.0 (compatible; SemrushBot/7~bl; +http://www.semrush.com/bot.html)"
157.90.177.217 - - [14/Apr/2022:06:30:52 +0200] "GET /despicable-large-flat-pocket-p-34125.html HTTP/1.0" 200 73610 "-" "Mozilla/5.0 (compatible; BLEXBot/1.0; +http://webmeup-crawler.com/)"
157.90.177.217 - - [14/Apr/2022:06:31:01 +0200] "GET /despicable-magnetic-board-p-32472.html HTTP/1.0" 200 73675 "-" "Mozilla/5.0 (compatible; BLEXBot/1.0; +http://webmeup-crawler.com/)"
157.90.177.217 - - [14/Apr/2022:06:31:07 +0200] "GET /despicable-marbles-p-33480.html HTTP/1.0" 200 73622 "-" "Mozilla/5.0 (compatible; BLEXBot/1.0; +http://webmeup-crawler.com/)"
157.90.177.217 - - [14/Apr/2022:06:31:13 +0200] "GET /despicable-minion-blue-watch-p-31604.html HTTP/1.0" 200 73749 "-" "Mozilla/5.0 (compatible; BLEXBot/1.0; +http://webmeup-crawler.com/)"
157.90.177.217 - - [14/Apr/2022:06:31:18 +0200] "GET /despicable-pencil-case-p-35773.html HTTP/1.0" 200 73481 "-" "Mozilla/5.0 (compatible; BLEXBot/1.0; +http://webmeup-crawler.com/)"
95.217.207.61 - - [14/Apr/2022:06:31:22 +0200] "GET /dog-wood-keychains-p-26077.html HTTP/1.0" 301 73478 "-" "Mozilla/5.0 (compatible; MJ12bot/v1.4.8; http://mj12bot.com/)"
157.90.177.217 - - [14/Apr/2022:06:31:24 +0200] "GET /despicable-puzzle-pieces-p-27684.html HTTP/1.0" 200 73651 "-" "Mozilla/5.0 (compatible; BLEXBot/1.0; +http://webmeup-crawler.com/)"
95.217.207.61 - - [14/Apr/2022:06:31:26 +0200] "GET /wood-keychains-p-26077.html HTTP/1.0" 200 73397 "-" "Mozilla/5.0 (compatible; MJ12bot/v1.4.8; http://mj12bot.com/)"
54.36.148.243 - - [14/Apr/2022:06:31:27 +0200] "GET /dubout-cats-white-ceramic-p-40080.html HTTP/1.0" 200 73625 "-" "Mozilla/5.0 (compatible; AhrefsBot/7.0; +http://ahrefs.com/robot/)"
114.119.137.38 - - [14/Apr/2022:06:31:28 +0200] "GET /small-ape-metal-collection-plate-p-35025.html HTTP/1.0" 301 73693 "-" "Mozilla/5.0 (Linux; Android 7.0;) AppleWebKit/537.36 (KHTML, like Gecko) Mobile Safari/537.36 (compatible; PetalBot;+https://webmaster.petalsearch.com/site/petalbot)"
157.90.177.217 - - [14/Apr/2022:06:31:31 +0200] "GET /dessert-dish-glass-with-anti-slip-feet-p-47330.html HTTP/1.0" 200 73536 "-" "Mozilla/5.0 (compatible; BLEXBot/1.0; +http://webmeup-crawler.com/)"
157.90.177.217 - - [14/Apr/2022:06:31:35 +0200] "GET /dessert-dish-glass-with-anti-slip-feet-p-47332.html HTTP/1.0" 200 73536 "-" "Mozilla/5.0 (compatible; BLEXBot/1.0; +http://webmeup-crawler.com/)"
185.191.171.1 - - [14/Apr/2022:06:31:35 +0200] "GET /mani-the-lucky-cat-charm-size-ma-cagnotte-p-33276.html HTTP/1.0" 301 73857 "-" "Mozilla/5.0 (compatible; SemrushBot/7~bl; +http://www.semrush.com/bot.html)"
95.217.207.61 - - [14/Apr/2022:06:31:36 +0200] "GET /dogs-paper-towel-dispenser-p-34858.html HTTP/1.0" 301 70875 "-" "Mozilla/5.0 (compatible; MJ12bot/v1.4.8; http://mj12bot.com/)"
114.119.137.38 - - [14/Apr/2022:06:31:37 +0200] "GET /small-metal-collection-plate-p-35025.html HTTP/1.0" 200 73598 "-" "Mozilla/5.0 (Linux; Android 7.0;) AppleWebKit/537.36 (KHTML, like Gecko) Mobile Safari/537.36 (compatible; PetalBot;+https://webmaster.petalsearch.com/site/petalbot)"
185.191.171.6 - - [14/Apr/2022:06:31:40 +0200] "GET /mani-lucky-charm-size-cagnotte-p-33276.html HTTP/1.0" 200 73760 "-" "Mozilla/5.0 (compatible; SemrushBot/7~bl; +http://www.semrush.com/bot.html)"
95.217.207.61 - - [14/Apr/2022:06:31:40 +0200] "GET /-p-34858.html HTTP/1.0" 200 70808 "-" "Mozilla/5.0 (compatible; MJ12bot/v1.4.8; http://mj12bot.com/)"
157.90.177.217 - - [14/Apr/2022:06:31:41 +0200] "GET /dessert-dish-glass-with-anti-slip-feet-p-47333.html HTTP/1.0" 200 73537 "-" "Mozilla/5.0 (compatible; BLEXBot/1.0; +http://webmeup-crawler.com/)"
157.90.177.217 - - [14/Apr/2022:06:31:47 +0200] "GET /dessert-dish-glass-with-anti-slip-feet-p-47334.html HTTP/1.0" 200 74165 "-" "Mozilla/5.0 (compatible; BLEXBot/1.0; +http://webmeup-crawler.com/)"
157.90.177.217 - - [14/Apr/2022:06:31:54 +0200] "GET /dessert-dish-glass-with-anti-slip-feet-p-47335.html HTTP/1.0" 200 74165 "-" "Mozilla/5.0 (compatible; BLEXBot/1.0; +http://webmeup-crawler.com/)"
188.247.227.252 - - [14/Apr/2022:06:31:57 +0200] "GET /koala-money-p-55391.html HTTP/1.0" 200 74373 "-" "Mozilla/5.0 (Windows NT 10.0; Win64; x64) AppleWebKit/537.36 (KHTML, like Gecko) Chrome/100.0.4896.75 Safari/537.36"
95.217.207.61 - - [14/Apr/2022:06:31:57 +0200] "GET /dogs-rectangulary-cushion-by-cbk-p-26406.html HTTP/1.0" 301 71037 "-" "Mozilla/5.0 (compatible; MJ12bot/v1.4.8; http://mj12bot.com/)"
157.90.177.217 - - [14/Apr/2022:06:32:00 +0200] "GET /dessert-dish-glass-with-anti-slip-feet-p-47336.html HTTP/1.0" 200 74165 "-" "Mozilla/5.0 (compatible; BLEXBot/1.0; +http://webmeup-crawler.com/)"
95.217.207.61 - - [14/Apr/2022:06:32:03 +0200] "GET /dogs-rectangulary-cushion-cbkreation-p-26406.html HTTP/1.0" 200 70934 "-" "Mozilla/5.0 (compatible; MJ12bot/v1.4.8; http://mj12bot.com/)"
157.90.177.217 - - [14/Apr/2022:06:32:06 +0200] "GET /dessert-dish-glass-with-anti-slip-feet-p-47338.html HTTP/1.0" 200 74167 "-" "Mozilla/5.0 (compatible; BLEXBot/1.0; +http://webmeup-crawler.com/)"
95.217.207.61 - - [14/Apr/2022:06:32:12 +0200] "GET /dogs-rectangulary-cushion-by-cbkreation-p-26406.html HTTP/1.0" 301 71037 "-" "Mozilla/5.0 (compatible; MJ12bot/v1.4.8; http://mj12bot.com/)"
157.90.177.217 - - [14/Apr/2022:06:32:12 +0200] "GET /dessert-dish-glass-with-anti-slip-feet-p-55838.html HTTP/1.0" 200 74391 "-" "Mozilla/5.0 (compatible; BLEXBot/1.0; +http://webmeup-crawler.com/)"
95.217.207.61 - - [14/Apr/2022:06:32:17 +0200] "GET /dogs-rectangulary-cushion-cbkreation-p-26406.html HTTP/1.0" 200 70934 "-" "Mozilla/5.0 (compatible; MJ12bot/v1.4.8; http://mj12bot.com/)"
157.90.177.217 - - [14/Apr/2022:06:32:19 +0200] "GET /dessert-dish-glass-with-anti-slip-feet-p-55839.html HTTP/1.0" 200 74390 "-" "Mozilla/5.0 (compatible; BLEXBot/1.0; +http://webmeup-crawler.com/)"
95.217.207.61 - - [14/Apr/2022:06:32:23 +0200] "GET /dolce-vita-bella-donna-bag-p-25771.html HTTP/1.0" 301 71010 "-" "Mozilla/5.0 (compatible; MJ12bot/v1.4.8; http://mj12bot.com/)"
157.90.177.217 - - [14/Apr/2022:06:32:25 +0200] "GET /dewey-figurine-p-20547.html HTTP/1.0" 200 73483 "-" "Mozilla/5.0 (compatible; BLEXBot/1.0; +http://webmeup-crawler.com/)"
54.36.148.243 - - [14/Apr/2022:06:32:26 +0200] "GET /curry-polyester-round-chair-cushion-p-55088.html HTTP/1.0" 200 74192 "-" "Mozilla/5.0 (compatible; AhrefsBot/7.0; +http://ahrefs.com/robot/)"
95.217.207.61 - - [14/Apr/2022:06:32:26 +0200] "GET /dolce-vita-bella-donna-p-25771.html HTTP/1.0" 200 70921 "-" "Mozilla/5.0 (compatible; MJ12bot/v1.4.8; http://mj12bot.com/)"
95.217.207.61 - - [14/Apr/2022:06:32:30 +0200] "GET /dolce-vita-little-tray-p-26461.html HTTP/1.0" 301 70875 "-" "Mozilla/5.0 (compatible; MJ12bot/v1.4.8; http://mj12bot.com/)"
95.217.207.61 - - [14/Apr/2022:06:32:33 +0200] "GET /-p-26461.html HTTP/1.0" 200 70808 "-" "Mozilla/5.0 (compatible; MJ12bot/v1.4.8; http://mj12bot.com/)"
157.90.177.217 - - [14/Apr/2022:06:32:34 +0200] "GET /dexter-shirt-p-29488.html HTTP/1.0" 200 75324 "-" "Mozilla/5.0 (compatible; BLEXBot/1.0; +http://webmeup-crawler.com/)"
95.217.207.61 - - [14/Apr/2022:06:32:37 +0200] "GET /dolce-vita-mug-p-25768.html HTTP/1.0" 301 70875 "-" "Mozilla/5.0 (compatible; MJ12bot/v1.4.8; http://mj12bot.com/)"
188.247.227.252 - - [14/Apr/2022:06:32:38 +0200] "GET /koala-money-p-55391.html HTTP/1.0" 200 74373 "https://www.google.com/" "Mozilla/5.0 (Windows NT 10.0; Win64; x64) AppleWebKit/537.36 (KHTML, like Gecko) Chrome/100.0.4896.75 Safari/537.36"
188.247.227.252 - - [14/Apr/2022:06:32:39 +0200] "GET /templates/Pixame_v1/stylesheet.css HTTP/1.0" 200 267 "http://www.wonder-geek.com/koala-money-p-55391.html" "Mozilla/5.0 (Windows NT 10.0; Win64; x64) AppleWebKit/537.36 (KHTML, like Gecko) Chrome/100.0.4896.75 Safari/537.36"
188.247.227.252 - - [14/Apr/2022:06:32:39 +0200] "GET /highslide/highslide.js HTTP/1.0" 200 262 "http://www.wonder-geek.com/koala-money-p-55391.html" "Mozilla/5.0 (Windows NT 10.0; Win64; x64) AppleWebKit/537.36 (KHTML, like Gecko) Chrome/100.0.4896.75 Safari/537.36"
188.247.227.252 - - [14/Apr/2022:06:32:39 +0200] "GET /js/jquery.js HTTP/1.0" 200 252 "http://www.wonder-geek.com/koala-money-p-55391.html" "Mozilla/5.0 (Windows NT 10.0; Win64; x64) AppleWebKit/537.36 (KHTML, like Gecko) Chrome/100.0.4896.75 Safari/537.36"
188.247.227.252 - - [14/Apr/2022:06:32:39 +0200] "GET /js/jquery.jqzoom.js HTTP/1.0" 200 259 "http://www.wonder-geek.com/koala-money-p-55391.html" "Mozilla/5.0 (Windows NT 10.0; Win64; x64) AppleWebKit/537.36 (KHTML, like Gecko) Chrome/100.0.4896.75 Safari/537.36"
188.247.227.252 - - [14/Apr/2022:06:32:39 +0200] "GET /mondial_relay/js/jquery-1.3.2.min.js HTTP/1.0" 200 276 "http://www.wonder-geek.com/koala-money-p-55391.html" "Mozilla/5.0 (Windows NT 10.0; Win64; x64) AppleWebKit/537.36 (KHTML, like Gecko) Chrome/100.0.4896.75 Safari/537.36"
188.247.227.252 - - [14/Apr/2022:06:32:39 +0200] "GET /swfobject.js HTTP/1.0" 404 1308 "http://www.wonder-geek.com/koala-money-p-55391.html" "Mozilla/5.0 (Windows NT 10.0; Win64; x64) AppleWebKit/537.36 (KHTML, like Gecko) Chrome/100.0.4896.75 Safari/537.36"
188.247.227.252 - - [14/Apr/2022:06:32:39 +0200] "GET /templates/Pixame_v1/images/icon_accueil2.png HTTP/1.0" 200 278 "http://www.wonder-geek.com/koala-money-p-55391.html" "Mozilla/5.0 (Windows NT 10.0; Win64; x64) AppleWebKit/537.36 (KHTML, like Gecko) Chrome/100.0.4896.75 Safari/537.36"
188.247.227.252 - - [14/Apr/2022:06:32:39 +0200] "GET /templates/Pixame_v1/images/infobox/pixel_trans.gif HTTP/1.0" 200 328 "http://www.wonder-geek.com/koala-money-p-55391.html" "Mozilla/5.0 (Windows NT 10.0; Win64; x64) AppleWebKit/537.36 (KHTML, like Gecko) Chrome/100.0.4896.75 Safari/537.36"
188.247.227.252 - - [14/Apr/2022:06:32:39 +0200] "GET /templates/Pixame_v1/images/pixel_trans.gif HTTP/1.0" 200 328 "http://www.wonder-geek.com/koala-money-p-55391.html" "Mozilla/5.0 (Windows NT 10.0; Win64; x64) AppleWebKit/537.36 (KHTML, like Gecko) Chrome/100.0.4896.75 Safari/537.36"
188.247.227.252 - - [14/Apr/2022:06:32:39 +0200] "GET /images/pixel_trans.gif HTTP/1.0" 200 328 "http://www.wonder-geek.com/koala-money-p-55391.html" "Mozilla/5.0 (Windows NT 10.0; Win64; x64) AppleWebKit/537.36 (KHTML, like Gecko) Chrome/100.0.4896.75 Safari/537.36"
188.247.227.252 - - [14/Apr/2022:06:32:39 +0200] "GET /images/big_prod/5404006048250.jpg HTTP/1.0" 200 268 "http://www.wonder-geek.com/koala-money-p-55391.html" "Mozilla/5.0 (Windows NT 10.0; Win64; x64) AppleWebKit/537.36 (KHTML, like Gecko) Chrome/100.0.4896.75 Safari/537.36"
188.247.227.252 - - [14/Apr/2022:06:32:39 +0200] "GET /templates/Pixame_v1/images/Bottom_texture.jpg HTTP/1.0" 200 280 "http://www.wonder-geek.com/templates/Pixame_v1/stylesheet.css" "Mozilla/5.0 (Windows NT 10.0; Win64; x64) AppleWebKit/537.36 (KHTML, like Gecko) Chrome/100.0.4896.75 Safari/537.36"
188.247.227.252 - - [14/Apr/2022:06:32:39 +0200] "GET /templates/Pixame_v1/images/header.png HTTP/1.0" 200 271 "http://www.wonder-geek.com/templates/Pixame_v1/stylesheet.css" "Mozilla/5.0 (Windows NT 10.0; Win64; x64) AppleWebKit/537.36 (KHTML, like Gecko) Chrome/100.0.4896.75 Safari/537.36"
188.247.227.252 - - [14/Apr/2022:06:32:39 +0200] "GET /templates/Pixame_v1/images/Middle_texture.jpg HTTP/1.0" 200 280 "http://www.wonder-geek.com/templates/Pixame_v1/stylesheet.css" "Mozilla/5.0 (Windows NT 10.0; Win64; x64) AppleWebKit/537.36 (KHTML, like Gecko) Chrome/100.0.4896.75 Safari/537.36"
188.247.227.252 - - [14/Apr/2022:06:32:39 +0200] "GET /templates/Pixame_v1/images/nav.png HTTP/1.0" 200 268 "http://www.wonder-geek.com/templates/Pixame_v1/stylesheet.css" "Mozilla/5.0 (Windows NT 10.0; Win64; x64) AppleWebKit/537.36 (KHTML, like Gecko) Chrome/100.0.4896.75 Safari/537.36"
188.247.227.252 - - [14/Apr/2022:06:32:39 +0200] "GET /templates/Pixame_v1/images/header-object.png HTTP/1.0" 200 278 "http://www.wonder-geek.com/templates/Pixame_v1/stylesheet.css" "Mozilla/5.0 (Windows NT 10.0; Win64; x64) AppleWebKit/537.36 (KHTML, like Gecko) Chrome/100.0.4896.75 Safari/537.36"
188.247.227.252 - - [14/Apr/2022:06:32:40 +0200] "GET /design/productsenstock.png HTTP/1.0" 200 260 "http://www.wonder-geek.com/templates/Pixame_v1/stylesheet.css" "Mozilla/5.0 (Windows NT 10.0; Win64; x64) AppleWebKit/537.36 (KHTML, like Gecko) Chrome/100.0.4896.75 Safari/537.36"
188.247.227.252 - - [14/Apr/2022:06:32:40 +0200] "GET /highslide/graphics/zoomin.cur HTTP/1.0" 200 614 "http://www.wonder-geek.com/templates/Pixame_v1/stylesheet.css" "Mozilla/5.0 (Windows NT 10.0; Win64; x64) AppleWebKit/537.36 (KHTML, like Gecko) Chrome/100.0.4896.75 Safari/537.36"
188.247.227.252 - - [14/Apr/2022:06:32:40 +0200] "GET /templates/Pixame_v1/images/infobox/infobox_footer_middle.gif HTTP/1.0" 200 357 "http://www.wonder-geek.com/koala-money-p-55391.html" "Mozilla/5.0 (Windows NT 10.0; Win64; x64) AppleWebKit/537.36 (KHTML, like Gecko) Chrome/100.0.4896.75 Safari/537.36"
188.247.227.252 - - [14/Apr/2022:06:32:40 +0200] "GET /images/big_prod_1/5404006048250b.jpg HTTP/1.0" 200 271 "http://www.wonder-geek.com/koala-money-p-55391.html" "Mozilla/5.0 (Windows NT 10.0; Win64; x64) AppleWebKit/537.36 (KHTML, like Gecko) Chrome/100.0.4896.75 Safari/537.36"
188.247.227.252 - - [14/Apr/2022:06:32:40 +0200] "GET /images/big_prod_2/5404006048250c.jpg HTTP/1.0" 200 271 "http://www.wonder-geek.com/koala-money-p-55391.html" "Mozilla/5.0 (Windows NT 10.0; Win64; x64) AppleWebKit/537.36 (KHTML, like Gecko) Chrome/100.0.4896.75 Safari/537.36"
188.247.227.252 - - [14/Apr/2022:06:32:40 +0200] "GET /images/big_prod_3/5404006048250a.jpg HTTP/1.0" 200 271 "http://www.wonder-geek.com/koala-money-p-55391.html" "Mozilla/5.0 (Windows NT 10.0; Win64; x64) AppleWebKit/537.36 (KHTML, like Gecko) Chrome/100.0.4896.75 Safari/537.36"
188.247.227.252 - - [14/Apr/2022:06:32:40 +0200] "GET /templates/Pixame_v1/images/buttons/english/button_in_cart.gif HTTP/1.0" 200 295 "http://www.wonder-geek.com/koala-money-p-55391.html" "Mozilla/5.0 (Windows NT 10.0; Win64; x64) AppleWebKit/537.36 (KHTML, like Gecko) Chrome/100.0.4896.75 Safari/537.36"
188.247.227.252 - - [14/Apr/2022:06:32:40 +0200] "GET /highslide/graphics/zoomout.cur HTTP/1.0" 200 614 "http://www.wonder-geek.com/koala-money-p-55391.html" "Mozilla/5.0 (Windows NT 10.0; Win64; x64) AppleWebKit/537.36 (KHTML, like Gecko) Chrome/100.0.4896.75 Safari/537.36"
188.247.227.252 - - [14/Apr/2022:06:32:40 +0200] "GET /highslide/graphics/loader.white.gif HTTP/1.0" 200 960 "http://www.wonder-geek.com/templates/Pixame_v1/stylesheet.css" "Mozilla/5.0 (Windows NT 10.0; Win64; x64) AppleWebKit/537.36 (KHTML, like Gecko) Chrome/100.0.4896.75 Safari/537.36"
188.247.227.252 - - [14/Apr/2022:06:32:40 +0200] "GET /highslide/graphics/outlines/drop-shadow.png HTTP/1.0" 200 277 "http://www.wonder-geek.com/koala-money-p-55391.html" "Mozilla/5.0 (Windows NT 10.0; Win64; x64) AppleWebKit/537.36 (KHTML, like Gecko) Chrome/100.0.4896.75 Safari/537.36"
188.247.227.252 - - [14/Apr/2022:06:32:40 +0200] "GET /favicon.ico HTTP/1.0" 200 260 "http://www.wonder-geek.com/koala-money-p-55391.html" "Mozilla/5.0 (Windows NT 10.0; Win64; x64) AppleWebKit/537.36 (KHTML, like Gecko) Chrome/100.0.4896.75 Safari/537.36"
157.90.177.217 - - [14/Apr/2022:06:32:39 +0200] "GET /dexter-shirt-p-29489.html HTTP/1.0" 200 74518 "-" "Mozilla/5.0 (compatible; BLEXBot/1.0; +http://webmeup-crawler.com/)"
95.217.207.61 - - [14/Apr/2022:06:32:41 +0200] "GET /-p-25768.html HTTP/1.0" 200 70808 "-" "Mozilla/5.0 (compatible; MJ12bot/v1.4.8; http://mj12bot.com/)"
157.90.177.217 - - [14/Apr/2022:06:32:45 +0200] "GET /diamond-carpet-p-50745.html HTTP/1.0" 200 74379 "-" "Mozilla/5.0 (compatible; BLEXBot/1.0; +http://webmeup-crawler.com/)"
157.90.177.217 - - [14/Apr/2022:06:32:50 +0200] "GET /diddlina-milimit-rule-p-14300.html HTTP/1.0" 200 73547 "-" "Mozilla/5.0 (compatible; BLEXBot/1.0; +http://webmeup-crawler.com/)"
114.119.133.245 - - [14/Apr/2022:06:32:51 +0200] "GET /images/mini_prod/3700281666793.jpg HTTP/1.0" 200 269 "-" "Mozilla/5.0 (Linux; Android 7.0;) AppleWebKit/537.36 (KHTML, like Gecko) Mobile Safari/537.36 (compatible; PetalBot;+https://webmaster.petalsearch.com/site/petalbot)"
95.217.207.61 - - [14/Apr/2022:06:32:51 +0200] "GET /dolce-vita-placemat-p-24886.html HTTP/1.0" 301 70875 "-" "Mozilla/5.0 (compatible; MJ12bot/v1.4.8; http://mj12bot.com/)"
95.217.207.61 - - [14/Apr/2022:06:32:54 +0200] "GET /-p-24886.html HTTP/1.0" 200 70808 "-" "Mozilla/5.0 (compatible; MJ12bot/v1.4.8; http://mj12bot.com/)"
157.90.177.217 - - [14/Apr/2022:06:32:54 +0200] "GET /difference-accessoriess-c-12_59.html?page=2 HTTP/1.0" 200 81675 "-" "Mozilla/5.0 (compatible; BLEXBot/1.0; +http://webmeup-crawler.com/)"
157.90.177.217 - - [14/Apr/2022:06:33:00 +0200] "GET /diffuser-perfume-essential-oils-c-231_162.html?page=2 HTTP/1.0" 200 91823 "-" "Mozilla/5.0 (compatible; BLEXBot/1.0; +http://webmeup-crawler.com/)"
49.7.20.122 - - [14/Apr/2022:06:33:01 +0200] "GET / HTTP/1.0" 200 151939 "-" "Sogou web spider/4.0(+http://www.sogou.com/docs/help/webmasters.htm#07)"
95.217.207.61 - - [14/Apr/2022:06:33:03 +0200] "GET /dollar-by-cbk-mug-p-14046.html HTTP/1.0" 301 73496 "-" "Mozilla/5.0 (compatible; MJ12bot/v1.4.8; http://mj12bot.com/)"
157.90.177.217 - - [14/Apr/2022:06:33:04 +0200] "GET /diffuser-perfume-essential-oils-c-231_162.html?page=3 HTTP/1.0" 200 90825 "-" "Mozilla/5.0 (compatible; BLEXBot/1.0; +http://webmeup-crawler.com/)"
95.217.207.61 - - [14/Apr/2022:06:33:06 +0200] "GET /dollar-cbkreation-p-14046.html HTTP/1.0" 200 73412 "-" "Mozilla/5.0 (compatible; MJ12bot/v1.4.8; http://mj12bot.com/)"
157.90.177.217 - - [14/Apr/2022:06:33:12 +0200] "GET /digipenguin-p-30677.html HTTP/1.0" 200 74040 "-" "Mozilla/5.0 (compatible; BLEXBot/1.0; +http://webmeup-crawler.com/)"
157.90.177.217 - - [14/Apr/2022:06:33:16 +0200] "GET /diner-paper-towel-dispenser-p-48688.html HTTP/1.0" 200 74058 "-" "Mozilla/5.0 (compatible; BLEXBot/1.0; +http://webmeup-crawler.com/)"
157.90.177.217 - - [14/Apr/2022:06:33:20 +0200] "GET /dinosaur-light-garland-p-55387.html HTTP/1.0" 200 74423 "-" "Mozilla/5.0 (compatible; BLEXBot/1.0; +http://webmeup-crawler.com/)"
157.90.177.217 - - [14/Apr/2022:06:33:24 +0200] "GET /dishes-c-12.html?page=10 HTTP/1.0" 200 92518 "-" "Mozilla/5.0 (compatible; BLEXBot/1.0; +http://webmeup-crawler.com/)"
185.191.171.20 - - [14/Apr/2022:06:33:26 +0200] "GET /petit-prince-exupry-collection-p-44544.html HTTP/1.0" 200 73612 "-" "Mozilla/5.0 (compatible; SemrushBot/7~bl; +http://www.semrush.com/bot.html)"
185.191.171.41 - - [14/Apr/2022:06:33:30 +0200] "GET /black-shell-samsung-with-personalized-picture-p-16359.html?action=add_product HTTP/1.0" 302 476 "-" "Mozilla/5.0 (compatible; SemrushBot/7~bl; +http://www.semrush.com/bot.html)"
157.90.177.217 - - [14/Apr/2022:06:33:30 +0200] "GET /dishes-c-12.html?page=11 HTTP/1.0" 200 92188 "-" "Mozilla/5.0 (compatible; BLEXBot/1.0; +http://webmeup-crawler.com/)"
157.90.177.217 - - [14/Apr/2022:06:33:36 +0200] "GET /dishes-c-12.html?page=2 HTTP/1.0" 200 92080 "-" "Mozilla/5.0 (compatible; BLEXBot/1.0; +http://webmeup-crawler.com/)"
54.36.148.243 - - [14/Apr/2022:06:33:39 +0200] "GET /faut-faire-stickers-p-39331.html HTTP/1.0" 200 73682 "-" "Mozilla/5.0 (compatible; AhrefsBot/7.0; +http://ahrefs.com/robot/)"
157.90.177.217 - - [14/Apr/2022:06:33:41 +0200] "GET /dishes-c-12.html?page=3 HTTP/1.0" 200 91552 "-" "Mozilla/5.0 (compatible; BLEXBot/1.0; +http://webmeup-crawler.com/)"
157.90.177.217 - - [14/Apr/2022:06:33:46 +0200] "GET /dishes-c-12.html?page=4 HTTP/1.0" 200 91401 "-" "Mozilla/5.0 (compatible; BLEXBot/1.0; +http://webmeup-crawler.com/)"
95.217.207.61 - - [14/Apr/2022:06:33:48 +0200] "GET /dollar-by-cbkreation-mug-p-14046.html HTTP/1.0" 301 73496 "-" "Mozilla/5.0 (compatible; MJ12bot/v1.4.8; http://mj12bot.com/)"
95.217.207.61 - - [14/Apr/2022:06:33:51 +0200] "GET /dollar-cbkreation-p-14046.html HTTP/1.0" 200 73412 "-" "Mozilla/5.0 (compatible; MJ12bot/v1.4.8; http://mj12bot.com/)"
157.90.177.217 - - [14/Apr/2022:06:33:51 +0200] "GET /dishes-c-12.html?page=5 HTTP/1.0" 200 91806 "-" "Mozilla/5.0 (compatible; BLEXBot/1.0; +http://webmeup-crawler.com/)"
185.191.171.44 - - [14/Apr/2022:06:33:52 +0200] "GET /panda-money-p-55564.html HTTP/1.0" 200 73433 "-" "Mozilla/5.0 (compatible; SemrushBot/7~bl; +http://www.semrush.com/bot.html)"
95.217.207.61 - - [14/Apr/2022:06:33:55 +0200] "GET /domo-black-carrier-bag-p-9739.html HTTP/1.0" 301 70872 "-" "Mozilla/5.0 (compatible; MJ12bot/v1.4.8; http://mj12bot.com/)"
157.90.177.217 - - [14/Apr/2022:06:33:57 +0200] "GET /dishes-c-12.html?page=6 HTTP/1.0" 200 93503 "-" "Mozilla/5.0 (compatible; BLEXBot/1.0; +http://webmeup-crawler.com/)"
95.217.207.61 - - [14/Apr/2022:06:33:59 +0200] "GET /-p-9739.html HTTP/1.0" 200 70806 "-" "Mozilla/5.0 (compatible; MJ12bot/v1.4.8; http://mj12bot.com/)"
204.12.197.234 - - [14/Apr/2022:06:34:02 +0200] "GET /robots.txt HTTP/1.0" 200 245 "-" "Mozilla/5.0 (compatible; MJ12bot/v1.4.8; http://mj12bot.com/)"
