157.90.128.183 - - [14/Apr/2022:17:49:25 +0200] "GET /images/mini_prod/1399984233573.jpg HTTP/1.1" 200 7391 "-" "Mozilla/5.0 (X11; Ubuntu; Linux x86_64; rv:72.0) Gecko/20100101 Firefox/72.0"
157.90.128.183 - - [14/Apr/2022:17:52:59 +0200] "GET /images/mini_prod/8719497613823.jpg HTTP/1.1" 200 7828 "-" "Mozilla/5.0 (X11; Ubuntu; Linux x86_64; rv:72.0) Gecko/20100101 Firefox/72.0"
185.191.171.12 - - [14/Apr/2022:17:55:24 +0200] "GET /robots.txt HTTP/1.1" 200 2438 "-" "Mozilla/5.0 (compatible; SemrushBot/7~bl; +http://www.semrush.com/bot.html)"
216.244.66.242 - - [14/Apr/2022:17:57:22 +0200] "GET /robots.txt HTTP/1.1" 200 2438 "-" "Mozilla/5.0 (compatible; DotBot/1.2; +https://opensiteexplorer.org/dotbot; help@moz.com)"
104.167.223.227 - - [14/Apr/2022:18:00:25 +0200] "GET /images/big_prod/1328399295791.jpg HTTP/1.1" 200 42635 "-" "-"
157.90.128.183 - - [14/Apr/2022:18:03:21 +0200] "GET /images/mini_prod/b3453131134484.jpg HTTP/1.1" 200 8206 "-" "Mozilla/5.0 (X11; Ubuntu; Linux x86_64; rv:72.0) Gecko/20100101 Firefox/72.0"
114.119.137.31 - - [14/Apr/2022:18:05:22 +0200] "GET /images/mini_prod/9316188078009.jpg HTTP/1.1" 200 4838 "-" "Mozilla/5.0 (Linux; Android 7.0;) AppleWebKit/537.36 (KHTML, like Gecko) Mobile Safari/537.36 (compatible; PetalBot;+https://webmaster.petalsearch.com/site/petalbot)"
114.119.133.245 - - [14/Apr/2022:18:06:42 +0200] "GET /images/big_prod_2/8422084818111B.jpg HTTP/1.1" 200 495914 "-" "Mozilla/5.0 (Linux; Android 7.0;) AppleWebKit/537.36 (KHTML, like Gecko) Mobile Safari/537.36 (compatible; PetalBot;+https://webmaster.petalsearch.com/site/petalbot)"
157.90.128.183 - - [14/Apr/2022:18:08:53 +0200] "GET /images/mini_prod/1384010192313.jpg HTTP/1.1" 200 8904 "-" "Mozilla/5.0 (X11; Ubuntu; Linux x86_64; rv:72.0) Gecko/20100101 Firefox/72.0"
24.8.82.50 - - [14/Apr/2022:18:13:57 +0200] "GET /templates/Pixame_v1/stylesheet.css HTTP/1.1" 200 56057 "http://www.wonder-geek.com/checkout_success.php?order_id=694" "Mozilla/5.0 (Windows NT 10.0; Win64; x64) AppleWebKit/537.36 (KHTML, like Gecko) Chrome/99.0.4844.84 Safari/537.36"
24.8.82.50 - - [14/Apr/2022:18:13:57 +0200] "GET /highslide/highslide.js HTTP/1.1" 200 42909 "http://www.wonder-geek.com/checkout_success.php?order_id=694" "Mozilla/5.0 (Windows NT 10.0; Win64; x64) AppleWebKit/537.36 (KHTML, like Gecko) Chrome/99.0.4844.84 Safari/537.36"
24.8.82.50 - - [14/Apr/2022:18:13:57 +0200] "GET /js/jquery.jqzoom.js HTTP/1.1" 200 4761 "http://www.wonder-geek.com/checkout_success.php?order_id=694" "Mozilla/5.0 (Windows NT 10.0; Win64; x64) AppleWebKit/537.36 (KHTML, like Gecko) Chrome/99.0.4844.84 Safari/537.36"
24.8.82.50 - - [14/Apr/2022:18:13:58 +0200] "GET /js/jquery.js HTTP/1.1" 200 54075 "http://www.wonder-geek.com/checkout_success.php?order_id=694" "Mozilla/5.0 (Windows NT 10.0; Win64; x64) AppleWebKit/537.36 (KHTML, like Gecko) Chrome/99.0.4844.84 Safari/537.36"
24.8.82.50 - - [14/Apr/2022:18:13:58 +0200] "GET /mondial_relay/js/jquery-1.3.2.min.js HTTP/1.1" 200 57254 "http://www.wonder-geek.com/checkout_success.php?order_id=694" "Mozilla/5.0 (Windows NT 10.0; Win64; x64) AppleWebKit/537.36 (KHTML, like Gecko) Chrome/99.0.4844.84 Safari/537.36"
211.249.40.15 - - [14/Apr/2022:18:14:38 +0200] "GET /images/mini_prod/3700281645163.jpg HTTP/1.1" 200 8741 "-" "Mozilla/5.0 (X11; Ubuntu; Linux x86_64; rv:72.0) Gecko/20100101 Firefox/72.0"
95.163.255.131 - - [14/Apr/2022:18:16:58 +0200] "GET /robots.txt HTTP/1.0" 200 2438 "-" "Mozilla/5.0 (compatible; Linux x86_64; Mail.RU_Bot/Img/2.0; +http://go.mail.ru/help/robots)"
95.163.255.129 - - [14/Apr/2022:18:17:08 +0200] "GET /images/img11223.jpg HTTP/1.1" 200 23319 "http://wonder-geek.com/images/img11223.jpg" "Mozilla/5.0 (compatible; Linux x86_64; Mail.RU_Bot/Img/2.0; +http://go.mail.ru/help/robots)"
95.163.255.198 - - [14/Apr/2022:18:17:08 +0200] "GET /images/1399984241981.jpg HTTP/1.1" 200 68456 "http://wonder-geek.com/images/1399984241981.jpg" "Mozilla/5.0 (compatible; Linux x86_64; Mail.RU_Bot/Img/2.0; +http://go.mail.ru/help/robots)"
95.163.255.129 - - [14/Apr/2022:18:17:13 +0200] "GET /images/med_prod/1384010179017.jpg HTTP/1.1" 200 123848 "http://wonder-geek.com/images/med_prod/1384010179017.jpg" "Mozilla/5.0 (compatible; Linux x86_64; Mail.RU_Bot/Img/2.0; +http://go.mail.ru/help/robots)"
147.92.229.61 - - [14/Apr/2022:18:18:19 +0200] "GET /images/mini_prod/3371010281282.jpg HTTP/1.1" 200 6083 "-" "Mozilla/5.0 (X11; Ubuntu; Linux x86_64; rv:72.0) Gecko/20100101 Firefox/72.0"
211.249.40.15 - - [14/Apr/2022:18:18:21 +0200] "GET /images/mini_prod/4036113163741.jpg HTTP/1.1" 200 8133 "-" "Mozilla/5.0 (X11; Ubuntu; Linux x86_64; rv:72.0) Gecko/20100101 Firefox/72.0"
115.204.207.124 - - [14/Apr/2022:18:24:08 +0200] "GET /images/TRODZ3120.jpg HTTP/1.1" 200 25574 "http://www.waimaosou.com/service/onlineSearch/searchX3List.asp?q=table+tennis+ball&c=france&t=pd&p=10" "Mozilla/5.0 (Windows NT 10.0; WOW64) AppleWebKit/537.36 (KHTML, like Gecko) Chrome/86.0.4240.198 Safari/537.36"
115.204.207.124 - - [14/Apr/2022:18:24:09 +0200] "GET /images/DSCN0893.jpg HTTP/1.1" 200 30551 "http://www.waimaosou.com/service/onlineSearch/searchX3List.asp?q=table+tennis+ball&c=france&t=pd&p=10" "Mozilla/5.0 (Windows NT 10.0; WOW64) AppleWebKit/537.36 (KHTML, like Gecko) Chrome/86.0.4240.198 Safari/537.36"
115.204.207.124 - - [14/Apr/2022:18:24:09 +0200] "GET /images/med_prod/1399984237649.jpg HTTP/1.1" 200 57646 "http://www.waimaosou.com/service/onlineSearch/searchX3List.asp?q=table+tennis+ball&c=france&t=pd&p=10" "Mozilla/5.0 (Windows NT 10.0; WOW64) AppleWebKit/537.36 (KHTML, like Gecko) Chrome/86.0.4240.198 Safari/537.36"
115.204.207.124 - - [14/Apr/2022:18:24:09 +0200] "GET /images/big_prod/3700276215982.jpg HTTP/1.1" 200 77065 "http://www.waimaosou.com/service/onlineSearch/searchX3List.asp?q=table+tennis+ball&c=france&t=pd&p=10" "Mozilla/5.0 (Windows NT 10.0; WOW64) AppleWebKit/537.36 (KHTML, like Gecko) Chrome/86.0.4240.198 Safari/537.36"
115.204.207.124 - - [14/Apr/2022:18:24:09 +0200] "GET /images/mini_prod/3503420505294.jpg HTTP/1.1" 200 5355 "http://www.waimaosou.com/service/onlineSearch/searchX3List.asp?q=table+tennis+ball&c=france&t=pd&p=10" "Mozilla/5.0 (Windows NT 10.0; WOW64) AppleWebKit/537.36 (KHTML, like Gecko) Chrome/86.0.4240.198 Safari/537.36"
115.204.207.124 - - [14/Apr/2022:18:24:09 +0200] "GET /images/mini_prod/8445146035943.jpg HTTP/1.1" 200 2857 "http://www.waimaosou.com/service/onlineSearch/searchX3List.asp?q=table+tennis+ball&c=france&t=pd&p=10" "Mozilla/5.0 (Windows NT 10.0; WOW64) AppleWebKit/537.36 (KHTML, like Gecko) Chrome/86.0.4240.198 Safari/537.36"
115.204.207.124 - - [14/Apr/2022:18:24:09 +0200] "GET /images/mini_prod/8445146036186.jpg HTTP/1.1" 200 3148 "http://www.waimaosou.com/service/onlineSearch/searchX3List.asp?q=table+tennis+ball&c=france&t=pd&p=10" "Mozilla/5.0 (Windows NT 10.0; WOW64) AppleWebKit/537.36 (KHTML, like Gecko) Chrome/86.0.4240.198 Safari/537.36"
115.204.207.124 - - [14/Apr/2022:18:24:10 +0200] "GET /images/defaut.gif HTTP/1.1" 200 5544 "http://www.waimaosou.com/service/onlineSearch/searchX3List.asp?q=table+tennis+ball&c=france&t=pd&p=10" "Mozilla/5.0 (Windows NT 10.0; WOW64) AppleWebKit/537.36 (KHTML, like Gecko) Chrome/86.0.4240.198 Safari/537.36"
115.204.207.124 - - [14/Apr/2022:18:24:10 +0200] "GET /images/mini_prod/1328399138463.jpg HTTP/1.1" 200 7210 "http://www.waimaosou.com/service/onlineSearch/searchX3List.asp?q=table+tennis+ball&c=france&t=pd&p=10" "Mozilla/5.0 (Windows NT 10.0; WOW64) AppleWebKit/537.36 (KHTML, like Gecko) Chrome/86.0.4240.198 Safari/537.36"
115.204.207.124 - - [14/Apr/2022:18:24:11 +0200] "GET /images/med_prod/1399984272152.jpg HTTP/1.1" 200 78436 "http://www.waimaosou.com/service/onlineSearch/searchX3List.asp?q=table+tennis+ball&c=france&t=pd&p=10" "Mozilla/5.0 (Windows NT 10.0; WOW64) AppleWebKit/537.36 (KHTML, like Gecko) Chrome/86.0.4240.198 Safari/537.36"
147.92.229.61 - - [14/Apr/2022:18:24:29 +0200] "GET /images/mini_prod/3681643100752.jpg HTTP/1.1" 200 5814 "-" "Mozilla/5.0 (X11; Ubuntu; Linux x86_64; rv:72.0) Gecko/20100101 Firefox/72.0"
75.162.148.65 - - [14/Apr/2022:18:25:33 +0200] "GET /images/med_prod/4029811349050.jpg HTTP/1.1" 200 47277 "https://www.newstore88.gq/" "Mozilla/5.0 (iPhone; CPU iPhone OS 15_4_1 like Mac OS X) AppleWebKit/605.1.15 (KHTML, like Gecko) Version/15.4 Mobile/15E148 Safari/604.1"
66.249.64.146 - - [14/Apr/2022:18:27:14 +0200] "GET /images/big_prod/1304038301146.jpg HTTP/1.1" 200 77339 "-" "Googlebot-Image/1.0"
157.90.128.183 - - [14/Apr/2022:18:27:21 +0200] "GET /images/mini_prod/1399984258361.jpg HTTP/1.1" 200 11479 "-" "Mozilla/5.0 (X11; Ubuntu; Linux x86_64; rv:72.0) Gecko/20100101 Firefox/72.0"
87.250.224.149 - - [14/Apr/2022:18:29:15 +0200] "GET /robots.txt HTTP/1.1" 200 2438 "-" "Mozilla/5.0 (compatible; YandexBot/3.0; +http://yandex.com/bots)"
54.36.148.125 - - [14/Apr/2022:18:31:03 +0200] "GET /robots.txt HTTP/1.1" 200 2438 "-" "Mozilla/5.0 (compatible; AhrefsBot/7.0; +http://ahrefs.com/robot/)"
211.249.40.15 - - [14/Apr/2022:18:32:28 +0200] "GET /images/mini_prod/3553560114634.jpg HTTP/1.1" 200 12687 "-" "Mozilla/5.0 (X11; Ubuntu; Linux x86_64; rv:72.0) Gecko/20100101 Firefox/72.0"
185.191.171.13 - - [14/Apr/2022:18:34:35 +0200] "GET /robots.txt HTTP/1.1" 200 2438 "-" "Mozilla/5.0 (compatible; SemrushBot/7~bl; +http://www.semrush.com/bot.html)"
157.90.128.183 - - [14/Apr/2022:18:38:29 +0200] "GET /images/mini_prod/5701359678982.jpg HTTP/1.1" 200 9154 "-" "Mozilla/5.0 (X11; Ubuntu; Linux x86_64; rv:72.0) Gecko/20100101 Firefox/72.0"
157.90.128.183 - - [14/Apr/2022:18:38:42 +0200] "GET /images/mini_prod/8424001569380.jpg HTTP/1.1" 200 7784 "-" "Mozilla/5.0 (X11; Ubuntu; Linux x86_64; rv:72.0) Gecko/20100101 Firefox/72.0"
118.191.216.250 - - [14/Apr/2022:18:49:14 +0200] "GET /images/mini_prod/8424345892595.jpg HTTP/1.1" 200 12122 "-" "Mozilla/5.0 (X11; Ubuntu; Linux x86_64; rv:72.0) Gecko/20100101 Firefox/72.0"
216.244.66.242 - - [14/Apr/2022:18:51:06 +0200] "GET /robots.txt HTTP/1.1" 200 2438 "-" "Mozilla/5.0 (compatible; DotBot/1.2; +https://opensiteexplorer.org/dotbot; help@moz.com)"
147.92.229.61 - - [14/Apr/2022:18:53:32 +0200] "GET /images/mini_prod/3609810067066.jpg HTTP/1.1" 200 6173 "-" "Mozilla/5.0 (X11; Ubuntu; Linux x86_64; rv:72.0) Gecko/20100101 Firefox/72.0"
189.216.74.27 - - [14/Apr/2022:19:11:02 +0200] "GET /images/Pucca-Summer-Holidays-75x15.jpg HTTP/1.1" 200 42127 "https://www.google.com/" "Mozilla/5.0 (Linux; Android 4.4.2; SM-T210) AppleWebKit/537.36 (KHTML, like Gecko) Chrome/81.0.4044.138 Safari/537.36"
216.244.66.242 - - [14/Apr/2022:19:14:39 +0200] "GET /images/MISES-EN-SITUATION-STACH-09.jpg HTTP/1.1" 200 28573 "-" "Mozilla/5.0 (compatible; DotBot/1.2; +https://opensiteexplorer.org/dotbot; help@moz.com)"
185.191.171.16 - - [14/Apr/2022:19:14:57 +0200] "GET /robots.txt HTTP/1.1" 200 2438 "-" "Mozilla/5.0 (compatible; SemrushBot/7~bl; +http://www.semrush.com/bot.html)"
211.249.40.15 - - [14/Apr/2022:19:21:04 +0200] "GET /images/big_prod_1/8424001544387B.jpg HTTP/1.1" 200 130206 "-" "Mozilla/5.0 (X11; Ubuntu; Linux x86_64; rv:72.0) Gecko/20100101 Firefox/72.0"
147.92.229.61 - - [14/Apr/2022:19:22:07 +0200] "GET /images/mini_prod/8433933162682.jpg HTTP/1.1" 200 5199 "-" "Mozilla/5.0 (X11; Ubuntu; Linux x86_64; rv:72.0) Gecko/20100101 Firefox/72.0"
40.77.167.106 - - [14/Apr/2022:19:22:49 +0200] "GET /robots.txt HTTP/1.1" 200 2438 "-" "Mozilla/5.0 (compatible; bingbot/2.0; +http://www.bing.com/bingbot.htm)"
157.90.128.183 - - [14/Apr/2022:19:25:09 +0200] "GET /images/mini_prod/3700276281796.jpg HTTP/1.1" 200 8279 "-" "Mozilla/5.0 (X11; Ubuntu; Linux x86_64; rv:72.0) Gecko/20100101 Firefox/72.0"
157.90.128.183 - - [14/Apr/2022:19:28:27 +0200] "GET /images/mini_prod/MISES-EN-SITUATION-03.jpg HTTP/1.1" 200 7442 "-" "Mozilla/5.0 (X11; Ubuntu; Linux x86_64; rv:72.0) Gecko/20100101 Firefox/72.0"
37.204.160.165 - - [14/Apr/2022:19:32:40 +0200] "GET /images/med_prod/4891813832744.jpg HTTP/1.1" 200 118996 "-" "Mozilla/5.0 (iPhone; CPU iPhone OS 15_4_1 like Mac OS X) AppleWebKit/605.1.15 (KHTML, like Gecko) Version/15.4 Mobile/15E148 Safari/604.1"
147.92.229.61 - - [14/Apr/2022:19:35:38 +0200] "GET /images/big_prod/1384010203583.jpg HTTP/1.1" 200 137631 "-" "Mozilla/5.0 (X11; Ubuntu; Linux x86_64; rv:72.0) Gecko/20100101 Firefox/72.0"
75.24.193.18 - - [14/Apr/2022:19:37:59 +0200] "GET /images/1300010240366.jpg HTTP/1.1" 200 165051 "-" "Mozilla/5.0 (Macintosh; Intel Mac OS X 10_15_6) AppleWebKit/605.1.15 (KHTML, like Gecko) Version/15.3 Safari/605.1.15"
216.244.66.242 - - [14/Apr/2022:19:43:45 +0200] "GET /robots.txt HTTP/1.1" 200 2438 "-" "Mozilla/5.0 (compatible; DotBot/1.2; +https://opensiteexplorer.org/dotbot; help@moz.com)"
95.163.255.129 - - [14/Apr/2022:19:50:42 +0200] "GET /robots.txt HTTP/1.0" 200 2438 "-" "Mozilla/5.0 (compatible; Linux x86_64; Mail.RU_Bot/Img/2.0; +http://go.mail.ru/help/robots)"
95.163.255.121 - - [14/Apr/2022:19:50:53 +0200] "GET /images/med_prod/1341689287320.jpg HTTP/1.1" 200 201194 "http://wonder-geek.com/images/med_prod/1341689287320.jpg" "Mozilla/5.0 (compatible; Linux x86_64; Mail.RU_Bot/Img/2.0; +http://go.mail.ru/help/robots)"
157.90.128.183 - - [14/Apr/2022:19:53:05 +0200] "GET /images/mini_prod/5060021928740.jpg HTTP/1.1" 200 8295 "-" "Mozilla/5.0 (X11; Ubuntu; Linux x86_64; rv:72.0) Gecko/20100101 Firefox/72.0"
66.249.64.158 - - [14/Apr/2022:19:54:36 +0200] "GET /images/big_prod_1/8422080298511b.jpg HTTP/1.1" 200 95734 "-" "Googlebot-Image/1.0"
185.191.171.44 - - [14/Apr/2022:19:55:38 +0200] "GET /robots.txt HTTP/1.1" 200 2438 "-" "Mozilla/5.0 (compatible; SemrushBot/7~bl; +http://www.semrush.com/bot.html)"
157.90.128.183 - - [14/Apr/2022:19:58:12 +0200] "GET /images/mini_prod/MISES-EN-SITUATION-07.jpg HTTP/1.1" 200 6884 "-" "Mozilla/5.0 (X11; Ubuntu; Linux x86_64; rv:72.0) Gecko/20100101 Firefox/72.0"
147.92.229.61 - - [14/Apr/2022:19:58:55 +0200] "GET /images/mini_prod/5028486153565.jpg HTTP/1.1" 200 8764 "-" "Mozilla/5.0 (X11; Ubuntu; Linux x86_64; rv:72.0) Gecko/20100101 Firefox/72.0"
157.90.128.183 - - [14/Apr/2022:20:07:10 +0200] "GET /images/mini_prod/3524550043135.jpg HTTP/1.1" 200 7304 "-" "Mozilla/5.0 (X11; Ubuntu; Linux x86_64; rv:72.0) Gecko/20100101 Firefox/72.0"
118.191.216.250 - - [14/Apr/2022:20:08:14 +0200] "GET /images/mini_prod/3457019600474a.jpg HTTP/1.1" 200 6540 "-" "Mozilla/5.0 (X11; Ubuntu; Linux x86_64; rv:72.0) Gecko/20100101 Firefox/72.0"
147.92.229.61 - - [14/Apr/2022:20:08:28 +0200] "GET /images/mini_prod/1300000111126.jpg HTTP/1.1" 200 6478 "-" "Mozilla/5.0 (X11; Ubuntu; Linux x86_64; rv:72.0) Gecko/20100101 Firefox/72.0"
211.249.40.15 - - [14/Apr/2022:20:10:45 +0200] "GET /images/mini_prod/3503420096426.jpg HTTP/1.1" 200 7190 "-" "Mozilla/5.0 (X11; Ubuntu; Linux x86_64; rv:72.0) Gecko/20100101 Firefox/72.0"
66.249.64.158 - - [14/Apr/2022:20:12:58 +0200] "GET /images/big_prod/8445146044730.jpg HTTP/1.1" 200 65357 "-" "Googlebot-Image/1.0"
157.90.128.183 - - [14/Apr/2022:20:22:15 +0200] "GET /images/mini_prod/1384010204726.jpg HTTP/1.1" 200 9422 "-" "Mozilla/5.0 (X11; Ubuntu; Linux x86_64; rv:72.0) Gecko/20100101 Firefox/72.0"
73.109.103.131 - - [14/Apr/2022:20:22:46 +0200] "GET /images/big_prod/1345544761390.jpg HTTP/1.1" 200 76674 "-" "Mozilla/5.0 (X11; Ubuntu; Linux x86_64; rv:72.0) Gecko/20100101 Firefox/72.0"
157.90.128.183 - - [14/Apr/2022:20:22:58 +0200] "GET /images/mini_prod/1439116000007N.jpg HTTP/1.1" 200 7079 "-" "Mozilla/5.0 (X11; Ubuntu; Linux x86_64; rv:72.0) Gecko/20100101 Firefox/72.0"
147.92.229.61 - - [14/Apr/2022:20:30:34 +0200] "GET /images/mini_prod/3014627889389.jpg HTTP/1.1" 200 8884 "-" "Mozilla/5.0 (X11; Ubuntu; Linux x86_64; rv:72.0) Gecko/20100101 Firefox/72.0"
66.249.64.152 - - [14/Apr/2022:20:31:20 +0200] "GET /images/big_prod/a1328399270071.jpg HTTP/1.1" 200 166155 "-" "Googlebot-Image/1.0"
147.92.229.61 - - [14/Apr/2022:20:33:57 +0200] "GET /images/mini_prod/3609810007895.jpg HTTP/1.1" 200 8090 "-" "Mozilla/5.0 (X11; Ubuntu; Linux x86_64; rv:72.0) Gecko/20100101 Firefox/72.0"
87.250.224.149 - - [14/Apr/2022:20:34:09 +0200] "GET /robots.txt HTTP/1.1" 200 2438 "-" "Mozilla/5.0 (compatible; YandexBot/3.0; +http://yandex.com/bots)"
87.250.224.149 - - [14/Apr/2022:20:34:13 +0200] "GET /images/big_prod/8412497558643.jpg HTTP/1.1" 304 0 "-" "Mozilla/5.0 (compatible; YandexImages/3.0; +http://yandex.com/bots)"
211.249.40.15 - - [14/Apr/2022:20:34:38 +0200] "GET /images/mini_prod/3453131031912.jpg HTTP/1.1" 200 6423 "-" "Mozilla/5.0 (X11; Ubuntu; Linux x86_64; rv:72.0) Gecko/20100101 Firefox/72.0"
216.244.66.242 - - [14/Apr/2022:20:35:50 +0200] "GET /robots.txt HTTP/1.1" 200 2438 "-" "Mozilla/5.0 (compatible; DotBot/1.2; +https://opensiteexplorer.org/dotbot; help@moz.com)"
157.90.128.183 - - [14/Apr/2022:20:44:34 +0200] "GET /images/mini_prod/3609810076006b.jpg HTTP/1.1" 200 5783 "-" "Mozilla/5.0 (X11; Ubuntu; Linux x86_64; rv:72.0) Gecko/20100101 Firefox/72.0"
147.92.229.61 - - [14/Apr/2022:20:47:42 +0200] "GET /images/mini_prod/1384010176016.jpg HTTP/1.1" 200 8752 "-" "Mozilla/5.0 (X11; Ubuntu; Linux x86_64; rv:72.0) Gecko/20100101 Firefox/72.0"
185.191.171.1 - - [14/Apr/2022:20:52:30 +0200] "GET /robots.txt HTTP/1.1" 200 2438 "-" "Mozilla/5.0 (compatible; SemrushBot/7~bl; +http://www.semrush.com/bot.html)"
66.249.64.158 - - [14/Apr/2022:20:54:07 +0200] "GET /images/big_prod/8718375756225.jpg HTTP/1.1" 200 93937 "-" "Googlebot-Image/1.0"
211.249.40.15 - - [14/Apr/2022:20:55:00 +0200] "GET /images/big_prod_3/028399270163a.jpg HTTP/1.1" 200 178546 "-" "Mozilla/5.0 (X11; Ubuntu; Linux x86_64; rv:72.0) Gecko/20100101 Firefox/72.0"
54.236.1.13 - - [14/Apr/2022:20:56:07 +0200] "GET /robots.txt HTTP/1.1" 200 2438 "-" "Mozilla/5.0 (compatible; Pinterestbot/1.0; +http://www.pinterest.com/bot.html)"
147.92.229.61 - - [14/Apr/2022:20:56:12 +0200] "GET /images/med_prod/8435306276187.jpg HTTP/1.1" 200 97404 "-" "Mozilla/5.0 (X11; Ubuntu; Linux x86_64; rv:72.0) Gecko/20100101 Firefox/72.0"
95.163.255.66 - - [14/Apr/2022:20:59:14 +0200] "GET /robots.txt HTTP/1.0" 200 2438 "-" "Mozilla/5.0 (compatible; Linux x86_64; Mail.RU_Bot/2.0; +http://go.mail.ru/help/robots)"
95.163.255.62 - - [14/Apr/2022:20:59:16 +0200] "GET /images/big_prod/1399984289204.jpg HTTP/1.1" 200 101256 "-" "Mozilla/5.0 (compatible; Linux x86_64; Mail.RU_Bot/2.0; +http://go.mail.ru/help/robots)"
147.92.229.61 - - [14/Apr/2022:21:03:47 +0200] "GET /images/mini_prod/3700276271162.jpg HTTP/1.1" 200 11313 "-" "Mozilla/5.0 (X11; Ubuntu; Linux x86_64; rv:72.0) Gecko/20100101 Firefox/72.0"
66.249.64.146 - - [14/Apr/2022:21:04:23 +0200] "GET /images/mini_prod/88157signes.jpg HTTP/1.1" 200 6717 "-" "Googlebot-Image/1.0"
113.207.6.244 - - [14/Apr/2022:21:04:31 +0200] "GET /images/mini_prod/8435333849231.jpg HTTP/1.1" 200 9225 "-" "Mozilla/5.0 (X11; Ubuntu; Linux x86_64; rv:72.0) Gecko/20100101 Firefox/72.0"
223.39.191.66 - - [14/Apr/2022:21:10:20 +0200] "GET /images/mini_prod/3700516211415B.jpg HTTP/1.1" 200 5820 "-" "Mozilla/5.0 (X11; Ubuntu; Linux x86_64; rv:72.0) Gecko/20100101 Firefox/72.0"
211.249.40.15 - - [14/Apr/2022:21:11:17 +0200] "GET /images/mini_prod/5022271700507.jpg HTTP/1.1" 200 9526 "-" "Mozilla/5.0 (X11; Ubuntu; Linux x86_64; rv:72.0) Gecko/20100101 Firefox/72.0"
24.179.215.167 - - [14/Apr/2022:21:12:45 +0200] "GET /images/med_prod/8435306265839.jpg HTTP/1.1" 200 81615 "-" "Mozilla/5.0 (X11; Ubuntu; Linux x86_64; rv:72.0) Gecko/20100101 Firefox/72.0"
211.249.40.15 - - [14/Apr/2022:21:22:21 +0200] "GET /images/mini_prod/DSCN6554.jpg HTTP/1.1" 200 6396 "-" "Mozilla/5.0 (X11; Ubuntu; Linux x86_64; rv:72.0) Gecko/20100101 Firefox/72.0"
211.249.40.15 - - [14/Apr/2022:21:23:21 +0200] "GET /images/mini_prod/1384010176283.jpg HTTP/1.1" 200 7319 "-" "Mozilla/5.0 (X11; Ubuntu; Linux x86_64; rv:72.0) Gecko/20100101 Firefox/72.0"
95.163.255.198 - - [14/Apr/2022:21:23:44 +0200] "GET /robots.txt HTTP/1.0" 200 2438 "-" "Mozilla/5.0 (compatible; Linux x86_64; Mail.RU_Bot/Img/2.0; +http://go.mail.ru/help/robots)"
95.163.255.121 - - [14/Apr/2022:21:23:56 +0200] "GET /images/big_prod/1384010204054.jpg HTTP/1.1" 200 92080 "http://wonder-geek.com/images/big_prod/1384010204054.jpg" "Mozilla/5.0 (compatible; Linux x86_64; Mail.RU_Bot/Img/2.0; +http://go.mail.ru/help/robots)"
216.244.66.242 - - [14/Apr/2022:21:27:32 +0200] "GET /robots.txt HTTP/1.1" 200 2438 "-" "Mozilla/5.0 (compatible; DotBot/1.2; +https://opensiteexplorer.org/dotbot; help@moz.com)"
147.92.229.61 - - [14/Apr/2022:21:29:43 +0200] "GET /images/mini_prod/3503420127786.jpg HTTP/1.1" 200 5802 "-" "Mozilla/5.0 (X11; Ubuntu; Linux x86_64; rv:72.0) Gecko/20100101 Firefox/72.0"
66.249.64.146 - - [14/Apr/2022:21:30:50 +0200] "GET /images/090908_225604_PEEL_vk9KEk.jpg HTTP/1.1" 200 34249 "-" "Googlebot-Image/1.0"
211.249.40.15 - - [14/Apr/2022:21:31:47 +0200] "GET /images/mini_prod/1384010182741.jpg HTTP/1.1" 200 6953 "-" "Mozilla/5.0 (X11; Ubuntu; Linux x86_64; rv:72.0) Gecko/20100101 Firefox/72.0"
211.249.40.15 - - [14/Apr/2022:21:32:48 +0200] "GET /images/mini_prod/3609810079694.jpg HTTP/1.1" 200 5569 "-" "Mozilla/5.0 (X11; Ubuntu; Linux x86_64; rv:72.0) Gecko/20100101 Firefox/72.0"
185.191.171.39 - - [14/Apr/2022:21:36:42 +0200] "GET /robots.txt HTTP/1.1" 200 2438 "-" "Mozilla/5.0 (compatible; SemrushBot/7~bl; +http://www.semrush.com/bot.html)"
147.92.229.61 - - [14/Apr/2022:21:36:51 +0200] "GET /images/mini_prod/3700653590855.jpg HTTP/1.1" 200 8103 "-" "Mozilla/5.0 (X11; Ubuntu; Linux x86_64; rv:72.0) Gecko/20100101 Firefox/72.0"
211.249.40.15 - - [14/Apr/2022:21:40:18 +0200] "GET /images/mini_prod/4029811340675.jpg HTTP/1.1" 200 11203 "-" "Mozilla/5.0 (X11; Ubuntu; Linux x86_64; rv:72.0) Gecko/20100101 Firefox/72.0"
223.39.191.66 - - [14/Apr/2022:21:41:40 +0200] "GET /images/mini_prod/5036278060298.jpg HTTP/1.1" 200 8384 "-" "Mozilla/5.0 (X11; Ubuntu; Linux x86_64; rv:72.0) Gecko/20100101 Firefox/72.0"
185.191.171.21 - - [14/Apr/2022:21:47:49 +0200] "GET /robots.txt HTTP/1.1" 200 2438 "-" "Mozilla/5.0 (compatible; SemrushBot/7~bl; +http://www.semrush.com/bot.html)"
157.90.128.183 - - [14/Apr/2022:21:48:27 +0200] "GET /images/mini_prod/4036113232324.jpg HTTP/1.1" 200 10200 "-" "Mozilla/5.0 (X11; Ubuntu; Linux x86_64; rv:72.0) Gecko/20100101 Firefox/72.0"
117.148.130.28 - - [14/Apr/2022:21:50:41 +0200] "GET /images/mini_prod/8424001593279.jpg HTTP/1.1" 200 6249 "-" "Mozilla/5.0 (Windows NT 10.0; WOW64) AppleWebKit/537.36 (KHTML, like Gecko) Chrome/90.0.4430.212 Safari/537.36"
155.130.12.208 - - [14/Apr/2022:21:52:14 +0200] "GET /images/mini_prod/1399984235423.JPG HTTP/1.1" 200 6568 "-" "Mozilla/5.0 (X11; Ubuntu; Linux x86_64; rv:72.0) Gecko/20100101 Firefox/72.0"
117.148.130.28 - - [14/Apr/2022:21:54:10 +0200] "GET /images/mini_prod/DSCN3408.gif HTTP/1.1" 200 11140 "-" "Mozilla/5.0 (Windows NT 10.0; WOW64) AppleWebKit/537.36 (KHTML, like Gecko) Chrome/90.0.4430.212 Safari/537.36"
117.148.130.28 - - [14/Apr/2022:21:54:13 +0200] "GET /images/mini_prod/3014627935642.jpg HTTP/1.1" 200 9464 "-" "Mozilla/5.0 (Windows NT 10.0; WOW64) AppleWebKit/537.36 (KHTML, like Gecko) Chrome/90.0.4430.212 Safari/537.36"
211.249.40.15 - - [14/Apr/2022:21:55:13 +0200] "GET /images/mini_prod/3661443611191.jpg HTTP/1.1" 200 6471 "-" "Mozilla/5.0 (X11; Ubuntu; Linux x86_64; rv:72.0) Gecko/20100101 Firefox/72.0"
157.90.128.183 - - [14/Apr/2022:21:57:25 +0200] "GET /images/mini_prod/5415203901453.jpg HTTP/1.1" 200 6641 "-" "Mozilla/5.0 (X11; Ubuntu; Linux x86_64; rv:72.0) Gecko/20100101 Firefox/72.0"
73.109.103.131 - - [14/Apr/2022:21:58:17 +0200] "GET /images/mini_prod/3661443279476.jpg HTTP/1.1" 200 6434 "-" "Mozilla/5.0 (X11; Ubuntu; Linux x86_64; rv:72.0) Gecko/20100101 Firefox/72.0"
94.130.19.112 - - [14/Apr/2022:21:58:52 +0200] "GET /images/mini_prod/4717115143022.jpg HTTP/1.1" 200 5268 "-" "Mozilla/5.0 (X11; Ubuntu; Linux x86_64; rv:72.0) Gecko/20100101 Firefox/72.0"
223.39.191.66 - - [14/Apr/2022:21:59:17 +0200] "GET /images/mini_prod/b8009233802179b.jpg HTTP/1.1" 200 7572 "-" "Mozilla/5.0 (X11; Ubuntu; Linux x86_64; rv:72.0) Gecko/20100101 Firefox/72.0"
211.249.40.15 - - [14/Apr/2022:22:02:12 +0200] "GET /images/mini_prod/3609810098879NN.jpg HTTP/1.1" 200 9541 "-" "Mozilla/5.0 (X11; Ubuntu; Linux x86_64; rv:72.0) Gecko/20100101 Firefox/72.0"
81.233.117.54 - - [14/Apr/2022:22:04:34 +0200] "GET /templates/Pixame_v1/stylesheet.css HTTP/1.1" 200 56057 "http://www.wonder-geek.com/japanese-hexagon-style-tetsubin-cast-iron-teapot-p-55203.html" "Mozilla/5.0 (Linux; Android 10; VOG-L29) AppleWebKit/537.36 (KHTML, like Gecko) Chrome/100.0.4896.88 Mobile Safari/537.36"
81.233.117.54 - - [14/Apr/2022:22:04:34 +0200] "GET /js/jquery.jqzoom.js HTTP/1.1" 200 4761 "http://www.wonder-geek.com/japanese-hexagon-style-tetsubin-cast-iron-teapot-p-55203.html" "Mozilla/5.0 (Linux; Android 10; VOG-L29) AppleWebKit/537.36 (KHTML, like Gecko) Chrome/100.0.4896.88 Mobile Safari/537.36"
81.233.117.54 - - [14/Apr/2022:22:04:34 +0200] "GET /highslide/highslide.js HTTP/1.1" 200 42909 "http://www.wonder-geek.com/japanese-hexagon-style-tetsubin-cast-iron-teapot-p-55203.html" "Mozilla/5.0 (Linux; Android 10; VOG-L29) AppleWebKit/537.36 (KHTML, like Gecko) Chrome/100.0.4896.88 Mobile Safari/537.36"
81.233.117.54 - - [14/Apr/2022:22:04:34 +0200] "GET /js/jquery.js HTTP/1.1" 200 54075 "http://www.wonder-geek.com/japanese-hexagon-style-tetsubin-cast-iron-teapot-p-55203.html" "Mozilla/5.0 (Linux; Android 10; VOG-L29) AppleWebKit/537.36 (KHTML, like Gecko) Chrome/100.0.4896.88 Mobile Safari/537.36"
81.233.117.54 - - [14/Apr/2022:22:04:34 +0200] "GET /mondial_relay/js/jquery-1.3.2.min.js HTTP/1.1" 200 57254 "http://www.wonder-geek.com/japanese-hexagon-style-tetsubin-cast-iron-teapot-p-55203.html" "Mozilla/5.0 (Linux; Android 10; VOG-L29) AppleWebKit/537.36 (KHTML, like Gecko) Chrome/100.0.4896.88 Mobile Safari/537.36"
81.233.117.54 - - [14/Apr/2022:22:04:34 +0200] "GET /templates/Pixame_v1/images/icon_accueil2.png HTTP/1.1" 200 1137 "http://www.wonder-geek.com/japanese-hexagon-style-tetsubin-cast-iron-teapot-p-55203.html" "Mozilla/5.0 (Linux; Android 10; VOG-L29) AppleWebKit/537.36 (KHTML, like Gecko) Chrome/100.0.4896.88 Mobile Safari/537.36"
81.233.117.54 - - [14/Apr/2022:22:04:34 +0200] "GET /images/big_prod/8720088299661.jpg HTTP/1.1" 200 115990 "http://www.wonder-geek.com/japanese-hexagon-style-tetsubin-cast-iron-teapot-p-55203.html" "Mozilla/5.0 (Linux; Android 10; VOG-L29) AppleWebKit/537.36 (KHTML, like Gecko) Chrome/100.0.4896.88 Mobile Safari/537.36"
81.233.117.54 - - [14/Apr/2022:22:04:34 +0200] "GET /templates/Pixame_v1/images/nav.png HTTP/1.1" 200 1283 "http://www.wonder-geek.com/templates/Pixame_v1/stylesheet.css" "Mozilla/5.0 (Linux; Android 10; VOG-L29) AppleWebKit/537.36 (KHTML, like Gecko) Chrome/100.0.4896.88 Mobile Safari/537.36"
81.233.117.54 - - [14/Apr/2022:22:04:34 +0200] "GET /images/big_prod_1/8720088299661a.jpg HTTP/1.1" 200 140012 "http://www.wonder-geek.com/japanese-hexagon-style-tetsubin-cast-iron-teapot-p-55203.html" "Mozilla/5.0 (Linux; Android 10; VOG-L29) AppleWebKit/537.36 (KHTML, like Gecko) Chrome/100.0.4896.88 Mobile Safari/537.36"
81.233.117.54 - - [14/Apr/2022:22:04:34 +0200] "GET /templates/Pixame_v1/images/header.png HTTP/1.1" 200 70245 "http://www.wonder-geek.com/templates/Pixame_v1/stylesheet.css" "Mozilla/5.0 (Linux; Android 10; VOG-L29) AppleWebKit/537.36 (KHTML, like Gecko) Chrome/100.0.4896.88 Mobile Safari/537.36"
81.233.117.54 - - [14/Apr/2022:22:04:34 +0200] "GET /templates/Pixame_v1/images/header-object.png HTTP/1.1" 200 106050 "http://www.wonder-geek.com/templates/Pixame_v1/stylesheet.css" "Mozilla/5.0 (Linux; Android 10; VOG-L29) AppleWebKit/537.36 (KHTML, like Gecko) Chrome/100.0.4896.88 Mobile Safari/537.36"
81.233.117.54 - - [14/Apr/2022:22:04:34 +0200] "GET /design/productsenstock.png HTTP/1.1" 200 4743 "http://www.wonder-geek.com/templates/Pixame_v1/stylesheet.css" "Mozilla/5.0 (Linux; Android 10; VOG-L29) AppleWebKit/537.36 (KHTML, like Gecko) Chrome/100.0.4896.88 Mobile Safari/537.36"
81.233.117.54 - - [14/Apr/2022:22:04:34 +0200] "GET /templates/Pixame_v1/images/Bottom_texture.jpg HTTP/1.1" 200 56290 "http://www.wonder-geek.com/templates/Pixame_v1/stylesheet.css" "Mozilla/5.0 (Linux; Android 10; VOG-L29) AppleWebKit/537.36 (KHTML, like Gecko) Chrome/100.0.4896.88 Mobile Safari/537.36"
81.233.117.54 - - [14/Apr/2022:22:04:34 +0200] "GET /templates/Pixame_v1/images/Middle_texture.jpg HTTP/1.1" 200 249620 "http://www.wonder-geek.com/templates/Pixame_v1/stylesheet.css" "Mozilla/5.0 (Linux; Android 10; VOG-L29) AppleWebKit/537.36 (KHTML, like Gecko) Chrome/100.0.4896.88 Mobile Safari/537.36"
81.233.117.54 - - [14/Apr/2022:22:04:34 +0200] "GET /images/big_prod_2/8720088299661b.jpg HTTP/1.1" 200 112580 "http://www.wonder-geek.com/japanese-hexagon-style-tetsubin-cast-iron-teapot-p-55203.html" "Mozilla/5.0 (Linux; Android 10; VOG-L29) AppleWebKit/537.36 (KHTML, like Gecko) Chrome/100.0.4896.88 Mobile Safari/537.36"
81.233.117.54 - - [14/Apr/2022:22:04:34 +0200] "GET /images/big_prod_3/8720088299661c.jpg HTTP/1.1" 200 156546 "http://www.wonder-geek.com/japanese-hexagon-style-tetsubin-cast-iron-teapot-p-55203.html" "Mozilla/5.0 (Linux; Android 10; VOG-L29) AppleWebKit/537.36 (KHTML, like Gecko) Chrome/100.0.4896.88 Mobile Safari/537.36"
81.233.117.54 - - [14/Apr/2022:22:04:34 +0200] "GET /templates/Pixame_v1/images/buttons/english/button_in_cart.gif HTTP/1.1" 200 1212 "http://www.wonder-geek.com/japanese-hexagon-style-tetsubin-cast-iron-teapot-p-55203.html" "Mozilla/5.0 (Linux; Android 10; VOG-L29) AppleWebKit/537.36 (KHTML, like Gecko) Chrome/100.0.4896.88 Mobile Safari/537.36"
81.233.117.54 - - [14/Apr/2022:22:04:34 +0200] "GET /images/big_prod_4/8720088299661d.jpg HTTP/1.1" 200 186127 "http://www.wonder-geek.com/japanese-hexagon-style-tetsubin-cast-iron-teapot-p-55203.html" "Mozilla/5.0 (Linux; Android 10; VOG-L29) AppleWebKit/537.36 (KHTML, like Gecko) Chrome/100.0.4896.88 Mobile Safari/537.36"
81.233.117.54 - - [14/Apr/2022:22:04:34 +0200] "GET /highslide/graphics/outlines/drop-shadow.png HTTP/1.1" 200 2022 "http://www.wonder-geek.com/japanese-hexagon-style-tetsubin-cast-iron-teapot-p-55203.html" "Mozilla/5.0 (Linux; Android 10; VOG-L29) AppleWebKit/537.36 (KHTML, like Gecko) Chrome/100.0.4896.88 Mobile Safari/537.36"
81.233.117.54 - - [14/Apr/2022:22:04:34 +0200] "GET /favicon.ico HTTP/1.1" 200 1591 "http://www.wonder-geek.com/japanese-hexagon-style-tetsubin-cast-iron-teapot-p-55203.html" "Mozilla/5.0 (Linux; Android 10; VOG-L29) AppleWebKit/537.36 (KHTML, like Gecko) Chrome/100.0.4896.88 Mobile Safari/537.36"
211.249.40.15 - - [14/Apr/2022:22:08:41 +0200] "GET /images/mini_prod/DSCN06743284371919612.jpg HTTP/1.1" 200 5428 "-" "Mozilla/5.0 (X11; Ubuntu; Linux x86_64; rv:72.0) Gecko/20100101 Firefox/72.0"
147.92.153.15 - - [14/Apr/2022:22:10:06 +0200] "GET /images/big_prod_1/a5051276448701.jpg HTTP/1.1" 200 414994 "-" "Mozilla/5.0 (compatible; Linespider/1.1; +https://lin.ee/4dwXkTH)"
66.249.64.152 - - [14/Apr/2022:22:17:28 +0200] "GET /images/big_prod/3700572750460.jpg HTTP/1.1" 200 105390 "-" "Googlebot-Image/1.0"
216.244.66.242 - - [14/Apr/2022:22:21:11 +0200] "GET /robots.txt HTTP/1.1" 200 2438 "-" "Mozilla/5.0 (compatible; DotBot/1.2; +https://opensiteexplorer.org/dotbot; help@moz.com)"
211.249.40.15 - - [14/Apr/2022:22:21:27 +0200] "GET /images/mini_prod/8442193231984.jpg HTTP/1.1" 200 6614 "-" "Mozilla/5.0 (X11; Ubuntu; Linux x86_64; rv:72.0) Gecko/20100101 Firefox/72.0"
87.250.224.149 - - [14/Apr/2022:22:23:17 +0200] "GET /robots.txt HTTP/1.1" 200 2438 "-" "Mozilla/5.0 (compatible; YandexBot/3.0; +http://yandex.com/bots)"
87.250.224.149 - - [14/Apr/2022:22:23:21 +0200] "GET /images/big_prod/5018997614778.jpg HTTP/1.1" 304 0 "-" "Mozilla/5.0 (compatible; YandexImages/3.0; +http://yandex.com/bots)"
223.39.191.66 - - [14/Apr/2022:22:27:01 +0200] "GET /images/mini_prod/4036113830490.jpg HTTP/1.1" 200 11822 "-" "Mozilla/5.0 (X11; Ubuntu; Linux x86_64; rv:72.0) Gecko/20100101 Firefox/72.0"
185.191.171.2 - - [14/Apr/2022:22:30:22 +0200] "GET /robots.txt HTTP/1.1" 200 2438 "-" "Mozilla/5.0 (compatible; SemrushBot/7~bl; +http://www.semrush.com/bot.html)"
141.84.41.80 - - [14/Apr/2022:22:30:47 +0200] "GET /images/big_prod_2/c5018997632079.jpg HTTP/1.1" 200 101129 "-" "Mozilla/5.0 (X11; Ubuntu; Linux x86_64; rv:72.0) Gecko/20100101 Firefox/72.0"
147.92.229.61 - - [14/Apr/2022:22:33:04 +0200] "GET /images/mini_prod/3553561711375BLANC.JPG HTTP/1.1" 200 5147 "-" "Mozilla/5.0 (X11; Ubuntu; Linux x86_64; rv:72.0) Gecko/20100101 Firefox/72.0"
117.148.130.28 - - [14/Apr/2022:22:34:39 +0200] "GET /images/mini_prod/3609810091634.jpg HTTP/1.1" 200 13446 "-" "Mozilla/5.0 (Windows NT 10.0; WOW64) AppleWebKit/537.36 (KHTML, like Gecko) Chrome/90.0.4430.212 Safari/537.36"
157.90.128.183 - - [14/Apr/2022:22:34:48 +0200] "GET /images/big_prod_1/b9316188071321.jpg HTTP/1.1" 200 67467 "-" "Mozilla/5.0 (X11; Ubuntu; Linux x86_64; rv:72.0) Gecko/20100101 Firefox/72.0"
157.90.128.183 - - [14/Apr/2022:22:37:17 +0200] "GET /images/mini_prod/4029811349258.jpg HTTP/1.1" 200 7907 "-" "Mozilla/5.0 (X11; Ubuntu; Linux x86_64; rv:72.0) Gecko/20100101 Firefox/72.0"
95.163.255.64 - - [14/Apr/2022:22:50:12 +0200] "GET /robots.txt HTTP/1.0" 200 2438 "-" "Mozilla/5.0 (compatible; Linux x86_64; Mail.RU_Bot/2.0; +http://go.mail.ru/help/robots)"
95.163.255.64 - - [14/Apr/2022:22:50:29 +0200] "GET /images/B5014994698971B.jpg HTTP/1.1" 200 171076 "-" "Mozilla/5.0 (compatible; Linux x86_64; Mail.RU_Bot/2.0; +http://go.mail.ru/help/robots)"
118.191.216.250 - - [14/Apr/2022:22:58:24 +0200] "GET /images/mini_prod/3700653593269.jpg HTTP/1.1" 200 6857 "-" "Mozilla/5.0 (X11; Ubuntu; Linux x86_64; rv:72.0) Gecko/20100101 Firefox/72.0"
95.163.255.131 - - [14/Apr/2022:22:58:40 +0200] "GET /robots.txt HTTP/1.0" 200 2438 "-" "Mozilla/5.0 (compatible; Linux x86_64; Mail.RU_Bot/Img/2.0; +http://go.mail.ru/help/robots)"
95.163.255.131 - - [14/Apr/2022:22:58:53 +0200] "GET /images/med_prod/843510781229.jpg HTTP/1.1" 200 78347 "http://wonder-geek.com/images/med_prod/843510781229.jpg" "Mozilla/5.0 (compatible; Linux x86_64; Mail.RU_Bot/Img/2.0; +http://go.mail.ru/help/robots)"
87.250.224.149 - - [14/Apr/2022:22:59:56 +0200] "GET /images/5010994693749.jpg HTTP/1.1" 200 48281 "-" "Mozilla/5.0 (compatible; YandexImages/3.0; +http://yandex.com/bots)"
157.90.128.183 - - [14/Apr/2022:23:00:07 +0200] "GET /images/mini_prod/8422096017632.jpg HTTP/1.1" 200 7759 "-" "Mozilla/5.0 (X11; Ubuntu; Linux x86_64; rv:72.0) Gecko/20100101 Firefox/72.0"
117.148.130.28 - - [14/Apr/2022:23:01:28 +0200] "GET /images/mini_prod/242TT.jpg HTTP/1.1" 200 8104 "-" "Mozilla/5.0 (Windows NT 10.0; WOW64) AppleWebKit/537.36 (KHTML, like Gecko) Chrome/90.0.4430.212 Safari/537.36"
66.249.64.146 - - [14/Apr/2022:23:03:58 +0200] "GET /images/mini_prod/3520071842905.jpg HTTP/1.1" 200 4400 "-" "Googlebot-Image/1.0"
223.39.191.66 - - [14/Apr/2022:23:06:56 +0200] "GET /images/mini_prod/045544427890.jpg HTTP/1.1" 200 10912 "-" "Mozilla/5.0 (X11; Ubuntu; Linux x86_64; rv:72.0) Gecko/20100101 Firefox/72.0"
17.121.114.167 - - [14/Apr/2022:23:10:36 +0200] "GET /images/big_prod/3442440268270.jpg HTTP/1.1" 200 43891 "-" "Mozilla/5.0 (Macintosh; Intel Mac OS X 10_15_5) AppleWebKit/605.1.15 (KHTML, like Gecko) Version/13.1.1 Safari/605.1.15 (Applebot/0.1; +http://www.apple.com/go/applebot)"
192.0.112.177 - - [14/Apr/2022:23:11:11 +0200] "GET /images/041689210618.jpg HTTP/1.1" 200 82816 "-" "Photon/1.0"
216.244.66.242 - - [14/Apr/2022:23:14:15 +0200] "GET /robots.txt HTTP/1.1" 200 2438 "-" "Mozilla/5.0 (compatible; DotBot/1.2; +https://opensiteexplorer.org/dotbot; help@moz.com)"
155.130.12.208 - - [14/Apr/2022:23:15:06 +0200] "GET /images/mini_prod/1399984254240.jpg HTTP/1.1" 200 6576 "-" "Mozilla/5.0 (X11; Ubuntu; Linux x86_64; rv:72.0) Gecko/20100101 Firefox/72.0"
185.191.171.24 - - [14/Apr/2022:23:15:24 +0200] "GET /robots.txt HTTP/1.1" 200 2438 "-" "Mozilla/5.0 (compatible; SemrushBot/7~bl; +http://www.semrush.com/bot.html)"
204.131.216.84 - - [14/Apr/2022:23:22:08 +0200] "GET /js/jquery.jqzoom.js HTTP/1.1" 200 4761 "http://www.wonder-geek.com/disney-descendants-small-suitcase-p-33687.html" "Mozilla/5.0 (iPhone; CPU iPhone OS 15_4_1 like Mac OS X) AppleWebKit/605.1.15 (KHTML, like Gecko) Version/15.4 Mobile/15E148 Safari/604.1"
204.131.216.84 - - [14/Apr/2022:23:22:08 +0200] "GET /templates/Pixame_v1/stylesheet.css HTTP/1.1" 200 56057 "http://www.wonder-geek.com/disney-descendants-small-suitcase-p-33687.html" "Mozilla/5.0 (iPhone; CPU iPhone OS 15_4_1 like Mac OS X) AppleWebKit/605.1.15 (KHTML, like Gecko) Version/15.4 Mobile/15E148 Safari/604.1"
204.131.216.84 - - [14/Apr/2022:23:22:08 +0200] "GET /js/jquery.js HTTP/1.1" 200 54075 "http://www.wonder-geek.com/disney-descendants-small-suitcase-p-33687.html" "Mozilla/5.0 (iPhone; CPU iPhone OS 15_4_1 like Mac OS X) AppleWebKit/605.1.15 (KHTML, like Gecko) Version/15.4 Mobile/15E148 Safari/604.1"
204.131.216.84 - - [14/Apr/2022:23:22:08 +0200] "GET /mondial_relay/js/jquery-1.3.2.min.js HTTP/1.1" 200 57254 "http://www.wonder-geek.com/disney-descendants-small-suitcase-p-33687.html" "Mozilla/5.0 (iPhone; CPU iPhone OS 15_4_1 like Mac OS X) AppleWebKit/605.1.15 (KHTML, like Gecko) Version/15.4 Mobile/15E148 Safari/604.1"
204.131.216.84 - - [14/Apr/2022:23:22:08 +0200] "GET /highslide/highslide.js HTTP/1.1" 200 42909 "http://www.wonder-geek.com/disney-descendants-small-suitcase-p-33687.html" "Mozilla/5.0 (iPhone; CPU iPhone OS 15_4_1 like Mac OS X) AppleWebKit/605.1.15 (KHTML, like Gecko) Version/15.4 Mobile/15E148 Safari/604.1"
204.131.216.84 - - [14/Apr/2022:23:22:08 +0200] "GET /templates/Pixame_v1/images/icon_accueil2.png HTTP/1.1" 200 1137 "http://www.wonder-geek.com/disney-descendants-small-suitcase-p-33687.html" "Mozilla/5.0 (iPhone; CPU iPhone OS 15_4_1 like Mac OS X) AppleWebKit/605.1.15 (KHTML, like Gecko) Version/15.4 Mobile/15E148 Safari/604.1"
204.131.216.84 - - [14/Apr/2022:23:22:08 +0200] "GET /templates/Pixame_v1/images/Bottom_texture.jpg HTTP/1.1" 200 56290 "http://www.wonder-geek.com/disney-descendants-small-suitcase-p-33687.html" "Mozilla/5.0 (iPhone; CPU iPhone OS 15_4_1 like Mac OS X) AppleWebKit/605.1.15 (KHTML, like Gecko) Version/15.4 Mobile/15E148 Safari/604.1"
204.131.216.84 - - [14/Apr/2022:23:22:09 +0200] "GET /templates/Pixame_v1/images/nav.png HTTP/1.1" 200 1283 "http://www.wonder-geek.com/disney-descendants-small-suitcase-p-33687.html" "Mozilla/5.0 (iPhone; CPU iPhone OS 15_4_1 like Mac OS X) AppleWebKit/605.1.15 (KHTML, like Gecko) Version/15.4 Mobile/15E148 Safari/604.1"
204.131.216.84 - - [14/Apr/2022:23:22:09 +0200] "GET /templates/Pixame_v1/images/header.png HTTP/1.1" 200 70245 "http://www.wonder-geek.com/disney-descendants-small-suitcase-p-33687.html" "Mozilla/5.0 (iPhone; CPU iPhone OS 15_4_1 like Mac OS X) AppleWebKit/605.1.15 (KHTML, like Gecko) Version/15.4 Mobile/15E148 Safari/604.1"
204.131.216.84 - - [14/Apr/2022:23:22:09 +0200] "GET /templates/Pixame_v1/images/Middle_texture.jpg HTTP/1.1" 200 249620 "http://www.wonder-geek.com/disney-descendants-small-suitcase-p-33687.html" "Mozilla/5.0 (iPhone; CPU iPhone OS 15_4_1 like Mac OS X) AppleWebKit/605.1.15 (KHTML, like Gecko) Version/15.4 Mobile/15E148 Safari/604.1"
204.131.216.84 - - [14/Apr/2022:23:22:09 +0200] "GET /templates/Pixame_v1/images/header-object.png HTTP/1.1" 200 106050 "http://www.wonder-geek.com/disney-descendants-small-suitcase-p-33687.html" "Mozilla/5.0 (iPhone; CPU iPhone OS 15_4_1 like Mac OS X) AppleWebKit/605.1.15 (KHTML, like Gecko) Version/15.4 Mobile/15E148 Safari/604.1"
204.131.216.84 - - [14/Apr/2022:23:22:09 +0200] "GET /design/productsenstock.png HTTP/1.1" 200 4743 "http://www.wonder-geek.com/disney-descendants-small-suitcase-p-33687.html" "Mozilla/5.0 (iPhone; CPU iPhone OS 15_4_1 like Mac OS X) AppleWebKit/605.1.15 (KHTML, like Gecko) Version/15.4 Mobile/15E148 Safari/604.1"
204.131.216.84 - - [14/Apr/2022:23:22:10 +0200] "GET /highslide/graphics/outlines/drop-shadow.png HTTP/1.1" 200 2022 "http://www.wonder-geek.com/disney-descendants-small-suitcase-p-33687.html" "Mozilla/5.0 (iPhone; CPU iPhone OS 15_4_1 like Mac OS X) AppleWebKit/605.1.15 (KHTML, like Gecko) Version/15.4 Mobile/15E148 Safari/604.1"
204.131.216.84 - - [14/Apr/2022:23:22:10 +0200] "GET /favicon.ico HTTP/1.1" 200 1591 "http://www.wonder-geek.com/disney-descendants-small-suitcase-p-33687.html" "Mozilla/5.0 (iPhone; CPU iPhone OS 15_4_1 like Mac OS X) AppleWebKit/605.1.15 (KHTML, like Gecko) Version/15.4 Mobile/15E148 Safari/604.1"
211.249.40.15 - - [14/Apr/2022:23:22:27 +0200] "GET /images/mini_prod/070209_191201_PEEL_gnVzFs.jpg HTTP/1.1" 200 16519 "-" "Mozilla/5.0 (X11; Ubuntu; Linux x86_64; rv:72.0) Gecko/20100101 Firefox/72.0"
155.130.12.208 - - [14/Apr/2022:23:24:43 +0200] "GET /images/mini_prod/1399984249758.jpg HTTP/1.1" 200 6733 "-" "Mozilla/5.0 (X11; Ubuntu; Linux x86_64; rv:72.0) Gecko/20100101 Firefox/72.0"
114.119.137.252 - - [14/Apr/2022:23:27:01 +0200] "GET /images/mini_prod/8433933100745.jpg HTTP/1.1" 200 4818 "-" "Mozilla/5.0 (Linux; Android 7.0;) AppleWebKit/537.36 (KHTML, like Gecko) Mobile Safari/537.36 (compatible; PetalBot;+https://webmaster.petalsearch.com/site/petalbot)"
94.130.19.112 - - [14/Apr/2022:23:27:14 +0200] "GET /images/mini_prod/8435306281082.jpg HTTP/1.1" 200 8278 "-" "Mozilla/5.0 (X11; Ubuntu; Linux x86_64; rv:72.0) Gecko/20100101 Firefox/72.0"
216.244.66.242 - - [14/Apr/2022:23:30:56 +0200] "GET /images/big_prod/3014627927548.jpg HTTP/1.1" 200 73850 "-" "Mozilla/5.0 (compatible; DotBot/1.2; +https://opensiteexplorer.org/dotbot; help@moz.com)"
17.121.114.39 - - [14/Apr/2022:23:31:47 +0200] "GET /images/big_prod/5415203976215.jpg HTTP/1.1" 200 51627 "-" "Mozilla/5.0 (Macintosh; Intel Mac OS X 10_15_5) AppleWebKit/605.1.15 (KHTML, like Gecko) Version/13.1.1 Safari/605.1.15 (Applebot/0.1; +http://www.apple.com/go/applebot)"
223.39.191.66 - - [14/Apr/2022:23:33:45 +0200] "GET /images/mini_prod/8718969196024B.jpg HTTP/1.1" 200 6240 "-" "Mozilla/5.0 (X11; Ubuntu; Linux x86_64; rv:72.0) Gecko/20100101 Firefox/72.0"
157.90.128.183 - - [14/Apr/2022:23:34:24 +0200] "GET /images/big_prod_1/8424001544387B.jpg HTTP/1.1" 200 130206 "-" "Mozilla/5.0 (X11; Ubuntu; Linux x86_64; rv:72.0) Gecko/20100101 Firefox/72.0"
192.99.161.45 - - [14/Apr/2022:23:34:50 +0200] "GET /robots.txt HTTP/1.1" 200 2438 "-" "Mozilla/5.0 (compatible; MJ12bot/v1.4.8; http://mj12bot.com/)"
5.164.193.102 - - [14/Apr/2022:23:45:26 +0200] "GET /images/mini_prod/8424001278886.jpg HTTP/1.1" 200 5892 "-" "Mozilla/5.0 (X11; Ubuntu; Linux x86_64; rv:72.0) Gecko/20100101 Firefox/72.0"
117.148.130.28 - - [14/Apr/2022:23:46:41 +0200] "GET /images/big_prod_1/8480013122043B.jpg HTTP/1.1" 200 169493 "-" "Mozilla/5.0 (Windows NT 10.0; WOW64) AppleWebKit/537.36 (KHTML, like Gecko) Chrome/90.0.4430.212 Safari/537.36"
114.119.137.45 - - [14/Apr/2022:23:46:48 +0200] "GET /images/big_prod_2/3700516276407C.jpg HTTP/1.1" 200 49293 "-" "Mozilla/5.0 (Linux; Android 7.0;) AppleWebKit/537.36 (KHTML, like Gecko) Mobile Safari/537.36 (compatible; PetalBot;+https://webmaster.petalsearch.com/site/petalbot)"
117.148.130.28 - - [14/Apr/2022:23:49:26 +0200] "GET /images/mini_prod/3560600289573.jpg HTTP/1.1" 200 11603 "-" "Mozilla/5.0 (Windows NT 10.0; WOW64) AppleWebKit/537.36 (KHTML, like Gecko) Chrome/90.0.4430.212 Safari/537.36"
66.249.64.152 - - [14/Apr/2022:23:50:29 +0200] "GET /images/mini_prod/3665269031560.jpg HTTP/1.1" 200 7224 "-" "Googlebot-Image/1.0"
157.90.128.183 - - [14/Apr/2022:23:50:33 +0200] "GET /images/mini_prod/8422111018095b2.jpg HTTP/1.1" 200 6509 "-" "Mozilla/5.0 (X11; Ubuntu; Linux x86_64; rv:72.0) Gecko/20100101 Firefox/72.0"
17.121.114.45 - - [14/Apr/2022:23:51:30 +0200] "GET /images/7316191504665.jpg HTTP/1.1" 200 30882 "-" "Mozilla/5.0 (Macintosh; Intel Mac OS X 10_15_5) AppleWebKit/605.1.15 (KHTML, like Gecko) Version/13.1.1 Safari/605.1.15 (Applebot/0.1; +http://www.apple.com/go/applebot)"
211.249.40.15 - - [14/Apr/2022:23:55:28 +0200] "GET /images/mini_prod/8433914427922.jpg HTTP/1.1" 200 6137 "-" "Mozilla/5.0 (X11; Ubuntu; Linux x86_64; rv:72.0) Gecko/20100101 Firefox/72.0"
157.90.128.183 - - [14/Apr/2022:23:59:54 +0200] "GET /images/mini_prod/3384370122232.jpg HTTP/1.1" 200 8932 "-" "Mozilla/5.0 (X11; Ubuntu; Linux x86_64; rv:72.0) Gecko/20100101 Firefox/72.0"
86.151.211.198 - - [15/Apr/2022:00:01:24 +0200] "GET /js/jquery.jqzoom.js HTTP/1.1" 200 4761 "http://www.wonder-geek.com/small-digital-alarm-clock-olympique-marseille-p-50782.html" "Mozilla/5.0 (iPhone; CPU iPhone OS 15_4 like Mac OS X) AppleWebKit/605.1.15 (KHTML, like Gecko) Version/15.4 Mobile/15E148 Safari/604.1"
86.151.211.198 - - [15/Apr/2022:00:01:25 +0200] "GET /highslide/highslide.js HTTP/1.1" 200 42909 "http://www.wonder-geek.com/small-digital-alarm-clock-olympique-marseille-p-50782.html" "Mozilla/5.0 (iPhone; CPU iPhone OS 15_4 like Mac OS X) AppleWebKit/605.1.15 (KHTML, like Gecko) Version/15.4 Mobile/15E148 Safari/604.1"
86.151.211.198 - - [15/Apr/2022:00:01:25 +0200] "GET /templates/Pixame_v1/stylesheet.css HTTP/1.1" 200 56057 "http://www.wonder-geek.com/small-digital-alarm-clock-olympique-marseille-p-50782.html" "Mozilla/5.0 (iPhone; CPU iPhone OS 15_4 like Mac OS X) AppleWebKit/605.1.15 (KHTML, like Gecko) Version/15.4 Mobile/15E148 Safari/604.1"
86.151.211.198 - - [15/Apr/2022:00:01:25 +0200] "GET /js/jquery.js HTTP/1.1" 200 54075 "http://www.wonder-geek.com/small-digital-alarm-clock-olympique-marseille-p-50782.html" "Mozilla/5.0 (iPhone; CPU iPhone OS 15_4 like Mac OS X) AppleWebKit/605.1.15 (KHTML, like Gecko) Version/15.4 Mobile/15E148 Safari/604.1"
86.151.211.198 - - [15/Apr/2022:00:01:25 +0200] "GET /mondial_relay/js/jquery-1.3.2.min.js HTTP/1.1" 200 57254 "http://www.wonder-geek.com/small-digital-alarm-clock-olympique-marseille-p-50782.html" "Mozilla/5.0 (iPhone; CPU iPhone OS 15_4 like Mac OS X) AppleWebKit/605.1.15 (KHTML, like Gecko) Version/15.4 Mobile/15E148 Safari/604.1"
86.151.211.198 - - [15/Apr/2022:00:01:25 +0200] "GET /templates/Pixame_v1/images/icon_accueil2.png HTTP/1.1" 200 1137 "http://www.wonder-geek.com/small-digital-alarm-clock-olympique-marseille-p-50782.html" "Mozilla/5.0 (iPhone; CPU iPhone OS 15_4 like Mac OS X) AppleWebKit/605.1.15 (KHTML, like Gecko) Version/15.4 Mobile/15E148 Safari/604.1"
86.151.211.198 - - [15/Apr/2022:00:01:25 +0200] "GET /templates/Pixame_v1/images/nav.png HTTP/1.1" 200 1283 "http://www.wonder-geek.com/small-digital-alarm-clock-olympique-marseille-p-50782.html" "Mozilla/5.0 (iPhone; CPU iPhone OS 15_4 like Mac OS X) AppleWebKit/605.1.15 (KHTML, like Gecko) Version/15.4 Mobile/15E148 Safari/604.1"
86.151.211.198 - - [15/Apr/2022:00:01:25 +0200] "GET /templates/Pixame_v1/images/Bottom_texture.jpg HTTP/1.1" 200 56290 "http://www.wonder-geek.com/small-digital-alarm-clock-olympique-marseille-p-50782.html" "Mozilla/5.0 (iPhone; CPU iPhone OS 15_4 like Mac OS X) AppleWebKit/605.1.15 (KHTML, like Gecko) Version/15.4 Mobile/15E148 Safari/604.1"
86.151.211.198 - - [15/Apr/2022:00:01:29 +0200] "GET /templates/Pixame_v1/images/buttons/english/button_in_cart.gif HTTP/1.1" 200 1212 "http://www.wonder-geek.com/small-digital-alarm-clock-olympique-marseille-p-50782.html" "Mozilla/5.0 (iPhone; CPU iPhone OS 15_4 like Mac OS X) AppleWebKit/605.1.15 (KHTML, like Gecko) Version/15.4 Mobile/15E148 Safari/604.1"
86.151.211.198 - - [15/Apr/2022:00:01:29 +0200] "GET /templates/Pixame_v1/images/header.png HTTP/1.1" 200 70245 "http://www.wonder-geek.com/small-digital-alarm-clock-olympique-marseille-p-50782.html" "Mozilla/5.0 (iPhone; CPU iPhone OS 15_4 like Mac OS X) AppleWebKit/605.1.15 (KHTML, like Gecko) Version/15.4 Mobile/15E148 Safari/604.1"
86.151.211.198 - - [15/Apr/2022:00:01:29 +0200] "GET /design/productsenstock.png HTTP/1.1" 200 4743 "http://www.wonder-geek.com/small-digital-alarm-clock-olympique-marseille-p-50782.html" "Mozilla/5.0 (iPhone; CPU iPhone OS 15_4 like Mac OS X) AppleWebKit/605.1.15 (KHTML, like Gecko) Version/15.4 Mobile/15E148 Safari/604.1"
86.151.211.198 - - [15/Apr/2022:00:01:30 +0200] "GET /images/big_prod_1/3700516272591b.jpg HTTP/1.1" 200 121027 "http://www.wonder-geek.com/small-digital-alarm-clock-olympique-marseille-p-50782.html" "Mozilla/5.0 (iPhone; CPU iPhone OS 15_4 like Mac OS X) AppleWebKit/605.1.15 (KHTML, like Gecko) Version/15.4 Mobile/15E148 Safari/604.1"
86.151.211.198 - - [15/Apr/2022:00:01:32 +0200] "GET /images/big_prod/3700516272591.jpg HTTP/1.1" 200 159474 "http://www.wonder-geek.com/small-digital-alarm-clock-olympique-marseille-p-50782.html" "Mozilla/5.0 (iPhone; CPU iPhone OS 15_4 like Mac OS X) AppleWebKit/605.1.15 (KHTML, like Gecko) Version/15.4 Mobile/15E148 Safari/604.1"
86.151.211.198 - - [15/Apr/2022:00:01:32 +0200] "GET /templates/Pixame_v1/images/header-object.png HTTP/1.1" 200 106050 "http://www.wonder-geek.com/small-digital-alarm-clock-olympique-marseille-p-50782.html" "Mozilla/5.0 (iPhone; CPU iPhone OS 15_4 like Mac OS X) AppleWebKit/605.1.15 (KHTML, like Gecko) Version/15.4 Mobile/15E148 Safari/604.1"
86.151.211.198 - - [15/Apr/2022:00:01:33 +0200] "GET /templates/Pixame_v1/images/Middle_texture.jpg HTTP/1.1" 200 249620 "http://www.wonder-geek.com/small-digital-alarm-clock-olympique-marseille-p-50782.html" "Mozilla/5.0 (iPhone; CPU iPhone OS 15_4 like Mac OS X) AppleWebKit/605.1.15 (KHTML, like Gecko) Version/15.4 Mobile/15E148 Safari/604.1"
86.151.211.198 - - [15/Apr/2022:00:01:34 +0200] "GET /highslide/graphics/outlines/drop-shadow.png HTTP/1.1" 200 2022 "http://www.wonder-geek.com/small-digital-alarm-clock-olympique-marseille-p-50782.html" "Mozilla/5.0 (iPhone; CPU iPhone OS 15_4 like Mac OS X) AppleWebKit/605.1.15 (KHTML, like Gecko) Version/15.4 Mobile/15E148 Safari/604.1"
86.151.211.198 - - [15/Apr/2022:00:01:35 +0200] "GET /favicon.ico HTTP/1.1" 200 1591 "http://www.wonder-geek.com/small-digital-alarm-clock-olympique-marseille-p-50782.html" "Mozilla/5.0 (iPhone; CPU iPhone OS 15_4 like Mac OS X) AppleWebKit/605.1.15 (KHTML, like Gecko) Version/15.4 Mobile/15E148 Safari/604.1"
