117.148.130.28 - - [14/Apr/2022:06:43:44 +0200] "GET /images/mini_prod/1384220107220.jpg HTTP/1.1" 200 5061 "-" "Mozilla/5.0 (Windows NT 10.0; WOW64) AppleWebKit/537.36 (KHTML, like Gecko) Chrome/90.0.4430.212 Safari/537.36"
117.148.130.28 - - [14/Apr/2022:06:43:44 +0200] "GET /images/mini_prod/3565750277784.jpg HTTP/1.1" 200 6230 "-" "Mozilla/5.0 (Windows NT 10.0; WOW64) AppleWebKit/537.36 (KHTML, like Gecko) Chrome/90.0.4430.212 Safari/537.36"
117.148.130.28 - - [14/Apr/2022:06:43:45 +0200] "GET /images/mini_prod/3453131120623.jpg HTTP/1.1" 200 6439 "-" "Mozilla/5.0 (Windows NT 10.0; WOW64) AppleWebKit/537.36 (KHTML, like Gecko) Chrome/90.0.4430.212 Safari/537.36"
20.236.40.50 - - [14/Apr/2022:06:44:25 +0200] "GET /images/mini_prod/8424222925996.jpg HTTP/1.1" 200 6200 "-" "Mozilla/5.0 (X11; Ubuntu; Linux x86_64; rv:72.0) Gecko/20100101 Firefox/72.0"
117.148.130.28 - - [14/Apr/2022:06:45:09 +0200] "GET /images/big_prod_1/3700281659689a.jpg HTTP/1.1" 200 102200 "-" "Mozilla/5.0 (Windows NT 10.0; WOW64) AppleWebKit/537.36 (KHTML, like Gecko) Chrome/90.0.4430.212 Safari/537.36"
117.148.130.28 - - [14/Apr/2022:06:46:02 +0200] "GET /images/mini_prod/4029811436910.jpg HTTP/1.1" 200 8390 "-" "Mozilla/5.0 (Windows NT 10.0; WOW64) AppleWebKit/537.36 (KHTML, like Gecko) Chrome/90.0.4430.212 Safari/537.36"
117.148.130.28 - - [14/Apr/2022:06:46:02 +0200] "GET /images/mini_prod/8420327484161.jpg HTTP/1.1" 200 6845 "-" "Mozilla/5.0 (Windows NT 10.0; WOW64) AppleWebKit/537.36 (KHTML, like Gecko) Chrome/90.0.4430.212 Safari/537.36"
117.148.130.28 - - [14/Apr/2022:06:47:05 +0200] "GET /images/mini_prod/4029811442270.jpg HTTP/1.1" 200 4678 "-" "Mozilla/5.0 (Windows NT 10.0; WOW64) AppleWebKit/537.36 (KHTML, like Gecko) Chrome/90.0.4430.212 Safari/537.36"
117.148.130.28 - - [14/Apr/2022:06:47:05 +0200] "GET /images/mini_prod/4029811442928.jpg HTTP/1.1" 200 5920 "-" "Mozilla/5.0 (Windows NT 10.0; WOW64) AppleWebKit/537.36 (KHTML, like Gecko) Chrome/90.0.4430.212 Safari/537.36"
117.148.130.28 - - [14/Apr/2022:06:47:07 +0200] "GET /images/mini_prod/8433933057292.jpg HTTP/1.1" 200 5383 "-" "Mozilla/5.0 (Windows NT 10.0; WOW64) AppleWebKit/537.36 (KHTML, like Gecko) Chrome/90.0.4430.212 Safari/537.36"
117.148.130.28 - - [14/Apr/2022:06:47:13 +0200] "GET /images/mini_prod/4029811398249B.jpg HTTP/1.1" 200 6121 "-" "Mozilla/5.0 (Windows NT 10.0; WOW64) AppleWebKit/537.36 (KHTML, like Gecko) Chrome/90.0.4430.212 Safari/537.36"
117.148.130.28 - - [14/Apr/2022:06:47:17 +0200] "GET /images/mini_prod/4029811448883.jpg HTTP/1.1" 200 5766 "-" "Mozilla/5.0 (Windows NT 10.0; WOW64) AppleWebKit/537.36 (KHTML, like Gecko) Chrome/90.0.4430.212 Safari/537.36"
117.148.130.28 - - [14/Apr/2022:06:47:24 +0200] "GET /images/mini_prod/4029811445820.jpg HTTP/1.1" 200 7063 "-" "Mozilla/5.0 (Windows NT 10.0; WOW64) AppleWebKit/537.36 (KHTML, like Gecko) Chrome/90.0.4430.212 Safari/537.36"
117.148.130.28 - - [14/Apr/2022:06:47:27 +0200] "GET /images/mini_prod/4029811364589.jpg HTTP/1.1" 200 4978 "-" "Mozilla/5.0 (Windows NT 10.0; WOW64) AppleWebKit/537.36 (KHTML, like Gecko) Chrome/90.0.4430.212 Safari/537.36"
117.148.130.28 - - [14/Apr/2022:06:47:29 +0200] "GET /images/mini_prod/3609810062085a.jpg HTTP/1.1" 200 6413 "-" "Mozilla/5.0 (Windows NT 10.0; WOW64) AppleWebKit/537.36 (KHTML, like Gecko) Chrome/90.0.4430.212 Safari/537.36"
117.148.130.28 - - [14/Apr/2022:06:47:29 +0200] "GET /images/mini_prod/50142424346522613.jpg HTTP/1.1" 200 6441 "-" "Mozilla/5.0 (Windows NT 10.0; WOW64) AppleWebKit/537.36 (KHTML, like Gecko) Chrome/90.0.4430.212 Safari/537.36"
117.148.130.28 - - [14/Apr/2022:06:47:30 +0200] "GET /images/mini_prod/4029811406647.jpg HTTP/1.1" 200 5172 "-" "Mozilla/5.0 (Windows NT 10.0; WOW64) AppleWebKit/537.36 (KHTML, like Gecko) Chrome/90.0.4430.212 Safari/537.36"
117.148.130.28 - - [14/Apr/2022:06:47:31 +0200] "GET /images/mini_prod/8424001704613.jpg HTTP/1.1" 200 7864 "-" "Mozilla/5.0 (Windows NT 10.0; WOW64) AppleWebKit/537.36 (KHTML, like Gecko) Chrome/90.0.4430.212 Safari/537.36"
117.148.130.28 - - [14/Apr/2022:06:47:31 +0200] "GET /images/mini_prod/8424001832682.jpg HTTP/1.1" 200 7041 "-" "Mozilla/5.0 (Windows NT 10.0; WOW64) AppleWebKit/537.36 (KHTML, like Gecko) Chrome/90.0.4430.212 Safari/537.36"
117.148.130.28 - - [14/Apr/2022:06:47:31 +0200] "GET /images/mini_prod/4029811405305.jpg HTTP/1.1" 200 5311 "-" "Mozilla/5.0 (Windows NT 10.0; WOW64) AppleWebKit/537.36 (KHTML, like Gecko) Chrome/90.0.4430.212 Safari/537.36"
117.148.130.28 - - [14/Apr/2022:06:47:43 +0200] "GET /images/mini_prod/8420327474865.jpg HTTP/1.1" 200 6203 "-" "Mozilla/5.0 (Windows NT 10.0; WOW64) AppleWebKit/537.36 (KHTML, like Gecko) Chrome/90.0.4430.212 Safari/537.36"
117.148.130.28 - - [14/Apr/2022:06:47:44 +0200] "GET /images/mini_prod/4029811406524.jpg HTTP/1.1" 200 6316 "-" "Mozilla/5.0 (Windows NT 10.0; WOW64) AppleWebKit/537.36 (KHTML, like Gecko) Chrome/90.0.4430.212 Safari/537.36"
117.148.130.28 - - [14/Apr/2022:06:47:49 +0200] "GET /images/mini_prod/4029811438181.jpg HTTP/1.1" 200 6809 "-" "Mozilla/5.0 (Windows NT 10.0; WOW64) AppleWebKit/537.36 (KHTML, like Gecko) Chrome/90.0.4430.212 Safari/537.36"
117.148.130.28 - - [14/Apr/2022:06:47:52 +0200] "GET /images/mini_prod/8424001040049.jpg HTTP/1.1" 200 5915 "-" "Mozilla/5.0 (Windows NT 10.0; WOW64) AppleWebKit/537.36 (KHTML, like Gecko) Chrome/90.0.4430.212 Safari/537.36"
117.148.130.28 - - [14/Apr/2022:06:47:55 +0200] "GET /images/mini_prod/170208_102405_PEEL_Xd8zFF.jpg HTTP/1.1" 200 25885 "-" "Mozilla/5.0 (Windows NT 10.0; WOW64) AppleWebKit/537.36 (KHTML, like Gecko) Chrome/90.0.4430.212 Safari/537.36"
117.148.130.28 - - [14/Apr/2022:06:48:04 +0200] "GET /images/mini_prod/100_4237.gif HTTP/1.1" 200 12273 "-" "Mozilla/5.0 (Windows NT 10.0; WOW64) AppleWebKit/537.36 (KHTML, like Gecko) Chrome/90.0.4430.212 Safari/537.36"
117.148.130.28 - - [14/Apr/2022:06:48:46 +0200] "GET /images/mini_prod/021008_213337_PEEL_ZN6hq6.gif HTTP/1.1" 200 6472 "-" "Mozilla/5.0 (Windows NT 10.0; WOW64) AppleWebKit/537.36 (KHTML, like Gecko) Chrome/90.0.4430.212 Safari/537.36"
117.148.130.28 - - [14/Apr/2022:06:48:46 +0200] "GET /images/mini_prod/100_4189.gif HTTP/1.1" 200 10830 "-" "Mozilla/5.0 (Windows NT 10.0; WOW64) AppleWebKit/537.36 (KHTML, like Gecko) Chrome/90.0.4430.212 Safari/537.36"
117.148.130.28 - - [14/Apr/2022:06:48:47 +0200] "GET /images/mini_prod/110507_162420_PEEL_DuPhzU.jpg HTTP/1.1" 200 29283 "-" "Mozilla/5.0 (Windows NT 10.0; WOW64) AppleWebKit/537.36 (KHTML, like Gecko) Chrome/90.0.4430.212 Safari/537.36"
117.148.130.28 - - [14/Apr/2022:06:48:47 +0200] "GET /images/mini_prod/070309_152834_PEEL_h3CWsx.jpg HTTP/1.1" 200 25018 "-" "Mozilla/5.0 (Windows NT 10.0; WOW64) AppleWebKit/537.36 (KHTML, like Gecko) Chrome/90.0.4430.212 Safari/537.36"
117.148.130.28 - - [14/Apr/2022:06:48:48 +0200] "GET /images/mini_prod/170208_102423_PEEL_hZDzcD.jpg HTTP/1.1" 200 23596 "-" "Mozilla/5.0 (Windows NT 10.0; WOW64) AppleWebKit/537.36 (KHTML, like Gecko) Chrome/90.0.4430.212 Safari/537.36"
117.148.130.28 - - [14/Apr/2022:06:48:50 +0200] "GET /images/mini_prod/021008_213333_PEEL_wxrxBg.gif HTTP/1.1" 200 6247 "-" "Mozilla/5.0 (Windows NT 10.0; WOW64) AppleWebKit/537.36 (KHTML, like Gecko) Chrome/90.0.4430.212 Safari/537.36"
117.148.130.28 - - [14/Apr/2022:06:48:56 +0200] "GET /images/mini_prod/100_4197.gif HTTP/1.1" 200 12313 "-" "Mozilla/5.0 (Windows NT 10.0; WOW64) AppleWebKit/537.36 (KHTML, like Gecko) Chrome/90.0.4430.212 Safari/537.36"
117.148.130.28 - - [14/Apr/2022:06:48:59 +0200] "GET /images/mini_prod/102_4617.gif HTTP/1.1" 200 6200 "-" "Mozilla/5.0 (Windows NT 10.0; WOW64) AppleWebKit/537.36 (KHTML, like Gecko) Chrome/90.0.4430.212 Safari/537.36"
117.148.130.28 - - [14/Apr/2022:06:48:59 +0200] "GET /images/mini_prod/100_4191.gif HTTP/1.1" 200 10260 "-" "Mozilla/5.0 (Windows NT 10.0; WOW64) AppleWebKit/537.36 (KHTML, like Gecko) Chrome/90.0.4430.212 Safari/537.36"
117.148.130.28 - - [14/Apr/2022:06:48:59 +0200] "GET /images/mini_prod/200208_152034_PEEL_EYJ4qy.jpg HTTP/1.1" 200 16027 "-" "Mozilla/5.0 (Windows NT 10.0; WOW64) AppleWebKit/537.36 (KHTML, like Gecko) Chrome/90.0.4430.212 Safari/537.36"
117.148.130.28 - - [14/Apr/2022:06:49:00 +0200] "GET /images/mini_prod/1399984231548.jpg HTTP/1.1" 200 5677 "-" "Mozilla/5.0 (Windows NT 10.0; WOW64) AppleWebKit/537.36 (KHTML, like Gecko) Chrome/90.0.4430.212 Safari/537.36"
117.148.130.28 - - [14/Apr/2022:06:49:00 +0200] "GET /images/mini_prod/170208_102235_PEEL_tF7hca.jpg HTTP/1.1" 200 20652 "-" "Mozilla/5.0 (Windows NT 10.0; WOW64) AppleWebKit/537.36 (KHTML, like Gecko) Chrome/90.0.4430.212 Safari/537.36"
117.148.130.28 - - [14/Apr/2022:06:49:01 +0200] "GET /images/mini_prod/110207_095045_PEEL_VYkrXG.jpg HTTP/1.1" 200 23253 "-" "Mozilla/5.0 (Windows NT 10.0; WOW64) AppleWebKit/537.36 (KHTML, like Gecko) Chrome/90.0.4430.212 Safari/537.36"
117.148.130.28 - - [14/Apr/2022:06:49:02 +0200] "GET /images/mini_prod/102_4621.gif HTTP/1.1" 200 5410 "-" "Mozilla/5.0 (Windows NT 10.0; WOW64) AppleWebKit/537.36 (KHTML, like Gecko) Chrome/90.0.4430.212 Safari/537.36"
117.148.130.28 - - [14/Apr/2022:06:49:02 +0200] "GET /images/mini_prod/1399984230855.jpg HTTP/1.1" 200 5999 "-" "Mozilla/5.0 (Windows NT 10.0; WOW64) AppleWebKit/537.36 (KHTML, like Gecko) Chrome/90.0.4430.212 Safari/537.36"
117.148.130.28 - - [14/Apr/2022:06:49:30 +0200] "GET /images/mini_prod/1399984264546.jpg HTTP/1.1" 200 6491 "-" "Mozilla/5.0 (Windows NT 10.0; WOW64) AppleWebKit/537.36 (KHTML, like Gecko) Chrome/90.0.4430.212 Safari/537.36"
117.148.130.28 - - [14/Apr/2022:06:49:31 +0200] "GET /images/big_prod_1/8433933199497B.jpg HTTP/1.1" 200 273109 "-" "Mozilla/5.0 (Windows NT 10.0; WOW64) AppleWebKit/537.36 (KHTML, like Gecko) Chrome/90.0.4430.212 Safari/537.36"
117.148.130.28 - - [14/Apr/2022:06:49:32 +0200] "GET /images/mini_prod/251GJS12.jpg HTTP/1.1" 200 6234 "-" "Mozilla/5.0 (Windows NT 10.0; WOW64) AppleWebKit/537.36 (KHTML, like Gecko) Chrome/90.0.4430.212 Safari/537.36"
117.148.130.28 - - [14/Apr/2022:06:50:35 +0200] "GET /images/big_prod_1/3700344927137a.jpg HTTP/1.1" 200 216990 "-" "Mozilla/5.0 (Windows NT 10.0; WOW64) AppleWebKit/537.36 (KHTML, like Gecko) Chrome/90.0.4430.212 Safari/537.36"
117.148.130.28 - - [14/Apr/2022:06:51:17 +0200] "GET /images/big_prod_1/8433933227398B.jpg HTTP/1.1" 200 340152 "-" "Mozilla/5.0 (Windows NT 10.0; WOW64) AppleWebKit/537.36 (KHTML, like Gecko) Chrome/90.0.4430.212 Safari/537.36"
117.148.130.28 - - [14/Apr/2022:06:55:00 +0200] "GET /images/big_prod_1/3700344927113a.jpg HTTP/1.1" 200 71649 "-" "Mozilla/5.0 (Windows NT 10.0; WOW64) AppleWebKit/537.36 (KHTML, like Gecko) Chrome/90.0.4430.212 Safari/537.36"
117.148.130.28 - - [14/Apr/2022:06:57:11 +0200] "GET /images/big_prod_1/5415203664822N.jpg HTTP/1.1" 200 66526 "-" "Mozilla/5.0 (Windows NT 10.0; WOW64) AppleWebKit/537.36 (KHTML, like Gecko) Chrome/90.0.4430.212 Safari/537.36"
216.244.66.242 - - [14/Apr/2022:06:57:57 +0200] "GET /robots.txt HTTP/1.1" 200 2438 "-" "Mozilla/5.0 (compatible; DotBot/1.2; +https://opensiteexplorer.org/dotbot; help@moz.com)"
117.148.130.28 - - [14/Apr/2022:06:59:04 +0200] "GET /images/mini_prod/1399984244173.jpg HTTP/1.1" 200 4387 "-" "Mozilla/5.0 (Windows NT 10.0; WOW64) AppleWebKit/537.36 (KHTML, like Gecko) Chrome/90.0.4430.212 Safari/537.36"
117.148.130.28 - - [14/Apr/2022:06:59:05 +0200] "GET /images/mini_prod/1399984244166.jpg HTTP/1.1" 200 4014 "-" "Mozilla/5.0 (Windows NT 10.0; WOW64) AppleWebKit/537.36 (KHTML, like Gecko) Chrome/90.0.4430.212 Safari/537.36"
66.249.64.158 - - [14/Apr/2022:06:59:07 +0200] "GET /images/big_prod/8433933240380.jpg HTTP/1.1" 200 617950 "-" "Googlebot-Image/1.0"
117.148.130.28 - - [14/Apr/2022:06:59:11 +0200] "GET /images/mini_prod/1399984237038.jpg HTTP/1.1" 200 8348 "-" "Mozilla/5.0 (Windows NT 10.0; WOW64) AppleWebKit/537.36 (KHTML, like Gecko) Chrome/90.0.4430.212 Safari/537.36"
117.148.130.28 - - [14/Apr/2022:06:59:23 +0200] "GET /images/mini_prod/b1399984237205.jpg HTTP/1.1" 200 4541 "-" "Mozilla/5.0 (Windows NT 10.0; WOW64) AppleWebKit/537.36 (KHTML, like Gecko) Chrome/90.0.4430.212 Safari/537.36"
117.148.130.28 - - [14/Apr/2022:06:59:26 +0200] "GET /images/mini_prod/1399984237168.jpg HTTP/1.1" 200 3597 "-" "Mozilla/5.0 (Windows NT 10.0; WOW64) AppleWebKit/537.36 (KHTML, like Gecko) Chrome/90.0.4430.212 Safari/537.36"
117.148.130.28 - - [14/Apr/2022:06:59:30 +0200] "GET /images/mini_prod/Image91.jpg HTTP/1.1" 200 21448 "-" "Mozilla/5.0 (Windows NT 10.0; WOW64) AppleWebKit/537.36 (KHTML, like Gecko) Chrome/90.0.4430.212 Safari/537.36"
157.90.128.183 - - [14/Apr/2022:07:00:47 +0200] "GET /images/mini_prod/4010070222796.jpg HTTP/1.1" 200 7069 "-" "Mozilla/5.0 (X11; Ubuntu; Linux x86_64; rv:72.0) Gecko/20100101 Firefox/72.0"
117.148.130.28 - - [14/Apr/2022:07:01:02 +0200] "GET /images/big_prod_1/3520071804989a.jpg HTTP/1.1" 200 67470 "-" "Mozilla/5.0 (Windows NT 10.0; WOW64) AppleWebKit/537.36 (KHTML, like Gecko) Chrome/90.0.4430.212 Safari/537.36"
211.249.40.15 - - [14/Apr/2022:07:02:13 +0200] "GET /images/mini_prod/3700653593221.jpg HTTP/1.1" 200 7466 "-" "Mozilla/5.0 (X11; Ubuntu; Linux x86_64; rv:72.0) Gecko/20100101 Firefox/72.0"
157.90.128.183 - - [14/Apr/2022:07:03:20 +0200] "GET /images/mini_prod/3609810083196.jpg HTTP/1.1" 200 5227 "-" "Mozilla/5.0 (X11; Ubuntu; Linux x86_64; rv:72.0) Gecko/20100101 Firefox/72.0"
20.236.40.50 - - [14/Apr/2022:07:04:13 +0200] "GET /images/mini_prod/8433933201497.jpg HTTP/1.1" 200 8679 "-" "Mozilla/5.0 (X11; Ubuntu; Linux x86_64; rv:72.0) Gecko/20100101 Firefox/72.0"
117.148.130.28 - - [14/Apr/2022:07:05:02 +0200] "GET /images/big_prod_1/3700572740249B.jpg HTTP/1.1" 200 271951 "-" "Mozilla/5.0 (Windows NT 10.0; WOW64) AppleWebKit/537.36 (KHTML, like Gecko) Chrome/90.0.4430.212 Safari/537.36"
87.250.224.149 - - [14/Apr/2022:07:07:31 +0200] "GET /robots.txt HTTP/1.1" 200 2438 "-" "Mozilla/5.0 (compatible; YandexBot/3.0; +http://yandex.com/bots)"
117.148.130.28 - - [14/Apr/2022:07:07:57 +0200] "GET /images/big_prod_1/8433933244753B.jpg HTTP/1.1" 200 787974 "-" "Mozilla/5.0 (Windows NT 10.0; WOW64) AppleWebKit/537.36 (KHTML, like Gecko) Chrome/90.0.4430.212 Safari/537.36"
211.249.40.15 - - [14/Apr/2022:07:08:10 +0200] "GET /images/mini_prod/3700653509765.jpg HTTP/1.1" 200 8043 "-" "Mozilla/5.0 (X11; Ubuntu; Linux x86_64; rv:72.0) Gecko/20100101 Firefox/72.0"
117.148.130.28 - - [14/Apr/2022:07:08:13 +0200] "GET /images/mini_prod/b3281640406323.jpg HTTP/1.1" 200 9928 "-" "Mozilla/5.0 (Windows NT 10.0; WOW64) AppleWebKit/537.36 (KHTML, like Gecko) Chrome/90.0.4430.212 Safari/537.36"
117.148.130.28 - - [14/Apr/2022:07:08:14 +0200] "GET /images/mini_prod/3520071772837.jpg HTTP/1.1" 200 7201 "-" "Mozilla/5.0 (Windows NT 10.0; WOW64) AppleWebKit/537.36 (KHTML, like Gecko) Chrome/90.0.4430.212 Safari/537.36"
117.148.130.28 - - [14/Apr/2022:07:08:18 +0200] "GET /images/mini_prod/3520071772844.jpg HTTP/1.1" 200 4602 "-" "Mozilla/5.0 (Windows NT 10.0; WOW64) AppleWebKit/537.36 (KHTML, like Gecko) Chrome/90.0.4430.212 Safari/537.36"
117.148.130.28 - - [14/Apr/2022:07:08:33 +0200] "GET /images/mini_prod/8433933436271.jpg HTTP/1.1" 200 6813 "-" "Mozilla/5.0 (Windows NT 10.0; WOW64) AppleWebKit/537.36 (KHTML, like Gecko) Chrome/90.0.4430.212 Safari/537.36"
117.148.130.28 - - [14/Apr/2022:07:08:34 +0200] "GET /images/mini_prod/8422810090415c.jpg HTTP/1.1" 200 4261 "-" "Mozilla/5.0 (Windows NT 10.0; WOW64) AppleWebKit/537.36 (KHTML, like Gecko) Chrome/90.0.4430.212 Safari/537.36"
117.148.130.28 - - [14/Apr/2022:07:08:35 +0200] "GET /images/mini_prod/3503420110337.jpg HTTP/1.1" 200 4416 "-" "Mozilla/5.0 (Windows NT 10.0; WOW64) AppleWebKit/537.36 (KHTML, like Gecko) Chrome/90.0.4430.212 Safari/537.36"
117.148.130.28 - - [14/Apr/2022:07:08:40 +0200] "GET /images/mini_prod/8409810063823.jpg HTTP/1.1" 200 6031 "-" "Mozilla/5.0 (Windows NT 10.0; WOW64) AppleWebKit/537.36 (KHTML, like Gecko) Chrome/90.0.4430.212 Safari/537.36"
117.148.130.28 - - [14/Apr/2022:07:08:42 +0200] "GET /images/mini_prod/3609810090439.jpg HTTP/1.1" 200 6522 "-" "Mozilla/5.0 (Windows NT 10.0; WOW64) AppleWebKit/537.36 (KHTML, like Gecko) Chrome/90.0.4430.212 Safari/537.36"
117.148.130.28 - - [14/Apr/2022:07:08:43 +0200] "GET /images/mini_prod/8409810063755.jpg HTTP/1.1" 200 6205 "-" "Mozilla/5.0 (Windows NT 10.0; WOW64) AppleWebKit/537.36 (KHTML, like Gecko) Chrome/90.0.4430.212 Safari/537.36"
117.148.130.28 - - [14/Apr/2022:07:08:45 +0200] "GET /images/mini_prod/3503420173042NN.jpg HTTP/1.1" 200 5608 "-" "Mozilla/5.0 (Windows NT 10.0; WOW64) AppleWebKit/537.36 (KHTML, like Gecko) Chrome/90.0.4430.212 Safari/537.36"
117.148.130.28 - - [14/Apr/2022:07:08:45 +0200] "GET /images/mini_prod/1399980107496.jpg HTTP/1.1" 200 7725 "-" "Mozilla/5.0 (Windows NT 10.0; WOW64) AppleWebKit/537.36 (KHTML, like Gecko) Chrome/90.0.4430.212 Safari/537.36"
117.148.130.28 - - [14/Apr/2022:07:08:45 +0200] "GET /images/mini_prod/8433933436172.jpg HTTP/1.1" 200 5096 "-" "Mozilla/5.0 (Windows NT 10.0; WOW64) AppleWebKit/537.36 (KHTML, like Gecko) Chrome/90.0.4430.212 Safari/537.36"
117.148.130.28 - - [14/Apr/2022:07:08:47 +0200] "GET /images/mini_prod/8409810063762.jpg HTTP/1.1" 200 7741 "-" "Mozilla/5.0 (Windows NT 10.0; WOW64) AppleWebKit/537.36 (KHTML, like Gecko) Chrome/90.0.4430.212 Safari/537.36"
117.148.130.28 - - [14/Apr/2022:07:08:48 +0200] "GET /images/mini_prod/3503420080210.jpg HTTP/1.1" 200 5395 "-" "Mozilla/5.0 (Windows NT 10.0; WOW64) AppleWebKit/537.36 (KHTML, like Gecko) Chrome/90.0.4430.212 Safari/537.36"
117.148.130.28 - - [14/Apr/2022:07:08:48 +0200] "GET /images/mini_prod/8409810063809.jpg HTTP/1.1" 200 6612 "-" "Mozilla/5.0 (Windows NT 10.0; WOW64) AppleWebKit/537.36 (KHTML, like Gecko) Chrome/90.0.4430.212 Safari/537.36"
117.148.130.28 - - [14/Apr/2022:07:08:50 +0200] "GET /images/mini_prod/1384010201800.jpg HTTP/1.1" 200 7468 "-" "Mozilla/5.0 (Windows NT 10.0; WOW64) AppleWebKit/537.36 (KHTML, like Gecko) Chrome/90.0.4430.212 Safari/537.36"
117.148.130.28 - - [14/Apr/2022:07:08:51 +0200] "GET /images/mini_prod/8409810063816.jpg HTTP/1.1" 200 5560 "-" "Mozilla/5.0 (Windows NT 10.0; WOW64) AppleWebKit/537.36 (KHTML, like Gecko) Chrome/90.0.4430.212 Safari/537.36"
117.148.130.28 - - [14/Apr/2022:07:08:52 +0200] "GET /images/mini_prod/8029759043818.gif HTTP/1.1" 200 17856 "-" "Mozilla/5.0 (Windows NT 10.0; WOW64) AppleWebKit/537.36 (KHTML, like Gecko) Chrome/90.0.4430.212 Safari/537.36"
117.148.130.28 - - [14/Apr/2022:07:08:52 +0200] "GET /images/mini_prod/1384010201794.jpg HTTP/1.1" 200 7037 "-" "Mozilla/5.0 (Windows NT 10.0; WOW64) AppleWebKit/537.36 (KHTML, like Gecko) Chrome/90.0.4430.212 Safari/537.36"
117.148.130.28 - - [14/Apr/2022:07:08:52 +0200] "GET /images/mini_prod/1384010207000.jpg HTTP/1.1" 200 5634 "-" "Mozilla/5.0 (Windows NT 10.0; WOW64) AppleWebKit/537.36 (KHTML, like Gecko) Chrome/90.0.4430.212 Safari/537.36"
117.148.130.28 - - [14/Apr/2022:07:08:53 +0200] "GET /images/mini_prod/8029759059925.jpg HTTP/1.1" 200 9361 "-" "Mozilla/5.0 (Windows NT 10.0; WOW64) AppleWebKit/537.36 (KHTML, like Gecko) Chrome/90.0.4430.212 Safari/537.36"
117.148.130.28 - - [14/Apr/2022:07:08:57 +0200] "GET /images/mini_prod/8422810090408a.jpg HTTP/1.1" 200 5613 "-" "Mozilla/5.0 (Windows NT 10.0; WOW64) AppleWebKit/537.36 (KHTML, like Gecko) Chrome/90.0.4430.212 Safari/537.36"
117.148.130.28 - - [14/Apr/2022:07:08:57 +0200] "GET /images/mini_prod/8423131220291.jpg HTTP/1.1" 200 5785 "-" "Mozilla/5.0 (Windows NT 10.0; WOW64) AppleWebKit/537.36 (KHTML, like Gecko) Chrome/90.0.4430.212 Safari/537.36"
117.148.130.28 - - [14/Apr/2022:07:08:59 +0200] "GET /images/mini_prod/8422035310008.jpg HTTP/1.1" 200 4542 "-" "Mozilla/5.0 (Windows NT 10.0; WOW64) AppleWebKit/537.36 (KHTML, like Gecko) Chrome/90.0.4430.212 Safari/537.36"
117.148.130.28 - - [14/Apr/2022:07:08:59 +0200] "GET /images/mini_prod/8424345922322.jpg HTTP/1.1" 200 4560 "-" "Mozilla/5.0 (Windows NT 10.0; WOW64) AppleWebKit/537.36 (KHTML, like Gecko) Chrome/90.0.4430.212 Safari/537.36"
117.148.130.28 - - [14/Apr/2022:07:08:59 +0200] "GET /images/mini_prod/1399980107489.jpg HTTP/1.1" 200 7774 "-" "Mozilla/5.0 (Windows NT 10.0; WOW64) AppleWebKit/537.36 (KHTML, like Gecko) Chrome/90.0.4430.212 Safari/537.36"
117.148.130.28 - - [14/Apr/2022:07:09:00 +0200] "GET /images/mini_prod/1399980107502.jpg HTTP/1.1" 200 7415 "-" "Mozilla/5.0 (Windows NT 10.0; WOW64) AppleWebKit/537.36 (KHTML, like Gecko) Chrome/90.0.4430.212 Safari/537.36"
117.148.130.28 - - [14/Apr/2022:07:09:00 +0200] "GET /images/mini_prod/8422810090422B.jpg HTTP/1.1" 200 4873 "-" "Mozilla/5.0 (Windows NT 10.0; WOW64) AppleWebKit/537.36 (KHTML, like Gecko) Chrome/90.0.4430.212 Safari/537.36"
117.148.130.28 - - [14/Apr/2022:07:09:01 +0200] "GET /images/mini_prod/8422035311005.jpg HTTP/1.1" 200 4529 "-" "Mozilla/5.0 (Windows NT 10.0; WOW64) AppleWebKit/537.36 (KHTML, like Gecko) Chrome/90.0.4430.212 Safari/537.36"
117.148.130.28 - - [14/Apr/2022:07:09:04 +0200] "GET /images/mini_prod/8425131220295.jpg HTTP/1.1" 200 6019 "-" "Mozilla/5.0 (Windows NT 10.0; WOW64) AppleWebKit/537.36 (KHTML, like Gecko) Chrome/90.0.4430.212 Safari/537.36"
117.148.130.28 - - [14/Apr/2022:07:09:04 +0200] "GET /images/mini_prod/8424345929222.jpg HTTP/1.1" 200 5130 "-" "Mozilla/5.0 (Windows NT 10.0; WOW64) AppleWebKit/537.36 (KHTML, like Gecko) Chrome/90.0.4430.212 Safari/537.36"
117.148.130.28 - - [14/Apr/2022:07:09:04 +0200] "GET /images/mini_prod/8422810090392a.jpg HTTP/1.1" 200 3527 "-" "Mozilla/5.0 (Windows NT 10.0; WOW64) AppleWebKit/537.36 (KHTML, like Gecko) Chrome/90.0.4430.212 Safari/537.36"
117.148.130.28 - - [14/Apr/2022:07:09:06 +0200] "GET /images/mini_prod/CD3530e.jpg HTTP/1.1" 200 6019 "-" "Mozilla/5.0 (Windows NT 10.0; WOW64) AppleWebKit/537.36 (KHTML, like Gecko) Chrome/90.0.4430.212 Safari/537.36"
117.148.130.28 - - [14/Apr/2022:07:09:06 +0200] "GET /images/mini_prod/8718317579301.jpg HTTP/1.1" 200 2644 "-" "Mozilla/5.0 (Windows NT 10.0; WOW64) AppleWebKit/537.36 (KHTML, like Gecko) Chrome/90.0.4430.212 Safari/537.36"
117.148.130.28 - - [14/Apr/2022:07:09:06 +0200] "GET /images/mini_prod/CD3530b.jpg HTTP/1.1" 200 6285 "-" "Mozilla/5.0 (Windows NT 10.0; WOW64) AppleWebKit/537.36 (KHTML, like Gecko) Chrome/90.0.4430.212 Safari/537.36"
117.148.130.28 - - [14/Apr/2022:07:09:06 +0200] "GET /images/big_prod_1/5400924158132B.jpg HTTP/1.1" 200 457602 "-" "Mozilla/5.0 (Windows NT 10.0; WOW64) AppleWebKit/537.36 (KHTML, like Gecko) Chrome/90.0.4430.212 Safari/537.36"
117.148.130.28 - - [14/Apr/2022:07:09:07 +0200] "GET /images/mini_prod/8422810090378.jpg HTTP/1.1" 200 6336 "-" "Mozilla/5.0 (Windows NT 10.0; WOW64) AppleWebKit/537.36 (KHTML, like Gecko) Chrome/90.0.4430.212 Safari/537.36"
117.148.130.28 - - [14/Apr/2022:07:09:07 +0200] "GET /images/mini_prod/5415203664822.jpg HTTP/1.1" 200 3513 "-" "Mozilla/5.0 (Windows NT 10.0; WOW64) AppleWebKit/537.36 (KHTML, like Gecko) Chrome/90.0.4430.212 Safari/537.36"
117.148.130.28 - - [14/Apr/2022:07:09:07 +0200] "GET /images/mini_prod/8422810090385.jpg HTTP/1.1" 200 6253 "-" "Mozilla/5.0 (Windows NT 10.0; WOW64) AppleWebKit/537.36 (KHTML, like Gecko) Chrome/90.0.4430.212 Safari/537.36"
117.148.130.28 - - [14/Apr/2022:07:09:08 +0200] "GET /images/mini_prod/CD3530f.jpg HTTP/1.1" 200 5704 "-" "Mozilla/5.0 (Windows NT 10.0; WOW64) AppleWebKit/537.36 (KHTML, like Gecko) Chrome/90.0.4430.212 Safari/537.36"
117.148.130.28 - - [14/Apr/2022:07:09:08 +0200] "GET /images/mini_prod/8433933016800.jpg HTTP/1.1" 200 7886 "-" "Mozilla/5.0 (Windows NT 10.0; WOW64) AppleWebKit/537.36 (KHTML, like Gecko) Chrome/90.0.4430.212 Safari/537.36"
117.148.130.28 - - [14/Apr/2022:07:09:09 +0200] "GET /images/mini_prod/8433933010600.jpg HTTP/1.1" 200 9003 "-" "Mozilla/5.0 (Windows NT 10.0; WOW64) AppleWebKit/537.36 (KHTML, like Gecko) Chrome/90.0.4430.212 Safari/537.36"
117.148.130.28 - - [14/Apr/2022:07:09:09 +0200] "GET /images/mini_prod/8717318090822.jpg HTTP/1.1" 200 3923 "-" "Mozilla/5.0 (Windows NT 10.0; WOW64) AppleWebKit/537.36 (KHTML, like Gecko) Chrome/90.0.4430.212 Safari/537.36"
117.148.130.28 - - [14/Apr/2022:07:09:10 +0200] "GET /images/mini_prod/5415203879783.jpg HTTP/1.1" 200 4587 "-" "Mozilla/5.0 (Windows NT 10.0; WOW64) AppleWebKit/537.36 (KHTML, like Gecko) Chrome/90.0.4430.212 Safari/537.36"
117.148.130.28 - - [14/Apr/2022:07:09:10 +0200] "GET /images/mini_prod/8424001493357.jpg HTTP/1.1" 200 3333 "-" "Mozilla/5.0 (Windows NT 10.0; WOW64) AppleWebKit/537.36 (KHTML, like Gecko) Chrome/90.0.4430.212 Safari/537.36"
117.148.130.28 - - [14/Apr/2022:07:09:10 +0200] "GET /images/mini_prod/8433933141304.jpg HTTP/1.1" 200 3846 "-" "Mozilla/5.0 (Windows NT 10.0; WOW64) AppleWebKit/537.36 (KHTML, like Gecko) Chrome/90.0.4430.212 Safari/537.36"
185.191.171.12 - - [14/Apr/2022:07:09:25 +0200] "GET /robots.txt HTTP/1.1" 200 2438 "-" "Mozilla/5.0 (compatible; SemrushBot/7~bl; +http://www.semrush.com/bot.html)"
117.148.130.28 - - [14/Apr/2022:07:09:40 +0200] "GET /images/mini_prod/8719075391815.jpg HTTP/1.1" 200 10733 "-" "Mozilla/5.0 (Windows NT 10.0; WOW64) AppleWebKit/537.36 (KHTML, like Gecko) Chrome/90.0.4430.212 Safari/537.36"
117.148.130.28 - - [14/Apr/2022:07:10:02 +0200] "GET /images/mini_prod/8719075391709.jpg HTTP/1.1" 200 8846 "-" "Mozilla/5.0 (Windows NT 10.0; WOW64) AppleWebKit/537.36 (KHTML, like Gecko) Chrome/90.0.4430.212 Safari/537.36"
117.148.130.28 - - [14/Apr/2022:07:10:28 +0200] "GET /images/mini_prod/8718657461151.jpg HTTP/1.1" 200 3319 "-" "Mozilla/5.0 (Windows NT 10.0; WOW64) AppleWebKit/537.36 (KHTML, like Gecko) Chrome/90.0.4430.212 Safari/537.36"
117.148.130.28 - - [14/Apr/2022:07:10:31 +0200] "GET /images/mini_prod/8433933237755.jpg HTTP/1.1" 200 8203 "-" "Mozilla/5.0 (Windows NT 10.0; WOW64) AppleWebKit/537.36 (KHTML, like Gecko) Chrome/90.0.4430.212 Safari/537.36"
117.148.130.28 - - [14/Apr/2022:07:10:36 +0200] "GET /images/mini_prod/8718657461199a.jpg HTTP/1.1" 200 3327 "-" "Mozilla/5.0 (Windows NT 10.0; WOW64) AppleWebKit/537.36 (KHTML, like Gecko) Chrome/90.0.4430.212 Safari/537.36"
117.148.130.28 - - [14/Apr/2022:07:10:40 +0200] "GET /images/mini_prod/encensfatima.jpg HTTP/1.1" 200 4346 "-" "Mozilla/5.0 (Windows NT 10.0; WOW64) AppleWebKit/537.36 (KHTML, like Gecko) Chrome/90.0.4430.212 Safari/537.36"
117.148.130.28 - - [14/Apr/2022:07:10:41 +0200] "GET /images/mini_prod/8433933237816.jpg HTTP/1.1" 200 8042 "-" "Mozilla/5.0 (Windows NT 10.0; WOW64) AppleWebKit/537.36 (KHTML, like Gecko) Chrome/90.0.4430.212 Safari/537.36"
117.148.130.28 - - [14/Apr/2022:07:10:42 +0200] "GET /images/mini_prod/8718657461106.jpg HTTP/1.1" 200 3037 "-" "Mozilla/5.0 (Windows NT 10.0; WOW64) AppleWebKit/537.36 (KHTML, like Gecko) Chrome/90.0.4430.212 Safari/537.36"
117.148.130.28 - - [14/Apr/2022:07:10:45 +0200] "GET /images/mini_prod/encensom.jpg HTTP/1.1" 200 10821 "-" "Mozilla/5.0 (Windows NT 10.0; WOW64) AppleWebKit/537.36 (KHTML, like Gecko) Chrome/90.0.4430.212 Safari/537.36"
117.148.130.28 - - [14/Apr/2022:07:10:45 +0200] "GET /images/mini_prod/encensarbre.jpg HTTP/1.1" 200 10267 "-" "Mozilla/5.0 (Windows NT 10.0; WOW64) AppleWebKit/537.36 (KHTML, like Gecko) Chrome/90.0.4430.212 Safari/537.36"
117.148.130.28 - - [14/Apr/2022:07:10:46 +0200] "GET /images/mini_prod/encenslotus2.jpg HTTP/1.1" 200 10182 "-" "Mozilla/5.0 (Windows NT 10.0; WOW64) AppleWebKit/537.36 (KHTML, like Gecko) Chrome/90.0.4430.212 Safari/537.36"
117.148.130.28 - - [14/Apr/2022:07:11:12 +0200] "GET /images/mini_prod/17637.jpg HTTP/1.1" 200 8844 "-" "Mozilla/5.0 (Windows NT 10.0; WOW64) AppleWebKit/537.36 (KHTML, like Gecko) Chrome/90.0.4430.212 Safari/537.36"
117.148.130.28 - - [14/Apr/2022:07:11:15 +0200] "GET /images/mini_prod/8719075391723.jpg HTTP/1.1" 200 3772 "-" "Mozilla/5.0 (Windows NT 10.0; WOW64) AppleWebKit/537.36 (KHTML, like Gecko) Chrome/90.0.4430.212 Safari/537.36"
95.163.255.198 - - [14/Apr/2022:07:11:31 +0200] "GET /robots.txt HTTP/1.0" 200 2438 "-" "Mozilla/5.0 (compatible; Linux x86_64; Mail.RU_Bot/Img/2.0; +http://go.mail.ru/help/robots)"
117.148.130.28 - - [14/Apr/2022:07:11:32 +0200] "GET /images/mini_prod/3574642579837B.jpg HTTP/1.1" 200 9531 "-" "Mozilla/5.0 (Windows NT 10.0; WOW64) AppleWebKit/537.36 (KHTML, like Gecko) Chrome/90.0.4430.212 Safari/537.36"
117.148.130.28 - - [14/Apr/2022:07:11:33 +0200] "GET /images/mini_prod/3574642579813B.jpg HTTP/1.1" 200 9438 "-" "Mozilla/5.0 (Windows NT 10.0; WOW64) AppleWebKit/537.36 (KHTML, like Gecko) Chrome/90.0.4430.212 Safari/537.36"
117.148.130.28 - - [14/Apr/2022:07:11:34 +0200] "GET /images/mini_prod/3574641017422.jpg HTTP/1.1" 200 5624 "-" "Mozilla/5.0 (Windows NT 10.0; WOW64) AppleWebKit/537.36 (KHTML, like Gecko) Chrome/90.0.4430.212 Safari/537.36"
117.148.130.28 - - [14/Apr/2022:07:11:38 +0200] "GET /images/mini_prod/3574641017514.jpg HTTP/1.1" 200 5804 "-" "Mozilla/5.0 (Windows NT 10.0; WOW64) AppleWebKit/537.36 (KHTML, like Gecko) Chrome/90.0.4430.212 Safari/537.36"
117.148.130.28 - - [14/Apr/2022:07:11:38 +0200] "GET /images/mini_prod/3574641017415.jpg HTTP/1.1" 200 5451 "-" "Mozilla/5.0 (Windows NT 10.0; WOW64) AppleWebKit/537.36 (KHTML, like Gecko) Chrome/90.0.4430.212 Safari/537.36"
117.148.130.28 - - [14/Apr/2022:07:11:38 +0200] "GET /images/mini_prod/3574641017361.jpg HTTP/1.1" 200 5255 "-" "Mozilla/5.0 (Windows NT 10.0; WOW64) AppleWebKit/537.36 (KHTML, like Gecko) Chrome/90.0.4430.212 Safari/537.36"
95.163.255.131 - - [14/Apr/2022:07:11:41 +0200] "GET /images/big_prod/071662213732.jpg HTTP/1.1" 200 154437 "http://wonder-geek.com/images/big_prod/071662213732.jpg" "Mozilla/5.0 (compatible; Linux x86_64; Mail.RU_Bot/Img/2.0; +http://go.mail.ru/help/robots)"
95.163.255.129 - - [14/Apr/2022:07:11:41 +0200] "GET /images/med_prod/4012390370454.jpg HTTP/1.1" 200 92585 "http://wonder-geek.com/images/med_prod/4012390370454.jpg" "Mozilla/5.0 (compatible; Linux x86_64; Mail.RU_Bot/Img/2.0; +http://go.mail.ru/help/robots)"
117.148.130.28 - - [14/Apr/2022:07:11:41 +0200] "GET /images/mini_prod/3574641017460.jpg HTTP/1.1" 200 5552 "-" "Mozilla/5.0 (Windows NT 10.0; WOW64) AppleWebKit/537.36 (KHTML, like Gecko) Chrome/90.0.4430.212 Safari/537.36"
117.148.130.28 - - [14/Apr/2022:07:11:42 +0200] "GET /images/mini_prod/3574641017507.jpg HTTP/1.1" 200 5721 "-" "Mozilla/5.0 (Windows NT 10.0; WOW64) AppleWebKit/537.36 (KHTML, like Gecko) Chrome/90.0.4430.212 Safari/537.36"
117.148.130.28 - - [14/Apr/2022:07:11:42 +0200] "GET /images/mini_prod/3574641017446.jpg HTTP/1.1" 200 5224 "-" "Mozilla/5.0 (Windows NT 10.0; WOW64) AppleWebKit/537.36 (KHTML, like Gecko) Chrome/90.0.4430.212 Safari/537.36"
117.148.130.28 - - [14/Apr/2022:07:11:44 +0200] "GET /images/mini_prod/8445148011051.jpg HTTP/1.1" 200 4728 "-" "Mozilla/5.0 (Windows NT 10.0; WOW64) AppleWebKit/537.36 (KHTML, like Gecko) Chrome/90.0.4430.212 Safari/537.36"
117.148.130.28 - - [14/Apr/2022:07:11:44 +0200] "GET /images/mini_prod/3574642579790B.jpg HTTP/1.1" 200 9326 "-" "Mozilla/5.0 (Windows NT 10.0; WOW64) AppleWebKit/537.36 (KHTML, like Gecko) Chrome/90.0.4430.212 Safari/537.36"
95.163.255.131 - - [14/Apr/2022:07:11:44 +0200] "GET /images/med_prod/3609810007857.jpg HTTP/1.1" 200 95358 "http://wonder-geek.com/images/med_prod/3609810007857.jpg" "Mozilla/5.0 (compatible; Linux x86_64; Mail.RU_Bot/Img/2.0; +http://go.mail.ru/help/robots)"
117.148.130.28 - - [14/Apr/2022:07:11:45 +0200] "GET /images/mini_prod/3574642579806B.jpg HTTP/1.1" 200 9821 "-" "Mozilla/5.0 (Windows NT 10.0; WOW64) AppleWebKit/537.36 (KHTML, like Gecko) Chrome/90.0.4430.212 Safari/537.36"
117.148.130.28 - - [14/Apr/2022:07:11:45 +0200] "GET /images/mini_prod/3574641017385.jpg HTTP/1.1" 200 5542 "-" "Mozilla/5.0 (Windows NT 10.0; WOW64) AppleWebKit/537.36 (KHTML, like Gecko) Chrome/90.0.4430.212 Safari/537.36"
117.148.130.28 - - [14/Apr/2022:07:11:46 +0200] "GET /images/mini_prod/3574642579783B.jpg HTTP/1.1" 200 9426 "-" "Mozilla/5.0 (Windows NT 10.0; WOW64) AppleWebKit/537.36 (KHTML, like Gecko) Chrome/90.0.4430.212 Safari/537.36"
117.148.130.28 - - [14/Apr/2022:07:11:47 +0200] "GET /images/mini_prod/3574641017378.jpg HTTP/1.1" 200 5566 "-" "Mozilla/5.0 (Windows NT 10.0; WOW64) AppleWebKit/537.36 (KHTML, like Gecko) Chrome/90.0.4430.212 Safari/537.36"
117.148.130.28 - - [14/Apr/2022:07:11:48 +0200] "GET /images/mini_prod/3574642579820B.jpg HTTP/1.1" 200 9701 "-" "Mozilla/5.0 (Windows NT 10.0; WOW64) AppleWebKit/537.36 (KHTML, like Gecko) Chrome/90.0.4430.212 Safari/537.36"
157.90.128.183 - - [14/Apr/2022:07:12:02 +0200] "GET /images/big_prod_2/c5018997632079.jpg HTTP/1.1" 200 101129 "-" "Mozilla/5.0 (X11; Ubuntu; Linux x86_64; rv:72.0) Gecko/20100101 Firefox/72.0"
157.90.128.183 - - [14/Apr/2022:07:12:04 +0200] "GET /images/mini_prod/3457019604168.jpg HTTP/1.1" 200 9175 "-" "Mozilla/5.0 (X11; Ubuntu; Linux x86_64; rv:72.0) Gecko/20100101 Firefox/72.0"
157.90.128.183 - - [14/Apr/2022:07:13:18 +0200] "GET /images/mini_prod/5060021931528.jpg HTTP/1.1" 200 6561 "-" "Mozilla/5.0 (X11; Ubuntu; Linux x86_64; rv:72.0) Gecko/20100101 Firefox/72.0"
157.90.128.183 - - [14/Apr/2022:07:16:06 +0200] "GET /images/mini_prod/3457010954422.jpg HTTP/1.1" 200 10092 "-" "Mozilla/5.0 (X11; Ubuntu; Linux x86_64; rv:72.0) Gecko/20100101 Firefox/72.0"
117.148.130.28 - - [14/Apr/2022:07:16:43 +0200] "GET /images/mini_prod/1399984258224.jpg HTTP/1.1" 200 8045 "-" "Mozilla/5.0 (Windows NT 10.0; WOW64) AppleWebKit/537.36 (KHTML, like Gecko) Chrome/90.0.4430.212 Safari/537.36"
103.131.71.96 - - [14/Apr/2022:07:17:21 +0200] "GET /robots.txt HTTP/1.1" 200 2438 "-" "Mozilla/5.0 (compatible; coccocbot-web/1.0; +http://help.coccoc.com/searchengine)"
117.148.130.28 - - [14/Apr/2022:07:17:33 +0200] "GET /images/big_prod_1/8433933251492B.jpg HTTP/1.1" 200 725770 "-" "Mozilla/5.0 (Windows NT 10.0; WOW64) AppleWebKit/537.36 (KHTML, like Gecko) Chrome/90.0.4430.212 Safari/537.36"
117.148.130.28 - - [14/Apr/2022:07:18:00 +0200] "GET /images/mini_prod/1399984258286.jpg HTTP/1.1" 200 9176 "-" "Mozilla/5.0 (Windows NT 10.0; WOW64) AppleWebKit/537.36 (KHTML, like Gecko) Chrome/90.0.4430.212 Safari/537.36"
117.148.130.28 - - [14/Apr/2022:07:18:04 +0200] "GET /images/mini_prod/4029811310838.jpg HTTP/1.1" 200 7236 "-" "Mozilla/5.0 (Windows NT 10.0; WOW64) AppleWebKit/537.36 (KHTML, like Gecko) Chrome/90.0.4430.212 Safari/537.36"
117.148.130.28 - - [14/Apr/2022:07:18:12 +0200] "GET /images/mini_prod/53327.jpg HTTP/1.1" 200 5453 "-" "Mozilla/5.0 (Windows NT 10.0; WOW64) AppleWebKit/537.36 (KHTML, like Gecko) Chrome/90.0.4430.212 Safari/537.36"
117.148.130.28 - - [14/Apr/2022:07:18:14 +0200] "GET /images/mini_prod/341K002.jpg HTTP/1.1" 200 6146 "-" "Mozilla/5.0 (Windows NT 10.0; WOW64) AppleWebKit/537.36 (KHTML, like Gecko) Chrome/90.0.4430.212 Safari/537.36"
117.148.130.28 - - [14/Apr/2022:07:18:15 +0200] "GET /images/mini_prod/1399984258224.jpg HTTP/1.1" 200 8045 "-" "Mozilla/5.0 (Windows NT 10.0; WOW64) AppleWebKit/537.36 (KHTML, like Gecko) Chrome/90.0.4430.212 Safari/537.36"
117.148.130.28 - - [14/Apr/2022:07:18:19 +0200] "GET /images/mini_prod/53327.jpg HTTP/1.1" 200 5453 "-" "Mozilla/5.0 (Windows NT 10.0; WOW64) AppleWebKit/537.36 (KHTML, like Gecko) Chrome/90.0.4430.212 Safari/537.36"
117.148.130.28 - - [14/Apr/2022:07:18:48 +0200] "GET /images/big_prod_1/8433933244784B.jpg HTTP/1.1" 200 885713 "-" "Mozilla/5.0 (Windows NT 10.0; WOW64) AppleWebKit/537.36 (KHTML, like Gecko) Chrome/90.0.4430.212 Safari/537.36"
5.189.172.182 - - [14/Apr/2022:07:20:34 +0200] "GET /robots.txt HTTP/1.1" 200 2438 "-" "Mozilla/5.0 (compatible; MJ12bot/v1.4.8; http://mj12bot.com/)"
66.249.64.152 - - [14/Apr/2022:07:21:10 +0200] "GET /images/b4010070225216.jpg HTTP/1.1" 200 101177 "-" "Googlebot-Image/1.0"
85.73.240.207 - - [14/Apr/2022:07:21:39 +0200] "GET /templates/Pixame_v1/stylesheet.css HTTP/1.1" 200 56057 "http://www.wonder-geek.com/collectable-figurine-family-p-57421.html" "Mozilla/5.0 (Windows NT 6.3; Win64; x64; rv:91.0) Gecko/20100101 Firefox/91.0"
85.73.240.207 - - [14/Apr/2022:07:21:39 +0200] "GET /templates/Pixame_v1/images/flash.swf HTTP/1.1" 200 2868 "http://www.wonder-geek.com/collectable-figurine-family-p-57421.html" "Mozilla/5.0 (Windows NT 6.3; Win64; x64; rv:91.0) Gecko/20100101 Firefox/91.0"
85.73.240.207 - - [14/Apr/2022:07:21:40 +0200] "GET /favicon.ico HTTP/1.1" 200 1591 "http://www.wonder-geek.com/collectable-figurine-family-p-57421.html" "Mozilla/5.0 (Windows NT 6.3; Win64; x64; rv:91.0) Gecko/20100101 Firefox/91.0"
85.73.240.207 - - [14/Apr/2022:07:22:14 +0200] "GET /templates/Pixame_v1/images/flash.swf HTTP/1.1" 200 2868 "http://www.wonder-geek.com/advanced_search_result.php?keywords=9316188090858" "Mozilla/5.0 (Windows NT 6.3; Win64; x64; rv:91.0) Gecko/20100101 Firefox/91.0"
65.108.134.143 - - [14/Apr/2022:07:23:19 +0200] "GET /robots.txt HTTP/1.1" 200 2438 "-" "Mozilla/5.0 (compatible; MJ12bot/v1.4.8; http://mj12bot.com/)"
117.148.130.28 - - [14/Apr/2022:07:23:33 +0200] "GET /images/mini_prod/4036113102757.jpg HTTP/1.1" 200 9380 "-" "Mozilla/5.0 (Windows NT 10.0; WOW64) AppleWebKit/537.36 (KHTML, like Gecko) Chrome/90.0.4430.212 Safari/537.36"
117.148.130.28 - - [14/Apr/2022:07:23:35 +0200] "GET /images/mini_prod/4036113102696.jpg HTTP/1.1" 200 6965 "-" "Mozilla/5.0 (Windows NT 10.0; WOW64) AppleWebKit/537.36 (KHTML, like Gecko) Chrome/90.0.4430.212 Safari/537.36"
117.148.130.28 - - [14/Apr/2022:07:23:46 +0200] "GET /images/mini_prod/3453131147712.jpg HTTP/1.1" 200 6147 "-" "Mozilla/5.0 (Windows NT 10.0; WOW64) AppleWebKit/537.36 (KHTML, like Gecko) Chrome/90.0.4430.212 Safari/537.36"
85.73.240.207 - - [14/Apr/2022:07:23:59 +0200] "GET /templates/Pixame_v1/images/flash.swf HTTP/1.1" 200 2868 "http://www.wonder-geek.com/advanced_search_result.php?keywords=9316188090988" "Mozilla/5.0 (Windows NT 6.3; Win64; x64; rv:91.0) Gecko/20100101 Firefox/91.0"
85.73.240.207 - - [14/Apr/2022:07:23:59 +0200] "GET /images/mini_prod/9316188090988.jpg HTTP/1.1" 200 4019 "http://www.wonder-geek.com/advanced_search_result.php?keywords=9316188090988" "Mozilla/5.0 (Windows NT 6.3; Win64; x64; rv:91.0) Gecko/20100101 Firefox/91.0"
85.73.240.207 - - [14/Apr/2022:07:23:59 +0200] "GET /favicon.ico HTTP/1.1" 200 1591 "http://www.wonder-geek.com/advanced_search_result.php?keywords=9316188090988" "Mozilla/5.0 (Windows NT 6.3; Win64; x64; rv:91.0) Gecko/20100101 Firefox/91.0"
85.73.240.207 - - [14/Apr/2022:07:24:04 +0200] "GET /images/big_prod/9316188090988.jpg HTTP/1.1" 200 181835 "http://www.wonder-geek.com/india-keychain-family-p-57390.html" "Mozilla/5.0 (Windows NT 6.3; Win64; x64; rv:91.0) Gecko/20100101 Firefox/91.0"
85.73.240.207 - - [14/Apr/2022:07:24:05 +0200] "GET /images/big_prod_1/9316188090988B.jpg HTTP/1.1" 200 293058 "http://www.wonder-geek.com/india-keychain-family-p-57390.html" "Mozilla/5.0 (Windows NT 6.3; Win64; x64; rv:91.0) Gecko/20100101 Firefox/91.0"
211.249.40.15 - - [14/Apr/2022:07:24:19 +0200] "GET /images/mini_prod/3609810063136.jpg HTTP/1.1" 200 8757 "-" "Mozilla/5.0 (X11; Ubuntu; Linux x86_64; rv:72.0) Gecko/20100101 Firefox/72.0"
117.148.130.28 - - [14/Apr/2022:07:24:44 +0200] "GET /images/mini_prod/4036113101224.jpg HTTP/1.1" 200 8851 "-" "Mozilla/5.0 (Windows NT 10.0; WOW64) AppleWebKit/537.36 (KHTML, like Gecko) Chrome/90.0.4430.212 Safari/537.36"
117.148.130.28 - - [14/Apr/2022:07:24:44 +0200] "GET /images/mini_prod/4036113102689.jpg HTTP/1.1" 200 9225 "-" "Mozilla/5.0 (Windows NT 10.0; WOW64) AppleWebKit/537.36 (KHTML, like Gecko) Chrome/90.0.4430.212 Safari/537.36"
117.148.130.28 - - [14/Apr/2022:07:24:49 +0200] "GET /images/mini_prod/4036113101170.jpg HTTP/1.1" 200 10388 "-" "Mozilla/5.0 (Windows NT 10.0; WOW64) AppleWebKit/537.36 (KHTML, like Gecko) Chrome/90.0.4430.212 Safari/537.36"
85.73.240.207 - - [14/Apr/2022:07:24:53 +0200] "GET /templates/Pixame_v1/images/flash.swf HTTP/1.1" 200 2868 "http://www.wonder-geek.com/advanced_search_result.php?keywords=9316188090995" "Mozilla/5.0 (Windows NT 6.3; Win64; x64; rv:91.0) Gecko/20100101 Firefox/91.0"
85.73.240.207 - - [14/Apr/2022:07:24:53 +0200] "GET /images/mini_prod/9316188090995.jpg HTTP/1.1" 200 3907 "http://www.wonder-geek.com/advanced_search_result.php?keywords=9316188090995" "Mozilla/5.0 (Windows NT 6.3; Win64; x64; rv:91.0) Gecko/20100101 Firefox/91.0"
85.73.240.207 - - [14/Apr/2022:07:24:53 +0200] "GET /favicon.ico HTTP/1.1" 200 1591 "http://www.wonder-geek.com/advanced_search_result.php?keywords=9316188090995" "Mozilla/5.0 (Windows NT 6.3; Win64; x64; rv:91.0) Gecko/20100101 Firefox/91.0"
85.73.240.207 - - [14/Apr/2022:07:24:58 +0200] "GET /images/big_prod/9316188090995.jpg HTTP/1.1" 200 176083 "http://www.wonder-geek.com/england-keychain-family-p-57386.html" "Mozilla/5.0 (Windows NT 6.3; Win64; x64; rv:91.0) Gecko/20100101 Firefox/91.0"
85.73.240.207 - - [14/Apr/2022:07:24:58 +0200] "GET /images/big_prod_1/9316188090995B.jpg HTTP/1.1" 200 301512 "http://www.wonder-geek.com/england-keychain-family-p-57386.html" "Mozilla/5.0 (Windows NT 6.3; Win64; x64; rv:91.0) Gecko/20100101 Firefox/91.0"
117.148.130.28 - - [14/Apr/2022:07:25:05 +0200] "GET /images/mini_prod/4036113101200.jpg HTTP/1.1" 200 11293 "-" "Mozilla/5.0 (Windows NT 10.0; WOW64) AppleWebKit/537.36 (KHTML, like Gecko) Chrome/90.0.4430.212 Safari/537.36"
66.249.64.146 - - [14/Apr/2022:07:25:08 +0200] "GET /images/big_prod/3503420217777.jpg HTTP/1.1" 200 274163 "-" "Googlebot-Image/1.0"
117.148.130.28 - - [14/Apr/2022:07:25:15 +0200] "GET /images/mini_prod/4036113102849.jpg HTTP/1.1" 200 8932 "-" "Mozilla/5.0 (Windows NT 10.0; WOW64) AppleWebKit/537.36 (KHTML, like Gecko) Chrome/90.0.4430.212 Safari/537.36"
117.148.130.28 - - [14/Apr/2022:07:25:17 +0200] "GET /images/mini_prod/4036113101231.jpg HTTP/1.1" 200 9531 "-" "Mozilla/5.0 (Windows NT 10.0; WOW64) AppleWebKit/537.36 (KHTML, like Gecko) Chrome/90.0.4430.212 Safari/537.36"
117.148.130.28 - - [14/Apr/2022:07:25:18 +0200] "GET /images/big_prod_1/1328399295029a.jpg HTTP/1.1" 200 151574 "-" "Mozilla/5.0 (Windows NT 10.0; WOW64) AppleWebKit/537.36 (KHTML, like Gecko) Chrome/90.0.4430.212 Safari/537.36"
117.148.130.28 - - [14/Apr/2022:07:25:20 +0200] "GET /images/mini_prod/4036113101989.jpg HTTP/1.1" 200 8851 "-" "Mozilla/5.0 (Windows NT 10.0; WOW64) AppleWebKit/537.36 (KHTML, like Gecko) Chrome/90.0.4430.212 Safari/537.36"
117.148.130.28 - - [14/Apr/2022:07:25:20 +0200] "GET /images/mini_prod/4036113102986.jpg HTTP/1.1" 200 10008 "-" "Mozilla/5.0 (Windows NT 10.0; WOW64) AppleWebKit/537.36 (KHTML, like Gecko) Chrome/90.0.4430.212 Safari/537.36"
117.148.130.28 - - [14/Apr/2022:07:25:22 +0200] "GET /images/mini_prod/3609810078239.jpg HTTP/1.1" 200 8099 "-" "Mozilla/5.0 (Windows NT 10.0; WOW64) AppleWebKit/537.36 (KHTML, like Gecko) Chrome/90.0.4430.212 Safari/537.36"
117.148.130.28 - - [14/Apr/2022:07:25:24 +0200] "GET /images/mini_prod/4036113102702.jpg HTTP/1.1" 200 8605 "-" "Mozilla/5.0 (Windows NT 10.0; WOW64) AppleWebKit/537.36 (KHTML, like Gecko) Chrome/90.0.4430.212 Safari/537.36"
117.148.130.28 - - [14/Apr/2022:07:25:26 +0200] "GET /images/mini_prod/4036113102924.jpg HTTP/1.1" 200 11890 "-" "Mozilla/5.0 (Windows NT 10.0; WOW64) AppleWebKit/537.36 (KHTML, like Gecko) Chrome/90.0.4430.212 Safari/537.36"
117.148.130.28 - - [14/Apr/2022:07:25:26 +0200] "GET /images/mini_prod/3453131147149.jpg HTTP/1.1" 200 6416 "-" "Mozilla/5.0 (Windows NT 10.0; WOW64) AppleWebKit/537.36 (KHTML, like Gecko) Chrome/90.0.4430.212 Safari/537.36"
117.148.130.28 - - [14/Apr/2022:07:25:27 +0200] "GET /images/mini_prod/4036113101248.jpg HTTP/1.1" 200 8167 "-" "Mozilla/5.0 (Windows NT 10.0; WOW64) AppleWebKit/537.36 (KHTML, like Gecko) Chrome/90.0.4430.212 Safari/537.36"
117.148.130.28 - - [14/Apr/2022:07:25:28 +0200] "GET /images/mini_prod/3453131147194.jpg HTTP/1.1" 200 5924 "-" "Mozilla/5.0 (Windows NT 10.0; WOW64) AppleWebKit/537.36 (KHTML, like Gecko) Chrome/90.0.4430.212 Safari/537.36"
117.148.130.28 - - [14/Apr/2022:07:25:28 +0200] "GET /images/mini_prod/3453131147200.jpg HTTP/1.1" 200 7692 "-" "Mozilla/5.0 (Windows NT 10.0; WOW64) AppleWebKit/537.36 (KHTML, like Gecko) Chrome/90.0.4430.212 Safari/537.36"
117.148.130.28 - - [14/Apr/2022:07:25:29 +0200] "GET /images/mini_prod/3453131147699.jpg HTTP/1.1" 200 5725 "-" "Mozilla/5.0 (Windows NT 10.0; WOW64) AppleWebKit/537.36 (KHTML, like Gecko) Chrome/90.0.4430.212 Safari/537.36"
117.148.130.28 - - [14/Apr/2022:07:25:29 +0200] "GET /images/mini_prod/3453131147682.jpg HTTP/1.1" 200 6008 "-" "Mozilla/5.0 (Windows NT 10.0; WOW64) AppleWebKit/537.36 (KHTML, like Gecko) Chrome/90.0.4430.212 Safari/537.36"
85.73.240.207 - - [14/Apr/2022:07:25:38 +0200] "GET /templates/Pixame_v1/images/flash.swf HTTP/1.1" 200 2868 "http://www.wonder-geek.com/advanced_search_result.php?keywords=9316188090957" "Mozilla/5.0 (Windows NT 6.3; Win64; x64; rv:91.0) Gecko/20100101 Firefox/91.0"
85.73.240.207 - - [14/Apr/2022:07:25:38 +0200] "GET /images/mini_prod/9316188090957.jpg HTTP/1.1" 200 4370 "http://www.wonder-geek.com/advanced_search_result.php?keywords=9316188090957" "Mozilla/5.0 (Windows NT 6.3; Win64; x64; rv:91.0) Gecko/20100101 Firefox/91.0"
85.73.240.207 - - [14/Apr/2022:07:25:38 +0200] "GET /favicon.ico HTTP/1.1" 200 1591 "http://www.wonder-geek.com/advanced_search_result.php?keywords=9316188090957" "Mozilla/5.0 (Windows NT 6.3; Win64; x64; rv:91.0) Gecko/20100101 Firefox/91.0"
85.73.240.207 - - [14/Apr/2022:07:25:41 +0200] "GET /images/big_prod/9316188090957.jpg HTTP/1.1" 200 194368 "http://www.wonder-geek.com/mexico-keychain-family-p-57394.html" "Mozilla/5.0 (Windows NT 6.3; Win64; x64; rv:91.0) Gecko/20100101 Firefox/91.0"
85.73.240.207 - - [14/Apr/2022:07:25:42 +0200] "GET /images/big_prod_1/9316188090957B.jpg HTTP/1.1" 200 311769 "http://www.wonder-geek.com/mexico-keychain-family-p-57394.html" "Mozilla/5.0 (Windows NT 6.3; Win64; x64; rv:91.0) Gecko/20100101 Firefox/91.0"
85.73.240.207 - - [14/Apr/2022:07:26:15 +0200] "GET /templates/Pixame_v1/images/flash.swf HTTP/1.1" 200 2868 "http://www.wonder-geek.com/advanced_search_result.php?keywords=9316188091046" "Mozilla/5.0 (Windows NT 6.3; Win64; x64; rv:91.0) Gecko/20100101 Firefox/91.0"
85.73.240.207 - - [14/Apr/2022:07:26:15 +0200] "GET /images/mini_prod/9316188091046.jpg HTTP/1.1" 200 3968 "http://www.wonder-geek.com/advanced_search_result.php?keywords=9316188091046" "Mozilla/5.0 (Windows NT 6.3; Win64; x64; rv:91.0) Gecko/20100101 Firefox/91.0"
85.73.240.207 - - [14/Apr/2022:07:26:15 +0200] "GET /favicon.ico HTTP/1.1" 200 1591 "http://www.wonder-geek.com/advanced_search_result.php?keywords=9316188091046" "Mozilla/5.0 (Windows NT 6.3; Win64; x64; rv:91.0) Gecko/20100101 Firefox/91.0"
85.73.240.207 - - [14/Apr/2022:07:26:19 +0200] "GET /images/big_prod/9316188091046.jpg HTTP/1.1" 200 158170 "http://www.wonder-geek.com/spain-keychain-family-p-57385.html" "Mozilla/5.0 (Windows NT 6.3; Win64; x64; rv:91.0) Gecko/20100101 Firefox/91.0"
85.73.240.207 - - [14/Apr/2022:07:26:19 +0200] "GET /images/big_prod_1/9316188091046B.jpg HTTP/1.1" 200 330777 "http://www.wonder-geek.com/spain-keychain-family-p-57385.html" "Mozilla/5.0 (Windows NT 6.3; Win64; x64; rv:91.0) Gecko/20100101 Firefox/91.0"
85.73.240.207 - - [14/Apr/2022:07:26:52 +0200] "GET /templates/Pixame_v1/images/flash.swf HTTP/1.1" 200 2868 "http://www.wonder-geek.com/advanced_search_result.php?keywords=9316188091008" "Mozilla/5.0 (Windows NT 6.3; Win64; x64; rv:91.0) Gecko/20100101 Firefox/91.0"
85.73.240.207 - - [14/Apr/2022:07:26:53 +0200] "GET /images/mini_prod/9316188091008.jpg HTTP/1.1" 200 4343 "http://www.wonder-geek.com/advanced_search_result.php?keywords=9316188091008" "Mozilla/5.0 (Windows NT 6.3; Win64; x64; rv:91.0) Gecko/20100101 Firefox/91.0"
85.73.240.207 - - [14/Apr/2022:07:26:56 +0200] "GET /images/big_prod/9316188091008.jpg HTTP/1.1" 200 189269 "http://www.wonder-geek.com/italy-keychain-family-p-57396.html" "Mozilla/5.0 (Windows NT 6.3; Win64; x64; rv:91.0) Gecko/20100101 Firefox/91.0"
85.73.240.207 - - [14/Apr/2022:07:26:56 +0200] "GET /images/big_prod_1/9316188091008B.jpg HTTP/1.1" 200 269843 "http://www.wonder-geek.com/italy-keychain-family-p-57396.html" "Mozilla/5.0 (Windows NT 6.3; Win64; x64; rv:91.0) Gecko/20100101 Firefox/91.0"
85.73.240.207 - - [14/Apr/2022:07:27:30 +0200] "GET /templates/Pixame_v1/images/flash.swf HTTP/1.1" 200 2868 "http://www.wonder-geek.com/advanced_search_result.php?keywords=9316188091039" "Mozilla/5.0 (Windows NT 6.3; Win64; x64; rv:91.0) Gecko/20100101 Firefox/91.0"
85.73.240.207 - - [14/Apr/2022:07:27:30 +0200] "GET /images/mini_prod/9316188091039.jpg HTTP/1.1" 200 3983 "http://www.wonder-geek.com/advanced_search_result.php?keywords=9316188091039" "Mozilla/5.0 (Windows NT 6.3; Win64; x64; rv:91.0) Gecko/20100101 Firefox/91.0"
85.73.240.207 - - [14/Apr/2022:07:27:30 +0200] "GET /favicon.ico HTTP/1.1" 200 1591 "http://www.wonder-geek.com/advanced_search_result.php?keywords=9316188091039" "Mozilla/5.0 (Windows NT 6.3; Win64; x64; rv:91.0) Gecko/20100101 Firefox/91.0"
85.73.240.207 - - [14/Apr/2022:07:27:35 +0200] "GET /images/big_prod/9316188091039.jpg HTTP/1.1" 200 163493 "http://www.wonder-geek.com/japan-keychain-family-p-57388.html" "Mozilla/5.0 (Windows NT 6.3; Win64; x64; rv:91.0) Gecko/20100101 Firefox/91.0"
85.73.240.207 - - [14/Apr/2022:07:27:35 +0200] "GET /images/big_prod_1/9316188091039B.jpg HTTP/1.1" 200 364021 "http://www.wonder-geek.com/japan-keychain-family-p-57388.html" "Mozilla/5.0 (Windows NT 6.3; Win64; x64; rv:91.0) Gecko/20100101 Firefox/91.0"
66.249.64.152 - - [14/Apr/2022:07:27:38 +0200] "GET /images/big_prod_1/3700281664904a.jpg HTTP/1.1" 200 884960 "-" "Googlebot-Image/1.0"
85.73.240.207 - - [14/Apr/2022:07:28:05 +0200] "GET /templates/Pixame_v1/images/flash.swf HTTP/1.1" 200 2868 "http://www.wonder-geek.com/advanced_search_result.php?keywords=9316188091022" "Mozilla/5.0 (Windows NT 6.3; Win64; x64; rv:91.0) Gecko/20100101 Firefox/91.0"
85.73.240.207 - - [14/Apr/2022:07:28:06 +0200] "GET /images/mini_prod/9316188091022.jpg HTTP/1.1" 200 4187 "http://www.wonder-geek.com/advanced_search_result.php?keywords=9316188091022" "Mozilla/5.0 (Windows NT 6.3; Win64; x64; rv:91.0) Gecko/20100101 Firefox/91.0"
