103.131.71.45 - - [14/Apr/2022:08:51:52 +0200] "GET /images/big_prod/8433933152546.jpg HTTP/1.1" 304 0 "-" "Mozilla/5.0 (compatible; coccocbot-image/1.0; +http://help.coccoc.com/searchengine)"
211.249.40.15 - - [14/Apr/2022:08:54:45 +0200] "GET /images/mini_prod/3438100342398.jpg HTTP/1.1" 200 5768 "-" "Mozilla/5.0 (X11; Ubuntu; Linux x86_64; rv:72.0) Gecko/20100101 Firefox/72.0"
114.119.137.45 - - [14/Apr/2022:08:56:40 +0200] "GET /images/big_prod_1/5400924181024B.jpg HTTP/1.1" 200 479639 "-" "Mozilla/5.0 (Linux; Android 7.0;) AppleWebKit/537.36 (KHTML, like Gecko) Mobile Safari/537.36 (compatible; PetalBot;+https://webmaster.petalsearch.com/site/petalbot)"
66.249.64.152 - - [14/Apr/2022:09:02:14 +0200] "GET /images/med_prod/1384010181317.jpg HTTP/1.1" 200 168135 "-" "Googlebot-Image/1.0"
158.69.243.138 - - [14/Apr/2022:09:08:25 +0200] "GET /robots.txt HTTP/1.1" 200 2438 "-" "Mozilla/5.0 (compatible; MJ12bot/v1.4.8; http://mj12bot.com/)"
66.249.64.146 - - [14/Apr/2022:09:08:26 +0200] "GET /images/big_prod_2/8435153884641D.jpg HTTP/1.1" 200 466430 "-" "Googlebot-Image/1.0"
192.99.36.166 - - [14/Apr/2022:09:08:28 +0200] "GET /robots.txt HTTP/1.1" 200 2438 "-" "Mozilla/5.0 (compatible; MJ12bot/v1.4.8; http://mj12bot.com/)"
157.90.128.183 - - [14/Apr/2022:09:08:37 +0200] "GET /images/mini_prod/8424346253807.jpg HTTP/1.1" 200 6058 "-" "Mozilla/5.0 (X11; Ubuntu; Linux x86_64; rv:72.0) Gecko/20100101 Firefox/72.0"
103.131.71.133 - - [14/Apr/2022:09:08:40 +0200] "GET /robots.txt HTTP/1.1" 200 2438 "-" "Mozilla/5.0 (compatible; coccocbot-web/1.0; +http://help.coccoc.com/searchengine)"
103.131.71.178 - - [14/Apr/2022:09:08:42 +0200] "GET /robots.txt HTTP/1.1" 200 2438 "-" "Mozilla/5.0 (compatible; coccocbot-web/1.0; +http://help.coccoc.com/searchengine)"
157.90.128.183 - - [14/Apr/2022:09:08:46 +0200] "GET /images/mini_prod/3442440234077.jpg HTTP/1.1" 200 5775 "-" "Mozilla/5.0 (X11; Ubuntu; Linux x86_64; rv:72.0) Gecko/20100101 Firefox/72.0"
147.92.229.61 - - [14/Apr/2022:09:11:25 +0200] "GET /images/mini_prod/5036278052187.jpg HTTP/1.1" 200 7689 "-" "Mozilla/5.0 (X11; Ubuntu; Linux x86_64; rv:72.0) Gecko/20100101 Firefox/72.0"
185.191.171.2 - - [14/Apr/2022:09:12:18 +0200] "GET /robots.txt HTTP/1.1" 200 2438 "-" "Mozilla/5.0 (compatible; SemrushBot/7~bl; +http://www.semrush.com/bot.html)"
157.90.128.183 - - [14/Apr/2022:09:13:45 +0200] "GET /images/mini_prod/1384010184165.jpg HTTP/1.1" 200 5335 "-" "Mozilla/5.0 (X11; Ubuntu; Linux x86_64; rv:72.0) Gecko/20100101 Firefox/72.0"
147.92.229.61 - - [14/Apr/2022:09:15:11 +0200] "GET /images/mini_prod/DSCN6817.jpg HTTP/1.1" 200 5977 "-" "Mozilla/5.0 (X11; Ubuntu; Linux x86_64; rv:72.0) Gecko/20100101 Firefox/72.0"
20.236.40.50 - - [14/Apr/2022:09:16:41 +0200] "GET /images/mini_prod/4029811331512.jpg HTTP/1.1" 200 5786 "-" "Mozilla/5.0 (X11; Ubuntu; Linux x86_64; rv:72.0) Gecko/20100101 Firefox/72.0"
20.236.40.50 - - [14/Apr/2022:09:19:38 +0200] "GET /images/mini_prod/3296580363605.jpg HTTP/1.1" 200 12634 "-" "Mozilla/5.0 (X11; Ubuntu; Linux x86_64; rv:72.0) Gecko/20100101 Firefox/72.0"
66.249.64.146 - - [14/Apr/2022:09:21:40 +0200] "GET /mondial_relay/js/jquery-1.3.2.min.js HTTP/1.1" 200 57254 "http://www.wonder-geek.com/grey-metal-umbrella-stand-p-57539.html" "Mozilla/5.0 (compatible; Googlebot/2.1; +http://www.google.com/bot.html)"
66.249.64.146 - - [14/Apr/2022:09:21:40 +0200] "GET /js/jquery.jqzoom.js HTTP/1.1" 200 4761 "http://www.wonder-geek.com/grey-metal-umbrella-stand-p-57539.html" "Mozilla/5.0 (compatible; Googlebot/2.1; +http://www.google.com/bot.html)"
66.249.64.152 - - [14/Apr/2022:09:21:42 +0200] "GET /js/jquery.js HTTP/1.1" 200 54075 "http://www.wonder-geek.com/grey-metal-umbrella-stand-p-57539.html" "Mozilla/5.0 (compatible; Googlebot/2.1; +http://www.google.com/bot.html)"
66.249.64.146 - - [14/Apr/2022:09:21:44 +0200] "GET /highslide/highslide.js HTTP/1.1" 200 42909 "http://www.wonder-geek.com/grey-metal-umbrella-stand-p-57539.html" "Mozilla/5.0 (compatible; Googlebot/2.1; +http://www.google.com/bot.html)"
211.249.40.15 - - [14/Apr/2022:09:25:01 +0200] "GET /images/mini_prod/8033667001822.jpg HTTP/1.1" 200 12046 "-" "Mozilla/5.0 (X11; Ubuntu; Linux x86_64; rv:72.0) Gecko/20100101 Firefox/72.0"
223.39.191.66 - - [14/Apr/2022:09:25:44 +0200] "GET /images/mini_prod/8421440081169.jpg HTTP/1.1" 200 10153 "-" "Mozilla/5.0 (X11; Ubuntu; Linux x86_64; rv:72.0) Gecko/20100101 Firefox/72.0"
87.250.224.149 - - [14/Apr/2022:09:26:27 +0200] "GET /robots.txt HTTP/1.1" 200 2438 "-" "Mozilla/5.0 (compatible; YandexBot/3.0; +http://yandex.com/bots)"
216.244.66.242 - - [14/Apr/2022:09:26:34 +0200] "GET /robots.txt HTTP/1.1" 200 2438 "-" "Mozilla/5.0 (compatible; DotBot/1.2; +https://opensiteexplorer.org/dotbot; help@moz.com)"
157.90.128.183 - - [14/Apr/2022:09:26:48 +0200] "GET /images/mini_prod/3661443279193.jpg HTTP/1.1" 200 5896 "-" "Mozilla/5.0 (X11; Ubuntu; Linux x86_64; rv:72.0) Gecko/20100101 Firefox/72.0"
54.161.41.102 - - [14/Apr/2022:09:30:59 +0200] "GET /robots.txt HTTP/1.1" 200 2438 "-" "Mozilla/5.0 (compatible; Neevabot/1.0; +https://neeva.com/neevabot)"
157.90.128.183 - - [14/Apr/2022:09:31:24 +0200] "GET /images/mini_prod/3503420187803.jpg HTTP/1.1" 200 5770 "-" "Mozilla/5.0 (X11; Ubuntu; Linux x86_64; rv:72.0) Gecko/20100101 Firefox/72.0"
94.130.19.112 - - [14/Apr/2022:09:31:37 +0200] "GET /images/mini_prod/8028501269414.jpg HTTP/1.1" 200 5478 "-" "Mozilla/5.0 (X11; Ubuntu; Linux x86_64; rv:72.0) Gecko/20100101 Firefox/72.0"
66.249.64.146 - - [14/Apr/2022:09:33:29 +0200] "GET /js/jquery.masonry.min.js HTTP/1.1" 200 5392 "http://www.wonder-geek.com/water-outdoor-games-c-4_143.html?page=2" "Mozilla/5.0 (Linux; Android 6.0.1; Nexus 5X Build/MMB29P) AppleWebKit/537.36 (KHTML, like Gecko) Chrome/99.0.4844.84 Mobile Safari/537.36 (compatible; Googlebot/2.1; +http://www.google.com/bot.html)"
66.249.64.146 - - [14/Apr/2022:09:36:06 +0200] "GET /images/big_prod_2/5415203980106C.jpg HTTP/1.1" 200 93796 "-" "Googlebot-Image/1.0"
94.130.19.112 - - [14/Apr/2022:09:36:40 +0200] "GET /images/mini_prod/8422666661500.jpg HTTP/1.1" 200 5126 "-" "Mozilla/5.0 (X11; Ubuntu; Linux x86_64; rv:72.0) Gecko/20100101 Firefox/72.0"
95.163.255.67 - - [14/Apr/2022:09:45:21 +0200] "GET /robots.txt HTTP/1.0" 200 2438 "-" "Mozilla/5.0 (compatible; Linux x86_64; Mail.RU_Bot/2.0; +http://go.mail.ru/help/robots)"
95.163.255.66 - - [14/Apr/2022:09:45:57 +0200] "GET /images/big_prod_1/b5018997612996.jpg HTTP/1.1" 200 138629 "-" "Mozilla/5.0 (compatible; Linux x86_64; Mail.RU_Bot/2.0; +http://go.mail.ru/help/robots)"
95.163.255.64 - - [14/Apr/2022:09:47:13 +0200] "GET /images/1399984241233.jpg HTTP/1.1" 200 145447 "-" "Mozilla/5.0 (compatible; Linux x86_64; Mail.RU_Bot/2.0; +http://go.mail.ru/help/robots)"
185.191.171.1 - - [14/Apr/2022:09:51:06 +0200] "GET /robots.txt HTTP/1.1" 200 2438 "-" "Mozilla/5.0 (compatible; SemrushBot/7~bl; +http://www.semrush.com/bot.html)"
65.21.201.217 - - [14/Apr/2022:09:54:06 +0200] "GET /robots.txt HTTP/1.1" 200 2438 "-" "Mozilla/5.0 (compatible; MJ12bot/v1.4.8; http://mj12bot.com/)"
223.39.191.66 - - [14/Apr/2022:09:54:42 +0200] "GET /images/mini_prod/5701359740948.jpg HTTP/1.1" 200 9790 "-" "Mozilla/5.0 (X11; Ubuntu; Linux x86_64; rv:72.0) Gecko/20100101 Firefox/72.0"
157.90.128.183 - - [14/Apr/2022:10:10:32 +0200] "GET /images/mini_prod/3453131143189.jpg HTTP/1.1" 200 8517 "-" "Mozilla/5.0 (X11; Ubuntu; Linux x86_64; rv:72.0) Gecko/20100101 Firefox/72.0"
66.249.64.158 - - [14/Apr/2022:10:12:15 +0200] "GET /images/big_prod_1/8422048831613ba.jpg HTTP/1.1" 200 87132 "-" "Googlebot-Image/1.0"
216.244.66.242 - - [14/Apr/2022:10:15:39 +0200] "GET /robots.txt HTTP/1.1" 200 2438 "-" "Mozilla/5.0 (compatible; DotBot/1.2; +https://opensiteexplorer.org/dotbot; help@moz.com)"
114.119.137.43 - - [14/Apr/2022:10:18:01 +0200] "GET /images/big_prod_1/8422048821508A.jpg HTTP/1.1" 200 88719 "-" "Mozilla/5.0 (Linux; Android 7.0;) AppleWebKit/537.36 (KHTML, like Gecko) Mobile Safari/537.36 (compatible; PetalBot;+https://webmaster.petalsearch.com/site/petalbot)"
211.249.40.15 - - [14/Apr/2022:10:20:47 +0200] "GET /images/mini_prod/8012052165813.jpg HTTP/1.1" 200 7821 "-" "Mozilla/5.0 (X11; Ubuntu; Linux x86_64; rv:72.0) Gecko/20100101 Firefox/72.0"
95.163.255.120 - - [14/Apr/2022:10:21:42 +0200] "GET /robots.txt HTTP/1.0" 200 2438 "-" "Mozilla/5.0 (compatible; Linux x86_64; Mail.RU_Bot/Img/2.0; +http://go.mail.ru/help/robots)"
95.163.255.198 - - [14/Apr/2022:10:21:48 +0200] "GET /images/6942138907827.jpg HTTP/1.1" 200 195373 "http://wonder-geek.com/images/6942138907827.jpg" "Mozilla/5.0 (compatible; Linux x86_64; Mail.RU_Bot/Img/2.0; +http://go.mail.ru/help/robots)"
95.163.255.131 - - [14/Apr/2022:10:21:53 +0200] "GET /images/med_prod/1399984288900.jpg HTTP/1.1" 200 92940 "http://wonder-geek.com/images/med_prod/1399984288900.jpg" "Mozilla/5.0 (compatible; Linux x86_64; Mail.RU_Bot/Img/2.0; +http://go.mail.ru/help/robots)"
95.163.255.198 - - [14/Apr/2022:10:21:58 +0200] "GET /images/4007176126851.jpg HTTP/1.1" 200 24245 "http://wonder-geek.com/images/4007176126851.jpg" "Mozilla/5.0 (compatible; Linux x86_64; Mail.RU_Bot/Img/2.0; +http://go.mail.ru/help/robots)"
155.130.12.208 - - [14/Apr/2022:10:23:12 +0200] "GET /images/mini_prod/9316188087377.jpg HTTP/1.1" 200 5425 "-" "Mozilla/5.0 (X11; Ubuntu; Linux x86_64; rv:72.0) Gecko/20100101 Firefox/72.0"
113.207.6.244 - - [14/Apr/2022:10:24:47 +0200] "GET /images/mini_prod/5050293803975.jpg HTTP/1.1" 200 10730 "-" "Mozilla/5.0 (X11; Ubuntu; Linux x86_64; rv:72.0) Gecko/20100101 Firefox/72.0"
185.191.171.35 - - [14/Apr/2022:10:28:24 +0200] "GET /robots.txt HTTP/1.1" 200 2438 "-" "Mozilla/5.0 (compatible; SemrushBot/7~bl; +http://www.semrush.com/bot.html)"
211.249.40.15 - - [14/Apr/2022:10:33:29 +0200] "GET /images/mini_prod/3700276281826050720122.jpg HTTP/1.1" 200 9709 "-" "Mozilla/5.0 (X11; Ubuntu; Linux x86_64; rv:72.0) Gecko/20100101 Firefox/72.0"
211.249.40.15 - - [14/Apr/2022:10:38:38 +0200] "GET /images/mini_prod/5213199036063.jpg HTTP/1.1" 200 7655 "-" "Mozilla/5.0 (X11; Ubuntu; Linux x86_64; rv:72.0) Gecko/20100101 Firefox/72.0"
94.130.19.112 - - [14/Apr/2022:10:50:57 +0200] "GET /images/mini_prod/5018997513248.jpg HTTP/1.1" 200 7065 "-" "Mozilla/5.0 (X11; Ubuntu; Linux x86_64; rv:72.0) Gecko/20100101 Firefox/72.0"
94.130.19.112 - - [14/Apr/2022:10:52:47 +0200] "GET /images/mini_prod/070209_191201_PEEL_gnVzFs.jpg HTTP/1.1" 200 16519 "-" "Mozilla/5.0 (X11; Ubuntu; Linux x86_64; rv:72.0) Gecko/20100101 Firefox/72.0"
114.119.137.38 - - [14/Apr/2022:10:58:47 +0200] "GET /images/big_prod/3700572764085.jpg HTTP/1.1" 200 240696 "-" "Mozilla/5.0 (Linux; Android 7.0;) AppleWebKit/537.36 (KHTML, like Gecko) Mobile Safari/537.36 (compatible; PetalBot;+https://webmaster.petalsearch.com/site/petalbot)"
118.191.216.250 - - [14/Apr/2022:11:00:45 +0200] "GET /images/mini_prod/1399984264287.jpg HTTP/1.1" 200 6918 "-" "Mozilla/5.0 (X11; Ubuntu; Linux x86_64; rv:72.0) Gecko/20100101 Firefox/72.0"
185.191.171.13 - - [14/Apr/2022:11:03:45 +0200] "GET /robots.txt HTTP/1.1" 200 2438 "-" "Mozilla/5.0 (compatible; SemrushBot/7~bl; +http://www.semrush.com/bot.html)"
66.249.64.152 - - [14/Apr/2022:11:05:05 +0200] "GET /images/8028501699235.jpg HTTP/1.1" 200 43557 "-" "Googlebot-Image/1.0"
216.244.66.242 - - [14/Apr/2022:11:06:23 +0200] "GET /robots.txt HTTP/1.1" 200 2438 "-" "Mozilla/5.0 (compatible; DotBot/1.2; +https://opensiteexplorer.org/dotbot; help@moz.com)"
223.39.191.66 - - [14/Apr/2022:11:08:27 +0200] "GET /images/mini_prod/8422089196078A.jpg HTTP/1.1" 200 12090 "-" "Mozilla/5.0 (X11; Ubuntu; Linux x86_64; rv:72.0) Gecko/20100101 Firefox/72.0"
157.90.128.183 - - [14/Apr/2022:11:11:10 +0200] "GET /images/mini_prod/3453131146760.jpg HTTP/1.1" 200 6384 "-" "Mozilla/5.0 (X11; Ubuntu; Linux x86_64; rv:72.0) Gecko/20100101 Firefox/72.0"
157.55.39.99 - - [14/Apr/2022:11:11:42 +0200] "GET /js/jquery.masonry.min.js HTTP/1.1" 200 5392 "-" "Mozilla/5.0 (compatible; bingbot/2.0; +http://www.bing.com/bingbot.htm)"
207.46.13.160 - - [14/Apr/2022:11:11:44 +0200] "GET /js/modernizr-transitions.js HTTP/1.1" 200 2026 "-" "Mozilla/5.0 (compatible; bingbot/2.0; +http://www.bing.com/bingbot.htm)"
157.90.128.183 - - [14/Apr/2022:11:18:42 +0200] "GET /images/mini_prod/3700653508690.jpg HTTP/1.1" 200 6969 "-" "Mozilla/5.0 (X11; Ubuntu; Linux x86_64; rv:72.0) Gecko/20100101 Firefox/72.0"
113.207.6.244 - - [14/Apr/2022:11:21:02 +0200] "GET /images/mini_prod/1384010183595.jpg HTTP/1.1" 200 7110 "-" "Mozilla/5.0 (X11; Ubuntu; Linux x86_64; rv:72.0) Gecko/20100101 Firefox/72.0"
94.130.19.112 - - [14/Apr/2022:11:21:12 +0200] "GET /images/mini_prod/5415203956408.jpg HTTP/1.1" 200 5372 "-" "Mozilla/5.0 (X11; Ubuntu; Linux x86_64; rv:72.0) Gecko/20100101 Firefox/72.0"
147.92.229.61 - - [14/Apr/2022:11:26:00 +0200] "GET /images/big_prod_1/b3609810063808.jpg HTTP/1.1" 200 127020 "-" "Mozilla/5.0 (X11; Ubuntu; Linux x86_64; rv:72.0) Gecko/20100101 Firefox/72.0"
185.191.171.22 - - [14/Apr/2022:11:41:05 +0200] "GET /robots.txt HTTP/1.1" 200 2438 "-" "Mozilla/5.0 (compatible; SemrushBot/7~bl; +http://www.semrush.com/bot.html)"
211.249.40.15 - - [14/Apr/2022:11:42:42 +0200] "GET /images/mini_prod/1399985100904B.jpg HTTP/1.1" 200 8511 "-" "Mozilla/5.0 (X11; Ubuntu; Linux x86_64; rv:72.0) Gecko/20100101 Firefox/72.0"
40.77.167.106 - - [14/Apr/2022:11:44:29 +0200] "GET /robots.txt HTTP/1.1" 200 2438 "-" "Mozilla/5.0 (compatible; bingbot/2.0; +http://www.bing.com/bingbot.htm)"
157.90.128.183 - - [14/Apr/2022:11:45:02 +0200] "GET /images/mini_prod/8433933436172.jpg HTTP/1.1" 200 5096 "-" "Mozilla/5.0 (X11; Ubuntu; Linux x86_64; rv:72.0) Gecko/20100101 Firefox/72.0"
211.249.40.15 - - [14/Apr/2022:11:45:52 +0200] "GET /images/mini_prod/8424346248728.jpg HTTP/1.1" 200 11062 "-" "Mozilla/5.0 (X11; Ubuntu; Linux x86_64; rv:72.0) Gecko/20100101 Firefox/72.0"
87.250.224.149 - - [14/Apr/2022:11:48:03 +0200] "GET /robots.txt HTTP/1.1" 200 2438 "-" "Mozilla/5.0 (compatible; YandexBot/3.0; +http://yandex.com/bots)"
157.90.128.183 - - [14/Apr/2022:11:50:28 +0200] "GET /images/mini_prod/3700791200166.jpg HTTP/1.1" 200 5610 "-" "Mozilla/5.0 (X11; Ubuntu; Linux x86_64; rv:72.0) Gecko/20100101 Firefox/72.0"
113.207.6.244 - - [14/Apr/2022:11:55:28 +0200] "GET /images/mini_prod/8424001278886.jpg HTTP/1.1" 200 5892 "-" "Mozilla/5.0 (X11; Ubuntu; Linux x86_64; rv:72.0) Gecko/20100101 Firefox/72.0"
216.244.66.242 - - [14/Apr/2022:11:55:59 +0200] "GET /robots.txt HTTP/1.1" 200 2438 "-" "Mozilla/5.0 (compatible; DotBot/1.2; +https://opensiteexplorer.org/dotbot; help@moz.com)"
216.244.66.242 - - [14/Apr/2022:11:56:00 +0200] "GET /robots.txt HTTP/1.1" 200 2438 "-" "Mozilla/5.0 (compatible; DotBot/1.2; +https://opensiteexplorer.org/dotbot; help@moz.com)"
95.163.255.140 - - [14/Apr/2022:11:57:37 +0200] "GET /robots.txt HTTP/1.0" 200 2438 "-" "Mozilla/5.0 (compatible; Linux x86_64; Mail.RU_Bot/Img/2.0; +http://go.mail.ru/help/robots)"
95.163.255.111 - - [14/Apr/2022:11:57:48 +0200] "GET /images/b5010994692230.jpg HTTP/1.1" 200 97863 "http://wonder-geek.com/images/b5010994692230.jpg" "Mozilla/5.0 (compatible; Linux x86_64; Mail.RU_Bot/Img/2.0; +http://go.mail.ru/help/robots)"
95.163.255.140 - - [14/Apr/2022:11:57:49 +0200] "GET /images/big_prod/4029811342419.jpg HTTP/1.1" 200 75672 "http://wonder-geek.com/images/big_prod/4029811342419.jpg" "Mozilla/5.0 (compatible; Linux x86_64; Mail.RU_Bot/Img/2.0; +http://go.mail.ru/help/robots)"
192.151.157.210 - - [14/Apr/2022:11:59:05 +0200] "GET /robots.txt HTTP/1.1" 200 2438 "-" "Mozilla/5.0 (compatible; MJ12bot/v1.4.8; http://mj12bot.com/)"
113.207.6.244 - - [14/Apr/2022:12:03:13 +0200] "GET /images/mini_prod/8033667001174.jpg HTTP/1.1" 200 6992 "-" "Mozilla/5.0 (X11; Ubuntu; Linux x86_64; rv:72.0) Gecko/20100101 Firefox/72.0"
17.121.114.227 - - [14/Apr/2022:12:05:06 +0200] "GET /robots.txt HTTP/1.1" 200 2438 "-" "Mozilla/5.0 (Macintosh; Intel Mac OS X 10_15_5) AppleWebKit/605.1.15 (KHTML, like Gecko) Version/13.1.1 Safari/605.1.15 (Applebot/0.1; +http://www.apple.com/go/applebot)"
157.90.128.183 - - [14/Apr/2022:12:08:24 +0200] "GET /images/mini_prod/1384010179536.jpg HTTP/1.1" 200 5955 "-" "Mozilla/5.0 (X11; Ubuntu; Linux x86_64; rv:72.0) Gecko/20100101 Firefox/72.0"
211.249.40.15 - - [14/Apr/2022:12:10:51 +0200] "GET /images/mini_prod/3503420072369.jpg HTTP/1.1" 200 9141 "-" "Mozilla/5.0 (X11; Ubuntu; Linux x86_64; rv:72.0) Gecko/20100101 Firefox/72.0"
157.90.128.183 - - [14/Apr/2022:12:13:53 +0200] "GET /images/mini_prod/3453131132299.jpg HTTP/1.1" 200 5854 "-" "Mozilla/5.0 (X11; Ubuntu; Linux x86_64; rv:72.0) Gecko/20100101 Firefox/72.0"
211.249.40.15 - - [14/Apr/2022:12:17:24 +0200] "GET /images/mini_prod/1399984254387.jpg HTTP/1.1" 200 6927 "-" "Mozilla/5.0 (X11; Ubuntu; Linux x86_64; rv:72.0) Gecko/20100101 Firefox/72.0"
185.191.171.16 - - [14/Apr/2022:12:19:15 +0200] "GET /robots.txt HTTP/1.1" 200 2438 "-" "Mozilla/5.0 (compatible; SemrushBot/7~bl; +http://www.semrush.com/bot.html)"
114.119.137.43 - - [14/Apr/2022:12:21:20 +0200] "GET /images/mini_prod/5051276271828.jpg HTTP/1.1" 200 6573 "-" "Mozilla/5.0 (Linux; Android 7.0;) AppleWebKit/537.36 (KHTML, like Gecko) Mobile Safari/537.36 (compatible; PetalBot;+https://webmaster.petalsearch.com/site/petalbot)"
20.99.217.146 - - [14/Apr/2022:12:24:14 +0200] "GET /images/mini_prod/8424222925996.jpg HTTP/1.1" 200 6200 "-" "Mozilla/5.0 (X11; Ubuntu; Linux x86_64; rv:72.0) Gecko/20100101 Firefox/72.0"
114.119.137.43 - - [14/Apr/2022:12:24:14 +0200] "GET /images/mini_prod/8422015320300.jpg HTTP/1.1" 200 5904 "-" "Mozilla/5.0 (Linux; Android 7.0;) AppleWebKit/537.36 (KHTML, like Gecko) Mobile Safari/537.36 (compatible; PetalBot;+https://webmaster.petalsearch.com/site/petalbot)"
20.99.217.146 - - [14/Apr/2022:12:27:05 +0200] "GET /images/mini_prod/5051276225647.jpg HTTP/1.1" 200 5961 "-" "Mozilla/5.0 (X11; Ubuntu; Linux x86_64; rv:72.0) Gecko/20100101 Firefox/72.0"
147.92.229.61 - - [14/Apr/2022:12:32:39 +0200] "GET /images/big_prod_1/5415203937889B.jpg HTTP/1.1" 200 50403 "-" "Mozilla/5.0 (X11; Ubuntu; Linux x86_64; rv:72.0) Gecko/20100101 Firefox/72.0"
20.99.217.146 - - [14/Apr/2022:12:35:35 +0200] "GET /images/mini_prod/B11068-copie-4.jpg HTTP/1.1" 200 8471 "-" "Mozilla/5.0 (X11; Ubuntu; Linux x86_64; rv:72.0) Gecko/20100101 Firefox/72.0"
118.191.216.250 - - [14/Apr/2022:12:39:54 +0200] "GET /images/mini_prod/3272760389849.jpg HTTP/1.1" 200 7075 "-" "Mozilla/5.0 (X11; Ubuntu; Linux x86_64; rv:72.0) Gecko/20100101 Firefox/72.0"
211.249.40.15 - - [14/Apr/2022:12:43:38 +0200] "GET /images/mini_prod/7601019993210.jpg HTTP/1.1" 200 11064 "-" "Mozilla/5.0 (X11; Ubuntu; Linux x86_64; rv:72.0) Gecko/20100101 Firefox/72.0"
20.99.217.146 - - [14/Apr/2022:12:44:13 +0200] "GET /images/mini_prod/3014627889440.jpg HTTP/1.1" 200 8933 "-" "Mozilla/5.0 (X11; Ubuntu; Linux x86_64; rv:72.0) Gecko/20100101 Firefox/72.0"
216.244.66.242 - - [14/Apr/2022:12:45:57 +0200] "GET /robots.txt HTTP/1.1" 200 2438 "-" "Mozilla/5.0 (compatible; DotBot/1.2; +https://opensiteexplorer.org/dotbot; help@moz.com)"
211.249.40.15 - - [14/Apr/2022:12:47:35 +0200] "GET /images/mini_prod/3700431602756.jpg HTTP/1.1" 200 11188 "-" "Mozilla/5.0 (X11; Ubuntu; Linux x86_64; rv:72.0) Gecko/20100101 Firefox/72.0"
114.119.137.3 - - [14/Apr/2022:12:49:09 +0200] "GET /images/big_prod_1/3503420234118D.jpg HTTP/1.1" 200 378886 "-" "Mozilla/5.0 (Linux; Android 7.0;) AppleWebKit/537.36 (KHTML, like Gecko) Mobile Safari/537.36 (compatible; PetalBot;+https://webmaster.petalsearch.com/site/petalbot)"
94.130.19.112 - - [14/Apr/2022:12:50:06 +0200] "GET /images/mini_prod/5036278062209.jpg HTTP/1.1" 200 6756 "-" "Mozilla/5.0 (X11; Ubuntu; Linux x86_64; rv:72.0) Gecko/20100101 Firefox/72.0"
20.99.217.146 - - [14/Apr/2022:12:51:23 +0200] "GET /images/mini_prod/4029811331512.jpg HTTP/1.1" 200 5786 "-" "Mozilla/5.0 (X11; Ubuntu; Linux x86_64; rv:72.0) Gecko/20100101 Firefox/72.0"
185.191.171.2 - - [14/Apr/2022:12:52:14 +0200] "GET /robots.txt HTTP/1.1" 200 2438 "-" "Mozilla/5.0 (compatible; SemrushBot/7~bl; +http://www.semrush.com/bot.html)"
157.90.128.183 - - [14/Apr/2022:12:55:58 +0200] "GET /images/mini_prod/3520071275741.jpg HTTP/1.1" 200 7042 "-" "Mozilla/5.0 (X11; Ubuntu; Linux x86_64; rv:72.0) Gecko/20100101 Firefox/72.0"
157.90.128.183 - - [14/Apr/2022:12:56:22 +0200] "GET /images/mini_prod/8422140192445.jpg HTTP/1.1" 200 6400 "-" "Mozilla/5.0 (X11; Ubuntu; Linux x86_64; rv:72.0) Gecko/20100101 Firefox/72.0"
20.99.217.146 - - [14/Apr/2022:12:59:47 +0200] "GET /images/mini_prod/3760054863347.jpg HTTP/1.1" 200 9931 "-" "Mozilla/5.0 (X11; Ubuntu; Linux x86_64; rv:72.0) Gecko/20100101 Firefox/72.0"
118.191.216.250 - - [14/Apr/2022:13:00:19 +0200] "GET /images/mini_prod/4895029627446.jpg HTTP/1.1" 200 5086 "-" "Mozilla/5.0 (X11; Ubuntu; Linux x86_64; rv:72.0) Gecko/20100101 Firefox/72.0"
223.39.191.66 - - [14/Apr/2022:13:01:14 +0200] "GET /images/mini_prod/1384010200476.jpg HTTP/1.1" 200 5428 "-" "Mozilla/5.0 (X11; Ubuntu; Linux x86_64; rv:72.0) Gecko/20100101 Firefox/72.0"
20.99.217.146 - - [14/Apr/2022:13:03:03 +0200] "GET /images/mini_prod/8904245400088.jpg HTTP/1.1" 200 5872 "-" "Mozilla/5.0 (X11; Ubuntu; Linux x86_64; rv:72.0) Gecko/20100101 Firefox/72.0"
66.249.64.146 - - [14/Apr/2022:13:03:37 +0200] "GET /images/big_prod/3700572755366B.jpg HTTP/1.1" 200 447541 "-" "Googlebot-Image/1.0"
223.39.191.66 - - [14/Apr/2022:13:03:38 +0200] "GET /images/big_prod_2/c8719497610501.jpg HTTP/1.1" 200 52361 "-" "Mozilla/5.0 (X11; Ubuntu; Linux x86_64; rv:72.0) Gecko/20100101 Firefox/72.0"
113.207.6.244 - - [14/Apr/2022:13:04:26 +0200] "GET /images/mini_prod/3609810022287.jpg HTTP/1.1" 200 9769 "-" "Mozilla/5.0 (X11; Ubuntu; Linux x86_64; rv:72.0) Gecko/20100101 Firefox/72.0"
94.130.19.112 - - [14/Apr/2022:13:06:09 +0200] "GET /images/mini_prod/3700653593221.jpg HTTP/1.1" 200 7466 "-" "Mozilla/5.0 (X11; Ubuntu; Linux x86_64; rv:72.0) Gecko/20100101 Firefox/72.0"
20.99.217.146 - - [14/Apr/2022:13:07:05 +0200] "GET /images/mini_prod/8433933201497.jpg HTTP/1.1" 200 8679 "-" "Mozilla/5.0 (X11; Ubuntu; Linux x86_64; rv:72.0) Gecko/20100101 Firefox/72.0"
147.92.229.61 - - [14/Apr/2022:13:07:43 +0200] "GET /images/mini_prod/1384010189283.jpg HTTP/1.1" 200 6162 "-" "Mozilla/5.0 (X11; Ubuntu; Linux x86_64; rv:72.0) Gecko/20100101 Firefox/72.0"
66.249.64.146 - - [14/Apr/2022:13:08:21 +0200] "GET /images/big_prod_3/a5018997632277.jpg HTTP/1.1" 200 90842 "-" "Googlebot-Image/1.0"
20.99.217.146 - - [14/Apr/2022:13:08:30 +0200] "GET /images/mini_prod/3660173200040.jpg HTTP/1.1" 200 8625 "-" "Mozilla/5.0 (X11; Ubuntu; Linux x86_64; rv:72.0) Gecko/20100101 Firefox/72.0"
211.249.40.15 - - [14/Apr/2022:13:10:02 +0200] "GET /images/mini_prod/1384010179000.jpg HTTP/1.1" 200 7661 "-" "Mozilla/5.0 (X11; Ubuntu; Linux x86_64; rv:72.0) Gecko/20100101 Firefox/72.0"
147.92.229.61 - - [14/Apr/2022:13:13:08 +0200] "GET /images/mini_prod/1399984254387.jpg HTTP/1.1" 200 6927 "-" "Mozilla/5.0 (X11; Ubuntu; Linux x86_64; rv:72.0) Gecko/20100101 Firefox/72.0"
211.249.40.15 - - [14/Apr/2022:13:15:20 +0200] "GET /images/mini_prod/4036113830964.jpg HTTP/1.1" 200 11809 "-" "Mozilla/5.0 (X11; Ubuntu; Linux x86_64; rv:72.0) Gecko/20100101 Firefox/72.0"
114.119.137.43 - - [14/Apr/2022:13:23:31 +0200] "GET /images/mini_prod/1399986102013.jpg HTTP/1.1" 200 5675 "-" "Mozilla/5.0 (Linux; Android 7.0;) AppleWebKit/537.36 (KHTML, like Gecko) Mobile Safari/537.36 (compatible; PetalBot;+https://webmaster.petalsearch.com/site/petalbot)"
95.163.255.69 - - [14/Apr/2022:13:24:49 +0200] "GET /robots.txt HTTP/1.0" 200 2438 "-" "Mozilla/5.0 (compatible; Linux x86_64; Mail.RU_Bot/2.0; +http://go.mail.ru/help/robots)"
95.163.255.66 - - [14/Apr/2022:13:25:00 +0200] "GET /images/med_prod/8435306285295.jpg HTTP/1.1" 200 145908 "-" "Mozilla/5.0 (compatible; Linux x86_64; Mail.RU_Bot/2.0; +http://go.mail.ru/help/robots)"
95.163.255.64 - - [14/Apr/2022:13:25:21 +0200] "GET /images/5702015124881.jpg HTTP/1.1" 200 187710 "-" "Mozilla/5.0 (compatible; Linux x86_64; Mail.RU_Bot/2.0; +http://go.mail.ru/help/robots)"
23.100.232.233 - - [14/Apr/2022:13:30:02 +0200] "GET /templates/Pixame_v1/stylesheet.css HTTP/1.1" 200 56057 "http://www.wonder-geek.com/-p-14444.html" "Mozilla/5.0 (compatible; MSIE 9.0; Windows NT 6.0; Trident/5.0;  Trident/5.0)"
23.100.232.233 - - [14/Apr/2022:13:30:02 +0200] "GET /js/jquery.js HTTP/1.1" 200 54075 "http://www.wonder-geek.com/-p-14444.html" "Mozilla/5.0 (compatible; MSIE 9.0; Windows NT 6.0; Trident/5.0;  Trident/5.0)"
23.100.232.233 - - [14/Apr/2022:13:30:02 +0200] "GET /js/jquery.jqzoom.js HTTP/1.1" 200 4761 "http://www.wonder-geek.com/-p-14444.html" "Mozilla/5.0 (compatible; MSIE 9.0; Windows NT 6.0; Trident/5.0;  Trident/5.0)"
23.100.232.233 - - [14/Apr/2022:13:30:02 +0200] "GET /mondial_relay/js/jquery-1.3.2.min.js HTTP/1.1" 200 57254 "http://www.wonder-geek.com/-p-14444.html" "Mozilla/5.0 (compatible; MSIE 9.0; Windows NT 6.0; Trident/5.0;  Trident/5.0)"
23.100.232.233 - - [14/Apr/2022:13:30:03 +0200] "GET /highslide/highslide.js HTTP/1.1" 200 42909 "http://www.wonder-geek.com/-p-14444.html" "Mozilla/5.0 (compatible; MSIE 9.0; Windows NT 6.0; Trident/5.0;  Trident/5.0)"
23.100.232.233 - - [14/Apr/2022:13:30:04 +0200] "GET /templates/Pixame_v1/images/flash.swf HTTP/1.1" 200 2868 "http://www.wonder-geek.com/-p-14444.html" "Mozilla/5.0 (compatible; MSIE 9.0; Windows NT 6.0; Trident/5.0;  Trident/5.0)"
95.163.255.120 - - [14/Apr/2022:13:31:34 +0200] "GET /robots.txt HTTP/1.0" 200 2438 "-" "Mozilla/5.0 (compatible; Linux x86_64; Mail.RU_Bot/Img/2.0; +http://go.mail.ru/help/robots)"
95.163.255.120 - - [14/Apr/2022:13:31:45 +0200] "GET /images/4007176129029.jpg HTTP/1.1" 200 55662 "http://wonder-geek.com/images/4007176129029.jpg" "Mozilla/5.0 (compatible; Linux x86_64; Mail.RU_Bot/Img/2.0; +http://go.mail.ru/help/robots)"
95.163.255.131 - - [14/Apr/2022:13:31:45 +0200] "GET /images/b4010070188108.jpg HTTP/1.1" 200 50727 "http://wonder-geek.com/images/b4010070188108.jpg" "Mozilla/5.0 (compatible; Linux x86_64; Mail.RU_Bot/Img/2.0; +http://go.mail.ru/help/robots)"
185.191.171.21 - - [14/Apr/2022:13:34:23 +0200] "GET /robots.txt HTTP/1.1" 200 2438 "-" "Mozilla/5.0 (compatible; SemrushBot/7~bl; +http://www.semrush.com/bot.html)"
114.119.128.39 - - [14/Apr/2022:13:34:41 +0200] "GET /images/big_prod/1384010180969.jpg HTTP/1.1" 200 106422 "-" "Mozilla/5.0 (Linux; Android 7.0;) AppleWebKit/537.36 (KHTML, like Gecko) Mobile Safari/537.36 (compatible; PetalBot;+https://webmaster.petalsearch.com/site/petalbot)"
113.207.6.244 - - [14/Apr/2022:13:35:03 +0200] "GET /images/mini_prod/Image91.jpg HTTP/1.1" 200 21448 "-" "Mozilla/5.0 (X11; Ubuntu; Linux x86_64; rv:72.0) Gecko/20100101 Firefox/72.0"
211.249.40.15 - - [14/Apr/2022:13:36:30 +0200] "GET /images/mini_prod/1399984241813.jpg HTTP/1.1" 200 6456 "-" "Mozilla/5.0 (X11; Ubuntu; Linux x86_64; rv:72.0) Gecko/20100101 Firefox/72.0"
216.244.66.242 - - [14/Apr/2022:13:37:21 +0200] "GET /robots.txt HTTP/1.1" 200 2438 "-" "Mozilla/5.0 (compatible; DotBot/1.2; +https://opensiteexplorer.org/dotbot; help@moz.com)"
216.244.66.242 - - [14/Apr/2022:13:37:21 +0200] "GET /robots.txt HTTP/1.1" 200 2438 "-" "Mozilla/5.0 (compatible; DotBot/1.2; +https://opensiteexplorer.org/dotbot; help@moz.com)"
147.92.229.61 - - [14/Apr/2022:13:37:35 +0200] "GET /images/mini_prod/DSCN7550.jpg HTTP/1.1" 200 5109 "-" "Mozilla/5.0 (X11; Ubuntu; Linux x86_64; rv:72.0) Gecko/20100101 Firefox/72.0"
82.15.220.111 - - [14/Apr/2022:13:37:36 +0200] "GET /templates/Pixame_v1/stylesheet.css HTTP/1.1" 200 56057 "http://www.wonder-geek.com/shopping_cart.php" "Mozilla/5.0 (iPhone; CPU iPhone OS 15_3_1 like Mac OS X) AppleWebKit/605.1.15 (KHTML, like Gecko) Version/15.3 Mobile/15E148 Safari/604.1"
82.15.220.111 - - [14/Apr/2022:13:37:36 +0200] "GET /js/jquery.jqzoom.js HTTP/1.1" 200 4761 "http://www.wonder-geek.com/shopping_cart.php" "Mozilla/5.0 (iPhone; CPU iPhone OS 15_3_1 like Mac OS X) AppleWebKit/605.1.15 (KHTML, like Gecko) Version/15.3 Mobile/15E148 Safari/604.1"
82.15.220.111 - - [14/Apr/2022:13:37:36 +0200] "GET /highslide/highslide.js HTTP/1.1" 200 42909 "http://www.wonder-geek.com/shopping_cart.php" "Mozilla/5.0 (iPhone; CPU iPhone OS 15_3_1 like Mac OS X) AppleWebKit/605.1.15 (KHTML, like Gecko) Version/15.3 Mobile/15E148 Safari/604.1"
82.15.220.111 - - [14/Apr/2022:13:37:36 +0200] "GET /js/jquery.js HTTP/1.1" 200 54075 "http://www.wonder-geek.com/shopping_cart.php" "Mozilla/5.0 (iPhone; CPU iPhone OS 15_3_1 like Mac OS X) AppleWebKit/605.1.15 (KHTML, like Gecko) Version/15.3 Mobile/15E148 Safari/604.1"
82.15.220.111 - - [14/Apr/2022:13:37:36 +0200] "GET /mondial_relay/js/jquery-1.3.2.min.js HTTP/1.1" 200 57254 "http://www.wonder-geek.com/shopping_cart.php" "Mozilla/5.0 (iPhone; CPU iPhone OS 15_3_1 like Mac OS X) AppleWebKit/605.1.15 (KHTML, like Gecko) Version/15.3 Mobile/15E148 Safari/604.1"
82.15.220.111 - - [14/Apr/2022:13:37:36 +0200] "GET /templates/Pixame_v1/images/icon_accueil2.png HTTP/1.1" 200 1137 "http://www.wonder-geek.com/shopping_cart.php" "Mozilla/5.0 (iPhone; CPU iPhone OS 15_3_1 like Mac OS X) AppleWebKit/605.1.15 (KHTML, like Gecko) Version/15.3 Mobile/15E148 Safari/604.1"
82.15.220.111 - - [14/Apr/2022:13:37:36 +0200] "GET /templates/Pixame_v1/images/nav.png HTTP/1.1" 200 1283 "http://www.wonder-geek.com/shopping_cart.php" "Mozilla/5.0 (iPhone; CPU iPhone OS 15_3_1 like Mac OS X) AppleWebKit/605.1.15 (KHTML, like Gecko) Version/15.3 Mobile/15E148 Safari/604.1"
82.15.220.111 - - [14/Apr/2022:13:37:36 +0200] "GET /templates/Pixame_v1/images/Bottom_texture.jpg HTTP/1.1" 200 56290 "http://www.wonder-geek.com/shopping_cart.php" "Mozilla/5.0 (iPhone; CPU iPhone OS 15_3_1 like Mac OS X) AppleWebKit/605.1.15 (KHTML, like Gecko) Version/15.3 Mobile/15E148 Safari/604.1"
82.15.220.111 - - [14/Apr/2022:13:37:36 +0200] "GET /templates/Pixame_v1/images/header.png HTTP/1.1" 200 70245 "http://www.wonder-geek.com/shopping_cart.php" "Mozilla/5.0 (iPhone; CPU iPhone OS 15_3_1 like Mac OS X) AppleWebKit/605.1.15 (KHTML, like Gecko) Version/15.3 Mobile/15E148 Safari/604.1"
82.15.220.111 - - [14/Apr/2022:13:37:36 +0200] "GET /templates/Pixame_v1/images/header-object.png HTTP/1.1" 200 106050 "http://www.wonder-geek.com/shopping_cart.php" "Mozilla/5.0 (iPhone; CPU iPhone OS 15_3_1 like Mac OS X) AppleWebKit/605.1.15 (KHTML, like Gecko) Version/15.3 Mobile/15E148 Safari/604.1"
82.15.220.111 - - [14/Apr/2022:13:37:36 +0200] "GET /templates/Pixame_v1/images/Middle_texture.jpg HTTP/1.1" 200 249620 "http://www.wonder-geek.com/shopping_cart.php" "Mozilla/5.0 (iPhone; CPU iPhone OS 15_3_1 like Mac OS X) AppleWebKit/605.1.15 (KHTML, like Gecko) Version/15.3 Mobile/15E148 Safari/604.1"
82.15.220.111 - - [14/Apr/2022:13:37:36 +0200] "GET /highslide/graphics/outlines/drop-shadow.png HTTP/1.1" 200 2022 "http://www.wonder-geek.com/shopping_cart.php" "Mozilla/5.0 (iPhone; CPU iPhone OS 15_3_1 like Mac OS X) AppleWebKit/605.1.15 (KHTML, like Gecko) Version/15.3 Mobile/15E148 Safari/604.1"
82.15.220.111 - - [14/Apr/2022:13:37:36 +0200] "GET /favicon.ico HTTP/1.1" 200 1591 "http://www.wonder-geek.com/shopping_cart.php" "Mozilla/5.0 (iPhone; CPU iPhone OS 15_3_1 like Mac OS X) AppleWebKit/605.1.15 (KHTML, like Gecko) Version/15.3 Mobile/15E148 Safari/604.1"
20.99.217.146 - - [14/Apr/2022:13:40:57 +0200] "GET /images/mini_prod/3503420192241.jpg HTTP/1.1" 200 6453 "-" "Mozilla/5.0 (X11; Ubuntu; Linux x86_64; rv:72.0) Gecko/20100101 Firefox/72.0"
73.109.103.131 - - [14/Apr/2022:13:48:06 +0200] "GET /images/mini_prod/3700653593269.jpg HTTP/1.1" 200 6857 "-" "Mozilla/5.0 (X11; Ubuntu; Linux x86_64; rv:72.0) Gecko/20100101 Firefox/72.0"
114.119.137.38 - - [14/Apr/2022:13:55:59 +0200] "GET /images/big_prod/8720088296936.jpg HTTP/1.1" 200 78628 "-" "Mozilla/5.0 (Linux; Android 7.0;) AppleWebKit/537.36 (KHTML, like Gecko) Mobile Safari/537.36 (compatible; PetalBot;+https://webmaster.petalsearch.com/site/petalbot)"
185.191.171.42 - - [14/Apr/2022:14:00:53 +0200] "GET /robots.txt HTTP/1.1" 200 2438 "-" "Mozilla/5.0 (compatible; SemrushBot/7~bl; +http://www.semrush.com/bot.html)"
20.99.217.146 - - [14/Apr/2022:14:01:11 +0200] "GET /images/med_prod/3438100361511.jpg HTTP/1.1" 200 71022 "-" "Mozilla/5.0 (X11; Ubuntu; Linux x86_64; rv:72.0) Gecko/20100101 Firefox/72.0"
66.102.8.154 - - [14/Apr/2022:14:02:16 +0200] "GET /images/9316188038751.jpg HTTP/1.1" 200 69800 "-" "Mozilla/5.0 (Windows NT 5.1; rv:11.0) Gecko Firefox/11.0 (via ggpht.com GoogleImageProxy)"
94.130.19.112 - - [14/Apr/2022:14:02:21 +0200] "GET /images/mini_prod/DSCN7544.jpg HTTP/1.1" 200 6368 "-" "Mozilla/5.0 (X11; Ubuntu; Linux x86_64; rv:72.0) Gecko/20100101 Firefox/72.0"
211.249.40.15 - - [14/Apr/2022:14:05:33 +0200] "GET /images/med_prod/8435306265839.jpg HTTP/1.1" 200 81615 "-" "Mozilla/5.0 (X11; Ubuntu; Linux x86_64; rv:72.0) Gecko/20100101 Firefox/72.0"
94.130.19.112 - - [14/Apr/2022:14:06:23 +0200] "GET /images/mini_prod/5027417019895.jpg HTTP/1.1" 200 6347 "-" "Mozilla/5.0 (X11; Ubuntu; Linux x86_64; rv:72.0) Gecko/20100101 Firefox/72.0"
94.130.19.112 - - [14/Apr/2022:14:11:37 +0200] "GET /images/mini_prod/5036278061592.jpg HTTP/1.1" 200 10177 "-" "Mozilla/5.0 (X11; Ubuntu; Linux x86_64; rv:72.0) Gecko/20100101 Firefox/72.0"
66.249.64.146 - - [14/Apr/2022:14:11:48 +0200] "GET /images/big_prod_2/4010229021300b.jpg HTTP/1.1" 200 40542 "-" "Googlebot-Image/1.0"
94.130.19.112 - - [14/Apr/2022:14:12:25 +0200] "GET /images/mini_prod/3438100336533.jpg HTTP/1.1" 200 8041 "-" "Mozilla/5.0 (X11; Ubuntu; Linux x86_64; rv:72.0) Gecko/20100101 Firefox/72.0"
20.99.217.146 - - [14/Apr/2022:14:13:10 +0200] "GET /images/mini_prod/3574642575167.jpg HTTP/1.1" 200 6358 "-" "Mozilla/5.0 (X11; Ubuntu; Linux x86_64; rv:72.0) Gecko/20100101 Firefox/72.0"
40.77.167.106 - - [14/Apr/2022:14:13:19 +0200] "GET /robots.txt HTTP/1.1" 200 2438 "-" "Mozilla/5.0 (compatible; bingbot/2.0; +http://www.bing.com/bingbot.htm)"
185.191.171.10 - - [14/Apr/2022:14:19:45 +0200] "GET /robots.txt HTTP/1.1" 200 2438 "-" "Mozilla/5.0 (compatible; SemrushBot/7~bl; +http://www.semrush.com/bot.html)"
157.90.128.183 - - [14/Apr/2022:14:25:08 +0200] "GET /images/mini_prod/3662468005507.jpg HTTP/1.1" 200 9998 "-" "Mozilla/5.0 (X11; Ubuntu; Linux x86_64; rv:72.0) Gecko/20100101 Firefox/72.0"
211.249.40.15 - - [14/Apr/2022:14:27:07 +0200] "GET /images/mini_prod/0000000000000000000loup.jpg HTTP/1.1" 200 5930 "-" "Mozilla/5.0 (X11; Ubuntu; Linux x86_64; rv:72.0) Gecko/20100101 Firefox/72.0"
211.249.40.15 - - [14/Apr/2022:14:29:14 +0200] "GET /images/mini_prod/1384010202791.jpg HTTP/1.1" 200 7084 "-" "Mozilla/5.0 (X11; Ubuntu; Linux x86_64; rv:72.0) Gecko/20100101 Firefox/72.0"
216.244.66.242 - - [14/Apr/2022:14:29:30 +0200] "GET /robots.txt HTTP/1.1" 200 2438 "-" "Mozilla/5.0 (compatible; DotBot/1.2; +https://opensiteexplorer.org/dotbot; help@moz.com)"
216.244.66.242 - - [14/Apr/2022:14:29:30 +0200] "GET /robots.txt HTTP/1.1" 200 2438 "-" "Mozilla/5.0 (compatible; DotBot/1.2; +https://opensiteexplorer.org/dotbot; help@moz.com)"
157.90.128.183 - - [14/Apr/2022:14:36:09 +0200] "GET /images/mini_prod/1384010202890.jpg HTTP/1.1" 200 5068 "-" "Mozilla/5.0 (X11; Ubuntu; Linux x86_64; rv:72.0) Gecko/20100101 Firefox/72.0"
66.249.64.152 - - [14/Apr/2022:14:40:45 +0200] "GET /images/mini_prod/3700281653403.jpg HTTP/1.1" 200 5196 "-" "Googlebot-Image/1.0"
50.239.87.115 - - [14/Apr/2022:14:41:52 +0200] "GET /templates/Pixame_v1/stylesheet.css HTTP/1.1" 200 56057 "http://www.wonder-geek.com/sonny-angel-cherry-blossom-series-night-version-figures-p-54723.html" "Mozilla/5.0 (iPad; CPU OS 14_7 like Mac OS X) AppleWebKit/605.1.15 (KHTML, like Gecko) GSA/206.1.438432329 Mobile/15E148 Safari/604.1"
50.239.87.115 - - [14/Apr/2022:14:41:52 +0200] "GET /js/jquery.jqzoom.js HTTP/1.1" 200 4761 "http://www.wonder-geek.com/sonny-angel-cherry-blossom-series-night-version-figures-p-54723.html" "Mozilla/5.0 (iPad; CPU OS 14_7 like Mac OS X) AppleWebKit/605.1.15 (KHTML, like Gecko) GSA/206.1.438432329 Mobile/15E148 Safari/604.1"
50.239.87.115 - - [14/Apr/2022:14:41:52 +0200] "GET /js/jquery.js HTTP/1.1" 200 54075 "http://www.wonder-geek.com/sonny-angel-cherry-blossom-series-night-version-figures-p-54723.html" "Mozilla/5.0 (iPad; CPU OS 14_7 like Mac OS X) AppleWebKit/605.1.15 (KHTML, like Gecko) GSA/206.1.438432329 Mobile/15E148 Safari/604.1"
50.239.87.115 - - [14/Apr/2022:14:41:52 +0200] "GET /mondial_relay/js/jquery-1.3.2.min.js HTTP/1.1" 200 57254 "http://www.wonder-geek.com/sonny-angel-cherry-blossom-series-night-version-figures-p-54723.html" "Mozilla/5.0 (iPad; CPU OS 14_7 like Mac OS X) AppleWebKit/605.1.15 (KHTML, like Gecko) GSA/206.1.438432329 Mobile/15E148 Safari/604.1"
50.239.87.115 - - [14/Apr/2022:14:41:52 +0200] "GET /highslide/highslide.js HTTP/1.1" 200 42909 "http://www.wonder-geek.com/sonny-angel-cherry-blossom-series-night-version-figures-p-54723.html" "Mozilla/5.0 (iPad; CPU OS 14_7 like Mac OS X) AppleWebKit/605.1.15 (KHTML, like Gecko) GSA/206.1.438432329 Mobile/15E148 Safari/604.1"
50.239.87.115 - - [14/Apr/2022:14:41:52 +0200] "GET /templates/Pixame_v1/images/icon_accueil2.png HTTP/1.1" 200 1137 "http://www.wonder-geek.com/sonny-angel-cherry-blossom-series-night-version-figures-p-54723.html" "Mozilla/5.0 (iPad; CPU OS 14_7 like Mac OS X) AppleWebKit/605.1.15 (KHTML, like Gecko) GSA/206.1.438432329 Mobile/15E148 Safari/604.1"
50.239.87.115 - - [14/Apr/2022:14:41:52 +0200] "GET /templates/Pixame_v1/images/buttons/english/button_in_cart.gif HTTP/1.1" 200 1212 "http://www.wonder-geek.com/sonny-angel-cherry-blossom-series-night-version-figures-p-54723.html" "Mozilla/5.0 (iPad; CPU OS 14_7 like Mac OS X) AppleWebKit/605.1.15 (KHTML, like Gecko) GSA/206.1.438432329 Mobile/15E148 Safari/604.1"
50.239.87.115 - - [14/Apr/2022:14:41:52 +0200] "GET /templates/Pixame_v1/images/Bottom_texture.jpg HTTP/1.1" 200 56290 "http://www.wonder-geek.com/sonny-angel-cherry-blossom-series-night-version-figures-p-54723.html" "Mozilla/5.0 (iPad; CPU OS 14_7 like Mac OS X) AppleWebKit/605.1.15 (KHTML, like Gecko) GSA/206.1.438432329 Mobile/15E148 Safari/604.1"
50.239.87.115 - - [14/Apr/2022:14:41:52 +0200] "GET /images/big_prod_1/8422004542201c.jpg HTTP/1.1" 200 143918 "http://www.wonder-geek.com/sonny-angel-cherry-blossom-series-night-version-figures-p-54723.html" "Mozilla/5.0 (iPad; CPU OS 14_7 like Mac OS X) AppleWebKit/605.1.15 (KHTML, like Gecko) GSA/206.1.438432329 Mobile/15E148 Safari/604.1"
50.239.87.115 - - [14/Apr/2022:14:41:52 +0200] "GET /images/big_prod/8422004542201.jpg HTTP/1.1" 200 207540 "http://www.wonder-geek.com/sonny-angel-cherry-blossom-series-night-version-figures-p-54723.html" "Mozilla/5.0 (iPad; CPU OS 14_7 like Mac OS X) AppleWebKit/605.1.15 (KHTML, like Gecko) GSA/206.1.438432329 Mobile/15E148 Safari/604.1"
50.239.87.115 - - [14/Apr/2022:14:41:52 +0200] "GET /templates/Pixame_v1/images/nav.png HTTP/1.1" 200 1283 "http://www.wonder-geek.com/sonny-angel-cherry-blossom-series-night-version-figures-p-54723.html" "Mozilla/5.0 (iPad; CPU OS 14_7 like Mac OS X) AppleWebKit/605.1.15 (KHTML, like Gecko) GSA/206.1.438432329 Mobile/15E148 Safari/604.1"
50.239.87.115 - - [14/Apr/2022:14:41:52 +0200] "GET /templates/Pixame_v1/images/header.png HTTP/1.1" 200 70245 "http://www.wonder-geek.com/sonny-angel-cherry-blossom-series-night-version-figures-p-54723.html" "Mozilla/5.0 (iPad; CPU OS 14_7 like Mac OS X) AppleWebKit/605.1.15 (KHTML, like Gecko) GSA/206.1.438432329 Mobile/15E148 Safari/604.1"
50.239.87.115 - - [14/Apr/2022:14:41:52 +0200] "GET /templates/Pixame_v1/images/header-object.png HTTP/1.1" 200 106050 "http://www.wonder-geek.com/sonny-angel-cherry-blossom-series-night-version-figures-p-54723.html" "Mozilla/5.0 (iPad; CPU OS 14_7 like Mac OS X) AppleWebKit/605.1.15 (KHTML, like Gecko) GSA/206.1.438432329 Mobile/15E148 Safari/604.1"
50.239.87.115 - - [14/Apr/2022:14:41:52 +0200] "GET /templates/Pixame_v1/images/Middle_texture.jpg HTTP/1.1" 200 249620 "http://www.wonder-geek.com/sonny-angel-cherry-blossom-series-night-version-figures-p-54723.html" "Mozilla/5.0 (iPad; CPU OS 14_7 like Mac OS X) AppleWebKit/605.1.15 (KHTML, like Gecko) GSA/206.1.438432329 Mobile/15E148 Safari/604.1"
50.239.87.115 - - [14/Apr/2022:14:41:52 +0200] "GET /design/productsenstock.png HTTP/1.1" 200 4743 "http://www.wonder-geek.com/sonny-angel-cherry-blossom-series-night-version-figures-p-54723.html" "Mozilla/5.0 (iPad; CPU OS 14_7 like Mac OS X) AppleWebKit/605.1.15 (KHTML, like Gecko) GSA/206.1.438432329 Mobile/15E148 Safari/604.1"
50.239.87.115 - - [14/Apr/2022:14:41:53 +0200] "GET /images/big_prod_2/8422004542201a.jpg HTTP/1.1" 200 241582 "http://www.wonder-geek.com/sonny-angel-cherry-blossom-series-night-version-figures-p-54723.html" "Mozilla/5.0 (iPad; CPU OS 14_7 like Mac OS X) AppleWebKit/605.1.15 (KHTML, like Gecko) GSA/206.1.438432329 Mobile/15E148 Safari/604.1"
50.239.87.115 - - [14/Apr/2022:14:41:53 +0200] "GET /highslide/graphics/outlines/drop-shadow.png HTTP/1.1" 200 2022 "http://www.wonder-geek.com/sonny-angel-cherry-blossom-series-night-version-figures-p-54723.html" "Mozilla/5.0 (iPad; CPU OS 14_7 like Mac OS X) AppleWebKit/605.1.15 (KHTML, like Gecko) GSA/206.1.438432329 Mobile/15E148 Safari/604.1"
40.77.167.106 - - [14/Apr/2022:14:42:10 +0200] "GET /robots.txt HTTP/1.1" 200 2438 "-" "Mozilla/5.0 (compatible; bingbot/2.0; +http://www.bing.com/bingbot.htm)"
87.250.224.149 - - [14/Apr/2022:14:42:39 +0200] "GET /robots.txt HTTP/1.1" 200 2438 "-" "Mozilla/5.0 (compatible; YandexBot/3.0; +http://yandex.com/bots)"
66.249.93.249 - - [14/Apr/2022:14:44:04 +0200] "GET /images/big_prod/3700572750576.jpg HTTP/1.1" 200 458152 "-" "Mozilla/5.0 (Windows NT 5.1; rv:11.0) Gecko Firefox/11.0 (via ggpht.com GoogleImageProxy)"
157.55.39.99 - - [14/Apr/2022:14:44:24 +0200] "GET /js/jquery.masonry.min.js HTTP/1.1" 200 5392 "-" "Mozilla/5.0 (compatible; bingbot/2.0; +http://www.bing.com/bingbot.htm)"
20.99.217.146 - - [14/Apr/2022:14:47:46 +0200] "GET /images/mini_prod/3503420192241.jpg HTTP/1.1" 200 6453 "-" "Mozilla/5.0 (X11; Ubuntu; Linux x86_64; rv:72.0) Gecko/20100101 Firefox/72.0"
94.130.19.112 - - [14/Apr/2022:14:49:37 +0200] "GET /images/mini_prod/5036278051203.jpg HTTP/1.1" 200 10437 "-" "Mozilla/5.0 (X11; Ubuntu; Linux x86_64; rv:72.0) Gecko/20100101 Firefox/72.0"
211.249.40.15 - - [14/Apr/2022:14:51:18 +0200] "GET /images/mini_prod/4029811336333.jpg HTTP/1.1" 200 7225 "-" "Mozilla/5.0 (X11; Ubuntu; Linux x86_64; rv:72.0) Gecko/20100101 Firefox/72.0"
185.191.171.8 - - [14/Apr/2022:14:59:08 +0200] "GET /robots.txt HTTP/1.1" 200 2438 "-" "Mozilla/5.0 (compatible; SemrushBot/7~bl; +http://www.semrush.com/bot.html)"
5.9.156.30 - - [14/Apr/2022:15:04:17 +0200] "GET /robots.txt HTTP/1.1" 200 2438 "-" "Mozilla/5.0 (compatible; MJ12bot/v1.4.8; http://mj12bot.com/)"
66.102.8.148 - - [14/Apr/2022:15:05:16 +0200] "GET /images/big_prod/3665269006506.jpg HTTP/1.1" 200 89719 "-" "Mozilla/5.0 (Windows NT 5.1; rv:11.0) Gecko Firefox/11.0 (via ggpht.com GoogleImageProxy)"
141.84.41.80 - - [14/Apr/2022:15:05:51 +0200] "GET /images/1399984260098.jpg HTTP/1.1" 200 71517 "-" "Mozilla/5.0 (X11; Ubuntu; Linux x86_64; rv:72.0) Gecko/20100101 Firefox/72.0"
211.249.40.15 - - [14/Apr/2022:15:08:07 +0200] "GET /images/mini_prod/1186747042936.jpg HTTP/1.1" 200 7817 "-" "Mozilla/5.0 (X11; Ubuntu; Linux x86_64; rv:72.0) Gecko/20100101 Firefox/72.0"
223.39.191.66 - - [14/Apr/2022:15:08:59 +0200] "GET /images/mini_prod/1348422000567.jpg HTTP/1.1" 200 6613 "-" "Mozilla/5.0 (X11; Ubuntu; Linux x86_64; rv:72.0) Gecko/20100101 Firefox/72.0"
147.92.229.61 - - [14/Apr/2022:15:09:43 +0200] "GET /images/mini_prod/3503420125034.jpg HTTP/1.1" 200 5682 "-" "Mozilla/5.0 (X11; Ubuntu; Linux x86_64; rv:72.0) Gecko/20100101 Firefox/72.0"
95.163.255.62 - - [14/Apr/2022:15:12:46 +0200] "GET /robots.txt HTTP/1.0" 200 2438 "-" "Mozilla/5.0 (compatible; Linux x86_64; Mail.RU_Bot/2.0; +http://go.mail.ru/help/robots)"
95.163.255.62 - - [14/Apr/2022:15:12:55 +0200] "GET /images/4029811317363.jpg HTTP/1.1" 200 136907 "-" "Mozilla/5.0 (compatible; Linux x86_64; Mail.RU_Bot/2.0; +http://go.mail.ru/help/robots)"
66.249.64.152 - - [14/Apr/2022:15:13:09 +0200] "GET /mondial_relay/js/jquery-1.3.2.min.js HTTP/1.1" 200 57254 "http://www.wonder-geek.com/little-prince-tote-p-51202.html" "Mozilla/5.0 (Linux; Android 6.0.1; Nexus 5X Build/MMB29P) AppleWebKit/537.36 (KHTML, like Gecko) Chrome/100.0.4896.88 Mobile Safari/537.36 (compatible; Googlebot/2.1; +http://www.google.com/bot.html)"
66.249.64.158 - - [14/Apr/2022:15:13:09 +0200] "GET /highslide/highslide.js HTTP/1.1" 200 42909 "http://www.wonder-geek.com/little-prince-tote-p-51202.html" "Mozilla/5.0 (Linux; Android 6.0.1; Nexus 5X Build/MMB29P) AppleWebKit/537.36 (KHTML, like Gecko) Chrome/100.0.4896.88 Mobile Safari/537.36 (compatible; Googlebot/2.1; +http://www.google.com/bot.html)"
66.249.64.152 - - [14/Apr/2022:15:13:11 +0200] "GET /js/jquery.js HTTP/1.1" 200 54075 "http://www.wonder-geek.com/little-prince-tote-p-51202.html" "Mozilla/5.0 (Linux; Android 6.0.1; Nexus 5X Build/MMB29P) AppleWebKit/537.36 (KHTML, like Gecko) Chrome/100.0.4896.88 Mobile Safari/537.36 (compatible; Googlebot/2.1; +http://www.google.com/bot.html)"
66.249.64.146 - - [14/Apr/2022:15:13:13 +0200] "GET /js/jquery.jqzoom.js HTTP/1.1" 200 4761 "http://www.wonder-geek.com/little-prince-tote-p-51202.html" "Mozilla/5.0 (Linux; Android 6.0.1; Nexus 5X Build/MMB29P) AppleWebKit/537.36 (KHTML, like Gecko) Chrome/100.0.4896.88 Mobile Safari/537.36 (compatible; Googlebot/2.1; +http://www.google.com/bot.html)"
46.69.133.80 - - [14/Apr/2022:15:19:49 +0200] "GET /js/jquery.jqzoom.js HTTP/1.1" 200 4761 "http://www.wonder-geek.com/pucca-yakusa-wallet-p-20523.html" "Mozilla/5.0 (Windows NT 10.0; Win64; x64) AppleWebKit/537.36 (KHTML, like Gecko) Chrome/100.0.4896.88 Safari/537.36"
46.69.133.80 - - [14/Apr/2022:15:19:49 +0200] "GET /highslide/highslide.js HTTP/1.1" 200 42909 "http://www.wonder-geek.com/pucca-yakusa-wallet-p-20523.html" "Mozilla/5.0 (Windows NT 10.0; Win64; x64) AppleWebKit/537.36 (KHTML, like Gecko) Chrome/100.0.4896.88 Safari/537.36"
46.69.133.80 - - [14/Apr/2022:15:19:49 +0200] "GET /js/jquery.js HTTP/1.1" 200 54075 "http://www.wonder-geek.com/pucca-yakusa-wallet-p-20523.html" "Mozilla/5.0 (Windows NT 10.0; Win64; x64) AppleWebKit/537.36 (KHTML, like Gecko) Chrome/100.0.4896.88 Safari/537.36"
46.69.133.80 - - [14/Apr/2022:15:19:49 +0200] "GET /templates/Pixame_v1/stylesheet.css HTTP/1.1" 200 56057 "http://www.wonder-geek.com/pucca-yakusa-wallet-p-20523.html" "Mozilla/5.0 (Windows NT 10.0; Win64; x64) AppleWebKit/537.36 (KHTML, like Gecko) Chrome/100.0.4896.88 Safari/537.36"
46.69.133.80 - - [14/Apr/2022:15:19:49 +0200] "GET /mondial_relay/js/jquery-1.3.2.min.js HTTP/1.1" 200 57254 "http://www.wonder-geek.com/pucca-yakusa-wallet-p-20523.html" "Mozilla/5.0 (Windows NT 10.0; Win64; x64) AppleWebKit/537.36 (KHTML, like Gecko) Chrome/100.0.4896.88 Safari/537.36"
46.69.133.80 - - [14/Apr/2022:15:19:49 +0200] "GET /templates/Pixame_v1/images/icon_accueil2.png HTTP/1.1" 200 1137 "http://www.wonder-geek.com/pucca-yakusa-wallet-p-20523.html" "Mozilla/5.0 (Windows NT 10.0; Win64; x64) AppleWebKit/537.36 (KHTML, like Gecko) Chrome/100.0.4896.88 Safari/537.36"
46.69.133.80 - - [14/Apr/2022:15:19:49 +0200] "GET /templates/Pixame_v1/images/buttons/english/button_in_cart.gif HTTP/1.1" 200 1212 "http://www.wonder-geek.com/pucca-yakusa-wallet-p-20523.html" "Mozilla/5.0 (Windows NT 10.0; Win64; x64) AppleWebKit/537.36 (KHTML, like Gecko) Chrome/100.0.4896.88 Safari/537.36"
46.69.133.80 - - [14/Apr/2022:15:19:49 +0200] "GET /templates/Pixame_v1/images/nav.png HTTP/1.1" 200 1283 "http://www.wonder-geek.com/templates/Pixame_v1/stylesheet.css" "Mozilla/5.0 (Windows NT 10.0; Win64; x64) AppleWebKit/537.36 (KHTML, like Gecko) Chrome/100.0.4896.88 Safari/537.36"
46.69.133.80 - - [14/Apr/2022:15:19:50 +0200] "GET /templates/Pixame_v1/images/Bottom_texture.jpg HTTP/1.1" 200 56290 "http://www.wonder-geek.com/templates/Pixame_v1/stylesheet.css" "Mozilla/5.0 (Windows NT 10.0; Win64; x64) AppleWebKit/537.36 (KHTML, like Gecko) Chrome/100.0.4896.88 Safari/537.36"
46.69.133.80 - - [14/Apr/2022:15:19:50 +0200] "GET /templates/Pixame_v1/images/header-object.png HTTP/1.1" 200 106050 "http://www.wonder-geek.com/templates/Pixame_v1/stylesheet.css" "Mozilla/5.0 (Windows NT 10.0; Win64; x64) AppleWebKit/537.36 (KHTML, like Gecko) Chrome/100.0.4896.88 Safari/537.36"
46.69.133.80 - - [14/Apr/2022:15:19:50 +0200] "GET /images/big_prod/1399984220603.jpg HTTP/1.1" 200 124397 "http://www.wonder-geek.com/pucca-yakusa-wallet-p-20523.html" "Mozilla/5.0 (Windows NT 10.0; Win64; x64) AppleWebKit/537.36 (KHTML, like Gecko) Chrome/100.0.4896.88 Safari/537.36"
46.69.133.80 - - [14/Apr/2022:15:19:50 +0200] "GET /design/productsenstock.png HTTP/1.1" 200 4743 "http://www.wonder-geek.com/templates/Pixame_v1/stylesheet.css" "Mozilla/5.0 (Windows NT 10.0; Win64; x64) AppleWebKit/537.36 (KHTML, like Gecko) Chrome/100.0.4896.88 Safari/537.36"
46.69.133.80 - - [14/Apr/2022:15:19:50 +0200] "GET /templates/Pixame_v1/images/header.png HTTP/1.1" 200 70245 "http://www.wonder-geek.com/templates/Pixame_v1/stylesheet.css" "Mozilla/5.0 (Windows NT 10.0; Win64; x64) AppleWebKit/537.36 (KHTML, like Gecko) Chrome/100.0.4896.88 Safari/537.36"
46.69.133.80 - - [14/Apr/2022:15:19:50 +0200] "GET /templates/Pixame_v1/images/Middle_texture.jpg HTTP/1.1" 200 249620 "http://www.wonder-geek.com/templates/Pixame_v1/stylesheet.css" "Mozilla/5.0 (Windows NT 10.0; Win64; x64) AppleWebKit/537.36 (KHTML, like Gecko) Chrome/100.0.4896.88 Safari/537.36"
46.69.133.80 - - [14/Apr/2022:15:19:50 +0200] "GET /highslide/graphics/outlines/drop-shadow.png HTTP/1.1" 200 2022 "http://www.wonder-geek.com/pucca-yakusa-wallet-p-20523.html" "Mozilla/5.0 (Windows NT 10.0; Win64; x64) AppleWebKit/537.36 (KHTML, like Gecko) Chrome/100.0.4896.88 Safari/537.36"
