185.191.171.33 - - [14/Apr/2022:03:22:10 +0200] "GET /robots.txt HTTP/1.1" 200 2438 "-" "Mozilla/5.0 (compatible; SemrushBot/7~bl; +http://www.semrush.com/bot.html)"
157.90.128.183 - - [14/Apr/2022:03:24:55 +0200] "GET /images/mini_prod/CD4061c.jpg HTTP/1.1" 200 5750 "-" "Mozilla/5.0 (X11; Ubuntu; Linux x86_64; rv:72.0) Gecko/20100101 Firefox/72.0"
114.119.137.38 - - [14/Apr/2022:03:24:58 +0200] "GET /images/big_prod/3700281659818.jpg HTTP/1.1" 200 191067 "-" "Mozilla/5.0 (Linux; Android 7.0;) AppleWebKit/537.36 (KHTML, like Gecko) Mobile Safari/537.36 (compatible; PetalBot;+https://webmaster.petalsearch.com/site/petalbot)"
87.250.224.149 - - [14/Apr/2022:03:28:25 +0200] "GET /robots.txt HTTP/1.1" 200 2438 "-" "Mozilla/5.0 (compatible; YandexBot/3.0; +http://yandex.com/bots)"
118.191.216.250 - - [14/Apr/2022:03:29:56 +0200] "GET /images/mini_prod/1399984241790.jpg HTTP/1.1" 200 5735 "-" "Mozilla/5.0 (X11; Ubuntu; Linux x86_64; rv:72.0) Gecko/20100101 Firefox/72.0"
157.90.128.183 - - [14/Apr/2022:03:30:14 +0200] "GET /images/mini_prod/8718375751152.jpg HTTP/1.1" 200 8242 "-" "Mozilla/5.0 (X11; Ubuntu; Linux x86_64; rv:72.0) Gecko/20100101 Firefox/72.0"
114.119.137.3 - - [14/Apr/2022:03:32:27 +0200] "GET /images/mini_prod/3503420149245.jpg HTTP/1.1" 200 5043 "-" "Mozilla/5.0 (Linux; Android 7.0;) AppleWebKit/537.36 (KHTML, like Gecko) Mobile Safari/537.36 (compatible; PetalBot;+https://webmaster.petalsearch.com/site/petalbot)"
211.249.40.15 - - [14/Apr/2022:03:33:11 +0200] "GET /images/big_prod_1/8422001948013a.jpg HTTP/1.1" 200 197806 "-" "Mozilla/5.0 (X11; Ubuntu; Linux x86_64; rv:72.0) Gecko/20100101 Firefox/72.0"
192.0.113.49 - - [14/Apr/2022:03:33:31 +0200] "GET /images/big_prod/5415203688729.jpg HTTP/1.1" 200 37734 "-" "Photon/1.0"
216.244.66.242 - - [14/Apr/2022:03:37:17 +0200] "GET /robots.txt HTTP/1.1" 200 2438 "-" "Mozilla/5.0 (compatible; DotBot/1.2; +https://opensiteexplorer.org/dotbot; help@moz.com)"
94.130.19.112 - - [14/Apr/2022:03:41:39 +0200] "GET /images/mini_prod/1399984257043.jpg HTTP/1.1" 200 5962 "-" "Mozilla/5.0 (X11; Ubuntu; Linux x86_64; rv:72.0) Gecko/20100101 Firefox/72.0"
66.249.64.146 - - [14/Apr/2022:03:42:45 +0200] "GET /images/big_prod_1/5051276448145b.jpg HTTP/1.1" 200 38247 "-" "Googlebot-Image/1.0"
118.191.216.250 - - [14/Apr/2022:03:43:25 +0200] "GET /images/mini_prod/34DSCN8154.jpg HTTP/1.1" 200 6798 "-" "Mozilla/5.0 (X11; Ubuntu; Linux x86_64; rv:72.0) Gecko/20100101 Firefox/72.0"
167.86.85.194 - - [14/Apr/2022:03:54:49 +0200] "GET /robots.txt HTTP/1.1" 200 2438 "-" "Mozilla/5.0 (compatible; MJ12bot/v1.4.8; http://mj12bot.com/)"
144.76.3.131 - - [14/Apr/2022:03:56:21 +0200] "GET /robots.txt HTTP/1.1" 200 2438 "-" "Mozilla/5.0 (compatible; MJ12bot/v1.4.8; http://mj12bot.com/)"
95.163.255.141 - - [14/Apr/2022:04:01:53 +0200] "GET /robots.txt HTTP/1.0" 200 2438 "-" "Mozilla/5.0 (compatible; Linux x86_64; Mail.RU_Bot/Img/2.0; +http://go.mail.ru/help/robots)"
95.163.255.141 - - [14/Apr/2022:04:02:03 +0200] "GET /images/med_prod/1399984285060.jpg HTTP/1.1" 200 141370 "http://wonder-geek.com/images/med_prod/1399984285060.jpg" "Mozilla/5.0 (compatible; Linux x86_64; Mail.RU_Bot/Img/2.0; +http://go.mail.ru/help/robots)"
95.163.255.130 - - [14/Apr/2022:04:02:03 +0200] "GET /images/1399984254202.jpg HTTP/1.1" 200 132603 "http://wonder-geek.com/images/1399984254202.jpg" "Mozilla/5.0 (compatible; Linux x86_64; Mail.RU_Bot/Img/2.0; +http://go.mail.ru/help/robots)"
66.249.64.158 - - [14/Apr/2022:04:02:05 +0200] "GET /images/big_prod_2/028399302543c.jpg HTTP/1.1" 200 537465 "-" "Googlebot-Image/1.0"
95.163.255.140 - - [14/Apr/2022:04:02:06 +0200] "GET /images/5010994617615.jpg HTTP/1.1" 200 128683 "http://wonder-geek.com/images/5010994617615.jpg" "Mozilla/5.0 (compatible; Linux x86_64; Mail.RU_Bot/Img/2.0; +http://go.mail.ru/help/robots)"
185.191.171.26 - - [14/Apr/2022:04:02:10 +0200] "GET /robots.txt HTTP/1.1" 200 2438 "-" "Mozilla/5.0 (compatible; SemrushBot/7~bl; +http://www.semrush.com/bot.html)"
65.108.134.143 - - [14/Apr/2022:04:12:06 +0200] "GET /robots.txt HTTP/1.1" 200 2438 "-" "Mozilla/5.0 (compatible; MJ12bot/v1.4.8; http://mj12bot.com/)"
223.39.191.66 - - [14/Apr/2022:04:16:15 +0200] "GET /images/mini_prod/3453131141055.jpg HTTP/1.1" 200 5884 "-" "Mozilla/5.0 (X11; Ubuntu; Linux x86_64; rv:72.0) Gecko/20100101 Firefox/72.0"
94.130.19.112 - - [14/Apr/2022:04:18:59 +0200] "GET /images/mini_prod/3438100326046.jpg HTTP/1.1" 200 5744 "-" "Mozilla/5.0 (X11; Ubuntu; Linux x86_64; rv:72.0) Gecko/20100101 Firefox/72.0"
223.39.191.66 - - [14/Apr/2022:04:19:16 +0200] "GET /images/mini_prod/3612875122755.jpg HTTP/1.1" 200 7141 "-" "Mozilla/5.0 (X11; Ubuntu; Linux x86_64; rv:72.0) Gecko/20100101 Firefox/72.0"
223.39.191.66 - - [14/Apr/2022:04:22:48 +0200] "GET /images/mini_prod/3700516221759.jpg HTTP/1.1" 200 9453 "-" "Mozilla/5.0 (X11; Ubuntu; Linux x86_64; rv:72.0) Gecko/20100101 Firefox/72.0"
141.84.41.80 - - [14/Apr/2022:04:23:47 +0200] "GET /images/med_prod/3662468004678.jpg HTTP/1.1" 200 73082 "-" "Mozilla/5.0 (X11; Ubuntu; Linux x86_64; rv:72.0) Gecko/20100101 Firefox/72.0"
66.249.64.152 - - [14/Apr/2022:04:24:20 +0200] "GET /images/big_prod/6941448608196a.jpg HTTP/1.1" 200 96223 "-" "Googlebot-Image/1.0"
65.108.110.26 - - [14/Apr/2022:04:25:45 +0200] "GET /robots.txt HTTP/1.1" 200 2438 "-" "Mozilla/5.0 (compatible; MJ12bot/v1.4.8; http://mj12bot.com/)"
185.191.171.11 - - [14/Apr/2022:04:27:11 +0200] "GET /robots.txt HTTP/1.1" 200 2438 "-" "Mozilla/5.0 (compatible; SemrushBot/7~bl; +http://www.semrush.com/bot.html)"
216.244.66.242 - - [14/Apr/2022:04:27:27 +0200] "GET /robots.txt HTTP/1.1" 200 2438 "-" "Mozilla/5.0 (compatible; DotBot/1.2; +https://opensiteexplorer.org/dotbot; help@moz.com)"
157.90.128.183 - - [14/Apr/2022:04:35:30 +0200] "GET /images/mini_prod/8003990615881.jpg HTTP/1.1" 200 8166 "-" "Mozilla/5.0 (X11; Ubuntu; Linux x86_64; rv:72.0) Gecko/20100101 Firefox/72.0"
114.119.137.45 - - [14/Apr/2022:04:37:05 +0200] "GET /images/big_prod/3700643502196.jpg HTTP/1.1" 200 71435 "-" "Mozilla/5.0 (Linux; Android 7.0;) AppleWebKit/537.36 (KHTML, like Gecko) Mobile Safari/537.36 (compatible; PetalBot;+https://webmaster.petalsearch.com/site/petalbot)"
157.90.128.183 - - [14/Apr/2022:04:38:03 +0200] "GET /images/mini_prod/3503420142406.jpg HTTP/1.1" 200 5583 "-" "Mozilla/5.0 (X11; Ubuntu; Linux x86_64; rv:72.0) Gecko/20100101 Firefox/72.0"
211.249.40.15 - - [14/Apr/2022:04:38:04 +0200] "GET /images/mini_prod/3700653593269.jpg HTTP/1.1" 200 6857 "-" "Mozilla/5.0 (X11; Ubuntu; Linux x86_64; rv:72.0) Gecko/20100101 Firefox/72.0"
141.84.41.80 - - [14/Apr/2022:04:40:42 +0200] "GET /images/big_prod/3014627830404.jpg HTTP/1.1" 200 104584 "-" "Mozilla/5.0 (X11; Ubuntu; Linux x86_64; rv:72.0) Gecko/20100101 Firefox/72.0"
185.191.171.7 - - [14/Apr/2022:04:43:48 +0200] "GET /robots.txt HTTP/1.1" 200 2438 "-" "Mozilla/5.0 (compatible; SemrushBot/7~bl; +http://www.semrush.com/bot.html)"
157.90.128.183 - - [14/Apr/2022:04:43:53 +0200] "GET /images/mini_prod/8482013122047.jpg HTTP/1.1" 200 8907 "-" "Mozilla/5.0 (X11; Ubuntu; Linux x86_64; rv:72.0) Gecko/20100101 Firefox/72.0"
157.90.128.183 - - [14/Apr/2022:04:46:19 +0200] "GET /images/mini_prod/3279510801538.jpg HTTP/1.1" 200 7461 "-" "Mozilla/5.0 (X11; Ubuntu; Linux x86_64; rv:72.0) Gecko/20100101 Firefox/72.0"
114.119.137.252 - - [14/Apr/2022:04:47:06 +0200] "GET /images/big_prod/8433933246627.jpg HTTP/1.1" 200 358804 "-" "Mozilla/5.0 (Linux; Android 7.0;) AppleWebKit/537.36 (KHTML, like Gecko) Mobile Safari/537.36 (compatible; PetalBot;+https://webmaster.petalsearch.com/site/petalbot)"
114.119.137.252 - - [14/Apr/2022:04:48:36 +0200] "GET /images/big_prod_1/3700281658699B.jpg HTTP/1.1" 200 365598 "-" "Mozilla/5.0 (Linux; Android 7.0;) AppleWebKit/537.36 (KHTML, like Gecko) Mobile Safari/537.36 (compatible; PetalBot;+https://webmaster.petalsearch.com/site/petalbot)"
94.130.19.112 - - [14/Apr/2022:04:52:56 +0200] "GET /images/mini_prod/3453131150064.jpg HTTP/1.1" 200 7303 "-" "Mozilla/5.0 (X11; Ubuntu; Linux x86_64; rv:72.0) Gecko/20100101 Firefox/72.0"
118.191.216.250 - - [14/Apr/2022:04:54:09 +0200] "GET /images/mini_prod/8482013122047.jpg HTTP/1.1" 200 8907 "-" "Mozilla/5.0 (X11; Ubuntu; Linux x86_64; rv:72.0) Gecko/20100101 Firefox/72.0"
167.86.85.194 - - [14/Apr/2022:04:55:45 +0200] "GET /robots.txt HTTP/1.1" 200 2438 "-" "Mozilla/5.0 (compatible; MJ12bot/v1.4.8; http://mj12bot.com/)"
211.249.40.15 - - [14/Apr/2022:04:59:29 +0200] "GET /images/mini_prod/8424346253807.jpg HTTP/1.1" 200 6058 "-" "Mozilla/5.0 (X11; Ubuntu; Linux x86_64; rv:72.0) Gecko/20100101 Firefox/72.0"
114.119.137.31 - - [14/Apr/2022:05:00:30 +0200] "GET /images/big_prod_1/8717202558964B.jpg HTTP/1.1" 200 296186 "-" "Mozilla/5.0 (Linux; Android 7.0;) AppleWebKit/537.36 (KHTML, like Gecko) Mobile Safari/537.36 (compatible; PetalBot;+https://webmaster.petalsearch.com/site/petalbot)"
211.249.40.15 - - [14/Apr/2022:05:02:52 +0200] "GET /images/mini_prod/3609810052222.jpg HTTP/1.1" 200 6802 "-" "Mozilla/5.0 (X11; Ubuntu; Linux x86_64; rv:72.0) Gecko/20100101 Firefox/72.0"
66.249.64.146 - - [14/Apr/2022:05:03:20 +0200] "GET /images/mini_prod/3700281664058A.jpg HTTP/1.1" 200 9670 "-" "Googlebot-Image/1.0"
211.249.40.15 - - [14/Apr/2022:05:04:21 +0200] "GET /images/mini_prod/5410574484611.jpg HTTP/1.1" 200 5890 "-" "Mozilla/5.0 (X11; Ubuntu; Linux x86_64; rv:72.0) Gecko/20100101 Firefox/72.0"
223.39.191.66 - - [14/Apr/2022:05:11:31 +0200] "GET /images/mini_prod/8421440013221.jpg HTTP/1.1" 200 10404 "-" "Mozilla/5.0 (X11; Ubuntu; Linux x86_64; rv:72.0) Gecko/20100101 Firefox/72.0"
66.249.64.152 - - [14/Apr/2022:05:12:13 +0200] "GET /robots.txt HTTP/1.1" 200 2438 "-" "Mozilla/5.0 (compatible; Googlebot/2.1; +http://www.google.com/bot.html)"
87.250.224.149 - - [14/Apr/2022:05:16:11 +0200] "GET /robots.txt HTTP/1.1" 200 2438 "-" "Mozilla/5.0 (compatible; YandexBot/3.0; +http://yandex.com/bots)"
211.249.40.15 - - [14/Apr/2022:05:16:49 +0200] "GET /images/mini_prod/8433933581667.jpg HTTP/1.1" 200 7407 "-" "Mozilla/5.0 (X11; Ubuntu; Linux x86_64; rv:72.0) Gecko/20100101 Firefox/72.0"
216.244.66.242 - - [14/Apr/2022:05:17:20 +0200] "GET /robots.txt HTTP/1.1" 200 2438 "-" "Mozilla/5.0 (compatible; DotBot/1.2; +https://opensiteexplorer.org/dotbot; help@moz.com)"
157.90.128.183 - - [14/Apr/2022:05:18:47 +0200] "GET /images/mini_prod/1384010183410.jpg HTTP/1.1" 200 8004 "-" "Mozilla/5.0 (X11; Ubuntu; Linux x86_64; rv:72.0) Gecko/20100101 Firefox/72.0"
192.0.118.114 - - [14/Apr/2022:05:22:09 +0200] "GET /images/big_prod/1384010204726.jpg HTTP/1.1" 200 120572 "-" "Photon/1.0"
185.191.171.14 - - [14/Apr/2022:05:22:12 +0200] "GET /robots.txt HTTP/1.1" 200 2438 "-" "Mozilla/5.0 (compatible; SemrushBot/7~bl; +http://www.semrush.com/bot.html)"
192.99.14.135 - - [14/Apr/2022:05:24:14 +0200] "GET /robots.txt HTTP/1.1" 200 2438 "-" "Mozilla/5.0 (compatible; MJ12bot/v1.4.8; http://mj12bot.com/)"
157.90.177.217 - - [14/Apr/2022:05:27:53 +0200] "GET /robots.txt HTTP/1.1" 200 2438 "-" "Mozilla/5.0 (compatible; BLEXBot/1.0; +http://webmeup-crawler.com/)"
113.207.6.244 - - [14/Apr/2022:05:29:29 +0200] "GET /images/mini_prod/MISES-EN-SITUATION-04.jpg HTTP/1.1" 200 7628 "-" "Mozilla/5.0 (X11; Ubuntu; Linux x86_64; rv:72.0) Gecko/20100101 Firefox/72.0"
223.39.191.66 - - [14/Apr/2022:05:31:54 +0200] "GET /images/mini_prod/1399980107816.jpg HTTP/1.1" 200 5310 "-" "Mozilla/5.0 (X11; Ubuntu; Linux x86_64; rv:72.0) Gecko/20100101 Firefox/72.0"
223.39.191.66 - - [14/Apr/2022:05:36:07 +0200] "GET /images/mini_prod/3660173143606.jpg HTTP/1.1" 200 6498 "-" "Mozilla/5.0 (X11; Ubuntu; Linux x86_64; rv:72.0) Gecko/20100101 Firefox/72.0"
95.163.255.121 - - [14/Apr/2022:05:36:22 +0200] "GET /robots.txt HTTP/1.0" 200 2438 "-" "Mozilla/5.0 (compatible; Linux x86_64; Mail.RU_Bot/Img/2.0; +http://go.mail.ru/help/robots)"
95.163.255.198 - - [14/Apr/2022:05:36:39 +0200] "GET /images/1399984252567.jpg HTTP/1.1" 200 71265 "http://wonder-geek.com/images/1399984252567.jpg" "Mozilla/5.0 (compatible; Linux x86_64; Mail.RU_Bot/Img/2.0; +http://go.mail.ru/help/robots)"
5.164.193.102 - - [14/Apr/2022:05:37:17 +0200] "GET /images/mini_prod/5050293803975.jpg HTTP/1.1" 200 10730 "-" "Mozilla/5.0 (X11; Ubuntu; Linux x86_64; rv:72.0) Gecko/20100101 Firefox/72.0"
192.99.6.138 - - [14/Apr/2022:05:39:25 +0200] "GET /robots.txt HTTP/1.1" 200 2438 "-" "Mozilla/5.0 (compatible; MJ12bot/v1.4.8; http://mj12bot.com/)"
95.217.207.61 - - [14/Apr/2022:05:41:05 +0200] "GET /robots.txt HTTP/1.1" 200 2438 "-" "Mozilla/5.0 (compatible; MJ12bot/v1.4.8; http://mj12bot.com/)"
117.148.130.28 - - [14/Apr/2022:05:41:14 +0200] "GET /images/mini_prod/3565750306996.jpg HTTP/1.1" 200 8951 "-" "Mozilla/5.0 (Windows NT 10.0; WOW64) AppleWebKit/537.36 (KHTML, like Gecko) Chrome/90.0.4430.212 Safari/537.36"
66.249.64.146 - - [14/Apr/2022:05:42:20 +0200] "GET /images/big_prod/a1328399270071.jpg HTTP/1.1" 200 166155 "-" "Googlebot-Image/1.0"
117.148.130.28 - - [14/Apr/2022:05:43:51 +0200] "GET /images/mini_prod/1399980107632.jpg HTTP/1.1" 200 3712 "-" "Mozilla/5.0 (Windows NT 10.0; WOW64) AppleWebKit/537.36 (KHTML, like Gecko) Chrome/90.0.4430.212 Safari/537.36"
117.148.130.28 - - [14/Apr/2022:05:44:44 +0200] "GET /images/mini_prod/1384010179048.jpg HTTP/1.1" 200 7193 "-" "Mozilla/5.0 (Windows NT 10.0; WOW64) AppleWebKit/537.36 (KHTML, like Gecko) Chrome/90.0.4430.212 Safari/537.36"
66.249.64.152 - - [14/Apr/2022:05:44:51 +0200] "GET /images/big_prod/5027148022478.jpg HTTP/1.1" 200 68466 "-" "Googlebot-Image/1.0"
117.148.130.28 - - [14/Apr/2022:05:45:43 +0200] "GET /images/mini_prod/1399984288733.jpg HTTP/1.1" 200 7796 "-" "Mozilla/5.0 (Windows NT 10.0; WOW64) AppleWebKit/537.36 (KHTML, like Gecko) Chrome/90.0.4430.212 Safari/537.36"
185.191.171.14 - - [14/Apr/2022:05:55:06 +0200] "GET /robots.txt HTTP/1.1" 200 2438 "-" "Mozilla/5.0 (compatible; SemrushBot/7~bl; +http://www.semrush.com/bot.html)"
192.99.101.79 - - [14/Apr/2022:05:59:10 +0200] "GET /robots.txt HTTP/1.1" 200 2438 "-" "Mozilla/5.0 (compatible; MJ12bot/v1.4.8; http://mj12bot.com/)"
20.236.40.50 - - [14/Apr/2022:06:04:10 +0200] "GET /images/mini_prod/5051276225647.jpg HTTP/1.1" 200 5961 "-" "Mozilla/5.0 (X11; Ubuntu; Linux x86_64; rv:72.0) Gecko/20100101 Firefox/72.0"
117.148.130.28 - - [14/Apr/2022:06:05:16 +0200] "GET /images/mini_prod/8422028220123.jpg HTTP/1.1" 200 6320 "-" "Mozilla/5.0 (Windows NT 10.0; WOW64) AppleWebKit/537.36 (KHTML, like Gecko) Chrome/90.0.4430.212 Safari/537.36"
117.148.130.28 - - [14/Apr/2022:06:06:21 +0200] "GET /images/mini_prod/3453131152587.jpg HTTP/1.1" 200 8258 "-" "Mozilla/5.0 (Windows NT 10.0; WOW64) AppleWebKit/537.36 (KHTML, like Gecko) Chrome/90.0.4430.212 Safari/537.36"
117.148.130.28 - - [14/Apr/2022:06:06:57 +0200] "GET /images/mini_prod/5018997622087.jpg HTTP/1.1" 200 8688 "-" "Mozilla/5.0 (Windows NT 10.0; WOW64) AppleWebKit/537.36 (KHTML, like Gecko) Chrome/90.0.4430.212 Safari/537.36"
117.148.130.28 - - [14/Apr/2022:06:07:04 +0200] "GET /images/mini_prod/8422028220116.jpg HTTP/1.1" 200 6367 "-" "Mozilla/5.0 (Windows NT 10.0; WOW64) AppleWebKit/537.36 (KHTML, like Gecko) Chrome/90.0.4430.212 Safari/537.36"
216.244.66.242 - - [14/Apr/2022:06:07:26 +0200] "GET /robots.txt HTTP/1.1" 200 2438 "-" "Mozilla/5.0 (compatible; DotBot/1.2; +https://opensiteexplorer.org/dotbot; help@moz.com)"
117.148.130.28 - - [14/Apr/2022:06:07:39 +0200] "GET /images/mini_prod/8422031152596.jpg HTTP/1.1" 200 8738 "-" "Mozilla/5.0 (Windows NT 10.0; WOW64) AppleWebKit/537.36 (KHTML, like Gecko) Chrome/90.0.4430.212 Safari/537.36"
117.148.130.28 - - [14/Apr/2022:06:07:39 +0200] "GET /images/mini_prod/3453131152631.jpg HTTP/1.1" 200 9183 "-" "Mozilla/5.0 (Windows NT 10.0; WOW64) AppleWebKit/537.36 (KHTML, like Gecko) Chrome/90.0.4430.212 Safari/537.36"
117.148.130.28 - - [14/Apr/2022:06:07:39 +0200] "GET /images/mini_prod/3453131152686.jpg HTTP/1.1" 200 10290 "-" "Mozilla/5.0 (Windows NT 10.0; WOW64) AppleWebKit/537.36 (KHTML, like Gecko) Chrome/90.0.4430.212 Safari/537.36"
117.148.130.28 - - [14/Apr/2022:06:07:39 +0200] "GET /images/mini_prod/5018997632079.jpg HTTP/1.1" 200 7269 "-" "Mozilla/5.0 (Windows NT 10.0; WOW64) AppleWebKit/537.36 (KHTML, like Gecko) Chrome/90.0.4430.212 Safari/537.36"
117.148.130.28 - - [14/Apr/2022:06:07:39 +0200] "GET /images/mini_prod/3453131153331.jpg HTTP/1.1" 200 8980 "-" "Mozilla/5.0 (Windows NT 10.0; WOW64) AppleWebKit/537.36 (KHTML, like Gecko) Chrome/90.0.4430.212 Safari/537.36"
117.148.130.28 - - [14/Apr/2022:06:07:39 +0200] "GET /images/mini_prod/3453131152648.jpg HTTP/1.1" 200 8854 "-" "Mozilla/5.0 (Windows NT 10.0; WOW64) AppleWebKit/537.36 (KHTML, like Gecko) Chrome/90.0.4430.212 Safari/537.36"
117.148.130.28 - - [14/Apr/2022:06:07:40 +0200] "GET /images/mini_prod/3453131152679.jpg HTTP/1.1" 200 9317 "-" "Mozilla/5.0 (Windows NT 10.0; WOW64) AppleWebKit/537.36 (KHTML, like Gecko) Chrome/90.0.4430.212 Safari/537.36"
157.90.128.183 - - [14/Apr/2022:06:11:23 +0200] "GET /images/mini_prod/8435333830697N.jpg HTTP/1.1" 200 10250 "-" "Mozilla/5.0 (X11; Ubuntu; Linux x86_64; rv:72.0) Gecko/20100101 Firefox/72.0"
117.148.130.28 - - [14/Apr/2022:06:13:34 +0200] "GET /images/big_prod_2/8433933179031C.jpg HTTP/1.1" 200 281966 "-" "Mozilla/5.0 (Windows NT 10.0; WOW64) AppleWebKit/537.36 (KHTML, like Gecko) Chrome/90.0.4430.212 Safari/537.36"
117.148.130.28 - - [14/Apr/2022:06:14:53 +0200] "GET /images/big_prod_1/8433933179031B.jpg HTTP/1.1" 200 387104 "-" "Mozilla/5.0 (Windows NT 10.0; WOW64) AppleWebKit/537.36 (KHTML, like Gecko) Chrome/90.0.4430.212 Safari/537.36"
117.148.130.28 - - [14/Apr/2022:06:15:18 +0200] "GET /images/mini_prod/3442440238013.jpg HTTP/1.1" 200 4772 "-" "Mozilla/5.0 (Windows NT 10.0; WOW64) AppleWebKit/537.36 (KHTML, like Gecko) Chrome/90.0.4430.212 Safari/537.36"
117.148.130.28 - - [14/Apr/2022:06:15:21 +0200] "GET /images/mini_prod/5414629226935.jpg HTTP/1.1" 200 6899 "-" "Mozilla/5.0 (Windows NT 10.0; WOW64) AppleWebKit/537.36 (KHTML, like Gecko) Chrome/90.0.4430.212 Safari/537.36"
117.148.130.28 - - [14/Apr/2022:06:15:22 +0200] "GET /images/mini_prod/3442440238020.jpg HTTP/1.1" 200 3961 "-" "Mozilla/5.0 (Windows NT 10.0; WOW64) AppleWebKit/537.36 (KHTML, like Gecko) Chrome/90.0.4430.212 Safari/537.36"
117.148.130.28 - - [14/Apr/2022:06:15:31 +0200] "GET /images/mini_prod/7447.gif HTTP/1.1" 200 13550 "-" "Mozilla/5.0 (Windows NT 10.0; WOW64) AppleWebKit/537.36 (KHTML, like Gecko) Chrome/90.0.4430.212 Safari/537.36"
117.148.130.28 - - [14/Apr/2022:06:15:31 +0200] "GET /images/mini_prod/5414629346510.jpg HTTP/1.1" 200 6110 "-" "Mozilla/5.0 (Windows NT 10.0; WOW64) AppleWebKit/537.36 (KHTML, like Gecko) Chrome/90.0.4430.212 Safari/537.36"
117.148.130.28 - - [14/Apr/2022:06:15:34 +0200] "GET /images/mini_prod/DSCN943222012012.jpg HTTP/1.1" 200 8720 "-" "Mozilla/5.0 (Windows NT 10.0; WOW64) AppleWebKit/537.36 (KHTML, like Gecko) Chrome/90.0.4430.212 Safari/537.36"
66.249.64.146 - - [14/Apr/2022:06:17:48 +0200] "GET /images/big_prod_1/diffuseurgalet.jpg HTTP/1.1" 200 353354 "-" "Googlebot-Image/1.0"
117.148.130.28 - - [14/Apr/2022:06:18:12 +0200] "GET /images/mini_prod/1399984238295.jpg HTTP/1.1" 200 5321 "-" "Mozilla/5.0 (Windows NT 10.0; WOW64) AppleWebKit/537.36 (KHTML, like Gecko) Chrome/90.0.4430.212 Safari/537.36"
223.39.191.66 - - [14/Apr/2022:06:20:16 +0200] "GET /images/mini_prod/1610882000006.jpg HTTP/1.1" 200 6155 "-" "Mozilla/5.0 (X11; Ubuntu; Linux x86_64; rv:72.0) Gecko/20100101 Firefox/72.0"
66.249.64.152 - - [14/Apr/2022:06:21:20 +0200] "GET /images/big_prod_1/3700572750460B.jpg HTTP/1.1" 200 214777 "-" "Googlebot-Image/1.0"
118.191.216.250 - - [14/Apr/2022:06:21:58 +0200] "GET /images/mini_prod/5036278052187.jpg HTTP/1.1" 200 7689 "-" "Mozilla/5.0 (X11; Ubuntu; Linux x86_64; rv:72.0) Gecko/20100101 Firefox/72.0"
157.90.128.183 - - [14/Apr/2022:06:22:30 +0200] "GET /images/mini_prod/8430957052104.jpg HTTP/1.1" 200 7397 "-" "Mozilla/5.0 (X11; Ubuntu; Linux x86_64; rv:72.0) Gecko/20100101 Firefox/72.0"
117.148.130.28 - - [14/Apr/2022:06:23:44 +0200] "GET /images/big_prod_2/3665269130676a.jpg HTTP/1.1" 200 342838 "-" "Mozilla/5.0 (Windows NT 10.0; WOW64) AppleWebKit/537.36 (KHTML, like Gecko) Chrome/90.0.4430.212 Safari/537.36"
117.148.130.28 - - [14/Apr/2022:06:23:50 +0200] "GET /images/big_prod_1/3665269130676b.jpg HTTP/1.1" 200 315272 "-" "Mozilla/5.0 (Windows NT 10.0; WOW64) AppleWebKit/537.36 (KHTML, like Gecko) Chrome/90.0.4430.212 Safari/537.36"
216.244.66.242 - - [14/Apr/2022:06:23:55 +0200] "GET /images/8420406427010.jpg HTTP/1.1" 200 98025 "-" "Mozilla/5.0 (compatible; DotBot/1.2; +https://opensiteexplorer.org/dotbot; help@moz.com)"
211.249.40.15 - - [14/Apr/2022:06:25:38 +0200] "GET /images/mini_prod/3609810067066.jpg HTTP/1.1" 200 6173 "-" "Mozilla/5.0 (X11; Ubuntu; Linux x86_64; rv:72.0) Gecko/20100101 Firefox/72.0"
223.39.191.66 - - [14/Apr/2022:06:28:30 +0200] "GET /images/mini_prod/6942138908640.jpg HTTP/1.1" 200 7028 "-" "Mozilla/5.0 (X11; Ubuntu; Linux x86_64; rv:72.0) Gecko/20100101 Firefox/72.0"
157.90.128.183 - - [14/Apr/2022:06:29:14 +0200] "GET /images/mini_prod/1399984242575.jpg HTTP/1.1" 200 8599 "-" "Mozilla/5.0 (X11; Ubuntu; Linux x86_64; rv:72.0) Gecko/20100101 Firefox/72.0"
185.191.171.43 - - [14/Apr/2022:06:29:22 +0200] "GET /robots.txt HTTP/1.1" 200 2438 "-" "Mozilla/5.0 (compatible; SemrushBot/7~bl; +http://www.semrush.com/bot.html)"
188.247.227.252 - - [14/Apr/2022:06:32:39 +0200] "GET /templates/Pixame_v1/stylesheet.css HTTP/1.1" 200 56057 "http://www.wonder-geek.com/koala-money-p-55391.html" "Mozilla/5.0 (Windows NT 10.0; Win64; x64) AppleWebKit/537.36 (KHTML, like Gecko) Chrome/100.0.4896.75 Safari/537.36"
188.247.227.252 - - [14/Apr/2022:06:32:39 +0200] "GET /js/jquery.jqzoom.js HTTP/1.1" 200 4761 "http://www.wonder-geek.com/koala-money-p-55391.html" "Mozilla/5.0 (Windows NT 10.0; Win64; x64) AppleWebKit/537.36 (KHTML, like Gecko) Chrome/100.0.4896.75 Safari/537.36"
188.247.227.252 - - [14/Apr/2022:06:32:39 +0200] "GET /highslide/highslide.js HTTP/1.1" 200 42909 "http://www.wonder-geek.com/koala-money-p-55391.html" "Mozilla/5.0 (Windows NT 10.0; Win64; x64) AppleWebKit/537.36 (KHTML, like Gecko) Chrome/100.0.4896.75 Safari/537.36"
188.247.227.252 - - [14/Apr/2022:06:32:39 +0200] "GET /js/jquery.js HTTP/1.1" 200 54075 "http://www.wonder-geek.com/koala-money-p-55391.html" "Mozilla/5.0 (Windows NT 10.0; Win64; x64) AppleWebKit/537.36 (KHTML, like Gecko) Chrome/100.0.4896.75 Safari/537.36"
188.247.227.252 - - [14/Apr/2022:06:32:39 +0200] "GET /mondial_relay/js/jquery-1.3.2.min.js HTTP/1.1" 200 57254 "http://www.wonder-geek.com/koala-money-p-55391.html" "Mozilla/5.0 (Windows NT 10.0; Win64; x64) AppleWebKit/537.36 (KHTML, like Gecko) Chrome/100.0.4896.75 Safari/537.36"
188.247.227.252 - - [14/Apr/2022:06:32:39 +0200] "GET /templates/Pixame_v1/images/icon_accueil2.png HTTP/1.1" 200 1137 "http://www.wonder-geek.com/koala-money-p-55391.html" "Mozilla/5.0 (Windows NT 10.0; Win64; x64) AppleWebKit/537.36 (KHTML, like Gecko) Chrome/100.0.4896.75 Safari/537.36"
188.247.227.252 - - [14/Apr/2022:06:32:39 +0200] "GET /templates/Pixame_v1/images/Bottom_texture.jpg HTTP/1.1" 200 56290 "http://www.wonder-geek.com/templates/Pixame_v1/stylesheet.css" "Mozilla/5.0 (Windows NT 10.0; Win64; x64) AppleWebKit/537.36 (KHTML, like Gecko) Chrome/100.0.4896.75 Safari/537.36"
188.247.227.252 - - [14/Apr/2022:06:32:39 +0200] "GET /images/big_prod/5404006048250.jpg HTTP/1.1" 200 75809 "http://www.wonder-geek.com/koala-money-p-55391.html" "Mozilla/5.0 (Windows NT 10.0; Win64; x64) AppleWebKit/537.36 (KHTML, like Gecko) Chrome/100.0.4896.75 Safari/537.36"
188.247.227.252 - - [14/Apr/2022:06:32:39 +0200] "GET /templates/Pixame_v1/images/header.png HTTP/1.1" 200 70245 "http://www.wonder-geek.com/templates/Pixame_v1/stylesheet.css" "Mozilla/5.0 (Windows NT 10.0; Win64; x64) AppleWebKit/537.36 (KHTML, like Gecko) Chrome/100.0.4896.75 Safari/537.36"
188.247.227.252 - - [14/Apr/2022:06:32:39 +0200] "GET /templates/Pixame_v1/images/nav.png HTTP/1.1" 200 1283 "http://www.wonder-geek.com/templates/Pixame_v1/stylesheet.css" "Mozilla/5.0 (Windows NT 10.0; Win64; x64) AppleWebKit/537.36 (KHTML, like Gecko) Chrome/100.0.4896.75 Safari/537.36"
188.247.227.252 - - [14/Apr/2022:06:32:40 +0200] "GET /design/productsenstock.png HTTP/1.1" 200 4743 "http://www.wonder-geek.com/templates/Pixame_v1/stylesheet.css" "Mozilla/5.0 (Windows NT 10.0; Win64; x64) AppleWebKit/537.36 (KHTML, like Gecko) Chrome/100.0.4896.75 Safari/537.36"
188.247.227.252 - - [14/Apr/2022:06:32:40 +0200] "GET /templates/Pixame_v1/images/header-object.png HTTP/1.1" 200 106050 "http://www.wonder-geek.com/templates/Pixame_v1/stylesheet.css" "Mozilla/5.0 (Windows NT 10.0; Win64; x64) AppleWebKit/537.36 (KHTML, like Gecko) Chrome/100.0.4896.75 Safari/537.36"
188.247.227.252 - - [14/Apr/2022:06:32:40 +0200] "GET /images/big_prod_1/5404006048250b.jpg HTTP/1.1" 200 58990 "http://www.wonder-geek.com/koala-money-p-55391.html" "Mozilla/5.0 (Windows NT 10.0; Win64; x64) AppleWebKit/537.36 (KHTML, like Gecko) Chrome/100.0.4896.75 Safari/537.36"
188.247.227.252 - - [14/Apr/2022:06:32:40 +0200] "GET /images/big_prod_2/5404006048250c.jpg HTTP/1.1" 200 62652 "http://www.wonder-geek.com/koala-money-p-55391.html" "Mozilla/5.0 (Windows NT 10.0; Win64; x64) AppleWebKit/537.36 (KHTML, like Gecko) Chrome/100.0.4896.75 Safari/537.36"
188.247.227.252 - - [14/Apr/2022:06:32:40 +0200] "GET /templates/Pixame_v1/images/buttons/english/button_in_cart.gif HTTP/1.1" 200 1212 "http://www.wonder-geek.com/koala-money-p-55391.html" "Mozilla/5.0 (Windows NT 10.0; Win64; x64) AppleWebKit/537.36 (KHTML, like Gecko) Chrome/100.0.4896.75 Safari/537.36"
188.247.227.252 - - [14/Apr/2022:06:32:40 +0200] "GET /templates/Pixame_v1/images/Middle_texture.jpg HTTP/1.1" 200 249620 "http://www.wonder-geek.com/templates/Pixame_v1/stylesheet.css" "Mozilla/5.0 (Windows NT 10.0; Win64; x64) AppleWebKit/537.36 (KHTML, like Gecko) Chrome/100.0.4896.75 Safari/537.36"
188.247.227.252 - - [14/Apr/2022:06:32:40 +0200] "GET /images/big_prod_3/5404006048250a.jpg HTTP/1.1" 200 173799 "http://www.wonder-geek.com/koala-money-p-55391.html" "Mozilla/5.0 (Windows NT 10.0; Win64; x64) AppleWebKit/537.36 (KHTML, like Gecko) Chrome/100.0.4896.75 Safari/537.36"
188.247.227.252 - - [14/Apr/2022:06:32:40 +0200] "GET /highslide/graphics/outlines/drop-shadow.png HTTP/1.1" 200 2022 "http://www.wonder-geek.com/koala-money-p-55391.html" "Mozilla/5.0 (Windows NT 10.0; Win64; x64) AppleWebKit/537.36 (KHTML, like Gecko) Chrome/100.0.4896.75 Safari/537.36"
188.247.227.252 - - [14/Apr/2022:06:32:40 +0200] "GET /favicon.ico HTTP/1.1" 200 1591 "http://www.wonder-geek.com/koala-money-p-55391.html" "Mozilla/5.0 (Windows NT 10.0; Win64; x64) AppleWebKit/537.36 (KHTML, like Gecko) Chrome/100.0.4896.75 Safari/537.36"
114.119.133.245 - - [14/Apr/2022:06:32:51 +0200] "GET /images/mini_prod/3700281666793.jpg HTTP/1.1" 200 3518 "-" "Mozilla/5.0 (Linux; Android 7.0;) AppleWebKit/537.36 (KHTML, like Gecko) Mobile Safari/537.36 (compatible; PetalBot;+https://webmaster.petalsearch.com/site/petalbot)"
204.12.197.234 - - [14/Apr/2022:06:34:02 +0200] "GET /robots.txt HTTP/1.1" 200 2438 "-" "Mozilla/5.0 (compatible; MJ12bot/v1.4.8; http://mj12bot.com/)"
157.90.128.183 - - [14/Apr/2022:06:34:36 +0200] "GET /images/mini_prod/3453131148474.jpg HTTP/1.1" 200 5749 "-" "Mozilla/5.0 (X11; Ubuntu; Linux x86_64; rv:72.0) Gecko/20100101 Firefox/72.0"
157.90.128.183 - - [14/Apr/2022:06:34:58 +0200] "GET /images/mini_prod/3609810017108.jpg HTTP/1.1" 200 8727 "-" "Mozilla/5.0 (X11; Ubuntu; Linux x86_64; rv:72.0) Gecko/20100101 Firefox/72.0"
117.148.130.28 - - [14/Apr/2022:06:36:45 +0200] "GET /images/big_prod_1/3609810056374B.jpg HTTP/1.1" 200 945134 "-" "Mozilla/5.0 (Windows NT 10.0; WOW64) AppleWebKit/537.36 (KHTML, like Gecko) Chrome/90.0.4430.212 Safari/537.36"
117.148.130.28 - - [14/Apr/2022:06:37:40 +0200] "GET /images/big_prod_1/3453131158435B.jpg HTTP/1.1" 200 69223 "-" "Mozilla/5.0 (Windows NT 10.0; WOW64) AppleWebKit/537.36 (KHTML, like Gecko) Chrome/90.0.4430.212 Safari/537.36"
117.148.130.28 - - [14/Apr/2022:06:38:30 +0200] "GET /images/mini_prod/3665269082050.jpg HTTP/1.1" 200 4596 "-" "Mozilla/5.0 (Windows NT 10.0; WOW64) AppleWebKit/537.36 (KHTML, like Gecko) Chrome/90.0.4430.212 Safari/537.36"
117.148.130.28 - - [14/Apr/2022:06:39:29 +0200] "GET /images/mini_prod/3665269098853.jpg HTTP/1.1" 200 3683 "-" "Mozilla/5.0 (Windows NT 10.0; WOW64) AppleWebKit/537.36 (KHTML, like Gecko) Chrome/90.0.4430.212 Safari/537.36"
117.148.130.28 - - [14/Apr/2022:06:39:33 +0200] "GET /images/mini_prod/1399984263624.jpg HTTP/1.1" 200 6903 "-" "Mozilla/5.0 (Windows NT 10.0; WOW64) AppleWebKit/537.36 (KHTML, like Gecko) Chrome/90.0.4430.212 Safari/537.36"
117.148.130.28 - - [14/Apr/2022:06:39:38 +0200] "GET /images/mini_prod/5052282086024.jpg HTTP/1.1" 200 6771 "-" "Mozilla/5.0 (Windows NT 10.0; WOW64) AppleWebKit/537.36 (KHTML, like Gecko) Chrome/90.0.4430.212 Safari/537.36"
117.148.130.28 - - [14/Apr/2022:06:39:41 +0200] "GET /images/mini_prod/3665269129731.jpg HTTP/1.1" 200 4736 "-" "Mozilla/5.0 (Windows NT 10.0; WOW64) AppleWebKit/537.36 (KHTML, like Gecko) Chrome/90.0.4430.212 Safari/537.36"
117.148.130.28 - - [14/Apr/2022:06:39:42 +0200] "GET /images/mini_prod/3665269065916d.jpg HTTP/1.1" 200 3544 "-" "Mozilla/5.0 (Windows NT 10.0; WOW64) AppleWebKit/537.36 (KHTML, like Gecko) Chrome/90.0.4430.212 Safari/537.36"
117.148.130.28 - - [14/Apr/2022:06:39:44 +0200] "GET /images/mini_prod/1399984263792.jpg HTTP/1.1" 200 8858 "-" "Mozilla/5.0 (Windows NT 10.0; WOW64) AppleWebKit/537.36 (KHTML, like Gecko) Chrome/90.0.4430.212 Safari/537.36"
117.148.130.28 - - [14/Apr/2022:06:39:47 +0200] "GET /images/mini_prod/3665269156546.jpg HTTP/1.1" 200 4715 "-" "Mozilla/5.0 (Windows NT 10.0; WOW64) AppleWebKit/537.36 (KHTML, like Gecko) Chrome/90.0.4430.212 Safari/537.36"
117.148.130.28 - - [14/Apr/2022:06:39:48 +0200] "GET /images/mini_prod/J1399984249246.jpg HTTP/1.1" 200 7855 "-" "Mozilla/5.0 (Windows NT 10.0; WOW64) AppleWebKit/537.36 (KHTML, like Gecko) Chrome/90.0.4430.212 Safari/537.36"
117.148.130.28 - - [14/Apr/2022:06:39:49 +0200] "GET /images/mini_prod/1300010236918.jpg HTTP/1.1" 200 10741 "-" "Mozilla/5.0 (Windows NT 10.0; WOW64) AppleWebKit/537.36 (KHTML, like Gecko) Chrome/90.0.4430.212 Safari/537.36"
117.148.130.28 - - [14/Apr/2022:06:39:50 +0200] "GET /images/mini_prod/5052282085973.jpg HTTP/1.1" 200 7989 "-" "Mozilla/5.0 (Windows NT 10.0; WOW64) AppleWebKit/537.36 (KHTML, like Gecko) Chrome/90.0.4430.212 Safari/537.36"
117.148.130.28 - - [14/Apr/2022:06:39:51 +0200] "GET /images/mini_prod/J1399984249239J.jpg HTTP/1.1" 200 6524 "-" "Mozilla/5.0 (Windows NT 10.0; WOW64) AppleWebKit/537.36 (KHTML, like Gecko) Chrome/90.0.4430.212 Safari/537.36"
117.148.130.28 - - [14/Apr/2022:06:39:52 +0200] "GET /images/mini_prod/1399984263600.jpg HTTP/1.1" 200 7378 "-" "Mozilla/5.0 (Windows NT 10.0; WOW64) AppleWebKit/537.36 (KHTML, like Gecko) Chrome/90.0.4430.212 Safari/537.36"
117.148.130.28 - - [14/Apr/2022:06:39:52 +0200] "GET /images/mini_prod/8422095290012.jpg HTTP/1.1" 200 3121 "-" "Mozilla/5.0 (Windows NT 10.0; WOW64) AppleWebKit/537.36 (KHTML, like Gecko) Chrome/90.0.4430.212 Safari/537.36"
117.148.130.28 - - [14/Apr/2022:06:39:52 +0200] "GET /images/mini_prod/3574386800389.jpg HTTP/1.1" 200 7614 "-" "Mozilla/5.0 (Windows NT 10.0; WOW64) AppleWebKit/537.36 (KHTML, like Gecko) Chrome/90.0.4430.212 Safari/537.36"
117.148.130.28 - - [14/Apr/2022:06:39:53 +0200] "GET /images/mini_prod/1300010236895.jpg HTTP/1.1" 200 8092 "-" "Mozilla/5.0 (Windows NT 10.0; WOW64) AppleWebKit/537.36 (KHTML, like Gecko) Chrome/90.0.4430.212 Safari/537.36"
117.148.130.28 - - [14/Apr/2022:06:40:00 +0200] "GET /images/big_prod_1/5400924160173B.jpg HTTP/1.1" 200 141104 "-" "Mozilla/5.0 (Windows NT 10.0; WOW64) AppleWebKit/537.36 (KHTML, like Gecko) Chrome/90.0.4430.212 Safari/537.36"
117.148.130.28 - - [14/Apr/2022:06:40:08 +0200] "GET /images/big_prod_2/5400924160173C.jpg HTTP/1.1" 200 132003 "-" "Mozilla/5.0 (Windows NT 10.0; WOW64) AppleWebKit/537.36 (KHTML, like Gecko) Chrome/90.0.4430.212 Safari/537.36"
117.148.130.28 - - [14/Apr/2022:06:41:34 +0200] "GET /images/mini_prod/3453131158169.jpg HTTP/1.1" 200 8860 "-" "Mozilla/5.0 (Windows NT 10.0; WOW64) AppleWebKit/537.36 (KHTML, like Gecko) Chrome/90.0.4430.212 Safari/537.36"
117.148.130.28 - - [14/Apr/2022:06:41:39 +0200] "GET /images/mini_prod/8720088297995.jpg HTTP/1.1" 200 7821 "-" "Mozilla/5.0 (Windows NT 10.0; WOW64) AppleWebKit/537.36 (KHTML, like Gecko) Chrome/90.0.4430.212 Safari/537.36"
117.148.130.28 - - [14/Apr/2022:06:41:42 +0200] "GET /images/mini_prod/8422015293703.jpg HTTP/1.1" 200 3071 "-" "Mozilla/5.0 (Windows NT 10.0; WOW64) AppleWebKit/537.36 (KHTML, like Gecko) Chrome/90.0.4430.212 Safari/537.36"
117.148.130.28 - - [14/Apr/2022:06:42:04 +0200] "GET /images/mini_prod/1328399296088.jpg HTTP/1.1" 200 6729 "-" "Mozilla/5.0 (Windows NT 10.0; WOW64) AppleWebKit/537.36 (KHTML, like Gecko) Chrome/90.0.4430.212 Safari/537.36"
117.148.130.28 - - [14/Apr/2022:06:42:05 +0200] "GET /images/mini_prod/8712159168266.jpg HTTP/1.1" 200 9125 "-" "Mozilla/5.0 (Windows NT 10.0; WOW64) AppleWebKit/537.36 (KHTML, like Gecko) Chrome/90.0.4430.212 Safari/537.36"
117.148.130.28 - - [14/Apr/2022:06:42:05 +0200] "GET /images/mini_prod/8433933244791.jpg HTTP/1.1" 200 14494 "-" "Mozilla/5.0 (Windows NT 10.0; WOW64) AppleWebKit/537.36 (KHTML, like Gecko) Chrome/90.0.4430.212 Safari/537.36"
117.148.130.28 - - [14/Apr/2022:06:42:05 +0200] "GET /images/mini_prod/5400924158132.jpg HTTP/1.1" 200 5500 "-" "Mozilla/5.0 (Windows NT 10.0; WOW64) AppleWebKit/537.36 (KHTML, like Gecko) Chrome/90.0.4430.212 Safari/537.36"
117.148.130.28 - - [14/Apr/2022:06:42:10 +0200] "GET /images/mini_prod/3665269152036.jpg HTTP/1.1" 200 7158 "-" "Mozilla/5.0 (Windows NT 10.0; WOW64) AppleWebKit/537.36 (KHTML, like Gecko) Chrome/90.0.4430.212 Safari/537.36"
117.148.130.28 - - [14/Apr/2022:06:42:11 +0200] "GET /images/mini_prod/3700344927113.jpg HTTP/1.1" 200 4021 "-" "Mozilla/5.0 (Windows NT 10.0; WOW64) AppleWebKit/537.36 (KHTML, like Gecko) Chrome/90.0.4430.212 Safari/537.36"
117.148.130.28 - - [14/Apr/2022:06:42:11 +0200] "GET /images/mini_prod/3700281652789.jpg HTTP/1.1" 200 6735 "-" "Mozilla/5.0 (Windows NT 10.0; WOW64) AppleWebKit/537.36 (KHTML, like Gecko) Chrome/90.0.4430.212 Safari/537.36"
117.148.130.28 - - [14/Apr/2022:06:42:11 +0200] "GET /images/mini_prod/8433933314265.jpg HTTP/1.1" 200 4410 "-" "Mozilla/5.0 (Windows NT 10.0; WOW64) AppleWebKit/537.36 (KHTML, like Gecko) Chrome/90.0.4430.212 Safari/537.36"
117.148.130.28 - - [14/Apr/2022:06:42:12 +0200] "GET /images/mini_prod/5400924182724.jpg HTTP/1.1" 200 5562 "-" "Mozilla/5.0 (Windows NT 10.0; WOW64) AppleWebKit/537.36 (KHTML, like Gecko) Chrome/90.0.4430.212 Safari/537.36"
117.148.130.28 - - [14/Apr/2022:06:42:13 +0200] "GET /images/mini_prod/3418178596039.jpg HTTP/1.1" 200 7747 "-" "Mozilla/5.0 (Windows NT 10.0; WOW64) AppleWebKit/537.36 (KHTML, like Gecko) Chrome/90.0.4430.212 Safari/537.36"
117.148.130.28 - - [14/Apr/2022:06:42:14 +0200] "GET /images/mini_prod/8433933243251.jpg HTTP/1.1" 200 6095 "-" "Mozilla/5.0 (Windows NT 10.0; WOW64) AppleWebKit/537.36 (KHTML, like Gecko) Chrome/90.0.4430.212 Safari/537.36"
117.148.130.28 - - [14/Apr/2022:06:42:14 +0200] "GET /images/mini_prod/3701206600106.jpg HTTP/1.1" 200 5525 "-" "Mozilla/5.0 (Windows NT 10.0; WOW64) AppleWebKit/537.36 (KHTML, like Gecko) Chrome/90.0.4430.212 Safari/537.36"
117.148.130.28 - - [14/Apr/2022:06:42:15 +0200] "GET /images/mini_prod/8422015293727.jpg HTTP/1.1" 200 5087 "-" "Mozilla/5.0 (Windows NT 10.0; WOW64) AppleWebKit/537.36 (KHTML, like Gecko) Chrome/90.0.4430.212 Safari/537.36"
117.148.130.28 - - [14/Apr/2022:06:42:16 +0200] "GET /images/mini_prod/3453131158220.jpg HTTP/1.1" 200 8006 "-" "Mozilla/5.0 (Windows NT 10.0; WOW64) AppleWebKit/537.36 (KHTML, like Gecko) Chrome/90.0.4430.212 Safari/537.36"
117.148.130.28 - - [14/Apr/2022:06:42:16 +0200] "GET /images/mini_prod/8718657462530.jpg HTTP/1.1" 200 7087 "-" "Mozilla/5.0 (Windows NT 10.0; WOW64) AppleWebKit/537.36 (KHTML, like Gecko) Chrome/90.0.4430.212 Safari/537.36"
117.148.130.28 - - [14/Apr/2022:06:42:16 +0200] "GET /images/mini_prod/8433933206553.jpg HTTP/1.1" 200 6229 "-" "Mozilla/5.0 (Windows NT 10.0; WOW64) AppleWebKit/537.36 (KHTML, like Gecko) Chrome/90.0.4430.212 Safari/537.36"
117.148.130.28 - - [14/Apr/2022:06:42:17 +0200] "GET /images/mini_prod/8718657461090C.jpg HTTP/1.1" 200 3672 "-" "Mozilla/5.0 (Windows NT 10.0; WOW64) AppleWebKit/537.36 (KHTML, like Gecko) Chrome/90.0.4430.212 Safari/537.36"
117.148.130.28 - - [14/Apr/2022:06:42:17 +0200] "GET /images/mini_prod/8720088297940.jpg HTTP/1.1" 200 4591 "-" "Mozilla/5.0 (Windows NT 10.0; WOW64) AppleWebKit/537.36 (KHTML, like Gecko) Chrome/90.0.4430.212 Safari/537.36"
117.148.130.28 - - [14/Apr/2022:06:42:17 +0200] "GET /images/mini_prod/8433933245828.jpg HTTP/1.1" 200 7289 "-" "Mozilla/5.0 (Windows NT 10.0; WOW64) AppleWebKit/537.36 (KHTML, like Gecko) Chrome/90.0.4430.212 Safari/537.36"
117.148.130.28 - - [14/Apr/2022:06:42:18 +0200] "GET /images/mini_prod/8433933251416.jpg HTTP/1.1" 200 5380 "-" "Mozilla/5.0 (Windows NT 10.0; WOW64) AppleWebKit/537.36 (KHTML, like Gecko) Chrome/90.0.4430.212 Safari/537.36"
117.148.130.28 - - [14/Apr/2022:06:42:18 +0200] "GET /images/mini_prod/5400924181024.jpg HTTP/1.1" 200 4635 "-" "Mozilla/5.0 (Windows NT 10.0; WOW64) AppleWebKit/537.36 (KHTML, like Gecko) Chrome/90.0.4430.212 Safari/537.36"
117.148.130.28 - - [14/Apr/2022:06:42:18 +0200] "GET /images/mini_prod/3700572740256.jpg HTTP/1.1" 200 5806 "-" "Mozilla/5.0 (Windows NT 10.0; WOW64) AppleWebKit/537.36 (KHTML, like Gecko) Chrome/90.0.4430.212 Safari/537.36"
117.148.130.28 - - [14/Apr/2022:06:42:18 +0200] "GET /images/mini_prod/1020322305415.jpg HTTP/1.1" 200 6719 "-" "Mozilla/5.0 (Windows NT 10.0; WOW64) AppleWebKit/537.36 (KHTML, like Gecko) Chrome/90.0.4430.212 Safari/537.36"
117.148.130.28 - - [14/Apr/2022:06:42:18 +0200] "GET /images/mini_prod/5400924158002.jpg HTTP/1.1" 200 8333 "-" "Mozilla/5.0 (Windows NT 10.0; WOW64) AppleWebKit/537.36 (KHTML, like Gecko) Chrome/90.0.4430.212 Safari/537.36"
117.148.130.28 - - [14/Apr/2022:06:42:18 +0200] "GET /images/mini_prod/542202657430b.jpg HTTP/1.1" 200 9177 "-" "Mozilla/5.0 (Windows NT 10.0; WOW64) AppleWebKit/537.36 (KHTML, like Gecko) Chrome/90.0.4430.212 Safari/537.36"
117.148.130.28 - - [14/Apr/2022:06:42:19 +0200] "GET /images/mini_prod/3700572740249.jpg HTTP/1.1" 200 4442 "-" "Mozilla/5.0 (Windows NT 10.0; WOW64) AppleWebKit/537.36 (KHTML, like Gecko) Chrome/90.0.4430.212 Safari/537.36"
117.148.130.28 - - [14/Apr/2022:06:42:19 +0200] "GET /images/mini_prod/3665269159721.jpg HTTP/1.1" 200 7474 "-" "Mozilla/5.0 (Windows NT 10.0; WOW64) AppleWebKit/537.36 (KHTML, like Gecko) Chrome/90.0.4430.212 Safari/537.36"
117.148.130.28 - - [14/Apr/2022:06:42:19 +0200] "GET /images/mini_prod/3665269183160.jpg HTTP/1.1" 200 9889 "-" "Mozilla/5.0 (Windows NT 10.0; WOW64) AppleWebKit/537.36 (KHTML, like Gecko) Chrome/90.0.4430.212 Safari/537.36"
117.148.130.28 - - [14/Apr/2022:06:42:20 +0200] "GET /images/mini_prod/8712159172157.jpg HTTP/1.1" 200 9089 "-" "Mozilla/5.0 (Windows NT 10.0; WOW64) AppleWebKit/537.36 (KHTML, like Gecko) Chrome/90.0.4430.212 Safari/537.36"
117.148.130.28 - - [14/Apr/2022:06:42:20 +0200] "GET /images/mini_prod/8433933228654.jpg HTTP/1.1" 200 6864 "-" "Mozilla/5.0 (Windows NT 10.0; WOW64) AppleWebKit/537.36 (KHTML, like Gecko) Chrome/90.0.4430.212 Safari/537.36"
117.148.130.28 - - [14/Apr/2022:06:42:20 +0200] "GET /images/mini_prod/3503420503368.jpg HTTP/1.1" 200 6170 "-" "Mozilla/5.0 (Windows NT 10.0; WOW64) AppleWebKit/537.36 (KHTML, like Gecko) Chrome/90.0.4430.212 Safari/537.36"
117.148.130.28 - - [14/Apr/2022:06:42:20 +0200] "GET /images/mini_prod/4542202657164.jpg HTTP/1.1" 200 3024 "-" "Mozilla/5.0 (Windows NT 10.0; WOW64) AppleWebKit/537.36 (KHTML, like Gecko) Chrome/90.0.4430.212 Safari/537.36"
117.148.130.28 - - [14/Apr/2022:06:42:21 +0200] "GET /images/mini_prod/3520071820897.jpg HTTP/1.1" 200 6343 "-" "Mozilla/5.0 (Windows NT 10.0; WOW64) AppleWebKit/537.36 (KHTML, like Gecko) Chrome/90.0.4430.212 Safari/537.36"
117.148.130.28 - - [14/Apr/2022:06:42:21 +0200] "GET /images/mini_prod/8433933226353.jpg HTTP/1.1" 200 8442 "-" "Mozilla/5.0 (Windows NT 10.0; WOW64) AppleWebKit/537.36 (KHTML, like Gecko) Chrome/90.0.4430.212 Safari/537.36"
117.148.130.28 - - [14/Apr/2022:06:42:21 +0200] "GET /images/mini_prod/8433933239223.jpg HTTP/1.1" 200 7955 "-" "Mozilla/5.0 (Windows NT 10.0; WOW64) AppleWebKit/537.36 (KHTML, like Gecko) Chrome/90.0.4430.212 Safari/537.36"
117.148.130.28 - - [14/Apr/2022:06:42:21 +0200] "GET /images/mini_prod/8712159158120.jpg HTTP/1.1" 200 7255 "-" "Mozilla/5.0 (Windows NT 10.0; WOW64) AppleWebKit/537.36 (KHTML, like Gecko) Chrome/90.0.4430.212 Safari/537.36"
117.148.130.28 - - [14/Apr/2022:06:42:22 +0200] "GET /images/mini_prod/4895220303361.jpg HTTP/1.1" 200 4157 "-" "Mozilla/5.0 (Windows NT 10.0; WOW64) AppleWebKit/537.36 (KHTML, like Gecko) Chrome/90.0.4430.212 Safari/537.36"
117.148.130.28 - - [14/Apr/2022:06:42:22 +0200] "GET /images/mini_prod/3660173237275.jpg HTTP/1.1" 200 5376 "-" "Mozilla/5.0 (Windows NT 10.0; WOW64) AppleWebKit/537.36 (KHTML, like Gecko) Chrome/90.0.4430.212 Safari/537.36"
117.148.130.28 - - [14/Apr/2022:06:42:22 +0200] "GET /images/mini_prod/8720088297957.jpg HTTP/1.1" 200 4481 "-" "Mozilla/5.0 (Windows NT 10.0; WOW64) AppleWebKit/537.36 (KHTML, like Gecko) Chrome/90.0.4430.212 Safari/537.36"
117.148.130.28 - - [14/Apr/2022:06:42:22 +0200] "GET /images/mini_prod/8712159172386.jpg HTTP/1.1" 200 8843 "-" "Mozilla/5.0 (Windows NT 10.0; WOW64) AppleWebKit/537.36 (KHTML, like Gecko) Chrome/90.0.4430.212 Safari/537.36"
117.148.130.28 - - [14/Apr/2022:06:42:22 +0200] "GET /images/mini_prod/5400924182748.jpg HTTP/1.1" 200 5167 "-" "Mozilla/5.0 (Windows NT 10.0; WOW64) AppleWebKit/537.36 (KHTML, like Gecko) Chrome/90.0.4430.212 Safari/537.36"
117.148.130.28 - - [14/Apr/2022:06:42:22 +0200] "GET /images/mini_prod/3700281653441.jpg HTTP/1.1" 200 4594 "-" "Mozilla/5.0 (Windows NT 10.0; WOW64) AppleWebKit/537.36 (KHTML, like Gecko) Chrome/90.0.4430.212 Safari/537.36"
117.148.130.28 - - [14/Apr/2022:06:42:23 +0200] "GET /images/mini_prod/3520071823621.jpg HTTP/1.1" 200 5624 "-" "Mozilla/5.0 (Windows NT 10.0; WOW64) AppleWebKit/537.36 (KHTML, like Gecko) Chrome/90.0.4430.212 Safari/537.36"
117.148.130.28 - - [14/Apr/2022:06:42:23 +0200] "GET /images/mini_prod/8433933241714.jpg HTTP/1.1" 200 3626 "-" "Mozilla/5.0 (Windows NT 10.0; WOW64) AppleWebKit/537.36 (KHTML, like Gecko) Chrome/90.0.4430.212 Safari/537.36"
117.148.130.28 - - [14/Apr/2022:06:42:23 +0200] "GET /images/mini_prod/3700344927250.jpg HTTP/1.1" 200 10505 "-" "Mozilla/5.0 (Windows NT 10.0; WOW64) AppleWebKit/537.36 (KHTML, like Gecko) Chrome/90.0.4430.212 Safari/537.36"
117.148.130.28 - - [14/Apr/2022:06:42:23 +0200] "GET /images/mini_prod/3418178546034.jpg HTTP/1.1" 200 7865 "-" "Mozilla/5.0 (Windows NT 10.0; WOW64) AppleWebKit/537.36 (KHTML, like Gecko) Chrome/90.0.4430.212 Safari/537.36"
117.148.130.28 - - [14/Apr/2022:06:42:23 +0200] "GET /images/mini_prod/8433933241790.jpg HTTP/1.1" 200 6003 "-" "Mozilla/5.0 (Windows NT 10.0; WOW64) AppleWebKit/537.36 (KHTML, like Gecko) Chrome/90.0.4430.212 Safari/537.36"
117.148.130.28 - - [14/Apr/2022:06:42:23 +0200] "GET /images/mini_prod/4250255881015.jpg HTTP/1.1" 200 2306 "-" "Mozilla/5.0 (Windows NT 10.0; WOW64) AppleWebKit/537.36 (KHTML, like Gecko) Chrome/90.0.4430.212 Safari/537.36"
117.148.130.28 - - [14/Apr/2022:06:42:23 +0200] "GET /images/mini_prod/3665269156508.jpg HTTP/1.1" 200 5046 "-" "Mozilla/5.0 (Windows NT 10.0; WOW64) AppleWebKit/537.36 (KHTML, like Gecko) Chrome/90.0.4430.212 Safari/537.36"
117.148.130.28 - - [14/Apr/2022:06:42:24 +0200] "GET /images/mini_prod/4012677165445.jpg HTTP/1.1" 200 5579 "-" "Mozilla/5.0 (Windows NT 10.0; WOW64) AppleWebKit/537.36 (KHTML, like Gecko) Chrome/90.0.4430.212 Safari/537.36"
117.148.130.28 - - [14/Apr/2022:06:42:24 +0200] "GET /images/mini_prod/8433933058640.jpg HTTP/1.1" 200 8023 "-" "Mozilla/5.0 (Windows NT 10.0; WOW64) AppleWebKit/537.36 (KHTML, like Gecko) Chrome/90.0.4430.212 Safari/537.36"
117.148.130.28 - - [14/Apr/2022:06:42:24 +0200] "GET /images/mini_prod/3660173237268.jpg HTTP/1.1" 200 5692 "-" "Mozilla/5.0 (Windows NT 10.0; WOW64) AppleWebKit/537.36 (KHTML, like Gecko) Chrome/90.0.4430.212 Safari/537.36"
117.148.130.28 - - [14/Apr/2022:06:42:24 +0200] "GET /images/mini_prod/028399294992.jpg HTTP/1.1" 200 3773 "-" "Mozilla/5.0 (Windows NT 10.0; WOW64) AppleWebKit/537.36 (KHTML, like Gecko) Chrome/90.0.4430.212 Safari/537.36"
117.148.130.28 - - [14/Apr/2022:06:42:24 +0200] "GET /images/mini_prod/4542202657348.jpg HTTP/1.1" 200 7470 "-" "Mozilla/5.0 (Windows NT 10.0; WOW64) AppleWebKit/537.36 (KHTML, like Gecko) Chrome/90.0.4430.212 Safari/537.36"
117.148.130.28 - - [14/Apr/2022:06:42:24 +0200] "GET /images/mini_prod/4250255881008.jpg HTTP/1.1" 200 2353 "-" "Mozilla/5.0 (Windows NT 10.0; WOW64) AppleWebKit/537.36 (KHTML, like Gecko) Chrome/90.0.4430.212 Safari/537.36"
117.148.130.28 - - [14/Apr/2022:06:42:25 +0200] "GET /images/mini_prod/1020322305439.jpg HTTP/1.1" 200 5077 "-" "Mozilla/5.0 (Windows NT 10.0; WOW64) AppleWebKit/537.36 (KHTML, like Gecko) Chrome/90.0.4430.212 Safari/537.36"
117.148.130.28 - - [14/Apr/2022:06:42:25 +0200] "GET /images/mini_prod/8422006653196.jpg HTTP/1.1" 200 10805 "-" "Mozilla/5.0 (Windows NT 10.0; WOW64) AppleWebKit/537.36 (KHTML, like Gecko) Chrome/90.0.4430.212 Safari/537.36"
117.148.130.28 - - [14/Apr/2022:06:42:25 +0200] "GET /images/mini_prod/8424345302193B.jpg HTTP/1.1" 200 3675 "-" "Mozilla/5.0 (Windows NT 10.0; WOW64) AppleWebKit/537.36 (KHTML, like Gecko) Chrome/90.0.4430.212 Safari/537.36"
117.148.130.28 - - [14/Apr/2022:06:42:25 +0200] "GET /images/mini_prod/4250255820021.jpg HTTP/1.1" 200 5473 "-" "Mozilla/5.0 (Windows NT 10.0; WOW64) AppleWebKit/537.36 (KHTML, like Gecko) Chrome/90.0.4430.212 Safari/537.36"
117.148.130.28 - - [14/Apr/2022:06:42:29 +0200] "GET /images/mini_prod/3503420026508.jpg HTTP/1.1" 200 4660 "-" "Mozilla/5.0 (Windows NT 10.0; WOW64) AppleWebKit/537.36 (KHTML, like Gecko) Chrome/90.0.4430.212 Safari/537.36"
117.148.130.28 - - [14/Apr/2022:06:42:29 +0200] "GET /images/mini_prod/3503420083181.jpg HTTP/1.1" 200 3860 "-" "Mozilla/5.0 (Windows NT 10.0; WOW64) AppleWebKit/537.36 (KHTML, like Gecko) Chrome/90.0.4430.212 Safari/537.36"
14.137.135.170 - - [14/Apr/2022:06:42:31 +0200] "GET /images/big_prod_2/c5018997632079.jpg HTTP/1.0" 200 101129 "-" "python-requests/2.22.0"
119.8.243.62 - - [14/Apr/2022:06:42:31 +0200] "GET /images/big_prod_2/c5018997632079.jpg HTTP/1.0" 200 40880 "-" "python-requests/2.22.0"
117.148.130.28 - - [14/Apr/2022:06:42:48 +0200] "GET /images/mini_prod/3503420118425.jpg HTTP/1.1" 200 4778 "-" "Mozilla/5.0 (Windows NT 10.0; WOW64) AppleWebKit/537.36 (KHTML, like Gecko) Chrome/90.0.4430.212 Safari/537.36"
113.207.6.244 - - [14/Apr/2022:06:43:01 +0200] "GET /images/mini_prod/1367103265774.jpg HTTP/1.1" 200 10495 "-" "Mozilla/5.0 (X11; Ubuntu; Linux x86_64; rv:72.0) Gecko/20100101 Firefox/72.0"
94.130.19.112 - - [14/Apr/2022:06:43:03 +0200] "GET /images/mini_prod/3457019604168.jpg HTTP/1.1" 200 9175 "-" "Mozilla/5.0 (X11; Ubuntu; Linux x86_64; rv:72.0) Gecko/20100101 Firefox/72.0"
117.148.130.28 - - [14/Apr/2022:06:43:21 +0200] "GET /images/mini_prod/3503420112805.jpg HTTP/1.1" 200 5216 "-" "Mozilla/5.0 (Windows NT 10.0; WOW64) AppleWebKit/537.36 (KHTML, like Gecko) Chrome/90.0.4430.212 Safari/537.36"
117.148.130.28 - - [14/Apr/2022:06:43:21 +0200] "GET /images/mini_prod/3560600291859.jpg HTTP/1.1" 200 6236 "-" "Mozilla/5.0 (Windows NT 10.0; WOW64) AppleWebKit/537.36 (KHTML, like Gecko) Chrome/90.0.4430.212 Safari/537.36"
117.148.130.28 - - [14/Apr/2022:06:43:30 +0200] "GET /images/mini_prod/3560600291613.jpg HTTP/1.1" 200 11301 "-" "Mozilla/5.0 (Windows NT 10.0; WOW64) AppleWebKit/537.36 (KHTML, like Gecko) Chrome/90.0.4430.212 Safari/537.36"
117.148.130.28 - - [14/Apr/2022:06:43:39 +0200] "GET /images/mini_prod/3560600299633.jpg HTTP/1.1" 200 13643 "-" "Mozilla/5.0 (Windows NT 10.0; WOW64) AppleWebKit/537.36 (KHTML, like Gecko) Chrome/90.0.4430.212 Safari/537.36"
117.148.130.28 - - [14/Apr/2022:06:43:39 +0200] "GET /images/mini_prod/3560600303088.jpg HTTP/1.1" 200 12557 "-" "Mozilla/5.0 (Windows NT 10.0; WOW64) AppleWebKit/537.36 (KHTML, like Gecko) Chrome/90.0.4430.212 Safari/537.36"
117.148.130.28 - - [14/Apr/2022:06:43:39 +0200] "GET /images/mini_prod/3503420109072.jpg HTTP/1.1" 200 5813 "-" "Mozilla/5.0 (Windows NT 10.0; WOW64) AppleWebKit/537.36 (KHTML, like Gecko) Chrome/90.0.4430.212 Safari/537.36"
117.148.130.28 - - [14/Apr/2022:06:43:40 +0200] "GET /images/mini_prod/3503420144462.jpg HTTP/1.1" 200 5457 "-" "Mozilla/5.0 (Windows NT 10.0; WOW64) AppleWebKit/537.36 (KHTML, like Gecko) Chrome/90.0.4430.212 Safari/537.36"
117.148.130.28 - - [14/Apr/2022:06:43:41 +0200] "GET /images/big_prod_1/8424345302490a.jpg HTTP/1.1" 200 20915 "-" "Mozilla/5.0 (Windows NT 10.0; WOW64) AppleWebKit/537.36 (KHTML, like Gecko) Chrome/90.0.4430.212 Safari/537.36"
117.148.130.28 - - [14/Apr/2022:06:43:41 +0200] "GET /images/mini_prod/3565750277777.jpg HTTP/1.1" 200 5618 "-" "Mozilla/5.0 (Windows NT 10.0; WOW64) AppleWebKit/537.36 (KHTML, like Gecko) Chrome/90.0.4430.212 Safari/537.36"
117.148.130.28 - - [14/Apr/2022:06:43:42 +0200] "GET /images/mini_prod/3503420134982.jpg HTTP/1.1" 200 4941 "-" "Mozilla/5.0 (Windows NT 10.0; WOW64) AppleWebKit/537.36 (KHTML, like Gecko) Chrome/90.0.4430.212 Safari/537.36"
117.148.130.28 - - [14/Apr/2022:06:43:44 +0200] "GET /images/mini_prod/3503420106880.jpg HTTP/1.1" 200 5792 "-" "Mozilla/5.0 (Windows NT 10.0; WOW64) AppleWebKit/537.36 (KHTML, like Gecko) Chrome/90.0.4430.212 Safari/537.36"
