85.73.240.207 - - [14/Apr/2022:07:28:06 +0200] "GET /favicon.ico HTTP/1.1" 200 1591 "http://www.wonder-geek.com/advanced_search_result.php?keywords=9316188091022" "Mozilla/5.0 (Windows NT 6.3; Win64; x64; rv:91.0) Gecko/20100101 Firefox/91.0"
85.73.240.207 - - [14/Apr/2022:07:28:09 +0200] "GET /images/big_prod/9316188091022.jpg HTTP/1.1" 200 213365 "http://www.wonder-geek.com/kenya-keychain-family-p-57391.html" "Mozilla/5.0 (Windows NT 6.3; Win64; x64; rv:91.0) Gecko/20100101 Firefox/91.0"
85.73.240.207 - - [14/Apr/2022:07:28:09 +0200] "GET /images/big_prod_1/9316188091022B.jpg HTTP/1.1" 200 382115 "http://www.wonder-geek.com/kenya-keychain-family-p-57391.html" "Mozilla/5.0 (Windows NT 6.3; Win64; x64; rv:91.0) Gecko/20100101 Firefox/91.0"
85.73.240.207 - - [14/Apr/2022:07:28:36 +0200] "GET /templates/Pixame_v1/images/flash.swf HTTP/1.1" 200 2868 "http://www.wonder-geek.com/advanced_search_result.php?keywords=9316188090940" "Mozilla/5.0 (Windows NT 6.3; Win64; x64; rv:91.0) Gecko/20100101 Firefox/91.0"
85.73.240.207 - - [14/Apr/2022:07:28:37 +0200] "GET /images/mini_prod/9316188090940.jpg HTTP/1.1" 200 4030 "http://www.wonder-geek.com/advanced_search_result.php?keywords=9316188090940" "Mozilla/5.0 (Windows NT 6.3; Win64; x64; rv:91.0) Gecko/20100101 Firefox/91.0"
85.73.240.207 - - [14/Apr/2022:07:28:37 +0200] "GET /favicon.ico HTTP/1.1" 200 1591 "http://www.wonder-geek.com/advanced_search_result.php?keywords=9316188090940" "Mozilla/5.0 (Windows NT 6.3; Win64; x64; rv:91.0) Gecko/20100101 Firefox/91.0"
85.73.240.207 - - [14/Apr/2022:07:28:40 +0200] "GET /images/big_prod_1/9316188090940B.jpg HTTP/1.1" 200 284578 "http://www.wonder-geek.com/france-keychain-family-p-57387.html" "Mozilla/5.0 (Windows NT 6.3; Win64; x64; rv:91.0) Gecko/20100101 Firefox/91.0"
85.73.240.207 - - [14/Apr/2022:07:28:40 +0200] "GET /images/big_prod/9316188090940.jpg HTTP/1.1" 200 165750 "http://www.wonder-geek.com/france-keychain-family-p-57387.html" "Mozilla/5.0 (Windows NT 6.3; Win64; x64; rv:91.0) Gecko/20100101 Firefox/91.0"
85.73.240.207 - - [14/Apr/2022:07:29:14 +0200] "GET /templates/Pixame_v1/images/flash.swf HTTP/1.1" 200 2868 "http://www.wonder-geek.com/advanced_search_result.php?keywords=9316188090933" "Mozilla/5.0 (Windows NT 6.3; Win64; x64; rv:91.0) Gecko/20100101 Firefox/91.0"
85.73.240.207 - - [14/Apr/2022:07:29:14 +0200] "GET /images/mini_prod/9316188090933.jpg HTTP/1.1" 200 4172 "http://www.wonder-geek.com/advanced_search_result.php?keywords=9316188090933" "Mozilla/5.0 (Windows NT 6.3; Win64; x64; rv:91.0) Gecko/20100101 Firefox/91.0"
85.73.240.207 - - [14/Apr/2022:07:29:14 +0200] "GET /favicon.ico HTTP/1.1" 200 1591 "http://www.wonder-geek.com/advanced_search_result.php?keywords=9316188090933" "Mozilla/5.0 (Windows NT 6.3; Win64; x64; rv:91.0) Gecko/20100101 Firefox/91.0"
117.148.130.28 - - [14/Apr/2022:07:29:17 +0200] "GET /images/mini_prod/8422017305312.jpg HTTP/1.1" 200 9769 "-" "Mozilla/5.0 (Windows NT 10.0; WOW64) AppleWebKit/537.36 (KHTML, like Gecko) Chrome/90.0.4430.212 Safari/537.36"
85.73.240.207 - - [14/Apr/2022:07:29:19 +0200] "GET /images/big_prod/9316188090933.jpg HTTP/1.1" 200 207814 "http://www.wonder-geek.com/australia-keychain-family-p-57392.html" "Mozilla/5.0 (Windows NT 6.3; Win64; x64; rv:91.0) Gecko/20100101 Firefox/91.0"
85.73.240.207 - - [14/Apr/2022:07:29:20 +0200] "GET /images/big_prod_1/9316188090933B.jpg HTTP/1.1" 200 327685 "http://www.wonder-geek.com/australia-keychain-family-p-57392.html" "Mozilla/5.0 (Windows NT 6.3; Win64; x64; rv:91.0) Gecko/20100101 Firefox/91.0"
117.148.130.28 - - [14/Apr/2022:07:29:37 +0200] "GET /images/mini_prod/3681643200315.jpg HTTP/1.1" 200 8602 "-" "Mozilla/5.0 (Windows NT 10.0; WOW64) AppleWebKit/537.36 (KHTML, like Gecko) Chrome/90.0.4430.212 Safari/537.36"
117.148.130.28 - - [14/Apr/2022:07:29:37 +0200] "GET /images/mini_prod/8009233038400.gif HTTP/1.1" 200 10518 "-" "Mozilla/5.0 (Windows NT 10.0; WOW64) AppleWebKit/537.36 (KHTML, like Gecko) Chrome/90.0.4430.212 Safari/537.36"
117.148.130.28 - - [14/Apr/2022:07:29:37 +0200] "GET /images/mini_prod/8029759044358.jpg HTTP/1.1" 200 8791 "-" "Mozilla/5.0 (Windows NT 10.0; WOW64) AppleWebKit/537.36 (KHTML, like Gecko) Chrome/90.0.4430.212 Safari/537.36"
85.73.240.207 - - [14/Apr/2022:07:29:46 +0200] "GET /templates/Pixame_v1/images/flash.swf HTTP/1.1" 200 2868 "http://www.wonder-geek.com/advanced_search_result.php?keywords=9316188091015" "Mozilla/5.0 (Windows NT 6.3; Win64; x64; rv:91.0) Gecko/20100101 Firefox/91.0"
85.73.240.207 - - [14/Apr/2022:07:29:46 +0200] "GET /images/mini_prod/9316188091015.jpg HTTP/1.1" 200 3960 "http://www.wonder-geek.com/advanced_search_result.php?keywords=9316188091015" "Mozilla/5.0 (Windows NT 6.3; Win64; x64; rv:91.0) Gecko/20100101 Firefox/91.0"
85.73.240.207 - - [14/Apr/2022:07:29:46 +0200] "GET /favicon.ico HTTP/1.1" 200 1591 "http://www.wonder-geek.com/advanced_search_result.php?keywords=9316188091015" "Mozilla/5.0 (Windows NT 6.3; Win64; x64; rv:91.0) Gecko/20100101 Firefox/91.0"
85.73.240.207 - - [14/Apr/2022:07:29:49 +0200] "GET /images/big_prod/9316188091015.jpg HTTP/1.1" 200 185715 "http://www.wonder-geek.com/indonesia-keychain-family-p-57389.html" "Mozilla/5.0 (Windows NT 6.3; Win64; x64; rv:91.0) Gecko/20100101 Firefox/91.0"
85.73.240.207 - - [14/Apr/2022:07:29:49 +0200] "GET /images/big_prod_1/9316188091015B.jpg HTTP/1.1" 200 391008 "http://www.wonder-geek.com/indonesia-keychain-family-p-57389.html" "Mozilla/5.0 (Windows NT 6.3; Win64; x64; rv:91.0) Gecko/20100101 Firefox/91.0"
117.148.130.28 - - [14/Apr/2022:07:29:51 +0200] "GET /images/mini_prod/3609810063006.jpg HTTP/1.1" 200 9564 "-" "Mozilla/5.0 (Windows NT 10.0; WOW64) AppleWebKit/537.36 (KHTML, like Gecko) Chrome/90.0.4430.212 Safari/537.36"
117.148.130.28 - - [14/Apr/2022:07:29:58 +0200] "GET /images/mini_prod/5012128424021.jpg HTTP/1.1" 200 12313 "-" "Mozilla/5.0 (Windows NT 10.0; WOW64) AppleWebKit/537.36 (KHTML, like Gecko) Chrome/90.0.4430.212 Safari/537.36"
117.148.130.28 - - [14/Apr/2022:07:30:06 +0200] "GET /images/mini_prod/1300000022408.jpg HTTP/1.1" 200 9112 "-" "Mozilla/5.0 (Windows NT 10.0; WOW64) AppleWebKit/537.36 (KHTML, like Gecko) Chrome/90.0.4430.212 Safari/537.36"
117.148.130.28 - - [14/Apr/2022:07:30:06 +0200] "GET /images/mini_prod/3660173171128.jpg HTTP/1.1" 200 6031 "-" "Mozilla/5.0 (Windows NT 10.0; WOW64) AppleWebKit/537.36 (KHTML, like Gecko) Chrome/90.0.4430.212 Safari/537.36"
117.148.130.28 - - [14/Apr/2022:07:30:06 +0200] "GET /images/mini_prod/3660173161402.jpg HTTP/1.1" 200 6327 "-" "Mozilla/5.0 (Windows NT 10.0; WOW64) AppleWebKit/537.36 (KHTML, like Gecko) Chrome/90.0.4430.212 Safari/537.36"
117.148.130.28 - - [14/Apr/2022:07:30:13 +0200] "GET /images/mini_prod/3609810062986.jpg HTTP/1.1" 200 9930 "-" "Mozilla/5.0 (Windows NT 10.0; WOW64) AppleWebKit/537.36 (KHTML, like Gecko) Chrome/90.0.4430.212 Safari/537.36"
117.148.130.28 - - [14/Apr/2022:07:30:14 +0200] "GET /images/mini_prod/8424346229147.jpg HTTP/1.1" 200 8404 "-" "Mozilla/5.0 (Windows NT 10.0; WOW64) AppleWebKit/537.36 (KHTML, like Gecko) Chrome/90.0.4430.212 Safari/537.36"
117.148.130.28 - - [14/Apr/2022:07:30:14 +0200] "GET /images/mini_prod/8029759044341.jpg HTTP/1.1" 200 8139 "-" "Mozilla/5.0 (Windows NT 10.0; WOW64) AppleWebKit/537.36 (KHTML, like Gecko) Chrome/90.0.4430.212 Safari/537.36"
117.148.130.28 - - [14/Apr/2022:07:30:15 +0200] "GET /images/mini_prod/3609810048737a.jpg HTTP/1.1" 200 7887 "-" "Mozilla/5.0 (Windows NT 10.0; WOW64) AppleWebKit/537.36 (KHTML, like Gecko) Chrome/90.0.4430.212 Safari/537.36"
117.148.130.28 - - [14/Apr/2022:07:30:17 +0200] "GET /images/mini_prod/8424346229154.jpg HTTP/1.1" 200 8531 "-" "Mozilla/5.0 (Windows NT 10.0; WOW64) AppleWebKit/537.36 (KHTML, like Gecko) Chrome/90.0.4430.212 Safari/537.36"
117.148.130.28 - - [14/Apr/2022:07:30:19 +0200] "GET /images/mini_prod/8445148004619.jpg HTTP/1.1" 200 8840 "-" "Mozilla/5.0 (Windows NT 10.0; WOW64) AppleWebKit/537.36 (KHTML, like Gecko) Chrome/90.0.4430.212 Safari/537.36"
85.73.240.207 - - [14/Apr/2022:07:30:19 +0200] "GET /templates/Pixame_v1/images/flash.swf HTTP/1.1" 200 2868 "http://www.wonder-geek.com/advanced_search_result.php?keywords=9316188090964" "Mozilla/5.0 (Windows NT 6.3; Win64; x64; rv:91.0) Gecko/20100101 Firefox/91.0"
85.73.240.207 - - [14/Apr/2022:07:30:20 +0200] "GET /images/mini_prod/9316188090964.jpg HTTP/1.1" 200 4249 "http://www.wonder-geek.com/advanced_search_result.php?keywords=9316188090964" "Mozilla/5.0 (Windows NT 6.3; Win64; x64; rv:91.0) Gecko/20100101 Firefox/91.0"
117.148.130.28 - - [14/Apr/2022:07:30:20 +0200] "GET /images/mini_prod/3609810048744a.jpg HTTP/1.1" 200 7140 "-" "Mozilla/5.0 (Windows NT 10.0; WOW64) AppleWebKit/537.36 (KHTML, like Gecko) Chrome/90.0.4430.212 Safari/537.36"
85.73.240.207 - - [14/Apr/2022:07:30:20 +0200] "GET /favicon.ico HTTP/1.1" 200 1591 "http://www.wonder-geek.com/advanced_search_result.php?keywords=9316188090964" "Mozilla/5.0 (Windows NT 6.3; Win64; x64; rv:91.0) Gecko/20100101 Firefox/91.0"
117.148.130.28 - - [14/Apr/2022:07:30:20 +0200] "GET /images/mini_prod/IMG_2547.jpg HTTP/1.1" 200 5082 "-" "Mozilla/5.0 (Windows NT 10.0; WOW64) AppleWebKit/537.36 (KHTML, like Gecko) Chrome/90.0.4430.212 Safari/537.36"
117.148.130.28 - - [14/Apr/2022:07:30:20 +0200] "GET /images/mini_prod/1300000022392.jpg HTTP/1.1" 200 7098 "-" "Mozilla/5.0 (Windows NT 10.0; WOW64) AppleWebKit/537.36 (KHTML, like Gecko) Chrome/90.0.4430.212 Safari/537.36"
117.148.130.28 - - [14/Apr/2022:07:30:21 +0200] "GET /images/mini_prod/8424346222117.jpg HTTP/1.1" 200 5096 "-" "Mozilla/5.0 (Windows NT 10.0; WOW64) AppleWebKit/537.36 (KHTML, like Gecko) Chrome/90.0.4430.212 Safari/537.36"
117.148.130.28 - - [14/Apr/2022:07:30:21 +0200] "GET /images/mini_prod/3609810062955.jpg HTTP/1.1" 200 8489 "-" "Mozilla/5.0 (Windows NT 10.0; WOW64) AppleWebKit/537.36 (KHTML, like Gecko) Chrome/90.0.4430.212 Safari/537.36"
117.148.130.28 - - [14/Apr/2022:07:30:22 +0200] "GET /images/mini_prod/4500391700009.jpg HTTP/1.1" 200 8677 "-" "Mozilla/5.0 (Windows NT 10.0; WOW64) AppleWebKit/537.36 (KHTML, like Gecko) Chrome/90.0.4430.212 Safari/537.36"
117.148.130.28 - - [14/Apr/2022:07:30:22 +0200] "GET /images/mini_prod/3665269059113.jpg HTTP/1.1" 200 7701 "-" "Mozilla/5.0 (Windows NT 10.0; WOW64) AppleWebKit/537.36 (KHTML, like Gecko) Chrome/90.0.4430.212 Safari/537.36"
117.148.130.28 - - [14/Apr/2022:07:30:23 +0200] "GET /images/mini_prod/3609810096424.jpg HTTP/1.1" 200 6923 "-" "Mozilla/5.0 (Windows NT 10.0; WOW64) AppleWebKit/537.36 (KHTML, like Gecko) Chrome/90.0.4430.212 Safari/537.36"
117.148.130.28 - - [14/Apr/2022:07:30:23 +0200] "GET /images/mini_prod/1399984227015.jpg HTTP/1.1" 200 8067 "-" "Mozilla/5.0 (Windows NT 10.0; WOW64) AppleWebKit/537.36 (KHTML, like Gecko) Chrome/90.0.4430.212 Safari/537.36"
85.73.240.207 - - [14/Apr/2022:07:30:23 +0200] "GET /images/big_prod/9316188090964.jpg HTTP/1.1" 200 208486 "http://www.wonder-geek.com/peru-keychain-family-p-57395.html" "Mozilla/5.0 (Windows NT 6.3; Win64; x64; rv:91.0) Gecko/20100101 Firefox/91.0"
117.148.130.28 - - [14/Apr/2022:07:30:23 +0200] "GET /images/mini_prod/3665269092233.jpg HTTP/1.1" 200 9321 "-" "Mozilla/5.0 (Windows NT 10.0; WOW64) AppleWebKit/537.36 (KHTML, like Gecko) Chrome/90.0.4430.212 Safari/537.36"
85.73.240.207 - - [14/Apr/2022:07:30:23 +0200] "GET /images/big_prod_1/9316188090964B.jpg HTTP/1.1" 200 414219 "http://www.wonder-geek.com/peru-keychain-family-p-57395.html" "Mozilla/5.0 (Windows NT 6.3; Win64; x64; rv:91.0) Gecko/20100101 Firefox/91.0"
117.148.130.28 - - [14/Apr/2022:07:30:24 +0200] "GET /images/mini_prod/8422810062962Z.jpg HTTP/1.1" 200 8191 "-" "Mozilla/5.0 (Windows NT 10.0; WOW64) AppleWebKit/537.36 (KHTML, like Gecko) Chrome/90.0.4430.212 Safari/537.36"
117.148.130.28 - - [14/Apr/2022:07:30:25 +0200] "GET /images/mini_prod/3014627976669.jpg HTTP/1.1" 200 6668 "-" "Mozilla/5.0 (Windows NT 10.0; WOW64) AppleWebKit/537.36 (KHTML, like Gecko) Chrome/90.0.4430.212 Safari/537.36"
117.148.130.28 - - [14/Apr/2022:07:30:25 +0200] "GET /images/mini_prod/8424346229185.jpg HTTP/1.1" 200 8848 "-" "Mozilla/5.0 (Windows NT 10.0; WOW64) AppleWebKit/537.36 (KHTML, like Gecko) Chrome/90.0.4430.212 Safari/537.36"
117.148.130.28 - - [14/Apr/2022:07:30:25 +0200] "GET /images/mini_prod/3014627890989.jpg HTTP/1.1" 200 9446 "-" "Mozilla/5.0 (Windows NT 10.0; WOW64) AppleWebKit/537.36 (KHTML, like Gecko) Chrome/90.0.4430.212 Safari/537.36"
117.148.130.28 - - [14/Apr/2022:07:30:25 +0200] "GET /images/mini_prod/8422018028401.jpg HTTP/1.1" 200 5475 "-" "Mozilla/5.0 (Windows NT 10.0; WOW64) AppleWebKit/537.36 (KHTML, like Gecko) Chrome/90.0.4430.212 Safari/537.36"
117.148.130.28 - - [14/Apr/2022:07:30:26 +0200] "GET /images/mini_prod/8445148004749.jpg HTTP/1.1" 200 8108 "-" "Mozilla/5.0 (Windows NT 10.0; WOW64) AppleWebKit/537.36 (KHTML, like Gecko) Chrome/90.0.4430.212 Safari/537.36"
117.148.130.28 - - [14/Apr/2022:07:30:26 +0200] "GET /images/mini_prod/3503420115929.jpg HTTP/1.1" 200 8673 "-" "Mozilla/5.0 (Windows NT 10.0; WOW64) AppleWebKit/537.36 (KHTML, like Gecko) Chrome/90.0.4430.212 Safari/537.36"
117.148.130.28 - - [14/Apr/2022:07:30:26 +0200] "GET /images/mini_prod/3609810062948.jpg HTTP/1.1" 200 8398 "-" "Mozilla/5.0 (Windows NT 10.0; WOW64) AppleWebKit/537.36 (KHTML, like Gecko) Chrome/90.0.4430.212 Safari/537.36"
117.148.130.28 - - [14/Apr/2022:07:30:26 +0200] "GET /images/mini_prod/1384000000062BB.jpg HTTP/1.1" 200 8835 "-" "Mozilla/5.0 (Windows NT 10.0; WOW64) AppleWebKit/537.36 (KHTML, like Gecko) Chrome/90.0.4430.212 Safari/537.36"
117.148.130.28 - - [14/Apr/2022:07:30:26 +0200] "GET /images/mini_prod/8422018028418.jpg HTTP/1.1" 200 5084 "-" "Mozilla/5.0 (Windows NT 10.0; WOW64) AppleWebKit/537.36 (KHTML, like Gecko) Chrome/90.0.4430.212 Safari/537.36"
117.148.130.28 - - [14/Apr/2022:07:30:27 +0200] "GET /images/mini_prod/3609810062931.jpg HTTP/1.1" 200 7319 "-" "Mozilla/5.0 (Windows NT 10.0; WOW64) AppleWebKit/537.36 (KHTML, like Gecko) Chrome/90.0.4430.212 Safari/537.36"
117.148.130.28 - - [14/Apr/2022:07:30:27 +0200] "GET /images/mini_prod/1384000000079BB.jpg HTTP/1.1" 200 8148 "-" "Mozilla/5.0 (Windows NT 10.0; WOW64) AppleWebKit/537.36 (KHTML, like Gecko) Chrome/90.0.4430.212 Safari/537.36"
117.148.130.28 - - [14/Apr/2022:07:30:27 +0200] "GET /images/mini_prod/1399984227008.jpg HTTP/1.1" 200 7586 "-" "Mozilla/5.0 (Windows NT 10.0; WOW64) AppleWebKit/537.36 (KHTML, like Gecko) Chrome/90.0.4430.212 Safari/537.36"
117.148.130.28 - - [14/Apr/2022:07:30:37 +0200] "GET /images/mini_prod/3609810048713a.jpg HTTP/1.1" 200 6601 "-" "Mozilla/5.0 (Windows NT 10.0; WOW64) AppleWebKit/537.36 (KHTML, like Gecko) Chrome/90.0.4430.212 Safari/537.36"
117.148.130.28 - - [14/Apr/2022:07:30:37 +0200] "GET /images/mini_prod/3609810048751a.jpg HTTP/1.1" 200 8465 "-" "Mozilla/5.0 (Windows NT 10.0; WOW64) AppleWebKit/537.36 (KHTML, like Gecko) Chrome/90.0.4430.212 Safari/537.36"
117.148.130.28 - - [14/Apr/2022:07:30:37 +0200] "GET /images/mini_prod/3609810048768a.jpg HTTP/1.1" 200 7860 "-" "Mozilla/5.0 (Windows NT 10.0; WOW64) AppleWebKit/537.36 (KHTML, like Gecko) Chrome/90.0.4430.212 Safari/537.36"
85.73.240.207 - - [14/Apr/2022:07:30:57 +0200] "GET /templates/Pixame_v1/images/flash.swf HTTP/1.1" 200 2868 "http://www.wonder-geek.com/advanced_search_result.php?keywords=9316188090971" "Mozilla/5.0 (Windows NT 6.3; Win64; x64; rv:91.0) Gecko/20100101 Firefox/91.0"
85.73.240.207 - - [14/Apr/2022:07:30:57 +0200] "GET /images/mini_prod/9316188090971.jpg HTTP/1.1" 200 4467 "http://www.wonder-geek.com/advanced_search_result.php?keywords=9316188090971" "Mozilla/5.0 (Windows NT 6.3; Win64; x64; rv:91.0) Gecko/20100101 Firefox/91.0"
85.73.240.207 - - [14/Apr/2022:07:30:57 +0200] "GET /favicon.ico HTTP/1.1" 200 1591 "http://www.wonder-geek.com/advanced_search_result.php?keywords=9316188090971" "Mozilla/5.0 (Windows NT 6.3; Win64; x64; rv:91.0) Gecko/20100101 Firefox/91.0"
117.148.130.28 - - [14/Apr/2022:07:30:59 +0200] "GET /images/mini_prod/8499132041678.jpg HTTP/1.1" 200 7595 "-" "Mozilla/5.0 (Windows NT 10.0; WOW64) AppleWebKit/537.36 (KHTML, like Gecko) Chrome/90.0.4430.212 Safari/537.36"
85.73.240.207 - - [14/Apr/2022:07:31:00 +0200] "GET /images/big_prod/9316188090971.jpg HTTP/1.1" 200 196557 "http://www.wonder-geek.com/keychain-family-p-57393.html" "Mozilla/5.0 (Windows NT 6.3; Win64; x64; rv:91.0) Gecko/20100101 Firefox/91.0"
85.73.240.207 - - [14/Apr/2022:07:31:00 +0200] "GET /images/big_prod_1/9316188090971B.jpg HTTP/1.1" 200 301966 "http://www.wonder-geek.com/keychain-family-p-57393.html" "Mozilla/5.0 (Windows NT 6.3; Win64; x64; rv:91.0) Gecko/20100101 Firefox/91.0"
211.249.40.15 - - [14/Apr/2022:07:31:01 +0200] "GET /images/mini_prod/9316188070249.jpg HTTP/1.1" 200 5573 "-" "Mozilla/5.0 (X11; Ubuntu; Linux x86_64; rv:72.0) Gecko/20100101 Firefox/72.0"
117.148.130.28 - - [14/Apr/2022:07:31:03 +0200] "GET /images/mini_prod/1399984227039.jpg HTTP/1.1" 200 7931 "-" "Mozilla/5.0 (Windows NT 10.0; WOW64) AppleWebKit/537.36 (KHTML, like Gecko) Chrome/90.0.4430.212 Safari/537.36"
117.148.130.28 - - [14/Apr/2022:07:31:06 +0200] "GET /images/mini_prod/0710DSCN8544.jpg HTTP/1.1" 200 8250 "-" "Mozilla/5.0 (Windows NT 10.0; WOW64) AppleWebKit/537.36 (KHTML, like Gecko) Chrome/90.0.4430.212 Safari/537.36"
117.148.130.28 - - [14/Apr/2022:07:31:19 +0200] "GET /images/mini_prod/3438100330708.jpg HTTP/1.1" 200 7383 "-" "Mozilla/5.0 (Windows NT 10.0; WOW64) AppleWebKit/537.36 (KHTML, like Gecko) Chrome/90.0.4430.212 Safari/537.36"
117.148.130.28 - - [14/Apr/2022:07:31:24 +0200] "GET /images/mini_prod/4010070230982.jpg HTTP/1.1" 200 3808 "-" "Mozilla/5.0 (Windows NT 10.0; WOW64) AppleWebKit/537.36 (KHTML, like Gecko) Chrome/90.0.4430.212 Safari/537.36"
117.148.130.28 - - [14/Apr/2022:07:31:27 +0200] "GET /images/mini_prod/3609810048720a.jpg HTTP/1.1" 200 5752 "-" "Mozilla/5.0 (Windows NT 10.0; WOW64) AppleWebKit/537.36 (KHTML, like Gecko) Chrome/90.0.4430.212 Safari/537.36"
117.148.130.28 - - [14/Apr/2022:07:31:28 +0200] "GET /images/mini_prod/5010065039780.jpg HTTP/1.1" 200 8866 "-" "Mozilla/5.0 (Windows NT 10.0; WOW64) AppleWebKit/537.36 (KHTML, like Gecko) Chrome/90.0.4430.212 Safari/537.36"
117.148.130.28 - - [14/Apr/2022:07:31:29 +0200] "GET /images/mini_prod/8499132041685.jpg HTTP/1.1" 200 7651 "-" "Mozilla/5.0 (Windows NT 10.0; WOW64) AppleWebKit/537.36 (KHTML, like Gecko) Chrome/90.0.4430.212 Safari/537.36"
117.148.130.28 - - [14/Apr/2022:07:31:29 +0200] "GET /images/mini_prod/3438100330722.jpg HTTP/1.1" 200 6155 "-" "Mozilla/5.0 (Windows NT 10.0; WOW64) AppleWebKit/537.36 (KHTML, like Gecko) Chrome/90.0.4430.212 Safari/537.36"
117.148.130.28 - - [14/Apr/2022:07:31:35 +0200] "GET /images/mini_prod/3660173174549B.jpg HTTP/1.1" 200 7405 "-" "Mozilla/5.0 (Windows NT 10.0; WOW64) AppleWebKit/537.36 (KHTML, like Gecko) Chrome/90.0.4430.212 Safari/537.36"
117.148.130.28 - - [14/Apr/2022:07:31:35 +0200] "GET /images/mini_prod/8499132041692.jpg HTTP/1.1" 200 8072 "-" "Mozilla/5.0 (Windows NT 10.0; WOW64) AppleWebKit/537.36 (KHTML, like Gecko) Chrome/90.0.4430.212 Safari/537.36"
117.148.130.28 - - [14/Apr/2022:07:31:35 +0200] "GET /images/mini_prod/goldmeexup.jpg HTTP/1.1" 200 5573 "-" "Mozilla/5.0 (Windows NT 10.0; WOW64) AppleWebKit/537.36 (KHTML, like Gecko) Chrome/90.0.4430.212 Safari/537.36"
117.148.130.28 - - [14/Apr/2022:07:31:36 +0200] "GET /images/mini_prod/8499132041661.jpg HTTP/1.1" 200 9761 "-" "Mozilla/5.0 (Windows NT 10.0; WOW64) AppleWebKit/537.36 (KHTML, like Gecko) Chrome/90.0.4430.212 Safari/537.36"
117.148.130.28 - - [14/Apr/2022:07:31:39 +0200] "GET /images/mini_prod/anthramexxup.jpg HTTP/1.1" 200 4973 "-" "Mozilla/5.0 (Windows NT 10.0; WOW64) AppleWebKit/537.36 (KHTML, like Gecko) Chrome/90.0.4430.212 Safari/537.36"
117.148.130.28 - - [14/Apr/2022:07:31:40 +0200] "GET /images/big_prod_1/8433933244807B.jpg HTTP/1.1" 200 452480 "-" "Mozilla/5.0 (Windows NT 10.0; WOW64) AppleWebKit/537.36 (KHTML, like Gecko) Chrome/90.0.4430.212 Safari/537.36"
117.148.130.28 - - [14/Apr/2022:07:31:41 +0200] "GET /images/mini_prod/3438100331842.jpg HTTP/1.1" 200 6981 "-" "Mozilla/5.0 (Windows NT 10.0; WOW64) AppleWebKit/537.36 (KHTML, like Gecko) Chrome/90.0.4430.212 Safari/537.36"
117.148.130.28 - - [14/Apr/2022:07:31:43 +0200] "GET /images/mini_prod/4500386800004.jpg HTTP/1.1" 200 8744 "-" "Mozilla/5.0 (Windows NT 10.0; WOW64) AppleWebKit/537.36 (KHTML, like Gecko) Chrome/90.0.4430.212 Safari/537.36"
117.148.130.28 - - [14/Apr/2022:07:32:15 +0200] "GET /images/mini_prod/8422048801104.jpg HTTP/1.1" 200 6181 "-" "Mozilla/5.0 (Windows NT 10.0; WOW64) AppleWebKit/537.36 (KHTML, like Gecko) Chrome/90.0.4430.212 Safari/537.36"
117.148.130.28 - - [14/Apr/2022:07:32:28 +0200] "GET /images/mini_prod/8422048800916.jpg HTTP/1.1" 200 4752 "-" "Mozilla/5.0 (Windows NT 10.0; WOW64) AppleWebKit/537.36 (KHTML, like Gecko) Chrome/90.0.4430.212 Safari/537.36"
117.148.130.28 - - [14/Apr/2022:07:32:28 +0200] "GET /images/mini_prod/8029759026538B.jpg HTTP/1.1" 200 9981 "-" "Mozilla/5.0 (Windows NT 10.0; WOW64) AppleWebKit/537.36 (KHTML, like Gecko) Chrome/90.0.4430.212 Safari/537.36"
117.148.130.28 - - [14/Apr/2022:07:32:29 +0200] "GET /images/mini_prod/a8422048810403.jpg HTTP/1.1" 200 7455 "-" "Mozilla/5.0 (Windows NT 10.0; WOW64) AppleWebKit/537.36 (KHTML, like Gecko) Chrome/90.0.4430.212 Safari/537.36"
211.249.40.15 - - [14/Apr/2022:07:32:31 +0200] "GET /images/mini_prod/MISES-EN-SITUATION-04.jpg HTTP/1.1" 200 7628 "-" "Mozilla/5.0 (X11; Ubuntu; Linux x86_64; rv:72.0) Gecko/20100101 Firefox/72.0"
117.148.130.28 - - [14/Apr/2022:07:32:32 +0200] "GET /images/mini_prod/3453601118174.jpg HTTP/1.1" 200 6293 "-" "Mozilla/5.0 (Windows NT 10.0; WOW64) AppleWebKit/537.36 (KHTML, like Gecko) Chrome/90.0.4430.212 Safari/537.36"
117.148.130.28 - - [14/Apr/2022:07:32:36 +0200] "GET /images/mini_prod/3503420019074.jpg HTTP/1.1" 200 7048 "-" "Mozilla/5.0 (Windows NT 10.0; WOW64) AppleWebKit/537.36 (KHTML, like Gecko) Chrome/90.0.4430.212 Safari/537.36"
117.148.130.28 - - [14/Apr/2022:07:32:36 +0200] "GET /images/mini_prod/3760076655906.jpg HTTP/1.1" 200 4343 "-" "Mozilla/5.0 (Windows NT 10.0; WOW64) AppleWebKit/537.36 (KHTML, like Gecko) Chrome/90.0.4430.212 Safari/537.36"
117.148.130.28 - - [14/Apr/2022:07:32:37 +0200] "GET /images/mini_prod/842204880111.jpg HTTP/1.1" 200 7005 "-" "Mozilla/5.0 (Windows NT 10.0; WOW64) AppleWebKit/537.36 (KHTML, like Gecko) Chrome/90.0.4430.212 Safari/537.36"
117.148.130.28 - - [14/Apr/2022:07:32:38 +0200] "GET /images/mini_prod/1399984264294.jpg HTTP/1.1" 200 6427 "-" "Mozilla/5.0 (Windows NT 10.0; WOW64) AppleWebKit/537.36 (KHTML, like Gecko) Chrome/90.0.4430.212 Safari/537.36"
117.148.130.28 - - [14/Apr/2022:07:32:39 +0200] "GET /images/mini_prod/1399984264287.jpg HTTP/1.1" 200 6918 "-" "Mozilla/5.0 (Windows NT 10.0; WOW64) AppleWebKit/537.36 (KHTML, like Gecko) Chrome/90.0.4430.212 Safari/537.36"
117.148.130.28 - - [14/Apr/2022:07:32:42 +0200] "GET /images/mini_prod/3760121797735.jpg HTTP/1.1" 200 12244 "-" "Mozilla/5.0 (Windows NT 10.0; WOW64) AppleWebKit/537.36 (KHTML, like Gecko) Chrome/90.0.4430.212 Safari/537.36"
117.148.130.28 - - [14/Apr/2022:07:32:43 +0200] "GET /images/mini_prod/8720512972320.jpg HTTP/1.1" 200 9767 "-" "Mozilla/5.0 (Windows NT 10.0; WOW64) AppleWebKit/537.36 (KHTML, like Gecko) Chrome/90.0.4430.212 Safari/537.36"
117.148.130.28 - - [14/Apr/2022:07:32:44 +0200] "GET /images/mini_prod/3609810096288.jpg HTTP/1.1" 200 8441 "-" "Mozilla/5.0 (Windows NT 10.0; WOW64) AppleWebKit/537.36 (KHTML, like Gecko) Chrome/90.0.4430.212 Safari/537.36"
117.148.130.28 - - [14/Apr/2022:07:32:45 +0200] "GET /images/mini_prod/1399984264300.jpg HTTP/1.1" 200 7089 "-" "Mozilla/5.0 (Windows NT 10.0; WOW64) AppleWebKit/537.36 (KHTML, like Gecko) Chrome/90.0.4430.212 Safari/537.36"
117.148.130.28 - - [14/Apr/2022:07:32:45 +0200] "GET /images/mini_prod/8029759070555.jpg HTTP/1.1" 200 7490 "-" "Mozilla/5.0 (Windows NT 10.0; WOW64) AppleWebKit/537.36 (KHTML, like Gecko) Chrome/90.0.4430.212 Safari/537.36"
117.148.130.28 - - [14/Apr/2022:07:32:45 +0200] "GET /images/mini_prod/8422048800909.jpg HTTP/1.1" 200 5199 "-" "Mozilla/5.0 (Windows NT 10.0; WOW64) AppleWebKit/537.36 (KHTML, like Gecko) Chrome/90.0.4430.212 Safari/537.36"
117.148.130.28 - - [14/Apr/2022:07:32:45 +0200] "GET /images/mini_prod/7241200057446.jpg HTTP/1.1" 200 9622 "-" "Mozilla/5.0 (Windows NT 10.0; WOW64) AppleWebKit/537.36 (KHTML, like Gecko) Chrome/90.0.4430.212 Safari/537.36"
117.148.130.28 - - [14/Apr/2022:07:33:12 +0200] "GET /images/big_prod_1/b8433933424872.jpg HTTP/1.1" 200 81082 "-" "Mozilla/5.0 (Windows NT 10.0; WOW64) AppleWebKit/537.36 (KHTML, like Gecko) Chrome/90.0.4430.212 Safari/537.36"
117.148.130.28 - - [14/Apr/2022:07:34:17 +0200] "GET /images/big_prod_1/3700572737102B.jpg HTTP/1.1" 200 245071 "-" "Mozilla/5.0 (Windows NT 10.0; WOW64) AppleWebKit/537.36 (KHTML, like Gecko) Chrome/90.0.4430.212 Safari/537.36"
66.249.64.146 - - [14/Apr/2022:07:37:13 +0200] "GET /images/4036113261348.jpg HTTP/1.1" 200 89434 "-" "Googlebot-Image/1.0"
117.148.130.28 - - [14/Apr/2022:07:37:25 +0200] "GET /images/mini_prod/8424346514823.jpg HTTP/1.1" 200 4867 "-" "Mozilla/5.0 (Windows NT 10.0; WOW64) AppleWebKit/537.36 (KHTML, like Gecko) Chrome/90.0.4430.212 Safari/537.36"
117.148.130.28 - - [14/Apr/2022:07:37:30 +0200] "GET /images/mini_prod/3503420158926.jpg HTTP/1.1" 200 4438 "-" "Mozilla/5.0 (Windows NT 10.0; WOW64) AppleWebKit/537.36 (KHTML, like Gecko) Chrome/90.0.4430.212 Safari/537.36"
117.148.130.28 - - [14/Apr/2022:07:37:33 +0200] "GET /images/mini_prod/8433933113783.jpg HTTP/1.1" 200 4502 "-" "Mozilla/5.0 (Windows NT 10.0; WOW64) AppleWebKit/537.36 (KHTML, like Gecko) Chrome/90.0.4430.212 Safari/537.36"
117.148.130.28 - - [14/Apr/2022:07:37:37 +0200] "GET /images/mini_prod/8433933113790.jpg HTTP/1.1" 200 3175 "-" "Mozilla/5.0 (Windows NT 10.0; WOW64) AppleWebKit/537.36 (KHTML, like Gecko) Chrome/90.0.4430.212 Safari/537.36"
117.148.130.28 - - [14/Apr/2022:07:37:37 +0200] "GET /images/mini_prod/8433933158333.jpg HTTP/1.1" 200 4499 "-" "Mozilla/5.0 (Windows NT 10.0; WOW64) AppleWebKit/537.36 (KHTML, like Gecko) Chrome/90.0.4430.212 Safari/537.36"
117.148.130.28 - - [14/Apr/2022:07:37:38 +0200] "GET /images/mini_prod/8424346514816.jpg HTTP/1.1" 200 5120 "-" "Mozilla/5.0 (Windows NT 10.0; WOW64) AppleWebKit/537.36 (KHTML, like Gecko) Chrome/90.0.4430.212 Safari/537.36"
117.148.130.28 - - [14/Apr/2022:07:37:38 +0200] "GET /images/mini_prod/8433933116036.jpg HTTP/1.1" 200 3005 "-" "Mozilla/5.0 (Windows NT 10.0; WOW64) AppleWebKit/537.36 (KHTML, like Gecko) Chrome/90.0.4430.212 Safari/537.36"
117.148.130.28 - - [14/Apr/2022:07:37:39 +0200] "GET /images/mini_prod/5415203421760.jpg HTTP/1.1" 200 5571 "-" "Mozilla/5.0 (Windows NT 10.0; WOW64) AppleWebKit/537.36 (KHTML, like Gecko) Chrome/90.0.4430.212 Safari/537.36"
117.148.130.28 - - [14/Apr/2022:07:37:41 +0200] "GET /images/mini_prod/8433933058787.jpg HTTP/1.1" 200 6332 "-" "Mozilla/5.0 (Windows NT 10.0; WOW64) AppleWebKit/537.36 (KHTML, like Gecko) Chrome/90.0.4430.212 Safari/537.36"
117.148.130.28 - - [14/Apr/2022:07:37:43 +0200] "GET /images/mini_prod/1300000836173.jpg HTTP/1.1" 200 4379 "-" "Mozilla/5.0 (Windows NT 10.0; WOW64) AppleWebKit/537.36 (KHTML, like Gecko) Chrome/90.0.4430.212 Safari/537.36"
117.148.130.28 - - [14/Apr/2022:07:37:43 +0200] "GET /images/mini_prod/8433933622162.jpg HTTP/1.1" 200 3606 "-" "Mozilla/5.0 (Windows NT 10.0; WOW64) AppleWebKit/537.36 (KHTML, like Gecko) Chrome/90.0.4430.212 Safari/537.36"
117.148.130.28 - - [14/Apr/2022:07:37:43 +0200] "GET /images/mini_prod/8422002383769.jpg HTTP/1.1" 200 4343 "-" "Mozilla/5.0 (Windows NT 10.0; WOW64) AppleWebKit/537.36 (KHTML, like Gecko) Chrome/90.0.4430.212 Safari/537.36"
117.148.130.28 - - [14/Apr/2022:07:37:44 +0200] "GET /images/mini_prod/1399124740022.jpg HTTP/1.1" 200 4040 "-" "Mozilla/5.0 (Windows NT 10.0; WOW64) AppleWebKit/537.36 (KHTML, like Gecko) Chrome/90.0.4430.212 Safari/537.36"
117.148.130.28 - - [14/Apr/2022:07:37:44 +0200] "GET /images/mini_prod/8422033150156.jpg HTTP/1.1" 200 4876 "-" "Mozilla/5.0 (Windows NT 10.0; WOW64) AppleWebKit/537.36 (KHTML, like Gecko) Chrome/90.0.4430.212 Safari/537.36"
117.148.130.28 - - [14/Apr/2022:07:37:44 +0200] "GET /images/mini_prod/8433933052174.jpg HTTP/1.1" 200 6575 "-" "Mozilla/5.0 (Windows NT 10.0; WOW64) AppleWebKit/537.36 (KHTML, like Gecko) Chrome/90.0.4430.212 Safari/537.36"
117.148.130.28 - - [14/Apr/2022:07:37:44 +0200] "GET /images/mini_prod/8433933717578.jpg HTTP/1.1" 200 6911 "-" "Mozilla/5.0 (Windows NT 10.0; WOW64) AppleWebKit/537.36 (KHTML, like Gecko) Chrome/90.0.4430.212 Safari/537.36"
117.148.130.28 - - [14/Apr/2022:07:37:44 +0200] "GET /images/mini_prod/1362530000004.jpg HTTP/1.1" 200 2687 "-" "Mozilla/5.0 (Windows NT 10.0; WOW64) AppleWebKit/537.36 (KHTML, like Gecko) Chrome/90.0.4430.212 Safari/537.36"
117.148.130.28 - - [14/Apr/2022:07:37:45 +0200] "GET /images/mini_prod/5414451985017.jpg HTTP/1.1" 200 5558 "-" "Mozilla/5.0 (Windows NT 10.0; WOW64) AppleWebKit/537.36 (KHTML, like Gecko) Chrome/90.0.4430.212 Safari/537.36"
117.148.130.28 - - [14/Apr/2022:07:37:45 +0200] "GET /images/mini_prod/1360150000008.jpg HTTP/1.1" 200 5979 "-" "Mozilla/5.0 (Windows NT 10.0; WOW64) AppleWebKit/537.36 (KHTML, like Gecko) Chrome/90.0.4430.212 Safari/537.36"
117.148.130.28 - - [14/Apr/2022:07:37:45 +0200] "GET /images/mini_prod/1362490000007.jpg HTTP/1.1" 200 4559 "-" "Mozilla/5.0 (Windows NT 10.0; WOW64) AppleWebKit/537.36 (KHTML, like Gecko) Chrome/90.0.4430.212 Safari/537.36"
117.148.130.28 - - [14/Apr/2022:07:37:56 +0200] "GET /images/big_prod_1/8433933239254B.jpg HTTP/1.1" 200 633612 "-" "Mozilla/5.0 (Windows NT 10.0; WOW64) AppleWebKit/537.36 (KHTML, like Gecko) Chrome/90.0.4430.212 Safari/537.36"
117.148.130.28 - - [14/Apr/2022:07:38:01 +0200] "GET /images/big_prod_2/8433933239254C.jpg HTTP/1.1" 200 163598 "-" "Mozilla/5.0 (Windows NT 10.0; WOW64) AppleWebKit/537.36 (KHTML, like Gecko) Chrome/90.0.4430.212 Safari/537.36"
117.148.130.28 - - [14/Apr/2022:07:38:16 +0200] "GET /images/big_prod_3/8433933239254D.jpg HTTP/1.1" 200 194619 "-" "Mozilla/5.0 (Windows NT 10.0; WOW64) AppleWebKit/537.36 (KHTML, like Gecko) Chrome/90.0.4430.212 Safari/537.36"
211.249.40.15 - - [14/Apr/2022:07:38:21 +0200] "GET /images/mini_prod/5060275045255.jpg HTTP/1.1" 200 9828 "-" "Mozilla/5.0 (X11; Ubuntu; Linux x86_64; rv:72.0) Gecko/20100101 Firefox/72.0"
211.249.40.15 - - [14/Apr/2022:07:39:12 +0200] "GET /images/mini_prod/4036113101224.jpg HTTP/1.1" 200 8851 "-" "Mozilla/5.0 (X11; Ubuntu; Linux x86_64; rv:72.0) Gecko/20100101 Firefox/72.0"
117.148.130.28 - - [14/Apr/2022:07:43:01 +0200] "GET /images/big_prod_1/4542202657164B.jpg HTTP/1.1" 200 91342 "-" "Mozilla/5.0 (Windows NT 10.0; WOW64) AppleWebKit/537.36 (KHTML, like Gecko) Chrome/90.0.4430.212 Safari/537.36"
117.148.130.28 - - [14/Apr/2022:07:43:18 +0200] "GET /images/big_prod_2/3665269098853b.jpg HTTP/1.1" 200 35568 "-" "Mozilla/5.0 (Windows NT 10.0; WOW64) AppleWebKit/537.36 (KHTML, like Gecko) Chrome/90.0.4430.212 Safari/537.36"
117.148.130.28 - - [14/Apr/2022:07:43:18 +0200] "GET /images/big_prod_1/3665269098853a.jpg HTTP/1.1" 200 56221 "-" "Mozilla/5.0 (Windows NT 10.0; WOW64) AppleWebKit/537.36 (KHTML, like Gecko) Chrome/90.0.4430.212 Safari/537.36"
117.148.130.28 - - [14/Apr/2022:07:43:28 +0200] "GET /images/mini_prod/5901130040575.jpg HTTP/1.1" 200 8954 "-" "Mozilla/5.0 (Windows NT 10.0; WOW64) AppleWebKit/537.36 (KHTML, like Gecko) Chrome/90.0.4430.212 Safari/537.36"
117.148.130.28 - - [14/Apr/2022:07:43:32 +0200] "GET /images/mini_prod/1384010201176.jpg HTTP/1.1" 200 6832 "-" "Mozilla/5.0 (Windows NT 10.0; WOW64) AppleWebKit/537.36 (KHTML, like Gecko) Chrome/90.0.4430.212 Safari/537.36"
117.148.130.28 - - [14/Apr/2022:07:43:58 +0200] "GET /images/mini_prod/3609810018389.jpg HTTP/1.1" 200 9355 "-" "Mozilla/5.0 (Windows NT 10.0; WOW64) AppleWebKit/537.36 (KHTML, like Gecko) Chrome/90.0.4430.212 Safari/537.36"
117.148.130.28 - - [14/Apr/2022:07:43:58 +0200] "GET /images/mini_prod/1399986102747.jpg HTTP/1.1" 200 6710 "-" "Mozilla/5.0 (Windows NT 10.0; WOW64) AppleWebKit/537.36 (KHTML, like Gecko) Chrome/90.0.4430.212 Safari/537.36"
117.148.130.28 - - [14/Apr/2022:07:44:39 +0200] "GET /images/mini_prod/1399986102808.jpg HTTP/1.1" 200 7062 "-" "Mozilla/5.0 (Windows NT 10.0; WOW64) AppleWebKit/537.36 (KHTML, like Gecko) Chrome/90.0.4430.212 Safari/537.36"
117.148.130.28 - - [14/Apr/2022:07:44:54 +0200] "GET /images/mini_prod/1399986102778.jpg HTTP/1.1" 200 7057 "-" "Mozilla/5.0 (Windows NT 10.0; WOW64) AppleWebKit/537.36 (KHTML, like Gecko) Chrome/90.0.4430.212 Safari/537.36"
117.148.130.28 - - [14/Apr/2022:07:44:54 +0200] "GET /images/mini_prod/1384010201169.jpg HTTP/1.1" 200 6233 "-" "Mozilla/5.0 (Windows NT 10.0; WOW64) AppleWebKit/537.36 (KHTML, like Gecko) Chrome/90.0.4430.212 Safari/537.36"
117.148.130.28 - - [14/Apr/2022:07:44:55 +0200] "GET /images/mini_prod/1399986102785.jpg HTTP/1.1" 200 6450 "-" "Mozilla/5.0 (Windows NT 10.0; WOW64) AppleWebKit/537.36 (KHTML, like Gecko) Chrome/90.0.4430.212 Safari/537.36"
117.148.130.28 - - [14/Apr/2022:07:45:00 +0200] "GET /images/mini_prod/1399169040019.jpg HTTP/1.1" 200 9431 "-" "Mozilla/5.0 (Windows NT 10.0; WOW64) AppleWebKit/537.36 (KHTML, like Gecko) Chrome/90.0.4430.212 Safari/537.36"
117.148.130.28 - - [14/Apr/2022:07:45:00 +0200] "GET /images/mini_prod/3700276267875.gif HTTP/1.1" 200 13738 "-" "Mozilla/5.0 (Windows NT 10.0; WOW64) AppleWebKit/537.36 (KHTML, like Gecko) Chrome/90.0.4430.212 Safari/537.36"
117.148.130.28 - - [14/Apr/2022:07:45:01 +0200] "GET /images/mini_prod/3700829421143.jpg HTTP/1.1" 200 9645 "-" "Mozilla/5.0 (Windows NT 10.0; WOW64) AppleWebKit/537.36 (KHTML, like Gecko) Chrome/90.0.4430.212 Safari/537.36"
117.148.130.28 - - [14/Apr/2022:07:45:03 +0200] "GET /images/mini_prod/3700276267868.gif HTTP/1.1" 200 14254 "-" "Mozilla/5.0 (Windows NT 10.0; WOW64) AppleWebKit/537.36 (KHTML, like Gecko) Chrome/90.0.4430.212 Safari/537.36"
117.148.130.28 - - [14/Apr/2022:07:45:05 +0200] "GET /images/mini_prod/3371010349258.jpg HTTP/1.1" 200 8425 "-" "Mozilla/5.0 (Windows NT 10.0; WOW64) AppleWebKit/537.36 (KHTML, like Gecko) Chrome/90.0.4430.212 Safari/537.36"
117.148.130.28 - - [14/Apr/2022:07:45:07 +0200] "GET /images/mini_prod/3609810083318.jpg HTTP/1.1" 200 6105 "-" "Mozilla/5.0 (Windows NT 10.0; WOW64) AppleWebKit/537.36 (KHTML, like Gecko) Chrome/90.0.4430.212 Safari/537.36"
117.148.130.28 - - [14/Apr/2022:07:45:07 +0200] "GET /images/mini_prod/3700276267851.gif HTTP/1.1" 200 14386 "-" "Mozilla/5.0 (Windows NT 10.0; WOW64) AppleWebKit/537.36 (KHTML, like Gecko) Chrome/90.0.4430.212 Safari/537.36"
117.148.130.28 - - [14/Apr/2022:07:45:08 +0200] "GET /images/mini_prod/3700276267844.gif HTTP/1.1" 200 13057 "-" "Mozilla/5.0 (Windows NT 10.0; WOW64) AppleWebKit/537.36 (KHTML, like Gecko) Chrome/90.0.4430.212 Safari/537.36"
117.148.130.28 - - [14/Apr/2022:07:45:08 +0200] "GET /images/mini_prod/5701359690175.jpg HTTP/1.1" 200 6053 "-" "Mozilla/5.0 (Windows NT 10.0; WOW64) AppleWebKit/537.36 (KHTML, like Gecko) Chrome/90.0.4430.212 Safari/537.36"
117.148.130.28 - - [14/Apr/2022:07:45:09 +0200] "GET /images/mini_prod/3700276274453.jpg HTTP/1.1" 200 8068 "-" "Mozilla/5.0 (Windows NT 10.0; WOW64) AppleWebKit/537.36 (KHTML, like Gecko) Chrome/90.0.4430.212 Safari/537.36"
117.148.130.28 - - [14/Apr/2022:07:45:09 +0200] "GET /images/mini_prod/1399986102815.jpg HTTP/1.1" 200 6816 "-" "Mozilla/5.0 (Windows NT 10.0; WOW64) AppleWebKit/537.36 (KHTML, like Gecko) Chrome/90.0.4430.212 Safari/537.36"
211.249.40.15 - - [14/Apr/2022:07:45:27 +0200] "GET /images/mini_prod/8719497615520.jpg HTTP/1.1" 200 7459 "-" "Mozilla/5.0 (X11; Ubuntu; Linux x86_64; rv:72.0) Gecko/20100101 Firefox/72.0"
216.244.66.242 - - [14/Apr/2022:07:47:19 +0200] "GET /robots.txt HTTP/1.1" 200 2438 "-" "Mozilla/5.0 (compatible; DotBot/1.2; +https://opensiteexplorer.org/dotbot; help@moz.com)"
8.210.77.186 - - [14/Apr/2022:07:49:09 +0200] "GET /highslide/highslide.js HTTP/1.1" 200 42909 "http://www.wonder-geek.com/salamander-wall-decoration-p-40932.html" "Mozilla/5.0 (Windows NT 10.0; Win64; x64) AppleWebKit/537.36 (KHTML, like Gecko) Chrome/97.0.4692.99 Safari/537.36"
8.210.77.186 - - [14/Apr/2022:07:49:09 +0200] "GET /js/jquery.js HTTP/1.1" 200 54075 "http://www.wonder-geek.com/salamander-wall-decoration-p-40932.html" "Mozilla/5.0 (Windows NT 10.0; Win64; x64) AppleWebKit/537.36 (KHTML, like Gecko) Chrome/97.0.4692.99 Safari/537.36"
8.210.77.186 - - [14/Apr/2022:07:49:09 +0200] "GET /templates/Pixame_v1/stylesheet.css HTTP/1.1" 200 56057 "http://www.wonder-geek.com/salamander-wall-decoration-p-40932.html" "Mozilla/5.0 (Windows NT 10.0; Win64; x64) AppleWebKit/537.36 (KHTML, like Gecko) Chrome/97.0.4692.99 Safari/537.36"
8.210.77.186 - - [14/Apr/2022:07:49:11 +0200] "GET /js/jquery.jqzoom.js HTTP/1.1" 200 4761 "http://www.wonder-geek.com/salamander-wall-decoration-p-40932.html" "Mozilla/5.0 (Windows NT 10.0; Win64; x64) AppleWebKit/537.36 (KHTML, like Gecko) Chrome/97.0.4692.99 Safari/537.36"
8.210.77.186 - - [14/Apr/2022:07:49:11 +0200] "GET /mondial_relay/js/jquery-1.3.2.min.js HTTP/1.1" 200 57254 "http://www.wonder-geek.com/salamander-wall-decoration-p-40932.html" "Mozilla/5.0 (Windows NT 10.0; Win64; x64) AppleWebKit/537.36 (KHTML, like Gecko) Chrome/97.0.4692.99 Safari/537.36"
8.210.77.186 - - [14/Apr/2022:07:49:12 +0200] "GET /templates/Pixame_v1/images/icon_accueil2.png HTTP/1.1" 200 1137 "http://www.wonder-geek.com/salamander-wall-decoration-p-40932.html" "Mozilla/5.0 (Windows NT 10.0; Win64; x64) AppleWebKit/537.36 (KHTML, like Gecko) Chrome/97.0.4692.99 Safari/537.36"
8.210.77.186 - - [14/Apr/2022:07:49:14 +0200] "GET /templates/Pixame_v1/images/Bottom_texture.jpg HTTP/1.1" 200 56290 "http://www.wonder-geek.com/templates/Pixame_v1/stylesheet.css" "Mozilla/5.0 (Windows NT 10.0; Win64; x64) AppleWebKit/537.36 (KHTML, like Gecko) Chrome/97.0.4692.99 Safari/537.36"
8.210.77.186 - - [14/Apr/2022:07:49:14 +0200] "GET /templates/Pixame_v1/images/header.png HTTP/1.1" 200 70245 "http://www.wonder-geek.com/templates/Pixame_v1/stylesheet.css" "Mozilla/5.0 (Windows NT 10.0; Win64; x64) AppleWebKit/537.36 (KHTML, like Gecko) Chrome/97.0.4692.99 Safari/537.36"
8.210.77.186 - - [14/Apr/2022:07:49:15 +0200] "GET /templates/Pixame_v1/images/nav.png HTTP/1.1" 200 1283 "http://www.wonder-geek.com/templates/Pixame_v1/stylesheet.css" "Mozilla/5.0 (Windows NT 10.0; Win64; x64) AppleWebKit/537.36 (KHTML, like Gecko) Chrome/97.0.4692.99 Safari/537.36"
8.210.77.186 - - [14/Apr/2022:07:49:15 +0200] "GET /templates/Pixame_v1/images/Middle_texture.jpg HTTP/1.1" 200 249620 "http://www.wonder-geek.com/templates/Pixame_v1/stylesheet.css" "Mozilla/5.0 (Windows NT 10.0; Win64; x64) AppleWebKit/537.36 (KHTML, like Gecko) Chrome/97.0.4692.99 Safari/537.36"
8.210.77.186 - - [14/Apr/2022:07:49:16 +0200] "GET /templates/Pixame_v1/images/header-object.png HTTP/1.1" 200 106050 "http://www.wonder-geek.com/templates/Pixame_v1/stylesheet.css" "Mozilla/5.0 (Windows NT 10.0; Win64; x64) AppleWebKit/537.36 (KHTML, like Gecko) Chrome/97.0.4692.99 Safari/537.36"
8.210.77.186 - - [14/Apr/2022:07:49:16 +0200] "GET /design/productsenstock.png HTTP/1.1" 200 4743 "http://www.wonder-geek.com/templates/Pixame_v1/stylesheet.css" "Mozilla/5.0 (Windows NT 10.0; Win64; x64) AppleWebKit/537.36 (KHTML, like Gecko) Chrome/97.0.4692.99 Safari/537.36"
8.210.77.186 - - [14/Apr/2022:07:49:17 +0200] "GET /images/big_prod/3700407620333.jpg HTTP/1.1" 200 99422 "http://www.wonder-geek.com/salamander-wall-decoration-p-40932.html" "Mozilla/5.0 (Windows NT 10.0; Win64; x64) AppleWebKit/537.36 (KHTML, like Gecko) Chrome/97.0.4692.99 Safari/537.36"
8.210.77.186 - - [14/Apr/2022:07:49:17 +0200] "GET /templates/Pixame_v1/images/buttons/english/button_in_cart.gif HTTP/1.1" 200 1212 "http://www.wonder-geek.com/salamander-wall-decoration-p-40932.html" "Mozilla/5.0 (Windows NT 10.0; Win64; x64) AppleWebKit/537.36 (KHTML, like Gecko) Chrome/97.0.4692.99 Safari/537.36"
8.210.77.186 - - [14/Apr/2022:07:49:18 +0200] "GET /highslide/graphics/outlines/drop-shadow.png HTTP/1.1" 200 2022 "http://www.wonder-geek.com/salamander-wall-decoration-p-40932.html" "Mozilla/5.0 (Windows NT 10.0; Win64; x64) AppleWebKit/537.36 (KHTML, like Gecko) Chrome/97.0.4692.99 Safari/537.36"
8.210.77.186 - - [14/Apr/2022:07:49:19 +0200] "GET /favicon.ico HTTP/1.1" 200 1591 "http://www.wonder-geek.com/salamander-wall-decoration-p-40932.html" "Mozilla/5.0 (Windows NT 10.0; Win64; x64) AppleWebKit/537.36 (KHTML, like Gecko) Chrome/97.0.4692.99 Safari/537.36"
66.249.64.146 - - [14/Apr/2022:07:49:21 +0200] "GET /favicon.ico HTTP/1.1" 200 1591 "-" "Googlebot-Image/1.0"
114.37.201.56 - - [14/Apr/2022:07:50:00 +0200] "GET /images/mini_prod/8435333835166.jpg HTTP/1.1" 200 9439 "-" "Mozilla/5.0 (X11; Ubuntu; Linux x86_64; rv:72.0) Gecko/20100101 Firefox/72.0"
185.191.171.40 - - [14/Apr/2022:07:50:56 +0200] "GET /robots.txt HTTP/1.1" 200 2438 "-" "Mozilla/5.0 (compatible; SemrushBot/7~bl; +http://www.semrush.com/bot.html)"
211.249.40.15 - - [14/Apr/2022:07:51:03 +0200] "GET /images/mini_prod/1399984242629.jpg HTTP/1.1" 200 7800 "-" "Mozilla/5.0 (X11; Ubuntu; Linux x86_64; rv:72.0) Gecko/20100101 Firefox/72.0"
95.163.255.63 - - [14/Apr/2022:07:51:34 +0200] "GET /robots.txt HTTP/1.0" 200 2438 "-" "Mozilla/5.0 (compatible; Linux x86_64; Mail.RU_Bot/2.0; +http://go.mail.ru/help/robots)"
95.163.255.65 - - [14/Apr/2022:07:52:15 +0200] "GET /images/big_prod/1384010202531.jpg HTTP/1.1" 200 181971 "-" "Mozilla/5.0 (compatible; Linux x86_64; Mail.RU_Bot/2.0; +http://go.mail.ru/help/robots)"
95.163.255.65 - - [14/Apr/2022:07:52:42 +0200] "GET /images/med_prod/7316197615563.jpg HTTP/1.1" 200 262025 "-" "Mozilla/5.0 (compatible; Linux x86_64; Mail.RU_Bot/2.0; +http://go.mail.ru/help/robots)"
211.249.40.15 - - [14/Apr/2022:07:59:55 +0200] "GET /images/mini_prod/3438100354049.jpg HTTP/1.1" 200 8984 "-" "Mozilla/5.0 (X11; Ubuntu; Linux x86_64; rv:72.0) Gecko/20100101 Firefox/72.0"
94.130.19.112 - - [14/Apr/2022:08:03:59 +0200] "GET /images/mini_prod/1399984284612.jpg HTTP/1.1" 200 6400 "-" "Mozilla/5.0 (X11; Ubuntu; Linux x86_64; rv:72.0) Gecko/20100101 Firefox/72.0"
52.39.153.229 - - [14/Apr/2022:08:05:39 +0200] "GET /images/8012052080758.jpg HTTP/1.1" 200 50767 "-" "Mozilla/5.0 (Windows NT 10.0; Win64; x64) AppleWebKit/537.36 (KHTML, like Gecko) Chrome/89.0.4389.114 Safari/537.36"
223.39.191.66 - - [14/Apr/2022:08:12:54 +0200] "GET /images/mini_prod/3660173149899.jpg HTTP/1.1" 200 7292 "-" "Mozilla/5.0 (X11; Ubuntu; Linux x86_64; rv:72.0) Gecko/20100101 Firefox/72.0"
66.249.64.152 - - [14/Apr/2022:08:14:40 +0200] "GET /images/mini_prod/8718969174237a.jpg HTTP/1.1" 200 5844 "-" "Googlebot-Image/1.0"
94.130.19.112 - - [14/Apr/2022:08:16:51 +0200] "GET /images/mini_prod/1361623281047.jpg HTTP/1.1" 200 5324 "-" "Mozilla/5.0 (X11; Ubuntu; Linux x86_64; rv:72.0) Gecko/20100101 Firefox/72.0"
66.249.64.152 - - [14/Apr/2022:08:17:54 +0200] "GET /images/big_prod_1/4029811460205B.jpg HTTP/1.1" 200 223855 "-" "Googlebot-Image/1.0"
66.249.64.146 - - [14/Apr/2022:08:18:34 +0200] "GET /images/big_prod/4029811389254.jpg HTTP/1.1" 200 85523 "-" "Googlebot-Image/1.0"
118.191.216.250 - - [14/Apr/2022:08:21:04 +0200] "GET /images/mini_prod/1384010183571BB.jpg HTTP/1.1" 200 7286 "-" "Mozilla/5.0 (X11; Ubuntu; Linux x86_64; rv:72.0) Gecko/20100101 Firefox/72.0"
211.249.40.15 - - [14/Apr/2022:08:23:42 +0200] "GET /images/mini_prod/3585190639218.jpg HTTP/1.1" 200 13714 "-" "Mozilla/5.0 (X11; Ubuntu; Linux x86_64; rv:72.0) Gecko/20100101 Firefox/72.0"
185.191.171.1 - - [14/Apr/2022:08:23:51 +0200] "GET /robots.txt HTTP/1.1" 200 2438 "-" "Mozilla/5.0 (compatible; SemrushBot/7~bl; +http://www.semrush.com/bot.html)"
223.39.191.66 - - [14/Apr/2022:08:24:16 +0200] "GET /images/3700057114015.jpg HTTP/1.1" 200 18677 "-" "Mozilla/5.0 (X11; Ubuntu; Linux x86_64; rv:72.0) Gecko/20100101 Firefox/72.0"
95.163.255.129 - - [14/Apr/2022:08:30:40 +0200] "GET /robots.txt HTTP/1.0" 200 2438 "-" "Mozilla/5.0 (compatible; Linux x86_64; Mail.RU_Bot/Img/2.0; +http://go.mail.ru/help/robots)"
95.163.255.131 - - [14/Apr/2022:08:30:42 +0200] "GET /images/med_prod/1384010178683.jpg HTTP/1.1" 200 52216 "http://go.mail.ru/search_images" "Mozilla/5.0 (compatible; Linux x86_64; Mail.RU_Bot/Img/2.0; +http://go.mail.ru/help/robots)"
20.236.40.50 - - [14/Apr/2022:08:34:19 +0200] "GET /images/mini_prod/B11068-copie-4.jpg HTTP/1.1" 200 8471 "-" "Mozilla/5.0 (X11; Ubuntu; Linux x86_64; rv:72.0) Gecko/20100101 Firefox/72.0"
195.97.15.146 - - [14/Apr/2022:08:35:33 +0200] "GET /templates/Pixame_v1/images/icon_accueil2.png HTTP/1.1" 200 1137 "http://www.wonder-geek.com/large-gogh-umbrella-p-52395.html" "Mozilla/5.0 (Windows NT 6.1; Win64; x64; rv:99.0) Gecko/20100101 Firefox/99.0"
195.97.15.146 - - [14/Apr/2022:08:35:34 +0200] "GET /templates/Pixame_v1/images/Bottom_texture.jpg HTTP/1.1" 200 56290 "http://www.wonder-geek.com/templates/Pixame_v1/stylesheet.css" "Mozilla/5.0 (Windows NT 6.1; Win64; x64; rv:99.0) Gecko/20100101 Firefox/99.0"
195.97.15.146 - - [14/Apr/2022:08:35:34 +0200] "GET /templates/Pixame_v1/images/Middle_texture.jpg HTTP/1.1" 200 249620 "http://www.wonder-geek.com/templates/Pixame_v1/stylesheet.css" "Mozilla/5.0 (Windows NT 6.1; Win64; x64; rv:99.0) Gecko/20100101 Firefox/99.0"
195.97.15.146 - - [14/Apr/2022:08:35:34 +0200] "GET /images/big_prod/3453131153430.jpg HTTP/1.1" 200 184368 "http://www.wonder-geek.com/large-gogh-umbrella-p-52395.html" "Mozilla/5.0 (Windows NT 6.1; Win64; x64; rv:99.0) Gecko/20100101 Firefox/99.0"
195.97.15.146 - - [14/Apr/2022:08:35:34 +0200] "GET /templates/Pixame_v1/images/nav.png HTTP/1.1" 200 1283 "http://www.wonder-geek.com/templates/Pixame_v1/stylesheet.css" "Mozilla/5.0 (Windows NT 6.1; Win64; x64; rv:99.0) Gecko/20100101 Firefox/99.0"
195.97.15.146 - - [14/Apr/2022:08:35:35 +0200] "GET /templates/Pixame_v1/images/header.png HTTP/1.1" 200 70245 "http://www.wonder-geek.com/templates/Pixame_v1/stylesheet.css" "Mozilla/5.0 (Windows NT 6.1; Win64; x64; rv:99.0) Gecko/20100101 Firefox/99.0"
195.97.15.146 - - [14/Apr/2022:08:35:35 +0200] "GET /templates/Pixame_v1/images/header-object.png HTTP/1.1" 200 106050 "http://www.wonder-geek.com/templates/Pixame_v1/stylesheet.css" "Mozilla/5.0 (Windows NT 6.1; Win64; x64; rv:99.0) Gecko/20100101 Firefox/99.0"
195.97.15.146 - - [14/Apr/2022:08:35:35 +0200] "GET /templates/Pixame_v1/images/buttons/english/button_in_cart.gif HTTP/1.1" 200 1212 "http://www.wonder-geek.com/large-gogh-umbrella-p-52395.html" "Mozilla/5.0 (Windows NT 6.1; Win64; x64; rv:99.0) Gecko/20100101 Firefox/99.0"
195.97.15.146 - - [14/Apr/2022:08:35:35 +0200] "GET /design/productsenstock.png HTTP/1.1" 200 4743 "http://www.wonder-geek.com/templates/Pixame_v1/stylesheet.css" "Mozilla/5.0 (Windows NT 6.1; Win64; x64; rv:99.0) Gecko/20100101 Firefox/99.0"
195.97.15.146 - - [14/Apr/2022:08:35:35 +0200] "GET /images/big_prod_1/3453131153430B.jpg HTTP/1.1" 200 323874 "http://www.wonder-geek.com/large-gogh-umbrella-p-52395.html" "Mozilla/5.0 (Windows NT 6.1; Win64; x64; rv:99.0) Gecko/20100101 Firefox/99.0"
195.97.15.146 - - [14/Apr/2022:08:35:36 +0200] "GET /highslide/graphics/outlines/drop-shadow.png HTTP/1.1" 200 2022 "http://www.wonder-geek.com/large-gogh-umbrella-p-52395.html" "Mozilla/5.0 (Windows NT 6.1; Win64; x64; rv:99.0) Gecko/20100101 Firefox/99.0"
216.244.66.242 - - [14/Apr/2022:08:36:28 +0200] "GET /robots.txt HTTP/1.1" 200 2438 "-" "Mozilla/5.0 (compatible; DotBot/1.2; +https://opensiteexplorer.org/dotbot; help@moz.com)"
5.189.172.182 - - [14/Apr/2022:08:37:05 +0200] "GET /robots.txt HTTP/1.1" 200 2438 "-" "Mozilla/5.0 (compatible; MJ12bot/v1.4.8; http://mj12bot.com/)"
157.90.128.183 - - [14/Apr/2022:08:43:27 +0200] "GET /images/mini_prod/8435333849699.jpg HTTP/1.1" 200 8654 "-" "Mozilla/5.0 (X11; Ubuntu; Linux x86_64; rv:72.0) Gecko/20100101 Firefox/72.0"
192.0.118.81 - - [14/Apr/2022:08:44:30 +0200] "GET /images/big_prod/3520071515731.jpg HTTP/1.1" 200 28115 "-" "Photon/1.0"
157.90.128.183 - - [14/Apr/2022:08:44:55 +0200] "GET /images/mini_prod/1399984251522b.jpg HTTP/1.1" 200 8134 "-" "Mozilla/5.0 (X11; Ubuntu; Linux x86_64; rv:72.0) Gecko/20100101 Firefox/72.0"
95.163.255.120 - - [14/Apr/2022:08:46:11 +0200] "GET /images/med_prod/5028486282579.jpg HTTP/1.1" 200 88791 "http://wonder-geek.com/images/med_prod/5028486282579.jpg" "Mozilla/5.0 (compatible; Linux x86_64; Mail.RU_Bot/Img/2.0; +http://go.mail.ru/help/robots)"
95.163.255.131 - - [14/Apr/2022:08:46:15 +0200] "GET /images/6953270925891b.jpg HTTP/1.1" 200 47185 "http://wonder-geek.com/images/6953270925891b.jpg" "Mozilla/5.0 (compatible; Linux x86_64; Mail.RU_Bot/Img/2.0; +http://go.mail.ru/help/robots)"
95.163.255.130 - - [14/Apr/2022:08:46:20 +0200] "GET /images/8008454609475.jpg HTTP/1.1" 200 40869 "http://wonder-geek.com/images/8008454609475.jpg" "Mozilla/5.0 (compatible; Linux x86_64; Mail.RU_Bot/Img/2.0; +http://go.mail.ru/help/robots)"
211.249.40.15 - - [14/Apr/2022:08:47:06 +0200] "GET /images/mini_prod/B11068-copie-2.jpg HTTP/1.1" 200 8727 "-" "Mozilla/5.0 (X11; Ubuntu; Linux x86_64; rv:72.0) Gecko/20100101 Firefox/72.0"
66.249.64.146 - - [14/Apr/2022:08:47:35 +0200] "GET /robots.txt HTTP/1.1" 200 2438 "-" "Mozilla/5.0 (compatible; Googlebot/2.1; +http://www.google.com/bot.html)"
147.92.229.61 - - [14/Apr/2022:08:50:57 +0200] "GET /images/mini_prod/5701359747039.jpg HTTP/1.1" 200 10382 "-" "Mozilla/5.0 (X11; Ubuntu; Linux x86_64; rv:72.0) Gecko/20100101 Firefox/72.0"
103.131.71.20 - - [14/Apr/2022:08:51:46 +0200] "GET /robots.txt HTTP/1.1" 200 2438 "-" "Mozilla/5.0 (compatible; coccocbot-image/1.0; +http://help.coccoc.com/searchengine)"
103.131.71.43 - - [14/Apr/2022:08:51:48 +0200] "GET /robots.txt HTTP/1.1" 200 2438 "-" "Mozilla/5.0 (compatible; coccocbot-image/1.0; +http://help.coccoc.com/searchengine)"
