185.191.171.12 - - [27/Apr/2022:00:24:29 +0200] "GET /jewelry-boxes-and-holders-c-13_131.html?page=1 HTTP/1.0" 301 91481 "-" "Mozilla/5.0 (compatible; SemrushBot/7~bl; +http://www.semrush.com/bot.html)"
185.191.171.24 - - [27/Apr/2022:00:24:33 +0200] "GET /jewelry-boxes-holders-c-131.html?page=1 HTTP/1.0" 301 91386 "-" "Mozilla/5.0 (compatible; SemrushBot/7~bl; +http://www.semrush.com/bot.html)"
185.191.171.5 - - [27/Apr/2022:00:24:37 +0200] "GET /jewelry-boxes-holders-c-13_150_131.html?page=1 HTTP/1.0" 200 91539 "-" "Mozilla/5.0 (compatible; SemrushBot/7~bl; +http://www.semrush.com/bot.html)"
185.191.171.36 - - [27/Apr/2022:00:24:40 +0200] "GET /lover-pouch-kiub-collection-p-54784.html HTTP/1.0" 200 73719 "-" "Mozilla/5.0 (compatible; SemrushBot/7~bl; +http://www.semrush.com/bot.html)"
77.88.5.208 - - [27/Apr/2022:00:24:48 +0200] "GET /comptoir-rectangular-tray-p-51427.html HTTP/1.0" 200 70914 "-" "Mozilla/5.0 (compatible; YandexBot/3.0; +http://yandex.com/bots)"
185.191.171.26 - - [27/Apr/2022:00:24:57 +0200] "GET /jamaica-cbkreation-p-13974.html?action=add_product HTTP/1.0" 302 476 "-" "Mozilla/5.0 (compatible; SemrushBot/7~bl; +http://www.semrush.com/bot.html)"
185.191.171.19 - - [27/Apr/2022:00:25:06 +0200] "GET /corsica-mug-p-44542.html HTTP/1.0" 301 73399 "-" "Mozilla/5.0 (compatible; SemrushBot/7~bl; +http://www.semrush.com/bot.html)"
185.191.171.10 - - [27/Apr/2022:00:25:10 +0200] "GET /corsica-p-44542.html HTTP/1.0" 200 73325 "-" "Mozilla/5.0 (compatible; SemrushBot/7~bl; +http://www.semrush.com/bot.html)"
77.88.5.208 - - [27/Apr/2022:00:25:13 +0200] "GET /-p-35281.html HTTP/1.0" 200 70808 "-" "Mozilla/5.0 (compatible; YandexBot/3.0; +http://yandex.com/bots)"
54.36.148.243 - - [27/Apr/2022:00:25:13 +0200] "GET /rococo-rtro-phone-p-37502.html HTTP/1.0" 200 73615 "-" "Mozilla/5.0 (compatible; AhrefsBot/7.0; +http://ahrefs.com/robot/)"
114.119.137.31 - - [27/Apr/2022:00:25:20 +0200] "GET /images/med_prod/3296580329892.jpg HTTP/1.0" 200 268 "-" "Mozilla/5.0 (Linux; Android 7.0;) AppleWebKit/537.36 (KHTML, like Gecko) Mobile Safari/537.36 (compatible; PetalBot;+https://webmaster.petalsearch.com/site/petalbot)"
20.99.154.172 - - [27/Apr/2022:00:25:26 +0200] "GET /images/mini_prod/3453131147279.jpg HTTP/1.0" 200 269 "-" "Mozilla/4.0 (compatible; MSIE 7.0; Windows NT 6.0)"
185.191.171.7 - - [27/Apr/2022:00:25:26 +0200] "GET /pyramid-in-shungite-base-cm-quality-aa-p-44009.html HTTP/1.0" 301 71036 "-" "Mozilla/5.0 (compatible; SemrushBot/7~bl; +http://www.semrush.com/bot.html)"
185.191.171.5 - - [27/Apr/2022:00:25:29 +0200] "GET /pyramid-shungite-base-quality-p-44009.html HTTP/1.0" 200 70940 "-" "Mozilla/5.0 (compatible; SemrushBot/7~bl; +http://www.semrush.com/bot.html)"
66.249.66.214 - - [27/Apr/2022:00:25:45 +0200] "GET /paperweight-butterflies-kiub-collection-jewels-p-55892.html HTTP/1.0" 200 74398 "-" "Mozilla/5.0 (compatible; Googlebot/2.1; +http://www.google.com/bot.html)"
185.191.171.21 - - [27/Apr/2022:00:25:48 +0200] "GET /bears-decoration-statuette-p-55944.html?action=add_product HTTP/1.0" 302 476 "-" "Mozilla/5.0 (compatible; SemrushBot/7~bl; +http://www.semrush.com/bot.html)"
185.191.171.36 - - [27/Apr/2022:00:26:22 +0200] "GET /water-bottle-children-liter-whale-p-57526.html?action=add_product HTTP/1.0" 302 476 "-" "Mozilla/5.0 (compatible; SemrushBot/7~bl; +http://www.semrush.com/bot.html)"
54.36.148.243 - - [27/Apr/2022:00:26:26 +0200] "GET /small-baby-teeth-p-53344.html HTTP/1.0" 200 73556 "-" "Mozilla/5.0 (compatible; AhrefsBot/7.0; +http://ahrefs.com/robot/)"
40.91.79.117 - - [27/Apr/2022:00:26:28 +0200] "GET /images/mini_prod/4029811313723.jpg HTTP/1.0" 200 269 "-" "Mozilla/5.0 (Windows NT 6.1; WOW64) AppleWebKit/537.36 (KHTML, like Gecko) Chrome/45.0.2454.101 Safari/537.36"
77.88.5.208 - - [27/Apr/2022:00:26:28 +0200] "GET /mickey-mouse-swimming-ring-p-19968.html HTTP/1.0" 200 73597 "-" "Mozilla/5.0 (compatible; YandexBot/3.0; +http://yandex.com/bots)"
114.119.137.38 - - [27/Apr/2022:00:26:57 +0200] "GET /high-cup-steinlen-le-chat-noir-p-47904.html HTTP/1.0" 301 74195 "-" "Mozilla/5.0 (Linux; Android 7.0;) AppleWebKit/537.36 (KHTML, like Gecko) Mobile Safari/537.36 (compatible; PetalBot;+https://webmaster.petalsearch.com/site/petalbot)"
185.191.171.10 - - [27/Apr/2022:00:27:00 +0200] "GET /monster-high-cushion-p-48204.html HTTP/1.0" 301 70875 "-" "Mozilla/5.0 (compatible; SemrushBot/7~bl; +http://www.semrush.com/bot.html)"
114.119.137.38 - - [27/Apr/2022:00:27:01 +0200] "GET /high-steinlen-chat-noir-p-47904.html HTTP/1.0" 200 74105 "-" "Mozilla/5.0 (Linux; Android 7.0;) AppleWebKit/537.36 (KHTML, like Gecko) Mobile Safari/537.36 (compatible; PetalBot;+https://webmaster.petalsearch.com/site/petalbot)"
185.191.171.35 - - [27/Apr/2022:00:27:03 +0200] "GET /-p-48204.html HTTP/1.0" 200 70808 "-" "Mozilla/5.0 (compatible; SemrushBot/7~bl; +http://www.semrush.com/bot.html)"
185.191.171.36 - - [27/Apr/2022:00:27:07 +0200] "GET /gorjuss-lockable-notebook-catch-falling-star-p-52378.html?action=add_product HTTP/1.0" 302 476 "-" "Mozilla/5.0 (compatible; SemrushBot/7~bl; +http://www.semrush.com/bot.html)"
66.249.66.214 - - [27/Apr/2022:00:27:07 +0200] "GET /decorative-wall-mounted-bottle-opener-copains-abord-p-55732.html HTTP/1.0" 200 74712 "-" "Mozilla/5.0 (compatible; Googlebot/2.1; +http://www.google.com/bot.html)"
54.36.148.216 - - [27/Apr/2022:00:27:16 +0200] "GET /gorjuss-oops-daisy-large-pink-backpack-p-35559.html HTTP/1.0" 301 70875 "-" "Mozilla/5.0 (compatible; AhrefsBot/7.0; +http://ahrefs.com/robot/)"
54.36.148.243 - - [27/Apr/2022:00:27:42 +0200] "GET /large-hanging-clock-american-west-p-49336.html HTTP/1.0" 200 74320 "-" "Mozilla/5.0 (compatible; AhrefsBot/7.0; +http://ahrefs.com/robot/)"
66.249.66.210 - - [27/Apr/2022:00:28:29 +0200] "GET /ceramic-salt-paludier-p-55937.html HTTP/1.0" 200 73445 "-" "Mozilla/5.0 (compatible; Googlebot/2.1; +http://www.google.com/bot.html)"
185.191.171.7 - - [27/Apr/2022:00:28:38 +0200] "GET /polar-blanket-beige-p-57507.html HTTP/1.0" 200 74131 "-" "Mozilla/5.0 (compatible; SemrushBot/7~bl; +http://www.semrush.com/bot.html)"
54.36.148.136 - - [27/Apr/2022:00:28:41 +0200] "GET /retro-shoulder-bag-p-49818.html HTTP/1.0" 301 70953 "-" "Mozilla/5.0 (compatible; AhrefsBot/7.0; +http://ahrefs.com/robot/)"
54.36.148.243 - - [27/Apr/2022:00:29:02 +0200] "GET /small-baby-teeth-p-53345.html HTTP/1.0" 200 73556 "-" "Mozilla/5.0 (compatible; AhrefsBot/7.0; +http://ahrefs.com/robot/)"
40.64.89.41 - - [27/Apr/2022:00:29:14 +0200] "GET /images/mini_prod/1328399075065.jpg HTTP/1.0" 200 269 "-" "Mozilla/5.0 (Windows NT 10.0; WOW64) AppleWebKit/537.36 (KHTML, like Gecko) Chrome/64.0.3282.186 Safari/537.36"
185.191.171.7 - - [27/Apr/2022:00:29:16 +0200] "GET /skull-snake-figure-p-41716.html?action=add_product HTTP/1.0" 302 476 "-" "Mozilla/5.0 (compatible; SemrushBot/7~bl; +http://www.semrush.com/bot.html)"
114.119.137.43 - - [27/Apr/2022:00:29:17 +0200] "GET /volkswagen-beetle-large-metal-plate-deco-p-26436.html HTTP/1.0" 200 73564 "-" "Mozilla/5.0 (Linux; Android 7.0;) AppleWebKit/537.36 (KHTML, like Gecko) Mobile Safari/537.36 (compatible; PetalBot;+https://webmaster.petalsearch.com/site/petalbot)"
17.121.112.235 - - [27/Apr/2022:00:29:27 +0200] "GET /images/big_prod_1/8420410090378B.jpg HTTP/1.0" 200 271 "-" "Mozilla/5.0 (Macintosh; Intel Mac OS X 10_15_5) AppleWebKit/605.1.15 (KHTML, like Gecko) Version/13.1.1 Safari/605.1.15 (Applebot/0.1; +http://www.apple.com/go/applebot)"
185.191.171.1 - - [27/Apr/2022:00:29:26 +0200] "GET /products_new.php?page=20 HTTP/1.0" 200 85520 "-" "Mozilla/5.0 (compatible; SemrushBot/7~bl; +http://www.semrush.com/bot.html)"
20.102.48.54 - - [27/Apr/2022:00:29:36 +0200] "GET /create_account.php HTTP/1.0" 200 33633 "-" "Mozilla/5.0 (Windows NT 10.0; Win64; x64) AppleWebKit/537.36 (KHTML, like Gecko) Chrome/86.0.4240.75 Safari/537.36"
20.102.48.54 - - [27/Apr/2022:00:29:37 +0200] "GET /bread-c-13_150_211.html HTTP/1.0" 200 78468 "-" "Mozilla/5.0 (Windows NT 10.0; Win64; x64) AppleWebKit/537.36 (KHTML, like Gecko) Chrome/86.0.4240.75 Safari/537.36"
66.249.66.210 - - [27/Apr/2022:00:29:51 +0200] "GET /padma-pink-p-54309.html HTTP/1.0" 200 74162 "-" "Mozilla/5.0 (compatible; Googlebot/2.1; +http://www.google.com/bot.html)"
185.191.171.12 - - [27/Apr/2022:00:30:06 +0200] "GET /roof-bugs-bunny-p-41690.html?action=add_product HTTP/1.0" 302 476 "-" "Mozilla/5.0 (compatible; SemrushBot/7~bl; +http://www.semrush.com/bot.html)"
54.36.148.243 - - [27/Apr/2022:00:30:19 +0200] "GET /heart-mini-melamine-tray-p-37951.html HTTP/1.0" 200 73573 "-" "Mozilla/5.0 (compatible; AhrefsBot/7.0; +http://ahrefs.com/robot/)"
40.77.167.0 - - [27/Apr/2022:00:30:20 +0200] "GET /-p-29843.html HTTP/1.0" 200 70808 "-" "Mozilla/5.0 (compatible; bingbot/2.0; +http://www.bing.com/bingbot.htm)"
185.191.171.2 - - [27/Apr/2022:00:30:49 +0200] "GET /cotton-mattress-range-p-49440.html?action=add_product HTTP/1.0" 302 476 "-" "Mozilla/5.0 (compatible; SemrushBot/7~bl; +http://www.semrush.com/bot.html)"
40.91.113.104 - - [27/Apr/2022:00:30:51 +0200] "GET /images/mini_prod/1384010206942.jpg HTTP/1.0" 200 269 "-" "Mozilla/5.0 (Windows NT 6.1; WOW64) AppleWebKit/537.36 (KHTML, like Gecko) Chrome/45.0.2454.101 Safari/537.36"
185.191.171.24 - - [27/Apr/2022:00:30:54 +0200] "GET /-p-8687.html?action=add_product HTTP/1.0" 302 476 "-" "Mozilla/5.0 (compatible; SemrushBot/7~bl; +http://www.semrush.com/bot.html)"
114.119.133.245 - - [27/Apr/2022:00:30:57 +0200] "GET /storing-cereals-frenchy-style-p-57968.html HTTP/1.0" 200 74335 "-" "Mozilla/5.0 (Linux; Android 7.0;) AppleWebKit/537.36 (KHTML, like Gecko) Mobile Safari/537.36 (compatible; PetalBot;+https://webmaster.petalsearch.com/site/petalbot)"
40.64.89.61 - - [27/Apr/2022:00:31:09 +0200] "GET /images/mini_prod/1384010207543.jpg HTTP/1.0" 200 269 "-" "Mozilla/5.0 (Windows NT 10.0; WOW64) AppleWebKit/537.36 (KHTML, like Gecko) Chrome/68.0.3440.106 Safari/537.36"
66.249.66.212 - - [27/Apr/2022:00:31:13 +0200] "GET /foldable-terrasse-soir-gogh-p-54985.html HTTP/1.0" 200 73873 "-" "Mozilla/5.0 (compatible; Googlebot/2.1; +http://www.google.com/bot.html)"
66.249.66.212 - - [27/Apr/2022:00:31:29 +0200] "GET /images/big_prod/1399124740022.jpg HTTP/1.0" 200 268 "-" "Googlebot-Image/1.0"
54.36.148.243 - - [27/Apr/2022:00:31:36 +0200] "GET /sticker-windows-chakra-p-48350.html HTTP/1.0" 200 73508 "-" "Mozilla/5.0 (compatible; AhrefsBot/7.0; +http://ahrefs.com/robot/)"
185.191.171.24 - - [27/Apr/2022:00:31:50 +0200] "GET /bamboo-fiber-plant-cover-p-57470.html?action=add_product HTTP/1.0" 302 476 "-" "Mozilla/5.0 (compatible; SemrushBot/7~bl; +http://www.semrush.com/bot.html)"
185.191.171.24 - - [27/Apr/2022:00:32:13 +0200] "GET /diddlina-milimit-rule-p-14300.html?action=add_product HTTP/1.0" 302 476 "-" "Mozilla/5.0 (compatible; SemrushBot/7~bl; +http://www.semrush.com/bot.html)"
185.191.171.7 - - [27/Apr/2022:00:32:15 +0200] "GET /scented-candles-and-novenas-c-13_227.html?page=13 HTTP/1.0" 301 95191 "-" "Mozilla/5.0 (compatible; SemrushBot/7~bl; +http://www.semrush.com/bot.html)"
185.191.171.6 - - [27/Apr/2022:00:32:18 +0200] "GET /scented-candles-novenas-c-227.html?page=13 HTTP/1.0" 301 95097 "-" "Mozilla/5.0 (compatible; SemrushBot/7~bl; +http://www.semrush.com/bot.html)"
185.191.171.40 - - [27/Apr/2022:00:32:21 +0200] "GET /scented-candles-novenas-c-231_227.html?page=13 HTTP/1.0" 200 95132 "-" "Mozilla/5.0 (compatible; SemrushBot/7~bl; +http://www.semrush.com/bot.html)"
17.121.115.57 - - [27/Apr/2022:00:32:31 +0200] "GET /utensil-cutlery-c-12_244.html HTTP/1.0" 200 90351 "-" "Mozilla/5.0 (Macintosh; Intel Mac OS X 10_15_5) AppleWebKit/605.1.15 (KHTML, like Gecko) Version/13.1.1 Safari/605.1.15 (Applebot/0.1; +http://www.apple.com/go/applebot)"
66.249.66.212 - - [27/Apr/2022:00:32:35 +0200] "GET /scented-votive-chakra-candles-p-55100.html HTTP/1.0" 200 77002 "-" "Mozilla/5.0 (compatible; Googlebot/2.1; +http://www.google.com/bot.html)"
114.119.137.38 - - [27/Apr/2022:00:32:37 +0200] "GET /images/big_prod/5051276448695.jpg HTTP/1.0" 200 268 "-" "Mozilla/5.0 (Linux; Android 7.0;) AppleWebKit/537.36 (KHTML, like Gecko) Mobile Safari/537.36 (compatible; PetalBot;+https://webmaster.petalsearch.com/site/petalbot)"
54.36.148.243 - - [27/Apr/2022:00:32:49 +0200] "GET /marseille-olympique-laser-keyring-p-52736.html HTTP/1.0" 200 74391 "-" "Mozilla/5.0 (compatible; AhrefsBot/7.0; +http://ahrefs.com/robot/)"
66.249.66.212 - - [27/Apr/2022:00:33:30 +0200] "GET /zebra-jewelry-holder-statuette-p-55823.html HTTP/1.0" 200 73654 "-" "Mozilla/5.0 (Linux; Android 6.0.1; Nexus 5X Build/MMB29P) AppleWebKit/537.36 (KHTML, like Gecko) Chrome/100.0.4896.127 Mobile Safari/537.36 (compatible; Googlebot/2.1; +http://www.google.com/bot.html)"
66.249.66.210 - - [27/Apr/2022:00:33:57 +0200] "GET /washed-dyed-cotton-tablecloth-p-55049.html HTTP/1.0" 200 74312 "-" "Mozilla/5.0 (compatible; Googlebot/2.1; +http://www.google.com/bot.html)"
157.90.128.183 - - [27/Apr/2022:00:34:00 +0200] "GET /images/mini_prod/3612875119038.jpg HTTP/1.0" 200 269 "-" "Mozilla/5.0 (X11; Ubuntu; Linux x86_64; rv:72.0) Gecko/20100101 Firefox/72.0"
54.36.148.243 - - [27/Apr/2022:00:34:16 +0200] "GET /petit-prince-exupry-collection-p-55419.html HTTP/1.0" 200 73589 "-" "Mozilla/5.0 (compatible; AhrefsBot/7.0; +http://ahrefs.com/robot/)"
185.191.171.26 - - [27/Apr/2022:00:34:27 +0200] "GET /russian-doll-figurine-jewelry-p-27613.html HTTP/1.0" 200 73714 "-" "Mozilla/5.0 (compatible; SemrushBot/7~bl; +http://www.semrush.com/bot.html)"
185.191.171.2 - - [27/Apr/2022:00:34:41 +0200] "GET /statuette-of-jesus-on-the-cross-in-bronze-color-p-53037.html HTTP/1.0" 301 74425 "-" "Mozilla/5.0 (compatible; SemrushBot/7~bl; +http://www.semrush.com/bot.html)"
185.191.171.38 - - [27/Apr/2022:00:34:45 +0200] "GET /statuette-jesus-cross-bronze-color-p-53037.html HTTP/1.0" 200 74324 "-" "Mozilla/5.0 (compatible; SemrushBot/7~bl; +http://www.semrush.com/bot.html)"
185.191.171.20 - - [27/Apr/2022:00:35:06 +0200] "GET /coca-cola-bottle-shaped-table-lamp-p-55537.html HTTP/1.0" 200 74399 "-" "Mozilla/5.0 (compatible; SemrushBot/7~bl; +http://www.semrush.com/bot.html)"
185.191.171.25 - - [27/Apr/2022:00:35:13 +0200] "GET /inaya-color-moroccan-ashtray-p-47856.html?action=add_product HTTP/1.0" 302 476 "-" "Mozilla/5.0 (compatible; SemrushBot/7~bl; +http://www.semrush.com/bot.html)"
66.249.66.212 - - [27/Apr/2022:00:35:20 +0200] "GET /round-rattan-table-lamp-p-54575.html HTTP/1.0" 200 74544 "-" "Mozilla/5.0 (compatible; Googlebot/2.1; +http://www.google.com/bot.html)"
51.68.224.127 - - [27/Apr/2022:00:35:41 +0200] "GET /adminweb/export_orders_xml.php?token=256de2z6edz6ed2z6DFSFsed2zed6zeDSFDSGdzedezfzf&maxorders=10&orderstart=1&status=14&start_date=2018-10-01 HTTP/1.0" 200 285 "-" "GesCom CharlotteBoutik Serveur"
51.68.224.127 - - [27/Apr/2022:00:35:41 +0200] "GET /adminweb/export_orders_xml.php?token=256de2z6edz6ed2z6DFSFsed2zed6zeDSFDSGdzedezfzf&maxorders=10&orderstart=1&status=6&start_date=2018-10-01 HTTP/1.0" 200 32798 "-" "GesCom CharlotteBoutik Serveur"
54.36.148.243 - - [27/Apr/2022:00:35:42 +0200] "GET /sonny-angel-birthday-gift-bear-series-figure-individually-p-54726.html HTTP/1.0" 200 74514 "-" "Mozilla/5.0 (compatible; AhrefsBot/7.0; +http://ahrefs.com/robot/)"
40.64.89.61 - - [27/Apr/2022:00:36:15 +0200] "GET /images/mini_prod/9316188054027.jpg HTTP/1.0" 200 269 "-" "Mozilla/5.0 (Macintosh; U; PPC Mac OS X 10.5; en-US; rv:1.9.2.15) Gecko/20110303 Firefox/3.6.15"
17.121.113.224 - - [27/Apr/2022:00:36:19 +0200] "GET /candle-holder-flower-life-p-48490.html HTTP/1.0" 200 73570 "-" "Mozilla/5.0 (Macintosh; Intel Mac OS X 10_15_5) AppleWebKit/605.1.15 (KHTML, like Gecko) Version/13.1.1 Safari/605.1.15 (Applebot/0.1; +http://www.apple.com/go/applebot)"
185.191.171.16 - - [27/Apr/2022:00:36:32 +0200] "GET /cement-tile-stickers-p-50334.html?action=add_product HTTP/1.0" 302 476 "-" "Mozilla/5.0 (compatible; SemrushBot/7~bl; +http://www.semrush.com/bot.html)"
66.249.66.210 - - [27/Apr/2022:00:36:39 +0200] "GET /mango-statue-head-of-buddha-42-cm-p-46054.html HTTP/1.0" 301 74416 "-" "Mozilla/5.0 (Linux; Android 6.0.1; Nexus 5X Build/MMB29P) AppleWebKit/537.36 (KHTML, like Gecko) Chrome/100.0.4896.127 Mobile Safari/537.36 (compatible; Googlebot/2.1; +http://www.google.com/bot.html)"
66.249.66.214 - - [27/Apr/2022:00:36:41 +0200] "GET /mango-statue-head-buddha-p-46054.html HTTP/1.0" 200 74325 "-" "Mozilla/5.0 (Linux; Android 6.0.1; Nexus 5X Build/MMB29P) AppleWebKit/537.36 (KHTML, like Gecko) Chrome/100.0.4896.127 Mobile Safari/537.36 (compatible; Googlebot/2.1; +http://www.google.com/bot.html)"
66.249.66.214 - - [27/Apr/2022:00:36:43 +0200] "GET /american-cream-clock-p-26642.html HTTP/1.0" 200 73433 "-" "Mozilla/5.0 (Linux; Android 6.0.1; Nexus 5X Build/MMB29P) AppleWebKit/537.36 (KHTML, like Gecko) Chrome/100.0.4896.127 Mobile Safari/537.36 (compatible; Googlebot/2.1; +http://www.google.com/bot.html)"
185.191.171.20 - - [27/Apr/2022:00:36:43 +0200] "GET /peg-wooden-kitchen-with-clock-p-32058.html HTTP/1.0" 301 73623 "-" "Mozilla/5.0 (compatible; SemrushBot/7~bl; +http://www.semrush.com/bot.html)"
185.191.171.21 - - [27/Apr/2022:00:36:48 +0200] "GET /wooden-kitchen-with-clock-p-32058.html HTTP/1.0" 200 73531 "-" "Mozilla/5.0 (compatible; SemrushBot/7~bl; +http://www.semrush.com/bot.html)"
17.121.115.122 - - [27/Apr/2022:00:36:57 +0200] "GET /megaphone-brass-p-47454.html HTTP/1.0" 200 73432 "-" "Mozilla/5.0 (Macintosh; Intel Mac OS X 10_15_5) AppleWebKit/605.1.15 (KHTML, like Gecko) Version/13.1.1 Safari/605.1.15 (Applebot/0.1; +http://www.apple.com/go/applebot)"
77.88.5.208 - - [27/Apr/2022:00:37:13 +0200] "GET /provence-tray-p-45513.html HTTP/1.0" 200 73521 "-" "Mozilla/5.0 (compatible; YandexBot/3.0; +http://yandex.com/bots)"
54.36.148.243 - - [27/Apr/2022:00:37:17 +0200] "GET /flowers-wall-stickers-p-52221.html HTTP/1.0" 200 74134 "-" "Mozilla/5.0 (compatible; AhrefsBot/7.0; +http://ahrefs.com/robot/)"
77.88.5.208 - - [27/Apr/2022:00:37:18 +0200] "GET /little-buddha-collection-keychain-p-53300.html HTTP/1.0" 200 73531 "-" "Mozilla/5.0 (compatible; YandexBot/3.0; +http://yandex.com/bots)"
207.46.13.182 - - [27/Apr/2022:00:37:28 +0200] "GET /-p-29839.html HTTP/1.0" 200 70808 "-" "Mozilla/5.0 (compatible; bingbot/2.0; +http://www.bing.com/bingbot.htm)"
185.191.171.3 - - [27/Apr/2022:00:37:40 +0200] "GET /resin-statuette-gymnast-world-p-52840.html?action=add_product HTTP/1.0" 302 476 "-" "Mozilla/5.0 (compatible; SemrushBot/7~bl; +http://www.semrush.com/bot.html)"
216.244.66.242 - - [27/Apr/2022:00:37:47 +0200] "GET /buddha-resin-box-p-38536.html HTTP/1.0" 301 73659 "-" "Mozilla/5.0 (compatible; DotBot/1.2; +https://opensiteexplorer.org/dotbot; help@moz.com)"
66.249.66.210 - - [27/Apr/2022:00:38:04 +0200] "GET /melt-pearl-bouquet-p-42633.html HTTP/1.0" 200 74024 "-" "Mozilla/5.0 (compatible; Googlebot/2.1; +http://www.google.com/bot.html)"
185.191.171.17 - - [27/Apr/2022:00:38:13 +0200] "GET /microfibre-base-cover-light-brown-p-47981.html HTTP/1.0" 200 73651 "-" "Mozilla/5.0 (compatible; SemrushBot/7~bl; +http://www.semrush.com/bot.html)"
185.191.171.42 - - [27/Apr/2022:00:38:16 +0200] "GET /silver-horse-head-statue-p-40351.html HTTP/1.0" 200 70894 "-" "Mozilla/5.0 (compatible; SemrushBot/7~bl; +http://www.semrush.com/bot.html)"
185.191.171.10 - - [27/Apr/2022:00:38:24 +0200] "GET /owls-liberty-statuette-p-36478.html HTTP/1.0" 200 73513 "-" "Mozilla/5.0 (compatible; SemrushBot/7~bl; +http://www.semrush.com/bot.html)"
216.244.66.242 - - [27/Apr/2022:00:38:27 +0200] "GET /betty-boop-metal-ashtray-heartbreaker-p-36135.html HTTP/1.0" 301 73694 "-" "Mozilla/5.0 (compatible; DotBot/1.2; +https://opensiteexplorer.org/dotbot; help@moz.com)"
216.244.66.242 - - [27/Apr/2022:00:38:34 +0200] "GET /fragrance-sachet-twilight-p-40557.html HTTP/1.0" 200 74144 "-" "Mozilla/5.0 (compatible; DotBot/1.2; +https://opensiteexplorer.org/dotbot; help@moz.com)"
154.54.249.18 - - [27/Apr/2022:00:38:40 +0200] "GET /robots.txt HTTP/1.0" 200 245 "-" "Mozilla/5.0 (compatible; Barkrowler/0.9; +https://babbar.tech/crawler)"
54.36.148.243 - - [27/Apr/2022:00:38:39 +0200] "GET /sticker-windows-chakra-p-48353.html HTTP/1.0" 200 73508 "-" "Mozilla/5.0 (compatible; AhrefsBot/7.0; +http://ahrefs.com/robot/)"
77.88.5.208 - - [27/Apr/2022:00:38:45 +0200] "GET /unicorn-nightlight-blue-p-55362.html HTTP/1.0" 200 74899 "-" "Mozilla/5.0 (compatible; YandexBot/3.0; +http://yandex.com/bots)"
157.90.128.183 - - [27/Apr/2022:00:38:48 +0200] "GET /images/mini_prod/3503420078927.jpg HTTP/1.0" 200 269 "-" "Mozilla/5.0 (X11; Ubuntu; Linux x86_64; rv:72.0) Gecko/20100101 Firefox/72.0"
154.54.249.18 - - [27/Apr/2022:00:38:58 +0200] "GET / HTTP/1.0" 200 151131 "-" "Mozilla/5.0 (compatible; Barkrowler/0.9; +https://babbar.tech/crawler)"
154.54.249.18 - - [27/Apr/2022:00:39:17 +0200] "GET /robots.txt HTTP/1.0" 200 245 "-" "Mozilla/5.0 (compatible; Barkrowler/0.9; +https://babbar.tech/crawler)"
66.249.66.214 - - [27/Apr/2022:00:39:26 +0200] "GET /book-lamp-real-wood-maple-size-p-54339.html HTTP/1.0" 200 74892 "-" "Mozilla/5.0 (compatible; Googlebot/2.1; +http://www.google.com/bot.html)"
185.191.171.6 - - [27/Apr/2022:00:39:30 +0200] "GET /candle-hours-jasmine-daydream-p-33042.html?action=add_product HTTP/1.0" 302 476 "-" "Mozilla/5.0 (compatible; SemrushBot/7~bl; +http://www.semrush.com/bot.html)"
154.54.249.18 - - [27/Apr/2022:00:39:35 +0200] "GET /specials.php HTTP/1.0" 200 124439 "-" "Mozilla/5.0 (compatible; Barkrowler/0.9; +https://babbar.tech/crawler)"
185.191.171.23 - - [27/Apr/2022:00:39:51 +0200] "GET /accessories-c-3.html HTTP/1.0" 200 93677 "-" "Mozilla/5.0 (compatible; SemrushBot/7~bl; +http://www.semrush.com/bot.html)"
154.54.249.18 - - [27/Apr/2022:00:39:53 +0200] "GET /accessories-c-3.html HTTP/1.0" 200 93677 "-" "Mozilla/5.0 (compatible; Barkrowler/0.9; +https://babbar.tech/crawler)"
54.36.148.243 - - [27/Apr/2022:00:40:02 +0200] "GET /rectangular-kitchen-towel-cotton-pastis-marseille-p-48527.html HTTP/1.0" 200 73736 "-" "Mozilla/5.0 (compatible; AhrefsBot/7.0; +http://ahrefs.com/robot/)"
185.191.171.12 - - [27/Apr/2022:00:40:12 +0200] "GET /buddha-clock-cbkreation-p-36682.html?action=add_product HTTP/1.0" 302 476 "-" "Mozilla/5.0 (compatible; SemrushBot/7~bl; +http://www.semrush.com/bot.html)"
185.191.171.5 - - [27/Apr/2022:00:40:14 +0200] "GET /melt-gingerbread-house-p-46029.html?action=add_product HTTP/1.0" 302 476 "-" "Mozilla/5.0 (compatible; SemrushBot/7~bl; +http://www.semrush.com/bot.html)"
47.254.65.120 - - [27/Apr/2022:00:40:16 +0200] "GET /images/mini_prod/3388761924573.jpg HTTP/1.0" 200 269 "-" "Mozilla/5.0 (X11; Ubuntu; Linux x86_64; rv:72.0) Gecko/20100101 Firefox/72.0"
154.54.249.18 - - [27/Apr/2022:00:40:22 +0200] "GET /shop-c-155.html HTTP/1.0" 200 89535 "-" "Mozilla/5.0 (compatible; Barkrowler/0.9; +https://babbar.tech/crawler)"
40.91.78.237 - - [27/Apr/2022:00:40:26 +0200] "GET /images/mini_prod/3032160280258.jpg HTTP/1.0" 200 269 "-" "Mozilla/5.0 (X11; Linux x86_64) AppleWebKit/537.36 (KHTML, like Gecko) Chrome/62.0.3202.62 Safari/537.36"
47.254.91.80 - - [27/Apr/2022:00:40:26 +0200] "GET /images/mini_prod/4260082936802e.jpg HTTP/1.0" 200 270 "-" "Mozilla/5.0 (X11; Ubuntu; Linux x86_64; rv:72.0) Gecko/20100101 Firefox/72.0"
185.191.171.16 - - [27/Apr/2022:00:40:36 +0200] "GET /white-grey-moroccan-ashtray-p-56527.html?action=add_product HTTP/1.0" 302 476 "-" "Mozilla/5.0 (compatible; SemrushBot/7~bl; +http://www.semrush.com/bot.html)"
77.88.5.208 - - [27/Apr/2022:00:40:43 +0200] "GET /princess-sofia-chair-p-28198.html HTTP/1.0" 200 73428 "-" "Mozilla/5.0 (compatible; YandexBot/3.0; +http://yandex.com/bots)"
66.249.66.214 - - [27/Apr/2022:00:40:48 +0200] "GET /dora-explorer-poncho-towels-p-12642.html HTTP/1.0" 200 70914 "-" "Mozilla/5.0 (compatible; Googlebot/2.1; +http://www.google.com/bot.html)"
154.54.249.18 - - [27/Apr/2022:00:40:49 +0200] "GET /checkout_shipping.php HTTP/1.0" 302 468 "-" "Mozilla/5.0 (compatible; Barkrowler/0.9; +https://babbar.tech/crawler)"
113.207.6.244 - - [27/Apr/2022:00:41:05 +0200] "GET /images/mini_prod/8003990615898.jpg HTTP/1.0" 200 269 "-" "Mozilla/5.0 (X11; Ubuntu; Linux x86_64; rv:72.0) Gecko/20100101 Firefox/72.0"
185.191.171.12 - - [27/Apr/2022:00:41:08 +0200] "GET /yoga-statuette-p-53027.html?action=add_product HTTP/1.0" 302 476 "-" "Mozilla/5.0 (compatible; SemrushBot/7~bl; +http://www.semrush.com/bot.html)"
154.54.249.18 - - [27/Apr/2022:00:41:07 +0200] "GET /specials.php?page=10 HTTP/1.0" 200 124568 "-" "Mozilla/5.0 (compatible; Barkrowler/0.9; +https://babbar.tech/crawler)"
62.210.111.16 - - [27/Apr/2022:00:41:18 +0200] "GET /contact_us.php HTTP/1.0" 301 539 "http://wonder-geek.com/contact_us.php" "Mozilla/5.0 (Windows NT 10.0) AppleWebKit/537.36 (KHTML, like Gecko) Chrome/90.0.4430.72 Safari/537.36"
62.210.111.16 - - [27/Apr/2022:00:41:18 +0200] "GET /contact_us.php HTTP/1.0" 200 26241 "http://www.wonder-geek.com/contact_us.php" "Mozilla/5.0 (Windows NT 10.0) AppleWebKit/537.36 (KHTML, like Gecko) Chrome/90.0.4430.72 Safari/537.36"
62.210.111.16 - - [27/Apr/2022:00:41:19 +0200] "POST /contact_us.php?action=send HTTP/1.0" 200 26431 "http://www.wonder-geek.com/contact_us.php" "Mozilla/5.0 (Windows NT 10.0) AppleWebKit/537.36 (KHTML, like Gecko) Chrome/90.0.4430.72 Safari/537.36"
62.210.111.16 - - [27/Apr/2022:00:41:19 +0200] "GET /login.php HTTP/1.0" 200 17155 "http://www.wonder-geek.com/login.php" "Mozilla/5.0 (Windows NT 10.0) AppleWebKit/537.36 (KHTML, like Gecko) Chrome/90.0.4430.72 Safari/537.36"
62.210.111.16 - - [27/Apr/2022:00:41:19 +0200] "POST /login.php?action=process HTTP/1.0" 200 17661 "http://www.wonder-geek.com/login.php" "Mozilla/5.0 (Windows NT 10.0) AppleWebKit/537.36 (KHTML, like Gecko) Chrome/90.0.4430.72 Safari/537.36"
62.210.111.16 - - [27/Apr/2022:00:41:19 +0200] "GET /contact_us.php HTTP/1.0" 200 26241 "http://www.wonder-geek.com/contact_us.php" "Mozilla/5.0 (Windows NT 10.0) AppleWebKit/537.36 (KHTML, like Gecko) Chrome/90.0.4430.72 Safari/537.36"
154.54.249.18 - - [27/Apr/2022:00:41:25 +0200] "GET /bowls-c-12_60.html HTTP/1.0" 200 93332 "-" "Mozilla/5.0 (compatible; Barkrowler/0.9; +https://babbar.tech/crawler)"
185.191.171.19 - - [27/Apr/2022:00:41:29 +0200] "GET /cbkreation-geisha-phone-cover-iphone-p-23481.html?action=add_product HTTP/1.0" 302 476 "-" "Mozilla/5.0 (compatible; SemrushBot/7~bl; +http://www.semrush.com/bot.html)"
157.55.39.105 - - [27/Apr/2022:00:41:30 +0200] "GET /-p-30596.html HTTP/1.0" 200 70808 "-" "Mozilla/5.0 (compatible; bingbot/2.0; +http://www.bing.com/bingbot.htm)"
185.191.171.39 - - [27/Apr/2022:00:41:31 +0200] "GET /lois-jean-wallet-women-p-41315.html?action=add_product HTTP/1.0" 302 476 "-" "Mozilla/5.0 (compatible; SemrushBot/7~bl; +http://www.semrush.com/bot.html)"
54.36.148.243 - - [27/Apr/2022:00:41:31 +0200] "GET /furniture-knob-sold-individually-p-55727.html HTTP/1.0" 200 74437 "-" "Mozilla/5.0 (compatible; AhrefsBot/7.0; +http://ahrefs.com/robot/)"
185.191.171.3 - - [27/Apr/2022:00:41:34 +0200] "GET /collection-statuette-michelangelo-piet-p-56260.html HTTP/1.0" 200 74499 "-" "Mozilla/5.0 (compatible; SemrushBot/7~bl; +http://www.semrush.com/bot.html)"
185.191.171.1 - - [27/Apr/2022:00:41:45 +0200] "GET /monaco-mini-metal-tray-p-52478.html?action=add_product HTTP/1.0" 302 476 "-" "Mozilla/5.0 (compatible; SemrushBot/7~bl; +http://www.semrush.com/bot.html)"
154.54.249.18 - - [27/Apr/2022:00:41:50 +0200] "GET /swimwear-c-2_35.html HTTP/1.0" 200 90434 "-" "Mozilla/5.0 (compatible; Barkrowler/0.9; +https://babbar.tech/crawler)"
185.191.171.10 - - [27/Apr/2022:00:42:00 +0200] "GET /sweet-black-women-shirt-p-30997.html?action=add_product HTTP/1.0" 302 476 "-" "Mozilla/5.0 (compatible; SemrushBot/7~bl; +http://www.semrush.com/bot.html)"
154.54.249.18 - - [27/Apr/2022:00:42:07 +0200] "GET /games-toys-c-4.html HTTP/1.0" 200 93319 "-" "Mozilla/5.0 (compatible; Barkrowler/0.9; +https://babbar.tech/crawler)"
66.249.66.210 - - [27/Apr/2022:00:42:10 +0200] "GET /plush-penguin-yoopy-star-p-42701.html HTTP/1.0" 200 73572 "-" "Mozilla/5.0 (Linux; Android 6.0.1; Nexus 5X Build/MMB29P) AppleWebKit/537.36 (KHTML, like Gecko) Chrome/100.0.4896.127 Mobile Safari/537.36 (compatible; Googlebot/2.1; +http://www.google.com/bot.html)"
185.191.171.23 - - [27/Apr/2022:00:42:11 +0200] "GET /disney-showcase-figurine-collection-tinker-bell-p-48458.html HTTP/1.0" 301 70875 "-" "Mozilla/5.0 (compatible; SemrushBot/7~bl; +http://www.semrush.com/bot.html)"
185.191.171.15 - - [27/Apr/2022:00:42:15 +0200] "GET /-p-48458.html HTTP/1.0" 200 70808 "-" "Mozilla/5.0 (compatible; SemrushBot/7~bl; +http://www.semrush.com/bot.html)"
47.88.56.224 - - [27/Apr/2022:00:42:20 +0200] "GET /images/mini_prod/8033667001822.jpg HTTP/1.0" 200 269 "-" "Mozilla/5.0 (X11; Ubuntu; Linux x86_64; rv:72.0) Gecko/20100101 Firefox/72.0"
154.54.249.18 - - [27/Apr/2022:00:42:24 +0200] "GET /accessories-c-97_98.html HTTP/1.0" 200 84743 "-" "Mozilla/5.0 (compatible; Barkrowler/0.9; +https://babbar.tech/crawler)"
185.191.171.24 - - [27/Apr/2022:00:42:25 +0200] "GET /nuova-fiat-blue-shoulder-p-17078.html?action=add_product HTTP/1.0" 302 476 "-" "Mozilla/5.0 (compatible; SemrushBot/7~bl; +http://www.semrush.com/bot.html)"
66.249.66.210 - - [27/Apr/2022:00:42:33 +0200] "GET /images/med_prod/1384010184288.jpg HTTP/1.0" 200 268 "-" "Googlebot-Image/1.0"
185.191.171.24 - - [27/Apr/2022:00:42:37 +0200] "GET /apron-small-fish-p-54504.html HTTP/1.0" 200 73372 "-" "Mozilla/5.0 (compatible; SemrushBot/7~bl; +http://www.semrush.com/bot.html)"
154.54.249.18 - - [27/Apr/2022:00:42:41 +0200] "GET /musical-c-13_150_149.html HTTP/1.0" 200 91535 "-" "Mozilla/5.0 (compatible; Barkrowler/0.9; +https://babbar.tech/crawler)"
54.36.148.243 - - [27/Apr/2022:00:42:51 +0200] "GET /cats-shower-curtain-p-57891.html HTTP/1.0" 200 74142 "-" "Mozilla/5.0 (compatible; AhrefsBot/7.0; +http://ahrefs.com/robot/)"
154.54.249.18 - - [27/Apr/2022:00:42:58 +0200] "GET /breakfast-c-12_61.html HTTP/1.0" 200 91540 "-" "Mozilla/5.0 (compatible; Barkrowler/0.9; +https://babbar.tech/crawler)"
154.54.249.18 - - [27/Apr/2022:00:43:16 +0200] "GET /robots.txt HTTP/1.0" 200 245 "-" "Mozilla/5.0 (compatible; Barkrowler/0.9; +https://babbar.tech/crawler)"
77.88.5.208 - - [27/Apr/2022:00:43:18 +0200] "GET /lavender-fragrance-diffuser-made-provence-p-57059.html HTTP/1.0" 200 74995 "-" "Mozilla/5.0 (compatible; YandexBot/3.0; +http://yandex.com/bots)"
185.191.171.39 - - [27/Apr/2022:00:43:28 +0200] "GET /pastis-marseille-wall-decoration-p-44557.html HTTP/1.0" 200 73555 "-" "Mozilla/5.0 (compatible; SemrushBot/7~bl; +http://www.semrush.com/bot.html)"
157.55.39.105 - - [27/Apr/2022:00:43:31 +0200] "GET /-p-22894.html HTTP/1.0" 200 70808 "-" "Mozilla/5.0 (compatible; bingbot/2.0; +http://www.bing.com/bingbot.htm)"
185.191.171.12 - - [27/Apr/2022:00:43:32 +0200] "GET /-p-41395.html?action=add_product HTTP/1.0" 302 476 "-" "Mozilla/5.0 (compatible; SemrushBot/7~bl; +http://www.semrush.com/bot.html)"
154.54.249.18 - - [27/Apr/2022:00:43:31 +0200] "GET /chairs-cushion-c-11_165.html HTTP/1.0" 200 91548 "-" "Mozilla/5.0 (compatible; Barkrowler/0.9; +https://babbar.tech/crawler)"
66.249.66.210 - - [27/Apr/2022:00:43:32 +0200] "GET /pinko-wooden-game-bottle-opener-p-55554.html HTTP/1.0" 200 74410 "-" "Mozilla/5.0 (Linux; Android 6.0.1; Nexus 5X Build/MMB29P) AppleWebKit/537.36 (KHTML, like Gecko) Chrome/100.0.4896.127 Mobile Safari/537.36 (compatible; Googlebot/2.1; +http://www.google.com/bot.html)"
185.191.171.2 - - [27/Apr/2022:00:43:35 +0200] "GET /door-coconut-fiber-p-51883.html HTTP/1.0" 200 74232 "-" "Mozilla/5.0 (compatible; SemrushBot/7~bl; +http://www.semrush.com/bot.html)"
154.54.249.18 - - [27/Apr/2022:00:43:49 +0200] "GET /bread-bags-c-11_179.html HTTP/1.0" 200 81317 "-" "Mozilla/5.0 (compatible; Barkrowler/0.9; +https://babbar.tech/crawler)"
185.191.171.4 - - [27/Apr/2022:00:43:58 +0200] "GET /bolster-case-cotton-percale-threads-p-48187.html?action=add_product HTTP/1.0" 302 476 "-" "Mozilla/5.0 (compatible; SemrushBot/7~bl; +http://www.semrush.com/bot.html)"
154.54.249.18 - - [27/Apr/2022:00:44:06 +0200] "GET /coffee-c-13_150_153.html HTTP/1.0" 200 90817 "-" "Mozilla/5.0 (compatible; Barkrowler/0.9; +https://babbar.tech/crawler)"
17.121.114.149 - - [27/Apr/2022:00:44:08 +0200] "GET /perfumes-interior-c-231_234.html HTTP/1.0" 200 92229 "-" "Mozilla/5.0 (Macintosh; Intel Mac OS X 10_15_5) AppleWebKit/605.1.15 (KHTML, like Gecko) Version/13.1.1 Safari/605.1.15 (Applebot/0.1; +http://www.apple.com/go/applebot)"
54.36.148.243 - - [27/Apr/2022:00:44:09 +0200] "GET /flowerpots-hang-p-57570.html HTTP/1.0" 200 74210 "-" "Mozilla/5.0 (compatible; AhrefsBot/7.0; +http://ahrefs.com/robot/)"
20.72.199.117 - - [27/Apr/2022:00:44:25 +0200] "GET /images/mini_prod/CADRE-LOUIS-PHILIPPES-02.jpg HTTP/1.0" 200 280 "-" "Mozilla/4.0 (compatible; MSIE 7.0; Windows NT 6.0)"
154.54.249.18 - - [27/Apr/2022:00:44:24 +0200] "GET /pencil-c-129_183.html HTTP/1.0" 200 91023 "-" "Mozilla/5.0 (compatible; Barkrowler/0.9; +https://babbar.tech/crawler)"
40.77.167.0 - - [27/Apr/2022:00:44:40 +0200] "GET /petit-prince-exupry-collection-p-51372.html HTTP/1.0" 200 73614 "-" "Mozilla/5.0 (compatible; bingbot/2.0; +http://www.bing.com/bingbot.htm)"
154.54.249.18 - - [27/Apr/2022:00:44:45 +0200] "GET /boxes-storage-c-13_150.html HTTP/1.0" 200 94908 "-" "Mozilla/5.0 (compatible; Barkrowler/0.9; +https://babbar.tech/crawler)"
66.249.66.214 - - [27/Apr/2022:00:44:54 +0200] "GET /carpet-p-56010.html HTTP/1.0" 200 74128 "-" "Mozilla/5.0 (Linux; Android 6.0.1; Nexus 5X Build/MMB29P) AppleWebKit/537.36 (KHTML, like Gecko) Chrome/100.0.4896.127 Mobile Safari/537.36 (compatible; Googlebot/2.1; +http://www.google.com/bot.html)"
185.191.171.24 - - [27/Apr/2022:00:45:01 +0200] "GET /furniture-knob-sold-individually-p-55982.html?action=add_product HTTP/1.0" 302 476 "-" "Mozilla/5.0 (compatible; SemrushBot/7~bl; +http://www.semrush.com/bot.html)"
185.191.171.5 - - [27/Apr/2022:00:45:04 +0200] "GET /guardian-angel-statue-angel-baptism-p-43215.html HTTP/1.0" 200 73633 "-" "Mozilla/5.0 (compatible; SemrushBot/7~bl; +http://www.semrush.com/bot.html)"
185.191.171.5 - - [27/Apr/2022:00:45:12 +0200] "GET /leopard-shoulder-made-france-p-52757.html HTTP/1.0" 200 74417 "-" "Mozilla/5.0 (compatible; SemrushBot/7~bl; +http://www.semrush.com/bot.html)"
154.54.249.18 - - [27/Apr/2022:00:45:16 +0200] "GET /furnishings-c-13_87.html HTTP/1.0" 200 91241 "-" "Mozilla/5.0 (compatible; Barkrowler/0.9; +https://babbar.tech/crawler)"
185.191.171.34 - - [27/Apr/2022:00:45:24 +0200] "GET /parrot-figurine-flocked-resin-p-54029.html HTTP/1.0" 200 74424 "-" "Mozilla/5.0 (compatible; SemrushBot/7~bl; +http://www.semrush.com/bot.html)"
154.54.249.18 - - [27/Apr/2022:00:45:34 +0200] "GET /backpacks-c-31_77.html HTTP/1.0" 200 94425 "-" "Mozilla/5.0 (compatible; Barkrowler/0.9; +https://babbar.tech/crawler)"
185.191.171.23 - - [27/Apr/2022:00:45:39 +0200] "GET /velocycle-isothermic-stainless-steel-bottle-p-54536.html?action=add_product HTTP/1.0" 302 476 "-" "Mozilla/5.0 (compatible; SemrushBot/7~bl; +http://www.semrush.com/bot.html)"
54.36.148.140 - - [27/Apr/2022:00:45:43 +0200] "GET /mister-men-long-sleeve-shirt-p-31040.html HTTP/1.0" 301 70875 "-" "Mozilla/5.0 (compatible; AhrefsBot/7.0; +http://ahrefs.com/robot/)"
154.54.249.18 - - [27/Apr/2022:00:45:51 +0200] "GET /flower-pots-c-13_275.html HTTP/1.0" 200 92635 "-" "Mozilla/5.0 (compatible; Barkrowler/0.9; +https://babbar.tech/crawler)"
154.54.249.18 - - [27/Apr/2022:00:46:08 +0200] "GET /soap-c-13_150_171.html HTTP/1.0" 200 90874 "-" "Mozilla/5.0 (compatible; Barkrowler/0.9; +https://babbar.tech/crawler)"
185.191.171.4 - - [27/Apr/2022:00:46:12 +0200] "GET /aromatic-candle-stearin-6nd-chakra-100-hours-p-39564.html HTTP/1.0" 301 75852 "-" "Mozilla/5.0 (compatible; SemrushBot/7~bl; +http://www.semrush.com/bot.html)"
185.191.171.35 - - [27/Apr/2022:00:46:15 +0200] "GET /aromatic-candle-stearin-chakra-hours-p-39564.html HTTP/1.0" 200 75749 "-" "Mozilla/5.0 (compatible; SemrushBot/7~bl; +http://www.semrush.com/bot.html)"
66.249.66.214 - - [27/Apr/2022:00:46:16 +0200] "GET /lille-losc-p-50783.html HTTP/1.0" 200 74223 "-" "Mozilla/5.0 (Linux; Android 6.0.1; Nexus 5X Build/MMB29P) AppleWebKit/537.36 (KHTML, like Gecko) Chrome/100.0.4896.127 Mobile Safari/537.36 (compatible; Googlebot/2.1; +http://www.google.com/bot.html)"
154.54.249.18 - - [27/Apr/2022:00:46:26 +0200] "GET /flasks-c-12_245.html HTTP/1.0" 200 80020 "-" "Mozilla/5.0 (compatible; Barkrowler/0.9; +https://babbar.tech/crawler)"
185.191.171.1 - - [27/Apr/2022:00:46:32 +0200] "GET /dishes-c-13_12.html?page=26 HTTP/1.0" 200 92808 "-" "Mozilla/5.0 (compatible; SemrushBot/7~bl; +http://www.semrush.com/bot.html)"
154.54.249.18 - - [27/Apr/2022:00:46:42 +0200] "GET /money-boxes-c-13_83.html HTTP/1.0" 200 93349 "-" "Mozilla/5.0 (compatible; Barkrowler/0.9; +https://babbar.tech/crawler)"
154.54.249.18 - - [27/Apr/2022:00:47:00 +0200] "GET /robots.txt HTTP/1.0" 200 245 "-" "Mozilla/5.0 (compatible; Barkrowler/0.9; +https://babbar.tech/crawler)"
185.191.171.25 - - [27/Apr/2022:00:47:06 +0200] "GET /flower-aged-ceramic-blue-grey-p-57661.html?action=add_product HTTP/1.0" 302 476 "-" "Mozilla/5.0 (compatible; SemrushBot/7~bl; +http://www.semrush.com/bot.html)"
154.54.249.18 - - [27/Apr/2022:00:47:15 +0200] "GET /napkins-c-11_285.html HTTP/1.0" 200 81778 "-" "Mozilla/5.0 (compatible; Barkrowler/0.9; +https://babbar.tech/crawler)"
185.191.171.7 - - [27/Apr/2022:00:47:17 +0200] "GET /little-prince-melamnine-plate-p-9349.html?action=add_product HTTP/1.0" 302 476 "-" "Mozilla/5.0 (compatible; SemrushBot/7~bl; +http://www.semrush.com/bot.html)"
185.191.171.1 - - [27/Apr/2022:00:47:25 +0200] "GET /lamas-table-p-45632.html?action=add_product HTTP/1.0" 302 476 "-" "Mozilla/5.0 (compatible; SemrushBot/7~bl; +http://www.semrush.com/bot.html)"
54.36.148.148 - - [27/Apr/2022:00:47:33 +0200] "GET /barbapapa-metal-suitcase-p-31785.html HTTP/1.0" 301 70875 "-" "Mozilla/5.0 (compatible; AhrefsBot/7.0; +http://ahrefs.com/robot/)"
154.54.249.18 - - [27/Apr/2022:00:47:34 +0200] "GET /incense-c-231_226.html HTTP/1.0" 200 92313 "-" "Mozilla/5.0 (compatible; Barkrowler/0.9; +https://babbar.tech/crawler)"
66.249.66.214 - - [27/Apr/2022:00:47:38 +0200] "GET /home-where-love-wooden-plate-p-37746.html HTTP/1.0" 200 73594 "-" "Mozilla/5.0 (Linux; Android 6.0.1; Nexus 5X Build/MMB29P) AppleWebKit/537.36 (KHTML, like Gecko) Chrome/100.0.4896.127 Mobile Safari/537.36 (compatible; Googlebot/2.1; +http://www.google.com/bot.html)"
154.54.249.18 - - [27/Apr/2022:00:47:51 +0200] "GET /paperweight-c-129_188.html HTTP/1.0" 200 91139 "-" "Mozilla/5.0 (compatible; Barkrowler/0.9; +https://babbar.tech/crawler)"
185.191.171.7 - - [27/Apr/2022:00:47:51 +0200] "GET /lama-hot-water-bottle-p-45234.html HTTP/1.0" 301 73534 "-" "Mozilla/5.0 (compatible; SemrushBot/7~bl; +http://www.semrush.com/bot.html)"
185.191.171.40 - - [27/Apr/2022:00:47:56 +0200] "GET /robots.txt HTTP/1.0" 200 245 "-" "Mozilla/5.0 (compatible; SemrushBot/7~bl; +http://www.semrush.com/bot.html)"
185.191.171.23 - - [27/Apr/2022:00:47:56 +0200] "GET /lama-water-bottle-p-45234.html HTTP/1.0" 200 73450 "-" "Mozilla/5.0 (compatible; SemrushBot/7~bl; +http://www.semrush.com/bot.html)"
185.191.171.23 - - [27/Apr/2022:00:48:00 +0200] "GET /figurines-fireman-nicolas-p-55656.html?action=add_product HTTP/1.0" 302 476 "-" "Mozilla/5.0 (compatible; SemrushBot/7~bl; +http://www.semrush.com/bot.html)"
154.54.249.18 - - [27/Apr/2022:00:48:10 +0200] "GET /school-trolley-c-31_169.html HTTP/1.0" 200 81597 "-" "Mozilla/5.0 (compatible; Barkrowler/0.9; +https://babbar.tech/crawler)"
154.54.249.18 - - [27/Apr/2022:00:48:27 +0200] "GET /hung-mirrors-c-31_258.html HTTP/1.0" 200 90886 "-" "Mozilla/5.0 (compatible; Barkrowler/0.9; +https://babbar.tech/crawler)"
154.54.249.18 - - [27/Apr/2022:00:48:44 +0200] "GET /snack-cooler-c-31_235.html HTTP/1.0" 200 91311 "-" "Mozilla/5.0 (compatible; Barkrowler/0.9; +https://babbar.tech/crawler)"
66.249.66.214 - - [27/Apr/2022:00:49:00 +0200] "GET /motorcycle-tank-wall-decor-p-51445.html HTTP/1.0" 200 73530 "-" "Mozilla/5.0 (Linux; Android 6.0.1; Nexus 5X Build/MMB29P) AppleWebKit/537.36 (KHTML, like Gecko) Chrome/100.0.4896.127 Mobile Safari/537.36 (compatible; Googlebot/2.1; +http://www.google.com/bot.html)"
154.54.249.18 - - [27/Apr/2022:00:49:01 +0200] "GET /fitted-sheet-c-11_193.html HTTP/1.0" 200 91398 "-" "Mozilla/5.0 (compatible; Barkrowler/0.9; +https://babbar.tech/crawler)"
77.88.5.208 - - [27/Apr/2022:00:49:13 +0200] "GET /robots.txt HTTP/1.0" 200 245 "-" "Mozilla/5.0 (compatible; YandexBot/3.0; +http://yandex.com/bots)"
185.191.171.6 - - [27/Apr/2022:00:49:11 +0200] "GET /dishes-c-13_12.html?page=18 HTTP/1.0" 200 91899 "-" "Mozilla/5.0 (compatible; SemrushBot/7~bl; +http://www.semrush.com/bot.html)"
77.88.5.208 - - [27/Apr/2022:00:49:17 +0200] "GET /decorative-useful-little-buddha-p-53310.html HTTP/1.0" 200 73568 "-" "Mozilla/5.0 (compatible; YandexBot/3.0; +http://yandex.com/bots)"
154.54.249.18 - - [27/Apr/2022:00:49:19 +0200] "GET /noddy-swimsuit-p-30585.html HTTP/1.0" 200 74538 "-" "Mozilla/5.0 (compatible; Barkrowler/0.9; +https://babbar.tech/crawler)"
154.54.249.18 - - [27/Apr/2022:00:49:39 +0200] "GET /holders-c-13_150_201.html HTTP/1.0" 200 89525 "-" "Mozilla/5.0 (compatible; Barkrowler/0.9; +https://babbar.tech/crawler)"
185.191.171.19 - - [27/Apr/2022:00:49:51 +0200] "GET /hello-kitty-chocolate-node-companion-by-camomilla-p-16293.html HTTP/1.0" 301 73904 "-" "Mozilla/5.0 (compatible; SemrushBot/7~bl; +http://www.semrush.com/bot.html)"
185.191.171.26 - - [27/Apr/2022:00:49:54 +0200] "GET /hello-kitty-chocolate-node-companion-camomilla-p-16293.html HTTP/1.0" 200 73791 "-" "Mozilla/5.0 (compatible; SemrushBot/7~bl; +http://www.semrush.com/bot.html)"
154.54.249.18 - - [27/Apr/2022:00:49:56 +0200] "GET /butter-dish-c-12_222.html HTTP/1.0" 200 84924 "-" "Mozilla/5.0 (compatible; Barkrowler/0.9; +https://babbar.tech/crawler)"
77.88.5.208 - - [27/Apr/2022:00:49:59 +0200] "GET /decorations-and-furnishings/boxes-and-storage-box/che-guevara-plasters-box-p-5133.html HTTP/1.0" 301 70872 "-" "Mozilla/5.0 (compatible; YandexBot/3.0; +http://yandex.com/bots)"
77.88.5.208 - - [27/Apr/2022:00:50:03 +0200] "GET /-p-5133.html HTTP/1.0" 200 70806 "-" "Mozilla/5.0 (compatible; YandexBot/3.0; +http://yandex.com/bots)"
77.88.5.237 - - [27/Apr/2022:00:50:08 +0200] "GET /-p-5133.html HTTP/1.0" 200 70806 "-" "Mozilla/5.0 (compatible; YandexBot/3.0; +http://yandex.com/bots)"
154.54.249.18 - - [27/Apr/2022:00:50:15 +0200] "GET /decoration-thermometers-c-13_145.html HTTP/1.0" 200 91926 "-" "Mozilla/5.0 (compatible; Barkrowler/0.9; +https://babbar.tech/crawler)"
66.249.66.212 - - [27/Apr/2022:00:50:22 +0200] "GET /bear-lamp-white-shade-p-55826.html HTTP/1.0" 200 74309 "-" "Mozilla/5.0 (Linux; Android 6.0.1; Nexus 5X Build/MMB29P) AppleWebKit/537.36 (KHTML, like Gecko) Chrome/100.0.4896.127 Mobile Safari/537.36 (compatible; Googlebot/2.1; +http://www.google.com/bot.html)"
54.36.149.77 - - [27/Apr/2022:00:50:28 +0200] "GET /gorjuss-cards-supplied-with-an-envelope-sweet-cake-p-48388.html HTTP/1.0" 301 73881 "-" "Mozilla/5.0 (compatible; AhrefsBot/7.0; +http://ahrefs.com/robot/)"
154.54.249.18 - - [27/Apr/2022:00:50:39 +0200] "GET /robots.txt HTTP/1.0" 200 245 "-" "Mozilla/5.0 (compatible; Barkrowler/0.9; +https://babbar.tech/crawler)"
47.254.66.202 - - [27/Apr/2022:00:50:48 +0200] "GET /images/mini_prod/3453131139199.jpg HTTP/1.0" 200 269 "-" "Mozilla/5.0 (X11; Ubuntu; Linux x86_64; rv:72.0) Gecko/20100101 Firefox/72.0"
17.121.112.236 - - [27/Apr/2022:00:50:48 +0200] "GET /maisy-melamine-plate-p-15249.html HTTP/1.0" 200 73543 "-" "Mozilla/5.0 (Macintosh; Intel Mac OS X 10_15_5) AppleWebKit/605.1.15 (KHTML, like Gecko) Version/13.1.1 Safari/605.1.15 (Applebot/0.1; +http://www.apple.com/go/applebot)"
154.54.249.18 - - [27/Apr/2022:00:51:02 +0200] "GET /water-bottles-heaters-c-13_288.html HTTP/1.0" 200 91017 "-" "Mozilla/5.0 (compatible; Barkrowler/0.9; +https://babbar.tech/crawler)"
154.54.249.18 - - [27/Apr/2022:00:51:19 +0200] "GET /sponge-stand-c-12_256.html HTTP/1.0" 200 78001 "-" "Mozilla/5.0 (compatible; Barkrowler/0.9; +https://babbar.tech/crawler)"
54.36.148.162 - - [27/Apr/2022:00:51:20 +0200] "GET /love-and-heart-bedclothes-140-200-cm-p-43142.html HTTP/1.0" 301 70875 "-" "Mozilla/5.0 (compatible; AhrefsBot/7.0; +http://ahrefs.com/robot/)"
40.64.89.71 - - [27/Apr/2022:00:51:35 +0200] "GET /images/mini_prod/5701359679484.jpg HTTP/1.0" 200 269 "-" "Mozilla/5.0 (Windows NT 10.0; WOW64) AppleWebKit/537.36 (KHTML, like Gecko) Chrome/68.0.3440.106 Safari/537.36"
185.191.171.39 - - [27/Apr/2022:00:51:34 +0200] "GET /pink-lamp-spirit-charger-p-40380.html HTTP/1.0" 200 73654 "-" "Mozilla/5.0 (compatible; SemrushBot/7~bl; +http://www.semrush.com/bot.html)"
154.54.249.18 - - [27/Apr/2022:00:51:35 +0200] "GET /chimes-suspensions-c-13_241.html HTTP/1.0" 200 91141 "-" "Mozilla/5.0 (compatible; Barkrowler/0.9; +https://babbar.tech/crawler)"
40.77.167.0 - - [27/Apr/2022:00:51:44 +0200] "GET /lotus-candleholder-chakra-indigo-silverlining-p-35518.html HTTP/1.0" 200 75084 "-" "Mozilla/5.0 (compatible; bingbot/2.0; +http://www.bing.com/bingbot.htm)"
66.249.66.210 - - [27/Apr/2022:00:51:44 +0200] "GET /galileo-thermometer-indoors-p-55393.html HTTP/1.0" 200 74179 "-" "Mozilla/5.0 (Linux; Android 6.0.1; Nexus 5X Build/MMB29P) AppleWebKit/537.36 (KHTML, like Gecko) Chrome/100.0.4896.127 Mobile Safari/537.36 (compatible; Googlebot/2.1; +http://www.google.com/bot.html)"
51.68.224.127 - - [27/Apr/2022:00:51:52 +0200] "GET /adminweb/export_orders_xml.php?token=256de2z6edz6ed2z6DFSFsed2zed6zeDSFDSGdzedezfzf&maxorders=10&orderstart=1&status=14&start_date=2018-10-01 HTTP/1.0" 200 285 "-" "GesCom CharlotteBoutik Serveur"
51.68.224.127 - - [27/Apr/2022:00:51:52 +0200] "GET /adminweb/export_orders_xml.php?token=256de2z6edz6ed2z6DFSFsed2zed6zeDSFDSGdzedezfzf&maxorders=10&orderstart=1&status=6&start_date=2018-10-01 HTTP/1.0" 200 32798 "-" "GesCom CharlotteBoutik Serveur"
154.54.249.18 - - [27/Apr/2022:00:51:53 +0200] "GET /photo-frames-memo-clips-c-13_132.html HTTP/1.0" 200 91292 "-" "Mozilla/5.0 (compatible; Barkrowler/0.9; +https://babbar.tech/crawler)"
40.64.89.61 - - [27/Apr/2022:00:52:08 +0200] "GET /images/big_prod_3/028399270163a.jpg HTTP/1.0" 200 270 "-" "Mozilla/5.0 (Windows NT 10.0; WOW64) AppleWebKit/537.36 (KHTML, like Gecko) Chrome/68.0.3440.106 Safari/537.36"
154.54.249.18 - - [27/Apr/2022:00:52:10 +0200] "GET /stationery-cardmaking-c-129.html HTTP/1.0" 200 92851 "-" "Mozilla/5.0 (compatible; Barkrowler/0.9; +https://babbar.tech/crawler)"
185.191.171.12 - - [27/Apr/2022:00:52:19 +0200] "GET /gogh-little-tray-p-51668.html?action=add_product HTTP/1.0" 302 476 "-" "Mozilla/5.0 (compatible; SemrushBot/7~bl; +http://www.semrush.com/bot.html)"
154.54.249.18 - - [27/Apr/2022:00:52:27 +0200] "GET /fragrances-ambiance-c-231.html HTTP/1.0" 200 92956 "-" "Mozilla/5.0 (compatible; Barkrowler/0.9; +https://babbar.tech/crawler)"
154.54.249.18 - - [27/Apr/2022:00:52:44 +0200] "GET /small-boxes-pill-c-13_150_154.html HTTP/1.0" 200 90701 "-" "Mozilla/5.0 (compatible; Barkrowler/0.9; +https://babbar.tech/crawler)"
185.191.171.2 - - [27/Apr/2022:00:52:51 +0200] "GET /zodiac-black-women-tee-shirt-p-30807.html HTTP/1.0" 301 75529 "-" "Mozilla/5.0 (compatible; SemrushBot/7~bl; +http://www.semrush.com/bot.html)"
185.191.171.7 - - [27/Apr/2022:00:52:54 +0200] "GET /zodiac-black-women-shirt-p-30807.html HTTP/1.0" 200 75438 "-" "Mozilla/5.0 (compatible; SemrushBot/7~bl; +http://www.semrush.com/bot.html)"
154.54.249.18 - - [27/Apr/2022:00:53:01 +0200] "GET /salt-pepper-shaker-sets-c-12_160.html HTTP/1.0" 200 91021 "-" "Mozilla/5.0 (compatible; Barkrowler/0.9; +https://babbar.tech/crawler)"
66.249.66.214 - - [27/Apr/2022:00:53:06 +0200] "GET /japanese-dragon-cast-iron-teapot-p-54872.html HTTP/1.0" 200 74216 "-" "Mozilla/5.0 (Linux; Android 6.0.1; Nexus 5X Build/MMB29P) AppleWebKit/537.36 (KHTML, like Gecko) Chrome/100.0.4896.127 Mobile Safari/537.36 (compatible; Googlebot/2.1; +http://www.google.com/bot.html)"
95.139.183.5 - - [27/Apr/2022:00:53:11 +0200] "GET /contact_us.php HTTP/1.0" 301 539 "http://wonder-geek.com/contact_us.php" "Mozilla/5.0 (Windows NT 6.3; Win64; x64) AppleWebKit/537.36 (KHTML, like Gecko) Chrome/90.0.4430.85 Safari/537.36 Edg/90.0.818.49"
154.54.249.18 - - [27/Apr/2022:00:53:18 +0200] "GET /esotericism-lithotherapy-c-174.html HTTP/1.0" 200 90733 "-" "Mozilla/5.0 (compatible; Barkrowler/0.9; +https://babbar.tech/crawler)"
185.191.171.10 - - [27/Apr/2022:00:53:22 +0200] "GET /carved-chest-mango-wood-malle-p-45996.html HTTP/1.0" 200 70912 "-" "Mozilla/5.0 (compatible; SemrushBot/7~bl; +http://www.semrush.com/bot.html)"
154.54.249.18 - - [27/Apr/2022:00:53:35 +0200] "GET /large-maxi-trays-c-12_159_262.html HTTP/1.0" 200 89952 "-" "Mozilla/5.0 (compatible; Barkrowler/0.9; +https://babbar.tech/crawler)"
154.54.249.18 - - [27/Apr/2022:00:53:52 +0200] "GET /cardboard-boxes-storage-c-13_150_216.html HTTP/1.0" 200 78248 "-" "Mozilla/5.0 (compatible; Barkrowler/0.9; +https://babbar.tech/crawler)"
154.54.249.18 - - [27/Apr/2022:00:54:09 +0200] "GET /robots.txt HTTP/1.0" 200 245 "-" "Mozilla/5.0 (compatible; Barkrowler/0.9; +https://babbar.tech/crawler)"
40.91.113.104 - - [27/Apr/2022:00:54:10 +0200] "GET /images/mini_prod/3700653590855.jpg HTTP/1.0" 200 269 "-" "Mozilla/5.0 (Windows NT 6.1; WOW64) AppleWebKit/537.36 (KHTML, like Gecko) Chrome/45.0.2454.101 Safari/537.36"
157.55.39.172 - - [27/Apr/2022:00:54:18 +0200] "GET /wooden-decorative-plate-meilleur-p-53546.html HTTP/1.0" 200 73618 "-" "Mozilla/5.0 (compatible; bingbot/2.0; +http://www.bing.com/bingbot.htm)"
154.54.249.18 - - [27/Apr/2022:00:54:24 +0200] "GET /trays-medium-size-c-12_159_265.html HTTP/1.0" 200 90994 "-" "Mozilla/5.0 (compatible; Barkrowler/0.9; +https://babbar.tech/crawler)"
