113.207.6.244 - - [26/Apr/2022:11:49:54 +0200] "GET /images/mini_prod/3661443279476.jpg HTTP/1.0" 200 269 "-" "Mozilla/5.0 (X11; Ubuntu; Linux x86_64; rv:72.0) Gecko/20100101 Firefox/72.0"
66.249.66.214 - - [26/Apr/2022:11:50:02 +0200] "GET /white-lampshade-p-56279.html HTTP/1.0" 200 74128 "-" "Mozilla/5.0 (Linux; Android 6.0.1; Nexus 5X Build/MMB29P) AppleWebKit/537.36 (KHTML, like Gecko) Chrome/100.0.4896.127 Mobile Safari/537.36 (compatible; Googlebot/2.1; +http://www.google.com/bot.html)"
66.249.66.212 - - [26/Apr/2022:11:50:11 +0200] "GET /little-prince-rose-figurine-p-54991.html HTTP/1.0" 200 77273 "-" "Mozilla/5.0 (compatible; Googlebot/2.1; +http://www.google.com/bot.html)"
185.191.171.6 - - [26/Apr/2022:11:50:15 +0200] "GET /nici-penguin-wallet-p-33671.html?action=add_product HTTP/1.0" 302 476 "-" "Mozilla/5.0 (compatible; SemrushBot/7~bl; +http://www.semrush.com/bot.html)"
77.88.5.208 - - [26/Apr/2022:11:50:24 +0200] "GET /kimmidoll-kazumi-nail-files-p-31934.html HTTP/1.0" 200 73546 "-" "Mozilla/5.0 (compatible; YandexBot/3.0; +http://yandex.com/bots)"
157.90.128.183 - - [26/Apr/2022:11:50:35 +0200] "GET /images/mini_prod/1399984242544.jpg HTTP/1.0" 200 269 "-" "Mozilla/5.0 (X11; Ubuntu; Linux x86_64; rv:72.0) Gecko/20100101 Firefox/72.0"
185.191.171.38 - - [26/Apr/2022:11:50:35 +0200] "GET /the-little-prince-of-saint-exupery-wall-decoration-19-19-cm-p-45843.html HTTP/1.0" 301 73863 "-" "Mozilla/5.0 (compatible; SemrushBot/7~bl; +http://www.semrush.com/bot.html)"
54.36.148.38 - - [26/Apr/2022:11:50:37 +0200] "GET /so-sweet-black-women-tee-shirt-p-30993.html HTTP/1.0" 301 75520 "-" "Mozilla/5.0 (compatible; AhrefsBot/7.0; +http://ahrefs.com/robot/)"
185.191.171.11 - - [26/Apr/2022:11:50:38 +0200] "GET /little-prince-saint-exupery-wall-decoration-p-45843.html HTTP/1.0" 200 73753 "-" "Mozilla/5.0 (compatible; SemrushBot/7~bl; +http://www.semrush.com/bot.html)"
66.249.66.210 - - [26/Apr/2022:11:50:49 +0200] "GET /salt-with-wooden-spoon-mateline-p-54488.html HTTP/1.0" 200 73619 "-" "Mozilla/5.0 (compatible; Googlebot/2.1; +http://www.google.com/bot.html)"
185.191.171.19 - - [26/Apr/2022:11:50:49 +0200] "GET /led-dinosaur-nightlight-p-53121.html HTTP/1.0" 301 74704 "-" "Mozilla/5.0 (compatible; SemrushBot/7~bl; +http://www.semrush.com/bot.html)"
185.191.171.41 - - [26/Apr/2022:11:50:53 +0200] "GET /dinosaur-nightlight-p-53121.html HTTP/1.0" 200 74618 "-" "Mozilla/5.0 (compatible; SemrushBot/7~bl; +http://www.semrush.com/bot.html)"
185.191.171.15 - - [26/Apr/2022:11:50:57 +0200] "GET /artisan-plaster-thermometer-handcrafted-p-57999.html HTTP/1.0" 200 74522 "-" "Mozilla/5.0 (compatible; SemrushBot/7~bl; +http://www.semrush.com/bot.html)"
54.36.148.171 - - [26/Apr/2022:11:51:06 +0200] "GET /playmobil-british-soldier-p-21366.html HTTP/1.0" 301 70875 "-" "Mozilla/5.0 (compatible; AhrefsBot/7.0; +http://ahrefs.com/robot/)"
54.36.148.243 - - [26/Apr/2022:11:51:09 +0200] "GET /cushion-cover-p-52123.html HTTP/1.0" 200 73596 "-" "Mozilla/5.0 (compatible; AhrefsBot/7.0; +http://ahrefs.com/robot/)"
66.249.66.210 - - [26/Apr/2022:11:51:40 +0200] "GET /pendants-necklaces-c-3_214.html HTTP/1.0" 200 90843 "-" "Mozilla/5.0 (compatible; Googlebot/2.1; +http://www.google.com/bot.html)"
185.191.171.13 - - [26/Apr/2022:11:51:42 +0200] "GET /-p-40695.html?action=add_product HTTP/1.0" 302 476 "-" "Mozilla/5.0 (compatible; SemrushBot/7~bl; +http://www.semrush.com/bot.html)"
54.36.148.185 - - [26/Apr/2022:11:51:57 +0200] "GET /mickey-mouse-smile-small-suitcase-with-wheels-p-34784.html HTTP/1.0" 301 70875 "-" "Mozilla/5.0 (compatible; AhrefsBot/7.0; +http://ahrefs.com/robot/)"
185.191.171.10 - - [26/Apr/2022:11:52:00 +0200] "GET /nici-hippopotamus-plush-p-35173.html?action=add_product HTTP/1.0" 302 476 "-" "Mozilla/5.0 (compatible; SemrushBot/7~bl; +http://www.semrush.com/bot.html)"
66.249.66.212 - - [26/Apr/2022:11:52:22 +0200] "GET /aromatic-stearin-candle-100-hours-chakras-p-39495.html HTTP/1.0" 301 75842 "-" "Mozilla/5.0 (compatible; Googlebot/2.1; +http://www.google.com/bot.html)"
66.249.66.212 - - [26/Apr/2022:11:52:24 +0200] "GET /aromatic-stearin-candle-hours-chakras-p-39495.html HTTP/1.0" 200 75738 "-" "Mozilla/5.0 (compatible; Googlebot/2.1; +http://www.google.com/bot.html)"
54.36.148.243 - - [26/Apr/2022:11:52:24 +0200] "GET /blue-polyester-round-chair-cushion-p-47038.html HTTP/1.0" 200 74176 "-" "Mozilla/5.0 (compatible; AhrefsBot/7.0; +http://ahrefs.com/robot/)"
185.191.171.7 - - [26/Apr/2022:11:52:56 +0200] "GET /round-beige-black-woven-bamboo-leaf-placemat-p-56540.html HTTP/1.0" 200 74321 "-" "Mozilla/5.0 (compatible; SemrushBot/7~bl; +http://www.semrush.com/bot.html)"
185.191.171.9 - - [26/Apr/2022:11:53:03 +0200] "GET /home-decoration-c-13.html?page=204 HTTP/1.0" 200 93736 "-" "Mozilla/5.0 (compatible; SemrushBot/7~bl; +http://www.semrush.com/bot.html)"
66.249.66.212 - - [26/Apr/2022:11:53:08 +0200] "GET /porcelain-bowl-watermelon-p-54460.html HTTP/1.0" 200 73462 "-" "Mozilla/5.0 (Linux; Android 6.0.1; Nexus 5X Build/MMB29P) AppleWebKit/537.36 (KHTML, like Gecko) Chrome/100.0.4896.127 Mobile Safari/537.36 (compatible; Googlebot/2.1; +http://www.google.com/bot.html)"
54.36.148.243 - - [26/Apr/2022:11:53:32 +0200] "GET /gogh-coffee-p-48226.html HTTP/1.0" 200 74105 "-" "Mozilla/5.0 (compatible; AhrefsBot/7.0; +http://ahrefs.com/robot/)"
66.249.66.210 - - [26/Apr/2022:11:53:55 +0200] "GET /round-rattan-table-lamp-p-54575.html HTTP/1.0" 200 74544 "-" "Mozilla/5.0 (Linux; Android 6.0.1; Nexus 5X Build/MMB29P) AppleWebKit/537.36 (KHTML, like Gecko) Chrome/100.0.4896.127 Mobile Safari/537.36 (compatible; Googlebot/2.1; +http://www.google.com/bot.html)"
185.191.171.15 - - [26/Apr/2022:11:54:02 +0200] "GET /bears-decoration-statuette-p-55944.html HTTP/1.0" 200 74129 "-" "Mozilla/5.0 (compatible; SemrushBot/7~bl; +http://www.semrush.com/bot.html)"
185.191.171.7 - - [26/Apr/2022:11:54:06 +0200] "GET /decorations-and-furnishings/lighting/hello-kitty-gothic-lava-lamp-p-4176.html HTTP/1.0" 301 70872 "-" "Mozilla/5.0 (compatible; SemrushBot/7~bl; +http://www.semrush.com/bot.html)"
185.191.171.4 - - [26/Apr/2022:11:54:09 +0200] "GET /-p-4176.html HTTP/1.0" 200 70806 "-" "Mozilla/5.0 (compatible; SemrushBot/7~bl; +http://www.semrush.com/bot.html)"
185.191.171.15 - - [26/Apr/2022:11:54:31 +0200] "GET /pouch-kiub-collection-p-54786.html HTTP/1.0" 200 73671 "-" "Mozilla/5.0 (compatible; SemrushBot/7~bl; +http://www.semrush.com/bot.html)"
54.36.148.243 - - [26/Apr/2022:11:54:39 +0200] "GET /motorcycle-tank-wall-decor-p-51443.html HTTP/1.0" 200 73530 "-" "Mozilla/5.0 (compatible; AhrefsBot/7.0; +http://ahrefs.com/robot/)"
66.249.66.214 - - [26/Apr/2022:11:54:41 +0200] "GET /woodlove-charming-dekor-bedclothes-p-36434.html HTTP/1.0" 200 74343 "-" "Mozilla/5.0 (compatible; Googlebot/2.1; +http://www.google.com/bot.html)"
54.36.148.12 - - [26/Apr/2022:11:55:03 +0200] "GET /hello-kitty-cap-p-22240.html HTTP/1.0" 301 70875 "-" "Mozilla/5.0 (compatible; AhrefsBot/7.0; +http://ahrefs.com/robot/)"
77.88.5.208 - - [26/Apr/2022:11:55:05 +0200] "GET /green-perfume-diffuser-p-35889.html HTTP/1.0" 200 73563 "-" "Mozilla/5.0 (compatible; YandexBot/3.0; +http://yandex.com/bots)"
51.68.224.127 - - [26/Apr/2022:11:55:26 +0200] "GET /adminweb/export_orders_xml.php?token=256de2z6edz6ed2z6DFSFsed2zed6zeDSFDSGdzedezfzf&maxorders=10&orderstart=1&status=14&start_date=2018-10-01 HTTP/1.0" 200 285 "-" "GesCom CharlotteBoutik Serveur"
51.68.224.127 - - [26/Apr/2022:11:55:26 +0200] "GET /adminweb/export_orders_xml.php?token=256de2z6edz6ed2z6DFSFsed2zed6zeDSFDSGdzedezfzf&maxorders=10&orderstart=1&status=6&start_date=2018-10-01 HTTP/1.0" 200 32798 "-" "GesCom CharlotteBoutik Serveur"
66.249.66.210 - - [26/Apr/2022:11:55:28 +0200] "GET /stop-books-shape-white-face-p-55540.html HTTP/1.0" 200 74202 "-" "Mozilla/5.0 (Linux; Android 6.0.1; Nexus 5X Build/MMB29P) AppleWebKit/537.36 (KHTML, like Gecko) Chrome/100.0.4896.127 Mobile Safari/537.36 (compatible; Googlebot/2.1; +http://www.google.com/bot.html)"
54.36.148.243 - - [26/Apr/2022:11:55:50 +0200] "GET /littlest-petshop-tights-p-31089.html HTTP/1.0" 200 74882 "-" "Mozilla/5.0 (compatible; AhrefsBot/7.0; +http://ahrefs.com/robot/)"
66.249.66.212 - - [26/Apr/2022:11:56:14 +0200] "GET /models-replicas-c-4_140.html HTTP/1.0" 200 86077 "-" "Mozilla/5.0 (compatible; Googlebot/2.1; +http://www.google.com/bot.html)"
77.88.5.208 - - [26/Apr/2022:11:56:18 +0200] "GET /pink-star-money-p-47763.html HTTP/1.0" 200 70866 "-" "Mozilla/5.0 (compatible; YandexBot/3.0; +http://yandex.com/bots)"
183.156.103.56 - - [26/Apr/2022:11:56:21 +0200] "GET /contact_us.php HTTP/1.0" 200 26241 "http://www.wonder-geek.com/contact_us.php" "Mozilla/5.0 (Windows NT 10.0; Win64; x64) AppleWebKit/537.36 (KHTML, like Gecko) Chrome/83.0.4096.0 Safari/537.36"
66.249.66.210 - - [26/Apr/2022:11:56:23 +0200] "GET /ceramic-dish-p-45516.html HTTP/1.0" 200 73388 "-" "Mozilla/5.0 (Linux; Android 6.0.1; Nexus 5X Build/MMB29P) AppleWebKit/537.36 (KHTML, like Gecko) Chrome/100.0.4896.127 Mobile Safari/537.36 (compatible; Googlebot/2.1; +http://www.google.com/bot.html)"
185.191.171.19 - - [26/Apr/2022:11:56:36 +0200] "GET /stone-green-opal-grams-p-46622.html?action=add_product HTTP/1.0" 302 476 "-" "Mozilla/5.0 (compatible; SemrushBot/7~bl; +http://www.semrush.com/bot.html)"
66.249.66.210 - - [26/Apr/2022:11:57:01 +0200] "GET /large-postbag-p-3531.html HTTP/1.0" 200 70856 "-" "Mozilla/5.0 (Linux; Android 6.0.1; Nexus 5X Build/MMB29P) AppleWebKit/537.36 (KHTML, like Gecko) Chrome/100.0.4896.127 Mobile Safari/537.36 (compatible; Googlebot/2.1; +http://www.google.com/bot.html)"
185.191.171.9 - - [26/Apr/2022:11:57:02 +0200] "GET /french-bulldog-pill-p-32053.html?action=add_product HTTP/1.0" 302 476 "-" "Mozilla/5.0 (compatible; SemrushBot/7~bl; +http://www.semrush.com/bot.html)"
211.249.40.15 - - [26/Apr/2022:11:57:08 +0200] "GET /images/mini_prod/3438100345672.jpg HTTP/1.0" 200 269 "-" "Mozilla/5.0 (X11; Ubuntu; Linux x86_64; rv:72.0) Gecko/20100101 Firefox/72.0"
54.36.148.243 - - [26/Apr/2022:11:57:09 +0200] "GET /jamaican-clock-p-24958.html HTTP/1.0" 200 73373 "-" "Mozilla/5.0 (compatible; AhrefsBot/7.0; +http://ahrefs.com/robot/)"
183.156.103.56 - - [26/Apr/2022:11:57:15 +0200] "GET /contact_us.php HTTP/1.0" 200 26241 "http://www.wonder-geek.com/contact_us.php" "Mozilla/5.0 (Windows NT 10.0; Win64; x64) AppleWebKit/537.36 (KHTML, like Gecko) Chrome/83.0.4096.0 Safari/537.36"
185.191.171.21 - - [26/Apr/2022:11:57:36 +0200] "GET /white-statuette-p-43102.html?action=add_product HTTP/1.0" 302 476 "-" "Mozilla/5.0 (compatible; SemrushBot/7~bl; +http://www.semrush.com/bot.html)"
66.249.66.210 - - [26/Apr/2022:11:57:47 +0200] "GET /wooden-boxes-storage-c-13_150_220.html HTTP/1.0" 200 90941 "-" "Mozilla/5.0 (Linux; Android 6.0.1; Nexus 5X Build/MMB29P) AppleWebKit/537.36 (KHTML, like Gecko) Chrome/100.0.4896.127 Mobile Safari/537.36 (compatible; Googlebot/2.1; +http://www.google.com/bot.html)"
183.156.103.56 - - [26/Apr/2022:11:58:08 +0200] "GET /contact_us.php?language=fr HTTP/1.0" 200 26161 "http://www.wonder-geek.com/contact_us.php?language=fr" "Mozilla/5.0 (Windows NT 10.0; Win64; x64) AppleWebKit/537.36 (KHTML, like Gecko) Chrome/83.0.4096.0 Safari/537.36"
185.191.171.39 - - [26/Apr/2022:11:58:22 +0200] "GET /bookend-cats-p-56152.html?action=add_product HTTP/1.0" 302 476 "-" "Mozilla/5.0 (compatible; SemrushBot/7~bl; +http://www.semrush.com/bot.html)"
54.36.148.243 - - [26/Apr/2022:11:58:27 +0200] "GET /with-infuser-bloomy-p-57265.html HTTP/1.0" 200 73530 "-" "Mozilla/5.0 (compatible; AhrefsBot/7.0; +http://ahrefs.com/robot/)"
66.249.66.210 - - [26/Apr/2022:11:58:34 +0200] "GET /the-little-prince-eyeglass-case-p-45822.html HTTP/1.0" 301 73643 "-" "Mozilla/5.0 (compatible; Googlebot/2.1; +http://www.google.com/bot.html)"
66.249.66.212 - - [26/Apr/2022:11:58:36 +0200] "GET /little-prince-eyeglass-case-p-45822.html HTTP/1.0" 200 73549 "-" "Mozilla/5.0 (compatible; Googlebot/2.1; +http://www.google.com/bot.html)"
66.249.66.212 - - [26/Apr/2022:11:58:38 +0200] "GET /images/big_prod/3442440261561.jpg HTTP/1.0" 200 268 "-" "Googlebot-Image/1.0"
185.191.171.21 - - [26/Apr/2022:11:58:39 +0200] "GET /porcelain-pineapple-night-light-p-42372.html HTTP/1.0" 200 73612 "-" "Mozilla/5.0 (compatible; SemrushBot/7~bl; +http://www.semrush.com/bot.html)"
17.121.112.146 - - [26/Apr/2022:11:58:47 +0200] "GET /images/mini_prod/8422001898806.jpg HTTP/1.0" 200 269 "-" "Mozilla/5.0 (Macintosh; Intel Mac OS X 10_15_5) AppleWebKit/605.1.15 (KHTML, like Gecko) Version/13.1.1 Safari/605.1.15 (Applebot/0.1; +http://www.apple.com/go/applebot)"
183.156.103.56 - - [26/Apr/2022:11:59:02 +0200] "GET /index.php HTTP/1.0" 200 150846 "http://www.wonder-geek.com/index.php" "Mozilla/5.0 (Windows NT 10.0; Win64; x64) AppleWebKit/537.36 (KHTML, like Gecko) Chrome/83.0.4096.0 Safari/537.36"
66.249.66.210 - - [26/Apr/2022:11:59:20 +0200] "GET /bread-c-13_150_211.html HTTP/1.0" 200 78468 "-" "Mozilla/5.0 (Linux; Android 6.0.1; Nexus 5X Build/MMB29P) AppleWebKit/537.36 (KHTML, like Gecko) Chrome/100.0.4896.127 Mobile Safari/537.36 (compatible; Googlebot/2.1; +http://www.google.com/bot.html)"
54.36.148.231 - - [26/Apr/2022:11:59:23 +0200] "GET /cotton-floor-cushion-orylia-40-40-30-cm-p-43757.html HTTP/1.0" 301 70875 "-" "Mozilla/5.0 (compatible; AhrefsBot/7.0; +http://ahrefs.com/robot/)"
77.88.5.208 - - [26/Apr/2022:11:59:29 +0200] "GET /decorative-canvas-terrestrial-globe-hang-p-56050.html HTTP/1.0" 200 74563 "-" "Mozilla/5.0 (compatible; YandexBot/3.0; +http://yandex.com/bots)"
40.91.78.237 - - [26/Apr/2022:11:59:34 +0200] "GET /images/mini_prod/8422020415008.jpg HTTP/1.0" 200 269 "-" "Mozilla/5.0 (Windows NT 10.0; WOW64) AppleWebKit/537.36 (KHTML, like Gecko) Chrome/64.0.3282.186 Safari/537.36"
54.36.148.243 - - [26/Apr/2022:11:59:41 +0200] "GET /pencil-cbkreation-p-43446.html HTTP/1.0" 200 73440 "-" "Mozilla/5.0 (compatible; AhrefsBot/7.0; +http://ahrefs.com/robot/)"
183.156.103.56 - - [26/Apr/2022:11:59:58 +0200] "GET /index.php HTTP/1.0" 200 151230 "http://www.wonder-geek.com/index.php" "Mozilla/5.0 (Windows NT 10.0; Win64; x64) AppleWebKit/537.36 (KHTML, like Gecko) Chrome/83.0.4096.0 Safari/537.36"
185.191.171.10 - - [26/Apr/2022:12:00:00 +0200] "GET /corsica-placemat-p-47174.html?action=add_product HTTP/1.0" 302 476 "-" "Mozilla/5.0 (compatible; SemrushBot/7~bl; +http://www.semrush.com/bot.html)"
185.191.171.43 - - [26/Apr/2022:12:00:03 +0200] "GET /long-beach-wooden-wall-decoration-hang-p-48844.html?action=add_product HTTP/1.0" 302 476 "-" "Mozilla/5.0 (compatible; SemrushBot/7~bl; +http://www.semrush.com/bot.html)"
66.249.66.214 - - [26/Apr/2022:12:00:07 +0200] "GET /blooms-michelle-allen-designs-coasters-p-54545.html HTTP/1.0" 200 74360 "-" "Mozilla/5.0 (Linux; Android 6.0.1; Nexus 5X Build/MMB29P) AppleWebKit/537.36 (KHTML, like Gecko) Chrome/100.0.4896.127 Mobile Safari/537.36 (compatible; Googlebot/2.1; +http://www.google.com/bot.html)"
185.191.171.4 - - [26/Apr/2022:12:00:36 +0200] "GET /hanging-iron-structure-tortoise-35-35-cm-green-p-40258.html HTTP/1.0" 301 71076 "-" "Mozilla/5.0 (compatible; SemrushBot/7~bl; +http://www.semrush.com/bot.html)"
185.191.171.10 - - [26/Apr/2022:12:00:39 +0200] "GET /hanging-iron-structure-tortoise-green-p-40258.html HTTP/1.0" 200 70972 "-" "Mozilla/5.0 (compatible; SemrushBot/7~bl; +http://www.semrush.com/bot.html)"
66.249.66.212 - - [26/Apr/2022:12:00:53 +0200] "GET /lego-star-wars-lite-keychains-p-27077.html HTTP/1.0" 200 73694 "-" "Mozilla/5.0 (compatible; Googlebot/2.1; +http://www.google.com/bot.html)"
185.191.171.11 - - [26/Apr/2022:12:00:55 +0200] "GET /indian-elephant-coasters-p-55595.html?action=add_product HTTP/1.0" 302 476 "-" "Mozilla/5.0 (compatible; SemrushBot/7~bl; +http://www.semrush.com/bot.html)"
54.36.148.243 - - [26/Apr/2022:12:00:56 +0200] "GET /bedclothes-gomix-p-53458.html HTTP/1.0" 200 73588 "-" "Mozilla/5.0 (compatible; AhrefsBot/7.0; +http://ahrefs.com/robot/)"
216.244.66.242 - - [26/Apr/2022:12:01:06 +0200] "GET /robots.txt HTTP/1.0" 200 245 "-" "Mozilla/5.0 (compatible; DotBot/1.2; +https://opensiteexplorer.org/dotbot; help@moz.com)"
54.36.148.25 - - [26/Apr/2022:12:01:35 +0200] "GET /hello-kitty-adult-umbrella-p-20512.html HTTP/1.0" 301 70875 "-" "Mozilla/5.0 (compatible; AhrefsBot/7.0; +http://ahrefs.com/robot/)"
77.88.5.208 - - [26/Apr/2022:12:01:38 +0200] "GET /-p-34635.html HTTP/1.0" 200 70808 "-" "Mozilla/5.0 (compatible; YandexBot/3.0; +http://yandex.com/bots)"
66.249.66.212 - - [26/Apr/2022:12:01:40 +0200] "GET /plus-plus-pieces-midi-basic-p-19762.html HTTP/1.0" 200 74362 "-" "Mozilla/5.0 (compatible; Googlebot/2.1; +http://www.google.com/bot.html)"
185.191.171.25 - - [26/Apr/2022:12:01:58 +0200] "GET /albania-mousepad-cbkreation-p-36708.html HTTP/1.0" 200 73519 "-" "Mozilla/5.0 (compatible; SemrushBot/7~bl; +http://www.semrush.com/bot.html)"
17.121.114.2 - - [26/Apr/2022:12:02:00 +0200] "GET /images/mini_prod/1399986101924.jpg HTTP/1.0" 200 269 "-" "Mozilla/5.0 (Macintosh; Intel Mac OS X 10_15_5) AppleWebKit/605.1.15 (KHTML, like Gecko) Version/13.1.1 Safari/605.1.15 (Applebot/0.1; +http://www.apple.com/go/applebot)"
54.36.148.243 - - [26/Apr/2022:12:02:08 +0200] "GET /little-prince-green-jewelry-p-53235.html HTTP/1.0" 200 74534 "-" "Mozilla/5.0 (compatible; AhrefsBot/7.0; +http://ahrefs.com/robot/)"
185.191.171.5 - - [26/Apr/2022:12:02:11 +0200] "GET /fragrance-sachet-welcome-home-p-40536.html HTTP/1.0" 200 74171 "-" "Mozilla/5.0 (compatible; SemrushBot/7~bl; +http://www.semrush.com/bot.html)"
185.191.171.37 - - [26/Apr/2022:12:02:16 +0200] "GET /volkswagen-mini-magnets-enamelled-p-31623.html HTTP/1.0" 200 73782 "-" "Mozilla/5.0 (compatible; SemrushBot/7~bl; +http://www.semrush.com/bot.html)"
183.156.103.56 - - [26/Apr/2022:12:02:20 +0200] "GET /index.php HTTP/1.0" 200 151635 "http://www.wonder-geek.com/index.php" "Mozilla/5.0 (Windows NT 10.0; Win64; x64) AppleWebKit/537.36 (KHTML, like Gecko) Chrome/83.0.4096.0 Safari/537.36"
185.191.171.16 - - [26/Apr/2022:12:02:26 +0200] "GET /london-cookware-cbkreation-p-29706.html HTTP/1.0" 200 73498 "-" "Mozilla/5.0 (compatible; SemrushBot/7~bl; +http://www.semrush.com/bot.html)"
66.249.66.214 - - [26/Apr/2022:12:02:27 +0200] "GET /accessories/accessories-mobiles/white-samsung-galaxy-note-moustach-phone-cover-p-16977.html HTTP/1.0" 301 71175 "-" "Mozilla/5.0 (compatible; Googlebot/2.1; +http://www.google.com/bot.html)"
47.254.91.80 - - [26/Apr/2022:12:02:29 +0200] "GET /images/mini_prod/3438100322253.jpg HTTP/1.0" 200 269 "-" "Mozilla/5.0 (X11; Ubuntu; Linux x86_64; rv:72.0) Gecko/20100101 Firefox/72.0"
66.249.66.214 - - [26/Apr/2022:12:02:29 +0200] "GET /white-samsung-galaxy-note-moustach-phone-cover-cbkreation-p-16977.html HTTP/1.0" 200 71051 "-" "Mozilla/5.0 (compatible; Googlebot/2.1; +http://www.google.com/bot.html)"
17.121.113.75 - - [26/Apr/2022:12:02:59 +0200] "GET /images/mini_prod/3453131122962.jpg HTTP/1.0" 200 269 "-" "Mozilla/5.0 (Macintosh; Intel Mac OS X 10_15_5) AppleWebKit/605.1.15 (KHTML, like Gecko) Version/13.1.1 Safari/605.1.15 (Applebot/0.1; +http://www.apple.com/go/applebot)"
185.191.171.42 - - [26/Apr/2022:12:03:07 +0200] "GET /comptoir-du-cafe-kitchen-towel-p-51419.html HTTP/1.0" 301 73612 "-" "Mozilla/5.0 (compatible; SemrushBot/7~bl; +http://www.semrush.com/bot.html)"
185.191.171.19 - - [26/Apr/2022:12:03:10 +0200] "GET /comptoir-kitchen-towel-p-51419.html HTTP/1.0" 200 73523 "-" "Mozilla/5.0 (compatible; SemrushBot/7~bl; +http://www.semrush.com/bot.html)"
66.249.66.210 - - [26/Apr/2022:12:03:13 +0200] "GET /foldable-terrasse-soir-gogh-p-54985.html HTTP/1.0" 200 73873 "-" "Mozilla/5.0 (Linux; Android 6.0.1; Nexus 5X Build/MMB29P) AppleWebKit/537.36 (KHTML, like Gecko) Chrome/100.0.4896.127 Mobile Safari/537.36 (compatible; Googlebot/2.1; +http://www.google.com/bot.html)"
54.36.148.243 - - [26/Apr/2022:12:03:17 +0200] "GET /scent-heart-home-ruby-pomegranate-p-51058.html HTTP/1.0" 200 73888 "-" "Mozilla/5.0 (compatible; AhrefsBot/7.0; +http://ahrefs.com/robot/)"
185.191.171.42 - - [26/Apr/2022:12:03:22 +0200] "GET /robocar-poli-heli-plush-p-18558.html HTTP/1.0" 301 70875 "-" "Mozilla/5.0 (compatible; SemrushBot/7~bl; +http://www.semrush.com/bot.html)"
185.191.171.2 - - [26/Apr/2022:12:03:26 +0200] "GET /-p-18558.html HTTP/1.0" 200 70808 "-" "Mozilla/5.0 (compatible; SemrushBot/7~bl; +http://www.semrush.com/bot.html)"
185.191.171.36 - - [26/Apr/2022:12:03:32 +0200] "GET /glasses-drinking-c-12_62.html?page=2 HTTP/1.0" 200 91753 "-" "Mozilla/5.0 (compatible; SemrushBot/7~bl; +http://www.semrush.com/bot.html)"
185.191.171.12 - - [26/Apr/2022:12:03:43 +0200] "GET /isothermal-lunch-bag-je-ronronne-donc-je-suis-p-48629.html HTTP/1.0" 301 71064 "-" "Mozilla/5.0 (compatible; SemrushBot/7~bl; +http://www.semrush.com/bot.html)"
40.64.89.41 - - [26/Apr/2022:12:03:46 +0200] "GET /images/mini_prod/3503420074776.jpg HTTP/1.0" 200 269 "-" "Mozilla/4.0 (compatible; MSIE 7.0; Windows NT 6.0)"
185.191.171.1 - - [26/Apr/2022:12:03:46 +0200] "GET /isothermal-lunch-ronronne-donc-suis-p-48629.html HTTP/1.0" 200 70962 "-" "Mozilla/5.0 (compatible; SemrushBot/7~bl; +http://www.semrush.com/bot.html)"
66.249.66.210 - - [26/Apr/2022:12:04:00 +0200] "GET /cushion-headboard-c-11_173.html HTTP/1.0" 200 88359 "-" "Mozilla/5.0 (compatible; Googlebot/2.1; +http://www.google.com/bot.html)"
185.191.171.8 - - [26/Apr/2022:12:04:04 +0200] "GET /ceramic-salt-with-spoon-cordelia-p-50630.html HTTP/1.0" 200 73518 "-" "Mozilla/5.0 (compatible; SemrushBot/7~bl; +http://www.semrush.com/bot.html)"
185.191.171.13 - - [26/Apr/2022:12:04:20 +0200] "GET /saint-anthony-prayer-candle-novena-p-44453.html HTTP/1.0" 200 74304 "-" "Mozilla/5.0 (compatible; SemrushBot/7~bl; +http://www.semrush.com/bot.html)"
54.36.148.243 - - [26/Apr/2022:12:04:21 +0200] "GET /beer-glass-bottle-opener-p-53489.html HTTP/1.0" 200 74466 "-" "Mozilla/5.0 (compatible; AhrefsBot/7.0; +http://ahrefs.com/robot/)"
17.121.113.19 - - [26/Apr/2022:12:04:31 +0200] "GET /images/mini_prod/1300000172684.jpg HTTP/1.0" 200 269 "-" "Mozilla/5.0 (Macintosh; Intel Mac OS X 10_15_5) AppleWebKit/605.1.15 (KHTML, like Gecko) Version/13.1.1 Safari/605.1.15 (Applebot/0.1; +http://www.apple.com/go/applebot)"
66.249.66.210 - - [26/Apr/2022:12:04:46 +0200] "GET /incense-stick-holder-flowers-p-55241.html HTTP/1.0" 200 74482 "-" "Mozilla/5.0 (compatible; Googlebot/2.1; +http://www.google.com/bot.html)"
54.36.148.192 - - [26/Apr/2022:12:04:56 +0200] "GET /star-wars-kylo-ren-suitcase-p-34776.html HTTP/1.0" 301 70875 "-" "Mozilla/5.0 (compatible; AhrefsBot/7.0; +http://ahrefs.com/robot/)"
185.191.171.44 - - [26/Apr/2022:12:05:15 +0200] "GET /geometric-motif-table-lamp-p-49888.html?action=add_product HTTP/1.0" 302 476 "-" "Mozilla/5.0 (compatible; SemrushBot/7~bl; +http://www.semrush.com/bot.html)"
185.191.171.20 - - [26/Apr/2022:12:05:19 +0200] "GET /large-candle-guardian-angel-p-57839.html?action=add_product HTTP/1.0" 302 476 "-" "Mozilla/5.0 (compatible; SemrushBot/7~bl; +http://www.semrush.com/bot.html)"
66.249.66.210 - - [26/Apr/2022:12:05:33 +0200] "GET /hand-fatima-candle-holder-p-48032.html HTTP/1.0" 200 73567 "-" "Mozilla/5.0 (Linux; Android 6.0.1; Nexus 5X Build/MMB29P) AppleWebKit/537.36 (KHTML, like Gecko) Chrome/100.0.4896.127 Mobile Safari/537.36 (compatible; Googlebot/2.1; +http://www.google.com/bot.html)"
185.191.171.2 - - [26/Apr/2022:12:05:37 +0200] "GET /glass-cutting-board-cbkreation-p-51284.html?action=add_product HTTP/1.0" 302 476 "-" "Mozilla/5.0 (compatible; SemrushBot/7~bl; +http://www.semrush.com/bot.html)"
54.36.148.243 - - [26/Apr/2022:12:05:38 +0200] "GET /espresso-cups-love-corsica-p-54767.html HTTP/1.0" 200 74202 "-" "Mozilla/5.0 (compatible; AhrefsBot/7.0; +http://ahrefs.com/robot/)"
40.64.89.71 - - [26/Apr/2022:12:05:40 +0200] "GET /images/mini_prod/3418175613005.jpg HTTP/1.0" 200 269 "-" "Mozilla/5.0 (Macintosh; U; PPC Mac OS X 10.5; en-US; rv:1.9.2.15) Gecko/20110303 Firefox/3.6.15"
157.90.128.183 - - [26/Apr/2022:12:05:43 +0200] "GET /images/mini_prod/3503420065637N.jpg HTTP/1.0" 200 270 "-" "Mozilla/5.0 (X11; Ubuntu; Linux x86_64; rv:72.0) Gecko/20100101 Firefox/72.0"
17.121.114.152 - - [26/Apr/2022:12:05:53 +0200] "GET /images/mini_prod/16032012DSCN0003.jpg HTTP/1.0" 200 272 "-" "Mozilla/5.0 (Macintosh; Intel Mac OS X 10_15_5) AppleWebKit/605.1.15 (KHTML, like Gecko) Version/13.1.1 Safari/605.1.15 (Applebot/0.1; +http://www.apple.com/go/applebot)"
66.249.66.210 - - [26/Apr/2022:12:06:19 +0200] "GET /coconut-fibers-doormat-tiles-p-56983.html HTTP/1.0" 200 74399 "-" "Mozilla/5.0 (Linux; Android 6.0.1; Nexus 5X Build/MMB29P) AppleWebKit/537.36 (KHTML, like Gecko) Chrome/100.0.4896.127 Mobile Safari/537.36 (compatible; Googlebot/2.1; +http://www.google.com/bot.html)"
54.36.148.243 - - [26/Apr/2022:12:06:49 +0200] "GET /metal-wood-retro-lamp-p-41261.html HTTP/1.0" 200 73646 "-" "Mozilla/5.0 (compatible; AhrefsBot/7.0; +http://ahrefs.com/robot/)"
54.36.148.183 - - [26/Apr/2022:12:06:51 +0200] "GET /london-bus-ashtray-p-36623.html HTTP/1.0" 301 73459 "-" "Mozilla/5.0 (compatible; AhrefsBot/7.0; +http://ahrefs.com/robot/)"
66.249.66.212 - - [26/Apr/2022:12:07:06 +0200] "GET /mani-lucky-glasses-case-p-42404.html HTTP/1.0" 200 74174 "-" "Mozilla/5.0 (compatible; Googlebot/2.1; +http://www.google.com/bot.html)"
113.207.6.244 - - [26/Apr/2022:12:07:19 +0200] "GET /images/mini_prod/1384000000307.jpg HTTP/1.0" 200 269 "-" "Mozilla/5.0 (X11; Ubuntu; Linux x86_64; rv:72.0) Gecko/20100101 Firefox/72.0"
185.191.171.34 - - [26/Apr/2022:12:07:21 +0200] "GET /-p-36313.html?action=add_product HTTP/1.0" 302 476 "-" "Mozilla/5.0 (compatible; SemrushBot/7~bl; +http://www.semrush.com/bot.html)"
185.191.171.11 - - [26/Apr/2022:12:07:24 +0200] "GET /dubout-cats-cookie-jar-p-41040.html HTTP/1.0" 301 73520 "-" "Mozilla/5.0 (compatible; SemrushBot/7~bl; +http://www.semrush.com/bot.html)"
207.46.13.182 - - [26/Apr/2022:12:07:27 +0200] "GET /personalized-products-c-97.html?page=2 HTTP/1.0" 200 91706 "-" "Mozilla/5.0 (compatible; bingbot/2.0; +http://www.bing.com/bingbot.htm)"
185.191.171.34 - - [26/Apr/2022:12:07:28 +0200] "GET /dubout-cats-cookie-p-41040.html HTTP/1.0" 200 73435 "-" "Mozilla/5.0 (compatible; SemrushBot/7~bl; +http://www.semrush.com/bot.html)"
185.191.171.3 - - [26/Apr/2022:12:07:36 +0200] "GET /night-light-shape-fawn-p-52618.html HTTP/1.0" 200 74186 "-" "Mozilla/5.0 (compatible; SemrushBot/7~bl; +http://www.semrush.com/bot.html)"
185.191.171.9 - - [26/Apr/2022:12:07:46 +0200] "GET /candle-hours-sandalwood-vanilla-p-37310.html HTTP/1.0" 200 74765 "-" "Mozilla/5.0 (compatible; SemrushBot/7~bl; +http://www.semrush.com/bot.html)"
66.249.66.212 - - [26/Apr/2022:12:07:52 +0200] "GET /spongebob-food-melamine-plate-p-54787.html HTTP/1.0" 200 73471 "-" "Mozilla/5.0 (compatible; Googlebot/2.1; +http://www.google.com/bot.html)"
54.36.148.243 - - [26/Apr/2022:12:07:57 +0200] "GET /carpet-p-52811.html HTTP/1.0" 200 73534 "-" "Mozilla/5.0 (compatible; AhrefsBot/7.0; +http://ahrefs.com/robot/)"
66.249.66.210 - - [26/Apr/2022:12:08:39 +0200] "GET /vilaines-filles-beach-towel-p-51710.html HTTP/1.0" 200 73593 "-" "Mozilla/5.0 (compatible; Googlebot/2.1; +http://www.google.com/bot.html)"
54.36.148.243 - - [26/Apr/2022:12:09:07 +0200] "GET /dopey-figurine-britto-p-51612.html HTTP/1.0" 200 73517 "-" "Mozilla/5.0 (compatible; AhrefsBot/7.0; +http://ahrefs.com/robot/)"
54.36.148.243 - - [26/Apr/2022:12:09:15 +0200] "GET /barbapapa-family-pink-cover-ipad-and-tablets-p-17616.html HTTP/1.0" 301 70875 "-" "Mozilla/5.0 (compatible; AhrefsBot/7.0; +http://ahrefs.com/robot/)"
185.191.171.37 - - [26/Apr/2022:12:09:16 +0200] "GET /kids-school-p-18788.html?action=add_product HTTP/1.0" 302 476 "-" "Mozilla/5.0 (compatible; SemrushBot/7~bl; +http://www.semrush.com/bot.html)"
185.191.171.9 - - [26/Apr/2022:12:09:20 +0200] "GET /cotton-glove-holder-p-57977.html HTTP/1.0" 200 74427 "-" "Mozilla/5.0 (compatible; SemrushBot/7~bl; +http://www.semrush.com/bot.html)"
66.249.66.212 - - [26/Apr/2022:12:09:25 +0200] "GET /galileo-thermometer-indoors-p-55397.html HTTP/1.0" 200 74183 "-" "Mozilla/5.0 (Linux; Android 6.0.1; Nexus 5X Build/MMB29P) AppleWebKit/537.36 (KHTML, like Gecko) Chrome/100.0.4896.127 Mobile Safari/537.36 (compatible; Googlebot/2.1; +http://www.google.com/bot.html)"
54.36.148.152 - - [26/Apr/2022:12:09:52 +0200] "GET /teo-jasmin-small-lamp-p-29331.html HTTP/1.0" 301 70875 "-" "Mozilla/5.0 (compatible; AhrefsBot/7.0; +http://ahrefs.com/robot/)"
66.249.66.214 - - [26/Apr/2022:12:10:12 +0200] "GET /board-games-c-4_47.html HTTP/1.0" 200 76146 "-" "Mozilla/5.0 (Linux; Android 6.0.1; Nexus 5X Build/MMB29P) AppleWebKit/537.36 (KHTML, like Gecko) Chrome/100.0.4896.127 Mobile Safari/537.36 (compatible; Googlebot/2.1; +http://www.google.com/bot.html)"
66.249.66.210 - - [26/Apr/2022:12:10:14 +0200] "GET /mala-amethyst-beads-p-51005.html HTTP/1.0" 200 76096 "-" "Mozilla/5.0 (Linux; Android 6.0.1; Nexus 5X Build/MMB29P) AppleWebKit/537.36 (KHTML, like Gecko) Chrome/100.0.4896.127 Mobile Safari/537.36 (compatible; Googlebot/2.1; +http://www.google.com/bot.html)"
20.99.154.172 - - [26/Apr/2022:12:10:19 +0200] "GET /images/mini_prod/1186747042936.jpg HTTP/1.0" 200 269 "-" "Mozilla/5.0 (Windows NT 10.0; WOW64) AppleWebKit/537.36 (KHTML, like Gecko) Chrome/67.0.3396.99 Safari/537.36"
54.36.148.243 - - [26/Apr/2022:12:10:18 +0200] "GET /bear-paris-small-mini-tray-p-45583.html HTTP/1.0" 200 73563 "-" "Mozilla/5.0 (compatible; AhrefsBot/7.0; +http://ahrefs.com/robot/)"
40.91.75.132 - - [26/Apr/2022:12:10:31 +0200] "GET /images/mini_prod/1384010189269.jpg HTTP/1.0" 200 269 "-" "Mozilla/5.0 (Windows NT 10.0; WOW64) AppleWebKit/537.36 (KHTML, like Gecko) Chrome/64.0.3282.186 Safari/537.36"
185.191.171.38 - - [26/Apr/2022:12:10:48 +0200] "GET /ceramic-bowl-relief-flemme-rose-p-47055.html?action=add_product HTTP/1.0" 302 476 "-" "Mozilla/5.0 (compatible; SemrushBot/7~bl; +http://www.semrush.com/bot.html)"
147.92.153.12 - - [26/Apr/2022:12:10:51 +0200] "GET /images/big_prod/5051276448671.jpg HTTP/1.0" 200 268 "-" "Mozilla/5.0 (compatible; Linespider/1.1; +https://lin.ee/4dwXkTH)"
66.249.66.212 - - [26/Apr/2022:12:10:52 +0200] "GET /images/big_prod/404GJ06.jpg HTTP/1.0" 200 262 "-" "Googlebot-Image/1.0"
77.88.5.208 - - [26/Apr/2022:12:10:54 +0200] "GET /looney-tunes-bugs-lola-bunny-mobile-sock-p-18017.html HTTP/1.0" 200 71011 "-" "Mozilla/5.0 (compatible; YandexBot/3.0; +http://yandex.com/bots)"
66.249.66.210 - - [26/Apr/2022:12:10:58 +0200] "GET /the-little-prince-metal-box-p-31790.html HTTP/1.0" 301 71004 "-" "Mozilla/5.0 (compatible; Googlebot/2.1; +http://www.google.com/bot.html)"
66.249.66.210 - - [26/Apr/2022:12:11:00 +0200] "GET /little-prince-metal-p-31790.html HTTP/1.0" 200 70918 "-" "Mozilla/5.0 (compatible; Googlebot/2.1; +http://www.google.com/bot.html)"
216.244.66.242 - - [26/Apr/2022:12:11:06 +0200] "GET /mug-porcelain-rabab-p-52622.html HTTP/1.0" 301 73484 "-" "Mozilla/5.0 (compatible; DotBot/1.2; +https://opensiteexplorer.org/dotbot; help@moz.com)"
157.55.39.105 - - [26/Apr/2022:12:11:19 +0200] "GET /astro-round-wood-p-57886.html HTTP/1.0" 301 569 "-" "Mozilla/5.0 (compatible; bingbot/2.0; +http://www.bing.com/bingbot.htm)"
157.55.39.105 - - [26/Apr/2022:12:11:30 +0200] "GET /astro-round-wood-p-57886.html HTTP/1.0" 200 74398 "-" "Mozilla/5.0 (compatible; bingbot/2.0; +http://www.bing.com/bingbot.htm)"
51.68.224.127 - - [26/Apr/2022:12:11:32 +0200] "GET /adminweb/export_orders_xml.php?token=256de2z6edz6ed2z6DFSFsed2zed6zeDSFDSGdzedezfzf&maxorders=10&orderstart=1&status=14&start_date=2018-10-01 HTTP/1.0" 200 285 "-" "GesCom CharlotteBoutik Serveur"
51.68.224.127 - - [26/Apr/2022:12:11:32 +0200] "GET /adminweb/export_orders_xml.php?token=256de2z6edz6ed2z6DFSFsed2zed6zeDSFDSGdzedezfzf&maxorders=10&orderstart=1&status=6&start_date=2018-10-01 HTTP/1.0" 200 32798 "-" "GesCom CharlotteBoutik Serveur"
40.64.89.157 - - [26/Apr/2022:12:11:33 +0200] "GET /images/mini_prod/8003990585733b.jpg HTTP/1.0" 200 270 "-" "Mozilla/5.0 (Windows NT 6.1; WOW64) AppleWebKit/537.36 (KHTML, like Gecko) Chrome/45.0.2454.101 Safari/537.36"
54.36.148.243 - - [26/Apr/2022:12:11:37 +0200] "GET /merde-vido-game-shirt-p-29574.html HTTP/1.0" 200 74660 "-" "Mozilla/5.0 (compatible; AhrefsBot/7.0; +http://ahrefs.com/robot/)"
185.191.171.43 - - [26/Apr/2022:12:11:38 +0200] "GET /elephant-statuette-shore-p-51779.html HTTP/1.0" 200 74424 "-" "Mozilla/5.0 (compatible; SemrushBot/7~bl; +http://www.semrush.com/bot.html)"
17.121.112.85 - - [26/Apr/2022:12:11:43 +0200] "GET /-p-34659.html HTTP/1.0" 200 70808 "-" "Mozilla/5.0 (Macintosh; Intel Mac OS X 10_15_5) AppleWebKit/605.1.15 (KHTML, like Gecko) Version/13.1.1 Safari/605.1.15 (Applebot/0.1; +http://www.apple.com/go/applebot)"
185.191.171.19 - - [26/Apr/2022:12:11:45 +0200] "GET /book-lamp-real-wood-colors-size-p-52971.html HTTP/1.0" 200 70952 "-" "Mozilla/5.0 (compatible; SemrushBot/7~bl; +http://www.semrush.com/bot.html)"
66.249.66.210 - - [26/Apr/2022:12:11:45 +0200] "GET /choupy-tisanire-p-54596.html HTTP/1.0" 200 73456 "-" "Mozilla/5.0 (Linux; Android 6.0.1; Nexus 5X Build/MMB29P) AppleWebKit/537.36 (KHTML, like Gecko) Chrome/100.0.4896.127 Mobile Safari/537.36 (compatible; Googlebot/2.1; +http://www.google.com/bot.html)"
106.39.217.157 - - [26/Apr/2022:12:12:08 +0200] "GET /images/1399984260098.jpg HTTP/1.0" 200 259 "-" "Mozilla/5.0 (X11; Ubuntu; Linux x86_64; rv:72.0) Gecko/20100101 Firefox/72.0"
17.121.113.108 - - [26/Apr/2022:12:12:14 +0200] "GET /cement-tile-stickers-p-50344.html HTTP/1.0" 200 74378 "-" "Mozilla/5.0 (Macintosh; Intel Mac OS X 10_15_5) AppleWebKit/605.1.15 (KHTML, like Gecko) Version/13.1.1 Safari/605.1.15 (Applebot/0.1; +http://www.apple.com/go/applebot)"
66.249.66.210 - - [26/Apr/2022:12:12:31 +0200] "GET /vronse-body-talk-resin-statuette-naked-athlete-p-54722.html HTTP/1.0" 200 74707 "-" "Mozilla/5.0 (Linux; Android 6.0.1; Nexus 5X Build/MMB29P) AppleWebKit/537.36 (KHTML, like Gecko) Chrome/100.0.4896.127 Mobile Safari/537.36 (compatible; Googlebot/2.1; +http://www.google.com/bot.html)"
185.191.171.8 - - [26/Apr/2022:12:12:36 +0200] "GET /hello-kitty-hair-clips-p-13576.html HTTP/1.0" 200 73546 "-" "Mozilla/5.0 (compatible; SemrushBot/7~bl; +http://www.semrush.com/bot.html)"
54.36.148.243 - - [26/Apr/2022:12:12:50 +0200] "GET /cats-flowers-teapot-with-metal-infuser-p-45613.html HTTP/1.0" 200 73565 "-" "Mozilla/5.0 (compatible; AhrefsBot/7.0; +http://ahrefs.com/robot/)"
185.191.171.22 - - [26/Apr/2022:12:12:59 +0200] "GET /pusheen-the-cat-pencil-holder-p-43122.html HTTP/1.0" 301 70875 "-" "Mozilla/5.0 (compatible; SemrushBot/7~bl; +http://www.semrush.com/bot.html)"
185.191.171.25 - - [26/Apr/2022:12:13:02 +0200] "GET /-p-43122.html HTTP/1.0" 200 70808 "-" "Mozilla/5.0 (compatible; SemrushBot/7~bl; +http://www.semrush.com/bot.html)"
77.88.5.208 - - [26/Apr/2022:12:13:13 +0200] "GET /minnie-vest-12-months-p-27093.html HTTP/1.0" 301 70875 "-" "Mozilla/5.0 (compatible; YandexBot/3.0; +http://yandex.com/bots)"
66.249.66.210 - - [26/Apr/2022:12:13:18 +0200] "GET /jane-crowther-bowl-p-54777.html HTTP/1.0" 200 74166 "-" "Mozilla/5.0 (Linux; Android 6.0.1; Nexus 5X Build/MMB29P) AppleWebKit/537.36 (KHTML, like Gecko) Chrome/100.0.4896.127 Mobile Safari/537.36 (compatible; Googlebot/2.1; +http://www.google.com/bot.html)"
77.88.5.208 - - [26/Apr/2022:12:13:27 +0200] "GET /-p-27093.html HTTP/1.0" 200 70808 "-" "Mozilla/5.0 (compatible; YandexBot/3.0; +http://yandex.com/bots)"
157.90.128.183 - - [26/Apr/2022:12:13:51 +0200] "GET /images/mini_prod/8003990631249.jpg HTTP/1.0" 200 269 "-" "Mozilla/5.0 (X11; Ubuntu; Linux x86_64; rv:72.0) Gecko/20100101 Firefox/72.0"
185.191.171.41 - - [26/Apr/2022:12:13:58 +0200] "GET /disney-princess-snow-white-parka-p-31246.html?action=add_product HTTP/1.0" 302 476 "-" "Mozilla/5.0 (compatible; SemrushBot/7~bl; +http://www.semrush.com/bot.html)"
66.249.66.214 - - [26/Apr/2022:12:14:05 +0200] "GET /longbeach-ottoman-storage-nesting-p-55830.html HTTP/1.0" 200 74979 "-" "Mozilla/5.0 (Linux; Android 6.0.1; Nexus 5X Build/MMB29P) AppleWebKit/537.36 (KHTML, like Gecko) Chrome/100.0.4896.127 Mobile Safari/537.36 (compatible; Googlebot/2.1; +http://www.google.com/bot.html)"
185.191.171.4 - - [26/Apr/2022:12:14:09 +0200] "GET /poetic-birds-p-56856.html HTTP/1.0" 200 74129 "-" "Mozilla/5.0 (compatible; SemrushBot/7~bl; +http://www.semrush.com/bot.html)"
54.36.148.243 - - [26/Apr/2022:12:14:10 +0200] "GET /sainte-therese-prayer-candle-novena-p-44459.html HTTP/1.0" 200 74309 "-" "Mozilla/5.0 (compatible; AhrefsBot/7.0; +http://ahrefs.com/robot/)"
185.191.171.39 - - [26/Apr/2022:12:14:15 +0200] "GET /salt-with-wooden-spoon-sardy-p-54525.html HTTP/1.0" 200 73488 "-" "Mozilla/5.0 (compatible; SemrushBot/7~bl; +http://www.semrush.com/bot.html)"
157.55.39.105 - - [26/Apr/2022:12:14:28 +0200] "GET /white-lampshade-p-57430.html HTTP/1.0" 200 74111 "-" "Mozilla/5.0 (compatible; bingbot/2.0; +http://www.bing.com/bingbot.htm)"
40.91.75.132 - - [26/Apr/2022:12:14:42 +0200] "GET /images/mini_prod/1384010204245.jpg HTTP/1.0" 200 269 "-" "Mozilla/5.0 (Windows NT 10.0; WOW64) AppleWebKit/537.36 (KHTML, like Gecko) Chrome/64.0.3282.186 Safari/537.36"
211.249.40.15 - - [26/Apr/2022:12:14:45 +0200] "GET /images/mini_prod/8422088054812.jpg HTTP/1.0" 200 269 "-" "Mozilla/5.0 (X11; Ubuntu; Linux x86_64; rv:72.0) Gecko/20100101 Firefox/72.0"
207.46.13.182 - - [26/Apr/2022:12:14:49 +0200] "GET /raving-rabbids-square-p-16501.html HTTP/1.0" 200 70916 "-" "Mozilla/5.0 (compatible; bingbot/2.0; +http://www.bing.com/bingbot.htm)"
66.249.66.212 - - [26/Apr/2022:12:14:51 +0200] "GET /statue-of-liberty-pink-merci-gustave-disney-p-32899.html HTTP/1.0" 301 73789 "-" "Mozilla/5.0 (Linux; Android 6.0.1; Nexus 5X Build/MMB29P) AppleWebKit/537.36 (KHTML, like Gecko) Chrome/100.0.4896.127 Mobile Safari/537.36 (compatible; Googlebot/2.1; +http://www.google.com/bot.html)"
66.249.66.210 - - [26/Apr/2022:12:14:53 +0200] "GET /statue-liberty-pink-merci-gustave-disney-p-32899.html HTTP/1.0" 200 73682 "-" "Mozilla/5.0 (Linux; Android 6.0.1; Nexus 5X Build/MMB29P) AppleWebKit/537.36 (KHTML, like Gecko) Chrome/100.0.4896.127 Mobile Safari/537.36 (compatible; Googlebot/2.1; +http://www.google.com/bot.html)"
47.254.25.246 - - [26/Apr/2022:12:15:08 +0200] "GET /images/mini_prod/3279510801170.jpg HTTP/1.0" 200 269 "-" "Mozilla/5.0 (X11; Ubuntu; Linux x86_64; rv:72.0) Gecko/20100101 Firefox/72.0"
66.249.66.210 - - [26/Apr/2022:12:15:38 +0200] "GET /rugs-c-11_269.html?page=3 HTTP/1.0" 200 93137 "-" "Mozilla/5.0 (Linux; Android 6.0.1; Nexus 5X Build/MMB29P) AppleWebKit/537.36 (KHTML, like Gecko) Chrome/100.0.4896.127 Mobile Safari/537.36 (compatible; Googlebot/2.1; +http://www.google.com/bot.html)"
54.36.148.243 - - [26/Apr/2022:12:15:38 +0200] "GET /johnny-hallyday-pink-neon-wall-clock-p-50545.html HTTP/1.0" 200 73599 "-" "Mozilla/5.0 (compatible; AhrefsBot/7.0; +http://ahrefs.com/robot/)"
77.88.5.208 - - [26/Apr/2022:12:15:48 +0200] "GET /orange-moustache-ring-p-18245.html HTTP/1.0" 200 73606 "-" "Mozilla/5.0 (compatible; YandexBot/3.0; +http://yandex.com/bots)"
17.121.114.242 - - [26/Apr/2022:12:16:02 +0200] "GET /vanity-printed-running-horses-p-35450.html HTTP/1.0" 200 75911 "-" "Mozilla/5.0 (Macintosh; Intel Mac OS X 10_15_5) AppleWebKit/605.1.15 (KHTML, like Gecko) Version/13.1.1 Safari/605.1.15 (Applebot/0.1; +http://www.apple.com/go/applebot)"
185.191.171.8 - - [26/Apr/2022:12:16:17 +0200] "GET /rectangular-clock-indian-spirit-p-42949.html HTTP/1.0" 200 74206 "-" "Mozilla/5.0 (compatible; SemrushBot/7~bl; +http://www.semrush.com/bot.html)"
66.249.66.214 - - [26/Apr/2022:12:16:24 +0200] "GET /flower-springy-collection-p-54655.html HTTP/1.0" 200 73564 "-" "Mozilla/5.0 (Linux; Android 6.0.1; Nexus 5X Build/MMB29P) AppleWebKit/537.36 (KHTML, like Gecko) Chrome/100.0.4896.127 Mobile Safari/537.36 (compatible; Googlebot/2.1; +http://www.google.com/bot.html)"
185.191.171.4 - - [26/Apr/2022:12:16:29 +0200] "GET /decorative-useful-gogh-yellow-iris-p-56991.html HTTP/1.0" 200 74288 "-" "Mozilla/5.0 (compatible; SemrushBot/7~bl; +http://www.semrush.com/bot.html)"
54.36.148.58 - - [26/Apr/2022:12:16:40 +0200] "GET /stationery-and-cardmaking-c-129.html?page=33 HTTP/1.0" 301 92347 "-" "Mozilla/5.0 (compatible; AhrefsBot/7.0; +http://ahrefs.com/robot/)"
185.191.171.5 - - [26/Apr/2022:12:16:47 +0200] "GET /educational-children-watch-sailor-p-51720.html HTTP/1.0" 200 75138 "-" "Mozilla/5.0 (compatible; SemrushBot/7~bl; +http://www.semrush.com/bot.html)"
54.36.149.61 - - [26/Apr/2022:12:16:54 +0200] "GET /gund-my-first-oh-so-soft-puppy-tan-rattle-plush-p-34389.html HTTP/1.0" 301 73995 "-" "Mozilla/5.0 (compatible; AhrefsBot/7.0; +http://ahrefs.com/robot/)"
54.36.148.243 - - [26/Apr/2022:12:16:55 +0200] "GET /small-metal-beer-bucket-barbecue-p-41207.html HTTP/1.0" 200 73580 "-" "Mozilla/5.0 (compatible; AhrefsBot/7.0; +http://ahrefs.com/robot/)"
20.72.199.130 - - [26/Apr/2022:12:16:58 +0200] "GET /images/mini_prod/3438100322253.jpg HTTP/1.0" 200 269 "-" "Mozilla/5.0 (Windows NT 10.0; ) Gecko/20100101 Firefox/61.0"
216.244.66.242 - - [26/Apr/2022:12:17:09 +0200] "GET /metal-sound-alarm-for-bike-p-40553.html HTTP/1.0" 301 70875 "-" "Mozilla/5.0 (compatible; DotBot/1.2; +https://opensiteexplorer.org/dotbot; help@moz.com)"
66.249.66.210 - - [26/Apr/2022:12:17:11 +0200] "GET /card-holders-passport-cases-c-31_236.html HTTP/1.0" 200 91642 "-" "Mozilla/5.0 (Linux; Android 6.0.1; Nexus 5X Build/MMB29P) AppleWebKit/537.36 (KHTML, like Gecko) Chrome/100.0.4896.127 Mobile Safari/537.36 (compatible; Googlebot/2.1; +http://www.google.com/bot.html)"
66.249.66.210 - - [26/Apr/2022:12:17:57 +0200] "GET /padma-pink-p-54309.html HTTP/1.0" 200 74162 "-" "Mozilla/5.0 (Linux; Android 6.0.1; Nexus 5X Build/MMB29P) AppleWebKit/537.36 (KHTML, like Gecko) Chrome/100.0.4896.127 Mobile Safari/537.36 (compatible; Googlebot/2.1; +http://www.google.com/bot.html)"
54.36.148.243 - - [26/Apr/2022:12:18:15 +0200] "GET /sagittarus-mousepad-cbkreation-p-43307.html HTTP/1.0" 200 73549 "-" "Mozilla/5.0 (compatible; AhrefsBot/7.0; +http://ahrefs.com/robot/)"
66.249.66.212 - - [26/Apr/2022:12:18:44 +0200] "GET /palo-santo-cones-backflow-incense-cones-p-54624.html HTTP/1.0" 200 74661 "-" "Mozilla/5.0 (Linux; Android 6.0.1; Nexus 5X Build/MMB29P) AppleWebKit/537.36 (KHTML, like Gecko) Chrome/100.0.4896.127 Mobile Safari/537.36 (compatible; Googlebot/2.1; +http://www.google.com/bot.html)"
66.249.66.214 - - [26/Apr/2022:12:19:30 +0200] "GET /tiger-pyramid-with-tree-life-p-54367.html HTTP/1.0" 200 74951 "-" "Mozilla/5.0 (Linux; Android 6.0.1; Nexus 5X Build/MMB29P) AppleWebKit/537.36 (KHTML, like Gecko) Chrome/100.0.4896.127 Mobile Safari/537.36 (compatible; Googlebot/2.1; +http://www.google.com/bot.html)"
54.36.148.243 - - [26/Apr/2022:12:19:31 +0200] "GET /retro-plane-clock-p-56710.html HTTP/1.0" 200 74181 "-" "Mozilla/5.0 (compatible; AhrefsBot/7.0; +http://ahrefs.com/robot/)"
185.191.171.36 - - [26/Apr/2022:12:19:37 +0200] "GET /accessories-mobiles-c-3_17.html?page=1 HTTP/1.0" 200 94939 "-" "Mozilla/5.0 (compatible; SemrushBot/7~bl; +http://www.semrush.com/bot.html)"
77.88.5.208 - - [26/Apr/2022:12:19:39 +0200] "GET /jamaica-guitar-keyring-p-14627.html HTTP/1.0" 200 73752 "-" "Mozilla/5.0 (compatible; YandexBot/3.0; +http://yandex.com/bots)"
66.249.66.210 - - [26/Apr/2022:12:20:17 +0200] "GET /chouchou-oven-glove-p-54606.html HTTP/1.0" 200 73460 "-" "Mozilla/5.0 (Linux; Android 6.0.1; Nexus 5X Build/MMB29P) AppleWebKit/537.36 (KHTML, like Gecko) Chrome/100.0.4896.127 Mobile Safari/537.36 (compatible; Googlebot/2.1; +http://www.google.com/bot.html)"
185.191.171.25 - - [26/Apr/2022:12:20:22 +0200] "GET /glass-lamp-p-47349.html?action=add_product HTTP/1.0" 302 476 "-" "Mozilla/5.0 (compatible; SemrushBot/7~bl; +http://www.semrush.com/bot.html)"
185.191.171.13 - - [26/Apr/2022:12:20:24 +0200] "GET /sebastian-figure-collection-romero-britto-p-57482.html HTTP/1.0" 200 74710 "-" "Mozilla/5.0 (compatible; SemrushBot/7~bl; +http://www.semrush.com/bot.html)"
40.91.78.237 - - [26/Apr/2022:12:20:45 +0200] "GET /images/mini_prod/1399984254868.jpg HTTP/1.0" 200 269 "-" "Mozilla/5.0 (Windows NT 10.0; WOW64) AppleWebKit/537.36 (KHTML, like Gecko) Chrome/67.0.3396.99 Safari/537.36"
54.36.148.243 - - [26/Apr/2022:12:20:48 +0200] "GET /union-jack-small-stapler-p-33362.html HTTP/1.0" 200 73487 "-" "Mozilla/5.0 (compatible; AhrefsBot/7.0; +http://ahrefs.com/robot/)"
66.249.66.212 - - [26/Apr/2022:12:21:03 +0200] "GET /chactus-potholder-p-54729.html HTTP/1.0" 200 73429 "-" "Mozilla/5.0 (Linux; Android 6.0.1; Nexus 5X Build/MMB29P) AppleWebKit/537.36 (KHTML, like Gecko) Chrome/100.0.4896.127 Mobile Safari/537.36 (compatible; Googlebot/2.1; +http://www.google.com/bot.html)"
54.36.148.65 - - [26/Apr/2022:12:21:28 +0200] "GET /medusa-glass-paperweight-10-cm-p-52720.html HTTP/1.0" 301 73581 "-" "Mozilla/5.0 (compatible; AhrefsBot/7.0; +http://ahrefs.com/robot/)"
211.249.40.15 - - [26/Apr/2022:12:21:45 +0200] "GET /images/mini_prod/8003990616123.jpg HTTP/1.0" 200 269 "-" "Mozilla/5.0 (X11; Ubuntu; Linux x86_64; rv:72.0) Gecko/20100101 Firefox/72.0"
77.88.5.208 - - [26/Apr/2022:12:21:45 +0200] "GET /candy-cloud-notepad-dasha-p-49837.html HTTP/1.0" 200 73491 "-" "Mozilla/5.0 (compatible; YandexBot/3.0; +http://yandex.com/bots)"
66.249.66.212 - - [26/Apr/2022:12:21:50 +0200] "GET /long-sleeves-shirts-c-2_40.html HTTP/1.0" 200 69791 "-" "Mozilla/5.0 (compatible; Googlebot/2.1; +http://www.google.com/bot.html)"
185.191.171.18 - - [26/Apr/2022:12:22:03 +0200] "GET /la-dolce-vita-perpetual-calendar-p-27862.html HTTP/1.0" 301 71049 "-" "Mozilla/5.0 (compatible; SemrushBot/7~bl; +http://www.semrush.com/bot.html)"
54.36.148.243 - - [26/Apr/2022:12:22:03 +0200] "GET /saint-benedict-prayer-candle-novena-p-44454.html HTTP/1.0" 200 74309 "-" "Mozilla/5.0 (compatible; AhrefsBot/7.0; +http://ahrefs.com/robot/)"
185.191.171.4 - - [26/Apr/2022:12:22:06 +0200] "GET /dolce-vita-perpetual-calendar-p-27862.html HTTP/1.0" 200 70953 "-" "Mozilla/5.0 (compatible; SemrushBot/7~bl; +http://www.semrush.com/bot.html)"
185.191.171.36 - - [26/Apr/2022:12:22:14 +0200] "GET /halloween-pumpkin-elephant-sonny-angel-figure-p-43656.html?action=add_product HTTP/1.0" 302 476 "-" "Mozilla/5.0 (compatible; SemrushBot/7~bl; +http://www.semrush.com/bot.html)"
40.64.89.71 - - [26/Apr/2022:12:22:17 +0200] "GET /images/mini_prod/DSCN7988.jpg HTTP/1.0" 200 264 "-" "Mozilla/5.0 (Windows NT 10.0; WOW64) AppleWebKit/537.36 (KHTML, like Gecko) Chrome/68.0.3440.106 Safari/537.36"
185.191.171.35 - - [26/Apr/2022:12:22:30 +0200] "GET /wall-tablet-mirror-wooden-p-49266.html HTTP/1.0" 200 70898 "-" "Mozilla/5.0 (compatible; SemrushBot/7~bl; +http://www.semrush.com/bot.html)"
185.191.171.44 - - [26/Apr/2022:12:22:35 +0200] "GET /guevara-zippo-lighter-p-29759.html?action=add_product HTTP/1.0" 302 476 "-" "Mozilla/5.0 (compatible; SemrushBot/7~bl; +http://www.semrush.com/bot.html)"
66.249.66.214 - - [26/Apr/2022:12:22:36 +0200] "GET /collectible-statuette-willow-tree-nativity-p-57072.html HTTP/1.0" 200 75154 "-" "Mozilla/5.0 (Linux; Android 6.0.1; Nexus 5X Build/MMB29P) AppleWebKit/537.36 (KHTML, like Gecko) Chrome/100.0.4896.127 Mobile Safari/537.36 (compatible; Googlebot/2.1; +http://www.google.com/bot.html)"
40.91.78.237 - - [26/Apr/2022:12:22:49 +0200] "GET /images/mini_prod/3438100321195.jpg HTTP/1.0" 200 269 "-" "Mozilla/5.0 (Windows NT 10.0; WOW64) AppleWebKit/537.36 (KHTML, like Gecko) Chrome/64.0.3282.186 Safari/537.36"
47.254.25.246 - - [26/Apr/2022:12:23:07 +0200] "GET /images/mini_prod/5055071708930.jpg HTTP/1.0" 200 269 "-" "Mozilla/5.0 (X11; Ubuntu; Linux x86_64; rv:72.0) Gecko/20100101 Firefox/72.0"
185.191.171.3 - - [26/Apr/2022:12:23:22 +0200] "GET /so-sweet-black-women-tee-shirt-p-30994.html HTTP/1.0" 301 75528 "-" "Mozilla/5.0 (compatible; SemrushBot/7~bl; +http://www.semrush.com/bot.html)"
66.249.66.214 - - [26/Apr/2022:12:23:23 +0200] "GET /magnets-c-13_134.html HTTP/1.0" 200 92220 "-" "Mozilla/5.0 (compatible; Googlebot/2.1; +http://www.google.com/bot.html)"
185.191.171.36 - - [26/Apr/2022:12:23:26 +0200] "GET /sweet-black-women-shirt-p-30994.html HTTP/1.0" 200 75438 "-" "Mozilla/5.0 (compatible; SemrushBot/7~bl; +http://www.semrush.com/bot.html)"
54.36.148.243 - - [26/Apr/2022:12:23:28 +0200] "GET /embroidered-rectangular-tablecloth-kolam-p-43666.html HTTP/1.0" 200 74315 "-" "Mozilla/5.0 (compatible; AhrefsBot/7.0; +http://ahrefs.com/robot/)"
185.191.171.45 - - [26/Apr/2022:12:23:31 +0200] "GET /retro-potholder-and-glove-set-p-45040.html HTTP/1.0" 301 70998 "-" "Mozilla/5.0 (compatible; SemrushBot/7~bl; +http://www.semrush.com/bot.html)"
185.191.171.11 - - [26/Apr/2022:12:23:33 +0200] "GET /retro-potholder-glove-p-45040.html HTTP/1.0" 200 70910 "-" "Mozilla/5.0 (compatible; SemrushBot/7~bl; +http://www.semrush.com/bot.html)"
40.64.89.58 - - [26/Apr/2022:12:23:48 +0200] "GET /images/mini_prod/3560600292986.jpg HTTP/1.0" 200 269 "-" "Mozilla/5.0 (Windows NT 10.0; WOW64) AppleWebKit/537.36 (KHTML, like Gecko) Chrome/64.0.3282.186 Safari/537.36"
185.191.171.7 - - [26/Apr/2022:12:23:59 +0200] "GET /fitted-sheet-cotton-percale-threads-p-43832.html?action=add_product HTTP/1.0" 302 476 "-" "Mozilla/5.0 (compatible; SemrushBot/7~bl; +http://www.semrush.com/bot.html)"
66.249.66.212 - - [26/Apr/2022:12:24:10 +0200] "GET /tendresse-duvet-cover-washed-cotton-gauze-p-54427.html HTTP/1.0" 200 74870 "-" "Mozilla/5.0 (Linux; Android 6.0.1; Nexus 5X Build/MMB29P) AppleWebKit/537.36 (KHTML, like Gecko) Chrome/100.0.4896.127 Mobile Safari/537.36 (compatible; Googlebot/2.1; +http://www.google.com/bot.html)"
157.90.128.183 - - [26/Apr/2022:12:24:39 +0200] "GET /images/mini_prod/cuba1300010240182.jpg HTTP/1.0" 200 273 "-" "Mozilla/5.0 (X11; Ubuntu; Linux x86_64; rv:72.0) Gecko/20100101 Firefox/72.0"
54.36.148.243 - - [26/Apr/2022:12:24:48 +0200] "GET /small-tinbox-rtro-motorcycle-p-41341.html HTTP/1.0" 200 73742 "-" "Mozilla/5.0 (compatible; AhrefsBot/7.0; +http://ahrefs.com/robot/)"
