54.36.148.243 - - [26/Apr/2022:03:23:27 +0200] "GET /magnet-relief-yellow-tour-france-p-54974.html HTTP/1.0" 200 73537 "-" "Mozilla/5.0 (compatible; AhrefsBot/7.0; +http://ahrefs.com/robot/)"
49.86.112.151 - - [26/Apr/2022:03:23:55 +0200] "HEAD / HTTP/1.0" 200 386 "www.wonder-geek.com" "Mozilla/5.0 (Windows NT 10.0; Win64; x64) AppleWebKit/537.36 (KHTML, like Gecko) Chrome/46.0.2486.0 Safari/537.36 Edge/13.10586"
185.191.171.12 - - [26/Apr/2022:03:23:54 +0200] "GET /dishes-c-12.html?page=34 HTTP/1.0" 200 92762 "-" "Mozilla/5.0 (compatible; SemrushBot/7~bl; +http://www.semrush.com/bot.html)"
49.86.112.151 - - [26/Apr/2022:03:23:57 +0200] "GET / HTTP/1.0" 200 151323 "www.wonder-geek.com" "Mozilla/5.0 (Windows NT 10.0; Win64; x64) AppleWebKit/537.36 (KHTML, like Gecko) Chrome/46.0.2486.0 Safari/537.36 Edge/13.10586"
49.86.112.151 - - [26/Apr/2022:03:24:06 +0200] "HEAD / HTTP/1.0" 200 386 "www.wonder-geek.com" "Mozilla/5.0 (Windows NT 10.0; Win64; x64) AppleWebKit/537.36 (KHTML, like Gecko) Chrome/46.0.2486.0 Safari/537.36 Edge/13.10586"
49.86.112.151 - - [26/Apr/2022:03:24:07 +0200] "GET / HTTP/1.0" 200 151553 "www.wonder-geek.com" "Mozilla/5.0 (Windows NT 10.0; Win64; x64) AppleWebKit/537.36 (KHTML, like Gecko) Chrome/46.0.2486.0 Safari/537.36 Edge/13.10586"
185.191.171.1 - - [26/Apr/2022:03:24:11 +0200] "GET /decoration-world-p-48249.html?action=add_product HTTP/1.0" 302 476 "-" "Mozilla/5.0 (compatible; SemrushBot/7~bl; +http://www.semrush.com/bot.html)"
157.90.128.183 - - [26/Apr/2022:03:24:32 +0200] "GET /images/mini_prod/3418175613005.jpg HTTP/1.0" 200 269 "-" "Mozilla/5.0 (X11; Ubuntu; Linux x86_64; rv:72.0) Gecko/20100101 Firefox/72.0"
49.86.112.151 - - [26/Apr/2022:03:24:36 +0200] "HEAD /contact_us.php HTTP/1.0" 200 386 "www.wonder-geek.com" "Mozilla/5.0 (Windows NT 10.0; Win64; x64) AppleWebKit/537.36 (KHTML, like Gecko) Chrome/46.0.2486.0 Safari/537.36 Edge/13.10586"
49.86.112.151 - - [26/Apr/2022:03:24:38 +0200] "GET /contact_us.php HTTP/1.0" 200 26241 "www.wonder-geek.com" "Mozilla/5.0 (Windows NT 10.0; Win64; x64) AppleWebKit/537.36 (KHTML, like Gecko) Chrome/46.0.2486.0 Safari/537.36 Edge/13.10586"
54.36.148.243 - - [26/Apr/2022:03:24:39 +0200] "GET /saint-georges-prayer-candle-novena-p-44447.html HTTP/1.0" 200 74304 "-" "Mozilla/5.0 (compatible; AhrefsBot/7.0; +http://ahrefs.com/robot/)"
49.86.112.151 - - [26/Apr/2022:03:24:41 +0200] "HEAD /create_account.php HTTP/1.0" 200 386 "www.wonder-geek.com" "Mozilla/5.0 (Windows NT 10.0; Win64; x64) AppleWebKit/537.36 (KHTML, like Gecko) Chrome/46.0.2486.0 Safari/537.36 Edge/13.10586"
49.86.112.151 - - [26/Apr/2022:03:24:42 +0200] "GET /create_account.php HTTP/1.0" 200 33633 "www.wonder-geek.com" "Mozilla/5.0 (Windows NT 10.0; Win64; x64) AppleWebKit/537.36 (KHTML, like Gecko) Chrome/46.0.2486.0 Safari/537.36 Edge/13.10586"
49.86.112.151 - - [26/Apr/2022:03:24:47 +0200] "HEAD /checkout_shipping.php HTTP/1.0" 302 449 "www.wonder-geek.com" "Mozilla/5.0 (Windows NT 10.0; Win64; x64) AppleWebKit/537.36 (KHTML, like Gecko) Chrome/46.0.2486.0 Safari/537.36 Edge/13.10586"
49.86.112.151 - - [26/Apr/2022:03:24:47 +0200] "HEAD /login.php HTTP/1.0" 200 386 "www.wonder-geek.com" "Mozilla/5.0 (Windows NT 10.0; Win64; x64) AppleWebKit/537.36 (KHTML, like Gecko) Chrome/46.0.2486.0 Safari/537.36 Edge/13.10586"
49.86.112.151 - - [26/Apr/2022:03:24:48 +0200] "GET /checkout_shipping.php HTTP/1.0" 302 468 "www.wonder-geek.com" "Mozilla/5.0 (Windows NT 10.0; Win64; x64) AppleWebKit/537.36 (KHTML, like Gecko) Chrome/46.0.2486.0 Safari/537.36 Edge/13.10586"
49.86.112.151 - - [26/Apr/2022:03:24:49 +0200] "GET /login.php HTTP/1.0" 200 17155 "www.wonder-geek.com" "Mozilla/5.0 (Windows NT 10.0; Win64; x64) AppleWebKit/537.36 (KHTML, like Gecko) Chrome/46.0.2486.0 Safari/537.36 Edge/13.10586"
49.86.112.151 - - [26/Apr/2022:03:24:51 +0200] "HEAD /shopping_cart.php HTTP/1.0" 200 386 "www.wonder-geek.com" "Mozilla/5.0 (Windows NT 10.0; Win64; x64) AppleWebKit/537.36 (KHTML, like Gecko) Chrome/46.0.2486.0 Safari/537.36 Edge/13.10586"
49.86.112.151 - - [26/Apr/2022:03:24:52 +0200] "GET /shopping_cart.php HTTP/1.0" 200 13298 "www.wonder-geek.com" "Mozilla/5.0 (Windows NT 10.0; Win64; x64) AppleWebKit/537.36 (KHTML, like Gecko) Chrome/46.0.2486.0 Safari/537.36 Edge/13.10586"
49.86.112.151 - - [26/Apr/2022:03:24:53 +0200] "HEAD /login.php HTTP/1.0" 200 386 "www.wonder-geek.com" "Mozilla/5.0 (Windows NT 10.0; Win64; x64) AppleWebKit/537.36 (KHTML, like Gecko) Chrome/46.0.2486.0 Safari/537.36 Edge/13.10586"
49.86.112.151 - - [26/Apr/2022:03:24:53 +0200] "GET /login.php HTTP/1.0" 200 17155 "www.wonder-geek.com" "Mozilla/5.0 (Windows NT 10.0; Win64; x64) AppleWebKit/537.36 (KHTML, like Gecko) Chrome/46.0.2486.0 Safari/537.36 Edge/13.10586"
49.86.112.151 - - [26/Apr/2022:03:24:56 +0200] "HEAD / HTTP/1.0" 200 386 "www.wonder-geek.com" "Mozilla/5.0 (Windows NT 10.0; Win64; x64) AppleWebKit/537.36 (KHTML, like Gecko) Chrome/46.0.2486.0 Safari/537.36 Edge/13.10586"
49.86.112.151 - - [26/Apr/2022:03:24:57 +0200] "GET / HTTP/1.0" 200 151777 "www.wonder-geek.com" "Mozilla/5.0 (Windows NT 10.0; Win64; x64) AppleWebKit/537.36 (KHTML, like Gecko) Chrome/46.0.2486.0 Safari/537.36 Edge/13.10586"
49.86.112.151 - - [26/Apr/2022:03:25:02 +0200] "HEAD /index.php?language=fr HTTP/1.0" 200 386 "www.wonder-geek.com" "Mozilla/5.0 (Windows NT 10.0; Win64; x64) AppleWebKit/537.36 (KHTML, like Gecko) Chrome/46.0.2486.0 Safari/537.36 Edge/13.10586"
185.191.171.3 - - [26/Apr/2022:03:25:03 +0200] "GET /silver-statuette-haltero-p-45401.html HTTP/1.0" 200 73556 "-" "Mozilla/5.0 (compatible; SemrushBot/7~bl; +http://www.semrush.com/bot.html)"
49.86.112.151 - - [26/Apr/2022:03:25:03 +0200] "GET /index.php?language=fr HTTP/1.0" 200 158081 "www.wonder-geek.com" "Mozilla/5.0 (Windows NT 10.0; Win64; x64) AppleWebKit/537.36 (KHTML, like Gecko) Chrome/46.0.2486.0 Safari/537.36 Edge/13.10586"
49.86.112.151 - - [26/Apr/2022:03:25:08 +0200] "HEAD /specials.php HTTP/1.0" 200 386 "www.wonder-geek.com" "Mozilla/5.0 (Windows NT 10.0; Win64; x64) AppleWebKit/537.36 (KHTML, like Gecko) Chrome/46.0.2486.0 Safari/537.36 Edge/13.10586"
49.86.112.151 - - [26/Apr/2022:03:25:08 +0200] "GET /specials.php HTTP/1.0" 200 124439 "www.wonder-geek.com" "Mozilla/5.0 (Windows NT 10.0; Win64; x64) AppleWebKit/537.36 (KHTML, like Gecko) Chrome/46.0.2486.0 Safari/537.36 Edge/13.10586"
49.86.112.151 - - [26/Apr/2022:03:25:12 +0200] "HEAD /products_new.php HTTP/1.0" 200 386 "www.wonder-geek.com" "Mozilla/5.0 (Windows NT 10.0; Win64; x64) AppleWebKit/537.36 (KHTML, like Gecko) Chrome/46.0.2486.0 Safari/537.36 Edge/13.10586"
49.86.112.151 - - [26/Apr/2022:03:25:13 +0200] "GET /products_new.php HTTP/1.0" 200 95174 "www.wonder-geek.com" "Mozilla/5.0 (Windows NT 10.0; Win64; x64) AppleWebKit/537.36 (KHTML, like Gecko) Chrome/46.0.2486.0 Safari/537.36 Edge/13.10586"
49.86.112.151 - - [26/Apr/2022:03:25:16 +0200] "HEAD /dishes-c-12.html HTTP/1.0" 200 386 "www.wonder-geek.com" "Mozilla/5.0 (Windows NT 10.0; Win64; x64) AppleWebKit/537.36 (KHTML, like Gecko) Chrome/46.0.2486.0 Safari/537.36 Edge/13.10586"
49.86.112.151 - - [26/Apr/2022:03:25:17 +0200] "GET /dishes-c-12.html HTTP/1.0" 200 91644 "www.wonder-geek.com" "Mozilla/5.0 (Windows NT 10.0; Win64; x64) AppleWebKit/537.36 (KHTML, like Gecko) Chrome/46.0.2486.0 Safari/537.36 Edge/13.10586"
49.86.112.151 - - [26/Apr/2022:03:25:21 +0200] "HEAD /adaptable-decorative-caps-c-12_249.html HTTP/1.0" 200 386 "www.wonder-geek.com" "Mozilla/5.0 (Windows NT 10.0; Win64; x64) AppleWebKit/537.36 (KHTML, like Gecko) Chrome/46.0.2486.0 Safari/537.36 Edge/13.10586"
185.191.171.25 - - [26/Apr/2022:03:25:22 +0200] "GET /britto-bottle-stoppers-butterfly-p-32677.html HTTP/1.0" 200 70926 "-" "Mozilla/5.0 (compatible; SemrushBot/7~bl; +http://www.semrush.com/bot.html)"
49.86.112.151 - - [26/Apr/2022:03:25:22 +0200] "GET /adaptable-decorative-caps-c-12_249.html HTTP/1.0" 200 79432 "www.wonder-geek.com" "Mozilla/5.0 (Windows NT 10.0; Win64; x64) AppleWebKit/537.36 (KHTML, like Gecko) Chrome/46.0.2486.0 Safari/537.36 Edge/13.10586"
49.86.112.151 - - [26/Apr/2022:03:25:26 +0200] "HEAD /barbecue-aperitif-c-12_254.html HTTP/1.0" 200 386 "www.wonder-geek.com" "Mozilla/5.0 (Windows NT 10.0; Win64; x64) AppleWebKit/537.36 (KHTML, like Gecko) Chrome/46.0.2486.0 Safari/537.36 Edge/13.10586"
49.86.112.151 - - [26/Apr/2022:03:25:27 +0200] "GET /barbecue-aperitif-c-12_254.html HTTP/1.0" 200 90185 "www.wonder-geek.com" "Mozilla/5.0 (Windows NT 10.0; Win64; x64) AppleWebKit/537.36 (KHTML, like Gecko) Chrome/46.0.2486.0 Safari/537.36 Edge/13.10586"
49.86.112.151 - - [26/Apr/2022:03:25:31 +0200] "HEAD /bottle-holder-beer-bucket-c-12_224.html HTTP/1.0" 200 386 "www.wonder-geek.com" "Mozilla/5.0 (Windows NT 10.0; Win64; x64) AppleWebKit/537.36 (KHTML, like Gecko) Chrome/46.0.2486.0 Safari/537.36 Edge/13.10586"
49.86.112.151 - - [26/Apr/2022:03:25:32 +0200] "GET /bottle-holder-beer-bucket-c-12_224.html HTTP/1.0" 200 90241 "www.wonder-geek.com" "Mozilla/5.0 (Windows NT 10.0; Win64; x64) AppleWebKit/537.36 (KHTML, like Gecko) Chrome/46.0.2486.0 Safari/537.36 Edge/13.10586"
49.86.112.151 - - [26/Apr/2022:03:25:35 +0200] "HEAD /bowls-c-12_255.html HTTP/1.0" 200 386 "www.wonder-geek.com" "Mozilla/5.0 (Windows NT 10.0; Win64; x64) AppleWebKit/537.36 (KHTML, like Gecko) Chrome/46.0.2486.0 Safari/537.36 Edge/13.10586"
49.86.112.151 - - [26/Apr/2022:03:25:36 +0200] "GET /bowls-c-12_255.html HTTP/1.0" 200 78687 "www.wonder-geek.com" "Mozilla/5.0 (Windows NT 10.0; Win64; x64) AppleWebKit/537.36 (KHTML, like Gecko) Chrome/46.0.2486.0 Safari/537.36 Edge/13.10586"
49.86.112.151 - - [26/Apr/2022:03:25:39 +0200] "HEAD /bowls-c-12_60.html HTTP/1.0" 200 386 "www.wonder-geek.com" "Mozilla/5.0 (Windows NT 10.0; Win64; x64) AppleWebKit/537.36 (KHTML, like Gecko) Chrome/46.0.2486.0 Safari/537.36 Edge/13.10586"
49.86.112.151 - - [26/Apr/2022:03:25:40 +0200] "GET /bowls-c-12_60.html HTTP/1.0" 200 93332 "www.wonder-geek.com" "Mozilla/5.0 (Windows NT 10.0; Win64; x64) AppleWebKit/537.36 (KHTML, like Gecko) Chrome/46.0.2486.0 Safari/537.36 Edge/13.10586"
185.191.171.24 - - [26/Apr/2022:03:25:41 +0200] "GET /horses-bookends-p-57573.html HTTP/1.0" 200 73979 "-" "Mozilla/5.0 (compatible; SemrushBot/7~bl; +http://www.semrush.com/bot.html)"
49.86.112.151 - - [26/Apr/2022:03:25:43 +0200] "HEAD /butter-dish-c-12_222.html HTTP/1.0" 200 386 "www.wonder-geek.com" "Mozilla/5.0 (Windows NT 10.0; Win64; x64) AppleWebKit/537.36 (KHTML, like Gecko) Chrome/46.0.2486.0 Safari/537.36 Edge/13.10586"
49.86.112.151 - - [26/Apr/2022:03:25:44 +0200] "GET /butter-dish-c-12_222.html HTTP/1.0" 200 84924 "www.wonder-geek.com" "Mozilla/5.0 (Windows NT 10.0; Win64; x64) AppleWebKit/537.36 (KHTML, like Gecko) Chrome/46.0.2486.0 Safari/537.36 Edge/13.10586"
49.86.112.151 - - [26/Apr/2022:03:25:47 +0200] "HEAD /cake-molds-cube-molds-c-12_246.html HTTP/1.0" 200 386 "www.wonder-geek.com" "Mozilla/5.0 (Windows NT 10.0; Win64; x64) AppleWebKit/537.36 (KHTML, like Gecko) Chrome/46.0.2486.0 Safari/537.36 Edge/13.10586"
77.88.5.237 - - [26/Apr/2022:03:25:46 +0200] "GET /florialys-fragrance-provence-heart-peony-p-48506.html HTTP/1.0" 200 73741 "-" "Mozilla/5.0 (compatible; YandexBot/3.0; +http://yandex.com/bots)"
49.86.112.151 - - [26/Apr/2022:03:25:48 +0200] "GET /cake-molds-cube-molds-c-12_246.html HTTP/1.0" 200 85773 "www.wonder-geek.com" "Mozilla/5.0 (Windows NT 10.0; Win64; x64) AppleWebKit/537.36 (KHTML, like Gecko) Chrome/46.0.2486.0 Safari/537.36 Edge/13.10586"
54.36.148.243 - - [26/Apr/2022:03:25:49 +0200] "GET /deco-soapstone-tree-life-green-p-53787.html HTTP/1.0" 200 74384 "-" "Mozilla/5.0 (compatible; AhrefsBot/7.0; +http://ahrefs.com/robot/)"
49.86.112.151 - - [26/Apr/2022:03:25:51 +0200] "HEAD /cellar-slicer-sausage-c-12_252.html HTTP/1.0" 200 386 "www.wonder-geek.com" "Mozilla/5.0 (Windows NT 10.0; Win64; x64) AppleWebKit/537.36 (KHTML, like Gecko) Chrome/46.0.2486.0 Safari/537.36 Edge/13.10586"
185.191.171.10 - - [26/Apr/2022:03:25:53 +0200] "GET /elephant-statue-30-cm-p-42275.html HTTP/1.0" 301 70952 "-" "Mozilla/5.0 (compatible; SemrushBot/7~bl; +http://www.semrush.com/bot.html)"
49.86.112.151 - - [26/Apr/2022:03:25:52 +0200] "GET /cellar-slicer-sausage-c-12_252.html HTTP/1.0" 200 79607 "www.wonder-geek.com" "Mozilla/5.0 (Windows NT 10.0; Win64; x64) AppleWebKit/537.36 (KHTML, like Gecko) Chrome/46.0.2486.0 Safari/537.36 Edge/13.10586"
49.86.112.151 - - [26/Apr/2022:03:25:55 +0200] "HEAD /coasters-c-12_157.html HTTP/1.0" 200 386 "www.wonder-geek.com" "Mozilla/5.0 (Windows NT 10.0; Win64; x64) AppleWebKit/537.36 (KHTML, like Gecko) Chrome/46.0.2486.0 Safari/537.36 Edge/13.10586"
49.86.112.151 - - [26/Apr/2022:03:25:56 +0200] "GET /coasters-c-12_157.html HTTP/1.0" 200 92751 "www.wonder-geek.com" "Mozilla/5.0 (Windows NT 10.0; Win64; x64) AppleWebKit/537.36 (KHTML, like Gecko) Chrome/46.0.2486.0 Safari/537.36 Edge/13.10586"
185.191.171.15 - - [26/Apr/2022:03:25:57 +0200] "GET /elephant-statue-p-42275.html HTTP/1.0" 200 70870 "-" "Mozilla/5.0 (compatible; SemrushBot/7~bl; +http://www.semrush.com/bot.html)"
49.86.112.151 - - [26/Apr/2022:03:26:00 +0200] "HEAD /corkscrew-bottle-opener-sommelier-c-12_213.html HTTP/1.0" 200 386 "www.wonder-geek.com" "Mozilla/5.0 (Windows NT 10.0; Win64; x64) AppleWebKit/537.36 (KHTML, like Gecko) Chrome/46.0.2486.0 Safari/537.36 Edge/13.10586"
49.86.112.151 - - [26/Apr/2022:03:26:02 +0200] "GET /corkscrew-bottle-opener-sommelier-c-12_213.html HTTP/1.0" 200 91268 "www.wonder-geek.com" "Mozilla/5.0 (Windows NT 10.0; Win64; x64) AppleWebKit/537.36 (KHTML, like Gecko) Chrome/46.0.2486.0 Safari/537.36 Edge/13.10586"
185.191.171.7 - - [26/Apr/2022:03:26:04 +0200] "GET /gorjuss-jotter-with-secret-p-41191.html?action=add_product HTTP/1.0" 302 476 "-" "Mozilla/5.0 (compatible; SemrushBot/7~bl; +http://www.semrush.com/bot.html)"
49.86.112.151 - - [26/Apr/2022:03:26:06 +0200] "HEAD /dishes-dishes-c-12_251.html HTTP/1.0" 200 386 "www.wonder-geek.com" "Mozilla/5.0 (Windows NT 10.0; Win64; x64) AppleWebKit/537.36 (KHTML, like Gecko) Chrome/46.0.2486.0 Safari/537.36 Edge/13.10586"
49.86.112.151 - - [26/Apr/2022:03:26:07 +0200] "GET /dishes-dishes-c-12_251.html HTTP/1.0" 200 89940 "www.wonder-geek.com" "Mozilla/5.0 (Windows NT 10.0; Win64; x64) AppleWebKit/537.36 (KHTML, like Gecko) Chrome/46.0.2486.0 Safari/537.36 Edge/13.10586"
49.86.112.151 - - [26/Apr/2022:03:26:10 +0200] "HEAD /cups-c-12_248.html HTTP/1.0" 200 386 "www.wonder-geek.com" "Mozilla/5.0 (Windows NT 10.0; Win64; x64) AppleWebKit/537.36 (KHTML, like Gecko) Chrome/46.0.2486.0 Safari/537.36 Edge/13.10586"
49.86.112.151 - - [26/Apr/2022:03:26:11 +0200] "GET /cups-c-12_248.html HTTP/1.0" 200 85959 "www.wonder-geek.com" "Mozilla/5.0 (Windows NT 10.0; Win64; x64) AppleWebKit/537.36 (KHTML, like Gecko) Chrome/46.0.2486.0 Safari/537.36 Edge/13.10586"
49.86.112.151 - - [26/Apr/2022:03:26:15 +0200] "HEAD /flasks-c-12_245.html HTTP/1.0" 200 386 "www.wonder-geek.com" "Mozilla/5.0 (Windows NT 10.0; Win64; x64) AppleWebKit/537.36 (KHTML, like Gecko) Chrome/46.0.2486.0 Safari/537.36 Edge/13.10586"
49.86.112.151 - - [26/Apr/2022:03:26:15 +0200] "GET /flasks-c-12_245.html HTTP/1.0" 200 80020 "www.wonder-geek.com" "Mozilla/5.0 (Windows NT 10.0; Win64; x64) AppleWebKit/537.36 (KHTML, like Gecko) Chrome/46.0.2486.0 Safari/537.36 Edge/13.10586"
49.86.112.151 - - [26/Apr/2022:03:26:19 +0200] "HEAD /flatwares-c-12_63.html HTTP/1.0" 200 386 "www.wonder-geek.com" "Mozilla/5.0 (Windows NT 10.0; Win64; x64) AppleWebKit/537.36 (KHTML, like Gecko) Chrome/46.0.2486.0 Safari/537.36 Edge/13.10586"
49.86.112.151 - - [26/Apr/2022:03:26:20 +0200] "GET /flatwares-c-12_63.html HTTP/1.0" 200 89963 "www.wonder-geek.com" "Mozilla/5.0 (Windows NT 10.0; Win64; x64) AppleWebKit/537.36 (KHTML, like Gecko) Chrome/46.0.2486.0 Safari/537.36 Edge/13.10586"
49.86.112.151 - - [26/Apr/2022:03:26:23 +0200] "HEAD /glasses-drinking-c-12_62.html HTTP/1.0" 200 386 "www.wonder-geek.com" "Mozilla/5.0 (Windows NT 10.0; Win64; x64) AppleWebKit/537.36 (KHTML, like Gecko) Chrome/46.0.2486.0 Safari/537.36 Edge/13.10586"
49.86.112.151 - - [26/Apr/2022:03:26:24 +0200] "GET /glasses-drinking-c-12_62.html HTTP/1.0" 200 90742 "www.wonder-geek.com" "Mozilla/5.0 (Windows NT 10.0; Win64; x64) AppleWebKit/537.36 (KHTML, like Gecko) Chrome/46.0.2486.0 Safari/537.36 Edge/13.10586"
49.86.112.151 - - [26/Apr/2022:03:26:28 +0200] "HEAD /with-infuser-c-12_221.html HTTP/1.0" 200 386 "www.wonder-geek.com" "Mozilla/5.0 (Windows NT 10.0; Win64; x64) AppleWebKit/537.36 (KHTML, like Gecko) Chrome/46.0.2486.0 Safari/537.36 Edge/13.10586"
49.86.112.151 - - [26/Apr/2022:03:26:28 +0200] "GET /with-infuser-c-12_221.html HTTP/1.0" 200 91401 "www.wonder-geek.com" "Mozilla/5.0 (Windows NT 10.0; Win64; x64) AppleWebKit/537.36 (KHTML, like Gecko) Chrome/46.0.2486.0 Safari/537.36 Edge/13.10586"
49.86.112.151 - - [26/Apr/2022:03:26:32 +0200] "HEAD /mugs-mazagrans-c-12_57.html HTTP/1.0" 200 386 "www.wonder-geek.com" "Mozilla/5.0 (Windows NT 10.0; Win64; x64) AppleWebKit/537.36 (KHTML, like Gecko) Chrome/46.0.2486.0 Safari/537.36 Edge/13.10586"
49.86.112.151 - - [26/Apr/2022:03:26:33 +0200] "GET /mugs-mazagrans-c-12_57.html HTTP/1.0" 200 96510 "www.wonder-geek.com" "Mozilla/5.0 (Windows NT 10.0; Win64; x64) AppleWebKit/537.36 (KHTML, like Gecko) Chrome/46.0.2486.0 Safari/537.36 Edge/13.10586"
185.191.171.33 - - [26/Apr/2022:03:26:33 +0200] "GET /manoir-potholder-and-glove-set-p-39042.html HTTP/1.0" 301 70875 "-" "Mozilla/5.0 (compatible; SemrushBot/7~bl; +http://www.semrush.com/bot.html)"
54.36.148.227 - - [26/Apr/2022:03:26:35 +0200] "GET /sarah-kay-pairs-of-socks-31-34-p-25531.html HTTP/1.0" 301 70875 "-" "Mozilla/5.0 (compatible; AhrefsBot/7.0; +http://ahrefs.com/robot/)"
49.86.112.151 - - [26/Apr/2022:03:26:37 +0200] "HEAD /paper-towel-dispenser-c-12_253.html HTTP/1.0" 200 386 "www.wonder-geek.com" "Mozilla/5.0 (Windows NT 10.0; Win64; x64) AppleWebKit/537.36 (KHTML, like Gecko) Chrome/46.0.2486.0 Safari/537.36 Edge/13.10586"
185.191.171.4 - - [26/Apr/2022:03:26:37 +0200] "GET /-p-39042.html HTTP/1.0" 200 70808 "-" "Mozilla/5.0 (compatible; SemrushBot/7~bl; +http://www.semrush.com/bot.html)"
49.86.112.151 - - [26/Apr/2022:03:26:38 +0200] "GET /paper-towel-dispenser-c-12_253.html HTTP/1.0" 200 78947 "www.wonder-geek.com" "Mozilla/5.0 (Windows NT 10.0; Win64; x64) AppleWebKit/537.36 (KHTML, like Gecko) Chrome/46.0.2486.0 Safari/537.36 Edge/13.10586"
49.86.112.151 - - [26/Apr/2022:03:26:42 +0200] "HEAD /partys-decoration-c-12_51.html HTTP/1.0" 200 386 "www.wonder-geek.com" "Mozilla/5.0 (Windows NT 10.0; Win64; x64) AppleWebKit/537.36 (KHTML, like Gecko) Chrome/46.0.2486.0 Safari/537.36 Edge/13.10586"
49.86.112.151 - - [26/Apr/2022:03:26:43 +0200] "GET /partys-decoration-c-12_51.html HTTP/1.0" 200 69779 "www.wonder-geek.com" "Mozilla/5.0 (Windows NT 10.0; Win64; x64) AppleWebKit/537.36 (KHTML, like Gecko) Chrome/46.0.2486.0 Safari/537.36 Edge/13.10586"
49.86.112.151 - - [26/Apr/2022:03:26:46 +0200] "HEAD /pitchers-drink-dispensers-c-12_243.html HTTP/1.0" 200 386 "www.wonder-geek.com" "Mozilla/5.0 (Windows NT 10.0; Win64; x64) AppleWebKit/537.36 (KHTML, like Gecko) Chrome/46.0.2486.0 Safari/537.36 Edge/13.10586"
49.86.112.151 - - [26/Apr/2022:03:26:47 +0200] "GET /pitchers-drink-dispensers-c-12_243.html HTTP/1.0" 200 90125 "www.wonder-geek.com" "Mozilla/5.0 (Windows NT 10.0; Win64; x64) AppleWebKit/537.36 (KHTML, like Gecko) Chrome/46.0.2486.0 Safari/537.36 Edge/13.10586"
49.86.112.151 - - [26/Apr/2022:03:26:50 +0200] "HEAD /placemats-c-12_156.html HTTP/1.0" 200 386 "www.wonder-geek.com" "Mozilla/5.0 (Windows NT 10.0; Win64; x64) AppleWebKit/537.36 (KHTML, like Gecko) Chrome/46.0.2486.0 Safari/537.36 Edge/13.10586"
54.36.148.243 - - [26/Apr/2022:03:26:52 +0200] "GET /decorative-door-sticker-p-51538.html HTTP/1.0" 200 74266 "-" "Mozilla/5.0 (compatible; AhrefsBot/7.0; +http://ahrefs.com/robot/)"
49.86.112.151 - - [26/Apr/2022:03:26:51 +0200] "GET /placemats-c-12_156.html HTTP/1.0" 200 92872 "www.wonder-geek.com" "Mozilla/5.0 (Windows NT 10.0; Win64; x64) AppleWebKit/537.36 (KHTML, like Gecko) Chrome/46.0.2486.0 Safari/537.36 Edge/13.10586"
49.86.112.151 - - [26/Apr/2022:03:26:55 +0200] "HEAD /plates-cups-c-12_58.html HTTP/1.0" 200 386 "www.wonder-geek.com" "Mozilla/5.0 (Windows NT 10.0; Win64; x64) AppleWebKit/537.36 (KHTML, like Gecko) Chrome/46.0.2486.0 Safari/537.36 Edge/13.10586"
49.86.112.151 - - [26/Apr/2022:03:26:55 +0200] "GET /plates-cups-c-12_58.html HTTP/1.0" 200 79540 "www.wonder-geek.com" "Mozilla/5.0 (Windows NT 10.0; Win64; x64) AppleWebKit/537.36 (KHTML, like Gecko) Chrome/46.0.2486.0 Safari/537.36 Edge/13.10586"
49.86.112.151 - - [26/Apr/2022:03:26:59 +0200] "HEAD /pots-cookie-jars-c-12_250.html HTTP/1.0" 200 386 "www.wonder-geek.com" "Mozilla/5.0 (Windows NT 10.0; Win64; x64) AppleWebKit/537.36 (KHTML, like Gecko) Chrome/46.0.2486.0 Safari/537.36 Edge/13.10586"
49.86.112.151 - - [26/Apr/2022:03:26:59 +0200] "GET /pots-cookie-jars-c-12_250.html HTTP/1.0" 200 90511 "www.wonder-geek.com" "Mozilla/5.0 (Windows NT 10.0; Win64; x64) AppleWebKit/537.36 (KHTML, like Gecko) Chrome/46.0.2486.0 Safari/537.36 Edge/13.10586"
49.86.112.151 - - [26/Apr/2022:03:27:04 +0200] "HEAD /salt-pepper-shaker-sets-c-12_160.html HTTP/1.0" 200 386 "www.wonder-geek.com" "Mozilla/5.0 (Windows NT 10.0; Win64; x64) AppleWebKit/537.36 (KHTML, like Gecko) Chrome/46.0.2486.0 Safari/537.36 Edge/13.10586"
49.86.112.151 - - [26/Apr/2022:03:27:05 +0200] "GET /salt-pepper-shaker-sets-c-12_160.html HTTP/1.0" 200 91021 "www.wonder-geek.com" "Mozilla/5.0 (Windows NT 10.0; Win64; x64) AppleWebKit/537.36 (KHTML, like Gecko) Chrome/46.0.2486.0 Safari/537.36 Edge/13.10586"
40.125.96.217 - - [26/Apr/2022:03:27:14 +0200] "GET /images/mini_prod/1399984230855.jpg HTTP/1.0" 200 269 "-" "Mozilla/5.0 (Windows NT 6.1; WOW64) AppleWebKit/537.36 (KHTML, like Gecko) Chrome/45.0.2454.101 Safari/537.36"
185.191.171.12 - - [26/Apr/2022:03:27:16 +0200] "GET /little-prince-tote-p-51202.html HTTP/1.0" 200 73509 "-" "Mozilla/5.0 (compatible; SemrushBot/7~bl; +http://www.semrush.com/bot.html)"
185.191.171.25 - - [26/Apr/2022:03:27:33 +0200] "GET /white-metal-umbrella-stand-p-57882.html HTTP/1.0" 200 74109 "-" "Mozilla/5.0 (compatible; SemrushBot/7~bl; +http://www.semrush.com/bot.html)"
54.36.148.243 - - [26/Apr/2022:03:28:03 +0200] "GET /harley-davidson-lighter-p-41027.html HTTP/1.0" 200 73894 "-" "Mozilla/5.0 (compatible; AhrefsBot/7.0; +http://ahrefs.com/robot/)"
66.249.66.212 - - [26/Apr/2022:03:28:28 +0200] "GET /japan-keychain-family-p-57388.html HTTP/1.0" 200 75065 "-" "Mozilla/5.0 (Linux; Android 6.0.1; Nexus 5X Build/MMB29P) AppleWebKit/537.36 (KHTML, like Gecko) Chrome/100.0.4896.127 Mobile Safari/537.36 (compatible; Googlebot/2.1; +http://www.google.com/bot.html)"
185.191.171.22 - - [26/Apr/2022:03:28:52 +0200] "GET /collectible-figurines-decorative-c-13_135.html?page=20 HTTP/1.0" 200 97236 "-" "Mozilla/5.0 (compatible; SemrushBot/7~bl; +http://www.semrush.com/bot.html)"
113.207.6.244 - - [26/Apr/2022:03:29:00 +0200] "GET /images/mini_prod/3700653593320.jpg HTTP/1.0" 200 269 "-" "Mozilla/5.0 (X11; Ubuntu; Linux x86_64; rv:72.0) Gecko/20100101 Firefox/72.0"
185.191.171.22 - - [26/Apr/2022:03:29:06 +0200] "GET /furniture-knob-children-sold-individually-pink-butterfly-p-57142.html?action=add_product HTTP/1.0" 302 476 "-" "Mozilla/5.0 (compatible; SemrushBot/7~bl; +http://www.semrush.com/bot.html)"
77.88.5.208 - - [26/Apr/2022:03:29:10 +0200] "GET /windchime-wood-chimes-p-43521.html HTTP/1.0" 200 74082 "-" "Mozilla/5.0 (compatible; YandexBot/3.0; +http://yandex.com/bots)"
54.36.148.243 - - [26/Apr/2022:03:29:14 +0200] "GET /boxes-storage-c-13_150.html?page=25 HTTP/1.0" 200 94076 "-" "Mozilla/5.0 (compatible; AhrefsBot/7.0; +http://ahrefs.com/robot/)"
77.88.5.208 - - [26/Apr/2022:03:29:15 +0200] "GET /-p-19364.html HTTP/1.0" 200 70808 "-" "Mozilla/5.0 (compatible; YandexBot/3.0; +http://yandex.com/bots)"
17.121.112.2 - - [26/Apr/2022:03:29:24 +0200] "GET /aromatic-burner-flowers-brown-p-56898.html HTTP/1.0" 200 75007 "-" "Mozilla/5.0 (Macintosh; Intel Mac OS X 10_15_5) AppleWebKit/605.1.15 (KHTML, like Gecko) Version/13.1.1 Safari/605.1.15 (Applebot/0.1; +http://www.apple.com/go/applebot)"
77.88.5.208 - - [26/Apr/2022:03:29:40 +0200] "GET /paris-bistro-retro-clock-p-34162.html HTTP/1.0" 200 70894 "-" "Mozilla/5.0 (compatible; YandexBot/3.0; +http://yandex.com/bots)"
157.55.39.111 - - [26/Apr/2022:03:29:55 +0200] "GET /games-and-toys/figures/elmer-bear-cub-figure-p-486.html HTTP/1.0" 301 621 "-" "Mozilla/5.0 (compatible; bingbot/2.0; +http://www.bing.com/bingbot.htm)"
125.209.235.177 - - [26/Apr/2022:03:30:00 +0200] "GET /collectible-statuette-jacky-zegers-p-58033.html HTTP/1.0" 200 75670 "-" "Mozilla/5.0 (compatible; Linespider/1.1; +https://lin.ee/4dwXkTH)"
40.77.167.0 - - [26/Apr/2022:03:30:00 +0200] "GET /luggages-schoolbags-leather-shop/backpacks/bratz-backpack-p-1378.html HTTP/1.0" 301 70872 "-" "Mozilla/5.0 (compatible; bingbot/2.0; +http://www.bing.com/bingbot.htm)"
185.191.171.10 - - [26/Apr/2022:03:30:20 +0200] "GET /princess-shells-wall-sticker-p-36402.html HTTP/1.0" 200 74210 "-" "Mozilla/5.0 (compatible; SemrushBot/7~bl; +http://www.semrush.com/bot.html)"
54.36.148.243 - - [26/Apr/2022:03:30:21 +0200] "GET /votive-candle-hours-grass-p-33131.html HTTP/1.0" 200 74696 "-" "Mozilla/5.0 (compatible; AhrefsBot/7.0; +http://ahrefs.com/robot/)"
17.121.113.73 - - [26/Apr/2022:03:30:26 +0200] "GET /images/mini_prod/rayeparme.jpg HTTP/1.0" 200 265 "-" "Mozilla/5.0 (Macintosh; Intel Mac OS X 10_15_5) AppleWebKit/605.1.15 (KHTML, like Gecko) Version/13.1.1 Safari/605.1.15 (Applebot/0.1; +http://www.apple.com/go/applebot)"
157.55.39.111 - - [26/Apr/2022:03:30:47 +0200] "GET /gorjuss-lockable-journal-with-heart-shaped-lock-bubble-fairy-p-46971.html HTTP/1.0" 200 71038 "-" "Mozilla/5.0 (compatible; bingbot/2.0; +http://www.bing.com/bingbot.htm)"
185.191.171.18 - - [26/Apr/2022:03:30:51 +0200] "GET /chimes-suspensions-c-13_241.html?page=4 HTTP/1.0" 200 84154 "-" "Mozilla/5.0 (compatible; SemrushBot/7~bl; +http://www.semrush.com/bot.html)"
54.36.148.74 - - [26/Apr/2022:03:30:58 +0200] "GET /psg-logo-blue-mug-p-52182.html HTTP/1.0" 301 70926 "-" "Mozilla/5.0 (compatible; AhrefsBot/7.0; +http://ahrefs.com/robot/)"
51.68.224.127 - - [26/Apr/2022:03:31:19 +0200] "GET /adminweb/export_orders_xml.php?token=256de2z6edz6ed2z6DFSFsed2zed6zeDSFDSGdzedezfzf&maxorders=10&orderstart=1&status=14&start_date=2018-10-01 HTTP/1.0" 200 285 "-" "GesCom CharlotteBoutik Serveur"
51.68.224.127 - - [26/Apr/2022:03:31:19 +0200] "GET /adminweb/export_orders_xml.php?token=256de2z6edz6ed2z6DFSFsed2zed6zeDSFDSGdzedezfzf&maxorders=10&orderstart=1&status=6&start_date=2018-10-01 HTTP/1.0" 200 32798 "-" "GesCom CharlotteBoutik Serveur"
185.191.171.39 - - [26/Apr/2022:03:31:26 +0200] "GET /green-gold-lampshade-p-56784.html HTTP/1.0" 200 70886 "-" "Mozilla/5.0 (compatible; SemrushBot/7~bl; +http://www.semrush.com/bot.html)"
54.36.148.243 - - [26/Apr/2022:03:31:30 +0200] "GET /alarms-clocks-c-13_65.html?page=3 HTTP/1.0" 200 92258 "-" "Mozilla/5.0 (compatible; AhrefsBot/7.0; +http://ahrefs.com/robot/)"
40.125.96.140 - - [26/Apr/2022:03:31:33 +0200] "GET /images/mini_prod/3520071411903.jpg HTTP/1.0" 200 269 "-" "Mozilla/5.0 (Windows NT 10.0; WOW64) AppleWebKit/537.36 (KHTML, like Gecko) Chrome/67.0.3396.99 Safari/537.36"
185.191.171.11 - - [26/Apr/2022:03:31:33 +0200] "GET /glass-ball-lamp-18-cm-pink-p-48263.html HTTP/1.0" 301 70967 "-" "Mozilla/5.0 (compatible; SemrushBot/7~bl; +http://www.semrush.com/bot.html)"
185.191.171.15 - - [26/Apr/2022:03:31:37 +0200] "GET /glass-ball-lamp-pink-p-48263.html HTTP/1.0" 200 70880 "-" "Mozilla/5.0 (compatible; SemrushBot/7~bl; +http://www.semrush.com/bot.html)"
185.191.171.14 - - [26/Apr/2022:03:31:44 +0200] "GET /small-baby-teeth-p-54206.html?action=add_product HTTP/1.0" 302 476 "-" "Mozilla/5.0 (compatible; SemrushBot/7~bl; +http://www.semrush.com/bot.html)"
207.46.13.182 - - [26/Apr/2022:03:31:55 +0200] "GET /unicorne-small-bank-p-42513.html HTTP/1.0" 200 70874 "-" "Mozilla/5.0 (compatible; bingbot/2.0; +http://www.bing.com/bingbot.htm)"
185.191.171.26 - - [26/Apr/2022:03:32:15 +0200] "GET /hello-kitty-towel-p-5614.html?action=add_product HTTP/1.0" 302 476 "-" "Mozilla/5.0 (compatible; SemrushBot/7~bl; +http://www.semrush.com/bot.html)"
54.36.149.10 - - [26/Apr/2022:03:32:31 +0200] "GET /beige-sandstone-lamp-p-56456.html HTTP/1.0" 301 74276 "-" "Mozilla/5.0 (compatible; AhrefsBot/7.0; +http://ahrefs.com/robot/)"
54.36.148.243 - - [26/Apr/2022:03:32:48 +0200] "GET /taurus-decorative-statue-p-48874.html HTTP/1.0" 200 74296 "-" "Mozilla/5.0 (compatible; AhrefsBot/7.0; +http://ahrefs.com/robot/)"
216.244.66.242 - - [26/Apr/2022:03:33:31 +0200] "GET /robots.txt HTTP/1.0" 200 245 "-" "Mozilla/5.0 (compatible; DotBot/1.2; +https://opensiteexplorer.org/dotbot; help@moz.com)"
185.191.171.23 - - [26/Apr/2022:03:33:55 +0200] "GET /indian-motorcycle-metal-plate-deco-405-215-cm-p-47181.html HTTP/1.0" 301 73729 "-" "Mozilla/5.0 (compatible; SemrushBot/7~bl; +http://www.semrush.com/bot.html)"
185.191.171.39 - - [26/Apr/2022:03:33:59 +0200] "GET /indian-motorcycle-metal-plate-deco-p-47181.html HTTP/1.0" 200 73628 "-" "Mozilla/5.0 (compatible; SemrushBot/7~bl; +http://www.semrush.com/bot.html)"
185.191.171.5 - - [26/Apr/2022:03:34:04 +0200] "GET /wolf-fur-plaid-130-170-cm-p-45936.html HTTP/1.0" 301 73567 "-" "Mozilla/5.0 (compatible; SemrushBot/7~bl; +http://www.semrush.com/bot.html)"
54.36.148.243 - - [26/Apr/2022:03:34:06 +0200] "GET /india-collectable-figurine-family-p-57411.html HTTP/1.0" 200 75660 "-" "Mozilla/5.0 (compatible; AhrefsBot/7.0; +http://ahrefs.com/robot/)"
185.191.171.4 - - [26/Apr/2022:03:34:07 +0200] "GET /wolf-plaid-p-45936.html HTTP/1.0" 200 73490 "-" "Mozilla/5.0 (compatible; SemrushBot/7~bl; +http://www.semrush.com/bot.html)"
20.64.196.217 - - [26/Apr/2022:03:34:23 +0200] "GET /images/mini_prod/1384000000758.jpg HTTP/1.0" 200 269 "-" "Mozilla/5.0 (Windows NT 10.0; WOW64) AppleWebKit/537.36 (KHTML, like Gecko) Chrome/68.0.3440.106 Safari/537.36"
185.191.171.38 - - [26/Apr/2022:03:34:37 +0200] "GET /candy-cloud-notepad-dasha-p-49837.html HTTP/1.0" 200 73491 "-" "Mozilla/5.0 (compatible; SemrushBot/7~bl; +http://www.semrush.com/bot.html)"
40.125.125.88 - - [26/Apr/2022:03:34:40 +0200] "GET /images/mini_prod/3665269006506.jpg HTTP/1.0" 200 269 "-" "Mozilla/5.0 (Windows NT 10.0; ) Gecko/20100101 Firefox/61.0"
185.191.171.45 - - [26/Apr/2022:03:34:50 +0200] "GET /aboriginal-figure-statuette-p-52231.html?action=add_product HTTP/1.0" 302 476 "-" "Mozilla/5.0 (compatible; SemrushBot/7~bl; +http://www.semrush.com/bot.html)"
185.191.171.23 - - [26/Apr/2022:03:35:17 +0200] "GET /money-cbkreation-p-23999.html?action=add_product HTTP/1.0" 302 476 "-" "Mozilla/5.0 (compatible; SemrushBot/7~bl; +http://www.semrush.com/bot.html)"
66.249.66.210 - - [26/Apr/2022:03:35:21 +0200] "GET /incense-satya-sandalwood-boxes-grams-p-54696.html HTTP/1.0" 200 74902 "-" "Mozilla/5.0 (Linux; Android 6.0.1; Nexus 5X Build/MMB29P) AppleWebKit/537.36 (KHTML, like Gecko) Chrome/100.0.4896.127 Mobile Safari/537.36 (compatible; Googlebot/2.1; +http://www.google.com/bot.html)"
54.36.148.243 - - [26/Apr/2022:03:35:25 +0200] "GET /angry-birds-p-19142.html HTTP/1.0" 200 73598 "-" "Mozilla/5.0 (compatible; AhrefsBot/7.0; +http://ahrefs.com/robot/)"
185.191.171.6 - - [26/Apr/2022:03:36:23 +0200] "GET /jasmin-jasmine-companion-portfolio-tiffany-beige-p-38700.html HTTP/1.0" 200 74535 "-" "Mozilla/5.0 (compatible; SemrushBot/7~bl; +http://www.semrush.com/bot.html)"
185.191.171.6 - - [26/Apr/2022:03:36:35 +0200] "GET /amerindien-white-porcelain-bowl-p-56508.html?action=add_product HTTP/1.0" 302 476 "-" "Mozilla/5.0 (compatible; SemrushBot/7~bl; +http://www.semrush.com/bot.html)"
54.36.148.243 - - [26/Apr/2022:03:36:46 +0200] "GET /furniture-knob-sold-individually-p-55729.html HTTP/1.0" 200 74437 "-" "Mozilla/5.0 (compatible; AhrefsBot/7.0; +http://ahrefs.com/robot/)"
185.191.171.43 - - [26/Apr/2022:03:36:50 +0200] "GET /snack-bag-hello-kitty-cherry-blossom-pink-p-19651.html HTTP/1.0" 301 74397 "-" "Mozilla/5.0 (compatible; SemrushBot/7~bl; +http://www.semrush.com/bot.html)"
185.191.171.25 - - [26/Apr/2022:03:36:53 +0200] "GET /snack-hello-kitty-cherry-blossom-pink-p-19651.html HTTP/1.0" 200 74293 "-" "Mozilla/5.0 (compatible; SemrushBot/7~bl; +http://www.semrush.com/bot.html)"
49.86.112.151 - - [26/Apr/2022:03:36:57 +0200] "HEAD / HTTP/1.0" 200 386 "www.wonder-geek.com" "Mozilla/5.0 (Windows NT 10.0; Win64; x64) AppleWebKit/537.36 (KHTML, like Gecko) Chrome/46.0.2486.0 Safari/537.36 Edge/13.10586"
49.86.112.151 - - [26/Apr/2022:03:36:58 +0200] "GET / HTTP/1.0" 200 151854 "www.wonder-geek.com" "Mozilla/5.0 (Windows NT 10.0; Win64; x64) AppleWebKit/537.36 (KHTML, like Gecko) Chrome/46.0.2486.0 Safari/537.36 Edge/13.10586"
49.86.112.151 - - [26/Apr/2022:03:37:08 +0200] "HEAD / HTTP/1.0" 200 386 "www.wonder-geek.com" "Mozilla/5.0 (Windows NT 10.0; Win64; x64) AppleWebKit/537.36 (KHTML, like Gecko) Chrome/46.0.2486.0 Safari/537.36 Edge/13.10586"
49.86.112.151 - - [26/Apr/2022:03:37:09 +0200] "GET / HTTP/1.0" 200 151511 "www.wonder-geek.com" "Mozilla/5.0 (Windows NT 10.0; Win64; x64) AppleWebKit/537.36 (KHTML, like Gecko) Chrome/46.0.2486.0 Safari/537.36 Edge/13.10586"
49.86.112.151 - - [26/Apr/2022:03:37:14 +0200] "HEAD /contact_us.php HTTP/1.0" 200 386 "www.wonder-geek.com" "Mozilla/5.0 (Windows NT 10.0; Win64; x64) AppleWebKit/537.36 (KHTML, like Gecko) Chrome/46.0.2486.0 Safari/537.36 Edge/13.10586"
49.86.112.151 - - [26/Apr/2022:03:37:14 +0200] "GET /contact_us.php HTTP/1.0" 200 26241 "www.wonder-geek.com" "Mozilla/5.0 (Windows NT 10.0; Win64; x64) AppleWebKit/537.36 (KHTML, like Gecko) Chrome/46.0.2486.0 Safari/537.36 Edge/13.10586"
49.86.112.151 - - [26/Apr/2022:03:37:15 +0200] "HEAD /create_account.php HTTP/1.0" 200 386 "www.wonder-geek.com" "Mozilla/5.0 (Windows NT 10.0; Win64; x64) AppleWebKit/537.36 (KHTML, like Gecko) Chrome/46.0.2486.0 Safari/537.36 Edge/13.10586"
49.86.112.151 - - [26/Apr/2022:03:37:16 +0200] "GET /create_account.php HTTP/1.0" 200 33633 "www.wonder-geek.com" "Mozilla/5.0 (Windows NT 10.0; Win64; x64) AppleWebKit/537.36 (KHTML, like Gecko) Chrome/46.0.2486.0 Safari/537.36 Edge/13.10586"
49.86.112.151 - - [26/Apr/2022:03:37:17 +0200] "HEAD /checkout_shipping.php HTTP/1.0" 302 449 "www.wonder-geek.com" "Mozilla/5.0 (Windows NT 10.0; Win64; x64) AppleWebKit/537.36 (KHTML, like Gecko) Chrome/46.0.2486.0 Safari/537.36 Edge/13.10586"
49.86.112.151 - - [26/Apr/2022:03:37:17 +0200] "HEAD /login.php HTTP/1.0" 200 386 "www.wonder-geek.com" "Mozilla/5.0 (Windows NT 10.0; Win64; x64) AppleWebKit/537.36 (KHTML, like Gecko) Chrome/46.0.2486.0 Safari/537.36 Edge/13.10586"
49.86.112.151 - - [26/Apr/2022:03:37:18 +0200] "GET /checkout_shipping.php HTTP/1.0" 302 468 "www.wonder-geek.com" "Mozilla/5.0 (Windows NT 10.0; Win64; x64) AppleWebKit/537.36 (KHTML, like Gecko) Chrome/46.0.2486.0 Safari/537.36 Edge/13.10586"
49.86.112.151 - - [26/Apr/2022:03:37:18 +0200] "GET /login.php HTTP/1.0" 200 17155 "www.wonder-geek.com" "Mozilla/5.0 (Windows NT 10.0; Win64; x64) AppleWebKit/537.36 (KHTML, like Gecko) Chrome/46.0.2486.0 Safari/537.36 Edge/13.10586"
49.86.112.151 - - [26/Apr/2022:03:37:19 +0200] "HEAD /shopping_cart.php HTTP/1.0" 200 386 "www.wonder-geek.com" "Mozilla/5.0 (Windows NT 10.0; Win64; x64) AppleWebKit/537.36 (KHTML, like Gecko) Chrome/46.0.2486.0 Safari/537.36 Edge/13.10586"
49.86.112.151 - - [26/Apr/2022:03:37:19 +0200] "GET /shopping_cart.php HTTP/1.0" 200 13298 "www.wonder-geek.com" "Mozilla/5.0 (Windows NT 10.0; Win64; x64) AppleWebKit/537.36 (KHTML, like Gecko) Chrome/46.0.2486.0 Safari/537.36 Edge/13.10586"
49.86.112.151 - - [26/Apr/2022:03:37:20 +0200] "HEAD /login.php HTTP/1.0" 200 386 "www.wonder-geek.com" "Mozilla/5.0 (Windows NT 10.0; Win64; x64) AppleWebKit/537.36 (KHTML, like Gecko) Chrome/46.0.2486.0 Safari/537.36 Edge/13.10586"
49.86.112.151 - - [26/Apr/2022:03:37:21 +0200] "GET /login.php HTTP/1.0" 200 17155 "www.wonder-geek.com" "Mozilla/5.0 (Windows NT 10.0; Win64; x64) AppleWebKit/537.36 (KHTML, like Gecko) Chrome/46.0.2486.0 Safari/537.36 Edge/13.10586"
49.86.112.151 - - [26/Apr/2022:03:37:24 +0200] "HEAD / HTTP/1.0" 200 386 "www.wonder-geek.com" "Mozilla/5.0 (Windows NT 10.0; Win64; x64) AppleWebKit/537.36 (KHTML, like Gecko) Chrome/46.0.2486.0 Safari/537.36 Edge/13.10586"
49.86.112.151 - - [26/Apr/2022:03:37:25 +0200] "GET / HTTP/1.0" 200 151492 "www.wonder-geek.com" "Mozilla/5.0 (Windows NT 10.0; Win64; x64) AppleWebKit/537.36 (KHTML, like Gecko) Chrome/46.0.2486.0 Safari/537.36 Edge/13.10586"
40.125.126.5 - - [26/Apr/2022:03:37:29 +0200] "GET /images/big_prod_1/b3608860261035.jpg HTTP/1.0" 200 271 "-" "Mozilla/5.0 (Windows NT 10.0; WOW64) AppleWebKit/537.36 (KHTML, like Gecko) Chrome/64.0.3282.186 Safari/537.36"
49.86.112.151 - - [26/Apr/2022:03:37:30 +0200] "HEAD /index.php?language=fr HTTP/1.0" 200 386 "www.wonder-geek.com" "Mozilla/5.0 (Windows NT 10.0; Win64; x64) AppleWebKit/537.36 (KHTML, like Gecko) Chrome/46.0.2486.0 Safari/537.36 Edge/13.10586"
49.86.112.151 - - [26/Apr/2022:03:37:31 +0200] "GET /index.php?language=fr HTTP/1.0" 200 157920 "www.wonder-geek.com" "Mozilla/5.0 (Windows NT 10.0; Win64; x64) AppleWebKit/537.36 (KHTML, like Gecko) Chrome/46.0.2486.0 Safari/537.36 Edge/13.10586"
185.191.171.22 - - [26/Apr/2022:03:37:34 +0200] "GET /-p-52502.html?action=add_product HTTP/1.0" 302 476 "-" "Mozilla/5.0 (compatible; SemrushBot/7~bl; +http://www.semrush.com/bot.html)"
185.191.171.2 - - [26/Apr/2022:03:37:37 +0200] "GET /marseille-retro-coasters-p-47088.html?action=add_product HTTP/1.0" 302 476 "-" "Mozilla/5.0 (compatible; SemrushBot/7~bl; +http://www.semrush.com/bot.html)"
49.86.112.151 - - [26/Apr/2022:03:37:38 +0200] "HEAD /specials.php HTTP/1.0" 200 386 "www.wonder-geek.com" "Mozilla/5.0 (Windows NT 10.0; Win64; x64) AppleWebKit/537.36 (KHTML, like Gecko) Chrome/46.0.2486.0 Safari/537.36 Edge/13.10586"
49.86.112.151 - - [26/Apr/2022:03:37:38 +0200] "GET /specials.php HTTP/1.0" 200 124439 "www.wonder-geek.com" "Mozilla/5.0 (Windows NT 10.0; Win64; x64) AppleWebKit/537.36 (KHTML, like Gecko) Chrome/46.0.2486.0 Safari/537.36 Edge/13.10586"
40.125.96.217 - - [26/Apr/2022:03:37:42 +0200] "GET /images/mini_prod/3524550044613.jpg HTTP/1.0" 200 269 "-" "Mozilla/5.0 (Windows NT 10.0; WOW64) AppleWebKit/537.36 (KHTML, like Gecko) Chrome/68.0.3440.106 Safari/537.36"
49.86.112.151 - - [26/Apr/2022:03:37:46 +0200] "HEAD /products_new.php HTTP/1.0" 200 386 "www.wonder-geek.com" "Mozilla/5.0 (Windows NT 10.0; Win64; x64) AppleWebKit/537.36 (KHTML, like Gecko) Chrome/46.0.2486.0 Safari/537.36 Edge/13.10586"
49.86.112.151 - - [26/Apr/2022:03:37:46 +0200] "GET /products_new.php HTTP/1.0" 200 95174 "www.wonder-geek.com" "Mozilla/5.0 (Windows NT 10.0; Win64; x64) AppleWebKit/537.36 (KHTML, like Gecko) Chrome/46.0.2486.0 Safari/537.36 Edge/13.10586"
49.86.112.151 - - [26/Apr/2022:03:37:51 +0200] "HEAD /dishes-c-12.html HTTP/1.0" 200 386 "www.wonder-geek.com" "Mozilla/5.0 (Windows NT 10.0; Win64; x64) AppleWebKit/537.36 (KHTML, like Gecko) Chrome/46.0.2486.0 Safari/537.36 Edge/13.10586"
49.86.112.151 - - [26/Apr/2022:03:37:52 +0200] "GET /dishes-c-12.html HTTP/1.0" 200 91644 "www.wonder-geek.com" "Mozilla/5.0 (Windows NT 10.0; Win64; x64) AppleWebKit/537.36 (KHTML, like Gecko) Chrome/46.0.2486.0 Safari/537.36 Edge/13.10586"
54.36.148.243 - - [26/Apr/2022:03:37:53 +0200] "GET /tetsubin-black-teapot-japanese-liter-p-40898.html HTTP/1.0" 200 73787 "-" "Mozilla/5.0 (compatible; AhrefsBot/7.0; +http://ahrefs.com/robot/)"
49.86.112.151 - - [26/Apr/2022:03:37:58 +0200] "HEAD /adaptable-decorative-caps-c-12_249.html HTTP/1.0" 200 386 "www.wonder-geek.com" "Mozilla/5.0 (Windows NT 10.0; Win64; x64) AppleWebKit/537.36 (KHTML, like Gecko) Chrome/46.0.2486.0 Safari/537.36 Edge/13.10586"
49.86.112.151 - - [26/Apr/2022:03:37:59 +0200] "GET /adaptable-decorative-caps-c-12_249.html HTTP/1.0" 200 79432 "www.wonder-geek.com" "Mozilla/5.0 (Windows NT 10.0; Win64; x64) AppleWebKit/537.36 (KHTML, like Gecko) Chrome/46.0.2486.0 Safari/537.36 Edge/13.10586"
49.86.112.151 - - [26/Apr/2022:03:38:04 +0200] "HEAD /barbecue-aperitif-c-12_254.html HTTP/1.0" 200 386 "www.wonder-geek.com" "Mozilla/5.0 (Windows NT 10.0; Win64; x64) AppleWebKit/537.36 (KHTML, like Gecko) Chrome/46.0.2486.0 Safari/537.36 Edge/13.10586"
49.86.112.151 - - [26/Apr/2022:03:38:05 +0200] "GET /barbecue-aperitif-c-12_254.html HTTP/1.0" 200 90185 "www.wonder-geek.com" "Mozilla/5.0 (Windows NT 10.0; Win64; x64) AppleWebKit/537.36 (KHTML, like Gecko) Chrome/46.0.2486.0 Safari/537.36 Edge/13.10586"
49.86.112.151 - - [26/Apr/2022:03:38:10 +0200] "HEAD /bottle-holder-beer-bucket-c-12_224.html HTTP/1.0" 200 386 "www.wonder-geek.com" "Mozilla/5.0 (Windows NT 10.0; Win64; x64) AppleWebKit/537.36 (KHTML, like Gecko) Chrome/46.0.2486.0 Safari/537.36 Edge/13.10586"
49.86.112.151 - - [26/Apr/2022:03:38:11 +0200] "GET /bottle-holder-beer-bucket-c-12_224.html HTTP/1.0" 200 90241 "www.wonder-geek.com" "Mozilla/5.0 (Windows NT 10.0; Win64; x64) AppleWebKit/537.36 (KHTML, like Gecko) Chrome/46.0.2486.0 Safari/537.36 Edge/13.10586"
49.86.112.151 - - [26/Apr/2022:03:38:15 +0200] "HEAD /bowls-c-12_60.html HTTP/1.0" 200 386 "www.wonder-geek.com" "Mozilla/5.0 (Windows NT 10.0; Win64; x64) AppleWebKit/537.36 (KHTML, like Gecko) Chrome/46.0.2486.0 Safari/537.36 Edge/13.10586"
49.86.112.151 - - [26/Apr/2022:03:38:16 +0200] "GET /bowls-c-12_60.html HTTP/1.0" 200 93332 "www.wonder-geek.com" "Mozilla/5.0 (Windows NT 10.0; Win64; x64) AppleWebKit/537.36 (KHTML, like Gecko) Chrome/46.0.2486.0 Safari/537.36 Edge/13.10586"
185.191.171.15 - - [26/Apr/2022:03:38:20 +0200] "GET /fantasia-mickey-mouse-sorcerer-by-romero-britto-p-33953.html HTTP/1.0" 301 70875 "-" "Mozilla/5.0 (compatible; SemrushBot/7~bl; +http://www.semrush.com/bot.html)"
49.86.112.151 - - [26/Apr/2022:03:38:20 +0200] "HEAD /bowls-c-12_255.html HTTP/1.0" 200 386 "www.wonder-geek.com" "Mozilla/5.0 (Windows NT 10.0; Win64; x64) AppleWebKit/537.36 (KHTML, like Gecko) Chrome/46.0.2486.0 Safari/537.36 Edge/13.10586"
49.86.112.151 - - [26/Apr/2022:03:38:22 +0200] "GET /bowls-c-12_255.html HTTP/1.0" 200 78687 "www.wonder-geek.com" "Mozilla/5.0 (Windows NT 10.0; Win64; x64) AppleWebKit/537.36 (KHTML, like Gecko) Chrome/46.0.2486.0 Safari/537.36 Edge/13.10586"
185.191.171.14 - - [26/Apr/2022:03:38:23 +0200] "GET /-p-33953.html HTTP/1.0" 200 70808 "-" "Mozilla/5.0 (compatible; SemrushBot/7~bl; +http://www.semrush.com/bot.html)"
54.36.148.7 - - [26/Apr/2022:03:38:25 +0200] "GET /yakari-eagle-figure-p-15658.html HTTP/1.0" 301 70875 "-" "Mozilla/5.0 (compatible; AhrefsBot/7.0; +http://ahrefs.com/robot/)"
49.86.112.151 - - [26/Apr/2022:03:38:26 +0200] "HEAD /butter-dish-c-12_222.html HTTP/1.0" 200 386 "www.wonder-geek.com" "Mozilla/5.0 (Windows NT 10.0; Win64; x64) AppleWebKit/537.36 (KHTML, like Gecko) Chrome/46.0.2486.0 Safari/537.36 Edge/13.10586"
49.86.112.151 - - [26/Apr/2022:03:38:26 +0200] "GET /butter-dish-c-12_222.html HTTP/1.0" 200 84924 "www.wonder-geek.com" "Mozilla/5.0 (Windows NT 10.0; Win64; x64) AppleWebKit/537.36 (KHTML, like Gecko) Chrome/46.0.2486.0 Safari/537.36 Edge/13.10586"
49.86.112.151 - - [26/Apr/2022:03:38:30 +0200] "HEAD /cake-molds-cube-molds-c-12_246.html HTTP/1.0" 200 386 "www.wonder-geek.com" "Mozilla/5.0 (Windows NT 10.0; Win64; x64) AppleWebKit/537.36 (KHTML, like Gecko) Chrome/46.0.2486.0 Safari/537.36 Edge/13.10586"
49.86.112.151 - - [26/Apr/2022:03:38:31 +0200] "GET /cake-molds-cube-molds-c-12_246.html HTTP/1.0" 200 85773 "www.wonder-geek.com" "Mozilla/5.0 (Windows NT 10.0; Win64; x64) AppleWebKit/537.36 (KHTML, like Gecko) Chrome/46.0.2486.0 Safari/537.36 Edge/13.10586"
66.249.66.210 - - [26/Apr/2022:03:38:32 +0200] "GET /captain-amrica-shirt-p-29615.html HTTP/1.0" 200 74837 "-" "Mozilla/5.0 (Linux; Android 6.0.1; Nexus 5X Build/MMB29P) AppleWebKit/537.36 (KHTML, like Gecko) Chrome/100.0.4896.127 Mobile Safari/537.36 (compatible; Googlebot/2.1; +http://www.google.com/bot.html)"
49.86.112.151 - - [26/Apr/2022:03:38:35 +0200] "HEAD /cellar-slicer-sausage-c-12_252.html HTTP/1.0" 200 386 "www.wonder-geek.com" "Mozilla/5.0 (Windows NT 10.0; Win64; x64) AppleWebKit/537.36 (KHTML, like Gecko) Chrome/46.0.2486.0 Safari/537.36 Edge/13.10586"
49.86.112.151 - - [26/Apr/2022:03:38:35 +0200] "GET /cellar-slicer-sausage-c-12_252.html HTTP/1.0" 200 79607 "www.wonder-geek.com" "Mozilla/5.0 (Windows NT 10.0; Win64; x64) AppleWebKit/537.36 (KHTML, like Gecko) Chrome/46.0.2486.0 Safari/537.36 Edge/13.10586"
49.86.112.151 - - [26/Apr/2022:03:38:39 +0200] "HEAD /coasters-c-12_157.html HTTP/1.0" 200 386 "www.wonder-geek.com" "Mozilla/5.0 (Windows NT 10.0; Win64; x64) AppleWebKit/537.36 (KHTML, like Gecko) Chrome/46.0.2486.0 Safari/537.36 Edge/13.10586"
49.86.112.151 - - [26/Apr/2022:03:38:40 +0200] "GET /coasters-c-12_157.html HTTP/1.0" 200 92751 "www.wonder-geek.com" "Mozilla/5.0 (Windows NT 10.0; Win64; x64) AppleWebKit/537.36 (KHTML, like Gecko) Chrome/46.0.2486.0 Safari/537.36 Edge/13.10586"
49.86.112.151 - - [26/Apr/2022:03:38:43 +0200] "HEAD /corkscrew-bottle-opener-sommelier-c-12_213.html HTTP/1.0" 200 386 "www.wonder-geek.com" "Mozilla/5.0 (Windows NT 10.0; Win64; x64) AppleWebKit/537.36 (KHTML, like Gecko) Chrome/46.0.2486.0 Safari/537.36 Edge/13.10586"
49.86.112.151 - - [26/Apr/2022:03:38:44 +0200] "GET /corkscrew-bottle-opener-sommelier-c-12_213.html HTTP/1.0" 200 91268 "www.wonder-geek.com" "Mozilla/5.0 (Windows NT 10.0; Win64; x64) AppleWebKit/537.36 (KHTML, like Gecko) Chrome/46.0.2486.0 Safari/537.36 Edge/13.10586"
49.86.112.151 - - [26/Apr/2022:03:38:47 +0200] "HEAD /dishes-dishes-c-12_251.html HTTP/1.0" 200 386 "www.wonder-geek.com" "Mozilla/5.0 (Windows NT 10.0; Win64; x64) AppleWebKit/537.36 (KHTML, like Gecko) Chrome/46.0.2486.0 Safari/537.36 Edge/13.10586"
49.86.112.151 - - [26/Apr/2022:03:38:48 +0200] "GET /dishes-dishes-c-12_251.html HTTP/1.0" 200 89940 "www.wonder-geek.com" "Mozilla/5.0 (Windows NT 10.0; Win64; x64) AppleWebKit/537.36 (KHTML, like Gecko) Chrome/46.0.2486.0 Safari/537.36 Edge/13.10586"
49.86.112.151 - - [26/Apr/2022:03:38:52 +0200] "HEAD /cups-c-12_248.html HTTP/1.0" 200 386 "www.wonder-geek.com" "Mozilla/5.0 (Windows NT 10.0; Win64; x64) AppleWebKit/537.36 (KHTML, like Gecko) Chrome/46.0.2486.0 Safari/537.36 Edge/13.10586"
49.86.112.151 - - [26/Apr/2022:03:38:52 +0200] "GET /cups-c-12_248.html HTTP/1.0" 200 85959 "www.wonder-geek.com" "Mozilla/5.0 (Windows NT 10.0; Win64; x64) AppleWebKit/537.36 (KHTML, like Gecko) Chrome/46.0.2486.0 Safari/537.36 Edge/13.10586"
49.86.112.151 - - [26/Apr/2022:03:38:56 +0200] "HEAD /flasks-c-12_245.html HTTP/1.0" 200 386 "www.wonder-geek.com" "Mozilla/5.0 (Windows NT 10.0; Win64; x64) AppleWebKit/537.36 (KHTML, like Gecko) Chrome/46.0.2486.0 Safari/537.36 Edge/13.10586"
49.86.112.151 - - [26/Apr/2022:03:38:57 +0200] "GET /flasks-c-12_245.html HTTP/1.0" 200 80020 "www.wonder-geek.com" "Mozilla/5.0 (Windows NT 10.0; Win64; x64) AppleWebKit/537.36 (KHTML, like Gecko) Chrome/46.0.2486.0 Safari/537.36 Edge/13.10586"
49.86.112.151 - - [26/Apr/2022:03:39:00 +0200] "HEAD /flatwares-c-12_63.html HTTP/1.0" 200 386 "www.wonder-geek.com" "Mozilla/5.0 (Windows NT 10.0; Win64; x64) AppleWebKit/537.36 (KHTML, like Gecko) Chrome/46.0.2486.0 Safari/537.36 Edge/13.10586"
113.207.6.244 - - [26/Apr/2022:03:39:01 +0200] "GET /images/mini_prod/MISES-EN-SITUATION-06.jpg HTTP/1.0" 200 277 "-" "Mozilla/5.0 (X11; Ubuntu; Linux x86_64; rv:72.0) Gecko/20100101 Firefox/72.0"
49.86.112.151 - - [26/Apr/2022:03:39:01 +0200] "GET /flatwares-c-12_63.html HTTP/1.0" 200 89963 "www.wonder-geek.com" "Mozilla/5.0 (Windows NT 10.0; Win64; x64) AppleWebKit/537.36 (KHTML, like Gecko) Chrome/46.0.2486.0 Safari/537.36 Edge/13.10586"
49.86.112.151 - - [26/Apr/2022:03:39:04 +0200] "HEAD /glasses-drinking-c-12_62.html HTTP/1.0" 200 386 "www.wonder-geek.com" "Mozilla/5.0 (Windows NT 10.0; Win64; x64) AppleWebKit/537.36 (KHTML, like Gecko) Chrome/46.0.2486.0 Safari/537.36 Edge/13.10586"
49.86.112.151 - - [26/Apr/2022:03:39:05 +0200] "GET /glasses-drinking-c-12_62.html HTTP/1.0" 200 90742 "www.wonder-geek.com" "Mozilla/5.0 (Windows NT 10.0; Win64; x64) AppleWebKit/537.36 (KHTML, like Gecko) Chrome/46.0.2486.0 Safari/537.36 Edge/13.10586"
49.86.112.151 - - [26/Apr/2022:03:39:08 +0200] "HEAD /with-infuser-c-12_221.html HTTP/1.0" 200 386 "www.wonder-geek.com" "Mozilla/5.0 (Windows NT 10.0; Win64; x64) AppleWebKit/537.36 (KHTML, like Gecko) Chrome/46.0.2486.0 Safari/537.36 Edge/13.10586"
49.86.112.151 - - [26/Apr/2022:03:39:09 +0200] "GET /with-infuser-c-12_221.html HTTP/1.0" 200 91401 "www.wonder-geek.com" "Mozilla/5.0 (Windows NT 10.0; Win64; x64) AppleWebKit/537.36 (KHTML, like Gecko) Chrome/46.0.2486.0 Safari/537.36 Edge/13.10586"
54.36.148.243 - - [26/Apr/2022:03:39:11 +0200] "GET /plush-christmas-tree-decoration-p-49649.html HTTP/1.0" 200 73577 "-" "Mozilla/5.0 (compatible; AhrefsBot/7.0; +http://ahrefs.com/robot/)"
49.86.112.151 - - [26/Apr/2022:03:39:12 +0200] "HEAD /mugs-mazagrans-c-12_57.html HTTP/1.0" 200 386 "www.wonder-geek.com" "Mozilla/5.0 (Windows NT 10.0; Win64; x64) AppleWebKit/537.36 (KHTML, like Gecko) Chrome/46.0.2486.0 Safari/537.36 Edge/13.10586"
49.86.112.151 - - [26/Apr/2022:03:39:14 +0200] "GET /mugs-mazagrans-c-12_57.html HTTP/1.0" 200 96510 "www.wonder-geek.com" "Mozilla/5.0 (Windows NT 10.0; Win64; x64) AppleWebKit/537.36 (KHTML, like Gecko) Chrome/46.0.2486.0 Safari/537.36 Edge/13.10586"
54.36.148.63 - - [26/Apr/2022:03:39:15 +0200] "GET /betty-boop-mobile-sock-p-4007.html HTTP/1.0" 301 70872 "-" "Mozilla/5.0 (compatible; AhrefsBot/7.0; +http://ahrefs.com/robot/)"
49.86.112.151 - - [26/Apr/2022:03:39:17 +0200] "HEAD /paper-towel-dispenser-c-12_253.html HTTP/1.0" 200 386 "www.wonder-geek.com" "Mozilla/5.0 (Windows NT 10.0; Win64; x64) AppleWebKit/537.36 (KHTML, like Gecko) Chrome/46.0.2486.0 Safari/537.36 Edge/13.10586"
