23.100.232.233 - - [26/Apr/2022:20:51:26 +0200] "GET /swfobject.js HTTP/1.0" 404 1308 "http://www.wonder-geek.com/-p-28823.html" "Mozilla/5.0 (compatible; MSIE 9.0; Windows NT 6.0; Trident/5.0;  Trident/5.0)"
23.100.232.233 - - [26/Apr/2022:20:51:26 +0200] "GET /style.ie7.css HTTP/1.0" 404 1308 "http://www.wonder-geek.com/-p-28823.html" "Mozilla/5.0 (compatible; MSIE 9.0; Windows NT 6.0; Trident/5.0;  Trident/5.0)"
23.100.232.233 - - [26/Apr/2022:20:51:27 +0200] "GET /templates/Pixame_v1/images/flash.swf HTTP/1.0" 200 290 "http://www.wonder-geek.com/-p-28823.html" "Mozilla/5.0 (compatible; MSIE 9.0; Windows NT 6.0; Trident/5.0;  Trident/5.0)"
23.100.232.233 - - [26/Apr/2022:20:51:28 +0200] "GET /highslide/graphics/zoomout.cur HTTP/1.0" 200 614 "http://www.wonder-geek.com/-p-28823.html" "Mozilla/5.0 (compatible; MSIE 9.0; Windows NT 6.0; Trident/5.0;  Trident/5.0)"
185.191.171.18 - - [26/Apr/2022:20:51:36 +0200] "GET /teo-jasmin-large-cabas-maiko-p-43140.html HTTP/1.0" 301 74475 "-" "Mozilla/5.0 (compatible; SemrushBot/7~bl; +http://www.semrush.com/bot.html)"
185.191.171.5 - - [26/Apr/2022:20:51:39 +0200] "GET /jasmin-large-cabas-maiko-p-43140.html HTTP/1.0" 200 74384 "-" "Mozilla/5.0 (compatible; SemrushBot/7~bl; +http://www.semrush.com/bot.html)"
66.249.66.212 - - [26/Apr/2022:20:52:09 +0200] "GET /boxes-storage-c-13_150.html?page=10 HTTP/1.0" 200 94296 "-" "Mozilla/5.0 (Linux; Android 6.0.1; Nexus 5X Build/MMB29P) AppleWebKit/537.36 (KHTML, like Gecko) Chrome/100.0.4896.127 Mobile Safari/537.36 (compatible; Googlebot/2.1; +http://www.google.com/bot.html)"
54.36.148.243 - - [26/Apr/2022:20:52:20 +0200] "GET /tetsubin-green-teapot-japanese-liter-p-40902.html HTTP/1.0" 200 73787 "-" "Mozilla/5.0 (compatible; AhrefsBot/7.0; +http://ahrefs.com/robot/)"
40.91.75.132 - - [26/Apr/2022:20:52:50 +0200] "GET /images/mini_prod/1384010203149.jpg HTTP/1.0" 200 269 "-" "Mozilla/5.0 (Macintosh; U; PPC Mac OS X 10.5; en-US; rv:1.9.2.15) Gecko/20110303 Firefox/3.6.15"
66.249.66.210 - - [26/Apr/2022:20:52:57 +0200] "GET /golden-metal-glass-decorative-hourglass-p-54844.html HTTP/1.0" 200 74500 "-" "Mozilla/5.0 (Linux; Android 6.0.1; Nexus 5X Build/MMB29P) AppleWebKit/537.36 (KHTML, like Gecko) Chrome/100.0.4896.127 Mobile Safari/537.36 (compatible; Googlebot/2.1; +http://www.google.com/bot.html)"
66.249.66.212 - - [26/Apr/2022:20:52:59 +0200] "GET /mustache-necktie-p-24310.html HTTP/1.0" 200 73696 "-" "Mozilla/5.0 (Linux; Android 6.0.1; Nexus 5X Build/MMB29P) AppleWebKit/537.36 (KHTML, like Gecko) Chrome/100.0.4896.127 Mobile Safari/537.36 (compatible; Googlebot/2.1; +http://www.google.com/bot.html)"
66.249.66.212 - - [26/Apr/2022:20:53:01 +0200] "GET /brass-decorative-telescope-p-40141.html HTTP/1.0" 200 73565 "-" "Mozilla/5.0 (Linux; Android 6.0.1; Nexus 5X Build/MMB29P) AppleWebKit/537.36 (KHTML, like Gecko) Chrome/100.0.4896.127 Mobile Safari/537.36 (compatible; Googlebot/2.1; +http://www.google.com/bot.html)"
54.36.148.243 - - [26/Apr/2022:20:53:31 +0200] "GET /frozen-elsa-anna-jewelry-p-37028.html HTTP/1.0" 200 74375 "-" "Mozilla/5.0 (compatible; AhrefsBot/7.0; +http://ahrefs.com/robot/)"
66.249.66.210 - - [26/Apr/2022:20:53:37 +0200] "GET /small-school-caramel-p-55815.html HTTP/1.0" 200 74551 "-" "Mozilla/5.0 (Linux; Android 6.0.1; Nexus 5X Build/MMB29P) AppleWebKit/537.36 (KHTML, like Gecko) Chrome/100.0.4896.127 Mobile Safari/537.36 (compatible; Googlebot/2.1; +http://www.google.com/bot.html)"
185.191.171.22 - - [26/Apr/2022:20:53:46 +0200] "GET /kitten-p-26481.html?action=add_product HTTP/1.0" 302 476 "-" "Mozilla/5.0 (compatible; SemrushBot/7~bl; +http://www.semrush.com/bot.html)"
185.191.171.3 - - [26/Apr/2022:20:53:50 +0200] "GET /flower-bowl-model-p-49587.html HTTP/1.0" 200 70874 "-" "Mozilla/5.0 (compatible; SemrushBot/7~bl; +http://www.semrush.com/bot.html)"
185.191.171.20 - - [26/Apr/2022:20:53:58 +0200] "GET /black-wood-craft-ashtray-with-mother-pearl-inclusions-p-50592.html HTTP/1.0" 200 74498 "-" "Mozilla/5.0 (compatible; SemrushBot/7~bl; +http://www.semrush.com/bot.html)"
185.191.171.2 - - [26/Apr/2022:20:54:11 +0200] "GET /clin-oeil-tassen-porcelain-bowl-p-54700.html HTTP/1.0" 200 75223 "-" "Mozilla/5.0 (compatible; SemrushBot/7~bl; +http://www.semrush.com/bot.html)"
66.249.66.212 - - [26/Apr/2022:20:54:22 +0200] "GET /tour-eiffel-zippo-lighter-p-42877.html HTTP/1.0" 200 73937 "-" "Mozilla/5.0 (Linux; Android 6.0.1; Nexus 5X Build/MMB29P) AppleWebKit/537.36 (KHTML, like Gecko) Chrome/100.0.4896.127 Mobile Safari/537.36 (compatible; Googlebot/2.1; +http://www.google.com/bot.html)"
185.191.171.6 - - [26/Apr/2022:20:54:26 +0200] "GET /finding-dory-bath-squirters-p-35301.html HTTP/1.0" 200 70934 "-" "Mozilla/5.0 (compatible; SemrushBot/7~bl; +http://www.semrush.com/bot.html)"
54.36.148.243 - - [26/Apr/2022:20:54:45 +0200] "GET /eyelet-curtain-p-52387.html HTTP/1.0" 200 76233 "-" "Mozilla/5.0 (compatible; AhrefsBot/7.0; +http://ahrefs.com/robot/)"
66.249.66.214 - - [26/Apr/2022:20:55:06 +0200] "GET /plates-cups-c-12_58.html HTTP/1.0" 200 79540 "-" "Mozilla/5.0 (Linux; Android 6.0.1; Nexus 5X Build/MMB29P) AppleWebKit/537.36 (KHTML, like Gecko) Chrome/100.0.4896.127 Mobile Safari/537.36 (compatible; Googlebot/2.1; +http://www.google.com/bot.html)"
185.191.171.34 - - [26/Apr/2022:20:55:18 +0200] "GET /beyond-charms-keychain-butterfly-p-51835.html HTTP/1.0" 200 74118 "-" "Mozilla/5.0 (compatible; SemrushBot/7~bl; +http://www.semrush.com/bot.html)"
54.36.149.0 - - [26/Apr/2022:20:55:20 +0200] "GET /london-beach-towel-p-29365.html HTTP/1.0" 301 70875 "-" "Mozilla/5.0 (compatible; AhrefsBot/7.0; +http://ahrefs.com/robot/)"
40.77.167.0 - - [26/Apr/2022:20:55:21 +0200] "GET /cotton-floor-cushion-chypre-40-cm-p-51664.html HTTP/1.0" 301 70875 "-" "Mozilla/5.0 (compatible; bingbot/2.0; +http://www.bing.com/bingbot.htm)"
54.36.148.105 - - [26/Apr/2022:20:55:29 +0200] "GET /muzeum-collection-teapot-and-cup-p-29473.html HTTP/1.0" 301 70875 "-" "Mozilla/5.0 (compatible; AhrefsBot/7.0; +http://ahrefs.com/robot/)"
54.36.148.243 - - [26/Apr/2022:20:55:43 +0200] "GET /tour-eiffel-zippo-lighter-p-42877.html HTTP/1.0" 200 73937 "-" "Mozilla/5.0 (compatible; AhrefsBot/7.0; +http://ahrefs.com/robot/)"
185.191.171.9 - - [26/Apr/2022:20:55:49 +0200] "GET /round-mirror-suspend-rope-p-50004.html?action=add_product HTTP/1.0" 302 476 "-" "Mozilla/5.0 (compatible; SemrushBot/7~bl; +http://www.semrush.com/bot.html)"
66.249.66.210 - - [26/Apr/2022:20:55:51 +0200] "GET /sorcerer-mickey-figure-collection-romero-britto-p-57486.html HTTP/1.0" 200 75035 "-" "Mozilla/5.0 (Linux; Android 6.0.1; Nexus 5X Build/MMB29P) AppleWebKit/537.36 (KHTML, like Gecko) Chrome/100.0.4896.127 Mobile Safari/537.36 (compatible; Googlebot/2.1; +http://www.google.com/bot.html)"
185.191.171.37 - - [26/Apr/2022:20:56:15 +0200] "GET /avengers-p-37514.html HTTP/1.0" 200 70838 "-" "Mozilla/5.0 (compatible; SemrushBot/7~bl; +http://www.semrush.com/bot.html)"
157.55.39.172 - - [26/Apr/2022:20:56:26 +0200] "GET /-p-32857.html HTTP/1.0" 200 70808 "-" "Mozilla/5.0 (compatible; bingbot/2.0; +http://www.bing.com/bingbot.htm)"
157.55.39.105 - - [26/Apr/2022:20:56:31 +0200] "GET /-p-32903.html HTTP/1.0" 200 70808 "-" "Mozilla/5.0 (compatible; bingbot/2.0; +http://www.bing.com/bingbot.htm)"
66.249.66.212 - - [26/Apr/2022:20:56:37 +0200] "GET /mirror-c-13_133.html HTTP/1.0" 200 92132 "-" "Mozilla/5.0 (Linux; Android 6.0.1; Nexus 5X Build/MMB29P) AppleWebKit/537.36 (KHTML, like Gecko) Chrome/100.0.4896.127 Mobile Safari/537.36 (compatible; Googlebot/2.1; +http://www.google.com/bot.html)"
54.36.148.243 - - [26/Apr/2022:20:56:50 +0200] "GET /pencil-case-turning-into-pencil-bear-p-49226.html HTTP/1.0" 200 74719 "-" "Mozilla/5.0 (compatible; AhrefsBot/7.0; +http://ahrefs.com/robot/)"
185.191.171.23 - - [26/Apr/2022:20:57:07 +0200] "GET /galileo-thermometer-indoors-p-53640.html HTTP/1.0" 200 73566 "-" "Mozilla/5.0 (compatible; SemrushBot/7~bl; +http://www.semrush.com/bot.html)"
23.128.248.84 - - [26/Apr/2022:20:57:15 +0200] "GET /contact_us.php HTTP/1.0" 200 26241 "http://www.wonder-geek.com/contact_us.php" "Mozilla/5.0 (Windows NT 6.3; Win64; x64) AppleWebKit/537.36 (KHTML, like Gecko) Chrome/90.0.4430.85 Safari/537.36 Edg/90.0.818.46"
77.88.5.208 - - [26/Apr/2022:20:57:16 +0200] "GET /accessories-c-3.html?page=4 HTTP/1.0" 200 92554 "-" "Mozilla/5.0 (compatible; YandexBot/3.0; +http://yandex.com/bots)"
66.249.66.212 - - [26/Apr/2022:20:57:19 +0200] "GET /pansy-over-fine-bone-china-p-54922.html HTTP/1.0" 200 73619 "-" "Mozilla/5.0 (Linux; Android 6.0.1; Nexus 5X Build/MMB29P) AppleWebKit/537.36 (KHTML, like Gecko) Chrome/100.0.4896.127 Mobile Safari/537.36 (compatible; Googlebot/2.1; +http://www.google.com/bot.html)"
185.220.100.245 - - [26/Apr/2022:20:57:23 +0200] "POST /contact_us.php?action=send HTTP/1.0" 200 26673 "http://www.wonder-geek.com/contact_us.php" "Mozilla/5.0 (Windows NT 6.3; Win64; x64) AppleWebKit/537.36 (KHTML, like Gecko) Chrome/90.0.4430.85 Safari/537.36 Edg/90.0.818.46"
185.191.171.40 - - [26/Apr/2022:20:57:27 +0200] "GET /mandala-coasters-orange-p-54064.html?action=add_product HTTP/1.0" 302 476 "-" "Mozilla/5.0 (compatible; SemrushBot/7~bl; +http://www.semrush.com/bot.html)"
185.191.171.17 - - [26/Apr/2022:20:57:53 +0200] "GET /mouse-cbkreation-p-14153.html?action=add_product HTTP/1.0" 302 476 "-" "Mozilla/5.0 (compatible; SemrushBot/7~bl; +http://www.semrush.com/bot.html)"
66.249.66.214 - - [26/Apr/2022:20:58:04 +0200] "GET /statuette-sonny-angel-bobbing-head-rabbit-p-54743.html HTTP/1.0" 200 74973 "-" "Mozilla/5.0 (Linux; Android 6.0.1; Nexus 5X Build/MMB29P) AppleWebKit/537.36 (KHTML, like Gecko) Chrome/100.0.4896.127 Mobile Safari/537.36 (compatible; Googlebot/2.1; +http://www.google.com/bot.html)"
54.36.148.243 - - [26/Apr/2022:20:58:04 +0200] "GET /silhouette-ceramic-vase-birth-venus-bottice-p-55509.html HTTP/1.0" 200 76187 "-" "Mozilla/5.0 (compatible; AhrefsBot/7.0; +http://ahrefs.com/robot/)"
185.191.171.4 - - [26/Apr/2022:20:58:16 +0200] "GET /candy-cloud-bella-p-49873.html?action=add_product HTTP/1.0" 302 476 "-" "Mozilla/5.0 (compatible; SemrushBot/7~bl; +http://www.semrush.com/bot.html)"
216.244.66.242 - - [26/Apr/2022:20:58:26 +0200] "GET /-p-15997.html HTTP/1.0" 200 70808 "-" "Mozilla/5.0 (compatible; DotBot/1.2; +https://opensiteexplorer.org/dotbot; help@moz.com)"
40.64.89.61 - - [26/Apr/2022:20:58:49 +0200] "GET /images/mini_prod/3700653508690.jpg HTTP/1.0" 200 269 "-" "Mozilla/4.0 (compatible; MSIE 7.0; Windows NT 6.0)"
66.249.66.210 - - [26/Apr/2022:20:58:48 +0200] "GET /small-boxes-pill-c-13_150_154.html HTTP/1.0" 200 90701 "-" "Mozilla/5.0 (Linux; Android 6.0.1; Nexus 5X Build/MMB29P) AppleWebKit/537.36 (KHTML, like Gecko) Chrome/100.0.4896.127 Mobile Safari/537.36 (compatible; Googlebot/2.1; +http://www.google.com/bot.html)"
54.36.148.243 - - [26/Apr/2022:20:59:08 +0200] "GET /slater-small-ashtray-blue-p-47855.html HTTP/1.0" 200 73429 "-" "Mozilla/5.0 (compatible; AhrefsBot/7.0; +http://ahrefs.com/robot/)"
66.249.66.212 - - [26/Apr/2022:20:59:14 +0200] "GET /images/mini_prod/8422059532448.jpg HTTP/1.0" 200 269 "-" "Googlebot-Image/1.0"
77.88.5.208 - - [26/Apr/2022:20:59:21 +0200] "GET /corsica-post-card-10x15-p-43544.html HTTP/1.0" 200 73410 "-" "Mozilla/5.0 (compatible; YandexBot/3.0; +http://yandex.com/bots)"
66.249.66.210 - - [26/Apr/2022:20:59:32 +0200] "GET /statue-white-bear-franois-pompon-p-47632.html HTTP/1.0" 200 74641 "-" "Mozilla/5.0 (Linux; Android 6.0.1; Nexus 5X Build/MMB29P) AppleWebKit/537.36 (KHTML, like Gecko) Chrome/100.0.4896.127 Mobile Safari/537.36 (compatible; Googlebot/2.1; +http://www.google.com/bot.html)"
211.249.40.15 - - [26/Apr/2022:20:59:35 +0200] "GET /images/mini_prod/3014627939695.jpg HTTP/1.0" 200 269 "-" "Mozilla/5.0 (X11; Ubuntu; Linux x86_64; rv:72.0) Gecko/20100101 Firefox/72.0"
185.191.171.22 - - [26/Apr/2022:20:59:38 +0200] "GET /mister-messenger-p-21917.html?action=add_product HTTP/1.0" 302 476 "-" "Mozilla/5.0 (compatible; SemrushBot/7~bl; +http://www.semrush.com/bot.html)"
66.249.66.214 - - [26/Apr/2022:21:00:17 +0200] "GET /cement-tile-stickers-p-58020.html HTTP/1.0" 200 74378 "-" "Mozilla/5.0 (Linux; Android 6.0.1; Nexus 5X Build/MMB29P) AppleWebKit/537.36 (KHTML, like Gecko) Chrome/100.0.4896.127 Mobile Safari/537.36 (compatible; Googlebot/2.1; +http://www.google.com/bot.html)"
54.36.148.243 - - [26/Apr/2022:21:00:17 +0200] "GET /eyelet-curtain-p-52357.html HTTP/1.0" 200 75626 "-" "Mozilla/5.0 (compatible; AhrefsBot/7.0; +http://ahrefs.com/robot/)"
40.91.79.117 - - [26/Apr/2022:21:00:51 +0200] "GET /images/mini_prod/1384010182895.jpg HTTP/1.0" 200 269 "-" "Mozilla/5.0 (Windows NT 6.1; WOW64) AppleWebKit/537.36 (KHTML, like Gecko) Chrome/45.0.2454.101 Safari/537.36"
66.249.66.210 - - [26/Apr/2022:21:01:01 +0200] "GET /cats-dubout-photo-frame-threesome-p-36716.html HTTP/1.0" 200 74598 "-" "Mozilla/5.0 (Linux; Android 6.0.1; Nexus 5X Build/MMB29P) AppleWebKit/537.36 (KHTML, like Gecko) Chrome/100.0.4896.127 Mobile Safari/537.36 (compatible; Googlebot/2.1; +http://www.google.com/bot.html)"
185.191.171.39 - - [26/Apr/2022:21:01:15 +0200] "GET /pencil-case-p-49054.html HTTP/1.0" 200 74011 "-" "Mozilla/5.0 (compatible; SemrushBot/7~bl; +http://www.semrush.com/bot.html)"
54.36.148.243 - - [26/Apr/2022:21:01:27 +0200] "GET /hourglass-decoration-glass-gilding-p-53612.html HTTP/1.0" 200 73571 "-" "Mozilla/5.0 (compatible; AhrefsBot/7.0; +http://ahrefs.com/robot/)"
185.191.171.38 - - [26/Apr/2022:21:01:31 +0200] "GET /patinated-white-lamp-42-cm-p-45942.html HTTP/1.0" 301 74180 "-" "Mozilla/5.0 (compatible; SemrushBot/7~bl; +http://www.semrush.com/bot.html)"
185.191.171.9 - - [26/Apr/2022:21:01:34 +0200] "GET /patinated-white-lamp-p-45942.html HTTP/1.0" 200 74093 "-" "Mozilla/5.0 (compatible; SemrushBot/7~bl; +http://www.semrush.com/bot.html)"
66.249.66.210 - - [26/Apr/2022:21:01:46 +0200] "GET /bamboo-fiber-plant-cover-p-54362.html HTTP/1.0" 200 70894 "-" "Mozilla/5.0 (compatible; Googlebot/2.1; +http://www.google.com/bot.html)"
185.191.171.41 - - [26/Apr/2022:21:01:49 +0200] "GET /postcard-with-envelope-butterflies-p-48854.html HTTP/1.0" 200 73628 "-" "Mozilla/5.0 (compatible; SemrushBot/7~bl; +http://www.semrush.com/bot.html)"
185.191.171.44 - - [26/Apr/2022:21:02:25 +0200] "GET /emoticon-cushion-30-cm-p-40453.html HTTP/1.0" 301 70875 "-" "Mozilla/5.0 (compatible; SemrushBot/7~bl; +http://www.semrush.com/bot.html)"
185.191.171.39 - - [26/Apr/2022:21:02:28 +0200] "GET /-p-40453.html HTTP/1.0" 200 70808 "-" "Mozilla/5.0 (compatible; SemrushBot/7~bl; +http://www.semrush.com/bot.html)"
66.249.66.210 - - [26/Apr/2022:21:02:30 +0200] "GET /merci-gustave-paris-so-chic-espresso-cup-p-49661.html HTTP/1.0" 301 71044 "-" "Mozilla/5.0 (Linux; Android 6.0.1; Nexus 5X Build/MMB29P) AppleWebKit/537.36 (KHTML, like Gecko) Chrome/100.0.4896.127 Mobile Safari/537.36 (compatible; Googlebot/2.1; +http://www.google.com/bot.html)"
66.249.66.210 - - [26/Apr/2022:21:02:32 +0200] "GET /merci-gustave-paris-chic-espresso-p-49661.html HTTP/1.0" 200 70944 "-" "Mozilla/5.0 (Linux; Android 6.0.1; Nexus 5X Build/MMB29P) AppleWebKit/537.36 (KHTML, like Gecko) Chrome/100.0.4896.127 Mobile Safari/537.36 (compatible; Googlebot/2.1; +http://www.google.com/bot.html)"
54.36.148.243 - - [26/Apr/2022:21:02:37 +0200] "GET /dishes-c-12.html?page=59 HTTP/1.0" 200 92579 "-" "Mozilla/5.0 (compatible; AhrefsBot/7.0; +http://ahrefs.com/robot/)"
66.249.66.210 - - [26/Apr/2022:21:03:14 +0200] "GET /mini-metal-tray-banania-patchwork-p-35252.html HTTP/1.0" 200 70930 "-" "Mozilla/5.0 (Linux; Android 6.0.1; Nexus 5X Build/MMB29P) AppleWebKit/537.36 (KHTML, like Gecko) Chrome/100.0.4896.127 Mobile Safari/537.36 (compatible; Googlebot/2.1; +http://www.google.com/bot.html)"
185.191.171.9 - - [26/Apr/2022:21:03:22 +0200] "GET /pencil-case-p-3528.html?action=add_product HTTP/1.0" 302 476 "-" "Mozilla/5.0 (compatible; SemrushBot/7~bl; +http://www.semrush.com/bot.html)"
54.36.148.243 - - [26/Apr/2022:21:03:43 +0200] "GET /bratz-scarf-glove-p-22129.html HTTP/1.0" 200 73668 "-" "Mozilla/5.0 (compatible; AhrefsBot/7.0; +http://ahrefs.com/robot/)"
40.64.89.41 - - [26/Apr/2022:21:03:55 +0200] "GET /images/mini_prod/5060275045255.jpg HTTP/1.0" 200 269 "-" "Mozilla/5.0 (X11; Linux x86_64) AppleWebKit/537.36 (KHTML, like Gecko) Chrome/62.0.3202.62 Safari/537.36"
157.90.128.183 - - [26/Apr/2022:21:03:57 +0200] "GET /images/big_prod_1/3700281645163a.jpg HTTP/1.0" 200 271 "-" "Mozilla/5.0 (X11; Ubuntu; Linux x86_64; rv:72.0) Gecko/20100101 Firefox/72.0"
40.77.167.0 - - [26/Apr/2022:21:04:33 +0200] "GET /-p-31848.html HTTP/1.0" 200 70808 "-" "Mozilla/5.0 (compatible; bingbot/2.0; +http://www.bing.com/bingbot.htm)"
51.68.224.127 - - [26/Apr/2022:21:04:50 +0200] "GET /adminweb/export_orders_xml.php?token=256de2z6edz6ed2z6DFSFsed2zed6zeDSFDSGdzedezfzf&maxorders=10&orderstart=1&status=14&start_date=2018-10-01 HTTP/1.0" 200 285 "-" "GesCom CharlotteBoutik Serveur"
51.68.224.127 - - [26/Apr/2022:21:04:50 +0200] "GET /adminweb/export_orders_xml.php?token=256de2z6edz6ed2z6DFSFsed2zed6zeDSFDSGdzedezfzf&maxorders=10&orderstart=1&status=6&start_date=2018-10-01 HTTP/1.0" 200 32798 "-" "GesCom CharlotteBoutik Serveur"
54.36.148.243 - - [26/Apr/2022:21:04:51 +0200] "GET /merciful-christ-aromatika-incense-sticks-p-53429.html HTTP/1.0" 200 73612 "-" "Mozilla/5.0 (compatible; AhrefsBot/7.0; +http://ahrefs.com/robot/)"
185.191.171.36 - - [26/Apr/2022:21:05:07 +0200] "GET /moai-statue-p-54266.html?action=add_product HTTP/1.0" 302 476 "-" "Mozilla/5.0 (compatible; SemrushBot/7~bl; +http://www.semrush.com/bot.html)"
185.191.171.40 - - [26/Apr/2022:21:05:32 +0200] "GET /-p-44877.html?action=add_product HTTP/1.0" 302 476 "-" "Mozilla/5.0 (compatible; SemrushBot/7~bl; +http://www.semrush.com/bot.html)"
66.249.66.214 - - [26/Apr/2022:21:05:46 +0200] "GET /rtro-case-cigarettes-pack-p-42576.html HTTP/1.0" 200 73528 "-" "Mozilla/5.0 (Linux; Android 6.0.1; Nexus 5X Build/MMB29P) AppleWebKit/537.36 (KHTML, like Gecko) Chrome/100.0.4896.127 Mobile Safari/537.36 (compatible; Googlebot/2.1; +http://www.google.com/bot.html)"
185.191.171.23 - - [26/Apr/2022:21:05:55 +0200] "GET /laissez-lucie-faire-rati-card-holders-p-42661.html?action=add_product HTTP/1.0" 302 476 "-" "Mozilla/5.0 (compatible; SemrushBot/7~bl; +http://www.semrush.com/bot.html)"
185.191.171.41 - - [26/Apr/2022:21:05:59 +0200] "GET /pillowcases-bolstercases-c-11_166.html?page=1 HTTP/1.0" 200 90843 "-" "Mozilla/5.0 (compatible; SemrushBot/7~bl; +http://www.semrush.com/bot.html)"
40.91.79.117 - - [26/Apr/2022:21:06:07 +0200] "GET /images/mini_prod/3014627950003.jpg HTTP/1.0" 200 269 "-" "Mozilla/5.0 (Windows NT 10.0; WOW64) AppleWebKit/537.36 (KHTML, like Gecko) Chrome/67.0.3396.99 Safari/537.36"
185.191.171.36 - - [26/Apr/2022:21:06:06 +0200] "GET /quote-cutting-board-p-51904.html HTTP/1.0" 200 73420 "-" "Mozilla/5.0 (compatible; SemrushBot/7~bl; +http://www.semrush.com/bot.html)"
185.191.171.40 - - [26/Apr/2022:21:06:10 +0200] "GET /tree-of-life-side-tables-p-53060.html HTTP/1.0" 301 73625 "-" "Mozilla/5.0 (compatible; SemrushBot/7~bl; +http://www.semrush.com/bot.html)"
54.36.148.243 - - [26/Apr/2022:21:06:11 +0200] "GET /eyelet-curtain-p-52382.html HTTP/1.0" 200 75627 "-" "Mozilla/5.0 (compatible; AhrefsBot/7.0; +http://ahrefs.com/robot/)"
66.249.66.212 - - [26/Apr/2022:21:06:13 +0200] "GET /large-responsible-wood-geranium-candle-heart-home-p-52798.html HTTP/1.0" 200 74841 "-" "Mozilla/5.0 (Linux; Android 6.0.1; Nexus 5X Build/MMB29P) AppleWebKit/537.36 (KHTML, like Gecko) Chrome/100.0.4896.127 Mobile Safari/537.36 (compatible; Googlebot/2.1; +http://www.google.com/bot.html)"
66.249.66.212 - - [26/Apr/2022:21:06:15 +0200] "GET /marley-zippo-lighter-p-29773.html HTTP/1.0" 200 70911 "-" "Mozilla/5.0 (Linux; Android 6.0.1; Nexus 5X Build/MMB29P) AppleWebKit/537.36 (KHTML, like Gecko) Chrome/100.0.4896.127 Mobile Safari/537.36 (compatible; Googlebot/2.1; +http://www.google.com/bot.html)"
185.191.171.16 - - [26/Apr/2022:21:06:14 +0200] "GET /tree-life-side-tables-p-53060.html HTTP/1.0" 200 73537 "-" "Mozilla/5.0 (compatible; SemrushBot/7~bl; +http://www.semrush.com/bot.html)"
66.249.66.210 - - [26/Apr/2022:21:06:17 +0200] "GET /sonny-angel-cherry-blossom-series-night-version-figures-p-54723.html HTTP/1.0" 200 74799 "-" "Mozilla/5.0 (Linux; Android 6.0.1; Nexus 5X Build/MMB29P) AppleWebKit/537.36 (KHTML, like Gecko) Chrome/100.0.4896.127 Mobile Safari/537.36 (compatible; Googlebot/2.1; +http://www.google.com/bot.html)"
216.244.66.242 - - [26/Apr/2022:21:06:17 +0200] "GET /funky-dolls-round-box-p-18851.html HTTP/1.0" 301 73628 "-" "Mozilla/5.0 (compatible; DotBot/1.2; +https://opensiteexplorer.org/dotbot; help@moz.com)"
47.254.66.202 - - [26/Apr/2022:21:06:28 +0200] "GET /images/mini_prod/6942138999990.jpg HTTP/1.0" 200 269 "-" "Mozilla/5.0 (X11; Ubuntu; Linux x86_64; rv:72.0) Gecko/20100101 Firefox/72.0"
216.244.66.242 - - [26/Apr/2022:21:06:30 +0200] "GET /key-white-board-wood-p-39456.html HTTP/1.0" 301 73763 "-" "Mozilla/5.0 (compatible; DotBot/1.2; +https://opensiteexplorer.org/dotbot; help@moz.com)"
185.191.171.10 - - [26/Apr/2022:21:06:40 +0200] "GET /poster-pastis-olive-50-70-cm-p-44865.html HTTP/1.0" 301 70986 "-" "Mozilla/5.0 (compatible; SemrushBot/7~bl; +http://www.semrush.com/bot.html)"
216.244.66.242 - - [26/Apr/2022:21:06:43 +0200] "GET /set-of-magnets-paris-p-48343.html HTTP/1.0" 301 73587 "-" "Mozilla/5.0 (compatible; DotBot/1.2; +https://opensiteexplorer.org/dotbot; help@moz.com)"
185.191.171.34 - - [26/Apr/2022:21:06:44 +0200] "GET /poster-pastis-olive-p-44865.html HTTP/1.0" 200 70900 "-" "Mozilla/5.0 (compatible; SemrushBot/7~bl; +http://www.semrush.com/bot.html)"
216.244.66.242 - - [26/Apr/2022:21:06:54 +0200] "GET /american-policeman-resin-figure-p-34235.html HTTP/1.0" 200 73584 "-" "Mozilla/5.0 (compatible; DotBot/1.2; +https://opensiteexplorer.org/dotbot; help@moz.com)"
54.36.148.243 - - [26/Apr/2022:21:06:54 +0200] "GET /hello-kitty-pink-basket-by-camomilla-p-17007.html HTTP/1.0" 301 71036 "-" "Mozilla/5.0 (compatible; AhrefsBot/7.0; +http://ahrefs.com/robot/)"
66.249.66.212 - - [26/Apr/2022:21:06:56 +0200] "GET /violetta-apron-chef-p-29524.html HTTP/1.0" 200 73588 "-" "Mozilla/5.0 (Linux; Android 6.0.1; Nexus 5X Build/MMB29P) AppleWebKit/537.36 (KHTML, like Gecko) Chrome/100.0.4896.127 Mobile Safari/537.36 (compatible; Googlebot/2.1; +http://www.google.com/bot.html)"
216.244.66.242 - - [26/Apr/2022:21:07:05 +0200] "GET /set-of-coasters-psg-silicone-p-38019.html HTTP/1.0" 301 73524 "-" "Mozilla/5.0 (compatible; DotBot/1.2; +https://opensiteexplorer.org/dotbot; help@moz.com)"
216.244.66.242 - - [26/Apr/2022:21:07:15 +0200] "GET /set-of-coasters-psg-silicone-p-38020.html HTTP/1.0" 301 73524 "-" "Mozilla/5.0 (compatible; DotBot/1.2; +https://opensiteexplorer.org/dotbot; help@moz.com)"
54.36.148.243 - - [26/Apr/2022:21:07:23 +0200] "GET /london-beauty-nail-p-28903.html HTTP/1.0" 200 73549 "-" "Mozilla/5.0 (compatible; AhrefsBot/7.0; +http://ahrefs.com/robot/)"
40.64.89.33 - - [26/Apr/2022:21:07:35 +0200] "GET /images/mini_prod/1399984241790.jpg HTTP/1.0" 200 269 "-" "Mozilla/4.0 (compatible; MSIE 7.0; Windows NT 6.0)"
216.244.66.242 - - [26/Apr/2022:21:07:35 +0200] "GET /peas-russian-doll-samsung-galaxy-note-phone-cover-cbkreation-p-18565.html HTTP/1.0" 200 71126 "-" "Mozilla/5.0 (compatible; DotBot/1.2; +https://opensiteexplorer.org/dotbot; help@moz.com)"
66.249.66.214 - - [26/Apr/2022:21:07:41 +0200] "GET /indian-elephant-coasters-p-55595.html HTTP/1.0" 200 74511 "-" "Mozilla/5.0 (compatible; Googlebot/2.1; +http://www.google.com/bot.html)"
17.121.114.232 - - [26/Apr/2022:21:08:08 +0200] "GET /princess-melamine-bowl-p-20360.html HTTP/1.0" 200 70886 "-" "Mozilla/5.0 (Macintosh; Intel Mac OS X 10_15_5) AppleWebKit/605.1.15 (KHTML, like Gecko) Version/13.1.1 Safari/605.1.15 (Applebot/0.1; +http://www.apple.com/go/applebot)"
185.191.171.18 - - [26/Apr/2022:21:08:20 +0200] "GET /maleficent-dragon-figurine-by-romero-britto-p-39118.html HTTP/1.0" 301 74311 "-" "Mozilla/5.0 (compatible; SemrushBot/7~bl; +http://www.semrush.com/bot.html)"
185.191.171.11 - - [26/Apr/2022:21:08:23 +0200] "GET /maleficent-dragon-figurine-romero-britto-p-39118.html HTTP/1.0" 200 74204 "-" "Mozilla/5.0 (compatible; SemrushBot/7~bl; +http://www.semrush.com/bot.html)"
66.249.66.214 - - [26/Apr/2022:21:08:25 +0200] "GET /decorative-patinated-resin-p-36678.html HTTP/1.0" 200 73532 "-" "Mozilla/5.0 (Linux; Android 6.0.1; Nexus 5X Build/MMB29P) AppleWebKit/537.36 (KHTML, like Gecko) Chrome/100.0.4896.127 Mobile Safari/537.36 (compatible; Googlebot/2.1; +http://www.google.com/bot.html)"
54.36.148.243 - - [26/Apr/2022:21:08:32 +0200] "GET /ceramic-cork-trivet-cement-tiles-p-56019.html HTTP/1.0" 200 73587 "-" "Mozilla/5.0 (compatible; AhrefsBot/7.0; +http://ahrefs.com/robot/)"
185.191.171.45 - - [26/Apr/2022:21:08:45 +0200] "GET /robots.txt HTTP/1.0" 200 245 "-" "Mozilla/5.0 (compatible; SemrushBot/7~bl; +http://www.semrush.com/bot.html)"
185.191.171.45 - - [26/Apr/2022:21:08:45 +0200] "GET /bird-glass-trivet-p-41602.html HTTP/1.0" 200 73369 "-" "Mozilla/5.0 (compatible; SemrushBot/7~bl; +http://www.semrush.com/bot.html)"
66.249.66.214 - - [26/Apr/2022:21:09:09 +0200] "GET /little-prince-saint-exupery-cookie-p-44862.html HTTP/1.0" 200 73603 "-" "Mozilla/5.0 (Linux; Android 6.0.1; Nexus 5X Build/MMB29P) AppleWebKit/537.36 (KHTML, like Gecko) Chrome/100.0.4896.127 Mobile Safari/537.36 (compatible; Googlebot/2.1; +http://www.google.com/bot.html)"
185.191.171.5 - - [26/Apr/2022:21:09:34 +0200] "GET /metal-lamp-black-p-48266.html?action=add_product HTTP/1.0" 302 476 "-" "Mozilla/5.0 (compatible; SemrushBot/7~bl; +http://www.semrush.com/bot.html)"
185.191.171.2 - - [26/Apr/2022:21:09:37 +0200] "GET /bamboo-table-lamp-p-57494.html HTTP/1.0" 200 74654 "-" "Mozilla/5.0 (compatible; SemrushBot/7~bl; +http://www.semrush.com/bot.html)"
20.99.154.172 - - [26/Apr/2022:21:09:41 +0200] "GET /images/mini_prod/DSCN458419072013.jpg HTTP/1.0" 200 272 "-" "Mozilla/5.0 (X11; Linux x86_64) AppleWebKit/537.36 (KHTML, like Gecko) Chrome/62.0.3202.62 Safari/537.36"
20.102.50.207 - - [26/Apr/2022:21:09:41 +0200] "GET /indoor-fountains-c-13_272.html HTTP/1.0" 200 85125 "-" "Mozilla/5.0 (Windows NT 10.0; Win64; x64) AppleWebKit/537.36 (KHTML, like Gecko) Chrome/86.0.4240.75 Safari/537.36"
20.102.50.207 - - [26/Apr/2022:21:09:42 +0200] "GET /salt-pepper-shaker-sets-c-12_160.html HTTP/1.0" 200 91021 "-" "Mozilla/5.0 (Windows NT 10.0; Win64; x64) AppleWebKit/537.36 (KHTML, like Gecko) Chrome/86.0.4240.75 Safari/537.36"
54.36.148.243 - - [26/Apr/2022:21:09:53 +0200] "GET /provence-magnetic-corkscrew-p-44554.html HTTP/1.0" 200 73602 "-" "Mozilla/5.0 (compatible; AhrefsBot/7.0; +http://ahrefs.com/robot/)"
66.249.66.212 - - [26/Apr/2022:21:09:54 +0200] "GET /monkey-statue-resin-said-nothing-nothing-seen-nothing-heard-p-55154.html HTTP/1.0" 200 73803 "-" "Mozilla/5.0 (Linux; Android 6.0.1; Nexus 5X Build/MMB29P) AppleWebKit/537.36 (KHTML, like Gecko) Chrome/100.0.4896.127 Mobile Safari/537.36 (compatible; Googlebot/2.1; +http://www.google.com/bot.html)"
20.102.50.207 - - [26/Apr/2022:21:09:58 +0200] "GET /decoration-thermometers-c-13_145.html HTTP/1.0" 200 91926 "-" "Mozilla/5.0 (Windows NT 10.0; Win64; x64) AppleWebKit/537.36 (KHTML, like Gecko) Chrome/86.0.4240.75 Safari/537.36"
185.191.171.45 - - [26/Apr/2022:21:10:01 +0200] "GET /figurine-angel-and-nativity-p-42063.html HTTP/1.0" 301 73626 "-" "Mozilla/5.0 (compatible; SemrushBot/7~bl; +http://www.semrush.com/bot.html)"
185.191.171.36 - - [26/Apr/2022:21:10:04 +0200] "GET /figurine-angel-nativity-p-42063.html HTTP/1.0" 200 73536 "-" "Mozilla/5.0 (compatible; SemrushBot/7~bl; +http://www.semrush.com/bot.html)"
20.102.50.207 - - [26/Apr/2022:21:10:14 +0200] "GET /coffee-c-13_150_153.html HTTP/1.0" 200 90817 "-" "Mozilla/5.0 (Windows NT 10.0; Win64; x64) AppleWebKit/537.36 (KHTML, like Gecko) Chrome/86.0.4240.75 Safari/537.36"
17.121.114.76 - - [26/Apr/2022:21:10:15 +0200] "GET /harley-davidson-wild-heart-small-metal-plate-p-40262.html HTTP/1.0" 200 73681 "-" "Mozilla/5.0 (Macintosh; Intel Mac OS X 10_15_5) AppleWebKit/605.1.15 (KHTML, like Gecko) Version/13.1.1 Safari/605.1.15 (Applebot/0.1; +http://www.apple.com/go/applebot)"
66.249.66.212 - - [26/Apr/2022:21:10:38 +0200] "GET /night-clothes-c-1_24.html HTTP/1.0" 200 69741 "-" "Mozilla/5.0 (Linux; Android 6.0.1; Nexus 5X Build/MMB29P) AppleWebKit/537.36 (KHTML, like Gecko) Chrome/100.0.4896.127 Mobile Safari/537.36 (compatible; Googlebot/2.1; +http://www.google.com/bot.html)"
185.191.171.43 - - [26/Apr/2022:21:10:39 +0200] "GET /dubout-cats-white-ceramic-plate-p-41049.html?action=add_product HTTP/1.0" 302 476 "-" "Mozilla/5.0 (compatible; SemrushBot/7~bl; +http://www.semrush.com/bot.html)"
113.207.6.244 - - [26/Apr/2022:21:11:02 +0200] "GET /images/mini_prod/8422000053541.jpg HTTP/1.0" 200 269 "-" "Mozilla/5.0 (X11; Ubuntu; Linux x86_64; rv:72.0) Gecko/20100101 Firefox/72.0"
66.249.66.210 - - [26/Apr/2022:21:11:03 +0200] "GET /images/mini_prod/8422059532165.jpg HTTP/1.0" 200 269 "-" "Googlebot-Image/1.0"
54.36.148.243 - - [26/Apr/2022:21:11:17 +0200] "GET /espresso-cups-paris-p-52012.html HTTP/1.0" 200 74083 "-" "Mozilla/5.0 (compatible; AhrefsBot/7.0; +http://ahrefs.com/robot/)"
66.249.66.212 - - [26/Apr/2022:21:11:22 +0200] "GET /dubout-cats-white-p-56339.html HTTP/1.0" 200 73999 "-" "Mozilla/5.0 (Linux; Android 6.0.1; Nexus 5X Build/MMB29P) AppleWebKit/537.36 (KHTML, like Gecko) Chrome/100.0.4896.127 Mobile Safari/537.36 (compatible; Googlebot/2.1; +http://www.google.com/bot.html)"
185.191.171.23 - - [26/Apr/2022:21:11:30 +0200] "GET /zodiac-black-women-shirt-p-30803.html?action=add_product HTTP/1.0" 302 476 "-" "Mozilla/5.0 (compatible; SemrushBot/7~bl; +http://www.semrush.com/bot.html)"
185.191.171.36 - - [26/Apr/2022:21:11:42 +0200] "GET /chair-cushion-reversible-red-and-lin-38-cm-p-39586.html HTTP/1.0" 301 73695 "-" "Mozilla/5.0 (compatible; SemrushBot/7~bl; +http://www.semrush.com/bot.html)"
185.191.171.35 - - [26/Apr/2022:21:11:45 +0200] "GET /chair-cushion-reversible-p-39586.html HTTP/1.0" 200 73604 "-" "Mozilla/5.0 (compatible; SemrushBot/7~bl; +http://www.semrush.com/bot.html)"
66.249.66.212 - - [26/Apr/2022:21:12:07 +0200] "GET /frozen-anna-canvas-frame-p-32977.html HTTP/1.0" 200 73504 "-" "Mozilla/5.0 (Linux; Android 6.0.1; Nexus 5X Build/MMB29P) AppleWebKit/537.36 (KHTML, like Gecko) Chrome/100.0.4896.127 Mobile Safari/537.36 (compatible; Googlebot/2.1; +http://www.google.com/bot.html)"
54.36.149.5 - - [26/Apr/2022:21:12:07 +0200] "GET /betty-boop-by-britto-collection-mug-p-31967.html HTTP/1.0" 301 70875 "-" "Mozilla/5.0 (compatible; AhrefsBot/7.0; +http://ahrefs.com/robot/)"
54.36.148.243 - - [26/Apr/2022:21:12:28 +0200] "GET /eyelet-curtain-p-52380.html HTTP/1.0" 200 75626 "-" "Mozilla/5.0 (compatible; AhrefsBot/7.0; +http://ahrefs.com/robot/)"
185.191.171.24 - - [26/Apr/2022:21:12:50 +0200] "GET /gorjuss-pencil-case-scarf-p-40493.html HTTP/1.0" 200 73500 "-" "Mozilla/5.0 (compatible; SemrushBot/7~bl; +http://www.semrush.com/bot.html)"
66.249.66.210 - - [26/Apr/2022:21:12:51 +0200] "GET /rhinoceros-resin-statue-gold-wood-look-p-54274.html HTTP/1.0" 200 70956 "-" "Mozilla/5.0 (Linux; Android 6.0.1; Nexus 5X Build/MMB29P) AppleWebKit/537.36 (KHTML, like Gecko) Chrome/100.0.4896.127 Mobile Safari/537.36 (compatible; Googlebot/2.1; +http://www.google.com/bot.html)"
185.191.171.18 - - [26/Apr/2022:21:13:08 +0200] "GET /night-light-peacock-p-57820.html?action=add_product HTTP/1.0" 302 476 "-" "Mozilla/5.0 (compatible; SemrushBot/7~bl; +http://www.semrush.com/bot.html)"
185.191.171.13 - - [26/Apr/2022:21:13:14 +0200] "GET /frida-khalo-saucer-p-50163.html?action=add_product HTTP/1.0" 302 476 "-" "Mozilla/5.0 (compatible; SemrushBot/7~bl; +http://www.semrush.com/bot.html)"
20.99.154.189 - - [26/Apr/2022:21:13:19 +0200] "GET /images/mini_prod/8422666661500.jpg HTTP/1.0" 200 269 "-" "Mozilla/5.0 (Macintosh; U; PPC Mac OS X 10.5; en-US; rv:1.9.2.15) Gecko/20110303 Firefox/3.6.15"
185.191.171.45 - - [26/Apr/2022:21:13:35 +0200] "GET /pillow-bolster-c-11_199.html HTTP/1.0" 200 83390 "-" "Mozilla/5.0 (compatible; SemrushBot/7~bl; +http://www.semrush.com/bot.html)"
66.249.66.210 - - [26/Apr/2022:21:13:36 +0200] "GET /aluminum-bottle-little-prince-printed-france-p-56356.html HTTP/1.0" 200 74356 "-" "Mozilla/5.0 (Linux; Android 6.0.1; Nexus 5X Build/MMB29P) AppleWebKit/537.36 (KHTML, like Gecko) Chrome/100.0.4896.127 Mobile Safari/537.36 (compatible; Googlebot/2.1; +http://www.google.com/bot.html)"
20.99.154.189 - - [26/Apr/2022:21:13:51 +0200] "GET /images/mini_prod/5414629346510.jpg HTTP/1.0" 200 269 "-" "Mozilla/5.0 (Windows NT 10.0; WOW64) AppleWebKit/537.36 (KHTML, like Gecko) Chrome/67.0.3396.99 Safari/537.36"
54.36.148.243 - - [26/Apr/2022:21:13:56 +0200] "GET /small-baby-teeth-simon-bear-p-50818.html HTTP/1.0" 200 73643 "-" "Mozilla/5.0 (compatible; AhrefsBot/7.0; +http://ahrefs.com/robot/)"
185.191.171.41 - - [26/Apr/2022:21:13:56 +0200] "GET /life-is-like-bicycle-metal-plate-deco-p-36126.html HTTP/1.0" 301 73652 "-" "Mozilla/5.0 (compatible; SemrushBot/7~bl; +http://www.semrush.com/bot.html)"
185.191.171.26 - - [26/Apr/2022:21:14:02 +0200] "GET /life-like-bicycle-metal-plate-deco-p-36126.html HTTP/1.0" 200 73551 "-" "Mozilla/5.0 (compatible; SemrushBot/7~bl; +http://www.semrush.com/bot.html)"
66.249.66.214 - - [26/Apr/2022:21:14:20 +0200] "GET /figures-c-4_15.html HTTP/1.0" 200 91927 "-" "Mozilla/5.0 (Linux; Android 6.0.1; Nexus 5X Build/MMB29P) AppleWebKit/537.36 (KHTML, like Gecko) Chrome/100.0.4896.127 Mobile Safari/537.36 (compatible; Googlebot/2.1; +http://www.google.com/bot.html)"
20.99.154.189 - - [26/Apr/2022:21:14:26 +0200] "GET /images/mini_prod/3662468005507.jpg HTTP/1.0" 200 269 "-" "Mozilla/4.0 (compatible; MSIE 7.0; Windows NT 6.0)"
77.88.5.208 - - [26/Apr/2022:21:14:36 +0200] "GET /robots.txt HTTP/1.0" 200 245 "-" "Mozilla/5.0 (compatible; YandexBot/3.0; +http://yandex.com/bots)"
185.191.171.37 - - [26/Apr/2022:21:14:37 +0200] "GET /marseille-cookware-cbkreation-p-31258.html?action=add_product HTTP/1.0" 302 476 "-" "Mozilla/5.0 (compatible; SemrushBot/7~bl; +http://www.semrush.com/bot.html)"
77.88.5.208 - - [26/Apr/2022:21:14:40 +0200] "GET /harley-davidson-large-metal-plate-p-40293.html HTTP/1.0" 200 73566 "-" "Mozilla/5.0 (compatible; YandexBot/3.0; +http://yandex.com/bots)"
66.249.66.212 - - [26/Apr/2022:21:15:04 +0200] "GET /salt-made-ceramic-bamboo-p-55754.html HTTP/1.0" 200 73534 "-" "Mozilla/5.0 (Linux; Android 6.0.1; Nexus 5X Build/MMB29P) AppleWebKit/537.36 (KHTML, like Gecko) Chrome/100.0.4896.127 Mobile Safari/537.36 (compatible; Googlebot/2.1; +http://www.google.com/bot.html)"
54.36.148.243 - - [26/Apr/2022:21:15:16 +0200] "GET /fragrance-sachet-grass-p-40563.html HTTP/1.0" 200 74148 "-" "Mozilla/5.0 (compatible; AhrefsBot/7.0; +http://ahrefs.com/robot/)"
185.191.171.16 - - [26/Apr/2022:21:15:22 +0200] "GET /american-orange-p-33102.html HTTP/1.0" 200 73480 "-" "Mozilla/5.0 (compatible; SemrushBot/7~bl; +http://www.semrush.com/bot.html)"
216.244.66.242 - - [26/Apr/2022:21:15:39 +0200] "GET /miso-cute-kimmidoll-love-p-21767.html HTTP/1.0" 200 77902 "-" "Mozilla/5.0 (compatible; DotBot/1.2; +https://opensiteexplorer.org/dotbot; help@moz.com)"
66.249.66.212 - - [26/Apr/2022:21:15:49 +0200] "GET /stationery-c-129_191.html HTTP/1.0" 200 91247 "-" "Mozilla/5.0 (Linux; Android 6.0.1; Nexus 5X Build/MMB29P) AppleWebKit/537.36 (KHTML, like Gecko) Chrome/100.0.4896.127 Mobile Safari/537.36 (compatible; Googlebot/2.1; +http://www.google.com/bot.html)"
216.244.66.242 - - [26/Apr/2022:21:16:17 +0200] "GET /dishes-c-12.html?page=15 HTTP/1.0" 200 92426 "-" "Mozilla/5.0 (compatible; DotBot/1.2; +https://opensiteexplorer.org/dotbot; help@moz.com)"
54.36.148.243 - - [26/Apr/2022:21:16:28 +0200] "GET /ceramic-salt-with-spoon-paludier-p-50631.html HTTP/1.0" 200 73518 "-" "Mozilla/5.0 (compatible; AhrefsBot/7.0; +http://ahrefs.com/robot/)"
66.249.66.214 - - [26/Apr/2022:21:16:33 +0200] "GET /gemini-cookware-cbkreation-p-43269.html HTTP/1.0" 200 73546 "-" "Mozilla/5.0 (Linux; Android 6.0.1; Nexus 5X Build/MMB29P) AppleWebKit/537.36 (KHTML, like Gecko) Chrome/100.0.4896.127 Mobile Safari/537.36 (compatible; Googlebot/2.1; +http://www.google.com/bot.html)"
157.55.39.172 - - [26/Apr/2022:21:16:38 +0200] "GET /-p-33356.html HTTP/1.0" 200 70808 "-" "Mozilla/5.0 (compatible; bingbot/2.0; +http://www.bing.com/bingbot.htm)"
185.191.171.40 - - [26/Apr/2022:21:16:42 +0200] "GET /camargua-ceramic-pitcher-p-55001.html HTTP/1.0" 200 73463 "-" "Mozilla/5.0 (compatible; SemrushBot/7~bl; +http://www.semrush.com/bot.html)"
185.191.171.40 - - [26/Apr/2022:21:16:56 +0200] "GET /soft-toys-security-blanket-c-4_46.html?page=11 HTTP/1.0" 200 91403 "-" "Mozilla/5.0 (compatible; SemrushBot/7~bl; +http://www.semrush.com/bot.html)"
40.64.89.58 - - [26/Apr/2022:21:17:02 +0200] "GET /images/mini_prod/8422088078528.jpg HTTP/1.0" 200 269 "-" "Mozilla/5.0 (X11; Linux x86_64) AppleWebKit/537.36 (KHTML, like Gecko) Chrome/62.0.3202.62 Safari/537.36"
66.249.66.212 - - [26/Apr/2022:21:17:18 +0200] "GET /bunny-nightlight-pink-p-55357.html HTTP/1.0" 200 74479 "-" "Mozilla/5.0 (Linux; Android 6.0.1; Nexus 5X Build/MMB29P) AppleWebKit/537.36 (KHTML, like Gecko) Chrome/100.0.4896.127 Mobile Safari/537.36 (compatible; Googlebot/2.1; +http://www.google.com/bot.html)"
185.191.171.11 - - [26/Apr/2022:21:17:19 +0200] "GET /digital-alarm-clock-10-cm-p-38744.html HTTP/1.0" 301 70972 "-" "Mozilla/5.0 (compatible; SemrushBot/7~bl; +http://www.semrush.com/bot.html)"
185.191.171.41 - - [26/Apr/2022:21:17:23 +0200] "GET /digital-alarm-clock-p-38744.html HTTP/1.0" 200 70886 "-" "Mozilla/5.0 (compatible; SemrushBot/7~bl; +http://www.semrush.com/bot.html)"
185.191.171.11 - - [26/Apr/2022:21:17:32 +0200] "GET /glass-cutting-board-cbkreation-p-51316.html?action=add_product HTTP/1.0" 302 476 "-" "Mozilla/5.0 (compatible; SemrushBot/7~bl; +http://www.semrush.com/bot.html)"
185.191.171.37 - - [26/Apr/2022:21:17:34 +0200] "GET /placemat-italian-menu-restaurant-p-57515.html HTTP/1.0" 200 73477 "-" "Mozilla/5.0 (compatible; SemrushBot/7~bl; +http://www.semrush.com/bot.html)"
54.36.148.243 - - [26/Apr/2022:21:17:38 +0200] "GET /betty-boop-ashtray-p-27178.html HTTP/1.0" 200 73423 "-" "Mozilla/5.0 (compatible; AhrefsBot/7.0; +http://ahrefs.com/robot/)"
211.249.40.15 - - [26/Apr/2022:21:17:40 +0200] "GET /images/mini_prod/3553560059669.jpg HTTP/1.0" 200 269 "-" "Mozilla/5.0 (X11; Ubuntu; Linux x86_64; rv:72.0) Gecko/20100101 Firefox/72.0"
66.249.66.212 - - [26/Apr/2022:21:18:02 +0200] "GET /wooden-cubi-cover-vieillis-p-56692.html HTTP/1.0" 200 74357 "-" "Mozilla/5.0 (Linux; Android 6.0.1; Nexus 5X Build/MMB29P) AppleWebKit/537.36 (KHTML, like Gecko) Chrome/100.0.4896.127 Mobile Safari/537.36 (compatible; Googlebot/2.1; +http://www.google.com/bot.html)"
54.36.149.23 - - [26/Apr/2022:21:18:22 +0200] "GET /chili-rectangulary-cushion-by-cbkreation-p-36753.html HTTP/1.0" 301 71056 "-" "Mozilla/5.0 (compatible; AhrefsBot/7.0; +http://ahrefs.com/robot/)"
185.191.171.38 - - [26/Apr/2022:21:18:22 +0200] "GET /home-and-decoration-c-13.html?page=259 HTTP/1.0" 301 92988 "-" "Mozilla/5.0 (compatible; SemrushBot/7~bl; +http://www.semrush.com/bot.html)"
185.191.171.34 - - [26/Apr/2022:21:18:26 +0200] "GET /home-decoration-c-13.html?page=259 HTTP/1.0" 200 92900 "-" "Mozilla/5.0 (compatible; SemrushBot/7~bl; +http://www.semrush.com/bot.html)"
185.191.171.8 - - [26/Apr/2022:21:18:38 +0200] "GET /boxes-cones-champa-backflow-incence-cones-p-54148.html HTTP/1.0" 301 70875 "-" "Mozilla/5.0 (compatible; SemrushBot/7~bl; +http://www.semrush.com/bot.html)"
185.191.171.9 - - [26/Apr/2022:21:18:42 +0200] "GET /-p-54148.html HTTP/1.0" 200 70808 "-" "Mozilla/5.0 (compatible; SemrushBot/7~bl; +http://www.semrush.com/bot.html)"
54.36.148.243 - - [26/Apr/2022:21:18:45 +0200] "GET /eyelet-curtain-p-52355.html HTTP/1.0" 200 76233 "-" "Mozilla/5.0 (compatible; AhrefsBot/7.0; +http://ahrefs.com/robot/)"
66.249.66.210 - - [26/Apr/2022:21:18:46 +0200] "GET /small-wallet-oops-daisy-gorjuss-p-35561.html HTTP/1.0" 200 74810 "-" "Mozilla/5.0 (Linux; Android 6.0.1; Nexus 5X Build/MMB29P) AppleWebKit/537.36 (KHTML, like Gecko) Chrome/100.0.4896.127 Mobile Safari/537.36 (compatible; Googlebot/2.1; +http://www.google.com/bot.html)"
77.88.5.208 - - [26/Apr/2022:21:18:49 +0200] "GET /masha-bear-doll-sled-p-36999.html HTTP/1.0" 200 74209 "-" "Mozilla/5.0 (compatible; YandexBot/3.0; +http://yandex.com/bots)"
47.254.91.81 - - [26/Apr/2022:21:18:56 +0200] "GET /images/mini_prod/541185414661-8.jpg HTTP/1.0" 200 270 "-" "Mozilla/5.0 (X11; Ubuntu; Linux x86_64; rv:72.0) Gecko/20100101 Firefox/72.0"
185.191.171.33 - - [26/Apr/2022:21:18:59 +0200] "GET /hello-kitty-fountain-ballpoint-p-7214.html?action=add_product HTTP/1.0" 302 476 "-" "Mozilla/5.0 (compatible; SemrushBot/7~bl; +http://www.semrush.com/bot.html)"
185.191.171.38 - - [26/Apr/2022:21:19:17 +0200] "GET /ceramic-face-vase-azure-blue-p-50088.html?action=add_product HTTP/1.0" 302 476 "-" "Mozilla/5.0 (compatible; SemrushBot/7~bl; +http://www.semrush.com/bot.html)"
66.249.66.212 - - [26/Apr/2022:21:19:31 +0200] "GET /cuba-vintage-flag-p-38269.html HTTP/1.0" 200 73465 "-" "Mozilla/5.0 (Linux; Android 6.0.1; Nexus 5X Build/MMB29P) AppleWebKit/537.36 (KHTML, like Gecko) Chrome/100.0.4896.127 Mobile Safari/537.36 (compatible; Googlebot/2.1; +http://www.google.com/bot.html)"
185.191.171.14 - - [26/Apr/2022:21:19:31 +0200] "GET /owl-figure-p-15663.html HTTP/1.0" 301 70914 "-" "Mozilla/5.0 (compatible; SemrushBot/7~bl; +http://www.semrush.com/bot.html)"
157.55.39.105 - - [26/Apr/2022:21:19:33 +0200] "GET /-p-34076.html HTTP/1.0" 200 70808 "-" "Mozilla/5.0 (compatible; bingbot/2.0; +http://www.bing.com/bingbot.htm)"
185.191.171.14 - - [26/Apr/2022:21:19:35 +0200] "GET /figure-p-15663.html HTTP/1.0" 200 70841 "-" "Mozilla/5.0 (compatible; SemrushBot/7~bl; +http://www.semrush.com/bot.html)"
95.108.213.73 - - [26/Apr/2022:21:19:38 +0200] "GET /robots.txt HTTP/1.0" 200 245 "-" "Mozilla/5.0 (compatible; YandexBot/3.0; +http://yandex.com/bots)"
95.108.213.73 - - [26/Apr/2022:21:19:42 +0200] "GET /squirrel-mini-p-45268.html HTTP/1.0" 200 73461 "-" "Mozilla/5.0 (compatible; YandexBot/3.0; +http://yandex.com/bots)"
40.64.89.33 - - [26/Apr/2022:21:19:43 +0200] "GET /images/mini_prod/3609810063167.jpg HTTP/1.0" 200 269 "-" "Mozilla/5.0 (Windows NT 10.0; ) Gecko/20100101 Firefox/61.0"
54.36.148.243 - - [26/Apr/2022:21:19:58 +0200] "GET /small-bamboo-tray-cats-p-49572.html HTTP/1.0" 200 73518 "-" "Mozilla/5.0 (compatible; AhrefsBot/7.0; +http://ahrefs.com/robot/)"
66.249.66.212 - - [26/Apr/2022:21:20:15 +0200] "GET /girls-c-1.html HTTP/1.0" 200 92054 "-" "Mozilla/5.0 (Linux; Android 6.0.1; Nexus 5X Build/MMB29P) AppleWebKit/537.36 (KHTML, like Gecko) Chrome/100.0.4896.127 Mobile Safari/537.36 (compatible; Googlebot/2.1; +http://www.google.com/bot.html)"
54.36.148.47 - - [26/Apr/2022:21:20:28 +0200] "GET /new-york-moneybox-p-40008.html HTTP/1.0" 301 70875 "-" "Mozilla/5.0 (compatible; AhrefsBot/7.0; +http://ahrefs.com/robot/)"
185.191.171.5 - - [26/Apr/2022:21:20:35 +0200] "GET /mug-with-tea-infuser-c-12_221.html?page=4 HTTP/1.0" 301 92109 "-" "Mozilla/5.0 (compatible; SemrushBot/7~bl; +http://www.semrush.com/bot.html)"
185.191.171.5 - - [26/Apr/2022:21:20:39 +0200] "GET /with-infuser-c-221.html?page=4 HTTP/1.0" 301 92008 "-" "Mozilla/5.0 (compatible; SemrushBot/7~bl; +http://www.semrush.com/bot.html)"
185.191.171.10 - - [26/Apr/2022:21:20:43 +0200] "GET /with-infuser-c-12_221.html?page=4 HTTP/1.0" 200 92025 "-" "Mozilla/5.0 (compatible; SemrushBot/7~bl; +http://www.semrush.com/bot.html)"
185.191.171.45 - - [26/Apr/2022:21:20:48 +0200] "GET /black-houndstooth-russian-doll-cbkreation-p-18418.html HTTP/1.0" 200 73575 "-" "Mozilla/5.0 (compatible; SemrushBot/7~bl; +http://www.semrush.com/bot.html)"
54.36.148.123 - - [26/Apr/2022:21:20:54 +0200] "GET /smurfette-shopping-bag-p-10494.html HTTP/1.0" 301 70875 "-" "Mozilla/5.0 (compatible; AhrefsBot/7.0; +http://ahrefs.com/robot/)"
66.249.66.212 - - [26/Apr/2022:21:20:59 +0200] "GET /rusty-metal-lotus-mobile-p-56720.html HTTP/1.0" 301 74504 "-" "Mozilla/5.0 (Linux; Android 6.0.1; Nexus 5X Build/MMB29P) AppleWebKit/537.36 (KHTML, like Gecko) Chrome/100.0.4896.127 Mobile Safari/537.36 (compatible; Googlebot/2.1; +http://www.google.com/bot.html)"
66.249.66.210 - - [26/Apr/2022:21:21:01 +0200] "GET /lotus-mobile-wood-metal-p-56720.html HTTP/1.0" 200 74414 "-" "Mozilla/5.0 (Linux; Android 6.0.1; Nexus 5X Build/MMB29P) AppleWebKit/537.36 (KHTML, like Gecko) Chrome/100.0.4896.127 Mobile Safari/537.36 (compatible; Googlebot/2.1; +http://www.google.com/bot.html)"
51.68.224.127 - - [26/Apr/2022:21:21:07 +0200] "GET /adminweb/export_orders_xml.php?token=256de2z6edz6ed2z6DFSFsed2zed6zeDSFDSGdzedezfzf&maxorders=10&orderstart=1&status=14&start_date=2018-10-01 HTTP/1.0" 200 285 "-" "GesCom CharlotteBoutik Serveur"
51.68.224.127 - - [26/Apr/2022:21:21:07 +0200] "GET /adminweb/export_orders_xml.php?token=256de2z6edz6ed2z6DFSFsed2zed6zeDSFDSGdzedezfzf&maxorders=10&orderstart=1&status=6&start_date=2018-10-01 HTTP/1.0" 200 32798 "-" "GesCom CharlotteBoutik Serveur"
185.191.171.10 - - [26/Apr/2022:21:21:11 +0200] "GET /breakfast-board-love-to-be-home-tassen-made-in-germany-p-53189.html HTTP/1.0" 301 74696 "-" "Mozilla/5.0 (compatible; SemrushBot/7~bl; +http://www.semrush.com/bot.html)"
54.36.148.243 - - [26/Apr/2022:21:21:11 +0200] "GET /candy-cloud-notepad-jazzy-p-49839.html HTTP/1.0" 200 73494 "-" "Mozilla/5.0 (compatible; AhrefsBot/7.0; +http://ahrefs.com/robot/)"
185.191.171.40 - - [26/Apr/2022:21:21:14 +0200] "GET /breakfast-board-love-home-tassen-made-germany-p-53189.html HTTP/1.0" 200 74584 "-" "Mozilla/5.0 (compatible; SemrushBot/7~bl; +http://www.semrush.com/bot.html)"
185.191.171.24 - - [26/Apr/2022:21:21:24 +0200] "GET /cats-dubout-figurine-cute-black-p-40345.html?action=add_product HTTP/1.0" 302 476 "-" "Mozilla/5.0 (compatible; SemrushBot/7~bl; +http://www.semrush.com/bot.html)"
185.191.171.20 - - [26/Apr/2022:21:21:41 +0200] "GET /corset-black-shirt-p-30121.html HTTP/1.0" 200 74611 "-" "Mozilla/5.0 (compatible; SemrushBot/7~bl; +http://www.semrush.com/bot.html)"
66.249.66.210 - - [26/Apr/2022:21:21:44 +0200] "GET /pastis-club-aperitif-p-57476.html HTTP/1.0" 200 74425 "-" "Mozilla/5.0 (compatible; Googlebot/2.1; +http://www.google.com/bot.html)"
185.191.171.10 - - [26/Apr/2022:21:21:59 +0200] "GET /large-metal-plate-collection-vespa-p-16845.html HTTP/1.0" 200 74045 "-" "Mozilla/5.0 (compatible; SemrushBot/7~bl; +http://www.semrush.com/bot.html)"
54.36.148.146 - - [26/Apr/2022:21:22:09 +0200] "GET /retro-ashtray-p-39387.html HTTP/1.0" 301 70875 "-" "Mozilla/5.0 (compatible; AhrefsBot/7.0; +http://ahrefs.com/robot/)"
47.88.56.224 - - [26/Apr/2022:21:22:15 +0200] "GET /images/mini_prod/3609810063136.jpg HTTP/1.0" 200 269 "-" "Mozilla/5.0 (X11; Ubuntu; Linux x86_64; rv:72.0) Gecko/20100101 Firefox/72.0"
54.36.148.243 - - [26/Apr/2022:21:22:23 +0200] "GET /apache-women-watch-multicolor-buffalo-head-p-41563.html HTTP/1.0" 200 73804 "-" "Mozilla/5.0 (compatible; AhrefsBot/7.0; +http://ahrefs.com/robot/)"
66.249.66.212 - - [26/Apr/2022:21:22:28 +0200] "GET /fitted-sheet-cotton-percale-threads-p-51249.html HTTP/1.0" 200 74430 "-" "Mozilla/5.0 (Linux; Android 6.0.1; Nexus 5X Build/MMB29P) AppleWebKit/537.36 (KHTML, like Gecko) Chrome/100.0.4896.127 Mobile Safari/537.36 (compatible; Googlebot/2.1; +http://www.google.com/bot.html)"
54.36.148.148 - - [26/Apr/2022:21:22:48 +0200] "GET /horses-blue-jewelry-box-p-33856.html HTTP/1.0" 301 70875 "-" "Mozilla/5.0 (compatible; AhrefsBot/7.0; +http://ahrefs.com/robot/)"
66.249.66.68 - - [26/Apr/2022:21:22:53 +0200] "GET /images/mini_prod/8422017888303A.jpg HTTP/1.0" 200 270 "-" "Googlebot-Image/1.0"
66.249.66.210 - - [26/Apr/2022:21:23:13 +0200] "GET /kimmidoll-haruyo-jewelry-box-p-28738.html HTTP/1.0" 301 71022 "-" "Mozilla/5.0 (compatible; Googlebot/2.1; +http://www.google.com/bot.html)"
66.249.66.212 - - [26/Apr/2022:21:23:14 +0200] "GET /kimmidoll-haruyo-jewelry-p-28738.html HTTP/1.0" 200 70931 "-" "Mozilla/5.0 (compatible; Googlebot/2.1; +http://www.google.com/bot.html)"
157.55.39.172 - - [26/Apr/2022:21:23:18 +0200] "GET /barbade-clock-cbkreation-p-36826.html HTTP/1.0" 200 73460 "-" "Mozilla/5.0 (compatible; bingbot/2.0; +http://www.bing.com/bingbot.htm)"
40.64.89.61 - - [26/Apr/2022:21:23:32 +0200] "GET /images/mini_prod/8012052075983190720122.jpg HTTP/1.0" 200 278 "-" "Mozilla/5.0 (Windows NT 10.0; WOW64) AppleWebKit/537.36 (KHTML, like Gecko) Chrome/67.0.3396.99 Safari/537.36"
185.191.171.39 - - [26/Apr/2022:21:23:36 +0200] "GET /anti-rfid-card-holder-cards-anthracite-p-50171.html HTTP/1.0" 200 74817 "-" "Mozilla/5.0 (compatible; SemrushBot/7~bl; +http://www.semrush.com/bot.html)"
54.36.148.243 - - [26/Apr/2022:21:23:38 +0200] "GET /singing-bowl-chakra-solar-plexus-yellow-p-42128.html HTTP/1.0" 200 73631 "-" "Mozilla/5.0 (compatible; AhrefsBot/7.0; +http://ahrefs.com/robot/)"
20.72.199.130 - - [26/Apr/2022:21:23:41 +0200] "GET /images/mini_prod/3272760377433.jpg HTTP/1.0" 200 269 "-" "Mozilla/4.0 (compatible; MSIE 7.0; Windows NT 6.0)"
185.191.171.14 - - [26/Apr/2022:21:23:40 +0200] "GET /bolster-case-green-p-43668.html HTTP/1.0" 200 73680 "-" "Mozilla/5.0 (compatible; SemrushBot/7~bl; +http://www.semrush.com/bot.html)"
66.249.66.212 - - [26/Apr/2022:21:23:57 +0200] "GET /girls-c-1.html HTTP/1.0" 200 92054 "-" "Mozilla/5.0 (compatible; Googlebot/2.1; +http://www.google.com/bot.html)"
77.88.5.237 - - [26/Apr/2022:21:24:12 +0200] "GET /gormiti-bike-helmet-p-8327.html HTTP/1.0" 200 73333 "-" "Mozilla/5.0 (compatible; YandexBot/3.0; +http://yandex.com/bots)"
157.55.39.101 - - [26/Apr/2022:21:24:22 +0200] "GET /-p-34031.html HTTP/1.0" 200 70808 "-" "Mozilla/5.0 (compatible; bingbot/2.0; +http://www.bing.com/bingbot.htm)"
