17.121.112.110 - - [26/Apr/2022:18:45:31 +0200] "GET /mugs-and-mazagrans-c-12_57.html HTTP/1.0" 301 96588 "-" "Mozilla/5.0 (Macintosh; Intel Mac OS X 10_15_5) AppleWebKit/605.1.15 (KHTML, like Gecko) Version/13.1.1 Safari/605.1.15 (Applebot/0.1; +http://www.apple.com/go/applebot)"
17.121.112.110 - - [26/Apr/2022:18:45:34 +0200] "GET /mugs-mazagrans-c-57.html HTTP/1.0" 301 96487 "-" "Mozilla/5.0 (Macintosh; Intel Mac OS X 10_15_5) AppleWebKit/605.1.15 (KHTML, like Gecko) Version/13.1.1 Safari/605.1.15 (Applebot/0.1; +http://www.apple.com/go/applebot)"
17.121.112.110 - - [26/Apr/2022:18:45:36 +0200] "GET /mugs-mazagrans-c-12_57.html HTTP/1.0" 200 96510 "-" "Mozilla/5.0 (Macintosh; Intel Mac OS X 10_15_5) AppleWebKit/605.1.15 (KHTML, like Gecko) Version/13.1.1 Safari/605.1.15 (Applebot/0.1; +http://www.apple.com/go/applebot)"
185.191.171.16 - - [26/Apr/2022:18:45:36 +0200] "GET /angus-horse-merida-figure-p-15676.html HTTP/1.0" 301 70875 "-" "Mozilla/5.0 (compatible; SemrushBot/7~bl; +http://www.semrush.com/bot.html)"
185.191.171.38 - - [26/Apr/2022:18:45:41 +0200] "GET /-p-15676.html HTTP/1.0" 200 70808 "-" "Mozilla/5.0 (compatible; SemrushBot/7~bl; +http://www.semrush.com/bot.html)"
66.249.66.214 - - [26/Apr/2022:18:45:41 +0200] "GET /cats-ceramic-dish-p-44497.html HTTP/1.0" 200 73404 "-" "Mozilla/5.0 (Linux; Android 6.0.1; Nexus 5X Build/MMB29P) AppleWebKit/537.36 (KHTML, like Gecko) Chrome/100.0.4896.127 Mobile Safari/537.36 (compatible; Googlebot/2.1; +http://www.google.com/bot.html)"
54.36.148.243 - - [26/Apr/2022:18:46:26 +0200] "GET /home-decoration-c-13.html?page=134 HTTP/1.0" 200 92627 "-" "Mozilla/5.0 (compatible; AhrefsBot/7.0; +http://ahrefs.com/robot/)"
113.207.6.244 - - [26/Apr/2022:18:47:28 +0200] "GET /images/mini_prod/3660173163628.jpg HTTP/1.0" 200 269 "-" "Mozilla/5.0 (X11; Ubuntu; Linux x86_64; rv:72.0) Gecko/20100101 Firefox/72.0"
185.191.171.25 - - [26/Apr/2022:18:47:34 +0200] "GET /robots.txt HTTP/1.0" 200 245 "-" "Mozilla/5.0 (compatible; SemrushBot/7~bl; +http://www.semrush.com/bot.html)"
185.191.171.25 - - [26/Apr/2022:18:47:35 +0200] "GET /tiger-blue-porcelain-bowl-p-47862.html?action=add_product HTTP/1.0" 302 476 "-" "Mozilla/5.0 (compatible; SemrushBot/7~bl; +http://www.semrush.com/bot.html)"
54.36.148.0 - - [26/Apr/2022:18:47:40 +0200] "GET /robots.txt HTTP/1.0" 200 245 "-" "Mozilla/5.0 (compatible; AhrefsBot/7.0; +http://ahrefs.com/robot/)"
54.36.148.243 - - [26/Apr/2022:18:47:41 +0200] "GET /home-decoration-c-13.html?page=137 HTTP/1.0" 200 93175 "-" "Mozilla/5.0 (compatible; AhrefsBot/7.0; +http://ahrefs.com/robot/)"
185.191.171.37 - - [26/Apr/2022:18:48:02 +0200] "GET /headrest-cushion-pink-p-46889.html?action=add_product HTTP/1.0" 302 476 "-" "Mozilla/5.0 (compatible; SemrushBot/7~bl; +http://www.semrush.com/bot.html)"
20.120.105.237 - - [26/Apr/2022:18:48:02 +0200] "GET /placemats-c-12_156.html HTTP/1.0" 200 92874 "-" "Mozilla/5.0 (Windows NT 10.0; Win64; x64) AppleWebKit/537.36 (KHTML, like Gecko) Chrome/86.0.4240.75 Safari/537.36"
20.120.105.237 - - [26/Apr/2022:18:48:02 +0200] "GET /plastic-boxes-storage-c-13_150_217.html HTTP/1.0" 200 76558 "-" "Mozilla/5.0 (Windows NT 10.0; Win64; x64) AppleWebKit/537.36 (KHTML, like Gecko) Chrome/86.0.4240.75 Safari/537.36"
185.191.171.44 - - [26/Apr/2022:18:48:09 +0200] "GET /pikaly-bedclothes-p-45419.html HTTP/1.0" 200 73620 "-" "Mozilla/5.0 (compatible; SemrushBot/7~bl; +http://www.semrush.com/bot.html)"
54.36.148.243 - - [26/Apr/2022:18:48:48 +0200] "GET /travel-documents-passport-boarding-pass-p-47344.html HTTP/1.0" 200 74469 "-" "Mozilla/5.0 (compatible; AhrefsBot/7.0; +http://ahrefs.com/robot/)"
20.231.46.63 - - [26/Apr/2022:18:48:48 +0200] "GET /christmas-tree-ornament-christmas-balls-c-13_271.html HTTP/1.0" 200 91572 "-" "Mozilla/5.0 (Windows NT 10.0; Win64; x64) AppleWebKit/537.36 (KHTML, like Gecko) Chrome/86.0.4240.75 Safari/537.36"
20.231.46.63 - - [26/Apr/2022:18:48:51 +0200] "GET /small-boxes-pill-c-13_150_154.html HTTP/1.0" 200 90701 "-" "Mozilla/5.0 (Windows NT 10.0; Win64; x64) AppleWebKit/537.36 (KHTML, like Gecko) Chrome/86.0.4240.75 Safari/537.36"
66.249.66.212 - - [26/Apr/2022:18:48:55 +0200] "GET /musical-snowball-night-light-little-prince-p-54628.html HTTP/1.0" 200 74331 "-" "Mozilla/5.0 (Linux; Android 6.0.1; Nexus 5X Build/MMB29P) AppleWebKit/537.36 (KHTML, like Gecko) Chrome/100.0.4896.127 Mobile Safari/537.36 (compatible; Googlebot/2.1; +http://www.google.com/bot.html)"
157.55.39.101 - - [26/Apr/2022:18:48:57 +0200] "GET /panda-water-bottle-p-48678.html HTTP/1.0" 200 74055 "-" "Mozilla/5.0 (compatible; bingbot/2.0; +http://www.bing.com/bingbot.htm)"
40.91.78.237 - - [26/Apr/2022:18:49:02 +0200] "GET /images/mini_prod/1399984240168SPIDERMAN.jpg HTTP/1.0" 200 278 "-" "Mozilla/5.0 (Windows NT 10.0; WOW64) AppleWebKit/537.36 (KHTML, like Gecko) Chrome/67.0.3396.99 Safari/537.36"
185.191.171.10 - - [26/Apr/2022:18:49:06 +0200] "GET /petit-prince-exupry-collection-p-47092.html?action=add_product HTTP/1.0" 302 476 "-" "Mozilla/5.0 (compatible; SemrushBot/7~bl; +http://www.semrush.com/bot.html)"
66.249.66.214 - - [26/Apr/2022:18:49:19 +0200] "GET /gorjuss-eraser-p-40466.html HTTP/1.0" 200 73424 "-" "Mozilla/5.0 (Linux; Android 6.0.1; Nexus 5X Build/MMB29P) AppleWebKit/537.36 (KHTML, like Gecko) Chrome/100.0.4896.127 Mobile Safari/537.36 (compatible; Googlebot/2.1; +http://www.google.com/bot.html)"
54.36.149.1 - - [26/Apr/2022:18:49:23 +0200] "GET /simpsons-pairs-of-socks-size-19-22-p-25614.html HTTP/1.0" 301 70875 "-" "Mozilla/5.0 (compatible; AhrefsBot/7.0; +http://ahrefs.com/robot/)"
20.231.46.63 - - [26/Apr/2022:18:49:35 +0200] "GET /pitchers-drink-dispensers-c-12_243.html HTTP/1.0" 200 90125 "-" "Mozilla/5.0 (Windows NT 10.0; Win64; x64) AppleWebKit/537.36 (KHTML, like Gecko) Chrome/86.0.4240.75 Safari/537.36"
66.249.66.212 - - [26/Apr/2022:18:49:43 +0200] "GET /nici-horses-mouse-p-9494.html HTTP/1.0" 200 73550 "-" "Mozilla/5.0 (Linux; Android 6.0.1; Nexus 5X Build/MMB29P) AppleWebKit/537.36 (KHTML, like Gecko) Chrome/100.0.4896.127 Mobile Safari/537.36 (compatible; Googlebot/2.1; +http://www.google.com/bot.html)"
66.249.66.212 - - [26/Apr/2022:18:50:07 +0200] "GET /samurai-statue-resin-p-50898.html HTTP/1.0" 200 74466 "-" "Mozilla/5.0 (Linux; Android 6.0.1; Nexus 5X Build/MMB29P) AppleWebKit/537.36 (KHTML, like Gecko) Chrome/100.0.4896.127 Mobile Safari/537.36 (compatible; Googlebot/2.1; +http://www.google.com/bot.html)"
54.36.148.243 - - [26/Apr/2022:18:50:10 +0200] "GET /cats-dubout-placemat-p-32426.html HTTP/1.0" 200 73484 "-" "Mozilla/5.0 (compatible; AhrefsBot/7.0; +http://ahrefs.com/robot/)"
185.191.171.43 - - [26/Apr/2022:18:50:10 +0200] "GET /wall-decoration-flamingo-p-37458.html HTTP/1.0" 200 73556 "-" "Mozilla/5.0 (compatible; SemrushBot/7~bl; +http://www.semrush.com/bot.html)"
77.88.5.208 - - [26/Apr/2022:18:50:28 +0200] "GET /winnie-pooh-bath-towel-p-10120.html HTTP/1.0" 200 70894 "-" "Mozilla/5.0 (compatible; YandexBot/3.0; +http://yandex.com/bots)"
66.249.66.210 - - [26/Apr/2022:18:50:31 +0200] "GET /masha-and-bear-doll-and-his-sled-13-cm-p-36999.html HTTP/1.0" 301 74296 "-" "Mozilla/5.0 (Linux; Android 6.0.1; Nexus 5X Build/MMB29P) AppleWebKit/537.36 (KHTML, like Gecko) Chrome/100.0.4896.127 Mobile Safari/537.36 (compatible; Googlebot/2.1; +http://www.google.com/bot.html)"
66.249.66.210 - - [26/Apr/2022:18:50:33 +0200] "GET /masha-bear-doll-sled-p-36999.html HTTP/1.0" 200 74209 "-" "Mozilla/5.0 (Linux; Android 6.0.1; Nexus 5X Build/MMB29P) AppleWebKit/537.36 (KHTML, like Gecko) Chrome/100.0.4896.127 Mobile Safari/537.36 (compatible; Googlebot/2.1; +http://www.google.com/bot.html)"
185.191.171.34 - - [26/Apr/2022:18:50:52 +0200] "GET /cubi-door-wood-place-apro-p-56139.html?action=add_product HTTP/1.0" 302 476 "-" "Mozilla/5.0 (compatible; SemrushBot/7~bl; +http://www.semrush.com/bot.html)"
66.249.66.210 - - [26/Apr/2022:18:50:55 +0200] "GET /caramel-double-pencil-case-constellations-p-55643.html HTTP/1.0" 200 70978 "-" "Mozilla/5.0 (Linux; Android 6.0.1; Nexus 5X Build/MMB29P) AppleWebKit/537.36 (KHTML, like Gecko) Chrome/100.0.4896.127 Mobile Safari/537.36 (compatible; Googlebot/2.1; +http://www.google.com/bot.html)"
157.55.39.111 - - [26/Apr/2022:18:50:56 +0200] "GET /-p-34581.html HTTP/1.0" 200 70808 "-" "Mozilla/5.0 (compatible; bingbot/2.0; +http://www.bing.com/bingbot.htm)"
54.36.148.243 - - [26/Apr/2022:18:51:17 +0200] "GET /travel-documents-passport-boarding-pass-p-47345.html HTTP/1.0" 200 74469 "-" "Mozilla/5.0 (compatible; AhrefsBot/7.0; +http://ahrefs.com/robot/)"
66.249.66.210 - - [26/Apr/2022:18:51:19 +0200] "GET /cats-dubout-figurine-irresistible-p-58024.html HTTP/1.0" 200 74882 "-" "Mozilla/5.0 (Linux; Android 6.0.1; Nexus 5X Build/MMB29P) AppleWebKit/537.36 (KHTML, like Gecko) Chrome/100.0.4896.127 Mobile Safari/537.36 (compatible; Googlebot/2.1; +http://www.google.com/bot.html)"
185.191.171.22 - - [26/Apr/2022:18:51:32 +0200] "GET /laissez-lucie-faire-large-make-up-kit-roberto-p-49006.html HTTP/1.0" 301 71053 "-" "Mozilla/5.0 (compatible; SemrushBot/7~bl; +http://www.semrush.com/bot.html)"
185.191.171.11 - - [26/Apr/2022:18:51:35 +0200] "GET /laissez-lucie-faire-large-make-roberto-p-49006.html HTTP/1.0" 200 70948 "-" "Mozilla/5.0 (compatible; SemrushBot/7~bl; +http://www.semrush.com/bot.html)"
185.191.171.19 - - [26/Apr/2022:18:51:38 +0200] "GET /gift-made-metal-towels-p-45275.html HTTP/1.0" 200 73686 "-" "Mozilla/5.0 (compatible; SemrushBot/7~bl; +http://www.semrush.com/bot.html)"
20.72.199.117 - - [26/Apr/2022:18:52:02 +0200] "GET /images/mini_prod/3453131147712.jpg HTTP/1.0" 200 269 "-" "Mozilla/5.0 (Windows NT 6.1; WOW64) AppleWebKit/537.36 (KHTML, like Gecko) Chrome/45.0.2454.101 Safari/537.36"
66.249.66.210 - - [26/Apr/2022:18:52:07 +0200] "GET /peppa-boards-stickers-p-32150.html HTTP/1.0" 200 70904 "-" "Mozilla/5.0 (Linux; Android 6.0.1; Nexus 5X Build/MMB29P) AppleWebKit/537.36 (KHTML, like Gecko) Chrome/100.0.4896.127 Mobile Safari/537.36 (compatible; Googlebot/2.1; +http://www.google.com/bot.html)"
185.191.171.24 - - [26/Apr/2022:18:52:28 +0200] "GET /iron-ganesh-votive-candle-holder-p-50599.html?action=add_product HTTP/1.0" 302 476 "-" "Mozilla/5.0 (compatible; SemrushBot/7~bl; +http://www.semrush.com/bot.html)"
54.36.148.243 - - [26/Apr/2022:18:52:28 +0200] "GET /russian-dolls-mouse-cbkreation-p-18688.html HTTP/1.0" 200 73492 "-" "Mozilla/5.0 (compatible; AhrefsBot/7.0; +http://ahrefs.com/robot/)"
47.254.85.106 - - [26/Apr/2022:18:52:43 +0200] "GET /images/mini_prod/1399984264270.jpg HTTP/1.0" 200 269 "-" "Mozilla/5.0 (X11; Ubuntu; Linux x86_64; rv:72.0) Gecko/20100101 Firefox/72.0"
66.249.66.210 - - [26/Apr/2022:18:52:55 +0200] "GET /tarot-lotus-copper-colour-p-43196.html HTTP/1.0" 200 74421 "-" "Mozilla/5.0 (Linux; Android 6.0.1; Nexus 5X Build/MMB29P) AppleWebKit/537.36 (KHTML, like Gecko) Chrome/100.0.4896.127 Mobile Safari/537.36 (compatible; Googlebot/2.1; +http://www.google.com/bot.html)"
54.36.148.189 - - [26/Apr/2022:18:53:09 +0200] "GET /the-princess-and-the-frog-peel-and-stick-wall-decals-p-22525.html HTTP/1.0" 301 73770 "-" "Mozilla/5.0 (compatible; AhrefsBot/7.0; +http://ahrefs.com/robot/)"
20.99.154.172 - - [26/Apr/2022:18:53:12 +0200] "GET /images/mini_prod/8719075391372a.jpg HTTP/1.0" 200 270 "-" "Mozilla/5.0 (X11; Linux x86_64) AppleWebKit/537.36 (KHTML, like Gecko) Chrome/62.0.3202.62 Safari/537.36"
185.191.171.39 - - [26/Apr/2022:18:53:29 +0200] "GET /miss-mindy-dear-unicorn-light-figurine-p-46252.html?action=add_product HTTP/1.0" 302 476 "-" "Mozilla/5.0 (compatible; SemrushBot/7~bl; +http://www.semrush.com/bot.html)"
66.249.66.210 - - [26/Apr/2022:18:53:43 +0200] "GET /decorative-and-useful-fan-little-buddha-p-53309.html HTTP/1.0" 301 73666 "-" "Mozilla/5.0 (compatible; Googlebot/2.1; +http://www.google.com/bot.html)"
66.249.66.212 - - [26/Apr/2022:18:53:45 +0200] "GET /decorative-useful-little-buddha-p-53309.html HTTP/1.0" 200 73568 "-" "Mozilla/5.0 (compatible; Googlebot/2.1; +http://www.google.com/bot.html)"
54.36.148.243 - - [26/Apr/2022:18:53:47 +0200] "GET /zippo-torque-bracelet-twisted-stainless-steel-p-49084.html HTTP/1.0" 200 74507 "-" "Mozilla/5.0 (compatible; AhrefsBot/7.0; +http://ahrefs.com/robot/)"
207.46.13.182 - - [26/Apr/2022:18:53:57 +0200] "GET /saltshaker-pepper-p-37862.html HTTP/1.0" 200 73502 "-" "Mozilla/5.0 (compatible; bingbot/2.0; +http://www.bing.com/bingbot.htm)"
185.191.171.35 - - [26/Apr/2022:18:54:14 +0200] "GET /decorative-wooden-plate-chien-mchant-white-p-47798.html?action=add_product HTTP/1.0" 302 476 "-" "Mozilla/5.0 (compatible; SemrushBot/7~bl; +http://www.semrush.com/bot.html)"
66.249.66.210 - - [26/Apr/2022:18:54:32 +0200] "GET /mexico-collectable-figurine-family-p-57423.html HTTP/1.0" 200 75715 "-" "Mozilla/5.0 (compatible; Googlebot/2.1; +http://www.google.com/bot.html)"
185.191.171.22 - - [26/Apr/2022:18:54:38 +0200] "GET /chair-cushion-pepsi-funny-40-cm-p-49388.html HTTP/1.0" 301 70875 "-" "Mozilla/5.0 (compatible; SemrushBot/7~bl; +http://www.semrush.com/bot.html)"
185.191.171.36 - - [26/Apr/2022:18:54:41 +0200] "GET /-p-49388.html HTTP/1.0" 200 70808 "-" "Mozilla/5.0 (compatible; SemrushBot/7~bl; +http://www.semrush.com/bot.html)"
54.36.148.243 - - [26/Apr/2022:18:54:57 +0200] "GET /starry-russian-doll-mouse-cbkreation-p-18472.html HTTP/1.0" 200 73534 "-" "Mozilla/5.0 (compatible; AhrefsBot/7.0; +http://ahrefs.com/robot/)"
185.191.171.35 - - [26/Apr/2022:18:55:04 +0200] "GET /-p-36624.html?action=add_product HTTP/1.0" 302 476 "-" "Mozilla/5.0 (compatible; SemrushBot/7~bl; +http://www.semrush.com/bot.html)"
185.191.171.35 - - [26/Apr/2022:18:55:13 +0200] "GET /odin-resin-figure-p-47483.html HTTP/1.0" 200 73508 "-" "Mozilla/5.0 (compatible; SemrushBot/7~bl; +http://www.semrush.com/bot.html)"
51.68.224.127 - - [26/Apr/2022:18:55:15 +0200] "GET /adminweb/export_orders_xml.php?token=256de2z6edz6ed2z6DFSFsed2zed6zeDSFDSGdzedezfzf&maxorders=10&orderstart=1&status=14&start_date=2018-10-01 HTTP/1.0" 200 285 "-" "GesCom CharlotteBoutik Serveur"
51.68.224.127 - - [26/Apr/2022:18:55:15 +0200] "GET /adminweb/export_orders_xml.php?token=256de2z6edz6ed2z6DFSFsed2zed6zeDSFDSGdzedezfzf&maxorders=10&orderstart=1&status=6&start_date=2018-10-01 HTTP/1.0" 200 32798 "-" "GesCom CharlotteBoutik Serveur"
157.55.39.111 - - [26/Apr/2022:18:55:17 +0200] "GET /-p-29393.html HTTP/1.0" 200 70808 "-" "Mozilla/5.0 (compatible; bingbot/2.0; +http://www.bing.com/bingbot.htm)"
66.249.66.210 - - [26/Apr/2022:18:55:20 +0200] "GET /artist-jimmy-liao-rabbit-figure-sonny-angel-p-56919.html HTTP/1.0" 200 74303 "-" "Mozilla/5.0 (compatible; Googlebot/2.1; +http://www.google.com/bot.html)"
77.88.5.208 - - [26/Apr/2022:18:55:29 +0200] "GET /jane-crowther-cats-p-54240.html HTTP/1.0" 200 73458 "-" "Mozilla/5.0 (compatible; YandexBot/3.0; +http://yandex.com/bots)"
185.191.171.24 - - [26/Apr/2022:18:55:57 +0200] "GET /tasty-road-the-bagels-mug-p-24914.html HTTP/1.0" 301 73581 "-" "Mozilla/5.0 (compatible; SemrushBot/7~bl; +http://www.semrush.com/bot.html)"
157.90.128.183 - - [26/Apr/2022:18:56:00 +0200] "GET /images/mini_prod/1384010206935.jpg HTTP/1.0" 200 269 "-" "Mozilla/5.0 (X11; Ubuntu; Linux x86_64; rv:72.0) Gecko/20100101 Firefox/72.0"
185.191.171.24 - - [26/Apr/2022:18:56:00 +0200] "GET /tasty-road-bagels-p-24914.html HTTP/1.0" 200 73497 "-" "Mozilla/5.0 (compatible; SemrushBot/7~bl; +http://www.semrush.com/bot.html)"
66.249.66.212 - - [26/Apr/2022:18:56:08 +0200] "GET /sophie-the-giraffe-night-light-stars-projector-musical-p-36927.html HTTP/1.0" 301 74580 "-" "Mozilla/5.0 (compatible; Googlebot/2.1; +http://www.google.com/bot.html)"
66.249.66.214 - - [26/Apr/2022:18:56:10 +0200] "GET /sophie-giraffe-night-light-stars-projector-musical-p-36927.html HTTP/1.0" 200 74463 "-" "Mozilla/5.0 (compatible; Googlebot/2.1; +http://www.google.com/bot.html)"
54.36.148.243 - - [26/Apr/2022:18:56:12 +0200] "GET /round-chair-cushion-reversible-mustard-taupe-p-54653.html HTTP/1.0" 200 74546 "-" "Mozilla/5.0 (compatible; AhrefsBot/7.0; +http://ahrefs.com/robot/)"
66.249.66.212 - - [26/Apr/2022:18:56:16 +0200] "GET /swfobject.js HTTP/1.0" 404 1308 "http://www.wonder-geek.com/decorative-useful-little-buddha-p-53309.html" "Mozilla/5.0 AppleWebKit/537.36 (KHTML, like Gecko; compatible; Googlebot/2.1; +http://www.google.com/bot.html) Chrome/100.0.4896.127 Safari/537.36"
185.191.171.15 - - [26/Apr/2022:18:56:54 +0200] "GET /mug-with-spoon-van-gogh-nuit-toilee-p-48223.html HTTP/1.0" 301 74210 "-" "Mozilla/5.0 (compatible; SemrushBot/7~bl; +http://www.semrush.com/bot.html)"
66.249.66.210 - - [26/Apr/2022:18:56:56 +0200] "GET /corsica-black-zippo-lighter-p-45297.html HTTP/1.0" 200 76436 "-" "Mozilla/5.0 (compatible; Googlebot/2.1; +http://www.google.com/bot.html)"
185.191.171.8 - - [26/Apr/2022:18:56:57 +0200] "GET /with-spoon-gogh-nuit-toile-p-48223.html HTTP/1.0" 200 74117 "-" "Mozilla/5.0 (compatible; SemrushBot/7~bl; +http://www.semrush.com/bot.html)"
185.191.171.17 - - [26/Apr/2022:18:57:29 +0200] "GET /magnet-tour-france-p-51687.html HTTP/1.0" 200 73406 "-" "Mozilla/5.0 (compatible; SemrushBot/7~bl; +http://www.semrush.com/bot.html)"
54.36.148.243 - - [26/Apr/2022:18:57:30 +0200] "GET /lighting-c-86.html?page=20 HTTP/1.0" 200 93112 "-" "Mozilla/5.0 (compatible; AhrefsBot/7.0; +http://ahrefs.com/robot/)"
216.244.66.242 - - [26/Apr/2022:18:57:43 +0200] "GET /robots.txt HTTP/1.0" 200 245 "-" "Mozilla/5.0 (compatible; DotBot/1.2; +https://opensiteexplorer.org/dotbot; help@moz.com)"
66.249.66.214 - - [26/Apr/2022:18:57:44 +0200] "GET /provence-marseille-soap-dispenser-p-36157.html HTTP/1.0" 200 73565 "-" "Mozilla/5.0 (compatible; Googlebot/2.1; +http://www.google.com/bot.html)"
66.249.66.212 - - [26/Apr/2022:18:58:00 +0200] "GET /stationery-and-cardmaking/stationery-school-supplies/hello-kitty-set-pen-p-20164.html HTTP/1.0" 301 70875 "-" "Mozilla/5.0 (compatible; Googlebot/2.1; +http://www.google.com/bot.html)"
66.249.66.210 - - [26/Apr/2022:18:58:02 +0200] "GET /kitchen-gloves-potholders-c-11_178.html HTTP/1.0" 200 90493 "-" "Mozilla/5.0 (Linux; Android 6.0.1; Nexus 5X Build/MMB29P) AppleWebKit/537.36 (KHTML, like Gecko) Chrome/100.0.4896.127 Mobile Safari/537.36 (compatible; Googlebot/2.1; +http://www.google.com/bot.html)"
66.249.66.210 - - [26/Apr/2022:18:58:04 +0200] "GET /cupcake-paris-charm-ball-p-54938.html HTTP/1.0" 200 74330 "-" "Mozilla/5.0 (Linux; Android 6.0.1; Nexus 5X Build/MMB29P) AppleWebKit/537.36 (KHTML, like Gecko) Chrome/100.0.4896.127 Mobile Safari/537.36 (compatible; Googlebot/2.1; +http://www.google.com/bot.html)"
66.249.66.210 - - [26/Apr/2022:18:58:06 +0200] "GET /-p-20164.html HTTP/1.0" 200 70808 "-" "Mozilla/5.0 (compatible; Googlebot/2.1; +http://www.google.com/bot.html)"
185.191.171.24 - - [26/Apr/2022:18:58:12 +0200] "GET /sonny-angel-chocolate-2016-figurines-p-49375.html?action=add_product HTTP/1.0" 302 476 "-" "Mozilla/5.0 (compatible; SemrushBot/7~bl; +http://www.semrush.com/bot.html)"
66.249.66.210 - - [26/Apr/2022:18:58:32 +0200] "GET /london-phone-ashtray-p-40189.html HTTP/1.0" 200 73430 "-" "Mozilla/5.0 (compatible; Googlebot/2.1; +http://www.google.com/bot.html)"
185.191.171.34 - - [26/Apr/2022:18:58:40 +0200] "GET /candy-cloud-unicorn-sprinkles-p-51817.html?action=add_product HTTP/1.0" 302 476 "-" "Mozilla/5.0 (compatible; SemrushBot/7~bl; +http://www.semrush.com/bot.html)"
54.36.148.243 - - [26/Apr/2022:18:58:56 +0200] "GET /spiderman-small-flexible-molds-model-yellow-p-28220.html HTTP/1.0" 200 73753 "-" "Mozilla/5.0 (compatible; AhrefsBot/7.0; +http://ahrefs.com/robot/)"
66.249.66.214 - - [26/Apr/2022:18:59:20 +0200] "GET /pansy-over-cotton-towel-p-55470.html HTTP/1.0" 200 73703 "-" "Mozilla/5.0 (compatible; Googlebot/2.1; +http://www.google.com/bot.html)"
20.72.199.130 - - [26/Apr/2022:18:59:36 +0200] "GET /images/mini_prod/MISES-EN-SITUATION-03.jpg HTTP/1.0" 200 277 "-" "Mozilla/4.0 (compatible; MSIE 7.0; Windows NT 6.0)"
17.121.113.219 - - [26/Apr/2022:18:59:37 +0200] "GET /images/mini_prod/1384010200476.jpg HTTP/1.0" 200 269 "-" "Mozilla/5.0 (Macintosh; Intel Mac OS X 10_15_5) AppleWebKit/605.1.15 (KHTML, like Gecko) Version/13.1.1 Safari/605.1.15 (Applebot/0.1; +http://www.apple.com/go/applebot)"
185.191.171.1 - - [26/Apr/2022:18:59:38 +0200] "GET /tropical-round-placemat-p-57752.html HTTP/1.0" 200 74014 "-" "Mozilla/5.0 (compatible; SemrushBot/7~bl; +http://www.semrush.com/bot.html)"
185.191.171.33 - - [26/Apr/2022:18:59:59 +0200] "GET /moroccan-ashtray-p-40635.html HTTP/1.0" 200 73415 "-" "Mozilla/5.0 (compatible; SemrushBot/7~bl; +http://www.semrush.com/bot.html)"
54.36.148.243 - - [26/Apr/2022:19:00:07 +0200] "GET /dishes-c-12.html?page=102 HTTP/1.0" 200 92434 "-" "Mozilla/5.0 (compatible; AhrefsBot/7.0; +http://ahrefs.com/robot/)"
66.249.66.214 - - [26/Apr/2022:19:00:08 +0200] "GET /cotton-floor-cushion-45-cm-p-52451.html HTTP/1.0" 301 70977 "-" "Mozilla/5.0 (compatible; Googlebot/2.1; +http://www.google.com/bot.html)"
66.249.66.210 - - [26/Apr/2022:19:00:11 +0200] "GET /cotton-floor-cushion-p-52451.html HTTP/1.0" 200 70890 "-" "Mozilla/5.0 (compatible; Googlebot/2.1; +http://www.google.com/bot.html)"
185.191.171.10 - - [26/Apr/2022:19:00:23 +0200] "GET /wendy-bag-let-lucie-make-p-49020.html HTTP/1.0" 301 74586 "-" "Mozilla/5.0 (compatible; SemrushBot/7~bl; +http://www.semrush.com/bot.html)"
185.191.171.14 - - [26/Apr/2022:19:00:27 +0200] "GET /wendy-lucie-make-p-49020.html HTTP/1.0" 200 74503 "-" "Mozilla/5.0 (compatible; SemrushBot/7~bl; +http://www.semrush.com/bot.html)"
185.191.171.18 - - [26/Apr/2022:19:00:52 +0200] "GET /porcelain-bowl-plumes-indians-p-39624.html?action=add_product HTTP/1.0" 302 476 "-" "Mozilla/5.0 (compatible; SemrushBot/7~bl; +http://www.semrush.com/bot.html)"
66.249.66.212 - - [26/Apr/2022:19:00:56 +0200] "GET /black-white-drops-p-50769.html HTTP/1.0" 200 70904 "-" "Mozilla/5.0 (compatible; Googlebot/2.1; +http://www.google.com/bot.html)"
185.191.171.8 - - [26/Apr/2022:19:01:11 +0200] "GET /cats-mini-melamine-tray-p-53815.html HTTP/1.0" 200 73518 "-" "Mozilla/5.0 (compatible; SemrushBot/7~bl; +http://www.semrush.com/bot.html)"
54.36.148.243 - - [26/Apr/2022:19:01:27 +0200] "GET /miss-mister-saltshaker-pepper-p-28748.html HTTP/1.0" 200 73540 "-" "Mozilla/5.0 (compatible; AhrefsBot/7.0; +http://ahrefs.com/robot/)"
66.249.66.210 - - [26/Apr/2022:19:01:31 +0200] "GET /images/mini_prod/8422059532233.jpg HTTP/1.0" 200 269 "-" "Googlebot-Image/1.0"
185.191.171.2 - - [26/Apr/2022:19:01:44 +0200] "GET /aromatic-candle-stearin-chakra-hours-p-39564.html HTTP/1.0" 200 75749 "-" "Mozilla/5.0 (compatible; SemrushBot/7~bl; +http://www.semrush.com/bot.html)"
66.249.66.212 - - [26/Apr/2022:19:01:44 +0200] "GET /home/stationery-school-supplies/kimmidoll-chichiro-notepad-set-p-11323.html HTTP/1.0" 301 73770 "-" "Mozilla/5.0 (compatible; Googlebot/2.1; +http://www.google.com/bot.html)"
66.249.66.212 - - [26/Apr/2022:19:01:47 +0200] "GET /kimmidoll-notepad-p-11323.html HTTP/1.0" 200 73686 "-" "Mozilla/5.0 (compatible; Googlebot/2.1; +http://www.google.com/bot.html)"
17.121.112.158 - - [26/Apr/2022:19:01:53 +0200] "GET /images/mini_prod/8433933246627.jpg HTTP/1.0" 200 269 "-" "Mozilla/5.0 (Macintosh; Intel Mac OS X 10_15_5) AppleWebKit/605.1.15 (KHTML, like Gecko) Version/13.1.1 Safari/605.1.15 (Applebot/0.1; +http://www.apple.com/go/applebot)"
47.88.84.24 - - [26/Apr/2022:19:02:14 +0200] "GET /images/mini_prod/3438100339794.jpg HTTP/1.0" 200 269 "-" "Mozilla/5.0 (X11; Ubuntu; Linux x86_64; rv:72.0) Gecko/20100101 Firefox/72.0"
3.15.223.21 - - [26/Apr/2022:19:02:34 +0200] "GET /images/mini_prod/3660173149899.jpg HTTP/1.0" 200 269 "-" "Go-http-client/1.1"
66.249.66.214 - - [26/Apr/2022:19:02:33 +0200] "GET /masha-and-bear-doll-and-his-sled-13-cm-p-36999.html HTTP/1.0" 301 74296 "-" "Mozilla/5.0 (Linux; Android 6.0.1; Nexus 5X Build/MMB29P) AppleWebKit/537.36 (KHTML, like Gecko) Chrome/100.0.4896.127 Mobile Safari/537.36 (compatible; Googlebot/2.1; +http://www.google.com/bot.html)"
66.249.66.212 - - [26/Apr/2022:19:02:35 +0200] "GET /masha-bear-doll-sled-p-36999.html HTTP/1.0" 200 74209 "-" "Mozilla/5.0 (Linux; Android 6.0.1; Nexus 5X Build/MMB29P) AppleWebKit/537.36 (KHTML, like Gecko) Chrome/100.0.4896.127 Mobile Safari/537.36 (compatible; Googlebot/2.1; +http://www.google.com/bot.html)"
185.191.171.8 - - [26/Apr/2022:19:02:39 +0200] "GET /water-bottles-sport-bottles-c-12_161.html?page=8 HTTP/1.0" 200 95779 "-" "Mozilla/5.0 (compatible; SemrushBot/7~bl; +http://www.semrush.com/bot.html)"
54.36.148.243 - - [26/Apr/2022:19:02:53 +0200] "GET /flower-fairies-jewelry-p-53247.html HTTP/1.0" 200 74427 "-" "Mozilla/5.0 (compatible; AhrefsBot/7.0; +http://ahrefs.com/robot/)"
185.191.171.40 - - [26/Apr/2022:19:03:02 +0200] "GET /incense-burner-sticks-cones-p-44274.html?action=add_product HTTP/1.0" 302 476 "-" "Mozilla/5.0 (compatible; SemrushBot/7~bl; +http://www.semrush.com/bot.html)"
40.77.167.0 - - [26/Apr/2022:19:03:02 +0200] "GET /-p-22027.html HTTP/1.0" 200 70808 "-" "Mozilla/5.0 (compatible; bingbot/2.0; +http://www.bing.com/bingbot.htm)"
66.249.66.214 - - [26/Apr/2022:19:03:21 +0200] "GET /set-of-white-mustache-circle-coasters-by-cbkreation-p-16705.html HTTP/1.0" 301 73862 "-" "Mozilla/5.0 (Linux; Android 6.0.1; Nexus 5X Build/MMB29P) AppleWebKit/537.36 (KHTML, like Gecko) Chrome/100.0.4896.127 Mobile Safari/537.36 (compatible; Googlebot/2.1; +http://www.google.com/bot.html)"
66.249.66.210 - - [26/Apr/2022:19:03:22 +0200] "GET /white-mustache-circle-coasters-cbkreation-p-16705.html HTTP/1.0" 200 73754 "-" "Mozilla/5.0 (Linux; Android 6.0.1; Nexus 5X Build/MMB29P) AppleWebKit/537.36 (KHTML, like Gecko) Chrome/100.0.4896.127 Mobile Safari/537.36 (compatible; Googlebot/2.1; +http://www.google.com/bot.html)"
185.191.171.33 - - [26/Apr/2022:19:03:42 +0200] "GET /bodega-toothpick-display-p-53465.html?action=add_product HTTP/1.0" 302 476 "-" "Mozilla/5.0 (compatible; SemrushBot/7~bl; +http://www.semrush.com/bot.html)"
66.249.66.210 - - [26/Apr/2022:19:04:09 +0200] "GET /the-little-prince-of-saint-exupery-cookie-jar-p-44862.html HTTP/1.0" 301 73704 "-" "Mozilla/5.0 (Linux; Android 6.0.1; Nexus 5X Build/MMB29P) AppleWebKit/537.36 (KHTML, like Gecko) Chrome/100.0.4896.127 Mobile Safari/537.36 (compatible; Googlebot/2.1; +http://www.google.com/bot.html)"
66.249.66.214 - - [26/Apr/2022:19:04:10 +0200] "GET /little-prince-saint-exupery-cookie-p-44862.html HTTP/1.0" 200 73603 "-" "Mozilla/5.0 (Linux; Android 6.0.1; Nexus 5X Build/MMB29P) AppleWebKit/537.36 (KHTML, like Gecko) Chrome/100.0.4896.127 Mobile Safari/537.36 (compatible; Googlebot/2.1; +http://www.google.com/bot.html)"
54.36.148.243 - - [26/Apr/2022:19:04:13 +0200] "GET /water-bottles-sport-bottles-c-12_161.html?page=4 HTTP/1.0" 200 95415 "-" "Mozilla/5.0 (compatible; AhrefsBot/7.0; +http://ahrefs.com/robot/)"
54.36.148.214 - - [26/Apr/2022:19:04:27 +0200] "GET /funny-pets-complices-bedclothes-140-200-cm-p-41188.html HTTP/1.0" 301 70875 "-" "Mozilla/5.0 (compatible; AhrefsBot/7.0; +http://ahrefs.com/robot/)"
185.191.171.12 - - [26/Apr/2022:19:04:38 +0200] "GET /-p-36872.html?action=add_product HTTP/1.0" 302 476 "-" "Mozilla/5.0 (compatible; SemrushBot/7~bl; +http://www.semrush.com/bot.html)"
54.36.149.8 - - [26/Apr/2022:19:04:40 +0200] "GET /miss-mindy-stitch-vinyl-figurine-p-46503.html HTTP/1.0" 301 70875 "-" "Mozilla/5.0 (compatible; AhrefsBot/7.0; +http://ahrefs.com/robot/)"
185.191.171.8 - - [26/Apr/2022:19:04:50 +0200] "GET /-p-15235.html?action=add_product HTTP/1.0" 302 476 "-" "Mozilla/5.0 (compatible; SemrushBot/7~bl; +http://www.semrush.com/bot.html)"
185.191.171.23 - - [26/Apr/2022:19:04:54 +0200] "GET /keep-calm-shooters-p-27587.html?action=add_product HTTP/1.0" 302 476 "-" "Mozilla/5.0 (compatible; SemrushBot/7~bl; +http://www.semrush.com/bot.html)"
66.249.66.212 - - [26/Apr/2022:19:04:57 +0200] "GET /little-prince-plane-money-box-p-47070.html HTTP/1.0" 301 74381 "-" "Mozilla/5.0 (Linux; Android 6.0.1; Nexus 5X Build/MMB29P) AppleWebKit/537.36 (KHTML, like Gecko) Chrome/100.0.4896.127 Mobile Safari/537.36 (compatible; Googlebot/2.1; +http://www.google.com/bot.html)"
66.249.66.212 - - [26/Apr/2022:19:04:59 +0200] "GET /little-prince-plane-figurine-p-47070.html HTTP/1.0" 200 74286 "-" "Mozilla/5.0 (Linux; Android 6.0.1; Nexus 5X Build/MMB29P) AppleWebKit/537.36 (KHTML, like Gecko) Chrome/100.0.4896.127 Mobile Safari/537.36 (compatible; Googlebot/2.1; +http://www.google.com/bot.html)"
23.100.232.233 - - [26/Apr/2022:19:05:22 +0200] "GET /luggages-schoolbags-leather-shop/backpacks/bratz-backpack-p-1378.html HTTP/1.0" 301 649 "-" "Mozilla/5.0 (compatible; MSIE 9.0; Windows NT 6.0; Trident/5.0;  Trident/5.0)"
23.100.232.233 - - [26/Apr/2022:19:05:23 +0200] "GET /luggages-schoolbags-leather-shop/backpacks/bratz-backpack-p-1378.html HTTP/1.0" 301 70872 "-" "Mozilla/5.0 (compatible; MSIE 9.0; Windows NT 6.0; Trident/5.0;  Trident/5.0)"
23.100.232.233 - - [26/Apr/2022:19:05:25 +0200] "GET /-p-1378.html HTTP/1.0" 200 70806 "-" "Mozilla/5.0 (compatible; MSIE 9.0; Windows NT 6.0; Trident/5.0;  Trident/5.0)"
23.100.232.233 - - [26/Apr/2022:19:05:26 +0200] "GET /templates/Pixame_v1/stylesheet.css HTTP/1.0" 200 267 "http://www.wonder-geek.com/-p-1378.html" "Mozilla/5.0 (compatible; MSIE 9.0; Windows NT 6.0; Trident/5.0;  Trident/5.0)"
23.100.232.233 - - [26/Apr/2022:19:05:26 +0200] "GET /highslide/highslide.js HTTP/1.0" 200 262 "http://www.wonder-geek.com/-p-1378.html" "Mozilla/5.0 (compatible; MSIE 9.0; Windows NT 6.0; Trident/5.0;  Trident/5.0)"
23.100.232.233 - - [26/Apr/2022:19:05:26 +0200] "GET /js/jquery.js HTTP/1.0" 200 252 "http://www.wonder-geek.com/-p-1378.html" "Mozilla/5.0 (compatible; MSIE 9.0; Windows NT 6.0; Trident/5.0;  Trident/5.0)"
23.100.232.233 - - [26/Apr/2022:19:05:27 +0200] "GET /js/jquery.jqzoom.js HTTP/1.0" 200 259 "http://www.wonder-geek.com/-p-1378.html" "Mozilla/5.0 (compatible; MSIE 9.0; Windows NT 6.0; Trident/5.0;  Trident/5.0)"
23.100.232.233 - - [26/Apr/2022:19:05:27 +0200] "GET /mondial_relay/js/jquery-1.3.2.min.js HTTP/1.0" 200 276 "http://www.wonder-geek.com/-p-1378.html" "Mozilla/5.0 (compatible; MSIE 9.0; Windows NT 6.0; Trident/5.0;  Trident/5.0)"
23.100.232.233 - - [26/Apr/2022:19:05:27 +0200] "GET /swfobject.js HTTP/1.0" 404 1308 "http://www.wonder-geek.com/-p-1378.html" "Mozilla/5.0 (compatible; MSIE 9.0; Windows NT 6.0; Trident/5.0;  Trident/5.0)"
23.100.232.233 - - [26/Apr/2022:19:05:27 +0200] "GET /style.ie7.css HTTP/1.0" 404 1308 "http://www.wonder-geek.com/-p-1378.html" "Mozilla/5.0 (compatible; MSIE 9.0; Windows NT 6.0; Trident/5.0;  Trident/5.0)"
23.100.232.233 - - [26/Apr/2022:19:05:27 +0200] "GET /templates/Pixame_v1/images/flash.swf HTTP/1.0" 200 290 "http://www.wonder-geek.com/-p-1378.html" "Mozilla/5.0 (compatible; MSIE 9.0; Windows NT 6.0; Trident/5.0;  Trident/5.0)"
23.100.232.233 - - [26/Apr/2022:19:05:28 +0200] "GET /highslide/graphics/zoomout.cur HTTP/1.0" 200 614 "http://www.wonder-geek.com/-p-1378.html" "Mozilla/5.0 (compatible; MSIE 9.0; Windows NT 6.0; Trident/5.0;  Trident/5.0)"
54.36.148.243 - - [26/Apr/2022:19:05:35 +0200] "GET /mary-mother-aromatika-incense-sticks-p-53454.html HTTP/1.0" 200 73614 "-" "Mozilla/5.0 (compatible; AhrefsBot/7.0; +http://ahrefs.com/robot/)"
66.249.66.210 - - [26/Apr/2022:19:05:45 +0200] "GET /robocar-poli-moving-eye-p-32409.html HTTP/1.0" 301 73708 "-" "Mozilla/5.0 (Linux; Android 6.0.1; Nexus 5X Build/MMB29P) AppleWebKit/537.36 (KHTML, like Gecko) Chrome/100.0.4896.127 Mobile Safari/537.36 (compatible; Googlebot/2.1; +http://www.google.com/bot.html)"
66.249.66.210 - - [26/Apr/2022:19:05:47 +0200] "GET /robocar-poli-moving-p-32409.html HTTP/1.0" 200 73622 "-" "Mozilla/5.0 (Linux; Android 6.0.1; Nexus 5X Build/MMB29P) AppleWebKit/537.36 (KHTML, like Gecko) Chrome/100.0.4896.127 Mobile Safari/537.36 (compatible; Googlebot/2.1; +http://www.google.com/bot.html)"
157.55.39.172 - - [26/Apr/2022:19:05:55 +0200] "GET /burlap-round-table-set-bistrot-p-51527.html HTTP/1.0" 301 74150 "-" "Mozilla/5.0 (compatible; bingbot/2.0; +http://www.bing.com/bingbot.htm)"
185.191.171.26 - - [26/Apr/2022:19:05:56 +0200] "GET /vanity-jasmin-jasmine-p-44217.html?action=add_product HTTP/1.0" 302 476 "-" "Mozilla/5.0 (compatible; SemrushBot/7~bl; +http://www.semrush.com/bot.html)"
113.207.6.244 - - [26/Apr/2022:19:06:17 +0200] "GET /images/mini_prod/mug-i-love-02.jpg HTTP/1.0" 200 269 "-" "Mozilla/5.0 (X11; Ubuntu; Linux x86_64; rv:72.0) Gecko/20100101 Firefox/72.0"
40.64.89.33 - - [26/Apr/2022:19:06:38 +0200] "GET /images/mini_prod/3609810079694.jpg HTTP/1.0" 200 269 "-" "Mozilla/4.0 (compatible; MSIE 7.0; Windows NT 6.0)"
185.191.171.15 - - [26/Apr/2022:19:06:48 +0200] "GET /jack-skellington-figurine-p-53357.html?action=add_product HTTP/1.0" 302 476 "-" "Mozilla/5.0 (compatible; SemrushBot/7~bl; +http://www.semrush.com/bot.html)"
54.36.148.243 - - [26/Apr/2022:19:06:59 +0200] "GET /johnny-hallyday-mouse-p-10933.html HTTP/1.0" 200 73431 "-" "Mozilla/5.0 (compatible; AhrefsBot/7.0; +http://ahrefs.com/robot/)"
185.191.171.7 - - [26/Apr/2022:19:07:01 +0200] "GET /provence-marseille-soap-dispenser-p-36157.html?action=add_product HTTP/1.0" 302 476 "-" "Mozilla/5.0 (compatible; SemrushBot/7~bl; +http://www.semrush.com/bot.html)"
185.191.171.16 - - [26/Apr/2022:19:08:17 +0200] "GET /little-buddha-collection-statuette-yellow-p-50241.html HTTP/1.0" 200 70948 "-" "Mozilla/5.0 (compatible; SemrushBot/7~bl; +http://www.semrush.com/bot.html)"
54.36.148.243 - - [26/Apr/2022:19:08:25 +0200] "GET /small-geisha-compartmentalized-metal-p-51732.html HTTP/1.0" 200 74683 "-" "Mozilla/5.0 (compatible; AhrefsBot/7.0; +http://ahrefs.com/robot/)"
185.191.171.25 - - [26/Apr/2022:19:08:30 +0200] "GET /adhesive-roll-grass-p-55513.html?action=add_product HTTP/1.0" 302 476 "-" "Mozilla/5.0 (compatible; SemrushBot/7~bl; +http://www.semrush.com/bot.html)"
185.191.171.41 - - [26/Apr/2022:19:08:49 +0200] "GET /boat-decoration-with-rowers-65-cm-p-48293.html HTTP/1.0" 301 70875 "-" "Mozilla/5.0 (compatible; SemrushBot/7~bl; +http://www.semrush.com/bot.html)"
185.191.171.26 - - [26/Apr/2022:19:08:52 +0200] "GET /-p-48293.html HTTP/1.0" 200 70808 "-" "Mozilla/5.0 (compatible; SemrushBot/7~bl; +http://www.semrush.com/bot.html)"
185.191.171.38 - - [26/Apr/2022:19:08:55 +0200] "GET /gund-boo-holiday-hat-and-scarf-plush-22-cm-p-36953.html HTTP/1.0" 301 71023 "-" "Mozilla/5.0 (compatible; SemrushBot/7~bl; +http://www.semrush.com/bot.html)"
185.191.171.26 - - [26/Apr/2022:19:08:59 +0200] "GET /gund-holiday-scarf-plush-p-36953.html HTTP/1.0" 200 70932 "-" "Mozilla/5.0 (compatible; SemrushBot/7~bl; +http://www.semrush.com/bot.html)"
185.191.171.19 - - [26/Apr/2022:19:09:03 +0200] "GET /cats-grey-saltshaker-pepper-p-37864.html?action=add_product HTTP/1.0" 302 476 "-" "Mozilla/5.0 (compatible; SemrushBot/7~bl; +http://www.semrush.com/bot.html)"
185.191.171.20 - - [26/Apr/2022:19:09:11 +0200] "GET /daisy-green-fine-bone-china-p-54923.html HTTP/1.0" 200 73621 "-" "Mozilla/5.0 (compatible; SemrushBot/7~bl; +http://www.semrush.com/bot.html)"
185.191.171.21 - - [26/Apr/2022:19:09:27 +0200] "GET /yuna-kimmidoll-swarovski-chain-bracelet-with-charm-p-15884.html HTTP/1.0" 200 73891 "-" "Mozilla/5.0 (compatible; SemrushBot/7~bl; +http://www.semrush.com/bot.html)"
54.36.148.243 - - [26/Apr/2022:19:09:42 +0200] "GET /fragrance-sachet-sweet-p-40556.html HTTP/1.0" 200 74128 "-" "Mozilla/5.0 (compatible; AhrefsBot/7.0; +http://ahrefs.com/robot/)"
185.191.171.43 - - [26/Apr/2022:19:10:31 +0200] "GET /statue-p-41893.html HTTP/1.0" 200 73434 "-" "Mozilla/5.0 (compatible; SemrushBot/7~bl; +http://www.semrush.com/bot.html)"
17.121.112.136 - - [26/Apr/2022:19:10:33 +0200] "GET /images/mini_prod/8422001898820.jpg HTTP/1.0" 200 269 "-" "Mozilla/5.0 (Macintosh; Intel Mac OS X 10_15_5) AppleWebKit/605.1.15 (KHTML, like Gecko) Version/13.1.1 Safari/605.1.15 (Applebot/0.1; +http://www.apple.com/go/applebot)"
185.191.171.2 - - [26/Apr/2022:19:10:46 +0200] "GET /camargue-oven-mitt-p-43815.html?action=add_product HTTP/1.0" 302 476 "-" "Mozilla/5.0 (compatible; SemrushBot/7~bl; +http://www.semrush.com/bot.html)"
207.46.13.182 - - [26/Apr/2022:19:10:59 +0200] "GET /route-66-folding-table-p-44435.html HTTP/1.0" 301 73500 "-" "Mozilla/5.0 (compatible; bingbot/2.0; +http://www.bing.com/bingbot.htm)"
54.36.148.243 - - [26/Apr/2022:19:11:09 +0200] "GET /gentleman-beer-glass-p-55562.html HTTP/1.0" 200 74065 "-" "Mozilla/5.0 (compatible; AhrefsBot/7.0; +http://ahrefs.com/robot/)"
51.68.224.127 - - [26/Apr/2022:19:11:26 +0200] "GET /adminweb/export_orders_xml.php?token=256de2z6edz6ed2z6DFSFsed2zed6zeDSFDSGdzedezfzf&maxorders=10&orderstart=1&status=14&start_date=2018-10-01 HTTP/1.0" 200 285 "-" "GesCom CharlotteBoutik Serveur"
185.191.171.40 - - [26/Apr/2022:19:11:26 +0200] "GET /fdration-franaise-football-backpack-p-57810.html HTTP/1.0" 200 74632 "-" "Mozilla/5.0 (compatible; SemrushBot/7~bl; +http://www.semrush.com/bot.html)"
51.68.224.127 - - [26/Apr/2022:19:11:27 +0200] "GET /adminweb/export_orders_xml.php?token=256de2z6edz6ed2z6DFSFsed2zed6zeDSFDSGdzedezfzf&maxorders=10&orderstart=1&status=6&start_date=2018-10-01 HTTP/1.0" 200 32798 "-" "GesCom CharlotteBoutik Serveur"
185.191.171.5 - - [26/Apr/2022:19:11:54 +0200] "GET /bluetooth-speaker-p-57859.html HTTP/1.0" 200 74422 "-" "Mozilla/5.0 (compatible; SemrushBot/7~bl; +http://www.semrush.com/bot.html)"
66.249.66.212 - - [26/Apr/2022:19:11:57 +0200] "GET /gogh-terrasse-cafe-make-pencil-case-made-france-p-49160.html HTTP/1.0" 200 73939 "-" "Mozilla/5.0 (compatible; Googlebot/2.1; +http://www.google.com/bot.html)"
207.46.13.182 - - [26/Apr/2022:19:12:19 +0200] "GET /mire-alarm-clock-by-cbkreation-p-25011.html HTTP/1.0" 301 73633 "-" "Mozilla/5.0 (compatible; bingbot/2.0; +http://www.bing.com/bingbot.htm)"
66.249.66.212 - - [26/Apr/2022:19:12:21 +0200] "GET /garage-premium-service-metal-wall-decoration-p-44439.html HTTP/1.0" 200 74375 "-" "Mozilla/5.0 (Linux; Android 6.0.1; Nexus 5X Build/MMB29P) AppleWebKit/537.36 (KHTML, like Gecko) Chrome/100.0.4896.127 Mobile Safari/537.36 (compatible; Googlebot/2.1; +http://www.google.com/bot.html)"
185.191.171.34 - - [26/Apr/2022:19:12:26 +0200] "GET /mani-the-lucky-cat-keychain-p-44121.html HTTP/1.0" 301 70976 "-" "Mozilla/5.0 (compatible; SemrushBot/7~bl; +http://www.semrush.com/bot.html)"
185.191.171.3 - - [26/Apr/2022:19:12:29 +0200] "GET /mani-lucky-keychain-p-44121.html HTTP/1.0" 200 70890 "-" "Mozilla/5.0 (compatible; SemrushBot/7~bl; +http://www.semrush.com/bot.html)"
54.36.148.243 - - [26/Apr/2022:19:12:36 +0200] "GET /disney-princess-jewelry-p-37039.html HTTP/1.0" 200 74358 "-" "Mozilla/5.0 (compatible; AhrefsBot/7.0; +http://ahrefs.com/robot/)"
185.191.171.19 - - [26/Apr/2022:19:12:39 +0200] "GET /burlap-round-table-set-corsica-p-50937.html HTTP/1.0" 301 70875 "-" "Mozilla/5.0 (compatible; SemrushBot/7~bl; +http://www.semrush.com/bot.html)"
185.191.171.22 - - [26/Apr/2022:19:12:42 +0200] "GET /-p-50937.html HTTP/1.0" 200 70808 "-" "Mozilla/5.0 (compatible; SemrushBot/7~bl; +http://www.semrush.com/bot.html)"
66.249.66.210 - - [26/Apr/2022:19:12:46 +0200] "GET /volkwagen-power-bank-3000mah-p-35060.html HTTP/1.0" 200 70936 "-" "Mozilla/5.0 (Linux; Android 6.0.1; Nexus 5X Build/MMB29P) AppleWebKit/537.36 (KHTML, like Gecko) Chrome/100.0.4896.127 Mobile Safari/537.36 (compatible; Googlebot/2.1; +http://www.google.com/bot.html)"
185.191.171.23 - - [26/Apr/2022:19:12:49 +0200] "GET /free-and-fierce-pocahontas-with-flit-figurine-p-37451.html HTTP/1.0" 301 70875 "-" "Mozilla/5.0 (compatible; SemrushBot/7~bl; +http://www.semrush.com/bot.html)"
185.191.171.21 - - [26/Apr/2022:19:12:53 +0200] "GET /-p-37451.html HTTP/1.0" 200 70808 "-" "Mozilla/5.0 (compatible; SemrushBot/7~bl; +http://www.semrush.com/bot.html)"
185.191.171.44 - - [26/Apr/2022:19:12:57 +0200] "GET /decorative-metal-bell-with-rope-p-41463.html?action=add_product HTTP/1.0" 302 476 "-" "Mozilla/5.0 (compatible; SemrushBot/7~bl; +http://www.semrush.com/bot.html)"
185.191.171.43 - - [26/Apr/2022:19:13:00 +0200] "GET /horses-training-bottle-by-cbkreation-p-29795.html HTTP/1.0" 301 73871 "-" "Mozilla/5.0 (compatible; SemrushBot/7~bl; +http://www.semrush.com/bot.html)"
185.191.171.4 - - [26/Apr/2022:19:13:04 +0200] "GET /horses-training-bottle-cbkreation-p-29795.html HTTP/1.0" 200 73771 "-" "Mozilla/5.0 (compatible; SemrushBot/7~bl; +http://www.semrush.com/bot.html)"
66.249.66.212 - - [26/Apr/2022:19:13:09 +0200] "GET /angry-birds-p-19142.html HTTP/1.0" 200 73598 "-" "Mozilla/5.0 (Linux; Android 6.0.1; Nexus 5X Build/MMB29P) AppleWebKit/537.36 (KHTML, like Gecko) Chrome/100.0.4896.127 Mobile Safari/537.36 (compatible; Googlebot/2.1; +http://www.google.com/bot.html)"
66.249.66.210 - - [26/Apr/2022:19:13:34 +0200] "GET /double-walled-porcelain-with-infuser-p-55008.html HTTP/1.0" 200 74458 "-" "Mozilla/5.0 (Linux; Android 6.0.1; Nexus 5X Build/MMB29P) AppleWebKit/537.36 (KHTML, like Gecko) Chrome/100.0.4896.127 Mobile Safari/537.36 (compatible; Googlebot/2.1; +http://www.google.com/bot.html)"
185.191.171.5 - - [26/Apr/2022:19:13:57 +0200] "GET /scented-candle-made-france-almond-milk-p-57044.html?action=add_product HTTP/1.0" 302 476 "-" "Mozilla/5.0 (compatible; SemrushBot/7~bl; +http://www.semrush.com/bot.html)"
66.249.66.210 - - [26/Apr/2022:19:13:58 +0200] "GET /boxes-incense-champa-satya-argabatti-classic-p-54221.html HTTP/1.0" 200 71012 "-" "Mozilla/5.0 (Linux; Android 6.0.1; Nexus 5X Build/MMB29P) AppleWebKit/537.36 (KHTML, like Gecko) Chrome/100.0.4896.127 Mobile Safari/537.36 (compatible; Googlebot/2.1; +http://www.google.com/bot.html)"
54.36.148.243 - - [26/Apr/2022:19:14:06 +0200] "GET /cement-tile-stickers-p-50330.html HTTP/1.0" 200 74378 "-" "Mozilla/5.0 (compatible; AhrefsBot/7.0; +http://ahrefs.com/robot/)"
77.88.5.237 - - [26/Apr/2022:19:14:24 +0200] "GET /robots.txt HTTP/1.0" 200 245 "-" "Mozilla/5.0 (compatible; YandexBot/3.0; +http://yandex.com/bots)"
185.191.171.8 - - [26/Apr/2022:19:14:26 +0200] "GET /large-candle-hours-strawberry-cream-p-38110.html HTTP/1.0" 200 74692 "-" "Mozilla/5.0 (compatible; SemrushBot/7~bl; +http://www.semrush.com/bot.html)"
77.88.5.237 - - [26/Apr/2022:19:14:28 +0200] "GET /wick-ellipse-candle-heart-home-home-christmas-p-57128.html HTTP/1.0" 200 75007 "-" "Mozilla/5.0 (compatible; YandexBot/3.0; +http://yandex.com/bots)"
66.249.66.210 - - [26/Apr/2022:19:14:29 +0200] "GET /gorjuss-daily-planner-autumn-leaves-p-49481.html HTTP/1.0" 200 75432 "-" "Mozilla/5.0 (Linux; Android 6.0.1; Nexus 5X Build/MMB29P) AppleWebKit/537.36 (KHTML, like Gecko) Chrome/100.0.4896.127 Mobile Safari/537.36 (compatible; Googlebot/2.1; +http://www.google.com/bot.html)"
185.191.171.8 - - [26/Apr/2022:19:15:03 +0200] "GET /radio-jimi-flap-p-40890.html HTTP/1.0" 200 70874 "-" "Mozilla/5.0 (compatible; SemrushBot/7~bl; +http://www.semrush.com/bot.html)"
66.249.66.212 - - [26/Apr/2022:19:15:10 +0200] "GET /jane-crowther-cats-p-53868.html HTTP/1.0" 200 73458 "-" "Mozilla/5.0 (Linux; Android 6.0.1; Nexus 5X Build/MMB29P) AppleWebKit/537.36 (KHTML, like Gecko) Chrome/100.0.4896.127 Mobile Safari/537.36 (compatible; Googlebot/2.1; +http://www.google.com/bot.html)"
54.36.148.243 - - [26/Apr/2022:19:15:30 +0200] "GET /cake-dish-chabada-p-56486.html HTTP/1.0" 200 73372 "-" "Mozilla/5.0 (compatible; AhrefsBot/7.0; +http://ahrefs.com/robot/)"
185.191.171.8 - - [26/Apr/2022:19:15:31 +0200] "GET /porcelain-rabbit-lamp-p-54164.html?action=add_product HTTP/1.0" 302 476 "-" "Mozilla/5.0 (compatible; SemrushBot/7~bl; +http://www.semrush.com/bot.html)"
40.77.167.0 - - [26/Apr/2022:19:15:41 +0200] "GET /glass-ashtray-p-57473.html HTTP/1.0" 200 74042 "-" "Mozilla/5.0 (compatible; bingbot/2.0; +http://www.bing.com/bingbot.htm)"
66.249.66.212 - - [26/Apr/2022:19:15:58 +0200] "GET /scent-heart-home-tuscan-p-53335.html HTTP/1.0" 200 73927 "-" "Mozilla/5.0 (Linux; Android 6.0.1; Nexus 5X Build/MMB29P) AppleWebKit/537.36 (KHTML, like Gecko) Chrome/100.0.4896.127 Mobile Safari/537.36 (compatible; Googlebot/2.1; +http://www.google.com/bot.html)"
185.191.171.7 - - [26/Apr/2022:19:15:59 +0200] "GET /star-adult-cbkration-p-36521.html HTTP/1.0" 200 73567 "-" "Mozilla/5.0 (compatible; SemrushBot/7~bl; +http://www.semrush.com/bot.html)"
185.191.171.38 - - [26/Apr/2022:19:16:04 +0200] "GET /rectangular-indoor-carpet-p-53900.html?action=add_product HTTP/1.0" 302 476 "-" "Mozilla/5.0 (compatible; SemrushBot/7~bl; +http://www.semrush.com/bot.html)"
185.191.171.42 - - [26/Apr/2022:19:16:14 +0200] "GET /ashtrays-c-13_240.html?page=3 HTTP/1.0" 200 91954 "-" "Mozilla/5.0 (compatible; SemrushBot/7~bl; +http://www.semrush.com/bot.html)"
185.191.171.7 - - [26/Apr/2022:19:16:41 +0200] "GET /plush-unicorn-glitter-motsu-keel-toys-p-54195.html?action=add_product HTTP/1.0" 302 476 "-" "Mozilla/5.0 (compatible; SemrushBot/7~bl; +http://www.semrush.com/bot.html)"
66.249.66.210 - - [26/Apr/2022:19:16:46 +0200] "GET /gaston-potholder-p-52680.html HTTP/1.0" 200 70862 "-" "Mozilla/5.0 (Linux; Android 6.0.1; Nexus 5X Build/MMB29P) AppleWebKit/537.36 (KHTML, like Gecko) Chrome/100.0.4896.127 Mobile Safari/537.36 (compatible; Googlebot/2.1; +http://www.google.com/bot.html)"
54.36.148.243 - - [26/Apr/2022:19:16:55 +0200] "GET /travel-documents-passport-boarding-pass-p-47347.html HTTP/1.0" 200 74469 "-" "Mozilla/5.0 (compatible; AhrefsBot/7.0; +http://ahrefs.com/robot/)"
185.191.171.25 - - [26/Apr/2022:19:17:09 +0200] "GET /maisy-little-bowling-bag-oilcloth-p-15248.html HTTP/1.0" 301 71020 "-" "Mozilla/5.0 (compatible; SemrushBot/7~bl; +http://www.semrush.com/bot.html)"
185.191.171.23 - - [26/Apr/2022:19:17:11 +0200] "GET /maisy-little-bowling-oilcloth-p-15248.html HTTP/1.0" 200 70924 "-" "Mozilla/5.0 (compatible; SemrushBot/7~bl; +http://www.semrush.com/bot.html)"
40.91.78.237 - - [26/Apr/2022:19:17:13 +0200] "GET /images/mini_prod/3453131154536D.jpg HTTP/1.0" 200 270 "-" "Mozilla/4.0 (compatible; MSIE 7.0; Windows NT 6.0)"
185.191.171.9 - - [26/Apr/2022:19:17:30 +0200] "GET /bamboo-laundry-basket-46-cm-p-48964.html HTTP/1.0" 301 73575 "-" "Mozilla/5.0 (compatible; SemrushBot/7~bl; +http://www.semrush.com/bot.html)"
185.191.171.3 - - [26/Apr/2022:19:17:33 +0200] "GET /bamboo-laundry-basket-p-48964.html HTTP/1.0" 200 73487 "-" "Mozilla/5.0 (compatible; SemrushBot/7~bl; +http://www.semrush.com/bot.html)"
66.249.66.210 - - [26/Apr/2022:19:17:34 +0200] "GET /pillow-case-light-brown-p-51988.html HTTP/1.0" 200 73756 "-" "Mozilla/5.0 (Linux; Android 6.0.1; Nexus 5X Build/MMB29P) AppleWebKit/537.36 (KHTML, like Gecko) Chrome/100.0.4896.127 Mobile Safari/537.36 (compatible; Googlebot/2.1; +http://www.google.com/bot.html)"
185.191.171.35 - - [26/Apr/2022:19:17:37 +0200] "GET /figaro-mini-figurine-p-45990.html?action=add_product HTTP/1.0" 302 476 "-" "Mozilla/5.0 (compatible; SemrushBot/7~bl; +http://www.semrush.com/bot.html)"
185.191.171.6 - - [26/Apr/2022:19:17:52 +0200] "GET /zippo-lighter-and-knife-set-p-51967.html HTTP/1.0" 301 74899 "-" "Mozilla/5.0 (compatible; SemrushBot/7~bl; +http://www.semrush.com/bot.html)"
113.207.6.244 - - [26/Apr/2022:19:17:55 +0200] "GET /images/mini_prod/8003990630525.jpg HTTP/1.0" 200 269 "-" "Mozilla/5.0 (X11; Ubuntu; Linux x86_64; rv:72.0) Gecko/20100101 Firefox/72.0"
185.191.171.9 - - [26/Apr/2022:19:17:55 +0200] "GET /zippo-lighter-knife-p-51967.html HTTP/1.0" 200 74813 "-" "Mozilla/5.0 (compatible; SemrushBot/7~bl; +http://www.semrush.com/bot.html)"
40.91.75.132 - - [26/Apr/2022:19:18:12 +0200] "GET /images/mini_prod/1384010202913.jpg HTTP/1.0" 200 269 "-" "Mozilla/4.0 (compatible; MSIE 7.0; Windows NT 6.0)"
54.36.148.243 - - [26/Apr/2022:19:18:19 +0200] "GET /fragrance-sachet-pink-grapefruit-cassis-p-40564.html HTTP/1.0" 200 74253 "-" "Mozilla/5.0 (compatible; AhrefsBot/7.0; +http://ahrefs.com/robot/)"
216.244.66.242 - - [26/Apr/2022:19:18:20 +0200] "GET /buddha-resin-box-p-38532.html HTTP/1.0" 301 70933 "-" "Mozilla/5.0 (compatible; DotBot/1.2; +https://opensiteexplorer.org/dotbot; help@moz.com)"
66.249.66.212 - - [26/Apr/2022:19:18:22 +0200] "GET /white-mustache-circle-coasters-cbkreation-p-16705.html HTTP/1.0" 200 73754 "-" "Mozilla/5.0 (Linux; Android 6.0.1; Nexus 5X Build/MMB29P) AppleWebKit/537.36 (KHTML, like Gecko) Chrome/100.0.4896.127 Mobile Safari/537.36 (compatible; Googlebot/2.1; +http://www.google.com/bot.html)"
185.191.171.44 - - [26/Apr/2022:19:18:24 +0200] "GET /angry-birds-bag-for-ds-p-19170.html HTTP/1.0" 301 70875 "-" "Mozilla/5.0 (compatible; SemrushBot/7~bl; +http://www.semrush.com/bot.html)"
185.191.171.1 - - [26/Apr/2022:19:18:27 +0200] "GET /-p-19170.html HTTP/1.0" 200 70808 "-" "Mozilla/5.0 (compatible; SemrushBot/7~bl; +http://www.semrush.com/bot.html)"
20.231.46.63 - - [26/Apr/2022:19:18:29 +0200] "GET /trays-c-12_159.html HTTP/1.0" 200 92500 "-" "Mozilla/5.0 (Windows NT 10.0; Win64; x64) AppleWebKit/537.36 (KHTML, like Gecko) Chrome/86.0.4240.75 Safari/537.36"
216.244.66.242 - - [26/Apr/2022:19:18:31 +0200] "GET /pink-distributor-box-p-50100.html HTTP/1.0" 301 70943 "-" "Mozilla/5.0 (compatible; DotBot/1.2; +https://opensiteexplorer.org/dotbot; help@moz.com)"
20.231.46.63 - - [26/Apr/2022:19:18:35 +0200] "GET /perfumes-interior-c-231_234.html HTTP/1.0" 200 92229 "-" "Mozilla/5.0 (Windows NT 10.0; Win64; x64) AppleWebKit/537.36 (KHTML, like Gecko) Chrome/86.0.4240.75 Safari/537.36"
185.191.171.3 - - [26/Apr/2022:19:18:45 +0200] "GET /metal-hook-support-p-41213.html HTTP/1.0" 200 73510 "-" "Mozilla/5.0 (compatible; SemrushBot/7~bl; +http://www.semrush.com/bot.html)"
185.191.171.10 - - [26/Apr/2022:19:18:52 +0200] "GET /welcome-doormat-p-56268.html HTTP/1.0" 200 74335 "-" "Mozilla/5.0 (compatible; SemrushBot/7~bl; +http://www.semrush.com/bot.html)"
216.244.66.242 - - [26/Apr/2022:19:18:58 +0200] "GET /gorjuss-trinket-tin-box-bubble-fairy-p-46930.html HTTP/1.0" 301 70995 "-" "Mozilla/5.0 (compatible; DotBot/1.2; +https://opensiteexplorer.org/dotbot; help@moz.com)"
