13.92.44.84 - - [26/Apr/2022:16:37:13 +0200] "GET /tea-pot-c-12_175.html HTTP/1.0" 200 91632 "-" "Mozilla/5.0 (Windows NT 10.0; Win64; x64) AppleWebKit/537.36 (KHTML, like Gecko) Chrome/86.0.4240.75 Safari/537.36"
40.91.75.132 - - [26/Apr/2022:16:37:17 +0200] "GET /images/mini_prod/3524550049182.jpg HTTP/1.0" 200 269 "-" "Mozilla/5.0 (Windows NT 6.1; WOW64) AppleWebKit/537.36 (KHTML, like Gecko) Chrome/45.0.2454.101 Safari/537.36"
46.4.108.51 - - [26/Apr/2022:16:37:17 +0200] "GET /court-sleeves-shirts-c-1_22.html HTTP/1.0" 200 69800 "-" "Mozilla/5.0 (compatible; BLEXBot/1.0; +http://webmeup-crawler.com/)"
185.191.171.1 - - [26/Apr/2022:16:37:18 +0200] "GET /coconut-fibers-doormat-pink-home-p-56982.html HTTP/1.0" 200 74422 "-" "Mozilla/5.0 (compatible; SemrushBot/7~bl; +http://www.semrush.com/bot.html)"
46.4.108.51 - - [26/Apr/2022:16:37:24 +0200] "GET /toothbox-c-13_150_170.html HTTP/1.0" 200 91154 "-" "Mozilla/5.0 (compatible; BLEXBot/1.0; +http://webmeup-crawler.com/)"
46.4.108.51 - - [26/Apr/2022:16:37:27 +0200] "GET /court-sleeves-shirts-c-2_39.html HTTP/1.0" 200 77023 "-" "Mozilla/5.0 (compatible; BLEXBot/1.0; +http://webmeup-crawler.com/)"
185.191.171.2 - - [26/Apr/2022:16:37:30 +0200] "GET /sainte-therese-prayer-candle-novena-p-44459.html?action=add_product HTTP/1.0" 302 476 "-" "Mozilla/5.0 (compatible; SemrushBot/7~bl; +http://www.semrush.com/bot.html)"
46.4.108.51 - - [26/Apr/2022:16:37:30 +0200] "GET /towel-bath-towels-c-11_70.html HTTP/1.0" 200 91020 "-" "Mozilla/5.0 (compatible; BLEXBot/1.0; +http://webmeup-crawler.com/)"
20.99.154.189 - - [26/Apr/2022:16:37:36 +0200] "GET /images/mini_prod/3700574900481.jpg HTTP/1.0" 200 269 "-" "Mozilla/5.0 (Windows NT 10.0; WOW64) AppleWebKit/537.36 (KHTML, like Gecko) Chrome/67.0.3396.99 Safari/537.36"
46.4.108.51 - - [26/Apr/2022:16:37:35 +0200] "GET /creative-hobbies-coloring-c-129_30.html HTTP/1.0" 200 91712 "-" "Mozilla/5.0 (compatible; BLEXBot/1.0; +http://webmeup-crawler.com/)"
46.4.108.51 - - [26/Apr/2022:16:37:41 +0200] "GET /towel-dispenser-c-12_225.html HTTP/1.0" 200 84433 "-" "Mozilla/5.0 (compatible; BLEXBot/1.0; +http://webmeup-crawler.com/)"
185.191.171.17 - - [26/Apr/2022:16:37:43 +0200] "GET /barbabelle-beauty-bag-p-15961.html HTTP/1.0" 301 78251 "-" "Mozilla/5.0 (compatible; SemrushBot/7~bl; +http://www.semrush.com/bot.html)"
185.191.171.35 - - [26/Apr/2022:16:37:46 +0200] "GET /barbabelle-beauty-p-15961.html HTTP/1.0" 200 78167 "-" "Mozilla/5.0 (compatible; SemrushBot/7~bl; +http://www.semrush.com/bot.html)"
46.4.108.51 - - [26/Apr/2022:16:37:48 +0200] "GET /cups-c-12_248.html HTTP/1.0" 200 85959 "-" "Mozilla/5.0 (compatible; BLEXBot/1.0; +http://webmeup-crawler.com/)"
46.4.108.51 - - [26/Apr/2022:16:37:57 +0200] "GET /towels-napkins-c-11_177.html HTTP/1.0" 200 93064 "-" "Mozilla/5.0 (compatible; BLEXBot/1.0; +http://webmeup-crawler.com/)"
114.119.137.3 - - [26/Apr/2022:16:37:58 +0200] "GET /set-of-coasters-coffee-p-26182.html HTTP/1.0" 301 70983 "-" "Mozilla/5.0 (Linux; Android 7.0;) AppleWebKit/537.36 (KHTML, like Gecko) Mobile Safari/537.36 (compatible; PetalBot;+https://webmaster.petalsearch.com/site/petalbot)"
20.99.154.189 - - [26/Apr/2022:16:38:02 +0200] "GET /images/mini_prod/8718375751039.jpg HTTP/1.0" 200 269 "-" "Mozilla/5.0 (Windows NT 6.1; WOW64) AppleWebKit/537.36 (KHTML, like Gecko) Chrome/45.0.2454.101 Safari/537.36"
46.4.108.51 - - [26/Apr/2022:16:38:00 +0200] "GET /curtains-lace-curtains-c-11_69.html HTTP/1.0" 200 90192 "-" "Mozilla/5.0 (compatible; BLEXBot/1.0; +http://webmeup-crawler.com/)"
114.119.137.3 - - [26/Apr/2022:16:38:01 +0200] "GET /coasters-coffee-p-26182.html HTTP/1.0" 200 70901 "-" "Mozilla/5.0 (Linux; Android 7.0;) AppleWebKit/537.36 (KHTML, like Gecko) Mobile Safari/537.36 (compatible; PetalBot;+https://webmaster.petalsearch.com/site/petalbot)"
185.191.171.2 - - [26/Apr/2022:16:38:03 +0200] "GET /angry-birds-messenger-p-26357.html?action=add_product HTTP/1.0" 302 476 "-" "Mozilla/5.0 (compatible; SemrushBot/7~bl; +http://www.semrush.com/bot.html)"
46.4.108.51 - - [26/Apr/2022:16:38:03 +0200] "GET /toys-c-4_45.html HTTP/1.0" 200 90287 "-" "Mozilla/5.0 (compatible; BLEXBot/1.0; +http://webmeup-crawler.com/)"
46.4.108.51 - - [26/Apr/2022:16:38:06 +0200] "GET /cushion-covers-c-11_71_284.html HTTP/1.0" 200 90422 "-" "Mozilla/5.0 (compatible; BLEXBot/1.0; +http://webmeup-crawler.com/)"
47.254.65.120 - - [26/Apr/2022:16:38:08 +0200] "GET /images/mini_prod/3281640395405.jpg HTTP/1.0" 200 269 "-" "Mozilla/5.0 (X11; Ubuntu; Linux x86_64; rv:72.0) Gecko/20100101 Firefox/72.0"
113.207.6.244 - - [26/Apr/2022:16:38:12 +0200] "GET /images/mini_prod/3700653511768.jpg HTTP/1.0" 200 269 "-" "Mozilla/5.0 (X11; Ubuntu; Linux x86_64; rv:72.0) Gecko/20100101 Firefox/72.0"
46.4.108.51 - - [26/Apr/2022:16:38:13 +0200] "GET /trays-c-12_159.html HTTP/1.0" 200 92500 "-" "Mozilla/5.0 (compatible; BLEXBot/1.0; +http://webmeup-crawler.com/)"
46.4.108.51 - - [26/Apr/2022:16:38:18 +0200] "GET /cushion-headboard-c-11_173.html HTTP/1.0" 200 88359 "-" "Mozilla/5.0 (compatible; BLEXBot/1.0; +http://webmeup-crawler.com/)"
46.4.108.51 - - [26/Apr/2022:16:38:26 +0200] "GET /trays-medium-size-c-12_159_265.html HTTP/1.0" 200 90994 "-" "Mozilla/5.0 (compatible; BLEXBot/1.0; +http://webmeup-crawler.com/)"
46.4.108.51 - - [26/Apr/2022:16:38:29 +0200] "GET /cushions-c-11_71.html HTTP/1.0" 200 90846 "-" "Mozilla/5.0 (compatible; BLEXBot/1.0; +http://webmeup-crawler.com/)"
216.244.66.242 - - [26/Apr/2022:16:38:29 +0200] "GET /coca-cola-beach-towel-p-24599.html HTTP/1.0" 301 70875 "-" "Mozilla/5.0 (compatible; DotBot/1.2; +https://opensiteexplorer.org/dotbot; help@moz.com)"
66.249.66.210 - - [26/Apr/2022:16:38:32 +0200] "GET /swfobject.js HTTP/1.0" 404 1308 "http://www.wonder-geek.com/kimmi-junior-bella-coin-purse-p-8737.html" "Mozilla/5.0 AppleWebKit/537.36 (KHTML, like Gecko; compatible; Googlebot/2.1; +http://www.google.com/bot.html) Chrome/100.0.4896.127 Safari/537.36"
46.4.108.51 - - [26/Apr/2022:16:38:32 +0200] "GET /trivet-boards-c-12_158.html HTTP/1.0" 200 94665 "-" "Mozilla/5.0 (compatible; BLEXBot/1.0; +http://webmeup-crawler.com/)"
46.4.108.51 - - [26/Apr/2022:16:38:37 +0200] "GET /cushions-c-11_71_283.html HTTP/1.0" 200 92206 "-" "Mozilla/5.0 (compatible; BLEXBot/1.0; +http://webmeup-crawler.com/)"
46.4.108.51 - - [26/Apr/2022:16:38:45 +0200] "GET /tropical-round-placemat-p-57750.html HTTP/1.0" 200 74014 "-" "Mozilla/5.0 (compatible; BLEXBot/1.0; +http://webmeup-crawler.com/)"
157.55.39.105 - - [26/Apr/2022:16:38:45 +0200] "GET /-p-29842.html HTTP/1.0" 200 70808 "-" "Mozilla/5.0 (compatible; bingbot/2.0; +http://www.bing.com/bingbot.htm)"
46.4.108.51 - - [26/Apr/2022:16:38:49 +0200] "GET /decoration-thermometers-c-13_145.html HTTP/1.0" 200 91926 "-" "Mozilla/5.0 (compatible; BLEXBot/1.0; +http://webmeup-crawler.com/)"
46.4.108.51 - - [26/Apr/2022:16:38:52 +0200] "GET /trunks-c-13_208.html HTTP/1.0" 200 88384 "-" "Mozilla/5.0 (compatible; BLEXBot/1.0; +http://webmeup-crawler.com/)"
46.4.108.51 - - [26/Apr/2022:16:38:55 +0200] "GET /decorations-c-13_89.html HTTP/1.0" 200 92384 "-" "Mozilla/5.0 (compatible; BLEXBot/1.0; +http://webmeup-crawler.com/)"
46.4.108.51 - - [26/Apr/2022:16:38:59 +0200] "GET /umbrellas-c-31_16.html HTTP/1.0" 200 91928 "-" "Mozilla/5.0 (compatible; BLEXBot/1.0; +http://webmeup-crawler.com/)"
46.4.108.51 - - [26/Apr/2022:16:39:02 +0200] "GET /decorative-carpets-c-11_269_167.html HTTP/1.0" 200 91454 "-" "Mozilla/5.0 (compatible; BLEXBot/1.0; +http://webmeup-crawler.com/)"
46.4.108.51 - - [26/Apr/2022:16:39:04 +0200] "GET /underclothes-c-1_25.html HTTP/1.0" 200 69734 "-" "Mozilla/5.0 (compatible; BLEXBot/1.0; +http://webmeup-crawler.com/)"
216.244.66.242 - - [26/Apr/2022:16:39:06 +0200] "GET /fragrance-sachet-pearl-bouquet-p-40538.html HTTP/1.0" 200 74163 "-" "Mozilla/5.0 (compatible; DotBot/1.2; +https://opensiteexplorer.org/dotbot; help@moz.com)"
46.4.108.51 - - [26/Apr/2022:16:39:06 +0200] "GET /decorative-earth-globes-c-13_233.html HTTP/1.0" 200 89206 "-" "Mozilla/5.0 (compatible; BLEXBot/1.0; +http://webmeup-crawler.com/)"
46.4.108.51 - - [26/Apr/2022:16:39:11 +0200] "GET /underwear-c-2_38.html HTTP/1.0" 200 76104 "-" "Mozilla/5.0 (compatible; BLEXBot/1.0; +http://webmeup-crawler.com/)"
46.4.108.51 - - [26/Apr/2022:16:39:13 +0200] "GET /desk-blotter-c-129_190.html HTTP/1.0" 200 69885 "-" "Mozilla/5.0 (compatible; BLEXBot/1.0; +http://webmeup-crawler.com/)"
46.4.108.51 - - [26/Apr/2022:16:39:14 +0200] "GET /utensil-cutlery-c-12_244.html HTTP/1.0" 200 90351 "-" "Mozilla/5.0 (compatible; BLEXBot/1.0; +http://webmeup-crawler.com/)"
40.64.89.157 - - [26/Apr/2022:16:39:17 +0200] "GET /images/mini_prod/8718375751336.jpg HTTP/1.0" 200 269 "-" "Mozilla/5.0 (Windows NT 10.0; WOW64) AppleWebKit/537.36 (KHTML, like Gecko) Chrome/67.0.3396.99 Safari/537.36"
216.244.66.242 - - [26/Apr/2022:16:39:16 +0200] "GET /gorjuss-heart-shaped-tin-we-walk-together-p-49475.html HTTP/1.0" 301 74587 "-" "Mozilla/5.0 (compatible; DotBot/1.2; +https://opensiteexplorer.org/dotbot; help@moz.com)"
46.4.108.51 - - [26/Apr/2022:16:39:17 +0200] "GET /difference-accessoriess-c-12_59.html HTTP/1.0" 200 89642 "-" "Mozilla/5.0 (compatible; BLEXBot/1.0; +http://webmeup-crawler.com/)"
46.4.108.51 - - [26/Apr/2022:16:39:20 +0200] "GET /vanity-beauty-bags-c-31_78.html HTTP/1.0" 200 81507 "-" "Mozilla/5.0 (compatible; BLEXBot/1.0; +http://webmeup-crawler.com/)"
46.4.108.51 - - [26/Apr/2022:16:39:24 +0200] "GET /diffuser-perfume-essential-oils-c-231_162.html HTTP/1.0" 200 91004 "-" "Mozilla/5.0 (compatible; BLEXBot/1.0; +http://webmeup-crawler.com/)"
46.4.108.51 - - [26/Apr/2022:16:39:27 +0200] "GET /vase-soliflore-c-13_232.html HTTP/1.0" 200 90942 "-" "Mozilla/5.0 (compatible; BLEXBot/1.0; +http://webmeup-crawler.com/)"
46.4.108.51 - - [26/Apr/2022:16:39:29 +0200] "GET /dishes-c-12.html HTTP/1.0" 200 91644 "-" "Mozilla/5.0 (compatible; BLEXBot/1.0; +http://webmeup-crawler.com/)"
46.4.108.51 - - [26/Apr/2022:16:39:32 +0200] "GET /wall-decoration-wood-c-13_274.html HTTP/1.0" 200 93250 "-" "Mozilla/5.0 (compatible; BLEXBot/1.0; +http://webmeup-crawler.com/)"
46.4.108.51 - - [26/Apr/2022:16:39:34 +0200] "GET /dishes-dishes-c-12_251.html HTTP/1.0" 200 89940 "-" "Mozilla/5.0 (compatible; BLEXBot/1.0; +http://webmeup-crawler.com/)"
46.4.108.51 - - [26/Apr/2022:16:39:37 +0200] "GET /wall-lights-c-86_281.html HTTP/1.0" 200 80748 "-" "Mozilla/5.0 (compatible; BLEXBot/1.0; +http://webmeup-crawler.com/)"
46.4.108.51 - - [26/Apr/2022:16:39:39 +0200] "GET /doormats-entrance-carpets-c-11_269_266.html HTTP/1.0" 200 91838 "-" "Mozilla/5.0 (compatible; BLEXBot/1.0; +http://webmeup-crawler.com/)"
46.4.108.51 - - [26/Apr/2022:16:39:44 +0200] "GET /dresses-skirts-c-1_19.html HTTP/1.0" 200 79635 "-" "Mozilla/5.0 (compatible; BLEXBot/1.0; +http://webmeup-crawler.com/)"
114.119.137.43 - - [26/Apr/2022:16:39:47 +0200] "GET /diner-oven-mitt-p-37765.html HTTP/1.0" 301 70875 "-" "Mozilla/5.0 (Linux; Android 7.0;) AppleWebKit/537.36 (KHTML, like Gecko) Mobile Safari/537.36 (compatible; PetalBot;+https://webmaster.petalsearch.com/site/petalbot)"
46.4.108.51 - - [26/Apr/2022:16:39:48 +0200] "GET /duvet-cover-c-11_195.html HTTP/1.0" 200 91979 "-" "Mozilla/5.0 (compatible; BLEXBot/1.0; +http://webmeup-crawler.com/)"
114.119.137.43 - - [26/Apr/2022:16:39:51 +0200] "GET /-p-37765.html HTTP/1.0" 200 70808 "-" "Mozilla/5.0 (Linux; Android 7.0;) AppleWebKit/537.36 (KHTML, like Gecko) Mobile Safari/537.36 (compatible; PetalBot;+https://webmaster.petalsearch.com/site/petalbot)"
185.191.171.9 - - [26/Apr/2022:16:40:04 +0200] "GET /boho-wooden-frame-wild-free-p-45087.html?action=add_product HTTP/1.0" 302 476 "-" "Mozilla/5.0 (compatible; SemrushBot/7~bl; +http://www.semrush.com/bot.html)"
185.191.171.38 - - [26/Apr/2022:16:40:13 +0200] "GET /route-picture-frame-p-23043.html HTTP/1.0" 200 73535 "-" "Mozilla/5.0 (compatible; SemrushBot/7~bl; +http://www.semrush.com/bot.html)"
40.64.89.71 - - [26/Apr/2022:16:40:37 +0200] "GET /images/mini_prod/3438100342398.jpg HTTP/1.0" 200 269 "-" "Mozilla/5.0 (X11; Linux x86_64) AppleWebKit/537.36 (KHTML, like Gecko) Chrome/62.0.3202.62 Safari/537.36"
46.4.108.51 - - [26/Apr/2022:16:40:43 +0200] "GET /earrings-c-3_242.html HTTP/1.0" 200 83745 "-" "Mozilla/5.0 (compatible; BLEXBot/1.0; +http://webmeup-crawler.com/)"
46.4.108.51 - - [26/Apr/2022:16:40:47 +0200] "GET /esotericism-lithotherapy-c-174.html HTTP/1.0" 200 90733 "-" "Mozilla/5.0 (compatible; BLEXBot/1.0; +http://webmeup-crawler.com/)"
46.4.108.51 - - [26/Apr/2022:16:40:51 +0200] "GET /fairy-lights-c-86_279.html HTTP/1.0" 200 86476 "-" "Mozilla/5.0 (compatible; BLEXBot/1.0; +http://webmeup-crawler.com/)"
185.191.171.40 - - [26/Apr/2022:16:40:54 +0200] "GET /protects-mattress-fleece-cotton-p-53952.html?action=add_product HTTP/1.0" 302 476 "-" "Mozilla/5.0 (compatible; SemrushBot/7~bl; +http://www.semrush.com/bot.html)"
46.4.108.51 - - [26/Apr/2022:16:40:56 +0200] "GET /fdration-franaise-football-backpack-p-57810.html HTTP/1.0" 200 74632 "-" "Mozilla/5.0 (compatible; BLEXBot/1.0; +http://webmeup-crawler.com/)"
46.4.108.51 - - [26/Apr/2022:16:41:01 +0200] "GET /figures-c-4_15.html HTTP/1.0" 200 91927 "-" "Mozilla/5.0 (compatible; BLEXBot/1.0; +http://webmeup-crawler.com/)"
46.4.108.51 - - [26/Apr/2022:16:41:05 +0200] "GET /fitted-sheet-c-11_193.html HTTP/1.0" 200 91398 "-" "Mozilla/5.0 (compatible; BLEXBot/1.0; +http://webmeup-crawler.com/)"
46.4.108.51 - - [26/Apr/2022:16:41:09 +0200] "GET /flasks-c-12_245.html HTTP/1.0" 200 80020 "-" "Mozilla/5.0 (compatible; BLEXBot/1.0; +http://webmeup-crawler.com/)"
46.4.108.51 - - [26/Apr/2022:16:41:14 +0200] "GET /flatwares-c-12_63.html HTTP/1.0" 200 89963 "-" "Mozilla/5.0 (compatible; BLEXBot/1.0; +http://webmeup-crawler.com/)"
46.4.108.51 - - [26/Apr/2022:16:41:19 +0200] "GET /floor-cushions-c-11_182.html HTTP/1.0" 200 91671 "-" "Mozilla/5.0 (compatible; BLEXBot/1.0; +http://webmeup-crawler.com/)"
46.4.108.51 - - [26/Apr/2022:16:41:22 +0200] "GET /flower-pots-c-13_275.html HTTP/1.0" 200 92635 "-" "Mozilla/5.0 (compatible; BLEXBot/1.0; +http://webmeup-crawler.com/)"
46.4.108.51 - - [26/Apr/2022:16:41:27 +0200] "GET /fragrance-case-cabinet-diffuser-c-231_228.html HTTP/1.0" 200 90636 "-" "Mozilla/5.0 (compatible; BLEXBot/1.0; +http://webmeup-crawler.com/)"
46.4.108.51 - - [26/Apr/2022:16:41:31 +0200] "GET /fragrances-ambiance-c-231.html HTTP/1.0" 200 92956 "-" "Mozilla/5.0 (compatible; BLEXBot/1.0; +http://webmeup-crawler.com/)"
46.4.108.51 - - [26/Apr/2022:16:41:35 +0200] "GET /frames-flags-decorative-paintings-c-13_148.html HTTP/1.0" 200 95598 "-" "Mozilla/5.0 (compatible; BLEXBot/1.0; +http://webmeup-crawler.com/)"
46.4.108.51 - - [26/Apr/2022:16:41:38 +0200] "GET /furnishings-c-13_87.html HTTP/1.0" 200 91241 "-" "Mozilla/5.0 (compatible; BLEXBot/1.0; +http://webmeup-crawler.com/)"
46.4.108.51 - - [26/Apr/2022:16:41:44 +0200] "GET /games-toys-c-4.html HTTP/1.0" 200 93319 "-" "Mozilla/5.0 (compatible; BLEXBot/1.0; +http://webmeup-crawler.com/)"
114.119.137.252 - - [26/Apr/2022:16:41:46 +0200] "GET /lotus-candle-holder-glass-p-42829.html HTTP/1.0" 200 74588 "-" "Mozilla/5.0 (Linux; Android 7.0;) AppleWebKit/537.36 (KHTML, like Gecko) Mobile Safari/537.36 (compatible; PetalBot;+https://webmaster.petalsearch.com/site/petalbot)"
46.4.108.51 - - [26/Apr/2022:16:41:49 +0200] "GET /girls-c-1.html HTTP/1.0" 200 92054 "-" "Mozilla/5.0 (compatible; BLEXBot/1.0; +http://webmeup-crawler.com/)"
46.4.108.51 - - [26/Apr/2022:16:41:53 +0200] "GET /glasses-case-c-31_164.html HTTP/1.0" 200 90916 "-" "Mozilla/5.0 (compatible; BLEXBot/1.0; +http://webmeup-crawler.com/)"
46.4.108.51 - - [26/Apr/2022:16:41:57 +0200] "GET /glasses-drinking-c-12_62.html HTTP/1.0" 200 90742 "-" "Mozilla/5.0 (compatible; BLEXBot/1.0; +http://webmeup-crawler.com/)"
46.4.108.51 - - [26/Apr/2022:16:42:00 +0200] "GET /good-point-c-13_150_151.html HTTP/1.0" 200 79961 "-" "Mozilla/5.0 (compatible; BLEXBot/1.0; +http://webmeup-crawler.com/)"
46.4.108.51 - - [26/Apr/2022:16:42:04 +0200] "GET /green-stoneware-ginkgo-sunflowers-p-57813.html HTTP/1.0" 200 74198 "-" "Mozilla/5.0 (compatible; BLEXBot/1.0; +http://webmeup-crawler.com/)"
46.4.108.51 - - [26/Apr/2022:16:42:07 +0200] "GET /grey-metal-umbrella-stand-p-57885.html HTTP/1.0" 200 74099 "-" "Mozilla/5.0 (compatible; BLEXBot/1.0; +http://webmeup-crawler.com/)"
46.4.108.51 - - [26/Apr/2022:16:42:12 +0200] "GET /guam-cotton-basket-p-57905.html HTTP/1.0" 200 74054 "-" "Mozilla/5.0 (compatible; BLEXBot/1.0; +http://webmeup-crawler.com/)"
113.207.6.244 - - [26/Apr/2022:16:42:16 +0200] "GET /images/mini_prod/8003990623473.jpg HTTP/1.0" 200 269 "-" "Mozilla/5.0 (X11; Ubuntu; Linux x86_64; rv:72.0) Gecko/20100101 Firefox/72.0"
46.4.108.51 - - [26/Apr/2022:16:42:15 +0200] "GET /hair-accessories-c-3_205.html HTTP/1.0" 200 90696 "-" "Mozilla/5.0 (compatible; BLEXBot/1.0; +http://webmeup-crawler.com/)"
46.4.108.51 - - [26/Apr/2022:16:42:18 +0200] "GET /hairbrushes-c-3_203.html HTTP/1.0" 200 89692 "-" "Mozilla/5.0 (compatible; BLEXBot/1.0; +http://webmeup-crawler.com/)"
20.72.199.130 - - [26/Apr/2022:16:42:23 +0200] "GET /images/mini_prod/8422002209434.jpg HTTP/1.0" 200 269 "-" "Mozilla/5.0 (Windows NT 10.0; WOW64) AppleWebKit/537.36 (KHTML, like Gecko) Chrome/67.0.3396.99 Safari/537.36"
46.4.108.51 - - [26/Apr/2022:16:42:23 +0200] "GET /hats-caps-c-1_44.html HTTP/1.0" 200 92047 "-" "Mozilla/5.0 (compatible; BLEXBot/1.0; +http://webmeup-crawler.com/)"
46.4.108.51 - - [26/Apr/2022:16:42:27 +0200] "GET /hats-caps-c-2_43.html HTTP/1.0" 200 69731 "-" "Mozilla/5.0 (compatible; BLEXBot/1.0; +http://webmeup-crawler.com/)"
185.191.171.7 - - [26/Apr/2022:16:42:29 +0200] "GET /moroccan-ashtray-p-40623.html HTTP/1.0" 200 73413 "-" "Mozilla/5.0 (compatible; SemrushBot/7~bl; +http://www.semrush.com/bot.html)"
46.4.108.51 - - [26/Apr/2022:16:42:31 +0200] "GET /holders-c-13_150_201.html HTTP/1.0" 200 89525 "-" "Mozilla/5.0 (compatible; BLEXBot/1.0; +http://webmeup-crawler.com/)"
46.4.108.51 - - [26/Apr/2022:16:42:35 +0200] "GET /home-decoration-c-13.html HTTP/1.0" 200 92710 "-" "Mozilla/5.0 (compatible; BLEXBot/1.0; +http://webmeup-crawler.com/)"
46.4.108.51 - - [26/Apr/2022:16:42:39 +0200] "GET /home-fragrance-heart-home-amber-wood-vetiver-p-57856.html HTTP/1.0" 200 74829 "-" "Mozilla/5.0 (compatible; BLEXBot/1.0; +http://webmeup-crawler.com/)"
46.4.108.51 - - [26/Apr/2022:16:42:43 +0200] "GET /home-fragrance-heart-home-vanilla-white-woods-p-57857.html HTTP/1.0" 200 74856 "-" "Mozilla/5.0 (compatible; BLEXBot/1.0; +http://webmeup-crawler.com/)"
46.4.108.51 - - [26/Apr/2022:16:42:45 +0200] "GET /household-linen-c-11.html HTTP/1.0" 200 92793 "-" "Mozilla/5.0 (compatible; BLEXBot/1.0; +http://webmeup-crawler.com/)"
77.88.5.208 - - [26/Apr/2022:16:42:48 +0200] "GET /anarchy-trendy-earphone-p-48310.html HTTP/1.0" 200 73764 "-" "Mozilla/5.0 (compatible; YandexBot/3.0; +http://yandex.com/bots)"
46.4.108.51 - - [26/Apr/2022:16:42:50 +0200] "GET /hung-mirrors-c-31_258.html HTTP/1.0" 200 90886 "-" "Mozilla/5.0 (compatible; BLEXBot/1.0; +http://webmeup-crawler.com/)"
185.191.171.1 - - [26/Apr/2022:16:42:52 +0200] "GET /lisa-teapot-glass-porcelain-p-57823.html HTTP/1.0" 200 74787 "-" "Mozilla/5.0 (compatible; SemrushBot/7~bl; +http://www.semrush.com/bot.html)"
46.4.108.51 - - [26/Apr/2022:16:42:53 +0200] "GET /illuminated-decorations-c-86_282.html HTTP/1.0" 200 87059 "-" "Mozilla/5.0 (compatible; BLEXBot/1.0; +http://webmeup-crawler.com/)"
157.55.39.105 - - [26/Apr/2022:16:42:56 +0200] "GET /-p-29478.html HTTP/1.0" 200 70808 "-" "Mozilla/5.0 (compatible; bingbot/2.0; +http://www.bing.com/bingbot.htm)"
46.4.108.51 - - [26/Apr/2022:16:43:00 +0200] "GET /incense-c-231_226.html HTTP/1.0" 200 92313 "-" "Mozilla/5.0 (compatible; BLEXBot/1.0; +http://webmeup-crawler.com/)"
46.4.108.51 - - [26/Apr/2022:16:43:03 +0200] "GET /incense-holder-incense-burner-c-231_229.html HTTP/1.0" 200 91515 "-" "Mozilla/5.0 (compatible; BLEXBot/1.0; +http://webmeup-crawler.com/)"
46.4.108.51 - - [26/Apr/2022:16:43:06 +0200] "GET /incense-satya-champa-sandalwood-grams-about-sticks-p-57762.html HTTP/1.0" 200 74775 "-" "Mozilla/5.0 (compatible; BLEXBot/1.0; +http://webmeup-crawler.com/)"
185.191.171.45 - - [26/Apr/2022:16:43:07 +0200] "GET /gorjuss-coaster-collector-p-46924.html?action=add_product HTTP/1.0" 302 476 "-" "Mozilla/5.0 (compatible; SemrushBot/7~bl; +http://www.semrush.com/bot.html)"
77.88.5.208 - - [26/Apr/2022:16:43:48 +0200] "GET /monkey-gold-resin-p-56366.html HTTP/1.0" 200 74049 "-" "Mozilla/5.0 (compatible; YandexBot/3.0; +http://yandex.com/bots)"
185.191.171.24 - - [26/Apr/2022:16:43:48 +0200] "GET /cement-tile-stickers-15-15-cm-gray-p-43005.html HTTP/1.0" 301 74541 "-" "Mozilla/5.0 (compatible; SemrushBot/7~bl; +http://www.semrush.com/bot.html)"
187.161.112.26 - - [26/Apr/2022:16:43:53 +0200] "GET /images/1300010240281.jpg HTTP/1.0" 200 259 "https://www.bing.com/" "Mozilla/5.0 (Windows NT 10.0; Win64; x64) AppleWebKit/537.36 (KHTML, like Gecko) Chrome/100.0.4896.127 Safari/537.36 Edg/100.0.1185.50"
185.191.171.5 - - [26/Apr/2022:16:43:52 +0200] "GET /cement-tile-stickers-gray-p-43005.html HTTP/1.0" 200 74449 "-" "Mozilla/5.0 (compatible; SemrushBot/7~bl; +http://www.semrush.com/bot.html)"
187.161.112.26 - - [26/Apr/2022:16:43:56 +0200] "GET /favicon.ico HTTP/1.0" 200 260 "http://www.wonder-geek.com/images/1300010240281.jpg" "Mozilla/5.0 (Windows NT 10.0; Win64; x64) AppleWebKit/537.36 (KHTML, like Gecko) Chrome/100.0.4896.127 Safari/537.36 Edg/100.0.1185.50"
185.191.171.38 - - [26/Apr/2022:16:43:56 +0200] "GET /surfboard-ceramic-magnet-10-cm-p-42055.html HTTP/1.0" 301 74470 "-" "Mozilla/5.0 (compatible; SemrushBot/7~bl; +http://www.semrush.com/bot.html)"
185.191.171.4 - - [26/Apr/2022:16:43:59 +0200] "GET /surfboard-ceramic-magnet-p-42055.html HTTP/1.0" 200 74379 "-" "Mozilla/5.0 (compatible; SemrushBot/7~bl; +http://www.semrush.com/bot.html)"
185.191.171.44 - - [26/Apr/2022:16:44:02 +0200] "GET /green-aventurine-obelisk-p-54372.html?action=add_product HTTP/1.0" 302 476 "-" "Mozilla/5.0 (compatible; SemrushBot/7~bl; +http://www.semrush.com/bot.html)"
185.191.171.7 - - [26/Apr/2022:16:44:04 +0200] "GET /retro-pillbox-p-40715.html HTTP/1.0" 200 70850 "-" "Mozilla/5.0 (compatible; SemrushBot/7~bl; +http://www.semrush.com/bot.html)"
46.4.108.51 - - [26/Apr/2022:16:44:09 +0200] "GET /indoor-fountains-c-13_272.html HTTP/1.0" 200 85125 "-" "Mozilla/5.0 (compatible; BLEXBot/1.0; +http://webmeup-crawler.com/)"
46.4.108.51 - - [26/Apr/2022:16:44:14 +0200] "GET /infuser-rest-c-12_247.html HTTP/1.0" 200 89720 "-" "Mozilla/5.0 (compatible; BLEXBot/1.0; +http://webmeup-crawler.com/)"
46.4.108.51 - - [26/Apr/2022:16:44:18 +0200] "GET /jackets-coats-parkas-c-1_27.html HTTP/1.0" 200 84050 "-" "Mozilla/5.0 (compatible; BLEXBot/1.0; +http://webmeup-crawler.com/)"
114.119.137.3 - - [26/Apr/2022:16:44:22 +0200] "GET /set-of-baskets-and-wicker-baskets-p-50696.html HTTP/1.0" 301 74697 "-" "Mozilla/5.0 (Linux; Android 7.0;) AppleWebKit/537.36 (KHTML, like Gecko) Mobile Safari/537.36 (compatible; PetalBot;+https://webmaster.petalsearch.com/site/petalbot)"
46.4.108.51 - - [26/Apr/2022:16:44:23 +0200] "GET /jackets-coats-parkas-c-2_41.html HTTP/1.0" 200 78437 "-" "Mozilla/5.0 (compatible; BLEXBot/1.0; +http://webmeup-crawler.com/)"
114.119.137.3 - - [26/Apr/2022:16:44:24 +0200] "GET /baskets-wicker-baskets-p-50696.html HTTP/1.0" 200 74608 "-" "Mozilla/5.0 (Linux; Android 7.0;) AppleWebKit/537.36 (KHTML, like Gecko) Mobile Safari/537.36 (compatible; PetalBot;+https://webmaster.petalsearch.com/site/petalbot)"
46.4.108.51 - - [26/Apr/2022:16:44:27 +0200] "GET /jane-crowther-squirrel-saucer-p-57971.html HTTP/1.0" 200 74253 "-" "Mozilla/5.0 (compatible; BLEXBot/1.0; +http://webmeup-crawler.com/)"
46.4.108.51 - - [26/Apr/2022:16:44:30 +0200] "GET /jane-crowther-turtle-saucer-p-57970.html HTTP/1.0" 200 74233 "-" "Mozilla/5.0 (compatible; BLEXBot/1.0; +http://webmeup-crawler.com/)"
46.4.108.51 - - [26/Apr/2022:16:44:42 +0200] "GET /jewelry-boxes-holders-c-13_150_131.html HTTP/1.0" 200 91528 "-" "Mozilla/5.0 (compatible; BLEXBot/1.0; +http://webmeup-crawler.com/)"
46.4.108.51 - - [26/Apr/2022:16:44:50 +0200] "GET /jewels-beauty-accessories-c-3_29.html HTTP/1.0" 200 85922 "-" "Mozilla/5.0 (compatible; BLEXBot/1.0; +http://webmeup-crawler.com/)"
46.4.108.51 - - [26/Apr/2022:16:44:53 +0200] "GET /jigsaws-c-4_144.html HTTP/1.0" 200 79816 "-" "Mozilla/5.0 (compatible; BLEXBot/1.0; +http://webmeup-crawler.com/)"
46.4.108.51 - - [26/Apr/2022:16:44:55 +0200] "GET /keyrings-c-31_52.html HTTP/1.0" 200 94552 "-" "Mozilla/5.0 (compatible; BLEXBot/1.0; +http://webmeup-crawler.com/)"
46.4.108.51 - - [26/Apr/2022:16:45:05 +0200] "GET /kids-school-c-31_80.html HTTP/1.0" 200 90811 "-" "Mozilla/5.0 (compatible; BLEXBot/1.0; +http://webmeup-crawler.com/)"
46.4.108.51 - - [26/Apr/2022:16:45:08 +0200] "GET /kitchen-gloves-potholders-c-11_178.html HTTP/1.0" 200 90493 "-" "Mozilla/5.0 (compatible; BLEXBot/1.0; +http://webmeup-crawler.com/)"
46.4.108.51 - - [26/Apr/2022:16:45:16 +0200] "GET /kiub-collection-cats-cool-p-57956.html HTTP/1.0" 200 74308 "-" "Mozilla/5.0 (compatible; BLEXBot/1.0; +http://webmeup-crawler.com/)"
46.4.108.51 - - [26/Apr/2022:16:45:20 +0200] "GET /lampshades-c-86_277.html HTTP/1.0" 200 89111 "-" "Mozilla/5.0 (compatible; BLEXBot/1.0; +http://webmeup-crawler.com/)"
40.64.89.58 - - [26/Apr/2022:16:45:26 +0200] "GET /images/mini_prod/3014627927975.jpg HTTP/1.0" 200 269 "-" "Mozilla/5.0 (Windows NT 10.0; ) Gecko/20100101 Firefox/61.0"
185.191.171.25 - - [26/Apr/2022:16:45:26 +0200] "GET /home-and-decoration-c-13.html?page=57 HTTP/1.0" 301 92877 "-" "Mozilla/5.0 (compatible; SemrushBot/7~bl; +http://www.semrush.com/bot.html)"
46.4.108.51 - - [26/Apr/2022:16:45:27 +0200] "GET /large-maxi-trays-c-12_159_262.html HTTP/1.0" 200 89952 "-" "Mozilla/5.0 (compatible; BLEXBot/1.0; +http://webmeup-crawler.com/)"
185.191.171.38 - - [26/Apr/2022:16:45:31 +0200] "GET /home-decoration-c-13.html?page=57 HTTP/1.0" 200 92790 "-" "Mozilla/5.0 (compatible; SemrushBot/7~bl; +http://www.semrush.com/bot.html)"
46.4.108.51 - - [26/Apr/2022:16:45:35 +0200] "GET /large-rocket-table-lamp-p-57769.html HTTP/1.0" 200 74159 "-" "Mozilla/5.0 (compatible; BLEXBot/1.0; +http://webmeup-crawler.com/)"
66.249.66.214 - - [26/Apr/2022:16:45:39 +0200] "GET /acdc-covers-poster-p-36700.html HTTP/1.0" 200 70892 "-" "Mozilla/5.0 (Linux; Android 6.0.1; Nexus 5X Build/MMB29P) AppleWebKit/537.36 (KHTML, like Gecko) Chrome/100.0.4896.127 Mobile Safari/537.36 (compatible; Googlebot/2.1; +http://www.google.com/bot.html)"
66.249.66.214 - - [26/Apr/2022:16:45:40 +0200] "GET /sigil-lucifer-satatic-book-handbag-in-the-shape-of-book-p-40613.html HTTP/1.0" 301 71114 "-" "Mozilla/5.0 (Linux; Android 6.0.1; Nexus 5X Build/MMB29P) AppleWebKit/537.36 (KHTML, like Gecko) Chrome/100.0.4896.127 Mobile Safari/537.36 (compatible; Googlebot/2.1; +http://www.google.com/bot.html)"
46.4.108.51 - - [26/Apr/2022:16:45:41 +0200] "GET /letter-wall-decor-sticker-gray-p-57777.html HTTP/1.0" 200 74318 "-" "Mozilla/5.0 (compatible; BLEXBot/1.0; +http://webmeup-crawler.com/)"
66.249.66.210 - - [26/Apr/2022:16:45:42 +0200] "GET /koala-money-p-55391.html HTTP/1.0" 200 74373 "-" "Mozilla/5.0 (Linux; Android 6.0.1; Nexus 5X Build/MMB29P) AppleWebKit/537.36 (KHTML, like Gecko) Chrome/100.0.4896.127 Mobile Safari/537.36 (compatible; Googlebot/2.1; +http://www.google.com/bot.html)"
66.249.66.212 - - [26/Apr/2022:16:45:44 +0200] "GET /little-miss-sunshine-parma-shirt-p-30173.html HTTP/1.0" 301 70875 "-" "Mozilla/5.0 (compatible; Googlebot/2.1; +http://www.google.com/bot.html)"
46.4.108.51 - - [26/Apr/2022:16:45:44 +0200] "GET /letter-wall-decor-sticker-gray-p-57778.html HTTP/1.0" 200 74318 "-" "Mozilla/5.0 (compatible; BLEXBot/1.0; +http://webmeup-crawler.com/)"
66.249.66.212 - - [26/Apr/2022:16:45:45 +0200] "GET /sigil-lucifer-satatic-book-handbag-shape-book-p-40613.html HTTP/1.0" 200 71002 "-" "Mozilla/5.0 (Linux; Android 6.0.1; Nexus 5X Build/MMB29P) AppleWebKit/537.36 (KHTML, like Gecko) Chrome/100.0.4896.127 Mobile Safari/537.36 (compatible; Googlebot/2.1; +http://www.google.com/bot.html)"
66.249.66.212 - - [26/Apr/2022:16:45:47 +0200] "GET /-p-30173.html HTTP/1.0" 200 70808 "-" "Mozilla/5.0 (compatible; Googlebot/2.1; +http://www.google.com/bot.html)"
20.72.199.117 - - [26/Apr/2022:16:45:50 +0200] "GET /images/mini_prod/5051276247694.jpg HTTP/1.0" 200 269 "-" "Mozilla/5.0 (Windows NT 6.1; WOW64) AppleWebKit/537.36 (KHTML, like Gecko) Chrome/45.0.2454.101 Safari/537.36"
46.4.108.51 - - [26/Apr/2022:16:45:49 +0200] "GET /letter-wall-decor-sticker-gray-p-57780.html HTTP/1.0" 200 74318 "-" "Mozilla/5.0 (compatible; BLEXBot/1.0; +http://webmeup-crawler.com/)"
185.191.171.43 - - [26/Apr/2022:16:45:50 +0200] "GET /aged-white-ceramic-planters-ginkgo-p-57654.html?action=add_product HTTP/1.0" 302 476 "-" "Mozilla/5.0 (compatible; SemrushBot/7~bl; +http://www.semrush.com/bot.html)"
46.4.108.51 - - [26/Apr/2022:16:45:52 +0200] "GET /letter-wall-decor-sticker-gray-p-57783.html HTTP/1.0" 200 74318 "-" "Mozilla/5.0 (compatible; BLEXBot/1.0; +http://webmeup-crawler.com/)"
46.4.108.51 - - [26/Apr/2022:16:45:54 +0200] "GET /letter-wall-decor-sticker-gray-p-57786.html HTTP/1.0" 200 74318 "-" "Mozilla/5.0 (compatible; BLEXBot/1.0; +http://webmeup-crawler.com/)"
46.4.108.51 - - [26/Apr/2022:16:45:58 +0200] "GET /letter-wall-decor-sticker-gray-p-57787.html HTTP/1.0" 200 74318 "-" "Mozilla/5.0 (compatible; BLEXBot/1.0; +http://webmeup-crawler.com/)"
46.4.108.51 - - [26/Apr/2022:16:46:00 +0200] "GET /letter-wall-decor-sticker-gray-p-57791.html HTTP/1.0" 200 74318 "-" "Mozilla/5.0 (compatible; BLEXBot/1.0; +http://webmeup-crawler.com/)"
51.68.224.127 - - [26/Apr/2022:16:46:07 +0200] "GET /adminweb/export_orders_xml.php?token=256de2z6edz6ed2z6DFSFsed2zed6zeDSFDSGdzedezfzf&maxorders=10&orderstart=1&status=14&start_date=2018-10-01 HTTP/1.0" 200 285 "-" "GesCom CharlotteBoutik Serveur"
51.68.224.127 - - [26/Apr/2022:16:46:07 +0200] "GET /adminweb/export_orders_xml.php?token=256de2z6edz6ed2z6DFSFsed2zed6zeDSFDSGdzedezfzf&maxorders=10&orderstart=1&status=6&start_date=2018-10-01 HTTP/1.0" 200 32798 "-" "GesCom CharlotteBoutik Serveur"
77.88.5.208 - - [26/Apr/2022:16:46:08 +0200] "GET /-p-28659.html HTTP/1.0" 200 70808 "-" "Mozilla/5.0 (compatible; YandexBot/3.0; +http://yandex.com/bots)"
114.119.133.245 - - [26/Apr/2022:16:46:10 +0200] "GET /images/mini_prod/3700572741376.jpg HTTP/1.0" 200 269 "-" "Mozilla/5.0 (Linux; Android 7.0;) AppleWebKit/537.36 (KHTML, like Gecko) Mobile Safari/537.36 (compatible; PetalBot;+https://webmaster.petalsearch.com/site/petalbot)"
20.120.105.237 - - [26/Apr/2022:16:46:13 +0200] "GET /decorative-earth-globes-c-13_233.html HTTP/1.0" 200 89206 "-" "Mozilla/5.0 (Windows NT 10.0; Win64; x64) AppleWebKit/537.36 (KHTML, like Gecko) Chrome/86.0.4240.75 Safari/537.36"
20.120.105.237 - - [26/Apr/2022:16:46:13 +0200] "GET /products_new.php HTTP/1.0" 200 95230 "-" "Mozilla/5.0 (Windows NT 10.0; Win64; x64) AppleWebKit/537.36 (KHTML, like Gecko) Chrome/86.0.4240.75 Safari/537.36"
46.4.108.51 - - [26/Apr/2022:16:46:21 +0200] "GET /letter-wall-decor-sticker-gray-p-57792.html HTTP/1.0" 200 74318 "-" "Mozilla/5.0 (compatible; BLEXBot/1.0; +http://webmeup-crawler.com/)"
185.191.171.38 - - [26/Apr/2022:16:46:21 +0200] "GET /wood-light-cherry-wood-p-55052.html HTTP/1.0" 200 75707 "-" "Mozilla/5.0 (compatible; SemrushBot/7~bl; +http://www.semrush.com/bot.html)"
46.4.108.51 - - [26/Apr/2022:16:46:23 +0200] "GET /letter-wall-decor-sticker-gray-p-57797.html HTTP/1.0" 200 74318 "-" "Mozilla/5.0 (compatible; BLEXBot/1.0; +http://webmeup-crawler.com/)"
46.4.108.51 - - [26/Apr/2022:16:46:28 +0200] "GET /robots.txt HTTP/1.0" 301 531 "-" "Mozilla/5.0 (compatible; BLEXBot/1.0; +http://webmeup-crawler.com/)"
46.4.108.51 - - [26/Apr/2022:16:46:28 +0200] "GET /robots.txt HTTP/1.0" 200 245 "-" "Mozilla/5.0 (compatible; BLEXBot/1.0; +http://webmeup-crawler.com/)"
46.4.108.51 - - [26/Apr/2022:16:46:28 +0200] "GET /lighting-c-86.html HTTP/1.0" 200 91412 "-" "Mozilla/5.0 (compatible; BLEXBot/1.0; +http://webmeup-crawler.com/)"
46.4.108.51 - - [26/Apr/2022:16:46:32 +0200] "GET /linen-c-11_68.html HTTP/1.0" 200 92055 "-" "Mozilla/5.0 (compatible; BLEXBot/1.0; +http://webmeup-crawler.com/)"
46.4.108.51 - - [26/Apr/2022:16:46:35 +0200] "GET /lisa-teapot-glass-porcelain-p-57823.html HTTP/1.0" 200 74787 "-" "Mozilla/5.0 (compatible; BLEXBot/1.0; +http://webmeup-crawler.com/)"
46.4.108.51 - - [26/Apr/2022:16:46:38 +0200] "GET /little-prince-exupry-paris-p-57944.html HTTP/1.0" 200 74478 "-" "Mozilla/5.0 (compatible; BLEXBot/1.0; +http://webmeup-crawler.com/)"
46.4.108.51 - - [26/Apr/2022:16:46:41 +0200] "GET /little-prince-exupry-paris-p-57945.html HTTP/1.0" 200 74243 "-" "Mozilla/5.0 (compatible; BLEXBot/1.0; +http://webmeup-crawler.com/)"
46.4.108.51 - - [26/Apr/2022:16:46:44 +0200] "GET /little-toiletry-p-57897.html HTTP/1.0" 200 73506 "-" "Mozilla/5.0 (compatible; BLEXBot/1.0; +http://webmeup-crawler.com/)"
46.4.108.51 - - [26/Apr/2022:16:46:48 +0200] "GET /long-sleeves-shirts-c-1_21.html HTTP/1.0" 200 77562 "-" "Mozilla/5.0 (compatible; BLEXBot/1.0; +http://webmeup-crawler.com/)"
46.4.108.51 - - [26/Apr/2022:16:46:52 +0200] "GET /long-sleeves-shirts-c-2_40.html HTTP/1.0" 200 69791 "-" "Mozilla/5.0 (compatible; BLEXBot/1.0; +http://webmeup-crawler.com/)"
46.4.108.51 - - [26/Apr/2022:16:46:56 +0200] "GET /luggages-schoolbags-leather-shop-c-31.html HTTP/1.0" 200 92811 "-" "Mozilla/5.0 (compatible; BLEXBot/1.0; +http://webmeup-crawler.com/)"
47.88.84.24 - - [26/Apr/2022:16:47:00 +0200] "GET /images/mini_prod/1300000022880.jpg HTTP/1.0" 200 269 "-" "Mozilla/5.0 (X11; Ubuntu; Linux x86_64; rv:72.0) Gecko/20100101 Firefox/72.0"
157.55.39.172 - - [26/Apr/2022:16:47:01 +0200] "GET /coca-cola-mini-magnet-mirror-p-19665.html HTTP/1.0" 200 70939 "-" "Mozilla/5.0 (compatible; bingbot/2.0; +http://www.bing.com/bingbot.htm)"
46.4.108.51 - - [26/Apr/2022:16:47:04 +0200] "GET /magnets-c-13_134.html HTTP/1.0" 200 92220 "-" "Mozilla/5.0 (compatible; BLEXBot/1.0; +http://webmeup-crawler.com/)"
46.4.108.51 - - [26/Apr/2022:16:47:08 +0200] "GET /manicure-articles-c-31_204.html HTTP/1.0" 200 90046 "-" "Mozilla/5.0 (compatible; BLEXBot/1.0; +http://webmeup-crawler.com/)"
77.88.5.208 - - [26/Apr/2022:16:47:13 +0200] "GET /collectible-figurines-decorative-c-13_135.html?page=11 HTTP/1.0" 200 96704 "-" "Mozilla/5.0 (compatible; YandexBot/3.0; +http://yandex.com/bots)"
46.4.108.51 - - [26/Apr/2022:16:47:14 +0200] "GET /mattress-cover-c-11_197.html HTTP/1.0" 200 89252 "-" "Mozilla/5.0 (compatible; BLEXBot/1.0; +http://webmeup-crawler.com/)"
46.4.108.51 - - [26/Apr/2022:16:47:20 +0200] "GET /meditation-cushion-organic-cotton-p-57756.html HTTP/1.0" 200 75008 "-" "Mozilla/5.0 (compatible; BLEXBot/1.0; +http://webmeup-crawler.com/)"
46.4.108.51 - - [26/Apr/2022:16:47:25 +0200] "GET /metal-boxes-storage-c-13_150_218.html HTTP/1.0" 200 91134 "-" "Mozilla/5.0 (compatible; BLEXBot/1.0; +http://webmeup-crawler.com/)"
46.4.108.51 - - [26/Apr/2022:16:47:32 +0200] "GET /mini-trays-c-12_159_260.html HTTP/1.0" 200 92906 "-" "Mozilla/5.0 (compatible; BLEXBot/1.0; +http://webmeup-crawler.com/)"
46.4.108.51 - - [26/Apr/2022:16:47:36 +0200] "GET /mirror-c-13_133.html HTTP/1.0" 200 92132 "-" "Mozilla/5.0 (compatible; BLEXBot/1.0; +http://webmeup-crawler.com/)"
66.249.66.212 - - [26/Apr/2022:16:47:39 +0200] "GET /cake-dish-morello-cherries-p-54512.html HTTP/1.0" 200 73630 "-" "Mozilla/5.0 (compatible; Googlebot/2.1; +http://www.google.com/bot.html)"
66.249.66.212 - - [26/Apr/2022:16:47:41 +0200] "GET /samurai-statue-resin-p-50898.html HTTP/1.0" 200 74466 "-" "Mozilla/5.0 (compatible; Googlebot/2.1; +http://www.google.com/bot.html)"
46.4.108.51 - - [26/Apr/2022:16:47:40 +0200] "GET /models-replicas-c-4_140.html HTTP/1.0" 200 86077 "-" "Mozilla/5.0 (compatible; BLEXBot/1.0; +http://webmeup-crawler.com/)"
77.88.5.208 - - [26/Apr/2022:16:47:44 +0200] "GET /decorative-statuette-origami-bear-small-model-p-57102.html HTTP/1.0" 200 74336 "-" "Mozilla/5.0 (compatible; YandexBot/3.0; +http://yandex.com/bots)"
46.4.108.51 - - [26/Apr/2022:16:47:44 +0200] "GET /money-boxes-c-13_83.html HTTP/1.0" 200 93349 "-" "Mozilla/5.0 (compatible; BLEXBot/1.0; +http://webmeup-crawler.com/)"
46.4.108.51 - - [26/Apr/2022:16:47:52 +0200] "GET /mouse-c-129_85.html HTTP/1.0" 200 91973 "-" "Mozilla/5.0 (compatible; BLEXBot/1.0; +http://webmeup-crawler.com/)"
114.119.137.3 - - [26/Apr/2022:16:47:57 +0200] "GET /images/big_prod/8424346254569.jpg HTTP/1.0" 200 268 "-" "Mozilla/5.0 (Linux; Android 7.0;) AppleWebKit/537.36 (KHTML, like Gecko) Mobile Safari/537.36 (compatible; PetalBot;+https://webmaster.petalsearch.com/site/petalbot)"
46.4.108.51 - - [26/Apr/2022:16:47:56 +0200] "GET /mtal-signs-c-13_130.html HTTP/1.0" 200 94760 "-" "Mozilla/5.0 (compatible; BLEXBot/1.0; +http://webmeup-crawler.com/)"
46.4.108.51 - - [26/Apr/2022:16:47:59 +0200] "GET /mugs-mazagrans-c-12_57.html HTTP/1.0" 200 96510 "-" "Mozilla/5.0 (compatible; BLEXBot/1.0; +http://webmeup-crawler.com/)"
46.4.108.51 - - [26/Apr/2022:16:48:04 +0200] "GET /mushroom-shaped-night-light-p-57818.html HTTP/1.0" 200 74098 "-" "Mozilla/5.0 (compatible; BLEXBot/1.0; +http://webmeup-crawler.com/)"
46.4.108.51 - - [26/Apr/2022:16:48:09 +0200] "GET /musical-c-13_150_149.html HTTP/1.0" 200 91535 "-" "Mozilla/5.0 (compatible; BLEXBot/1.0; +http://webmeup-crawler.com/)"
46.4.108.51 - - [26/Apr/2022:16:48:13 +0200] "GET /napkins-c-11_285.html HTTP/1.0" 200 81778 "-" "Mozilla/5.0 (compatible; BLEXBot/1.0; +http://webmeup-crawler.com/)"
46.4.108.51 - - [26/Apr/2022:16:48:16 +0200] "GET /night-clothes-c-1_24.html HTTP/1.0" 200 69741 "-" "Mozilla/5.0 (compatible; BLEXBot/1.0; +http://webmeup-crawler.com/)"
46.4.108.51 - - [26/Apr/2022:16:48:19 +0200] "GET /night-lights-c-86_278.html HTTP/1.0" 200 92710 "-" "Mozilla/5.0 (compatible; BLEXBot/1.0; +http://webmeup-crawler.com/)"
157.55.39.172 - - [26/Apr/2022:16:48:21 +0200] "GET /-p-29247.html HTTP/1.0" 200 70808 "-" "Mozilla/5.0 (compatible; bingbot/2.0; +http://www.bing.com/bingbot.htm)"
46.4.108.51 - - [26/Apr/2022:16:48:25 +0200] "GET /notebook-notebook-diary-c-129_185.html HTTP/1.0" 200 92266 "-" "Mozilla/5.0 (compatible; BLEXBot/1.0; +http://webmeup-crawler.com/)"
77.88.5.208 - - [26/Apr/2022:16:48:28 +0200] "GET /tiana-princess-passion-figurine-p-52399.html HTTP/1.0" 200 74923 "-" "Mozilla/5.0 (compatible; YandexBot/3.0; +http://yandex.com/bots)"
46.4.108.51 - - [26/Apr/2022:16:48:29 +0200] "GET /office-items-c-97_100.html HTTP/1.0" 200 90868 "-" "Mozilla/5.0 (compatible; BLEXBot/1.0; +http://webmeup-crawler.com/)"
46.4.108.51 - - [26/Apr/2022:16:48:34 +0200] "GET /ottomans-storage-ottomans-c-13_209.html HTTP/1.0" 200 90349 "-" "Mozilla/5.0 (compatible; BLEXBot/1.0; +http://webmeup-crawler.com/)"
46.4.108.51 - - [26/Apr/2022:16:48:38 +0200] "GET /outdoor-cactus-figurine-p-57988.html HTTP/1.0" 200 74168 "-" "Mozilla/5.0 (compatible; BLEXBot/1.0; +http://webmeup-crawler.com/)"
46.4.108.51 - - [26/Apr/2022:16:48:43 +0200] "GET /oven-mitt-lavender-shades-white-p-57993.html HTTP/1.0" 200 74223 "-" "Mozilla/5.0 (compatible; BLEXBot/1.0; +http://webmeup-crawler.com/)"
46.4.108.51 - - [26/Apr/2022:16:48:55 +0200] "GET /palawan-jute-cotton-basket-p-57914.html HTTP/1.0" 200 74191 "-" "Mozilla/5.0 (compatible; BLEXBot/1.0; +http://webmeup-crawler.com/)"
185.191.171.23 - - [26/Apr/2022:16:48:57 +0200] "GET /manicure-articles-c-31_204.html HTTP/1.0" 200 90046 "-" "Mozilla/5.0 (compatible; SemrushBot/7~bl; +http://www.semrush.com/bot.html)"
46.4.108.51 - - [26/Apr/2022:16:49:03 +0200] "GET /pants-capri-pants-c-1_20.html HTTP/1.0" 200 79701 "-" "Mozilla/5.0 (compatible; BLEXBot/1.0; +http://webmeup-crawler.com/)"
46.4.108.51 - - [26/Apr/2022:16:49:07 +0200] "GET /paper-towel-dispenser-c-12_253.html HTTP/1.0" 200 78947 "-" "Mozilla/5.0 (compatible; BLEXBot/1.0; +http://webmeup-crawler.com/)"
40.64.89.74 - - [26/Apr/2022:16:49:11 +0200] "GET /images/mini_prod/4036113830780.jpg HTTP/1.0" 200 269 "-" "Mozilla/5.0 (Windows NT 6.1; WOW64) AppleWebKit/537.36 (KHTML, like Gecko) Chrome/45.0.2454.101 Safari/537.36"
46.4.108.51 - - [26/Apr/2022:16:49:11 +0200] "GET /paperweight-c-129_188.html HTTP/1.0" 200 91139 "-" "Mozilla/5.0 (compatible; BLEXBot/1.0; +http://webmeup-crawler.com/)"
185.191.171.9 - - [26/Apr/2022:16:49:13 +0200] "GET /unicorn-candlestick-figurine-resin-bronze-aspect-p-46557.html HTTP/1.0" 200 73758 "-" "Mozilla/5.0 (compatible; SemrushBot/7~bl; +http://www.semrush.com/bot.html)"
46.4.108.51 - - [26/Apr/2022:16:49:14 +0200] "GET /partys-decoration-c-12_51.html HTTP/1.0" 200 69779 "-" "Mozilla/5.0 (compatible; BLEXBot/1.0; +http://webmeup-crawler.com/)"
46.4.108.51 - - [26/Apr/2022:16:49:19 +0200] "GET /wall-sticker-c-13_187.html HTTP/1.0" 200 94390 "-" "Mozilla/5.0 (compatible; BLEXBot/1.0; +http://webmeup-crawler.com/)"
46.4.108.51 - - [26/Apr/2022:16:49:22 +0200] "GET /wallet-c-31_237.html HTTP/1.0" 200 91920 "-" "Mozilla/5.0 (compatible; BLEXBot/1.0; +http://webmeup-crawler.com/)"
185.191.171.45 - - [26/Apr/2022:16:49:25 +0200] "GET /sweethearts-swing-mickey-minnie-swing-figurine-p-57287.html HTTP/1.0" 200 74778 "-" "Mozilla/5.0 (compatible; SemrushBot/7~bl; +http://www.semrush.com/bot.html)"
46.4.108.51 - - [26/Apr/2022:16:49:25 +0200] "GET /wastebasket-c-129_184.html HTTP/1.0" 200 82346 "-" "Mozilla/5.0 (compatible; BLEXBot/1.0; +http://webmeup-crawler.com/)"
216.244.66.242 - - [26/Apr/2022:16:49:28 +0200] "GET /images/TBOB55SFb.jpg HTTP/1.0" 200 255 "-" "Mozilla/5.0 (compatible; DotBot/1.2; +https://opensiteexplorer.org/dotbot; help@moz.com)"
46.4.108.51 - - [26/Apr/2022:16:49:35 +0200] "GET /watches-c-3_66.html HTTP/1.0" 200 91543 "-" "Mozilla/5.0 (compatible; BLEXBot/1.0; +http://webmeup-crawler.com/)"
46.4.108.51 - - [26/Apr/2022:16:49:42 +0200] "GET /water-bottles-heaters-c-13_288.html HTTP/1.0" 200 91017 "-" "Mozilla/5.0 (compatible; BLEXBot/1.0; +http://webmeup-crawler.com/)"
46.4.108.51 - - [26/Apr/2022:16:49:47 +0200] "GET /water-bottles-sport-bottles-c-12_161.html HTTP/1.0" 200 93509 "-" "Mozilla/5.0 (compatible; BLEXBot/1.0; +http://webmeup-crawler.com/)"
114.119.137.45 - - [26/Apr/2022:16:49:47 +0200] "GET /hussy-cushion-by-cbkreation-p-17524.html HTTP/1.0" 301 70875 "-" "Mozilla/5.0 (Linux; Android 7.0;) AppleWebKit/537.36 (KHTML, like Gecko) Mobile Safari/537.36 (compatible; PetalBot;+https://webmaster.petalsearch.com/site/petalbot)"
46.4.108.51 - - [26/Apr/2022:16:49:50 +0200] "GET /water-outdoor-games-c-4_143.html HTTP/1.0" 200 92494 "-" "Mozilla/5.0 (compatible; BLEXBot/1.0; +http://webmeup-crawler.com/)"
114.119.137.45 - - [26/Apr/2022:16:49:54 +0200] "GET /-p-17524.html HTTP/1.0" 200 70808 "-" "Mozilla/5.0 (Linux; Android 7.0;) AppleWebKit/537.36 (KHTML, like Gecko) Mobile Safari/537.36 (compatible; PetalBot;+https://webmaster.petalsearch.com/site/petalbot)"
46.4.108.51 - - [26/Apr/2022:16:49:54 +0200] "GET /with-infuser-c-12_221.html HTTP/1.0" 200 91401 "-" "Mozilla/5.0 (compatible; BLEXBot/1.0; +http://webmeup-crawler.com/)"
46.4.108.51 - - [26/Apr/2022:16:49:57 +0200] "GET /wooden-boxes-storage-c-13_150_220.html HTTP/1.0" 200 90941 "-" "Mozilla/5.0 (compatible; BLEXBot/1.0; +http://webmeup-crawler.com/)"
185.191.171.13 - - [26/Apr/2022:16:49:59 +0200] "GET /home-decoration-c-13.html?page=46 HTTP/1.0" 200 93042 "-" "Mozilla/5.0 (compatible; SemrushBot/7~bl; +http://www.semrush.com/bot.html)"
46.4.108.51 - - [26/Apr/2022:16:50:01 +0200] "GET /writing-correction-c-129_186.html HTTP/1.0" 200 93934 "-" "Mozilla/5.0 (compatible; BLEXBot/1.0; +http://webmeup-crawler.com/)"
46.4.108.51 - - [26/Apr/2022:16:50:30 +0200] "GET /yoga-c-11_269_268.html HTTP/1.0" 200 84255 "-" "Mozilla/5.0 (compatible; BLEXBot/1.0; +http://webmeup-crawler.com/)"
213.164.206.124 - - [26/Apr/2022:16:50:40 +0200] "GET /contact_us.php HTTP/1.0" 200 26241 "http://www.wonder-geek.com/contact_us.php" "Mozilla/5.0 (Windows NT 6.1; Win64; x64) AppleWebKit/537.36 (KHTML, like Gecko) Chrome/90.0.4430.93 Safari/537.36"
213.164.206.124 - - [26/Apr/2022:16:50:41 +0200] "POST /contact_us.php?action=send HTTP/1.0" 200 26658 "http://www.wonder-geek.com/contact_us.php" "Mozilla/5.0 (Windows NT 6.1; Win64; x64) AppleWebKit/537.36 (KHTML, like Gecko) Chrome/90.0.4430.93 Safari/537.36"
40.91.78.237 - - [26/Apr/2022:16:50:55 +0200] "GET /images/mini_prod/1300000022446NN.jpg HTTP/1.0" 200 271 "-" "Mozilla/5.0 (Windows NT 6.1; WOW64) AppleWebKit/537.36 (KHTML, like Gecko) Chrome/45.0.2454.101 Safari/537.36"
157.90.128.183 - - [26/Apr/2022:16:50:57 +0200] "GET /images/mini_prod/1399984248713.jpg HTTP/1.0" 200 269 "-" "Mozilla/5.0 (X11; Ubuntu; Linux x86_64; rv:72.0) Gecko/20100101 Firefox/72.0"
66.249.66.210 - - [26/Apr/2022:16:51:24 +0200] "GET /miss-photo-frame-p-5145.html HTTP/1.0" 200 73460 "-" "Mozilla/5.0 (Linux; Android 6.0.1; Nexus 5X Build/MMB29P) AppleWebKit/537.36 (KHTML, like Gecko) Chrome/100.0.4896.127 Mobile Safari/537.36 (compatible; Googlebot/2.1; +http://www.google.com/bot.html)"
20.121.222.104 - - [26/Apr/2022:16:51:52 +0200] "GET /fragrance-case-cabinet-diffuser-c-231_228.html HTTP/1.0" 200 90636 "-" "Mozilla/5.0 (Windows NT 10.0; Win64; x64) AppleWebKit/537.36 (KHTML, like Gecko) Chrome/86.0.4240.75 Safari/537.36"
20.121.222.104 - - [26/Apr/2022:16:51:53 +0200] "GET /utensil-cutlery-c-12_244.html HTTP/1.0" 200 90351 "-" "Mozilla/5.0 (Windows NT 10.0; Win64; x64) AppleWebKit/537.36 (KHTML, like Gecko) Chrome/86.0.4240.75 Safari/537.36"
185.191.171.10 - - [26/Apr/2022:16:51:54 +0200] "GET /collection-plate-metal-vespa-gran-sport-p-16825.html HTTP/1.0" 200 73723 "-" "Mozilla/5.0 (compatible; SemrushBot/7~bl; +http://www.semrush.com/bot.html)"
157.55.39.111 - - [26/Apr/2022:16:52:15 +0200] "GET /-p-32799.html HTTP/1.0" 200 70808 "-" "Mozilla/5.0 (compatible; bingbot/2.0; +http://www.bing.com/bingbot.htm)"
185.191.171.6 - - [26/Apr/2022:16:52:25 +0200] "GET /oval-carpet-p-52847.html?action=add_product HTTP/1.0" 302 476 "-" "Mozilla/5.0 (compatible; SemrushBot/7~bl; +http://www.semrush.com/bot.html)"
114.119.137.38 - - [26/Apr/2022:16:52:27 +0200] "GET /keel-toys-plush-pipp-the-panda-15-cm-p-51009.html HTTP/1.0" 301 71019 "-" "Mozilla/5.0 (Linux; Android 7.0;) AppleWebKit/537.36 (KHTML, like Gecko) Mobile Safari/537.36 (compatible; PetalBot;+https://webmaster.petalsearch.com/site/petalbot)"
114.119.137.38 - - [26/Apr/2022:16:52:31 +0200] "GET /keel-toys-plush-pipp-panda-p-51009.html HTTP/1.0" 200 70926 "-" "Mozilla/5.0 (Linux; Android 7.0;) AppleWebKit/537.36 (KHTML, like Gecko) Mobile Safari/537.36 (compatible; PetalBot;+https://webmaster.petalsearch.com/site/petalbot)"
185.191.171.40 - - [26/Apr/2022:16:52:32 +0200] "GET /emmie-phone-cover-iphone-p-15948.html?action=add_product HTTP/1.0" 302 476 "-" "Mozilla/5.0 (compatible; SemrushBot/7~bl; +http://www.semrush.com/bot.html)"
54.36.149.21 - - [26/Apr/2022:16:52:32 +0200] "GET /chair-cushion-taupe-p-40320.html HTTP/1.0" 301 70875 "-" "Mozilla/5.0 (compatible; AhrefsBot/7.0; +http://ahrefs.com/robot/)"
40.64.89.71 - - [26/Apr/2022:16:52:45 +0200] "GET /images/mini_prod/POLAROID_COUSSIN-45-07.jpg HTTP/1.0" 200 278 "-" "Mozilla/5.0 (Windows NT 10.0; WOW64) AppleWebKit/537.36 (KHTML, like Gecko) Chrome/68.0.3440.106 Safari/537.36"
185.191.171.41 - - [26/Apr/2022:16:52:48 +0200] "GET /camargue-p-34512.html HTTP/1.0" 200 73902 "-" "Mozilla/5.0 (compatible; SemrushBot/7~bl; +http://www.semrush.com/bot.html)"
185.191.171.44 - - [26/Apr/2022:16:52:58 +0200] "GET /gorjuss-collector-tartan-heart-shaped-metal-p-46935.html?action=add_product HTTP/1.0" 302 476 "-" "Mozilla/5.0 (compatible; SemrushBot/7~bl; +http://www.semrush.com/bot.html)"
20.121.31.65 - - [26/Apr/2022:16:53:21 +0200] "GET /barbecue-aperitif-c-12_254.html HTTP/1.0" 200 90185 "-" "Mozilla/5.0 (Windows NT 10.0; Win64; x64) AppleWebKit/537.36 (KHTML, like Gecko) Chrome/86.0.4240.75 Safari/537.36"
20.99.154.172 - - [26/Apr/2022:16:53:25 +0200] "GET /images/mini_prod/3453131152648.jpg HTTP/1.0" 200 269 "-" "Mozilla/5.0 (X11; Linux x86_64) AppleWebKit/537.36 (KHTML, like Gecko) Chrome/62.0.3202.62 Safari/537.36"
17.121.114.241 - - [26/Apr/2022:16:53:28 +0200] "GET /images/mini_prod/3612875117324.jpg HTTP/1.0" 200 269 "-" "Mozilla/5.0 (Macintosh; Intel Mac OS X 10_15_5) AppleWebKit/605.1.15 (KHTML, like Gecko) Version/13.1.1 Safari/605.1.15 (Applebot/0.1; +http://www.apple.com/go/applebot)"
40.91.78.237 - - [26/Apr/2022:16:53:34 +0200] "GET /images/big_prod_1/KIT-PALLETTE-2.jpg HTTP/1.0" 200 271 "-" "Mozilla/4.0 (compatible; MSIE 7.0; Windows NT 6.0)"
13.90.30.110 - - [26/Apr/2022:16:53:34 +0200] "GET /large-maxi-trays-c-12_159_262.html HTTP/1.0" 200 89952 "-" "Mozilla/5.0 (Windows NT 10.0; Win64; x64) AppleWebKit/537.36 (KHTML, like Gecko) Chrome/86.0.4240.75 Safari/537.36"
47.89.211.98 - - [26/Apr/2022:16:53:38 +0200] "GET /images/mini_prod/MUG-BLC-POLAROID.jpg HTTP/1.0" 200 272 "-" "Mozilla/5.0 (X11; Ubuntu; Linux x86_64; rv:72.0) Gecko/20100101 Firefox/72.0"
211.249.40.15 - - [26/Apr/2022:16:53:38 +0200] "GET /images/mini_prod/1384010184455.jpg HTTP/1.0" 200 269 "-" "Mozilla/5.0 (X11; Ubuntu; Linux x86_64; rv:72.0) Gecko/20100101 Firefox/72.0"
185.191.171.43 - - [26/Apr/2022:16:53:40 +0200] "GET /red-owl-statue-235-cm-p-41885.html HTTP/1.0" 301 73545 "-" "Mozilla/5.0 (compatible; SemrushBot/7~bl; +http://www.semrush.com/bot.html)"
185.191.171.34 - - [26/Apr/2022:16:53:44 +0200] "GET /statue-p-41885.html HTTP/1.0" 200 73472 "-" "Mozilla/5.0 (compatible; SemrushBot/7~bl; +http://www.semrush.com/bot.html)"
185.191.171.13 - - [26/Apr/2022:16:53:47 +0200] "GET /black-p-45694.html?action=add_product HTTP/1.0" 302 476 "-" "Mozilla/5.0 (compatible; SemrushBot/7~bl; +http://www.semrush.com/bot.html)"
185.191.171.40 - - [26/Apr/2022:16:53:49 +0200] "GET /curtain-eyelets-lin-and-blue-135-250-cm-p-35311.html HTTP/1.0" 301 76483 "-" "Mozilla/5.0 (compatible; SemrushBot/7~bl; +http://www.semrush.com/bot.html)"
