157.90.128.183 - - [26/Apr/2022:07:45:00 +0200] "GET /images/mini_prod/8433933052198.jpg HTTP/1.0" 200 269 "-" "Mozilla/5.0 (X11; Ubuntu; Linux x86_64; rv:72.0) Gecko/20100101 Firefox/72.0"
185.191.171.15 - - [26/Apr/2022:07:45:23 +0200] "GET /monk-buddhist-in-lotus-candle-holder-125-cm-p-50390.html HTTP/1.0" 301 73779 "-" "Mozilla/5.0 (compatible; SemrushBot/7~bl; +http://www.semrush.com/bot.html)"
54.36.148.243 - - [26/Apr/2022:07:45:28 +0200] "GET /pillow-case-grey-p-34834.html HTTP/1.0" 200 73679 "-" "Mozilla/5.0 (compatible; AhrefsBot/7.0; +http://ahrefs.com/robot/)"
185.191.171.5 - - [26/Apr/2022:07:45:28 +0200] "GET /monk-buddhist-lotus-candle-holder-p-50390.html HTTP/1.0" 200 73679 "-" "Mozilla/5.0 (compatible; SemrushBot/7~bl; +http://www.semrush.com/bot.html)"
185.191.171.1 - - [26/Apr/2022:07:45:34 +0200] "GET /jasmin-medium-cabas-shikobu-p-46983.html?action=add_product HTTP/1.0" 302 476 "-" "Mozilla/5.0 (compatible; SemrushBot/7~bl; +http://www.semrush.com/bot.html)"
185.191.171.1 - - [26/Apr/2022:07:45:36 +0200] "GET /carpet-mandala-p-43927.html?action=add_product HTTP/1.0" 302 476 "-" "Mozilla/5.0 (compatible; SemrushBot/7~bl; +http://www.semrush.com/bot.html)"
54.36.148.155 - - [26/Apr/2022:07:46:12 +0200] "GET /my-first-figures-barbapapa-p-30489.html HTTP/1.0" 301 70875 "-" "Mozilla/5.0 (compatible; AhrefsBot/7.0; +http://ahrefs.com/robot/)"
54.36.148.243 - - [26/Apr/2022:07:46:34 +0200] "GET /good-morning-ceramic-breakfast-bowl-brown-p-55022.html HTTP/1.0" 200 74121 "-" "Mozilla/5.0 (compatible; AhrefsBot/7.0; +http://ahrefs.com/robot/)"
185.191.171.37 - - [26/Apr/2022:07:46:41 +0200] "GET /retro-ceramic-mug-super-girlfriend-p-45499.html HTTP/1.0" 301 71007 "-" "Mozilla/5.0 (compatible; SemrushBot/7~bl; +http://www.semrush.com/bot.html)"
185.191.171.26 - - [26/Apr/2022:07:46:45 +0200] "GET /retro-ceramic-super-girlfriend-p-45499.html HTTP/1.0" 200 70910 "-" "Mozilla/5.0 (compatible; SemrushBot/7~bl; +http://www.semrush.com/bot.html)"
185.191.171.8 - - [26/Apr/2022:07:46:49 +0200] "GET /coasters-p-42564.html HTTP/1.0" 200 73419 "-" "Mozilla/5.0 (compatible; SemrushBot/7~bl; +http://www.semrush.com/bot.html)"
185.191.171.19 - - [26/Apr/2022:07:46:57 +0200] "GET /panda-cushion-xl-p-28911.html HTTP/1.0" 301 73563 "-" "Mozilla/5.0 (compatible; SemrushBot/7~bl; +http://www.semrush.com/bot.html)"
185.191.171.8 - - [26/Apr/2022:07:47:03 +0200] "GET /panda-cushion-p-28911.html HTTP/1.0" 200 73483 "-" "Mozilla/5.0 (compatible; SemrushBot/7~bl; +http://www.semrush.com/bot.html)"
185.191.171.14 - - [26/Apr/2022:07:47:10 +0200] "GET /little-buddha-retractable-ballpoint-pink-orange-p-43066.html HTTP/1.0" 200 73727 "-" "Mozilla/5.0 (compatible; SemrushBot/7~bl; +http://www.semrush.com/bot.html)"
66.249.66.214 - - [26/Apr/2022:07:47:10 +0200] "GET /monks-golden-resin-hear-silent-p-56200.html HTTP/1.0" 200 74898 "-" "Mozilla/5.0 (Linux; Android 6.0.1; Nexus 5X Build/MMB29P) AppleWebKit/537.36 (KHTML, like Gecko) Chrome/100.0.4896.127 Mobile Safari/537.36 (compatible; Googlebot/2.1; +http://www.google.com/bot.html)"
40.125.126.53 - - [26/Apr/2022:07:47:37 +0200] "GET /images/mini_prod/boudha1384010191170.jpg HTTP/1.0" 200 275 "-" "Mozilla/5.0 (Windows NT 6.1; WOW64) AppleWebKit/537.36 (KHTML, like Gecko) Chrome/45.0.2454.101 Safari/537.36"
185.191.171.17 - - [26/Apr/2022:07:47:41 +0200] "GET /corail-fitted-sheet-p-39684.html HTTP/1.0" 200 73466 "-" "Mozilla/5.0 (compatible; SemrushBot/7~bl; +http://www.semrush.com/bot.html)"
211.249.40.15 - - [26/Apr/2022:07:47:44 +0200] "GET /images/big_prod/1304038301221.jpg HTTP/1.0" 200 268 "-" "Mozilla/5.0 (X11; Ubuntu; Linux x86_64; rv:72.0) Gecko/20100101 Firefox/72.0"
54.36.148.243 - - [26/Apr/2022:07:47:46 +0200] "GET /pencil-cbkreation-p-43449.html HTTP/1.0" 200 73439 "-" "Mozilla/5.0 (compatible; AhrefsBot/7.0; +http://ahrefs.com/robot/)"
185.191.171.38 - - [26/Apr/2022:07:47:47 +0200] "GET /three-wise-monkeys-mouse-cbkreation-p-24060.html?action=add_product HTTP/1.0" 302 476 "-" "Mozilla/5.0 (compatible; SemrushBot/7~bl; +http://www.semrush.com/bot.html)"
216.244.66.242 - - [26/Apr/2022:07:47:50 +0200] "GET /robots.txt HTTP/1.0" 200 245 "-" "Mozilla/5.0 (compatible; DotBot/1.2; +https://opensiteexplorer.org/dotbot; help@moz.com)"
185.191.171.15 - - [26/Apr/2022:07:47:51 +0200] "GET /boho-canvas-frame-dream-catcher-p-43086.html HTTP/1.0" 200 73648 "-" "Mozilla/5.0 (compatible; SemrushBot/7~bl; +http://www.semrush.com/bot.html)"
61.241.56.160 - - [26/Apr/2022:07:48:05 +0200] "GET /images/mini_prod/3661443279162.jpg HTTP/1.0" 200 269 "-" "-"
66.249.66.214 - - [26/Apr/2022:07:48:33 +0200] "GET /spongebob-food-melamine-plate-p-54787.html HTTP/1.0" 200 73471 "-" "Mozilla/5.0 (Linux; Android 6.0.1; Nexus 5X Build/MMB29P) AppleWebKit/537.36 (KHTML, like Gecko) Chrome/100.0.4896.127 Mobile Safari/537.36 (compatible; Googlebot/2.1; +http://www.google.com/bot.html)"
54.36.148.243 - - [26/Apr/2022:07:48:55 +0200] "GET /smiley-happiness-soup-notebook-p-16398.html HTTP/1.0" 200 73550 "-" "Mozilla/5.0 (compatible; AhrefsBot/7.0; +http://ahrefs.com/robot/)"
54.36.149.26 - - [26/Apr/2022:07:49:08 +0200] "GET /savon-de-marseille-bath-soap-dish-p-36222.html HTTP/1.0" 301 73632 "-" "Mozilla/5.0 (compatible; AhrefsBot/7.0; +http://ahrefs.com/robot/)"
185.191.171.41 - - [26/Apr/2022:07:49:11 +0200] "GET /marsupilami-money-p-40948.html HTTP/1.0" 200 74044 "-" "Mozilla/5.0 (compatible; SemrushBot/7~bl; +http://www.semrush.com/bot.html)"
77.88.5.208 - - [26/Apr/2022:07:49:45 +0200] "GET /urss-mouse-cbkreation-p-13992.html HTTP/1.0" 200 73405 "-" "Mozilla/5.0 (compatible; YandexBot/3.0; +http://yandex.com/bots)"
113.207.6.244 - - [26/Apr/2022:07:50:01 +0200] "GET /images/mini_prod/5036278061592.jpg HTTP/1.0" 200 269 "-" "Mozilla/5.0 (X11; Ubuntu; Linux x86_64; rv:72.0) Gecko/20100101 Firefox/72.0"
54.36.148.243 - - [26/Apr/2022:07:50:09 +0200] "GET /tinted-candle-mass-blue-p-56088.html HTTP/1.0" 200 74114 "-" "Mozilla/5.0 (compatible; AhrefsBot/7.0; +http://ahrefs.com/robot/)"
132.76.61.51 - - [26/Apr/2022:07:50:18 +0200] "GET /images/mini_prod/3760116326421.jpg HTTP/1.0" 200 269 "-" "Mozilla/5.0 (X11; Ubuntu; Linux x86_64; rv:72.0) Gecko/20100101 Firefox/72.0"
185.191.171.18 - - [26/Apr/2022:07:50:26 +0200] "GET /father-pride-simba-mufasa-figurine-p-45977.html HTTP/1.0" 200 75314 "-" "Mozilla/5.0 (compatible; SemrushBot/7~bl; +http://www.semrush.com/bot.html)"
185.191.171.39 - - [26/Apr/2022:07:50:31 +0200] "GET /aurora-disney-princess-wall-coat-rack-p-11944.html HTTP/1.0" 200 73693 "-" "Mozilla/5.0 (compatible; SemrushBot/7~bl; +http://www.semrush.com/bot.html)"
185.191.171.16 - - [26/Apr/2022:07:51:24 +0200] "GET /have-coffee-moneybox-p-37054.html HTTP/1.0" 200 70882 "-" "Mozilla/5.0 (compatible; SemrushBot/7~bl; +http://www.semrush.com/bot.html)"
54.36.148.243 - - [26/Apr/2022:07:51:29 +0200] "GET /cotton-floor-cushion-black-p-54662.html HTTP/1.0" 200 74105 "-" "Mozilla/5.0 (compatible; AhrefsBot/7.0; +http://ahrefs.com/robot/)"
113.207.6.244 - - [26/Apr/2022:07:51:41 +0200] "GET /images/mini_prod/3438100336533.jpg HTTP/1.0" 200 269 "-" "Mozilla/5.0 (X11; Ubuntu; Linux x86_64; rv:72.0) Gecko/20100101 Firefox/72.0"
47.89.211.98 - - [26/Apr/2022:07:52:14 +0200] "GET /images/mini_prod/1399984258347.jpg HTTP/1.0" 200 269 "-" "Mozilla/5.0 (X11; Ubuntu; Linux x86_64; rv:72.0) Gecko/20100101 Firefox/72.0"
51.68.224.127 - - [26/Apr/2022:07:52:32 +0200] "GET /adminweb/export_orders_xml.php?token=256de2z6edz6ed2z6DFSFsed2zed6zeDSFDSGdzedezfzf&maxorders=10&orderstart=1&status=14&start_date=2018-10-01 HTTP/1.0" 200 285 "-" "GesCom CharlotteBoutik Serveur"
51.68.224.127 - - [26/Apr/2022:07:52:32 +0200] "GET /adminweb/export_orders_xml.php?token=256de2z6edz6ed2z6DFSFsed2zed6zeDSFDSGdzedezfzf&maxorders=10&orderstart=1&status=6&start_date=2018-10-01 HTTP/1.0" 200 32798 "-" "GesCom CharlotteBoutik Serveur"
54.36.148.243 - - [26/Apr/2022:07:52:41 +0200] "GET /savane-liter-teapot-p-53853.html HTTP/1.0" 200 74104 "-" "Mozilla/5.0 (compatible; AhrefsBot/7.0; +http://ahrefs.com/robot/)"
66.249.66.210 - - [26/Apr/2022:07:52:43 +0200] "GET /images/big_prod/8435333824245.jpg HTTP/1.0" 200 268 "-" "Googlebot-Image/1.0"
185.191.171.21 - - [26/Apr/2022:07:52:55 +0200] "GET /jane-crowther-cats-p-54761.html?action=add_product HTTP/1.0" 302 476 "-" "Mozilla/5.0 (compatible; SemrushBot/7~bl; +http://www.semrush.com/bot.html)"
66.249.66.212 - - [26/Apr/2022:07:52:55 +0200] "GET /cement-tiles-round-side-table-p-49532.html HTTP/1.0" 200 74091 "-" "Mozilla/5.0 (compatible; Googlebot/2.1; +http://www.google.com/bot.html)"
185.191.171.26 - - [26/Apr/2022:07:52:58 +0200] "GET /clemence-charming-dekor-bedclothes-p-56824.html?action=add_product HTTP/1.0" 302 476 "-" "Mozilla/5.0 (compatible; SemrushBot/7~bl; +http://www.semrush.com/bot.html)"
77.88.5.208 - - [26/Apr/2022:07:53:02 +0200] "GET /model-assemble-paint-porsche-turbo-p-21597.html HTTP/1.0" 200 71014 "-" "Mozilla/5.0 (compatible; YandexBot/3.0; +http://yandex.com/bots)"
77.88.5.208 - - [26/Apr/2022:07:53:06 +0200] "GET /-p-30111.html HTTP/1.0" 200 70808 "-" "Mozilla/5.0 (compatible; YandexBot/3.0; +http://yandex.com/bots)"
54.36.148.243 - - [26/Apr/2022:07:53:56 +0200] "GET /skeleton-black-shirt-p-30118.html HTTP/1.0" 200 74616 "-" "Mozilla/5.0 (compatible; AhrefsBot/7.0; +http://ahrefs.com/robot/)"
40.125.96.140 - - [26/Apr/2022:07:54:05 +0200] "GET /images/big_prod_2/3700281645163b.jpg HTTP/1.0" 200 271 "-" "Mozilla/4.0 (compatible; MSIE 7.0; Windows NT 6.0)"
77.88.5.208 - - [26/Apr/2022:07:54:09 +0200] "GET /nitro-backpack-black-denim-p-35707.html HTTP/1.0" 200 73842 "-" "Mozilla/5.0 (compatible; YandexBot/3.0; +http://yandex.com/bots)"
185.191.171.20 - - [26/Apr/2022:07:54:15 +0200] "GET /gorjuss-dear-alice-maxi-portfolio-p-26467.html HTTP/1.0" 200 73699 "-" "Mozilla/5.0 (compatible; SemrushBot/7~bl; +http://www.semrush.com/bot.html)"
66.249.66.214 - - [26/Apr/2022:07:54:26 +0200] "GET /miracle-tattoos-augmented-reality-p-30661.html HTTP/1.0" 200 74293 "-" "Mozilla/5.0 (Linux; Android 6.0.1; Nexus 5X Build/MMB29P) AppleWebKit/537.36 (KHTML, like Gecko) Chrome/100.0.4896.127 Mobile Safari/537.36 (compatible; Googlebot/2.1; +http://www.google.com/bot.html)"
40.125.112.26 - - [26/Apr/2022:07:54:48 +0200] "GET /images/mini_prod/2110DSCN8647.jpg HTTP/1.0" 200 268 "-" "Mozilla/5.0 (Windows NT 10.0; WOW64) AppleWebKit/537.36 (KHTML, like Gecko) Chrome/64.0.3282.186 Safari/537.36"
185.191.171.36 - - [26/Apr/2022:07:54:52 +0200] "GET /raving-rabbids-storage-stool-p-28295.html HTTP/1.0" 200 70910 "-" "Mozilla/5.0 (compatible; SemrushBot/7~bl; +http://www.semrush.com/bot.html)"
185.191.171.37 - - [26/Apr/2022:07:54:59 +0200] "GET /mini-metal-tray-marseille-p-40097.html HTTP/1.0" 200 73563 "-" "Mozilla/5.0 (compatible; SemrushBot/7~bl; +http://www.semrush.com/bot.html)"
185.191.171.26 - - [26/Apr/2022:07:55:05 +0200] "GET /emoticon-cushion-45-45-cm-p-40434.html HTTP/1.0" 301 70875 "-" "Mozilla/5.0 (compatible; SemrushBot/7~bl; +http://www.semrush.com/bot.html)"
185.191.171.41 - - [26/Apr/2022:07:55:09 +0200] "GET /-p-40434.html HTTP/1.0" 200 70808 "-" "Mozilla/5.0 (compatible; SemrushBot/7~bl; +http://www.semrush.com/bot.html)"
54.36.148.243 - - [26/Apr/2022:07:55:10 +0200] "GET /help-shower-curtain-p-39388.html HTTP/1.0" 200 73530 "-" "Mozilla/5.0 (compatible; AhrefsBot/7.0; +http://ahrefs.com/robot/)"
185.191.171.15 - - [26/Apr/2022:07:55:15 +0200] "GET /kimmidoll-makeup-p-46148.html HTTP/1.0" 200 70904 "-" "Mozilla/5.0 (compatible; SemrushBot/7~bl; +http://www.semrush.com/bot.html)"
185.191.171.13 - - [26/Apr/2022:07:55:24 +0200] "GET /monsters-company-backpack-p-20233.html?action=add_product HTTP/1.0" 302 476 "-" "Mozilla/5.0 (compatible; SemrushBot/7~bl; +http://www.semrush.com/bot.html)"
185.191.171.3 - - [26/Apr/2022:07:55:27 +0200] "GET /arabica-oven-mitt-p-52682.html HTTP/1.0" 200 73446 "-" "Mozilla/5.0 (compatible; SemrushBot/7~bl; +http://www.semrush.com/bot.html)"
185.191.171.23 - - [26/Apr/2022:07:55:37 +0200] "GET /beautiful-babushka-kimmidoll-yellow-magnet-p-33212.html?action=add_product HTTP/1.0" 302 476 "-" "Mozilla/5.0 (compatible; SemrushBot/7~bl; +http://www.semrush.com/bot.html)"
185.191.171.36 - - [26/Apr/2022:07:56:08 +0200] "GET /religious-small-cushion-by-cbk-p-17373.html HTTP/1.0" 301 70875 "-" "Mozilla/5.0 (compatible; SemrushBot/7~bl; +http://www.semrush.com/bot.html)"
185.191.171.26 - - [26/Apr/2022:07:56:12 +0200] "GET /-p-17373.html HTTP/1.0" 200 70808 "-" "Mozilla/5.0 (compatible; SemrushBot/7~bl; +http://www.semrush.com/bot.html)"
54.36.148.243 - - [26/Apr/2022:07:56:20 +0200] "GET /fancy-elastic-bracelet-buddha-p-43733.html HTTP/1.0" 200 73468 "-" "Mozilla/5.0 (compatible; AhrefsBot/7.0; +http://ahrefs.com/robot/)"
216.244.66.242 - - [26/Apr/2022:07:56:23 +0200] "GET /glasses-and-drinking-cup-c-12_62.html HTTP/1.0" 301 90822 "-" "Mozilla/5.0 (compatible; DotBot/1.2; +https://opensiteexplorer.org/dotbot; help@moz.com)"
54.36.148.191 - - [26/Apr/2022:07:56:37 +0200] "GET /kimmijunior-charly-girly-set-p-17994.html HTTP/1.0" 301 73928 "-" "Mozilla/5.0 (compatible; AhrefsBot/7.0; +http://ahrefs.com/robot/)"
54.36.148.243 - - [26/Apr/2022:07:57:32 +0200] "GET /solar-powered-dancing-angel-p-34859.html HTTP/1.0" 200 73730 "-" "Mozilla/5.0 (compatible; AhrefsBot/7.0; +http://ahrefs.com/robot/)"
185.191.171.7 - - [26/Apr/2022:07:57:33 +0200] "GET /bamboo-fiber-plant-cover-p-57862.html?action=add_product HTTP/1.0" 302 476 "-" "Mozilla/5.0 (compatible; SemrushBot/7~bl; +http://www.semrush.com/bot.html)"
185.191.171.36 - - [26/Apr/2022:07:57:49 +0200] "GET /hello-kitty-by-camomilla-purple-sequins-large-handbag-p-8395.html HTTP/1.0" 301 71118 "-" "Mozilla/5.0 (compatible; SemrushBot/7~bl; +http://www.semrush.com/bot.html)"
185.191.171.36 - - [26/Apr/2022:07:57:52 +0200] "GET /hello-kitty-camomilla-purple-sequins-large-handbag-p-8395.html HTTP/1.0" 200 71002 "-" "Mozilla/5.0 (compatible; SemrushBot/7~bl; +http://www.semrush.com/bot.html)"
185.191.171.43 - - [26/Apr/2022:07:57:57 +0200] "GET /magnet-made-in-france-lavender-p-39446.html HTTP/1.0" 301 73674 "-" "Mozilla/5.0 (compatible; SemrushBot/7~bl; +http://www.semrush.com/bot.html)"
185.191.171.34 - - [26/Apr/2022:07:58:01 +0200] "GET /magnet-made-france-lavender-p-39446.html HTTP/1.0" 200 73580 "-" "Mozilla/5.0 (compatible; SemrushBot/7~bl; +http://www.semrush.com/bot.html)"
185.191.171.25 - - [26/Apr/2022:07:58:23 +0200] "GET /rectangular-clock-indian-spirit-70-cm-p-42948.html HTTP/1.0" 301 74304 "-" "Mozilla/5.0 (compatible; SemrushBot/7~bl; +http://www.semrush.com/bot.html)"
185.191.171.7 - - [26/Apr/2022:07:58:28 +0200] "GET /rectangular-clock-indian-spirit-p-42948.html HTTP/1.0" 200 74206 "-" "Mozilla/5.0 (compatible; SemrushBot/7~bl; +http://www.semrush.com/bot.html)"
185.191.171.42 - - [26/Apr/2022:07:58:41 +0200] "GET /large-brown-rhinoceros-statue-p-48276.html HTTP/1.0" 200 73551 "-" "Mozilla/5.0 (compatible; SemrushBot/7~bl; +http://www.semrush.com/bot.html)"
54.36.148.243 - - [26/Apr/2022:07:58:48 +0200] "GET /cushion-cover-p-52113.html HTTP/1.0" 200 73596 "-" "Mozilla/5.0 (compatible; AhrefsBot/7.0; +http://ahrefs.com/robot/)"
144.76.57.175 - - [26/Apr/2022:07:58:49 +0200] "GET /michelle-arlen-glass-clock-p-24295.html HTTP/1.0" 200 73841 "-" "Mozilla/4.0 (compatible; MSIE 6.0; Windows NT 5.1; SV1)"
185.191.171.19 - - [26/Apr/2022:07:58:55 +0200] "GET /desk-organizer-patined-wood-p-56396.html HTTP/1.0" 200 74368 "-" "Mozilla/5.0 (compatible; SemrushBot/7~bl; +http://www.semrush.com/bot.html)"
54.36.148.187 - - [26/Apr/2022:07:59:07 +0200] "GET /card-holders-and-passport-cases-c-31_236.html?page=1 HTTP/1.0" 301 91752 "-" "Mozilla/5.0 (compatible; AhrefsBot/7.0; +http://ahrefs.com/robot/)"
185.191.171.3 - - [26/Apr/2022:07:59:35 +0200] "GET /salt-pepper-laeticia-collection-p-52668.html?action=add_product HTTP/1.0" 302 476 "-" "Mozilla/5.0 (compatible; SemrushBot/7~bl; +http://www.semrush.com/bot.html)"
66.249.66.212 - - [26/Apr/2022:07:59:52 +0200] "GET /beyond-charms-keychain-sloth-p-51830.html HTTP/1.0" 200 74711 "-" "Mozilla/5.0 (Linux; Android 6.0.1; Nexus 5X Build/MMB29P) AppleWebKit/537.36 (KHTML, like Gecko) Chrome/100.0.4896.127 Mobile Safari/537.36 (compatible; Googlebot/2.1; +http://www.google.com/bot.html)"
185.191.171.12 - - [26/Apr/2022:07:59:57 +0200] "GET /blooms-isothermic-stainless-steel-bottle-allen-p-52006.html?action=add_product HTTP/1.0" 302 476 "-" "Mozilla/5.0 (compatible; SemrushBot/7~bl; +http://www.semrush.com/bot.html)"
54.36.148.243 - - [26/Apr/2022:08:00:06 +0200] "GET /pillow-case-flamingo-p-51989.html HTTP/1.0" 200 73711 "-" "Mozilla/5.0 (compatible; AhrefsBot/7.0; +http://ahrefs.com/robot/)"
54.36.149.89 - - [26/Apr/2022:08:00:28 +0200] "GET /grey-beige-eyelets-blackout-curtain-p-35113.html HTTP/1.0" 301 70875 "-" "Mozilla/5.0 (compatible; AhrefsBot/7.0; +http://ahrefs.com/robot/)"
92.154.31.53 - - [26/Apr/2022:08:00:52 +0200] "GET /adminweb/index.php?osCAdminID=2lu393o1o0i58ro4gmdg3lbrv1 HTTP/1.0" 302 394 "-" "Mozilla/5.0 (Windows NT 6.1; Win64; x64) AppleWebKit/537.36 (KHTML, like Gecko) Chrome/100.0.4896.127 Safari/537.36"
92.154.31.53 - - [26/Apr/2022:08:00:52 +0200] "GET /adminweb/login.php HTTP/1.0" 200 4479 "-" "Mozilla/5.0 (Windows NT 6.1; Win64; x64) AppleWebKit/537.36 (KHTML, like Gecko) Chrome/100.0.4896.127 Safari/537.36"
17.121.114.134 - - [26/Apr/2022:08:00:58 +0200] "GET /images/mini_prod/8433933011775.jpg HTTP/1.0" 200 269 "-" "Mozilla/5.0 (Macintosh; Intel Mac OS X 10_15_5) AppleWebKit/605.1.15 (KHTML, like Gecko) Version/13.1.1 Safari/605.1.15 (Applebot/0.1; +http://www.apple.com/go/applebot)"
185.191.171.26 - - [26/Apr/2022:08:01:18 +0200] "GET /-p-14481.html?action=add_product HTTP/1.0" 302 476 "-" "Mozilla/5.0 (compatible; SemrushBot/7~bl; +http://www.semrush.com/bot.html)"
54.36.148.243 - - [26/Apr/2022:08:01:28 +0200] "GET /furniture-knob-children-sold-individually-pink-heart-p-57141.html HTTP/1.0" 200 74733 "-" "Mozilla/5.0 (compatible; AhrefsBot/7.0; +http://ahrefs.com/robot/)"
66.249.66.214 - - [26/Apr/2022:08:01:35 +0200] "GET /golden-retriever-pencil-case-p-40829.html HTTP/1.0" 200 73524 "-" "Mozilla/5.0 (Linux; Android 6.0.1; Nexus 5X Build/MMB29P) AppleWebKit/537.36 (KHTML, like Gecko) Chrome/100.0.4896.127 Mobile Safari/537.36 (compatible; Googlebot/2.1; +http://www.google.com/bot.html)"
17.121.114.144 - - [26/Apr/2022:08:01:55 +0200] "GET /images/mini_prod/B1399985000228.jpg HTTP/1.0" 200 270 "-" "Mozilla/5.0 (Macintosh; Intel Mac OS X 10_15_5) AppleWebKit/605.1.15 (KHTML, like Gecko) Version/13.1.1 Safari/605.1.15 (Applebot/0.1; +http://www.apple.com/go/applebot)"
122.170.216.201 - - [26/Apr/2022:08:02:04 +0200] "GET /pencil-case-turning-into-pencil-bear-p-49226.html HTTP/1.0" 200 74719 "-" "Mozilla/5.0 (Windows NT 10.0; Win64; x64) AppleWebKit/537.36 (KHTML, like Gecko) Chrome/101.0.4951.41 Safari/537.36"
122.170.216.201 - - [26/Apr/2022:08:02:06 +0200] "GET /templates/Pixame_v1/stylesheet.css HTTP/1.0" 200 267 "http://www.wonder-geek.com/pencil-case-turning-into-pencil-bear-p-49226.html" "Mozilla/5.0 (Windows NT 10.0; Win64; x64) AppleWebKit/537.36 (KHTML, like Gecko) Chrome/101.0.4951.41 Safari/537.36"
122.170.216.201 - - [26/Apr/2022:08:02:06 +0200] "GET /highslide/highslide.js HTTP/1.0" 200 262 "http://www.wonder-geek.com/pencil-case-turning-into-pencil-bear-p-49226.html" "Mozilla/5.0 (Windows NT 10.0; Win64; x64) AppleWebKit/537.36 (KHTML, like Gecko) Chrome/101.0.4951.41 Safari/537.36"
122.170.216.201 - - [26/Apr/2022:08:02:06 +0200] "GET /js/jquery.js HTTP/1.0" 200 252 "http://www.wonder-geek.com/pencil-case-turning-into-pencil-bear-p-49226.html" "Mozilla/5.0 (Windows NT 10.0; Win64; x64) AppleWebKit/537.36 (KHTML, like Gecko) Chrome/101.0.4951.41 Safari/537.36"
122.170.216.201 - - [26/Apr/2022:08:02:06 +0200] "GET /js/jquery.jqzoom.js HTTP/1.0" 200 259 "http://www.wonder-geek.com/pencil-case-turning-into-pencil-bear-p-49226.html" "Mozilla/5.0 (Windows NT 10.0; Win64; x64) AppleWebKit/537.36 (KHTML, like Gecko) Chrome/101.0.4951.41 Safari/537.36"
122.170.216.201 - - [26/Apr/2022:08:02:06 +0200] "GET /mondial_relay/js/jquery-1.3.2.min.js HTTP/1.0" 200 276 "http://www.wonder-geek.com/pencil-case-turning-into-pencil-bear-p-49226.html" "Mozilla/5.0 (Windows NT 10.0; Win64; x64) AppleWebKit/537.36 (KHTML, like Gecko) Chrome/101.0.4951.41 Safari/537.36"
122.170.216.201 - - [26/Apr/2022:08:02:07 +0200] "GET /swfobject.js HTTP/1.0" 404 1308 "http://www.wonder-geek.com/pencil-case-turning-into-pencil-bear-p-49226.html" "Mozilla/5.0 (Windows NT 10.0; Win64; x64) AppleWebKit/537.36 (KHTML, like Gecko) Chrome/101.0.4951.41 Safari/537.36"
122.170.216.201 - - [26/Apr/2022:08:02:07 +0200] "GET /templates/Pixame_v1/images/infobox/pixel_trans.gif HTTP/1.0" 200 328 "http://www.wonder-geek.com/pencil-case-turning-into-pencil-bear-p-49226.html" "Mozilla/5.0 (Windows NT 10.0; Win64; x64) AppleWebKit/537.36 (KHTML, like Gecko) Chrome/101.0.4951.41 Safari/537.36"
122.170.216.201 - - [26/Apr/2022:08:02:07 +0200] "GET /templates/Pixame_v1/images/icon_accueil2.png HTTP/1.0" 200 278 "http://www.wonder-geek.com/pencil-case-turning-into-pencil-bear-p-49226.html" "Mozilla/5.0 (Windows NT 10.0; Win64; x64) AppleWebKit/537.36 (KHTML, like Gecko) Chrome/101.0.4951.41 Safari/537.36"
122.170.216.201 - - [26/Apr/2022:08:02:07 +0200] "GET /images/pixel_trans.gif HTTP/1.0" 200 328 "http://www.wonder-geek.com/pencil-case-turning-into-pencil-bear-p-49226.html" "Mozilla/5.0 (Windows NT 10.0; Win64; x64) AppleWebKit/537.36 (KHTML, like Gecko) Chrome/101.0.4951.41 Safari/537.36"
122.170.216.201 - - [26/Apr/2022:08:02:07 +0200] "GET /images/big_prod/720322300298.jpg HTTP/1.0" 200 267 "http://www.wonder-geek.com/pencil-case-turning-into-pencil-bear-p-49226.html" "Mozilla/5.0 (Windows NT 10.0; Win64; x64) AppleWebKit/537.36 (KHTML, like Gecko) Chrome/101.0.4951.41 Safari/537.36"
122.170.216.201 - - [26/Apr/2022:08:02:07 +0200] "GET /templates/Pixame_v1/images/pixel_trans.gif HTTP/1.0" 200 328 "http://www.wonder-geek.com/pencil-case-turning-into-pencil-bear-p-49226.html" "Mozilla/5.0 (Windows NT 10.0; Win64; x64) AppleWebKit/537.36 (KHTML, like Gecko) Chrome/101.0.4951.41 Safari/537.36"
122.170.216.201 - - [26/Apr/2022:08:02:07 +0200] "GET /templates/Pixame_v1/images/header-object.png HTTP/1.0" 200 278 "http://www.wonder-geek.com/templates/Pixame_v1/stylesheet.css" "Mozilla/5.0 (Windows NT 10.0; Win64; x64) AppleWebKit/537.36 (KHTML, like Gecko) Chrome/101.0.4951.41 Safari/537.36"
122.170.216.201 - - [26/Apr/2022:08:02:07 +0200] "GET /templates/Pixame_v1/images/Bottom_texture.jpg HTTP/1.0" 200 280 "http://www.wonder-geek.com/templates/Pixame_v1/stylesheet.css" "Mozilla/5.0 (Windows NT 10.0; Win64; x64) AppleWebKit/537.36 (KHTML, like Gecko) Chrome/101.0.4951.41 Safari/537.36"
122.170.216.201 - - [26/Apr/2022:08:02:07 +0200] "GET /templates/Pixame_v1/images/header.png HTTP/1.0" 200 271 "http://www.wonder-geek.com/templates/Pixame_v1/stylesheet.css" "Mozilla/5.0 (Windows NT 10.0; Win64; x64) AppleWebKit/537.36 (KHTML, like Gecko) Chrome/101.0.4951.41 Safari/537.36"
122.170.216.201 - - [26/Apr/2022:08:02:07 +0200] "GET /templates/Pixame_v1/images/Middle_texture.jpg HTTP/1.0" 200 280 "http://www.wonder-geek.com/templates/Pixame_v1/stylesheet.css" "Mozilla/5.0 (Windows NT 10.0; Win64; x64) AppleWebKit/537.36 (KHTML, like Gecko) Chrome/101.0.4951.41 Safari/537.36"
122.170.216.201 - - [26/Apr/2022:08:02:07 +0200] "GET /templates/Pixame_v1/images/nav.png HTTP/1.0" 200 268 "http://www.wonder-geek.com/templates/Pixame_v1/stylesheet.css" "Mozilla/5.0 (Windows NT 10.0; Win64; x64) AppleWebKit/537.36 (KHTML, like Gecko) Chrome/101.0.4951.41 Safari/537.36"
122.170.216.201 - - [26/Apr/2022:08:02:07 +0200] "GET /design/productsenstock.png HTTP/1.0" 200 260 "http://www.wonder-geek.com/templates/Pixame_v1/stylesheet.css" "Mozilla/5.0 (Windows NT 10.0; Win64; x64) AppleWebKit/537.36 (KHTML, like Gecko) Chrome/101.0.4951.41 Safari/537.36"
122.170.216.201 - - [26/Apr/2022:08:02:07 +0200] "GET /images/big_prod_2/b720322300298.jpg HTTP/1.0" 200 270 "http://www.wonder-geek.com/pencil-case-turning-into-pencil-bear-p-49226.html" "Mozilla/5.0 (Windows NT 10.0; Win64; x64) AppleWebKit/537.36 (KHTML, like Gecko) Chrome/101.0.4951.41 Safari/537.36"
122.170.216.201 - - [26/Apr/2022:08:02:07 +0200] "GET /highslide/graphics/zoomin.cur HTTP/1.0" 200 614 "http://www.wonder-geek.com/templates/Pixame_v1/stylesheet.css" "Mozilla/5.0 (Windows NT 10.0; Win64; x64) AppleWebKit/537.36 (KHTML, like Gecko) Chrome/101.0.4951.41 Safari/537.36"
122.170.216.201 - - [26/Apr/2022:08:02:08 +0200] "GET /templates/Pixame_v1/images/infobox/infobox_footer_middle.gif HTTP/1.0" 200 357 "http://www.wonder-geek.com/pencil-case-turning-into-pencil-bear-p-49226.html" "Mozilla/5.0 (Windows NT 10.0; Win64; x64) AppleWebKit/537.36 (KHTML, like Gecko) Chrome/101.0.4951.41 Safari/537.36"
122.170.216.201 - - [26/Apr/2022:08:02:08 +0200] "GET /images/big_prod_1/c720322300298.jpg HTTP/1.0" 200 270 "http://www.wonder-geek.com/pencil-case-turning-into-pencil-bear-p-49226.html" "Mozilla/5.0 (Windows NT 10.0; Win64; x64) AppleWebKit/537.36 (KHTML, like Gecko) Chrome/101.0.4951.41 Safari/537.36"
122.170.216.201 - - [26/Apr/2022:08:02:08 +0200] "GET /images/big_prod_3/720322300298b.jpg HTTP/1.0" 200 270 "http://www.wonder-geek.com/pencil-case-turning-into-pencil-bear-p-49226.html" "Mozilla/5.0 (Windows NT 10.0; Win64; x64) AppleWebKit/537.36 (KHTML, like Gecko) Chrome/101.0.4951.41 Safari/537.36"
122.170.216.201 - - [26/Apr/2022:08:02:08 +0200] "GET /templates/Pixame_v1/images/buttons/english/button_in_cart.gif HTTP/1.0" 200 295 "http://www.wonder-geek.com/pencil-case-turning-into-pencil-bear-p-49226.html" "Mozilla/5.0 (Windows NT 10.0; Win64; x64) AppleWebKit/537.36 (KHTML, like Gecko) Chrome/101.0.4951.41 Safari/537.36"
122.170.216.201 - - [26/Apr/2022:08:02:08 +0200] "GET /highslide/graphics/loader.white.gif HTTP/1.0" 200 960 "http://www.wonder-geek.com/templates/Pixame_v1/stylesheet.css" "Mozilla/5.0 (Windows NT 10.0; Win64; x64) AppleWebKit/537.36 (KHTML, like Gecko) Chrome/101.0.4951.41 Safari/537.36"
122.170.216.201 - - [26/Apr/2022:08:02:08 +0200] "GET /favicon.ico HTTP/1.0" 200 260 "http://www.wonder-geek.com/pencil-case-turning-into-pencil-bear-p-49226.html" "Mozilla/5.0 (Windows NT 10.0; Win64; x64) AppleWebKit/537.36 (KHTML, like Gecko) Chrome/101.0.4951.41 Safari/537.36"
122.170.216.201 - - [26/Apr/2022:08:02:08 +0200] "GET /highslide/graphics/zoomout.cur HTTP/1.0" 200 614 "http://www.wonder-geek.com/pencil-case-turning-into-pencil-bear-p-49226.html" "Mozilla/5.0 (Windows NT 10.0; Win64; x64) AppleWebKit/537.36 (KHTML, like Gecko) Chrome/101.0.4951.41 Safari/537.36"
122.170.216.201 - - [26/Apr/2022:08:02:08 +0200] "GET /highslide/graphics/outlines/drop-shadow.png HTTP/1.0" 200 277 "http://www.wonder-geek.com/pencil-case-turning-into-pencil-bear-p-49226.html" "Mozilla/5.0 (Windows NT 10.0; Win64; x64) AppleWebKit/537.36 (KHTML, like Gecko) Chrome/101.0.4951.41 Safari/537.36"
47.254.65.120 - - [26/Apr/2022:08:02:17 +0200] "GET /images/mini_prod/1399986106875.jpg HTTP/1.0" 200 269 "-" "Mozilla/5.0 (X11; Ubuntu; Linux x86_64; rv:72.0) Gecko/20100101 Firefox/72.0"
54.36.149.34 - - [26/Apr/2022:08:02:18 +0200] "GET /the-princess-and-the-frog-pairs-of-socks-size-27-30-p-25314.html HTTP/1.0" 301 70875 "-" "Mozilla/5.0 (compatible; AhrefsBot/7.0; +http://ahrefs.com/robot/)"
185.191.171.3 - - [26/Apr/2022:08:02:21 +0200] "GET /saint-mary-magdalene-prayer-candle-novena-p-47124.html?action=add_product HTTP/1.0" 302 476 "-" "Mozilla/5.0 (compatible; SemrushBot/7~bl; +http://www.semrush.com/bot.html)"
171.79.20.218 - - [26/Apr/2022:08:02:31 +0200] "GET /pencil-case-turning-into-pencil-bear-p-49226.html HTTP/1.0" 200 74719 "-" "Mozilla/5.0 (Windows NT 10.0; Win64; x64) AppleWebKit/537.36 (KHTML, like Gecko) Chrome/100.0.4896.127 Safari/537.36"
171.79.20.218 - - [26/Apr/2022:08:02:33 +0200] "GET /templates/Pixame_v1/stylesheet.css HTTP/1.0" 200 267 "http://www.wonder-geek.com/pencil-case-turning-into-pencil-bear-p-49226.html" "Mozilla/5.0 (Windows NT 10.0; Win64; x64) AppleWebKit/537.36 (KHTML, like Gecko) Chrome/100.0.4896.127 Safari/537.36"
171.79.20.218 - - [26/Apr/2022:08:02:33 +0200] "GET /highslide/highslide.js HTTP/1.0" 200 262 "http://www.wonder-geek.com/pencil-case-turning-into-pencil-bear-p-49226.html" "Mozilla/5.0 (Windows NT 10.0; Win64; x64) AppleWebKit/537.36 (KHTML, like Gecko) Chrome/100.0.4896.127 Safari/537.36"
171.79.20.218 - - [26/Apr/2022:08:02:33 +0200] "GET /js/jquery.js HTTP/1.0" 200 252 "http://www.wonder-geek.com/pencil-case-turning-into-pencil-bear-p-49226.html" "Mozilla/5.0 (Windows NT 10.0; Win64; x64) AppleWebKit/537.36 (KHTML, like Gecko) Chrome/100.0.4896.127 Safari/537.36"
185.191.171.35 - - [26/Apr/2022:08:02:32 +0200] "GET /large-elephant-lamp-p-51098.html?action=add_product HTTP/1.0" 302 476 "-" "Mozilla/5.0 (compatible; SemrushBot/7~bl; +http://www.semrush.com/bot.html)"
171.79.20.218 - - [26/Apr/2022:08:02:34 +0200] "GET /js/jquery.jqzoom.js HTTP/1.0" 200 259 "http://www.wonder-geek.com/pencil-case-turning-into-pencil-bear-p-49226.html" "Mozilla/5.0 (Windows NT 10.0; Win64; x64) AppleWebKit/537.36 (KHTML, like Gecko) Chrome/100.0.4896.127 Safari/537.36"
171.79.20.218 - - [26/Apr/2022:08:02:34 +0200] "GET /mondial_relay/js/jquery-1.3.2.min.js HTTP/1.0" 200 276 "http://www.wonder-geek.com/pencil-case-turning-into-pencil-bear-p-49226.html" "Mozilla/5.0 (Windows NT 10.0; Win64; x64) AppleWebKit/537.36 (KHTML, like Gecko) Chrome/100.0.4896.127 Safari/537.36"
171.79.20.218 - - [26/Apr/2022:08:02:34 +0200] "GET /swfobject.js HTTP/1.0" 404 1308 "http://www.wonder-geek.com/pencil-case-turning-into-pencil-bear-p-49226.html" "Mozilla/5.0 (Windows NT 10.0; Win64; x64) AppleWebKit/537.36 (KHTML, like Gecko) Chrome/100.0.4896.127 Safari/537.36"
171.79.20.218 - - [26/Apr/2022:08:02:34 +0200] "GET /templates/Pixame_v1/images/icon_accueil2.png HTTP/1.0" 200 278 "http://www.wonder-geek.com/pencil-case-turning-into-pencil-bear-p-49226.html" "Mozilla/5.0 (Windows NT 10.0; Win64; x64) AppleWebKit/537.36 (KHTML, like Gecko) Chrome/100.0.4896.127 Safari/537.36"
171.79.20.218 - - [26/Apr/2022:08:02:34 +0200] "GET /templates/Pixame_v1/images/pixel_trans.gif HTTP/1.0" 200 328 "http://www.wonder-geek.com/pencil-case-turning-into-pencil-bear-p-49226.html" "Mozilla/5.0 (Windows NT 10.0; Win64; x64) AppleWebKit/537.36 (KHTML, like Gecko) Chrome/100.0.4896.127 Safari/537.36"
171.79.20.218 - - [26/Apr/2022:08:02:34 +0200] "GET /templates/Pixame_v1/images/infobox/pixel_trans.gif HTTP/1.0" 200 328 "http://www.wonder-geek.com/pencil-case-turning-into-pencil-bear-p-49226.html" "Mozilla/5.0 (Windows NT 10.0; Win64; x64) AppleWebKit/537.36 (KHTML, like Gecko) Chrome/100.0.4896.127 Safari/537.36"
171.79.20.218 - - [26/Apr/2022:08:02:34 +0200] "GET /images/pixel_trans.gif HTTP/1.0" 200 328 "http://www.wonder-geek.com/pencil-case-turning-into-pencil-bear-p-49226.html" "Mozilla/5.0 (Windows NT 10.0; Win64; x64) AppleWebKit/537.36 (KHTML, like Gecko) Chrome/100.0.4896.127 Safari/537.36"
171.79.20.218 - - [26/Apr/2022:08:02:34 +0200] "GET /images/big_prod/720322300298.jpg HTTP/1.0" 200 267 "http://www.wonder-geek.com/pencil-case-turning-into-pencil-bear-p-49226.html" "Mozilla/5.0 (Windows NT 10.0; Win64; x64) AppleWebKit/537.36 (KHTML, like Gecko) Chrome/100.0.4896.127 Safari/537.36"
171.79.20.218 - - [26/Apr/2022:08:02:34 +0200] "GET /templates/Pixame_v1/images/Middle_texture.jpg HTTP/1.0" 200 280 "http://www.wonder-geek.com/templates/Pixame_v1/stylesheet.css" "Mozilla/5.0 (Windows NT 10.0; Win64; x64) AppleWebKit/537.36 (KHTML, like Gecko) Chrome/100.0.4896.127 Safari/537.36"
171.79.20.218 - - [26/Apr/2022:08:02:34 +0200] "GET /templates/Pixame_v1/images/Bottom_texture.jpg HTTP/1.0" 200 280 "http://www.wonder-geek.com/templates/Pixame_v1/stylesheet.css" "Mozilla/5.0 (Windows NT 10.0; Win64; x64) AppleWebKit/537.36 (KHTML, like Gecko) Chrome/100.0.4896.127 Safari/537.36"
171.79.20.218 - - [26/Apr/2022:08:02:34 +0200] "GET /templates/Pixame_v1/images/header-object.png HTTP/1.0" 200 278 "http://www.wonder-geek.com/templates/Pixame_v1/stylesheet.css" "Mozilla/5.0 (Windows NT 10.0; Win64; x64) AppleWebKit/537.36 (KHTML, like Gecko) Chrome/100.0.4896.127 Safari/537.36"
171.79.20.218 - - [26/Apr/2022:08:02:34 +0200] "GET /templates/Pixame_v1/images/header.png HTTP/1.0" 200 271 "http://www.wonder-geek.com/templates/Pixame_v1/stylesheet.css" "Mozilla/5.0 (Windows NT 10.0; Win64; x64) AppleWebKit/537.36 (KHTML, like Gecko) Chrome/100.0.4896.127 Safari/537.36"
171.79.20.218 - - [26/Apr/2022:08:02:34 +0200] "GET /templates/Pixame_v1/images/nav.png HTTP/1.0" 200 268 "http://www.wonder-geek.com/templates/Pixame_v1/stylesheet.css" "Mozilla/5.0 (Windows NT 10.0; Win64; x64) AppleWebKit/537.36 (KHTML, like Gecko) Chrome/100.0.4896.127 Safari/537.36"
171.79.20.218 - - [26/Apr/2022:08:02:35 +0200] "GET /design/productsenstock.png HTTP/1.0" 200 260 "http://www.wonder-geek.com/templates/Pixame_v1/stylesheet.css" "Mozilla/5.0 (Windows NT 10.0; Win64; x64) AppleWebKit/537.36 (KHTML, like Gecko) Chrome/100.0.4896.127 Safari/537.36"
171.79.20.218 - - [26/Apr/2022:08:02:35 +0200] "GET /highslide/graphics/zoomin.cur HTTP/1.0" 200 614 "http://www.wonder-geek.com/templates/Pixame_v1/stylesheet.css" "Mozilla/5.0 (Windows NT 10.0; Win64; x64) AppleWebKit/537.36 (KHTML, like Gecko) Chrome/100.0.4896.127 Safari/537.36"
171.79.20.218 - - [26/Apr/2022:08:02:35 +0200] "GET /templates/Pixame_v1/images/infobox/infobox_footer_middle.gif HTTP/1.0" 200 357 "http://www.wonder-geek.com/pencil-case-turning-into-pencil-bear-p-49226.html" "Mozilla/5.0 (Windows NT 10.0; Win64; x64) AppleWebKit/537.36 (KHTML, like Gecko) Chrome/100.0.4896.127 Safari/537.36"
171.79.20.218 - - [26/Apr/2022:08:02:35 +0200] "GET /images/big_prod_1/c720322300298.jpg HTTP/1.0" 200 270 "http://www.wonder-geek.com/pencil-case-turning-into-pencil-bear-p-49226.html" "Mozilla/5.0 (Windows NT 10.0; Win64; x64) AppleWebKit/537.36 (KHTML, like Gecko) Chrome/100.0.4896.127 Safari/537.36"
171.79.20.218 - - [26/Apr/2022:08:02:35 +0200] "GET /images/big_prod_2/b720322300298.jpg HTTP/1.0" 200 270 "http://www.wonder-geek.com/pencil-case-turning-into-pencil-bear-p-49226.html" "Mozilla/5.0 (Windows NT 10.0; Win64; x64) AppleWebKit/537.36 (KHTML, like Gecko) Chrome/100.0.4896.127 Safari/537.36"
171.79.20.218 - - [26/Apr/2022:08:02:35 +0200] "GET /images/big_prod_3/720322300298b.jpg HTTP/1.0" 200 270 "http://www.wonder-geek.com/pencil-case-turning-into-pencil-bear-p-49226.html" "Mozilla/5.0 (Windows NT 10.0; Win64; x64) AppleWebKit/537.36 (KHTML, like Gecko) Chrome/100.0.4896.127 Safari/537.36"
171.79.20.218 - - [26/Apr/2022:08:02:35 +0200] "GET /templates/Pixame_v1/images/buttons/english/button_in_cart.gif HTTP/1.0" 200 295 "http://www.wonder-geek.com/pencil-case-turning-into-pencil-bear-p-49226.html" "Mozilla/5.0 (Windows NT 10.0; Win64; x64) AppleWebKit/537.36 (KHTML, like Gecko) Chrome/100.0.4896.127 Safari/537.36"
185.191.171.44 - - [26/Apr/2022:08:02:35 +0200] "GET /statuette-soldier-emperor-p-57986.html HTTP/1.0" 200 74421 "-" "Mozilla/5.0 (compatible; SemrushBot/7~bl; +http://www.semrush.com/bot.html)"
171.79.20.218 - - [26/Apr/2022:08:02:36 +0200] "GET /highslide/graphics/outlines/drop-shadow.png HTTP/1.0" 200 277 "http://www.wonder-geek.com/pencil-case-turning-into-pencil-bear-p-49226.html" "Mozilla/5.0 (Windows NT 10.0; Win64; x64) AppleWebKit/537.36 (KHTML, like Gecko) Chrome/100.0.4896.127 Safari/537.36"
171.79.20.218 - - [26/Apr/2022:08:02:36 +0200] "GET /highslide/graphics/zoomout.cur HTTP/1.0" 200 614 "http://www.wonder-geek.com/pencil-case-turning-into-pencil-bear-p-49226.html" "Mozilla/5.0 (Windows NT 10.0; Win64; x64) AppleWebKit/537.36 (KHTML, like Gecko) Chrome/100.0.4896.127 Safari/537.36"
171.79.20.218 - - [26/Apr/2022:08:02:36 +0200] "GET /highslide/graphics/loader.white.gif HTTP/1.0" 200 960 "http://www.wonder-geek.com/templates/Pixame_v1/stylesheet.css" "Mozilla/5.0 (Windows NT 10.0; Win64; x64) AppleWebKit/537.36 (KHTML, like Gecko) Chrome/100.0.4896.127 Safari/537.36"
171.79.20.218 - - [26/Apr/2022:08:02:36 +0200] "GET /favicon.ico HTTP/1.0" 200 260 "http://www.wonder-geek.com/pencil-case-turning-into-pencil-bear-p-49226.html" "Mozilla/5.0 (Windows NT 10.0; Win64; x64) AppleWebKit/537.36 (KHTML, like Gecko) Chrome/100.0.4896.127 Safari/537.36"
54.36.148.91 - - [26/Apr/2022:08:02:36 +0200] "GET /incense-burner-sticks-ohm-p-49360.html HTTP/1.0" 301 74187 "-" "Mozilla/5.0 (compatible; AhrefsBot/7.0; +http://ahrefs.com/robot/)"
185.191.171.15 - - [26/Apr/2022:08:03:01 +0200] "GET /robots.txt HTTP/1.0" 200 245 "-" "Mozilla/5.0 (compatible; SemrushBot/7~bl; +http://www.semrush.com/bot.html)"
185.191.171.21 - - [26/Apr/2022:08:03:01 +0200] "GET /bamboo-fiber-plant-cover-p-54409.html?action=add_product HTTP/1.0" 302 476 "-" "Mozilla/5.0 (compatible; SemrushBot/7~bl; +http://www.semrush.com/bot.html)"
54.36.148.243 - - [26/Apr/2022:08:03:06 +0200] "GET /dubout-cats-compact-double-mirror-p-37046.html HTTP/1.0" 200 75068 "-" "Mozilla/5.0 (compatible; AhrefsBot/7.0; +http://ahrefs.com/robot/)"
185.191.171.8 - - [26/Apr/2022:08:03:15 +0200] "GET /buddha-rectangulary-cushion-cbkreation-p-36578.html HTTP/1.0" 200 70956 "-" "Mozilla/5.0 (compatible; SemrushBot/7~bl; +http://www.semrush.com/bot.html)"
185.191.171.43 - - [26/Apr/2022:08:03:44 +0200] "GET /box-of-sardines-metal-clock-29-cm-p-40937.html HTTP/1.0" 301 70875 "-" "Mozilla/5.0 (compatible; SemrushBot/7~bl; +http://www.semrush.com/bot.html)"
185.191.171.23 - - [26/Apr/2022:08:03:48 +0200] "GET /-p-40937.html HTTP/1.0" 200 70808 "-" "Mozilla/5.0 (compatible; SemrushBot/7~bl; +http://www.semrush.com/bot.html)"
77.88.5.208 - - [26/Apr/2022:08:04:00 +0200] "GET /robots.txt HTTP/1.0" 200 245 "-" "Mozilla/5.0 (compatible; YandexBot/3.0; +http://yandex.com/bots)"
77.88.5.208 - - [26/Apr/2022:08:04:03 +0200] "GET /lulu-castagnette-large-backpack-p-24716.html HTTP/1.0" 200 70922 "-" "Mozilla/5.0 (compatible; YandexBot/3.0; +http://yandex.com/bots)"
185.191.171.21 - - [26/Apr/2022:08:04:30 +0200] "GET /om-olympique-de-marseille-jug-litre-p-33909.html HTTP/1.0" 301 73699 "-" "Mozilla/5.0 (compatible; SemrushBot/7~bl; +http://www.semrush.com/bot.html)"
54.36.148.243 - - [26/Apr/2022:08:04:31 +0200] "GET /funky-bears-invaders-keychains-p-19201.html HTTP/1.0" 200 74418 "-" "Mozilla/5.0 (compatible; AhrefsBot/7.0; +http://ahrefs.com/robot/)"
185.191.171.15 - - [26/Apr/2022:08:04:35 +0200] "GET /olympique-marseille-litre-p-33909.html HTTP/1.0" 200 73607 "-" "Mozilla/5.0 (compatible; SemrushBot/7~bl; +http://www.semrush.com/bot.html)"
185.191.171.16 - - [26/Apr/2022:08:04:39 +0200] "GET /mug-dangerous-by-cbkreation-p-17532.html HTTP/1.0" 301 73510 "-" "Mozilla/5.0 (compatible; SemrushBot/7~bl; +http://www.semrush.com/bot.html)"
185.191.171.15 - - [26/Apr/2022:08:04:43 +0200] "GET /dangerous-cbkreation-p-17532.html HTTP/1.0" 200 73423 "-" "Mozilla/5.0 (compatible; SemrushBot/7~bl; +http://www.semrush.com/bot.html)"
185.191.171.34 - - [26/Apr/2022:08:04:59 +0200] "GET /statuette-gray-resin-p-55061.html HTTP/1.0" 200 73615 "-" "Mozilla/5.0 (compatible; SemrushBot/7~bl; +http://www.semrush.com/bot.html)"
185.191.171.36 - - [26/Apr/2022:08:05:09 +0200] "GET /winnie-pooh-with-honey-figure-p-15643.html?action=add_product HTTP/1.0" 302 476 "-" "Mozilla/5.0 (compatible; SemrushBot/7~bl; +http://www.semrush.com/bot.html)"
185.191.171.4 - - [26/Apr/2022:08:05:29 +0200] "GET /light-wood-table-lamp-scandinavian-spirit-44-cm-p-52411.html HTTP/1.0" 301 71086 "-" "Mozilla/5.0 (compatible; SemrushBot/7~bl; +http://www.semrush.com/bot.html)"
185.191.171.45 - - [26/Apr/2022:08:05:32 +0200] "GET /light-wood-table-lamp-scandinavian-spirit-p-52411.html HTTP/1.0" 200 70978 "-" "Mozilla/5.0 (compatible; SemrushBot/7~bl; +http://www.semrush.com/bot.html)"
185.191.171.7 - - [26/Apr/2022:08:05:44 +0200] "GET /burlap-round-table-p-57555.html HTTP/1.0" 200 73383 "-" "Mozilla/5.0 (compatible; SemrushBot/7~bl; +http://www.semrush.com/bot.html)"
54.36.148.243 - - [26/Apr/2022:08:06:03 +0200] "GET /hand-fatma-incense-stick-holder-p-54082.html HTTP/1.0" 200 73609 "-" "Mozilla/5.0 (compatible; AhrefsBot/7.0; +http://ahrefs.com/robot/)"
47.88.84.24 - - [26/Apr/2022:08:06:28 +0200] "GET /images/mini_prod/1399984254394.jpg HTTP/1.0" 200 269 "-" "Mozilla/5.0 (X11; Ubuntu; Linux x86_64; rv:72.0) Gecko/20100101 Firefox/72.0"
185.191.171.25 - - [26/Apr/2022:08:06:47 +0200] "GET /tablecloth-castillon-treated-anti-stain-blue-p-48526.html HTTP/1.0" 301 70875 "-" "Mozilla/5.0 (compatible; SemrushBot/7~bl; +http://www.semrush.com/bot.html)"
185.191.171.16 - - [26/Apr/2022:08:06:53 +0200] "GET /-p-48526.html HTTP/1.0" 200 70808 "-" "Mozilla/5.0 (compatible; SemrushBot/7~bl; +http://www.semrush.com/bot.html)"
216.244.66.242 - - [26/Apr/2022:08:06:56 +0200] "GET /tweety-figurine-p-45041.html HTTP/1.0" 200 70874 "-" "Mozilla/5.0 (compatible; DotBot/1.2; +https://opensiteexplorer.org/dotbot; help@moz.com)"
17.121.115.241 - - [26/Apr/2022:08:07:01 +0200] "GET /bread-box-c-13_150_211.html HTTP/1.0" 301 78538 "-" "Mozilla/5.0 (Macintosh; Intel Mac OS X 10_15_5) AppleWebKit/605.1.15 (KHTML, like Gecko) Version/13.1.1 Safari/605.1.15 (Applebot/0.1; +http://www.apple.com/go/applebot)"
17.121.115.241 - - [26/Apr/2022:08:07:03 +0200] "GET /bread-c-211.html HTTP/1.0" 301 78299 "-" "Mozilla/5.0 (Macintosh; Intel Mac OS X 10_15_5) AppleWebKit/605.1.15 (KHTML, like Gecko) Version/13.1.1 Safari/605.1.15 (Applebot/0.1; +http://www.apple.com/go/applebot)"
17.121.115.241 - - [26/Apr/2022:08:07:05 +0200] "GET /bread-c-13_150_211.html HTTP/1.0" 200 78468 "-" "Mozilla/5.0 (Macintosh; Intel Mac OS X 10_15_5) AppleWebKit/605.1.15 (KHTML, like Gecko) Version/13.1.1 Safari/605.1.15 (Applebot/0.1; +http://www.apple.com/go/applebot)"
185.191.171.5 - - [26/Apr/2022:08:07:17 +0200] "GET /the-little-prince-of-saint-exupery-bowl-p-44840.html HTTP/1.0" 301 73638 "-" "Mozilla/5.0 (compatible; SemrushBot/7~bl; +http://www.semrush.com/bot.html)"
54.36.148.243 - - [26/Apr/2022:08:07:17 +0200] "GET /floor-cushions-c-11_182.html?page=2 HTTP/1.0" 200 91785 "-" "Mozilla/5.0 (compatible; AhrefsBot/7.0; +http://ahrefs.com/robot/)"
185.191.171.5 - - [26/Apr/2022:08:07:21 +0200] "GET /little-prince-saint-exupery-bowl-p-44840.html HTTP/1.0" 200 73539 "-" "Mozilla/5.0 (compatible; SemrushBot/7~bl; +http://www.semrush.com/bot.html)"
46.182.21.248 - - [26/Apr/2022:08:07:24 +0200] "GET /contact_us.php HTTP/1.0" 200 26241 "http://www.wonder-geek.com/contact_us.php" "Mozilla/5.0 (Windows NT 6.1; Win64; x64) AppleWebKit/537.36 (KHTML, like Gecko) Chrome/90.0.4430.72 Safari/537.36"
185.191.171.26 - - [26/Apr/2022:08:07:25 +0200] "GET /teo-jasmin-companion-portfolio-p-43462.html HTTP/1.0" 301 71003 "-" "Mozilla/5.0 (compatible; SemrushBot/7~bl; +http://www.semrush.com/bot.html)"
216.244.66.242 - - [26/Apr/2022:08:07:29 +0200] "GET /god-save-the-queen-mug-by-cbkreation-p-13923.html HTTP/1.0" 301 73583 "-" "Mozilla/5.0 (compatible; DotBot/1.2; +https://opensiteexplorer.org/dotbot; help@moz.com)"
17.121.112.99 - - [26/Apr/2022:08:07:29 +0200] "GET /pink-tourmaline-sold-weight-p-48549.html HTTP/1.0" 200 74632 "-" "Mozilla/5.0 (Macintosh; Intel Mac OS X 10_15_5) AppleWebKit/605.1.15 (KHTML, like Gecko) Version/13.1.1 Safari/605.1.15 (Applebot/0.1; +http://www.apple.com/go/applebot)"
185.191.171.26 - - [26/Apr/2022:08:07:31 +0200] "GET /jasmin-companion-portfolio-p-43462.html HTTP/1.0" 200 70910 "-" "Mozilla/5.0 (compatible; SemrushBot/7~bl; +http://www.semrush.com/bot.html)"
46.182.21.248 - - [26/Apr/2022:08:07:34 +0200] "POST /contact_us.php?action=send HTTP/1.0" 200 26415 "http://www.wonder-geek.com/contact_us.php" "Mozilla/5.0 (Windows NT 6.1; Win64; x64) AppleWebKit/537.36 (KHTML, like Gecko) Chrome/90.0.4430.72 Safari/537.36"
46.182.21.248 - - [26/Apr/2022:08:07:38 +0200] "GET /contact_us.php HTTP/1.0" 200 26241 "http://www.wonder-geek.com/contact_us.php" "Mozilla/5.0 (Windows NT 6.1; Win64; x64) AppleWebKit/537.36 (KHTML, like Gecko) Chrome/90.0.4430.72 Safari/537.36"
216.244.66.242 - - [26/Apr/2022:08:07:38 +0200] "GET /sheaffer-fountain-pen-ferrari-100-p-38771.html HTTP/1.0" 301 74325 "-" "Mozilla/5.0 (compatible; DotBot/1.2; +https://opensiteexplorer.org/dotbot; help@moz.com)"
113.207.6.244 - - [26/Apr/2022:08:07:47 +0200] "GET /images/mini_prod/3661443279193.jpg HTTP/1.0" 200 269 "-" "Mozilla/5.0 (X11; Ubuntu; Linux x86_64; rv:72.0) Gecko/20100101 Firefox/72.0"
185.191.171.21 - - [26/Apr/2022:08:08:02 +0200] "GET /blue-gold-statuette-p-48307.html HTTP/1.0" 200 73555 "-" "Mozilla/5.0 (compatible; SemrushBot/7~bl; +http://www.semrush.com/bot.html)"
185.191.171.36 - - [26/Apr/2022:08:08:16 +0200] "GET /love-calligraphy-compact-mirror-p-26197.html HTTP/1.0" 200 73645 "-" "Mozilla/5.0 (compatible; SemrushBot/7~bl; +http://www.semrush.com/bot.html)"
185.191.171.26 - - [26/Apr/2022:08:08:28 +0200] "GET /monkey-money-p-54817.html?action=add_product HTTP/1.0" 302 476 "-" "Mozilla/5.0 (compatible; SemrushBot/7~bl; +http://www.semrush.com/bot.html)"
54.36.148.243 - - [26/Apr/2022:08:08:28 +0200] "GET /wallet-c-31_237.html HTTP/1.0" 200 91920 "-" "Mozilla/5.0 (compatible; AhrefsBot/7.0; +http://ahrefs.com/robot/)"
185.191.171.38 - - [26/Apr/2022:08:08:33 +0200] "GET /salt-pepper-gaston-collection-p-52665.html?action=add_product HTTP/1.0" 302 476 "-" "Mozilla/5.0 (compatible; SemrushBot/7~bl; +http://www.semrush.com/bot.html)"
51.68.224.127 - - [26/Apr/2022:08:08:45 +0200] "GET /adminweb/export_orders_xml.php?token=256de2z6edz6ed2z6DFSFsed2zed6zeDSFDSGdzedezfzf&maxorders=10&orderstart=1&status=14&start_date=2018-10-01 HTTP/1.0" 200 285 "-" "GesCom CharlotteBoutik Serveur"
51.68.224.127 - - [26/Apr/2022:08:08:45 +0200] "GET /adminweb/export_orders_xml.php?token=256de2z6edz6ed2z6DFSFsed2zed6zeDSFDSGdzedezfzf&maxorders=10&orderstart=1&status=6&start_date=2018-10-01 HTTP/1.0" 200 32798 "-" "GesCom CharlotteBoutik Serveur"
185.191.171.11 - - [26/Apr/2022:08:09:05 +0200] "GET /klimt-candle-holders-p-53529.html HTTP/1.0" 200 74360 "-" "Mozilla/5.0 (compatible; SemrushBot/7~bl; +http://www.semrush.com/bot.html)"
185.191.171.39 - - [26/Apr/2022:08:09:25 +0200] "GET /lulu-castagnette-mug-p-16377.html HTTP/1.0" 301 73538 "-" "Mozilla/5.0 (compatible; SemrushBot/7~bl; +http://www.semrush.com/bot.html)"
185.191.171.43 - - [26/Apr/2022:08:09:30 +0200] "GET /lulu-castagnette-p-16377.html HTTP/1.0" 200 73455 "-" "Mozilla/5.0 (compatible; SemrushBot/7~bl; +http://www.semrush.com/bot.html)"
185.191.171.5 - - [26/Apr/2022:08:09:33 +0200] "GET /summer-time-wooden-wall-hook-p-41406.html?action=add_product HTTP/1.0" 302 476 "-" "Mozilla/5.0 (compatible; SemrushBot/7~bl; +http://www.semrush.com/bot.html)"
54.36.148.243 - - [26/Apr/2022:08:09:34 +0200] "GET /incense-stick-holder-flower-p-43935.html HTTP/1.0" 200 73585 "-" "Mozilla/5.0 (compatible; AhrefsBot/7.0; +http://ahrefs.com/robot/)"
66.249.66.212 - - [26/Apr/2022:08:09:42 +0200] "GET /canvas-frame-cherche-bonheur-p-39223.html HTTP/1.0" 200 73763 "-" "Mozilla/5.0 (compatible; Googlebot/2.1; +http://www.google.com/bot.html)"
185.191.171.13 - - [26/Apr/2022:08:10:12 +0200] "GET /kimmidoll-shopper-bag-pink-satin-collection-p-13365.html HTTP/1.0" 301 70875 "-" "Mozilla/5.0 (compatible; SemrushBot/7~bl; +http://www.semrush.com/bot.html)"
185.191.171.25 - - [26/Apr/2022:08:10:16 +0200] "GET /-p-13365.html HTTP/1.0" 200 70808 "-" "Mozilla/5.0 (compatible; SemrushBot/7~bl; +http://www.semrush.com/bot.html)"
185.191.171.10 - - [26/Apr/2022:08:10:32 +0200] "GET /mickey-mazagran-p-4888.html HTTP/1.0" 200 73356 "-" "Mozilla/5.0 (compatible; SemrushBot/7~bl; +http://www.semrush.com/bot.html)"
147.92.153.11 - - [26/Apr/2022:08:10:47 +0200] "GET /robots.txt HTTP/1.0" 200 245 "-" "Mozilla/5.0 (compatible; Linespider/1.1; +https://lin.ee/4dwXkTH)"
216.244.66.242 - - [26/Apr/2022:08:10:46 +0200] "GET /figurine-frog-water-lily-aged-effect-p-45641.html HTTP/1.0" 200 73609 "-" "Mozilla/5.0 (compatible; DotBot/1.2; +https://opensiteexplorer.org/dotbot; help@moz.com)"
185.191.171.8 - - [26/Apr/2022:08:10:48 +0200] "GET /mickey-birthday-card-with-envelope-p-25257.html?action=add_product HTTP/1.0" 302 476 "-" "Mozilla/5.0 (compatible; SemrushBot/7~bl; +http://www.semrush.com/bot.html)"
54.36.148.243 - - [26/Apr/2022:08:10:50 +0200] "GET /flower-aged-ceramic-ocher-p-57660.html HTTP/1.0" 200 74125 "-" "Mozilla/5.0 (compatible; AhrefsBot/7.0; +http://ahrefs.com/robot/)"
147.92.153.4 - - [26/Apr/2022:08:10:56 +0200] "GET /images/big_prod/8422080298504.jpg HTTP/1.0" 200 268 "-" "Mozilla/5.0 (compatible; Linespider/1.1; +https://lin.ee/4dwXkTH)"
66.249.66.210 - - [26/Apr/2022:08:11:12 +0200] "GET /provence-marseille-soap-dispenser-p-36157.html HTTP/1.0" 200 73565 "-" "Mozilla/5.0 (Linux; Android 6.0.1; Nexus 5X Build/MMB29P) AppleWebKit/537.36 (KHTML, like Gecko) Chrome/100.0.4896.127 Mobile Safari/537.36 (compatible; Googlebot/2.1; +http://www.google.com/bot.html)"
66.249.66.210 - - [26/Apr/2022:08:11:34 +0200] "GET /duvet-cover-side-linen-side-washed-cotton-p-55210.html HTTP/1.0" 200 74338 "-" "Mozilla/5.0 (Linux; Android 6.0.1; Nexus 5X Build/MMB29P) AppleWebKit/537.36 (KHTML, like Gecko) Chrome/100.0.4896.127 Mobile Safari/537.36 (compatible; Googlebot/2.1; +http://www.google.com/bot.html)"
66.249.66.210 - - [26/Apr/2022:08:11:38 +0200] "GET /small-green-japanese-enameled-cast-iron-teapot-liter-p-57681.html HTTP/1.0" 200 73866 "-" "Mozilla/5.0 (Linux; Android 6.0.1; Nexus 5X Build/MMB29P) AppleWebKit/537.36 (KHTML, like Gecko) Chrome/100.0.4896.127 Mobile Safari/537.36 (compatible; Googlebot/2.1; +http://www.google.com/bot.html)"
211.249.40.15 - - [26/Apr/2022:08:11:51 +0200] "GET /images/med_prod/8435107771287.jpg HTTP/1.0" 200 268 "-" "Mozilla/5.0 (X11; Ubuntu; Linux x86_64; rv:72.0) Gecko/20100101 Firefox/72.0"
