77.88.5.208 - - [26/Apr/2022:23:49:46 +0200] "GET /highslide/highslide.js HTTP/1.0" 200 262 "http://www.wonder-geek.com/" "Mozilla/5.0 (compatible; YandexBot/3.0; +http://yandex.com/bots) AppleWebKit/537.36 (KHTML, like Gecko) Chrome/81.0.4044.268"
77.88.5.237 - - [26/Apr/2022:23:49:47 +0200] "GET /js/modernizr-transitions.js HTTP/1.0" 200 267 "http://www.wonder-geek.com/" "Mozilla/5.0 (compatible; YandexBot/3.0; +http://yandex.com/bots) AppleWebKit/537.36 (KHTML, like Gecko) Chrome/81.0.4044.268"
185.191.171.42 - - [26/Apr/2022:23:49:54 +0200] "GET /headrest-cushion-blue-50-70-cm-p-44365.html HTTP/1.0" 301 74187 "-" "Mozilla/5.0 (compatible; SemrushBot/7~bl; +http://www.semrush.com/bot.html)"
185.191.171.39 - - [26/Apr/2022:23:49:58 +0200] "GET /headrest-cushion-blue-p-44365.html HTTP/1.0" 200 74099 "-" "Mozilla/5.0 (compatible; SemrushBot/7~bl; +http://www.semrush.com/bot.html)"
157.55.39.105 - - [26/Apr/2022:23:50:04 +0200] "GET /decorations-c-13_89.html HTTP/1.0" 200 92384 "-" "Mozilla/5.0 (compatible; bingbot/2.0; +http://www.bing.com/bingbot.htm)"
66.249.66.212 - - [26/Apr/2022:23:50:11 +0200] "GET /exit-way-out-hand-wooden-frame-p-45701.html HTTP/1.0" 301 73664 "-" "Mozilla/5.0 (compatible; Googlebot/2.1; +http://www.google.com/bot.html)"
66.249.66.212 - - [26/Apr/2022:23:50:13 +0200] "GET /exit-hand-wooden-frame-p-45701.html HTTP/1.0" 200 73575 "-" "Mozilla/5.0 (compatible; Googlebot/2.1; +http://www.google.com/bot.html)"
77.88.5.208 - - [26/Apr/2022:23:50:17 +0200] "GET /js/jquery.min.js HTTP/1.0" 404 1308 "http://www.wonder-geek.com/" "Mozilla/5.0 (compatible; YandexBot/3.0; +http://yandex.com/bots) AppleWebKit/537.36 (KHTML, like Gecko) Chrome/81.0.4044.268"
54.36.148.243 - - [26/Apr/2022:23:50:31 +0200] "GET /luminous-diffuser-essential-oils-moon-stars-p-57669.html HTTP/1.0" 200 75205 "-" "Mozilla/5.0 (compatible; AhrefsBot/7.0; +http://ahrefs.com/robot/)"
185.191.171.33 - - [26/Apr/2022:23:50:59 +0200] "GET /glass-jellyfish-paperweight-p-52790.html HTTP/1.0" 200 73518 "-" "Mozilla/5.0 (compatible; SemrushBot/7~bl; +http://www.semrush.com/bot.html)"
77.88.5.208 - - [26/Apr/2022:23:51:01 +0200] "GET /js/jquery.masonry.min.js HTTP/1.0" 200 264 "http://www.wonder-geek.com/" "Mozilla/5.0 (compatible; YandexBot/3.0; +http://yandex.com/bots) AppleWebKit/537.36 (KHTML, like Gecko) Chrome/81.0.4044.268"
17.121.113.47 - - [26/Apr/2022:23:51:04 +0200] "GET /boutis-quilt-bedspread-c-11_194.html HTTP/1.0" 200 88502 "-" "Mozilla/5.0 (Macintosh; Intel Mac OS X 10_15_5) AppleWebKit/605.1.15 (KHTML, like Gecko) Version/13.1.1 Safari/605.1.15 (Applebot/0.1; +http://www.apple.com/go/applebot)"
114.119.133.245 - - [26/Apr/2022:23:51:14 +0200] "GET /images/big_prod_1/8445148024105a.jpg HTTP/1.0" 200 271 "-" "Mozilla/5.0 (Linux; Android 7.0;) AppleWebKit/537.36 (KHTML, like Gecko) Mobile Safari/537.36 (compatible; PetalBot;+https://webmaster.petalsearch.com/site/petalbot)"
77.88.5.208 - - [26/Apr/2022:23:51:17 +0200] "GET /swfobject.js HTTP/1.0" 404 1308 "http://www.wonder-geek.com/" "Mozilla/5.0 (compatible; YandexBot/3.0; +http://yandex.com/bots) AppleWebKit/537.36 (KHTML, like Gecko) Chrome/81.0.4044.268"
66.249.66.212 - - [26/Apr/2022:23:51:38 +0200] "GET /cotton-kitchen-towel-vieillis-p-55956.html HTTP/1.0" 200 73561 "-" "Mozilla/5.0 (compatible; Googlebot/2.1; +http://www.google.com/bot.html)"
40.64.89.61 - - [26/Apr/2022:23:51:41 +0200] "GET /images/mini_prod/3503420168024.jpg HTTP/1.0" 200 269 "-" "Mozilla/5.0 (X11; Linux x86_64) AppleWebKit/537.36 (KHTML, like Gecko) Chrome/62.0.3202.62 Safari/537.36"
54.36.148.243 - - [26/Apr/2022:23:51:42 +0200] "GET /alarm-clock-starry-night-vincent-gogh-p-46908.html HTTP/1.0" 200 73752 "-" "Mozilla/5.0 (compatible; AhrefsBot/7.0; +http://ahrefs.com/robot/)"
216.244.66.242 - - [26/Apr/2022:23:51:51 +0200] "GET /diffuser-of-perfume-and-essential-oils-c-162.html?page=15 HTTP/1.0" 301 90799 "-" "Mozilla/5.0 (compatible; DotBot/1.2; +https://opensiteexplorer.org/dotbot; help@moz.com)"
66.249.66.210 - - [26/Apr/2022:23:52:06 +0200] "GET /small-baby-teeth-jade-p-50813.html HTTP/1.0" 200 74215 "-" "Mozilla/5.0 (compatible; Googlebot/2.1; +http://www.google.com/bot.html)"
185.191.171.41 - - [26/Apr/2022:23:52:21 +0200] "GET /colonial-trunk-suit-green-canvas-70-cm-p-49057.html HTTP/1.0" 301 71037 "-" "Mozilla/5.0 (compatible; SemrushBot/7~bl; +http://www.semrush.com/bot.html)"
157.55.39.101 - - [26/Apr/2022:23:52:24 +0200] "GET /dressings-metal-p-48326.html HTTP/1.0" 200 73482 "-" "Mozilla/5.0 (compatible; bingbot/2.0; +http://www.bing.com/bingbot.htm)"
185.191.171.9 - - [26/Apr/2022:23:52:25 +0200] "GET /colonial-trunk-suit-green-canvas-p-49057.html HTTP/1.0" 200 70938 "-" "Mozilla/5.0 (compatible; SemrushBot/7~bl; +http://www.semrush.com/bot.html)"
185.191.171.24 - - [26/Apr/2022:23:52:38 +0200] "GET /the-little-mermaid-money-box-p-4671.html HTTP/1.0" 301 71007 "-" "Mozilla/5.0 (compatible; SemrushBot/7~bl; +http://www.semrush.com/bot.html)"
185.191.171.35 - - [26/Apr/2022:23:52:41 +0200] "GET /little-mermaid-money-p-4671.html HTTP/1.0" 200 70921 "-" "Mozilla/5.0 (compatible; SemrushBot/7~bl; +http://www.semrush.com/bot.html)"
54.36.148.243 - - [26/Apr/2022:23:52:52 +0200] "GET /gamer-controller-ashtray-p-50122.html HTTP/1.0" 200 74234 "-" "Mozilla/5.0 (compatible; AhrefsBot/7.0; +http://ahrefs.com/robot/)"
185.191.171.36 - - [26/Apr/2022:23:52:53 +0200] "GET /silver-statuette-haltero-43-cm-p-45401.html HTTP/1.0" 301 73647 "-" "Mozilla/5.0 (compatible; SemrushBot/7~bl; +http://www.semrush.com/bot.html)"
66.249.66.210 - - [26/Apr/2022:23:52:55 +0200] "GET /decoration-hourglass-glass-sand-glitter-black-p-53617.html HTTP/1.0" 200 73677 "-" "Mozilla/5.0 (compatible; Googlebot/2.1; +http://www.google.com/bot.html)"
185.191.171.6 - - [26/Apr/2022:23:52:59 +0200] "GET /silver-statuette-haltero-p-45401.html HTTP/1.0" 200 73556 "-" "Mozilla/5.0 (compatible; SemrushBot/7~bl; +http://www.semrush.com/bot.html)"
185.191.171.45 - - [26/Apr/2022:23:53:02 +0200] "GET /mani-lucky-grey-keychain-p-42474.html?action=add_product HTTP/1.0" 302 476 "-" "Mozilla/5.0 (compatible; SemrushBot/7~bl; +http://www.semrush.com/bot.html)"
185.191.171.41 - - [26/Apr/2022:23:53:19 +0200] "GET /jiminy-cricket-mini-figurine-p-36911.html HTTP/1.0" 200 74635 "-" "Mozilla/5.0 (compatible; SemrushBot/7~bl; +http://www.semrush.com/bot.html)"
20.72.199.117 - - [26/Apr/2022:23:53:33 +0200] "GET /images/mini_prod/1399984289556.jpg HTTP/1.0" 200 269 "-" "Mozilla/5.0 (Windows NT 6.1; WOW64) AppleWebKit/537.36 (KHTML, like Gecko) Chrome/45.0.2454.101 Safari/537.36"
185.191.171.1 - - [26/Apr/2022:23:53:35 +0200] "GET /yellow-tropical-flowerpot-p-54304.html?action=add_product HTTP/1.0" 302 476 "-" "Mozilla/5.0 (compatible; SemrushBot/7~bl; +http://www.semrush.com/bot.html)"
114.119.137.38 - - [26/Apr/2022:23:53:37 +0200] "GET /glasses-and-drinking-cup-c-12_62.html?page=1 HTTP/1.0" 301 90840 "-" "Mozilla/5.0 (Linux; Android 7.0;) AppleWebKit/537.36 (KHTML, like Gecko) Mobile Safari/537.36 (compatible; PetalBot;+https://webmaster.petalsearch.com/site/petalbot)"
54.36.148.153 - - [26/Apr/2022:23:53:37 +0200] "GET /peace-and-love-yellow-guitar-keyring-p-14620.html HTTP/1.0" 301 71033 "-" "Mozilla/5.0 (compatible; AhrefsBot/7.0; +http://ahrefs.com/robot/)"
77.88.5.208 - - [26/Apr/2022:23:53:38 +0200] "GET /-p-30752.html HTTP/1.0" 200 70808 "-" "Mozilla/5.0 (compatible; YandexBot/3.0; +http://yandex.com/bots)"
114.119.137.38 - - [26/Apr/2022:23:53:40 +0200] "GET /glasses-drinking-c-62.html?page=1 HTTP/1.0" 301 90739 "-" "Mozilla/5.0 (Linux; Android 7.0;) AppleWebKit/537.36 (KHTML, like Gecko) Mobile Safari/537.36 (compatible; PetalBot;+https://webmaster.petalsearch.com/site/petalbot)"
114.119.137.38 - - [26/Apr/2022:23:53:43 +0200] "GET /glasses-drinking-c-12_62.html?page=1 HTTP/1.0" 200 90753 "-" "Mozilla/5.0 (Linux; Android 7.0;) AppleWebKit/537.36 (KHTML, like Gecko) Mobile Safari/537.36 (compatible; PetalBot;+https://webmaster.petalsearch.com/site/petalbot)"
47.254.91.80 - - [26/Apr/2022:23:54:04 +0200] "GET /images/mini_prod/8012052075983190720122.jpg HTTP/1.0" 200 278 "-" "Mozilla/5.0 (X11; Ubuntu; Linux x86_64; rv:72.0) Gecko/20100101 Firefox/72.0"
54.36.148.243 - - [26/Apr/2022:23:54:04 +0200] "GET /playboy-zippo-lighter-p-13392.html HTTP/1.0" 200 73879 "-" "Mozilla/5.0 (compatible; AhrefsBot/7.0; +http://ahrefs.com/robot/)"
185.191.171.14 - - [26/Apr/2022:23:54:07 +0200] "GET /rtro-cookie-p-39497.html?action=add_product HTTP/1.0" 302 476 "-" "Mozilla/5.0 (compatible; SemrushBot/7~bl; +http://www.semrush.com/bot.html)"
66.249.66.212 - - [26/Apr/2022:23:54:17 +0200] "GET /small-baby-teeth-beige-p-55709.html HTTP/1.0" 200 74213 "-" "Mozilla/5.0 (compatible; Googlebot/2.1; +http://www.google.com/bot.html)"
185.191.171.17 - - [26/Apr/2022:23:54:30 +0200] "GET /winnie-the-pooh-small-table-lamp-p-33138.html HTTP/1.0" 301 70875 "-" "Mozilla/5.0 (compatible; SemrushBot/7~bl; +http://www.semrush.com/bot.html)"
40.64.89.58 - - [26/Apr/2022:23:54:31 +0200] "GET /images/mini_prod/3279510509281.jpg HTTP/1.0" 200 269 "-" "Mozilla/5.0 (Windows NT 6.1; WOW64) AppleWebKit/537.36 (KHTML, like Gecko) Chrome/45.0.2454.101 Safari/537.36"
185.191.171.17 - - [26/Apr/2022:23:54:33 +0200] "GET /-p-33138.html HTTP/1.0" 200 70808 "-" "Mozilla/5.0 (compatible; SemrushBot/7~bl; +http://www.semrush.com/bot.html)"
77.88.5.208 - - [26/Apr/2022:23:55:04 +0200] "GET /johnny-hallyday-mouse-p-6833.html HTTP/1.0" 200 73438 "-" "Mozilla/5.0 (compatible; YandexBot/3.0; +http://yandex.com/bots)"
54.36.148.243 - - [26/Apr/2022:23:55:14 +0200] "GET /kori-kumi-calendar-year-2017-p-36750.html HTTP/1.0" 200 73675 "-" "Mozilla/5.0 (compatible; AhrefsBot/7.0; +http://ahrefs.com/robot/)"
216.244.66.242 - - [26/Apr/2022:23:55:14 +0200] "GET /specials.php?page=14 HTTP/1.0" 200 124869 "-" "Mozilla/5.0 (compatible; DotBot/1.2; +https://opensiteexplorer.org/dotbot; help@moz.com)"
114.119.137.38 - - [26/Apr/2022:23:55:20 +0200] "GET /images/big_prod_2/3665269201239D.jpg HTTP/1.0" 200 271 "-" "Mozilla/5.0 (Linux; Android 7.0;) AppleWebKit/537.36 (KHTML, like Gecko) Mobile Safari/537.36 (compatible; PetalBot;+https://webmaster.petalsearch.com/site/petalbot)"
185.191.171.23 - - [26/Apr/2022:23:55:33 +0200] "GET /gorjuss-large-coated-accessory-case-pastel-pattern-print-toads-p-34746.html HTTP/1.0" 200 74554 "-" "Mozilla/5.0 (compatible; SemrushBot/7~bl; +http://www.semrush.com/bot.html)"
66.249.66.212 - - [26/Apr/2022:23:55:39 +0200] "GET /ethnic-leopard-decorative-statuette-p-55277.html HTTP/1.0" 200 73696 "-" "Mozilla/5.0 (compatible; Googlebot/2.1; +http://www.google.com/bot.html)"
157.90.128.183 - - [26/Apr/2022:23:55:47 +0200] "GET /images/mini_prod/3453131145268.jpg HTTP/1.0" 200 269 "-" "Mozilla/5.0 (X11; Ubuntu; Linux x86_64; rv:72.0) Gecko/20100101 Firefox/72.0"
66.249.66.212 - - [26/Apr/2022:23:56:10 +0200] "GET /images/big_prod/8007472032111.jpg HTTP/1.0" 200 268 "-" "Googlebot-Image/1.0"
54.36.148.243 - - [26/Apr/2022:23:56:22 +0200] "GET /mcstuffins-pencil-case-p-27810.html HTTP/1.0" 200 73484 "-" "Mozilla/5.0 (compatible; AhrefsBot/7.0; +http://ahrefs.com/robot/)"
157.55.39.105 - - [26/Apr/2022:23:56:34 +0200] "GET /company-name-rtro-malle-p-45881.html HTTP/1.0" 200 70904 "-" "Mozilla/5.0 (compatible; bingbot/2.0; +http://www.bing.com/bingbot.htm)"
185.191.171.33 - - [26/Apr/2022:23:56:52 +0200] "GET /home-decoration-c-13.html?page=118 HTTP/1.0" 200 93557 "-" "Mozilla/5.0 (compatible; SemrushBot/7~bl; +http://www.semrush.com/bot.html)"
114.119.133.245 - - [26/Apr/2022:23:56:58 +0200] "GET /the-spongebob-punk-is-not-dead-wall-clock-p-13457.html HTTP/1.0" 301 73681 "-" "Mozilla/5.0 (Linux; Android 7.0;) AppleWebKit/537.36 (KHTML, like Gecko) Mobile Safari/537.36 (compatible; PetalBot;+https://webmaster.petalsearch.com/site/petalbot)"
114.119.133.245 - - [26/Apr/2022:23:57:00 +0200] "GET /spongebob-punk-dead-wall-clock-p-13457.html HTTP/1.0" 200 73584 "-" "Mozilla/5.0 (Linux; Android 7.0;) AppleWebKit/537.36 (KHTML, like Gecko) Mobile Safari/537.36 (compatible; PetalBot;+https://webmaster.petalsearch.com/site/petalbot)"
185.191.171.37 - - [26/Apr/2022:23:57:02 +0200] "GET /devil-hoodies-p-31774.html HTTP/1.0" 200 76128 "-" "Mozilla/5.0 (compatible; SemrushBot/7~bl; +http://www.semrush.com/bot.html)"
66.249.66.210 - - [26/Apr/2022:23:57:01 +0200] "GET /wooden-with-chiseled-brass-decoration-p-55080.html HTTP/1.0" 200 74533 "-" "Mozilla/5.0 (compatible; Googlebot/2.1; +http://www.google.com/bot.html)"
157.55.39.111 - - [26/Apr/2022:23:57:14 +0200] "GET /-p-35783.html HTTP/1.0" 200 70808 "-" "Mozilla/5.0 (compatible; bingbot/2.0; +http://www.bing.com/bingbot.htm)"
54.36.148.82 - - [26/Apr/2022:23:57:15 +0200] "GET /paw-patrol-pink-lamp-p-37540.html HTTP/1.0" 301 70875 "-" "Mozilla/5.0 (compatible; AhrefsBot/7.0; +http://ahrefs.com/robot/)"
185.191.171.23 - - [26/Apr/2022:23:57:33 +0200] "GET /bodega-coasters-p-19958.html?action=add_product HTTP/1.0" 302 476 "-" "Mozilla/5.0 (compatible; SemrushBot/7~bl; +http://www.semrush.com/bot.html)"
40.77.167.0 - - [26/Apr/2022:23:57:37 +0200] "GET /-p-32717.html HTTP/1.0" 200 70808 "-" "Mozilla/5.0 (compatible; bingbot/2.0; +http://www.bing.com/bingbot.htm)"
185.191.171.35 - - [26/Apr/2022:23:57:46 +0200] "GET /round-hanging-mirror-cordage-p-55683.html?action=add_product HTTP/1.0" 302 476 "-" "Mozilla/5.0 (compatible; SemrushBot/7~bl; +http://www.semrush.com/bot.html)"
54.36.148.243 - - [26/Apr/2022:23:57:46 +0200] "GET /elmer-magic-lamp-p-16475.html HTTP/1.0" 200 73910 "-" "Mozilla/5.0 (compatible; AhrefsBot/7.0; +http://ahrefs.com/robot/)"
185.191.171.6 - - [26/Apr/2022:23:58:19 +0200] "GET /office-lamp-wood-metal-p-46638.html HTTP/1.0" 200 73617 "-" "Mozilla/5.0 (compatible; SemrushBot/7~bl; +http://www.semrush.com/bot.html)"
66.249.66.212 - - [26/Apr/2022:23:58:23 +0200] "GET /jane-crowther-p-54772.html HTTP/1.0" 200 74221 "-" "Mozilla/5.0 (compatible; Googlebot/2.1; +http://www.google.com/bot.html)"
40.77.167.0 - - [26/Apr/2022:23:58:26 +0200] "GET /index.php HTTP/1.0" 200 151075 "-" "Mozilla/5.0 (compatible; bingbot/2.0; +http://www.bing.com/bingbot.htm)"
185.191.171.39 - - [26/Apr/2022:23:58:26 +0200] "GET /boxes-storage-c-13_150.html?page=16 HTTP/1.0" 200 94572 "-" "Mozilla/5.0 (compatible; SemrushBot/7~bl; +http://www.semrush.com/bot.html)"
54.36.148.25 - - [26/Apr/2022:23:58:33 +0200] "GET /garden-chair-cushion-38-cm-melon-p-48830.html HTTP/1.0" 301 70875 "-" "Mozilla/5.0 (compatible; AhrefsBot/7.0; +http://ahrefs.com/robot/)"
185.191.171.1 - - [26/Apr/2022:23:58:44 +0200] "GET /-p-34155.html?action=add_product HTTP/1.0" 302 476 "-" "Mozilla/5.0 (compatible; SemrushBot/7~bl; +http://www.semrush.com/bot.html)"
114.119.137.3 - - [26/Apr/2022:23:58:45 +0200] "GET /images/big_prod/3453131146364B.jpg HTTP/1.0" 200 269 "-" "Mozilla/5.0 (Linux; Android 7.0;) AppleWebKit/537.36 (KHTML, like Gecko) Mobile Safari/537.36 (compatible; PetalBot;+https://webmaster.petalsearch.com/site/petalbot)"
185.191.171.10 - - [26/Apr/2022:23:58:48 +0200] "GET /route-light-sign-p-50191.html?action=add_product HTTP/1.0" 302 476 "-" "Mozilla/5.0 (compatible; SemrushBot/7~bl; +http://www.semrush.com/bot.html)"
136.144.17.195 - - [26/Apr/2022:23:58:51 +0200] "GET /db/ HTTP/1.0" 404 1308 "-" "Screaming Frog SEO Spider/16.6"
136.144.17.195 - - [26/Apr/2022:23:58:51 +0200] "GET /sql/ HTTP/1.0" 404 1308 "-" "Screaming Frog SEO Spider/16.6"
136.144.17.195 - - [26/Apr/2022:23:58:51 +0200] "GET /backups/ HTTP/1.0" 404 1308 "-" "Screaming Frog SEO Spider/16.6"
136.144.17.195 - - [26/Apr/2022:23:58:51 +0200] "GET /backup/ HTTP/1.0" 404 1308 "-" "Screaming Frog SEO Spider/16.6"
40.64.89.157 - - [26/Apr/2022:23:58:52 +0200] "GET /images/mini_prod/4260082934778.jpg HTTP/1.0" 200 269 "-" "Mozilla/5.0 (Windows NT 6.1; WOW64) AppleWebKit/537.36 (KHTML, like Gecko) Chrome/45.0.2454.101 Safari/537.36"
54.36.149.15 - - [26/Apr/2022:23:58:54 +0200] "GET /frida-khalo-saucer-for-tea-bag-p-50157.html HTTP/1.0" 301 73551 "-" "Mozilla/5.0 (compatible; AhrefsBot/7.0; +http://ahrefs.com/robot/)"
54.36.148.243 - - [26/Apr/2022:23:58:59 +0200] "GET /small-wooden-towel-holder-hang-p-51016.html HTTP/1.0" 200 73583 "-" "Mozilla/5.0 (compatible; AhrefsBot/7.0; +http://ahrefs.com/robot/)"
77.88.5.208 - - [26/Apr/2022:23:59:18 +0200] "GET /mini-steel-mugs-c-110.html HTTP/1.0" 301 69560 "-" "Mozilla/5.0 (compatible; YandexBot/3.0; +http://yandex.com/bots)"
77.88.5.208 - - [26/Apr/2022:23:59:20 +0200] "GET /-c-110.html HTTP/1.0" 200 69495 "-" "Mozilla/5.0 (compatible; YandexBot/3.0; +http://yandex.com/bots)"
185.191.171.23 - - [26/Apr/2022:23:59:43 +0200] "GET /russian-dolls-cushion-by-cbkreation-p-18573.html HTTP/1.0" 301 71021 "-" "Mozilla/5.0 (compatible; SemrushBot/7~bl; +http://www.semrush.com/bot.html)"
66.249.66.212 - - [26/Apr/2022:23:59:46 +0200] "GET /resin-statuette-naked-woman-p-56644.html HTTP/1.0" 200 74192 "-" "Mozilla/5.0 (compatible; Googlebot/2.1; +http://www.google.com/bot.html)"
185.191.171.4 - - [26/Apr/2022:23:59:46 +0200] "GET /russian-dolls-cushion-cbkreation-p-18573.html HTTP/1.0" 200 70922 "-" "Mozilla/5.0 (compatible; SemrushBot/7~bl; +http://www.semrush.com/bot.html)"
185.191.171.36 - - [26/Apr/2022:23:59:53 +0200] "GET /support-metal-bottle-biker-p-42069.html?action=add_product HTTP/1.0" 302 476 "-" "Mozilla/5.0 (compatible; SemrushBot/7~bl; +http://www.semrush.com/bot.html)"
207.46.13.182 - - [26/Apr/2022:23:59:55 +0200] "GET /-p-34776.html HTTP/1.0" 200 70808 "-" "Mozilla/5.0 (compatible; bingbot/2.0; +http://www.bing.com/bingbot.htm)"
185.191.171.39 - - [27/Apr/2022:00:00:07 +0200] "GET /fish-fishing-clock-weathered-metal-p-45727.html HTTP/1.0" 200 70948 "-" "Mozilla/5.0 (compatible; SemrushBot/7~bl; +http://www.semrush.com/bot.html)"
185.191.171.6 - - [27/Apr/2022:00:00:10 +0200] "GET /small-bamboo-tray-lama-p-49570.html?action=add_product HTTP/1.0" 302 476 "-" "Mozilla/5.0 (compatible; SemrushBot/7~bl; +http://www.semrush.com/bot.html)"
54.36.148.243 - - [27/Apr/2022:00:00:16 +0200] "GET /boxes-storage-c-13_150.html?page=8 HTTP/1.0" 200 93946 "-" "Mozilla/5.0 (compatible; AhrefsBot/7.0; +http://ahrefs.com/robot/)"
17.121.115.92 - - [27/Apr/2022:00:00:38 +0200] "GET /metal-boxes-storage-c-13_150_218.html HTTP/1.0" 200 91134 "-" "Mozilla/5.0 (Macintosh; Intel Mac OS X 10_15_5) AppleWebKit/605.1.15 (KHTML, like Gecko) Version/13.1.1 Safari/605.1.15 (Applebot/0.1; +http://www.apple.com/go/applebot)"
157.90.128.183 - - [27/Apr/2022:00:00:56 +0200] "GET /images/mini_prod/3503420188343.jpg HTTP/1.0" 200 269 "-" "Mozilla/5.0 (X11; Ubuntu; Linux x86_64; rv:72.0) Gecko/20100101 Firefox/72.0"
185.191.171.40 - - [27/Apr/2022:00:00:55 +0200] "GET /embossed-clutch-shine-p-32774.html HTTP/1.0" 200 70916 "-" "Mozilla/5.0 (compatible; SemrushBot/7~bl; +http://www.semrush.com/bot.html)"
66.249.66.212 - - [27/Apr/2022:00:01:08 +0200] "GET /minions-pool-p-30356.html HTTP/1.0" 200 70854 "-" "Mozilla/5.0 (compatible; Googlebot/2.1; +http://www.google.com/bot.html)"
114.119.137.3 - - [27/Apr/2022:00:01:08 +0200] "GET /provence-lavender-bath-soap-dish-p-30680.html HTTP/1.0" 200 73545 "-" "Mozilla/5.0 (Linux; Android 7.0;) AppleWebKit/537.36 (KHTML, like Gecko) Mobile Safari/537.36 (compatible; PetalBot;+https://webmaster.petalsearch.com/site/petalbot)"
54.36.148.243 - - [27/Apr/2022:00:01:26 +0200] "GET /heart-home-stick-diffuser-christmas-tree-p-57105.html HTTP/1.0" 200 74434 "-" "Mozilla/5.0 (compatible; AhrefsBot/7.0; +http://ahrefs.com/robot/)"
40.64.89.41 - - [27/Apr/2022:00:01:27 +0200] "GET /images/mini_prod/3503420099304SC001.jpg HTTP/1.0" 200 274 "-" "Mozilla/5.0 (X11; Linux x86_64) AppleWebKit/537.36 (KHTML, like Gecko) Chrome/62.0.3202.62 Safari/537.36"
54.36.148.24 - - [27/Apr/2022:00:01:28 +0200] "GET /nyc-cushion-p-26104.html HTTP/1.0" 301 70875 "-" "Mozilla/5.0 (compatible; AhrefsBot/7.0; +http://ahrefs.com/robot/)"
157.55.39.101 - - [27/Apr/2022:00:01:35 +0200] "GET /-p-30765.html HTTP/1.0" 200 70808 "-" "Mozilla/5.0 (compatible; bingbot/2.0; +http://www.bing.com/bingbot.htm)"
157.55.39.101 - - [27/Apr/2022:00:01:45 +0200] "GET /trays-medium-size-c-12_159_265.html HTTP/1.0" 200 90994 "-" "Mozilla/5.0 (compatible; bingbot/2.0; +http://www.bing.com/bingbot.htm)"
185.191.171.43 - - [27/Apr/2022:00:02:19 +0200] "GET /solar-powered-shark-dancing-p-38828.html HTTP/1.0" 200 73728 "-" "Mozilla/5.0 (compatible; SemrushBot/7~bl; +http://www.semrush.com/bot.html)"
66.249.66.214 - - [27/Apr/2022:00:02:30 +0200] "GET /porcelain-bowl-watermelon-p-54460.html HTTP/1.0" 200 73462 "-" "Mozilla/5.0 (compatible; Googlebot/2.1; +http://www.google.com/bot.html)"
54.36.148.243 - - [27/Apr/2022:00:02:39 +0200] "GET /incense-satya-champa-karma-grams-about-sticks-p-45279.html HTTP/1.0" 200 74067 "-" "Mozilla/5.0 (compatible; AhrefsBot/7.0; +http://ahrefs.com/robot/)"
114.119.137.31 - - [27/Apr/2022:00:02:51 +0200] "GET /nici-adventure-wild-friends-pencil-sharpener-p-20587.html HTTP/1.0" 200 73916 "-" "Mozilla/5.0 (Linux; Android 7.0;) AppleWebKit/537.36 (KHTML, like Gecko) Mobile Safari/537.36 (compatible; PetalBot;+https://webmaster.petalsearch.com/site/petalbot)"
51.68.224.127 - - [27/Apr/2022:00:03:16 +0200] "GET /adminweb/export_orders_xml.php?token=256de2z6edz6ed2z6DFSFsed2zed6zeDSFDSGdzedezfzf&maxorders=10&orderstart=1&status=14&start_date=2018-10-01 HTTP/1.0" 200 285 "-" "GesCom CharlotteBoutik Serveur"
51.68.224.127 - - [27/Apr/2022:00:03:16 +0200] "GET /adminweb/export_orders_xml.php?token=256de2z6edz6ed2z6DFSFsed2zed6zeDSFDSGdzedezfzf&maxorders=10&orderstart=1&status=6&start_date=2018-10-01 HTTP/1.0" 200 32798 "-" "GesCom CharlotteBoutik Serveur"
185.191.171.12 - - [27/Apr/2022:00:03:29 +0200] "GET /mala-bracelet-xinyi-jade-elastic-p-57281.html?action=add_product HTTP/1.0" 302 476 "-" "Mozilla/5.0 (compatible; SemrushBot/7~bl; +http://www.semrush.com/bot.html)"
54.36.148.54 - - [27/Apr/2022:00:03:33 +0200] "GET /support-metal-bottle-the-tavernier-p-44570.html HTTP/1.0" 301 73708 "-" "Mozilla/5.0 (compatible; AhrefsBot/7.0; +http://ahrefs.com/robot/)"
66.249.66.212 - - [27/Apr/2022:00:03:52 +0200] "GET /fireflower-metal-capacity-p-55184.html HTTP/1.0" 200 74391 "-" "Mozilla/5.0 (compatible; Googlebot/2.1; +http://www.google.com/bot.html)"
54.36.148.243 - - [27/Apr/2022:00:04:01 +0200] "GET /dora-explorer-ceiling-light-p-18707.html HTTP/1.0" 200 73892 "-" "Mozilla/5.0 (compatible; AhrefsBot/7.0; +http://ahrefs.com/robot/)"
185.191.171.8 - - [27/Apr/2022:00:04:16 +0200] "GET /gorjuss-heart-shaped-tin-oops-daisy-p-34738.html HTTP/1.0" 301 71036 "-" "Mozilla/5.0 (compatible; SemrushBot/7~bl; +http://www.semrush.com/bot.html)"
185.191.171.11 - - [27/Apr/2022:00:04:22 +0200] "GET /gorjuss-heart-shaped-oops-daisy-p-34738.html HTTP/1.0" 200 70938 "-" "Mozilla/5.0 (compatible; SemrushBot/7~bl; +http://www.semrush.com/bot.html)"
17.121.115.155 - - [27/Apr/2022:00:04:28 +0200] "GET /dalmatian-pill-p-32054.html HTTP/1.0" 200 73539 "-" "Mozilla/5.0 (Macintosh; Intel Mac OS X 10_15_5) AppleWebKit/605.1.15 (KHTML, like Gecko) Version/13.1.1 Safari/605.1.15 (Applebot/0.1; +http://www.apple.com/go/applebot)"
114.119.137.45 - - [27/Apr/2022:00:04:34 +0200] "GET /images/mini_prod/8422005037034B.jpg HTTP/1.0" 200 270 "-" "Mozilla/5.0 (Linux; Android 7.0;) AppleWebKit/537.36 (KHTML, like Gecko) Mobile Safari/537.36 (compatible; PetalBot;+https://webmaster.petalsearch.com/site/petalbot)"
40.91.75.132 - - [27/Apr/2022:00:04:43 +0200] "GET /images/mini_prod/3494150095066.jpg HTTP/1.0" 200 269 "-" "Mozilla/5.0 (Macintosh; U; PPC Mac OS X 10.5; en-US; rv:1.9.2.15) Gecko/20110303 Firefox/3.6.15"
40.64.89.41 - - [27/Apr/2022:00:04:43 +0200] "GET /images/mini_prod/1020322216650.jpg HTTP/1.0" 200 269 "-" "Mozilla/5.0 (Macintosh; U; PPC Mac OS X 10.5; en-US; rv:1.9.2.15) Gecko/20110303 Firefox/3.6.15"
66.249.66.214 - - [27/Apr/2022:00:05:14 +0200] "GET /blooms-michelle-allen-designs-coasters-p-54545.html HTTP/1.0" 200 74360 "-" "Mozilla/5.0 (compatible; Googlebot/2.1; +http://www.google.com/bot.html)"
54.36.148.243 - - [27/Apr/2022:00:05:15 +0200] "GET /christmas-spirit-water-bottle-p-52610.html HTTP/1.0" 200 74140 "-" "Mozilla/5.0 (compatible; AhrefsBot/7.0; +http://ahrefs.com/robot/)"
77.88.5.208 - - [27/Apr/2022:00:06:03 +0200] "GET /lavender-fragrance-diffuser-made-provence-p-57059.html HTTP/1.0" 200 74995 "-" "Mozilla/5.0 (compatible; YandexBot/3.0; +http://yandex.com/bots)"
114.119.133.245 - - [27/Apr/2022:00:06:18 +0200] "GET /paris-decorative-metal-plate-cbkreation-p-52887.html HTTP/1.0" 200 73593 "-" "Mozilla/5.0 (Linux; Android 7.0;) AppleWebKit/537.36 (KHTML, like Gecko) Mobile Safari/537.36 (compatible; PetalBot;+https://webmaster.petalsearch.com/site/petalbot)"
185.191.171.2 - - [27/Apr/2022:00:06:22 +0200] "GET /robots.txt HTTP/1.0" 200 245 "-" "Mozilla/5.0 (compatible; SemrushBot/7~bl; +http://www.semrush.com/bot.html)"
54.36.148.243 - - [27/Apr/2022:00:06:22 +0200] "GET /boxes-storage-c-13_150.html?page=6 HTTP/1.0" 200 94751 "-" "Mozilla/5.0 (compatible; AhrefsBot/7.0; +http://ahrefs.com/robot/)"
185.191.171.2 - - [27/Apr/2022:00:06:22 +0200] "GET /unicorn-plush-purple-and-white-20-cm-p-47652.html HTTP/1.0" 301 73690 "-" "Mozilla/5.0 (compatible; SemrushBot/7~bl; +http://www.semrush.com/bot.html)"
185.191.171.34 - - [27/Apr/2022:00:06:26 +0200] "GET /unicorn-plush-purple-white-p-47652.html HTTP/1.0" 200 73597 "-" "Mozilla/5.0 (compatible; SemrushBot/7~bl; +http://www.semrush.com/bot.html)"
185.191.171.4 - - [27/Apr/2022:00:06:30 +0200] "GET /backpack-p-44946.html HTTP/1.0" 200 74136 "-" "Mozilla/5.0 (compatible; SemrushBot/7~bl; +http://www.semrush.com/bot.html)"
47.254.25.246 - - [27/Apr/2022:00:06:34 +0200] "GET /images/mini_prod/1399984266229.jpg HTTP/1.0" 200 269 "-" "Mozilla/5.0 (X11; Ubuntu; Linux x86_64; rv:72.0) Gecko/20100101 Firefox/72.0"
66.249.66.212 - - [27/Apr/2022:00:06:36 +0200] "GET /camargua-moroccan-ashtray-p-54602.html HTTP/1.0" 200 73421 "-" "Mozilla/5.0 (compatible; Googlebot/2.1; +http://www.google.com/bot.html)"
185.191.171.2 - - [27/Apr/2022:00:06:36 +0200] "GET /harlekin-piggy-bank-beige-p-35460.html HTTP/1.0" 200 73520 "-" "Mozilla/5.0 (compatible; SemrushBot/7~bl; +http://www.semrush.com/bot.html)"
185.191.171.6 - - [27/Apr/2022:00:07:17 +0200] "GET /florialys-fragrance-provence-bergamot-p-48500.html?action=add_product HTTP/1.0" 302 476 "-" "Mozilla/5.0 (compatible; SemrushBot/7~bl; +http://www.semrush.com/bot.html)"
185.191.171.21 - - [27/Apr/2022:00:07:20 +0200] "GET /golden-retriever-pencil-case-p-40829.html HTTP/1.0" 200 73524 "-" "Mozilla/5.0 (compatible; SemrushBot/7~bl; +http://www.semrush.com/bot.html)"
185.191.171.18 - - [27/Apr/2022:00:07:28 +0200] "GET /wood-land-curry-stool-p-54374.html HTTP/1.0" 200 74246 "-" "Mozilla/5.0 (compatible; SemrushBot/7~bl; +http://www.semrush.com/bot.html)"
54.36.148.243 - - [27/Apr/2022:00:07:42 +0200] "GET /sticker-windows-chakra-p-48355.html HTTP/1.0" 200 73508 "-" "Mozilla/5.0 (compatible; AhrefsBot/7.0; +http://ahrefs.com/robot/)"
66.249.66.212 - - [27/Apr/2022:00:07:58 +0200] "GET /kitchen-towel-chouchou-collection-p-54755.html HTTP/1.0" 200 73508 "-" "Mozilla/5.0 (compatible; Googlebot/2.1; +http://www.google.com/bot.html)"
47.254.85.106 - - [27/Apr/2022:00:08:24 +0200] "GET /images/mini_prod/8422000053541.jpg HTTP/1.0" 200 269 "-" "Mozilla/5.0 (X11; Ubuntu; Linux x86_64; rv:72.0) Gecko/20100101 Firefox/72.0"
185.191.171.40 - - [27/Apr/2022:00:08:43 +0200] "GET /wicker-basket-20-cm-p-48603.html HTTP/1.0" 301 73487 "-" "Mozilla/5.0 (compatible; SemrushBot/7~bl; +http://www.semrush.com/bot.html)"
114.119.137.45 - - [27/Apr/2022:00:08:45 +0200] "GET /small-girl-metal-wall-structure-p-46682.html HTTP/1.0" 200 73588 "-" "Mozilla/5.0 (Linux; Android 7.0;) AppleWebKit/537.36 (KHTML, like Gecko) Mobile Safari/537.36 (compatible; PetalBot;+https://webmaster.petalsearch.com/site/petalbot)"
185.191.171.26 - - [27/Apr/2022:00:08:46 +0200] "GET /wicker-basket-p-48603.html HTTP/1.0" 200 73407 "-" "Mozilla/5.0 (compatible; SemrushBot/7~bl; +http://www.semrush.com/bot.html)"
157.55.39.101 - - [27/Apr/2022:00:08:56 +0200] "GET /-p-24983.html HTTP/1.0" 200 70808 "-" "Mozilla/5.0 (compatible; bingbot/2.0; +http://www.bing.com/bingbot.htm)"
157.55.39.105 - - [27/Apr/2022:00:08:57 +0200] "GET /-p-15919.html HTTP/1.0" 200 70808 "-" "Mozilla/5.0 (compatible; bingbot/2.0; +http://www.bing.com/bingbot.htm)"
54.36.148.243 - - [27/Apr/2022:00:08:58 +0200] "GET /incense-reiki-grams-about-sticks-p-45146.html HTTP/1.0" 200 73927 "-" "Mozilla/5.0 (compatible; AhrefsBot/7.0; +http://ahrefs.com/robot/)"
157.55.39.105 - - [27/Apr/2022:00:09:17 +0200] "GET /-p-35289.html HTTP/1.0" 200 70808 "-" "Mozilla/5.0 (compatible; bingbot/2.0; +http://www.bing.com/bingbot.htm)"
66.249.66.210 - - [27/Apr/2022:00:09:20 +0200] "GET /porcelain-cork-tassen-food-p-54698.html HTTP/1.0" 200 75168 "-" "Mozilla/5.0 (compatible; Googlebot/2.1; +http://www.google.com/bot.html)"
77.88.5.208 - - [27/Apr/2022:00:09:43 +0200] "GET /johnny-hallyday-mouse-p-6833.html HTTP/1.0" 200 73438 "-" "Mozilla/5.0 (compatible; YandexBot/3.0; +http://yandex.com/bots)"
157.55.39.111 - - [27/Apr/2022:00:10:05 +0200] "GET /-p-37016.html HTTP/1.0" 200 70808 "-" "Mozilla/5.0 (compatible; bingbot/2.0; +http://www.bing.com/bingbot.htm)"
142.132.181.104 - - [27/Apr/2022:00:10:08 +0200] "GET /images/med_prod/8006180201741.jpg HTTP/1.0" 200 268 "-" "Mozilla/5.0 (X11; Fedora; Linux x86_64) AppleWebKit/537.36 (KHTML, like Gecko) Chrome/79.0.3945.117 Safari/537.36"
54.36.148.243 - - [27/Apr/2022:00:10:18 +0200] "GET /hello-kitty-picnic-p-17166.html HTTP/1.0" 200 73850 "-" "Mozilla/5.0 (compatible; AhrefsBot/7.0; +http://ahrefs.com/robot/)"
114.119.137.38 - - [27/Apr/2022:00:10:26 +0200] "GET /images/big_prod/8904245400323.jpg HTTP/1.0" 200 268 "-" "Mozilla/5.0 (Linux; Android 7.0;) AppleWebKit/537.36 (KHTML, like Gecko) Mobile Safari/537.36 (compatible; PetalBot;+https://webmaster.petalsearch.com/site/petalbot)"
207.46.13.182 - - [27/Apr/2022:00:10:36 +0200] "GET /incense-sticks-burner-storage-lotus-p-39489.html HTTP/1.0" 200 74521 "-" "Mozilla/5.0 (compatible; bingbot/2.0; +http://www.bing.com/bingbot.htm)"
185.191.171.35 - - [27/Apr/2022:00:10:37 +0200] "GET /guevara-mini-magnet-mirror-p-19667.html?action=add_product HTTP/1.0" 302 476 "-" "Mozilla/5.0 (compatible; SemrushBot/7~bl; +http://www.semrush.com/bot.html)"
66.249.66.214 - - [27/Apr/2022:00:10:42 +0200] "GET /wooden-decorative-plate-meilleur-p-53546.html HTTP/1.0" 200 73618 "-" "Mozilla/5.0 (compatible; Googlebot/2.1; +http://www.google.com/bot.html)"
185.191.171.10 - - [27/Apr/2022:00:10:59 +0200] "GET /cushion-cover-dark-beige-p-43615.html HTTP/1.0" 200 74274 "-" "Mozilla/5.0 (compatible; SemrushBot/7~bl; +http://www.semrush.com/bot.html)"
40.64.89.41 - - [27/Apr/2022:00:11:32 +0200] "GET /images/mini_prod/5415203427489.jpg HTTP/1.0" 200 269 "-" "Mozilla/5.0 (X11; Linux x86_64) AppleWebKit/537.36 (KHTML, like Gecko) Chrome/62.0.3202.62 Safari/537.36"
17.121.112.5 - - [27/Apr/2022:00:11:38 +0200] "GET /images/mini_prod/16032012DSCN0003.jpg HTTP/1.0" 200 272 "-" "Mozilla/5.0 (Macintosh; Intel Mac OS X 10_15_5) AppleWebKit/605.1.15 (KHTML, like Gecko) Version/13.1.1 Safari/605.1.15 (Applebot/0.1; +http://www.apple.com/go/applebot)"
157.55.39.105 - - [27/Apr/2022:00:11:48 +0200] "GET /betty-boop-mtal-ashtray-stars-p-36137.html HTTP/1.0" 200 73535 "-" "Mozilla/5.0 (compatible; bingbot/2.0; +http://www.bing.com/bingbot.htm)"
54.36.148.243 - - [27/Apr/2022:00:11:49 +0200] "GET /neon-guitar-clock-p-26606.html HTTP/1.0" 200 73520 "-" "Mozilla/5.0 (compatible; AhrefsBot/7.0; +http://ahrefs.com/robot/)"
185.191.171.8 - - [27/Apr/2022:00:11:54 +0200] "GET /paris-eiffel-tower-metal-ring-hearts-p-38617.html?action=add_product HTTP/1.0" 302 476 "-" "Mozilla/5.0 (compatible; SemrushBot/7~bl; +http://www.semrush.com/bot.html)"
66.249.66.212 - - [27/Apr/2022:00:12:04 +0200] "GET /retro-pin-up-mug-p-11765.html HTTP/1.0" 301 73403 "-" "Mozilla/5.0 (Linux; Android 6.0.1; Nexus 5X Build/MMB29P) AppleWebKit/537.36 (KHTML, like Gecko) Chrome/100.0.4896.127 Mobile Safari/537.36 (compatible; Googlebot/2.1; +http://www.google.com/bot.html)"
66.249.66.212 - - [27/Apr/2022:00:12:07 +0200] "GET /retro-p-11765.html HTTP/1.0" 200 73331 "-" "Mozilla/5.0 (Linux; Android 6.0.1; Nexus 5X Build/MMB29P) AppleWebKit/537.36 (KHTML, like Gecko) Chrome/100.0.4896.127 Mobile Safari/537.36 (compatible; Googlebot/2.1; +http://www.google.com/bot.html)"
114.119.133.245 - - [27/Apr/2022:00:12:07 +0200] "GET /home-and-decoration-c-13.html?page=59 HTTP/1.0" 301 93195 "-" "Mozilla/5.0 (Linux; Android 7.0;) AppleWebKit/537.36 (KHTML, like Gecko) Mobile Safari/537.36 (compatible; PetalBot;+https://webmaster.petalsearch.com/site/petalbot)"
114.119.133.245 - - [27/Apr/2022:00:12:16 +0200] "GET /home-decoration-c-13.html?page=59 HTTP/1.0" 200 93108 "-" "Mozilla/5.0 (Linux; Android 7.0;) AppleWebKit/537.36 (KHTML, like Gecko) Mobile Safari/537.36 (compatible; PetalBot;+https://webmaster.petalsearch.com/site/petalbot)"
185.191.171.4 - - [27/Apr/2022:00:12:18 +0200] "GET /dishes-c-12.html?page=97 HTTP/1.0" 200 92220 "-" "Mozilla/5.0 (compatible; SemrushBot/7~bl; +http://www.semrush.com/bot.html)"
40.64.89.158 - - [27/Apr/2022:00:12:34 +0200] "GET /images/mini_prod/3574642012082.jpg HTTP/1.0" 200 269 "-" "Mozilla/5.0 (X11; Linux x86_64) AppleWebKit/537.36 (KHTML, like Gecko) Chrome/62.0.3202.62 Safari/537.36"
185.191.171.18 - - [27/Apr/2022:00:12:52 +0200] "GET /kothai-box-p-26706.html HTTP/1.0" 301 73534 "-" "Mozilla/5.0 (compatible; SemrushBot/7~bl; +http://www.semrush.com/bot.html)"
185.191.171.14 - - [27/Apr/2022:00:12:55 +0200] "GET /kothai-p-26706.html HTTP/1.0" 200 73461 "-" "Mozilla/5.0 (compatible; SemrushBot/7~bl; +http://www.semrush.com/bot.html)"
185.191.171.44 - - [27/Apr/2022:00:12:59 +0200] "GET /temps-large-bowl-p-45338.html HTTP/1.0" 200 70882 "-" "Mozilla/5.0 (compatible; SemrushBot/7~bl; +http://www.semrush.com/bot.html)"
185.191.171.9 - - [27/Apr/2022:00:13:02 +0200] "GET /paris-magnetic-clock-p-17314.html?action=add_product HTTP/1.0" 302 476 "-" "Mozilla/5.0 (compatible; SemrushBot/7~bl; +http://www.semrush.com/bot.html)"
207.46.13.182 - - [27/Apr/2022:00:13:26 +0200] "GET /-p-16096.html HTTP/1.0" 200 70808 "-" "Mozilla/5.0 (compatible; bingbot/2.0; +http://www.bing.com/bingbot.htm)"
66.249.66.210 - - [27/Apr/2022:00:13:26 +0200] "GET /bourbon-spice-scented-candle-zippo-made-p-51915.html HTTP/1.0" 200 74958 "-" "Mozilla/5.0 (Linux; Android 6.0.1; Nexus 5X Build/MMB29P) AppleWebKit/537.36 (KHTML, like Gecko) Chrome/100.0.4896.127 Mobile Safari/537.36 (compatible; Googlebot/2.1; +http://www.google.com/bot.html)"
54.36.148.243 - - [27/Apr/2022:00:13:28 +0200] "GET /transparent-rectangular-plastic-tablecloth-p-54903.html HTTP/1.0" 200 73686 "-" "Mozilla/5.0 (compatible; AhrefsBot/7.0; +http://ahrefs.com/robot/)"
66.249.66.214 - - [27/Apr/2022:00:13:30 +0200] "GET /paris-toothpick-display-p-42554.html HTTP/1.0" 200 70896 "-" "Mozilla/5.0 (Linux; Android 6.0.1; Nexus 5X Build/MMB29P) AppleWebKit/537.36 (KHTML, like Gecko) Chrome/100.0.4896.127 Mobile Safari/537.36 (compatible; Googlebot/2.1; +http://www.google.com/bot.html)"
157.55.39.111 - - [27/Apr/2022:00:13:56 +0200] "GET /-p-48146.html HTTP/1.0" 200 70808 "-" "Mozilla/5.0 (compatible; bingbot/2.0; +http://www.bing.com/bingbot.htm)"
54.36.148.101 - - [27/Apr/2022:00:14:20 +0200] "GET /california-khaki-shoulder-bag-p-37121.html HTTP/1.0" 301 73928 "-" "Mozilla/5.0 (compatible; AhrefsBot/7.0; +http://ahrefs.com/robot/)"
66.249.66.212 - - [27/Apr/2022:00:14:23 +0200] "GET /saint-georges-aromatika-incense-sticks-p-52658.html HTTP/1.0" 200 73641 "-" "Mozilla/5.0 (Linux; Android 6.0.1; Nexus 5X Build/MMB29P) AppleWebKit/537.36 (KHTML, like Gecko) Chrome/100.0.4896.127 Mobile Safari/537.36 (compatible; Googlebot/2.1; +http://www.google.com/bot.html)"
185.191.171.42 - - [27/Apr/2022:00:14:31 +0200] "GET /retro-pillbox-p-40713.html HTTP/1.0" 200 70850 "-" "Mozilla/5.0 (compatible; SemrushBot/7~bl; +http://www.semrush.com/bot.html)"
114.119.137.43 - - [27/Apr/2022:00:14:32 +0200] "GET /jasmin-marley-jamaica-large-lamp-p-35759.html HTTP/1.0" 200 73787 "-" "Mozilla/5.0 (Linux; Android 7.0;) AppleWebKit/537.36 (KHTML, like Gecko) Mobile Safari/537.36 (compatible; PetalBot;+https://webmaster.petalsearch.com/site/petalbot)"
185.191.171.14 - - [27/Apr/2022:00:14:40 +0200] "GET /fitted-sheet-for-bed-with-head-and-foot-lifting-80-200-cm-p-41125.html HTTP/1.0" 301 70875 "-" "Mozilla/5.0 (compatible; SemrushBot/7~bl; +http://www.semrush.com/bot.html)"
185.191.171.15 - - [27/Apr/2022:00:14:43 +0200] "GET /-p-41125.html HTTP/1.0" 200 70808 "-" "Mozilla/5.0 (compatible; SemrushBot/7~bl; +http://www.semrush.com/bot.html)"
54.36.148.243 - - [27/Apr/2022:00:14:45 +0200] "GET /sticker-windows-chakra-p-48354.html HTTP/1.0" 200 73508 "-" "Mozilla/5.0 (compatible; AhrefsBot/7.0; +http://ahrefs.com/robot/)"
66.249.66.212 - - [27/Apr/2022:00:14:48 +0200] "GET /russian-doll-figurine-jewelry-p-27613.html HTTP/1.0" 200 73714 "-" "Mozilla/5.0 (Linux; Android 6.0.1; Nexus 5X Build/MMB29P) AppleWebKit/537.36 (KHTML, like Gecko) Chrome/100.0.4896.127 Mobile Safari/537.36 (compatible; Googlebot/2.1; +http://www.google.com/bot.html)"
185.191.171.10 - - [27/Apr/2022:00:15:34 +0200] "GET /wick-ellipse-candle-heart-home-christmas-tree-p-57117.html?action=add_product HTTP/1.0" 302 476 "-" "Mozilla/5.0 (compatible; SemrushBot/7~bl; +http://www.semrush.com/bot.html)"
185.191.171.9 - - [27/Apr/2022:00:16:02 +0200] "GET /allen-desings-breakfast-p-44323.html HTTP/1.0" 200 73555 "-" "Mozilla/5.0 (compatible; SemrushBot/7~bl; +http://www.semrush.com/bot.html)"
54.36.148.243 - - [27/Apr/2022:00:16:02 +0200] "GET /boxes-storage-c-13_150.html?page=7 HTTP/1.0" 200 94773 "-" "Mozilla/5.0 (compatible; AhrefsBot/7.0; +http://ahrefs.com/robot/)"
66.249.66.214 - - [27/Apr/2022:00:16:10 +0200] "GET /dubout-cats-white-p-56339.html HTTP/1.0" 200 73999 "-" "Mozilla/5.0 (compatible; Googlebot/2.1; +http://www.google.com/bot.html)"
157.55.39.101 - - [27/Apr/2022:00:16:15 +0200] "GET /money-bank-slot-machine-jackpot-p-30035.html HTTP/1.0" 200 73666 "-" "Mozilla/5.0 (compatible; bingbot/2.0; +http://www.bing.com/bingbot.htm)"
114.119.137.45 - - [27/Apr/2022:00:16:16 +0200] "GET /world-map-metal-clock-43-cm-p-47947.html HTTP/1.0" 301 73565 "-" "Mozilla/5.0 (Linux; Android 7.0;) AppleWebKit/537.36 (KHTML, like Gecko) Mobile Safari/537.36 (compatible; PetalBot;+https://webmaster.petalsearch.com/site/petalbot)"
185.191.171.16 - - [27/Apr/2022:00:16:26 +0200] "GET /melt-plum-orange-blossom-p-46023.html?action=add_product HTTP/1.0" 302 476 "-" "Mozilla/5.0 (compatible; SemrushBot/7~bl; +http://www.semrush.com/bot.html)"
114.119.137.45 - - [27/Apr/2022:00:16:27 +0200] "GET /world-metal-clock-p-47947.html HTTP/1.0" 200 73481 "-" "Mozilla/5.0 (Linux; Android 7.0;) AppleWebKit/537.36 (KHTML, like Gecko) Mobile Safari/537.36 (compatible; PetalBot;+https://webmaster.petalsearch.com/site/petalbot)"
216.244.66.242 - - [27/Apr/2022:00:16:59 +0200] "GET /robots.txt HTTP/1.0" 200 245 "-" "Mozilla/5.0 (compatible; DotBot/1.2; +https://opensiteexplorer.org/dotbot; help@moz.com)"
20.72.199.117 - - [27/Apr/2022:00:17:06 +0200] "GET /images/mini_prod/3565750277777.jpg HTTP/1.0" 200 269 "-" "Mozilla/4.0 (compatible; MSIE 7.0; Windows NT 6.0)"
20.99.154.189 - - [27/Apr/2022:00:17:09 +0200] "GET /images/mini_prod/1384000001342.jpg HTTP/1.0" 200 269 "-" "Mozilla/5.0 (Macintosh; U; PPC Mac OS X 10.5; en-US; rv:1.9.2.15) Gecko/20110303 Firefox/3.6.15"
54.36.148.243 - - [27/Apr/2022:00:17:26 +0200] "GET /baby-girl-angel-statue-angel-baptism-p-54306.html HTTP/1.0" 200 74274 "-" "Mozilla/5.0 (compatible; AhrefsBot/7.0; +http://ahrefs.com/robot/)"
66.249.66.212 - - [27/Apr/2022:00:17:33 +0200] "GET /baby-girl-angel-statue-angel-baptism-p-54306.html HTTP/1.0" 200 74274 "-" "Mozilla/5.0 (compatible; Googlebot/2.1; +http://www.google.com/bot.html)"
185.191.171.26 - - [27/Apr/2022:00:17:39 +0200] "GET /little-prince-snow-globe-p-57177.html HTTP/1.0" 200 74140 "-" "Mozilla/5.0 (compatible; SemrushBot/7~bl; +http://www.semrush.com/bot.html)"
77.88.5.208 - - [27/Apr/2022:00:17:43 +0200] "GET /moroccan-ashtray-p-53147.html HTTP/1.0" 200 73480 "-" "Mozilla/5.0 (compatible; YandexBot/3.0; +http://yandex.com/bots)"
114.119.133.245 - - [27/Apr/2022:00:17:55 +0200] "GET /glass-cup-with-porcelain-infuser-p-41870.html HTTP/1.0" 301 73629 "-" "Mozilla/5.0 (Linux; Android 7.0;) AppleWebKit/537.36 (KHTML, like Gecko) Mobile Safari/537.36 (compatible; PetalBot;+https://webmaster.petalsearch.com/site/petalbot)"
114.119.133.245 - - [27/Apr/2022:00:17:57 +0200] "GET /glass-with-porcelain-infuser-p-41870.html HTTP/1.0" 200 73534 "-" "Mozilla/5.0 (Linux; Android 7.0;) AppleWebKit/537.36 (KHTML, like Gecko) Mobile Safari/537.36 (compatible; PetalBot;+https://webmaster.petalsearch.com/site/petalbot)"
40.91.113.104 - - [27/Apr/2022:00:18:25 +0200] "GET /images/mini_prod/8719497613670.jpg HTTP/1.0" 200 269 "-" "Mozilla/5.0 (Windows NT 10.0; WOW64) AppleWebKit/537.36 (KHTML, like Gecko) Chrome/64.0.3282.186 Safari/537.36"
54.36.148.243 - - [27/Apr/2022:00:18:40 +0200] "GET /harley-davidson-lighter-p-41024.html HTTP/1.0" 200 73892 "-" "Mozilla/5.0 (compatible; AhrefsBot/7.0; +http://ahrefs.com/robot/)"
66.249.66.210 - - [27/Apr/2022:00:18:55 +0200] "GET /bowls-c-12_255.html HTTP/1.0" 200 78687 "-" "Mozilla/5.0 (compatible; Googlebot/2.1; +http://www.google.com/bot.html)"
20.72.199.117 - - [27/Apr/2022:00:18:59 +0200] "GET /images/mini_prod/8433933229798.jpg HTTP/1.0" 200 269 "-" "Mozilla/5.0 (Windows NT 10.0; WOW64) AppleWebKit/537.36 (KHTML, like Gecko) Chrome/64.0.3282.186 Safari/537.36"
185.191.171.45 - - [27/Apr/2022:00:19:02 +0200] "GET /nici-sweet-hearts-pink-turtle-plush-25-cm-p-35179.html HTTP/1.0" 301 71052 "-" "Mozilla/5.0 (compatible; SemrushBot/7~bl; +http://www.semrush.com/bot.html)"
185.191.171.45 - - [27/Apr/2022:00:19:05 +0200] "GET /nici-sweet-hearts-pink-turtle-plush-p-35179.html HTTP/1.0" 200 70950 "-" "Mozilla/5.0 (compatible; SemrushBot/7~bl; +http://www.semrush.com/bot.html)"
185.191.171.8 - - [27/Apr/2022:00:19:08 +0200] "GET /incense-burner-sticks-cones-flower-life-p-48488.html HTTP/1.0" 200 74270 "-" "Mozilla/5.0 (compatible; SemrushBot/7~bl; +http://www.semrush.com/bot.html)"
185.191.171.4 - - [27/Apr/2022:00:19:12 +0200] "GET /wall-sticker-c-13_187.html?page=19 HTTP/1.0" 200 95125 "-" "Mozilla/5.0 (compatible; SemrushBot/7~bl; +http://www.semrush.com/bot.html)"
51.68.224.127 - - [27/Apr/2022:00:19:29 +0200] "GET /adminweb/export_orders_xml.php?token=256de2z6edz6ed2z6DFSFsed2zed6zeDSFDSGdzedezfzf&maxorders=10&orderstart=1&status=14&start_date=2018-10-01 HTTP/1.0" 200 285 "-" "GesCom CharlotteBoutik Serveur"
51.68.224.127 - - [27/Apr/2022:00:19:29 +0200] "GET /adminweb/export_orders_xml.php?token=256de2z6edz6ed2z6DFSFsed2zed6zeDSFDSGdzedezfzf&maxorders=10&orderstart=1&status=6&start_date=2018-10-01 HTTP/1.0" 200 32798 "-" "GesCom CharlotteBoutik Serveur"
17.121.112.142 - - [27/Apr/2022:00:19:34 +0200] "GET /boxes-textile-storage-c-13_150_215.html HTTP/1.0" 200 78646 "-" "Mozilla/5.0 (Macintosh; Intel Mac OS X 10_15_5) AppleWebKit/605.1.15 (KHTML, like Gecko) Version/13.1.1 Safari/605.1.15 (Applebot/0.1; +http://www.apple.com/go/applebot)"
114.119.137.45 - - [27/Apr/2022:00:19:34 +0200] "GET /mani-lucky-p-42777.html HTTP/1.0" 200 70885 "-" "Mozilla/5.0 (Linux; Android 7.0;) AppleWebKit/537.36 (KHTML, like Gecko) Mobile Safari/537.36 (compatible; PetalBot;+https://webmaster.petalsearch.com/site/petalbot)"
66.249.66.210 - - [27/Apr/2022:00:19:43 +0200] "GET /images/big_prod_1/8422059532134B.jpg HTTP/1.0" 200 271 "-" "Googlebot-Image/1.0"
77.88.5.208 - - [27/Apr/2022:00:19:48 +0200] "GET /chocolates-spoons-p-24880.html HTTP/1.0" 200 74673 "-" "Mozilla/5.0 (compatible; YandexBot/3.0; +http://yandex.com/bots)"
54.36.148.243 - - [27/Apr/2022:00:19:56 +0200] "GET /boxes-storage-c-13_150.html?page=5 HTTP/1.0" 200 94555 "-" "Mozilla/5.0 (compatible; AhrefsBot/7.0; +http://ahrefs.com/robot/)"
66.249.66.210 - - [27/Apr/2022:00:20:17 +0200] "GET /gameboy-coasters-p-55995.html HTTP/1.0" 200 73403 "-" "Mozilla/5.0 (compatible; Googlebot/2.1; +http://www.google.com/bot.html)"
113.207.6.244 - - [27/Apr/2022:00:21:00 +0200] "GET /images/mini_prod/3760116326421.jpg HTTP/1.0" 200 269 "-" "Mozilla/5.0 (X11; Ubuntu; Linux x86_64; rv:72.0) Gecko/20100101 Firefox/72.0"
185.191.171.18 - - [27/Apr/2022:00:21:19 +0200] "GET /lego-star-wars-r2-d2-led-lite-keychains-p-27077.html HTTP/1.0" 301 73790 "-" "Mozilla/5.0 (compatible; SemrushBot/7~bl; +http://www.semrush.com/bot.html)"
54.36.148.243 - - [27/Apr/2022:00:21:20 +0200] "GET /fairy-kitchen-towel-p-38812.html HTTP/1.0" 200 73407 "-" "Mozilla/5.0 (compatible; AhrefsBot/7.0; +http://ahrefs.com/robot/)"
185.191.171.2 - - [27/Apr/2022:00:21:23 +0200] "GET /lego-star-wars-lite-keychains-p-27077.html HTTP/1.0" 200 73694 "-" "Mozilla/5.0 (compatible; SemrushBot/7~bl; +http://www.semrush.com/bot.html)"
185.191.171.6 - - [27/Apr/2022:00:21:30 +0200] "GET /cotton-floor-cushion-daphn-p-54415.html HTTP/1.0" 200 74231 "-" "Mozilla/5.0 (compatible; SemrushBot/7~bl; +http://www.semrush.com/bot.html)"
66.249.66.212 - - [27/Apr/2022:00:21:39 +0200] "GET /the-little-mermaid-money-box-p-4671.html HTTP/1.0" 301 71007 "-" "Mozilla/5.0 (compatible; Googlebot/2.1; +http://www.google.com/bot.html)"
66.249.66.212 - - [27/Apr/2022:00:21:40 +0200] "GET /little-mermaid-money-p-4671.html HTTP/1.0" 200 70921 "-" "Mozilla/5.0 (compatible; Googlebot/2.1; +http://www.google.com/bot.html)"
40.64.89.41 - - [27/Apr/2022:00:22:01 +0200] "GET /images/mini_prod/8719075391150.jpg HTTP/1.0" 200 269 "-" "Mozilla/5.0 (X11; Linux x86_64) AppleWebKit/537.36 (KHTML, like Gecko) Chrome/62.0.3202.62 Safari/537.36"
77.88.5.208 - - [27/Apr/2022:00:22:03 +0200] "GET /buddhist-monk-indoor-fountain-p-56025.html HTTP/1.0" 200 73767 "-" "Mozilla/5.0 (compatible; YandexBot/3.0; +http://yandex.com/bots)"
40.64.89.61 - - [27/Apr/2022:00:22:06 +0200] "GET /images/mini_prod/B4891320386679B.jpg HTTP/1.0" 200 271 "-" "Mozilla/4.0 (compatible; MSIE 7.0; Windows NT 6.0)"
114.119.137.45 - - [27/Apr/2022:00:22:13 +0200] "GET /images/mini_prod/3520071820897.jpg HTTP/1.0" 200 269 "-" "Mozilla/5.0 (Linux; Android 7.0;) AppleWebKit/537.36 (KHTML, like Gecko) Mobile Safari/537.36 (compatible; PetalBot;+https://webmaster.petalsearch.com/site/petalbot)"
185.191.171.44 - - [27/Apr/2022:00:22:13 +0200] "GET /tetsubin-teapot-japanese-liter-p-39975.html?action=add_product HTTP/1.0" 302 476 "-" "Mozilla/5.0 (compatible; SemrushBot/7~bl; +http://www.semrush.com/bot.html)"
113.207.6.244 - - [27/Apr/2022:00:22:22 +0200] "GET /images/mini_prod/3681643100752.jpg HTTP/1.0" 200 269 "-" "Mozilla/5.0 (X11; Ubuntu; Linux x86_64; rv:72.0) Gecko/20100101 Firefox/72.0"
157.55.39.111 - - [27/Apr/2022:00:22:26 +0200] "GET /angel-wings-black-shirt-cbkreation-p-30122.html HTTP/1.0" 200 74557 "-" "Mozilla/5.0 (compatible; bingbot/2.0; +http://www.bing.com/bingbot.htm)"
54.236.1.11 - - [27/Apr/2022:00:22:29 +0200] "GET /robots.txt HTTP/1.0" 200 245 "-" "Mozilla/5.0 (compatible; Pinterestbot/1.0; +http://www.pinterest.com/bot.html)"
54.236.1.11 - - [27/Apr/2022:00:22:29 +0200] "GET /games-and-toys/toys/barbapapa-nesting-dolls-p-17283.html HTTP/1.0" 301 70875 "-" "Mozilla/5.0 (compatible; Pinterestbot/1.0; +http://www.pinterest.com/bot.html)"
54.236.1.11 - - [27/Apr/2022:00:22:30 +0200] "GET /-p-17283.html HTTP/1.0" 200 70808 "-" "Mozilla/5.0 (compatible; Pinterestbot/1.0; +http://www.pinterest.com/bot.html)"
54.36.148.243 - - [27/Apr/2022:00:22:39 +0200] "GET /nici-adventure-wild-friends-colors-p-20580.html HTTP/1.0" 200 73567 "-" "Mozilla/5.0 (compatible; AhrefsBot/7.0; +http://ahrefs.com/robot/)"
157.90.128.183 - - [27/Apr/2022:00:22:50 +0200] "GET /images/mini_prod/3700653593269.jpg HTTP/1.0" 200 269 "-" "Mozilla/5.0 (X11; Ubuntu; Linux x86_64; rv:72.0) Gecko/20100101 Firefox/72.0"
54.236.1.11 - - [27/Apr/2022:00:22:58 +0200] "GET /tin-box-shaped-old-radio-p-21383.html HTTP/1.0" 301 70875 "-" "Mozilla/5.0 (compatible; Pinterestbot/1.0; +http://www.pinterest.com/bot.html)"
54.236.1.11 - - [27/Apr/2022:00:22:59 +0200] "GET /-p-21383.html HTTP/1.0" 200 70808 "-" "Mozilla/5.0 (compatible; Pinterestbot/1.0; +http://www.pinterest.com/bot.html)"
66.249.66.210 - - [27/Apr/2022:00:23:01 +0200] "GET /stop-sign-metal-plate-deco-p-35654.html HTTP/1.0" 200 73488 "-" "Mozilla/5.0 (compatible; Googlebot/2.1; +http://www.google.com/bot.html)"
20.72.199.117 - - [27/Apr/2022:00:23:09 +0200] "GET /images/mini_prod/3272760389849.jpg HTTP/1.0" 200 269 "-" "Mozilla/5.0 (X11; Linux x86_64) AppleWebKit/537.36 (KHTML, like Gecko) Chrome/62.0.3202.62 Safari/537.36"
40.64.89.41 - - [27/Apr/2022:00:23:26 +0200] "GET /images/mini_prod/3503420190438.jpg HTTP/1.0" 200 269 "-" "Mozilla/5.0 (Windows NT 10.0; WOW64) AppleWebKit/537.36 (KHTML, like Gecko) Chrome/67.0.3396.99 Safari/537.36"
114.119.137.252 - - [27/Apr/2022:00:23:36 +0200] "GET /images/big_prod/3700281664034A.jpg HTTP/1.0" 200 269 "-" "Mozilla/5.0 (Linux; Android 7.0;) AppleWebKit/537.36 (KHTML, like Gecko) Mobile Safari/537.36 (compatible; PetalBot;+https://webmaster.petalsearch.com/site/petalbot)"
185.191.171.11 - - [27/Apr/2022:00:23:40 +0200] "GET /quote-cutting-board-p-51903.html HTTP/1.0" 200 70874 "-" "Mozilla/5.0 (compatible; SemrushBot/7~bl; +http://www.semrush.com/bot.html)"
54.36.148.243 - - [27/Apr/2022:00:24:01 +0200] "GET /sticker-windows-chakra-p-48349.html HTTP/1.0" 200 73508 "-" "Mozilla/5.0 (compatible; AhrefsBot/7.0; +http://ahrefs.com/robot/)"
40.64.89.74 - - [27/Apr/2022:00:24:19 +0200] "GET /images/mini_prod/1399984263105.jpg HTTP/1.0" 200 269 "-" "Mozilla/5.0 (Windows NT 10.0; WOW64) AppleWebKit/537.36 (KHTML, like Gecko) Chrome/67.0.3396.99 Safari/537.36"
66.249.66.212 - - [27/Apr/2022:00:24:23 +0200] "GET /statuette-sonny-angel-bobbing-head-p-54742.html HTTP/1.0" 200 70942 "-" "Mozilla/5.0 (compatible; Googlebot/2.1; +http://www.google.com/bot.html)"
