185.191.171.25 - - [26/Apr/2022:16:17:52 +0200] "GET /table-lamp-white-wood-p-41369.html HTTP/1.0" 200 73584 "-" "Mozilla/5.0 (compatible; SemrushBot/7~bl; +http://www.semrush.com/bot.html)"
54.36.148.243 - - [26/Apr/2022:16:17:58 +0200] "GET /kiub-collection-cats-cool-p-54783.html HTTP/1.0" 200 74294 "-" "Mozilla/5.0 (compatible; AhrefsBot/7.0; +http://ahrefs.com/robot/)"
40.64.89.71 - - [26/Apr/2022:16:18:25 +0200] "GET /images/big_prod_2/c8719497611096.jpg HTTP/1.0" 200 271 "-" "Mozilla/4.0 (compatible; MSIE 7.0; Windows NT 6.0)"
185.191.171.21 - - [26/Apr/2022:16:18:34 +0200] "GET /repositionable-wall-stickers-p-28115.html HTTP/1.0" 200 73733 "-" "Mozilla/5.0 (compatible; SemrushBot/7~bl; +http://www.semrush.com/bot.html)"
185.191.171.15 - - [26/Apr/2022:16:18:40 +0200] "GET /champa-lavender-backflow-incense-cones-p-54737.html HTTP/1.0" 200 74614 "-" "Mozilla/5.0 (compatible; SemrushBot/7~bl; +http://www.semrush.com/bot.html)"
54.36.148.243 - - [26/Apr/2022:16:19:37 +0200] "GET /espresso-cups-dogs-p-49737.html HTTP/1.0" 200 73448 "-" "Mozilla/5.0 (compatible; AhrefsBot/7.0; +http://ahrefs.com/robot/)"
185.191.171.16 - - [26/Apr/2022:16:19:43 +0200] "GET /tequila-box-of-coasters-p-51778.html HTTP/1.0" 301 73477 "-" "Mozilla/5.0 (compatible; SemrushBot/7~bl; +http://www.semrush.com/bot.html)"
185.191.171.16 - - [26/Apr/2022:16:19:47 +0200] "GET /tequila-coasters-p-51778.html HTTP/1.0" 200 73394 "-" "Mozilla/5.0 (compatible; SemrushBot/7~bl; +http://www.semrush.com/bot.html)"
185.191.171.44 - - [26/Apr/2022:16:19:52 +0200] "GET /coca-cola-round-metal-tray-p-31779.html?action=add_product HTTP/1.0" 302 476 "-" "Mozilla/5.0 (compatible; SemrushBot/7~bl; +http://www.semrush.com/bot.html)"
185.191.171.1 - - [26/Apr/2022:16:19:53 +0200] "GET /statuette-african-bust-p-48838.html HTTP/1.0" 200 74563 "-" "Mozilla/5.0 (compatible; SemrushBot/7~bl; +http://www.semrush.com/bot.html)"
185.191.171.5 - - [26/Apr/2022:16:19:57 +0200] "GET /incense-tree-life-grams-about-sticks-p-45150.html HTTP/1.0" 200 74026 "-" "Mozilla/5.0 (compatible; SemrushBot/7~bl; +http://www.semrush.com/bot.html)"
185.191.171.9 - - [26/Apr/2022:16:20:02 +0200] "GET /male-statuette-base-p-56776.html HTTP/1.0" 200 74353 "-" "Mozilla/5.0 (compatible; SemrushBot/7~bl; +http://www.semrush.com/bot.html)"
114.119.137.252 - - [26/Apr/2022:16:20:15 +0200] "GET /crystal-grid-love-p-52051.html HTTP/1.0" 200 75352 "-" "Mozilla/5.0 (Linux; Android 7.0;) AppleWebKit/537.36 (KHTML, like Gecko) Mobile Safari/537.36 (compatible; PetalBot;+https://webmaster.petalsearch.com/site/petalbot)"
185.191.171.24 - - [26/Apr/2022:16:20:41 +0200] "GET /cotton-kitchen-towel-made-france-p-43973.html?action=add_product HTTP/1.0" 302 476 "-" "Mozilla/5.0 (compatible; SemrushBot/7~bl; +http://www.semrush.com/bot.html)"
185.191.171.9 - - [26/Apr/2022:16:21:16 +0200] "GET /responsible-wood-geranium-candle-heart-home-p-52802.html?action=add_product HTTP/1.0" 302 476 "-" "Mozilla/5.0 (compatible; SemrushBot/7~bl; +http://www.semrush.com/bot.html)"
54.36.148.243 - - [26/Apr/2022:16:21:17 +0200] "GET /harley-davidson-large-p-38444.html HTTP/1.0" 200 73595 "-" "Mozilla/5.0 (compatible; AhrefsBot/7.0; +http://ahrefs.com/robot/)"
185.191.171.7 - - [26/Apr/2022:16:21:19 +0200] "GET /canarasta-cbkreation-p-22067.html?action=add_product HTTP/1.0" 302 476 "-" "Mozilla/5.0 (compatible; SemrushBot/7~bl; +http://www.semrush.com/bot.html)"
185.191.171.35 - - [26/Apr/2022:16:21:30 +0200] "GET /cotton-kitchen-towel-bires-p-45132.html HTTP/1.0" 200 73501 "-" "Mozilla/5.0 (compatible; SemrushBot/7~bl; +http://www.semrush.com/bot.html)"
114.119.137.38 - - [26/Apr/2022:16:22:05 +0200] "GET /decorative-rack-with-wooden-rings-p-46820.html HTTP/1.0" 200 70930 "-" "Mozilla/5.0 (Linux; Android 7.0;) AppleWebKit/537.36 (KHTML, like Gecko) Mobile Safari/537.36 (compatible; PetalBot;+https://webmaster.petalsearch.com/site/petalbot)"
66.249.66.212 - - [26/Apr/2022:16:22:17 +0200] "GET /canvas-frame-cherche-bonheur-p-39223.html HTTP/1.0" 200 73763 "-" "Mozilla/5.0 (compatible; Googlebot/2.1; +http://www.google.com/bot.html)"
77.88.5.208 - - [26/Apr/2022:16:22:23 +0200] "GET /figurine-decorative-small-model-p-34547.html HTTP/1.0" 200 73612 "-" "Mozilla/5.0 (compatible; YandexBot/3.0; +http://yandex.com/bots)"
40.64.89.157 - - [26/Apr/2022:16:22:31 +0200] "GET /images/mini_prod/3609810048348.jpg HTTP/1.0" 200 269 "-" "Mozilla/5.0 (Windows NT 10.0; ) Gecko/20100101 Firefox/61.0"
185.191.171.10 - - [26/Apr/2022:16:22:33 +0200] "GET /luxe-pense-wall-sticker-p-39313.html HTTP/1.0" 200 74354 "-" "Mozilla/5.0 (compatible; SemrushBot/7~bl; +http://www.semrush.com/bot.html)"
40.64.89.33 - - [26/Apr/2022:16:22:35 +0200] "GET /images/mini_prod/1384010200476.jpg HTTP/1.0" 200 269 "-" "Mozilla/5.0 (Windows NT 10.0; WOW64) AppleWebKit/537.36 (KHTML, like Gecko) Chrome/67.0.3396.99 Safari/537.36"
54.36.148.243 - - [26/Apr/2022:16:23:00 +0200] "GET /harley-davidson-2004-dyna-super-glide-sport-p-30415.html HTTP/1.0" 200 73686 "-" "Mozilla/5.0 (compatible; AhrefsBot/7.0; +http://ahrefs.com/robot/)"
185.191.171.14 - - [26/Apr/2022:16:23:19 +0200] "GET /cotton-floor-cushion-45-cm-lyna-p-45209.html HTTP/1.0" 301 74211 "-" "Mozilla/5.0 (compatible; SemrushBot/7~bl; +http://www.semrush.com/bot.html)"
185.191.171.1 - - [26/Apr/2022:16:23:23 +0200] "GET /cotton-floor-cushion-lyna-p-45209.html HTTP/1.0" 200 74119 "-" "Mozilla/5.0 (compatible; SemrushBot/7~bl; +http://www.semrush.com/bot.html)"
185.191.171.14 - - [26/Apr/2022:16:23:35 +0200] "GET /circle-coasters-cupcakes-cbkreation-p-17369.html HTTP/1.0" 200 73666 "-" "Mozilla/5.0 (compatible; SemrushBot/7~bl; +http://www.semrush.com/bot.html)"
185.191.171.6 - - [26/Apr/2022:16:23:38 +0200] "GET /tables-c-13_206.html?page=2 HTTP/1.0" 200 78852 "-" "Mozilla/5.0 (compatible; SemrushBot/7~bl; +http://www.semrush.com/bot.html)"
114.119.137.45 - - [26/Apr/2022:16:23:57 +0200] "GET /images/big_prod/N3700643506149CC.jpg HTTP/1.0" 200 271 "-" "Mozilla/5.0 (Linux; Android 7.0;) AppleWebKit/537.36 (KHTML, like Gecko) Mobile Safari/537.36 (compatible; PetalBot;+https://webmaster.petalsearch.com/site/petalbot)"
113.207.6.244 - - [26/Apr/2022:16:24:00 +0200] "GET /images/mini_prod/34DSCN8152.jpg HTTP/1.0" 200 266 "-" "Mozilla/5.0 (X11; Ubuntu; Linux x86_64; rv:72.0) Gecko/20100101 Firefox/72.0"
54.36.148.243 - - [26/Apr/2022:16:24:38 +0200] "GET /verity-rose-hair-clips-retro-p-29186.html HTTP/1.0" 200 73514 "-" "Mozilla/5.0 (compatible; AhrefsBot/7.0; +http://ahrefs.com/robot/)"
185.191.171.39 - - [26/Apr/2022:16:24:55 +0200] "GET /thumper-mini-figurine-collection-p-57284.html HTTP/1.0" 200 74901 "-" "Mozilla/5.0 (compatible; SemrushBot/7~bl; +http://www.semrush.com/bot.html)"
40.64.89.71 - - [26/Apr/2022:16:25:00 +0200] "GET /images/mini_prod/3453131143172.jpg HTTP/1.0" 200 269 "-" "Mozilla/5.0 (Windows NT 6.1; WOW64) AppleWebKit/537.36 (KHTML, like Gecko) Chrome/45.0.2454.101 Safari/537.36"
77.88.5.208 - - [26/Apr/2022:16:25:23 +0200] "GET /images/3700469613014.jpg HTTP/1.0" 200 259 "-" "Mozilla/5.0 (compatible; YandexImages/3.0; +http://yandex.com/bots)"
17.121.114.105 - - [26/Apr/2022:16:25:27 +0200] "GET /robots.txt HTTP/1.0" 200 245 "-" "Mozilla/5.0 (Macintosh; Intel Mac OS X 10_15_5) AppleWebKit/605.1.15 (KHTML, like Gecko) Version/13.1.1 Safari/605.1.15 (Applebot/0.1; +http://www.apple.com/go/applebot)"
17.121.114.105 - - [26/Apr/2022:16:25:27 +0200] "GET /images/mini_prod/1399984264553.jpg HTTP/1.0" 200 269 "-" "Mozilla/5.0 (Macintosh; Intel Mac OS X 10_15_5) AppleWebKit/605.1.15 (KHTML, like Gecko) Version/13.1.1 Safari/605.1.15 (Applebot/0.1; +http://www.apple.com/go/applebot)"
114.119.137.45 - - [26/Apr/2022:16:25:34 +0200] "GET /images/big_prod/3700281653878.jpg HTTP/1.0" 200 268 "-" "Mozilla/5.0 (Linux; Android 7.0;) AppleWebKit/537.36 (KHTML, like Gecko) Mobile Safari/537.36 (compatible; PetalBot;+https://webmaster.petalsearch.com/site/petalbot)"
20.121.222.104 - - [26/Apr/2022:16:26:15 +0200] "GET /sponge-stand-c-12_256.html HTTP/1.0" 200 78001 "-" "Mozilla/5.0 (Windows NT 10.0; Win64; x64) AppleWebKit/537.36 (KHTML, like Gecko) Chrome/86.0.4240.75 Safari/537.36"
20.121.222.104 - - [26/Apr/2022:16:26:15 +0200] "GET /chimes-suspensions-c-13_241.html HTTP/1.0" 200 91141 "-" "Mozilla/5.0 (Windows NT 10.0; Win64; x64) AppleWebKit/537.36 (KHTML, like Gecko) Chrome/86.0.4240.75 Safari/537.36"
54.36.148.243 - - [26/Apr/2022:16:26:16 +0200] "GET /incense-positive-vibes-grams-about-sticks-p-45148.html HTTP/1.0" 200 74653 "-" "Mozilla/5.0 (compatible; AhrefsBot/7.0; +http://ahrefs.com/robot/)"
46.4.108.51 - - [26/Apr/2022:16:26:21 +0200] "GET /robots.txt HTTP/1.0" 301 531 "-" "Mozilla/5.0 (compatible; BLEXBot/1.0; +http://webmeup-crawler.com/)"
46.4.108.51 - - [26/Apr/2022:16:26:21 +0200] "GET /robots.txt HTTP/1.0" 200 245 "-" "Mozilla/5.0 (compatible; BLEXBot/1.0; +http://webmeup-crawler.com/)"
46.4.108.51 - - [26/Apr/2022:16:26:21 +0200] "GET /sitemap.xml HTTP/1.0" 301 533 "-" "Mozilla/5.0 (compatible; BLEXBot/1.0; +http://webmeup-crawler.com/)"
46.4.108.51 - - [26/Apr/2022:16:26:21 +0200] "GET /sitemap.xml HTTP/1.0" 404 1308 "-" "Mozilla/5.0 (compatible; BLEXBot/1.0; +http://webmeup-crawler.com/)"
46.4.108.51 - - [26/Apr/2022:16:26:21 +0200] "GET /pencil-c-129_183.html HTTP/1.0" 200 91023 "-" "Mozilla/5.0 (compatible; BLEXBot/1.0; +http://webmeup-crawler.com/)"
66.249.66.212 - - [26/Apr/2022:16:26:23 +0200] "GET /patrick-sponge-memo-clip-p-3695.html HTTP/1.0" 200 73490 "-" "Mozilla/5.0 (Linux; Android 6.0.1; Nexus 5X Build/MMB29P) AppleWebKit/537.36 (KHTML, like Gecko) Chrome/100.0.4896.127 Mobile Safari/537.36 (compatible; Googlebot/2.1; +http://www.google.com/bot.html)"
185.191.171.6 - - [26/Apr/2022:16:26:30 +0200] "GET /robots.txt HTTP/1.0" 200 245 "-" "Mozilla/5.0 (compatible; SemrushBot/7~bl; +http://www.semrush.com/bot.html)"
46.4.108.51 - - [26/Apr/2022:16:26:31 +0200] "GET /sitemap.xml HTTP/1.0" 404 1308 "-" "Mozilla/5.0 (compatible; BLEXBot/1.0; +http://webmeup-crawler.com/)"
185.191.171.34 - - [26/Apr/2022:16:26:31 +0200] "GET /allen-adult-apron-p-39737.html?action=add_product HTTP/1.0" 302 476 "-" "Mozilla/5.0 (compatible; SemrushBot/7~bl; +http://www.semrush.com/bot.html)"
46.4.108.51 - - [26/Apr/2022:16:26:31 +0200] "GET /pencil-case-c-31_75.html HTTP/1.0" 200 94758 "-" "Mozilla/5.0 (compatible; BLEXBot/1.0; +http://webmeup-crawler.com/)"
46.4.108.51 - - [26/Apr/2022:16:26:34 +0200] "GET / HTTP/1.0" 200 151984 "-" "Mozilla/5.0 (compatible; BLEXBot/1.0; +http://webmeup-crawler.com/)"
46.4.108.51 - - [26/Apr/2022:16:26:38 +0200] "GET /pendants-necklaces-c-3_214.html HTTP/1.0" 200 90843 "-" "Mozilla/5.0 (compatible; BLEXBot/1.0; +http://webmeup-crawler.com/)"
46.4.108.51 - - [26/Apr/2022:16:26:42 +0200] "GET /-c-95.html HTTP/1.0" 200 75973 "-" "Mozilla/5.0 (compatible; BLEXBot/1.0; +http://webmeup-crawler.com/)"
46.4.108.51 - - [26/Apr/2022:16:26:43 +0200] "GET /penguin-jewelry-holder-statuette-p-57765.html HTTP/1.0" 200 73671 "-" "Mozilla/5.0 (compatible; BLEXBot/1.0; +http://webmeup-crawler.com/)"
46.4.108.51 - - [26/Apr/2022:16:26:46 +0200] "GET /-c-97_196.html HTTP/1.0" 200 77463 "-" "Mozilla/5.0 (compatible; BLEXBot/1.0; +http://webmeup-crawler.com/)"
46.4.108.51 - - [26/Apr/2022:16:26:48 +0200] "GET /perfumes-interior-c-231_234.html HTTP/1.0" 200 92229 "-" "Mozilla/5.0 (compatible; BLEXBot/1.0; +http://webmeup-crawler.com/)"
185.191.171.16 - - [26/Apr/2022:16:26:50 +0200] "GET /incense-burner-sticks-ohm-p-49360.html HTTP/1.0" 301 74187 "-" "Mozilla/5.0 (compatible; SemrushBot/7~bl; +http://www.semrush.com/bot.html)"
46.4.108.51 - - [26/Apr/2022:16:26:51 +0200] "GET /-i-17.html HTTP/1.0" 200 99965 "-" "Mozilla/5.0 (compatible; BLEXBot/1.0; +http://webmeup-crawler.com/)"
185.191.171.39 - - [26/Apr/2022:16:26:53 +0200] "GET /incense-burner-sticks-p-49360.html HTTP/1.0" 200 74099 "-" "Mozilla/5.0 (compatible; SemrushBot/7~bl; +http://www.semrush.com/bot.html)"
46.4.108.51 - - [26/Apr/2022:16:26:54 +0200] "GET /personalized-products-c-97.html HTTP/1.0" 200 91018 "-" "Mozilla/5.0 (compatible; BLEXBot/1.0; +http://webmeup-crawler.com/)"
46.4.108.51 - - [26/Apr/2022:16:26:58 +0200] "GET /accessories-c-3.html HTTP/1.0" 200 93677 "-" "Mozilla/5.0 (compatible; BLEXBot/1.0; +http://webmeup-crawler.com/)"
66.249.66.212 - - [26/Apr/2022:16:27:05 +0200] "GET /cement-tile-stickers-p-58015.html HTTP/1.0" 200 74378 "-" "Mozilla/5.0 (Linux; Android 6.0.1; Nexus 5X Build/MMB29P) AppleWebKit/537.36 (KHTML, like Gecko) Chrome/100.0.4896.127 Mobile Safari/537.36 (compatible; Googlebot/2.1; +http://www.google.com/bot.html)"
46.4.108.51 - - [26/Apr/2022:16:27:05 +0200] "GET /photo-frames-memo-clips-c-13_132.html HTTP/1.0" 200 91292 "-" "Mozilla/5.0 (compatible; BLEXBot/1.0; +http://webmeup-crawler.com/)"
185.191.171.10 - - [26/Apr/2022:16:27:09 +0200] "GET /avengers-lunchbox-p-37539.html?action=add_product HTTP/1.0" 302 476 "-" "Mozilla/5.0 (compatible; SemrushBot/7~bl; +http://www.semrush.com/bot.html)"
46.4.108.51 - - [26/Apr/2022:16:27:09 +0200] "GET /accessories-c-97_98.html HTTP/1.0" 200 84743 "-" "Mozilla/5.0 (compatible; BLEXBot/1.0; +http://webmeup-crawler.com/)"
46.4.108.51 - - [26/Apr/2022:16:27:11 +0200] "GET /pillow-bolster-c-11_199.html HTTP/1.0" 200 83390 "-" "Mozilla/5.0 (compatible; BLEXBot/1.0; +http://webmeup-crawler.com/)"
46.4.108.51 - - [26/Apr/2022:16:27:18 +0200] "GET /accessories-mobiles-c-3_17.html HTTP/1.0" 200 94928 "-" "Mozilla/5.0 (compatible; BLEXBot/1.0; +http://webmeup-crawler.com/)"
46.4.108.51 - - [26/Apr/2022:16:27:20 +0200] "GET /pillow-protector-bolster-protector-c-11_276.html HTTP/1.0" 200 83878 "-" "Mozilla/5.0 (compatible; BLEXBot/1.0; +http://webmeup-crawler.com/)"
40.91.78.237 - - [26/Apr/2022:16:27:24 +0200] "GET /images/mini_prod/1399103640152.jpg HTTP/1.0" 200 269 "-" "Mozilla/4.0 (compatible; MSIE 7.0; Windows NT 6.0)"
46.4.108.51 - - [26/Apr/2022:16:27:23 +0200] "GET /adaptable-decorative-caps-c-12_249.html HTTP/1.0" 200 79432 "-" "Mozilla/5.0 (compatible; BLEXBot/1.0; +http://webmeup-crawler.com/)"
46.4.108.51 - - [26/Apr/2022:16:27:25 +0200] "GET /pillowcases-bolstercases-c-11_166.html HTTP/1.0" 200 90832 "-" "Mozilla/5.0 (compatible; BLEXBot/1.0; +http://webmeup-crawler.com/)"
46.4.108.51 - - [26/Apr/2022:16:27:29 +0200] "GET /adults-c-53.html HTTP/1.0" 200 93496 "-" "Mozilla/5.0 (compatible; BLEXBot/1.0; +http://webmeup-crawler.com/)"
46.4.108.51 - - [26/Apr/2022:16:27:33 +0200] "GET /pitchers-drink-dispensers-c-12_243.html HTTP/1.0" 200 90125 "-" "Mozilla/5.0 (compatible; BLEXBot/1.0; +http://webmeup-crawler.com/)"
46.4.108.51 - - [26/Apr/2022:16:27:36 +0200] "GET /alarms-clocks-c-13_65.html HTTP/1.0" 200 91964 "-" "Mozilla/5.0 (compatible; BLEXBot/1.0; +http://webmeup-crawler.com/)"
46.4.108.51 - - [26/Apr/2022:16:27:38 +0200] "GET /placemats-c-12_156.html HTTP/1.0" 200 92874 "-" "Mozilla/5.0 (compatible; BLEXBot/1.0; +http://webmeup-crawler.com/)"
54.236.1.11 - - [26/Apr/2022:16:27:42 +0200] "GET /images/3700276295816.jpg HTTP/1.0" 200 259 "-" "Mozilla/5.0 (compatible; Pinterestbot/1.0; +http://www.pinterest.com/bot.html)"
46.4.108.51 - - [26/Apr/2022:16:27:44 +0200] "GET /angel-salt-lamp-p-57805.html HTTP/1.0" 200 74803 "-" "Mozilla/5.0 (compatible; BLEXBot/1.0; +http://webmeup-crawler.com/)"
54.36.148.243 - - [26/Apr/2022:16:27:44 +0200] "GET /decorative-owls-patinated-resin-p-56365.html HTTP/1.0" 200 74189 "-" "Mozilla/5.0 (compatible; AhrefsBot/7.0; +http://ahrefs.com/robot/)"
46.4.108.51 - - [26/Apr/2022:16:27:49 +0200] "GET /plaisir-partager-round-placemat-p-57749.html HTTP/1.0" 200 74142 "-" "Mozilla/5.0 (compatible; BLEXBot/1.0; +http://webmeup-crawler.com/)"
46.4.108.51 - - [26/Apr/2022:16:27:52 +0200] "GET /animated-figurines-solar-flowers-c-13_273.html HTTP/1.0" 200 81030 "-" "Mozilla/5.0 (compatible; BLEXBot/1.0; +http://webmeup-crawler.com/)"
46.4.108.51 - - [26/Apr/2022:16:27:54 +0200] "GET /plastic-boxes-storage-c-13_150_217.html HTTP/1.0" 200 76558 "-" "Mozilla/5.0 (compatible; BLEXBot/1.0; +http://webmeup-crawler.com/)"
46.4.108.51 - - [26/Apr/2022:16:27:58 +0200] "GET /apptit-placemat-p-57753.html HTTP/1.0" 200 73961 "-" "Mozilla/5.0 (compatible; BLEXBot/1.0; +http://webmeup-crawler.com/)"
113.207.6.244 - - [26/Apr/2022:16:28:02 +0200] "GET /images/mini_prod/8435333853276.jpg HTTP/1.0" 200 269 "-" "Mozilla/5.0 (X11; Ubuntu; Linux x86_64; rv:72.0) Gecko/20100101 Firefox/72.0"
46.4.108.51 - - [26/Apr/2022:16:28:03 +0200] "GET /plates-cups-c-12_58.html HTTP/1.0" 200 79540 "-" "Mozilla/5.0 (compatible; BLEXBot/1.0; +http://webmeup-crawler.com/)"
46.4.108.51 - - [26/Apr/2022:16:28:05 +0200] "GET /aprons-c-11_74.html HTTP/1.0" 200 92517 "-" "Mozilla/5.0 (compatible; BLEXBot/1.0; +http://webmeup-crawler.com/)"
46.4.108.51 - - [26/Apr/2022:16:28:08 +0200] "GET /polar-blankets-blankets-c-11_73.html HTTP/1.0" 200 92047 "-" "Mozilla/5.0 (compatible; BLEXBot/1.0; +http://webmeup-crawler.com/)"
46.4.108.51 - - [26/Apr/2022:16:28:13 +0200] "GET /artisan-plaster-thermometer-handcrafted-p-58004.html HTTP/1.0" 200 74526 "-" "Mozilla/5.0 (compatible; BLEXBot/1.0; +http://webmeup-crawler.com/)"
46.4.108.51 - - [26/Apr/2022:16:28:16 +0200] "GET /poncho-towels-bathrobes-c-11_72.html HTTP/1.0" 200 80238 "-" "Mozilla/5.0 (compatible; BLEXBot/1.0; +http://webmeup-crawler.com/)"
46.4.108.51 - - [26/Apr/2022:16:28:19 +0200] "GET /artisan-plaster-thermometer-handcrafted-p-58007.html HTTP/1.0" 200 74526 "-" "Mozilla/5.0 (compatible; BLEXBot/1.0; +http://webmeup-crawler.com/)"
46.4.108.51 - - [26/Apr/2022:16:28:20 +0200] "GET /porcelain-owls-kiub-p-57954.html HTTP/1.0" 200 74115 "-" "Mozilla/5.0 (compatible; BLEXBot/1.0; +http://webmeup-crawler.com/)"
114.119.137.45 - - [26/Apr/2022:16:28:21 +0200] "GET /socks-c-1_141.html HTTP/1.0" 200 79004 "-" "Mozilla/5.0 (Linux; Android 7.0;) AppleWebKit/537.36 (KHTML, like Gecko) Mobile Safari/537.36 (compatible; PetalBot;+https://webmaster.petalsearch.com/site/petalbot)"
46.4.108.51 - - [26/Apr/2022:16:28:24 +0200] "GET /artisan-plaster-thermometer-handcrafted-p-58011.html HTTP/1.0" 200 74526 "-" "Mozilla/5.0 (compatible; BLEXBot/1.0; +http://webmeup-crawler.com/)"
46.4.108.51 - - [26/Apr/2022:16:28:26 +0200] "GET /posters-stickers-wall-c-13_147.html HTTP/1.0" 200 90931 "-" "Mozilla/5.0 (compatible; BLEXBot/1.0; +http://webmeup-crawler.com/)"
46.4.108.51 - - [26/Apr/2022:16:28:28 +0200] "GET /ashtrays-c-13_240.html HTTP/1.0" 200 92257 "-" "Mozilla/5.0 (compatible; BLEXBot/1.0; +http://webmeup-crawler.com/)"
46.4.108.51 - - [26/Apr/2022:16:28:32 +0200] "GET /pots-cookie-jars-c-12_250.html HTTP/1.0" 200 90511 "-" "Mozilla/5.0 (compatible; BLEXBot/1.0; +http://webmeup-crawler.com/)"
46.4.108.51 - - [26/Apr/2022:16:28:38 +0200] "GET /assorted-potholders-p-57964.html HTTP/1.0" 200 74744 "-" "Mozilla/5.0 (compatible; BLEXBot/1.0; +http://webmeup-crawler.com/)"
46.4.108.51 - - [26/Apr/2022:16:28:44 +0200] "GET /products_new.php HTTP/1.0" 200 95230 "-" "Mozilla/5.0 (compatible; BLEXBot/1.0; +http://webmeup-crawler.com/)"
46.4.108.51 - - [26/Apr/2022:16:28:48 +0200] "GET /astro-round-wood-p-57886.html HTTP/1.0" 200 74398 "-" "Mozilla/5.0 (compatible; BLEXBot/1.0; +http://webmeup-crawler.com/)"
46.4.108.51 - - [26/Apr/2022:16:28:51 +0200] "GET /purse-wallet-c-31_76.html HTTP/1.0" 200 91513 "-" "Mozilla/5.0 (compatible; BLEXBot/1.0; +http://webmeup-crawler.com/)"
46.4.108.51 - - [26/Apr/2022:16:28:53 +0200] "GET /astro-round-wood-p-57887.html HTTP/1.0" 200 74398 "-" "Mozilla/5.0 (compatible; BLEXBot/1.0; +http://webmeup-crawler.com/)"
46.4.108.51 - - [26/Apr/2022:16:29:00 +0200] "GET /removable-cushion-polar-fleece-p-57906.html HTTP/1.0" 200 74367 "-" "Mozilla/5.0 (compatible; BLEXBot/1.0; +http://webmeup-crawler.com/)"
20.99.154.118 - - [26/Apr/2022:16:29:03 +0200] "GET /images/mini_prod/3700653509765.jpg HTTP/1.0" 200 269 "-" "Mozilla/5.0 (Macintosh; U; PPC Mac OS X 10.5; en-US; rv:1.9.2.15) Gecko/20110303 Firefox/3.6.15"
46.4.108.51 - - [26/Apr/2022:16:29:02 +0200] "GET /backpacks-c-31_77.html HTTP/1.0" 200 94425 "-" "Mozilla/5.0 (compatible; BLEXBot/1.0; +http://webmeup-crawler.com/)"
46.4.108.51 - - [26/Apr/2022:16:29:04 +0200] "GET /removable-cushion-polar-fleece-p-57908.html HTTP/1.0" 200 74367 "-" "Mozilla/5.0 (compatible; BLEXBot/1.0; +http://webmeup-crawler.com/)"
46.4.108.51 - - [26/Apr/2022:16:29:06 +0200] "GET /bagshandbags-shoulder-bags-c-31_81.html HTTP/1.0" 200 97132 "-" "Mozilla/5.0 (compatible; BLEXBot/1.0; +http://webmeup-crawler.com/)"
46.4.108.51 - - [26/Apr/2022:16:29:09 +0200] "GET /removable-cushion-polar-fleece-p-57911.html HTTP/1.0" 200 74367 "-" "Mozilla/5.0 (compatible; BLEXBot/1.0; +http://webmeup-crawler.com/)"
46.4.108.51 - - [26/Apr/2022:16:29:11 +0200] "GET /banao-cotton-jute-basket-planter-p-57920.html HTTP/1.0" 200 74263 "-" "Mozilla/5.0 (compatible; BLEXBot/1.0; +http://webmeup-crawler.com/)"
46.4.108.51 - - [26/Apr/2022:16:29:12 +0200] "GET /removable-cushion-polar-fleece-p-57913.html HTTP/1.0" 200 74367 "-" "Mozilla/5.0 (compatible; BLEXBot/1.0; +http://webmeup-crawler.com/)"
46.4.108.51 - - [26/Apr/2022:16:29:14 +0200] "GET /banao-cotton-jute-basket-planter-p-57922.html HTTP/1.0" 200 74274 "-" "Mozilla/5.0 (compatible; BLEXBot/1.0; +http://webmeup-crawler.com/)"
40.77.167.0 - - [26/Apr/2022:16:29:16 +0200] "GET /paperweight-the-great-wave-off-kanagawa-by-hokusai-p-53518.html HTTP/1.0" 301 74720 "-" "Mozilla/5.0 (compatible; bingbot/2.0; +http://www.bing.com/bingbot.htm)"
54.36.148.243 - - [26/Apr/2022:16:29:15 +0200] "GET /medusa-glass-paperweight-p-53622.html HTTP/1.0" 200 74068 "-" "Mozilla/5.0 (compatible; AhrefsBot/7.0; +http://ahrefs.com/robot/)"
46.4.108.51 - - [26/Apr/2022:16:29:16 +0200] "GET /resin-monkeys-nothing-said-nothing-seen-nothing-heard-p-57821.html HTTP/1.0" 200 74922 "-" "Mozilla/5.0 (compatible; BLEXBot/1.0; +http://webmeup-crawler.com/)"
46.4.108.51 - - [26/Apr/2022:16:29:18 +0200] "GET /banao-cotton-jute-basket-planter-p-57923.html HTTP/1.0" 200 74263 "-" "Mozilla/5.0 (compatible; BLEXBot/1.0; +http://webmeup-crawler.com/)"
46.4.108.51 - - [26/Apr/2022:16:29:23 +0200] "GET /resin-stone-boxes-storage-c-13_150_84.html HTTP/1.0" 200 85998 "-" "Mozilla/5.0 (compatible; BLEXBot/1.0; +http://webmeup-crawler.com/)"
46.4.108.51 - - [26/Apr/2022:16:29:27 +0200] "GET /banao-cotton-jute-basket-planter-p-57925.html HTTP/1.0" 200 74274 "-" "Mozilla/5.0 (compatible; BLEXBot/1.0; +http://webmeup-crawler.com/)"
46.4.108.51 - - [26/Apr/2022:16:29:29 +0200] "GET /retro-style-cookies-pure-nature-p-57869.html HTTP/1.0" 200 74359 "-" "Mozilla/5.0 (compatible; BLEXBot/1.0; +http://webmeup-crawler.com/)"
46.4.108.51 - - [26/Apr/2022:16:29:31 +0200] "GET /barbecue-aperitif-c-12_254.html HTTP/1.0" 200 90185 "-" "Mozilla/5.0 (compatible; BLEXBot/1.0; +http://webmeup-crawler.com/)"
46.4.108.51 - - [26/Apr/2022:16:29:34 +0200] "GET /retro-style-cookies-saveurs-traditions-franaises-p-57868.html HTTP/1.0" 200 74555 "-" "Mozilla/5.0 (compatible; BLEXBot/1.0; +http://webmeup-crawler.com/)"
46.4.108.51 - - [26/Apr/2022:16:29:37 +0200] "GET /baskets-c-13_289.html HTTP/1.0" 200 90464 "-" "Mozilla/5.0 (compatible; BLEXBot/1.0; +http://webmeup-crawler.com/)"
185.191.171.1 - - [26/Apr/2022:16:29:39 +0200] "GET /teo-jasmin-large-cabas-jasmine-p-46986.html HTTP/1.0" 301 71007 "-" "Mozilla/5.0 (compatible; SemrushBot/7~bl; +http://www.semrush.com/bot.html)"
46.4.108.51 - - [26/Apr/2022:16:29:41 +0200] "GET /rings-c-3_257.html HTTP/1.0" 200 86577 "-" "Mozilla/5.0 (compatible; BLEXBot/1.0; +http://webmeup-crawler.com/)"
185.191.171.26 - - [26/Apr/2022:16:29:42 +0200] "GET /jasmin-large-cabas-jasmine-p-46986.html HTTP/1.0" 200 70914 "-" "Mozilla/5.0 (compatible; SemrushBot/7~bl; +http://www.semrush.com/bot.html)"
46.4.108.51 - - [26/Apr/2022:16:29:43 +0200] "GET /bath-c-11_269_267.html HTTP/1.0" 200 86460 "-" "Mozilla/5.0 (compatible; BLEXBot/1.0; +http://webmeup-crawler.com/)"
46.4.108.51 - - [26/Apr/2022:16:29:45 +0200] "GET /rose-quartz-salt-lamp-p-57761.html HTTP/1.0" 200 75876 "-" "Mozilla/5.0 (compatible; BLEXBot/1.0; +http://webmeup-crawler.com/)"
51.68.224.127 - - [26/Apr/2022:16:29:48 +0200] "GET /adminweb/export_orders_xml.php?token=256de2z6edz6ed2z6DFSFsed2zed6zeDSFDSGdzedezfzf&maxorders=10&orderstart=1&status=14&start_date=2018-10-01 HTTP/1.0" 200 285 "-" "GesCom CharlotteBoutik Serveur"
51.68.224.127 - - [26/Apr/2022:16:29:48 +0200] "GET /adminweb/export_orders_xml.php?token=256de2z6edz6ed2z6DFSFsed2zed6zeDSFDSGdzedezfzf&maxorders=10&orderstart=1&status=6&start_date=2018-10-01 HTTP/1.0" 200 32798 "-" "GesCom CharlotteBoutik Serveur"
46.4.108.51 - - [26/Apr/2022:16:29:56 +0200] "GET /bathroom-accessories-c-13_172.html HTTP/1.0" 200 91074 "-" "Mozilla/5.0 (compatible; BLEXBot/1.0; +http://webmeup-crawler.com/)"
46.4.108.51 - - [26/Apr/2022:16:29:59 +0200] "GET /round-trays-c-12_159_263.html HTTP/1.0" 200 91106 "-" "Mozilla/5.0 (compatible; BLEXBot/1.0; +http://webmeup-crawler.com/)"
114.119.137.3 - - [26/Apr/2022:16:30:04 +0200] "GET /owl-bowl-mod-p-36519.html HTTP/1.0" 301 70926 "-" "Mozilla/5.0 (Linux; Android 7.0;) AppleWebKit/537.36 (KHTML, like Gecko) Mobile Safari/537.36 (compatible; PetalBot;+https://webmaster.petalsearch.com/site/petalbot)"
46.4.108.51 - - [26/Apr/2022:16:30:05 +0200] "GET /bedding-protection-c-11_192.html HTTP/1.0" 200 91203 "-" "Mozilla/5.0 (compatible; BLEXBot/1.0; +http://webmeup-crawler.com/)"
114.119.137.3 - - [26/Apr/2022:16:30:07 +0200] "GET /bowl-p-36519.html HTTP/1.0" 200 70855 "-" "Mozilla/5.0 (Linux; Android 7.0;) AppleWebKit/537.36 (KHTML, like Gecko) Mobile Safari/537.36 (compatible; PetalBot;+https://webmaster.petalsearch.com/site/petalbot)"
46.4.108.51 - - [26/Apr/2022:16:30:11 +0200] "GET /rugs-c-11_269.html HTTP/1.0" 200 92555 "-" "Mozilla/5.0 (compatible; BLEXBot/1.0; +http://webmeup-crawler.com/)"
46.4.108.51 - - [26/Apr/2022:16:30:18 +0200] "GET /bell-wall-bell-c-13_270.html HTTP/1.0" 200 89884 "-" "Mozilla/5.0 (compatible; BLEXBot/1.0; +http://webmeup-crawler.com/)"
46.4.108.51 - - [26/Apr/2022:16:30:21 +0200] "GET /salt-boxes-jars-c-12_223.html HTTP/1.0" 200 91007 "-" "Mozilla/5.0 (compatible; BLEXBot/1.0; +http://webmeup-crawler.com/)"
185.191.171.34 - - [26/Apr/2022:16:30:22 +0200] "GET /coconut-fibers-doormat-home-p-57878.html HTTP/1.0" 200 74587 "-" "Mozilla/5.0 (compatible; SemrushBot/7~bl; +http://www.semrush.com/bot.html)"
46.4.108.51 - - [26/Apr/2022:16:30:24 +0200] "GET /board-games-c-4_47.html HTTP/1.0" 200 76146 "-" "Mozilla/5.0 (compatible; BLEXBot/1.0; +http://webmeup-crawler.com/)"
46.4.108.51 - - [26/Apr/2022:16:30:25 +0200] "GET /salt-lamp-tree-life-p-57812.html HTTP/1.0" 200 74935 "-" "Mozilla/5.0 (compatible; BLEXBot/1.0; +http://webmeup-crawler.com/)"
46.4.108.51 - - [26/Apr/2022:16:30:30 +0200] "GET /bookend-c-13_202.html HTTP/1.0" 200 89269 "-" "Mozilla/5.0 (compatible; BLEXBot/1.0; +http://webmeup-crawler.com/)"
46.4.108.51 - - [26/Apr/2022:16:30:33 +0200] "GET /salt-pepper-shaker-sets-c-12_160.html HTTP/1.0" 200 91021 "-" "Mozilla/5.0 (compatible; BLEXBot/1.0; +http://webmeup-crawler.com/)"
46.4.108.51 - - [26/Apr/2022:16:30:40 +0200] "GET /bottle-holder-beer-bucket-c-12_224.html HTTP/1.0" 200 90241 "-" "Mozilla/5.0 (compatible; BLEXBot/1.0; +http://webmeup-crawler.com/)"
54.36.148.243 - - [26/Apr/2022:16:30:41 +0200] "GET /polypropylene-orange-yellow-outdoor-carpet-p-44896.html HTTP/1.0" 200 73802 "-" "Mozilla/5.0 (compatible; AhrefsBot/7.0; +http://ahrefs.com/robot/)"
46.4.108.51 - - [26/Apr/2022:16:30:43 +0200] "GET /sandstone-butter-dish-with-bees-pattern-p-57767.html HTTP/1.0" 200 74274 "-" "Mozilla/5.0 (compatible; BLEXBot/1.0; +http://webmeup-crawler.com/)"
46.4.108.51 - - [26/Apr/2022:16:30:48 +0200] "GET /boutis-quilt-bedspread-c-11_194.html HTTP/1.0" 200 88502 "-" "Mozilla/5.0 (compatible; BLEXBot/1.0; +http://webmeup-crawler.com/)"
46.4.108.51 - - [26/Apr/2022:16:30:52 +0200] "GET /scented-candles-novenas-c-231_227.html HTTP/1.0" 200 94089 "-" "Mozilla/5.0 (compatible; BLEXBot/1.0; +http://webmeup-crawler.com/)"
46.4.108.51 - - [26/Apr/2022:16:30:57 +0200] "GET /bowls-c-12_255.html HTTP/1.0" 200 78687 "-" "Mozilla/5.0 (compatible; BLEXBot/1.0; +http://webmeup-crawler.com/)"
46.4.108.51 - - [26/Apr/2022:16:31:02 +0200] "GET /school-trolley-c-31_169.html HTTP/1.0" 200 81597 "-" "Mozilla/5.0 (compatible; BLEXBot/1.0; +http://webmeup-crawler.com/)"
46.4.108.51 - - [26/Apr/2022:16:31:06 +0200] "GET /bowls-c-12_60.html HTTP/1.0" 200 93332 "-" "Mozilla/5.0 (compatible; BLEXBot/1.0; +http://webmeup-crawler.com/)"
46.4.108.51 - - [26/Apr/2022:16:31:08 +0200] "GET /set-c-1_8.html HTTP/1.0" 200 69669 "-" "Mozilla/5.0 (compatible; BLEXBot/1.0; +http://webmeup-crawler.com/)"
46.4.108.51 - - [26/Apr/2022:16:31:11 +0200] "GET /boxers-c-53_139.html HTTP/1.0" 200 69699 "-" "Mozilla/5.0 (compatible; BLEXBot/1.0; +http://webmeup-crawler.com/)"
46.4.108.51 - - [26/Apr/2022:16:31:14 +0200] "GET /set-c-2_34.html HTTP/1.0" 200 77130 "-" "Mozilla/5.0 (compatible; BLEXBot/1.0; +http://webmeup-crawler.com/)"
46.4.108.51 - - [26/Apr/2022:16:31:16 +0200] "GET /boxes-storage-c-13_150.html HTTP/1.0" 200 94908 "-" "Mozilla/5.0 (compatible; BLEXBot/1.0; +http://webmeup-crawler.com/)"
46.4.108.51 - - [26/Apr/2022:16:31:21 +0200] "GET /shirts-sweatshirts-c-53_54.html HTTP/1.0" 200 94129 "-" "Mozilla/5.0 (compatible; BLEXBot/1.0; +http://webmeup-crawler.com/)"
46.4.108.51 - - [26/Apr/2022:16:31:23 +0200] "GET /boxes-storage-ceramics-c-13_150_219.html HTTP/1.0" 200 78230 "-" "Mozilla/5.0 (compatible; BLEXBot/1.0; +http://webmeup-crawler.com/)"
40.77.167.0 - - [26/Apr/2022:16:31:24 +0200] "GET /suitcaselittle-suitcase-trolley-c-31_79.html HTTP/1.0" 200 78391 "-" "Mozilla/5.0 (compatible; bingbot/2.0; +http://www.bing.com/bingbot.htm)"
46.4.108.51 - - [26/Apr/2022:16:31:25 +0200] "GET /shirts-sweatshirts-women-c-53_55.html HTTP/1.0" 200 94733 "-" "Mozilla/5.0 (compatible; BLEXBot/1.0; +http://webmeup-crawler.com/)"
46.4.108.51 - - [26/Apr/2022:16:31:33 +0200] "GET /boxes-textile-storage-c-13_150_215.html HTTP/1.0" 200 78646 "-" "Mozilla/5.0 (compatible; BLEXBot/1.0; +http://webmeup-crawler.com/)"
46.4.108.51 - - [26/Apr/2022:16:31:36 +0200] "GET /shop-c-155.html HTTP/1.0" 200 89535 "-" "Mozilla/5.0 (compatible; BLEXBot/1.0; +http://webmeup-crawler.com/)"
157.55.39.172 - - [26/Apr/2022:16:31:39 +0200] "GET /highslide/graphics/zoomout.cur HTTP/1.0" 200 614 "-" "Mozilla/5.0 (compatible; bingbot/2.0; +http://www.bing.com/bingbot.htm)"
46.4.108.51 - - [26/Apr/2022:16:31:39 +0200] "GET /boys-c-2.html HTTP/1.0" 200 91254 "-" "Mozilla/5.0 (compatible; BLEXBot/1.0; +http://webmeup-crawler.com/)"
46.4.108.51 - - [26/Apr/2022:16:31:50 +0200] "GET /shower-curtain-c-11_168.html HTTP/1.0" 200 90475 "-" "Mozilla/5.0 (compatible; BLEXBot/1.0; +http://webmeup-crawler.com/)"
114.119.137.38 - - [26/Apr/2022:16:31:53 +0200] "GET /cups-saucers-allen-desings-crasy-p-53201.html HTTP/1.0" 200 74429 "-" "Mozilla/5.0 (Linux; Android 7.0;) AppleWebKit/537.36 (KHTML, like Gecko) Mobile Safari/537.36 (compatible; PetalBot;+https://webmaster.petalsearch.com/site/petalbot)"
46.4.108.51 - - [26/Apr/2022:16:31:58 +0200] "GET /bracelets-c-3_200.html HTTP/1.0" 200 91369 "-" "Mozilla/5.0 (compatible; BLEXBot/1.0; +http://webmeup-crawler.com/)"
46.4.108.51 - - [26/Apr/2022:16:32:01 +0200] "GET /sleepwear-c-2_42.html HTTP/1.0" 200 69723 "-" "Mozilla/5.0 (compatible; BLEXBot/1.0; +http://webmeup-crawler.com/)"
46.4.108.51 - - [26/Apr/2022:16:32:03 +0200] "GET /bread-bags-c-11_179.html HTTP/1.0" 200 81317 "-" "Mozilla/5.0 (compatible; BLEXBot/1.0; +http://webmeup-crawler.com/)"
46.4.108.51 - - [26/Apr/2022:16:32:06 +0200] "GET /small-appliances-hifi-c-13_88.html HTTP/1.0" 200 90215 "-" "Mozilla/5.0 (compatible; BLEXBot/1.0; +http://webmeup-crawler.com/)"
46.4.108.51 - - [26/Apr/2022:16:32:09 +0200] "GET /bread-c-13_150_211.html HTTP/1.0" 200 78468 "-" "Mozilla/5.0 (compatible; BLEXBot/1.0; +http://webmeup-crawler.com/)"
46.4.108.51 - - [26/Apr/2022:16:32:11 +0200] "GET /small-boxes-pill-c-13_150_154.html HTTP/1.0" 200 90701 "-" "Mozilla/5.0 (compatible; BLEXBot/1.0; +http://webmeup-crawler.com/)"
54.36.148.243 - - [26/Apr/2022:16:32:16 +0200] "GET /petit-beurre-nantais-mini-metal-tray-p-40092.html HTTP/1.0" 200 73649 "-" "Mozilla/5.0 (compatible; AhrefsBot/7.0; +http://ahrefs.com/robot/)"
46.4.108.51 - - [26/Apr/2022:16:32:16 +0200] "GET /breakfast-c-12_61.html HTTP/1.0" 200 91540 "-" "Mozilla/5.0 (compatible; BLEXBot/1.0; +http://webmeup-crawler.com/)"
46.4.108.51 - - [26/Apr/2022:16:32:23 +0200] "GET /small-candle-sanctuary-p-57845.html HTTP/1.0" 200 74768 "-" "Mozilla/5.0 (compatible; BLEXBot/1.0; +http://webmeup-crawler.com/)"
46.4.108.51 - - [26/Apr/2022:16:32:33 +0200] "GET /bulbs-c-86_287.html HTTP/1.0" 200 78195 "-" "Mozilla/5.0 (compatible; BLEXBot/1.0; +http://webmeup-crawler.com/)"
46.4.108.51 - - [26/Apr/2022:16:32:39 +0200] "GET /small-trays-c-12_159_261.html HTTP/1.0" 200 90249 "-" "Mozilla/5.0 (compatible; BLEXBot/1.0; +http://webmeup-crawler.com/)"
185.191.171.1 - - [26/Apr/2022:16:32:44 +0200] "GET /3d-pvc-stickers-despicable-me-p-34104.html HTTP/1.0" 301 70980 "-" "Mozilla/5.0 (compatible; SemrushBot/7~bl; +http://www.semrush.com/bot.html)"
185.191.171.9 - - [26/Apr/2022:16:32:48 +0200] "GET /stickers-despicable-p-34104.html HTTP/1.0" 200 70894 "-" "Mozilla/5.0 (compatible; SemrushBot/7~bl; +http://www.semrush.com/bot.html)"
157.55.39.172 - - [26/Apr/2022:16:32:50 +0200] "GET /-p-35282.html HTTP/1.0" 200 70808 "-" "Mozilla/5.0 (compatible; bingbot/2.0; +http://www.bing.com/bingbot.htm)"
46.4.108.51 - - [26/Apr/2022:16:32:52 +0200] "GET /butter-dish-c-12_222.html HTTP/1.0" 200 84924 "-" "Mozilla/5.0 (compatible; BLEXBot/1.0; +http://webmeup-crawler.com/)"
157.55.39.105 - - [26/Apr/2022:16:33:05 +0200] "GET /-p-28642.html HTTP/1.0" 200 70808 "-" "Mozilla/5.0 (compatible; bingbot/2.0; +http://www.bing.com/bingbot.htm)"
40.64.89.61 - - [26/Apr/2022:16:33:08 +0200] "GET /images/big_prod_1/1345544823234b.jpg HTTP/1.0" 200 271 "-" "Mozilla/5.0 (Windows NT 10.0; WOW64) AppleWebKit/537.36 (KHTML, like Gecko) Chrome/64.0.3282.186 Safari/537.36"
46.4.108.51 - - [26/Apr/2022:16:33:05 +0200] "GET /smokers-items-c-3_112.html HTTP/1.0" 200 92491 "-" "Mozilla/5.0 (compatible; BLEXBot/1.0; +http://webmeup-crawler.com/)"
66.249.66.210 - - [26/Apr/2022:16:33:07 +0200] "GET /lego-superman-lite-super-heroes-keychains-p-27072.html HTTP/1.0" 200 73779 "-" "Mozilla/5.0 (compatible; Googlebot/2.1; +http://www.google.com/bot.html)"
46.4.108.51 - - [26/Apr/2022:16:33:08 +0200] "GET /cake-molds-cube-molds-c-12_246.html HTTP/1.0" 200 85773 "-" "Mozilla/5.0 (compatible; BLEXBot/1.0; +http://webmeup-crawler.com/)"
185.191.171.4 - - [26/Apr/2022:16:33:11 +0200] "GET /little-toiletry-bag-p-43416.html HTTP/1.0" 301 73600 "-" "Mozilla/5.0 (compatible; SemrushBot/7~bl; +http://www.semrush.com/bot.html)"
46.4.108.51 - - [26/Apr/2022:16:33:11 +0200] "GET /snack-cooler-c-31_235.html HTTP/1.0" 200 91311 "-" "Mozilla/5.0 (compatible; BLEXBot/1.0; +http://webmeup-crawler.com/)"
46.4.108.51 - - [26/Apr/2022:16:33:14 +0200] "GET /calendar-workbook-organizer-c-129_189.html HTTP/1.0" 200 91648 "-" "Mozilla/5.0 (compatible; BLEXBot/1.0; +http://webmeup-crawler.com/)"
185.191.171.43 - - [26/Apr/2022:16:33:15 +0200] "GET /little-toiletry-p-43416.html HTTP/1.0" 200 73518 "-" "Mozilla/5.0 (compatible; SemrushBot/7~bl; +http://www.semrush.com/bot.html)"
46.4.108.51 - - [26/Apr/2022:16:33:16 +0200] "GET /snow-glitter-ball-c-13_259.html HTTP/1.0" 200 90879 "-" "Mozilla/5.0 (compatible; BLEXBot/1.0; +http://webmeup-crawler.com/)"
46.4.108.51 - - [26/Apr/2022:16:33:22 +0200] "GET /caps-scarfs-adults-c-53_138.html HTTP/1.0" 200 88002 "-" "Mozilla/5.0 (compatible; BLEXBot/1.0; +http://webmeup-crawler.com/)"
46.4.108.51 - - [26/Apr/2022:16:33:29 +0200] "GET /soap-c-13_150_171.html HTTP/1.0" 200 90874 "-" "Mozilla/5.0 (compatible; BLEXBot/1.0; +http://webmeup-crawler.com/)"
114.119.137.45 - - [26/Apr/2022:16:33:39 +0200] "GET /images/big_prod_2/4029811460199C.jpg HTTP/1.0" 200 271 "-" "Mozilla/5.0 (Linux; Android 7.0;) AppleWebKit/537.36 (KHTML, like Gecko) Mobile Safari/537.36 (compatible; PetalBot;+https://webmaster.petalsearch.com/site/petalbot)"
46.4.108.51 - - [26/Apr/2022:16:33:38 +0200] "GET /card-holders-passport-cases-c-31_236.html HTTP/1.0" 200 91642 "-" "Mozilla/5.0 (compatible; BLEXBot/1.0; +http://webmeup-crawler.com/)"
46.4.108.51 - - [26/Apr/2022:16:33:40 +0200] "GET /socks-adults-c-53_137.html HTTP/1.0" 200 69872 "-" "Mozilla/5.0 (compatible; BLEXBot/1.0; +http://webmeup-crawler.com/)"
46.4.108.51 - - [26/Apr/2022:16:33:42 +0200] "GET /cardboard-boxes-storage-c-13_150_216.html HTTP/1.0" 200 78248 "-" "Mozilla/5.0 (compatible; BLEXBot/1.0; +http://webmeup-crawler.com/)"
46.4.108.51 - - [26/Apr/2022:16:33:46 +0200] "GET /socks-c-1_141.html HTTP/1.0" 200 79004 "-" "Mozilla/5.0 (compatible; BLEXBot/1.0; +http://webmeup-crawler.com/)"
185.191.171.34 - - [26/Apr/2022:16:33:51 +0200] "GET /tin-and-metal-signs-c-13_130.html?page=8 HTTP/1.0" 301 95357 "-" "Mozilla/5.0 (compatible; SemrushBot/7~bl; +http://www.semrush.com/bot.html)"
185.191.171.40 - - [26/Apr/2022:16:33:54 +0200] "GET /mtal-signs-c-130.html?page=8 HTTP/1.0" 301 95234 "-" "Mozilla/5.0 (compatible; SemrushBot/7~bl; +http://www.semrush.com/bot.html)"
46.4.108.51 - - [26/Apr/2022:16:33:55 +0200] "GET /cardmaking-c-129_128.html HTTP/1.0" 200 92251 "-" "Mozilla/5.0 (compatible; BLEXBot/1.0; +http://webmeup-crawler.com/)"
77.88.5.208 - - [26/Apr/2022:16:33:58 +0200] "GET /tweety-money-p-8595.html HTTP/1.0" 200 73552 "-" "Mozilla/5.0 (compatible; YandexBot/3.0; +http://yandex.com/bots)"
185.191.171.43 - - [26/Apr/2022:16:33:58 +0200] "GET /mtal-signs-c-13_130.html?page=8 HTTP/1.0" 200 95275 "-" "Mozilla/5.0 (compatible; SemrushBot/7~bl; +http://www.semrush.com/bot.html)"
46.4.108.51 - - [26/Apr/2022:16:34:01 +0200] "GET /socks-c-2_142.html HTTP/1.0" 200 80514 "-" "Mozilla/5.0 (compatible; BLEXBot/1.0; +http://webmeup-crawler.com/)"
185.191.171.8 - - [26/Apr/2022:16:34:02 +0200] "GET /gloss-for-lips-london-phone-box-p-37162.html HTTP/1.0" 301 73746 "-" "Mozilla/5.0 (compatible; SemrushBot/7~bl; +http://www.semrush.com/bot.html)"
185.191.171.3 - - [26/Apr/2022:16:34:06 +0200] "GET /gloss-lips-london-phone-p-37162.html HTTP/1.0" 200 73656 "-" "Mozilla/5.0 (compatible; SemrushBot/7~bl; +http://www.semrush.com/bot.html)"
54.36.148.243 - - [26/Apr/2022:16:34:06 +0200] "GET /coca-cola-coffee-p-41015.html HTTP/1.0" 200 73557 "-" "Mozilla/5.0 (compatible; AhrefsBot/7.0; +http://ahrefs.com/robot/)"
185.191.171.43 - - [26/Apr/2022:16:34:09 +0200] "GET /egyptian-money-cbkreation-p-24147.html HTTP/1.0" 200 73509 "-" "Mozilla/5.0 (compatible; SemrushBot/7~bl; +http://www.semrush.com/bot.html)"
46.4.108.51 - - [26/Apr/2022:16:34:11 +0200] "GET /cellar-slicer-sausage-c-12_252.html HTTP/1.0" 200 79607 "-" "Mozilla/5.0 (compatible; BLEXBot/1.0; +http://webmeup-crawler.com/)"
185.191.171.19 - - [26/Apr/2022:16:34:12 +0200] "GET /another-beer-metal-plate-deco-p-36124.html HTTP/1.0" 200 73493 "-" "Mozilla/5.0 (compatible; SemrushBot/7~bl; +http://www.semrush.com/bot.html)"
46.4.108.51 - - [26/Apr/2022:16:34:13 +0200] "GET /soft-toys-security-blanket-c-4_46.html HTTP/1.0" 200 92274 "-" "Mozilla/5.0 (compatible; BLEXBot/1.0; +http://webmeup-crawler.com/)"
46.4.108.51 - - [26/Apr/2022:16:34:17 +0200] "GET /cement-tile-stickers-p-58014.html HTTP/1.0" 200 74378 "-" "Mozilla/5.0 (compatible; BLEXBot/1.0; +http://webmeup-crawler.com/)"
20.99.154.172 - - [26/Apr/2022:16:34:21 +0200] "GET /images/mini_prod/4036113232324.jpg HTTP/1.0" 200 269 "-" "Mozilla/5.0 (X11; Linux x86_64) AppleWebKit/537.36 (KHTML, like Gecko) Chrome/62.0.3202.62 Safari/537.36"
46.4.108.51 - - [26/Apr/2022:16:34:20 +0200] "GET /specials.php HTTP/1.0" 200 124439 "-" "Mozilla/5.0 (compatible; BLEXBot/1.0; +http://webmeup-crawler.com/)"
46.4.108.51 - - [26/Apr/2022:16:34:26 +0200] "GET /chairs-cushion-c-11_165.html HTTP/1.0" 200 91548 "-" "Mozilla/5.0 (compatible; BLEXBot/1.0; +http://webmeup-crawler.com/)"
77.88.5.208 - - [26/Apr/2022:16:34:33 +0200] "GET /pink-p-45708.html HTTP/1.0" 200 70836 "-" "Mozilla/5.0 (compatible; YandexBot/3.0; +http://yandex.com/bots)"
46.4.108.51 - - [26/Apr/2022:16:34:34 +0200] "GET /sponge-stand-c-12_256.html HTTP/1.0" 200 78001 "-" "Mozilla/5.0 (compatible; BLEXBot/1.0; +http://webmeup-crawler.com/)"
46.4.108.51 - - [26/Apr/2022:16:34:36 +0200] "GET /chairs-stools-c-13_207.html HTTP/1.0" 200 79324 "-" "Mozilla/5.0 (compatible; BLEXBot/1.0; +http://webmeup-crawler.com/)"
46.4.108.51 - - [26/Apr/2022:16:34:41 +0200] "GET /stationery-c-129_191.html HTTP/1.0" 200 91247 "-" "Mozilla/5.0 (compatible; BLEXBot/1.0; +http://webmeup-crawler.com/)"
46.4.108.51 - - [26/Apr/2022:16:34:44 +0200] "GET /chandeliers-suspensions-c-86_280.html HTTP/1.0" 200 90752 "-" "Mozilla/5.0 (compatible; BLEXBot/1.0; +http://webmeup-crawler.com/)"
46.4.108.51 - - [26/Apr/2022:16:34:50 +0200] "GET /stationery-cardmaking-c-129.html HTTP/1.0" 200 92851 "-" "Mozilla/5.0 (compatible; BLEXBot/1.0; +http://webmeup-crawler.com/)"
46.4.108.51 - - [26/Apr/2022:16:34:57 +0200] "GET /checkout_shipping.php HTTP/1.0" 302 468 "-" "Mozilla/5.0 (compatible; BLEXBot/1.0; +http://webmeup-crawler.com/)"
46.4.108.51 - - [26/Apr/2022:16:34:57 +0200] "GET /login.php HTTP/1.0" 200 17155 "-" "Mozilla/5.0 (compatible; BLEXBot/1.0; +http://webmeup-crawler.com/)"
46.4.108.51 - - [26/Apr/2022:16:34:58 +0200] "GET /stickers-c-129_50.html HTTP/1.0" 200 87902 "-" "Mozilla/5.0 (compatible; BLEXBot/1.0; +http://webmeup-crawler.com/)"
46.4.108.51 - - [26/Apr/2022:16:35:01 +0200] "GET /childrens-beds-c-13_210.html HTTP/1.0" 200 76387 "-" "Mozilla/5.0 (compatible; BLEXBot/1.0; +http://webmeup-crawler.com/)"
46.4.108.51 - - [26/Apr/2022:16:35:03 +0200] "GET /stoneware-ginkgo-sunflowers-p-57814.html HTTP/1.0" 200 74176 "-" "Mozilla/5.0 (compatible; BLEXBot/1.0; +http://webmeup-crawler.com/)"
40.64.89.58 - - [26/Apr/2022:16:35:06 +0200] "GET /images/mini_prod/3700653502490.jpg HTTP/1.0" 200 269 "-" "Mozilla/5.0 (Macintosh; U; PPC Mac OS X 10.5; en-US; rv:1.9.2.15) Gecko/20110303 Firefox/3.6.15"
46.4.108.51 - - [26/Apr/2022:16:35:05 +0200] "GET /chimes-suspensions-c-13_241.html HTTP/1.0" 200 91141 "-" "Mozilla/5.0 (compatible; BLEXBot/1.0; +http://webmeup-crawler.com/)"
46.4.108.51 - - [26/Apr/2022:16:35:12 +0200] "GET /stool-table-c-13_212.html HTTP/1.0" 200 80845 "-" "Mozilla/5.0 (compatible; BLEXBot/1.0; +http://webmeup-crawler.com/)"
46.4.108.51 - - [26/Apr/2022:16:35:19 +0200] "GET /christmas-tree-ornament-christmas-balls-c-13_271.html HTTP/1.0" 200 91572 "-" "Mozilla/5.0 (compatible; BLEXBot/1.0; +http://webmeup-crawler.com/)"
46.4.108.51 - - [26/Apr/2022:16:35:22 +0200] "GET /storage-cups-c-12_159_264.html HTTP/1.0" 200 90858 "-" "Mozilla/5.0 (compatible; BLEXBot/1.0; +http://webmeup-crawler.com/)"
46.4.108.51 - - [26/Apr/2022:16:35:26 +0200] "GET /clock-hang-owls-kiub-p-57975.html HTTP/1.0" 200 74131 "-" "Mozilla/5.0 (compatible; BLEXBot/1.0; +http://webmeup-crawler.com/)"
46.4.108.51 - - [26/Apr/2022:16:35:28 +0200] "GET /sugar-c-13_150_152.html HTTP/1.0" 200 90943 "-" "Mozilla/5.0 (compatible; BLEXBot/1.0; +http://webmeup-crawler.com/)"
46.4.108.51 - - [26/Apr/2022:16:35:31 +0200] "GET /clocks-c-13_67.html HTTP/1.0" 200 93712 "-" "Mozilla/5.0 (compatible; BLEXBot/1.0; +http://webmeup-crawler.com/)"
46.4.108.51 - - [26/Apr/2022:16:35:34 +0200] "GET /suitcase-lunch-lunch-c-12_64.html HTTP/1.0" 200 82622 "-" "Mozilla/5.0 (compatible; BLEXBot/1.0; +http://webmeup-crawler.com/)"
46.4.108.51 - - [26/Apr/2022:16:35:39 +0200] "GET /coasters-c-12_157.html HTTP/1.0" 200 92751 "-" "Mozilla/5.0 (compatible; BLEXBot/1.0; +http://webmeup-crawler.com/)"
46.4.108.51 - - [26/Apr/2022:16:35:42 +0200] "GET /suitcaselittle-suitcase-trolley-c-31_79.html HTTP/1.0" 200 78391 "-" "Mozilla/5.0 (compatible; BLEXBot/1.0; +http://webmeup-crawler.com/)"
46.4.108.51 - - [26/Apr/2022:16:35:44 +0200] "GET /coat-hook-c-13_198.html HTTP/1.0" 200 90980 "-" "Mozilla/5.0 (compatible; BLEXBot/1.0; +http://webmeup-crawler.com/)"
46.4.108.51 - - [26/Apr/2022:16:35:47 +0200] "GET /sweaters-sweatshirts-vests-c-1_23.html HTTP/1.0" 200 82439 "-" "Mozilla/5.0 (compatible; BLEXBot/1.0; +http://webmeup-crawler.com/)"
46.4.108.51 - - [26/Apr/2022:16:35:55 +0200] "GET /coconut-fibers-doormat-home-p-57878.html HTTP/1.0" 200 74587 "-" "Mozilla/5.0 (compatible; BLEXBot/1.0; +http://webmeup-crawler.com/)"
46.4.108.51 - - [26/Apr/2022:16:35:57 +0200] "GET /sweaters-sweatshirts-vests-c-2_37.html HTTP/1.0" 200 69840 "-" "Mozilla/5.0 (compatible; BLEXBot/1.0; +http://webmeup-crawler.com/)"
185.191.171.1 - - [26/Apr/2022:16:35:57 +0200] "GET /gold-metal-plant-holder-plants-p-57641.html HTTP/1.0" 200 74613 "-" "Mozilla/5.0 (compatible; SemrushBot/7~bl; +http://www.semrush.com/bot.html)"
46.4.108.51 - - [26/Apr/2022:16:36:02 +0200] "GET /coconut-fibers-doormat-rainbow-p-57877.html HTTP/1.0" 200 74420 "-" "Mozilla/5.0 (compatible; BLEXBot/1.0; +http://webmeup-crawler.com/)"
46.4.108.51 - - [26/Apr/2022:16:36:04 +0200] "GET /swimsuit-c-1_18.html HTTP/1.0" 200 92494 "-" "Mozilla/5.0 (compatible; BLEXBot/1.0; +http://webmeup-crawler.com/)"
157.55.39.172 - - [26/Apr/2022:16:36:10 +0200] "GET /vive-paris-umbrella-p-18979.html HTTP/1.0" 200 73757 "-" "Mozilla/5.0 (compatible; bingbot/2.0; +http://www.bing.com/bingbot.htm)"
46.4.108.51 - - [26/Apr/2022:16:36:10 +0200] "GET /coffee-c-13_150_153.html HTTP/1.0" 200 90817 "-" "Mozilla/5.0 (compatible; BLEXBot/1.0; +http://webmeup-crawler.com/)"
46.4.108.51 - - [26/Apr/2022:16:36:13 +0200] "GET /swimwear-c-2_35.html HTTP/1.0" 200 90434 "-" "Mozilla/5.0 (compatible; BLEXBot/1.0; +http://webmeup-crawler.com/)"
114.119.137.3 - - [26/Apr/2022:16:36:13 +0200] "GET /decorative-door-sticker-p-51538.html HTTP/1.0" 200 74266 "-" "Mozilla/5.0 (Linux; Android 7.0;) AppleWebKit/537.36 (KHTML, like Gecko) Mobile Safari/537.36 (compatible; PetalBot;+https://webmaster.petalsearch.com/site/petalbot)"
46.4.108.51 - - [26/Apr/2022:16:36:17 +0200] "GET /collectible-figurines-decorative-c-13_135.html HTTP/1.0" 200 96638 "-" "Mozilla/5.0 (compatible; BLEXBot/1.0; +http://webmeup-crawler.com/)"
46.4.108.51 - - [26/Apr/2022:16:36:24 +0200] "GET /robots.txt HTTP/1.0" 301 531 "-" "Mozilla/5.0 (compatible; BLEXBot/1.0; +http://webmeup-crawler.com/)"
46.4.108.51 - - [26/Apr/2022:16:36:24 +0200] "GET /robots.txt HTTP/1.0" 200 245 "-" "Mozilla/5.0 (compatible; BLEXBot/1.0; +http://webmeup-crawler.com/)"
46.4.108.51 - - [26/Apr/2022:16:36:24 +0200] "GET /table-lamps-c-86_286.html HTTP/1.0" 200 93539 "-" "Mozilla/5.0 (compatible; BLEXBot/1.0; +http://webmeup-crawler.com/)"
46.4.108.51 - - [26/Apr/2022:16:36:27 +0200] "GET /companion-wallet-c-31_238.html HTTP/1.0" 200 91477 "-" "Mozilla/5.0 (compatible; BLEXBot/1.0; +http://webmeup-crawler.com/)"
185.191.171.43 - - [26/Apr/2022:16:36:30 +0200] "GET /pebble-to-melt-chakra-scented-wax-p-51486.html HTTP/1.0" 301 74941 "-" "Mozilla/5.0 (compatible; SemrushBot/7~bl; +http://www.semrush.com/bot.html)"
46.4.108.51 - - [26/Apr/2022:16:36:32 +0200] "GET /table-setting-c-97_99.html HTTP/1.0" 200 81050 "-" "Mozilla/5.0 (compatible; BLEXBot/1.0; +http://webmeup-crawler.com/)"
185.191.171.12 - - [26/Apr/2022:16:36:33 +0200] "GET /pebble-melt-chakra-scented-p-51486.html HTTP/1.0" 200 74848 "-" "Mozilla/5.0 (compatible; SemrushBot/7~bl; +http://www.semrush.com/bot.html)"
46.4.108.51 - - [26/Apr/2022:16:36:34 +0200] "GET /computer-briefcase-c-31_82.html HTTP/1.0" 200 84593 "-" "Mozilla/5.0 (compatible; BLEXBot/1.0; +http://webmeup-crawler.com/)"
46.4.108.51 - - [26/Apr/2022:16:36:38 +0200] "GET /tablecloths-c-11_176.html HTTP/1.0" 200 91963 "-" "Mozilla/5.0 (compatible; BLEXBot/1.0; +http://webmeup-crawler.com/)"
46.4.108.51 - - [26/Apr/2022:16:36:42 +0200] "GET /corkscrew-bottle-opener-sommelier-c-12_213.html HTTP/1.0" 200 91268 "-" "Mozilla/5.0 (compatible; BLEXBot/1.0; +http://webmeup-crawler.com/)"
46.4.108.51 - - [26/Apr/2022:16:36:44 +0200] "GET /tables-c-13_206.html HTTP/1.0" 200 89998 "-" "Mozilla/5.0 (compatible; BLEXBot/1.0; +http://webmeup-crawler.com/)"
185.191.171.43 - - [26/Apr/2022:16:36:47 +0200] "GET /dusty-planes-poster-p-30879.html HTTP/1.0" 200 73417 "-" "Mozilla/5.0 (compatible; SemrushBot/7~bl; +http://www.semrush.com/bot.html)"
46.4.108.51 - - [26/Apr/2022:16:36:47 +0200] "GET /cosmetic-bags-flat-purse-c-31_239.html HTTP/1.0" 200 95776 "-" "Mozilla/5.0 (compatible; BLEXBot/1.0; +http://webmeup-crawler.com/)"
46.4.108.51 - - [26/Apr/2022:16:36:51 +0200] "GET /tarot-tree-life-engraved-p-57938.html HTTP/1.0" 200 74769 "-" "Mozilla/5.0 (compatible; BLEXBot/1.0; +http://webmeup-crawler.com/)"
13.92.44.84 - - [26/Apr/2022:16:36:53 +0200] "GET /butter-dish-c-12_222.html HTTP/1.0" 200 84924 "-" "Mozilla/5.0 (Windows NT 10.0; Win64; x64) AppleWebKit/537.36 (KHTML, like Gecko) Chrome/86.0.4240.75 Safari/537.36"
46.4.108.51 - - [26/Apr/2022:16:36:57 +0200] "GET /cotton-floor-cushion-coral-p-57827.html HTTP/1.0" 200 74115 "-" "Mozilla/5.0 (compatible; BLEXBot/1.0; +http://webmeup-crawler.com/)"
46.4.108.51 - - [26/Apr/2022:16:37:03 +0200] "GET /tea-pot-c-12_175.html HTTP/1.0" 200 91632 "-" "Mozilla/5.0 (compatible; BLEXBot/1.0; +http://webmeup-crawler.com/)"
46.4.108.51 - - [26/Apr/2022:16:37:06 +0200] "GET /cotton-jute-baskets-planters-banao-p-57918.html HTTP/1.0" 200 75195 "-" "Mozilla/5.0 (compatible; BLEXBot/1.0; +http://webmeup-crawler.com/)"
46.4.108.51 - - [26/Apr/2022:16:37:07 +0200] "GET /tealight-holders-candle-holders-c-231_230.html HTTP/1.0" 200 92533 "-" "Mozilla/5.0 (compatible; BLEXBot/1.0; +http://webmeup-crawler.com/)"
46.4.108.51 - - [26/Apr/2022:16:37:11 +0200] "GET /cotton-jute-baskets-planters-banao-p-57919.html HTTP/1.0" 200 75195 "-" "Mozilla/5.0 (compatible; BLEXBot/1.0; +http://webmeup-crawler.com/)"
46.4.108.51 - - [26/Apr/2022:16:37:13 +0200] "GET /tights-c-1_48.html HTTP/1.0" 200 79754 "-" "Mozilla/5.0 (compatible; BLEXBot/1.0; +http://webmeup-crawler.com/)"
