66.249.66.212 - - [26/Apr/2022:10:01:56 +0200] "GET /lady-liberty-zippo-lighter-p-32566.html HTTP/1.0" 200 73969 "-" "Mozilla/5.0 (Linux; Android 6.0.1; Nexus 5X Build/MMB29P) AppleWebKit/537.36 (KHTML, like Gecko) Chrome/100.0.4896.127 Mobile Safari/537.36 (compatible; Googlebot/2.1; +http://www.google.com/bot.html)"
40.125.96.217 - - [26/Apr/2022:10:02:04 +0200] "GET /images/mini_prod/1384010201169.jpg HTTP/1.0" 200 269 "-" "Mozilla/5.0 (Windows NT 10.0; WOW64) AppleWebKit/537.36 (KHTML, like Gecko) Chrome/68.0.3440.106 Safari/537.36"
185.191.171.11 - - [26/Apr/2022:10:02:13 +0200] "GET /book-lamp-real-wood-colors-size-p-52968.html HTTP/1.0" 200 70952 "-" "Mozilla/5.0 (compatible; SemrushBot/7~bl; +http://www.semrush.com/bot.html)"
54.36.148.243 - - [26/Apr/2022:10:02:22 +0200] "GET /flower-life-p-49359.html HTTP/1.0" 200 74762 "-" "Mozilla/5.0 (compatible; AhrefsBot/7.0; +http://ahrefs.com/robot/)"
51.68.224.127 - - [26/Apr/2022:10:02:36 +0200] "GET /adminweb/export_orders_xml.php?token=256de2z6edz6ed2z6DFSFsed2zed6zeDSFDSGdzedezfzf&maxorders=10&orderstart=1&status=14&start_date=2018-10-01 HTTP/1.0" 200 285 "-" "GesCom CharlotteBoutik Serveur"
51.68.224.127 - - [26/Apr/2022:10:02:36 +0200] "GET /adminweb/export_orders_xml.php?token=256de2z6edz6ed2z6DFSFsed2zed6zeDSFDSGdzedezfzf&maxorders=10&orderstart=1&status=6&start_date=2018-10-01 HTTP/1.0" 200 32798 "-" "GesCom CharlotteBoutik Serveur"
185.191.171.13 - - [26/Apr/2022:10:02:39 +0200] "GET /funky-bears-peace-silver-keychains-p-19195.html HTTP/1.0" 200 74721 "-" "Mozilla/5.0 (compatible; SemrushBot/7~bl; +http://www.semrush.com/bot.html)"
66.249.66.214 - - [26/Apr/2022:10:02:42 +0200] "GET /beige-lampshade-p-58053.html HTTP/1.0" 200 74041 "-" "Mozilla/5.0 (Linux; Android 6.0.1; Nexus 5X Build/MMB29P) AppleWebKit/537.36 (KHTML, like Gecko) Chrome/100.0.4896.127 Mobile Safari/537.36 (compatible; Googlebot/2.1; +http://www.google.com/bot.html)"
185.191.171.4 - - [26/Apr/2022:10:03:16 +0200] "GET /kimmidoll-box-medium-model-p-47966.html HTTP/1.0" 301 70875 "-" "Mozilla/5.0 (compatible; SemrushBot/7~bl; +http://www.semrush.com/bot.html)"
185.191.171.26 - - [26/Apr/2022:10:03:20 +0200] "GET /-p-47966.html HTTP/1.0" 200 70808 "-" "Mozilla/5.0 (compatible; SemrushBot/7~bl; +http://www.semrush.com/bot.html)"
17.121.113.239 - - [26/Apr/2022:10:03:20 +0200] "GET /superman-backpack-p-3539.html HTTP/1.0" 200 73659 "-" "Mozilla/5.0 (Macintosh; Intel Mac OS X 10_15_5) AppleWebKit/605.1.15 (KHTML, like Gecko) Version/13.1.1 Safari/605.1.15 (Applebot/0.1; +http://www.apple.com/go/applebot)"
185.191.171.1 - - [26/Apr/2022:10:03:23 +0200] "GET /romantic-rosette-wall-decoration-bronze-aspect-resin-p-46215.html?action=add_product HTTP/1.0" 302 476 "-" "Mozilla/5.0 (compatible; SemrushBot/7~bl; +http://www.semrush.com/bot.html)"
66.249.66.214 - - [26/Apr/2022:10:03:27 +0200] "GET /incense-stick-holder-flowers-p-55241.html HTTP/1.0" 200 74482 "-" "Mozilla/5.0 (Linux; Android 6.0.1; Nexus 5X Build/MMB29P) AppleWebKit/537.36 (KHTML, like Gecko) Chrome/100.0.4896.127 Mobile Safari/537.36 (compatible; Googlebot/2.1; +http://www.google.com/bot.html)"
54.36.148.243 - - [26/Apr/2022:10:03:32 +0200] "GET /saint-mary-magdalene-prayer-candle-novena-p-44446.html HTTP/1.0" 200 74339 "-" "Mozilla/5.0 (compatible; AhrefsBot/7.0; +http://ahrefs.com/robot/)"
147.92.229.61 - - [26/Apr/2022:10:03:39 +0200] "GET /images/mini_prod/3609080167350.jpg HTTP/1.0" 200 269 "-" "Mozilla/5.0 (X11; Ubuntu; Linux x86_64; rv:72.0) Gecko/20100101 Firefox/72.0"
66.249.66.212 - - [26/Apr/2022:10:04:13 +0200] "GET /mani-lucky-glasses-case-p-42404.html HTTP/1.0" 200 74174 "-" "Mozilla/5.0 (Linux; Android 6.0.1; Nexus 5X Build/MMB29P) AppleWebKit/537.36 (KHTML, like Gecko) Chrome/100.0.4896.127 Mobile Safari/537.36 (compatible; Googlebot/2.1; +http://www.google.com/bot.html)"
54.36.148.243 - - [26/Apr/2022:10:04:36 +0200] "GET /gund-leopard-plush-p-52192.html HTTP/1.0" 200 78123 "-" "Mozilla/5.0 (compatible; AhrefsBot/7.0; +http://ahrefs.com/robot/)"
77.88.5.208 - - [26/Apr/2022:10:04:43 +0200] "GET /embossed-metal-plate-p-56758.html HTTP/1.0" 200 74081 "-" "Mozilla/5.0 (compatible; YandexBot/3.0; +http://yandex.com/bots)"
185.191.171.13 - - [26/Apr/2022:10:04:54 +0200] "GET /small-box-for-baby-teeth-simon-bear-p-50817.html HTTP/1.0" 301 73737 "-" "Mozilla/5.0 (compatible; SemrushBot/7~bl; +http://www.semrush.com/bot.html)"
185.191.171.18 - - [26/Apr/2022:10:04:59 +0200] "GET /small-baby-teeth-simon-bear-p-50817.html HTTP/1.0" 200 73643 "-" "Mozilla/5.0 (compatible; SemrushBot/7~bl; +http://www.semrush.com/bot.html)"
66.249.66.212 - - [26/Apr/2022:10:04:59 +0200] "GET /pineapple-monkey-candle-holder-resin-p-48020.html HTTP/1.0" 200 74532 "-" "Mozilla/5.0 (Linux; Android 6.0.1; Nexus 5X Build/MMB29P) AppleWebKit/537.36 (KHTML, like Gecko) Chrome/100.0.4896.127 Mobile Safari/537.36 (compatible; Googlebot/2.1; +http://www.google.com/bot.html)"
54.36.148.243 - - [26/Apr/2022:10:05:32 +0200] "GET /maori-jute-cotton-basket-p-57618.html HTTP/1.0" 200 74308 "-" "Mozilla/5.0 (compatible; AhrefsBot/7.0; +http://ahrefs.com/robot/)"
185.191.171.25 - - [26/Apr/2022:10:05:33 +0200] "GET /camargue-oven-glove-p-54607.html?action=add_product HTTP/1.0" 302 476 "-" "Mozilla/5.0 (compatible; SemrushBot/7~bl; +http://www.semrush.com/bot.html)"
66.249.66.210 - - [26/Apr/2022:10:05:45 +0200] "GET /robots.txt HTTP/1.0" 200 245 "-" "Mozilla/5.0 (compatible; Googlebot/2.1; +http://www.google.com/bot.html)"
66.249.66.210 - - [26/Apr/2022:10:05:45 +0200] "GET /luminous-diffuser-essential-oils-moon-stars-p-57669.html HTTP/1.0" 200 75205 "-" "Mozilla/5.0 (Linux; Android 6.0.1; Nexus 5X Build/MMB29P) AppleWebKit/537.36 (KHTML, like Gecko) Chrome/100.0.4896.127 Mobile Safari/537.36 (compatible; Googlebot/2.1; +http://www.google.com/bot.html)"
185.191.171.34 - - [26/Apr/2022:10:05:48 +0200] "GET /small-sound-plush-character-the-lion-guard-p-38382.html HTTP/1.0" 301 70875 "-" "Mozilla/5.0 (compatible; SemrushBot/7~bl; +http://www.semrush.com/bot.html)"
185.191.171.36 - - [26/Apr/2022:10:05:51 +0200] "GET /-p-38382.html HTTP/1.0" 200 70808 "-" "Mozilla/5.0 (compatible; SemrushBot/7~bl; +http://www.semrush.com/bot.html)"
185.191.171.13 - - [26/Apr/2022:10:05:55 +0200] "GET /furniture-knob-sold-individually-p-55976.html HTTP/1.0" 200 74222 "-" "Mozilla/5.0 (compatible; SemrushBot/7~bl; +http://www.semrush.com/bot.html)"
54.36.148.243 - - [26/Apr/2022:10:06:29 +0200] "GET /figurine-ursula-disney-traditions-deep-trouble-p-54996.html HTTP/1.0" 200 75089 "-" "Mozilla/5.0 (compatible; AhrefsBot/7.0; +http://ahrefs.com/robot/)"
185.191.171.45 - - [26/Apr/2022:10:06:33 +0200] "GET /magnet-made-france-lavender-p-39446.html HTTP/1.0" 200 73580 "-" "Mozilla/5.0 (compatible; SemrushBot/7~bl; +http://www.semrush.com/bot.html)"
66.249.66.214 - - [26/Apr/2022:10:06:31 +0200] "GET /placemats-c-12_156.html HTTP/1.0" 200 92872 "-" "Mozilla/5.0 (Linux; Android 6.0.1; Nexus 5X Build/MMB29P) AppleWebKit/537.36 (KHTML, like Gecko) Chrome/100.0.4896.127 Mobile Safari/537.36 (compatible; Googlebot/2.1; +http://www.google.com/bot.html)"
185.191.171.8 - - [26/Apr/2022:10:06:40 +0200] "GET /amazon-love-tote-bag-macaws-p-50283.html HTTP/1.0" 301 74626 "-" "Mozilla/5.0 (compatible; SemrushBot/7~bl; +http://www.semrush.com/bot.html)"
185.191.171.25 - - [26/Apr/2022:10:06:44 +0200] "GET /amazon-love-tote-macaws-p-50283.html HTTP/1.0" 200 74536 "-" "Mozilla/5.0 (compatible; SemrushBot/7~bl; +http://www.semrush.com/bot.html)"
185.191.171.11 - - [26/Apr/2022:10:06:55 +0200] "GET /decorative-and-useful-fan-little-buddha-p-53308.html HTTP/1.0" 301 73666 "-" "Mozilla/5.0 (compatible; SemrushBot/7~bl; +http://www.semrush.com/bot.html)"
185.191.171.34 - - [26/Apr/2022:10:07:02 +0200] "GET /decorative-useful-little-buddha-p-53308.html HTTP/1.0" 200 73568 "-" "Mozilla/5.0 (compatible; SemrushBot/7~bl; +http://www.semrush.com/bot.html)"
66.249.66.214 - - [26/Apr/2022:10:07:17 +0200] "GET /akina-table-lamp-gold-metal-p-54590.html HTTP/1.0" 200 74375 "-" "Mozilla/5.0 (Linux; Android 6.0.1; Nexus 5X Build/MMB29P) AppleWebKit/537.36 (KHTML, like Gecko) Chrome/100.0.4896.127 Mobile Safari/537.36 (compatible; Googlebot/2.1; +http://www.google.com/bot.html)"
157.55.39.101 - - [26/Apr/2022:10:07:27 +0200] "GET /roller-skate-clock-designed-artist-michelle-allen-p-57630.html HTTP/1.0" 200 74650 "-" "Mozilla/5.0 (compatible; bingbot/2.0; +http://www.bing.com/bingbot.htm)"
54.36.148.243 - - [26/Apr/2022:10:07:32 +0200] "GET /cushion-cover-anthracite-p-50049.html HTTP/1.0" 200 74246 "-" "Mozilla/5.0 (compatible; AhrefsBot/7.0; +http://ahrefs.com/robot/)"
66.249.66.210 - - [26/Apr/2022:10:08:02 +0200] "GET /round-transparent-plastic-tablecloth-p-56702.html HTTP/1.0" 200 73592 "-" "Mozilla/5.0 (Linux; Android 6.0.1; Nexus 5X Build/MMB29P) AppleWebKit/537.36 (KHTML, like Gecko) Chrome/100.0.4896.127 Mobile Safari/537.36 (compatible; Googlebot/2.1; +http://www.google.com/bot.html)"
54.36.148.243 - - [26/Apr/2022:10:08:35 +0200] "GET /incense-satya-champa-jasmine-grams-about-sticks-p-44396.html HTTP/1.0" 200 74084 "-" "Mozilla/5.0 (compatible; AhrefsBot/7.0; +http://ahrefs.com/robot/)"
66.249.66.210 - - [26/Apr/2022:10:08:48 +0200] "GET /the-little-prince-eyeglass-case-p-45822.html HTTP/1.0" 301 73643 "-" "Mozilla/5.0 (Linux; Android 6.0.1; Nexus 5X Build/MMB29P) AppleWebKit/537.36 (KHTML, like Gecko) Chrome/100.0.4896.127 Mobile Safari/537.36 (compatible; Googlebot/2.1; +http://www.google.com/bot.html)"
66.249.66.210 - - [26/Apr/2022:10:08:50 +0200] "GET /little-prince-eyeglass-case-p-45822.html HTTP/1.0" 200 73549 "-" "Mozilla/5.0 (Linux; Android 6.0.1; Nexus 5X Build/MMB29P) AppleWebKit/537.36 (KHTML, like Gecko) Chrome/100.0.4896.127 Mobile Safari/537.36 (compatible; Googlebot/2.1; +http://www.google.com/bot.html)"
185.191.171.5 - - [26/Apr/2022:10:09:04 +0200] "GET /flower-pots-c-13_275.html HTTP/1.0" 200 92635 "-" "Mozilla/5.0 (compatible; SemrushBot/7~bl; +http://www.semrush.com/bot.html)"
54.36.148.243 - - [26/Apr/2022:10:09:29 +0200] "GET /dora-explorater-vertical-wall-light-glass-p-18755.html HTTP/1.0" 200 73936 "-" "Mozilla/5.0 (compatible; AhrefsBot/7.0; +http://ahrefs.com/robot/)"
66.249.66.210 - - [26/Apr/2022:10:09:34 +0200] "GET /exit-way-out-hand-wooden-frame-p-45701.html HTTP/1.0" 301 73664 "-" "Mozilla/5.0 (Linux; Android 6.0.1; Nexus 5X Build/MMB29P) AppleWebKit/537.36 (KHTML, like Gecko) Chrome/100.0.4896.127 Mobile Safari/537.36 (compatible; Googlebot/2.1; +http://www.google.com/bot.html)"
185.191.171.20 - - [26/Apr/2022:10:09:38 +0200] "GET /salamander-wall-decoration-p-48633.html?action=add_product HTTP/1.0" 302 476 "-" "Mozilla/5.0 (compatible; SemrushBot/7~bl; +http://www.semrush.com/bot.html)"
66.249.66.210 - - [26/Apr/2022:10:09:37 +0200] "GET /exit-hand-wooden-frame-p-45701.html HTTP/1.0" 200 73575 "-" "Mozilla/5.0 (Linux; Android 6.0.1; Nexus 5X Build/MMB29P) AppleWebKit/537.36 (KHTML, like Gecko) Chrome/100.0.4896.127 Mobile Safari/537.36 (compatible; Googlebot/2.1; +http://www.google.com/bot.html)"
185.191.171.22 - - [26/Apr/2022:10:09:41 +0200] "GET /stone-black-moonstone-p-46323.html HTTP/1.0" 301 71010 "-" "Mozilla/5.0 (compatible; SemrushBot/7~bl; +http://www.semrush.com/bot.html)"
185.191.171.20 - - [26/Apr/2022:10:09:46 +0200] "GET /stone-black-moonstone-grams-p-46323.html HTTP/1.0" 200 70916 "-" "Mozilla/5.0 (compatible; SemrushBot/7~bl; +http://www.semrush.com/bot.html)"
54.36.148.109 - - [26/Apr/2022:10:09:48 +0200] "GET /mouse-pad-c-129_85.html HTTP/1.0" 301 92042 "-" "Mozilla/5.0 (compatible; AhrefsBot/7.0; +http://ahrefs.com/robot/)"
185.191.171.3 - - [26/Apr/2022:10:10:11 +0200] "GET /corsica-white-p-43553.html HTTP/1.0" 200 73393 "-" "Mozilla/5.0 (compatible; SemrushBot/7~bl; +http://www.semrush.com/bot.html)"
66.249.66.210 - - [26/Apr/2022:10:10:20 +0200] "GET /gift-wood-towels-grm2-p-53712.html HTTP/1.0" 200 74586 "-" "Mozilla/5.0 (Linux; Android 6.0.1; Nexus 5X Build/MMB29P) AppleWebKit/537.36 (KHTML, like Gecko) Chrome/100.0.4896.127 Mobile Safari/537.36 (compatible; Googlebot/2.1; +http://www.google.com/bot.html)"
54.36.148.243 - - [26/Apr/2022:10:10:24 +0200] "GET /furniture-knob-children-sold-individually-grey-star-p-57139.html HTTP/1.0" 200 74724 "-" "Mozilla/5.0 (compatible; AhrefsBot/7.0; +http://ahrefs.com/robot/)"
185.191.171.40 - - [26/Apr/2022:10:10:29 +0200] "GET /candy-cover-for-samsung-s4-cbkreation-p-27019.html HTTP/1.0" 301 71040 "-" "Mozilla/5.0 (compatible; SemrushBot/7~bl; +http://www.semrush.com/bot.html)"
185.191.171.24 - - [26/Apr/2022:10:10:33 +0200] "GET /candy-cover-samsung-cbkreation-p-27019.html HTTP/1.0" 200 70943 "-" "Mozilla/5.0 (compatible; SemrushBot/7~bl; +http://www.semrush.com/bot.html)"
185.191.171.2 - - [26/Apr/2022:10:10:37 +0200] "GET /mini-trolley-p-49044.html HTTP/1.0" 200 74112 "-" "Mozilla/5.0 (compatible; SemrushBot/7~bl; +http://www.semrush.com/bot.html)"
20.59.48.141 - - [26/Apr/2022:10:10:44 +0200] "GET /images/mini_prod/3014627885879.jpg HTTP/1.0" 200 269 "-" "Mozilla/5.0 (Windows NT 10.0; WOW64) AppleWebKit/537.36 (KHTML, like Gecko) Chrome/67.0.3396.99 Safari/537.36"
147.92.153.7 - - [26/Apr/2022:10:10:46 +0200] "GET /baskets-c-13_289.html HTTP/1.0" 200 90464 "-" "Mozilla/5.0 (compatible; Linespider/1.1; +https://lin.ee/4dwXkTH)"
66.249.66.214 - - [26/Apr/2022:10:11:06 +0200] "GET /saturnin-bedclothes-p-57076.html HTTP/1.0" 200 74192 "-" "Mozilla/5.0 (Linux; Android 6.0.1; Nexus 5X Build/MMB29P) AppleWebKit/537.36 (KHTML, like Gecko) Chrome/100.0.4896.127 Mobile Safari/537.36 (compatible; Googlebot/2.1; +http://www.google.com/bot.html)"
185.191.171.35 - - [26/Apr/2022:10:11:09 +0200] "GET /robots.txt HTTP/1.0" 200 245 "-" "Mozilla/5.0 (compatible; SemrushBot/7~bl; +http://www.semrush.com/bot.html)"
185.191.171.9 - - [26/Apr/2022:10:11:09 +0200] "GET /miss-mindy-sweet-forest-fairy-figurine-p-45140.html HTTP/1.0" 200 74770 "-" "Mozilla/5.0 (compatible; SemrushBot/7~bl; +http://www.semrush.com/bot.html)"
54.36.148.243 - - [26/Apr/2022:10:11:13 +0200] "GET /tetsubin-blue-teapot-japanese-liter-p-41372.html HTTP/1.0" 200 73779 "-" "Mozilla/5.0 (compatible; AhrefsBot/7.0; +http://ahrefs.com/robot/)"
66.249.66.210 - - [26/Apr/2022:10:11:52 +0200] "GET /scented-votive-candle-chakra-p-55356.html HTTP/1.0" 200 75056 "-" "Mozilla/5.0 (Linux; Android 6.0.1; Nexus 5X Build/MMB29P) AppleWebKit/537.36 (KHTML, like Gecko) Chrome/100.0.4896.127 Mobile Safari/537.36 (compatible; Googlebot/2.1; +http://www.google.com/bot.html)"
54.36.148.243 - - [26/Apr/2022:10:12:12 +0200] "GET /fitted-sheet-c-11_193.html?page=5 HTTP/1.0" 200 94010 "-" "Mozilla/5.0 (compatible; AhrefsBot/7.0; +http://ahrefs.com/robot/)"
66.249.66.212 - - [26/Apr/2022:10:12:37 +0200] "GET /chakra-banner-p-46291.html HTTP/1.0" 200 74448 "-" "Mozilla/5.0 (Linux; Android 6.0.1; Nexus 5X Build/MMB29P) AppleWebKit/537.36 (KHTML, like Gecko) Chrome/100.0.4896.127 Mobile Safari/537.36 (compatible; Googlebot/2.1; +http://www.google.com/bot.html)"
185.191.171.8 - - [26/Apr/2022:10:12:38 +0200] "GET /shoulder-bag-by-teo-jasmin-stardust-p-40986.html HTTP/1.0" 301 71016 "-" "Mozilla/5.0 (compatible; SemrushBot/7~bl; +http://www.semrush.com/bot.html)"
185.191.171.43 - - [26/Apr/2022:10:12:42 +0200] "GET /shoulder-jasmin-stardust-p-40986.html HTTP/1.0" 200 70925 "-" "Mozilla/5.0 (compatible; SemrushBot/7~bl; +http://www.semrush.com/bot.html)"
157.55.39.111 - - [26/Apr/2022:10:12:45 +0200] "GET /fitted-sheet-c-11_193.html HTTP/1.0" 200 91398 "-" "Mozilla/5.0 (compatible; bingbot/2.0; +http://www.bing.com/bingbot.htm)"
54.36.148.243 - - [26/Apr/2022:10:13:05 +0200] "GET /cushion-cover-dark-beige-p-43615.html HTTP/1.0" 200 74274 "-" "Mozilla/5.0 (compatible; AhrefsBot/7.0; +http://ahrefs.com/robot/)"
66.249.66.210 - - [26/Apr/2022:10:13:16 +0200] "GET /images/big_prod/3700572763101.jpg HTTP/1.0" 200 268 "-" "Googlebot-Image/1.0"
157.55.39.101 - - [26/Apr/2022:10:13:17 +0200] "GET /floor-cushions-c-11_182.html HTTP/1.0" 200 91671 "-" "Mozilla/5.0 (compatible; bingbot/2.0; +http://www.bing.com/bingbot.htm)"
185.191.171.8 - - [26/Apr/2022:10:13:20 +0200] "GET /incense-satya-champa-agarbatti-grams-about-sticks-p-35492.html HTTP/1.0" 200 74107 "-" "Mozilla/5.0 (compatible; SemrushBot/7~bl; +http://www.semrush.com/bot.html)"
66.249.66.212 - - [26/Apr/2022:10:13:23 +0200] "GET /educational-children-watch-corsaire-p-51719.html HTTP/1.0" 200 74946 "-" "Mozilla/5.0 (Linux; Android 6.0.1; Nexus 5X Build/MMB29P) AppleWebKit/537.36 (KHTML, like Gecko) Chrome/100.0.4896.127 Mobile Safari/537.36 (compatible; Googlebot/2.1; +http://www.google.com/bot.html)"
20.59.48.141 - - [26/Apr/2022:10:13:37 +0200] "GET /images/mini_prod/3700574900603NN.jpg HTTP/1.0" 200 271 "-" "Mozilla/5.0 (Windows NT 10.0; WOW64) AppleWebKit/537.36 (KHTML, like Gecko) Chrome/67.0.3396.99 Safari/537.36"
185.191.171.36 - - [26/Apr/2022:10:13:44 +0200] "GET /route-66-metal-magnet-p-10804.html HTTP/1.0" 301 73452 "-" "Mozilla/5.0 (compatible; SemrushBot/7~bl; +http://www.semrush.com/bot.html)"
185.191.171.15 - - [26/Apr/2022:10:13:47 +0200] "GET /route-metal-magnet-p-10804.html HTTP/1.0" 200 73367 "-" "Mozilla/5.0 (compatible; SemrushBot/7~bl; +http://www.semrush.com/bot.html)"
185.191.171.45 - - [26/Apr/2022:10:13:52 +0200] "GET /miam-miam-cupcakes-cushion-by-cbkreation-p-17370.html HTTP/1.0" 301 70875 "-" "Mozilla/5.0 (compatible; SemrushBot/7~bl; +http://www.semrush.com/bot.html)"
185.191.171.12 - - [26/Apr/2022:10:13:55 +0200] "GET /-p-17370.html HTTP/1.0" 200 70808 "-" "Mozilla/5.0 (compatible; SemrushBot/7~bl; +http://www.semrush.com/bot.html)"
185.191.171.39 - - [26/Apr/2022:10:13:59 +0200] "GET /retro-pink-eyeglass-case-p-30019.html HTTP/1.0" 200 73530 "-" "Mozilla/5.0 (compatible; SemrushBot/7~bl; +http://www.semrush.com/bot.html)"
54.36.148.243 - - [26/Apr/2022:10:14:00 +0200] "GET /ceramic-lamp-p-52603.html HTTP/1.0" 200 74497 "-" "Mozilla/5.0 (compatible; AhrefsBot/7.0; +http://ahrefs.com/robot/)"
185.191.171.13 - - [26/Apr/2022:10:14:03 +0200] "GET /replacement-caps-aperophiles-p-48467.html HTTP/1.0" 200 73580 "-" "Mozilla/5.0 (compatible; SemrushBot/7~bl; +http://www.semrush.com/bot.html)"
185.191.171.45 - - [26/Apr/2022:10:14:06 +0200] "GET /renault-cv-large-metal-plate-p-15161.html HTTP/1.0" 301 73527 "-" "Mozilla/5.0 (compatible; SemrushBot/7~bl; +http://www.semrush.com/bot.html)"
185.191.171.26 - - [26/Apr/2022:10:14:09 +0200] "GET /renault-large-metal-plate-p-15161.html HTTP/1.0" 200 73435 "-" "Mozilla/5.0 (compatible; SemrushBot/7~bl; +http://www.semrush.com/bot.html)"
66.249.66.210 - - [26/Apr/2022:10:14:09 +0200] "GET /grey-ceramic-lamp-p-52594.html HTTP/1.0" 200 70882 "-" "Mozilla/5.0 (Linux; Android 6.0.1; Nexus 5X Build/MMB29P) AppleWebKit/537.36 (KHTML, like Gecko) Chrome/100.0.4896.127 Mobile Safari/537.36 (compatible; Googlebot/2.1; +http://www.google.com/bot.html)"
54.36.148.243 - - [26/Apr/2022:10:14:54 +0200] "GET /underwear-c-2_38.html HTTP/1.0" 200 76104 "-" "Mozilla/5.0 (compatible; AhrefsBot/7.0; +http://ahrefs.com/robot/)"
66.249.66.210 - - [26/Apr/2022:10:14:55 +0200] "GET /expresso-paris-p-57605.html HTTP/1.0" 200 74013 "-" "Mozilla/5.0 (Linux; Android 6.0.1; Nexus 5X Build/MMB29P) AppleWebKit/537.36 (KHTML, like Gecko) Chrome/100.0.4896.127 Mobile Safari/537.36 (compatible; Googlebot/2.1; +http://www.google.com/bot.html)"
185.191.171.23 - - [26/Apr/2022:10:15:17 +0200] "GET /rabbit-jewelry-holder-statuette-p-55825.html?action=add_product HTTP/1.0" 302 476 "-" "Mozilla/5.0 (compatible; SemrushBot/7~bl; +http://www.semrush.com/bot.html)"
40.125.112.26 - - [26/Apr/2022:10:15:18 +0200] "GET /images/mini_prod/3453131147330.jpg HTTP/1.0" 200 269 "-" "Mozilla/5.0 (Windows NT 10.0; WOW64) AppleWebKit/537.36 (KHTML, like Gecko) Chrome/67.0.3396.99 Safari/537.36"
66.249.66.210 - - [26/Apr/2022:10:15:41 +0200] "GET /pistols-messenger-p-14499.html HTTP/1.0" 200 75017 "-" "Mozilla/5.0 (Linux; Android 6.0.1; Nexus 5X Build/MMB29P) AppleWebKit/537.36 (KHTML, like Gecko) Chrome/100.0.4896.127 Mobile Safari/537.36 (compatible; Googlebot/2.1; +http://www.google.com/bot.html)"
54.36.148.243 - - [26/Apr/2022:10:15:54 +0200] "GET /patrick-sponge-memo-clip-p-3695.html HTTP/1.0" 200 73490 "-" "Mozilla/5.0 (compatible; AhrefsBot/7.0; +http://ahrefs.com/robot/)"
185.191.171.44 - - [26/Apr/2022:10:16:05 +0200] "GET /talent-cup-johann-wolfgang-von-goethe-tassen-p-46344.html HTTP/1.0" 301 76048 "-" "Mozilla/5.0 (compatible; SemrushBot/7~bl; +http://www.semrush.com/bot.html)"
185.191.171.37 - - [26/Apr/2022:10:16:08 +0200] "GET /talent-johann-wolfgang-goethe-tassen-p-46344.html HTTP/1.0" 200 75945 "-" "Mozilla/5.0 (compatible; SemrushBot/7~bl; +http://www.semrush.com/bot.html)"
66.249.66.210 - - [26/Apr/2022:10:16:27 +0200] "GET /washed-dyed-cotton-tablecloth-p-55049.html HTTP/1.0" 200 74312 "-" "Mozilla/5.0 (Linux; Android 6.0.1; Nexus 5X Build/MMB29P) AppleWebKit/537.36 (KHTML, like Gecko) Chrome/100.0.4896.127 Mobile Safari/537.36 (compatible; Googlebot/2.1; +http://www.google.com/bot.html)"
185.191.171.5 - - [26/Apr/2022:10:16:28 +0200] "GET /radio-60-light-blue-with-bluetooth-p-47518.html HTTP/1.0" 301 71030 "-" "Mozilla/5.0 (compatible; SemrushBot/7~bl; +http://www.semrush.com/bot.html)"
185.191.171.13 - - [26/Apr/2022:10:16:31 +0200] "GET /radio-light-blue-with-bluetooth-p-47518.html HTTP/1.0" 200 70932 "-" "Mozilla/5.0 (compatible; SemrushBot/7~bl; +http://www.semrush.com/bot.html)"
54.36.148.243 - - [26/Apr/2022:10:16:43 +0200] "GET /galileo-thermometer-indoors-p-53639.html HTTP/1.0" 200 73570 "-" "Mozilla/5.0 (compatible; AhrefsBot/7.0; +http://ahrefs.com/robot/)"
77.88.5.208 - - [26/Apr/2022:10:16:49 +0200] "GET /cuba-metal-tray-p-39513.html HTTP/1.0" 200 73482 "-" "Mozilla/5.0 (compatible; YandexBot/3.0; +http://yandex.com/bots)"
185.191.171.2 - - [26/Apr/2022:10:16:56 +0200] "GET /cars-large-backpack-p-10774.html?action=add_product HTTP/1.0" 302 476 "-" "Mozilla/5.0 (compatible; SemrushBot/7~bl; +http://www.semrush.com/bot.html)"
185.191.171.1 - - [26/Apr/2022:10:16:58 +0200] "GET /fitted-sheet-in-cotton-percale-80-threads-90-190-30-cm-p-53219.html HTTP/1.0" 301 74550 "-" "Mozilla/5.0 (compatible; SemrushBot/7~bl; +http://www.semrush.com/bot.html)"
185.191.171.6 - - [26/Apr/2022:10:17:03 +0200] "GET /fitted-sheet-cotton-percale-threads-p-53219.html HTTP/1.0" 200 74448 "-" "Mozilla/5.0 (compatible; SemrushBot/7~bl; +http://www.semrush.com/bot.html)"
66.249.66.214 - - [26/Apr/2022:10:17:13 +0200] "GET /nici-pirate-wallet-p-54622.html HTTP/1.0" 200 73598 "-" "Mozilla/5.0 (Linux; Android 6.0.1; Nexus 5X Build/MMB29P) AppleWebKit/537.36 (KHTML, like Gecko) Chrome/100.0.4896.127 Mobile Safari/537.36 (compatible; Googlebot/2.1; +http://www.google.com/bot.html)"
185.191.171.2 - - [26/Apr/2022:10:17:26 +0200] "GET /insulated-bottle-vilains-garons-p-57609.html HTTP/1.0" 200 74756 "-" "Mozilla/5.0 (compatible; SemrushBot/7~bl; +http://www.semrush.com/bot.html)"
77.88.5.208 - - [26/Apr/2022:10:17:43 +0200] "GET /bowls-c-12_60.html?page=7 HTTP/1.0" 200 93185 "-" "Mozilla/5.0 (compatible; YandexBot/3.0; +http://yandex.com/bots)"
54.36.148.243 - - [26/Apr/2022:10:17:48 +0200] "GET /rock-cushion-p-22993.html HTTP/1.0" 200 73483 "-" "Mozilla/5.0 (compatible; AhrefsBot/7.0; +http://ahrefs.com/robot/)"
66.249.66.212 - - [26/Apr/2022:10:17:58 +0200] "GET /solar-powered-dancing-angel-p-34859.html HTTP/1.0" 200 73730 "-" "Mozilla/5.0 (Linux; Android 6.0.1; Nexus 5X Build/MMB29P) AppleWebKit/537.36 (KHTML, like Gecko) Chrome/100.0.4896.127 Mobile Safari/537.36 (compatible; Googlebot/2.1; +http://www.google.com/bot.html)"
51.68.224.127 - - [26/Apr/2022:10:18:41 +0200] "GET /adminweb/export_orders_xml.php?token=256de2z6edz6ed2z6DFSFsed2zed6zeDSFDSGdzedezfzf&maxorders=10&orderstart=1&status=14&start_date=2018-10-01 HTTP/1.0" 200 285 "-" "GesCom CharlotteBoutik Serveur"
51.68.224.127 - - [26/Apr/2022:10:18:41 +0200] "GET /adminweb/export_orders_xml.php?token=256de2z6edz6ed2z6DFSFsed2zed6zeDSFDSGdzedezfzf&maxorders=10&orderstart=1&status=6&start_date=2018-10-01 HTTP/1.0" 200 32798 "-" "GesCom CharlotteBoutik Serveur"
66.249.66.212 - - [26/Apr/2022:10:18:44 +0200] "GET /philosophizing-monkey-rheinhold-p-54829.html HTTP/1.0" 200 74257 "-" "Mozilla/5.0 (Linux; Android 6.0.1; Nexus 5X Build/MMB29P) AppleWebKit/537.36 (KHTML, like Gecko) Chrome/100.0.4896.127 Mobile Safari/537.36 (compatible; Googlebot/2.1; +http://www.google.com/bot.html)"
54.36.148.243 - - [26/Apr/2022:10:18:46 +0200] "GET /aromatic-burner-flowers-white-p-56899.html HTTP/1.0" 200 74384 "-" "Mozilla/5.0 (compatible; AhrefsBot/7.0; +http://ahrefs.com/robot/)"
77.88.5.208 - - [26/Apr/2022:10:19:13 +0200] "GET /industrial-storage-large-size-only-p-53386.html HTTP/1.0" 200 74445 "-" "Mozilla/5.0 (compatible; YandexBot/3.0; +http://yandex.com/bots)"
185.191.171.26 - - [26/Apr/2022:10:19:13 +0200] "GET /flower-pot-cover-p-52422.html HTTP/1.0" 301 70933 "-" "Mozilla/5.0 (compatible; SemrushBot/7~bl; +http://www.semrush.com/bot.html)"
185.191.171.37 - - [26/Apr/2022:10:19:17 +0200] "GET /flower-cover-p-52422.html HTTP/1.0" 200 70854 "-" "Mozilla/5.0 (compatible; SemrushBot/7~bl; +http://www.semrush.com/bot.html)"
54.36.148.28 - - [26/Apr/2022:10:19:28 +0200] "GET /fiat-500-white-mug-p-11776.html HTTP/1.0" 301 73430 "-" "Mozilla/5.0 (compatible; AhrefsBot/7.0; +http://ahrefs.com/robot/)"
66.249.66.214 - - [26/Apr/2022:10:19:30 +0200] "GET /photo-frames-memo-clips-c-13_132.html HTTP/1.0" 200 91292 "-" "Mozilla/5.0 (Linux; Android 6.0.1; Nexus 5X Build/MMB29P) AppleWebKit/537.36 (KHTML, like Gecko) Chrome/100.0.4896.127 Mobile Safari/537.36 (compatible; Googlebot/2.1; +http://www.google.com/bot.html)"
54.36.148.243 - - [26/Apr/2022:10:19:56 +0200] "GET /mini-melamine-tray-p-55842.html HTTP/1.0" 200 73502 "-" "Mozilla/5.0 (compatible; AhrefsBot/7.0; +http://ahrefs.com/robot/)"
54.36.148.15 - - [26/Apr/2022:10:19:56 +0200] "GET /decorative-statuette-winged-pig-aged-material-medium-p-35661.html HTTP/1.0" 301 70875 "-" "Mozilla/5.0 (compatible; AhrefsBot/7.0; +http://ahrefs.com/robot/)"
216.244.66.242 - - [26/Apr/2022:10:20:01 +0200] "GET /robots.txt HTTP/1.0" 200 245 "-" "Mozilla/5.0 (compatible; DotBot/1.2; +https://opensiteexplorer.org/dotbot; help@moz.com)"
185.191.171.45 - - [26/Apr/2022:10:20:02 +0200] "GET /cotton-bath-p-55256.html?action=add_product HTTP/1.0" 302 476 "-" "Mozilla/5.0 (compatible; SemrushBot/7~bl; +http://www.semrush.com/bot.html)"
66.249.66.210 - - [26/Apr/2022:10:20:16 +0200] "GET /fitted-sheet-cotton-percale-threads-p-51251.html HTTP/1.0" 200 73768 "-" "Mozilla/5.0 (Linux; Android 6.0.1; Nexus 5X Build/MMB29P) AppleWebKit/537.36 (KHTML, like Gecko) Chrome/100.0.4896.127 Mobile Safari/537.36 (compatible; Googlebot/2.1; +http://www.google.com/bot.html)"
185.191.171.26 - - [26/Apr/2022:10:20:26 +0200] "GET /bowls-brice-niche-p-46831.html?action=add_product HTTP/1.0" 302 476 "-" "Mozilla/5.0 (compatible; SemrushBot/7~bl; +http://www.semrush.com/bot.html)"
185.191.171.2 - - [26/Apr/2022:10:20:34 +0200] "GET /merci-gustave-paris-chic-espresso-p-49661.html?action=add_product HTTP/1.0" 302 476 "-" "Mozilla/5.0 (compatible; SemrushBot/7~bl; +http://www.semrush.com/bot.html)"
185.191.171.6 - - [26/Apr/2022:10:21:01 +0200] "GET /cactus-lamp-turquoise-porcelain-p-46360.html HTTP/1.0" 200 74268 "-" "Mozilla/5.0 (compatible; SemrushBot/7~bl; +http://www.semrush.com/bot.html)"
66.249.66.210 - - [26/Apr/2022:10:21:02 +0200] "GET /white-lampshade-p-57430.html HTTP/1.0" 200 74111 "-" "Mozilla/5.0 (Linux; Android 6.0.1; Nexus 5X Build/MMB29P) AppleWebKit/537.36 (KHTML, like Gecko) Chrome/100.0.4896.127 Mobile Safari/537.36 (compatible; Googlebot/2.1; +http://www.google.com/bot.html)"
54.36.148.243 - - [26/Apr/2022:10:21:02 +0200] "GET /mango-wood-cashmere-tray-p-53776.html HTTP/1.0" 200 73590 "-" "Mozilla/5.0 (compatible; AhrefsBot/7.0; +http://ahrefs.com/robot/)"
185.191.171.37 - - [26/Apr/2022:10:21:16 +0200] "GET /wunzees-doll-series-polly-panda-p-45113.html?action=add_product HTTP/1.0" 302 476 "-" "Mozilla/5.0 (compatible; SemrushBot/7~bl; +http://www.semrush.com/bot.html)"
185.191.171.21 - - [26/Apr/2022:10:21:26 +0200] "GET /wall-decoration-tropic-collection-toucans-p-46708.html?action=add_product HTTP/1.0" 302 476 "-" "Mozilla/5.0 (compatible; SemrushBot/7~bl; +http://www.semrush.com/bot.html)"
54.36.148.81 - - [26/Apr/2022:10:21:39 +0200] "GET /barbapapa-cosmetic-bag-p-3734.html HTTP/1.0" 301 70872 "-" "Mozilla/5.0 (compatible; AhrefsBot/7.0; +http://ahrefs.com/robot/)"
66.249.66.212 - - [26/Apr/2022:10:21:48 +0200] "GET /large-eco-responsible-bamboo-ginger-candle-heart-and-home-p-52796.html HTTP/1.0" 301 74925 "-" "Mozilla/5.0 (Linux; Android 6.0.1; Nexus 5X Build/MMB29P) AppleWebKit/537.36 (KHTML, like Gecko) Chrome/100.0.4896.127 Mobile Safari/537.36 (compatible; Googlebot/2.1; +http://www.google.com/bot.html)"
66.249.66.210 - - [26/Apr/2022:10:21:49 +0200] "GET /large-responsible-bamboo-ginger-candle-heart-home-p-52796.html HTTP/1.0" 200 74809 "-" "Mozilla/5.0 (Linux; Android 6.0.1; Nexus 5X Build/MMB29P) AppleWebKit/537.36 (KHTML, like Gecko) Chrome/100.0.4896.127 Mobile Safari/537.36 (compatible; Googlebot/2.1; +http://www.google.com/bot.html)"
66.249.66.210 - - [26/Apr/2022:10:21:51 +0200] "GET /images/big_prod/3700572738857.jpg HTTP/1.0" 200 268 "-" "Googlebot-Image/1.0"
185.191.171.1 - - [26/Apr/2022:10:21:51 +0200] "GET /heart-home-bamboo-diffuser-p-52822.html?action=add_product HTTP/1.0" 302 476 "-" "Mozilla/5.0 (compatible; SemrushBot/7~bl; +http://www.semrush.com/bot.html)"
185.191.171.23 - - [26/Apr/2022:10:21:59 +0200] "GET /berlin-curry-headrest-cushion-p-54642.html HTTP/1.0" 200 74186 "-" "Mozilla/5.0 (compatible; SemrushBot/7~bl; +http://www.semrush.com/bot.html)"
54.36.148.243 - - [26/Apr/2022:10:22:03 +0200] "GET /miracle-tattoos-augmented-reality-p-30664.html HTTP/1.0" 200 74406 "-" "Mozilla/5.0 (compatible; AhrefsBot/7.0; +http://ahrefs.com/robot/)"
185.191.171.1 - - [26/Apr/2022:10:22:04 +0200] "GET /rectangular-clock-indian-spirit-p-42936.html?action=add_product HTTP/1.0" 302 476 "-" "Mozilla/5.0 (compatible; SemrushBot/7~bl; +http://www.semrush.com/bot.html)"
185.191.171.37 - - [26/Apr/2022:10:22:06 +0200] "GET /betty-boop-baroque-espresso-p-16549.html HTTP/1.0" 200 70914 "-" "Mozilla/5.0 (compatible; SemrushBot/7~bl; +http://www.semrush.com/bot.html)"
185.191.171.35 - - [26/Apr/2022:10:22:14 +0200] "GET /home-and-decoration-c-13.html?page=43 HTTP/1.0" 301 92672 "-" "Mozilla/5.0 (compatible; SemrushBot/7~bl; +http://www.semrush.com/bot.html)"
185.191.171.7 - - [26/Apr/2022:10:22:18 +0200] "GET /home-decoration-c-13.html?page=43 HTTP/1.0" 200 92585 "-" "Mozilla/5.0 (compatible; SemrushBot/7~bl; +http://www.semrush.com/bot.html)"
185.191.171.7 - - [26/Apr/2022:10:22:27 +0200] "GET /hello-kitty-large-backpack-p-592.html?action=add_product HTTP/1.0" 302 476 "-" "Mozilla/5.0 (compatible; SemrushBot/7~bl; +http://www.semrush.com/bot.html)"
66.249.66.212 - - [26/Apr/2022:10:22:33 +0200] "GET /coconut-fibers-doormat-pink-home-p-56982.html HTTP/1.0" 200 74422 "-" "Mozilla/5.0 (Linux; Android 6.0.1; Nexus 5X Build/MMB29P) AppleWebKit/537.36 (KHTML, like Gecko) Chrome/100.0.4896.127 Mobile Safari/537.36 (compatible; Googlebot/2.1; +http://www.google.com/bot.html)"
185.191.171.17 - - [26/Apr/2022:10:22:44 +0200] "GET /cement-tile-stickers-p-50341.html?action=add_product HTTP/1.0" 302 476 "-" "Mozilla/5.0 (compatible; SemrushBot/7~bl; +http://www.semrush.com/bot.html)"
185.191.171.44 - - [26/Apr/2022:10:22:47 +0200] "GET /decorative-stickers-butterflies-grey-p-48983.html?action=add_product HTTP/1.0" 302 476 "-" "Mozilla/5.0 (compatible; SemrushBot/7~bl; +http://www.semrush.com/bot.html)"
185.191.171.45 - - [26/Apr/2022:10:22:50 +0200] "GET /cement-plant-pots-p-54295.html?action=add_product HTTP/1.0" 302 476 "-" "Mozilla/5.0 (compatible; SemrushBot/7~bl; +http://www.semrush.com/bot.html)"
77.88.5.237 - - [26/Apr/2022:10:22:53 +0200] "GET /cats-love-oven-mitt-p-43813.html HTTP/1.0" 200 73443 "-" "Mozilla/5.0 (compatible; YandexBot/3.0; +http://yandex.com/bots)"
54.36.148.243 - - [26/Apr/2022:10:23:00 +0200] "GET /rainbow-mickey-mouse-figurine-p-57246.html HTTP/1.0" 200 75002 "-" "Mozilla/5.0 (compatible; AhrefsBot/7.0; +http://ahrefs.com/robot/)"
66.249.66.210 - - [26/Apr/2022:10:23:19 +0200] "GET /horses-poster-p-36324.html HTTP/1.0" 200 70854 "-" "Mozilla/5.0 (Linux; Android 6.0.1; Nexus 5X Build/MMB29P) AppleWebKit/537.36 (KHTML, like Gecko) Chrome/100.0.4896.127 Mobile Safari/537.36 (compatible; Googlebot/2.1; +http://www.google.com/bot.html)"
185.191.171.17 - - [26/Apr/2022:10:23:53 +0200] "GET /stitch-mini-figurine-p-56808.html HTTP/1.0" 200 74401 "-" "Mozilla/5.0 (compatible; SemrushBot/7~bl; +http://www.semrush.com/bot.html)"
66.249.66.210 - - [26/Apr/2022:10:23:56 +0200] "GET /bowl-white-porcelain-choupy-collection-p-54572.html HTTP/1.0" 200 73529 "-" "Mozilla/5.0 (Linux; Android 6.0.1; Nexus 5X Build/MMB29P) AppleWebKit/537.36 (KHTML, like Gecko) Chrome/100.0.4896.127 Mobile Safari/537.36 (compatible; Googlebot/2.1; +http://www.google.com/bot.html)"
185.191.171.44 - - [26/Apr/2022:10:24:04 +0200] "GET /kimmidoll-keyring-honoka-p-49774.html?action=add_product HTTP/1.0" 302 476 "-" "Mozilla/5.0 (compatible; SemrushBot/7~bl; +http://www.semrush.com/bot.html)"
66.249.66.212 - - [26/Apr/2022:10:24:05 +0200] "GET /maori-jute-cotton-basket-p-57619.html HTTP/1.0" 200 74308 "-" "Mozilla/5.0 (Linux; Android 6.0.1; Nexus 5X Build/MMB29P) AppleWebKit/537.36 (KHTML, like Gecko) Chrome/100.0.4896.127 Mobile Safari/537.36 (compatible; Googlebot/2.1; +http://www.google.com/bot.html)"
54.36.148.243 - - [26/Apr/2022:10:24:09 +0200] "GET /hourglass-decoration-glass-sand-glitter-black-p-50799.html HTTP/1.0" 200 73654 "-" "Mozilla/5.0 (compatible; AhrefsBot/7.0; +http://ahrefs.com/robot/)"
54.36.149.85 - - [26/Apr/2022:10:24:18 +0200] "GET /braided-bracelet-victoria-couture-hello-kitty-red-p-13722.html?action=add_product HTTP/1.0" 301 476 "-" "Mozilla/5.0 (compatible; AhrefsBot/7.0; +http://ahrefs.com/robot/)"
40.125.125.88 - - [26/Apr/2022:10:24:27 +0200] "GET /images/mini_prod/1300000030076.jpg HTTP/1.0" 200 269 "-" "Mozilla/5.0 (Windows NT 10.0; WOW64) AppleWebKit/537.36 (KHTML, like Gecko) Chrome/68.0.3440.106 Safari/537.36"
185.191.171.43 - - [26/Apr/2022:10:24:37 +0200] "GET /retro-wooden-peg-hook-p-41098.html HTTP/1.0" 301 74510 "-" "Mozilla/5.0 (compatible; SemrushBot/7~bl; +http://www.semrush.com/bot.html)"
185.191.171.14 - - [26/Apr/2022:10:24:40 +0200] "GET /wooden-deco-plate-crossing-theme-p-41098.html HTTP/1.0" 200 74411 "-" "Mozilla/5.0 (compatible; SemrushBot/7~bl; +http://www.semrush.com/bot.html)"
185.191.171.36 - - [26/Apr/2022:10:24:50 +0200] "GET /black-fancy-elastic-bracelet-p-43724.html?action=add_product HTTP/1.0" 302 476 "-" "Mozilla/5.0 (compatible; SemrushBot/7~bl; +http://www.semrush.com/bot.html)"
66.249.66.212 - - [26/Apr/2022:10:24:51 +0200] "GET /chair-cushion-gopher-blue-duck-p-51761.html HTTP/1.0" 200 74300 "-" "Mozilla/5.0 (Linux; Android 6.0.1; Nexus 5X Build/MMB29P) AppleWebKit/537.36 (KHTML, like Gecko) Chrome/100.0.4896.127 Mobile Safari/537.36 (compatible; Googlebot/2.1; +http://www.google.com/bot.html)"
54.36.148.243 - - [26/Apr/2022:10:25:12 +0200] "GET /tetsubin-blue-teapot-japanese-p-49381.html HTTP/1.0" 200 73712 "-" "Mozilla/5.0 (compatible; AhrefsBot/7.0; +http://ahrefs.com/robot/)"
66.249.66.214 - - [26/Apr/2022:10:25:37 +0200] "GET /black-leopard-lamp-resin-p-56431.html HTTP/1.0" 301 74783 "-" "Mozilla/5.0 (Linux; Android 6.0.1; Nexus 5X Build/MMB29P) AppleWebKit/537.36 (KHTML, like Gecko) Chrome/100.0.4896.127 Mobile Safari/537.36 (compatible; Googlebot/2.1; +http://www.google.com/bot.html)"
66.249.66.212 - - [26/Apr/2022:10:25:39 +0200] "GET /dark-brown-leopard-lamp-resin-p-56431.html HTTP/1.0" 200 74687 "-" "Mozilla/5.0 (Linux; Android 6.0.1; Nexus 5X Build/MMB29P) AppleWebKit/537.36 (KHTML, like Gecko) Chrome/100.0.4896.127 Mobile Safari/537.36 (compatible; Googlebot/2.1; +http://www.google.com/bot.html)"
185.191.171.9 - - [26/Apr/2022:10:25:39 +0200] "GET /hello-kitty-figure-p-2903.html HTTP/1.0" 200 73507 "-" "Mozilla/5.0 (compatible; SemrushBot/7~bl; +http://www.semrush.com/bot.html)"
185.191.171.40 - - [26/Apr/2022:10:25:54 +0200] "GET /dishes-c-13_12.html?page=150 HTTP/1.0" 200 93466 "-" "Mozilla/5.0 (compatible; SemrushBot/7~bl; +http://www.semrush.com/bot.html)"
185.191.171.22 - - [26/Apr/2022:10:26:02 +0200] "GET /cherries-grey-salt-pepper-p-37399.html?action=add_product HTTP/1.0" 302 476 "-" "Mozilla/5.0 (compatible; SemrushBot/7~bl; +http://www.semrush.com/bot.html)"
185.191.171.18 - - [26/Apr/2022:10:26:13 +0200] "GET /royal-burgundy-ceramic-flowerpot-p-42174.html HTTP/1.0" 200 70926 "-" "Mozilla/5.0 (compatible; SemrushBot/7~bl; +http://www.semrush.com/bot.html)"
54.36.148.243 - - [26/Apr/2022:10:26:15 +0200] "GET /glass-jellyfish-paperweight-p-52789.html HTTP/1.0" 200 73502 "-" "Mozilla/5.0 (compatible; AhrefsBot/7.0; +http://ahrefs.com/robot/)"
185.191.171.26 - - [26/Apr/2022:10:26:19 +0200] "GET /votive-candle-hours-cerulean-p-38947.html?action=add_product HTTP/1.0" 302 476 "-" "Mozilla/5.0 (compatible; SemrushBot/7~bl; +http://www.semrush.com/bot.html)"
66.249.66.210 - - [26/Apr/2022:10:26:23 +0200] "GET /the-little-mermaid-money-box-p-4671.html HTTP/1.0" 301 71007 "-" "Mozilla/5.0 (Linux; Android 6.0.1; Nexus 5X Build/MMB29P) AppleWebKit/537.36 (KHTML, like Gecko) Chrome/100.0.4896.127 Mobile Safari/537.36 (compatible; Googlebot/2.1; +http://www.google.com/bot.html)"
66.249.66.214 - - [26/Apr/2022:10:26:24 +0200] "GET /little-mermaid-money-p-4671.html HTTP/1.0" 200 70921 "-" "Mozilla/5.0 (Linux; Android 6.0.1; Nexus 5X Build/MMB29P) AppleWebKit/537.36 (KHTML, like Gecko) Chrome/100.0.4896.127 Mobile Safari/537.36 (compatible; Googlebot/2.1; +http://www.google.com/bot.html)"
66.249.66.212 - - [26/Apr/2022:10:26:32 +0200] "GET /little-prince-rose-figurine-p-54991.html HTTP/1.0" 200 77273 "-" "Mozilla/5.0 (compatible; Googlebot/2.1; +http://www.google.com/bot.html)"
17.121.114.53 - - [26/Apr/2022:10:26:43 +0200] "GET /images/mini_prod/3700653592828.jpg HTTP/1.0" 200 269 "-" "Mozilla/5.0 (Macintosh; Intel Mac OS X 10_15_5) AppleWebKit/605.1.15 (KHTML, like Gecko) Version/13.1.1 Safari/605.1.15 (Applebot/0.1; +http://www.apple.com/go/applebot)"
185.191.171.38 - - [26/Apr/2022:10:26:51 +0200] "GET /kimmidoll-mizuyo-vanity-collection-p-28689.html?action=add_product HTTP/1.0" 302 476 "-" "Mozilla/5.0 (compatible; SemrushBot/7~bl; +http://www.semrush.com/bot.html)"
66.249.66.212 - - [26/Apr/2022:10:27:08 +0200] "GET /duvet-cover-cotton-percale-threads-p-52076.html HTTP/1.0" 200 74406 "-" "Mozilla/5.0 (Linux; Android 6.0.1; Nexus 5X Build/MMB29P) AppleWebKit/537.36 (KHTML, like Gecko) Chrome/100.0.4896.127 Mobile Safari/537.36 (compatible; Googlebot/2.1; +http://www.google.com/bot.html)"
185.191.171.9 - - [26/Apr/2022:10:27:13 +0200] "GET /fragrances-ambiance-c-231.html?page=22 HTTP/1.0" 200 93835 "-" "Mozilla/5.0 (compatible; SemrushBot/7~bl; +http://www.semrush.com/bot.html)"
54.36.148.243 - - [26/Apr/2022:10:27:19 +0200] "GET /geishas-mouse-cbkreation-p-23469.html HTTP/1.0" 200 73459 "-" "Mozilla/5.0 (compatible; AhrefsBot/7.0; +http://ahrefs.com/robot/)"
211.249.40.15 - - [26/Apr/2022:10:27:29 +0200] "GET /images/mini_prod/3453131152549.jpg HTTP/1.0" 200 269 "-" "Mozilla/5.0 (X11; Ubuntu; Linux x86_64; rv:72.0) Gecko/20100101 Firefox/72.0"
185.191.171.43 - - [26/Apr/2022:10:27:41 +0200] "GET /baltique-bedclothes-p-42857.html?action=add_product HTTP/1.0" 302 476 "-" "Mozilla/5.0 (compatible; SemrushBot/7~bl; +http://www.semrush.com/bot.html)"
66.249.66.210 - - [26/Apr/2022:10:27:54 +0200] "GET /round-chair-cushion-reversible-ecru-linen-p-54649.html HTTP/1.0" 200 74519 "-" "Mozilla/5.0 (Linux; Android 6.0.1; Nexus 5X Build/MMB29P) AppleWebKit/537.36 (KHTML, like Gecko) Chrome/100.0.4896.127 Mobile Safari/537.36 (compatible; Googlebot/2.1; +http://www.google.com/bot.html)"
54.36.148.243 - - [26/Apr/2022:10:28:32 +0200] "GET /masha-bear-doll-sled-p-36999.html HTTP/1.0" 200 74209 "-" "Mozilla/5.0 (compatible; AhrefsBot/7.0; +http://ahrefs.com/robot/)"
54.36.148.249 - - [26/Apr/2022:10:28:35 +0200] "GET /california-bedclothes-240-cm-p-35320.html HTTP/1.0" 301 70875 "-" "Mozilla/5.0 (compatible; AhrefsBot/7.0; +http://ahrefs.com/robot/)"
66.249.66.210 - - [26/Apr/2022:10:28:40 +0200] "GET /flower-springy-collection-gray-p-54660.html HTTP/1.0" 200 73573 "-" "Mozilla/5.0 (Linux; Android 6.0.1; Nexus 5X Build/MMB29P) AppleWebKit/537.36 (KHTML, like Gecko) Chrome/100.0.4896.127 Mobile Safari/537.36 (compatible; Googlebot/2.1; +http://www.google.com/bot.html)"
77.88.5.208 - - [26/Apr/2022:10:28:54 +0200] "GET /deco-wooden-carved-drum-p-46277.html HTTP/1.0" 200 73514 "-" "Mozilla/5.0 (compatible; YandexBot/3.0; +http://yandex.com/bots)"
185.191.171.44 - - [26/Apr/2022:10:29:03 +0200] "GET /maisy-oilcloth-p-19470.html?action=add_product HTTP/1.0" 302 476 "-" "Mozilla/5.0 (compatible; SemrushBot/7~bl; +http://www.semrush.com/bot.html)"
40.125.112.26 - - [26/Apr/2022:10:29:22 +0200] "GET /images/mini_prod/4036113830810.jpg HTTP/1.0" 200 269 "-" "Mozilla/5.0 (X11; Linux x86_64) AppleWebKit/537.36 (KHTML, like Gecko) Chrome/62.0.3202.62 Safari/537.36"
66.249.66.214 - - [26/Apr/2022:10:29:26 +0200] "GET /retro-plane-clock-p-55422.html HTTP/1.0" 200 73417 "-" "Mozilla/5.0 (Linux; Android 6.0.1; Nexus 5X Build/MMB29P) AppleWebKit/537.36 (KHTML, like Gecko) Chrome/100.0.4896.127 Mobile Safari/537.36 (compatible; Googlebot/2.1; +http://www.google.com/bot.html)"
54.36.148.243 - - [26/Apr/2022:10:29:36 +0200] "GET /galileo-thermometer-indoors-p-53640.html HTTP/1.0" 200 73566 "-" "Mozilla/5.0 (compatible; AhrefsBot/7.0; +http://ahrefs.com/robot/)"
185.191.171.26 - - [26/Apr/2022:10:29:49 +0200] "GET /paris-saltshaker-and-pepper-pot-p-27735.html HTTP/1.0" 301 70875 "-" "Mozilla/5.0 (compatible; SemrushBot/7~bl; +http://www.semrush.com/bot.html)"
185.191.171.15 - - [26/Apr/2022:10:29:54 +0200] "GET /-p-27735.html HTTP/1.0" 200 70808 "-" "Mozilla/5.0 (compatible; SemrushBot/7~bl; +http://www.semrush.com/bot.html)"
216.244.66.242 - - [26/Apr/2022:10:30:11 +0200] "GET /adhesive-roll-45-150-cm-wood-p-53552.html HTTP/1.0" 301 74386 "-" "Mozilla/5.0 (compatible; DotBot/1.2; +https://opensiteexplorer.org/dotbot; help@moz.com)"
66.249.66.214 - - [26/Apr/2022:10:30:12 +0200] "GET /pure-washed-linen-cushion-cover-p-54386.html HTTP/1.0" 200 74702 "-" "Mozilla/5.0 (Linux; Android 6.0.1; Nexus 5X Build/MMB29P) AppleWebKit/537.36 (KHTML, like Gecko) Chrome/100.0.4896.127 Mobile Safari/537.36 (compatible; Googlebot/2.1; +http://www.google.com/bot.html)"
157.90.128.183 - - [26/Apr/2022:10:30:21 +0200] "GET /images/mini_prod/3700235441544.jpg HTTP/1.0" 200 269 "-" "Mozilla/5.0 (X11; Ubuntu; Linux x86_64; rv:72.0) Gecko/20100101 Firefox/72.0"
216.244.66.242 - - [26/Apr/2022:10:30:26 +0200] "GET /adhesive-roll-45-150-cm-cement-tiles-p-52217.html HTTP/1.0" 301 74475 "-" "Mozilla/5.0 (compatible; DotBot/1.2; +https://opensiteexplorer.org/dotbot; help@moz.com)"
54.36.148.243 - - [26/Apr/2022:10:30:42 +0200] "GET /monks-golden-resin-hear-silent-p-56200.html HTTP/1.0" 200 74898 "-" "Mozilla/5.0 (compatible; AhrefsBot/7.0; +http://ahrefs.com/robot/)"
147.92.153.9 - - [26/Apr/2022:10:30:47 +0200] "GET /chimes-suspensions-c-13_241.html HTTP/1.0" 200 91141 "-" "Mozilla/5.0 (compatible; Linespider/1.1; +https://lin.ee/4dwXkTH)"
147.92.153.9 - - [26/Apr/2022:10:30:52 +0200] "GET /js/jquery.min.js HTTP/1.0" 404 1308 "http://www.wonder-geek.com/chimes-suspensions-c-13_241.html" "Mozilla/5.0 (X11; Linux x86_64) AppleWebKit/537.36 (KHTML, like Gecko) HeadlessChrome/96.0.4664.0 Safari/537.36"
66.249.66.210 - - [26/Apr/2022:10:30:58 +0200] "GET /scented-votive-chakra-candles-p-55100.html HTTP/1.0" 200 77002 "-" "Mozilla/5.0 (Linux; Android 6.0.1; Nexus 5X Build/MMB29P) AppleWebKit/537.36 (KHTML, like Gecko) Chrome/100.0.4896.127 Mobile Safari/537.36 (compatible; Googlebot/2.1; +http://www.google.com/bot.html)"
185.191.171.38 - - [26/Apr/2022:10:31:05 +0200] "GET /keyrings-c-3_52.html?page=15 HTTP/1.0" 200 93719 "-" "Mozilla/5.0 (compatible; SemrushBot/7~bl; +http://www.semrush.com/bot.html)"
185.191.171.15 - - [26/Apr/2022:10:31:26 +0200] "GET /kimmidoll-collection-haruyo-p-28669.html HTTP/1.0" 200 70918 "-" "Mozilla/5.0 (compatible; SemrushBot/7~bl; +http://www.semrush.com/bot.html)"
185.191.171.34 - - [26/Apr/2022:10:31:43 +0200] "GET /owl-shopping-bag-p-45440.html HTTP/1.0" 301 70921 "-" "Mozilla/5.0 (compatible; SemrushBot/7~bl; +http://www.semrush.com/bot.html)"
66.249.66.210 - - [26/Apr/2022:10:31:43 +0200] "GET /gold-seahorse-statuette-p-54264.html HTTP/1.0" 200 74311 "-" "Mozilla/5.0 (Linux; Android 6.0.1; Nexus 5X Build/MMB29P) AppleWebKit/537.36 (KHTML, like Gecko) Chrome/100.0.4896.127 Mobile Safari/537.36 (compatible; Googlebot/2.1; +http://www.google.com/bot.html)"
185.191.171.9 - - [26/Apr/2022:10:31:46 +0200] "GET /shopping-p-45440.html HTTP/1.0" 200 70846 "-" "Mozilla/5.0 (compatible; SemrushBot/7~bl; +http://www.semrush.com/bot.html)"
54.36.148.243 - - [26/Apr/2022:10:31:53 +0200] "GET /cups-kothai-p-49660.html HTTP/1.0" 200 73416 "-" "Mozilla/5.0 (compatible; AhrefsBot/7.0; +http://ahrefs.com/robot/)"
185.191.171.5 - - [26/Apr/2022:10:32:02 +0200] "GET /decorative-statuette-monkeys-of-wisdom-ocher-30-cm-p-52733.html HTTP/1.0" 301 74499 "-" "Mozilla/5.0 (compatible; SemrushBot/7~bl; +http://www.semrush.com/bot.html)"
185.191.171.39 - - [26/Apr/2022:10:32:05 +0200] "GET /decorative-statuette-monkeys-wisdom-ocher-p-52733.html HTTP/1.0" 200 74391 "-" "Mozilla/5.0 (compatible; SemrushBot/7~bl; +http://www.semrush.com/bot.html)"
40.125.96.140 - - [26/Apr/2022:10:32:18 +0200] "GET /images/mini_prod/8422009014604.jpg HTTP/1.0" 200 269 "-" "Mozilla/5.0 (Windows NT 10.0; ) Gecko/20100101 Firefox/61.0"
54.36.149.12 - - [26/Apr/2022:10:32:22 +0200] "GET /zen-mandala-bedclothes-240-260-cm-p-36595.html HTTP/1.0" 301 70875 "-" "Mozilla/5.0 (compatible; AhrefsBot/7.0; +http://ahrefs.com/robot/)"
20.59.48.141 - - [26/Apr/2022:10:32:24 +0200] "GET /images/mini_prod/c8427787034806.jpg HTTP/1.0" 200 270 "-" "Mozilla/5.0 (Windows NT 10.0; ) Gecko/20100101 Firefox/61.0"
66.249.66.210 - - [26/Apr/2022:10:32:29 +0200] "GET /dopey-figure-collection-romero-britto-p-53511.html HTTP/1.0" 200 74574 "-" "Mozilla/5.0 (Linux; Android 6.0.1; Nexus 5X Build/MMB29P) AppleWebKit/537.36 (KHTML, like Gecko) Chrome/100.0.4896.127 Mobile Safari/537.36 (compatible; Googlebot/2.1; +http://www.google.com/bot.html)"
54.36.148.243 - - [26/Apr/2022:10:32:58 +0200] "GET /mini-melamine-tray-p-55844.html HTTP/1.0" 200 73502 "-" "Mozilla/5.0 (compatible; AhrefsBot/7.0; +http://ahrefs.com/robot/)"
66.249.66.210 - - [26/Apr/2022:10:33:15 +0200] "GET /fisherman-metal-bottle-holder-p-56373.html HTTP/1.0" 200 74262 "-" "Mozilla/5.0 (Linux; Android 6.0.1; Nexus 5X Build/MMB29P) AppleWebKit/537.36 (KHTML, like Gecko) Chrome/100.0.4896.127 Mobile Safari/537.36 (compatible; Googlebot/2.1; +http://www.google.com/bot.html)"
77.88.5.208 - - [26/Apr/2022:10:33:23 +0200] "GET /emoticon-cushion-p-40431.html HTTP/1.0" 301 70875 "-" "Mozilla/5.0 (compatible; YandexBot/3.0; +http://yandex.com/bots)"
77.88.5.208 - - [26/Apr/2022:10:33:26 +0200] "GET /-p-40431.html HTTP/1.0" 200 70808 "-" "Mozilla/5.0 (compatible; YandexBot/3.0; +http://yandex.com/bots)"
185.191.171.18 - - [26/Apr/2022:10:33:28 +0200] "GET /brave-merida-melamine-bowl-p-17122.html HTTP/1.0" 200 73565 "-" "Mozilla/5.0 (compatible; SemrushBot/7~bl; +http://www.semrush.com/bot.html)"
66.249.66.210 - - [26/Apr/2022:10:34:01 +0200] "GET /plush-keeleco-friendly-frog-p-55365.html HTTP/1.0" 200 74340 "-" "Mozilla/5.0 (Linux; Android 6.0.1; Nexus 5X Build/MMB29P) AppleWebKit/537.36 (KHTML, like Gecko) Chrome/100.0.4896.127 Mobile Safari/537.36 (compatible; Googlebot/2.1; +http://www.google.com/bot.html)"
54.36.148.243 - - [26/Apr/2022:10:34:03 +0200] "GET /glass-jellyfish-paperweight-p-52865.html HTTP/1.0" 200 73524 "-" "Mozilla/5.0 (compatible; AhrefsBot/7.0; +http://ahrefs.com/robot/)"
185.191.171.43 - - [26/Apr/2022:10:34:14 +0200] "GET /large-rocket-table-lamp-p-57769.html?action=add_product HTTP/1.0" 302 476 "-" "Mozilla/5.0 (compatible; SemrushBot/7~bl; +http://www.semrush.com/bot.html)"
185.191.171.39 - - [26/Apr/2022:10:34:31 +0200] "GET /london-union-jack-glass-clock-p-27582.html HTTP/1.0" 301 70875 "-" "Mozilla/5.0 (compatible; SemrushBot/7~bl; +http://www.semrush.com/bot.html)"
185.191.171.8 - - [26/Apr/2022:10:34:34 +0200] "GET /-p-27582.html HTTP/1.0" 200 70808 "-" "Mozilla/5.0 (compatible; SemrushBot/7~bl; +http://www.semrush.com/bot.html)"
51.68.224.127 - - [26/Apr/2022:10:34:46 +0200] "GET /adminweb/export_orders_xml.php?token=256de2z6edz6ed2z6DFSFsed2zed6zeDSFDSGdzedezfzf&maxorders=10&orderstart=1&status=14&start_date=2018-10-01 HTTP/1.0" 200 285 "-" "GesCom CharlotteBoutik Serveur"
51.68.224.127 - - [26/Apr/2022:10:34:46 +0200] "GET /adminweb/export_orders_xml.php?token=256de2z6edz6ed2z6DFSFsed2zed6zeDSFDSGdzedezfzf&maxorders=10&orderstart=1&status=6&start_date=2018-10-01 HTTP/1.0" 200 32798 "-" "GesCom CharlotteBoutik Serveur"
66.249.66.210 - - [26/Apr/2022:10:34:47 +0200] "GET /sailor-themed-wooden-p-57550.html HTTP/1.0" 200 74225 "-" "Mozilla/5.0 (Linux; Android 6.0.1; Nexus 5X Build/MMB29P) AppleWebKit/537.36 (KHTML, like Gecko) Chrome/100.0.4896.127 Mobile Safari/537.36 (compatible; Googlebot/2.1; +http://www.google.com/bot.html)"
185.191.171.39 - - [26/Apr/2022:10:34:58 +0200] "GET /retro-transistor-clock-p-55768.html HTTP/1.0" 200 73460 "-" "Mozilla/5.0 (compatible; SemrushBot/7~bl; +http://www.semrush.com/bot.html)"
185.191.171.9 - - [26/Apr/2022:10:35:16 +0200] "GET /perfumes-of-interior-c-231_234.html HTTP/1.0" 301 92311 "-" "Mozilla/5.0 (compatible; SemrushBot/7~bl; +http://www.semrush.com/bot.html)"
