216.244.66.242 - - [26/Apr/2022:19:19:06 +0200] "GET /nintendo-mario-bros-wall-stickers-p-30089.html HTTP/1.0" 200 70964 "-" "Mozilla/5.0 (compatible; DotBot/1.2; +https://opensiteexplorer.org/dotbot; help@moz.com)"
66.249.66.214 - - [26/Apr/2022:19:19:10 +0200] "GET /leopard-table-lamp-in-resin-silver-71-cm-p-52750.html HTTP/1.0" 301 71046 "-" "Mozilla/5.0 (Linux; Android 6.0.1; Nexus 5X Build/MMB29P) AppleWebKit/537.36 (KHTML, like Gecko) Chrome/100.0.4896.127 Mobile Safari/537.36 (compatible; Googlebot/2.1; +http://www.google.com/bot.html)"
66.249.66.210 - - [26/Apr/2022:19:19:12 +0200] "GET /leopard-table-lamp-resin-silver-p-52750.html HTTP/1.0" 200 70948 "-" "Mozilla/5.0 (Linux; Android 6.0.1; Nexus 5X Build/MMB29P) AppleWebKit/537.36 (KHTML, like Gecko) Chrome/100.0.4896.127 Mobile Safari/537.36 (compatible; Googlebot/2.1; +http://www.google.com/bot.html)"
216.244.66.242 - - [26/Apr/2022:19:19:18 +0200] "GET /polar-blanket-brown-240-220-cm-p-39682.html HTTP/1.0" 301 70875 "-" "Mozilla/5.0 (compatible; DotBot/1.2; +https://opensiteexplorer.org/dotbot; help@moz.com)"
157.90.128.183 - - [26/Apr/2022:19:19:38 +0200] "GET /images/mini_prod/4036113307329.jpg HTTP/1.0" 200 269 "-" "Mozilla/5.0 (X11; Ubuntu; Linux x86_64; rv:72.0) Gecko/20100101 Firefox/72.0"
216.244.66.242 - - [26/Apr/2022:19:19:41 +0200] "GET /empty-tray-pocket-oriental-pattern-carved-wood-17-cm-p-46384.html HTTP/1.0" 301 74480 "-" "Mozilla/5.0 (compatible; DotBot/1.2; +https://opensiteexplorer.org/dotbot; help@moz.com)"
54.36.148.243 - - [26/Apr/2022:19:19:41 +0200] "GET /hair-accessories-c-3_205.html?page=1 HTTP/1.0" 200 90707 "-" "Mozilla/5.0 (compatible; AhrefsBot/7.0; +http://ahrefs.com/robot/)"
66.249.66.212 - - [26/Apr/2022:19:19:58 +0200] "GET /gormiti-cushion-p-6320.html HTTP/1.0" 200 73681 "-" "Mozilla/5.0 (Linux; Android 6.0.1; Nexus 5X Build/MMB29P) AppleWebKit/537.36 (KHTML, like Gecko) Chrome/100.0.4896.127 Mobile Safari/537.36 (compatible; Googlebot/2.1; +http://www.google.com/bot.html)"
66.249.66.214 - - [26/Apr/2022:19:20:46 +0200] "GET /tour-paris-clock-p-10888.html HTTP/1.0" 200 73487 "-" "Mozilla/5.0 (Linux; Android 6.0.1; Nexus 5X Build/MMB29P) AppleWebKit/537.36 (KHTML, like Gecko) Chrome/100.0.4896.127 Mobile Safari/537.36 (compatible; Googlebot/2.1; +http://www.google.com/bot.html)"
185.191.171.14 - - [26/Apr/2022:19:20:55 +0200] "GET /star-wars-blue-training-bottle-p-29945.html?action=add_product HTTP/1.0" 302 476 "-" "Mozilla/5.0 (compatible; SemrushBot/7~bl; +http://www.semrush.com/bot.html)"
17.121.115.32 - - [26/Apr/2022:19:21:15 +0200] "GET /images/big_prod/1399984239322maillot.jpg HTTP/1.0" 200 275 "-" "Mozilla/5.0 (Macintosh; Intel Mac OS X 10_15_5) AppleWebKit/605.1.15 (KHTML, like Gecko) Version/13.1.1 Safari/605.1.15 (Applebot/0.1; +http://www.apple.com/go/applebot)"
54.36.148.243 - - [26/Apr/2022:19:21:14 +0200] "GET /aromatic-burner-heart-beige-p-56896.html HTTP/1.0" 200 74350 "-" "Mozilla/5.0 (compatible; AhrefsBot/7.0; +http://ahrefs.com/robot/)"
66.249.66.210 - - [26/Apr/2022:19:21:35 +0200] "GET /resin-decoration-bird-p-56202.html HTTP/1.0" 200 74133 "-" "Mozilla/5.0 (Linux; Android 6.0.1; Nexus 5X Build/MMB29P) AppleWebKit/537.36 (KHTML, like Gecko) Chrome/100.0.4896.127 Mobile Safari/537.36 (compatible; Googlebot/2.1; +http://www.google.com/bot.html)"
185.191.171.43 - - [26/Apr/2022:19:22:04 +0200] "GET /moroccan-ashtray-tropical-p-52626.html?action=add_product HTTP/1.0" 302 476 "-" "Mozilla/5.0 (compatible; SemrushBot/7~bl; +http://www.semrush.com/bot.html)"
185.191.171.40 - - [26/Apr/2022:19:22:06 +0200] "GET /frame-canvas-toutou-airline-40-40-cm-p-37033.html HTTP/1.0" 301 73703 "-" "Mozilla/5.0 (compatible; SemrushBot/7~bl; +http://www.semrush.com/bot.html)"
185.191.171.11 - - [26/Apr/2022:19:22:11 +0200] "GET /frame-canvas-toutou-airline-p-37033.html HTTP/1.0" 200 73609 "-" "Mozilla/5.0 (compatible; SemrushBot/7~bl; +http://www.semrush.com/bot.html)"
185.191.171.34 - - [26/Apr/2022:19:22:17 +0200] "GET /mini-figurine-britto-elephant-king-cm-p-40348.html HTTP/1.0" 301 71045 "-" "Mozilla/5.0 (compatible; SemrushBot/7~bl; +http://www.semrush.com/bot.html)"
185.191.171.23 - - [26/Apr/2022:19:22:20 +0200] "GET /mini-figurine-britto-elephant-king-p-40348.html HTTP/1.0" 200 70944 "-" "Mozilla/5.0 (compatible; SemrushBot/7~bl; +http://www.semrush.com/bot.html)"
66.249.66.214 - - [26/Apr/2022:19:22:23 +0200] "GET /renault-large-metal-plate-p-15161.html HTTP/1.0" 200 73435 "-" "Mozilla/5.0 (Linux; Android 6.0.1; Nexus 5X Build/MMB29P) AppleWebKit/537.36 (KHTML, like Gecko) Chrome/100.0.4896.127 Mobile Safari/537.36 (compatible; Googlebot/2.1; +http://www.google.com/bot.html)"
185.191.171.20 - - [26/Apr/2022:19:22:32 +0200] "GET /hippopotamus-mother-statuette-babies-resin-p-56817.html HTTP/1.0" 200 74655 "-" "Mozilla/5.0 (compatible; SemrushBot/7~bl; +http://www.semrush.com/bot.html)"
54.36.148.243 - - [26/Apr/2022:19:22:34 +0200] "GET /water-bottles-sport-bottles-c-12_161.html?page=7 HTTP/1.0" 200 96652 "-" "Mozilla/5.0 (compatible; AhrefsBot/7.0; +http://ahrefs.com/robot/)"
185.191.171.20 - - [26/Apr/2022:19:22:35 +0200] "GET /large-resin-statue-giraffes-p-48277.html?action=add_product HTTP/1.0" 302 476 "-" "Mozilla/5.0 (compatible; SemrushBot/7~bl; +http://www.semrush.com/bot.html)"
66.249.66.214 - - [26/Apr/2022:19:23:11 +0200] "GET /japanese-brown-cast-iron-liter-teapot-p-54890.html HTTP/1.0" 200 74371 "-" "Mozilla/5.0 (Linux; Android 6.0.1; Nexus 5X Build/MMB29P) AppleWebKit/537.36 (KHTML, like Gecko) Chrome/100.0.4896.127 Mobile Safari/537.36 (compatible; Googlebot/2.1; +http://www.google.com/bot.html)"
20.231.46.63 - - [26/Apr/2022:19:23:30 +0200] "GET /small-trays-c-12_159_261.html HTTP/1.0" 200 90249 "-" "Mozilla/5.0 (Windows NT 10.0; Win64; x64) AppleWebKit/537.36 (KHTML, like Gecko) Chrome/86.0.4240.75 Safari/537.36"
20.231.46.63 - - [26/Apr/2022:19:23:30 +0200] "GET /bell-wall-bell-c-13_270.html HTTP/1.0" 200 89884 "-" "Mozilla/5.0 (Windows NT 10.0; Win64; x64) AppleWebKit/537.36 (KHTML, like Gecko) Chrome/86.0.4240.75 Safari/537.36"
54.36.148.243 - - [26/Apr/2022:19:23:50 +0200] "GET /home-decoration-c-13.html?page=133 HTTP/1.0" 200 93195 "-" "Mozilla/5.0 (compatible; AhrefsBot/7.0; +http://ahrefs.com/robot/)"
66.249.66.212 - - [26/Apr/2022:19:23:59 +0200] "GET /cats-isothermic-stainless-steel-bottle-jewels-p-54546.html HTTP/1.0" 200 74356 "-" "Mozilla/5.0 (Linux; Android 6.0.1; Nexus 5X Build/MMB29P) AppleWebKit/537.36 (KHTML, like Gecko) Chrome/100.0.4896.127 Mobile Safari/537.36 (compatible; Googlebot/2.1; +http://www.google.com/bot.html)"
185.191.171.11 - - [26/Apr/2022:19:24:12 +0200] "GET /plush-keeleco-friendly-p-55368.html HTTP/1.0" 200 74320 "-" "Mozilla/5.0 (compatible; SemrushBot/7~bl; +http://www.semrush.com/bot.html)"
185.191.171.7 - - [26/Apr/2022:19:24:15 +0200] "GET /banania-large-metal-plate-30-40-cm-p-27378.html HTTP/1.0" 301 73616 "-" "Mozilla/5.0 (compatible; SemrushBot/7~bl; +http://www.semrush.com/bot.html)"
185.191.171.2 - - [26/Apr/2022:19:24:19 +0200] "GET /banania-large-metal-plate-p-27378.html HTTP/1.0" 200 73524 "-" "Mozilla/5.0 (compatible; SemrushBot/7~bl; +http://www.semrush.com/bot.html)"
185.191.171.9 - - [26/Apr/2022:19:24:25 +0200] "GET /turtle-mini-melamine-tray-kook-kiub-p-57311.html?action=add_product HTTP/1.0" 302 476 "-" "Mozilla/5.0 (compatible; SemrushBot/7~bl; +http://www.semrush.com/bot.html)"
54.236.1.11 - - [26/Apr/2022:19:24:34 +0200] "GET /harley-davidson-large-box-p-26383.html HTTP/1.0" 301 71004 "-" "Mozilla/5.0 (compatible; Pinterestbot/1.0; +http://www.pinterest.com/bot.html)"
54.236.1.11 - - [26/Apr/2022:19:24:36 +0200] "GET /harley-davidson-large-p-26383.html HTTP/1.0" 200 70916 "-" "Mozilla/5.0 (compatible; Pinterestbot/1.0; +http://www.pinterest.com/bot.html)"
66.249.66.210 - - [26/Apr/2022:19:24:47 +0200] "GET /lotus-lights-small-chakra-golden-p-39333.html HTTP/1.0" 200 74950 "-" "Mozilla/5.0 (Linux; Android 6.0.1; Nexus 5X Build/MMB29P) AppleWebKit/537.36 (KHTML, like Gecko) Chrome/100.0.4896.127 Mobile Safari/537.36 (compatible; Googlebot/2.1; +http://www.google.com/bot.html)"
54.36.148.243 - - [26/Apr/2022:19:25:00 +0200] "GET /retro-ceramic-flatware-beer-p-42149.html HTTP/1.0" 200 73571 "-" "Mozilla/5.0 (compatible; AhrefsBot/7.0; +http://ahrefs.com/robot/)"
54.236.1.11 - - [26/Apr/2022:19:25:05 +0200] "GET /harley-davidson-large-box-p-26383.html HTTP/1.0" 301 71004 "-" "Mozilla/5.0 (compatible; Pinterestbot/1.0; +http://www.pinterest.com/bot.html)"
54.236.1.11 - - [26/Apr/2022:19:25:06 +0200] "GET /harley-davidson-large-p-26383.html HTTP/1.0" 200 70916 "-" "Mozilla/5.0 (compatible; Pinterestbot/1.0; +http://www.pinterest.com/bot.html)"
54.36.148.67 - - [26/Apr/2022:19:25:14 +0200] "GET /cats-sugar-box-made-in-france-p-32005.html HTTP/1.0" 301 70875 "-" "Mozilla/5.0 (compatible; AhrefsBot/7.0; +http://ahrefs.com/robot/)"
66.249.66.212 - - [26/Apr/2022:19:25:35 +0200] "GET /retro-pin-up-mug-p-11765.html HTTP/1.0" 301 73403 "-" "Mozilla/5.0 (Linux; Android 6.0.1; Nexus 5X Build/MMB29P) AppleWebKit/537.36 (KHTML, like Gecko) Chrome/100.0.4896.127 Mobile Safari/537.36 (compatible; Googlebot/2.1; +http://www.google.com/bot.html)"
66.249.66.214 - - [26/Apr/2022:19:25:37 +0200] "GET /retro-p-11765.html HTTP/1.0" 200 73331 "-" "Mozilla/5.0 (Linux; Android 6.0.1; Nexus 5X Build/MMB29P) AppleWebKit/537.36 (KHTML, like Gecko) Chrome/100.0.4896.127 Mobile Safari/537.36 (compatible; Googlebot/2.1; +http://www.google.com/bot.html)"
185.191.171.37 - - [26/Apr/2022:19:25:37 +0200] "GET /wall-stickers-three-olive-branches-p-56619.html?action=add_product HTTP/1.0" 302 476 "-" "Mozilla/5.0 (compatible; SemrushBot/7~bl; +http://www.semrush.com/bot.html)"
185.191.171.11 - - [26/Apr/2022:19:25:40 +0200] "GET /round-glass-ashtray-cendrier-chef-p-42840.html?action=add_product HTTP/1.0" 302 476 "-" "Mozilla/5.0 (compatible; SemrushBot/7~bl; +http://www.semrush.com/bot.html)"
185.191.171.43 - - [26/Apr/2022:19:25:51 +0200] "GET /wall-sticker-p-43090.html?action=add_product HTTP/1.0" 302 476 "-" "Mozilla/5.0 (compatible; SemrushBot/7~bl; +http://www.semrush.com/bot.html)"
54.36.148.243 - - [26/Apr/2022:19:26:10 +0200] "GET /adult-apron-springy-collection-p-54746.html HTTP/1.0" 200 73491 "-" "Mozilla/5.0 (compatible; AhrefsBot/7.0; +http://ahrefs.com/robot/)"
20.99.154.189 - - [26/Apr/2022:19:26:18 +0200] "GET /images/mini_prod/3560600248556.jpg HTTP/1.0" 200 269 "-" "Mozilla/4.0 (compatible; MSIE 7.0; Windows NT 6.0)"
66.249.66.210 - - [26/Apr/2022:19:26:23 +0200] "GET /purple-lama-piggy-bank-p-47725.html HTTP/1.0" 200 70909 "-" "Mozilla/5.0 (Linux; Android 6.0.1; Nexus 5X Build/MMB29P) AppleWebKit/537.36 (KHTML, like Gecko) Chrome/100.0.4896.127 Mobile Safari/537.36 (compatible; Googlebot/2.1; +http://www.google.com/bot.html)"
185.191.171.7 - - [26/Apr/2022:19:26:59 +0200] "GET /handmade-metal-bicycle-figurine-recycling-p-42320.html?action=add_product HTTP/1.0" 302 476 "-" "Mozilla/5.0 (compatible; SemrushBot/7~bl; +http://www.semrush.com/bot.html)"
66.249.66.212 - - [26/Apr/2022:19:27:11 +0200] "GET /votive-candle-white-tea-and-eucalyptus-p-46863.html HTTP/1.0" 301 74249 "-" "Mozilla/5.0 (Linux; Android 6.0.1; Nexus 5X Build/MMB29P) AppleWebKit/537.36 (KHTML, like Gecko) Chrome/100.0.4896.127 Mobile Safari/537.36 (compatible; Googlebot/2.1; +http://www.google.com/bot.html)"
66.249.66.210 - - [26/Apr/2022:19:27:13 +0200] "GET /votive-candle-white-eucalyptus-p-46863.html HTTP/1.0" 200 74152 "-" "Mozilla/5.0 (Linux; Android 6.0.1; Nexus 5X Build/MMB29P) AppleWebKit/537.36 (KHTML, like Gecko) Chrome/100.0.4896.127 Mobile Safari/537.36 (compatible; Googlebot/2.1; +http://www.google.com/bot.html)"
54.36.148.243 - - [26/Apr/2022:19:27:26 +0200] "GET /fragrance-sachet-simply-p-40561.html HTTP/1.0" 200 74152 "-" "Mozilla/5.0 (compatible; AhrefsBot/7.0; +http://ahrefs.com/robot/)"
185.191.171.45 - - [26/Apr/2022:19:27:27 +0200] "GET /prends-valeur-glass-cutting-board-p-53250.html HTTP/1.0" 200 73926 "-" "Mozilla/5.0 (compatible; SemrushBot/7~bl; +http://www.semrush.com/bot.html)"
157.55.39.105 - - [26/Apr/2022:19:27:33 +0200] "GET /-p-25055.html HTTP/1.0" 200 70808 "-" "Mozilla/5.0 (compatible; bingbot/2.0; +http://www.bing.com/bingbot.htm)"
51.68.224.127 - - [26/Apr/2022:19:27:39 +0200] "GET /adminweb/export_orders_xml.php?token=256de2z6edz6ed2z6DFSFsed2zed6zeDSFDSGdzedezfzf&maxorders=10&orderstart=1&status=14&start_date=2018-10-01 HTTP/1.0" 200 285 "-" "GesCom CharlotteBoutik Serveur"
51.68.224.127 - - [26/Apr/2022:19:27:39 +0200] "GET /adminweb/export_orders_xml.php?token=256de2z6edz6ed2z6DFSFsed2zed6zeDSFDSGdzedezfzf&maxorders=10&orderstart=1&status=6&start_date=2018-10-01 HTTP/1.0" 200 32798 "-" "GesCom CharlotteBoutik Serveur"
185.191.171.10 - - [26/Apr/2022:19:27:41 +0200] "GET /decoration-pen-trees-p-21333.html HTTP/1.0" 301 73678 "-" "Mozilla/5.0 (compatible; SemrushBot/7~bl; +http://www.semrush.com/bot.html)"
185.191.171.4 - - [26/Apr/2022:19:27:45 +0200] "GET /decoration-trees-p-21333.html HTTP/1.0" 200 73595 "-" "Mozilla/5.0 (compatible; SemrushBot/7~bl; +http://www.semrush.com/bot.html)"
185.191.171.38 - - [26/Apr/2022:19:27:52 +0200] "GET /decorative-globe-p-46667.html?action=add_product HTTP/1.0" 302 476 "-" "Mozilla/5.0 (compatible; SemrushBot/7~bl; +http://www.semrush.com/bot.html)"
185.191.171.10 - - [26/Apr/2022:19:27:59 +0200] "GET /gift-watch-vespa-women-keychain-p-18599.html?action=add_product HTTP/1.0" 302 476 "-" "Mozilla/5.0 (compatible; SemrushBot/7~bl; +http://www.semrush.com/bot.html)"
66.249.66.210 - - [26/Apr/2022:19:27:59 +0200] "GET /cats-dubout-paperweight-p-43670.html HTTP/1.0" 200 73869 "-" "Mozilla/5.0 (Linux; Android 6.0.1; Nexus 5X Build/MMB29P) AppleWebKit/537.36 (KHTML, like Gecko) Chrome/100.0.4896.127 Mobile Safari/537.36 (compatible; Googlebot/2.1; +http://www.google.com/bot.html)"
54.36.149.63 - - [26/Apr/2022:19:28:31 +0200] "GET /bruce-figure-p-2896.html HTTP/1.0" 301 70872 "-" "Mozilla/5.0 (compatible; AhrefsBot/7.0; +http://ahrefs.com/robot/)"
54.36.148.243 - - [26/Apr/2022:19:28:33 +0200] "GET /kitchen-towel-brown-p-54118.html HTTP/1.0" 200 73467 "-" "Mozilla/5.0 (compatible; AhrefsBot/7.0; +http://ahrefs.com/robot/)"
66.249.66.210 - - [26/Apr/2022:19:28:47 +0200] "GET /pepe-jeans-sport-p-35990.html HTTP/1.0" 200 73753 "-" "Mozilla/5.0 (Linux; Android 6.0.1; Nexus 5X Build/MMB29P) AppleWebKit/537.36 (KHTML, like Gecko) Chrome/100.0.4896.127 Mobile Safari/537.36 (compatible; Googlebot/2.1; +http://www.google.com/bot.html)"
185.191.171.21 - - [26/Apr/2022:19:29:06 +0200] "GET /beach-cabin-tray-melamine-p-54920.html HTTP/1.0" 200 73612 "-" "Mozilla/5.0 (compatible; SemrushBot/7~bl; +http://www.semrush.com/bot.html)"
185.191.171.13 - - [26/Apr/2022:19:29:33 +0200] "GET /robots.txt HTTP/1.0" 200 245 "-" "Mozilla/5.0 (compatible; SemrushBot/7~bl; +http://www.semrush.com/bot.html)"
185.191.171.1 - - [26/Apr/2022:19:29:34 +0200] "GET /pokemon-pikachu-school-p-55005.html?action=add_product HTTP/1.0" 302 476 "-" "Mozilla/5.0 (compatible; SemrushBot/7~bl; +http://www.semrush.com/bot.html)"
66.249.66.210 - - [26/Apr/2022:19:29:35 +0200] "GET /petit-prince-exupry-collection-p-47091.html HTTP/1.0" 200 73617 "-" "Mozilla/5.0 (Linux; Android 6.0.1; Nexus 5X Build/MMB29P) AppleWebKit/537.36 (KHTML, like Gecko) Chrome/100.0.4896.127 Mobile Safari/537.36 (compatible; Googlebot/2.1; +http://www.google.com/bot.html)"
54.36.148.243 - - [26/Apr/2022:19:29:48 +0200] "GET /cotton-floor-cushion-soledad-p-56800.html HTTP/1.0" 200 74350 "-" "Mozilla/5.0 (compatible; AhrefsBot/7.0; +http://ahrefs.com/robot/)"
185.191.171.3 - - [26/Apr/2022:19:29:56 +0200] "GET /fitted-sheet-cotton-percale-threads-p-56962.html HTTP/1.0" 200 74439 "-" "Mozilla/5.0 (compatible; SemrushBot/7~bl; +http://www.semrush.com/bot.html)"
185.191.171.37 - - [26/Apr/2022:19:30:09 +0200] "GET /tour-france-snow-globe-p-53653.html?action=add_product HTTP/1.0" 302 476 "-" "Mozilla/5.0 (compatible; SemrushBot/7~bl; +http://www.semrush.com/bot.html)"
185.191.171.17 - - [26/Apr/2022:19:30:21 +0200] "GET /crystal-lilac-150g-tea-box-p-45716.html HTTP/1.0" 301 73700 "-" "Mozilla/5.0 (compatible; SemrushBot/7~bl; +http://www.semrush.com/bot.html)"
66.249.66.214 - - [26/Apr/2022:19:30:24 +0200] "GET /coconut-fibers-doormat-mandala-p-55102.html HTTP/1.0" 200 74394 "-" "Mozilla/5.0 (Linux; Android 6.0.1; Nexus 5X Build/MMB29P) AppleWebKit/537.36 (KHTML, like Gecko) Chrome/100.0.4896.127 Mobile Safari/537.36 (compatible; Googlebot/2.1; +http://www.google.com/bot.html)"
185.191.171.5 - - [26/Apr/2022:19:30:24 +0200] "GET /crystal-lilac-150g-p-45716.html HTTP/1.0" 200 73615 "-" "Mozilla/5.0 (compatible; SemrushBot/7~bl; +http://www.semrush.com/bot.html)"
157.55.39.111 - - [26/Apr/2022:19:31:01 +0200] "GET /-p-32109.html HTTP/1.0" 200 70808 "-" "Mozilla/5.0 (compatible; bingbot/2.0; +http://www.bing.com/bingbot.htm)"
185.191.171.24 - - [26/Apr/2022:19:31:06 +0200] "GET /melt-sweet-apple-treat-p-42612.html HTTP/1.0" 200 74098 "-" "Mozilla/5.0 (compatible; SemrushBot/7~bl; +http://www.semrush.com/bot.html)"
54.36.148.243 - - [26/Apr/2022:19:31:10 +0200] "GET /water-bottles-sport-bottles-c-12_161.html?page=6 HTTP/1.0" 200 96348 "-" "Mozilla/5.0 (compatible; AhrefsBot/7.0; +http://ahrefs.com/robot/)"
66.249.66.214 - - [26/Apr/2022:19:31:12 +0200] "GET /flask-metal-cork-p-46677.html HTTP/1.0" 200 70876 "-" "Mozilla/5.0 (Linux; Android 6.0.1; Nexus 5X Build/MMB29P) AppleWebKit/537.36 (KHTML, like Gecko) Chrome/100.0.4896.127 Mobile Safari/537.36 (compatible; Googlebot/2.1; +http://www.google.com/bot.html)"
40.64.89.158 - - [26/Apr/2022:19:31:47 +0200] "GET /images/mini_prod/3494150095059.jpg HTTP/1.0" 200 269 "-" "Mozilla/5.0 (X11; Linux x86_64) AppleWebKit/537.36 (KHTML, like Gecko) Chrome/62.0.3202.62 Safari/537.36"
66.249.66.212 - - [26/Apr/2022:19:32:00 +0200] "GET /cast-iron-trivet-lavande-p-56525.html HTTP/1.0" 200 73566 "-" "Mozilla/5.0 (Linux; Android 6.0.1; Nexus 5X Build/MMB29P) AppleWebKit/537.36 (KHTML, like Gecko) Chrome/100.0.4896.127 Mobile Safari/537.36 (compatible; Googlebot/2.1; +http://www.google.com/bot.html)"
185.191.171.12 - - [26/Apr/2022:19:32:06 +0200] "GET /tiger-women-shirt-p-31161.html HTTP/1.0" 200 75384 "-" "Mozilla/5.0 (compatible; SemrushBot/7~bl; +http://www.semrush.com/bot.html)"
77.88.5.25 - - [26/Apr/2022:19:32:39 +0200] "GET /candy-cloud-hair-brush-stardust-p-46651.html HTTP/1.0" 200 74141 "-" "Mozilla/5.0 (compatible; YandexBot/3.0; +http://yandex.com/bots)"
54.36.148.243 - - [26/Apr/2022:19:32:39 +0200] "GET /resin-statue-animals-savannah-p-54280.html HTTP/1.0" 200 74443 "-" "Mozilla/5.0 (compatible; AhrefsBot/7.0; +http://ahrefs.com/robot/)"
66.249.66.210 - - [26/Apr/2022:19:32:48 +0200] "GET /tetsubin-green-teapot-japanese-liter-p-41379.html HTTP/1.0" 200 73823 "-" "Mozilla/5.0 (Linux; Android 6.0.1; Nexus 5X Build/MMB29P) AppleWebKit/537.36 (KHTML, like Gecko) Chrome/100.0.4896.127 Mobile Safari/537.36 (compatible; Googlebot/2.1; +http://www.google.com/bot.html)"
35.205.35.197 - - [26/Apr/2022:19:33:03 +0200] "GET / HTTP/1.0" 200 151842 "-" "Mozilla/5.0 (Windows NT 10.0; Win64; x64) AppleWebKit/537.36 (KHTML, like Gecko) Chrome/84.0.4147.105 Safari/537.36"
66.249.66.214 - - [26/Apr/2022:19:33:36 +0200] "GET /metal-bell-hanging-lamp-p-45420.html HTTP/1.0" 200 73557 "-" "Mozilla/5.0 (Linux; Android 6.0.1; Nexus 5X Build/MMB29P) AppleWebKit/537.36 (KHTML, like Gecko) Chrome/100.0.4896.127 Mobile Safari/537.36 (compatible; Googlebot/2.1; +http://www.google.com/bot.html)"
54.36.148.243 - - [26/Apr/2022:19:34:00 +0200] "GET /tinted-candle-mass-white-p-56090.html HTTP/1.0" 200 74121 "-" "Mozilla/5.0 (compatible; AhrefsBot/7.0; +http://ahrefs.com/robot/)"
185.191.171.26 - - [26/Apr/2022:19:34:08 +0200] "GET /mister-men-beauty-bag-p-3321.html HTTP/1.0" 301 73705 "-" "Mozilla/5.0 (compatible; SemrushBot/7~bl; +http://www.semrush.com/bot.html)"
185.191.171.8 - - [26/Apr/2022:19:34:11 +0200] "GET /mister-beauty-p-3321.html HTTP/1.0" 200 73626 "-" "Mozilla/5.0 (compatible; SemrushBot/7~bl; +http://www.semrush.com/bot.html)"
66.249.66.210 - - [26/Apr/2022:19:34:24 +0200] "GET /chakra-banner-p-46291.html HTTP/1.0" 200 74448 "-" "Mozilla/5.0 (Linux; Android 6.0.1; Nexus 5X Build/MMB29P) AppleWebKit/537.36 (KHTML, like Gecko) Chrome/100.0.4896.127 Mobile Safari/537.36 (compatible; Googlebot/2.1; +http://www.google.com/bot.html)"
185.191.171.21 - - [26/Apr/2022:19:34:32 +0200] "GET /sleeping-beauty-with-animals-disney-traditions-p-51163.html HTTP/1.0" 200 74958 "-" "Mozilla/5.0 (compatible; SemrushBot/7~bl; +http://www.semrush.com/bot.html)"
157.55.39.105 - - [26/Apr/2022:19:35:04 +0200] "GET /educational-children-watch-ourson-p-51718.html HTTP/1.0" 200 74693 "-" "Mozilla/5.0 (compatible; bingbot/2.0; +http://www.bing.com/bingbot.htm)"
157.55.39.101 - - [26/Apr/2022:19:35:12 +0200] "GET /-p-38829.html HTTP/1.0" 200 70808 "-" "Mozilla/5.0 (compatible; bingbot/2.0; +http://www.bing.com/bingbot.htm)"
66.249.66.212 - - [26/Apr/2022:19:35:12 +0200] "GET /perfume-burner-natura-series-plumeria-p-57349.html HTTP/1.0" 200 74760 "-" "Mozilla/5.0 (Linux; Android 6.0.1; Nexus 5X Build/MMB29P) AppleWebKit/537.36 (KHTML, like Gecko) Chrome/100.0.4896.127 Mobile Safari/537.36 (compatible; Googlebot/2.1; +http://www.google.com/bot.html)"
40.64.89.158 - - [26/Apr/2022:19:35:15 +0200] "GET /images/mini_prod/5050293803197.jpg HTTP/1.0" 200 269 "-" "Mozilla/5.0 (Windows NT 6.1; WOW64) AppleWebKit/537.36 (KHTML, like Gecko) Chrome/45.0.2454.101 Safari/537.36"
20.72.199.117 - - [26/Apr/2022:19:35:23 +0200] "GET /images/mini_prod/5601392310972.jpg HTTP/1.0" 200 269 "-" "Mozilla/5.0 (Macintosh; U; PPC Mac OS X 10.5; en-US; rv:1.9.2.15) Gecko/20110303 Firefox/3.6.15"
54.36.148.243 - - [26/Apr/2022:19:35:22 +0200] "GET /tinted-candle-mass-yellow-p-56096.html HTTP/1.0" 200 73507 "-" "Mozilla/5.0 (compatible; AhrefsBot/7.0; +http://ahrefs.com/robot/)"
54.36.148.201 - - [26/Apr/2022:19:35:36 +0200] "GET /teo-jasmin-large-cabas-jasmine-p-44160.html HTTP/1.0" 301 71007 "-" "Mozilla/5.0 (compatible; AhrefsBot/7.0; +http://ahrefs.com/robot/)"
66.249.66.210 - - [26/Apr/2022:19:36:00 +0200] "GET /trays-c-12_159.html?page=13 HTTP/1.0" 200 91549 "-" "Mozilla/5.0 (Linux; Android 6.0.1; Nexus 5X Build/MMB29P) AppleWebKit/537.36 (KHTML, like Gecko) Chrome/100.0.4896.127 Mobile Safari/537.36 (compatible; Googlebot/2.1; +http://www.google.com/bot.html)"
185.191.171.9 - - [26/Apr/2022:19:36:15 +0200] "GET /poster-star-wars-return-jedi-p-55989.html HTTP/1.0" 200 73570 "-" "Mozilla/5.0 (compatible; SemrushBot/7~bl; +http://www.semrush.com/bot.html)"
23.100.232.233 - - [26/Apr/2022:19:36:24 +0200] "GET /games-and-toys/soft-toys-security-blanket/barbapapa-family-soft-toy-box-p-25786.html HTTP/1.0" 301 679 "-" "Mozilla/5.0 (compatible; MSIE 9.0; Windows NT 6.0; Trident/5.0;  Trident/5.0)"
23.100.232.233 - - [26/Apr/2022:19:36:24 +0200] "GET /games-and-toys/soft-toys-security-blanket/barbapapa-family-soft-toy-box-p-25786.html HTTP/1.0" 301 70875 "-" "Mozilla/5.0 (compatible; MSIE 9.0; Windows NT 6.0; Trident/5.0;  Trident/5.0)"
23.100.232.233 - - [26/Apr/2022:19:36:26 +0200] "GET /-p-25786.html HTTP/1.0" 200 70808 "-" "Mozilla/5.0 (compatible; MSIE 9.0; Windows NT 6.0; Trident/5.0;  Trident/5.0)"
23.100.232.233 - - [26/Apr/2022:19:36:28 +0200] "GET /highslide/highslide.js HTTP/1.0" 200 262 "http://www.wonder-geek.com/-p-25786.html" "Mozilla/5.0 (compatible; MSIE 9.0; Windows NT 6.0; Trident/5.0;  Trident/5.0)"
23.100.232.233 - - [26/Apr/2022:19:36:28 +0200] "GET /templates/Pixame_v1/stylesheet.css HTTP/1.0" 200 267 "http://www.wonder-geek.com/-p-25786.html" "Mozilla/5.0 (compatible; MSIE 9.0; Windows NT 6.0; Trident/5.0;  Trident/5.0)"
23.100.232.233 - - [26/Apr/2022:19:36:28 +0200] "GET /js/jquery.js HTTP/1.0" 200 252 "http://www.wonder-geek.com/-p-25786.html" "Mozilla/5.0 (compatible; MSIE 9.0; Windows NT 6.0; Trident/5.0;  Trident/5.0)"
23.100.232.233 - - [26/Apr/2022:19:36:28 +0200] "GET /js/jquery.jqzoom.js HTTP/1.0" 200 259 "http://www.wonder-geek.com/-p-25786.html" "Mozilla/5.0 (compatible; MSIE 9.0; Windows NT 6.0; Trident/5.0;  Trident/5.0)"
23.100.232.233 - - [26/Apr/2022:19:36:28 +0200] "GET /swfobject.js HTTP/1.0" 404 1308 "http://www.wonder-geek.com/-p-25786.html" "Mozilla/5.0 (compatible; MSIE 9.0; Windows NT 6.0; Trident/5.0;  Trident/5.0)"
23.100.232.233 - - [26/Apr/2022:19:36:28 +0200] "GET /mondial_relay/js/jquery-1.3.2.min.js HTTP/1.0" 200 276 "http://www.wonder-geek.com/-p-25786.html" "Mozilla/5.0 (compatible; MSIE 9.0; Windows NT 6.0; Trident/5.0;  Trident/5.0)"
23.100.232.233 - - [26/Apr/2022:19:36:28 +0200] "GET /style.ie7.css HTTP/1.0" 404 1308 "http://www.wonder-geek.com/-p-25786.html" "Mozilla/5.0 (compatible; MSIE 9.0; Windows NT 6.0; Trident/5.0;  Trident/5.0)"
23.100.232.233 - - [26/Apr/2022:19:36:29 +0200] "GET /templates/Pixame_v1/images/flash.swf HTTP/1.0" 200 290 "http://www.wonder-geek.com/-p-25786.html" "Mozilla/5.0 (compatible; MSIE 9.0; Windows NT 6.0; Trident/5.0;  Trident/5.0)"
23.100.232.233 - - [26/Apr/2022:19:36:29 +0200] "GET /highslide/graphics/zoomout.cur HTTP/1.0" 200 614 "http://www.wonder-geek.com/-p-25786.html" "Mozilla/5.0 (compatible; MSIE 9.0; Windows NT 6.0; Trident/5.0;  Trident/5.0)"
54.36.148.243 - - [26/Apr/2022:19:36:45 +0200] "GET /home-decoration-c-13.html?page=136 HTTP/1.0" 200 92963 "-" "Mozilla/5.0 (compatible; AhrefsBot/7.0; +http://ahrefs.com/robot/)"
66.249.66.210 - - [26/Apr/2022:19:36:48 +0200] "GET /fragrances-ambiance-c-231.html HTTP/1.0" 200 92956 "-" "Mozilla/5.0 (Linux; Android 6.0.1; Nexus 5X Build/MMB29P) AppleWebKit/537.36 (KHTML, like Gecko) Chrome/100.0.4896.127 Mobile Safari/537.36 (compatible; Googlebot/2.1; +http://www.google.com/bot.html)"
66.249.66.210 - - [26/Apr/2022:19:36:50 +0200] "GET /images/mini_prod/3665269200683D.jpg HTTP/1.0" 200 270 "-" "Googlebot-Image/1.0"
185.191.171.3 - - [26/Apr/2022:19:36:58 +0200] "GET /winnie-the-pooh-set-of-hair-ornements-p-13565.html HTTP/1.0" 301 73694 "-" "Mozilla/5.0 (compatible; SemrushBot/7~bl; +http://www.semrush.com/bot.html)"
185.191.171.36 - - [26/Apr/2022:19:37:02 +0200] "GET /winnie-pooh-hair-ornements-p-13565.html HTTP/1.0" 200 73601 "-" "Mozilla/5.0 (compatible; SemrushBot/7~bl; +http://www.semrush.com/bot.html)"
185.191.171.15 - - [26/Apr/2022:19:37:05 +0200] "GET /brown-polyester-round-chair-cushion-p-47395.html HTTP/1.0" 301 70875 "-" "Mozilla/5.0 (compatible; SemrushBot/7~bl; +http://www.semrush.com/bot.html)"
185.191.171.4 - - [26/Apr/2022:19:37:09 +0200] "GET /-p-47395.html HTTP/1.0" 200 70808 "-" "Mozilla/5.0 (compatible; SemrushBot/7~bl; +http://www.semrush.com/bot.html)"
66.249.66.212 - - [26/Apr/2022:19:37:36 +0200] "GET /gorjuss-chronicles-satchel-the-hatter-p-38226.html HTTP/1.0" 301 71082 "-" "Mozilla/5.0 (Linux; Android 6.0.1; Nexus 5X Build/MMB29P) AppleWebKit/537.36 (KHTML, like Gecko) Chrome/100.0.4896.127 Mobile Safari/537.36 (compatible; Googlebot/2.1; +http://www.google.com/bot.html)"
66.249.66.210 - - [26/Apr/2022:19:37:38 +0200] "GET /gorjuss-chronicles-satchel-hatter-p-38226.html HTTP/1.0" 200 70982 "-" "Mozilla/5.0 (Linux; Android 6.0.1; Nexus 5X Build/MMB29P) AppleWebKit/537.36 (KHTML, like Gecko) Chrome/100.0.4896.127 Mobile Safari/537.36 (compatible; Googlebot/2.1; +http://www.google.com/bot.html)"
47.254.91.80 - - [26/Apr/2022:19:38:01 +0200] "GET /images/mini_prod/3609810076020.jpg HTTP/1.0" 200 269 "-" "Mozilla/5.0 (X11; Ubuntu; Linux x86_64; rv:72.0) Gecko/20100101 Firefox/72.0"
54.36.148.243 - - [26/Apr/2022:19:38:01 +0200] "GET /incense-c-231_226.html?page=4 HTTP/1.0" 200 92212 "-" "Mozilla/5.0 (compatible; AhrefsBot/7.0; +http://ahrefs.com/robot/)"
157.90.128.183 - - [26/Apr/2022:19:38:11 +0200] "GET /images/mini_prod/1399984280591.jpg HTTP/1.0" 200 269 "-" "Mozilla/5.0 (X11; Ubuntu; Linux x86_64; rv:72.0) Gecko/20100101 Firefox/72.0"
40.64.89.74 - - [26/Apr/2022:19:38:19 +0200] "GET /images/mini_prod/1384010183571BB.jpg HTTP/1.0" 200 271 "-" "Mozilla/5.0 (Windows NT 6.1; WOW64) AppleWebKit/537.36 (KHTML, like Gecko) Chrome/45.0.2454.101 Safari/537.36"
66.249.66.210 - - [26/Apr/2022:19:38:24 +0200] "GET /bulldog-money-p-52598.html HTTP/1.0" 200 73976 "-" "Mozilla/5.0 (Linux; Android 6.0.1; Nexus 5X Build/MMB29P) AppleWebKit/537.36 (KHTML, like Gecko) Chrome/100.0.4896.127 Mobile Safari/537.36 (compatible; Googlebot/2.1; +http://www.google.com/bot.html)"
185.191.171.23 - - [26/Apr/2022:19:38:45 +0200] "GET /corsica-p-44541.html?action=add_product HTTP/1.0" 302 476 "-" "Mozilla/5.0 (compatible; SemrushBot/7~bl; +http://www.semrush.com/bot.html)"
66.249.66.214 - - [26/Apr/2022:19:39:13 +0200] "GET /rugby-player-zippo-lighter-p-45295.html HTTP/1.0" 200 70902 "-" "Mozilla/5.0 (Linux; Android 6.0.1; Nexus 5X Build/MMB29P) AppleWebKit/537.36 (KHTML, like Gecko) Chrome/100.0.4896.127 Mobile Safari/537.36 (compatible; Googlebot/2.1; +http://www.google.com/bot.html)"
54.36.148.243 - - [26/Apr/2022:19:39:17 +0200] "GET /scented-candle-made-france-lavender-p-57034.html HTTP/1.0" 200 75035 "-" "Mozilla/5.0 (compatible; AhrefsBot/7.0; +http://ahrefs.com/robot/)"
185.191.171.1 - - [26/Apr/2022:19:39:20 +0200] "GET /cement-tile-stickers-p-50331.html?action=add_product HTTP/1.0" 302 476 "-" "Mozilla/5.0 (compatible; SemrushBot/7~bl; +http://www.semrush.com/bot.html)"
207.46.13.182 - - [26/Apr/2022:19:39:42 +0200] "GET /-p-38084.html HTTP/1.0" 200 70808 "-" "Mozilla/5.0 (compatible; bingbot/2.0; +http://www.bing.com/bingbot.htm)"
185.191.171.35 - - [26/Apr/2022:19:39:47 +0200] "GET /apple-resin-gold-patina-p-44692.html HTTP/1.0" 200 73553 "-" "Mozilla/5.0 (compatible; SemrushBot/7~bl; +http://www.semrush.com/bot.html)"
66.249.66.210 - - [26/Apr/2022:19:40:01 +0200] "GET /floor-cushions-c-11_182.html HTTP/1.0" 200 91671 "-" "Mozilla/5.0 (Linux; Android 6.0.1; Nexus 5X Build/MMB29P) AppleWebKit/537.36 (KHTML, like Gecko) Chrome/100.0.4896.127 Mobile Safari/537.36 (compatible; Googlebot/2.1; +http://www.google.com/bot.html)"
185.191.171.45 - - [26/Apr/2022:19:40:10 +0200] "GET /-p-48280.html?action=add_product HTTP/1.0" 302 476 "-" "Mozilla/5.0 (compatible; SemrushBot/7~bl; +http://www.semrush.com/bot.html)"
95.217.195.123 - - [26/Apr/2022:19:40:22 +0200] "GET /robots.txt HTTP/1.0" 200 245 "-" "Mozilla/5.0 (compatible; MJ12bot/v1.4.8; http://mj12bot.com/)"
95.217.195.123 - - [26/Apr/2022:19:40:24 +0200] "GET /artisan-plaster-thermometer-handcrafted-p-58026.html HTTP/1.0" 200 74678 "-" "Mozilla/5.0 (compatible; MJ12bot/v1.4.8; http://mj12bot.com/)"
52.188.165.190 - - [26/Apr/2022:19:40:26 +0200] "GET /home-decoration-c-13.html HTTP/1.0" 200 92710 "-" "Mozilla/5.0 (Windows NT 10.0; Win64; x64) AppleWebKit/537.36 (KHTML, like Gecko) Chrome/86.0.4240.75 Safari/537.36"
52.188.165.190 - - [26/Apr/2022:19:40:26 +0200] "GET /flatwares-c-12_63.html HTTP/1.0" 200 89963 "-" "Mozilla/5.0 (Windows NT 10.0; Win64; x64) AppleWebKit/537.36 (KHTML, like Gecko) Chrome/86.0.4240.75 Safari/537.36"
77.88.5.208 - - [26/Apr/2022:19:40:30 +0200] "GET /plush-keeleco-friendly-sheep-p-55367.html HTTP/1.0" 200 74348 "-" "Mozilla/5.0 (compatible; YandexBot/3.0; +http://yandex.com/bots)"
66.249.66.210 - - [26/Apr/2022:19:40:35 +0200] "GET /js/jquery.masonry.min.js HTTP/1.0" 200 264 "http://www.wonder-geek.com/floor-cushions-c-11_182.html" "Mozilla/5.0 (Linux; Android 6.0.1; Nexus 5X Build/MMB29P) AppleWebKit/537.36 (KHTML, like Gecko) Chrome/100.0.4896.127 Mobile Safari/537.36 (compatible; Googlebot/2.1; +http://www.google.com/bot.html)"
95.217.195.123 - - [26/Apr/2022:19:40:37 +0200] "GET /collectible-statuette-jacky-zegers-p-58033.html HTTP/1.0" 200 75670 "-" "Mozilla/5.0 (compatible; MJ12bot/v1.4.8; http://mj12bot.com/)"
54.36.148.243 - - [26/Apr/2022:19:40:40 +0200] "GET /ceramic-salt-with-spoon-paludier-p-50629.html HTTP/1.0" 200 73514 "-" "Mozilla/5.0 (compatible; AhrefsBot/7.0; +http://ahrefs.com/robot/)"
95.217.195.123 - - [26/Apr/2022:19:40:46 +0200] "GET /light-bulb-loop-p-58052.html HTTP/1.0" 200 74052 "-" "Mozilla/5.0 (compatible; MJ12bot/v1.4.8; http://mj12bot.com/)"
66.249.66.210 - - [26/Apr/2022:19:40:49 +0200] "GET /cogsworth-figure-collection-romero-britto-p-57481.html HTTP/1.0" 200 74713 "-" "Mozilla/5.0 (Linux; Android 6.0.1; Nexus 5X Build/MMB29P) AppleWebKit/537.36 (KHTML, like Gecko) Chrome/100.0.4896.127 Mobile Safari/537.36 (compatible; Googlebot/2.1; +http://www.google.com/bot.html)"
95.217.195.123 - - [26/Apr/2022:19:40:56 +0200] "GET /plaster-clock-handmade-provence-blue-amphora-p-58044.html HTTP/1.0" 200 74613 "-" "Mozilla/5.0 (compatible; MJ12bot/v1.4.8; http://mj12bot.com/)"
95.217.195.123 - - [26/Apr/2022:19:41:08 +0200] "GET /plaster-clock-handmade-provence-p-58043.html HTTP/1.0" 200 74437 "-" "Mozilla/5.0 (compatible; MJ12bot/v1.4.8; http://mj12bot.com/)"
185.191.171.11 - - [26/Apr/2022:19:41:13 +0200] "GET /melt-winter-wonderland-p-51054.html?action=add_product HTTP/1.0" 302 476 "-" "Mozilla/5.0 (compatible; SemrushBot/7~bl; +http://www.semrush.com/bot.html)"
157.55.39.172 - - [26/Apr/2022:19:41:28 +0200] "GET /-p-32178.html HTTP/1.0" 200 70808 "-" "Mozilla/5.0 (compatible; bingbot/2.0; +http://www.bing.com/bingbot.htm)"
66.249.66.210 - - [26/Apr/2022:19:41:37 +0200] "GET /wise-wings-owl-keychain-p-51821.html HTTP/1.0" 301 74427 "-" "Mozilla/5.0 (Linux; Android 6.0.1; Nexus 5X Build/MMB29P) AppleWebKit/537.36 (KHTML, like Gecko) Chrome/100.0.4896.127 Mobile Safari/537.36 (compatible; Googlebot/2.1; +http://www.google.com/bot.html)"
66.249.66.212 - - [26/Apr/2022:19:41:39 +0200] "GET /wise-wings-keychain-p-51821.html HTTP/1.0" 200 74341 "-" "Mozilla/5.0 (Linux; Android 6.0.1; Nexus 5X Build/MMB29P) AppleWebKit/537.36 (KHTML, like Gecko) Chrome/100.0.4896.127 Mobile Safari/537.36 (compatible; Googlebot/2.1; +http://www.google.com/bot.html)"
40.64.89.71 - - [26/Apr/2022:19:41:57 +0200] "GET /images/mini_prod/8422038285518.jpg HTTP/1.0" 200 269 "-" "Mozilla/5.0 (Macintosh; U; PPC Mac OS X 10.5; en-US; rv:1.9.2.15) Gecko/20110303 Firefox/3.6.15"
54.36.148.243 - - [26/Apr/2022:19:42:05 +0200] "GET /paris-saint-germain-beer-glass-p-33910.html HTTP/1.0" 200 73504 "-" "Mozilla/5.0 (compatible; AhrefsBot/7.0; +http://ahrefs.com/robot/)"
66.249.66.210 - - [26/Apr/2022:19:42:07 +0200] "GET /paper-fiber-chandelier-p-57544.html HTTP/1.0" 200 74764 "-" "Mozilla/5.0 (Linux; Android 6.0.1; Nexus 5X Build/MMB29P) AppleWebKit/537.36 (KHTML, like Gecko) Chrome/100.0.4896.127 Mobile Safari/537.36 (compatible; Googlebot/2.1; +http://www.google.com/bot.html)"
66.249.66.212 - - [26/Apr/2022:19:42:09 +0200] "GET /lady-tremaine-anastasia-drizella-figurine-p-53513.html HTTP/1.0" 200 74188 "-" "Mozilla/5.0 (Linux; Android 6.0.1; Nexus 5X Build/MMB29P) AppleWebKit/537.36 (KHTML, like Gecko) Chrome/100.0.4896.127 Mobile Safari/537.36 (compatible; Googlebot/2.1; +http://www.google.com/bot.html)"
66.249.66.212 - - [26/Apr/2022:19:42:10 +0200] "GET /black-paris-mini-melamine-tray-p-55861.html HTTP/1.0" 200 73616 "-" "Mozilla/5.0 (compatible; Googlebot/2.1; +http://www.google.com/bot.html)"
66.249.66.210 - - [26/Apr/2022:19:42:25 +0200] "GET /minions-poster-p-30941.html HTTP/1.0" 200 70854 "-" "Mozilla/5.0 (Linux; Android 6.0.1; Nexus 5X Build/MMB29P) AppleWebKit/537.36 (KHTML, like Gecko) Chrome/100.0.4896.127 Mobile Safari/537.36 (compatible; Googlebot/2.1; +http://www.google.com/bot.html)"
185.191.171.4 - - [26/Apr/2022:19:42:34 +0200] "GET /chutje-wall-sticker-p-48980.html?action=add_product HTTP/1.0" 302 476 "-" "Mozilla/5.0 (compatible; SemrushBot/7~bl; +http://www.semrush.com/bot.html)"
185.191.171.14 - - [26/Apr/2022:19:42:55 +0200] "GET /jar-candle-30-hours-simply-spa-p-33052.html HTTP/1.0" 301 71019 "-" "Mozilla/5.0 (compatible; SemrushBot/7~bl; +http://www.semrush.com/bot.html)"
185.191.171.11 - - [26/Apr/2022:19:42:59 +0200] "GET /candle-hours-simply-p-33052.html HTTP/1.0" 200 70933 "-" "Mozilla/5.0 (compatible; SemrushBot/7~bl; +http://www.semrush.com/bot.html)"
157.55.39.111 - - [26/Apr/2022:19:43:02 +0200] "GET /-p-33419.html HTTP/1.0" 200 70808 "-" "Mozilla/5.0 (compatible; bingbot/2.0; +http://www.bing.com/bingbot.htm)"
40.64.89.71 - - [26/Apr/2022:19:43:08 +0200] "GET /images/mini_prod/1300000022439.jpg HTTP/1.0" 200 269 "-" "Mozilla/5.0 (Windows NT 10.0; WOW64) AppleWebKit/537.36 (KHTML, like Gecko) Chrome/68.0.3440.106 Safari/537.36"
66.249.66.214 - - [26/Apr/2022:19:43:13 +0200] "GET /frozen-jewelry-box-p-50883.html HTTP/1.0" 301 74678 "-" "Mozilla/5.0 (Linux; Android 6.0.1; Nexus 5X Build/MMB29P) AppleWebKit/537.36 (KHTML, like Gecko) Chrome/100.0.4896.127 Mobile Safari/537.36 (compatible; Googlebot/2.1; +http://www.google.com/bot.html)"
66.249.66.210 - - [26/Apr/2022:19:43:15 +0200] "GET /frozen-jewelry-p-50883.html HTTP/1.0" 200 74597 "-" "Mozilla/5.0 (Linux; Android 6.0.1; Nexus 5X Build/MMB29P) AppleWebKit/537.36 (KHTML, like Gecko) Chrome/100.0.4896.127 Mobile Safari/537.36 (compatible; Googlebot/2.1; +http://www.google.com/bot.html)"
54.36.148.243 - - [26/Apr/2022:19:43:24 +0200] "GET /natural-floor-carpet-p-53236.html HTTP/1.0" 200 73646 "-" "Mozilla/5.0 (compatible; AhrefsBot/7.0; +http://ahrefs.com/robot/)"
77.88.5.208 - - [26/Apr/2022:19:43:31 +0200] "GET /paris-small-snow-globe-p-39571.html HTTP/1.0" 200 73517 "-" "Mozilla/5.0 (compatible; YandexBot/3.0; +http://yandex.com/bots)"
51.68.224.127 - - [26/Apr/2022:19:43:51 +0200] "GET /adminweb/export_orders_xml.php?token=256de2z6edz6ed2z6DFSFsed2zed6zeDSFDSGdzedezfzf&maxorders=10&orderstart=1&status=14&start_date=2018-10-01 HTTP/1.0" 200 285 "-" "GesCom CharlotteBoutik Serveur"
51.68.224.127 - - [26/Apr/2022:19:43:51 +0200] "GET /adminweb/export_orders_xml.php?token=256de2z6edz6ed2z6DFSFsed2zed6zeDSFDSGdzedezfzf&maxorders=10&orderstart=1&status=6&start_date=2018-10-01 HTTP/1.0" 200 32798 "-" "GesCom CharlotteBoutik Serveur"
185.191.171.25 - - [26/Apr/2022:19:43:56 +0200] "GET /fantastic-marvel-p-26012.html?action=add_product HTTP/1.0" 302 476 "-" "Mozilla/5.0 (compatible; SemrushBot/7~bl; +http://www.semrush.com/bot.html)"
185.191.171.22 - - [26/Apr/2022:19:43:59 +0200] "GET /bowl-black-ceramic-wine-p-45681.html?action=add_product HTTP/1.0" 302 476 "-" "Mozilla/5.0 (compatible; SemrushBot/7~bl; +http://www.semrush.com/bot.html)"
66.249.66.210 - - [26/Apr/2022:19:44:01 +0200] "GET /underclothes-c-1_25.html HTTP/1.0" 200 69734 "-" "Mozilla/5.0 (Linux; Android 6.0.1; Nexus 5X Build/MMB29P) AppleWebKit/537.36 (KHTML, like Gecko) Chrome/100.0.4896.127 Mobile Safari/537.36 (compatible; Googlebot/2.1; +http://www.google.com/bot.html)"
157.55.39.105 - - [26/Apr/2022:19:44:13 +0200] "GET /-p-35281.html HTTP/1.0" 200 70808 "-" "Mozilla/5.0 (compatible; bingbot/2.0; +http://www.bing.com/bingbot.htm)"
20.72.199.117 - - [26/Apr/2022:19:44:18 +0200] "GET /images/mini_prod/4029811344765.jpg HTTP/1.0" 200 269 "-" "Mozilla/4.0 (compatible; MSIE 7.0; Windows NT 6.0)"
185.218.108.72 - - [26/Apr/2022:19:44:41 +0200] "GET /contact_us.php HTTP/1.0" 301 539 "http://wonder-geek.com/contact_us.php" "Mozilla/5.0 (Windows NT 10.0; WOW64) AppleWebKit/537.36 (KHTML, like Gecko) Chrome/90.0.4430.93 Safari/537.36"
185.191.171.3 - - [26/Apr/2022:19:44:41 +0200] "GET /nici-snow-rabbit-lying-plush-p-33402.html?action=add_product HTTP/1.0" 302 476 "-" "Mozilla/5.0 (compatible; SemrushBot/7~bl; +http://www.semrush.com/bot.html)"
185.218.108.72 - - [26/Apr/2022:19:44:42 +0200] "GET /contact_us.php HTTP/1.0" 200 26241 "http://www.wonder-geek.com/contact_us.php" "Mozilla/5.0 (Windows NT 10.0; WOW64) AppleWebKit/537.36 (KHTML, like Gecko) Chrome/90.0.4430.93 Safari/537.36"
185.191.171.20 - - [26/Apr/2022:19:44:43 +0200] "GET /harmony-cotton-bedspread-granite-p-48143.html?action=add_product HTTP/1.0" 302 476 "-" "Mozilla/5.0 (compatible; SemrushBot/7~bl; +http://www.semrush.com/bot.html)"
20.72.199.130 - - [26/Apr/2022:19:44:46 +0200] "GET /images/mini_prod/5425023084267.jpg HTTP/1.0" 200 269 "-" "Mozilla/5.0 (Windows NT 10.0; WOW64) AppleWebKit/537.36 (KHTML, like Gecko) Chrome/68.0.3440.106 Safari/537.36"
54.36.148.243 - - [26/Apr/2022:19:44:46 +0200] "GET /specials.php?page=27 HTTP/1.0" 200 124539 "-" "Mozilla/5.0 (compatible; AhrefsBot/7.0; +http://ahrefs.com/robot/)"
66.249.66.210 - - [26/Apr/2022:19:44:49 +0200] "GET /socks-c-2_142.html HTTP/1.0" 200 80514 "-" "Mozilla/5.0 (Linux; Android 6.0.1; Nexus 5X Build/MMB29P) AppleWebKit/537.36 (KHTML, like Gecko) Chrome/100.0.4896.127 Mobile Safari/537.36 (compatible; Googlebot/2.1; +http://www.google.com/bot.html)"
40.64.89.58 - - [26/Apr/2022:19:44:54 +0200] "GET /images/mini_prod/3574642579790.jpg HTTP/1.0" 200 269 "-" "Mozilla/5.0 (Macintosh; U; PPC Mac OS X 10.5; en-US; rv:1.9.2.15) Gecko/20110303 Firefox/3.6.15"
185.191.171.20 - - [26/Apr/2022:19:44:57 +0200] "GET /mini-metal-tray-banania-p-33322.html HTTP/1.0" 200 70890 "-" "Mozilla/5.0 (compatible; SemrushBot/7~bl; +http://www.semrush.com/bot.html)"
185.191.171.22 - - [26/Apr/2022:19:45:00 +0200] "GET /fatima-hand-on-base-36-cm-p-46726.html HTTP/1.0" 301 70963 "-" "Mozilla/5.0 (compatible; SemrushBot/7~bl; +http://www.semrush.com/bot.html)"
185.191.171.17 - - [26/Apr/2022:19:45:04 +0200] "GET /fatima-hand-base-p-46726.html HTTP/1.0" 200 70880 "-" "Mozilla/5.0 (compatible; SemrushBot/7~bl; +http://www.semrush.com/bot.html)"
40.64.89.61 - - [26/Apr/2022:19:45:08 +0200] "GET /images/mini_prod/424GJ18.jpg HTTP/1.0" 200 263 "-" "Mozilla/5.0 (X11; Linux x86_64) AppleWebKit/537.36 (KHTML, like Gecko) Chrome/62.0.3202.62 Safari/537.36"
185.191.171.25 - - [26/Apr/2022:19:45:21 +0200] "GET /lamp-bonhomme-black-p-47505.html HTTP/1.0" 200 70874 "-" "Mozilla/5.0 (compatible; SemrushBot/7~bl; +http://www.semrush.com/bot.html)"
66.249.66.212 - - [26/Apr/2022:19:45:37 +0200] "GET /round-chair-cushion-reversible-ecru-linen-p-54649.html HTTP/1.0" 200 74519 "-" "Mozilla/5.0 (Linux; Android 6.0.1; Nexus 5X Build/MMB29P) AppleWebKit/537.36 (KHTML, like Gecko) Chrome/100.0.4896.127 Mobile Safari/537.36 (compatible; Googlebot/2.1; +http://www.google.com/bot.html)"
40.91.75.132 - - [26/Apr/2022:19:45:40 +0200] "GET /images/mini_prod/3660173200040.jpg HTTP/1.0" 200 269 "-" "Mozilla/4.0 (compatible; MSIE 7.0; Windows NT 6.0)"
40.91.79.117 - - [26/Apr/2022:19:45:59 +0200] "GET /images/mini_prod/3560600256971.jpg HTTP/1.0" 200 269 "-" "Mozilla/4.0 (compatible; MSIE 7.0; Windows NT 6.0)"
185.191.171.20 - - [26/Apr/2022:19:45:58 +0200] "GET /ethnic-decorative-tray-20-cm-p-44756.html HTTP/1.0" 301 73634 "-" "Mozilla/5.0 (compatible; SemrushBot/7~bl; +http://www.semrush.com/bot.html)"
185.191.171.35 - - [26/Apr/2022:19:46:02 +0200] "GET /ethnic-decorative-tray-p-44756.html HTTP/1.0" 200 73545 "-" "Mozilla/5.0 (compatible; SemrushBot/7~bl; +http://www.semrush.com/bot.html)"
185.191.171.2 - - [26/Apr/2022:19:46:06 +0200] "GET /wine-purse-michelle-allen-p-53360.html HTTP/1.0" 200 73555 "-" "Mozilla/5.0 (compatible; SemrushBot/7~bl; +http://www.semrush.com/bot.html)"
40.91.113.104 - - [26/Apr/2022:19:46:10 +0200] "GET /images/mini_prod/8435333830635.jpg HTTP/1.0" 200 269 "-" "Mozilla/5.0 (Macintosh; U; PPC Mac OS X 10.5; en-US; rv:1.9.2.15) Gecko/20110303 Firefox/3.6.15"
20.72.199.130 - - [26/Apr/2022:19:46:11 +0200] "GET /images/mini_prod/3520071373270.jpg HTTP/1.0" 200 269 "-" "Mozilla/5.0 (Windows NT 10.0; ) Gecko/20100101 Firefox/61.0"
185.218.108.72 - - [26/Apr/2022:19:46:15 +0200] "GET /login.php HTTP/1.0" 200 17155 "http://www.wonder-geek.com/login.php" "Mozilla/5.0 (Windows NT 10.0; WOW64) AppleWebKit/537.36 (KHTML, like Gecko) Chrome/90.0.4430.93 Safari/537.36"
185.218.108.72 - - [26/Apr/2022:19:46:16 +0200] "POST /login.php?action=process HTTP/1.0" 200 17657 "http://www.wonder-geek.com/login.php" "Mozilla/5.0 (Windows NT 10.0; WOW64) AppleWebKit/537.36 (KHTML, like Gecko) Chrome/90.0.4430.93 Safari/537.36"
185.218.108.72 - - [26/Apr/2022:19:46:16 +0200] "GET /contact_us.php HTTP/1.0" 301 539 "http://wonder-geek.com/contact_us.php" "Mozilla/5.0 (Windows NT 10.0; WOW64) AppleWebKit/537.36 (KHTML, like Gecko) Chrome/90.0.4430.93 Safari/537.36"
185.218.108.72 - - [26/Apr/2022:19:46:16 +0200] "GET /index.php HTTP/1.0" 200 151732 "http://www.wonder-geek.com/index.php" "Mozilla/5.0 (Windows NT 10.0; WOW64) AppleWebKit/537.36 (KHTML, like Gecko) Chrome/90.0.4430.93 Safari/537.36"
54.36.148.243 - - [26/Apr/2022:19:46:18 +0200] "GET /specials.php?page=29 HTTP/1.0" 200 124386 "-" "Mozilla/5.0 (compatible; AhrefsBot/7.0; +http://ahrefs.com/robot/)"
185.218.108.72 - - [26/Apr/2022:19:46:20 +0200] "GET /trivet-boards-c-12_158.html HTTP/1.0" 200 94665 "http://www.wonder-geek.com/trivet-boards-c-12_158.html" "Mozilla/5.0 (Windows NT 10.0; WOW64) AppleWebKit/537.36 (KHTML, like Gecko) Chrome/90.0.4430.93 Safari/537.36"
185.218.108.72 - - [26/Apr/2022:19:46:22 +0200] "GET /cardboard-boxes-storage-c-13_150_216.html HTTP/1.0" 200 78248 "http://www.wonder-geek.com/cardboard-boxes-storage-c-13_150_216.html" "Mozilla/5.0 (Windows NT 10.0; WOW64) AppleWebKit/537.36 (KHTML, like Gecko) Chrome/90.0.4430.93 Safari/537.36"
185.218.108.72 - - [26/Apr/2022:19:46:24 +0200] "GET /cushion-headboard-c-11_173.html HTTP/1.0" 200 88359 "http://www.wonder-geek.com/cushion-headboard-c-11_173.html" "Mozilla/5.0 (Windows NT 10.0; WOW64) AppleWebKit/537.36 (KHTML, like Gecko) Chrome/90.0.4430.93 Safari/537.36"
66.249.66.210 - - [26/Apr/2022:19:46:25 +0200] "GET /figurine-caricature-polyrsine-biker-p-42885.html HTTP/1.0" 200 73789 "-" "Mozilla/5.0 (Linux; Android 6.0.1; Nexus 5X Build/MMB29P) AppleWebKit/537.36 (KHTML, like Gecko) Chrome/100.0.4896.127 Mobile Safari/537.36 (compatible; Googlebot/2.1; +http://www.google.com/bot.html)"
17.121.114.167 - - [26/Apr/2022:19:46:28 +0200] "GET /images/mini_prod/3612875124919.jpg HTTP/1.0" 200 269 "-" "Mozilla/5.0 (Macintosh; Intel Mac OS X 10_15_5) AppleWebKit/605.1.15 (KHTML, like Gecko) Version/13.1.1 Safari/605.1.15 (Applebot/0.1; +http://www.apple.com/go/applebot)"
185.218.108.72 - - [26/Apr/2022:19:46:32 +0200] "GET /contact_us.php HTTP/1.0" 200 26241 "http://www.wonder-geek.com/contact_us.php" "Mozilla/5.0 (Windows NT 10.0; WOW64) AppleWebKit/537.36 (KHTML, like Gecko) Chrome/90.0.4430.93 Safari/537.36"
185.191.171.17 - - [26/Apr/2022:19:46:48 +0200] "GET /barbabelle-francois-p-15686.html HTTP/1.0" 200 73634 "-" "Mozilla/5.0 (compatible; SemrushBot/7~bl; +http://www.semrush.com/bot.html)"
185.191.171.2 - - [26/Apr/2022:19:46:51 +0200] "GET /bagshandbags-shoulder-bags-c-31_81.html HTTP/1.0" 200 97132 "-" "Mozilla/5.0 (compatible; SemrushBot/7~bl; +http://www.semrush.com/bot.html)"
20.72.199.130 - - [26/Apr/2022:19:47:13 +0200] "GET /images/mini_prod/1300000081092.jpg HTTP/1.0" 200 269 "-" "Mozilla/5.0 (X11; Linux x86_64) AppleWebKit/537.36 (KHTML, like Gecko) Chrome/62.0.3202.62 Safari/537.36"
66.249.66.212 - - [26/Apr/2022:19:47:13 +0200] "GET /kimmidoll-yumika-keychains-p-17952.html HTTP/1.0" 200 70929 "-" "Mozilla/5.0 (compatible; Googlebot/2.1; +http://www.google.com/bot.html)"
185.191.171.37 - - [26/Apr/2022:19:47:31 +0200] "GET /glasses-case-c-31_164.html HTTP/1.0" 200 90916 "-" "Mozilla/5.0 (compatible; SemrushBot/7~bl; +http://www.semrush.com/bot.html)"
54.36.148.243 - - [26/Apr/2022:19:47:45 +0200] "GET /melt-french-vanilla-p-37442.html HTTP/1.0" 200 74036 "-" "Mozilla/5.0 (compatible; AhrefsBot/7.0; +http://ahrefs.com/robot/)"
54.36.148.245 - - [26/Apr/2022:19:47:56 +0200] "GET /ball-plush-kaloo-bliss-p-19234.html HTTP/1.0" 301 70875 "-" "Mozilla/5.0 (compatible; AhrefsBot/7.0; +http://ahrefs.com/robot/)"
66.249.66.210 - - [26/Apr/2022:19:48:02 +0200] "GET /figures-sonny-angel-birthday-gift-bear-series-complete-p-54725.html HTTP/1.0" 200 74782 "-" "Mozilla/5.0 (Linux; Android 6.0.1; Nexus 5X Build/MMB29P) AppleWebKit/537.36 (KHTML, like Gecko) Chrome/100.0.4896.127 Mobile Safari/537.36 (compatible; Googlebot/2.1; +http://www.google.com/bot.html)"
185.191.171.38 - - [26/Apr/2022:19:48:15 +0200] "GET /today-special-metal-plate-40-30-cm-p-29229.html HTTP/1.0" 301 73603 "-" "Mozilla/5.0 (compatible; SemrushBot/7~bl; +http://www.semrush.com/bot.html)"
185.191.171.5 - - [26/Apr/2022:19:48:18 +0200] "GET /today-special-metal-plate-p-29229.html HTTP/1.0" 200 73511 "-" "Mozilla/5.0 (compatible; SemrushBot/7~bl; +http://www.semrush.com/bot.html)"
40.64.89.33 - - [26/Apr/2022:19:48:25 +0200] "GET /images/mini_prod/1399984256367.jpg HTTP/1.0" 200 269 "-" "Mozilla/5.0 (Windows NT 10.0; WOW64) AppleWebKit/537.36 (KHTML, like Gecko) Chrome/67.0.3396.99 Safari/537.36"
185.191.171.23 - - [26/Apr/2022:19:48:41 +0200] "GET /mickey-pluto-patriotic-figurine-p-51456.html HTTP/1.0" 200 74751 "-" "Mozilla/5.0 (compatible; SemrushBot/7~bl; +http://www.semrush.com/bot.html)"
66.249.66.210 - - [26/Apr/2022:19:48:50 +0200] "GET /karma-panda-night-light-p-55383.html HTTP/1.0" 200 75149 "-" "Mozilla/5.0 (Linux; Android 6.0.1; Nexus 5X Build/MMB29P) AppleWebKit/537.36 (KHTML, like Gecko) Chrome/100.0.4896.127 Mobile Safari/537.36 (compatible; Googlebot/2.1; +http://www.google.com/bot.html)"
157.55.39.172 - - [26/Apr/2022:19:48:59 +0200] "GET /-p-34781.html HTTP/1.0" 200 70808 "-" "Mozilla/5.0 (compatible; bingbot/2.0; +http://www.bing.com/bingbot.htm)"
40.64.89.158 - - [26/Apr/2022:19:49:06 +0200] "GET /images/mini_prod/3457010954415.jpg HTTP/1.0" 200 269 "-" "Mozilla/4.0 (compatible; MSIE 7.0; Windows NT 6.0)"
54.36.148.243 - - [26/Apr/2022:19:49:07 +0200] "GET /chactus-potholder-p-54729.html HTTP/1.0" 200 73429 "-" "Mozilla/5.0 (compatible; AhrefsBot/7.0; +http://ahrefs.com/robot/)"
20.106.248.201 - - [26/Apr/2022:19:49:08 +0200] "GET /ashtrays-c-13_240.html HTTP/1.0" 200 92257 "-" "Mozilla/5.0 (Windows NT 10.0; Win64; x64) AppleWebKit/537.36 (KHTML, like Gecko) Chrome/86.0.4240.75 Safari/537.36"
185.191.171.15 - - [26/Apr/2022:19:49:13 +0200] "GET /shot-glass-olympique-marseille-p-51693.html?action=add_product HTTP/1.0" 302 476 "-" "Mozilla/5.0 (compatible; SemrushBot/7~bl; +http://www.semrush.com/bot.html)"
157.55.39.111 - - [26/Apr/2022:19:49:21 +0200] "GET /black-japanese-cast-iron-teapot-liters-p-57679.html HTTP/1.0" 301 74769 "-" "Mozilla/5.0 (compatible; bingbot/2.0; +http://www.bing.com/bingbot.htm)"
