66.249.66.212 - - [26/Apr/2022:09:24:30 +0200] "GET /candle-hours-strawberry-cream-p-38109.html HTTP/1.0" 200 74639 "-" "Mozilla/5.0 (Linux; Android 6.0.1; Nexus 5X Build/MMB29P) AppleWebKit/537.36 (KHTML, like Gecko) Chrome/100.0.4896.127 Mobile Safari/537.36 (compatible; Googlebot/2.1; +http://www.google.com/bot.html)"
185.191.171.38 - - [26/Apr/2022:09:24:35 +0200] "GET /-p-17485.html HTTP/1.0" 200 70808 "-" "Mozilla/5.0 (compatible; SemrushBot/7~bl; +http://www.semrush.com/bot.html)"
66.249.66.210 - - [26/Apr/2022:09:25:15 +0200] "GET /peppa-figure-peppa-p-32182.html HTTP/1.0" 200 70907 "-" "Mozilla/5.0 (Linux; Android 6.0.1; Nexus 5X Build/MMB29P) AppleWebKit/537.36 (KHTML, like Gecko) Chrome/100.0.4896.127 Mobile Safari/537.36 (compatible; Googlebot/2.1; +http://www.google.com/bot.html)"
185.191.171.21 - - [26/Apr/2022:09:25:21 +0200] "GET /skyline-new-york-memo-p-50667.html HTTP/1.0" 301 74282 "-" "Mozilla/5.0 (compatible; SemrushBot/7~bl; +http://www.semrush.com/bot.html)"
185.191.171.34 - - [26/Apr/2022:09:25:24 +0200] "GET /skyline-york-memo-p-50667.html HTTP/1.0" 200 74198 "-" "Mozilla/5.0 (compatible; SemrushBot/7~bl; +http://www.semrush.com/bot.html)"
185.191.171.8 - - [26/Apr/2022:09:25:27 +0200] "GET /lion-hoodies-p-33742.html?action=add_product HTTP/1.0" 302 476 "-" "Mozilla/5.0 (compatible; SemrushBot/7~bl; +http://www.semrush.com/bot.html)"
185.191.171.10 - - [26/Apr/2022:09:25:27 +0200] "GET /robots.txt HTTP/1.0" 200 245 "-" "Mozilla/5.0 (compatible; SemrushBot/7~bl; +http://www.semrush.com/bot.html)"
66.249.66.210 - - [26/Apr/2022:09:25:40 +0200] "GET /images/mini_prod/1399986106950.jpg HTTP/1.0" 200 269 "-" "Googlebot-Image/1.0"
66.249.66.210 - - [26/Apr/2022:09:26:01 +0200] "GET /fitted-sheet-cotton-percale-threads-p-51249.html HTTP/1.0" 200 74430 "-" "Mozilla/5.0 (Linux; Android 6.0.1; Nexus 5X Build/MMB29P) AppleWebKit/537.36 (KHTML, like Gecko) Chrome/100.0.4896.127 Mobile Safari/537.36 (compatible; Googlebot/2.1; +http://www.google.com/bot.html)"
95.108.213.73 - - [26/Apr/2022:09:26:14 +0200] "GET /robots.txt HTTP/1.0" 200 245 "-" "Mozilla/5.0 (compatible; YandexBot/3.0; +http://yandex.com/bots)"
54.36.149.54 - - [26/Apr/2022:09:26:15 +0200] "GET /happily-ever-after-cinderella-and-prince-figurine-p-39114.html HTTP/1.0" 301 70875 "-" "Mozilla/5.0 (compatible; AhrefsBot/7.0; +http://ahrefs.com/robot/)"
95.108.213.73 - - [26/Apr/2022:09:26:18 +0200] "GET /blue-wood-p-40637.html HTTP/1.0" 200 70850 "-" "Mozilla/5.0 (compatible; YandexBot/3.0; +http://yandex.com/bots)"
47.254.91.81 - - [26/Apr/2022:09:26:25 +0200] "GET /images/mini_prod/9316188080736.jpg HTTP/1.0" 200 269 "-" "Mozilla/5.0 (X11; Ubuntu; Linux x86_64; rv:72.0) Gecko/20100101 Firefox/72.0"
211.249.40.15 - - [26/Apr/2022:09:26:44 +0200] "GET /images/3521320608716.jpg HTTP/1.0" 200 259 "-" "Mozilla/5.0 (X11; Ubuntu; Linux x86_64; rv:72.0) Gecko/20100101 Firefox/72.0"
66.249.66.210 - - [26/Apr/2022:09:26:47 +0200] "GET /light-wood-table-lamp-scandinavian-spirit-p-55786.html HTTP/1.0" 200 74320 "-" "Mozilla/5.0 (Linux; Android 6.0.1; Nexus 5X Build/MMB29P) AppleWebKit/537.36 (KHTML, like Gecko) Chrome/100.0.4896.127 Mobile Safari/537.36 (compatible; Googlebot/2.1; +http://www.google.com/bot.html)"
185.191.171.9 - - [26/Apr/2022:09:27:25 +0200] "GET /clock-cbkreation-p-24412.html?action=add_product HTTP/1.0" 302 476 "-" "Mozilla/5.0 (compatible; SemrushBot/7~bl; +http://www.semrush.com/bot.html)"
66.249.66.210 - - [26/Apr/2022:09:27:33 +0200] "GET /relief-hanging-plate-place-bonheur-p-55674.html HTTP/1.0" 200 74326 "-" "Mozilla/5.0 (Linux; Android 6.0.1; Nexus 5X Build/MMB29P) AppleWebKit/537.36 (KHTML, like Gecko) Chrome/100.0.4896.127 Mobile Safari/537.36 (compatible; Googlebot/2.1; +http://www.google.com/bot.html)"
185.191.171.16 - - [26/Apr/2022:09:28:04 +0200] "GET /darling-bedclothes-220-240-cm-p-51592.html HTTP/1.0" 301 73574 "-" "Mozilla/5.0 (compatible; SemrushBot/7~bl; +http://www.semrush.com/bot.html)"
185.191.171.6 - - [26/Apr/2022:09:28:07 +0200] "GET /darling-bedclothes-p-51592.html HTTP/1.0" 200 73489 "-" "Mozilla/5.0 (compatible; SemrushBot/7~bl; +http://www.semrush.com/bot.html)"
185.191.171.13 - - [26/Apr/2022:09:28:12 +0200] "GET /love-and-peace-purple-shirt-p-30152.html HTTP/1.0" 301 75301 "-" "Mozilla/5.0 (compatible; SemrushBot/7~bl; +http://www.semrush.com/bot.html)"
185.191.171.34 - - [26/Apr/2022:09:28:15 +0200] "GET /love-peace-purple-shirt-p-30152.html HTTP/1.0" 200 75211 "-" "Mozilla/5.0 (compatible; SemrushBot/7~bl; +http://www.semrush.com/bot.html)"
66.249.66.214 - - [26/Apr/2022:09:28:19 +0200] "GET /jane-crowther-p-54771.html HTTP/1.0" 200 74221 "-" "Mozilla/5.0 (Linux; Android 6.0.1; Nexus 5X Build/MMB29P) AppleWebKit/537.36 (KHTML, like Gecko) Chrome/100.0.4896.127 Mobile Safari/537.36 (compatible; Googlebot/2.1; +http://www.google.com/bot.html)"
185.191.171.21 - - [26/Apr/2022:09:28:30 +0200] "GET /stationery-cardmaking-c-129.html?page=6 HTTP/1.0" 200 94779 "-" "Mozilla/5.0 (compatible; SemrushBot/7~bl; +http://www.semrush.com/bot.html)"
185.191.171.41 - - [26/Apr/2022:09:28:49 +0200] "GET /round-rattan-table-lamp-p-57489.html HTTP/1.0" 200 74540 "-" "Mozilla/5.0 (compatible; SemrushBot/7~bl; +http://www.semrush.com/bot.html)"
185.191.171.11 - - [26/Apr/2022:09:28:52 +0200] "GET /pet-rug-60-40-cm-felin-p-49539.html HTTP/1.0" 301 73363 "-" "Mozilla/5.0 (compatible; SemrushBot/7~bl; +http://www.semrush.com/bot.html)"
185.191.171.23 - - [26/Apr/2022:09:28:55 +0200] "GET /flin-p-49539.html HTTP/1.0" 200 73292 "-" "Mozilla/5.0 (compatible; SemrushBot/7~bl; +http://www.semrush.com/bot.html)"
66.249.66.214 - - [26/Apr/2022:09:29:05 +0200] "GET /motorcycle-tank-wall-decor-p-51445.html HTTP/1.0" 200 73530 "-" "Mozilla/5.0 (Linux; Android 6.0.1; Nexus 5X Build/MMB29P) AppleWebKit/537.36 (KHTML, like Gecko) Chrome/100.0.4896.127 Mobile Safari/537.36 (compatible; Googlebot/2.1; +http://www.google.com/bot.html)"
77.88.5.208 - - [26/Apr/2022:09:29:08 +0200] "GET /-p-16631.html HTTP/1.0" 200 70808 "-" "Mozilla/5.0 (compatible; YandexBot/3.0; +http://yandex.com/bots)"
51.68.224.127 - - [26/Apr/2022:09:29:28 +0200] "GET /adminweb/export_orders_xml.php?token=256de2z6edz6ed2z6DFSFsed2zed6zeDSFDSGdzedezfzf&maxorders=10&orderstart=1&status=14&start_date=2018-10-01 HTTP/1.0" 200 285 "-" "GesCom CharlotteBoutik Serveur"
51.68.224.127 - - [26/Apr/2022:09:29:28 +0200] "GET /adminweb/export_orders_xml.php?token=256de2z6edz6ed2z6DFSFsed2zed6zeDSFDSGdzedezfzf&maxorders=10&orderstart=1&status=6&start_date=2018-10-01 HTTP/1.0" 200 32798 "-" "GesCom CharlotteBoutik Serveur"
185.191.171.25 - - [26/Apr/2022:09:29:35 +0200] "GET /barnyard-ceramic-butter-dish-p-51418.html?action=add_product HTTP/1.0" 302 476 "-" "Mozilla/5.0 (compatible; SemrushBot/7~bl; +http://www.semrush.com/bot.html)"
54.36.148.29 - - [26/Apr/2022:09:29:48 +0200] "GET /united-states-of-america-cushion-p-36469.html HTTP/1.0" 301 70875 "-" "Mozilla/5.0 (compatible; AhrefsBot/7.0; +http://ahrefs.com/robot/)"
66.249.66.212 - - [26/Apr/2022:09:29:50 +0200] "GET /swiss-cbkreation-p-33769.html HTTP/1.0" 200 73424 "-" "Mozilla/5.0 (Linux; Android 6.0.1; Nexus 5X Build/MMB29P) AppleWebKit/537.36 (KHTML, like Gecko) Chrome/100.0.4896.127 Mobile Safari/537.36 (compatible; Googlebot/2.1; +http://www.google.com/bot.html)"
185.191.171.22 - - [26/Apr/2022:09:29:51 +0200] "GET /incense-satya-champa-sandalwood-grams-about-sticks-p-57762.html HTTP/1.0" 200 74775 "-" "Mozilla/5.0 (compatible; SemrushBot/7~bl; +http://www.semrush.com/bot.html)"
185.191.171.45 - - [26/Apr/2022:09:29:55 +0200] "GET /diner-oven-mitt-p-37765.html HTTP/1.0" 301 70875 "-" "Mozilla/5.0 (compatible; SemrushBot/7~bl; +http://www.semrush.com/bot.html)"
185.191.171.11 - - [26/Apr/2022:09:29:58 +0200] "GET /-p-37765.html HTTP/1.0" 200 70808 "-" "Mozilla/5.0 (compatible; SemrushBot/7~bl; +http://www.semrush.com/bot.html)"
20.64.196.243 - - [26/Apr/2022:09:30:08 +0200] "GET /images/mini_prod/MISES-EN-SITUATION-10.jpg HTTP/1.0" 200 277 "-" "Mozilla/5.0 (Windows NT 10.0; ) Gecko/20100101 Firefox/61.0"
211.249.40.15 - - [26/Apr/2022:09:30:34 +0200] "GET /images/mini_prod/3521320658117b.jpg HTTP/1.0" 200 270 "-" "Mozilla/5.0 (X11; Ubuntu; Linux x86_64; rv:72.0) Gecko/20100101 Firefox/72.0"
66.249.66.210 - - [26/Apr/2022:09:30:36 +0200] "GET /disney-collection-anna-polystone-bust-p-28257.html HTTP/1.0" 200 73666 "-" "Mozilla/5.0 (Linux; Android 6.0.1; Nexus 5X Build/MMB29P) AppleWebKit/537.36 (KHTML, like Gecko) Chrome/100.0.4896.127 Mobile Safari/537.36 (compatible; Googlebot/2.1; +http://www.google.com/bot.html)"
216.244.66.242 - - [26/Apr/2022:09:31:05 +0200] "GET /robots.txt HTTP/1.0" 200 245 "-" "Mozilla/5.0 (compatible; DotBot/1.2; +https://opensiteexplorer.org/dotbot; help@moz.com)"
20.64.196.243 - - [26/Apr/2022:09:31:11 +0200] "GET /images/mini_prod/3371010281282.jpg HTTP/1.0" 200 269 "-" "Mozilla/5.0 (Windows NT 10.0; WOW64) AppleWebKit/537.36 (KHTML, like Gecko) Chrome/68.0.3440.106 Safari/537.36"
185.191.171.23 - - [26/Apr/2022:09:31:17 +0200] "GET /quote-from-jean-louis-auguste-commerson-wall-sticker-p-39604.html?action=add_product HTTP/1.0" 302 476 "-" "Mozilla/5.0 (compatible; SemrushBot/7~bl; +http://www.semrush.com/bot.html)"
66.249.66.214 - - [26/Apr/2022:09:31:22 +0200] "GET /white-mustache-circle-coasters-cbkreation-p-16705.html HTTP/1.0" 200 73754 "-" "Mozilla/5.0 (Linux; Android 6.0.1; Nexus 5X Build/MMB29P) AppleWebKit/537.36 (KHTML, like Gecko) Chrome/100.0.4896.127 Mobile Safari/537.36 (compatible; Googlebot/2.1; +http://www.google.com/bot.html)"
147.92.153.5 - - [26/Apr/2022:09:31:08 +0200] "GET /chairs-cushion-c-11_165.html HTTP/1.0" 200 91548 "-" "Mozilla/5.0 (compatible; Linespider/1.1; +https://lin.ee/4dwXkTH)"
147.92.153.18 - - [26/Apr/2022:09:31:30 +0200] "GET /swfobject.js HTTP/1.0" 404 1308 "http://www.wonder-geek.com/chairs-cushion-c-11_165.html" "Mozilla/5.0 (X11; Linux x86_64) AppleWebKit/537.36 (KHTML, like Gecko) HeadlessChrome/96.0.4664.0 Safari/537.36"
185.191.171.40 - - [26/Apr/2022:09:31:51 +0200] "GET /beautiful-babushka-kimmidoll-p-33219.html HTTP/1.0" 200 73567 "-" "Mozilla/5.0 (compatible; SemrushBot/7~bl; +http://www.semrush.com/bot.html)"
54.36.148.47 - - [26/Apr/2022:09:31:56 +0200] "GET /owl-glitter-statue-135-cm-p-40197.html HTTP/1.0" 301 73596 "-" "Mozilla/5.0 (compatible; AhrefsBot/7.0; +http://ahrefs.com/robot/)"
185.191.171.26 - - [26/Apr/2022:09:32:07 +0200] "GET /resin-statue-little-monk-blue-dress-p-51505.html HTTP/1.0" 200 73616 "-" "Mozilla/5.0 (compatible; SemrushBot/7~bl; +http://www.semrush.com/bot.html)"
66.249.66.214 - - [26/Apr/2022:09:32:08 +0200] "GET /vintage-grey-metal-clock-40-cm-p-42196.html HTTP/1.0" 301 73706 "-" "Mozilla/5.0 (Linux; Android 6.0.1; Nexus 5X Build/MMB29P) AppleWebKit/537.36 (KHTML, like Gecko) Chrome/100.0.4896.127 Mobile Safari/537.36 (compatible; Googlebot/2.1; +http://www.google.com/bot.html)"
66.249.66.212 - - [26/Apr/2022:09:32:13 +0200] "GET /vintage-grey-metal-clock-p-42196.html HTTP/1.0" 200 73615 "-" "Mozilla/5.0 (Linux; Android 6.0.1; Nexus 5X Build/MMB29P) AppleWebKit/537.36 (KHTML, like Gecko) Chrome/100.0.4896.127 Mobile Safari/537.36 (compatible; Googlebot/2.1; +http://www.google.com/bot.html)"
185.191.171.14 - - [26/Apr/2022:09:32:25 +0200] "GET /harley-davidson-slim-lighter-p-37650.html HTTP/1.0" 200 73928 "-" "Mozilla/5.0 (compatible; SemrushBot/7~bl; +http://www.semrush.com/bot.html)"
66.249.66.210 - - [26/Apr/2022:09:32:54 +0200] "GET /small-tassen-porcelain-mood-bowls-made-germany-p-43293.html HTTP/1.0" 200 73777 "-" "Mozilla/5.0 (Linux; Android 6.0.1; Nexus 5X Build/MMB29P) AppleWebKit/537.36 (KHTML, like Gecko) Chrome/100.0.4896.127 Mobile Safari/537.36 (compatible; Googlebot/2.1; +http://www.google.com/bot.html)"
185.191.171.26 - - [26/Apr/2022:09:33:04 +0200] "GET /candlestick-carved-brass-p-46676.html?action=add_product HTTP/1.0" 302 476 "-" "Mozilla/5.0 (compatible; SemrushBot/7~bl; +http://www.semrush.com/bot.html)"
185.191.171.21 - - [26/Apr/2022:09:33:37 +0200] "GET /cars-swimming-ring-p-19973.html?action=add_product HTTP/1.0" 302 476 "-" "Mozilla/5.0 (compatible; SemrushBot/7~bl; +http://www.semrush.com/bot.html)"
66.249.66.212 - - [26/Apr/2022:09:33:38 +0200] "GET /sophie-girafe-musical-luminous-snow-globe-night-light-p-56596.html HTTP/1.0" 200 74482 "-" "Mozilla/5.0 (Linux; Android 6.0.1; Nexus 5X Build/MMB29P) AppleWebKit/537.36 (KHTML, like Gecko) Chrome/100.0.4896.127 Mobile Safari/537.36 (compatible; Googlebot/2.1; +http://www.google.com/bot.html)"
66.249.66.212 - - [26/Apr/2022:09:33:41 +0200] "GET /provence-small-ceramic-ashtray-p-52636.html HTTP/1.0" 200 73505 "-" "Mozilla/5.0 (Linux; Android 6.0.1; Nexus 5X Build/MMB29P) AppleWebKit/537.36 (KHTML, like Gecko) Chrome/100.0.4896.127 Mobile Safari/537.36 (compatible; Googlebot/2.1; +http://www.google.com/bot.html)"
185.191.171.20 - - [26/Apr/2022:09:33:44 +0200] "GET /rectangular-metal-plate-mustang-p-52941.html HTTP/1.0" 200 73513 "-" "Mozilla/5.0 (compatible; SemrushBot/7~bl; +http://www.semrush.com/bot.html)"
185.191.171.17 - - [26/Apr/2022:09:34:00 +0200] "GET /zippo-genuine-wick-p-29792.html?action=add_product HTTP/1.0" 302 476 "-" "Mozilla/5.0 (compatible; SemrushBot/7~bl; +http://www.semrush.com/bot.html)"
66.249.66.212 - - [26/Apr/2022:09:34:25 +0200] "GET /indoor-buddha-fountain-p-51728.html HTTP/1.0" 200 73625 "-" "Mozilla/5.0 (Linux; Android 6.0.1; Nexus 5X Build/MMB29P) AppleWebKit/537.36 (KHTML, like Gecko) Chrome/100.0.4896.127 Mobile Safari/537.36 (compatible; Googlebot/2.1; +http://www.google.com/bot.html)"
40.125.126.53 - - [26/Apr/2022:09:34:45 +0200] "GET /images/mini_prod/CD4061d.jpg HTTP/1.0" 200 263 "-" "Mozilla/5.0 (Macintosh; U; PPC Mac OS X 10.5; en-US; rv:1.9.2.15) Gecko/20110303 Firefox/3.6.15"
20.64.196.243 - - [26/Apr/2022:09:34:49 +0200] "GET /images/mini_prod/8433933198889.jpg HTTP/1.0" 200 269 "-" "Mozilla/5.0 (Macintosh; U; PPC Mac OS X 10.5; en-US; rv:1.9.2.15) Gecko/20110303 Firefox/3.6.15"
66.249.66.210 - - [26/Apr/2022:09:35:11 +0200] "GET /elfie-phosphorescent-polar-plaid-p-51607.html HTTP/1.0" 200 73544 "-" "Mozilla/5.0 (Linux; Android 6.0.1; Nexus 5X Build/MMB29P) AppleWebKit/537.36 (KHTML, like Gecko) Chrome/100.0.4896.127 Mobile Safari/537.36 (compatible; Googlebot/2.1; +http://www.google.com/bot.html)"
185.191.171.45 - - [26/Apr/2022:09:35:32 +0200] "GET /isothermic-stainless-steel-bottle-meilleure-maman-p-54540.html HTTP/1.0" 200 73639 "-" "Mozilla/5.0 (compatible; SemrushBot/7~bl; +http://www.semrush.com/bot.html)"
66.249.66.210 - - [26/Apr/2022:09:35:58 +0200] "GET /pulp-fiction-p-53478.html HTTP/1.0" 200 73646 "-" "Mozilla/5.0 (Linux; Android 6.0.1; Nexus 5X Build/MMB29P) AppleWebKit/537.36 (KHTML, like Gecko) Chrome/100.0.4896.127 Mobile Safari/537.36 (compatible; Googlebot/2.1; +http://www.google.com/bot.html)"
185.191.171.19 - - [26/Apr/2022:09:36:24 +0200] "GET /floral-rosace-frame-withe-and-gold-p-46374.html HTTP/1.0" 301 73649 "-" "Mozilla/5.0 (compatible; SemrushBot/7~bl; +http://www.semrush.com/bot.html)"
185.191.171.7 - - [26/Apr/2022:09:36:29 +0200] "GET /floral-rosace-frame-withe-gold-p-46374.html HTTP/1.0" 200 73552 "-" "Mozilla/5.0 (compatible; SemrushBot/7~bl; +http://www.semrush.com/bot.html)"
47.254.25.246 - - [26/Apr/2022:09:36:35 +0200] "GET /images/mini_prod/3453131141178.jpg HTTP/1.0" 200 269 "-" "Mozilla/5.0 (X11; Ubuntu; Linux x86_64; rv:72.0) Gecko/20100101 Firefox/72.0"
17.121.114.114 - - [26/Apr/2022:09:36:37 +0200] "GET /wood-dream-beautiful-dreams-p-43923.html HTTP/1.0" 200 70934 "-" "Mozilla/5.0 (Macintosh; Intel Mac OS X 10_15_5) AppleWebKit/605.1.15 (KHTML, like Gecko) Version/13.1.1 Safari/605.1.15 (Applebot/0.1; +http://www.apple.com/go/applebot)"
66.249.66.210 - - [26/Apr/2022:09:36:43 +0200] "GET /pinko-wooden-game-bottle-opener-p-55554.html HTTP/1.0" 200 74410 "-" "Mozilla/5.0 (Linux; Android 6.0.1; Nexus 5X Build/MMB29P) AppleWebKit/537.36 (KHTML, like Gecko) Chrome/100.0.4896.127 Mobile Safari/537.36 (compatible; Googlebot/2.1; +http://www.google.com/bot.html)"
20.64.196.217 - - [26/Apr/2022:09:37:00 +0200] "GET /images/big_prod_1/3700281645163a.jpg HTTP/1.0" 200 271 "-" "Mozilla/5.0 (Windows NT 10.0; WOW64) AppleWebKit/537.36 (KHTML, like Gecko) Chrome/68.0.3440.106 Safari/537.36"
185.191.171.45 - - [26/Apr/2022:09:36:53 +0200] "GET /dishes-c-12.html?page=129 HTTP/1.0" 200 93165 "-" "Mozilla/5.0 (compatible; SemrushBot/7~bl; +http://www.semrush.com/bot.html)"
66.249.66.210 - - [26/Apr/2022:09:37:29 +0200] "GET /tassen-amused-mood-vase-made-germany-p-46336.html HTTP/1.0" 200 74777 "-" "Mozilla/5.0 (Linux; Android 6.0.1; Nexus 5X Build/MMB29P) AppleWebKit/537.36 (KHTML, like Gecko) Chrome/100.0.4896.127 Mobile Safari/537.36 (compatible; Googlebot/2.1; +http://www.google.com/bot.html)"
66.249.66.210 - - [26/Apr/2022:09:38:15 +0200] "GET /lisboa-tea-pot-p-47119.html HTTP/1.0" 301 74197 "-" "Mozilla/5.0 (compatible; Googlebot/2.1; +http://www.google.com/bot.html)"
66.249.66.210 - - [26/Apr/2022:09:38:19 +0200] "GET /lisboa-p-47119.html HTTP/1.0" 200 74124 "-" "Mozilla/5.0 (compatible; Googlebot/2.1; +http://www.google.com/bot.html)"
211.249.40.15 - - [26/Apr/2022:09:38:50 +0200] "GET /images/mini_prod/1399984236208.jpg HTTP/1.0" 200 269 "-" "Mozilla/5.0 (X11; Ubuntu; Linux x86_64; rv:72.0) Gecko/20100101 Firefox/72.0"
77.88.5.208 - - [26/Apr/2022:09:38:58 +0200] "GET /small-heart-home-candle-christmas-tree-p-57120.html HTTP/1.0" 200 74812 "-" "Mozilla/5.0 (compatible; YandexBot/3.0; +http://yandex.com/bots)"
185.191.171.23 - - [26/Apr/2022:09:39:06 +0200] "GET /stone-amethyst-sold-by-weight-160-170-grams-p-46544.html HTTP/1.0" 301 74580 "-" "Mozilla/5.0 (compatible; SemrushBot/7~bl; +http://www.semrush.com/bot.html)"
66.249.66.210 - - [26/Apr/2022:09:39:00 +0200] "GET /accessories-c-3.html HTTP/1.0" 200 93677 "-" "Mozilla/5.0 (Linux; Android 6.0.1; Nexus 5X Build/MMB29P) AppleWebKit/537.36 (KHTML, like Gecko) Chrome/100.0.4896.127 Mobile Safari/537.36 (compatible; Googlebot/2.1; +http://www.google.com/bot.html)"
185.191.171.4 - - [26/Apr/2022:09:39:14 +0200] "GET /stone-amethyst-sold-weight-grams-p-46544.html HTTP/1.0" 200 74481 "-" "Mozilla/5.0 (compatible; SemrushBot/7~bl; +http://www.semrush.com/bot.html)"
66.249.66.210 - - [26/Apr/2022:09:39:27 +0200] "GET /kiub-collection-cats-cool-p-54782.html HTTP/1.0" 200 74294 "-" "Mozilla/5.0 (compatible; Googlebot/2.1; +http://www.google.com/bot.html)"
185.191.171.15 - - [26/Apr/2022:09:39:43 +0200] "GET /wunzees-doll-series-lulu-panther-p-45118.html HTTP/1.0" 200 74314 "-" "Mozilla/5.0 (compatible; SemrushBot/7~bl; +http://www.semrush.com/bot.html)"
66.249.66.210 - - [26/Apr/2022:09:39:46 +0200] "GET /karma-panda-night-light-p-55383.html HTTP/1.0" 200 75149 "-" "Mozilla/5.0 (Linux; Android 6.0.1; Nexus 5X Build/MMB29P) AppleWebKit/537.36 (KHTML, like Gecko) Chrome/100.0.4896.127 Mobile Safari/537.36 (compatible; Googlebot/2.1; +http://www.google.com/bot.html)"
66.249.66.210 - - [26/Apr/2022:09:39:51 +0200] "GET /square-coasters-liberty-russian-doll-cbkreation-p-18493.html HTTP/1.0" 200 73754 "-" "Mozilla/5.0 (Linux; Android 6.0.1; Nexus 5X Build/MMB29P) AppleWebKit/537.36 (KHTML, like Gecko) Chrome/100.0.4896.127 Mobile Safari/537.36 (compatible; Googlebot/2.1; +http://www.google.com/bot.html)"
185.191.171.10 - - [26/Apr/2022:09:40:11 +0200] "GET /bowl-white-porcelain-springy-collection-p-54573.html?action=add_product HTTP/1.0" 302 476 "-" "Mozilla/5.0 (compatible; SemrushBot/7~bl; +http://www.semrush.com/bot.html)"
66.249.66.214 - - [26/Apr/2022:09:40:32 +0200] "GET /poster-corsica-p-43687.html HTTP/1.0" 200 73449 "-" "Mozilla/5.0 (Linux; Android 6.0.1; Nexus 5X Build/MMB29P) AppleWebKit/537.36 (KHTML, like Gecko) Chrome/100.0.4896.127 Mobile Safari/537.36 (compatible; Googlebot/2.1; +http://www.google.com/bot.html)"
185.191.171.39 - - [26/Apr/2022:09:41:06 +0200] "GET /decorative-hanging-blue-outline-p-35425.html HTTP/1.0" 200 73615 "-" "Mozilla/5.0 (compatible; SemrushBot/7~bl; +http://www.semrush.com/bot.html)"
66.249.66.214 - - [26/Apr/2022:09:41:18 +0200] "GET /beloved-bear-winnie-pooh-personality-pose-figurine-p-54002.html HTTP/1.0" 200 75467 "-" "Mozilla/5.0 (Linux; Android 6.0.1; Nexus 5X Build/MMB29P) AppleWebKit/537.36 (KHTML, like Gecko) Chrome/100.0.4896.127 Mobile Safari/537.36 (compatible; Googlebot/2.1; +http://www.google.com/bot.html)"
66.249.66.210 - - [26/Apr/2022:09:41:49 +0200] "GET /large-plush-tchoupi-p-27482.html HTTP/1.0" 200 73269 "-" "Mozilla/5.0 (Linux; Android 6.0.1; Nexus 5X Build/MMB29P) AppleWebKit/537.36 (KHTML, like Gecko) Chrome/100.0.4896.127 Mobile Safari/537.36 (compatible; Googlebot/2.1; +http://www.google.com/bot.html)"
185.191.171.2 - - [26/Apr/2022:09:41:54 +0200] "GET /ceramic-salt-aderne-p-47877.html?action=add_product HTTP/1.0" 302 476 "-" "Mozilla/5.0 (compatible; SemrushBot/7~bl; +http://www.semrush.com/bot.html)"
66.249.66.214 - - [26/Apr/2022:09:42:04 +0200] "GET /jamaica-mouse-p-19552.html HTTP/1.0" 200 73491 "-" "Mozilla/5.0 (Linux; Android 6.0.1; Nexus 5X Build/MMB29P) AppleWebKit/537.36 (KHTML, like Gecko) Chrome/100.0.4896.127 Mobile Safari/537.36 (compatible; Googlebot/2.1; +http://www.google.com/bot.html)"
185.191.171.35 - - [26/Apr/2022:09:41:55 +0200] "GET /home-decoration-c-13.html?page=188 HTTP/1.0" 200 93640 "-" "Mozilla/5.0 (compatible; SemrushBot/7~bl; +http://www.semrush.com/bot.html)"
185.191.171.41 - - [26/Apr/2022:09:42:19 +0200] "GET /pouf-covered-with-grey-velvet-p-46355.html?action=add_product HTTP/1.0" 302 476 "-" "Mozilla/5.0 (compatible; SemrushBot/7~bl; +http://www.semrush.com/bot.html)"
185.191.171.24 - - [26/Apr/2022:09:42:22 +0200] "GET /green-cat-set-salt-and-pepper-p-34485.html HTTP/1.0" 301 73626 "-" "Mozilla/5.0 (compatible; SemrushBot/7~bl; +http://www.semrush.com/bot.html)"
185.191.171.24 - - [26/Apr/2022:09:42:27 +0200] "GET /green-salt-pepper-p-34485.html HTTP/1.0" 200 73542 "-" "Mozilla/5.0 (compatible; SemrushBot/7~bl; +http://www.semrush.com/bot.html)"
54.36.148.243 - - [26/Apr/2022:09:42:12 +0200] "GET / HTTP/1.0" 200 151901 "-" "Mozilla/5.0 (compatible; AhrefsBot/7.0; +http://ahrefs.com/robot/)"
66.249.66.212 - - [26/Apr/2022:09:42:48 +0200] "GET /images/big_prod/9316188067966.jpg HTTP/1.0" 200 268 "-" "Googlebot-Image/1.0"
66.249.66.212 - - [26/Apr/2022:09:42:50 +0200] "GET /caribea-sheet-p-51590.html HTTP/1.0" 200 73588 "-" "Mozilla/5.0 (Linux; Android 6.0.1; Nexus 5X Build/MMB29P) AppleWebKit/537.36 (KHTML, like Gecko) Chrome/100.0.4896.127 Mobile Safari/537.36 (compatible; Googlebot/2.1; +http://www.google.com/bot.html)"
54.36.148.74 - - [26/Apr/2022:09:43:08 +0200] "GET /peas-russian-doll-iphone-phone-black-cover-by-cbk-p-18550.html HTTP/1.0" 301 71199 "-" "Mozilla/5.0 (compatible; AhrefsBot/7.0; +http://ahrefs.com/robot/)"
54.36.148.243 - - [26/Apr/2022:09:43:11 +0200] "GET /cotton-floor-cushion-beige-p-38997.html HTTP/1.0" 200 75507 "-" "Mozilla/5.0 (compatible; AhrefsBot/7.0; +http://ahrefs.com/robot/)"
54.36.148.65 - - [26/Apr/2022:09:43:22 +0200] "GET /teo-jasmin-cushion-with-removable-steed-grey-p-38711.html HTTP/1.0" 301 70875 "-" "Mozilla/5.0 (compatible; AhrefsBot/7.0; +http://ahrefs.com/robot/)"
66.249.66.212 - - [26/Apr/2022:09:43:35 +0200] "GET /kimmi-junior-bella-coin-purse-p-8737.html HTTP/1.0" 200 73651 "-" "Mozilla/5.0 (Linux; Android 6.0.1; Nexus 5X Build/MMB29P) AppleWebKit/537.36 (KHTML, like Gecko) Chrome/100.0.4896.127 Mobile Safari/537.36 (compatible; Googlebot/2.1; +http://www.google.com/bot.html)"
54.36.148.246 - - [26/Apr/2022:09:43:39 +0200] "GET /fragrances-of-ambiance-c-231.html?page=6 HTTP/1.0" 301 92639 "-" "Mozilla/5.0 (compatible; AhrefsBot/7.0; +http://ahrefs.com/robot/)"
20.64.197.96 - - [26/Apr/2022:09:43:56 +0200] "GET /images/mini_prod/3453131139618.jpg HTTP/1.0" 200 269 "-" "Mozilla/5.0 (Macintosh; U; PPC Mac OS X 10.5; en-US; rv:1.9.2.15) Gecko/20110303 Firefox/3.6.15"
47.254.65.120 - - [26/Apr/2022:09:44:08 +0200] "GET /images/mini_prod/1399984256367.jpg HTTP/1.0" 200 269 "-" "Mozilla/5.0 (X11; Ubuntu; Linux x86_64; rv:72.0) Gecko/20100101 Firefox/72.0"
47.88.84.24 - - [26/Apr/2022:09:44:15 +0200] "GET /images/mini_prod/3438100339787.jpg HTTP/1.0" 200 269 "-" "Mozilla/5.0 (X11; Ubuntu; Linux x86_64; rv:72.0) Gecko/20100101 Firefox/72.0"
66.249.66.210 - - [26/Apr/2022:09:44:21 +0200] "GET /burlap-round-table-sweet-p-48454.html HTTP/1.0" 200 70890 "-" "Mozilla/5.0 (Linux; Android 6.0.1; Nexus 5X Build/MMB29P) AppleWebKit/537.36 (KHTML, like Gecko) Chrome/100.0.4896.127 Mobile Safari/537.36 (compatible; Googlebot/2.1; +http://www.google.com/bot.html)"
185.191.171.23 - - [26/Apr/2022:09:44:23 +0200] "GET /spongebob-glass-marbles-p-4967.html HTTP/1.0" 200 70912 "-" "Mozilla/5.0 (compatible; SemrushBot/7~bl; +http://www.semrush.com/bot.html)"
118.184.177.83 - - [26/Apr/2022:09:44:00 +0200] "GET / HTTP/1.0" 200 151324 "-" "Sogou web spider/4.0(+http://www.sogou.com/docs/help/webmasters.htm#07)"
54.36.148.243 - - [26/Apr/2022:09:44:24 +0200] "GET /kimmidoll-glasses-case-p-47584.html HTTP/1.0" 200 74106 "-" "Mozilla/5.0 (compatible; AhrefsBot/7.0; +http://ahrefs.com/robot/)"
185.191.171.22 - - [26/Apr/2022:09:44:38 +0200] "GET /spiderman-peel-and-stick-wall-decals-p-22536.html HTTP/1.0" 301 73793 "-" "Mozilla/5.0 (compatible; SemrushBot/7~bl; +http://www.semrush.com/bot.html)"
185.191.171.7 - - [26/Apr/2022:09:44:42 +0200] "GET /spiderman-peel-stick-wall-decals-p-22536.html HTTP/1.0" 200 73694 "-" "Mozilla/5.0 (compatible; SemrushBot/7~bl; +http://www.semrush.com/bot.html)"
185.191.171.10 - - [26/Apr/2022:09:44:50 +0200] "GET /box-of-coasters-p-45662.html HTTP/1.0" 301 73428 "-" "Mozilla/5.0 (compatible; SemrushBot/7~bl; +http://www.semrush.com/bot.html)"
185.191.171.37 - - [26/Apr/2022:09:44:54 +0200] "GET /coasters-p-45662.html HTTP/1.0" 200 73353 "-" "Mozilla/5.0 (compatible; SemrushBot/7~bl; +http://www.semrush.com/bot.html)"
185.191.171.19 - - [26/Apr/2022:09:44:59 +0200] "GET /water-bottle-children-liter-whale-p-57526.html HTTP/1.0" 200 74382 "-" "Mozilla/5.0 (compatible; SemrushBot/7~bl; +http://www.semrush.com/bot.html)"
66.249.66.214 - - [26/Apr/2022:09:45:07 +0200] "GET /transportable-gray-table-lamp-p-56449.html HTTP/1.0" 200 74248 "-" "Mozilla/5.0 (Linux; Android 6.0.1; Nexus 5X Build/MMB29P) AppleWebKit/537.36 (KHTML, like Gecko) Chrome/100.0.4896.127 Mobile Safari/537.36 (compatible; Googlebot/2.1; +http://www.google.com/bot.html)"
54.36.148.243 - - [26/Apr/2022:09:45:28 +0200] "GET /wallet-c-31_237.html?page=3 HTTP/1.0" 200 83447 "-" "Mozilla/5.0 (compatible; AhrefsBot/7.0; +http://ahrefs.com/robot/)"
66.249.66.212 - - [26/Apr/2022:09:45:53 +0200] "GET /beely-bedclothes-p-52086.html HTTP/1.0" 200 73479 "-" "Mozilla/5.0 (Linux; Android 6.0.1; Nexus 5X Build/MMB29P) AppleWebKit/537.36 (KHTML, like Gecko) Chrome/100.0.4896.127 Mobile Safari/537.36 (compatible; Googlebot/2.1; +http://www.google.com/bot.html)"
17.121.114.7 - - [26/Apr/2022:09:46:00 +0200] "GET /moneybox-shape-wooden-barrel-brass-p-56768.html HTTP/1.0" 200 73676 "-" "Mozilla/5.0 (Macintosh; Intel Mac OS X 10_15_5) AppleWebKit/605.1.15 (KHTML, like Gecko) Version/13.1.1 Safari/605.1.15 (Applebot/0.1; +http://www.apple.com/go/applebot)"
216.244.66.242 - - [26/Apr/2022:09:46:00 +0200] "GET /elmer-rattle-p-4362.html HTTP/1.0" 200 70857 "-" "Mozilla/5.0 (compatible; DotBot/1.2; +https://opensiteexplorer.org/dotbot; help@moz.com)"
51.68.224.127 - - [26/Apr/2022:09:46:28 +0200] "GET /adminweb/export_orders_xml.php?token=256de2z6edz6ed2z6DFSFsed2zed6zeDSFDSGdzedezfzf&maxorders=10&orderstart=1&status=14&start_date=2018-10-01 HTTP/1.0" 200 285 "-" "GesCom CharlotteBoutik Serveur"
51.68.224.127 - - [26/Apr/2022:09:46:28 +0200] "GET /adminweb/export_orders_xml.php?token=256de2z6edz6ed2z6DFSFsed2zed6zeDSFDSGdzedezfzf&maxorders=10&orderstart=1&status=6&start_date=2018-10-01 HTTP/1.0" 200 32798 "-" "GesCom CharlotteBoutik Serveur"
216.244.66.242 - - [26/Apr/2022:09:46:35 +0200] "GET /marseille-ashtray-p-42892.html HTTP/1.0" 200 73973 "-" "Mozilla/5.0 (compatible; DotBot/1.2; +https://opensiteexplorer.org/dotbot; help@moz.com)"
66.249.66.214 - - [26/Apr/2022:09:46:39 +0200] "GET /fiat-orange-desk-lamp-p-17064.html HTTP/1.0" 200 74217 "-" "Mozilla/5.0 (Linux; Android 6.0.1; Nexus 5X Build/MMB29P) AppleWebKit/537.36 (KHTML, like Gecko) Chrome/100.0.4896.127 Mobile Safari/537.36 (compatible; Googlebot/2.1; +http://www.google.com/bot.html)"
185.191.171.39 - - [26/Apr/2022:09:46:52 +0200] "GET /lambretta-evolution-poster-p-15758.html?action=add_product HTTP/1.0" 302 476 "-" "Mozilla/5.0 (compatible; SemrushBot/7~bl; +http://www.semrush.com/bot.html)"
113.207.6.244 - - [26/Apr/2022:09:46:59 +0200] "GET /images/mini_prod/5036278051203.jpg HTTP/1.0" 200 269 "-" "Mozilla/5.0 (X11; Ubuntu; Linux x86_64; rv:72.0) Gecko/20100101 Firefox/72.0"
54.36.148.243 - - [26/Apr/2022:09:46:41 +0200] "GET /home-decoration-c-13.html?page=78 HTTP/1.0" 200 92647 "-" "Mozilla/5.0 (compatible; AhrefsBot/7.0; +http://ahrefs.com/robot/)"
216.244.66.242 - - [26/Apr/2022:09:47:05 +0200] "GET /cccp-star-adult-military-cap-by-cbkreation-p-36525.html HTTP/1.0" 301 73733 "-" "Mozilla/5.0 (compatible; DotBot/1.2; +https://opensiteexplorer.org/dotbot; help@moz.com)"
40.125.124.192 - - [26/Apr/2022:09:47:11 +0200] "GET /images/mini_prod/1384010202791.jpg HTTP/1.0" 200 269 "-" "Mozilla/5.0 (Windows NT 6.1; WOW64) AppleWebKit/537.36 (KHTML, like Gecko) Chrome/45.0.2454.101 Safari/537.36"
185.191.171.15 - - [26/Apr/2022:09:47:08 +0200] "GET /marley-zippo-lighter-p-57596.html HTTP/1.0" 200 74518 "-" "Mozilla/5.0 (compatible; SemrushBot/7~bl; +http://www.semrush.com/bot.html)"
47.254.91.81 - - [26/Apr/2022:09:47:20 +0200] "GET /images/mini_prod/1384010202814.jpg HTTP/1.0" 200 269 "-" "Mozilla/5.0 (X11; Ubuntu; Linux x86_64; rv:72.0) Gecko/20100101 Firefox/72.0"
216.244.66.242 - - [26/Apr/2022:09:47:26 +0200] "GET /create-your-topmodel-kitty-colouring-book-p-35832.html HTTP/1.0" 301 70875 "-" "Mozilla/5.0 (compatible; DotBot/1.2; +https://opensiteexplorer.org/dotbot; help@moz.com)"
66.249.66.214 - - [26/Apr/2022:09:47:25 +0200] "GET /water-bottle-children-liter-whale-p-57526.html HTTP/1.0" 200 74382 "-" "Mozilla/5.0 (Linux; Android 6.0.1; Nexus 5X Build/MMB29P) AppleWebKit/537.36 (KHTML, like Gecko) Chrome/100.0.4896.127 Mobile Safari/537.36 (compatible; Googlebot/2.1; +http://www.google.com/bot.html)"
185.191.171.26 - - [26/Apr/2022:09:47:36 +0200] "GET /paris-mug-xl-sepia-p-38587.html HTTP/1.0" 301 73601 "-" "Mozilla/5.0 (compatible; SemrushBot/7~bl; +http://www.semrush.com/bot.html)"
185.191.171.21 - - [26/Apr/2022:09:47:41 +0200] "GET /paris-sepia-p-38587.html HTTP/1.0" 200 73523 "-" "Mozilla/5.0 (compatible; SemrushBot/7~bl; +http://www.semrush.com/bot.html)"
216.244.66.242 - - [26/Apr/2022:09:47:54 +0200] "GET /glass-cup-with-porcelain-infuser-p-41871.html HTTP/1.0" 301 73629 "-" "Mozilla/5.0 (compatible; DotBot/1.2; +https://opensiteexplorer.org/dotbot; help@moz.com)"
54.36.148.243 - - [26/Apr/2022:09:47:44 +0200] "GET /home-decoration-c-13.html?page=74 HTTP/1.0" 200 93405 "-" "Mozilla/5.0 (compatible; AhrefsBot/7.0; +http://ahrefs.com/robot/)"
66.249.66.210 - - [26/Apr/2022:09:48:11 +0200] "GET /blue-spiral-glass-paperweight-p-56402.html HTTP/1.0" 200 73595 "-" "Mozilla/5.0 (Linux; Android 6.0.1; Nexus 5X Build/MMB29P) AppleWebKit/537.36 (KHTML, like Gecko) Chrome/100.0.4896.127 Mobile Safari/537.36 (compatible; Googlebot/2.1; +http://www.google.com/bot.html)"
47.254.25.246 - - [26/Apr/2022:09:48:18 +0200] "GET /images/mini_prod/B8006181600086B.jpg HTTP/1.0" 200 271 "-" "Mozilla/5.0 (X11; Ubuntu; Linux x86_64; rv:72.0) Gecko/20100101 Firefox/72.0"
185.191.171.37 - - [26/Apr/2022:09:48:18 +0200] "GET /black-samsung-galaxy-note-cupcakes-phone-cover-by-cbkreation-p-17360.html HTTP/1.0" 301 71175 "-" "Mozilla/5.0 (compatible; SemrushBot/7~bl; +http://www.semrush.com/bot.html)"
216.244.66.242 - - [26/Apr/2022:09:48:20 +0200] "GET /llama-love-round-metal-storage-box-p-47618.html HTTP/1.0" 301 70875 "-" "Mozilla/5.0 (compatible; DotBot/1.2; +https://opensiteexplorer.org/dotbot; help@moz.com)"
54.36.149.65 - - [26/Apr/2022:09:48:20 +0200] "GET /britto-black-ceramic-mug-p-32642.html HTTP/1.0" 301 73513 "-" "Mozilla/5.0 (compatible; AhrefsBot/7.0; +http://ahrefs.com/robot/)"
185.191.171.21 - - [26/Apr/2022:09:48:22 +0200] "GET /black-samsung-galaxy-note-cupcakes-phone-cover-cbkreation-p-17360.html HTTP/1.0" 200 71051 "-" "Mozilla/5.0 (compatible; SemrushBot/7~bl; +http://www.semrush.com/bot.html)"
216.244.66.242 - - [26/Apr/2022:09:48:46 +0200] "GET /owls-large-glass-sold-individually-p-37867.html HTTP/1.0" 200 70938 "-" "Mozilla/5.0 (compatible; DotBot/1.2; +https://opensiteexplorer.org/dotbot; help@moz.com)"
54.36.148.238 - - [26/Apr/2022:09:48:55 +0200] "GET /pillow-case-in-cotton-percale-80-threads-50-70-cm-p-43855.html HTTP/1.0" 301 74497 "-" "Mozilla/5.0 (compatible; AhrefsBot/7.0; +http://ahrefs.com/robot/)"
66.249.66.210 - - [26/Apr/2022:09:48:56 +0200] "GET /round-rattan-table-lamp-p-57489.html HTTP/1.0" 200 74540 "-" "Mozilla/5.0 (Linux; Android 6.0.1; Nexus 5X Build/MMB29P) AppleWebKit/537.36 (KHTML, like Gecko) Chrome/100.0.4896.127 Mobile Safari/537.36 (compatible; Googlebot/2.1; +http://www.google.com/bot.html)"
185.191.171.24 - - [26/Apr/2022:09:48:48 +0200] "GET /keyrings-c-31_52.html?page=10 HTTP/1.0" 200 95238 "-" "Mozilla/5.0 (compatible; SemrushBot/7~bl; +http://www.semrush.com/bot.html)"
185.191.171.4 - - [26/Apr/2022:09:49:03 +0200] "GET /orange-polyester-round-chair-cushion-p-47036.html HTTP/1.0" 200 74190 "-" "Mozilla/5.0 (compatible; SemrushBot/7~bl; +http://www.semrush.com/bot.html)"
3.144.118.15 - - [26/Apr/2022:09:49:07 +0200] "GET /images/mini_prod/1367103265774.jpg HTTP/1.0" 200 269 "-" "Go-http-client/1.1"
54.36.148.243 - - [26/Apr/2022:09:48:53 +0200] "GET /home-decoration-c-13.html?page=79 HTTP/1.0" 200 92688 "-" "Mozilla/5.0 (compatible; AhrefsBot/7.0; +http://ahrefs.com/robot/)"
185.191.171.25 - - [26/Apr/2022:09:49:40 +0200] "GET /mandala-white-clock-p-44977.html?action=add_product HTTP/1.0" 302 476 "-" "Mozilla/5.0 (compatible; SemrushBot/7~bl; +http://www.semrush.com/bot.html)"
66.249.66.210 - - [26/Apr/2022:09:49:42 +0200] "GET /copper-bottle-with-screw-cap-paisley-printed-750-ml-p-46283.html HTTP/1.0" 301 74874 "-" "Mozilla/5.0 (Linux; Android 6.0.1; Nexus 5X Build/MMB29P) AppleWebKit/537.36 (KHTML, like Gecko) Chrome/100.0.4896.127 Mobile Safari/537.36 (compatible; Googlebot/2.1; +http://www.google.com/bot.html)"
66.249.66.210 - - [26/Apr/2022:09:49:46 +0200] "GET /copper-bottle-with-screw-paisley-printed-p-46283.html HTTP/1.0" 200 74767 "-" "Mozilla/5.0 (Linux; Android 6.0.1; Nexus 5X Build/MMB29P) AppleWebKit/537.36 (KHTML, like Gecko) Chrome/100.0.4896.127 Mobile Safari/537.36 (compatible; Googlebot/2.1; +http://www.google.com/bot.html)"
185.191.171.22 - - [26/Apr/2022:09:50:04 +0200] "GET /japan-bedclothes-p-38601.html?action=add_product HTTP/1.0" 302 476 "-" "Mozilla/5.0 (compatible; SemrushBot/7~bl; +http://www.semrush.com/bot.html)"
54.36.148.243 - - [26/Apr/2022:09:49:51 +0200] "GET /home-decoration-c-13.html?page=76 HTTP/1.0" 200 93039 "-" "Mozilla/5.0 (compatible; AhrefsBot/7.0; +http://ahrefs.com/robot/)"
66.249.66.214 - - [26/Apr/2022:09:50:28 +0200] "GET /white-teddy-bear-lamp-p-34701.html HTTP/1.0" 200 70894 "-" "Mozilla/5.0 (Linux; Android 6.0.1; Nexus 5X Build/MMB29P) AppleWebKit/537.36 (KHTML, like Gecko) Chrome/100.0.4896.127 Mobile Safari/537.36 (compatible; Googlebot/2.1; +http://www.google.com/bot.html)"
113.207.6.244 - - [26/Apr/2022:09:50:33 +0200] "GET /images/mini_prod/c8427787039436.jpg HTTP/1.0" 200 270 "-" "Mozilla/5.0 (X11; Ubuntu; Linux x86_64; rv:72.0) Gecko/20100101 Firefox/72.0"
185.191.171.15 - - [26/Apr/2022:09:50:33 +0200] "GET /calavera-yellow-beauty-nail-p-29315.html HTTP/1.0" 200 73628 "-" "Mozilla/5.0 (compatible; SemrushBot/7~bl; +http://www.semrush.com/bot.html)"
54.36.148.238 - - [26/Apr/2022:09:50:33 +0200] "GET /pusheen-the-grey-cat-soft-toy-14-cm-p-34845.html HTTP/1.0" 301 73772 "-" "Mozilla/5.0 (compatible; AhrefsBot/7.0; +http://ahrefs.com/robot/)"
185.191.171.40 - - [26/Apr/2022:09:51:08 +0200] "GET /small-candle-spicy-mandarin-p-49931.html?action=add_product HTTP/1.0" 302 476 "-" "Mozilla/5.0 (compatible; SemrushBot/7~bl; +http://www.semrush.com/bot.html)"
20.64.192.111 - - [26/Apr/2022:09:51:13 +0200] "GET /images/mini_prod/3700653501776.jpg HTTP/1.0" 200 269 "-" "Mozilla/5.0 (Windows NT 6.1; WOW64) AppleWebKit/537.36 (KHTML, like Gecko) Chrome/45.0.2454.101 Safari/537.36"
185.191.171.40 - - [26/Apr/2022:09:51:13 +0200] "GET /gund-boo-plush-13-cm-dragon-p-44585.html HTTP/1.0" 301 70875 "-" "Mozilla/5.0 (compatible; SemrushBot/7~bl; +http://www.semrush.com/bot.html)"
66.249.66.212 - - [26/Apr/2022:09:51:14 +0200] "GET /round-beige-black-woven-bamboo-leaf-placemat-p-56541.html HTTP/1.0" 200 74322 "-" "Mozilla/5.0 (Linux; Android 6.0.1; Nexus 5X Build/MMB29P) AppleWebKit/537.36 (KHTML, like Gecko) Chrome/100.0.4896.127 Mobile Safari/537.36 (compatible; Googlebot/2.1; +http://www.google.com/bot.html)"
185.191.171.34 - - [26/Apr/2022:09:51:17 +0200] "GET /-p-44585.html HTTP/1.0" 200 70808 "-" "Mozilla/5.0 (compatible; SemrushBot/7~bl; +http://www.semrush.com/bot.html)"
54.36.148.243 - - [26/Apr/2022:09:51:00 +0200] "GET /home-decoration-c-13.html?page=72 HTTP/1.0" 200 92697 "-" "Mozilla/5.0 (compatible; AhrefsBot/7.0; +http://ahrefs.com/robot/)"
185.191.171.37 - - [26/Apr/2022:09:52:08 +0200] "GET /dessert-dish-glass-with-anti-slip-feet-p-47335.html HTTP/1.0" 200 74165 "-" "Mozilla/5.0 (compatible; SemrushBot/7~bl; +http://www.semrush.com/bot.html)"
66.249.66.210 - - [26/Apr/2022:09:52:00 +0200] "GET /cushion-headboard-c-11_173.html HTTP/1.0" 200 88359 "-" "Mozilla/5.0 (Linux; Android 6.0.1; Nexus 5X Build/MMB29P) AppleWebKit/537.36 (KHTML, like Gecko) Chrome/100.0.4896.127 Mobile Safari/537.36 (compatible; Googlebot/2.1; +http://www.google.com/bot.html)"
185.191.171.34 - - [26/Apr/2022:09:52:13 +0200] "GET /provence-oven-mitt-p-51442.html HTTP/1.0" 200 73444 "-" "Mozilla/5.0 (compatible; SemrushBot/7~bl; +http://www.semrush.com/bot.html)"
54.36.148.243 - - [26/Apr/2022:09:52:06 +0200] "GET /home-decoration-c-13.html?page=75 HTTP/1.0" 200 92822 "-" "Mozilla/5.0 (compatible; AhrefsBot/7.0; +http://ahrefs.com/robot/)"
54.36.148.112 - - [26/Apr/2022:09:52:28 +0200] "GET /quote-wall-stickers-50-70-cm-p-53107.html HTTP/1.0" 301 74205 "-" "Mozilla/5.0 (compatible; AhrefsBot/7.0; +http://ahrefs.com/robot/)"
40.125.112.26 - - [26/Apr/2022:09:52:46 +0200] "GET /images/mini_prod/1384010183458.jpg HTTP/1.0" 200 269 "-" "Mozilla/5.0 (Macintosh; U; PPC Mac OS X 10.5; en-US; rv:1.9.2.15) Gecko/20110303 Firefox/3.6.15"
66.249.66.210 - - [26/Apr/2022:09:52:46 +0200] "GET /electric-bulb-illuminated-sign-come-open-p-46276.html HTTP/1.0" 200 70994 "-" "Mozilla/5.0 (Linux; Android 6.0.1; Nexus 5X Build/MMB29P) AppleWebKit/537.36 (KHTML, like Gecko) Chrome/100.0.4896.127 Mobile Safari/537.36 (compatible; Googlebot/2.1; +http://www.google.com/bot.html)"
66.249.66.210 - - [26/Apr/2022:09:53:31 +0200] "GET /green-polyester-round-chair-cushion-p-51499.html HTTP/1.0" 200 74182 "-" "Mozilla/5.0 (Linux; Android 6.0.1; Nexus 5X Build/MMB29P) AppleWebKit/537.36 (KHTML, like Gecko) Chrome/100.0.4896.127 Mobile Safari/537.36 (compatible; Googlebot/2.1; +http://www.google.com/bot.html)"
40.125.124.192 - - [26/Apr/2022:09:53:39 +0200] "GET /images/mini_prod/3438100344569.jpg HTTP/1.0" 200 269 "-" "Mozilla/5.0 (Windows NT 10.0; ) Gecko/20100101 Firefox/61.0"
54.36.148.243 - - [26/Apr/2022:09:53:20 +0200] "GET /home-decoration-c-13.html?page=77 HTTP/1.0" 200 91962 "-" "Mozilla/5.0 (compatible; AhrefsBot/7.0; +http://ahrefs.com/robot/)"
185.191.171.2 - - [26/Apr/2022:09:54:13 +0200] "GET /strawberry-shortcake-sweater-p-31122.html?action=add_product HTTP/1.0" 302 476 "-" "Mozilla/5.0 (compatible; SemrushBot/7~bl; +http://www.semrush.com/bot.html)"
66.249.66.214 - - [26/Apr/2022:09:54:17 +0200] "GET /domo-frankunstein-shirt-p-29504.html HTTP/1.0" 200 74866 "-" "Mozilla/5.0 (Linux; Android 6.0.1; Nexus 5X Build/MMB29P) AppleWebKit/537.36 (KHTML, like Gecko) Chrome/100.0.4896.127 Mobile Safari/537.36 (compatible; Googlebot/2.1; +http://www.google.com/bot.html)"
54.36.148.243 - - [26/Apr/2022:09:54:29 +0200] "GET /vilaines-filles-bath-towel-p-57629.html HTTP/1.0" 200 74231 "-" "Mozilla/5.0 (compatible; AhrefsBot/7.0; +http://ahrefs.com/robot/)"
185.191.171.41 - - [26/Apr/2022:09:54:40 +0200] "GET /black-fancy-elastic-bracelet-p-43726.html?action=add_product HTTP/1.0" 302 476 "-" "Mozilla/5.0 (compatible; SemrushBot/7~bl; +http://www.semrush.com/bot.html)"
211.249.40.15 - - [26/Apr/2022:09:54:47 +0200] "GET /images/mini_prod/J1399984249239J.jpg HTTP/1.0" 200 271 "-" "Mozilla/5.0 (X11; Ubuntu; Linux x86_64; rv:72.0) Gecko/20100101 Firefox/72.0"
66.249.66.214 - - [26/Apr/2022:09:55:03 +0200] "GET /baby-dumbo-figure-collection-romero-britto-p-57488.html HTTP/1.0" 200 75360 "-" "Mozilla/5.0 (Linux; Android 6.0.1; Nexus 5X Build/MMB29P) AppleWebKit/537.36 (KHTML, like Gecko) Chrome/100.0.4896.127 Mobile Safari/537.36 (compatible; Googlebot/2.1; +http://www.google.com/bot.html)"
185.191.171.6 - - [26/Apr/2022:09:55:13 +0200] "GET /durga-statue-p-40229.html HTTP/1.0" 200 73471 "-" "Mozilla/5.0 (compatible; SemrushBot/7~bl; +http://www.semrush.com/bot.html)"
77.88.5.208 - - [26/Apr/2022:09:55:19 +0200] "GET /robots.txt HTTP/1.0" 200 245 "-" "Mozilla/5.0 (compatible; YandexBot/3.0; +http://yandex.com/bots)"
77.88.5.208 - - [26/Apr/2022:09:55:22 +0200] "GET /mandala-coasters-pink-p-54073.html HTTP/1.0" 200 73461 "-" "Mozilla/5.0 (compatible; YandexBot/3.0; +http://yandex.com/bots)"
54.36.148.243 - - [26/Apr/2022:09:55:31 +0200] "GET /decorative-wooden-plate-barbecue-party-yellow-p-47834.html HTTP/1.0" 200 73864 "-" "Mozilla/5.0 (compatible; AhrefsBot/7.0; +http://ahrefs.com/robot/)"
185.191.171.34 - - [26/Apr/2022:09:55:42 +0200] "GET /resin-skull-ashtray-p-53003.html?action=add_product HTTP/1.0" 302 476 "-" "Mozilla/5.0 (compatible; SemrushBot/7~bl; +http://www.semrush.com/bot.html)"
66.249.66.210 - - [26/Apr/2022:09:55:49 +0200] "GET /owls-cats-michelle-allen-designs-coasters-p-37672.html HTTP/1.0" 200 73641 "-" "Mozilla/5.0 (Linux; Android 6.0.1; Nexus 5X Build/MMB29P) AppleWebKit/537.36 (KHTML, like Gecko) Chrome/100.0.4896.127 Mobile Safari/537.36 (compatible; Googlebot/2.1; +http://www.google.com/bot.html)"
185.191.171.6 - - [26/Apr/2022:09:56:17 +0200] "GET /pastis-de-marseille-wall-decoration-p-44557.html HTTP/1.0" 301 73654 "-" "Mozilla/5.0 (compatible; SemrushBot/7~bl; +http://www.semrush.com/bot.html)"
185.191.171.6 - - [26/Apr/2022:09:56:23 +0200] "GET /pastis-marseille-wall-decoration-p-44557.html HTTP/1.0" 200 73555 "-" "Mozilla/5.0 (compatible; SemrushBot/7~bl; +http://www.semrush.com/bot.html)"
185.191.171.18 - - [26/Apr/2022:09:56:28 +0200] "GET /bolster-case-45-185-cm-grey-p-36588.html HTTP/1.0" 301 73781 "-" "Mozilla/5.0 (compatible; SemrushBot/7~bl; +http://www.semrush.com/bot.html)"
185.191.171.42 - - [26/Apr/2022:09:56:34 +0200] "GET /bolster-case-grey-p-36588.html HTTP/1.0" 200 73697 "-" "Mozilla/5.0 (compatible; SemrushBot/7~bl; +http://www.semrush.com/bot.html)"
54.36.148.243 - - [26/Apr/2022:09:56:37 +0200] "GET /light-wood-table-lamp-scandinavian-spirit-p-56110.html HTTP/1.0" 200 74325 "-" "Mozilla/5.0 (compatible; AhrefsBot/7.0; +http://ahrefs.com/robot/)"
66.249.66.214 - - [26/Apr/2022:09:56:41 +0200] "GET /bamboo-fiber-plant-cover-p-57463.html HTTP/1.0" 200 74081 "-" "Mozilla/5.0 (Linux; Android 6.0.1; Nexus 5X Build/MMB29P) AppleWebKit/537.36 (KHTML, like Gecko) Chrome/100.0.4896.127 Mobile Safari/537.36 (compatible; Googlebot/2.1; +http://www.google.com/bot.html)"
40.77.167.0 - - [26/Apr/2022:09:56:38 +0200] "GET /round-trays-c-12_159_263.html HTTP/1.0" 200 91106 "-" "Mozilla/5.0 (compatible; bingbot/2.0; +http://www.bing.com/bingbot.htm)"
66.249.66.212 - - [26/Apr/2022:09:57:21 +0200] "GET /bourbon-spice-scented-candle-zippo-made-p-51915.html HTTP/1.0" 200 74958 "-" "Mozilla/5.0 (Linux; Android 6.0.1; Nexus 5X Build/MMB29P) AppleWebKit/537.36 (KHTML, like Gecko) Chrome/100.0.4896.127 Mobile Safari/537.36 (compatible; Googlebot/2.1; +http://www.google.com/bot.html)"
185.191.171.10 - - [26/Apr/2022:09:57:42 +0200] "GET /oriental-round-metal-tin-box-p-46104.html HTTP/1.0" 301 74337 "-" "Mozilla/5.0 (compatible; SemrushBot/7~bl; +http://www.semrush.com/bot.html)"
54.36.148.243 - - [26/Apr/2022:09:57:42 +0200] "GET /beach-shower-curtain-p-37701.html HTTP/1.0" 200 73533 "-" "Mozilla/5.0 (compatible; AhrefsBot/7.0; +http://ahrefs.com/robot/)"
185.191.171.2 - - [26/Apr/2022:09:57:47 +0200] "GET /oriental-round-metal-p-46104.html HTTP/1.0" 200 74250 "-" "Mozilla/5.0 (compatible; SemrushBot/7~bl; +http://www.semrush.com/bot.html)"
66.249.66.214 - - [26/Apr/2022:09:58:12 +0200] "GET /collectible-statuette-michelangelo-madonna-bruges-p-56259.html HTTP/1.0" 200 75498 "-" "Mozilla/5.0 (Linux; Android 6.0.1; Nexus 5X Build/MMB29P) AppleWebKit/537.36 (KHTML, like Gecko) Chrome/100.0.4896.127 Mobile Safari/537.36 (compatible; Googlebot/2.1; +http://www.google.com/bot.html)"
185.191.171.6 - - [26/Apr/2022:09:58:19 +0200] "GET /with-spoon-klimt-tree-life-p-51377.html HTTP/1.0" 200 73476 "-" "Mozilla/5.0 (compatible; SemrushBot/7~bl; +http://www.semrush.com/bot.html)"
157.90.128.183 - - [26/Apr/2022:09:58:36 +0200] "GET /images/mini_prod/1399169040019.jpg HTTP/1.0" 200 269 "-" "Mozilla/5.0 (X11; Ubuntu; Linux x86_64; rv:72.0) Gecko/20100101 Firefox/72.0"
185.191.171.5 - - [26/Apr/2022:09:58:41 +0200] "GET /spongebob-clock-p-12220.html?action=add_product HTTP/1.0" 302 476 "-" "Mozilla/5.0 (compatible; SemrushBot/7~bl; +http://www.semrush.com/bot.html)"
54.36.148.243 - - [26/Apr/2022:09:58:47 +0200] "GET /nici-snow-rabbit-wallet-p-33670.html HTTP/1.0" 200 73589 "-" "Mozilla/5.0 (compatible; AhrefsBot/7.0; +http://ahrefs.com/robot/)"
54.36.149.82 - - [26/Apr/2022:09:58:40 +0200] "GET /adults/tshirts-and-sweatshirts-men-c-53_54.html HTTP/1.0" 301 94211 "-" "Mozilla/5.0 (compatible; AhrefsBot/7.0; +http://ahrefs.com/robot/)"
185.191.171.5 - - [26/Apr/2022:09:58:52 +0200] "GET /owl-statuette-praline-and-white-color-34-cm-p-50720.html HTTP/1.0" 301 71042 "-" "Mozilla/5.0 (compatible; SemrushBot/7~bl; +http://www.semrush.com/bot.html)"
66.249.66.210 - - [26/Apr/2022:09:58:52 +0200] "GET /spiderman-mattress-swimming-pool-p-30010.html HTTP/1.0" 200 73935 "-" "Mozilla/5.0 (Linux; Android 6.0.1; Nexus 5X Build/MMB29P) AppleWebKit/537.36 (KHTML, like Gecko) Chrome/100.0.4896.127 Mobile Safari/537.36 (compatible; Googlebot/2.1; +http://www.google.com/bot.html)"
185.191.171.15 - - [26/Apr/2022:09:58:57 +0200] "GET /statuette-praline-white-color-p-50720.html HTTP/1.0" 200 70946 "-" "Mozilla/5.0 (compatible; SemrushBot/7~bl; +http://www.semrush.com/bot.html)"
54.36.148.47 - - [26/Apr/2022:09:59:18 +0200] "GET /playboy-black-classic-cigarettes-case-p-17465.html HTTP/1.0" 301 70875 "-" "Mozilla/5.0 (compatible; AhrefsBot/7.0; +http://ahrefs.com/robot/)"
66.249.66.212 - - [26/Apr/2022:09:59:38 +0200] "GET /ballerina-statue-collection-body-talk-p-38818.html HTTP/1.0" 200 74284 "-" "Mozilla/5.0 (Linux; Android 6.0.1; Nexus 5X Build/MMB29P) AppleWebKit/537.36 (KHTML, like Gecko) Chrome/100.0.4896.127 Mobile Safari/537.36 (compatible; Googlebot/2.1; +http://www.google.com/bot.html)"
66.249.66.214 - - [26/Apr/2022:09:59:42 +0200] "GET /images/3553567139166.jpg HTTP/1.0" 200 259 "-" "Googlebot-Image/1.0"
185.191.171.34 - - [26/Apr/2022:09:59:47 +0200] "GET /chat-noir-coasters-p-54493.html HTTP/1.0" 200 73382 "-" "Mozilla/5.0 (compatible; SemrushBot/7~bl; +http://www.semrush.com/bot.html)"
54.36.148.243 - - [26/Apr/2022:09:59:49 +0200] "GET /fish-wooden-p-35652.html HTTP/1.0" 200 74145 "-" "Mozilla/5.0 (compatible; AhrefsBot/7.0; +http://ahrefs.com/robot/)"
185.191.171.15 - - [26/Apr/2022:09:59:53 +0200] "GET /memory-pillow-50-30-cm-p-44236.html HTTP/1.0" 301 70952 "-" "Mozilla/5.0 (compatible; SemrushBot/7~bl; +http://www.semrush.com/bot.html)"
185.191.171.13 - - [26/Apr/2022:09:59:58 +0200] "GET /memory-pillow-p-44236.html HTTP/1.0" 200 70872 "-" "Mozilla/5.0 (compatible; SemrushBot/7~bl; +http://www.semrush.com/bot.html)"
185.191.171.42 - - [26/Apr/2022:10:00:02 +0200] "GET /mtal-signs-c-13_130.html?page=7 HTTP/1.0" 200 95482 "-" "Mozilla/5.0 (compatible; SemrushBot/7~bl; +http://www.semrush.com/bot.html)"
77.88.5.208 - - [26/Apr/2022:10:00:13 +0200] "GET /fish-lips-clock-allen-p-44574.html HTTP/1.0" 200 74059 "-" "Mozilla/5.0 (compatible; YandexBot/3.0; +http://yandex.com/bots)"
77.88.5.208 - - [26/Apr/2022:10:00:19 +0200] "GET /pencil-cooco-ylvi-minimoomis-p-33973.html HTTP/1.0" 200 75394 "-" "Mozilla/5.0 (compatible; YandexBot/3.0; +http://yandex.com/bots)"
66.249.66.210 - - [26/Apr/2022:10:00:24 +0200] "GET /figurine-caricature-polyrsine-biker-p-42885.html HTTP/1.0" 200 73789 "-" "Mozilla/5.0 (Linux; Android 6.0.1; Nexus 5X Build/MMB29P) AppleWebKit/537.36 (KHTML, like Gecko) Chrome/100.0.4896.127 Mobile Safari/537.36 (compatible; Googlebot/2.1; +http://www.google.com/bot.html)"
185.191.171.37 - - [26/Apr/2022:10:00:50 +0200] "GET /fitted-sheet-with-head-foot-lifting-p-43761.html HTTP/1.0" 200 74180 "-" "Mozilla/5.0 (compatible; SemrushBot/7~bl; +http://www.semrush.com/bot.html)"
54.36.148.243 - - [26/Apr/2022:10:01:04 +0200] "GET /cats-love-ceramic-solitary-teapot-p-44486.html HTTP/1.0" 200 73592 "-" "Mozilla/5.0 (compatible; AhrefsBot/7.0; +http://ahrefs.com/robot/)"
66.249.66.214 - - [26/Apr/2022:10:01:10 +0200] "GET /bear-lamp-white-shade-p-55826.html HTTP/1.0" 200 74309 "-" "Mozilla/5.0 (Linux; Android 6.0.1; Nexus 5X Build/MMB29P) AppleWebKit/537.36 (KHTML, like Gecko) Chrome/100.0.4896.127 Mobile Safari/537.36 (compatible; Googlebot/2.1; +http://www.google.com/bot.html)"
185.191.171.4 - - [26/Apr/2022:10:01:11 +0200] "GET /betty-boop-ashtray-p-27177.html HTTP/1.0" 200 73423 "-" "Mozilla/5.0 (compatible; SemrushBot/7~bl; +http://www.semrush.com/bot.html)"
