185.191.171.40 - - [26/Apr/2022:10:35:19 +0200] "GET /perfumes-interior-c-234.html HTTP/1.0" 301 92180 "-" "Mozilla/5.0 (compatible; SemrushBot/7~bl; +http://www.semrush.com/bot.html)"
54.36.148.243 - - [26/Apr/2022:10:35:21 +0200] "GET /turbine-metal-clock-p-46356.html HTTP/1.0" 200 74104 "-" "Mozilla/5.0 (compatible; AhrefsBot/7.0; +http://ahrefs.com/robot/)"
185.191.171.5 - - [26/Apr/2022:10:35:22 +0200] "GET /perfumes-interior-c-231_234.html HTTP/1.0" 200 92229 "-" "Mozilla/5.0 (compatible; SemrushBot/7~bl; +http://www.semrush.com/bot.html)"
47.254.91.81 - - [26/Apr/2022:10:35:30 +0200] "GET /images/mini_prod/1300000030083.jpg HTTP/1.0" 200 269 "-" "Mozilla/5.0 (X11; Ubuntu; Linux x86_64; rv:72.0) Gecko/20100101 Firefox/72.0"
185.191.171.2 - - [26/Apr/2022:10:35:30 +0200] "GET /containing-frida-khalo-coasters-p-57322.html HTTP/1.0" 200 74164 "-" "Mozilla/5.0 (compatible; SemrushBot/7~bl; +http://www.semrush.com/bot.html)"
66.249.66.210 - - [26/Apr/2022:10:35:33 +0200] "GET /ceramic-salt-paludier-p-55937.html HTTP/1.0" 200 73445 "-" "Mozilla/5.0 (Linux; Android 6.0.1; Nexus 5X Build/MMB29P) AppleWebKit/537.36 (KHTML, like Gecko) Chrome/100.0.4896.127 Mobile Safari/537.36 (compatible; Googlebot/2.1; +http://www.google.com/bot.html)"
185.191.171.39 - - [26/Apr/2022:10:35:33 +0200] "GET /fringale-burlap-placemat-p-53499.html?action=add_product HTTP/1.0" 302 476 "-" "Mozilla/5.0 (compatible; SemrushBot/7~bl; +http://www.semrush.com/bot.html)"
77.88.5.208 - - [26/Apr/2022:10:35:33 +0200] "GET /child-watch-spaceman-p-29221.html HTTP/1.0" 200 73481 "-" "Mozilla/5.0 (compatible; YandexBot/3.0; +http://yandex.com/bots)"
185.191.171.19 - - [26/Apr/2022:10:35:43 +0200] "GET /route-large-metal-plate-deco-p-32225.html?action=add_product HTTP/1.0" 302 476 "-" "Mozilla/5.0 (compatible; SemrushBot/7~bl; +http://www.semrush.com/bot.html)"
216.244.66.242 - - [26/Apr/2022:10:36:05 +0200] "GET /fragrance-sachet-true-enchantment-p-40554.html HTTP/1.0" 200 74215 "-" "Mozilla/5.0 (compatible; DotBot/1.2; +https://opensiteexplorer.org/dotbot; help@moz.com)"
185.191.171.3 - - [26/Apr/2022:10:36:13 +0200] "GET /batman-satchel-bag-p-30369.html HTTP/1.0" 301 73603 "-" "Mozilla/5.0 (compatible; SemrushBot/7~bl; +http://www.semrush.com/bot.html)"
185.191.171.40 - - [26/Apr/2022:10:36:16 +0200] "GET /batman-satchel-p-30369.html HTTP/1.0" 200 73522 "-" "Mozilla/5.0 (compatible; SemrushBot/7~bl; +http://www.semrush.com/bot.html)"
66.249.66.214 - - [26/Apr/2022:10:36:18 +0200] "GET /maisy-pencil-p-1650.html HTTP/1.0" 200 70852 "-" "Mozilla/5.0 (Linux; Android 6.0.1; Nexus 5X Build/MMB29P) AppleWebKit/537.36 (KHTML, like Gecko) Chrome/100.0.4896.127 Mobile Safari/537.36 (compatible; Googlebot/2.1; +http://www.google.com/bot.html)"
54.36.148.243 - - [26/Apr/2022:10:36:36 +0200] "GET /white-ceramic-p-55577.html HTTP/1.0" 200 73962 "-" "Mozilla/5.0 (compatible; AhrefsBot/7.0; +http://ahrefs.com/robot/)"
66.249.66.210 - - [26/Apr/2022:10:37:04 +0200] "GET /salt-with-wooden-spoon-aderne-p-54828.html HTTP/1.0" 200 73612 "-" "Mozilla/5.0 (Linux; Android 6.0.1; Nexus 5X Build/MMB29P) AppleWebKit/537.36 (KHTML, like Gecko) Chrome/100.0.4896.127 Mobile Safari/537.36 (compatible; Googlebot/2.1; +http://www.google.com/bot.html)"
185.191.171.4 - - [26/Apr/2022:10:37:40 +0200] "GET /cotton-floor-cushion-grey-45-cm-p-48312.html HTTP/1.0" 301 74190 "-" "Mozilla/5.0 (compatible; SemrushBot/7~bl; +http://www.semrush.com/bot.html)"
185.191.171.25 - - [26/Apr/2022:10:37:45 +0200] "GET /cotton-floor-cushion-grey-p-48312.html HTTP/1.0" 200 74098 "-" "Mozilla/5.0 (compatible; SemrushBot/7~bl; +http://www.semrush.com/bot.html)"
54.36.148.243 - - [26/Apr/2022:10:37:49 +0200] "GET /resin-chess-lamp-p-53607.html HTTP/1.0" 200 74119 "-" "Mozilla/5.0 (compatible; AhrefsBot/7.0; +http://ahrefs.com/robot/)"
66.249.66.212 - - [26/Apr/2022:10:37:50 +0200] "GET /sugar-box-c-13_150_152.html HTTP/1.0" 301 91013 "-" "Mozilla/5.0 (compatible; Googlebot/2.1; +http://www.google.com/bot.html)"
66.249.66.210 - - [26/Apr/2022:10:37:53 +0200] "GET /sugar-c-152.html HTTP/1.0" 301 90767 "-" "Mozilla/5.0 (compatible; Googlebot/2.1; +http://www.google.com/bot.html)"
66.249.66.210 - - [26/Apr/2022:10:37:55 +0200] "GET /sugar-c-13_150_152.html HTTP/1.0" 200 90943 "-" "Mozilla/5.0 (compatible; Googlebot/2.1; +http://www.google.com/bot.html)"
185.191.171.2 - - [26/Apr/2022:10:38:00 +0200] "GET /barbapapa-white-hat-years-p-22121.html HTTP/1.0" 301 70875 "-" "Mozilla/5.0 (compatible; SemrushBot/7~bl; +http://www.semrush.com/bot.html)"
185.191.171.4 - - [26/Apr/2022:10:38:03 +0200] "GET /-p-22121.html HTTP/1.0" 200 70808 "-" "Mozilla/5.0 (compatible; SemrushBot/7~bl; +http://www.semrush.com/bot.html)"
185.191.171.1 - - [26/Apr/2022:10:38:31 +0200] "GET /terracotta-piggy-bank-with-small-hammer-p-30025.html HTTP/1.0" 200 70962 "-" "Mozilla/5.0 (compatible; SemrushBot/7~bl; +http://www.semrush.com/bot.html)"
66.249.66.210 - - [26/Apr/2022:10:38:36 +0200] "GET /route-cosmetic-p-7838.html HTTP/1.0" 200 73512 "-" "Mozilla/5.0 (Linux; Android 6.0.1; Nexus 5X Build/MMB29P) AppleWebKit/537.36 (KHTML, like Gecko) Chrome/100.0.4896.127 Mobile Safari/537.36 (compatible; Googlebot/2.1; +http://www.google.com/bot.html)"
47.254.91.80 - - [26/Apr/2022:10:38:41 +0200] "GET /images/mini_prod/3609810063686.jpg HTTP/1.0" 200 269 "-" "Mozilla/5.0 (X11; Ubuntu; Linux x86_64; rv:72.0) Gecko/20100101 Firefox/72.0"
54.36.148.243 - - [26/Apr/2022:10:38:57 +0200] "GET /large-zebra-table-lamp-p-54691.html HTTP/1.0" 200 74090 "-" "Mozilla/5.0 (compatible; AhrefsBot/7.0; +http://ahrefs.com/robot/)"
185.191.171.42 - - [26/Apr/2022:10:38:57 +0200] "GET /dreaming-floating-lights-rapunzel-tower-masterpiece-p-56849.html HTTP/1.0" 200 75104 "-" "Mozilla/5.0 (compatible; SemrushBot/7~bl; +http://www.semrush.com/bot.html)"
66.249.66.212 - - [26/Apr/2022:10:39:22 +0200] "GET /piggy-bank-multicolored-p-54865.html HTTP/1.0" 200 74603 "-" "Mozilla/5.0 (Linux; Android 6.0.1; Nexus 5X Build/MMB29P) AppleWebKit/537.36 (KHTML, like Gecko) Chrome/100.0.4896.127 Mobile Safari/537.36 (compatible; Googlebot/2.1; +http://www.google.com/bot.html)"
54.36.148.243 - - [26/Apr/2022:10:40:03 +0200] "GET /singing-bowl-p-42027.html HTTP/1.0" 200 73400 "-" "Mozilla/5.0 (compatible; AhrefsBot/7.0; +http://ahrefs.com/robot/)"
157.90.128.183 - - [26/Apr/2022:10:40:07 +0200] "GET /images/mini_prod/3585190646254.jpg HTTP/1.0" 200 269 "-" "Mozilla/5.0 (X11; Ubuntu; Linux x86_64; rv:72.0) Gecko/20100101 Firefox/72.0"
185.191.171.34 - - [26/Apr/2022:10:40:04 +0200] "GET /specials.php?page=78 HTTP/1.0" 200 117820 "-" "Mozilla/5.0 (compatible; SemrushBot/7~bl; +http://www.semrush.com/bot.html)"
66.249.66.214 - - [26/Apr/2022:10:40:08 +0200] "GET /small-digital-alarm-clock-paris-saint-germain-p-50781.html HTTP/1.0" 200 74381 "-" "Mozilla/5.0 (Linux; Android 6.0.1; Nexus 5X Build/MMB29P) AppleWebKit/537.36 (KHTML, like Gecko) Chrome/100.0.4896.127 Mobile Safari/537.36 (compatible; Googlebot/2.1; +http://www.google.com/bot.html)"
185.191.171.16 - - [26/Apr/2022:10:40:24 +0200] "GET /retro-alarm-clock-flip-yellow-p-53136.html HTTP/1.0" 200 73541 "-" "Mozilla/5.0 (compatible; SemrushBot/7~bl; +http://www.semrush.com/bot.html)"
40.125.96.140 - - [26/Apr/2022:10:40:33 +0200] "GET /images/mini_prod/3453131155168.jpg HTTP/1.0" 200 269 "-" "Mozilla/5.0 (Windows NT 10.0; WOW64) AppleWebKit/537.36 (KHTML, like Gecko) Chrome/67.0.3396.99 Safari/537.36"
185.191.171.9 - - [26/Apr/2022:10:40:34 +0200] "GET /cologne-toothbrushes-p-36617.html HTTP/1.0" 200 73536 "-" "Mozilla/5.0 (compatible; SemrushBot/7~bl; +http://www.semrush.com/bot.html)"
185.191.171.9 - - [26/Apr/2022:10:40:45 +0200] "GET /coca-cola-large-box-p-38446.html HTTP/1.0" 301 70948 "-" "Mozilla/5.0 (compatible; SemrushBot/7~bl; +http://www.semrush.com/bot.html)"
185.191.171.34 - - [26/Apr/2022:10:40:48 +0200] "GET /coca-cola-large-p-38446.html HTTP/1.0" 200 70866 "-" "Mozilla/5.0 (compatible; SemrushBot/7~bl; +http://www.semrush.com/bot.html)"
66.249.66.210 - - [26/Apr/2022:10:40:54 +0200] "GET /little-prince-exupery-little-tray-p-55869.html HTTP/1.0" 200 73820 "-" "Mozilla/5.0 (Linux; Android 6.0.1; Nexus 5X Build/MMB29P) AppleWebKit/537.36 (KHTML, like Gecko) Chrome/100.0.4896.127 Mobile Safari/537.36 (compatible; Googlebot/2.1; +http://www.google.com/bot.html)"
113.207.6.244 - - [26/Apr/2022:10:41:00 +0200] "GET /images/mini_prod/5051265800404.jpg HTTP/1.0" 200 269 "-" "Mozilla/5.0 (X11; Ubuntu; Linux x86_64; rv:72.0) Gecko/20100101 Firefox/72.0"
54.36.148.243 - - [26/Apr/2022:10:41:18 +0200] "GET /white-sage-california-incense-p-48492.html HTTP/1.0" 200 73514 "-" "Mozilla/5.0 (compatible; AhrefsBot/7.0; +http://ahrefs.com/robot/)"
185.191.171.43 - - [26/Apr/2022:10:41:26 +0200] "GET /nici-horse-memo-box-p-12300.html HTTP/1.0" 301 70968 "-" "Mozilla/5.0 (compatible; SemrushBot/7~bl; +http://www.semrush.com/bot.html)"
185.191.171.39 - - [26/Apr/2022:10:41:29 +0200] "GET /nici-horse-memo-p-12300.html HTTP/1.0" 200 70886 "-" "Mozilla/5.0 (compatible; SemrushBot/7~bl; +http://www.semrush.com/bot.html)"
185.191.171.12 - - [26/Apr/2022:10:41:36 +0200] "GET /adhesive-wall-decoration-couple-cockatoo-p-53910.html HTTP/1.0" 200 74538 "-" "Mozilla/5.0 (compatible; SemrushBot/7~bl; +http://www.semrush.com/bot.html)"
66.249.66.210 - - [26/Apr/2022:10:41:39 +0200] "GET /ceramic-dish-p-45516.html HTTP/1.0" 200 73388 "-" "Mozilla/5.0 (Linux; Android 6.0.1; Nexus 5X Build/MMB29P) AppleWebKit/537.36 (KHTML, like Gecko) Chrome/100.0.4896.127 Mobile Safari/537.36 (compatible; Googlebot/2.1; +http://www.google.com/bot.html)"
66.249.66.212 - - [26/Apr/2022:10:42:25 +0200] "GET /piggy-bank-p-54810.html HTTP/1.0" 200 73558 "-" "Mozilla/5.0 (Linux; Android 6.0.1; Nexus 5X Build/MMB29P) AppleWebKit/537.36 (KHTML, like Gecko) Chrome/100.0.4896.127 Mobile Safari/537.36 (compatible; Googlebot/2.1; +http://www.google.com/bot.html)"
54.36.148.243 - - [26/Apr/2022:10:42:35 +0200] "GET /cardmaking-c-129_128.html?page=2 HTTP/1.0" 200 92877 "-" "Mozilla/5.0 (compatible; AhrefsBot/7.0; +http://ahrefs.com/robot/)"
185.191.171.9 - - [26/Apr/2022:10:42:35 +0200] "GET /agostini-large-metal-plate-deco-p-27967.html HTTP/1.0" 200 73507 "-" "Mozilla/5.0 (compatible; SemrushBot/7~bl; +http://www.semrush.com/bot.html)"
66.249.66.214 - - [26/Apr/2022:10:43:11 +0200] "GET /tray-legs-metal-black-p-57407.html HTTP/1.0" 200 74285 "-" "Mozilla/5.0 (Linux; Android 6.0.1; Nexus 5X Build/MMB29P) AppleWebKit/537.36 (KHTML, like Gecko) Chrome/100.0.4896.127 Mobile Safari/537.36 (compatible; Googlebot/2.1; +http://www.google.com/bot.html)"
54.36.148.243 - - [26/Apr/2022:10:43:46 +0200] "GET /ceramic-planter-green-p-55309.html HTTP/1.0" 200 74176 "-" "Mozilla/5.0 (compatible; AhrefsBot/7.0; +http://ahrefs.com/robot/)"
66.249.66.210 - - [26/Apr/2022:10:43:57 +0200] "GET /glass-glitter-paperweight-p-56011.html HTTP/1.0" 200 74104 "-" "Mozilla/5.0 (Linux; Android 6.0.1; Nexus 5X Build/MMB29P) AppleWebKit/537.36 (KHTML, like Gecko) Chrome/100.0.4896.127 Mobile Safari/537.36 (compatible; Googlebot/2.1; +http://www.google.com/bot.html)"
66.249.66.214 - - [26/Apr/2022:10:44:43 +0200] "GET /traditional-penguin-water-bottle-p-54177.html HTTP/1.0" 200 73592 "-" "Mozilla/5.0 (Linux; Android 6.0.1; Nexus 5X Build/MMB29P) AppleWebKit/537.36 (KHTML, like Gecko) Chrome/100.0.4896.127 Mobile Safari/537.36 (compatible; Googlebot/2.1; +http://www.google.com/bot.html)"
54.36.148.243 - - [26/Apr/2022:10:45:10 +0200] "GET /scented-votive-candle-chakra-p-55356.html HTTP/1.0" 200 75056 "-" "Mozilla/5.0 (compatible; AhrefsBot/7.0; +http://ahrefs.com/robot/)"
185.191.171.33 - - [26/Apr/2022:10:45:15 +0200] "GET /holiday-moneybox-p-55012.html HTTP/1.0" 200 74000 "-" "Mozilla/5.0 (compatible; SemrushBot/7~bl; +http://www.semrush.com/bot.html)"
185.191.171.9 - - [26/Apr/2022:10:45:19 +0200] "GET /votive-candle-hours-strawberry-cream-p-38108.html?action=add_product HTTP/1.0" 302 476 "-" "Mozilla/5.0 (compatible; SemrushBot/7~bl; +http://www.semrush.com/bot.html)"
40.64.89.41 - - [26/Apr/2022:10:45:20 +0200] "GET /images/mini_prod/1361623281047.jpg HTTP/1.0" 200 269 "-" "Mozilla/5.0 (Windows NT 10.0; WOW64) AppleWebKit/537.36 (KHTML, like Gecko) Chrome/68.0.3440.106 Safari/537.36"
66.249.66.212 - - [26/Apr/2022:10:45:29 +0200] "GET /decoration-hourglass-glass-sand-glitter-black-p-53617.html HTTP/1.0" 200 73677 "-" "Mozilla/5.0 (Linux; Android 6.0.1; Nexus 5X Build/MMB29P) AppleWebKit/537.36 (KHTML, like Gecko) Chrome/100.0.4896.127 Mobile Safari/537.36 (compatible; Googlebot/2.1; +http://www.google.com/bot.html)"
54.36.148.193 - - [26/Apr/2022:10:46:01 +0200] "GET /toro-tapas-feria-trivet-p-34525.html HTTP/1.0" 301 70875 "-" "Mozilla/5.0 (compatible; AhrefsBot/7.0; +http://ahrefs.com/robot/)"
66.249.66.212 - - [26/Apr/2022:10:46:14 +0200] "GET /mani-the-lucky-cat-white-pink-and-turquoise-pattern-keychain-p-33272.html HTTP/1.0" 301 71190 "-" "Mozilla/5.0 (compatible; Googlebot/2.1; +http://www.google.com/bot.html)"
66.249.66.212 - - [26/Apr/2022:10:46:16 +0200] "GET /mani-lucky-white-pink-turquoise-pattern-keychain-p-33272.html HTTP/1.0" 200 71075 "-" "Mozilla/5.0 (compatible; Googlebot/2.1; +http://www.google.com/bot.html)"
185.191.171.22 - - [26/Apr/2022:10:46:17 +0200] "GET /light-bulb-loop-p-42512.html?action=add_product HTTP/1.0" 302 476 "-" "Mozilla/5.0 (compatible; SemrushBot/7~bl; +http://www.semrush.com/bot.html)"
54.36.148.243 - - [26/Apr/2022:10:46:20 +0200] "GET /mini-trays-c-12_159_260.html HTTP/1.0" 200 92906 "-" "Mozilla/5.0 (compatible; AhrefsBot/7.0; +http://ahrefs.com/robot/)"
185.191.171.7 - - [26/Apr/2022:10:46:57 +0200] "GET /ceramic-salt-p-44020.html?action=add_product HTTP/1.0" 302 476 "-" "Mozilla/5.0 (compatible; SemrushBot/7~bl; +http://www.semrush.com/bot.html)"
77.88.5.208 - - [26/Apr/2022:10:46:59 +0200] "GET /cats-dubout-sugar-p-55416.html HTTP/1.0" 200 73577 "-" "Mozilla/5.0 (compatible; YandexBot/3.0; +http://yandex.com/bots)"
66.249.66.210 - - [26/Apr/2022:10:47:00 +0200] "GET /cbkration-toiletry-p-41267.html HTTP/1.0" 200 73561 "-" "Mozilla/5.0 (Linux; Android 6.0.1; Nexus 5X Build/MMB29P) AppleWebKit/537.36 (KHTML, like Gecko) Chrome/100.0.4896.127 Mobile Safari/537.36 (compatible; Googlebot/2.1; +http://www.google.com/bot.html)"
185.191.171.42 - - [26/Apr/2022:10:47:25 +0200] "GET /bears-decoration-statuette-p-49225.html HTTP/1.0" 200 73528 "-" "Mozilla/5.0 (compatible; SemrushBot/7~bl; +http://www.semrush.com/bot.html)"
66.249.66.210 - - [26/Apr/2022:10:47:32 +0200] "GET /images/big_prod/8424346229185.jpg HTTP/1.0" 200 268 "-" "Googlebot-Image/1.0"
185.191.171.9 - - [26/Apr/2022:10:47:38 +0200] "GET /lisboa-p-47118.html?action=add_product HTTP/1.0" 302 476 "-" "Mozilla/5.0 (compatible; SemrushBot/7~bl; +http://www.semrush.com/bot.html)"
66.249.66.210 - - [26/Apr/2022:10:47:46 +0200] "GET /resin-decoration-bird-p-56203.html HTTP/1.0" 301 74275 "-" "Mozilla/5.0 (Linux; Android 6.0.1; Nexus 5X Build/MMB29P) AppleWebKit/537.36 (KHTML, like Gecko) Chrome/100.0.4896.127 Mobile Safari/537.36 (compatible; Googlebot/2.1; +http://www.google.com/bot.html)"
66.249.66.210 - - [26/Apr/2022:10:47:50 +0200] "GET /resin-decoration-butterfly-p-56203.html HTTP/1.0" 200 74182 "-" "Mozilla/5.0 (Linux; Android 6.0.1; Nexus 5X Build/MMB29P) AppleWebKit/537.36 (KHTML, like Gecko) Chrome/100.0.4896.127 Mobile Safari/537.36 (compatible; Googlebot/2.1; +http://www.google.com/bot.html)"
54.36.148.243 - - [26/Apr/2022:10:47:53 +0200] "GET /fashionista-minnie-daisy-figurine-p-57288.html HTTP/1.0" 200 74693 "-" "Mozilla/5.0 (compatible; AhrefsBot/7.0; +http://ahrefs.com/robot/)"
147.135.219.98 - - [26/Apr/2022:10:47:54 +0200] "GET /images/mini_prod/8433933238035.jpg HTTP/1.0" 200 269 "-" "python-urllib3/1.26.9"
147.135.219.98 - - [26/Apr/2022:10:47:54 +0200] "GET /images/mini_prod/8433933179604BB.jpg HTTP/1.0" 200 271 "-" "python-urllib3/1.26.9"
147.135.219.98 - - [26/Apr/2022:10:47:54 +0200] "GET /images/mini_prod/4029811379385.jpg HTTP/1.0" 200 269 "-" "python-urllib3/1.26.9"
147.135.219.98 - - [26/Apr/2022:10:47:54 +0200] "GET /images/mini_prod/8433933220627.jpg HTTP/1.0" 200 269 "-" "python-urllib3/1.26.9"
66.249.66.214 - - [26/Apr/2022:10:48:32 +0200] "GET /grey-metal-umbrella-stand-p-57539.html HTTP/1.0" 200 74112 "-" "Mozilla/5.0 (Linux; Android 6.0.1; Nexus 5X Build/MMB29P) AppleWebKit/537.36 (KHTML, like Gecko) Chrome/100.0.4896.127 Mobile Safari/537.36 (compatible; Googlebot/2.1; +http://www.google.com/bot.html)"
20.42.151.75 - - [26/Apr/2022:10:48:43 +0200] "GET /images/mini_prod/3565750040326.jpg HTTP/1.0" 200 269 "-" "Mozilla/5.0 (Windows NT 10.0; WOW64) AppleWebKit/537.36 (KHTML, like Gecko) Chrome/67.0.3396.99 Safari/537.36"
40.64.89.71 - - [26/Apr/2022:10:48:44 +0200] "GET /images/mini_prod/3760116310321.jpg HTTP/1.0" 200 269 "-" "Mozilla/4.0 (compatible; MSIE 7.0; Windows NT 6.0)"
185.191.171.8 - - [26/Apr/2022:10:48:55 +0200] "GET /york-retro-ottoman-storage-p-50174.html HTTP/1.0" 200 70930 "-" "Mozilla/5.0 (compatible; SemrushBot/7~bl; +http://www.semrush.com/bot.html)"
185.191.171.37 - - [26/Apr/2022:10:49:05 +0200] "GET /alarm-clock-cbkreation-p-24991.html HTTP/1.0" 200 73517 "-" "Mozilla/5.0 (compatible; SemrushBot/7~bl; +http://www.semrush.com/bot.html)"
54.36.148.243 - - [26/Apr/2022:10:49:10 +0200] "GET /joyful-farewell-snow-white-prince-seven-dwarfs-figurine-p-42611.html HTTP/1.0" 200 75247 "-" "Mozilla/5.0 (compatible; AhrefsBot/7.0; +http://ahrefs.com/robot/)"
66.249.66.214 - - [26/Apr/2022:10:49:18 +0200] "GET /himalayan-salt-crystal-lamp-cross-p-56838.html HTTP/1.0" 200 74732 "-" "Mozilla/5.0 (Linux; Android 6.0.1; Nexus 5X Build/MMB29P) AppleWebKit/537.36 (KHTML, like Gecko) Chrome/100.0.4896.127 Mobile Safari/537.36 (compatible; Googlebot/2.1; +http://www.google.com/bot.html)"
185.191.171.34 - - [26/Apr/2022:10:49:47 +0200] "GET /gorjuss-classic-stripe-large-structured-accessory-case-the-sca-p-43177.html HTTP/1.0" 301 74669 "-" "Mozilla/5.0 (compatible; SemrushBot/7~bl; +http://www.semrush.com/bot.html)"
185.191.171.34 - - [26/Apr/2022:10:49:53 +0200] "GET /gorjuss-classic-stripe-large-structured-accessory-case-p-43177.html HTTP/1.0" 200 74548 "-" "Mozilla/5.0 (compatible; SemrushBot/7~bl; +http://www.semrush.com/bot.html)"
66.249.66.210 - - [26/Apr/2022:10:50:04 +0200] "GET /baby-girl-angel-statue-angel-baptism-p-51135.html HTTP/1.0" 200 74272 "-" "Mozilla/5.0 (Linux; Android 6.0.1; Nexus 5X Build/MMB29P) AppleWebKit/537.36 (KHTML, like Gecko) Chrome/100.0.4896.127 Mobile Safari/537.36 (compatible; Googlebot/2.1; +http://www.google.com/bot.html)"
54.36.148.243 - - [26/Apr/2022:10:50:24 +0200] "GET /cardmaking-c-129_128.html?page=4 HTTP/1.0" 200 92944 "-" "Mozilla/5.0 (compatible; AhrefsBot/7.0; +http://ahrefs.com/robot/)"
185.191.171.41 - - [26/Apr/2022:10:50:42 +0200] "GET /paris-cover-iphone-etienne-boyer-p-24665.html?action=add_product HTTP/1.0" 302 476 "-" "Mozilla/5.0 (compatible; SemrushBot/7~bl; +http://www.semrush.com/bot.html)"
185.191.171.3 - - [26/Apr/2022:10:50:45 +0200] "GET /boho-indian-pouch-spirit-p-42921.html?action=add_product HTTP/1.0" 302 476 "-" "Mozilla/5.0 (compatible; SemrushBot/7~bl; +http://www.semrush.com/bot.html)"
66.249.66.210 - - [26/Apr/2022:10:50:49 +0200] "GET /dora-explorer-poncho-towels-p-12642.html HTTP/1.0" 200 70914 "-" "Mozilla/5.0 (Linux; Android 6.0.1; Nexus 5X Build/MMB29P) AppleWebKit/537.36 (KHTML, like Gecko) Chrome/100.0.4896.127 Mobile Safari/537.36 (compatible; Googlebot/2.1; +http://www.google.com/bot.html)"
51.68.224.127 - - [26/Apr/2022:10:50:56 +0200] "GET /adminweb/export_orders_xml.php?token=256de2z6edz6ed2z6DFSFsed2zed6zeDSFDSGdzedezfzf&maxorders=10&orderstart=1&status=14&start_date=2018-10-01 HTTP/1.0" 200 285 "-" "GesCom CharlotteBoutik Serveur"
51.68.224.127 - - [26/Apr/2022:10:50:56 +0200] "GET /adminweb/export_orders_xml.php?token=256de2z6edz6ed2z6DFSFsed2zed6zeDSFDSGdzedezfzf&maxorders=10&orderstart=1&status=6&start_date=2018-10-01 HTTP/1.0" 200 32798 "-" "GesCom CharlotteBoutik Serveur"
20.42.151.75 - - [26/Apr/2022:10:51:30 +0200] "GET /images/mini_prod/4007176122563.jpg HTTP/1.0" 200 269 "-" "Mozilla/4.0 (compatible; MSIE 7.0; Windows NT 6.0)"
66.249.66.214 - - [26/Apr/2022:10:51:38 +0200] "GET /robocar-poli-moving-p-32409.html HTTP/1.0" 200 73622 "-" "Mozilla/5.0 (Linux; Android 6.0.1; Nexus 5X Build/MMB29P) AppleWebKit/537.36 (KHTML, like Gecko) Chrome/100.0.4896.127 Mobile Safari/537.36 (compatible; Googlebot/2.1; +http://www.google.com/bot.html)"
54.36.148.243 - - [26/Apr/2022:10:51:42 +0200] "GET /beer-glass-bottle-opener-p-53485.html HTTP/1.0" 200 74467 "-" "Mozilla/5.0 (compatible; AhrefsBot/7.0; +http://ahrefs.com/robot/)"
40.125.96.140 - - [26/Apr/2022:10:51:53 +0200] "GET /images/mini_prod/1300000021227.jpg HTTP/1.0" 200 269 "-" "Mozilla/5.0 (X11; Linux x86_64) AppleWebKit/537.36 (KHTML, like Gecko) Chrome/62.0.3202.62 Safari/537.36"
147.92.229.61 - - [26/Apr/2022:10:52:08 +0200] "GET /images/mini_prod/1399984244135.jpg HTTP/1.0" 200 269 "-" "Mozilla/5.0 (X11; Ubuntu; Linux x86_64; rv:72.0) Gecko/20100101 Firefox/72.0"
27.54.150.186 - - [26/Apr/2022:10:52:13 +0200] "GET /contact_us.php HTTP/1.0" 200 26241 "http://www.wonder-geek.com/contact_us.php" "Mozilla/5.0 (Windows NT 10.0; Win64; x64) AppleWebKit/537.36 (KHTML, like Gecko) Chrome/83.0.4089.0 Safari/537.36"
66.249.66.210 - - [26/Apr/2022:10:52:21 +0200] "GET /cement-tile-stickers-p-58016.html HTTP/1.0" 200 74378 "-" "Mozilla/5.0 (Linux; Android 6.0.1; Nexus 5X Build/MMB29P) AppleWebKit/537.36 (KHTML, like Gecko) Chrome/100.0.4896.127 Mobile Safari/537.36 (compatible; Googlebot/2.1; +http://www.google.com/bot.html)"
17.121.115.72 - - [26/Apr/2022:10:52:38 +0200] "GET /images/mini_prod/3503420018978.jpg HTTP/1.0" 200 269 "-" "Mozilla/5.0 (Macintosh; Intel Mac OS X 10_15_5) AppleWebKit/605.1.15 (KHTML, like Gecko) Version/13.1.1 Safari/605.1.15 (Applebot/0.1; +http://www.apple.com/go/applebot)"
185.191.171.9 - - [26/Apr/2022:10:52:39 +0200] "GET /hello-kitty-white-tiara-p-13517.html?action=add_product HTTP/1.0" 302 476 "-" "Mozilla/5.0 (compatible; SemrushBot/7~bl; +http://www.semrush.com/bot.html)"
185.191.171.37 - - [26/Apr/2022:10:52:39 +0200] "GET /robots.txt HTTP/1.0" 200 245 "-" "Mozilla/5.0 (compatible; SemrushBot/7~bl; +http://www.semrush.com/bot.html)"
185.191.171.33 - - [26/Apr/2022:10:52:45 +0200] "GET /justice-figurine-resin-p-55663.html HTTP/1.0" 200 70904 "-" "Mozilla/5.0 (compatible; SemrushBot/7~bl; +http://www.semrush.com/bot.html)"
185.191.171.12 - - [26/Apr/2022:10:52:51 +0200] "GET /flower-life-pendant-silver-with-amethyst-p-45456.html HTTP/1.0" 200 73619 "-" "Mozilla/5.0 (compatible; SemrushBot/7~bl; +http://www.semrush.com/bot.html)"
54.36.148.243 - - [26/Apr/2022:10:52:53 +0200] "GET /jamaican-sound-clock-p-24960.html HTTP/1.0" 200 73419 "-" "Mozilla/5.0 (compatible; AhrefsBot/7.0; +http://ahrefs.com/robot/)"
185.191.171.6 - - [26/Apr/2022:10:53:00 +0200] "GET /basket-in-black-and-natural-palm-leaves-41-30-cm-p-48063.html HTTP/1.0" 301 71039 "-" "Mozilla/5.0 (compatible; SemrushBot/7~bl; +http://www.semrush.com/bot.html)"
185.191.171.36 - - [26/Apr/2022:10:53:02 +0200] "GET /basket-black-natural-palm-leaves-p-48063.html HTTP/1.0" 200 70940 "-" "Mozilla/5.0 (compatible; SemrushBot/7~bl; +http://www.semrush.com/bot.html)"
66.249.66.214 - - [26/Apr/2022:10:53:07 +0200] "GET /japanese-dragon-cast-iron-teapot-p-54872.html HTTP/1.0" 200 74216 "-" "Mozilla/5.0 (Linux; Android 6.0.1; Nexus 5X Build/MMB29P) AppleWebKit/537.36 (KHTML, like Gecko) Chrome/100.0.4896.127 Mobile Safari/537.36 (compatible; Googlebot/2.1; +http://www.google.com/bot.html)"
185.191.171.4 - - [26/Apr/2022:10:53:25 +0200] "GET /lilac-kitchen-towel-p-44422.html HTTP/1.0" 200 73461 "-" "Mozilla/5.0 (compatible; SemrushBot/7~bl; +http://www.semrush.com/bot.html)"
185.191.171.34 - - [26/Apr/2022:10:53:53 +0200] "GET /earth-globe-decoration-p-50869.html HTTP/1.0" 200 70886 "-" "Mozilla/5.0 (compatible; SemrushBot/7~bl; +http://www.semrush.com/bot.html)"
66.249.66.210 - - [26/Apr/2022:10:53:53 +0200] "GET /marnie-ceramic-butter-dish-p-56562.html HTTP/1.0" 200 70902 "-" "Mozilla/5.0 (Linux; Android 6.0.1; Nexus 5X Build/MMB29P) AppleWebKit/537.36 (KHTML, like Gecko) Chrome/100.0.4896.127 Mobile Safari/537.36 (compatible; Googlebot/2.1; +http://www.google.com/bot.html)"
54.36.148.243 - - [26/Apr/2022:10:54:06 +0200] "GET /kimmidoll-glasses-case-p-44289.html HTTP/1.0" 200 73509 "-" "Mozilla/5.0 (compatible; AhrefsBot/7.0; +http://ahrefs.com/robot/)"
185.191.171.1 - - [26/Apr/2022:10:54:30 +0200] "GET /deco-gold-cats-statue-p-44622.html HTTP/1.0" 200 73524 "-" "Mozilla/5.0 (compatible; SemrushBot/7~bl; +http://www.semrush.com/bot.html)"
113.207.6.244 - - [26/Apr/2022:10:54:32 +0200] "GET /images/mini_prod/8003990631829.jpg HTTP/1.0" 200 269 "-" "Mozilla/5.0 (X11; Ubuntu; Linux x86_64; rv:72.0) Gecko/20100101 Firefox/72.0"
66.249.66.210 - - [26/Apr/2022:10:54:32 +0200] "GET /miracle-tattoos-augmented-reality-p-30661.html HTTP/1.0" 200 74293 "-" "Mozilla/5.0 (Linux; Android 6.0.1; Nexus 5X Build/MMB29P) AppleWebKit/537.36 (KHTML, like Gecko) Chrome/100.0.4896.127 Mobile Safari/537.36 (compatible; Googlebot/2.1; +http://www.google.com/bot.html)"
66.249.66.212 - - [26/Apr/2022:10:54:39 +0200] "GET /london-phone-ashtray-p-40189.html HTTP/1.0" 200 73430 "-" "Mozilla/5.0 (Linux; Android 6.0.1; Nexus 5X Build/MMB29P) AppleWebKit/537.36 (KHTML, like Gecko) Chrome/100.0.4896.127 Mobile Safari/537.36 (compatible; Googlebot/2.1; +http://www.google.com/bot.html)"
185.191.171.26 - - [26/Apr/2022:10:54:57 +0200] "GET /andalusia-p-50766.html?action=add_product HTTP/1.0" 302 476 "-" "Mozilla/5.0 (compatible; SemrushBot/7~bl; +http://www.semrush.com/bot.html)"
77.88.5.208 - - [26/Apr/2022:10:54:59 +0200] "GET /images/3519570005560.jpg HTTP/1.0" 200 259 "-" "Mozilla/5.0 (compatible; YandexImages/3.0; +http://yandex.com/bots)"
77.88.5.208 - - [26/Apr/2022:10:55:04 +0200] "GET /shadow-frame-cats-dubout-what-dinner-p-35265.html HTTP/1.0" 200 70976 "-" "Mozilla/5.0 (compatible; YandexBot/3.0; +http://yandex.com/bots)"
17.121.115.185 - - [26/Apr/2022:10:55:05 +0200] "GET /kimmidoll-brush-p-42417.html HTTP/1.0" 200 73437 "-" "Mozilla/5.0 (Macintosh; Intel Mac OS X 10_15_5) AppleWebKit/605.1.15 (KHTML, like Gecko) Version/13.1.1 Safari/605.1.15 (Applebot/0.1; +http://www.apple.com/go/applebot)"
185.191.171.3 - - [26/Apr/2022:10:55:23 +0200] "GET /rusty-metal-hand-fatma-mobile-p-56717.html HTTP/1.0" 200 74354 "-" "Mozilla/5.0 (compatible; SemrushBot/7~bl; +http://www.semrush.com/bot.html)"
66.249.66.214 - - [26/Apr/2022:10:55:24 +0200] "GET /tree-life-with-infuser-p-56672.html HTTP/1.0" 200 73464 "-" "Mozilla/5.0 (Linux; Android 6.0.1; Nexus 5X Build/MMB29P) AppleWebKit/537.36 (KHTML, like Gecko) Chrome/100.0.4896.127 Mobile Safari/537.36 (compatible; Googlebot/2.1; +http://www.google.com/bot.html)"
54.36.148.243 - - [26/Apr/2022:10:55:25 +0200] "GET /plus-plus-pieces-midi-basic-p-19762.html HTTP/1.0" 200 74362 "-" "Mozilla/5.0 (compatible; AhrefsBot/7.0; +http://ahrefs.com/robot/)"
66.249.66.212 - - [26/Apr/2022:10:56:10 +0200] "GET /spiderman-mattress-swimming-pool-p-14357.html HTTP/1.0" 200 73877 "-" "Mozilla/5.0 (Linux; Android 6.0.1; Nexus 5X Build/MMB29P) AppleWebKit/537.36 (KHTML, like Gecko) Chrome/100.0.4896.127 Mobile Safari/537.36 (compatible; Googlebot/2.1; +http://www.google.com/bot.html)"
77.88.5.208 - - [26/Apr/2022:10:56:09 +0200] "GET /trivet-boards-c-12_158.html?page=2 HTTP/1.0" 200 94668 "-" "Mozilla/5.0 (compatible; YandexBot/3.0; +http://yandex.com/bots)"
27.54.150.186 - - [26/Apr/2022:10:56:25 +0200] "POST /contact_us.php?action=send HTTP/1.0" 200 26501 "http://www.wonder-geek.com/contact_us.php" "Mozilla/5.0 (Windows NT 10.0; Win64; x64) AppleWebKit/537.36 (KHTML, like Gecko) Chrome/83.0.4089.0 Safari/537.36"
54.36.148.243 - - [26/Apr/2022:10:56:51 +0200] "GET /incense-c-231_226.html?page=6 HTTP/1.0" 200 81091 "-" "Mozilla/5.0 (compatible; AhrefsBot/7.0; +http://ahrefs.com/robot/)"
157.55.39.101 - - [26/Apr/2022:10:56:51 +0200] "GET /saint-prayer-candle-novena-p-51640.html HTTP/1.0" 200 74310 "-" "Mozilla/5.0 (compatible; bingbot/2.0; +http://www.bing.com/bingbot.htm)"
66.249.66.210 - - [26/Apr/2022:10:56:56 +0200] "GET /hamburger-moneybox-p-55011.html HTTP/1.0" 200 73981 "-" "Mozilla/5.0 (Linux; Android 6.0.1; Nexus 5X Build/MMB29P) AppleWebKit/537.36 (KHTML, like Gecko) Chrome/100.0.4896.127 Mobile Safari/537.36 (compatible; Googlebot/2.1; +http://www.google.com/bot.html)"
47.254.23.237 - - [26/Apr/2022:10:57:01 +0200] "GET /images/mini_prod/3700551110698.jpg HTTP/1.0" 200 269 "-" "Mozilla/5.0 (X11; Ubuntu; Linux x86_64; rv:72.0) Gecko/20100101 Firefox/72.0"
185.191.171.39 - - [26/Apr/2022:10:57:09 +0200] "GET /artisan-plaster-thermometer-handcrafted-p-58003.html?action=add_product HTTP/1.0" 302 476 "-" "Mozilla/5.0 (compatible; SemrushBot/7~bl; +http://www.semrush.com/bot.html)"
185.191.171.1 - - [26/Apr/2022:10:57:21 +0200] "GET /home-and-decoration-c-13.html?page=52 HTTP/1.0" 301 92614 "-" "Mozilla/5.0 (compatible; SemrushBot/7~bl; +http://www.semrush.com/bot.html)"
185.191.171.7 - - [26/Apr/2022:10:57:25 +0200] "GET /home-decoration-c-13.html?page=52 HTTP/1.0" 200 92527 "-" "Mozilla/5.0 (compatible; SemrushBot/7~bl; +http://www.semrush.com/bot.html)"
185.191.171.26 - - [26/Apr/2022:10:57:38 +0200] "GET /glass-lamp-p-53383.html HTTP/1.0" 200 74414 "-" "Mozilla/5.0 (compatible; SemrushBot/7~bl; +http://www.semrush.com/bot.html)"
66.249.66.212 - - [26/Apr/2022:10:57:42 +0200] "GET /night-clothes-c-1_24.html HTTP/1.0" 200 69741 "-" "Mozilla/5.0 (Linux; Android 6.0.1; Nexus 5X Build/MMB29P) AppleWebKit/537.36 (KHTML, like Gecko) Chrome/100.0.4896.127 Mobile Safari/537.36 (compatible; Googlebot/2.1; +http://www.google.com/bot.html)"
77.88.5.208 - - [26/Apr/2022:10:57:48 +0200] "GET /-p-52096.html HTTP/1.0" 200 70808 "-" "Mozilla/5.0 (compatible; YandexBot/3.0; +http://yandex.com/bots)"
54.36.148.243 - - [26/Apr/2022:10:58:10 +0200] "GET /palo-santo-sacred-wood-sticks-small-p-57940.html HTTP/1.0" 200 75426 "-" "Mozilla/5.0 (compatible; AhrefsBot/7.0; +http://ahrefs.com/robot/)"
185.191.171.24 - - [26/Apr/2022:10:58:24 +0200] "GET /russian-dolls-rectangulary-cushion-by-cbkreation-p-23202.html HTTP/1.0" 301 71135 "-" "Mozilla/5.0 (compatible; SemrushBot/7~bl; +http://www.semrush.com/bot.html)"
66.249.66.214 - - [26/Apr/2022:10:58:28 +0200] "GET /heart-home-candle-stick-diffusers-gift-p-57110.html HTTP/1.0" 200 74816 "-" "Mozilla/5.0 (Linux; Android 6.0.1; Nexus 5X Build/MMB29P) AppleWebKit/537.36 (KHTML, like Gecko) Chrome/100.0.4896.127 Mobile Safari/537.36 (compatible; Googlebot/2.1; +http://www.google.com/bot.html)"
185.191.171.6 - - [26/Apr/2022:10:58:28 +0200] "GET /russian-dolls-rectangulary-cushion-cbkreation-p-23202.html HTTP/1.0" 200 71023 "-" "Mozilla/5.0 (compatible; SemrushBot/7~bl; +http://www.semrush.com/bot.html)"
77.88.5.208 - - [26/Apr/2022:10:58:34 +0200] "GET /mtal-signs-c-13_130.html?page=6 HTTP/1.0" 200 94939 "-" "Mozilla/5.0 (compatible; YandexBot/3.0; +http://yandex.com/bots)"
66.249.66.210 - - [26/Apr/2022:10:59:14 +0200] "GET /stationery-and-cardmaking/stationery-school-supplies/hello-kitty-set-pen-p-20079.html HTTP/1.0" 301 78161 "-" "Mozilla/5.0 (compatible; Googlebot/2.1; +http://www.google.com/bot.html)"
66.249.66.214 - - [26/Apr/2022:10:59:15 +0200] "GET /hello-kitty-p-20079.html HTTP/1.0" 200 78083 "-" "Mozilla/5.0 (compatible; Googlebot/2.1; +http://www.google.com/bot.html)"
185.191.171.6 - - [26/Apr/2022:10:59:21 +0200] "GET /glass-cutting-board-cbkreation-p-51281.html?action=add_product HTTP/1.0" 302 476 "-" "Mozilla/5.0 (compatible; SemrushBot/7~bl; +http://www.semrush.com/bot.html)"
185.191.171.18 - - [26/Apr/2022:10:59:23 +0200] "GET /glam-small-cbkreation-p-17543.html?action=add_product HTTP/1.0" 302 476 "-" "Mozilla/5.0 (compatible; SemrushBot/7~bl; +http://www.semrush.com/bot.html)"
54.36.148.243 - - [26/Apr/2022:10:59:25 +0200] "GET /alarms-clocks-c-13_65.html HTTP/1.0" 200 91964 "-" "Mozilla/5.0 (compatible; AhrefsBot/7.0; +http://ahrefs.com/robot/)"
66.249.66.212 - - [26/Apr/2022:10:59:59 +0200] "GET /incense-rose-grams-about-sticks-p-52436.html HTTP/1.0" 200 73725 "-" "Mozilla/5.0 (Linux; Android 6.0.1; Nexus 5X Build/MMB29P) AppleWebKit/537.36 (KHTML, like Gecko) Chrome/100.0.4896.127 Mobile Safari/537.36 (compatible; Googlebot/2.1; +http://www.google.com/bot.html)"
77.88.5.208 - - [26/Apr/2022:11:00:39 +0200] "GET /happy-colors-love-bowling-p-19017.html HTTP/1.0" 200 70906 "-" "Mozilla/5.0 (compatible; YandexBot/3.0; +http://yandex.com/bots)"
54.36.148.243 - - [26/Apr/2022:11:00:45 +0200] "GET /office-items-c-97_100.html HTTP/1.0" 200 90868 "-" "Mozilla/5.0 (compatible; AhrefsBot/7.0; +http://ahrefs.com/robot/)"
66.249.66.210 - - [26/Apr/2022:11:00:45 +0200] "GET /caps-scarfs-adults-c-53_138.html HTTP/1.0" 200 88002 "-" "Mozilla/5.0 (Linux; Android 6.0.1; Nexus 5X Build/MMB29P) AppleWebKit/537.36 (KHTML, like Gecko) Chrome/100.0.4896.127 Mobile Safari/537.36 (compatible; Googlebot/2.1; +http://www.google.com/bot.html)"
185.191.171.38 - - [26/Apr/2022:11:00:46 +0200] "GET /terracotta-ginkgo-cover-p-55529.html HTTP/1.0" 200 74174 "-" "Mozilla/5.0 (compatible; SemrushBot/7~bl; +http://www.semrush.com/bot.html)"
185.191.171.5 - - [26/Apr/2022:11:01:03 +0200] "GET /paris-wooden-frame-p-29215.html HTTP/1.0" 200 73404 "-" "Mozilla/5.0 (compatible; SemrushBot/7~bl; +http://www.semrush.com/bot.html)"
66.249.66.212 - - [26/Apr/2022:11:01:39 +0200] "GET /tarot-ganesh-wood-p-55099.html HTTP/1.0" 200 74291 "-" "Mozilla/5.0 (Linux; Android 6.0.1; Nexus 5X Build/MMB29P) AppleWebKit/537.36 (KHTML, like Gecko) Chrome/100.0.4896.127 Mobile Safari/537.36 (compatible; Googlebot/2.1; +http://www.google.com/bot.html)"
185.191.171.26 - - [26/Apr/2022:11:01:47 +0200] "GET /hanging-decoration-tour-de-france-p-52276.html HTTP/1.0" 301 73666 "-" "Mozilla/5.0 (compatible; SemrushBot/7~bl; +http://www.semrush.com/bot.html)"
185.191.171.16 - - [26/Apr/2022:11:01:54 +0200] "GET /hanging-decoration-tour-france-p-52276.html HTTP/1.0" 200 73569 "-" "Mozilla/5.0 (compatible; SemrushBot/7~bl; +http://www.semrush.com/bot.html)"
66.249.66.212 - - [26/Apr/2022:11:02:17 +0200] "GET /mala-aqua-aura-quartz-quality-beads-p-51001.html HTTP/1.0" 200 76750 "-" "Mozilla/5.0 (Linux; Android 6.0.1; Nexus 5X Build/MMB29P) AppleWebKit/537.36 (KHTML, like Gecko) Chrome/100.0.4896.127 Mobile Safari/537.36 (compatible; Googlebot/2.1; +http://www.google.com/bot.html)"
185.191.171.11 - - [26/Apr/2022:11:02:18 +0200] "GET /hello-kitty-flower-ceiling-light-glass-p-16149.html HTTP/1.0" 200 70950 "-" "Mozilla/5.0 (compatible; SemrushBot/7~bl; +http://www.semrush.com/bot.html)"
185.191.171.5 - - [26/Apr/2022:11:02:24 +0200] "GET /kids-school-bag-c-31_80.html?page=1 HTTP/1.0" 301 90904 "-" "Mozilla/5.0 (compatible; SemrushBot/7~bl; +http://www.semrush.com/bot.html)"
185.191.171.19 - - [26/Apr/2022:11:02:29 +0200] "GET /kids-school-c-80.html?page=1 HTTP/1.0" 301 90749 "-" "Mozilla/5.0 (compatible; SemrushBot/7~bl; +http://www.semrush.com/bot.html)"
185.191.171.26 - - [26/Apr/2022:11:02:34 +0200] "GET /kids-school-c-31_80.html?page=1 HTTP/1.0" 200 90822 "-" "Mozilla/5.0 (compatible; SemrushBot/7~bl; +http://www.semrush.com/bot.html)"
185.191.171.37 - - [26/Apr/2022:11:02:47 +0200] "GET /decorative-metal-plate-halte-p-51449.html HTTP/1.0" 200 70898 "-" "Mozilla/5.0 (compatible; SemrushBot/7~bl; +http://www.semrush.com/bot.html)"
66.249.66.212 - - [26/Apr/2022:11:03:03 +0200] "GET /wick-ellipse-candle-heart-home-snow-angel-p-57121.html HTTP/1.0" 200 74945 "-" "Mozilla/5.0 (Linux; Android 6.0.1; Nexus 5X Build/MMB29P) AppleWebKit/537.36 (KHTML, like Gecko) Chrome/100.0.4896.127 Mobile Safari/537.36 (compatible; Googlebot/2.1; +http://www.google.com/bot.html)"
185.191.171.35 - - [26/Apr/2022:11:03:09 +0200] "GET /nba-mug-p-57727.html?action=add_product HTTP/1.0" 302 476 "-" "Mozilla/5.0 (compatible; SemrushBot/7~bl; +http://www.semrush.com/bot.html)"
54.36.149.30 - - [26/Apr/2022:11:03:11 +0200] "GET /johnny-hallyday-case-lenticulaire-for-iphone-series-p-20613.html HTTP/1.0" 301 70875 "-" "Mozilla/5.0 (compatible; AhrefsBot/7.0; +http://ahrefs.com/robot/)"
157.55.39.101 - - [26/Apr/2022:11:03:12 +0200] "GET /floor-cushions-c-11_182.html HTTP/1.0" 200 91671 "-" "Mozilla/5.0 (compatible; bingbot/2.0; +http://www.bing.com/bingbot.htm)"
66.249.66.210 - - [26/Apr/2022:11:03:49 +0200] "GET /bodega-toothpick-display-p-39487.html HTTP/1.0" 200 70894 "-" "Mozilla/5.0 (compatible; Googlebot/2.1; +http://www.google.com/bot.html)"
17.121.115.177 - - [26/Apr/2022:11:04:03 +0200] "GET /relief-hanging-plate-place-bonheur-p-55674.html HTTP/1.0" 200 74326 "-" "Mozilla/5.0 (Macintosh; Intel Mac OS X 10_15_5) AppleWebKit/605.1.15 (KHTML, like Gecko) Version/13.1.1 Safari/605.1.15 (Applebot/0.1; +http://www.apple.com/go/applebot)"
185.191.171.5 - - [26/Apr/2022:11:04:30 +0200] "GET /bedside-lamp-copper-37-cm-p-52457.html HTTP/1.0" 301 70980 "-" "Mozilla/5.0 (compatible; SemrushBot/7~bl; +http://www.semrush.com/bot.html)"
66.249.66.214 - - [26/Apr/2022:11:04:35 +0200] "GET /statuette-sonny-angel-bobbing-head-p-54742.html HTTP/1.0" 200 70942 "-" "Mozilla/5.0 (Linux; Android 6.0.1; Nexus 5X Build/MMB29P) AppleWebKit/537.36 (KHTML, like Gecko) Chrome/100.0.4896.127 Mobile Safari/537.36 (compatible; Googlebot/2.1; +http://www.google.com/bot.html)"
185.191.171.4 - - [26/Apr/2022:11:04:35 +0200] "GET /bedside-lamp-copper-p-52457.html HTTP/1.0" 200 70894 "-" "Mozilla/5.0 (compatible; SemrushBot/7~bl; +http://www.semrush.com/bot.html)"
185.191.171.45 - - [26/Apr/2022:11:04:39 +0200] "GET /white-earth-table-lamp-p-55272.html HTTP/1.0" 200 74081 "-" "Mozilla/5.0 (compatible; SemrushBot/7~bl; +http://www.semrush.com/bot.html)"
40.91.79.117 - - [26/Apr/2022:11:04:43 +0200] "GET /images/mini_prod/1399986100026.jpg HTTP/1.0" 200 269 "-" "Mozilla/5.0 (Macintosh; U; PPC Mac OS X 10.5; en-US; rv:1.9.2.15) Gecko/20110303 Firefox/3.6.15"
185.191.171.6 - - [26/Apr/2022:11:04:43 +0200] "GET /marseille-women-black-shirt-p-31251.html?action=add_product HTTP/1.0" 302 476 "-" "Mozilla/5.0 (compatible; SemrushBot/7~bl; +http://www.semrush.com/bot.html)"
3.139.80.234 - - [26/Apr/2022:11:04:54 +0200] "GET /images/mini_prod/1399984241790.jpg HTTP/1.0" 200 269 "-" "Go-http-client/1.1"
185.191.171.15 - - [26/Apr/2022:11:05:04 +0200] "GET /kiub-collection-cats-cool-p-54783.html HTTP/1.0" 200 74294 "-" "Mozilla/5.0 (compatible; SemrushBot/7~bl; +http://www.semrush.com/bot.html)"
66.249.66.214 - - [26/Apr/2022:11:05:20 +0200] "GET /minions-pool-p-30356.html HTTP/1.0" 200 70854 "-" "Mozilla/5.0 (Linux; Android 6.0.1; Nexus 5X Build/MMB29P) AppleWebKit/537.36 (KHTML, like Gecko) Chrome/100.0.4896.127 Mobile Safari/537.36 (compatible; Googlebot/2.1; +http://www.google.com/bot.html)"
157.90.128.183 - - [26/Apr/2022:11:05:23 +0200] "GET /images/big_prod_1/b3014627896844.jpg HTTP/1.0" 200 271 "-" "Mozilla/5.0 (X11; Ubuntu; Linux x86_64; rv:72.0) Gecko/20100101 Firefox/72.0"
185.191.171.9 - - [26/Apr/2022:11:05:48 +0200] "GET /star-wars-anakin-character-p-47562.html HTTP/1.0" 301 70875 "-" "Mozilla/5.0 (compatible; SemrushBot/7~bl; +http://www.semrush.com/bot.html)"
185.191.171.20 - - [26/Apr/2022:11:05:52 +0200] "GET /-p-47562.html HTTP/1.0" 200 70808 "-" "Mozilla/5.0 (compatible; SemrushBot/7~bl; +http://www.semrush.com/bot.html)"
185.191.171.34 - - [26/Apr/2022:11:06:00 +0200] "GET /kori-kumi-green-wallet-p-30492.html HTTP/1.0" 200 73468 "-" "Mozilla/5.0 (compatible; SemrushBot/7~bl; +http://www.semrush.com/bot.html)"
66.249.66.212 - - [26/Apr/2022:11:06:06 +0200] "GET /dubout-cats-white-p-56339.html HTTP/1.0" 200 73999 "-" "Mozilla/5.0 (Linux; Android 6.0.1; Nexus 5X Build/MMB29P) AppleWebKit/537.36 (KHTML, like Gecko) Chrome/100.0.4896.127 Mobile Safari/537.36 (compatible; Googlebot/2.1; +http://www.google.com/bot.html)"
77.88.5.208 - - [26/Apr/2022:11:06:49 +0200] "GET /green-notes-manga-model-p-39452.html HTTP/1.0" 200 74184 "-" "Mozilla/5.0 (compatible; YandexBot/3.0; +http://yandex.com/bots)"
66.249.66.210 - - [26/Apr/2022:11:06:52 +0200] "GET /stainless-steel-piece-barbecue-p-55107.html HTTP/1.0" 200 75119 "-" "Mozilla/5.0 (Linux; Android 6.0.1; Nexus 5X Build/MMB29P) AppleWebKit/537.36 (KHTML, like Gecko) Chrome/100.0.4896.127 Mobile Safari/537.36 (compatible; Googlebot/2.1; +http://www.google.com/bot.html)"
51.68.224.127 - - [26/Apr/2022:11:07:04 +0200] "GET /adminweb/export_orders_xml.php?token=256de2z6edz6ed2z6DFSFsed2zed6zeDSFDSGdzedezfzf&maxorders=10&orderstart=1&status=14&start_date=2018-10-01 HTTP/1.0" 200 285 "-" "GesCom CharlotteBoutik Serveur"
51.68.224.127 - - [26/Apr/2022:11:07:05 +0200] "GET /adminweb/export_orders_xml.php?token=256de2z6edz6ed2z6DFSFsed2zed6zeDSFDSGdzedezfzf&maxorders=10&orderstart=1&status=6&start_date=2018-10-01 HTTP/1.0" 200 32798 "-" "GesCom CharlotteBoutik Serveur"
185.191.171.45 - - [26/Apr/2022:11:07:18 +0200] "GET /peas-russian-doll-iphone-phone-metal-cover-by-cbkreation-p-18551.html HTTP/1.0" 301 71178 "-" "Mozilla/5.0 (compatible; SemrushBot/7~bl; +http://www.semrush.com/bot.html)"
185.191.171.19 - - [26/Apr/2022:11:07:21 +0200] "GET /peas-russian-doll-iphone-phone-metal-cover-cbkreation-p-18551.html HTTP/1.0" 200 71058 "-" "Mozilla/5.0 (compatible; SemrushBot/7~bl; +http://www.semrush.com/bot.html)"
40.64.89.61 - - [26/Apr/2022:11:07:24 +0200] "GET /images/mini_prod/8424001552757.jpg HTTP/1.0" 200 269 "-" "Mozilla/5.0 (Macintosh; U; PPC Mac OS X 10.5; en-US; rv:1.9.2.15) Gecko/20110303 Firefox/3.6.15"
113.207.6.244 - - [26/Apr/2022:11:07:32 +0200] "GET /images/mini_prod/MISES-EN-SITUATION-03.jpg HTTP/1.0" 200 277 "-" "Mozilla/5.0 (X11; Ubuntu; Linux x86_64; rv:72.0) Gecko/20100101 Firefox/72.0"
66.249.66.214 - - [26/Apr/2022:11:07:38 +0200] "GET /pendants-necklaces-c-3_214.html HTTP/1.0" 200 90843 "-" "Mozilla/5.0 (Linux; Android 6.0.1; Nexus 5X Build/MMB29P) AppleWebKit/537.36 (KHTML, like Gecko) Chrome/100.0.4896.127 Mobile Safari/537.36 (compatible; Googlebot/2.1; +http://www.google.com/bot.html)"
185.191.171.5 - - [26/Apr/2022:11:07:42 +0200] "GET /allium-wall-stickers-p-42962.html HTTP/1.0" 200 73565 "-" "Mozilla/5.0 (compatible; SemrushBot/7~bl; +http://www.semrush.com/bot.html)"
17.121.115.228 - - [26/Apr/2022:11:07:52 +0200] "GET /-p-38872.html HTTP/1.0" 200 70808 "-" "Mozilla/5.0 (Macintosh; Intel Mac OS X 10_15_5) AppleWebKit/605.1.15 (KHTML, like Gecko) Version/13.1.1 Safari/605.1.15 (Applebot/0.1; +http://www.apple.com/go/applebot)"
66.249.66.214 - - [26/Apr/2022:11:08:03 +0200] "GET /corsican-adult-military-cbkration-p-36540.html HTTP/1.0" 200 73678 "-" "Mozilla/5.0 (Linux; Android 6.0.1; Nexus 5X Build/MMB29P) AppleWebKit/537.36 (KHTML, like Gecko) Chrome/100.0.4896.127 Mobile Safari/537.36 (compatible; Googlebot/2.1; +http://www.google.com/bot.html)"
66.249.66.212 - - [26/Apr/2022:11:08:22 +0200] "GET /marley-zippo-lighter-p-41035.html HTTP/1.0" 200 73912 "-" "Mozilla/5.0 (compatible; Googlebot/2.1; +http://www.google.com/bot.html)"
66.249.66.210 - - [26/Apr/2022:11:08:24 +0200] "GET /ethnic-leopard-decorative-statuette-p-55277.html HTTP/1.0" 200 73696 "-" "Mozilla/5.0 (Linux; Android 6.0.1; Nexus 5X Build/MMB29P) AppleWebKit/537.36 (KHTML, like Gecko) Chrome/100.0.4896.127 Mobile Safari/537.36 (compatible; Googlebot/2.1; +http://www.google.com/bot.html)"
40.91.113.104 - - [26/Apr/2022:11:08:37 +0200] "GET /images/mini_prod/3574642579813.jpg HTTP/1.0" 200 269 "-" "Mozilla/5.0 (X11; Linux x86_64) AppleWebKit/537.36 (KHTML, like Gecko) Chrome/62.0.3202.62 Safari/537.36"
17.121.112.27 - - [26/Apr/2022:11:08:41 +0200] "GET /multifunctional-clamp-stainless-steel-p-37497.html HTTP/1.0" 200 73663 "-" "Mozilla/5.0 (Macintosh; Intel Mac OS X 10_15_5) AppleWebKit/605.1.15 (KHTML, like Gecko) Version/13.1.1 Safari/605.1.15 (Applebot/0.1; +http://www.apple.com/go/applebot)"
66.249.66.212 - - [26/Apr/2022:11:09:09 +0200] "GET /cotton-kitchen-towel-vieillis-p-55956.html HTTP/1.0" 200 73561 "-" "Mozilla/5.0 (Linux; Android 6.0.1; Nexus 5X Build/MMB29P) AppleWebKit/537.36 (KHTML, like Gecko) Chrome/100.0.4896.127 Mobile Safari/537.36 (compatible; Googlebot/2.1; +http://www.google.com/bot.html)"
185.191.171.15 - - [26/Apr/2022:11:09:33 +0200] "GET /gorjuss-cards-supplied-with-envelope-sweet-p-53416.html HTTP/1.0" 200 73754 "-" "Mozilla/5.0 (compatible; SemrushBot/7~bl; +http://www.semrush.com/bot.html)"
216.244.66.242 - - [26/Apr/2022:11:09:46 +0200] "GET /robots.txt HTTP/1.0" 200 245 "-" "Mozilla/5.0 (compatible; DotBot/1.2; +https://opensiteexplorer.org/dotbot; help@moz.com)"
66.249.66.210 - - [26/Apr/2022:11:09:55 +0200] "GET /horses-cosmetic-p-24232.html HTTP/1.0" 200 73498 "-" "Mozilla/5.0 (Linux; Android 6.0.1; Nexus 5X Build/MMB29P) AppleWebKit/537.36 (KHTML, like Gecko) Chrome/100.0.4896.127 Mobile Safari/537.36 (compatible; Googlebot/2.1; +http://www.google.com/bot.html)"
185.191.171.10 - - [26/Apr/2022:11:10:04 +0200] "GET /canvas-fatima-hand-p-47494.html?action=add_product HTTP/1.0" 302 476 "-" "Mozilla/5.0 (compatible; SemrushBot/7~bl; +http://www.semrush.com/bot.html)"
40.64.89.61 - - [26/Apr/2022:11:10:09 +0200] "GET /images/mini_prod/1399984254394.jpg HTTP/1.0" 200 269 "-" "Mozilla/5.0 (Windows NT 10.0; WOW64) AppleWebKit/537.36 (KHTML, like Gecko) Chrome/68.0.3440.106 Safari/537.36"
77.88.5.208 - - [26/Apr/2022:11:10:19 +0200] "GET /winnie-pooh-pirate-figure-p-4716.html HTTP/1.0" 200 73594 "-" "Mozilla/5.0 (compatible; YandexBot/3.0; +http://yandex.com/bots)"
66.249.66.212 - - [26/Apr/2022:11:10:41 +0200] "GET /gorjuss-the-dreamer-zip-purse-p-25947.html HTTP/1.0" 301 71016 "-" "Mozilla/5.0 (compatible; Googlebot/2.1; +http://www.google.com/bot.html)"
66.249.66.214 - - [26/Apr/2022:11:10:43 +0200] "GET /gorjuss-dreamer-purse-p-25947.html HTTP/1.0" 200 70928 "-" "Mozilla/5.0 (compatible; Googlebot/2.1; +http://www.google.com/bot.html)"
147.92.153.11 - - [26/Apr/2022:11:10:45 +0200] "GET /images/big_prod/5051276448626.jpg HTTP/1.0" 200 268 "-" "Mozilla/5.0 (compatible; Linespider/1.1; +https://lin.ee/4dwXkTH)"
77.88.5.208 - - [26/Apr/2022:11:10:44 +0200] "GET /decorative-thermometer-metal-corsica-p-43596.html HTTP/1.0" 200 73648 "-" "Mozilla/5.0 (compatible; YandexBot/3.0; +http://yandex.com/bots)"
66.249.66.212 - - [26/Apr/2022:11:11:22 +0200] "GET /ceramic-dish-p-45516.html HTTP/1.0" 200 73388 "-" "Mozilla/5.0 (compatible; Googlebot/2.1; +http://www.google.com/bot.html)"
66.249.66.212 - - [26/Apr/2022:11:11:27 +0200] "GET /baby-girl-angel-statue-angel-baptism-p-54306.html HTTP/1.0" 200 74274 "-" "Mozilla/5.0 (Linux; Android 6.0.1; Nexus 5X Build/MMB29P) AppleWebKit/537.36 (KHTML, like Gecko) Chrome/100.0.4896.127 Mobile Safari/537.36 (compatible; Googlebot/2.1; +http://www.google.com/bot.html)"
185.191.171.9 - - [26/Apr/2022:11:11:42 +0200] "GET /keyrings-c-3_52.html?page=7 HTTP/1.0" 200 95466 "-" "Mozilla/5.0 (compatible; SemrushBot/7~bl; +http://www.semrush.com/bot.html)"
185.191.171.35 - - [26/Apr/2022:11:12:00 +0200] "GET /gift-infuser-buddha-paradise-p-53439.html?action=add_product HTTP/1.0" 302 476 "-" "Mozilla/5.0 (compatible; SemrushBot/7~bl; +http://www.semrush.com/bot.html)"
40.64.89.71 - - [26/Apr/2022:11:12:02 +0200] "GET /images/mini_prod/1399984287316.jpg HTTP/1.0" 200 269 "-" "Mozilla/5.0 (X11; Linux x86_64) AppleWebKit/537.36 (KHTML, like Gecko) Chrome/62.0.3202.62 Safari/537.36"
185.191.171.4 - - [26/Apr/2022:11:12:05 +0200] "GET /glitter-adhesive-roll-pearl-grey-p-50482.html HTTP/1.0" 200 73808 "-" "Mozilla/5.0 (compatible; SemrushBot/7~bl; +http://www.semrush.com/bot.html)"
66.249.66.210 - - [26/Apr/2022:11:12:13 +0200] "GET /jar-for-jam-p-56573.html HTTP/1.0" 200 73331 "-" "Mozilla/5.0 (Linux; Android 6.0.1; Nexus 5X Build/MMB29P) AppleWebKit/537.36 (KHTML, like Gecko) Chrome/100.0.4896.127 Mobile Safari/537.36 (compatible; Googlebot/2.1; +http://www.google.com/bot.html)"
103.131.71.184 - - [26/Apr/2022:11:12:44 +0200] "GET /robots.txt HTTP/1.0" 301 531 "-" "Mozilla/5.0 (compatible; coccocbot-web/1.0; +http://help.coccoc.com/searchengine)"
47.89.211.98 - - [26/Apr/2022:11:12:46 +0200] "GET /images/mini_prod/1020322216650.jpg HTTP/1.0" 200 269 "-" "Mozilla/5.0 (X11; Ubuntu; Linux x86_64; rv:72.0) Gecko/20100101 Firefox/72.0"
103.131.71.184 - - [26/Apr/2022:11:12:46 +0200] "GET /robots.txt HTTP/1.0" 200 245 "-" "Mozilla/5.0 (compatible; coccocbot-web/1.0; +http://help.coccoc.com/searchengine)"
185.191.171.4 - - [26/Apr/2022:11:12:57 +0200] "GET /dubout-cats-white-mug-p-35239.html HTTP/1.0" 301 73489 "-" "Mozilla/5.0 (compatible; SemrushBot/7~bl; +http://www.semrush.com/bot.html)"
66.249.69.168 - - [26/Apr/2022:11:12:59 +0200] "GET /camargua-moroccan-ashtray-p-54602.html HTTP/1.0" 200 73421 "-" "Mozilla/5.0 (Linux; Android 6.0.1; Nexus 5X Build/MMB29P) AppleWebKit/537.36 (KHTML, like Gecko) Chrome/100.0.4896.127 Mobile Safari/537.36 (compatible; Googlebot/2.1; +http://www.google.com/bot.html)"
185.191.171.6 - - [26/Apr/2022:11:13:02 +0200] "GET /dubout-cats-white-p-35239.html HTTP/1.0" 200 73405 "-" "Mozilla/5.0 (compatible; SemrushBot/7~bl; +http://www.semrush.com/bot.html)"
211.249.40.15 - - [26/Apr/2022:11:13:16 +0200] "GET /images/mini_prod/3524550049182.jpg HTTP/1.0" 200 269 "-" "Mozilla/5.0 (X11; Ubuntu; Linux x86_64; rv:72.0) Gecko/20100101 Firefox/72.0"
185.191.171.6 - - [26/Apr/2022:11:13:39 +0200] "GET /patinated-metal-boat-clock-p-45712.html?action=add_product HTTP/1.0" 302 476 "-" "Mozilla/5.0 (compatible; SemrushBot/7~bl; +http://www.semrush.com/bot.html)"
185.191.171.44 - - [26/Apr/2022:11:13:43 +0200] "GET /elephant-statue-resin-p-54857.html HTTP/1.0" 200 70888 "-" "Mozilla/5.0 (compatible; SemrushBot/7~bl; +http://www.semrush.com/bot.html)"
66.249.66.210 - - [26/Apr/2022:11:13:45 +0200] "GET /book-lamp-real-wood-maple-size-p-54339.html HTTP/1.0" 200 74892 "-" "Mozilla/5.0 (Linux; Android 6.0.1; Nexus 5X Build/MMB29P) AppleWebKit/537.36 (KHTML, like Gecko) Chrome/100.0.4896.127 Mobile Safari/537.36 (compatible; Googlebot/2.1; +http://www.google.com/bot.html)"
