66.249.66.214 - - [26/Apr/2022:21:24:41 +0200] "GET /underclothes-c-1_25.html HTTP/1.0" 200 69734 "-" "Mozilla/5.0 (compatible; Googlebot/2.1; +http://www.google.com/bot.html)"
54.36.148.243 - - [26/Apr/2022:21:25:00 +0200] "GET /espresso-cups-olive-p-51373.html HTTP/1.0" 200 73469 "-" "Mozilla/5.0 (compatible; AhrefsBot/7.0; +http://ahrefs.com/robot/)"
185.191.171.12 - - [26/Apr/2022:21:25:24 +0200] "GET /plush-christmas-tree-decoration-p-49652.html HTTP/1.0" 200 73577 "-" "Mozilla/5.0 (compatible; SemrushBot/7~bl; +http://www.semrush.com/bot.html)"
66.249.66.214 - - [26/Apr/2022:21:25:26 +0200] "GET /water-bottle-children-liter-whale-p-57526.html HTTP/1.0" 200 74382 "-" "Mozilla/5.0 (Linux; Android 6.0.1; Nexus 5X Build/MMB29P) AppleWebKit/537.36 (KHTML, like Gecko) Chrome/100.0.4896.127 Mobile Safari/537.36 (compatible; Googlebot/2.1; +http://www.google.com/bot.html)"
185.191.171.4 - - [26/Apr/2022:21:25:48 +0200] "GET /kitchen-towel-brown-p-54118.html?action=add_product HTTP/1.0" 302 476 "-" "Mozilla/5.0 (compatible; SemrushBot/7~bl; +http://www.semrush.com/bot.html)"
185.191.171.11 - - [26/Apr/2022:21:25:50 +0200] "GET /paris-isothermic-stainless-steel-bottle-p-54047.html HTTP/1.0" 200 73655 "-" "Mozilla/5.0 (compatible; SemrushBot/7~bl; +http://www.semrush.com/bot.html)"
66.249.66.214 - - [26/Apr/2022:21:26:10 +0200] "GET /ceramic-dish-p-45516.html HTTP/1.0" 200 73388 "-" "Mozilla/5.0 (Linux; Android 6.0.1; Nexus 5X Build/MMB29P) AppleWebKit/537.36 (KHTML, like Gecko) Chrome/100.0.4896.127 Mobile Safari/537.36 (compatible; Googlebot/2.1; +http://www.google.com/bot.html)"
185.191.171.10 - - [26/Apr/2022:21:26:11 +0200] "GET /betty-boop-cup-saucer-set-p-35112.html HTTP/1.0" 301 70875 "-" "Mozilla/5.0 (compatible; SemrushBot/7~bl; +http://www.semrush.com/bot.html)"
185.191.171.14 - - [26/Apr/2022:21:26:15 +0200] "GET /-p-35112.html HTTP/1.0" 200 70808 "-" "Mozilla/5.0 (compatible; SemrushBot/7~bl; +http://www.semrush.com/bot.html)"
54.36.148.243 - - [26/Apr/2022:21:26:19 +0200] "GET /stone-carnelian-grams-p-46575.html HTTP/1.0" 200 74952 "-" "Mozilla/5.0 (compatible; AhrefsBot/7.0; +http://ahrefs.com/robot/)"
66.249.66.212 - - [26/Apr/2022:21:26:54 +0200] "GET /violetta-apron-chef-p-29524.html HTTP/1.0" 200 73588 "-" "Mozilla/5.0 (compatible; Googlebot/2.1; +http://www.google.com/bot.html)"
185.191.171.42 - - [26/Apr/2022:21:27:07 +0200] "GET /abstract-ceramic-motif-lamp-p-49335.html?action=add_product HTTP/1.0" 302 476 "-" "Mozilla/5.0 (compatible; SemrushBot/7~bl; +http://www.semrush.com/bot.html)"
185.191.171.9 - - [26/Apr/2022:21:27:09 +0200] "GET /bell-and-wall-bell-c-13_270.html?page=2 HTTP/1.0" 301 90525 "-" "Mozilla/5.0 (compatible; SemrushBot/7~bl; +http://www.semrush.com/bot.html)"
185.191.171.15 - - [26/Apr/2022:21:27:14 +0200] "GET /bell-wall-bell-c-270.html?page=2 HTTP/1.0" 301 90402 "-" "Mozilla/5.0 (compatible; SemrushBot/7~bl; +http://www.semrush.com/bot.html)"
185.191.171.22 - - [26/Apr/2022:21:27:19 +0200] "GET /bell-wall-bell-c-13_270.html?page=2 HTTP/1.0" 200 90439 "-" "Mozilla/5.0 (compatible; SemrushBot/7~bl; +http://www.semrush.com/bot.html)"
185.191.171.45 - - [26/Apr/2022:21:27:23 +0200] "GET /accessories-c-3.html?page=12 HTTP/1.0" 200 93455 "-" "Mozilla/5.0 (compatible; SemrushBot/7~bl; +http://www.semrush.com/bot.html)"
54.36.148.243 - - [26/Apr/2022:21:27:36 +0200] "GET /candle-holder-crown-chakra-p-48643.html HTTP/1.0" 200 73560 "-" "Mozilla/5.0 (compatible; AhrefsBot/7.0; +http://ahrefs.com/robot/)"
66.249.66.212 - - [26/Apr/2022:21:27:39 +0200] "GET /coconut-fibers-doormat-mandala-p-55102.html HTTP/1.0" 200 74394 "-" "Mozilla/5.0 (compatible; Googlebot/2.1; +http://www.google.com/bot.html)"
211.249.40.15 - - [26/Apr/2022:21:27:46 +0200] "GET /images/mini_prod/1384010206423.jpg HTTP/1.0" 200 269 "-" "Mozilla/5.0 (X11; Ubuntu; Linux x86_64; rv:72.0) Gecko/20100101 Firefox/72.0"
185.191.171.23 - - [26/Apr/2022:21:27:53 +0200] "GET /horse-dark-gray-resin-lamp-p-55131.html HTTP/1.0" 200 74435 "-" "Mozilla/5.0 (compatible; SemrushBot/7~bl; +http://www.semrush.com/bot.html)"
40.64.89.41 - - [26/Apr/2022:21:27:55 +0200] "GET /images/mini_prod/3700276274453.jpg HTTP/1.0" 200 269 "-" "Mozilla/5.0 (Windows NT 6.1; WOW64) AppleWebKit/537.36 (KHTML, like Gecko) Chrome/45.0.2454.101 Safari/537.36"
185.191.171.26 - - [26/Apr/2022:21:28:20 +0200] "GET /candle-hours-twilight-p-37313.html?action=add_product HTTP/1.0" 302 476 "-" "Mozilla/5.0 (compatible; SemrushBot/7~bl; +http://www.semrush.com/bot.html)"
66.249.66.210 - - [26/Apr/2022:21:28:23 +0200] "GET /cbkration-toiletry-p-41267.html HTTP/1.0" 200 73561 "-" "Mozilla/5.0 (Linux; Android 6.0.1; Nexus 5X Build/MMB29P) AppleWebKit/537.36 (KHTML, like Gecko) Chrome/100.0.4896.127 Mobile Safari/537.36 (compatible; Googlebot/2.1; +http://www.google.com/bot.html)"
40.64.89.41 - - [26/Apr/2022:21:28:25 +0200] "GET /images/mini_prod/3574642575167.jpg HTTP/1.0" 200 269 "-" "Mozilla/5.0 (Windows NT 10.0; ) Gecko/20100101 Firefox/61.0"
113.207.6.244 - - [26/Apr/2022:21:28:34 +0200] "GET /images/mini_prod/1399984264300.jpg HTTP/1.0" 200 269 "-" "Mozilla/5.0 (X11; Ubuntu; Linux x86_64; rv:72.0) Gecko/20100101 Firefox/72.0"
40.77.167.0 - - [26/Apr/2022:21:28:45 +0200] "GET /-p-25239.html HTTP/1.0" 200 70808 "-" "Mozilla/5.0 (compatible; bingbot/2.0; +http://www.bing.com/bingbot.htm)"
185.191.171.21 - - [26/Apr/2022:21:28:49 +0200] "GET /aluminum-bottle-girls-printed-france-p-56360.html?action=add_product HTTP/1.0" 302 476 "-" "Mozilla/5.0 (compatible; SemrushBot/7~bl; +http://www.semrush.com/bot.html)"
54.36.148.243 - - [26/Apr/2022:21:29:01 +0200] "GET /kimmidoll-saya-phone-cover-iphone-p-18047.html HTTP/1.0" 200 76271 "-" "Mozilla/5.0 (compatible; AhrefsBot/7.0; +http://ahrefs.com/robot/)"
66.249.66.214 - - [26/Apr/2022:21:29:08 +0200] "GET /salt-made-ceramic-bamboo-p-55754.html HTTP/1.0" 200 73534 "-" "Mozilla/5.0 (compatible; Googlebot/2.1; +http://www.google.com/bot.html)"
77.88.5.208 - - [26/Apr/2022:21:29:16 +0200] "GET /hello-kitty-sanrio-jean-p-30236.html HTTP/1.0" 200 74602 "-" "Mozilla/5.0 (compatible; YandexBot/3.0; +http://yandex.com/bots)"
185.191.171.19 - - [26/Apr/2022:21:29:18 +0200] "GET /my-little-pony-mini-led-lamp-p-31861.html HTTP/1.0" 301 70875 "-" "Mozilla/5.0 (compatible; SemrushBot/7~bl; +http://www.semrush.com/bot.html)"
211.249.40.15 - - [26/Apr/2022:21:29:22 +0200] "GET /images/mini_prod/1399984258408.jpg HTTP/1.0" 200 269 "-" "Mozilla/5.0 (X11; Ubuntu; Linux x86_64; rv:72.0) Gecko/20100101 Firefox/72.0"
185.191.171.2 - - [26/Apr/2022:21:29:21 +0200] "GET /-p-31861.html HTTP/1.0" 200 70808 "-" "Mozilla/5.0 (compatible; SemrushBot/7~bl; +http://www.semrush.com/bot.html)"
77.88.5.208 - - [26/Apr/2022:21:29:22 +0200] "GET /large-plush-tchoupi-p-27482.html HTTP/1.0" 200 73269 "-" "Mozilla/5.0 (compatible; YandexBot/3.0; +http://yandex.com/bots)"
185.191.171.26 - - [26/Apr/2022:21:29:49 +0200] "GET /washed-dyed-cotton-tablecloth-p-55050.html HTTP/1.0" 200 70914 "-" "Mozilla/5.0 (compatible; SemrushBot/7~bl; +http://www.semrush.com/bot.html)"
66.249.66.210 - - [26/Apr/2022:21:29:52 +0200] "GET /pepe-jeans-grey-backpack-laptop-p-33488.html HTTP/1.0" 301 73941 "-" "Mozilla/5.0 (compatible; Googlebot/2.1; +http://www.google.com/bot.html)"
66.249.66.210 - - [26/Apr/2022:21:29:54 +0200] "GET /jeans-grey-backpack-laptop-p-33488.html HTTP/1.0" 200 73848 "-" "Mozilla/5.0 (compatible; Googlebot/2.1; +http://www.google.com/bot.html)"
185.191.171.34 - - [26/Apr/2022:21:30:13 +0200] "GET /gift-infuser-mandala-white-p-55594.html?action=add_product HTTP/1.0" 302 476 "-" "Mozilla/5.0 (compatible; SemrushBot/7~bl; +http://www.semrush.com/bot.html)"
54.36.148.243 - - [26/Apr/2022:21:30:15 +0200] "GET /cushion-cherry-pits-p-46531.html HTTP/1.0" 200 73491 "-" "Mozilla/5.0 (compatible; AhrefsBot/7.0; +http://ahrefs.com/robot/)"
52.95.75.2 - - [26/Apr/2022:21:30:20 +0200] "GET /beloved-bear-winnie-pooh-personality-pose-figurine-p-54002.html HTTP/1.0" 200 75467 "https://www.google.com/" "Mozilla/5.0 (Windows NT 10.0; Win64; x64) AppleWebKit/537.36 (KHTML, like Gecko) Chrome/100.0.4896.127 Safari/537.36"
52.95.75.2 - - [26/Apr/2022:21:30:21 +0200] "GET /templates/Pixame_v1/stylesheet.css HTTP/1.0" 200 267 "http://www.wonder-geek.com/beloved-bear-winnie-pooh-personality-pose-figurine-p-54002.html" "Mozilla/5.0 (Windows NT 10.0; Win64; x64) AppleWebKit/537.36 (KHTML, like Gecko) Chrome/100.0.4896.127 Safari/537.36"
52.95.75.2 - - [26/Apr/2022:21:30:22 +0200] "GET /highslide/highslide.js HTTP/1.0" 200 262 "http://www.wonder-geek.com/beloved-bear-winnie-pooh-personality-pose-figurine-p-54002.html" "Mozilla/5.0 (Windows NT 10.0; Win64; x64) AppleWebKit/537.36 (KHTML, like Gecko) Chrome/100.0.4896.127 Safari/537.36"
52.95.75.2 - - [26/Apr/2022:21:30:22 +0200] "GET /js/jquery.js HTTP/1.0" 200 252 "http://www.wonder-geek.com/beloved-bear-winnie-pooh-personality-pose-figurine-p-54002.html" "Mozilla/5.0 (Windows NT 10.0; Win64; x64) AppleWebKit/537.36 (KHTML, like Gecko) Chrome/100.0.4896.127 Safari/537.36"
52.95.75.2 - - [26/Apr/2022:21:30:22 +0200] "GET /js/jquery.jqzoom.js HTTP/1.0" 200 259 "http://www.wonder-geek.com/beloved-bear-winnie-pooh-personality-pose-figurine-p-54002.html" "Mozilla/5.0 (Windows NT 10.0; Win64; x64) AppleWebKit/537.36 (KHTML, like Gecko) Chrome/100.0.4896.127 Safari/537.36"
52.95.75.2 - - [26/Apr/2022:21:30:22 +0200] "GET /mondial_relay/js/jquery-1.3.2.min.js HTTP/1.0" 200 276 "http://www.wonder-geek.com/beloved-bear-winnie-pooh-personality-pose-figurine-p-54002.html" "Mozilla/5.0 (Windows NT 10.0; Win64; x64) AppleWebKit/537.36 (KHTML, like Gecko) Chrome/100.0.4896.127 Safari/537.36"
52.95.75.2 - - [26/Apr/2022:21:30:23 +0200] "GET /swfobject.js HTTP/1.0" 404 1308 "http://www.wonder-geek.com/beloved-bear-winnie-pooh-personality-pose-figurine-p-54002.html" "Mozilla/5.0 (Windows NT 10.0; Win64; x64) AppleWebKit/537.36 (KHTML, like Gecko) Chrome/100.0.4896.127 Safari/537.36"
52.95.75.2 - - [26/Apr/2022:21:30:23 +0200] "GET /templates/Pixame_v1/images/icon_accueil2.png HTTP/1.0" 200 278 "http://www.wonder-geek.com/beloved-bear-winnie-pooh-personality-pose-figurine-p-54002.html" "Mozilla/5.0 (Windows NT 10.0; Win64; x64) AppleWebKit/537.36 (KHTML, like Gecko) Chrome/100.0.4896.127 Safari/537.36"
52.95.75.2 - - [26/Apr/2022:21:30:24 +0200] "GET /templates/Pixame_v1/images/infobox/pixel_trans.gif HTTP/1.0" 200 328 "http://www.wonder-geek.com/beloved-bear-winnie-pooh-personality-pose-figurine-p-54002.html" "Mozilla/5.0 (Windows NT 10.0; Win64; x64) AppleWebKit/537.36 (KHTML, like Gecko) Chrome/100.0.4896.127 Safari/537.36"
52.95.75.2 - - [26/Apr/2022:21:30:24 +0200] "GET /templates/Pixame_v1/images/pixel_trans.gif HTTP/1.0" 200 328 "http://www.wonder-geek.com/beloved-bear-winnie-pooh-personality-pose-figurine-p-54002.html" "Mozilla/5.0 (Windows NT 10.0; Win64; x64) AppleWebKit/537.36 (KHTML, like Gecko) Chrome/100.0.4896.127 Safari/537.36"
52.95.75.2 - - [26/Apr/2022:21:30:24 +0200] "GET /images/pixel_trans.gif HTTP/1.0" 200 328 "http://www.wonder-geek.com/beloved-bear-winnie-pooh-personality-pose-figurine-p-54002.html" "Mozilla/5.0 (Windows NT 10.0; Win64; x64) AppleWebKit/537.36 (KHTML, like Gecko) Chrome/100.0.4896.127 Safari/537.36"
52.95.75.2 - - [26/Apr/2022:21:30:24 +0200] "GET /images/big_prod/1328399282555.jpg HTTP/1.0" 200 268 "http://www.wonder-geek.com/beloved-bear-winnie-pooh-personality-pose-figurine-p-54002.html" "Mozilla/5.0 (Windows NT 10.0; Win64; x64) AppleWebKit/537.36 (KHTML, like Gecko) Chrome/100.0.4896.127 Safari/537.36"
52.95.75.2 - - [26/Apr/2022:21:30:24 +0200] "GET /images/big_prod_1/1328399282555b.jpg HTTP/1.0" 200 271 "http://www.wonder-geek.com/beloved-bear-winnie-pooh-personality-pose-figurine-p-54002.html" "Mozilla/5.0 (Windows NT 10.0; Win64; x64) AppleWebKit/537.36 (KHTML, like Gecko) Chrome/100.0.4896.127 Safari/537.36"
52.95.75.2 - - [26/Apr/2022:21:30:24 +0200] "GET /images/big_prod_2/1328399282555a.jpg HTTP/1.0" 200 271 "http://www.wonder-geek.com/beloved-bear-winnie-pooh-personality-pose-figurine-p-54002.html" "Mozilla/5.0 (Windows NT 10.0; Win64; x64) AppleWebKit/537.36 (KHTML, like Gecko) Chrome/100.0.4896.127 Safari/537.36"
52.95.75.2 - - [26/Apr/2022:21:30:24 +0200] "GET /templates/Pixame_v1/images/nav.png HTTP/1.0" 200 268 "http://www.wonder-geek.com/templates/Pixame_v1/stylesheet.css" "Mozilla/5.0 (Windows NT 10.0; Win64; x64) AppleWebKit/537.36 (KHTML, like Gecko) Chrome/100.0.4896.127 Safari/537.36"
52.95.75.2 - - [26/Apr/2022:21:30:24 +0200] "GET /templates/Pixame_v1/images/Bottom_texture.jpg HTTP/1.0" 200 280 "http://www.wonder-geek.com/templates/Pixame_v1/stylesheet.css" "Mozilla/5.0 (Windows NT 10.0; Win64; x64) AppleWebKit/537.36 (KHTML, like Gecko) Chrome/100.0.4896.127 Safari/537.36"
52.95.75.2 - - [26/Apr/2022:21:30:24 +0200] "GET /templates/Pixame_v1/images/header.png HTTP/1.0" 200 271 "http://www.wonder-geek.com/templates/Pixame_v1/stylesheet.css" "Mozilla/5.0 (Windows NT 10.0; Win64; x64) AppleWebKit/537.36 (KHTML, like Gecko) Chrome/100.0.4896.127 Safari/537.36"
52.95.75.2 - - [26/Apr/2022:21:30:24 +0200] "GET /templates/Pixame_v1/images/header-object.png HTTP/1.0" 200 278 "http://www.wonder-geek.com/templates/Pixame_v1/stylesheet.css" "Mozilla/5.0 (Windows NT 10.0; Win64; x64) AppleWebKit/537.36 (KHTML, like Gecko) Chrome/100.0.4896.127 Safari/537.36"
52.95.75.2 - - [26/Apr/2022:21:30:24 +0200] "GET /templates/Pixame_v1/images/Middle_texture.jpg HTTP/1.0" 200 280 "http://www.wonder-geek.com/templates/Pixame_v1/stylesheet.css" "Mozilla/5.0 (Windows NT 10.0; Win64; x64) AppleWebKit/537.36 (KHTML, like Gecko) Chrome/100.0.4896.127 Safari/537.36"
52.95.75.2 - - [26/Apr/2022:21:30:26 +0200] "GET /design/productsenstock.png HTTP/1.0" 200 260 "http://www.wonder-geek.com/templates/Pixame_v1/stylesheet.css" "Mozilla/5.0 (Windows NT 10.0; Win64; x64) AppleWebKit/537.36 (KHTML, like Gecko) Chrome/100.0.4896.127 Safari/537.36"
52.95.75.2 - - [26/Apr/2022:21:30:26 +0200] "GET /templates/Pixame_v1/images/infobox/infobox_footer_middle.gif HTTP/1.0" 200 357 "http://www.wonder-geek.com/beloved-bear-winnie-pooh-personality-pose-figurine-p-54002.html" "Mozilla/5.0 (Windows NT 10.0; Win64; x64) AppleWebKit/537.36 (KHTML, like Gecko) Chrome/100.0.4896.127 Safari/537.36"
52.95.75.2 - - [26/Apr/2022:21:30:26 +0200] "GET /highslide/graphics/zoomin.cur HTTP/1.0" 200 614 "http://www.wonder-geek.com/templates/Pixame_v1/stylesheet.css" "Mozilla/5.0 (Windows NT 10.0; Win64; x64) AppleWebKit/537.36 (KHTML, like Gecko) Chrome/100.0.4896.127 Safari/537.36"
52.95.75.2 - - [26/Apr/2022:21:30:27 +0200] "GET /images/big_prod_3/1328399282555c.jpg HTTP/1.0" 200 271 "http://www.wonder-geek.com/beloved-bear-winnie-pooh-personality-pose-figurine-p-54002.html" "Mozilla/5.0 (Windows NT 10.0; Win64; x64) AppleWebKit/537.36 (KHTML, like Gecko) Chrome/100.0.4896.127 Safari/537.36"
52.95.75.2 - - [26/Apr/2022:21:30:27 +0200] "GET /templates/Pixame_v1/images/buttons/english/button_in_cart.gif HTTP/1.0" 200 295 "http://www.wonder-geek.com/beloved-bear-winnie-pooh-personality-pose-figurine-p-54002.html" "Mozilla/5.0 (Windows NT 10.0; Win64; x64) AppleWebKit/537.36 (KHTML, like Gecko) Chrome/100.0.4896.127 Safari/537.36"
52.95.75.2 - - [26/Apr/2022:21:30:29 +0200] "GET /highslide/graphics/outlines/drop-shadow.png HTTP/1.0" 200 277 "http://www.wonder-geek.com/beloved-bear-winnie-pooh-personality-pose-figurine-p-54002.html" "Mozilla/5.0 (Windows NT 10.0; Win64; x64) AppleWebKit/537.36 (KHTML, like Gecko) Chrome/100.0.4896.127 Safari/537.36"
52.95.75.2 - - [26/Apr/2022:21:30:29 +0200] "GET /highslide/graphics/zoomout.cur HTTP/1.0" 200 614 "http://www.wonder-geek.com/beloved-bear-winnie-pooh-personality-pose-figurine-p-54002.html" "Mozilla/5.0 (Windows NT 10.0; Win64; x64) AppleWebKit/537.36 (KHTML, like Gecko) Chrome/100.0.4896.127 Safari/537.36"
52.95.75.2 - - [26/Apr/2022:21:30:29 +0200] "GET /highslide/graphics/loader.white.gif HTTP/1.0" 200 960 "http://www.wonder-geek.com/templates/Pixame_v1/stylesheet.css" "Mozilla/5.0 (Windows NT 10.0; Win64; x64) AppleWebKit/537.36 (KHTML, like Gecko) Chrome/100.0.4896.127 Safari/537.36"
52.95.75.2 - - [26/Apr/2022:21:30:29 +0200] "GET /favicon.ico HTTP/1.0" 200 260 "http://www.wonder-geek.com/beloved-bear-winnie-pooh-personality-pose-figurine-p-54002.html" "Mozilla/5.0 (Windows NT 10.0; Win64; x64) AppleWebKit/537.36 (KHTML, like Gecko) Chrome/100.0.4896.127 Safari/537.36"
66.249.66.210 - - [26/Apr/2022:21:30:36 +0200] "GET /small-school-caramel-p-55815.html HTTP/1.0" 200 74551 "-" "Mozilla/5.0 (compatible; Googlebot/2.1; +http://www.google.com/bot.html)"
185.191.171.10 - - [26/Apr/2022:21:31:01 +0200] "GET /tinted-candle-mass-honey-color-p-48914.html?action=add_product HTTP/1.0" 302 476 "-" "Mozilla/5.0 (compatible; SemrushBot/7~bl; +http://www.semrush.com/bot.html)"
185.191.171.12 - - [26/Apr/2022:21:31:03 +0200] "GET /paperweight-magritte-p-53520.html?action=add_product HTTP/1.0" 302 476 "-" "Mozilla/5.0 (compatible; SemrushBot/7~bl; +http://www.semrush.com/bot.html)"
66.249.66.214 - - [26/Apr/2022:21:31:21 +0200] "GET /marley-mirror-p-49814.html HTTP/1.0" 200 73396 "-" "Mozilla/5.0 (compatible; Googlebot/2.1; +http://www.google.com/bot.html)"
185.191.171.2 - - [26/Apr/2022:21:31:22 +0200] "GET /pirate-flag-90-150-cm-p-41710.html HTTP/1.0" 301 73573 "-" "Mozilla/5.0 (compatible; SemrushBot/7~bl; +http://www.semrush.com/bot.html)"
185.191.171.24 - - [26/Apr/2022:21:31:27 +0200] "GET /pirate-flag-p-41710.html HTTP/1.0" 200 73495 "-" "Mozilla/5.0 (compatible; SemrushBot/7~bl; +http://www.semrush.com/bot.html)"
54.36.148.243 - - [26/Apr/2022:21:31:32 +0200] "GET /singing-bowl-chakra-throat-blue-p-42130.html HTTP/1.0" 200 73567 "-" "Mozilla/5.0 (compatible; AhrefsBot/7.0; +http://ahrefs.com/robot/)"
40.64.89.61 - - [26/Apr/2022:21:31:43 +0200] "GET /images/mini_prod/3520071275741.jpg HTTP/1.0" 200 269 "-" "Mozilla/5.0 (Windows NT 10.0; WOW64) AppleWebKit/537.36 (KHTML, like Gecko) Chrome/68.0.3440.106 Safari/537.36"
66.249.66.212 - - [26/Apr/2022:21:32:05 +0200] "GET /jamaica-mouse-p-19552.html HTTP/1.0" 200 73491 "-" "Mozilla/5.0 (Linux; Android 6.0.1; Nexus 5X Build/MMB29P) AppleWebKit/537.36 (KHTML, like Gecko) Chrome/100.0.4896.127 Mobile Safari/537.36 (compatible; Googlebot/2.1; +http://www.google.com/bot.html)"
40.91.113.104 - - [26/Apr/2022:21:32:26 +0200] "GET /images/mini_prod/3560600303255.jpg HTTP/1.0" 200 269 "-" "Mozilla/5.0 (Windows NT 10.0; ) Gecko/20100101 Firefox/61.0"
207.46.13.182 - - [26/Apr/2022:21:32:43 +0200] "GET /-p-36876.html HTTP/1.0" 200 70808 "-" "Mozilla/5.0 (compatible; bingbot/2.0; +http://www.bing.com/bingbot.htm)"
185.191.171.5 - - [26/Apr/2022:21:32:49 +0200] "GET /flower-vintage-zinc-p-48557.html?action=add_product HTTP/1.0" 302 476 "-" "Mozilla/5.0 (compatible; SemrushBot/7~bl; +http://www.semrush.com/bot.html)"
66.249.66.212 - - [26/Apr/2022:21:32:49 +0200] "GET /floor-cushions-c-11_182.html HTTP/1.0" 200 91671 "-" "Mozilla/5.0 (compatible; Googlebot/2.1; +http://www.google.com/bot.html)"
54.36.148.243 - - [26/Apr/2022:21:32:51 +0200] "GET /candy-cloud-pencil-case-bella-p-49847.html HTTP/1.0" 200 73514 "-" "Mozilla/5.0 (compatible; AhrefsBot/7.0; +http://ahrefs.com/robot/)"
185.191.171.11 - - [26/Apr/2022:21:32:55 +0200] "GET /laissez-lucie-faire-zipped-purse-aladin-p-49013.html HTTP/1.0" 200 74328 "-" "Mozilla/5.0 (compatible; SemrushBot/7~bl; +http://www.semrush.com/bot.html)"
66.249.66.214 - - [26/Apr/2022:21:33:20 +0200] "GET /globe-salt-lamp-p-57806.html HTTP/1.0" 200 74387 "-" "Mozilla/5.0 (Linux; Android 6.0.1; Nexus 5X Build/MMB29P) AppleWebKit/537.36 (KHTML, like Gecko) Chrome/100.0.4896.127 Mobile Safari/537.36 (compatible; Googlebot/2.1; +http://www.google.com/bot.html)"
66.249.66.212 - - [26/Apr/2022:21:33:34 +0200] "GET /figures-c-4_15.html HTTP/1.0" 200 91927 "-" "Mozilla/5.0 (compatible; Googlebot/2.1; +http://www.google.com/bot.html)"
185.191.171.3 - - [26/Apr/2022:21:33:48 +0200] "GET /dancer-ballerina-jewelry-box-phosphorescent-p-36932.html HTTP/1.0" 301 70875 "-" "Mozilla/5.0 (compatible; SemrushBot/7~bl; +http://www.semrush.com/bot.html)"
185.191.171.17 - - [26/Apr/2022:21:33:52 +0200] "GET /-p-36932.html HTTP/1.0" 200 70808 "-" "Mozilla/5.0 (compatible; SemrushBot/7~bl; +http://www.semrush.com/bot.html)"
54.36.148.243 - - [26/Apr/2022:21:34:00 +0200] "GET /candy-cloud-notepad-dasha-p-49838.html HTTP/1.0" 200 73494 "-" "Mozilla/5.0 (compatible; AhrefsBot/7.0; +http://ahrefs.com/robot/)"
185.191.171.12 - - [26/Apr/2022:21:34:05 +0200] "GET /beatles-cover-smartphone-p-8883.html HTTP/1.0" 200 73745 "-" "Mozilla/5.0 (compatible; SemrushBot/7~bl; +http://www.semrush.com/bot.html)"
66.249.66.210 - - [26/Apr/2022:21:34:18 +0200] "GET /duvet-cover-cotton-percale-threads-p-52076.html HTTP/1.0" 200 74406 "-" "Mozilla/5.0 (Linux; Android 6.0.1; Nexus 5X Build/MMB29P) AppleWebKit/537.36 (KHTML, like Gecko) Chrome/100.0.4896.127 Mobile Safari/537.36 (compatible; Googlebot/2.1; +http://www.google.com/bot.html)"
40.64.89.71 - - [26/Apr/2022:21:34:39 +0200] "GET /images/mini_prod/8433933197172.jpg HTTP/1.0" 200 269 "-" "Mozilla/5.0 (Windows NT 10.0; WOW64) AppleWebKit/537.36 (KHTML, like Gecko) Chrome/68.0.3440.106 Safari/537.36"
185.191.171.9 - - [26/Apr/2022:21:34:40 +0200] "GET /moto-retro-ottoman-storage-p-47384.html HTTP/1.0" 200 73641 "-" "Mozilla/5.0 (compatible; SemrushBot/7~bl; +http://www.semrush.com/bot.html)"
66.249.66.210 - - [26/Apr/2022:21:34:42 +0200] "GET /images/mini_prod/5051276448664.jpg HTTP/1.0" 200 269 "-" "Googlebot-Image/1.0"
66.249.66.210 - - [26/Apr/2022:21:35:03 +0200] "GET /pistols-messenger-p-14499.html HTTP/1.0" 200 75017 "-" "Mozilla/5.0 (Linux; Android 6.0.1; Nexus 5X Build/MMB29P) AppleWebKit/537.36 (KHTML, like Gecko) Chrome/100.0.4896.127 Mobile Safari/537.36 (compatible; Googlebot/2.1; +http://www.google.com/bot.html)"
185.191.171.42 - - [26/Apr/2022:21:35:03 +0200] "GET /atlantic-surf-spot-wooden-wall-decoration-to-hang-p-39679.html HTTP/1.0" 301 71101 "-" "Mozilla/5.0 (compatible; SemrushBot/7~bl; +http://www.semrush.com/bot.html)"
185.191.171.6 - - [26/Apr/2022:21:35:08 +0200] "GET /atlantic-surf-spot-wooden-wall-decoration-hang-p-39679.html HTTP/1.0" 200 70988 "-" "Mozilla/5.0 (compatible; SemrushBot/7~bl; +http://www.semrush.com/bot.html)"
54.36.148.243 - - [26/Apr/2022:21:35:14 +0200] "GET /decoration-three-buddhas-secret-happiness-p-46486.html HTTP/1.0" 200 73730 "-" "Mozilla/5.0 (compatible; AhrefsBot/7.0; +http://ahrefs.com/robot/)"
66.249.66.212 - - [26/Apr/2022:21:35:47 +0200] "GET /maisy-pencil-p-1650.html HTTP/1.0" 200 70852 "-" "Mozilla/5.0 (Linux; Android 6.0.1; Nexus 5X Build/MMB29P) AppleWebKit/537.36 (KHTML, like Gecko) Chrome/100.0.4896.127 Mobile Safari/537.36 (compatible; Googlebot/2.1; +http://www.google.com/bot.html)"
185.191.171.5 - - [26/Apr/2022:21:35:49 +0200] "GET /luggages-schoolbags-leather-shop-c-31.html?page=38 HTTP/1.0" 200 93698 "-" "Mozilla/5.0 (compatible; SemrushBot/7~bl; +http://www.semrush.com/bot.html)"
185.191.171.5 - - [26/Apr/2022:21:35:54 +0200] "GET /panda-paris-glass-coasters-p-46533.html HTTP/1.0" 200 73467 "-" "Mozilla/5.0 (compatible; SemrushBot/7~bl; +http://www.semrush.com/bot.html)"
185.191.171.20 - - [26/Apr/2022:21:36:04 +0200] "GET /skulls-mug-p-39403.html HTTP/1.0" 301 73421 "-" "Mozilla/5.0 (compatible; SemrushBot/7~bl; +http://www.semrush.com/bot.html)"
20.102.48.210 - - [26/Apr/2022:21:36:06 +0200] "GET /metal-boxes-storage-c-13_150_218.html HTTP/1.0" 200 91134 "-" "Mozilla/5.0 (Windows NT 10.0; Win64; x64) AppleWebKit/537.36 (KHTML, like Gecko) Chrome/86.0.4240.75 Safari/537.36"
185.191.171.5 - - [26/Apr/2022:21:36:07 +0200] "GET /skulls-p-39403.html HTTP/1.0" 200 73348 "-" "Mozilla/5.0 (compatible; SemrushBot/7~bl; +http://www.semrush.com/bot.html)"
20.102.48.210 - - [26/Apr/2022:21:36:07 +0200] "GET /infuser-rest-c-12_247.html HTTP/1.0" 200 89720 "-" "Mozilla/5.0 (Windows NT 10.0; Win64; x64) AppleWebKit/537.36 (KHTML, like Gecko) Chrome/86.0.4240.75 Safari/537.36"
20.102.48.210 - - [26/Apr/2022:21:36:17 +0200] "GET /jewelry-boxes-holders-c-13_150_131.html HTTP/1.0" 200 91528 "-" "Mozilla/5.0 (Windows NT 10.0; Win64; x64) AppleWebKit/537.36 (KHTML, like Gecko) Chrome/86.0.4240.75 Safari/537.36"
54.36.148.243 - - [26/Apr/2022:21:36:29 +0200] "GET /stones-rock-crystal-grams-p-46609.html HTTP/1.0" 200 74859 "-" "Mozilla/5.0 (compatible; AhrefsBot/7.0; +http://ahrefs.com/robot/)"
185.191.171.16 - - [26/Apr/2022:21:36:33 +0200] "GET /dishes-c-12.html?page=63 HTTP/1.0" 200 92499 "-" "Mozilla/5.0 (compatible; SemrushBot/7~bl; +http://www.semrush.com/bot.html)"
20.102.48.210 - - [26/Apr/2022:21:36:34 +0200] "GET /breakfast-c-12_61.html HTTP/1.0" 200 91540 "-" "Mozilla/5.0 (Windows NT 10.0; Win64; x64) AppleWebKit/537.36 (KHTML, like Gecko) Chrome/86.0.4240.75 Safari/537.36"
66.249.66.212 - - [26/Apr/2022:21:36:37 +0200] "GET /money-boxes-c-13_83.html?page=1 HTTP/1.0" 200 93360 "-" "Mozilla/5.0 (compatible; Googlebot/2.1; +http://www.google.com/bot.html)"
185.191.171.13 - - [26/Apr/2022:21:36:42 +0200] "GET /cement-tile-coasters-p-56004.html HTTP/1.0" 200 73490 "-" "Mozilla/5.0 (compatible; SemrushBot/7~bl; +http://www.semrush.com/bot.html)"
157.55.39.101 - - [26/Apr/2022:21:36:43 +0200] "GET /cotton-floor-cushion-albertine-p-51082.html HTTP/1.0" 200 70910 "-" "Mozilla/5.0 (compatible; bingbot/2.0; +http://www.bing.com/bingbot.htm)"
20.102.48.210 - - [26/Apr/2022:21:36:49 +0200] "GET /pots-cookie-jars-c-12_250.html HTTP/1.0" 200 90511 "-" "Mozilla/5.0 (Windows NT 10.0; Win64; x64) AppleWebKit/537.36 (KHTML, like Gecko) Chrome/86.0.4240.75 Safari/537.36"
66.249.66.214 - - [26/Apr/2022:21:37:04 +0200] "GET /watches-c-3_66.html HTTP/1.0" 200 91543 "-" "Mozilla/5.0 (Linux; Android 6.0.1; Nexus 5X Build/MMB29P) AppleWebKit/537.36 (KHTML, like Gecko) Chrome/100.0.4896.127 Mobile Safari/537.36 (compatible; Googlebot/2.1; +http://www.google.com/bot.html)"
20.102.48.210 - - [26/Apr/2022:21:37:10 +0200] "GET /water-bottles-heaters-c-13_288.html HTTP/1.0" 200 91017 "-" "Mozilla/5.0 (Windows NT 10.0; Win64; x64) AppleWebKit/537.36 (KHTML, like Gecko) Chrome/86.0.4240.75 Safari/537.36"
66.249.66.210 - - [26/Apr/2022:21:37:16 +0200] "GET /cotton-kitchen-towel-vieillis-p-55956.html HTTP/1.0" 200 73561 "-" "Mozilla/5.0 (Linux; Android 6.0.1; Nexus 5X Build/MMB29P) AppleWebKit/537.36 (KHTML, like Gecko) Chrome/100.0.4896.127 Mobile Safari/537.36 (compatible; Googlebot/2.1; +http://www.google.com/bot.html)"
51.68.224.127 - - [26/Apr/2022:21:37:18 +0200] "GET /adminweb/export_orders_xml.php?token=256de2z6edz6ed2z6DFSFsed2zed6zeDSFDSGdzedezfzf&maxorders=10&orderstart=1&status=14&start_date=2018-10-01 HTTP/1.0" 200 285 "-" "GesCom CharlotteBoutik Serveur"
51.68.224.127 - - [26/Apr/2022:21:37:18 +0200] "GET /adminweb/export_orders_xml.php?token=256de2z6edz6ed2z6DFSFsed2zed6zeDSFDSGdzedezfzf&maxorders=10&orderstart=1&status=6&start_date=2018-10-01 HTTP/1.0" 200 32798 "-" "GesCom CharlotteBoutik Serveur"
185.191.171.3 - - [26/Apr/2022:21:37:25 +0200] "GET /shaped-salt-lamp-p-56669.html HTTP/1.0" 200 74159 "-" "Mozilla/5.0 (compatible; SemrushBot/7~bl; +http://www.semrush.com/bot.html)"
185.191.171.24 - - [26/Apr/2022:21:37:28 +0200] "GET /minnie-mouse-apron-and-chef-hat-p-29525.html HTTP/1.0" 301 71028 "-" "Mozilla/5.0 (compatible; SemrushBot/7~bl; +http://www.semrush.com/bot.html)"
185.191.171.22 - - [26/Apr/2022:21:37:31 +0200] "GET /minnie-mouse-apron-chef-p-29525.html HTTP/1.0" 200 70938 "-" "Mozilla/5.0 (compatible; SemrushBot/7~bl; +http://www.semrush.com/bot.html)"
54.36.148.243 - - [26/Apr/2022:21:37:42 +0200] "GET /black-zippo-candle-utility-lighter-p-51931.html HTTP/1.0" 200 74432 "-" "Mozilla/5.0 (compatible; AhrefsBot/7.0; +http://ahrefs.com/robot/)"
185.191.171.33 - - [26/Apr/2022:21:37:48 +0200] "GET /resin-statue-little-monk-in-yellow-dress-p-51510.html HTTP/1.0" 301 73734 "-" "Mozilla/5.0 (compatible; SemrushBot/7~bl; +http://www.semrush.com/bot.html)"
185.191.171.11 - - [26/Apr/2022:21:37:51 +0200] "GET /resin-statue-little-monk-yellow-dress-p-51510.html HTTP/1.0" 200 73630 "-" "Mozilla/5.0 (compatible; SemrushBot/7~bl; +http://www.semrush.com/bot.html)"
66.249.66.210 - - [26/Apr/2022:21:38:00 +0200] "GET /mirror-c-13_133.html HTTP/1.0" 200 92132 "-" "Mozilla/5.0 (compatible; Googlebot/2.1; +http://www.google.com/bot.html)"
40.64.89.33 - - [26/Apr/2022:21:38:08 +0200] "GET /images/mini_prod/3700407620326.jpg HTTP/1.0" 200 269 "-" "Mozilla/5.0 (Windows NT 10.0; WOW64) AppleWebKit/537.36 (KHTML, like Gecko) Chrome/68.0.3440.106 Safari/537.36"
185.191.171.25 - - [26/Apr/2022:21:38:19 +0200] "GET /tann-kids-school-purple-p-44873.html HTTP/1.0" 200 70906 "-" "Mozilla/5.0 (compatible; SemrushBot/7~bl; +http://www.semrush.com/bot.html)"
185.191.171.1 - - [26/Apr/2022:21:38:38 +0200] "GET /mojito-recipe-wall-sticker-p-39316.html HTTP/1.0" 301 70875 "-" "Mozilla/5.0 (compatible; SemrushBot/7~bl; +http://www.semrush.com/bot.html)"
185.191.171.3 - - [26/Apr/2022:21:38:41 +0200] "GET /-p-39316.html HTTP/1.0" 200 70808 "-" "Mozilla/5.0 (compatible; SemrushBot/7~bl; +http://www.semrush.com/bot.html)"
66.249.66.210 - - [26/Apr/2022:21:38:42 +0200] "GET /music-tree-mini-melamine-tray-p-57310.html HTTP/1.0" 200 74211 "-" "Mozilla/5.0 (compatible; Googlebot/2.1; +http://www.google.com/bot.html)"
66.249.66.210 - - [26/Apr/2022:21:38:45 +0200] "GET /solar-powered-dancing-angel-p-34859.html HTTP/1.0" 200 73730 "-" "Mozilla/5.0 (Linux; Android 6.0.1; Nexus 5X Build/MMB29P) AppleWebKit/537.36 (KHTML, like Gecko) Chrome/100.0.4896.127 Mobile Safari/537.36 (compatible; Googlebot/2.1; +http://www.google.com/bot.html)"
54.36.148.243 - - [26/Apr/2022:21:38:49 +0200] "GET /galileo-thermometer-indoors-p-50140.html HTTP/1.0" 200 73574 "-" "Mozilla/5.0 (compatible; AhrefsBot/7.0; +http://ahrefs.com/robot/)"
185.191.171.4 - - [26/Apr/2022:21:39:22 +0200] "GET /marseille-soaps-scented-plaster-p-31280.html?action=add_product HTTP/1.0" 302 476 "-" "Mozilla/5.0 (compatible; SemrushBot/7~bl; +http://www.semrush.com/bot.html)"
66.249.66.210 - - [26/Apr/2022:21:39:29 +0200] "GET /placemats-c-12_156.html HTTP/1.0" 200 92874 "-" "Mozilla/5.0 (Linux; Android 6.0.1; Nexus 5X Build/MMB29P) AppleWebKit/537.36 (KHTML, like Gecko) Chrome/100.0.4896.127 Mobile Safari/537.36 (compatible; Googlebot/2.1; +http://www.google.com/bot.html)"
185.191.171.45 - - [26/Apr/2022:21:39:34 +0200] "GET /statuette-sonny-angel-bobbing-head-sheep-p-54741.html?action=add_product HTTP/1.0" 302 476 "-" "Mozilla/5.0 (compatible; SemrushBot/7~bl; +http://www.semrush.com/bot.html)"
185.191.171.22 - - [26/Apr/2022:21:39:47 +0200] "GET /wooden-hanging-tree-decoration-p-56574.html HTTP/1.0" 200 74208 "-" "Mozilla/5.0 (compatible; SemrushBot/7~bl; +http://www.semrush.com/bot.html)"
216.244.66.242 - - [26/Apr/2022:21:40:02 +0200] "GET /robots.txt HTTP/1.0" 200 245 "-" "Mozilla/5.0 (compatible; DotBot/1.2; +https://opensiteexplorer.org/dotbot; help@moz.com)"
54.36.148.243 - - [26/Apr/2022:21:40:01 +0200] "GET /dragonfly-wall-decoration-multicolore-model-p-55404.html HTTP/1.0" 200 74465 "-" "Mozilla/5.0 (compatible; AhrefsBot/7.0; +http://ahrefs.com/robot/)"
185.191.171.5 - - [26/Apr/2022:21:40:10 +0200] "GET /small-baby-teeth-p-56214.html?action=add_product HTTP/1.0" 302 476 "-" "Mozilla/5.0 (compatible; SemrushBot/7~bl; +http://www.semrush.com/bot.html)"
66.249.66.210 - - [26/Apr/2022:21:40:13 +0200] "GET /stationery-c-129_191.html HTTP/1.0" 200 91247 "-" "Mozilla/5.0 (compatible; Googlebot/2.1; +http://www.google.com/bot.html)"
207.46.13.182 - - [26/Apr/2022:21:40:44 +0200] "GET /-p-17204.html HTTP/1.0" 200 70808 "-" "Mozilla/5.0 (compatible; bingbot/2.0; +http://www.bing.com/bingbot.htm)"
185.191.171.40 - - [26/Apr/2022:21:40:49 +0200] "GET /teo-jasmin-large-cabas-p-44157.html HTTP/1.0" 301 70986 "-" "Mozilla/5.0 (compatible; SemrushBot/7~bl; +http://www.semrush.com/bot.html)"
185.191.171.8 - - [26/Apr/2022:21:40:52 +0200] "GET /jasmin-large-cabas-p-44157.html HTTP/1.0" 200 70901 "-" "Mozilla/5.0 (compatible; SemrushBot/7~bl; +http://www.semrush.com/bot.html)"
185.191.171.41 - - [26/Apr/2022:21:40:57 +0200] "GET /small-croco-money-p-56883.html HTTP/1.0" 200 74223 "-" "Mozilla/5.0 (compatible; SemrushBot/7~bl; +http://www.semrush.com/bot.html)"
66.249.66.212 - - [26/Apr/2022:21:40:58 +0200] "GET /small-baby-teeth-beige-p-55709.html HTTP/1.0" 200 74213 "-" "Mozilla/5.0 (Linux; Android 6.0.1; Nexus 5X Build/MMB29P) AppleWebKit/537.36 (KHTML, like Gecko) Chrome/100.0.4896.127 Mobile Safari/537.36 (compatible; Googlebot/2.1; +http://www.google.com/bot.html)"
185.191.171.3 - - [26/Apr/2022:21:41:01 +0200] "GET /crystal-grid-healing-p-52058.html HTTP/1.0" 200 75465 "-" "Mozilla/5.0 (compatible; SemrushBot/7~bl; +http://www.semrush.com/bot.html)"
185.191.171.38 - - [26/Apr/2022:21:41:05 +0200] "GET /carlin-cbkreation-p-30073.html?action=add_product HTTP/1.0" 302 476 "-" "Mozilla/5.0 (compatible; SemrushBot/7~bl; +http://www.semrush.com/bot.html)"
54.36.148.243 - - [26/Apr/2022:21:41:27 +0200] "GET /york-gotham-cushion-p-28722.html HTTP/1.0" 200 73701 "-" "Mozilla/5.0 (compatible; AhrefsBot/7.0; +http://ahrefs.com/robot/)"
185.191.171.38 - - [26/Apr/2022:21:41:37 +0200] "GET /ballerina-statue-collection-p-48961.html?action=add_product HTTP/1.0" 302 476 "-" "Mozilla/5.0 (compatible; SemrushBot/7~bl; +http://www.semrush.com/bot.html)"
66.249.66.210 - - [26/Apr/2022:21:41:42 +0200] "GET /hanna-barbera-black-shirt-p-29597.html HTTP/1.0" 200 74879 "-" "Mozilla/5.0 (Linux; Android 6.0.1; Nexus 5X Build/MMB29P) AppleWebKit/537.36 (KHTML, like Gecko) Chrome/100.0.4896.127 Mobile Safari/537.36 (compatible; Googlebot/2.1; +http://www.google.com/bot.html)"
185.191.171.40 - - [26/Apr/2022:21:42:02 +0200] "GET /retro-mustache-barber-p-41580.html?action=add_product HTTP/1.0" 302 476 "-" "Mozilla/5.0 (compatible; SemrushBot/7~bl; +http://www.semrush.com/bot.html)"
185.191.171.44 - - [26/Apr/2022:21:42:26 +0200] "GET /set-angry-birds-stickers-and-stationery-p-22218.html HTTP/1.0" 301 73852 "-" "Mozilla/5.0 (compatible; SemrushBot/7~bl; +http://www.semrush.com/bot.html)"
66.249.66.212 - - [26/Apr/2022:21:42:26 +0200] "GET /jane-avril-toulouse-lautrec-melinite-statue-collection-p-48784.html HTTP/1.0" 200 74502 "-" "Mozilla/5.0 (Linux; Android 6.0.1; Nexus 5X Build/MMB29P) AppleWebKit/537.36 (KHTML, like Gecko) Chrome/100.0.4896.127 Mobile Safari/537.36 (compatible; Googlebot/2.1; +http://www.google.com/bot.html)"
185.191.171.42 - - [26/Apr/2022:21:42:29 +0200] "GET /angry-birds-stickers-stationery-p-22218.html HTTP/1.0" 200 73754 "-" "Mozilla/5.0 (compatible; SemrushBot/7~bl; +http://www.semrush.com/bot.html)"
54.36.148.243 - - [26/Apr/2022:21:42:43 +0200] "GET /dishes-c-12.html?page=56 HTTP/1.0" 200 91817 "-" "Mozilla/5.0 (compatible; AhrefsBot/7.0; +http://ahrefs.com/robot/)"
185.191.171.33 - - [26/Apr/2022:21:42:49 +0200] "GET /table-lamp-metal-gray-color-p-57003.html?action=add_product HTTP/1.0" 302 476 "-" "Mozilla/5.0 (compatible; SemrushBot/7~bl; +http://www.semrush.com/bot.html)"
185.191.171.40 - - [26/Apr/2022:21:42:52 +0200] "GET /vronse-body-talk-resin-statuette-seated-naked-p-54721.html HTTP/1.0" 200 74724 "-" "Mozilla/5.0 (compatible; SemrushBot/7~bl; +http://www.semrush.com/bot.html)"
66.249.66.214 - - [26/Apr/2022:21:43:11 +0200] "GET /metal-plate-black-white-photo-elvis-presley-army-p-49188.html HTTP/1.0" 200 73706 "-" "Mozilla/5.0 (Linux; Android 6.0.1; Nexus 5X Build/MMB29P) AppleWebKit/537.36 (KHTML, like Gecko) Chrome/100.0.4896.127 Mobile Safari/537.36 (compatible; Googlebot/2.1; +http://www.google.com/bot.html)"
185.191.171.10 - - [26/Apr/2022:21:43:44 +0200] "GET /london-cosmetic-p-17576.html?action=add_product HTTP/1.0" 302 476 "-" "Mozilla/5.0 (compatible; SemrushBot/7~bl; +http://www.semrush.com/bot.html)"
66.249.66.210 - - [26/Apr/2022:21:43:55 +0200] "GET /make-planet-green-again-adult-apron-p-55852.html HTTP/1.0" 200 74195 "-" "Mozilla/5.0 (compatible; Googlebot/2.1; +http://www.google.com/bot.html)"
54.36.148.243 - - [26/Apr/2022:21:44:09 +0200] "GET /betty-boop-mtal-ashtray-stars-p-36137.html HTTP/1.0" 200 73535 "-" "Mozilla/5.0 (compatible; AhrefsBot/7.0; +http://ahrefs.com/robot/)"
185.191.171.12 - - [26/Apr/2022:21:44:13 +0200] "GET /sonny-angel-animals-series-figure-p-53434.html HTTP/1.0" 200 70934 "-" "Mozilla/5.0 (compatible; SemrushBot/7~bl; +http://www.semrush.com/bot.html)"
66.249.66.210 - - [26/Apr/2022:21:44:40 +0200] "GET /rhinoceros-resin-statue-gold-wood-look-p-54274.html HTTP/1.0" 200 70956 "-" "Mozilla/5.0 (compatible; Googlebot/2.1; +http://www.google.com/bot.html)"
185.191.171.1 - - [26/Apr/2022:21:44:42 +0200] "GET /robots.txt HTTP/1.0" 200 245 "-" "Mozilla/5.0 (compatible; SemrushBot/7~bl; +http://www.semrush.com/bot.html)"
185.191.171.40 - - [26/Apr/2022:21:44:42 +0200] "GET /calendar-bookmarks-year-2018-16-cm-p-41806.html HTTP/1.0" 301 70875 "-" "Mozilla/5.0 (compatible; SemrushBot/7~bl; +http://www.semrush.com/bot.html)"
54.236.1.11 - - [26/Apr/2022:21:44:43 +0200] "GET /swing-map-collection-gorjuss-p-23145.html HTTP/1.0" 301 71022 "-" "Mozilla/5.0 (compatible; Pinterestbot/1.0; +http://www.pinterest.com/bot.html)"
185.191.171.24 - - [26/Apr/2022:21:44:45 +0200] "GET /-p-41806.html HTTP/1.0" 200 70808 "-" "Mozilla/5.0 (compatible; SemrushBot/7~bl; +http://www.semrush.com/bot.html)"
54.236.1.11 - - [26/Apr/2022:21:44:46 +0200] "GET /swing-collection-gorjuss-p-23145.html HTTP/1.0" 200 70931 "-" "Mozilla/5.0 (compatible; Pinterestbot/1.0; +http://www.pinterest.com/bot.html)"
54.236.1.11 - - [26/Apr/2022:21:45:14 +0200] "GET /swing-map-collection-gorjuss-p-23145.html HTTP/1.0" 301 71022 "-" "Mozilla/5.0 (compatible; Pinterestbot/1.0; +http://www.pinterest.com/bot.html)"
54.236.1.11 - - [26/Apr/2022:21:45:16 +0200] "GET /swing-collection-gorjuss-p-23145.html HTTP/1.0" 200 70931 "-" "Mozilla/5.0 (compatible; Pinterestbot/1.0; +http://www.pinterest.com/bot.html)"
66.249.66.210 - - [26/Apr/2022:21:45:24 +0200] "GET /grey-ceramic-lamp-p-52594.html HTTP/1.0" 200 70882 "-" "Mozilla/5.0 (Linux; Android 6.0.1; Nexus 5X Build/MMB29P) AppleWebKit/537.36 (KHTML, like Gecko) Chrome/100.0.4896.127 Mobile Safari/537.36 (compatible; Googlebot/2.1; +http://www.google.com/bot.html)"
54.36.148.243 - - [26/Apr/2022:21:45:35 +0200] "GET /serve-coffee-cutting-board-p-40647.html HTTP/1.0" 200 73552 "-" "Mozilla/5.0 (compatible; AhrefsBot/7.0; +http://ahrefs.com/robot/)"
185.191.171.15 - - [26/Apr/2022:21:45:41 +0200] "GET /nici-debbie-giraffe-plush-25-cm-p-35186.html HTTP/1.0" 301 71002 "-" "Mozilla/5.0 (compatible; SemrushBot/7~bl; +http://www.semrush.com/bot.html)"
185.191.171.35 - - [26/Apr/2022:21:45:45 +0200] "GET /nici-debbie-giraffe-plush-p-35186.html HTTP/1.0" 200 70910 "-" "Mozilla/5.0 (compatible; SemrushBot/7~bl; +http://www.semrush.com/bot.html)"
54.36.148.87 - - [26/Apr/2022:21:45:47 +0200] "GET /new-york-black-tee-shirt-p-30906.html HTTP/1.0" 301 75450 "-" "Mozilla/5.0 (compatible; AhrefsBot/7.0; +http://ahrefs.com/robot/)"
185.191.171.12 - - [26/Apr/2022:21:45:54 +0200] "GET /fox-set-cups-espresso-p-45598.html HTTP/1.0" 301 70974 "-" "Mozilla/5.0 (compatible; SemrushBot/7~bl; +http://www.semrush.com/bot.html)"
157.55.39.101 - - [26/Apr/2022:21:45:55 +0200] "GET /duvet-cover-cotton-percale-threads-p-51259.html HTTP/1.0" 200 74407 "-" "Mozilla/5.0 (compatible; bingbot/2.0; +http://www.bing.com/bingbot.htm)"
185.191.171.23 - - [26/Apr/2022:21:45:57 +0200] "GET /cups-espresso-p-45598.html HTTP/1.0" 200 70894 "-" "Mozilla/5.0 (compatible; SemrushBot/7~bl; +http://www.semrush.com/bot.html)"
66.249.66.210 - - [26/Apr/2022:21:46:08 +0200] "GET /tour-paris-clock-p-10888.html HTTP/1.0" 200 73487 "-" "Mozilla/5.0 (compatible; Googlebot/2.1; +http://www.google.com/bot.html)"
185.191.171.14 - - [26/Apr/2022:21:46:20 +0200] "GET /placemat-white-blue-cement-tiles-p-57711.html HTTP/1.0" 200 74165 "-" "Mozilla/5.0 (compatible; SemrushBot/7~bl; +http://www.semrush.com/bot.html)"
66.249.66.210 - - [26/Apr/2022:21:46:31 +0200] "GET /images/mini_prod/3665269198195.jpg HTTP/1.0" 200 269 "-" "Googlebot-Image/1.0"
185.191.171.26 - - [26/Apr/2022:21:46:47 +0200] "GET /winx-picnic-p-17168.html HTTP/1.0" 200 74289 "-" "Mozilla/5.0 (compatible; SemrushBot/7~bl; +http://www.semrush.com/bot.html)"
157.90.128.183 - - [26/Apr/2022:21:46:51 +0200] "GET /images/mini_prod/1384010205105.jpg HTTP/1.0" 200 269 "-" "Mozilla/5.0 (X11; Ubuntu; Linux x86_64; rv:72.0) Gecko/20100101 Firefox/72.0"
66.249.66.210 - - [26/Apr/2022:21:46:53 +0200] "GET /bamboo-fiber-plant-cover-p-54362.html HTTP/1.0" 200 70894 "-" "Mozilla/5.0 (Linux; Android 6.0.1; Nexus 5X Build/MMB29P) AppleWebKit/537.36 (KHTML, like Gecko) Chrome/100.0.4896.127 Mobile Safari/537.36 (compatible; Googlebot/2.1; +http://www.google.com/bot.html)"
54.36.148.243 - - [26/Apr/2022:21:46:55 +0200] "GET /dishes-c-12.html?page=57 HTTP/1.0" 200 92112 "-" "Mozilla/5.0 (compatible; AhrefsBot/7.0; +http://ahrefs.com/robot/)"
66.249.66.210 - - [26/Apr/2022:21:47:37 +0200] "GET /baby-dumbo-figure-collection-romero-britto-p-57488.html HTTP/1.0" 200 75360 "-" "Mozilla/5.0 (Linux; Android 6.0.1; Nexus 5X Build/MMB29P) AppleWebKit/537.36 (KHTML, like Gecko) Chrome/100.0.4896.127 Mobile Safari/537.36 (compatible; Googlebot/2.1; +http://www.google.com/bot.html)"
185.191.171.4 - - [26/Apr/2022:21:47:48 +0200] "GET /resin-statue-monks-hear-see-seeing-p-50027.html HTTP/1.0" 301 74768 "-" "Mozilla/5.0 (compatible; SemrushBot/7~bl; +http://www.semrush.com/bot.html)"
185.191.171.36 - - [26/Apr/2022:21:47:51 +0200] "GET /resin-statue-monks-hear-seeing-p-50027.html HTTP/1.0" 200 74671 "-" "Mozilla/5.0 (compatible; SemrushBot/7~bl; +http://www.semrush.com/bot.html)"
185.191.171.3 - - [26/Apr/2022:21:47:55 +0200] "GET /home-decoration-c-13.html?page=97 HTTP/1.0" 200 92915 "-" "Mozilla/5.0 (compatible; SemrushBot/7~bl; +http://www.semrush.com/bot.html)"
185.191.171.10 - - [26/Apr/2022:21:48:07 +0200] "GET /metal-beer-bucket-blue-p-44737.html HTTP/1.0" 200 73449 "-" "Mozilla/5.0 (compatible; SemrushBot/7~bl; +http://www.semrush.com/bot.html)"
185.191.171.36 - - [26/Apr/2022:21:48:13 +0200] "GET /gold-black-elephant-head-table-lamp-p-54688.html HTTP/1.0" 200 74247 "-" "Mozilla/5.0 (compatible; SemrushBot/7~bl; +http://www.semrush.com/bot.html)"
185.191.171.9 - - [26/Apr/2022:21:48:16 +0200] "GET /wall-decor-octopus-p-47397.html?action=add_product HTTP/1.0" 302 476 "-" "Mozilla/5.0 (compatible; SemrushBot/7~bl; +http://www.semrush.com/bot.html)"
77.88.5.208 - - [26/Apr/2022:21:48:16 +0200] "GET /blue-globe-decoration-p-54180.html HTTP/1.0" 200 74092 "-" "Mozilla/5.0 (compatible; YandexBot/3.0; +http://yandex.com/bots)"
54.36.148.243 - - [26/Apr/2022:21:48:16 +0200] "GET /jeans-suitcase-p-33482.html HTTP/1.0" 200 73888 "-" "Mozilla/5.0 (compatible; AhrefsBot/7.0; +http://ahrefs.com/robot/)"
66.249.66.214 - - [26/Apr/2022:21:48:21 +0200] "GET /star-wars-kids-school-p-35850.html HTTP/1.0" 200 70890 "-" "Mozilla/5.0 (compatible; Googlebot/2.1; +http://www.google.com/bot.html)"
66.249.66.210 - - [26/Apr/2022:21:49:06 +0200] "GET /small-boxes-pill-c-13_150_154.html HTTP/1.0" 200 90701 "-" "Mozilla/5.0 (compatible; Googlebot/2.1; +http://www.google.com/bot.html)"
54.36.148.109 - - [26/Apr/2022:21:49:21 +0200] "GET /cat-by-michelle-allen-teapot-and-cup-p-23106.html HTTP/1.0" 301 70875 "-" "Mozilla/5.0 (compatible; AhrefsBot/7.0; +http://ahrefs.com/robot/)"
54.36.148.243 - - [26/Apr/2022:21:49:32 +0200] "GET /tree-life-round-wood-p-57888.html HTTP/1.0" 200 74326 "-" "Mozilla/5.0 (compatible; AhrefsBot/7.0; +http://ahrefs.com/robot/)"
189.146.125.157 - - [26/Apr/2022:21:49:47 +0200] "GET /miracle-tattoos-augmented-reality-p-30661.html HTTP/1.0" 200 74293 "https://www.google.com/" "Mozilla/5.0 (Windows NT 10.0; Win64; x64) AppleWebKit/537.36 (KHTML, like Gecko) Chrome/100.0.4896.127 Safari/537.36"
189.146.125.157 - - [26/Apr/2022:21:49:48 +0200] "GET /templates/Pixame_v1/stylesheet.css HTTP/1.0" 200 267 "http://www.wonder-geek.com/miracle-tattoos-augmented-reality-p-30661.html" "Mozilla/5.0 (Windows NT 10.0; Win64; x64) AppleWebKit/537.36 (KHTML, like Gecko) Chrome/100.0.4896.127 Safari/537.36"
189.146.125.157 - - [26/Apr/2022:21:49:48 +0200] "GET /highslide/highslide.js HTTP/1.0" 200 262 "http://www.wonder-geek.com/miracle-tattoos-augmented-reality-p-30661.html" "Mozilla/5.0 (Windows NT 10.0; Win64; x64) AppleWebKit/537.36 (KHTML, like Gecko) Chrome/100.0.4896.127 Safari/537.36"
189.146.125.157 - - [26/Apr/2022:21:49:48 +0200] "GET /js/jquery.js HTTP/1.0" 200 252 "http://www.wonder-geek.com/miracle-tattoos-augmented-reality-p-30661.html" "Mozilla/5.0 (Windows NT 10.0; Win64; x64) AppleWebKit/537.36 (KHTML, like Gecko) Chrome/100.0.4896.127 Safari/537.36"
189.146.125.157 - - [26/Apr/2022:21:49:48 +0200] "GET /js/jquery.jqzoom.js HTTP/1.0" 200 259 "http://www.wonder-geek.com/miracle-tattoos-augmented-reality-p-30661.html" "Mozilla/5.0 (Windows NT 10.0; Win64; x64) AppleWebKit/537.36 (KHTML, like Gecko) Chrome/100.0.4896.127 Safari/537.36"
189.146.125.157 - - [26/Apr/2022:21:49:48 +0200] "GET /mondial_relay/js/jquery-1.3.2.min.js HTTP/1.0" 200 276 "http://www.wonder-geek.com/miracle-tattoos-augmented-reality-p-30661.html" "Mozilla/5.0 (Windows NT 10.0; Win64; x64) AppleWebKit/537.36 (KHTML, like Gecko) Chrome/100.0.4896.127 Safari/537.36"
189.146.125.157 - - [26/Apr/2022:21:49:49 +0200] "GET /swfobject.js HTTP/1.0" 404 1308 "http://www.wonder-geek.com/miracle-tattoos-augmented-reality-p-30661.html" "Mozilla/5.0 (Windows NT 10.0; Win64; x64) AppleWebKit/537.36 (KHTML, like Gecko) Chrome/100.0.4896.127 Safari/537.36"
189.146.125.157 - - [26/Apr/2022:21:49:49 +0200] "GET /templates/Pixame_v1/images/icon_accueil2.png HTTP/1.0" 200 278 "http://www.wonder-geek.com/miracle-tattoos-augmented-reality-p-30661.html" "Mozilla/5.0 (Windows NT 10.0; Win64; x64) AppleWebKit/537.36 (KHTML, like Gecko) Chrome/100.0.4896.127 Safari/537.36"
189.146.125.157 - - [26/Apr/2022:21:49:49 +0200] "GET /images/pixel_trans.gif HTTP/1.0" 200 328 "http://www.wonder-geek.com/miracle-tattoos-augmented-reality-p-30661.html" "Mozilla/5.0 (Windows NT 10.0; Win64; x64) AppleWebKit/537.36 (KHTML, like Gecko) Chrome/100.0.4896.127 Safari/537.36"
189.146.125.157 - - [26/Apr/2022:21:49:49 +0200] "GET /templates/Pixame_v1/images/infobox/pixel_trans.gif HTTP/1.0" 200 328 "http://www.wonder-geek.com/miracle-tattoos-augmented-reality-p-30661.html" "Mozilla/5.0 (Windows NT 10.0; Win64; x64) AppleWebKit/537.36 (KHTML, like Gecko) Chrome/100.0.4896.127 Safari/537.36"
189.146.125.157 - - [26/Apr/2022:21:49:49 +0200] "GET /images/med_prod/5060275045248.jpg HTTP/1.0" 200 268 "http://www.wonder-geek.com/miracle-tattoos-augmented-reality-p-30661.html" "Mozilla/5.0 (Windows NT 10.0; Win64; x64) AppleWebKit/537.36 (KHTML, like Gecko) Chrome/100.0.4896.127 Safari/537.36"
189.146.125.157 - - [26/Apr/2022:21:49:49 +0200] "GET /templates/Pixame_v1/images/pixel_trans.gif HTTP/1.0" 200 328 "http://www.wonder-geek.com/miracle-tattoos-augmented-reality-p-30661.html" "Mozilla/5.0 (Windows NT 10.0; Win64; x64) AppleWebKit/537.36 (KHTML, like Gecko) Chrome/100.0.4896.127 Safari/537.36"
189.146.125.157 - - [26/Apr/2022:21:49:49 +0200] "GET /templates/Pixame_v1/images/Middle_texture.jpg HTTP/1.0" 200 280 "http://www.wonder-geek.com/templates/Pixame_v1/stylesheet.css" "Mozilla/5.0 (Windows NT 10.0; Win64; x64) AppleWebKit/537.36 (KHTML, like Gecko) Chrome/100.0.4896.127 Safari/537.36"
189.146.125.157 - - [26/Apr/2022:21:49:49 +0200] "GET /templates/Pixame_v1/images/header.png HTTP/1.0" 200 271 "http://www.wonder-geek.com/templates/Pixame_v1/stylesheet.css" "Mozilla/5.0 (Windows NT 10.0; Win64; x64) AppleWebKit/537.36 (KHTML, like Gecko) Chrome/100.0.4896.127 Safari/537.36"
189.146.125.157 - - [26/Apr/2022:21:49:49 +0200] "GET /templates/Pixame_v1/images/Bottom_texture.jpg HTTP/1.0" 200 280 "http://www.wonder-geek.com/templates/Pixame_v1/stylesheet.css" "Mozilla/5.0 (Windows NT 10.0; Win64; x64) AppleWebKit/537.36 (KHTML, like Gecko) Chrome/100.0.4896.127 Safari/537.36"
189.146.125.157 - - [26/Apr/2022:21:49:49 +0200] "GET /templates/Pixame_v1/images/header-object.png HTTP/1.0" 200 278 "http://www.wonder-geek.com/templates/Pixame_v1/stylesheet.css" "Mozilla/5.0 (Windows NT 10.0; Win64; x64) AppleWebKit/537.36 (KHTML, like Gecko) Chrome/100.0.4896.127 Safari/537.36"
189.146.125.157 - - [26/Apr/2022:21:49:49 +0200] "GET /templates/Pixame_v1/images/nav.png HTTP/1.0" 200 268 "http://www.wonder-geek.com/templates/Pixame_v1/stylesheet.css" "Mozilla/5.0 (Windows NT 10.0; Win64; x64) AppleWebKit/537.36 (KHTML, like Gecko) Chrome/100.0.4896.127 Safari/537.36"
189.146.125.157 - - [26/Apr/2022:21:49:50 +0200] "GET /design/productsenstock.png HTTP/1.0" 200 260 "http://www.wonder-geek.com/templates/Pixame_v1/stylesheet.css" "Mozilla/5.0 (Windows NT 10.0; Win64; x64) AppleWebKit/537.36 (KHTML, like Gecko) Chrome/100.0.4896.127 Safari/537.36"
189.146.125.157 - - [26/Apr/2022:21:49:50 +0200] "GET /highslide/graphics/zoomin.cur HTTP/1.0" 200 614 "http://www.wonder-geek.com/templates/Pixame_v1/stylesheet.css" "Mozilla/5.0 (Windows NT 10.0; Win64; x64) AppleWebKit/537.36 (KHTML, like Gecko) Chrome/100.0.4896.127 Safari/537.36"
189.146.125.157 - - [26/Apr/2022:21:49:50 +0200] "GET /templates/Pixame_v1/images/infobox/infobox_footer_middle.gif HTTP/1.0" 200 357 "http://www.wonder-geek.com/miracle-tattoos-augmented-reality-p-30661.html" "Mozilla/5.0 (Windows NT 10.0; Win64; x64) AppleWebKit/537.36 (KHTML, like Gecko) Chrome/100.0.4896.127 Safari/537.36"
189.146.125.157 - - [26/Apr/2022:21:49:50 +0200] "GET /templates/Pixame_v1/images/buttons/english/button_in_cart.gif HTTP/1.0" 200 295 "http://www.wonder-geek.com/miracle-tattoos-augmented-reality-p-30661.html" "Mozilla/5.0 (Windows NT 10.0; Win64; x64) AppleWebKit/537.36 (KHTML, like Gecko) Chrome/100.0.4896.127 Safari/537.36"
