216.244.66.242 - - [26/Apr/2022:22:59:37 +0200] "GET /products_new.php?page=5 HTTP/1.0" 200 95467 "-" "Mozilla/5.0 (compatible; DotBot/1.2; +https://opensiteexplorer.org/dotbot; help@moz.com)"
66.249.66.210 - - [26/Apr/2022:22:59:37 +0200] "GET /porcelain-cork-tassen-food-p-54698.html HTTP/1.0" 200 75168 "-" "Mozilla/5.0 (Linux; Android 6.0.1; Nexus 5X Build/MMB29P) AppleWebKit/537.36 (KHTML, like Gecko) Chrome/100.0.4896.127 Mobile Safari/537.36 (compatible; Googlebot/2.1; +http://www.google.com/bot.html)"
114.119.137.45 - - [26/Apr/2022:22:59:42 +0200] "GET /wicker-basket-45-cm-p-44997.html HTTP/1.0" 301 73487 "-" "Mozilla/5.0 (Linux; Android 7.0;) AppleWebKit/537.36 (KHTML, like Gecko) Mobile Safari/537.36 (compatible; PetalBot;+https://webmaster.petalsearch.com/site/petalbot)"
185.191.171.39 - - [26/Apr/2022:22:59:44 +0200] "GET /beatles-back-ussr-coin-purse-p-8087.html HTTP/1.0" 200 73677 "-" "Mozilla/5.0 (compatible; SemrushBot/7~bl; +http://www.semrush.com/bot.html)"
114.119.137.45 - - [26/Apr/2022:22:59:53 +0200] "GET /wicker-basket-p-44997.html HTTP/1.0" 200 73407 "-" "Mozilla/5.0 (Linux; Android 7.0;) AppleWebKit/537.36 (KHTML, like Gecko) Mobile Safari/537.36 (compatible; PetalBot;+https://webmaster.petalsearch.com/site/petalbot)"
185.191.171.38 - - [26/Apr/2022:22:59:56 +0200] "GET /stainless-steel-piece-barbecue-p-41218.html?action=add_product HTTP/1.0" 302 476 "-" "Mozilla/5.0 (compatible; SemrushBot/7~bl; +http://www.semrush.com/bot.html)"
185.191.171.8 - - [26/Apr/2022:23:00:11 +0200] "GET /mani-lucky-keychain-p-46161.html HTTP/1.0" 200 73554 "-" "Mozilla/5.0 (compatible; SemrushBot/7~bl; +http://www.semrush.com/bot.html)"
185.191.171.42 - - [26/Apr/2022:23:00:15 +0200] "GET /silver-statue-p-42778.html HTTP/1.0" 200 73493 "-" "Mozilla/5.0 (compatible; SemrushBot/7~bl; +http://www.semrush.com/bot.html)"
157.55.39.172 - - [26/Apr/2022:23:00:38 +0200] "GET /coca-cola-cosmetic-p-31806.html HTTP/1.0" 200 70878 "-" "Mozilla/5.0 (compatible; bingbot/2.0; +http://www.bing.com/bingbot.htm)"
157.55.39.111 - - [26/Apr/2022:23:00:41 +0200] "GET /-p-38162.html HTTP/1.0" 200 70808 "-" "Mozilla/5.0 (compatible; bingbot/2.0; +http://www.bing.com/bingbot.htm)"
185.191.171.37 - - [26/Apr/2022:23:00:47 +0200] "GET /dishes-c-13_12.html?page=120 HTTP/1.0" 200 93030 "-" "Mozilla/5.0 (compatible; SemrushBot/7~bl; +http://www.semrush.com/bot.html)"
54.36.148.243 - - [26/Apr/2022:23:00:48 +0200] "GET /alarm-clock-chat-noir-thophile-alexandre-steinlen-p-38934.html HTTP/1.0" 200 73857 "-" "Mozilla/5.0 (compatible; AhrefsBot/7.0; +http://ahrefs.com/robot/)"
66.249.66.214 - - [26/Apr/2022:23:00:59 +0200] "GET /fireflower-metal-capacity-p-55185.html HTTP/1.0" 200 74392 "-" "Mozilla/5.0 (compatible; Googlebot/2.1; +http://www.google.com/bot.html)"
185.191.171.44 - - [26/Apr/2022:23:01:03 +0200] "GET /shiny-skull-moneybox-p-45237.html?action=add_product HTTP/1.0" 302 476 "-" "Mozilla/5.0 (compatible; SemrushBot/7~bl; +http://www.semrush.com/bot.html)"
114.119.137.31 - - [26/Apr/2022:23:01:15 +0200] "GET /water-and-outdoor-games-c-4_143.html?page=1 HTTP/1.0" 301 92596 "-" "Mozilla/5.0 (Linux; Android 7.0;) AppleWebKit/537.36 (KHTML, like Gecko) Mobile Safari/537.36 (compatible; PetalBot;+https://webmaster.petalsearch.com/site/petalbot)"
114.119.137.31 - - [26/Apr/2022:23:01:17 +0200] "GET /water-outdoor-games-c-143.html?page=1 HTTP/1.0" 301 92484 "-" "Mozilla/5.0 (Linux; Android 7.0;) AppleWebKit/537.36 (KHTML, like Gecko) Mobile Safari/537.36 (compatible; PetalBot;+https://webmaster.petalsearch.com/site/petalbot)"
157.55.39.172 - - [26/Apr/2022:23:01:17 +0200] "GET /oriental-teapot-liter-p-48805.html HTTP/1.0" 200 74344 "-" "Mozilla/5.0 (compatible; bingbot/2.0; +http://www.bing.com/bingbot.htm)"
114.119.137.31 - - [26/Apr/2022:23:01:20 +0200] "GET /water-outdoor-games-c-4_143.html?page=1 HTTP/1.0" 200 92505 "-" "Mozilla/5.0 (Linux; Android 7.0;) AppleWebKit/537.36 (KHTML, like Gecko) Mobile Safari/537.36 (compatible; PetalBot;+https://webmaster.petalsearch.com/site/petalbot)"
40.77.167.0 - - [26/Apr/2022:23:01:25 +0200] "GET /powder-candle-bougie-autrement-glitter-blue-p-53086.html HTTP/1.0" 200 74806 "-" "Mozilla/5.0 (compatible; bingbot/2.0; +http://www.bing.com/bingbot.htm)"
185.191.171.2 - - [26/Apr/2022:23:01:48 +0200] "GET /french-riviera-white-and-pink-bowling-bag-p-38648.html HTTP/1.0" 301 71046 "-" "Mozilla/5.0 (compatible; SemrushBot/7~bl; +http://www.semrush.com/bot.html)"
185.191.171.2 - - [26/Apr/2022:23:01:52 +0200] "GET /french-riviera-white-pink-bowling-p-38648.html HTTP/1.0" 200 70946 "-" "Mozilla/5.0 (compatible; SemrushBot/7~bl; +http://www.semrush.com/bot.html)"
17.121.112.46 - - [26/Apr/2022:23:01:53 +0200] "GET /coconut-fibers-doormat-flowers-panama-p-56274.html HTTP/1.0" 200 74731 "-" "Mozilla/5.0 (Macintosh; Intel Mac OS X 10_15_5) AppleWebKit/605.1.15 (KHTML, like Gecko) Version/13.1.1 Safari/605.1.15 (Applebot/0.1; +http://www.apple.com/go/applebot)"
185.191.171.18 - - [26/Apr/2022:23:01:55 +0200] "GET /bear-on-ice-soup-bowl-with-spoon-p-45601.html HTTP/1.0" 301 71037 "-" "Mozilla/5.0 (compatible; SemrushBot/7~bl; +http://www.semrush.com/bot.html)"
185.191.171.7 - - [26/Apr/2022:23:01:59 +0200] "GET /bear-soup-bowl-with-spoon-p-45601.html HTTP/1.0" 200 70945 "-" "Mozilla/5.0 (compatible; SemrushBot/7~bl; +http://www.semrush.com/bot.html)"
147.92.229.61 - - [26/Apr/2022:23:02:00 +0200] "GET /images/mini_prod/3457019600474a.jpg HTTP/1.0" 200 270 "-" "Mozilla/5.0 (X11; Ubuntu; Linux x86_64; rv:72.0) Gecko/20100101 Firefox/72.0"
185.191.171.9 - - [26/Apr/2022:23:02:02 +0200] "GET /mustard-patinated-vase-p-57296.html HTTP/1.0" 200 74446 "-" "Mozilla/5.0 (compatible; SemrushBot/7~bl; +http://www.semrush.com/bot.html)"
54.36.148.243 - - [26/Apr/2022:23:02:13 +0200] "GET /pusheen-pencil-topper-random-model-p-41959.html HTTP/1.0" 200 73712 "-" "Mozilla/5.0 (compatible; AhrefsBot/7.0; +http://ahrefs.com/robot/)"
66.249.66.212 - - [26/Apr/2022:23:02:21 +0200] "GET /cigarette-machine-lion-jamaica-p-14581.html HTTP/1.0" 200 73994 "-" "Mozilla/5.0 (Linux; Android 6.0.1; Nexus 5X Build/MMB29P) AppleWebKit/537.36 (KHTML, like Gecko) Chrome/100.0.4896.127 Mobile Safari/537.36 (compatible; Googlebot/2.1; +http://www.google.com/bot.html)"
77.88.5.237 - - [26/Apr/2022:23:02:32 +0200] "GET /robots.txt HTTP/1.0" 200 245 "-" "Mozilla/5.0 (compatible; YandexBot/3.0; +http://yandex.com/bots)"
77.88.5.237 - - [26/Apr/2022:23:02:36 +0200] "GET /life-like-bicycle-metal-plate-deco-p-36126.html HTTP/1.0" 200 73551 "-" "Mozilla/5.0 (compatible; YandexBot/3.0; +http://yandex.com/bots)"
17.121.112.134 - - [26/Apr/2022:23:02:43 +0200] "GET /pineapple-mirror-wall-sticker-p-48769.html HTTP/1.0" 200 73529 "-" "Mozilla/5.0 (Macintosh; Intel Mac OS X 10_15_5) AppleWebKit/605.1.15 (KHTML, like Gecko) Version/13.1.1 Safari/605.1.15 (Applebot/0.1; +http://www.apple.com/go/applebot)"
20.72.199.117 - - [26/Apr/2022:23:02:47 +0200] "GET /images/mini_prod/8427799939413.jpg HTTP/1.0" 200 269 "-" "Mozilla/5.0 (Windows NT 10.0; WOW64) AppleWebKit/537.36 (KHTML, like Gecko) Chrome/64.0.3282.186 Safari/537.36"
207.46.13.182 - - [26/Apr/2022:23:02:52 +0200] "GET /-p-34070.html HTTP/1.0" 200 70808 "-" "Mozilla/5.0 (compatible; bingbot/2.0; +http://www.bing.com/bingbot.htm)"
40.77.167.0 - - [26/Apr/2022:23:02:55 +0200] "GET /tray-legs-metal-black-p-57407.html HTTP/1.0" 200 74285 "-" "Mozilla/5.0 (compatible; bingbot/2.0; +http://www.bing.com/bingbot.htm)"
20.99.154.118 - - [26/Apr/2022:23:03:09 +0200] "GET /images/mini_prod/3453131151375.jpg HTTP/1.0" 200 269 "-" "Mozilla/4.0 (compatible; MSIE 7.0; Windows NT 6.0)"
185.191.171.5 - - [26/Apr/2022:23:03:34 +0200] "GET /monkey-table-lamp-resin-p-52747.html?action=add_product HTTP/1.0" 302 476 "-" "Mozilla/5.0 (compatible; SemrushBot/7~bl; +http://www.semrush.com/bot.html)"
77.88.5.208 - - [26/Apr/2022:23:03:36 +0200] "GET /perfumes-interior-c-231_234.html HTTP/1.0" 200 92229 "-" "Mozilla/5.0 (compatible; YandexBot/3.0; +http://yandex.com/bots)"
114.119.137.45 - - [26/Apr/2022:23:03:36 +0200] "GET /glass-cutting-board-by-cbkreation-p-51349.html HTTP/1.0" 301 73611 "-" "Mozilla/5.0 (Linux; Android 7.0;) AppleWebKit/537.36 (KHTML, like Gecko) Mobile Safari/537.36 (compatible; PetalBot;+https://webmaster.petalsearch.com/site/petalbot)"
77.88.5.208 - - [26/Apr/2022:23:03:38 +0200] "GET /poncho-towels-bathrobes-c-11_72.html HTTP/1.0" 200 80238 "-" "Mozilla/5.0 (compatible; YandexBot/3.0; +http://yandex.com/bots)"
114.119.137.45 - - [26/Apr/2022:23:03:39 +0200] "GET /glass-cutting-board-cbkreation-p-51349.html HTTP/1.0" 200 73514 "-" "Mozilla/5.0 (Linux; Android 7.0;) AppleWebKit/537.36 (KHTML, like Gecko) Mobile Safari/537.36 (compatible; PetalBot;+https://webmaster.petalsearch.com/site/petalbot)"
77.88.5.208 - - [26/Apr/2022:23:03:41 +0200] "GET /calendar-workbook-organizer-c-129_189.html HTTP/1.0" 200 91648 "-" "Mozilla/5.0 (compatible; YandexBot/3.0; +http://yandex.com/bots)"
66.249.66.210 - - [26/Apr/2022:23:03:43 +0200] "GET /statuette-sonny-angel-bobbing-head-rabbit-p-54743.html HTTP/1.0" 200 74973 "-" "Mozilla/5.0 (compatible; Googlebot/2.1; +http://www.google.com/bot.html)"
77.88.5.208 - - [26/Apr/2022:23:03:44 +0200] "GET /shirts-sweatshirts-women-c-53_55.html HTTP/1.0" 200 94733 "-" "Mozilla/5.0 (compatible; YandexBot/3.0; +http://yandex.com/bots)"
77.88.5.208 - - [26/Apr/2022:23:03:47 +0200] "GET /linen-c-11_68.html HTTP/1.0" 200 92055 "-" "Mozilla/5.0 (compatible; YandexBot/3.0; +http://yandex.com/bots)"
77.88.5.208 - - [26/Apr/2022:23:03:49 +0200] "GET /magnets-c-13_134.html HTTP/1.0" 200 92220 "-" "Mozilla/5.0 (compatible; YandexBot/3.0; +http://yandex.com/bots)"
77.88.5.208 - - [26/Apr/2022:23:03:52 +0200] "GET /collectible-figurines-decorative-c-13_135.html HTTP/1.0" 200 96638 "-" "Mozilla/5.0 (compatible; YandexBot/3.0; +http://yandex.com/bots)"
185.191.171.16 - - [26/Apr/2022:23:03:54 +0200] "GET /valdavia-cushion-40-40-cm-p-42079.html HTTP/1.0" 301 70875 "-" "Mozilla/5.0 (compatible; SemrushBot/7~bl; +http://www.semrush.com/bot.html)"
77.88.5.208 - - [26/Apr/2022:23:03:55 +0200] "GET /-i-17.html HTTP/1.0" 200 99965 "-" "Mozilla/5.0 (compatible; YandexBot/3.0; +http://yandex.com/bots)"
54.36.148.243 - - [26/Apr/2022:23:03:57 +0200] "GET /egyptian-statue-senenmout-with-princess-p-54608.html HTTP/1.0" 200 74285 "-" "Mozilla/5.0 (compatible; AhrefsBot/7.0; +http://ahrefs.com/robot/)"
185.191.171.35 - - [26/Apr/2022:23:03:57 +0200] "GET /-p-42079.html HTTP/1.0" 200 70808 "-" "Mozilla/5.0 (compatible; SemrushBot/7~bl; +http://www.semrush.com/bot.html)"
77.88.5.208 - - [26/Apr/2022:23:03:58 +0200] "GET /mouse-c-129_85.html HTTP/1.0" 200 91973 "-" "Mozilla/5.0 (compatible; YandexBot/3.0; +http://yandex.com/bots)"
77.88.5.208 - - [26/Apr/2022:23:04:00 +0200] "GET /keyrings-c-31_52.html HTTP/1.0" 200 94552 "-" "Mozilla/5.0 (compatible; YandexBot/3.0; +http://yandex.com/bots)"
185.191.171.23 - - [26/Apr/2022:23:04:03 +0200] "GET /-p-46855.html?action=add_product HTTP/1.0" 302 476 "-" "Mozilla/5.0 (compatible; SemrushBot/7~bl; +http://www.semrush.com/bot.html)"
77.88.5.208 - - [26/Apr/2022:23:04:06 +0200] "GET /tablecloths-c-11_176.html HTTP/1.0" 200 91963 "-" "Mozilla/5.0 (compatible; YandexBot/3.0; +http://yandex.com/bots)"
185.191.171.37 - - [26/Apr/2022:23:04:11 +0200] "GET /white-form-letter-p-45491.html?action=add_product HTTP/1.0" 302 476 "-" "Mozilla/5.0 (compatible; SemrushBot/7~bl; +http://www.semrush.com/bot.html)"
40.91.113.104 - - [26/Apr/2022:23:04:15 +0200] "GET /images/mini_prod/8424001159550N.jpg HTTP/1.0" 200 270 "-" "Mozilla/5.0 (Windows NT 10.0; WOW64) AppleWebKit/537.36 (KHTML, like Gecko) Chrome/64.0.3282.186 Safari/537.36"
185.191.171.3 - - [26/Apr/2022:23:05:01 +0200] "GET /mirror-pineapple-p-48947.html?action=add_product HTTP/1.0" 302 476 "-" "Mozilla/5.0 (compatible; SemrushBot/7~bl; +http://www.semrush.com/bot.html)"
66.249.66.210 - - [26/Apr/2022:23:05:05 +0200] "GET /angry-birds-pencil-sharpener-bright-p-19141.html HTTP/1.0" 200 73871 "-" "Mozilla/5.0 (Linux; Android 6.0.1; Nexus 5X Build/MMB29P) AppleWebKit/537.36 (KHTML, like Gecko) Chrome/100.0.4896.127 Mobile Safari/537.36 (compatible; Googlebot/2.1; +http://www.google.com/bot.html)"
77.88.5.208 - - [26/Apr/2022:23:05:06 +0200] "GET /towel-bath-towels-c-11_70.html HTTP/1.0" 200 91020 "-" "Mozilla/5.0 (compatible; YandexBot/3.0; +http://yandex.com/bots)"
66.249.66.210 - - [26/Apr/2022:23:05:18 +0200] "GET /accessories-c-97_98.html HTTP/1.0" 200 84743 "-" "Mozilla/5.0 (Linux; Android 6.0.1; Nexus 5X Build/MMB29P) AppleWebKit/537.36 (KHTML, like Gecko) Chrome/100.0.4896.127 Mobile Safari/537.36 (compatible; Googlebot/2.1; +http://www.google.com/bot.html)"
114.119.137.31 - - [26/Apr/2022:23:05:19 +0200] "GET /thread-count-cotton-percale-fitted-sheet-p-54439.html HTTP/1.0" 200 74589 "-" "Mozilla/5.0 (Linux; Android 7.0;) AppleWebKit/537.36 (KHTML, like Gecko) Mobile Safari/537.36 (compatible; PetalBot;+https://webmaster.petalsearch.com/site/petalbot)"
20.99.154.118 - - [26/Apr/2022:23:05:35 +0200] "GET /images/mini_prod/1399984258347.jpg HTTP/1.0" 200 269 "-" "Mozilla/4.0 (compatible; MSIE 7.0; Windows NT 6.0)"
54.36.148.243 - - [26/Apr/2022:23:05:36 +0200] "GET /monks-resin-hear-silent-p-56201.html HTTP/1.0" 200 74861 "-" "Mozilla/5.0 (compatible; AhrefsBot/7.0; +http://ahrefs.com/robot/)"
17.121.113.248 - - [26/Apr/2022:23:05:46 +0200] "GET /cocktail-sticks-amis-p-47138.html HTTP/1.0" 200 73617 "-" "Mozilla/5.0 (Macintosh; Intel Mac OS X 10_15_5) AppleWebKit/605.1.15 (KHTML, like Gecko) Version/13.1.1 Safari/605.1.15 (Applebot/0.1; +http://www.apple.com/go/applebot)"
185.191.171.6 - - [26/Apr/2022:23:05:51 +0200] "GET /egyptian-anubis-statue-resin-p-46611.html?action=add_product HTTP/1.0" 302 476 "-" "Mozilla/5.0 (compatible; SemrushBot/7~bl; +http://www.semrush.com/bot.html)"
54.36.148.93 - - [26/Apr/2022:23:05:57 +0200] "GET /mother-road-hoodies-p-33757.html HTTP/1.0" 301 70875 "-" "Mozilla/5.0 (compatible; AhrefsBot/7.0; +http://ahrefs.com/robot/)"
185.191.171.6 - - [26/Apr/2022:23:06:12 +0200] "GET /mickey-mouse-mini-figurine-romero-britto-p-45799.html HTTP/1.0" 200 74529 "-" "Mozilla/5.0 (compatible; SemrushBot/7~bl; +http://www.semrush.com/bot.html)"
157.90.128.183 - - [26/Apr/2022:23:06:21 +0200] "GET /images/mini_prod/1399984257173.jpg HTTP/1.0" 200 269 "-" "Mozilla/5.0 (X11; Ubuntu; Linux x86_64; rv:72.0) Gecko/20100101 Firefox/72.0"
157.55.39.101 - - [26/Apr/2022:23:06:21 +0200] "GET /flower-aged-ceramic-dark-blue-p-57665.html HTTP/1.0" 200 74820 "-" "Mozilla/5.0 (compatible; bingbot/2.0; +http://www.bing.com/bingbot.htm)"
66.249.66.212 - - [26/Apr/2022:23:06:27 +0200] "GET /little-prince-exupery-little-tray-p-55869.html HTTP/1.0" 200 73820 "-" "Mozilla/5.0 (compatible; Googlebot/2.1; +http://www.google.com/bot.html)"
185.191.171.22 - - [26/Apr/2022:23:06:33 +0200] "GET /coca-cola-multicolor-lamp-p-23269.html HTTP/1.0" 301 70875 "-" "Mozilla/5.0 (compatible; SemrushBot/7~bl; +http://www.semrush.com/bot.html)"
185.191.171.11 - - [26/Apr/2022:23:06:37 +0200] "GET /-p-23269.html HTTP/1.0" 200 70808 "-" "Mozilla/5.0 (compatible; SemrushBot/7~bl; +http://www.semrush.com/bot.html)"
185.191.171.10 - - [26/Apr/2022:23:06:46 +0200] "GET /wood-and-herbs-cyprus-stool-p-51695.html HTTP/1.0" 301 70988 "-" "Mozilla/5.0 (compatible; SemrushBot/7~bl; +http://www.semrush.com/bot.html)"
185.191.171.22 - - [26/Apr/2022:23:06:49 +0200] "GET /wood-herbs-cyprus-stool-p-51695.html HTTP/1.0" 200 70898 "-" "Mozilla/5.0 (compatible; SemrushBot/7~bl; +http://www.semrush.com/bot.html)"
86.225.7.139 - - [26/Apr/2022:23:06:50 +0200] "GET /paris-pink-girly-mug-xl-p-38594.html HTTP/1.0" 301 73536 "https://www.google.be/" "Mozilla/5.0 (iPhone; CPU iPhone OS 15_4_1 like Mac OS X) AppleWebKit/605.1.15 (KHTML, like Gecko) Version/15.4 Mobile/15E148 Safari/604.1"
86.225.7.139 - - [26/Apr/2022:23:06:53 +0200] "GET /paris-pink-girly-p-38594.html HTTP/1.0" 200 73453 "-" "Mozilla/5.0 (iPhone; CPU iPhone OS 15_4_1 like Mac OS X) AppleWebKit/605.1.15 (KHTML, like Gecko) Version/15.4 Mobile/15E148 Safari/604.1"
86.225.7.139 - - [26/Apr/2022:23:06:54 +0200] "GET /templates/Pixame_v1/stylesheet.css HTTP/1.0" 200 267 "http://www.wonder-geek.com/paris-pink-girly-p-38594.html" "Mozilla/5.0 (iPhone; CPU iPhone OS 15_4_1 like Mac OS X) AppleWebKit/605.1.15 (KHTML, like Gecko) Version/15.4 Mobile/15E148 Safari/604.1"
86.225.7.139 - - [26/Apr/2022:23:06:54 +0200] "GET /highslide/highslide.js HTTP/1.0" 200 262 "http://www.wonder-geek.com/paris-pink-girly-p-38594.html" "Mozilla/5.0 (iPhone; CPU iPhone OS 15_4_1 like Mac OS X) AppleWebKit/605.1.15 (KHTML, like Gecko) Version/15.4 Mobile/15E148 Safari/604.1"
86.225.7.139 - - [26/Apr/2022:23:06:54 +0200] "GET /js/jquery.js HTTP/1.0" 200 252 "http://www.wonder-geek.com/paris-pink-girly-p-38594.html" "Mozilla/5.0 (iPhone; CPU iPhone OS 15_4_1 like Mac OS X) AppleWebKit/605.1.15 (KHTML, like Gecko) Version/15.4 Mobile/15E148 Safari/604.1"
86.225.7.139 - - [26/Apr/2022:23:06:54 +0200] "GET /js/jquery.jqzoom.js HTTP/1.0" 200 259 "http://www.wonder-geek.com/paris-pink-girly-p-38594.html" "Mozilla/5.0 (iPhone; CPU iPhone OS 15_4_1 like Mac OS X) AppleWebKit/605.1.15 (KHTML, like Gecko) Version/15.4 Mobile/15E148 Safari/604.1"
86.225.7.139 - - [26/Apr/2022:23:06:54 +0200] "GET /mondial_relay/js/jquery-1.3.2.min.js HTTP/1.0" 200 276 "http://www.wonder-geek.com/paris-pink-girly-p-38594.html" "Mozilla/5.0 (iPhone; CPU iPhone OS 15_4_1 like Mac OS X) AppleWebKit/605.1.15 (KHTML, like Gecko) Version/15.4 Mobile/15E148 Safari/604.1"
86.225.7.139 - - [26/Apr/2022:23:06:54 +0200] "GET /swfobject.js HTTP/1.0" 404 1308 "http://www.wonder-geek.com/paris-pink-girly-p-38594.html" "Mozilla/5.0 (iPhone; CPU iPhone OS 15_4_1 like Mac OS X) AppleWebKit/605.1.15 (KHTML, like Gecko) Version/15.4 Mobile/15E148 Safari/604.1"
86.225.7.139 - - [26/Apr/2022:23:06:54 +0200] "GET /templates/Pixame_v1/images/icon_accueil2.png HTTP/1.0" 200 278 "http://www.wonder-geek.com/paris-pink-girly-p-38594.html" "Mozilla/5.0 (iPhone; CPU iPhone OS 15_4_1 like Mac OS X) AppleWebKit/605.1.15 (KHTML, like Gecko) Version/15.4 Mobile/15E148 Safari/604.1"
86.225.7.139 - - [26/Apr/2022:23:06:54 +0200] "GET /templates/Pixame_v1/images/infobox/pixel_trans.gif HTTP/1.0" 200 328 "http://www.wonder-geek.com/paris-pink-girly-p-38594.html" "Mozilla/5.0 (iPhone; CPU iPhone OS 15_4_1 like Mac OS X) AppleWebKit/605.1.15 (KHTML, like Gecko) Version/15.4 Mobile/15E148 Safari/604.1"
86.225.7.139 - - [26/Apr/2022:23:06:54 +0200] "GET /images/pixel_trans.gif HTTP/1.0" 200 328 "http://www.wonder-geek.com/paris-pink-girly-p-38594.html" "Mozilla/5.0 (iPhone; CPU iPhone OS 15_4_1 like Mac OS X) AppleWebKit/605.1.15 (KHTML, like Gecko) Version/15.4 Mobile/15E148 Safari/604.1"
86.225.7.139 - - [26/Apr/2022:23:06:54 +0200] "GET /templates/Pixame_v1/images/pixel_trans.gif HTTP/1.0" 200 328 "http://www.wonder-geek.com/paris-pink-girly-p-38594.html" "Mozilla/5.0 (iPhone; CPU iPhone OS 15_4_1 like Mac OS X) AppleWebKit/605.1.15 (KHTML, like Gecko) Version/15.4 Mobile/15E148 Safari/604.1"
86.225.7.139 - - [26/Apr/2022:23:06:54 +0200] "GET /images/big_prod/1384010204900.jpg HTTP/1.0" 200 268 "http://www.wonder-geek.com/paris-pink-girly-p-38594.html" "Mozilla/5.0 (iPhone; CPU iPhone OS 15_4_1 like Mac OS X) AppleWebKit/605.1.15 (KHTML, like Gecko) Version/15.4 Mobile/15E148 Safari/604.1"
86.225.7.139 - - [26/Apr/2022:23:06:54 +0200] "GET /templates/Pixame_v1/images/buttons/english/button_in_cart.gif HTTP/1.0" 200 295 "http://www.wonder-geek.com/paris-pink-girly-p-38594.html" "Mozilla/5.0 (iPhone; CPU iPhone OS 15_4_1 like Mac OS X) AppleWebKit/605.1.15 (KHTML, like Gecko) Version/15.4 Mobile/15E148 Safari/604.1"
86.225.7.139 - - [26/Apr/2022:23:06:54 +0200] "GET /templates/Pixame_v1/images/Bottom_texture.jpg HTTP/1.0" 200 280 "http://www.wonder-geek.com/paris-pink-girly-p-38594.html" "Mozilla/5.0 (iPhone; CPU iPhone OS 15_4_1 like Mac OS X) AppleWebKit/605.1.15 (KHTML, like Gecko) Version/15.4 Mobile/15E148 Safari/604.1"
86.225.7.139 - - [26/Apr/2022:23:06:54 +0200] "GET /templates/Pixame_v1/images/Middle_texture.jpg HTTP/1.0" 200 280 "http://www.wonder-geek.com/paris-pink-girly-p-38594.html" "Mozilla/5.0 (iPhone; CPU iPhone OS 15_4_1 like Mac OS X) AppleWebKit/605.1.15 (KHTML, like Gecko) Version/15.4 Mobile/15E148 Safari/604.1"
86.225.7.139 - - [26/Apr/2022:23:06:54 +0200] "GET /templates/Pixame_v1/images/header-object.png HTTP/1.0" 200 278 "http://www.wonder-geek.com/paris-pink-girly-p-38594.html" "Mozilla/5.0 (iPhone; CPU iPhone OS 15_4_1 like Mac OS X) AppleWebKit/605.1.15 (KHTML, like Gecko) Version/15.4 Mobile/15E148 Safari/604.1"
86.225.7.139 - - [26/Apr/2022:23:06:54 +0200] "GET /templates/Pixame_v1/images/header.png HTTP/1.0" 200 271 "http://www.wonder-geek.com/paris-pink-girly-p-38594.html" "Mozilla/5.0 (iPhone; CPU iPhone OS 15_4_1 like Mac OS X) AppleWebKit/605.1.15 (KHTML, like Gecko) Version/15.4 Mobile/15E148 Safari/604.1"
86.225.7.139 - - [26/Apr/2022:23:06:54 +0200] "GET /templates/Pixame_v1/images/nav.png HTTP/1.0" 200 268 "http://www.wonder-geek.com/paris-pink-girly-p-38594.html" "Mozilla/5.0 (iPhone; CPU iPhone OS 15_4_1 like Mac OS X) AppleWebKit/605.1.15 (KHTML, like Gecko) Version/15.4 Mobile/15E148 Safari/604.1"
86.225.7.139 - - [26/Apr/2022:23:06:54 +0200] "GET /design/productsenstock.png HTTP/1.0" 200 260 "http://www.wonder-geek.com/paris-pink-girly-p-38594.html" "Mozilla/5.0 (iPhone; CPU iPhone OS 15_4_1 like Mac OS X) AppleWebKit/605.1.15 (KHTML, like Gecko) Version/15.4 Mobile/15E148 Safari/604.1"
86.225.7.139 - - [26/Apr/2022:23:06:54 +0200] "GET /templates/Pixame_v1/images/infobox/infobox_footer_middle.gif HTTP/1.0" 200 357 "http://www.wonder-geek.com/paris-pink-girly-p-38594.html" "Mozilla/5.0 (iPhone; CPU iPhone OS 15_4_1 like Mac OS X) AppleWebKit/605.1.15 (KHTML, like Gecko) Version/15.4 Mobile/15E148 Safari/604.1"
86.225.7.139 - - [26/Apr/2022:23:06:54 +0200] "GET /highslide/graphics/zoomin.cur HTTP/1.0" 200 614 "http://www.wonder-geek.com/paris-pink-girly-p-38594.html" "Mozilla/5.0 (iPhone; CPU iPhone OS 15_4_1 like Mac OS X) AppleWebKit/605.1.15 (KHTML, like Gecko) Version/15.4 Mobile/15E148 Safari/604.1"
86.225.7.139 - - [26/Apr/2022:23:06:54 +0200] "GET /highslide/graphics/outlines/drop-shadow.png HTTP/1.0" 200 277 "http://www.wonder-geek.com/paris-pink-girly-p-38594.html" "Mozilla/5.0 (iPhone; CPU iPhone OS 15_4_1 like Mac OS X) AppleWebKit/605.1.15 (KHTML, like Gecko) Version/15.4 Mobile/15E148 Safari/604.1"
86.225.7.139 - - [26/Apr/2022:23:06:54 +0200] "GET /highslide/graphics/zoomout.cur HTTP/1.0" 200 614 "http://www.wonder-geek.com/paris-pink-girly-p-38594.html" "Mozilla/5.0 (iPhone; CPU iPhone OS 15_4_1 like Mac OS X) AppleWebKit/605.1.15 (KHTML, like Gecko) Version/15.4 Mobile/15E148 Safari/604.1"
86.225.7.139 - - [26/Apr/2022:23:06:54 +0200] "GET /highslide/graphics/loader.white.gif HTTP/1.0" 200 960 "http://www.wonder-geek.com/paris-pink-girly-p-38594.html" "Mozilla/5.0 (iPhone; CPU iPhone OS 15_4_1 like Mac OS X) AppleWebKit/605.1.15 (KHTML, like Gecko) Version/15.4 Mobile/15E148 Safari/604.1"
86.225.7.139 - - [26/Apr/2022:23:06:54 +0200] "GET /favicon.ico HTTP/1.0" 200 260 "http://www.wonder-geek.com/paris-pink-girly-p-38594.html" "Mozilla/5.0 (iPhone; CPU iPhone OS 15_4_1 like Mac OS X) AppleWebKit/605.1.15 (KHTML, like Gecko) Version/15.4 Mobile/15E148 Safari/604.1"
114.119.137.45 - - [26/Apr/2022:23:07:01 +0200] "GET /tea-for-one-little-hearts-p-52284.html HTTP/1.0" 301 70958 "-" "Mozilla/5.0 (Linux; Android 7.0;) AppleWebKit/537.36 (KHTML, like Gecko) Mobile Safari/537.36 (compatible; PetalBot;+https://webmaster.petalsearch.com/site/petalbot)"
114.119.137.45 - - [26/Apr/2022:23:07:04 +0200] "GET /little-hearts-p-52284.html HTTP/1.0" 200 70878 "-" "Mozilla/5.0 (Linux; Android 7.0;) AppleWebKit/537.36 (KHTML, like Gecko) Mobile Safari/537.36 (compatible; PetalBot;+https://webmaster.petalsearch.com/site/petalbot)"
185.191.171.20 - - [26/Apr/2022:23:07:07 +0200] "GET /fender-guitar-zippo-lighter-p-37652.html HTTP/1.0" 200 73941 "-" "Mozilla/5.0 (compatible; SemrushBot/7~bl; +http://www.semrush.com/bot.html)"
54.36.148.243 - - [26/Apr/2022:23:07:18 +0200] "GET /manoir-bedclothes-p-57077.html HTTP/1.0" 200 74172 "-" "Mozilla/5.0 (compatible; AhrefsBot/7.0; +http://ahrefs.com/robot/)"
185.191.171.42 - - [26/Apr/2022:23:07:25 +0200] "GET /amazon-love-mug-toucans-p-50277.html HTTP/1.0" 301 74383 "-" "Mozilla/5.0 (compatible; SemrushBot/7~bl; +http://www.semrush.com/bot.html)"
185.191.171.12 - - [26/Apr/2022:23:07:28 +0200] "GET /amazon-love-toucans-p-50277.html HTTP/1.0" 200 74297 "-" "Mozilla/5.0 (compatible; SemrushBot/7~bl; +http://www.semrush.com/bot.html)"
185.191.171.45 - - [26/Apr/2022:23:07:31 +0200] "GET /waterproof-polyester-mattress-protector-90-190-cm-p-49341.html HTTP/1.0" 301 73788 "-" "Mozilla/5.0 (compatible; SemrushBot/7~bl; +http://www.semrush.com/bot.html)"
185.191.171.9 - - [26/Apr/2022:23:07:34 +0200] "GET /waterproof-polyester-mattress-protector-p-49341.html HTTP/1.0" 200 73682 "-" "Mozilla/5.0 (compatible; SemrushBot/7~bl; +http://www.semrush.com/bot.html)"
66.249.66.210 - - [26/Apr/2022:23:07:35 +0200] "GET /alarms-clocks-clocks-and-watches/clocks/rugby-union-clock-p-22667.html HTTP/1.0" 301 70875 "-" "Mozilla/5.0 (compatible; Googlebot/2.1; +http://www.google.com/bot.html)"
185.191.171.2 - - [26/Apr/2022:23:07:38 +0200] "GET /thread-count-cotton-percale-fitted-sheet-p-54434.html HTTP/1.0" 200 74589 "-" "Mozilla/5.0 (compatible; SemrushBot/7~bl; +http://www.semrush.com/bot.html)"
66.249.66.214 - - [26/Apr/2022:23:07:38 +0200] "GET /-p-22667.html HTTP/1.0" 200 70808 "-" "Mozilla/5.0 (compatible; Googlebot/2.1; +http://www.google.com/bot.html)"
66.249.66.212 - - [26/Apr/2022:23:07:49 +0200] "GET /monkey-statue-resin-said-nothing-nothing-seen-nothing-heard-p-55154.html HTTP/1.0" 200 73803 "-" "Mozilla/5.0 (compatible; Googlebot/2.1; +http://www.google.com/bot.html)"
211.249.40.15 - - [26/Apr/2022:23:07:55 +0200] "GET /images/mini_prod/3660173149899.jpg HTTP/1.0" 200 269 "-" "Mozilla/5.0 (X11; Ubuntu; Linux x86_64; rv:72.0) Gecko/20100101 Firefox/72.0"
114.119.137.31 - - [26/Apr/2022:23:08:47 +0200] "GET /red-wood-craft-ashtray-with-mother-of-pearl-inclusions-p-50593.html HTTP/1.0" 301 74584 "-" "Mozilla/5.0 (Linux; Android 7.0;) AppleWebKit/537.36 (KHTML, like Gecko) Mobile Safari/537.36 (compatible; PetalBot;+https://webmaster.petalsearch.com/site/petalbot)"
185.191.171.1 - - [26/Apr/2022:23:08:49 +0200] "GET /ethnic-style-burlap-table-p-48449.html?action=add_product HTTP/1.0" 302 476 "-" "Mozilla/5.0 (compatible; SemrushBot/7~bl; +http://www.semrush.com/bot.html)"
114.119.137.31 - - [26/Apr/2022:23:08:49 +0200] "GET /wood-craft-ashtray-with-mother-pearl-inclusions-p-50593.html HTTP/1.0" 200 74470 "-" "Mozilla/5.0 (Linux; Android 7.0;) AppleWebKit/537.36 (KHTML, like Gecko) Mobile Safari/537.36 (compatible; PetalBot;+https://webmaster.petalsearch.com/site/petalbot)"
54.36.148.243 - - [26/Apr/2022:23:09:02 +0200] "GET /jamaica-mouse-cbkreation-p-13981.html HTTP/1.0" 200 73439 "-" "Mozilla/5.0 (compatible; AhrefsBot/7.0; +http://ahrefs.com/robot/)"
66.249.66.212 - - [26/Apr/2022:23:09:08 +0200] "GET /images/big_prod_2/1300000113656c.jpg HTTP/1.0" 200 271 "-" "Googlebot-Image/1.0"
66.249.66.214 - - [26/Apr/2022:23:09:12 +0200] "GET /vilaines-filles-white-ceramic-toilet-brush-p-57698.html HTTP/1.0" 200 74318 "-" "Mozilla/5.0 (Linux; Android 6.0.1; Nexus 5X Build/MMB29P) AppleWebKit/537.36 (KHTML, like Gecko) Chrome/100.0.4896.127 Mobile Safari/537.36 (compatible; Googlebot/2.1; +http://www.google.com/bot.html)"
3.136.19.145 - - [26/Apr/2022:23:09:36 +0200] "GET /images/mini_prod/3760116326421.jpg HTTP/1.0" 200 269 "-" "Go-http-client/1.1"
20.72.199.130 - - [26/Apr/2022:23:09:40 +0200] "GET /images/mini_prod/3612874117806.jpg HTTP/1.0" 200 269 "-" "Mozilla/5.0 (Windows NT 10.0; WOW64) AppleWebKit/537.36 (KHTML, like Gecko) Chrome/64.0.3282.186 Safari/537.36"
207.46.13.182 - - [26/Apr/2022:23:09:43 +0200] "GET /-p-35826.html HTTP/1.0" 200 70808 "-" "Mozilla/5.0 (compatible; bingbot/2.0; +http://www.bing.com/bingbot.htm)"
185.191.171.16 - - [26/Apr/2022:23:09:53 +0200] "GET /white-buddha-statue-polyresin-p-53722.html HTTP/1.0" 200 74430 "-" "Mozilla/5.0 (compatible; SemrushBot/7~bl; +http://www.semrush.com/bot.html)"
185.191.171.5 - - [26/Apr/2022:23:10:14 +0200] "GET /retro-ceramic-flatware-20-15-cm-retro-combi-p-42153.html HTTP/1.0" 301 73728 "-" "Mozilla/5.0 (compatible; SemrushBot/7~bl; +http://www.semrush.com/bot.html)"
185.191.171.33 - - [26/Apr/2022:23:10:18 +0200] "GET /retro-ceramic-flatware-retro-combi-p-42153.html HTTP/1.0" 200 73627 "-" "Mozilla/5.0 (compatible; SemrushBot/7~bl; +http://www.semrush.com/bot.html)"
185.191.171.17 - - [26/Apr/2022:23:10:29 +0200] "GET /golden-brass-boat-bell-wall-p-49461.html HTTP/1.0" 200 73622 "-" "Mozilla/5.0 (compatible; SemrushBot/7~bl; +http://www.semrush.com/bot.html)"
54.36.148.8 - - [26/Apr/2022:23:10:30 +0200] "GET /cushion-cover-black-jacquie-and-michel-60-cm-p-39085.html HTTP/1.0" 301 70875 "-" "Mozilla/5.0 (compatible; AhrefsBot/7.0; +http://ahrefs.com/robot/)"
66.249.66.210 - - [26/Apr/2022:23:10:34 +0200] "GET /gold-seahorse-statuette-p-54264.html HTTP/1.0" 200 74311 "-" "Mozilla/5.0 (compatible; Googlebot/2.1; +http://www.google.com/bot.html)"
54.36.148.243 - - [26/Apr/2022:23:10:39 +0200] "GET /bottle-rack-amis-p-56694.html HTTP/1.0" 200 74079 "-" "Mozilla/5.0 (compatible; AhrefsBot/7.0; +http://ahrefs.com/robot/)"
77.88.5.208 - - [26/Apr/2022:23:10:51 +0200] "GET /vase-white-gray-p-54056.html HTTP/1.0" 200 70866 "-" "Mozilla/5.0 (compatible; YandexBot/3.0; +http://yandex.com/bots)"
114.119.137.31 - - [26/Apr/2022:23:10:59 +0200] "GET /images/big_prod_1/8433933255346B.jpg HTTP/1.0" 200 271 "-" "Mozilla/5.0 (Linux; Android 7.0;) AppleWebKit/537.36 (KHTML, like Gecko) Mobile Safari/537.36 (compatible; PetalBot;+https://webmaster.petalsearch.com/site/petalbot)"
185.191.171.35 - - [26/Apr/2022:23:11:11 +0200] "GET /protective-cover-cotton-fleece-p-39152.html?action=add_product HTTP/1.0" 302 476 "-" "Mozilla/5.0 (compatible; SemrushBot/7~bl; +http://www.semrush.com/bot.html)"
185.191.171.20 - - [26/Apr/2022:23:11:13 +0200] "GET /glitter-statue-p-40197.html?action=add_product HTTP/1.0" 302 476 "-" "Mozilla/5.0 (compatible; SemrushBot/7~bl; +http://www.semrush.com/bot.html)"
66.249.66.214 - - [26/Apr/2022:23:11:56 +0200] "GET /glass-glitter-paperweight-p-56011.html HTTP/1.0" 200 74104 "-" "Mozilla/5.0 (compatible; Googlebot/2.1; +http://www.google.com/bot.html)"
17.121.114.165 - - [26/Apr/2022:23:12:04 +0200] "GET /relief-hanging-plate-place-bonheur-p-55674.html HTTP/1.0" 200 74326 "-" "Mozilla/5.0 (Macintosh; Intel Mac OS X 10_15_5) AppleWebKit/605.1.15 (KHTML, like Gecko) Version/13.1.1 Safari/605.1.15 (Applebot/0.1; +http://www.apple.com/go/applebot)"
54.36.148.243 - - [26/Apr/2022:23:12:05 +0200] "GET /alarm-clock-dubout-cats-curieuses-p-38712.html HTTP/1.0" 200 73704 "-" "Mozilla/5.0 (compatible; AhrefsBot/7.0; +http://ahrefs.com/robot/)"
47.254.85.106 - - [26/Apr/2022:23:12:12 +0200] "GET /images/mini_prod/8003990630525.jpg HTTP/1.0" 200 269 "-" "Mozilla/5.0 (X11; Ubuntu; Linux x86_64; rv:72.0) Gecko/20100101 Firefox/72.0"
185.191.171.4 - - [26/Apr/2022:23:12:22 +0200] "GET /small-boxes-pill-c-13_150_154.html?page=1 HTTP/1.0" 200 90712 "-" "Mozilla/5.0 (compatible; SemrushBot/7~bl; +http://www.semrush.com/bot.html)"
185.191.171.23 - - [26/Apr/2022:23:12:26 +0200] "GET /chest-wood-whitened-p-48072.html?action=add_product HTTP/1.0" 302 476 "-" "Mozilla/5.0 (compatible; SemrushBot/7~bl; +http://www.semrush.com/bot.html)"
77.88.5.237 - - [26/Apr/2022:23:12:31 +0200] "GET /stormtrooper-star-wars-isothermic-stainless-steel-bottle-p-56371.html HTTP/1.0" 200 74663 "-" "Mozilla/5.0 (compatible; YandexBot/3.0; +http://yandex.com/bots)"
185.191.171.2 - - [26/Apr/2022:23:12:37 +0200] "GET /gorjuss-lockable-notebook-cherry-blossom-p-52379.html?action=add_product HTTP/1.0" 302 476 "-" "Mozilla/5.0 (compatible; SemrushBot/7~bl; +http://www.semrush.com/bot.html)"
185.191.171.9 - - [26/Apr/2022:23:12:40 +0200] "GET /products_new.php?page=14 HTTP/1.0" 200 85520 "-" "Mozilla/5.0 (compatible; SemrushBot/7~bl; +http://www.semrush.com/bot.html)"
185.191.171.42 - - [26/Apr/2022:23:12:45 +0200] "GET /route-small-lamp-p-29403.html?action=add_product HTTP/1.0" 302 476 "-" "Mozilla/5.0 (compatible; SemrushBot/7~bl; +http://www.semrush.com/bot.html)"
114.119.137.38 - - [26/Apr/2022:23:12:55 +0200] "GET /microfibre-base-cover-white-p-47366.html HTTP/1.0" 200 70928 "-" "Mozilla/5.0 (Linux; Android 7.0;) AppleWebKit/537.36 (KHTML, like Gecko) Mobile Safari/537.36 (compatible; PetalBot;+https://webmaster.petalsearch.com/site/petalbot)"
40.64.89.61 - - [26/Apr/2022:23:12:58 +0200] "GET /images/mini_prod/8718375754351.jpg HTTP/1.0" 200 269 "-" "Mozilla/5.0 (Windows NT 10.0; ) Gecko/20100101 Firefox/61.0"
185.191.171.42 - - [26/Apr/2022:23:13:14 +0200] "GET /harley-davidson-cork-coaster-p-37066.html HTTP/1.0" 200 70910 "-" "Mozilla/5.0 (compatible; SemrushBot/7~bl; +http://www.semrush.com/bot.html)"
66.249.66.214 - - [26/Apr/2022:23:13:18 +0200] "GET /miracle-tattoos-augmented-reality-p-30664.html HTTP/1.0" 200 74406 "-" "Mozilla/5.0 (Linux; Android 6.0.1; Nexus 5X Build/MMB29P) AppleWebKit/537.36 (KHTML, like Gecko) Chrome/100.0.4896.127 Mobile Safari/537.36 (compatible; Googlebot/2.1; +http://www.google.com/bot.html)"
185.191.171.34 - - [26/Apr/2022:23:13:26 +0200] "GET /wooden-wall-mirror-p-49267.html?action=add_product HTTP/1.0" 302 476 "-" "Mozilla/5.0 (compatible; SemrushBot/7~bl; +http://www.semrush.com/bot.html)"
77.88.5.208 - - [26/Apr/2022:23:13:30 +0200] "GET /incense-c-231_226.html HTTP/1.0" 200 92313 "-" "Mozilla/5.0 (compatible; YandexBot/3.0; +http://yandex.com/bots)"
77.88.5.208 - - [26/Apr/2022:23:13:32 +0200] "GET /cushions-c-11_71.html HTTP/1.0" 200 90846 "-" "Mozilla/5.0 (compatible; YandexBot/3.0; +http://yandex.com/bots)"
77.88.5.208 - - [26/Apr/2022:23:13:34 +0200] "GET /boxes-storage-ceramics-c-13_150_219.html HTTP/1.0" 200 78230 "-" "Mozilla/5.0 (compatible; YandexBot/3.0; +http://yandex.com/bots)"
54.36.148.60 - - [26/Apr/2022:23:13:36 +0200] "GET /gilt-mug-by-cbk-p-17732.html HTTP/1.0" 301 73493 "-" "Mozilla/5.0 (compatible; AhrefsBot/7.0; +http://ahrefs.com/robot/)"
77.88.5.208 - - [26/Apr/2022:23:13:36 +0200] "GET /specials.php HTTP/1.0" 200 124439 "-" "Mozilla/5.0 (compatible; YandexBot/3.0; +http://yandex.com/bots)"
17.121.112.161 - - [26/Apr/2022:23:13:40 +0200] "GET /italian-scooter-cbkreation-p-13416.html HTTP/1.0" 200 73520 "-" "Mozilla/5.0 (Macintosh; Intel Mac OS X 10_15_5) AppleWebKit/605.1.15 (KHTML, like Gecko) Version/13.1.1 Safari/605.1.15 (Applebot/0.1; +http://www.apple.com/go/applebot)"
77.88.5.208 - - [26/Apr/2022:23:13:39 +0200] "GET /mirror-c-13_133.html HTTP/1.0" 200 92132 "-" "Mozilla/5.0 (compatible; YandexBot/3.0; +http://yandex.com/bots)"
77.88.5.208 - - [26/Apr/2022:23:13:41 +0200] "GET /vespa-watch-p-24940.html HTTP/1.0" 200 70854 "-" "Mozilla/5.0 (compatible; YandexBot/3.0; +http://yandex.com/bots)"
54.36.148.243 - - [26/Apr/2022:23:13:43 +0200] "GET /harley-davidson-lighter-p-41028.html HTTP/1.0" 200 73892 "-" "Mozilla/5.0 (compatible; AhrefsBot/7.0; +http://ahrefs.com/robot/)"
207.46.13.182 - - [26/Apr/2022:23:13:44 +0200] "GET /marseille-coasters-p-51776.html HTTP/1.0" 200 73404 "-" "Mozilla/5.0 (compatible; bingbot/2.0; +http://www.bing.com/bingbot.htm)"
77.88.5.208 - - [26/Apr/2022:23:13:51 +0200] "GET /-p-35281.html HTTP/1.0" 200 70808 "-" "Mozilla/5.0 (compatible; YandexBot/3.0; +http://yandex.com/bots)"
77.88.5.208 - - [26/Apr/2022:23:14:01 +0200] "GET /cushion-headboard-c-11_173.html HTTP/1.0" 200 88359 "-" "Mozilla/5.0 (compatible; YandexBot/3.0; +http://yandex.com/bots)"
185.191.171.15 - - [26/Apr/2022:23:14:05 +0200] "GET /horses-stickers-p-19590.html HTTP/1.0" 200 73434 "-" "Mozilla/5.0 (compatible; SemrushBot/7~bl; +http://www.semrush.com/bot.html)"
114.119.137.3 - - [26/Apr/2022:23:14:22 +0200] "GET /funky-dolls-lola-cocoa-mug-p-18855.html HTTP/1.0" 301 73674 "-" "Mozilla/5.0 (Linux; Android 7.0;) AppleWebKit/537.36 (KHTML, like Gecko) Mobile Safari/537.36 (compatible; PetalBot;+https://webmaster.petalsearch.com/site/petalbot)"
114.119.137.3 - - [26/Apr/2022:23:14:24 +0200] "GET /funky-dolls-lola-cocoa-p-18855.html HTTP/1.0" 200 73585 "-" "Mozilla/5.0 (Linux; Android 7.0;) AppleWebKit/537.36 (KHTML, like Gecko) Mobile Safari/537.36 (compatible; PetalBot;+https://webmaster.petalsearch.com/site/petalbot)"
51.68.224.127 - - [26/Apr/2022:23:14:32 +0200] "GET /adminweb/export_orders_xml.php?token=256de2z6edz6ed2z6DFSFsed2zed6zeDSFDSGdzedezfzf&maxorders=10&orderstart=1&status=14&start_date=2018-10-01 HTTP/1.0" 200 285 "-" "GesCom CharlotteBoutik Serveur"
51.68.224.127 - - [26/Apr/2022:23:14:32 +0200] "GET /adminweb/export_orders_xml.php?token=256de2z6edz6ed2z6DFSFsed2zed6zeDSFDSGdzedezfzf&maxorders=10&orderstart=1&status=6&start_date=2018-10-01 HTTP/1.0" 200 32798 "-" "GesCom CharlotteBoutik Serveur"
66.249.66.214 - - [26/Apr/2022:23:14:40 +0200] "GET /spongebob-food-melamine-plate-p-54787.html HTTP/1.0" 200 73471 "-" "Mozilla/5.0 (Linux; Android 6.0.1; Nexus 5X Build/MMB29P) AppleWebKit/537.36 (KHTML, like Gecko) Chrome/100.0.4896.127 Mobile Safari/537.36 (compatible; Googlebot/2.1; +http://www.google.com/bot.html)"
185.191.171.38 - - [26/Apr/2022:23:14:49 +0200] "GET /carved-wood-large-frame-hand-fatma-p-50149.html HTTP/1.0" 200 70944 "-" "Mozilla/5.0 (compatible; SemrushBot/7~bl; +http://www.semrush.com/bot.html)"
185.191.171.35 - - [26/Apr/2022:23:14:56 +0200] "GET /color-polyester-round-chair-cushion-p-43896.html HTTP/1.0" 200 74205 "-" "Mozilla/5.0 (compatible; SemrushBot/7~bl; +http://www.semrush.com/bot.html)"
157.55.39.172 - - [26/Apr/2022:23:15:11 +0200] "GET /fiers-etre-marseillais-sweatsuit-p-29990.html HTTP/1.0" 200 74897 "-" "Mozilla/5.0 (compatible; bingbot/2.0; +http://www.bing.com/bingbot.htm)"
157.90.128.183 - - [26/Apr/2022:23:15:18 +0200] "GET /images/mini_prod/3453131145947.jpg HTTP/1.0" 200 269 "-" "Mozilla/5.0 (X11; Ubuntu; Linux x86_64; rv:72.0) Gecko/20100101 Firefox/72.0"
54.36.148.243 - - [26/Apr/2022:23:15:19 +0200] "GET /harley-davidson-zippo-lighter-p-30269.html HTTP/1.0" 200 73970 "-" "Mozilla/5.0 (compatible; AhrefsBot/7.0; +http://ahrefs.com/robot/)"
185.191.171.35 - - [26/Apr/2022:23:15:32 +0200] "GET /antique-blue-wood-magazine-rack-model-p-44786.html HTTP/1.0" 200 70996 "-" "Mozilla/5.0 (compatible; SemrushBot/7~bl; +http://www.semrush.com/bot.html)"
40.91.113.104 - - [26/Apr/2022:23:15:48 +0200] "GET /images/mini_prod/1399984257159.jpg HTTP/1.0" 200 269 "-" "Mozilla/4.0 (compatible; MSIE 7.0; Windows NT 6.0)"
114.119.137.38 - - [26/Apr/2022:23:16:03 +0200] "GET /images/mini_prod/3665269184778.jpg HTTP/1.0" 200 269 "-" "Mozilla/5.0 (Linux; Android 7.0;) AppleWebKit/537.36 (KHTML, like Gecko) Mobile Safari/537.36 (compatible; PetalBot;+https://webmaster.petalsearch.com/site/petalbot)"
66.249.66.212 - - [26/Apr/2022:23:16:02 +0200] "GET /pulp-fiction-p-53478.html HTTP/1.0" 200 73646 "-" "Mozilla/5.0 (Linux; Android 6.0.1; Nexus 5X Build/MMB29P) AppleWebKit/537.36 (KHTML, like Gecko) Chrome/100.0.4896.127 Mobile Safari/537.36 (compatible; Googlebot/2.1; +http://www.google.com/bot.html)"
54.36.148.159 - - [26/Apr/2022:23:16:14 +0200] "GET /disney-frozen-jewelry-box-p-37040.html HTTP/1.0" 301 70875 "-" "Mozilla/5.0 (compatible; AhrefsBot/7.0; +http://ahrefs.com/robot/)"
54.36.148.243 - - [26/Apr/2022:23:16:54 +0200] "GET /votive-candle-hours-sweet-p-34630.html HTTP/1.0" 200 74571 "-" "Mozilla/5.0 (compatible; AhrefsBot/7.0; +http://ahrefs.com/robot/)"
54.36.148.70 - - [26/Apr/2022:23:16:55 +0200] "GET /soapstone-candle-holder-hand-of-fatma-p-50154.html HTTP/1.0" 301 73712 "-" "Mozilla/5.0 (compatible; AhrefsBot/7.0; +http://ahrefs.com/robot/)"
185.191.171.37 - - [26/Apr/2022:23:16:55 +0200] "GET /llama-love-round-metal-storage-p-47620.html HTTP/1.0" 301 70875 "-" "Mozilla/5.0 (compatible; SemrushBot/7~bl; +http://www.semrush.com/bot.html)"
185.191.171.2 - - [26/Apr/2022:23:16:59 +0200] "GET /-p-47620.html HTTP/1.0" 200 70808 "-" "Mozilla/5.0 (compatible; SemrushBot/7~bl; +http://www.semrush.com/bot.html)"
185.191.171.38 - - [26/Apr/2022:23:17:05 +0200] "GET /pedal-bin-blue-p-52592.html HTTP/1.0" 301 74418 "-" "Mozilla/5.0 (compatible; SemrushBot/7~bl; +http://www.semrush.com/bot.html)"
185.191.171.43 - - [26/Apr/2022:23:17:07 +0200] "GET /robots.txt HTTP/1.0" 200 245 "-" "Mozilla/5.0 (compatible; SemrushBot/7~bl; +http://www.semrush.com/bot.html)"
185.191.171.11 - - [26/Apr/2022:23:17:08 +0200] "GET /pedal-blue-p-52592.html HTTP/1.0" 200 74341 "-" "Mozilla/5.0 (compatible; SemrushBot/7~bl; +http://www.semrush.com/bot.html)"
185.191.171.2 - - [26/Apr/2022:23:17:23 +0200] "GET /decorative-globe-p-40903.html?action=add_product HTTP/1.0" 302 476 "-" "Mozilla/5.0 (compatible; SemrushBot/7~bl; +http://www.semrush.com/bot.html)"
66.249.66.212 - - [26/Apr/2022:23:17:24 +0200] "GET /angry-birds-pencil-sharpener-bright-p-19141.html HTTP/1.0" 200 73871 "-" "Mozilla/5.0 (compatible; Googlebot/2.1; +http://www.google.com/bot.html)"
77.88.5.237 - - [26/Apr/2022:23:17:22 +0200] "GET / HTTP/1.0" 200 151430 "-" "Mozilla/5.0 (compatible; YandexBot/3.0; +http://yandex.com/bots) AppleWebKit/537.36 (KHTML, like Gecko) Chrome/81.0.4044.268"
47.88.56.224 - - [26/Apr/2022:23:17:26 +0200] "GET /images/mini_prod/3565750148312.jpg HTTP/1.0" 200 269 "-" "Mozilla/5.0 (X11; Ubuntu; Linux x86_64; rv:72.0) Gecko/20100101 Firefox/72.0"
77.88.5.208 - - [26/Apr/2022:23:17:35 +0200] "GET / HTTP/1.0" 200 151289 "-" "Mozilla/5.0 (compatible; YandexBot/3.0; +http://yandex.com/bots) AppleWebKit/537.36 (KHTML, like Gecko) Chrome/81.0.4044.268"
77.88.5.237 - - [26/Apr/2022:23:17:41 +0200] "GET /mondial_relay/js/jquery-1.3.2.min.js HTTP/1.0" 200 276 "http://www.wonder-geek.com/" "Mozilla/5.0 (compatible; YandexBot/3.0; +http://yandex.com/bots) AppleWebKit/537.36 (KHTML, like Gecko) Chrome/81.0.4044.268"
185.191.171.25 - - [26/Apr/2022:23:17:53 +0200] "GET /calimero-mobile-sock-p-11926.html HTTP/1.0" 301 70875 "-" "Mozilla/5.0 (compatible; SemrushBot/7~bl; +http://www.semrush.com/bot.html)"
185.191.171.45 - - [26/Apr/2022:23:17:56 +0200] "GET /-p-11926.html HTTP/1.0" 200 70808 "-" "Mozilla/5.0 (compatible; SemrushBot/7~bl; +http://www.semrush.com/bot.html)"
17.121.112.122 - - [26/Apr/2022:23:17:57 +0200] "GET /images/mini_prod/1399985000174.jpg HTTP/1.0" 200 269 "-" "Mozilla/5.0 (Macintosh; Intel Mac OS X 10_15_5) AppleWebKit/605.1.15 (KHTML, like Gecko) Version/13.1.1 Safari/605.1.15 (Applebot/0.1; +http://www.apple.com/go/applebot)"
114.119.137.3 - - [26/Apr/2022:23:18:23 +0200] "GET /light-wood-table-lamp-scandinavian-spirit-p-54574.html HTTP/1.0" 200 74898 "-" "Mozilla/5.0 (Linux; Android 7.0;) AppleWebKit/537.36 (KHTML, like Gecko) Mobile Safari/537.36 (compatible; PetalBot;+https://webmaster.petalsearch.com/site/petalbot)"
54.36.148.243 - - [26/Apr/2022:23:18:25 +0200] "GET /small-baby-teeth-p-56214.html HTTP/1.0" 200 74179 "-" "Mozilla/5.0 (compatible; AhrefsBot/7.0; +http://ahrefs.com/robot/)"
20.99.154.172 - - [26/Apr/2022:23:18:27 +0200] "GET /images/mini_prod/3524550043135.jpg HTTP/1.0" 200 269 "-" "Mozilla/5.0 (Windows NT 6.1; WOW64) AppleWebKit/537.36 (KHTML, like Gecko) Chrome/45.0.2454.101 Safari/537.36"
185.191.171.10 - - [26/Apr/2022:23:18:27 +0200] "GET /bedclothes-140-200-cm-geomix-p-51703.html HTTP/1.0" 301 73671 "-" "Mozilla/5.0 (compatible; SemrushBot/7~bl; +http://www.semrush.com/bot.html)"
185.191.171.15 - - [26/Apr/2022:23:18:31 +0200] "GET /bedclothes-gomix-p-51703.html HTTP/1.0" 200 73588 "-" "Mozilla/5.0 (compatible; SemrushBot/7~bl; +http://www.semrush.com/bot.html)"
157.55.39.101 - - [26/Apr/2022:23:18:44 +0200] "GET /-p-28810.html HTTP/1.0" 200 70808 "-" "Mozilla/5.0 (compatible; bingbot/2.0; +http://www.bing.com/bingbot.htm)"
40.91.78.237 - - [26/Apr/2022:23:18:53 +0200] "GET /images/mini_prod/1384010206706.jpg HTTP/1.0" 200 269 "-" "Mozilla/5.0 (X11; Linux x86_64) AppleWebKit/537.36 (KHTML, like Gecko) Chrome/62.0.3202.62 Safari/537.36"
77.88.5.208 - - [26/Apr/2022:23:19:03 +0200] "GET /js/jquery.jqzoom.js HTTP/1.0" 200 259 "http://www.wonder-geek.com/" "Mozilla/5.0 (compatible; YandexBot/3.0; +http://yandex.com/bots) AppleWebKit/537.36 (KHTML, like Gecko) Chrome/81.0.4044.268"
77.88.5.208 - - [26/Apr/2022:23:19:11 +0200] "GET /js/jquery.js HTTP/1.0" 200 252 "http://www.wonder-geek.com/" "Mozilla/5.0 (compatible; YandexBot/3.0; +http://yandex.com/bots) AppleWebKit/537.36 (KHTML, like Gecko) Chrome/81.0.4044.268"
185.191.171.20 - - [26/Apr/2022:23:19:32 +0200] "GET /dubout-metal-tray-p-42357.html HTTP/1.0" 200 73491 "-" "Mozilla/5.0 (compatible; SemrushBot/7~bl; +http://www.semrush.com/bot.html)"
47.88.56.224 - - [26/Apr/2022:23:19:49 +0200] "GET /images/mini_prod/8433933189672.jpg HTTP/1.0" 200 269 "-" "Mozilla/5.0 (X11; Ubuntu; Linux x86_64; rv:72.0) Gecko/20100101 Firefox/72.0"
114.119.137.45 - - [26/Apr/2022:23:20:05 +0200] "GET /mug-white-ceramic-wine-bar-p-45685.html HTTP/1.0" 301 70998 "-" "Mozilla/5.0 (Linux; Android 7.0;) AppleWebKit/537.36 (KHTML, like Gecko) Mobile Safari/537.36 (compatible; PetalBot;+https://webmaster.petalsearch.com/site/petalbot)"
54.36.148.243 - - [26/Apr/2022:23:20:05 +0200] "GET /galileo-thermometer-indoors-p-51226.html HTTP/1.0" 200 73568 "-" "Mozilla/5.0 (compatible; AhrefsBot/7.0; +http://ahrefs.com/robot/)"
114.119.137.45 - - [26/Apr/2022:23:20:07 +0200] "GET /white-ceramic-wine-p-45685.html HTTP/1.0" 200 70913 "-" "Mozilla/5.0 (Linux; Android 7.0;) AppleWebKit/537.36 (KHTML, like Gecko) Mobile Safari/537.36 (compatible; PetalBot;+https://webmaster.petalsearch.com/site/petalbot)"
66.249.66.210 - - [26/Apr/2022:23:20:08 +0200] "GET /beyblade-swimsuit-p-30448.html HTTP/1.0" 200 75163 "-" "Mozilla/5.0 (Linux; Android 6.0.1; Nexus 5X Build/MMB29P) AppleWebKit/537.36 (KHTML, like Gecko) Chrome/100.0.4896.127 Mobile Safari/537.36 (compatible; Googlebot/2.1; +http://www.google.com/bot.html)"
185.191.171.44 - - [26/Apr/2022:23:20:14 +0200] "GET /cubi-door-wood-amateurs-bons-p-56788.html?action=add_product HTTP/1.0" 302 476 "-" "Mozilla/5.0 (compatible; SemrushBot/7~bl; +http://www.semrush.com/bot.html)"
54.36.148.28 - - [26/Apr/2022:23:20:24 +0200] "GET /deco-figurine-gray-hedgehog-suspended-to-decorate-the-vases-p-52689.html HTTP/1.0" 301 71139 "-" "Mozilla/5.0 (compatible; AhrefsBot/7.0; +http://ahrefs.com/robot/)"
66.249.66.214 - - [26/Apr/2022:23:20:24 +0200] "GET /provence-small-ceramic-ashtray-p-52636.html HTTP/1.0" 200 73505 "-" "Mozilla/5.0 (Linux; Android 6.0.1; Nexus 5X Build/MMB29P) AppleWebKit/537.36 (KHTML, like Gecko) Chrome/100.0.4896.127 Mobile Safari/537.36 (compatible; Googlebot/2.1; +http://www.google.com/bot.html)"
54.36.149.71 - - [26/Apr/2022:23:20:31 +0200] "GET /mademoiselle-paris-mug-p-22224.html HTTP/1.0" 301 70992 "-" "Mozilla/5.0 (compatible; AhrefsBot/7.0; +http://ahrefs.com/robot/)"
157.55.39.111 - - [26/Apr/2022:23:20:32 +0200] "GET /magnetic-decoration-hourglass-p-57518.html HTTP/1.0" 200 74777 "-" "Mozilla/5.0 (compatible; bingbot/2.0; +http://www.bing.com/bingbot.htm)"
211.249.40.15 - - [26/Apr/2022:23:20:49 +0200] "GET /images/mini_prod/1399984258439.jpg HTTP/1.0" 200 269 "-" "Mozilla/5.0 (X11; Ubuntu; Linux x86_64; rv:72.0) Gecko/20100101 Firefox/72.0"
207.46.13.182 - - [26/Apr/2022:23:20:54 +0200] "GET /incense-box-and-stick-holder-yin-yang-p-35508.html HTTP/1.0" 301 74580 "-" "Mozilla/5.0 (compatible; bingbot/2.0; +http://www.bing.com/bingbot.htm)"
185.191.171.44 - - [26/Apr/2022:23:21:23 +0200] "GET /johnny-hallyday-mouse-pad-p-10933.html HTTP/1.0" 301 73519 "-" "Mozilla/5.0 (compatible; SemrushBot/7~bl; +http://www.semrush.com/bot.html)"
185.191.171.39 - - [26/Apr/2022:23:21:26 +0200] "GET /johnny-hallyday-mouse-p-10933.html HTTP/1.0" 200 73431 "-" "Mozilla/5.0 (compatible; SemrushBot/7~bl; +http://www.semrush.com/bot.html)"
66.249.66.214 - - [26/Apr/2022:23:21:30 +0200] "GET /naruto-picture-frame-p-1481.html HTTP/1.0" 200 73461 "-" "Mozilla/5.0 (Linux; Android 6.0.1; Nexus 5X Build/MMB29P) AppleWebKit/537.36 (KHTML, like Gecko) Chrome/100.0.4896.127 Mobile Safari/537.36 (compatible; Googlebot/2.1; +http://www.google.com/bot.html)"
54.36.148.243 - - [26/Apr/2022:23:21:37 +0200] "GET /gray-earthenware-lamp-p-55610.html HTTP/1.0" 200 74180 "-" "Mozilla/5.0 (compatible; AhrefsBot/7.0; +http://ahrefs.com/robot/)"
114.119.137.38 - - [26/Apr/2022:23:21:44 +0200] "GET /images/big_prod/1328399138388.jpg HTTP/1.0" 200 268 "-" "Mozilla/5.0 (Linux; Android 7.0;) AppleWebKit/537.36 (KHTML, like Gecko) Mobile Safari/537.36 (compatible; PetalBot;+https://webmaster.petalsearch.com/site/petalbot)"
185.191.171.39 - - [26/Apr/2022:23:21:48 +0200] "GET /-p-45158.html?action=add_product HTTP/1.0" 302 476 "-" "Mozilla/5.0 (compatible; SemrushBot/7~bl; +http://www.semrush.com/bot.html)"
185.191.171.11 - - [26/Apr/2022:23:22:08 +0200] "GET /betty-boop-pink-vinyl-beauty-p-16551.html HTTP/1.0" 200 73545 "-" "Mozilla/5.0 (compatible; SemrushBot/7~bl; +http://www.semrush.com/bot.html)"
185.191.171.6 - - [26/Apr/2022:23:22:18 +0200] "GET /silver-and-gold-owl-statuette-15-cm-p-47377.html HTTP/1.0" 301 73633 "-" "Mozilla/5.0 (compatible; SemrushBot/7~bl; +http://www.semrush.com/bot.html)"
40.91.75.132 - - [26/Apr/2022:23:22:22 +0200] "GET /images/mini_prod/1300000022255.jpg HTTP/1.0" 200 269 "-" "Mozilla/5.0 (Windows NT 10.0; WOW64) AppleWebKit/537.36 (KHTML, like Gecko) Chrome/64.0.3282.186 Safari/537.36"
185.191.171.9 - - [26/Apr/2022:23:22:22 +0200] "GET /silver-gold-statuette-p-47377.html HTTP/1.0" 200 73545 "-" "Mozilla/5.0 (compatible; SemrushBot/7~bl; +http://www.semrush.com/bot.html)"
54.36.148.243 - - [26/Apr/2022:23:22:51 +0200] "GET /small-melamine-tray-p-48618.html HTTP/1.0" 200 73511 "-" "Mozilla/5.0 (compatible; AhrefsBot/7.0; +http://ahrefs.com/robot/)"
