185.191.171.1 - - [26/Apr/2022:08:11:56 +0200] "GET /duvet-cover-cotton-percale-threads-p-48208.html?action=add_product HTTP/1.0" 302 476 "-" "Mozilla/5.0 (compatible; SemrushBot/7~bl; +http://www.semrush.com/bot.html)"
54.36.148.243 - - [26/Apr/2022:08:12:00 +0200] "GET /galileo-thermometer-indoors-p-55393.html HTTP/1.0" 200 74179 "-" "Mozilla/5.0 (compatible; AhrefsBot/7.0; +http://ahrefs.com/robot/)"
185.191.171.2 - - [26/Apr/2022:08:13:01 +0200] "GET /salt-pepper-small-fish-p-54508.html?action=add_product HTTP/1.0" 302 476 "-" "Mozilla/5.0 (compatible; SemrushBot/7~bl; +http://www.semrush.com/bot.html)"
54.36.148.243 - - [26/Apr/2022:08:13:18 +0200] "GET /pink-mini-glitter-ball-p-33557.html HTTP/1.0" 200 73513 "-" "Mozilla/5.0 (compatible; AhrefsBot/7.0; +http://ahrefs.com/robot/)"
185.191.171.5 - - [26/Apr/2022:08:13:21 +0200] "GET /candle-heart-home-home-christmas-p-53318.html?action=add_product HTTP/1.0" 302 476 "-" "Mozilla/5.0 (compatible; SemrushBot/7~bl; +http://www.semrush.com/bot.html)"
185.191.171.34 - - [26/Apr/2022:08:13:38 +0200] "GET /disney-pixar-dory-nemo-bowl-p-37509.html?action=add_product HTTP/1.0" 302 476 "-" "Mozilla/5.0 (compatible; SemrushBot/7~bl; +http://www.semrush.com/bot.html)"
185.191.171.20 - - [26/Apr/2022:08:13:43 +0200] "GET /metal-keychain-unicorn-p-47481.html HTTP/1.0" 200 73449 "-" "Mozilla/5.0 (compatible; SemrushBot/7~bl; +http://www.semrush.com/bot.html)"
185.191.171.40 - - [26/Apr/2022:08:13:46 +0200] "GET /small-polyresin-buddha-statuettes-p-52259.html HTTP/1.0" 200 70934 "-" "Mozilla/5.0 (compatible; SemrushBot/7~bl; +http://www.semrush.com/bot.html)"
120.36.212.214 - - [26/Apr/2022:08:14:01 +0200] "GET / HTTP/1.0" 200 151707 "-" "Mozilla/5.0 (Windows NT 10.0; WOW64) AppleWebKit/537.36 (KHTML, like Gecko) Chrome/80.0.3987.149 Safari/537.36"
185.191.171.4 - - [26/Apr/2022:08:14:05 +0200] "GET /biker-figurine-decorative-p-32156.html?action=add_product HTTP/1.0" 302 476 "-" "Mozilla/5.0 (compatible; SemrushBot/7~bl; +http://www.semrush.com/bot.html)"
185.191.171.4 - - [26/Apr/2022:08:14:07 +0200] "GET /luggages-schoolbags-leather-shop-c-31.html?page=28 HTTP/1.0" 200 93098 "-" "Mozilla/5.0 (compatible; SemrushBot/7~bl; +http://www.semrush.com/bot.html)"
120.36.212.214 - - [26/Apr/2022:08:14:09 +0200] "GET /contact_us.php HTTP/1.0" 301 539 "-" "Mozilla/5.0 (Windows NT 10.0; WOW64) AppleWebKit/537.36 (KHTML, like Gecko) Chrome/80.0.3987.149 Safari/537.36"
120.36.212.214 - - [26/Apr/2022:08:14:10 +0200] "GET /contact_us.php HTTP/1.0" 200 26241 "-" "Mozilla/5.0 (Windows NT 10.0; WOW64) AppleWebKit/537.36 (KHTML, like Gecko) Chrome/80.0.3987.149 Safari/537.36"
120.36.212.214 - - [26/Apr/2022:08:14:13 +0200] "GET /create_account.php HTTP/1.0" 301 547 "-" "Mozilla/5.0 (Windows NT 10.0; WOW64) AppleWebKit/537.36 (KHTML, like Gecko) Chrome/80.0.3987.149 Safari/537.36"
185.191.171.39 - - [26/Apr/2022:08:14:12 +0200] "GET /keyrings-c-3_52.html?page=11 HTTP/1.0" 200 93419 "-" "Mozilla/5.0 (compatible; SemrushBot/7~bl; +http://www.semrush.com/bot.html)"
120.36.212.214 - - [26/Apr/2022:08:14:14 +0200] "GET /checkout_shipping.php HTTP/1.0" 301 553 "-" "Mozilla/5.0 (Windows NT 10.0; WOW64) AppleWebKit/537.36 (KHTML, like Gecko) Chrome/80.0.3987.149 Safari/537.36"
120.36.212.214 - - [26/Apr/2022:08:14:14 +0200] "GET /checkout_shipping.php HTTP/1.0" 302 468 "-" "Mozilla/5.0 (Windows NT 10.0; WOW64) AppleWebKit/537.36 (KHTML, like Gecko) Chrome/80.0.3987.149 Safari/537.36"
120.36.212.214 - - [26/Apr/2022:08:14:13 +0200] "GET /create_account.php HTTP/1.0" 200 33633 "-" "Mozilla/5.0 (Windows NT 10.0; WOW64) AppleWebKit/537.36 (KHTML, like Gecko) Chrome/80.0.3987.149 Safari/537.36"
120.36.212.214 - - [26/Apr/2022:08:14:15 +0200] "GET /login.php HTTP/1.0" 200 17155 "-" "Mozilla/5.0 (Windows NT 10.0; WOW64) AppleWebKit/537.36 (KHTML, like Gecko) Chrome/80.0.3987.149 Safari/537.36"
120.36.212.214 - - [26/Apr/2022:08:14:32 +0200] "GET /shopping_cart.php HTTP/1.0" 301 545 "-" "Mozilla/5.0 (Windows NT 10.0; WOW64) AppleWebKit/537.36 (KHTML, like Gecko) Chrome/80.0.3987.149 Safari/537.36"
185.191.171.4 - - [26/Apr/2022:08:14:31 +0200] "GET /grey-lampshade-p-56791.html HTTP/1.0" 200 74120 "-" "Mozilla/5.0 (compatible; SemrushBot/7~bl; +http://www.semrush.com/bot.html)"
120.36.212.214 - - [26/Apr/2022:08:14:33 +0200] "GET /shopping_cart.php HTTP/1.0" 200 13298 "-" "Mozilla/5.0 (Windows NT 10.0; WOW64) AppleWebKit/537.36 (KHTML, like Gecko) Chrome/80.0.3987.149 Safari/537.36"
54.36.148.243 - - [26/Apr/2022:08:14:33 +0200] "GET /glasses-case-c-31_164.html HTTP/1.0" 200 90916 "-" "Mozilla/5.0 (compatible; AhrefsBot/7.0; +http://ahrefs.com/robot/)"
120.36.212.214 - - [26/Apr/2022:08:14:49 +0200] "GET /login.php HTTP/1.0" 301 529 "-" "Mozilla/5.0 (Windows NT 10.0; WOW64) AppleWebKit/537.36 (KHTML, like Gecko) Chrome/80.0.3987.149 Safari/537.36"
120.36.212.214 - - [26/Apr/2022:08:14:49 +0200] "GET /login.php HTTP/1.0" 200 17155 "-" "Mozilla/5.0 (Windows NT 10.0; WOW64) AppleWebKit/537.36 (KHTML, like Gecko) Chrome/80.0.3987.149 Safari/537.36"
120.36.212.214 - - [26/Apr/2022:08:14:56 +0200] "GET /index.php?language=fr HTTP/1.0" 301 553 "-" "Mozilla/5.0 (Windows NT 10.0; WOW64) AppleWebKit/537.36 (KHTML, like Gecko) Chrome/80.0.3987.149 Safari/537.36"
120.36.212.214 - - [26/Apr/2022:08:14:57 +0200] "GET /index.php?language=fr HTTP/1.0" 200 157512 "-" "Mozilla/5.0 (Windows NT 10.0; WOW64) AppleWebKit/537.36 (KHTML, like Gecko) Chrome/80.0.3987.149 Safari/537.36"
20.59.48.141 - - [26/Apr/2022:08:15:03 +0200] "GET /images/mini_prod/3560600293860.jpg HTTP/1.0" 200 269 "-" "Mozilla/5.0 (Windows NT 10.0; WOW64) AppleWebKit/537.36 (KHTML, like Gecko) Chrome/68.0.3440.106 Safari/537.36"
120.36.212.214 - - [26/Apr/2022:08:15:05 +0200] "GET /specials.php HTTP/1.0" 301 535 "-" "Mozilla/5.0 (Windows NT 10.0; WOW64) AppleWebKit/537.36 (KHTML, like Gecko) Chrome/80.0.3987.149 Safari/537.36"
120.36.212.214 - - [26/Apr/2022:08:15:07 +0200] "GET /products_new.php HTTP/1.0" 301 543 "-" "Mozilla/5.0 (Windows NT 10.0; WOW64) AppleWebKit/537.36 (KHTML, like Gecko) Chrome/80.0.3987.149 Safari/537.36"
120.36.212.214 - - [26/Apr/2022:08:15:06 +0200] "GET /specials.php HTTP/1.0" 200 124439 "-" "Mozilla/5.0 (Windows NT 10.0; WOW64) AppleWebKit/537.36 (KHTML, like Gecko) Chrome/80.0.3987.149 Safari/537.36"
120.36.212.214 - - [26/Apr/2022:08:15:08 +0200] "GET /products_new.php HTTP/1.0" 200 95174 "-" "Mozilla/5.0 (Windows NT 10.0; WOW64) AppleWebKit/537.36 (KHTML, like Gecko) Chrome/80.0.3987.149 Safari/537.36"
185.191.171.4 - - [26/Apr/2022:08:15:28 +0200] "GET /new-york-and-statue-of-liberty-stickers-p-35378.html HTTP/1.0" 301 70875 "-" "Mozilla/5.0 (compatible; SemrushBot/7~bl; +http://www.semrush.com/bot.html)"
120.36.212.214 - - [26/Apr/2022:08:15:30 +0200] "GET /dishes-c-12.html HTTP/1.0" 301 543 "-" "Mozilla/5.0 (Windows NT 10.0; WOW64) AppleWebKit/537.36 (KHTML, like Gecko) Chrome/80.0.3987.149 Safari/537.36"
120.36.212.214 - - [26/Apr/2022:08:15:33 +0200] "GET /adaptable-decorative-caps-c-12_249.html HTTP/1.0" 301 589 "-" "Mozilla/5.0 (Windows NT 10.0; WOW64) AppleWebKit/537.36 (KHTML, like Gecko) Chrome/80.0.3987.149 Safari/537.36"
120.36.212.214 - - [26/Apr/2022:08:15:31 +0200] "GET /dishes-c-12.html HTTP/1.0" 200 91644 "-" "Mozilla/5.0 (Windows NT 10.0; WOW64) AppleWebKit/537.36 (KHTML, like Gecko) Chrome/80.0.3987.149 Safari/537.36"
120.36.212.214 - - [26/Apr/2022:08:15:34 +0200] "GET /adaptable-decorative-caps-c-12_249.html HTTP/1.0" 200 79432 "-" "Mozilla/5.0 (Windows NT 10.0; WOW64) AppleWebKit/537.36 (KHTML, like Gecko) Chrome/80.0.3987.149 Safari/537.36"
185.191.171.36 - - [26/Apr/2022:08:15:37 +0200] "GET /-p-35378.html HTTP/1.0" 200 70808 "-" "Mozilla/5.0 (compatible; SemrushBot/7~bl; +http://www.semrush.com/bot.html)"
185.191.171.4 - - [26/Apr/2022:08:15:43 +0200] "GET /bamboo-fiber-plant-cover-p-57466.html?action=add_product HTTP/1.0" 302 476 "-" "Mozilla/5.0 (compatible; SemrushBot/7~bl; +http://www.semrush.com/bot.html)"
17.121.115.189 - - [26/Apr/2022:08:15:44 +0200] "GET /images/mini_prod/3574640156023.jpg HTTP/1.0" 200 269 "-" "Mozilla/5.0 (Macintosh; Intel Mac OS X 10_15_5) AppleWebKit/605.1.15 (KHTML, like Gecko) Version/13.1.1 Safari/605.1.15 (Applebot/0.1; +http://www.apple.com/go/applebot)"
185.191.171.34 - - [26/Apr/2022:08:15:44 +0200] "GET /harley-davidson-eagle-zippo-lighter-p-29783.html HTTP/1.0" 200 73994 "-" "Mozilla/5.0 (compatible; SemrushBot/7~bl; +http://www.semrush.com/bot.html)"
120.36.212.214 - - [26/Apr/2022:08:15:46 +0200] "GET /barbecue-aperitif-c-12_254.html HTTP/1.0" 301 573 "-" "Mozilla/5.0 (Windows NT 10.0; WOW64) AppleWebKit/537.36 (KHTML, like Gecko) Chrome/80.0.3987.149 Safari/537.36"
120.36.212.214 - - [26/Apr/2022:08:15:47 +0200] "GET /barbecue-aperitif-c-12_254.html HTTP/1.0" 200 90185 "-" "Mozilla/5.0 (Windows NT 10.0; WOW64) AppleWebKit/537.36 (KHTML, like Gecko) Chrome/80.0.3987.149 Safari/537.36"
120.36.212.214 - - [26/Apr/2022:08:15:49 +0200] "GET /bottle-holder-beer-bucket-c-12_224.html HTTP/1.0" 301 589 "-" "Mozilla/5.0 (Windows NT 10.0; WOW64) AppleWebKit/537.36 (KHTML, like Gecko) Chrome/80.0.3987.149 Safari/537.36"
54.36.148.243 - - [26/Apr/2022:08:15:49 +0200] "GET /pillow-case-color-p-39685.html HTTP/1.0" 200 73711 "-" "Mozilla/5.0 (compatible; AhrefsBot/7.0; +http://ahrefs.com/robot/)"
120.36.212.214 - - [26/Apr/2022:08:15:50 +0200] "GET /bottle-holder-beer-bucket-c-12_224.html HTTP/1.0" 200 90241 "-" "Mozilla/5.0 (Windows NT 10.0; WOW64) AppleWebKit/537.36 (KHTML, like Gecko) Chrome/80.0.3987.149 Safari/537.36"
120.36.212.214 - - [26/Apr/2022:08:16:05 +0200] "GET /bowls-c-12_60.html HTTP/1.0" 301 547 "-" "Mozilla/5.0 (Windows NT 10.0; WOW64) AppleWebKit/537.36 (KHTML, like Gecko) Chrome/80.0.3987.149 Safari/537.36"
120.36.212.214 - - [26/Apr/2022:08:16:06 +0200] "GET /bowls-c-12_60.html HTTP/1.0" 200 93332 "-" "Mozilla/5.0 (Windows NT 10.0; WOW64) AppleWebKit/537.36 (KHTML, like Gecko) Chrome/80.0.3987.149 Safari/537.36"
120.36.212.214 - - [26/Apr/2022:08:16:40 +0200] "GET /bowls-c-12_255.html HTTP/1.0" 301 549 "-" "Mozilla/5.0 (Windows NT 10.0; WOW64) AppleWebKit/537.36 (KHTML, like Gecko) Chrome/80.0.3987.149 Safari/537.36"
120.36.212.214 - - [26/Apr/2022:08:16:41 +0200] "GET /butter-dish-c-12_222.html HTTP/1.0" 301 561 "-" "Mozilla/5.0 (Windows NT 10.0; WOW64) AppleWebKit/537.36 (KHTML, like Gecko) Chrome/80.0.3987.149 Safari/537.36"
120.36.212.214 - - [26/Apr/2022:08:16:41 +0200] "GET /bowls-c-12_255.html HTTP/1.0" 200 78687 "-" "Mozilla/5.0 (Windows NT 10.0; WOW64) AppleWebKit/537.36 (KHTML, like Gecko) Chrome/80.0.3987.149 Safari/537.36"
120.36.212.214 - - [26/Apr/2022:08:16:42 +0200] "GET /butter-dish-c-12_222.html HTTP/1.0" 200 84924 "-" "Mozilla/5.0 (Windows NT 10.0; WOW64) AppleWebKit/537.36 (KHTML, like Gecko) Chrome/80.0.3987.149 Safari/537.36"
185.191.171.26 - - [26/Apr/2022:08:16:55 +0200] "GET /alpaca-cups-espresso-p-48606.html?action=add_product HTTP/1.0" 302 476 "-" "Mozilla/5.0 (compatible; SemrushBot/7~bl; +http://www.semrush.com/bot.html)"
120.36.212.214 - - [26/Apr/2022:08:17:02 +0200] "GET /cake-molds-cube-molds-c-12_246.html HTTP/1.0" 301 581 "-" "Mozilla/5.0 (Windows NT 10.0; WOW64) AppleWebKit/537.36 (KHTML, like Gecko) Chrome/80.0.3987.149 Safari/537.36"
120.36.212.214 - - [26/Apr/2022:08:17:02 +0200] "GET /cake-molds-cube-molds-c-12_246.html HTTP/1.0" 200 85773 "-" "Mozilla/5.0 (Windows NT 10.0; WOW64) AppleWebKit/537.36 (KHTML, like Gecko) Chrome/80.0.3987.149 Safari/537.36"
120.36.212.214 - - [26/Apr/2022:08:17:07 +0200] "GET /cellar-slicer-sausage-c-12_252.html HTTP/1.0" 301 581 "-" "Mozilla/5.0 (Windows NT 10.0; WOW64) AppleWebKit/537.36 (KHTML, like Gecko) Chrome/80.0.3987.149 Safari/537.36"
120.36.212.214 - - [26/Apr/2022:08:17:07 +0200] "GET /cellar-slicer-sausage-c-12_252.html HTTP/1.0" 200 79607 "-" "Mozilla/5.0 (Windows NT 10.0; WOW64) AppleWebKit/537.36 (KHTML, like Gecko) Chrome/80.0.3987.149 Safari/537.36"
120.36.212.214 - - [26/Apr/2022:08:17:11 +0200] "GET /coasters-c-12_157.html HTTP/1.0" 301 555 "-" "Mozilla/5.0 (Windows NT 10.0; WOW64) AppleWebKit/537.36 (KHTML, like Gecko) Chrome/80.0.3987.149 Safari/537.36"
120.36.212.214 - - [26/Apr/2022:08:17:12 +0200] "GET /corkscrew-bottle-opener-sommelier-c-12_213.html HTTP/1.0" 301 605 "-" "Mozilla/5.0 (Windows NT 10.0; WOW64) AppleWebKit/537.36 (KHTML, like Gecko) Chrome/80.0.3987.149 Safari/537.36"
120.36.212.214 - - [26/Apr/2022:08:17:11 +0200] "GET /coasters-c-12_157.html HTTP/1.0" 200 92751 "-" "Mozilla/5.0 (Windows NT 10.0; WOW64) AppleWebKit/537.36 (KHTML, like Gecko) Chrome/80.0.3987.149 Safari/537.36"
120.36.212.214 - - [26/Apr/2022:08:17:12 +0200] "GET /corkscrew-bottle-opener-sommelier-c-12_213.html HTTP/1.0" 200 91268 "-" "Mozilla/5.0 (Windows NT 10.0; WOW64) AppleWebKit/537.36 (KHTML, like Gecko) Chrome/80.0.3987.149 Safari/537.36"
120.36.212.214 - - [26/Apr/2022:08:17:17 +0200] "GET /dishes-dishes-c-12_251.html HTTP/1.0" 301 565 "-" "Mozilla/5.0 (Windows NT 10.0; WOW64) AppleWebKit/537.36 (KHTML, like Gecko) Chrome/80.0.3987.149 Safari/537.36"
120.36.212.214 - - [26/Apr/2022:08:17:18 +0200] "GET /dishes-dishes-c-12_251.html HTTP/1.0" 200 89940 "-" "Mozilla/5.0 (Windows NT 10.0; WOW64) AppleWebKit/537.36 (KHTML, like Gecko) Chrome/80.0.3987.149 Safari/537.36"
120.36.212.214 - - [26/Apr/2022:08:17:20 +0200] "GET /cups-c-12_248.html HTTP/1.0" 301 547 "-" "Mozilla/5.0 (Windows NT 10.0; WOW64) AppleWebKit/537.36 (KHTML, like Gecko) Chrome/80.0.3987.149 Safari/537.36"
120.36.212.214 - - [26/Apr/2022:08:17:20 +0200] "GET /flasks-c-12_245.html HTTP/1.0" 301 551 "-" "Mozilla/5.0 (Windows NT 10.0; WOW64) AppleWebKit/537.36 (KHTML, like Gecko) Chrome/80.0.3987.149 Safari/537.36"
120.36.212.214 - - [26/Apr/2022:08:17:21 +0200] "GET /flatwares-c-12_63.html HTTP/1.0" 301 555 "-" "Mozilla/5.0 (Windows NT 10.0; WOW64) AppleWebKit/537.36 (KHTML, like Gecko) Chrome/80.0.3987.149 Safari/537.36"
120.36.212.214 - - [26/Apr/2022:08:17:21 +0200] "GET /glasses-drinking-c-12_62.html HTTP/1.0" 301 569 "-" "Mozilla/5.0 (Windows NT 10.0; WOW64) AppleWebKit/537.36 (KHTML, like Gecko) Chrome/80.0.3987.149 Safari/537.36"
185.191.171.40 - - [26/Apr/2022:08:17:20 +0200] "GET /paris-tour-eiffel-soap-dish-p-8642.html HTTP/1.0" 200 73474 "-" "Mozilla/5.0 (compatible; SemrushBot/7~bl; +http://www.semrush.com/bot.html)"
120.36.212.214 - - [26/Apr/2022:08:17:22 +0200] "GET /with-infuser-c-12_221.html HTTP/1.0" 301 563 "-" "Mozilla/5.0 (Windows NT 10.0; WOW64) AppleWebKit/537.36 (KHTML, like Gecko) Chrome/80.0.3987.149 Safari/537.36"
120.36.212.214 - - [26/Apr/2022:08:17:22 +0200] "GET /mugs-mazagrans-c-12_57.html HTTP/1.0" 301 565 "-" "Mozilla/5.0 (Windows NT 10.0; WOW64) AppleWebKit/537.36 (KHTML, like Gecko) Chrome/80.0.3987.149 Safari/537.36"
120.36.212.214 - - [26/Apr/2022:08:17:21 +0200] "GET /cups-c-12_248.html HTTP/1.0" 200 85959 "-" "Mozilla/5.0 (Windows NT 10.0; WOW64) AppleWebKit/537.36 (KHTML, like Gecko) Chrome/80.0.3987.149 Safari/537.36"
120.36.212.214 - - [26/Apr/2022:08:17:21 +0200] "GET /flatwares-c-12_63.html HTTP/1.0" 200 89963 "-" "Mozilla/5.0 (Windows NT 10.0; WOW64) AppleWebKit/537.36 (KHTML, like Gecko) Chrome/80.0.3987.149 Safari/537.36"
120.36.212.214 - - [26/Apr/2022:08:17:21 +0200] "GET /flasks-c-12_245.html HTTP/1.0" 200 80020 "-" "Mozilla/5.0 (Windows NT 10.0; WOW64) AppleWebKit/537.36 (KHTML, like Gecko) Chrome/80.0.3987.149 Safari/537.36"
185.191.171.2 - - [26/Apr/2022:08:17:24 +0200] "GET /jungle-parrot-p-56230.html?action=add_product HTTP/1.0" 302 476 "-" "Mozilla/5.0 (compatible; SemrushBot/7~bl; +http://www.semrush.com/bot.html)"
120.36.212.214 - - [26/Apr/2022:08:17:22 +0200] "GET /glasses-drinking-c-12_62.html HTTP/1.0" 200 90742 "-" "Mozilla/5.0 (Windows NT 10.0; WOW64) AppleWebKit/537.36 (KHTML, like Gecko) Chrome/80.0.3987.149 Safari/537.36"
120.36.212.214 - - [26/Apr/2022:08:17:22 +0200] "GET /with-infuser-c-12_221.html HTTP/1.0" 200 91401 "-" "Mozilla/5.0 (Windows NT 10.0; WOW64) AppleWebKit/537.36 (KHTML, like Gecko) Chrome/80.0.3987.149 Safari/537.36"
120.36.212.214 - - [26/Apr/2022:08:17:22 +0200] "GET /mugs-mazagrans-c-12_57.html HTTP/1.0" 200 96510 "-" "Mozilla/5.0 (Windows NT 10.0; WOW64) AppleWebKit/537.36 (KHTML, like Gecko) Chrome/80.0.3987.149 Safari/537.36"
185.191.171.10 - - [26/Apr/2022:08:17:42 +0200] "GET /lock-shock-barrel-with-santa-figurine-p-53263.html?action=add_product HTTP/1.0" 302 476 "-" "Mozilla/5.0 (compatible; SemrushBot/7~bl; +http://www.semrush.com/bot.html)"
185.191.171.42 - - [26/Apr/2022:08:17:44 +0200] "GET /globe-armillaire-decoration-p-48807.html HTTP/1.0" 301 70875 "-" "Mozilla/5.0 (compatible; SemrushBot/7~bl; +http://www.semrush.com/bot.html)"
54.36.148.243 - - [26/Apr/2022:08:17:45 +0200] "GET /memo-frame-hang-p-42525.html HTTP/1.0" 200 73554 "-" "Mozilla/5.0 (compatible; AhrefsBot/7.0; +http://ahrefs.com/robot/)"
185.191.171.42 - - [26/Apr/2022:08:17:47 +0200] "GET /-p-48807.html HTTP/1.0" 200 70808 "-" "Mozilla/5.0 (compatible; SemrushBot/7~bl; +http://www.semrush.com/bot.html)"
157.90.128.183 - - [26/Apr/2022:08:17:49 +0200] "GET /images/mini_prod/3660173208343.jpg HTTP/1.0" 200 269 "-" "Mozilla/5.0 (X11; Ubuntu; Linux x86_64; rv:72.0) Gecko/20100101 Firefox/72.0"
185.191.171.15 - - [26/Apr/2022:08:18:19 +0200] "GET /-p-32804.html?action=add_product HTTP/1.0" 302 476 "-" "Mozilla/5.0 (compatible; SemrushBot/7~bl; +http://www.semrush.com/bot.html)"
20.64.196.243 - - [26/Apr/2022:08:18:47 +0200] "GET /images/mini_prod/1384220402431.jpg HTTP/1.0" 200 269 "-" "Mozilla/5.0 (Windows NT 10.0; WOW64) AppleWebKit/537.36 (KHTML, like Gecko) Chrome/64.0.3282.186 Safari/537.36"
185.191.171.25 - - [26/Apr/2022:08:19:04 +0200] "GET /dora-the-explorer-baby-hat-with-mittens-p-50929.html HTTP/1.0" 301 73658 "-" "Mozilla/5.0 (compatible; SemrushBot/7~bl; +http://www.semrush.com/bot.html)"
185.191.171.36 - - [26/Apr/2022:08:19:08 +0200] "GET /dora-explorer-baby-with-mittens-p-50929.html HTTP/1.0" 200 73560 "-" "Mozilla/5.0 (compatible; SemrushBot/7~bl; +http://www.semrush.com/bot.html)"
185.191.171.33 - - [26/Apr/2022:08:19:12 +0200] "GET /disney-heartstrings-tigger-figurine-p-44597.html HTTP/1.0" 200 74090 "-" "Mozilla/5.0 (compatible; SemrushBot/7~bl; +http://www.semrush.com/bot.html)"
185.191.171.7 - - [26/Apr/2022:08:19:17 +0200] "GET /klimt-tree-life-notebook-p-54008.html?action=add_product HTTP/1.0" 302 476 "-" "Mozilla/5.0 (compatible; SemrushBot/7~bl; +http://www.semrush.com/bot.html)"
54.36.148.243 - - [26/Apr/2022:08:19:20 +0200] "GET /pillow-case-dark-grey-p-41417.html HTTP/1.0" 200 73705 "-" "Mozilla/5.0 (compatible; AhrefsBot/7.0; +http://ahrefs.com/robot/)"
185.191.171.36 - - [26/Apr/2022:08:19:20 +0200] "GET /decorative-door-sticker-p-51531.html?action=add_product HTTP/1.0" 302 476 "-" "Mozilla/5.0 (compatible; SemrushBot/7~bl; +http://www.semrush.com/bot.html)"
20.64.196.200 - - [26/Apr/2022:08:19:29 +0200] "GET /images/mini_prod/4260082936802z.jpg HTTP/1.0" 200 270 "-" "Mozilla/5.0 (Windows NT 10.0; WOW64) AppleWebKit/537.36 (KHTML, like Gecko) Chrome/68.0.3440.106 Safari/537.36"
54.36.149.19 - - [26/Apr/2022:08:20:03 +0200] "GET /london-best-street-style-cushion-p-27040.html HTTP/1.0" 301 70875 "-" "Mozilla/5.0 (compatible; AhrefsBot/7.0; +http://ahrefs.com/robot/)"
77.88.5.208 - - [26/Apr/2022:08:20:05 +0200] "GET /white-rabbit-decorative-statue-p-31562.html HTTP/1.0" 200 73564 "-" "Mozilla/5.0 (compatible; YandexBot/3.0; +http://yandex.com/bots)"
77.88.5.208 - - [26/Apr/2022:08:20:40 +0200] "GET /white-cotton-kitchen-towel-little-prince-p-44858.html HTTP/1.0" 200 73636 "-" "Mozilla/5.0 (compatible; YandexBot/3.0; +http://yandex.com/bots)"
54.36.148.93 - - [26/Apr/2022:08:20:50 +0200] "GET /war-machine-miniature-figure-p-29868.html HTTP/1.0" 301 70875 "-" "Mozilla/5.0 (compatible; AhrefsBot/7.0; +http://ahrefs.com/robot/)"
54.36.148.243 - - [26/Apr/2022:08:20:55 +0200] "GET /pillow-case-white-p-39126.html HTTP/1.0" 200 73688 "-" "Mozilla/5.0 (compatible; AhrefsBot/7.0; +http://ahrefs.com/robot/)"
185.191.171.5 - - [26/Apr/2022:08:21:27 +0200] "GET /buffalo-skull-glass-cutting-board-cbkreation-p-51464.html HTTP/1.0" 200 73614 "-" "Mozilla/5.0 (compatible; SemrushBot/7~bl; +http://www.semrush.com/bot.html)"
54.36.148.243 - - [26/Apr/2022:08:22:08 +0200] "GET /magnet-maman-fminin-p-57085.html HTTP/1.0" 200 74047 "-" "Mozilla/5.0 (compatible; AhrefsBot/7.0; +http://ahrefs.com/robot/)"
77.88.5.208 - - [26/Apr/2022:08:22:31 +0200] "GET /glass-cutting-board-cbkreation-p-51304.html HTTP/1.0" 200 73514 "-" "Mozilla/5.0 (compatible; YandexBot/3.0; +http://yandex.com/bots)"
66.249.66.212 - - [26/Apr/2022:08:22:31 +0200] "GET /water-hyacinth-table-lamp-p-57490.html HTTP/1.0" 200 74554 "-" "Mozilla/5.0 (Linux; Android 6.0.1; Nexus 5X Build/MMB29P) AppleWebKit/537.36 (KHTML, like Gecko) Chrome/100.0.4896.127 Mobile Safari/537.36 (compatible; Googlebot/2.1; +http://www.google.com/bot.html)"
185.191.171.1 - - [26/Apr/2022:08:22:42 +0200] "GET /tetsubin-light-green-teapot-japanese-liter-p-39978.html?action=add_product HTTP/1.0" 302 476 "-" "Mozilla/5.0 (compatible; SemrushBot/7~bl; +http://www.semrush.com/bot.html)"
66.249.66.212 - - [26/Apr/2022:08:22:55 +0200] "GET /cement-tiles-round-side-table-p-49532.html HTTP/1.0" 200 74091 "-" "Mozilla/5.0 (Linux; Android 6.0.1; Nexus 5X Build/MMB29P) AppleWebKit/537.36 (KHTML, like Gecko) Chrome/100.0.4896.127 Mobile Safari/537.36 (compatible; Googlebot/2.1; +http://www.google.com/bot.html)"
185.191.171.8 - - [26/Apr/2022:08:22:55 +0200] "GET /-p-38524.html?action=add_product HTTP/1.0" 302 476 "-" "Mozilla/5.0 (compatible; SemrushBot/7~bl; +http://www.semrush.com/bot.html)"
54.36.148.243 - - [26/Apr/2022:08:23:22 +0200] "GET /betty-boop-mtal-ashtray-hussy-p-36136.html HTTP/1.0" 200 73535 "-" "Mozilla/5.0 (compatible; AhrefsBot/7.0; +http://ahrefs.com/robot/)"
185.191.171.14 - - [26/Apr/2022:08:23:29 +0200] "GET /italian-dolce-vita-black-women-shirt-p-30958.html HTTP/1.0" 200 75526 "-" "Mozilla/5.0 (compatible; SemrushBot/7~bl; +http://www.semrush.com/bot.html)"
77.88.5.208 - - [26/Apr/2022:08:23:44 +0200] "GET /smokers-items-c-3_112.html?page=2 HTTP/1.0" 200 92798 "-" "Mozilla/5.0 (compatible; YandexBot/3.0; +http://yandex.com/bots)"
17.121.112.91 - - [26/Apr/2022:08:23:55 +0200] "GET /images/mini_prod/rayerose.jpg HTTP/1.0" 200 264 "-" "Mozilla/5.0 (Macintosh; Intel Mac OS X 10_15_5) AppleWebKit/605.1.15 (KHTML, like Gecko) Version/13.1.1 Safari/605.1.15 (Applebot/0.1; +http://www.apple.com/go/applebot)"
47.88.84.24 - - [26/Apr/2022:08:24:21 +0200] "GET /images/mini_prod/3453131138932.jpg HTTP/1.0" 200 269 "-" "Mozilla/5.0 (X11; Ubuntu; Linux x86_64; rv:72.0) Gecko/20100101 Firefox/72.0"
66.249.66.214 - - [26/Apr/2022:08:24:24 +0200] "GET /images/mini_prod/8433933111895.jpg HTTP/1.0" 200 269 "-" "Googlebot-Image/1.0"
66.249.66.210 - - [26/Apr/2022:08:24:26 +0200] "GET /cccp-logo-adult-cbkration-p-36533.html HTTP/1.0" 200 73582 "-" "Mozilla/5.0 (compatible; Googlebot/2.1; +http://www.google.com/bot.html)"
66.249.66.210 - - [26/Apr/2022:08:24:29 +0200] "GET /cccp-logo-adult-cbkration-p-36533.html HTTP/1.0" 200 73582 "-" "Mozilla/5.0 (Linux; Android 6.0.1; Nexus 5X Build/MMB29P) AppleWebKit/537.36 (KHTML, like Gecko) Chrome/100.0.4896.127 Mobile Safari/537.36 (compatible; Googlebot/2.1; +http://www.google.com/bot.html)"
54.36.148.243 - - [26/Apr/2022:08:24:34 +0200] "GET /cats-dubout-placemat-p-27370.html HTTP/1.0" 200 73466 "-" "Mozilla/5.0 (compatible; AhrefsBot/7.0; +http://ahrefs.com/robot/)"
51.68.224.127 - - [26/Apr/2022:08:24:54 +0200] "GET /adminweb/export_orders_xml.php?token=256de2z6edz6ed2z6DFSFsed2zed6zeDSFDSGdzedezfzf&maxorders=10&orderstart=1&status=14&start_date=2018-10-01 HTTP/1.0" 200 285 "-" "GesCom CharlotteBoutik Serveur"
51.68.224.127 - - [26/Apr/2022:08:24:54 +0200] "GET /adminweb/export_orders_xml.php?token=256de2z6edz6ed2z6DFSFsed2zed6zeDSFDSGdzedezfzf&maxorders=10&orderstart=1&status=6&start_date=2018-10-01 HTTP/1.0" 200 32798 "-" "GesCom CharlotteBoutik Serveur"
17.121.113.108 - - [26/Apr/2022:08:25:01 +0200] "GET /luminous-guardian-angel-porcelain-star-p-44966.html HTTP/1.0" 200 73637 "-" "Mozilla/5.0 (Macintosh; Intel Mac OS X 10_15_5) AppleWebKit/605.1.15 (KHTML, like Gecko) Version/13.1.1 Safari/605.1.15 (Applebot/0.1; +http://www.apple.com/go/applebot)"
185.191.171.11 - - [26/Apr/2022:08:25:06 +0200] "GET /shower-curtain-p-50725.html HTTP/1.0" 200 74123 "-" "Mozilla/5.0 (compatible; SemrushBot/7~bl; +http://www.semrush.com/bot.html)"
157.55.39.111 - - [26/Apr/2022:08:25:45 +0200] "GET /furnishings-c-13_87.html HTTP/1.0" 200 91241 "-" "Mozilla/5.0 (compatible; bingbot/2.0; +http://www.bing.com/bingbot.htm)"
185.191.171.42 - - [26/Apr/2022:08:25:49 +0200] "GET /burgundy-japanese-enameled-cast-iron-teapot-p-57700.html HTTP/1.0" 200 74331 "-" "Mozilla/5.0 (compatible; SemrushBot/7~bl; +http://www.semrush.com/bot.html)"
54.36.148.243 - - [26/Apr/2022:08:25:52 +0200] "GET /littlest-petshop-white-swimsuit-p-30316.html HTTP/1.0" 200 74935 "-" "Mozilla/5.0 (compatible; AhrefsBot/7.0; +http://ahrefs.com/robot/)"
54.36.149.24 - - [26/Apr/2022:08:26:41 +0200] "GET /yin-et-yang-clock-by-cbkreation-p-24708.html HTTP/1.0" 301 73684 "-" "Mozilla/5.0 (compatible; AhrefsBot/7.0; +http://ahrefs.com/robot/)"
185.191.171.34 - - [26/Apr/2022:08:26:41 +0200] "GET /little-toiletry-p-43425.html HTTP/1.0" 200 73519 "-" "Mozilla/5.0 (compatible; SemrushBot/7~bl; +http://www.semrush.com/bot.html)"
54.36.148.243 - - [26/Apr/2022:08:27:07 +0200] "GET /tinted-candle-mass-green-p-56101.html HTTP/1.0" 200 73502 "-" "Mozilla/5.0 (compatible; AhrefsBot/7.0; +http://ahrefs.com/robot/)"
185.191.171.7 - - [26/Apr/2022:08:27:10 +0200] "GET /storage-and-cups-c-12_159_264.html?page=2 HTTP/1.0" 301 87972 "-" "Mozilla/5.0 (compatible; SemrushBot/7~bl; +http://www.semrush.com/bot.html)"
185.191.171.4 - - [26/Apr/2022:08:27:14 +0200] "GET /storage-cups-c-264.html?page=2 HTTP/1.0" 301 87772 "-" "Mozilla/5.0 (compatible; SemrushBot/7~bl; +http://www.semrush.com/bot.html)"
185.191.171.42 - - [26/Apr/2022:08:27:18 +0200] "GET /storage-cups-c-12_159_264.html?page=2 HTTP/1.0" 200 87888 "-" "Mozilla/5.0 (compatible; SemrushBot/7~bl; +http://www.semrush.com/bot.html)"
185.191.171.43 - - [26/Apr/2022:08:27:31 +0200] "GET /negrita-metal-plate-p-40087.html?action=add_product HTTP/1.0" 302 476 "-" "Mozilla/5.0 (compatible; SemrushBot/7~bl; +http://www.semrush.com/bot.html)"
157.90.128.183 - - [26/Apr/2022:08:27:45 +0200] "GET /images/mini_prod/4012390324501.jpg HTTP/1.0" 200 269 "-" "Mozilla/5.0 (X11; Ubuntu; Linux x86_64; rv:72.0) Gecko/20100101 Firefox/72.0"
77.88.5.208 - - [26/Apr/2022:08:27:45 +0200] "GET /long-playing-clock-cbkreation-p-24373.html HTTP/1.0" 200 73618 "-" "Mozilla/5.0 (compatible; YandexBot/3.0; +http://yandex.com/bots)"
17.121.112.208 - - [26/Apr/2022:08:28:05 +0200] "GET /little-geisha-grey-small-p-39301.html HTTP/1.0" 200 70910 "-" "Mozilla/5.0 (Macintosh; Intel Mac OS X 10_15_5) AppleWebKit/605.1.15 (KHTML, like Gecko) Version/13.1.1 Safari/605.1.15 (Applebot/0.1; +http://www.apple.com/go/applebot)"
157.90.128.183 - - [26/Apr/2022:08:28:08 +0200] "GET /images/mini_prod/3700653591197.jpg HTTP/1.0" 200 269 "-" "Mozilla/5.0 (X11; Ubuntu; Linux x86_64; rv:72.0) Gecko/20100101 Firefox/72.0"
17.121.112.209 - - [26/Apr/2022:08:28:12 +0200] "GET /cement-tile-stickers-beige-gold-p-45006.html HTTP/1.0" 200 74484 "-" "Mozilla/5.0 (Macintosh; Intel Mac OS X 10_15_5) AppleWebKit/605.1.15 (KHTML, like Gecko) Version/13.1.1 Safari/605.1.15 (Applebot/0.1; +http://www.apple.com/go/applebot)"
54.36.148.243 - - [26/Apr/2022:08:28:20 +0200] "GET /cuba-toothpick-display-p-53466.html HTTP/1.0" 200 73415 "-" "Mozilla/5.0 (compatible; AhrefsBot/7.0; +http://ahrefs.com/robot/)"
185.191.171.10 - - [26/Apr/2022:08:28:28 +0200] "GET /white-natural-wooden-mini-p-55033.html HTTP/1.0" 200 74339 "-" "Mozilla/5.0 (compatible; SemrushBot/7~bl; +http://www.semrush.com/bot.html)"
185.191.171.25 - - [26/Apr/2022:08:28:33 +0200] "GET /candy-cloud-unicorn-bubblegum-p-49789.html?action=add_product HTTP/1.0" 302 476 "-" "Mozilla/5.0 (compatible; SemrushBot/7~bl; +http://www.semrush.com/bot.html)"
185.191.171.22 - - [26/Apr/2022:08:28:39 +0200] "GET /fishes-ceramic-butter-dish-p-51416.html?action=add_product HTTP/1.0" 302 476 "-" "Mozilla/5.0 (compatible; SemrushBot/7~bl; +http://www.semrush.com/bot.html)"
185.191.171.43 - - [26/Apr/2022:08:28:56 +0200] "GET /decorative-boomerang-taurus-p-46267.html?action=add_product HTTP/1.0" 302 476 "-" "Mozilla/5.0 (compatible; SemrushBot/7~bl; +http://www.semrush.com/bot.html)"
185.191.171.3 - - [26/Apr/2022:08:29:42 +0200] "GET /pepe-jeans-suitcase-48-cm-p-33484.html HTTP/1.0" 301 71008 "-" "Mozilla/5.0 (compatible; SemrushBot/7~bl; +http://www.semrush.com/bot.html)"
54.36.148.243 - - [26/Apr/2022:08:29:43 +0200] "GET /jangal-jute-p-56459.html HTTP/1.0" 200 74365 "-" "Mozilla/5.0 (compatible; AhrefsBot/7.0; +http://ahrefs.com/robot/)"
185.191.171.10 - - [26/Apr/2022:08:29:45 +0200] "GET /jeans-suitcase-p-33484.html HTTP/1.0" 200 70927 "-" "Mozilla/5.0 (compatible; SemrushBot/7~bl; +http://www.semrush.com/bot.html)"
40.125.126.53 - - [26/Apr/2022:08:30:16 +0200] "GET /images/mini_prod/8435107822361.jpg HTTP/1.0" 200 269 "-" "Mozilla/5.0 (Windows NT 6.1; WOW64) AppleWebKit/537.36 (KHTML, like Gecko) Chrome/45.0.2454.101 Safari/537.36"
185.191.171.24 - - [26/Apr/2022:08:30:20 +0200] "GET /memo-frame-to-hang-p-42525.html HTTP/1.0" 301 73636 "-" "Mozilla/5.0 (compatible; SemrushBot/7~bl; +http://www.semrush.com/bot.html)"
54.36.148.167 - - [26/Apr/2022:08:30:21 +0200] "GET /luggages-schoolbags-leather-shop/bagshandbags-shoulder-bags-c-31_81.html HTTP/1.0" 301 97222 "-" "Mozilla/5.0 (compatible; AhrefsBot/7.0; +http://ahrefs.com/robot/)"
185.191.171.35 - - [26/Apr/2022:08:30:24 +0200] "GET /memo-frame-hang-p-42525.html HTTP/1.0" 200 73554 "-" "Mozilla/5.0 (compatible; SemrushBot/7~bl; +http://www.semrush.com/bot.html)"
185.191.171.34 - - [26/Apr/2022:08:30:35 +0200] "GET /bodega-cbkreation-p-24118.html?action=add_product HTTP/1.0" 302 476 "-" "Mozilla/5.0 (compatible; SemrushBot/7~bl; +http://www.semrush.com/bot.html)"
157.90.128.183 - - [26/Apr/2022:08:30:41 +0200] "GET /images/mini_prod/4260082930565.jpg HTTP/1.0" 200 269 "-" "Mozilla/5.0 (X11; Ubuntu; Linux x86_64; rv:72.0) Gecko/20100101 Firefox/72.0"
185.191.171.41 - - [26/Apr/2022:08:30:42 +0200] "GET /salt-pepper-chabada-p-47917.html HTTP/1.0" 200 73439 "-" "Mozilla/5.0 (compatible; SemrushBot/7~bl; +http://www.semrush.com/bot.html)"
54.36.148.243 - - [26/Apr/2022:08:31:00 +0200] "GET /bowl-laughing-mint-made-germany-p-53825.html HTTP/1.0" 200 74150 "-" "Mozilla/5.0 (compatible; AhrefsBot/7.0; +http://ahrefs.com/robot/)"
185.191.171.38 - - [26/Apr/2022:08:31:13 +0200] "GET /outdoor-carpet-celadon-blue-polypropylene-p-48186.html HTTP/1.0" 200 73810 "-" "Mozilla/5.0 (compatible; SemrushBot/7~bl; +http://www.semrush.com/bot.html)"
185.191.171.1 - - [26/Apr/2022:08:31:22 +0200] "GET /-p-13519.html?action=add_product HTTP/1.0" 302 476 "-" "Mozilla/5.0 (compatible; SemrushBot/7~bl; +http://www.semrush.com/bot.html)"
185.191.171.4 - - [26/Apr/2022:08:31:40 +0200] "GET /lavender-cigales-coasters-p-39620.html HTTP/1.0" 200 73472 "-" "Mozilla/5.0 (compatible; SemrushBot/7~bl; +http://www.semrush.com/bot.html)"
185.191.171.7 - - [26/Apr/2022:08:31:50 +0200] "GET /support-metal-bottle-p-47885.html?action=add_product HTTP/1.0" 302 476 "-" "Mozilla/5.0 (compatible; SemrushBot/7~bl; +http://www.semrush.com/bot.html)"
54.36.148.243 - - [26/Apr/2022:08:32:13 +0200] "GET /betty-boop-stars-mobile-sock-p-18335.html HTTP/1.0" 200 73631 "-" "Mozilla/5.0 (compatible; AhrefsBot/7.0; +http://ahrefs.com/robot/)"
185.191.171.22 - - [26/Apr/2022:08:32:20 +0200] "GET /glass-jellyfish-paperweight-cm-p-52788.html HTTP/1.0" 301 73596 "-" "Mozilla/5.0 (compatible; SemrushBot/7~bl; +http://www.semrush.com/bot.html)"
185.191.171.3 - - [26/Apr/2022:08:32:25 +0200] "GET /glass-jellyfish-paperweight-p-52788.html HTTP/1.0" 200 73502 "-" "Mozilla/5.0 (compatible; SemrushBot/7~bl; +http://www.semrush.com/bot.html)"
20.64.192.111 - - [26/Apr/2022:08:32:38 +0200] "GET /images/mini_prod/8424346253807.jpg HTTP/1.0" 200 269 "-" "Mozilla/5.0 (X11; Linux x86_64) AppleWebKit/537.36 (KHTML, like Gecko) Chrome/62.0.3202.62 Safari/537.36"
54.36.148.30 - - [26/Apr/2022:08:32:57 +0200] "GET /leopard-decorative-statue-p-47457.html HTTP/1.0" 301 70875 "-" "Mozilla/5.0 (compatible; AhrefsBot/7.0; +http://ahrefs.com/robot/)"
185.191.171.19 - - [26/Apr/2022:08:33:00 +0200] "GET /klimt-le-baiser-city-bag-made-in-france-p-47415.html HTTP/1.0" 301 74518 "-" "Mozilla/5.0 (compatible; SemrushBot/7~bl; +http://www.semrush.com/bot.html)"
185.191.171.24 - - [26/Apr/2022:08:33:05 +0200] "GET /klimt-baiser-city-made-france-p-47415.html HTTP/1.0" 200 74422 "-" "Mozilla/5.0 (compatible; SemrushBot/7~bl; +http://www.semrush.com/bot.html)"
20.64.197.78 - - [26/Apr/2022:08:33:16 +0200] "GET /images/mini_prod/3503420069482.jpg HTTP/1.0" 200 269 "-" "Mozilla/5.0 (Windows NT 10.0; WOW64) AppleWebKit/537.36 (KHTML, like Gecko) Chrome/68.0.3440.106 Safari/537.36"
54.36.148.231 - - [26/Apr/2022:08:33:17 +0200] "GET /tin-and-metal-signs-c-13_130.html?page=22 HTTP/1.0" 301 93684 "-" "Mozilla/5.0 (compatible; AhrefsBot/7.0; +http://ahrefs.com/robot/)"
185.191.171.11 - - [26/Apr/2022:08:33:23 +0200] "GET /storage-basket-cactus-p-55801.html HTTP/1.0" 200 74175 "-" "Mozilla/5.0 (compatible; SemrushBot/7~bl; +http://www.semrush.com/bot.html)"
54.36.148.243 - - [26/Apr/2022:08:33:39 +0200] "GET /britto-duck-design-numbered-limited-edition-p-43443.html HTTP/1.0" 200 73635 "-" "Mozilla/5.0 (compatible; AhrefsBot/7.0; +http://ahrefs.com/robot/)"
66.249.66.214 - - [26/Apr/2022:08:33:51 +0200] "GET /incense-spiritual-guide-grams-about-sticks-p-35490.html HTTP/1.0" 200 73814 "-" "Mozilla/5.0 (Linux; Android 6.0.1; Nexus 5X Build/MMB29P) AppleWebKit/537.36 (KHTML, like Gecko) Chrome/100.0.4896.127 Mobile Safari/537.36 (compatible; Googlebot/2.1; +http://www.google.com/bot.html)"
185.191.171.6 - - [26/Apr/2022:08:33:58 +0200] "GET /small-storage-box-on-wheels-guimaud-p-49657.html HTTP/1.0" 301 70875 "-" "Mozilla/5.0 (compatible; SemrushBot/7~bl; +http://www.semrush.com/bot.html)"
185.191.171.43 - - [26/Apr/2022:08:34:01 +0200] "GET /-p-49657.html HTTP/1.0" 200 70808 "-" "Mozilla/5.0 (compatible; SemrushBot/7~bl; +http://www.semrush.com/bot.html)"
66.249.66.214 - - [26/Apr/2022:08:34:05 +0200] "GET /marley-zippo-lighter-p-41035.html HTTP/1.0" 200 73912 "-" "Mozilla/5.0 (Linux; Android 6.0.1; Nexus 5X Build/MMB29P) AppleWebKit/537.36 (KHTML, like Gecko) Chrome/100.0.4896.127 Mobile Safari/537.36 (compatible; Googlebot/2.1; +http://www.google.com/bot.html)"
66.249.66.210 - - [26/Apr/2022:08:34:27 +0200] "GET /js/jquery.jqzoom.js HTTP/1.0" 200 259 "http://www.wonder-geek.com/incense-spiritual-guide-grams-about-sticks-p-35490.html" "Mozilla/5.0 (Linux; Android 6.0.1; Nexus 5X Build/MMB29P) AppleWebKit/537.36 (KHTML, like Gecko) Chrome/100.0.4896.127 Mobile Safari/537.36 (compatible; Googlebot/2.1; +http://www.google.com/bot.html)"
185.191.171.17 - - [26/Apr/2022:08:34:42 +0200] "GET /small-heart-home-candle-home-christmas-p-57125.html HTTP/1.0" 200 74831 "-" "Mozilla/5.0 (compatible; SemrushBot/7~bl; +http://www.semrush.com/bot.html)"
54.36.148.243 - - [26/Apr/2022:08:35:07 +0200] "GET /musical-c-13_150_149.html?page=3 HTTP/1.0" 200 78953 "-" "Mozilla/5.0 (compatible; AhrefsBot/7.0; +http://ahrefs.com/robot/)"
54.36.149.20 - - [26/Apr/2022:08:35:15 +0200] "GET /mickey-club-house-rainwear-size-years-p-22918.html HTTP/1.0" 301 70875 "-" "Mozilla/5.0 (compatible; AhrefsBot/7.0; +http://ahrefs.com/robot/)"
185.191.171.18 - - [26/Apr/2022:08:35:29 +0200] "GET /lord-brian-london-p-39518.html HTTP/1.0" 200 70882 "-" "Mozilla/5.0 (compatible; SemrushBot/7~bl; +http://www.semrush.com/bot.html)"
54.36.148.84 - - [26/Apr/2022:08:35:52 +0200] "GET /gorjuss-cards-supplied-with-an-envelope-bluebirds-proposal-p-48364.html HTTP/1.0" 301 73932 "-" "Mozilla/5.0 (compatible; AhrefsBot/7.0; +http://ahrefs.com/robot/)"
77.88.5.208 - - [26/Apr/2022:08:36:35 +0200] "GET /cuisine-adult-apron-p-55963.html HTTP/1.0" 200 74142 "-" "Mozilla/5.0 (compatible; YandexBot/3.0; +http://yandex.com/bots)"
54.36.148.243 - - [26/Apr/2022:08:36:43 +0200] "GET /incense-aura-cleansing-grams-about-sticks-p-52435.html HTTP/1.0" 200 73974 "-" "Mozilla/5.0 (compatible; AhrefsBot/7.0; +http://ahrefs.com/robot/)"
185.191.171.25 - - [26/Apr/2022:08:36:56 +0200] "GET /gray-gold-decorative-statuette-p-55288.html HTTP/1.0" 200 74303 "-" "Mozilla/5.0 (compatible; SemrushBot/7~bl; +http://www.semrush.com/bot.html)"
185.191.171.44 - - [26/Apr/2022:08:36:59 +0200] "GET /brown-horse-mouse-p-24683.html HTTP/1.0" 200 73383 "-" "Mozilla/5.0 (compatible; SemrushBot/7~bl; +http://www.semrush.com/bot.html)"
157.90.128.183 - - [26/Apr/2022:08:37:28 +0200] "GET /images/mini_prod/3700276227640.jpg HTTP/1.0" 200 269 "-" "Mozilla/5.0 (X11; Ubuntu; Linux x86_64; rv:72.0) Gecko/20100101 Firefox/72.0"
185.191.171.15 - - [26/Apr/2022:08:37:27 +0200] "GET /jasmin-jasmine-p-41389.html HTTP/1.0" 200 70870 "-" "Mozilla/5.0 (compatible; SemrushBot/7~bl; +http://www.semrush.com/bot.html)"
54.36.148.243 - - [26/Apr/2022:08:38:03 +0200] "GET /superman-polar-blanket-p-31998.html HTTP/1.0" 200 73636 "-" "Mozilla/5.0 (compatible; AhrefsBot/7.0; +http://ahrefs.com/robot/)"
185.191.171.2 - - [26/Apr/2022:08:38:09 +0200] "GET /maison-vacances-wall-hanger-p-41102.html HTTP/1.0" 200 73695 "-" "Mozilla/5.0 (compatible; SemrushBot/7~bl; +http://www.semrush.com/bot.html)"
45.76.158.150 - - [26/Apr/2022:08:38:14 +0200] "GET /images/med_prod/4029811281688.jpg HTTP/1.0" 200 268 "-" "Mozilla/5.0 (Windows NT 6.3; Win64; x64) AppleWebKit/537.36 (KHTML, like Gecko) Chrome/90.0.4430.93 Safari/537.36"
185.191.171.40 - - [26/Apr/2022:08:38:58 +0200] "GET /cotton-kitchen-towel-recette-bonheur-p-56284.html?action=add_product HTTP/1.0" 302 476 "-" "Mozilla/5.0 (compatible; SemrushBot/7~bl; +http://www.semrush.com/bot.html)"
77.88.5.208 - - [26/Apr/2022:08:39:09 +0200] "GET /little-geisha-small-p-39302.html HTTP/1.0" 200 73669 "-" "Mozilla/5.0 (compatible; YandexBot/3.0; +http://yandex.com/bots)"
54.36.148.243 - - [26/Apr/2022:08:39:22 +0200] "GET /japanese-style-tetsubin-cast-iron-liter-teapot-p-53561.html HTTP/1.0" 200 75323 "-" "Mozilla/5.0 (compatible; AhrefsBot/7.0; +http://ahrefs.com/robot/)"
216.244.66.242 - - [26/Apr/2022:08:39:26 +0200] "GET /robots.txt HTTP/1.0" 200 245 "-" "Mozilla/5.0 (compatible; DotBot/1.2; +https://opensiteexplorer.org/dotbot; help@moz.com)"
185.191.171.38 - - [26/Apr/2022:08:39:44 +0200] "GET /jellyfish-glass-paperweight-white-p-54328.html HTTP/1.0" 301 73705 "-" "Mozilla/5.0 (compatible; SemrushBot/7~bl; +http://www.semrush.com/bot.html)"
185.191.171.25 - - [26/Apr/2022:08:39:51 +0200] "GET /jellyfish-glass-paperweight-gray-p-54328.html HTTP/1.0" 200 73606 "-" "Mozilla/5.0 (compatible; SemrushBot/7~bl; +http://www.semrush.com/bot.html)"
40.125.96.217 - - [26/Apr/2022:08:39:57 +0200] "GET /images/mini_prod/4029811349265.jpg HTTP/1.0" 200 269 "-" "Mozilla/5.0 (Windows NT 10.0; WOW64) AppleWebKit/537.36 (KHTML, like Gecko) Chrome/68.0.3440.106 Safari/537.36"
185.191.171.7 - - [26/Apr/2022:08:39:55 +0200] "GET /surfboard-ceramic-magnet-p-42052.html HTTP/1.0" 200 74379 "-" "Mozilla/5.0 (compatible; SemrushBot/7~bl; +http://www.semrush.com/bot.html)"
66.249.66.214 - - [26/Apr/2022:08:40:39 +0200] "GET /jasmin-large-cabas-hmong-eggplant-p-37992.html HTTP/1.0" 200 70931 "-" "Mozilla/5.0 (Linux; Android 6.0.1; Nexus 5X Build/MMB29P) AppleWebKit/537.36 (KHTML, like Gecko) Chrome/100.0.4896.127 Mobile Safari/537.36 (compatible; Googlebot/2.1; +http://www.google.com/bot.html)"
77.88.5.237 - - [26/Apr/2022:08:40:53 +0200] "GET /unicorn-jewelry-holder-black-p-48881.html HTTP/1.0" 200 73642 "-" "Mozilla/5.0 (compatible; YandexBot/3.0; +http://yandex.com/bots)"
111.107.37.242 - - [26/Apr/2022:08:40:54 +0200] "GET /zippo-outdoor-utility-lighter-p-29793.html HTTP/1.0" 200 73971 "https://www.google.com/" "Mozilla/5.0 (iPhone; CPU iPhone OS 14_2 like Mac OS X) AppleWebKit/605.1.15 (KHTML, like Gecko) GSA/208.0.441531153 Mobile/15E148 Safari/604.1"
111.107.37.242 - - [26/Apr/2022:08:40:57 +0200] "GET /templates/Pixame_v1/stylesheet.css HTTP/1.0" 200 267 "http://www.wonder-geek.com/zippo-outdoor-utility-lighter-p-29793.html" "Mozilla/5.0 (iPhone; CPU iPhone OS 14_2 like Mac OS X) AppleWebKit/605.1.15 (KHTML, like Gecko) GSA/208.0.441531153 Mobile/15E148 Safari/604.1"
111.107.37.242 - - [26/Apr/2022:08:40:58 +0200] "GET /js/jquery.js HTTP/1.0" 200 252 "http://www.wonder-geek.com/zippo-outdoor-utility-lighter-p-29793.html" "Mozilla/5.0 (iPhone; CPU iPhone OS 14_2 like Mac OS X) AppleWebKit/605.1.15 (KHTML, like Gecko) GSA/208.0.441531153 Mobile/15E148 Safari/604.1"
111.107.37.242 - - [26/Apr/2022:08:40:58 +0200] "GET /highslide/highslide.js HTTP/1.0" 200 262 "http://www.wonder-geek.com/zippo-outdoor-utility-lighter-p-29793.html" "Mozilla/5.0 (iPhone; CPU iPhone OS 14_2 like Mac OS X) AppleWebKit/605.1.15 (KHTML, like Gecko) GSA/208.0.441531153 Mobile/15E148 Safari/604.1"
111.107.37.242 - - [26/Apr/2022:08:40:58 +0200] "GET /js/jquery.jqzoom.js HTTP/1.0" 200 259 "http://www.wonder-geek.com/zippo-outdoor-utility-lighter-p-29793.html" "Mozilla/5.0 (iPhone; CPU iPhone OS 14_2 like Mac OS X) AppleWebKit/605.1.15 (KHTML, like Gecko) GSA/208.0.441531153 Mobile/15E148 Safari/604.1"
111.107.37.242 - - [26/Apr/2022:08:40:58 +0200] "GET /mondial_relay/js/jquery-1.3.2.min.js HTTP/1.0" 200 276 "http://www.wonder-geek.com/zippo-outdoor-utility-lighter-p-29793.html" "Mozilla/5.0 (iPhone; CPU iPhone OS 14_2 like Mac OS X) AppleWebKit/605.1.15 (KHTML, like Gecko) GSA/208.0.441531153 Mobile/15E148 Safari/604.1"
111.107.37.242 - - [26/Apr/2022:08:40:58 +0200] "GET /swfobject.js HTTP/1.0" 404 1308 "http://www.wonder-geek.com/zippo-outdoor-utility-lighter-p-29793.html" "Mozilla/5.0 (iPhone; CPU iPhone OS 14_2 like Mac OS X) AppleWebKit/605.1.15 (KHTML, like Gecko) GSA/208.0.441531153 Mobile/15E148 Safari/604.1"
111.107.37.242 - - [26/Apr/2022:08:40:58 +0200] "GET /templates/Pixame_v1/images/icon_accueil2.png HTTP/1.0" 200 278 "http://www.wonder-geek.com/zippo-outdoor-utility-lighter-p-29793.html" "Mozilla/5.0 (iPhone; CPU iPhone OS 14_2 like Mac OS X) AppleWebKit/605.1.15 (KHTML, like Gecko) GSA/208.0.441531153 Mobile/15E148 Safari/604.1"
111.107.37.242 - - [26/Apr/2022:08:40:58 +0200] "GET /templates/Pixame_v1/images/infobox/pixel_trans.gif HTTP/1.0" 200 328 "http://www.wonder-geek.com/zippo-outdoor-utility-lighter-p-29793.html" "Mozilla/5.0 (iPhone; CPU iPhone OS 14_2 like Mac OS X) AppleWebKit/605.1.15 (KHTML, like Gecko) GSA/208.0.441531153 Mobile/15E148 Safari/604.1"
54.36.148.243 - - [26/Apr/2022:08:40:56 +0200] "GET /cotton-floor-cushion-grey-p-43507.html HTTP/1.0" 200 74098 "-" "Mozilla/5.0 (compatible; AhrefsBot/7.0; +http://ahrefs.com/robot/)"
111.107.37.242 - - [26/Apr/2022:08:40:59 +0200] "GET /images/pixel_trans.gif HTTP/1.0" 200 328 "http://www.wonder-geek.com/zippo-outdoor-utility-lighter-p-29793.html" "Mozilla/5.0 (iPhone; CPU iPhone OS 14_2 like Mac OS X) AppleWebKit/605.1.15 (KHTML, like Gecko) GSA/208.0.441531153 Mobile/15E148 Safari/604.1"
111.107.37.242 - - [26/Apr/2022:08:40:59 +0200] "GET /images/1341689196004.jpg HTTP/1.0" 200 259 "http://www.wonder-geek.com/zippo-outdoor-utility-lighter-p-29793.html" "Mozilla/5.0 (iPhone; CPU iPhone OS 14_2 like Mac OS X) AppleWebKit/605.1.15 (KHTML, like Gecko) GSA/208.0.441531153 Mobile/15E148 Safari/604.1"
111.107.37.242 - - [26/Apr/2022:08:40:59 +0200] "GET /templates/Pixame_v1/images/pixel_trans.gif HTTP/1.0" 200 328 "http://www.wonder-geek.com/zippo-outdoor-utility-lighter-p-29793.html" "Mozilla/5.0 (iPhone; CPU iPhone OS 14_2 like Mac OS X) AppleWebKit/605.1.15 (KHTML, like Gecko) GSA/208.0.441531153 Mobile/15E148 Safari/604.1"
111.107.37.242 - - [26/Apr/2022:08:40:59 +0200] "GET /templates/Pixame_v1/images/buttons/english/button_in_cart.gif HTTP/1.0" 200 295 "http://www.wonder-geek.com/zippo-outdoor-utility-lighter-p-29793.html" "Mozilla/5.0 (iPhone; CPU iPhone OS 14_2 like Mac OS X) AppleWebKit/605.1.15 (KHTML, like Gecko) GSA/208.0.441531153 Mobile/15E148 Safari/604.1"
111.107.37.242 - - [26/Apr/2022:08:40:59 +0200] "GET /templates/Pixame_v1/images/Bottom_texture.jpg HTTP/1.0" 200 280 "http://www.wonder-geek.com/zippo-outdoor-utility-lighter-p-29793.html" "Mozilla/5.0 (iPhone; CPU iPhone OS 14_2 like Mac OS X) AppleWebKit/605.1.15 (KHTML, like Gecko) GSA/208.0.441531153 Mobile/15E148 Safari/604.1"
111.107.37.242 - - [26/Apr/2022:08:40:59 +0200] "GET /templates/Pixame_v1/images/nav.png HTTP/1.0" 200 268 "http://www.wonder-geek.com/zippo-outdoor-utility-lighter-p-29793.html" "Mozilla/5.0 (iPhone; CPU iPhone OS 14_2 like Mac OS X) AppleWebKit/605.1.15 (KHTML, like Gecko) GSA/208.0.441531153 Mobile/15E148 Safari/604.1"
111.107.37.242 - - [26/Apr/2022:08:40:59 +0200] "GET /templates/Pixame_v1/images/header-object.png HTTP/1.0" 200 278 "http://www.wonder-geek.com/zippo-outdoor-utility-lighter-p-29793.html" "Mozilla/5.0 (iPhone; CPU iPhone OS 14_2 like Mac OS X) AppleWebKit/605.1.15 (KHTML, like Gecko) GSA/208.0.441531153 Mobile/15E148 Safari/604.1"
111.107.37.242 - - [26/Apr/2022:08:40:59 +0200] "GET /templates/Pixame_v1/images/header.png HTTP/1.0" 200 271 "http://www.wonder-geek.com/zippo-outdoor-utility-lighter-p-29793.html" "Mozilla/5.0 (iPhone; CPU iPhone OS 14_2 like Mac OS X) AppleWebKit/605.1.15 (KHTML, like Gecko) GSA/208.0.441531153 Mobile/15E148 Safari/604.1"
111.107.37.242 - - [26/Apr/2022:08:40:59 +0200] "GET /templates/Pixame_v1/images/Middle_texture.jpg HTTP/1.0" 200 280 "http://www.wonder-geek.com/zippo-outdoor-utility-lighter-p-29793.html" "Mozilla/5.0 (iPhone; CPU iPhone OS 14_2 like Mac OS X) AppleWebKit/605.1.15 (KHTML, like Gecko) GSA/208.0.441531153 Mobile/15E148 Safari/604.1"
111.107.37.242 - - [26/Apr/2022:08:41:00 +0200] "GET /design/productsenstock.png HTTP/1.0" 200 260 "http://www.wonder-geek.com/zippo-outdoor-utility-lighter-p-29793.html" "Mozilla/5.0 (iPhone; CPU iPhone OS 14_2 like Mac OS X) AppleWebKit/605.1.15 (KHTML, like Gecko) GSA/208.0.441531153 Mobile/15E148 Safari/604.1"
111.107.37.242 - - [26/Apr/2022:08:41:00 +0200] "GET /templates/Pixame_v1/images/infobox/infobox_footer_middle.gif HTTP/1.0" 200 357 "http://www.wonder-geek.com/zippo-outdoor-utility-lighter-p-29793.html" "Mozilla/5.0 (iPhone; CPU iPhone OS 14_2 like Mac OS X) AppleWebKit/605.1.15 (KHTML, like Gecko) GSA/208.0.441531153 Mobile/15E148 Safari/604.1"
111.107.37.242 - - [26/Apr/2022:08:41:00 +0200] "GET /highslide/graphics/zoomin.cur HTTP/1.0" 200 614 "http://www.wonder-geek.com/zippo-outdoor-utility-lighter-p-29793.html" "Mozilla/5.0 (iPhone; CPU iPhone OS 14_2 like Mac OS X) AppleWebKit/605.1.15 (KHTML, like Gecko) GSA/208.0.441531153 Mobile/15E148 Safari/604.1"
111.107.37.242 - - [26/Apr/2022:08:41:01 +0200] "GET /highslide/graphics/outlines/drop-shadow.png HTTP/1.0" 200 277 "http://www.wonder-geek.com/zippo-outdoor-utility-lighter-p-29793.html" "Mozilla/5.0 (iPhone; CPU iPhone OS 14_2 like Mac OS X) AppleWebKit/605.1.15 (KHTML, like Gecko) GSA/208.0.441531153 Mobile/15E148 Safari/604.1"
111.107.37.242 - - [26/Apr/2022:08:41:01 +0200] "GET /highslide/graphics/zoomout.cur HTTP/1.0" 200 614 "http://www.wonder-geek.com/zippo-outdoor-utility-lighter-p-29793.html" "Mozilla/5.0 (iPhone; CPU iPhone OS 14_2 like Mac OS X) AppleWebKit/605.1.15 (KHTML, like Gecko) GSA/208.0.441531153 Mobile/15E148 Safari/604.1"
111.107.37.242 - - [26/Apr/2022:08:41:01 +0200] "GET /highslide/graphics/loader.white.gif HTTP/1.0" 200 960 "http://www.wonder-geek.com/zippo-outdoor-utility-lighter-p-29793.html" "Mozilla/5.0 (iPhone; CPU iPhone OS 14_2 like Mac OS X) AppleWebKit/605.1.15 (KHTML, like Gecko) GSA/208.0.441531153 Mobile/15E148 Safari/604.1"
51.68.224.127 - - [26/Apr/2022:08:41:08 +0200] "GET /adminweb/export_orders_xml.php?token=256de2z6edz6ed2z6DFSFsed2zed6zeDSFDSGdzedezfzf&maxorders=10&orderstart=1&status=14&start_date=2018-10-01 HTTP/1.0" 200 285 "-" "GesCom CharlotteBoutik Serveur"
51.68.224.127 - - [26/Apr/2022:08:41:08 +0200] "GET /adminweb/export_orders_xml.php?token=256de2z6edz6ed2z6DFSFsed2zed6zeDSFDSGdzedezfzf&maxorders=10&orderstart=1&status=6&start_date=2018-10-01 HTTP/1.0" 200 32798 "-" "GesCom CharlotteBoutik Serveur"
185.191.171.20 - - [26/Apr/2022:08:41:14 +0200] "GET /jeans-navy-blue-pencil-case-p-36005.html HTTP/1.0" 200 73569 "-" "Mozilla/5.0 (compatible; SemrushBot/7~bl; +http://www.semrush.com/bot.html)"
185.191.171.4 - - [26/Apr/2022:08:41:51 +0200] "GET /softy-cotton-fleece-mattress-p-54411.html?action=add_product HTTP/1.0" 302 476 "-" "Mozilla/5.0 (compatible; SemrushBot/7~bl; +http://www.semrush.com/bot.html)"
185.191.171.7 - - [26/Apr/2022:08:42:00 +0200] "GET /chair-cushion-with-fringes-yellow-p-48320.html?action=add_product HTTP/1.0" 302 476 "-" "Mozilla/5.0 (compatible; SemrushBot/7~bl; +http://www.semrush.com/bot.html)"
185.191.171.43 - - [26/Apr/2022:08:42:00 +0200] "GET /robots.txt HTTP/1.0" 200 245 "-" "Mozilla/5.0 (compatible; SemrushBot/7~bl; +http://www.semrush.com/bot.html)"
77.88.5.208 - - [26/Apr/2022:08:42:10 +0200] "GET /aluminum-bottle-jamais-tort-printed-france-p-56362.html HTTP/1.0" 200 74364 "-" "Mozilla/5.0 (compatible; YandexBot/3.0; +http://yandex.com/bots)"
47.89.211.98 - - [26/Apr/2022:08:42:12 +0200] "GET /images/mini_prod/8719497615469.jpg HTTP/1.0" 200 269 "-" "Mozilla/5.0 (X11; Ubuntu; Linux x86_64; rv:72.0) Gecko/20100101 Firefox/72.0"
54.36.148.243 - - [26/Apr/2022:08:42:17 +0200] "GET /joseph-aromatika-incense-sticks-p-53445.html HTTP/1.0" 200 73576 "-" "Mozilla/5.0 (compatible; AhrefsBot/7.0; +http://ahrefs.com/robot/)"
40.125.125.88 - - [26/Apr/2022:08:42:54 +0200] "GET /images/mini_prod/4007176121870.jpg HTTP/1.0" 200 269 "-" "Mozilla/4.0 (compatible; MSIE 7.0; Windows NT 6.0)"
