49.86.112.151 - - [26/Apr/2022:03:39:18 +0200] "GET /paper-towel-dispenser-c-12_253.html HTTP/1.0" 200 78947 "www.wonder-geek.com" "Mozilla/5.0 (Windows NT 10.0; Win64; x64) AppleWebKit/537.36 (KHTML, like Gecko) Chrome/46.0.2486.0 Safari/537.36 Edge/13.10586"
49.86.112.151 - - [26/Apr/2022:03:39:21 +0200] "HEAD /partys-decoration-c-12_51.html HTTP/1.0" 200 386 "www.wonder-geek.com" "Mozilla/5.0 (Windows NT 10.0; Win64; x64) AppleWebKit/537.36 (KHTML, like Gecko) Chrome/46.0.2486.0 Safari/537.36 Edge/13.10586"
49.86.112.151 - - [26/Apr/2022:03:39:22 +0200] "GET /partys-decoration-c-12_51.html HTTP/1.0" 200 69779 "www.wonder-geek.com" "Mozilla/5.0 (Windows NT 10.0; Win64; x64) AppleWebKit/537.36 (KHTML, like Gecko) Chrome/46.0.2486.0 Safari/537.36 Edge/13.10586"
49.86.112.151 - - [26/Apr/2022:03:39:25 +0200] "HEAD /pitchers-drink-dispensers-c-12_243.html HTTP/1.0" 200 386 "www.wonder-geek.com" "Mozilla/5.0 (Windows NT 10.0; Win64; x64) AppleWebKit/537.36 (KHTML, like Gecko) Chrome/46.0.2486.0 Safari/537.36 Edge/13.10586"
49.86.112.151 - - [26/Apr/2022:03:39:26 +0200] "GET /pitchers-drink-dispensers-c-12_243.html HTTP/1.0" 200 90125 "www.wonder-geek.com" "Mozilla/5.0 (Windows NT 10.0; Win64; x64) AppleWebKit/537.36 (KHTML, like Gecko) Chrome/46.0.2486.0 Safari/537.36 Edge/13.10586"
49.86.112.151 - - [26/Apr/2022:03:39:29 +0200] "HEAD /placemats-c-12_156.html HTTP/1.0" 200 386 "www.wonder-geek.com" "Mozilla/5.0 (Windows NT 10.0; Win64; x64) AppleWebKit/537.36 (KHTML, like Gecko) Chrome/46.0.2486.0 Safari/537.36 Edge/13.10586"
49.86.112.151 - - [26/Apr/2022:03:39:30 +0200] "GET /placemats-c-12_156.html HTTP/1.0" 200 92872 "www.wonder-geek.com" "Mozilla/5.0 (Windows NT 10.0; Win64; x64) AppleWebKit/537.36 (KHTML, like Gecko) Chrome/46.0.2486.0 Safari/537.36 Edge/13.10586"
49.86.112.151 - - [26/Apr/2022:03:39:34 +0200] "HEAD /plates-cups-c-12_58.html HTTP/1.0" 200 386 "www.wonder-geek.com" "Mozilla/5.0 (Windows NT 10.0; Win64; x64) AppleWebKit/537.36 (KHTML, like Gecko) Chrome/46.0.2486.0 Safari/537.36 Edge/13.10586"
49.86.112.151 - - [26/Apr/2022:03:39:34 +0200] "GET /plates-cups-c-12_58.html HTTP/1.0" 200 79540 "www.wonder-geek.com" "Mozilla/5.0 (Windows NT 10.0; Win64; x64) AppleWebKit/537.36 (KHTML, like Gecko) Chrome/46.0.2486.0 Safari/537.36 Edge/13.10586"
49.86.112.151 - - [26/Apr/2022:03:39:38 +0200] "HEAD /pots-cookie-jars-c-12_250.html HTTP/1.0" 200 386 "www.wonder-geek.com" "Mozilla/5.0 (Windows NT 10.0; Win64; x64) AppleWebKit/537.36 (KHTML, like Gecko) Chrome/46.0.2486.0 Safari/537.36 Edge/13.10586"
49.86.112.151 - - [26/Apr/2022:03:39:39 +0200] "GET /pots-cookie-jars-c-12_250.html HTTP/1.0" 200 90511 "www.wonder-geek.com" "Mozilla/5.0 (Windows NT 10.0; Win64; x64) AppleWebKit/537.36 (KHTML, like Gecko) Chrome/46.0.2486.0 Safari/537.36 Edge/13.10586"
49.86.112.151 - - [26/Apr/2022:03:39:42 +0200] "HEAD /salt-pepper-shaker-sets-c-12_160.html HTTP/1.0" 200 386 "www.wonder-geek.com" "Mozilla/5.0 (Windows NT 10.0; Win64; x64) AppleWebKit/537.36 (KHTML, like Gecko) Chrome/46.0.2486.0 Safari/537.36 Edge/13.10586"
49.86.112.151 - - [26/Apr/2022:03:39:43 +0200] "GET /salt-pepper-shaker-sets-c-12_160.html HTTP/1.0" 200 91021 "www.wonder-geek.com" "Mozilla/5.0 (Windows NT 10.0; Win64; x64) AppleWebKit/537.36 (KHTML, like Gecko) Chrome/46.0.2486.0 Safari/537.36 Edge/13.10586"
37.18.162.88 - - [26/Apr/2022:03:39:45 +0200] "GET / HTTP/1.0" 301 511 "-" "-"
37.18.162.88 - - [26/Apr/2022:03:39:45 +0200] "GET / HTTP/1.0" 301 511 "-" "Scrapy/2.5.0 (+https://scrapy.org)"
49.86.112.151 - - [26/Apr/2022:03:39:46 +0200] "HEAD /salt-boxes-jars-c-12_223.html HTTP/1.0" 200 386 "www.wonder-geek.com" "Mozilla/5.0 (Windows NT 10.0; Win64; x64) AppleWebKit/537.36 (KHTML, like Gecko) Chrome/46.0.2486.0 Safari/537.36 Edge/13.10586"
37.18.162.88 - - [26/Apr/2022:03:39:45 +0200] "GET / HTTP/1.0" 200 151642 "-" "Scrapy/2.5.0 (+https://scrapy.org)"
49.86.112.151 - - [26/Apr/2022:03:39:48 +0200] "GET /salt-boxes-jars-c-12_223.html HTTP/1.0" 200 91007 "www.wonder-geek.com" "Mozilla/5.0 (Windows NT 10.0; Win64; x64) AppleWebKit/537.36 (KHTML, like Gecko) Chrome/46.0.2486.0 Safari/537.36 Edge/13.10586"
185.191.171.25 - - [26/Apr/2022:03:39:49 +0200] "GET /gorilla-figurine-with-human-crane-inspired-by-darwin-p-46699.html HTTP/1.0" 301 70875 "-" "Mozilla/5.0 (compatible; SemrushBot/7~bl; +http://www.semrush.com/bot.html)"
49.86.112.151 - - [26/Apr/2022:03:39:51 +0200] "HEAD /breakfast-c-12_61.html HTTP/1.0" 200 386 "www.wonder-geek.com" "Mozilla/5.0 (Windows NT 10.0; Win64; x64) AppleWebKit/537.36 (KHTML, like Gecko) Chrome/46.0.2486.0 Safari/537.36 Edge/13.10586"
49.86.112.151 - - [26/Apr/2022:03:39:52 +0200] "GET /breakfast-c-12_61.html HTTP/1.0" 200 91540 "www.wonder-geek.com" "Mozilla/5.0 (Windows NT 10.0; Win64; x64) AppleWebKit/537.36 (KHTML, like Gecko) Chrome/46.0.2486.0 Safari/537.36 Edge/13.10586"
185.191.171.11 - - [26/Apr/2022:03:39:54 +0200] "GET /-p-46699.html HTTP/1.0" 200 70808 "-" "Mozilla/5.0 (compatible; SemrushBot/7~bl; +http://www.semrush.com/bot.html)"
49.86.112.151 - - [26/Apr/2022:03:39:55 +0200] "HEAD /sponge-stand-c-12_256.html HTTP/1.0" 200 386 "www.wonder-geek.com" "Mozilla/5.0 (Windows NT 10.0; Win64; x64) AppleWebKit/537.36 (KHTML, like Gecko) Chrome/46.0.2486.0 Safari/537.36 Edge/13.10586"
49.86.112.151 - - [26/Apr/2022:03:39:56 +0200] "GET /sponge-stand-c-12_256.html HTTP/1.0" 200 78001 "www.wonder-geek.com" "Mozilla/5.0 (Windows NT 10.0; Win64; x64) AppleWebKit/537.36 (KHTML, like Gecko) Chrome/46.0.2486.0 Safari/537.36 Edge/13.10586"
49.86.112.151 - - [26/Apr/2022:03:39:59 +0200] "HEAD /suitcase-lunch-lunch-c-12_64.html HTTP/1.0" 200 386 "www.wonder-geek.com" "Mozilla/5.0 (Windows NT 10.0; Win64; x64) AppleWebKit/537.36 (KHTML, like Gecko) Chrome/46.0.2486.0 Safari/537.36 Edge/13.10586"
49.86.112.151 - - [26/Apr/2022:03:40:00 +0200] "GET /suitcase-lunch-lunch-c-12_64.html HTTP/1.0" 200 82622 "www.wonder-geek.com" "Mozilla/5.0 (Windows NT 10.0; Win64; x64) AppleWebKit/537.36 (KHTML, like Gecko) Chrome/46.0.2486.0 Safari/537.36 Edge/13.10586"
17.121.115.158 - - [26/Apr/2022:03:40:04 +0200] "GET /images/big_prod/3014627556106.jpg HTTP/1.0" 200 268 "-" "Mozilla/5.0 (Macintosh; Intel Mac OS X 10_15_5) AppleWebKit/605.1.15 (KHTML, like Gecko) Version/13.1.1 Safari/605.1.15 (Applebot/0.1; +http://www.apple.com/go/applebot)"
185.191.171.43 - - [26/Apr/2022:03:40:13 +0200] "GET /transportable-rechargeable-radio-p-44018.html?action=add_product HTTP/1.0" 302 476 "-" "Mozilla/5.0 (compatible; SemrushBot/7~bl; +http://www.semrush.com/bot.html)"
54.36.148.127 - - [26/Apr/2022:03:40:21 +0200] "GET /spiderman-photo-frame-p-37017.html HTTP/1.0" 301 70875 "-" "Mozilla/5.0 (compatible; AhrefsBot/7.0; +http://ahrefs.com/robot/)"
185.191.171.11 - - [26/Apr/2022:03:40:23 +0200] "GET /table-bell-p-55016.html?action=add_product HTTP/1.0" 302 476 "-" "Mozilla/5.0 (compatible; SemrushBot/7~bl; +http://www.semrush.com/bot.html)"
113.207.6.244 - - [26/Apr/2022:03:40:42 +0200] "GET /images/mini_prod/8718375756041.jpg HTTP/1.0" 200 269 "-" "Mozilla/5.0 (X11; Ubuntu; Linux x86_64; rv:72.0) Gecko/20100101 Firefox/72.0"
54.36.148.243 - - [26/Apr/2022:03:40:43 +0200] "GET /rectangular-indoor-carpet-p-53797.html HTTP/1.0" 200 74294 "-" "Mozilla/5.0 (compatible; AhrefsBot/7.0; +http://ahrefs.com/robot/)"
54.37.22.56 - - [26/Apr/2022:03:41:01 +0200] "GET /images/mini_prod/4029811411566.jpg HTTP/1.0" 200 269 "-" "python-urllib3/1.26.9"
54.36.148.145 - - [26/Apr/2022:03:41:36 +0200] "GET /headrest-cushion-manoir-45-70-cm-p-40322.html HTTP/1.0" 301 70875 "-" "Mozilla/5.0 (compatible; AhrefsBot/7.0; +http://ahrefs.com/robot/)"
54.36.149.98 - - [26/Apr/2022:03:41:54 +0200] "GET /salt-and-pepper-pot-au-bistrot-p-47919.html HTTP/1.0" 301 73577 "-" "Mozilla/5.0 (compatible; AhrefsBot/7.0; +http://ahrefs.com/robot/)"
54.36.148.243 - - [26/Apr/2022:03:42:04 +0200] "GET /marine-navigation-magnifier-feet-p-49609.html HTTP/1.0" 200 73882 "-" "Mozilla/5.0 (compatible; AhrefsBot/7.0; +http://ahrefs.com/robot/)"
66.249.66.210 - - [26/Apr/2022:03:42:13 +0200] "GET /aquamarine-rune-oracle-set-in-velvet-bag-p-53558.html HTTP/1.0" 301 75313 "-" "Mozilla/5.0 (Linux; Android 6.0.1; Nexus 5X Build/MMB29P) AppleWebKit/537.36 (KHTML, like Gecko) Chrome/100.0.4896.127 Mobile Safari/537.36 (compatible; Googlebot/2.1; +http://www.google.com/bot.html)"
66.249.66.210 - - [26/Apr/2022:03:42:15 +0200] "GET /aquamarine-rune-oracle-velvet-p-53558.html HTTP/1.0" 200 75217 "-" "Mozilla/5.0 (Linux; Android 6.0.1; Nexus 5X Build/MMB29P) AppleWebKit/537.36 (KHTML, like Gecko) Chrome/100.0.4896.127 Mobile Safari/537.36 (compatible; Googlebot/2.1; +http://www.google.com/bot.html)"
157.90.128.183 - - [26/Apr/2022:03:42:39 +0200] "GET /images/mini_prod/3014627880126.jpg HTTP/1.0" 200 269 "-" "Mozilla/5.0 (X11; Ubuntu; Linux x86_64; rv:72.0) Gecko/20100101 Firefox/72.0"
40.125.96.217 - - [26/Apr/2022:03:42:47 +0200] "GET /images/big_prod/3014627880140.jpg HTTP/1.0" 200 268 "-" "Mozilla/5.0 (Windows NT 10.0; WOW64) AppleWebKit/537.36 (KHTML, like Gecko) Chrome/67.0.3396.99 Safari/537.36"
185.191.171.7 - - [26/Apr/2022:03:42:48 +0200] "GET /mustache-cbkreation-p-16479.html?action=add_product HTTP/1.0" 302 476 "-" "Mozilla/5.0 (compatible; SemrushBot/7~bl; +http://www.semrush.com/bot.html)"
185.191.171.4 - - [26/Apr/2022:03:42:52 +0200] "GET /mickey-mouse-smile-little-suitcase-p-34799.html HTTP/1.0" 200 70969 "-" "Mozilla/5.0 (compatible; SemrushBot/7~bl; +http://www.semrush.com/bot.html)"
54.36.148.243 - - [26/Apr/2022:03:43:17 +0200] "GET /aspect-default-barbapapa-brush-mirror-p-50356.html HTTP/1.0" 200 74216 "-" "Mozilla/5.0 (compatible; AhrefsBot/7.0; +http://ahrefs.com/robot/)"
185.191.171.22 - - [26/Apr/2022:03:43:19 +0200] "GET /-p-486.html?action=add_product HTTP/1.0" 302 476 "-" "Mozilla/5.0 (compatible; SemrushBot/7~bl; +http://www.semrush.com/bot.html)"
185.191.171.12 - - [26/Apr/2022:03:44:00 +0200] "GET /monkey-statues-resin-said-nothing-nothing-seen-nothing-heard-p-56820.html HTTP/1.0" 200 75095 "-" "Mozilla/5.0 (compatible; SemrushBot/7~bl; +http://www.semrush.com/bot.html)"
17.121.112.222 - - [26/Apr/2022:03:44:32 +0200] "GET /images/mini_prod/3574641038373.jpg HTTP/1.0" 200 269 "-" "Mozilla/5.0 (Macintosh; Intel Mac OS X 10_15_5) AppleWebKit/605.1.15 (KHTML, like Gecko) Version/13.1.1 Safari/605.1.15 (Applebot/0.1; +http://www.apple.com/go/applebot)"
54.36.148.243 - - [26/Apr/2022:03:44:48 +0200] "GET /unicorn-plush-gold-white-p-49626.html HTTP/1.0" 200 73543 "-" "Mozilla/5.0 (compatible; AhrefsBot/7.0; +http://ahrefs.com/robot/)"
185.191.171.11 - - [26/Apr/2022:03:45:10 +0200] "GET /hulk-flying-heroes-avengers-p-30292.html?action=add_product HTTP/1.0" 302 476 "-" "Mozilla/5.0 (compatible; SemrushBot/7~bl; +http://www.semrush.com/bot.html)"
20.64.192.111 - - [26/Apr/2022:03:45:27 +0200] "GET /images/mini_prod/3700653507945.jpg HTTP/1.0" 200 269 "-" "Mozilla/5.0 (Macintosh; U; PPC Mac OS X 10.5; en-US; rv:1.9.2.15) Gecko/20110303 Firefox/3.6.15"
77.88.5.208 - - [26/Apr/2022:03:45:41 +0200] "GET /lagoona-blue-figure-p-22568.html HTTP/1.0" 200 73500 "-" "Mozilla/5.0 (compatible; YandexBot/3.0; +http://yandex.com/bots)"
185.191.171.22 - - [26/Apr/2022:03:46:04 +0200] "GET /stars-white-p-46997.html?action=add_product HTTP/1.0" 302 476 "-" "Mozilla/5.0 (compatible; SemrushBot/7~bl; +http://www.semrush.com/bot.html)"
54.36.148.243 - - [26/Apr/2022:03:46:05 +0200] "GET /incense-burner-sticks-cones-lotus-p-44273.html HTTP/1.0" 200 74218 "-" "Mozilla/5.0 (compatible; AhrefsBot/7.0; +http://ahrefs.com/robot/)"
185.191.171.35 - - [26/Apr/2022:03:46:12 +0200] "GET /blue-globe-decoration-p-52916.html HTTP/1.0" 200 70882 "-" "Mozilla/5.0 (compatible; SemrushBot/7~bl; +http://www.semrush.com/bot.html)"
185.191.171.7 - - [26/Apr/2022:03:46:17 +0200] "GET /home-decoration-c-13.html?page=268 HTTP/1.0" 200 93970 "-" "Mozilla/5.0 (compatible; SemrushBot/7~bl; +http://www.semrush.com/bot.html)"
157.55.39.172 - - [26/Apr/2022:03:46:24 +0200] "GET /girls/long-sleeves-tshirts/tshirt-top-model-false-piece-black-size-years-p-16204.html HTTP/1.0" 301 70875 "-" "Mozilla/5.0 (compatible; bingbot/2.0; +http://www.bing.com/bingbot.htm)"
185.191.171.39 - - [26/Apr/2022:03:46:30 +0200] "GET /high-school-musical-scarf-p-22257.html?action=add_product HTTP/1.0" 302 476 "-" "Mozilla/5.0 (compatible; SemrushBot/7~bl; +http://www.semrush.com/bot.html)"
185.191.171.6 - - [26/Apr/2022:03:46:31 +0200] "GET /cotton-floor-cushion-agathe-p-57826.html?action=add_product HTTP/1.0" 302 476 "-" "Mozilla/5.0 (compatible; SemrushBot/7~bl; +http://www.semrush.com/bot.html)"
185.191.171.38 - - [26/Apr/2022:03:46:55 +0200] "GET /barbamama-birth-barbabib-p-16320.html?action=add_product HTTP/1.0" 302 476 "-" "Mozilla/5.0 (compatible; SemrushBot/7~bl; +http://www.semrush.com/bot.html)"
185.191.171.42 - - [26/Apr/2022:03:46:57 +0200] "GET /coca-cola-delicious-refreshing-clock-p-37052.html?action=add_product HTTP/1.0" 302 476 "-" "Mozilla/5.0 (compatible; SemrushBot/7~bl; +http://www.semrush.com/bot.html)"
51.68.224.127 - - [26/Apr/2022:03:47:30 +0200] "GET /adminweb/export_orders_xml.php?token=256de2z6edz6ed2z6DFSFsed2zed6zeDSFDSGdzedezfzf&maxorders=10&orderstart=1&status=14&start_date=2018-10-01 HTTP/1.0" 200 285 "-" "GesCom CharlotteBoutik Serveur"
51.68.224.127 - - [26/Apr/2022:03:47:30 +0200] "GET /adminweb/export_orders_xml.php?token=256de2z6edz6ed2z6DFSFsed2zed6zeDSFDSGdzedezfzf&maxorders=10&orderstart=1&status=6&start_date=2018-10-01 HTTP/1.0" 200 32798 "-" "GesCom CharlotteBoutik Serveur"
54.36.148.243 - - [26/Apr/2022:03:47:34 +0200] "GET /decorative-cotton-hearts-hang-elvira-p-56793.html HTTP/1.0" 200 74714 "-" "Mozilla/5.0 (compatible; AhrefsBot/7.0; +http://ahrefs.com/robot/)"
185.191.171.42 - - [26/Apr/2022:03:47:42 +0200] "GET /small-baby-teeth-p-49172.html?action=add_product HTTP/1.0" 302 476 "-" "Mozilla/5.0 (compatible; SemrushBot/7~bl; +http://www.semrush.com/bot.html)"
77.88.5.208 - - [26/Apr/2022:03:47:49 +0200] "GET /lego-star-wars-yoda-lite-keychains-p-27075.html HTTP/1.0" 200 73698 "-" "Mozilla/5.0 (compatible; YandexBot/3.0; +http://yandex.com/bots)"
185.191.171.23 - - [26/Apr/2022:03:47:56 +0200] "GET /lilo-and-stitch-figurine-by-romero-britto-p-37676.html HTTP/1.0" 301 75068 "-" "Mozilla/5.0 (compatible; SemrushBot/7~bl; +http://www.semrush.com/bot.html)"
185.191.171.42 - - [26/Apr/2022:03:48:00 +0200] "GET /lilo-stitch-figurine-romero-britto-p-37676.html HTTP/1.0" 200 74967 "-" "Mozilla/5.0 (compatible; SemrushBot/7~bl; +http://www.semrush.com/bot.html)"
20.64.196.243 - - [26/Apr/2022:03:48:21 +0200] "GET /images/mini_prod/MUG-BLC-POLAROID.jpg HTTP/1.0" 200 272 "-" "Mozilla/5.0 (Windows NT 10.0; WOW64) AppleWebKit/537.36 (KHTML, like Gecko) Chrome/67.0.3396.99 Safari/537.36"
54.36.149.86 - - [26/Apr/2022:03:48:39 +0200] "GET /disney-princess-3d-card-with-envelope-p-34457.html HTTP/1.0" 301 74288 "-" "Mozilla/5.0 (compatible; AhrefsBot/7.0; +http://ahrefs.com/robot/)"
157.55.39.111 - - [26/Apr/2022:03:48:48 +0200] "GET / HTTP/1.0" 200 151826 "-" "Mozilla/5.0 (compatible; bingbot/2.0; +http://www.bing.com/bingbot.htm)"
54.36.148.243 - - [26/Apr/2022:03:48:58 +0200] "GET /betty-boop-mtal-ashtray-biker-p-36139.html HTTP/1.0" 200 73535 "-" "Mozilla/5.0 (compatible; AhrefsBot/7.0; +http://ahrefs.com/robot/)"
216.244.66.242 - - [26/Apr/2022:03:48:59 +0200] "GET /pill-box-lavande-p-51388.html HTTP/1.0" 301 74211 "-" "Mozilla/5.0 (compatible; DotBot/1.2; +https://opensiteexplorer.org/dotbot; help@moz.com)"
157.55.39.172 - - [26/Apr/2022:03:49:04 +0200] "GET /wooden-decorative-plate-meilleur-p-53546.html HTTP/1.0" 200 73618 "-" "Mozilla/5.0 (compatible; bingbot/2.0; +http://www.bing.com/bingbot.htm)"
66.249.66.214 - - [26/Apr/2022:03:49:05 +0200] "GET /mug-porcelain-meow-p-52660.html HTTP/1.0" 301 73491 "-" "Mozilla/5.0 (compatible; Googlebot/2.1; +http://www.google.com/bot.html)"
66.249.66.210 - - [26/Apr/2022:03:49:07 +0200] "GET /porcelain-meow-p-52660.html HTTP/1.0" 200 73410 "-" "Mozilla/5.0 (compatible; Googlebot/2.1; +http://www.google.com/bot.html)"
216.244.66.242 - - [26/Apr/2022:03:49:07 +0200] "GET /tibetan-meditation-table-p-45460.html HTTP/1.0" 200 70919 "-" "Mozilla/5.0 (compatible; DotBot/1.2; +https://opensiteexplorer.org/dotbot; help@moz.com)"
66.249.66.212 - - [26/Apr/2022:03:49:18 +0200] "GET /cotton-floor-cushion-popart-p-58038.html HTTP/1.0" 200 74233 "-" "Mozilla/5.0 (Linux; Android 6.0.1; Nexus 5X Build/MMB29P) AppleWebKit/537.36 (KHTML, like Gecko) Chrome/100.0.4896.127 Mobile Safari/537.36 (compatible; Googlebot/2.1; +http://www.google.com/bot.html)"
185.191.171.8 - - [26/Apr/2022:03:49:19 +0200] "GET /glass-coasters-p-45183.html HTTP/1.0" 200 73384 "-" "Mozilla/5.0 (compatible; SemrushBot/7~bl; +http://www.semrush.com/bot.html)"
185.191.171.22 - - [26/Apr/2022:03:49:23 +0200] "GET /mani-the-lucky-cat-cm-p-46176.html HTTP/1.0" 301 70965 "-" "Mozilla/5.0 (compatible; SemrushBot/7~bl; +http://www.semrush.com/bot.html)"
185.191.171.25 - - [26/Apr/2022:03:49:29 +0200] "GET /mani-lucky-p-46176.html HTTP/1.0" 200 70888 "-" "Mozilla/5.0 (compatible; SemrushBot/7~bl; +http://www.semrush.com/bot.html)"
216.244.66.242 - - [26/Apr/2022:03:49:32 +0200] "GET /flat-pocket-star-wars-characters-p-19191.html HTTP/1.0" 200 73563 "-" "Mozilla/5.0 (compatible; DotBot/1.2; +https://opensiteexplorer.org/dotbot; help@moz.com)"
185.191.171.8 - - [26/Apr/2022:03:49:39 +0200] "GET /robots.txt HTTP/1.0" 200 245 "-" "Mozilla/5.0 (compatible; SemrushBot/7~bl; +http://www.semrush.com/bot.html)"
185.191.171.38 - - [26/Apr/2022:03:49:39 +0200] "GET /mademoiselle-paris-handbag-p-27854.html HTTP/1.0" 200 73648 "-" "Mozilla/5.0 (compatible; SemrushBot/7~bl; +http://www.semrush.com/bot.html)"
54.36.148.177 - - [26/Apr/2022:03:49:39 +0200] "GET /corsica-clock-by-cbkreation-p-24370.html HTTP/1.0" 301 73521 "-" "Mozilla/5.0 (compatible; AhrefsBot/7.0; +http://ahrefs.com/robot/)"
77.88.5.208 - - [26/Apr/2022:03:49:40 +0200] "GET /elmer-magnet-p-6272.html HTTP/1.0" 200 70866 "-" "Mozilla/5.0 (compatible; YandexBot/3.0; +http://yandex.com/bots)"
77.88.5.208 - - [26/Apr/2022:03:50:02 +0200] "GET /nice-p-38287.html HTTP/1.0" 200 70843 "-" "Mozilla/5.0 (compatible; YandexBot/3.0; +http://yandex.com/bots)"
216.244.66.242 - - [26/Apr/2022:03:50:03 +0200] "GET /beyblade-logo-metal-fusion-magnet-p-18670.html HTTP/1.0" 301 71061 "-" "Mozilla/5.0 (compatible; DotBot/1.2; +https://opensiteexplorer.org/dotbot; help@moz.com)"
54.36.148.243 - - [26/Apr/2022:03:50:15 +0200] "GET /decorative-door-sticker-p-51537.html HTTP/1.0" 200 74287 "-" "Mozilla/5.0 (compatible; AhrefsBot/7.0; +http://ahrefs.com/robot/)"
185.191.171.40 - - [26/Apr/2022:03:50:36 +0200] "GET /miss-sunshine-computer-p-34669.html?action=add_product HTTP/1.0" 302 476 "-" "Mozilla/5.0 (compatible; SemrushBot/7~bl; +http://www.semrush.com/bot.html)"
185.191.171.15 - - [26/Apr/2022:03:51:23 +0200] "GET /tinted-candle-mass-orange-p-56098.html?action=add_product HTTP/1.0" 302 476 "-" "Mozilla/5.0 (compatible; SemrushBot/7~bl; +http://www.semrush.com/bot.html)"
185.191.171.14 - - [26/Apr/2022:03:51:26 +0200] "GET /batman-shirt-p-29543.html HTTP/1.0" 200 74501 "-" "Mozilla/5.0 (compatible; SemrushBot/7~bl; +http://www.semrush.com/bot.html)"
54.36.148.243 - - [26/Apr/2022:03:51:38 +0200] "GET /kimmijunior-charly-girly-p-17994.html HTTP/1.0" 200 73837 "-" "Mozilla/5.0 (compatible; AhrefsBot/7.0; +http://ahrefs.com/robot/)"
20.64.197.96 - - [26/Apr/2022:03:52:26 +0200] "GET /images/mini_prod/8435333853283.jpg HTTP/1.0" 200 269 "-" "Mozilla/4.0 (compatible; MSIE 7.0; Windows NT 6.0)"
54.36.148.243 - - [26/Apr/2022:03:53:01 +0200] "GET /dancer-jewelery-p-42718.html HTTP/1.0" 200 74180 "-" "Mozilla/5.0 (compatible; AhrefsBot/7.0; +http://ahrefs.com/robot/)"
49.82.27.7 - - [26/Apr/2022:03:53:06 +0200] "GET /contact_us.php HTTP/1.0" 200 26241 "http://www.wonder-geek.com/contact_us.php" "Mozilla/5.0 (Windows NT 10.0; WOW64) AppleWebKit/537.36 (KHTML, like Gecko) Chrome/83.0.4103.61 Safari/537.36"
185.191.171.19 - - [26/Apr/2022:03:53:12 +0200] "GET /basket-braided-willow-p-49696.html?action=add_product HTTP/1.0" 302 476 "-" "Mozilla/5.0 (compatible; SemrushBot/7~bl; +http://www.semrush.com/bot.html)"
49.82.27.7 - - [26/Apr/2022:03:53:14 +0200] "POST /contact_us.php?action=send HTTP/1.0" 200 26485 "http://www.wonder-geek.com/contact_us.php" "Mozilla/5.0 (Windows NT 10.0; WOW64) AppleWebKit/537.36 (KHTML, like Gecko) Chrome/83.0.4103.61 Safari/537.36"
147.92.229.61 - - [26/Apr/2022:03:53:15 +0200] "GET /images/mini_prod/3553561711375BLANC.JPG HTTP/1.0" 200 274 "-" "Mozilla/5.0 (X11; Ubuntu; Linux x86_64; rv:72.0) Gecko/20100101 Firefox/72.0"
40.125.125.88 - - [26/Apr/2022:03:53:21 +0200] "GET /images/mini_prod/5051276388151.jpg HTTP/1.0" 200 269 "-" "Mozilla/5.0 (X11; Linux x86_64) AppleWebKit/537.36 (KHTML, like Gecko) Chrome/62.0.3202.62 Safari/537.36"
185.191.171.7 - - [26/Apr/2022:03:53:58 +0200] "GET /fcb-desk-blotter-p-36251.html HTTP/1.0" 301 70933 "-" "Mozilla/5.0 (compatible; SemrushBot/7~bl; +http://www.semrush.com/bot.html)"
185.191.171.17 - - [26/Apr/2022:03:54:01 +0200] "GET /desk-blotter-p-36251.html HTTP/1.0" 200 70854 "-" "Mozilla/5.0 (compatible; SemrushBot/7~bl; +http://www.semrush.com/bot.html)"
54.36.148.243 - - [26/Apr/2022:03:54:25 +0200] "GET /purple-elephant-piggy-bank-p-47730.html HTTP/1.0" 200 73470 "-" "Mozilla/5.0 (compatible; AhrefsBot/7.0; +http://ahrefs.com/robot/)"
17.121.113.139 - - [26/Apr/2022:03:55:01 +0200] "GET /images/mini_prod/8433933240649.jpg HTTP/1.0" 200 269 "-" "Mozilla/5.0 (Macintosh; Intel Mac OS X 10_15_5) AppleWebKit/605.1.15 (KHTML, like Gecko) Version/13.1.1 Safari/605.1.15 (Applebot/0.1; +http://www.apple.com/go/applebot)"
185.191.171.19 - - [26/Apr/2022:03:55:00 +0200] "GET /mani-the-lucky-cat-mug-p-46155.html HTTP/1.0" 301 70962 "-" "Mozilla/5.0 (compatible; SemrushBot/7~bl; +http://www.semrush.com/bot.html)"
185.191.171.4 - - [26/Apr/2022:03:55:03 +0200] "GET /mani-lucky-p-46155.html HTTP/1.0" 200 70885 "-" "Mozilla/5.0 (compatible; SemrushBot/7~bl; +http://www.semrush.com/bot.html)"
157.55.39.172 - - [26/Apr/2022:03:55:04 +0200] "GET /luggages-schoolbags-leather-shop/backpacks/beyblade-black-and-silver-backpack-p-14450.html HTTP/1.0" 301 70875 "-" "Mozilla/5.0 (compatible; bingbot/2.0; +http://www.bing.com/bingbot.htm)"
54.36.148.243 - - [26/Apr/2022:03:55:43 +0200] "GET /bright-wooden-frame-little-prince-exupery-p-49746.html HTTP/1.0" 200 73756 "-" "Mozilla/5.0 (compatible; AhrefsBot/7.0; +http://ahrefs.com/robot/)"
66.249.66.214 - - [26/Apr/2022:03:55:58 +0200] "GET /espresso-set-eccentric-cat-p-39753.html HTTP/1.0" 301 73638 "-" "Mozilla/5.0 (Linux; Android 6.0.1; Nexus 5X Build/MMB29P) AppleWebKit/537.36 (KHTML, like Gecko) Chrome/100.0.4896.127 Mobile Safari/537.36 (compatible; Googlebot/2.1; +http://www.google.com/bot.html)"
66.249.66.210 - - [26/Apr/2022:03:56:00 +0200] "GET /espresso-eccentric-p-39753.html HTTP/1.0" 200 73553 "-" "Mozilla/5.0 (Linux; Android 6.0.1; Nexus 5X Build/MMB29P) AppleWebKit/537.36 (KHTML, like Gecko) Chrome/100.0.4896.127 Mobile Safari/537.36 (compatible; Googlebot/2.1; +http://www.google.com/bot.html)"
37.57.218.243 - - [26/Apr/2022:03:56:18 +0200] "GET /robots.txt HTTP/1.0" 200 245 "-" "Mozilla/5.0 (compatible; MJ12bot/v1.4.8; http://mj12bot.com/)"
185.191.171.10 - - [26/Apr/2022:03:56:19 +0200] "GET /fragrances-of-ambiance-c-231.html?page=27 HTTP/1.0" 301 93521 "-" "Mozilla/5.0 (compatible; SemrushBot/7~bl; +http://www.semrush.com/bot.html)"
185.191.171.9 - - [26/Apr/2022:03:56:23 +0200] "GET /fragrances-ambiance-c-231.html?page=27 HTTP/1.0" 200 93429 "-" "Mozilla/5.0 (compatible; SemrushBot/7~bl; +http://www.semrush.com/bot.html)"
37.57.218.243 - - [26/Apr/2022:03:56:24 +0200] "GET /-i-17.html HTTP/1.0" 200 99965 "-" "Mozilla/5.0 (compatible; MJ12bot/v1.4.8; http://mj12bot.com/)"
185.191.171.13 - - [26/Apr/2022:03:56:31 +0200] "GET /moonlit-dance-jack-sally-romance-figurine-p-57305.html HTTP/1.0" 200 75188 "-" "Mozilla/5.0 (compatible; SemrushBot/7~bl; +http://www.semrush.com/bot.html)"
37.57.218.243 - - [26/Apr/2022:03:56:39 +0200] "GET /adults-c-53.html HTTP/1.0" 200 93496 "-" "Mozilla/5.0 (compatible; MJ12bot/v1.4.8; http://mj12bot.com/)"
37.57.218.243 - - [26/Apr/2022:03:56:51 +0200] "GET /bracelets-c-3_200.html HTTP/1.0" 200 91369 "-" "Mozilla/5.0 (compatible; MJ12bot/v1.4.8; http://mj12bot.com/)"
54.36.148.243 - - [26/Apr/2022:03:56:59 +0200] "GET /cotton-floor-cushion-chrysler-p-49130.html HTTP/1.0" 200 74136 "-" "Mozilla/5.0 (compatible; AhrefsBot/7.0; +http://ahrefs.com/robot/)"
37.57.218.243 - - [26/Apr/2022:03:57:01 +0200] "GET /dishes-c-12.html HTTP/1.0" 200 91644 "-" "Mozilla/5.0 (compatible; MJ12bot/v1.4.8; http://mj12bot.com/)"
185.191.171.7 - - [26/Apr/2022:03:57:01 +0200] "GET /girly-cat-cushion-p-28717.html HTTP/1.0" 301 70875 "-" "Mozilla/5.0 (compatible; SemrushBot/7~bl; +http://www.semrush.com/bot.html)"
185.191.171.10 - - [26/Apr/2022:03:57:05 +0200] "GET /-p-28717.html HTTP/1.0" 200 70808 "-" "Mozilla/5.0 (compatible; SemrushBot/7~bl; +http://www.semrush.com/bot.html)"
37.57.218.243 - - [26/Apr/2022:03:57:16 +0200] "GET /metal-beer-bucket-p-54345.html HTTP/1.0" 200 74010 "-" "Mozilla/5.0 (compatible; MJ12bot/v1.4.8; http://mj12bot.com/)"
37.57.218.243 - - [26/Apr/2022:03:57:27 +0200] "GET /products_new.php HTTP/1.0" 200 95174 "-" "Mozilla/5.0 (compatible; MJ12bot/v1.4.8; http://mj12bot.com/)"
37.57.218.243 - - [26/Apr/2022:03:57:43 +0200] "GET /specials.php HTTP/1.0" 200 124439 "-" "Mozilla/5.0 (compatible; MJ12bot/v1.4.8; http://mj12bot.com/)"
185.191.171.12 - - [26/Apr/2022:03:57:55 +0200] "GET /ariel-art-deco-figurine-p-36942.html HTTP/1.0" 301 70875 "-" "Mozilla/5.0 (compatible; SemrushBot/7~bl; +http://www.semrush.com/bot.html)"
37.57.218.243 - - [26/Apr/2022:03:57:57 +0200] "GET /stickers-c-129_50.html HTTP/1.0" 200 87902 "-" "Mozilla/5.0 (compatible; MJ12bot/v1.4.8; http://mj12bot.com/)"
185.191.171.37 - - [26/Apr/2022:03:57:58 +0200] "GET /-p-36942.html HTTP/1.0" 200 70808 "-" "Mozilla/5.0 (compatible; SemrushBot/7~bl; +http://www.semrush.com/bot.html)"
37.57.218.243 - - [26/Apr/2022:03:58:05 +0200] "GET /toys-c-4_45.html HTTP/1.0" 200 90287 "-" "Mozilla/5.0 (compatible; MJ12bot/v1.4.8; http://mj12bot.com/)"
207.46.13.182 - - [26/Apr/2022:03:58:08 +0200] "GET /games-and-toys/toys/robocar-poli-poli-radio-control-and-convertible-vehicle-p-17888.html HTTP/1.0" 301 687 "-" "Mozilla/5.0 (compatible; bingbot/2.0; +http://www.bing.com/bingbot.htm)"
54.36.148.243 - - [26/Apr/2022:03:58:22 +0200] "GET /white-ceramic-dish-little-prince-p-52500.html HTTP/1.0" 200 73495 "-" "Mozilla/5.0 (compatible; AhrefsBot/7.0; +http://ahrefs.com/robot/)"
185.191.171.44 - - [26/Apr/2022:03:58:44 +0200] "GET /cats-dubout-figurine-little-miss-precious-p-43191.html?action=add_product HTTP/1.0" 302 476 "-" "Mozilla/5.0 (compatible; SemrushBot/7~bl; +http://www.semrush.com/bot.html)"
185.191.171.22 - - [26/Apr/2022:03:58:59 +0200] "GET /mustache-keyring-by-cbkreation-p-43222.html HTTP/1.0" 301 73646 "-" "Mozilla/5.0 (compatible; SemrushBot/7~bl; +http://www.semrush.com/bot.html)"
185.191.171.33 - - [26/Apr/2022:03:59:03 +0200] "GET /mustache-keyring-cbkreation-p-43222.html HTTP/1.0" 200 73552 "-" "Mozilla/5.0 (compatible; SemrushBot/7~bl; +http://www.semrush.com/bot.html)"
185.2.4.105 - - [26/Apr/2022:03:59:09 +0200] "GET /wordpress/ HTTP/1.0" 301 531 "-" "-"
185.2.4.105 - - [26/Apr/2022:03:59:09 +0200] "GET /wordpress/ HTTP/1.0" 404 1308 "-" "-"
185.191.171.4 - - [26/Apr/2022:03:59:13 +0200] "GET /natural-bamboo-bath-p-56262.html HTTP/1.0" 200 74407 "-" "Mozilla/5.0 (compatible; SemrushBot/7~bl; +http://www.semrush.com/bot.html)"
54.36.148.243 - - [26/Apr/2022:03:59:45 +0200] "GET /votive-candle-hours-paradise-sunset-p-39902.html HTTP/1.0" 200 74103 "-" "Mozilla/5.0 (compatible; AhrefsBot/7.0; +http://ahrefs.com/robot/)"
157.55.39.105 - - [26/Apr/2022:04:01:02 +0200] "GET /luggages-schoolbags-leather-shop/suitcaselittle-suitcase-trolley/mickey-mouse-small-suitcase-with-wheels-p-22634.html HTTP/1.0" 301 70875 "-" "Mozilla/5.0 (compatible; bingbot/2.0; +http://www.bing.com/bingbot.htm)"
54.36.148.243 - - [26/Apr/2022:04:01:05 +0200] "GET /pucca-towel-p-2356.html HTTP/1.0" 200 73507 "-" "Mozilla/5.0 (compatible; AhrefsBot/7.0; +http://ahrefs.com/robot/)"
185.191.171.4 - - [26/Apr/2022:04:01:59 +0200] "GET /nemo-squirt-turtle-figure-p-2914.html?action=add_product HTTP/1.0" 302 476 "-" "Mozilla/5.0 (compatible; SemrushBot/7~bl; +http://www.semrush.com/bot.html)"
54.36.148.243 - - [26/Apr/2022:04:02:26 +0200] "GET /coconut-fibers-doormat-love-p-57091.html HTTP/1.0" 200 74396 "-" "Mozilla/5.0 (compatible; AhrefsBot/7.0; +http://ahrefs.com/robot/)"
185.191.171.22 - - [26/Apr/2022:04:02:43 +0200] "GET /cars-tokyo-mater-round-pencil-case-p-13351.html HTTP/1.0" 200 74090 "-" "Mozilla/5.0 (compatible; SemrushBot/7~bl; +http://www.semrush.com/bot.html)"
185.191.171.26 - - [26/Apr/2022:04:02:50 +0200] "GET /tania-velvet-chair-cushion-beige-p-49352.html HTTP/1.0" 200 74421 "-" "Mozilla/5.0 (compatible; SemrushBot/7~bl; +http://www.semrush.com/bot.html)"
66.249.66.212 - - [26/Apr/2022:04:02:50 +0200] "GET /assorted-potholders-p-57967.html HTTP/1.0" 200 74744 "-" "Mozilla/5.0 (Linux; Android 6.0.1; Nexus 5X Build/MMB29P) AppleWebKit/537.36 (KHTML, like Gecko) Chrome/100.0.4896.127 Mobile Safari/537.36 (compatible; Googlebot/2.1; +http://www.google.com/bot.html)"
185.191.171.26 - - [26/Apr/2022:04:03:06 +0200] "GET /rebecca-bedclothes-p-55450.html HTTP/1.0" 200 74176 "-" "Mozilla/5.0 (compatible; SemrushBot/7~bl; +http://www.semrush.com/bot.html)"
40.77.167.0 - - [26/Apr/2022:04:03:33 +0200] "GET /white-lampshade-p-55696.html HTTP/1.0" 200 70858 "-" "Mozilla/5.0 (compatible; bingbot/2.0; +http://www.bing.com/bingbot.htm)"
51.68.224.127 - - [26/Apr/2022:04:03:37 +0200] "GET /adminweb/export_orders_xml.php?token=256de2z6edz6ed2z6DFSFsed2zed6zeDSFDSGdzedezfzf&maxorders=10&orderstart=1&status=14&start_date=2018-10-01 HTTP/1.0" 200 285 "-" "GesCom CharlotteBoutik Serveur"
51.68.224.127 - - [26/Apr/2022:04:03:37 +0200] "GET /adminweb/export_orders_xml.php?token=256de2z6edz6ed2z6DFSFsed2zed6zeDSFDSGdzedezfzf&maxorders=10&orderstart=1&status=6&start_date=2018-10-01 HTTP/1.0" 200 32798 "-" "GesCom CharlotteBoutik Serveur"
185.191.171.2 - - [26/Apr/2022:04:03:38 +0200] "GET /-p-46470.html?action=add_product HTTP/1.0" 302 476 "-" "Mozilla/5.0 (compatible; SemrushBot/7~bl; +http://www.semrush.com/bot.html)"
54.36.148.243 - - [26/Apr/2022:04:03:46 +0200] "GET /princess-frog-umbrella-p-20496.html HTTP/1.0" 200 73742 "-" "Mozilla/5.0 (compatible; AhrefsBot/7.0; +http://ahrefs.com/robot/)"
185.191.171.9 - - [26/Apr/2022:04:03:55 +0200] "GET /disney-princess-kids-school-bag-p-14535.html HTTP/1.0" 301 71008 "-" "Mozilla/5.0 (compatible; SemrushBot/7~bl; +http://www.semrush.com/bot.html)"
185.191.171.10 - - [26/Apr/2022:04:04:07 +0200] "GET /disney-princess-kids-school-p-14535.html HTTP/1.0" 200 70914 "-" "Mozilla/5.0 (compatible; SemrushBot/7~bl; +http://www.semrush.com/bot.html)"
185.191.171.26 - - [26/Apr/2022:04:04:15 +0200] "GET /blue-gray-ceramic-flower-enamelled-effect-p-49992.html?action=add_product HTTP/1.0" 302 476 "-" "Mozilla/5.0 (compatible; SemrushBot/7~bl; +http://www.semrush.com/bot.html)"
17.121.113.3 - - [26/Apr/2022:04:04:57 +0200] "GET /ceramic-lamb-bank-p-49169.html HTTP/1.0" 200 70878 "-" "Mozilla/5.0 (Macintosh; Intel Mac OS X 10_15_5) AppleWebKit/605.1.15 (KHTML, like Gecko) Version/13.1.1 Safari/605.1.15 (Applebot/0.1; +http://www.apple.com/go/applebot)"
54.36.148.243 - - [26/Apr/2022:04:05:06 +0200] "GET /black-madonna-aromatika-incense-sticks-p-53428.html HTTP/1.0" 200 73602 "-" "Mozilla/5.0 (compatible; AhrefsBot/7.0; +http://ahrefs.com/robot/)"
20.59.48.141 - - [26/Apr/2022:04:05:09 +0200] "GET /images/mini_prod/8720088292495.jpg HTTP/1.0" 200 269 "-" "Mozilla/5.0 (Macintosh; U; PPC Mac OS X 10.5; en-US; rv:1.9.2.15) Gecko/20110303 Firefox/3.6.15"
20.64.196.200 - - [26/Apr/2022:04:05:23 +0200] "GET /images/mini_prod/1399984263600.jpg HTTP/1.0" 200 269 "-" "Mozilla/4.0 (compatible; MSIE 7.0; Windows NT 6.0)"
66.249.66.210 - - [26/Apr/2022:04:05:39 +0200] "GET /trays-c-12_159.html HTTP/1.0" 200 92500 "-" "Mozilla/5.0 (Linux; Android 6.0.1; Nexus 5X Build/MMB29P) AppleWebKit/537.36 (KHTML, like Gecko) Chrome/100.0.4896.127 Mobile Safari/537.36 (compatible; Googlebot/2.1; +http://www.google.com/bot.html)"
66.249.66.210 - - [26/Apr/2022:04:05:41 +0200] "GET /waltz-statue-camille-claudel-p-55512.html HTTP/1.0" 200 74513 "-" "Mozilla/5.0 (Linux; Android 6.0.1; Nexus 5X Build/MMB29P) AppleWebKit/537.36 (KHTML, like Gecko) Chrome/100.0.4896.127 Mobile Safari/537.36 (compatible; Googlebot/2.1; +http://www.google.com/bot.html)"
66.249.66.212 - - [26/Apr/2022:04:05:45 +0200] "GET /js/jquery.min.js HTTP/1.0" 404 1308 "http://www.wonder-geek.com/trays-c-12_159.html" "Mozilla/5.0 (Linux; Android 6.0.1; Nexus 5X Build/MMB29P) AppleWebKit/537.36 (KHTML, like Gecko) Chrome/100.0.4896.127 Mobile Safari/537.36 (compatible; Googlebot/2.1; +http://www.google.com/bot.html)"
185.191.171.23 - - [26/Apr/2022:04:06:12 +0200] "GET /turtle-statue-with-triangles-shell-p-49883.html?action=add_product HTTP/1.0" 302 476 "-" "Mozilla/5.0 (compatible; SemrushBot/7~bl; +http://www.semrush.com/bot.html)"
185.191.171.10 - - [26/Apr/2022:04:06:19 +0200] "GET /sentiment-towel-kitchen-towel-p-43637.html?action=add_product HTTP/1.0" 302 476 "-" "Mozilla/5.0 (compatible; SemrushBot/7~bl; +http://www.semrush.com/bot.html)"
185.191.171.38 - - [26/Apr/2022:04:06:23 +0200] "GET /support-metal-bottle-the-red-old-car-p-35935.html HTTP/1.0" 301 70875 "-" "Mozilla/5.0 (compatible; SemrushBot/7~bl; +http://www.semrush.com/bot.html)"
185.191.171.35 - - [26/Apr/2022:04:06:26 +0200] "GET /-p-35935.html HTTP/1.0" 200 70808 "-" "Mozilla/5.0 (compatible; SemrushBot/7~bl; +http://www.semrush.com/bot.html)"
54.36.148.243 - - [26/Apr/2022:04:06:28 +0200] "GET /kimmidoll-mizuyo-magnets-p-31957.html HTTP/1.0" 200 73466 "-" "Mozilla/5.0 (compatible; AhrefsBot/7.0; +http://ahrefs.com/robot/)"
185.191.171.44 - - [26/Apr/2022:04:06:29 +0200] "GET /lotus-padmasana-yoga-statuette-p-47496.html HTTP/1.0" 200 73568 "-" "Mozilla/5.0 (compatible; SemrushBot/7~bl; +http://www.semrush.com/bot.html)"
185.191.171.43 - - [26/Apr/2022:04:06:35 +0200] "GET /large-seahorse-statue-wooden-66-cm-p-48278.html HTTP/1.0" 301 70875 "-" "Mozilla/5.0 (compatible; SemrushBot/7~bl; +http://www.semrush.com/bot.html)"
185.191.171.7 - - [26/Apr/2022:04:06:39 +0200] "GET /-p-48278.html HTTP/1.0" 200 70808 "-" "Mozilla/5.0 (compatible; SemrushBot/7~bl; +http://www.semrush.com/bot.html)"
77.88.5.208 - - [26/Apr/2022:04:07:02 +0200] "GET /marley-zippo-lighter-p-29774.html HTTP/1.0" 200 73897 "-" "Mozilla/5.0 (compatible; YandexBot/3.0; +http://yandex.com/bots)"
54.36.148.243 - - [26/Apr/2022:04:07:08 +0200] "GET /blue-butterfly-women-shirt-p-30728.html HTTP/1.0" 200 75483 "-" "Mozilla/5.0 (compatible; AhrefsBot/7.0; +http://ahrefs.com/robot/)"
66.249.66.214 - - [26/Apr/2022:04:07:14 +0200] "GET /swfobject.js HTTP/1.0" 404 1308 "http://www.wonder-geek.com/wall-sticker-meilleur-cafe-p-53957.html" "Mozilla/5.0 (Linux; Android 6.0.1; Nexus 5X Build/MMB29P) AppleWebKit/537.36 (KHTML, like Gecko) Chrome/100.0.4896.127 Mobile Safari/537.36 (compatible; Googlebot/2.1; +http://www.google.com/bot.html)"
54.36.148.243 - - [26/Apr/2022:04:07:36 +0200] "GET /barbapapa-wooden-p-16076.html HTTP/1.0" 200 73592 "-" "Mozilla/5.0 (compatible; AhrefsBot/7.0; +http://ahrefs.com/robot/)"
17.121.115.47 - - [26/Apr/2022:04:07:39 +0200] "GET /images/mini_prod/4029811409358.jpg HTTP/1.0" 200 269 "-" "Mozilla/5.0 (Macintosh; Intel Mac OS X 10_15_5) AppleWebKit/605.1.15 (KHTML, like Gecko) Version/13.1.1 Safari/605.1.15 (Applebot/0.1; +http://www.apple.com/go/applebot)"
185.191.171.44 - - [26/Apr/2022:04:07:56 +0200] "GET /peter-pan-tinkerbell-kneeling-figure-p-15671.html HTTP/1.0" 301 70875 "-" "Mozilla/5.0 (compatible; SemrushBot/7~bl; +http://www.semrush.com/bot.html)"
185.191.171.11 - - [26/Apr/2022:04:07:59 +0200] "GET /-p-15671.html HTTP/1.0" 200 70808 "-" "Mozilla/5.0 (compatible; SemrushBot/7~bl; +http://www.semrush.com/bot.html)"
185.191.171.8 - - [26/Apr/2022:04:08:02 +0200] "GET /round-pillow-macaron-p-50685.html HTTP/1.0" 200 70878 "-" "Mozilla/5.0 (compatible; SemrushBot/7~bl; +http://www.semrush.com/bot.html)"
54.36.148.243 - - [26/Apr/2022:04:08:07 +0200] "GET /napkins-c-11_285.html HTTP/1.0" 200 81778 "-" "Mozilla/5.0 (compatible; AhrefsBot/7.0; +http://ahrefs.com/robot/)"
17.121.115.106 - - [26/Apr/2022:04:08:13 +0200] "GET /images/mini_prod/1399985000143.jpg HTTP/1.0" 200 269 "-" "Mozilla/5.0 (Macintosh; Intel Mac OS X 10_15_5) AppleWebKit/605.1.15 (KHTML, like Gecko) Version/13.1.1 Safari/605.1.15 (Applebot/0.1; +http://www.apple.com/go/applebot)"
185.191.171.26 - - [26/Apr/2022:04:08:14 +0200] "GET /lighting-c-13_86.html?page=4 HTTP/1.0" 200 91873 "-" "Mozilla/5.0 (compatible; SemrushBot/7~bl; +http://www.semrush.com/bot.html)"
211.249.40.15 - - [26/Apr/2022:04:08:29 +0200] "GET /images/mini_prod/8412497761951.jpg HTTP/1.0" 200 269 "-" "Mozilla/5.0 (X11; Ubuntu; Linux x86_64; rv:72.0) Gecko/20100101 Firefox/72.0"
185.191.171.10 - - [26/Apr/2022:04:08:29 +0200] "GET /carpet-ethnic-boho-p-55445.html HTTP/1.0" 200 74441 "-" "Mozilla/5.0 (compatible; SemrushBot/7~bl; +http://www.semrush.com/bot.html)"
17.121.115.106 - - [26/Apr/2022:04:08:33 +0200] "GET /images/mini_prod/3700281666892.jpg HTTP/1.0" 200 269 "-" "Mozilla/5.0 (Macintosh; Intel Mac OS X 10_15_5) AppleWebKit/605.1.15 (KHTML, like Gecko) Version/13.1.1 Safari/605.1.15 (Applebot/0.1; +http://www.apple.com/go/applebot)"
54.36.148.243 - - [26/Apr/2022:04:08:36 +0200] "GET /small-baby-teeth-p-57829.html HTTP/1.0" 200 74155 "-" "Mozilla/5.0 (compatible; AhrefsBot/7.0; +http://ahrefs.com/robot/)"
54.36.148.243 - - [26/Apr/2022:04:09:03 +0200] "GET /decorations-c-13_89.html HTTP/1.0" 200 92384 "-" "Mozilla/5.0 (compatible; AhrefsBot/7.0; +http://ahrefs.com/robot/)"
54.36.148.243 - - [26/Apr/2022:04:09:31 +0200] "GET /with-infuser-c-12_221.html HTTP/1.0" 200 91401 "-" "Mozilla/5.0 (compatible; AhrefsBot/7.0; +http://ahrefs.com/robot/)"
66.249.66.214 - - [26/Apr/2022:04:09:43 +0200] "GET /the-rugs-c-11_269.html HTTP/1.0" 301 92624 "-" "Mozilla/5.0 (Linux; Android 6.0.1; Nexus 5X Build/MMB29P) AppleWebKit/537.36 (KHTML, like Gecko) Chrome/100.0.4896.127 Mobile Safari/537.36 (compatible; Googlebot/2.1; +http://www.google.com/bot.html)"
66.249.66.214 - - [26/Apr/2022:04:09:45 +0200] "GET /rugs-c-269.html HTTP/1.0" 200 92436 "-" "Mozilla/5.0 (Linux; Android 6.0.1; Nexus 5X Build/MMB29P) AppleWebKit/537.36 (KHTML, like Gecko) Chrome/100.0.4896.127 Mobile Safari/537.36 (compatible; Googlebot/2.1; +http://www.google.com/bot.html)"
54.36.148.243 - - [26/Apr/2022:04:09:59 +0200] "GET /nintendo-power-laptop-cover-p-57942.html HTTP/1.0" 200 76089 "-" "Mozilla/5.0 (compatible; AhrefsBot/7.0; +http://ahrefs.com/robot/)"
147.92.153.12 - - [26/Apr/2022:04:10:00 +0200] "GET /artisan-plaster-thermometer-handcrafted-p-58047.html HTTP/1.0" 200 74526 "-" "Mozilla/5.0 (compatible; Linespider/1.1; +https://lin.ee/4dwXkTH)"
147.92.153.14 - - [26/Apr/2022:04:10:05 +0200] "GET /swfobject.js HTTP/1.0" 404 1308 "http://www.wonder-geek.com/artisan-plaster-thermometer-handcrafted-p-58047.html" "Mozilla/5.0 (X11; Linux x86_64) AppleWebKit/537.36 (KHTML, like Gecko) HeadlessChrome/96.0.4664.0 Safari/537.36"
54.36.148.243 - - [26/Apr/2022:04:10:27 +0200] "GET /corkscrew-bottle-opener-sommelier-c-12_213.html HTTP/1.0" 200 91268 "-" "Mozilla/5.0 (compatible; AhrefsBot/7.0; +http://ahrefs.com/robot/)"
54.36.148.243 - - [26/Apr/2022:04:10:52 +0200] "GET /scented-candles-novenas-c-231_227.html HTTP/1.0" 200 94089 "-" "Mozilla/5.0 (compatible; AhrefsBot/7.0; +http://ahrefs.com/robot/)"
185.191.171.9 - - [26/Apr/2022:04:11:17 +0200] "GET /bamboo-fiber-plant-cover-p-55176.html HTTP/1.0" 200 74081 "-" "Mozilla/5.0 (compatible; SemrushBot/7~bl; +http://www.semrush.com/bot.html)"
54.36.148.243 - - [26/Apr/2022:04:11:20 +0200] "GET /night-lights-c-86_278.html HTTP/1.0" 200 92710 "-" "Mozilla/5.0 (compatible; AhrefsBot/7.0; +http://ahrefs.com/robot/)"
17.121.113.101 - - [26/Apr/2022:04:11:27 +0200] "GET /disney-princess-placemat-p-22494.html HTTP/1.0" 200 73514 "-" "Mozilla/5.0 (Macintosh; Intel Mac OS X 10_15_5) AppleWebKit/605.1.15 (KHTML, like Gecko) Version/13.1.1 Safari/605.1.15 (Applebot/0.1; +http://www.apple.com/go/applebot)"
185.191.171.10 - - [26/Apr/2022:04:11:38 +0200] "GET /quibe-black-crossbody-made-france-p-52705.html HTTP/1.0" 200 74667 "-" "Mozilla/5.0 (compatible; SemrushBot/7~bl; +http://www.semrush.com/bot.html)"
185.191.171.26 - - [26/Apr/2022:04:11:47 +0200] "GET /cbkration-toiletry-p-41043.html?action=add_product HTTP/1.0" 302 476 "-" "Mozilla/5.0 (compatible; SemrushBot/7~bl; +http://www.semrush.com/bot.html)"
45.92.228.96 - - [26/Apr/2022:04:12:33 +0200] "GET / HTTP/1.0" 200 150896 "-" "Mozilla/5.0 (Windows NT 6.1; rv:17.0) Gecko/17.0 Firefox/17.0"
185.191.171.9 - - [26/Apr/2022:04:12:43 +0200] "GET /dishes-c-13_12.html?page=139 HTTP/1.0" 200 93548 "-" "Mozilla/5.0 (compatible; SemrushBot/7~bl; +http://www.semrush.com/bot.html)"
47.254.65.120 - - [26/Apr/2022:04:13:52 +0200] "GET /images/mini_prod/1384010184752.jpg HTTP/1.0" 200 269 "-" "Mozilla/5.0 (X11; Ubuntu; Linux x86_64; rv:72.0) Gecko/20100101 Firefox/72.0"
185.191.171.4 - - [26/Apr/2022:04:13:53 +0200] "GET /little-miss-sunshine-reporter-bag-p-3315.html HTTP/1.0" 301 73791 "-" "Mozilla/5.0 (compatible; SemrushBot/7~bl; +http://www.semrush.com/bot.html)"
185.191.171.5 - - [26/Apr/2022:04:13:57 +0200] "GET /little-miss-sunshine-reporter-p-3315.html HTTP/1.0" 200 73696 "-" "Mozilla/5.0 (compatible; SemrushBot/7~bl; +http://www.semrush.com/bot.html)"
185.191.171.8 - - [26/Apr/2022:04:14:28 +0200] "GET /apache-women-watch-multicolor-freedom-p-41562.html?action=add_product HTTP/1.0" 302 476 "-" "Mozilla/5.0 (compatible; SemrushBot/7~bl; +http://www.semrush.com/bot.html)"
157.90.128.183 - - [26/Apr/2022:04:14:43 +0200] "GET /images/mini_prod/5018997405604.jpg HTTP/1.0" 200 269 "-" "Mozilla/5.0 (X11; Ubuntu; Linux x86_64; rv:72.0) Gecko/20100101 Firefox/72.0"
211.249.40.15 - - [26/Apr/2022:04:15:04 +0200] "GET /images/mini_prod/9316188080736.jpg HTTP/1.0" 200 269 "-" "Mozilla/5.0 (X11; Ubuntu; Linux x86_64; rv:72.0) Gecko/20100101 Firefox/72.0"
207.46.13.182 - - [26/Apr/2022:04:15:32 +0200] "GET /artisan-plaster-thermometer-handcrafted-p-58047.html HTTP/1.0" 301 615 "-" "Mozilla/5.0 (compatible; bingbot/2.0; +http://www.bing.com/bingbot.htm)"
185.191.171.12 - - [26/Apr/2022:04:15:34 +0200] "GET /-p-47237.html?action=add_product HTTP/1.0" 302 476 "-" "Mozilla/5.0 (compatible; SemrushBot/7~bl; +http://www.semrush.com/bot.html)"
207.46.13.182 - - [26/Apr/2022:04:15:40 +0200] "GET /artisan-plaster-thermometer-handcrafted-p-58047.html HTTP/1.0" 200 74526 "-" "Mozilla/5.0 (compatible; bingbot/2.0; +http://www.bing.com/bingbot.htm)"
185.191.171.12 - - [26/Apr/2022:04:15:51 +0200] "GET /hannah-montana-postman-bag-p-1485.html HTTP/1.0" 301 73954 "-" "Mozilla/5.0 (compatible; SemrushBot/7~bl; +http://www.semrush.com/bot.html)"
185.191.171.23 - - [26/Apr/2022:04:15:55 +0200] "GET /hannah-montana-postman-p-1485.html HTTP/1.0" 200 73866 "-" "Mozilla/5.0 (compatible; SemrushBot/7~bl; +http://www.semrush.com/bot.html)"
20.64.196.200 - - [26/Apr/2022:04:16:13 +0200] "GET /images/mini_prod/8422000971012.jpg HTTP/1.0" 200 269 "-" "Mozilla/5.0 (Windows NT 10.0; WOW64) AppleWebKit/537.36 (KHTML, like Gecko) Chrome/64.0.3282.186 Safari/537.36"
185.191.171.6 - - [26/Apr/2022:04:16:13 +0200] "GET /heart-home-stick-diffuser-with-love-p-57855.html HTTP/1.0" 200 74576 "-" "Mozilla/5.0 (compatible; SemrushBot/7~bl; +http://www.semrush.com/bot.html)"
185.191.171.4 - - [26/Apr/2022:04:16:16 +0200] "GET /panda-ceramic-white-and-gray-p-45761.html HTTP/1.0" 301 71022 "-" "Mozilla/5.0 (compatible; SemrushBot/7~bl; +http://www.semrush.com/bot.html)"
185.191.171.8 - - [26/Apr/2022:04:16:19 +0200] "GET /panda-ceramic-white-gray-p-45761.html HTTP/1.0" 200 70931 "-" "Mozilla/5.0 (compatible; SemrushBot/7~bl; +http://www.semrush.com/bot.html)"
185.191.171.11 - - [26/Apr/2022:04:16:24 +0200] "GET /-p-38363.html?action=add_product HTTP/1.0" 302 476 "-" "Mozilla/5.0 (compatible; SemrushBot/7~bl; +http://www.semrush.com/bot.html)"
77.88.5.208 - - [26/Apr/2022:04:16:32 +0200] "GET /melt-jasmine-daydream-p-37443.html HTTP/1.0" 200 74054 "-" "Mozilla/5.0 (compatible; YandexBot/3.0; +http://yandex.com/bots)"
66.249.66.212 - - [26/Apr/2022:04:16:37 +0200] "GET /collectible-statuette-willow-tree-nativity-p-57072.html HTTP/1.0" 200 75154 "-" "Mozilla/5.0 (Linux; Android 6.0.1; Nexus 5X Build/MMB29P) AppleWebKit/537.36 (KHTML, like Gecko) Chrome/100.0.4896.127 Mobile Safari/537.36 (compatible; Googlebot/2.1; +http://www.google.com/bot.html)"
40.125.126.5 - - [26/Apr/2022:04:17:05 +0200] "GET /images/mini_prod/8433933118559.jpg HTTP/1.0" 200 269 "-" "Mozilla/5.0 (X11; Linux x86_64) AppleWebKit/537.36 (KHTML, like Gecko) Chrome/62.0.3202.62 Safari/537.36"
157.55.39.101 - - [26/Apr/2022:04:17:32 +0200] "GET /home-and-decoration/money-boxes/smurf-coin-bank-p-23436.html HTTP/1.0" 301 631 "-" "Mozilla/5.0 (compatible; bingbot/2.0; +http://www.bing.com/bingbot.htm)"
185.191.171.24 - - [26/Apr/2022:04:17:49 +0200] "GET /london-sticker-p-35394.html?action=add_product HTTP/1.0" 302 476 "-" "Mozilla/5.0 (compatible; SemrushBot/7~bl; +http://www.semrush.com/bot.html)"
185.191.171.40 - - [26/Apr/2022:04:17:59 +0200] "GET /boxer-keychain-p-26272.html HTTP/1.0" 200 73422 "-" "Mozilla/5.0 (compatible; SemrushBot/7~bl; +http://www.semrush.com/bot.html)"
185.191.171.12 - - [26/Apr/2022:04:18:57 +0200] "GET /le-petit-prince-de-st-exupery-box-sets-of-cups-p-44600.html HTTP/1.0" 301 74917 "-" "Mozilla/5.0 (compatible; SemrushBot/7~bl; +http://www.semrush.com/bot.html)"
185.191.171.9 - - [26/Apr/2022:04:19:01 +0200] "GET /petit-prince-exupry-sets-cups-p-44600.html HTTP/1.0" 200 74821 "-" "Mozilla/5.0 (compatible; SemrushBot/7~bl; +http://www.semrush.com/bot.html)"
54.36.148.177 - - [26/Apr/2022:04:19:11 +0200] "GET /frozen-elsa-and-anna-jewelry-box-p-37027.html HTTP/1.0" 301 74466 "-" "Mozilla/5.0 (compatible; AhrefsBot/7.0; +http://ahrefs.com/robot/)"
185.191.171.24 - - [26/Apr/2022:04:19:28 +0200] "GET /muzeum-large-empty-pocket-p-30178.html HTTP/1.0" 301 70875 "-" "Mozilla/5.0 (compatible; SemrushBot/7~bl; +http://www.semrush.com/bot.html)"
40.125.124.192 - - [26/Apr/2022:04:19:31 +0200] "GET /images/mini_prod/8433933961377.jpg HTTP/1.0" 200 269 "-" "Mozilla/5.0 (Macintosh; U; PPC Mac OS X 10.5; en-US; rv:1.9.2.15) Gecko/20110303 Firefox/3.6.15"
185.191.171.12 - - [26/Apr/2022:04:19:31 +0200] "GET /-p-30178.html HTTP/1.0" 200 70808 "-" "Mozilla/5.0 (compatible; SemrushBot/7~bl; +http://www.semrush.com/bot.html)"
51.68.224.127 - - [26/Apr/2022:04:19:46 +0200] "GET /adminweb/export_orders_xml.php?token=256de2z6edz6ed2z6DFSFsed2zed6zeDSFDSGdzedezfzf&maxorders=10&orderstart=1&status=14&start_date=2018-10-01 HTTP/1.0" 200 285 "-" "GesCom CharlotteBoutik Serveur"
40.77.167.0 - - [26/Apr/2022:04:19:45 +0200] "GET /index.php HTTP/1.0" 200 151622 "-" "Mozilla/5.0 (compatible; bingbot/2.0; +http://www.bing.com/bingbot.htm)"
185.191.171.22 - - [26/Apr/2022:04:19:48 +0200] "GET /russian-dolls-cbkreation-p-18736.html?action=add_product HTTP/1.0" 302 476 "-" "Mozilla/5.0 (compatible; SemrushBot/7~bl; +http://www.semrush.com/bot.html)"
51.68.224.127 - - [26/Apr/2022:04:19:47 +0200] "GET /adminweb/export_orders_xml.php?token=256de2z6edz6ed2z6DFSFsed2zed6zeDSFDSGdzedezfzf&maxorders=10&orderstart=1&status=6&start_date=2018-10-01 HTTP/1.0" 200 32798 "-" "GesCom CharlotteBoutik Serveur"
185.191.171.25 - - [26/Apr/2022:04:20:10 +0200] "GET /america-handbag-p-14170.html HTTP/1.0" 200 73632 "-" "Mozilla/5.0 (compatible; SemrushBot/7~bl; +http://www.semrush.com/bot.html)"
185.191.171.6 - - [26/Apr/2022:04:20:22 +0200] "GET /corsica-poster-50-70-cm-p-42445.html HTTP/1.0" 301 70957 "-" "Mozilla/5.0 (compatible; SemrushBot/7~bl; +http://www.semrush.com/bot.html)"
185.191.171.9 - - [26/Apr/2022:04:20:25 +0200] "GET /corsica-poster-p-42445.html HTTP/1.0" 200 70876 "-" "Mozilla/5.0 (compatible; SemrushBot/7~bl; +http://www.semrush.com/bot.html)"
185.191.171.11 - - [26/Apr/2022:04:20:39 +0200] "GET /bonheur-dans-dish-cake-p-38243.html?action=add_product HTTP/1.0" 302 476 "-" "Mozilla/5.0 (compatible; SemrushBot/7~bl; +http://www.semrush.com/bot.html)"
17.121.114.60 - - [26/Apr/2022:04:21:48 +0200] "GET /harley-davidson-american-classic-metal-plate-p-23297.html HTTP/1.0" 200 73649 "-" "Mozilla/5.0 (Macintosh; Intel Mac OS X 10_15_5) AppleWebKit/605.1.15 (KHTML, like Gecko) Version/13.1.1 Safari/605.1.15 (Applebot/0.1; +http://www.apple.com/go/applebot)"
157.55.39.105 - - [26/Apr/2022:04:22:05 +0200] "GET /games-and-toys/figures/101-dalmatians-freckles-figure-p-4703.html HTTP/1.0" 301 641 "-" "Mozilla/5.0 (compatible; bingbot/2.0; +http://www.bing.com/bingbot.htm)"
185.191.171.5 - - [26/Apr/2022:04:22:10 +0200] "GET /pots-and-cookie-jars-c-12_250.html?page=1 HTTP/1.0" 301 90610 "-" "Mozilla/5.0 (compatible; SemrushBot/7~bl; +http://www.semrush.com/bot.html)"
207.46.13.182 - - [26/Apr/2022:04:22:11 +0200] "GET /-p-24789.html HTTP/1.0" 200 70808 "-" "Mozilla/5.0 (compatible; bingbot/2.0; +http://www.bing.com/bingbot.htm)"
185.191.171.24 - - [26/Apr/2022:04:22:14 +0200] "GET /pots-cookie-jars-c-250.html?page=1 HTTP/1.0" 301 90509 "-" "Mozilla/5.0 (compatible; SemrushBot/7~bl; +http://www.semrush.com/bot.html)"
185.191.171.3 - - [26/Apr/2022:04:22:18 +0200] "GET /pots-cookie-jars-c-12_250.html?page=1 HTTP/1.0" 200 90522 "-" "Mozilla/5.0 (compatible; SemrushBot/7~bl; +http://www.semrush.com/bot.html)"
