54.36.148.243 - - [26/Apr/2022:20:22:27 +0200] "GET /mango-board-p-47439.html HTTP/1.0" 200 74143 "-" "Mozilla/5.0 (compatible; AhrefsBot/7.0; +http://ahrefs.com/robot/)"
66.249.66.210 - - [26/Apr/2022:20:22:29 +0200] "GET /pendants-necklaces-c-3_214.html HTTP/1.0" 200 90843 "-" "Mozilla/5.0 (Linux; Android 6.0.1; Nexus 5X Build/MMB29P) AppleWebKit/537.36 (KHTML, like Gecko) Chrome/100.0.4896.127 Mobile Safari/537.36 (compatible; Googlebot/2.1; +http://www.google.com/bot.html)"
40.91.75.132 - - [26/Apr/2022:20:23:08 +0200] "GET /images/mini_prod/3014627830107.jpg HTTP/1.0" 200 269 "-" "Mozilla/5.0 (Macintosh; U; PPC Mac OS X 10.5; en-US; rv:1.9.2.15) Gecko/20110303 Firefox/3.6.15"
66.249.66.214 - - [26/Apr/2022:20:23:17 +0200] "GET /cushion-headboard-c-11_173.html HTTP/1.0" 200 88359 "-" "Mozilla/5.0 (Linux; Android 6.0.1; Nexus 5X Build/MMB29P) AppleWebKit/537.36 (KHTML, like Gecko) Chrome/100.0.4896.127 Mobile Safari/537.36 (compatible; Googlebot/2.1; +http://www.google.com/bot.html)"
40.91.113.104 - - [26/Apr/2022:20:23:20 +0200] "GET /images/mini_prod/3612875123530.jpg HTTP/1.0" 200 269 "-" "Mozilla/5.0 (Windows NT 10.0; ) Gecko/20100101 Firefox/61.0"
216.244.66.242 - - [26/Apr/2022:20:23:23 +0200] "GET /iphone-case-bump-silicone-p-25375.html HTTP/1.0" 200 73716 "-" "Mozilla/5.0 (compatible; DotBot/1.2; +https://opensiteexplorer.org/dotbot; help@moz.com)"
185.191.171.41 - - [26/Apr/2022:20:23:35 +0200] "GET /removable-cushion-polar-fleece-p-57908.html?action=add_product HTTP/1.0" 302 476 "-" "Mozilla/5.0 (compatible; SemrushBot/7~bl; +http://www.semrush.com/bot.html)"
185.191.171.11 - - [26/Apr/2022:20:23:37 +0200] "GET /panther-wall-decoration-in-resin-p-52573.html HTTP/1.0" 301 73663 "-" "Mozilla/5.0 (compatible; SemrushBot/7~bl; +http://www.semrush.com/bot.html)"
185.191.171.37 - - [26/Apr/2022:20:23:40 +0200] "GET /panther-wall-decoration-resin-p-52573.html HTTP/1.0" 200 73567 "-" "Mozilla/5.0 (compatible; SemrushBot/7~bl; +http://www.semrush.com/bot.html)"
157.55.39.105 - - [26/Apr/2022:20:23:48 +0200] "GET /luggages-schoolbags-leather-shop/bagshandbags-shoulder-bags/paul-frank-red-briefcase-p-9924.html HTTP/1.0" 301 703 "-" "Mozilla/5.0 (compatible; bingbot/2.0; +http://www.bing.com/bingbot.htm)"
207.46.13.182 - - [26/Apr/2022:20:23:47 +0200] "GET /-p-34820.html HTTP/1.0" 200 70808 "-" "Mozilla/5.0 (compatible; bingbot/2.0; +http://www.bing.com/bingbot.htm)"
54.36.148.243 - - [26/Apr/2022:20:24:02 +0200] "GET /storage-basket-bordlique-p-55799.html HTTP/1.0" 200 74201 "-" "Mozilla/5.0 (compatible; AhrefsBot/7.0; +http://ahrefs.com/robot/)"
185.191.171.12 - - [26/Apr/2022:20:24:03 +0200] "GET /glasses-and-drinking-cup-c-12_62.html?page=2 HTTP/1.0" 301 91840 "-" "Mozilla/5.0 (compatible; SemrushBot/7~bl; +http://www.semrush.com/bot.html)"
66.249.66.214 - - [26/Apr/2022:20:24:05 +0200] "GET /round-chair-cushion-reversible-linen-p-54654.html HTTP/1.0" 200 74503 "-" "Mozilla/5.0 (Linux; Android 6.0.1; Nexus 5X Build/MMB29P) AppleWebKit/537.36 (KHTML, like Gecko) Chrome/100.0.4896.127 Mobile Safari/537.36 (compatible; Googlebot/2.1; +http://www.google.com/bot.html)"
185.191.171.37 - - [26/Apr/2022:20:24:07 +0200] "GET /glasses-drinking-c-62.html?page=2 HTTP/1.0" 301 91739 "-" "Mozilla/5.0 (compatible; SemrushBot/7~bl; +http://www.semrush.com/bot.html)"
185.191.171.11 - - [26/Apr/2022:20:24:12 +0200] "GET /glasses-drinking-c-12_62.html?page=2 HTTP/1.0" 200 91753 "-" "Mozilla/5.0 (compatible; SemrushBot/7~bl; +http://www.semrush.com/bot.html)"
185.191.171.41 - - [26/Apr/2022:20:24:17 +0200] "GET /pokemon-pikachu-school-p-55755.html?action=add_product HTTP/1.0" 302 476 "-" "Mozilla/5.0 (compatible; SemrushBot/7~bl; +http://www.semrush.com/bot.html)"
185.191.171.40 - - [26/Apr/2022:20:24:45 +0200] "GET /little-toiletry-p-43416.html HTTP/1.0" 200 73518 "-" "Mozilla/5.0 (compatible; SemrushBot/7~bl; +http://www.semrush.com/bot.html)"
66.249.66.212 - - [26/Apr/2022:20:24:54 +0200] "GET /tablecloths-c-11_176.html HTTP/1.0" 200 91963 "-" "Mozilla/5.0 (Linux; Android 6.0.1; Nexus 5X Build/MMB29P) AppleWebKit/537.36 (KHTML, like Gecko) Chrome/100.0.4896.127 Mobile Safari/537.36 (compatible; Googlebot/2.1; +http://www.google.com/bot.html)"
185.191.171.18 - - [26/Apr/2022:20:25:11 +0200] "GET /-p-33685.html?action=add_product HTTP/1.0" 302 476 "-" "Mozilla/5.0 (compatible; SemrushBot/7~bl; +http://www.semrush.com/bot.html)"
54.36.148.243 - - [26/Apr/2022:20:25:26 +0200] "GET /christmas-spirit-water-bottle-p-52609.html HTTP/1.0" 200 74140 "-" "Mozilla/5.0 (compatible; AhrefsBot/7.0; +http://ahrefs.com/robot/)"
66.249.66.210 - - [26/Apr/2022:20:25:42 +0200] "GET /gormiti-polar-blanket-p-8103.html HTTP/1.0" 200 70880 "-" "Mozilla/5.0 (Linux; Android 6.0.1; Nexus 5X Build/MMB29P) AppleWebKit/537.36 (KHTML, like Gecko) Chrome/100.0.4896.127 Mobile Safari/537.36 (compatible; Googlebot/2.1; +http://www.google.com/bot.html)"
40.64.89.61 - - [26/Apr/2022:20:26:00 +0200] "GET /images/mini_prod/3612875115245.jpg HTTP/1.0" 200 269 "-" "Mozilla/5.0 (Windows NT 6.1; WOW64) AppleWebKit/537.36 (KHTML, like Gecko) Chrome/45.0.2454.101 Safari/537.36"
40.64.89.71 - - [26/Apr/2022:20:26:03 +0200] "GET /images/mini_prod/c8427787039436.jpg HTTP/1.0" 200 270 "-" "Mozilla/5.0 (Macintosh; U; PPC Mac OS X 10.5; en-US; rv:1.9.2.15) Gecko/20110303 Firefox/3.6.15"
185.191.171.39 - - [26/Apr/2022:20:26:05 +0200] "GET /glass-cutting-board-cbkreation-p-51317.html?action=add_product HTTP/1.0" 302 476 "-" "Mozilla/5.0 (compatible; SemrushBot/7~bl; +http://www.semrush.com/bot.html)"
66.249.66.212 - - [26/Apr/2022:20:26:15 +0200] "GET /hair-accessories-c-3_205.html HTTP/1.0" 200 90696 "-" "Mozilla/5.0 (Linux; Android 6.0.1; Nexus 5X Build/MMB29P) AppleWebKit/537.36 (KHTML, like Gecko) Chrome/100.0.4896.127 Mobile Safari/537.36 (compatible; Googlebot/2.1; +http://www.google.com/bot.html)"
66.249.66.210 - - [26/Apr/2022:20:26:16 +0200] "GET /suis-bout-rouleau-stickers-p-39326.html HTTP/1.0" 200 74255 "-" "Mozilla/5.0 (Linux; Android 6.0.1; Nexus 5X Build/MMB29P) AppleWebKit/537.36 (KHTML, like Gecko) Chrome/100.0.4896.127 Mobile Safari/537.36 (compatible; Googlebot/2.1; +http://www.google.com/bot.html)"
66.249.66.212 - - [26/Apr/2022:20:26:18 +0200] "GET /macarons-adult-apron-p-44188.html HTTP/1.0" 200 73399 "-" "Mozilla/5.0 (Linux; Android 6.0.1; Nexus 5X Build/MMB29P) AppleWebKit/537.36 (KHTML, like Gecko) Chrome/100.0.4896.127 Mobile Safari/537.36 (compatible; Googlebot/2.1; +http://www.google.com/bot.html)"
18.222.109.228 - - [26/Apr/2022:20:26:31 +0200] "GET /images/mini_prod/mug-i-love-02.jpg HTTP/1.0" 200 269 "-" "Go-http-client/1.1"
66.249.66.212 - - [26/Apr/2022:20:26:30 +0200] "GET /caribea-sheet-p-51590.html HTTP/1.0" 200 73588 "-" "Mozilla/5.0 (Linux; Android 6.0.1; Nexus 5X Build/MMB29P) AppleWebKit/537.36 (KHTML, like Gecko) Chrome/100.0.4896.127 Mobile Safari/537.36 (compatible; Googlebot/2.1; +http://www.google.com/bot.html)"
54.36.148.243 - - [26/Apr/2022:20:26:50 +0200] "GET /light-bulb-loop-p-42512.html HTTP/1.0" 200 73418 "-" "Mozilla/5.0 (compatible; AhrefsBot/7.0; +http://ahrefs.com/robot/)"
185.191.171.15 - - [26/Apr/2022:20:26:58 +0200] "GET /arrow-illuminated-sign-drinking-beer-p-46221.html?action=add_product HTTP/1.0" 302 476 "-" "Mozilla/5.0 (compatible; SemrushBot/7~bl; +http://www.semrush.com/bot.html)"
207.46.13.182 - - [26/Apr/2022:20:27:07 +0200] "GET /-p-31203.html HTTP/1.0" 200 70808 "-" "Mozilla/5.0 (compatible; bingbot/2.0; +http://www.bing.com/bingbot.htm)"
66.249.66.212 - - [26/Apr/2022:20:27:18 +0200] "GET /cats-in-love-teapot-p-37392.html HTTP/1.0" 301 73505 "-" "Mozilla/5.0 (Linux; Android 6.0.1; Nexus 5X Build/MMB29P) AppleWebKit/537.36 (KHTML, like Gecko) Chrome/100.0.4896.127 Mobile Safari/537.36 (compatible; Googlebot/2.1; +http://www.google.com/bot.html)"
66.249.66.212 - - [26/Apr/2022:20:27:20 +0200] "GET /cats-love-teapot-p-37392.html HTTP/1.0" 200 73422 "-" "Mozilla/5.0 (Linux; Android 6.0.1; Nexus 5X Build/MMB29P) AppleWebKit/537.36 (KHTML, like Gecko) Chrome/100.0.4896.127 Mobile Safari/537.36 (compatible; Googlebot/2.1; +http://www.google.com/bot.html)"
185.191.171.11 - - [26/Apr/2022:20:27:20 +0200] "GET /jasmin-jasmine-p-43458.html?action=add_product HTTP/1.0" 302 476 "-" "Mozilla/5.0 (compatible; SemrushBot/7~bl; +http://www.semrush.com/bot.html)"
40.64.89.33 - - [26/Apr/2022:20:27:24 +0200] "GET /images/mini_prod/B1399984226735.jpg HTTP/1.0" 200 270 "-" "Mozilla/5.0 (Windows NT 10.0; WOW64) AppleWebKit/537.36 (KHTML, like Gecko) Chrome/68.0.3440.106 Safari/537.36"
66.249.66.210 - - [26/Apr/2022:20:28:06 +0200] "GET /frames-flags-decorative-paintings-c-13_148.html HTTP/1.0" 200 95598 "-" "Mozilla/5.0 (Linux; Android 6.0.1; Nexus 5X Build/MMB29P) AppleWebKit/537.36 (KHTML, like Gecko) Chrome/100.0.4896.127 Mobile Safari/537.36 (compatible; Googlebot/2.1; +http://www.google.com/bot.html)"
54.36.148.243 - - [26/Apr/2022:20:28:28 +0200] "GET /small-piggy-bank-light-brown-p-57584.html HTTP/1.0" 200 74125 "-" "Mozilla/5.0 (compatible; AhrefsBot/7.0; +http://ahrefs.com/robot/)"
66.249.66.210 - - [26/Apr/2022:20:28:54 +0200] "GET /philosophizing-monkey-rheinhold-p-54829.html HTTP/1.0" 200 74257 "-" "Mozilla/5.0 (Linux; Android 6.0.1; Nexus 5X Build/MMB29P) AppleWebKit/537.36 (KHTML, like Gecko) Chrome/100.0.4896.127 Mobile Safari/537.36 (compatible; Googlebot/2.1; +http://www.google.com/bot.html)"
157.55.39.101 - - [26/Apr/2022:20:29:05 +0200] "GET /headrest-cushion-blue-50-70-cm-p-44365.html HTTP/1.0" 301 74187 "-" "Mozilla/5.0 (compatible; bingbot/2.0; +http://www.bing.com/bingbot.htm)"
157.55.39.101 - - [26/Apr/2022:20:29:16 +0200] "GET /small-green-japanese-cast-iron-teapot-liter-p-57681.html HTTP/1.0" 301 73985 "-" "Mozilla/5.0 (compatible; bingbot/2.0; +http://www.bing.com/bingbot.htm)"
47.254.66.202 - - [26/Apr/2022:20:29:21 +0200] "GET /images/mini_prod/3503420077364.jpg HTTP/1.0" 200 269 "-" "Mozilla/5.0 (X11; Ubuntu; Linux x86_64; rv:72.0) Gecko/20100101 Firefox/72.0"
185.191.171.15 - - [26/Apr/2022:20:29:25 +0200] "GET /toiletry-p-42975.html?action=add_product HTTP/1.0" 302 476 "-" "Mozilla/5.0 (compatible; SemrushBot/7~bl; +http://www.semrush.com/bot.html)"
66.249.66.210 - - [26/Apr/2022:20:29:42 +0200] "GET /kitchen-towel-chouchou-collection-p-54755.html HTTP/1.0" 200 73508 "-" "Mozilla/5.0 (Linux; Android 6.0.1; Nexus 5X Build/MMB29P) AppleWebKit/537.36 (KHTML, like Gecko) Chrome/100.0.4896.127 Mobile Safari/537.36 (compatible; Googlebot/2.1; +http://www.google.com/bot.html)"
54.36.148.243 - - [26/Apr/2022:20:29:52 +0200] "GET /heart-salt-lamp-about-p-57807.html HTTP/1.0" 200 74751 "-" "Mozilla/5.0 (compatible; AhrefsBot/7.0; +http://ahrefs.com/robot/)"
185.191.171.15 - - [26/Apr/2022:20:30:04 +0200] "GET /sweet-black-women-shirt-p-30997.html HTTP/1.0" 200 75441 "-" "Mozilla/5.0 (compatible; SemrushBot/7~bl; +http://www.semrush.com/bot.html)"
185.191.171.10 - - [26/Apr/2022:20:30:21 +0200] "GET /dog-bowls-au-petit-bonheur-p-32208.html HTTP/1.0" 301 70978 "-" "Mozilla/5.0 (compatible; SemrushBot/7~bl; +http://www.semrush.com/bot.html)"
185.191.171.10 - - [26/Apr/2022:20:30:24 +0200] "GET /bowls-petit-bonheur-p-32208.html HTTP/1.0" 200 70892 "-" "Mozilla/5.0 (compatible; SemrushBot/7~bl; +http://www.semrush.com/bot.html)"
66.249.66.210 - - [26/Apr/2022:20:30:30 +0200] "GET /large-decorative-bell-gold-metal-p-56600.html HTTP/1.0" 200 74457 "-" "Mozilla/5.0 (Linux; Android 6.0.1; Nexus 5X Build/MMB29P) AppleWebKit/537.36 (KHTML, like Gecko) Chrome/100.0.4896.127 Mobile Safari/537.36 (compatible; Googlebot/2.1; +http://www.google.com/bot.html)"
40.64.89.158 - - [26/Apr/2022:20:30:42 +0200] "GET /images/mini_prod/3609810065062.jpg HTTP/1.0" 200 269 "-" "Mozilla/4.0 (compatible; MSIE 7.0; Windows NT 6.0)"
185.191.171.17 - - [26/Apr/2022:20:30:56 +0200] "GET /rhinoceros-white-women-shirt-p-33800.html HTTP/1.0" 200 75759 "-" "Mozilla/5.0 (compatible; SemrushBot/7~bl; +http://www.semrush.com/bot.html)"
23.100.232.233 - - [26/Apr/2022:20:31:08 +0200] "GET /disney-descendants-small-suitcase-p-33687.html HTTP/1.0" 200 70964 "-" "Mozilla/5.0 (compatible; MSIE 9.0; Windows NT 6.0; Trident/5.0;  Trident/5.0)"
23.100.232.233 - - [26/Apr/2022:20:31:10 +0200] "GET /templates/Pixame_v1/stylesheet.css HTTP/1.0" 200 267 "http://www.wonder-geek.com/disney-descendants-small-suitcase-p-33687.html" "Mozilla/5.0 (compatible; MSIE 9.0; Windows NT 6.0; Trident/5.0;  Trident/5.0)"
23.100.232.233 - - [26/Apr/2022:20:31:11 +0200] "GET /highslide/highslide.js HTTP/1.0" 200 262 "http://www.wonder-geek.com/disney-descendants-small-suitcase-p-33687.html" "Mozilla/5.0 (compatible; MSIE 9.0; Windows NT 6.0; Trident/5.0;  Trident/5.0)"
23.100.232.233 - - [26/Apr/2022:20:31:11 +0200] "GET /js/jquery.js HTTP/1.0" 200 252 "http://www.wonder-geek.com/disney-descendants-small-suitcase-p-33687.html" "Mozilla/5.0 (compatible; MSIE 9.0; Windows NT 6.0; Trident/5.0;  Trident/5.0)"
23.100.232.233 - - [26/Apr/2022:20:31:11 +0200] "GET /mondial_relay/js/jquery-1.3.2.min.js HTTP/1.0" 200 276 "http://www.wonder-geek.com/disney-descendants-small-suitcase-p-33687.html" "Mozilla/5.0 (compatible; MSIE 9.0; Windows NT 6.0; Trident/5.0;  Trident/5.0)"
23.100.232.233 - - [26/Apr/2022:20:31:11 +0200] "GET /js/jquery.jqzoom.js HTTP/1.0" 200 259 "http://www.wonder-geek.com/disney-descendants-small-suitcase-p-33687.html" "Mozilla/5.0 (compatible; MSIE 9.0; Windows NT 6.0; Trident/5.0;  Trident/5.0)"
23.100.232.233 - - [26/Apr/2022:20:31:12 +0200] "GET /style.ie7.css HTTP/1.0" 404 1308 "http://www.wonder-geek.com/disney-descendants-small-suitcase-p-33687.html" "Mozilla/5.0 (compatible; MSIE 9.0; Windows NT 6.0; Trident/5.0;  Trident/5.0)"
23.100.232.233 - - [26/Apr/2022:20:31:12 +0200] "GET /swfobject.js HTTP/1.0" 404 1308 "http://www.wonder-geek.com/disney-descendants-small-suitcase-p-33687.html" "Mozilla/5.0 (compatible; MSIE 9.0; Windows NT 6.0; Trident/5.0;  Trident/5.0)"
54.36.148.243 - - [26/Apr/2022:20:31:08 +0200] "GET /water-bottles-sport-bottles-c-12_161.html?page=3 HTTP/1.0" 200 95346 "-" "Mozilla/5.0 (compatible; AhrefsBot/7.0; +http://ahrefs.com/robot/)"
23.100.232.233 - - [26/Apr/2022:20:31:13 +0200] "GET /templates/Pixame_v1/images/flash.swf HTTP/1.0" 200 290 "http://www.wonder-geek.com/disney-descendants-small-suitcase-p-33687.html" "Mozilla/5.0 (compatible; MSIE 9.0; Windows NT 6.0; Trident/5.0;  Trident/5.0)"
23.100.232.233 - - [26/Apr/2022:20:31:13 +0200] "GET /highslide/graphics/zoomout.cur HTTP/1.0" 200 614 "http://www.wonder-geek.com/disney-descendants-small-suitcase-p-33687.html" "Mozilla/5.0 (compatible; MSIE 9.0; Windows NT 6.0; Trident/5.0;  Trident/5.0)"
47.254.91.80 - - [26/Apr/2022:20:31:14 +0200] "GET /images/mini_prod/5051276388168.jpg HTTP/1.0" 200 269 "-" "Mozilla/5.0 (X11; Ubuntu; Linux x86_64; rv:72.0) Gecko/20100101 Firefox/72.0"
66.249.66.214 - - [26/Apr/2022:20:31:18 +0200] "GET /wall-lights-c-86_281.html HTTP/1.0" 200 80748 "-" "Mozilla/5.0 (Linux; Android 6.0.1; Nexus 5X Build/MMB29P) AppleWebKit/537.36 (KHTML, like Gecko) Chrome/100.0.4896.127 Mobile Safari/537.36 (compatible; Googlebot/2.1; +http://www.google.com/bot.html)"
185.191.171.25 - - [26/Apr/2022:20:31:22 +0200] "GET /amethyst-and-salt-lamp-p-50903.html HTTP/1.0" 301 75982 "-" "Mozilla/5.0 (compatible; SemrushBot/7~bl; +http://www.semrush.com/bot.html)"
185.191.171.24 - - [26/Apr/2022:20:31:25 +0200] "GET /amethyst-salt-lamp-p-50903.html HTTP/1.0" 200 75897 "-" "Mozilla/5.0 (compatible; SemrushBot/7~bl; +http://www.semrush.com/bot.html)"
157.55.39.105 - - [26/Apr/2022:20:31:39 +0200] "GET /-p-32757.html HTTP/1.0" 200 70808 "-" "Mozilla/5.0 (compatible; bingbot/2.0; +http://www.bing.com/bingbot.htm)"
40.64.89.158 - - [26/Apr/2022:20:31:47 +0200] "GET /images/mini_prod/1399984283950.jpg HTTP/1.0" 200 269 "-" "Mozilla/5.0 (Windows NT 10.0; ) Gecko/20100101 Firefox/61.0"
40.77.167.0 - - [26/Apr/2022:20:31:59 +0200] "GET /-p-30968.html HTTP/1.0" 200 70808 "-" "Mozilla/5.0 (compatible; bingbot/2.0; +http://www.bing.com/bingbot.htm)"
54.36.148.55 - - [26/Apr/2022:20:32:03 +0200] "GET /rock-candle-70-hours-black-p-42103.html HTTP/1.0" 301 73692 "-" "Mozilla/5.0 (compatible; AhrefsBot/7.0; +http://ahrefs.com/robot/)"
54.36.148.243 - - [26/Apr/2022:20:32:04 +0200] "GET /water-bottles-sport-bottles-c-12_161.html?page=2 HTTP/1.0" 200 94790 "-" "Mozilla/5.0 (compatible; AhrefsBot/7.0; +http://ahrefs.com/robot/)"
66.249.66.210 - - [26/Apr/2022:20:32:06 +0200] "GET /piggy-bank-multicolored-p-54865.html HTTP/1.0" 200 74603 "-" "Mozilla/5.0 (Linux; Android 6.0.1; Nexus 5X Build/MMB29P) AppleWebKit/537.36 (KHTML, like Gecko) Chrome/100.0.4896.127 Mobile Safari/537.36 (compatible; Googlebot/2.1; +http://www.google.com/bot.html)"
51.68.224.127 - - [26/Apr/2022:20:32:28 +0200] "GET /adminweb/export_orders_xml.php?token=256de2z6edz6ed2z6DFSFsed2zed6zeDSFDSGdzedezfzf&maxorders=10&orderstart=1&status=14&start_date=2018-10-01 HTTP/1.0" 200 285 "-" "GesCom CharlotteBoutik Serveur"
51.68.224.127 - - [26/Apr/2022:20:32:28 +0200] "GET /adminweb/export_orders_xml.php?token=256de2z6edz6ed2z6DFSFsed2zed6zeDSFDSGdzedezfzf&maxorders=10&orderstart=1&status=6&start_date=2018-10-01 HTTP/1.0" 200 32798 "-" "GesCom CharlotteBoutik Serveur"
185.191.171.9 - - [26/Apr/2022:20:32:33 +0200] "GET /decorative-metal-bell-with-rope-p-41462.html?action=add_product HTTP/1.0" 302 476 "-" "Mozilla/5.0 (compatible; SemrushBot/7~bl; +http://www.semrush.com/bot.html)"
185.191.171.26 - - [26/Apr/2022:20:32:35 +0200] "GET /calimero-bowl-p-25902.html HTTP/1.0" 200 73299 "-" "Mozilla/5.0 (compatible; SemrushBot/7~bl; +http://www.semrush.com/bot.html)"
66.249.66.212 - - [26/Apr/2022:20:32:55 +0200] "GET /france-keychain-family-p-57387.html HTTP/1.0" 200 75078 "-" "Mozilla/5.0 (compatible; Googlebot/2.1; +http://www.google.com/bot.html)"
54.36.148.243 - - [26/Apr/2022:20:33:03 +0200] "GET /water-bottles-sport-bottles-c-12_161.html?page=8 HTTP/1.0" 200 95779 "-" "Mozilla/5.0 (compatible; AhrefsBot/7.0; +http://ahrefs.com/robot/)"
66.249.66.210 - - [26/Apr/2022:20:33:43 +0200] "GET /cotton-floor-cushion-light-pink-p-43508.html HTTP/1.0" 200 74140 "-" "Mozilla/5.0 (Linux; Android 6.0.1; Nexus 5X Build/MMB29P) AppleWebKit/537.36 (KHTML, like Gecko) Chrome/100.0.4896.127 Mobile Safari/537.36 (compatible; Googlebot/2.1; +http://www.google.com/bot.html)"
54.36.148.243 - - [26/Apr/2022:20:33:59 +0200] "GET /specials.php?page=28 HTTP/1.0" 200 124730 "-" "Mozilla/5.0 (compatible; AhrefsBot/7.0; +http://ahrefs.com/robot/)"
66.249.66.212 - - [26/Apr/2022:20:34:27 +0200] "GET /robocar-poli-moving-p-32409.html HTTP/1.0" 200 73622 "-" "Mozilla/5.0 (compatible; Googlebot/2.1; +http://www.google.com/bot.html)"
185.191.171.21 - - [26/Apr/2022:20:34:28 +0200] "GET /domo-frankunstein-shirt-p-29504.html HTTP/1.0" 200 74866 "-" "Mozilla/5.0 (compatible; SemrushBot/7~bl; +http://www.semrush.com/bot.html)"
66.249.66.212 - - [26/Apr/2022:20:34:31 +0200] "GET /cotton-floor-cushion-grey-p-43507.html HTTP/1.0" 200 74098 "-" "Mozilla/5.0 (Linux; Android 6.0.1; Nexus 5X Build/MMB29P) AppleWebKit/537.36 (KHTML, like Gecko) Chrome/100.0.4896.127 Mobile Safari/537.36 (compatible; Googlebot/2.1; +http://www.google.com/bot.html)"
66.249.66.210 - - [26/Apr/2022:20:34:43 +0200] "GET /robocar-poli-moving-p-32409.html HTTP/1.0" 200 73622 "-" "Mozilla/5.0 (compatible; Googlebot/2.1; +http://www.google.com/bot.html)"
66.249.66.210 - - [26/Apr/2022:20:34:45 +0200] "GET /highslide/highslide.js HTTP/1.0" 200 262 "http://www.wonder-geek.com/robocar-poli-moving-p-32409.html" "Mozilla/5.0 (compatible; Googlebot/2.1; +http://www.google.com/bot.html)"
66.249.66.210 - - [26/Apr/2022:20:34:46 +0200] "GET /mondial_relay/js/jquery-1.3.2.min.js HTTP/1.0" 200 276 "http://www.wonder-geek.com/robocar-poli-moving-p-32409.html" "Mozilla/5.0 (compatible; Googlebot/2.1; +http://www.google.com/bot.html)"
66.249.66.210 - - [26/Apr/2022:20:34:48 +0200] "GET /js/jquery.js HTTP/1.0" 200 252 "http://www.wonder-geek.com/robocar-poli-moving-p-32409.html" "Mozilla/5.0 (compatible; Googlebot/2.1; +http://www.google.com/bot.html)"
66.249.66.210 - - [26/Apr/2022:20:34:49 +0200] "GET /js/jquery.jqzoom.js HTTP/1.0" 200 259 "http://www.wonder-geek.com/robocar-poli-moving-p-32409.html" "Mozilla/5.0 (compatible; Googlebot/2.1; +http://www.google.com/bot.html)"
66.249.66.210 - - [26/Apr/2022:20:34:50 +0200] "GET /swfobject.js HTTP/1.0" 404 1308 "http://www.wonder-geek.com/robocar-poli-moving-p-32409.html" "Mozilla/5.0 (compatible; Googlebot/2.1; +http://www.google.com/bot.html)"
185.191.171.12 - - [26/Apr/2022:20:34:57 +0200] "GET /clock-chats-dubout-p-47145.html?action=add_product HTTP/1.0" 302 476 "-" "Mozilla/5.0 (compatible; SemrushBot/7~bl; +http://www.semrush.com/bot.html)"
40.64.89.158 - - [26/Apr/2022:20:34:57 +0200] "GET /images/mini_prod/3609810071988.jpg HTTP/1.0" 200 269 "-" "Mozilla/5.0 (X11; Linux x86_64) AppleWebKit/537.36 (KHTML, like Gecko) Chrome/62.0.3202.62 Safari/537.36"
54.36.148.243 - - [26/Apr/2022:20:34:57 +0200] "GET /specials.php?page=25 HTTP/1.0" 200 124749 "-" "Mozilla/5.0 (compatible; AhrefsBot/7.0; +http://ahrefs.com/robot/)"
185.191.171.26 - - [26/Apr/2022:20:34:59 +0200] "GET /small-baby-teeth-p-55159.html HTTP/1.0" 200 74143 "-" "Mozilla/5.0 (compatible; SemrushBot/7~bl; +http://www.semrush.com/bot.html)"
54.36.148.211 - - [26/Apr/2022:20:35:13 +0200] "GET /shadocks-wallet-p-16966.html HTTP/1.0" 301 70875 "-" "Mozilla/5.0 (compatible; AhrefsBot/7.0; +http://ahrefs.com/robot/)"
185.191.171.45 - - [26/Apr/2022:20:35:14 +0200] "GET /brown-lampshade-p-54837.html?action=add_product HTTP/1.0" 302 476 "-" "Mozilla/5.0 (compatible; SemrushBot/7~bl; +http://www.semrush.com/bot.html)"
66.249.66.210 - - [26/Apr/2022:20:35:19 +0200] "GET /wooden-sticker-strips-p-54620.html HTTP/1.0" 200 74567 "-" "Mozilla/5.0 (Linux; Android 6.0.1; Nexus 5X Build/MMB29P) AppleWebKit/537.36 (KHTML, like Gecko) Chrome/100.0.4896.127 Mobile Safari/537.36 (compatible; Googlebot/2.1; +http://www.google.com/bot.html)"
185.191.171.37 - - [26/Apr/2022:20:35:27 +0200] "GET /home-and-decoration-c-13.html?page=16 HTTP/1.0" 301 92820 "-" "Mozilla/5.0 (compatible; SemrushBot/7~bl; +http://www.semrush.com/bot.html)"
185.191.171.24 - - [26/Apr/2022:20:35:31 +0200] "GET /home-decoration-c-13.html?page=16 HTTP/1.0" 200 92733 "-" "Mozilla/5.0 (compatible; SemrushBot/7~bl; +http://www.semrush.com/bot.html)"
40.91.75.132 - - [26/Apr/2022:20:35:38 +0200] "GET /images/mini_prod/3701276594732.jpg HTTP/1.0" 200 269 "-" "Mozilla/5.0 (Windows NT 6.1; WOW64) AppleWebKit/537.36 (KHTML, like Gecko) Chrome/45.0.2454.101 Safari/537.36"
54.36.148.243 - - [26/Apr/2022:20:35:59 +0200] "GET /specials.php?page=26 HTTP/1.0" 200 124388 "-" "Mozilla/5.0 (compatible; AhrefsBot/7.0; +http://ahrefs.com/robot/)"
185.191.171.6 - - [26/Apr/2022:20:36:02 +0200] "GET /sentiment-tea-towel-kitchen-towel-70-35-cm-p-43622.html HTTP/1.0" 301 74321 "-" "Mozilla/5.0 (compatible; SemrushBot/7~bl; +http://www.semrush.com/bot.html)"
185.191.171.12 - - [26/Apr/2022:20:36:05 +0200] "GET /sentiment-towel-kitchen-towel-p-43622.html HTTP/1.0" 200 74225 "-" "Mozilla/5.0 (compatible; SemrushBot/7~bl; +http://www.semrush.com/bot.html)"
66.249.66.210 - - [26/Apr/2022:20:36:07 +0200] "GET /glass-ashtray-p-55741.html HTTP/1.0" 200 73462 "-" "Mozilla/5.0 (Linux; Android 6.0.1; Nexus 5X Build/MMB29P) AppleWebKit/537.36 (KHTML, like Gecko) Chrome/100.0.4896.127 Mobile Safari/537.36 (compatible; Googlebot/2.1; +http://www.google.com/bot.html)"
185.191.171.5 - - [26/Apr/2022:20:36:45 +0200] "GET /cats-flowers-large-glass-sold-individually-p-45627.html?action=add_product HTTP/1.0" 302 476 "-" "Mozilla/5.0 (compatible; SemrushBot/7~bl; +http://www.semrush.com/bot.html)"
54.36.148.243 - - [26/Apr/2022:20:36:51 +0200] "GET /specials.php?page=24 HTTP/1.0" 200 124506 "-" "Mozilla/5.0 (compatible; AhrefsBot/7.0; +http://ahrefs.com/robot/)"
66.249.66.210 - - [26/Apr/2022:20:36:55 +0200] "GET /elfie-phosphorescent-polar-plaid-p-51607.html HTTP/1.0" 200 73544 "-" "Mozilla/5.0 (Linux; Android 6.0.1; Nexus 5X Build/MMB29P) AppleWebKit/537.36 (KHTML, like Gecko) Chrome/100.0.4896.127 Mobile Safari/537.36 (compatible; Googlebot/2.1; +http://www.google.com/bot.html)"
20.99.154.172 - - [26/Apr/2022:20:37:20 +0200] "GET /images/mini_prod/DSCN126402072012.jpg HTTP/1.0" 200 272 "-" "Mozilla/5.0 (Windows NT 10.0; WOW64) AppleWebKit/537.36 (KHTML, like Gecko) Chrome/67.0.3396.99 Safari/537.36"
66.249.66.214 - - [26/Apr/2022:20:37:43 +0200] "GET /white-teddy-bear-lamp-p-34701.html HTTP/1.0" 200 70894 "-" "Mozilla/5.0 (Linux; Android 6.0.1; Nexus 5X Build/MMB29P) AppleWebKit/537.36 (KHTML, like Gecko) Chrome/100.0.4896.127 Mobile Safari/537.36 (compatible; Googlebot/2.1; +http://www.google.com/bot.html)"
54.36.148.243 - - [26/Apr/2022:20:37:54 +0200] "GET /specials.php?page=23 HTTP/1.0" 200 124951 "-" "Mozilla/5.0 (compatible; AhrefsBot/7.0; +http://ahrefs.com/robot/)"
185.191.171.23 - - [26/Apr/2022:20:37:59 +0200] "GET /beatles-box-p-4132.html HTTP/1.0" 301 70917 "-" "Mozilla/5.0 (compatible; SemrushBot/7~bl; +http://www.semrush.com/bot.html)"
185.191.171.6 - - [26/Apr/2022:20:38:03 +0200] "GET /beatles-p-4132.html HTTP/1.0" 200 70844 "-" "Mozilla/5.0 (compatible; SemrushBot/7~bl; +http://www.semrush.com/bot.html)"
66.249.66.214 - - [26/Apr/2022:20:38:31 +0200] "GET /fitted-sheet-cotton-percale-threads-p-51251.html HTTP/1.0" 200 73768 "-" "Mozilla/5.0 (Linux; Android 6.0.1; Nexus 5X Build/MMB29P) AppleWebKit/537.36 (KHTML, like Gecko) Chrome/100.0.4896.127 Mobile Safari/537.36 (compatible; Googlebot/2.1; +http://www.google.com/bot.html)"
185.191.171.36 - - [26/Apr/2022:20:38:41 +0200] "GET /breakfast-board-bang-tassen-made-germany-p-57147.html?action=add_product HTTP/1.0" 302 476 "-" "Mozilla/5.0 (compatible; SemrushBot/7~bl; +http://www.semrush.com/bot.html)"
77.88.5.208 - - [26/Apr/2022:20:38:41 +0200] "GET /salt-pepper-shaker-sets-c-12_160.html?page=3 HTTP/1.0" 200 91991 "-" "Mozilla/5.0 (compatible; YandexBot/3.0; +http://yandex.com/bots)"
185.191.171.36 - - [26/Apr/2022:20:38:52 +0200] "GET /tania-velvet-chair-cushion-green-p-49353.html HTTP/1.0" 200 74421 "-" "Mozilla/5.0 (compatible; SemrushBot/7~bl; +http://www.semrush.com/bot.html)"
54.36.148.243 - - [26/Apr/2022:20:38:52 +0200] "GET /incense-c-231_226.html?page=5 HTTP/1.0" 200 92351 "-" "Mozilla/5.0 (compatible; AhrefsBot/7.0; +http://ahrefs.com/robot/)"
54.36.148.200 - - [26/Apr/2022:20:39:06 +0200] "GET /we-can-all-shine-gorjuss-trinket-tin-box-p-22766.html HTTP/1.0" 301 70875 "-" "Mozilla/5.0 (compatible; AhrefsBot/7.0; +http://ahrefs.com/robot/)"
54.36.148.139 - - [26/Apr/2022:20:39:08 +0200] "GET /norma-jeane-towel-90-170-cm-p-39106.html HTTP/1.0" 301 73569 "-" "Mozilla/5.0 (compatible; AhrefsBot/7.0; +http://ahrefs.com/robot/)"
66.249.66.214 - - [26/Apr/2022:20:39:19 +0200] "GET /dubout-cats-paris-shoulder-bag-p-34472.html HTTP/1.0" 301 71003 "-" "Mozilla/5.0 (compatible; Googlebot/2.1; +http://www.google.com/bot.html)"
66.249.66.210 - - [26/Apr/2022:20:39:21 +0200] "GET /dubout-cats-paris-shoulder-p-34472.html HTTP/1.0" 200 70910 "-" "Mozilla/5.0 (compatible; Googlebot/2.1; +http://www.google.com/bot.html)"
185.191.171.23 - - [26/Apr/2022:20:39:34 +0200] "GET /decorative-tortoise-statue-27-20-10-cm-p-44670.html HTTP/1.0" 301 73697 "-" "Mozilla/5.0 (compatible; SemrushBot/7~bl; +http://www.semrush.com/bot.html)"
40.91.78.237 - - [26/Apr/2022:20:39:38 +0200] "GET /images/mini_prod/1384010184172.jpg HTTP/1.0" 200 269 "-" "Mozilla/5.0 (Windows NT 10.0; WOW64) AppleWebKit/537.36 (KHTML, like Gecko) Chrome/68.0.3440.106 Safari/537.36"
185.191.171.24 - - [26/Apr/2022:20:39:38 +0200] "GET /decorative-tortoise-statue-p-44670.html HTTP/1.0" 200 73604 "-" "Mozilla/5.0 (compatible; SemrushBot/7~bl; +http://www.semrush.com/bot.html)"
185.191.171.37 - - [26/Apr/2022:20:39:41 +0200] "GET /matryoshka-high-ceramic-p-29688.html?action=add_product HTTP/1.0" 302 476 "-" "Mozilla/5.0 (compatible; SemrushBot/7~bl; +http://www.semrush.com/bot.html)"
54.36.148.243 - - [26/Apr/2022:20:39:50 +0200] "GET /specials.php?page=22 HTTP/1.0" 200 124712 "-" "Mozilla/5.0 (compatible; AhrefsBot/7.0; +http://ahrefs.com/robot/)"
54.36.148.147 - - [26/Apr/2022:20:40:02 +0200] "GET /chair-cushion-40-cm-p-52165.html HTTP/1.0" 301 73511 "-" "Mozilla/5.0 (compatible; AhrefsBot/7.0; +http://ahrefs.com/robot/)"
77.88.5.237 - - [26/Apr/2022:20:40:03 +0200] "GET /chief-cbkreation-p-40612.html HTTP/1.0" 200 73390 "-" "Mozilla/5.0 (compatible; YandexBot/3.0; +http://yandex.com/bots)"
66.249.66.214 - - [26/Apr/2022:20:40:07 +0200] "GET /double-round-metal-mirror-golden-look-p-52463.html HTTP/1.0" 200 70970 "-" "Mozilla/5.0 (Linux; Android 6.0.1; Nexus 5X Build/MMB29P) AppleWebKit/537.36 (KHTML, like Gecko) Chrome/100.0.4896.127 Mobile Safari/537.36 (compatible; Googlebot/2.1; +http://www.google.com/bot.html)"
54.36.148.243 - - [26/Apr/2022:20:40:46 +0200] "GET /soap-dish-famants-camargue-cast-iron-p-45764.html HTTP/1.0" 200 73575 "-" "Mozilla/5.0 (compatible; AhrefsBot/7.0; +http://ahrefs.com/robot/)"
66.249.66.212 - - [26/Apr/2022:20:40:55 +0200] "GET /beely-bedclothes-p-52086.html HTTP/1.0" 200 73479 "-" "Mozilla/5.0 (Linux; Android 6.0.1; Nexus 5X Build/MMB29P) AppleWebKit/537.36 (KHTML, like Gecko) Chrome/100.0.4896.127 Mobile Safari/537.36 (compatible; Googlebot/2.1; +http://www.google.com/bot.html)"
185.191.171.7 - - [26/Apr/2022:20:40:57 +0200] "GET /cars-disney-birthday-3d-card-with-envelope-p-34430.html HTTP/1.0" 301 71109 "-" "Mozilla/5.0 (compatible; SemrushBot/7~bl; +http://www.semrush.com/bot.html)"
185.191.171.6 - - [26/Apr/2022:20:41:00 +0200] "GET /cars-disney-birthday-card-with-envelope-p-34430.html HTTP/1.0" 200 71003 "-" "Mozilla/5.0 (compatible; SemrushBot/7~bl; +http://www.semrush.com/bot.html)"
185.191.171.3 - - [26/Apr/2022:20:41:11 +0200] "GET /kimmidoll-collection-p-46115.html?action=add_product HTTP/1.0" 302 476 "-" "Mozilla/5.0 (compatible; SemrushBot/7~bl; +http://www.semrush.com/bot.html)"
77.88.5.208 - - [26/Apr/2022:20:41:15 +0200] "GET /volkswagen-bully-metal-plate-p-37151.html HTTP/1.0" 200 73642 "-" "Mozilla/5.0 (compatible; YandexBot/3.0; +http://yandex.com/bots)"
104.28.242.51 - - [26/Apr/2022:20:41:26 +0200] "GET / HTTP/1.1" 301 513 "-" "Mozilla/5.0 (Macintosh; Intel Mac OS X 10_15_7) AppleWebKit/537.36 (KHTML, like Gecko) Chrome/96.0.4664.110 Safari/537.36"
209.141.36.231 - - [26/Apr/2022:20:41:28 +0200] "GET / HTTP/1.0" 200 151290 "http://wonder-geek.com:7080" "Mozilla/5.0 (Macintosh; Intel Mac OS X 10_15_7) AppleWebKit/537.36 (KHTML, like Gecko) Chrome/96.0.4664.110 Safari/537.36"
205.185.116.89 - - [26/Apr/2022:20:41:28 +0200] "GET / HTTP/1.1" 200 151725 "-" "Mozilla/5.0 (Macintosh; Intel Mac OS X 10_15_7) AppleWebKit/537.36 (KHTML, like Gecko) Chrome/96.0.4664.110 Safari/537.36"
101.227.1.199 - - [26/Apr/2022:20:41:35 +0200] "GET / HTTP/1.1" 301 513 "-" "Mozilla/5.0 (Macintosh; Intel Mac OS X 11_0_0) AppleWebKit/537.36 (KHTML, like Gecko) Chrome/87.0.4280.88 Safari/537.36"
185.191.171.8 - - [26/Apr/2022:20:41:37 +0200] "GET /ladie-miracles-prayer-candle-novena-p-51638.html?action=add_product HTTP/1.0" 302 476 "-" "Mozilla/5.0 (compatible; SemrushBot/7~bl; +http://www.semrush.com/bot.html)"
101.227.1.199 - - [26/Apr/2022:20:41:37 +0200] "GET / HTTP/1.0" 200 151263 "-" "Mozilla/5.0 (Macintosh; Intel Mac OS X 11_0_0) AppleWebKit/537.36 (KHTML, like Gecko) Chrome/87.0.4280.88 Safari/537.36"
111.7.100.16 - - [26/Apr/2022:20:41:41 +0200] "GET /highslide/highslide.js HTTP/1.0" 200 262 "http://www.wonder-geek.com:7080/" "Mozilla/5.0 (Macintosh; Intel Mac OS X 11_0_0) AppleWebKit/537.36 (KHTML, like Gecko) Chrome/87.0.4280.88 Safari/537.36"
111.7.100.16 - - [26/Apr/2022:20:41:41 +0200] "GET /js/jquery.js HTTP/1.0" 200 252 "http://www.wonder-geek.com:7080/" "Mozilla/5.0 (Macintosh; Intel Mac OS X 11_0_0) AppleWebKit/537.36 (KHTML, like Gecko) Chrome/87.0.4280.88 Safari/537.36"
111.7.100.17 - - [26/Apr/2022:20:41:41 +0200] "GET /mondial_relay/js/jquery-1.3.2.min.js HTTP/1.0" 200 276 "http://www.wonder-geek.com:7080/" "Mozilla/5.0 (Macintosh; Intel Mac OS X 11_0_0) AppleWebKit/537.36 (KHTML, like Gecko) Chrome/87.0.4280.88 Safari/537.36"
111.7.100.17 - - [26/Apr/2022:20:41:41 +0200] "GET /js/jquery.jqzoom.js HTTP/1.0" 200 259 "http://www.wonder-geek.com:7080/" "Mozilla/5.0 (Macintosh; Intel Mac OS X 11_0_0) AppleWebKit/537.36 (KHTML, like Gecko) Chrome/87.0.4280.88 Safari/537.36"
111.7.100.17 - - [26/Apr/2022:20:41:38 +0200] "GET / HTTP/1.1" 500 73454 "-" "Mozilla/5.0 (Macintosh; Intel Mac OS X 11_0_0) AppleWebKit/537.36 (KHTML, like Gecko) Chrome/87.0.4280.88 Safari/537.36"
101.227.1.199 - - [26/Apr/2022:20:41:42 +0200] "GET /js/jquery.jqzoom.js HTTP/1.0" 200 259 "http://www.wonder-geek.com/" "Mozilla/5.0 (Macintosh; Intel Mac OS X 11_0_0) AppleWebKit/537.36 (KHTML, like Gecko) Chrome/87.0.4280.88 Safari/537.36"
101.227.1.198 - - [26/Apr/2022:20:41:42 +0200] "GET /js/jquery.js HTTP/1.0" 200 252 "http://www.wonder-geek.com/" "Mozilla/5.0 (Macintosh; Intel Mac OS X 11_0_0) AppleWebKit/537.36 (KHTML, like Gecko) Chrome/87.0.4280.88 Safari/537.36"
101.227.1.198 - - [26/Apr/2022:20:41:42 +0200] "GET /mondial_relay/js/jquery-1.3.2.min.js HTTP/1.0" 200 276 "http://www.wonder-geek.com/" "Mozilla/5.0 (Macintosh; Intel Mac OS X 11_0_0) AppleWebKit/537.36 (KHTML, like Gecko) Chrome/87.0.4280.88 Safari/537.36"
101.227.1.199 - - [26/Apr/2022:20:41:42 +0200] "GET /highslide/highslide.js HTTP/1.0" 200 262 "http://www.wonder-geek.com/" "Mozilla/5.0 (Macintosh; Intel Mac OS X 11_0_0) AppleWebKit/537.36 (KHTML, like Gecko) Chrome/87.0.4280.88 Safari/537.36"
101.227.1.199 - - [26/Apr/2022:20:41:43 +0200] "GET /swfobject.js HTTP/1.0" 404 1308 "http://www.wonder-geek.com/" "Mozilla/5.0 (Macintosh; Intel Mac OS X 11_0_0) AppleWebKit/537.36 (KHTML, like Gecko) Chrome/87.0.4280.88 Safari/537.36"
101.227.1.198 - - [26/Apr/2022:20:41:44 +0200] "GET /js/jquery.min.js HTTP/1.0" 404 1308 "http://www.wonder-geek.com/" "Mozilla/5.0 (Macintosh; Intel Mac OS X 11_0_0) AppleWebKit/537.36 (KHTML, like Gecko) Chrome/87.0.4280.88 Safari/537.36"
101.227.1.198 - - [26/Apr/2022:20:41:44 +0200] "GET /js/jquery.masonry.min.js HTTP/1.0" 200 264 "http://www.wonder-geek.com/" "Mozilla/5.0 (Macintosh; Intel Mac OS X 11_0_0) AppleWebKit/537.36 (KHTML, like Gecko) Chrome/87.0.4280.88 Safari/537.36"
101.227.1.198 - - [26/Apr/2022:20:41:44 +0200] "GET /swfobject.js HTTP/1.0" 404 1308 "http://www.wonder-geek.com/" "Mozilla/5.0 (Macintosh; Intel Mac OS X 11_0_0) AppleWebKit/537.36 (KHTML, like Gecko) Chrome/87.0.4280.88 Safari/537.36"
101.227.1.199 - - [26/Apr/2022:20:41:44 +0200] "GET /js/modernizr-transitions.js HTTP/1.0" 200 267 "http://www.wonder-geek.com/" "Mozilla/5.0 (Macintosh; Intel Mac OS X 11_0_0) AppleWebKit/537.36 (KHTML, like Gecko) Chrome/87.0.4280.88 Safari/537.36"
101.227.1.199 - - [26/Apr/2022:20:41:45 +0200] "GET /js/jquery.min.js HTTP/1.0" 404 1308 "http://www.wonder-geek.com/" "Mozilla/5.0 (Macintosh; Intel Mac OS X 11_0_0) AppleWebKit/537.36 (KHTML, like Gecko) Chrome/87.0.4280.88 Safari/537.36"
66.249.66.214 - - [26/Apr/2022:20:41:44 +0200] "GET /mushroom-shaped-night-light-p-56209.html HTTP/1.0" 200 74098 "-" "Mozilla/5.0 (Linux; Android 6.0.1; Nexus 5X Build/MMB29P) AppleWebKit/537.36 (KHTML, like Gecko) Chrome/100.0.4896.127 Mobile Safari/537.36 (compatible; Googlebot/2.1; +http://www.google.com/bot.html)"
209.141.41.193 - - [26/Apr/2022:20:41:47 +0200] "GET /favicon.ico HTTP/1.1" 301 535 "-" "Mozilla/5.0 (Macintosh; Intel Mac OS X 10_15_7) AppleWebKit/537.36 (KHTML, like Gecko) Chrome/96.0.4664.110 Safari/537.36"
205.185.122.184 - - [26/Apr/2022:20:41:48 +0200] "GET /favicon.ico HTTP/1.0" 200 260 "http://wonder-geek.com:7080/favicon.ico" "Mozilla/5.0 (Macintosh; Intel Mac OS X 10_15_7) AppleWebKit/537.36 (KHTML, like Gecko) Chrome/96.0.4664.110 Safari/537.36"
205.185.116.89 - - [26/Apr/2022:20:41:49 +0200] "GET /swfobject.js HTTP/1.0" 404 1308 "http://www.wonder-geek.com:7080/" "Mozilla/5.0 (Macintosh; Intel Mac OS X 11_0_0) AppleWebKit/537.36 (KHTML, like Gecko) Chrome/87.0.4280.88 Safari/537.36"
54.36.148.243 - - [26/Apr/2022:20:41:47 +0200] "GET /glass-cutting-board-cbkreation-p-51327.html HTTP/1.0" 200 73514 "-" "Mozilla/5.0 (compatible; AhrefsBot/7.0; +http://ahrefs.com/robot/)"
104.28.210.50 - - [26/Apr/2022:20:41:52 +0200] "GET /favicon.ico HTTP/1.1" 200 1871 "-" "Mozilla/5.0 (Macintosh; Intel Mac OS X 10_15_7) AppleWebKit/537.36 (KHTML, like Gecko) Chrome/96.0.4664.110 Safari/537.36"
66.249.66.212 - - [26/Apr/2022:20:42:32 +0200] "GET /strawberry-shortcake-pink-blue-swimsuit-p-30246.html HTTP/1.0" 200 74758 "-" "Mozilla/5.0 (Linux; Android 6.0.1; Nexus 5X Build/MMB29P) AppleWebKit/537.36 (KHTML, like Gecko) Chrome/100.0.4896.127 Mobile Safari/537.36 (compatible; Googlebot/2.1; +http://www.google.com/bot.html)"
185.191.171.40 - - [26/Apr/2022:20:42:33 +0200] "GET /ethnic-style-burlap-table-p-48448.html HTTP/1.0" 200 74034 "-" "Mozilla/5.0 (compatible; SemrushBot/7~bl; +http://www.semrush.com/bot.html)"
54.36.148.243 - - [26/Apr/2022:20:42:46 +0200] "GET /pets-rock-audrey-hairbrush-p-15943.html HTTP/1.0" 200 73496 "-" "Mozilla/5.0 (compatible; AhrefsBot/7.0; +http://ahrefs.com/robot/)"
66.249.66.210 - - [26/Apr/2022:20:43:20 +0200] "GET /harley-davidson-moneybox-p-52954.html HTTP/1.0" 200 73458 "-" "Mozilla/5.0 (Linux; Android 6.0.1; Nexus 5X Build/MMB29P) AppleWebKit/537.36 (KHTML, like Gecko) Chrome/100.0.4896.127 Mobile Safari/537.36 (compatible; Googlebot/2.1; +http://www.google.com/bot.html)"
185.191.171.5 - - [26/Apr/2022:20:43:20 +0200] "GET /moroccan-beige-ashtray-light-grey-stripes-p-44887.html HTTP/1.0" 301 70875 "-" "Mozilla/5.0 (compatible; SemrushBot/7~bl; +http://www.semrush.com/bot.html)"
185.191.171.5 - - [26/Apr/2022:20:43:26 +0200] "GET /-p-44887.html HTTP/1.0" 200 70808 "-" "Mozilla/5.0 (compatible; SemrushBot/7~bl; +http://www.semrush.com/bot.html)"
54.36.148.243 - - [26/Apr/2022:20:43:46 +0200] "GET /alarm-clock-kiss-klimt-p-46913.html HTTP/1.0" 200 73638 "-" "Mozilla/5.0 (compatible; AhrefsBot/7.0; +http://ahrefs.com/robot/)"
185.191.171.37 - - [26/Apr/2022:20:44:04 +0200] "GET /incense-burner-incense-holder-p-43937.html?action=add_product HTTP/1.0" 302 476 "-" "Mozilla/5.0 (compatible; SemrushBot/7~bl; +http://www.semrush.com/bot.html)"
66.249.66.214 - - [26/Apr/2022:20:44:08 +0200] "GET /stationery-cardmaking-c-129.html?page=24 HTTP/1.0" 200 92692 "-" "Mozilla/5.0 (Linux; Android 6.0.1; Nexus 5X Build/MMB29P) AppleWebKit/537.36 (KHTML, like Gecko) Chrome/100.0.4896.127 Mobile Safari/537.36 (compatible; Googlebot/2.1; +http://www.google.com/bot.html)"
157.55.39.101 - - [26/Apr/2022:20:44:18 +0200] "GET /glass-cutting-board-cbkreation-p-51279.html HTTP/1.0" 200 73514 "-" "Mozilla/5.0 (compatible; bingbot/2.0; +http://www.bing.com/bingbot.htm)"
185.191.171.38 - - [26/Apr/2022:20:44:27 +0200] "GET /retro-french-adult-apron-p-40734.html HTTP/1.0" 200 73458 "-" "Mozilla/5.0 (compatible; SemrushBot/7~bl; +http://www.semrush.com/bot.html)"
54.36.148.243 - - [26/Apr/2022:20:44:43 +0200] "GET /love-london-mouse-cbkreation-p-13921.html HTTP/1.0" 200 73492 "-" "Mozilla/5.0 (compatible; AhrefsBot/7.0; +http://ahrefs.com/robot/)"
20.72.199.130 - - [26/Apr/2022:20:44:46 +0200] "GET /images/mini_prod/1348422000543.jpg HTTP/1.0" 200 269 "-" "Mozilla/5.0 (Windows NT 6.1; WOW64) AppleWebKit/537.36 (KHTML, like Gecko) Chrome/45.0.2454.101 Safari/537.36"
66.249.66.212 - - [26/Apr/2022:20:44:56 +0200] "GET /stone-amethyst-sold-weight-grams-p-46544.html HTTP/1.0" 200 74481 "-" "Mozilla/5.0 (Linux; Android 6.0.1; Nexus 5X Build/MMB29P) AppleWebKit/537.36 (KHTML, like Gecko) Chrome/100.0.4896.127 Mobile Safari/537.36 (compatible; Googlebot/2.1; +http://www.google.com/bot.html)"
66.249.66.214 - - [26/Apr/2022:20:45:44 +0200] "GET /duvet-cover-side-linen-side-washed-cotton-p-54392.html HTTP/1.0" 200 74338 "-" "Mozilla/5.0 (Linux; Android 6.0.1; Nexus 5X Build/MMB29P) AppleWebKit/537.36 (KHTML, like Gecko) Chrome/100.0.4896.127 Mobile Safari/537.36 (compatible; Googlebot/2.1; +http://www.google.com/bot.html)"
54.36.148.243 - - [26/Apr/2022:20:45:57 +0200] "GET /tetsubin-black-teapot-japanese-liter-p-49427.html HTTP/1.0" 200 73787 "-" "Mozilla/5.0 (compatible; AhrefsBot/7.0; +http://ahrefs.com/robot/)"
40.64.89.33 - - [26/Apr/2022:20:46:10 +0200] "GET /images/mini_prod/5055071662638.jpg HTTP/1.0" 200 269 "-" "Mozilla/5.0 (Windows NT 10.0; WOW64) AppleWebKit/537.36 (KHTML, like Gecko) Chrome/67.0.3396.99 Safari/537.36"
216.244.66.242 - - [26/Apr/2022:20:46:11 +0200] "GET /robots.txt HTTP/1.0" 200 245 "-" "Mozilla/5.0 (compatible; DotBot/1.2; +https://opensiteexplorer.org/dotbot; help@moz.com)"
66.249.66.212 - - [26/Apr/2022:20:46:34 +0200] "GET /selenite-pyramid-p-46312.html HTTP/1.0" 200 73501 "-" "Mozilla/5.0 (Linux; Android 6.0.1; Nexus 5X Build/MMB29P) AppleWebKit/537.36 (KHTML, like Gecko) Chrome/100.0.4896.127 Mobile Safari/537.36 (compatible; Googlebot/2.1; +http://www.google.com/bot.html)"
185.191.171.34 - - [26/Apr/2022:20:46:39 +0200] "GET /luminous-guardian-angel-porcelain-moon-p-44968.html HTTP/1.0" 200 73637 "-" "Mozilla/5.0 (compatible; SemrushBot/7~bl; +http://www.semrush.com/bot.html)"
185.191.171.41 - - [26/Apr/2022:20:46:43 +0200] "GET /fragrances-of-ambiance-c-231.html?page=4 HTTP/1.0" 301 94906 "-" "Mozilla/5.0 (compatible; SemrushBot/7~bl; +http://www.semrush.com/bot.html)"
185.191.171.10 - - [26/Apr/2022:20:46:46 +0200] "GET /fragrances-ambiance-c-231.html?page=4 HTTP/1.0" 200 94815 "-" "Mozilla/5.0 (compatible; SemrushBot/7~bl; +http://www.semrush.com/bot.html)"
17.121.113.199 - - [26/Apr/2022:20:46:52 +0200] "GET /mtal-signs-c-13_130.html?page=11 HTTP/1.0" 200 96113 "-" "Mozilla/5.0 (Macintosh; Intel Mac OS X 10_15_5) AppleWebKit/605.1.15 (KHTML, like Gecko) Version/13.1.1 Safari/605.1.15 (Applebot/0.1; +http://www.apple.com/go/applebot)"
185.191.171.4 - - [26/Apr/2022:20:46:54 +0200] "GET /cats-large-soup-bowl-p-41628.html HTTP/1.0" 200 70899 "-" "Mozilla/5.0 (compatible; SemrushBot/7~bl; +http://www.semrush.com/bot.html)"
185.191.171.22 - - [26/Apr/2022:20:47:06 +0200] "GET /astro-round-wood-p-57887.html HTTP/1.0" 200 74398 "-" "Mozilla/5.0 (compatible; SemrushBot/7~bl; +http://www.semrush.com/bot.html)"
54.36.148.243 - - [26/Apr/2022:20:47:14 +0200] "GET /musical-jewelery-tutu-dancer-p-50833.html HTTP/1.0" 200 74608 "-" "Mozilla/5.0 (compatible; AhrefsBot/7.0; +http://ahrefs.com/robot/)"
66.249.66.212 - - [26/Apr/2022:20:47:20 +0200] "GET /route-logo-metal-magnet-p-8188.html HTTP/1.0" 200 73439 "-" "Mozilla/5.0 (Linux; Android 6.0.1; Nexus 5X Build/MMB29P) AppleWebKit/537.36 (KHTML, like Gecko) Chrome/100.0.4896.127 Mobile Safari/537.36 (compatible; Googlebot/2.1; +http://www.google.com/bot.html)"
20.99.154.189 - - [26/Apr/2022:20:47:36 +0200] "GET /images/mini_prod/8422002209403.jpg HTTP/1.0" 200 269 "-" "Mozilla/5.0 (Windows NT 10.0; WOW64) AppleWebKit/537.36 (KHTML, like Gecko) Chrome/68.0.3440.106 Safari/537.36"
20.72.199.130 - - [26/Apr/2022:20:47:53 +0200] "GET /images/mini_prod/8428551001451.jpg HTTP/1.0" 200 269 "-" "Mozilla/5.0 (Windows NT 6.1; WOW64) AppleWebKit/537.36 (KHTML, like Gecko) Chrome/45.0.2454.101 Safari/537.36"
185.191.171.41 - - [26/Apr/2022:20:47:59 +0200] "GET /marilyn-monroe-little-storage-p-5115.html HTTP/1.0" 200 74513 "-" "Mozilla/5.0 (compatible; SemrushBot/7~bl; +http://www.semrush.com/bot.html)"
77.88.5.208 - - [26/Apr/2022:20:48:04 +0200] "GET /klimt-little-tray-p-51679.html HTTP/1.0" 200 73470 "-" "Mozilla/5.0 (compatible; YandexBot/3.0; +http://yandex.com/bots)"
66.249.66.214 - - [26/Apr/2022:20:48:08 +0200] "GET /mickal-statue-polyresin-p-51746.html HTTP/1.0" 200 74408 "-" "Mozilla/5.0 (Linux; Android 6.0.1; Nexus 5X Build/MMB29P) AppleWebKit/537.36 (KHTML, like Gecko) Chrome/100.0.4896.127 Mobile Safari/537.36 (compatible; Googlebot/2.1; +http://www.google.com/bot.html)"
185.191.171.2 - - [26/Apr/2022:20:48:13 +0200] "GET /archangel-michael-statuette-p-48908.html?action=add_product HTTP/1.0" 302 476 "-" "Mozilla/5.0 (compatible; SemrushBot/7~bl; +http://www.semrush.com/bot.html)"
20.72.199.130 - - [26/Apr/2022:20:48:19 +0200] "GET /images/mini_prod/8718969000611.jpg HTTP/1.0" 200 269 "-" "Mozilla/5.0 (Windows NT 10.0; WOW64) AppleWebKit/537.36 (KHTML, like Gecko) Chrome/68.0.3440.106 Safari/537.36"
18.220.120.81 - - [26/Apr/2022:20:48:29 +0200] "GET /images/mini_prod/5036278062247.jpg HTTP/1.0" 200 269 "-" "Go-http-client/1.1"
157.55.39.172 - - [26/Apr/2022:20:48:35 +0200] "GET /-p-23889.html HTTP/1.0" 200 70808 "-" "Mozilla/5.0 (compatible; bingbot/2.0; +http://www.bing.com/bingbot.htm)"
54.36.148.243 - - [26/Apr/2022:20:48:40 +0200] "GET /since-1960-small-clock-p-55074.html HTTP/1.0" 200 73527 "-" "Mozilla/5.0 (compatible; AhrefsBot/7.0; +http://ahrefs.com/robot/)"
51.68.224.127 - - [26/Apr/2022:20:48:41 +0200] "GET /adminweb/export_orders_xml.php?token=256de2z6edz6ed2z6DFSFsed2zed6zeDSFDSGdzedezfzf&maxorders=10&orderstart=1&status=14&start_date=2018-10-01 HTTP/1.0" 200 285 "-" "GesCom CharlotteBoutik Serveur"
51.68.224.127 - - [26/Apr/2022:20:48:41 +0200] "GET /adminweb/export_orders_xml.php?token=256de2z6edz6ed2z6DFSFsed2zed6zeDSFDSGdzedezfzf&maxorders=10&orderstart=1&status=6&start_date=2018-10-01 HTTP/1.0" 200 32798 "-" "GesCom CharlotteBoutik Serveur"
77.88.5.208 - - [26/Apr/2022:20:48:45 +0200] "GET /huey-figurine-p-20561.html HTTP/1.0" 200 73471 "-" "Mozilla/5.0 (compatible; YandexBot/3.0; +http://yandex.com/bots)"
66.249.66.210 - - [26/Apr/2022:20:48:56 +0200] "GET /votive-candle-sweet-apple-treat-p-42613.html HTTP/1.0" 200 74139 "-" "Mozilla/5.0 (Linux; Android 6.0.1; Nexus 5X Build/MMB29P) AppleWebKit/537.36 (KHTML, like Gecko) Chrome/100.0.4896.127 Mobile Safari/537.36 (compatible; Googlebot/2.1; +http://www.google.com/bot.html)"
54.36.148.212 - - [26/Apr/2022:20:49:16 +0200] "GET /love-cats-tea-pot-p-37307.html HTTP/1.0" 301 70875 "-" "Mozilla/5.0 (compatible; AhrefsBot/7.0; +http://ahrefs.com/robot/)"
185.191.171.26 - - [26/Apr/2022:20:49:29 +0200] "GET /om-mug-p-43115.html HTTP/1.0" 200 73281 "-" "Mozilla/5.0 (compatible; SemrushBot/7~bl; +http://www.semrush.com/bot.html)"
66.249.66.210 - - [26/Apr/2022:20:49:44 +0200] "GET /make-planet-green-again-adult-apron-p-55852.html HTTP/1.0" 200 74195 "-" "Mozilla/5.0 (Linux; Android 6.0.1; Nexus 5X Build/MMB29P) AppleWebKit/537.36 (KHTML, like Gecko) Chrome/100.0.4896.127 Mobile Safari/537.36 (compatible; Googlebot/2.1; +http://www.google.com/bot.html)"
54.36.148.243 - - [26/Apr/2022:20:50:11 +0200] "GET /espresso-cups-bistro-p-49739.html HTTP/1.0" 200 73477 "-" "Mozilla/5.0 (compatible; AhrefsBot/7.0; +http://ahrefs.com/robot/)"
185.191.171.41 - - [26/Apr/2022:20:50:23 +0200] "GET /marseillaises-expressions-white-women-shirt-p-35574.html?action=add_product HTTP/1.0" 302 476 "-" "Mozilla/5.0 (compatible; SemrushBot/7~bl; +http://www.semrush.com/bot.html)"
113.207.6.244 - - [26/Apr/2022:20:50:27 +0200] "GET /images/mini_prod/1399984241806.jpg HTTP/1.0" 200 269 "-" "Mozilla/5.0 (X11; Ubuntu; Linux x86_64; rv:72.0) Gecko/20100101 Firefox/72.0"
66.249.66.210 - - [26/Apr/2022:20:50:32 +0200] "GET /postcard-with-envelope-p-48846.html HTTP/1.0" 200 73591 "-" "Mozilla/5.0 (Linux; Android 6.0.1; Nexus 5X Build/MMB29P) AppleWebKit/537.36 (KHTML, like Gecko) Chrome/100.0.4896.127 Mobile Safari/537.36 (compatible; Googlebot/2.1; +http://www.google.com/bot.html)"
185.191.171.2 - - [26/Apr/2022:20:50:35 +0200] "GET /parrot-figurine-perch-resin-p-55481.html HTTP/1.0" 200 73653 "-" "Mozilla/5.0 (compatible; SemrushBot/7~bl; +http://www.semrush.com/bot.html)"
185.191.171.37 - - [26/Apr/2022:20:50:50 +0200] "GET /washed-dyed-cotton-tablecloth-p-55049.html HTTP/1.0" 200 74312 "-" "Mozilla/5.0 (compatible; SemrushBot/7~bl; +http://www.semrush.com/bot.html)"
54.36.148.243 - - [26/Apr/2022:20:51:16 +0200] "GET /urss-mouse-cbkreation-p-13992.html HTTP/1.0" 200 73405 "-" "Mozilla/5.0 (compatible; AhrefsBot/7.0; +http://ahrefs.com/robot/)"
185.191.171.36 - - [26/Apr/2022:20:51:17 +0200] "GET /oriental-blue-resin-lamp-p-56427.html?action=add_product HTTP/1.0" 302 476 "-" "Mozilla/5.0 (compatible; SemrushBot/7~bl; +http://www.semrush.com/bot.html)"
23.100.232.233 - - [26/Apr/2022:20:51:19 +0200] "GET /marvel-spiderman-suitcase-p-28823.html HTTP/1.0" 301 70875 "-" "Mozilla/5.0 (compatible; MSIE 9.0; Windows NT 6.0; Trident/5.0;  Trident/5.0)"
23.100.232.233 - - [26/Apr/2022:20:51:21 +0200] "GET /-p-28823.html HTTP/1.0" 200 70808 "-" "Mozilla/5.0 (compatible; MSIE 9.0; Windows NT 6.0; Trident/5.0;  Trident/5.0)"
66.249.66.214 - - [26/Apr/2022:20:51:21 +0200] "GET /children-coat-hooks-foot-p-52557.html HTTP/1.0" 200 74396 "-" "Mozilla/5.0 (Linux; Android 6.0.1; Nexus 5X Build/MMB29P) AppleWebKit/537.36 (KHTML, like Gecko) Chrome/100.0.4896.127 Mobile Safari/537.36 (compatible; Googlebot/2.1; +http://www.google.com/bot.html)"
23.100.232.233 - - [26/Apr/2022:20:51:23 +0200] "GET /templates/Pixame_v1/stylesheet.css HTTP/1.0" 200 267 "http://www.wonder-geek.com/-p-28823.html" "Mozilla/5.0 (compatible; MSIE 9.0; Windows NT 6.0; Trident/5.0;  Trident/5.0)"
23.100.232.233 - - [26/Apr/2022:20:51:24 +0200] "GET /js/jquery.js HTTP/1.0" 200 252 "http://www.wonder-geek.com/-p-28823.html" "Mozilla/5.0 (compatible; MSIE 9.0; Windows NT 6.0; Trident/5.0;  Trident/5.0)"
23.100.232.233 - - [26/Apr/2022:20:51:24 +0200] "GET /highslide/highslide.js HTTP/1.0" 200 262 "http://www.wonder-geek.com/-p-28823.html" "Mozilla/5.0 (compatible; MSIE 9.0; Windows NT 6.0; Trident/5.0;  Trident/5.0)"
23.100.232.233 - - [26/Apr/2022:20:51:25 +0200] "GET /mondial_relay/js/jquery-1.3.2.min.js HTTP/1.0" 200 276 "http://www.wonder-geek.com/-p-28823.html" "Mozilla/5.0 (compatible; MSIE 9.0; Windows NT 6.0; Trident/5.0;  Trident/5.0)"
23.100.232.233 - - [26/Apr/2022:20:51:25 +0200] "GET /js/jquery.jqzoom.js HTTP/1.0" 200 259 "http://www.wonder-geek.com/-p-28823.html" "Mozilla/5.0 (compatible; MSIE 9.0; Windows NT 6.0; Trident/5.0;  Trident/5.0)"
