114.119.137.252 - - [26/Apr/2022:17:30:17 +0200] "GET /tisanire-cement-tiles-blue-p-52871.html HTTP/1.0" 200 70912 "-" "Mozilla/5.0 (Linux; Android 7.0;) AppleWebKit/537.36 (KHTML, like Gecko) Mobile Safari/537.36 (compatible; PetalBot;+https://webmaster.petalsearch.com/site/petalbot)"
20.102.48.54 - - [26/Apr/2022:17:30:17 +0200] "GET /good-point-c-13_150_151.html HTTP/1.0" 200 79961 "-" "Mozilla/5.0 (Windows NT 10.0; Win64; x64) AppleWebKit/537.36 (KHTML, like Gecko) Chrome/86.0.4240.75 Safari/537.36"
66.249.66.214 - - [26/Apr/2022:17:30:27 +0200] "GET /large-candle-cashmere-p-46016.html HTTP/1.0" 200 73901 "-" "Mozilla/5.0 (Linux; Android 6.0.1; Nexus 5X Build/MMB29P) AppleWebKit/537.36 (KHTML, like Gecko) Chrome/100.0.4896.127 Mobile Safari/537.36 (compatible; Googlebot/2.1; +http://www.google.com/bot.html)"
185.191.171.24 - - [26/Apr/2022:17:30:31 +0200] "GET /small-cool-lunch-tour-france-p-51683.html?action=add_product HTTP/1.0" 302 476 "-" "Mozilla/5.0 (compatible; SemrushBot/7~bl; +http://www.semrush.com/bot.html)"
20.102.48.54 - - [26/Apr/2022:17:30:41 +0200] "GET /cellar-slicer-sausage-c-12_252.html HTTP/1.0" 200 79607 "-" "Mozilla/5.0 (Windows NT 10.0; Win64; x64) AppleWebKit/537.36 (KHTML, like Gecko) Chrome/86.0.4240.75 Safari/537.36"
54.36.148.243 - - [26/Apr/2022:17:30:47 +0200] "GET /paris-isothermic-stainless-steel-bottle-p-54047.html HTTP/1.0" 200 73655 "-" "Mozilla/5.0 (compatible; AhrefsBot/7.0; +http://ahrefs.com/robot/)"
20.102.48.54 - - [26/Apr/2022:17:31:13 +0200] "GET /boxes-textile-storage-c-13_150_215.html HTTP/1.0" 200 78646 "-" "Mozilla/5.0 (Windows NT 10.0; Win64; x64) AppleWebKit/537.36 (KHTML, like Gecko) Chrome/86.0.4240.75 Safari/537.36"
216.244.66.242 - - [26/Apr/2022:17:31:14 +0200] "GET /british-dog-round-box-p-15933.html HTTP/1.0" 301 73608 "-" "Mozilla/5.0 (compatible; DotBot/1.2; +https://opensiteexplorer.org/dotbot; help@moz.com)"
54.36.149.100 - - [26/Apr/2022:17:31:17 +0200] "GET /fleur-de-vie-motif-notebook-with-leather-cover-p-47651.html HTTP/1.0" 301 74497 "-" "Mozilla/5.0 (compatible; AhrefsBot/7.0; +http://ahrefs.com/robot/)"
216.244.66.242 - - [26/Apr/2022:17:31:21 +0200] "GET /paris-ashtray-p-31400.html HTTP/1.0" 200 73356 "-" "Mozilla/5.0 (compatible; DotBot/1.2; +https://opensiteexplorer.org/dotbot; help@moz.com)"
216.244.66.242 - - [26/Apr/2022:17:31:59 +0200] "GET /chair-cushion-scratchs-blue-and-lin-38-cm-p-43501.html HTTP/1.0" 301 70875 "-" "Mozilla/5.0 (compatible; DotBot/1.2; +https://opensiteexplorer.org/dotbot; help@moz.com)"
114.119.133.245 - - [26/Apr/2022:17:32:02 +0200] "GET /johnny-hallyday-zippo-lighter-p-49854.html HTTP/1.0" 200 74571 "-" "Mozilla/5.0 (Linux; Android 7.0;) AppleWebKit/537.36 (KHTML, like Gecko) Mobile Safari/537.36 (compatible; PetalBot;+https://webmaster.petalsearch.com/site/petalbot)"
216.244.66.242 - - [26/Apr/2022:17:32:17 +0200] "GET /harley-davidson-mini-box-p-27955.html HTTP/1.0" 301 70973 "-" "Mozilla/5.0 (compatible; DotBot/1.2; +https://opensiteexplorer.org/dotbot; help@moz.com)"
185.191.171.44 - - [26/Apr/2022:17:32:18 +0200] "GET /buddha-paradise-coasters-p-55598.html HTTP/1.0" 200 74551 "-" "Mozilla/5.0 (compatible; SemrushBot/7~bl; +http://www.semrush.com/bot.html)"
185.191.171.39 - - [26/Apr/2022:17:32:26 +0200] "GET /burlap-round-table-fait-maison-p-55412.html HTTP/1.0" 200 74084 "-" "Mozilla/5.0 (compatible; SemrushBot/7~bl; +http://www.semrush.com/bot.html)"
216.244.66.242 - - [26/Apr/2022:17:32:32 +0200] "GET /lotus-padmasana-yoga-statuette-p-48959.html HTTP/1.0" 200 70918 "-" "Mozilla/5.0 (compatible; DotBot/1.2; +https://opensiteexplorer.org/dotbot; help@moz.com)"
185.191.171.15 - - [26/Apr/2022:17:32:34 +0200] "GET /the-little-prince-isothermic-stainless-steel-bottle-p-53161.html HTTP/1.0" 301 73803 "-" "Mozilla/5.0 (compatible; SemrushBot/7~bl; +http://www.semrush.com/bot.html)"
185.191.171.16 - - [26/Apr/2022:17:32:38 +0200] "GET /little-prince-isothermic-stainless-steel-bottle-p-53161.html HTTP/1.0" 200 73689 "-" "Mozilla/5.0 (compatible; SemrushBot/7~bl; +http://www.semrush.com/bot.html)"
54.36.148.243 - - [26/Apr/2022:17:32:42 +0200] "GET /harley-davidson-skull-lighter-p-45316.html HTTP/1.0" 200 74542 "-" "Mozilla/5.0 (compatible; AhrefsBot/7.0; +http://ahrefs.com/robot/)"
54.36.148.48 - - [26/Apr/2022:17:32:42 +0200] "GET /cars-drifting-poncho-towels-p-24174.html HTTP/1.0" 301 70875 "-" "Mozilla/5.0 (compatible; AhrefsBot/7.0; +http://ahrefs.com/robot/)"
216.244.66.242 - - [26/Apr/2022:17:32:45 +0200] "GET /mani-the-lucky-cat-charm-size-zen-p-33283.html HTTP/1.0" 301 73789 "-" "Mozilla/5.0 (compatible; DotBot/1.2; +https://opensiteexplorer.org/dotbot; help@moz.com)"
157.90.128.183 - - [26/Apr/2022:17:32:53 +0200] "GET /images/mini_prod/3520071411903.jpg HTTP/1.0" 200 269 "-" "Mozilla/5.0 (X11; Ubuntu; Linux x86_64; rv:72.0) Gecko/20100101 Firefox/72.0"
185.191.171.38 - - [26/Apr/2022:17:32:54 +0200] "GET /michelle-allen-cup-glass-cat-p-24318.html HTTP/1.0" 301 73525 "-" "Mozilla/5.0 (compatible; SemrushBot/7~bl; +http://www.semrush.com/bot.html)"
216.244.66.242 - - [26/Apr/2022:17:32:58 +0200] "GET /moroccan-beige-ashtray-light-grey-stripes-p-44887.html HTTP/1.0" 301 70875 "-" "Mozilla/5.0 (compatible; DotBot/1.2; +https://opensiteexplorer.org/dotbot; help@moz.com)"
185.191.171.39 - - [26/Apr/2022:17:32:58 +0200] "GET /michelle-allen-glass-p-24318.html HTTP/1.0" 200 73438 "-" "Mozilla/5.0 (compatible; SemrushBot/7~bl; +http://www.semrush.com/bot.html)"
157.55.39.172 - - [26/Apr/2022:17:33:06 +0200] "GET /-p-33673.html HTTP/1.0" 200 70808 "-" "Mozilla/5.0 (compatible; bingbot/2.0; +http://www.bing.com/bingbot.htm)"
216.244.66.242 - - [26/Apr/2022:17:33:09 +0200] "GET /russian-doll-blue-figure-cm-p-27616.html HTTP/1.0" 301 73600 "-" "Mozilla/5.0 (compatible; DotBot/1.2; +https://opensiteexplorer.org/dotbot; help@moz.com)"
216.244.66.242 - - [26/Apr/2022:17:33:19 +0200] "GET /white-small-box-for-baby-teeth-the-angel-and-the-star-p-37727.html HTTP/1.0" 301 70875 "-" "Mozilla/5.0 (compatible; DotBot/1.2; +https://opensiteexplorer.org/dotbot; help@moz.com)"
180.97.238.11 - - [26/Apr/2022:17:33:20 +0200] "GET / HTTP/1.0" 200 151448 "-" "-"
185.191.171.34 - - [26/Apr/2022:17:33:26 +0200] "GET /transparent-rectangular-plastic-tablecloth-p-52777.html?action=add_product HTTP/1.0" 302 476 "-" "Mozilla/5.0 (compatible; SemrushBot/7~bl; +http://www.semrush.com/bot.html)"
180.97.238.11 - - [26/Apr/2022:17:33:42 +0200] "GET /contact_us.php HTTP/1.0" 200 26241 "-" "-"
114.119.137.38 - - [26/Apr/2022:17:33:45 +0200] "GET /images/big_prod_2/8445148017756b.jpg HTTP/1.0" 200 271 "-" "Mozilla/5.0 (Linux; Android 7.0;) AppleWebKit/537.36 (KHTML, like Gecko) Mobile Safari/537.36 (compatible; PetalBot;+https://webmaster.petalsearch.com/site/petalbot)"
180.97.238.11 - - [26/Apr/2022:17:33:46 +0200] "GET /contact_us.php HTTP/1.0" 200 26241 "-" "-"
185.191.171.1 - - [26/Apr/2022:17:33:46 +0200] "GET /gold-metal-plant-holder-plants-p-57641.html?action=add_product HTTP/1.0" 302 476 "-" "Mozilla/5.0 (compatible; SemrushBot/7~bl; +http://www.semrush.com/bot.html)"
180.97.238.11 - - [26/Apr/2022:17:33:47 +0200] "GET /create_account.php HTTP/1.0" 200 33633 "-" "-"
180.97.238.11 - - [26/Apr/2022:17:33:51 +0200] "GET /checkout_shipping.php HTTP/1.0" 302 468 "-" "-"
180.97.238.11 - - [26/Apr/2022:17:33:52 +0200] "GET /login.php HTTP/1.0" 200 17155 "-" "-"
77.88.5.208 - - [26/Apr/2022:17:33:53 +0200] "GET /cats-figurines-black-flocked-resin-cats-wisdom-p-56904.html HTTP/1.0" 200 74972 "-" "Mozilla/5.0 (compatible; YandexBot/3.0; +http://yandex.com/bots)"
180.97.238.11 - - [26/Apr/2022:17:33:54 +0200] "GET /shopping_cart.php HTTP/1.0" 200 13298 "-" "-"
66.249.66.210 - - [26/Apr/2022:17:33:53 +0200] "GET /marley-mirror-p-49814.html HTTP/1.0" 200 73396 "-" "Mozilla/5.0 (compatible; Googlebot/2.1; +http://www.google.com/bot.html)"
180.97.238.11 - - [26/Apr/2022:17:33:57 +0200] "GET /login.php HTTP/1.0" 200 17155 "-" "-"
180.97.238.11 - - [26/Apr/2022:17:33:58 +0200] "GET /specials.php HTTP/1.0" 200 124439 "-" "-"
185.191.171.39 - - [26/Apr/2022:17:34:23 +0200] "GET /cherry-tisanire-p-39639.html?action=add_product HTTP/1.0" 302 476 "-" "Mozilla/5.0 (compatible; SemrushBot/7~bl; +http://www.semrush.com/bot.html)"
54.36.148.243 - - [26/Apr/2022:17:34:23 +0200] "GET /sacha-hammered-ceramic-cover-grey-p-55336.html HTTP/1.0" 200 74292 "-" "Mozilla/5.0 (compatible; AhrefsBot/7.0; +http://ahrefs.com/robot/)"
51.68.224.127 - - [26/Apr/2022:17:34:31 +0200] "GET /adminweb/export_orders_xml.php?token=256de2z6edz6ed2z6DFSFsed2zed6zeDSFDSGdzedezfzf&maxorders=10&orderstart=1&status=14&start_date=2018-10-01 HTTP/1.0" 200 285 "-" "GesCom CharlotteBoutik Serveur"
51.68.224.127 - - [26/Apr/2022:17:34:32 +0200] "GET /adminweb/export_orders_xml.php?token=256de2z6edz6ed2z6DFSFsed2zed6zeDSFDSGdzedezfzf&maxorders=10&orderstart=1&status=6&start_date=2018-10-01 HTTP/1.0" 200 32798 "-" "GesCom CharlotteBoutik Serveur"
185.191.171.8 - - [26/Apr/2022:17:34:56 +0200] "GET /glass-statuette-blue-green-swan-p-56610.html HTTP/1.0" 200 74427 "-" "Mozilla/5.0 (compatible; SemrushBot/7~bl; +http://www.semrush.com/bot.html)"
180.97.238.11 - - [26/Apr/2022:17:34:59 +0200] "GET /products_new.php HTTP/1.0" 200 95230 "-" "-"
180.97.238.11 - - [26/Apr/2022:17:35:06 +0200] "GET /dishes-c-12.html HTTP/1.0" 200 91644 "-" "-"
114.119.137.38 - - [26/Apr/2022:17:35:31 +0200] "GET /paris-trivet-p-24389.html HTTP/1.0" 301 70875 "-" "Mozilla/5.0 (Linux; Android 7.0;) AppleWebKit/537.36 (KHTML, like Gecko) Mobile Safari/537.36 (compatible; PetalBot;+https://webmaster.petalsearch.com/site/petalbot)"
185.191.171.41 - - [26/Apr/2022:17:35:33 +0200] "GET /table-lamp-openwork-metal-sphere-p-48075.html?action=add_product HTTP/1.0" 302 476 "-" "Mozilla/5.0 (compatible; SemrushBot/7~bl; +http://www.semrush.com/bot.html)"
114.119.137.38 - - [26/Apr/2022:17:35:37 +0200] "GET /-p-24389.html HTTP/1.0" 200 70808 "-" "Mozilla/5.0 (Linux; Android 7.0;) AppleWebKit/537.36 (KHTML, like Gecko) Mobile Safari/537.36 (compatible; PetalBot;+https://webmaster.petalsearch.com/site/petalbot)"
54.36.148.243 - - [26/Apr/2022:17:35:50 +0200] "GET /gund-mini-plush-beige-p-51581.html HTTP/1.0" 200 73624 "-" "Mozilla/5.0 (compatible; AhrefsBot/7.0; +http://ahrefs.com/robot/)"
185.191.171.4 - - [26/Apr/2022:17:35:55 +0200] "GET /small-cupcakes-cbkreation-p-17355.html HTTP/1.0" 200 73528 "-" "Mozilla/5.0 (compatible; SemrushBot/7~bl; +http://www.semrush.com/bot.html)"
40.64.89.61 - - [26/Apr/2022:17:36:01 +0200] "GET /images/mini_prod/3494150095097.jpg HTTP/1.0" 200 269 "-" "Mozilla/5.0 (X11; Linux x86_64) AppleWebKit/537.36 (KHTML, like Gecko) Chrome/62.0.3202.62 Safari/537.36"
185.191.171.24 - - [26/Apr/2022:17:36:19 +0200] "GET /coasters-cbkreation-p-23361.html HTTP/1.0" 200 73545 "-" "Mozilla/5.0 (compatible; SemrushBot/7~bl; +http://www.semrush.com/bot.html)"
216.244.66.242 - - [26/Apr/2022:17:36:40 +0200] "GET /decorative-turttle-statue-p-53807.html HTTP/1.0" 200 73530 "-" "Mozilla/5.0 (compatible; DotBot/1.2; +https://opensiteexplorer.org/dotbot; help@moz.com)"
54.36.149.25 - - [26/Apr/2022:17:36:57 +0200] "GET /support-metal-bottle-the-hunter-and-his-dog-p-34494.html HTTP/1.0" 301 73739 "-" "Mozilla/5.0 (compatible; AhrefsBot/7.0; +http://ahrefs.com/robot/)"
66.249.66.210 - - [26/Apr/2022:17:37:00 +0200] "GET /little-prince-rose-figurine-p-54991.html HTTP/1.0" 200 77243 "-" "Mozilla/5.0 (compatible; Googlebot/2.1; +http://www.google.com/bot.html)"
54.36.148.109 - - [26/Apr/2022:17:37:09 +0200] "GET /glass-jellyfish-paperweight-65-cm-p-52865.html HTTP/1.0" 301 73618 "-" "Mozilla/5.0 (compatible; AhrefsBot/7.0; +http://ahrefs.com/robot/)"
185.191.171.2 - - [26/Apr/2022:17:37:24 +0200] "GET /wall-sticker-c-13_187.html?page=10 HTTP/1.0" 200 94727 "-" "Mozilla/5.0 (compatible; SemrushBot/7~bl; +http://www.semrush.com/bot.html)"
54.36.148.243 - - [26/Apr/2022:17:37:41 +0200] "GET /fiat-nuova-p-27583.html HTTP/1.0" 200 73392 "-" "Mozilla/5.0 (compatible; AhrefsBot/7.0; +http://ahrefs.com/robot/)"
47.89.211.98 - - [26/Apr/2022:17:37:57 +0200] "GET /images/big_prod_2/c5903313954105.jpg HTTP/1.0" 200 271 "-" "Mozilla/5.0 (X11; Ubuntu; Linux x86_64; rv:72.0) Gecko/20100101 Firefox/72.0"
114.119.137.45 - - [26/Apr/2022:17:38:05 +0200] "GET /monstera-bamboo-flower-cover-p-57713.html HTTP/1.0" 200 74112 "-" "Mozilla/5.0 (Linux; Android 7.0;) AppleWebKit/537.36 (KHTML, like Gecko) Mobile Safari/537.36 (compatible; PetalBot;+https://webmaster.petalsearch.com/site/petalbot)"
185.191.171.41 - - [26/Apr/2022:17:38:23 +0200] "GET /-p-41357.html?action=add_product HTTP/1.0" 302 476 "-" "Mozilla/5.0 (compatible; SemrushBot/7~bl; +http://www.semrush.com/bot.html)"
54.36.148.115 - - [26/Apr/2022:17:38:31 +0200] "GET /mickey-the-nutcracker-figure-collection-p-20280.html HTTP/1.0" 301 70875 "-" "Mozilla/5.0 (compatible; AhrefsBot/7.0; +http://ahrefs.com/robot/)"
54.36.148.243 - - [26/Apr/2022:17:39:03 +0200] "GET /home-decoration-c-13.html?page=132 HTTP/1.0" 200 92599 "-" "Mozilla/5.0 (compatible; AhrefsBot/7.0; +http://ahrefs.com/robot/)"
40.64.89.33 - - [26/Apr/2022:17:39:43 +0200] "GET /images/mini_prod/1399984249727.jpg HTTP/1.0" 200 269 "-" "Mozilla/4.0 (compatible; MSIE 7.0; Windows NT 6.0)"
114.119.133.245 - - [26/Apr/2022:17:39:47 +0200] "GET /lucky-mini-figurine-p-36912.html HTTP/1.0" 200 74028 "-" "Mozilla/5.0 (Linux; Android 7.0;) AppleWebKit/537.36 (KHTML, like Gecko) Mobile Safari/537.36 (compatible; PetalBot;+https://webmaster.petalsearch.com/site/petalbot)"
185.191.171.40 - - [26/Apr/2022:17:40:07 +0200] "GET /golden-snake-hourglass-p-48944.html?action=add_product HTTP/1.0" 302 476 "-" "Mozilla/5.0 (compatible; SemrushBot/7~bl; +http://www.semrush.com/bot.html)"
54.36.148.243 - - [26/Apr/2022:17:40:29 +0200] "GET /canada-mouse-cbkreation-p-13984.html HTTP/1.0" 200 73430 "-" "Mozilla/5.0 (compatible; AhrefsBot/7.0; +http://ahrefs.com/robot/)"
185.191.171.16 - - [26/Apr/2022:17:40:58 +0200] "GET /children-coat-hooks-p-52562.html?action=add_product HTTP/1.0" 302 476 "-" "Mozilla/5.0 (compatible; SemrushBot/7~bl; +http://www.semrush.com/bot.html)"
185.191.171.37 - - [26/Apr/2022:17:41:05 +0200] "GET /large-plush-tchoupi-p-14373.html?action=add_product HTTP/1.0" 302 476 "-" "Mozilla/5.0 (compatible; SemrushBot/7~bl; +http://www.semrush.com/bot.html)"
40.64.89.41 - - [26/Apr/2022:17:41:18 +0200] "GET /images/mini_prod/c8427787034837.jpg HTTP/1.0" 200 270 "-" "Mozilla/5.0 (Windows NT 10.0; WOW64) AppleWebKit/537.36 (KHTML, like Gecko) Chrome/68.0.3440.106 Safari/537.36"
185.191.171.18 - - [26/Apr/2022:17:41:20 +0200] "GET /california-black-shoulder-p-37101.html?action=add_product HTTP/1.0" 302 476 "-" "Mozilla/5.0 (compatible; SemrushBot/7~bl; +http://www.semrush.com/bot.html)"
66.249.66.214 - - [26/Apr/2022:17:41:23 +0200] "GET /marley-mirror-p-49814.html HTTP/1.0" 200 73396 "-" "Mozilla/5.0 (Linux; Android 6.0.1; Nexus 5X Build/MMB29P) AppleWebKit/537.36 (KHTML, like Gecko) Chrome/100.0.4896.127 Mobile Safari/537.36 (compatible; Googlebot/2.1; +http://www.google.com/bot.html)"
216.244.66.242 - - [26/Apr/2022:17:41:25 +0200] "GET /beyblade-blue-swimsuit-p-30447.html HTTP/1.0" 200 75186 "-" "Mozilla/5.0 (compatible; DotBot/1.2; +https://opensiteexplorer.org/dotbot; help@moz.com)"
114.119.137.45 - - [26/Apr/2022:17:41:28 +0200] "GET /candy-alarm-clock-by-cbkreation-p-25004.html HTTP/1.0" 301 73652 "-" "Mozilla/5.0 (Linux; Android 7.0;) AppleWebKit/537.36 (KHTML, like Gecko) Mobile Safari/537.36 (compatible; PetalBot;+https://webmaster.petalsearch.com/site/petalbot)"
114.119.137.45 - - [26/Apr/2022:17:41:32 +0200] "GET /candy-alarm-clock-cbkreation-p-25004.html HTTP/1.0" 200 73557 "-" "Mozilla/5.0 (Linux; Android 7.0;) AppleWebKit/537.36 (KHTML, like Gecko) Mobile Safari/537.36 (compatible; PetalBot;+https://webmaster.petalsearch.com/site/petalbot)"
185.220.101.11 - - [26/Apr/2022:17:41:58 +0200] "GET /contact_us.php HTTP/1.0" 200 26241 "http://www.wonder-geek.com/contact_us.php" "Mozilla/5.0 (Windows NT 10.0) AppleWebKit/537.36 (KHTML, like Gecko) Chrome/90.0.4430.93 Safari/537.36"
185.220.101.11 - - [26/Apr/2022:17:41:59 +0200] "POST /contact_us.php?action=send HTTP/1.0" 200 26673 "http://www.wonder-geek.com/contact_us.php" "Mozilla/5.0 (Windows NT 10.0) AppleWebKit/537.36 (KHTML, like Gecko) Chrome/90.0.4430.93 Safari/537.36"
54.36.148.243 - - [26/Apr/2022:17:42:00 +0200] "GET /decorative-faces-with-varied-expressions-p-50612.html HTTP/1.0" 200 74540 "-" "Mozilla/5.0 (compatible; AhrefsBot/7.0; +http://ahrefs.com/robot/)"
47.254.91.81 - - [26/Apr/2022:17:42:06 +0200] "GET /images/mini_prod/8430957077954.jpg HTTP/1.0" 200 269 "-" "Mozilla/5.0 (X11; Ubuntu; Linux x86_64; rv:72.0) Gecko/20100101 Firefox/72.0"
157.55.39.105 - - [26/Apr/2022:17:42:31 +0200] "GET /allen-desings-p-44322.html HTTP/1.0" 200 70856 "-" "Mozilla/5.0 (compatible; bingbot/2.0; +http://www.bing.com/bingbot.htm)"
20.99.154.189 - - [26/Apr/2022:17:42:33 +0200] "GET /images/mini_prod/1384010190012.jpg HTTP/1.0" 200 269 "-" "Mozilla/5.0 (Macintosh; U; PPC Mac OS X 10.5; en-US; rv:1.9.2.15) Gecko/20110303 Firefox/3.6.15"
185.191.171.37 - - [26/Apr/2022:17:42:56 +0200] "GET /gund-hedgehog-65-cm-beige-p-26675.html HTTP/1.0" 301 70875 "-" "Mozilla/5.0 (compatible; SemrushBot/7~bl; +http://www.semrush.com/bot.html)"
185.191.171.3 - - [26/Apr/2022:17:43:00 +0200] "GET /-p-26675.html HTTP/1.0" 200 70808 "-" "Mozilla/5.0 (compatible; SemrushBot/7~bl; +http://www.semrush.com/bot.html)"
185.191.171.14 - - [26/Apr/2022:17:43:11 +0200] "GET /winchester-metal-plate-deco-p-45221.html?action=add_product HTTP/1.0" 302 476 "-" "Mozilla/5.0 (compatible; SemrushBot/7~bl; +http://www.semrush.com/bot.html)"
114.119.137.45 - - [26/Apr/2022:17:43:14 +0200] "GET /ceramic-face-vase-azure-blue-p-50088.html HTTP/1.0" 200 74615 "-" "Mozilla/5.0 (Linux; Android 7.0;) AppleWebKit/537.36 (KHTML, like Gecko) Mobile Safari/537.36 (compatible; PetalBot;+https://webmaster.petalsearch.com/site/petalbot)"
185.191.171.8 - - [26/Apr/2022:17:43:17 +0200] "GET /large-candle-hours-simply-p-33016.html?action=add_product HTTP/1.0" 302 476 "-" "Mozilla/5.0 (compatible; SemrushBot/7~bl; +http://www.semrush.com/bot.html)"
185.191.171.14 - - [26/Apr/2022:17:43:19 +0200] "GET /statuette-jesus-christ-sacred-heart-beige-p-47134.html HTTP/1.0" 200 74290 "-" "Mozilla/5.0 (compatible; SemrushBot/7~bl; +http://www.semrush.com/bot.html)"
54.36.148.243 - - [26/Apr/2022:17:43:33 +0200] "GET /eyelet-curtain-p-52358.html HTTP/1.0" 200 75622 "-" "Mozilla/5.0 (compatible; AhrefsBot/7.0; +http://ahrefs.com/robot/)"
80.67.167.81 - - [26/Apr/2022:17:43:52 +0200] "GET /contact_us.php HTTP/1.0" 200 26241 "http://www.wonder-geek.com/contact_us.php" "Mozilla/5.0 (Windows NT 6.3; Win64; x64) AppleWebKit/537.36 (KHTML, like Gecko) Chrome/90.0.4430.72 Safari/537.36"
80.67.167.81 - - [26/Apr/2022:17:43:53 +0200] "POST /contact_us.php?action=send HTTP/1.0" 200 26701 "http://www.wonder-geek.com/contact_us.php" "Mozilla/5.0 (Windows NT 6.3; Win64; x64) AppleWebKit/537.36 (KHTML, like Gecko) Chrome/90.0.4430.72 Safari/537.36"
80.67.167.81 - - [26/Apr/2022:17:43:54 +0200] "GET /contact_us.php HTTP/1.0" 200 26241 "http://www.wonder-geek.com/contact_us.php" "Mozilla/5.0 (Windows NT 6.3; Win64; x64) AppleWebKit/537.36 (KHTML, like Gecko) Chrome/90.0.4430.72 Safari/537.36"
185.191.171.36 - - [26/Apr/2022:17:44:07 +0200] "GET /poppy-bedclothes-240-220-cm-p-41109.html HTTP/1.0" 301 70875 "-" "Mozilla/5.0 (compatible; SemrushBot/7~bl; +http://www.semrush.com/bot.html)"
185.191.171.14 - - [26/Apr/2022:17:44:10 +0200] "GET /-p-41109.html HTTP/1.0" 200 70808 "-" "Mozilla/5.0 (compatible; SemrushBot/7~bl; +http://www.semrush.com/bot.html)"
54.36.148.243 - - [26/Apr/2022:17:44:52 +0200] "GET /home-decoration-c-13.html?page=138 HTTP/1.0" 200 93208 "-" "Mozilla/5.0 (compatible; AhrefsBot/7.0; +http://ahrefs.com/robot/)"
185.191.171.16 - - [26/Apr/2022:17:44:55 +0200] "GET /beer-shower-curtain-180-180-cm-p-37702.html HTTP/1.0" 301 70986 "-" "Mozilla/5.0 (compatible; SemrushBot/7~bl; +http://www.semrush.com/bot.html)"
185.191.171.17 - - [26/Apr/2022:17:44:59 +0200] "GET /beer-shower-curtain-p-37702.html HTTP/1.0" 200 70900 "-" "Mozilla/5.0 (compatible; SemrushBot/7~bl; +http://www.semrush.com/bot.html)"
185.191.171.42 - - [26/Apr/2022:17:45:07 +0200] "GET /fireplace-lantern-black-metal-p-49419.html?action=add_product HTTP/1.0" 302 476 "-" "Mozilla/5.0 (compatible; SemrushBot/7~bl; +http://www.semrush.com/bot.html)"
47.89.211.98 - - [26/Apr/2022:17:45:11 +0200] "GET /images/mini_prod/8435107813154.jpg HTTP/1.0" 200 269 "-" "Mozilla/5.0 (X11; Ubuntu; Linux x86_64; rv:72.0) Gecko/20100101 Firefox/72.0"
185.191.171.3 - - [26/Apr/2022:17:45:16 +0200] "GET /panther-wall-decoration-resin-p-52573.html?action=add_product HTTP/1.0" 302 476 "-" "Mozilla/5.0 (compatible; SemrushBot/7~bl; +http://www.semrush.com/bot.html)"
147.92.229.61 - - [26/Apr/2022:17:45:21 +0200] "GET /images/mini_prod/8033667001174.jpg HTTP/1.0" 200 269 "-" "Mozilla/5.0 (X11; Ubuntu; Linux x86_64; rv:72.0) Gecko/20100101 Firefox/72.0"
114.119.133.245 - - [26/Apr/2022:17:45:50 +0200] "GET /images/mini_prod/8422010868111Z.jpg HTTP/1.0" 200 270 "-" "Mozilla/5.0 (Linux; Android 7.0;) AppleWebKit/537.36 (KHTML, like Gecko) Mobile Safari/537.36 (compatible; PetalBot;+https://webmaster.petalsearch.com/site/petalbot)"
185.191.171.42 - - [26/Apr/2022:17:46:07 +0200] "GET /cotton-tablecloth-laissez-lucie-faire-150-150-cm-p-39876.html HTTP/1.0" 301 70875 "-" "Mozilla/5.0 (compatible; SemrushBot/7~bl; +http://www.semrush.com/bot.html)"
185.191.171.26 - - [26/Apr/2022:17:46:11 +0200] "GET /-p-39876.html HTTP/1.0" 200 70808 "-" "Mozilla/5.0 (compatible; SemrushBot/7~bl; +http://www.semrush.com/bot.html)"
54.36.148.243 - - [26/Apr/2022:17:46:17 +0200] "GET /cats-cutty-door-plate-bathroom-p-50639.html HTTP/1.0" 200 73570 "-" "Mozilla/5.0 (compatible; AhrefsBot/7.0; +http://ahrefs.com/robot/)"
66.249.66.214 - - [26/Apr/2022:17:46:18 +0200] "GET /breakfast-board-half-tassen-made-germany-p-53732.html HTTP/1.0" 200 74794 "-" "Mozilla/5.0 (Linux; Android 6.0.1; Nexus 5X Build/MMB29P) AppleWebKit/537.36 (KHTML, like Gecko) Chrome/100.0.4896.127 Mobile Safari/537.36 (compatible; Googlebot/2.1; +http://www.google.com/bot.html)"
207.46.13.232 - - [26/Apr/2022:17:46:26 +0200] "GET /robots.txt HTTP/1.0" 200 245 "-" "Mozilla/5.0 (compatible; bingbot/2.0; +http://www.bing.com/bingbot.htm)"
185.191.171.38 - - [26/Apr/2022:17:46:34 +0200] "GET /frozen-night-light-stars-projector-musical-p-33624.html HTTP/1.0" 301 70875 "-" "Mozilla/5.0 (compatible; SemrushBot/7~bl; +http://www.semrush.com/bot.html)"
185.191.171.19 - - [26/Apr/2022:17:46:37 +0200] "GET /-p-33624.html HTTP/1.0" 200 70808 "-" "Mozilla/5.0 (compatible; SemrushBot/7~bl; +http://www.semrush.com/bot.html)"
157.90.128.183 - - [26/Apr/2022:17:46:52 +0200] "GET /images/mini_prod/3700653590626.jpg HTTP/1.0" 200 269 "-" "Mozilla/5.0 (X11; Ubuntu; Linux x86_64; rv:72.0) Gecko/20100101 Firefox/72.0"
185.191.171.4 - - [26/Apr/2022:17:46:52 +0200] "GET /santa-please-call-here-mickey-mouse-hanging-ornament-p-56733.html?action=add_product HTTP/1.0" 302 476 "-" "Mozilla/5.0 (compatible; SemrushBot/7~bl; +http://www.semrush.com/bot.html)"
157.55.39.172 - - [26/Apr/2022:17:46:57 +0200] "GET /dora-the-explorer-towel-p-13572.html HTTP/1.0" 301 70875 "-" "Mozilla/5.0 (compatible; bingbot/2.0; +http://www.bing.com/bingbot.htm)"
157.55.39.172 - - [26/Apr/2022:17:47:06 +0200] "GET /johnny-hallyday-blue-neon-wall-clock-p-24166.html HTTP/1.0" 200 73560 "-" "Mozilla/5.0 (compatible; bingbot/2.0; +http://www.bing.com/bingbot.htm)"
20.99.154.172 - - [26/Apr/2022:17:47:12 +0200] "GET /images/mini_prod/8714274360044.jpg HTTP/1.0" 200 269 "-" "Mozilla/5.0 (Windows NT 10.0; ) Gecko/20100101 Firefox/61.0"
40.91.113.104 - - [26/Apr/2022:17:47:23 +0200] "GET /images/mini_prod/1384010176429.jpg HTTP/1.0" 200 269 "-" "Mozilla/5.0 (Windows NT 10.0; WOW64) AppleWebKit/537.36 (KHTML, like Gecko) Chrome/64.0.3282.186 Safari/537.36"
185.191.171.15 - - [26/Apr/2022:17:47:28 +0200] "GET /-p-21414.html?action=add_product HTTP/1.0" 302 476 "-" "Mozilla/5.0 (compatible; SemrushBot/7~bl; +http://www.semrush.com/bot.html)"
114.119.137.45 - - [26/Apr/2022:17:47:33 +0200] "GET /horse-alarm-clock-cbkreation-p-25048.html HTTP/1.0" 200 73562 "-" "Mozilla/5.0 (Linux; Android 7.0;) AppleWebKit/537.36 (KHTML, like Gecko) Mobile Safari/537.36 (compatible; PetalBot;+https://webmaster.petalsearch.com/site/petalbot)"
185.191.171.24 - - [26/Apr/2022:17:47:43 +0200] "GET /calimero-mousepad-p-10929.html?action=add_product HTTP/1.0" 302 476 "-" "Mozilla/5.0 (compatible; SemrushBot/7~bl; +http://www.semrush.com/bot.html)"
54.36.148.243 - - [26/Apr/2022:17:47:56 +0200] "GET /votive-candle-home-christmas-p-46035.html HTTP/1.0" 200 74146 "-" "Mozilla/5.0 (compatible; AhrefsBot/7.0; +http://ahrefs.com/robot/)"
66.249.66.214 - - [26/Apr/2022:17:48:53 +0200] "GET /chaque-jour-aventure-melamine-dish-cake-p-37908.html HTTP/1.0" 200 73607 "-" "Mozilla/5.0 (compatible; Googlebot/2.1; +http://www.google.com/bot.html)"
185.191.171.39 - - [26/Apr/2022:17:49:00 +0200] "GET /corsica-calvi-vintage-poster-30-40-cm-p-44871.html HTTP/1.0" 301 71027 "-" "Mozilla/5.0 (compatible; SemrushBot/7~bl; +http://www.semrush.com/bot.html)"
185.191.171.26 - - [26/Apr/2022:17:49:03 +0200] "GET /corsica-calvi-vintage-poster-p-44871.html HTTP/1.0" 200 70932 "-" "Mozilla/5.0 (compatible; SemrushBot/7~bl; +http://www.semrush.com/bot.html)"
114.119.137.252 - - [26/Apr/2022:17:49:25 +0200] "GET /images/mini_prod/3665269184617.jpg HTTP/1.0" 200 269 "-" "Mozilla/5.0 (Linux; Android 7.0;) AppleWebKit/537.36 (KHTML, like Gecko) Mobile Safari/537.36 (compatible; PetalBot;+https://webmaster.petalsearch.com/site/petalbot)"
185.191.171.12 - - [26/Apr/2022:17:49:34 +0200] "GET /chihuahua-resin-decoration-p-54085.html?action=add_product HTTP/1.0" 302 476 "-" "Mozilla/5.0 (compatible; SemrushBot/7~bl; +http://www.semrush.com/bot.html)"
54.36.148.243 - - [26/Apr/2022:17:49:36 +0200] "GET /flower-life-p-42835.html HTTP/1.0" 200 74380 "-" "Mozilla/5.0 (compatible; AhrefsBot/7.0; +http://ahrefs.com/robot/)"
17.121.115.196 - - [26/Apr/2022:17:49:39 +0200] "GET /images/big_prod_2/8420410090378C.jpg HTTP/1.0" 200 271 "-" "Mozilla/5.0 (Macintosh; Intel Mac OS X 10_15_5) AppleWebKit/605.1.15 (KHTML, like Gecko) Version/13.1.1 Safari/605.1.15 (Applebot/0.1; +http://www.apple.com/go/applebot)"
40.64.89.158 - - [26/Apr/2022:17:49:40 +0200] "GET /images/mini_prod/8033667001167.jpg HTTP/1.0" 200 269 "-" "Mozilla/5.0 (Macintosh; U; PPC Mac OS X 10.5; en-US; rv:1.9.2.15) Gecko/20110303 Firefox/3.6.15"
17.121.115.196 - - [26/Apr/2022:17:49:42 +0200] "GET /images/big_prod/rayerose.jpg HTTP/1.0" 200 263 "-" "Mozilla/5.0 (Macintosh; Intel Mac OS X 10_15_5) AppleWebKit/605.1.15 (KHTML, like Gecko) Version/13.1.1 Safari/605.1.15 (Applebot/0.1; +http://www.apple.com/go/applebot)"
54.36.148.38 - - [26/Apr/2022:17:49:44 +0200] "GET /monster-high-black-cushion-operating-fault-p-36386.html HTTP/1.0" 301 70875 "-" "Mozilla/5.0 (compatible; AhrefsBot/7.0; +http://ahrefs.com/robot/)"
185.191.171.39 - - [26/Apr/2022:17:50:00 +0200] "GET /cotton-glove-holder-p-57977.html?action=add_product HTTP/1.0" 302 476 "-" "Mozilla/5.0 (compatible; SemrushBot/7~bl; +http://www.semrush.com/bot.html)"
54.36.148.119 - - [26/Apr/2022:17:50:01 +0200] "GET /percolator-metallic-box-for-coffee-p-52615.html HTTP/1.0" 301 73803 "-" "Mozilla/5.0 (compatible; AhrefsBot/7.0; +http://ahrefs.com/robot/)"
185.191.171.24 - - [26/Apr/2022:17:50:08 +0200] "GET /oriental-teapot-liter-p-56409.html?action=add_product HTTP/1.0" 302 476 "-" "Mozilla/5.0 (compatible; SemrushBot/7~bl; +http://www.semrush.com/bot.html)"
51.68.224.127 - - [26/Apr/2022:17:50:41 +0200] "GET /adminweb/export_orders_xml.php?token=256de2z6edz6ed2z6DFSFsed2zed6zeDSFDSGdzedezfzf&maxorders=10&orderstart=1&status=14&start_date=2018-10-01 HTTP/1.0" 200 285 "-" "GesCom CharlotteBoutik Serveur"
51.68.224.127 - - [26/Apr/2022:17:50:41 +0200] "GET /adminweb/export_orders_xml.php?token=256de2z6edz6ed2z6DFSFsed2zed6zeDSFDSGdzedezfzf&maxorders=10&orderstart=1&status=6&start_date=2018-10-01 HTTP/1.0" 200 32798 "-" "GesCom CharlotteBoutik Serveur"
54.36.148.243 - - [26/Apr/2022:17:51:02 +0200] "GET /light-purple-adult-cotton-apron-p-44363.html HTTP/1.0" 200 73488 "-" "Mozilla/5.0 (compatible; AhrefsBot/7.0; +http://ahrefs.com/robot/)"
114.119.133.245 - - [26/Apr/2022:17:51:56 +0200] "GET /spiderman-mattress-swimming-pool-p-30010.html HTTP/1.0" 200 73935 "-" "Mozilla/5.0 (Linux; Android 7.0;) AppleWebKit/537.36 (KHTML, like Gecko) Mobile Safari/537.36 (compatible; PetalBot;+https://webmaster.petalsearch.com/site/petalbot)"
185.191.171.8 - - [26/Apr/2022:17:52:36 +0200] "GET /vase-buddha-head-p-52316.html?action=add_product HTTP/1.0" 302 476 "-" "Mozilla/5.0 (compatible; SemrushBot/7~bl; +http://www.semrush.com/bot.html)"
54.36.148.243 - - [26/Apr/2022:17:52:39 +0200] "GET /cats-cutty-door-plate-chambre-p-50641.html HTTP/1.0" 200 73562 "-" "Mozilla/5.0 (compatible; AhrefsBot/7.0; +http://ahrefs.com/robot/)"
40.91.113.104 - - [26/Apr/2022:17:52:57 +0200] "GET /images/mini_prod/3661443611191.jpg HTTP/1.0" 200 269 "-" "Mozilla/5.0 (Windows NT 10.0; WOW64) AppleWebKit/537.36 (KHTML, like Gecko) Chrome/67.0.3396.99 Safari/537.36"
77.88.5.208 - - [26/Apr/2022:17:53:03 +0200] "GET /smiski-figure-series-museum-note-there-single-figure-p-56722.html HTTP/1.0" 200 74722 "-" "Mozilla/5.0 (compatible; YandexBot/3.0; +http://yandex.com/bots)"
185.191.171.43 - - [26/Apr/2022:17:53:21 +0200] "GET /incense-satya-musk-grams-about-sticks-p-53925.html HTTP/1.0" 200 73859 "-" "Mozilla/5.0 (compatible; SemrushBot/7~bl; +http://www.semrush.com/bot.html)"
20.99.154.172 - - [26/Apr/2022:17:53:24 +0200] "GET /images/mini_prod/5055071657603.jpg HTTP/1.0" 200 269 "-" "Mozilla/5.0 (Windows NT 10.0; WOW64) AppleWebKit/537.36 (KHTML, like Gecko) Chrome/67.0.3396.99 Safari/537.36"
66.249.66.206 - - [26/Apr/2022:17:53:26 +0200] "GET /angel-french-p-40438.html HTTP/1.0" 200 73534 "-" "Mozilla/5.0 (Linux; Android 6.0.1; Nexus 5X Build/MMB29P) AppleWebKit/537.36 (KHTML, like Gecko) Chrome/100.0.4896.127 Mobile Safari/537.36 (compatible; Googlebot/2.1; +http://www.google.com/bot.html)"
157.55.39.172 - - [26/Apr/2022:17:53:29 +0200] "GET /candle-light-holder-wicca-fairy-p-45034.html HTTP/1.0" 200 74211 "-" "Mozilla/5.0 (compatible; bingbot/2.0; +http://www.bing.com/bingbot.htm)"
114.119.133.245 - - [26/Apr/2022:17:53:37 +0200] "GET /white-queen-chess-piece-p-51212.html HTTP/1.0" 200 73487 "-" "Mozilla/5.0 (Linux; Android 7.0;) AppleWebKit/537.36 (KHTML, like Gecko) Mobile Safari/537.36 (compatible; PetalBot;+https://webmaster.petalsearch.com/site/petalbot)"
185.191.171.13 - - [26/Apr/2022:17:53:57 +0200] "GET /african-decoration-elephant-children-p-55791.html HTTP/1.0" 200 74277 "-" "Mozilla/5.0 (compatible; SemrushBot/7~bl; +http://www.semrush.com/bot.html)"
54.36.148.183 - - [26/Apr/2022:17:54:00 +0200] "GET /glass-and-ceramic-hermetic-pot-21-cm-p-41245.html HTTP/1.0" 301 73618 "-" "Mozilla/5.0 (compatible; AhrefsBot/7.0; +http://ahrefs.com/robot/)"
185.191.171.2 - - [26/Apr/2022:17:54:15 +0200] "GET /household-linen-c-11.html?page=49 HTTP/1.0" 200 92504 "-" "Mozilla/5.0 (compatible; SemrushBot/7~bl; +http://www.semrush.com/bot.html)"
54.36.148.243 - - [26/Apr/2022:17:54:18 +0200] "GET /melt-cinnamon-spice-p-37440.html HTTP/1.0" 200 74050 "-" "Mozilla/5.0 (compatible; AhrefsBot/7.0; +http://ahrefs.com/robot/)"
66.249.66.210 - - [26/Apr/2022:17:55:35 +0200] "GET /bamboo-fiber-plant-cover-p-57457.html HTTP/1.0" 200 74079 "-" "Mozilla/5.0 (compatible; Googlebot/2.1; +http://www.google.com/bot.html)"
54.36.148.243 - - [26/Apr/2022:17:55:47 +0200] "GET /color-eyelet-curtain-p-39037.html HTTP/1.0" 200 75698 "-" "Mozilla/5.0 (compatible; AhrefsBot/7.0; +http://ahrefs.com/robot/)"
54.36.148.106 - - [26/Apr/2022:17:55:55 +0200] "GET /decorative-wooden-plate-donkey-corsica-white-and-light-brown-p-47838.html HTTP/1.0" 301 74119 "-" "Mozilla/5.0 (compatible; AhrefsBot/7.0; +http://ahrefs.com/robot/)"
54.36.148.209 - - [26/Apr/2022:17:56:19 +0200] "GET /teo-jasmin-cushion-with-removable-p-29435.html HTTP/1.0" 301 70875 "-" "Mozilla/5.0 (compatible; AhrefsBot/7.0; +http://ahrefs.com/robot/)"
66.249.66.214 - - [26/Apr/2022:17:56:23 +0200] "GET /chaque-jour-aventure-melamine-dish-cake-p-37908.html HTTP/1.0" 200 73607 "-" "Mozilla/5.0 (Linux; Android 6.0.1; Nexus 5X Build/MMB29P) AppleWebKit/537.36 (KHTML, like Gecko) Chrome/100.0.4896.127 Mobile Safari/537.36 (compatible; Googlebot/2.1; +http://www.google.com/bot.html)"
113.207.6.244 - - [26/Apr/2022:17:56:45 +0200] "GET /images/mini_prod/3585190668607.jpg HTTP/1.0" 200 269 "-" "Mozilla/5.0 (X11; Ubuntu; Linux x86_64; rv:72.0) Gecko/20100101 Firefox/72.0"
185.191.171.1 - - [26/Apr/2022:17:56:57 +0200] "GET /set-of-om-water-glasses-p-46522.html HTTP/1.0" 301 74178 "-" "Mozilla/5.0 (compatible; SemrushBot/7~bl; +http://www.semrush.com/bot.html)"
185.191.171.24 - - [26/Apr/2022:17:57:01 +0200] "GET /water-glasses-p-46522.html HTTP/1.0" 200 74098 "-" "Mozilla/5.0 (compatible; SemrushBot/7~bl; +http://www.semrush.com/bot.html)"
54.36.148.243 - - [26/Apr/2022:17:57:09 +0200] "GET /melt-calming-aloe-p-43772.html HTTP/1.0" 200 74025 "-" "Mozilla/5.0 (compatible; AhrefsBot/7.0; +http://ahrefs.com/robot/)"
185.191.171.8 - - [26/Apr/2022:17:57:29 +0200] "GET /harley-davidson-lighter-p-37648.html?action=add_product HTTP/1.0" 302 476 "-" "Mozilla/5.0 (compatible; SemrushBot/7~bl; +http://www.semrush.com/bot.html)"
185.191.171.1 - - [26/Apr/2022:17:57:34 +0200] "GET /light-bulb-amber-loop-p-42507.html HTTP/1.0" 200 74103 "-" "Mozilla/5.0 (compatible; SemrushBot/7~bl; +http://www.semrush.com/bot.html)"
185.191.171.18 - - [26/Apr/2022:17:57:37 +0200] "GET /-p-29553.html?action=add_product HTTP/1.0" 302 476 "-" "Mozilla/5.0 (compatible; SemrushBot/7~bl; +http://www.semrush.com/bot.html)"
157.55.39.172 - - [26/Apr/2022:17:57:39 +0200] "GET /-p-32069.html HTTP/1.0" 200 70808 "-" "Mozilla/5.0 (compatible; bingbot/2.0; +http://www.bing.com/bingbot.htm)"
185.191.171.16 - - [26/Apr/2022:17:57:41 +0200] "GET /door-coconut-fiber-p-48674.html HTTP/1.0" 200 73623 "-" "Mozilla/5.0 (compatible; SemrushBot/7~bl; +http://www.semrush.com/bot.html)"
185.191.171.9 - - [26/Apr/2022:17:57:56 +0200] "GET /art-hearts-butterfly-p-39363.html HTTP/1.0" 301 74822 "-" "Mozilla/5.0 (compatible; SemrushBot/7~bl; +http://www.semrush.com/bot.html)"
185.191.171.3 - - [26/Apr/2022:17:58:00 +0200] "GET /hearts-butterfly-p-39363.html HTTP/1.0" 200 74739 "-" "Mozilla/5.0 (compatible; SemrushBot/7~bl; +http://www.semrush.com/bot.html)"
20.72.199.130 - - [26/Apr/2022:17:58:09 +0200] "GET /images/mini_prod/7601019994705.jpg HTTP/1.0" 200 269 "-" "Mozilla/5.0 (Windows NT 10.0; ) Gecko/20100101 Firefox/61.0"
185.191.171.44 - - [26/Apr/2022:17:58:11 +0200] "GET /robots.txt HTTP/1.0" 200 245 "-" "Mozilla/5.0 (compatible; SemrushBot/7~bl; +http://www.semrush.com/bot.html)"
185.191.171.8 - - [26/Apr/2022:17:58:12 +0200] "GET /duvet-cover-in-cotton-percale-80-threads-200-200-cm-p-48211.html HTTP/1.0" 301 73848 "-" "Mozilla/5.0 (compatible; SemrushBot/7~bl; +http://www.semrush.com/bot.html)"
185.191.171.36 - - [26/Apr/2022:17:58:15 +0200] "GET /duvet-cover-cotton-percale-threads-p-48211.html HTTP/1.0" 200 73747 "-" "Mozilla/5.0 (compatible; SemrushBot/7~bl; +http://www.semrush.com/bot.html)"
54.36.148.243 - - [26/Apr/2022:17:58:30 +0200] "GET /bedside-lamp-taupe-p-52456.html HTTP/1.0" 200 74384 "-" "Mozilla/5.0 (compatible; AhrefsBot/7.0; +http://ahrefs.com/robot/)"
40.64.89.71 - - [26/Apr/2022:17:58:33 +0200] "GET /images/mini_prod/9316188068239.jpg HTTP/1.0" 200 269 "-" "Mozilla/5.0 (Windows NT 10.0; WOW64) AppleWebKit/537.36 (KHTML, like Gecko) Chrome/67.0.3396.99 Safari/537.36"
185.191.171.22 - - [26/Apr/2022:17:58:44 +0200] "GET /water-bottle-grrr-tiger-p-56129.html HTTP/1.0" 200 74233 "-" "Mozilla/5.0 (compatible; SemrushBot/7~bl; +http://www.semrush.com/bot.html)"
93.35.191.123 - - [26/Apr/2022:17:58:49 +0200] "GET /karma-panda-night-light-p-55383.html HTTP/1.0" 200 75149 "https://www.google.com/" "Mozilla/5.0 (Windows NT 10.0; Win64; x64) AppleWebKit/537.36 (KHTML, like Gecko) Chrome/100.0.4896.127 Safari/537.36"
93.35.191.123 - - [26/Apr/2022:17:58:51 +0200] "GET /templates/Pixame_v1/stylesheet.css HTTP/1.0" 200 267 "http://www.wonder-geek.com/karma-panda-night-light-p-55383.html" "Mozilla/5.0 (Windows NT 10.0; Win64; x64) AppleWebKit/537.36 (KHTML, like Gecko) Chrome/100.0.4896.127 Safari/537.36"
93.35.191.123 - - [26/Apr/2022:17:58:51 +0200] "GET /highslide/highslide.js HTTP/1.0" 200 262 "http://www.wonder-geek.com/karma-panda-night-light-p-55383.html" "Mozilla/5.0 (Windows NT 10.0; Win64; x64) AppleWebKit/537.36 (KHTML, like Gecko) Chrome/100.0.4896.127 Safari/537.36"
93.35.191.123 - - [26/Apr/2022:17:58:51 +0200] "GET /js/jquery.js HTTP/1.0" 200 252 "http://www.wonder-geek.com/karma-panda-night-light-p-55383.html" "Mozilla/5.0 (Windows NT 10.0; Win64; x64) AppleWebKit/537.36 (KHTML, like Gecko) Chrome/100.0.4896.127 Safari/537.36"
93.35.191.123 - - [26/Apr/2022:17:58:51 +0200] "GET /js/jquery.jqzoom.js HTTP/1.0" 200 259 "http://www.wonder-geek.com/karma-panda-night-light-p-55383.html" "Mozilla/5.0 (Windows NT 10.0; Win64; x64) AppleWebKit/537.36 (KHTML, like Gecko) Chrome/100.0.4896.127 Safari/537.36"
93.35.191.123 - - [26/Apr/2022:17:58:51 +0200] "GET /mondial_relay/js/jquery-1.3.2.min.js HTTP/1.0" 200 276 "http://www.wonder-geek.com/karma-panda-night-light-p-55383.html" "Mozilla/5.0 (Windows NT 10.0; Win64; x64) AppleWebKit/537.36 (KHTML, like Gecko) Chrome/100.0.4896.127 Safari/537.36"
93.35.191.123 - - [26/Apr/2022:17:58:51 +0200] "GET /swfobject.js HTTP/1.0" 404 1308 "http://www.wonder-geek.com/karma-panda-night-light-p-55383.html" "Mozilla/5.0 (Windows NT 10.0; Win64; x64) AppleWebKit/537.36 (KHTML, like Gecko) Chrome/100.0.4896.127 Safari/537.36"
93.35.191.123 - - [26/Apr/2022:17:58:51 +0200] "GET /templates/Pixame_v1/images/infobox/pixel_trans.gif HTTP/1.0" 200 328 "http://www.wonder-geek.com/karma-panda-night-light-p-55383.html" "Mozilla/5.0 (Windows NT 10.0; Win64; x64) AppleWebKit/537.36 (KHTML, like Gecko) Chrome/100.0.4896.127 Safari/537.36"
93.35.191.123 - - [26/Apr/2022:17:58:51 +0200] "GET /templates/Pixame_v1/images/icon_accueil2.png HTTP/1.0" 200 278 "http://www.wonder-geek.com/karma-panda-night-light-p-55383.html" "Mozilla/5.0 (Windows NT 10.0; Win64; x64) AppleWebKit/537.36 (KHTML, like Gecko) Chrome/100.0.4896.127 Safari/537.36"
93.35.191.123 - - [26/Apr/2022:17:58:51 +0200] "GET /images/big_prod/5404006044672.jpg HTTP/1.0" 200 268 "http://www.wonder-geek.com/karma-panda-night-light-p-55383.html" "Mozilla/5.0 (Windows NT 10.0; Win64; x64) AppleWebKit/537.36 (KHTML, like Gecko) Chrome/100.0.4896.127 Safari/537.36"
93.35.191.123 - - [26/Apr/2022:17:58:51 +0200] "GET /images/pixel_trans.gif HTTP/1.0" 200 328 "http://www.wonder-geek.com/karma-panda-night-light-p-55383.html" "Mozilla/5.0 (Windows NT 10.0; Win64; x64) AppleWebKit/537.36 (KHTML, like Gecko) Chrome/100.0.4896.127 Safari/537.36"
93.35.191.123 - - [26/Apr/2022:17:58:51 +0200] "GET /templates/Pixame_v1/images/pixel_trans.gif HTTP/1.0" 200 328 "http://www.wonder-geek.com/karma-panda-night-light-p-55383.html" "Mozilla/5.0 (Windows NT 10.0; Win64; x64) AppleWebKit/537.36 (KHTML, like Gecko) Chrome/100.0.4896.127 Safari/537.36"
93.35.191.123 - - [26/Apr/2022:17:58:51 +0200] "GET /templates/Pixame_v1/images/Middle_texture.jpg HTTP/1.0" 200 280 "http://www.wonder-geek.com/templates/Pixame_v1/stylesheet.css" "Mozilla/5.0 (Windows NT 10.0; Win64; x64) AppleWebKit/537.36 (KHTML, like Gecko) Chrome/100.0.4896.127 Safari/537.36"
93.35.191.123 - - [26/Apr/2022:17:58:51 +0200] "GET /templates/Pixame_v1/images/Bottom_texture.jpg HTTP/1.0" 200 280 "http://www.wonder-geek.com/templates/Pixame_v1/stylesheet.css" "Mozilla/5.0 (Windows NT 10.0; Win64; x64) AppleWebKit/537.36 (KHTML, like Gecko) Chrome/100.0.4896.127 Safari/537.36"
93.35.191.123 - - [26/Apr/2022:17:58:51 +0200] "GET /templates/Pixame_v1/images/header.png HTTP/1.0" 200 271 "http://www.wonder-geek.com/templates/Pixame_v1/stylesheet.css" "Mozilla/5.0 (Windows NT 10.0; Win64; x64) AppleWebKit/537.36 (KHTML, like Gecko) Chrome/100.0.4896.127 Safari/537.36"
93.35.191.123 - - [26/Apr/2022:17:58:51 +0200] "GET /templates/Pixame_v1/images/nav.png HTTP/1.0" 200 268 "http://www.wonder-geek.com/templates/Pixame_v1/stylesheet.css" "Mozilla/5.0 (Windows NT 10.0; Win64; x64) AppleWebKit/537.36 (KHTML, like Gecko) Chrome/100.0.4896.127 Safari/537.36"
93.35.191.123 - - [26/Apr/2022:17:58:51 +0200] "GET /templates/Pixame_v1/images/header-object.png HTTP/1.0" 200 278 "http://www.wonder-geek.com/templates/Pixame_v1/stylesheet.css" "Mozilla/5.0 (Windows NT 10.0; Win64; x64) AppleWebKit/537.36 (KHTML, like Gecko) Chrome/100.0.4896.127 Safari/537.36"
93.35.191.123 - - [26/Apr/2022:17:58:51 +0200] "GET /design/productsenstock.png HTTP/1.0" 200 260 "http://www.wonder-geek.com/templates/Pixame_v1/stylesheet.css" "Mozilla/5.0 (Windows NT 10.0; Win64; x64) AppleWebKit/537.36 (KHTML, like Gecko) Chrome/100.0.4896.127 Safari/537.36"
93.35.191.123 - - [26/Apr/2022:17:58:51 +0200] "GET /templates/Pixame_v1/images/infobox/infobox_footer_middle.gif HTTP/1.0" 200 357 "http://www.wonder-geek.com/karma-panda-night-light-p-55383.html" "Mozilla/5.0 (Windows NT 10.0; Win64; x64) AppleWebKit/537.36 (KHTML, like Gecko) Chrome/100.0.4896.127 Safari/537.36"
93.35.191.123 - - [26/Apr/2022:17:58:51 +0200] "GET /images/big_prod_3/5404006044672e.jpg HTTP/1.0" 200 271 "http://www.wonder-geek.com/karma-panda-night-light-p-55383.html" "Mozilla/5.0 (Windows NT 10.0; Win64; x64) AppleWebKit/537.36 (KHTML, like Gecko) Chrome/100.0.4896.127 Safari/537.36"
93.35.191.123 - - [26/Apr/2022:17:58:51 +0200] "GET /highslide/graphics/zoomin.cur HTTP/1.0" 200 614 "http://www.wonder-geek.com/templates/Pixame_v1/stylesheet.css" "Mozilla/5.0 (Windows NT 10.0; Win64; x64) AppleWebKit/537.36 (KHTML, like Gecko) Chrome/100.0.4896.127 Safari/537.36"
93.35.191.123 - - [26/Apr/2022:17:58:51 +0200] "GET /images/big_prod_1/5404006044672a.jpg HTTP/1.0" 200 271 "http://www.wonder-geek.com/karma-panda-night-light-p-55383.html" "Mozilla/5.0 (Windows NT 10.0; Win64; x64) AppleWebKit/537.36 (KHTML, like Gecko) Chrome/100.0.4896.127 Safari/537.36"
93.35.191.123 - - [26/Apr/2022:17:58:51 +0200] "GET /images/big_prod_2/5404006044672f.jpg HTTP/1.0" 200 271 "http://www.wonder-geek.com/karma-panda-night-light-p-55383.html" "Mozilla/5.0 (Windows NT 10.0; Win64; x64) AppleWebKit/537.36 (KHTML, like Gecko) Chrome/100.0.4896.127 Safari/537.36"
93.35.191.123 - - [26/Apr/2022:17:58:51 +0200] "GET /images/big_prod_5/5404006044672d.jpg HTTP/1.0" 200 271 "http://www.wonder-geek.com/karma-panda-night-light-p-55383.html" "Mozilla/5.0 (Windows NT 10.0; Win64; x64) AppleWebKit/537.36 (KHTML, like Gecko) Chrome/100.0.4896.127 Safari/537.36"
93.35.191.123 - - [26/Apr/2022:17:58:51 +0200] "GET /images/big_prod_6/5404006044672c.jpg HTTP/1.0" 200 271 "http://www.wonder-geek.com/karma-panda-night-light-p-55383.html" "Mozilla/5.0 (Windows NT 10.0; Win64; x64) AppleWebKit/537.36 (KHTML, like Gecko) Chrome/100.0.4896.127 Safari/537.36"
93.35.191.123 - - [26/Apr/2022:17:58:51 +0200] "GET /templates/Pixame_v1/images/buttons/english/button_in_cart.gif HTTP/1.0" 200 295 "http://www.wonder-geek.com/karma-panda-night-light-p-55383.html" "Mozilla/5.0 (Windows NT 10.0; Win64; x64) AppleWebKit/537.36 (KHTML, like Gecko) Chrome/100.0.4896.127 Safari/537.36"
93.35.191.123 - - [26/Apr/2022:17:58:51 +0200] "GET /highslide/graphics/zoomout.cur HTTP/1.0" 200 614 "http://www.wonder-geek.com/karma-panda-night-light-p-55383.html" "Mozilla/5.0 (Windows NT 10.0; Win64; x64) AppleWebKit/537.36 (KHTML, like Gecko) Chrome/100.0.4896.127 Safari/537.36"
93.35.191.123 - - [26/Apr/2022:17:58:51 +0200] "GET /highslide/graphics/outlines/drop-shadow.png HTTP/1.0" 200 277 "http://www.wonder-geek.com/karma-panda-night-light-p-55383.html" "Mozilla/5.0 (Windows NT 10.0; Win64; x64) AppleWebKit/537.36 (KHTML, like Gecko) Chrome/100.0.4896.127 Safari/537.36"
93.35.191.123 - - [26/Apr/2022:17:58:51 +0200] "GET /highslide/graphics/loader.white.gif HTTP/1.0" 200 960 "http://www.wonder-geek.com/templates/Pixame_v1/stylesheet.css" "Mozilla/5.0 (Windows NT 10.0; Win64; x64) AppleWebKit/537.36 (KHTML, like Gecko) Chrome/100.0.4896.127 Safari/537.36"
93.35.191.123 - - [26/Apr/2022:17:58:51 +0200] "GET /favicon.ico HTTP/1.0" 200 260 "http://www.wonder-geek.com/karma-panda-night-light-p-55383.html" "Mozilla/5.0 (Windows NT 10.0; Win64; x64) AppleWebKit/537.36 (KHTML, like Gecko) Chrome/100.0.4896.127 Safari/537.36"
185.191.171.43 - - [26/Apr/2022:17:59:15 +0200] "GET /-p-44186.html?action=add_product HTTP/1.0" 302 476 "-" "Mozilla/5.0 (compatible; SemrushBot/7~bl; +http://www.semrush.com/bot.html)"
185.191.171.44 - - [26/Apr/2022:17:59:35 +0200] "GET /bistrot-des-amis-toothpick-display-p-39782.html HTTP/1.0" 301 71023 "-" "Mozilla/5.0 (compatible; SemrushBot/7~bl; +http://www.semrush.com/bot.html)"
54.36.149.76 - - [26/Apr/2022:17:59:35 +0200] "GET /glass-cutting-board-by-cbkreation-p-51304.html HTTP/1.0" 301 73611 "-" "Mozilla/5.0 (compatible; AhrefsBot/7.0; +http://ahrefs.com/robot/)"
185.191.171.12 - - [26/Apr/2022:17:59:38 +0200] "GET /bistrot-amis-toothpick-display-p-39782.html HTTP/1.0" 200 70926 "-" "Mozilla/5.0 (compatible; SemrushBot/7~bl; +http://www.semrush.com/bot.html)"
185.191.171.22 - - [26/Apr/2022:18:00:41 +0200] "GET /votive-candle-hours-eastern-promise-p-38112.html HTTP/1.0" 200 74612 "-" "Mozilla/5.0 (compatible; SemrushBot/7~bl; +http://www.semrush.com/bot.html)"
54.36.148.177 - - [26/Apr/2022:18:00:43 +0200] "GET /dora-the-explorer-pair-of-socks-19-22-p-25348.html HTTP/1.0" 301 70875 "-" "Mozilla/5.0 (compatible; AhrefsBot/7.0; +http://ahrefs.com/robot/)"
20.102.48.54 - - [26/Apr/2022:18:00:43 +0200] "GET /wooden-boxes-storage-c-13_150_220.html HTTP/1.0" 200 90941 "-" "Mozilla/5.0 (Windows NT 10.0; Win64; x64) AppleWebKit/537.36 (KHTML, like Gecko) Chrome/86.0.4240.75 Safari/537.36"
20.102.48.54 - - [26/Apr/2022:18:00:46 +0200] "GET /toothbox-c-13_150_170.html HTTP/1.0" 200 91154 "-" "Mozilla/5.0 (Windows NT 10.0; Win64; x64) AppleWebKit/537.36 (KHTML, like Gecko) Chrome/86.0.4240.75 Safari/537.36"
66.249.66.210 - - [26/Apr/2022:18:00:58 +0200] "GET /robocar-poli-moving-p-32409.html HTTP/1.0" 200 73622 "-" "Mozilla/5.0 (Linux; Android 6.0.1; Nexus 5X Build/MMB29P) AppleWebKit/537.36 (KHTML, like Gecko) Chrome/100.0.4896.127 Mobile Safari/537.36 (compatible; Googlebot/2.1; +http://www.google.com/bot.html)"
40.91.113.104 - - [26/Apr/2022:18:01:08 +0200] "GET /images/mini_prod/3453131141178.jpg HTTP/1.0" 200 269 "-" "Mozilla/5.0 (Windows NT 10.0; WOW64) AppleWebKit/537.36 (KHTML, like Gecko) Chrome/68.0.3440.106 Safari/537.36"
20.102.48.54 - - [26/Apr/2022:18:01:29 +0200] "GET /checkout_shipping.php HTTP/1.0" 302 468 "-" "Mozilla/5.0 (Windows NT 10.0; Win64; x64) AppleWebKit/537.36 (KHTML, like Gecko) Chrome/86.0.4240.75 Safari/537.36"
20.102.48.54 - - [26/Apr/2022:18:01:29 +0200] "GET /login.php HTTP/1.0" 200 17155 "-" "Mozilla/5.0 (Windows NT 10.0; Win64; x64) AppleWebKit/537.36 (KHTML, like Gecko) Chrome/86.0.4240.75 Safari/537.36"
185.191.171.9 - - [26/Apr/2022:18:01:33 +0200] "GET /large-candle-hours-rambling-rose-p-32995.html?action=add_product HTTP/1.0" 302 476 "-" "Mozilla/5.0 (compatible; SemrushBot/7~bl; +http://www.semrush.com/bot.html)"
185.191.171.45 - - [26/Apr/2022:18:01:34 +0200] "GET /home-decoration-c-13.html?page=15 HTTP/1.0" 200 93391 "-" "Mozilla/5.0 (compatible; SemrushBot/7~bl; +http://www.semrush.com/bot.html)"
185.191.171.17 - - [26/Apr/2022:18:01:44 +0200] "GET /calendar-workbook-organizer-c-129_189.html?page=1 HTTP/1.0" 200 91659 "-" "Mozilla/5.0 (compatible; SemrushBot/7~bl; +http://www.semrush.com/bot.html)"
185.191.171.20 - - [26/Apr/2022:18:01:48 +0200] "GET /kimmi-junior-paige-keychains-p-7424.html?action=add_product HTTP/1.0" 302 476 "-" "Mozilla/5.0 (compatible; SemrushBot/7~bl; +http://www.semrush.com/bot.html)"
40.77.167.0 - - [26/Apr/2022:18:02:06 +0200] "GET /calavera-muerte-etienne-boyer-white-shirt-p-30768.html HTTP/1.0" 200 75913 "-" "Mozilla/5.0 (compatible; bingbot/2.0; +http://www.bing.com/bingbot.htm)"
66.249.66.214 - - [26/Apr/2022:18:02:09 +0200] "GET /diddl-m-98.html HTTP/1.0" 200 77099 "-" "Mozilla/5.0 (compatible; Googlebot/2.1; +http://www.google.com/bot.html)"
113.207.6.244 - - [26/Apr/2022:18:02:15 +0200] "GET /images/mini_prod/1399984241813.jpg HTTP/1.0" 200 269 "-" "Mozilla/5.0 (X11; Ubuntu; Linux x86_64; rv:72.0) Gecko/20100101 Firefox/72.0"
185.191.171.20 - - [26/Apr/2022:18:02:18 +0200] "GET /city-with-infuser-model-p-54154.html HTTP/1.0" 200 73515 "-" "Mozilla/5.0 (compatible; SemrushBot/7~bl; +http://www.semrush.com/bot.html)"
54.36.148.243 - - [26/Apr/2022:18:02:21 +0200] "GET /deco-soapstone-tree-life-orange-p-53791.html HTTP/1.0" 200 74393 "-" "Mozilla/5.0 (compatible; AhrefsBot/7.0; +http://ahrefs.com/robot/)"
185.191.171.44 - - [26/Apr/2022:18:03:17 +0200] "GET /lamas-table-p-45632.html HTTP/1.0" 200 73354 "-" "Mozilla/5.0 (compatible; SemrushBot/7~bl; +http://www.semrush.com/bot.html)"
185.191.171.26 - - [26/Apr/2022:18:03:45 +0200] "GET /tetsubin-yellow-teapots-japanese-p-36059.html HTTP/1.0" 200 73763 "-" "Mozilla/5.0 (compatible; SemrushBot/7~bl; +http://www.semrush.com/bot.html)"
157.90.128.183 - - [26/Apr/2022:18:03:51 +0200] "GET /images/mini_prod/3453131129985.jpg HTTP/1.0" 200 269 "-" "Mozilla/5.0 (X11; Ubuntu; Linux x86_64; rv:72.0) Gecko/20100101 Firefox/72.0"
185.191.171.18 - - [26/Apr/2022:18:03:55 +0200] "GET /mini-led-flashlight-light-cars-p-35788.html HTTP/1.0" 301 70875 "-" "Mozilla/5.0 (compatible; SemrushBot/7~bl; +http://www.semrush.com/bot.html)"
