185.191.171.25 - - [26/Apr/2022:08:43:24 +0200] "GET /home-decoration-c-13.html?page=11 HTTP/1.0" 200 93474 "-" "Mozilla/5.0 (compatible; SemrushBot/7~bl; +http://www.semrush.com/bot.html)"
185.191.171.2 - - [26/Apr/2022:08:43:31 +0200] "GET /-p-42955.html?action=add_product HTTP/1.0" 302 476 "-" "Mozilla/5.0 (compatible; SemrushBot/7~bl; +http://www.semrush.com/bot.html)"
54.36.149.59 - - [26/Apr/2022:08:43:36 +0200] "GET /johnny-hallyday-spark-floor-standing-ashtray-p-13151.html HTTP/1.0" 301 70875 "-" "Mozilla/5.0 (compatible; AhrefsBot/7.0; +http://ahrefs.com/robot/)"
54.36.148.243 - - [26/Apr/2022:08:43:44 +0200] "GET /small-cups-plank-christmas-p-57089.html HTTP/1.0" 200 73660 "-" "Mozilla/5.0 (compatible; AhrefsBot/7.0; +http://ahrefs.com/robot/)"
185.191.171.15 - - [26/Apr/2022:08:43:53 +0200] "GET /dora-the-explorer-placemat-p-17171.html HTTP/1.0" 301 73655 "-" "Mozilla/5.0 (compatible; SemrushBot/7~bl; +http://www.semrush.com/bot.html)"
185.191.171.14 - - [26/Apr/2022:08:44:01 +0200] "GET /dora-explorer-placemat-p-17171.html HTTP/1.0" 200 73566 "-" "Mozilla/5.0 (compatible; SemrushBot/7~bl; +http://www.semrush.com/bot.html)"
185.191.171.14 - - [26/Apr/2022:08:44:06 +0200] "GET /cement-tile-stickers-15-15-cm-p-50348.html HTTP/1.0" 301 74464 "-" "Mozilla/5.0 (compatible; SemrushBot/7~bl; +http://www.semrush.com/bot.html)"
185.191.171.10 - - [26/Apr/2022:08:44:10 +0200] "GET /cement-tile-stickers-p-50348.html HTTP/1.0" 200 74377 "-" "Mozilla/5.0 (compatible; SemrushBot/7~bl; +http://www.semrush.com/bot.html)"
40.125.124.192 - - [26/Apr/2022:08:44:55 +0200] "GET /images/mini_prod/8424001557493.jpg HTTP/1.0" 200 269 "-" "Mozilla/5.0 (Windows NT 10.0; WOW64) AppleWebKit/537.36 (KHTML, like Gecko) Chrome/64.0.3282.186 Safari/537.36"
66.249.66.214 - - [26/Apr/2022:08:45:11 +0200] "GET /tour-france-metal-plate-p-51220.html HTTP/1.0" 200 73462 "-" "Mozilla/5.0 (Linux; Android 6.0.1; Nexus 5X Build/MMB29P) AppleWebKit/537.36 (KHTML, like Gecko) Chrome/100.0.4896.127 Mobile Safari/537.36 (compatible; Googlebot/2.1; +http://www.google.com/bot.html)"
54.36.148.243 - - [26/Apr/2022:08:45:17 +0200] "GET /round-carpet-p-48048.html HTTP/1.0" 200 74310 "-" "Mozilla/5.0 (compatible; AhrefsBot/7.0; +http://ahrefs.com/robot/)"
17.121.113.150 - - [26/Apr/2022:08:45:42 +0200] "GET /images/mini_prod/3700281666878.jpg HTTP/1.0" 200 269 "-" "Mozilla/5.0 (Macintosh; Intel Mac OS X 10_15_5) AppleWebKit/605.1.15 (KHTML, like Gecko) Version/13.1.1 Safari/605.1.15 (Applebot/0.1; +http://www.apple.com/go/applebot)"
185.191.171.13 - - [26/Apr/2022:08:46:24 +0200] "GET /wooden-p-35422.html HTTP/1.0" 200 73485 "-" "Mozilla/5.0 (compatible; SemrushBot/7~bl; +http://www.semrush.com/bot.html)"
54.36.148.243 - - [26/Apr/2022:08:46:35 +0200] "GET /elephant-collection-mini-teapot-britto-p-50408.html HTTP/1.0" 200 74251 "-" "Mozilla/5.0 (compatible; AhrefsBot/7.0; +http://ahrefs.com/robot/)"
185.191.171.25 - - [26/Apr/2022:08:46:49 +0200] "GET /curtain-eyelets-blue-p-35311.html HTTP/1.0" 200 76396 "-" "Mozilla/5.0 (compatible; SemrushBot/7~bl; +http://www.semrush.com/bot.html)"
185.191.171.43 - - [26/Apr/2022:08:46:58 +0200] "GET /blue-piggy-bank-p-54809.html?action=add_product HTTP/1.0" 302 476 "-" "Mozilla/5.0 (compatible; SemrushBot/7~bl; +http://www.semrush.com/bot.html)"
20.64.196.243 - - [26/Apr/2022:08:47:17 +0200] "GET /images/mini_prod/3700653511379.jpg HTTP/1.0" 200 269 "-" "Mozilla/5.0 (X11; Linux x86_64) AppleWebKit/537.36 (KHTML, like Gecko) Chrome/62.0.3202.62 Safari/537.36"
157.90.128.183 - - [26/Apr/2022:08:47:45 +0200] "GET /images/mini_prod/1367103427257.jpg HTTP/1.0" 200 269 "-" "Mozilla/5.0 (X11; Ubuntu; Linux x86_64; rv:72.0) Gecko/20100101 Firefox/72.0"
216.244.66.242 - - [26/Apr/2022:08:47:54 +0200] "GET /corkscrew-bottle-opener-sommelier-kit-c-12_213.html HTTP/1.0" 301 91366 "-" "Mozilla/5.0 (compatible; DotBot/1.2; +https://opensiteexplorer.org/dotbot; help@moz.com)"
66.249.66.210 - - [26/Apr/2022:08:47:55 +0200] "GET /chikako-kimmidoll-swarovski-chain-bracelet-with-charm-p-16775.html HTTP/1.0" 200 74089 "-" "Mozilla/5.0 (compatible; Googlebot/2.1; +http://www.google.com/bot.html)"
54.36.148.243 - - [26/Apr/2022:08:48:04 +0200] "GET /white-rabbit-mini-figurine-p-47682.html HTTP/1.0" 200 74811 "-" "Mozilla/5.0 (compatible; AhrefsBot/7.0; +http://ahrefs.com/robot/)"
185.191.171.8 - - [26/Apr/2022:08:48:05 +0200] "GET /paris-pink-companion-wallet-p-38622.html HTTP/1.0" 200 74194 "-" "Mozilla/5.0 (compatible; SemrushBot/7~bl; +http://www.semrush.com/bot.html)"
185.191.171.15 - - [26/Apr/2022:08:48:32 +0200] "GET /-p-17832.html?action=add_product HTTP/1.0" 302 476 "-" "Mozilla/5.0 (compatible; SemrushBot/7~bl; +http://www.semrush.com/bot.html)"
54.36.148.243 - - [26/Apr/2022:08:49:24 +0200] "GET /cushion-cover-ethnik-p-49952.html HTTP/1.0" 200 74293 "-" "Mozilla/5.0 (compatible; AhrefsBot/7.0; +http://ahrefs.com/robot/)"
185.191.171.12 - - [26/Apr/2022:08:49:29 +0200] "GET /johnny-hallyday-purple-bar-stool-p-43297.html HTTP/1.0" 301 70875 "-" "Mozilla/5.0 (compatible; SemrushBot/7~bl; +http://www.semrush.com/bot.html)"
185.191.171.42 - - [26/Apr/2022:08:49:34 +0200] "GET /-p-43297.html HTTP/1.0" 200 70808 "-" "Mozilla/5.0 (compatible; SemrushBot/7~bl; +http://www.semrush.com/bot.html)"
185.191.171.10 - - [26/Apr/2022:08:49:58 +0200] "GET /merci-gustave-eiffel-tower-minnie-mouse-white-and-red-p-31345.html HTTP/1.0" 301 71106 "-" "Mozilla/5.0 (compatible; SemrushBot/7~bl; +http://www.semrush.com/bot.html)"
185.191.171.25 - - [26/Apr/2022:08:50:02 +0200] "GET /merci-gustave-eiffel-tower-minnie-mouse-white-p-31345.html HTTP/1.0" 200 70994 "-" "Mozilla/5.0 (compatible; SemrushBot/7~bl; +http://www.semrush.com/bot.html)"
185.191.171.3 - - [26/Apr/2022:08:50:08 +0200] "GET /jasmin-p-43128.html?action=add_product HTTP/1.0" 302 476 "-" "Mozilla/5.0 (compatible; SemrushBot/7~bl; +http://www.semrush.com/bot.html)"
185.191.171.2 - - [26/Apr/2022:08:50:30 +0200] "GET /melt-christmas-night-p-42620.html HTTP/1.0" 200 74150 "-" "Mozilla/5.0 (compatible; SemrushBot/7~bl; +http://www.semrush.com/bot.html)"
54.36.148.243 - - [26/Apr/2022:08:50:45 +0200] "GET /monster-high-stationery-p-20401.html HTTP/1.0" 200 73704 "-" "Mozilla/5.0 (compatible; AhrefsBot/7.0; +http://ahrefs.com/robot/)"
147.92.153.19 - - [26/Apr/2022:08:50:45 +0200] "GET /toothbox-c-13_150_170.html HTTP/1.0" 200 91154 "-" "Mozilla/5.0 (compatible; Linespider/1.1; +https://lin.ee/4dwXkTH)"
66.249.66.210 - - [26/Apr/2022:08:51:01 +0200] "GET /flower-joris-collection-blue-p-54677.html HTTP/1.0" 200 70934 "-" "Mozilla/5.0 (Linux; Android 6.0.1; Nexus 5X Build/MMB29P) AppleWebKit/537.36 (KHTML, like Gecko) Chrome/100.0.4896.127 Mobile Safari/537.36 (compatible; Googlebot/2.1; +http://www.google.com/bot.html)"
66.249.66.210 - - [26/Apr/2022:08:51:23 +0200] "GET /artisan-plaster-thermometer-handcrafted-p-58025.html HTTP/1.0" 200 74674 "-" "Mozilla/5.0 (Linux; Android 6.0.1; Nexus 5X Build/MMB29P) AppleWebKit/537.36 (KHTML, like Gecko) Chrome/100.0.4896.127 Mobile Safari/537.36 (compatible; Googlebot/2.1; +http://www.google.com/bot.html)"
66.249.66.212 - - [26/Apr/2022:08:51:25 +0200] "GET /images/1300010240366.jpg HTTP/1.0" 200 259 "-" "Googlebot-Image/1.0"
185.191.171.5 - - [26/Apr/2022:08:51:27 +0200] "GET /british-phone-cover-iphone-p-12676.html HTTP/1.0" 200 73589 "-" "Mozilla/5.0 (compatible; SemrushBot/7~bl; +http://www.semrush.com/bot.html)"
66.249.66.210 - - [26/Apr/2022:08:51:46 +0200] "GET /artisan-plaster-thermometer-handcrafted-p-58009.html HTTP/1.0" 200 74526 "-" "Mozilla/5.0 (Linux; Android 6.0.1; Nexus 5X Build/MMB29P) AppleWebKit/537.36 (KHTML, like Gecko) Chrome/100.0.4896.127 Mobile Safari/537.36 (compatible; Googlebot/2.1; +http://www.google.com/bot.html)"
54.36.148.243 - - [26/Apr/2022:08:52:02 +0200] "GET /home-decoration-c-13.html?page=73 HTTP/1.0" 200 92472 "-" "Mozilla/5.0 (compatible; AhrefsBot/7.0; +http://ahrefs.com/robot/)"
66.249.66.210 - - [26/Apr/2022:08:52:09 +0200] "GET /artisan-plaster-thermometer-handcrafted-p-58047.html HTTP/1.0" 200 74526 "-" "Mozilla/5.0 (Linux; Android 6.0.1; Nexus 5X Build/MMB29P) AppleWebKit/537.36 (KHTML, like Gecko) Chrome/100.0.4896.127 Mobile Safari/537.36 (compatible; Googlebot/2.1; +http://www.google.com/bot.html)"
185.191.171.14 - - [26/Apr/2022:08:52:23 +0200] "GET /candle-holder-flower-of-life-p-48490.html HTTP/1.0" 301 73662 "-" "Mozilla/5.0 (compatible; SemrushBot/7~bl; +http://www.semrush.com/bot.html)"
185.191.171.36 - - [26/Apr/2022:08:52:30 +0200] "GET /candle-holder-flower-life-p-48490.html HTTP/1.0" 200 73570 "-" "Mozilla/5.0 (compatible; SemrushBot/7~bl; +http://www.semrush.com/bot.html)"
66.249.66.210 - - [26/Apr/2022:08:52:32 +0200] "GET /magneti-stick-princess-janod-p-19491.html HTTP/1.0" 200 70939 "-" "Mozilla/5.0 (Linux; Android 6.0.1; Nexus 5X Build/MMB29P) AppleWebKit/537.36 (KHTML, like Gecko) Chrome/100.0.4896.127 Mobile Safari/537.36 (compatible; Googlebot/2.1; +http://www.google.com/bot.html)"
66.249.66.210 - - [26/Apr/2022:08:52:55 +0200] "GET /star-wars-tee-shirt-p-29590.html HTTP/1.0" 301 70948 "-" "Mozilla/5.0 (Linux; Android 6.0.1; Nexus 5X Build/MMB29P) AppleWebKit/537.36 (KHTML, like Gecko) Chrome/100.0.4896.127 Mobile Safari/537.36 (compatible; Googlebot/2.1; +http://www.google.com/bot.html)"
66.249.66.210 - - [26/Apr/2022:08:52:58 +0200] "GET /star-wars-shirt-p-29590.html HTTP/1.0" 200 70866 "-" "Mozilla/5.0 (Linux; Android 6.0.1; Nexus 5X Build/MMB29P) AppleWebKit/537.36 (KHTML, like Gecko) Chrome/100.0.4896.127 Mobile Safari/537.36 (compatible; Googlebot/2.1; +http://www.google.com/bot.html)"
185.191.171.7 - - [26/Apr/2022:08:53:05 +0200] "GET /parfum-provence-bath-soap-dish-p-47700.html?action=add_product HTTP/1.0" 302 476 "-" "Mozilla/5.0 (compatible; SemrushBot/7~bl; +http://www.semrush.com/bot.html)"
185.191.171.17 - - [26/Apr/2022:08:53:07 +0200] "GET /giraffe-figurine-golden-resin-p-53648.html?action=add_product HTTP/1.0" 302 476 "-" "Mozilla/5.0 (compatible; SemrushBot/7~bl; +http://www.semrush.com/bot.html)"
66.249.66.212 - - [26/Apr/2022:08:53:18 +0200] "GET /beyblade-stationery-set-p-15983.html HTTP/1.0" 301 70992 "-" "Mozilla/5.0 (Linux; Android 6.0.1; Nexus 5X Build/MMB29P) AppleWebKit/537.36 (KHTML, like Gecko) Chrome/100.0.4896.127 Mobile Safari/537.36 (compatible; Googlebot/2.1; +http://www.google.com/bot.html)"
66.249.66.212 - - [26/Apr/2022:08:53:20 +0200] "GET /beyblade-stationery-p-15983.html HTTP/1.0" 200 70906 "-" "Mozilla/5.0 (Linux; Android 6.0.1; Nexus 5X Build/MMB29P) AppleWebKit/537.36 (KHTML, like Gecko) Chrome/100.0.4896.127 Mobile Safari/537.36 (compatible; Googlebot/2.1; +http://www.google.com/bot.html)"
54.36.148.243 - - [26/Apr/2022:08:53:29 +0200] "GET /letter-wall-decor-sticker-gray-p-57798.html HTTP/1.0" 200 74318 "-" "Mozilla/5.0 (compatible; AhrefsBot/7.0; +http://ahrefs.com/robot/)"
185.191.171.7 - - [26/Apr/2022:08:53:34 +0200] "GET /tetsubin-teapot-japanese-p-37374.html?action=add_product HTTP/1.0" 302 476 "-" "Mozilla/5.0 (compatible; SemrushBot/7~bl; +http://www.semrush.com/bot.html)"
216.244.66.242 - - [26/Apr/2022:08:53:37 +0200] "GET /chair-cushion-scratchs-grey-38-cm-p-43504.html HTTP/1.0" 301 73641 "-" "Mozilla/5.0 (compatible; DotBot/1.2; +https://opensiteexplorer.org/dotbot; help@moz.com)"
54.36.148.118 - - [26/Apr/2022:08:53:48 +0200] "GET /avengers-marvel-large-weekend-bag-p-33673.html HTTP/1.0" 301 70875 "-" "Mozilla/5.0 (compatible; AhrefsBot/7.0; +http://ahrefs.com/robot/)"
66.249.66.214 - - [26/Apr/2022:08:54:04 +0200] "GET /mani-lucky-glasses-case-p-47576.html HTTP/1.0" 200 74174 "-" "Mozilla/5.0 (Linux; Android 6.0.1; Nexus 5X Build/MMB29P) AppleWebKit/537.36 (KHTML, like Gecko) Chrome/100.0.4896.127 Mobile Safari/537.36 (compatible; Googlebot/2.1; +http://www.google.com/bot.html)"
185.191.171.7 - - [26/Apr/2022:08:54:29 +0200] "GET /cigales-cast-iron-round-trivet-p-48578.html?action=add_product HTTP/1.0" 302 476 "-" "Mozilla/5.0 (compatible; SemrushBot/7~bl; +http://www.semrush.com/bot.html)"
66.249.66.210 - - [26/Apr/2022:08:54:50 +0200] "GET /star-wars-covers-poster-p-33526.html HTTP/1.0" 200 70914 "-" "Mozilla/5.0 (Linux; Android 6.0.1; Nexus 5X Build/MMB29P) AppleWebKit/537.36 (KHTML, like Gecko) Chrome/100.0.4896.127 Mobile Safari/537.36 (compatible; Googlebot/2.1; +http://www.google.com/bot.html)"
47.254.65.120 - - [26/Apr/2022:08:54:54 +0200] "GET /images/mini_prod/8422028078571.jpg HTTP/1.0" 200 269 "-" "Mozilla/5.0 (X11; Ubuntu; Linux x86_64; rv:72.0) Gecko/20100101 Firefox/72.0"
185.191.171.7 - - [26/Apr/2022:08:54:57 +0200] "GET /-p-49136.html?action=add_product HTTP/1.0" 302 476 "-" "Mozilla/5.0 (compatible; SemrushBot/7~bl; +http://www.semrush.com/bot.html)"
185.191.171.26 - - [26/Apr/2022:08:55:03 +0200] "GET /mushroom-shaped-night-light-p-57818.html HTTP/1.0" 200 74098 "-" "Mozilla/5.0 (compatible; SemrushBot/7~bl; +http://www.semrush.com/bot.html)"
54.36.148.243 - - [26/Apr/2022:08:55:11 +0200] "GET /fitted-sheet-c-11_193.html HTTP/1.0" 200 91398 "-" "Mozilla/5.0 (compatible; AhrefsBot/7.0; +http://ahrefs.com/robot/)"
185.191.171.17 - - [26/Apr/2022:08:55:20 +0200] "GET /metal-moneybox-star-wars-p-49631.html HTTP/1.0" 301 70875 "-" "Mozilla/5.0 (compatible; SemrushBot/7~bl; +http://www.semrush.com/bot.html)"
185.191.171.15 - - [26/Apr/2022:08:55:24 +0200] "GET /-p-49631.html HTTP/1.0" 200 70808 "-" "Mozilla/5.0 (compatible; SemrushBot/7~bl; +http://www.semrush.com/bot.html)"
54.36.149.23 - - [26/Apr/2022:08:55:24 +0200] "GET /dubout-cats-white-mug-p-52492.html HTTP/1.0" 301 73488 "-" "Mozilla/5.0 (compatible; AhrefsBot/7.0; +http://ahrefs.com/robot/)"
66.249.66.212 - - [26/Apr/2022:08:55:36 +0200] "GET /stationery-and-cardmaking/stationery-school-supplies/crayola-sponge-painting-kit-p-16673.html HTTP/1.0" 301 71016 "-" "Mozilla/5.0 (compatible; Googlebot/2.1; +http://www.google.com/bot.html)"
66.249.66.214 - - [26/Apr/2022:08:55:38 +0200] "GET /crayola-sponge-painting-p-16673.html HTTP/1.0" 200 70926 "-" "Mozilla/5.0 (compatible; Googlebot/2.1; +http://www.google.com/bot.html)"
185.191.171.15 - - [26/Apr/2022:08:55:39 +0200] "GET /dubout-cats-cover-pillow-p-32247.html HTTP/1.0" 200 70910 "-" "Mozilla/5.0 (compatible; SemrushBot/7~bl; +http://www.semrush.com/bot.html)"
66.249.66.212 - - [26/Apr/2022:08:55:41 +0200] "GET /boho-wooden-frame-free-spirit-love-inside-p-41401.html HTTP/1.0" 200 73688 "-" "Mozilla/5.0 (Linux; Android 6.0.1; Nexus 5X Build/MMB29P) AppleWebKit/537.36 (KHTML, like Gecko) Chrome/100.0.4896.127 Mobile Safari/537.36 (compatible; Googlebot/2.1; +http://www.google.com/bot.html)"
185.191.171.35 - - [26/Apr/2022:08:55:42 +0200] "GET /luggages-schoolbags-leather-shop-c-31.html?page=40 HTTP/1.0" 200 93534 "-" "Mozilla/5.0 (compatible; SemrushBot/7~bl; +http://www.semrush.com/bot.html)"
185.191.171.4 - - [26/Apr/2022:08:55:46 +0200] "GET /phone-cover-for-iphone-cbkreation-p-14149.html HTTP/1.0" 301 71025 "-" "Mozilla/5.0 (compatible; SemrushBot/7~bl; +http://www.semrush.com/bot.html)"
185.191.171.25 - - [26/Apr/2022:08:55:50 +0200] "GET /phone-cover-iphone-cbkreation-p-14149.html HTTP/1.0" 200 70929 "-" "Mozilla/5.0 (compatible; SemrushBot/7~bl; +http://www.semrush.com/bot.html)"
185.191.171.4 - - [26/Apr/2022:08:56:29 +0200] "GET /minnie-mouse-disney-suitcase-p-31207.html?action=add_product HTTP/1.0" 302 476 "-" "Mozilla/5.0 (compatible; SemrushBot/7~bl; +http://www.semrush.com/bot.html)"
54.36.148.243 - - [26/Apr/2022:08:56:44 +0200] "GET /jackets-coats-parkas-c-2_41.html HTTP/1.0" 200 78437 "-" "Mozilla/5.0 (compatible; AhrefsBot/7.0; +http://ahrefs.com/robot/)"
66.249.66.214 - - [26/Apr/2022:08:57:07 +0200] "GET /dishes/mugs-and-mazagrans/raving-rabbids-mug-p-27563.html HTTP/1.0" 301 70943 "-" "Mozilla/5.0 (Linux; Android 6.0.1; Nexus 5X Build/MMB29P) AppleWebKit/537.36 (KHTML, like Gecko) Chrome/100.0.4896.127 Mobile Safari/537.36 (compatible; Googlebot/2.1; +http://www.google.com/bot.html)"
66.249.66.212 - - [26/Apr/2022:08:57:09 +0200] "GET /raving-rabbids-p-27563.html HTTP/1.0" 200 70862 "-" "Mozilla/5.0 (Linux; Android 6.0.1; Nexus 5X Build/MMB29P) AppleWebKit/537.36 (KHTML, like Gecko) Chrome/100.0.4896.127 Mobile Safari/537.36 (compatible; Googlebot/2.1; +http://www.google.com/bot.html)"
51.68.224.127 - - [26/Apr/2022:08:57:13 +0200] "GET /adminweb/export_orders_xml.php?token=256de2z6edz6ed2z6DFSFsed2zed6zeDSFDSGdzedezfzf&maxorders=10&orderstart=1&status=14&start_date=2018-10-01 HTTP/1.0" 200 285 "-" "GesCom CharlotteBoutik Serveur"
51.68.224.127 - - [26/Apr/2022:08:57:13 +0200] "GET /adminweb/export_orders_xml.php?token=256de2z6edz6ed2z6DFSFsed2zed6zeDSFDSGdzedezfzf&maxorders=10&orderstart=1&status=6&start_date=2018-10-01 HTTP/1.0" 200 32798 "-" "GesCom CharlotteBoutik Serveur"
20.64.196.217 - - [26/Apr/2022:08:57:37 +0200] "GET /images/mini_prod/3662468005415.jpg HTTP/1.0" 200 269 "-" "Mozilla/5.0 (Windows NT 10.0; ) Gecko/20100101 Firefox/61.0"
185.191.171.4 - - [26/Apr/2022:08:57:40 +0200] "GET /pepsi-metal-plate-40-30-cm-p-40310.html HTTP/1.0" 301 73665 "-" "Mozilla/5.0 (compatible; SemrushBot/7~bl; +http://www.semrush.com/bot.html)"
40.125.96.217 - - [26/Apr/2022:08:57:44 +0200] "GET /images/mini_prod/3609810045095.jpg HTTP/1.0" 200 269 "-" "Mozilla/5.0 (Windows NT 10.0; WOW64) AppleWebKit/537.36 (KHTML, like Gecko) Chrome/64.0.3282.186 Safari/537.36"
185.191.171.21 - - [26/Apr/2022:08:57:44 +0200] "GET /pepsi-metal-plate-p-40310.html HTTP/1.0" 200 73581 "-" "Mozilla/5.0 (compatible; SemrushBot/7~bl; +http://www.semrush.com/bot.html)"
66.249.66.212 - - [26/Apr/2022:08:57:53 +0200] "GET /cbkration-toiletry-p-40655.html HTTP/1.0" 200 73555 "-" "Mozilla/5.0 (compatible; Googlebot/2.1; +http://www.google.com/bot.html)"
54.36.148.243 - - [26/Apr/2022:08:58:07 +0200] "GET /white-ceramic-toilet-brush-p-57894.html HTTP/1.0" 200 74390 "-" "Mozilla/5.0 (compatible; AhrefsBot/7.0; +http://ahrefs.com/robot/)"
20.64.192.111 - - [26/Apr/2022:08:58:25 +0200] "GET /images/mini_prod/3520071755960.jpg HTTP/1.0" 200 269 "-" "Mozilla/4.0 (compatible; MSIE 7.0; Windows NT 6.0)"
66.249.66.212 - - [26/Apr/2022:08:58:39 +0200] "GET /decoration-antique-elephant-p-42592.html HTTP/1.0" 200 74193 "-" "Mozilla/5.0 (compatible; Googlebot/2.1; +http://www.google.com/bot.html)"
185.191.171.3 - - [26/Apr/2022:08:58:50 +0200] "GET /beautiful-ballerina-minnie-mouse-figurine-p-45971.html HTTP/1.0" 200 74929 "-" "Mozilla/5.0 (compatible; SemrushBot/7~bl; +http://www.semrush.com/bot.html)"
216.244.66.242 - - [26/Apr/2022:08:58:54 +0200] "GET /cars-tumbler-with-straw-p-31690.html HTTP/1.0" 200 70914 "-" "Mozilla/5.0 (compatible; DotBot/1.2; +https://opensiteexplorer.org/dotbot; help@moz.com)"
66.249.66.212 - - [26/Apr/2022:08:59:25 +0200] "GET /indian-craft-drawers-p-37259.html HTTP/1.0" 200 73793 "-" "Mozilla/5.0 (compatible; Googlebot/2.1; +http://www.google.com/bot.html)"
216.244.66.242 - - [26/Apr/2022:08:59:26 +0200] "GET /saint-raphael-prayer-candle-novena-p-44460.html HTTP/1.0" 200 74303 "-" "Mozilla/5.0 (compatible; DotBot/1.2; +https://opensiteexplorer.org/dotbot; help@moz.com)"
54.36.148.243 - - [26/Apr/2022:08:59:46 +0200] "GET /childrens-beds-c-13_210.html HTTP/1.0" 200 76387 "-" "Mozilla/5.0 (compatible; AhrefsBot/7.0; +http://ahrefs.com/robot/)"
185.191.171.25 - - [26/Apr/2022:09:00:04 +0200] "GET /batman-superman-suitcase-p-34809.html?action=add_product HTTP/1.0" 302 476 "-" "Mozilla/5.0 (compatible; SemrushBot/7~bl; +http://www.semrush.com/bot.html)"
66.249.66.214 - - [26/Apr/2022:09:00:11 +0200] "GET /just-the-right-shoe-ballerina-by-raine-p-33760.html HTTP/1.0" 301 71073 "-" "Mozilla/5.0 (compatible; Googlebot/2.1; +http://www.google.com/bot.html)"
66.249.66.214 - - [26/Apr/2022:09:00:12 +0200] "GET /just-right-shoe-ballerina-raine-p-33760.html HTTP/1.0" 200 70975 "-" "Mozilla/5.0 (compatible; Googlebot/2.1; +http://www.google.com/bot.html)"
77.88.5.208 - - [26/Apr/2022:09:00:40 +0200] "GET /best-breakfast-cutting-board-p-40645.html HTTP/1.0" 200 73556 "-" "Mozilla/5.0 (compatible; YandexBot/3.0; +http://yandex.com/bots)"
66.249.66.210 - - [26/Apr/2022:09:00:57 +0200] "GET /hundred-acre-caper-tree-with-pooh-friends-figurine-p-53992.html HTTP/1.0" 200 75526 "-" "Mozilla/5.0 (compatible; Googlebot/2.1; +http://www.google.com/bot.html)"
185.191.171.4 - - [26/Apr/2022:09:01:11 +0200] "GET /little-hedgehog-gund-brown-p-41949.html HTTP/1.0" 200 73635 "-" "Mozilla/5.0 (compatible; SemrushBot/7~bl; +http://www.semrush.com/bot.html)"
185.191.171.9 - - [26/Apr/2022:09:01:19 +0200] "GET /-p-40836.html?action=add_product HTTP/1.0" 302 476 "-" "Mozilla/5.0 (compatible; SemrushBot/7~bl; +http://www.semrush.com/bot.html)"
54.36.148.243 - - [26/Apr/2022:09:01:24 +0200] "GET /bathroom-accessories-c-13_172.html HTTP/1.0" 200 91074 "-" "Mozilla/5.0 (compatible; AhrefsBot/7.0; +http://ahrefs.com/robot/)"
185.191.171.43 - - [26/Apr/2022:09:01:28 +0200] "GET /citrine-chip-bracelet-p-57759.html HTTP/1.0" 200 73405 "-" "Mozilla/5.0 (compatible; SemrushBot/7~bl; +http://www.semrush.com/bot.html)"
185.191.171.17 - - [26/Apr/2022:09:01:36 +0200] "GET /cute-warmer-p-52647.html HTTP/1.0" 200 73647 "-" "Mozilla/5.0 (compatible; SemrushBot/7~bl; +http://www.semrush.com/bot.html)"
66.249.66.210 - - [26/Apr/2022:09:01:42 +0200] "GET /caravelle-vintage-clock-p-45890.html HTTP/1.0" 200 73575 "-" "Mozilla/5.0 (compatible; Googlebot/2.1; +http://www.google.com/bot.html)"
185.191.171.4 - - [26/Apr/2022:09:02:19 +0200] "GET /transparent-rectangular-plastic-tablecloth-p-54905.html HTTP/1.0" 301 70875 "-" "Mozilla/5.0 (compatible; SemrushBot/7~bl; +http://www.semrush.com/bot.html)"
185.191.171.22 - - [26/Apr/2022:09:02:25 +0200] "GET /-p-54905.html HTTP/1.0" 200 70808 "-" "Mozilla/5.0 (compatible; SemrushBot/7~bl; +http://www.semrush.com/bot.html)"
54.36.148.243 - - [26/Apr/2022:09:02:44 +0200] "GET /board-games-c-4_47.html HTTP/1.0" 200 76146 "-" "Mozilla/5.0 (compatible; AhrefsBot/7.0; +http://ahrefs.com/robot/)"
185.191.171.38 - - [26/Apr/2022:09:02:57 +0200] "GET /mickey-mouse-backpack-p-3536.html?action=add_product HTTP/1.0" 302 476 "-" "Mozilla/5.0 (compatible; SemrushBot/7~bl; +http://www.semrush.com/bot.html)"
20.42.151.75 - - [26/Apr/2022:09:03:01 +0200] "GET /images/mini_prod/4891320363533.jpg HTTP/1.0" 200 269 "-" "Mozilla/5.0 (Windows NT 10.0; WOW64) AppleWebKit/537.36 (KHTML, like Gecko) Chrome/67.0.3396.99 Safari/537.36"
17.121.114.173 - - [26/Apr/2022:09:03:09 +0200] "GET /yoga-lotus-padmasana-meditation-statuette-p-50860.html HTTP/1.0" 200 73640 "-" "Mozilla/5.0 (Macintosh; Intel Mac OS X 10_15_5) AppleWebKit/605.1.15 (KHTML, like Gecko) Version/13.1.1 Safari/605.1.15 (Applebot/0.1; +http://www.apple.com/go/applebot)"
185.191.171.39 - - [26/Apr/2022:09:03:22 +0200] "GET /sleepwear-c-2_42.html HTTP/1.0" 200 69723 "-" "Mozilla/5.0 (compatible; SemrushBot/7~bl; +http://www.semrush.com/bot.html)"
216.244.66.242 - - [26/Apr/2022:09:03:27 +0200] "GET /pencil-c-129_183.html?page=3 HTTP/1.0" 200 91335 "-" "Mozilla/5.0 (compatible; DotBot/1.2; +https://opensiteexplorer.org/dotbot; help@moz.com)"
54.36.148.243 - - [26/Apr/2022:09:04:03 +0200] "GET /globe-decoration-black-p-57668.html HTTP/1.0" 200 74369 "-" "Mozilla/5.0 (compatible; AhrefsBot/7.0; +http://ahrefs.com/robot/)"
17.121.113.42 - - [26/Apr/2022:09:04:19 +0200] "GET /images/mini_prod/3619810010863.jpg HTTP/1.0" 200 269 "-" "Mozilla/5.0 (Macintosh; Intel Mac OS X 10_15_5) AppleWebKit/605.1.15 (KHTML, like Gecko) Version/13.1.1 Safari/605.1.15 (Applebot/0.1; +http://www.apple.com/go/applebot)"
216.244.66.242 - - [26/Apr/2022:09:04:18 +0200] "GET /italia-small-oddments-p-25933.html HTTP/1.0" 200 73495 "-" "Mozilla/5.0 (compatible; DotBot/1.2; +https://opensiteexplorer.org/dotbot; help@moz.com)"
185.191.171.1 - - [26/Apr/2022:09:04:27 +0200] "GET /little-toiletry-p-43385.html?action=add_product HTTP/1.0" 302 476 "-" "Mozilla/5.0 (compatible; SemrushBot/7~bl; +http://www.semrush.com/bot.html)"
185.191.171.1 - - [26/Apr/2022:09:05:16 +0200] "GET /green-glass-metal-desk-lamp-p-50109.html HTTP/1.0" 200 70902 "-" "Mozilla/5.0 (compatible; SemrushBot/7~bl; +http://www.semrush.com/bot.html)"
185.191.171.4 - - [26/Apr/2022:09:05:24 +0200] "GET /microfibre-base-cover-brown-p-43764.html HTTP/1.0" 301 70875 "-" "Mozilla/5.0 (compatible; SemrushBot/7~bl; +http://www.semrush.com/bot.html)"
185.191.171.13 - - [26/Apr/2022:09:05:29 +0200] "GET /-p-43764.html HTTP/1.0" 200 70808 "-" "Mozilla/5.0 (compatible; SemrushBot/7~bl; +http://www.semrush.com/bot.html)"
54.36.148.243 - - [26/Apr/2022:09:06:01 +0200] "GET /sleepwear-c-2_42.html HTTP/1.0" 200 69723 "-" "Mozilla/5.0 (compatible; AhrefsBot/7.0; +http://ahrefs.com/robot/)"
157.90.128.183 - - [26/Apr/2022:09:06:08 +0200] "GET /images/mini_prod/1399984288511.jpg HTTP/1.0" 200 269 "-" "Mozilla/5.0 (X11; Ubuntu; Linux x86_64; rv:72.0) Gecko/20100101 Firefox/72.0"
216.244.66.242 - - [26/Apr/2022:09:06:27 +0200] "GET /images/4542202650127s.jpg HTTP/1.0" 200 260 "-" "Mozilla/5.0 (compatible; DotBot/1.2; +https://opensiteexplorer.org/dotbot; help@moz.com)"
47.254.85.106 - - [26/Apr/2022:09:06:31 +0200] "GET /images/mini_prod/3048700086402.jpg HTTP/1.0" 200 269 "-" "Mozilla/5.0 (X11; Ubuntu; Linux x86_64; rv:72.0) Gecko/20100101 Firefox/72.0"
54.36.148.243 - - [26/Apr/2022:09:07:25 +0200] "GET /animated-figurines-solar-flowers-c-13_273.html HTTP/1.0" 200 81030 "-" "Mozilla/5.0 (compatible; AhrefsBot/7.0; +http://ahrefs.com/robot/)"
185.191.171.10 - - [26/Apr/2022:09:07:37 +0200] "GET /aluminum-bottle-nanani-nananre-printed-france-p-56358.html HTTP/1.0" 200 74409 "-" "Mozilla/5.0 (compatible; SemrushBot/7~bl; +http://www.semrush.com/bot.html)"
185.191.171.1 - - [26/Apr/2022:09:07:57 +0200] "GET /cushions-c-11_71.html?page=15 HTTP/1.0" 200 79895 "-" "Mozilla/5.0 (compatible; SemrushBot/7~bl; +http://www.semrush.com/bot.html)"
185.191.171.8 - - [26/Apr/2022:09:08:02 +0200] "GET /coconut-fibers-doormat-flowers-panama-p-56274.html HTTP/1.0" 200 74731 "-" "Mozilla/5.0 (compatible; SemrushBot/7~bl; +http://www.semrush.com/bot.html)"
185.191.171.23 - - [26/Apr/2022:09:08:06 +0200] "GET /japan-rags-pencil-case-p-26313.html HTTP/1.0" 200 73423 "-" "Mozilla/5.0 (compatible; SemrushBot/7~bl; +http://www.semrush.com/bot.html)"
66.249.66.214 - - [26/Apr/2022:09:08:32 +0200] "GET /images/big_prod_1/3700572763101B.jpg HTTP/1.0" 200 271 "-" "Googlebot-Image/1.0"
185.191.171.14 - - [26/Apr/2022:09:08:39 +0200] "GET /tweety-paris-glitter-globe-p-35347.html?action=add_product HTTP/1.0" 302 476 "-" "Mozilla/5.0 (compatible; SemrushBot/7~bl; +http://www.semrush.com/bot.html)"
54.36.148.243 - - [26/Apr/2022:09:08:50 +0200] "GET /braided-paper-fiber-baskets-beige-p-57895.html HTTP/1.0" 200 74286 "-" "Mozilla/5.0 (compatible; AhrefsBot/7.0; +http://ahrefs.com/robot/)"
185.191.171.9 - - [26/Apr/2022:09:08:53 +0200] "GET /sponge-stand-c-12_256.html HTTP/1.0" 200 78001 "-" "Mozilla/5.0 (compatible; SemrushBot/7~bl; +http://www.semrush.com/bot.html)"
77.88.5.208 - - [26/Apr/2022:09:09:28 +0200] "GET /aluminum-bottle-make-planet-green-again-printed-france-p-56364.html HTTP/1.0" 200 74516 "-" "Mozilla/5.0 (compatible; YandexBot/3.0; +http://yandex.com/bots)"
211.249.40.15 - - [26/Apr/2022:09:09:33 +0200] "GET /images/mini_prod/1384010179048.jpg HTTP/1.0" 200 269 "-" "Mozilla/5.0 (X11; Ubuntu; Linux x86_64; rv:72.0) Gecko/20100101 Firefox/72.0"
185.191.171.7 - - [26/Apr/2022:09:10:08 +0200] "GET /barbabright-magnet-p-6013.html HTTP/1.0" 200 73360 "-" "Mozilla/5.0 (compatible; SemrushBot/7~bl; +http://www.semrush.com/bot.html)"
54.36.148.243 - - [26/Apr/2022:09:10:12 +0200] "GET /vanilla-white-woods-candle-heart-home-p-57872.html HTTP/1.0" 200 74945 "-" "Mozilla/5.0 (compatible; AhrefsBot/7.0; +http://ahrefs.com/robot/)"
185.191.171.15 - - [26/Apr/2022:09:10:29 +0200] "GET /sweet-home-light-decoration-p-52229.html?action=add_product HTTP/1.0" 302 476 "-" "Mozilla/5.0 (compatible; SemrushBot/7~bl; +http://www.semrush.com/bot.html)"
185.191.171.22 - - [26/Apr/2022:09:10:44 +0200] "GET /flared-lamp-multicolored-glass-p-49598.html HTTP/1.0" 200 73559 "-" "Mozilla/5.0 (compatible; SemrushBot/7~bl; +http://www.semrush.com/bot.html)"
185.191.171.10 - - [26/Apr/2022:09:10:54 +0200] "GET /barbapapa-reporter-bag-p-3316.html HTTP/1.0" 301 70983 "-" "Mozilla/5.0 (compatible; SemrushBot/7~bl; +http://www.semrush.com/bot.html)"
185.191.171.40 - - [26/Apr/2022:09:10:58 +0200] "GET /barbapapa-reporter-p-3316.html HTTP/1.0" 200 70899 "-" "Mozilla/5.0 (compatible; SemrushBot/7~bl; +http://www.semrush.com/bot.html)"
185.191.171.45 - - [26/Apr/2022:09:11:02 +0200] "GET /cars-mouse-cbkreation-p-23470.html HTTP/1.0" 200 73482 "-" "Mozilla/5.0 (compatible; SemrushBot/7~bl; +http://www.semrush.com/bot.html)"
185.191.171.7 - - [26/Apr/2022:09:11:07 +0200] "GET /vespa-green-desk-lamp-p-26027.html HTTP/1.0" 301 70875 "-" "Mozilla/5.0 (compatible; SemrushBot/7~bl; +http://www.semrush.com/bot.html)"
185.191.171.19 - - [26/Apr/2022:09:11:11 +0200] "GET /-p-26027.html HTTP/1.0" 200 70808 "-" "Mozilla/5.0 (compatible; SemrushBot/7~bl; +http://www.semrush.com/bot.html)"
20.59.48.148 - - [26/Apr/2022:09:11:18 +0200] "GET /images/mini_prod/3660173208350.jpg HTTP/1.0" 200 269 "-" "Mozilla/4.0 (compatible; MSIE 7.0; Windows NT 6.0)"
185.191.171.12 - - [26/Apr/2022:09:11:26 +0200] "GET /burlap-round-table-bistrot-p-51527.html?action=add_product HTTP/1.0" 302 476 "-" "Mozilla/5.0 (compatible; SemrushBot/7~bl; +http://www.semrush.com/bot.html)"
66.249.66.214 - - [26/Apr/2022:09:11:30 +0200] "GET /salt-pepper-henette-collection-p-52670.html HTTP/1.0" 200 73553 "-" "Mozilla/5.0 (Linux; Android 6.0.1; Nexus 5X Build/MMB29P) AppleWebKit/537.36 (KHTML, like Gecko) Chrome/100.0.4896.127 Mobile Safari/537.36 (compatible; Googlebot/2.1; +http://www.google.com/bot.html)"
66.249.66.210 - - [26/Apr/2022:09:11:53 +0200] "GET /beyblade-swimsuit-p-30448.html HTTP/1.0" 200 75163 "-" "Mozilla/5.0 (Linux; Android 6.0.1; Nexus 5X Build/MMB29P) AppleWebKit/537.36 (KHTML, like Gecko) Chrome/100.0.4896.127 Mobile Safari/537.36 (compatible; Googlebot/2.1; +http://www.google.com/bot.html)"
66.249.66.212 - - [26/Apr/2022:09:12:16 +0200] "GET /cigarette-machine-lion-jamaica-p-14581.html HTTP/1.0" 200 73994 "-" "Mozilla/5.0 (Linux; Android 6.0.1; Nexus 5X Build/MMB29P) AppleWebKit/537.36 (KHTML, like Gecko) Chrome/100.0.4896.127 Mobile Safari/537.36 (compatible; Googlebot/2.1; +http://www.google.com/bot.html)"
66.249.66.210 - - [26/Apr/2022:09:12:39 +0200] "GET /dinosaur-nightlight-green-p-55363.html HTTP/1.0" 200 74741 "-" "Mozilla/5.0 (Linux; Android 6.0.1; Nexus 5X Build/MMB29P) AppleWebKit/537.36 (KHTML, like Gecko) Chrome/100.0.4896.127 Mobile Safari/537.36 (compatible; Googlebot/2.1; +http://www.google.com/bot.html)"
66.249.66.210 - - [26/Apr/2022:09:13:02 +0200] "GET /bedspread-boutis-pillowcases-p-52161.html HTTP/1.0" 200 74608 "-" "Mozilla/5.0 (Linux; Android 6.0.1; Nexus 5X Build/MMB29P) AppleWebKit/537.36 (KHTML, like Gecko) Chrome/100.0.4896.127 Mobile Safari/537.36 (compatible; Googlebot/2.1; +http://www.google.com/bot.html)"
185.191.171.12 - - [26/Apr/2022:09:13:20 +0200] "GET /pocahontas-couture-force-figurine-p-54712.html HTTP/1.0" 200 74957 "-" "Mozilla/5.0 (compatible; SemrushBot/7~bl; +http://www.semrush.com/bot.html)"
51.68.224.127 - - [26/Apr/2022:09:13:21 +0200] "GET /adminweb/export_orders_xml.php?token=256de2z6edz6ed2z6DFSFsed2zed6zeDSFDSGdzedezfzf&maxorders=10&orderstart=1&status=14&start_date=2018-10-01 HTTP/1.0" 200 285 "-" "GesCom CharlotteBoutik Serveur"
51.68.224.127 - - [26/Apr/2022:09:13:21 +0200] "GET /adminweb/export_orders_xml.php?token=256de2z6edz6ed2z6DFSFsed2zed6zeDSFDSGdzedezfzf&maxorders=10&orderstart=1&status=6&start_date=2018-10-01 HTTP/1.0" 200 32798 "-" "GesCom CharlotteBoutik Serveur"
66.249.66.212 - - [26/Apr/2022:09:13:25 +0200] "GET /artisan-plaster-thermometer-handcrafted-p-58029.html HTTP/1.0" 200 74570 "-" "Mozilla/5.0 (Linux; Android 6.0.1; Nexus 5X Build/MMB29P) AppleWebKit/537.36 (KHTML, like Gecko) Chrome/100.0.4896.127 Mobile Safari/537.36 (compatible; Googlebot/2.1; +http://www.google.com/bot.html)"
185.191.171.21 - - [26/Apr/2022:09:13:45 +0200] "GET /induction-charger-alarm-clock-p-51763.html?action=add_product HTTP/1.0" 302 476 "-" "Mozilla/5.0 (compatible; SemrushBot/7~bl; +http://www.semrush.com/bot.html)"
66.249.66.210 - - [26/Apr/2022:09:13:48 +0200] "GET /table-bell-p-37840.html HTTP/1.0" 200 73389 "-" "Mozilla/5.0 (Linux; Android 6.0.1; Nexus 5X Build/MMB29P) AppleWebKit/537.36 (KHTML, like Gecko) Chrome/100.0.4896.127 Mobile Safari/537.36 (compatible; Googlebot/2.1; +http://www.google.com/bot.html)"
66.249.66.214 - - [26/Apr/2022:09:14:34 +0200] "GET /figurine-rodin-two-hands-p-53590.html HTTP/1.0" 301 74210 "-" "Mozilla/5.0 (Linux; Android 6.0.1; Nexus 5X Build/MMB29P) AppleWebKit/537.36 (KHTML, like Gecko) Chrome/100.0.4896.127 Mobile Safari/537.36 (compatible; Googlebot/2.1; +http://www.google.com/bot.html)"
66.249.66.210 - - [26/Apr/2022:09:14:36 +0200] "GET /figurine-rodin-hands-p-53590.html HTTP/1.0" 200 74123 "-" "Mozilla/5.0 (Linux; Android 6.0.1; Nexus 5X Build/MMB29P) AppleWebKit/537.36 (KHTML, like Gecko) Chrome/100.0.4896.127 Mobile Safari/537.36 (compatible; Googlebot/2.1; +http://www.google.com/bot.html)"
185.191.171.3 - - [26/Apr/2022:09:14:58 +0200] "GET /open-decorative-metal-plate-20-50-cm-p-47949.html HTTP/1.0" 301 71013 "-" "Mozilla/5.0 (compatible; SemrushBot/7~bl; +http://www.semrush.com/bot.html)"
20.64.196.243 - - [26/Apr/2022:09:15:04 +0200] "GET /images/mini_prod/3660173148601.jpg HTTP/1.0" 200 269 "-" "Mozilla/5.0 (Windows NT 10.0; WOW64) AppleWebKit/537.36 (KHTML, like Gecko) Chrome/67.0.3396.99 Safari/537.36"
185.191.171.23 - - [26/Apr/2022:09:15:05 +0200] "GET /open-decorative-metal-plate-p-47949.html HTTP/1.0" 200 70919 "-" "Mozilla/5.0 (compatible; SemrushBot/7~bl; +http://www.semrush.com/bot.html)"
113.207.6.244 - - [26/Apr/2022:09:15:07 +0200] "GET /images/mini_prod/8718375756010.jpg HTTP/1.0" 200 269 "-" "Mozilla/5.0 (X11; Ubuntu; Linux x86_64; rv:72.0) Gecko/20100101 Firefox/72.0"
185.191.171.26 - - [26/Apr/2022:09:15:09 +0200] "GET /little-purse-indian-spirit-12-10-cm-white-p-42937.html HTTP/1.0" 301 70875 "-" "Mozilla/5.0 (compatible; SemrushBot/7~bl; +http://www.semrush.com/bot.html)"
185.191.171.23 - - [26/Apr/2022:09:15:14 +0200] "GET /-p-42937.html HTTP/1.0" 200 70808 "-" "Mozilla/5.0 (compatible; SemrushBot/7~bl; +http://www.semrush.com/bot.html)"
66.249.66.210 - - [26/Apr/2022:09:15:19 +0200] "GET /wooden-sticker-strips-p-54620.html HTTP/1.0" 200 74567 "-" "Mozilla/5.0 (Linux; Android 6.0.1; Nexus 5X Build/MMB29P) AppleWebKit/537.36 (KHTML, like Gecko) Chrome/100.0.4896.127 Mobile Safari/537.36 (compatible; Googlebot/2.1; +http://www.google.com/bot.html)"
66.249.66.212 - - [26/Apr/2022:09:16:05 +0200] "GET /petit-prince-exupry-collection-p-44859.html HTTP/1.0" 200 70946 "-" "Mozilla/5.0 (Linux; Android 6.0.1; Nexus 5X Build/MMB29P) AppleWebKit/537.36 (KHTML, like Gecko) Chrome/100.0.4896.127 Mobile Safari/537.36 (compatible; Googlebot/2.1; +http://www.google.com/bot.html)"
17.121.114.216 - - [26/Apr/2022:09:16:14 +0200] "GET /harley-davidson-genuine-deco-thermometer-p-15205.html HTTP/1.0" 200 73612 "-" "Mozilla/5.0 (Macintosh; Intel Mac OS X 10_15_5) AppleWebKit/605.1.15 (KHTML, like Gecko) Version/13.1.1 Safari/605.1.15 (Applebot/0.1; +http://www.apple.com/go/applebot)"
66.249.66.212 - - [26/Apr/2022:09:16:51 +0200] "GET /gorjuss-ruby-tartan-heart-shaped-metal-p-46938.html HTTP/1.0" 200 70958 "-" "Mozilla/5.0 (Linux; Android 6.0.1; Nexus 5X Build/MMB29P) AppleWebKit/537.36 (KHTML, like Gecko) Chrome/100.0.4896.127 Mobile Safari/537.36 (compatible; Googlebot/2.1; +http://www.google.com/bot.html)"
185.191.171.1 - - [26/Apr/2022:09:17:03 +0200] "GET /hritage-authentique-cotton-adult-apron-p-45254.html?action=add_product HTTP/1.0" 302 476 "-" "Mozilla/5.0 (compatible; SemrushBot/7~bl; +http://www.semrush.com/bot.html)"
185.191.171.21 - - [26/Apr/2022:09:17:18 +0200] "GET /little-prince-saint-exupery-bowl-p-44840.html HTTP/1.0" 200 73539 "-" "Mozilla/5.0 (compatible; SemrushBot/7~bl; +http://www.semrush.com/bot.html)"
66.249.66.210 - - [26/Apr/2022:09:17:37 +0200] "GET /naruto-picture-frame-p-1481.html HTTP/1.0" 200 73461 "-" "Mozilla/5.0 (Linux; Android 6.0.1; Nexus 5X Build/MMB29P) AppleWebKit/537.36 (KHTML, like Gecko) Chrome/100.0.4896.127 Mobile Safari/537.36 (compatible; Googlebot/2.1; +http://www.google.com/bot.html)"
185.191.171.22 - - [26/Apr/2022:09:17:47 +0200] "GET /the-rugs-c-11_269.html?page=3 HTTP/1.0" 301 93213 "-" "Mozilla/5.0 (compatible; SemrushBot/7~bl; +http://www.semrush.com/bot.html)"
185.191.171.4 - - [26/Apr/2022:09:17:54 +0200] "GET /rugs-c-269.html?page=3 HTTP/1.0" 200 93018 "-" "Mozilla/5.0 (compatible; SemrushBot/7~bl; +http://www.semrush.com/bot.html)"
185.191.171.21 - - [26/Apr/2022:09:17:58 +0200] "GET /butterfly-wall-decoration-blue-p-41408.html?action=add_product HTTP/1.0" 302 476 "-" "Mozilla/5.0 (compatible; SemrushBot/7~bl; +http://www.semrush.com/bot.html)"
185.191.171.7 - - [26/Apr/2022:09:18:16 +0200] "GET /zebra-teapot-by-paul-cardew-p-35266.html HTTP/1.0" 301 71019 "-" "Mozilla/5.0 (compatible; SemrushBot/7~bl; +http://www.semrush.com/bot.html)"
185.191.171.19 - - [26/Apr/2022:09:18:20 +0200] "GET /zebra-teapot-paul-cardew-p-35266.html HTTP/1.0" 200 70928 "-" "Mozilla/5.0 (compatible; SemrushBot/7~bl; +http://www.semrush.com/bot.html)"
66.249.66.212 - - [26/Apr/2022:09:18:23 +0200] "GET /large-decorative-bell-gold-metal-p-56600.html HTTP/1.0" 200 74457 "-" "Mozilla/5.0 (Linux; Android 6.0.1; Nexus 5X Build/MMB29P) AppleWebKit/537.36 (KHTML, like Gecko) Chrome/100.0.4896.127 Mobile Safari/537.36 (compatible; Googlebot/2.1; +http://www.google.com/bot.html)"
20.59.48.148 - - [26/Apr/2022:09:18:27 +0200] "GET /images/big_prod_2/045544950015c.jpg HTTP/1.0" 200 270 "-" "Mozilla/5.0 (Macintosh; U; PPC Mac OS X 10.5; en-US; rv:1.9.2.15) Gecko/20110303 Firefox/3.6.15"
185.191.171.23 - - [26/Apr/2022:09:18:28 +0200] "GET /small-baby-teeth-beige-small-mouse-p-53420.html?action=add_product HTTP/1.0" 302 476 "-" "Mozilla/5.0 (compatible; SemrushBot/7~bl; +http://www.semrush.com/bot.html)"
185.191.171.19 - - [26/Apr/2022:09:18:39 +0200] "GET /monster-high-vertical-p-18672.html?action=add_product HTTP/1.0" 302 476 "-" "Mozilla/5.0 (compatible; SemrushBot/7~bl; +http://www.semrush.com/bot.html)"
66.249.66.210 - - [26/Apr/2022:09:19:09 +0200] "GET /large-responsible-rosewood-vanilla-candle-heart-home-p-52799.html HTTP/1.0" 200 74867 "-" "Mozilla/5.0 (Linux; Android 6.0.1; Nexus 5X Build/MMB29P) AppleWebKit/537.36 (KHTML, like Gecko) Chrome/100.0.4896.127 Mobile Safari/537.36 (compatible; Googlebot/2.1; +http://www.google.com/bot.html)"
185.191.171.4 - - [26/Apr/2022:09:19:24 +0200] "GET /decorative-golden-peacock-statuette-p-55953.html HTTP/1.0" 200 74438 "-" "Mozilla/5.0 (compatible; SemrushBot/7~bl; +http://www.semrush.com/bot.html)"
66.113.228.57 - - [26/Apr/2022:09:19:30 +0200] "GET / HTTP/1.0" 301 511 "-" "Mozilla/5.0 (Windows NT 10.0; Win64; x64) AppleWebKit/537.36 (KHTML, like Gecko) Chrome/91.0.4472.106 Safari/537.36"
66.113.228.57 - - [26/Apr/2022:09:19:31 +0200] "GET / HTTP/1.0" 200 151571 "-" "Mozilla/5.0 (Windows NT 10.0; Win64; x64) AppleWebKit/537.36 (KHTML, like Gecko) Chrome/91.0.4472.106 Safari/537.36"
66.113.228.57 - - [26/Apr/2022:09:19:35 +0200] "GET //feed/ HTTP/1.0" 404 1308 "-" "Mozilla/5.0 (Windows NT 10.0; Win64; x64) AppleWebKit/537.36 (KHTML, like Gecko) Chrome/91.0.4472.106 Safari/537.36"
66.113.228.57 - - [26/Apr/2022:09:19:35 +0200] "GET //xmlrpc.php?rsd HTTP/1.0" 404 1308 "-" "Mozilla/5.0 (Windows NT 10.0; Win64; x64) AppleWebKit/537.36 (KHTML, like Gecko) Chrome/91.0.4472.106 Safari/537.36"
66.113.228.57 - - [26/Apr/2022:09:19:35 +0200] "GET / HTTP/1.0" 200 151995 "-" "Mozilla/5.0 (Windows NT 10.0; Win64; x64) AppleWebKit/537.36 (KHTML, like Gecko) Chrome/91.0.4472.106 Safari/537.36"
66.113.228.57 - - [26/Apr/2022:09:19:39 +0200] "GET //blog/wp-includes/wlwmanifest.xml HTTP/1.0" 404 1308 "-" "Mozilla/5.0 (Windows NT 10.0; Win64; x64) AppleWebKit/537.36 (KHTML, like Gecko) Chrome/91.0.4472.106 Safari/537.36"
66.113.228.57 - - [26/Apr/2022:09:19:39 +0200] "GET //web/wp-includes/wlwmanifest.xml HTTP/1.0" 404 1308 "-" "Mozilla/5.0 (Windows NT 10.0; Win64; x64) AppleWebKit/537.36 (KHTML, like Gecko) Chrome/91.0.4472.106 Safari/537.36"
66.113.228.57 - - [26/Apr/2022:09:19:39 +0200] "GET //wordpress/wp-includes/wlwmanifest.xml HTTP/1.0" 404 1308 "-" "Mozilla/5.0 (Windows NT 10.0; Win64; x64) AppleWebKit/537.36 (KHTML, like Gecko) Chrome/91.0.4472.106 Safari/537.36"
66.113.228.57 - - [26/Apr/2022:09:19:39 +0200] "GET //website/wp-includes/wlwmanifest.xml HTTP/1.0" 404 1308 "-" "Mozilla/5.0 (Windows NT 10.0; Win64; x64) AppleWebKit/537.36 (KHTML, like Gecko) Chrome/91.0.4472.106 Safari/537.36"
66.113.228.57 - - [26/Apr/2022:09:19:39 +0200] "GET //wp/wp-includes/wlwmanifest.xml HTTP/1.0" 404 1308 "-" "Mozilla/5.0 (Windows NT 10.0; Win64; x64) AppleWebKit/537.36 (KHTML, like Gecko) Chrome/91.0.4472.106 Safari/537.36"
66.113.228.57 - - [26/Apr/2022:09:19:39 +0200] "GET //news/wp-includes/wlwmanifest.xml HTTP/1.0" 404 1308 "-" "Mozilla/5.0 (Windows NT 10.0; Win64; x64) AppleWebKit/537.36 (KHTML, like Gecko) Chrome/91.0.4472.106 Safari/537.36"
66.113.228.57 - - [26/Apr/2022:09:19:39 +0200] "GET //2020/wp-includes/wlwmanifest.xml HTTP/1.0" 404 1308 "-" "Mozilla/5.0 (Windows NT 10.0; Win64; x64) AppleWebKit/537.36 (KHTML, like Gecko) Chrome/91.0.4472.106 Safari/537.36"
66.113.228.57 - - [26/Apr/2022:09:19:40 +0200] "GET //2021/wp-includes/wlwmanifest.xml HTTP/1.0" 404 1308 "-" "Mozilla/5.0 (Windows NT 10.0; Win64; x64) AppleWebKit/537.36 (KHTML, like Gecko) Chrome/91.0.4472.106 Safari/537.36"
66.113.228.57 - - [26/Apr/2022:09:19:40 +0200] "GET //shop/wp-includes/wlwmanifest.xml HTTP/1.0" 404 1308 "-" "Mozilla/5.0 (Windows NT 10.0; Win64; x64) AppleWebKit/537.36 (KHTML, like Gecko) Chrome/91.0.4472.106 Safari/537.36"
66.113.228.57 - - [26/Apr/2022:09:19:40 +0200] "GET //wp1/wp-includes/wlwmanifest.xml HTTP/1.0" 404 1308 "-" "Mozilla/5.0 (Windows NT 10.0; Win64; x64) AppleWebKit/537.36 (KHTML, like Gecko) Chrome/91.0.4472.106 Safari/537.36"
66.113.228.57 - - [26/Apr/2022:09:19:40 +0200] "GET //test/wp-includes/wlwmanifest.xml HTTP/1.0" 404 1308 "-" "Mozilla/5.0 (Windows NT 10.0; Win64; x64) AppleWebKit/537.36 (KHTML, like Gecko) Chrome/91.0.4472.106 Safari/537.36"
66.113.228.57 - - [26/Apr/2022:09:19:40 +0200] "GET //wp2/wp-includes/wlwmanifest.xml HTTP/1.0" 404 1308 "-" "Mozilla/5.0 (Windows NT 10.0; Win64; x64) AppleWebKit/537.36 (KHTML, like Gecko) Chrome/91.0.4472.106 Safari/537.36"
66.113.228.57 - - [26/Apr/2022:09:19:40 +0200] "GET //site/wp-includes/wlwmanifest.xml HTTP/1.0" 404 1308 "-" "Mozilla/5.0 (Windows NT 10.0; Win64; x64) AppleWebKit/537.36 (KHTML, like Gecko) Chrome/91.0.4472.106 Safari/537.36"
66.113.228.57 - - [26/Apr/2022:09:19:40 +0200] "GET //cms/wp-includes/wlwmanifest.xml HTTP/1.0" 404 1308 "-" "Mozilla/5.0 (Windows NT 10.0; Win64; x64) AppleWebKit/537.36 (KHTML, like Gecko) Chrome/91.0.4472.106 Safari/537.36"
211.249.40.15 - - [26/Apr/2022:09:19:40 +0200] "GET /images/mini_prod/MISES-EN-SITUATION-10.jpg HTTP/1.0" 200 277 "-" "Mozilla/5.0 (X11; Ubuntu; Linux x86_64; rv:72.0) Gecko/20100101 Firefox/72.0"
66.113.228.57 - - [26/Apr/2022:09:19:40 +0200] "GET //sito/wp-includes/wlwmanifest.xml HTTP/1.0" 404 1308 "-" "Mozilla/5.0 (Windows NT 10.0; Win64; x64) AppleWebKit/537.36 (KHTML, like Gecko) Chrome/91.0.4472.106 Safari/537.36"
54.36.148.73 - - [26/Apr/2022:09:19:42 +0200] "GET /white-phone-cover-paris-by-cbk-for-iphone-and-p-17258.html HTTP/1.0" 301 71163 "-" "Mozilla/5.0 (compatible; AhrefsBot/7.0; +http://ahrefs.com/robot/)"
185.191.171.38 - - [26/Apr/2022:09:19:50 +0200] "GET /darth-vader-star-wars-jumbo-cup-p-15964.html HTTP/1.0" 301 73662 "-" "Mozilla/5.0 (compatible; SemrushBot/7~bl; +http://www.semrush.com/bot.html)"
185.191.171.3 - - [26/Apr/2022:09:19:53 +0200] "GET /darth-vader-star-wars-jumbo-p-15964.html HTTP/1.0" 200 73568 "-" "Mozilla/5.0 (compatible; SemrushBot/7~bl; +http://www.semrush.com/bot.html)"
66.249.66.212 - - [26/Apr/2022:09:19:55 +0200] "GET /gentleman-beer-glass-p-55562.html HTTP/1.0" 200 74065 "-" "Mozilla/5.0 (Linux; Android 6.0.1; Nexus 5X Build/MMB29P) AppleWebKit/537.36 (KHTML, like Gecko) Chrome/100.0.4896.127 Mobile Safari/537.36 (compatible; Googlebot/2.1; +http://www.google.com/bot.html)"
185.191.171.8 - - [26/Apr/2022:09:20:01 +0200] "GET /paris-embroidered-cap-adult-size-p-38606.html HTTP/1.0" 301 76598 "-" "Mozilla/5.0 (compatible; SemrushBot/7~bl; +http://www.semrush.com/bot.html)"
185.191.171.21 - - [26/Apr/2022:09:20:06 +0200] "GET /paris-embroidered-adult-size-p-38606.html HTTP/1.0" 200 76503 "-" "Mozilla/5.0 (compatible; SemrushBot/7~bl; +http://www.semrush.com/bot.html)"
192.99.5.228 - - [26/Apr/2022:09:20:34 +0200] "GET /robots.txt HTTP/1.0" 200 245 "-" "Mozilla/5.0 (compatible; MJ12bot/v1.4.8; http://mj12bot.com/)"
192.99.5.228 - - [26/Apr/2022:09:20:35 +0200] "GET /rugs-c-11_269.html?page=9 HTTP/1.0" 200 92157 "-" "Mozilla/5.0 (compatible; MJ12bot/v1.4.8; http://mj12bot.com/)"
66.249.66.210 - - [26/Apr/2022:09:20:40 +0200] "GET /egyptian-isis-statue-resin-p-46664.html HTTP/1.0" 200 73594 "-" "Mozilla/5.0 (Linux; Android 6.0.1; Nexus 5X Build/MMB29P) AppleWebKit/537.36 (KHTML, like Gecko) Chrome/100.0.4896.127 Mobile Safari/537.36 (compatible; Googlebot/2.1; +http://www.google.com/bot.html)"
185.191.171.38 - - [26/Apr/2022:09:20:43 +0200] "GET /tablecloth-coustellet-treated-anti-stain-yellow-150-150-cm-p-48524.html HTTP/1.0" 301 70875 "-" "Mozilla/5.0 (compatible; SemrushBot/7~bl; +http://www.semrush.com/bot.html)"
185.191.171.15 - - [26/Apr/2022:09:20:46 +0200] "GET /-p-48524.html HTTP/1.0" 200 70808 "-" "Mozilla/5.0 (compatible; SemrushBot/7~bl; +http://www.semrush.com/bot.html)"
185.191.171.12 - - [26/Apr/2022:09:20:49 +0200] "GET /moki-bedspread-p-53242.html?action=add_product HTTP/1.0" 302 476 "-" "Mozilla/5.0 (compatible; SemrushBot/7~bl; +http://www.semrush.com/bot.html)"
66.249.66.214 - - [26/Apr/2022:09:21:26 +0200] "GET /lego-star-wars-lite-keychains-p-27077.html HTTP/1.0" 200 73694 "-" "Mozilla/5.0 (Linux; Android 6.0.1; Nexus 5X Build/MMB29P) AppleWebKit/537.36 (KHTML, like Gecko) Chrome/100.0.4896.127 Mobile Safari/537.36 (compatible; Googlebot/2.1; +http://www.google.com/bot.html)"
185.191.171.19 - - [26/Apr/2022:09:21:28 +0200] "GET /eyelet-curtain-p-52358.html HTTP/1.0" 200 75622 "-" "Mozilla/5.0 (compatible; SemrushBot/7~bl; +http://www.semrush.com/bot.html)"
185.191.171.17 - - [26/Apr/2022:09:21:34 +0200] "GET /hobo-japan-rags-p-26353.html?action=add_product HTTP/1.0" 302 476 "-" "Mozilla/5.0 (compatible; SemrushBot/7~bl; +http://www.semrush.com/bot.html)"
185.191.171.22 - - [26/Apr/2022:09:21:37 +0200] "GET /mani-lucky-keychain-p-44119.html?action=add_product HTTP/1.0" 302 476 "-" "Mozilla/5.0 (compatible; SemrushBot/7~bl; +http://www.semrush.com/bot.html)"
185.191.171.4 - - [26/Apr/2022:09:22:12 +0200] "GET /pinocchio-75th-anniversary-by-romero-britto-p-32580.html HTTP/1.0" 301 71071 "-" "Mozilla/5.0 (compatible; SemrushBot/7~bl; +http://www.semrush.com/bot.html)"
66.249.66.210 - - [26/Apr/2022:09:22:12 +0200] "GET /double-round-metal-mirror-golden-look-p-52463.html HTTP/1.0" 200 70970 "-" "Mozilla/5.0 (Linux; Android 6.0.1; Nexus 5X Build/MMB29P) AppleWebKit/537.36 (KHTML, like Gecko) Chrome/100.0.4896.127 Mobile Safari/537.36 (compatible; Googlebot/2.1; +http://www.google.com/bot.html)"
185.191.171.39 - - [26/Apr/2022:09:22:17 +0200] "GET /pinocchio-75th-anniversary-romero-britto-p-32580.html HTTP/1.0" 200 70964 "-" "Mozilla/5.0 (compatible; SemrushBot/7~bl; +http://www.semrush.com/bot.html)"
66.249.66.212 - - [26/Apr/2022:09:22:58 +0200] "GET /figures-sonny-angel-birthday-gift-bear-series-complete-p-54725.html HTTP/1.0" 200 74782 "-" "Mozilla/5.0 (Linux; Android 6.0.1; Nexus 5X Build/MMB29P) AppleWebKit/537.36 (KHTML, like Gecko) Chrome/100.0.4896.127 Mobile Safari/537.36 (compatible; Googlebot/2.1; +http://www.google.com/bot.html)"
17.121.115.61 - - [26/Apr/2022:09:23:26 +0200] "GET /images/mini_prod/3453131131377.jpg HTTP/1.0" 200 269 "-" "Mozilla/5.0 (Macintosh; Intel Mac OS X 10_15_5) AppleWebKit/605.1.15 (KHTML, like Gecko) Version/13.1.1 Safari/605.1.15 (Applebot/0.1; +http://www.apple.com/go/applebot)"
66.249.66.214 - - [26/Apr/2022:09:23:44 +0200] "GET /christopher-zippo-lighter-p-53269.html HTTP/1.0" 200 75279 "-" "Mozilla/5.0 (Linux; Android 6.0.1; Nexus 5X Build/MMB29P) AppleWebKit/537.36 (KHTML, like Gecko) Chrome/100.0.4896.127 Mobile Safari/537.36 (compatible; Googlebot/2.1; +http://www.google.com/bot.html)"
185.191.171.7 - - [26/Apr/2022:09:23:48 +0200] "GET /espresso-eccentric-p-39754.html?action=add_product HTTP/1.0" 302 476 "-" "Mozilla/5.0 (compatible; SemrushBot/7~bl; +http://www.semrush.com/bot.html)"
185.191.171.22 - - [26/Apr/2022:09:23:52 +0200] "GET /long-sleeves-shirts-c-1_21.html HTTP/1.0" 200 77562 "-" "Mozilla/5.0 (compatible; SemrushBot/7~bl; +http://www.semrush.com/bot.html)"
185.191.171.11 - - [26/Apr/2022:09:24:14 +0200] "GET /marie-grey-sheer-eyelet-curtain-140-260-cm-p-43368.html HTTP/1.0" 301 70875 "-" "Mozilla/5.0 (compatible; SemrushBot/7~bl; +http://www.semrush.com/bot.html)"
40.77.167.0 - - [26/Apr/2022:09:24:15 +0200] "GET /water-hyacinth-chandelier-p-57492.html HTTP/1.0" 200 74565 "-" "Mozilla/5.0 (compatible; bingbot/2.0; +http://www.bing.com/bingbot.htm)"
185.191.171.22 - - [26/Apr/2022:09:24:18 +0200] "GET /-p-43368.html HTTP/1.0" 200 70808 "-" "Mozilla/5.0 (compatible; SemrushBot/7~bl; +http://www.semrush.com/bot.html)"
185.191.171.13 - - [26/Apr/2022:09:24:31 +0200] "GET /lisa-simpsons-mobile-sock-p-17485.html HTTP/1.0" 301 70875 "-" "Mozilla/5.0 (compatible; SemrushBot/7~bl; +http://www.semrush.com/bot.html)"
